64.124.8.156 - - [03/Apr/2025:16:20:14 -0400] "GET /wp-json/wp/v2/posts/150 HTTP/1.1" 404 1251 "-" "Mozilla/5.0 (compatible; ImagesiftBot; +imagesift.com)"
64.124.8.156 - - [03/Apr/2025:16:20:26 -0400] "GET /gitarre-lernen-online-fur-anfanger/ HTTP/1.1" 404 1251 "-" "Mozilla/5.0 (compatible; ImagesiftBot; +imagesift.com)"
64.124.8.156 - - [03/Apr/2025:16:20:29 -0400] "GET /wp-json/wp/v2/posts/1540 HTTP/1.1" 404 1251 "-" "Mozilla/5.0 (compatible; ImagesiftBot; +imagesift.com)"
64.124.8.156 - - [03/Apr/2025:16:20:31 -0400] "GET /bali-holiday-packages-the-island-of-the-gods/ HTTP/1.1" 404 1251 "-" "Mozilla/5.0 (compatible; ImagesiftBot; +imagesift.com)"
64.124.8.156 - - [03/Apr/2025:16:20:53 -0400] "GET /page/29/ HTTP/1.1" 404 1251 "-" "Mozilla/5.0 (compatible; ImagesiftBot; +imagesift.com)"
85.208.96.207 - - [03/Apr/2025:16:21:01 -0400] "GET /page/132/ HTTP/1.1" 404 1251 "-" "Mozilla/5.0 (compatible; SemrushBot/7~bl; +http://www.semrush.com/bot.html)"
64.124.8.156 - - [03/Apr/2025:16:22:16 -0400] "GET /custom-logo-dress-socks/ HTTP/1.1" 404 1251 "-" "Mozilla/5.0 (compatible; ImagesiftBot; +imagesift.com)"
64.124.8.156 - - [03/Apr/2025:16:23:08 -0400] "GET /wp-json/wp/v2/posts/1920 HTTP/1.1" 404 1251 "-" "Mozilla/5.0 (compatible; ImagesiftBot; +imagesift.com)"
64.124.8.156 - - [03/Apr/2025:16:23:10 -0400] "GET /lets-make-this-tax-season-stress-free-with-some-simple-tax-preparation-service-tips/ HTTP/1.1" 404 1251 "-" "Mozilla/5.0 (compatible; ImagesiftBot; +imagesift.com)"
64.124.8.156 - - [03/Apr/2025:16:23:13 -0400] "GET /page/78/ HTTP/1.1" 404 1251 "-" "Mozilla/5.0 (compatible; ImagesiftBot; +imagesift.com)"
64.124.8.156 - - [03/Apr/2025:16:23:14 -0400] "GET /flathead-lake-boat-tours/ HTTP/1.1" 404 1251 "-" "Mozilla/5.0 (compatible; ImagesiftBot; +imagesift.com)"
64.124.8.156 - - [03/Apr/2025:16:23:35 -0400] "GET /wp-json/wp/v2/posts/989 HTTP/1.1" 404 1251 "-" "Mozilla/5.0 (compatible; ImagesiftBot; +imagesift.com)"
85.208.96.208 - - [03/Apr/2025:16:23:50 -0400] "GET /personalized-sports-socks/ HTTP/1.1" 404 1251 "-" "Mozilla/5.0 (compatible; SemrushBot/7~bl; +http://www.semrush.com/bot.html)"
64.124.8.156 - - [03/Apr/2025:16:24:06 -0400] "GET /how-michael-jordan-enjoyed-particular-rights/ HTTP/1.1" 404 1251 "-" "Mozilla/5.0 (compatible; ImagesiftBot; +imagesift.com)"
64.124.8.156 - - [03/Apr/2025:16:24:16 -0400] "GET /wp-json/wp/v2/posts/1839 HTTP/1.1" 404 1251 "-" "Mozilla/5.0 (compatible; ImagesiftBot; +imagesift.com)"
2a03:2880:f800:d:: - - [03/Apr/2025:16:25:32 -0400] "GET /small-business-loans-no-credit-check/ HTTP/1.1" 404 1251 "-" "meta-externalagent/1.1 (+https://developers.facebook.com/docs/sharing/webmasters/crawler)"
64.124.8.156 - - [03/Apr/2025:16:26:11 -0400] "GET /wp-json/wp/v2/posts/1026 HTTP/1.1" 404 1251 "-" "Mozilla/5.0 (compatible; ImagesiftBot; +imagesift.com)"
185.231.155.169 - - [03/Apr/2025:16:26:55 -0400] "GET /where-to-buy-cbd-oil-in-the-uk/ HTTP/1.1" 404 1251 "https://greatamericanball.com/where-to-buy-cbd-oil-in-the-uk/" "Mozilla/5.0 (Windows NT 10.0; Win64; x64) AppleWebKit/537.36 (KHTML, like Gecko) Chrome/131.0.0.0 Safari/537.36 Avast/131.0.0.0"
185.231.155.169 - - [03/Apr/2025:16:26:56 -0400] "GET / HTTP/1.1" 200 156192 "https://greatamericanball.com/" "Mozilla/5.0 (Windows NT 10.0; Win64; x64) AppleWebKit/537.36 (KHTML, like Gecko) Chrome/131.0.0.0 Safari/537.36 Avast/131.0.0.0"
85.208.96.208 - - [03/Apr/2025:16:28:16 -0400] "GET / HTTP/1.1" 200 156192 "-" "Mozilla/5.0 (compatible; SemrushBot/7~bl; +http://www.semrush.com/bot.html)"
64.124.8.156 - - [03/Apr/2025:16:28:35 -0400] "GET /reveler-la-beaute-des-montres-en-acier-inoxydable-nettoyer-montre-acier/ HTTP/1.1" 404 1251 "-" "Mozilla/5.0 (compatible; ImagesiftBot; +imagesift.com)"
64.124.8.156 - - [03/Apr/2025:16:28:49 -0400] "GET /wp-json/wp/v2/posts/304 HTTP/1.1" 404 1251 "-" "Mozilla/5.0 (compatible; ImagesiftBot; +imagesift.com)"
64.124.8.156 - - [03/Apr/2025:16:28:52 -0400] "GET /implementing-a-training-program/ HTTP/1.1" 404 1251 "-" "Mozilla/5.0 (compatible; ImagesiftBot; +imagesift.com)"
64.124.8.156 - - [03/Apr/2025:16:28:53 -0400] "GET /stitching-dreams-unveiling-the-charm-of-lilo-and-stitch-clothing/ HTTP/1.1" 404 1251 "-" "Mozilla/5.0 (compatible; ImagesiftBot; +imagesift.com)"
64.124.8.156 - - [03/Apr/2025:16:28:58 -0400] "GET /wp-json/wp/v2/posts/342 HTTP/1.1" 404 1251 "-" "Mozilla/5.0 (compatible; ImagesiftBot; +imagesift.com)"
54.236.119.214 - - [03/Apr/2025:16:29:07 -0400] "GET /unlocking-human-potential-the-role-of-an-hr-consultant/ HTTP/1.1" 404 1251 "-" "Grammarly/1.0 (http://www.grammarly.com)"
2a03:2880:f800:2:: - - [03/Apr/2025:16:29:34 -0400] "GET /why-buy-a-reusable-tumbler/ HTTP/1.1" 404 1251 "-" "meta-externalagent/1.1 (+https://developers.facebook.com/docs/sharing/webmasters/crawler)"
85.208.98.29 - - [03/Apr/2025:16:29:36 -0400] "GET /chicago-graphic-design-agency/ HTTP/1.1" 404 1251 "-" "Mozilla/5.0 (compatible; SemrushBot-BA; +http://www.semrush.com/bot.html)"
64.124.8.156 - - [03/Apr/2025:16:30:41 -0400] "GET /wp-json/wp/v2/posts/881 HTTP/1.1" 404 1251 "-" "Mozilla/5.0 (compatible; ImagesiftBot; +imagesift.com)"
64.124.8.156 - - [03/Apr/2025:16:31:24 -0400] "GET /tourist-areas-in-bali/ HTTP/1.1" 404 1251 "-" "Mozilla/5.0 (compatible; ImagesiftBot; +imagesift.com)"
64.124.8.156 - - [03/Apr/2025:16:31:34 -0400] "GET /wp-json/wp/v2/posts/361 HTTP/1.1" 404 1251 "-" "Mozilla/5.0 (compatible; ImagesiftBot; +imagesift.com)"
64.124.8.156 - - [03/Apr/2025:16:32:00 -0400] "GET /vous-voulez-des-conseils-psychiques-3-facons-simples-deconomiser-de-largent-sur-votre-prochaine-lecture-psychique/ HTTP/1.1" 404 1251 "-" "Mozilla/5.0 (compatible; ImagesiftBot; +imagesift.com)"
64.124.8.156 - - [03/Apr/2025:16:33:58 -0400] "GET /page/46/ HTTP/1.1" 404 1251 "-" "Mozilla/5.0 (compatible; ImagesiftBot; +imagesift.com)"
64.124.8.156 - - [03/Apr/2025:16:34:00 -0400] "GET /which-brands-are-the-best-cbd-oil-uk-companies/ HTTP/1.1" 404 1251 "-" "Mozilla/5.0 (compatible; ImagesiftBot; +imagesift.com)"
64.124.8.156 - - [03/Apr/2025:16:34:10 -0400] "GET /cbd-drops-uk/ HTTP/1.1" 404 1251 "-" "Mozilla/5.0 (compatible; ImagesiftBot; +imagesift.com)"
64.124.8.156 - - [03/Apr/2025:16:34:13 -0400] "GET /what-you-should-know-about-vyvanse-30-mg/ HTTP/1.1" 404 1251 "-" "Mozilla/5.0 (compatible; ImagesiftBot; +imagesift.com)"
64.124.8.156 - - [03/Apr/2025:16:34:15 -0400] "GET /best-korean-ginseng-supplements-in-pakistan/ HTTP/1.1" 404 1251 "-" "Mozilla/5.0 (compatible; ImagesiftBot; +imagesift.com)"
64.124.8.156 - - [03/Apr/2025:16:34:26 -0400] "GET /how-to-buy-success/ HTTP/1.1" 404 1251 "-" "Mozilla/5.0 (compatible; ImagesiftBot; +imagesift.com)"
64.124.8.156 - - [03/Apr/2025:16:34:43 -0400] "GET /unlocking-a-world-of-gaming-purchasing-steam-gift-cards-with-bitcoin/ HTTP/1.1" 404 1251 "-" "Mozilla/5.0 (compatible; ImagesiftBot; +imagesift.com)"
185.191.171.8 - - [03/Apr/2025:16:38:40 -0400] "GET /conservatory-roof-replacement-cost/ HTTP/1.1" 404 1251 "-" "Mozilla/5.0 (compatible; SemrushBot/7~bl; +http://www.semrush.com/bot.html)"
17.241.227.221 - - [03/Apr/2025:16:38:56 -0400] "GET /how-pressure-cleaning-can-improve-the-look-of-your-home/ HTTP/1.1" 404 1251 "-" "Mozilla/5.0 (Macintosh; Intel Mac OS X 10_15_7) AppleWebKit/605.1.15 (KHTML, like Gecko) Version/17.4 Safari/605.1.15 (Applebot/0.1; +http://www.apple.com/go/applebot)"
54.236.119.214 - - [03/Apr/2025:16:39:28 -0400] "GET /unlocking-human-potential-the-role-of-an-hr-consultant/ HTTP/1.1" 404 1251 "-" "Grammarly/1.0 (http://www.grammarly.com)"
2a03:2880:f800:16:: - - [03/Apr/2025:16:39:29 -0400] "GET /best-iced-coffee-tumbler/ HTTP/1.1" 404 1251 "-" "meta-externalagent/1.1 (+https://developers.facebook.com/docs/sharing/webmasters/crawler)"
85.208.98.20 - - [03/Apr/2025:16:39:32 -0400] "GET /ray-ban-frames/ HTTP/1.1" 404 1251 "-" "Mozilla/5.0 (compatible; SemrushBot-BA; +http://www.semrush.com/bot.html)"
85.208.98.16 - - [03/Apr/2025:16:39:49 -0400] "GET /the-convenience-of-buying-prescription-glasses-online-2/ HTTP/1.1" 404 1251 "-" "Mozilla/5.0 (compatible; SemrushBot-BA; +http://www.semrush.com/bot.html)"
64.124.8.156 - - [03/Apr/2025:16:40:33 -0400] "GET /wp-json/wp/v2/posts/1481 HTTP/1.1" 404 1251 "-" "Mozilla/5.0 (compatible; ImagesiftBot; +imagesift.com)"
64.124.8.156 - - [03/Apr/2025:16:40:51 -0400] "GET /choosing-a-custom-socks-manufacturer/ HTTP/1.1" 404 1251 "-" "Mozilla/5.0 (compatible; ImagesiftBot; +imagesift.com)"
64.124.8.156 - - [03/Apr/2025:16:41:09 -0400] "GET /finden-sie-einen-dachdecker-in-hamburg/ HTTP/1.1" 404 1251 "-" "Mozilla/5.0 (compatible; ImagesiftBot; +imagesift.com)"
64.124.8.156 - - [03/Apr/2025:16:41:15 -0400] "GET /cavity-insulation/ HTTP/1.1" 404 1251 "-" "Mozilla/5.0 (compatible; ImagesiftBot; +imagesift.com)"
2a03:2880:f800:1:: - - [03/Apr/2025:16:48:18 -0400] "GET /establish-your-brand-awareness-with-organic-youtube-promotion-2/ HTTP/1.1" 404 1251 "-" "meta-externalagent/1.1 (+https://developers.facebook.com/docs/sharing/webmasters/crawler)"
44.217.146.197 - - [03/Apr/2025:16:49:32 -0400] "GET /unlocking-human-potential-the-role-of-an-hr-consultant/ HTTP/1.1" 404 1251 "-" "Grammarly/1.0 (http://www.grammarly.com)"
64.124.8.156 - - [03/Apr/2025:16:51:11 -0400] "GET /turkische-psychologen/ HTTP/1.1" 404 1251 "-" "Mozilla/5.0 (compatible; ImagesiftBot; +imagesift.com)"
64.124.8.156 - - [03/Apr/2025:16:51:35 -0400] "GET /wp-json/wp/v2/posts/179 HTTP/1.1" 404 1251 "-" "Mozilla/5.0 (compatible; ImagesiftBot; +imagesift.com)"
64.124.8.156 - - [03/Apr/2025:16:51:45 -0400] "GET /fear-and-relationships/ HTTP/1.1" 404 1251 "-" "Mozilla/5.0 (compatible; ImagesiftBot; +imagesift.com)"
64.124.8.156 - - [03/Apr/2025:16:51:50 -0400] "GET /page/91?gclid=CNnZgay5uNECFZVWDQodRysEWA/ HTTP/1.1" 404 1251 "-" "Mozilla/5.0 (compatible; ImagesiftBot; +imagesift.com)"
64.124.8.156 - - [03/Apr/2025:16:52:12 -0400] "GET /wp-json/wp/v2/posts/572 HTTP/1.1" 404 1251 "-" "Mozilla/5.0 (compatible; ImagesiftBot; +imagesift.com)"
64.124.8.156 - - [03/Apr/2025:16:52:14 -0400] "GET /how-personal-loans-work/ HTTP/1.1" 404 1251 "-" "Mozilla/5.0 (compatible; ImagesiftBot; +imagesift.com)"
64.124.8.156 - - [03/Apr/2025:16:52:20 -0400] "GET /wp-json/wp/v2/posts/591 HTTP/1.1" 404 1251 "-" "Mozilla/5.0 (compatible; ImagesiftBot; +imagesift.com)"
64.124.8.156 - - [03/Apr/2025:16:52:30 -0400] "GET /boosting-views-and-followers/ HTTP/1.1" 404 1251 "-" "Mozilla/5.0 (compatible; ImagesiftBot; +imagesift.com)"
64.124.8.156 - - [03/Apr/2025:16:52:50 -0400] "GET /hagerty-jewellery-polishing-cloth/ HTTP/1.1" 404 1251 "-" "Mozilla/5.0 (compatible; ImagesiftBot; +imagesift.com)"
64.124.8.156 - - [03/Apr/2025:16:53:02 -0400] "GET /wp-json/wp/v2/posts/1157 HTTP/1.1" 404 1251 "-" "Mozilla/5.0 (compatible; ImagesiftBot; +imagesift.com)"
64.124.8.156 - - [03/Apr/2025:16:53:05 -0400] "GET /plastic-gear/ HTTP/1.1" 404 1251 "-" "Mozilla/5.0 (compatible; ImagesiftBot; +imagesift.com)"
64.124.8.156 - - [03/Apr/2025:16:53:12 -0400] "GET /page/63/ HTTP/1.1" 404 1251 "-" "Mozilla/5.0 (compatible; ImagesiftBot; +imagesift.com)"
64.124.8.156 - - [03/Apr/2025:16:53:20 -0400] "GET /stop-smoking-methods/ HTTP/1.1" 404 1251 "-" "Mozilla/5.0 (compatible; ImagesiftBot; +imagesift.com)"
85.208.96.207 - - [03/Apr/2025:16:53:22 -0400] "GET /why-and-how-of-online-gambling/ HTTP/1.1" 404 1251 "-" "Mozilla/5.0 (compatible; SemrushBot/7~bl; +http://www.semrush.com/bot.html)"
64.124.8.156 - - [03/Apr/2025:16:53:22 -0400] "GET /wp-json/wp/v2/posts/707 HTTP/1.1" 404 1251 "-" "Mozilla/5.0 (compatible; ImagesiftBot; +imagesift.com)"
64.124.8.156 - - [03/Apr/2025:16:53:26 -0400] "GET /wp-json/wp/v2/posts/1696 HTTP/1.1" 404 1251 "-" "Mozilla/5.0 (compatible; ImagesiftBot; +imagesift.com)"
64.124.8.156 - - [03/Apr/2025:16:53:28 -0400] "GET /ui-ux-design-services/ HTTP/1.1" 404 1251 "-" "Mozilla/5.0 (compatible; ImagesiftBot; +imagesift.com)"
64.124.8.156 - - [03/Apr/2025:16:53:32 -0400] "GET /dog-nft/ HTTP/1.1" 404 1251 "-" "Mozilla/5.0 (compatible; ImagesiftBot; +imagesift.com)"
64.124.8.156 - - [03/Apr/2025:16:54:01 -0400] "GET /wp-json/wp/v2/posts/1886 HTTP/1.1" 404 1251 "-" "Mozilla/5.0 (compatible; ImagesiftBot; +imagesift.com)"
64.124.8.156 - - [03/Apr/2025:16:54:18 -0400] "GET /wp-json/wp/v2/posts/206 HTTP/1.1" 404 1251 "-" "Mozilla/5.0 (compatible; ImagesiftBot; +imagesift.com)"
64.124.8.156 - - [03/Apr/2025:16:54:21 -0400] "GET /a-stitch-sweatshirt-with-stylised-character-artwork-and-ribbed-trims/ HTTP/1.1" 404 1251 "-" "Mozilla/5.0 (compatible; ImagesiftBot; +imagesift.com)"
17.241.227.140 - - [03/Apr/2025:16:54:26 -0400] "GET /tennis-predict/ HTTP/1.1" 404 1251 "-" "Mozilla/5.0 (Macintosh; Intel Mac OS X 10_15_7) AppleWebKit/605.1.15 (KHTML, like Gecko) Version/17.4 Safari/605.1.15 (Applebot/0.1; +http://www.apple.com/go/applebot)"
64.124.8.156 - - [03/Apr/2025:16:54:44 -0400] "GET /careprost-eye-drops/ HTTP/1.1" 404 1251 "-" "Mozilla/5.0 (compatible; ImagesiftBot; +imagesift.com)"
64.124.8.156 - - [03/Apr/2025:16:54:52 -0400] "GET /wp-json/wp/v2/posts/225 HTTP/1.1" 404 1251 "-" "Mozilla/5.0 (compatible; ImagesiftBot; +imagesift.com)"
64.187.236.249 - - [03/Apr/2025:16:54:58 -0400] "GET /wp-login.php HTTP/1.1" 200 1697 "-" "Mozilla/5.0 (Windows NT 10.0; Win64; x64) AppleWebKit/537.36 (KHTML, like Gecko) Chrome/115.0.0.0 Safari/537.36 Edg/115.0.1901.203"
17.241.219.149 - - [03/Apr/2025:16:55:02 -0400] "GET /unveiling-the-complexities-of-sex-addiction-therapy/ HTTP/1.1" 404 1251 "-" "Mozilla/5.0 (Macintosh; Intel Mac OS X 10_15_7) AppleWebKit/605.1.15 (KHTML, like Gecko) Version/17.4 Safari/605.1.15 (Applebot/0.1; +http://www.apple.com/go/applebot)"
64.124.8.156 - - [03/Apr/2025:16:55:09 -0400] "GET /wp-json/wp/v2/posts/764 HTTP/1.1" 404 1251 "-" "Mozilla/5.0 (compatible; ImagesiftBot; +imagesift.com)"
198.54.114.83 - - [03/Apr/2025:16:55:15 -0400] "POST /wp-cron.php?doing_wp_cron=1743713714.5907480716705322265625 HTTP/1.1" 200 0 "-" "WordPress/6.7.2; https://greatamericanball.com"
104.153.81.32 - - [03/Apr/2025:16:55:08 -0400] "POST /wp-login.php HTTP/1.1" 200 1848 "https://greatamericanball.com/wp-login.php" "Mozilla/5.0 (Windows NT 10.0; Win64; x64) AppleWebKit/537.36 (KHTML, like Gecko) Chrome/115.0.0.0 Safari/537.36 Edg/115.0.1901.203"
64.124.8.156 - - [03/Apr/2025:16:55:17 -0400] "GET /how-to-choose-the-best-homecare-agency-for-your-loved-one/ HTTP/1.1" 404 1251 "-" "Mozilla/5.0 (compatible; ImagesiftBot; +imagesift.com)"
64.124.8.156 - - [03/Apr/2025:16:55:42 -0400] "GET /the-myst-facilities/ HTTP/1.1" 404 1251 "-" "Mozilla/5.0 (compatible; ImagesiftBot; +imagesift.com)"
64.124.8.156 - - [03/Apr/2025:16:55:47 -0400] "GET /some-untold-truths-about-moving-quotes-and-how-they-affect-your-finances/ HTTP/1.1" 404 1251 "-" "Mozilla/5.0 (compatible; ImagesiftBot; +imagesift.com)"
64.124.8.156 - - [03/Apr/2025:16:55:54 -0400] "GET /wp-json/wp/v2/posts/783 HTTP/1.1" 404 1251 "-" "Mozilla/5.0 (compatible; ImagesiftBot; +imagesift.com)"
64.124.8.156 - - [03/Apr/2025:16:56:24 -0400] "GET /betting-shops-bank-holiday-opening/ HTTP/1.1" 404 1251 "-" "Mozilla/5.0 (compatible; ImagesiftBot; +imagesift.com)"
64.124.8.156 - - [03/Apr/2025:16:56:38 -0400] "GET /benefits-of-buying-likes-on-youtube/ HTTP/1.1" 404 1251 "-" "Mozilla/5.0 (compatible; ImagesiftBot; +imagesift.com)"
64.124.8.156 - - [03/Apr/2025:16:57:07 -0400] "GET /category/activity/page/7/ HTTP/1.1" 404 1251 "-" "Mozilla/5.0 (compatible; ImagesiftBot; +imagesift.com)"
64.124.8.156 - - [03/Apr/2025:16:57:10 -0400] "GET /personal-loan-provider/ HTTP/1.1" 404 1251 "-" "Mozilla/5.0 (compatible; ImagesiftBot; +imagesift.com)"
64.124.8.156 - - [03/Apr/2025:16:57:42 -0400] "GET /professional-coffee-machines-8-ways-they-differ-from-home-coffee-machines/ HTTP/1.1" 404 1251 "-" "Mozilla/5.0 (compatible; ImagesiftBot; +imagesift.com)"
64.124.8.156 - - [03/Apr/2025:16:58:20 -0400] "GET /wp-json/wp/v2/posts/1643 HTTP/1.1" 404 1251 "-" "Mozilla/5.0 (compatible; ImagesiftBot; +imagesift.com)"
64.124.8.156 - - [03/Apr/2025:16:58:55 -0400] "GET /page/31/ HTTP/1.1" 404 1251 "-" "Mozilla/5.0 (compatible; ImagesiftBot; +imagesift.com)"
64.124.8.156 - - [03/Apr/2025:16:58:59 -0400] "GET /wp-json/wp/v2/posts/282 HTTP/1.1" 404 1251 "-" "Mozilla/5.0 (compatible; ImagesiftBot; +imagesift.com)"
52.167.144.218 - - [03/Apr/2025:16:59:02 -0400] "GET /top-heroes-in-watcher-of-realms/ HTTP/1.1" 404 1251 "-" "Mozilla/5.0 AppleWebKit/537.36 (KHTML, like Gecko; compatible; bingbot/2.0; +http://www.bing.com/bingbot.htm) Chrome/116.0.1938.76 Safari/537.36"
44.217.146.197 - - [03/Apr/2025:16:59:33 -0400] "GET /unlocking-human-potential-the-role-of-an-hr-consultant/ HTTP/1.1" 404 1251 "-" "Grammarly/1.0 (http://www.grammarly.com)"
64.124.8.156 - - [03/Apr/2025:16:59:51 -0400] "GET /youtube-view/ HTTP/1.1" 404 1251 "-" "Mozilla/5.0 (compatible; ImagesiftBot; +imagesift.com)"
64.124.8.156 - - [03/Apr/2025:17:00:07 -0400] "GET /pregnancy-stretch-mark-cream-suggestions/ HTTP/1.1" 404 1251 "-" "Mozilla/5.0 (compatible; ImagesiftBot; +imagesift.com)"
64.124.8.156 - - [03/Apr/2025:17:00:47 -0400] "GET /wp-json/wp/v2/posts/918 HTTP/1.1" 404 1251 "-" "Mozilla/5.0 (compatible; ImagesiftBot; +imagesift.com)"
47.79.104.61 - - [03/Apr/2025:17:00:53 -0400] "GET / HTTP/1.1" 200 166482 "https://www.google.com/" "Mozilla/5.0 (Windows NT 10.0; Win64; x64) AppleWebKit/537.36 (KHTML, like Gecko) Chrome/133.0.0.0 Safari/537.36"
64.124.8.156 - - [03/Apr/2025:17:01:13 -0400] "GET /unveiling-the-world-of-youtube-growth-buying-views-and-subscribers/ HTTP/1.1" 404 1251 "-" "Mozilla/5.0 (compatible; ImagesiftBot; +imagesift.com)"
64.124.8.156 - - [03/Apr/2025:17:01:43 -0400] "GET /wp-json/wp/v2/posts/937 HTTP/1.1" 404 0 "-" "Mozilla/5.0 (compatible; ImagesiftBot; +imagesift.com)"
64.124.8.156 - - [03/Apr/2025:17:01:58 -0400] "GET /wp-json/wp/v2/posts/1098 HTTP/1.1" 404 1251 "-" "Mozilla/5.0 (compatible; ImagesiftBot; +imagesift.com)"
64.124.8.156 - - [03/Apr/2025:17:02:36 -0400] "GET /gwen-stacy-hoodie/ HTTP/1.1" 404 1251 "-" "Mozilla/5.0 (compatible; ImagesiftBot; +imagesift.com)"
64.124.8.156 - - [03/Apr/2025:17:02:38 -0400] "GET /wp-json/wp/v2/posts/1319 HTTP/1.1" 404 1251 "-" "Mozilla/5.0 (compatible; ImagesiftBot; +imagesift.com)"
185.213.83.58 - - [03/Apr/2025:17:02:51 -0400] "POST /wp-login.php/wp-login.php HTTP/1.1" 200 0 "-" "Mozilla"
64.124.8.156 - - [03/Apr/2025:17:03:30 -0400] "GET /wp-json/wp/v2/posts/956 HTTP/1.1" 404 1251 "-" "Mozilla/5.0 (compatible; ImagesiftBot; +imagesift.com)"
64.124.8.156 - - [03/Apr/2025:17:03:45 -0400] "GET /rechtsanwalt-hattingen/ HTTP/1.1" 404 1251 "-" "Mozilla/5.0 (compatible; ImagesiftBot; +imagesift.com)"
64.124.8.156 - - [03/Apr/2025:17:03:48 -0400] "GET /what-is-a-rental-led-display/ HTTP/1.1" 404 1251 "-" "Mozilla/5.0 (compatible; ImagesiftBot; +imagesift.com)"
64.124.8.156 - - [03/Apr/2025:17:03:49 -0400] "GET /how-to-find-the-best-personal-loan/ HTTP/1.1" 404 1251 "-" "Mozilla/5.0 (compatible; ImagesiftBot; +imagesift.com)"
64.124.8.156 - - [03/Apr/2025:17:03:52 -0400] "GET /wp-json/wp/v2/posts/1509 HTTP/1.1" 404 1251 "-" "Mozilla/5.0 (compatible; ImagesiftBot; +imagesift.com)"
64.124.8.156 - - [03/Apr/2025:17:04:24 -0400] "GET /wp-json/wp/v2/posts/1478 HTTP/1.1" 404 1251 "-" "Mozilla/5.0 (compatible; ImagesiftBot; +imagesift.com)"
64.124.8.156 - - [03/Apr/2025:17:04:26 -0400] "GET /wp-json/wp/v2/posts/810 HTTP/1.1" 404 1251 "-" "Mozilla/5.0 (compatible; ImagesiftBot; +imagesift.com)"
64.124.8.156 - - [03/Apr/2025:17:04:43 -0400] "GET /wp-json/wp/v2/posts/994 HTTP/1.1" 404 1251 "-" "Mozilla/5.0 (compatible; ImagesiftBot; +imagesift.com)"
64.124.8.156 - - [03/Apr/2025:17:05:01 -0400] "GET /wp-json/wp/v2/posts/1668 HTTP/1.1" 404 1251 "-" "Mozilla/5.0 (compatible; ImagesiftBot; +imagesift.com)"
64.124.8.156 - - [03/Apr/2025:17:05:15 -0400] "GET /erklarvideo-erstellen-lassen/ HTTP/1.1" 404 1251 "-" "Mozilla/5.0 (compatible; ImagesiftBot; +imagesift.com)"
64.124.8.156 - - [03/Apr/2025:17:05:45 -0400] "GET /page/6/ HTTP/1.1" 404 1251 "-" "Mozilla/5.0 (compatible; ImagesiftBot; +imagesift.com)"
64.124.8.156 - - [03/Apr/2025:17:05:47 -0400] "GET /wp-json/wp/v2/posts/493 HTTP/1.1" 404 1251 "-" "Mozilla/5.0 (compatible; ImagesiftBot; +imagesift.com)"
64.124.8.156 - - [03/Apr/2025:17:05:49 -0400] "GET /wp-json/wp/v2/posts/1425 HTTP/1.1" 404 1251 "-" "Mozilla/5.0 (compatible; ImagesiftBot; +imagesift.com)"
64.124.8.156 - - [03/Apr/2025:17:06:52 -0400] "GET /rv-accessories-to-make-your-next-adventure-cozier-and-more-comfortable/ HTTP/1.1" 404 1251 "-" "Mozilla/5.0 (compatible; ImagesiftBot; +imagesift.com)"
64.124.8.156 - - [03/Apr/2025:17:08:04 -0400] "GET /glutathione-injection/ HTTP/1.1" 404 1251 "-" "Mozilla/5.0 (compatible; ImagesiftBot; +imagesift.com)"
64.124.8.156 - - [03/Apr/2025:17:08:15 -0400] "GET /the-worlds-first-electronic-cryptocurrency-robot/ HTTP/1.1" 404 1251 "-" "Mozilla/5.0 (compatible; ImagesiftBot; +imagesift.com)"
64.124.8.156 - - [03/Apr/2025:17:08:33 -0400] "GET /category/activity/page/57/ HTTP/1.1" 404 1251 "-" "Mozilla/5.0 (compatible; ImagesiftBot; +imagesift.com)"
64.124.8.156 - - [03/Apr/2025:17:08:50 -0400] "GET /wp-json/wp/v2/posts/609 HTTP/1.1" 404 1251 "-" "Mozilla/5.0 (compatible; ImagesiftBot; +imagesift.com)"
85.208.96.195 - - [03/Apr/2025:17:09:52 -0400] "GET /free-casino/ HTTP/1.1" 404 1251 "-" "Mozilla/5.0 (compatible; SemrushBot/7~bl; +http://www.semrush.com/bot.html)"
64.124.8.156 - - [03/Apr/2025:17:13:39 -0400] "GET /capturer-des-souvenirs-en-un-clin-doeil-limprimante-photo-smartphone/ HTTP/1.1" 404 1251 "-" "Mozilla/5.0 (compatible; ImagesiftBot; +imagesift.com)"
64.124.8.156 - - [03/Apr/2025:17:14:30 -0400] "GET /wp-json/wp/v2/posts/108 HTTP/1.1" 404 1251 "-" "Mozilla/5.0 (compatible; ImagesiftBot; +imagesift.com)"
64.124.8.156 - - [03/Apr/2025:17:14:31 -0400] "GET /bookies/ HTTP/1.1" 404 1251 "-" "Mozilla/5.0 (compatible; ImagesiftBot; +imagesift.com)"
64.124.8.156 - - [03/Apr/2025:17:14:42 -0400] "GET /category/activity/page/58/ HTTP/1.1" 404 1251 "-" "Mozilla/5.0 (compatible; ImagesiftBot; +imagesift.com)"
64.124.8.156 - - [03/Apr/2025:17:14:52 -0400] "GET /best-budget-gaming-pc/ HTTP/1.1" 404 1251 "-" "Mozilla/5.0 (compatible; ImagesiftBot; +imagesift.com)"
64.124.8.156 - - [03/Apr/2025:17:15:07 -0400] "GET /wp-json/wp/v2/posts/127 HTTP/1.1" 404 1251 "-" "Mozilla/5.0 (compatible; ImagesiftBot; +imagesift.com)"
64.124.8.156 - - [03/Apr/2025:17:15:20 -0400] "GET /steady-capital-solutions-reviews/ HTTP/1.1" 404 1251 "-" "Mozilla/5.0 (compatible; ImagesiftBot; +imagesift.com)"
64.124.8.156 - - [03/Apr/2025:17:15:44 -0400] "GET /wp-json/wp/v2/posts/1531 HTTP/1.1" 404 1251 "-" "Mozilla/5.0 (compatible; ImagesiftBot; +imagesift.com)"
64.124.8.156 - - [03/Apr/2025:17:16:23 -0400] "GET /wp-json/wp/v2/posts/146 HTTP/1.1" 404 1251 "-" "Mozilla/5.0 (compatible; ImagesiftBot; +imagesift.com)"
64.124.8.156 - - [03/Apr/2025:17:16:49 -0400] "GET /wp-json/wp/v2/posts/165 HTTP/1.1" 404 1251 "-" "Mozilla/5.0 (compatible; ImagesiftBot; +imagesift.com)"
64.124.8.156 - - [03/Apr/2025:17:17:01 -0400] "GET /wp-json/wp/v2/posts/1690 HTTP/1.1" 404 1251 "-" "Mozilla/5.0 (compatible; ImagesiftBot; +imagesift.com)"
64.124.8.156 - - [03/Apr/2025:17:17:03 -0400] "GET /safely-navigating-the-crypto-seas-a-guide-to-buying-bitcoin-using-paypal/ HTTP/1.1" 404 1251 "-" "Mozilla/5.0 (compatible; ImagesiftBot; +imagesift.com)"
64.124.8.156 - - [03/Apr/2025:17:17:09 -0400] "GET /what-does-hide-alerts-mean-on-iphone-messages/ HTTP/1.1" 404 1251 "-" "Mozilla/5.0 (compatible; ImagesiftBot; +imagesift.com)"
64.124.8.156 - - [03/Apr/2025:17:18:06 -0400] "GET /category/activity/page/59/ HTTP/1.1" 404 1251 "-" "Mozilla/5.0 (compatible; ImagesiftBot; +imagesift.com)"
64.124.8.156 - - [03/Apr/2025:17:18:15 -0400] "GET /crypto-casino-online/ HTTP/1.1" 404 1251 "-" "Mozilla/5.0 (compatible; ImagesiftBot; +imagesift.com)"
64.124.8.156 - - [03/Apr/2025:17:19:32 -0400] "GET /photocall-geneve/ HTTP/1.1" 404 1251 "-" "Mozilla/5.0 (compatible; ImagesiftBot; +imagesift.com)"
64.124.8.156 - - [03/Apr/2025:17:20:05 -0400] "GET /wp-json/wp/v2/posts/858 HTTP/1.1" 404 0 "-" "Mozilla/5.0 (compatible; ImagesiftBot; +imagesift.com)"
64.124.8.156 - - [03/Apr/2025:17:20:10 -0400] "GET /wp-json/wp/v2/posts/2424 HTTP/1.1" 404 0 "-" "Mozilla/5.0 (compatible; ImagesiftBot; +imagesift.com)"
2a03:2880:f800:7:: - - [03/Apr/2025:17:20:10 -0400] "GET /?86723_xml HTTP/1.1" 200 156192 "-" "meta-externalagent/1.1 (+https://developers.facebook.com/docs/sharing/webmasters/crawler)"
85.208.98.16 - - [03/Apr/2025:17:20:26 -0400] "GET /hire-crazy-golf-for-your-next-event/ HTTP/1.1" 404 1251 "-" "Mozilla/5.0 (compatible; SemrushBot-BA; +http://www.semrush.com/bot.html)"
64.124.8.156 - - [03/Apr/2025:17:20:42 -0400] "GET /wp-json/wp/v2/categories/1 HTTP/1.1" 404 1251 "-" "Mozilla/5.0 (compatible; ImagesiftBot; +imagesift.com)"
64.124.8.156 - - [03/Apr/2025:17:21:02 -0400] "GET /wp-json/wp/v2/posts/896 HTTP/1.1" 404 1251 "-" "Mozilla/5.0 (compatible; ImagesiftBot; +imagesift.com)"
64.124.8.156 - - [03/Apr/2025:17:21:47 -0400] "GET /wp-json/wp/v2/posts/1746 HTTP/1.1" 404 1251 "-" "Mozilla/5.0 (compatible; ImagesiftBot; +imagesift.com)"
64.124.8.156 - - [03/Apr/2025:17:22:03 -0400] "GET /can-fenbendazole-222mg-capsules-for-humans-kill-cancer/ HTTP/1.1" 404 1251 "-" "Mozilla/5.0 (compatible; ImagesiftBot; +imagesift.com)"
64.124.8.156 - - [03/Apr/2025:17:24:01 -0400] "GET /wp-json/wp/v2/posts/1936 HTTP/1.1" 404 1251 "-" "Mozilla/5.0 (compatible; ImagesiftBot; +imagesift.com)"
64.124.8.156 - - [03/Apr/2025:17:24:32 -0400] "GET /free-employment-law-advice/ HTTP/1.1" 404 1251 "-" "Mozilla/5.0 (compatible; ImagesiftBot; +imagesift.com)"
64.124.8.156 - - [03/Apr/2025:17:24:42 -0400] "GET /wp-json/wp/v2/posts/750 HTTP/1.1" 404 1251 "-" "Mozilla/5.0 (compatible; ImagesiftBot; +imagesift.com)"
40.77.167.44 - - [03/Apr/2025:17:25:52 -0400] "GET /youtube-buy-subscribers/ HTTP/1.1" 404 1251 "-" "Mozilla/5.0 AppleWebKit/537.36 (KHTML, like Gecko; compatible; bingbot/2.0; +http://www.bing.com/bingbot.htm) Chrome/116.0.1938.76 Safari/537.36"
64.124.8.156 - - [03/Apr/2025:17:25:57 -0400] "GET /wp-json/wp/v2/posts/1092 HTTP/1.1" 404 1251 "-" "Mozilla/5.0 (compatible; ImagesiftBot; +imagesift.com)"
64.124.8.156 - - [03/Apr/2025:17:26:41 -0400] "GET /where-should-you-invest-in-real-estate/ HTTP/1.1" 404 1251 "-" "Mozilla/5.0 (compatible; ImagesiftBot; +imagesift.com)"
198.54.114.83 - - [03/Apr/2025:17:26:47 -0400] "POST /wp-cron.php?doing_wp_cron=1743715606.4932041168212890625000 HTTP/1.1" 200 0 "-" "WordPress/6.7.2; https://greatamericanball.com"
77.105.136.89 - - [03/Apr/2025:17:26:39 -0400] "POST /wp-login.php HTTP/1.1" 200 1821 "https://greatamericanball.com/wp-login.php" "Mozilla/5.0 (Windows NT 10.0; Win64; x64) AppleWebKit/537.36 (KHTML, like Gecko) Chrome/123.0.0.0 Safari/537.36"
64.124.8.156 - - [03/Apr/2025:17:26:54 -0400] "GET /wp-json/wp/v2/posts/1472 HTTP/1.1" 404 1251 "-" "Mozilla/5.0 (compatible; ImagesiftBot; +imagesift.com)"
77.105.136.89 - - [03/Apr/2025:17:26:48 -0400] "POST /wp-login.php HTTP/1.1" 200 0 "https://greatamericanball.com/wp-login.php" "Mozilla/5.0 (Windows NT 10.0; Win64; x64) AppleWebKit/537.36 (KHTML, like Gecko) Chrome/123.0.0.0 Safari/537.36"
64.124.8.156 - - [03/Apr/2025:17:28:18 -0400] "GET /page/39/ HTTP/1.1" 404 1251 "-" "Mozilla/5.0 (compatible; ImagesiftBot; +imagesift.com)"
64.124.8.156 - - [03/Apr/2025:17:28:42 -0400] "GET /mk-bag-on-sales/ HTTP/1.1" 404 1251 "-" "Mozilla/5.0 (compatible; ImagesiftBot; +imagesift.com)"
198.54.114.83 - - [03/Apr/2025:17:28:54 -0400] "POST /wp-admin/admin-ajax.php?action=async_litespeed&nonce=2IIcK8FmwbIGCxuf7qmalHqebE2FJwdQ&litespeed_type=imgoptm HTTP/1.1" 200 5 "-" "WordPress/6.7.2; https://greatamericanball.com"
64.124.8.156 - - [03/Apr/2025:17:29:00 -0400] "GET /online-shopping-gains/ HTTP/1.1" 404 1251 "-" "Mozilla/5.0 (compatible; ImagesiftBot; +imagesift.com)"
64.124.8.156 - - [03/Apr/2025:17:29:05 -0400] "GET /wp-json/wp/v2/posts/904 HTTP/1.1" 404 1251 "-" "Mozilla/5.0 (compatible; ImagesiftBot; +imagesift.com)"
64.124.8.156 - - [03/Apr/2025:17:29:11 -0400] "GET /wp-json/wp/v2/posts/923 HTTP/1.1" 404 1251 "-" "Mozilla/5.0 (compatible; ImagesiftBot; +imagesift.com)"
64.124.8.156 - - [03/Apr/2025:17:29:42 -0400] "GET /wp-json/wp/v2/posts/568 HTTP/1.1" 404 1251 "-" "Mozilla/5.0 (compatible; ImagesiftBot; +imagesift.com)"
64.124.8.156 - - [03/Apr/2025:17:29:45 -0400] "GET /hiring-an-electrician-in-clearwater-florida/ HTTP/1.1" 404 1251 "-" "Mozilla/5.0 (compatible; ImagesiftBot; +imagesift.com)"
198.54.114.83 - - [03/Apr/2025:17:29:50 -0400] "POST /wp-admin/admin-ajax.php?action=async_litespeed&nonce=jlUT5jw98DrCBoFGIyJcsQrATyVxw2rL&litespeed_type=imgoptm HTTP/1.1" 200 0 "-" "WordPress/6.7.2; https://greatamericanball.com"
64.124.8.156 - - [03/Apr/2025:17:30:28 -0400] "GET /how-to-covert-import-mkv-video-to-mp4-ipod/ HTTP/1.1" 404 1251 "-" "Mozilla/5.0 (compatible; ImagesiftBot; +imagesift.com)"
64.124.8.156 - - [03/Apr/2025:17:31:02 -0400] "GET /wp-json/wp/v2/posts/942 HTTP/1.1" 404 1251 "-" "Mozilla/5.0 (compatible; ImagesiftBot; +imagesift.com)"
64.124.8.156 - - [03/Apr/2025:17:31:18 -0400] "GET /wp-json/wp/v2/posts/1148 HTTP/1.1" 404 1251 "-" "Mozilla/5.0 (compatible; ImagesiftBot; +imagesift.com)"
64.124.8.156 - - [03/Apr/2025:17:32:04 -0400] "GET /the-rise-of-ai-girlfriends/ HTTP/1.1" 404 1251 "-" "Mozilla/5.0 (compatible; ImagesiftBot; +imagesift.com)"
64.124.8.156 - - [03/Apr/2025:17:32:14 -0400] "GET /womens-bamboo-clothing/ HTTP/1.1" 404 1251 "-" "Mozilla/5.0 (compatible; ImagesiftBot; +imagesift.com)"
64.124.8.156 - - [03/Apr/2025:17:33:01 -0400] "GET /wp-json/wp/v2/posts/422 HTTP/1.1" 404 1251 "-" "Mozilla/5.0 (compatible; ImagesiftBot; +imagesift.com)"
64.124.8.156 - - [03/Apr/2025:17:33:14 -0400] "GET /how-to-use-a-hair-dryer/ HTTP/1.1" 404 1251 "-" "Mozilla/5.0 (compatible; ImagesiftBot; +imagesift.com)"
64.124.8.156 - - [03/Apr/2025:17:33:26 -0400] "GET /wp-json/wp/v2/posts/961 HTTP/1.1" 404 1251 "-" "Mozilla/5.0 (compatible; ImagesiftBot; +imagesift.com)"
64.124.8.156 - - [03/Apr/2025:17:34:10 -0400] "GET /wp-json/wp/v2/posts/1338 HTTP/1.1" 404 1251 "-" "Mozilla/5.0 (compatible; ImagesiftBot; +imagesift.com)"
64.124.8.156 - - [03/Apr/2025:17:34:18 -0400] "GET /la-curiosidad-por-nuestra/ HTTP/1.1" 404 1251 "-" "Mozilla/5.0 (compatible; ImagesiftBot; +imagesift.com)"
64.124.8.156 - - [03/Apr/2025:17:35:21 -0400] "GET /rv-refrigeration/ HTTP/1.1" 404 0 "-" "Mozilla/5.0 (compatible; ImagesiftBot; +imagesift.com)"
52.167.144.147 - - [03/Apr/2025:17:35:36 -0400] "GET /unlocking-success-the-significance-of-non-drop-youtube-views/ HTTP/1.1" 404 1251 "-" "Mozilla/5.0 AppleWebKit/537.36 (KHTML, like Gecko; compatible; bingbot/2.0; +http://www.bing.com/bingbot.htm) Chrome/116.0.1938.76 Safari/537.36"
64.124.8.156 - - [03/Apr/2025:17:35:40 -0400] "GET /wp-json/wp/v2/posts/441 HTTP/1.1" 404 1251 "-" "Mozilla/5.0 (compatible; ImagesiftBot; +imagesift.com)"
64.124.8.156 - - [03/Apr/2025:17:35:57 -0400] "GET /wp-json/wp/v2/posts/1497 HTTP/1.1" 404 1251 "-" "Mozilla/5.0 (compatible; ImagesiftBot; +imagesift.com)"
64.124.8.156 - - [03/Apr/2025:17:37:37 -0400] "GET /homeopathic-weight-loss-treatment/ HTTP/1.1" 404 1251 "-" "Mozilla/5.0 (compatible; ImagesiftBot; +imagesift.com)"
64.124.8.156 - - [03/Apr/2025:17:37:40 -0400] "GET /page/56/ HTTP/1.1" 404 1251 "-" "Mozilla/5.0 (compatible; ImagesiftBot; +imagesift.com)"
64.124.8.156 - - [03/Apr/2025:17:38:37 -0400] "GET /wp-json/wp/v2/posts/1064 HTTP/1.1" 404 1251 "-" "Mozilla/5.0 (compatible; ImagesiftBot; +imagesift.com)"
64.124.8.156 - - [03/Apr/2025:17:38:44 -0400] "GET /part-time-job-at-night/ HTTP/1.1" 404 1251 "-" "Mozilla/5.0 (compatible; ImagesiftBot; +imagesift.com)"
64.124.8.156 - - [03/Apr/2025:17:39:02 -0400] "GET /how-pressure-cleaning-can-improve-the-look-of-your-home/ HTTP/1.1" 404 1251 "-" "Mozilla/5.0 (compatible; ImagesiftBot; +imagesift.com)"
64.124.8.156 - - [03/Apr/2025:17:39:32 -0400] "GET /unveiling-the-role-of-physiotherapists-in-dubais-healthcare-landscape/ HTTP/1.1" 404 1251 "-" "Mozilla/5.0 (compatible; ImagesiftBot; +imagesift.com)"
64.124.8.156 - - [03/Apr/2025:17:39:35 -0400] "GET /the-verdant-haven-exploring-the-enchantment-of-hillock-green/ HTTP/1.1" 404 1251 "-" "Mozilla/5.0 (compatible; ImagesiftBot; +imagesift.com)"
64.124.8.156 - - [03/Apr/2025:17:40:59 -0400] "GET /wp-json/wp/v2/posts/1444 HTTP/1.1" 404 1251 "-" "Mozilla/5.0 (compatible; ImagesiftBot; +imagesift.com)"
104.168.173.24 - - [03/Apr/2025:17:41:44 -0400] "GET /the-allure-and-risks-of-satta-king-a-deep-dive/ HTTP/1.1" 404 1251 "-" "Mozilla/5.0 (X11; Linux i686; rv:114.0) Gecko/20100101 Firefox/114.0"
104.168.173.24 - - [03/Apr/2025:17:41:45 -0400] "GET / HTTP/1.1" 200 156192 "-" "Mozilla/5.0 (X11; Linux i686; rv:114.0) Gecko/20100101 Firefox/114.0"
104.168.173.24 - - [03/Apr/2025:17:41:47 -0400] "GET /dp/B0D3RN5W37?ref=MarsFS_VICC_blinksqm HTTP/1.1" 404 1251 "https://greatamericanball.com" "Mozilla/5.0 (X11; Linux i686; rv:114.0) Gecko/20100101 Firefox/114.0"
104.168.173.24 - - [03/Apr/2025:17:41:47 -0400] "GET / HTTP/1.1" 200 156192 "https://greatamericanball.com" "Mozilla/5.0 (X11; Linux i686; rv:114.0) Gecko/20100101 Firefox/114.0"
64.124.8.156 - - [03/Apr/2025:17:42:25 -0400] "GET /nusapenida-one/ HTTP/1.1" 404 1251 "-" "Mozilla/5.0 (compatible; ImagesiftBot; +imagesift.com)"
64.124.8.156 - - [03/Apr/2025:17:42:27 -0400] "GET /wp-json/wp/v2/posts/614 HTTP/1.1" 404 1251 "-" "Mozilla/5.0 (compatible; ImagesiftBot; +imagesift.com)"
64.124.8.156 - - [03/Apr/2025:17:42:40 -0400] "GET /wp-json/wp/v2/posts/798 HTTP/1.1" 404 1251 "-" "Mozilla/5.0 (compatible; ImagesiftBot; +imagesift.com)"
64.124.8.156 - - [03/Apr/2025:17:43:19 -0400] "GET /wp-json/wp/v2/posts/1011 HTTP/1.1" 404 1251 "-" "Mozilla/5.0 (compatible; ImagesiftBot; +imagesift.com)"
64.124.8.156 - - [03/Apr/2025:17:43:41 -0400] "GET /wp-json/wp/v2/posts/1793 HTTP/1.1" 404 1251 "-" "Mozilla/5.0 (compatible; ImagesiftBot; +imagesift.com)"
64.124.8.156 - - [03/Apr/2025:17:43:56 -0400] "GET /wp-json/wp/v2/posts/278 HTTP/1.1" 404 1251 "-" "Mozilla/5.0 (compatible; ImagesiftBot; +imagesift.com)"
64.124.8.156 - - [03/Apr/2025:17:44:18 -0400] "GET /wp-json/wp/v2/posts/652 HTTP/1.1" 404 1251 "-" "Mozilla/5.0 (compatible; ImagesiftBot; +imagesift.com)"
64.124.8.156 - - [03/Apr/2025:17:45:05 -0400] "GET /custom-closet-design-the-five-components-of-a-perfect-closet/ HTTP/1.1" 404 1251 "-" "Mozilla/5.0 (compatible; ImagesiftBot; +imagesift.com)"
85.208.96.205 - - [03/Apr/2025:17:45:17 -0400] "GET /custom-trampoline-socks/ HTTP/1.1" 404 1251 "-" "Mozilla/5.0 (compatible; SemrushBot/7~bl; +http://www.semrush.com/bot.html)"
64.124.8.156 - - [03/Apr/2025:17:45:17 -0400] "GET /the-energy-healing-power-of-natural-medicine/ HTTP/1.1" 404 1251 "-" "Mozilla/5.0 (compatible; ImagesiftBot; +imagesift.com)"
64.124.8.156 - - [03/Apr/2025:17:45:20 -0400] "GET /do-you-need-a-digital-marketing-agency/ HTTP/1.1" 404 1251 "-" "Mozilla/5.0 (compatible; ImagesiftBot; +imagesift.com)"
64.124.8.156 - - [03/Apr/2025:17:47:32 -0400] "GET /wp-json/wp/v2/posts/132 HTTP/1.1" 404 1251 "-" "Mozilla/5.0 (compatible; ImagesiftBot; +imagesift.com)"
64.124.8.156 - - [03/Apr/2025:17:49:50 -0400] "GET /the-importance-of-a-professional-will-writing-service/ HTTP/1.1" 404 1251 "-" "Mozilla/5.0 (compatible; ImagesiftBot; +imagesift.com)"
64.124.8.156 - - [03/Apr/2025:17:50:55 -0400] "GET /sports-betting-picks-winning-strategies-you-can-take-to-the-bank/ HTTP/1.1" 404 1251 "-" "Mozilla/5.0 (compatible; ImagesiftBot; +imagesift.com)"
64.124.8.156 - - [03/Apr/2025:17:50:58 -0400] "GET /floating-water-pumps/ HTTP/1.1" 404 1251 "-" "Mozilla/5.0 (compatible; ImagesiftBot; +imagesift.com)"
64.124.8.156 - - [03/Apr/2025:17:53:17 -0400] "GET /page/73/ HTTP/1.1" 404 1251 "-" "Mozilla/5.0 (compatible; ImagesiftBot; +imagesift.com)"
64.124.8.156 - - [03/Apr/2025:17:53:19 -0400] "GET /unveiling-the-pinnacle-of-online-entertainment-toto-major-site/ HTTP/1.1" 404 1251 "-" "Mozilla/5.0 (compatible; ImagesiftBot; +imagesift.com)"
64.124.8.156 - - [03/Apr/2025:17:53:35 -0400] "GET /online-sports-betting-the-growing-phenomenon-with-great-income-scope/ HTTP/1.1" 404 1251 "-" "Mozilla/5.0 (compatible; ImagesiftBot; +imagesift.com)"
64.124.8.156 - - [03/Apr/2025:17:53:42 -0400] "GET /wp-json/wp/v2/posts/806 HTTP/1.1" 404 1251 "-" "Mozilla/5.0 (compatible; ImagesiftBot; +imagesift.com)"
64.124.8.156 - - [03/Apr/2025:17:54:01 -0400] "GET /wp-json/wp/v2/posts/1659 HTTP/1.1" 404 1251 "-" "Mozilla/5.0 (compatible; ImagesiftBot; +imagesift.com)"
64.124.8.156 - - [03/Apr/2025:17:54:30 -0400] "GET /unlocking-the-potential-navigating-londons-real-estate-with-a-premier-property-management-company/ HTTP/1.1" 404 1251 "-" "Mozilla/5.0 (compatible; ImagesiftBot; +imagesift.com)"
64.124.8.156 - - [03/Apr/2025:17:54:32 -0400] "GET /wp-json/wp/v2/posts/825 HTTP/1.1" 404 1251 "-" "Mozilla/5.0 (compatible; ImagesiftBot; +imagesift.com)"
64.124.8.156 - - [03/Apr/2025:17:54:35 -0400] "GET /wp-json/wp/v2/posts/1036 HTTP/1.1" 404 1251 "-" "Mozilla/5.0 (compatible; ImagesiftBot; +imagesift.com)"
64.124.8.156 - - [03/Apr/2025:17:54:37 -0400] "GET /fenbendazole-capsules-and-its-effects-on-cancer/ HTTP/1.1" 404 1251 "-" "Mozilla/5.0 (compatible; ImagesiftBot; +imagesift.com)"
64.124.8.156 - - [03/Apr/2025:17:54:47 -0400] "GET /riveting-machine-processes/ HTTP/1.1" 404 1251 "-" "Mozilla/5.0 (compatible; ImagesiftBot; +imagesift.com)"
64.124.8.156 - - [03/Apr/2025:17:55:05 -0400] "GET /how-lifestyle-affects-house-design/ HTTP/1.1" 404 1251 "-" "Mozilla/5.0 (compatible; ImagesiftBot; +imagesift.com)"
64.124.8.156 - - [03/Apr/2025:17:55:08 -0400] "GET /wp-json/wp/v2/posts/863 HTTP/1.1" 404 1251 "-" "Mozilla/5.0 (compatible; ImagesiftBot; +imagesift.com)"
64.124.8.156 - - [03/Apr/2025:17:55:34 -0400] "GET /page/41/ HTTP/1.1" 404 1251 "-" "Mozilla/5.0 (compatible; ImagesiftBot; +imagesift.com)"
64.124.8.156 - - [03/Apr/2025:17:56:08 -0400] "GET /three-things-you-need-to-know-before-buying-weed-edibles-near-me/ HTTP/1.1" 404 1251 "-" "Mozilla/5.0 (compatible; ImagesiftBot; +imagesift.com)"
64.124.8.156 - - [03/Apr/2025:17:56:41 -0400] "GET /discover-conneaut-lake-activities/ HTTP/1.1" 404 1251 "-" "Mozilla/5.0 (compatible; ImagesiftBot; +imagesift.com)"
64.124.8.156 - - [03/Apr/2025:17:56:44 -0400] "GET /wp-json/wp/v2/posts/1491 HTTP/1.1" 404 1251 "-" "Mozilla/5.0 (compatible; ImagesiftBot; +imagesift.com)"
64.124.8.156 - - [03/Apr/2025:17:56:50 -0400] "GET /ai-gf/ HTTP/1.1" 404 1251 "-" "Mozilla/5.0 (compatible; ImagesiftBot; +imagesift.com)"
64.124.8.156 - - [03/Apr/2025:17:56:57 -0400] "GET /small-bathroom-renovations/ HTTP/1.1" 404 1251 "-" "Mozilla/5.0 (compatible; ImagesiftBot; +imagesift.com)"
5.102.173.71 - - [03/Apr/2025:17:57:03 -0400] "GET /robots.txt HTTP/1.1" 304 0 "-" "Mozilla/5.0 (compatible; MojeekBot/0.11; +https://www.mojeek.com/bot.html)"
5.102.173.71 - - [03/Apr/2025:17:57:04 -0400] "GET /2024/10/13/ HTTP/1.1" 404 1251 "-" "Mozilla/5.0 (compatible; MojeekBot/0.11; +https://www.mojeek.com/bot.html)"
5.102.173.71 - - [03/Apr/2025:17:57:04 -0400] "GET /der-schlussel-zum-juristischen-erfolg/ HTTP/1.1" 404 1251 "-" "Mozilla/5.0 (compatible; MojeekBot/0.11; +https://www.mojeek.com/bot.html)"
64.124.8.156 - - [03/Apr/2025:17:57:17 -0400] "GET /custom-athletic-socks/ HTTP/1.1" 404 1251 "-" "Mozilla/5.0 (compatible; ImagesiftBot; +imagesift.com)"
64.124.8.156 - - [03/Apr/2025:17:57:22 -0400] "GET /unraveling-the-mysteries-of-the-instagram-account-freeze-link/ HTTP/1.1" 404 1251 "-" "Mozilla/5.0 (compatible; ImagesiftBot; +imagesift.com)"
64.124.8.156 - - [03/Apr/2025:17:57:27 -0400] "GET /can-you-buy-cannabis-oil-in-the-uk/ HTTP/1.1" 404 1251 "-" "Mozilla/5.0 (compatible; ImagesiftBot; +imagesift.com)"
64.124.8.156 - - [03/Apr/2025:17:57:39 -0400] "GET /page/7/ HTTP/1.1" 404 1251 "-" "Mozilla/5.0 (compatible; ImagesiftBot; +imagesift.com)"
17.241.227.114 - - [03/Apr/2025:17:58:00 -0400] "GET /fenben-for-humans-a-case-study/ HTTP/1.1" 404 1251 "-" "Mozilla/5.0 (Macintosh; Intel Mac OS X 10_15_7) AppleWebKit/605.1.15 (KHTML, like Gecko) Version/17.4 Safari/605.1.15 (Applebot/0.1; +http://www.apple.com/go/applebot)"
64.124.8.156 - - [03/Apr/2025:17:58:02 -0400] "GET /online-slots-one-armed-bandits-to-one-click-wonders/ HTTP/1.1" 404 1251 "-" "Mozilla/5.0 (compatible; ImagesiftBot; +imagesift.com)"
64.124.8.156 - - [03/Apr/2025:17:58:17 -0400] "GET /wp-json/wp/v2/posts/1167 HTTP/1.1" 404 1251 "-" "Mozilla/5.0 (compatible; ImagesiftBot; +imagesift.com)"
64.124.8.156 - - [03/Apr/2025:17:58:20 -0400] "GET /affichage-publicitaire-geneve/ HTTP/1.1" 404 1251 "-" "Mozilla/5.0 (compatible; ImagesiftBot; +imagesift.com)"
64.124.8.156 - - [03/Apr/2025:17:58:51 -0400] "GET /unlocking-financial-health-understanding-the-significance-of-bilanz/ HTTP/1.1" 404 1251 "-" "Mozilla/5.0 (compatible; ImagesiftBot; +imagesift.com)"
64.124.8.156 - - [03/Apr/2025:17:59:23 -0400] "GET /how-to-send-big-files-through-email/ HTTP/1.1" 404 1251 "-" "Mozilla/5.0 (compatible; ImagesiftBot; +imagesift.com)"
64.124.8.156 - - [03/Apr/2025:17:59:40 -0400] "GET /wp-json/wp/v2/posts/1547 HTTP/1.1" 404 1251 "-" "Mozilla/5.0 (compatible; ImagesiftBot; +imagesift.com)"
64.124.8.156 - - [03/Apr/2025:17:59:44 -0400] "GET /wp-json/wp/v2/posts/1737 HTTP/1.1" 404 1251 "-" "Mozilla/5.0 (compatible; ImagesiftBot; +imagesift.com)"
64.124.8.156 - - [03/Apr/2025:17:59:52 -0400] "GET /diesel-trucks-the-toughest-and-reliable-trucks-in-automotive-industry/ HTTP/1.1" 404 1251 "-" "Mozilla/5.0 (compatible; ImagesiftBot; +imagesift.com)"
64.124.8.156 - - [03/Apr/2025:18:00:12 -0400] "GET /curly-hair-hairdresser-melbourne/ HTTP/1.1" 404 1251 "-" "Mozilla/5.0 (compatible; ImagesiftBot; +imagesift.com)"
198.54.114.83 - - [03/Apr/2025:18:00:12 -0400] "POST /wp-cron.php?doing_wp_cron=1743717612.6960039138793945312500 HTTP/1.1" 200 0 "-" "WordPress/6.7.2; https://greatamericanball.com"
196.251.87.2 - - [03/Apr/2025:18:00:08 -0400] "POST /wp-login.php?wc-ajax=1 HTTP/1.1" 200 1829 "https://greatamericanball.com/wp-admin/" "Mozilla/5.0 (Windows NT 10.0; Win64; x64) AppleWebKit/537.36 (KHTML, like Gecko) Chrome/90.0.4430.85 Safari/537.36"
196.251.87.2 - - [03/Apr/2025:18:00:13 -0400] "GET /wp-admin/?wc-ajax=1 HTTP/1.1" 302 0 "www.google.com" "Mozilla/5.0 (Windows NT 10.0; Win64; x64) AppleWebKit/537.36 (KHTML, like Gecko) Chrome/90.0.4430.85 Safari/537.36"
198.54.114.83 - - [03/Apr/2025:18:00:13 -0400] "POST /wp-admin/admin-ajax.php?action=async_litespeed&nonce=7rjuFbU1MAGuG5yy5Tp3onrIkIoHUpEb&litespeed_type=imgoptm HTTP/1.1" 200 0 "-" "WordPress/6.7.2; https://greatamericanball.com"
196.251.87.2 - - [03/Apr/2025:18:00:14 -0400] "GET /wp-login.php?redirect_to=https%3A%2F%2Fgreatamericanball.com%2Fwp-admin%2F%3Fwc-ajax%3D1&reauth=1 HTTP/1.1" 200 1703 "www.google.com" "Mozilla/5.0 (Windows NT 10.0; Win64; x64) AppleWebKit/537.36 (KHTML, like Gecko) Chrome/90.0.4430.85 Safari/537.36"
64.124.8.156 - - [03/Apr/2025:18:00:28 -0400] "GET /anwalt/ HTTP/1.1" 404 1251 "-" "Mozilla/5.0 (compatible; ImagesiftBot; +imagesift.com)"
64.124.8.156 - - [03/Apr/2025:18:00:30 -0400] "GET /the-basics-of-football-betting/ HTTP/1.1" 404 1251 "-" "Mozilla/5.0 (compatible; ImagesiftBot; +imagesift.com)"
64.124.8.156 - - [03/Apr/2025:18:00:57 -0400] "GET /wp-json/wp/v2/posts/727 HTTP/1.1" 404 1251 "-" "Mozilla/5.0 (compatible; ImagesiftBot; +imagesift.com)"
64.124.8.156 - - [03/Apr/2025:18:01:17 -0400] "GET /armband-damen/ HTTP/1.1" 404 1251 "-" "Mozilla/5.0 (compatible; ImagesiftBot; +imagesift.com)"
64.124.8.156 - - [03/Apr/2025:18:01:42 -0400] "GET /wp-json/wp/v2/posts/1083 HTTP/1.1" 404 1251 "-" "Mozilla/5.0 (compatible; ImagesiftBot; +imagesift.com)"
64.124.8.156 - - [03/Apr/2025:18:01:44 -0400] "GET /videos-you-can-find-available-for-viewing-on-youtube/ HTTP/1.1" 404 1251 "-" "Mozilla/5.0 (compatible; ImagesiftBot; +imagesift.com)"
64.124.8.156 - - [03/Apr/2025:18:02:01 -0400] "GET /wp-json/wp/v2/posts/746 HTTP/1.1" 404 1251 "-" "Mozilla/5.0 (compatible; ImagesiftBot; +imagesift.com)"
64.124.8.156 - - [03/Apr/2025:18:02:04 -0400] "GET /wp-json/wp/v2/posts/1273 HTTP/1.1" 404 1251 "-" "Mozilla/5.0 (compatible; ImagesiftBot; +imagesift.com)"
64.124.8.156 - - [03/Apr/2025:18:02:15 -0400] "GET /wp-json/wp/v2/posts/245 HTTP/1.1" 404 1251 "-" "Mozilla/5.0 (compatible; ImagesiftBot; +imagesift.com)"
64.124.8.156 - - [03/Apr/2025:18:02:28 -0400] "GET /top-advertising-company-in-mumbai/ HTTP/1.1" 404 1251 "-" "Mozilla/5.0 (compatible; ImagesiftBot; +imagesift.com)"
64.124.8.156 - - [03/Apr/2025:18:02:46 -0400] "GET /wp-json/wp/v2/posts/264 HTTP/1.1" 404 1251 "-" "Mozilla/5.0 (compatible; ImagesiftBot; +imagesift.com)"
198.54.114.83 - - [03/Apr/2025:18:02:51 -0400] "POST /wp-cron.php?doing_wp_cron=1743717771.2360630035400390625000 HTTP/1.1" 200 0 "-" "WordPress/6.7.2; https://greatamericanball.com"
146.190.109.62 - - [03/Apr/2025:18:02:48 -0400] "POST /wp-login.php/wp-login.php HTTP/1.1" 200 1828 "-" "Mozilla"
198.54.114.83 - - [03/Apr/2025:18:02:52 -0400] "POST /wp-admin/admin-ajax.php?action=async_litespeed&nonce=rxXp8bSFDuOzqWvobIanfCjJWmbhjC5V&litespeed_type=imgoptm HTTP/1.1" 200 5 "-" "WordPress/6.7.2; https://greatamericanball.com"
64.124.8.156 - - [03/Apr/2025:18:03:05 -0400] "GET /wp-json/wp/v2/posts/1030 HTTP/1.1" 404 1251 "-" "Mozilla/5.0 (compatible; ImagesiftBot; +imagesift.com)"
64.124.8.156 - - [03/Apr/2025:18:03:23 -0400] "GET /unlocking-the-beauty-of-curls-melbournes-premier-curly-hair-salon/ HTTP/1.1" 404 1251 "-" "Mozilla/5.0 (compatible; ImagesiftBot; +imagesift.com)"
64.124.8.156 - - [03/Apr/2025:18:03:24 -0400] "GET /lawyer-hattingen-first-class-legal-solutions-made-in-germany/ HTTP/1.1" 404 1251 "-" "Mozilla/5.0 (compatible; ImagesiftBot; +imagesift.com)"
64.124.8.156 - - [03/Apr/2025:18:03:46 -0400] "GET /how-to-win-at-casino-slots-las-vegas-casino-slot-machine-tips/ HTTP/1.1" 404 1251 "-" "Mozilla/5.0 (compatible; ImagesiftBot; +imagesift.com)"
64.124.8.156 - - [03/Apr/2025:18:03:48 -0400] "GET /cbrn/ HTTP/1.1" 404 1251 "-" "Mozilla/5.0 (compatible; ImagesiftBot; +imagesift.com)"
64.124.8.156 - - [03/Apr/2025:18:04:02 -0400] "GET /wp-json/wp/v2/posts/1600 HTTP/1.1" 404 1251 "-" "Mozilla/5.0 (compatible; ImagesiftBot; +imagesift.com)"
64.124.8.156 - - [03/Apr/2025:18:04:10 -0400] "GET /liquid-silicone-molding/ HTTP/1.1" 404 1251 "-" "Mozilla/5.0 (compatible; ImagesiftBot; +imagesift.com)"
64.124.8.156 - - [03/Apr/2025:18:04:19 -0400] "GET /list-building-tips-how-to-increase-youtube-views-and-not-get-banned/ HTTP/1.1" 404 1251 "-" "Mozilla/5.0 (compatible; ImagesiftBot; +imagesift.com)"
64.124.8.156 - - [03/Apr/2025:18:04:27 -0400] "GET /michael-phelps-biggest-joke-of-an-athlete/ HTTP/1.1" 404 1251 "-" "Mozilla/5.0 (compatible; ImagesiftBot; +imagesift.com)"
64.124.8.156 - - [03/Apr/2025:18:04:36 -0400] "GET /wp-json/wp/v2/posts/1329 HTTP/1.1" 404 1251 "-" "Mozilla/5.0 (compatible; ImagesiftBot; +imagesift.com)"
64.124.8.156 - - [03/Apr/2025:18:04:41 -0400] "GET /wp-json/wp/v2/posts/418 HTTP/1.1" 404 1251 "-" "Mozilla/5.0 (compatible; ImagesiftBot; +imagesift.com)"
185.191.171.12 - - [03/Apr/2025:18:04:46 -0400] "GET /robots.txt HTTP/1.1" 304 0 "-" "Mozilla/5.0 (compatible; SemrushBot/7~bl; +http://www.semrush.com/bot.html)"
185.191.171.9 - - [03/Apr/2025:18:04:47 -0400] "GET /emergency-locksmith/ HTTP/1.1" 404 1251 "-" "Mozilla/5.0 (compatible; SemrushBot/7~bl; +http://www.semrush.com/bot.html)"
64.124.8.156 - - [03/Apr/2025:18:04:48 -0400] "GET /buy-watch-time-hours-youtube/ HTTP/1.1" 404 1251 "-" "Mozilla/5.0 (compatible; ImagesiftBot; +imagesift.com)"
64.124.8.156 - - [03/Apr/2025:18:04:54 -0400] "GET /wp-json/wp/v2/posts/437 HTTP/1.1" 404 1251 "-" "Mozilla/5.0 (compatible; ImagesiftBot; +imagesift.com)"
64.124.8.156 - - [03/Apr/2025:18:05:01 -0400] "GET /wp-json/wp/v2/posts/1488 HTTP/1.1" 404 1251 "-" "Mozilla/5.0 (compatible; ImagesiftBot; +imagesift.com)"
64.124.8.156 - - [03/Apr/2025:18:05:07 -0400] "GET /wp-json/wp/v2/posts/456 HTTP/1.1" 404 1251 "-" "Mozilla/5.0 (compatible; ImagesiftBot; +imagesift.com)"
64.124.8.156 - - [03/Apr/2025:18:05:12 -0400] "GET /types-of-conservatory-roofs/ HTTP/1.1" 404 1251 "-" "Mozilla/5.0 (compatible; ImagesiftBot; +imagesift.com)"
64.124.8.156 - - [03/Apr/2025:18:05:17 -0400] "GET /wp-json/wp/v2/posts/2462 HTTP/1.1" 404 1251 "-" "Mozilla/5.0 (compatible; ImagesiftBot; +imagesift.com)"
64.124.8.156 - - [03/Apr/2025:18:05:22 -0400] "GET /qualities-to-look-for-in-a-divorce-lawyer-in-nahariya/ HTTP/1.1" 404 1251 "-" "Mozilla/5.0 (compatible; ImagesiftBot; +imagesift.com)"
64.124.8.156 - - [03/Apr/2025:18:05:27 -0400] "GET /page/49/ HTTP/1.1" 404 1251 "-" "Mozilla/5.0 (compatible; ImagesiftBot; +imagesift.com)"
64.124.8.156 - - [03/Apr/2025:18:05:31 -0400] "GET /wp-json/wp/v2/posts/1625 HTTP/1.1" 404 1251 "-" "Mozilla/5.0 (compatible; ImagesiftBot; +imagesift.com)"
64.124.8.156 - - [03/Apr/2025:18:05:39 -0400] "GET /the-hill-one-north-condo-is-a-new-mixed-development-coming-up-along-slim-barracks-rise-in-district-5/ HTTP/1.1" 404 1251 "-" "Mozilla/5.0 (compatible; ImagesiftBot; +imagesift.com)"
64.124.8.156 - - [03/Apr/2025:18:05:45 -0400] "GET /so-reinigen-sie-angelaufenes-silber-erwecken-sie-den-glanz-von-angelaufenem-silber-wieder/ HTTP/1.1" 404 1251 "-" "Mozilla/5.0 (compatible; ImagesiftBot; +imagesift.com)"
64.124.8.156 - - [03/Apr/2025:18:05:51 -0400] "GET /conservatory-roof-replacement-cost/ HTTP/1.1" 404 1251 "-" "Mozilla/5.0 (compatible; ImagesiftBot; +imagesift.com)"
64.124.8.156 - - [03/Apr/2025:18:05:58 -0400] "GET /wp-json/wp/v2/posts/1002 HTTP/1.1" 404 1251 "-" "Mozilla/5.0 (compatible; ImagesiftBot; +imagesift.com)"
64.124.8.156 - - [03/Apr/2025:18:06:03 -0400] "GET /how-to-contact-honda-financial-customer-service/ HTTP/1.1" 404 1251 "-" "Mozilla/5.0 (compatible; ImagesiftBot; +imagesift.com)"
64.124.8.156 - - [03/Apr/2025:18:06:08 -0400] "GET /can-you-reach-the-right-market-with-youtube/ HTTP/1.1" 404 1251 "-" "Mozilla/5.0 (compatible; ImagesiftBot; +imagesift.com)"
