2a03:2880:f800:2:: - - [03/Apr/2025:13:04:48 -0400] "GET /what-is-a-balance-sheet-2/ HTTP/1.1" 404 1251 "-" "meta-externalagent/1.1 (+https://developers.facebook.com/docs/sharing/webmasters/crawler)"
84.54.44.204 - - [03/Apr/2025:13:09:25 -0400] "GET /where-to-buy-cbd-oil-in-the-uk/ HTTP/1.1" 404 1251 "https://greatamericanball.com/where-to-buy-cbd-oil-in-the-uk/" "Mozilla/5.0 (Windows NT 10.0; Win64; x64) AppleWebKit/537.36 (KHTML, like Gecko) Chrome/129.0.0.0 Safari/537.36"
84.54.44.204 - - [03/Apr/2025:13:09:26 -0400] "GET / HTTP/1.1" 200 156192 "https://greatamericanball.com/" "Mozilla/5.0 (Windows NT 10.0; Win64; x64) AppleWebKit/537.36 (KHTML, like Gecko) Chrome/129.0.0.0 Safari/537.36"
23.94.73.156 - - [03/Apr/2025:13:09:57 -0400] "GET / HTTP/1.1" 200 156192 "-" "Mozilla/5.0 (Windows NT 10.0; Win64; x64; rv:88.0) Gecko/20100101 Firefox/88.0"
54.86.177.224 - - [03/Apr/2025:13:13:39 -0400] "GET /unlocking-human-potential-the-role-of-an-hr-consultant/ HTTP/1.1" 404 1251 "-" "Grammarly/1.0 (http://www.grammarly.com)"
136.243.228.195 - - [03/Apr/2025:13:13:51 -0400] "GET /maximizing-real-estate-marketing-strategies-for-success/ HTTP/1.1" 404 1251 "-" "Mozilla/5.0 (compatible; DataForSeoBot/1.0; +https://dataforseo.com/dataforseo-bot)"
111.119.214.205 - - [03/Apr/2025:13:14:23 -0400] "GET /page/149/?69298_xml HTTP/1.1" 404 1251 "https://greatamericanball.com/page/149/?69298_xml" "Mozilla/5.0 (Windows NT 10.0; Win64; x64) AppleWebKit/537.36 (KHTML, like Gecko) Chrome/104.0.0.0 Safari/537.36"
52.167.144.157 - - [03/Apr/2025:13:14:26 -0400] "GET /establish-your-brand-awareness-with-organic-youtube-promotion/ HTTP/1.1" 404 1251 "-" "Mozilla/5.0 AppleWebKit/537.36 (KHTML, like Gecko; compatible; bingbot/2.0; +http://www.bing.com/bingbot.htm) Chrome/116.0.1938.76 Safari/537.36"
2a03:2880:f800:4:: - - [03/Apr/2025:13:14:53 -0400] "GET /british-aikido-board-national-nepotism-seminar-2004/ HTTP/1.1" 404 1251 "-" "meta-externalagent/1.1 (+https://developers.facebook.com/docs/sharing/webmasters/crawler)"
66.249.79.69 - - [03/Apr/2025:13:15:48 -0400] "GET / HTTP/1.1" 200 156192 "-" "Mozilla/5.0 (Linux; Android 6.0.1; Nexus 5X Build/MMB29P) AppleWebKit/537.36 (KHTML, like Gecko) Chrome/134.0.6998.165 Mobile Safari/537.36 (compatible; Googlebot/2.1; +http://www.google.com/bot.html)"
40.77.167.230 - - [03/Apr/2025:13:16:01 -0400] "GET /2023/07/20/ HTTP/1.1" 404 1251 "-" "Mozilla/5.0 AppleWebKit/537.36 (KHTML, like Gecko; compatible; bingbot/2.0; +http://www.bing.com/bingbot.htm) Chrome/116.0.1938.76 Safari/537.36"
188.166.234.225 - - [03/Apr/2025:13:16:42 -0400] "GET /wp-admin HTTP/1.1" 301 795 "-" "python-requests/2.31.0"
198.54.114.83 - - [03/Apr/2025:13:16:45 -0400] "POST /wp-cron.php?doing_wp_cron=1743700605.2939031124114990234375 HTTP/1.1" 200 0 "-" "WordPress/6.7.2; https://greatamericanball.com"
188.166.234.225 - - [03/Apr/2025:13:16:42 -0400] "GET /wp-admin/ HTTP/1.1" 302 0 "-" "python-requests/2.31.0"
188.166.234.225 - - [03/Apr/2025:13:16:46 -0400] "GET /wp-login.php?redirect_to=https%3A%2F%2Fgreatamericanball.com%2Fwp-admin%2F&reauth=1 HTTP/1.1" 200 1697 "-" "python-requests/2.31.0"
198.54.114.83 - - [03/Apr/2025:13:16:46 -0400] "POST /wp-admin/admin-ajax.php?action=async_litespeed&nonce=jY7x09gC623yp2rY9s1Ia3zkycFgXVEJ&litespeed_type=imgoptm HTTP/1.1" 200 5 "-" "WordPress/6.7.2; https://greatamericanball.com"
188.166.234.225 - - [03/Apr/2025:13:16:47 -0400] "GET /?cffaction=get_data_from_database&query=show%20tables HTTP/1.1" 200 156192 "-" "python-requests/2.31.0"
85.208.96.210 - - [03/Apr/2025:13:22:36 -0400] "GET /page/83/ HTTP/1.1" 404 1251 "-" "Mozilla/5.0 (compatible; SemrushBot/7~bl; +http://www.semrush.com/bot.html)"
66.249.79.75 - - [03/Apr/2025:13:23:46 -0400] "GET / HTTP/1.1" 200 156192 "-" "Mozilla/5.0 (compatible; Googlebot/2.1; +http://www.google.com/bot.html)"
66.249.79.74 - - [03/Apr/2025:13:23:47 -0400] "GET / HTTP/1.1" 200 156192 "-" "Mozilla/5.0 (Linux; Android 6.0.1; Nexus 5X Build/MMB29P) AppleWebKit/537.36 (KHTML, like Gecko) Chrome/99.0.4844.84 Mobile Safari/537.36 (compatible; Googlebot/2.1; +http://www.google.com/bot.html)"
66.249.79.76 - - [03/Apr/2025:13:23:48 -0400] "GET / HTTP/1.1" 200 156192 "-" "Mozilla/5.0 (compatible; Googlebot/2.1; +http://www.google.com/bot.html)"
66.249.79.76 - - [03/Apr/2025:13:23:49 -0400] "GET / HTTP/1.1" 200 156192 "-" "Mozilla/5.0 (Linux; Android 6.0.1; Nexus 5X Build/MMB29P) AppleWebKit/537.36 (KHTML, like Gecko) Chrome/99.0.4844.84 Mobile Safari/537.36 (compatible; Googlebot/2.1; +http://www.google.com/bot.html)"
66.249.79.75 - - [03/Apr/2025:13:24:15 -0400] "GET /favicon.ico HTTP/1.1" 404 1251 "-" "Googlebot-Image/1.0"
66.249.79.74 - - [03/Apr/2025:13:24:16 -0400] "GET /favicon.ico HTTP/1.1" 404 1251 "-" "Googlebot-Image/1.0"
4.227.36.80 - - [03/Apr/2025:13:25:54 -0400] "GET /robots.txt HTTP/1.1" 304 0 "-" "Mozilla/5.0 AppleWebKit/537.36 (KHTML, like Gecko; compatible; GPTBot/1.2; +https://openai.com/gptbot)"
198.54.114.83 - - [03/Apr/2025:13:33:03 -0400] "POST /wp-cron.php?doing_wp_cron=1743701583.4877719879150390625000 HTTP/1.1" 200 0 "-" "WordPress/6.7.2; https://greatamericanball.com"
54.254.137.198 - - [03/Apr/2025:13:33:00 -0400] "POST /wp-login.php HTTP/1.1" 200 1821 "-" "Mozlila/5.0 (Linux; Android 7.0; SM-G892A Bulid/NRD90M; wv) AppleWebKit/537.36 (KHTML, like Gecko) Version/4.0 Chrome/60.0.3112.107 Moblie Safari/537.36"
54.254.137.198 - - [03/Apr/2025:13:33:04 -0400] "GET /wp-admin/plugin-install.php?tab=upload HTTP/1.1" 302 0 "-" "Mozlila/5.0 (Linux; Android 7.0; SM-G892A Bulid/NRD90M; wv) AppleWebKit/537.36 (KHTML, like Gecko) Version/4.0 Chrome/60.0.3112.107 Moblie Safari/537.36"
198.54.114.83 - - [03/Apr/2025:13:33:04 -0400] "POST /wp-admin/admin-ajax.php?action=async_litespeed&nonce=JpQcXDGVnoN7qAofml7q3yBPHQbLCbdr&litespeed_type=imgoptm HTTP/1.1" 200 5 "-" "WordPress/6.7.2; https://greatamericanball.com"
54.254.137.198 - - [03/Apr/2025:13:33:05 -0400] "GET /wp-login.php?redirect_to=https%3A%2F%2Fgreatamericanball.com%2Fwp-admin%2Fplugin-install.php%3Ftab%3Dupload&reauth=1 HTTP/1.1" 200 1717 "-" "Mozlila/5.0 (Linux; Android 7.0; SM-G892A Bulid/NRD90M; wv) AppleWebKit/537.36 (KHTML, like Gecko) Version/4.0 Chrome/60.0.3112.107 Moblie Safari/537.36"
193.32.126.224 - - [03/Apr/2025:13:42:04 -0400] "GET /wp-login.php HTTP/1.1" 200 1697 "http://greatamericanball.com/wp-admin/" "Mozilla/5.0 (Windows NT 10.0; Win64; x64) AppleWebKit/537.36 (KHTML, like Gecko) Chrome/90.0.4430.85 Safari/537.36"
198.54.114.83 - - [03/Apr/2025:13:42:04 -0400] "POST /wp-admin/admin-ajax.php?action=async_litespeed&nonce=Zjk7i9l3zfvt9EKOA4W8oO18D2UOlT5M&litespeed_type=imgoptm HTTP/1.1" 200 0 "-" "WordPress/6.7.2; https://greatamericanball.com"
193.32.126.224 - - [03/Apr/2025:13:42:05 -0400] "POST /wp-login.php HTTP/1.1" 200 1821 "http://greatamericanball.com/wp-admin/" "Mozilla/5.0 (Windows NT 10.0; Win64; x64) AppleWebKit/537.36 (KHTML, like Gecko) Chrome/90.0.4430.85 Safari/537.36"
193.32.126.224 - - [03/Apr/2025:13:42:05 -0400] "GET /wp-admin/ HTTP/1.1" 302 0 "www.google.com" "Mozilla/5.0 (Windows NT 10.0; Win64; x64) AppleWebKit/537.36 (KHTML, like Gecko) Chrome/90.0.4430.85 Safari/537.36"
193.32.126.224 - - [03/Apr/2025:13:42:06 -0400] "GET /wp-login.php?redirect_to=https%3A%2F%2Fgreatamericanball.com%2Fwp-admin%2F&reauth=1 HTTP/1.1" 200 1697 "www.google.com" "Mozilla/5.0 (Windows NT 10.0; Win64; x64) AppleWebKit/537.36 (KHTML, like Gecko) Chrome/90.0.4430.85 Safari/537.36"
52.167.144.147 - - [03/Apr/2025:13:48:24 -0400] "GET /instant-access-gpu/ HTTP/1.1" 404 1251 "-" "Mozilla/5.0 AppleWebKit/537.36 (KHTML, like Gecko; compatible; bingbot/2.0; +http://www.bing.com/bingbot.htm) Chrome/116.0.1938.76 Safari/537.36"
91.142.73.116 - - [03/Apr/2025:13:54:13 -0400] "GET /where-to-buy-cbd-oil-in-the-uk/ HTTP/1.1" 404 1251 "https://greatamericanball.com/where-to-buy-cbd-oil-in-the-uk/#comment-13117/" "Mozilla/5.0 (Windows NT 10.0; Win64; x64) AppleWebKit/537.36 (KHTML, like Gecko) Chrome/129.0.0.0 Safari/537.36"
91.142.73.116 - - [03/Apr/2025:13:54:14 -0400] "GET / HTTP/1.1" 200 156192 "https://greatamericanball.com/" "Mozilla/5.0 (Windows NT 10.0; Win64; x64) AppleWebKit/537.36 (KHTML, like Gecko) Chrome/129.0.0.0 Safari/537.36"
91.142.73.116 - - [03/Apr/2025:13:54:15 -0400] "GET /where-to-buy-cbd-oil-in-the-uk/ HTTP/1.1" 404 1251 "https://greatamericanball.com/where-to-buy-cbd-oil-in-the-uk/#comment-13117/" "Mozilla/5.0 (Windows NT 10.0; Win64; x64) AppleWebKit/537.36 (KHTML, like Gecko) Chrome/131.0.0.0 Safari/537.36 Avast/131.0.0.0"
91.142.73.116 - - [03/Apr/2025:13:54:16 -0400] "GET / HTTP/1.1" 200 156192 "https://greatamericanball.com/" "Mozilla/5.0 (Windows NT 10.0; Win64; x64) AppleWebKit/537.36 (KHTML, like Gecko) Chrome/131.0.0.0 Safari/537.36 Avast/131.0.0.0"
5.102.173.71 - - [03/Apr/2025:13:56:22 -0400] "GET /2024/10/05/ HTTP/1.1" 404 1251 "-" "Mozilla/5.0 (compatible; MojeekBot/0.11; +https://www.mojeek.com/bot.html)"
45.157.54.87 - - [03/Apr/2025:13:59:08 -0400] "GET /wp-content/plugins/HelloDollyV2/hello_dolly_v2.php HTTP/1.1" 404 1251 "-" "Mozilla/5.0 (Windows NT 10.0; Win64; x64) AppleWebKit/537.36 (KHTML, like Gecko) Chrome/127.0.0.0 Safari/537.36"
185.191.171.9 - - [03/Apr/2025:13:59:35 -0400] "GET /unlocking-wellness-exploring-dubais-osteopathy-scene/ HTTP/1.1" 404 1251 "-" "Mozilla/5.0 (compatible; SemrushBot/7~bl; +http://www.semrush.com/bot.html)"
185.191.171.15 - - [03/Apr/2025:14:03:45 -0400] "GET /romantische-kulissen-am-gardasee/ HTTP/1.1" 404 1251 "-" "Mozilla/5.0 (compatible; SemrushBot/7~bl; +http://www.semrush.com/bot.html)"
85.208.96.205 - - [03/Apr/2025:14:04:43 -0400] "GET /indianapolis-move-out-cleaning/ HTTP/1.1" 404 1251 "-" "Mozilla/5.0 (compatible; SemrushBot/7~bl; +http://www.semrush.com/bot.html)"
5.102.173.71 - - [03/Apr/2025:14:06:47 -0400] "GET /effiziente-unternehmensauflosungen-in-luneburg/ HTTP/1.1" 404 1251 "-" "Mozilla/5.0 (compatible; MojeekBot/0.11; +https://www.mojeek.com/bot.html)"
195.2.84.178 - - [03/Apr/2025:14:07:04 -0400] "GET /where-to-buy-cbd-oil-in-the-uk/ HTTP/1.1" 404 1251 "https://greatamericanball.com/where-to-buy-cbd-oil-in-the-uk/" "Mozilla/5.0 (Windows NT 10.0; Win64; x64) AppleWebKit/537.36 (KHTML, like Gecko) Chrome/131.0.0.0 Safari/537.36 Avast/131.0.0.0"
195.2.84.178 - - [03/Apr/2025:14:07:05 -0400] "GET / HTTP/1.1" 200 156192 "https://greatamericanball.com/" "Mozilla/5.0 (Windows NT 10.0; Win64; x64) AppleWebKit/537.36 (KHTML, like Gecko) Chrome/131.0.0.0 Safari/537.36 Avast/131.0.0.0"
195.2.84.178 - - [03/Apr/2025:14:07:05 -0400] "GET /where-to-buy-cbd-oil-in-the-uk/ HTTP/1.1" 404 1251 "https://greatamericanball.com/where-to-buy-cbd-oil-in-the-uk/" "Mozilla/5.0 (Windows NT 10.0; Win64; x64) AppleWebKit/537.36 (KHTML, like Gecko) Chrome/131.0.0.0 Safari/537.36"
195.2.84.178 - - [03/Apr/2025:14:07:06 -0400] "GET / HTTP/1.1" 200 156192 "https://greatamericanball.com/" "Mozilla/5.0 (Windows NT 10.0; Win64; x64) AppleWebKit/537.36 (KHTML, like Gecko) Chrome/131.0.0.0 Safari/537.36"
5.102.173.71 - - [03/Apr/2025:14:16:43 -0400] "GET /robots.txt HTTP/1.1" 304 0 "-" "Mozilla/5.0 (compatible; MojeekBot/0.11; +https://www.mojeek.com/bot.html)"
5.102.173.71 - - [03/Apr/2025:14:16:45 -0400] "GET /exploring-the-anyone-protocol-staking-dashboard/ HTTP/1.1" 404 1251 "-" "Mozilla/5.0 (compatible; MojeekBot/0.11; +https://www.mojeek.com/bot.html)"
2a03:2880:f800:2:: - - [03/Apr/2025:14:19:58 -0400] "GET /buy-youtube-views-in-the-cheapest-price/ HTTP/1.1" 404 1251 "-" "meta-externalagent/1.1 (+https://developers.facebook.com/docs/sharing/webmasters/crawler)"
198.54.114.83 - - [03/Apr/2025:14:22:11 -0400] "POST /wp-cron.php?doing_wp_cron=1743704530.8238530158996582031250 HTTP/1.1" 200 0 "-" "WordPress/6.7.2; https://greatamericanball.com"
54.254.137.198 - - [03/Apr/2025:14:22:06 -0400] "POST /wp-login.php HTTP/1.1" 200 1821 "-" "Mozlila/5.0 (Linux; Android 7.0; SM-G892A Bulid/NRD90M; wv) AppleWebKit/537.36 (KHTML, like Gecko) Version/4.0 Chrome/60.0.3112.107 Moblie Safari/537.36"
54.254.137.198 - - [03/Apr/2025:14:22:11 -0400] "GET /wp-admin/plugin-install.php?tab=upload HTTP/1.1" 302 0 "-" "Mozlila/5.0 (Linux; Android 7.0; SM-G892A Bulid/NRD90M; wv) AppleWebKit/537.36 (KHTML, like Gecko) Version/4.0 Chrome/60.0.3112.107 Moblie Safari/537.36"
198.54.114.83 - - [03/Apr/2025:14:22:12 -0400] "POST /wp-admin/admin-ajax.php?action=async_litespeed&nonce=71qSUFHcfCvyMk04vEcJ8lamy6mq7oT9&litespeed_type=imgoptm HTTP/1.1" 200 0 "-" "WordPress/6.7.2; https://greatamericanball.com"
54.254.137.198 - - [03/Apr/2025:14:22:13 -0400] "GET /wp-login.php?redirect_to=https%3A%2F%2Fgreatamericanball.com%2Fwp-admin%2Fplugin-install.php%3Ftab%3Dupload&reauth=1 HTTP/1.1" 200 1717 "-" "Mozlila/5.0 (Linux; Android 7.0; SM-G892A Bulid/NRD90M; wv) AppleWebKit/537.36 (KHTML, like Gecko) Version/4.0 Chrome/60.0.3112.107 Moblie Safari/537.36"
198.54.114.83 - - [03/Apr/2025:14:23:01 -0400] "POST /wp-cron.php?doing_wp_cron=1743704580.6951699256896972656250 HTTP/1.1" 200 0 "-" "WordPress/6.7.2; https://greatamericanball.com"
2.57.215.181 - - [03/Apr/2025:14:23:00 -0400] "POST /wp-login.php/wp-login.php HTTP/1.1" 200 1853 "-" "python-requests/2.32.3"
198.54.114.83 - - [03/Apr/2025:14:23:02 -0400] "POST /wp-admin/admin-ajax.php?action=async_litespeed&nonce=x96ptpaoI0hpFNiLhLKUSS3tdMxxX0Pt&litespeed_type=imgoptm HTTP/1.1" 200 0 "-" "WordPress/6.7.2; https://greatamericanball.com"
198.54.114.83 - - [03/Apr/2025:14:28:36 -0400] "POST /wp-cron.php?doing_wp_cron=1743704915.4960610866546630859375 HTTP/1.1" 200 0 "-" "WordPress/6.7.2; https://greatamericanball.com"
196.251.87.2 - - [03/Apr/2025:14:28:31 -0400] "POST /wp-login.php?wc-ajax=1 HTTP/1.1" 200 1846 "https://greatamericanball.com/wp-admin/" "Mozilla/5.0 (Windows NT 10.0; Win64; x64) AppleWebKit/537.36 (KHTML, like Gecko) Chrome/90.0.4430.85 Safari/537.36"
196.251.87.2 - - [03/Apr/2025:14:28:36 -0400] "GET /wp-admin/?wc-ajax=1 HTTP/1.1" 302 0 "www.google.com" "Mozilla/5.0 (Windows NT 10.0; Win64; x64) AppleWebKit/537.36 (KHTML, like Gecko) Chrome/90.0.4430.85 Safari/537.36"
198.54.114.83 - - [03/Apr/2025:14:28:37 -0400] "POST /wp-admin/admin-ajax.php?action=async_litespeed&nonce=fDPBQsWgFHDSHFaSiT1cCBPxG5YkDyrp&litespeed_type=imgoptm HTTP/1.1" 200 5 "-" "WordPress/6.7.2; https://greatamericanball.com"
196.251.87.2 - - [03/Apr/2025:14:28:38 -0400] "GET /wp-login.php?redirect_to=https%3A%2F%2Fgreatamericanball.com%2Fwp-admin%2F%3Fwc-ajax%3D1&reauth=1 HTTP/1.1" 200 1703 "www.google.com" "Mozilla/5.0 (Windows NT 10.0; Win64; x64) AppleWebKit/537.36 (KHTML, like Gecko) Chrome/90.0.4430.85 Safari/537.36"
17.241.227.60 - - [03/Apr/2025:14:31:45 -0400] "GET /robots.txt HTTP/1.1" 304 0 "-" "Mozilla/5.0 (Macintosh; Intel Mac OS X 10_15_7) AppleWebKit/605.1.15 (KHTML, like Gecko) Version/17.4 Safari/605.1.15 (Applebot/0.1; +http://www.apple.com/go/applebot)"
17.241.227.60 - - [03/Apr/2025:14:31:47 -0400] "GET /favicon.ico HTTP/1.1" 404 1251 "-" "Mozilla/5.0 (Macintosh; Intel Mac OS X 10_15_7) AppleWebKit/605.1.15 (KHTML, like Gecko) Version/17.4 Safari/605.1.15 (Applebot/0.1; +http://www.apple.com/go/applebot)"
198.54.114.83 - - [03/Apr/2025:14:35:45 -0400] "POST /wp-cron.php?doing_wp_cron=1743705344.0946478843688964843750 HTTP/1.1" 200 0 "-" "WordPress/6.7.2; https://greatamericanball.com"
159.242.234.201 - - [03/Apr/2025:14:35:39 -0400] "POST /wp-login.php HTTP/1.1" 200 1822 "-" "python-requests/2.28.2"
84.54.44.204 - - [03/Apr/2025:14:39:05 -0400] "GET /where-to-buy-cbd-oil-in-the-uk/ HTTP/1.1" 404 1251 "https://greatamericanball.com/where-to-buy-cbd-oil-in-the-uk/" "Mozilla/5.0 (Windows NT 10.0; Win64; x64) AppleWebKit/537.36 (KHTML, like Gecko) Chrome/130.0.0.0 Safari/537.36"
84.54.44.204 - - [03/Apr/2025:14:39:06 -0400] "GET / HTTP/1.1" 200 156192 "https://greatamericanball.com/" "Mozilla/5.0 (Windows NT 10.0; Win64; x64) AppleWebKit/537.36 (KHTML, like Gecko) Chrome/130.0.0.0 Safari/537.36"
18.130.12.89 - - [03/Apr/2025:14:44:18 -0400] "GET /uploaded_script.php HTTP/1.1" 404 1251 "www.google.com" "Mozilla/5.0 (Linux; Android 7.0; SM-G892A Build/NRD90M; wv) AppleWebKit/537.36 (KHTML, like Gecko) Version/4.0 Chrome/60.0.3112.107 Mobile Safari/537.36"
2600:1900:0:3d00::1 - - [03/Apr/2025:14:45:16 -0400] "GET /robots.txt HTTP/1.1" 304 0 "-" "Mozilla/5.0 AppleWebKit/537.36 (KHTML, like Gecko; compatible; web_fetcher/1.0)"
2600:1900:0:3d00::1 - - [03/Apr/2025:14:45:17 -0400] "GET /der-rechtsanwalt-ein-wachter-der-gerechtigkeit HTTP/1.1" 404 1251 "-" "Mozilla/5.0 AppleWebKit/537.36 (KHTML, like Gecko; compatible; web_fetcher/1.0)"
198.54.114.83 - - [03/Apr/2025:14:51:50 -0400] "POST /wp-cron.php?doing_wp_cron=1743706310.3476269245147705078125 HTTP/1.1" 200 0 "-" "WordPress/6.7.2; https://greatamericanball.com"
2604:a880:4:1d0::77b8:3000 - - [03/Apr/2025:14:51:45 -0400] "POST /wp-login.php HTTP/1.1" 200 1821 "https://greatamericanball.com/wp-admin/" "Mozilla/5.0 (Windows NT 10.0; Win64; x64) AppleWebKit/537.36 (KHTML, like Gecko) Chrome/90.0.4430.85 Safari/537.36"
198.54.114.83 - - [03/Apr/2025:14:51:51 -0400] "POST /wp-admin/admin-ajax.php?action=async_litespeed&nonce=iMg4pUpBkRqEVqPXsLAPARxCcnZloJvc&litespeed_type=imgoptm HTTP/1.1" 200 0 "-" "WordPress/6.7.2; https://greatamericanball.com"
40.77.167.158 - - [03/Apr/2025:14:57:21 -0400] "GET /gitarrenlehrer-essen/ HTTP/1.1" 404 1251 "-" "Mozilla/5.0 AppleWebKit/537.36 (KHTML, like Gecko; compatible; bingbot/2.0; +http://www.bing.com/bingbot.htm) Chrome/116.0.1938.76 Safari/537.36"
64.124.8.156 - - [03/Apr/2025:14:59:27 -0400] "GET /lake-garda-wedding-planners/ HTTP/1.1" 404 1251 "-" "Mozilla/5.0 (compatible; ImagesiftBot; +imagesift.com)"
64.124.8.156 - - [03/Apr/2025:14:59:36 -0400] "GET /wp-json/wp/v2/posts/1619 HTTP/1.1" 404 1251 "-" "Mozilla/5.0 (compatible; ImagesiftBot; +imagesift.com)"
64.124.8.156 - - [03/Apr/2025:15:00:17 -0400] "GET /wp-json/wp/v2/posts/840 HTTP/1.1" 404 1251 "-" "Mozilla/5.0 (compatible; ImagesiftBot; +imagesift.com)"
64.124.8.156 - - [03/Apr/2025:15:00:26 -0400] "GET /wp-json/wp/v2/posts/485 HTTP/1.1" 404 1251 "-" "Mozilla/5.0 (compatible; ImagesiftBot; +imagesift.com)"
64.124.8.156 - - [03/Apr/2025:15:00:28 -0400] "GET /buy-custom-youtube-comments-to-boost-your-youtube-profile/ HTTP/1.1" 404 1251 "-" "Mozilla/5.0 (compatible; ImagesiftBot; +imagesift.com)"
64.124.8.156 - - [03/Apr/2025:15:00:33 -0400] "GET /wp-json/wp/v2/posts/1345 HTTP/1.1" 404 1251 "-" "Mozilla/5.0 (compatible; ImagesiftBot; +imagesift.com)"
64.124.8.156 - - [03/Apr/2025:15:00:39 -0400] "GET /cheapest-smm-panel-5-reputable-smm-reseller-panels/ HTTP/1.1" 404 1251 "-" "Mozilla/5.0 (compatible; ImagesiftBot; +imagesift.com)"
64.124.8.156 - - [03/Apr/2025:15:00:51 -0400] "GET /free-sports-tv/ HTTP/1.1" 404 1251 "-" "Mozilla/5.0 (compatible; ImagesiftBot; +imagesift.com)"
47.82.34.15 - - [03/Apr/2025:15:00:53 -0400] "GET / HTTP/1.1" 200 156192 "https://www.google.com/" "Mozilla/5.0 (Linux; Android 10; K) AppleWebKit/537.36 (KHTML, like Gecko) Chrome/132.0.0.0 Mobile Safari/537.36"
64.124.8.156 - - [03/Apr/2025:15:00:58 -0400] "GET /how-to-safely-use-a-mandoline-slicer/ HTTP/1.1" 404 1251 "-" "Mozilla/5.0 (compatible; ImagesiftBot; +imagesift.com)"
64.124.8.156 - - [03/Apr/2025:15:01:00 -0400] "GET /wp-json/wp/v2/posts/1694 HTTP/1.1" 404 1251 "-" "Mozilla/5.0 (compatible; ImagesiftBot; +imagesift.com)"
64.124.8.156 - - [03/Apr/2025:15:01:23 -0400] "GET /the-benefits-of-double-glazing-nath/ HTTP/1.1" 404 1251 "-" "Mozilla/5.0 (compatible; ImagesiftBot; +imagesift.com)"
64.124.8.156 - - [03/Apr/2025:15:01:27 -0400] "GET /wp-json/wp/v2/posts/1261 HTTP/1.1" 404 1251 "-" "Mozilla/5.0 (compatible; ImagesiftBot; +imagesift.com)"
64.124.8.156 - - [03/Apr/2025:15:01:28 -0400] "GET /wp-json/wp/v2/posts/119 HTTP/1.1" 404 1251 "-" "Mozilla/5.0 (compatible; ImagesiftBot; +imagesift.com)"
64.124.8.156 - - [03/Apr/2025:15:01:34 -0400] "GET /revolutionizing-energy-storage-with-graphene-batteries/ HTTP/1.1" 404 1251 "-" "Mozilla/5.0 (compatible; ImagesiftBot; +imagesift.com)"
64.124.8.156 - - [03/Apr/2025:15:01:44 -0400] "GET /leather-gifts-for-all-occasions/ HTTP/1.1" 404 1251 "-" "Mozilla/5.0 (compatible; ImagesiftBot; +imagesift.com)"
64.124.8.156 - - [03/Apr/2025:15:01:46 -0400] "GET /wp-json/wp/v2/posts/677 HTTP/1.1" 404 1251 "-" "Mozilla/5.0 (compatible; ImagesiftBot; +imagesift.com)"
64.124.8.156 - - [03/Apr/2025:15:01:48 -0400] "GET /unraveling-the-mysteries-behind-tiktok-views/ HTTP/1.1" 404 1251 "-" "Mozilla/5.0 (compatible; ImagesiftBot; +imagesift.com)"
64.124.8.156 - - [03/Apr/2025:15:01:49 -0400] "GET /category/activity/page/5/ HTTP/1.1" 404 1251 "-" "Mozilla/5.0 (compatible; ImagesiftBot; +imagesift.com)"
64.124.8.156 - - [03/Apr/2025:15:01:51 -0400] "GET /wp-json/wp/v2/posts/696 HTTP/1.1" 404 1251 "-" "Mozilla/5.0 (compatible; ImagesiftBot; +imagesift.com)"
64.124.8.156 - - [03/Apr/2025:15:01:55 -0400] "GET /the-ultimate-ecommerce-web-designers-trick/ HTTP/1.1" 404 1251 "-" "Mozilla/5.0 (compatible; ImagesiftBot; +imagesift.com)"
64.124.8.156 - - [03/Apr/2025:15:01:57 -0400] "GET /wp-json/wp/v2/posts/531 HTTP/1.1" 404 1251 "-" "Mozilla/5.0 (compatible; ImagesiftBot; +imagesift.com)"
64.124.8.156 - - [03/Apr/2025:15:02:07 -0400] "GET /floor-standing-fan-a-quick-simple-and-inexpensive-cooling-alternative/ HTTP/1.1" 404 1251 "-" "Mozilla/5.0 (compatible; ImagesiftBot; +imagesift.com)"
52.206.84.190 - - [03/Apr/2025:15:02:09 -0400] "GET / HTTP/1.1" 200 156192 "-" "Mozilla/5.0 (compatible; SurdotlyBot/1.0; +http://sur.ly/bot.html)"
64.124.8.156 - - [03/Apr/2025:15:02:17 -0400] "GET /wp-json/wp/v2/posts/550 HTTP/1.1" 404 1251 "-" "Mozilla/5.0 (compatible; ImagesiftBot; +imagesift.com)"
64.124.8.156 - - [03/Apr/2025:15:02:19 -0400] "GET /wp-json/wp/v2/posts/1990 HTTP/1.1" 404 1251 "-" "Mozilla/5.0 (compatible; ImagesiftBot; +imagesift.com)"
64.124.8.156 - - [03/Apr/2025:15:02:22 -0400] "GET /what-is-a-lawyer/ HTTP/1.1" 404 1251 "-" "Mozilla/5.0 (compatible; ImagesiftBot; +imagesift.com)"
64.124.8.156 - - [03/Apr/2025:15:02:24 -0400] "GET /steuerberater-hattingen-your-trusted-partner/ HTTP/1.1" 404 1251 "-" "Mozilla/5.0 (compatible; ImagesiftBot; +imagesift.com)"
64.124.8.156 - - [03/Apr/2025:15:02:28 -0400] "GET /agencia-de-marketing-digital-precios/ HTTP/1.1" 404 0 "-" "Mozilla/5.0 (compatible; ImagesiftBot; +imagesift.com)"
64.124.8.156 - - [03/Apr/2025:15:02:29 -0400] "GET /wp-json/wp/v2/posts/1317 HTTP/1.1" 404 1251 "-" "Mozilla/5.0 (compatible; ImagesiftBot; +imagesift.com)"
64.124.8.156 - - [03/Apr/2025:15:02:32 -0400] "GET /video-editor-sdk/ HTTP/1.1" 404 1251 "-" "Mozilla/5.0 (compatible; ImagesiftBot; +imagesift.com)"
64.124.8.156 - - [03/Apr/2025:15:02:42 -0400] "GET /wp-json/wp/v2/posts/1476 HTTP/1.1" 404 1251 "-" "Mozilla/5.0 (compatible; ImagesiftBot; +imagesift.com)"
64.124.8.156 - - [03/Apr/2025:15:02:45 -0400] "GET /unlocking-the-nutritional-benefits-of-talbina-powder/ HTTP/1.1" 404 1251 "-" "Mozilla/5.0 (compatible; ImagesiftBot; +imagesift.com)"
64.124.8.156 - - [03/Apr/2025:15:02:49 -0400] "GET /page/72/ HTTP/1.1" 404 1251 "-" "Mozilla/5.0 (compatible; ImagesiftBot; +imagesift.com)"
64.124.8.156 - - [03/Apr/2025:15:02:51 -0400] "GET /fenbendazole-for-humans/ HTTP/1.1" 404 1251 "-" "Mozilla/5.0 (compatible; ImagesiftBot; +imagesift.com)"
64.124.8.156 - - [03/Apr/2025:15:02:53 -0400] "GET /wp-json/wp/v2/posts/888 HTTP/1.1" 404 1251 "-" "Mozilla/5.0 (compatible; ImagesiftBot; +imagesift.com)"
64.124.8.156 - - [03/Apr/2025:15:02:55 -0400] "GET /wp-json/wp/v2/posts/723 HTTP/1.1" 404 1251 "-" "Mozilla/5.0 (compatible; ImagesiftBot; +imagesift.com)"
64.124.8.156 - - [03/Apr/2025:15:02:58 -0400] "GET /traditional-and-natural-cancer-treatment-options/ HTTP/1.1" 404 1251 "-" "Mozilla/5.0 (compatible; ImagesiftBot; +imagesift.com)"
64.124.8.156 - - [03/Apr/2025:15:02:59 -0400] "GET /wp-json/wp/v2/posts/222 HTTP/1.1" 404 1251 "-" "Mozilla/5.0 (compatible; ImagesiftBot; +imagesift.com)"
64.124.8.156 - - [03/Apr/2025:15:03:01 -0400] "GET /wp-json/wp/v2/posts/761 HTTP/1.1" 404 1251 "-" "Mozilla/5.0 (compatible; ImagesiftBot; +imagesift.com)"
64.124.8.156 - - [03/Apr/2025:15:03:04 -0400] "GET /deciphering-betting-odds-a-comprehensive-guide-to-understanding-wagering-probability/ HTTP/1.1" 404 1251 "-" "Mozilla/5.0 (compatible; ImagesiftBot; +imagesift.com)"
64.124.8.156 - - [03/Apr/2025:15:03:06 -0400] "GET /custom-grip-socks/ HTTP/1.1" 404 1251 "-" "Mozilla/5.0 (compatible; ImagesiftBot; +imagesift.com)"
64.124.8.156 - - [03/Apr/2025:15:03:08 -0400] "GET /how-to-watch-free-sports-tv-online-if-you-dont-have-cable/ HTTP/1.1" 404 1251 "-" "Mozilla/5.0 (compatible; ImagesiftBot; +imagesift.com)"
64.124.8.156 - - [03/Apr/2025:15:03:11 -0400] "GET /patere-miroir/ HTTP/1.1" 404 1251 "-" "Mozilla/5.0 (compatible; ImagesiftBot; +imagesift.com)"
64.124.8.156 - - [03/Apr/2025:15:03:12 -0400] "GET /wp-json/wp/v2/posts/260 HTTP/1.1" 404 1251 "-" "Mozilla/5.0 (compatible; ImagesiftBot; +imagesift.com)"
64.124.8.156 - - [03/Apr/2025:15:03:15 -0400] "GET /wp-json/wp/v2/posts/1582 HTTP/1.1" 404 1251 "-" "Mozilla/5.0 (compatible; ImagesiftBot; +imagesift.com)"
64.124.8.156 - - [03/Apr/2025:15:03:16 -0400] "GET /antitumor-effects-of-fenbendazole/ HTTP/1.1" 404 1251 "-" "Mozilla/5.0 (compatible; ImagesiftBot; +imagesift.com)"
64.124.8.156 - - [03/Apr/2025:15:03:22 -0400] "GET /sports-gambling/ HTTP/1.1" 404 1251 "-" "Mozilla/5.0 (compatible; ImagesiftBot; +imagesift.com)"
64.124.8.156 - - [03/Apr/2025:15:03:24 -0400] "GET /page/40/ HTTP/1.1" 404 1251 "-" "Mozilla/5.0 (compatible; ImagesiftBot; +imagesift.com)"
64.124.8.156 - - [03/Apr/2025:15:03:27 -0400] "GET /which-are-the-best-bagless-vacuum-cleaners/ HTTP/1.1" 404 1251 "-" "Mozilla/5.0 (compatible; ImagesiftBot; +imagesift.com)"
64.124.8.156 - - [03/Apr/2025:15:03:28 -0400] "GET /cbd-business-ideas-powerful-strategies-for-beginners/ HTTP/1.1" 404 1251 "-" "Mozilla/5.0 (compatible; ImagesiftBot; +imagesift.com)"
64.124.8.156 - - [03/Apr/2025:15:03:30 -0400] "GET /joe-tippens-protocol-does-it-really-work/ HTTP/1.1" 404 1251 "-" "Mozilla/5.0 (compatible; ImagesiftBot; +imagesift.com)"
64.124.8.156 - - [03/Apr/2025:15:03:31 -0400] "GET /category/activity/page/38/ HTTP/1.1" 404 1251 "-" "Mozilla/5.0 (compatible; ImagesiftBot; +imagesift.com)"
64.124.8.156 - - [03/Apr/2025:15:03:33 -0400] "GET /a-potent-solution-for-parasitic-infections/ HTTP/1.1" 404 1251 "-" "Mozilla/5.0 (compatible; ImagesiftBot; +imagesift.com)"
64.124.8.156 - - [03/Apr/2025:15:03:35 -0400] "GET /exploring-the-benefits-of-part-time-employment/ HTTP/1.1" 404 1251 "-" "Mozilla/5.0 (compatible; ImagesiftBot; +imagesift.com)"
64.124.8.156 - - [03/Apr/2025:15:03:37 -0400] "GET /credit-professional-services/ HTTP/1.1" 404 1251 "-" "Mozilla/5.0 (compatible; ImagesiftBot; +imagesift.com)"
64.124.8.156 - - [03/Apr/2025:15:03:39 -0400] "GET /jewelry-retouching-service/ HTTP/1.1" 404 1251 "-" "Mozilla/5.0 (compatible; ImagesiftBot; +imagesift.com)"
64.124.8.156 - - [03/Apr/2025:15:03:41 -0400] "GET /wp-json/wp/v2/posts/414 HTTP/1.1" 404 1251 "-" "Mozilla/5.0 (compatible; ImagesiftBot; +imagesift.com)"
64.124.8.156 - - [03/Apr/2025:15:03:50 -0400] "GET /wp-json/wp/v2/posts/598 HTTP/1.1" 404 1251 "-" "Mozilla/5.0 (compatible; ImagesiftBot; +imagesift.com)"
64.124.8.156 - - [03/Apr/2025:15:03:55 -0400] "GET /wp-json/wp/v2/posts/1258 HTTP/1.1" 404 1251 "-" "Mozilla/5.0 (compatible; ImagesiftBot; +imagesift.com)"
64.124.8.156 - - [03/Apr/2025:15:04:01 -0400] "GET /the-power-and-precision-of-commercial-pressure-washing/ HTTP/1.1" 404 1251 "-" "Mozilla/5.0 (compatible; ImagesiftBot; +imagesift.com)"
2a03:2880:f800:a:: - - [03/Apr/2025:15:04:02 -0400] "GET /are-car-batteries-different-from-boat-batteries/ HTTP/1.1" 404 1251 "-" "meta-externalagent/1.1 (+https://developers.facebook.com/docs/sharing/webmasters/crawler)"
64.124.8.156 - - [03/Apr/2025:15:04:03 -0400] "GET /rv-refrigerator-parts-maintenance/ HTTP/1.1" 404 1251 "-" "Mozilla/5.0 (compatible; ImagesiftBot; +imagesift.com)"
64.124.8.156 - - [03/Apr/2025:15:04:11 -0400] "GET /category/activity/page/39/ HTTP/1.1" 404 1251 "-" "Mozilla/5.0 (compatible; ImagesiftBot; +imagesift.com)"
185.191.171.16 - - [03/Apr/2025:15:04:21 -0400] "GET /elevating-exhibition-stands-the-power-of-games/ HTTP/1.1" 404 1251 "-" "Mozilla/5.0 (compatible; SemrushBot/7~bl; +http://www.semrush.com/bot.html)"
64.124.8.156 - - [03/Apr/2025:15:04:28 -0400] "GET /page/2/ HTTP/1.1" 404 1251 "-" "Mozilla/5.0 (compatible; ImagesiftBot; +imagesift.com)"
64.124.8.156 - - [03/Apr/2025:15:04:31 -0400] "GET /wp-json/wp/v2/posts/1638 HTTP/1.1" 404 1251 "-" "Mozilla/5.0 (compatible; ImagesiftBot; +imagesift.com)"
64.124.8.156 - - [03/Apr/2025:15:04:37 -0400] "GET /michael-kors/ HTTP/1.1" 404 1251 "-" "Mozilla/5.0 (compatible; ImagesiftBot; +imagesift.com)"
64.124.8.156 - - [03/Apr/2025:15:04:40 -0400] "GET /wp-json/wp/v2/posts/490 HTTP/1.1" 404 1251 "-" "Mozilla/5.0 (compatible; ImagesiftBot; +imagesift.com)"
64.124.8.156 - - [03/Apr/2025:15:04:42 -0400] "GET /discovering-the-elegance-of-perfect-ten-showflat/ HTTP/1.1" 404 1251 "-" "Mozilla/5.0 (compatible; ImagesiftBot; +imagesift.com)"
64.124.8.156 - - [03/Apr/2025:15:04:50 -0400] "GET /%E0%B9%82%E0%B8%A5%E0%B8%81%E0%B8%97%E0%B8%B5%E0%B9%88%E0%B8%99%E0%B9%88%E0%B8%B2%E0%B8%95%E0%B8%B7%E0%B9%88%E0%B8%99%E0%B9%80%E0%B8%95%E0%B9%89%E0%B8%99%E0%B8%82%E0%B8%AD%E0%B8%87%E0%B8%AA%E0%B8%A5/ HTTP/1.1" 404 1251 "-" "Mozilla/5.0 (compatible; ImagesiftBot; +imagesift.com)"
64.124.8.156 - - [03/Apr/2025:15:06:26 -0400] "GET /unlocking-youtube-success-5-proven-strategies-to-get-more-subscribers/ HTTP/1.1" 404 1251 "-" "Mozilla/5.0 (compatible; ImagesiftBot; +imagesift.com)"
64.124.8.156 - - [03/Apr/2025:15:06:32 -0400] "GET /cose-da-fare-sul-lago-di-garda/ HTTP/1.1" 404 1251 "-" "Mozilla/5.0 (compatible; ImagesiftBot; +imagesift.com)"
64.124.8.156 - - [03/Apr/2025:15:06:45 -0400] "GET /vintage-turkish-rugs/ HTTP/1.1" 404 1251 "-" "Mozilla/5.0 (compatible; ImagesiftBot; +imagesift.com)"
64.124.8.156 - - [03/Apr/2025:15:06:47 -0400] "GET /should-you-really-buy-tupperware/ HTTP/1.1" 404 1251 "-" "Mozilla/5.0 (compatible; ImagesiftBot; +imagesift.com)"
64.124.8.156 - - [03/Apr/2025:15:06:59 -0400] "GET /wp-json/wp/v2/posts/84 HTTP/1.1" 404 1251 "-" "Mozilla/5.0 (compatible; ImagesiftBot; +imagesift.com)"
64.124.8.156 - - [03/Apr/2025:15:07:27 -0400] "GET /choosing-a-moonstone-wedding-ring/ HTTP/1.1" 404 1251 "-" "Mozilla/5.0 (compatible; ImagesiftBot; +imagesift.com)"
64.124.8.156 - - [03/Apr/2025:15:07:30 -0400] "GET /the-mk-bucket-bag-is-a-must-have-for-every-woman/ HTTP/1.1" 404 1251 "-" "Mozilla/5.0 (compatible; ImagesiftBot; +imagesift.com)"
64.124.8.156 - - [03/Apr/2025:15:07:39 -0400] "GET /forklift-accessories-for-rent/ HTTP/1.1" 404 1251 "-" "Mozilla/5.0 (compatible; ImagesiftBot; +imagesift.com)"
64.124.8.156 - - [03/Apr/2025:15:07:41 -0400] "GET /wp-json/wp/v2/posts/625 HTTP/1.1" 404 1251 "-" "Mozilla/5.0 (compatible; ImagesiftBot; +imagesift.com)"
64.124.8.156 - - [03/Apr/2025:15:07:42 -0400] "GET /what-is-a-night-light/ HTTP/1.1" 404 1251 "-" "Mozilla/5.0 (compatible; ImagesiftBot; +imagesift.com)"
64.124.8.156 - - [03/Apr/2025:15:07:50 -0400] "GET /wp-json/wp/v2/posts/105 HTTP/1.1" 404 1251 "-" "Mozilla/5.0 (compatible; ImagesiftBot; +imagesift.com)"
64.124.8.156 - - [03/Apr/2025:15:07:57 -0400] "GET /wp-json/wp/v2/posts/289 HTTP/1.1" 404 1251 "-" "Mozilla/5.0 (compatible; ImagesiftBot; +imagesift.com)"
64.124.8.156 - - [03/Apr/2025:15:07:59 -0400] "GET /wp-json/wp/v2/posts/1090 HTTP/1.1" 404 1251 "-" "Mozilla/5.0 (compatible; ImagesiftBot; +imagesift.com)"
64.124.8.156 - - [03/Apr/2025:15:08:00 -0400] "GET /wp-json/wp/v2/posts/1311 HTTP/1.1" 404 1251 "-" "Mozilla/5.0 (compatible; ImagesiftBot; +imagesift.com)"
64.124.8.156 - - [03/Apr/2025:15:08:02 -0400] "GET /5-reasons-to-buy-youtube-likes/ HTTP/1.1" 404 1251 "-" "Mozilla/5.0 (compatible; ImagesiftBot; +imagesift.com)"
64.124.8.156 - - [03/Apr/2025:15:08:10 -0400] "GET /cheerleaders/ HTTP/1.1" 404 1251 "-" "Mozilla/5.0 (compatible; ImagesiftBot; +imagesift.com)"
64.124.8.156 - - [03/Apr/2025:15:09:05 -0400] "GET /wp-json/wp/v2/posts/1280 HTTP/1.1" 404 1251 "-" "Mozilla/5.0 (compatible; ImagesiftBot; +imagesift.com)"
64.124.8.156 - - [03/Apr/2025:15:09:07 -0400] "GET /wp-json/wp/v2/posts/1470 HTTP/1.1" 404 1251 "-" "Mozilla/5.0 (compatible; ImagesiftBot; +imagesift.com)"
64.124.8.156 - - [03/Apr/2025:15:09:11 -0400] "GET /zip-tap/ HTTP/1.1" 404 1251 "-" "Mozilla/5.0 (compatible; ImagesiftBot; +imagesift.com)"
64.124.8.156 - - [03/Apr/2025:15:09:19 -0400] "GET /discover-the-michael-kors-tote-in-every-color-and-style/ HTTP/1.1" 404 1251 "-" "Mozilla/5.0 (compatible; ImagesiftBot; +imagesift.com)"
64.124.8.156 - - [03/Apr/2025:15:09:21 -0400] "GET /sports-grip-socks/ HTTP/1.1" 404 1251 "-" "Mozilla/5.0 (compatible; ImagesiftBot; +imagesift.com)"
64.124.8.156 - - [03/Apr/2025:15:09:36 -0400] "GET /how-to-choose-family-divorce-lawyers/ HTTP/1.1" 404 1251 "-" "Mozilla/5.0 (compatible; ImagesiftBot; +imagesift.com)"
64.124.8.156 - - [03/Apr/2025:15:09:37 -0400] "GET /ps5-thermal-paste/ HTTP/1.1" 404 1251 "-" "Mozilla/5.0 (compatible; ImagesiftBot; +imagesift.com)"
64.124.8.156 - - [03/Apr/2025:15:09:40 -0400] "GET /your-path-to-fluency/ HTTP/1.1" 404 1251 "-" "Mozilla/5.0 (compatible; ImagesiftBot; +imagesift.com)"
64.124.8.156 - - [03/Apr/2025:15:09:43 -0400] "GET /i-12-giorni-di-natale-idee-regalo-per-la-gadget-girl-della-tua-vita/ HTTP/1.1" 404 1251 "-" "Mozilla/5.0 (compatible; ImagesiftBot; +imagesift.com)"
64.124.8.156 - - [03/Apr/2025:15:09:44 -0400] "GET /health-and-safety-awareness-course/ HTTP/1.1" 404 1251 "-" "Mozilla/5.0 (compatible; ImagesiftBot; +imagesift.com)"
64.124.8.156 - - [03/Apr/2025:15:09:46 -0400] "GET /property-deals-pipeline/ HTTP/1.1" 404 1251 "-" "Mozilla/5.0 (compatible; ImagesiftBot; +imagesift.com)"
64.124.8.156 - - [03/Apr/2025:15:10:27 -0400] "GET /wp-json/wp/v2/posts/2447 HTTP/1.1" 404 1251 "-" "Mozilla/5.0 (compatible; ImagesiftBot; +imagesift.com)"
198.54.114.83 - - [03/Apr/2025:15:10:33 -0400] "POST /wp-cron.php?doing_wp_cron=1743707432.8211650848388671875000 HTTP/1.1" 200 0 "-" "WordPress/6.7.2; https://greatamericanball.com"
54.254.137.198 - - [03/Apr/2025:15:10:29 -0400] "POST /wp-login.php HTTP/1.1" 200 1821 "-" "Mozlila/5.0 (Linux; Android 7.0; SM-G892A Bulid/NRD90M; wv) AppleWebKit/537.36 (KHTML, like Gecko) Version/4.0 Chrome/60.0.3112.107 Moblie Safari/537.36"
54.254.137.198 - - [03/Apr/2025:15:10:33 -0400] "GET /wp-admin/plugin-install.php?tab=upload HTTP/1.1" 302 0 "-" "Mozlila/5.0 (Linux; Android 7.0; SM-G892A Bulid/NRD90M; wv) AppleWebKit/537.36 (KHTML, like Gecko) Version/4.0 Chrome/60.0.3112.107 Moblie Safari/537.36"
198.54.114.83 - - [03/Apr/2025:15:10:34 -0400] "POST /wp-admin/admin-ajax.php?action=async_litespeed&nonce=4prrH3ey8J67QKXzdwCXb9BzCYwhBGZg&litespeed_type=imgoptm HTTP/1.1" 200 0 "-" "WordPress/6.7.2; https://greatamericanball.com"
54.254.137.198 - - [03/Apr/2025:15:10:34 -0400] "GET /wp-login.php?redirect_to=https%3A%2F%2Fgreatamericanball.com%2Fwp-admin%2Fplugin-install.php%3Ftab%3Dupload&reauth=1 HTTP/1.1" 200 1717 "-" "Mozlila/5.0 (Linux; Android 7.0; SM-G892A Bulid/NRD90M; wv) AppleWebKit/537.36 (KHTML, like Gecko) Version/4.0 Chrome/60.0.3112.107 Moblie Safari/537.36"
64.124.8.156 - - [03/Apr/2025:15:11:02 -0400] "GET /maximizing-savings-with-wholesale-pool-supplies/ HTTP/1.1" 404 1251 "-" "Mozilla/5.0 (compatible; ImagesiftBot; +imagesift.com)"
64.124.8.156 - - [03/Apr/2025:15:11:08 -0400] "GET /wp-json/wp/v2/posts/1579 HTTP/1.1" 404 1251 "-" "Mozilla/5.0 (compatible; ImagesiftBot; +imagesift.com)"
64.124.8.156 - - [03/Apr/2025:15:11:10 -0400] "GET /designer-kitchens/ HTTP/1.1" 404 1251 "-" "Mozilla/5.0 (compatible; ImagesiftBot; +imagesift.com)"
64.124.8.156 - - [03/Apr/2025:15:11:21 -0400] "GET /how-to-increase-your-youtube-watch-time/ HTTP/1.1" 404 1251 "-" "Mozilla/5.0 (compatible; ImagesiftBot; +imagesift.com)"
64.124.8.156 - - [03/Apr/2025:15:11:22 -0400] "GET /steuerberater/ HTTP/1.1" 404 1251 "-" "Mozilla/5.0 (compatible; ImagesiftBot; +imagesift.com)"
64.124.8.156 - - [03/Apr/2025:15:11:24 -0400] "GET /wp-json/wp/v2/posts/1959 HTTP/1.1" 404 1251 "-" "Mozilla/5.0 (compatible; ImagesiftBot; +imagesift.com)"
64.124.8.156 - - [03/Apr/2025:15:11:26 -0400] "GET /property-management/ HTTP/1.1" 404 1251 "-" "Mozilla/5.0 (compatible; ImagesiftBot; +imagesift.com)"
64.124.8.156 - - [03/Apr/2025:15:11:33 -0400] "GET /wp-json/wp/v2/posts/855 HTTP/1.1" 404 1251 "-" "Mozilla/5.0 (compatible; ImagesiftBot; +imagesift.com)"
64.124.8.156 - - [03/Apr/2025:15:11:36 -0400] "GET /5-of-the-best-cbd-uk-brands-available-to-purchase-online/ HTTP/1.1" 404 1251 "-" "Mozilla/5.0 (compatible; ImagesiftBot; +imagesift.com)"
64.124.8.156 - - [03/Apr/2025:15:11:41 -0400] "GET /buy-youtube-comments-likes/ HTTP/1.1" 404 1251 "-" "Mozilla/5.0 (compatible; ImagesiftBot; +imagesift.com)"
64.124.8.156 - - [03/Apr/2025:15:11:43 -0400] "GET /top-5-vietnam-spiritual-works-at-the-highest-altitudes/ HTTP/1.1" 404 1251 "-" "Mozilla/5.0 (compatible; ImagesiftBot; +imagesift.com)"
64.124.8.156 - - [03/Apr/2025:15:11:47 -0400] "GET /unveiling-the-thrills-of-the-virtual-tables-navigating-the-realm-of-online-casinos/ HTTP/1.1" 404 1251 "-" "Mozilla/5.0 (compatible; ImagesiftBot; +imagesift.com)"
64.124.8.156 - - [03/Apr/2025:15:12:10 -0400] "GET /acl-injury-prevention-tips-for-athletes/ HTTP/1.1" 404 1251 "-" "Mozilla/5.0 (compatible; ImagesiftBot; +imagesift.com)"
64.124.8.156 - - [03/Apr/2025:15:12:13 -0400] "GET /dental-marketing-online/ HTTP/1.1" 404 1251 "-" "Mozilla/5.0 (compatible; ImagesiftBot; +imagesift.com)"
64.124.8.156 - - [03/Apr/2025:15:12:14 -0400] "GET /wp-json/wp/v2/posts/1062 HTTP/1.1" 404 1251 "-" "Mozilla/5.0 (compatible; ImagesiftBot; +imagesift.com)"
64.124.8.156 - - [03/Apr/2025:15:12:17 -0400] "GET /unveiling-the-benefits-of-part-time-employment/ HTTP/1.1" 404 1251 "-" "Mozilla/5.0 (compatible; ImagesiftBot; +imagesift.com)"
64.124.8.156 - - [03/Apr/2025:15:12:30 -0400] "GET /best-smart-lighting/ HTTP/1.1" 404 1251 "-" "Mozilla/5.0 (compatible; ImagesiftBot; +imagesift.com)"
64.124.8.156 - - [03/Apr/2025:15:12:32 -0400] "GET /cradle-crib-or-bassinet-how-do-you-decide/ HTTP/1.1" 404 1251 "-" "Mozilla/5.0 (compatible; ImagesiftBot; +imagesift.com)"
64.124.8.156 - - [03/Apr/2025:15:12:34 -0400] "GET /wp-json/wp/v2/posts/1252 HTTP/1.1" 404 1251 "-" "Mozilla/5.0 (compatible; ImagesiftBot; +imagesift.com)"
64.124.8.156 - - [03/Apr/2025:15:12:36 -0400] "GET /wedding-venues-lake-garda/ HTTP/1.1" 404 1251 "-" "Mozilla/5.0 (compatible; ImagesiftBot; +imagesift.com)"
64.124.8.156 - - [03/Apr/2025:15:12:37 -0400] "GET /page/48/ HTTP/1.1" 404 1251 "-" "Mozilla/5.0 (compatible; ImagesiftBot; +imagesift.com)"
64.124.8.156 - - [03/Apr/2025:15:12:40 -0400] "GET /health-benefits-of-black-seed-oil/ HTTP/1.1" 404 1251 "-" "Mozilla/5.0 (compatible; ImagesiftBot; +imagesift.com)"
64.124.8.156 - - [03/Apr/2025:15:12:43 -0400] "GET /wp-json/wp/v2/posts/565 HTTP/1.1" 404 1251 "-" "Mozilla/5.0 (compatible; ImagesiftBot; +imagesift.com)"
64.124.8.156 - - [03/Apr/2025:15:12:45 -0400] "GET /wp-json/wp/v2/posts/400 HTTP/1.1" 404 1251 "-" "Mozilla/5.0 (compatible; ImagesiftBot; +imagesift.com)"
64.124.8.156 - - [03/Apr/2025:15:12:58 -0400] "GET /wp-json/wp/v2/posts/584 HTTP/1.1" 404 1251 "-" "Mozilla/5.0 (compatible; ImagesiftBot; +imagesift.com)"
64.124.8.156 - - [03/Apr/2025:15:13:02 -0400] "GET /category/contact-us/ HTTP/1.1" 404 1251 "-" "Mozilla/5.0 (compatible; ImagesiftBot; +imagesift.com)"
64.124.8.156 - - [03/Apr/2025:15:13:07 -0400] "GET /lake-wall-art/ HTTP/1.1" 404 1251 "-" "Mozilla/5.0 (compatible; ImagesiftBot; +imagesift.com)"
64.124.8.156 - - [03/Apr/2025:15:13:57 -0400] "GET /wp-json/wp/v2/posts/1467 HTTP/1.1" 404 1251 "-" "Mozilla/5.0 (compatible; ImagesiftBot; +imagesift.com)"
64.124.8.156 - - [03/Apr/2025:15:13:58 -0400] "GET /arreglos-de-flores/ HTTP/1.1" 404 1251 "-" "Mozilla/5.0 (compatible; ImagesiftBot; +imagesift.com)"
64.124.8.156 - - [03/Apr/2025:15:14:00 -0400] "GET /wp-json/wp/v2/posts/1034 HTTP/1.1" 404 1251 "-" "Mozilla/5.0 (compatible; ImagesiftBot; +imagesift.com)"
64.124.8.156 - - [03/Apr/2025:15:14:08 -0400] "GET /wp-json/wp/v2/posts/2061 HTTP/1.1" 404 1251 "-" "Mozilla/5.0 (compatible; ImagesiftBot; +imagesift.com)"
64.124.8.156 - - [03/Apr/2025:15:14:24 -0400] "GET /page/65/ HTTP/1.1" 404 1251 "-" "Mozilla/5.0 (compatible; ImagesiftBot; +imagesift.com)"
64.124.8.156 - - [03/Apr/2025:15:14:40 -0400] "GET /wp-json/wp/v2/posts/218 HTTP/1.1" 404 1251 "-" "Mozilla/5.0 (compatible; ImagesiftBot; +imagesift.com)"
64.124.8.156 - - [03/Apr/2025:15:14:50 -0400] "GET /indian-holidays-plan-it-wisely/ HTTP/1.1" 404 1251 "-" "Mozilla/5.0 (compatible; ImagesiftBot; +imagesift.com)"
64.124.8.156 - - [03/Apr/2025:15:14:52 -0400] "GET /revitalizing-your-home-the-transformative-power-of-pressure-cleaning-driveways/ HTTP/1.1" 404 1251 "-" "Mozilla/5.0 (compatible; ImagesiftBot; +imagesift.com)"
64.124.8.156 - - [03/Apr/2025:15:14:53 -0400] "GET /major-benefits-you-should-know-about-cheap-iptv-subscription/ HTTP/1.1" 404 1251 "-" "Mozilla/5.0 (compatible; ImagesiftBot; +imagesift.com)"
64.124.8.156 - - [03/Apr/2025:15:14:56 -0400] "GET /emergency-locksmith/ HTTP/1.1" 404 1251 "-" "Mozilla/5.0 (compatible; ImagesiftBot; +imagesift.com)"
64.124.8.156 - - [03/Apr/2025:15:15:03 -0400] "GET /wp-json/wp/v2/posts/1383 HTTP/1.1" 404 1251 "-" "Mozilla/5.0 (compatible; ImagesiftBot; +imagesift.com)"
64.124.8.156 - - [03/Apr/2025:15:15:05 -0400] "GET /getting-started-with-diamond-painting/ HTTP/1.1" 404 1251 "-" "Mozilla/5.0 (compatible; ImagesiftBot; +imagesift.com)"
64.124.8.156 - - [03/Apr/2025:15:15:07 -0400] "GET /are-you-planning-to-get-your-antique-watch-repaired/ HTTP/1.1" 404 1251 "-" "Mozilla/5.0 (compatible; ImagesiftBot; +imagesift.com)"
64.124.8.156 - - [03/Apr/2025:15:15:18 -0400] "GET /category/activity/page/106/ HTTP/1.1" 404 1251 "-" "Mozilla/5.0 (compatible; ImagesiftBot; +imagesift.com)"
64.124.8.156 - - [03/Apr/2025:15:15:32 -0400] "GET /wp-json/wp/v2/posts/611 HTTP/1.1" 404 1251 "-" "Mozilla/5.0 (compatible; ImagesiftBot; +imagesift.com)"
64.124.8.156 - - [03/Apr/2025:15:15:34 -0400] "GET /wp-json/wp/v2/posts/256 HTTP/1.1" 404 1251 "-" "Mozilla/5.0 (compatible; ImagesiftBot; +imagesift.com)"
64.124.8.156 - - [03/Apr/2025:15:15:35 -0400] "GET /dometic-parts/ HTTP/1.1" 404 1251 "-" "Mozilla/5.0 (compatible; ImagesiftBot; +imagesift.com)"
64.124.8.156 - - [03/Apr/2025:15:15:36 -0400] "GET /maximizing-real-estate-marketing-strategies-for-success/ HTTP/1.1" 404 1251 "-" "Mozilla/5.0 (compatible; ImagesiftBot; +imagesift.com)"
64.124.8.156 - - [03/Apr/2025:15:15:39 -0400] "GET /the-pitfalls-of-buying-views-on-tiktok/ HTTP/1.1" 404 1251 "-" "Mozilla/5.0 (compatible; ImagesiftBot; +imagesift.com)"
64.124.8.156 - - [03/Apr/2025:15:15:40 -0400] "GET /paper-bags-with-handles-are-a-convenient-gift-bag/ HTTP/1.1" 404 1251 "-" "Mozilla/5.0 (compatible; ImagesiftBot; +imagesift.com)"
64.124.8.156 - - [03/Apr/2025:15:15:42 -0400] "GET /safe-driving-after-bbl-surgery-what-you-need-to-know/ HTTP/1.1" 404 1251 "-" "Mozilla/5.0 (compatible; ImagesiftBot; +imagesift.com)"
64.124.8.156 - - [03/Apr/2025:15:15:57 -0400] "GET /page/33/ HTTP/1.1" 404 1251 "-" "Mozilla/5.0 (compatible; ImagesiftBot; +imagesift.com)"
64.124.8.156 - - [03/Apr/2025:15:16:05 -0400] "GET /wp-json/wp/v2/posts/1059 HTTP/1.1" 404 1251 "-" "Mozilla/5.0 (compatible; ImagesiftBot; +imagesift.com)"
64.124.8.156 - - [03/Apr/2025:15:16:08 -0400] "GET /wp-json/wp/v2/posts/2899 HTTP/1.1" 404 1251 "-" "Mozilla/5.0 (compatible; ImagesiftBot; +imagesift.com)"
64.124.8.156 - - [03/Apr/2025:15:16:11 -0400] "GET /wp-json/wp/v2/posts/1710 HTTP/1.1" 404 1251 "-" "Mozilla/5.0 (compatible; ImagesiftBot; +imagesift.com)"
64.124.8.156 - - [03/Apr/2025:15:16:17 -0400] "GET /vampire-academy-the-movie/ HTTP/1.1" 404 1251 "-" "Mozilla/5.0 (compatible; ImagesiftBot; +imagesift.com)"
64.124.8.156 - - [03/Apr/2025:15:16:18 -0400] "GET /wp-json/wp/v2/posts/2307 HTTP/1.1" 404 1251 "-" "Mozilla/5.0 (compatible; ImagesiftBot; +imagesift.com)"
64.124.8.156 - - [03/Apr/2025:15:16:20 -0400] "GET /sac-airsoft/ HTTP/1.1" 404 1251 "-" "Mozilla/5.0 (compatible; ImagesiftBot; +imagesift.com)"
64.124.8.156 - - [03/Apr/2025:15:16:23 -0400] "GET /unveiling-the-warmth-exploring-the-efficiency-of-oil-filled-radiators/ HTTP/1.1" 404 1251 "-" "Mozilla/5.0 (compatible; ImagesiftBot; +imagesift.com)"
64.124.8.156 - - [03/Apr/2025:15:16:25 -0400] "GET /wp-json/wp/v2/posts/429 HTTP/1.1" 404 1251 "-" "Mozilla/5.0 (compatible; ImagesiftBot; +imagesift.com)"
64.124.8.156 - - [03/Apr/2025:15:16:34 -0400] "GET /wp-json/wp/v2/posts/968 HTTP/1.1" 404 1251 "-" "Mozilla/5.0 (compatible; ImagesiftBot; +imagesift.com)"
64.124.8.156 - - [03/Apr/2025:15:16:47 -0400] "GET /page/82/ HTTP/1.1" 404 1251 "-" "Mozilla/5.0 (compatible; ImagesiftBot; +imagesift.com)"
64.124.8.156 - - [03/Apr/2025:15:16:52 -0400] "GET /wp-json/wp/v2/posts/803 HTTP/1.1" 404 1251 "-" "Mozilla/5.0 (compatible; ImagesiftBot; +imagesift.com)"
64.124.8.156 - - [03/Apr/2025:15:16:54 -0400] "GET /wp-json/wp/v2/posts/987 HTTP/1.1" 404 1251 "-" "Mozilla/5.0 (compatible; ImagesiftBot; +imagesift.com)"
64.124.8.156 - - [03/Apr/2025:15:17:09 -0400] "GET /march-madness-betting-facts-and-more-trivia-about-the-betting-season-that-you-love/ HTTP/1.1" 404 1251 "-" "Mozilla/5.0 (compatible; ImagesiftBot; +imagesift.com)"
64.124.8.156 - - [03/Apr/2025:15:17:12 -0400] "GET /best-fitness-app/ HTTP/1.1" 404 1251 "-" "Mozilla/5.0 (compatible; ImagesiftBot; +imagesift.com)"
64.124.8.156 - - [03/Apr/2025:15:17:16 -0400] "GET /instagram-follower/ HTTP/1.1" 404 1251 "-" "Mozilla/5.0 (compatible; ImagesiftBot; +imagesift.com)"
64.124.8.156 - - [03/Apr/2025:15:17:19 -0400] "GET /best-nintendo-switch-games-you-can-play-right-now/ HTTP/1.1" 404 1251 "-" "Mozilla/5.0 (compatible; ImagesiftBot; +imagesift.com)"
64.124.8.156 - - [03/Apr/2025:15:17:34 -0400] "GET /custom-sport-socks-with-logo/ HTTP/1.1" 404 1251 "-" "Mozilla/5.0 (compatible; ImagesiftBot; +imagesift.com)"
64.124.8.156 - - [03/Apr/2025:15:17:41 -0400] "GET /wp-json/wp/v2/posts/302 HTTP/1.1" 404 1251 "-" "Mozilla/5.0 (compatible; ImagesiftBot; +imagesift.com)"
64.124.8.156 - - [03/Apr/2025:15:17:56 -0400] "GET /custom-baseball-socks-with-logos/ HTTP/1.1" 404 1251 "-" "Mozilla/5.0 (compatible; ImagesiftBot; +imagesift.com)"
64.124.8.156 - - [03/Apr/2025:15:17:58 -0400] "GET /what-is-quantum-healing/ HTTP/1.1" 404 1251 "-" "Mozilla/5.0 (compatible; ImagesiftBot; +imagesift.com)"
64.124.8.156 - - [03/Apr/2025:15:18:08 -0400] "GET /wp-json/wp/v2/posts/1165 HTTP/1.1" 404 1251 "-" "Mozilla/5.0 (compatible; ImagesiftBot; +imagesift.com)"
64.124.8.156 - - [03/Apr/2025:15:18:18 -0400] "GET /a-guide-to-better-online-gambling/ HTTP/1.1" 404 1251 "-" "Mozilla/5.0 (compatible; ImagesiftBot; +imagesift.com)"
64.124.8.156 - - [03/Apr/2025:15:18:19 -0400] "GET /wp-json/wp/v2/posts/860 HTTP/1.1" 404 1251 "-" "Mozilla/5.0 (compatible; ImagesiftBot; +imagesift.com)"
64.124.8.156 - - [03/Apr/2025:15:18:23 -0400] "GET /why-composite-doors-are-so-sturdy/ HTTP/1.1" 404 1251 "-" "Mozilla/5.0 (compatible; ImagesiftBot; +imagesift.com)"
64.124.8.156 - - [03/Apr/2025:15:18:34 -0400] "GET /wp-json/wp/v2/posts/1545 HTTP/1.1" 404 1251 "-" "Mozilla/5.0 (compatible; ImagesiftBot; +imagesift.com)"
64.124.8.156 - - [03/Apr/2025:15:18:58 -0400] "GET /differents-types-de-sacs-a-dos/ HTTP/1.1" 404 1251 "-" "Mozilla/5.0 (compatible; ImagesiftBot; +imagesift.com)"
64.124.8.156 - - [03/Apr/2025:15:19:01 -0400] "GET /wp-json/wp/v2/posts/1735 HTTP/1.1" 404 1251 "-" "Mozilla/5.0 (compatible; ImagesiftBot; +imagesift.com)"
64.124.8.156 - - [03/Apr/2025:15:19:17 -0400] "GET /sock-it-right-elevate-your-brand-with-customized-logo-socks/ HTTP/1.1" 404 0 "-" "Mozilla/5.0 (compatible; ImagesiftBot; +imagesift.com)"
64.124.8.156 - - [03/Apr/2025:15:19:20 -0400] "GET /how-qnet-singapore-changed-the-direct-selling-scenario-of-singapore/ HTTP/1.1" 404 0 "-" "Mozilla/5.0 (compatible; ImagesiftBot; +imagesift.com)"
64.124.8.156 - - [03/Apr/2025:15:19:22 -0400] "GET /why-is-soccer-the-most-popular-sport-in-the-world/ HTTP/1.1" 404 0 "-" "Mozilla/5.0 (compatible; ImagesiftBot; +imagesift.com)"
64.124.8.156 - - [03/Apr/2025:15:19:25 -0400] "GET /wp-json/wp/v2/posts/659 HTTP/1.1" 404 0 "-" "Mozilla/5.0 (compatible; ImagesiftBot; +imagesift.com)"
64.124.8.156 - - [03/Apr/2025:15:19:28 -0400] "GET /get-best-locksmith-services/ HTTP/1.1" 404 0 "-" "Mozilla/5.0 (compatible; ImagesiftBot; +imagesift.com)"
64.124.8.156 - - [03/Apr/2025:15:19:28 -0400] "GET /how-to-add-your-logo-to-custom-logo-socks/ HTTP/1.1" 404 1251 "-" "Mozilla/5.0 (compatible; ImagesiftBot; +imagesift.com)"
64.124.8.156 - - [03/Apr/2025:15:19:30 -0400] "GET /wp-json/wp/v2/posts/1651 HTTP/1.1" 404 1251 "-" "Mozilla/5.0 (compatible; ImagesiftBot; +imagesift.com)"
64.124.8.156 - - [03/Apr/2025:15:19:32 -0400] "GET /wp-json/wp/v2/posts/158 HTTP/1.1" 404 1251 "-" "Mozilla/5.0 (compatible; ImagesiftBot; +imagesift.com)"
64.124.8.156 - - [03/Apr/2025:15:19:33 -0400] "GET /tour-de-lit-respirant/ HTTP/1.1" 404 1251 "-" "Mozilla/5.0 (compatible; ImagesiftBot; +imagesift.com)"
64.124.8.156 - - [03/Apr/2025:15:19:34 -0400] "GET /wp-json/wp/v2/posts/177 HTTP/1.1" 404 1251 "-" "Mozilla/5.0 (compatible; ImagesiftBot; +imagesift.com)"
64.124.8.156 - - [03/Apr/2025:15:19:37 -0400] "GET /page/3/ HTTP/1.1" 404 1251 "-" "Mozilla/5.0 (compatible; ImagesiftBot; +imagesift.com)"
64.124.8.156 - - [03/Apr/2025:15:19:41 -0400] "GET /wp-json/wp/v2/posts/196 HTTP/1.1" 404 1251 "-" "Mozilla/5.0 (compatible; ImagesiftBot; +imagesift.com)"
64.124.8.156 - - [03/Apr/2025:15:19:44 -0400] "GET /the-complex-world-of-online-gambling/ HTTP/1.1" 404 1251 "-" "Mozilla/5.0 (compatible; ImagesiftBot; +imagesift.com)"
