47.128.123.51 - - [01/Apr/2025:03:23:44 -0400] "GET /dp/B091G668JP?ref=MarsFS_eero_en HTTP/1.1" 404 1251 "-" "Mozilla/5.0 (Linux; Android 5.0) AppleWebKit/537.36 (KHTML, like Gecko) Mobile Safari/537.36 (compatible; Bytespider; spider-feedback@bytedance.com)"
198.54.114.83 - - [01/Apr/2025:03:23:45 -0400] "GET /wp-content/themes/safari-blog/inc/blocks/font-family/inc/google-webfonts.json HTTP/1.1" 200 1084380 "-" "WordPress/6.7.2; https://greatamericanball.com"
198.54.114.83 - - [01/Apr/2025:03:23:45 -0400] "GET /wp-content/themes/safari-blog/inc/blocks/font-family/inc/google-webfonts.json HTTP/1.1" 200 1084380 "-" "WordPress/6.7.2; https://greatamericanball.com"
115.166.6.186 - - [01/Apr/2025:03:23:43 -0400] "GET /wp-admin/theme-editor.php?file=JTAnq.js.php&theme=safari-blog HTTP/1.1" 200 45485 "-" "Mozilla/5.0 (Windows NT 10.0; Win64; x64) AppleWebKit/537.36 (KHTML, like Gecko) Chrome/99.0.4844.51 Safari/537.36 Edg/99.0.1150.30"
198.54.114.83 - - [01/Apr/2025:03:23:51 -0400] "GET /wp-content/themes/safari-blog/inc/blocks/font-family/inc/google-webfonts.json HTTP/1.1" 200 1084380 "-" "WordPress/6.7.2; https://greatamericanball.com"
198.54.114.83 - - [01/Apr/2025:03:23:52 -0400] "GET /wp-content/themes/safari-blog/inc/blocks/font-family/inc/google-webfonts.json HTTP/1.1" 200 1084380 "-" "WordPress/6.7.2; https://greatamericanball.com"
198.54.114.83 - - [01/Apr/2025:03:23:50 -0400] "GET /wp-admin/theme-editor.php?theme=safari-blog&file=JTAnq.js.php&wp_scrape_key=38a087b903d496640a2e726402bab145&wp_scrape_nonce=332034207 HTTP/1.1" 200 46606 "-" "WordPress/6.7.2; https://greatamericanball.com"
198.54.114.83 - - [01/Apr/2025:03:23:52 -0400] "GET /?wp_scrape_key=38a087b903d496640a2e726402bab145&wp_scrape_nonce=332034207 HTTP/1.1" 200 156192 "-" "WordPress/6.7.2; https://greatamericanball.com"
1.121.192.96 - - [01/Apr/2025:03:23:49 -0400] "POST /wp-admin/admin-ajax.php HTTP/1.1" 200 256 "https://greatamericanball.com/wp-admin/theme-editor.php?file=JTAnq.js.php&theme=safari-blog" "Mozilla/5.0 (Windows NT 10.0; Win64; x64) AppleWebKit/537.36 (KHTML, like Gecko) Chrome/99.0.4844.51 Safari/537.36 Edg/99.0.1150.30"
198.54.114.83 - - [01/Apr/2025:03:23:55 -0400] "GET /wp-content/themes/safari-blog/inc/blocks/font-family/inc/google-webfonts.json HTTP/1.1" 200 1084380 "-" "WordPress/6.7.2; https://greatamericanball.com"
198.54.114.83 - - [01/Apr/2025:03:23:56 -0400] "GET /wp-content/themes/safari-blog/inc/blocks/font-family/inc/google-webfonts.json HTTP/1.1" 200 1084380 "-" "WordPress/6.7.2; https://greatamericanball.com"
115.166.6.186 - - [01/Apr/2025:03:23:54 -0400] "GET /wp-admin/theme-editor.php?file=inc%2Fgraphthemes-widgets%2Fgraphthemes-widgets.php&theme=safari-blog HTTP/1.1" 200 27193 "-" "Mozilla/5.0 (Windows NT 10.0; Win64; x64) AppleWebKit/537.36 (KHTML, like Gecko) Chrome/101.0.4951.64 Safari/537.36 Edg/101.0.1210.47"
198.54.114.83 - - [01/Apr/2025:03:24:00 -0400] "GET /wp-content/themes/safari-blog/inc/blocks/font-family/inc/google-webfonts.json HTTP/1.1" 200 1084380 "-" "WordPress/6.7.2; https://greatamericanball.com"
198.54.114.83 - - [01/Apr/2025:03:24:01 -0400] "GET /wp-content/themes/safari-blog/inc/blocks/font-family/inc/google-webfonts.json HTTP/1.1" 200 1084380 "-" "WordPress/6.7.2; https://greatamericanball.com"
198.54.114.83 - - [01/Apr/2025:03:23:59 -0400] "GET /wp-admin/theme-editor.php?theme=safari-blog&file=inc%2Fgraphthemes-widgets%2Fgraphthemes-widgets.php&wp_scrape_key=e724efbe28e6e80cdd0cd5a48ef0008b&wp_scrape_nonce=1013373398 HTTP/1.1" 200 28504 "-" "WordPress/6.7.2; https://greatamericanball.com"
198.54.114.83 - - [01/Apr/2025:03:24:03 -0400] "GET /?wp_scrape_key=e724efbe28e6e80cdd0cd5a48ef0008b&wp_scrape_nonce=1013373398 HTTP/1.1" 200 156192 "-" "WordPress/6.7.2; https://greatamericanball.com"
1.121.192.96 - - [01/Apr/2025:03:23:58 -0400] "POST /wp-admin/admin-ajax.php HTTP/1.1" 200 256 "https://greatamericanball.com/wp-admin/theme-editor.php?file=inc%2Fgraphthemes-widgets%2Fgraphthemes-widgets.php&theme=safari-blog" "Mozilla/5.0 (Windows NT 10.0; Win64; x64) AppleWebKit/537.36 (KHTML, like Gecko) Chrome/101.0.4951.64 Safari/537.36 Edg/101.0.1210.47"
198.54.114.83 - - [01/Apr/2025:03:24:06 -0400] "GET /wp-content/themes/safari-blog/inc/blocks/font-family/inc/google-webfonts.json HTTP/1.1" 200 1084380 "-" "WordPress/6.7.2; https://greatamericanball.com"
198.54.114.83 - - [01/Apr/2025:03:24:07 -0400] "GET /wp-content/themes/safari-blog/inc/blocks/font-family/inc/google-webfonts.json HTTP/1.1" 200 1084380 "-" "WordPress/6.7.2; https://greatamericanball.com"
115.166.6.186 - - [01/Apr/2025:03:24:05 -0400] "GET /wp-admin/theme-editor.php?file=footer.php&theme=safari-blog HTTP/1.1" 200 27957 "-" "Mozilla/5.0 (Windows NT 10.0; Win64; x64) AppleWebKit/537.36 (KHTML, like Gecko) Chrome/110.0.0.0 Safari/537.36"
198.54.114.83 - - [01/Apr/2025:03:24:10 -0400] "GET /wp-content/themes/safari-blog/inc/blocks/font-family/inc/google-webfonts.json HTTP/1.1" 200 1084380 "-" "WordPress/6.7.2; https://greatamericanball.com"
198.54.114.83 - - [01/Apr/2025:03:24:12 -0400] "GET /wp-content/themes/safari-blog/inc/blocks/font-family/inc/google-webfonts.json HTTP/1.1" 200 1084380 "-" "WordPress/6.7.2; https://greatamericanball.com"
198.54.114.83 - - [01/Apr/2025:03:24:09 -0400] "GET /wp-admin/theme-editor.php?theme=safari-blog&file=footer.php&wp_scrape_key=99bdfc374061adbdf796ea80075f4baa&wp_scrape_nonce=838287509 HTTP/1.1" 200 29289 "-" "WordPress/6.7.2; https://greatamericanball.com"
198.54.114.83 - - [01/Apr/2025:03:24:12 -0400] "GET /?wp_scrape_key=99bdfc374061adbdf796ea80075f4baa&wp_scrape_nonce=838287509 HTTP/1.1" 200 156192 "-" "WordPress/6.7.2; https://greatamericanball.com"
1.121.192.96 - - [01/Apr/2025:03:24:08 -0400] "POST /wp-admin/admin-ajax.php HTTP/1.1" 200 256 "https://greatamericanball.com/wp-admin/theme-editor.php?file=footer.php&theme=safari-blog" "Mozilla/5.0 (Windows NT 10.0; Win64; x64) AppleWebKit/537.36 (KHTML, like Gecko) Chrome/110.0.0.0 Safari/537.36"
198.54.114.83 - - [01/Apr/2025:03:24:16 -0400] "GET /wp-content/themes/safari-blog/inc/blocks/font-family/inc/google-webfonts.json HTTP/1.1" 200 1084380 "-" "WordPress/6.7.2; https://greatamericanball.com"
198.54.114.83 - - [01/Apr/2025:03:24:17 -0400] "GET /wp-content/themes/safari-blog/inc/blocks/font-family/inc/google-webfonts.json HTTP/1.1" 200 1084380 "-" "WordPress/6.7.2; https://greatamericanball.com"
115.166.6.186 - - [01/Apr/2025:03:24:15 -0400] "GET /wp-admin/theme-editor.php?file=inc%2Fgetting-started%2Ftemplate-parts%2Ffaq.php&theme=safari-blog HTTP/1.1" 200 27914 "-" "Mozilla/5.0 (Windows NT 10.0; Win64; x64) AppleWebKit/537.36 (KHTML, like Gecko) Chrome/104.0.0.0 Safari/537.36"
198.54.114.83 - - [01/Apr/2025:03:24:19 -0400] "POST /wp-cron.php?doing_wp_cron=1743492259.7472369670867919921875 HTTP/1.1" 200 0 "-" "WordPress/6.7.2; https://greatamericanball.com"
198.54.114.83 - - [01/Apr/2025:03:24:20 -0400] "POST /wp-admin/admin-ajax.php?action=async_litespeed&nonce=EWqPnACRGzI2Z6HYtlXtWcpGlYj3Ooke&litespeed_type=imgoptm HTTP/1.1" 200 5 "-" "WordPress/6.7.2; https://greatamericanball.com"
198.54.114.83 - - [01/Apr/2025:03:24:20 -0400] "GET /wp-content/themes/safari-blog/inc/blocks/font-family/inc/google-webfonts.json HTTP/1.1" 200 1084380 "-" "WordPress/6.7.2; https://greatamericanball.com"
198.54.114.83 - - [01/Apr/2025:03:24:21 -0400] "GET /wp-content/themes/safari-blog/inc/blocks/font-family/inc/google-webfonts.json HTTP/1.1" 200 1084380 "-" "WordPress/6.7.2; https://greatamericanball.com"
198.54.114.83 - - [01/Apr/2025:03:24:20 -0400] "GET /wp-admin/theme-editor.php?theme=safari-blog&file=inc%2Fgetting-started%2Ftemplate-parts%2Ffaq.php&wp_scrape_key=cafb5f3382f3f6668913983692ed83f8&wp_scrape_nonce=63953738 HTTP/1.1" 200 29298 "-" "WordPress/6.7.2; https://greatamericanball.com"
198.54.114.83 - - [01/Apr/2025:03:24:21 -0400] "GET /?wp_scrape_key=cafb5f3382f3f6668913983692ed83f8&wp_scrape_nonce=63953738 HTTP/1.1" 200 156192 "-" "WordPress/6.7.2; https://greatamericanball.com"
1.121.192.96 - - [01/Apr/2025:03:24:19 -0400] "POST /wp-admin/admin-ajax.php HTTP/1.1" 200 256 "https://greatamericanball.com/wp-admin/theme-editor.php?file=inc%2Fgetting-started%2Ftemplate-parts%2Ffaq.php&theme=safari-blog" "Mozilla/5.0 (Windows NT 10.0; Win64; x64) AppleWebKit/537.36 (KHTML, like Gecko) Chrome/104.0.0.0 Safari/537.36"
198.54.114.83 - - [01/Apr/2025:03:24:24 -0400] "GET /wp-content/themes/safari-blog/inc/blocks/font-family/inc/google-webfonts.json HTTP/1.1" 200 1084380 "-" "WordPress/6.7.2; https://greatamericanball.com"
198.54.114.83 - - [01/Apr/2025:03:24:24 -0400] "GET /wp-content/themes/safari-blog/inc/blocks/font-family/inc/google-webfonts.json HTTP/1.1" 200 1084380 "-" "WordPress/6.7.2; https://greatamericanball.com"
115.166.6.186 - - [01/Apr/2025:03:24:23 -0400] "GET /wp-admin/theme-editor.php?file=inc%2Fblocks%2Fcustomizer-info%2Fupgrade-to-pro.php&theme=safari-blog HTTP/1.1" 200 27528 "-" "Mozilla/5.0 (Windows NT 10.0; Win64; x64) AppleWebKit/537.36 (KHTML, like Gecko) Chrome/100.0.4896.75 Safari/537.36"
198.54.114.83 - - [01/Apr/2025:03:24:27 -0400] "GET /wp-content/themes/safari-blog/inc/blocks/font-family/inc/google-webfonts.json HTTP/1.1" 200 1084380 "-" "WordPress/6.7.2; https://greatamericanball.com"
198.54.114.83 - - [01/Apr/2025:03:24:28 -0400] "GET /wp-content/themes/safari-blog/inc/blocks/font-family/inc/google-webfonts.json HTTP/1.1" 200 1084380 "-" "WordPress/6.7.2; https://greatamericanball.com"
198.54.114.83 - - [01/Apr/2025:03:24:26 -0400] "GET /wp-admin/theme-editor.php?theme=safari-blog&file=inc%2Fblocks%2Fcustomizer-info%2Fupgrade-to-pro.php&wp_scrape_key=eb65eff267242b7960b745c3be169e7c&wp_scrape_nonce=1007483636 HTTP/1.1" 200 28800 "-" "WordPress/6.7.2; https://greatamericanball.com"
198.54.114.83 - - [01/Apr/2025:03:24:28 -0400] "GET /?wp_scrape_key=eb65eff267242b7960b745c3be169e7c&wp_scrape_nonce=1007483636 HTTP/1.1" 200 156192 "-" "WordPress/6.7.2; https://greatamericanball.com"
1.121.192.96 - - [01/Apr/2025:03:24:26 -0400] "POST /wp-admin/admin-ajax.php HTTP/1.1" 200 256 "https://greatamericanball.com/wp-admin/theme-editor.php?file=inc%2Fblocks%2Fcustomizer-info%2Fupgrade-to-pro.php&theme=safari-blog" "Mozilla/5.0 (Windows NT 10.0; Win64; x64) AppleWebKit/537.36 (KHTML, like Gecko) Chrome/100.0.4896.75 Safari/537.36"
198.54.114.83 - - [01/Apr/2025:03:24:30 -0400] "GET /wp-content/themes/safari-blog/inc/blocks/font-family/inc/google-webfonts.json HTTP/1.1" 200 1084380 "-" "WordPress/6.7.2; https://greatamericanball.com"
198.54.114.83 - - [01/Apr/2025:03:24:32 -0400] "GET /wp-content/themes/safari-blog/inc/blocks/font-family/inc/google-webfonts.json HTTP/1.1" 200 1084380 "-" "WordPress/6.7.2; https://greatamericanball.com"
115.166.6.186 - - [01/Apr/2025:03:24:30 -0400] "GET /wp-admin/theme-editor.php?file=inc%2Fblocks%2Fpost-snippet%2Fshare%2Fsocial-share.php&theme=safari-blog HTTP/1.1" 200 27748 "-" "Mozilla/5.0 (Windows NT 10.0; Win64; x64) AppleWebKit/537.36 (KHTML, like Gecko) Chrome/99.0.4844.51 Safari/537.36"
198.54.114.83 - - [01/Apr/2025:03:24:36 -0400] "GET /wp-content/themes/safari-blog/inc/blocks/font-family/inc/google-webfonts.json HTTP/1.1" 200 1084380 "-" "WordPress/6.7.2; https://greatamericanball.com"
198.54.114.83 - - [01/Apr/2025:03:24:36 -0400] "GET /wp-content/themes/safari-blog/inc/blocks/font-family/inc/google-webfonts.json HTTP/1.1" 200 1084380 "-" "WordPress/6.7.2; https://greatamericanball.com"
198.54.114.83 - - [01/Apr/2025:03:24:35 -0400] "GET /wp-admin/theme-editor.php?theme=safari-blog&file=inc%2Fblocks%2Fpost-snippet%2Fshare%2Fsocial-share.php&wp_scrape_key=e4154af33a948ab520c041a76385c0ad&wp_scrape_nonce=660467683 HTTP/1.1" 200 29001 "-" "WordPress/6.7.2; https://greatamericanball.com"
198.54.114.83 - - [01/Apr/2025:03:24:36 -0400] "GET /?wp_scrape_key=e4154af33a948ab520c041a76385c0ad&wp_scrape_nonce=660467683 HTTP/1.1" 200 156192 "-" "WordPress/6.7.2; https://greatamericanball.com"
1.121.192.96 - - [01/Apr/2025:03:24:34 -0400] "POST /wp-admin/admin-ajax.php HTTP/1.1" 200 256 "https://greatamericanball.com/wp-admin/theme-editor.php?file=inc%2Fblocks%2Fpost-snippet%2Fshare%2Fsocial-share.php&theme=safari-blog" "Mozilla/5.0 (Windows NT 10.0; Win64; x64) AppleWebKit/537.36 (KHTML, like Gecko) Chrome/99.0.4844.51 Safari/537.36"
198.54.114.83 - - [01/Apr/2025:03:24:39 -0400] "GET /wp-content/themes/safari-blog/inc/blocks/font-family/inc/google-webfonts.json HTTP/1.1" 200 1084380 "-" "WordPress/6.7.2; https://greatamericanball.com"
198.54.114.83 - - [01/Apr/2025:03:24:39 -0400] "GET /wp-content/themes/safari-blog/inc/blocks/font-family/inc/google-webfonts.json HTTP/1.1" 200 1084380 "-" "WordPress/6.7.2; https://greatamericanball.com"
203.158.56.229 - - [01/Apr/2025:03:24:38 -0400] "GET /wp-admin/theme-editor.php?file=inc%2Fblocks%2Fgeneral%2Fsticky-menu%2Fsticky-menu.php&theme=safari-blog HTTP/1.1" 200 27405 "-" "Mozilla/5.0 (Macintosh; Intel Mac OS X 10_15_7) AppleWebKit/605.1.15 (KHTML, like Gecko) Version/15.5 Safari/605.1.15"
198.54.114.83 - - [01/Apr/2025:03:24:44 -0400] "GET /wp-content/themes/safari-blog/inc/blocks/font-family/inc/google-webfonts.json HTTP/1.1" 200 1084380 "-" "WordPress/6.7.2; https://greatamericanball.com"
198.54.114.83 - - [01/Apr/2025:03:24:44 -0400] "GET /wp-content/themes/safari-blog/inc/blocks/font-family/inc/google-webfonts.json HTTP/1.1" 200 1084380 "-" "WordPress/6.7.2; https://greatamericanball.com"
198.54.114.83 - - [01/Apr/2025:03:24:43 -0400] "GET /wp-admin/theme-editor.php?theme=safari-blog&file=inc%2Fblocks%2Fgeneral%2Fsticky-menu%2Fsticky-menu.php&wp_scrape_key=e0824ead11d42852aa559359f1ae1002&wp_scrape_nonce=2035593185 HTTP/1.1" 200 28677 "-" "WordPress/6.7.2; https://greatamericanball.com"
198.54.114.83 - - [01/Apr/2025:03:24:45 -0400] "GET /?wp_scrape_key=e0824ead11d42852aa559359f1ae1002&wp_scrape_nonce=2035593185 HTTP/1.1" 200 156192 "-" "WordPress/6.7.2; https://greatamericanball.com"
1.121.192.96 - - [01/Apr/2025:03:24:42 -0400] "POST /wp-admin/admin-ajax.php HTTP/1.1" 200 256 "https://greatamericanball.com/wp-admin/theme-editor.php?file=inc%2Fblocks%2Fgeneral%2Fsticky-menu%2Fsticky-menu.php&theme=safari-blog" "Mozilla/5.0 (Macintosh; Intel Mac OS X 10_15_7) AppleWebKit/605.1.15 (KHTML, like Gecko) Version/15.5 Safari/605.1.15"
198.54.114.83 - - [01/Apr/2025:03:24:48 -0400] "GET /wp-content/themes/safari-blog/inc/blocks/font-family/inc/google-webfonts.json HTTP/1.1" 200 1084380 "-" "WordPress/6.7.2; https://greatamericanball.com"
198.54.114.83 - - [01/Apr/2025:03:24:49 -0400] "GET /wp-content/themes/safari-blog/inc/blocks/font-family/inc/google-webfonts.json HTTP/1.1" 200 1084380 "-" "WordPress/6.7.2; https://greatamericanball.com"
203.158.56.229 - - [01/Apr/2025:03:24:47 -0400] "GET /wp-admin/theme-editor.php?file=inc%2Fblocks%2Fgeneral%2Fsocial-links%2Fsocial-links.php&theme=safari-blog HTTP/1.1" 200 27598 "-" "Mozilla/5.0 (Macintosh; Intel Mac OS X 10_15_7) AppleWebKit/605.1.15 (KHTML, like Gecko) Version/15.5 Safari/605.1.15"
198.54.114.83 - - [01/Apr/2025:03:24:53 -0400] "GET /wp-content/themes/safari-blog/inc/blocks/font-family/inc/google-webfonts.json HTTP/1.1" 200 1084380 "-" "WordPress/6.7.2; https://greatamericanball.com"
198.54.114.83 - - [01/Apr/2025:03:24:54 -0400] "GET /wp-content/themes/safari-blog/inc/blocks/font-family/inc/google-webfonts.json HTTP/1.1" 200 1084380 "-" "WordPress/6.7.2; https://greatamericanball.com"
198.54.114.83 - - [01/Apr/2025:03:24:51 -0400] "GET /wp-admin/theme-editor.php?theme=safari-blog&file=inc%2Fblocks%2Fgeneral%2Fsocial-links%2Fsocial-links.php&wp_scrape_key=76ca60eac8cf529cb4b24ac326dc66c0&wp_scrape_nonce=2006811957 HTTP/1.1" 200 28922 "-" "WordPress/6.7.2; https://greatamericanball.com"
198.54.114.83 - - [01/Apr/2025:03:24:55 -0400] "GET /?wp_scrape_key=76ca60eac8cf529cb4b24ac326dc66c0&wp_scrape_nonce=2006811957 HTTP/1.1" 200 156192 "-" "WordPress/6.7.2; https://greatamericanball.com"
1.121.192.96 - - [01/Apr/2025:03:24:51 -0400] "POST /wp-admin/admin-ajax.php HTTP/1.1" 200 256 "https://greatamericanball.com/wp-admin/theme-editor.php?file=inc%2Fblocks%2Fgeneral%2Fsocial-links%2Fsocial-links.php&theme=safari-blog" "Mozilla/5.0 (Macintosh; Intel Mac OS X 10_15_7) AppleWebKit/605.1.15 (KHTML, like Gecko) Version/15.5 Safari/605.1.15"
198.54.114.83 - - [01/Apr/2025:03:24:58 -0400] "GET /wp-content/themes/safari-blog/inc/blocks/font-family/inc/google-webfonts.json HTTP/1.1" 200 1084380 "-" "WordPress/6.7.2; https://greatamericanball.com"
198.54.114.83 - - [01/Apr/2025:03:25:00 -0400] "GET /wp-content/themes/safari-blog/inc/blocks/font-family/inc/google-webfonts.json HTTP/1.1" 200 1084380 "-" "WordPress/6.7.2; https://greatamericanball.com"
115.166.6.186 - - [01/Apr/2025:03:24:57 -0400] "GET /wp-admin/theme-editor.php?file=inc%2Fblocks%2Fpost-detail%2Fshare%2Fsocial-share.php&theme=safari-blog HTTP/1.1" 200 27766 "-" "Mozilla/5.0 (Macintosh; Intel Mac OS X 10_15_7) AppleWebKit/537.36 (KHTML, like Gecko) Chrome/120.0.0.0 Safari/537.36"
198.54.114.83 - - [01/Apr/2025:03:25:11 -0400] "GET /wp-content/themes/safari-blog/inc/blocks/font-family/inc/google-webfonts.json HTTP/1.1" 200 1084380 "-" "WordPress/6.7.2; https://greatamericanball.com"
198.54.114.83 - - [01/Apr/2025:03:25:14 -0400] "GET /wp-content/themes/safari-blog/inc/blocks/font-family/inc/google-webfonts.json HTTP/1.1" 200 1084380 "-" "WordPress/6.7.2; https://greatamericanball.com"
198.54.114.83 - - [01/Apr/2025:03:25:09 -0400] "GET /wp-admin/theme-editor.php?theme=safari-blog&file=inc%2Fblocks%2Fpost-detail%2Fshare%2Fsocial-share.php&wp_scrape_key=7d0a208bb66545b45f7727193ac738fd&wp_scrape_nonce=397582498 HTTP/1.1" 200 29077 "-" "WordPress/6.7.2; https://greatamericanball.com"
198.54.114.83 - - [01/Apr/2025:03:25:16 -0400] "GET /?wp_scrape_key=7d0a208bb66545b45f7727193ac738fd&wp_scrape_nonce=397582498 HTTP/1.1" 200 156192 "-" "WordPress/6.7.2; https://greatamericanball.com"
1.121.192.96 - - [01/Apr/2025:03:25:05 -0400] "POST /wp-admin/admin-ajax.php HTTP/1.1" 200 256 "https://greatamericanball.com/wp-admin/theme-editor.php?file=inc%2Fblocks%2Fpost-detail%2Fshare%2Fsocial-share.php&theme=safari-blog" "Mozilla/5.0 (Macintosh; Intel Mac OS X 10_15_7) AppleWebKit/537.36 (KHTML, like Gecko) Chrome/120.0.0.0 Safari/537.36"
198.54.114.83 - - [01/Apr/2025:03:25:24 -0400] "POST /wp-cron.php?doing_wp_cron=1743492324.7577459812164306640625 HTTP/1.1" 200 0 "-" "WordPress/6.7.2; https://greatamericanball.com"
198.54.114.83 - - [01/Apr/2025:03:25:25 -0400] "GET /wp-content/themes/safari-blog/inc/blocks/font-family/inc/google-webfonts.json HTTP/1.1" 200 1084380 "-" "WordPress/6.7.2; https://greatamericanball.com"
198.54.114.83 - - [01/Apr/2025:03:25:25 -0400] "GET /wp-content/themes/safari-blog/inc/blocks/font-family/inc/google-webfonts.json HTTP/1.1" 200 1084380 "-" "WordPress/6.7.2; https://greatamericanball.com"
115.166.6.186 - - [01/Apr/2025:03:25:24 -0400] "GET /wp-admin/theme-editor.php?file=inc%2Fblocks%2Ffont-customization%2Fdefault-font-customization.php&theme=safari-blog HTTP/1.1" 200 26971 "-" "Mozilla/5.0 (Windows NT 10.0; Win64; x64) AppleWebKit/537.36 (KHTML, like Gecko) Chrome/104.0.0.0 Safari/537.36"
198.54.114.83 - - [01/Apr/2025:03:25:26 -0400] "POST /wp-admin/admin-ajax.php?action=async_litespeed&nonce=SFNaFErpIkA7jB9hgv9FJ5t7qGZz0WdA&litespeed_type=imgoptm HTTP/1.1" 200 5 "-" "WordPress/6.7.2; https://greatamericanball.com"
198.54.114.83 - - [01/Apr/2025:03:25:30 -0400] "GET /wp-content/themes/safari-blog/inc/blocks/font-family/inc/google-webfonts.json HTTP/1.1" 200 1084380 "-" "WordPress/6.7.2; https://greatamericanball.com"
198.54.114.83 - - [01/Apr/2025:03:25:31 -0400] "GET /wp-content/themes/safari-blog/inc/blocks/font-family/inc/google-webfonts.json HTTP/1.1" 200 1084380 "-" "WordPress/6.7.2; https://greatamericanball.com"
198.54.114.83 - - [01/Apr/2025:03:25:29 -0400] "GET /wp-admin/theme-editor.php?theme=safari-blog&file=inc%2Fblocks%2Ffont-customization%2Fdefault-font-customization.php&wp_scrape_key=0199cc04c13798b7533977e02ce37636&wp_scrape_nonce=1085342358 HTTP/1.1" 200 28452 "-" "WordPress/6.7.2; https://greatamericanball.com"
198.54.114.83 - - [01/Apr/2025:03:25:32 -0400] "GET /?wp_scrape_key=0199cc04c13798b7533977e02ce37636&wp_scrape_nonce=1085342358 HTTP/1.1" 200 156192 "-" "WordPress/6.7.2; https://greatamericanball.com"
1.121.192.96 - - [01/Apr/2025:03:25:28 -0400] "POST /wp-admin/admin-ajax.php HTTP/1.1" 200 256 "https://greatamericanball.com/wp-admin/theme-editor.php?file=inc%2Fblocks%2Ffont-customization%2Fdefault-font-customization.php&theme=safari-blog" "Mozilla/5.0 (Windows NT 10.0; Win64; x64) AppleWebKit/537.36 (KHTML, like Gecko) Chrome/104.0.0.0 Safari/537.36"
198.54.114.83 - - [01/Apr/2025:03:25:35 -0400] "GET /wp-content/themes/safari-blog/inc/blocks/font-family/inc/google-webfonts.json HTTP/1.1" 200 1084380 "-" "WordPress/6.7.2; https://greatamericanball.com"
198.54.114.83 - - [01/Apr/2025:03:25:37 -0400] "GET /wp-content/themes/safari-blog/inc/blocks/font-family/inc/google-webfonts.json HTTP/1.1" 200 1084380 "-" "WordPress/6.7.2; https://greatamericanball.com"
203.158.56.229 - - [01/Apr/2025:03:25:34 -0400] "GET /wp-admin/theme-editor.php?file=inc%2Fcustom-header.php&theme=safari-blog HTTP/1.1" 200 27915 "-" "Mozilla/5.0 (iPhone; CPU iPhone OS 17_2 like Mac OS X) AppleWebKit/605.1.15 (KHTML, like Gecko) Version/17.2 Mobile/15E148 Safari/604.1"
47.238.13.3 - - [01/Apr/2025:03:25:39 -0400] "GET /category-sitemap.xml HTTP/1.1" 404 1251 "-" "Mozilla/5.0 (Macintosh; Intel Mac OS X 10_15_7) AppleWebKit/537.36 (KHTML, like Gecko) Chrome/109.0.0.0 Safari/537.36"
198.54.114.83 - - [01/Apr/2025:03:25:41 -0400] "GET /wp-content/themes/safari-blog/inc/blocks/font-family/inc/google-webfonts.json HTTP/1.1" 200 1084380 "-" "WordPress/6.7.2; https://greatamericanball.com"
198.54.114.83 - - [01/Apr/2025:03:25:41 -0400] "GET /wp-content/themes/safari-blog/inc/blocks/font-family/inc/google-webfonts.json HTTP/1.1" 200 1084380 "-" "WordPress/6.7.2; https://greatamericanball.com"
198.54.114.83 - - [01/Apr/2025:03:25:40 -0400] "GET /wp-admin/theme-editor.php?theme=safari-blog&file=inc%2Fcustom-header.php&wp_scrape_key=4a77ffa8e83879bd7429e076dbe2f431&wp_scrape_nonce=2130831661 HTTP/1.1" 200 29213 "-" "WordPress/6.7.2; https://greatamericanball.com"
198.54.114.83 - - [01/Apr/2025:03:25:41 -0400] "GET /?wp_scrape_key=4a77ffa8e83879bd7429e076dbe2f431&wp_scrape_nonce=2130831661 HTTP/1.1" 200 156192 "-" "WordPress/6.7.2; https://greatamericanball.com"
1.121.192.96 - - [01/Apr/2025:03:25:39 -0400] "POST /wp-admin/admin-ajax.php HTTP/1.1" 200 256 "https://greatamericanball.com/wp-admin/theme-editor.php?file=inc%2Fcustom-header.php&theme=safari-blog" "Mozilla/5.0 (iPhone; CPU iPhone OS 17_2 like Mac OS X) AppleWebKit/605.1.15 (KHTML, like Gecko) Version/17.2 Mobile/15E148 Safari/604.1"
40.77.167.159 - - [01/Apr/2025:03:26:02 -0400] "GET /smoke-damage-cleaning-london/ HTTP/1.1" 404 1251 "-" "Mozilla/5.0 AppleWebKit/537.36 (KHTML, like Gecko; compatible; bingbot/2.0; +http://www.bing.com/bingbot.htm) Chrome/116.0.1938.76 Safari/537.36"
198.54.114.83 - - [01/Apr/2025:03:26:04 -0400] "GET /wp-content/themes/safari-blog/inc/blocks/font-family/inc/google-webfonts.json HTTP/1.1" 200 1084380 "-" "WordPress/6.7.2; https://greatamericanball.com"
198.54.114.83 - - [01/Apr/2025:03:26:06 -0400] "GET /wp-content/themes/safari-blog/inc/blocks/font-family/inc/google-webfonts.json HTTP/1.1" 200 1084380 "-" "WordPress/6.7.2; https://greatamericanball.com"
115.166.6.186 - - [01/Apr/2025:03:26:03 -0400] "GET /wp-admin/theme-editor.php?file=inc%2Fblocks%2Fgeneral%2Fgeneral.php&theme=safari-blog HTTP/1.1" 200 27328 "-" "Mozilla/5.0 (Windows NT 10.0; Win64; x64) AppleWebKit/537.36 (KHTML, like Gecko) Chrome/107.0.0.0 Safari/537.36"
198.54.114.83 - - [01/Apr/2025:03:26:13 -0400] "GET /wp-content/themes/safari-blog/inc/blocks/font-family/inc/google-webfonts.json HTTP/1.1" 200 1084380 "-" "WordPress/6.7.2; https://greatamericanball.com"
198.54.114.83 - - [01/Apr/2025:03:26:14 -0400] "GET /wp-content/themes/safari-blog/inc/blocks/font-family/inc/google-webfonts.json HTTP/1.1" 200 1084380 "-" "WordPress/6.7.2; https://greatamericanball.com"
198.54.114.83 - - [01/Apr/2025:03:26:11 -0400] "GET /wp-admin/theme-editor.php?theme=safari-blog&file=inc%2Fblocks%2Fgeneral%2Fgeneral.php&wp_scrape_key=06409c393015321ab2afd0d692be3185&wp_scrape_nonce=788529487 HTTP/1.1" 200 28586 "-" "WordPress/6.7.2; https://greatamericanball.com"
198.54.114.83 - - [01/Apr/2025:03:26:14 -0400] "GET /?wp_scrape_key=06409c393015321ab2afd0d692be3185&wp_scrape_nonce=788529487 HTTP/1.1" 200 156192 "-" "WordPress/6.7.2; https://greatamericanball.com"
1.121.192.96 - - [01/Apr/2025:03:26:10 -0400] "POST /wp-admin/admin-ajax.php HTTP/1.1" 200 256 "https://greatamericanball.com/wp-admin/theme-editor.php?file=inc%2Fblocks%2Fgeneral%2Fgeneral.php&theme=safari-blog" "Mozilla/5.0 (Windows NT 10.0; Win64; x64) AppleWebKit/537.36 (KHTML, like Gecko) Chrome/107.0.0.0 Safari/537.36"
198.54.114.83 - - [01/Apr/2025:03:26:16 -0400] "GET /wp-content/themes/safari-blog/inc/blocks/font-family/inc/google-webfonts.json HTTP/1.1" 200 1084380 "-" "WordPress/6.7.2; https://greatamericanball.com"
198.54.114.83 - - [01/Apr/2025:03:26:20 -0400] "GET /wp-content/themes/safari-blog/inc/blocks/font-family/inc/google-webfonts.json HTTP/1.1" 200 1084380 "-" "WordPress/6.7.2; https://greatamericanball.com"
115.166.6.186 - - [01/Apr/2025:03:26:15 -0400] "GET /wp-admin/theme-editor.php?file=single.php&theme=safari-blog HTTP/1.1" 200 27556 "-" "Mozilla/5.0 (Windows NT 10.0; Win64; x64) AppleWebKit/537.36 (KHTML, like Gecko) Chrome/100.0.4896.75 Safari/537.36"
198.54.114.83 - - [01/Apr/2025:03:26:23 -0400] "POST /wp-cron.php?doing_wp_cron=1743492383.0009970664978027343750 HTTP/1.1" 200 0 "-" "WordPress/6.7.2; https://greatamericanball.com"
198.54.114.83 - - [01/Apr/2025:03:26:24 -0400] "POST /wp-admin/admin-ajax.php?action=async_litespeed&nonce=NSZHLJYOPMnFGMdm2BRa8CHMIgrgg6vQ&litespeed_type=imgoptm HTTP/1.1" 200 0 "-" "WordPress/6.7.2; https://greatamericanball.com"
198.54.114.83 - - [01/Apr/2025:03:26:26 -0400] "GET /wp-content/themes/safari-blog/inc/blocks/font-family/inc/google-webfonts.json HTTP/1.1" 200 1084380 "-" "WordPress/6.7.2; https://greatamericanball.com"
198.54.114.83 - - [01/Apr/2025:03:26:27 -0400] "GET /wp-content/themes/safari-blog/inc/blocks/font-family/inc/google-webfonts.json HTTP/1.1" 200 1084380 "-" "WordPress/6.7.2; https://greatamericanball.com"
198.54.114.83 - - [01/Apr/2025:03:26:24 -0400] "GET /wp-admin/theme-editor.php?theme=safari-blog&file=single.php&wp_scrape_key=ec6fd6e877bb08e3499f7106f65b5fd2&wp_scrape_nonce=260088934 HTTP/1.1" 200 28904 "-" "WordPress/6.7.2; https://greatamericanball.com"
198.54.114.83 - - [01/Apr/2025:03:26:29 -0400] "GET /?wp_scrape_key=ec6fd6e877bb08e3499f7106f65b5fd2&wp_scrape_nonce=260088934 HTTP/1.1" 200 156192 "-" "WordPress/6.7.2; https://greatamericanball.com"
1.121.192.96 - - [01/Apr/2025:03:26:22 -0400] "POST /wp-admin/admin-ajax.php HTTP/1.1" 200 256 "https://greatamericanball.com/wp-admin/theme-editor.php?file=single.php&theme=safari-blog" "Mozilla/5.0 (Windows NT 10.0; Win64; x64) AppleWebKit/537.36 (KHTML, like Gecko) Chrome/100.0.4896.75 Safari/537.36"
198.54.114.83 - - [01/Apr/2025:03:26:34 -0400] "GET /wp-content/themes/safari-blog/inc/blocks/font-family/inc/google-webfonts.json HTTP/1.1" 200 1084380 "-" "WordPress/6.7.2; https://greatamericanball.com"
198.54.114.83 - - [01/Apr/2025:03:26:34 -0400] "GET /wp-content/themes/safari-blog/inc/blocks/font-family/inc/google-webfonts.json HTTP/1.1" 200 1084380 "-" "WordPress/6.7.2; https://greatamericanball.com"
203.158.56.229 - - [01/Apr/2025:03:26:33 -0400] "GET /wp-admin/theme-editor.php?file=inc%2Fgraphthemes-widgets%2Fincludes%2Fwidgets%2Fwidget-recent-posts.php&theme=safari-blog HTTP/1.1" 200 29431 "-" "Mozilla/5.0 (Macintosh; Intel Mac OS X 10_15_7) AppleWebKit/605.1.15 (KHTML, like Gecko) Version/17.0 Safari/605.1.15"
198.54.114.83 - - [01/Apr/2025:03:26:39 -0400] "GET /wp-content/themes/safari-blog/inc/blocks/font-family/inc/google-webfonts.json HTTP/1.1" 200 1084380 "-" "WordPress/6.7.2; https://greatamericanball.com"
198.54.114.83 - - [01/Apr/2025:03:26:40 -0400] "GET /wp-content/themes/safari-blog/inc/blocks/font-family/inc/google-webfonts.json HTTP/1.1" 200 1084380 "-" "WordPress/6.7.2; https://greatamericanball.com"
198.54.114.83 - - [01/Apr/2025:03:26:38 -0400] "GET /wp-admin/theme-editor.php?theme=safari-blog&file=inc%2Fgraphthemes-widgets%2Fincludes%2Fwidgets%2Fwidget-recent-posts.php&wp_scrape_key=f50305865f32689d6ba84b482ac5fc88&wp_scrape_nonce=1892405549 HTTP/1.1" 200 30641 "-" "WordPress/6.7.2; https://greatamericanball.com"
198.54.114.83 - - [01/Apr/2025:03:26:41 -0400] "GET /?wp_scrape_key=f50305865f32689d6ba84b482ac5fc88&wp_scrape_nonce=1892405549 HTTP/1.1" 200 156192 "-" "WordPress/6.7.2; https://greatamericanball.com"
112.92.70.120 - - [01/Apr/2025:03:26:41 -0400] "GET /slot-gas-a-new-way-for-roadside-businesses-to-generate-revenue/ HTTP/1.1" 404 1251 "https://greatamericanball.com" "Mozilla/5.0 (Windows NT 10.0; Win64; x64) AppleWebKit/537.36 (KHTML, like Gecko) Chrome/62.0.3202.94 Safari/537.36"
1.121.192.96 - - [01/Apr/2025:03:26:38 -0400] "POST /wp-admin/admin-ajax.php HTTP/1.1" 200 256 "https://greatamericanball.com/wp-admin/theme-editor.php?file=inc%2Fgraphthemes-widgets%2Fincludes%2Fwidgets%2Fwidget-recent-posts.php&theme=safari-blog" "Mozilla/5.0 (Macintosh; Intel Mac OS X 10_15_7) AppleWebKit/605.1.15 (KHTML, like Gecko) Version/17.0 Safari/605.1.15"
112.92.70.120 - - [01/Apr/2025:03:26:44 -0400] "GET /slot-gas-a-new-way-for-roadside-businesses-to-generate-revenue/ HTTP/1.1" 404 1251 "https://greatamericanball.com" "Mozilla/5.0 (Windows NT 10.0; Win64; x64) AppleWebKit/537.36 (KHTML, like Gecko) Chrome/62.0.3202.94 Safari/537.36"
198.54.114.83 - - [01/Apr/2025:03:26:44 -0400] "GET /wp-content/themes/safari-blog/inc/blocks/font-family/inc/google-webfonts.json HTTP/1.1" 200 1084380 "-" "WordPress/6.7.2; https://greatamericanball.com"
198.54.114.83 - - [01/Apr/2025:03:26:46 -0400] "GET /wp-content/themes/safari-blog/inc/blocks/font-family/inc/google-webfonts.json HTTP/1.1" 200 1084380 "-" "WordPress/6.7.2; https://greatamericanball.com"
115.166.6.186 - - [01/Apr/2025:03:26:43 -0400] "GET /wp-admin/theme-editor.php?file=inc%2Fblocks%2Fpost-snippet%2Fpost-snippet.php&theme=safari-blog HTTP/1.1" 200 27380 "-" "Mozilla/5.0 (Windows NT 10.0; Win64; x64) AppleWebKit/537.36 (KHTML, like Gecko) Chrome/99.0.4844.51 Safari/537.36 Edg/99.0.1150.30"
112.92.70.120 - - [01/Apr/2025:03:26:49 -0400] "GET /slot-gas-a-new-way-for-roadside-businesses-to-generate-revenue/ HTTP/1.1" 404 1251 "https://greatamericanball.com" "Mozilla/5.0 (Windows NT 10.0; Win64; x64) AppleWebKit/537.36 (KHTML, like Gecko) Chrome/62.0.3202.94 Safari/537.36"
198.54.114.83 - - [01/Apr/2025:03:26:50 -0400] "GET /wp-content/themes/safari-blog/inc/blocks/font-family/inc/google-webfonts.json HTTP/1.1" 200 1084380 "-" "WordPress/6.7.2; https://greatamericanball.com"
198.54.114.83 - - [01/Apr/2025:03:26:51 -0400] "GET /wp-content/themes/safari-blog/inc/blocks/font-family/inc/google-webfonts.json HTTP/1.1" 200 1084380 "-" "WordPress/6.7.2; https://greatamericanball.com"
198.54.114.83 - - [01/Apr/2025:03:26:49 -0400] "GET /wp-admin/theme-editor.php?theme=safari-blog&file=inc%2Fblocks%2Fpost-snippet%2Fpost-snippet.php&wp_scrape_key=9686847bf08a0d8d72dd5b68f3b17c75&wp_scrape_nonce=1835393698 HTTP/1.1" 200 28639 "-" "WordPress/6.7.2; https://greatamericanball.com"
198.54.114.83 - - [01/Apr/2025:03:26:51 -0400] "GET /?wp_scrape_key=9686847bf08a0d8d72dd5b68f3b17c75&wp_scrape_nonce=1835393698 HTTP/1.1" 200 156192 "-" "WordPress/6.7.2; https://greatamericanball.com"
112.92.70.120 - - [01/Apr/2025:03:26:52 -0400] "GET /slot-gas-a-new-way-for-roadside-businesses-to-generate-revenue/ HTTP/1.1" 404 1251 "https://greatamericanball.com" "Mozilla/5.0 (Windows NT 10.0; Win64; x64) AppleWebKit/537.36 (KHTML, like Gecko) Chrome/62.0.3202.94 Safari/537.36"
1.121.192.96 - - [01/Apr/2025:03:26:48 -0400] "POST /wp-admin/admin-ajax.php HTTP/1.1" 200 256 "https://greatamericanball.com/wp-admin/theme-editor.php?file=inc%2Fblocks%2Fpost-snippet%2Fpost-snippet.php&theme=safari-blog" "Mozilla/5.0 (Windows NT 10.0; Win64; x64) AppleWebKit/537.36 (KHTML, like Gecko) Chrome/99.0.4844.51 Safari/537.36 Edg/99.0.1150.30"
198.54.114.83 - - [01/Apr/2025:03:26:58 -0400] "GET /wp-content/themes/safari-blog/inc/blocks/font-family/inc/google-webfonts.json HTTP/1.1" 200 1084380 "-" "WordPress/6.7.2; https://greatamericanball.com"
198.54.114.83 - - [01/Apr/2025:03:26:58 -0400] "GET /wp-content/themes/safari-blog/inc/blocks/font-family/inc/google-webfonts.json HTTP/1.1" 200 1084380 "-" "WordPress/6.7.2; https://greatamericanball.com"
125.168.104.215 - - [01/Apr/2025:03:26:57 -0400] "GET /wp-admin/theme-editor.php?file=inc%2Fblocks%2Ffont-family%2Finc%2Fclass-fonts-google-local.php&theme=safari-blog HTTP/1.1" 200 30672 "-" "Mozilla/5.0 (Macintosh; Intel Mac OS X 10_15_7) AppleWebKit/605.1.15 (KHTML, like Gecko) Version/15.3 Safari/605.1.15"
198.54.114.83 - - [01/Apr/2025:03:27:02 -0400] "GET /wp-content/themes/safari-blog/inc/blocks/font-family/inc/google-webfonts.json HTTP/1.1" 200 1084380 "-" "WordPress/6.7.2; https://greatamericanball.com"
198.54.114.83 - - [01/Apr/2025:03:27:03 -0400] "GET /wp-content/themes/safari-blog/inc/blocks/font-family/inc/google-webfonts.json HTTP/1.1" 200 1084380 "-" "WordPress/6.7.2; https://greatamericanball.com"
198.54.114.83 - - [01/Apr/2025:03:27:01 -0400] "GET /wp-admin/theme-editor.php?theme=safari-blog&file=inc%2Fblocks%2Ffont-family%2Finc%2Fclass-fonts-google-local.php&wp_scrape_key=8f68ddf0a84beb31631303887b7069fe&wp_scrape_nonce=551680943 HTTP/1.1" 200 31862 "-" "WordPress/6.7.2; https://greatamericanball.com"
198.54.114.83 - - [01/Apr/2025:03:27:04 -0400] "GET /?wp_scrape_key=8f68ddf0a84beb31631303887b7069fe&wp_scrape_nonce=551680943 HTTP/1.1" 200 156192 "-" "WordPress/6.7.2; https://greatamericanball.com"
1.121.192.96 - - [01/Apr/2025:03:27:00 -0400] "POST /wp-admin/admin-ajax.php HTTP/1.1" 200 256 "https://greatamericanball.com/wp-admin/theme-editor.php?file=inc%2Fblocks%2Ffont-family%2Finc%2Fclass-fonts-google-local.php&theme=safari-blog" "Mozilla/5.0 (Macintosh; Intel Mac OS X 10_15_7) AppleWebKit/605.1.15 (KHTML, like Gecko) Version/15.3 Safari/605.1.15"
51.222.253.14 - - [01/Apr/2025:03:27:06 -0400] "GET /the-power-of-eft-tapping/feed/ HTTP/1.1" 404 1251 "-" "Mozilla/5.0 (compatible; AhrefsBot/7.0; +http://ahrefs.com/robot/)"
203.158.56.229 - - [01/Apr/2025:03:27:06 -0400] "GET /wp-admin/theme-editor.php?file=inc%2Fblocks%2Fsite-identity%2Fsite-tagline%2Fsite-tagline.php&theme=safari-blog HTTP/1.1" 200 0 "-" "Mozilla/5.0 (Macintosh; Intel Mac OS X 10_15_7) AppleWebKit/605.1.15 (KHTML, like Gecko) Version/15.5 Safari/605.1.15"
198.54.114.83 - - [01/Apr/2025:03:27:07 -0400] "GET /wp-content/themes/safari-blog/inc/blocks/font-family/inc/google-webfonts.json HTTP/1.1" 200 1084380 "-" "WordPress/6.7.2; https://greatamericanball.com"
198.54.114.83 - - [01/Apr/2025:03:27:09 -0400] "GET /wp-content/themes/safari-blog/inc/blocks/font-family/inc/google-webfonts.json HTTP/1.1" 200 1084380 "-" "WordPress/6.7.2; https://greatamericanball.com"
91.84.98.84 - - [01/Apr/2025:03:27:16 -0400] "GET /where-to-buy-cbd-oil-in-the-uk/ HTTP/1.1" 404 1251 "https://greatamericanball.com/where-to-buy-cbd-oil-in-the-uk/" "Mozilla/5.0 (Windows NT 6.1; Win64; x64) AppleWebKit/537.36 (KHTML, like Gecko) Chrome/103.0.5060.114 Safari/537.36"
91.84.98.84 - - [01/Apr/2025:03:27:16 -0400] "GET / HTTP/1.1" 200 156192 "https://greatamericanball.com/" "Mozilla/5.0 (Windows NT 6.1; Win64; x64) AppleWebKit/537.36 (KHTML, like Gecko) Chrome/103.0.5060.114 Safari/537.36"
47.128.21.30 - - [01/Apr/2025:03:28:00 -0400] "GET /dp/B0B6GK4VTC?ref=MarsFS_VICC_RINGINDC HTTP/1.1" 404 1251 "-" "Mozilla/5.0 (Linux; Android 5.0) AppleWebKit/537.36 (KHTML, like Gecko) Mobile Safari/537.36 (compatible; Bytespider; spider-feedback@bytedance.com)"
174.137.50.30 - - [01/Apr/2025:03:29:07 -0400] "GET / HTTP/1.1" 200 156192 "-" "Mozilla/5.0 (compatible; Googlebot/2.1; +http://www.google.com/bot.html)"
51.222.253.20 - - [01/Apr/2025:03:31:23 -0400] "GET /glutathione-injection/feed/ HTTP/1.1" 404 1251 "-" "Mozilla/5.0 (compatible; AhrefsBot/7.0; +http://ahrefs.com/robot/)"
47.128.25.2 - - [01/Apr/2025:03:31:40 -0400] "GET /dp/B08ZJVVMT4?ref=MarsFS_eero_en HTTP/1.1" 404 1251 "-" "Mozilla/5.0 (Linux; Android 5.0) AppleWebKit/537.36 (KHTML, like Gecko) Mobile Safari/537.36 (compatible; Bytespider; spider-feedback@bytedance.com)"
185.7.214.64 - - [01/Apr/2025:03:31:44 -0400] "GET /wp-login.php HTTP/1.1" 200 1696 "-" "Mozilla/5.0 (Windows NT 10.0; Win64; x64) AppleWebKit/537.36 (KHTML, like Gecko) Chrome/101.0.4951.67 Safari/537.36"
198.54.114.83 - - [01/Apr/2025:03:31:53 -0400] "POST /wp-cron.php?doing_wp_cron=1743492713.2341959476470947265625 HTTP/1.1" 200 0 "-" "WordPress/6.7.2; https://greatamericanball.com"
185.7.214.64 - - [01/Apr/2025:03:31:48 -0400] "GET /wp-login.php?wp_lang=en_US HTTP/1.1" 200 1698 "-" "Mozilla/5.0 (iPhone; CPU iPhone OS 17_2 like Mac OS X) AppleWebKit/605.1.15 (KHTML, like Gecko) Version/17.2 Mobile/15E148 Safari/604.1"
198.54.114.83 - - [01/Apr/2025:03:31:53 -0400] "POST /wp-admin/admin-ajax.php?action=async_litespeed&nonce=br3XzbTvYTsgAHxIehrv3cETc7plWfFF&litespeed_type=imgoptm HTTP/1.1" 200 0 "-" "WordPress/6.7.2; https://greatamericanball.com"
185.7.214.64 - - [01/Apr/2025:03:31:59 -0400] "POST /wp-login.php?wp_lang=en_US HTTP/1.1" 200 1822 "-" "Mozilla/5.0 (iPhone; CPU iPhone OS 17_2 like Mac OS X) AppleWebKit/605.1.15 (KHTML, like Gecko) Version/17.2 Mobile/15E148 Safari/604.1"
178.20.45.182 - - [01/Apr/2025:03:32:05 -0400] "GET /where-to-buy-cbd-oil-in-the-uk/ HTTP/1.1" 404 1251 "https://greatamericanball.com/where-to-buy-cbd-oil-in-the-uk/#comment-5339/" "Mozilla/5.0 (Windows NT 10.0; Win64; x64) AppleWebKit/537.36 (KHTML, like Gecko) Chrome/130.0.0.0 Safari/537.36"
178.20.45.182 - - [01/Apr/2025:03:32:06 -0400] "GET / HTTP/1.1" 200 156192 "https://greatamericanball.com/" "Mozilla/5.0 (Windows NT 10.0; Win64; x64) AppleWebKit/537.36 (KHTML, like Gecko) Chrome/130.0.0.0 Safari/537.36"
112.92.70.120 - - [01/Apr/2025:03:32:15 -0400] "GET /choosing-the-best-cbd-oil-uk/ HTTP/1.1" 404 1251 "https://greatamericanball.com" "Mozilla/5.0 (Windows NT 10.0; Win64; x64) AppleWebKit/537.36 (KHTML, like Gecko) Chrome/62.0.3202.94 Safari/537.36"
112.92.70.120 - - [01/Apr/2025:03:32:18 -0400] "GET /choosing-the-best-cbd-oil-uk/ HTTP/1.1" 404 1251 "https://greatamericanball.com" "Mozilla/5.0 (Windows NT 10.0; Win64; x64) AppleWebKit/537.36 (KHTML, like Gecko) Chrome/62.0.3202.94 Safari/537.36"
112.92.70.120 - - [01/Apr/2025:03:32:27 -0400] "GET /choosing-the-best-cbd-oil-uk/ HTTP/1.1" 404 1251 "https://greatamericanball.com" "Mozilla/5.0 (Windows NT 10.0; Win64; x64) AppleWebKit/537.36 (KHTML, like Gecko) Chrome/62.0.3202.94 Safari/537.36"
112.92.70.120 - - [01/Apr/2025:03:32:30 -0400] "GET /choosing-the-best-cbd-oil-uk/ HTTP/1.1" 404 1251 "https://greatamericanball.com" "Mozilla/5.0 (Windows NT 10.0; Win64; x64) AppleWebKit/537.36 (KHTML, like Gecko) Chrome/62.0.3202.94 Safari/537.36"
51.222.253.1 - - [01/Apr/2025:03:35:49 -0400] "GET /page/20/?gclid=CJ7a-Pf2htECFZJKDQodcGYM4A HTTP/1.1" 404 1251 "-" "Mozilla/5.0 (compatible; AhrefsBot/7.0; +http://ahrefs.com/robot/)"
209.38.146.230 - - [01/Apr/2025:03:37:21 -0400] "GET /wp-login.php HTTP/1.1" 200 1696 "-" "Mozilla/5.0 (Linux; Android 12; Redmi Note 9 Pro Build/SKQ1.211019.001; wv) AppleWebKit/537.36 (KHTML, like Gecko) Version/4.0 Chrome/126.0.6478.71 Mobile Safari/537.36"
114.119.135.199 - - [01/Apr/2025:03:38:17 -0400] "GET /custom-made-socks/ HTTP/1.1" 404 1251 "-" "Mozilla/5.0 (Linux; Android 7.0;) AppleWebKit/537.36 (KHTML, like Gecko) Mobile Safari/537.36 (compatible; PetalBot;+https://webmaster.petalsearch.com/site/petalbot)"
51.222.253.2 - - [01/Apr/2025:03:39:27 -0400] "GET /the-thrill-of-the-poker-casino-a-gamblers-paradise/feed/ HTTP/1.1" 404 1251 "-" "Mozilla/5.0 (compatible; AhrefsBot/7.0; +http://ahrefs.com/robot/)"
124.156.110.185 - - [01/Apr/2025:03:41:54 -0400] "GET /online-gambling-handy-tips/ HTTP/1.1" 404 1251 "-" "Python/3.10 aiohttp/3.10.5"
51.222.253.14 - - [01/Apr/2025:03:43:37 -0400] "GET /fenben-for-humans-a-case-study/feed/ HTTP/1.1" 404 1251 "-" "Mozilla/5.0 (compatible; AhrefsBot/7.0; +http://ahrefs.com/robot/)"
157.55.39.6 - - [01/Apr/2025:03:44:30 -0400] "GET /the-path-to-language-proficiency/ HTTP/1.1" 404 1251 "-" "Mozilla/5.0 AppleWebKit/537.36 (KHTML, like Gecko; compatible; bingbot/2.0; +http://www.bing.com/bingbot.htm) Chrome/116.0.1938.76 Safari/537.36"
52.167.144.172 - - [01/Apr/2025:03:46:55 -0400] "GET /unlocking-efficiency-and-connectivity-with-multicanais/ HTTP/1.1" 404 1251 "-" "Mozilla/5.0 AppleWebKit/537.36 (KHTML, like Gecko; compatible; bingbot/2.0; +http://www.bing.com/bingbot.htm) Chrome/116.0.1938.76 Safari/537.36"
51.222.253.8 - - [01/Apr/2025:03:47:12 -0400] "GET /top-5-foundations-with-spf/feed/ HTTP/1.1" 404 1251 "-" "Mozilla/5.0 (compatible; AhrefsBot/7.0; +http://ahrefs.com/robot/)"
43.154.122.150 - - [01/Apr/2025:03:50:14 -0400] "GET /unveiling-the-dynamic-world-of-online-casinos/ HTTP/1.1" 404 1251 "-" "Python/3.10 aiohttp/3.10.5"
51.222.253.19 - - [01/Apr/2025:03:51:27 -0400] "GET /vita-glow-night-cream/feed/ HTTP/1.1" 404 1251 "-" "Mozilla/5.0 (compatible; AhrefsBot/7.0; +http://ahrefs.com/robot/)"
178.20.45.182 - - [01/Apr/2025:03:51:35 -0400] "GET /where-to-buy-cbd-oil-in-the-uk/ HTTP/1.1" 404 1251 "https://greatamericanball.com/where-to-buy-cbd-oil-in-the-uk/#comment-5339/" "Mozilla/5.0 (Windows NT 10.0; Win64; x64) AppleWebKit/537.36 (KHTML, like Gecko) Chrome/130.0.0.0 Safari/537.36"
178.20.45.182 - - [01/Apr/2025:03:51:56 -0400] "GET / HTTP/1.1" 200 156192 "https://greatamericanball.com/" "Mozilla/5.0 (Windows NT 10.0; Win64; x64) AppleWebKit/537.36 (KHTML, like Gecko) Chrome/130.0.0.0 Safari/537.36"
51.222.253.2 - - [01/Apr/2025:03:55:05 -0400] "GET /comment-gagner-de-largent-avec-un-site-web-4-facons-rentables/feed/ HTTP/1.1" 404 1251 "-" "Mozilla/5.0 (compatible; AhrefsBot/7.0; +http://ahrefs.com/robot/)"
51.222.253.14 - - [01/Apr/2025:03:59:17 -0400] "GET /agence-de-publicite-sur-les-reseaux-sociaux-paris-2/feed/ HTTP/1.1" 404 1251 "-" "Mozilla/5.0 (compatible; AhrefsBot/7.0; +http://ahrefs.com/robot/)"
134.122.133.12 - - [01/Apr/2025:04:00:26 -0400] "GET / HTTP/1.1" 200 156192 "https://greatamericanball.com/" "Mozilla/4.0 (compatible; MSIE 9.0; Windows NT 6.1)"
51.222.253.17 - - [01/Apr/2025:04:03:39 -0400] "GET /why-you-should-outsource-photo-editing/feed/ HTTP/1.1" 404 1251 "-" "Mozilla/5.0 (compatible; AhrefsBot/7.0; +http://ahrefs.com/robot/)"
47.128.30.88 - - [01/Apr/2025:04:07:18 -0400] "GET /dp/B0B2BY4ZG7?ref=MarsFS_VICC_rvdw HTTP/1.1" 404 1251 "-" "Mozilla/5.0 (Linux; Android 5.0) AppleWebKit/537.36 (KHTML, like Gecko) Mobile Safari/537.36 (compatible; Bytespider; spider-feedback@bytedance.com)"
195.2.84.198 - - [01/Apr/2025:04:08:32 -0400] "GET /where-to-buy-cbd-oil-in-the-uk/ HTTP/1.1" 404 1251 "https://greatamericanball.com/where-to-buy-cbd-oil-in-the-uk/#comment-13117/" "Mozilla/5.0 (Windows NT 10.0; Win64; x64) AppleWebKit/537.36 (KHTML, like Gecko) Chrome/131.0.0.0 Safari/537.36 Avast/131.0.0.0"
195.2.84.198 - - [01/Apr/2025:04:08:35 -0400] "GET / HTTP/1.1" 200 156192 "https://greatamericanball.com/" "Mozilla/5.0 (Windows NT 10.0; Win64; x64) AppleWebKit/537.36 (KHTML, like Gecko) Chrome/131.0.0.0 Safari/537.36 Avast/131.0.0.0"
51.222.253.14 - - [01/Apr/2025:04:10:57 -0400] "GET /enjoy-the-riding-experience-with-the-bamboo-bicycles-and-trikes/feed/ HTTP/1.1" 404 1251 "-" "Mozilla/5.0 (compatible; AhrefsBot/7.0; +http://ahrefs.com/robot/)"
114.119.132.101 - - [01/Apr/2025:04:14:09 -0400] "GET /col-du-tourmalet/ HTTP/1.1" 404 1251 "-" "Mozilla/5.0 (Linux; Android 7.0;) AppleWebKit/537.36 (KHTML, like Gecko) Mobile Safari/537.36 (compatible; PetalBot;+https://webmaster.petalsearch.com/site/petalbot)"
52.167.144.204 - - [01/Apr/2025:04:15:45 -0400] "GET /buy-youtube-views-in-the-cheapest-price/ HTTP/1.1" 404 1251 "-" "Mozilla/5.0 AppleWebKit/537.36 (KHTML, like Gecko; compatible; bingbot/2.0; +http://www.bing.com/bingbot.htm) Chrome/116.0.1938.76 Safari/537.36"
85.208.98.29 - - [01/Apr/2025:04:16:35 -0400] "GET /massage/ HTTP/1.1" 404 1251 "-" "Mozilla/5.0 (compatible; SemrushBot-BA; +http://www.semrush.com/bot.html)"
85.208.98.16 - - [01/Apr/2025:04:17:27 -0400] "GET /the-art-and-benefits-of-massage-therapy-2/ HTTP/1.1" 404 1251 "-" "Mozilla/5.0 (compatible; SemrushBot-BA; +http://www.semrush.com/bot.html)"
91.84.100.21 - - [01/Apr/2025:04:17:55 -0400] "GET /where-to-buy-cbd-oil-in-the-uk/ HTTP/1.1" 404 1251 "https://greatamericanball.com/where-to-buy-cbd-oil-in-the-uk/" "Mozilla/5.0 (Windows NT 10.0; Win64; x64) AppleWebKit/537.36 (KHTML, like Gecko) Chrome/130.0.0.0 Safari/537.36 CCleaner/130.0.0.0"
91.84.100.21 - - [01/Apr/2025:04:17:56 -0400] "GET / HTTP/1.1" 200 156192 "https://greatamericanball.com/" "Mozilla/5.0 (Windows NT 10.0; Win64; x64) AppleWebKit/537.36 (KHTML, like Gecko) Chrome/130.0.0.0 Safari/537.36 CCleaner/130.0.0.0"
40.77.167.70 - - [01/Apr/2025:04:17:56 -0400] "GET /unveiling-the-allure-of-sotogrande-plots-a-paradise-for-dream-home-builders/ HTTP/1.1" 404 1251 "-" "Mozilla/5.0 AppleWebKit/537.36 (KHTML, like Gecko; compatible; bingbot/2.0; +http://www.bing.com/bingbot.htm) Chrome/116.0.1938.76 Safari/537.36"
51.222.253.1 - - [01/Apr/2025:04:18:27 -0400] "GET /enjoy-painting-by-numbers/feed/ HTTP/1.1" 404 1251 "-" "Mozilla/5.0 (compatible; AhrefsBot/7.0; +http://ahrefs.com/robot/)"
47.128.32.202 - - [01/Apr/2025:04:19:24 -0400] "GET /dp/B0D3RN5W37?ref=MarsFS_VICC_blinksqm HTTP/1.1" 404 1251 "-" "Mozilla/5.0 (Linux; Android 5.0) AppleWebKit/537.36 (KHTML, like Gecko) Mobile Safari/537.36 (compatible; Bytespider; spider-feedback@bytedance.com)"
52.167.144.204 - - [01/Apr/2025:04:24:16 -0400] "GET /the-phenomenon-of-steroids-in-thailand/ HTTP/1.1" 404 1251 "-" "Mozilla/5.0 AppleWebKit/537.36 (KHTML, like Gecko; compatible; bingbot/2.0; +http://www.bing.com/bingbot.htm) Chrome/116.0.1938.76 Safari/537.36"
51.222.253.13 - - [01/Apr/2025:04:26:32 -0400] "GET /pregnancy-stretch-mark-cream-suggestions/feed/ HTTP/1.1" 404 1251 "-" "Mozilla/5.0 (compatible; AhrefsBot/7.0; +http://ahrefs.com/robot/)"
77.238.251.212 - - [01/Apr/2025:04:27:59 -0400] "GET /where-to-buy-cbd-oil-in-the-uk/ HTTP/1.1" 404 1251 "https://greatamericanball.com/where-to-buy-cbd-oil-in-the-uk/" "Mozilla/5.0 (Windows NT 10.0; Win64; x64) AppleWebKit/537.36 (KHTML, like Gecko) Chrome/129.0.0.0 Safari/537.36"
77.238.251.212 - - [01/Apr/2025:04:27:59 -0400] "GET / HTTP/1.1" 200 156192 "https://greatamericanball.com/" "Mozilla/5.0 (Windows NT 10.0; Win64; x64) AppleWebKit/537.36 (KHTML, like Gecko) Chrome/129.0.0.0 Safari/537.36"
198.54.114.83 - - [01/Apr/2025:04:34:05 -0400] "POST /wp-cron.php?doing_wp_cron=1743496443.6672899723052978515625 HTTP/1.1" 200 0 "-" "WordPress/6.7.2; https://greatamericanball.com"
34.64.218.102 - - [01/Apr/2025:04:33:58 -0400] "POST /xmlrpc.php HTTP/1.1" 200 205 "-" "Mozilla/5.0 (X11; Fedora; Linux x86_64; rv:94.0) Gecko/20100101 Firefox/95.0"
51.222.253.7 - - [01/Apr/2025:04:34:34 -0400] "GET /unlocking-the-power-of-glutathione-injections-a-holistic-approach-to-wellness/feed/ HTTP/1.1" 404 1251 "-" "Mozilla/5.0 (compatible; AhrefsBot/7.0; +http://ahrefs.com/robot/)"
51.222.253.19 - - [01/Apr/2025:04:42:36 -0400] "GET /vita-glow-skin-whitening-night-cream-review/feed/ HTTP/1.1" 404 1251 "-" "Mozilla/5.0 (compatible; AhrefsBot/7.0; +http://ahrefs.com/robot/)"
178.20.45.182 - - [01/Apr/2025:04:42:44 -0400] "GET /where-to-buy-cbd-oil-in-the-uk/ HTTP/1.1" 404 1251 "https://greatamericanball.com/where-to-buy-cbd-oil-in-the-uk/#comment-5339/" "Mozilla/5.0 (Windows NT 10.0; Win64; x64) AppleWebKit/537.36 (KHTML, like Gecko) Chrome/129.0.0.0 Safari/537.36"
178.20.45.182 - - [01/Apr/2025:04:42:45 -0400] "GET / HTTP/1.1" 200 156192 "https://greatamericanball.com/" "Mozilla/5.0 (Windows NT 10.0; Win64; x64) AppleWebKit/537.36 (KHTML, like Gecko) Chrome/129.0.0.0 Safari/537.36"
198.54.114.83 - - [01/Apr/2025:04:43:37 -0400] "POST /wp-cron.php?doing_wp_cron=1743497016.5586550235748291015625 HTTP/1.1" 200 0 "-" "WordPress/6.7.2; https://greatamericanball.com"
185.218.125.245 - - [01/Apr/2025:04:43:30 -0400] "POST /xmlrpc.php HTTP/1.1" 200 205 "-" "Mozilla/5.0 (X11; Fedora; Linux x86_64; rv:94.0) Gecko/20100101 Firefox/95.0"
185.7.214.64 - - [01/Apr/2025:04:47:17 -0400] "GET /wp-login.php HTTP/1.1" 200 1696 "-" "Mozilla/5.0 (Windows NT 10.0; Win64; x64) AppleWebKit/537.36 (KHTML, like Gecko) Chrome/99.0.4844.51 Safari/537.36"
198.54.114.83 - - [01/Apr/2025:04:47:34 -0400] "POST /wp-cron.php?doing_wp_cron=1743497254.0449590682983398437500 HTTP/1.1" 200 0 "-" "WordPress/6.7.2; https://greatamericanball.com"
185.7.214.64 - - [01/Apr/2025:04:47:28 -0400] "GET /wp-login.php?wp_lang=en_US HTTP/1.1" 200 1698 "-" "Mozilla/5.0 (Linux; Android 12; Pixel 6) AppleWebKit/537.36 (KHTML, like Gecko) Chrome/99.0.4844.58 Mobile Safari/537.36"
198.54.114.83 - - [01/Apr/2025:04:47:34 -0400] "POST /wp-admin/admin-ajax.php?action=async_litespeed&nonce=6pkVcr83Gopx3Z4FINRHn2IHVCOKTGYl&litespeed_type=imgoptm HTTP/1.1" 200 0 "-" "WordPress/6.7.2; https://greatamericanball.com"
185.7.214.64 - - [01/Apr/2025:04:47:43 -0400] "POST /wp-login.php?wp_lang=en_US HTTP/1.1" 200 1822 "-" "Mozilla/5.0 (Linux; Android 12; Pixel 6) AppleWebKit/537.36 (KHTML, like Gecko) Chrome/99.0.4844.58 Mobile Safari/537.36"
203.220.158.6 - - [01/Apr/2025:04:47:57 -0400] "GET / HTTP/1.1" 200 156192 "-" "Mozilla/5.0 (Macintosh; Intel Mac OS X 10_15_7) AppleWebKit/537.36 (KHTML, like Gecko) Chrome/120.0.0.0 Safari/537.36"
