123.6.49.12 - - [31/Mar/2025:08:25:41 -0400] "GET /favicon.ico HTTP/1.1" 404 1251 "-" "Mozilla/5.0 (Windows NT 10.0; Win64; x64) AppleWebKit/537.36 (KHTML, like Gecko) Chrome/120.0.0.0 Safari/537.36"
87.250.224.116 - - [31/Mar/2025:08:25:45 -0400] "GET /robots.txt HTTP/1.1" 304 0 "-" "Mozilla/5.0 (compatible; YandexBot/3.0; +http://yandex.com/bots)"
213.180.203.197 - - [31/Mar/2025:08:25:46 -0400] "GET /pex-water-pipes/ HTTP/1.1" 404 1251 "-" "Mozilla/5.0 (compatible; YandexBot/3.0; +http://yandex.com/bots)"
51.222.253.2 - - [31/Mar/2025:08:25:52 -0400] "GET /charming-chuckles-unleashing-the-wit-of-funny-pick-up-lines/feed/ HTTP/1.1" 404 1251 "-" "Mozilla/5.0 (compatible; AhrefsBot/7.0; +http://ahrefs.com/robot/)"
104.168.173.24 - - [31/Mar/2025:08:27:40 -0400] "GET /the-allure-and-risks-of-satta-king-a-deep-dive/ HTTP/1.1" 404 1251 "-" "Mozilla/5.0 (Macintosh; Intel Mac OS X 12_5) AppleWebKit/537.36 (KHTML, like Gecko) Chrome/114.0.0.0 Safari/537.36 OPR/89.0.4447.51"
104.168.173.24 - - [31/Mar/2025:08:27:40 -0400] "GET / HTTP/1.1" 200 156192 "-" "Mozilla/5.0 (Macintosh; Intel Mac OS X 12_5) AppleWebKit/537.36 (KHTML, like Gecko) Chrome/114.0.0.0 Safari/537.36 OPR/89.0.4447.51"
104.168.173.24 - - [31/Mar/2025:08:27:42 -0400] "GET /dp/B0D3RN5W37?ref=MarsFS_VICC_blinksqm HTTP/1.1" 404 1251 "https://greatamericanball.com" "Mozilla/5.0 (Macintosh; Intel Mac OS X 12_5) AppleWebKit/537.36 (KHTML, like Gecko) Chrome/114.0.0.0 Safari/537.36 OPR/89.0.4447.51"
104.168.173.24 - - [31/Mar/2025:08:27:42 -0400] "GET / HTTP/1.1" 200 156192 "https://greatamericanball.com" "Mozilla/5.0 (Macintosh; Intel Mac OS X 12_5) AppleWebKit/537.36 (KHTML, like Gecko) Chrome/114.0.0.0 Safari/537.36 OPR/89.0.4447.51"
51.222.253.2 - - [31/Mar/2025:08:29:56 -0400] "GET /a-rising-interest/feed/ HTTP/1.1" 404 1251 "-" "Mozilla/5.0 (compatible; AhrefsBot/7.0; +http://ahrefs.com/robot/)"
51.222.253.16 - - [31/Mar/2025:08:34:01 -0400] "GET /exploring-pinetree-hill-condo/feed/ HTTP/1.1" 404 1251 "-" "Mozilla/5.0 (compatible; AhrefsBot/7.0; +http://ahrefs.com/robot/)"
51.222.253.8 - - [31/Mar/2025:08:38:12 -0400] "GET /real-estate-investing-for-beginners-part-2-types-of-properties-for-new-real-estate-investors/feed/ HTTP/1.1" 404 1251 "-" "Mozilla/5.0 (compatible; AhrefsBot/7.0; +http://ahrefs.com/robot/)"
198.54.114.83 - - [31/Mar/2025:08:41:16 -0400] "POST /wp-admin/admin-ajax.php?action=async_litespeed&nonce=EtB9b9gxH3yRswXqVQr6lf3WEc2p3njw&litespeed_type=imgoptm HTTP/1.1" 200 5 "-" "WordPress/6.7.2; https://greatamericanball.com"
51.222.253.20 - - [31/Mar/2025:08:42:20 -0400] "GET /the-role-of-fda-cosmetic-regulations-in-consumer-safety/feed/ HTTP/1.1" 404 1251 "-" "Mozilla/5.0 (compatible; AhrefsBot/7.0; +http://ahrefs.com/robot/)"
107.20.196.188 - - [31/Mar/2025:08:42:45 -0400] "GET /the-benefits-of-double-glazing-nath/ HTTP/1.1" 404 1251 "-" "Grammarly/1.0 (http://www.grammarly.com)"
58.254.68.93 - - [31/Mar/2025:08:44:29 -0400] "GET /the-mk-bucket-bag-is-a-must-have-for-every-woman/ HTTP/1.1" 404 1251 "https://greatamericanball.com" "Mozilla/5.0 (Windows NT 10.0; Win64; x64) AppleWebKit/537.36 (KHTML, like Gecko) Chrome/62.0.3202.94 Safari/537.36"
58.254.68.93 - - [31/Mar/2025:08:44:30 -0400] "GET /the-mk-bucket-bag-is-a-must-have-for-every-woman/ HTTP/1.1" 404 1251 "https://greatamericanball.com" "Mozilla/5.0 (Windows NT 10.0; Win64; x64) AppleWebKit/537.36 (KHTML, like Gecko) Chrome/62.0.3202.94 Safari/537.36"
58.254.68.93 - - [31/Mar/2025:08:44:33 -0400] "GET /the-mk-bucket-bag-is-a-must-have-for-every-woman/ HTTP/1.1" 404 1251 "https://greatamericanball.com" "Mozilla/5.0 (Windows NT 10.0; Win64; x64) AppleWebKit/537.36 (KHTML, like Gecko) Chrome/62.0.3202.94 Safari/537.36"
58.254.68.93 - - [31/Mar/2025:08:44:35 -0400] "GET /the-mk-bucket-bag-is-a-must-have-for-every-woman/ HTTP/1.1" 404 1251 "https://greatamericanball.com" "Mozilla/5.0 (Windows NT 10.0; Win64; x64) AppleWebKit/537.36 (KHTML, like Gecko) Chrome/62.0.3202.94 Safari/537.36"
51.222.253.1 - - [31/Mar/2025:08:46:49 -0400] "GET /innovative-digital-wedding-invitations-transforming-traditional-invites/feed/ HTTP/1.1" 404 1251 "-" "Mozilla/5.0 (compatible; AhrefsBot/7.0; +http://ahrefs.com/robot/)"
85.208.96.206 - - [31/Mar/2025:08:50:13 -0400] "GET /robots.txt HTTP/1.1" 304 0 "-" "Mozilla/5.0 (compatible; SemrushBot/7~bl; +http://www.semrush.com/bot.html)"
85.208.96.200 - - [31/Mar/2025:08:50:21 -0400] "GET /the-rise-of-online-lottery-games/ HTTP/1.1" 404 1251 "-" "Mozilla/5.0 (compatible; SemrushBot/7~bl; +http://www.semrush.com/bot.html)"
51.222.253.9 - - [31/Mar/2025:08:52:46 -0400] "GET /why-virtual-telephone-answering-services-are-essential-for-modern-businesses/feed/ HTTP/1.1" 404 1251 "-" "Mozilla/5.0 (compatible; AhrefsBot/7.0; +http://ahrefs.com/robot/)"
44.217.146.197 - - [31/Mar/2025:08:56:14 -0400] "GET /the-benefits-of-double-glazing-nath/ HTTP/1.1" 404 1251 "-" "Grammarly/1.0 (http://www.grammarly.com)"
51.222.253.9 - - [31/Mar/2025:08:57:33 -0400] "GET /ocean-jewelry-a-treasure-from-the-depths-of-the-sea/feed/ HTTP/1.1" 404 1251 "-" "Mozilla/5.0 (compatible; AhrefsBot/7.0; +http://ahrefs.com/robot/)"
51.222.253.14 - - [31/Mar/2025:09:02:04 -0400] "GET /employee-communication-apps/feed/ HTTP/1.1" 404 1251 "-" "Mozilla/5.0 (compatible; AhrefsBot/7.0; +http://ahrefs.com/robot/)"
51.222.253.4 - - [31/Mar/2025:09:06:18 -0400] "GET /the-appeal-of-shark-tank-reruns/feed/ HTTP/1.1" 404 1251 "-" "Mozilla/5.0 (compatible; AhrefsBot/7.0; +http://ahrefs.com/robot/)"
198.54.114.83 - - [31/Mar/2025:09:08:12 -0400] "POST /wp-admin/admin-ajax.php?action=async_litespeed&nonce=EHePRS9W6yNrqIXQIduB8N57hXGirC6o&litespeed_type=imgoptm HTTP/1.1" 200 5 "-" "WordPress/6.7.2; https://greatamericanball.com"
156.228.117.225 - - [31/Mar/2025:09:08:14 -0400] "GET /wp-login.php HTTP/1.1" 200 1696 "-" "Mozilla/5.0 (Windows NT 10.0; Win64; x64) AppleWebKit/537.36 (KHTML, like Gecko) Chrome/106.0.0.0 Safari/537.36"
156.228.102.139 - - [31/Mar/2025:09:08:14 -0400] "GET /wp-login.php HTTP/1.1" 200 1696 "-" "Mozilla/5.0 (Windows NT 10.0; Win64; x64) AppleWebKit/537.36 (KHTML, like Gecko) Chrome/106.0.0.0 Safari/537.36"
112.86.225.102 - - [31/Mar/2025:09:09:25 -0400] "GET / HTTP/1.1" 200 156192 "-" "Sogou web spider/4.0(+http://www.sogou.com/docs/help/webmasters.htm#07)"
2a03:2880:f800:6:: - - [31/Mar/2025:09:09:28 -0400] "GET /instagram-follower/ HTTP/1.1" 404 1251 "-" "meta-externalagent/1.1 (+https://developers.facebook.com/docs/sharing/webmasters/crawler)"
51.222.253.19 - - [31/Mar/2025:09:10:04 -0400] "GET /a-game-changer-for-corporate-travelers/feed/ HTTP/1.1" 404 1251 "-" "Mozilla/5.0 (compatible; AhrefsBot/7.0; +http://ahrefs.com/robot/)"
198.54.114.83 - - [31/Mar/2025:09:10:31 -0400] "POST /wp-admin/admin-ajax.php?action=async_litespeed&nonce=SyqezNRyMBqFVhZAOn59LRAYb4LNBTo7&litespeed_type=imgoptm HTTP/1.1" 200 5 "-" "WordPress/6.7.2; https://greatamericanball.com"
51.222.253.5 - - [31/Mar/2025:09:14:05 -0400] "GET /art-of-deleting-your-instagram-account/ HTTP/1.1" 404 1251 "-" "Mozilla/5.0 (compatible; AhrefsBot/7.0; +http://ahrefs.com/robot/)"
51.222.253.1 - - [31/Mar/2025:09:18:15 -0400] "GET /the-keys-to-success-to-investing-in-real-estate/feed/ HTTP/1.1" 404 1251 "-" "Mozilla/5.0 (compatible; AhrefsBot/7.0; +http://ahrefs.com/robot/)"
51.222.253.10 - - [31/Mar/2025:09:22:16 -0400] "GET /the-hill-one-north-condo-is-a-new-mixed-development-coming-up-along-slim-barracks-rise-in-district-5/feed/ HTTP/1.1" 404 1251 "-" "Mozilla/5.0 (compatible; AhrefsBot/7.0; +http://ahrefs.com/robot/)"
85.208.96.212 - - [31/Mar/2025:09:24:10 -0400] "GET /the-essential-role-of-kitchen-cabinet-manufacturers/ HTTP/1.1" 404 1251 "-" "Mozilla/5.0 (compatible; SemrushBot/7~bl; +http://www.semrush.com/bot.html)"
51.222.253.11 - - [31/Mar/2025:09:26:20 -0400] "GET /6-valuable-safety-tips-for-all-e-cigs-beginners-to-follow/feed/ HTTP/1.1" 404 1251 "-" "Mozilla/5.0 (compatible; AhrefsBot/7.0; +http://ahrefs.com/robot/)"
51.222.253.2 - - [31/Mar/2025:09:30:14 -0400] "GET /instant-access-gpu/feed/ HTTP/1.1" 404 1251 "-" "Mozilla/5.0 (compatible; AhrefsBot/7.0; +http://ahrefs.com/robot/)"
139.59.18.154 - - [31/Mar/2025:09:32:07 -0400] "GET /wp-login.php HTTP/1.1" 200 1696 "-" "Mozila/5.0"
198.54.114.83 - - [31/Mar/2025:09:32:10 -0400] "POST /wp-cron.php?doing_wp_cron=1743427930.0085000991821289062500 HTTP/1.1" 200 0 "-" "WordPress/6.7.2; https://greatamericanball.com"
139.59.18.154 - - [31/Mar/2025:09:32:07 -0400] "POST /wp-login.php HTTP/1.1" 200 1828 "-" "Mozila/5.0"
198.54.114.83 - - [31/Mar/2025:09:32:10 -0400] "POST /wp-admin/admin-ajax.php?action=async_litespeed&nonce=oBkJDBUF9RN8M6bQXF8B7LP34XJ7zB1d&litespeed_type=imgoptm HTTP/1.1" 200 5 "-" "WordPress/6.7.2; https://greatamericanball.com"
139.59.18.154 - - [31/Mar/2025:09:32:10 -0400] "GET /wp-admin/ HTTP/1.1" 302 0 "-" "Mozila/5.0"
139.59.18.154 - - [31/Mar/2025:09:32:11 -0400] "GET /wp-login.php?redirect_to=https%3A%2F%2Fgreatamericanball.com%2Fwp-admin%2F&reauth=1 HTTP/1.1" 200 1696 "-" "Mozila/5.0"
5.196.78.175 - - [31/Mar/2025:09:32:40 -0400] "GET /navigating-the-digital-dice-the-evolution-of-online-casinos/ HTTP/1.1" 404 1251 "https://greatamericanball.com/" "Mozilla/5.0 (Linux x86_64; rv:114.0) Gecko/20100101 Firefox/114.0"
5.196.78.175 - - [31/Mar/2025:09:33:00 -0400] "GET / HTTP/1.1" 200 156192 "https://greatamericanball.com" "Mozilla/5.0 (Linux x86_64; rv:114.0) Gecko/20100101 Firefox/114.0"
5.196.78.175 - - [31/Mar/2025:09:33:25 -0400] "GET /dp/B0D3RN5W37?ref=MarsFS_VICC_blinksqm HTTP/1.1" 404 1251 "https://greatamericanball.com" "Mozilla/5.0 (Linux x86_64; rv:114.0) Gecko/20100101 Firefox/114.0"
5.196.78.175 - - [31/Mar/2025:09:33:45 -0400] "GET / HTTP/1.1" 200 156192 "https://greatamericanball.com" "Mozilla/5.0 (Linux x86_64; rv:114.0) Gecko/20100101 Firefox/114.0"
51.222.253.1 - - [31/Mar/2025:09:34:10 -0400] "GET /5-reasons-to-buy-youtube-likes/feed/ HTTP/1.1" 404 1251 "-" "Mozilla/5.0 (compatible; AhrefsBot/7.0; +http://ahrefs.com/robot/)"
198.54.114.83 - - [31/Mar/2025:09:35:42 -0400] "POST /wp-cron.php?doing_wp_cron=1743428142.0815179347991943359375 HTTP/1.1" 200 0 "-" "WordPress/6.7.2; https://greatamericanball.com"
77.91.66.253 - - [31/Mar/2025:09:35:38 -0400] "GET /wp-login.php?action=register HTTP/1.1" 302 0 "https://greatamericanball.com/wp-login.php?action=register" "Mozilla/5.0 (X11; Linux x86_64; rv:135.0) Gecko/20100101 Firefox/135.0"
198.54.114.83 - - [31/Mar/2025:09:35:42 -0400] "POST /wp-admin/admin-ajax.php?action=async_litespeed&nonce=CERKeEIefWr565hQIBKfEsvT3WyBAr9q&litespeed_type=imgoptm HTTP/1.1" 200 5 "-" "WordPress/6.7.2; https://greatamericanball.com"
51.222.253.18 - - [31/Mar/2025:09:38:10 -0400] "GET /unveiling-kassia-the-forgotten-voice-of-byzantine-hymnography/ HTTP/1.1" 404 1251 "-" "Mozilla/5.0 (compatible; AhrefsBot/7.0; +http://ahrefs.com/robot/)"
84.54.44.19 - - [31/Mar/2025:09:38:53 -0400] "GET /where-to-buy-cbd-oil-in-the-uk/ HTTP/1.1" 404 1251 "https://greatamericanball.com/where-to-buy-cbd-oil-in-the-uk/#comment-6703/" "Mozilla/5.0 (Windows NT 10.0; Win64; x64) AppleWebKit/537.36 (KHTML, like Gecko) Chrome/129.0.0.0 Safari/537.36"
84.54.44.19 - - [31/Mar/2025:09:38:56 -0400] "GET / HTTP/1.1" 200 156192 "https://greatamericanball.com/" "Mozilla/5.0 (Windows NT 10.0; Win64; x64) AppleWebKit/537.36 (KHTML, like Gecko) Chrome/129.0.0.0 Safari/537.36"
51.222.253.19 - - [31/Mar/2025:09:42:15 -0400] "GET /why-upgrade-your-conservatory-roof/feed/ HTTP/1.1" 404 1251 "-" "Mozilla/5.0 (compatible; AhrefsBot/7.0; +http://ahrefs.com/robot/)"
51.222.253.8 - - [31/Mar/2025:09:46:06 -0400] "GET /aide-marketing-entreprise/feed/ HTTP/1.1" 404 1251 "-" "Mozilla/5.0 (compatible; AhrefsBot/7.0; +http://ahrefs.com/robot/)"
51.222.253.17 - - [31/Mar/2025:09:50:22 -0400] "GET /enhancing-workplace-efficiency-with-employee-communication-apps/feed/ HTTP/1.1" 404 1251 "-" "Mozilla/5.0 (compatible; AhrefsBot/7.0; +http://ahrefs.com/robot/)"
52.167.144.191 - - [31/Mar/2025:09:53:03 -0400] "GET /page/6/ HTTP/1.1" 404 1251 "-" "Mozilla/5.0 AppleWebKit/537.36 (KHTML, like Gecko; compatible; bingbot/2.0; +http://www.bing.com/bingbot.htm) Chrome/116.0.1938.76 Safari/537.36"
85.208.96.198 - - [31/Mar/2025:09:54:02 -0400] "GET /mypopsox/ HTTP/1.1" 404 1251 "-" "Mozilla/5.0 (compatible; SemrushBot/7~bl; +http://www.semrush.com/bot.html)"
51.222.253.15 - - [31/Mar/2025:09:54:32 -0400] "GET /choosing-the-perfect-hotel-room-furniture/feed/ HTTP/1.1" 404 1251 "-" "Mozilla/5.0 (compatible; AhrefsBot/7.0; +http://ahrefs.com/robot/)"
121.184.19.115 - - [31/Mar/2025:09:58:52 -0400] "GET /the-allure-and-risks-of-satta-king-a-deep-dive/ HTTP/1.1" 404 1251 "-" "Mozilla/5.0 (X11; Linux x86_64) AppleWebKit/537.36 (KHTML, like Gecko) Chrome/114.0.0.0 Safari/537.36 Vivaldi/5.3.2679.68"
121.184.19.115 - - [31/Mar/2025:09:58:52 -0400] "GET / HTTP/1.1" 200 156192 "-" "Mozilla/5.0 (X11; Linux x86_64) AppleWebKit/537.36 (KHTML, like Gecko) Chrome/114.0.0.0 Safari/537.36 Vivaldi/5.3.2679.68"
121.184.19.115 - - [31/Mar/2025:09:58:58 -0400] "GET /dp/B0D3RN5W37?ref=MarsFS_VICC_blinksqm HTTP/1.1" 404 1251 "https://greatamericanball.com" "Mozilla/5.0 (X11; Linux x86_64) AppleWebKit/537.36 (KHTML, like Gecko) Chrome/114.0.0.0 Safari/537.36 Vivaldi/5.3.2679.68"
121.184.19.115 - - [31/Mar/2025:09:58:59 -0400] "GET / HTTP/1.1" 200 156192 "https://greatamericanball.com" "Mozilla/5.0 (X11; Linux x86_64) AppleWebKit/537.36 (KHTML, like Gecko) Chrome/114.0.0.0 Safari/537.36 Vivaldi/5.3.2679.68"
51.222.253.17 - - [31/Mar/2025:09:59:04 -0400] "GET /revolutionizing-convenience-in-your-kitchens/feed/ HTTP/1.1" 404 1251 "-" "Mozilla/5.0 (compatible; AhrefsBot/7.0; +http://ahrefs.com/robot/)"
165.227.174.161 - - [31/Mar/2025:09:59:11 -0400] "GET / HTTP/1.1" 200 156192 "-" "Mozilla/5.0 (compatible)"
51.222.253.9 - - [31/Mar/2025:10:02:39 -0400] "GET /the-modern-kitchen-revolution/feed/ HTTP/1.1" 404 1251 "-" "Mozilla/5.0 (compatible; AhrefsBot/7.0; +http://ahrefs.com/robot/)"
51.222.253.14 - - [31/Mar/2025:10:06:44 -0400] "GET /modern-kitchen-cabinets/feed/ HTTP/1.1" 404 1251 "-" "Mozilla/5.0 (compatible; AhrefsBot/7.0; +http://ahrefs.com/robot/)"
51.222.253.4 - - [31/Mar/2025:10:10:40 -0400] "GET /category/activity/page/60/ HTTP/1.1" 404 1251 "-" "Mozilla/5.0 (compatible; AhrefsBot/7.0; +http://ahrefs.com/robot/)"
212.34.135.220 - - [31/Mar/2025:10:11:16 -0400] "GET /discover-your-dream-home-homes-for-sale-in-sonoma-ca/ HTTP/1.1" 404 1251 "https://greatamericanball.com/discover-your-dream-home-homes-for-sale-in-sonoma-ca/#comment-18559" "Mozilla/5.0 (Windows NT 10.0; Win64; x64) AppleWebKit/537.36 (KHTML, like Gecko) Chrome/130.0.0.0 Safari/537.36 CCleaner/130.0.0.0"
84.54.44.30 - - [31/Mar/2025:10:12:36 -0400] "GET /where-to-buy-cbd-oil-in-the-uk/ HTTP/1.1" 404 1251 "https://greatamericanball.com/where-to-buy-cbd-oil-in-the-uk/" "Mozilla/5.0 (Windows NT 10.0; Win64; x64) AppleWebKit/537.36 (KHTML, like Gecko) Chrome/130.0.0.0 Safari/537.36"
84.54.44.30 - - [31/Mar/2025:10:12:39 -0400] "GET / HTTP/1.1" 200 166482 "https://greatamericanball.com/" "Mozilla/5.0 (Windows NT 10.0; Win64; x64) AppleWebKit/537.36 (KHTML, like Gecko) Chrome/130.0.0.0 Safari/537.36"
51.222.253.13 - - [31/Mar/2025:10:14:30 -0400] "GET /plaid-poncho-femme/feed/ HTTP/1.1" 404 1251 "-" "Mozilla/5.0 (compatible; AhrefsBot/7.0; +http://ahrefs.com/robot/)"
51.222.253.8 - - [31/Mar/2025:10:18:51 -0400] "GET /business-trip-massage/feed/ HTTP/1.1" 404 1251 "-" "Mozilla/5.0 (compatible; AhrefsBot/7.0; +http://ahrefs.com/robot/)"
51.222.253.8 - - [31/Mar/2025:10:22:46 -0400] "GET /category/activity/page/4/ HTTP/1.1" 404 1251 "-" "Mozilla/5.0 (compatible; AhrefsBot/7.0; +http://ahrefs.com/robot/)"
83.142.52.34 - - [31/Mar/2025:10:24:50 -0400] "GET /wp-login.php HTTP/1.1" 200 1697 "-" "Mozilla/5.0 (Windows NT 10.0; Win64; x64) AppleWebKit/537.36 (KHTML, like Gecko) Chrome/130.0.0.0 YaBrowser/24.12.0.0 Safari/537.36"
83.142.52.34 - - [31/Mar/2025:10:24:50 -0400] "GET /wp-login.php HTTP/1.1" 200 1697 "-" "Mozilla/5.0 (Windows NT 10.0; Win64; x64) AppleWebKit/537.36 (KHTML, like Gecko) Chrome/130.0.0.0 YaBrowser/24.12.0.0 Safari/537.36"
83.142.52.34 - - [31/Mar/2025:10:24:50 -0400] "GET /wp-login.php HTTP/1.1" 200 1697 "-" "Mozilla/5.0 (Windows NT 10.0; Win64; x64) AppleWebKit/537.36 (KHTML, like Gecko) Chrome/130.0.0.0 YaBrowser/24.12.0.0 Safari/537.36"
83.142.52.34 - - [31/Mar/2025:10:24:51 -0400] "GET /wp-login.php HTTP/1.1" 200 1697 "-" "Mozilla/5.0 (Windows NT 10.0; Win64; x64) AppleWebKit/537.36 (KHTML, like Gecko) Chrome/130.0.0.0 YaBrowser/24.12.0.0 Safari/537.36"
198.54.114.83 - - [31/Mar/2025:10:24:54 -0400] "POST /wp-cron.php?doing_wp_cron=1743431093.9039399623870849609375 HTTP/1.1" 200 0 "-" "WordPress/6.7.2; https://greatamericanball.com"
83.142.52.34 - - [31/Mar/2025:10:24:51 -0400] "POST /wp-login.php HTTP/1.1" 200 1821 "-" "Mozilla/5.0 (Windows NT 10.0; Win64; x64) AppleWebKit/537.36 (KHTML, like Gecko) Chrome/130.0.0.0 YaBrowser/24.12.0.0 Safari/537.36"
198.54.114.83 - - [31/Mar/2025:10:24:54 -0400] "POST /wp-admin/admin-ajax.php?action=async_litespeed&nonce=Fcayj0PR39qbxrw2gp5A6Aml2o2QHkBU&litespeed_type=imgoptm HTTP/1.1" 200 5 "-" "WordPress/6.7.2; https://greatamericanball.com"
51.222.253.14 - - [31/Mar/2025:10:26:52 -0400] "GET /gestionnaire-de-lassurance-chomage-garant-de-la-securite-economique/feed/ HTTP/1.1" 404 1251 "-" "Mozilla/5.0 (compatible; AhrefsBot/7.0; +http://ahrefs.com/robot/)"
85.208.96.205 - - [31/Mar/2025:10:30:10 -0400] "GET /navigating-the-anyone-protocol-staking-dashboard-a-comprehensive-overview/ HTTP/1.1" 404 1251 "-" "Mozilla/5.0 (compatible; SemrushBot/7~bl; +http://www.semrush.com/bot.html)"
51.222.253.17 - - [31/Mar/2025:10:30:47 -0400] "GET /revolutionize-your-kitchen-with-an-instant-hot-and-cold-water-tap/feed/ HTTP/1.1" 404 1251 "-" "Mozilla/5.0 (compatible; AhrefsBot/7.0; +http://ahrefs.com/robot/)"
51.222.253.1 - - [31/Mar/2025:10:34:42 -0400] "GET /how-to-choose-a-tote-bag/feed/ HTTP/1.1" 404 1251 "-" "Mozilla/5.0 (compatible; AhrefsBot/7.0; +http://ahrefs.com/robot/)"
213.180.203.16 - - [31/Mar/2025:10:37:11 -0400] "GET /robots.txt HTTP/1.1" 304 0 "-" "Mozilla/5.0 (compatible; YandexBot/3.0; +http://yandex.com/bots)"
213.180.203.58 - - [31/Mar/2025:10:37:13 -0400] "GET /how-to-play-powerball-on-the-internet-and-at-powerball-only-sites/ HTTP/1.1" 404 1251 "-" "Mozilla/5.0 (compatible; YandexBot/3.0; +http://yandex.com/bots)"
51.222.253.4 - - [31/Mar/2025:10:38:51 -0400] "GET /water-tank-cleaning-services/feed/ HTTP/1.1" 404 1251 "-" "Mozilla/5.0 (compatible; AhrefsBot/7.0; +http://ahrefs.com/robot/)"
198.54.114.83 - - [31/Mar/2025:10:41:32 -0400] "POST /wp-admin/admin-ajax.php?action=async_litespeed&nonce=Xbceh4IlNCsAPpSWvgjAvxzLNlLqvlRC&litespeed_type=imgoptm HTTP/1.1" 200 5 "-" "WordPress/6.7.2; https://greatamericanball.com"
121.229.156.67 - - [31/Mar/2025:10:41:35 -0400] "GET / HTTP/1.1" 200 156192 "-" "Sogou web spider/4.0(+http://www.sogou.com/docs/help/webmasters.htm#07)"
51.222.253.2 - - [31/Mar/2025:10:43:04 -0400] "GET /enhancing-home-protection-and-aesthetics-with-soffits-and-guttering/feed/ HTTP/1.1" 404 1251 "-" "Mozilla/5.0 (compatible; AhrefsBot/7.0; +http://ahrefs.com/robot/)"
51.222.253.17 - - [31/Mar/2025:10:47:18 -0400] "GET /a-tourists-delight/feed/ HTTP/1.1" 404 1251 "-" "Mozilla/5.0 (compatible; AhrefsBot/7.0; +http://ahrefs.com/robot/)"
51.222.253.17 - - [31/Mar/2025:10:51:14 -0400] "GET /a-modern-oasis/feed/ HTTP/1.1" 404 1251 "-" "Mozilla/5.0 (compatible; AhrefsBot/7.0; +http://ahrefs.com/robot/)"
51.222.253.15 - - [31/Mar/2025:10:55:13 -0400] "GET /what-you-need-to-know-when-buying-designer-bags/feed/ HTTP/1.1" 404 1251 "-" "Mozilla/5.0 (compatible; AhrefsBot/7.0; +http://ahrefs.com/robot/)"
51.222.253.17 - - [31/Mar/2025:10:59:07 -0400] "GET /unveiling-the-dynamics-of-website-development-costs-in-dubai/feed/ HTTP/1.1" 404 1251 "-" "Mozilla/5.0 (compatible; AhrefsBot/7.0; +http://ahrefs.com/robot/)"
4.227.36.109 - - [31/Mar/2025:11:01:28 -0400] "GET /robots.txt HTTP/1.1" 304 0 "-" "Mozilla/5.0 AppleWebKit/537.36 (KHTML, like Gecko; compatible; GPTBot/1.2; +https://openai.com/gptbot)"
51.222.253.16 - - [31/Mar/2025:11:03:16 -0400] "GET /discovering-tranquility-north-devons-enchanting-holiday-cottages/feed/ HTTP/1.1" 404 1251 "-" "Mozilla/5.0 (compatible; AhrefsBot/7.0; +http://ahrefs.com/robot/)"
198.54.114.83 - - [31/Mar/2025:11:07:00 -0400] "POST /wp-admin/admin-ajax.php?action=async_litespeed&nonce=gDYkPM093cCTwoH6bVxBL6JJiXHdTYet&litespeed_type=imgoptm HTTP/1.1" 200 0 "-" "WordPress/6.7.2; https://greatamericanball.com"
20.161.23.71 - - [31/Mar/2025:11:07:00 -0400] "GET /wp-admin/network/about.php HTTP/1.1" 302 0 "-" "-"
20.161.23.71 - - [31/Mar/2025:11:07:00 -0400] "GET /wp-login.php?redirect_to=https%3A%2F%2Fgreatamericanball.com%2Fwp-admin%2Fnetwork%2Fabout.php&reauth=1 HTTP/1.1" 200 1707 "-" "-"
198.54.114.83 - - [31/Mar/2025:11:07:21 -0400] "POST /wp-admin/admin-ajax.php?action=async_litespeed&nonce=jLJYKgogiZQ7Ot3UdS1nf8qAzWIMP9PZ&litespeed_type=imgoptm HTTP/1.1" 200 5 "-" "WordPress/6.7.2; https://greatamericanball.com"
51.222.253.4 - - [31/Mar/2025:11:07:40 -0400] "GET /the-revolutionary-role-of-stake-ator-in-modern-finance/feed/ HTTP/1.1" 404 1251 "-" "Mozilla/5.0 (compatible; AhrefsBot/7.0; +http://ahrefs.com/robot/)"
20.161.23.71 - - [31/Mar/2025:11:08:15 -0400] "GET /wp-admin/network/admin.php HTTP/1.1" 302 0 "-" "-"
20.161.23.71 - - [31/Mar/2025:11:08:16 -0400] "GET /wp-login.php?redirect_to=https%3A%2F%2Fgreatamericanball.com%2Fwp-admin%2Fnetwork%2Fadmin.php&reauth=1 HTTP/1.1" 200 1705 "-" "-"
198.54.114.83 - - [31/Mar/2025:11:08:18 -0400] "POST /wp-admin/admin-ajax.php?action=async_litespeed&nonce=Ps0WACo1TdOijpuXmqzRsuD8i93zalwd&litespeed_type=imgoptm HTTP/1.1" 200 5 "-" "WordPress/6.7.2; https://greatamericanball.com"
20.161.23.71 - - [31/Mar/2025:11:08:28 -0400] "GET /wp-admin/media.php HTTP/1.1" 302 0 "-" "-"
20.161.23.71 - - [31/Mar/2025:11:08:29 -0400] "GET /wp-login.php?redirect_to=https%3A%2F%2Fgreatamericanball.com%2Fwp-admin%2Fmedia.php&reauth=1 HTTP/1.1" 200 1701 "-" "-"
20.161.23.71 - - [31/Mar/2025:11:08:34 -0400] "GET /wp-admin/user/index.php HTTP/1.1" 302 0 "-" "-"
20.161.23.71 - - [31/Mar/2025:11:08:34 -0400] "GET /wp-login.php?redirect_to=https%3A%2F%2Fgreatamericanball.com%2Fwp-admin%2Fuser%2Findex.php&reauth=1 HTTP/1.1" 200 1697 "-" "-"
20.161.23.71 - - [31/Mar/2025:11:08:35 -0400] "GET /wp-admin/tools.php HTTP/1.1" 302 0 "-" "-"
20.161.23.71 - - [31/Mar/2025:11:08:35 -0400] "GET /wp-login.php?redirect_to=https%3A%2F%2Fgreatamericanball.com%2Fwp-admin%2Ftools.php&reauth=1 HTTP/1.1" 200 1702 "-" "-"
20.161.23.71 - - [31/Mar/2025:11:08:41 -0400] "GET /wp-admin/network/index.php HTTP/1.1" 302 0 "-" "-"
20.161.23.71 - - [31/Mar/2025:11:08:41 -0400] "GET /wp-login.php?redirect_to=https%3A%2F%2Fgreatamericanball.com%2Fwp-admin%2Fnetwork%2Findex.php&reauth=1 HTTP/1.1" 200 1702 "-" "-"
20.161.23.71 - - [31/Mar/2025:11:08:48 -0400] "GET /wp-admin/update.php HTTP/1.1" 302 0 "-" "-"
20.161.23.71 - - [31/Mar/2025:11:08:48 -0400] "GET /wp-login.php?redirect_to=https%3A%2F%2Fgreatamericanball.com%2Fwp-admin%2Fupdate.php&reauth=1 HTTP/1.1" 200 1703 "-" "-"
20.161.23.71 - - [31/Mar/2025:11:08:51 -0400] "GET /wp-admin/user/admin.php HTTP/1.1" 302 0 "-" "-"
20.161.23.71 - - [31/Mar/2025:11:08:51 -0400] "GET /wp-login.php?redirect_to=https%3A%2F%2Fgreatamericanball.com%2Fwp-admin%2Fuser%2Fadmin.php&reauth=1 HTTP/1.1" 200 1699 "-" "-"
20.161.23.71 - - [31/Mar/2025:11:09:24 -0400] "GET /wp-login.php HTTP/1.1" 200 1696 "-" "-"
198.54.114.83 - - [31/Mar/2025:11:09:24 -0400] "POST /wp-admin/admin-ajax.php?action=async_litespeed&nonce=U3VAG1lc13z20EtaXti39T1NYS69FiPQ&litespeed_type=imgoptm HTTP/1.1" 200 5 "-" "WordPress/6.7.2; https://greatamericanball.com"
20.161.23.71 - - [31/Mar/2025:11:09:28 -0400] "GET /wp-admin/index.php HTTP/1.1" 302 0 "-" "-"
20.161.23.71 - - [31/Mar/2025:11:09:28 -0400] "GET /wp-login.php?redirect_to=https%3A%2F%2Fgreatamericanball.com%2Fwp-admin%2Findex.php&reauth=1 HTTP/1.1" 200 1700 "-" "-"
47.82.35.74 - - [31/Mar/2025:11:09:48 -0400] "GET / HTTP/1.1" 200 156192 "https://www.google.com/" "Mozilla/5.0 (Linux; Android 10; K) AppleWebKit/537.36 (KHTML, like Gecko) Chrome/123.0.0.0 Mobile Safari/537.36"
51.222.253.6 - - [31/Mar/2025:11:13:03 -0400] "GET /bedeutung-der-sportpsychologie-im-leistungssport/feed/ HTTP/1.1" 404 1251 "-" "Mozilla/5.0 (compatible; AhrefsBot/7.0; +http://ahrefs.com/robot/)"
196.251.80.243 - - [31/Mar/2025:11:13:34 -0400] "GET /wp-content/themes/seotheme/db.php?u HTTP/1.1" 404 1251 "www.google.com" "Mozlila/5.0 (Linux; Android 7.0; SM-G892A Bulid/NRD90M; wv) AppleWebKit/537.36 (KHTML, like Gecko) Version/4.0 Chrome/60.0.3112.107 Moblie Safari/537.36"
196.251.80.243 - - [31/Mar/2025:11:13:34 -0400] "POST /wp-plain.php HTTP/1.1" 404 1251 "www.google.com" "Mozilla/5.0 (Linux; Android 7.0; SM-G892A Bulid/NRD90M; wv) AppleWebKit/537.36 (KHTML, like Gecko) Version/4.0 Chrome/60.0.3112.107 Moblie Safari/537.36"
196.251.80.243 - - [31/Mar/2025:11:13:36 -0400] "GET /pcjeuvfp.php?Fox=d3wL7 HTTP/1.1" 404 1251 "www.google.com" "Mozilla/5.0 (Linux; Android 7.0; SM-G892A Bulid/NRD90M; wv) AppleWebKit/537.36 (KHTML, like Gecko) Version/4.0 Chrome/60.0.3112.107 Moblie Safari/537.36"
196.251.88.242 - - [31/Mar/2025:11:15:31 -0400] "GET /wp-content/plugins/WordPressCore/include.php HTTP/1.1" 404 1251 "-" "Mozlila/5.0 (Linux; Android 7.0; SM-G892A Bulid/NRD90M; wv) AppleWebKit/537.36 (KHTML, like Gecko) Version/4.0 Chrome/60.0.3112.107 Moblie Safari/537.36"
196.251.88.242 - - [31/Mar/2025:11:15:34 -0400] "GET /wp-content/plugins/WordPressCore/include.php HTTP/1.1" 404 1251 "-" "Mozlila/5.0 (Linux; Android 7.0; SM-G892A Bulid/NRD90M; wv) AppleWebKit/537.36 (KHTML, like Gecko) Version/4.0 Chrome/60.0.3112.107 Moblie Safari/537.36"
196.251.88.242 - - [31/Mar/2025:11:15:37 -0400] "GET /wp-includes/images/include.php HTTP/1.1" 404 1251 "-" "Mozlila/5.0 (Linux; Android 7.0; SM-G892A Bulid/NRD90M; wv) AppleWebKit/537.36 (KHTML, like Gecko) Version/4.0 Chrome/60.0.3112.107 Moblie Safari/537.36"
196.251.88.242 - - [31/Mar/2025:11:15:42 -0400] "GET /wp-includes/images/include.php HTTP/1.1" 404 1251 "-" "Mozlila/5.0 (Linux; Android 7.0; SM-G892A Bulid/NRD90M; wv) AppleWebKit/537.36 (KHTML, like Gecko) Version/4.0 Chrome/60.0.3112.107 Moblie Safari/537.36"
112.92.70.120 - - [31/Mar/2025:11:15:43 -0400] "GET /slot-gas-a-new-way-for-roadside-businesses-to-generate-revenue/ HTTP/1.1" 404 1251 "https://greatamericanball.com" "Mozilla/5.0 (Windows NT 10.0; Win64; x64) AppleWebKit/537.36 (KHTML, like Gecko) Chrome/62.0.3202.94 Safari/537.36"
196.251.88.242 - - [31/Mar/2025:11:15:45 -0400] "GET /wp-content/themes/include.php HTTP/1.1" 404 1251 "-" "Mozlila/5.0 (Linux; Android 7.0; SM-G892A Bulid/NRD90M; wv) AppleWebKit/537.36 (KHTML, like Gecko) Version/4.0 Chrome/60.0.3112.107 Moblie Safari/537.36"
112.92.70.120 - - [31/Mar/2025:11:15:46 -0400] "GET /slot-gas-a-new-way-for-roadside-businesses-to-generate-revenue/ HTTP/1.1" 404 1251 "https://greatamericanball.com" "Mozilla/5.0 (Windows NT 10.0; Win64; x64) AppleWebKit/537.36 (KHTML, like Gecko) Chrome/62.0.3202.94 Safari/537.36"
196.251.88.242 - - [31/Mar/2025:11:15:48 -0400] "GET /wp-content/themes/include.php HTTP/1.1" 404 1251 "-" "Mozlila/5.0 (Linux; Android 7.0; SM-G892A Bulid/NRD90M; wv) AppleWebKit/537.36 (KHTML, like Gecko) Version/4.0 Chrome/60.0.3112.107 Moblie Safari/537.36"
112.92.70.120 - - [31/Mar/2025:11:15:48 -0400] "GET /slot-gas-a-new-way-for-roadside-businesses-to-generate-revenue/ HTTP/1.1" 404 1251 "https://greatamericanball.com" "Mozilla/5.0 (Windows NT 10.0; Win64; x64) AppleWebKit/537.36 (KHTML, like Gecko) Chrome/62.0.3202.94 Safari/537.36"
112.92.70.120 - - [31/Mar/2025:11:15:50 -0400] "GET /slot-gas-a-new-way-for-roadside-businesses-to-generate-revenue/ HTTP/1.1" 404 1251 "https://greatamericanball.com" "Mozilla/5.0 (Windows NT 10.0; Win64; x64) AppleWebKit/537.36 (KHTML, like Gecko) Chrome/62.0.3202.94 Safari/537.36"
196.251.88.242 - - [31/Mar/2025:11:15:51 -0400] "GET /wp-includes/widgets/include.php HTTP/1.1" 404 1251 "-" "Mozlila/5.0 (Linux; Android 7.0; SM-G892A Bulid/NRD90M; wv) AppleWebKit/537.36 (KHTML, like Gecko) Version/4.0 Chrome/60.0.3112.107 Moblie Safari/537.36"
196.251.88.242 - - [31/Mar/2025:11:15:55 -0400] "GET /wp-includes/widgets/include.php HTTP/1.1" 404 1251 "-" "Mozlila/5.0 (Linux; Android 7.0; SM-G892A Bulid/NRD90M; wv) AppleWebKit/537.36 (KHTML, like Gecko) Version/4.0 Chrome/60.0.3112.107 Moblie Safari/537.36"
196.251.88.242 - - [31/Mar/2025:11:16:02 -0400] "GET /wp-content/plugins/include.php HTTP/1.1" 404 1251 "-" "Mozlila/5.0 (Linux; Android 7.0; SM-G892A Bulid/NRD90M; wv) AppleWebKit/537.36 (KHTML, like Gecko) Version/4.0 Chrome/60.0.3112.107 Moblie Safari/537.36"
196.251.88.242 - - [31/Mar/2025:11:16:05 -0400] "GET /wp-content/plugins/include.php HTTP/1.1" 404 1251 "-" "Mozlila/5.0 (Linux; Android 7.0; SM-G892A Bulid/NRD90M; wv) AppleWebKit/537.36 (KHTML, like Gecko) Version/4.0 Chrome/60.0.3112.107 Moblie Safari/537.36"
51.222.253.17 - - [31/Mar/2025:11:17:01 -0400] "GET /the-rise-of-online-betting-platforms/feed/ HTTP/1.1" 404 1251 "-" "Mozilla/5.0 (compatible; AhrefsBot/7.0; +http://ahrefs.com/robot/)"
98.85.82.111 - - [31/Mar/2025:11:17:01 -0400] "GET /what-is-a-balance-sheet-2/ HTTP/1.1" 404 1251 "-" "Grammarly/1.0 (http://www.grammarly.com)"
112.92.70.120 - - [31/Mar/2025:11:20:27 -0400] "GET /choosing-the-best-cbd-oil-uk/ HTTP/1.1" 404 1251 "https://greatamericanball.com" "Mozilla/5.0 (Windows NT 10.0; Win64; x64) AppleWebKit/537.36 (KHTML, like Gecko) Chrome/62.0.3202.94 Safari/537.36"
112.92.70.120 - - [31/Mar/2025:11:20:31 -0400] "GET /choosing-the-best-cbd-oil-uk/ HTTP/1.1" 404 1251 "https://greatamericanball.com" "Mozilla/5.0 (Windows NT 10.0; Win64; x64) AppleWebKit/537.36 (KHTML, like Gecko) Chrome/62.0.3202.94 Safari/537.36"
112.92.70.120 - - [31/Mar/2025:11:20:33 -0400] "GET /choosing-the-best-cbd-oil-uk/ HTTP/1.1" 404 1251 "https://greatamericanball.com" "Mozilla/5.0 (Windows NT 10.0; Win64; x64) AppleWebKit/537.36 (KHTML, like Gecko) Chrome/62.0.3202.94 Safari/537.36"
112.92.70.120 - - [31/Mar/2025:11:20:35 -0400] "GET /choosing-the-best-cbd-oil-uk/ HTTP/1.1" 404 1251 "https://greatamericanball.com" "Mozilla/5.0 (Windows NT 10.0; Win64; x64) AppleWebKit/537.36 (KHTML, like Gecko) Chrome/62.0.3202.94 Safari/537.36"
51.222.253.2 - - [31/Mar/2025:11:21:16 -0400] "GET /sports-wear-from-raging-bull/feed/ HTTP/1.1" 404 1251 "-" "Mozilla/5.0 (compatible; AhrefsBot/7.0; +http://ahrefs.com/robot/)"
51.222.253.14 - - [31/Mar/2025:11:25:40 -0400] "GET /video-editor-sdk/feed/ HTTP/1.1" 404 1251 "-" "Mozilla/5.0 (compatible; AhrefsBot/7.0; +http://ahrefs.com/robot/)"
156.228.109.42 - - [31/Mar/2025:11:27:46 -0400] "GET /wp-json/wp/v2/users HTTP/1.1" 404 1251 "https://www.google.com" "Mozilla/5.0 (X11; Linux x86_64) AppleWebKit/537.36 (KHTML, like Gecko) Chrome/119.0.0.0 Safari/537.36"
156.228.109.42 - - [31/Mar/2025:11:27:49 -0400] "GET /?author=1 HTTP/1.1" 200 156192 "https://www.google.com" "Mozilla/5.0 (X11; Linux x86_64) AppleWebKit/537.36 (KHTML, like Gecko) Chrome/119.0.0.0 Safari/537.36"
156.228.109.42 - - [31/Mar/2025:11:27:51 -0400] "GET /wp-login.php HTTP/1.1" 200 1696 "https://www.google.com" "Mozilla/5.0 (X11; Linux x86_64) AppleWebKit/537.36 (KHTML, like Gecko) Chrome/119.0.0.0 Safari/537.36"
198.54.114.83 - - [31/Mar/2025:11:27:57 -0400] "POST /wp-cron.php?doing_wp_cron=1743434876.4196319580078125000000 HTTP/1.1" 200 0 "-" "WordPress/6.7.2; https://greatamericanball.com"
156.228.109.42 - - [31/Mar/2025:11:27:52 -0400] "POST /wp-login.php HTTP/1.1" 200 1821 "https://greatamericanball.com/wp-login.php" "Mozilla/5.0 (X11; Linux x86_64) AppleWebKit/537.36 (KHTML, like Gecko) Chrome/119.0.0.0 Safari/537.36"
198.54.114.83 - - [31/Mar/2025:11:27:58 -0400] "POST /wp-admin/admin-ajax.php?action=async_litespeed&nonce=aRb0rjBvSvAA0QcIRO1RwjGmhwwGrqMA&litespeed_type=imgoptm HTTP/1.1" 200 0 "-" "WordPress/6.7.2; https://greatamericanball.com"
156.228.109.42 - - [31/Mar/2025:11:28:00 -0400] "GET /wp-admin/ HTTP/1.1" 302 0 "https://greatamericanball.com/wp-login.php" "Mozilla/5.0 (X11; Linux x86_64) AppleWebKit/537.36 (KHTML, like Gecko) Chrome/119.0.0.0 Safari/537.36"
156.228.109.42 - - [31/Mar/2025:11:28:03 -0400] "GET /wp-login.php?redirect_to=https%3A%2F%2Fgreatamericanball.com%2Fwp-admin%2F&reauth=1 HTTP/1.1" 200 1696 "https://greatamericanball.com/wp-login.php" "Mozilla/5.0 (X11; Linux x86_64) AppleWebKit/537.36 (KHTML, like Gecko) Chrome/119.0.0.0 Safari/537.36"
156.228.109.42 - - [31/Mar/2025:11:28:05 -0400] "GET /wp-login.php HTTP/1.1" 200 1696 "https://www.google.com" "Mozilla/5.0 (X11; Linux x86_64) AppleWebKit/537.36 (KHTML, like Gecko) Chrome/119.0.0.0 Safari/537.36"
156.228.109.42 - - [31/Mar/2025:11:28:06 -0400] "GET /admin HTTP/1.1" 404 1251 "https://www.google.com" "Mozilla/5.0 (X11; Linux x86_64) AppleWebKit/537.36 (KHTML, like Gecko) Chrome/119.0.0.0 Safari/537.36"
156.228.109.42 - - [31/Mar/2025:11:28:07 -0400] "GET /wp-login.php/ HTTP/1.1" 200 1696 "https://www.google.com" "Mozilla/5.0 (X11; Linux x86_64) AppleWebKit/537.36 (KHTML, like Gecko) Chrome/119.0.0.0 Safari/537.36"
156.228.109.42 - - [31/Mar/2025:11:28:09 -0400] "GET /admin/ HTTP/1.1" 404 1251 "https://www.google.com" "Mozilla/5.0 (X11; Linux x86_64) AppleWebKit/537.36 (KHTML, like Gecko) Chrome/119.0.0.0 Safari/537.36"
156.228.109.42 - - [31/Mar/2025:11:28:11 -0400] "GET /wp-login.php HTTP/1.1" 200 1696 "https://www.google.com" "Mozilla/5.0 (X11; Linux x86_64) AppleWebKit/537.36 (KHTML, like Gecko) Chrome/119.0.0.0 Safari/537.36"
156.228.109.42 - - [31/Mar/2025:11:28:12 -0400] "GET /administrator HTTP/1.1" 404 1251 "https://www.google.com" "Mozilla/5.0 (X11; Linux x86_64) AppleWebKit/537.36 (KHTML, like Gecko) Chrome/119.0.0.0 Safari/537.36"
156.228.109.42 - - [31/Mar/2025:11:28:13 -0400] "GET /wp-login.php HTTP/1.1" 200 1696 "https://www.google.com" "Mozilla/5.0 (X11; Linux x86_64) AppleWebKit/537.36 (KHTML, like Gecko) Chrome/119.0.0.0 Safari/537.36"
156.228.109.42 - - [31/Mar/2025:11:28:14 -0400] "GET /admin HTTP/1.1" 404 1251 "https://www.google.com" "Mozilla/5.0 (X11; Linux x86_64) AppleWebKit/537.36 (KHTML, like Gecko) Chrome/119.0.0.0 Safari/537.36"
198.54.114.83 - - [31/Mar/2025:11:28:24 -0400] "POST /wp-admin/admin-ajax.php?action=async_litespeed&nonce=ktvKm5gqJ9PRu07innqjDStLsLtAtmEl&litespeed_type=imgoptm HTTP/1.1" 200 5 "-" "WordPress/6.7.2; https://greatamericanball.com"
51.222.253.5 - - [31/Mar/2025:11:29:50 -0400] "GET /nail-gels-are-a-game-changer/feed/ HTTP/1.1" 404 1251 "-" "Mozilla/5.0 (compatible; AhrefsBot/7.0; +http://ahrefs.com/robot/)"
195.2.79.165 - - [31/Mar/2025:11:30:04 -0400] "GET /where-to-buy-cbd-oil-in-the-uk/ HTTP/1.1" 404 1251 "https://greatamericanball.com/where-to-buy-cbd-oil-in-the-uk/" "Mozilla/5.0 (Windows NT 10.0; Win64; x64) AppleWebKit/537.36 (KHTML, like Gecko) Chrome/130.0.0.0 Safari/537.36"
195.2.79.165 - - [31/Mar/2025:11:30:05 -0400] "GET / HTTP/1.1" 200 156192 "https://greatamericanball.com/" "Mozilla/5.0 (Windows NT 10.0; Win64; x64) AppleWebKit/537.36 (KHTML, like Gecko) Chrome/130.0.0.0 Safari/537.36"
178.20.40.59 - - [31/Mar/2025:11:32:41 -0400] "GET /where-to-buy-cbd-oil-in-the-uk/ HTTP/1.1" 404 1251 "https://greatamericanball.com/where-to-buy-cbd-oil-in-the-uk/" "Mozilla/5.0 (Windows NT 10.0; Win64; x64) AppleWebKit/537.36 (KHTML, like Gecko) Chrome/131.0.0.0 Safari/537.36"
178.20.40.59 - - [31/Mar/2025:11:32:42 -0400] "GET / HTTP/1.1" 200 156192 "https://greatamericanball.com/" "Mozilla/5.0 (Windows NT 10.0; Win64; x64) AppleWebKit/537.36 (KHTML, like Gecko) Chrome/131.0.0.0 Safari/537.36"
195.2.79.165 - - [31/Mar/2025:11:33:51 -0400] "GET /where-to-buy-cbd-oil-in-the-uk/ HTTP/1.1" 404 1251 "https://greatamericanball.com/where-to-buy-cbd-oil-in-the-uk/" "Mozilla/5.0 (Windows NT 10.0; Win64; x64) AppleWebKit/537.36 (KHTML, like Gecko) Chrome/130.0.0.0 Safari/537.36 CCleaner/130.0.0.0"
195.2.79.165 - - [31/Mar/2025:11:33:53 -0400] "GET / HTTP/1.1" 200 156192 "https://greatamericanball.com/" "Mozilla/5.0 (Windows NT 10.0; Win64; x64) AppleWebKit/537.36 (KHTML, like Gecko) Chrome/130.0.0.0 Safari/537.36 CCleaner/130.0.0.0"
51.222.253.7 - - [31/Mar/2025:11:33:58 -0400] "GET /les-services-dune-entreprise-disolation-a-geneve/feed/ HTTP/1.1" 404 1251 "-" "Mozilla/5.0 (compatible; AhrefsBot/7.0; +http://ahrefs.com/robot/)"
85.208.96.199 - - [31/Mar/2025:11:35:57 -0400] "GET /robots.txt HTTP/1.1" 200 23 "-" "Mozilla/5.0 (compatible; SemrushBot/7~bl; +http://www.semrush.com/bot.html)"
185.191.171.19 - - [31/Mar/2025:11:35:57 -0400] "GET /restaurant/ HTTP/1.1" 404 1251 "-" "Mozilla/5.0 (compatible; SemrushBot/7~bl; +http://www.semrush.com/bot.html)"
51.222.253.11 - - [31/Mar/2025:11:37:54 -0400] "GET /la-cuisine-raffinee-de-neuilly-sur-seine/feed/ HTTP/1.1" 404 1251 "-" "Mozilla/5.0 (compatible; AhrefsBot/7.0; +http://ahrefs.com/robot/)"
185.186.25.107 - - [31/Mar/2025:11:38:41 -0400] "GET /how-to-send-big-files-through-email/ HTTP/1.1" 404 1251 "-" "Mozilla/5.0 (X11; Linux i686) AppleWebKit/537.36 (KHTML, like Gecko) Chrome/114.0.0.0 Safari/537.36 Vivaldi/5.3.2679.68"
185.186.25.107 - - [31/Mar/2025:11:38:42 -0400] "GET / HTTP/1.1" 200 156192 "-" "Mozilla/5.0 (X11; Linux i686) AppleWebKit/537.36 (KHTML, like Gecko) Chrome/114.0.0.0 Safari/537.36 Vivaldi/5.3.2679.68"
85.208.96.199 - - [31/Mar/2025:11:41:20 -0400] "GET /choosing-the-right-style/ HTTP/1.1" 404 1251 "-" "Mozilla/5.0 (compatible; SemrushBot/7~bl; +http://www.semrush.com/bot.html)"
195.2.79.165 - - [31/Mar/2025:11:41:24 -0400] "GET /where-to-buy-cbd-oil-in-the-uk/ HTTP/1.1" 404 1251 "https://greatamericanball.com/where-to-buy-cbd-oil-in-the-uk/" "Mozilla/5.0 (Windows NT 10.0; Win64; x64) AppleWebKit/537.36 (KHTML, like Gecko) Chrome/130.0.0.0 Safari/537.36"
195.2.79.165 - - [31/Mar/2025:11:41:25 -0400] "GET / HTTP/1.1" 200 156192 "https://greatamericanball.com/" "Mozilla/5.0 (Windows NT 10.0; Win64; x64) AppleWebKit/537.36 (KHTML, like Gecko) Chrome/130.0.0.0 Safari/537.36"
51.222.253.20 - - [31/Mar/2025:11:42:02 -0400] "GET /web-development-company-dubai/feed/ HTTP/1.1" 404 1251 "-" "Mozilla/5.0 (compatible; AhrefsBot/7.0; +http://ahrefs.com/robot/)"
185.191.171.1 - - [31/Mar/2025:11:45:21 -0400] "GET /the-ultimate-guide-to-instant-hot-and-cold-water-dispensers/ HTTP/1.1" 404 1251 "-" "Mozilla/5.0 (compatible; SemrushBot/7~bl; +http://www.semrush.com/bot.html)"
51.222.253.12 - - [31/Mar/2025:11:45:54 -0400] "GET /the-convenience-of-buying-prescription-glasses-online-2/feed/ HTTP/1.1" 404 1251 "-" "Mozilla/5.0 (compatible; AhrefsBot/7.0; +http://ahrefs.com/robot/)"
51.222.253.15 - - [31/Mar/2025:11:49:55 -0400] "GET /the-ultimate-guide-to-instant-hot-and-cold-water-dispensers/feed/ HTTP/1.1" 404 1251 "-" "Mozilla/5.0 (compatible; AhrefsBot/7.0; +http://ahrefs.com/robot/)"
185.191.171.17 - - [31/Mar/2025:11:51:24 -0400] "GET /the-benefits-of-investing-in-premium-domains/ HTTP/1.1" 404 1251 "-" "Mozilla/5.0 (compatible; SemrushBot/7~bl; +http://www.semrush.com/bot.html)"
51.222.253.14 - - [31/Mar/2025:11:53:48 -0400] "GET /exploring-the-luxurious-sophia-regency-showflat/feed/ HTTP/1.1" 404 1251 "-" "Mozilla/5.0 (compatible; AhrefsBot/7.0; +http://ahrefs.com/robot/)"
85.208.96.205 - - [31/Mar/2025:11:55:28 -0400] "GET /the-future-of-home-expansion/ HTTP/1.1" 404 1251 "-" "Mozilla/5.0 (compatible; SemrushBot/7~bl; +http://www.semrush.com/bot.html)"
51.222.253.7 - - [31/Mar/2025:11:57:44 -0400] "GET /umzuge-buchholz/feed/ HTTP/1.1" 404 1251 "-" "Mozilla/5.0 (compatible; AhrefsBot/7.0; +http://ahrefs.com/robot/)"
185.191.171.13 - - [31/Mar/2025:11:57:54 -0400] "GET /how-to-buy-youtube-live-stream-viewers/ HTTP/1.1" 404 1251 "-" "Mozilla/5.0 (compatible; SemrushBot/7~bl; +http://www.semrush.com/bot.html)"
51.222.253.15 - - [31/Mar/2025:12:01:55 -0400] "GET /finding-the-best-roofing-contractors-in-portland/feed/ HTTP/1.1" 404 1251 "-" "Mozilla/5.0 (compatible; AhrefsBot/7.0; +http://ahrefs.com/robot/)"
103.153.202.100 - - [31/Mar/2025:12:02:02 -0400] "GET / HTTP/1.1" 200 156192 "https://greatamericanball.com" "Mozilla/4.0 (compatible; MSIE 9.0; Windows NT 6.1)"
185.191.171.1 - - [31/Mar/2025:12:02:31 -0400] "GET /professionelle-unterstutzung-bei-scheidungen-in-hattingen/ HTTP/1.1" 404 1251 "-" "Mozilla/5.0 (compatible; SemrushBot/7~bl; +http://www.semrush.com/bot.html)"
93.183.92.77 - - [31/Mar/2025:12:04:19 -0400] "GET /where-to-buy-cbd-oil-in-the-uk/ HTTP/1.1" 404 1251 "https://greatamericanball.com/where-to-buy-cbd-oil-in-the-uk/" "Mozilla/5.0 (Windows NT 10.0; Win64; x64) AppleWebKit/537.36 (KHTML, like Gecko) Chrome/130.0.0.0 Safari/537.36"
93.183.92.77 - - [31/Mar/2025:12:04:19 -0400] "GET / HTTP/1.1" 200 156192 "https://greatamericanball.com/" "Mozilla/5.0 (Windows NT 10.0; Win64; x64) AppleWebKit/537.36 (KHTML, like Gecko) Chrome/130.0.0.0 Safari/537.36"
51.222.253.9 - - [31/Mar/2025:12:05:56 -0400] "GET /differents-types-de-sacs-a-dos/feed/ HTTP/1.1" 404 1251 "-" "Mozilla/5.0 (compatible; AhrefsBot/7.0; +http://ahrefs.com/robot/)"
85.208.96.199 - - [31/Mar/2025:12:08:51 -0400] "GET /betting-money-sites/ HTTP/1.1" 404 1251 "-" "Mozilla/5.0 (compatible; SemrushBot/7~bl; +http://www.semrush.com/bot.html)"
51.222.253.6 - - [31/Mar/2025:12:09:48 -0400] "GET /why-is-it-that-composite-doors-are-outselling-upvc-doors-in-the-uk/feed/ HTTP/1.1" 404 1251 "-" "Mozilla/5.0 (compatible; AhrefsBot/7.0; +http://ahrefs.com/robot/)"
73.148.14.88 - - [31/Mar/2025:12:12:48 -0400] "GET / HTTP/1.1" 200 156192 "-" "Mozilla/5.0 (Macintosh; Intel Mac OS X 10_11_1) AppleWebKit/601.2.4 (KHTML, like Gecko) Version/9.0.1 Safari/601.2.4 facebookexternalhit/1.1 Facebot Twitterbot/1.0"
51.222.253.20 - - [31/Mar/2025:12:13:40 -0400] "GET /double-taxation-avoidance-agreement-india-and-dubai/feed/ HTTP/1.1" 404 1251 "-" "Mozilla/5.0 (compatible; AhrefsBot/7.0; +http://ahrefs.com/robot/)"
51.222.253.5 - - [31/Mar/2025:12:17:31 -0400] "GET /social-networking-in-business-when-is-the-right-time-to-get-involved/feed/ HTTP/1.1" 404 1251 "-" "Mozilla/5.0 (compatible; AhrefsBot/7.0; +http://ahrefs.com/robot/)"
195.2.79.165 - - [31/Mar/2025:12:18:27 -0400] "GET /where-to-buy-cbd-oil-in-the-uk/ HTTP/1.1" 404 1251 "https://greatamericanball.com/where-to-buy-cbd-oil-in-the-uk/" "Mozilla/5.0 (Windows NT 10.0; Win64; x64) AppleWebKit/537.36 (KHTML, like Gecko) Chrome/130.0.0.0 Safari/537.36"
195.2.79.165 - - [31/Mar/2025:12:18:28 -0400] "GET / HTTP/1.1" 200 156192 "https://greatamericanball.com/" "Mozilla/5.0 (Windows NT 10.0; Win64; x64) AppleWebKit/537.36 (KHTML, like Gecko) Chrome/130.0.0.0 Safari/537.36"
47.128.38.151 - - [31/Mar/2025:12:19:23 -0400] "GET /robots.txt HTTP/1.1" 304 0 "-" "Mozilla/5.0 (Linux; Android 5.0) AppleWebKit/537.36 (KHTML, like Gecko) Mobile Safari/537.36 (compatible; Bytespider; spider-feedback@bytedance.com)"
190.92.206.113 - - [31/Mar/2025:12:20:01 -0400] "GET /innovative-beleuchtung-moderne-hangelampen-fur-zeitgemases-ambiente/ HTTP/1.1" 404 1251 "https://greatamericanball.com/innovative-beleuchtung-moderne-hangelampen-fur-zeitgemases-ambiente/#primary" "Mozilla/5.0 (Windows NT 10.0; Win64; x64) AppleWebKit/537.36 (KHTML, like Gecko) Chrome/116.0.0.0 Safari/537.36"
51.222.253.4 - - [31/Mar/2025:12:21:29 -0400] "GET /paper-bags-with-handles-are-a-convenient-gift-bag/feed/ HTTP/1.1" 404 1251 "-" "Mozilla/5.0 (compatible; AhrefsBot/7.0; +http://ahrefs.com/robot/)"
47.128.45.21 - - [31/Mar/2025:12:23:21 -0400] "GET /dp/B08MQNGX3W?ref=MarsFS_AUCC_B08MQNGX3W HTTP/1.1" 404 1251 "-" "Mozilla/5.0 (Linux; Android 5.0) AppleWebKit/537.36 (KHTML, like Gecko) Mobile Safari/537.36 (compatible; Bytespider; spider-feedback@bytedance.com)"
51.222.253.2 - - [31/Mar/2025:12:25:31 -0400] "GET /family-mediation-near-me/feed/ HTTP/1.1" 404 1251 "-" "Mozilla/5.0 (compatible; AhrefsBot/7.0; +http://ahrefs.com/robot/)"
198.54.114.83 - - [31/Mar/2025:12:26:21 -0400] "POST /wp-admin/admin-ajax.php?action=async_litespeed&nonce=B55UMLe5HPDGS4RFRDviL5bPT2zEEROb&litespeed_type=imgoptm HTTP/1.1" 200 5 "-" "WordPress/6.7.2; https://greatamericanball.com"
47.128.31.157 - - [31/Mar/2025:12:27:21 -0400] "GET /dp/B091D9R5XX?ref=MarsFS_VICC_rvdwired HTTP/1.1" 404 1251 "-" "Mozilla/5.0 (Linux; Android 5.0) AppleWebKit/537.36 (KHTML, like Gecko) Mobile Safari/537.36 (compatible; Bytespider; spider-feedback@bytedance.com)"
51.222.253.10 - - [31/Mar/2025:12:29:31 -0400] "GET /how-lifestyle-affects-house-design/feed/ HTTP/1.1" 404 1251 "-" "Mozilla/5.0 (compatible; AhrefsBot/7.0; +http://ahrefs.com/robot/)"
51.222.253.10 - - [31/Mar/2025:12:33:39 -0400] "GET /tupperware-may-go-bankrupt/feed/ HTTP/1.1" 404 1251 "-" "Mozilla/5.0 (compatible; AhrefsBot/7.0; +http://ahrefs.com/robot/)"
2a02:598:64:8a00::3100:1d - - [31/Mar/2025:12:33:47 -0400] "GET /the-benefits-and-risks-of-online-mediation/ HTTP/1.1" 404 1251 "-" "Mozilla/5.0 (compatible; SeznamBot/4.0; +https://o-seznam.cz/napoveda/vyhledavani/en/seznambot-crawler/)"
2.57.215.181 - - [31/Mar/2025:12:33:49 -0400] "GET /wp-login.php HTTP/1.1" 200 1697 "-" "Mozilla/5.0 (Windows NT 10.0; Win64; x64) AppleWebKit/537.36 (KHTML, like Gecko) Chrome/132.0.0.0 Safari/537.36"
2.57.215.181 - - [31/Mar/2025:12:33:50 -0400] "GET /wp-admin/js/user-profile.min.js?ver=6.7.2 HTTP/1.1" 200 2388 "https://greatamericanball.com/wp-login.php" "Mozilla/5.0 (Windows NT 10.0; Win64; x64) AppleWebKit/537.36 (KHTML, like Gecko) Chrome/132.0.0.0 Safari/537.36"
2.57.215.181 - - [31/Mar/2025:12:33:50 -0400] "GET /wp-includes/js/dist/dom-ready.min.js?ver=f77871ff7694fffea381 HTTP/1.1" 200 275 "https://greatamericanball.com/wp-login.php" "Mozilla/5.0 (Windows NT 10.0; Win64; x64) AppleWebKit/537.36 (KHTML, like Gecko) Chrome/132.0.0.0 Safari/537.36"
2.57.215.181 - - [31/Mar/2025:12:33:50 -0400] "GET /wp-includes/js/wp-util.min.js?ver=6.7.2 HTTP/1.1" 200 690 "https://greatamericanball.com/wp-login.php" "Mozilla/5.0 (Windows NT 10.0; Win64; x64) AppleWebKit/537.36 (KHTML, like Gecko) Chrome/132.0.0.0 Safari/537.36"
2.57.215.181 - - [31/Mar/2025:12:33:50 -0400] "GET /wp-includes/js/dist/i18n.min.js?ver=5e580eb46a90c2b997e6 HTTP/1.1" 200 3542 "https://greatamericanball.com/wp-login.php" "Mozilla/5.0 (Windows NT 10.0; Win64; x64) AppleWebKit/537.36 (KHTML, like Gecko) Chrome/132.0.0.0 Safari/537.36"
2.57.215.181 - - [31/Mar/2025:12:33:50 -0400] "GET /wp-admin/js/password-strength-meter.min.js?ver=6.7.2 HTTP/1.1" 200 558 "https://greatamericanball.com/wp-login.php" "Mozilla/5.0 (Windows NT 10.0; Win64; x64) AppleWebKit/537.36 (KHTML, like Gecko) Chrome/132.0.0.0 Safari/537.36"
2.57.215.181 - - [31/Mar/2025:12:33:50 -0400] "GET /wp-includes/js/dist/a11y.min.js?ver=3156534cc54473497e14 HTTP/1.1" 200 827 "https://greatamericanball.com/wp-login.php" "Mozilla/5.0 (Windows NT 10.0; Win64; x64) AppleWebKit/537.36 (KHTML, like Gecko) Chrome/132.0.0.0 Safari/537.36"
2.57.215.181 - - [31/Mar/2025:12:33:50 -0400] "GET /wp-includes/js/underscore.min.js?ver=1.13.7 HTTP/1.1" 200 7197 "https://greatamericanball.com/wp-login.php" "Mozilla/5.0 (Windows NT 10.0; Win64; x64) AppleWebKit/537.36 (KHTML, like Gecko) Chrome/132.0.0.0 Safari/537.36"
2.57.215.181 - - [31/Mar/2025:12:33:50 -0400] "GET /wp-admin/load-styles.php?c=1&dir=ltr&load%5Bchunk_0%5D=dashicons,buttons,forms,l10n,login&ver=6.7.2 HTTP/1.1" 200 45466 "https://greatamericanball.com/wp-login.php" "Mozilla/5.0 (Windows NT 10.0; Win64; x64) AppleWebKit/537.36 (KHTML, like Gecko) Chrome/132.0.0.0 Safari/537.36"
2.57.215.181 - - [31/Mar/2025:12:33:50 -0400] "GET /wp-admin/load-scripts.php?c=1&load%5Bchunk_0%5D=clipboard,jquery-core,jquery-migrate,zxcvbn-async,wp-hooks&ver=6.7.2 HTTP/1.1" 200 39842 "https://greatamericanball.com/wp-login.php" "Mozilla/5.0 (Windows NT 10.0; Win64; x64) AppleWebKit/537.36 (KHTML, like Gecko) Chrome/132.0.0.0 Safari/537.36"
2.57.215.181 - - [31/Mar/2025:12:33:51 -0400] "GET /wp-admin/images/wordpress-logo.svg?ver=20131107 HTTP/1.1" 200 759 "https://greatamericanball.com/wp-admin/load-styles.php?c=1&dir=ltr&load%5Bchunk_0%5D=dashicons,buttons,forms,l10n,login&ver=6.7.2" "Mozilla/5.0 (Windows NT 10.0; Win64; x64) AppleWebKit/537.36 (KHTML, like Gecko) Chrome/132.0.0.0 Safari/537.36"
2.57.215.181 - - [31/Mar/2025:12:33:51 -0400] "GET /favicon.ico HTTP/1.1" 404 1251 "https://greatamericanball.com/wp-login.php" "Mozilla/5.0 (Windows NT 10.0; Win64; x64) AppleWebKit/537.36 (KHTML, like Gecko) Chrome/132.0.0.0 Safari/537.36"
2.57.215.181 - - [31/Mar/2025:12:33:51 -0400] "GET /wp-includes/js/zxcvbn.min.js HTTP/1.1" 200 389493 "https://greatamericanball.com/wp-login.php" "Mozilla/5.0 (Windows NT 10.0; Win64; x64) AppleWebKit/537.36 (KHTML, like Gecko) Chrome/132.0.0.0 Safari/537.36"
198.54.114.83 - - [31/Mar/2025:12:34:06 -0400] "POST /wp-cron.php?doing_wp_cron=1743438846.2551529407501220703125 HTTP/1.1" 200 0 "-" "WordPress/6.7.2; https://greatamericanball.com"
2.57.215.181 - - [31/Mar/2025:12:34:03 -0400] "POST /wp-login.php HTTP/1.1" 200 1840 "https://greatamericanball.com/wp-login.php" "Mozilla/5.0 (Windows NT 10.0; Win64; x64) AppleWebKit/537.36 (KHTML, like Gecko) Chrome/132.0.0.0 Safari/537.36"
198.54.114.83 - - [31/Mar/2025:12:34:07 -0400] "POST /wp-admin/admin-ajax.php?action=async_litespeed&nonce=1NPkQhbDRO8GhrmtaiizN5msbhyc8qIG&litespeed_type=imgoptm HTTP/1.1" 200 0 "-" "WordPress/6.7.2; https://greatamericanball.com"
85.208.96.197 - - [31/Mar/2025:12:34:10 -0400] "GET /elevating-your-space-modern-kitchen-cabinets/ HTTP/1.1" 404 1251 "-" "Mozilla/5.0 (compatible; SemrushBot/7~bl; +http://www.semrush.com/bot.html)"
85.208.96.201 - - [31/Mar/2025:12:34:12 -0400] "GET /buy-tiktok-saves-and-shares/ HTTP/1.1" 404 1251 "-" "Mozilla/5.0 (compatible; SemrushBot/7~bl; +http://www.semrush.com/bot.html)"
