64.124.8.156 - - [03/Apr/2025:19:54:01 -0400] "GET /electrical-contractor-clearwater/ HTTP/1.1" 404 1251 "-" "Mozilla/5.0 (compatible; ImagesiftBot; +imagesift.com)"
64.124.8.156 - - [03/Apr/2025:19:54:17 -0400] "GET /what-is-a-loan-agency/ HTTP/1.1" 404 1251 "-" "Mozilla/5.0 (compatible; ImagesiftBot; +imagesift.com)"
64.124.8.156 - - [03/Apr/2025:19:54:33 -0400] "GET /conservatory-roofs-cardiff/ HTTP/1.1" 404 1251 "-" "Mozilla/5.0 (compatible; ImagesiftBot; +imagesift.com)"
85.208.96.211 - - [03/Apr/2025:19:54:41 -0400] "GET /custom-logo-dress-socks/ HTTP/1.1" 404 1251 "-" "Mozilla/5.0 (compatible; SemrushBot/7~bl; +http://www.semrush.com/bot.html)"
64.124.8.156 - - [03/Apr/2025:19:54:51 -0400] "GET /wp-json/wp/v2/posts/657 HTTP/1.1" 404 1251 "-" "Mozilla/5.0 (compatible; ImagesiftBot; +imagesift.com)"
64.124.8.156 - - [03/Apr/2025:19:55:13 -0400] "GET /what-is-a-swaging-machine/ HTTP/1.1" 404 1251 "-" "Mozilla/5.0 (compatible; ImagesiftBot; +imagesift.com)"
18.209.116.12 - - [03/Apr/2025:19:55:41 -0400] "GET /unlocking-human-potential-the-role-of-an-hr-consultant/ HTTP/1.1" 404 1251 "-" "Grammarly/1.0 (http://www.grammarly.com)"
64.124.8.156 - - [03/Apr/2025:19:55:47 -0400] "GET /how-to-choose-a-tote-bag/ HTTP/1.1" 404 1251 "-" "Mozilla/5.0 (compatible; ImagesiftBot; +imagesift.com)"
64.124.8.156 - - [03/Apr/2025:19:56:05 -0400] "GET /bamse-har-vaeret-en-favorit-hos-born-i-over-100-ar/ HTTP/1.1" 404 1251 "-" "Mozilla/5.0 (compatible; ImagesiftBot; +imagesift.com)"
64.124.8.156 - - [03/Apr/2025:19:56:24 -0400] "GET /wp-json/wp/v2/posts/156 HTTP/1.1" 404 1251 "-" "Mozilla/5.0 (compatible; ImagesiftBot; +imagesift.com)"
64.124.8.156 - - [03/Apr/2025:19:56:40 -0400] "GET /wp-json/wp/v2/posts/175 HTTP/1.1" 404 1251 "-" "Mozilla/5.0 (compatible; ImagesiftBot; +imagesift.com)"
64.124.8.156 - - [03/Apr/2025:19:57:01 -0400] "GET /wp-json/wp/v2/posts/194 HTTP/1.1" 404 1251 "-" "Mozilla/5.0 (compatible; ImagesiftBot; +imagesift.com)"
2a03:2880:f800:8:: - - [03/Apr/2025:19:57:03 -0400] "GET /the-benefits-of-athletic-grip-socks/ HTTP/1.1" 404 1251 "-" "meta-externalagent/1.1 (+https://developers.facebook.com/docs/sharing/webmasters/crawler)"
2a03:2880:f800:f:: - - [03/Apr/2025:19:57:17 -0400] "GET /wine-in-the-pulpit/ HTTP/1.1" 404 1251 "-" "meta-externalagent/1.1 (+https://developers.facebook.com/docs/sharing/webmasters/crawler)"
64.124.8.156 - - [03/Apr/2025:19:57:18 -0400] "GET /unlock-your-fitness-potential-with-gym-supplements/ HTTP/1.1" 404 1251 "-" "Mozilla/5.0 (compatible; ImagesiftBot; +imagesift.com)"
64.124.8.156 - - [03/Apr/2025:19:57:35 -0400] "GET /wp-json/wp/v2/posts/1980 HTTP/1.1" 404 1251 "-" "Mozilla/5.0 (compatible; ImagesiftBot; +imagesift.com)"
64.124.8.156 - - [03/Apr/2025:19:57:53 -0400] "GET /step-by-step-procedure-done-by-a-boiler-service/ HTTP/1.1" 404 1251 "-" "Mozilla/5.0 (compatible; ImagesiftBot; +imagesift.com)"
61.231.86.36 - - [03/Apr/2025:19:58:01 -0400] "GET /choosing-the-best-cbd-oil-uk/ HTTP/1.1" 404 1251 "https://greatamericanball.com/choosing-the-best-cbd-oil-uk/" "Mozilla/5.0 (Windows NT 6.1; WOW64) AppleWebKit/537.36 (KHTML, like Gecko) Chrome/31.0.6323.951 Safari/537.36"
64.124.8.156 - - [03/Apr/2025:19:58:13 -0400] "GET /page/28/ HTTP/1.1" 404 1251 "-" "Mozilla/5.0 (compatible; ImagesiftBot; +imagesift.com)"
64.124.8.156 - - [03/Apr/2025:19:58:29 -0400] "GET /wp-json/wp/v2/posts/703 HTTP/1.1" 404 1251 "-" "Mozilla/5.0 (compatible; ImagesiftBot; +imagesift.com)"
64.124.8.156 - - [03/Apr/2025:19:58:50 -0400] "GET /wp-json/wp/v2/posts/2493 HTTP/1.1" 404 1251 "-" "Mozilla/5.0 (compatible; ImagesiftBot; +imagesift.com)"
64.124.8.156 - - [03/Apr/2025:19:59:10 -0400] "GET /wp-json/wp/v2/posts/348 HTTP/1.1" 404 1251 "-" "Mozilla/5.0 (compatible; ImagesiftBot; +imagesift.com)"
64.124.8.156 - - [03/Apr/2025:19:59:27 -0400] "GET /how-to-choose-an-industrial-air-cleaner/ HTTP/1.1" 404 1251 "-" "Mozilla/5.0 (compatible; ImagesiftBot; +imagesift.com)"
2a03:2880:f800:7:: - - [03/Apr/2025:19:59:29 -0400] "GET /a-guide-to-mclarens-for-sale/ HTTP/1.1" 404 1251 "-" "meta-externalagent/1.1 (+https://developers.facebook.com/docs/sharing/webmasters/crawler)"
64.124.8.156 - - [03/Apr/2025:19:59:47 -0400] "GET /wp-json/wp/v2/posts/1656 HTTP/1.1" 404 1251 "-" "Mozilla/5.0 (compatible; ImagesiftBot; +imagesift.com)"
64.124.8.156 - - [03/Apr/2025:20:00:06 -0400] "GET /how-much-does-puppy-insurance-cost/ HTTP/1.1" 404 1251 "-" "Mozilla/5.0 (compatible; ImagesiftBot; +imagesift.com)"
64.124.8.156 - - [03/Apr/2025:20:00:22 -0400] "GET /michael-kors-womens-purses-at-1stdibs/ HTTP/1.1" 404 1251 "-" "Mozilla/5.0 (compatible; ImagesiftBot; +imagesift.com)"
64.124.8.156 - - [03/Apr/2025:20:00:41 -0400] "GET /the-best-caregiver-agency-in-montreal/ HTTP/1.1" 404 1251 "-" "Mozilla/5.0 (compatible; ImagesiftBot; +imagesift.com)"
198.54.114.83 - - [03/Apr/2025:20:00:47 -0400] "POST /wp-admin/admin-ajax.php?action=async_litespeed&nonce=L14MCwVuMdC0nOKgHVXW5xbbGY51YglI&litespeed_type=imgoptm HTTP/1.1" 200 5 "-" "WordPress/6.7.2; https://greatamericanball.com"
64.124.8.156 - - [03/Apr/2025:20:00:58 -0400] "GET /wp-json/wp/v2/posts/202 HTTP/1.1" 404 1251 "-" "Mozilla/5.0 (compatible; ImagesiftBot; +imagesift.com)"
64.124.8.156 - - [03/Apr/2025:20:01:17 -0400] "GET /wp-json/wp/v2/posts/741 HTTP/1.1" 404 1251 "-" "Mozilla/5.0 (compatible; ImagesiftBot; +imagesift.com)"
47.238.13.11 - - [03/Apr/2025:20:01:17 -0400] "GET /category/sign-up/ HTTP/1.1" 404 1251 "-" "Mozilla/5.0 (Macintosh; Intel Mac OS X 10_15_7) AppleWebKit/537.36 (KHTML, like Gecko) Chrome/109.0.0.0 Safari/537.36"
64.124.8.156 - - [03/Apr/2025:20:01:39 -0400] "GET /page/77/ HTTP/1.1" 404 1251 "-" "Mozilla/5.0 (compatible; ImagesiftBot; +imagesift.com)"
64.124.8.156 - - [03/Apr/2025:20:01:59 -0400] "GET /pilates-at-wellness-centre-wollongong/ HTTP/1.1" 404 1251 "-" "Mozilla/5.0 (compatible; ImagesiftBot; +imagesift.com)"
64.124.8.156 - - [03/Apr/2025:20:02:17 -0400] "GET /flexible-led-screen/ HTTP/1.1" 404 1251 "-" "Mozilla/5.0 (compatible; ImagesiftBot; +imagesift.com)"
64.124.8.156 - - [03/Apr/2025:20:02:37 -0400] "GET /how-to-promote-property-listings/ HTTP/1.1" 404 1251 "-" "Mozilla/5.0 (compatible; ImagesiftBot; +imagesift.com)"
64.124.8.156 - - [03/Apr/2025:20:02:55 -0400] "GET /fleur-cbd/ HTTP/1.1" 404 1251 "-" "Mozilla/5.0 (compatible; ImagesiftBot; +imagesift.com)"
64.124.8.156 - - [03/Apr/2025:20:03:12 -0400] "GET /enjoy-painting-by-numbers/ HTTP/1.1" 404 1251 "-" "Mozilla/5.0 (compatible; ImagesiftBot; +imagesift.com)"
64.124.8.156 - - [03/Apr/2025:20:03:32 -0400] "GET /types-of-rv-refrigerators/ HTTP/1.1" 404 1251 "-" "Mozilla/5.0 (compatible; ImagesiftBot; +imagesift.com)"
64.124.8.156 - - [03/Apr/2025:20:03:51 -0400] "GET /how-an-rv-fridge-fan-can-improve-your-rvs-performance/ HTTP/1.1" 404 1251 "-" "Mozilla/5.0 (compatible; ImagesiftBot; +imagesift.com)"
64.124.8.156 - - [03/Apr/2025:20:04:09 -0400] "GET /best-cbd-oil-for-sleep-uk/ HTTP/1.1" 404 1251 "-" "Mozilla/5.0 (compatible; ImagesiftBot; +imagesift.com)"
64.124.8.156 - - [03/Apr/2025:20:04:27 -0400] "GET /what-are-modern-tor-addresses/ HTTP/1.1" 404 1251 "-" "Mozilla/5.0 (compatible; ImagesiftBot; +imagesift.com)"
64.124.8.156 - - [03/Apr/2025:20:04:45 -0400] "GET /wp-json/wp/v2/posts/1762 HTTP/1.1" 404 1251 "-" "Mozilla/5.0 (compatible; ImagesiftBot; +imagesift.com)"
64.124.8.156 - - [03/Apr/2025:20:05:03 -0400] "GET /domotique/ HTTP/1.1" 404 1251 "-" "Mozilla/5.0 (compatible; ImagesiftBot; +imagesift.com)"
198.54.114.83 - - [03/Apr/2025:20:05:13 -0400] "POST /wp-admin/admin-ajax.php?action=async_litespeed&nonce=gJwwQt9jJPIBedbTXXTwIzADuceMM3Ga&litespeed_type=imgoptm HTTP/1.1" 200 5 "-" "WordPress/6.7.2; https://greatamericanball.com"
64.124.8.156 - - [03/Apr/2025:20:05:22 -0400] "GET /why-you-should-invest-in-mobile-detailing-near-me/ HTTP/1.1" 404 1251 "-" "Mozilla/5.0 (compatible; ImagesiftBot; +imagesift.com)"
64.124.8.156 - - [03/Apr/2025:20:05:42 -0400] "GET /wp-json/wp/v2/posts/914 HTTP/1.1" 404 1251 "-" "Mozilla/5.0 (compatible; ImagesiftBot; +imagesift.com)"
64.124.8.156 - - [03/Apr/2025:20:06:00 -0400] "GET /page/45/ HTTP/1.1" 404 1251 "-" "Mozilla/5.0 (compatible; ImagesiftBot; +imagesift.com)"
64.124.8.156 - - [03/Apr/2025:20:06:20 -0400] "GET /comment-un-dentiste-durgence-peut-gerer-les-urgences-dentaires/ HTTP/1.1" 404 1251 "-" "Mozilla/5.0 (compatible; ImagesiftBot; +imagesift.com)"
64.124.8.156 - - [03/Apr/2025:20:06:40 -0400] "GET /wp-json/wp/v2/posts/952 HTTP/1.1" 404 1251 "-" "Mozilla/5.0 (compatible; ImagesiftBot; +imagesift.com)"
44.197.29.39 - - [03/Apr/2025:20:06:40 -0400] "GET /unlocking-human-potential-the-role-of-an-hr-consultant/ HTTP/1.1" 404 1251 "-" "Grammarly/1.0 (http://www.grammarly.com)"
64.124.8.156 - - [03/Apr/2025:20:07:00 -0400] "GET /wp-json/wp/v2/posts/1248 HTTP/1.1" 404 1251 "-" "Mozilla/5.0 (compatible; ImagesiftBot; +imagesift.com)"
64.124.8.156 - - [03/Apr/2025:20:07:21 -0400] "GET /wp-json/wp/v2/posts/1438 HTTP/1.1" 404 1251 "-" "Mozilla/5.0 (compatible; ImagesiftBot; +imagesift.com)"
64.124.8.156 - - [03/Apr/2025:20:07:42 -0400] "GET /why-is-it-that-composite-doors-are-outselling-upvc-doors-in-the-uk/ HTTP/1.1" 404 1251 "-" "Mozilla/5.0 (compatible; ImagesiftBot; +imagesift.com)"
64.124.8.156 - - [03/Apr/2025:20:08:01 -0400] "GET /clothings-for-lilo-and-stitch-fans/ HTTP/1.1" 404 1251 "-" "Mozilla/5.0 (compatible; ImagesiftBot; +imagesift.com)"
64.124.8.156 - - [03/Apr/2025:20:08:20 -0400] "GET /how-to-create-a-diamond-painting-from-your-own-picture/ HTTP/1.1" 404 1251 "-" "Mozilla/5.0 (compatible; ImagesiftBot; +imagesift.com)"
64.124.8.156 - - [03/Apr/2025:20:08:40 -0400] "GET /assurance-plombier/ HTTP/1.1" 404 1251 "-" "Mozilla/5.0 (compatible; ImagesiftBot; +imagesift.com)"
64.124.8.156 - - [03/Apr/2025:20:09:01 -0400] "GET /criminal-lawyer-louisiana/ HTTP/1.1" 404 1251 "-" "Mozilla/5.0 (compatible; ImagesiftBot; +imagesift.com)"
64.124.8.156 - - [03/Apr/2025:20:09:20 -0400] "GET /wp-json/wp/v2/posts/470 HTTP/1.1" 404 1251 "-" "Mozilla/5.0 (compatible; ImagesiftBot; +imagesift.com)"
64.124.8.156 - - [03/Apr/2025:20:09:39 -0400] "GET /wp-json/wp/v2/posts/1818 HTTP/1.1" 404 1251 "-" "Mozilla/5.0 (compatible; ImagesiftBot; +imagesift.com)"
64.124.8.156 - - [03/Apr/2025:20:09:59 -0400] "GET /wp-json/wp/v2/posts/1005 HTTP/1.1" 404 1251 "-" "Mozilla/5.0 (compatible; ImagesiftBot; +imagesift.com)"
64.124.8.156 - - [03/Apr/2025:20:10:19 -0400] "GET /how-to-grow-youtube-subscribers-fast-with-simplilearns-digital-marketing-courses/ HTTP/1.1" 404 1251 "-" "Mozilla/5.0 (compatible; ImagesiftBot; +imagesift.com)"
64.124.8.156 - - [03/Apr/2025:20:10:39 -0400] "GET /stag-weekend-in-budapest/ HTTP/1.1" 404 1251 "-" "Mozilla/5.0 (compatible; ImagesiftBot; +imagesift.com)"
64.124.8.156 - - [03/Apr/2025:20:11:01 -0400] "GET /wp-json/wp/v2/posts/1977 HTTP/1.1" 404 1251 "-" "Mozilla/5.0 (compatible; ImagesiftBot; +imagesift.com)"
64.124.8.156 - - [03/Apr/2025:20:11:23 -0400] "GET /m98bet/ HTTP/1.1" 404 1251 "-" "Mozilla/5.0 (compatible; ImagesiftBot; +imagesift.com)"
64.124.8.156 - - [03/Apr/2025:20:11:46 -0400] "GET /wp-json/wp/v2/posts/82 HTTP/1.1" 404 1251 "-" "Mozilla/5.0 (compatible; ImagesiftBot; +imagesift.com)"
64.124.8.156 - - [03/Apr/2025:20:12:09 -0400] "GET /slot-gas-a-new-way-for-roadside-businesses-to-generate-revenue/ HTTP/1.1" 404 1251 "-" "Mozilla/5.0 (compatible; ImagesiftBot; +imagesift.com)"
64.124.8.156 - - [03/Apr/2025:20:12:30 -0400] "GET /stepping-into-style-the-allure-of-custom-print-socks/ HTTP/1.1" 404 1251 "-" "Mozilla/5.0 (compatible; ImagesiftBot; +imagesift.com)"
64.124.8.156 - - [03/Apr/2025:20:12:51 -0400] "GET /womens-bamboo-clothing-is-it-worth-the-hype/ HTTP/1.1" 404 1251 "-" "Mozilla/5.0 (compatible; ImagesiftBot; +imagesift.com)"
64.124.8.156 - - [03/Apr/2025:20:13:12 -0400] "GET /what-does-a-data-leak-mean-on-an-iphone/ HTTP/1.1" 404 1251 "-" "Mozilla/5.0 (compatible; ImagesiftBot; +imagesift.com)"
64.124.8.156 - - [03/Apr/2025:20:13:34 -0400] "GET /page/62/ HTTP/1.1" 404 1251 "-" "Mozilla/5.0 (compatible; ImagesiftBot; +imagesift.com)"
64.124.8.156 - - [03/Apr/2025:20:13:56 -0400] "GET /wp-json/wp/v2/posts/624 HTTP/1.1" 404 1251 "-" "Mozilla/5.0 (compatible; ImagesiftBot; +imagesift.com)"
64.124.8.156 - - [03/Apr/2025:20:14:17 -0400] "GET /wp-json/wp/v2/posts/643 HTTP/1.1" 404 1251 "-" "Mozilla/5.0 (compatible; ImagesiftBot; +imagesift.com)"
185.191.171.8 - - [03/Apr/2025:20:14:35 -0400] "GET /robots.txt HTTP/1.1" 304 0 "-" "Mozilla/5.0 (compatible; SemrushBot/7~bl; +http://www.semrush.com/bot.html)"
185.191.171.10 - - [03/Apr/2025:20:14:36 -0400] "GET /fear-and-relationships/ HTTP/1.1" 404 1251 "-" "Mozilla/5.0 (compatible; SemrushBot/7~bl; +http://www.semrush.com/bot.html)"
64.124.8.156 - - [03/Apr/2025:20:14:40 -0400] "GET /wp-json/wp/v2/posts/2951 HTTP/1.1" 404 1251 "-" "Mozilla/5.0 (compatible; ImagesiftBot; +imagesift.com)"
64.124.8.156 - - [03/Apr/2025:20:15:03 -0400] "GET /wp-json/wp/v2/posts/1080 HTTP/1.1" 404 1251 "-" "Mozilla/5.0 (compatible; ImagesiftBot; +imagesift.com)"
64.124.8.156 - - [03/Apr/2025:20:15:26 -0400] "GET /wp-json/wp/v2/posts/123 HTTP/1.1" 404 1251 "-" "Mozilla/5.0 (compatible; ImagesiftBot; +imagesift.com)"
64.124.8.156 - - [03/Apr/2025:20:15:48 -0400] "GET /wp-json/wp/v2/posts/662 HTTP/1.1" 404 1251 "-" "Mozilla/5.0 (compatible; ImagesiftBot; +imagesift.com)"
64.124.8.156 - - [03/Apr/2025:20:16:12 -0400] "GET /wp-json/wp/v2/posts/1270 HTTP/1.1" 404 1251 "-" "Mozilla/5.0 (compatible; ImagesiftBot; +imagesift.com)"
207.46.13.230 - - [03/Apr/2025:20:16:23 -0400] "GET /robots.txt HTTP/1.1" 304 0 "-" "Mozilla/5.0 AppleWebKit/537.36 (KHTML, like Gecko; compatible; bingbot/2.0; +http://www.bing.com/bingbot.htm) Chrome/116.0.1938.76 Safari/537.36"
40.77.167.35 - - [03/Apr/2025:20:16:34 -0400] "GET /what-is-a-balance-sheet/ HTTP/1.1" 404 1251 "-" "Mozilla/5.0 AppleWebKit/537.36 (KHTML, like Gecko; compatible; bingbot/2.0; +http://www.bing.com/bingbot.htm) Chrome/116.0.1938.76 Safari/537.36"
64.124.8.156 - - [03/Apr/2025:20:16:34 -0400] "GET /chicago-locksmith-24-hour/ HTTP/1.1" 404 1251 "-" "Mozilla/5.0 (compatible; ImagesiftBot; +imagesift.com)"
64.124.8.156 - - [03/Apr/2025:20:16:56 -0400] "GET /wp-json/wp/v2/posts/161 HTTP/1.1" 404 1251 "-" "Mozilla/5.0 (compatible; ImagesiftBot; +imagesift.com)"
85.208.96.206 - - [03/Apr/2025:20:17:12 -0400] "GET /real-estate-investing/ HTTP/1.1" 404 1251 "-" "Mozilla/5.0 (compatible; SemrushBot/7~bl; +http://www.semrush.com/bot.html)"
18.209.116.12 - - [03/Apr/2025:20:17:20 -0400] "GET /unlocking-human-potential-the-role-of-an-hr-consultant/ HTTP/1.1" 404 1251 "-" "Grammarly/1.0 (http://www.grammarly.com)"
64.124.8.156 - - [03/Apr/2025:20:17:20 -0400] "GET /manicure-tables-vs-nail-technician-tables-and-chairs/ HTTP/1.1" 404 1251 "-" "Mozilla/5.0 (compatible; ImagesiftBot; +imagesift.com)"
52.167.144.163 - - [03/Apr/2025:20:17:43 -0400] "GET /2024/02/14/ HTTP/1.1" 404 1251 "-" "Mozilla/5.0 AppleWebKit/537.36 (KHTML, like Gecko; compatible; bingbot/2.0; +http://www.bing.com/bingbot.htm) Chrome/116.0.1938.76 Safari/537.36"
64.124.8.156 - - [03/Apr/2025:20:17:46 -0400] "GET /mma-mixed-martial-arts-training/ HTTP/1.1" 404 1251 "-" "Mozilla/5.0 (compatible; ImagesiftBot; +imagesift.com)"
64.124.8.156 - - [03/Apr/2025:20:18:09 -0400] "GET /basic-info-on-online-gambling-in-germany/ HTTP/1.1" 404 1251 "-" "Mozilla/5.0 (compatible; ImagesiftBot; +imagesift.com)"
64.124.8.156 - - [03/Apr/2025:20:18:32 -0400] "GET /wp-json/wp/v2/posts/1379 HTTP/1.1" 404 1251 "-" "Mozilla/5.0 (compatible; ImagesiftBot; +imagesift.com)"
207.46.13.160 - - [03/Apr/2025:20:18:37 -0400] "GET /jeux-dhabillage-dhiver-et-lessence-des-quatre-saisons-partie-1/feed/ HTTP/1.1" 404 1251 "-" "Mozilla/5.0 AppleWebKit/537.36 (KHTML, like Gecko; compatible; bingbot/2.0; +http://www.bing.com/bingbot.htm) Chrome/116.0.1938.76 Safari/537.36"
64.124.8.156 - - [03/Apr/2025:20:18:56 -0400] "GET /page/30/ HTTP/1.1" 404 1251 "-" "Mozilla/5.0 (compatible; ImagesiftBot; +imagesift.com)"
64.124.8.156 - - [03/Apr/2025:20:19:19 -0400] "GET /office-spaces-in-qatar/ HTTP/1.1" 404 1251 "-" "Mozilla/5.0 (compatible; ImagesiftBot; +imagesift.com)"
64.124.8.156 - - [03/Apr/2025:20:19:47 -0400] "GET /benefits-of-an-led-cylinder-light-fixture/ HTTP/1.1" 404 1251 "-" "Mozilla/5.0 (compatible; ImagesiftBot; +imagesift.com)"
64.124.8.156 - - [03/Apr/2025:20:20:13 -0400] "GET /wp-json/wp/v2/categories/5 HTTP/1.1" 404 1251 "-" "Mozilla/5.0 (compatible; ImagesiftBot; +imagesift.com)"
64.124.8.156 - - [03/Apr/2025:20:20:38 -0400] "GET /what-do-you-win-for-matching-5-out-of-6-powerball-numbers/ HTTP/1.1" 404 1251 "-" "Mozilla/5.0 (compatible; ImagesiftBot; +imagesift.com)"
64.124.8.156 - - [03/Apr/2025:20:21:02 -0400] "GET /wp-json/wp/v2/posts/835 HTTP/1.1" 404 1251 "-" "Mozilla/5.0 (compatible; ImagesiftBot; +imagesift.com)"
64.124.8.156 - - [03/Apr/2025:20:21:28 -0400] "GET /customized-dress-socks/ HTTP/1.1" 404 1251 "-" "Mozilla/5.0 (compatible; ImagesiftBot; +imagesift.com)"
64.124.8.156 - - [03/Apr/2025:20:21:53 -0400] "GET /wp-json/wp/v2/posts/1326 HTTP/1.1" 404 1251 "-" "Mozilla/5.0 (compatible; ImagesiftBot; +imagesift.com)"
64.124.8.156 - - [03/Apr/2025:20:22:20 -0400] "GET /compare-photo-editing-software/ HTTP/1.1" 404 1251 "-" "Mozilla/5.0 (compatible; ImagesiftBot; +imagesift.com)"
64.124.8.156 - - [03/Apr/2025:20:22:45 -0400] "GET /why-online-gambling-continues-to-grow/ HTTP/1.1" 404 1251 "-" "Mozilla/5.0 (compatible; ImagesiftBot; +imagesift.com)"
64.124.8.156 - - [03/Apr/2025:20:23:13 -0400] "GET /wp-json/wp/v2/posts/1485 HTTP/1.1" 404 1251 "-" "Mozilla/5.0 (compatible; ImagesiftBot; +imagesift.com)"
64.124.8.156 - - [03/Apr/2025:20:23:40 -0400] "GET /wp-json/wp/v2/posts/353 HTTP/1.1" 404 1251 "-" "Mozilla/5.0 (compatible; ImagesiftBot; +imagesift.com)"
64.124.8.156 - - [03/Apr/2025:20:24:11 -0400] "GET /wp-json/wp/v2/posts/1675 HTTP/1.1" 404 1251 "-" "Mozilla/5.0 (compatible; ImagesiftBot; +imagesift.com)"
64.124.8.156 - - [03/Apr/2025:20:24:41 -0400] "GET /the-benefits-of-a-tiled-conservatory-roof/ HTTP/1.1" 404 1251 "-" "Mozilla/5.0 (compatible; ImagesiftBot; +imagesift.com)"
64.124.8.156 - - [03/Apr/2025:20:25:20 -0400] "GET /metal-powder-injection-molding-technology-of-and-its-application/ HTTP/1.1" 404 1251 "-" "Mozilla/5.0 (compatible; ImagesiftBot; +imagesift.com)"
64.124.8.156 - - [03/Apr/2025:20:25:46 -0400] "GET /a-gateway-to-excitement/ HTTP/1.1" 404 1251 "-" "Mozilla/5.0 (compatible; ImagesiftBot; +imagesift.com)"
64.124.8.156 - - [03/Apr/2025:20:26:14 -0400] "GET /restaurant-labels-more-than-just-a-kitchen-organization-hack/ HTTP/1.1" 404 1251 "-" "Mozilla/5.0 (compatible; ImagesiftBot; +imagesift.com)"
64.124.8.156 - - [03/Apr/2025:20:26:40 -0400] "GET /online-gambling-on-sports/ HTTP/1.1" 404 1251 "-" "Mozilla/5.0 (compatible; ImagesiftBot; +imagesift.com)"
64.124.8.156 - - [03/Apr/2025:20:27:08 -0400] "GET /wp-json/wp/v2/posts/1432 HTTP/1.1" 404 1251 "-" "Mozilla/5.0 (compatible; ImagesiftBot; +imagesift.com)"
18.209.116.12 - - [03/Apr/2025:20:27:25 -0400] "GET /unlocking-human-potential-the-role-of-an-hr-consultant/ HTTP/1.1" 404 1251 "-" "Grammarly/1.0 (http://www.grammarly.com)"
64.124.8.156 - - [03/Apr/2025:20:27:37 -0400] "GET /how-clothes-affect-running/ HTTP/1.1" 404 1251 "-" "Mozilla/5.0 (compatible; ImagesiftBot; +imagesift.com)"
64.124.8.156 - - [03/Apr/2025:20:28:06 -0400] "GET /wp-json/wp/v2/posts/1622 HTTP/1.1" 404 1251 "-" "Mozilla/5.0 (compatible; ImagesiftBot; +imagesift.com)"
40.77.167.46 - - [03/Apr/2025:20:28:36 -0400] "GET /plongez-dans-la-realite-virtuelle/ HTTP/1.1" 404 1251 "-" "Mozilla/5.0 AppleWebKit/537.36 (KHTML, like Gecko; compatible; bingbot/2.0; +http://www.bing.com/bingbot.htm) Chrome/116.0.1938.76 Safari/537.36"
64.124.8.156 - - [03/Apr/2025:20:28:37 -0400] "GET /wp-json/wp/v2/posts/1591 HTTP/1.1" 404 1251 "-" "Mozilla/5.0 (compatible; ImagesiftBot; +imagesift.com)"
64.124.8.156 - - [03/Apr/2025:20:29:08 -0400] "GET /schutz-und-uberwachung/ HTTP/1.1" 404 1251 "-" "Mozilla/5.0 (compatible; ImagesiftBot; +imagesift.com)"
2a03:2880:f800:b:: - - [03/Apr/2025:20:29:21 -0400] "GET /the-ultimate-ecommerce-web-designers-trick/ HTTP/1.1" 404 1251 "-" "meta-externalagent/1.1 (+https://developers.facebook.com/docs/sharing/webmasters/crawler)"
64.124.8.156 - - [03/Apr/2025:20:29:39 -0400] "GET /what-is-a-baked-bar-disposable-vape/ HTTP/1.1" 404 1251 "-" "Mozilla/5.0 (compatible; ImagesiftBot; +imagesift.com)"
64.124.8.156 - - [03/Apr/2025:20:30:08 -0400] "GET /vietnam-travel-author-expert-samantha-coomber-interviewed/ HTTP/1.1" 404 1251 "-" "Mozilla/5.0 (compatible; ImagesiftBot; +imagesift.com)"
64.124.8.156 - - [03/Apr/2025:20:30:36 -0400] "GET /wp-json/wp/v2/posts/2568 HTTP/1.1" 404 1251 "-" "Mozilla/5.0 (compatible; ImagesiftBot; +imagesift.com)"
2a03:2880:f800:18:: - - [03/Apr/2025:20:30:49 -0400] "GET /types-of-conservatory-roofs/ HTTP/1.1" 404 1251 "-" "meta-externalagent/1.1 (+https://developers.facebook.com/docs/sharing/webmasters/crawler)"
64.124.8.156 - - [03/Apr/2025:20:31:08 -0400] "GET /natural-skincare-products-create-your-own-customized-vegan-versions/ HTTP/1.1" 404 1251 "-" "Mozilla/5.0 (compatible; ImagesiftBot; +imagesift.com)"
58.254.68.93 - - [03/Apr/2025:20:31:31 -0400] "GET /the-mk-bucket-bag-is-a-must-have-for-every-woman/ HTTP/1.1" 404 1251 "https://greatamericanball.com" "Mozilla/5.0 (Windows NT 10.0; Win64; x64) AppleWebKit/537.36 (KHTML, like Gecko) Chrome/62.0.3202.94 Safari/537.36"
58.254.68.93 - - [03/Apr/2025:20:31:34 -0400] "GET /the-mk-bucket-bag-is-a-must-have-for-every-woman/ HTTP/1.1" 404 1251 "https://greatamericanball.com" "Mozilla/5.0 (Windows NT 10.0; Win64; x64) AppleWebKit/537.36 (KHTML, like Gecko) Chrome/62.0.3202.94 Safari/537.36"
58.254.68.93 - - [03/Apr/2025:20:31:36 -0400] "GET /the-mk-bucket-bag-is-a-must-have-for-every-woman/ HTTP/1.1" 404 1251 "https://greatamericanball.com" "Mozilla/5.0 (Windows NT 10.0; Win64; x64) AppleWebKit/537.36 (KHTML, like Gecko) Chrome/62.0.3202.94 Safari/537.36"
58.254.68.93 - - [03/Apr/2025:20:31:38 -0400] "GET /the-mk-bucket-bag-is-a-must-have-for-every-woman/ HTTP/1.1" 404 1251 "https://greatamericanball.com" "Mozilla/5.0 (Windows NT 10.0; Win64; x64) AppleWebKit/537.36 (KHTML, like Gecko) Chrome/62.0.3202.94 Safari/537.36"
64.124.8.156 - - [03/Apr/2025:20:31:38 -0400] "GET /providing-compassionate-care-unveiling-the-essence-of-care-agency-dorchester/ HTTP/1.1" 404 1251 "-" "Mozilla/5.0 (compatible; ImagesiftBot; +imagesift.com)"
64.124.8.156 - - [03/Apr/2025:20:32:08 -0400] "GET /things-to-do-in-budapest/ HTTP/1.1" 404 1251 "-" "Mozilla/5.0 (compatible; ImagesiftBot; +imagesift.com)"
80.85.246.214 - - [03/Apr/2025:20:32:26 -0400] "GET / HTTP/1.1" 200 156192 "-" "Mozilla/5.0 (Macintosh; Intel Mac OS X 10_15_7) AppleWebKit/537.36 (KHTML, like Gecko) Chrome/133.0.0.0 Safari/537.36"
80.85.246.214 - - [03/Apr/2025:20:32:27 -0400] "GET /gp/registry/wishlist/ HTTP/1.1" 404 1251 "-" "Mozilla/5.0 (Macintosh; Intel Mac OS X 10_15_7) AppleWebKit/537.36 (KHTML, like Gecko) Chrome/133.0.0.0 Safari/537.36"
80.85.246.214 - - [03/Apr/2025:20:32:27 -0400] "GET / HTTP/1.1" 200 156192 "-" "Mozilla/5.0 (Macintosh; Intel Mac OS X 10_15_7) AppleWebKit/537.36 (KHTML, like Gecko) Chrome/133.0.0.0 Safari/537.36"
80.85.246.214 - - [03/Apr/2025:20:32:29 -0400] "GET / HTTP/1.1" 200 156192 "-" "Mozilla/5.0 (Macintosh; Intel Mac OS X 10_15_7) AppleWebKit/537.36 (KHTML, like Gecko) Chrome/133.0.0.0 Safari/537.36"
80.85.246.214 - - [03/Apr/2025:20:32:30 -0400] "GET /product-reviews/B0DG4WZZPV/ref=acr_dp_hist_5?ie=UTF8&filterByStar=five_star&reviewerType=all_reviews HTTP/1.1" 404 1251 "-" "Mozilla/5.0 (Macintosh; Intel Mac OS X 10_15_7) AppleWebKit/537.36 (KHTML, like Gecko) Chrome/133.0.0.0 Safari/537.36"
80.85.246.214 - - [03/Apr/2025:20:32:30 -0400] "GET /product-reviews/B0DG4WZZPV/ref=acr_dp_hist_4?ie=UTF8&filterByStar=four_star&reviewerType=all_reviews HTTP/1.1" 404 1251 "-" "Mozilla/5.0 (Macintosh; Intel Mac OS X 10_15_7) AppleWebKit/537.36 (KHTML, like Gecko) Chrome/133.0.0.0 Safari/537.36"
80.85.246.214 - - [03/Apr/2025:20:32:31 -0400] "GET /product-reviews/B0DG4WZZPV/ref=acr_dp_hist_3?ie=UTF8&filterByStar=three_star&reviewerType=all_reviews HTTP/1.1" 404 1251 "-" "Mozilla/5.0 (Macintosh; Intel Mac OS X 10_15_7) AppleWebKit/537.36 (KHTML, like Gecko) Chrome/133.0.0.0 Safari/537.36"
80.85.246.214 - - [03/Apr/2025:20:32:31 -0400] "GET /product-reviews/B0DG4WZZPV/ref=acr_dp_hist_2?ie=UTF8&filterByStar=two_star&reviewerType=all_reviews HTTP/1.1" 404 1251 "-" "Mozilla/5.0 (Macintosh; Intel Mac OS X 10_15_7) AppleWebKit/537.36 (KHTML, like Gecko) Chrome/133.0.0.0 Safari/537.36"
80.85.246.214 - - [03/Apr/2025:20:32:32 -0400] "GET /product-reviews/B0DG4WZZPV/ref=acr_dp_hist_1?ie=UTF8&filterByStar=one_star&reviewerType=all_reviews HTTP/1.1" 404 1251 "-" "Mozilla/5.0 (Macintosh; Intel Mac OS X 10_15_7) AppleWebKit/537.36 (KHTML, like Gecko) Chrome/133.0.0.0 Safari/537.36"
80.85.246.214 - - [03/Apr/2025:20:32:32 -0400] "GET /review/create-review/ref=cm_cr_dp_d_wr_but_top?ie=UTF8&channel=glance-detail&asin=B0DG4WZZPV HTTP/1.1" 404 1251 "-" "Mozilla/5.0 (Macintosh; Intel Mac OS X 10_15_7) AppleWebKit/537.36 (KHTML, like Gecko) Chrome/133.0.0.0 Safari/537.36"
80.85.246.214 - - [03/Apr/2025:20:32:33 -0400] "GET /gp/profile/amzn1.account.AFXQP46YJ2XUKR4MYZFNG3H2CXBQ/ref=cm_cr_dp_d_gw_tr?ie=UTF8 HTTP/1.1" 404 1251 "-" "Mozilla/5.0 (Macintosh; Intel Mac OS X 10_15_7) AppleWebKit/537.36 (KHTML, like Gecko) Chrome/133.0.0.0 Safari/537.36"
80.85.246.214 - - [03/Apr/2025:20:32:33 -0400] "GET /gp/customer-reviews/R2DVCU4L2UJJBX/ref=cm_cr_dp_d_rvw_ttl?ie=UTF8&ASIN=B0DG4WZZPV HTTP/1.1" 404 1251 "-" "Mozilla/5.0 (Macintosh; Intel Mac OS X 10_15_7) AppleWebKit/537.36 (KHTML, like Gecko) Chrome/133.0.0.0 Safari/537.36"
80.85.246.214 - - [03/Apr/2025:20:32:34 -0400] "GET /gp/profile/amzn1.account.AF5FRYZXCS7TKUJBS42LJ5SIYFCQ/ref=cm_cr_dp_d_gw_tr?ie=UTF8 HTTP/1.1" 404 1251 "-" "Mozilla/5.0 (Macintosh; Intel Mac OS X 10_15_7) AppleWebKit/537.36 (KHTML, like Gecko) Chrome/133.0.0.0 Safari/537.36"
80.85.246.214 - - [03/Apr/2025:20:32:34 -0400] "GET /gp/customer-reviews/RSOLMCOFAZGYC/ref=cm_cr_dp_d_rvw_ttl?ie=UTF8&ASIN=B0DG4WZZPV HTTP/1.1" 404 1251 "-" "Mozilla/5.0 (Macintosh; Intel Mac OS X 10_15_7) AppleWebKit/537.36 (KHTML, like Gecko) Chrome/133.0.0.0 Safari/537.36"
80.85.246.214 - - [03/Apr/2025:20:32:35 -0400] "GET /gp/profile/amzn1.account.AEI6M6PK7YTYMMDYHFCY44VLPMYQ/ref=cm_cr_dp_d_gw_tr?ie=UTF8 HTTP/1.1" 404 1251 "-" "Mozilla/5.0 (Macintosh; Intel Mac OS X 10_15_7) AppleWebKit/537.36 (KHTML, like Gecko) Chrome/133.0.0.0 Safari/537.36"
80.85.246.214 - - [03/Apr/2025:20:32:35 -0400] "GET /gp/customer-reviews/R1PEI6HEVK2UIC/ref=cm_cr_dp_d_rvw_ttl?ie=UTF8&ASIN=B0DG4WZZPV HTTP/1.1" 404 1251 "-" "Mozilla/5.0 (Macintosh; Intel Mac OS X 10_15_7) AppleWebKit/537.36 (KHTML, like Gecko) Chrome/133.0.0.0 Safari/537.36"
80.85.246.214 - - [03/Apr/2025:20:32:36 -0400] "GET /hz/reviews-render/report-review?ie=UTF8&ref=cm_cr_dp_d_report&csrfT=hI7SZljMN8bG2ire57mKHlD4fY6c8uVTvZXytn4fYPolAAAAAGcq7rEAAAAB&reviewId=R1PEI6HEVK2UIC HTTP/1.1" 404 1251 "-" "Mozilla/5.0 (Macintosh; Intel Mac OS X 10_15_7) AppleWebKit/537.36 (KHTML, like Gecko) Chrome/133.0.0.0 Safari/537.36"
64.124.8.156 - - [03/Apr/2025:20:32:39 -0400] "GET /wp-json/wp/v2/posts/1108 HTTP/1.1" 404 1251 "-" "Mozilla/5.0 (compatible; ImagesiftBot; +imagesift.com)"
64.124.8.156 - - [03/Apr/2025:20:33:13 -0400] "GET /the-thrill-of-the-poker-casino-a-gamblers-paradise/ HTTP/1.1" 404 1251 "-" "Mozilla/5.0 (compatible; ImagesiftBot; +imagesift.com)"
64.124.8.156 - - [03/Apr/2025:20:33:46 -0400] "GET /best-youtube-downloader/ HTTP/1.1" 404 1251 "-" "Mozilla/5.0 (compatible; ImagesiftBot; +imagesift.com)"
64.124.8.156 - - [03/Apr/2025:20:34:18 -0400] "GET /safe-and-effective-ways-to-convert-youtube-mp4/ HTTP/1.1" 404 1251 "-" "Mozilla/5.0 (compatible; ImagesiftBot; +imagesift.com)"
64.124.8.156 - - [03/Apr/2025:20:34:53 -0400] "GET /heure-miroir-22h22-quest-ce-que-cela-signifie/ HTTP/1.1" 404 1251 "-" "Mozilla/5.0 (compatible; ImagesiftBot; +imagesift.com)"
64.124.8.156 - - [03/Apr/2025:20:35:27 -0400] "GET /how-to-create-youtube-videos/ HTTP/1.1" 404 1251 "-" "Mozilla/5.0 (compatible; ImagesiftBot; +imagesift.com)"
64.124.8.156 - - [03/Apr/2025:20:36:01 -0400] "GET /cyprus-rhinoplasty-prices/ HTTP/1.1" 404 1251 "-" "Mozilla/5.0 (compatible; ImagesiftBot; +imagesift.com)"
64.124.8.156 - - [03/Apr/2025:20:36:38 -0400] "GET /wp-json/wp/v2/posts/718 HTTP/1.1" 404 1251 "-" "Mozilla/5.0 (compatible; ImagesiftBot; +imagesift.com)"
64.124.8.156 - - [03/Apr/2025:20:37:14 -0400] "GET /wp-json/wp/v2/posts/1024 HTTP/1.1" 404 1251 "-" "Mozilla/5.0 (compatible; ImagesiftBot; +imagesift.com)"
18.209.116.12 - - [03/Apr/2025:20:37:30 -0400] "GET /unlocking-human-potential-the-role-of-an-hr-consultant/ HTTP/1.1" 404 1251 "-" "Grammarly/1.0 (http://www.grammarly.com)"
45.80.104.97 - - [03/Apr/2025:20:37:41 -0400] "GET /implementing-a-training-program/ HTTP/1.1" 404 1251 "https://greatamericanball.com/implementing-a-training-program/" "Mozilla/5.0 (Windows NT 10.0; Win64; x64) AppleWebKit/537.36 (KHTML, like Gecko) Chrome/131.0.0.0 Safari/537.36 Avast/131.0.0.0"
45.80.104.97 - - [03/Apr/2025:20:37:42 -0400] "GET / HTTP/1.1" 200 156192 "https://greatamericanball.com/" "Mozilla/5.0 (Windows NT 10.0; Win64; x64) AppleWebKit/537.36 (KHTML, like Gecko) Chrome/131.0.0.0 Safari/537.36 Avast/131.0.0.0"
64.124.8.156 - - [03/Apr/2025:20:37:50 -0400] "GET /kichijoji-sisters-mind-forest-tokyo-japan/ HTTP/1.1" 404 1251 "-" "Mozilla/5.0 (compatible; ImagesiftBot; +imagesift.com)"
156.228.86.34 - - [03/Apr/2025:20:37:53 -0400] "GET /wp-login.php HTTP/1.1" 200 1697 "-" "Mozilla/5.0 (Windows NT 10.0; Win64; x64) AppleWebKit/537.36 (KHTML, like Gecko) Chrome/133.0.0.0 Safari/537.36"
198.54.114.83 - - [03/Apr/2025:20:37:55 -0400] "POST /wp-cron.php?doing_wp_cron=1743727075.6247270107269287109375 HTTP/1.1" 200 0 "-" "WordPress/6.7.2; https://greatamericanball.com"
156.228.86.34 - - [03/Apr/2025:20:37:53 -0400] "POST /wp-login.php HTTP/1.1" 200 1829 "https://greatamericanball.com/wp-login.php" "Mozilla/5.0 (Windows NT 10.0; Win64; x64) AppleWebKit/537.36 (KHTML, like Gecko) Chrome/133.0.0.0 Safari/537.36"
104.207.45.113 - - [03/Apr/2025:20:37:57 -0400] "GET /wp-login.php HTTP/1.1" 200 1697 "-" "Mozilla/5.0 (Windows NT 10.0; Win64; x64) AppleWebKit/537.36 (KHTML, like Gecko) Chrome/133.0.0.0 Safari/537.36"
198.54.114.83 - - [03/Apr/2025:20:37:56 -0400] "POST /wp-admin/admin-ajax.php?action=async_litespeed&nonce=yWh0MPQ6nHnKaYLGeuZJMGPH3mjNLZ2Z&litespeed_type=imgoptm HTTP/1.1" 200 5 "-" "WordPress/6.7.2; https://greatamericanball.com"
104.207.45.113 - - [03/Apr/2025:20:37:57 -0400] "POST /wp-login.php HTTP/1.1" 200 1829 "https://greatamericanball.com/wp-login.php" "Mozilla/5.0 (Windows NT 10.0; Win64; x64) AppleWebKit/537.36 (KHTML, like Gecko) Chrome/133.0.0.0 Safari/537.36"
104.207.63.35 - - [03/Apr/2025:20:37:58 -0400] "GET /wp-login.php HTTP/1.1" 200 1697 "-" "Mozilla/5.0 (Windows NT 10.0; Win64; x64) AppleWebKit/537.36 (KHTML, like Gecko) Chrome/133.0.0.0 Safari/537.36"
2a03:2880:f800:16:: - - [03/Apr/2025:20:37:58 -0400] "GET /the-guardians-duties/ HTTP/1.1" 404 1251 "-" "meta-externalagent/1.1 (+https://developers.facebook.com/docs/sharing/webmasters/crawler)"
104.207.63.35 - - [03/Apr/2025:20:37:58 -0400] "POST /wp-login.php HTTP/1.1" 200 1829 "https://greatamericanball.com/wp-login.php" "Mozilla/5.0 (Windows NT 10.0; Win64; x64) AppleWebKit/537.36 (KHTML, like Gecko) Chrome/133.0.0.0 Safari/537.36"
156.228.180.43 - - [03/Apr/2025:20:37:59 -0400] "GET /wp-login.php HTTP/1.1" 200 1697 "-" "Mozilla/5.0 (Windows NT 10.0; Win64; x64) AppleWebKit/537.36 (KHTML, like Gecko) Chrome/133.0.0.0 Safari/537.36"
156.228.180.43 - - [03/Apr/2025:20:38:00 -0400] "POST /wp-login.php HTTP/1.1" 200 1829 "https://greatamericanball.com/wp-login.php" "Mozilla/5.0 (Windows NT 10.0; Win64; x64) AppleWebKit/537.36 (KHTML, like Gecko) Chrome/133.0.0.0 Safari/537.36"
156.228.183.241 - - [03/Apr/2025:20:38:01 -0400] "GET /wp-login.php HTTP/1.1" 200 1697 "-" "Mozilla/5.0 (Windows NT 10.0; Win64; x64) AppleWebKit/537.36 (KHTML, like Gecko) Chrome/133.0.0.0 Safari/537.36"
198.54.114.83 - - [03/Apr/2025:20:38:01 -0400] "POST /wp-cron.php?doing_wp_cron=1743727081.6043589115142822265625 HTTP/1.1" 200 0 "-" "WordPress/6.7.2; https://greatamericanball.com"
156.228.183.241 - - [03/Apr/2025:20:38:01 -0400] "POST /wp-login.php HTTP/1.1" 200 1829 "https://greatamericanball.com/wp-login.php" "Mozilla/5.0 (Windows NT 10.0; Win64; x64) AppleWebKit/537.36 (KHTML, like Gecko) Chrome/133.0.0.0 Safari/537.36"
198.54.114.83 - - [03/Apr/2025:20:38:02 -0400] "POST /wp-admin/admin-ajax.php?action=async_litespeed&nonce=csptPRtvg1a84RHuMNjiDWrDgExZ0ZkU&litespeed_type=imgoptm HTTP/1.1" 200 5 "-" "WordPress/6.7.2; https://greatamericanball.com"
64.124.8.156 - - [03/Apr/2025:20:38:27 -0400] "GET /wp-json/wp/v2/posts/756 HTTP/1.1" 404 1251 "-" "Mozilla/5.0 (compatible; ImagesiftBot; +imagesift.com)"
64.124.8.156 - - [03/Apr/2025:20:39:05 -0400] "GET /lawyer-hattingen-offers-first-class-legal-solutions-made-in-germany/ HTTP/1.1" 404 1251 "-" "Mozilla/5.0 (compatible; ImagesiftBot; +imagesift.com)"
64.124.8.156 - - [03/Apr/2025:20:39:43 -0400] "GET /how-to-avoid-getting-addicted-to-gambling-slots/ HTTP/1.1" 404 1251 "-" "Mozilla/5.0 (compatible; ImagesiftBot; +imagesift.com)"
64.124.8.156 - - [03/Apr/2025:20:40:23 -0400] "GET /wp-json/wp/v2/posts/236 HTTP/1.1" 404 1251 "-" "Mozilla/5.0 (compatible; ImagesiftBot; +imagesift.com)"
64.124.8.156 - - [03/Apr/2025:20:41:05 -0400] "GET /wp-json/wp/v2/posts/775 HTTP/1.1" 404 1251 "-" "Mozilla/5.0 (compatible; ImagesiftBot; +imagesift.com)"
64.124.8.156 - - [03/Apr/2025:20:41:50 -0400] "GET /proteger-votre-entreprise-avec-sagesse/ HTTP/1.1" 404 1251 "-" "Mozilla/5.0 (compatible; ImagesiftBot; +imagesift.com)"
64.124.8.156 - - [03/Apr/2025:20:42:35 -0400] "GET /star-plus-electrical/ HTTP/1.1" 404 1251 "-" "Mozilla/5.0 (compatible; ImagesiftBot; +imagesift.com)"
198.54.114.83 - - [03/Apr/2025:20:42:45 -0400] "POST /wp-cron.php?doing_wp_cron=1743727364.9939749240875244140625 HTTP/1.1" 200 0 "-" "WordPress/6.7.2; https://greatamericanball.com"
2602:fb54:313:: - - [03/Apr/2025:20:42:42 -0400] "POST /wp-login.php HTTP/1.1" 200 1822 "https://greatamericanball.com/wp-admin/" "Mozilla/5.0 (Windows NT 10.0; Win64; x64) AppleWebKit/537.36 (KHTML, like Gecko) Chrome/90.0.4430.85 Safari/537.36"
2602:fb54:313:: - - [03/Apr/2025:20:42:45 -0400] "GET /wp-admin/ HTTP/1.1" 302 0 "https://www.google.com" "Mozilla/5.0 (Windows NT 10.0; Win64; x64) AppleWebKit/537.36 (KHTML, like Gecko) Chrome/90.0.4430.85 Safari/537.36"
2602:fb54:313:: - - [03/Apr/2025:20:42:46 -0400] "GET /wp-login.php?redirect_to=https%3A%2F%2Fgreatamericanball.com%2Fwp-admin%2F&reauth=1 HTTP/1.1" 200 1697 "https://www.google.com" "Mozilla/5.0 (Windows NT 10.0; Win64; x64) AppleWebKit/537.36 (KHTML, like Gecko) Chrome/90.0.4430.85 Safari/537.36"
198.54.114.83 - - [03/Apr/2025:20:42:46 -0400] "POST /wp-admin/admin-ajax.php?action=async_litespeed&nonce=Y4UFlCwlzwhdF3zmcNPJEP1Hlg1oWwiq&litespeed_type=imgoptm HTTP/1.1" 200 5 "-" "WordPress/6.7.2; https://greatamericanball.com"
64.124.8.156 - - [03/Apr/2025:20:43:23 -0400] "GET /diamond-painting/ HTTP/1.1" 404 1251 "-" "Mozilla/5.0 (compatible; ImagesiftBot; +imagesift.com)"
64.124.8.156 - - [03/Apr/2025:20:44:14 -0400] "GET /antiker-vintage-schmuck-wertvolle-sammlung-oder-stil-statement/ HTTP/1.1" 404 1251 "-" "Mozilla/5.0 (compatible; ImagesiftBot; +imagesift.com)"
64.124.8.156 - - [03/Apr/2025:20:45:09 -0400] "GET /caregiver-agency-near-me/ HTTP/1.1" 404 1251 "-" "Mozilla/5.0 (compatible; ImagesiftBot; +imagesift.com)"
64.124.8.156 - - [03/Apr/2025:20:46:07 -0400] "GET /wp-json/wp/v2/posts/293 HTTP/1.1" 404 1251 "-" "Mozilla/5.0 (compatible; ImagesiftBot; +imagesift.com)"
136.243.228.195 - - [03/Apr/2025:20:46:29 -0400] "GET /pex-water-pipes/ HTTP/1.1" 404 1251 "-" "Mozilla/5.0 (compatible; DataForSeoBot/1.0; +https://dataforseo.com/dataforseo-bot)"
64.124.8.156 - - [03/Apr/2025:20:47:05 -0400] "GET /sales-michael-kors-handbags/ HTTP/1.1" 404 1251 "-" "Mozilla/5.0 (compatible; ImagesiftBot; +imagesift.com)"
207.46.13.78 - - [03/Apr/2025:20:47:39 -0400] "GET /comprendre-limportance-des-tests-dovulation-dans-la-planification-familiale/ HTTP/1.1" 404 1251 "-" "Mozilla/5.0 AppleWebKit/537.36 (KHTML, like Gecko; compatible; bingbot/2.0; +http://www.bing.com/bingbot.htm) Chrome/116.0.1938.76 Safari/537.36"
18.209.116.12 - - [03/Apr/2025:20:47:50 -0400] "GET /unlocking-human-potential-the-role-of-an-hr-consultant/ HTTP/1.1" 404 1251 "-" "Grammarly/1.0 (http://www.grammarly.com)"
198.54.114.83 - - [03/Apr/2025:20:48:09 -0400] "POST /wp-cron.php?doing_wp_cron=1743727689.4003009796142578125000 HTTP/1.1" 200 0 "-" "WordPress/6.7.2; https://greatamericanball.com"
167.71.215.252 - - [03/Apr/2025:20:48:06 -0400] "POST /wp-login.php/wp-login.php HTTP/1.1" 200 1841 "-" "python-requests/2.32.3"
64.124.8.156 - - [03/Apr/2025:20:48:10 -0400] "GET /how-cement-tiles-can-transform-your-home/ HTTP/1.1" 404 1251 "-" "Mozilla/5.0 (compatible; ImagesiftBot; +imagesift.com)"
198.54.114.83 - - [03/Apr/2025:20:48:10 -0400] "POST /wp-admin/admin-ajax.php?action=async_litespeed&nonce=Paw2ldiX3pAT3hzFOB6ZEahaX4aCnVQP&litespeed_type=imgoptm HTTP/1.1" 200 5 "-" "WordPress/6.7.2; https://greatamericanball.com"
64.124.8.156 - - [03/Apr/2025:20:49:25 -0400] "GET /effiziente-haushaltsauflosungen-in-hamburg-optimieren-sie-ihre-raume/ HTTP/1.1" 404 1251 "-" "Mozilla/5.0 (compatible; ImagesiftBot; +imagesift.com)"
64.124.8.156 - - [03/Apr/2025:20:51:08 -0400] "GET /wp-json/wp/v2/posts/929 HTTP/1.1" 404 1251 "-" "Mozilla/5.0 (compatible; ImagesiftBot; +imagesift.com)"
64.124.8.156 - - [03/Apr/2025:20:54:09 -0400] "GET /wp-json/wp/v2/posts/2266 HTTP/1.1" 404 1251 "-" "Mozilla/5.0 (compatible; ImagesiftBot; +imagesift.com)"
47.238.13.8 - - [03/Apr/2025:20:55:31 -0400] "GET /author/ashdev/ HTTP/1.1" 404 1251 "-" "Mozilla/5.0 (Macintosh; Intel Mac OS X 10_15_7) AppleWebKit/537.36 (KHTML, like Gecko) Chrome/109.0.0.0 Safari/537.36"
124.243.151.224 - - [03/Apr/2025:20:57:24 -0400] "GET /schlanke-designs-fur-zeitgenossische-raume/ HTTP/1.1" 404 1251 "https://greatamericanball.com/schlanke-designs-fur-zeitgenossische-raume/#respond" "Mozilla/5.0 (Windows NT 10.0; Win64; x64) AppleWebKit/537.36 (KHTML, like Gecko) Chrome/107.0.0.0 Safari/537.36"
18.209.116.12 - - [03/Apr/2025:20:57:55 -0400] "GET /unlocking-human-potential-the-role-of-an-hr-consultant/ HTTP/1.1" 404 1251 "-" "Grammarly/1.0 (http://www.grammarly.com)"
64.124.8.156 - - [03/Apr/2025:20:59:10 -0400] "GET /guide-to-cabo-san-lucas-for-young-travelers/ HTTP/1.1" 404 1251 "-" "Mozilla/5.0 (compatible; ImagesiftBot; +imagesift.com)"
47.82.34.69 - - [03/Apr/2025:21:01:06 -0400] "GET / HTTP/1.1" 200 156192 "https://www.google.com/" "Mozilla/5.0 (Linux; Android 10; K) AppleWebKit/537.36 (KHTML, like Gecko) Chrome/133.0.0.0 Mobile Safari/537.36"
85.208.96.205 - - [03/Apr/2025:21:03:39 -0400] "GET /category/activity/page/20/ HTTP/1.1" 404 1251 "-" "Mozilla/5.0 (compatible; SemrushBot/7~bl; +http://www.semrush.com/bot.html)"
62.113.113.106 - - [03/Apr/2025:21:03:49 -0400] "GET /where-to-buy-cbd-oil-in-the-uk/ HTTP/1.1" 404 1251 "https://greatamericanball.com/where-to-buy-cbd-oil-in-the-uk/" "Mozilla/5.0 (Windows NT 10.0; Win64; x64) AppleWebKit/537.36 (KHTML, like Gecko) Chrome/131.0.0.0 Safari/537.36 Avast/131.0.0.0"
62.113.113.106 - - [03/Apr/2025:21:03:49 -0400] "GET / HTTP/1.1" 200 156192 "https://greatamericanball.com/" "Mozilla/5.0 (Windows NT 10.0; Win64; x64) AppleWebKit/537.36 (KHTML, like Gecko) Chrome/131.0.0.0 Safari/537.36 Avast/131.0.0.0"
2a03:2880:f800:d:: - - [03/Apr/2025:21:08:02 -0400] "GET /custom-basketball-socks/ HTTP/1.1" 404 1251 "-" "meta-externalagent/1.1 (+https://developers.facebook.com/docs/sharing/webmasters/crawler)"
114.119.132.238 - - [03/Apr/2025:21:14:49 -0400] "GET /top-refrigerant-leak-detectors/ HTTP/1.1" 404 1251 "-" "Mozilla/5.0 (Linux; Android 7.0;) AppleWebKit/537.36 (KHTML, like Gecko) Mobile Safari/537.36 (compatible; PetalBot;+https://webmaster.petalsearch.com/site/petalbot)"
85.208.96.203 - - [03/Apr/2025:21:14:53 -0400] "GET /understanding-online-betting-sites/ HTTP/1.1" 404 1251 "-" "Mozilla/5.0 (compatible; SemrushBot/7~bl; +http://www.semrush.com/bot.html)"
23.22.107.123 - - [03/Apr/2025:21:15:40 -0400] "GET /unlocking-human-potential-the-role-of-an-hr-consultant/ HTTP/1.1" 404 1251 "-" "Grammarly/1.0 (http://www.grammarly.com)"
58.254.68.93 - - [03/Apr/2025:21:17:58 -0400] "GET /the-mk-bucket-bag-is-a-must-have-for-every-woman/ HTTP/1.1" 404 1251 "https://greatamericanball.com" "Mozilla/5.0 (Windows NT 10.0; Win64; x64) AppleWebKit/537.36 (KHTML, like Gecko) Chrome/62.0.3202.94 Safari/537.36"
58.254.68.93 - - [03/Apr/2025:21:17:59 -0400] "GET /the-mk-bucket-bag-is-a-must-have-for-every-woman/ HTTP/1.1" 404 1251 "https://greatamericanball.com" "Mozilla/5.0 (Windows NT 10.0; Win64; x64) AppleWebKit/537.36 (KHTML, like Gecko) Chrome/62.0.3202.94 Safari/537.36"
58.254.68.93 - - [03/Apr/2025:21:18:02 -0400] "GET /the-mk-bucket-bag-is-a-must-have-for-every-woman/ HTTP/1.1" 404 1251 "https://greatamericanball.com" "Mozilla/5.0 (Windows NT 10.0; Win64; x64) AppleWebKit/537.36 (KHTML, like Gecko) Chrome/62.0.3202.94 Safari/537.36"
58.254.68.93 - - [03/Apr/2025:21:18:04 -0400] "GET /the-mk-bucket-bag-is-a-must-have-for-every-woman/ HTTP/1.1" 404 1251 "https://greatamericanball.com" "Mozilla/5.0 (Windows NT 10.0; Win64; x64) AppleWebKit/537.36 (KHTML, like Gecko) Chrome/62.0.3202.94 Safari/537.36"
104.168.173.24 - - [03/Apr/2025:21:19:51 -0400] "GET /the-allure-and-risks-of-satta-king-a-deep-dive/ HTTP/1.1" 404 1251 "-" "Mozilla/5.0 (Windows NT 10.0; WOW64) AppleWebKit/537.36 (KHTML, like Gecko) Chrome/114.0.0.0 YaBrowser/22.7.0 Yowser/2.5 Safari/537.36"
104.168.173.24 - - [03/Apr/2025:21:19:52 -0400] "GET / HTTP/1.1" 200 156192 "-" "Mozilla/5.0 (Windows NT 10.0; WOW64) AppleWebKit/537.36 (KHTML, like Gecko) Chrome/114.0.0.0 YaBrowser/22.7.0 Yowser/2.5 Safari/537.36"
104.168.173.24 - - [03/Apr/2025:21:19:54 -0400] "GET /dp/B0D3RN5W37?ref=MarsFS_VICC_blinksqm HTTP/1.1" 404 1251 "https://greatamericanball.com" "Mozilla/5.0 (Windows NT 10.0; WOW64) AppleWebKit/537.36 (KHTML, like Gecko) Chrome/114.0.0.0 YaBrowser/22.7.0 Yowser/2.5 Safari/537.36"
104.168.173.24 - - [03/Apr/2025:21:19:55 -0400] "GET / HTTP/1.1" 200 156192 "https://greatamericanball.com" "Mozilla/5.0 (Windows NT 10.0; WOW64) AppleWebKit/537.36 (KHTML, like Gecko) Chrome/114.0.0.0 YaBrowser/22.7.0 Yowser/2.5 Safari/537.36"
185.191.171.3 - - [03/Apr/2025:21:41:25 -0400] "GET /composteur-electrique/ HTTP/1.1" 404 1251 "-" "Mozilla/5.0 (compatible; SemrushBot/7~bl; +http://www.semrush.com/bot.html)"
165.227.83.226 - - [03/Apr/2025:21:46:40 -0400] "GET /wp-login.php HTTP/1.1" 200 1697 "http://greatamericanball.com/wp-admin/" "Mozilla/5.0 (Windows NT 10.0; Win64; x64) AppleWebKit/537.36 (KHTML, like Gecko) Chrome/90.0.4430.85 Safari/537.36"
165.227.83.226 - - [03/Apr/2025:21:46:41 -0400] "GET /wp-admin/ HTTP/1.1" 302 0 "www.google.com" "Mozilla/5.0 (Windows NT 10.0; Win64; x64) AppleWebKit/537.36 (KHTML, like Gecko) Chrome/90.0.4430.85 Safari/537.36"
198.54.114.83 - - [03/Apr/2025:21:46:41 -0400] "POST /wp-admin/admin-ajax.php?action=async_litespeed&nonce=qKbZMxd0JJwBdwXC95JdM61qRnV8Rjn6&litespeed_type=imgoptm HTTP/1.1" 200 5 "-" "WordPress/6.7.2; https://greatamericanball.com"
165.227.83.226 - - [03/Apr/2025:21:46:41 -0400] "GET /wp-login.php?redirect_to=https%3A%2F%2Fgreatamericanball.com%2Fwp-admin%2F&reauth=1 HTTP/1.1" 200 1697 "www.google.com" "Mozilla/5.0 (Windows NT 10.0; Win64; x64) AppleWebKit/537.36 (KHTML, like Gecko) Chrome/90.0.4430.85 Safari/537.36"
165.227.83.226 - - [03/Apr/2025:21:46:42 -0400] "GET /wp-login.php HTTP/1.1" 200 1697 "http://greatamericanball.com/wp-admin/" "Mozilla/5.0 (Windows NT 10.0; Win64; x64) AppleWebKit/537.36 (KHTML, like Gecko) Chrome/90.0.4430.85 Safari/537.36"
165.227.83.226 - - [03/Apr/2025:21:46:42 -0400] "GET /wp-admin/ HTTP/1.1" 302 0 "www.google.com" "Mozilla/5.0 (Windows NT 10.0; Win64; x64) AppleWebKit/537.36 (KHTML, like Gecko) Chrome/90.0.4430.85 Safari/537.36"
165.227.83.226 - - [03/Apr/2025:21:46:42 -0400] "GET /wp-login.php?redirect_to=https%3A%2F%2Fgreatamericanball.com%2Fwp-admin%2F&reauth=1 HTTP/1.1" 200 1697 "www.google.com" "Mozilla/5.0 (Windows NT 10.0; Win64; x64) AppleWebKit/537.36 (KHTML, like Gecko) Chrome/90.0.4430.85 Safari/537.36"
17.241.219.196 - - [03/Apr/2025:21:50:12 -0400] "GET /agritourismus-am-gardasee/ HTTP/1.1" 404 1251 "-" "Mozilla/5.0 (Macintosh; Intel Mac OS X 10_15_7) AppleWebKit/605.1.15 (KHTML, like Gecko) Version/17.4 Safari/605.1.15 (Applebot/0.1; +http://www.apple.com/go/applebot)"
114.119.132.101 - - [03/Apr/2025:21:50:44 -0400] "GET /property-management/ HTTP/1.1" 404 1251 "-" "Mozilla/5.0 (Linux; Android 7.0;) AppleWebKit/537.36 (KHTML, like Gecko) Mobile Safari/537.36 (compatible; PetalBot;+https://webmaster.petalsearch.com/site/petalbot)"
85.208.96.200 - - [03/Apr/2025:21:57:31 -0400] "GET /property-deals-pipeline/ HTTP/1.1" 404 1251 "-" "Mozilla/5.0 (compatible; SemrushBot/7~bl; +http://www.semrush.com/bot.html)"
185.191.171.8 - - [03/Apr/2025:21:57:57 -0400] "GET /page/131/ HTTP/1.1" 404 1251 "-" "Mozilla/5.0 (compatible; SemrushBot/7~bl; +http://www.semrush.com/bot.html)"
178.32.106.223 - - [03/Apr/2025:22:01:08 -0400] "GET /the-allure-and-risks-of-satta-king-a-deep-dive/ HTTP/1.1" 404 1251 "https://greatamericanball.com/" "Mozilla/5.0 (Macintosh; Intel Mac OS X 12_5) AppleWebKit/537.36 (KHTML, like Gecko) Chrome/103.0.0.0 Safari/537.36"
178.32.106.223 - - [03/Apr/2025:22:01:09 -0400] "GET / HTTP/1.1" 200 156192 "https://greatamericanball.com" "Mozilla/5.0 (Macintosh; Intel Mac OS X 12_5) AppleWebKit/537.36 (KHTML, like Gecko) Chrome/103.0.0.0 Safari/537.36"
66.249.79.68 - - [03/Apr/2025:22:04:19 -0400] "GET / HTTP/1.1" 304 0 "-" "Mozilla/5.0 (Linux; Android 6.0.1; Nexus 5X Build/MMB29P) AppleWebKit/537.36 (KHTML, like Gecko) Chrome/134.0.6998.165 Mobile Safari/537.36 (compatible; Googlebot/2.1; +http://www.google.com/bot.html)"
134.17.14.122 - - [03/Apr/2025:22:07:28 -0400] "GET /wp-includes/wp-class.php HTTP/1.1" 404 1251 "-" "Mozilla/4.0 (compatible; MSIE 6.0; Windows NT 5.1; SV1)"
34.127.29.78 - - [03/Apr/2025:22:12:34 -0400] "GET /unraveling-the-mysteries-behind-tiktok-views/ HTTP/1.1" 404 1251 "-" "Mozilla/5.0 (Macintosh; Intel Mac OS X 10.15; rv:109.0) Gecko/20100101 Firefox/116.0"
85.208.96.199 - - [03/Apr/2025:22:16:38 -0400] "GET /robots.txt HTTP/1.1" 304 0 "-" "Mozilla/5.0 (compatible; SemrushBot/7~bl; +http://www.semrush.com/bot.html)"
185.191.171.13 - - [03/Apr/2025:22:16:40 -0400] "GET /what-are-omni-military-loans/ HTTP/1.1" 404 1251 "-" "Mozilla/5.0 (compatible; SemrushBot/7~bl; +http://www.semrush.com/bot.html)"
178.20.29.25 - - [03/Apr/2025:22:17:07 -0400] "GET /cuotas-de-apuestas-deportivas-para-la-nba/ HTTP/1.1" 404 1251 "https://greatamericanball.com/cuotas-de-apuestas-deportivas-para-la-nba/" "Mozilla/5.0 (Windows NT 6.3; Win64; x64) AppleWebKit/537.36 (KHTML, like Gecko) Chrome/103.0.5060.114 Safari/537.36"
178.20.29.25 - - [03/Apr/2025:22:17:08 -0400] "GET / HTTP/1.1" 200 156192 "https://greatamericanball.com/" "Mozilla/5.0 (Windows NT 6.3; Win64; x64) AppleWebKit/537.36 (KHTML, like Gecko) Chrome/103.0.5060.114 Safari/537.36"
34.145.20.211 - - [03/Apr/2025:22:22:55 -0400] "GET /top-heroes-in-watcher-of-realms/ HTTP/1.1" 404 1251 "-" "Mozilla/5.0 (Macintosh; Intel Mac OS X 10_15_7) AppleWebKit/605.1.15 (KHTML, like Gecko) Version/17.0 Safari/605.1.15"
3.22.79.36 - - [03/Apr/2025:22:24:33 -0400] "GET /robots.txt HTTP/1.1" 304 0 "-" "Mozilla/5.0 AppleWebKit/537.36 (KHTML, like Gecko; compatible; ClaudeBot/1.0; +claudebot@anthropic.com)"
3.22.79.36 - - [03/Apr/2025:22:24:33 -0400] "GET /optimizacion-de-conversion-de-consumo-de-combustible HTTP/1.1" 404 1251 "-" "Mozilla/5.0 AppleWebKit/537.36 (KHTML, like Gecko; compatible; ClaudeBot/1.0; +claudebot@anthropic.com)"
3.147.103.89 - - [03/Apr/2025:22:25:43 -0400] "GET /?p=373 HTTP/1.1" 200 156192 "-" "Mozilla/5.0 AppleWebKit/537.36 (KHTML, like Gecko; compatible; ClaudeBot/1.0; +claudebot@anthropic.com)"
114.119.135.199 - - [03/Apr/2025:22:26:40 -0400] "GET /poster-scientifique/ HTTP/1.1" 404 1251 "-" "Mozilla/5.0 (Linux; Android 7.0;) AppleWebKit/537.36 (KHTML, like Gecko) Mobile Safari/537.36 (compatible; PetalBot;+https://webmaster.petalsearch.com/site/petalbot)"
18.224.44.247 - - [03/Apr/2025:22:27:05 -0400] "GET /choosing-an-appliance-repair-expert/ HTTP/1.1" 404 1251 "-" "Mozilla/5.0 AppleWebKit/537.36 (KHTML, like Gecko; compatible; ClaudeBot/1.0; +claudebot@anthropic.com)"
18.224.44.247 - - [03/Apr/2025:22:27:05 -0400] "GET /?p=1682 HTTP/1.1" 200 156192 "-" "Mozilla/5.0 AppleWebKit/537.36 (KHTML, like Gecko; compatible; ClaudeBot/1.0; +claudebot@anthropic.com)"
64.227.139.48 - - [03/Apr/2025:22:30:44 -0400] "GET /wp-login.php HTTP/1.1" 200 1697 "-" "Mozila/5.0"
198.54.114.83 - - [03/Apr/2025:22:30:47 -0400] "POST /wp-cron.php?doing_wp_cron=1743733847.4461541175842285156250 HTTP/1.1" 200 0 "-" "WordPress/6.7.2; https://greatamericanball.com"
64.227.139.48 - - [03/Apr/2025:22:30:45 -0400] "POST /wp-login.php HTTP/1.1" 200 1848 "-" "Mozila/5.0"
64.227.139.48 - - [03/Apr/2025:22:30:48 -0400] "GET /wp-admin/ HTTP/1.1" 302 0 "-" "Mozila/5.0"
198.54.114.83 - - [03/Apr/2025:22:30:48 -0400] "POST /wp-admin/admin-ajax.php?action=async_litespeed&nonce=mLaDRR5CBfMPAUO6NgFtQaPUb1UU4kL5&litespeed_type=imgoptm HTTP/1.1" 200 5 "-" "WordPress/6.7.2; https://greatamericanball.com"
64.227.139.48 - - [03/Apr/2025:22:30:49 -0400] "GET /wp-login.php?redirect_to=https%3A%2F%2Fgreatamericanball.com%2Fwp-admin%2F&reauth=1 HTTP/1.1" 200 1697 "-" "Mozila/5.0"
