115.166.6.186 - - [01/Apr/2025:03:18:51 -0400] "GET /wp-admin/theme-editor.php?file=inc%2Fblocks%2Ffont-family%2Fsecondary%2Fsecondary-font-family.php&theme=safari-blog HTTP/1.1" 200 27674 "-" "Mozilla/5.0 (Windows NT 10.0; Win64; x64) AppleWebKit/537.36 (KHTML, like Gecko) Chrome/104.0.0.0 Safari/537.36"
198.54.114.83 - - [01/Apr/2025:03:18:58 -0400] "GET /wp-content/themes/safari-blog/inc/blocks/font-family/inc/google-webfonts.json HTTP/1.1" 200 1084380 "-" "WordPress/6.7.2; https://greatamericanball.com"
198.54.114.83 - - [01/Apr/2025:03:18:58 -0400] "GET /wp-content/themes/safari-blog/inc/blocks/font-family/inc/google-webfonts.json HTTP/1.1" 200 1084380 "-" "WordPress/6.7.2; https://greatamericanball.com"
198.54.114.83 - - [01/Apr/2025:03:18:56 -0400] "GET /wp-admin/theme-editor.php?theme=safari-blog&file=inc%2Fblocks%2Ffont-family%2Fsecondary%2Fsecondary-font-family.php&wp_scrape_key=cbb781b36c47f80a53c9db9363ed71d0&wp_scrape_nonce=766072967 HTTP/1.1" 200 28944 "-" "WordPress/6.7.2; https://greatamericanball.com"
198.54.114.83 - - [01/Apr/2025:03:18:59 -0400] "GET /?wp_scrape_key=cbb781b36c47f80a53c9db9363ed71d0&wp_scrape_nonce=766072967 HTTP/1.1" 200 156192 "-" "WordPress/6.7.2; https://greatamericanball.com"
1.121.192.96 - - [01/Apr/2025:03:18:55 -0400] "POST /wp-admin/admin-ajax.php HTTP/1.1" 200 256 "https://greatamericanball.com/wp-admin/theme-editor.php?file=inc%2Fblocks%2Ffont-family%2Fsecondary%2Fsecondary-font-family.php&theme=safari-blog" "Mozilla/5.0 (Windows NT 10.0; Win64; x64) AppleWebKit/537.36 (KHTML, like Gecko) Chrome/104.0.0.0 Safari/537.36"
51.222.253.11 - - [01/Apr/2025:03:19:00 -0400] "GET /discovering-hypnotherapy-in-singapore-a-modern-approach-to-healing/feed/ HTTP/1.1" 404 1251 "-" "Mozilla/5.0 (compatible; AhrefsBot/7.0; +http://ahrefs.com/robot/)"
198.54.114.83 - - [01/Apr/2025:03:19:03 -0400] "GET /wp-content/themes/safari-blog/inc/blocks/font-family/inc/google-webfonts.json HTTP/1.1" 200 1084380 "-" "WordPress/6.7.2; https://greatamericanball.com"
198.54.114.83 - - [01/Apr/2025:03:19:04 -0400] "GET /wp-content/themes/safari-blog/inc/blocks/font-family/inc/google-webfonts.json HTTP/1.1" 200 1084380 "-" "WordPress/6.7.2; https://greatamericanball.com"
115.166.6.186 - - [01/Apr/2025:03:19:01 -0400] "GET /wp-admin/theme-editor.php?file=comments.php&theme=safari-blog HTTP/1.1" 200 28020 "-" "Mozilla/5.0 (Windows NT 10.0; Win64; x64) AppleWebKit/537.36 (KHTML, like Gecko) Chrome/99.0.4844.51 Safari/537.36 Edg/99.0.1150.30"
198.54.114.83 - - [01/Apr/2025:03:19:10 -0400] "GET /wp-content/themes/safari-blog/inc/blocks/font-family/inc/google-webfonts.json HTTP/1.1" 200 1084380 "-" "WordPress/6.7.2; https://greatamericanball.com"
198.54.114.83 - - [01/Apr/2025:03:19:10 -0400] "GET /wp-content/themes/safari-blog/inc/blocks/font-family/inc/google-webfonts.json HTTP/1.1" 200 1084380 "-" "WordPress/6.7.2; https://greatamericanball.com"
198.54.114.83 - - [01/Apr/2025:03:19:08 -0400] "GET /wp-admin/theme-editor.php?theme=safari-blog&file=comments.php&wp_scrape_key=fb7248afd78e1dcab994d93384491467&wp_scrape_nonce=1782971589 HTTP/1.1" 200 29266 "-" "WordPress/6.7.2; https://greatamericanball.com"
198.54.114.83 - - [01/Apr/2025:03:19:11 -0400] "GET /?wp_scrape_key=fb7248afd78e1dcab994d93384491467&wp_scrape_nonce=1782971589 HTTP/1.1" 200 156192 "-" "WordPress/6.7.2; https://greatamericanball.com"
1.121.192.96 - - [01/Apr/2025:03:19:08 -0400] "POST /wp-admin/admin-ajax.php HTTP/1.1" 200 256 "https://greatamericanball.com/wp-admin/theme-editor.php?file=comments.php&theme=safari-blog" "Mozilla/5.0 (Windows NT 10.0; Win64; x64) AppleWebKit/537.36 (KHTML, like Gecko) Chrome/99.0.4844.51 Safari/537.36 Edg/99.0.1150.30"
198.54.114.83 - - [01/Apr/2025:03:19:24 -0400] "POST /wp-cron.php?doing_wp_cron=1743491963.7909650802612304687500 HTTP/1.1" 200 0 "-" "WordPress/6.7.2; https://greatamericanball.com"
198.54.114.83 - - [01/Apr/2025:03:19:25 -0400] "POST /wp-admin/admin-ajax.php?action=async_litespeed&nonce=rRFv3tf6qNKx4qfdfQXbknIDq6igrZPk&litespeed_type=imgoptm HTTP/1.1" 200 5 "-" "WordPress/6.7.2; https://greatamericanball.com"
198.54.114.83 - - [01/Apr/2025:03:19:25 -0400] "GET /wp-content/themes/safari-blog/inc/blocks/font-family/inc/google-webfonts.json HTTP/1.1" 200 1084380 "-" "WordPress/6.7.2; https://greatamericanball.com"
198.54.114.83 - - [01/Apr/2025:03:19:26 -0400] "GET /wp-content/themes/safari-blog/inc/blocks/font-family/inc/google-webfonts.json HTTP/1.1" 200 1084380 "-" "WordPress/6.7.2; https://greatamericanball.com"
121.45.162.77 - - [01/Apr/2025:03:19:23 -0400] "GET /wp-admin/theme-editor.php?file=inc%2Fblocks%2Ffont-family%2Fgoogle-fonts.php&theme=safari-blog HTTP/1.1" 200 43016 "-" "Mozilla/5.0 (Macintosh; Intel Mac OS X 10_15_7) AppleWebKit/605.1.15 (KHTML, like Gecko) Version/15.3 Safari/605.1.15"
198.54.114.83 - - [01/Apr/2025:03:19:32 -0400] "GET /wp-content/themes/safari-blog/inc/blocks/font-family/inc/google-webfonts.json HTTP/1.1" 200 1084380 "-" "WordPress/6.7.2; https://greatamericanball.com"
198.54.114.83 - - [01/Apr/2025:03:19:34 -0400] "GET /wp-content/themes/safari-blog/inc/blocks/font-family/inc/google-webfonts.json HTTP/1.1" 200 1084380 "-" "WordPress/6.7.2; https://greatamericanball.com"
198.54.114.83 - - [01/Apr/2025:03:19:31 -0400] "GET /wp-admin/theme-editor.php?theme=safari-blog&file=inc%2Fblocks%2Ffont-family%2Fgoogle-fonts.php&wp_scrape_key=7e0e8c8e345c4ef993f8050edbae3a6c&wp_scrape_nonce=603883941 HTTP/1.1" 200 44173 "-" "WordPress/6.7.2; https://greatamericanball.com"
198.54.114.83 - - [01/Apr/2025:03:19:36 -0400] "GET /?wp_scrape_key=7e0e8c8e345c4ef993f8050edbae3a6c&wp_scrape_nonce=603883941 HTTP/1.1" 200 156192 "-" "WordPress/6.7.2; https://greatamericanball.com"
1.121.192.96 - - [01/Apr/2025:03:19:29 -0400] "POST /wp-admin/admin-ajax.php HTTP/1.1" 200 256 "https://greatamericanball.com/wp-admin/theme-editor.php?file=inc%2Fblocks%2Ffont-family%2Fgoogle-fonts.php&theme=safari-blog" "Mozilla/5.0 (Macintosh; Intel Mac OS X 10_15_7) AppleWebKit/605.1.15 (KHTML, like Gecko) Version/15.3 Safari/605.1.15"
198.54.114.83 - - [01/Apr/2025:03:19:45 -0400] "GET /wp-content/themes/safari-blog/inc/blocks/font-family/inc/google-webfonts.json HTTP/1.1" 200 1084380 "-" "WordPress/6.7.2; https://greatamericanball.com"
198.54.114.83 - - [01/Apr/2025:03:19:46 -0400] "GET /wp-content/themes/safari-blog/inc/blocks/font-family/inc/google-webfonts.json HTTP/1.1" 200 1084380 "-" "WordPress/6.7.2; https://greatamericanball.com"
203.158.56.229 - - [01/Apr/2025:03:19:43 -0400] "GET /wp-admin/theme-editor.php?file=template-parts%2Fcontent-search.php&theme=safari-blog HTTP/1.1" 200 27621 "-" "Mozilla/5.0 (Macintosh; Intel Mac OS X 10_15_7) AppleWebKit/605.1.15 (KHTML, like Gecko) Version/17.0 Safari/605.1.15"
198.54.114.83 - - [01/Apr/2025:03:19:54 -0400] "GET /wp-content/themes/safari-blog/inc/blocks/font-family/inc/google-webfonts.json HTTP/1.1" 200 1084380 "-" "WordPress/6.7.2; https://greatamericanball.com"
198.54.114.83 - - [01/Apr/2025:03:19:56 -0400] "GET /wp-content/themes/safari-blog/inc/blocks/font-family/inc/google-webfonts.json HTTP/1.1" 200 1084380 "-" "WordPress/6.7.2; https://greatamericanball.com"
198.54.114.83 - - [01/Apr/2025:03:19:52 -0400] "GET /wp-admin/theme-editor.php?theme=safari-blog&file=template-parts%2Fcontent-search.php&wp_scrape_key=a2c0582535539b1d099cdb3839369591&wp_scrape_nonce=1644172182 HTTP/1.1" 200 28867 "-" "WordPress/6.7.2; https://greatamericanball.com"
198.54.114.83 - - [01/Apr/2025:03:19:58 -0400] "GET /?wp_scrape_key=a2c0582535539b1d099cdb3839369591&wp_scrape_nonce=1644172182 HTTP/1.1" 200 156192 "-" "WordPress/6.7.2; https://greatamericanball.com"
1.121.192.96 - - [01/Apr/2025:03:19:49 -0400] "POST /wp-admin/admin-ajax.php HTTP/1.1" 200 256 "https://greatamericanball.com/wp-admin/theme-editor.php?file=template-parts%2Fcontent-search.php&theme=safari-blog" "Mozilla/5.0 (Macintosh; Intel Mac OS X 10_15_7) AppleWebKit/605.1.15 (KHTML, like Gecko) Version/17.0 Safari/605.1.15"
198.54.114.83 - - [01/Apr/2025:03:20:04 -0400] "GET /wp-content/themes/safari-blog/inc/blocks/font-family/inc/google-webfonts.json HTTP/1.1" 200 1084380 "-" "WordPress/6.7.2; https://greatamericanball.com"
198.54.114.83 - - [01/Apr/2025:03:20:07 -0400] "GET /wp-content/themes/safari-blog/inc/blocks/font-family/inc/google-webfonts.json HTTP/1.1" 200 1084380 "-" "WordPress/6.7.2; https://greatamericanball.com"
167.71.219.42 - - [01/Apr/2025:03:20:08 -0400] "POST /wp-login.php HTTP/1.1" 200 1822 "https://greatamericanball.com/wp-admin/" "Mozilla/5.0 (Windows NT 10.0; Win64; x64) AppleWebKit/537.36 (KHTML, like Gecko) Chrome/90.0.4430.85 Safari/537.36"
203.158.56.229 - - [01/Apr/2025:03:20:01 -0400] "GET /wp-admin/theme-editor.php?file=inc%2Fblocks%2Fpost-snippet%2Fdefault-post-snippet.php&theme=safari-blog HTTP/1.1" 200 27370 "-" "Mozilla/5.0 (iPhone; CPU iPhone OS 17_2 like Mac OS X) AppleWebKit/605.1.15 (KHTML, like Gecko) Version/17.2 Mobile/15E148 Safari/604.1"
167.71.219.42 - - [01/Apr/2025:03:20:10 -0400] "GET /wp-admin/ HTTP/1.1" 302 0 "https://www.google.com" "Mozilla/5.0 (Windows NT 10.0; Win64; x64) AppleWebKit/537.36 (KHTML, like Gecko) Chrome/90.0.4430.85 Safari/537.36"
167.71.219.42 - - [01/Apr/2025:03:20:12 -0400] "GET /wp-login.php?redirect_to=https%3A%2F%2Fgreatamericanball.com%2Fwp-admin%2F&reauth=1 HTTP/1.1" 200 1698 "https://www.google.com" "Mozilla/5.0 (Windows NT 10.0; Win64; x64) AppleWebKit/537.36 (KHTML, like Gecko) Chrome/90.0.4430.85 Safari/537.36"
198.54.114.83 - - [01/Apr/2025:03:20:17 -0400] "GET /wp-content/themes/safari-blog/inc/blocks/font-family/inc/google-webfonts.json HTTP/1.1" 200 1084380 "-" "WordPress/6.7.2; https://greatamericanball.com"
198.54.114.83 - - [01/Apr/2025:03:20:20 -0400] "GET /wp-content/themes/safari-blog/inc/blocks/font-family/inc/google-webfonts.json HTTP/1.1" 200 1084380 "-" "WordPress/6.7.2; https://greatamericanball.com"
198.54.114.83 - - [01/Apr/2025:03:20:14 -0400] "GET /wp-admin/theme-editor.php?theme=safari-blog&file=inc%2Fblocks%2Fpost-snippet%2Fdefault-post-snippet.php&wp_scrape_key=362c430f1747204b6f847eb57aaaf7e3&wp_scrape_nonce=1257728742 HTTP/1.1" 200 28644 "-" "WordPress/6.7.2; https://greatamericanball.com"
198.54.114.83 - - [01/Apr/2025:03:20:21 -0400] "GET /?wp_scrape_key=362c430f1747204b6f847eb57aaaf7e3&wp_scrape_nonce=1257728742 HTTP/1.1" 200 156192 "-" "WordPress/6.7.2; https://greatamericanball.com"
1.121.192.96 - - [01/Apr/2025:03:20:13 -0400] "POST /wp-admin/admin-ajax.php HTTP/1.1" 200 256 "https://greatamericanball.com/wp-admin/theme-editor.php?file=inc%2Fblocks%2Fpost-snippet%2Fdefault-post-snippet.php&theme=safari-blog" "Mozilla/5.0 (iPhone; CPU iPhone OS 17_2 like Mac OS X) AppleWebKit/605.1.15 (KHTML, like Gecko) Version/17.2 Mobile/15E148 Safari/604.1"
198.54.114.83 - - [01/Apr/2025:03:20:31 -0400] "POST /wp-cron.php?doing_wp_cron=1743492030.0650498867034912109375 HTTP/1.1" 200 0 "-" "WordPress/6.7.2; https://greatamericanball.com"
198.54.114.83 - - [01/Apr/2025:03:20:32 -0400] "POST /wp-admin/admin-ajax.php?action=async_litespeed&nonce=PELTZgznXJOoSRpgoCb3GGtcKAEycF7U&litespeed_type=imgoptm HTTP/1.1" 200 0 "-" "WordPress/6.7.2; https://greatamericanball.com"
198.54.114.83 - - [01/Apr/2025:03:20:32 -0400] "GET /wp-content/themes/safari-blog/inc/blocks/font-family/inc/google-webfonts.json HTTP/1.1" 200 1084380 "-" "WordPress/6.7.2; https://greatamericanball.com"
198.54.114.83 - - [01/Apr/2025:03:20:33 -0400] "GET /wp-content/themes/safari-blog/inc/blocks/font-family/inc/google-webfonts.json HTTP/1.1" 200 1084380 "-" "WordPress/6.7.2; https://greatamericanball.com"
115.166.6.186 - - [01/Apr/2025:03:20:29 -0400] "GET /wp-admin/theme-editor.php?file=archive.php&theme=safari-blog HTTP/1.1" 200 27616 "-" "Mozilla/5.0 (Windows NT 10.0; Win64; x64) AppleWebKit/537.36 (KHTML, like Gecko) Chrome/107.0.0.0 Safari/537.36"
198.54.114.83 - - [01/Apr/2025:03:20:39 -0400] "GET /wp-content/themes/safari-blog/inc/blocks/font-family/inc/google-webfonts.json HTTP/1.1" 200 1084380 "-" "WordPress/6.7.2; https://greatamericanball.com"
198.54.114.83 - - [01/Apr/2025:03:20:41 -0400] "GET /wp-content/themes/safari-blog/inc/blocks/font-family/inc/google-webfonts.json HTTP/1.1" 200 1084380 "-" "WordPress/6.7.2; https://greatamericanball.com"
198.54.114.83 - - [01/Apr/2025:03:20:37 -0400] "GET /wp-admin/theme-editor.php?theme=safari-blog&file=archive.php&wp_scrape_key=f5b9f8991948745b7f4badbbf7c3c533&wp_scrape_nonce=2115427712 HTTP/1.1" 200 28998 "-" "WordPress/6.7.2; https://greatamericanball.com"
198.54.114.83 - - [01/Apr/2025:03:20:42 -0400] "GET /?wp_scrape_key=f5b9f8991948745b7f4badbbf7c3c533&wp_scrape_nonce=2115427712 HTTP/1.1" 200 156192 "-" "WordPress/6.7.2; https://greatamericanball.com"
1.121.192.96 - - [01/Apr/2025:03:20:36 -0400] "POST /wp-admin/admin-ajax.php HTTP/1.1" 200 256 "https://greatamericanball.com/wp-admin/theme-editor.php?file=archive.php&theme=safari-blog" "Mozilla/5.0 (Windows NT 10.0; Win64; x64) AppleWebKit/537.36 (KHTML, like Gecko) Chrome/107.0.0.0 Safari/537.36"
198.54.114.83 - - [01/Apr/2025:03:20:46 -0400] "GET /wp-content/themes/safari-blog/inc/blocks/font-family/inc/google-webfonts.json HTTP/1.1" 200 1084380 "-" "WordPress/6.7.2; https://greatamericanball.com"
198.54.114.83 - - [01/Apr/2025:03:20:47 -0400] "GET /wp-content/themes/safari-blog/inc/blocks/font-family/inc/google-webfonts.json HTTP/1.1" 200 1084380 "-" "WordPress/6.7.2; https://greatamericanball.com"
115.166.6.186 - - [01/Apr/2025:03:20:45 -0400] "GET /wp-admin/theme-editor.php?file=inc%2Fblocks%2Fincludes%2Ftemplate-social-share.php&theme=safari-blog HTTP/1.1" 200 30048 "-" "Mozilla/5.0 (Windows NT 10.0; Win64; x64) AppleWebKit/537.36 (KHTML, like Gecko) Chrome/116.0.0.0 Safari/537.36"
198.54.114.83 - - [01/Apr/2025:03:20:52 -0400] "GET /wp-content/themes/safari-blog/inc/blocks/font-family/inc/google-webfonts.json HTTP/1.1" 200 1084380 "-" "WordPress/6.7.2; https://greatamericanball.com"
198.54.114.83 - - [01/Apr/2025:03:20:52 -0400] "GET /wp-content/themes/safari-blog/inc/blocks/font-family/inc/google-webfonts.json HTTP/1.1" 200 1084380 "-" "WordPress/6.7.2; https://greatamericanball.com"
198.54.114.83 - - [01/Apr/2025:03:20:50 -0400] "GET /wp-admin/theme-editor.php?theme=safari-blog&file=inc%2Fblocks%2Fincludes%2Ftemplate-social-share.php&wp_scrape_key=c482327ff87bd39c5d102adc2ffcd5ee&wp_scrape_nonce=2119640363 HTTP/1.1" 200 31387 "-" "WordPress/6.7.2; https://greatamericanball.com"
198.54.114.83 - - [01/Apr/2025:03:20:53 -0400] "GET /?wp_scrape_key=c482327ff87bd39c5d102adc2ffcd5ee&wp_scrape_nonce=2119640363 HTTP/1.1" 200 156192 "-" "WordPress/6.7.2; https://greatamericanball.com"
1.121.192.96 - - [01/Apr/2025:03:20:50 -0400] "POST /wp-admin/admin-ajax.php HTTP/1.1" 200 256 "https://greatamericanball.com/wp-admin/theme-editor.php?file=inc%2Fblocks%2Fincludes%2Ftemplate-social-share.php&theme=safari-blog" "Mozilla/5.0 (Windows NT 10.0; Win64; x64) AppleWebKit/537.36 (KHTML, like Gecko) Chrome/116.0.0.0 Safari/537.36"
198.54.114.83 - - [01/Apr/2025:03:20:55 -0400] "GET /wp-content/themes/safari-blog/inc/blocks/font-family/inc/google-webfonts.json HTTP/1.1" 200 1084380 "-" "WordPress/6.7.2; https://greatamericanball.com"
198.54.114.83 - - [01/Apr/2025:03:20:56 -0400] "GET /wp-content/themes/safari-blog/inc/blocks/font-family/inc/google-webfonts.json HTTP/1.1" 200 1084380 "-" "WordPress/6.7.2; https://greatamericanball.com"
115.166.6.186 - - [01/Apr/2025:03:20:54 -0400] "GET /wp-admin/theme-editor.php?file=inc%2Fblocks%2Ffont-family%2Fsite-identity%2Fsite-identity-font-family.php&theme=safari-blog HTTP/1.1" 200 27683 "-" "Mozilla/5.0 (Linux; Android 12; Pixel 6) AppleWebKit/537.36 (KHTML, like Gecko) Chrome/99.0.4844.58 Mobile Safari/537.36"
198.54.114.83 - - [01/Apr/2025:03:20:59 -0400] "GET /wp-content/themes/safari-blog/inc/blocks/font-family/inc/google-webfonts.json HTTP/1.1" 200 1084380 "-" "WordPress/6.7.2; https://greatamericanball.com"
198.54.114.83 - - [01/Apr/2025:03:21:00 -0400] "GET /wp-content/themes/safari-blog/inc/blocks/font-family/inc/google-webfonts.json HTTP/1.1" 200 1084380 "-" "WordPress/6.7.2; https://greatamericanball.com"
198.54.114.83 - - [01/Apr/2025:03:20:58 -0400] "GET /wp-admin/theme-editor.php?theme=safari-blog&file=inc%2Fblocks%2Ffont-family%2Fsite-identity%2Fsite-identity-font-family.php&wp_scrape_key=f643ce7440d470022c26d3a62156c926&wp_scrape_nonce=1590707877 HTTP/1.1" 200 29018 "-" "WordPress/6.7.2; https://greatamericanball.com"
198.54.114.83 - - [01/Apr/2025:03:21:00 -0400] "GET /?wp_scrape_key=f643ce7440d470022c26d3a62156c926&wp_scrape_nonce=1590707877 HTTP/1.1" 200 156192 "-" "WordPress/6.7.2; https://greatamericanball.com"
1.121.192.96 - - [01/Apr/2025:03:20:58 -0400] "POST /wp-admin/admin-ajax.php HTTP/1.1" 200 256 "https://greatamericanball.com/wp-admin/theme-editor.php?file=inc%2Fblocks%2Ffont-family%2Fsite-identity%2Fsite-identity-font-family.php&theme=safari-blog" "Mozilla/5.0 (Linux; Android 12; Pixel 6) AppleWebKit/537.36 (KHTML, like Gecko) Chrome/99.0.4844.58 Mobile Safari/537.36"
198.54.114.83 - - [01/Apr/2025:03:21:02 -0400] "GET /wp-content/themes/safari-blog/inc/blocks/font-family/inc/google-webfonts.json HTTP/1.1" 200 1084380 "-" "WordPress/6.7.2; https://greatamericanball.com"
198.54.114.83 - - [01/Apr/2025:03:21:03 -0400] "GET /wp-content/themes/safari-blog/inc/blocks/font-family/inc/google-webfonts.json HTTP/1.1" 200 1084380 "-" "WordPress/6.7.2; https://greatamericanball.com"
115.166.6.186 - - [01/Apr/2025:03:21:01 -0400] "GET /wp-admin/theme-editor.php?file=inc%2Ftemplate-tags.php&theme=safari-blog HTTP/1.1" 200 28947 "-" "Mozilla/5.0 (Linux; Android 12; Pixel 6) AppleWebKit/537.36 (KHTML, like Gecko) Chrome/99.0.4844.58 Mobile Safari/537.36"
198.54.114.83 - - [01/Apr/2025:03:21:06 -0400] "GET /wp-content/themes/safari-blog/inc/blocks/font-family/inc/google-webfonts.json HTTP/1.1" 200 1084380 "-" "WordPress/6.7.2; https://greatamericanball.com"
198.54.114.83 - - [01/Apr/2025:03:21:08 -0400] "GET /wp-content/themes/safari-blog/inc/blocks/font-family/inc/google-webfonts.json HTTP/1.1" 200 1084380 "-" "WordPress/6.7.2; https://greatamericanball.com"
198.54.114.83 - - [01/Apr/2025:03:21:05 -0400] "GET /wp-admin/theme-editor.php?theme=safari-blog&file=inc%2Ftemplate-tags.php&wp_scrape_key=0dda9f487e56274c8d0ab0831f34646e&wp_scrape_nonce=1892930717 HTTP/1.1" 200 30193 "-" "WordPress/6.7.2; https://greatamericanball.com"
198.54.114.83 - - [01/Apr/2025:03:21:09 -0400] "GET /?wp_scrape_key=0dda9f487e56274c8d0ab0831f34646e&wp_scrape_nonce=1892930717 HTTP/1.1" 200 156192 "-" "WordPress/6.7.2; https://greatamericanball.com"
1.121.192.96 - - [01/Apr/2025:03:21:05 -0400] "POST /wp-admin/admin-ajax.php HTTP/1.1" 200 256 "https://greatamericanball.com/wp-admin/theme-editor.php?file=inc%2Ftemplate-tags.php&theme=safari-blog" "Mozilla/5.0 (Linux; Android 12; Pixel 6) AppleWebKit/537.36 (KHTML, like Gecko) Chrome/99.0.4844.58 Mobile Safari/537.36"
198.54.114.83 - - [01/Apr/2025:03:21:14 -0400] "GET /wp-content/themes/safari-blog/inc/blocks/font-family/inc/google-webfonts.json HTTP/1.1" 200 1084380 "-" "WordPress/6.7.2; https://greatamericanball.com"
198.54.114.83 - - [01/Apr/2025:03:21:15 -0400] "GET /wp-content/themes/safari-blog/inc/blocks/font-family/inc/google-webfonts.json HTTP/1.1" 200 1084380 "-" "WordPress/6.7.2; https://greatamericanball.com"
203.158.56.229 - - [01/Apr/2025:03:21:13 -0400] "GET /wp-admin/theme-editor.php?file=inc%2Fblocks%2Fpost-detail%2Frelated-articles%2Frelated-articles.php&theme=safari-blog HTTP/1.1" 200 27590 "-" "Mozilla/5.0 (iPhone; CPU iPhone OS 17_2 like Mac OS X) AppleWebKit/605.1.15 (KHTML, like Gecko) Version/17.2 Mobile/15E148 Safari/604.1"
198.54.114.83 - - [01/Apr/2025:03:21:20 -0400] "POST /wp-cron.php?doing_wp_cron=1743492079.5571138858795166015625 HTTP/1.1" 200 0 "-" "WordPress/6.7.2; https://greatamericanball.com"
198.54.114.83 - - [01/Apr/2025:03:21:21 -0400] "POST /wp-admin/admin-ajax.php?action=async_litespeed&nonce=INYFKbnwoGC9N10nz7qYRbGwZEpnCMcI&litespeed_type=imgoptm HTTP/1.1" 200 5 "-" "WordPress/6.7.2; https://greatamericanball.com"
198.54.114.83 - - [01/Apr/2025:03:21:21 -0400] "GET /wp-content/themes/safari-blog/inc/blocks/font-family/inc/google-webfonts.json HTTP/1.1" 200 1084380 "-" "WordPress/6.7.2; https://greatamericanball.com"
198.54.114.83 - - [01/Apr/2025:03:21:22 -0400] "GET /wp-content/themes/safari-blog/inc/blocks/font-family/inc/google-webfonts.json HTTP/1.1" 200 1084380 "-" "WordPress/6.7.2; https://greatamericanball.com"
198.54.114.83 - - [01/Apr/2025:03:21:19 -0400] "GET /wp-admin/theme-editor.php?theme=safari-blog&file=inc%2Fblocks%2Fpost-detail%2Frelated-articles%2Frelated-articles.php&wp_scrape_key=73ad48ec97a74b2ba69a5e432cd3cd65&wp_scrape_nonce=1752832237 HTTP/1.1" 200 28855 "-" "WordPress/6.7.2; https://greatamericanball.com"
198.54.114.83 - - [01/Apr/2025:03:21:23 -0400] "GET /?wp_scrape_key=73ad48ec97a74b2ba69a5e432cd3cd65&wp_scrape_nonce=1752832237 HTTP/1.1" 200 156192 "-" "WordPress/6.7.2; https://greatamericanball.com"
1.121.192.96 - - [01/Apr/2025:03:21:17 -0400] "POST /wp-admin/admin-ajax.php HTTP/1.1" 200 256 "https://greatamericanball.com/wp-admin/theme-editor.php?file=inc%2Fblocks%2Fpost-detail%2Frelated-articles%2Frelated-articles.php&theme=safari-blog" "Mozilla/5.0 (iPhone; CPU iPhone OS 17_2 like Mac OS X) AppleWebKit/605.1.15 (KHTML, like Gecko) Version/17.2 Mobile/15E148 Safari/604.1"
198.54.114.83 - - [01/Apr/2025:03:21:27 -0400] "GET /wp-content/themes/safari-blog/inc/blocks/font-family/inc/google-webfonts.json HTTP/1.1" 200 1084380 "-" "WordPress/6.7.2; https://greatamericanball.com"
198.54.114.83 - - [01/Apr/2025:03:21:28 -0400] "GET /wp-content/themes/safari-blog/inc/blocks/font-family/inc/google-webfonts.json HTTP/1.1" 200 1084380 "-" "WordPress/6.7.2; https://greatamericanball.com"
115.166.6.186 - - [01/Apr/2025:03:21:27 -0400] "GET /wp-admin/theme-editor.php?file=inc%2Fblocks%2Fpost-detail%2Fcomment%2Fcomment.php&theme=safari-blog HTTP/1.1" 200 27427 "-" "Mozilla/5.0 (Windows NT 10.0; Win64; x64) AppleWebKit/537.36 (KHTML, like Gecko) Chrome/116.0.0.0 Safari/537.36"
198.54.114.83 - - [01/Apr/2025:03:21:30 -0400] "GET /wp-content/themes/safari-blog/inc/blocks/font-family/inc/google-webfonts.json HTTP/1.1" 200 1084380 "-" "WordPress/6.7.2; https://greatamericanball.com"
198.54.114.83 - - [01/Apr/2025:03:21:31 -0400] "GET /wp-content/themes/safari-blog/inc/blocks/font-family/inc/google-webfonts.json HTTP/1.1" 200 1084380 "-" "WordPress/6.7.2; https://greatamericanball.com"
198.54.114.83 - - [01/Apr/2025:03:21:30 -0400] "GET /wp-admin/theme-editor.php?theme=safari-blog&file=inc%2Fblocks%2Fpost-detail%2Fcomment%2Fcomment.php&wp_scrape_key=093522289e9f6c4f246183d32a107c2f&wp_scrape_nonce=85494987 HTTP/1.1" 200 28668 "-" "WordPress/6.7.2; https://greatamericanball.com"
198.54.114.83 - - [01/Apr/2025:03:21:31 -0400] "GET /?wp_scrape_key=093522289e9f6c4f246183d32a107c2f&wp_scrape_nonce=85494987 HTTP/1.1" 200 156192 "-" "WordPress/6.7.2; https://greatamericanball.com"
1.121.192.96 - - [01/Apr/2025:03:21:29 -0400] "POST /wp-admin/admin-ajax.php HTTP/1.1" 200 256 "https://greatamericanball.com/wp-admin/theme-editor.php?file=inc%2Fblocks%2Fpost-detail%2Fcomment%2Fcomment.php&theme=safari-blog" "Mozilla/5.0 (Windows NT 10.0; Win64; x64) AppleWebKit/537.36 (KHTML, like Gecko) Chrome/116.0.0.0 Safari/537.36"
198.54.114.83 - - [01/Apr/2025:03:21:34 -0400] "GET /wp-content/themes/safari-blog/inc/blocks/font-family/inc/google-webfonts.json HTTP/1.1" 200 1084380 "-" "WordPress/6.7.2; https://greatamericanball.com"
198.54.114.83 - - [01/Apr/2025:03:21:35 -0400] "GET /wp-content/themes/safari-blog/inc/blocks/font-family/inc/google-webfonts.json HTTP/1.1" 200 1084380 "-" "WordPress/6.7.2; https://greatamericanball.com"
203.158.56.229 - - [01/Apr/2025:03:21:34 -0400] "GET /wp-admin/theme-editor.php?file=inc%2Fgetting-started%2Ftemplate-parts%2Ffree-vs-pro.php&theme=safari-blog HTTP/1.1" 200 27798 "-" "Mozilla/5.0 (Macintosh; Intel Mac OS X 10_15_7) AppleWebKit/605.1.15 (KHTML, like Gecko) Version/17.0 Safari/605.1.15"
198.54.114.83 - - [01/Apr/2025:03:21:39 -0400] "GET /wp-content/themes/safari-blog/inc/blocks/font-family/inc/google-webfonts.json HTTP/1.1" 200 1084380 "-" "WordPress/6.7.2; https://greatamericanball.com"
198.54.114.83 - - [01/Apr/2025:03:21:39 -0400] "GET /wp-content/themes/safari-blog/inc/blocks/font-family/inc/google-webfonts.json HTTP/1.1" 200 1084380 "-" "WordPress/6.7.2; https://greatamericanball.com"
198.54.114.83 - - [01/Apr/2025:03:21:38 -0400] "GET /wp-admin/theme-editor.php?theme=safari-blog&file=inc%2Fgetting-started%2Ftemplate-parts%2Ffree-vs-pro.php&wp_scrape_key=983474af433fe807af79ac2380c5932b&wp_scrape_nonce=1823924953 HTTP/1.1" 200 29105 "-" "WordPress/6.7.2; https://greatamericanball.com"
198.54.114.83 - - [01/Apr/2025:03:21:41 -0400] "GET /?wp_scrape_key=983474af433fe807af79ac2380c5932b&wp_scrape_nonce=1823924953 HTTP/1.1" 200 156192 "-" "WordPress/6.7.2; https://greatamericanball.com"
1.121.192.96 - - [01/Apr/2025:03:21:37 -0400] "POST /wp-admin/admin-ajax.php HTTP/1.1" 200 256 "https://greatamericanball.com/wp-admin/theme-editor.php?file=inc%2Fgetting-started%2Ftemplate-parts%2Ffree-vs-pro.php&theme=safari-blog" "Mozilla/5.0 (Macintosh; Intel Mac OS X 10_15_7) AppleWebKit/605.1.15 (KHTML, like Gecko) Version/17.0 Safari/605.1.15"
198.54.114.83 - - [01/Apr/2025:03:21:43 -0400] "GET /wp-content/themes/safari-blog/inc/blocks/font-family/inc/google-webfonts.json HTTP/1.1" 200 1084380 "-" "WordPress/6.7.2; https://greatamericanball.com"
198.54.114.83 - - [01/Apr/2025:03:21:44 -0400] "GET /wp-content/themes/safari-blog/inc/blocks/font-family/inc/google-webfonts.json HTTP/1.1" 200 1084380 "-" "WordPress/6.7.2; https://greatamericanball.com"
115.166.6.186 - - [01/Apr/2025:03:21:42 -0400] "GET /wp-admin/theme-editor.php?file=inc%2Fblocks%2Fcolors%2Fcolor-site-title%2Fcolor-site-title.php&theme=safari-blog HTTP/1.1" 200 27496 "-" "Mozilla/5.0 (Windows NT 10.0; Win64; x64) AppleWebKit/537.36 (KHTML, like Gecko) Chrome/116.0.0.0 Safari/537.36"
198.54.114.83 - - [01/Apr/2025:03:21:47 -0400] "GET /wp-content/themes/safari-blog/inc/blocks/font-family/inc/google-webfonts.json HTTP/1.1" 200 1084380 "-" "WordPress/6.7.2; https://greatamericanball.com"
198.54.114.83 - - [01/Apr/2025:03:21:47 -0400] "GET /wp-content/themes/safari-blog/inc/blocks/font-family/inc/google-webfonts.json HTTP/1.1" 200 1084380 "-" "WordPress/6.7.2; https://greatamericanball.com"
198.54.114.83 - - [01/Apr/2025:03:21:46 -0400] "GET /wp-admin/theme-editor.php?theme=safari-blog&file=inc%2Fblocks%2Fcolors%2Fcolor-site-title%2Fcolor-site-title.php&wp_scrape_key=78c02c5047ea70156074e02a350c3031&wp_scrape_nonce=691688916 HTTP/1.1" 200 28772 "-" "WordPress/6.7.2; https://greatamericanball.com"
198.54.114.83 - - [01/Apr/2025:03:21:48 -0400] "GET /?wp_scrape_key=78c02c5047ea70156074e02a350c3031&wp_scrape_nonce=691688916 HTTP/1.1" 200 156192 "-" "WordPress/6.7.2; https://greatamericanball.com"
1.121.192.96 - - [01/Apr/2025:03:21:46 -0400] "POST /wp-admin/admin-ajax.php HTTP/1.1" 200 256 "https://greatamericanball.com/wp-admin/theme-editor.php?file=inc%2Fblocks%2Fcolors%2Fcolor-site-title%2Fcolor-site-title.php&theme=safari-blog" "Mozilla/5.0 (Windows NT 10.0; Win64; x64) AppleWebKit/537.36 (KHTML, like Gecko) Chrome/116.0.0.0 Safari/537.36"
198.54.114.83 - - [01/Apr/2025:03:21:50 -0400] "GET /wp-content/themes/safari-blog/inc/blocks/font-family/inc/google-webfonts.json HTTP/1.1" 200 1084380 "-" "WordPress/6.7.2; https://greatamericanball.com"
198.54.114.83 - - [01/Apr/2025:03:21:50 -0400] "GET /wp-content/themes/safari-blog/inc/blocks/font-family/inc/google-webfonts.json HTTP/1.1" 200 1084380 "-" "WordPress/6.7.2; https://greatamericanball.com"
203.158.56.229 - - [01/Apr/2025:03:21:49 -0400] "GET /wp-admin/theme-editor.php?file=inc%2Fgetting-started%2Ftemplate-parts%2Fmain-info.php&theme=safari-blog HTTP/1.1" 200 27630 "-" "Mozilla/5.0 (Macintosh; Intel Mac OS X 10_15_7) AppleWebKit/605.1.15 (KHTML, like Gecko) Version/17.0 Safari/605.1.15"
198.54.114.83 - - [01/Apr/2025:03:21:55 -0400] "GET /wp-content/themes/safari-blog/inc/blocks/font-family/inc/google-webfonts.json HTTP/1.1" 200 1084380 "-" "WordPress/6.7.2; https://greatamericanball.com"
198.54.114.83 - - [01/Apr/2025:03:21:56 -0400] "GET /wp-content/themes/safari-blog/inc/blocks/font-family/inc/google-webfonts.json HTTP/1.1" 200 1084380 "-" "WordPress/6.7.2; https://greatamericanball.com"
198.54.114.83 - - [01/Apr/2025:03:21:55 -0400] "GET /wp-admin/theme-editor.php?theme=safari-blog&file=inc%2Fgetting-started%2Ftemplate-parts%2Fmain-info.php&wp_scrape_key=c74cc950778714c7528a6a50b9ba3cf2&wp_scrape_nonce=1902872219 HTTP/1.1" 200 28937 "-" "WordPress/6.7.2; https://greatamericanball.com"
198.54.114.83 - - [01/Apr/2025:03:21:56 -0400] "GET /?wp_scrape_key=c74cc950778714c7528a6a50b9ba3cf2&wp_scrape_nonce=1902872219 HTTP/1.1" 200 156192 "-" "WordPress/6.7.2; https://greatamericanball.com"
1.121.192.96 - - [01/Apr/2025:03:21:54 -0400] "POST /wp-admin/admin-ajax.php HTTP/1.1" 200 256 "https://greatamericanball.com/wp-admin/theme-editor.php?file=inc%2Fgetting-started%2Ftemplate-parts%2Fmain-info.php&theme=safari-blog" "Mozilla/5.0 (Macintosh; Intel Mac OS X 10_15_7) AppleWebKit/605.1.15 (KHTML, like Gecko) Version/17.0 Safari/605.1.15"
198.54.114.83 - - [01/Apr/2025:03:21:59 -0400] "GET /wp-content/themes/safari-blog/inc/blocks/font-family/inc/google-webfonts.json HTTP/1.1" 200 1084380 "-" "WordPress/6.7.2; https://greatamericanball.com"
198.54.114.83 - - [01/Apr/2025:03:22:00 -0400] "GET /wp-content/themes/safari-blog/inc/blocks/font-family/inc/google-webfonts.json HTTP/1.1" 200 1084380 "-" "WordPress/6.7.2; https://greatamericanball.com"
115.166.6.186 - - [01/Apr/2025:03:21:58 -0400] "GET /wp-admin/theme-editor.php?file=inc%2Fblocks%2Fpost-detail%2Fauthor%2Fauthor.php&theme=safari-blog HTTP/1.1" 200 27374 "-" "Mozilla/5.0 (Windows NT 10.0; Win64; x64) AppleWebKit/537.36 (KHTML, like Gecko) Chrome/104.0.0.0 Safari/537.36"
198.54.114.83 - - [01/Apr/2025:03:22:05 -0400] "GET /wp-content/themes/safari-blog/inc/blocks/font-family/inc/google-webfonts.json HTTP/1.1" 200 1084380 "-" "WordPress/6.7.2; https://greatamericanball.com"
198.54.114.83 - - [01/Apr/2025:03:22:05 -0400] "GET /wp-content/themes/safari-blog/inc/blocks/font-family/inc/google-webfonts.json HTTP/1.1" 200 1084380 "-" "WordPress/6.7.2; https://greatamericanball.com"
198.54.114.83 - - [01/Apr/2025:03:22:03 -0400] "GET /wp-admin/theme-editor.php?theme=safari-blog&file=inc%2Fblocks%2Fpost-detail%2Fauthor%2Fauthor.php&wp_scrape_key=e211ecfaf29bd8e80be755357f03165c&wp_scrape_nonce=1084824952 HTTP/1.1" 200 28626 "-" "WordPress/6.7.2; https://greatamericanball.com"
198.54.114.83 - - [01/Apr/2025:03:22:06 -0400] "GET /?wp_scrape_key=e211ecfaf29bd8e80be755357f03165c&wp_scrape_nonce=1084824952 HTTP/1.1" 200 156192 "-" "WordPress/6.7.2; https://greatamericanball.com"
1.121.192.96 - - [01/Apr/2025:03:22:02 -0400] "POST /wp-admin/admin-ajax.php HTTP/1.1" 200 256 "https://greatamericanball.com/wp-admin/theme-editor.php?file=inc%2Fblocks%2Fpost-detail%2Fauthor%2Fauthor.php&theme=safari-blog" "Mozilla/5.0 (Windows NT 10.0; Win64; x64) AppleWebKit/537.36 (KHTML, like Gecko) Chrome/104.0.0.0 Safari/537.36"
198.54.114.83 - - [01/Apr/2025:03:22:11 -0400] "GET /wp-content/themes/safari-blog/inc/blocks/font-family/inc/google-webfonts.json HTTP/1.1" 200 1084380 "-" "WordPress/6.7.2; https://greatamericanball.com"
198.54.114.83 - - [01/Apr/2025:03:22:12 -0400] "GET /wp-content/themes/safari-blog/inc/blocks/font-family/inc/google-webfonts.json HTTP/1.1" 200 1084380 "-" "WordPress/6.7.2; https://greatamericanball.com"
115.166.6.186 - - [01/Apr/2025:03:22:10 -0400] "GET /wp-admin/theme-editor.php?file=inc%2Fblocks%2Fcolors%2Fdynamic-colors.php&theme=safari-blog HTTP/1.1" 200 27551 "-" "Mozilla/5.0 (Windows NT 10.0; Win64; x64) AppleWebKit/537.36 (KHTML, like Gecko) Chrome/116.0.0.0 Safari/537.36"
198.54.114.83 - - [01/Apr/2025:03:22:16 -0400] "GET /wp-content/themes/safari-blog/inc/blocks/font-family/inc/google-webfonts.json HTTP/1.1" 200 1084380 "-" "WordPress/6.7.2; https://greatamericanball.com"
198.54.114.83 - - [01/Apr/2025:03:22:17 -0400] "GET /wp-content/themes/safari-blog/inc/blocks/font-family/inc/google-webfonts.json HTTP/1.1" 200 1084380 "-" "WordPress/6.7.2; https://greatamericanball.com"
198.54.114.83 - - [01/Apr/2025:03:22:15 -0400] "GET /wp-admin/theme-editor.php?theme=safari-blog&file=inc%2Fblocks%2Fcolors%2Fdynamic-colors.php&wp_scrape_key=052bf2e01253c4d9ce6c217f7320c580&wp_scrape_nonce=1574522154 HTTP/1.1" 200 28847 "-" "WordPress/6.7.2; https://greatamericanball.com"
198.54.114.83 - - [01/Apr/2025:03:22:17 -0400] "GET /?wp_scrape_key=052bf2e01253c4d9ce6c217f7320c580&wp_scrape_nonce=1574522154 HTTP/1.1" 200 156192 "-" "WordPress/6.7.2; https://greatamericanball.com"
1.121.192.96 - - [01/Apr/2025:03:22:14 -0400] "POST /wp-admin/admin-ajax.php HTTP/1.1" 200 256 "https://greatamericanball.com/wp-admin/theme-editor.php?file=inc%2Fblocks%2Fcolors%2Fdynamic-colors.php&theme=safari-blog" "Mozilla/5.0 (Windows NT 10.0; Win64; x64) AppleWebKit/537.36 (KHTML, like Gecko) Chrome/116.0.0.0 Safari/537.36"
198.54.114.83 - - [01/Apr/2025:03:22:22 -0400] "POST /wp-cron.php?doing_wp_cron=1743492141.8487160205841064453125 HTTP/1.1" 200 0 "-" "WordPress/6.7.2; https://greatamericanball.com"
198.54.114.83 - - [01/Apr/2025:03:22:22 -0400] "POST /wp-admin/admin-ajax.php?action=async_litespeed&nonce=2QMd3YkXIZPokAaRKzz41NJERqFTPZwA&litespeed_type=imgoptm HTTP/1.1" 200 5 "-" "WordPress/6.7.2; https://greatamericanball.com"
198.54.114.83 - - [01/Apr/2025:03:22:23 -0400] "GET /wp-content/themes/safari-blog/inc/blocks/font-family/inc/google-webfonts.json HTTP/1.1" 200 1084380 "-" "WordPress/6.7.2; https://greatamericanball.com"
198.54.114.83 - - [01/Apr/2025:03:22:25 -0400] "GET /wp-content/themes/safari-blog/inc/blocks/font-family/inc/google-webfonts.json HTTP/1.1" 200 1084380 "-" "WordPress/6.7.2; https://greatamericanball.com"
115.166.6.186 - - [01/Apr/2025:03:22:21 -0400] "GET /wp-admin/theme-editor.php?file=page.php&theme=safari-blog HTTP/1.1" 200 27574 "-" "Mozilla/5.0 (Windows NT 10.0; Win64; x64) AppleWebKit/537.36 (KHTML, like Gecko) Chrome/99.0.4844.51 Safari/537.36"
198.54.114.83 - - [01/Apr/2025:03:22:28 -0400] "GET /wp-content/themes/safari-blog/inc/blocks/font-family/inc/google-webfonts.json HTTP/1.1" 200 1084380 "-" "WordPress/6.7.2; https://greatamericanball.com"
198.54.114.83 - - [01/Apr/2025:03:22:29 -0400] "GET /wp-content/themes/safari-blog/inc/blocks/font-family/inc/google-webfonts.json HTTP/1.1" 200 1084380 "-" "WordPress/6.7.2; https://greatamericanball.com"
198.54.114.83 - - [01/Apr/2025:03:22:28 -0400] "GET /wp-admin/theme-editor.php?theme=safari-blog&file=page.php&wp_scrape_key=d905b32a398dac723d3afedc8dbfb6bb&wp_scrape_nonce=1674663971 HTTP/1.1" 200 28863 "-" "WordPress/6.7.2; https://greatamericanball.com"
198.54.114.83 - - [01/Apr/2025:03:22:30 -0400] "GET /?wp_scrape_key=d905b32a398dac723d3afedc8dbfb6bb&wp_scrape_nonce=1674663971 HTTP/1.1" 200 156192 "-" "WordPress/6.7.2; https://greatamericanball.com"
1.121.192.96 - - [01/Apr/2025:03:22:27 -0400] "POST /wp-admin/admin-ajax.php HTTP/1.1" 200 256 "https://greatamericanball.com/wp-admin/theme-editor.php?file=page.php&theme=safari-blog" "Mozilla/5.0 (Windows NT 10.0; Win64; x64) AppleWebKit/537.36 (KHTML, like Gecko) Chrome/99.0.4844.51 Safari/537.36"
198.54.114.83 - - [01/Apr/2025:03:22:32 -0400] "GET /wp-content/themes/safari-blog/inc/blocks/font-family/inc/google-webfonts.json HTTP/1.1" 200 1084380 "-" "WordPress/6.7.2; https://greatamericanball.com"
198.54.114.83 - - [01/Apr/2025:03:22:32 -0400] "GET /wp-content/themes/safari-blog/inc/blocks/font-family/inc/google-webfonts.json HTTP/1.1" 200 1084380 "-" "WordPress/6.7.2; https://greatamericanball.com"
115.166.6.186 - - [01/Apr/2025:03:22:31 -0400] "GET /wp-admin/theme-editor.php?file=template-parts%2Fcontent-single.php&theme=safari-blog HTTP/1.1" 200 29172 "-" "Mozilla/5.0 (Windows NT 10.0; Win64; x64) AppleWebKit/537.36 (KHTML, like Gecko) Chrome/100.0.4896.75 Safari/537.36"
198.54.114.83 - - [01/Apr/2025:03:22:38 -0400] "GET /wp-content/themes/safari-blog/inc/blocks/font-family/inc/google-webfonts.json HTTP/1.1" 200 1084380 "-" "WordPress/6.7.2; https://greatamericanball.com"
198.54.114.83 - - [01/Apr/2025:03:22:38 -0400] "GET /wp-content/themes/safari-blog/inc/blocks/font-family/inc/google-webfonts.json HTTP/1.1" 200 1084380 "-" "WordPress/6.7.2; https://greatamericanball.com"
198.54.114.83 - - [01/Apr/2025:03:22:37 -0400] "GET /wp-admin/theme-editor.php?theme=safari-blog&file=template-parts%2Fcontent-single.php&wp_scrape_key=4a5e8244c24a63633fa616ab9149341e&wp_scrape_nonce=1017918238 HTTP/1.1" 200 30424 "-" "WordPress/6.7.2; https://greatamericanball.com"
198.54.114.83 - - [01/Apr/2025:03:22:39 -0400] "GET /?wp_scrape_key=4a5e8244c24a63633fa616ab9149341e&wp_scrape_nonce=1017918238 HTTP/1.1" 200 156192 "-" "WordPress/6.7.2; https://greatamericanball.com"
1.121.192.96 - - [01/Apr/2025:03:22:36 -0400] "POST /wp-admin/admin-ajax.php HTTP/1.1" 200 256 "https://greatamericanball.com/wp-admin/theme-editor.php?file=template-parts%2Fcontent-single.php&theme=safari-blog" "Mozilla/5.0 (Windows NT 10.0; Win64; x64) AppleWebKit/537.36 (KHTML, like Gecko) Chrome/100.0.4896.75 Safari/537.36"
198.54.114.83 - - [01/Apr/2025:03:22:42 -0400] "GET /wp-content/themes/safari-blog/inc/blocks/font-family/inc/google-webfonts.json HTTP/1.1" 200 1084380 "-" "WordPress/6.7.2; https://greatamericanball.com"
198.54.114.83 - - [01/Apr/2025:03:22:42 -0400] "GET /wp-content/themes/safari-blog/inc/blocks/font-family/inc/google-webfonts.json HTTP/1.1" 200 1084380 "-" "WordPress/6.7.2; https://greatamericanball.com"
115.166.6.186 - - [01/Apr/2025:03:22:41 -0400] "GET /wp-admin/theme-editor.php?file=inc%2Fblocks%2Fcolors%2Fcolor-primary%2Fcolor-primary.php&theme=safari-blog HTTP/1.1" 200 27516 "-" "Mozilla/5.0 (Linux; Android 12; Pixel 6) AppleWebKit/537.36 (KHTML, like Gecko) Chrome/99.0.4844.58 Mobile Safari/537.36"
198.54.114.83 - - [01/Apr/2025:03:22:46 -0400] "GET /wp-content/themes/safari-blog/inc/blocks/font-family/inc/google-webfonts.json HTTP/1.1" 200 1084380 "-" "WordPress/6.7.2; https://greatamericanball.com"
198.54.114.83 - - [01/Apr/2025:03:22:47 -0400] "GET /wp-content/themes/safari-blog/inc/blocks/font-family/inc/google-webfonts.json HTTP/1.1" 200 1084380 "-" "WordPress/6.7.2; https://greatamericanball.com"
198.54.114.83 - - [01/Apr/2025:03:22:45 -0400] "GET /wp-admin/theme-editor.php?theme=safari-blog&file=inc%2Fblocks%2Fcolors%2Fcolor-primary%2Fcolor-primary.php&wp_scrape_key=12a593be82d2b6b0030040095c58ed46&wp_scrape_nonce=1466360161 HTTP/1.1" 200 28758 "-" "WordPress/6.7.2; https://greatamericanball.com"
198.54.114.83 - - [01/Apr/2025:03:22:47 -0400] "GET /?wp_scrape_key=12a593be82d2b6b0030040095c58ed46&wp_scrape_nonce=1466360161 HTTP/1.1" 200 156192 "-" "WordPress/6.7.2; https://greatamericanball.com"
1.121.192.96 - - [01/Apr/2025:03:22:44 -0400] "POST /wp-admin/admin-ajax.php HTTP/1.1" 200 256 "https://greatamericanball.com/wp-admin/theme-editor.php?file=inc%2Fblocks%2Fcolors%2Fcolor-primary%2Fcolor-primary.php&theme=safari-blog" "Mozilla/5.0 (Linux; Android 12; Pixel 6) AppleWebKit/537.36 (KHTML, like Gecko) Chrome/99.0.4844.58 Mobile Safari/537.36"
198.54.114.83 - - [01/Apr/2025:03:22:51 -0400] "GET /wp-content/themes/safari-blog/inc/blocks/font-family/inc/google-webfonts.json HTTP/1.1" 200 1084380 "-" "WordPress/6.7.2; https://greatamericanball.com"
198.54.114.83 - - [01/Apr/2025:03:22:51 -0400] "GET /wp-content/themes/safari-blog/inc/blocks/font-family/inc/google-webfonts.json HTTP/1.1" 200 1084380 "-" "WordPress/6.7.2; https://greatamericanball.com"
203.158.56.229 - - [01/Apr/2025:03:22:50 -0400] "GET /wp-admin/theme-editor.php?file=inc%2Fblocks%2Fcolors%2Fcolor-background%2Fcolor-background.php&theme=safari-blog HTTP/1.1" 200 27272 "-" "Mozilla/5.0 (Macintosh; Intel Mac OS X 10_15_7) AppleWebKit/605.1.15 (KHTML, like Gecko) Version/15.5 Safari/605.1.15"
198.54.114.83 - - [01/Apr/2025:03:22:54 -0400] "GET /wp-content/themes/safari-blog/inc/blocks/font-family/inc/google-webfonts.json HTTP/1.1" 200 1084380 "-" "WordPress/6.7.2; https://greatamericanball.com"
198.54.114.83 - - [01/Apr/2025:03:22:55 -0400] "GET /wp-content/themes/safari-blog/inc/blocks/font-family/inc/google-webfonts.json HTTP/1.1" 200 1084380 "-" "WordPress/6.7.2; https://greatamericanball.com"
198.54.114.83 - - [01/Apr/2025:03:22:54 -0400] "GET /wp-admin/theme-editor.php?theme=safari-blog&file=inc%2Fblocks%2Fcolors%2Fcolor-background%2Fcolor-background.php&wp_scrape_key=c631365340f8e2d79c4e19e5776b5bb1&wp_scrape_nonce=419501207 HTTP/1.1" 200 28552 "-" "WordPress/6.7.2; https://greatamericanball.com"
198.54.114.83 - - [01/Apr/2025:03:22:55 -0400] "GET /?wp_scrape_key=c631365340f8e2d79c4e19e5776b5bb1&wp_scrape_nonce=419501207 HTTP/1.1" 200 156192 "-" "WordPress/6.7.2; https://greatamericanball.com"
1.121.192.96 - - [01/Apr/2025:03:22:53 -0400] "POST /wp-admin/admin-ajax.php HTTP/1.1" 200 256 "https://greatamericanball.com/wp-admin/theme-editor.php?file=inc%2Fblocks%2Fcolors%2Fcolor-background%2Fcolor-background.php&theme=safari-blog" "Mozilla/5.0 (Macintosh; Intel Mac OS X 10_15_7) AppleWebKit/605.1.15 (KHTML, like Gecko) Version/15.5 Safari/605.1.15"
51.222.253.8 - - [01/Apr/2025:03:22:59 -0400] "GET /navigating-the-world-of-international-cargo-shipping/feed/ HTTP/1.1" 404 1251 "-" "Mozilla/5.0 (compatible; AhrefsBot/7.0; +http://ahrefs.com/robot/)"
198.54.114.83 - - [01/Apr/2025:03:23:07 -0400] "GET /wp-content/themes/safari-blog/inc/blocks/font-family/inc/google-webfonts.json HTTP/1.1" 200 1084380 "-" "WordPress/6.7.2; https://greatamericanball.com"
198.54.114.83 - - [01/Apr/2025:03:23:07 -0400] "GET /wp-content/themes/safari-blog/inc/blocks/font-family/inc/google-webfonts.json HTTP/1.1" 200 1084380 "-" "WordPress/6.7.2; https://greatamericanball.com"
115.166.6.186 - - [01/Apr/2025:03:23:06 -0400] "GET /wp-admin/theme-editor.php?file=inc%2Fblocks%2Ffooter-copyright%2Fdefault-footer-copyright.php&theme=safari-blog HTTP/1.1" 200 26926 "-" "Mozilla/5.0 (Windows NT 10.0; Win64; x64) AppleWebKit/537.36 (KHTML, like Gecko) Chrome/101.0.4951.67 Safari/537.36"
198.54.114.83 - - [01/Apr/2025:03:23:11 -0400] "GET /wp-content/themes/safari-blog/inc/blocks/font-family/inc/google-webfonts.json HTTP/1.1" 200 1084380 "-" "WordPress/6.7.2; https://greatamericanball.com"
198.54.114.83 - - [01/Apr/2025:03:23:12 -0400] "GET /wp-content/themes/safari-blog/inc/blocks/font-family/inc/google-webfonts.json HTTP/1.1" 200 1084380 "-" "WordPress/6.7.2; https://greatamericanball.com"
198.54.114.83 - - [01/Apr/2025:03:23:10 -0400] "GET /wp-admin/theme-editor.php?theme=safari-blog&file=inc%2Fblocks%2Ffooter-copyright%2Fdefault-footer-copyright.php&wp_scrape_key=33e9ae7e7ca3f984b2e8a0ea36fff8ea&wp_scrape_nonce=1583103478 HTTP/1.1" 200 28401 "-" "WordPress/6.7.2; https://greatamericanball.com"
198.54.114.83 - - [01/Apr/2025:03:23:12 -0400] "GET /?wp_scrape_key=33e9ae7e7ca3f984b2e8a0ea36fff8ea&wp_scrape_nonce=1583103478 HTTP/1.1" 200 156192 "-" "WordPress/6.7.2; https://greatamericanball.com"
1.121.192.96 - - [01/Apr/2025:03:23:09 -0400] "POST /wp-admin/admin-ajax.php HTTP/1.1" 200 256 "https://greatamericanball.com/wp-admin/theme-editor.php?file=inc%2Fblocks%2Ffooter-copyright%2Fdefault-footer-copyright.php&theme=safari-blog" "Mozilla/5.0 (Windows NT 10.0; Win64; x64) AppleWebKit/537.36 (KHTML, like Gecko) Chrome/101.0.4951.67 Safari/537.36"
198.54.114.83 - - [01/Apr/2025:03:23:14 -0400] "GET /wp-content/themes/safari-blog/inc/blocks/font-family/inc/google-webfonts.json HTTP/1.1" 200 1084380 "-" "WordPress/6.7.2; https://greatamericanball.com"
198.54.114.83 - - [01/Apr/2025:03:23:15 -0400] "GET /wp-content/themes/safari-blog/inc/blocks/font-family/inc/google-webfonts.json HTTP/1.1" 200 1084380 "-" "WordPress/6.7.2; https://greatamericanball.com"
115.166.6.186 - - [01/Apr/2025:03:23:13 -0400] "GET /wp-admin/theme-editor.php?file=inc%2Fblocks%2Fpost-detail%2Fdefault-post-detail.php&theme=safari-blog HTTP/1.1" 200 27339 "-" "Mozilla/5.0 (Windows NT 10.0; Win64; x64) AppleWebKit/537.36 (KHTML, like Gecko) Chrome/110.0.0.0 Safari/537.36"
198.54.114.83 - - [01/Apr/2025:03:23:19 -0400] "POST /wp-cron.php?doing_wp_cron=1743492199.5877621173858642578125 HTTP/1.1" 200 0 "-" "WordPress/6.7.2; https://greatamericanball.com"
198.54.114.83 - - [01/Apr/2025:03:23:20 -0400] "POST /wp-admin/admin-ajax.php?action=async_litespeed&nonce=RaV3F4B1HLOa5SqhBAsOiGC6oSkZryyF&litespeed_type=imgoptm HTTP/1.1" 200 5 "-" "WordPress/6.7.2; https://greatamericanball.com"
198.54.114.83 - - [01/Apr/2025:03:23:21 -0400] "GET /wp-content/themes/safari-blog/inc/blocks/font-family/inc/google-webfonts.json HTTP/1.1" 200 1084380 "-" "WordPress/6.7.2; https://greatamericanball.com"
198.54.114.83 - - [01/Apr/2025:03:23:22 -0400] "GET /wp-content/themes/safari-blog/inc/blocks/font-family/inc/google-webfonts.json HTTP/1.1" 200 1084380 "-" "WordPress/6.7.2; https://greatamericanball.com"
198.54.114.83 - - [01/Apr/2025:03:23:19 -0400] "GET /wp-admin/theme-editor.php?theme=safari-blog&file=inc%2Fblocks%2Fpost-detail%2Fdefault-post-detail.php&wp_scrape_key=6af19c03781cf6a6372a436c350855c2&wp_scrape_nonce=1897123531 HTTP/1.1" 200 28621 "-" "WordPress/6.7.2; https://greatamericanball.com"
198.54.114.83 - - [01/Apr/2025:03:23:22 -0400] "GET /?wp_scrape_key=6af19c03781cf6a6372a436c350855c2&wp_scrape_nonce=1897123531 HTTP/1.1" 200 156192 "-" "WordPress/6.7.2; https://greatamericanball.com"
1.121.192.96 - - [01/Apr/2025:03:23:17 -0400] "POST /wp-admin/admin-ajax.php HTTP/1.1" 200 256 "https://greatamericanball.com/wp-admin/theme-editor.php?file=inc%2Fblocks%2Fpost-detail%2Fdefault-post-detail.php&theme=safari-blog" "Mozilla/5.0 (Windows NT 10.0; Win64; x64) AppleWebKit/537.36 (KHTML, like Gecko) Chrome/110.0.0.0 Safari/537.36"
198.54.114.83 - - [01/Apr/2025:03:23:26 -0400] "GET /wp-content/themes/safari-blog/inc/blocks/font-family/inc/google-webfonts.json HTTP/1.1" 200 1084380 "-" "WordPress/6.7.2; https://greatamericanball.com"
198.54.114.83 - - [01/Apr/2025:03:23:26 -0400] "GET /wp-content/themes/safari-blog/inc/blocks/font-family/inc/google-webfonts.json HTTP/1.1" 200 1084380 "-" "WordPress/6.7.2; https://greatamericanball.com"
115.166.6.186 - - [01/Apr/2025:03:23:25 -0400] "GET /wp-admin/theme-editor.php?file=hiJZSe.php&theme=safari-blog HTTP/1.1" 200 27755 "-" "Mozilla/5.0 (Windows NT 10.0; Win64; x64) AppleWebKit/537.36 (KHTML, like Gecko) Chrome/100.0.4896.75 Safari/537.36"
198.54.114.83 - - [01/Apr/2025:03:23:30 -0400] "GET /wp-content/themes/safari-blog/inc/blocks/font-family/inc/google-webfonts.json HTTP/1.1" 200 1084380 "-" "WordPress/6.7.2; https://greatamericanball.com"
198.54.114.83 - - [01/Apr/2025:03:23:31 -0400] "GET /wp-content/themes/safari-blog/inc/blocks/font-family/inc/google-webfonts.json HTTP/1.1" 200 1084380 "-" "WordPress/6.7.2; https://greatamericanball.com"
198.54.114.83 - - [01/Apr/2025:03:23:29 -0400] "GET /wp-admin/theme-editor.php?theme=safari-blog&file=hiJZSe.php&wp_scrape_key=a5e7370986efaeccfc7d69362ae23ec3&wp_scrape_nonce=1179686367 HTTP/1.1" 200 29385 "-" "WordPress/6.7.2; https://greatamericanball.com"
198.54.114.83 - - [01/Apr/2025:03:23:32 -0400] "GET /?wp_scrape_key=a5e7370986efaeccfc7d69362ae23ec3&wp_scrape_nonce=1179686367 HTTP/1.1" 200 156192 "-" "WordPress/6.7.2; https://greatamericanball.com"
1.121.192.96 - - [01/Apr/2025:03:23:29 -0400] "POST /wp-admin/admin-ajax.php HTTP/1.1" 200 256 "https://greatamericanball.com/wp-admin/theme-editor.php?file=hiJZSe.php&theme=safari-blog" "Mozilla/5.0 (Windows NT 10.0; Win64; x64) AppleWebKit/537.36 (KHTML, like Gecko) Chrome/100.0.4896.75 Safari/537.36"
198.54.114.83 - - [01/Apr/2025:03:23:35 -0400] "GET /wp-content/themes/safari-blog/inc/blocks/font-family/inc/google-webfonts.json HTTP/1.1" 200 1084380 "-" "WordPress/6.7.2; https://greatamericanball.com"
198.54.114.83 - - [01/Apr/2025:03:23:35 -0400] "GET /wp-content/themes/safari-blog/inc/blocks/font-family/inc/google-webfonts.json HTTP/1.1" 200 1084380 "-" "WordPress/6.7.2; https://greatamericanball.com"
115.166.6.186 - - [01/Apr/2025:03:23:34 -0400] "GET /wp-admin/theme-editor.php?file=inc%2Fblocks%2Fcolors%2Fcolor-dark%2Fcolor-dark.php&theme=safari-blog HTTP/1.1" 200 27458 "-" "Mozilla/5.0 (Windows NT 10.0; Win64; x64) AppleWebKit/537.36 (KHTML, like Gecko) Chrome/110.0.0.0 Safari/537.36"
198.54.114.83 - - [01/Apr/2025:03:23:40 -0400] "GET /wp-content/themes/safari-blog/inc/blocks/font-family/inc/google-webfonts.json HTTP/1.1" 200 1084380 "-" "WordPress/6.7.2; https://greatamericanball.com"
198.54.114.83 - - [01/Apr/2025:03:23:41 -0400] "GET /wp-content/themes/safari-blog/inc/blocks/font-family/inc/google-webfonts.json HTTP/1.1" 200 1084380 "-" "WordPress/6.7.2; https://greatamericanball.com"
198.54.114.83 - - [01/Apr/2025:03:23:39 -0400] "GET /wp-admin/theme-editor.php?theme=safari-blog&file=inc%2Fblocks%2Fcolors%2Fcolor-dark%2Fcolor-dark.php&wp_scrape_key=ef1eb4433f3e2115c7aad66cbe52f618&wp_scrape_nonce=1673542233 HTTP/1.1" 200 28777 "-" "WordPress/6.7.2; https://greatamericanball.com"
198.54.114.83 - - [01/Apr/2025:03:23:41 -0400] "GET /?wp_scrape_key=ef1eb4433f3e2115c7aad66cbe52f618&wp_scrape_nonce=1673542233 HTTP/1.1" 200 156192 "-" "WordPress/6.7.2; https://greatamericanball.com"
1.121.192.96 - - [01/Apr/2025:03:23:38 -0400] "POST /wp-admin/admin-ajax.php HTTP/1.1" 200 256 "https://greatamericanball.com/wp-admin/theme-editor.php?file=inc%2Fblocks%2Fcolors%2Fcolor-dark%2Fcolor-dark.php&theme=safari-blog" "Mozilla/5.0 (Windows NT 10.0; Win64; x64) AppleWebKit/537.36 (KHTML, like Gecko) Chrome/110.0.0.0 Safari/537.36"
