198.54.114.83 - - [15/Apr/2025:20:09:12 -0400] "POST /wp-admin/admin-ajax.php?action=async_litespeed&nonce=9bzMsmlIzD15NWsdVGCDVA3EqhPTlnFx&litespeed_type=imgoptm HTTP/1.1" 200 0 "-" "WordPress/6.8; https://hylasmagazine.com"
198.54.114.83 - - [15/Apr/2025:20:10:56 -0400] "POST /wp-cron.php?doing_wp_cron=1744762255.4893429279327392578125 HTTP/1.1" 200 0 "-" "WordPress/6.8; https://hylasmagazine.com"
114.119.147.73 - - [15/Apr/2025:20:10:49 -0400] "GET /a-short-history-of-gangs-and-rap-music/ HTTP/1.1" 200 32139 "https://hylasmagazine.com/what-you-should-know-about-gambling-slots/" "Mozilla/5.0 (Linux; Android 7.0;) AppleWebKit/537.36 (KHTML, like Gecko) Mobile Safari/537.36 (compatible; PetalBot;+https://webmaster.petalsearch.com/site/petalbot)"
198.54.114.83 - - [15/Apr/2025:20:10:58 -0400] "POST /wp-admin/admin-ajax.php?action=async_litespeed&nonce=dNw0CgkCKJiNERqbbRZUtVfSeHYC8P8O&litespeed_type=imgoptm HTTP/1.1" 200 0 "-" "WordPress/6.8; https://hylasmagazine.com"
198.54.114.83 - - [15/Apr/2025:20:14:10 -0400] "POST /wp-cron.php?doing_wp_cron=1744762450.2143640518188476562500 HTTP/1.1" 200 0 "-" "WordPress/6.8; https://hylasmagazine.com"
35.240.128.90 - - [15/Apr/2025:20:14:04 -0400] "POST /wp-login.php HTTP/1.1" 200 1837 "-" "Mozlila/5.0 (Linux; Android 7.0; SM-G892A Bulid/NRD90M; wv) AppleWebKit/537.36 (KHTML, like Gecko) Version/4.0 Chrome/60.0.3112.107 Moblie Safari/537.36"
198.54.114.83 - - [15/Apr/2025:20:14:11 -0400] "POST /wp-admin/admin-ajax.php?action=async_litespeed&nonce=A0YQdcRkOrk5aLL4xT98kU0gFkQRtUPt&litespeed_type=imgoptm HTTP/1.1" 200 0 "-" "WordPress/6.8; https://hylasmagazine.com"
35.240.128.90 - - [15/Apr/2025:20:14:11 -0400] "GET /wp-admin/plugin-install.php?tab=upload HTTP/1.1" 302 0 "-" "Mozlila/5.0 (Linux; Android 7.0; SM-G892A Bulid/NRD90M; wv) AppleWebKit/537.36 (KHTML, like Gecko) Version/4.0 Chrome/60.0.3112.107 Moblie Safari/537.36"
35.240.128.90 - - [15/Apr/2025:20:14:12 -0400] "GET /wp-login.php?redirect_to=https%3A%2F%2Fhylasmagazine.com%2Fwp-admin%2Fplugin-install.php%3Ftab%3Dupload&reauth=1 HTTP/1.1" 200 1732 "-" "Mozlila/5.0 (Linux; Android 7.0; SM-G892A Bulid/NRD90M; wv) AppleWebKit/537.36 (KHTML, like Gecko) Version/4.0 Chrome/60.0.3112.107 Moblie Safari/537.36"
198.54.114.83 - - [15/Apr/2025:20:15:19 -0400] "POST /wp-cron.php?doing_wp_cron=1744762518.8343760967254638671875 HTTP/1.1" 200 0 "-" "WordPress/6.8; https://hylasmagazine.com"
198.54.114.83 - - [15/Apr/2025:20:15:20 -0400] "POST /wp-admin/admin-ajax.php?action=async_litespeed&nonce=MKmrV1NcVEANLdNlUqnCYKVB5Nm3u11V&litespeed_type=imgoptm HTTP/1.1" 200 5 "-" "WordPress/6.8; https://hylasmagazine.com"
54.36.149.17 - - [15/Apr/2025:20:15:18 -0400] "GET /category/activity/page/12/ HTTP/1.1" 200 31510 "-" "Mozilla/5.0 (compatible; AhrefsBot/7.0; +http://ahrefs.com/robot/)"
198.54.114.83 - - [15/Apr/2025:20:19:00 -0400] "POST /wp-cron.php?doing_wp_cron=1744762739.9458088874816894531250 HTTP/1.1" 200 0 "-" "WordPress/6.8; https://hylasmagazine.com"
212.102.37.196 - - [15/Apr/2025:20:18:55 -0400] "GET /home-care-assistance-montreal/ HTTP/1.1" 200 32329 "-" "Mozilla/5.0 (Macintosh; Intel Mac OS X 12_5) AppleWebKit/537.36 (KHTML, like Gecko) Chrome/114.0.0.0 Safari/537.36 Edg/114.0.1264.71"
198.54.114.83 - - [15/Apr/2025:20:19:01 -0400] "POST /wp-admin/admin-ajax.php?action=async_litespeed&nonce=pxE5UOohVTRnrMqjur7qHNvFIP1opzdk&litespeed_type=imgoptm HTTP/1.1" 200 0 "-" "WordPress/6.8; https://hylasmagazine.com"
198.54.114.83 - - [15/Apr/2025:20:19:55 -0400] "POST /wp-cron.php?doing_wp_cron=1744762794.1383190155029296875000 HTTP/1.1" 200 0 "-" "WordPress/6.8; https://hylasmagazine.com"
114.119.137.193 - - [15/Apr/2025:20:19:53 -0400] "GET /page/21/ HTTP/1.1" 200 31145 "https://hylasmagazine.com/page/22/" "Mozilla/5.0 (Linux; Android 7.0;) AppleWebKit/537.36 (KHTML, like Gecko) Mobile Safari/537.36 (compatible; PetalBot;+https://webmaster.petalsearch.com/site/petalbot)"
198.54.114.83 - - [15/Apr/2025:20:19:56 -0400] "POST /wp-admin/admin-ajax.php?action=async_litespeed&nonce=L0wLU1p9pJofUfR5JXD06vrg30hWmZre&litespeed_type=imgoptm HTTP/1.1" 200 5 "-" "WordPress/6.8; https://hylasmagazine.com"
198.54.114.83 - - [15/Apr/2025:20:21:50 -0400] "POST /wp-cron.php?doing_wp_cron=1744762910.2647631168365478515625 HTTP/1.1" 200 0 "-" "WordPress/6.8; https://hylasmagazine.com"
114.119.151.153 - - [15/Apr/2025:20:21:46 -0400] "GET /category/activity/page/118/ HTTP/1.1" 200 30296 "https://hylasmagazine.com/category/activity/page/117/" "Mozilla/5.0 (Linux; Android 7.0;) AppleWebKit/537.36 (KHTML, like Gecko) Mobile Safari/537.36 (compatible; PetalBot;+https://webmaster.petalsearch.com/site/petalbot)"
198.54.114.83 - - [15/Apr/2025:20:21:51 -0400] "POST /wp-admin/admin-ajax.php?action=async_litespeed&nonce=3ENeuVA3EWzKUSjq6kNHzfMoV94ARjdv&litespeed_type=imgoptm HTTP/1.1" 200 5 "-" "WordPress/6.8; https://hylasmagazine.com"
198.54.114.83 - - [15/Apr/2025:20:22:04 -0400] "POST /wp-cron.php?doing_wp_cron=1744762924.1660668849945068359375 HTTP/1.1" 200 0 "-" "WordPress/6.8; https://hylasmagazine.com"
124.156.108.107 - - [15/Apr/2025:20:22:03 -0400] "GET /how-to-buy-youtube-subscribers-without-risking-your-reputation/ HTTP/1.1" 200 31597 "-" "Python/3.10 aiohttp/3.10.5"
198.54.114.83 - - [15/Apr/2025:20:22:05 -0400] "POST /wp-admin/admin-ajax.php?action=async_litespeed&nonce=1BOfqosQzexnLwQPX78d7MWJmTHdBlFz&litespeed_type=imgoptm HTTP/1.1" 200 5 "-" "WordPress/6.8; https://hylasmagazine.com"
125.88.231.98 - - [15/Apr/2025:20:23:48 -0400] "GET /wp-login.php HTTP/1.1" 200 1707 "-" "Apache-HttpClient/4.5.2 (Java/1.8.0_161)"
125.88.231.98 - - [15/Apr/2025:20:23:52 -0400] "GET /?author=1 HTTP/1.1" 200 78495 "-" "Apache-HttpClient/4.5.2 (Java/1.8.0_161)"
125.88.231.98 - - [15/Apr/2025:20:23:53 -0400] "GET /?author=2 HTTP/1.1" 200 78495 "-" "Apache-HttpClient/4.5.2 (Java/1.8.0_161)"
125.88.231.98 - - [15/Apr/2025:20:23:54 -0400] "GET /?author=3 HTTP/1.1" 200 78495 "-" "Apache-HttpClient/4.5.2 (Java/1.8.0_161)"
125.88.231.98 - - [15/Apr/2025:20:23:55 -0400] "GET /?author=4 HTTP/1.1" 200 78495 "-" "Apache-HttpClient/4.5.2 (Java/1.8.0_161)"
125.88.231.98 - - [15/Apr/2025:20:23:56 -0400] "GET /?author=5 HTTP/1.1" 200 78495 "-" "Apache-HttpClient/4.5.2 (Java/1.8.0_161)"
125.88.231.98 - - [15/Apr/2025:20:23:56 -0400] "GET /?author=6 HTTP/1.1" 200 78495 "-" "Apache-HttpClient/4.5.2 (Java/1.8.0_161)"
125.88.231.98 - - [15/Apr/2025:20:23:57 -0400] "GET /?author=7 HTTP/1.1" 200 78495 "-" "Apache-HttpClient/4.5.2 (Java/1.8.0_161)"
125.88.231.98 - - [15/Apr/2025:20:23:57 -0400] "GET /?author=8 HTTP/1.1" 200 78495 "-" "Apache-HttpClient/4.5.2 (Java/1.8.0_161)"
125.88.231.98 - - [15/Apr/2025:20:23:58 -0400] "GET /?author=9 HTTP/1.1" 200 78495 "-" "Apache-HttpClient/4.5.2 (Java/1.8.0_161)"
125.88.231.98 - - [15/Apr/2025:20:23:58 -0400] "GET /?author=10 HTTP/1.1" 200 78495 "-" "Apache-HttpClient/4.5.2 (Java/1.8.0_161)"
125.88.231.98 - - [15/Apr/2025:20:23:59 -0400] "GET /?author=11 HTTP/1.1" 200 78495 "-" "Apache-HttpClient/4.5.2 (Java/1.8.0_161)"
125.88.231.98 - - [15/Apr/2025:20:24:00 -0400] "GET /?author=12 HTTP/1.1" 200 78495 "-" "Apache-HttpClient/4.5.2 (Java/1.8.0_161)"
198.54.114.83 - - [15/Apr/2025:20:24:00 -0400] "POST /wp-cron.php?doing_wp_cron=1744763040.0696470737457275390625 HTTP/1.1" 200 0 "-" "WordPress/6.8; https://hylasmagazine.com"
90.190.253.242 - - [15/Apr/2025:20:23:56 -0400] "GET /things-to-do-on-a-stag-weekend-in-budapest HTTP/1.1" 301 0 "https://hylasmagazine.com" "Mozilla/5.0 (Windows NT 10.0; Win64; x64) AppleWebKit/537.36 (KHTML, like Gecko) Chrome/62.0.3202.94 Safari/537.36"
125.88.231.98 - - [15/Apr/2025:20:24:00 -0400] "GET /?author=13 HTTP/1.1" 200 78495 "-" "Apache-HttpClient/4.5.2 (Java/1.8.0_161)"
198.54.114.83 - - [15/Apr/2025:20:24:00 -0400] "POST /wp-admin/admin-ajax.php?action=async_litespeed&nonce=dE352zpLxT0msWmvhQ0uGF2dsnZkOJKS&litespeed_type=imgoptm HTTP/1.1" 200 5 "-" "WordPress/6.8; https://hylasmagazine.com"
125.88.231.98 - - [15/Apr/2025:20:24:01 -0400] "GET /?author=14 HTTP/1.1" 200 78495 "-" "Apache-HttpClient/4.5.2 (Java/1.8.0_161)"
125.88.231.98 - - [15/Apr/2025:20:24:02 -0400] "GET /?author=15 HTTP/1.1" 200 78495 "-" "Apache-HttpClient/4.5.2 (Java/1.8.0_161)"
90.190.253.242 - - [15/Apr/2025:20:24:01 -0400] "GET /things-to-do-on-a-stag-weekend-in-budapest/ HTTP/1.1" 200 32451 "https://hylasmagazine.com" "Mozilla/5.0 (Windows NT 10.0; Win64; x64) AppleWebKit/537.36 (KHTML, like Gecko) Chrome/62.0.3202.94 Safari/537.36"
90.190.253.242 - - [15/Apr/2025:20:24:02 -0400] "GET /things-to-do-on-a-stag-weekend-in-budapest/ HTTP/1.1" 200 32451 "https://hylasmagazine.com" "Mozilla/5.0 (Windows NT 10.0; Win64; x64) AppleWebKit/537.36 (KHTML, like Gecko) Chrome/62.0.3202.94 Safari/537.36"
125.88.231.98 - - [15/Apr/2025:20:24:03 -0400] "GET /?author=16 HTTP/1.1" 200 78495 "-" "Apache-HttpClient/4.5.2 (Java/1.8.0_161)"
125.88.231.98 - - [15/Apr/2025:20:24:03 -0400] "GET /?author=17 HTTP/1.1" 200 78495 "-" "Apache-HttpClient/4.5.2 (Java/1.8.0_161)"
198.54.114.83 - - [15/Apr/2025:20:24:04 -0400] "POST /wp-cron.php?doing_wp_cron=1744763043.4993000030517578125000 HTTP/1.1" 200 0 "-" "WordPress/6.8; https://hylasmagazine.com"
125.88.231.98 - - [15/Apr/2025:20:24:04 -0400] "GET /?author=18 HTTP/1.1" 200 78495 "-" "Apache-HttpClient/4.5.2 (Java/1.8.0_161)"
198.54.114.83 - - [15/Apr/2025:20:24:04 -0400] "POST /wp-admin/admin-ajax.php?action=async_litespeed&nonce=ES2Bd4xaAxkx0QqqJLz8eDrvTU9s7m5Q&litespeed_type=imgoptm HTTP/1.1" 200 5 "-" "WordPress/6.8; https://hylasmagazine.com"
125.88.231.98 - - [15/Apr/2025:20:24:05 -0400] "GET /?author=19 HTTP/1.1" 200 78495 "-" "Apache-HttpClient/4.5.2 (Java/1.8.0_161)"
90.190.253.242 - - [15/Apr/2025:20:24:03 -0400] "POST /wp-comments-post.php HTTP/1.1" 302 0 "https://hylasmagazine.com" "Mozilla/5.0 (Windows NT 10.0; Win64; x64) AppleWebKit/537.36 (KHTML, like Gecko) Chrome/62.0.3202.94 Safari/537.36"
125.88.231.98 - - [15/Apr/2025:20:24:05 -0400] "GET /?author=20 HTTP/1.1" 200 78495 "-" "Apache-HttpClient/4.5.2 (Java/1.8.0_161)"
90.190.253.242 - - [15/Apr/2025:20:24:06 -0400] "GET /things-to-do-on-a-stag-weekend-in-budapest/ HTTP/1.1" 200 33101 "https://hylasmagazine.com" "Mozilla/4.0 (compatible; MSIE 6.0; Windows NT 5.1; en) Opera 8.50"
54.36.149.35 - - [15/Apr/2025:20:25:06 -0400] "GET /page/55/ HTTP/1.1" 200 31119 "-" "Mozilla/5.0 (compatible; AhrefsBot/7.0; +http://ahrefs.com/robot/)"
198.54.114.83 - - [15/Apr/2025:20:25:08 -0400] "POST /wp-cron.php?doing_wp_cron=1744763106.9184000492095947265625 HTTP/1.1" 200 0 "-" "WordPress/6.8; https://hylasmagazine.com"
198.54.114.83 - - [15/Apr/2025:20:27:14 -0400] "POST /wp-cron.php?doing_wp_cron=1744763233.2249948978424072265625 HTTP/1.1" 200 0 "-" "WordPress/6.8; https://hylasmagazine.com"
110.238.107.194 - - [15/Apr/2025:20:27:06 -0400] "GET /innovative-beleuchtung-fur-moderne-raume-zeitgemase-hangelampen/ HTTP/1.1" 404 27943 "https://hylasmagazine.com/innovative-beleuchtung-fur-moderne-raume-zeitgemase-hangelampen/" "Mozilla/5.0 (Macintosh; Intel Mac OS X 10_15_7) AppleWebKit/537.36 (KHTML, like Gecko) Chrome/119.0.0.0 Safari/537.36"
62.113.115.161 - - [15/Apr/2025:20:27:40 -0400] "GET /a-manual-for-supplanting-your-carport-entryway/ HTTP/1.1" 200 31853 "https://hylasmagazine.com/a-manual-for-supplanting-your-carport-entryway/" "Mozilla/5.0 (Windows NT 10.0; Win64; x64) AppleWebKit/537.36 (KHTML, like Gecko) Chrome/129.0.0.0 Safari/537.36"
62.113.115.161 - - [15/Apr/2025:20:27:44 -0400] "POST /wp-comments-post.php HTTP/1.1" 302 0 "https://hylasmagazine.com/a-manual-for-supplanting-your-carport-entryway/" "Mozilla/5.0 (Windows NT 10.0; Win64; x64) AppleWebKit/537.36 (KHTML, like Gecko) Chrome/129.0.0.0 Safari/537.36"
62.113.115.161 - - [15/Apr/2025:20:27:47 -0400] "GET /a-manual-for-supplanting-your-carport-entryway/ HTTP/1.1" 200 32728 "https://hylasmagazine.com/a-manual-for-supplanting-your-carport-entryway/#comment-39719" "Mozilla/5.0 (Windows NT 10.0; Win64; x64) AppleWebKit/537.36 (KHTML, like Gecko) Chrome/129.0.0.0 Safari/537.36"
198.54.114.83 - - [15/Apr/2025:20:28:24 -0400] "POST /wp-cron.php?doing_wp_cron=1744763304.4127368927001953125000 HTTP/1.1" 200 0 "-" "WordPress/6.8; https://hylasmagazine.com"
129.226.188.6 - - [15/Apr/2025:20:28:24 -0400] "GET /caregivers-near-me/ HTTP/1.1" 200 31612 "-" "Python/3.10 aiohttp/3.10.5"
198.54.114.83 - - [15/Apr/2025:20:28:26 -0400] "POST /wp-admin/admin-ajax.php?action=async_litespeed&nonce=IBilznMAKGHqBUKKJRmRquTrxlFqeStY&litespeed_type=imgoptm HTTP/1.1" 200 0 "-" "WordPress/6.8; https://hylasmagazine.com"
198.54.114.83 - - [15/Apr/2025:20:30:32 -0400] "POST /wp-cron.php?doing_wp_cron=1744763432.1053531169891357421875 HTTP/1.1" 200 0 "-" "WordPress/6.8; https://hylasmagazine.com"
198.54.114.83 - - [15/Apr/2025:20:30:32 -0400] "POST /wp-cron.php?doing_wp_cron=1744763432.0983150005340576171875 HTTP/1.1" 200 0 "-" "WordPress/6.8; https://hylasmagazine.com"
52.204.174.139 - - [15/Apr/2025:20:30:31 -0400] "GET /2023/12/13/ HTTP/1.1" 301 0 "-" "Mozilla/5.0 AppleWebKit/537.36 (KHTML, like Gecko; compatible; Amazonbot/0.1; +https://developer.amazon.com/support/amazonbot) Chrome/119.0.6045.214 Safari/537.36"
198.54.114.83 - - [15/Apr/2025:20:30:34 -0400] "POST /wp-admin/admin-ajax.php?action=async_litespeed&nonce=zfxRqFIXBejEpVFX7a8MgEGEEXWmOMLT&litespeed_type=imgoptm HTTP/1.1" 200 0 "-" "WordPress/6.8; https://hylasmagazine.com"
52.204.81.148 - - [15/Apr/2025:20:30:26 -0400] "GET /panasonic-tx-p42st30b-review/ HTTP/1.1" 200 33444 "-" "Mozilla/5.0 AppleWebKit/537.36 (KHTML, like Gecko; compatible; Amazonbot/0.1; +https://developer.amazon.com/support/amazonbot) Chrome/119.0.6045.214 Safari/537.36"
198.54.114.83 - - [15/Apr/2025:20:33:38 -0400] "POST /wp-admin/admin-ajax.php?action=async_litespeed&nonce=IK56D14NQVz1ooWYnKjprpVmiRcxuzjg&litespeed_type=imgoptm HTTP/1.1" 200 0 "-" "WordPress/6.8; https://hylasmagazine.com"
54.36.148.232 - - [15/Apr/2025:20:37:18 -0400] "GET /caregivers-near-me/ HTTP/1.1" 200 31612 "-" "Mozilla/5.0 (compatible; AhrefsBot/7.0; +http://ahrefs.com/robot/)"
198.54.114.83 - - [15/Apr/2025:20:38:15 -0400] "POST /wp-cron.php?doing_wp_cron=1744763895.4727799892425537109375 HTTP/1.1" 200 0 "-" "WordPress/6.8; https://hylasmagazine.com"
129.226.162.39 - - [15/Apr/2025:20:38:10 -0400] "GET /what-is-an-ad-company/ HTTP/1.1" 200 31528 "-" "Python/3.10 aiohttp/3.10.5"
198.54.114.83 - - [15/Apr/2025:20:38:16 -0400] "POST /wp-admin/admin-ajax.php?action=async_litespeed&nonce=0S5SKBLbuJy2WMdpFEfC4K5JvF0vyqvI&litespeed_type=imgoptm HTTP/1.1" 200 5 "-" "WordPress/6.8; https://hylasmagazine.com"
198.54.114.83 - - [15/Apr/2025:20:40:42 -0400] "POST /wp-cron.php?doing_wp_cron=1744764042.3121199607849121093750 HTTP/1.1" 200 0 "-" "WordPress/6.8; https://hylasmagazine.com"
114.119.153.91 - - [15/Apr/2025:20:40:38 -0400] "GET /the-lakegarden-residences/ HTTP/1.1" 200 31759 "https://hylasmagazine.com/page/40/" "Mozilla/5.0 (Linux; Android 7.0;) AppleWebKit/537.36 (KHTML, like Gecko) Mobile Safari/537.36 (compatible; PetalBot;+https://webmaster.petalsearch.com/site/petalbot)"
198.54.114.83 - - [15/Apr/2025:20:40:43 -0400] "POST /wp-admin/admin-ajax.php?action=async_litespeed&nonce=Qtsj80JwVuoQn3g9MgP6ZxsSeUpzSg9F&litespeed_type=imgoptm HTTP/1.1" 200 0 "-" "WordPress/6.8; https://hylasmagazine.com"
198.54.114.83 - - [15/Apr/2025:20:42:29 -0400] "POST /wp-cron.php?doing_wp_cron=1744764148.6144330501556396484375 HTTP/1.1" 200 0 "-" "WordPress/6.8; https://hylasmagazine.com"
114.119.151.133 - - [15/Apr/2025:20:42:24 -0400] "GET /automated-truck-washes-for-armada-diesel-card-key-re-powering-stations HTTP/1.1" 301 0 "-" "Mozilla/5.0 (Linux; Android 7.0;) AppleWebKit/537.36 (KHTML, like Gecko) Mobile Safari/537.36 (compatible; PetalBot;+https://webmaster.petalsearch.com/site/petalbot)"
198.54.114.83 - - [15/Apr/2025:20:42:32 -0400] "POST /wp-admin/admin-ajax.php?action=async_litespeed&nonce=IAY2o0MZW4QnL9A4SrfV5umJmlhzqkmn&litespeed_type=imgoptm HTTP/1.1" 200 0 "-" "WordPress/6.8; https://hylasmagazine.com"
114.119.151.133 - - [15/Apr/2025:20:42:32 -0400] "GET /automated-truck-washes-for-armada-diesel-card-key-re-powering-stations/ HTTP/1.1" 200 31755 "-" "Mozilla/5.0 (Linux; Android 7.0;) AppleWebKit/537.36 (KHTML, like Gecko) Mobile Safari/537.36 (compatible; PetalBot;+https://webmaster.petalsearch.com/site/petalbot)"
198.54.114.83 - - [15/Apr/2025:20:44:13 -0400] "POST /wp-cron.php?doing_wp_cron=1744764252.5817010402679443359375 HTTP/1.1" 200 0 "-" "WordPress/6.8; https://hylasmagazine.com"
198.54.114.83 - - [15/Apr/2025:20:44:14 -0400] "POST /wp-admin/admin-ajax.php?action=async_litespeed&nonce=fa8iukUy62XefO60ChMoD7Xi2yq18VSI&litespeed_type=imgoptm HTTP/1.1" 200 0 "-" "WordPress/6.8; https://hylasmagazine.com"
114.119.151.153 - - [15/Apr/2025:20:44:08 -0400] "GET /que-rechercher-dans-un-masque-facial-professionnel/ HTTP/1.1" 200 31875 "https://hylasmagazine.com/page/38/" "Mozilla/5.0 (Linux; Android 7.0;) AppleWebKit/537.36 (KHTML, like Gecko) Mobile Safari/537.36 (compatible; PetalBot;+https://webmaster.petalsearch.com/site/petalbot)"
2001:470:1:b95::6876 - - [15/Apr/2025:20:44:43 -0400] "GET /ads.txt HTTP/1.1" 404 27943 "-" "Mozilla/5.0 (compatible; ev-crawler/1.0; +https://headline.com/legal/crawler)"
198.54.114.83 - - [15/Apr/2025:20:45:55 -0400] "POST /wp-cron.php?doing_wp_cron=1744764355.3525750637054443359375 HTTP/1.1" 200 0 "-" "WordPress/6.8; https://hylasmagazine.com"
114.119.139.226 - - [15/Apr/2025:20:45:54 -0400] "GET /page/45/?ND HTTP/1.1" 200 31308 "https://hylasmagazine.com/page/46/?ND" "Mozilla/5.0 (Linux; Android 7.0;) AppleWebKit/537.36 (KHTML, like Gecko) Mobile Safari/537.36 (compatible; PetalBot;+https://webmaster.petalsearch.com/site/petalbot)"
198.54.114.83 - - [15/Apr/2025:20:45:56 -0400] "POST /wp-admin/admin-ajax.php?action=async_litespeed&nonce=uktQ8CEYglNUV6o8vXzG7jaPhP462kph&litespeed_type=imgoptm HTTP/1.1" 200 0 "-" "WordPress/6.8; https://hylasmagazine.com"
198.54.114.83 - - [15/Apr/2025:20:46:22 -0400] "POST /wp-cron.php?doing_wp_cron=1744764382.0746080875396728515625 HTTP/1.1" 200 0 "-" "WordPress/6.8; https://hylasmagazine.com"
185.89.100.16 - - [15/Apr/2025:20:46:21 -0400] "GET /test-dapplication-mobile-un-guide-complet/ HTTP/1.1" 200 32038 "-" "Mozilla/5.0 (X11; Fedora; Linux x86_64; rv:114.0) Gecko/20100101 Firefox/114.0"
198.54.114.83 - - [15/Apr/2025:20:46:25 -0400] "POST /wp-admin/admin-ajax.php?action=async_litespeed&nonce=qFvneR2KuGHI8PLIg4SrQIGhAzhbFpV0&litespeed_type=imgoptm HTTP/1.1" 200 0 "-" "WordPress/6.8; https://hylasmagazine.com"
185.89.100.16 - - [15/Apr/2025:20:46:25 -0400] "GET /wp-login.php?action=register HTTP/1.1" 302 0 "https://hylasmagazine.com/test-dapplication-mobile-un-guide-complet/" "Mozilla/5.0 (Windows NT 6.3; Win64; x64) AppleWebKit/537.36 (KHTML, like Gecko) Chrome/103.0.0.0 Safari/537.36"
185.89.100.16 - - [15/Apr/2025:20:46:28 -0400] "GET /wp-login.php?registration=disabled HTTP/1.1" 200 1775 "https://hylasmagazine.com/wp-login.php?action=register" "Mozilla/5.0 (Windows NT 6.3; Win64; x64) AppleWebKit/537.36 (KHTML, like Gecko) Chrome/103.0.0.0 Safari/537.36"
54.36.148.137 - - [15/Apr/2025:20:46:54 -0400] "GET /how-to-find-a-lake-charles-dwi-lawyer/ HTTP/1.1" 200 31650 "-" "Mozilla/5.0 (compatible; AhrefsBot/7.0; +http://ahrefs.com/robot/)"
198.54.114.83 - - [15/Apr/2025:20:47:25 -0400] "POST /wp-cron.php?doing_wp_cron=1744764444.1716539859771728515625 HTTP/1.1" 200 0 "-" "WordPress/6.8; https://hylasmagazine.com"
124.243.149.13 - - [15/Apr/2025:20:47:23 -0400] "GET /category/activity/page/16/ HTTP/1.1" 200 31061 "https://hylasmagazine.com/category/activity/page/16/#content" "Mozilla/5.0 (Macintosh; Intel Mac OS X 10_15_7) AppleWebKit/537.36 (KHTML, like Gecko) Chrome/120.0.0.0 Safari/537.36"
198.54.114.83 - - [15/Apr/2025:20:47:28 -0400] "POST /wp-admin/admin-ajax.php?action=async_litespeed&nonce=VFFKp6lVJNvp0h2Wa4v3qiNwOBtpthWw&litespeed_type=imgoptm HTTP/1.1" 200 0 "-" "WordPress/6.8; https://hylasmagazine.com"
85.208.98.20 - - [15/Apr/2025:20:47:29 -0400] "GET /finding-the-best-dental-specialists-when-youre-on-a-careful-spending-plan/ HTTP/1.1" 200 32624 "-" "Mozilla/5.0 (compatible; SemrushBot-BA; +http://www.semrush.com/bot.html)"
114.119.151.153 - - [15/Apr/2025:20:47:40 -0400] "GET /page/12/?SA HTTP/1.1" 200 31352 "https://hylasmagazine.com/page/13/?SA" "Mozilla/5.0 (Linux; Android 7.0;) AppleWebKit/537.36 (KHTML, like Gecko) Mobile Safari/537.36 (compatible; PetalBot;+https://webmaster.petalsearch.com/site/petalbot)"
198.54.114.83 - - [15/Apr/2025:20:53:29 -0400] "POST /wp-admin/admin-ajax.php?action=async_litespeed&nonce=mKWPJPFSeLnOpc9lhkFfvFEbzNUb7G2O&litespeed_type=imgoptm HTTP/1.1" 200 0 "-" "WordPress/6.8; https://hylasmagazine.com"
54.36.148.183 - - [15/Apr/2025:20:56:44 -0400] "GET /business-and-industry-in-leicester/ HTTP/1.1" 200 33067 "-" "Mozilla/5.0 (compatible; AhrefsBot/7.0; +http://ahrefs.com/robot/)"
119.28.27.236 - - [15/Apr/2025:20:56:56 -0400] "GET /the-spectrum-of-the-lonesome-aficionados/ HTTP/1.1" 200 32201 "-" "Python/3.10 aiohttp/3.10.5"
198.54.114.83 - - [15/Apr/2025:20:58:13 -0400] "POST /wp-admin/admin-ajax.php?action=async_litespeed&nonce=tSHm5xcacrgdRFzSUezAWJqK58VPYavh&litespeed_type=imgoptm HTTP/1.1" 200 0 "-" "WordPress/6.8; https://hylasmagazine.com"
198.54.114.83 - - [15/Apr/2025:20:59:05 -0400] "POST /wp-admin/admin-ajax.php?action=async_litespeed&nonce=mHwT5ILyKR8Usab6USdQiD5f6lNp2Kxg&litespeed_type=imgoptm HTTP/1.1" 200 0 "-" "WordPress/6.8; https://hylasmagazine.com"
40.85.180.157 - - [15/Apr/2025:20:59:35 -0400] "GET /wp-admin/users.php HTTP/1.1" 302 0 "-" "-"
40.85.180.157 - - [15/Apr/2025:20:59:36 -0400] "GET /wp-login.php?redirect_to=https%3A%2F%2Fhylasmagazine.com%2Fwp-admin%2Fusers.php&reauth=1 HTTP/1.1" 200 1714 "-" "-"
40.85.180.157 - - [15/Apr/2025:20:59:43 -0400] "GET /wp-admin/network/index.php HTTP/1.1" 302 0 "-" "-"
40.85.180.157 - - [15/Apr/2025:20:59:43 -0400] "GET /wp-login.php?redirect_to=https%3A%2F%2Fhylasmagazine.com%2Fwp-admin%2Fnetwork%2Findex.php&reauth=1 HTTP/1.1" 200 1720 "-" "-"
198.54.114.83 - - [15/Apr/2025:21:00:08 -0400] "POST /wp-admin/admin-ajax.php?action=async_litespeed&nonce=9Q2MNE7a1l1RVOhjqyUWMAb4Z1Al7BhK&litespeed_type=imgoptm HTTP/1.1" 200 0 "-" "WordPress/6.8; https://hylasmagazine.com"
198.54.114.83 - - [15/Apr/2025:21:01:31 -0400] "POST /wp-cron.php?doing_wp_cron=1744765290.2943749427795410156250 HTTP/1.1" 200 0 "-" "WordPress/6.8; https://hylasmagazine.com"
114.119.151.153 - - [15/Apr/2025:21:01:29 -0400] "GET /page/15/?ND HTTP/1.1" 200 31311 "https://hylasmagazine.com/page/16/?ND" "Mozilla/5.0 (Linux; Android 7.0;) AppleWebKit/537.36 (KHTML, like Gecko) Mobile Safari/537.36 (compatible; PetalBot;+https://webmaster.petalsearch.com/site/petalbot)"
198.54.114.83 - - [15/Apr/2025:21:01:32 -0400] "POST /wp-admin/admin-ajax.php?action=async_litespeed&nonce=zpQurX7oDjfUVg6CDej5YTjaNx5Tb34U&litespeed_type=imgoptm HTTP/1.1" 200 0 "-" "WordPress/6.8; https://hylasmagazine.com"
198.54.114.83 - - [15/Apr/2025:21:03:25 -0400] "POST /wp-cron.php?doing_wp_cron=1744765403.5659019947052001953125 HTTP/1.1" 200 0 "-" "WordPress/6.8; https://hylasmagazine.com"
114.119.139.226 - - [15/Apr/2025:21:03:16 -0400] "GET /page/10/?SA HTTP/1.1" 200 31369 "https://hylasmagazine.com/page/11/?SA" "Mozilla/5.0 (Linux; Android 7.0;) AppleWebKit/537.36 (KHTML, like Gecko) Mobile Safari/537.36 (compatible; PetalBot;+https://webmaster.petalsearch.com/site/petalbot)"
198.54.114.83 - - [15/Apr/2025:21:03:27 -0400] "POST /wp-admin/admin-ajax.php?action=async_litespeed&nonce=eiILOf0WZffwWRmym3JvrqYlV8yEQABp&litespeed_type=imgoptm HTTP/1.1" 200 0 "-" "WordPress/6.8; https://hylasmagazine.com"
62.113.115.161 - - [15/Apr/2025:21:04:38 -0400] "GET /a-manual-for-supplanting-your-carport-entryway/ HTTP/1.1" 200 31853 "https://hylasmagazine.com/a-manual-for-supplanting-your-carport-entryway/" "Mozilla/5.0 (Windows NT 10.0; Win64; x64) AppleWebKit/537.36 (KHTML, like Gecko) Chrome/131.0.0.0 Safari/537.36"
198.54.114.83 - - [15/Apr/2025:21:04:42 -0400] "POST /wp-cron.php?doing_wp_cron=1744765481.2378919124603271484375 HTTP/1.1" 200 0 "-" "WordPress/6.8; https://hylasmagazine.com"
198.54.114.83 - - [15/Apr/2025:21:04:45 -0400] "POST /wp-admin/admin-ajax.php?action=async_litespeed&nonce=7NuS6ONtLeNlTriL94qNGmayKtpQLcmF&litespeed_type=imgoptm HTTP/1.1" 200 0 "-" "WordPress/6.8; https://hylasmagazine.com"
62.113.115.161 - - [15/Apr/2025:21:04:40 -0400] "POST /wp-comments-post.php HTTP/1.1" 302 0 "https://hylasmagazine.com/a-manual-for-supplanting-your-carport-entryway/" "Mozilla/5.0 (Windows NT 10.0; Win64; x64) AppleWebKit/537.36 (KHTML, like Gecko) Chrome/131.0.0.0 Safari/537.36"
62.113.115.161 - - [15/Apr/2025:21:04:47 -0400] "GET /a-manual-for-supplanting-your-carport-entryway/ HTTP/1.1" 200 32738 "https://hylasmagazine.com/a-manual-for-supplanting-your-carport-entryway/#comment-39720" "Mozilla/5.0 (Windows NT 10.0; Win64; x64) AppleWebKit/537.36 (KHTML, like Gecko) Chrome/131.0.0.0 Safari/537.36"
129.226.162.39 - - [15/Apr/2025:21:04:54 -0400] "GET /youtube-help-center-why-does-everyone-have-to-pay-attention/ HTTP/1.1" 200 32386 "-" "Python/3.10 aiohttp/3.10.5"
114.119.139.226 - - [15/Apr/2025:21:05:00 -0400] "GET /five-companies-that-offer-move-in-and-move-out-cleaning-services/ HTTP/1.1" 200 32722 "https://hylasmagazine.com/meilleurs-groupes-de-telegrammes-pornographiques/" "Mozilla/5.0 (Linux; Android 7.0;) AppleWebKit/537.36 (KHTML, like Gecko) Mobile Safari/537.36 (compatible; PetalBot;+https://webmaster.petalsearch.com/site/petalbot)"
114.119.151.153 - - [15/Apr/2025:21:06:45 -0400] "GET /category/activity/page/12/ HTTP/1.1" 200 31510 "https://hylasmagazine.com/category/activity/page/12/" "Mozilla/5.0 (Linux; Android 7.0;) AppleWebKit/537.36 (KHTML, like Gecko) Mobile Safari/537.36 (compatible; PetalBot;+https://webmaster.petalsearch.com/site/petalbot)"
198.54.114.83 - - [15/Apr/2025:21:07:49 -0400] "POST /wp-cron.php?doing_wp_cron=1744765668.1082069873809814453125 HTTP/1.1" 200 0 "-" "WordPress/6.8; https://hylasmagazine.com"
198.54.114.83 - - [15/Apr/2025:21:07:50 -0400] "POST /wp-admin/admin-ajax.php?action=async_litespeed&nonce=gSIN0Gqhb25Gpv03LZonO9E280Pk6BKP&litespeed_type=imgoptm HTTP/1.1" 200 0 "-" "WordPress/6.8; https://hylasmagazine.com"
46.250.161.3 - - [15/Apr/2025:21:07:41 -0400] "GET /keep-iphone-screen-on/ HTTP/1.1" 200 36943 "https://hylasmagazine.com/keep-iphone-screen-on/" "Mozilla/5.0 (Windows NT 10.0; Win64; x64) AppleWebKit/537.36 (KHTML, like Gecko) Chrome/101.0.4951.64 Safari/537.36 Edg/101.0.1210.47"
40.84.221.229 - - [15/Apr/2025:21:08:06 -0400] "GET / HTTP/1.1" 200 78495 "-" "Mozilla/5.0 AppleWebKit/537.36 (KHTML, like Gecko); compatible; ChatGPT-User/1.0; +https://openai.com/bot"
198.54.114.83 - - [15/Apr/2025:21:10:46 -0400] "POST /wp-cron.php?doing_wp_cron=1744765845.7305688858032226562500 HTTP/1.1" 200 0 "-" "WordPress/6.8; https://hylasmagazine.com"
129.226.64.249 - - [15/Apr/2025:21:10:40 -0400] "GET /an-intensive-look-at-the-history-of-french-wine-and-winemakers/ HTTP/1.1" 200 32177 "-" "Python/3.10 aiohttp/3.10.5"
198.54.114.83 - - [15/Apr/2025:21:10:48 -0400] "POST /wp-admin/admin-ajax.php?action=async_litespeed&nonce=PC9QVKPQjA1cKjyx6PeMT1rLI5Jdg6TO&litespeed_type=imgoptm HTTP/1.1" 200 0 "-" "WordPress/6.8; https://hylasmagazine.com"
198.54.114.83 - - [15/Apr/2025:21:14:57 -0400] "POST /wp-cron.php?doing_wp_cron=1744766095.8543438911437988281250 HTTP/1.1" 200 0 "-" "WordPress/6.8; https://hylasmagazine.com"
54.36.148.4 - - [15/Apr/2025:21:14:50 -0400] "GET /top-5-playstation-4-games-of-2018/ HTTP/1.1" 200 31637 "-" "Mozilla/5.0 (compatible; AhrefsBot/7.0; +http://ahrefs.com/robot/)"
198.54.114.83 - - [15/Apr/2025:21:14:58 -0400] "POST /wp-admin/admin-ajax.php?action=async_litespeed&nonce=gUczVLtub0lP8SBeqynwUIV1YQx7AZEc&litespeed_type=imgoptm HTTP/1.1" 200 0 "-" "WordPress/6.8; https://hylasmagazine.com"
198.54.114.83 - - [15/Apr/2025:21:17:41 -0400] "POST /wp-cron.php?doing_wp_cron=1744766260.3170909881591796875000 HTTP/1.1" 200 0 "-" "WordPress/6.8; https://hylasmagazine.com"
18.97.9.170 - - [15/Apr/2025:21:17:33 -0400] "GET /robots.txt HTTP/1.1" 200 107 "-" "CCBot/2.0 (https://commoncrawl.org/faq/)"
198.54.114.83 - - [15/Apr/2025:21:17:43 -0400] "POST /wp-admin/admin-ajax.php?action=async_litespeed&nonce=l5frarzPlIWQvKJrCMRX1RIADa6DT3Ko&litespeed_type=imgoptm HTTP/1.1" 200 0 "-" "WordPress/6.8; https://hylasmagazine.com"
18.97.9.170 - - [15/Apr/2025:21:17:43 -0400] "GET / HTTP/1.1" 200 78495 "-" "CCBot/2.0 (https://commoncrawl.org/faq/)"
54.36.148.156 - - [15/Apr/2025:21:23:52 -0400] "GET /show-off-your-team-spirit-with-custom-stirrup-socks/ HTTP/1.1" 200 32153 "-" "Mozilla/5.0 (compatible; AhrefsBot/7.0; +http://ahrefs.com/robot/)"
198.54.114.83 - - [15/Apr/2025:21:24:06 -0400] "POST /wp-cron.php?doing_wp_cron=1744766641.1787741184234619140625 HTTP/1.1" 200 0 "-" "WordPress/6.8; https://hylasmagazine.com"
198.54.114.83 - - [15/Apr/2025:21:27:58 -0400] "POST /wp-cron.php?doing_wp_cron=1744766877.2008020877838134765625 HTTP/1.1" 200 0 "-" "WordPress/6.8; https://hylasmagazine.com"
111.119.233.117 - - [15/Apr/2025:21:27:57 -0400] "GET /obsession-spell-how-to-hypnotize-your-lover-and-make-them-obsessed-with-you/ HTTP/1.1" 200 31632 "https://hylasmagazine.com/obsession-spell-how-to-hypnotize-your-lover-and-make-them-obsessed-with-you/#content" "Mozilla/5.0 (Macintosh; Intel Mac OS X 10_15_7) AppleWebKit/537.36 (KHTML, like Gecko) Chrome/119.0.0.0 Safari/537.36"
114.119.153.91 - - [15/Apr/2025:21:27:49 -0400] "GET /page/68/?ND HTTP/1.1" 200 31096 "https://hylasmagazine.com/page/69/?ND" "Mozilla/5.0 (Linux; Android 7.0;) AppleWebKit/537.36 (KHTML, like Gecko) Mobile Safari/537.36 (compatible; PetalBot;+https://webmaster.petalsearch.com/site/petalbot)"
198.54.114.83 - - [15/Apr/2025:21:27:59 -0400] "POST /wp-admin/admin-ajax.php?action=async_litespeed&nonce=VWsMFlRfZoQSYoPJPtZIH37uQk9HeUPi&litespeed_type=imgoptm HTTP/1.1" 200 0 "-" "WordPress/6.8; https://hylasmagazine.com"
114.119.151.153 - - [15/Apr/2025:21:29:34 -0400] "GET /page/102/?SA HTTP/1.1" 200 31066 "https://hylasmagazine.com/page/103/?SA" "Mozilla/5.0 (Linux; Android 7.0;) AppleWebKit/537.36 (KHTML, like Gecko) Mobile Safari/537.36 (compatible; PetalBot;+https://webmaster.petalsearch.com/site/petalbot)"
198.54.114.83 - - [15/Apr/2025:21:29:40 -0400] "POST /wp-cron.php?doing_wp_cron=1744766977.4516980648040771484375 HTTP/1.1" 200 0 "-" "WordPress/6.8; https://hylasmagazine.com"
198.54.114.83 - - [15/Apr/2025:21:29:43 -0400] "POST /wp-admin/admin-ajax.php?action=async_litespeed&nonce=odcPeNKEXQBC4KDLRUTHogbgSfRhMMHT&litespeed_type=imgoptm HTTP/1.1" 200 0 "-" "WordPress/6.8; https://hylasmagazine.com"
198.54.114.83 - - [15/Apr/2025:21:33:18 -0400] "POST /wp-cron.php?doing_wp_cron=1744767195.7461669445037841796875 HTTP/1.1" 200 0 "-" "WordPress/6.8; https://hylasmagazine.com"
54.36.149.61 - - [15/Apr/2025:21:33:08 -0400] "GET /page/118/ HTTP/1.1" 200 31296 "-" "Mozilla/5.0 (compatible; AhrefsBot/7.0; +http://ahrefs.com/robot/)"
198.54.114.83 - - [15/Apr/2025:21:33:23 -0400] "POST /wp-admin/admin-ajax.php?action=async_litespeed&nonce=GmEQOzE9kGfEDBAy8KKFWhrn84zwnXbi&litespeed_type=imgoptm HTTP/1.1" 200 0 "-" "WordPress/6.8; https://hylasmagazine.com"
114.119.153.91 - - [15/Apr/2025:21:41:05 -0400] "GET /page/40/?SA HTTP/1.1" 200 31345 "https://hylasmagazine.com/page/39/?SA" "Mozilla/5.0 (Linux; Android 7.0;) AppleWebKit/537.36 (KHTML, like Gecko) Mobile Safari/537.36 (compatible; PetalBot;+https://webmaster.petalsearch.com/site/petalbot)"
198.54.114.83 - - [15/Apr/2025:21:41:11 -0400] "POST /wp-cron.php?doing_wp_cron=1744767669.1784210205078125000000 HTTP/1.1" 200 0 "-" "WordPress/6.8; https://hylasmagazine.com"
198.54.114.83 - - [15/Apr/2025:21:42:48 -0400] "POST /wp-cron.php?doing_wp_cron=1744767767.5692749023437500000000 HTTP/1.1" 200 0 "-" "WordPress/6.8; https://hylasmagazine.com"
114.119.147.73 - - [15/Apr/2025:21:42:47 -0400] "GET /lana-bar-review/ HTTP/1.1" 200 31315 "https://hylasmagazine.com/category/activity/page/49/" "Mozilla/5.0 (Linux; Android 7.0;) AppleWebKit/537.36 (KHTML, like Gecko) Mobile Safari/537.36 (compatible; PetalBot;+https://webmaster.petalsearch.com/site/petalbot)"
54.36.148.9 - - [15/Apr/2025:21:42:44 -0400] "GET /page/56/ HTTP/1.1" 200 31270 "-" "Mozilla/5.0 (compatible; AhrefsBot/7.0; +http://ahrefs.com/robot/)"
198.54.114.83 - - [15/Apr/2025:21:42:51 -0400] "POST /wp-admin/admin-ajax.php?action=async_litespeed&nonce=VT2ealVIjqwYCSeooKW153Iubs3gX7WD&litespeed_type=imgoptm HTTP/1.1" 200 0 "-" "WordPress/6.8; https://hylasmagazine.com"
198.54.114.83 - - [15/Apr/2025:21:43:08 -0400] "POST /wp-admin/admin-ajax.php?action=async_litespeed&nonce=DCTdQziKrowckTrAsQzYxvSZ1fJKXzOs&litespeed_type=imgoptm HTTP/1.1" 200 0 "-" "WordPress/6.8; https://hylasmagazine.com"
196.251.80.168 - - [15/Apr/2025:21:43:19 -0400] "POST /wp-plain.php HTTP/1.1" 404 27889 "www.google.com" "Mozilla/5.0 (Linux; Android 7.0; SM-G892A Bulid/NRD90M; wv) AppleWebKit/537.36 (KHTML, like Gecko) Version/4.0 Chrome/60.0.3112.107 Moblie Safari/537.36"
196.251.80.168 - - [15/Apr/2025:21:43:19 -0400] "GET /wp-content/themes/seotheme/db.php?u HTTP/1.1" 404 27943 "www.google.com" "Mozlila/5.0 (Linux; Android 7.0; SM-G892A Bulid/NRD90M; wv) AppleWebKit/537.36 (KHTML, like Gecko) Version/4.0 Chrome/60.0.3112.107 Moblie Safari/537.36"
196.251.80.168 - - [15/Apr/2025:21:43:22 -0400] "GET /llzmxalo.php?Fox=d3wL7 HTTP/1.1" 404 27943 "www.google.com" "Mozilla/5.0 (Linux; Android 7.0; SM-G892A Bulid/NRD90M; wv) AppleWebKit/537.36 (KHTML, like Gecko) Version/4.0 Chrome/60.0.3112.107 Moblie Safari/537.36"
114.119.139.123 - - [15/Apr/2025:21:44:34 -0400] "GET /corporate-wellness-coaches/ HTTP/1.1" 200 32025 "https://hylasmagazine.com/page/98/?MA" "Mozilla/5.0 (Linux; Android 7.0;) AppleWebKit/537.36 (KHTML, like Gecko) Mobile Safari/537.36 (compatible; PetalBot;+https://webmaster.petalsearch.com/site/petalbot)"
198.54.114.83 - - [15/Apr/2025:21:46:18 -0400] "POST /wp-admin/admin-ajax.php?action=async_litespeed&nonce=S1HTSLKLLwS5vzLd8yb2t7qBn4mEAYmw&litespeed_type=imgoptm HTTP/1.1" 200 0 "-" "WordPress/6.8; https://hylasmagazine.com"
114.119.147.73 - - [15/Apr/2025:21:46:19 -0400] "GET /runner-rugs-the-perfect-way-to-add-flair-to-your-home-decor/ HTTP/1.1" 200 32218 "https://hylasmagazine.com/page/88/?MA" "Mozilla/5.0 (Linux; Android 7.0;) AppleWebKit/537.36 (KHTML, like Gecko) Mobile Safari/537.36 (compatible; PetalBot;+https://webmaster.petalsearch.com/site/petalbot)"
54.36.149.61 - - [15/Apr/2025:21:46:59 -0400] "GET /sacs-en-peau-de-vache-soigneusement-assembles/ HTTP/1.1" 200 32483 "-" "Mozilla/5.0 (compatible; AhrefsBot/7.0; +http://ahrefs.com/robot/)"
198.54.114.83 - - [15/Apr/2025:21:47:11 -0400] "POST /wp-admin/admin-ajax.php?action=async_litespeed&nonce=M90CeCsuXpWS3AhNaZBQUfLUDLVsLroK&litespeed_type=imgoptm HTTP/1.1" 200 0 "-" "WordPress/6.8; https://hylasmagazine.com"
66.249.70.160 - - [15/Apr/2025:21:47:12 -0400] "GET /robots.txt HTTP/1.1" 301 0 "-" "Mozilla/5.0 (compatible; Googlebot/2.1; +http://www.google.com/bot.html)"
66.249.70.162 - - [15/Apr/2025:21:47:16 -0400] "GET /media/catalog/product/cache/1/small_image/400x260/9df78eab33525d08d6e5fb8d27136e95/1/2/1220210148424_70vzak.jpg HTTP/1.1" 301 0 "-" "Googlebot-Image/1.0"
66.249.70.96 - - [15/Apr/2025:21:47:20 -0400] "GET /media/catalog/product/cache/1/small_image/400x260/9df78eab33525d08d6e5fb8d27136e95/1/2/1220210148424_70vzak.jpg HTTP/1.1" 404 27943 "-" "Googlebot-Image/1.0"
159.138.100.35 - - [15/Apr/2025:21:48:14 -0400] "GET /top-5-playstation-4-games-of-2018/ HTTP/1.1" 200 31637 "https://hylasmagazine.com/top-5-playstation-4-games-of-2018/#respond" "Mozilla/5.0 (Macintosh; Intel Mac OS X 10_15_7) AppleWebKit/537.36 (KHTML, like Gecko) Chrome/119.0.0.0 Safari/537.36"
198.54.114.83 - - [15/Apr/2025:21:48:17 -0400] "POST /wp-admin/admin-ajax.php?action=async_litespeed&nonce=gnduqBjcBzBF87P3gSHb8A5P6KpnDrhr&litespeed_type=imgoptm HTTP/1.1" 200 0 "-" "WordPress/6.8; https://hylasmagazine.com"
198.54.114.83 - - [15/Apr/2025:21:49:10 -0400] "POST /wp-admin/admin-ajax.php?action=async_litespeed&nonce=KL3XXIszuNOUHG8iw1UnEtWKjLw5eSkX&litespeed_type=imgoptm HTTP/1.1" 200 0 "-" "WordPress/6.8; https://hylasmagazine.com"
23.23.180.225 - - [15/Apr/2025:21:49:37 -0400] "GET /what-can-a-car-locksmith-do-for-you/ HTTP/1.1" 200 32244 "-" "Mozilla/5.0 AppleWebKit/537.36 (KHTML, like Gecko; compatible; Amazonbot/0.1; +https://developer.amazon.com/support/amazonbot) Chrome/119.0.6045.214 Safari/537.36"
3.219.81.66 - - [15/Apr/2025:21:49:42 -0400] "GET /2024/06/16/ HTTP/1.1" 301 0 "-" "Mozilla/5.0 AppleWebKit/537.36 (KHTML, like Gecko; compatible; Amazonbot/0.1; +https://developer.amazon.com/support/amazonbot) Chrome/119.0.6045.214 Safari/537.36"
150.109.60.212 - - [15/Apr/2025:21:50:43 -0400] "GET /choosing-between-independent-and-agency-senior-care/ HTTP/1.1" 200 31667 "-" "Python/3.10 aiohttp/3.10.5"
85.208.98.29 - - [15/Apr/2025:21:51:09 -0400] "GET /finding-the-best-prescription-glasses-online/ HTTP/1.1" 200 31589 "-" "Mozilla/5.0 (compatible; SemrushBot-BA; +http://www.semrush.com/bot.html)"
198.54.114.83 - - [15/Apr/2025:21:51:12 -0400] "POST /wp-cron.php?doing_wp_cron=1744768269.8581809997558593750000 HTTP/1.1" 200 0 "-" "WordPress/6.8; https://hylasmagazine.com"
198.54.114.83 - - [15/Apr/2025:21:53:25 -0400] "POST /wp-admin/admin-ajax.php?action=async_litespeed&nonce=DrGhWvJLrPEyxhXY090xM0wRcSFwKPZQ&litespeed_type=imgoptm HTTP/1.1" 200 0 "-" "WordPress/6.8; https://hylasmagazine.com"
198.54.114.83 - - [15/Apr/2025:21:54:13 -0400] "POST /wp-admin/admin-ajax.php?action=async_litespeed&nonce=nWLqzjJxwblLl3Yj1CSQ5bKjptks6Wdm&litespeed_type=imgoptm HTTP/1.1" 200 0 "-" "WordPress/6.8; https://hylasmagazine.com"
31.220.92.156 - - [15/Apr/2025:21:54:21 -0400] "GET /admin.php HTTP/1.1" 404 27943 "-" "Mozilla/5.0 (Windows NT 10.0; Win64; x64) AppleWebKit/537.36 (KHTML, like Gecko) Chrome/115.0 Safari/537.36"
31.220.92.156 - - [15/Apr/2025:21:54:25 -0400] "GET /file/function.php HTTP/1.1" 404 27943 "-" "Mozilla/5.0 (Windows NT 10.0; Win64; x64) AppleWebKit/537.36 (KHTML, like Gecko) Chrome/115.0 Safari/537.36"
31.220.92.156 - - [15/Apr/2025:21:54:28 -0400] "GET /plugins/function.php HTTP/1.1" 404 27943 "-" "Mozilla/5.0 (Windows NT 10.0; Win64; x64) AppleWebKit/537.36 (KHTML, like Gecko) Chrome/115.0 Safari/537.36"
31.220.92.156 - - [15/Apr/2025:21:54:32 -0400] "GET /admin/function.php HTTP/1.1" 404 27943 "-" "Mozilla/5.0 (Windows NT 10.0; Win64; x64) AppleWebKit/537.36 (KHTML, like Gecko) Chrome/115.0 Safari/537.36"
31.220.92.156 - - [15/Apr/2025:21:54:36 -0400] "GET /index/function.php HTTP/1.1" 404 27943 "-" "Mozilla/5.0 (Windows NT 10.0; Win64; x64) AppleWebKit/537.36 (KHTML, like Gecko) Chrome/115.0 Safari/537.36"
31.220.92.156 - - [15/Apr/2025:21:54:38 -0400] "GET /doc/function.php HTTP/1.1" 404 27944 "-" "Mozilla/5.0 (Windows NT 10.0; Win64; x64) AppleWebKit/537.36 (KHTML, like Gecko) Chrome/115.0 Safari/537.36"
31.220.92.156 - - [15/Apr/2025:21:54:41 -0400] "GET /mah/function.php HTTP/1.1" 404 27943 "-" "Mozilla/5.0 (Windows NT 10.0; Win64; x64) AppleWebKit/537.36 (KHTML, like Gecko) Chrome/115.0 Safari/537.36"
31.220.92.156 - - [15/Apr/2025:21:54:45 -0400] "GET /about/function.php HTTP/1.1" 404 27943 "-" "Mozilla/5.0 (Windows NT 10.0; Win64; x64) AppleWebKit/537.36 (KHTML, like Gecko) Chrome/115.0 Safari/537.36"
31.220.92.156 - - [15/Apr/2025:21:54:49 -0400] "GET /as/function HTTP/1.1" 404 27943 "-" "Mozilla/5.0 (Windows NT 10.0; Win64; x64) AppleWebKit/537.36 (KHTML, like Gecko) Chrome/115.0 Safari/537.36"
54.36.149.106 - - [15/Apr/2025:21:54:53 -0400] "GET /groomsmen-suits/ HTTP/1.1" 200 31617 "-" "Mozilla/5.0 (compatible; AhrefsBot/7.0; +http://ahrefs.com/robot/)"
31.220.92.156 - - [15/Apr/2025:21:54:53 -0400] "GET /epinyins.php HTTP/1.1" 404 27943 "-" "Mozilla/5.0 (Windows NT 10.0; Win64; x64) AppleWebKit/537.36 (KHTML, like Gecko) Chrome/115.0 Safari/537.36"
31.220.92.156 - - [15/Apr/2025:21:54:57 -0400] "GET /wp-login.php HTTP/1.1" 200 1707 "-" "Mozilla/5.0 (Windows NT 10.0; Win64; x64) AppleWebKit/537.36 (KHTML, like Gecko) Chrome/115.0 Safari/537.36"
31.220.92.156 - - [15/Apr/2025:21:54:59 -0400] "GET /wp-signup.php HTTP/1.1" 302 0 "-" "Mozilla/5.0 (Windows NT 10.0; Win64; x64) AppleWebKit/537.36 (KHTML, like Gecko) Chrome/115.0 Safari/537.36"
31.220.92.156 - - [15/Apr/2025:21:55:05 -0400] "GET /wp-admin.php HTTP/1.1" 404 27943 "-" "Mozilla/5.0 (Windows NT 10.0; Win64; x64) AppleWebKit/537.36 (KHTML, like Gecko) Chrome/115.0 Safari/537.36"
198.54.114.83 - - [15/Apr/2025:21:55:10 -0400] "POST /wp-cron.php?doing_wp_cron=1744768505.8465840816497802734375 HTTP/1.1" 200 0 "-" "WordPress/6.8; https://hylasmagazine.com"
198.54.114.83 - - [15/Apr/2025:21:55:13 -0400] "POST /wp-admin/admin-ajax.php?action=async_litespeed&nonce=4T5h1vnOcmBFWGQTDQeL43fdi8DNmfQJ&litespeed_type=imgoptm HTTP/1.1" 200 0 "-" "WordPress/6.8; https://hylasmagazine.com"
31.220.92.156 - - [15/Apr/2025:21:55:13 -0400] "GET /wlwmanifest.xml HTTP/1.1" 404 27943 "-" "Mozilla/5.0 (Windows NT 10.0; Win64; x64) AppleWebKit/537.36 (KHTML, like Gecko) Chrome/115.0 Safari/537.36"
31.220.92.156 - - [15/Apr/2025:21:55:17 -0400] "GET /fosil.php HTTP/1.1" 404 27943 "-" "Mozilla/5.0 (Windows NT 10.0; Win64; x64) AppleWebKit/537.36 (KHTML, like Gecko) Chrome/115.0 Safari/537.36"
31.220.92.156 - - [15/Apr/2025:21:55:22 -0400] "GET /ws.php HTTP/1.1" 404 27943 "-" "Mozilla/5.0 (Windows NT 10.0; Win64; x64) AppleWebKit/537.36 (KHTML, like Gecko) Chrome/115.0 Safari/537.36"
31.220.92.156 - - [15/Apr/2025:21:55:26 -0400] "GET /radio.php HTTP/1.1" 404 27943 "-" "Mozilla/5.0 (Windows NT 10.0; Win64; x64) AppleWebKit/537.36 (KHTML, like Gecko) Chrome/115.0 Safari/537.36"
31.220.92.156 - - [15/Apr/2025:21:55:31 -0400] "GET /mah.php HTTP/1.1" 404 27943 "-" "Mozilla/5.0 (Windows NT 10.0; Win64; x64) AppleWebKit/537.36 (KHTML, like Gecko) Chrome/115.0 Safari/537.36"
31.220.92.156 - - [15/Apr/2025:21:55:34 -0400] "GET /index.php HTTP/1.1" 301 0 "-" "Mozilla/5.0 (Windows NT 10.0; Win64; x64) AppleWebKit/537.36 (KHTML, like Gecko) Chrome/115.0 Safari/537.36"
31.220.92.156 - - [15/Apr/2025:21:55:38 -0400] "GET /json.php HTTP/1.1" 404 27944 "-" "Mozilla/5.0 (Windows NT 10.0; Win64; x64) AppleWebKit/537.36 (KHTML, like Gecko) Chrome/115.0 Safari/537.36"
31.220.92.156 - - [15/Apr/2025:21:55:42 -0400] "GET /classwithtostring.php HTTP/1.1" 404 27943 "-" "Mozilla/5.0 (Windows NT 10.0; Win64; x64) AppleWebKit/537.36 (KHTML, like Gecko) Chrome/115.0 Safari/537.36"
31.220.92.156 - - [15/Apr/2025:21:55:46 -0400] "GET /about.php HTTP/1.1" 404 27943 "-" "Mozilla/5.0 (Windows NT 10.0; Win64; x64) AppleWebKit/537.36 (KHTML, like Gecko) Chrome/115.0 Safari/537.36"
31.220.92.156 - - [15/Apr/2025:21:55:49 -0400] "GET /lock.php HTTP/1.1" 404 27943 "-" "Mozilla/5.0 (Windows NT 10.0; Win64; x64) AppleWebKit/537.36 (KHTML, like Gecko) Chrome/115.0 Safari/537.36"
31.220.92.156 - - [15/Apr/2025:21:55:53 -0400] "GET /wp-mail.php HTTP/1.1" 403 942 "-" "Mozilla/5.0 (Windows NT 10.0; Win64; x64) AppleWebKit/537.36 (KHTML, like Gecko) Chrome/115.0 Safari/537.36"
31.220.92.156 - - [15/Apr/2025:21:55:56 -0400] "GET /wordfence-waf.php HTTP/1.1" 404 27943 "-" "Mozilla/5.0 (Windows NT 10.0; Win64; x64) AppleWebKit/537.36 (KHTML, like Gecko) Chrome/115.0 Safari/537.36"
31.220.92.156 - - [15/Apr/2025:21:56:00 -0400] "GET /evil.php HTTP/1.1" 404 27944 "-" "Mozilla/5.0 (Windows NT 10.0; Win64; x64) AppleWebKit/537.36 (KHTML, like Gecko) Chrome/115.0 Safari/537.36"
31.220.92.156 - - [15/Apr/2025:21:56:05 -0400] "GET /wp-content/about.php HTTP/1.1" 404 27943 "-" "Mozilla/5.0 (Windows NT 10.0; Win64; x64) AppleWebKit/537.36 (KHTML, like Gecko) Chrome/115.0 Safari/537.36"
198.54.114.83 - - [15/Apr/2025:21:56:08 -0400] "POST /wp-cron.php?doing_wp_cron=1744768565.9038519859313964843750 HTTP/1.1" 200 0 "-" "WordPress/6.8; https://hylasmagazine.com"
31.220.92.156 - - [15/Apr/2025:21:56:12 -0400] "GET /wp-backdoor.php HTTP/1.1" 404 27943 "-" "Mozilla/5.0 (Windows NT 10.0; Win64; x64) AppleWebKit/537.36 (KHTML, like Gecko) Chrome/115.0 Safari/537.36"
31.220.92.156 - - [15/Apr/2025:21:56:16 -0400] "GET /malicious.php HTTP/1.1" 404 27943 "-" "Mozilla/5.0 (Windows NT 10.0; Win64; x64) AppleWebKit/537.36 (KHTML, like Gecko) Chrome/115.0 Safari/537.36"
31.220.92.156 - - [15/Apr/2025:21:56:21 -0400] "GET /backdoor.php HTTP/1.1" 404 27943 "-" "Mozilla/5.0 (Windows NT 10.0; Win64; x64) AppleWebKit/537.36 (KHTML, like Gecko) Chrome/115.0 Safari/537.36"
31.220.92.156 - - [15/Apr/2025:21:56:24 -0400] "GET /evil-backdoor.php HTTP/1.1" 404 27943 "-" "Mozilla/5.0 (Windows NT 10.0; Win64; x64) AppleWebKit/537.36 (KHTML, like Gecko) Chrome/115.0 Safari/537.36"
31.220.92.156 - - [15/Apr/2025:21:56:28 -0400] "GET /erin1.PhP7 HTTP/1.1" 404 27943 "-" "Mozilla/5.0 (Windows NT 10.0; Win64; x64) AppleWebKit/537.36 (KHTML, like Gecko) Chrome/115.0 Safari/537.36"
31.220.92.156 - - [15/Apr/2025:21:56:32 -0400] "GET /cache.php HTTP/1.1" 404 27943 "-" "Mozilla/5.0 (Windows NT 10.0; Win64; x64) AppleWebKit/537.36 (KHTML, like Gecko) Chrome/115.0 Safari/537.36"
31.220.92.156 - - [15/Apr/2025:21:56:37 -0400] "GET /backup.php HTTP/1.1" 404 27943 "-" "Mozilla/5.0 (Windows NT 10.0; Win64; x64) AppleWebKit/537.36 (KHTML, like Gecko) Chrome/115.0 Safari/537.36"
31.220.92.156 - - [15/Apr/2025:21:56:40 -0400] "GET /exploit.php HTTP/1.1" 404 27943 "-" "Mozilla/5.0 (Windows NT 10.0; Win64; x64) AppleWebKit/537.36 (KHTML, like Gecko) Chrome/115.0 Safari/537.36"
31.220.92.156 - - [15/Apr/2025:21:56:45 -0400] "GET /spam.php HTTP/1.1" 404 27943 "-" "Mozilla/5.0 (Windows NT 10.0; Win64; x64) AppleWebKit/537.36 (KHTML, like Gecko) Chrome/115.0 Safari/537.36"
31.220.92.156 - - [15/Apr/2025:21:56:47 -0400] "GET /go.php HTTP/1.1" 404 27943 "-" "Mozilla/5.0 (Windows NT 10.0; Win64; x64) AppleWebKit/537.36 (KHTML, like Gecko) Chrome/115.0 Safari/537.36"
31.220.92.156 - - [15/Apr/2025:21:56:51 -0400] "GET /atomlib.php HTTP/1.1" 404 27943 "-" "Mozilla/5.0 (Windows NT 10.0; Win64; x64) AppleWebKit/537.36 (KHTML, like Gecko) Chrome/115.0 Safari/537.36"
31.220.92.156 - - [15/Apr/2025:21:56:55 -0400] "GET /class-db.php HTTP/1.1" 404 27943 "-" "Mozilla/5.0 (Windows NT 10.0; Win64; x64) AppleWebKit/537.36 (KHTML, like Gecko) Chrome/115.0 Safari/537.36"
31.220.92.156 - - [15/Apr/2025:21:56:58 -0400] "GET /themes.php HTTP/1.1" 404 27944 "-" "Mozilla/5.0 (Windows NT 10.0; Win64; x64) AppleWebKit/537.36 (KHTML, like Gecko) Chrome/115.0 Safari/537.36"
31.220.92.156 - - [15/Apr/2025:21:57:02 -0400] "GET /ioxi002.php HTTP/1.1" 404 27943 "-" "Mozilla/5.0 (Windows NT 10.0; Win64; x64) AppleWebKit/537.36 (KHTML, like Gecko) Chrome/115.0 Safari/537.36"
198.54.114.83 - - [15/Apr/2025:21:57:08 -0400] "POST /wp-cron.php?doing_wp_cron=1744768627.6748089790344238281250 HTTP/1.1" 200 0 "-" "WordPress/6.8; https://hylasmagazine.com"
31.220.92.156 - - [15/Apr/2025:21:57:07 -0400] "GET /goat.php HTTP/1.1" 404 27943 "-" "Mozilla/5.0 (Windows NT 10.0; Win64; x64) AppleWebKit/537.36 (KHTML, like Gecko) Chrome/115.0 Safari/537.36"
198.54.114.83 - - [15/Apr/2025:21:57:11 -0400] "POST /wp-admin/admin-ajax.php?action=async_litespeed&nonce=D980nIKT43QBsfNcq5DvXiBzeV2qRp1X&litespeed_type=imgoptm HTTP/1.1" 200 0 "-" "WordPress/6.8; https://hylasmagazine.com"
31.220.92.156 - - [15/Apr/2025:21:57:13 -0400] "GET /ynz.PhP7 HTTP/1.1" 404 27943 "-" "Mozilla/5.0 (Windows NT 10.0; Win64; x64) AppleWebKit/537.36 (KHTML, like Gecko) Chrome/115.0 Safari/537.36"
31.220.92.156 - - [15/Apr/2025:21:57:17 -0400] "GET /heh.php HTTP/1.1" 404 27943 "-" "Mozilla/5.0 (Windows NT 10.0; Win64; x64) AppleWebKit/537.36 (KHTML, like Gecko) Chrome/115.0 Safari/537.36"
31.220.92.156 - - [15/Apr/2025:21:57:20 -0400] "GET /wp-content/think.php HTTP/1.1" 404 27943 "-" "Mozilla/5.0 (Windows NT 10.0; Win64; x64) AppleWebKit/537.36 (KHTML, like Gecko) Chrome/115.0 Safari/537.36"
31.220.92.156 - - [15/Apr/2025:21:57:26 -0400] "GET /dropdown.php HTTP/1.1" 404 27943 "-" "Mozilla/5.0 (Windows NT 10.0; Win64; x64) AppleWebKit/537.36 (KHTML, like Gecko) Chrome/115.0 Safari/537.36"
31.220.92.156 - - [15/Apr/2025:21:57:29 -0400] "GET /randkeyword.php HTTP/1.1" 404 27943 "-" "Mozilla/5.0 (Windows NT 10.0; Win64; x64) AppleWebKit/537.36 (KHTML, like Gecko) Chrome/115.0 Safari/537.36"
31.220.92.156 - - [15/Apr/2025:21:57:34 -0400] "GET /flower.php HTTP/1.1" 404 27943 "-" "Mozilla/5.0 (Windows NT 10.0; Win64; x64) AppleWebKit/537.36 (KHTML, like Gecko) Chrome/115.0 Safari/537.36"
31.220.92.156 - - [15/Apr/2025:21:57:40 -0400] "GET /item.php HTTP/1.1" 404 27944 "-" "Mozilla/5.0 (Windows NT 10.0; Win64; x64) AppleWebKit/537.36 (KHTML, like Gecko) Chrome/115.0 Safari/537.36"
31.220.92.156 - - [15/Apr/2025:21:57:43 -0400] "GET /lv.php HTTP/1.1" 404 27943 "-" "Mozilla/5.0 (Windows NT 10.0; Win64; x64) AppleWebKit/537.36 (KHTML, like Gecko) Chrome/115.0 Safari/537.36"
31.220.92.156 - - [15/Apr/2025:21:57:50 -0400] "GET /sim.php HTTP/1.1" 404 27943 "-" "Mozilla/5.0 (Windows NT 10.0; Win64; x64) AppleWebKit/537.36 (KHTML, like Gecko) Chrome/115.0 Safari/537.36"
31.220.92.156 - - [15/Apr/2025:21:57:54 -0400] "GET /edit.php HTTP/1.1" 404 27943 "-" "Mozilla/5.0 (Windows NT 10.0; Win64; x64) AppleWebKit/537.36 (KHTML, like Gecko) Chrome/115.0 Safari/537.36"
195.191.219.132 - - [15/Apr/2025:21:57:58 -0400] "GET /robots.txt HTTP/1.1" 301 0 "-" "Mozilla/5.0 (compatible; MJ12bot/v2.0.0; http://mj12bot.com/)"
31.220.92.156 - - [15/Apr/2025:21:57:59 -0400] "GET /ajax/xulp.php HTTP/1.1" 404 27943 "-" "Mozilla/5.0 (Windows NT 10.0; Win64; x64) AppleWebKit/537.36 (KHTML, like Gecko) Chrome/115.0 Safari/537.36"
195.191.219.132 - - [15/Apr/2025:21:58:01 -0400] "GET /robots.txt HTTP/1.1" 200 107 "-" "Mozilla/5.0 (compatible; MJ12bot/v2.0.0; http://mj12bot.com/)"
