185.189.115.103 - - [16/Apr/2025:00:36:13 -0400] "POST /wp-login.php HTTP/1.1" 200 1837 "https://hylasmagazine.com/wp-login.php" "Mozilla/5.0 (Windows NT 10.0; Win64; x64) AppleWebKit/537.36 (KHTML, like Gecko) Chrome/134.0.0.0 Safari/537.36"
198.54.114.83 - - [16/Apr/2025:00:36:22 -0400] "POST /wp-cron.php?doing_wp_cron=1744778179.2773120403289794921875 HTTP/1.1" 200 0 "-" "WordPress/6.8; https://hylasmagazine.com"
185.189.115.103 - - [16/Apr/2025:00:36:23 -0400] "GET /wp-admin/load-styles.php?c=1&dir=ltr&load%5Bchunk_0%5D=dashicons,buttons,forms,l10n,login&ver=6.8 HTTP/1.1" 200 45501 "https://hylasmagazine.com/wp-login.php" "Mozilla/5.0 (Windows NT 10.0; Win64; x64) AppleWebKit/537.36 (KHTML, like Gecko) Chrome/134.0.0.0 Safari/537.36"
185.189.115.103 - - [16/Apr/2025:00:36:29 -0400] "GET /favicon.ico HTTP/1.1" 404 1251 "https://hylasmagazine.com/wp-login.php" "Mozilla/5.0 (Windows NT 10.0; Win64; x64) AppleWebKit/537.36 (KHTML, like Gecko) Chrome/134.0.0.0 Safari/537.36"
185.189.115.103 - - [16/Apr/2025:00:36:29 -0400] "GET /wp-includes/js/zxcvbn.min.js HTTP/1.1" 200 389493 "https://hylasmagazine.com/wp-login.php" "Mozilla/5.0 (Windows NT 10.0; Win64; x64) AppleWebKit/537.36 (KHTML, like Gecko) Chrome/134.0.0.0 Safari/537.36"
198.54.114.83 - - [16/Apr/2025:00:37:40 -0400] "POST /wp-cron.php?doing_wp_cron=1744778259.3470540046691894531250 HTTP/1.1" 200 0 "-" "WordPress/6.8; https://hylasmagazine.com"
35.168.238.50 - - [16/Apr/2025:00:37:38 -0400] "GET /2024/02/19/ HTTP/1.1" 301 0 "-" "Mozilla/5.0 AppleWebKit/537.36 (KHTML, like Gecko; compatible; Amazonbot/0.1; +https://developer.amazon.com/support/amazonbot) Chrome/119.0.6045.214 Safari/537.36"
198.54.114.83 - - [16/Apr/2025:00:37:42 -0400] "POST /wp-admin/admin-ajax.php?action=async_litespeed&nonce=mRSQIkhiLDcXchblkbXG4PhYIXTsrhPr&litespeed_type=imgoptm HTTP/1.1" 200 0 "-" "WordPress/6.8; https://hylasmagazine.com"
114.119.137.193 - - [16/Apr/2025:00:40:01 -0400] "GET /page/72/?ND HTTP/1.1" 200 31228 "https://hylasmagazine.com/page/73/?ND" "Mozilla/5.0 (Linux; Android 7.0;) AppleWebKit/537.36 (KHTML, like Gecko) Mobile Safari/537.36 (compatible; PetalBot;+https://webmaster.petalsearch.com/site/petalbot)"
198.54.114.83 - - [16/Apr/2025:00:40:11 -0400] "POST /wp-cron.php?doing_wp_cron=1744778408.5676069259643554687500 HTTP/1.1" 200 0 "-" "WordPress/6.8; https://hylasmagazine.com"
114.119.130.125 - - [16/Apr/2025:00:41:45 -0400] "GET /bamboo-products-building-materials-weapons-musical-instruments-and-many-more/ HTTP/1.1" 200 32339 "https://hylasmagazine.com/5-meilleures-strategies-de-marketing-video-pour-ameliorer-vos-conversions/" "Mozilla/5.0 (Linux; Android 7.0;) AppleWebKit/537.36 (KHTML, like Gecko) Mobile Safari/537.36 (compatible; PetalBot;+https://webmaster.petalsearch.com/site/petalbot)"
198.54.114.83 - - [16/Apr/2025:00:41:53 -0400] "POST /wp-cron.php?doing_wp_cron=1744778510.9573760032653808593750 HTTP/1.1" 200 0 "-" "WordPress/6.8; https://hylasmagazine.com"
198.54.114.83 - - [16/Apr/2025:00:43:32 -0400] "POST /wp-cron.php?doing_wp_cron=1744778610.7221651077270507812500 HTTP/1.1" 200 0 "-" "WordPress/6.8; https://hylasmagazine.com"
114.119.130.125 - - [16/Apr/2025:00:43:30 -0400] "GET /page/81/?MA HTTP/1.1" 200 31208 "https://hylasmagazine.com/page/80/?MA" "Mozilla/5.0 (Linux; Android 7.0;) AppleWebKit/537.36 (KHTML, like Gecko) Mobile Safari/537.36 (compatible; PetalBot;+https://webmaster.petalsearch.com/site/petalbot)"
198.54.114.83 - - [16/Apr/2025:00:43:33 -0400] "POST /wp-admin/admin-ajax.php?action=async_litespeed&nonce=65SlsKePWpbBHIsTm2fGz5qBizRuoMbC&litespeed_type=imgoptm HTTP/1.1" 200 0 "-" "WordPress/6.8; https://hylasmagazine.com"
114.119.151.153 - - [16/Apr/2025:00:45:16 -0400] "GET /apprendre-a-jouer-de-la-guitare/ HTTP/1.1" 200 32033 "https://hylasmagazine.com/ford-bronco-hard-tire-cover/" "Mozilla/5.0 (Linux; Android 7.0;) AppleWebKit/537.36 (KHTML, like Gecko) Mobile Safari/537.36 (compatible; PetalBot;+https://webmaster.petalsearch.com/site/petalbot)"
66.249.70.109 - - [16/Apr/2025:00:47:10 -0400] "GET /wp-content/uploads/2023/12/Best-Mens-Hiking-Boots.jpg HTTP/1.1" 200 12283 "-" "Googlebot-Image/1.0"
198.54.114.83 - - [16/Apr/2025:00:47:56 -0400] "POST /wp-cron.php?doing_wp_cron=1744778873.9709529876708984375000 HTTP/1.1" 200 0 "-" "WordPress/6.8; https://hylasmagazine.com"
150.109.61.32 - - [16/Apr/2025:00:47:48 -0400] "GET /soft-custom-fuzzy-socks/ HTTP/1.1" 200 31865 "-" "Python/3.10 aiohttp/3.10.5"
198.54.114.83 - - [16/Apr/2025:00:47:57 -0400] "POST /wp-admin/admin-ajax.php?action=async_litespeed&nonce=WKEtCJSeQipOwChH13NbVVTZUHI943pW&litespeed_type=imgoptm HTTP/1.1" 200 0 "-" "WordPress/6.8; https://hylasmagazine.com"
198.54.114.83 - - [16/Apr/2025:00:50:51 -0400] "POST /wp-cron.php?doing_wp_cron=1744779050.8472809791564941406250 HTTP/1.1" 200 0 "-" "WordPress/6.8; https://hylasmagazine.com"
101.44.24.31 - - [16/Apr/2025:00:50:46 -0400] "GET /deep-cleaning-services-2/ HTTP/1.1" 200 32743 "https://hylasmagazine.com/deep-cleaning-services-2/#respond" "Mozilla/5.0 (Windows NT 10.0; Win64; x64) AppleWebKit/537.36 (KHTML, like Gecko) Chrome/107.0.0.0 Safari/537.36"
198.54.114.83 - - [16/Apr/2025:00:50:53 -0400] "POST /wp-admin/admin-ajax.php?action=async_litespeed&nonce=fFmcXZ8x9RJRKYwWNlHnu89FZZtFboD8&litespeed_type=imgoptm HTTP/1.1" 200 0 "-" "WordPress/6.8; https://hylasmagazine.com"
198.54.114.83 - - [16/Apr/2025:00:52:30 -0400] "POST /wp-cron.php?doing_wp_cron=1744779150.0283699035644531250000 HTTP/1.1" 200 0 "-" "WordPress/6.8; https://hylasmagazine.com"
43.159.201.102 - - [16/Apr/2025:00:52:26 -0400] "GET /how-to-increase-your-youtube-live-stream-views/ HTTP/1.1" 200 32190 "-" "Python/3.10 aiohttp/3.10.5"
198.54.114.83 - - [16/Apr/2025:00:52:31 -0400] "POST /wp-admin/admin-ajax.php?action=async_litespeed&nonce=ZreEspQETmEKSrriqKbX6GrV0K6N3bfA&litespeed_type=imgoptm HTTP/1.1" 200 0 "-" "WordPress/6.8; https://hylasmagazine.com"
198.54.114.83 - - [16/Apr/2025:00:54:21 -0400] "POST /wp-cron.php?doing_wp_cron=1744779260.6523430347442626953125 HTTP/1.1" 200 0 "-" "WordPress/6.8; https://hylasmagazine.com"
129.226.112.194 - - [16/Apr/2025:00:54:17 -0400] "GET /getting-a-taxi-with-a-baby-seat-in-melbourne/ HTTP/1.1" 200 31626 "-" "Python/3.10 aiohttp/3.10.5"
198.54.114.83 - - [16/Apr/2025:00:54:22 -0400] "POST /wp-admin/admin-ajax.php?action=async_litespeed&nonce=pNIkgvYpnzhnwSryPCFboGQY79nlEzmz&litespeed_type=imgoptm HTTP/1.1" 200 5 "-" "WordPress/6.8; https://hylasmagazine.com"
198.54.114.83 - - [16/Apr/2025:00:56:46 -0400] "POST /wp-cron.php?doing_wp_cron=1744779405.0923829078674316406250 HTTP/1.1" 200 0 "-" "WordPress/6.8; https://hylasmagazine.com"
114.119.139.226 - - [16/Apr/2025:00:56:38 -0400] "GET /typing-on-a-pdf/ HTTP/1.1" 200 33868 "https://hylasmagazine.com/what-is-waste-management/" "Mozilla/5.0 (Linux; Android 7.0;) AppleWebKit/537.36 (KHTML, like Gecko) Mobile Safari/537.36 (compatible; PetalBot;+https://webmaster.petalsearch.com/site/petalbot)"
198.54.114.83 - - [16/Apr/2025:00:56:47 -0400] "POST /wp-admin/admin-ajax.php?action=async_litespeed&nonce=UAj4Uj0Sj3OZPaPS7tg0lQozYAfN2XHu&litespeed_type=imgoptm HTTP/1.1" 200 0 "-" "WordPress/6.8; https://hylasmagazine.com"
198.54.114.83 - - [16/Apr/2025:00:57:41 -0400] "POST /wp-admin/admin-ajax.php?action=async_litespeed&nonce=BzsgeHGl6TEJLDHzwAk6LxrSXF80aZY9&litespeed_type=imgoptm HTTP/1.1" 200 0 "-" "WordPress/6.8; https://hylasmagazine.com"
198.54.114.83 - - [16/Apr/2025:00:58:23 -0400] "POST /wp-cron.php?doing_wp_cron=1744779502.1846919059753417968750 HTTP/1.1" 200 0 "-" "WordPress/6.8; https://hylasmagazine.com"
114.119.139.226 - - [16/Apr/2025:00:58:21 -0400] "GET /the-importance-of-law-tutoring/ HTTP/1.1" 200 31599 "https://hylasmagazine.com/page/2/" "Mozilla/5.0 (Linux; Android 7.0;) AppleWebKit/537.36 (KHTML, like Gecko) Mobile Safari/537.36 (compatible; PetalBot;+https://webmaster.petalsearch.com/site/petalbot)"
198.54.114.83 - - [16/Apr/2025:00:58:25 -0400] "POST /wp-admin/admin-ajax.php?action=async_litespeed&nonce=rb5ixFbNIRglE1rax7wXYLtosEvh3rUD&litespeed_type=imgoptm HTTP/1.1" 200 0 "-" "WordPress/6.8; https://hylasmagazine.com"
198.54.114.83 - - [16/Apr/2025:01:00:14 -0400] "POST /wp-cron.php?doing_wp_cron=1744779612.6779210567474365234375 HTTP/1.1" 200 0 "-" "WordPress/6.8; https://hylasmagazine.com"
198.54.114.83 - - [16/Apr/2025:01:00:14 -0400] "POST /wp-cron.php?doing_wp_cron=1744779612.6690309047698974609375 HTTP/1.1" 200 0 "-" "WordPress/6.8; https://hylasmagazine.com"
114.119.151.153 - - [16/Apr/2025:01:00:08 -0400] "GET /page/105/?SA HTTP/1.1" 200 31119 "https://hylasmagazine.com/page/104/?SA" "Mozilla/5.0 (Linux; Android 7.0;) AppleWebKit/537.36 (KHTML, like Gecko) Mobile Safari/537.36 (compatible; PetalBot;+https://webmaster.petalsearch.com/site/petalbot)"
43.154.120.205 - - [16/Apr/2025:01:00:09 -0400] "GET /how-much-does-an-alexa-cost/ HTTP/1.1" 200 34339 "-" "Python/3.10 aiohttp/3.10.5"
198.54.114.83 - - [16/Apr/2025:01:00:17 -0400] "POST /wp-admin/admin-ajax.php?action=async_litespeed&nonce=ikIMdXIi4FuBDTwYENqG92PWySUZNIKr&litespeed_type=imgoptm HTTP/1.1" 200 0 "-" "WordPress/6.8; https://hylasmagazine.com"
34.234.197.175 - - [16/Apr/2025:01:01:56 -0400] "GET /2023/05/22/ HTTP/1.1" 301 0 "-" "Mozilla/5.0 AppleWebKit/537.36 (KHTML, like Gecko; compatible; Amazonbot/0.1; +https://developer.amazon.com/support/amazonbot) Chrome/119.0.6045.214 Safari/537.36"
198.54.114.83 - - [16/Apr/2025:01:01:59 -0400] "POST /wp-cron.php?doing_wp_cron=1744779718.1398019790649414062500 HTTP/1.1" 200 0 "-" "WordPress/6.8; https://hylasmagazine.com"
114.119.151.133 - - [16/Apr/2025:01:01:53 -0400] "GET /buy-youtube-views/ HTTP/1.1" 200 31579 "https://hylasmagazine.com/where-to-buy-real-tiktok-likes/" "Mozilla/5.0 (Linux; Android 7.0;) AppleWebKit/537.36 (KHTML, like Gecko) Mobile Safari/537.36 (compatible; PetalBot;+https://webmaster.petalsearch.com/site/petalbot)"
135.181.166.47 - - [16/Apr/2025:01:02:41 -0400] "GET /the-allure-of-printable-planner-stickers/ HTTP/1.1" 200 31829 "https://hylasmagazine.com/the-allure-of-printable-planner-stickers/#comment-18347" "Mozilla/5.0 (Windows NT 10.0; Win64; x64) AppleWebKit/537.36 (KHTML, like Gecko) Chrome/103.0.5060.114 Safari/537.36"
95.32.88.237 - - [16/Apr/2025:01:07:57 -0400] "GET /siris-power-unleashed/ HTTP/1.1" 200 32965 "https://yandex.ru/" "Mozilla/5.0 (X11; Linux x86_64) AppleWebKit/537.36 (KHTML, like Gecko) Chrome/74.0.3729.169 YaBrowser/19.6.4.366.00 Safari/537.36"
95.32.88.237 - - [16/Apr/2025:01:07:58 -0400] "GET /wp-content/themes/rise-magazine/assets/js/packery.pkgd.min.js?ver=2.1.2 HTTP/1.1" 304 0 "https://hylasmagazine.com/siris-power-unleashed/" "Mozilla/5.0 (X11; Linux x86_64) AppleWebKit/537.36 (KHTML, like Gecko) Chrome/74.0.3729.169 YaBrowser/19.6.4.366.00 Safari/537.36"
95.32.88.237 - - [16/Apr/2025:01:07:58 -0400] "GET /wp-content/themes/rise-magazine/style.css?ver=6.8 HTTP/1.1" 200 25264 "https://hylasmagazine.com/siris-power-unleashed/" "Mozilla/5.0 (X11; Linux x86_64) AppleWebKit/537.36 (KHTML, like Gecko) Chrome/74.0.3729.169 YaBrowser/19.6.4.366.00 Safari/537.36"
95.32.88.237 - - [16/Apr/2025:01:07:58 -0400] "GET /wp-content/themes/rise-magazine/assets/css/slick.css?ver=6.8 HTTP/1.1" 200 493 "https://hylasmagazine.com/siris-power-unleashed/" "Mozilla/5.0 (X11; Linux x86_64) AppleWebKit/537.36 (KHTML, like Gecko) Chrome/74.0.3729.169 YaBrowser/19.6.4.366.00 Safari/537.36"
95.32.88.237 - - [16/Apr/2025:01:07:58 -0400] "GET /wp-content/themes/rise-magazine/assets/css/slick-theme.css?ver=6.8 HTTP/1.1" 200 781 "https://hylasmagazine.com/siris-power-unleashed/" "Mozilla/5.0 (X11; Linux x86_64) AppleWebKit/537.36 (KHTML, like Gecko) Chrome/74.0.3729.169 YaBrowser/19.6.4.366.00 Safari/537.36"
95.32.88.237 - - [16/Apr/2025:01:07:58 -0400] "GET /wp-includes/js/imagesloaded.min.js?ver=5.0.0 HTTP/1.1" 304 0 "https://hylasmagazine.com/siris-power-unleashed/" "Mozilla/5.0 (X11; Linux x86_64) AppleWebKit/537.36 (KHTML, like Gecko) Chrome/74.0.3729.169 YaBrowser/19.6.4.366.00 Safari/537.36"
95.32.88.237 - - [16/Apr/2025:01:07:58 -0400] "GET /wp-content/themes/rise-magazine/assets/js/navigation.min.js?ver=20151215 HTTP/1.1" 304 0 "https://hylasmagazine.com/siris-power-unleashed/" "Mozilla/5.0 (X11; Linux x86_64) AppleWebKit/537.36 (KHTML, like Gecko) Chrome/74.0.3729.169 YaBrowser/19.6.4.366.00 Safari/537.36"
95.32.88.237 - - [16/Apr/2025:01:07:58 -0400] "GET /wp-content/themes/rise-magazine/assets/css/blocks.min.css?ver=6.8 HTTP/1.1" 200 2145 "https://hylasmagazine.com/siris-power-unleashed/" "Mozilla/5.0 (X11; Linux x86_64) AppleWebKit/537.36 (KHTML, like Gecko) Chrome/74.0.3729.169 YaBrowser/19.6.4.366.00 Safari/537.36"
95.32.88.237 - - [16/Apr/2025:01:07:58 -0400] "GET /wp-content/fonts/ef733b3af2af3dae34a00fae4de6fa5b.css HTTP/1.1" 200 385 "https://hylasmagazine.com/siris-power-unleashed/" "Mozilla/5.0 (X11; Linux x86_64) AppleWebKit/537.36 (KHTML, like Gecko) Chrome/74.0.3729.169 YaBrowser/19.6.4.366.00 Safari/537.36"
95.32.88.237 - - [16/Apr/2025:01:07:58 -0400] "GET /wp-content/themes/rise-magazine/assets/js/slick.min.js?ver=1.6.0 HTTP/1.1" 304 0 "https://hylasmagazine.com/siris-power-unleashed/" "Mozilla/5.0 (X11; Linux x86_64) AppleWebKit/537.36 (KHTML, like Gecko) Chrome/74.0.3729.169 YaBrowser/19.6.4.366.00 Safari/537.36"
95.32.88.237 - - [16/Apr/2025:01:07:58 -0400] "GET /wp-includes/css/dist/block-library/style.min.css?ver=6.8 HTTP/1.1" 200 14358 "https://hylasmagazine.com/siris-power-unleashed/" "Mozilla/5.0 (X11; Linux x86_64) AppleWebKit/537.36 (KHTML, like Gecko) Chrome/74.0.3729.169 YaBrowser/19.6.4.366.00 Safari/537.36"
95.32.88.237 - - [16/Apr/2025:01:07:58 -0400] "GET /wp-content/themes/rise-magazine/assets/css/font-awesome.min.css?ver=6.8 HTTP/1.1" 200 6662 "https://hylasmagazine.com/siris-power-unleashed/" "Mozilla/5.0 (X11; Linux x86_64) AppleWebKit/537.36 (KHTML, like Gecko) Chrome/74.0.3729.169 YaBrowser/19.6.4.366.00 Safari/537.36"
95.32.88.237 - - [16/Apr/2025:01:07:58 -0400] "GET /wp-content/themes/rise-magazine/assets/js/custom.min.js?ver=20151215 HTTP/1.1" 304 0 "https://hylasmagazine.com/siris-power-unleashed/" "Mozilla/5.0 (X11; Linux x86_64) AppleWebKit/537.36 (KHTML, like Gecko) Chrome/74.0.3729.169 YaBrowser/19.6.4.366.00 Safari/537.36"
95.32.88.237 - - [16/Apr/2025:01:07:58 -0400] "GET /wp-content/themes/rise-magazine/assets/js/skip-link-focus-fix.min.js?ver=20160412 HTTP/1.1" 304 0 "https://hylasmagazine.com/siris-power-unleashed/" "Mozilla/5.0 (X11; Linux x86_64) AppleWebKit/537.36 (KHTML, like Gecko) Chrome/74.0.3729.169 YaBrowser/19.6.4.366.00 Safari/537.36"
95.32.88.237 - - [16/Apr/2025:01:07:58 -0400] "GET /wp-includes/js/jquery/jquery-migrate.min.js?ver=3.4.1 HTTP/1.1" 200 4678 "https://hylasmagazine.com/siris-power-unleashed/" "Mozilla/5.0 (X11; Linux x86_64) AppleWebKit/537.36 (KHTML, like Gecko) Chrome/74.0.3729.169 YaBrowser/19.6.4.366.00 Safari/537.36"
95.32.88.237 - - [16/Apr/2025:01:07:58 -0400] "GET /wp-includes/js/jquery/jquery.min.js?ver=3.7.1 HTTP/1.1" 200 29744 "https://hylasmagazine.com/siris-power-unleashed/" "Mozilla/5.0 (X11; Linux x86_64) AppleWebKit/537.36 (KHTML, like Gecko) Chrome/74.0.3729.169 YaBrowser/19.6.4.366.00 Safari/537.36"
95.32.88.237 - - [16/Apr/2025:01:07:59 -0400] "GET /wp-includes/js/comment-reply.min.js?ver=6.8 HTTP/1.1" 200 1247 "https://hylasmagazine.com/siris-power-unleashed/" "Mozilla/5.0 (X11; Linux x86_64) AppleWebKit/537.36 (KHTML, like Gecko) Chrome/74.0.3729.169 YaBrowser/19.6.4.366.00 Safari/537.36"
95.32.88.237 - - [16/Apr/2025:01:07:59 -0400] "GET /wp-content/uploads/2023/10/Siris-Power-Unleashed.jpeg HTTP/1.1" 200 7556 "https://hylasmagazine.com/siris-power-unleashed/" "Mozilla/5.0 (X11; Linux x86_64) AppleWebKit/537.36 (KHTML, like Gecko) Chrome/74.0.3729.169 YaBrowser/19.6.4.366.00 Safari/537.36"
95.32.88.237 - - [16/Apr/2025:01:08:00 -0400] "GET /wp-includes/js/wp-emoji-release.min.js?ver=6.8 HTTP/1.1" 200 4771 "https://hylasmagazine.com/siris-power-unleashed/" "Mozilla/5.0 (X11; Linux x86_64) AppleWebKit/537.36 (KHTML, like Gecko) Chrome/74.0.3729.169 YaBrowser/19.6.4.366.00 Safari/537.36"
2a03:2880:13ff:2:: - - [16/Apr/2025:01:09:43 -0400] "GET /robots.txt HTTP/1.1" 301 0 "-" "facebookexternalhit/1.1 (+http://www.facebook.com/externalhit_uatext.php)"
2a03:2880:13ff:2:: - - [16/Apr/2025:01:09:44 -0400] "GET /robots.txt HTTP/1.1" 200 107 "-" "facebookexternalhit/1.1 (+http://www.facebook.com/externalhit_uatext.php)"
2a03:2880:f800:e:: - - [16/Apr/2025:01:09:46 -0400] "GET /index.html HTTP/1.1" 200 78495 "-" "meta-externalagent/1.1 (+https://developers.facebook.com/docs/sharing/webmasters/crawler)"
2a03:2880:f800:1a:: - - [16/Apr/2025:01:09:48 -0400] "GET /index.html HTTP/1.1" 200 78495 "-" "meta-externalagent/1.1 (+https://developers.facebook.com/docs/sharing/webmasters/crawler)"
198.54.114.83 - - [16/Apr/2025:01:11:07 -0400] "POST /wp-cron.php?doing_wp_cron=1744780266.5305030345916748046875 HTTP/1.1" 200 0 "-" "WordPress/6.8; https://hylasmagazine.com"
159.138.34.44 - - [16/Apr/2025:01:11:01 -0400] "GET /becoming-a-family-lawyer/ HTTP/1.1" 200 31565 "https://hylasmagazine.com/becoming-a-family-lawyer/#content" "Mozilla/5.0 (Windows NT 10.0; Win64; x64) AppleWebKit/537.36 (KHTML, like Gecko) Chrome/101.0.4951.64 Safari/537.36 Edg/101.0.1210.47"
198.54.114.83 - - [16/Apr/2025:01:11:09 -0400] "POST /wp-admin/admin-ajax.php?action=async_litespeed&nonce=EJIaS1Y6UmZxJNJpwPHFTHQC3teXx8uF&litespeed_type=imgoptm HTTP/1.1" 200 0 "-" "WordPress/6.8; https://hylasmagazine.com"
38.170.112.39 - - [16/Apr/2025:01:11:55 -0400] "GET /how-to-play-progressive-jackpots-online/ HTTP/1.1" 200 32052 "-" "Mozilla/5.0 (X11; Linux x86_64) AppleWebKit/537.36 (KHTML, like Gecko) Chrome/114.0.0.0 Safari/537.36 OPR/89.0.4447.51"
38.170.112.39 - - [16/Apr/2025:01:12:02 -0400] "GET /wp-login.php?action=register HTTP/1.1" 302 0 "https://hylasmagazine.com/how-to-play-progressive-jackpots-online/" "Mozilla/5.0 (Windows NT 6.3; Win64; x64) AppleWebKit/537.36 (KHTML, like Gecko) Chrome/103.0.0.0 Safari/537.36"
114.119.139.123 - - [16/Apr/2025:01:12:04 -0400] "GET /reaching-out-for-assistance-with-food/ HTTP/1.1" 200 31671 "https://hylasmagazine.com/page/18/?MA" "Mozilla/5.0 (Linux; Android 7.0;) AppleWebKit/537.36 (KHTML, like Gecko) Mobile Safari/537.36 (compatible; PetalBot;+https://webmaster.petalsearch.com/site/petalbot)"
38.170.112.39 - - [16/Apr/2025:01:12:03 -0400] "GET /wp-login.php?registration=disabled HTTP/1.1" 200 1775 "https://hylasmagazine.com/wp-login.php?action=register" "Mozilla/5.0 (Windows NT 6.3; Win64; x64) AppleWebKit/537.36 (KHTML, like Gecko) Chrome/103.0.0.0 Safari/537.36"
198.54.114.83 - - [16/Apr/2025:01:12:05 -0400] "POST /wp-cron.php?doing_wp_cron=1744780324.2950360774993896484375 HTTP/1.1" 200 0 "-" "WordPress/6.8; https://hylasmagazine.com"
198.54.114.83 - - [16/Apr/2025:01:13:55 -0400] "POST /wp-cron.php?doing_wp_cron=1744780435.1379210948944091796875 HTTP/1.1" 200 0 "-" "WordPress/6.8; https://hylasmagazine.com"
198.54.114.83 - - [16/Apr/2025:01:13:56 -0400] "POST /wp-admin/admin-ajax.php?action=async_litespeed&nonce=ldpptyNrutZbpJCA9UDpQgyiUUzXutlN&litespeed_type=imgoptm HTTP/1.1" 200 0 "-" "WordPress/6.8; https://hylasmagazine.com"
114.119.139.123 - - [16/Apr/2025:01:13:50 -0400] "GET /permanence-dentaire/ HTTP/1.1" 200 31529 "https://hylasmagazine.com/page/55/?ND" "Mozilla/5.0 (Linux; Android 7.0;) AppleWebKit/537.36 (KHTML, like Gecko) Mobile Safari/537.36 (compatible; PetalBot;+https://webmaster.petalsearch.com/site/petalbot)"
198.54.114.83 - - [16/Apr/2025:01:15:39 -0400] "POST /wp-cron.php?doing_wp_cron=1744780538.1621620655059814453125 HTTP/1.1" 200 0 "-" "WordPress/6.8; https://hylasmagazine.com"
114.119.139.226 - - [16/Apr/2025:01:15:34 -0400] "GET /once-upon-a-time-in-online-gambling/ HTTP/1.1" 200 32343 "https://hylasmagazine.com/page/107/?MA" "Mozilla/5.0 (Linux; Android 7.0;) AppleWebKit/537.36 (KHTML, like Gecko) Mobile Safari/537.36 (compatible; PetalBot;+https://webmaster.petalsearch.com/site/petalbot)"
198.54.114.83 - - [16/Apr/2025:01:15:40 -0400] "POST /wp-admin/admin-ajax.php?action=async_litespeed&nonce=5FYfkWFRpjzR0cUSllTeVFHIuGqWv06w&litespeed_type=imgoptm HTTP/1.1" 200 0 "-" "WordPress/6.8; https://hylasmagazine.com"
198.54.114.83 - - [16/Apr/2025:01:16:36 -0400] "POST /wp-cron.php?doing_wp_cron=1744780595.4758410453796386718750 HTTP/1.1" 200 0 "-" "WordPress/6.8; https://hylasmagazine.com"
43.132.221.181 - - [16/Apr/2025:01:16:35 -0400] "GET /how-to-buy-likes-for-youtube/ HTTP/1.1" 200 32276 "-" "Python/3.10 aiohttp/3.10.5"
198.54.114.83 - - [16/Apr/2025:01:16:37 -0400] "POST /wp-admin/admin-ajax.php?action=async_litespeed&nonce=THdPbLZzdmVdWOXxVnKbJOeCS7ofcyy9&litespeed_type=imgoptm HTTP/1.1" 200 0 "-" "WordPress/6.8; https://hylasmagazine.com"
2a03:2880:f800:12:: - - [16/Apr/2025:01:20:27 -0400] "GET / HTTP/1.1" 200 78495 "-" "meta-externalagent/1.1 (+https://developers.facebook.com/docs/sharing/webmasters/crawler)"
198.54.114.83 - - [16/Apr/2025:01:20:59 -0400] "POST /wp-cron.php?doing_wp_cron=1744780858.4713540077209472656250 HTTP/1.1" 200 0 "-" "WordPress/6.8; https://hylasmagazine.com"
35.169.102.85 - - [16/Apr/2025:01:20:52 -0400] "GET /category/activity/page/11/ HTTP/1.1" 200 31461 "-" "Mozilla/5.0 AppleWebKit/537.36 (KHTML, like Gecko; compatible; Amazonbot/0.1; +https://developer.amazon.com/support/amazonbot) Chrome/119.0.6045.214 Safari/537.36"
198.54.114.83 - - [16/Apr/2025:01:21:01 -0400] "POST /wp-admin/admin-ajax.php?action=async_litespeed&nonce=0N6XdK8X01gdpmaaGqTZIX5kR89p5Jel&litespeed_type=imgoptm HTTP/1.1" 200 0 "-" "WordPress/6.8; https://hylasmagazine.com"
18.97.9.97 - - [16/Apr/2025:01:22:17 -0400] "GET /robots.txt HTTP/1.1" 304 0 "-" "Mozilla/5.0 AppleWebKit/537.36 (KHTML, like Gecko; compatible; PerplexityBot/1.0; +https://perplexity.ai/perplexitybot)"
198.54.114.83 - - [16/Apr/2025:01:22:20 -0400] "POST /wp-cron.php?doing_wp_cron=1744780939.8558089733123779296875 HTTP/1.1" 200 0 "-" "WordPress/6.8; https://hylasmagazine.com"
18.97.9.99 - - [16/Apr/2025:01:22:19 -0400] "GET /steroids-thailand-a-steroid-holiday-for-bodybuilders/ HTTP/1.1" 200 31615 "-" "Mozilla/5.0 AppleWebKit/537.36 (KHTML, like Gecko; compatible; PerplexityBot/1.0; +https://perplexity.ai/perplexitybot)"
198.54.114.83 - - [16/Apr/2025:01:22:21 -0400] "POST /wp-admin/admin-ajax.php?action=async_litespeed&nonce=NAmoE5gsqPCepInHXqJJ44uz0jtJIsFA&litespeed_type=imgoptm HTTP/1.1" 200 0 "-" "WordPress/6.8; https://hylasmagazine.com"
100.28.118.16 - - [16/Apr/2025:01:23:45 -0400] "GET /robots.txt HTTP/1.1" 301 0 "-" "Mozilla/5.0 AppleWebKit/537.36 (KHTML, like Gecko; compatible; Amazonbot/0.1; +https://developer.amazon.com/support/amazonbot) Chrome/119.0.6045.214 Safari/537.36"
198.54.114.83 - - [16/Apr/2025:01:23:53 -0400] "POST /wp-cron.php?doing_wp_cron=1744781032.8898069858551025390625 HTTP/1.1" 200 0 "-" "WordPress/6.8; https://hylasmagazine.com"
34.205.170.13 - - [16/Apr/2025:01:23:47 -0400] "GET /media/catalog/product/cache/1/small_image/9df78eab33525d08d6e5fb8d27136e95/0/4/0420213038261_70vzak.jpg HTTP/1.1" 301 0 "-" "Mozilla/5.0 AppleWebKit/537.36 (KHTML, like Gecko; compatible; Amazonbot/0.1; +https://developer.amazon.com/support/amazonbot) Chrome/119.0.6045.214 Safari/537.36"
198.54.114.83 - - [16/Apr/2025:01:23:55 -0400] "POST /wp-admin/admin-ajax.php?action=async_litespeed&nonce=HgCtuA3Vqflv70IhT79X96HKUDEt1TS5&litespeed_type=imgoptm HTTP/1.1" 200 0 "-" "WordPress/6.8; https://hylasmagazine.com"
52.202.233.37 - - [16/Apr/2025:01:23:55 -0400] "GET /media/catalog/product/cache/1/small_image/9df78eab33525d08d6e5fb8d27136e95/0/4/0420213038261_70vzak.jpg HTTP/1.1" 404 27943 "-" "Mozilla/5.0 AppleWebKit/537.36 (KHTML, like Gecko; compatible; Amazonbot/0.1; +https://developer.amazon.com/support/amazonbot) Chrome/119.0.6045.214 Safari/537.36"
150.109.114.17 - - [16/Apr/2025:01:27:09 -0400] "GET /voiceover-training-how-to-succeed-in-the-voice-over-business/ HTTP/1.1" 200 31625 "-" "Python/3.10 aiohttp/3.10.5"
198.54.114.83 - - [16/Apr/2025:01:27:15 -0400] "POST /wp-cron.php?doing_wp_cron=1744781233.6798698902130126953125 HTTP/1.1" 200 0 "-" "WordPress/6.8; https://hylasmagazine.com"
198.54.114.83 - - [16/Apr/2025:01:27:17 -0400] "POST /wp-admin/admin-ajax.php?action=async_litespeed&nonce=ISdTsFKRLMuikK7uFXHE8MqD2ns7tmvc&litespeed_type=imgoptm HTTP/1.1" 200 0 "-" "WordPress/6.8; https://hylasmagazine.com"
114.119.139.226 - - [16/Apr/2025:01:27:34 -0400] "GET /what-is-a-tote-bag/ HTTP/1.1" 200 32138 "https://hylasmagazine.com/page/113/" "Mozilla/5.0 (Linux; Android 7.0;) AppleWebKit/537.36 (KHTML, like Gecko) Mobile Safari/537.36 (compatible; PetalBot;+https://webmaster.petalsearch.com/site/petalbot)"
119.28.56.126 - - [16/Apr/2025:01:28:28 -0400] "GET /what-is-a-cabinet-manufacturer/ HTTP/1.1" 200 31624 "-" "Python/3.10 aiohttp/3.10.5"
198.54.114.83 - - [16/Apr/2025:01:28:31 -0400] "POST /wp-cron.php?doing_wp_cron=1744781309.3052949905395507812500 HTTP/1.1" 200 0 "-" "WordPress/6.8; https://hylasmagazine.com"
198.54.114.83 - - [16/Apr/2025:01:28:34 -0400] "POST /wp-admin/admin-ajax.php?action=async_litespeed&nonce=lVqZluA31quww4xyWahfxV28vzC9VcvE&litespeed_type=imgoptm HTTP/1.1" 200 0 "-" "WordPress/6.8; https://hylasmagazine.com"
198.54.114.83 - - [16/Apr/2025:01:29:22 -0400] "POST /wp-cron.php?doing_wp_cron=1744781361.5383780002593994140625 HTTP/1.1" 200 0 "-" "WordPress/6.8; https://hylasmagazine.com"
114.119.130.125 - - [16/Apr/2025:01:29:21 -0400] "GET /page/82/ HTTP/1.1" 200 31163 "https://hylasmagazine.com/page/83/" "Mozilla/5.0 (Linux; Android 7.0;) AppleWebKit/537.36 (KHTML, like Gecko) Mobile Safari/537.36 (compatible; PetalBot;+https://webmaster.petalsearch.com/site/petalbot)"
198.54.114.83 - - [16/Apr/2025:01:29:25 -0400] "POST /wp-admin/admin-ajax.php?action=async_litespeed&nonce=1gqKsnLpzvyg6bsHziRWvZmrQGkHhTAv&litespeed_type=imgoptm HTTP/1.1" 200 0 "-" "WordPress/6.8; https://hylasmagazine.com"
198.54.114.83 - - [16/Apr/2025:01:31:13 -0400] "POST /wp-cron.php?doing_wp_cron=1744781471.9503030776977539062500 HTTP/1.1" 200 0 "-" "WordPress/6.8; https://hylasmagazine.com"
114.119.147.73 - - [16/Apr/2025:01:31:05 -0400] "GET /page/60/?SA HTTP/1.1" 200 31207 "https://hylasmagazine.com/page/59/?SA" "Mozilla/5.0 (Linux; Android 7.0;) AppleWebKit/537.36 (KHTML, like Gecko) Mobile Safari/537.36 (compatible; PetalBot;+https://webmaster.petalsearch.com/site/petalbot)"
198.54.114.83 - - [16/Apr/2025:01:31:14 -0400] "POST /wp-admin/admin-ajax.php?action=async_litespeed&nonce=zQTt3uQxEMcNR7fqViT7TfQ15OqmkMbi&litespeed_type=imgoptm HTTP/1.1" 200 0 "-" "WordPress/6.8; https://hylasmagazine.com"
46.250.160.35 - - [16/Apr/2025:01:31:19 -0400] "GET /the-basics-of-the-yugioh-card-game/ HTTP/1.1" 200 32032 "https://hylasmagazine.com/the-basics-of-the-yugioh-card-game/#content" "Mozilla/5.0 (Windows NT 10.0; Win64; x64) AppleWebKit/537.36 (KHTML, like Gecko) Chrome/101.0.4951.67 Safari/537.36"
83.217.213.120 - - [16/Apr/2025:01:31:35 -0400] "GET /a-manual-for-supplanting-your-carport-entryway/ HTTP/1.1" 200 31853 "https://hylasmagazine.com/a-manual-for-supplanting-your-carport-entryway/#comment-21933/" "Mozilla/5.0 (Windows NT 10.0; Win64; x64) AppleWebKit/537.36 (KHTML, like Gecko) Chrome/130.0.0.0 Safari/537.36"
83.217.213.120 - - [16/Apr/2025:01:31:36 -0400] "POST /wp-comments-post.php HTTP/1.1" 302 0 "https://hylasmagazine.com/a-manual-for-supplanting-your-carport-entryway/#comment-21933/" "Mozilla/5.0 (Windows NT 10.0; Win64; x64) AppleWebKit/537.36 (KHTML, like Gecko) Chrome/130.0.0.0 Safari/537.36"
83.217.213.120 - - [16/Apr/2025:01:31:44 -0400] "GET /a-manual-for-supplanting-your-carport-entryway/ HTTP/1.1" 200 37398 "https://hylasmagazine.com/a-manual-for-supplanting-your-carport-entryway/#comment-39726" "Mozilla/5.0 (Windows NT 10.0; Win64; x64) AppleWebKit/537.36 (KHTML, like Gecko) Chrome/130.0.0.0 Safari/537.36"
114.119.151.133 - - [16/Apr/2025:01:32:51 -0400] "GET /how-to-buy-youtube-subscribers-without-risking-your-reputation/ HTTP/1.1" 200 31597 "https://hylasmagazine.com/category/activity/page/55/" "Mozilla/5.0 (Linux; Android 7.0;) AppleWebKit/537.36 (KHTML, like Gecko) Mobile Safari/537.36 (compatible; PetalBot;+https://webmaster.petalsearch.com/site/petalbot)"
157.55.39.58 - - [16/Apr/2025:01:34:04 -0400] "GET /how-to-screenshot-on-iphone-6/ HTTP/1.1" 200 32738 "-" "Mozilla/5.0 AppleWebKit/537.36 (KHTML, like Gecko; compatible; bingbot/2.0; +http://www.bing.com/bingbot.htm) Chrome/116.0.1938.76 Safari/537.36"
198.54.114.83 - - [16/Apr/2025:01:34:40 -0400] "POST /wp-cron.php?doing_wp_cron=1744781680.0466599464416503906250 HTTP/1.1" 200 0 "-" "WordPress/6.8; https://hylasmagazine.com"
198.54.114.83 - - [16/Apr/2025:01:34:46 -0400] "POST /wp-admin/admin-ajax.php?action=async_litespeed&nonce=dPFNgiR3Z2o33fVsBHAEcc0A7FNRmfYJ&litespeed_type=imgoptm HTTP/1.1" 200 0 "-" "WordPress/6.8; https://hylasmagazine.com"
114.119.139.123 - - [16/Apr/2025:01:34:35 -0400] "GET /orchard-sophia-developer-a-one-of-a-kind-residential-enclave/ HTTP/1.1" 200 31738 "https://hylasmagazine.com/page/40/" "Mozilla/5.0 (Linux; Android 7.0;) AppleWebKit/537.36 (KHTML, like Gecko) Mobile Safari/537.36 (compatible; PetalBot;+https://webmaster.petalsearch.com/site/petalbot)"
198.54.114.83 - - [16/Apr/2025:01:36:26 -0400] "POST /wp-cron.php?doing_wp_cron=1744781785.3443989753723144531250 HTTP/1.1" 200 0 "-" "WordPress/6.8; https://hylasmagazine.com"
114.119.139.226 - - [16/Apr/2025:01:36:21 -0400] "GET /sell-your-car-to-junk-car-buyers-naples/ HTTP/1.1" 200 31576 "https://hylasmagazine.com/how-to-get-to-know-someone-by-asking-the-right-ice-breaker-questions-for-dating/" "Mozilla/5.0 (Linux; Android 7.0;) AppleWebKit/537.36 (KHTML, like Gecko) Mobile Safari/537.36 (compatible; PetalBot;+https://webmaster.petalsearch.com/site/petalbot)"
198.54.114.83 - - [16/Apr/2025:01:36:27 -0400] "POST /wp-admin/admin-ajax.php?action=async_litespeed&nonce=Q7SBGQwveVHEEmre4fEbqqXlw2Aj1AHw&litespeed_type=imgoptm HTTP/1.1" 200 0 "-" "WordPress/6.8; https://hylasmagazine.com"
198.54.114.83 - - [16/Apr/2025:01:38:10 -0400] "POST /wp-cron.php?doing_wp_cron=1744781888.8146119117736816406250 HTTP/1.1" 200 0 "-" "WordPress/6.8; https://hylasmagazine.com"
114.119.153.91 - - [16/Apr/2025:01:38:05 -0400] "GET /careprost-information/ HTTP/1.1" 200 31473 "https://hylasmagazine.com/page/33/?ND" "Mozilla/5.0 (Linux; Android 7.0;) AppleWebKit/537.36 (KHTML, like Gecko) Mobile Safari/537.36 (compatible; PetalBot;+https://webmaster.petalsearch.com/site/petalbot)"
198.54.114.83 - - [16/Apr/2025:01:38:11 -0400] "POST /wp-admin/admin-ajax.php?action=async_litespeed&nonce=pRWINd7lD9htsQz2HdGuz3DgyXluOUr3&litespeed_type=imgoptm HTTP/1.1" 200 5 "-" "WordPress/6.8; https://hylasmagazine.com"
23.98.186.198 - - [16/Apr/2025:01:38:47 -0400] "GET / HTTP/1.1" 200 78495 "-" "Mozilla/5.0 AppleWebKit/537.36 (KHTML, like Gecko); compatible; ChatGPT-User/1.0; +https://openai.com/bot"
198.54.114.83 - - [16/Apr/2025:01:39:55 -0400] "POST /wp-cron.php?doing_wp_cron=1744781995.3630509376525878906250 HTTP/1.1" 200 0 "-" "WordPress/6.8; https://hylasmagazine.com"
114.119.147.73 - - [16/Apr/2025:01:39:52 -0400] "GET /buy-ticktock-saves-how-buy-ticktock-saves-increases-your-visibility-and-credibility/ HTTP/1.1" 200 31626 "https://hylasmagazine.com/category/activity/page/41/" "Mozilla/5.0 (Linux; Android 7.0;) AppleWebKit/537.36 (KHTML, like Gecko) Mobile Safari/537.36 (compatible; PetalBot;+https://webmaster.petalsearch.com/site/petalbot)"
198.54.114.83 - - [16/Apr/2025:01:39:56 -0400] "POST /wp-admin/admin-ajax.php?action=async_litespeed&nonce=jx9BI8Y4pcnCpnhPNgZMfeuZ0kQkHTku&litespeed_type=imgoptm HTTP/1.1" 200 0 "-" "WordPress/6.8; https://hylasmagazine.com"
114.119.139.226 - - [16/Apr/2025:01:41:37 -0400] "GET /page/56/ HTTP/1.1" 200 31270 "https://hylasmagazine.com/page/57/" "Mozilla/5.0 (Linux; Android 7.0;) AppleWebKit/537.36 (KHTML, like Gecko) Mobile Safari/537.36 (compatible; PetalBot;+https://webmaster.petalsearch.com/site/petalbot)"
198.54.114.83 - - [16/Apr/2025:01:42:12 -0400] "POST /wp-cron.php?doing_wp_cron=1744782131.4323101043701171875000 HTTP/1.1" 200 0 "-" "WordPress/6.8; https://hylasmagazine.com"
44.209.187.99 - - [16/Apr/2025:01:42:06 -0400] "GET /2023/09/23/ HTTP/1.1" 301 0 "-" "Mozilla/5.0 AppleWebKit/537.36 (KHTML, like Gecko; compatible; Amazonbot/0.1; +https://developer.amazon.com/support/amazonbot) Chrome/119.0.6045.214 Safari/537.36"
198.54.114.83 - - [16/Apr/2025:01:42:13 -0400] "POST /wp-admin/admin-ajax.php?action=async_litespeed&nonce=g0Qeclu5aDEKVjvVIwQ8TjuDXYp43cNM&litespeed_type=imgoptm HTTP/1.1" 200 0 "-" "WordPress/6.8; https://hylasmagazine.com"
198.54.114.83 - - [16/Apr/2025:01:43:24 -0400] "POST /wp-cron.php?doing_wp_cron=1744782203.5855379104614257812500 HTTP/1.1" 200 0 "-" "WordPress/6.8; https://hylasmagazine.com"
198.54.114.83 - - [16/Apr/2025:01:43:25 -0400] "POST /wp-admin/admin-ajax.php?action=async_litespeed&nonce=wagBxyLiM0dHQcWgFywPumP3m0wLm6B9&litespeed_type=imgoptm HTTP/1.1" 200 5 "-" "WordPress/6.8; https://hylasmagazine.com"
114.119.137.193 - - [16/Apr/2025:01:43:23 -0400] "GET /achat-de-lampe-de-chevet-tactile/ HTTP/1.1" 200 32429 "https://hylasmagazine.com/page/109/?MA" "Mozilla/5.0 (Linux; Android 7.0;) AppleWebKit/537.36 (KHTML, like Gecko) Mobile Safari/537.36 (compatible; PetalBot;+https://webmaster.petalsearch.com/site/petalbot)"
66.249.70.106 - - [16/Apr/2025:01:46:12 -0400] "GET /what-is-a-straightening-machine/ HTTP/1.1" 200 32007 "-" "Mozilla/5.0 (Linux; Android 6.0.1; Nexus 5X Build/MMB29P) AppleWebKit/537.36 (KHTML, like Gecko) Chrome/135.0.7049.84 Mobile Safari/537.36 (compatible; Googlebot/2.1; +http://www.google.com/bot.html)"
198.54.114.83 - - [16/Apr/2025:01:47:25 -0400] "POST /wp-cron.php?doing_wp_cron=1744782444.5021879673004150390625 HTTP/1.1" 200 0 "-" "WordPress/6.8; https://hylasmagazine.com"
66.249.70.107 - - [16/Apr/2025:01:47:19 -0400] "GET /all-you-need-to-know-about-cnc-tube-cutter/feed/ HTTP/1.1" 200 417 "-" "Mozilla/5.0 (Linux; Android 6.0.1; Nexus 5X Build/MMB29P) AppleWebKit/537.36 (KHTML, like Gecko) Chrome/135.0.7049.84 Mobile Safari/537.36 (compatible; Googlebot/2.1; +http://www.google.com/bot.html)"
198.54.114.83 - - [16/Apr/2025:01:47:25 -0400] "POST /wp-admin/admin-ajax.php?action=async_litespeed&nonce=fg0r9fRPfBBGlrUoY6lO02VFsjAWFKn2&litespeed_type=imgoptm HTTP/1.1" 200 0 "-" "WordPress/6.8; https://hylasmagazine.com"
198.54.114.83 - - [16/Apr/2025:01:49:24 -0400] "POST /wp-cron.php?doing_wp_cron=1744782563.9811561107635498046875 HTTP/1.1" 200 0 "-" "WordPress/6.8; https://hylasmagazine.com"
101.32.27.106 - - [16/Apr/2025:01:49:20 -0400] "GET /how-to-start-a-company/ HTTP/1.1" 200 31584 "-" "Python/3.10 aiohttp/3.10.5"
198.54.114.83 - - [16/Apr/2025:01:49:25 -0400] "POST /wp-admin/admin-ajax.php?action=async_litespeed&nonce=qTK3uajyDIC8SoI5owFQT3deuMKAAIJy&litespeed_type=imgoptm HTTP/1.1" 200 0 "-" "WordPress/6.8; https://hylasmagazine.com"
198.54.114.83 - - [16/Apr/2025:01:50:16 -0400] "POST /wp-cron.php?doing_wp_cron=1744782615.9584879875183105468750 HTTP/1.1" 200 0 "-" "WordPress/6.8; https://hylasmagazine.com"
66.249.70.108 - - [16/Apr/2025:01:50:15 -0400] "GET /2023/05/25/ HTTP/1.1" 301 0 "-" "Mozilla/5.0 (Linux; Android 6.0.1; Nexus 5X Build/MMB29P) AppleWebKit/537.36 (KHTML, like Gecko) Chrome/135.0.7049.84 Mobile Safari/537.36 (compatible; Googlebot/2.1; +http://www.google.com/bot.html)"
198.54.114.83 - - [16/Apr/2025:01:50:16 -0400] "POST /wp-admin/admin-ajax.php?action=async_litespeed&nonce=OzVIydsjUG3GEXij9wJ0JQbpV4ccXuls&litespeed_type=imgoptm HTTP/1.1" 200 5 "-" "WordPress/6.8; https://hylasmagazine.com"
198.54.114.83 - - [16/Apr/2025:01:51:06 -0400] "POST /wp-cron.php?doing_wp_cron=1744782666.3425340652465820312500 HTTP/1.1" 200 0 "-" "WordPress/6.8; https://hylasmagazine.com"
114.119.137.193 - - [16/Apr/2025:01:51:06 -0400] "GET /page/102/ HTTP/1.1" 200 31080 "https://hylasmagazine.com/page/101/" "Mozilla/5.0 (Linux; Android 7.0;) AppleWebKit/537.36 (KHTML, like Gecko) Mobile Safari/537.36 (compatible; PetalBot;+https://webmaster.petalsearch.com/site/petalbot)"
166.108.232.12 - - [16/Apr/2025:01:51:35 -0400] "GET /buying-a-moonstone-ring/ HTTP/1.1" 200 32162 "https://hylasmagazine.com/buying-a-moonstone-ring/#content" "Mozilla/5.0 (Macintosh; Intel Mac OS X 10_15_7) AppleWebKit/537.36 (KHTML, like Gecko) Chrome/131.0.0.0 Safari/537.36"
198.54.114.83 - - [16/Apr/2025:01:57:47 -0400] "POST /wp-cron.php?doing_wp_cron=1744783066.9531509876251220703125 HTTP/1.1" 200 0 "-" "WordPress/6.8; https://hylasmagazine.com"
198.54.114.83 - - [16/Apr/2025:01:57:47 -0400] "POST /wp-cron.php?doing_wp_cron=1744783066.9522640705108642578125 HTTP/1.1" 200 0 "-" "WordPress/6.8; https://hylasmagazine.com"
198.54.114.83 - - [16/Apr/2025:01:57:48 -0400] "POST /wp-admin/admin-ajax.php?action=async_litespeed&nonce=YVxtgMru0rdQQVEOzJkHcu3tuHESN8aX&litespeed_type=imgoptm HTTP/1.1" 200 0 "-" "WordPress/6.8; https://hylasmagazine.com"
43.155.0.244 - - [16/Apr/2025:01:57:43 -0400] "GET /10-best-essential-oils-for-faster-hair-growth-thickness/ HTTP/1.1" 200 32386 "-" "Python/3.10 aiohttp/3.10.5"
43.155.0.244 - - [16/Apr/2025:01:57:45 -0400] "GET /7-days-to-die-server-rental/ HTTP/1.1" 200 31503 "-" "Python/3.10 aiohttp/3.10.5"
198.54.114.83 - - [16/Apr/2025:02:00:14 -0400] "POST /wp-admin/admin-ajax.php?action=async_litespeed&nonce=a29ZFsMO0kyHk1OR8t42t7K7KeIVZdFk&litespeed_type=imgoptm HTTP/1.1" 200 0 "-" "WordPress/6.8; https://hylasmagazine.com"
178.20.46.220 - - [16/Apr/2025:02:00:15 -0400] "GET /a-manual-for-supplanting-your-carport-entryway/ HTTP/1.1" 200 32542 "https://hylasmagazine.com/a-manual-for-supplanting-your-carport-entryway/#comment-39727" "Mozilla/5.0 (Windows NT 10.0; WOW64) AppleWebKit/537.36 (KHTML, like Gecko) Chrome/103.0.0.0 Safari/537.36"
198.54.114.83 - - [16/Apr/2025:02:04:58 -0400] "POST /wp-admin/admin-ajax.php?action=async_litespeed&nonce=mOtq3ng1CdpZHdbhW7NzpoXnPwWmwm00&litespeed_type=imgoptm HTTP/1.1" 200 0 "-" "WordPress/6.8; https://hylasmagazine.com"
198.54.114.83 - - [16/Apr/2025:02:05:06 -0400] "POST /wp-admin/admin-ajax.php?action=async_litespeed&nonce=1zJMNIqlbqOYZBHr4kIp0DzHUTYLj4Zq&litespeed_type=imgoptm HTTP/1.1" 200 0 "-" "WordPress/6.8; https://hylasmagazine.com"
198.54.114.83 - - [16/Apr/2025:02:07:06 -0400] "POST /wp-admin/admin-ajax.php?action=async_litespeed&nonce=B85IFitlhxqz1SCKQWVZCCjz2iSbYn8E&litespeed_type=imgoptm HTTP/1.1" 200 0 "-" "WordPress/6.8; https://hylasmagazine.com"
198.54.114.83 - - [16/Apr/2025:02:08:05 -0400] "POST /wp-admin/admin-ajax.php?action=async_litespeed&nonce=eRhayP3JpYUNEBPEWKLlnUKCbwzbEloX&litespeed_type=imgoptm HTTP/1.1" 200 0 "-" "WordPress/6.8; https://hylasmagazine.com"
114.119.151.133 - - [16/Apr/2025:02:08:50 -0400] "GET /media/catalog/product/cache/1/small_image/400x260/9df78eab33525d08d6e5fb8d27136e95/3/6/3620213039671_70vzak.jpg HTTP/1.1" 301 0 "-" "Mozilla/5.0 (Linux; Android 7.0;) AppleWebKit/537.36 (KHTML, like Gecko) Mobile Safari/537.36 (compatible; PetalBot;+https://webmaster.petalsearch.com/site/petalbot)"
114.119.151.133 - - [16/Apr/2025:02:08:53 -0400] "GET /media/catalog/product/cache/1/small_image/400x260/9df78eab33525d08d6e5fb8d27136e95/3/6/3620213039671_70vzak.jpg HTTP/1.1" 404 27943 "-" "Mozilla/5.0 (Linux; Android 7.0;) AppleWebKit/537.36 (KHTML, like Gecko) Mobile Safari/537.36 (compatible; PetalBot;+https://webmaster.petalsearch.com/site/petalbot)"
198.54.114.83 - - [16/Apr/2025:02:10:37 -0400] "POST /wp-cron.php?doing_wp_cron=1744783836.5303370952606201171875 HTTP/1.1" 200 0 "-" "WordPress/6.8; https://hylasmagazine.com"
114.119.137.193 - - [16/Apr/2025:02:10:35 -0400] "GET /the-botany-at-dairy-farm/ HTTP/1.1" 200 31581 "https://hylasmagazine.com/page/111/?MA" "Mozilla/5.0 (Linux; Android 7.0;) AppleWebKit/537.36 (KHTML, like Gecko) Mobile Safari/537.36 (compatible; PetalBot;+https://webmaster.petalsearch.com/site/petalbot)"
198.54.114.83 - - [16/Apr/2025:02:10:39 -0400] "POST /wp-admin/admin-ajax.php?action=async_litespeed&nonce=rh48Ug9Yu6QaN5GoblN7T38WRbgZDUCI&litespeed_type=imgoptm HTTP/1.1" 200 0 "-" "WordPress/6.8; https://hylasmagazine.com"
119.8.43.213 - - [16/Apr/2025:02:11:52 -0400] "GET /runner-rugs-2/ HTTP/1.1" 200 31490 "https://hylasmagazine.com/runner-rugs-2/#respond" "Mozilla/5.0 (Macintosh; Intel Mac OS X 10_15_7) AppleWebKit/537.36 (KHTML, like Gecko) Chrome/131.0.0.0 Safari/537.36"
198.54.114.83 - - [16/Apr/2025:02:12:19 -0400] "POST /wp-cron.php?doing_wp_cron=1744783937.8105731010437011718750 HTTP/1.1" 200 0 "-" "WordPress/6.8; https://hylasmagazine.com"
114.119.151.133 - - [16/Apr/2025:02:12:12 -0400] "GET /page/95/ HTTP/1.1" 200 31238 "https://hylasmagazine.com/page/96/" "Mozilla/5.0 (Linux; Android 7.0;) AppleWebKit/537.36 (KHTML, like Gecko) Mobile Safari/537.36 (compatible; PetalBot;+https://webmaster.petalsearch.com/site/petalbot)"
198.54.114.83 - - [16/Apr/2025:02:12:22 -0400] "POST /wp-admin/admin-ajax.php?action=async_litespeed&nonce=QvxUNeTyrC7LaqBEqDTlpsHsoIkEyZ0H&litespeed_type=imgoptm HTTP/1.1" 200 0 "-" "WordPress/6.8; https://hylasmagazine.com"
192.111.135.18 - - [16/Apr/2025:02:13:53 -0400] "GET /test-dapplication-mobile-un-guide-complet/ HTTP/1.1" 200 32038 "-" "Mozilla/5.0 (X11; Linux i686) AppleWebKit/537.36 (KHTML, like Gecko) Chrome/114.0.0.0 Safari/537.36 Vivaldi/5.3.2679.68"
198.54.114.83 - - [16/Apr/2025:02:13:53 -0400] "POST /wp-cron.php?doing_wp_cron=1744784032.5316250324249267578125 HTTP/1.1" 200 0 "-" "WordPress/6.8; https://hylasmagazine.com"
114.119.153.91 - - [16/Apr/2025:02:13:48 -0400] "GET /page/102/?ND HTTP/1.1" 200 31069 "https://hylasmagazine.com/page/101/?ND" "Mozilla/5.0 (Linux; Android 7.0;) AppleWebKit/537.36 (KHTML, like Gecko) Mobile Safari/537.36 (compatible; PetalBot;+https://webmaster.petalsearch.com/site/petalbot)"
198.54.114.83 - - [16/Apr/2025:02:13:55 -0400] "POST /wp-admin/admin-ajax.php?action=async_litespeed&nonce=A2knLekMmaOzIEZtz6bRS4puetnnwDEg&litespeed_type=imgoptm HTTP/1.1" 200 0 "-" "WordPress/6.8; https://hylasmagazine.com"
192.111.135.18 - - [16/Apr/2025:02:14:02 -0400] "GET /wp-login.php?action=register HTTP/1.1" 302 0 "https://hylasmagazine.com/test-dapplication-mobile-un-guide-complet/" "Mozilla/5.0 (Windows NT 6.3; Win64; x64) AppleWebKit/537.36 (KHTML, like Gecko) Chrome/103.0.0.0 Safari/537.36"
198.54.114.83 - - [16/Apr/2025:02:14:11 -0400] "POST /wp-cron.php?doing_wp_cron=1744784051.0922920703887939453125 HTTP/1.1" 200 0 "-" "WordPress/6.8; https://hylasmagazine.com"
192.111.135.18 - - [16/Apr/2025:02:14:10 -0400] "GET /wp-login.php?registration=disabled HTTP/1.1" 200 1775 "https://hylasmagazine.com/wp-login.php?action=register" "Mozilla/5.0 (Windows NT 6.3; Win64; x64) AppleWebKit/537.36 (KHTML, like Gecko) Chrome/103.0.0.0 Safari/537.36"
198.54.114.83 - - [16/Apr/2025:02:14:15 -0400] "POST /wp-admin/admin-ajax.php?action=async_litespeed&nonce=aORjrgpoJyHh2A4Ta1O5pebonOyBTeoD&litespeed_type=imgoptm HTTP/1.1" 200 0 "-" "WordPress/6.8; https://hylasmagazine.com"
198.54.114.83 - - [16/Apr/2025:02:15:26 -0400] "POST /wp-cron.php?doing_wp_cron=1744784124.5384359359741210937500 HTTP/1.1" 200 0 "-" "WordPress/6.8; https://hylasmagazine.com"
114.119.137.193 - - [16/Apr/2025:02:15:23 -0400] "GET /mobile-gaming-leads-the-way/ HTTP/1.1" 200 32036 "https://hylasmagazine.com/page/62/?ND" "Mozilla/5.0 (Linux; Android 7.0;) AppleWebKit/537.36 (KHTML, like Gecko) Mobile Safari/537.36 (compatible; PetalBot;+https://webmaster.petalsearch.com/site/petalbot)"
198.54.114.83 - - [16/Apr/2025:02:15:29 -0400] "POST /wp-admin/admin-ajax.php?action=async_litespeed&nonce=Ho5gusVwwO5ibqqToDISqeC4EeL36eWt&litespeed_type=imgoptm HTTP/1.1" 200 0 "-" "WordPress/6.8; https://hylasmagazine.com"
143.244.185.159 - - [16/Apr/2025:02:16:22 -0400] "POST /xmlrpc.php HTTP/1.1" 200 205 "-" "Mozilla/5.0 (Windows NT 10.0; Win64; x64) AppleWebKit/537.36 (KHTML, like Gecko) Chrome/130.0.0.0 Safari/537.36"
198.54.114.83 - - [16/Apr/2025:02:16:24 -0400] "POST /wp-cron.php?doing_wp_cron=1744784182.6330308914184570312500 HTTP/1.1" 200 0 "-" "WordPress/6.8; https://hylasmagazine.com"
46.19.37.98 - - [16/Apr/2025:02:16:51 -0400] "POST /xmlrpc.php HTTP/1.1" 200 205 "-" "Mozilla/5.0 (Windows NT 10.0; Win64; x64) AppleWebKit/537.36 (KHTML, like Gecko) Chrome/130.0.0.0 Safari/537.36"
114.119.153.91 - - [16/Apr/2025:02:16:59 -0400] "GET /how-to-find-a-lake-charles-dwi-lawyer/ HTTP/1.1" 200 31650 "https://hylasmagazine.com/page/97/?SA" "Mozilla/5.0 (Linux; Android 7.0;) AppleWebKit/537.36 (KHTML, like Gecko) Mobile Safari/537.36 (compatible; PetalBot;+https://webmaster.petalsearch.com/site/petalbot)"
198.54.114.83 - - [16/Apr/2025:02:17:34 -0400] "POST /wp-cron.php?doing_wp_cron=1744784253.7931509017944335937500 HTTP/1.1" 200 0 "-" "WordPress/6.8; https://hylasmagazine.com"
54.94.210.155 - - [16/Apr/2025:02:17:33 -0400] "POST /xmlrpc.php HTTP/1.1" 200 205 "-" "Mozilla/5.0 (Windows NT 10.0; Win64; x64) AppleWebKit/537.36 (KHTML, like Gecko) Chrome/130.0.0.0 Safari/537.36"
198.54.114.83 - - [16/Apr/2025:02:17:36 -0400] "POST /wp-admin/admin-ajax.php?action=async_litespeed&nonce=TzvkQIlYSVDWx6pdX3VJTwSAWljHe5ul&litespeed_type=imgoptm HTTP/1.1" 200 0 "-" "WordPress/6.8; https://hylasmagazine.com"
216.55.146.46 - - [16/Apr/2025:02:17:52 -0400] "POST /xmlrpc.php HTTP/1.1" 200 205 "-" "Mozilla/5.0 (Windows NT 10.0; Win64; x64) AppleWebKit/537.36 (KHTML, like Gecko) Chrome/130.0.0.0 Safari/537.36"
50.7.13.146 - - [16/Apr/2025:02:18:12 -0400] "POST /xmlrpc.php HTTP/1.1" 200 186 "https://hylasmagazine.com" "Mozilla/5.0 (Windows NT 10.0; rv:91.0) Gecko/20100101 Firefox/91.0"
198.54.114.83 - - [16/Apr/2025:02:18:15 -0400] "POST /wp-cron.php?doing_wp_cron=1744784293.1896820068359375000000 HTTP/1.1" 200 0 "-" "WordPress/6.8; https://hylasmagazine.com"
119.28.3.194 - - [16/Apr/2025:02:18:22 -0400] "GET /a-michael-kors-womens-bag-is-a-must-have-accessory/ HTTP/1.1" 200 32352 "-" "Python/3.10 aiohttp/3.10.5"
114.119.153.91 - - [16/Apr/2025:02:18:35 -0400] "GET /how-personalized-fuzzy-socks-are-made/ HTTP/1.1" 200 31993 "https://hylasmagazine.com/ozark-trail-customer-service/" "Mozilla/5.0 (Linux; Android 7.0;) AppleWebKit/537.36 (KHTML, like Gecko) Mobile Safari/537.36 (compatible; PetalBot;+https://webmaster.petalsearch.com/site/petalbot)"
185.231.154.128 - - [16/Apr/2025:02:19:21 -0400] "GET /a-manual-for-supplanting-your-carport-entryway/ HTTP/1.1" 200 31853 "https://hylasmagazine.com/a-manual-for-supplanting-your-carport-entryway/#comment-13067" "Mozilla/5.0 (Windows NT 10.0; Win64; x64) AppleWebKit/537.36 (KHTML, like Gecko) Chrome/129.0.0.0 Safari/537.36"
198.54.114.83 - - [16/Apr/2025:02:19:27 -0400] "POST /wp-cron.php?doing_wp_cron=1744784365.1187970638275146484375 HTTP/1.1" 200 0 "-" "WordPress/6.8; https://hylasmagazine.com"
185.231.154.128 - - [16/Apr/2025:02:19:24 -0400] "POST /wp-comments-post.php HTTP/1.1" 302 0 "https://hylasmagazine.com/a-manual-for-supplanting-your-carport-entryway/#comment-13067" "Mozilla/5.0 (Windows NT 10.0; Win64; x64) AppleWebKit/537.36 (KHTML, like Gecko) Chrome/129.0.0.0 Safari/537.36"
198.54.114.83 - - [16/Apr/2025:02:19:32 -0400] "POST /wp-admin/admin-ajax.php?action=async_litespeed&nonce=KlHVDgfZVjRI1Fd4rwW6eJ5RVWnjYHap&litespeed_type=imgoptm HTTP/1.1" 200 0 "-" "WordPress/6.8; https://hylasmagazine.com"
185.231.154.128 - - [16/Apr/2025:02:19:32 -0400] "GET /a-manual-for-supplanting-your-carport-entryway/ HTTP/1.1" 200 39744 "https://hylasmagazine.com/a-manual-for-supplanting-your-carport-entryway/#comment-39728" "Mozilla/5.0 (Windows NT 10.0; Win64; x64) AppleWebKit/537.36 (KHTML, like Gecko) Chrome/129.0.0.0 Safari/537.36"
114.119.151.133 - - [16/Apr/2025:02:20:12 -0400] "GET /questions-to-ask-before-hiring-a-siding-project/ HTTP/1.1" 200 31601 "https://hylasmagazine.com/page/34/?SA" "Mozilla/5.0 (Linux; Android 7.0;) AppleWebKit/537.36 (KHTML, like Gecko) Mobile Safari/537.36 (compatible; PetalBot;+https://webmaster.petalsearch.com/site/petalbot)"
198.54.114.83 - - [16/Apr/2025:02:21:53 -0400] "POST /wp-cron.php?doing_wp_cron=1744784511.9451339244842529296875 HTTP/1.1" 200 0 "-" "WordPress/6.8; https://hylasmagazine.com"
114.119.147.73 - - [16/Apr/2025:02:21:46 -0400] "GET /page/65/?MA HTTP/1.1" 200 31314 "https://hylasmagazine.com/page/64/?MA" "Mozilla/5.0 (Linux; Android 7.0;) AppleWebKit/537.36 (KHTML, like Gecko) Mobile Safari/537.36 (compatible; PetalBot;+https://webmaster.petalsearch.com/site/petalbot)"
198.54.114.83 - - [16/Apr/2025:02:21:54 -0400] "POST /wp-admin/admin-ajax.php?action=async_litespeed&nonce=mTKA2J4Y1z2dZasr1IZMrusXWVbMh8u3&litespeed_type=imgoptm HTTP/1.1" 200 0 "-" "WordPress/6.8; https://hylasmagazine.com"
198.54.114.83 - - [16/Apr/2025:02:22:45 -0400] "POST /wp-cron.php?doing_wp_cron=1744784563.7118499279022216796875 HTTP/1.1" 200 0 "-" "WordPress/6.8; https://hylasmagazine.com"
124.156.120.22 - - [16/Apr/2025:02:22:43 -0400] "GET /womens-graphic-sweatshirts-and-hoodies/ HTTP/1.1" 200 31387 "-" "Python/3.10 aiohttp/3.10.5"
198.54.114.83 - - [16/Apr/2025:02:22:47 -0400] "POST /wp-admin/admin-ajax.php?action=async_litespeed&nonce=x9V3oEChyrfw7ziUcYuopmpyOMfy7X9Y&litespeed_type=imgoptm HTTP/1.1" 200 0 "-" "WordPress/6.8; https://hylasmagazine.com"
198.54.114.83 - - [16/Apr/2025:02:23:20 -0400] "POST /wp-cron.php?doing_wp_cron=1744784599.6876149177551269531250 HTTP/1.1" 200 0 "-" "WordPress/6.8; https://hylasmagazine.com"
54.241.246.155 - - [16/Apr/2025:02:23:19 -0400] "POST /xmlrpc.php HTTP/1.1" 200 205 "-" "Mozilla/5.0 (Windows NT 10.0; Win64; x64) AppleWebKit/537.36 (KHTML, like Gecko) Chrome/130.0.0.0 Safari/537.36"
198.54.114.83 - - [16/Apr/2025:02:23:23 -0400] "POST /wp-admin/admin-ajax.php?action=async_litespeed&nonce=X6H5P6i0pyQdfWXbINrWAEfpopOXqhbU&litespeed_type=imgoptm HTTP/1.1" 200 0 "-" "WordPress/6.8; https://hylasmagazine.com"
