31.220.92.156 - - [15/Apr/2025:21:58:04 -0400] "GET /autoload_classmap.php HTTP/1.1" 404 27944 "-" "Mozilla/5.0 (Windows NT 10.0; Win64; x64) AppleWebKit/537.36 (KHTML, like Gecko) Chrome/115.0 Safari/537.36"
195.191.219.132 - - [15/Apr/2025:21:58:03 -0400] "GET /cheapest-todd-gurley-ii-nfl-jersey-outlet-sales-55/ HTTP/1.1" 301 0 "-" "Mozilla/5.0 (compatible; MJ12bot/v2.0.0; http://mj12bot.com/)"
198.54.114.83 - - [15/Apr/2025:21:58:05 -0400] "POST /wp-cron.php?doing_wp_cron=1744768683.5141799449920654296875 HTTP/1.1" 200 0 "-" "WordPress/6.8; https://hylasmagazine.com"
195.191.219.132 - - [15/Apr/2025:21:58:06 -0400] "GET /cheapest-todd-gurley-ii-nfl-jersey-outlet-sales-55/ HTTP/1.1" 404 27943 "-" "Mozilla/5.0 (compatible; MJ12bot/v2.0.0; http://mj12bot.com/)"
31.220.92.156 - - [15/Apr/2025:21:58:08 -0400] "GET /as/function.php HTTP/1.1" 404 27943 "-" "Mozilla/5.0 (Windows NT 10.0; Win64; x64) AppleWebKit/537.36 (KHTML, like Gecko) Chrome/115.0 Safari/537.36"
31.220.92.156 - - [15/Apr/2025:21:58:13 -0400] "GET /fm1.php HTTP/1.1" 404 27943 "-" "Mozilla/5.0 (Windows NT 10.0; Win64; x64) AppleWebKit/537.36 (KHTML, like Gecko) Chrome/115.0 Safari/537.36"
31.220.92.156 - - [15/Apr/2025:21:58:18 -0400] "GET /sad/about.php HTTP/1.1" 404 27943 "-" "Mozilla/5.0 (Windows NT 10.0; Win64; x64) AppleWebKit/537.36 (KHTML, like Gecko) Chrome/115.0 Safari/537.36"
31.220.92.156 - - [15/Apr/2025:21:58:21 -0400] "GET /wp-2019.php HTTP/1.1" 404 27943 "-" "Mozilla/5.0 (Windows NT 10.0; Win64; x64) AppleWebKit/537.36 (KHTML, like Gecko) Chrome/115.0 Safari/537.36"
31.220.92.156 - - [15/Apr/2025:21:58:24 -0400] "GET /cgi-bin/index.php HTTP/1.1" 500 74 "-" "Mozilla/5.0 (Windows NT 10.0; Win64; x64) AppleWebKit/537.36 (KHTML, like Gecko) Chrome/115.0 Safari/537.36"
31.220.92.156 - - [15/Apr/2025:21:58:27 -0400] "GET /ioxi002.PhP7 HTTP/1.1" 404 27943 "-" "Mozilla/5.0 (Windows NT 10.0; Win64; x64) AppleWebKit/537.36 (KHTML, like Gecko) Chrome/115.0 Safari/537.36"
31.220.92.156 - - [15/Apr/2025:21:58:29 -0400] "GET /class_api.php HTTP/1.1" 404 27943 "-" "Mozilla/5.0 (Windows NT 10.0; Win64; x64) AppleWebKit/537.36 (KHTML, like Gecko) Chrome/115.0 Safari/537.36"
31.220.92.156 - - [15/Apr/2025:21:58:32 -0400] "GET /BDKR28.php HTTP/1.1" 404 27943 "-" "Mozilla/5.0 (Windows NT 10.0; Win64; x64) AppleWebKit/537.36 (KHTML, like Gecko) Chrome/115.0 Safari/537.36"
31.220.92.156 - - [15/Apr/2025:21:58:35 -0400] "GET /wp-cron.php HTTP/1.1" 200 0 "-" "Mozilla/5.0 (Windows NT 10.0; Win64; x64) AppleWebKit/537.36 (KHTML, like Gecko) Chrome/115.0 Safari/537.36"
31.220.92.156 - - [15/Apr/2025:21:58:37 -0400] "GET /wp-blog-header.php HTTP/1.1" 404 0 "-" "Mozilla/5.0 (Windows NT 10.0; Win64; x64) AppleWebKit/537.36 (KHTML, like Gecko) Chrome/115.0 Safari/537.36"
31.220.92.156 - - [15/Apr/2025:21:58:40 -0400] "GET /wp-config-sample.php HTTP/1.1" 500 905 "-" "Mozilla/5.0 (Windows NT 10.0; Win64; x64) AppleWebKit/537.36 (KHTML, like Gecko) Chrome/115.0 Safari/537.36"
31.220.92.156 - - [15/Apr/2025:21:58:42 -0400] "GET /cgi-bin/wp-login.php HTTP/1.1" 404 27943 "-" "Mozilla/5.0 (Windows NT 10.0; Win64; x64) AppleWebKit/537.36 (KHTML, like Gecko) Chrome/115.0 Safari/537.36"
31.220.92.156 - - [15/Apr/2025:21:58:47 -0400] "GET /wp-admin/edit.php HTTP/1.1" 302 0 "-" "Mozilla/5.0 (Windows NT 10.0; Win64; x64) AppleWebKit/537.36 (KHTML, like Gecko) Chrome/115.0 Safari/537.36"
31.220.92.156 - - [15/Apr/2025:21:58:50 -0400] "GET /wp-admin/widgets.php HTTP/1.1" 302 0 "-" "Mozilla/5.0 (Windows NT 10.0; Win64; x64) AppleWebKit/537.36 (KHTML, like Gecko) Chrome/115.0 Safari/537.36"
54.36.148.8 - - [15/Apr/2025:21:58:47 -0400] "GET /hvac-preventive-maintenance/ HTTP/1.1" 200 31731 "-" "Mozilla/5.0 (compatible; AhrefsBot/7.0; +http://ahrefs.com/robot/)"
31.220.92.156 - - [15/Apr/2025:21:58:54 -0400] "GET /wp-header.php HTTP/1.1" 404 27943 "-" "Mozilla/5.0 (Windows NT 10.0; Win64; x64) AppleWebKit/537.36 (KHTML, like Gecko) Chrome/115.0 Safari/537.36"
31.220.92.156 - - [15/Apr/2025:21:58:59 -0400] "GET /wp-admin/bk/index.php HTTP/1.1" 301 0 "-" "Mozilla/5.0 (Windows NT 10.0; Win64; x64) AppleWebKit/537.36 (KHTML, like Gecko) Chrome/115.0 Safari/537.36"
198.54.114.83 - - [15/Apr/2025:21:59:04 -0400] "POST /wp-cron.php?doing_wp_cron=1744768743.9543540477752685546875 HTTP/1.1" 200 0 "-" "WordPress/6.8; https://hylasmagazine.com"
31.220.92.156 - - [15/Apr/2025:21:59:03 -0400] "GET /wp-content/bk/index.php HTTP/1.1" 301 0 "-" "Mozilla/5.0 (Windows NT 10.0; Win64; x64) AppleWebKit/537.36 (KHTML, like Gecko) Chrome/115.0 Safari/537.36"
198.54.114.83 - - [15/Apr/2025:21:59:07 -0400] "POST /wp-admin/admin-ajax.php?action=async_litespeed&nonce=uJpdSHemm34PpPNQQSjIVIfpxNgKWkbH&litespeed_type=imgoptm HTTP/1.1" 200 0 "-" "WordPress/6.8; https://hylasmagazine.com"
31.220.92.156 - - [15/Apr/2025:21:59:08 -0400] "GET /wp-content/themes/bk/index.php HTTP/1.1" 301 0 "-" "Mozilla/5.0 (Windows NT 10.0; Win64; x64) AppleWebKit/537.36 (KHTML, like Gecko) Chrome/115.0 Safari/537.36"
31.220.92.156 - - [15/Apr/2025:21:59:11 -0400] "GET /wp-content/plugins/bk/index.php HTTP/1.1" 301 0 "-" "Mozilla/5.0 (Windows NT 10.0; Win64; x64) AppleWebKit/537.36 (KHTML, like Gecko) Chrome/115.0 Safari/537.36"
31.220.92.156 - - [15/Apr/2025:21:59:14 -0400] "GET /wp-content/uploads/bk/index.php HTTP/1.1" 301 0 "-" "Mozilla/5.0 (Windows NT 10.0; Win64; x64) AppleWebKit/537.36 (KHTML, like Gecko) Chrome/115.0 Safari/537.36"
31.220.92.156 - - [15/Apr/2025:21:59:18 -0400] "GET /wp-includes/bk/index.php HTTP/1.1" 301 0 "-" "Mozilla/5.0 (Windows NT 10.0; Win64; x64) AppleWebKit/537.36 (KHTML, like Gecko) Chrome/115.0 Safari/537.36"
31.220.92.156 - - [15/Apr/2025:21:59:24 -0400] "GET /wp-admin/network/index.php HTTP/1.1" 302 0 "-" "Mozilla/5.0 (Windows NT 10.0; Win64; x64) AppleWebKit/537.36 (KHTML, like Gecko) Chrome/115.0 Safari/537.36"
31.220.92.156 - - [15/Apr/2025:21:59:29 -0400] "GET /wp-admin/js/index.php HTTP/1.1" 301 0 "-" "Mozilla/5.0 (Windows NT 10.0; Win64; x64) AppleWebKit/537.36 (KHTML, like Gecko) Chrome/115.0 Safari/537.36"
31.220.92.156 - - [15/Apr/2025:21:59:34 -0400] "GET /wp-admin/images/index.php HTTP/1.1" 301 0 "-" "Mozilla/5.0 (Windows NT 10.0; Win64; x64) AppleWebKit/537.36 (KHTML, like Gecko) Chrome/115.0 Safari/537.36"
31.220.92.156 - - [15/Apr/2025:21:59:38 -0400] "GET /wp-admin/css/index.php HTTP/1.1" 301 0 "-" "Mozilla/5.0 (Windows NT 10.0; Win64; x64) AppleWebKit/537.36 (KHTML, like Gecko) Chrome/115.0 Safari/537.36"
31.220.92.156 - - [15/Apr/2025:21:59:41 -0400] "GET /wp-includes/SimplePie/Content/Type/index.php HTTP/1.1" 301 0 "-" "Mozilla/5.0 (Windows NT 10.0; Win64; x64) AppleWebKit/537.36 (KHTML, like Gecko) Chrome/115.0 Safari/537.36"
31.220.92.156 - - [15/Apr/2025:21:59:45 -0400] "GET /wp-includes/Requests/Auth/index.php HTTP/1.1" 301 0 "-" "Mozilla/5.0 (Windows NT 10.0; Win64; x64) AppleWebKit/537.36 (KHTML, like Gecko) Chrome/115.0 Safari/537.36"
31.220.92.156 - - [15/Apr/2025:21:59:49 -0400] "GET /wp-admin/css/colors/index.php HTTP/1.1" 301 0 "-" "Mozilla/5.0 (Windows NT 10.0; Win64; x64) AppleWebKit/537.36 (KHTML, like Gecko) Chrome/115.0 Safari/537.36"
31.220.92.156 - - [15/Apr/2025:21:59:52 -0400] "GET /wp-content/languages/index.php HTTP/1.1" 301 0 "-" "Mozilla/5.0 (Windows NT 10.0; Win64; x64) AppleWebKit/537.36 (KHTML, like Gecko) Chrome/115.0 Safari/537.36"
31.220.92.156 - - [15/Apr/2025:21:59:57 -0400] "GET /wp-content/upgrade/index.php HTTP/1.1" 301 0 "-" "Mozilla/5.0 (Windows NT 10.0; Win64; x64) AppleWebKit/537.36 (KHTML, like Gecko) Chrome/115.0 Safari/537.36"
31.220.92.156 - - [15/Apr/2025:22:00:00 -0400] "GET /wp-includes/plugin.php HTTP/1.1" 403 1242 "-" "Mozilla/5.0 (Windows NT 10.0; Win64; x64) AppleWebKit/537.36 (KHTML, like Gecko) Chrome/115.0 Safari/537.36"
31.220.92.156 - - [15/Apr/2025:22:00:05 -0400] "GET /wp-content/IXR/index.php HTTP/1.1" 301 0 "-" "Mozilla/5.0 (Windows NT 10.0; Win64; x64) AppleWebKit/537.36 (KHTML, like Gecko) Chrome/115.0 Safari/537.36"
198.54.114.83 - - [15/Apr/2025:22:00:08 -0400] "POST /wp-cron.php?doing_wp_cron=1744768805.9242219924926757812500 HTTP/1.1" 200 0 "-" "WordPress/6.8; https://hylasmagazine.com"
31.220.92.156 - - [15/Apr/2025:22:00:13 -0400] "GET /wp-content/plugins/index.php HTTP/1.1" 200 0 "-" "Mozilla/5.0 (Windows NT 10.0; Win64; x64) AppleWebKit/537.36 (KHTML, like Gecko) Chrome/115.0 Safari/537.36"
31.220.92.156 - - [15/Apr/2025:22:00:15 -0400] "GET /wp-includes/load.php HTTP/1.1" 403 1242 "-" "Mozilla/5.0 (Windows NT 10.0; Win64; x64) AppleWebKit/537.36 (KHTML, like Gecko) Chrome/115.0 Safari/537.36"
31.220.92.156 - - [15/Apr/2025:22:00:20 -0400] "GET /wp-content/themes/index.php HTTP/1.1" 200 0 "-" "Mozilla/5.0 (Windows NT 10.0; Win64; x64) AppleWebKit/537.36 (KHTML, like Gecko) Chrome/115.0 Safari/537.36"
31.220.92.156 - - [15/Apr/2025:22:00:24 -0400] "GET /wp-content/uploads/index.php HTTP/1.1" 301 0 "-" "Mozilla/5.0 (Windows NT 10.0; Win64; x64) AppleWebKit/537.36 (KHTML, like Gecko) Chrome/115.0 Safari/537.36"
31.220.92.156 - - [15/Apr/2025:22:00:29 -0400] "GET /wp-includes/theme.php HTTP/1.1" 403 1242 "-" "Mozilla/5.0 (Windows NT 10.0; Win64; x64) AppleWebKit/537.36 (KHTML, like Gecko) Chrome/115.0 Safari/537.36"
31.220.92.156 - - [15/Apr/2025:22:00:33 -0400] "GET /wp-admin/includes/index.php HTTP/1.1" 301 0 "-" "Mozilla/5.0 (Windows NT 10.0; Win64; x64) AppleWebKit/537.36 (KHTML, like Gecko) Chrome/115.0 Safari/537.36"
31.220.92.156 - - [15/Apr/2025:22:00:37 -0400] "GET /wp-includes/js/index.php HTTP/1.1" 301 0 "-" "Mozilla/5.0 (Windows NT 10.0; Win64; x64) AppleWebKit/537.36 (KHTML, like Gecko) Chrome/115.0 Safari/537.36"
31.220.92.156 - - [15/Apr/2025:22:00:40 -0400] "GET /wp-includes/functions.php HTTP/1.1" 403 1242 "-" "Mozilla/5.0 (Windows NT 10.0; Win64; x64) AppleWebKit/537.36 (KHTML, like Gecko) Chrome/115.0 Safari/537.36"
31.220.92.156 - - [15/Apr/2025:22:00:42 -0400] "GET /wp-includes/Text/Diff/Engine/index.php HTTP/1.1" 301 0 "-" "Mozilla/5.0 (Windows NT 10.0; Win64; x64) AppleWebKit/537.36 (KHTML, like Gecko) Chrome/115.0 Safari/537.36"
31.220.92.156 - - [15/Apr/2025:22:00:46 -0400] "GET /wp-includes/IXR/index.php HTTP/1.1" 301 0 "-" "Mozilla/5.0 (Windows NT 10.0; Win64; x64) AppleWebKit/537.36 (KHTML, like Gecko) Chrome/115.0 Safari/537.36"
31.220.92.156 - - [15/Apr/2025:22:00:52 -0400] "GET /wp-content/plugins/admin.php HTTP/1.1" 404 27943 "-" "Mozilla/5.0 (Windows NT 10.0; Win64; x64) AppleWebKit/537.36 (KHTML, like Gecko) Chrome/115.0 Safari/537.36"
31.220.92.156 - - [15/Apr/2025:22:00:56 -0400] "GET /wp-includes/class-wp-user.php HTTP/1.1" 403 1242 "-" "Mozilla/5.0 (Windows NT 10.0; Win64; x64) AppleWebKit/537.36 (KHTML, like Gecko) Chrome/115.0 Safari/537.36"
31.220.92.156 - - [15/Apr/2025:22:01:00 -0400] "GET /wp-includes/rest-api.php HTTP/1.1" 403 1242 "-" "Mozilla/5.0 (Windows NT 10.0; Win64; x64) AppleWebKit/537.36 (KHTML, like Gecko) Chrome/115.0 Safari/537.36"
31.220.92.156 - - [15/Apr/2025:22:01:03 -0400] "GET /wp-admin/admin-post.php HTTP/1.1" 200 0 "-" "Mozilla/5.0 (Windows NT 10.0; Win64; x64) AppleWebKit/537.36 (KHTML, like Gecko) Chrome/115.0 Safari/537.36"
31.220.92.156 - - [15/Apr/2025:22:01:06 -0400] "GET /wp-admin/includes/class-wp-filesystem.php HTTP/1.1" 404 27943 "-" "Mozilla/5.0 (Windows NT 10.0; Win64; x64) AppleWebKit/537.36 (KHTML, like Gecko) Chrome/115.0 Safari/537.36"
198.54.114.83 - - [15/Apr/2025:22:01:09 -0400] "POST /wp-cron.php?doing_wp_cron=1744768867.5645139217376708984375 HTTP/1.1" 200 0 "-" "WordPress/6.8; https://hylasmagazine.com"
31.220.92.156 - - [15/Apr/2025:22:01:12 -0400] "GET /wp-admin/includes/update.php HTTP/1.1" 403 1242 "-" "Mozilla/5.0 (Windows NT 10.0; Win64; x64) AppleWebKit/537.36 (KHTML, like Gecko) Chrome/115.0 Safari/537.36"
31.220.92.156 - - [15/Apr/2025:22:01:15 -0400] "GET /wp-admin/includes/media.php HTTP/1.1" 403 1242 "-" "Mozilla/5.0 (Windows NT 10.0; Win64; x64) AppleWebKit/537.36 (KHTML, like Gecko) Chrome/115.0 Safari/537.36"
31.220.92.156 - - [15/Apr/2025:22:01:17 -0400] "GET /wp-includes/js/tinymce/tiny_mce.js HTTP/1.1" 404 27943 "-" "Mozilla/5.0 (Windows NT 10.0; Win64; x64) AppleWebKit/537.36 (KHTML, like Gecko) Chrome/115.0 Safari/537.36"
31.220.92.156 - - [15/Apr/2025:22:01:21 -0400] "GET /wp-includes/compat.php HTTP/1.1" 403 1242 "-" "Mozilla/5.0 (Windows NT 10.0; Win64; x64) AppleWebKit/537.36 (KHTML, like Gecko) Chrome/115.0 Safari/537.36"
31.220.92.156 - - [15/Apr/2025:22:01:23 -0400] "GET /wp-includes/capabilities.php HTTP/1.1" 403 1242 "-" "Mozilla/5.0 (Windows NT 10.0; Win64; x64) AppleWebKit/537.36 (KHTML, like Gecko) Chrome/115.0 Safari/537.36"
31.220.92.156 - - [15/Apr/2025:22:01:27 -0400] "GET /wp-includes/wp-db.php HTTP/1.1" 403 1242 "-" "Mozilla/5.0 (Windows NT 10.0; Win64; x64) AppleWebKit/537.36 (KHTML, like Gecko) Chrome/115.0 Safari/537.36"
31.220.92.156 - - [15/Apr/2025:22:01:29 -0400] "GET /wp-admin/install.php HTTP/1.1" 200 434 "-" "Mozilla/5.0 (Windows NT 10.0; Win64; x64) AppleWebKit/537.36 (KHTML, like Gecko) Chrome/115.0 Safari/537.36"
198.54.114.83 - - [15/Apr/2025:22:01:32 -0400] "POST /wp-cron.php?doing_wp_cron=1744768890.4356079101562500000000 HTTP/1.1" 200 0 "-" "WordPress/6.8; https://hylasmagazine.com"
31.220.92.156 - - [15/Apr/2025:22:01:34 -0400] "GET /wp-admin/index.php HTTP/1.1" 302 0 "-" "Mozilla/5.0 (Windows NT 10.0; Win64; x64) AppleWebKit/537.36 (KHTML, like Gecko) Chrome/115.0 Safari/537.36"
31.220.92.156 - - [15/Apr/2025:22:01:37 -0400] "GET /wp-admin/admin-ajax.php HTTP/1.1" 400 5 "-" "Mozilla/5.0 (Windows NT 10.0; Win64; x64) AppleWebKit/537.36 (KHTML, like Gecko) Chrome/115.0 Safari/537.36"
47.79.215.96 - - [15/Apr/2025:22:01:39 -0400] "GET / HTTP/1.1" 200 78495 "https://www.google.com/" "Mozilla/5.0 (Windows NT 10.0; Win64; x64) AppleWebKit/537.36 (KHTML, like Gecko) Chrome/131.0.0.0 Safari/537.36 OPR/116.0.0.0"
47.79.193.245 - - [15/Apr/2025:22:01:41 -0400] "GET / HTTP/1.1" 200 78495 "https://www.google.com/" "Mozilla/5.0 (Linux; Android 10; K) AppleWebKit/537.36 (KHTML, like Gecko) Chrome/132.0.0.0 Mobile Safari/537.36"
31.220.92.156 - - [15/Apr/2025:22:01:41 -0400] "GET /wp-admin/options.php HTTP/1.1" 302 0 "-" "Mozilla/5.0 (Windows NT 10.0; Win64; x64) AppleWebKit/537.36 (KHTML, like Gecko) Chrome/115.0 Safari/537.36"
31.220.92.156 - - [15/Apr/2025:22:01:45 -0400] "GET /wp-includes/Requests/about.php HTTP/1.1" 404 27943 "-" "Mozilla/5.0 (Windows NT 10.0; Win64; x64) AppleWebKit/537.36 (KHTML, like Gecko) Chrome/115.0 Safari/537.36"
31.220.92.156 - - [15/Apr/2025:22:01:51 -0400] "GET /wp-content/themes/travel/issue.php HTTP/1.1" 404 27943 "-" "Mozilla/5.0 (Windows NT 10.0; Win64; x64) AppleWebKit/537.36 (KHTML, like Gecko) Chrome/115.0 Safari/537.36"
31.220.92.156 - - [15/Apr/2025:22:01:57 -0400] "GET /wp-admin/js/index.php HTTP/1.1" 301 0 "-" "Mozilla/5.0 (Windows NT 10.0; Win64; x64) AppleWebKit/537.36 (KHTML, like Gecko) Chrome/115.0 Safari/537.36"
31.220.92.156 - - [15/Apr/2025:22:02:02 -0400] "GET /wp-content/plugins/phpadmin/as.php HTTP/1.1" 404 27945 "-" "Mozilla/5.0 (Windows NT 10.0; Win64; x64) AppleWebKit/537.36 (KHTML, like Gecko) Chrome/115.0 Safari/537.36"
31.220.92.156 - - [15/Apr/2025:22:02:07 -0400] "GET /wp-includes/rest-api/about.php HTTP/1.1" 404 27943 "-" "Mozilla/5.0 (Windows NT 10.0; Win64; x64) AppleWebKit/537.36 (KHTML, like Gecko) Chrome/115.0 Safari/537.36"
198.54.114.83 - - [15/Apr/2025:22:02:09 -0400] "POST /wp-cron.php?doing_wp_cron=1744768927.6177198886871337890625 HTTP/1.1" 200 0 "-" "WordPress/6.8; https://hylasmagazine.com"
31.220.92.156 - - [15/Apr/2025:22:02:12 -0400] "GET /wp-content/themes/travelscape/json.php HTTP/1.1" 404 27943 "-" "Mozilla/5.0 (Windows NT 10.0; Win64; x64) AppleWebKit/537.36 (KHTML, like Gecko) Chrome/115.0 Safari/537.36"
31.220.92.156 - - [15/Apr/2025:22:02:16 -0400] "GET /wp-includes/ID3/wp-login.php HTTP/1.1" 404 27943 "-" "Mozilla/5.0 (Windows NT 10.0; Win64; x64) AppleWebKit/537.36 (KHTML, like Gecko) Chrome/115.0 Safari/537.36"
31.220.92.156 - - [15/Apr/2025:22:02:19 -0400] "GET /wp-content/plugins/Cache/Cache.php HTTP/1.1" 404 27943 "-" "Mozilla/5.0 (Windows NT 10.0; Win64; x64) AppleWebKit/537.36 (KHTML, like Gecko) Chrome/115.0 Safari/537.36"
31.220.92.156 - - [15/Apr/2025:22:02:22 -0400] "GET /.well-known/pki-validation/about.php HTTP/1.1" 404 1251 "-" "Mozilla/5.0 (Windows NT 10.0; Win64; x64) AppleWebKit/537.36 (KHTML, like Gecko) Chrome/115.0 Safari/537.36"
31.220.92.156 - - [15/Apr/2025:22:02:25 -0400] "GET /wp-includes/wp-includes_function.php HTTP/1.1" 404 27943 "-" "Mozilla/5.0 (Windows NT 10.0; Win64; x64) AppleWebKit/537.36 (KHTML, like Gecko) Chrome/115.0 Safari/537.36"
31.220.92.156 - - [15/Apr/2025:22:02:29 -0400] "GET /wp-content/upgrade/about.php HTTP/1.1" 404 27943 "-" "Mozilla/5.0 (Windows NT 10.0; Win64; x64) AppleWebKit/537.36 (KHTML, like Gecko) Chrome/115.0 Safari/537.36"
31.220.92.156 - - [15/Apr/2025:22:02:33 -0400] "GET /wp-content/languages/wp-login.php HTTP/1.1" 404 27943 "-" "Mozilla/5.0 (Windows NT 10.0; Win64; x64) AppleWebKit/537.36 (KHTML, like Gecko) Chrome/115.0 Safari/537.36"
54.36.149.56 - - [15/Apr/2025:22:02:37 -0400] "GET /choosing-diamond-burrs/ HTTP/1.1" 200 31843 "-" "Mozilla/5.0 (compatible; AhrefsBot/7.0; +http://ahrefs.com/robot/)"
31.220.92.156 - - [15/Apr/2025:22:02:37 -0400] "GET /wp-admin/css/network.php HTTP/1.1" 404 27943 "-" "Mozilla/5.0 (Windows NT 10.0; Win64; x64) AppleWebKit/537.36 (KHTML, like Gecko) Chrome/115.0 Safari/537.36"
31.220.92.156 - - [15/Apr/2025:22:02:41 -0400] "GET /wp-content/themes/twentyfive/include.php HTTP/1.1" 404 27943 "-" "Mozilla/5.0 (Windows NT 10.0; Win64; x64) AppleWebKit/537.36 (KHTML, like Gecko) Chrome/115.0 Safari/537.36"
31.220.92.156 - - [15/Apr/2025:22:02:44 -0400] "GET /wp-includes/sitemaps/about.php HTTP/1.1" 404 27943 "-" "Mozilla/5.0 (Windows NT 10.0; Win64; x64) AppleWebKit/537.36 (KHTML, like Gecko) Chrome/115.0 Safari/537.36"
31.220.92.156 - - [15/Apr/2025:22:02:48 -0400] "GET /wp-includes/class-wp-simple-js.php HTTP/1.1" 404 27943 "-" "Mozilla/5.0 (Windows NT 10.0; Win64; x64) AppleWebKit/537.36 (KHTML, like Gecko) Chrome/115.0 Safari/537.36"
31.220.92.156 - - [15/Apr/2025:22:02:53 -0400] "GET /wp-admin/css/colors/about.php HTTP/1.1" 404 27943 "-" "Mozilla/5.0 (Windows NT 10.0; Win64; x64) AppleWebKit/537.36 (KHTML, like Gecko) Chrome/115.0 Safari/537.36"
31.220.92.156 - - [15/Apr/2025:22:02:57 -0400] "GET /wp-admin/user/about.php HTTP/1.1" 302 0 "-" "Mozilla/5.0 (Windows NT 10.0; Win64; x64) AppleWebKit/537.36 (KHTML, like Gecko) Chrome/115.0 Safari/537.36"
31.220.92.156 - - [15/Apr/2025:22:03:01 -0400] "GET /wp-content/plugins/backup_index.php HTTP/1.1" 404 27943 "-" "Mozilla/5.0 (Windows NT 10.0; Win64; x64) AppleWebKit/537.36 (KHTML, like Gecko) Chrome/115.0 Safari/537.36"
198.54.114.83 - - [15/Apr/2025:22:03:08 -0400] "POST /wp-cron.php?doing_wp_cron=1744768987.8119080066680908203125 HTTP/1.1" 200 0 "-" "WordPress/6.8; https://hylasmagazine.com"
31.220.92.156 - - [15/Apr/2025:22:03:07 -0400] "GET /wp-content/themes/seotheme/mar.php HTTP/1.1" 404 27943 "-" "Mozilla/5.0 (Windows NT 10.0; Win64; x64) AppleWebKit/537.36 (KHTML, like Gecko) Chrome/115.0 Safari/537.36"
31.220.92.156 - - [15/Apr/2025:22:03:11 -0400] "GET /wp-admin/js/widgets/about.php HTTP/1.1" 404 27943 "-" "Mozilla/5.0 (Windows NT 10.0; Win64; x64) AppleWebKit/537.36 (KHTML, like Gecko) Chrome/115.0 Safari/537.36"
31.220.92.156 - - [15/Apr/2025:22:03:21 -0400] "GET /wp-content/themes/seotheme/bads.php HTTP/1.1" 404 27943 "-" "Mozilla/5.0 (Windows NT 10.0; Win64; x64) AppleWebKit/537.36 (KHTML, like Gecko) Chrome/115.0 Safari/537.36"
198.54.114.83 - - [15/Apr/2025:22:03:22 -0400] "POST /wp-admin/admin-ajax.php?action=async_litespeed&nonce=yxent5vhQl2PeZ54ZU6rwAbreET9SH71&litespeed_type=imgoptm HTTP/1.1" 200 0 "-" "WordPress/6.8; https://hylasmagazine.com"
31.220.92.156 - - [15/Apr/2025:22:03:25 -0400] "GET /wp-content/uploads/wp-login.php HTTP/1.1" 404 27943 "-" "Mozilla/5.0 (Windows NT 10.0; Win64; x64) AppleWebKit/537.36 (KHTML, like Gecko) Chrome/115.0 Safari/537.36"
31.220.92.156 - - [15/Apr/2025:22:03:29 -0400] "GET /wp-content/uploads/about.php HTTP/1.1" 404 27943 "-" "Mozilla/5.0 (Windows NT 10.0; Win64; x64) AppleWebKit/537.36 (KHTML, like Gecko) Chrome/115.0 Safari/537.36"
31.220.92.156 - - [15/Apr/2025:22:03:35 -0400] "GET /wp-content/plugins/css-ready/file.php HTTP/1.1" 404 27943 "-" "Mozilla/5.0 (Windows NT 10.0; Win64; x64) AppleWebKit/537.36 (KHTML, like Gecko) Chrome/115.0 Safari/537.36"
31.220.92.156 - - [15/Apr/2025:22:03:44 -0400] "GET /wp-admin/includes/plugin.php HTTP/1.1" 403 1242 "-" "Mozilla/5.0 (Windows NT 10.0; Win64; x64) AppleWebKit/537.36 (KHTML, like Gecko) Chrome/115.0 Safari/537.36"
31.220.92.156 - - [15/Apr/2025:22:03:45 -0400] "GET /wp-admin/admin-functions.php HTTP/1.1" 200 6 "-" "Mozilla/5.0 (Windows NT 10.0; Win64; x64) AppleWebKit/537.36 (KHTML, like Gecko) Chrome/115.0 Safari/537.36"
31.220.92.156 - - [15/Apr/2025:22:03:48 -0400] "GET /wp-admin/theme-editor.php HTTP/1.1" 302 0 "-" "Mozilla/5.0 (Windows NT 10.0; Win64; x64) AppleWebKit/537.36 (KHTML, like Gecko) Chrome/115.0 Safari/537.36"
31.220.92.156 - - [15/Apr/2025:22:03:51 -0400] "GET /wp-admin/includes/theme.php HTTP/1.1" 403 1242 "-" "Mozilla/5.0 (Windows NT 10.0; Win64; x64) AppleWebKit/537.36 (KHTML, like Gecko) Chrome/115.0 Safari/537.36"
23.22.107.123 - - [15/Apr/2025:22:03:44 -0400] "GET /proper-property-management-is-crucial-to-maximizing-your-investment-and-keeping-your-tenants-happy/ HTTP/1.1" 200 0 "-" "Grammarly/1.0 (http://www.grammarly.com)"
114.119.153.91 - - [15/Apr/2025:22:03:43 -0400] "GET /what-is-branding/ HTTP/1.1" 200 31569 "https://hylasmagazine.com/page/68/?MA" "Mozilla/5.0 (Linux; Android 7.0;) AppleWebKit/537.36 (KHTML, like Gecko) Mobile Safari/537.36 (compatible; PetalBot;+https://webmaster.petalsearch.com/site/petalbot)"
31.220.92.156 - - [15/Apr/2025:22:03:55 -0400] "GET /wp-content/themes/digital-download/new.php HTTP/1.1" 404 27943 "-" "Mozilla/5.0 (Windows NT 10.0; Win64; x64) AppleWebKit/537.36 (KHTML, like Gecko) Chrome/115.0 Safari/537.36"
31.220.92.156 - - [15/Apr/2025:22:04:02 -0400] "GET /wp-admin/css/index.php HTTP/1.1" 301 0 "-" "Mozilla/5.0 (Windows NT 10.0; Win64; x64) AppleWebKit/537.36 (KHTML, like Gecko) Chrome/115.0 Safari/537.36"
31.220.92.156 - - [15/Apr/2025:22:04:05 -0400] "GET /wp-includes/SimplePie/Content/Type/index.php HTTP/1.1" 301 0 "-" "Mozilla/5.0 (Windows NT 10.0; Win64; x64) AppleWebKit/537.36 (KHTML, like Gecko) Chrome/115.0 Safari/537.36"
31.220.92.156 - - [15/Apr/2025:22:04:09 -0400] "GET /wp-content/plugins/core/include.php HTTP/1.1" 404 27943 "-" "Mozilla/5.0 (Windows NT 10.0; Win64; x64) AppleWebKit/537.36 (KHTML, like Gecko) Chrome/115.0 Safari/537.36"
198.54.114.83 - - [15/Apr/2025:22:04:14 -0400] "POST /wp-cron.php?doing_wp_cron=1744769050.2152099609375000000000 HTTP/1.1" 200 0 "-" "WordPress/6.8; https://hylasmagazine.com"
31.220.92.156 - - [15/Apr/2025:22:04:17 -0400] "GET /wp-content/plugins/press/wp-class.php HTTP/1.1" 404 27943 "-" "Mozilla/5.0 (Windows NT 10.0; Win64; x64) AppleWebKit/537.36 (KHTML, like Gecko) Chrome/115.0 Safari/537.36"
31.220.92.156 - - [15/Apr/2025:22:04:22 -0400] "GET /wp-content/IXR/index.php HTTP/1.1" 301 0 "-" "Mozilla/5.0 (Windows NT 10.0; Win64; x64) AppleWebKit/537.36 (KHTML, like Gecko) Chrome/115.0 Safari/537.36"
31.220.92.156 - - [15/Apr/2025:22:04:25 -0400] "GET /wp-includes/ID3/about.php HTTP/1.1" 404 27943 "-" "Mozilla/5.0 (Windows NT 10.0; Win64; x64) AppleWebKit/537.36 (KHTML, like Gecko) Chrome/115.0 Safari/537.36"
31.220.92.156 - - [15/Apr/2025:22:04:32 -0400] "GET /wp-content/languages/about.php HTTP/1.1" 404 27943 "-" "Mozilla/5.0 (Windows NT 10.0; Win64; x64) AppleWebKit/537.36 (KHTML, like Gecko) Chrome/115.0 Safari/537.36"
31.220.92.156 - - [15/Apr/2025:22:04:36 -0400] "GET /wp-content/updates.php HTTP/1.1" 404 27943 "-" "Mozilla/5.0 (Windows NT 10.0; Win64; x64) AppleWebKit/537.36 (KHTML, like Gecko) Chrome/115.0 Safari/537.36"
114.119.137.193 - - [15/Apr/2025:22:05:28 -0400] "GET /real-estate-crm-software/ HTTP/1.1" 200 31445 "https://hylasmagazine.com/page/59/?SA" "Mozilla/5.0 (Linux; Android 7.0;) AppleWebKit/537.36 (KHTML, like Gecko) Mobile Safari/537.36 (compatible; PetalBot;+https://webmaster.petalsearch.com/site/petalbot)"
198.54.114.83 - - [15/Apr/2025:22:05:30 -0400] "POST /wp-cron.php?doing_wp_cron=1744769128.9197709560394287109375 HTTP/1.1" 200 0 "-" "WordPress/6.8; https://hylasmagazine.com"
198.54.114.83 - - [15/Apr/2025:22:05:32 -0400] "POST /wp-admin/admin-ajax.php?action=async_litespeed&nonce=H9c6RNEqUwAwIL1iYw6javNYLZFTB9v4&litespeed_type=imgoptm HTTP/1.1" 200 0 "-" "WordPress/6.8; https://hylasmagazine.com"
43.154.87.57 - - [15/Apr/2025:22:06:14 -0400] "GET /use-a-shoe-size-converter-to-find-the-right-fit-for-your-feet/ HTTP/1.1" 200 31612 "-" "Python/3.10 aiohttp/3.10.5"
198.54.114.83 - - [15/Apr/2025:22:06:16 -0400] "POST /wp-cron.php?doing_wp_cron=1744769175.1839389801025390625000 HTTP/1.1" 200 0 "-" "WordPress/6.8; https://hylasmagazine.com"
54.36.149.19 - - [15/Apr/2025:22:06:24 -0400] "GET /galabau-buchholz/ HTTP/1.1" 200 31706 "-" "Mozilla/5.0 (compatible; AhrefsBot/7.0; +http://ahrefs.com/robot/)"
114.119.137.193 - - [15/Apr/2025:22:07:23 -0400] "GET /finding-the-best-prescription-glasses-online/ HTTP/1.1" 200 31589 "https://hylasmagazine.com/page/7/?SA" "Mozilla/5.0 (Linux; Android 7.0;) AppleWebKit/537.36 (KHTML, like Gecko) Mobile Safari/537.36 (compatible; PetalBot;+https://webmaster.petalsearch.com/site/petalbot)"
198.54.114.83 - - [15/Apr/2025:22:08:39 -0400] "POST /wp-cron.php?doing_wp_cron=1744769317.4641919136047363281250 HTTP/1.1" 200 0 "-" "WordPress/6.8; https://hylasmagazine.com"
111.119.199.116 - - [15/Apr/2025:22:08:31 -0400] "GET /category/activity/page/38/ HTTP/1.1" 200 31331 "https://hylasmagazine.com/category/activity/page/38/" "Mozilla/5.0 (Windows NT 10.0; Win64; x64) AppleWebKit/537.36 (KHTML, like Gecko) Chrome/107.0.0.0 Safari/537.36"
198.54.114.83 - - [15/Apr/2025:22:08:42 -0400] "POST /wp-admin/admin-ajax.php?action=async_litespeed&nonce=autLmq83qZE8WywtTNZtf8Qr3jva7g4t&litespeed_type=imgoptm HTTP/1.1" 200 0 "-" "WordPress/6.8; https://hylasmagazine.com"
114.119.137.193 - - [15/Apr/2025:22:08:57 -0400] "GET /?SA HTTP/1.1" 200 78495 "https://hylasmagazine.com/page/2/?SA" "Mozilla/5.0 (Linux; Android 7.0;) AppleWebKit/537.36 (KHTML, like Gecko) Mobile Safari/537.36 (compatible; PetalBot;+https://webmaster.petalsearch.com/site/petalbot)"
198.54.114.83 - - [15/Apr/2025:22:10:00 -0400] "POST /wp-admin/admin-ajax.php?action=async_litespeed&nonce=GuypdsyjI4KlQ9NiDDDsp4SPZbWCJXpF&litespeed_type=imgoptm HTTP/1.1" 200 0 "-" "WordPress/6.8; https://hylasmagazine.com"
54.36.148.145 - - [15/Apr/2025:22:10:17 -0400] "GET /buy-tazorac/ HTTP/1.1" 200 32271 "-" "Mozilla/5.0 (compatible; AhrefsBot/7.0; +http://ahrefs.com/robot/)"
198.54.114.83 - - [15/Apr/2025:22:10:20 -0400] "POST /wp-cron.php?doing_wp_cron=1744769417.7719240188598632812500 HTTP/1.1" 200 0 "-" "WordPress/6.8; https://hylasmagazine.com"
114.119.139.226 - - [15/Apr/2025:22:10:43 -0400] "GET /how-to-find-the-best-credit-repair-services/ HTTP/1.1" 200 32139 "https://hylasmagazine.com/page/76/?SA" "Mozilla/5.0 (Linux; Android 7.0;) AppleWebKit/537.36 (KHTML, like Gecko) Mobile Safari/537.36 (compatible; PetalBot;+https://webmaster.petalsearch.com/site/petalbot)"
198.54.114.83 - - [15/Apr/2025:22:14:23 -0400] "POST /wp-cron.php?doing_wp_cron=1744769662.6334331035614013671875 HTTP/1.1" 200 0 "-" "WordPress/6.8; https://hylasmagazine.com"
43.135.121.251 - - [15/Apr/2025:22:14:19 -0400] "GET /buy-viewers-for-the-stream/ HTTP/1.1" 200 31546 "-" "Python/3.10 aiohttp/3.10.5"
198.54.114.83 - - [15/Apr/2025:22:14:25 -0400] "POST /wp-admin/admin-ajax.php?action=async_litespeed&nonce=xRi4kjdwUnkw0nadV3mDFBY1nhq7d4yv&litespeed_type=imgoptm HTTP/1.1" 200 0 "-" "WordPress/6.8; https://hylasmagazine.com"
54.36.148.75 - - [15/Apr/2025:22:14:39 -0400] "GET /a-comprehensive-guide-to-home-financing/ HTTP/1.1" 200 32067 "-" "Mozilla/5.0 (compatible; AhrefsBot/7.0; +http://ahrefs.com/robot/)"
147.182.239.1 - - [15/Apr/2025:22:15:56 -0400] "GET /4-reasons-to-clean-your-deck-with-a-pressure-washer/ HTTP/1.1" 200 31533 "https://google.com" "Mozilla/5.0 (Windows NT 10.0; Win64; x64) AppleWebKit/537.36 (KHTML, like Gecko) Chrome/91.0.4472.124 Safari/537.36"
198.54.114.83 - - [15/Apr/2025:22:16:04 -0400] "POST /wp-cron.php?doing_wp_cron=1744769762.1202349662780761718750 HTTP/1.1" 200 0 "-" "WordPress/6.8; https://hylasmagazine.com"
198.54.114.83 - - [15/Apr/2025:22:16:05 -0400] "POST /wp-admin/admin-ajax.php?action=async_litespeed&nonce=spK629feN1R2SGDyb5GTcJ6CEAEpCUZf&litespeed_type=imgoptm HTTP/1.1" 200 0 "-" "WordPress/6.8; https://hylasmagazine.com"
147.182.239.1 - - [15/Apr/2025:22:16:44 -0400] "GET /4-reasons-to-clean-your-deck-with-a-pressure-washer/ HTTP/1.1" 200 31533 "https://google.com" "Mozilla/5.0 (Windows NT 10.0; Win64; x64) AppleWebKit/537.36 (KHTML, like Gecko) Chrome/91.0.4472.124 Safari/537.36"
198.54.114.83 - - [15/Apr/2025:22:17:09 -0400] "POST /wp-admin/admin-ajax.php?action=async_litespeed&nonce=Jw1WvbDzYvCBdoMs6RYqUVyuS1xHX1Gk&litespeed_type=imgoptm HTTP/1.1" 200 0 "-" "WordPress/6.8; https://hylasmagazine.com"
27.42.99.97 - - [15/Apr/2025:22:17:28 -0400] "GET /why-the-top-performers-in-gambling-are-successful/ HTTP/1.1" 200 32239 "-" "Mozilla/5.0 (Windows NT 6.1; WOW64) AppleWebKit/537.36 (KHTML, like Gecko) Chrome/34.0.1847.131 Safari/537.36"
198.54.114.83 - - [15/Apr/2025:22:18:15 -0400] "POST /wp-admin/admin-ajax.php?action=async_litespeed&nonce=vg5WHEVzM5Ft2GM6hDfw7i8AKhim39aZ&litespeed_type=imgoptm HTTP/1.1" 200 0 "-" "WordPress/6.8; https://hylasmagazine.com"
43.154.145.254 - - [15/Apr/2025:22:18:22 -0400] "GET /how-to-choose-an-online-casino/ HTTP/1.1" 200 31564 "-" "Python/3.10 aiohttp/3.10.5"
54.36.148.120 - - [15/Apr/2025:22:18:59 -0400] "GET /planning-the-best-chatbot-five-steps-before/ HTTP/1.1" 200 106294 "-" "Mozilla/5.0 (compatible; AhrefsBot/7.0; +http://ahrefs.com/robot/)"
198.54.114.83 - - [15/Apr/2025:22:19:06 -0400] "POST /wp-admin/admin-ajax.php?action=async_litespeed&nonce=yvaHkB0czHH2lBqjDpUEn4nixmpriCad&litespeed_type=imgoptm HTTP/1.1" 200 5 "-" "WordPress/6.8; https://hylasmagazine.com"
147.182.239.1 - - [15/Apr/2025:22:19:25 -0400] "GET / HTTP/1.1" 200 78495 "-" "Faraday v2.7.10"
198.54.114.83 - - [15/Apr/2025:22:20:13 -0400] "POST /wp-admin/admin-ajax.php?action=async_litespeed&nonce=7cEnu5xCAp4vmPIVyjW1KEllsIlaEhCR&litespeed_type=imgoptm HTTP/1.1" 200 0 "-" "WordPress/6.8; https://hylasmagazine.com"
212.102.37.196 - - [15/Apr/2025:22:21:03 -0400] "GET /home-care-assistance-montreal/ HTTP/1.1" 200 32329 "-" "Mozilla/5.0 (Macintosh; Intel Mac OS X 12_5) AppleWebKit/537.36 (KHTML, like Gecko) Chrome/114.0.0.0 Safari/537.36 Edg/114.0.1264.71"
198.54.114.83 - - [15/Apr/2025:22:21:05 -0400] "POST /wp-admin/admin-ajax.php?action=async_litespeed&nonce=jl81IXjcxSXmrS7Zi9WwkpXhRbCerw5H&litespeed_type=imgoptm HTTP/1.1" 200 5 "-" "WordPress/6.8; https://hylasmagazine.com"
198.54.114.83 - - [15/Apr/2025:22:22:05 -0400] "POST /wp-admin/admin-ajax.php?action=async_litespeed&nonce=C9NU5GlfbTFeKEmptxASzOTVcnY8yXoT&litespeed_type=imgoptm HTTP/1.1" 200 0 "-" "WordPress/6.8; https://hylasmagazine.com"
35.240.128.90 - - [15/Apr/2025:22:22:24 -0400] "POST /wp-login.php HTTP/1.1" 200 1837 "-" "Mozlila/5.0 (Linux; Android 7.0; SM-G892A Bulid/NRD90M; wv) AppleWebKit/537.36 (KHTML, like Gecko) Version/4.0 Chrome/60.0.3112.107 Moblie Safari/537.36"
35.240.128.90 - - [15/Apr/2025:22:22:25 -0400] "GET /wp-admin/plugin-install.php?tab=upload HTTP/1.1" 302 0 "-" "Mozlila/5.0 (Linux; Android 7.0; SM-G892A Bulid/NRD90M; wv) AppleWebKit/537.36 (KHTML, like Gecko) Version/4.0 Chrome/60.0.3112.107 Moblie Safari/537.36"
35.240.128.90 - - [15/Apr/2025:22:22:26 -0400] "GET /wp-login.php?redirect_to=https%3A%2F%2Fhylasmagazine.com%2Fwp-admin%2Fplugin-install.php%3Ftab%3Dupload&reauth=1 HTTP/1.1" 200 1732 "-" "Mozlila/5.0 (Linux; Android 7.0; SM-G892A Bulid/NRD90M; wv) AppleWebKit/537.36 (KHTML, like Gecko) Version/4.0 Chrome/60.0.3112.107 Moblie Safari/537.36"
54.36.149.43 - - [15/Apr/2025:22:22:55 -0400] "GET /industrial-automation-means-lower-operating-costs/ HTTP/1.1" 200 31969 "-" "Mozilla/5.0 (compatible; AhrefsBot/7.0; +http://ahrefs.com/robot/)"
198.54.114.83 - - [15/Apr/2025:22:23:04 -0400] "POST /wp-admin/admin-ajax.php?action=async_litespeed&nonce=rYjKOyCK0T9db0eH5j5M9JUKIPnZ0HMb&litespeed_type=imgoptm HTTP/1.1" 200 5 "-" "WordPress/6.8; https://hylasmagazine.com"
114.119.153.91 - - [15/Apr/2025:22:23:13 -0400] "GET /what-is-a-straightening-machine/ HTTP/1.1" 200 32007 "https://hylasmagazine.com/all-you-need-to-know-about-cnc-tube-cutter/" "Mozilla/5.0 (Linux; Android 7.0;) AppleWebKit/537.36 (KHTML, like Gecko) Mobile Safari/537.36 (compatible; PetalBot;+https://webmaster.petalsearch.com/site/petalbot)"
198.54.114.83 - - [15/Apr/2025:22:24:12 -0400] "POST /wp-admin/admin-ajax.php?action=async_litespeed&nonce=d5WINTVO3a3N45OcYkHsYY2fXfN0OEju&litespeed_type=imgoptm HTTP/1.1" 200 0 "-" "WordPress/6.8; https://hylasmagazine.com"
114.119.139.123 - - [15/Apr/2025:22:25:04 -0400] "GET /sacs-promotionnels-a-cordon-utiliser-comme-article-promotionnel/ HTTP/1.1" 200 32109 "https://hylasmagazine.com/page/88/?MA" "Mozilla/5.0 (Linux; Android 7.0;) AppleWebKit/537.36 (KHTML, like Gecko) Mobile Safari/537.36 (compatible; PetalBot;+https://webmaster.petalsearch.com/site/petalbot)"
198.54.114.83 - - [15/Apr/2025:22:25:06 -0400] "POST /wp-cron.php?doing_wp_cron=1744770304.9184849262237548828125 HTTP/1.1" 200 0 "-" "WordPress/6.8; https://hylasmagazine.com"
40.85.180.67 - - [15/Apr/2025:22:25:55 -0400] "GET /wp-admin/users.php HTTP/1.1" 302 0 "-" "-"
40.85.180.67 - - [15/Apr/2025:22:25:56 -0400] "GET /wp-login.php?redirect_to=https%3A%2F%2Fwww.hylasmagazine.com%2Fwp-admin%2Fusers.php&reauth=1 HTTP/1.1" 200 1729 "-" "-"
198.54.114.83 - - [15/Apr/2025:22:26:08 -0400] "POST /wp-admin/admin-ajax.php?action=async_litespeed&nonce=FxJz0Jl3YhHGQPnpVyTX97l1XN0Goabz&litespeed_type=imgoptm HTTP/1.1" 200 0 "-" "WordPress/6.8; https://hylasmagazine.com"
40.85.180.67 - - [15/Apr/2025:22:26:20 -0400] "GET /wp-admin/network/index.php HTTP/1.1" 302 0 "-" "-"
40.85.180.67 - - [15/Apr/2025:22:26:22 -0400] "GET /wp-login.php?redirect_to=https%3A%2F%2Fwww.hylasmagazine.com%2Fwp-admin%2Fnetwork%2Findex.php&reauth=1 HTTP/1.1" 200 1727 "-" "-"
114.119.137.193 - - [15/Apr/2025:22:26:44 -0400] "GET /cooling-element-and-cooling-elements-from-de-ridder-packaging/ HTTP/1.1" 200 32064 "https://hylasmagazine.com/uniqueness-of-maytag-refrigerators/" "Mozilla/5.0 (Linux; Android 7.0;) AppleWebKit/537.36 (KHTML, like Gecko) Mobile Safari/537.36 (compatible; PetalBot;+https://webmaster.petalsearch.com/site/petalbot)"
54.36.148.229 - - [15/Apr/2025:22:26:53 -0400] "GET /an-intensive-look-at-the-history-of-french-wine-and-winemakers/ HTTP/1.1" 200 32177 "-" "Mozilla/5.0 (compatible; AhrefsBot/7.0; +http://ahrefs.com/robot/)"
44.217.146.197 - - [15/Apr/2025:22:27:47 -0400] "GET /1st-anniversary-gifts/ HTTP/1.1" 200 31542 "-" "Grammarly/1.0 (http://www.grammarly.com)"
51.8.102.73 - - [15/Apr/2025:22:28:06 -0400] "GET /tax-advisors-in-germany/ HTTP/1.1" 200 31773 "-" "Mozilla/5.0 (Macintosh; Intel Mac OS X 10_15_7) AppleWebKit/537.36 (KHTML, like Gecko) Chrome/131.0.0.0 Safari/537.36; compatible; OAI-SearchBot/1.0; +https://openai.com/searchbot"
124.243.184.138 - - [15/Apr/2025:22:28:46 -0400] "GET /how-to-find-sarms-for-sale/ HTTP/1.1" 200 32054 "https://hylasmagazine.com/how-to-find-sarms-for-sale/#respond" "Mozilla/5.0 (Macintosh; Intel Mac OS X 10_15_7) AppleWebKit/537.36 (KHTML, like Gecko) Chrome/119.0.0.0 Safari/537.36"
198.54.114.83 - - [15/Apr/2025:22:31:01 -0400] "POST /wp-cron.php?doing_wp_cron=1744770659.8830099105834960937500 HTTP/1.1" 200 0 "-" "WordPress/6.8; https://hylasmagazine.com"
54.36.148.80 - - [15/Apr/2025:22:30:54 -0400] "GET /achetez-des-chemises-en-coton-en-ligne-chez-zobello/ HTTP/1.1" 200 32488 "-" "Mozilla/5.0 (compatible; AhrefsBot/7.0; +http://ahrefs.com/robot/)"
4.227.36.104 - - [15/Apr/2025:22:31:03 -0400] "GET /robots.txt HTTP/1.1" 200 107 "-" "Mozilla/5.0 AppleWebKit/537.36 (KHTML, like Gecko; compatible; GPTBot/1.2; +https://openai.com/gptbot)"
198.54.114.83 - - [15/Apr/2025:22:31:03 -0400] "POST /wp-admin/admin-ajax.php?action=async_litespeed&nonce=VSDxQ5kx7wWjdBGpCkEdAC78872YobmI&litespeed_type=imgoptm HTTP/1.1" 200 0 "-" "WordPress/6.8; https://hylasmagazine.com"
198.54.114.83 - - [15/Apr/2025:22:32:26 -0400] "POST /wp-cron.php?doing_wp_cron=1744770744.9358739852905273437500 HTTP/1.1" 200 0 "-" "WordPress/6.8; https://hylasmagazine.com"
124.156.186.100 - - [15/Apr/2025:22:32:24 -0400] "GET /how-to-screenshot-on-iphone-6/ HTTP/1.1" 200 32738 "-" "Python/3.10 aiohttp/3.10.5"
198.54.114.83 - - [15/Apr/2025:22:32:28 -0400] "POST /wp-admin/admin-ajax.php?action=async_litespeed&nonce=IKAI1kPwIvR21EdxKZCwrdmYBoduoyDk&litespeed_type=imgoptm HTTP/1.1" 200 0 "-" "WordPress/6.8; https://hylasmagazine.com"
178.68.117.5 - - [15/Apr/2025:22:33:35 -0400] "GET /kokomo-indiana-home-to-the-first-north-american-electric-vehicle-battery-plant/ HTTP/1.1" 200 31589 "https://hylasmagazine.com/kokomo-indiana-home-to-the-first-north-american-electric-vehicle-battery-plant/#comment-39053" "Mozilla/5.0 (Windows NT 10.0; Win64; x64) AppleWebKit/537.36 (KHTML, like Gecko) Chrome/131.0.0.0 Safari/537.36"
198.54.114.83 - - [15/Apr/2025:22:33:37 -0400] "POST /wp-cron.php?doing_wp_cron=1744770815.6855199337005615234375 HTTP/1.1" 200 0 "-" "WordPress/6.8; https://hylasmagazine.com"
178.68.117.5 - - [15/Apr/2025:22:33:45 -0400] "POST /wp-comments-post.php HTTP/1.1" 409 1002 "https://hylasmagazine.com/kokomo-indiana-home-to-the-first-north-american-electric-vehicle-battery-plant/#comment-39053" "Mozilla/5.0 (Windows NT 10.0; Win64; x64) AppleWebKit/537.36 (KHTML, like Gecko) Chrome/131.0.0.0 Safari/537.36"
178.68.117.5 - - [15/Apr/2025:22:33:52 -0400] "GET /kokomo-indiana-home-to-the-first-north-american-electric-vehicle-battery-plant/ HTTP/1.1" 200 31589 "https://hylasmagazine.com/kokomo-indiana-home-to-the-first-north-american-electric-vehicle-battery-plant/#comment-39053" "Mozilla/5.0 (Windows NT 10.0; Win64; x64) AppleWebKit/537.36 (KHTML, like Gecko) Chrome/131.0.0.0 Safari/537.36"
178.68.117.5 - - [15/Apr/2025:22:34:00 -0400] "GET /author/jorge/ HTTP/1.1" 301 0 "https://hylasmagazine.com/author/jorge/" "Mozilla/5.0 (Windows NT 10.0; Win64; x64) AppleWebKit/537.36 (KHTML, like Gecko) Chrome/131.0.0.0 Safari/537.36"
198.54.114.83 - - [15/Apr/2025:22:34:56 -0400] "POST /wp-cron.php?doing_wp_cron=1744770895.5593340396881103515625 HTTP/1.1" 200 0 "-" "WordPress/6.8; https://hylasmagazine.com"
54.36.149.69 - - [15/Apr/2025:22:34:55 -0400] "GET /choosing-screw-sizes/ HTTP/1.1" 200 31467 "-" "Mozilla/5.0 (compatible; AhrefsBot/7.0; +http://ahrefs.com/robot/)"
198.54.114.83 - - [15/Apr/2025:22:34:58 -0400] "POST /wp-admin/admin-ajax.php?action=async_litespeed&nonce=oaLlnDoMLAIYDe6M5ihlpgIOF8soBOWx&litespeed_type=imgoptm HTTP/1.1" 200 0 "-" "WordPress/6.8; https://hylasmagazine.com"
3.139.91.197 - - [15/Apr/2025:22:35:56 -0400] "GET /.git/config HTTP/1.1" 403 1242 "-" "Mozilla/5.0 (Linux; Android 9; STF-L09) AppleWebKit/537.36 (KHTML, like Gecko) Chrome/76.0.3809.111 Mobile Safari/537.36"
93.158.213.25 - - [15/Apr/2025:22:37:39 -0400] "GET /robots.txt HTTP/1.1" 200 107 "-" "Mozilla/5.0 (compatible; MJ12bot/v1.4.8; http://mj12bot.com/)"
198.54.114.83 - - [15/Apr/2025:22:37:48 -0400] "POST /wp-cron.php?doing_wp_cron=1744771067.4444370269775390625000 HTTP/1.1" 200 0 "-" "WordPress/6.8; https://hylasmagazine.com"
93.158.213.25 - - [15/Apr/2025:22:37:42 -0400] "GET /100-days-to-ultimate-happiness-are-you-ready-for-the-challenge/ HTTP/1.1" 200 34079 "-" "Mozilla/5.0 (compatible; MJ12bot/v1.4.8; http://mj12bot.com/)"
93.158.213.25 - - [15/Apr/2025:22:37:53 -0400] "GET /100-days-to-ultimate-happiness-are-you-ready-for-the-challenge/feed/ HTTP/1.1" 200 443 "-" "Mozilla/5.0 (compatible; MJ12bot/v1.4.8; http://mj12bot.com/)"
93.158.213.25 - - [15/Apr/2025:22:37:56 -0400] "GET /2023/05/20/ HTTP/1.1" 301 0 "-" "Mozilla/5.0 (compatible; MJ12bot/v1.4.8; http://mj12bot.com/)"
93.158.213.25 - - [15/Apr/2025:22:37:59 -0400] "GET / HTTP/1.1" 200 78495 "-" "Mozilla/5.0 (compatible; MJ12bot/v1.4.8; http://mj12bot.com/)"
198.54.114.83 - - [15/Apr/2025:22:38:03 -0400] "POST /wp-cron.php?doing_wp_cron=1744771083.4073550701141357421875 HTTP/1.1" 200 0 "-" "WordPress/6.8; https://hylasmagazine.com"
93.158.213.25 - - [15/Apr/2025:22:38:03 -0400] "GET /ai-makeup-how-ai-makeup-can-transform-the-beauty-industry/ HTTP/1.1" 200 32243 "-" "Mozilla/5.0 (compatible; MJ12bot/v1.4.8; http://mj12bot.com/)"
198.54.114.83 - - [15/Apr/2025:22:38:05 -0400] "POST /wp-admin/admin-ajax.php?action=async_litespeed&nonce=xw7Zns14kCOpR3dcqjLpMSZyieZpgG0T&litespeed_type=imgoptm HTTP/1.1" 200 0 "-" "WordPress/6.8; https://hylasmagazine.com"
93.158.213.25 - - [15/Apr/2025:22:38:07 -0400] "GET /artist-and-actor-pilou-pilou/ HTTP/1.1" 200 32790 "-" "Mozilla/5.0 (compatible; MJ12bot/v1.4.8; http://mj12bot.com/)"
93.158.213.25 - - [15/Apr/2025:22:38:12 -0400] "GET /artist-and-actor-pilou-pilou/feed/ HTTP/1.1" 200 386 "-" "Mozilla/5.0 (compatible; MJ12bot/v1.4.8; http://mj12bot.com/)"
93.158.213.25 - - [15/Apr/2025:22:38:15 -0400] "GET /biodynamic-wines-in-top-restaurants-and-bars/ HTTP/1.1" 200 32385 "-" "Mozilla/5.0 (compatible; MJ12bot/v1.4.8; http://mj12bot.com/)"
93.158.213.25 - - [15/Apr/2025:22:38:18 -0400] "GET /biodynamic-wines-in-top-restaurants-and-bars/feed/ HTTP/1.1" 200 409 "-" "Mozilla/5.0 (compatible; MJ12bot/v1.4.8; http://mj12bot.com/)"
129.226.162.39 - - [15/Apr/2025:22:38:22 -0400] "GET /five-companies-that-offer-move-in-and-move-out-cleaning-services/ HTTP/1.1" 200 32722 "-" "Python/3.10 aiohttp/3.10.5"
93.158.213.25 - - [15/Apr/2025:22:38:22 -0400] "GET /car-detailing-services-near-me/ HTTP/1.1" 200 32188 "-" "Mozilla/5.0 (compatible; MJ12bot/v1.4.8; http://mj12bot.com/)"
93.158.213.25 - - [15/Apr/2025:22:38:25 -0400] "GET /car-detailing-services-near-me/feed/ HTTP/1.1" 200 390 "-" "Mozilla/5.0 (compatible; MJ12bot/v1.4.8; http://mj12bot.com/)"
93.158.213.25 - - [15/Apr/2025:22:38:28 -0400] "GET /combinaison-pilou-pilou/ HTTP/1.1" 200 33434 "-" "Mozilla/5.0 (compatible; MJ12bot/v1.4.8; http://mj12bot.com/)"
93.158.213.25 - - [15/Apr/2025:22:38:31 -0400] "GET /combinaison-pilou-pilou/feed/ HTTP/1.1" 200 380 "-" "Mozilla/5.0 (compatible; MJ12bot/v1.4.8; http://mj12bot.com/)"
93.158.213.25 - - [15/Apr/2025:22:38:35 -0400] "GET /exploring-italys-premier-classic-furniture-manufacturers/feed/ HTTP/1.1" 200 427 "-" "Mozilla/5.0 (compatible; MJ12bot/v1.4.8; http://mj12bot.com/)"
93.158.213.25 - - [15/Apr/2025:22:38:38 -0400] "GET /gitarre-lernen-durch-online-gitarrenunterricht/ HTTP/1.1" 200 32018 "-" "Mozilla/5.0 (compatible; MJ12bot/v1.4.8; http://mj12bot.com/)"
93.158.213.25 - - [15/Apr/2025:22:38:41 -0400] "GET /how-fleet-insurance-can-save-your-business-money/ HTTP/1.1" 200 32653 "-" "Mozilla/5.0 (compatible; MJ12bot/v1.4.8; http://mj12bot.com/)"
93.158.213.25 - - [15/Apr/2025:22:38:45 -0400] "GET /how-fleet-insurance-can-save-your-business-money/feed/ HTTP/1.1" 200 414 "-" "Mozilla/5.0 (compatible; MJ12bot/v1.4.8; http://mj12bot.com/)"
93.158.213.25 - - [15/Apr/2025:22:38:48 -0400] "GET /how-to-find-the-best-digital-marketing-agencies-in-portland/ HTTP/1.1" 200 32215 "-" "Mozilla/5.0 (compatible; MJ12bot/v1.4.8; http://mj12bot.com/)"
54.36.148.126 - - [15/Apr/2025:22:38:49 -0400] "GET /how-to-make-tennis-predictions/ HTTP/1.1" 200 31925 "-" "Mozilla/5.0 (compatible; AhrefsBot/7.0; +http://ahrefs.com/robot/)"
93.158.213.25 - - [15/Apr/2025:22:38:51 -0400] "GET /online-gambling-the-customer-driven-business/ HTTP/1.1" 200 32418 "-" "Mozilla/5.0 (compatible; MJ12bot/v1.4.8; http://mj12bot.com/)"
93.158.213.25 - - [15/Apr/2025:22:38:55 -0400] "GET /online-gambling-the-customer-driven-business/feed/ HTTP/1.1" 200 412 "-" "Mozilla/5.0 (compatible; MJ12bot/v1.4.8; http://mj12bot.com/)"
93.158.213.25 - - [15/Apr/2025:22:38:57 -0400] "GET /quest-ce-quune-pantoufle-de-requin/feed/ HTTP/1.1" 200 403 "-" "Mozilla/5.0 (compatible; MJ12bot/v1.4.8; http://mj12bot.com/)"
93.158.213.25 - - [15/Apr/2025:22:39:00 -0400] "GET /sports-betting-and-gambling-disorders/ HTTP/1.1" 200 32350 "-" "Mozilla/5.0 (compatible; MJ12bot/v1.4.8; http://mj12bot.com/)"
93.158.213.25 - - [15/Apr/2025:22:39:06 -0400] "GET /sports-betting-and-gambling-disorders/feed/ HTTP/1.1" 200 401 "-" "Mozilla/5.0 (compatible; MJ12bot/v1.4.8; http://mj12bot.com/)"
198.54.114.83 - - [15/Apr/2025:22:39:08 -0400] "POST /wp-cron.php?doing_wp_cron=1744771146.4079959392547607421875 HTTP/1.1" 200 0 "-" "WordPress/6.8; https://hylasmagazine.com"
93.158.213.25 - - [15/Apr/2025:22:39:10 -0400] "GET /the-basics-of-gambling-slots/ HTTP/1.1" 200 32000 "-" "Mozilla/5.0 (compatible; MJ12bot/v1.4.8; http://mj12bot.com/)"
93.158.213.25 - - [15/Apr/2025:22:39:16 -0400] "GET /tips-to-purchase-airline-tickets/feed/ HTTP/1.1" 200 391 "-" "Mozilla/5.0 (compatible; MJ12bot/v1.4.8; http://mj12bot.com/)"
93.158.213.25 - - [15/Apr/2025:22:39:19 -0400] "GET /what-you-should-know-about-gambling-slots/feed/ HTTP/1.1" 200 413 "-" "Mozilla/5.0 (compatible; MJ12bot/v1.4.8; http://mj12bot.com/)"
93.158.213.25 - - [15/Apr/2025:22:39:26 -0400] "GET /wine-tasting-a-primer/ HTTP/1.1" 200 32062 "-" "Mozilla/5.0 (compatible; MJ12bot/v1.4.8; http://mj12bot.com/)"
93.158.213.25 - - [15/Apr/2025:22:39:29 -0400] "GET /wine-tasting-a-primer/feed/ HTTP/1.1" 200 390 "-" "Mozilla/5.0 (compatible; MJ12bot/v1.4.8; http://mj12bot.com/)"
192.42.116.212 - - [15/Apr/2025:22:40:26 -0400] "GET / HTTP/1.1" 200 78495 "https://hylasmagazine.com" "Mozilla/5.0 (Windows NT 6.1; WOW64) AppleWebKit/537.36 (KHTML, like Gecko) Chrome/46.0.2490.86 YaBrowser/15.12.1.6476 Yowser/2.5 Safari/537.36"
198.54.114.83 - - [15/Apr/2025:22:40:36 -0400] "POST /wp-cron.php?doing_wp_cron=1744771235.9476859569549560546875 HTTP/1.1" 200 0 "-" "WordPress/6.8; https://hylasmagazine.com"
101.32.12.10 - - [15/Apr/2025:22:40:35 -0400] "GET /how-to-size-a-fire-fighting-water-pump/ HTTP/1.1" 200 31509 "-" "Python/3.10 aiohttp/3.10.5"
198.54.114.83 - - [15/Apr/2025:22:40:38 -0400] "POST /wp-admin/admin-ajax.php?action=async_litespeed&nonce=1PWcoC2LVrWgFVhaagMBHaq5TZDjdqfb&litespeed_type=imgoptm HTTP/1.1" 200 0 "-" "WordPress/6.8; https://hylasmagazine.com"
54.36.148.246 - - [15/Apr/2025:22:42:40 -0400] "GET /warum-sie-die-praxisreinigung-hamburg-nicht-in-anspruch-nehmen-sollten/ HTTP/1.1" 200 31944 "-" "Mozilla/5.0 (compatible; AhrefsBot/7.0; +http://ahrefs.com/robot/)"
198.54.114.83 - - [15/Apr/2025:22:44:16 -0400] "POST /wp-cron.php?doing_wp_cron=1744771455.2780950069427490234375 HTTP/1.1" 200 0 "-" "WordPress/6.8; https://hylasmagazine.com"
198.54.114.83 - - [15/Apr/2025:22:44:17 -0400] "POST /wp-admin/admin-ajax.php?action=async_litespeed&nonce=GgKh5cvfNIsqgvlS51vB9Pu0LKgKR3JO&litespeed_type=imgoptm HTTP/1.1" 200 0 "-" "WordPress/6.8; https://hylasmagazine.com"
129.226.112.194 - - [15/Apr/2025:22:44:08 -0400] "GET /how-to-buy-youtube-views-for-cheap/ HTTP/1.1" 200 32009 "-" "Python/3.10 aiohttp/3.10.5"
40.116.73.208 - - [15/Apr/2025:22:44:59 -0400] "GET / HTTP/1.1" 200 78495 "-" "Mozilla/5.0 AppleWebKit/537.36 (KHTML, like Gecko); compatible; ChatGPT-User/1.0; +https://openai.com/bot"
198.54.114.83 - - [15/Apr/2025:22:46:45 -0400] "POST /wp-cron.php?doing_wp_cron=1744771604.6568319797515869140625 HTTP/1.1" 200 0 "-" "WordPress/6.8; https://hylasmagazine.com"
198.54.114.83 - - [15/Apr/2025:22:46:45 -0400] "POST /wp-admin/admin-ajax.php?action=async_litespeed&nonce=8kLYIn8qPNBtmotKJfPFnPX2RGPmhEO2&litespeed_type=imgoptm HTTP/1.1" 200 0 "-" "WordPress/6.8; https://hylasmagazine.com"
54.36.148.34 - - [15/Apr/2025:22:46:40 -0400] "GET /how-to-win-the-powerball-jackpot/ HTTP/1.1" 200 32304 "-" "Mozilla/5.0 (compatible; AhrefsBot/7.0; +http://ahrefs.com/robot/)"
198.54.114.83 - - [15/Apr/2025:22:48:30 -0400] "POST /wp-cron.php?doing_wp_cron=1744771710.0672969818115234375000 HTTP/1.1" 200 0 "-" "WordPress/6.8; https://hylasmagazine.com"
114.119.151.133 - - [15/Apr/2025:22:48:27 -0400] "GET /siris-power-unleashed/ HTTP/1.1" 200 32965 "https://hylasmagazine.com/page/61/?MA" "Mozilla/5.0 (Linux; Android 7.0;) AppleWebKit/537.36 (KHTML, like Gecko) Mobile Safari/537.36 (compatible; PetalBot;+https://webmaster.petalsearch.com/site/petalbot)"
198.54.114.83 - - [15/Apr/2025:22:48:32 -0400] "POST /wp-admin/admin-ajax.php?action=async_litespeed&nonce=3cKkBEqkL25kgg7wNdGG10rHTPMKWVIH&litespeed_type=imgoptm HTTP/1.1" 200 0 "-" "WordPress/6.8; https://hylasmagazine.com"
2a03:2880:f800:10:: - - [15/Apr/2025:22:48:55 -0400] "GET /care-giver-selection-for-seniors-at-home/ HTTP/1.1" 200 32632 "-" "meta-externalagent/1.1 (+https://developers.facebook.com/docs/sharing/webmasters/crawler)"
198.54.114.83 - - [15/Apr/2025:22:49:03 -0400] "POST /wp-cron.php?doing_wp_cron=1744771743.7838931083679199218750 HTTP/1.1" 200 0 "-" "WordPress/6.8; https://hylasmagazine.com"
188.239.13.221 - - [15/Apr/2025:22:49:03 -0400] "GET /the-importance-of-an-electrical-panel-in-your-clearwater-home/ HTTP/1.1" 200 31703 "https://hylasmagazine.com/the-importance-of-an-electrical-panel-in-your-clearwater-home/#content" "Mozilla/5.0 (Windows NT 10.0; Win64; x64) AppleWebKit/537.36 (KHTML, like Gecko) Chrome/104.0.0.0 Safari/537.36"
198.54.114.83 - - [15/Apr/2025:22:49:04 -0400] "POST /wp-admin/admin-ajax.php?action=async_litespeed&nonce=M6zq12Z9TKUb1U2jWJyWJ1iDmAJQC655&litespeed_type=imgoptm HTTP/1.1" 200 5 "-" "WordPress/6.8; https://hylasmagazine.com"
27.42.99.97 - - [15/Apr/2025:22:49:19 -0400] "GET /decouvrez-le-cout-des-implants-dentaires-a-monrovia-en-californie/ HTTP/1.1" 200 33060 "https://hylasmagazine.com" "Mozilla/5.0 (Windows NT 10.0; Win64; x64) AppleWebKit/537.36 (KHTML, like Gecko) Chrome/62.0.3202.94 Safari/537.36"
