58.254.68.125 - - [15/Apr/2025:01:13:09 -0400] "GET /decouvrez-le-cout-des-implants-dentaires-a-monrovia-en-californie/ HTTP/1.1" 200 32680 "-" "Mozilla/5.0 (Windows NT 6.1; WOW64) AppleWebKit/537.36 (KHTML, like Gecko) Chrome/34.0.1847.131 Safari/537.36"
52.203.65.83 - - [15/Apr/2025:01:16:00 -0400] "GET /unterhaltsreinigung-luneburg/ HTTP/1.1" 200 31554 "-" "Mozilla/5.0 AppleWebKit/537.36 (KHTML, like Gecko; compatible; Amazonbot/0.1; +https://developer.amazon.com/support/amazonbot) Chrome/119.0.6045.214 Safari/537.36"
198.54.114.83 - - [15/Apr/2025:01:16:08 -0400] "POST /wp-cron.php?doing_wp_cron=1744694165.6773300170898437500000 HTTP/1.1" 200 0 "-" "WordPress/6.7.2; https://hylasmagazine.com"
185.231.154.128 - - [15/Apr/2025:01:16:16 -0400] "GET /a-manual-for-supplanting-your-carport-entryway/ HTTP/1.1" 200 31643 "https://hylasmagazine.com/a-manual-for-supplanting-your-carport-entryway/#comment-13067" "Mozilla/5.0 (Windows NT 10.0; Win64; x64) AppleWebKit/537.36 (KHTML, like Gecko) Chrome/130.0.0.0 Safari/537.36"
185.231.154.128 - - [15/Apr/2025:01:16:19 -0400] "POST /wp-comments-post.php HTTP/1.1" 302 0 "https://hylasmagazine.com/a-manual-for-supplanting-your-carport-entryway/#comment-13067" "Mozilla/5.0 (Windows NT 10.0; Win64; x64) AppleWebKit/537.36 (KHTML, like Gecko) Chrome/130.0.0.0 Safari/537.36"
185.231.154.128 - - [15/Apr/2025:01:16:22 -0400] "GET /a-manual-for-supplanting-your-carport-entryway/ HTTP/1.1" 200 37495 "https://hylasmagazine.com/a-manual-for-supplanting-your-carport-entryway/#comment-39657" "Mozilla/5.0 (Windows NT 10.0; Win64; x64) AppleWebKit/537.36 (KHTML, like Gecko) Chrome/130.0.0.0 Safari/537.36"
129.226.128.49 - - [15/Apr/2025:01:16:30 -0400] "GET /omnivoid-filling-the-tech-void/ HTTP/1.1" 200 31804 "-" "Python/3.10 aiohttp/3.10.5"
178.20.44.82 - - [15/Apr/2025:01:21:04 -0400] "GET /a-manual-for-supplanting-your-carport-entryway/ HTTP/1.1" 200 31643 "https://hylasmagazine.com/a-manual-for-supplanting-your-carport-entryway/#comment-13067/" "Mozilla/5.0 (Windows NT 10.0; Win64; x64) AppleWebKit/537.36 (KHTML, like Gecko) Chrome/130.0.0.0 Safari/537.36 CCleaner/130.0.0.0"
198.54.114.83 - - [15/Apr/2025:01:21:12 -0400] "POST /wp-cron.php?doing_wp_cron=1744694471.1303889751434326171875 HTTP/1.1" 200 0 "-" "WordPress/6.7.2; https://hylasmagazine.com"
178.20.44.82 - - [15/Apr/2025:01:21:06 -0400] "POST /wp-comments-post.php HTTP/1.1" 302 0 "https://hylasmagazine.com/a-manual-for-supplanting-your-carport-entryway/#comment-13067/" "Mozilla/5.0 (Windows NT 10.0; Win64; x64) AppleWebKit/537.36 (KHTML, like Gecko) Chrome/130.0.0.0 Safari/537.36 CCleaner/130.0.0.0"
198.54.114.83 - - [15/Apr/2025:01:21:13 -0400] "POST /wp-admin/admin-ajax.php?action=async_litespeed&nonce=eL5bTB3heC4jPSTIxAKUjzkDCoTx9rTI&litespeed_type=imgoptm HTTP/1.1" 200 0 "-" "WordPress/6.7.2; https://hylasmagazine.com"
178.20.44.82 - - [15/Apr/2025:01:21:15 -0400] "GET /a-manual-for-supplanting-your-carport-entryway/ HTTP/1.1" 200 45143 "https://hylasmagazine.com/a-manual-for-supplanting-your-carport-entryway/#comment-39658" "Mozilla/5.0 (Windows NT 10.0; Win64; x64) AppleWebKit/537.36 (KHTML, like Gecko) Chrome/130.0.0.0 Safari/537.36 CCleaner/130.0.0.0"
150.109.107.200 - - [15/Apr/2025:01:21:55 -0400] "GET /how-to-bypass-replika-pro/ HTTP/1.1" 200 33897 "-" "Python/3.10 aiohttp/3.10.5"
159.138.142.131 - - [15/Apr/2025:01:23:34 -0400] "GET /the-medusa-tattoo-meaning/ HTTP/1.1" 404 27770 "https://hylasmagazine.com/the-medusa-tattoo-meaning/#respond" "Mozilla/5.0 (Windows NT 10.0; Win64; x64) AppleWebKit/537.36 (KHTML, like Gecko) Chrome/116.0.0.0 Safari/537.36"
198.54.114.83 - - [15/Apr/2025:01:23:40 -0400] "POST /wp-cron.php?doing_wp_cron=1744694618.3421130180358886718750 HTTP/1.1" 200 0 "-" "WordPress/6.7.2; https://hylasmagazine.com"
198.54.114.83 - - [15/Apr/2025:01:23:41 -0400] "POST /wp-admin/admin-ajax.php?action=async_litespeed&nonce=sEYVII1snuZuo9Ud11FjzA7IwqQy0xm4&litespeed_type=imgoptm HTTP/1.1" 200 0 "-" "WordPress/6.7.2; https://hylasmagazine.com"
114.119.153.91 - - [15/Apr/2025:01:24:01 -0400] "GET /page/85/ HTTP/1.1" 200 31139 "https://hylasmagazine.com/page/86/" "Mozilla/5.0 (Linux; Android 7.0;) AppleWebKit/537.36 (KHTML, like Gecko) Mobile Safari/537.36 (compatible; PetalBot;+https://webmaster.petalsearch.com/site/petalbot)"
198.54.114.83 - - [15/Apr/2025:01:24:16 -0400] "POST /wp-cron.php?doing_wp_cron=1744694654.6257479190826416015625 HTTP/1.1" 200 0 "-" "WordPress/6.7.2; https://hylasmagazine.com"
129.226.130.64 - - [15/Apr/2025:01:24:14 -0400] "GET /why-these-adornments-pieces-are-filling-in-notoriety-among-ladies/ HTTP/1.1" 200 32031 "-" "Python/3.10 aiohttp/3.10.5"
198.54.114.83 - - [15/Apr/2025:01:24:18 -0400] "POST /wp-admin/admin-ajax.php?action=async_litespeed&nonce=EYNGJu8dcJDeIKhn8wtae7qKSnZP1LKG&litespeed_type=imgoptm HTTP/1.1" 200 0 "-" "WordPress/6.7.2; https://hylasmagazine.com"
114.119.137.193 - - [15/Apr/2025:01:25:23 -0400] "GET /face-swap-the-best-face-swapping-apps-and-software/ HTTP/1.1" 200 31318 "https://hylasmagazine.com/page/51/?MA" "Mozilla/5.0 (Linux; Android 7.0;) AppleWebKit/537.36 (KHTML, like Gecko) Mobile Safari/537.36 (compatible; PetalBot;+https://webmaster.petalsearch.com/site/petalbot)"
198.54.114.83 - - [15/Apr/2025:01:26:23 -0400] "POST /wp-cron.php?doing_wp_cron=1744694781.6211810111999511718750 HTTP/1.1" 200 0 "-" "WordPress/6.7.2; https://hylasmagazine.com"
43.154.133.154 - - [15/Apr/2025:01:26:16 -0400] "GET /how-to-find-someone-on-snapchat-by-phone-number/ HTTP/1.1" 200 33744 "-" "Python/3.10 aiohttp/3.10.5"
198.54.114.83 - - [15/Apr/2025:01:27:25 -0400] "POST /wp-admin/admin-ajax.php?action=async_litespeed&nonce=OvqkzfvrRhShqVAQLmDl56R3a3itiyGy&litespeed_type=imgoptm HTTP/1.1" 200 0 "-" "WordPress/6.7.2; https://hylasmagazine.com"
34.127.92.254 - - [15/Apr/2025:01:28:03 -0400] "HEAD / HTTP/1.1" 200 0 "-" "python-requests/2.32.3"
198.54.114.83 - - [15/Apr/2025:01:28:05 -0400] "POST /wp-admin/admin-ajax.php?action=async_litespeed&nonce=fAzvmdEm2kuEz4Te7Spx6EA22K4ie7AN&litespeed_type=imgoptm HTTP/1.1" 200 0 "-" "WordPress/6.7.2; https://hylasmagazine.com"
52.170.40.236 - - [15/Apr/2025:01:28:15 -0400] "GET /wp-admin/ HTTP/1.1" 302 0 "-" "-"
52.170.40.236 - - [15/Apr/2025:01:28:17 -0400] "GET /wp-login.php?redirect_to=https%3A%2F%2Fhylasmagazine.com%2Fwp-admin%2F&reauth=1 HTTP/1.1" 200 1716 "-" "-"
34.127.92.254 - - [15/Apr/2025:01:28:32 -0400] "HEAD / HTTP/1.1" 200 0 "-" "python-requests/2.32.3"
52.170.40.236 - - [15/Apr/2025:01:28:34 -0400] "GET /wp-admin/network/ HTTP/1.1" 302 0 "-" "-"
52.170.40.236 - - [15/Apr/2025:01:28:37 -0400] "GET /wp-login.php?redirect_to=https%3A%2F%2Fwww.hylasmagazine.com%2Fwp-admin%2Fnetwork%2F&reauth=1 HTTP/1.1" 200 1726 "-" "-"
52.170.40.236 - - [15/Apr/2025:01:28:56 -0400] "GET /wp-admin/ HTTP/1.1" 302 0 "-" "-"
52.170.40.236 - - [15/Apr/2025:01:28:58 -0400] "GET /wp-login.php?redirect_to=https%3A%2F%2Fwww.hylasmagazine.com%2Fwp-admin%2F&reauth=1 HTTP/1.1" 200 1719 "-" "-"
95.217.203.91 - - [15/Apr/2025:01:29:50 -0400] "POST /xmlrpc.php HTTP/1.1" 200 186 "-" "Mozilla/5.0 (Windows NT 5.1) AppleWebKit/537.36 (KHTML, like Gecko) Chrome/57.0.2987.137 YaBrowser/17.4.1.919 Yowser/2.5 Safari/537.36"
95.217.203.91 - - [15/Apr/2025:01:29:52 -0400] "POST /xmlrpc.php HTTP/1.1" 200 186 "-" "Mozilla/5.0 (Windows NT 5.1) AppleWebKit/537.36 (KHTML, like Gecko) Chrome/57.0.2987.137 YaBrowser/17.4.1.919 Yowser/2.5 Safari/537.36"
95.217.203.91 - - [15/Apr/2025:01:29:53 -0400] "POST /xmlrpc.php HTTP/1.1" 200 186 "-" "Mozilla/5.0 (Windows NT 5.1) AppleWebKit/537.36 (KHTML, like Gecko) Chrome/57.0.2987.137 YaBrowser/17.4.1.919 Yowser/2.5 Safari/537.36"
95.217.203.91 - - [15/Apr/2025:01:29:55 -0400] "POST /xmlrpc.php HTTP/1.1" 200 186 "-" "Mozilla/5.0 (Windows NT 5.1) AppleWebKit/537.36 (KHTML, like Gecko) Chrome/57.0.2987.137 YaBrowser/17.4.1.919 Yowser/2.5 Safari/537.36"
95.217.203.91 - - [15/Apr/2025:01:29:56 -0400] "POST /xmlrpc.php HTTP/1.1" 200 186 "-" "Mozilla/5.0 (Windows NT 5.1) AppleWebKit/537.36 (KHTML, like Gecko) Chrome/57.0.2987.137 YaBrowser/17.4.1.919 Yowser/2.5 Safari/537.36"
95.217.203.91 - - [15/Apr/2025:01:29:58 -0400] "POST /xmlrpc.php HTTP/1.1" 200 186 "-" "Mozilla/5.0 (Windows NT 5.1) AppleWebKit/537.36 (KHTML, like Gecko) Chrome/57.0.2987.137 YaBrowser/17.4.1.919 Yowser/2.5 Safari/537.36"
198.54.114.83 - - [15/Apr/2025:01:31:05 -0400] "POST /wp-admin/admin-ajax.php?action=async_litespeed&nonce=oJjtUFHw5AFlkDWdygz4Gq5xl6SUOu5d&litespeed_type=imgoptm HTTP/1.1" 200 0 "-" "WordPress/6.7.2; https://hylasmagazine.com"
198.54.114.83 - - [15/Apr/2025:01:32:08 -0400] "POST /wp-admin/admin-ajax.php?action=async_litespeed&nonce=d0Xv4GuqIcia63t5NFrv3hLFUzg2ibXj&litespeed_type=imgoptm HTTP/1.1" 200 0 "-" "WordPress/6.7.2; https://hylasmagazine.com"
52.170.40.236 - - [15/Apr/2025:01:32:30 -0400] "GET /wp-admin/user/ HTTP/1.1" 302 0 "-" "-"
52.170.40.236 - - [15/Apr/2025:01:32:32 -0400] "GET /wp-login.php?redirect_to=https%3A%2F%2Fwww.hylasmagazine.com%2Fwp-admin%2Fuser%2F&reauth=1 HTTP/1.1" 200 1725 "-" "-"
198.54.114.83 - - [15/Apr/2025:01:33:07 -0400] "POST /wp-admin/admin-ajax.php?action=async_litespeed&nonce=E799MoquQL2qOGY6LWHuGMKnYjCFWDjP&litespeed_type=imgoptm HTTP/1.1" 200 0 "-" "WordPress/6.7.2; https://hylasmagazine.com"
198.54.114.83 - - [15/Apr/2025:01:34:07 -0400] "POST /wp-admin/admin-ajax.php?action=async_litespeed&nonce=D821WXvA2X9kMoeb1MtlGRvdQPdy2Jiy&litespeed_type=imgoptm HTTP/1.1" 200 0 "-" "WordPress/6.7.2; https://hylasmagazine.com"
198.54.114.83 - - [15/Apr/2025:01:35:11 -0400] "POST /wp-admin/admin-ajax.php?action=async_litespeed&nonce=Dahc1SvKMXDf0jVvDeGWdiDvReMUTl6t&litespeed_type=imgoptm HTTP/1.1" 200 0 "-" "WordPress/6.7.2; https://hylasmagazine.com"
198.54.114.83 - - [15/Apr/2025:01:37:08 -0400] "POST /wp-admin/admin-ajax.php?action=async_litespeed&nonce=cXLuhABq2fYV3d1wRanloUojsVFHriNL&litespeed_type=imgoptm HTTP/1.1" 200 0 "-" "WordPress/6.7.2; https://hylasmagazine.com"
198.54.114.83 - - [15/Apr/2025:01:38:10 -0400] "POST /wp-admin/admin-ajax.php?action=async_litespeed&nonce=o6XKdI5fMX2t9hEORl0pYOIFXWy3wVpJ&litespeed_type=imgoptm HTTP/1.1" 200 0 "-" "WordPress/6.7.2; https://hylasmagazine.com"
52.170.40.236 - - [15/Apr/2025:01:38:20 -0400] "GET /wp-login.php HTTP/1.1" 200 1717 "-" "-"
52.170.40.236 - - [15/Apr/2025:01:39:03 -0400] "GET /custom-baseball-stirrup-socks/ HTTP/1.1" 200 31731 "-" "-"
198.54.114.83 - - [15/Apr/2025:01:39:10 -0400] "POST /wp-admin/admin-ajax.php?action=async_litespeed&nonce=lkU8C2hWDTVsvuZ9YDv8vuZeaPP1KMqF&litespeed_type=imgoptm HTTP/1.1" 200 0 "-" "WordPress/6.7.2; https://hylasmagazine.com"
100.24.149.244 - - [15/Apr/2025:01:39:37 -0400] "GET /lawyer-hattingen-first-class-legal-solutions-made-in-germany/ HTTP/1.1" 200 31434 "-" "Mozilla/5.0 AppleWebKit/537.36 (KHTML, like Gecko; compatible; Amazonbot/0.1; +https://developer.amazon.com/support/amazonbot) Chrome/119.0.6045.214 Safari/537.36"
23.21.179.120 - - [15/Apr/2025:01:39:41 -0400] "GET /2024/07/20/ HTTP/1.1" 301 0 "-" "Mozilla/5.0 AppleWebKit/537.36 (KHTML, like Gecko; compatible; Amazonbot/0.1; +https://developer.amazon.com/support/amazonbot) Chrome/119.0.6045.214 Safari/537.36"
52.170.40.236 - - [15/Apr/2025:01:40:17 -0400] "GET /wp-admin/ HTTP/1.1" 302 0 "-" "-"
52.170.40.236 - - [15/Apr/2025:01:40:18 -0400] "GET /wp-login.php?redirect_to=https%3A%2F%2Fwww.hylasmagazine.com%2Fwp-admin%2F&reauth=1 HTTP/1.1" 200 1719 "-" "-"
52.170.40.236 - - [15/Apr/2025:01:40:22 -0400] "GET /wp-admin/admin.php HTTP/1.1" 302 0 "-" "-"
52.170.40.236 - - [15/Apr/2025:01:40:24 -0400] "GET /wp-login.php?redirect_to=https%3A%2F%2Fwww.hylasmagazine.com%2Fwp-admin%2Fadmin.php&reauth=1 HTTP/1.1" 200 1725 "-" "-"
198.54.114.83 - - [15/Apr/2025:01:41:08 -0400] "POST /wp-admin/admin-ajax.php?action=async_litespeed&nonce=3PjVj5YePha4zgIABovpCq1Rw5rOPDwj&litespeed_type=imgoptm HTTP/1.1" 200 0 "-" "WordPress/6.7.2; https://hylasmagazine.com"
134.17.14.122 - - [15/Apr/2025:01:41:11 -0400] "GET /goat.php HTTP/1.1" 404 27769 "-" "Mozilla/4.0 (compatible; MSIE 6.0; Windows NT 5.1; SV1)"
52.170.40.236 - - [15/Apr/2025:01:41:15 -0400] "GET /feed/atom/ HTTP/1.1" 200 372798 "-" "-"
198.54.114.83 - - [15/Apr/2025:01:42:06 -0400] "POST /wp-admin/admin-ajax.php?action=async_litespeed&nonce=JSRBL9we8930bkAsxMh0rkl204sJZ1RI&litespeed_type=imgoptm HTTP/1.1" 200 0 "-" "WordPress/6.7.2; https://hylasmagazine.com"
83.217.213.120 - - [15/Apr/2025:01:43:01 -0400] "GET /a-manual-for-supplanting-your-carport-entryway/ HTTP/1.1" 200 31643 "https://hylasmagazine.com/a-manual-for-supplanting-your-carport-entryway/#comment-21933/" "Mozilla/5.0 (Windows NT 10.0; Win64; x64) AppleWebKit/537.36 (KHTML, like Gecko) Chrome/130.0.0.0 Safari/537.36 CCleaner/130.0.0.0"
198.54.114.83 - - [15/Apr/2025:01:43:04 -0400] "POST /wp-cron.php?doing_wp_cron=1744695783.3896570205688476562500 HTTP/1.1" 200 0 "-" "WordPress/6.7.2; https://hylasmagazine.com"
83.217.213.120 - - [15/Apr/2025:01:43:03 -0400] "POST /wp-comments-post.php HTTP/1.1" 302 0 "https://hylasmagazine.com/a-manual-for-supplanting-your-carport-entryway/#comment-21933/" "Mozilla/5.0 (Windows NT 10.0; Win64; x64) AppleWebKit/537.36 (KHTML, like Gecko) Chrome/130.0.0.0 Safari/537.36 CCleaner/130.0.0.0"
198.54.114.83 - - [15/Apr/2025:01:43:06 -0400] "POST /wp-admin/admin-ajax.php?action=async_litespeed&nonce=ZUYGWFHDgzVlIQlWKWftlknMPQfJmKPp&litespeed_type=imgoptm HTTP/1.1" 200 0 "-" "WordPress/6.7.2; https://hylasmagazine.com"
83.217.213.120 - - [15/Apr/2025:01:43:07 -0400] "GET /a-manual-for-supplanting-your-carport-entryway/ HTTP/1.1" 200 40058 "https://hylasmagazine.com/a-manual-for-supplanting-your-carport-entryway/#comment-39659" "Mozilla/5.0 (Windows NT 10.0; Win64; x64) AppleWebKit/537.36 (KHTML, like Gecko) Chrome/130.0.0.0 Safari/537.36 CCleaner/130.0.0.0"
83.217.213.120 - - [15/Apr/2025:01:45:20 -0400] "GET /a-manual-for-supplanting-your-carport-entryway/ HTTP/1.1" 200 31643 "https://hylasmagazine.com/a-manual-for-supplanting-your-carport-entryway/#comment-21933/" "Mozilla/5.0 (Windows NT 10.0; Win64; x64) AppleWebKit/537.36 (KHTML, like Gecko) Chrome/130.0.0.0 Safari/537.36"
198.54.114.83 - - [15/Apr/2025:01:45:28 -0400] "POST /wp-cron.php?doing_wp_cron=1744695927.3451650142669677734375 HTTP/1.1" 200 0 "-" "WordPress/6.7.2; https://hylasmagazine.com"
198.54.114.83 - - [15/Apr/2025:01:45:31 -0400] "POST /wp-admin/admin-ajax.php?action=async_litespeed&nonce=B5lh47A0k1Rw0zyuq1mc4nksNFEMNiT4&litespeed_type=imgoptm HTTP/1.1" 200 0 "-" "WordPress/6.7.2; https://hylasmagazine.com"
83.217.213.120 - - [15/Apr/2025:01:45:21 -0400] "POST /wp-comments-post.php HTTP/1.1" 302 0 "https://hylasmagazine.com/a-manual-for-supplanting-your-carport-entryway/#comment-21933/" "Mozilla/5.0 (Windows NT 10.0; Win64; x64) AppleWebKit/537.36 (KHTML, like Gecko) Chrome/130.0.0.0 Safari/537.36"
83.217.213.120 - - [15/Apr/2025:01:45:33 -0400] "GET /a-manual-for-supplanting-your-carport-entryway/ HTTP/1.1" 200 45990 "https://hylasmagazine.com/a-manual-for-supplanting-your-carport-entryway/#comment-39660" "Mozilla/5.0 (Windows NT 10.0; Win64; x64) AppleWebKit/537.36 (KHTML, like Gecko) Chrome/130.0.0.0 Safari/537.36"
114.119.139.226 - - [15/Apr/2025:01:46:35 -0400] "GET /how-much-does-an-alexa-cost/ HTTP/1.1" 200 34058 "https://hylasmagazine.com/category/activity/page/117/" "Mozilla/5.0 (Linux; Android 7.0;) AppleWebKit/537.36 (KHTML, like Gecko) Mobile Safari/537.36 (compatible; PetalBot;+https://webmaster.petalsearch.com/site/petalbot)"
2a03:2880:f800:1c:: - - [15/Apr/2025:01:47:12 -0400] "GET /choosing-the-right-type-of-conservatory-roof/ HTTP/1.1" 200 31973 "-" "meta-externalagent/1.1 (+https://developers.facebook.com/docs/sharing/webmasters/crawler)"
178.20.47.39 - - [15/Apr/2025:01:47:24 -0400] "GET /a-manual-for-supplanting-your-carport-entryway/ HTTP/1.1" 200 31643 "https://hylasmagazine.com/a-manual-for-supplanting-your-carport-entryway/" "Mozilla/5.0 (Windows NT 10.0; Win64; x64) AppleWebKit/537.36 (KHTML, like Gecko) Chrome/131.0.0.0 Safari/537.36"
178.20.47.39 - - [15/Apr/2025:01:47:27 -0400] "POST /wp-comments-post.php HTTP/1.1" 302 0 "https://hylasmagazine.com/a-manual-for-supplanting-your-carport-entryway/" "Mozilla/5.0 (Windows NT 10.0; Win64; x64) AppleWebKit/537.36 (KHTML, like Gecko) Chrome/131.0.0.0 Safari/537.36"
198.54.114.83 - - [15/Apr/2025:01:47:34 -0400] "POST /wp-cron.php?doing_wp_cron=1744696052.3581779003143310546875 HTTP/1.1" 200 0 "-" "WordPress/6.7.2; https://hylasmagazine.com"
178.20.47.39 - - [15/Apr/2025:01:47:38 -0400] "GET /a-manual-for-supplanting-your-carport-entryway/ HTTP/1.1" 200 33834 "https://hylasmagazine.com/a-manual-for-supplanting-your-carport-entryway/#comment-39661" "Mozilla/5.0 (Windows NT 10.0; Win64; x64) AppleWebKit/537.36 (KHTML, like Gecko) Chrome/131.0.0.0 Safari/537.36"
114.119.139.123 - - [15/Apr/2025:01:47:56 -0400] "GET /hochzeitsfotografie-die-kunst-und-das-geschaft-besondere-momente-festzuhalten/ HTTP/1.1" 200 32392 "https://hylasmagazine.com/why-choose-a-socket-screw/" "Mozilla/5.0 (Linux; Android 7.0;) AppleWebKit/537.36 (KHTML, like Gecko) Mobile Safari/537.36 (compatible; PetalBot;+https://webmaster.petalsearch.com/site/petalbot)"
2a03:2880:f800:10:: - - [15/Apr/2025:01:49:55 -0400] "GET /caregiver-agency-montreal/ HTTP/1.1" 200 31838 "-" "meta-externalagent/1.1 (+https://developers.facebook.com/docs/sharing/webmasters/crawler)"
198.54.114.83 - - [15/Apr/2025:01:50:03 -0400] "POST /wp-cron.php?doing_wp_cron=1744696200.0439469814300537109375 HTTP/1.1" 200 0 "-" "WordPress/6.7.2; https://hylasmagazine.com"
124.156.158.34 - - [15/Apr/2025:01:51:13 -0400] "GET /pinetree-hill-real-estate-the-perfect-place-to-put-down-roots-and-start-a-family/ HTTP/1.1" 200 31664 "-" "Python/3.10 aiohttp/3.10.5"
198.54.114.83 - - [15/Apr/2025:01:51:16 -0400] "POST /wp-cron.php?doing_wp_cron=1744696274.3219048976898193359375 HTTP/1.1" 200 0 "-" "WordPress/6.7.2; https://hylasmagazine.com"
198.54.114.83 - - [15/Apr/2025:01:51:18 -0400] "POST /wp-admin/admin-ajax.php?action=async_litespeed&nonce=D06bHQsjeRNSv97ePDggV54o4kVp7NWq&litespeed_type=imgoptm HTTP/1.1" 200 0 "-" "WordPress/6.7.2; https://hylasmagazine.com"
119.8.235.141 - - [15/Apr/2025:01:51:48 -0400] "GET /the-unseen-pitfalls-of-buying-views-on-tiktok/ HTTP/1.1" 200 31409 "https://hylasmagazine.com/the-unseen-pitfalls-of-buying-views-on-tiktok/#respond" "Mozilla/5.0 (Macintosh; Intel Mac OS X 10_15_7) AppleWebKit/537.36 (KHTML, like Gecko) Chrome/119.0.0.0 Safari/537.36"
58.253.86.32 - - [15/Apr/2025:01:56:31 -0400] "GET / HTTP/1.1" 200 78495 "-" "Mozilla/5.0 (Windows NT 10.0; Win64; x64) AppleWebKit/537.36 (KHTML, like Gecko) Chrome/81.0.4044.138 Safari/537.36"
198.54.114.83 - - [15/Apr/2025:01:56:56 -0400] "POST /wp-admin/admin-ajax.php?action=async_litespeed&nonce=wTMi3UCZ1flOpMBfu5MFunJOS1db8NtP&litespeed_type=imgoptm HTTP/1.1" 200 0 "-" "WordPress/6.7.2; https://hylasmagazine.com"
95.217.203.91 - - [15/Apr/2025:01:57:36 -0400] "POST /xmlrpc.php HTTP/1.1" 200 186 "-" "Mozilla/5.0 (Windows NT 6.1) AppleWebKit/537.36 (KHTML, like Gecko) Chrome/62.0.3202.94 Safari/537.36"
95.217.203.91 - - [15/Apr/2025:01:57:39 -0400] "POST /xmlrpc.php HTTP/1.1" 200 186 "-" "Mozilla/5.0 (Windows NT 6.1) AppleWebKit/537.36 (KHTML, like Gecko) Chrome/62.0.3202.94 Safari/537.36"
95.217.203.91 - - [15/Apr/2025:01:57:41 -0400] "POST /xmlrpc.php HTTP/1.1" 200 186 "-" "Mozilla/5.0 (Windows NT 6.1) AppleWebKit/537.36 (KHTML, like Gecko) Chrome/62.0.3202.94 Safari/537.36"
95.217.203.91 - - [15/Apr/2025:01:57:42 -0400] "POST /xmlrpc.php HTTP/1.1" 200 186 "-" "Mozilla/5.0 (Windows NT 6.1) AppleWebKit/537.36 (KHTML, like Gecko) Chrome/62.0.3202.94 Safari/537.36"
95.217.203.91 - - [15/Apr/2025:01:57:45 -0400] "POST /xmlrpc.php HTTP/1.1" 200 186 "-" "Mozilla/5.0 (Windows NT 6.1) AppleWebKit/537.36 (KHTML, like Gecko) Chrome/62.0.3202.94 Safari/537.36"
95.217.203.91 - - [15/Apr/2025:01:57:46 -0400] "POST /xmlrpc.php HTTP/1.1" 200 186 "-" "Mozilla/5.0 (Windows NT 6.1) AppleWebKit/537.36 (KHTML, like Gecko) Chrome/62.0.3202.94 Safari/537.36"
198.54.114.83 - - [15/Apr/2025:01:58:33 -0400] "POST /wp-cron.php?doing_wp_cron=1744696712.5858080387115478515625 HTTP/1.1" 200 0 "-" "WordPress/6.7.2; https://hylasmagazine.com"
18.214.124.6 - - [15/Apr/2025:01:58:32 -0400] "GET /fenbendazole-triggers-ferroptosis-in-stage-4-colorectal-cancer-cells/ HTTP/1.1" 200 32161 "-" "Mozilla/5.0 AppleWebKit/537.36 (KHTML, like Gecko; compatible; Amazonbot/0.1; +https://developer.amazon.com/support/amazonbot) Chrome/119.0.6045.214 Safari/537.36"
198.54.114.83 - - [15/Apr/2025:01:58:34 -0400] "POST /wp-admin/admin-ajax.php?action=async_litespeed&nonce=FpitePtImaBydc8illOvbGOq4mli3htg&litespeed_type=imgoptm HTTP/1.1" 200 0 "-" "WordPress/6.7.2; https://hylasmagazine.com"
100.29.160.53 - - [15/Apr/2025:01:58:36 -0400] "GET /2023/05/27/ HTTP/1.1" 301 0 "-" "Mozilla/5.0 AppleWebKit/537.36 (KHTML, like Gecko; compatible; Amazonbot/0.1; +https://developer.amazon.com/support/amazonbot) Chrome/119.0.6045.214 Safari/537.36"
52.23.112.144 - - [15/Apr/2025:01:58:40 -0400] "GET /2023/05/28/ HTTP/1.1" 301 0 "-" "Mozilla/5.0 AppleWebKit/537.36 (KHTML, like Gecko; compatible; Amazonbot/0.1; +https://developer.amazon.com/support/amazonbot) Chrome/119.0.6045.214 Safari/537.36"
54.89.90.224 - - [15/Apr/2025:01:58:44 -0400] "GET /2024/07/08/ HTTP/1.1" 301 0 "-" "Mozilla/5.0 AppleWebKit/537.36 (KHTML, like Gecko; compatible; Amazonbot/0.1; +https://developer.amazon.com/support/amazonbot) Chrome/119.0.6045.214 Safari/537.36"
114.119.147.73 - - [15/Apr/2025:02:04:23 -0400] "GET /gitarrenlehrer-essen/ HTTP/1.1" 200 31013 "https://hylasmagazine.com/page/76/" "Mozilla/5.0 (Linux; Android 7.0;) AppleWebKit/537.36 (KHTML, like Gecko) Mobile Safari/537.36 (compatible; PetalBot;+https://webmaster.petalsearch.com/site/petalbot)"
18.221.129.80 - - [15/Apr/2025:02:04:29 -0400] "GET /robots.txt HTTP/1.1" 304 0 "-" "Mozilla/5.0 AppleWebKit/537.36 (KHTML, like Gecko; compatible; ClaudeBot/1.0; +claudebot@anthropic.com)"
18.221.129.80 - - [15/Apr/2025:02:04:31 -0400] "GET /mediation-what-is-shuttle-mediation HTTP/1.1" 301 0 "-" "Mozilla/5.0 AppleWebKit/537.36 (KHTML, like Gecko; compatible; ClaudeBot/1.0; +claudebot@anthropic.com)"
198.54.114.83 - - [15/Apr/2025:02:04:37 -0400] "POST /wp-cron.php?doing_wp_cron=1744697076.0059640407562255859375 HTTP/1.1" 200 0 "-" "WordPress/6.7.2; https://hylasmagazine.com"
18.221.129.80 - - [15/Apr/2025:02:04:38 -0400] "GET /mediation-what-is-shuttle-mediation/ HTTP/1.1" 200 31743 "https://hylasmagazine.com/mediation-what-is-shuttle-mediation" "Mozilla/5.0 AppleWebKit/537.36 (KHTML, like Gecko; compatible; ClaudeBot/1.0; +claudebot@anthropic.com)"
66.249.70.173 - - [15/Apr/2025:02:05:09 -0400] "GET /media/catalog/product/cache/1/small_image/400x260/9df78eab33525d08d6e5fb8d27136e95/0/1/0120210145136_70vzak.jpg HTTP/1.1" 301 0 "-" "Googlebot-Image/1.0"
66.249.70.99 - - [15/Apr/2025:02:05:11 -0400] "GET /media/catalog/product/cache/1/small_image/400x260/9df78eab33525d08d6e5fb8d27136e95/0/1/0120210145136_70vzak.jpg HTTP/1.1" 404 27769 "-" "Googlebot-Image/1.0"
129.226.188.6 - - [15/Apr/2025:02:05:26 -0400] "GET /how-personalized-fuzzy-socks-are-made/ HTTP/1.1" 200 31762 "-" "Python/3.10 aiohttp/3.10.5"
198.54.114.83 - - [15/Apr/2025:02:05:47 -0400] "POST /wp-cron.php?doing_wp_cron=1744697146.7367119789123535156250 HTTP/1.1" 200 0 "-" "WordPress/6.7.2; https://hylasmagazine.com"
114.119.139.226 - - [15/Apr/2025:02:05:46 -0400] "GET /bamboo-pajama-womens/ HTTP/1.1" 200 32023 "https://hylasmagazine.com/windshield-wiper-replacement/" "Mozilla/5.0 (Linux; Android 7.0;) AppleWebKit/537.36 (KHTML, like Gecko) Mobile Safari/537.36 (compatible; PetalBot;+https://webmaster.petalsearch.com/site/petalbot)"
198.54.114.83 - - [15/Apr/2025:02:05:49 -0400] "POST /wp-admin/admin-ajax.php?action=async_litespeed&nonce=kfY5nyHL4BxBkxtHMYFPKUHIgW3jKtPQ&litespeed_type=imgoptm HTTP/1.1" 200 0 "-" "WordPress/6.7.2; https://hylasmagazine.com"
114.119.139.123 - - [15/Apr/2025:02:07:10 -0400] "GET /a-tour-of-the-jervois-treasures-showflat/ HTTP/1.1" 200 31337 "https://hylasmagazine.com/a-tour-of-the-botany-showflat/" "Mozilla/5.0 (Linux; Android 7.0;) AppleWebKit/537.36 (KHTML, like Gecko) Mobile Safari/537.36 (compatible; PetalBot;+https://webmaster.petalsearch.com/site/petalbot)"
43.154.130.232 - - [15/Apr/2025:02:07:10 -0400] "GET /what-is-project-planning/ HTTP/1.1" 200 31826 "-" "Python/3.10 aiohttp/3.10.5"
43.154.120.205 - - [15/Apr/2025:02:08:29 -0400] "GET /toe-socks-for-men-how-to-buy-the-best/ HTTP/1.1" 200 31558 "-" "Python/3.10 aiohttp/3.10.5"
198.54.114.83 - - [15/Apr/2025:02:08:37 -0400] "POST /wp-cron.php?doing_wp_cron=1744697315.0399041175842285156250 HTTP/1.1" 200 0 "-" "WordPress/6.7.2; https://hylasmagazine.com"
180.102.110.170 - - [15/Apr/2025:02:08:58 -0400] "GET / HTTP/1.1" 200 78495 "-" "Sogou web spider/4.0(+http://www.sogou.com/docs/help/webmasters.htm#07)"
185.245.105.171 - - [15/Apr/2025:02:09:39 -0400] "GET /a-manual-for-supplanting-your-carport-entryway/ HTTP/1.1" 200 31643 "https://hylasmagazine.com/a-manual-for-supplanting-your-carport-entryway/" "Mozilla/5.0 (Windows NT 10.0; Win64; x64) AppleWebKit/537.36 (KHTML, like Gecko) Chrome/129.0.0.0 Safari/537.36"
198.54.114.83 - - [15/Apr/2025:02:09:43 -0400] "POST /wp-cron.php?doing_wp_cron=1744697381.8806669712066650390625 HTTP/1.1" 200 0 "-" "WordPress/6.7.2; https://hylasmagazine.com"
185.245.105.171 - - [15/Apr/2025:02:09:41 -0400] "POST /wp-comments-post.php HTTP/1.1" 302 0 "https://hylasmagazine.com/a-manual-for-supplanting-your-carport-entryway/" "Mozilla/5.0 (Windows NT 10.0; Win64; x64) AppleWebKit/537.36 (KHTML, like Gecko) Chrome/129.0.0.0 Safari/537.36"
198.54.114.83 - - [15/Apr/2025:02:09:46 -0400] "POST /wp-admin/admin-ajax.php?action=async_litespeed&nonce=nch2LcHpQ5kVE2WAjZqQXhS1pQu5gL4w&litespeed_type=imgoptm HTTP/1.1" 200 0 "-" "WordPress/6.7.2; https://hylasmagazine.com"
185.245.105.171 - - [15/Apr/2025:02:09:47 -0400] "GET /a-manual-for-supplanting-your-carport-entryway/ HTTP/1.1" 200 32303 "https://hylasmagazine.com/a-manual-for-supplanting-your-carport-entryway/#comment-39662" "Mozilla/5.0 (Windows NT 10.0; Win64; x64) AppleWebKit/537.36 (KHTML, like Gecko) Chrome/129.0.0.0 Safari/537.36"
77.238.251.212 - - [15/Apr/2025:02:10:56 -0400] "GET /a-manual-for-supplanting-your-carport-entryway/ HTTP/1.1" 200 31643 "https://hylasmagazine.com/a-manual-for-supplanting-your-carport-entryway/" "Mozilla/5.0 (Windows NT 10.0; Win64; x64) AppleWebKit/537.36 (KHTML, like Gecko) Chrome/131.0.0.0 Safari/537.36"
198.54.114.83 - - [15/Apr/2025:02:11:00 -0400] "POST /wp-cron.php?doing_wp_cron=1744697458.8496251106262207031250 HTTP/1.1" 200 0 "-" "WordPress/6.7.2; https://hylasmagazine.com"
77.238.251.212 - - [15/Apr/2025:02:10:58 -0400] "POST /wp-comments-post.php HTTP/1.1" 302 0 "https://hylasmagazine.com/a-manual-for-supplanting-your-carport-entryway/" "Mozilla/5.0 (Windows NT 10.0; Win64; x64) AppleWebKit/537.36 (KHTML, like Gecko) Chrome/131.0.0.0 Safari/537.36"
198.54.114.83 - - [15/Apr/2025:02:11:02 -0400] "POST /wp-admin/admin-ajax.php?action=async_litespeed&nonce=1UFYuG7BNW0IriWQkXkxISLFvTzv163p&litespeed_type=imgoptm HTTP/1.1" 200 0 "-" "WordPress/6.7.2; https://hylasmagazine.com"
77.238.251.212 - - [15/Apr/2025:02:11:03 -0400] "GET /a-manual-for-supplanting-your-carport-entryway/ HTTP/1.1" 200 32337 "https://hylasmagazine.com/a-manual-for-supplanting-your-carport-entryway/#comment-39663" "Mozilla/5.0 (Windows NT 10.0; Win64; x64) AppleWebKit/537.36 (KHTML, like Gecko) Chrome/131.0.0.0 Safari/537.36"
198.54.114.83 - - [15/Apr/2025:02:11:06 -0400] "POST /wp-cron.php?doing_wp_cron=1744697464.4156339168548583984375 HTTP/1.1" 200 0 "-" "WordPress/6.7.2; https://hylasmagazine.com"
185.121.234.211 - - [15/Apr/2025:02:11:42 -0400] "GET /a-manual-for-supplanting-your-carport-entryway/ HTTP/1.1" 200 31643 "https://hylasmagazine.com/a-manual-for-supplanting-your-carport-entryway/" "Mozilla/5.0 (Windows NT 6.3; Win64; x64) AppleWebKit/537.36 (KHTML, like Gecko) Chrome/103.0.5060.114 Safari/537.36"
185.121.234.211 - - [15/Apr/2025:02:11:45 -0400] "POST /wp-comments-post.php HTTP/1.1" 302 0 "https://hylasmagazine.com/a-manual-for-supplanting-your-carport-entryway/" "Mozilla/5.0 (Windows NT 6.3; Win64; x64) AppleWebKit/537.36 (KHTML, like Gecko) Chrome/103.0.5060.114 Safari/537.36"
185.121.234.211 - - [15/Apr/2025:02:11:50 -0400] "GET /a-manual-for-supplanting-your-carport-entryway/ HTTP/1.1" 200 32208 "https://hylasmagazine.com/a-manual-for-supplanting-your-carport-entryway/#comment-39664" "Mozilla/5.0 (Windows NT 6.3; Win64; x64) AppleWebKit/537.36 (KHTML, like Gecko) Chrome/103.0.5060.114 Safari/537.36"
198.54.114.83 - - [15/Apr/2025:02:14:31 -0400] "POST /wp-admin/admin-ajax.php?action=async_litespeed&nonce=yuuMCiUWaBlDPpG98aX3VNIc695Hu2gv&litespeed_type=imgoptm HTTP/1.1" 200 0 "-" "WordPress/6.7.2; https://hylasmagazine.com"
101.32.51.206 - - [15/Apr/2025:02:15:55 -0400] "GET /automated-truck-washes-for-armada-diesel-card-key-re-powering-stations/ HTTP/1.1" 200 31559 "-" "Python/3.10 aiohttp/3.10.5"
198.54.114.83 - - [15/Apr/2025:02:18:59 -0400] "POST /wp-cron.php?doing_wp_cron=1744697938.6996719837188720703125 HTTP/1.1" 200 0 "-" "WordPress/6.7.2; https://hylasmagazine.com"
98.82.107.102 - - [15/Apr/2025:02:18:55 -0400] "GET /2023/11/16/ HTTP/1.1" 301 0 "-" "Mozilla/5.0 AppleWebKit/537.36 (KHTML, like Gecko; compatible; Amazonbot/0.1; +https://developer.amazon.com/support/amazonbot) Chrome/119.0.6045.214 Safari/537.36"
198.54.114.83 - - [15/Apr/2025:02:19:00 -0400] "POST /wp-admin/admin-ajax.php?action=async_litespeed&nonce=JpZQMDe9t80A82XzQbs001ELqjsXk9uP&litespeed_type=imgoptm HTTP/1.1" 200 0 "-" "WordPress/6.7.2; https://hylasmagazine.com"
198.54.114.83 - - [15/Apr/2025:02:20:06 -0400] "POST /wp-cron.php?doing_wp_cron=1744698005.4170789718627929687500 HTTP/1.1" 200 0 "-" "WordPress/6.7.2; https://hylasmagazine.com"
101.46.14.246 - - [15/Apr/2025:02:20:05 -0400] "GET /der-wert-von-nachhilfe-im-rechtsstudium/ HTTP/1.1" 200 31525 "https://hylasmagazine.com/der-wert-von-nachhilfe-im-rechtsstudium/#respond" "Mozilla/5.0 (Macintosh; Intel Mac OS X 10_15_7) AppleWebKit/537.36 (KHTML, like Gecko) Chrome/131.0.0.0 Safari/537.36"
198.54.114.83 - - [15/Apr/2025:02:20:08 -0400] "POST /wp-admin/admin-ajax.php?action=async_litespeed&nonce=l8f2ud2Y9xng5Ki6ez4b0r3LzwEhbYxu&litespeed_type=imgoptm HTTP/1.1" 200 0 "-" "WordPress/6.7.2; https://hylasmagazine.com"
198.54.114.83 - - [15/Apr/2025:02:21:50 -0400] "POST /wp-cron.php?doing_wp_cron=1744698110.2682099342346191406250 HTTP/1.1" 200 0 "-" "WordPress/6.7.2; https://hylasmagazine.com"
194.50.16.252 - - [15/Apr/2025:02:21:47 -0400] "GET /appsettings.json HTTP/1.1" 404 27769 "-" "Mozilla/5.0 (Macintosh; Intel Mac OS X 10_15_7) AppleWebKit/605.1.15 (KHTML, like Gecko) Version/17.4.1 Safari/605.5.16"
198.54.114.83 - - [15/Apr/2025:02:21:51 -0400] "POST /wp-admin/admin-ajax.php?action=async_litespeed&nonce=DG2XhMnWEq6SlZ7FRZ4lHBAANX0EYofY&litespeed_type=imgoptm HTTP/1.1" 200 0 "-" "WordPress/6.7.2; https://hylasmagazine.com"
194.50.16.252 - - [15/Apr/2025:02:21:55 -0400] "GET /appsettings.Production.json HTTP/1.1" 404 27769 "-" "Mozilla/5.0 (CentOS; Linux x86_64; rv:127.0) Gecko/20100101 Firefox/127.0"
114.119.151.153 - - [15/Apr/2025:02:22:01 -0400] "GET /page/48/ HTTP/1.1" 200 30953 "https://hylasmagazine.com/page/47/" "Mozilla/5.0 (Linux; Android 7.0;) AppleWebKit/537.36 (KHTML, like Gecko) Mobile Safari/537.36 (compatible; PetalBot;+https://webmaster.petalsearch.com/site/petalbot)"
194.50.16.252 - - [15/Apr/2025:02:22:01 -0400] "GET /appsettings.Docker.json HTTP/1.1" 404 27769 "-" "Mozilla/5.0 (Ubuntu; Linux x86_64; rv:120.0) Gecko/20100101 Firefox/120.0"
198.54.114.83 - - [15/Apr/2025:02:22:10 -0400] "POST /wp-cron.php?doing_wp_cron=1744698129.2482590675354003906250 HTTP/1.1" 200 0 "-" "WordPress/6.7.2; https://hylasmagazine.com"
194.50.16.252 - - [15/Apr/2025:02:22:09 -0400] "GET /Api/appsettings.json HTTP/1.1" 404 27769 "-" "Mozilla/5.0 (Macintosh; Intel Mac OS X 10_15_7) AppleWebKit/537.36 (KHTML, like Gecko) Chrome/92.0.4515.159 Safari/537.36"
198.54.114.83 - - [15/Apr/2025:02:22:12 -0400] "POST /wp-admin/admin-ajax.php?action=async_litespeed&nonce=OTAgnADAfOJL2pMn6nxuJEZAyYFav931&litespeed_type=imgoptm HTTP/1.1" 200 0 "-" "WordPress/6.7.2; https://hylasmagazine.com"
198.54.114.83 - - [15/Apr/2025:02:23:26 -0400] "POST /wp-cron.php?doing_wp_cron=1744698205.0456171035766601562500 HTTP/1.1" 200 0 "-" "WordPress/6.7.2; https://hylasmagazine.com"
114.119.153.91 - - [15/Apr/2025:02:23:24 -0400] "GET /page/115/?MA HTTP/1.1" 200 31005 "https://hylasmagazine.com/page/114/?MA" "Mozilla/5.0 (Linux; Android 7.0;) AppleWebKit/537.36 (KHTML, like Gecko) Mobile Safari/537.36 (compatible; PetalBot;+https://webmaster.petalsearch.com/site/petalbot)"
198.54.114.83 - - [15/Apr/2025:02:23:27 -0400] "POST /wp-admin/admin-ajax.php?action=async_litespeed&nonce=723dgPDc1MFgxKF4nqVXCC6pTh73vjnN&litespeed_type=imgoptm HTTP/1.1" 200 5 "-" "WordPress/6.7.2; https://hylasmagazine.com"
129.226.112.194 - - [15/Apr/2025:02:23:48 -0400] "GET /what-is-a-fire-pump/ HTTP/1.1" 200 31833 "-" "Python/3.10 aiohttp/3.10.5"
114.119.137.193 - - [15/Apr/2025:02:24:46 -0400] "GET /how-to-delete-kik-account/ HTTP/1.1" 200 34054 "https://hylasmagazine.com/page/76/" "Mozilla/5.0 (Linux; Android 7.0;) AppleWebKit/537.36 (KHTML, like Gecko) Mobile Safari/537.36 (compatible; PetalBot;+https://webmaster.petalsearch.com/site/petalbot)"
3.231.193.38 - - [15/Apr/2025:02:32:38 -0400] "GET /le-poncho-de-surf-lessentiel-des-surfeurs/ HTTP/1.1" 200 31352 "-" "Mozilla/5.0 AppleWebKit/537.36 (KHTML, like Gecko; compatible; Amazonbot/0.1; +https://developer.amazon.com/support/amazonbot) Chrome/119.0.6045.214 Safari/537.36"
52.70.138.176 - - [15/Apr/2025:02:32:40 -0400] "GET /the-latest-trends-in-wallpaper/ HTTP/1.1" 200 33162 "-" "Mozilla/5.0 AppleWebKit/537.36 (KHTML, like Gecko; compatible; Amazonbot/0.1; +https://developer.amazon.com/support/amazonbot) Chrome/119.0.6045.214 Safari/537.36"
129.226.71.177 - - [15/Apr/2025:02:35:32 -0400] "GET /undo-on-mac/ HTTP/1.1" 200 33490 "-" "Python/3.10 aiohttp/3.10.5"
43.154.145.14 - - [15/Apr/2025:02:37:58 -0400] "GET /the-credentials-of-any-good-san-diego-criminal-defense-lawyer/ HTTP/1.1" 200 32069 "-" "Python/3.10 aiohttp/3.10.5"
222.73.130.35 - - [15/Apr/2025:02:38:35 -0400] "GET /wp-login.php HTTP/1.1" 200 1717 "-" "Apache-HttpClient/4.5.2 (Java/1.8.0_161)"
58.254.68.125 - - [15/Apr/2025:02:41:38 -0400] "GET /why-the-top-performers-in-gambling-are-successful/ HTTP/1.1" 200 31963 "https://hylasmagazine.com" "Mozilla/5.0 (Windows NT 10.0; Win64; x64) AppleWebKit/537.36 (KHTML, like Gecko) Chrome/62.0.3202.94 Safari/537.36"
198.54.114.83 - - [15/Apr/2025:02:41:53 -0400] "POST /wp-cron.php?doing_wp_cron=1744699312.4607770442962646484375 HTTP/1.1" 200 0 "-" "WordPress/6.7.2; https://hylasmagazine.com"
198.54.114.83 - - [15/Apr/2025:02:41:53 -0400] "POST /wp-admin/admin-ajax.php?action=async_litespeed&nonce=iw3mKch26r2gA6JhRmxKL5GiaCr1XXHt&litespeed_type=imgoptm HTTP/1.1" 200 0 "-" "WordPress/6.7.2; https://hylasmagazine.com"
58.254.68.125 - - [15/Apr/2025:02:41:47 -0400] "POST /wp-comments-post.php HTTP/1.1" 200 0 "https://hylasmagazine.com" "Mozilla/5.0 (Windows NT 10.0; Win64; x64) AppleWebKit/537.36 (KHTML, like Gecko) Chrome/62.0.3202.94 Safari/537.36"
198.54.114.83 - - [15/Apr/2025:02:42:06 -0400] "POST /wp-cron.php?doing_wp_cron=1744699325.1858720779418945312500 HTTP/1.1" 200 0 "-" "WordPress/6.7.2; https://hylasmagazine.com"
114.119.153.91 - - [15/Apr/2025:02:42:05 -0400] "GET /media/catalog/product/cache/1/small_image/400x260/9df78eab33525d08d6e5fb8d27136e95/3/8/382021133976_70vzak.jpg HTTP/1.1" 301 0 "-" "Mozilla/5.0 (Linux; Android 7.0;) AppleWebKit/537.36 (KHTML, like Gecko) Mobile Safari/537.36 (compatible; PetalBot;+https://webmaster.petalsearch.com/site/petalbot)"
198.54.114.83 - - [15/Apr/2025:02:42:07 -0400] "POST /wp-admin/admin-ajax.php?action=async_litespeed&nonce=c2GexPOsxl7hyO8o1iOsRVMGWJOSUsNf&litespeed_type=imgoptm HTTP/1.1" 200 0 "-" "WordPress/6.7.2; https://hylasmagazine.com"
114.119.153.91 - - [15/Apr/2025:02:42:07 -0400] "GET /media/catalog/product/cache/1/small_image/400x260/9df78eab33525d08d6e5fb8d27136e95/3/8/382021133976_70vzak.jpg HTTP/1.1" 404 27770 "-" "Mozilla/5.0 (Linux; Android 7.0;) AppleWebKit/537.36 (KHTML, like Gecko) Mobile Safari/537.36 (compatible; PetalBot;+https://webmaster.petalsearch.com/site/petalbot)"
198.54.114.83 - - [15/Apr/2025:02:43:29 -0400] "POST /wp-cron.php?doing_wp_cron=1744699408.5863189697265625000000 HTTP/1.1" 200 0 "-" "WordPress/6.7.2; https://hylasmagazine.com"
114.119.151.133 - - [15/Apr/2025:02:43:28 -0400] "GET /the-role-of-chiropractors-in-dubai/ HTTP/1.1" 200 31481 "https://hylasmagazine.com/potential-with-live-transfer-leads/" "Mozilla/5.0 (Linux; Android 7.0;) AppleWebKit/537.36 (KHTML, like Gecko) Mobile Safari/537.36 (compatible; PetalBot;+https://webmaster.petalsearch.com/site/petalbot)"
198.54.114.83 - - [15/Apr/2025:02:43:30 -0400] "POST /wp-admin/admin-ajax.php?action=async_litespeed&nonce=ShtHrbwDnFU02JfW4TVEhrsNeQSuGsei&litespeed_type=imgoptm HTTP/1.1" 200 0 "-" "WordPress/6.7.2; https://hylasmagazine.com"
114.119.139.226 - - [15/Apr/2025:02:44:52 -0400] "GET /mk-bag-for-sale/ HTTP/1.1" 200 31430 "https://hylasmagazine.com/how-to-move-a-purple-mattress/" "Mozilla/5.0 (Linux; Android 7.0;) AppleWebKit/537.36 (KHTML, like Gecko) Mobile Safari/537.36 (compatible; PetalBot;+https://webmaster.petalsearch.com/site/petalbot)"
81.167.26.57 - - [15/Apr/2025:02:45:57 -0400] "GET /robots.txt HTTP/1.1" 200 107 "-" "Mozilla/5.0 (compatible; MJ12bot/v1.4.8; http://mj12bot.com/)"
81.167.26.57 - - [15/Apr/2025:02:46:00 -0400] "GET /where-can-i-obtain-a-unix-emulator/ HTTP/1.1" 200 31379 "-" "Mozilla/5.0 (compatible; MJ12bot/v1.4.8; http://mj12bot.com/)"
198.54.114.83 - - [15/Apr/2025:02:46:21 -0400] "POST /wp-cron.php?doing_wp_cron=1744699580.4880940914154052734375 HTTP/1.1" 200 0 "-" "WordPress/6.7.2; https://hylasmagazine.com"
114.119.147.73 - - [15/Apr/2025:02:46:16 -0400] "GET /magicien-close-up-paris/ HTTP/1.1" 200 30787 "https://hylasmagazine.com/page/66/?ND" "Mozilla/5.0 (Linux; Android 7.0;) AppleWebKit/537.36 (KHTML, like Gecko) Mobile Safari/537.36 (compatible; PetalBot;+https://webmaster.petalsearch.com/site/petalbot)"
198.54.114.83 - - [15/Apr/2025:02:46:22 -0400] "POST /wp-admin/admin-ajax.php?action=async_litespeed&nonce=tOiDaDTIoo00mjaugJQdbD7qM1pw8kyn&litespeed_type=imgoptm HTTP/1.1" 200 0 "-" "WordPress/6.7.2; https://hylasmagazine.com"
114.119.139.123 - - [15/Apr/2025:02:47:39 -0400] "GET /how-to-practice-typing-correctly/ HTTP/1.1" 200 31325 "https://hylasmagazine.com/page/26/" "Mozilla/5.0 (Linux; Android 7.0;) AppleWebKit/537.36 (KHTML, like Gecko) Mobile Safari/537.36 (compatible; PetalBot;+https://webmaster.petalsearch.com/site/petalbot)"
198.54.114.83 - - [15/Apr/2025:02:48:22 -0400] "POST /wp-cron.php?doing_wp_cron=1744699701.0862050056457519531250 HTTP/1.1" 200 0 "-" "WordPress/6.7.2; https://hylasmagazine.com"
166.108.207.241 - - [15/Apr/2025:02:48:15 -0400] "GET /category/activity/page/38/ HTTP/1.1" 200 31159 "https://hylasmagazine.com/category/activity/page/38/#content" "Mozilla/5.0 (Windows NT 10.0; Win64; x64) AppleWebKit/537.36 (KHTML, like Gecko) Chrome/104.0.0.0 Safari/537.36"
198.54.114.83 - - [15/Apr/2025:02:48:23 -0400] "POST /wp-admin/admin-ajax.php?action=async_litespeed&nonce=EdEZTZek6sS78gJnjuTG3Nw1X6JtJ6ey&litespeed_type=imgoptm HTTP/1.1" 200 0 "-" "WordPress/6.7.2; https://hylasmagazine.com"
114.119.153.91 - - [15/Apr/2025:02:49:03 -0400] "GET /custom-logo-socks-no-minimum/ HTTP/1.1" 200 31351 "https://hylasmagazine.com/page/61/?MA" "Mozilla/5.0 (Linux; Android 7.0;) AppleWebKit/537.36 (KHTML, like Gecko) Mobile Safari/537.36 (compatible; PetalBot;+https://webmaster.petalsearch.com/site/petalbot)"
185.157.214.24 - - [15/Apr/2025:02:49:51 -0400] "GET /why-you-should-outsource-image-masking-services/ HTTP/1.1" 200 31796 "-" "Mozilla/5.0 (Macintosh; Intel Mac OS X 10_15_7) AppleWebKit/537.36 (KHTML, like Gecko) Chrome/133.0.0.0 Safari/537.36"
196.200.21.2 - - [15/Apr/2025:02:49:53 -0400] "POST /wp-comments-post.php HTTP/1.1" 200 982 "-" "Mozilla/5.0 (Macintosh; Intel Mac OS X 10_15_7) AppleWebKit/537.36 (KHTML, like Gecko) Chrome/133.0.0.0 Safari/537.36"
198.54.114.83 - - [15/Apr/2025:02:49:58 -0400] "POST /wp-cron.php?doing_wp_cron=1744699796.6548030376434326171875 HTTP/1.1" 200 0 "-" "WordPress/6.7.2; https://hylasmagazine.com"
196.200.21.2 - - [15/Apr/2025:02:50:00 -0400] "POST /wp-comments-post.php HTTP/1.1" 200 0 "-" "Mozilla/5.0 (Windows NT 10.0; Win64; x64) AppleWebKit/537.36 (KHTML, like Gecko) Chrome/120.0.0.0 Safari/537.36"
198.54.114.83 - - [15/Apr/2025:02:56:42 -0400] "POST /wp-cron.php?doing_wp_cron=1744700201.8031940460205078125000 HTTP/1.1" 200 0 "-" "WordPress/6.7.2; https://hylasmagazine.com"
207.46.13.151 - - [15/Apr/2025:02:56:36 -0400] "GET /sitemap_index.xml HTTP/1.1" 200 295 "-" "Mozilla/5.0 AppleWebKit/537.36 (KHTML, like Gecko; compatible; bingbot/2.0; +http://www.bing.com/bingbot.htm) Chrome/116.0.1938.76 Safari/537.36"
198.54.114.83 - - [15/Apr/2025:02:56:43 -0400] "POST /wp-admin/admin-ajax.php?action=async_litespeed&nonce=B4xztGHeuZt7wWJdMcm2uCrT5ieKJhQg&litespeed_type=imgoptm HTTP/1.1" 200 0 "-" "WordPress/6.7.2; https://hylasmagazine.com"
198.54.114.83 - - [15/Apr/2025:02:57:49 -0400] "POST /wp-cron.php?doing_wp_cron=1744700268.7464270591735839843750 HTTP/1.1" 200 0 "-" "WordPress/6.7.2; https://hylasmagazine.com"
198.54.114.83 - - [15/Apr/2025:02:57:49 -0400] "POST /wp-admin/admin-ajax.php?action=async_litespeed&nonce=M4hB9XuogXWnGgXDbZ3XHFNpWuwt9Q84&litespeed_type=imgoptm HTTP/1.1" 200 5 "-" "WordPress/6.7.2; https://hylasmagazine.com"
52.200.93.170 - - [15/Apr/2025:02:57:48 -0400] "GET /exploring-the-premier-casino-experience-in-the-philippines/ HTTP/1.1" 200 31460 "-" "Mozilla/5.0 AppleWebKit/537.36 (KHTML, like Gecko; compatible; Amazonbot/0.1; +https://developer.amazon.com/support/amazonbot) Chrome/119.0.6045.214 Safari/537.36"
18.214.124.6 - - [15/Apr/2025:02:57:52 -0400] "GET /2023/04/20/ HTTP/1.1" 301 0 "-" "Mozilla/5.0 AppleWebKit/537.36 (KHTML, like Gecko; compatible; Amazonbot/0.1; +https://developer.amazon.com/support/amazonbot) Chrome/119.0.6045.214 Safari/537.36"
3.214.176.44 - - [15/Apr/2025:02:57:55 -0400] "GET /2023/12/27/ HTTP/1.1" 301 0 "-" "Mozilla/5.0 AppleWebKit/537.36 (KHTML, like Gecko; compatible; Amazonbot/0.1; +https://developer.amazon.com/support/amazonbot) Chrome/119.0.6045.214 Safari/537.36"
43.154.120.205 - - [15/Apr/2025:02:58:56 -0400] "GET /how-to-avoid-the-fitness-confusion-and-get-into-awesome-physical-shape/ HTTP/1.1" 200 32006 "-" "Python/3.10 aiohttp/3.10.5"
172.178.141.141 - - [15/Apr/2025:02:59:31 -0400] "GET / HTTP/1.1" 200 78495 "-" "Mozilla/5.0 AppleWebKit/537.36 (KHTML, like Gecko); compatible; ChatGPT-User/1.0; +https://openai.com/bot"
151.106.163.240 - - [15/Apr/2025:03:00:06 -0400] "GET /media/catalog/product/cache/1/small_image/400x260/9df78eab33525d08d6e5fb8d27136e95/1/7/1720213036807_70vzak.jpg HTTP/1.1" 301 0 "-" "Mozilla/5.0 (X11; Ubuntu; Linux x86_64; rv:72.0) Gecko/20100101 Firefox/72.0"
198.54.114.83 - - [15/Apr/2025:03:00:13 -0400] "POST /wp-cron.php?doing_wp_cron=1744700411.3002231121063232421875 HTTP/1.1" 200 0 "-" "WordPress/6.7.2; https://hylasmagazine.com"
151.106.163.240 - - [15/Apr/2025:03:00:15 -0400] "GET /media/catalog/product/cache/1/small_image/400x260/9df78eab33525d08d6e5fb8d27136e95/1/7/1720213036807_70vzak.jpg HTTP/1.1" 301 0 "-" "Mozilla/5.0 (X11; Ubuntu; Linux x86_64; rv:72.0) Gecko/20100101 Firefox/72.0"
151.106.163.240 - - [15/Apr/2025:03:00:17 -0400] "GET /media/catalog/product/cache/1/small_image/400x260/9df78eab33525d08d6e5fb8d27136e95/1/7/1720213036807_70vzak.jpg HTTP/1.1" 404 27769 "-" "Mozilla/5.0 (X11; Ubuntu; Linux x86_64; rv:72.0) Gecko/20100101 Firefox/72.0"
151.106.163.240 - - [15/Apr/2025:03:00:20 -0400] "GET /media/catalog/product/cache/1/small_image/400x260/9df78eab33525d08d6e5fb8d27136e95/1/7/1720213036807_70vzak.jpg HTTP/1.1" 301 0 "-" "Mozilla/5.0 (X11; Ubuntu; Linux x86_64; rv:72.0) Gecko/20100101 Firefox/72.0"
151.106.163.240 - - [15/Apr/2025:03:00:22 -0400] "GET /media/catalog/product/cache/1/small_image/400x260/9df78eab33525d08d6e5fb8d27136e95/1/7/1720213036807_70vzak.jpg HTTP/1.1" 404 27769 "-" "Mozilla/5.0 (X11; Ubuntu; Linux x86_64; rv:72.0) Gecko/20100101 Firefox/72.0"
198.54.114.83 - - [15/Apr/2025:03:01:42 -0400] "POST /wp-admin/admin-ajax.php?action=async_litespeed&nonce=dge6gshm6SVtkCZTuP8qrCjLNu42EPF6&litespeed_type=imgoptm HTTP/1.1" 200 0 "-" "WordPress/6.7.2; https://hylasmagazine.com"
2a03:2880:f800:11:: - - [15/Apr/2025:03:02:06 -0400] "GET /?p=287 HTTP/1.1" 200 78495 "-" "meta-externalagent/1.1 (+https://developers.facebook.com/docs/sharing/webmasters/crawler)"
198.54.114.83 - - [15/Apr/2025:03:03:01 -0400] "POST /wp-cron.php?doing_wp_cron=1744700579.8697109222412109375000 HTTP/1.1" 200 0 "-" "WordPress/6.7.2; https://hylasmagazine.com"
114.119.139.226 - - [15/Apr/2025:03:02:56 -0400] "GET /page/44/?SA HTTP/1.1" 200 31156 "https://hylasmagazine.com/page/43/?SA" "Mozilla/5.0 (Linux; Android 7.0;) AppleWebKit/537.36 (KHTML, like Gecko) Mobile Safari/537.36 (compatible; PetalBot;+https://webmaster.petalsearch.com/site/petalbot)"
198.54.114.83 - - [15/Apr/2025:03:03:07 -0400] "POST /wp-admin/admin-ajax.php?action=async_litespeed&nonce=nfwGlvmDhhWM0xfQF0oM3UD6H2K3lAQV&litespeed_type=imgoptm HTTP/1.1" 200 0 "-" "WordPress/6.7.2; https://hylasmagazine.com"
198.54.114.83 - - [15/Apr/2025:03:03:10 -0400] "POST /wp-cron.php?doing_wp_cron=1744700588.1224780082702636718750 HTTP/1.1" 200 0 "-" "WordPress/6.7.2; https://hylasmagazine.com"
198.54.114.83 - - [15/Apr/2025:03:04:18 -0400] "POST /wp-cron.php?doing_wp_cron=1744700657.1555650234222412109375 HTTP/1.1" 200 0 "-" "WordPress/6.7.2; https://hylasmagazine.com"
114.119.151.133 - - [15/Apr/2025:03:04:17 -0400] "GET /page/22/?SA HTTP/1.1" 200 31041 "https://hylasmagazine.com/page/22/?SA" "Mozilla/5.0 (Linux; Android 7.0;) AppleWebKit/537.36 (KHTML, like Gecko) Mobile Safari/537.36 (compatible; PetalBot;+https://webmaster.petalsearch.com/site/petalbot)"
198.54.114.83 - - [15/Apr/2025:03:04:18 -0400] "POST /wp-admin/admin-ajax.php?action=async_litespeed&nonce=iDMmbgZonMSz8Iol5SexCWPumQjV6FqV&litespeed_type=imgoptm HTTP/1.1" 200 5 "-" "WordPress/6.7.2; https://hylasmagazine.com"
114.10.47.95 - - [15/Apr/2025:03:04:06 -0400] "POST /wp-login.php/wp-login.php HTTP/1.1" 200 0 "-" "python-requests/2.32.3"
198.54.114.83 - - [15/Apr/2025:03:05:41 -0400] "POST /wp-cron.php?doing_wp_cron=1744700739.7331159114837646484375 HTTP/1.1" 200 0 "-" "WordPress/6.7.2; https://hylasmagazine.com"
114.119.151.153 - - [15/Apr/2025:03:05:39 -0400] "GET /page/120/?ND HTTP/1.1" 200 31199 "https://hylasmagazine.com/page/119/?ND" "Mozilla/5.0 (Linux; Android 7.0;) AppleWebKit/537.36 (KHTML, like Gecko) Mobile Safari/537.36 (compatible; PetalBot;+https://webmaster.petalsearch.com/site/petalbot)"
198.54.114.83 - - [15/Apr/2025:03:05:42 -0400] "POST /wp-admin/admin-ajax.php?action=async_litespeed&nonce=M5C9og5UxUesJq7mkGiraVDQDdwTfO9F&litespeed_type=imgoptm HTTP/1.1" 200 0 "-" "WordPress/6.7.2; https://hylasmagazine.com"
198.54.114.83 - - [15/Apr/2025:03:07:30 -0400] "POST /wp-cron.php?doing_wp_cron=1744700850.1148660182952880859375 HTTP/1.1" 200 0 "-" "WordPress/6.7.2; https://hylasmagazine.com"
43.128.36.58 - - [15/Apr/2025:03:07:26 -0400] "GET /windshield-wiper-replacement/ HTTP/1.1" 200 33638 "-" "Python/3.10 aiohttp/3.10.5"
198.54.114.83 - - [15/Apr/2025:03:07:31 -0400] "POST /wp-admin/admin-ajax.php?action=async_litespeed&nonce=SWCjsqTRJ675pwoqSerpTTmWHaVSqQK3&litespeed_type=imgoptm HTTP/1.1" 200 0 "-" "WordPress/6.7.2; https://hylasmagazine.com"
62.113.113.106 - - [15/Apr/2025:03:10:00 -0400] "GET /a-manual-for-supplanting-your-carport-entryway/ HTTP/1.1" 200 31643 "https://hylasmagazine.com/a-manual-for-supplanting-your-carport-entryway/" "Mozilla/5.0 (Windows NT 10.0; Win64; x64) AppleWebKit/537.36 (KHTML, like Gecko) Chrome/131.0.0.0 Safari/537.36"
62.113.113.106 - - [15/Apr/2025:03:10:03 -0400] "POST /wp-comments-post.php HTTP/1.1" 302 0 "https://hylasmagazine.com/a-manual-for-supplanting-your-carport-entryway/" "Mozilla/5.0 (Windows NT 10.0; Win64; x64) AppleWebKit/537.36 (KHTML, like Gecko) Chrome/131.0.0.0 Safari/537.36"
198.54.114.83 - - [15/Apr/2025:03:10:08 -0400] "POST /wp-cron.php?doing_wp_cron=1744701006.1356060504913330078125 HTTP/1.1" 200 0 "-" "WordPress/6.7.2; https://hylasmagazine.com"
62.113.113.106 - - [15/Apr/2025:03:10:11 -0400] "GET /a-manual-for-supplanting-your-carport-entryway/ HTTP/1.1" 200 32538 "https://hylasmagazine.com/a-manual-for-supplanting-your-carport-entryway/#comment-39667" "Mozilla/5.0 (Windows NT 10.0; Win64; x64) AppleWebKit/537.36 (KHTML, like Gecko) Chrome/131.0.0.0 Safari/537.36"
54.85.7.119 - - [15/Apr/2025:03:10:41 -0400] "GET /5-meilleures-strategies-de-marketing-video-pour-ameliorer-vos-conversions/ HTTP/1.1" 200 33198 "-" "Mozilla/5.0 AppleWebKit/537.36 (KHTML, like Gecko; compatible; Amazonbot/0.1; +https://developer.amazon.com/support/amazonbot) Chrome/119.0.6045.214 Safari/537.36"
54.197.178.107 - - [15/Apr/2025:03:10:45 -0400] "GET /divorce-lawyer-in-nahariya/ HTTP/1.1" 200 31557 "-" "Mozilla/5.0 AppleWebKit/537.36 (KHTML, like Gecko; compatible; Amazonbot/0.1; +https://developer.amazon.com/support/amazonbot) Chrome/119.0.6045.214 Safari/537.36"
44.209.187.99 - - [15/Apr/2025:03:10:49 -0400] "GET /lake-garden-residences-a-new-launch-in-kr-puram/ HTTP/1.1" 200 31992 "-" "Mozilla/5.0 AppleWebKit/537.36 (KHTML, like Gecko; compatible; Amazonbot/0.1; +https://developer.amazon.com/support/amazonbot) Chrome/119.0.6045.214 Safari/537.36"
