Server IP : 104.21.46.188 / Your IP : 18.219.125.103 Web Server : LiteSpeed System : Linux business31.web-hosting.com 4.18.0-553.16.1.lve.1.el8.x86_64 #1 SMP Mon Sep 23 20:16:18 UTC 2024 x86_64 User : varizmol ( 2121) PHP Version : 8.0.30 Disable Function : NONE MySQL : OFF | cURL : ON | WGET : ON | Perl : ON | Python : ON | Sudo : OFF | Pkexec : OFF Directory : /home/varizmol/access-logs/ |
Upload File : |
178.20.47.39 - - [14/Apr/2025:06:24:13 -0400] "GET /a-manual-for-supplanting-your-carport-entryway/ HTTP/1.1" 200 31643 "https://hylasmagazine.com/a-manual-for-supplanting-your-carport-entryway/" "Mozilla/5.0 (Windows NT 10.0; Win64; x64) AppleWebKit/537.36 (KHTML, like Gecko) Chrome/131.0.0.0 Safari/537.36 Avast/131.0.0.0"
2001:41d0:1004:56::1 - - [14/Apr/2025:06:24:14 -0400] "GET /robots.txt HTTP/1.1" 304 0 "-" "Mozilla/5.0 (compatible; MJ12bot/v1.4.8; http://mj12bot.com/)"
2001:41d0:1004:56::1 - - [14/Apr/2025:06:24:17 -0400] "GET /2023/07/15/ HTTP/1.1" 301 0 "-" "Mozilla/5.0 (compatible; MJ12bot/v1.4.8; http://mj12bot.com/)"
198.54.114.83 - - [14/Apr/2025:06:24:19 -0400] "POST /wp-cron.php?doing_wp_cron=1744626258.9200389385223388671875 HTTP/1.1" 200 0 "-" "WordPress/6.7.2; https://hylasmagazine.com"
198.54.114.83 - - [14/Apr/2025:06:24:20 -0400] "POST /wp-admin/admin-ajax.php?action=async_litespeed&nonce=4uXj1jaBgwmAZmvnzXeIyYcr8dO69WZn&litespeed_type=imgoptm HTTP/1.1" 200 0 "-" "WordPress/6.7.2; https://hylasmagazine.com"
178.20.47.39 - - [14/Apr/2025:06:24:15 -0400] "POST /wp-comments-post.php HTTP/1.1" 302 0 "https://hylasmagazine.com/a-manual-for-supplanting-your-carport-entryway/" "Mozilla/5.0 (Windows NT 10.0; Win64; x64) AppleWebKit/537.36 (KHTML, like Gecko) Chrome/131.0.0.0 Safari/537.36 Avast/131.0.0.0"
2001:41d0:1004:56::1 - - [14/Apr/2025:06:24:22 -0400] "GET / HTTP/1.1" 200 78495 "-" "Mozilla/5.0 (compatible; MJ12bot/v1.4.8; http://mj12bot.com/)"
178.20.47.39 - - [14/Apr/2025:06:24:22 -0400] "GET /a-manual-for-supplanting-your-carport-entryway/ HTTP/1.1" 200 49825 "https://hylasmagazine.com/a-manual-for-supplanting-your-carport-entryway/#comment-39617" "Mozilla/5.0 (Windows NT 10.0; Win64; x64) AppleWebKit/537.36 (KHTML, like Gecko) Chrome/131.0.0.0 Safari/537.36 Avast/131.0.0.0"
2001:41d0:1004:56::1 - - [14/Apr/2025:06:24:25 -0400] "GET /cbd-uk/ HTTP/1.1" 200 30678 "-" "Mozilla/5.0 (compatible; MJ12bot/v1.4.8; http://mj12bot.com/)"
2001:41d0:1004:56::1 - - [14/Apr/2025:06:24:28 -0400] "GET /dewormer-for-cancer-is-it-right-for-you/feed/ HTTP/1.1" 200 418 "-" "Mozilla/5.0 (compatible; MJ12bot/v1.4.8; http://mj12bot.com/)"
2001:41d0:1004:56::1 - - [14/Apr/2025:06:24:30 -0400] "GET /fenbendazole-for-humans/feed/ HTTP/1.1" 200 380 "-" "Mozilla/5.0 (compatible; MJ12bot/v1.4.8; http://mj12bot.com/)"
2001:41d0:1004:56::1 - - [14/Apr/2025:06:24:33 -0400] "GET /mindfulness-quotes-to-inspire-you/ HTTP/1.1" 200 32093 "-" "Mozilla/5.0 (compatible; MJ12bot/v1.4.8; http://mj12bot.com/)"
2001:41d0:1004:56::1 - - [14/Apr/2025:06:24:36 -0400] "GET /picture-perfect-a-wedding-photographer-checklist/ HTTP/1.1" 200 32752 "-" "Mozilla/5.0 (compatible; MJ12bot/v1.4.8; http://mj12bot.com/)"
2001:41d0:1004:56::1 - - [14/Apr/2025:06:24:39 -0400] "GET /why-should-you-hire-a-creative-digital-agency-for-brand-promotion/ HTTP/1.1" 200 32301 "-" "Mozilla/5.0 (compatible; MJ12bot/v1.4.8; http://mj12bot.com/)"
198.54.114.83 - - [14/Apr/2025:06:25:47 -0400] "POST /wp-admin/admin-ajax.php?action=async_litespeed&nonce=TvPwKKbzq6Q06h5b4CluLs6yJJ3sv64m&litespeed_type=imgoptm HTTP/1.1" 200 5 "-" "WordPress/6.7.2; https://hylasmagazine.com"
193.123.62.147 - - [14/Apr/2025:06:25:49 -0400] "GET /wp-login.php HTTP/1.1" 200 1717 "-" "Mozilla/5.0 (Windows NT 10.0; Win64; x64) AppleWebKit/537.36 (KHTML, like Gecko) Chrome/87.0.4280.141 Safari/537.36"
193.123.62.147 - - [14/Apr/2025:06:25:51 -0400] "GET /wp-login.php HTTP/1.1" 200 1717 "-" "Mozilla/5.0 (Windows NT 10.0; Win64; x64) AppleWebKit/537.36 (KHTML, like Gecko) Chrome/87.0.4280.141 Safari/537.36"
198.54.114.83 - - [14/Apr/2025:06:30:29 -0400] "POST /wp-cron.php?doing_wp_cron=1744626627.6624031066894531250000 HTTP/1.1" 200 0 "-" "WordPress/6.7.2; https://hylasmagazine.com"
2a03:2880:27ff:71:: - - [14/Apr/2025:06:30:23 -0400] "GET /helms-row-the-best-row-exercise-for-the-rhomboids-middle-traps-and-rear-deltas/ HTTP/1.1" 200 0 "-" "meta-externalagent/1.1 (+https://developers.facebook.com/docs/sharing/webmasters/crawler)"
198.54.114.83 - - [14/Apr/2025:06:30:31 -0400] "POST /wp-admin/admin-ajax.php?action=async_litespeed&nonce=aIrzSsDh68tqIYtuz61A9FXKF1wJSuDw&litespeed_type=imgoptm HTTP/1.1" 200 0 "-" "WordPress/6.7.2; https://hylasmagazine.com"
114.119.137.193 - - [14/Apr/2025:06:30:40 -0400] "GET /exploring-omnigenceam-a-new-concept-in-knowledge/ HTTP/1.1" 200 31412 "https://hylasmagazine.com/category/activity/page/6/" "Mozilla/5.0 (Linux; Android 7.0;) AppleWebKit/537.36 (KHTML, like Gecko) Mobile Safari/537.36 (compatible; PetalBot;+https://webmaster.petalsearch.com/site/petalbot)"
135.119.204.51 - - [14/Apr/2025:06:30:43 -0400] "HEAD /old-watches-stylish-classy-and-often-counterfeit/ HTTP/1.1" 200 0 "http://hylasmagazine.com/old" "Mozilla/5.0 (Windows NT 10.0; Win64; x64) AppleWebKit/537.36 (KHTML, like Gecko) Chrome/74.0.3729.169 Safari/537.36"
135.119.204.51 - - [14/Apr/2025:06:30:47 -0400] "HEAD /new-mens-clothing-brands/ HTTP/1.1" 200 0 "http://hylasmagazine.com/new" "Mozilla/5.0 (Windows NT 10.0; Win64; x64) AppleWebKit/537.36 (KHTML, like Gecko) Chrome/74.0.3729.169 Safari/537.36"
135.119.204.51 - - [14/Apr/2025:06:30:56 -0400] "HEAD /home-care-assistance-montreal/ HTTP/1.1" 200 0 "http://hylasmagazine.com/home" "Mozilla/5.0 (Windows NT 10.0; Win64; x64) AppleWebKit/537.36 (KHTML, like Gecko) Chrome/74.0.3729.169 Safari/537.36"
198.54.114.83 - - [14/Apr/2025:06:31:59 -0400] "POST /wp-cron.php?doing_wp_cron=1744626717.7300240993499755859375 HTTP/1.1" 200 0 "-" "WordPress/6.7.2; https://hylasmagazine.com"
114.119.139.226 - - [14/Apr/2025:06:31:57 -0400] "GET /2024/01/17/ HTTP/1.1" 301 0 "https://hylasmagazine.com/page/44/" "Mozilla/5.0 (Linux; Android 7.0;) AppleWebKit/537.36 (KHTML, like Gecko) Mobile Safari/537.36 (compatible; PetalBot;+https://webmaster.petalsearch.com/site/petalbot)"
114.119.139.226 - - [14/Apr/2025:06:32:00 -0400] "GET / HTTP/1.1" 200 78495 "https://hylasmagazine.com/page/44/" "Mozilla/5.0 (Linux; Android 7.0;) AppleWebKit/537.36 (KHTML, like Gecko) Mobile Safari/537.36 (compatible; PetalBot;+https://webmaster.petalsearch.com/site/petalbot)"
198.54.114.83 - - [14/Apr/2025:06:32:01 -0400] "POST /wp-admin/admin-ajax.php?action=async_litespeed&nonce=r4RoUnx4ZCxdMTrOugG9yVERxsUwdhR6&litespeed_type=imgoptm HTTP/1.1" 200 0 "-" "WordPress/6.7.2; https://hylasmagazine.com"
198.54.114.83 - - [14/Apr/2025:06:33:22 -0400] "POST /wp-cron.php?doing_wp_cron=1744626801.3639569282531738281250 HTTP/1.1" 200 0 "-" "WordPress/6.7.2; https://hylasmagazine.com"
114.119.139.226 - - [14/Apr/2025:06:33:20 -0400] "GET /2023/09/13/ HTTP/1.1" 301 0 "https://hylasmagazine.com/page/69/" "Mozilla/5.0 (Linux; Android 7.0;) AppleWebKit/537.36 (KHTML, like Gecko) Mobile Safari/537.36 (compatible; PetalBot;+https://webmaster.petalsearch.com/site/petalbot)"
198.54.114.83 - - [14/Apr/2025:06:33:24 -0400] "POST /wp-admin/admin-ajax.php?action=async_litespeed&nonce=D3mu9B87HqXbOZaoKAbL9gUvvOfKA84W&litespeed_type=imgoptm HTTP/1.1" 200 0 "-" "WordPress/6.7.2; https://hylasmagazine.com"
114.119.139.226 - - [14/Apr/2025:06:33:25 -0400] "GET / HTTP/1.1" 200 78495 "https://hylasmagazine.com/page/69/" "Mozilla/5.0 (Linux; Android 7.0;) AppleWebKit/537.36 (KHTML, like Gecko) Mobile Safari/537.36 (compatible; PetalBot;+https://webmaster.petalsearch.com/site/petalbot)"
37.139.53.46 - - [14/Apr/2025:06:34:07 -0400] "GET /a-manual-for-supplanting-your-carport-entryway/ HTTP/1.1" 200 32311 "https://hylasmagazine.com/a-manual-for-supplanting-your-carport-entryway/#comment-39618" "Mozilla/5.0 (Windows NT 10.0; Win64; x64) AppleWebKit/537.36 (KHTML, like Gecko) Chrome/129.0.0.0 Safari/537.36"
198.54.114.83 - - [14/Apr/2025:06:34:10 -0400] "POST /wp-cron.php?doing_wp_cron=1744626847.6978199481964111328125 HTTP/1.1" 200 0 "-" "WordPress/6.7.2; https://hylasmagazine.com"
114.119.151.133 - - [14/Apr/2025:06:34:45 -0400] "GET /2023/02/19/ HTTP/1.1" 301 0 "https://hylasmagazine.com/page/119/?ND" "Mozilla/5.0 (Linux; Android 7.0;) AppleWebKit/537.36 (KHTML, like Gecko) Mobile Safari/537.36 (compatible; PetalBot;+https://webmaster.petalsearch.com/site/petalbot)"
61.227.106.157 - - [14/Apr/2025:06:53:02 -0400] "GET / HTTP/1.1" 200 78495 "https://hylasmagazine.com/" "Mozilla/5.0 (Windows NT 6.1; WOW64) AppleWebKit/537.36 (KHTML, like Gecko) Chrome/32.0.6943.520 Safari/537.36"
61.227.106.157 - - [14/Apr/2025:06:53:04 -0400] "GET / HTTP/1.1" 200 78495 "https://hylasmagazine.com/" "Mozilla/5.0 (Windows NT 6.1; WOW64) AppleWebKit/537.36 (KHTML, like Gecko) Chrome/32.0.6943.520 Safari/537.36"
138.68.86.32 - - [14/Apr/2025:06:53:07 -0400] "GET / HTTP/1.1" 200 0 "-" "-"
138.68.86.32 - - [14/Apr/2025:06:53:08 -0400] "GET / HTTP/1.1" 200 78495 "-" "Mozilla/5.0 (Linux; Android 6.0; HTC One M9 Build/MRA615981) AppleWebKit/537.36 (KHTML, like Gecko) Chrome/52.0.3161.98 Mobile Safari/537.3"
138.68.86.32 - - [14/Apr/2025:06:53:10 -0400] "GET /@vite/env HTTP/1.1" 200 0 "-" "Go-http-client/1.1"
138.68.86.32 - - [14/Apr/2025:06:53:13 -0400] "GET /actuator/env HTTP/1.1" 200 0 "-" "Go-http-client/1.1"
198.54.114.83 - - [14/Apr/2025:06:53:15 -0400] "POST /wp-cron.php?doing_wp_cron=1744627994.8969790935516357421875 HTTP/1.1" 200 0 "-" "WordPress/6.7.2; https://hylasmagazine.com"
138.68.86.32 - - [14/Apr/2025:06:53:15 -0400] "GET /server HTTP/1.1" 404 27768 "-" "Go-http-client/1.1"
198.54.114.83 - - [14/Apr/2025:06:53:17 -0400] "POST /wp-admin/admin-ajax.php?action=async_litespeed&nonce=LYqSSGwpTnYZ2CCp9bhh35axVfieArAw&litespeed_type=imgoptm HTTP/1.1" 200 0 "-" "WordPress/6.7.2; https://hylasmagazine.com"
138.68.86.32 - - [14/Apr/2025:06:53:17 -0400] "GET /.vscode/sftp.json HTTP/1.1" 404 27768 "-" "Go-http-client/1.1"
138.68.86.32 - - [14/Apr/2025:06:53:20 -0400] "GET /about HTTP/1.1" 404 27768 "-" "Go-http-client/1.1"
138.68.86.32 - - [14/Apr/2025:06:53:21 -0400] "GET /debug/default/view?panel=config HTTP/1.1" 404 27768 "-" "Go-http-client/1.1"
138.68.86.32 - - [14/Apr/2025:06:53:23 -0400] "GET /v2/_catalog HTTP/1.1" 404 27768 "-" "Go-http-client/1.1"
138.68.86.32 - - [14/Apr/2025:06:53:25 -0400] "GET /ecp/Current/exporttool/microsoft.exchange.ediscovery.exporttool.application HTTP/1.1" 404 27768 "-" "Go-http-client/1.1"
138.68.86.32 - - [14/Apr/2025:06:53:27 -0400] "GET /login.action HTTP/1.1" 404 27768 "-" "Go-http-client/1.1"
138.68.86.32 - - [14/Apr/2025:06:53:29 -0400] "GET /_all_dbs HTTP/1.1" 404 27768 "-" "Mozilla/5.0 (l9scan/2.0.33e27393e2431313e2838313; +https://leakix.net)"
138.68.86.32 - - [14/Apr/2025:06:53:31 -0400] "GET /.DS_Store HTTP/1.1" 404 27768 "-" "Go-http-client/1.1"
138.68.86.32 - - [14/Apr/2025:06:53:32 -0400] "GET /.env HTTP/1.1" 301 0 "-" "Go-http-client/1.1"
138.68.86.32 - - [14/Apr/2025:06:53:34 -0400] "GET /.git/config HTTP/1.1" 403 1242 "-" "Go-http-client/1.1"
138.68.86.32 - - [14/Apr/2025:06:53:35 -0400] "GET /s/33e27393e2431313e2838313/_/;/META-INF/maven/com.atlassian.jira/jira-webapp-dist/pom.properties HTTP/1.1" 404 27768 "-" "Go-http-client/1.1"
138.68.86.32 - - [14/Apr/2025:06:53:38 -0400] "GET /config.json HTTP/1.1" 404 27770 "-" "Go-http-client/1.1"
138.68.86.32 - - [14/Apr/2025:06:53:39 -0400] "GET /telescope/requests HTTP/1.1" 404 27768 "-" "Go-http-client/1.1"
138.68.86.32 - - [14/Apr/2025:06:53:41 -0400] "GET /info.php HTTP/1.1" 404 27768 "-" "Go-http-client/1.1"
138.68.86.32 - - [14/Apr/2025:06:53:43 -0400] "GET /?rest_route=/wp/v2/users/ HTTP/1.1" 200 78495 "-" "Go-http-client/1.1"
198.54.114.83 - - [14/Apr/2025:06:54:05 -0400] "POST /wp-cron.php?doing_wp_cron=1744628045.4200770854949951171875 HTTP/1.1" 200 0 "-" "WordPress/6.7.2; https://hylasmagazine.com"
114.119.151.133 - - [14/Apr/2025:06:54:05 -0400] "GET /unveiling-the-exquisite-elegance-of-lentoria-showflat/ HTTP/1.1" 200 31583 "https://hylasmagazine.com/exploring-the-arcady-showroom/" "Mozilla/5.0 (Linux; Android 7.0;) AppleWebKit/537.36 (KHTML, like Gecko) Mobile Safari/537.36 (compatible; PetalBot;+https://webmaster.petalsearch.com/site/petalbot)"
198.54.114.83 - - [14/Apr/2025:06:54:05 -0400] "POST /wp-admin/admin-ajax.php?action=async_litespeed&nonce=0rST5WsqWByTrZlgNCtnfNKpSqppXLyV&litespeed_type=imgoptm HTTP/1.1" 200 0 "-" "WordPress/6.7.2; https://hylasmagazine.com"
178.20.47.39 - - [14/Apr/2025:06:34:46 -0400] "GET /a-manual-for-supplanting-your-carport-entryway/ HTTP/1.1" 200 31643 "https://hylasmagazine.com/a-manual-for-supplanting-your-carport-entryway/" "Mozilla/5.0 (Windows NT 10.0; Win64; x64) AppleWebKit/537.36 (KHTML, like Gecko) Chrome/130.0.0.0 Safari/537.36"
114.119.151.133 - - [14/Apr/2025:06:34:47 -0400] "GET / HTTP/1.1" 200 78495 "https://hylasmagazine.com/page/119/?ND" "Mozilla/5.0 (Linux; Android 7.0;) AppleWebKit/537.36 (KHTML, like Gecko) Mobile Safari/537.36 (compatible; PetalBot;+https://webmaster.petalsearch.com/site/petalbot)"
178.20.47.39 - - [14/Apr/2025:06:34:48 -0400] "POST /wp-comments-post.php HTTP/1.1" 302 0 "https://hylasmagazine.com/a-manual-for-supplanting-your-carport-entryway/" "Mozilla/5.0 (Windows NT 10.0; Win64; x64) AppleWebKit/537.36 (KHTML, like Gecko) Chrome/130.0.0.0 Safari/537.36"
54.36.148.185 - - [14/Apr/2025:06:34:49 -0400] "GET /page/104/ HTTP/1.1" 200 30873 "-" "Mozilla/5.0 (compatible; AhrefsBot/7.0; +http://ahrefs.com/robot/)"
178.20.47.39 - - [14/Apr/2025:06:34:52 -0400] "GET /a-manual-for-supplanting-your-carport-entryway/ HTTP/1.1" 200 41804 "https://hylasmagazine.com/a-manual-for-supplanting-your-carport-entryway/#comment-39619" "Mozilla/5.0 (Windows NT 10.0; Win64; x64) AppleWebKit/537.36 (KHTML, like Gecko) Chrome/130.0.0.0 Safari/537.36"
198.54.114.83 - - [14/Apr/2025:06:46:00 -0400] "POST /wp-cron.php?doing_wp_cron=1744627558.2104699611663818359375 HTTP/1.1" 200 0 "-" "WordPress/6.7.2; https://hylasmagazine.com"
159.138.8.44 - - [14/Apr/2025:06:45:51 -0400] "GET /the-basics-of-the-yugioh-card-game/ HTTP/1.1" 200 31768 "https://hylasmagazine.com/the-basics-of-the-yugioh-card-game/" "Mozilla/5.0 (Windows NT 10.0; Win64; x64) AppleWebKit/537.36 (KHTML, like Gecko) Chrome/101.0.4951.64 Safari/537.36 Edg/101.0.1210.47"
198.54.114.83 - - [14/Apr/2025:06:46:03 -0400] "POST /wp-admin/admin-ajax.php?action=async_litespeed&nonce=ZQjjThrE4dszRRGRy9yfsKWYddM9aZfu&litespeed_type=imgoptm HTTP/1.1" 200 0 "-" "WordPress/6.7.2; https://hylasmagazine.com"
3.221.222.168 - - [14/Apr/2025:06:49:11 -0400] "GET / HTTP/1.1" 200 78495 "-" "Mozilla/5.0 AppleWebKit/537.36 (KHTML, like Gecko; compatible; Amazonbot/0.1; +https://developer.amazon.com/support/amazonbot) Chrome/119.0.6045.214 Safari/537.36"
85.208.98.18 - - [14/Apr/2025:06:54:41 -0400] "HEAD /what-is-a-mandoline/ HTTP/1.1" 200 0 "-" "Mozilla/5.0 (compatible; SemrushBot; +http://www.semrush.com/bot.html)"
85.208.98.18 - - [14/Apr/2025:06:54:41 -0400] "HEAD /screw-sizes-and-thread-patterns/ HTTP/1.1" 200 0 "-" "Mozilla/5.0 (compatible; SemrushBot; +http://www.semrush.com/bot.html)"
85.208.98.18 - - [14/Apr/2025:06:54:41 -0400] "HEAD /5-piece-wall-art/ HTTP/1.1" 200 0 "-" "Mozilla/5.0 (compatible; SemrushBot; +http://www.semrush.com/bot.html)"
198.54.114.83 - - [14/Apr/2025:06:55:30 -0400] "POST /wp-cron.php?doing_wp_cron=1744628129.6585619449615478515625 HTTP/1.1" 200 0 "-" "WordPress/6.7.2; https://hylasmagazine.com"
114.119.153.91 - - [14/Apr/2025:06:55:29 -0400] "GET /smart-home-timer-setup/ HTTP/1.1" 200 32801 "https://hylasmagazine.com/page/63/?SA" "Mozilla/5.0 (Linux; Android 7.0;) AppleWebKit/537.36 (KHTML, like Gecko) Mobile Safari/537.36 (compatible; PetalBot;+https://webmaster.petalsearch.com/site/petalbot)"
198.54.114.83 - - [14/Apr/2025:06:55:32 -0400] "POST /wp-admin/admin-ajax.php?action=async_litespeed&nonce=8HLYjc2uuobcJkrovey3GzaSBl2OaEEv&litespeed_type=imgoptm HTTP/1.1" 200 0 "-" "WordPress/6.7.2; https://hylasmagazine.com"
198.54.114.83 - - [14/Apr/2025:06:56:56 -0400] "POST /wp-cron.php?doing_wp_cron=1744628214.9542438983917236328125 HTTP/1.1" 200 0 "-" "WordPress/6.7.2; https://hylasmagazine.com"
114.119.139.123 - - [14/Apr/2025:06:56:54 -0400] "GET /page/7/?SA HTTP/1.1" 200 31078 "https://hylasmagazine.com/page/6/?SA" "Mozilla/5.0 (Linux; Android 7.0;) AppleWebKit/537.36 (KHTML, like Gecko) Mobile Safari/537.36 (compatible; PetalBot;+https://webmaster.petalsearch.com/site/petalbot)"
198.54.114.83 - - [14/Apr/2025:06:56:58 -0400] "POST /wp-admin/admin-ajax.php?action=async_litespeed&nonce=2vaHvchpNNUS57gEvEp99p09WsgpPQBL&litespeed_type=imgoptm HTTP/1.1" 200 0 "-" "WordPress/6.7.2; https://hylasmagazine.com"
198.54.114.83 - - [14/Apr/2025:06:58:29 -0400] "POST /wp-cron.php?doing_wp_cron=1744628308.3854110240936279296875 HTTP/1.1" 200 0 "-" "WordPress/6.7.2; https://hylasmagazine.com"
198.54.114.83 - - [14/Apr/2025:06:58:31 -0400] "POST /wp-admin/admin-ajax.php?action=async_litespeed&nonce=gCAiEC8rlLnoLbsur1zf1Sge3BRtLPlO&litespeed_type=imgoptm HTTP/1.1" 200 0 "-" "WordPress/6.7.2; https://hylasmagazine.com"
114.119.139.226 - - [14/Apr/2025:06:58:22 -0400] "GET /page/22/?MA HTTP/1.1" 200 31039 "https://hylasmagazine.com/page/21/?MA" "Mozilla/5.0 (Linux; Android 7.0;) AppleWebKit/537.36 (KHTML, like Gecko) Mobile Safari/537.36 (compatible; PetalBot;+https://webmaster.petalsearch.com/site/petalbot)"
198.54.114.83 - - [14/Apr/2025:06:59:40 -0400] "POST /wp-cron.php?doing_wp_cron=1744628379.9927461147308349609375 HTTP/1.1" 200 0 "-" "WordPress/6.7.2; https://hylasmagazine.com"
114.119.153.91 - - [14/Apr/2025:06:59:39 -0400] "GET /page/112/?MA HTTP/1.1" 200 31025 "https://hylasmagazine.com/page/111/?MA" "Mozilla/5.0 (Linux; Android 7.0;) AppleWebKit/537.36 (KHTML, like Gecko) Mobile Safari/537.36 (compatible; PetalBot;+https://webmaster.petalsearch.com/site/petalbot)"
198.54.114.83 - - [14/Apr/2025:06:59:42 -0400] "POST /wp-admin/admin-ajax.php?action=async_litespeed&nonce=GY7I7U7bIf2h7490H6SvMT9s2qLzAy6F&litespeed_type=imgoptm HTTP/1.1" 200 0 "-" "WordPress/6.7.2; https://hylasmagazine.com"
66.249.70.174 - - [14/Apr/2025:06:59:42 -0400] "GET /robots.txt HTTP/1.1" 301 0 "-" "Mozilla/5.0 (compatible; Googlebot/2.1; +http://www.google.com/bot.html)"
66.249.70.106 - - [14/Apr/2025:06:59:43 -0400] "GET /robots.txt HTTP/1.1" 200 107 "-" "Mozilla/5.0 (compatible; Googlebot/2.1; +http://www.google.com/bot.html)"
66.249.70.174 - - [14/Apr/2025:06:59:45 -0400] "GET /media/catalog/product/cache/1/small_image/9df78eab33525d08d6e5fb8d27136e95/1/9/1920210146240_70vzak.jpg HTTP/1.1" 301 0 "-" "Googlebot-Image/1.0"
66.249.70.105 - - [14/Apr/2025:06:59:47 -0400] "GET /media/catalog/product/cache/1/small_image/9df78eab33525d08d6e5fb8d27136e95/1/9/1920210146240_70vzak.jpg HTTP/1.1" 404 27768 "-" "Googlebot-Image/1.0"
198.54.114.83 - - [14/Apr/2025:07:01:09 -0400] "POST /wp-cron.php?doing_wp_cron=1744628468.7117700576782226562500 HTTP/1.1" 200 0 "-" "WordPress/6.7.2; https://hylasmagazine.com"
114.119.130.125 - - [14/Apr/2025:07:01:04 -0400] "GET /page/45/?MA HTTP/1.1" 200 31132 "https://hylasmagazine.com/page/44/?MA" "Mozilla/5.0 (Linux; Android 7.0;) AppleWebKit/537.36 (KHTML, like Gecko) Mobile Safari/537.36 (compatible; PetalBot;+https://webmaster.petalsearch.com/site/petalbot)"
198.54.114.83 - - [14/Apr/2025:07:01:10 -0400] "POST /wp-admin/admin-ajax.php?action=async_litespeed&nonce=6Ef3Bke9hfYgRDe22TX6zl0cepjxjRVm&litespeed_type=imgoptm HTTP/1.1" 200 0 "-" "WordPress/6.7.2; https://hylasmagazine.com"
45.84.107.172 - - [14/Apr/2025:07:02:21 -0400] "GET / HTTP/1.1" 200 78495 "https://hylasmagazine.com" "Mozilla/5.0 (Windows NT 10.0; Win64; x64) AppleWebKit/537.36 (KHTML, like Gecko) Chrome/90.0.4430.85 Safari/537.36"
198.54.114.83 - - [14/Apr/2025:07:02:29 -0400] "POST /wp-cron.php?doing_wp_cron=1744628549.2064900398254394531250 HTTP/1.1" 200 0 "-" "WordPress/6.7.2; https://hylasmagazine.com"
114.119.151.153 - - [14/Apr/2025:07:02:27 -0400] "GET /page/106/ HTTP/1.1" 200 30818 "https://hylasmagazine.com/page/105/" "Mozilla/5.0 (Linux; Android 7.0;) AppleWebKit/537.36 (KHTML, like Gecko) Mobile Safari/537.36 (compatible; PetalBot;+https://webmaster.petalsearch.com/site/petalbot)"
198.54.114.83 - - [14/Apr/2025:07:02:31 -0400] "POST /wp-admin/admin-ajax.php?action=async_litespeed&nonce=GNpDMlk3yi0hm6fpftFQ5yrInWc4SYwR&litespeed_type=imgoptm HTTP/1.1" 200 0 "-" "WordPress/6.7.2; https://hylasmagazine.com"
198.54.114.83 - - [14/Apr/2025:07:03:59 -0400] "POST /wp-cron.php?doing_wp_cron=1744628637.8487389087677001953125 HTTP/1.1" 200 0 "-" "WordPress/6.7.2; https://hylasmagazine.com"
114.119.151.153 - - [14/Apr/2025:07:03:55 -0400] "GET /discovering-dubai-osteopathy-a-holistic-approach-to-wellness/ HTTP/1.1" 200 31350 "https://hylasmagazine.com/page/11/?ND" "Mozilla/5.0 (Linux; Android 7.0;) AppleWebKit/537.36 (KHTML, like Gecko) Mobile Safari/537.36 (compatible; PetalBot;+https://webmaster.petalsearch.com/site/petalbot)"
198.54.114.83 - - [14/Apr/2025:07:04:00 -0400] "POST /wp-admin/admin-ajax.php?action=async_litespeed&nonce=Nr0rBWytzFYXzGGOhLNybqf8An2VDQAS&litespeed_type=imgoptm HTTP/1.1" 200 0 "-" "WordPress/6.7.2; https://hylasmagazine.com"
114.119.137.193 - - [14/Apr/2025:07:05:19 -0400] "GET /2023/03/20/ HTTP/1.1" 301 0 "https://hylasmagazine.com/how-refrigerators-work/" "Mozilla/5.0 (Linux; Android 7.0;) AppleWebKit/537.36 (KHTML, like Gecko) Mobile Safari/537.36 (compatible; PetalBot;+https://webmaster.petalsearch.com/site/petalbot)"
198.54.114.83 - - [14/Apr/2025:07:05:23 -0400] "POST /wp-cron.php?doing_wp_cron=1744628719.7401180267333984375000 HTTP/1.1" 200 0 "-" "WordPress/6.7.2; https://hylasmagazine.com"
114.119.137.193 - - [14/Apr/2025:07:05:27 -0400] "GET / HTTP/1.1" 200 78495 "https://hylasmagazine.com/how-refrigerators-work/" "Mozilla/5.0 (Linux; Android 7.0;) AppleWebKit/537.36 (KHTML, like Gecko) Mobile Safari/537.36 (compatible; PetalBot;+https://webmaster.petalsearch.com/site/petalbot)"
198.54.114.83 - - [14/Apr/2025:07:06:38 -0400] "POST /wp-cron.php?doing_wp_cron=1744628798.0979158878326416015625 HTTP/1.1" 200 0 "-" "WordPress/6.7.2; https://hylasmagazine.com"
114.119.130.125 - - [14/Apr/2025:07:06:37 -0400] "GET /pokemon-action-figures/ HTTP/1.1" 200 31527 "https://hylasmagazine.com/page/108/?SA" "Mozilla/5.0 (Linux; Android 7.0;) AppleWebKit/537.36 (KHTML, like Gecko) Mobile Safari/537.36 (compatible; PetalBot;+https://webmaster.petalsearch.com/site/petalbot)"
198.54.114.83 - - [14/Apr/2025:07:06:39 -0400] "POST /wp-admin/admin-ajax.php?action=async_litespeed&nonce=YO7GeEuc9qtLdjSF1X2xylS0QsYlN6ab&litespeed_type=imgoptm HTTP/1.1" 200 5 "-" "WordPress/6.7.2; https://hylasmagazine.com"
2a03:4000:56:142:c4f6:45ff:fe6c:a1d3 - - [14/Apr/2025:07:07:05 -0400] "GET / HTTP/1.1" 200 78495 "-" "Timpibot/0.9 (+http://www.timpi.io)"
198.54.114.83 - - [14/Apr/2025:07:08:04 -0400] "POST /wp-cron.php?doing_wp_cron=1744628884.0448269844055175781250 HTTP/1.1" 200 0 "-" "WordPress/6.7.2; https://hylasmagazine.com"
114.119.139.226 - - [14/Apr/2025:07:08:00 -0400] "GET /2025/02/09/ HTTP/1.1" 301 0 "https://hylasmagazine.com/master-the-art-of-writing-with-an-author-course/" "Mozilla/5.0 (Linux; Android 7.0;) AppleWebKit/537.36 (KHTML, like Gecko) Mobile Safari/537.36 (compatible; PetalBot;+https://webmaster.petalsearch.com/site/petalbot)"
198.54.114.83 - - [14/Apr/2025:07:08:05 -0400] "POST /wp-admin/admin-ajax.php?action=async_litespeed&nonce=NK0TL8dAwoT1JXJDH2awGbV2z0FrmlrJ&litespeed_type=imgoptm HTTP/1.1" 200 0 "-" "WordPress/6.7.2; https://hylasmagazine.com"
114.119.139.226 - - [14/Apr/2025:07:08:06 -0400] "GET / HTTP/1.1" 200 78495 "https://hylasmagazine.com/master-the-art-of-writing-with-an-author-course/" "Mozilla/5.0 (Linux; Android 7.0;) AppleWebKit/537.36 (KHTML, like Gecko) Mobile Safari/537.36 (compatible; PetalBot;+https://webmaster.petalsearch.com/site/petalbot)"
198.54.114.83 - - [14/Apr/2025:07:09:25 -0400] "POST /wp-cron.php?doing_wp_cron=1744628964.4304969310760498046875 HTTP/1.1" 200 0 "-" "WordPress/6.7.2; https://hylasmagazine.com"
114.119.147.73 - - [14/Apr/2025:07:09:24 -0400] "GET /2023/09/22/ HTTP/1.1" 301 0 "https://hylasmagazine.com/page/66/?ND" "Mozilla/5.0 (Linux; Android 7.0;) AppleWebKit/537.36 (KHTML, like Gecko) Mobile Safari/537.36 (compatible; PetalBot;+https://webmaster.petalsearch.com/site/petalbot)"
198.54.114.83 - - [14/Apr/2025:07:09:27 -0400] "POST /wp-admin/admin-ajax.php?action=async_litespeed&nonce=sKDOLWL4h9NCLKYDLkWEaykgHpoaTRCS&litespeed_type=imgoptm HTTP/1.1" 200 0 "-" "WordPress/6.7.2; https://hylasmagazine.com"
114.119.147.73 - - [14/Apr/2025:07:09:28 -0400] "GET / HTTP/1.1" 200 78495 "https://hylasmagazine.com/page/66/?ND" "Mozilla/5.0 (Linux; Android 7.0;) AppleWebKit/537.36 (KHTML, like Gecko) Mobile Safari/537.36 (compatible; PetalBot;+https://webmaster.petalsearch.com/site/petalbot)"
47.79.123.148 - - [14/Apr/2025:07:10:01 -0400] "GET / HTTP/1.1" 200 78495 "https://hylasmagazine.com" "Mozilla/5.0 (Windows NT 10.0; Win64; x64) AppleWebKit/537.36 (KHTML, like Gecko) Chrome/114.0.0.0 Safari/537.36 Edg/114.0.1823.43"
198.54.114.83 - - [14/Apr/2025:07:10:19 -0400] "POST /wp-cron.php?doing_wp_cron=1744629019.5050559043884277343750 HTTP/1.1" 200 0 "-" "WordPress/6.7.2; https://hylasmagazine.com"
2a01:4f8:241:42e4::2 - - [14/Apr/2025:07:10:19 -0400] "GET /deadly-flakka-drug-insanity-on-a-superhuman-scale/ HTTP/1.1" 200 32270 "-" "Mozilla/5.0 (Windows NT 10.0; Win64; x64) AppleWebKit/537.36 (KHTML, like Gecko) Chrome/120.0.0.0 Safari/537.36"
198.54.114.83 - - [14/Apr/2025:07:10:20 -0400] "POST /wp-admin/admin-ajax.php?action=async_litespeed&nonce=ZeXah5GCyLhTMGwrRolCvTduHFBTEGpZ&litespeed_type=imgoptm HTTP/1.1" 200 5 "-" "WordPress/6.7.2; https://hylasmagazine.com"
151.106.173.252 - - [14/Apr/2025:07:10:33 -0400] "GET /media/catalog/product/cache/1/small_image/400x260/9df78eab33525d08d6e5fb8d27136e95/2/7/2720210145482_70vzak.jpg HTTP/1.1" 301 0 "-" "Mozilla/5.0 (X11; Ubuntu; Linux x86_64; rv:72.0) Gecko/20100101 Firefox/72.0"
151.106.173.252 - - [14/Apr/2025:07:10:37 -0400] "GET /media/catalog/product/cache/1/small_image/400x260/9df78eab33525d08d6e5fb8d27136e95/2/7/2720210145482_70vzak.jpg HTTP/1.1" 404 27768 "-" "Mozilla/5.0 (X11; Ubuntu; Linux x86_64; rv:72.0) Gecko/20100101 Firefox/72.0"
151.106.173.252 - - [14/Apr/2025:07:10:38 -0400] "GET /media/catalog/product/cache/1/small_image/400x260/9df78eab33525d08d6e5fb8d27136e95/2/7/2720210145482_70vzak.jpg HTTP/1.1" 301 0 "-" "Mozilla/5.0 (X11; Ubuntu; Linux x86_64; rv:72.0) Gecko/20100101 Firefox/72.0"
151.106.173.252 - - [14/Apr/2025:07:10:39 -0400] "GET /media/catalog/product/cache/1/small_image/400x260/9df78eab33525d08d6e5fb8d27136e95/2/7/2720210145482_70vzak.jpg HTTP/1.1" 404 27768 "-" "Mozilla/5.0 (X11; Ubuntu; Linux x86_64; rv:72.0) Gecko/20100101 Firefox/72.0"
151.106.173.252 - - [14/Apr/2025:07:10:39 -0400] "GET /media/catalog/product/cache/1/small_image/400x260/9df78eab33525d08d6e5fb8d27136e95/2/7/2720210145482_70vzak.jpg HTTP/1.1" 301 0 "-" "Mozilla/5.0 (X11; Ubuntu; Linux x86_64; rv:72.0) Gecko/20100101 Firefox/72.0"
151.106.173.252 - - [14/Apr/2025:07:10:40 -0400] "GET /media/catalog/product/cache/1/small_image/400x260/9df78eab33525d08d6e5fb8d27136e95/2/7/2720210145482_70vzak.jpg HTTP/1.1" 404 27768 "-" "Mozilla/5.0 (X11; Ubuntu; Linux x86_64; rv:72.0) Gecko/20100101 Firefox/72.0"
198.54.114.83 - - [14/Apr/2025:07:20:35 -0400] "POST /wp-cron.php?doing_wp_cron=1744629633.6430990695953369140625 HTTP/1.1" 200 0 "-" "WordPress/6.7.2; https://hylasmagazine.com"
207.46.13.111 - - [14/Apr/2025:07:20:26 -0400] "GET /sitemap_index.xml HTTP/1.1" 200 295 "-" "Mozilla/5.0 AppleWebKit/537.36 (KHTML, like Gecko; compatible; bingbot/2.0; +http://www.bing.com/bingbot.htm) Chrome/116.0.1938.76 Safari/537.36"
198.54.114.83 - - [14/Apr/2025:07:20:36 -0400] "POST /wp-admin/admin-ajax.php?action=async_litespeed&nonce=BJu0Nk9sYg8mREk5H3s72asqJVfIkECk&litespeed_type=imgoptm HTTP/1.1" 200 0 "-" "WordPress/6.7.2; https://hylasmagazine.com"
35.187.134.102 - - [14/Apr/2025:07:20:46 -0400] "GET /how-to-attract-youtube-views/ HTTP/1.1" 200 31379 "-" "Mozilla/5.0 (compatible; Google-Apps-Script; beanserver; +https://script.google.com; id: UAEmdDd-PoRGEvgsVmUEWah8uuaASwmqBPQ)"
102.64.169.9 - - [14/Apr/2025:07:20:51 -0400] "GET /meilleurs-groupes-de-telegrammes-pornographiques/ HTTP/1.1" 200 32024 "https://www.bing.com/" "Mozilla/5.0 (Windows NT 6.2; Win64; x64) AppleWebKit/537.36 (KHTML, like Gecko) Chrome/109.0.0.0 Safari/537.36 Edg/109.0.1518.140"
102.64.169.9 - - [14/Apr/2025:07:20:55 -0400] "GET /wp-content/themes/rise-magazine/assets/css/slick.css?ver=6.7.2 HTTP/1.1" 200 493 "https://hylasmagazine.com/meilleurs-groupes-de-telegrammes-pornographiques/" "Mozilla/5.0 (Windows NT 6.2; Win64; x64) AppleWebKit/537.36 (KHTML, like Gecko) Chrome/109.0.0.0 Safari/537.36 Edg/109.0.1518.140"
102.64.169.9 - - [14/Apr/2025:07:20:55 -0400] "GET /wp-includes/css/dist/block-library/style.min.css?ver=6.7.2 HTTP/1.1" 200 14225 "https://hylasmagazine.com/meilleurs-groupes-de-telegrammes-pornographiques/" "Mozilla/5.0 (Windows NT 6.2; Win64; x64) AppleWebKit/537.36 (KHTML, like Gecko) Chrome/109.0.0.0 Safari/537.36 Edg/109.0.1518.140"
102.64.169.9 - - [14/Apr/2025:07:20:55 -0400] "GET /wp-content/themes/rise-magazine/assets/css/slick-theme.css?ver=6.7.2 HTTP/1.1" 200 781 "https://hylasmagazine.com/meilleurs-groupes-de-telegrammes-pornographiques/" "Mozilla/5.0 (Windows NT 6.2; Win64; x64) AppleWebKit/537.36 (KHTML, like Gecko) Chrome/109.0.0.0 Safari/537.36 Edg/109.0.1518.140"
102.64.169.9 - - [14/Apr/2025:07:20:55 -0400] "GET /wp-content/fonts/ef733b3af2af3dae34a00fae4de6fa5b.css HTTP/1.1" 200 385 "https://hylasmagazine.com/meilleurs-groupes-de-telegrammes-pornographiques/" "Mozilla/5.0 (Windows NT 6.2; Win64; x64) AppleWebKit/537.36 (KHTML, like Gecko) Chrome/109.0.0.0 Safari/537.36 Edg/109.0.1518.140"
102.64.169.9 - - [14/Apr/2025:07:20:55 -0400] "GET /wp-content/themes/rise-magazine/assets/css/blocks.min.css?ver=6.7.2 HTTP/1.1" 200 2145 "https://hylasmagazine.com/meilleurs-groupes-de-telegrammes-pornographiques/" "Mozilla/5.0 (Windows NT 6.2; Win64; x64) AppleWebKit/537.36 (KHTML, like Gecko) Chrome/109.0.0.0 Safari/537.36 Edg/109.0.1518.140"
102.64.169.9 - - [14/Apr/2025:07:20:55 -0400] "GET /wp-content/themes/rise-magazine/style.css?ver=6.7.2 HTTP/1.1" 200 25264 "https://hylasmagazine.com/meilleurs-groupes-de-telegrammes-pornographiques/" "Mozilla/5.0 (Windows NT 6.2; Win64; x64) AppleWebKit/537.36 (KHTML, like Gecko) Chrome/109.0.0.0 Safari/537.36 Edg/109.0.1518.140"
102.64.169.9 - - [14/Apr/2025:07:20:55 -0400] "GET /wp-content/themes/rise-magazine/assets/js/skip-link-focus-fix.min.js?ver=20160412 HTTP/1.1" 200 216 "https://hylasmagazine.com/meilleurs-groupes-de-telegrammes-pornographiques/" "Mozilla/5.0 (Windows NT 6.2; Win64; x64) AppleWebKit/537.36 (KHTML, like Gecko) Chrome/109.0.0.0 Safari/537.36 Edg/109.0.1518.140"
102.64.169.9 - - [14/Apr/2025:07:20:55 -0400] "GET /wp-includes/js/imagesloaded.min.js?ver=5.0.0 HTTP/1.1" 200 1687 "https://hylasmagazine.com/meilleurs-groupes-de-telegrammes-pornographiques/" "Mozilla/5.0 (Windows NT 6.2; Win64; x64) AppleWebKit/537.36 (KHTML, like Gecko) Chrome/109.0.0.0 Safari/537.36 Edg/109.0.1518.140"
102.64.169.9 - - [14/Apr/2025:07:20:55 -0400] "GET /wp-includes/js/jquery/jquery-migrate.min.js?ver=3.4.1 HTTP/1.1" 200 4678 "https://hylasmagazine.com/meilleurs-groupes-de-telegrammes-pornographiques/" "Mozilla/5.0 (Windows NT 6.2; Win64; x64) AppleWebKit/537.36 (KHTML, like Gecko) Chrome/109.0.0.0 Safari/537.36 Edg/109.0.1518.140"
102.64.169.9 - - [14/Apr/2025:07:20:55 -0400] "GET /wp-includes/js/jquery/jquery.min.js?ver=3.7.1 HTTP/1.1" 200 29744 "https://hylasmagazine.com/meilleurs-groupes-de-telegrammes-pornographiques/" "Mozilla/5.0 (Windows NT 6.2; Win64; x64) AppleWebKit/537.36 (KHTML, like Gecko) Chrome/109.0.0.0 Safari/537.36 Edg/109.0.1518.140"
102.64.169.9 - - [14/Apr/2025:07:20:55 -0400] "GET /wp-content/themes/rise-magazine/assets/js/packery.pkgd.min.js?ver=2.1.2 HTTP/1.1" 200 20009 "https://hylasmagazine.com/meilleurs-groupes-de-telegrammes-pornographiques/" "Mozilla/5.0 (Windows NT 6.2; Win64; x64) AppleWebKit/537.36 (KHTML, like Gecko) Chrome/109.0.0.0 Safari/537.36 Edg/109.0.1518.140"
198.54.114.83 - - [14/Apr/2025:07:26:25 -0400] "POST /wp-cron.php?doing_wp_cron=1744629983.7672970294952392578125 HTTP/1.1" 200 0 "-" "WordPress/6.7.2; https://hylasmagazine.com"
198.54.114.83 - - [14/Apr/2025:07:26:26 -0400] "POST /wp-admin/admin-ajax.php?action=async_litespeed&nonce=aoSW027blMcHBQITxWRYkPw92LXLomYH&litespeed_type=imgoptm HTTP/1.1" 200 0 "-" "WordPress/6.7.2; https://hylasmagazine.com"
102.64.169.9 - - [14/Apr/2025:07:20:55 -0400] "GET /wp-content/themes/rise-magazine/assets/js/navigation.min.js?ver=20151215 HTTP/1.1" 200 1210 "https://hylasmagazine.com/meilleurs-groupes-de-telegrammes-pornographiques/" "Mozilla/5.0 (Windows NT 6.2; Win64; x64) AppleWebKit/537.36 (KHTML, like Gecko) Chrome/109.0.0.0 Safari/537.36 Edg/109.0.1518.140"
102.64.169.9 - - [14/Apr/2025:07:20:55 -0400] "GET /wp-content/themes/rise-magazine/assets/css/font-awesome.min.css?ver=6.7.2 HTTP/1.1" 200 6662 "https://hylasmagazine.com/meilleurs-groupes-de-telegrammes-pornographiques/" "Mozilla/5.0 (Windows NT 6.2; Win64; x64) AppleWebKit/537.36 (KHTML, like Gecko) Chrome/109.0.0.0 Safari/537.36 Edg/109.0.1518.140"
102.64.169.9 - - [14/Apr/2025:07:20:56 -0400] "GET /wp-content/themes/rise-magazine/assets/js/slick.min.js?ver=1.6.0 HTTP/1.1" 200 10112 "https://hylasmagazine.com/meilleurs-groupes-de-telegrammes-pornographiques/" "Mozilla/5.0 (Windows NT 6.2; Win64; x64) AppleWebKit/537.36 (KHTML, like Gecko) Chrome/109.0.0.0 Safari/537.36 Edg/109.0.1518.140"
102.64.169.9 - - [14/Apr/2025:07:20:56 -0400] "GET /wp-content/themes/rise-magazine/assets/js/custom.min.js?ver=20151215 HTTP/1.1" 200 1350 "https://hylasmagazine.com/meilleurs-groupes-de-telegrammes-pornographiques/" "Mozilla/5.0 (Windows NT 6.2; Win64; x64) AppleWebKit/537.36 (KHTML, like Gecko) Chrome/109.0.0.0 Safari/537.36 Edg/109.0.1518.140"
102.64.169.9 - - [14/Apr/2025:07:20:58 -0400] "GET /wp-includes/js/comment-reply.min.js?ver=6.7.2 HTTP/1.1" 200 1247 "https://hylasmagazine.com/meilleurs-groupes-de-telegrammes-pornographiques/" "Mozilla/5.0 (Windows NT 6.2; Win64; x64) AppleWebKit/537.36 (KHTML, like Gecko) Chrome/109.0.0.0 Safari/537.36 Edg/109.0.1518.140"
102.64.169.9 - - [14/Apr/2025:07:20:58 -0400] "GET /wp-includes/js/wp-emoji-release.min.js?ver=6.7.2 HTTP/1.1" 200 4676 "https://hylasmagazine.com/meilleurs-groupes-de-telegrammes-pornographiques/" "Mozilla/5.0 (Windows NT 6.2; Win64; x64) AppleWebKit/537.36 (KHTML, like Gecko) Chrome/109.0.0.0 Safari/537.36 Edg/109.0.1518.140"
102.64.169.9 - - [14/Apr/2025:07:20:58 -0400] "GET /wp-content/themes/rise-magazine/assets/uploads/header-image.jpg HTTP/1.1" 200 333776 "https://hylasmagazine.com/meilleurs-groupes-de-telegrammes-pornographiques/" "Mozilla/5.0 (Windows NT 6.2; Win64; x64) AppleWebKit/537.36 (KHTML, like Gecko) Chrome/109.0.0.0 Safari/537.36 Edg/109.0.1518.140"
102.64.169.9 - - [14/Apr/2025:07:21:02 -0400] "GET /favicon.ico HTTP/1.1" 404 1251 "https://hylasmagazine.com/meilleurs-groupes-de-telegrammes-pornographiques/" "Mozilla/5.0 (Windows NT 6.2; Win64; x64) AppleWebKit/537.36 (KHTML, like Gecko) Chrome/109.0.0.0 Safari/537.36 Edg/109.0.1518.140"
198.54.114.83 - - [14/Apr/2025:07:21:22 -0400] "POST /wp-cron.php?doing_wp_cron=1744629681.3351039886474609375000 HTTP/1.1" 200 0 "-" "WordPress/6.7.2; https://hylasmagazine.com"
190.92.211.60 - - [14/Apr/2025:07:21:19 -0400] "GET /serviette-personnalisee-la-touche-finale-parfaite/ HTTP/1.1" 200 31618 "https://hylasmagazine.com/serviette-personnalisee-la-touche-finale-parfaite/" "Mozilla/5.0 (Macintosh; Intel Mac OS X 10_15_7) AppleWebKit/537.36 (KHTML, like Gecko) Chrome/123.0.0.0 Safari/537.36"
198.54.114.83 - - [14/Apr/2025:07:21:26 -0400] "POST /wp-admin/admin-ajax.php?action=async_litespeed&nonce=MdKsvc5iPnzsaRNf4CmF5yXoT5flEloj&litespeed_type=imgoptm HTTP/1.1" 200 0 "-" "WordPress/6.7.2; https://hylasmagazine.com"
98.84.184.80 - - [14/Apr/2025:07:23:16 -0400] "GET /apprendre-a-jouer-de-la-guitare/ HTTP/1.1" 200 31748 "-" "Mozilla/5.0 AppleWebKit/537.36 (KHTML, like Gecko; compatible; Amazonbot/0.1; +https://developer.amazon.com/support/amazonbot) Chrome/119.0.6045.214 Safari/537.36"
54.36.148.88 - - [14/Apr/2025:07:26:19 -0400] "GET /cloud-gavel-and-public-safety-partnerships/ HTTP/1.1" 200 31387 "-" "Mozilla/5.0 (compatible; AhrefsBot/7.0; +http://ahrefs.com/robot/)"
198.54.114.83 - - [14/Apr/2025:07:28:43 -0400] "POST /wp-cron.php?doing_wp_cron=1744630122.1526141166687011718750 HTTP/1.1" 200 0 "-" "WordPress/6.7.2; https://hylasmagazine.com"
52.167.144.185 - - [14/Apr/2025:07:28:38 -0400] "GET /2023/08/ HTTP/1.1" 301 0 "-" "Mozilla/5.0 AppleWebKit/537.36 (KHTML, like Gecko; compatible; bingbot/2.0; +http://www.bing.com/bingbot.htm) Chrome/116.0.1938.76 Safari/537.36"
198.54.114.83 - - [14/Apr/2025:07:28:43 -0400] "POST /wp-admin/admin-ajax.php?action=async_litespeed&nonce=a2350uKIrZw6CvqEWGYO9WrGQi5Uzj4H&litespeed_type=imgoptm HTTP/1.1" 200 0 "-" "WordPress/6.7.2; https://hylasmagazine.com"
2602:fa59:10:1af::1 - - [14/Apr/2025:07:29:12 -0400] "GET /wp-content/ HTTP/1.1" 200 0 "-" "Mozilla/5.0 (Windows NT 10.0; Win64; x64) AppleWebKit/537.36 (KHTML, like Gecko) Chrome/91.0.4472.124 Safari/537.36"
34.116.22.45 - - [14/Apr/2025:07:31:23 -0400] "GET /how-to-attract-youtube-views/ HTTP/1.1" 200 31379 "-" "Mozilla/5.0 (compatible; Google-Apps-Script; beanserver; +https://script.google.com; id: UAEmdDd-PoRGEvgsVmUEWah8uuaASwmqBPQ)"
47.128.125.81 - - [14/Apr/2025:07:32:24 -0400] "GET /mastering-instagram-a-guide-to-freezing-your-account/ HTTP/1.1" 200 31343 "-" "Mozilla/5.0 (compatible; Bytespider; spider-feedback@bytedance.com) AppleWebKit/537.36 (KHTML, like Gecko) Chrome/70.0.0.0 Safari/537.36"
185.245.106.236 - - [14/Apr/2025:07:34:10 -0400] "GET /a-manual-for-supplanting-your-carport-entryway/ HTTP/1.1" 200 31643 "https://hylasmagazine.com/a-manual-for-supplanting-your-carport-entryway/" "Mozilla/5.0 (Windows NT 6.3; WOW64) AppleWebKit/537.36 (KHTML, like Gecko) Chrome/103.0.0.0 Safari/537.36"
198.54.114.83 - - [14/Apr/2025:07:34:17 -0400] "POST /wp-cron.php?doing_wp_cron=1744630456.0524630546569824218750 HTTP/1.1" 200 0 "-" "WordPress/6.7.2; https://hylasmagazine.com"
198.54.114.83 - - [14/Apr/2025:07:34:17 -0400] "POST /wp-admin/admin-ajax.php?action=async_litespeed&nonce=ICENw34VFvniBxRlKld62sqJJzLaQ1Sv&litespeed_type=imgoptm HTTP/1.1" 200 0 "-" "WordPress/6.7.2; https://hylasmagazine.com"
185.245.106.236 - - [14/Apr/2025:07:34:11 -0400] "POST /wp-comments-post.php HTTP/1.1" 302 0 "https://hylasmagazine.com/a-manual-for-supplanting-your-carport-entryway/" "Mozilla/5.0 (Windows NT 6.3; WOW64) AppleWebKit/537.36 (KHTML, like Gecko) Chrome/103.0.0.0 Safari/537.36"
185.245.106.236 - - [14/Apr/2025:07:34:19 -0400] "GET /a-manual-for-supplanting-your-carport-entryway/ HTTP/1.1" 200 32270 "https://hylasmagazine.com/a-manual-for-supplanting-your-carport-entryway/#comment-39620" "Mozilla/5.0 (Windows NT 6.3; WOW64) AppleWebKit/537.36 (KHTML, like Gecko) Chrome/103.0.0.0 Safari/537.36"
198.54.114.83 - - [14/Apr/2025:07:35:50 -0400] "POST /wp-cron.php?doing_wp_cron=1744630550.5175049304962158203125 HTTP/1.1" 200 0 "-" "WordPress/6.7.2; https://hylasmagazine.com"
114.119.151.133 - - [14/Apr/2025:07:35:48 -0400] "GET /media/catalog/product/cache/1/small_image/400x260/9df78eab33525d08d6e5fb8d27136e95/4/1/4120210144856_70vzak.jpg HTTP/1.1" 301 0 "-" "Mozilla/5.0 (Linux; Android 7.0;) AppleWebKit/537.36 (KHTML, like Gecko) Mobile Safari/537.36 (compatible; PetalBot;+https://webmaster.petalsearch.com/site/petalbot)"
198.54.114.83 - - [14/Apr/2025:07:35:51 -0400] "POST /wp-admin/admin-ajax.php?action=async_litespeed&nonce=OQZeBPSQgVCd1LEYbnDZtaH8Nf2QqNzf&litespeed_type=imgoptm HTTP/1.1" 200 5 "-" "WordPress/6.7.2; https://hylasmagazine.com"
114.119.151.133 - - [14/Apr/2025:07:35:52 -0400] "GET /media/catalog/product/cache/1/small_image/400x260/9df78eab33525d08d6e5fb8d27136e95/4/1/4120210144856_70vzak.jpg HTTP/1.1" 404 27768 "-" "Mozilla/5.0 (Linux; Android 7.0;) AppleWebKit/537.36 (KHTML, like Gecko) Mobile Safari/537.36 (compatible; PetalBot;+https://webmaster.petalsearch.com/site/petalbot)"
198.54.114.83 - - [14/Apr/2025:07:37:11 -0400] "POST /wp-cron.php?doing_wp_cron=1744630631.3402209281921386718750 HTTP/1.1" 200 0 "-" "WordPress/6.7.2; https://hylasmagazine.com"
114.119.147.73 - - [14/Apr/2025:07:37:09 -0400] "GET /media/catalog/product/cache/1/small_image/400x260/9df78eab33525d08d6e5fb8d27136e95/3/3/332021133939_70vzak.jpg HTTP/1.1" 301 0 "-" "Mozilla/5.0 (Linux; Android 7.0;) AppleWebKit/537.36 (KHTML, like Gecko) Mobile Safari/537.36 (compatible; PetalBot;+https://webmaster.petalsearch.com/site/petalbot)"
198.54.114.83 - - [14/Apr/2025:07:37:12 -0400] "POST /wp-admin/admin-ajax.php?action=async_litespeed&nonce=bVYXMlhd2mX9KjEcxjoeS23a80sG8VbF&litespeed_type=imgoptm HTTP/1.1" 200 5 "-" "WordPress/6.7.2; https://hylasmagazine.com"
114.119.147.73 - - [14/Apr/2025:07:37:15 -0400] "GET /media/catalog/product/cache/1/small_image/400x260/9df78eab33525d08d6e5fb8d27136e95/3/3/332021133939_70vzak.jpg HTTP/1.1" 404 27768 "-" "Mozilla/5.0 (Linux; Android 7.0;) AppleWebKit/537.36 (KHTML, like Gecko) Mobile Safari/537.36 (compatible; PetalBot;+https://webmaster.petalsearch.com/site/petalbot)"
198.54.114.83 - - [14/Apr/2025:07:38:37 -0400] "POST /wp-cron.php?doing_wp_cron=1744630716.8966870307922363281250 HTTP/1.1" 200 0 "-" "WordPress/6.7.2; https://hylasmagazine.com"
198.54.114.83 - - [14/Apr/2025:07:38:37 -0400] "POST /wp-admin/admin-ajax.php?action=async_litespeed&nonce=EQIUvHjYymHWYimZuJ8717EpQ7vak2lM&litespeed_type=imgoptm HTTP/1.1" 200 5 "-" "WordPress/6.7.2; https://hylasmagazine.com"
114.119.139.226 - - [14/Apr/2025:07:38:35 -0400] "GET /why-you-ought-to-record-your-state-duties-on-the-web/ HTTP/1.1" 200 31941 "https://hylasmagazine.com/page/120/" "Mozilla/5.0 (Linux; Android 7.0;) AppleWebKit/537.36 (KHTML, like Gecko) Mobile Safari/537.36 (compatible; PetalBot;+https://webmaster.petalsearch.com/site/petalbot)"
185.157.214.24 - - [14/Apr/2025:07:38:47 -0400] "GET /how-to-design-a-website-for-a-niche-market-like-the-cbd-shop HTTP/1.1" 301 0 "-" "Mozilla/5.0 (Macintosh; Intel Mac OS X 10_15_7) AppleWebKit/537.36 (KHTML, like Gecko) Chrome/133.0.0.0 Safari/537.36"
185.157.214.24 - - [14/Apr/2025:07:38:49 -0400] "GET /how-to-design-a-website-for-a-niche-market-like-the-cbd-shop/ HTTP/1.1" 200 33393 "https://hylasmagazine.com/how-to-design-a-website-for-a-niche-market-like-the-cbd-shop" "Mozilla/5.0 (Macintosh; Intel Mac OS X 10_15_7) AppleWebKit/537.36 (KHTML, like Gecko) Chrome/133.0.0.0 Safari/537.36"
198.54.114.83 - - [14/Apr/2025:07:39:58 -0400] "POST /wp-cron.php?doing_wp_cron=1744630797.5390279293060302734375 HTTP/1.1" 200 0 "-" "WordPress/6.7.2; https://hylasmagazine.com"
114.119.147.73 - - [14/Apr/2025:07:39:57 -0400] "GET /where-to-buy-real-tiktok-likes/ HTTP/1.1" 200 31305 "https://hylasmagazine.com/page/43/?SA" "Mozilla/5.0 (Linux; Android 7.0;) AppleWebKit/537.36 (KHTML, like Gecko) Mobile Safari/537.36 (compatible; PetalBot;+https://webmaster.petalsearch.com/site/petalbot)"
198.54.114.83 - - [14/Apr/2025:07:39:59 -0400] "POST /wp-admin/admin-ajax.php?action=async_litespeed&nonce=G5JOFnjfNEkHscIGrYXXjDhNmrVfmFmt&litespeed_type=imgoptm HTTP/1.1" 200 0 "-" "WordPress/6.7.2; https://hylasmagazine.com"
198.54.114.83 - - [14/Apr/2025:07:41:23 -0400] "POST /wp-cron.php?doing_wp_cron=1744630882.0372149944305419921875 HTTP/1.1" 200 0 "-" "WordPress/6.7.2; https://hylasmagazine.com"
114.119.151.133 - - [14/Apr/2025:07:41:21 -0400] "GET /the-common-thread-of-a-polo-tennis-and-golf-shirts/ HTTP/1.1" 200 32612 "https://hylasmagazine.com/page/86/?SA" "Mozilla/5.0 (Linux; Android 7.0;) AppleWebKit/537.36 (KHTML, like Gecko) Mobile Safari/537.36 (compatible; PetalBot;+https://webmaster.petalsearch.com/site/petalbot)"
198.54.114.83 - - [14/Apr/2025:07:41:24 -0400] "POST /wp-admin/admin-ajax.php?action=async_litespeed&nonce=ii4wxsddeZkyfvGIqiAudVMRAGIoRjkO&litespeed_type=imgoptm HTTP/1.1" 200 0 "-" "WordPress/6.7.2; https://hylasmagazine.com"
185.220.101.137 - - [14/Apr/2025:07:41:39 -0400] "GET / HTTP/1.1" 200 78495 "https://hylasmagazine.com" "Mozilla/5.0 (Windows NT 6.1; WOW64) AppleWebKit/537.36 (KHTML, like Gecko) Chrome/44.0.2403.157 Safari/537.36"
198.54.114.83 - - [14/Apr/2025:07:42:44 -0400] "POST /wp-cron.php?doing_wp_cron=1744630964.1032381057739257812500 HTTP/1.1" 200 0 "-" "WordPress/6.7.2; https://hylasmagazine.com"
114.119.139.123 - - [14/Apr/2025:07:42:43 -0400] "GET /sculpting-performance-revolutionizing-fitness-wear/ HTTP/1.1" 200 31269 "https://larswurzel.com/elevate-your-workout-the-ultimate-fitness-clothing-manufacturer/" "Mozilla/5.0 (Linux; Android 7.0;) AppleWebKit/537.36 (KHTML, like Gecko) Mobile Safari/537.36 (compatible; PetalBot;+https://webmaster.petalsearch.com/site/petalbot)"
198.54.114.83 - - [14/Apr/2025:07:42:45 -0400] "POST /wp-admin/admin-ajax.php?action=async_litespeed&nonce=TSjsawZR8FMlJGFZ3MahSjG9iP7eOtHR&litespeed_type=imgoptm HTTP/1.1" 200 0 "-" "WordPress/6.7.2; https://hylasmagazine.com"
198.54.114.83 - - [14/Apr/2025:07:44:14 -0400] "POST /wp-cron.php?doing_wp_cron=1744631054.0133409500122070312500 HTTP/1.1" 200 0 "-" "WordPress/6.7.2; https://hylasmagazine.com"
114.119.137.193 - - [14/Apr/2025:07:44:08 -0400] "GET /the-village-of-arden-in-the-cotswolds/ HTTP/1.1" 200 31392 "https://hylasmagazine.com/category/activity/page/69/" "Mozilla/5.0 (Linux; Android 7.0;) AppleWebKit/537.36 (KHTML, like Gecko) Mobile Safari/537.36 (compatible; PetalBot;+https://webmaster.petalsearch.com/site/petalbot)"
198.54.114.83 - - [14/Apr/2025:07:44:15 -0400] "POST /wp-admin/admin-ajax.php?action=async_litespeed&nonce=r2RocBQehih0D9K2zcyplDcagOQZB1QC&litespeed_type=imgoptm HTTP/1.1" 200 0 "-" "WordPress/6.7.2; https://hylasmagazine.com"
198.54.114.83 - - [14/Apr/2025:07:45:32 -0400] "POST /wp-cron.php?doing_wp_cron=1744631131.7482550144195556640625 HTTP/1.1" 200 0 "-" "WordPress/6.7.2; https://hylasmagazine.com"
114.119.153.91 - - [14/Apr/2025:07:45:31 -0400] "GET /soft-custom-fuzzy-socks/ HTTP/1.1" 200 31647 "https://hylasmagazine.com/category/activity/page/114/" "Mozilla/5.0 (Linux; Android 7.0;) AppleWebKit/537.36 (KHTML, like Gecko) Mobile Safari/537.36 (compatible; PetalBot;+https://webmaster.petalsearch.com/site/petalbot)"
198.54.114.83 - - [14/Apr/2025:07:45:33 -0400] "POST /wp-admin/admin-ajax.php?action=async_litespeed&nonce=cpmnWUi6ZRtvvcaB79ubKIFjHT9KALsW&litespeed_type=imgoptm HTTP/1.1" 200 5 "-" "WordPress/6.7.2; https://hylasmagazine.com"
66.249.70.171 - - [14/Apr/2025:07:45:35 -0400] "GET /new-england-patriots-james-white-navy-2020-facility-playbook-performance-t-shirt-on-sale.html HTTP/1.1" 301 0 "-" "Mozilla/5.0 (Linux; Android 6.0.1; Nexus 5X Build/MMB29P) AppleWebKit/537.36 (KHTML, like Gecko) Chrome/135.0.7049.52 Mobile Safari/537.36 (compatible; Googlebot/2.1; +http://www.google.com/bot.html)"
66.249.70.107 - - [14/Apr/2025:07:45:36 -0400] "GET /new-england-patriots-james-white-navy-2020-facility-playbook-performance-t-shirt-on-sale.html HTTP/1.1" 404 27768 "-" "Mozilla/5.0 (Linux; Android 6.0.1; Nexus 5X Build/MMB29P) AppleWebKit/537.36 (KHTML, like Gecko) Chrome/135.0.7049.52 Mobile Safari/537.36 (compatible; Googlebot/2.1; +http://www.google.com/bot.html)"
198.54.114.83 - - [14/Apr/2025:07:46:55 -0400] "POST /wp-cron.php?doing_wp_cron=1744631215.0519759654998779296875 HTTP/1.1" 200 0 "-" "WordPress/6.7.2; https://hylasmagazine.com"
114.119.139.226 - - [14/Apr/2025:07:46:54 -0400] "GET /page/80/?ND HTTP/1.1" 200 31016 "https://hylasmagazine.com/page/79/?ND" "Mozilla/5.0 (Linux; Android 7.0;) AppleWebKit/537.36 (KHTML, like Gecko) Mobile Safari/537.36 (compatible; PetalBot;+https://webmaster.petalsearch.com/site/petalbot)"
198.54.114.83 - - [14/Apr/2025:07:46:56 -0400] "POST /wp-admin/admin-ajax.php?action=async_litespeed&nonce=9Dma4gjL35cz7aQYjjO4Bi9HHMURcQsm&litespeed_type=imgoptm HTTP/1.1" 200 5 "-" "WordPress/6.7.2; https://hylasmagazine.com"
198.54.114.83 - - [14/Apr/2025:07:48:19 -0400] "POST /wp-cron.php?doing_wp_cron=1744631298.6281809806823730468750 HTTP/1.1" 200 0 "-" "WordPress/6.7.2; https://hylasmagazine.com"
114.119.139.226 - - [14/Apr/2025:07:48:18 -0400] "GET /page/109/?MA HTTP/1.1" 200 30980 "https://hylasmagazine.com/page/110/?MA" "Mozilla/5.0 (Linux; Android 7.0;) AppleWebKit/537.36 (KHTML, like Gecko) Mobile Safari/537.36 (compatible; PetalBot;+https://webmaster.petalsearch.com/site/petalbot)"
198.54.114.83 - - [14/Apr/2025:07:48:20 -0400] "POST /wp-admin/admin-ajax.php?action=async_litespeed&nonce=s0HeimZwOiGWNsJ3gF6w9EWsBUlb3t3j&litespeed_type=imgoptm HTTP/1.1" 200 0 "-" "WordPress/6.7.2; https://hylasmagazine.com"
212.23.222.23 - - [14/Apr/2025:07:48:31 -0400] "GET / HTTP/1.1" 200 78495 "-" "Timpibot/0.9 (+http://www.timpi.io)"
47.79.198.184 - - [14/Apr/2025:07:49:24 -0400] "GET / HTTP/1.1" 200 78495 "https://www.google.com/" "Mozilla/5.0 (Windows NT 10.0; Win64; x64) AppleWebKit/537.36 (KHTML, like Gecko) Chrome/132.0.0.0 Safari/537.36"
114.119.151.153 - - [14/Apr/2025:07:49:40 -0400] "GET /kokomo-indiana-home-to-the-first-north-american-electric-vehicle-battery-plant/ HTTP/1.1" 200 31426 "https://hylasmagazine.com/category/activity/page/68/" "Mozilla/5.0 (Linux; Android 7.0;) AppleWebKit/537.36 (KHTML, like Gecko) Mobile Safari/537.36 (compatible; PetalBot;+https://webmaster.petalsearch.com/site/petalbot)"
198.54.114.83 - - [14/Apr/2025:07:51:09 -0400] "POST /wp-cron.php?doing_wp_cron=1744631469.1088790893554687500000 HTTP/1.1" 200 0 "-" "WordPress/6.7.2; https://hylasmagazine.com"
