114.119.147.73 - - [14/Apr/2025:07:51:04 -0400] "GET /how-much-does-a-car-extended-warranty-cost/ HTTP/1.1" 200 31671 "https://hylasmagazine.com/page/72/" "Mozilla/5.0 (Linux; Android 7.0;) AppleWebKit/537.36 (KHTML, like Gecko) Mobile Safari/537.36 (compatible; PetalBot;+https://webmaster.petalsearch.com/site/petalbot)"
198.54.114.83 - - [14/Apr/2025:07:51:09 -0400] "POST /wp-admin/admin-ajax.php?action=async_litespeed&nonce=YFDKrsnDxPlZjnkhYrTCrimq4OiN8e04&litespeed_type=imgoptm HTTP/1.1" 200 5 "-" "WordPress/6.7.2; https://hylasmagazine.com"
198.54.114.83 - - [14/Apr/2025:07:52:28 -0400] "POST /wp-cron.php?doing_wp_cron=1744631547.8907959461212158203125 HTTP/1.1" 200 0 "-" "WordPress/6.7.2; https://hylasmagazine.com"
114.119.147.73 - - [14/Apr/2025:07:52:27 -0400] "GET /exploring-the-sora-condo-showroom/ HTTP/1.1" 200 31415 "https://hylasmagazine.com/page/28/?MA" "Mozilla/5.0 (Linux; Android 7.0;) AppleWebKit/537.36 (KHTML, like Gecko) Mobile Safari/537.36 (compatible; PetalBot;+https://webmaster.petalsearch.com/site/petalbot)"
195.191.219.133 - - [14/Apr/2025:07:52:28 -0400] "GET /discovering-the-hidden-gem-nusa-penida/feed/ HTTP/1.1" 200 399 "-" "Mozilla/5.0 (compatible; MJ12bot/v2.0.0; http://mj12bot.com/)"
198.54.114.83 - - [14/Apr/2025:07:52:28 -0400] "POST /wp-admin/admin-ajax.php?action=async_litespeed&nonce=iphBbGvHyySp0Pq2gJWhtSQFBoqkWris&litespeed_type=imgoptm HTTP/1.1" 200 5 "-" "WordPress/6.7.2; https://hylasmagazine.com"
195.191.219.133 - - [14/Apr/2025:07:52:29 -0400] "GET /increase-website-visibility-5-ways-to-optimize-website-images/feed/ HTTP/1.1" 200 428 "-" "Mozilla/5.0 (compatible; MJ12bot/v2.0.0; http://mj12bot.com/)"
198.54.114.83 - - [14/Apr/2025:07:53:52 -0400] "POST /wp-cron.php?doing_wp_cron=1744631632.4200210571289062500000 HTTP/1.1" 200 0 "-" "WordPress/6.7.2; https://hylasmagazine.com"
114.119.147.73 - - [14/Apr/2025:07:53:52 -0400] "GET /explorer-les-joyaux-culturels-un-itineraire-de-voyage-dynamique/ HTTP/1.1" 200 31739 "https://hylasmagazine.com/page/23/?MA" "Mozilla/5.0 (Linux; Android 7.0;) AppleWebKit/537.36 (KHTML, like Gecko) Mobile Safari/537.36 (compatible; PetalBot;+https://webmaster.petalsearch.com/site/petalbot)"
198.54.114.83 - - [14/Apr/2025:07:53:52 -0400] "POST /wp-admin/admin-ajax.php?action=async_litespeed&nonce=F3VWKK13G2n6w8L4LM56scygbP4T0rwB&litespeed_type=imgoptm HTTP/1.1" 200 5 "-" "WordPress/6.7.2; https://hylasmagazine.com"
198.54.114.83 - - [14/Apr/2025:07:55:14 -0400] "POST /wp-cron.php?doing_wp_cron=1744631714.7536299228668212890625 HTTP/1.1" 200 0 "-" "WordPress/6.7.2; https://hylasmagazine.com"
198.54.114.83 - - [14/Apr/2025:07:55:15 -0400] "POST /wp-admin/admin-ajax.php?action=async_litespeed&nonce=Jzsp4Ltwr5kK8DLwn7ycBSHTcmTRe4u2&litespeed_type=imgoptm HTTP/1.1" 200 5 "-" "WordPress/6.7.2; https://hylasmagazine.com"
114.119.139.226 - - [14/Apr/2025:07:55:14 -0400] "GET /category/activity/page/108/ HTTP/1.1" 200 31105 "https://hylasmagazine.com/category/activity/page/107/" "Mozilla/5.0 (Linux; Android 7.0;) AppleWebKit/537.36 (KHTML, like Gecko) Mobile Safari/537.36 (compatible; PetalBot;+https://webmaster.petalsearch.com/site/petalbot)"
198.54.114.83 - - [14/Apr/2025:07:56:49 -0400] "POST /wp-cron.php?doing_wp_cron=1744631809.4419341087341308593750 HTTP/1.1" 200 0 "-" "WordPress/6.7.2; https://hylasmagazine.com"
114.119.151.133 - - [14/Apr/2025:07:56:43 -0400] "GET /category/activity/page/107/ HTTP/1.1" 200 31138 "https://hylasmagazine.com/category/activity/page/107/" "Mozilla/5.0 (Linux; Android 7.0;) AppleWebKit/537.36 (KHTML, like Gecko) Mobile Safari/537.36 (compatible; PetalBot;+https://webmaster.petalsearch.com/site/petalbot)"
198.54.114.83 - - [14/Apr/2025:07:56:50 -0400] "POST /wp-admin/admin-ajax.php?action=async_litespeed&nonce=YoMbyUNfLDeUDfKh0jTtcNhs05whsLOT&litespeed_type=imgoptm HTTP/1.1" 200 0 "-" "WordPress/6.7.2; https://hylasmagazine.com"
198.54.114.83 - - [14/Apr/2025:07:57:39 -0400] "POST /wp-cron.php?doing_wp_cron=1744631858.5163409709930419921875 HTTP/1.1" 200 0 "-" "WordPress/6.7.2; https://hylasmagazine.com"
101.44.68.226 - - [14/Apr/2025:07:57:38 -0400] "GET /innovative-beleuchtung-fur-moderne-raume-zeitgemase-hangelampen/ HTTP/1.1" 404 27768 "https://hylasmagazine.com/innovative-beleuchtung-fur-moderne-raume-zeitgemase-hangelampen/" "Mozilla/5.0 (Windows NT 10.0; Win64; x64) AppleWebKit/537.36 (KHTML, like Gecko) Chrome/104.0.0.0 Safari/537.36"
198.54.114.83 - - [14/Apr/2025:07:57:39 -0400] "POST /wp-admin/admin-ajax.php?action=async_litespeed&nonce=BHPL3JljNJ6V0Jff9sOf7WmsbdqYCbHI&litespeed_type=imgoptm HTTP/1.1" 200 5 "-" "WordPress/6.7.2; https://hylasmagazine.com"
114.119.137.193 - - [14/Apr/2025:07:58:01 -0400] "GET /cake-carts-disposable-the-first-ever-rechargeable-delta-8-vape/ HTTP/1.1" 200 31995 "https://hylasmagazine.com/what-companies-are-in-one-north/" "Mozilla/5.0 (Linux; Android 7.0;) AppleWebKit/537.36 (KHTML, like Gecko) Mobile Safari/537.36 (compatible; PetalBot;+https://webmaster.petalsearch.com/site/petalbot)"
198.54.114.83 - - [14/Apr/2025:07:59:27 -0400] "POST /wp-cron.php?doing_wp_cron=1744631967.4482779502868652343750 HTTP/1.1" 200 0 "-" "WordPress/6.7.2; https://hylasmagazine.com"
114.119.139.226 - - [14/Apr/2025:07:59:25 -0400] "GET /arretez-de-laisser-linvalidite-de-la-securite-sociale-vous-priver-des-prestations-que-vous-meritez/ HTTP/1.1" 200 32427 "https://hylasmagazine.com/planning-a-dubai-yacht-party/" "Mozilla/5.0 (Linux; Android 7.0;) AppleWebKit/537.36 (KHTML, like Gecko) Mobile Safari/537.36 (compatible; PetalBot;+https://webmaster.petalsearch.com/site/petalbot)"
198.54.114.83 - - [14/Apr/2025:07:59:27 -0400] "POST /wp-admin/admin-ajax.php?action=async_litespeed&nonce=XPt2lRg8xPGqFcodRQZOp8pdzdv5kvsB&litespeed_type=imgoptm HTTP/1.1" 200 5 "-" "WordPress/6.7.2; https://hylasmagazine.com"
198.54.114.83 - - [14/Apr/2025:08:00:45 -0400] "POST /wp-cron.php?doing_wp_cron=1744632045.2898290157318115234375 HTTP/1.1" 200 0 "-" "WordPress/6.7.2; https://hylasmagazine.com"
47.128.47.14 - - [14/Apr/2025:08:00:45 -0400] "GET /media/catalog/product/cache/1/small_image/400x260/9df78eab33525d08d6e5fb8d27136e95/1/5/1520213041276_70vzak.jpg HTTP/1.1" 301 0 "http://anasgrup.com.tr/" "Mozilla/5.0 (Linux; Android 5.0) AppleWebKit/537.36 (KHTML, like Gecko) Mobile Safari/537.36 (compatible; Bytespider; spider-feedback@bytedance.com)"
198.54.114.83 - - [14/Apr/2025:08:00:45 -0400] "POST /wp-admin/admin-ajax.php?action=async_litespeed&nonce=MUyHgjVKuPIYT1q63yfqFSyQrHsPQZOe&litespeed_type=imgoptm HTTP/1.1" 200 5 "-" "WordPress/6.7.2; https://hylasmagazine.com"
47.128.47.14 - - [14/Apr/2025:08:00:46 -0400] "GET /media/catalog/product/cache/1/small_image/400x260/9df78eab33525d08d6e5fb8d27136e95/1/5/1520213041276_70vzak.jpg HTTP/1.1" 404 27768 "http://anasgrup.com.tr/" "Mozilla/5.0 (Linux; Android 5.0) AppleWebKit/537.36 (KHTML, like Gecko) Mobile Safari/537.36 (compatible; Bytespider; spider-feedback@bytedance.com)"
114.119.139.123 - - [14/Apr/2025:08:00:48 -0400] "GET /2024/09/26/ HTTP/1.1" 301 0 "https://hylasmagazine.com/page/3/?ND" "Mozilla/5.0 (Linux; Android 7.0;) AppleWebKit/537.36 (KHTML, like Gecko) Mobile Safari/537.36 (compatible; PetalBot;+https://webmaster.petalsearch.com/site/petalbot)"
114.119.139.123 - - [14/Apr/2025:08:00:49 -0400] "GET / HTTP/1.1" 200 78495 "https://hylasmagazine.com/page/3/?ND" "Mozilla/5.0 (Linux; Android 7.0;) AppleWebKit/537.36 (KHTML, like Gecko) Mobile Safari/537.36 (compatible; PetalBot;+https://webmaster.petalsearch.com/site/petalbot)"
114.119.153.91 - - [14/Apr/2025:08:02:15 -0400] "GET /unveiling-the-dynamics-of-money-lending-in-singapore/ HTTP/1.1" 200 31455 "https://hylasmagazine.com/page/20/?ND" "Mozilla/5.0 (Linux; Android 7.0;) AppleWebKit/537.36 (KHTML, like Gecko) Mobile Safari/537.36 (compatible; PetalBot;+https://webmaster.petalsearch.com/site/petalbot)"
198.54.114.83 - - [14/Apr/2025:08:02:42 -0400] "POST /wp-cron.php?doing_wp_cron=1744632162.6259200572967529296875 HTTP/1.1" 200 0 "-" "WordPress/6.7.2; https://hylasmagazine.com"
34.169.189.46 - - [14/Apr/2025:08:02:40 -0400] "GET /articles/2017/8/22/photo-contest-august-2017 HTTP/1.1" 301 0 "-" "Mozilla/5.0 (Macintosh; Intel Mac OS X 10.15; rv:109.0) Gecko/20100101 Firefox/116.0"
198.54.114.83 - - [14/Apr/2025:08:02:43 -0400] "POST /wp-admin/admin-ajax.php?action=async_litespeed&nonce=tqr0jIpaehuLGBeFg8USuOHapPLEarGn&litespeed_type=imgoptm HTTP/1.1" 200 5 "-" "WordPress/6.7.2; https://hylasmagazine.com"
47.79.2.254 - - [14/Apr/2025:08:02:56 -0400] "GET /choosing-the-best-online-casino/ HTTP/1.1" 200 31390 "https://hylasmagazine.com/choosing-the-best-online-casino/" "Mozilla/5.0 (Windows NT 10.0; Win64; x64) AppleWebKit/537.36 (KHTML, like Gecko) Chrome/114.0.0.0 Safari/537.36 Edg/114.0.1823.43"
198.54.114.83 - - [14/Apr/2025:08:03:36 -0400] "POST /wp-cron.php?doing_wp_cron=1744632216.3496050834655761718750 HTTP/1.1" 200 0 "-" "WordPress/6.7.2; https://hylasmagazine.com"
198.54.114.83 - - [14/Apr/2025:08:03:36 -0400] "POST /wp-admin/admin-ajax.php?action=async_litespeed&nonce=eHGqeTZWzsJGYbfKTfsJy6TI1E8Gnyz8&litespeed_type=imgoptm HTTP/1.1" 200 5 "-" "WordPress/6.7.2; https://hylasmagazine.com"
114.119.151.153 - - [14/Apr/2025:08:03:36 -0400] "GET /berganding-bahu-dengan-baorui-untuk-meneroka-potensi-pelaburan-stablecoin-secara-mendalam-saksikan-pertumbuhan-industri-daripada-penemuan-nilai-pasaran-usdt/ HTTP/1.1" 200 32713 "https://hylasmagazine.com/page/28/?MA" "Mozilla/5.0 (Linux; Android 7.0;) AppleWebKit/537.36 (KHTML, like Gecko) Mobile Safari/537.36 (compatible; PetalBot;+https://webmaster.petalsearch.com/site/petalbot)"
212.23.222.55 - - [14/Apr/2025:08:04:18 -0400] "GET / HTTP/1.1" 200 78495 "-" "Timpibot/0.9 (+http://www.timpi.io)"
198.54.114.83 - - [14/Apr/2025:08:04:58 -0400] "POST /wp-cron.php?doing_wp_cron=1744632298.3034698963165283203125 HTTP/1.1" 200 0 "-" "WordPress/6.7.2; https://hylasmagazine.com"
114.119.147.73 - - [14/Apr/2025:08:04:58 -0400] "GET /2024/06/16/ HTTP/1.1" 301 0 "https://hylasmagazine.com/discovering-sound-audiologist-services-in-auckland/" "Mozilla/5.0 (Linux; Android 7.0;) AppleWebKit/537.36 (KHTML, like Gecko) Mobile Safari/537.36 (compatible; PetalBot;+https://webmaster.petalsearch.com/site/petalbot)"
198.54.114.83 - - [14/Apr/2025:08:04:58 -0400] "POST /wp-admin/admin-ajax.php?action=async_litespeed&nonce=uU8BQmitdeLPJHuFlNSO5KurTzGXYaSH&litespeed_type=imgoptm HTTP/1.1" 200 5 "-" "WordPress/6.7.2; https://hylasmagazine.com"
114.119.147.73 - - [14/Apr/2025:08:04:59 -0400] "GET / HTTP/1.1" 200 78495 "https://hylasmagazine.com/discovering-sound-audiologist-services-in-auckland/" "Mozilla/5.0 (Linux; Android 7.0;) AppleWebKit/537.36 (KHTML, like Gecko) Mobile Safari/537.36 (compatible; PetalBot;+https://webmaster.petalsearch.com/site/petalbot)"
198.54.114.83 - - [14/Apr/2025:08:06:28 -0400] "POST /wp-cron.php?doing_wp_cron=1744632388.2655050754547119140625 HTTP/1.1" 200 0 "-" "WordPress/6.7.2; https://hylasmagazine.com"
114.119.139.123 - - [14/Apr/2025:08:06:23 -0400] "GET /2024/03/11/ HTTP/1.1" 301 0 "https://hylasmagazine.com/page/30/?SA" "Mozilla/5.0 (Linux; Android 7.0;) AppleWebKit/537.36 (KHTML, like Gecko) Mobile Safari/537.36 (compatible; PetalBot;+https://webmaster.petalsearch.com/site/petalbot)"
198.54.114.83 - - [14/Apr/2025:08:06:29 -0400] "POST /wp-admin/admin-ajax.php?action=async_litespeed&nonce=TFKUJiX1jlqLZk8tlx9HV6eNoy8BdnB7&litespeed_type=imgoptm HTTP/1.1" 200 0 "-" "WordPress/6.7.2; https://hylasmagazine.com"
114.119.139.123 - - [14/Apr/2025:08:06:30 -0400] "GET / HTTP/1.1" 200 78495 "https://hylasmagazine.com/page/30/?SA" "Mozilla/5.0 (Linux; Android 7.0;) AppleWebKit/537.36 (KHTML, like Gecko) Mobile Safari/537.36 (compatible; PetalBot;+https://webmaster.petalsearch.com/site/petalbot)"
198.54.114.83 - - [14/Apr/2025:08:07:47 -0400] "POST /wp-cron.php?doing_wp_cron=1744632466.5800828933715820312500 HTTP/1.1" 200 0 "-" "WordPress/6.7.2; https://hylasmagazine.com"
114.119.130.125 - - [14/Apr/2025:08:07:46 -0400] "GET /2024/02/06/ HTTP/1.1" 301 0 "https://hylasmagazine.com/page/39/?MA" "Mozilla/5.0 (Linux; Android 7.0;) AppleWebKit/537.36 (KHTML, like Gecko) Mobile Safari/537.36 (compatible; PetalBot;+https://webmaster.petalsearch.com/site/petalbot)"
198.54.114.83 - - [14/Apr/2025:08:07:47 -0400] "POST /wp-admin/admin-ajax.php?action=async_litespeed&nonce=hJNAZzG2ordNdk5GNuTKWv41kWlrN7x1&litespeed_type=imgoptm HTTP/1.1" 200 5 "-" "WordPress/6.7.2; https://hylasmagazine.com"
114.119.130.125 - - [14/Apr/2025:08:07:48 -0400] "GET / HTTP/1.1" 200 78495 "https://hylasmagazine.com/page/39/?MA" "Mozilla/5.0 (Linux; Android 7.0;) AppleWebKit/537.36 (KHTML, like Gecko) Mobile Safari/537.36 (compatible; PetalBot;+https://webmaster.petalsearch.com/site/petalbot)"
198.54.114.83 - - [14/Apr/2025:08:09:13 -0400] "POST /wp-cron.php?doing_wp_cron=1744632553.0980920791625976562500 HTTP/1.1" 200 0 "-" "WordPress/6.7.2; https://hylasmagazine.com"
114.119.130.125 - - [14/Apr/2025:08:09:08 -0400] "GET /mini-fridge-exactly-what-does-it-great-for/ HTTP/1.1" 200 31776 "https://hylasmagazine.com/page/66/?ND" "Mozilla/5.0 (Linux; Android 7.0;) AppleWebKit/537.36 (KHTML, like Gecko) Mobile Safari/537.36 (compatible; PetalBot;+https://webmaster.petalsearch.com/site/petalbot)"
198.54.114.83 - - [14/Apr/2025:08:09:14 -0400] "POST /wp-admin/admin-ajax.php?action=async_litespeed&nonce=04bRkZfXvmVNbhy9DnRQtzbdJ2AvkxtM&litespeed_type=imgoptm HTTP/1.1" 200 0 "-" "WordPress/6.7.2; https://hylasmagazine.com"
198.54.114.83 - - [14/Apr/2025:08:10:38 -0400] "POST /wp-cron.php?doing_wp_cron=1744632638.5188429355621337890625 HTTP/1.1" 200 0 "-" "WordPress/6.7.2; https://hylasmagazine.com"
114.119.139.123 - - [14/Apr/2025:08:10:36 -0400] "GET /2024/01/04/ HTTP/1.1" 301 0 "https://hylasmagazine.com/inspirational-jewelry-rings/" "Mozilla/5.0 (Linux; Android 7.0;) AppleWebKit/537.36 (KHTML, like Gecko) Mobile Safari/537.36 (compatible; PetalBot;+https://webmaster.petalsearch.com/site/petalbot)"
198.54.114.83 - - [14/Apr/2025:08:10:39 -0400] "POST /wp-admin/admin-ajax.php?action=async_litespeed&nonce=QqTuIsJT2eqqim0uGdc4pFa08VrPsALE&litespeed_type=imgoptm HTTP/1.1" 200 0 "-" "WordPress/6.7.2; https://hylasmagazine.com"
114.119.139.123 - - [14/Apr/2025:08:10:41 -0400] "GET / HTTP/1.1" 200 78495 "https://hylasmagazine.com/inspirational-jewelry-rings/" "Mozilla/5.0 (Linux; Android 7.0;) AppleWebKit/537.36 (KHTML, like Gecko) Mobile Safari/537.36 (compatible; PetalBot;+https://webmaster.petalsearch.com/site/petalbot)"
50.17.193.48 - - [14/Apr/2025:08:10:59 -0400] "GET /master-the-art-of-writing-with-an-author-course/ HTTP/1.1" 200 31460 "-" "Mozilla/5.0 AppleWebKit/537.36 (KHTML, like Gecko; compatible; Amazonbot/0.1; +https://developer.amazon.com/support/amazonbot) Chrome/119.0.6045.214 Safari/537.36"
23.23.137.202 - - [14/Apr/2025:08:11:01 -0400] "GET /discover-the-elegance-of-sora-showflat/ HTTP/1.1" 200 31393 "-" "Mozilla/5.0 AppleWebKit/537.36 (KHTML, like Gecko; compatible; Amazonbot/0.1; +https://developer.amazon.com/support/amazonbot) Chrome/119.0.6045.214 Safari/537.36"
198.54.114.83 - - [14/Apr/2025:08:11:08 -0400] "POST /wp-cron.php?doing_wp_cron=1744632668.5175390243530273437500 HTTP/1.1" 200 0 "-" "WordPress/6.7.2; https://hylasmagazine.com"
54.36.149.95 - - [14/Apr/2025:08:11:08 -0400] "GET /category/activity/page/100/ HTTP/1.1" 200 31067 "-" "Mozilla/5.0 (compatible; AhrefsBot/7.0; +http://ahrefs.com/robot/)"
198.54.114.83 - - [14/Apr/2025:08:11:09 -0400] "POST /wp-admin/admin-ajax.php?action=async_litespeed&nonce=Z5Hu0osdWYpzWsND77gcG457pAcrUQJm&litespeed_type=imgoptm HTTP/1.1" 200 5 "-" "WordPress/6.7.2; https://hylasmagazine.com"
114.119.139.123 - - [14/Apr/2025:08:11:56 -0400] "GET /2023/10/18/ HTTP/1.1" 301 0 "https://hylasmagazine.com/page/60/?MA" "Mozilla/5.0 (Linux; Android 7.0;) AppleWebKit/537.36 (KHTML, like Gecko) Mobile Safari/537.36 (compatible; PetalBot;+https://webmaster.petalsearch.com/site/petalbot)"
114.119.139.123 - - [14/Apr/2025:08:11:57 -0400] "GET / HTTP/1.1" 200 78495 "https://hylasmagazine.com/page/60/?MA" "Mozilla/5.0 (Linux; Android 7.0;) AppleWebKit/537.36 (KHTML, like Gecko) Mobile Safari/537.36 (compatible; PetalBot;+https://webmaster.petalsearch.com/site/petalbot)"
198.54.114.83 - - [14/Apr/2025:08:13:21 -0400] "POST /wp-cron.php?doing_wp_cron=1744632801.4194951057434082031250 HTTP/1.1" 200 0 "-" "WordPress/6.7.2; https://hylasmagazine.com"
114.119.130.125 - - [14/Apr/2025:08:13:19 -0400] "GET /cabinet-dentaire/ HTTP/1.1" 200 31451 "https://hylasmagazine.com/buy-viewers-for-the-stream/" "Mozilla/5.0 (Linux; Android 7.0;) AppleWebKit/537.36 (KHTML, like Gecko) Mobile Safari/537.36 (compatible; PetalBot;+https://webmaster.petalsearch.com/site/petalbot)"
198.54.114.83 - - [14/Apr/2025:08:13:22 -0400] "POST /wp-admin/admin-ajax.php?action=async_litespeed&nonce=BDKuF34jyV4nld7RMZG5y83zrVhWbxgz&litespeed_type=imgoptm HTTP/1.1" 200 5 "-" "WordPress/6.7.2; https://hylasmagazine.com"
198.54.114.83 - - [14/Apr/2025:08:14:44 -0400] "POST /wp-cron.php?doing_wp_cron=1744632883.7220039367675781250000 HTTP/1.1" 200 0 "-" "WordPress/6.7.2; https://hylasmagazine.com"
114.119.130.125 - - [14/Apr/2025:08:14:43 -0400] "GET /2023/07/03/ HTTP/1.1" 301 0 "https://hylasmagazine.com/page/90/?MA" "Mozilla/5.0 (Linux; Android 7.0;) AppleWebKit/537.36 (KHTML, like Gecko) Mobile Safari/537.36 (compatible; PetalBot;+https://webmaster.petalsearch.com/site/petalbot)"
198.54.114.83 - - [14/Apr/2025:08:14:44 -0400] "POST /wp-admin/admin-ajax.php?action=async_litespeed&nonce=JVyzy31mDHTVOqUrvVPszJTMXC6bGIT4&litespeed_type=imgoptm HTTP/1.1" 200 5 "-" "WordPress/6.7.2; https://hylasmagazine.com"
114.119.130.125 - - [14/Apr/2025:08:14:45 -0400] "GET / HTTP/1.1" 200 78495 "https://hylasmagazine.com/page/90/?MA" "Mozilla/5.0 (Linux; Android 7.0;) AppleWebKit/537.36 (KHTML, like Gecko) Mobile Safari/537.36 (compatible; PetalBot;+https://webmaster.petalsearch.com/site/petalbot)"
198.54.114.83 - - [14/Apr/2025:08:15:07 -0400] "POST /wp-cron.php?doing_wp_cron=1744632906.1118268966674804687500 HTTP/1.1" 200 0 "-" "WordPress/6.7.2; https://hylasmagazine.com"
54.36.148.108 - - [14/Apr/2025:08:15:05 -0400] "GET /page/43/ HTTP/1.1" 200 31127 "-" "Mozilla/5.0 (compatible; AhrefsBot/7.0; +http://ahrefs.com/robot/)"
198.54.114.83 - - [14/Apr/2025:08:15:08 -0400] "POST /wp-admin/admin-ajax.php?action=async_litespeed&nonce=mENiUEFELyiNZvGwSWqvGltJ6Yoe8Zrb&litespeed_type=imgoptm HTTP/1.1" 200 0 "-" "WordPress/6.7.2; https://hylasmagazine.com"
114.119.151.133 - - [14/Apr/2025:08:16:10 -0400] "GET /2024/03/20/ HTTP/1.1" 301 0 "https://hylasmagazine.com/page/28/?MA" "Mozilla/5.0 (Linux; Android 7.0;) AppleWebKit/537.36 (KHTML, like Gecko) Mobile Safari/537.36 (compatible; PetalBot;+https://webmaster.petalsearch.com/site/petalbot)"
198.54.114.83 - - [14/Apr/2025:08:16:11 -0400] "POST /wp-cron.php?doing_wp_cron=1744632970.4909369945526123046875 HTTP/1.1" 200 0 "-" "WordPress/6.7.2; https://hylasmagazine.com"
114.119.151.133 - - [14/Apr/2025:08:16:15 -0400] "GET / HTTP/1.1" 200 78495 "https://hylasmagazine.com/page/28/?MA" "Mozilla/5.0 (Linux; Android 7.0;) AppleWebKit/537.36 (KHTML, like Gecko) Mobile Safari/537.36 (compatible; PetalBot;+https://webmaster.petalsearch.com/site/petalbot)"
54.36.148.185 - - [14/Apr/2025:08:16:29 -0400] "GET /diamond-painting-pictures-how-to-get-started/ HTTP/1.1" 200 32112 "-" "Mozilla/5.0 (compatible; AhrefsBot/7.0; +http://ahrefs.com/robot/)"
166.108.192.75 - - [14/Apr/2025:08:17:17 -0400] "GET /wp-content/uploads/2023/09/How-to-Delete-Apps-From-Apple-Tv.jpg HTTP/1.1" 200 7549 "https://imwqgsokum.com/deleting-apps-from-apple-tv/" "Mozilla/5.0 (Windows NT 10.0; Win64; x64) AppleWebKit/537.36 (KHTML, like Gecko) Chrome/110.0.0.0 Safari/537.36"
198.54.114.83 - - [14/Apr/2025:08:17:31 -0400] "POST /wp-cron.php?doing_wp_cron=1744633050.6322770118713378906250 HTTP/1.1" 200 0 "-" "WordPress/6.7.2; https://hylasmagazine.com"
114.119.137.193 - - [14/Apr/2025:08:17:30 -0400] "GET /2023/06/30/ HTTP/1.1" 301 0 "https://hylasmagazine.com/deep-cleaning-services/" "Mozilla/5.0 (Linux; Android 7.0;) AppleWebKit/537.36 (KHTML, like Gecko) Mobile Safari/537.36 (compatible; PetalBot;+https://webmaster.petalsearch.com/site/petalbot)"
198.54.114.83 - - [14/Apr/2025:08:17:31 -0400] "POST /wp-admin/admin-ajax.php?action=async_litespeed&nonce=QfRPpce2yw5UsjOZ6Xw9KLsSeP4E35sr&litespeed_type=imgoptm HTTP/1.1" 200 5 "-" "WordPress/6.7.2; https://hylasmagazine.com"
114.119.137.193 - - [14/Apr/2025:08:17:33 -0400] "GET / HTTP/1.1" 200 78495 "https://hylasmagazine.com/deep-cleaning-services/" "Mozilla/5.0 (Linux; Android 7.0;) AppleWebKit/537.36 (KHTML, like Gecko) Mobile Safari/537.36 (compatible; PetalBot;+https://webmaster.petalsearch.com/site/petalbot)"
54.36.149.18 - - [14/Apr/2025:08:17:53 -0400] "GET /unveiling-the-impact-of-mrbeasts-gift-card-giveaway/ HTTP/1.1" 200 31381 "-" "Mozilla/5.0 (compatible; AhrefsBot/7.0; +http://ahrefs.com/robot/)"
198.54.114.83 - - [14/Apr/2025:08:18:08 -0400] "POST /wp-cron.php?doing_wp_cron=1744633088.2356770038604736328125 HTTP/1.1" 200 0 "-" "WordPress/6.7.2; https://hylasmagazine.com"
47.82.11.136 - - [14/Apr/2025:08:18:08 -0400] "GET /der-wert-eines-profis-der-immobiliengutachter-in-dusseldorf/ HTTP/1.1" 200 31423 "https://hylasmagazine.com/der-wert-eines-profis-der-immobiliengutachter-in-dusseldorf/" "Mozilla/5.0 (Windows NT 10.0; Win64; x64) AppleWebKit/537.36 (KHTML, like Gecko) Chrome/114.0.0.0 Safari/537.36 Edg/114.0.1823.43"
198.54.114.83 - - [14/Apr/2025:08:18:08 -0400] "POST /wp-admin/admin-ajax.php?action=async_litespeed&nonce=qhGTA6iMEtWXCUOvhB5KTSehvftSIdqp&litespeed_type=imgoptm HTTP/1.1" 200 5 "-" "WordPress/6.7.2; https://hylasmagazine.com"
47.82.11.192 - - [14/Apr/2025:08:18:23 -0400] "GET /cuddly-companions-for-all-ages/ HTTP/1.1" 200 31492 "https://hylasmagazine.com/cuddly-companions-for-all-ages/" "Mozilla/5.0 (Windows NT 10.0; Win64; x64) AppleWebKit/537.36 (KHTML, like Gecko) Chrome/114.0.0.0 Safari/537.36 Edg/114.0.1823.43"
114.119.130.125 - - [14/Apr/2025:08:18:56 -0400] "GET /2023/06/02/ HTTP/1.1" 301 0 "https://hylasmagazine.com/page/99/?ND" "Mozilla/5.0 (Linux; Android 7.0;) AppleWebKit/537.36 (KHTML, like Gecko) Mobile Safari/537.36 (compatible; PetalBot;+https://webmaster.petalsearch.com/site/petalbot)"
114.119.130.125 - - [14/Apr/2025:08:18:58 -0400] "GET / HTTP/1.1" 200 78495 "https://hylasmagazine.com/page/99/?ND" "Mozilla/5.0 (Linux; Android 7.0;) AppleWebKit/537.36 (KHTML, like Gecko) Mobile Safari/537.36 (compatible; PetalBot;+https://webmaster.petalsearch.com/site/petalbot)"
198.54.114.83 - - [14/Apr/2025:08:19:26 -0400] "POST /wp-cron.php?doing_wp_cron=1744633166.4196300506591796875000 HTTP/1.1" 200 0 "-" "WordPress/6.7.2; https://hylasmagazine.com"
54.36.148.62 - - [14/Apr/2025:08:19:25 -0400] "GET /laventure-de-la-nature/ HTTP/1.1" 200 31527 "-" "Mozilla/5.0 (compatible; AhrefsBot/7.0; +http://ahrefs.com/robot/)"
198.54.114.83 - - [14/Apr/2025:08:19:27 -0400] "POST /wp-admin/admin-ajax.php?action=async_litespeed&nonce=PJMJNDuqXIz7aVou5pjj2JfJoBNfg46v&litespeed_type=imgoptm HTTP/1.1" 200 5 "-" "WordPress/6.7.2; https://hylasmagazine.com"
198.54.114.83 - - [14/Apr/2025:08:20:19 -0400] "POST /wp-cron.php?doing_wp_cron=1744633219.1081950664520263671875 HTTP/1.1" 200 0 "-" "WordPress/6.7.2; https://hylasmagazine.com"
114.119.153.91 - - [14/Apr/2025:08:20:18 -0400] "GET /2023/05/20/ HTTP/1.1" 301 0 "https://hylasmagazine.com/what-you-should-know-about-gambling-slots/" "Mozilla/5.0 (Linux; Android 7.0;) AppleWebKit/537.36 (KHTML, like Gecko) Mobile Safari/537.36 (compatible; PetalBot;+https://webmaster.petalsearch.com/site/petalbot)"
198.54.114.83 - - [14/Apr/2025:08:20:20 -0400] "POST /wp-admin/admin-ajax.php?action=async_litespeed&nonce=IfiN7x1FG9dwTZiCNrwP00gbT6Dmw4yq&litespeed_type=imgoptm HTTP/1.1" 200 0 "-" "WordPress/6.7.2; https://hylasmagazine.com"
114.119.153.91 - - [14/Apr/2025:08:20:21 -0400] "GET / HTTP/1.1" 200 78495 "https://hylasmagazine.com/what-you-should-know-about-gambling-slots/" "Mozilla/5.0 (Linux; Android 7.0;) AppleWebKit/537.36 (KHTML, like Gecko) Mobile Safari/537.36 (compatible; PetalBot;+https://webmaster.petalsearch.com/site/petalbot)"
198.54.114.83 - - [14/Apr/2025:08:21:11 -0400] "POST /wp-cron.php?doing_wp_cron=1744633270.6931641101837158203125 HTTP/1.1" 200 0 "-" "WordPress/6.7.2; https://hylasmagazine.com"
54.36.148.19 - - [14/Apr/2025:08:21:10 -0400] "GET /revolutionizing-communication-the-power-of-3cx-pbx/ HTTP/1.1" 200 31349 "-" "Mozilla/5.0 (compatible; AhrefsBot/7.0; +http://ahrefs.com/robot/)"
198.54.114.83 - - [14/Apr/2025:08:21:11 -0400] "POST /wp-admin/admin-ajax.php?action=async_litespeed&nonce=LAkTLpu7My7OmS1dLrRe3dAsAooD88h6&litespeed_type=imgoptm HTTP/1.1" 200 0 "-" "WordPress/6.7.2; https://hylasmagazine.com"
114.119.151.133 - - [14/Apr/2025:08:21:40 -0400] "GET /2023/04/27/ HTTP/1.1" 301 0 "https://hylasmagazine.com/page/108/?SA" "Mozilla/5.0 (Linux; Android 7.0;) AppleWebKit/537.36 (KHTML, like Gecko) Mobile Safari/537.36 (compatible; PetalBot;+https://webmaster.petalsearch.com/site/petalbot)"
114.119.151.133 - - [14/Apr/2025:08:21:41 -0400] "GET / HTTP/1.1" 200 78495 "https://hylasmagazine.com/page/108/?SA" "Mozilla/5.0 (Linux; Android 7.0;) AppleWebKit/537.36 (KHTML, like Gecko) Mobile Safari/537.36 (compatible; PetalBot;+https://webmaster.petalsearch.com/site/petalbot)"
54.36.148.253 - - [14/Apr/2025:08:23:06 -0400] "GET /how-to-get-a-quick-cash-loan-from-a-moneylender-singapore/ HTTP/1.1" 200 31300 "-" "Mozilla/5.0 (compatible; AhrefsBot/7.0; +http://ahrefs.com/robot/)"
198.54.114.83 - - [14/Apr/2025:08:23:10 -0400] "POST /wp-cron.php?doing_wp_cron=1744633389.7312428951263427734375 HTTP/1.1" 200 0 "-" "WordPress/6.7.2; https://hylasmagazine.com"
114.119.153.91 - - [14/Apr/2025:08:23:04 -0400] "GET /coffee-cup-designs-what-should-you-be-looking-for-in-your-coffee-shop-start-up/ HTTP/1.1" 200 31514 "https://hylasmagazine.com/how-to-minimize-moving-expenses/" "Mozilla/5.0 (Linux; Android 7.0;) AppleWebKit/537.36 (KHTML, like Gecko) Mobile Safari/537.36 (compatible; PetalBot;+https://webmaster.petalsearch.com/site/petalbot)"
198.54.114.83 - - [14/Apr/2025:08:23:11 -0400] "POST /wp-admin/admin-ajax.php?action=async_litespeed&nonce=S3xn8INW4InUc84mZBd41BAkvHDlSRP5&litespeed_type=imgoptm HTTP/1.1" 200 0 "-" "WordPress/6.7.2; https://hylasmagazine.com"
198.54.114.83 - - [14/Apr/2025:08:24:28 -0400] "POST /wp-cron.php?doing_wp_cron=1744633467.8253591060638427734375 HTTP/1.1" 200 0 "-" "WordPress/6.7.2; https://hylasmagazine.com"
114.119.137.193 - - [14/Apr/2025:08:24:27 -0400] "GET /2023/03/23/ HTTP/1.1" 301 0 "https://hylasmagazine.com/category/activity/page/114/" "Mozilla/5.0 (Linux; Android 7.0;) AppleWebKit/537.36 (KHTML, like Gecko) Mobile Safari/537.36 (compatible; PetalBot;+https://webmaster.petalsearch.com/site/petalbot)"
114.119.137.193 - - [14/Apr/2025:08:24:29 -0400] "GET / HTTP/1.1" 200 78495 "https://hylasmagazine.com/category/activity/page/114/" "Mozilla/5.0 (Linux; Android 7.0;) AppleWebKit/537.36 (KHTML, like Gecko) Mobile Safari/537.36 (compatible; PetalBot;+https://webmaster.petalsearch.com/site/petalbot)"
198.54.114.83 - - [14/Apr/2025:08:24:29 -0400] "POST /wp-admin/admin-ajax.php?action=async_litespeed&nonce=FDMhTuBUsaa3sTs2f2L4avfy3uj059HZ&litespeed_type=imgoptm HTTP/1.1" 200 5 "-" "WordPress/6.7.2; https://hylasmagazine.com"
44.193.11.208 - - [14/Apr/2025:08:24:51 -0400] "GET / HTTP/1.1" 200 78495 "-" "Mozilla/5.0 (Windows NT 10.0; Win64; x64) AppleWebKit/537.36 (KHTML, like Gecko) Chrome/104.0.0.0 Safari/537.36"
54.36.148.13 - - [14/Apr/2025:08:24:51 -0400] "GET /top-picks-leading-property-management-companies-for-vacation-rentals/ HTTP/1.1" 200 31595 "-" "Mozilla/5.0 (compatible; AhrefsBot/7.0; +http://ahrefs.com/robot/)"
44.204.211.3 - - [14/Apr/2025:08:24:53 -0400] "GET / HTTP/1.1" 200 78495 "-" "Mozilla/5.0 (Windows NT 10.0; Win64; x64) AppleWebKit/537.36 (KHTML, like Gecko) Chrome/104.0.0.0 Safari/537.36"
198.54.114.83 - - [14/Apr/2025:08:25:54 -0400] "POST /wp-cron.php?doing_wp_cron=1744633553.2251689434051513671875 HTTP/1.1" 200 0 "-" "WordPress/6.7.2; https://hylasmagazine.com"
114.119.151.153 - - [14/Apr/2025:08:25:52 -0400] "GET /2023/03/01/ HTTP/1.1" 301 0 "https://hylasmagazine.com/organic-and-or-natural-beauty-products-how-europe-manages-the-beauty-industry" "Mozilla/5.0 (Linux; Android 7.0;) AppleWebKit/537.36 (KHTML, like Gecko) Mobile Safari/537.36 (compatible; PetalBot;+https://webmaster.petalsearch.com/site/petalbot)"
198.54.114.83 - - [14/Apr/2025:08:25:56 -0400] "POST /wp-admin/admin-ajax.php?action=async_litespeed&nonce=FtfoOun7DqUEAQg5i1h71qixs1SDuadD&litespeed_type=imgoptm HTTP/1.1" 200 0 "-" "WordPress/6.7.2; https://hylasmagazine.com"
114.119.151.153 - - [14/Apr/2025:08:25:56 -0400] "GET / HTTP/1.1" 200 78495 "https://hylasmagazine.com/organic-and-or-natural-beauty-products-how-europe-manages-the-beauty-industry" "Mozilla/5.0 (Linux; Android 7.0;) AppleWebKit/537.36 (KHTML, like Gecko) Mobile Safari/537.36 (compatible; PetalBot;+https://webmaster.petalsearch.com/site/petalbot)"
198.54.114.83 - - [14/Apr/2025:08:26:27 -0400] "POST /wp-cron.php?doing_wp_cron=1744633587.1906969547271728515625 HTTP/1.1" 200 0 "-" "WordPress/6.7.2; https://hylasmagazine.com"
54.36.149.82 - - [14/Apr/2025:08:26:26 -0400] "GET /hhc-hash-100g/ HTTP/1.1" 200 32072 "-" "Mozilla/5.0 (compatible; AhrefsBot/7.0; +http://ahrefs.com/robot/)"
198.54.114.83 - - [14/Apr/2025:08:26:28 -0400] "POST /wp-admin/admin-ajax.php?action=async_litespeed&nonce=JwuBLOtp65TV3V8T4QANKZvy6iA2Ozti&litespeed_type=imgoptm HTTP/1.1" 200 5 "-" "WordPress/6.7.2; https://hylasmagazine.com"
198.54.114.83 - - [14/Apr/2025:08:27:15 -0400] "POST /wp-cron.php?doing_wp_cron=1744633635.4098000526428222656250 HTTP/1.1" 200 0 "-" "WordPress/6.7.2; https://hylasmagazine.com"
114.119.151.133 - - [14/Apr/2025:08:27:15 -0400] "GET /2023/02/26/ HTTP/1.1" 301 0 "https://hylasmagazine.com/page/118/" "Mozilla/5.0 (Linux; Android 7.0;) AppleWebKit/537.36 (KHTML, like Gecko) Mobile Safari/537.36 (compatible; PetalBot;+https://webmaster.petalsearch.com/site/petalbot)"
114.119.151.133 - - [14/Apr/2025:08:27:17 -0400] "GET / HTTP/1.1" 200 78495 "https://hylasmagazine.com/page/118/" "Mozilla/5.0 (Linux; Android 7.0;) AppleWebKit/537.36 (KHTML, like Gecko) Mobile Safari/537.36 (compatible; PetalBot;+https://webmaster.petalsearch.com/site/petalbot)"
198.54.114.83 - - [14/Apr/2025:08:27:16 -0400] "POST /wp-admin/admin-ajax.php?action=async_litespeed&nonce=qV1fZcdWJGl0SlOEdkCGsReQ1nbkeTtJ&litespeed_type=imgoptm HTTP/1.1" 200 5 "-" "WordPress/6.7.2; https://hylasmagazine.com"
54.36.149.36 - - [14/Apr/2025:08:28:00 -0400] "GET /tulum-private-boat-charter/ HTTP/1.1" 200 31313 "-" "Mozilla/5.0 (compatible; AhrefsBot/7.0; +http://ahrefs.com/robot/)"
198.54.114.83 - - [14/Apr/2025:08:28:38 -0400] "POST /wp-cron.php?doing_wp_cron=1744633718.0992710590362548828125 HTTP/1.1" 200 0 "-" "WordPress/6.7.2; https://hylasmagazine.com"
114.119.130.125 - - [14/Apr/2025:08:28:37 -0400] "GET /2023/02/18/ HTTP/1.1" 301 0 "https://hylasmagazine.com/page/119/?ND" "Mozilla/5.0 (Linux; Android 7.0;) AppleWebKit/537.36 (KHTML, like Gecko) Mobile Safari/537.36 (compatible; PetalBot;+https://webmaster.petalsearch.com/site/petalbot)"
198.54.114.83 - - [14/Apr/2025:08:28:39 -0400] "POST /wp-admin/admin-ajax.php?action=async_litespeed&nonce=vmIe0azaQirPfKKrU1qlQDVu8kCA1IDC&litespeed_type=imgoptm HTTP/1.1" 200 5 "-" "WordPress/6.7.2; https://hylasmagazine.com"
114.119.130.125 - - [14/Apr/2025:08:28:39 -0400] "GET / HTTP/1.1" 200 78495 "https://hylasmagazine.com/page/119/?ND" "Mozilla/5.0 (Linux; Android 7.0;) AppleWebKit/537.36 (KHTML, like Gecko) Mobile Safari/537.36 (compatible; PetalBot;+https://webmaster.petalsearch.com/site/petalbot)"
198.54.114.83 - - [14/Apr/2025:08:29:05 -0400] "POST /wp-admin/admin-ajax.php?action=async_litespeed&nonce=Rzg4yVuUu0bPhpmtcha9DGzNOPhBfZIR&litespeed_type=imgoptm HTTP/1.1" 200 0 "-" "WordPress/6.7.2; https://hylasmagazine.com"
64.23.162.105 - - [14/Apr/2025:08:29:06 -0400] "GET /wp-login.php HTTP/1.1" 200 1717 "-" "Mozilla/5.0"
64.23.162.105 - - [14/Apr/2025:08:29:07 -0400] "GET /?author=1 HTTP/1.1" 200 78495 "-" "Mozilla/5.0"
64.23.162.105 - - [14/Apr/2025:08:29:08 -0400] "GET /?feed=rss2 HTTP/1.1" 200 78495 "-" "Mozilla/5.0"
54.36.148.136 - - [14/Apr/2025:08:29:42 -0400] "GET /exquisite-design-and-architecture/ HTTP/1.1" 200 31247 "-" "Mozilla/5.0 (compatible; AhrefsBot/7.0; +http://ahrefs.com/robot/)"
114.119.139.123 - - [14/Apr/2025:08:30:00 -0400] "GET /2024/01/16/ HTTP/1.1" 301 0 "https://hylasmagazine.com/page/44/" "Mozilla/5.0 (Linux; Android 7.0;) AppleWebKit/537.36 (KHTML, like Gecko) Mobile Safari/537.36 (compatible; PetalBot;+https://webmaster.petalsearch.com/site/petalbot)"
114.119.139.123 - - [14/Apr/2025:08:30:02 -0400] "GET / HTTP/1.1" 200 78495 "https://hylasmagazine.com/page/44/" "Mozilla/5.0 (Linux; Android 7.0;) AppleWebKit/537.36 (KHTML, like Gecko) Mobile Safari/537.36 (compatible; PetalBot;+https://webmaster.petalsearch.com/site/petalbot)"
152.42.172.190 - - [14/Apr/2025:08:32:18 -0400] "GET / HTTP/1.1" 200 78495 "-" "python-requests/2.32.3"
198.54.114.83 - - [14/Apr/2025:08:32:25 -0400] "POST /wp-cron.php?doing_wp_cron=1744633945.1690580844879150390625 HTTP/1.1" 200 0 "-" "WordPress/6.7.2; https://hylasmagazine.com"
152.42.172.190 - - [14/Apr/2025:08:32:19 -0400] "GET /wp-content/plugins/wp-time-capsule/wp-tcapsule-bridge/upload.php HTTP/1.1" 404 27768 "-" "python-requests/2.32.3"
198.54.114.83 - - [14/Apr/2025:08:32:26 -0400] "POST /wp-admin/admin-ajax.php?action=async_litespeed&nonce=MN5KOG9CYoVeLKLUFfYGZq9HeFr1uFsJ&litespeed_type=imgoptm HTTP/1.1" 200 0 "-" "WordPress/6.7.2; https://hylasmagazine.com"
54.36.148.158 - - [14/Apr/2025:08:32:56 -0400] "GET /exploring-chuan-park-showflat/ HTTP/1.1" 200 31279 "-" "Mozilla/5.0 (compatible; AhrefsBot/7.0; +http://ahrefs.com/robot/)"
198.54.114.83 - - [14/Apr/2025:08:34:14 -0400] "POST /wp-cron.php?doing_wp_cron=1744634053.0891180038452148437500 HTTP/1.1" 200 0 "-" "WordPress/6.7.2; https://hylasmagazine.com"
159.138.99.140 - - [14/Apr/2025:08:34:12 -0400] "GET /use-minecraft-pick-up-lines-to-break-the-ice-in-your-dating-life/ HTTP/1.1" 404 27768 "https://hylasmagazine.com/use-minecraft-pick-up-lines-to-break-the-ice-in-your-dating-life/#content" "Mozilla/5.0 (Macintosh; Intel Mac OS X 10_15_7) AppleWebKit/537.36 (KHTML, like Gecko) Chrome/131.0.0.0 Safari/537.36"
198.54.114.83 - - [14/Apr/2025:08:34:15 -0400] "POST /wp-admin/admin-ajax.php?action=async_litespeed&nonce=CjM2QPrTCp8epuMaqUHh376kaQqLO1zc&litespeed_type=imgoptm HTTP/1.1" 200 5 "-" "WordPress/6.7.2; https://hylasmagazine.com"
54.36.148.10 - - [14/Apr/2025:08:34:30 -0400] "GET /interior-design-near-me/ HTTP/1.1" 200 31405 "-" "Mozilla/5.0 (compatible; AhrefsBot/7.0; +http://ahrefs.com/robot/)"
198.54.114.83 - - [14/Apr/2025:08:36:17 -0400] "POST /wp-cron.php?doing_wp_cron=1744634177.0068969726562500000000 HTTP/1.1" 200 0 "-" "WordPress/6.7.2; https://hylasmagazine.com"
54.36.148.210 - - [14/Apr/2025:08:36:12 -0400] "GET /choosing-a-conservatory-roof/ HTTP/1.1" 200 31324 "-" "Mozilla/5.0 (compatible; AhrefsBot/7.0; +http://ahrefs.com/robot/)"
198.54.114.83 - - [14/Apr/2025:08:36:18 -0400] "POST /wp-admin/admin-ajax.php?action=async_litespeed&nonce=w9je8fktqBbLDgLsirfdKnCOGtAO14s6&litespeed_type=imgoptm HTTP/1.1" 200 0 "-" "WordPress/6.7.2; https://hylasmagazine.com"
198.54.114.83 - - [14/Apr/2025:08:37:40 -0400] "POST /wp-admin/admin-ajax.php?action=async_litespeed&nonce=eypKm4ZnSBAhnTIguHwAs1E0KQJUV3CX&litespeed_type=imgoptm HTTP/1.1" 200 0 "-" "WordPress/6.7.2; https://hylasmagazine.com"
54.36.148.231 - - [14/Apr/2025:08:37:47 -0400] "GET /a-haven-of-opulence/ HTTP/1.1" 200 31392 "-" "Mozilla/5.0 (compatible; AhrefsBot/7.0; +http://ahrefs.com/robot/)"
54.36.149.49 - - [14/Apr/2025:08:39:30 -0400] "GET /die-schonheit-von-hangelampen-eine-hommage-an-eleganz-und-funktionalitat/ HTTP/1.1" 200 31520 "-" "Mozilla/5.0 (compatible; AhrefsBot/7.0; +http://ahrefs.com/robot/)"
198.54.114.83 - - [14/Apr/2025:08:39:36 -0400] "POST /wp-cron.php?doing_wp_cron=1744634374.3939390182495117187500 HTTP/1.1" 200 0 "-" "WordPress/6.7.2; https://hylasmagazine.com"
198.54.114.83 - - [14/Apr/2025:08:39:40 -0400] "POST /wp-admin/admin-ajax.php?action=async_litespeed&nonce=62tamMXxiaHaAg44iHBwTbCWhjjY3k71&litespeed_type=imgoptm HTTP/1.1" 200 0 "-" "WordPress/6.7.2; https://hylasmagazine.com"
54.36.148.75 - - [14/Apr/2025:08:41:19 -0400] "GET /seamless-solutions-choosing-a-direct-tiling-contractor-in-singapore/ HTTP/1.1" 200 31563 "-" "Mozilla/5.0 (compatible; AhrefsBot/7.0; +http://ahrefs.com/robot/)"
198.54.114.83 - - [14/Apr/2025:08:41:25 -0400] "POST /wp-cron.php?doing_wp_cron=1744634482.0028779506683349609375 HTTP/1.1" 200 0 "-" "WordPress/6.7.2; https://hylasmagazine.com"
198.54.114.83 - - [14/Apr/2025:08:43:09 -0400] "POST /wp-cron.php?doing_wp_cron=1744634588.7208230495452880859375 HTTP/1.1" 200 0 "-" "WordPress/6.7.2; https://hylasmagazine.com"
54.36.149.45 - - [14/Apr/2025:08:43:07 -0400] "GET /welt-der-videoanimationen-eine-reise-durch-kreativitat-und-innovation/ HTTP/1.1" 200 31674 "-" "Mozilla/5.0 (compatible; AhrefsBot/7.0; +http://ahrefs.com/robot/)"
198.54.114.83 - - [14/Apr/2025:08:43:10 -0400] "POST /wp-admin/admin-ajax.php?action=async_litespeed&nonce=KNknfBh38o9HqxfX6uhNvg50U32oQto0&litespeed_type=imgoptm HTTP/1.1" 200 0 "-" "WordPress/6.7.2; https://hylasmagazine.com"
54.36.148.92 - - [14/Apr/2025:08:44:54 -0400] "GET /travel-tips-to-make-your-dream-vacation-a-reality/ HTTP/1.1" 200 31513 "-" "Mozilla/5.0 (compatible; AhrefsBot/7.0; +http://ahrefs.com/robot/)"
198.54.114.83 - - [14/Apr/2025:08:45:00 -0400] "POST /wp-cron.php?doing_wp_cron=1744634697.5689229965209960937500 HTTP/1.1" 200 0 "-" "WordPress/6.7.2; https://hylasmagazine.com"
198.54.114.83 - - [14/Apr/2025:08:46:36 -0400] "POST /wp-cron.php?doing_wp_cron=1744634794.7628879547119140625000 HTTP/1.1" 200 0 "-" "WordPress/6.7.2; https://hylasmagazine.com"
54.36.149.82 - - [14/Apr/2025:08:46:32 -0400] "GET /korean-cosmetic-manufacturer/ HTTP/1.1" 200 31470 "-" "Mozilla/5.0 (compatible; AhrefsBot/7.0; +http://ahrefs.com/robot/)"
198.54.114.83 - - [14/Apr/2025:08:46:38 -0400] "POST /wp-admin/admin-ajax.php?action=async_litespeed&nonce=tOZQukv1K4i7asRaWOy47E9R3uvqqWvg&litespeed_type=imgoptm HTTP/1.1" 200 0 "-" "WordPress/6.7.2; https://hylasmagazine.com"
54.36.148.238 - - [14/Apr/2025:08:48:05 -0400] "GET /explorer-les-joyaux-culturels-un-itineraire-de-voyage-dynamique/ HTTP/1.1" 200 31739 "-" "Mozilla/5.0 (compatible; AhrefsBot/7.0; +http://ahrefs.com/robot/)"
58.254.68.38 - - [14/Apr/2025:08:48:10 -0400] "GET /why-the-top-performers-in-gambling-are-successful/ HTTP/1.1" 200 31963 "-" "Mozilla/5.0 (Windows NT 6.1; WOW64) AppleWebKit/537.36 (KHTML, like Gecko) Chrome/34.0.1847.131 Safari/537.36"
198.54.114.83 - - [14/Apr/2025:08:49:26 -0400] "POST /wp-cron.php?doing_wp_cron=1744634966.6528930664062500000000 HTTP/1.1" 200 0 "-" "WordPress/6.7.2; https://hylasmagazine.com"
114.119.139.226 - - [14/Apr/2025:08:49:24 -0400] "GET /page/121/?MA HTTP/1.1" 200 30857 "https://hylasmagazine.com/page/120/?MA" "Mozilla/5.0 (Linux; Android 7.0;) AppleWebKit/537.36 (KHTML, like Gecko) Mobile Safari/537.36 (compatible; PetalBot;+https://webmaster.petalsearch.com/site/petalbot)"
198.54.114.83 - - [14/Apr/2025:08:49:27 -0400] "POST /wp-admin/admin-ajax.php?action=async_litespeed&nonce=kHhXkkVExYqSg5xO2hYfxn1ncPDGhTyw&litespeed_type=imgoptm HTTP/1.1" 200 0 "-" "WordPress/6.7.2; https://hylasmagazine.com"
54.36.148.102 - - [14/Apr/2025:08:49:33 -0400] "GET /beste-moglichkeiten-videoanimationen-zu-nutzen/ HTTP/1.1" 200 31261 "-" "Mozilla/5.0 (compatible; AhrefsBot/7.0; +http://ahrefs.com/robot/)"
178.168.34.50 - - [14/Apr/2025:08:50:51 -0400] "GET /a-manual-for-supplanting-your-carport-entryway/ HTTP/1.1" 200 31643 "-" "Mozilla/5.0 (Windows NT 10.0; Win64; x64) AppleWebKit/537.36 (KHTML, like Gecko) Chrome/131.0.0.0 Safari/537.36"
198.54.114.83 - - [14/Apr/2025:08:50:53 -0400] "POST /wp-cron.php?doing_wp_cron=1744635051.9759819507598876953125 HTTP/1.1" 200 0 "-" "WordPress/6.7.2; https://hylasmagazine.com"
114.119.139.226 - - [14/Apr/2025:08:50:49 -0400] "GET /oribe-hair-products-review/ HTTP/1.1" 200 31945 "https://hylasmagazine.com/page/91/?SA" "Mozilla/5.0 (Linux; Android 7.0;) AppleWebKit/537.36 (KHTML, like Gecko) Mobile Safari/537.36 (compatible; PetalBot;+https://webmaster.petalsearch.com/site/petalbot)"
198.54.114.83 - - [14/Apr/2025:08:50:54 -0400] "POST /wp-admin/admin-ajax.php?action=async_litespeed&nonce=zDa1IQIO9vAl5xt2E2k5tH2bu48ZBSvX&litespeed_type=imgoptm HTTP/1.1" 200 0 "-" "WordPress/6.7.2; https://hylasmagazine.com"
54.36.148.88 - - [14/Apr/2025:08:51:00 -0400] "GET /bijoux-de-lait-dallaitement/ HTTP/1.1" 200 31573 "-" "Mozilla/5.0 (compatible; AhrefsBot/7.0; +http://ahrefs.com/robot/)"
31.129.79.28 - - [14/Apr/2025:08:51:13 -0400] "GET /robots.txt HTTP/1.1" 200 107 "-" "Screaming Frog SEO Spider/21.4"
31.129.79.28 - - [14/Apr/2025:08:51:14 -0400] "GET /how-to-attract-youtube-views/ HTTP/1.1" 200 31379 "-" "Screaming Frog SEO Spider/21.4"
198.54.114.83 - - [14/Apr/2025:08:52:12 -0400] "POST /wp-cron.php?doing_wp_cron=1744635131.6187460422515869140625 HTTP/1.1" 200 0 "-" "WordPress/6.7.2; https://hylasmagazine.com"
114.119.137.193 - - [14/Apr/2025:08:52:11 -0400] "GET /page/95/?ND HTTP/1.1" 200 31099 "https://hylasmagazine.com/page/96/?ND" "Mozilla/5.0 (Linux; Android 7.0;) AppleWebKit/537.36 (KHTML, like Gecko) Mobile Safari/537.36 (compatible; PetalBot;+https://webmaster.petalsearch.com/site/petalbot)"
198.54.114.83 - - [14/Apr/2025:08:52:12 -0400] "POST /wp-admin/admin-ajax.php?action=async_litespeed&nonce=m4ADSpI18uL11ZjhB5QWrz3q5UQ1Rvix&litespeed_type=imgoptm HTTP/1.1" 200 5 "-" "WordPress/6.7.2; https://hylasmagazine.com"
54.36.148.25 - - [14/Apr/2025:08:52:41 -0400] "GET /why-is-iptv-the-next-buzzword-in-entertainment/ HTTP/1.1" 200 31794 "-" "Mozilla/5.0 (compatible; AhrefsBot/7.0; +http://ahrefs.com/robot/)"
198.54.114.83 - - [14/Apr/2025:08:53:35 -0400] "POST /wp-cron.php?doing_wp_cron=1744635215.2909150123596191406250 HTTP/1.1" 200 0 "-" "WordPress/6.7.2; https://hylasmagazine.com"
114.119.147.73 - - [14/Apr/2025:08:53:35 -0400] "GET /page/68/?MA HTTP/1.1" 200 30963 "https://hylasmagazine.com/page/68/?MA" "Mozilla/5.0 (Linux; Android 7.0;) AppleWebKit/537.36 (KHTML, like Gecko) Mobile Safari/537.36 (compatible; PetalBot;+https://webmaster.petalsearch.com/site/petalbot)"
198.54.114.83 - - [14/Apr/2025:08:53:36 -0400] "POST /wp-admin/admin-ajax.php?action=async_litespeed&nonce=lcxCIDVEpkg3YlZ3Rmqt6k1K8YHYWVhZ&litespeed_type=imgoptm HTTP/1.1" 200 5 "-" "WordPress/6.7.2; https://hylasmagazine.com"
198.54.114.83 - - [14/Apr/2025:08:54:30 -0400] "POST /wp-cron.php?doing_wp_cron=1744635270.0636219978332519531250 HTTP/1.1" 200 0 "-" "WordPress/6.7.2; https://hylasmagazine.com"
54.36.148.100 - - [14/Apr/2025:08:54:29 -0400] "GET /embracing-3cx-compatible-phones/ HTTP/1.1" 200 31371 "-" "Mozilla/5.0 (compatible; AhrefsBot/7.0; +http://ahrefs.com/robot/)"
198.54.114.83 - - [14/Apr/2025:08:54:30 -0400] "POST /wp-admin/admin-ajax.php?action=async_litespeed&nonce=2STMYNpZL6tQwDxFwJDpzz1Htmoa73gG&litespeed_type=imgoptm HTTP/1.1" 200 5 "-" "WordPress/6.7.2; https://hylasmagazine.com"
114.119.153.91 - - [14/Apr/2025:08:55:00 -0400] "GET /leather-hiking-boots-mens/ HTTP/1.1" 200 33579 "https://hylasmagazine.com/page/35/" "Mozilla/5.0 (Linux; Android 7.0;) AppleWebKit/537.36 (KHTML, like Gecko) Mobile Safari/537.36 (compatible; PetalBot;+https://webmaster.petalsearch.com/site/petalbot)"
198.54.114.83 - - [14/Apr/2025:08:56:16 -0400] "POST /wp-cron.php?doing_wp_cron=1744635375.0845680236816406250000 HTTP/1.1" 200 0 "-" "WordPress/6.7.2; https://hylasmagazine.com"
54.36.148.85 - - [14/Apr/2025:08:56:14 -0400] "GET /the-innovative-approach-of-pharmalabglobal/ HTTP/1.1" 200 31498 "-" "Mozilla/5.0 (compatible; AhrefsBot/7.0; +http://ahrefs.com/robot/)"
198.54.114.83 - - [14/Apr/2025:08:56:18 -0400] "POST /wp-admin/admin-ajax.php?action=async_litespeed&nonce=bApKyqrMv96TI9ARicIbdRfP9QzehT0T&litespeed_type=imgoptm HTTP/1.1" 200 0 "-" "WordPress/6.7.2; https://hylasmagazine.com"
114.119.153.91 - - [14/Apr/2025:08:56:22 -0400] "GET /the-electronic-vending-machine-the-absolute-guide-to-electronic-vending-history-and-operation/ HTTP/1.1" 200 32781 "https://hylasmagazine.com/page/88/?MA" "Mozilla/5.0 (Linux; Android 7.0;) AppleWebKit/537.36 (KHTML, like Gecko) Mobile Safari/537.36 (compatible; PetalBot;+https://webmaster.petalsearch.com/site/petalbot)"
198.54.114.83 - - [14/Apr/2025:08:57:52 -0400] "POST /wp-cron.php?doing_wp_cron=1744635472.0544190406799316406250 HTTP/1.1" 200 0 "-" "WordPress/6.7.2; https://hylasmagazine.com"
114.119.151.133 - - [14/Apr/2025:08:57:46 -0400] "GET /herbal-treatment-to-increase-ejaculation-force-and-volume/ HTTP/1.1" 200 31715 "https://hylasmagazine.com/page/76/" "Mozilla/5.0 (Linux; Android 7.0;) AppleWebKit/537.36 (KHTML, like Gecko) Mobile Safari/537.36 (compatible; PetalBot;+https://webmaster.petalsearch.com/site/petalbot)"
198.54.114.83 - - [14/Apr/2025:08:57:53 -0400] "POST /wp-admin/admin-ajax.php?action=async_litespeed&nonce=oC3Y0QJPa0AWLWPwLfWJIvD9oVZx9Ho7&litespeed_type=imgoptm HTTP/1.1" 200 0 "-" "WordPress/6.7.2; https://hylasmagazine.com"
54.36.148.111 - - [14/Apr/2025:08:57:55 -0400] "GET /a-glimpse-of-opulence/ HTTP/1.1" 200 31452 "-" "Mozilla/5.0 (compatible; AhrefsBot/7.0; +http://ahrefs.com/robot/)"
114.119.151.133 - - [14/Apr/2025:08:59:13 -0400] "GET /2024/06/01/ HTTP/1.1" 301 0 "https://hylasmagazine.com/category/activity/page/14/" "Mozilla/5.0 (Linux; Android 7.0;) AppleWebKit/537.36 (KHTML, like Gecko) Mobile Safari/537.36 (compatible; PetalBot;+https://webmaster.petalsearch.com/site/petalbot)"
198.54.114.83 - - [14/Apr/2025:08:59:15 -0400] "POST /wp-cron.php?doing_wp_cron=1744635553.9039380550384521484375 HTTP/1.1" 200 0 "-" "WordPress/6.7.2; https://hylasmagazine.com"
114.119.151.133 - - [14/Apr/2025:08:59:17 -0400] "GET / HTTP/1.1" 200 78495 "https://hylasmagazine.com/category/activity/page/14/" "Mozilla/5.0 (Linux; Android 7.0;) AppleWebKit/537.36 (KHTML, like Gecko) Mobile Safari/537.36 (compatible; PetalBot;+https://webmaster.petalsearch.com/site/petalbot)"
54.36.148.204 - - [14/Apr/2025:08:59:33 -0400] "GET /cabinet-dentaire/ HTTP/1.1" 200 31451 "-" "Mozilla/5.0 (compatible; AhrefsBot/7.0; +http://ahrefs.com/robot/)"
114.119.151.153 - - [14/Apr/2025:09:00:33 -0400] "GET /2024/03/23/ HTTP/1.1" 301 0 "https://hylasmagazine.com/page/27/?ND" "Mozilla/5.0 (Linux; Android 7.0;) AppleWebKit/537.36 (KHTML, like Gecko) Mobile Safari/537.36 (compatible; PetalBot;+https://webmaster.petalsearch.com/site/petalbot)"
198.54.114.83 - - [14/Apr/2025:09:00:36 -0400] "POST /wp-cron.php?doing_wp_cron=1744635634.0658810138702392578125 HTTP/1.1" 200 0 "-" "WordPress/6.7.2; https://hylasmagazine.com"
198.54.114.83 - - [14/Apr/2025:09:00:38 -0400] "POST /wp-admin/admin-ajax.php?action=async_litespeed&nonce=f6AcQA0qG8O9c8Q59OwPyx49nxdx8i32&litespeed_type=imgoptm HTTP/1.1" 200 0 "-" "WordPress/6.7.2; https://hylasmagazine.com"
114.119.151.153 - - [14/Apr/2025:09:00:38 -0400] "GET / HTTP/1.1" 200 78495 "https://hylasmagazine.com/page/27/?ND" "Mozilla/5.0 (Linux; Android 7.0;) AppleWebKit/537.36 (KHTML, like Gecko) Mobile Safari/537.36 (compatible; PetalBot;+https://webmaster.petalsearch.com/site/petalbot)"
198.54.114.83 - - [14/Apr/2025:09:01:25 -0400] "POST /wp-cron.php?doing_wp_cron=1744635684.6668279170989990234375 HTTP/1.1" 200 0 "-" "WordPress/6.7.2; https://hylasmagazine.com"
198.54.114.83 - - [14/Apr/2025:09:01:26 -0400] "POST /wp-admin/admin-ajax.php?action=async_litespeed&nonce=TjPYA1JirTbfc4WxurV24Xe7be7kFywF&litespeed_type=imgoptm HTTP/1.1" 200 0 "-" "WordPress/6.7.2; https://hylasmagazine.com"
54.36.148.31 - - [14/Apr/2025:09:01:24 -0400] "GET /grip-socks-the-unsung-hero-of-football/ HTTP/1.1" 200 31421 "-" "Mozilla/5.0 (compatible; AhrefsBot/7.0; +http://ahrefs.com/robot/)"
114.119.153.91 - - [14/Apr/2025:09:01:56 -0400] "GET /2023/11/15/ HTTP/1.1" 301 0 "https://hylasmagazine.com/buy-viewers-for-the-stream/" "Mozilla/5.0 (Linux; Android 7.0;) AppleWebKit/537.36 (KHTML, like Gecko) Mobile Safari/537.36 (compatible; PetalBot;+https://webmaster.petalsearch.com/site/petalbot)"
114.119.153.91 - - [14/Apr/2025:09:01:57 -0400] "GET / HTTP/1.1" 200 78495 "https://hylasmagazine.com/buy-viewers-for-the-stream/" "Mozilla/5.0 (Linux; Android 7.0;) AppleWebKit/537.36 (KHTML, like Gecko) Mobile Safari/537.36 (compatible; PetalBot;+https://webmaster.petalsearch.com/site/petalbot)"
54.36.149.24 - - [14/Apr/2025:09:03:00 -0400] "GET /the-basics-of-voice-over/ HTTP/1.1" 200 31316 "-" "Mozilla/5.0 (compatible; AhrefsBot/7.0; +http://ahrefs.com/robot/)"
198.54.114.83 - - [14/Apr/2025:09:03:24 -0400] "POST /wp-cron.php?doing_wp_cron=1744635803.6149489879608154296875 HTTP/1.1" 200 0 "-" "WordPress/6.7.2; https://hylasmagazine.com"
114.119.151.133 - - [14/Apr/2025:09:03:19 -0400] "GET /exploring-the-world-of-pluto-games/ HTTP/1.1" 200 31188 "https://hylasmagazine.com/page/4/?SA" "Mozilla/5.0 (Linux; Android 7.0;) AppleWebKit/537.36 (KHTML, like Gecko) Mobile Safari/537.36 (compatible; PetalBot;+https://webmaster.petalsearch.com/site/petalbot)"
198.54.114.83 - - [14/Apr/2025:09:03:25 -0400] "POST /wp-admin/admin-ajax.php?action=async_litespeed&nonce=Akbd3Gmqir70gOuRvNMrV2rq8GZfSbmi&litespeed_type=imgoptm HTTP/1.1" 200 0 "-" "WordPress/6.7.2; https://hylasmagazine.com"
54.36.149.3 - - [14/Apr/2025:09:04:35 -0400] "GET /healthy-pancake-recipes/ HTTP/1.1" 200 31875 "-" "Mozilla/5.0 (compatible; AhrefsBot/7.0; +http://ahrefs.com/robot/)"
198.54.114.83 - - [14/Apr/2025:09:04:38 -0400] "POST /wp-cron.php?doing_wp_cron=1744635876.3613960742950439453125 HTTP/1.1" 200 0 "-" "WordPress/6.7.2; https://hylasmagazine.com"
