2a11:fc83:1d07:a2fb:9452:842d:ede1:cb6 - - [15/Apr/2025:12:26:12 -0400] "GET / HTTP/1.1" 200 211213 "http://llcbibleclub.com/" "Mozilla/5.0 (Windows NT 10.0; Win64; x64) AppleWebKit/537.36 (KHTML, like Gecko) Chrome/129.0.0.0 Safari/537.36"
94.46.247.53 - - [15/Apr/2025:12:40:13 -0400] "GET /screw-chart-choosing-the-right-10-screw-diameter/ HTTP/1.1" 404 1251 "-" "Mozilla/5.0 (Macintosh; Intel Mac OS X 12_5) AppleWebKit/537.36 (KHTML, like Gecko) Chrome/114.0.0.0 Safari/537.36 OPR/89.0.4447.51"
216.244.66.233 - - [15/Apr/2025:12:53:18 -0400] "GET /is-there-any-evidence-that-fenbendazole-cures-cancer/ HTTP/1.1" 404 1251 "-" "Mozilla/5.0 (compatible; DotBot/1.2; +https://opensiteexplorer.org/dotbot; help@moz.com)"
216.244.66.233 - - [15/Apr/2025:12:53:32 -0400] "GET /professioneller-umzugsservice-in-luneburg/ HTTP/1.1" 404 1251 "-" "Mozilla/5.0 (compatible; DotBot/1.2; +https://opensiteexplorer.org/dotbot; help@moz.com)"
2a12:8100:a09f:4eff:b91d:fe03:8fb6:2354 - - [15/Apr/2025:12:54:22 -0400] "GET /best-cbd-oil-products-uk/ HTTP/1.1" 404 1251 "http://llcbibleclub.com/best-cbd-oil-products-uk/" "Mozilla/5.0 (Windows NT 10.0; Win64; x64) AppleWebKit/537.36 (KHTML, like Gecko) Chrome/131.0.0.0 Safari/537.36 Avast/131.0.0.0"
2a12:d3c3:8aef:955b:89d4:dcb3:c718:ef01 - - [15/Apr/2025:12:54:28 -0400] "GET / HTTP/1.1" 200 211213 "http://llcbibleclub.com/" "Mozilla/5.0 (Windows NT 10.0; Win64; x64) AppleWebKit/537.36 (KHTML, like Gecko) Chrome/131.0.0.0 Safari/537.36 Avast/131.0.0.0"
175.27.212.157 - - [15/Apr/2025:12:56:41 -0400] "GET /wp-login.php HTTP/1.1" 302 0 "-" "Apache-HttpClient/4.5.2 (Java/1.8.0_161)"
198.54.114.83 - - [15/Apr/2025:12:56:52 -0400] "POST /wp-cron.php?doing_wp_cron=1744736207.5632300376892089843750 HTTP/1.1" 200 0 "-" "WordPress/6.7.2; https://llcbibleclub.com"
175.27.212.157 - - [15/Apr/2025:12:57:07 -0400] "GET /?author=1 HTTP/1.1" 200 211213 "-" "Apache-HttpClient/4.5.2 (Java/1.8.0_161)"
175.27.212.157 - - [15/Apr/2025:12:57:11 -0400] "GET /?author=2 HTTP/1.1" 200 211213 "-" "Apache-HttpClient/4.5.2 (Java/1.8.0_161)"
175.27.212.157 - - [15/Apr/2025:12:57:14 -0400] "GET /?author=3 HTTP/1.1" 200 211213 "-" "Apache-HttpClient/4.5.2 (Java/1.8.0_161)"
175.27.212.157 - - [15/Apr/2025:12:57:21 -0400] "GET /?author=4 HTTP/1.1" 200 211213 "-" "Apache-HttpClient/4.5.2 (Java/1.8.0_161)"
175.27.212.157 - - [15/Apr/2025:12:57:25 -0400] "GET /?author=5 HTTP/1.1" 200 211213 "-" "Apache-HttpClient/4.5.2 (Java/1.8.0_161)"
175.27.212.157 - - [15/Apr/2025:12:57:31 -0400] "GET /?author=6 HTTP/1.1" 200 211213 "-" "Apache-HttpClient/4.5.2 (Java/1.8.0_161)"
175.27.212.157 - - [15/Apr/2025:12:57:43 -0400] "GET /?author=7 HTTP/1.1" 200 211213 "-" "Apache-HttpClient/4.5.2 (Java/1.8.0_161)"
175.27.212.157 - - [15/Apr/2025:12:57:46 -0400] "GET /?author=8 HTTP/1.1" 200 211213 "-" "Apache-HttpClient/4.5.2 (Java/1.8.0_161)"
175.27.212.157 - - [15/Apr/2025:12:57:49 -0400] "GET /?author=9 HTTP/1.1" 200 211213 "-" "Apache-HttpClient/4.5.2 (Java/1.8.0_161)"
175.27.212.157 - - [15/Apr/2025:12:57:54 -0400] "GET /?author=10 HTTP/1.1" 200 211213 "-" "Apache-HttpClient/4.5.2 (Java/1.8.0_161)"
175.27.212.157 - - [15/Apr/2025:12:58:02 -0400] "GET /?author=11 HTTP/1.1" 200 211213 "-" "Apache-HttpClient/4.5.2 (Java/1.8.0_161)"
175.27.212.157 - - [15/Apr/2025:12:58:13 -0400] "GET /?author=12 HTTP/1.1" 200 211213 "-" "Apache-HttpClient/4.5.2 (Java/1.8.0_161)"
175.27.212.157 - - [15/Apr/2025:12:58:18 -0400] "GET /?author=13 HTTP/1.1" 200 211213 "-" "Apache-HttpClient/4.5.2 (Java/1.8.0_161)"
175.27.212.157 - - [15/Apr/2025:12:58:23 -0400] "GET /?author=14 HTTP/1.1" 200 211213 "-" "Apache-HttpClient/4.5.2 (Java/1.8.0_161)"
175.27.212.157 - - [15/Apr/2025:12:58:28 -0400] "GET /?author=15 HTTP/1.1" 200 211213 "-" "Apache-HttpClient/4.5.2 (Java/1.8.0_161)"
175.27.212.157 - - [15/Apr/2025:12:58:32 -0400] "GET /?author=16 HTTP/1.1" 200 211213 "-" "Apache-HttpClient/4.5.2 (Java/1.8.0_161)"
175.27.212.157 - - [15/Apr/2025:12:58:37 -0400] "GET /?author=17 HTTP/1.1" 200 211213 "-" "Apache-HttpClient/4.5.2 (Java/1.8.0_161)"
175.27.212.157 - - [15/Apr/2025:12:58:44 -0400] "GET /?author=18 HTTP/1.1" 200 211213 "-" "Apache-HttpClient/4.5.2 (Java/1.8.0_161)"
175.27.212.157 - - [15/Apr/2025:12:58:48 -0400] "GET /?author=19 HTTP/1.1" 200 211213 "-" "Apache-HttpClient/4.5.2 (Java/1.8.0_161)"
175.27.212.157 - - [15/Apr/2025:12:58:54 -0400] "GET /?author=20 HTTP/1.1" 200 211213 "-" "Apache-HttpClient/4.5.2 (Java/1.8.0_161)"
216.244.66.233 - - [15/Apr/2025:12:58:56 -0400] "GET /avodart-0-5-mg-generic-purchase-canadian-prescription-drugstore/ HTTP/1.1" 404 1251 "-" "Mozilla/5.0 (compatible; DotBot/1.2; +https://opensiteexplorer.org/dotbot; help@moz.com)"
216.244.66.233 - - [15/Apr/2025:12:59:11 -0400] "GET /brand-glucotrol-buy-glipizide-online-canada/ HTTP/1.1" 404 1251 "-" "Mozilla/5.0 (compatible; DotBot/1.2; +https://opensiteexplorer.org/dotbot; help@moz.com)"
152.89.129.79 - - [15/Apr/2025:13:01:36 -0400] "GET /screw-chart-choosing-the-right-10-screw-diameter/ HTTP/1.1" 404 1251 "-" "Mozilla/5.0 (Macintosh; Intel Mac OS X 12_5) AppleWebKit/537.36 (KHTML, like Gecko) Chrome/114.0.0.0 Safari/537.36 OPR/89.0.4447.51"
216.244.66.233 - - [15/Apr/2025:13:02:14 -0400] "GET /la-magie-du-quai-des-bergues-une-promenade-a-geneve/ HTTP/1.1" 404 1251 "-" "Mozilla/5.0 (compatible; DotBot/1.2; +https://opensiteexplorer.org/dotbot; help@moz.com)"
178.33.109.164 - - [15/Apr/2025:13:04:36 -0400] "GET /best-cbd-oil-products-uk/ HTTP/1.1" 404 1251 "http://llcbibleclub.com/best-cbd-oil-products-uk/" "Mozilla/5.0 (Windows NT 10.0; Win64; x64) AppleWebKit/537.36 (KHTML, like Gecko) Chrome/131.0.0.0 Safari/537.36 Avast/131.0.0.0"
178.33.109.164 - - [15/Apr/2025:13:04:39 -0400] "GET / HTTP/1.1" 200 211213 "http://llcbibleclub.com/" "Mozilla/5.0 (Windows NT 10.0; Win64; x64) AppleWebKit/537.36 (KHTML, like Gecko) Chrome/131.0.0.0 Safari/537.36 Avast/131.0.0.0"
216.244.66.233 - - [15/Apr/2025:13:06:46 -0400] "GET /achatsuhagra-pharmacie-en-ligne-france/ HTTP/1.1" 404 1251 "-" "Mozilla/5.0 (compatible; DotBot/1.2; +https://opensiteexplorer.org/dotbot; help@moz.com)"
216.244.66.233 - - [15/Apr/2025:13:07:11 -0400] "GET /buy-generic-zyvox-online-canada/ HTTP/1.1" 404 1251 "-" "Mozilla/5.0 (compatible; DotBot/1.2; +https://opensiteexplorer.org/dotbot; help@moz.com)"
216.244.66.233 - - [15/Apr/2025:13:07:36 -0400] "GET /generic-nimotop-for-sale-in-canada-chemist-shop/ HTTP/1.1" 404 1251 "-" "Mozilla/5.0 (compatible; DotBot/1.2; +https://opensiteexplorer.org/dotbot; help@moz.com)"
216.244.66.233 - - [15/Apr/2025:13:08:43 -0400] "GET /buy-stromectol-in-usa-cheapest-ivermectin-online/ HTTP/1.1" 404 1251 "-" "Mozilla/5.0 (compatible; DotBot/1.2; +https://opensiteexplorer.org/dotbot; help@moz.com)"
216.244.66.233 - - [15/Apr/2025:13:09:06 -0400] "GET /generic-ezetimibe-medicine-cheap-drugs-from-canada/ HTTP/1.1" 404 1251 "-" "Mozilla/5.0 (compatible; DotBot/1.2; +https://opensiteexplorer.org/dotbot; help@moz.com)"
216.244.66.233 - - [15/Apr/2025:13:09:32 -0400] "GET /where-to-buy-vardenafil-brand-cheap-levitra-super-active-best-order/ HTTP/1.1" 404 1251 "-" "Mozilla/5.0 (compatible; DotBot/1.2; +https://opensiteexplorer.org/dotbot; help@moz.com)"
3.221.156.96 - - [15/Apr/2025:13:17:56 -0400] "GET /gp/registry/wishlist/ HTTP/1.1" 404 1251 "-" "Mozilla/5.0 AppleWebKit/537.36 (KHTML, like Gecko; compatible; Amazonbot/0.1; +https://developer.amazon.com/support/amazonbot) Chrome/119.0.6045.214 Safari/537.36"
3.81.253.213 - - [15/Apr/2025:13:18:00 -0400] "GET /dp/B0CP31QS6R?ref=MarsFS_KINDLE_rs HTTP/1.1" 404 1251 "-" "Mozilla/5.0 AppleWebKit/537.36 (KHTML, like Gecko; compatible; Amazonbot/0.1; +https://developer.amazon.com/support/amazonbot) Chrome/119.0.6045.214 Safari/537.36"
3.209.174.110 - - [15/Apr/2025:13:18:05 -0400] "GET /dp/B0D484S271?ref=MarsFS_VICC_blinkhk HTTP/1.1" 404 1251 "-" "Mozilla/5.0 AppleWebKit/537.36 (KHTML, like Gecko; compatible; Amazonbot/0.1; +https://developer.amazon.com/support/amazonbot) Chrome/119.0.6045.214 Safari/537.36"
2a12:8101:d9a0:31f0:9372:514d:7be8:cdcf - - [15/Apr/2025:13:22:54 -0400] "GET /best-cbd-oil-products-uk/ HTTP/1.1" 404 1251 "http://llcbibleclub.com/best-cbd-oil-products-uk/" "Mozilla/5.0 (Windows NT 10.0; Win64; x64) AppleWebKit/537.36 (KHTML, like Gecko) Chrome/130.0.0.0 Safari/537.36 CCleaner/130.0.0.0"
2a12:8101:d9a0:31f0:9372:514d:7be8:cdcf - - [15/Apr/2025:13:23:00 -0400] "GET / HTTP/1.1" 200 211213 "http://llcbibleclub.com/" "Mozilla/5.0 (Windows NT 10.0; Win64; x64) AppleWebKit/537.36 (KHTML, like Gecko) Chrome/130.0.0.0 Safari/537.36 CCleaner/130.0.0.0"
216.244.66.233 - - [15/Apr/2025:13:33:04 -0400] "GET /robots.txt HTTP/1.1" 304 0 "-" "Mozilla/5.0 (compatible; DotBot/1.2; +https://opensiteexplorer.org/dotbot; help@moz.com)"
94.46.247.53 - - [15/Apr/2025:13:33:54 -0400] "GET /screw-chart-choosing-the-right-10-screw-diameter/ HTTP/1.1" 404 1251 "-" "Mozilla/5.0 (Macintosh; Intel Mac OS X 12_5) AppleWebKit/537.36 (KHTML, like Gecko) Chrome/114.0.0.0 Safari/537.36 OPR/89.0.4447.51"
34.230.124.21 - - [15/Apr/2025:13:36:44 -0400] "GET /dp/B0CQMZ24LR?ref=MarsFS_SMP_B0CQMZ24LR HTTP/1.1" 404 1251 "-" "Mozilla/5.0 AppleWebKit/537.36 (KHTML, like Gecko; compatible; Amazonbot/0.1; +https://developer.amazon.com/support/amazonbot) Chrome/119.0.6045.214 Safari/537.36"
85.208.98.23 - - [15/Apr/2025:13:40:53 -0400] "GET /robots.txt HTTP/1.1" 304 0 "-" "Mozilla/5.0 (compatible; SemrushBot-BA; +http://www.semrush.com/bot.html)"
51.222.253.5 - - [15/Apr/2025:13:42:50 -0400] "GET /robots.txt HTTP/1.1" 304 0 "-" "Mozilla/5.0 (compatible; AhrefsBot/7.0; +http://ahrefs.com/robot/)"
216.244.66.233 - - [15/Apr/2025:13:51:49 -0400] "GET /motilium-journalier/ HTTP/1.1" 404 1251 "-" "Mozilla/5.0 (compatible; DotBot/1.2; +https://opensiteexplorer.org/dotbot; help@moz.com)"
2a11:5782:df06:bdfe:52e3:8804:8fa9:87b9 - - [15/Apr/2025:13:52:30 -0400] "GET /best-cbd-oil-products-uk/ HTTP/1.1" 404 1251 "http://llcbibleclub.com/best-cbd-oil-products-uk/" "Mozilla/5.0 (Windows NT 10.0; Win64; x64) AppleWebKit/537.36 (KHTML, like Gecko) Chrome/131.0.0.0 Safari/537.36"
2a12:8102:8fa0:48f0:a6fc:f2b0:ddd6:f958 - - [15/Apr/2025:13:52:34 -0400] "GET / HTTP/1.1" 200 211213 "http://llcbibleclub.com/" "Mozilla/5.0 (Windows NT 10.0; Win64; x64) AppleWebKit/537.36 (KHTML, like Gecko) Chrome/131.0.0.0 Safari/537.36"
216.244.66.233 - - [15/Apr/2025:13:53:28 -0400] "GET /biaxin-livraison-rapide-payer-par-bitcoin/ HTTP/1.1" 404 1251 "-" "Mozilla/5.0 (compatible; DotBot/1.2; +https://opensiteexplorer.org/dotbot; help@moz.com)"
216.244.66.233 - - [15/Apr/2025:13:53:45 -0400] "GET /ropinirole-achat-en-ligne-canada/ HTTP/1.1" 404 1251 "-" "Mozilla/5.0 (compatible; DotBot/1.2; +https://opensiteexplorer.org/dotbot; help@moz.com)"
45.66.237.240 - - [15/Apr/2025:13:54:33 -0400] "GET /screw-chart-choosing-the-right-10-screw-diameter/ HTTP/1.1" 404 1251 "-" "Mozilla/5.0 (Macintosh; Intel Mac OS X 12_5) AppleWebKit/537.36 (KHTML, like Gecko) Chrome/114.0.0.0 Safari/537.36 OPR/89.0.4447.51"
111.225.148.203 - - [15/Apr/2025:13:56:26 -0400] "GET /pharmacy-online-how-to-get-stromectol-without-a-prescription/ HTTP/1.1" 404 1251 "-" "Mozilla/5.0 (Linux; Android 5.0) AppleWebKit/537.36 (KHTML, like Gecko) Mobile Safari/537.36 (compatible; Bytespider; https://zhanzhang.toutiao.com/)"
110.249.202.157 - - [15/Apr/2025:13:56:53 -0400] "GET /internationale-pharmacie-tadalis-vente-en-ligne/ HTTP/1.1" 404 1251 "-" "Mozilla/5.0 (Linux; Android 5.0) AppleWebKit/537.36 (KHTML, like Gecko) Mobile Safari/537.36 (compatible; Bytespider; https://zhanzhang.toutiao.com/)"
111.225.148.67 - - [15/Apr/2025:13:57:21 -0400] "GET /buy-latanoprost-online-reviews-online-no-prescription-pharmacy/ HTTP/1.1" 404 1251 "-" "Mozilla/5.0 (Linux; Android 5.0) AppleWebKit/537.36 (KHTML, like Gecko) Mobile Safari/537.36 (compatible; Bytespider; https://zhanzhang.toutiao.com/)"
111.225.148.30 - - [15/Apr/2025:13:57:38 -0400] "GET /generic-finasteride-overnight/ HTTP/1.1" 404 1251 "-" "Mozilla/5.0 (Linux; Android 5.0) AppleWebKit/537.36 (KHTML, like Gecko) Mobile Safari/537.36 (compatible; Bytespider; https://zhanzhang.toutiao.com/)"
85.208.121.74 - - [15/Apr/2025:14:13:40 -0400] "GET /screw-chart-choosing-the-right-10-screw-diameter/ HTTP/1.1" 404 1251 "-" "Mozilla/5.0 (Macintosh; Intel Mac OS X 12_5) AppleWebKit/537.36 (KHTML, like Gecko) Chrome/114.0.0.0 Safari/537.36 OPR/89.0.4447.51"
216.244.66.233 - - [15/Apr/2025:14:18:13 -0400] "GET /robots.txt HTTP/1.1" 200 23 "-" "Mozilla/5.0 (compatible; DotBot/1.2; +https://opensiteexplorer.org/dotbot; help@moz.com)"
2a11:5780:d878:17ee:8c55:81fa:a0d0:454e - - [15/Apr/2025:14:20:50 -0400] "GET /best-cbd-oil-products-uk/ HTTP/1.1" 404 1251 "http://llcbibleclub.com/best-cbd-oil-products-uk/" "Mozilla/5.0 (Windows NT 10.0; Win64; x64) AppleWebKit/537.36 (KHTML, like Gecko) Chrome/131.0.0.0 Safari/537.36 Avast/131.0.0.0"
2a11:5781:d619:a997:aaa6:52:76bc:e73a - - [15/Apr/2025:14:20:57 -0400] "GET / HTTP/1.1" 200 211213 "http://llcbibleclub.com/" "Mozilla/5.0 (Windows NT 10.0; Win64; x64) AppleWebKit/537.36 (KHTML, like Gecko) Chrome/131.0.0.0 Safari/537.36 Avast/131.0.0.0"
216.244.66.233 - - [15/Apr/2025:14:25:48 -0400] "GET /generic-cytotec-200-mg-buy-drugs-from-canada/ HTTP/1.1" 404 1251 "-" "Mozilla/5.0 (compatible; DotBot/1.2; +https://opensiteexplorer.org/dotbot; help@moz.com)"
216.244.66.233 - - [15/Apr/2025:14:30:08 -0400] "GET /generic-zestril-for-sale-in-canada-online-pharmacy-not-requiring-prescription/ HTTP/1.1" 404 1251 "-" "Mozilla/5.0 (compatible; DotBot/1.2; +https://opensiteexplorer.org/dotbot; help@moz.com)"
216.244.66.233 - - [15/Apr/2025:14:31:53 -0400] "GET /we-accept-bitcoin-cheapest-levitra-order-we-ship-with-ems-fedex-ups-and-other/ HTTP/1.1" 404 1251 "-" "Mozilla/5.0 (compatible; DotBot/1.2; +https://opensiteexplorer.org/dotbot; help@moz.com)"
85.208.98.23 - - [15/Apr/2025:14:32:58 -0400] "GET /robots.txt HTTP/1.1" 304 0 "-" "Mozilla/5.0 (compatible; SemrushBot-BA; +http://www.semrush.com/bot.html)"
5.253.117.131 - - [15/Apr/2025:14:34:46 -0400] "GET /screw-chart-choosing-the-right-10-screw-diameter/ HTTP/1.1" 404 1251 "-" "Mozilla/5.0 (Macintosh; Intel Mac OS X 12_5) AppleWebKit/537.36 (KHTML, like Gecko) Chrome/114.0.0.0 Safari/537.36 OPR/89.0.4447.51"
135.119.136.218 - - [15/Apr/2025:14:37:33 -0400] "HEAD /wordpress HTTP/1.1" 404 0 "-" "Mozilla/5.0 (Windows NT 10.0; Win64; x64) AppleWebKit/537.36 (KHTML, like Gecko) Chrome/74.0.3729.169 Safari/537.36"
135.119.136.218 - - [15/Apr/2025:14:37:38 -0400] "HEAD / HTTP/1.1" 200 0 "-" "Mozilla/5.0 (Windows NT 10.0; Win64; x64) AppleWebKit/537.36 (KHTML, like Gecko) Chrome/74.0.3729.169 Safari/537.36"
135.119.136.218 - - [15/Apr/2025:14:37:41 -0400] "HEAD /wp HTTP/1.1" 404 0 "-" "Mozilla/5.0 (Windows NT 10.0; Win64; x64) AppleWebKit/537.36 (KHTML, like Gecko) Chrome/74.0.3729.169 Safari/537.36"
135.119.136.218 - - [15/Apr/2025:14:37:45 -0400] "HEAD /bc HTTP/1.1" 404 0 "-" "Mozilla/5.0 (Windows NT 10.0; Win64; x64) AppleWebKit/537.36 (KHTML, like Gecko) Chrome/74.0.3729.169 Safari/537.36"
216.244.66.233 - - [15/Apr/2025:14:37:45 -0400] "GET /comment-acheter-tadalafil-pas-cher-achat-cialis-super-active-france/ HTTP/1.1" 404 1251 "-" "Mozilla/5.0 (compatible; DotBot/1.2; +https://opensiteexplorer.org/dotbot; help@moz.com)"
135.119.136.218 - - [15/Apr/2025:14:37:47 -0400] "HEAD /bk HTTP/1.1" 404 0 "-" "Mozilla/5.0 (Windows NT 10.0; Win64; x64) AppleWebKit/537.36 (KHTML, like Gecko) Chrome/74.0.3729.169 Safari/537.36"
135.119.136.218 - - [15/Apr/2025:14:37:50 -0400] "HEAD /backup HTTP/1.1" 404 0 "-" "Mozilla/5.0 (Windows NT 10.0; Win64; x64) AppleWebKit/537.36 (KHTML, like Gecko) Chrome/74.0.3729.169 Safari/537.36"
135.119.136.218 - - [15/Apr/2025:14:37:52 -0400] "HEAD /old HTTP/1.1" 404 0 "-" "Mozilla/5.0 (Windows NT 10.0; Win64; x64) AppleWebKit/537.36 (KHTML, like Gecko) Chrome/74.0.3729.169 Safari/537.36"
135.119.136.218 - - [15/Apr/2025:14:37:54 -0400] "HEAD /new HTTP/1.1" 404 0 "-" "Mozilla/5.0 (Windows NT 10.0; Win64; x64) AppleWebKit/537.36 (KHTML, like Gecko) Chrome/74.0.3729.169 Safari/537.36"
135.119.136.218 - - [15/Apr/2025:14:37:58 -0400] "HEAD /main HTTP/1.1" 404 0 "-" "Mozilla/5.0 (Windows NT 10.0; Win64; x64) AppleWebKit/537.36 (KHTML, like Gecko) Chrome/74.0.3729.169 Safari/537.36"
135.119.136.218 - - [15/Apr/2025:14:38:00 -0400] "HEAD /home HTTP/1.1" 404 0 "-" "Mozilla/5.0 (Windows NT 10.0; Win64; x64) AppleWebKit/537.36 (KHTML, like Gecko) Chrome/74.0.3729.169 Safari/537.36"
34.236.135.14 - - [15/Apr/2025:14:40:42 -0400] "GET /dp/B076JKHDQT?ref=MarsFS_VICC_Ring%20Rechargeable%20Battery%20Pack HTTP/1.1" 404 1251 "-" "Mozilla/5.0 AppleWebKit/537.36 (KHTML, like Gecko; compatible; Amazonbot/0.1; +https://developer.amazon.com/support/amazonbot) Chrome/119.0.6045.214 Safari/537.36"
2a12:8105:6d72:4c22:2034:bd0:565c:9eb3 - - [15/Apr/2025:14:43:00 -0400] "GET /best-cbd-oil-products-uk/ HTTP/1.1" 404 1251 "http://llcbibleclub.com/best-cbd-oil-products-uk/" "Mozilla/5.0 (Windows NT 10.0; Win64; x64) AppleWebKit/537.36 (KHTML, like Gecko) Chrome/131.0.0.0 Safari/537.36 Avast/131.0.0.0"
216.244.66.233 - - [15/Apr/2025:14:43:01 -0400] "GET /avis-strattera-generique-sans-ordonnance-llcbibleclub-com/ HTTP/1.1" 404 1251 "-" "Mozilla/5.0 (compatible; DotBot/1.2; +https://opensiteexplorer.org/dotbot; help@moz.com)"
2a12:8105:6d72:4c22:2034:bd0:565c:9eb3 - - [15/Apr/2025:14:43:06 -0400] "GET / HTTP/1.1" 200 211213 "http://llcbibleclub.com/" "Mozilla/5.0 (Windows NT 10.0; Win64; x64) AppleWebKit/537.36 (KHTML, like Gecko) Chrome/131.0.0.0 Safari/537.36 Avast/131.0.0.0"
216.244.66.233 - - [15/Apr/2025:14:43:20 -0400] "GET /where-to-order-sinequan-brand-cheap-best-deal-on-generics/ HTTP/1.1" 404 1251 "-" "Mozilla/5.0 (compatible; DotBot/1.2; +https://opensiteexplorer.org/dotbot; help@moz.com)"
85.208.121.74 - - [15/Apr/2025:14:53:23 -0400] "GET /screw-chart-choosing-the-right-10-screw-diameter/ HTTP/1.1" 404 1251 "-" "Mozilla/5.0 (Macintosh; Intel Mac OS X 12_5) AppleWebKit/537.36 (KHTML, like Gecko) Chrome/114.0.0.0 Safari/537.36 OPR/89.0.4447.51"
216.244.66.233 - - [15/Apr/2025:15:02:43 -0400] "GET /robots.txt HTTP/1.1" 304 0 "-" "Mozilla/5.0 (compatible; DotBot/1.2; +https://opensiteexplorer.org/dotbot; help@moz.com)"
2a12:8105:dd81:a738:d4a1:ab16:6138:4939 - - [15/Apr/2025:15:03:28 -0400] "GET /best-cbd-oil-products-uk/ HTTP/1.1" 404 1251 "http://llcbibleclub.com/best-cbd-oil-products-uk/" "Mozilla/5.0 (Windows NT 10.0; Win64; x64) AppleWebKit/537.36 (KHTML, like Gecko) Chrome/130.0.0.0 Safari/537.36 CCleaner/130.0.0.0"
2a12:ccc6:4787:c7f7:a6c:26ad:37a9:1f18 - - [15/Apr/2025:15:03:31 -0400] "GET / HTTP/1.1" 200 211213 "http://llcbibleclub.com/" "Mozilla/5.0 (Windows NT 10.0; Win64; x64) AppleWebKit/537.36 (KHTML, like Gecko) Chrome/130.0.0.0 Safari/537.36 CCleaner/130.0.0.0"
54.163.169.168 - - [15/Apr/2025:15:05:08 -0400] "GET /dp/B091G668JP?ref=MarsFS_eero_en HTTP/1.1" 404 1251 "-" "Mozilla/5.0 AppleWebKit/537.36 (KHTML, like Gecko; compatible; Amazonbot/0.1; +https://developer.amazon.com/support/amazonbot) Chrome/119.0.6045.214 Safari/537.36"
3.232.82.72 - - [15/Apr/2025:15:05:12 -0400] "GET /product-reviews/B0DG4WZZPV/ref=acr_dp_hist_3?filterByStar=three_star&ie=UTF8&reviewerType=all_reviews HTTP/1.1" 404 1251 "-" "Mozilla/5.0 AppleWebKit/537.36 (KHTML, like Gecko; compatible; Amazonbot/0.1; +https://developer.amazon.com/support/amazonbot) Chrome/119.0.6045.214 Safari/537.36"
216.244.66.233 - - [15/Apr/2025:15:13:35 -0400] "GET /ge-store-de-tareas-online-dating/ HTTP/1.1" 404 1251 "-" "Mozilla/5.0 (compatible; DotBot/1.2; +https://opensiteexplorer.org/dotbot; help@moz.com)"
216.244.66.233 - - [15/Apr/2025:15:13:52 -0400] "GET /how-much-is-generic-vibramycin-brand-vibramycin/ HTTP/1.1" 404 1251 "-" "Mozilla/5.0 (compatible; DotBot/1.2; +https://opensiteexplorer.org/dotbot; help@moz.com)"
216.244.66.233 - - [15/Apr/2025:15:15:25 -0400] "GET /topiramate-france-acheter-acheter-topiramate-meilleur-prix/ HTTP/1.1" 404 1251 "-" "Mozilla/5.0 (compatible; DotBot/1.2; +https://opensiteexplorer.org/dotbot; help@moz.com)"
45.66.237.24 - - [15/Apr/2025:15:21:40 -0400] "GET /screw-chart-choosing-the-right-10-screw-diameter/ HTTP/1.1" 404 1251 "-" "Mozilla/5.0 (Macintosh; Intel Mac OS X 12_5) AppleWebKit/537.36 (KHTML, like Gecko) Chrome/114.0.0.0 Safari/537.36 OPR/89.0.4447.51"
2a12:ccc6:6f78:2368:fe3:95c8:f385:fbeb - - [15/Apr/2025:15:23:23 -0400] "GET /best-cbd-oil-products-uk/ HTTP/1.1" 404 1251 "http://llcbibleclub.com/best-cbd-oil-products-uk/" "Mozilla/5.0 (Windows NT 10.0; Win64; x64) AppleWebKit/537.36 (KHTML, like Gecko) Chrome/130.0.0.0 Safari/537.36"
2a11:5782:71eb:19cb:499d:5dfa:581a:4794 - - [15/Apr/2025:15:23:25 -0400] "GET / HTTP/1.1" 200 211213 "http://llcbibleclub.com/" "Mozilla/5.0 (Windows NT 10.0; Win64; x64) AppleWebKit/537.36 (KHTML, like Gecko) Chrome/130.0.0.0 Safari/537.36"
216.244.66.233 - - [15/Apr/2025:15:25:22 -0400] "GET /marque-acyclovir-acheter-commander-zovirax-pilule-en-ligne/ HTTP/1.1" 404 1251 "-" "Mozilla/5.0 (compatible; DotBot/1.2; +https://opensiteexplorer.org/dotbot; help@moz.com)"
216.244.66.233 - - [15/Apr/2025:15:28:01 -0400] "GET /what-is-otc-drug-establishment-registrationover-the-counter-otc-drugs-are-widely-used-for-treating-common-ailments-without-the-need-for-a-prescription-for-manufacturers-distributors-and-packagers/feed/ HTTP/1.1" 404 1251 "-" "Mozilla/5.0 (compatible; DotBot/1.2; +https://opensiteexplorer.org/dotbot; help@moz.com)"
58.49.233.126 - - [15/Apr/2025:15:30:58 -0400] "GET / HTTP/1.1" 200 211213 "-" "Mozilla/5.0 (iPhone; CPU iPhone OS 13_2_3 like Mac OS X) AppleWebKit/605.1.15 (KHTML, like Gecko) Version/13.0.3 Mobile/15E148 Safari/604.1"
85.208.121.192 - - [15/Apr/2025:15:40:40 -0400] "GET /screw-chart-choosing-the-right-10-screw-diameter/ HTTP/1.1" 404 1251 "-" "Mozilla/5.0 (Macintosh; Intel Mac OS X 12_5) AppleWebKit/537.36 (KHTML, like Gecko) Chrome/114.0.0.0 Safari/537.36 OPR/89.0.4447.51"
2a12:5a07:ce3e:cd97:f292:793b:8045:9e1a - - [15/Apr/2025:15:43:52 -0400] "GET /best-cbd-oil-products-uk/ HTTP/1.1" 404 1251 "http://llcbibleclub.com/best-cbd-oil-products-uk/" "Mozilla/5.0 (Windows NT 10.0; Win64; x64) AppleWebKit/537.36 (KHTML, like Gecko) Chrome/130.0.0.0 Safari/537.36"
2a12:5a07:ce3e:cd97:f292:793b:8045:9e1a - - [15/Apr/2025:15:43:54 -0400] "GET / HTTP/1.1" 200 211213 "http://llcbibleclub.com/" "Mozilla/5.0 (Windows NT 10.0; Win64; x64) AppleWebKit/537.36 (KHTML, like Gecko) Chrome/130.0.0.0 Safari/537.36"
216.244.66.233 - - [15/Apr/2025:15:48:21 -0400] "GET /robots.txt HTTP/1.1" 304 0 "-" "Mozilla/5.0 (compatible; DotBot/1.2; +https://opensiteexplorer.org/dotbot; help@moz.com)"
216.244.66.233 - - [15/Apr/2025:15:54:46 -0400] "GET /best-site-to-buy-cefuroxime-online-llcbibleclub-com/ HTTP/1.1" 404 1251 "-" "Mozilla/5.0 (compatible; DotBot/1.2; +https://opensiteexplorer.org/dotbot; help@moz.com)"
216.244.66.233 - - [15/Apr/2025:15:56:27 -0400] "GET /generic-tegretol-purchase/ HTTP/1.1" 404 1251 "-" "Mozilla/5.0 (compatible; DotBot/1.2; +https://opensiteexplorer.org/dotbot; help@moz.com)"
216.244.66.233 - - [15/Apr/2025:15:58:09 -0400] "GET /order-inderal-brand-pills-inderal-discount-price/ HTTP/1.1" 404 1251 "-" "Mozilla/5.0 (compatible; DotBot/1.2; +https://opensiteexplorer.org/dotbot; help@moz.com)"
94.46.247.139 - - [15/Apr/2025:15:59:17 -0400] "GET /screw-chart-choosing-the-right-10-screw-diameter/ HTTP/1.1" 404 1251 "-" "Mozilla/5.0 (Macintosh; Intel Mac OS X 12_5) AppleWebKit/537.36 (KHTML, like Gecko) Chrome/114.0.0.0 Safari/537.36 OPR/89.0.4447.51"
20.14.155.160 - - [15/Apr/2025:15:59:43 -0400] "HEAD /wordpress HTTP/1.1" 404 0 "-" "Mozilla/5.0 (Windows NT 10.0; Win64; x64) AppleWebKit/537.36 (KHTML, like Gecko) Chrome/74.0.3729.169 Safari/537.36"
20.14.155.160 - - [15/Apr/2025:15:59:44 -0400] "HEAD / HTTP/1.1" 200 0 "-" "Mozilla/5.0 (Windows NT 10.0; Win64; x64) AppleWebKit/537.36 (KHTML, like Gecko) Chrome/74.0.3729.169 Safari/537.36"
20.14.155.160 - - [15/Apr/2025:15:59:45 -0400] "HEAD /wp HTTP/1.1" 404 0 "-" "Mozilla/5.0 (Windows NT 10.0; Win64; x64) AppleWebKit/537.36 (KHTML, like Gecko) Chrome/74.0.3729.169 Safari/537.36"
20.14.155.160 - - [15/Apr/2025:15:59:46 -0400] "HEAD /bc HTTP/1.1" 404 0 "-" "Mozilla/5.0 (Windows NT 10.0; Win64; x64) AppleWebKit/537.36 (KHTML, like Gecko) Chrome/74.0.3729.169 Safari/537.36"
20.14.155.160 - - [15/Apr/2025:15:59:47 -0400] "HEAD /bk HTTP/1.1" 404 0 "-" "Mozilla/5.0 (Windows NT 10.0; Win64; x64) AppleWebKit/537.36 (KHTML, like Gecko) Chrome/74.0.3729.169 Safari/537.36"
20.14.155.160 - - [15/Apr/2025:15:59:48 -0400] "HEAD /backup HTTP/1.1" 404 0 "-" "Mozilla/5.0 (Windows NT 10.0; Win64; x64) AppleWebKit/537.36 (KHTML, like Gecko) Chrome/74.0.3729.169 Safari/537.36"
20.14.155.160 - - [15/Apr/2025:15:59:50 -0400] "HEAD /old HTTP/1.1" 404 0 "-" "Mozilla/5.0 (Windows NT 10.0; Win64; x64) AppleWebKit/537.36 (KHTML, like Gecko) Chrome/74.0.3729.169 Safari/537.36"
20.14.155.160 - - [15/Apr/2025:15:59:52 -0400] "HEAD /new HTTP/1.1" 404 0 "-" "Mozilla/5.0 (Windows NT 10.0; Win64; x64) AppleWebKit/537.36 (KHTML, like Gecko) Chrome/74.0.3729.169 Safari/537.36"
20.14.155.160 - - [15/Apr/2025:15:59:53 -0400] "HEAD /main HTTP/1.1" 404 0 "-" "Mozilla/5.0 (Windows NT 10.0; Win64; x64) AppleWebKit/537.36 (KHTML, like Gecko) Chrome/74.0.3729.169 Safari/537.36"
20.14.155.160 - - [15/Apr/2025:15:59:54 -0400] "HEAD /home HTTP/1.1" 404 0 "-" "Mozilla/5.0 (Windows NT 10.0; Win64; x64) AppleWebKit/537.36 (KHTML, like Gecko) Chrome/74.0.3729.169 Safari/537.36"
216.244.66.233 - - [15/Apr/2025:16:00:12 -0400] "GET /discount-lasix-100-mg-online-mail-order-lasix/ HTTP/1.1" 404 1251 "-" "Mozilla/5.0 (compatible; DotBot/1.2; +https://opensiteexplorer.org/dotbot; help@moz.com)"
2001:41d0:303:4ee1::1 - - [15/Apr/2025:16:00:46 -0400] "GET /foreign-online-pharmacy-allopurinol-tablets-prices-reliable-fast-and-secure/ HTTP/1.1" 404 1251 "-" "Mozilla/5.0 (compatible; MJ12bot/v1.4.8; http://mj12bot.com/)"
2a12:d3c5:4cce:f1fa:939b:d328:af72:32e2 - - [15/Apr/2025:16:05:35 -0400] "GET /best-cbd-oil-products-uk/ HTTP/1.1" 404 1251 "http://llcbibleclub.com/best-cbd-oil-products-uk/" "Mozilla/5.0 (Windows NT 10.0; Win64; x64) AppleWebKit/537.36 (KHTML, like Gecko) Chrome/131.0.0.0 Safari/537.36"
2a12:d3c5:4cce:f1fa:939b:d328:af72:32e2 - - [15/Apr/2025:16:05:43 -0400] "GET / HTTP/1.1" 200 211213 "http://llcbibleclub.com/" "Mozilla/5.0 (Windows NT 10.0; Win64; x64) AppleWebKit/537.36 (KHTML, like Gecko) Chrome/131.0.0.0 Safari/537.36"
13.90.215.200 - - [15/Apr/2025:16:07:37 -0400] "GET /autoload_classmap.php HTTP/1.1" 404 1251 "-" "-"
13.90.215.200 - - [15/Apr/2025:16:07:41 -0400] "GET /post.php HTTP/1.1" 404 1251 "-" "-"
13.90.215.200 - - [15/Apr/2025:16:07:47 -0400] "GET /1.php HTTP/1.1" 404 1251 "-" "-"
13.90.215.200 - - [15/Apr/2025:16:07:51 -0400] "GET /flower.php HTTP/1.1" 404 1251 "-" "-"
13.90.215.200 - - [15/Apr/2025:16:07:57 -0400] "GET /admin.php HTTP/1.1" 404 1251 "-" "-"
13.90.215.200 - - [15/Apr/2025:16:08:02 -0400] "GET /file.php HTTP/1.1" 404 1251 "-" "-"
13.90.215.200 - - [15/Apr/2025:16:08:06 -0400] "GET /meta.php HTTP/1.1" 404 1251 "-" "-"
13.90.215.200 - - [15/Apr/2025:16:08:12 -0400] "GET /index.php HTTP/1.1" 404 1251 "-" "-"
13.90.215.200 - - [15/Apr/2025:16:08:18 -0400] "GET /about.php HTTP/1.1" 404 1251 "-" "-"
13.90.215.200 - - [15/Apr/2025:16:08:24 -0400] "GET /randkeyword.php HTTP/1.1" 404 1251 "-" "-"
13.90.215.200 - - [15/Apr/2025:16:08:29 -0400] "GET /goods.php HTTP/1.1" 404 1251 "-" "-"
13.90.215.200 - - [15/Apr/2025:16:08:34 -0400] "GET /hehe.php HTTP/1.1" 404 1251 "-" "-"
13.90.215.200 - - [15/Apr/2025:16:08:41 -0400] "GET /yindu.php HTTP/1.1" 404 1251 "-" "-"
13.90.215.200 - - [15/Apr/2025:16:08:47 -0400] "GET /wp-admin/class-db.php HTTP/1.1" 404 1251 "-" "-"
13.90.215.200 - - [15/Apr/2025:16:08:55 -0400] "GET /baxa1.phP8 HTTP/1.1" 404 1251 "-" "-"
13.90.215.200 - - [15/Apr/2025:16:08:59 -0400] "GET /baxa1.php HTTP/1.1" 404 1251 "-" "-"
85.208.98.23 - - [15/Apr/2025:16:09:01 -0400] "GET /robots.txt HTTP/1.1" 304 0 "-" "Mozilla/5.0 (compatible; SemrushBot-BA; +http://www.semrush.com/bot.html)"
13.90.215.200 - - [15/Apr/2025:16:09:03 -0400] "GET /.well-known//index.php HTTP/1.1" 404 1251 "-" "-"
13.90.215.200 - - [15/Apr/2025:16:09:08 -0400] "GET /libraries/phpmailer//index.php HTTP/1.1" 404 1251 "-" "-"
13.90.215.200 - - [15/Apr/2025:16:09:12 -0400] "GET /wp-admin/autoload_classmap.php HTTP/1.1" 404 1251 "-" "-"
13.90.215.200 - - [15/Apr/2025:16:09:16 -0400] "GET /wp-admin/css/colors/blue//1.php HTTP/1.1" 404 1251 "-" "-"
13.90.215.200 - - [15/Apr/2025:16:09:22 -0400] "GET /wp-content/plugins//about.php HTTP/1.1" 404 1251 "-" "-"
13.90.215.200 - - [15/Apr/2025:16:09:26 -0400] "GET /wp-content/plugins//index.php HTTP/1.1" 404 1251 "-" "-"
13.90.215.200 - - [15/Apr/2025:16:09:31 -0400] "GET /wp-content/plugins/about.php HTTP/1.1" 404 1251 "-" "-"
13.90.215.200 - - [15/Apr/2025:16:09:36 -0400] "GET /wp-content/uploads/BbUMY/flower.php HTTP/1.1" 404 1251 "-" "-"
13.90.215.200 - - [15/Apr/2025:16:09:37 -0400] "GET /wp-includes/ID3//file.php HTTP/1.1" 404 1251 "-" "-"
13.90.215.200 - - [15/Apr/2025:16:09:39 -0400] "GET /wp-includes/Text/Diff/Engine//about.php HTTP/1.1" 404 1251 "-" "-"
13.90.215.200 - - [15/Apr/2025:16:09:42 -0400] "GET /wp-includes/Text/Diff/Engine//index.php HTTP/1.1" 404 1251 "-" "-"
13.90.215.200 - - [15/Apr/2025:16:09:45 -0400] "GET /wp-includes/css//index.php HTTP/1.1" 404 1251 "-" "-"
13.90.215.200 - - [15/Apr/2025:16:09:46 -0400] "GET /wp-includes/css//xc.php HTTP/1.1" 404 1251 "-" "-"
13.90.215.200 - - [15/Apr/2025:16:09:47 -0400] "GET /wp-includes/images//about.php HTTP/1.1" 404 1251 "-" "-"
13.90.215.200 - - [15/Apr/2025:16:09:48 -0400] "GET /wp-includes/images/crystal//index.php HTTP/1.1" 404 1251 "-" "-"
13.90.215.200 - - [15/Apr/2025:16:09:50 -0400] "GET /wp//index.php HTTP/1.1" 404 1251 "-" "-"
13.90.215.200 - - [15/Apr/2025:16:09:50 -0400] "GET /user.php HTTP/1.1" 404 1251 "-" "-"
13.90.215.200 - - [15/Apr/2025:16:09:51 -0400] "GET /wp-2019.php HTTP/1.1" 404 1251 "-" "-"
13.90.215.200 - - [15/Apr/2025:16:09:52 -0400] "GET /chosen.php HTTP/1.1" 404 1251 "-" "-"
13.90.215.200 - - [15/Apr/2025:16:09:54 -0400] "GET /functions.php HTTP/1.1" 404 1251 "-" "-"
13.90.215.200 - - [15/Apr/2025:16:09:55 -0400] "GET /cron.php HTTP/1.1" 404 1251 "-" "-"
13.90.215.200 - - [15/Apr/2025:16:09:56 -0400] "GET /edit.php HTTP/1.1" 404 1251 "-" "-"
13.90.215.200 - - [15/Apr/2025:16:10:00 -0400] "GET /gecko-new.php HTTP/1.1" 404 1251 "-" "-"
13.90.215.200 - - [15/Apr/2025:16:10:02 -0400] "GET /cookie.php HTTP/1.1" 404 1251 "-" "-"
13.90.215.200 - - [15/Apr/2025:16:10:06 -0400] "GET /xleet.php HTTP/1.1" 404 1251 "-" "-"
13.90.215.200 - - [15/Apr/2025:16:10:16 -0400] "GET /spip.php HTTP/1.1" 404 1251 "-" "-"
13.90.215.200 - - [15/Apr/2025:16:10:22 -0400] "GET /22.php HTTP/1.1" 404 1251 "-" "-"
13.90.215.200 - - [15/Apr/2025:16:10:27 -0400] "GET /room.php HTTP/1.1" 404 1251 "-" "-"
13.90.215.200 - - [15/Apr/2025:16:10:31 -0400] "GET /disagreed.php HTTP/1.1" 404 1251 "-" "-"
13.90.215.200 - - [15/Apr/2025:16:10:33 -0400] "GET /text.php HTTP/1.1" 404 1251 "-" "-"
13.90.215.200 - - [15/Apr/2025:16:10:37 -0400] "GET /alfa-rex.php HTTP/1.1" 404 1251 "-" "-"
13.90.215.200 - - [15/Apr/2025:16:10:39 -0400] "GET /alfa-rex.php7 HTTP/1.1" 404 1251 "-" "-"
13.90.215.200 - - [15/Apr/2025:16:10:43 -0400] "GET /feeds.php HTTP/1.1" 404 1251 "-" "-"
13.90.215.200 - - [15/Apr/2025:16:10:45 -0400] "GET /radio.php HTTP/1.1" 404 1251 "-" "-"
13.90.215.200 - - [15/Apr/2025:16:10:48 -0400] "GET /dropdown.php HTTP/1.1" 404 1251 "-" "-"
13.90.215.200 - - [15/Apr/2025:16:10:50 -0400] "GET /defaults.php HTTP/1.1" 404 1251 "-" "-"
13.90.215.200 - - [15/Apr/2025:16:10:52 -0400] "GET /system.php HTTP/1.1" 404 1251 "-" "-"
198.54.114.83 - - [15/Apr/2025:16:11:01 -0400] "POST /wp-cron.php?doing_wp_cron=1744747859.7087910175323486328125 HTTP/1.1" 200 0 "-" "WordPress/6.7.2; https://llcbibleclub.com"
13.90.215.200 - - [15/Apr/2025:16:10:54 -0400] "GET /xmlrpc.php HTTP/1.1" 405 60 "-" "-"
13.90.215.200 - - [15/Apr/2025:16:11:02 -0400] "GET /xmlrpc.php0 HTTP/1.1" 404 1251 "-" "-"
13.90.215.200 - - [15/Apr/2025:16:11:04 -0400] "GET /colors.php HTTP/1.1" 404 1251 "-" "-"
13.90.215.200 - - [15/Apr/2025:16:11:06 -0400] "GET /updates.php HTTP/1.1" 404 1251 "-" "-"
13.90.215.200 - - [15/Apr/2025:16:11:07 -0400] "GET /alfa-rex1.php HTTP/1.1" 404 1251 "-" "-"
13.90.215.200 - - [15/Apr/2025:16:11:09 -0400] "GET /wp-index.php HTTP/1.1" 404 1251 "-" "-"
13.90.215.200 - - [15/Apr/2025:16:11:11 -0400] "GET /wp-admin.php HTTP/1.1" 404 1251 "-" "-"
13.90.215.200 - - [15/Apr/2025:16:11:13 -0400] "GET /alfa.php HTTP/1.1" 404 1251 "-" "-"
13.90.215.200 - - [15/Apr/2025:16:11:15 -0400] "GET /alfanew.php7 HTTP/1.1" 404 1251 "-" "-"
13.90.215.200 - - [15/Apr/2025:16:11:16 -0400] "GET /locale.php HTTP/1.1" 404 1251 "-" "-"
13.90.215.200 - - [15/Apr/2025:16:11:17 -0400] "GET /wxo.php HTTP/1.1" 404 1251 "-" "-"
13.90.215.200 - - [15/Apr/2025:16:11:20 -0400] "GET /colour.php HTTP/1.1" 404 1251 "-" "-"
13.90.215.200 - - [15/Apr/2025:16:11:23 -0400] "GET /files.php HTTP/1.1" 404 1251 "-" "-"
13.90.215.200 - - [15/Apr/2025:16:11:25 -0400] "GET /install.php HTTP/1.1" 404 1251 "-" "-"
13.90.215.200 - - [15/Apr/2025:16:11:27 -0400] "GET /wp-contentt.php HTTP/1.1" 404 1251 "-" "-"
13.90.215.200 - - [15/Apr/2025:16:11:28 -0400] "GET /config.php7 HTTP/1.1" 404 1251 "-" "-"
13.90.215.200 - - [15/Apr/2025:16:11:30 -0400] "GET /config.php HTTP/1.1" 404 1251 "-" "-"
13.90.215.200 - - [15/Apr/2025:16:11:31 -0400] "GET /theme.php HTTP/1.1" 404 1251 "-" "-"
13.90.215.200 - - [15/Apr/2025:16:11:32 -0400] "GET /block-bindings.php HTTP/1.1" 404 1251 "-" "-"
13.90.215.200 - - [15/Apr/2025:16:11:32 -0400] "GET /class_api.php HTTP/1.1" 404 1251 "-" "-"
13.90.215.200 - - [15/Apr/2025:16:11:33 -0400] "GET /inputs.php HTTP/1.1" 404 1251 "-" "-"
13.90.215.200 - - [15/Apr/2025:16:11:33 -0400] "GET /root.php HTTP/1.1" 404 1251 "-" "-"
13.90.215.200 - - [15/Apr/2025:16:11:34 -0400] "GET /menu.php HTTP/1.1" 404 1251 "-" "-"
13.90.215.200 - - [15/Apr/2025:16:11:35 -0400] "GET /plugin.php HTTP/1.1" 404 1251 "-" "-"
13.90.215.200 - - [15/Apr/2025:16:11:36 -0400] "GET /cloud.php HTTP/1.1" 404 1251 "-" "-"
13.90.215.200 - - [15/Apr/2025:16:11:38 -0400] "GET /configs.php HTTP/1.1" 404 1251 "-" "-"
13.90.215.200 - - [15/Apr/2025:16:11:39 -0400] "GET /wp-configs.php HTTP/1.1" 404 1251 "-" "-"
13.90.215.200 - - [15/Apr/2025:16:11:41 -0400] "GET /update.php HTTP/1.1" 404 1251 "-" "-"
13.90.215.200 - - [15/Apr/2025:16:11:43 -0400] "GET /2.php HTTP/1.1" 404 1251 "-" "-"
13.90.215.200 - - [15/Apr/2025:16:11:45 -0400] "GET /input.php HTTP/1.1" 404 1251 "-" "-"
13.90.215.200 - - [15/Apr/2025:16:11:46 -0400] "GET /aaa.php HTTP/1.1" 404 1251 "-" "-"
216.244.66.233 - - [15/Apr/2025:16:13:35 -0400] "GET /innovative-beleuchtung-moderne-hangelampen-2/feed/ HTTP/1.1" 404 1251 "-" "Mozilla/5.0 (compatible; DotBot/1.2; +https://opensiteexplorer.org/dotbot; help@moz.com)"
216.244.66.233 - - [15/Apr/2025:16:13:46 -0400] "GET /lamisil-pill-cost-flexible-payment-options-no-prescription-u-s-pharmacy/ HTTP/1.1" 404 1251 "-" "Mozilla/5.0 (compatible; DotBot/1.2; +https://opensiteexplorer.org/dotbot; help@moz.com)"
216.244.66.233 - - [15/Apr/2025:16:13:55 -0400] "GET /sildenafil-citrate-by-mail-online-medication-order/ HTTP/1.1" 404 1251 "-" "Mozilla/5.0 (compatible; DotBot/1.2; +https://opensiteexplorer.org/dotbot; help@moz.com)"
5.253.117.131 - - [15/Apr/2025:16:24:16 -0400] "GET /screw-chart-choosing-the-right-10-screw-diameter/ HTTP/1.1" 404 1251 "-" "Mozilla/5.0 (Macintosh; Intel Mac OS X 12_5) AppleWebKit/537.36 (KHTML, like Gecko) Chrome/114.0.0.0 Safari/537.36 OPR/89.0.4447.51"
52.7.13.143 - - [15/Apr/2025:16:24:57 -0400] "GET /robots.txt HTTP/1.1" 200 23 "-" "Mozilla/5.0 AppleWebKit/537.36 (KHTML, like Gecko; compatible; Amazonbot/0.1; +https://developer.amazon.com/support/amazonbot) Chrome/119.0.6045.214 Safari/537.36"
3.212.219.113 - - [15/Apr/2025:16:24:59 -0400] "GET /gp/customer-reviews/R2DVCU4L2UJJBX/ref=cm_cr_dp_d_rvw_ttl?ASIN=B0DG4WZZPV&ie=UTF8 HTTP/1.1" 404 1251 "-" "Mozilla/5.0 AppleWebKit/537.36 (KHTML, like Gecko; compatible; Amazonbot/0.1; +https://developer.amazon.com/support/amazonbot) Chrome/119.0.6045.214 Safari/537.36"
2a11:5784:a1ab:2130:9a40:40b6:4738:86f5 - - [15/Apr/2025:16:26:28 -0400] "GET /best-cbd-oil-products-uk/ HTTP/1.1" 404 1251 "http://llcbibleclub.com/best-cbd-oil-products-uk/" "Mozilla/5.0 (Windows NT 10.0; Win64; x64) AppleWebKit/537.36 (KHTML, like Gecko) Chrome/130.0.0.0 Safari/537.36 CCleaner/130.0.0.0"
2a11:5784:108f:7a7a:a6de:4e3c:9578:5d42 - - [15/Apr/2025:16:26:28 -0400] "GET / HTTP/1.1" 200 211213 "http://llcbibleclub.com/" "Mozilla/5.0 (Windows NT 10.0; Win64; x64) AppleWebKit/537.36 (KHTML, like Gecko) Chrome/130.0.0.0 Safari/537.36 CCleaner/130.0.0.0"
216.244.66.233 - - [15/Apr/2025:16:33:00 -0400] "GET /robots.txt HTTP/1.1" 304 0 "-" "Mozilla/5.0 (compatible; DotBot/1.2; +https://opensiteexplorer.org/dotbot; help@moz.com)"
5.253.161.143 - - [15/Apr/2025:16:40:50 -0400] "GET /screw-chart-choosing-the-right-10-screw-diameter/ HTTP/1.1" 404 1251 "-" "Mozilla/5.0 (X11; Linux i686) AppleWebKit/537.36 (KHTML, like Gecko) Chrome/114.0.0.0 Safari/537.36 Vivaldi/5.3.2679.68"
5.253.161.143 - - [15/Apr/2025:16:40:55 -0400] "GET / HTTP/1.1" 200 211213 "-" "Mozilla/5.0 (X11; Linux i686) AppleWebKit/537.36 (KHTML, like Gecko) Chrome/114.0.0.0 Safari/537.36 Vivaldi/5.3.2679.68"
5.253.161.143 - - [15/Apr/2025:16:41:04 -0400] "GET /s/ref=nb_sb_noss?url=search-alias%3Dhome-improvement&field-keywords= HTTP/1.1" 404 1251 "http://llcbibleclub.com" "Mozilla/5.0 (X11; Linux i686) AppleWebKit/537.36 (KHTML, like Gecko) Chrome/114.0.0.0 Safari/537.36 Vivaldi/5.3.2679.68"
5.253.161.143 - - [15/Apr/2025:16:41:06 -0400] "GET /s/ref=nb_sb_noss?url=search-alias%3Dhome-improvement&field-keywords= HTTP/1.1" 404 1251 "http://llcbibleclub.com" "Mozilla/5.0 (X11; Linux i686) AppleWebKit/537.36 (KHTML, like Gecko) Chrome/114.0.0.0 Safari/537.36 Vivaldi/5.3.2679.68"
5.253.161.143 - - [15/Apr/2025:16:41:08 -0400] "GET /s/ref=nb_sb_noss?url=search-alias%3Dhome-improvement&field-keywords= HTTP/1.1" 404 1251 "http://llcbibleclub.com" "Mozilla/5.0 (X11; Linux i686) AppleWebKit/537.36 (KHTML, like Gecko) Chrome/114.0.0.0 Safari/537.36 Vivaldi/5.3.2679.68"
5.253.161.143 - - [15/Apr/2025:16:41:10 -0400] "GET /s/ref=nb_sb_noss?url=search-alias%3Dhome-improvement&field-keywords= HTTP/1.1" 404 1251 "http://llcbibleclub.com" "Mozilla/5.0 (X11; Linux i686) AppleWebKit/537.36 (KHTML, like Gecko) Chrome/114.0.0.0 Safari/537.36 Vivaldi/5.3.2679.68"
5.253.161.143 - - [15/Apr/2025:16:41:12 -0400] "GET /screw-chart-choosing-the-right-10-screw-diameter/ HTTP/1.1" 404 1251 "-" "Mozilla/5.0 (X11; Linux i686) AppleWebKit/537.36 (KHTML, like Gecko) Chrome/114.0.0.0 Safari/537.36 Vivaldi/5.3.2679.68"
216.244.66.233 - - [15/Apr/2025:16:41:35 -0400] "GET /bhagavathi-temple-in-bangalore-dating/ HTTP/1.1" 404 1251 "-" "Mozilla/5.0 (compatible; DotBot/1.2; +https://opensiteexplorer.org/dotbot; help@moz.com)"
216.244.66.233 - - [15/Apr/2025:16:43:45 -0400] "GET /internationale-pharmacie-tadalis-vente-en-ligne/ HTTP/1.1" 404 1251 "-" "Mozilla/5.0 (compatible; DotBot/1.2; +https://opensiteexplorer.org/dotbot; help@moz.com)"
216.244.66.233 - - [15/Apr/2025:16:43:51 -0400] "GET /viagra-soft-pharmacie-paris/ HTTP/1.1" 404 1251 "-" "Mozilla/5.0 (compatible; DotBot/1.2; +https://opensiteexplorer.org/dotbot; help@moz.com)"
216.244.66.233 - - [15/Apr/2025:16:44:06 -0400] "GET /best-deal-on-generic-drugs-online-synthroid-pills-fast-order-delivery/ HTTP/1.1" 404 1251 "-" "Mozilla/5.0 (compatible; DotBot/1.2; +https://opensiteexplorer.org/dotbot; help@moz.com)"
216.244.66.233 - - [15/Apr/2025:16:44:26 -0400] "GET /les-meilleurs-medicaments-de-qualite-medicament-cytotec-pour-bander-en-pharmacie-livraison-rapide-worldwide/ HTTP/1.1" 404 1251 "-" "Mozilla/5.0 (compatible; DotBot/1.2; +https://opensiteexplorer.org/dotbot; help@moz.com)"
5.253.161.143 - - [15/Apr/2025:16:44:34 -0400] "GET /screw-chart-choosing-the-right-10-screw-diameter/ HTTP/1.1" 404 1251 "-" "Mozilla/5.0 (Macintosh; Intel Mac OS X 12_5) AppleWebKit/537.36 (KHTML, like Gecko) Chrome/114.0.0.0 Safari/537.36 OPR/89.0.4447.51"
2a12:8105:59fb:e2f3:eef7:2c4d:d4c:5d1d - - [15/Apr/2025:16:46:28 -0400] "GET /best-cbd-oil-products-uk/ HTTP/1.1" 404 1251 "http://llcbibleclub.com/best-cbd-oil-products-uk/" "Mozilla/5.0 (Windows NT 10.0; Win64; x64) AppleWebKit/537.36 (KHTML, like Gecko) Chrome/129.0.0.0 Safari/537.36"
2a11:5786:370e:2a6e:2e31:15be:4617:c472 - - [15/Apr/2025:16:46:29 -0400] "GET / HTTP/1.1" 200 210797 "http://llcbibleclub.com/" "Mozilla/5.0 (Windows NT 10.0; Win64; x64) AppleWebKit/537.36 (KHTML, like Gecko) Chrome/129.0.0.0 Safari/537.36"
216.244.66.233 - - [15/Apr/2025:16:47:38 -0400] "GET /same-day-delivery-service-anyone/feed/ HTTP/1.1" 404 1251 "-" "Mozilla/5.0 (compatible; DotBot/1.2; +https://opensiteexplorer.org/dotbot; help@moz.com)"
173.211.35.205 - - [15/Apr/2025:16:49:03 -0400] "GET / HTTP/1.1" 200 211213 "-" "Mozilla/5.0 (Windows NT 10.0; WOW64; rv:82.0) Gecko/20100101 Firefox/82.0"
119.8.52.154 - - [15/Apr/2025:16:49:06 -0400] "GET /betting-money-sites HTTP/1.1" 404 1251 "http://llcbibleclub.com/betting-money-sites" "Mozilla/5.0 (Macintosh; Intel Mac OS X 10_15_7) AppleWebKit/537.36 (KHTML, like Gecko) Chrome/123.0.0.0 Safari/537.36"
216.244.66.233 - - [15/Apr/2025:16:49:31 -0400] "GET /glissez-votre-chien-dans-un-confort-douillet-avec-une-pantoufle-pour-chien/feed/ HTTP/1.1" 404 1251 "-" "Mozilla/5.0 (compatible; DotBot/1.2; +https://opensiteexplorer.org/dotbot; help@moz.com)"
5.253.117.131 - - [15/Apr/2025:16:49:54 -0400] "GET /screw-chart-choosing-the-right-10-screw-diameter/ HTTP/1.1" 404 1251 "-" "Mozilla/5.0 (Macintosh; Intel Mac OS X 12_5) AppleWebKit/537.36 (KHTML, like Gecko) Chrome/114.0.0.0 Safari/537.36 OPR/89.0.4447.51"
2a11:5787:273d:2827:4e3d:c57a:2131:d1fa - - [15/Apr/2025:17:06:21 -0400] "GET /best-cbd-oil-products-uk/ HTTP/1.1" 404 1251 "http://llcbibleclub.com/best-cbd-oil-products-uk/" "Mozilla/5.0 (Windows NT 10.0; Win64; x64) AppleWebKit/537.36 (KHTML, like Gecko) Chrome/129.0.0.0 Safari/537.36"
2a12:6747:da0c:fa68:b030:15e6:4604:a8d2 - - [15/Apr/2025:17:06:22 -0400] "GET / HTTP/1.1" 200 211213 "http://llcbibleclub.com/" "Mozilla/5.0 (Windows NT 10.0; Win64; x64) AppleWebKit/537.36 (KHTML, like Gecko) Chrome/129.0.0.0 Safari/537.36"
85.208.121.83 - - [15/Apr/2025:17:17:04 -0400] "GET /screw-chart-choosing-the-right-10-screw-diameter/ HTTP/1.1" 404 1251 "-" "Mozilla/5.0 (Macintosh; Intel Mac OS X 12_5) AppleWebKit/537.36 (KHTML, like Gecko) Chrome/114.0.0.0 Safari/537.36 OPR/89.0.4447.51"
185.44.77.63 - - [15/Apr/2025:17:17:37 -0400] "GET /administrator/index.php HTTP/1.1" 404 1251 "-" "Mozilla/5.0 (X11; Ubuntu; Linux i686; rv:28.0) Gecko/20100101 Firefox/28.0"
185.44.77.63 - - [15/Apr/2025:17:17:37 -0400] "GET /admin/index.php HTTP/1.1" 404 1251 "-" "Mozilla/5.0 (X11; Ubuntu; Linux i686; rv:28.0) Gecko/20100101 Firefox/28.0"
216.244.66.233 - - [15/Apr/2025:17:22:51 -0400] "GET /cgi-sys/suspendedpage.cgi HTTP/1.1" 200 4237 "-" "Mozilla/5.0 (compatible; DotBot/1.2; +https://opensiteexplorer.org/dotbot; help@moz.com)"
98.82.66.172 - - [15/Apr/2025:17:24:11 -0400] "GET /dp/B0CFPL6CFY?ref=MarsFS_KINDLE_B0CFPL6CFY HTTP/1.1" 404 1251 "-" "Mozilla/5.0 AppleWebKit/537.36 (KHTML, like Gecko; compatible; Amazonbot/0.1; +https://developer.amazon.com/support/amazonbot) Chrome/119.0.6045.214 Safari/537.36"
216.244.66.233 - - [15/Apr/2025:17:26:45 -0400] "GET /acheter-artane-internet/ HTTP/1.1" 404 1251 "-" "Mozilla/5.0 (compatible; DotBot/1.2; +https://opensiteexplorer.org/dotbot; help@moz.com)"
216.244.66.233 - - [15/Apr/2025:17:26:49 -0400] "GET /buy-risperidone-online-us-risperdal-generic-price/ HTTP/1.1" 404 1251 "-" "Mozilla/5.0 (compatible; DotBot/1.2; +https://opensiteexplorer.org/dotbot; help@moz.com)"
216.244.66.233 - - [15/Apr/2025:17:26:55 -0400] "GET /order-tenormin-online/ HTTP/1.1" 404 1251 "-" "Mozilla/5.0 (compatible; DotBot/1.2; +https://opensiteexplorer.org/dotbot; help@moz.com)"
216.244.66.233 - - [15/Apr/2025:17:27:12 -0400] "GET /purchase-furosemide-without-prescription-no-rx-canadian-pharmacy/ HTTP/1.1" 404 1251 "-" "Mozilla/5.0 (compatible; DotBot/1.2; +https://opensiteexplorer.org/dotbot; help@moz.com)"
2a12:d3c5:da5:8a98:12b3:918b:dd19:bce9 - - [15/Apr/2025:17:27:15 -0400] "GET /best-cbd-oil-products-uk/ HTTP/1.1" 404 1251 "http://llcbibleclub.com/best-cbd-oil-products-uk/" "Mozilla/5.0 (Windows NT 10.0; Win64; x64) AppleWebKit/537.36 (KHTML, like Gecko) Chrome/129.0.0.0 Safari/537.36"
2a12:d3c5:da5:8a98:12b3:918b:dd19:bce9 - - [15/Apr/2025:17:27:16 -0400] "GET / HTTP/1.1" 200 211213 "http://llcbibleclub.com/" "Mozilla/5.0 (Windows NT 10.0; Win64; x64) AppleWebKit/537.36 (KHTML, like Gecko) Chrome/129.0.0.0 Safari/537.36"
216.244.66.233 - - [15/Apr/2025:17:28:01 -0400] "GET /buy-discount-cytotec-generic-cytotec-cheapest-price/ HTTP/1.1" 404 1251 "-" "Mozilla/5.0 (compatible; DotBot/1.2; +https://opensiteexplorer.org/dotbot; help@moz.com)"
216.244.66.233 - - [15/Apr/2025:17:28:53 -0400] "GET /discount-keflex-no-prescription-cephalexin-generic-order/ HTTP/1.1" 404 1251 "-" "Mozilla/5.0 (compatible; DotBot/1.2; +https://opensiteexplorer.org/dotbot; help@moz.com)"
216.244.66.233 - - [15/Apr/2025:17:28:56 -0400] "GET /generic-finasteride-overnight/ HTTP/1.1" 404 1251 "-" "Mozilla/5.0 (compatible; DotBot/1.2; +https://opensiteexplorer.org/dotbot; help@moz.com)"
216.244.66.233 - - [15/Apr/2025:17:29:01 -0400] "GET /prix-valtrex-pharmacie/ HTTP/1.1" 404 1251 "-" "Mozilla/5.0 (compatible; DotBot/1.2; +https://opensiteexplorer.org/dotbot; help@moz.com)"
216.244.66.233 - - [15/Apr/2025:17:29:14 -0400] "GET /how-much-is-flomax-cost-online-support-24-hours/ HTTP/1.1" 404 1251 "-" "Mozilla/5.0 (compatible; DotBot/1.2; +https://opensiteexplorer.org/dotbot; help@moz.com)"
216.244.66.233 - - [15/Apr/2025:17:29:20 -0400] "GET /vibramycin-from-india-from-canada-pharmacy/ HTTP/1.1" 404 1251 "-" "Mozilla/5.0 (compatible; DotBot/1.2; +https://opensiteexplorer.org/dotbot; help@moz.com)"
54.197.102.71 - - [15/Apr/2025:17:33:08 -0400] "GET /product-reviews/B0DG4WZZPV/ref=acr_dp_hist_1?filterByStar=one_star&ie=UTF8&reviewerType=all_reviews HTTP/1.1" 404 1251 "-" "Mozilla/5.0 AppleWebKit/537.36 (KHTML, like Gecko; compatible; Amazonbot/0.1; +https://developer.amazon.com/support/amazonbot) Chrome/119.0.6045.214 Safari/537.36"
34.235.239.240 - - [15/Apr/2025:17:33:11 -0400] "GET /product-reviews/B0DG4WZZPV/ref=acr_dp_hist_2?filterByStar=two_star&ie=UTF8&reviewerType=all_reviews HTTP/1.1" 404 1251 "-" "Mozilla/5.0 AppleWebKit/537.36 (KHTML, like Gecko; compatible; Amazonbot/0.1; +https://developer.amazon.com/support/amazonbot) Chrome/119.0.6045.214 Safari/537.36"
5.253.161.143 - - [15/Apr/2025:17:43:44 -0400] "GET /screw-chart-choosing-the-right-10-screw-diameter/ HTTP/1.1" 404 1251 "-" "Mozilla/5.0 (Macintosh; Intel Mac OS X 12_5) AppleWebKit/537.36 (KHTML, like Gecko) Chrome/114.0.0.0 Safari/537.36 OPR/89.0.4447.51"
43.130.3.122 - - [15/Apr/2025:17:44:53 -0400] "GET / HTTP/1.1" 200 211213 "-" "Mozilla/5.0 (iPhone; CPU iPhone OS 13_2_3 like Mac OS X) AppleWebKit/605.1.15 (KHTML, like Gecko) Version/13.0.3 Mobile/15E148 Safari/604.1"
2a11:fc80:b9c3:e2d3:399:5152:24aa:76db - - [15/Apr/2025:17:48:03 -0400] "GET /best-cbd-oil-products-uk/ HTTP/1.1" 404 1251 "http://llcbibleclub.com/best-cbd-oil-products-uk/" "Mozilla/5.0 (Windows NT 10.0; Win64; x64) AppleWebKit/537.36 (KHTML, like Gecko) Chrome/130.0.0.0 Safari/537.36 CCleaner/130.0.0.0"
2a11:fc80:b9c3:e2d3:399:5152:24aa:76db - - [15/Apr/2025:17:48:04 -0400] "GET / HTTP/1.1" 200 211213 "http://llcbibleclub.com/" "Mozilla/5.0 (Windows NT 10.0; Win64; x64) AppleWebKit/537.36 (KHTML, like Gecko) Chrome/130.0.0.0 Safari/537.36 CCleaner/130.0.0.0"
197.11.70.170 - - [15/Apr/2025:17:49:10 -0400] "GET / HTTP/1.1" 200 211213 "https://albertoferrarini.ticketneedlellc.com//wp-login.php" "Mozilla/5.0 (Windows NT 10.0; Win64; x64) AppleWebKit/537.36 (KHTML, like Gecko) Chrome/134.0.0.0 Safari/537.36"
197.11.70.170 - - [15/Apr/2025:17:49:15 -0400] "GET /blog/robots.txt HTTP/1.1" 404 1251 "https://albertoferrarini.ticketneedlellc.com//wp-login.php" "Mozilla/5.0 (Windows NT 10.0; Win64; x64) AppleWebKit/537.36 (KHTML, like Gecko) Chrome/134.0.0.0 Safari/537.36"
197.11.70.170 - - [15/Apr/2025:17:49:17 -0400] "GET /blog/ HTTP/1.1" 404 1251 "https://albertoferrarini.ticketneedlellc.com//wp-login.php" "Mozilla/5.0 (Windows NT 10.0; Win64; x64) AppleWebKit/537.36 (KHTML, like Gecko) Chrome/134.0.0.0 Safari/537.36"
197.11.70.170 - - [15/Apr/2025:17:49:18 -0400] "GET /wordpress/ HTTP/1.1" 404 1251 "https://albertoferrarini.ticketneedlellc.com//wp-login.php" "Mozilla/5.0 (Windows NT 10.0; Win64; x64) AppleWebKit/537.36 (KHTML, like Gecko) Chrome/134.0.0.0 Safari/537.36"
197.11.70.170 - - [15/Apr/2025:17:49:19 -0400] "GET /wp/ HTTP/1.1" 404 1251 "https://albertoferrarini.ticketneedlellc.com//wp-login.php" "Mozilla/5.0 (Windows NT 10.0; Win64; x64) AppleWebKit/537.36 (KHTML, like Gecko) Chrome/134.0.0.0 Safari/537.36"
2607:5300:60:7e27::1 - - [15/Apr/2025:17:54:54 -0400] "GET / HTTP/1.1" 200 211213 "-" "Mozilla/5.0 (Windows NT 10.0; WOW64) AppleWebKit/537.36 (KHTML, like Gecko) Chrome/118.0.0.0 Safari/537.36"
216.244.66.233 - - [15/Apr/2025:18:02:29 -0400] "GET /robots.txt HTTP/1.1" 304 0 "-" "Mozilla/5.0 (compatible; DotBot/1.2; +https://opensiteexplorer.org/dotbot; help@moz.com)"
52.164.245.231 - - [15/Apr/2025:18:05:01 -0400] "GET /.alf.php HTTP/1.1" 404 1251 "-" "-"
52.164.245.231 - - [15/Apr/2025:18:05:03 -0400] "GET /.tmb/ HTTP/1.1" 404 1251 "-" "-"
52.164.245.231 - - [15/Apr/2025:18:05:04 -0400] "GET /.tmb/mariju.php HTTP/1.1" 404 1251 "-" "-"
52.164.245.231 - - [15/Apr/2025:18:05:06 -0400] "GET /.tmb/wp-login.php HTTP/1.1" 404 1251 "-" "-"
