198.54.114.83 - - [16/Apr/2025:10:39:57 -0400] "POST /wp-cron.php?doing_wp_cron=1744814393.2779459953308105468750 HTTP/1.1" 200 0 "-" "WordPress/6.8; https://llcbibleclub.com"
13.90.96.248 - - [16/Apr/2025:10:39:59 -0400] "GET /wp-includes/images/about.php HTTP/1.1" 404 7309 "-" "-"
13.90.96.248 - - [16/Apr/2025:10:40:03 -0400] "GET /cgi-bin/about.php HTTP/1.1" 301 0 "-" "-"
13.90.96.248 - - [16/Apr/2025:10:40:09 -0400] "GET /cgi-bin/about.php HTTP/1.1" 404 7309 "-" "-"
13.90.96.248 - - [16/Apr/2025:10:40:14 -0400] "GET /wp-content/gallery/about.php HTTP/1.1" 301 0 "-" "-"
13.90.96.248 - - [16/Apr/2025:10:40:18 -0400] "GET /wp-content/gallery/about.php HTTP/1.1" 404 7309 "-" "-"
13.90.96.248 - - [16/Apr/2025:10:40:21 -0400] "GET /wp-includes/blocks/about.php HTTP/1.1" 301 0 "-" "-"
13.90.96.248 - - [16/Apr/2025:10:40:24 -0400] "GET /wp-includes/blocks/about.php HTTP/1.1" 404 7309 "-" "-"
13.90.96.248 - - [16/Apr/2025:10:40:27 -0400] "GET /wp-admin/css/about.php HTTP/1.1" 301 0 "-" "-"
13.90.96.248 - - [16/Apr/2025:10:40:30 -0400] "GET /wp-admin/css/about.php HTTP/1.1" 404 7310 "-" "-"
13.90.96.248 - - [16/Apr/2025:10:40:32 -0400] "GET /wp-admin/images/about.php HTTP/1.1" 301 0 "-" "-"
13.90.96.248 - - [16/Apr/2025:10:40:35 -0400] "GET /wp-admin/images/about.php HTTP/1.1" 404 7309 "-" "-"
13.90.96.248 - - [16/Apr/2025:10:40:37 -0400] "GET /.well-known/pki-validation/cloud.php HTTP/1.1" 404 1251 "-" "-"
13.90.96.248 - - [16/Apr/2025:10:40:40 -0400] "GET /.well-known/acme-challenge/cloud.php HTTP/1.1" 301 0 "-" "-"
13.90.96.248 - - [16/Apr/2025:10:40:42 -0400] "GET /.well-known/acme-challenge/cloud.php HTTP/1.1" 404 7309 "-" "-"
13.90.96.248 - - [16/Apr/2025:10:40:46 -0400] "GET /wp-admin/network/cloud.php HTTP/1.1" 301 0 "-" "-"
13.90.96.248 - - [16/Apr/2025:10:40:49 -0400] "GET /wp-admin/network/cloud.php HTTP/1.1" 404 7309 "-" "-"
13.90.96.248 - - [16/Apr/2025:10:40:53 -0400] "GET /cloud.php HTTP/1.1" 301 0 "-" "-"
198.54.114.83 - - [16/Apr/2025:10:40:56 -0400] "POST /wp-cron.php?doing_wp_cron=1744814453.5239489078521728515625 HTTP/1.1" 200 0 "-" "WordPress/6.8; https://llcbibleclub.com"
13.90.96.248 - - [16/Apr/2025:10:40:58 -0400] "GET /cloud.php HTTP/1.1" 404 7309 "-" "-"
13.90.96.248 - - [16/Apr/2025:10:41:02 -0400] "GET /cgi-bin/cloud.php HTTP/1.1" 301 0 "-" "-"
13.90.96.248 - - [16/Apr/2025:10:41:05 -0400] "GET /cgi-bin/cloud.php HTTP/1.1" 404 7309 "-" "-"
13.90.96.248 - - [16/Apr/2025:10:41:09 -0400] "GET /wp-content/updates.php HTTP/1.1" 301 0 "-" "-"
13.90.96.248 - - [16/Apr/2025:10:41:12 -0400] "GET /wp-content/updates.php HTTP/1.1" 404 7309 "-" "-"
13.90.96.248 - - [16/Apr/2025:10:41:15 -0400] "GET /css/cloud.php HTTP/1.1" 301 0 "-" "-"
13.90.96.248 - - [16/Apr/2025:10:41:18 -0400] "GET /css/cloud.php HTTP/1.1" 404 7309 "-" "-"
13.90.96.248 - - [16/Apr/2025:10:41:21 -0400] "GET /wp-admin/user/cloud.php HTTP/1.1" 301 0 "-" "-"
13.90.96.248 - - [16/Apr/2025:10:41:24 -0400] "GET /wp-admin/user/cloud.php HTTP/1.1" 404 7309 "-" "-"
13.90.96.248 - - [16/Apr/2025:10:41:27 -0400] "GET /img/cloud.php HTTP/1.1" 301 0 "-" "-"
13.90.96.248 - - [16/Apr/2025:10:41:31 -0400] "GET /img/cloud.php HTTP/1.1" 404 7309 "-" "-"
13.90.96.248 - - [16/Apr/2025:10:41:35 -0400] "GET /wp-admin/css/colors/coffee/cloud.php HTTP/1.1" 301 0 "-" "-"
13.90.96.248 - - [16/Apr/2025:10:41:38 -0400] "GET /wp-admin/css/colors/coffee/cloud.php HTTP/1.1" 404 7309 "-" "-"
13.90.96.248 - - [16/Apr/2025:10:41:40 -0400] "GET /wp-admin/images/cloud.php HTTP/1.1" 301 0 "-" "-"
13.90.96.248 - - [16/Apr/2025:10:41:42 -0400] "GET /wp-admin/images/cloud.php HTTP/1.1" 404 7309 "-" "-"
13.90.96.248 - - [16/Apr/2025:10:41:45 -0400] "GET /avaa.php HTTP/1.1" 301 0 "-" "-"
13.90.96.248 - - [16/Apr/2025:10:41:48 -0400] "GET /avaa.php HTTP/1.1" 404 7309 "-" "-"
13.90.96.248 - - [16/Apr/2025:10:41:50 -0400] "GET /images/cloud.php HTTP/1.1" 301 0 "-" "-"
13.90.96.248 - - [16/Apr/2025:10:41:53 -0400] "GET /images/cloud.php HTTP/1.1" 404 7310 "-" "-"
198.54.114.83 - - [16/Apr/2025:10:41:55 -0400] "POST /wp-cron.php?doing_wp_cron=1744814513.6045150756835937500000 HTTP/1.1" 200 0 "-" "WordPress/6.8; https://llcbibleclub.com"
2a12:d3c5:ad8a:c03e:6ddd:64e4:f6e9:f9b9 - - [16/Apr/2025:10:41:56 -0400] "GET /best-cbd-oil-products-uk/ HTTP/1.1" 200 13022 "http://llcbibleclub.com/best-cbd-oil-products-uk/" "Mozilla/5.0 (Windows NT 10.0; Win64; x64) AppleWebKit/537.36 (KHTML, like Gecko) Chrome/130.0.0.0 Safari/537.36 CCleaner/130.0.0.0"
13.90.96.248 - - [16/Apr/2025:10:41:56 -0400] "GET /wp-admin/js/widgets/cloud.php HTTP/1.1" 301 0 "-" "-"
13.90.96.248 - - [16/Apr/2025:10:41:58 -0400] "GET /wp-admin/js/widgets/cloud.php HTTP/1.1" 404 7309 "-" "-"
2a12:d3c5:ad8a:c03e:6ddd:64e4:f6e9:f9b9 - - [16/Apr/2025:10:41:58 -0400] "POST /wp-comments-post.php HTTP/1.1" 302 0 "http://llcbibleclub.com/best-cbd-oil-products-uk/" "Mozilla/5.0 (Windows NT 10.0; Win64; x64) AppleWebKit/537.36 (KHTML, like Gecko) Chrome/130.0.0.0 Safari/537.36 CCleaner/130.0.0.0"
13.90.96.248 - - [16/Apr/2025:10:42:00 -0400] "GET /wp-includes/Requests/Text/admin.php HTTP/1.1" 301 0 "-" "-"
13.90.96.248 - - [16/Apr/2025:10:42:03 -0400] "GET /wp-includes/Requests/Text/admin.php HTTP/1.1" 404 7310 "-" "-"
13.90.96.248 - - [16/Apr/2025:10:42:07 -0400] "GET /wp-admin/css/colors/cloud.php HTTP/1.1" 301 0 "-" "-"
13.90.96.248 - - [16/Apr/2025:10:42:10 -0400] "GET /wp-admin/css/colors/cloud.php HTTP/1.1" 404 7310 "-" "-"
13.90.96.248 - - [16/Apr/2025:10:42:14 -0400] "GET /wp-admin/includes/cloud.php HTTP/1.1" 301 0 "-" "-"
13.90.96.248 - - [16/Apr/2025:10:42:16 -0400] "GET /wp-admin/includes/cloud.php HTTP/1.1" 404 7309 "-" "-"
13.90.96.248 - - [16/Apr/2025:10:42:20 -0400] "GET /wp-admin/css/colors/blue/cloud.php HTTP/1.1" 301 0 "-" "-"
13.90.96.248 - - [16/Apr/2025:10:42:24 -0400] "GET /wp-admin/css/colors/blue/cloud.php HTTP/1.1" 404 7310 "-" "-"
13.90.96.248 - - [16/Apr/2025:10:42:29 -0400] "GET /wp-admin/cloud.php HTTP/1.1" 301 0 "-" "-"
13.90.96.248 - - [16/Apr/2025:10:42:33 -0400] "GET /wp-admin/cloud.php HTTP/1.1" 404 7310 "-" "-"
13.90.96.248 - - [16/Apr/2025:10:42:38 -0400] "GET /updates.php HTTP/1.1" 301 0 "-" "-"
13.90.96.248 - - [16/Apr/2025:10:42:42 -0400] "GET /updates.php HTTP/1.1" 404 7308 "-" "-"
13.90.96.248 - - [16/Apr/2025:10:42:46 -0400] "GET /libraries/legacy/updates.php HTTP/1.1" 301 0 "-" "-"
13.90.96.248 - - [16/Apr/2025:10:42:51 -0400] "GET /libraries/legacy/updates.php HTTP/1.1" 404 7309 "-" "-"
13.90.96.248 - - [16/Apr/2025:10:42:56 -0400] "GET /libraries/phpmailer/updates.php HTTP/1.1" 301 0 "-" "-"
198.54.114.83 - - [16/Apr/2025:10:43:00 -0400] "POST /wp-cron.php?doing_wp_cron=1744814576.5303640365600585937500 HTTP/1.1" 200 0 "-" "WordPress/6.8; https://llcbibleclub.com"
13.90.96.248 - - [16/Apr/2025:10:43:02 -0400] "GET /libraries/phpmailer/updates.php HTTP/1.1" 404 7309 "-" "-"
13.90.96.248 - - [16/Apr/2025:10:43:06 -0400] "GET /libraries/vendor/updates.php HTTP/1.1" 301 0 "-" "-"
13.90.96.248 - - [16/Apr/2025:10:43:10 -0400] "GET /libraries/vendor/updates.php HTTP/1.1" 404 7310 "-" "-"
13.90.96.248 - - [16/Apr/2025:10:43:14 -0400] "GET /alfa-rex.php7 HTTP/1.1" 301 0 "-" "-"
13.90.96.248 - - [16/Apr/2025:10:43:19 -0400] "GET /alfa-rex.php7 HTTP/1.1" 404 7309 "-" "-"
13.90.96.248 - - [16/Apr/2025:10:43:23 -0400] "GET /alfanew.php HTTP/1.1" 301 0 "-" "-"
13.90.96.248 - - [16/Apr/2025:10:43:27 -0400] "GET /alfanew.php HTTP/1.1" 404 7309 "-" "-"
13.90.96.248 - - [16/Apr/2025:10:43:32 -0400] "GET /wp-content/plugins/Cache/Cache.php HTTP/1.1" 301 0 "-" "-"
13.90.96.248 - - [16/Apr/2025:10:43:36 -0400] "GET /wp-content/plugins/Cache/Cache.php HTTP/1.1" 404 7309 "-" "-"
198.54.114.83 - - [16/Apr/2025:10:43:41 -0400] "POST /wp-cron.php?doing_wp_cron=1744814616.5612490177154541015625 HTTP/1.1" 200 0 "-" "WordPress/6.8; https://llcbibleclub.com"
13.90.96.248 - - [16/Apr/2025:10:43:43 -0400] "GET /wp-admin/js/widgets/about.php7 HTTP/1.1" 301 0 "-" "-"
13.90.96.248 - - [16/Apr/2025:10:43:48 -0400] "GET /wp-admin/js/widgets/about.php7 HTTP/1.1" 404 7309 "-" "-"
13.90.96.248 - - [16/Apr/2025:10:43:52 -0400] "GET /wp-p.php7 HTTP/1.1" 301 0 "-" "-"
13.90.96.248 - - [16/Apr/2025:10:43:57 -0400] "GET /wp-p.php7 HTTP/1.1" 404 7309 "-" "-"
13.90.96.248 - - [16/Apr/2025:10:44:04 -0400] "GET /wp-admin/repeater.php HTTP/1.1" 301 0 "-" "-"
13.90.96.248 - - [16/Apr/2025:10:44:09 -0400] "GET /wp-admin/repeater.php HTTP/1.1" 404 7309 "-" "-"
13.90.96.248 - - [16/Apr/2025:10:44:16 -0400] "GET /wp-includes/repeater.php HTTP/1.1" 301 0 "-" "-"
13.90.96.248 - - [16/Apr/2025:10:44:21 -0400] "GET /wp-includes/repeater.php HTTP/1.1" 404 7309 "-" "-"
13.90.96.248 - - [16/Apr/2025:10:44:26 -0400] "GET /wp-content/repeater.php HTTP/1.1" 301 0 "-" "-"
13.90.96.248 - - [16/Apr/2025:10:44:32 -0400] "GET /wp-content/repeater.php HTTP/1.1" 404 7309 "-" "-"
13.90.96.248 - - [16/Apr/2025:10:44:37 -0400] "GET /wsoyanz.php HTTP/1.1" 301 0 "-" "-"
198.54.114.83 - - [16/Apr/2025:10:44:43 -0400] "POST /wp-cron.php?doing_wp_cron=1744814678.2916700839996337890625 HTTP/1.1" 200 0 "-" "WordPress/6.8; https://llcbibleclub.com"
13.90.96.248 - - [16/Apr/2025:10:44:45 -0400] "GET /wsoyanz.php HTTP/1.1" 404 7308 "-" "-"
13.90.96.248 - - [16/Apr/2025:10:44:50 -0400] "GET /yanz.php HTTP/1.1" 301 0 "-" "-"
13.90.96.248 - - [16/Apr/2025:10:44:55 -0400] "GET /yanz.php HTTP/1.1" 404 7309 "-" "-"
13.90.96.248 - - [16/Apr/2025:10:44:59 -0400] "GET /wp-content/plugins/seoo/wsoyanz.php HTTP/1.1" 301 0 "-" "-"
13.90.96.248 - - [16/Apr/2025:10:45:06 -0400] "GET /wp-content/plugins/seoo/wsoyanz.php HTTP/1.1" 404 7309 "-" "-"
13.90.96.248 - - [16/Apr/2025:10:45:12 -0400] "GET /wp-content/plugins/seoo/wsoyanz1.php HTTP/1.1" 301 0 "-" "-"
13.90.96.248 - - [16/Apr/2025:10:45:17 -0400] "GET /wp-content/plugins/seoo/wsoyanz1.php HTTP/1.1" 404 7309 "-" "-"
13.90.96.248 - - [16/Apr/2025:10:45:25 -0400] "GET /cache-compat.php HTTP/1.1" 301 0 "-" "-"
13.90.96.248 - - [16/Apr/2025:10:45:30 -0400] "GET /cache-compat.php HTTP/1.1" 404 7310 "-" "-"
13.90.96.248 - - [16/Apr/2025:10:45:36 -0400] "GET /ajax-actions.php HTTP/1.1" 301 0 "-" "-"
198.54.114.83 - - [16/Apr/2025:10:45:40 -0400] "POST /wp-cron.php?doing_wp_cron=1744814736.7876079082489013671875 HTTP/1.1" 200 0 "-" "WordPress/6.8; https://llcbibleclub.com"
13.90.96.248 - - [16/Apr/2025:10:45:42 -0400] "GET /ajax-actions.php HTTP/1.1" 404 7309 "-" "-"
13.90.96.248 - - [16/Apr/2025:10:45:47 -0400] "GET /wp-admin/ajax-actions.php HTTP/1.1" 301 0 "-" "-"
13.90.96.248 - - [16/Apr/2025:10:45:51 -0400] "GET /wp-admin/ajax-actions.php HTTP/1.1" 404 7309 "-" "-"
182.44.8.254 - - [16/Apr/2025:10:45:53 -0400] "GET / HTTP/1.1" 200 211213 "-" "Mozilla/5.0 (iPhone; CPU iPhone OS 13_2_3 like Mac OS X) AppleWebKit/605.1.15 (KHTML, like Gecko) Version/13.0.3 Mobile/15E148 Safari/604.1"
13.90.96.248 - - [16/Apr/2025:10:45:57 -0400] "GET /wp-consar.php HTTP/1.1" 301 0 "-" "-"
13.90.96.248 - - [16/Apr/2025:10:46:02 -0400] "GET /wp-consar.php HTTP/1.1" 404 7309 "-" "-"
13.90.96.248 - - [16/Apr/2025:10:46:07 -0400] "GET /repeater.php HTTP/1.1" 301 0 "-" "-"
13.90.96.248 - - [16/Apr/2025:10:46:12 -0400] "GET /repeater.php HTTP/1.1" 404 7309 "-" "-"
13.90.96.248 - - [16/Apr/2025:10:46:17 -0400] "GET /admin-post.php HTTP/1.1" 301 0 "-" "-"
13.90.96.248 - - [16/Apr/2025:10:46:21 -0400] "GET /admin-post.php HTTP/1.1" 404 7310 "-" "-"
13.90.96.248 - - [16/Apr/2025:10:46:24 -0400] "GET /wp-admin/maint/maint/ajax-actions.php HTTP/1.1" 301 0 "-" "-"
5.253.161.32 - - [16/Apr/2025:10:46:27 -0400] "GET /screw-chart-choosing-the-right-10-screw-diameter/ HTTP/1.1" 200 12811 "-" "Mozilla/5.0 (Macintosh; Intel Mac OS X 12_5) AppleWebKit/537.36 (KHTML, like Gecko) Chrome/114.0.0.0 Safari/537.36 Vivaldi/5.3.2679.68"
13.90.96.248 - - [16/Apr/2025:10:46:29 -0400] "GET /wp-admin/maint/maint/ajax-actions.php HTTP/1.1" 404 7309 "-" "-"
13.90.96.248 - - [16/Apr/2025:10:46:34 -0400] "GET /wp-admin/dropdown.php HTTP/1.1" 301 0 "-" "-"
13.90.96.248 - - [16/Apr/2025:10:46:38 -0400] "GET /wp-admin/dropdown.php HTTP/1.1" 404 7309 "-" "-"
198.54.114.83 - - [16/Apr/2025:10:46:41 -0400] "POST /wp-cron.php?doing_wp_cron=1744814798.7271211147308349609375 HTTP/1.1" 200 0 "-" "WordPress/6.8; https://llcbibleclub.com"
13.90.96.248 - - [16/Apr/2025:10:46:43 -0400] "GET /wp-admin/css/index.php HTTP/1.1" 301 0 "-" "-"
13.90.96.248 - - [16/Apr/2025:10:46:49 -0400] "GET /wp-admin/css/ HTTP/1.1" 403 1242 "-" "-"
13.90.96.248 - - [16/Apr/2025:10:46:55 -0400] "GET /about.php HTTP/1.1" 301 0 "-" "-"
13.90.96.248 - - [16/Apr/2025:10:47:02 -0400] "GET /about.php HTTP/1.1" 404 7310 "-" "-"
13.90.96.248 - - [16/Apr/2025:10:47:08 -0400] "GET /about.php7 HTTP/1.1" 301 0 "-" "-"
13.90.96.248 - - [16/Apr/2025:10:47:15 -0400] "GET /about.php7 HTTP/1.1" 404 7309 "-" "-"
13.90.96.248 - - [16/Apr/2025:10:47:21 -0400] "GET /alfanew.php7 HTTP/1.1" 301 0 "-" "-"
13.90.96.248 - - [16/Apr/2025:10:47:28 -0400] "GET /alfanew.php7 HTTP/1.1" 404 7309 "-" "-"
13.90.96.248 - - [16/Apr/2025:10:47:35 -0400] "GET /adminfuns.php7 HTTP/1.1" 301 0 "-" "-"
13.90.96.248 - - [16/Apr/2025:10:47:41 -0400] "GET /adminfuns.php7 HTTP/1.1" 404 7309 "-" "-"
198.54.114.83 - - [16/Apr/2025:10:47:47 -0400] "POST /wp-cron.php?doing_wp_cron=1744814861.6345989704132080078125 HTTP/1.1" 200 0 "-" "WordPress/6.8; https://llcbibleclub.com"
13.90.96.248 - - [16/Apr/2025:10:47:49 -0400] "GET /ebs.php7 HTTP/1.1" 301 0 "-" "-"
13.90.96.248 - - [16/Apr/2025:10:47:57 -0400] "GET /ebs.php7 HTTP/1.1" 404 7309 "-" "-"
13.90.96.248 - - [16/Apr/2025:10:48:04 -0400] "GET /ws.php7 HTTP/1.1" 301 0 "-" "-"
13.90.96.248 - - [16/Apr/2025:10:48:14 -0400] "GET /ws.php7 HTTP/1.1" 404 7310 "-" "-"
13.90.96.248 - - [16/Apr/2025:10:48:24 -0400] "GET /alfanew2.php7 HTTP/1.1" 301 0 "-" "-"
13.90.96.248 - - [16/Apr/2025:10:48:33 -0400] "GET /alfanew2.php7 HTTP/1.1" 404 7309 "-" "-"
13.90.96.248 - - [16/Apr/2025:10:48:43 -0400] "GET /alfa-rex2.php7 HTTP/1.1" 301 0 "-" "-"
13.90.96.248 - - [16/Apr/2025:10:48:56 -0400] "GET /alfa-rex2.php7 HTTP/1.1" 404 7309 "-" "-"
13.90.96.248 - - [16/Apr/2025:10:49:06 -0400] "GET /wp-admin/images/index.php HTTP/1.1" 301 0 "-" "-"
13.90.96.248 - - [16/Apr/2025:10:49:16 -0400] "GET /wp-admin/images/ HTTP/1.1" 403 1242 "-" "-"
13.90.96.248 - - [16/Apr/2025:10:49:26 -0400] "GET /wp-admin/css/colors/index.php HTTP/1.1" 301 0 "-" "-"
13.90.96.248 - - [16/Apr/2025:10:49:36 -0400] "GET /wp-admin/css/colors/ HTTP/1.1" 403 1242 "-" "-"
13.90.96.248 - - [16/Apr/2025:10:49:46 -0400] "GET /wp-content/themes/pridmag/db.php HTTP/1.1" 301 0 "-" "-"
13.90.96.248 - - [16/Apr/2025:10:49:57 -0400] "GET /wp-content/themes/pridmag/db.php HTTP/1.1" 404 7309 "-" "-"
13.90.96.248 - - [16/Apr/2025:10:50:09 -0400] "GET /wp-content/themes/seotheme/mar.php HTTP/1.1" 301 0 "-" "-"
13.90.96.248 - - [16/Apr/2025:10:50:20 -0400] "GET /wp-content/themes/seotheme/mar.php HTTP/1.1" 404 7310 "-" "-"
13.90.96.248 - - [16/Apr/2025:10:50:31 -0400] "GET /wp-content/plugins/linkpreview/db.php HTTP/1.1" 301 0 "-" "-"
13.90.96.248 - - [16/Apr/2025:10:50:43 -0400] "GET /wp-content/plugins/linkpreview/db.php HTTP/1.1" 404 7309 "-" "-"
13.90.96.248 - - [16/Apr/2025:10:50:52 -0400] "GET /wp-content/themes/seotheme/db.php HTTP/1.1" 301 0 "-" "-"
13.90.96.248 - - [16/Apr/2025:10:51:03 -0400] "GET /wp-content/themes/seotheme/db.php HTTP/1.1" 404 7309 "-" "-"
13.90.96.248 - - [16/Apr/2025:10:51:13 -0400] "GET /wp-content/plugins/seoplugins/db.php HTTP/1.1" 301 0 "-" "-"
13.90.96.248 - - [16/Apr/2025:10:51:22 -0400] "GET /wp-content/plugins/seoplugins/db.php HTTP/1.1" 404 7309 "-" "-"
13.90.96.248 - - [16/Apr/2025:10:51:33 -0400] "GET /.well-known/pki-validation/xmrlpc.php HTTP/1.1" 404 1251 "-" "-"
13.90.96.248 - - [16/Apr/2025:10:51:42 -0400] "GET /.well-known/acme-challenge/xmrlpc.php HTTP/1.1" 301 0 "-" "-"
13.90.96.248 - - [16/Apr/2025:10:51:53 -0400] "GET /.well-known/acme-challenge/xmrlpc.php HTTP/1.1" 404 7309 "-" "-"
13.90.96.248 - - [16/Apr/2025:10:52:06 -0400] "GET /wp-admin/network/xmrlpc.php HTTP/1.1" 301 0 "-" "-"
13.90.96.248 - - [16/Apr/2025:10:52:17 -0400] "GET /wp-admin/network/xmrlpc.php HTTP/1.1" 404 7309 "-" "-"
13.90.96.248 - - [16/Apr/2025:10:52:27 -0400] "GET /xmrlpc.php HTTP/1.1" 301 0 "-" "-"
13.90.96.248 - - [16/Apr/2025:10:52:36 -0400] "GET /xmrlpc.php HTTP/1.1" 404 7309 "-" "-"
13.90.96.248 - - [16/Apr/2025:10:52:50 -0400] "GET /cgi-bin/xmrlpc.php HTTP/1.1" 301 0 "-" "-"
13.90.96.248 - - [16/Apr/2025:10:52:59 -0400] "GET /cgi-bin/xmrlpc.php HTTP/1.1" 404 7310 "-" "-"
13.90.96.248 - - [16/Apr/2025:10:53:11 -0400] "GET /css/xmrlpc.php HTTP/1.1" 301 0 "-" "-"
13.90.96.248 - - [16/Apr/2025:10:53:22 -0400] "GET /css/xmrlpc.php HTTP/1.1" 404 7309 "-" "-"
13.90.96.248 - - [16/Apr/2025:10:53:33 -0400] "GET /wp-admin/user/xmrlpc.php HTTP/1.1" 301 0 "-" "-"
13.90.96.248 - - [16/Apr/2025:10:53:43 -0400] "GET /wp-admin/user/xmrlpc.php HTTP/1.1" 404 7309 "-" "-"
13.90.96.248 - - [16/Apr/2025:10:53:56 -0400] "GET /img/xmrlpc.php HTTP/1.1" 301 0 "-" "-"
13.90.96.248 - - [16/Apr/2025:10:54:06 -0400] "GET /img/xmrlpc.php HTTP/1.1" 404 7309 "-" "-"
13.90.96.248 - - [16/Apr/2025:10:54:18 -0400] "GET /wp-admin/css/colors/coffee/xmrlpc.php HTTP/1.1" 301 0 "-" "-"
13.90.96.248 - - [16/Apr/2025:10:54:30 -0400] "GET /wp-admin/css/colors/coffee/xmrlpc.php HTTP/1.1" 404 7309 "-" "-"
13.90.96.248 - - [16/Apr/2025:10:54:40 -0400] "GET /wp-admin/images/xmrlpc.php HTTP/1.1" 301 0 "-" "-"
13.90.96.248 - - [16/Apr/2025:10:54:50 -0400] "GET /wp-admin/images/xmrlpc.php HTTP/1.1" 404 7309 "-" "-"
13.90.96.248 - - [16/Apr/2025:10:55:03 -0400] "GET /images/xmrlpc.php HTTP/1.1" 301 0 "-" "-"
13.90.96.248 - - [16/Apr/2025:10:55:15 -0400] "GET /images/xmrlpc.php HTTP/1.1" 404 7309 "-" "-"
13.90.96.248 - - [16/Apr/2025:10:55:28 -0400] "GET /wp-admin/js/widgets/xmrlpc.php HTTP/1.1" 301 0 "-" "-"
13.90.96.248 - - [16/Apr/2025:10:55:38 -0400] "GET /wp-admin/js/widgets/xmrlpc.php HTTP/1.1" 404 7309 "-" "-"
13.90.96.248 - - [16/Apr/2025:10:55:50 -0400] "GET /wp-admin/css/colors/xmrlpc.php HTTP/1.1" 301 0 "-" "-"
13.90.96.248 - - [16/Apr/2025:10:56:01 -0400] "GET /wp-admin/css/colors/xmrlpc.php HTTP/1.1" 404 7310 "-" "-"
13.90.96.248 - - [16/Apr/2025:10:56:13 -0400] "GET /wp-admin/includes/xmrlpc.php HTTP/1.1" 301 0 "-" "-"
3.145.109.53 - - [16/Apr/2025:10:56:21 -0400] "GET /robots.txt HTTP/1.1" 304 0 "-" "Mozilla/5.0 AppleWebKit/537.36 (KHTML, like Gecko; compatible; ClaudeBot/1.0; +claudebot@anthropic.com)"
13.90.96.248 - - [16/Apr/2025:10:56:24 -0400] "GET /wp-admin/includes/xmrlpc.php HTTP/1.1" 404 7309 "-" "-"
13.90.96.248 - - [16/Apr/2025:10:56:36 -0400] "GET /wp-admin/css/colors/blue/xmrlpc.php HTTP/1.1" 301 0 "-" "-"
13.90.96.248 - - [16/Apr/2025:10:56:46 -0400] "GET /wp-admin/css/colors/blue/xmrlpc.php HTTP/1.1" 404 7309 "-" "-"
13.90.96.248 - - [16/Apr/2025:10:56:57 -0400] "GET /wp-admin/xmrlpc.php HTTP/1.1" 301 0 "-" "-"
13.90.96.248 - - [16/Apr/2025:10:57:09 -0400] "GET /wp-admin/xmrlpc.php HTTP/1.1" 404 7309 "-" "-"
13.90.96.248 - - [16/Apr/2025:10:57:21 -0400] "GET /smaxx.php HTTP/1.1" 301 0 "-" "-"
13.90.96.248 - - [16/Apr/2025:10:57:32 -0400] "GET /smaxx.php HTTP/1.1" 404 7309 "-" "-"
13.90.96.248 - - [16/Apr/2025:10:57:43 -0400] "GET /wp-admin/smaxx.php HTTP/1.1" 301 0 "-" "-"
13.90.96.248 - - [16/Apr/2025:10:57:54 -0400] "GET /wp-admin/smaxx.php HTTP/1.1" 404 7309 "-" "-"
13.90.96.248 - - [16/Apr/2025:10:58:09 -0400] "GET /wp-content/plugins/WordPressCore/smaxx.php HTTP/1.1" 301 0 "-" "-"
13.90.96.248 - - [16/Apr/2025:10:58:20 -0400] "GET /wp-content/plugins/WordPressCore/smaxx.php HTTP/1.1" 404 7310 "-" "-"
13.90.96.248 - - [16/Apr/2025:10:58:33 -0400] "GET /wp-includes/images/smaxx.php HTTP/1.1" 301 0 "-" "-"
13.90.96.248 - - [16/Apr/2025:10:58:44 -0400] "GET /wp-includes/images/smaxx.php HTTP/1.1" 404 7309 "-" "-"
13.90.96.248 - - [16/Apr/2025:10:58:52 -0400] "GET /wp-content/plugins/core-plugin/smaxx.php HTTP/1.1" 301 0 "-" "-"
13.90.96.248 - - [16/Apr/2025:10:59:15 -0400] "GET /wp-content/plugins/core-plugin/smaxx.php HTTP/1.1" 404 7309 "-" "-"
13.90.96.248 - - [16/Apr/2025:10:59:29 -0400] "GET /wp-includes/smaxx.php HTTP/1.1" 301 0 "-" "-"
13.90.96.248 - - [16/Apr/2025:10:59:39 -0400] "GET /wp-includes/smaxx.php HTTP/1.1" 404 7310 "-" "-"
13.90.96.248 - - [16/Apr/2025:10:59:51 -0400] "GET /wp-content/plugins/smaxx.php HTTP/1.1" 301 0 "-" "-"
13.90.96.248 - - [16/Apr/2025:11:00:00 -0400] "GET /wp-content/plugins/smaxx.php HTTP/1.1" 404 7310 "-" "-"
13.90.96.248 - - [16/Apr/2025:11:00:21 -0400] "GET /xt/smaxx.php HTTP/1.1" 301 0 "-" "-"
13.90.96.248 - - [16/Apr/2025:11:00:32 -0400] "GET /xt/smaxx.php HTTP/1.1" 404 7309 "-" "-"
13.90.96.248 - - [16/Apr/2025:11:00:41 -0400] "GET /wp-content/smaxx.php HTTP/1.1" 301 0 "-" "-"
13.90.96.248 - - [16/Apr/2025:11:00:52 -0400] "GET /wp-content/smaxx.php HTTP/1.1" 404 7309 "-" "-"
13.90.96.248 - - [16/Apr/2025:11:01:03 -0400] "GET /wp-content/themes/twentyfive/smaxx.php HTTP/1.1" 301 0 "-" "-"
94.46.220.6 - - [16/Apr/2025:11:01:07 -0400] "GET /best-cbd-oil-products-uk/ HTTP/1.1" 200 13022 "http://llcbibleclub.com/best-cbd-oil-products-uk/" "Mozilla/5.0 (Windows NT 10.0; Win64; x64) AppleWebKit/537.36 (KHTML, like Gecko) Chrome/130.0.0.0 Safari/537.36 CCleaner/130.0.0.0"
13.90.96.248 - - [16/Apr/2025:11:01:12 -0400] "GET /wp-content/themes/twentyfive/smaxx.php HTTP/1.1" 404 7309 "-" "-"
94.46.220.6 - - [16/Apr/2025:11:01:18 -0400] "POST /wp-comments-post.php HTTP/1.1" 302 0 "http://llcbibleclub.com/best-cbd-oil-products-uk/" "Mozilla/5.0 (Windows NT 10.0; Win64; x64) AppleWebKit/537.36 (KHTML, like Gecko) Chrome/130.0.0.0 Safari/537.36 CCleaner/130.0.0.0"
13.90.96.248 - - [16/Apr/2025:11:01:23 -0400] "GET /wp-content/upgrade/sx.php HTTP/1.1" 301 0 "-" "-"
13.90.96.248 - - [16/Apr/2025:11:01:31 -0400] "GET /wp-content/upgrade/sx.php HTTP/1.1" 404 7309 "-" "-"
13.90.96.248 - - [16/Apr/2025:11:01:42 -0400] "GET /.well-known/pki-validation/sx.php HTTP/1.1" 404 1251 "-" "-"
13.90.96.248 - - [16/Apr/2025:11:01:51 -0400] "GET /wp-admin/user/sx.php HTTP/1.1" 301 0 "-" "-"
13.90.96.248 - - [16/Apr/2025:11:02:00 -0400] "GET /wp-admin/user/sx.php HTTP/1.1" 404 7310 "-" "-"
13.90.96.248 - - [16/Apr/2025:11:02:09 -0400] "GET /wp-includes/ID3/sx.php HTTP/1.1" 301 0 "-" "-"
13.90.96.248 - - [16/Apr/2025:11:02:18 -0400] "GET /wp-includes/ID3/sx.php HTTP/1.1" 404 7309 "-" "-"
13.90.96.248 - - [16/Apr/2025:11:02:27 -0400] "GET /wp-includes/blocks/sx.php HTTP/1.1" 301 0 "-" "-"
13.90.96.248 - - [16/Apr/2025:11:02:38 -0400] "GET /wp-includes/blocks/sx.php HTTP/1.1" 404 7310 "-" "-"
13.90.96.248 - - [16/Apr/2025:11:02:46 -0400] "GET /wp-includes/sx.php HTTP/1.1" 301 0 "-" "-"
13.90.96.248 - - [16/Apr/2025:11:02:55 -0400] "GET /wp-includes/sx.php HTTP/1.1" 404 7310 "-" "-"
2a12:ccc4:8a74:bdef:d313:694e:bd95:243e - - [16/Apr/2025:11:02:59 -0400] "GET /best-cbd-oil-products-uk/ HTTP/1.1" 200 13022 "http://llcbibleclub.com/best-cbd-oil-products-uk/" "Mozilla/5.0 (Windows NT 10.0; Win64; x64) AppleWebKit/537.36 (KHTML, like Gecko) Chrome/129.0.0.0 Safari/537.36"
13.90.96.248 - - [16/Apr/2025:11:03:04 -0400] "GET /wp-admin/sx.php HTTP/1.1" 301 0 "-" "-"
2a12:ccc4:8a74:bdef:d313:694e:bd95:243e - - [16/Apr/2025:11:03:07 -0400] "POST /wp-comments-post.php HTTP/1.1" 302 0 "http://llcbibleclub.com/best-cbd-oil-products-uk/" "Mozilla/5.0 (Windows NT 10.0; Win64; x64) AppleWebKit/537.36 (KHTML, like Gecko) Chrome/129.0.0.0 Safari/537.36"
13.90.96.248 - - [16/Apr/2025:11:03:14 -0400] "GET /wp-admin/sx.php HTTP/1.1" 404 7309 "-" "-"
13.90.96.248 - - [16/Apr/2025:11:03:23 -0400] "GET /wp-content/plugins/fix/sx.php HTTP/1.1" 301 0 "-" "-"
13.90.96.248 - - [16/Apr/2025:11:03:34 -0400] "GET /wp-content/plugins/fix/sx.php HTTP/1.1" 404 7309 "-" "-"
13.90.96.248 - - [16/Apr/2025:11:03:44 -0400] "GET /wp-admin/includes/sx.php HTTP/1.1" 301 0 "-" "-"
13.90.96.248 - - [16/Apr/2025:11:03:54 -0400] "GET /wp-admin/includes/sx.php HTTP/1.1" 404 7309 "-" "-"
13.90.96.248 - - [16/Apr/2025:11:04:03 -0400] "GET /cgi-bin/sx.php HTTP/1.1" 301 0 "-" "-"
13.90.96.248 - - [16/Apr/2025:11:04:14 -0400] "GET /cgi-bin/sx.php HTTP/1.1" 404 7311 "-" "-"
13.90.96.248 - - [16/Apr/2025:11:04:21 -0400] "GET /wp-admin/css/sx.php HTTP/1.1" 301 0 "-" "-"
13.90.96.248 - - [16/Apr/2025:11:04:30 -0400] "GET /wp-admin/css/sx.php HTTP/1.1" 404 7310 "-" "-"
13.90.96.248 - - [16/Apr/2025:11:04:38 -0400] "GET /wp-admin/network/sx.php HTTP/1.1" 301 0 "-" "-"
13.90.96.248 - - [16/Apr/2025:11:04:47 -0400] "GET /wp-admin/network/sx.php HTTP/1.1" 404 7310 "-" "-"
13.90.96.248 - - [16/Apr/2025:11:04:54 -0400] "GET /wp-includes/block-supports/sx.php HTTP/1.1" 301 0 "-" "-"
13.90.96.248 - - [16/Apr/2025:11:05:02 -0400] "GET /wp-includes/block-supports/sx.php HTTP/1.1" 404 7308 "-" "-"
13.90.96.248 - - [16/Apr/2025:11:05:11 -0400] "GET /wp-includes/IXR/sx.php HTTP/1.1" 301 0 "-" "-"
13.90.96.248 - - [16/Apr/2025:11:05:20 -0400] "GET /wp-includes/IXR/sx.php HTTP/1.1" 404 7310 "-" "-"
13.90.96.248 - - [16/Apr/2025:11:05:30 -0400] "GET /.well-known/sx.php HTTP/1.1" 301 0 "-" "-"
45.89.148.31 - - [16/Apr/2025:11:05:39 -0400] "GET /generic-lamisil-for-sale-buy-lamisil-best-price/ HTTP/1.1" 404 7310 "-" "Mozilla/5.0 (Windows NT 6.1; Win64; x64; rv:2.0b8pre) Gecko/20101213 Firefox/4.0b8pre"
93.123.109.101 - - [16/Apr/2025:11:07:25 -0400] "GET /t.config HTTP/1.1" 404 7327 "-" "Mozilla/5.0 (Windows NT 10.0; Win64; x64) AppleWebKit/537.36 Chrome/121.0.0.0"
103.131.71.228 - - [16/Apr/2025:11:20:06 -0400] "GET /robots.txt HTTP/1.1" 304 0 "-" "Mozilla/5.0 (compatible; coccocbot-web/1.0; +http://help.coccoc.com/searchengine)"
2a11:fc82:4dd4:98b3:66da:927d:5efa:c0b1 - - [16/Apr/2025:11:23:20 -0400] "GET /best-cbd-oil-products-uk/ HTTP/1.1" 200 13022 "http://llcbibleclub.com/best-cbd-oil-products-uk/" "Mozilla/5.0 (Windows NT 10.0; Win64; x64) AppleWebKit/537.36 (KHTML, like Gecko) Chrome/131.0.0.0 Safari/537.36 Avast/131.0.0.0"
198.54.114.83 - - [16/Apr/2025:11:23:29 -0400] "POST /wp-cron.php?doing_wp_cron=1744817007.9280169010162353515625 HTTP/1.1" 200 0 "-" "WordPress/6.8; https://llcbibleclub.com"
2a11:fc82:4dd4:98b3:66da:927d:5efa:c0b1 - - [16/Apr/2025:11:23:23 -0400] "POST /wp-comments-post.php HTTP/1.1" 302 0 "http://llcbibleclub.com/best-cbd-oil-products-uk/" "Mozilla/5.0 (Windows NT 10.0; Win64; x64) AppleWebKit/537.36 (KHTML, like Gecko) Chrome/131.0.0.0 Safari/537.36 Avast/131.0.0.0"
54.39.184.46 - - [16/Apr/2025:11:28:19 -0400] "GET /wp-content/themes/skt-stone-lite/customize-pro/example-1/error_exception.php?daphniswd.xml= HTTP/1.1" 404 7310 "-" "Mozilla/5.0 (compatible; YaK/1.0; http://linkfluence.com/; bot@linkfluence.com)"
198.54.114.83 - - [16/Apr/2025:11:28:27 -0400] "POST /wp-cron.php?doing_wp_cron=1744817305.1907138824462890625000 HTTP/1.1" 200 0 "-" "WordPress/6.8; https://llcbibleclub.com"
2a11:fc83:355:6732:b59a:cf6e:25ce:b528 - - [16/Apr/2025:11:45:19 -0400] "GET /best-cbd-oil-products-uk/ HTTP/1.1" 200 13022 "http://llcbibleclub.com/best-cbd-oil-products-uk/" "Mozilla/5.0 (Windows NT 10.0; Win64; x64) AppleWebKit/537.36 (KHTML, like Gecko) Chrome/129.0.0.0 Safari/537.36"
2a11:fc83:355:6732:b59a:cf6e:25ce:b528 - - [16/Apr/2025:11:45:27 -0400] "POST /wp-comments-post.php HTTP/1.1" 302 0 "http://llcbibleclub.com/best-cbd-oil-products-uk/" "Mozilla/5.0 (Windows NT 10.0; Win64; x64) AppleWebKit/537.36 (KHTML, like Gecko) Chrome/129.0.0.0 Safari/537.36"
135.119.141.161 - - [16/Apr/2025:11:48:22 -0400] "HEAD /wordpress HTTP/1.1" 404 0 "-" "Mozilla/5.0 (Windows NT 10.0; Win64; x64) AppleWebKit/537.36 (KHTML, like Gecko) Chrome/74.0.3729.169 Safari/537.36"
198.54.114.83 - - [16/Apr/2025:11:48:24 -0400] "POST /wp-cron.php?doing_wp_cron=1744818502.4634180068969726562500 HTTP/1.1" 200 0 "-" "WordPress/6.8; https://llcbibleclub.com"
135.119.141.161 - - [16/Apr/2025:11:48:26 -0400] "HEAD / HTTP/1.1" 200 0 "-" "Mozilla/5.0 (Windows NT 10.0; Win64; x64) AppleWebKit/537.36 (KHTML, like Gecko) Chrome/74.0.3729.169 Safari/537.36"
135.119.141.161 - - [16/Apr/2025:11:48:28 -0400] "HEAD /wp HTTP/1.1" 404 0 "-" "Mozilla/5.0 (Windows NT 10.0; Win64; x64) AppleWebKit/537.36 (KHTML, like Gecko) Chrome/74.0.3729.169 Safari/537.36"
135.119.141.161 - - [16/Apr/2025:11:48:29 -0400] "HEAD /bc HTTP/1.1" 404 0 "-" "Mozilla/5.0 (Windows NT 10.0; Win64; x64) AppleWebKit/537.36 (KHTML, like Gecko) Chrome/74.0.3729.169 Safari/537.36"
135.119.141.161 - - [16/Apr/2025:11:48:31 -0400] "HEAD /bk HTTP/1.1" 404 0 "-" "Mozilla/5.0 (Windows NT 10.0; Win64; x64) AppleWebKit/537.36 (KHTML, like Gecko) Chrome/74.0.3729.169 Safari/537.36"
135.119.141.161 - - [16/Apr/2025:11:48:33 -0400] "HEAD /backup HTTP/1.1" 404 0 "-" "Mozilla/5.0 (Windows NT 10.0; Win64; x64) AppleWebKit/537.36 (KHTML, like Gecko) Chrome/74.0.3729.169 Safari/537.36"
135.119.141.161 - - [16/Apr/2025:11:48:35 -0400] "HEAD /old HTTP/1.1" 404 0 "-" "Mozilla/5.0 (Windows NT 10.0; Win64; x64) AppleWebKit/537.36 (KHTML, like Gecko) Chrome/74.0.3729.169 Safari/537.36"
135.119.141.161 - - [16/Apr/2025:11:48:36 -0400] "HEAD /new HTTP/1.1" 301 0 "-" "Mozilla/5.0 (Windows NT 10.0; Win64; x64) AppleWebKit/537.36 (KHTML, like Gecko) Chrome/74.0.3729.169 Safari/537.36"
135.119.141.161 - - [16/Apr/2025:11:48:40 -0400] "HEAD /main HTTP/1.1" 404 0 "-" "Mozilla/5.0 (Windows NT 10.0; Win64; x64) AppleWebKit/537.36 (KHTML, like Gecko) Chrome/74.0.3729.169 Safari/537.36"
134.122.196.8 - - [16/Apr/2025:11:48:41 -0400] "GET /statics/img/login_bg.jpg HTTP/1.1" 404 7310 "http://llcbibleclub.com" "Mozilla/5.0 (compatible; Yahoo! Slurp; http://help.yahoo.com/help/us/ysearch/slurp\xa1\xb1)"
135.119.141.161 - - [16/Apr/2025:11:48:43 -0400] "HEAD /home HTTP/1.1" 301 0 "-" "Mozilla/5.0 (Windows NT 10.0; Win64; x64) AppleWebKit/537.36 (KHTML, like Gecko) Chrome/74.0.3729.169 Safari/537.36"
49.51.178.45 - - [16/Apr/2025:12:04:49 -0400] "GET / HTTP/1.1" 200 211213 "-" "Mozilla/5.0 (iPhone; CPU iPhone OS 13_2_3 like Mac OS X) AppleWebKit/605.1.15 (KHTML, like Gecko) Version/13.0.3 Mobile/15E148 Safari/604.1"
2a11:5787:1dfc:9bdd:16c6:7206:68c6:e91d - - [16/Apr/2025:12:05:39 -0400] "GET /best-cbd-oil-products-uk/ HTTP/1.1" 200 13022 "http://llcbibleclub.com/best-cbd-oil-products-uk/" "Mozilla/5.0 (Windows NT 10.0; Win64; x64) AppleWebKit/537.36 (KHTML, like Gecko) Chrome/131.0.0.0 Safari/537.36 Avast/131.0.0.0"
2a11:5787:1dfc:9bdd:16c6:7206:68c6:e91d - - [16/Apr/2025:12:05:44 -0400] "POST /wp-comments-post.php HTTP/1.1" 302 0 "http://llcbibleclub.com/best-cbd-oil-products-uk/" "Mozilla/5.0 (Windows NT 10.0; Win64; x64) AppleWebKit/537.36 (KHTML, like Gecko) Chrome/131.0.0.0 Safari/537.36 Avast/131.0.0.0"
198.54.114.83 - - [16/Apr/2025:12:05:52 -0400] "POST /wp-cron.php?doing_wp_cron=1744819549.1276540756225585937500 HTTP/1.1" 200 0 "-" "WordPress/6.8; https://llcbibleclub.com"
2a11:5785:5e32:c16a:dae0:8dcc:4277:f763 - - [16/Apr/2025:12:26:06 -0400] "GET /best-cbd-oil-products-uk/ HTTP/1.1" 200 13022 "http://llcbibleclub.com/best-cbd-oil-products-uk/" "Mozilla/5.0 (Windows NT 10.0; Win64; x64) AppleWebKit/537.36 (KHTML, like Gecko) Chrome/129.0.0.0 Safari/537.36"
2a11:5785:5e32:c16a:dae0:8dcc:4277:f763 - - [16/Apr/2025:12:26:09 -0400] "POST /wp-comments-post.php HTTP/1.1" 302 0 "http://llcbibleclub.com/best-cbd-oil-products-uk/" "Mozilla/5.0 (Windows NT 10.0; Win64; x64) AppleWebKit/537.36 (KHTML, like Gecko) Chrome/129.0.0.0 Safari/537.36"
198.54.114.83 - - [16/Apr/2025:12:26:17 -0400] "POST /wp-cron.php?doing_wp_cron=1744820773.6660940647125244140625 HTTP/1.1" 200 0 "-" "WordPress/6.8; https://llcbibleclub.com"
107.151.219.73 - - [16/Apr/2025:12:35:11 -0400] "GET /wp-admin/css/ HTTP/1.1" 403 1242 "binance.com" "Mozilla/5.0 (Windows NT 10.0; Win64; x64) AppleWebKit/537.36 (KHTML, like Gecko) Chrome/90.0.4430.85 Safari/537.36"
135.119.136.218 - - [16/Apr/2025:12:35:54 -0400] "HEAD /wordpress HTTP/1.1" 404 0 "-" "Mozilla/5.0 (Windows NT 10.0; Win64; x64) AppleWebKit/537.36 (KHTML, like Gecko) Chrome/74.0.3729.169 Safari/537.36"
135.119.136.218 - - [16/Apr/2025:12:36:04 -0400] "HEAD / HTTP/1.1" 200 0 "-" "Mozilla/5.0 (Windows NT 10.0; Win64; x64) AppleWebKit/537.36 (KHTML, like Gecko) Chrome/74.0.3729.169 Safari/537.36"
135.119.136.218 - - [16/Apr/2025:12:36:13 -0400] "HEAD /wp HTTP/1.1" 404 0 "-" "Mozilla/5.0 (Windows NT 10.0; Win64; x64) AppleWebKit/537.36 (KHTML, like Gecko) Chrome/74.0.3729.169 Safari/537.36"
135.119.136.218 - - [16/Apr/2025:12:36:23 -0400] "HEAD /bc HTTP/1.1" 404 0 "-" "Mozilla/5.0 (Windows NT 10.0; Win64; x64) AppleWebKit/537.36 (KHTML, like Gecko) Chrome/74.0.3729.169 Safari/537.36"
135.119.136.218 - - [16/Apr/2025:12:36:31 -0400] "HEAD /bk HTTP/1.1" 404 0 "-" "Mozilla/5.0 (Windows NT 10.0; Win64; x64) AppleWebKit/537.36 (KHTML, like Gecko) Chrome/74.0.3729.169 Safari/537.36"
135.119.136.218 - - [16/Apr/2025:12:36:41 -0400] "HEAD /backup HTTP/1.1" 404 0 "-" "Mozilla/5.0 (Windows NT 10.0; Win64; x64) AppleWebKit/537.36 (KHTML, like Gecko) Chrome/74.0.3729.169 Safari/537.36"
135.119.136.218 - - [16/Apr/2025:12:36:51 -0400] "HEAD /old HTTP/1.1" 404 0 "-" "Mozilla/5.0 (Windows NT 10.0; Win64; x64) AppleWebKit/537.36 (KHTML, like Gecko) Chrome/74.0.3729.169 Safari/537.36"
135.119.136.218 - - [16/Apr/2025:12:36:59 -0400] "HEAD /new HTTP/1.1" 404 0 "-" "Mozilla/5.0 (Windows NT 10.0; Win64; x64) AppleWebKit/537.36 (KHTML, like Gecko) Chrome/74.0.3729.169 Safari/537.36"
135.119.136.218 - - [16/Apr/2025:12:37:09 -0400] "HEAD /main HTTP/1.1" 404 0 "-" "Mozilla/5.0 (Windows NT 10.0; Win64; x64) AppleWebKit/537.36 (KHTML, like Gecko) Chrome/74.0.3729.169 Safari/537.36"
135.119.136.218 - - [16/Apr/2025:12:37:19 -0400] "HEAD /home HTTP/1.1" 404 0 "-" "Mozilla/5.0 (Windows NT 10.0; Win64; x64) AppleWebKit/537.36 (KHTML, like Gecko) Chrome/74.0.3729.169 Safari/537.36"
2a12:8100:9b8c:f3fd:2d5b:3478:d90c:32f1 - - [16/Apr/2025:12:47:05 -0400] "GET /best-cbd-oil-products-uk/ HTTP/1.1" 200 13022 "http://llcbibleclub.com/best-cbd-oil-products-uk/" "Mozilla/5.0 (Windows NT 10.0; Win64; x64) AppleWebKit/537.36 (KHTML, like Gecko) Chrome/131.0.0.0 Safari/537.36 Avast/131.0.0.0"
2a12:8100:9b8c:f3fd:2d5b:3478:d90c:32f1 - - [16/Apr/2025:12:47:13 -0400] "POST /wp-comments-post.php HTTP/1.1" 302 0 "http://llcbibleclub.com/best-cbd-oil-products-uk/" "Mozilla/5.0 (Windows NT 10.0; Win64; x64) AppleWebKit/537.36 (KHTML, like Gecko) Chrome/131.0.0.0 Safari/537.36 Avast/131.0.0.0"
54.39.184.46 - - [16/Apr/2025:12:55:17 -0400] "GET /wp-content/themes/skt-stone-lite/customize-pro/example-1/error_exception.php?sitemap.xml= HTTP/1.1" 404 7311 "-" "Mozilla/5.0 (compatible; YaK/1.0; http://linkfluence.com/; bot@linkfluence.com)"
198.54.114.83 - - [16/Apr/2025:12:55:27 -0400] "POST /wp-cron.php?doing_wp_cron=1744822523.1226549148559570312500 HTTP/1.1" 200 0 "-" "WordPress/6.8; https://llcbibleclub.com"
2a12:8104:6bfe:1525:7d85:4cb8:1c03:450c - - [16/Apr/2025:13:07:44 -0400] "GET /best-cbd-oil-products-uk/ HTTP/1.1" 200 13022 "http://llcbibleclub.com/best-cbd-oil-products-uk/" "Mozilla/5.0 (Windows NT 10.0; Win64; x64) AppleWebKit/537.36 (KHTML, like Gecko) Chrome/130.0.0.0 Safari/537.36 CCleaner/130.0.0.0"
2a12:8104:6bfe:1525:7d85:4cb8:1c03:450c - - [16/Apr/2025:13:07:48 -0400] "POST /wp-comments-post.php HTTP/1.1" 302 0 "http://llcbibleclub.com/best-cbd-oil-products-uk/" "Mozilla/5.0 (Windows NT 10.0; Win64; x64) AppleWebKit/537.36 (KHTML, like Gecko) Chrome/130.0.0.0 Safari/537.36 CCleaner/130.0.0.0"
198.54.114.83 - - [16/Apr/2025:13:07:58 -0400] "POST /wp-cron.php?doing_wp_cron=1744823273.7747840881347656250000 HTTP/1.1" 200 0 "-" "WordPress/6.8; https://llcbibleclub.com"
85.208.96.208 - - [16/Apr/2025:13:08:02 -0400] "GET /lemon-friday-speed-dating/ HTTP/1.1" 404 7310 "-" "Mozilla/5.0 (compatible; SemrushBot/7~bl; +http://www.semrush.com/bot.html)"
38.170.230.26 - - [16/Apr/2025:13:13:03 -0400] "GET / HTTP/1.1" 200 211213 "-" "Mozilla/5.0 (Windows NT 10.0; Win64; x64) AppleWebKit/537.36 (KHTML, like Gecko) Chrome/134.0.0.0 Safari/537.36"
85.208.98.23 - - [16/Apr/2025:13:21:42 -0400] "GET /robots.txt HTTP/1.1" 304 0 "-" "Mozilla/5.0 (compatible; SemrushBot-BA; +http://www.semrush.com/bot.html)"
2a11:fc83:9ed8:5d97:a35f:3c8f:75c4:a7f9 - - [16/Apr/2025:13:28:20 -0400] "GET /best-cbd-oil-products-uk/ HTTP/1.1" 200 13022 "http://llcbibleclub.com/best-cbd-oil-products-uk/" "Mozilla/5.0 (Windows NT 10.0; Win64; x64) AppleWebKit/537.36 (KHTML, like Gecko) Chrome/131.0.0.0 Safari/537.36 Avast/131.0.0.0"
198.54.114.83 - - [16/Apr/2025:13:28:27 -0400] "POST /wp-cron.php?doing_wp_cron=1744824504.6732449531555175781250 HTTP/1.1" 200 0 "-" "WordPress/6.8; https://llcbibleclub.com"
2a11:fc83:9ed8:5d97:a35f:3c8f:75c4:a7f9 - - [16/Apr/2025:13:28:24 -0400] "POST /wp-comments-post.php HTTP/1.1" 302 0 "http://llcbibleclub.com/best-cbd-oil-products-uk/" "Mozilla/5.0 (Windows NT 10.0; Win64; x64) AppleWebKit/537.36 (KHTML, like Gecko) Chrome/131.0.0.0 Safari/537.36 Avast/131.0.0.0"
43.156.115.113 - - [16/Apr/2025:13:40:32 -0400] "GET /wp-aa.php HTTP/1.1" 404 7309 "-" "Mozilla/5.0 (Windows NT 10.0; Win64; x64) AppleWebKit/537.36 (KHTML, like Gecko) Chrome/83.0.4103.97 Safari/537.36"
198.54.114.83 - - [16/Apr/2025:13:40:44 -0400] "POST /wp-cron.php?doing_wp_cron=1744825240.4307339191436767578125 HTTP/1.1" 200 0 "-" "WordPress/6.8; https://llcbibleclub.com"
43.156.115.113 - - [16/Apr/2025:13:40:47 -0400] "GET /wp-content/plugins/wp-automatic/inc/csv.php HTTP/1.1" 404 7309 "-" "Mozilla/5.0 (Windows NT 10.0; Win64; x64) AppleWebKit/537.36 (KHTML, like Gecko) Chrome/83.0.4103.97 Safari/537.36"
2a11:5781:50cf:4ca1:7327:5316:2df7:9d7d - - [16/Apr/2025:13:50:17 -0400] "GET /best-cbd-oil-products-uk/ HTTP/1.1" 200 13022 "http://llcbibleclub.com/best-cbd-oil-products-uk/" "Mozilla/5.0 (Windows NT 10.0; Win64; x64) AppleWebKit/537.36 (KHTML, like Gecko) Chrome/129.0.0.0 Safari/537.36"
194.38.23.16 - - [16/Apr/2025:13:50:17 -0400] "GET /sites/all/libraries/elfinder/src/connectors/php/connector.php HTTP/1.1" 404 7309 "-" "ALittle Client"
2a12:ccc3:f594:3c70:3ab3:2b91:3d5e:d210 - - [16/Apr/2025:13:50:21 -0400] "POST /wp-comments-post.php HTTP/1.1" 302 0 "http://llcbibleclub.com/best-cbd-oil-products-uk/" "Mozilla/5.0 (Windows NT 10.0; Win64; x64) AppleWebKit/537.36 (KHTML, like Gecko) Chrome/129.0.0.0 Safari/537.36"
52.167.144.180 - - [16/Apr/2025:13:52:33 -0400] "GET /discount-keflex-no-prescription-cephalexin-generic-order/ HTTP/1.1" 404 7311 "-" "Mozilla/5.0 AppleWebKit/537.36 (KHTML, like Gecko; compatible; bingbot/2.0; +http://www.bing.com/bingbot.htm) Chrome/116.0.1938.76 Safari/537.36"
2a12:8105:4787:56ae:85a6:88e:be52:bce - - [16/Apr/2025:14:14:54 -0400] "GET /best-cbd-oil-products-uk/ HTTP/1.1" 200 13022 "http://llcbibleclub.com/best-cbd-oil-products-uk/" "Mozilla/5.0 (Windows NT 10.0; Win64; x64) AppleWebKit/537.36 (KHTML, like Gecko) Chrome/130.0.0.0 Safari/537.36"
198.54.114.83 - - [16/Apr/2025:14:15:07 -0400] "POST /wp-cron.php?doing_wp_cron=1744827304.8026239871978759765625 HTTP/1.1" 200 0 "-" "WordPress/6.8; https://llcbibleclub.com"
2a12:ccc1:4dd7:66dd:806:64c1:f181:4656 - - [16/Apr/2025:14:14:57 -0400] "POST /wp-comments-post.php HTTP/1.1" 302 0 "http://llcbibleclub.com/best-cbd-oil-products-uk/" "Mozilla/5.0 (Windows NT 10.0; Win64; x64) AppleWebKit/537.36 (KHTML, like Gecko) Chrome/130.0.0.0 Safari/537.36"
54.39.177.92 - - [16/Apr/2025:14:32:32 -0400] "GET /feed/ HTTP/1.1" 200 514493 "-" "Mozilla/5.0 (compatible; YaK/1.0; http://linkfluence.com/; bot@linkfluence.com)"
152.89.129.184 - - [16/Apr/2025:14:36:12 -0400] "GET /screw-chart-choosing-the-right-10-screw-diameter/ HTTP/1.1" 200 12811 "-" "Mozilla/5.0 (Macintosh; Intel Mac OS X 12_5) AppleWebKit/537.36 (KHTML, like Gecko) Chrome/114.0.0.0 Safari/537.36 Vivaldi/5.3.2679.68"
2a12:8105:e38a:a34c:9d54:9206:97:9cd6 - - [16/Apr/2025:14:41:08 -0400] "GET /best-cbd-oil-products-uk/ HTTP/1.1" 200 13022 "http://llcbibleclub.com/best-cbd-oil-products-uk/" "Mozilla/5.0 (Windows NT 10.0; Win64; x64) AppleWebKit/537.36 (KHTML, like Gecko) Chrome/130.0.0.0 Safari/537.36"
2a12:8105:e38a:a34c:9d54:9206:97:9cd6 - - [16/Apr/2025:14:41:17 -0400] "POST /wp-comments-post.php HTTP/1.1" 302 0 "http://llcbibleclub.com/best-cbd-oil-products-uk/" "Mozilla/5.0 (Windows NT 10.0; Win64; x64) AppleWebKit/537.36 (KHTML, like Gecko) Chrome/130.0.0.0 Safari/537.36"
98.84.60.17 - - [16/Apr/2025:14:48:00 -0400] "GET /discount-generic-lexapro-worldwide-shipping-3-7-days/ HTTP/1.1" 404 7310 "-" "Mozilla/5.0 AppleWebKit/537.36 (KHTML, like Gecko; compatible; Amazonbot/0.1; +https://developer.amazon.com/support/amazonbot) Chrome/119.0.6045.214 Safari/537.36"
45.207.241.160 - - [16/Apr/2025:14:52:14 -0400] "GET / HTTP/1.1" 200 211213 "-" "Mozilla/5.0 (Windows NT 10.0; Win64; x64) AppleWebKit/537.36 (KHTML, like Gecko) Chrome/97.0.4280.67 Safari/537.36 Edg/97.0.664.52"
2a12:8107:6103:81b2:ebd1:d377:f7ff:5df1 - - [16/Apr/2025:15:02:10 -0400] "GET /best-cbd-oil-products-uk/ HTTP/1.1" 200 13022 "http://llcbibleclub.com/best-cbd-oil-products-uk/#comment-6148" "Mozilla/5.0 (Windows NT 10.0; Win64; x64) AppleWebKit/537.36 (KHTML, like Gecko) Chrome/129.0.0.0 Safari/537.36"
198.54.114.83 - - [16/Apr/2025:15:02:15 -0400] "POST /wp-cron.php?doing_wp_cron=1744830134.2121438980102539062500 HTTP/1.1" 200 0 "-" "WordPress/6.8; https://llcbibleclub.com"
2a12:e247:a7f8:7ea0:cdce:e438:c0ea:21e7 - - [16/Apr/2025:15:02:13 -0400] "POST /wp-comments-post.php HTTP/1.1" 302 0 "http://llcbibleclub.com/best-cbd-oil-products-uk/#comment-6148" "Mozilla/5.0 (Windows NT 10.0; Win64; x64) AppleWebKit/537.36 (KHTML, like Gecko) Chrome/129.0.0.0 Safari/537.36"
171.22.36.89 - - [16/Apr/2025:15:04:13 -0400] "GET /screw-chart-choosing-the-right-10-screw-diameter/ HTTP/1.1" 200 12811 "-" "Mozilla/5.0 (Macintosh; Intel Mac OS X 12_5) AppleWebKit/537.36 (KHTML, like Gecko) Chrome/114.0.0.0 Safari/537.36 Vivaldi/5.3.2679.68"
2a12:e244:8b79:2367:790f:b8c6:8468:d614 - - [16/Apr/2025:15:05:33 -0400] "GET /best-cbd-oil-products-uk/ HTTP/1.1" 200 13022 "http://llcbibleclub.com/best-cbd-oil-products-uk/" "Mozilla/5.0 (Windows NT 10.0; Win64; x64) AppleWebKit/537.36 (KHTML, like Gecko) Chrome/131.0.0.0 Safari/537.36 Avast/131.0.0.0"
2a11:5786:daeb:22f1:680e:d89c:c91:e546 - - [16/Apr/2025:15:05:39 -0400] "POST /wp-comments-post.php HTTP/1.1" 302 0 "http://llcbibleclub.com/best-cbd-oil-products-uk/" "Mozilla/5.0 (Windows NT 10.0; Win64; x64) AppleWebKit/537.36 (KHTML, like Gecko) Chrome/131.0.0.0 Safari/537.36 Avast/131.0.0.0"
138.199.15.170 - - [16/Apr/2025:15:10:26 -0400] "GET /best-cbd-oil-products-uk/ HTTP/1.1" 200 13022 "http://llcbibleclub.com/best-cbd-oil-products-uk/" "Mozilla/5.0 (Windows NT 10.0; Win64; x64) AppleWebKit/537.36 (KHTML, like Gecko) Chrome/131.0.0.0 Safari/537.36"
138.199.15.170 - - [16/Apr/2025:15:10:29 -0400] "POST /wp-comments-post.php HTTP/1.1" 302 0 "http://llcbibleclub.com/best-cbd-oil-products-uk/" "Mozilla/5.0 (Windows NT 10.0; Win64; x64) AppleWebKit/537.36 (KHTML, like Gecko) Chrome/131.0.0.0 Safari/537.36"
45.93.184.229 - - [16/Apr/2025:15:13:01 -0400] "GET /tadalafil-achat-en-ligne/ HTTP/1.1" 404 7309 "-" "Mozilla/5.0 (X11; Linux i686) AppleWebKit/535.11 (KHTML, like Gecko) Chrome/17.0.963.66 Safari/535.11"
198.54.114.83 - - [16/Apr/2025:15:13:08 -0400] "POST /wp-cron.php?doing_wp_cron=1744830786.0435719490051269531250 HTTP/1.1" 200 0 "-" "WordPress/6.8; https://llcbibleclub.com"
171.22.37.66 - - [16/Apr/2025:15:25:43 -0400] "GET /screw-chart-choosing-the-right-10-screw-diameter/ HTTP/1.1" 200 12811 "-" "Mozilla/5.0 (Macintosh; Intel Mac OS X 12_5) AppleWebKit/537.36 (KHTML, like Gecko) Chrome/114.0.0.0 Safari/537.36 Vivaldi/5.3.2679.68"
159.89.197.75 - - [16/Apr/2025:15:26:52 -0400] "GET / HTTP/1.1" 200 211213 "-" "Mozilla/5.0 (Windows NT 10.0; Win64; x64) AppleWebKit/537.36 (KHTML, like Gecko) Chrome/95.0.4638.69 Safari/537.36"
159.89.197.75 - - [16/Apr/2025:15:26:56 -0400] "GET /wp-includes/ID3/license.txt HTTP/1.1" 200 501 "-" "Mozilla/5.0 (Windows NT 10.0; Win64; x64) AppleWebKit/537.36 (KHTML, like Gecko) Chrome/95.0.4638.69 Safari/537.36"
159.89.197.75 - - [16/Apr/2025:15:26:57 -0400] "GET /feed/ HTTP/1.1" 200 514493 "-" "Mozilla/5.0 (Windows NT 10.0; Win64; x64) AppleWebKit/537.36 (KHTML, like Gecko) Chrome/95.0.4638.69 Safari/537.36"
159.89.197.75 - - [16/Apr/2025:15:27:02 -0400] "GET /?author=1 HTTP/1.1" 200 211213 "-" "Mozilla/5.0 (Windows NT 10.0; Win64; x64) AppleWebKit/537.36 (KHTML, like Gecko) Chrome/95.0.4638.69 Safari/537.36"
198.54.114.83 - - [16/Apr/2025:15:27:09 -0400] "POST /wp-cron.php?doing_wp_cron=1744831628.6205480098724365234375 HTTP/1.1" 200 0 "-" "WordPress/6.8; https://llcbibleclub.com"
159.89.197.75 - - [16/Apr/2025:15:27:03 -0400] "GET /wp-json/wp/v2/users/ HTTP/1.1" 200 1538 "-" "Mozilla/5.0 (Windows NT 10.0; Win64; x64) AppleWebKit/537.36 (KHTML, like Gecko) Chrome/95.0.4638.69 Safari/537.36"
159.89.197.75 - - [16/Apr/2025:15:27:15 -0400] "POST /xmlrpc.php HTTP/1.1" 200 0 "-" "Mozilla/5.0 (Windows NT 10.0; Win64; x64) AppleWebKit/537.36 (KHTML, like Gecko) Chrome/95.0.4638.69 Safari/537.36"
159.89.197.75 - - [16/Apr/2025:15:28:44 -0400] "POST /xmlrpc.php HTTP/1.1" 200 0 "-" "Mozilla/5.0 (Windows NT 10.0; Win64; x64) AppleWebKit/537.36 (KHTML, like Gecko) Chrome/95.0.4638.69 Safari/537.36"
2a12:e245:eb9d:4048:67b6:1e63:dbe2:849a - - [16/Apr/2025:15:31:45 -0400] "GET /best-cbd-oil-products-uk/ HTTP/1.1" 200 13022 "http://llcbibleclub.com/best-cbd-oil-products-uk/" "Mozilla/5.0 (Windows NT 10.0; Win64; x64) AppleWebKit/537.36 (KHTML, like Gecko) Chrome/131.0.0.0 Safari/537.36 Avast/131.0.0.0"
198.54.114.83 - - [16/Apr/2025:15:31:54 -0400] "POST /wp-cron.php?doing_wp_cron=1744831912.1834568977355957031250 HTTP/1.1" 200 0 "-" "WordPress/6.8; https://llcbibleclub.com"
2a12:8100:864c:839a:14e3:9eb6:627b:2376 - - [16/Apr/2025:15:31:46 -0400] "POST /wp-comments-post.php HTTP/1.1" 302 0 "http://llcbibleclub.com/best-cbd-oil-products-uk/" "Mozilla/5.0 (Windows NT 10.0; Win64; x64) AppleWebKit/537.36 (KHTML, like Gecko) Chrome/131.0.0.0 Safari/537.36 Avast/131.0.0.0"
65.108.229.215 - - [16/Apr/2025:15:33:53 -0400] "GET /best-cbd-oil-products-uk/ HTTP/1.1" 200 13022 "http://llcbibleclub.com/best-cbd-oil-products-uk/#comment-14827/" "Mozilla/5.0 (Windows NT 10.0; Win64; x64) AppleWebKit/537.36 (KHTML, like Gecko) Chrome/130.0.0.0 Safari/537.36"
198.54.114.83 - - [16/Apr/2025:15:34:01 -0400] "POST /wp-cron.php?doing_wp_cron=1744832039.3872029781341552734375 HTTP/1.1" 200 0 "-" "WordPress/6.8; https://llcbibleclub.com"
65.108.229.215 - - [16/Apr/2025:15:33:55 -0400] "POST /wp-comments-post.php HTTP/1.1" 302 0 "http://llcbibleclub.com/best-cbd-oil-products-uk/#comment-14827/" "Mozilla/5.0 (Windows NT 10.0; Win64; x64) AppleWebKit/537.36 (KHTML, like Gecko) Chrome/130.0.0.0 Safari/537.36"
85.208.98.18 - - [16/Apr/2025:15:37:23 -0400] "GET /robots.txt HTTP/1.1" 304 0 "-" "Mozilla/5.0 (compatible; SemrushBot; +http://www.semrush.com/bot.html)"
182.44.2.148 - - [16/Apr/2025:15:39:58 -0400] "GET / HTTP/1.1" 200 211213 "-" "Mozilla/5.0 (iPhone; CPU iPhone OS 13_2_3 like Mac OS X) AppleWebKit/605.1.15 (KHTML, like Gecko) Version/13.0.3 Mobile/15E148 Safari/604.1"
143.244.57.84 - - [16/Apr/2025:15:50:25 -0400] "GET / HTTP/1.1" 200 211213 "-" "Mozilla/5.0 (Windows NT 10.0; Win64; x64) AppleWebKit/537.36 (KHTML, like Gecko) Chrome/78.0.3904.108 Safari/537.36"
143.244.57.84 - - [16/Apr/2025:15:50:28 -0400] "GET / HTTP/1.1" 200 211213 "-" "Mozilla/5.0 (Windows NT 10.0; Win64; x64) AppleWebKit/537.36 (KHTML, like Gecko) Chrome/78.0.3904.108 Safari/537.36"
198.54.114.83 - - [16/Apr/2025:15:50:34 -0400] "POST /wp-cron.php?doing_wp_cron=1744833034.2860679626464843750000 HTTP/1.1" 200 0 "-" "WordPress/6.8; https://llcbibleclub.com"
143.244.57.84 - - [16/Apr/2025:15:50:29 -0400] "GET /wp-includes/wlwmanifest.xml HTTP/1.1" 404 7309 "-" "Mozilla/5.0 (Windows NT 10.0; Win64; x64) AppleWebKit/537.36 (KHTML, like Gecko) Chrome/78.0.3904.108 Safari/537.36"
143.244.57.84 - - [16/Apr/2025:15:50:36 -0400] "GET /?author=1 HTTP/1.1" 200 211213 "-" "Mozilla/5.0 (Windows NT 10.0; Win64; x64) AppleWebKit/537.36 (KHTML, like Gecko) Chrome/78.0.3904.108 Safari/537.36"
143.244.57.84 - - [16/Apr/2025:15:50:38 -0400] "GET /?author=2 HTTP/1.1" 200 211213 "-" "Mozilla/5.0 (Windows NT 10.0; Win64; x64) AppleWebKit/537.36 (KHTML, like Gecko) Chrome/78.0.3904.108 Safari/537.36"
143.244.57.84 - - [16/Apr/2025:15:50:40 -0400] "GET /wp-json/wp/v2/users/ HTTP/1.1" 200 1538 "-" "Mozilla/5.0 (Windows NT 10.0; Win64; x64) AppleWebKit/537.36 (KHTML, like Gecko) Chrome/78.0.3904.108 Safari/537.36"
143.244.57.84 - - [16/Apr/2025:15:50:42 -0400] "POST /xmlrpc.php HTTP/1.1" 200 236 "-" "Mozilla/5.0 (Windows NT 10.0; Win64; x64) AppleWebKit/537.36 (KHTML, like Gecko) Chrome/78.0.3904.108 Safari/537.36"
143.244.57.84 - - [16/Apr/2025:15:50:44 -0400] "POST /xmlrpc.php HTTP/1.1" 200 236 "-" "Mozilla/5.0 (Windows NT 10.0; Win64; x64) AppleWebKit/537.36 (KHTML, like Gecko) Chrome/78.0.3904.108 Safari/537.36"
143.244.57.84 - - [16/Apr/2025:15:50:45 -0400] "POST /xmlrpc.php HTTP/1.1" 200 236 "-" "Mozilla/5.0 (Windows NT 10.0; Win64; x64) AppleWebKit/537.36 (KHTML, like Gecko) Chrome/78.0.3904.108 Safari/537.36"
143.244.57.84 - - [16/Apr/2025:15:50:47 -0400] "POST /xmlrpc.php HTTP/1.1" 200 236 "-" "Mozilla/5.0 (Windows NT 10.0; Win64; x64) AppleWebKit/537.36 (KHTML, like Gecko) Chrome/78.0.3904.108 Safari/537.36"
143.244.57.84 - - [16/Apr/2025:15:50:49 -0400] "POST /xmlrpc.php HTTP/1.1" 200 236 "-" "Mozilla/5.0 (Windows NT 10.0; Win64; x64) AppleWebKit/537.36 (KHTML, like Gecko) Chrome/78.0.3904.108 Safari/537.36"
143.244.57.84 - - [16/Apr/2025:15:50:51 -0400] "POST /xmlrpc.php HTTP/1.1" 200 236 "-" "Mozilla/5.0 (Windows NT 10.0; Win64; x64) AppleWebKit/537.36 (KHTML, like Gecko) Chrome/78.0.3904.108 Safari/537.36"
171.22.38.19 - - [16/Apr/2025:15:52:34 -0400] "GET /screw-chart-choosing-the-right-10-screw-diameter/ HTTP/1.1" 200 12811 "-" "Mozilla/5.0 (Macintosh; Intel Mac OS X 12_5) AppleWebKit/537.36 (KHTML, like Gecko) Chrome/114.0.0.0 Safari/537.36 Vivaldi/5.3.2679.68"
