51.222.253.13 - - [01/Apr/2025:20:37:36 -0400] "GET /real-estate-investing-for-beginners/feed/ HTTP/1.1" 404 1251 "-" "Mozilla/5.0 (compatible; AhrefsBot/7.0; +http://ahrefs.com/robot/)"
193.218.118.196 - - [01/Apr/2025:20:38:29 -0400] "GET / HTTP/1.1" 200 156255 "https://prettechengineering.com" "Mozilla/5.0 (X11; Linux x86_64; rv:60.0) Gecko/20100101 Firefox/60.0.1"
51.222.253.13 - - [01/Apr/2025:20:40:54 -0400] "GET /choosing-the-right-type-of-double-glazing/feed/ HTTP/1.1" 404 1251 "-" "Mozilla/5.0 (compatible; AhrefsBot/7.0; +http://ahrefs.com/robot/)"
51.222.253.10 - - [01/Apr/2025:20:44:17 -0400] "GET /fort-collins-basement-finishing/feed/ HTTP/1.1" 404 1251 "-" "Mozilla/5.0 (compatible; AhrefsBot/7.0; +http://ahrefs.com/robot/)"
198.54.114.83 - - [01/Apr/2025:20:46:43 -0400] "POST /wp-cron.php?doing_wp_cron=1743554803.2140529155731201171875 HTTP/1.1" 200 0 "-" "WordPress/6.7.1; https://prettechengineering.com"
2400:9800:371:cb11:55c7:e9ee:92fb:28ac - - [01/Apr/2025:20:46:38 -0400] "POST /wp-login.php HTTP/1.1" 200 2042 "https://prettechengineering.com/wp-admin/" "Mozilla/5.0 (Windows NT 10.0; Win64; x64) AppleWebKit/537.36 (KHTML, like Gecko) Chrome/90.0.4430.85 Safari/537.36"
2400:9800:371:cb11:55c7:e9ee:92fb:28ac - - [01/Apr/2025:20:46:44 -0400] "GET /wp-admin/ HTTP/1.1" 302 0 "www.google.com" "Mozilla/5.0 (Windows NT 10.0; Win64; x64) AppleWebKit/537.36 (KHTML, like Gecko) Chrome/90.0.4430.85 Safari/537.36"
198.54.114.83 - - [01/Apr/2025:20:46:44 -0400] "POST /wp-admin/admin-ajax.php?action=async_litespeed&nonce=klj3oJEj2BxEBkicUBSSDhaGzdC331Le&litespeed_type=imgoptm HTTP/1.1" 200 5 "-" "WordPress/6.7.1; https://prettechengineering.com"
2400:9800:371:cb11:55c7:e9ee:92fb:28ac - - [01/Apr/2025:20:46:45 -0400] "GET /wp-login.php?redirect_to=https%3A%2F%2Fprettechengineering.com%2Fwp-admin%2F&reauth=1 HTTP/1.1" 200 1922 "www.google.com" "Mozilla/5.0 (Windows NT 10.0; Win64; x64) AppleWebKit/537.36 (KHTML, like Gecko) Chrome/90.0.4430.85 Safari/537.36"
51.222.253.12 - - [01/Apr/2025:20:47:27 -0400] "GET /zoom-out-on-mac/feed/ HTTP/1.1" 404 1251 "-" "Mozilla/5.0 (compatible; AhrefsBot/7.0; +http://ahrefs.com/robot/)"
51.222.253.19 - - [01/Apr/2025:20:50:09 -0400] "GET /what-is-a-shortener-url/feed/ HTTP/1.1" 404 1251 "-" "Mozilla/5.0 (compatible; AhrefsBot/7.0; +http://ahrefs.com/robot/)"
51.222.253.1 - - [01/Apr/2025:20:53:00 -0400] "GET /a-mechanical-spider-verse-mask-goes-viral/feed/ HTTP/1.1" 404 1251 "-" "Mozilla/5.0 (compatible; AhrefsBot/7.0; +http://ahrefs.com/robot/)"
51.222.253.16 - - [01/Apr/2025:20:55:38 -0400] "GET /the-hill-at-one-north-by-kingsford-development/feed/ HTTP/1.1" 404 1251 "-" "Mozilla/5.0 (compatible; AhrefsBot/7.0; +http://ahrefs.com/robot/)"
198.54.114.83 - - [01/Apr/2025:20:56:32 -0400] "POST /wp-admin/admin-ajax.php?action=async_litespeed&nonce=IHERo770Jlor3NwWK3zpico7OK7o6847&litespeed_type=imgoptm HTTP/1.1" 200 0 "-" "WordPress/6.7.1; https://prettechengineering.com"
51.222.253.1 - - [01/Apr/2025:20:58:23 -0400] "GET /a-life-of-gastronomic-delights-at-lentoria/feed/ HTTP/1.1" 404 1251 "-" "Mozilla/5.0 (compatible; AhrefsBot/7.0; +http://ahrefs.com/robot/)"
58.221.37.82 - - [01/Apr/2025:21:00:12 -0400] "GET / HTTP/1.1" 200 156255 "https://www.google.com/" "Mozilla/5.0 (Linux; Android 10; K) AppleWebKit/537.36 (KHTML, like Gecko) Chrome/132.0.0.0 Mobile Safari/537.36"
58.221.37.82 - - [01/Apr/2025:21:00:13 -0400] "GET / HTTP/1.1" 200 156255 "https://www.google.com/" "Mozilla/5.0 (Linux; Android 10; K) AppleWebKit/537.36 (KHTML, like Gecko) Chrome/132.0.0.0 Mobile Safari/537.36"
51.222.253.19 - - [01/Apr/2025:21:01:01 -0400] "GET /guida-completa-per-la-pulizia-dei-diamanti/feed/ HTTP/1.1" 404 1251 "-" "Mozilla/5.0 (compatible; AhrefsBot/7.0; +http://ahrefs.com/robot/)"
51.222.253.12 - - [01/Apr/2025:21:03:52 -0400] "GET /the-importance-of-cyber-security/feed/ HTTP/1.1" 404 1251 "-" "Mozilla/5.0 (compatible; AhrefsBot/7.0; +http://ahrefs.com/robot/)"
51.222.253.19 - - [01/Apr/2025:21:06:26 -0400] "GET /a-career-in-voice-acting/feed/ HTTP/1.1" 404 1251 "-" "Mozilla/5.0 (compatible; AhrefsBot/7.0; +http://ahrefs.com/robot/)"
51.222.253.19 - - [01/Apr/2025:21:08:48 -0400] "GET /gethuman-improves-max-customer-service/feed/ HTTP/1.1" 404 1251 "-" "Mozilla/5.0 (compatible; AhrefsBot/7.0; +http://ahrefs.com/robot/)"
51.222.253.7 - - [01/Apr/2025:21:11:17 -0400] "GET /how-to-get-4000-watch-hours-on-youtube/feed/ HTTP/1.1" 404 1251 "-" "Mozilla/5.0 (compatible; AhrefsBot/7.0; +http://ahrefs.com/robot/)"
51.222.253.8 - - [01/Apr/2025:21:13:58 -0400] "GET /the-myst-condo-by-city-developments-ltd/feed/ HTTP/1.1" 404 1251 "-" "Mozilla/5.0 (compatible; AhrefsBot/7.0; +http://ahrefs.com/robot/)"
51.222.253.14 - - [01/Apr/2025:21:16:59 -0400] "GET /getting-great-rates-the-green-light-on-your-next-auto-loan/feed/ HTTP/1.1" 404 1251 "-" "Mozilla/5.0 (compatible; AhrefsBot/7.0; +http://ahrefs.com/robot/)"
51.222.253.2 - - [01/Apr/2025:21:19:15 -0400] "GET /how-to-delete-a-pin-on-pinterest/feed/ HTTP/1.1" 404 1251 "-" "Mozilla/5.0 (compatible; AhrefsBot/7.0; +http://ahrefs.com/robot/)"
198.54.114.83 - - [01/Apr/2025:21:21:28 -0400] "POST /wp-admin/admin-ajax.php?action=async_litespeed&nonce=QXJQLW4yuwQOo2a0cu236afdpCd3cqvL&litespeed_type=imgoptm HTTP/1.1" 200 0 "-" "WordPress/6.7.1; https://prettechengineering.com"
51.222.253.11 - - [01/Apr/2025:21:22:00 -0400] "GET /discover-a-moss-agate-engagement-ring/feed/ HTTP/1.1" 404 1251 "-" "Mozilla/5.0 (compatible; AhrefsBot/7.0; +http://ahrefs.com/robot/)"
51.222.253.14 - - [01/Apr/2025:21:24:51 -0400] "GET /what-is-a-lawyer/feed/ HTTP/1.1" 404 1251 "-" "Mozilla/5.0 (compatible; AhrefsBot/7.0; +http://ahrefs.com/robot/)"
34.169.31.233 - - [01/Apr/2025:21:25:32 -0400] "GET /7-less-obvious-things-to-do-in-budapest/ HTTP/1.1" 404 1251 "-" "Mozilla/5.0 (Windows NT 10.0; Win64; x64) AppleWebKit/537.36 (KHTML, like Gecko) Chrome/123.0.0.0 Safari/537.36"
34.169.31.233 - - [01/Apr/2025:21:25:32 -0400] "GET /what-is-file-transfer/ HTTP/1.1" 404 1251 "-" "Mozilla/5.0 (Macintosh; Intel Mac OS X 10_15_7) AppleWebKit/605.1.15 (KHTML, like Gecko) Version/17.0 Safari/605.1.15"
51.222.253.9 - - [01/Apr/2025:21:27:46 -0400] "GET /what-is-strategic-planning/feed/ HTTP/1.1" 404 1251 "-" "Mozilla/5.0 (compatible; AhrefsBot/7.0; +http://ahrefs.com/robot/)"
51.222.253.7 - - [01/Apr/2025:21:30:41 -0400] "GET /voice-over-artists/feed/ HTTP/1.1" 404 1251 "-" "Mozilla/5.0 (compatible; AhrefsBot/7.0; +http://ahrefs.com/robot/)"
34.145.20.211 - - [01/Apr/2025:21:32:02 -0400] "GET /canbat-12-volt-20ah-lithium-battery/ HTTP/1.1" 404 1251 "-" "Mozilla/5.0 (Windows NT 10.0; Win64; x64) AppleWebKit/537.36 (KHTML, like Gecko) Chrome/123.0.0.0 Safari/537.36"
51.222.253.9 - - [01/Apr/2025:21:33:44 -0400] "GET /handmade-bamboo-lingerie/feed/ HTTP/1.1" 404 1251 "-" "Mozilla/5.0 (compatible; AhrefsBot/7.0; +http://ahrefs.com/robot/)"
51.222.253.12 - - [01/Apr/2025:21:36:19 -0400] "GET /strategie-de-marketing-video-pourquoi-votre-strategie-video-est-importante-et-par-ou-commencer/feed/ HTTP/1.1" 404 1251 "-" "Mozilla/5.0 (compatible; AhrefsBot/7.0; +http://ahrefs.com/robot/)"
51.222.253.6 - - [01/Apr/2025:21:38:43 -0400] "GET /silver-menorahs-reflect-the-light/feed/ HTTP/1.1" 404 1251 "-" "Mozilla/5.0 (compatible; AhrefsBot/7.0; +http://ahrefs.com/robot/)"
40.77.167.254 - - [01/Apr/2025:21:39:11 -0400] "GET /welcome-the-power-with-you-on-halloween-with-these-star-wars-outfits/ HTTP/1.1" 404 1251 "-" "Mozilla/5.0 AppleWebKit/537.36 (KHTML, like Gecko; compatible; bingbot/2.0; +http://www.bing.com/bingbot.htm) Chrome/116.0.1938.76 Safari/537.36"
51.222.253.1 - - [01/Apr/2025:21:41:08 -0400] "GET /canbat-12-volt-20ah-lithium-battery/feed/ HTTP/1.1" 404 1251 "-" "Mozilla/5.0 (compatible; AhrefsBot/7.0; +http://ahrefs.com/robot/)"
51.222.253.9 - - [01/Apr/2025:21:43:51 -0400] "GET /the-dangers-of-vaping/feed/ HTTP/1.1" 404 1251 "-" "Mozilla/5.0 (compatible; AhrefsBot/7.0; +http://ahrefs.com/robot/)"
51.222.253.4 - - [01/Apr/2025:21:46:17 -0400] "GET /live-football-scores-how-to-stay-up-to-date-on-the-latest-results/feed/ HTTP/1.1" 404 1251 "-" "Mozilla/5.0 (compatible; AhrefsBot/7.0; +http://ahrefs.com/robot/)"
198.54.114.83 - - [01/Apr/2025:21:46:28 -0400] "POST /wp-admin/admin-ajax.php?action=async_litespeed&nonce=Wx1UvlNg8ChdCr6g7vsFLMqmVWnhUZ5V&litespeed_type=imgoptm HTTP/1.1" 200 0 "-" "WordPress/6.7.1; https://prettechengineering.com"
51.222.253.11 - - [01/Apr/2025:21:48:40 -0400] "GET /how-to-turn-off-passcode-on-iphone-xr/feed/ HTTP/1.1" 404 1251 "-" "Mozilla/5.0 (compatible; AhrefsBot/7.0; +http://ahrefs.com/robot/)"
51.222.253.12 - - [01/Apr/2025:21:50:59 -0400] "GET /que-dire-du-calfskin-dispatch-and-courier-pack/feed/ HTTP/1.1" 404 1251 "-" "Mozilla/5.0 (compatible; AhrefsBot/7.0; +http://ahrefs.com/robot/)"
3.142.131.56 - - [01/Apr/2025:21:52:56 -0400] "GET /robots.txt HTTP/1.1" 304 0 "-" "Mozilla/5.0 AppleWebKit/537.36 (KHTML, like Gecko; compatible; ClaudeBot/1.0; +claudebot@anthropic.com)"
3.142.131.56 - - [01/Apr/2025:21:52:57 -0400] "GET /the-art-of-cleaning-gold-jewelry HTTP/1.1" 404 1251 "-" "Mozilla/5.0 AppleWebKit/537.36 (KHTML, like Gecko; compatible; ClaudeBot/1.0; +claudebot@anthropic.com)"
51.222.253.4 - - [01/Apr/2025:21:53:31 -0400] "GET /100-u-s-grown-processed-hemp/feed/ HTTP/1.1" 404 1251 "-" "Mozilla/5.0 (compatible; AhrefsBot/7.0; +http://ahrefs.com/robot/)"
51.222.253.5 - - [01/Apr/2025:21:55:58 -0400] "GET /american-sports-going-global-good-thing-or-bad-thing/feed/ HTTP/1.1" 404 1251 "-" "Mozilla/5.0 (compatible; AhrefsBot/7.0; +http://ahrefs.com/robot/)"
157.90.209.77 - - [01/Apr/2025:21:57:59 -0400] "GET /robots.txt HTTP/1.1" 304 0 "-" "Mozilla/5.0 (compatible; BLEXBot/1.0; +https://help.seranking.com/en/blex-crawler)"
157.90.209.77 - - [01/Apr/2025:21:58:01 -0400] "GET /betting-money-sites/ HTTP/1.1" 404 1251 "-" "Mozilla/5.0 (compatible; BLEXBot/1.0; +https://help.seranking.com/en/blex-crawler)"
51.222.253.3 - - [01/Apr/2025:21:58:17 -0400] "GET /the-typing-speed-test/feed/ HTTP/1.1" 404 1251 "-" "Mozilla/5.0 (compatible; AhrefsBot/7.0; +http://ahrefs.com/robot/)"
157.90.209.77 - - [01/Apr/2025:21:58:19 -0400] "GET /buy-youtube-views-cheaply-increase-your-videos-popularity-and-get-more-organic-traffic-and-engagement/ HTTP/1.1" 404 1251 "-" "Mozilla/5.0 (compatible; BLEXBot/1.0; +https://help.seranking.com/en/blex-crawler)"
157.90.209.77 - - [01/Apr/2025:21:58:30 -0400] "GET /buy-youtube-views-online-non-drop/ HTTP/1.1" 404 1251 "-" "Mozilla/5.0 (compatible; BLEXBot/1.0; +https://help.seranking.com/en/blex-crawler)"
157.90.209.77 - - [01/Apr/2025:21:58:36 -0400] "GET /buy-youtube-views-online/ HTTP/1.1" 404 1251 "-" "Mozilla/5.0 (compatible; BLEXBot/1.0; +https://help.seranking.com/en/blex-crawler)"
157.90.209.77 - - [01/Apr/2025:21:58:56 -0400] "GET /comment-fabriquer-une-balle-anti-stress-personnalisee/ HTTP/1.1" 404 1251 "-" "Mozilla/5.0 (compatible; BLEXBot/1.0; +https://help.seranking.com/en/blex-crawler)"
157.90.209.77 - - [01/Apr/2025:21:59:07 -0400] "GET /the-easiest-way-to-sell-my-junk-car-in-naples/ HTTP/1.1" 404 1251 "-" "Mozilla/5.0 (compatible; BLEXBot/1.0; +https://help.seranking.com/en/blex-crawler)"
157.90.209.77 - - [01/Apr/2025:21:59:15 -0400] "GET /vivipin-socks-review-no-moq-for-custom-socks/ HTTP/1.1" 404 1251 "-" "Mozilla/5.0 (compatible; BLEXBot/1.0; +https://help.seranking.com/en/blex-crawler)"
52.167.144.145 - - [01/Apr/2025:21:59:19 -0400] "GET / HTTP/1.1" 200 156255 "-" "Mozilla/5.0 AppleWebKit/537.36 (KHTML, like Gecko; compatible; bingbot/2.0; +http://www.bing.com/bingbot.htm) Chrome/116.0.1938.76 Safari/537.36"
157.90.209.77 - - [01/Apr/2025:21:59:25 -0400] "GET /robots.txt HTTP/1.1" 200 23 "-" "Mozilla/5.0 (compatible; BLEXBot/1.0; +https://help.seranking.com/en/blex-crawler)"
157.90.209.77 - - [01/Apr/2025:21:59:26 -0400] "GET / HTTP/1.1" 200 156255 "-" "Mozilla/5.0 (compatible; BLEXBot/1.0; +https://help.seranking.com/en/blex-crawler)"
157.90.209.77 - - [01/Apr/2025:21:59:33 -0400] "GET /brewery-equipment/ HTTP/1.1" 404 1251 "-" "Mozilla/5.0 (compatible; BLEXBot/1.0; +https://help.seranking.com/en/blex-crawler)"
157.90.209.77 - - [01/Apr/2025:21:59:41 -0400] "GET /brewery-equipment/brewery-equipment-4.html HTTP/1.1" 404 1251 "-" "Mozilla/5.0 (compatible; BLEXBot/1.0; +https://help.seranking.com/en/blex-crawler)"
157.90.209.77 - - [01/Apr/2025:21:59:53 -0400] "GET /condiment-making-vessel/ HTTP/1.1" 404 1251 "-" "Mozilla/5.0 (compatible; BLEXBot/1.0; +https://help.seranking.com/en/blex-crawler)"
157.90.209.77 - - [01/Apr/2025:22:00:05 -0400] "GET /condiment-making-vessel/edible-oil-tank-9.html HTTP/1.1" 404 1251 "-" "Mozilla/5.0 (compatible; BLEXBot/1.0; +https://help.seranking.com/en/blex-crawler)"
157.90.209.77 - - [01/Apr/2025:22:00:15 -0400] "GET /condiment-making-vessel/vinegar-drizzling-tank-6.html HTTP/1.1" 404 1251 "-" "Mozilla/5.0 (compatible; BLEXBot/1.0; +https://help.seranking.com/en/blex-crawler)"
157.90.209.77 - - [01/Apr/2025:22:00:22 -0400] "GET /condiment-making-vessel/vinegar-mash-fermenting-units-7.html HTTP/1.1" 404 1251 "-" "Mozilla/5.0 (compatible; BLEXBot/1.0; +https://help.seranking.com/en/blex-crawler)"
157.90.209.77 - - [01/Apr/2025:22:00:39 -0400] "GET /condiment-making-vessel/vinegar-storage-tank-8.html HTTP/1.1" 404 1251 "-" "Mozilla/5.0 (compatible; BLEXBot/1.0; +https://help.seranking.com/en/blex-crawler)"
157.90.209.77 - - [01/Apr/2025:22:00:47 -0400] "GET /products/ HTTP/1.1" 404 1251 "-" "Mozilla/5.0 (compatible; BLEXBot/1.0; +https://help.seranking.com/en/blex-crawler)"
157.90.209.77 - - [01/Apr/2025:22:00:57 -0400] "GET /Bioreactor-tank/ HTTP/1.1" 404 1251 "-" "Mozilla/5.0 (compatible; BLEXBot/1.0; +https://help.seranking.com/en/blex-crawler)"
51.222.253.3 - - [01/Apr/2025:22:01:00 -0400] "GET /the-essence-of-a-marketing-videographer/feed/ HTTP/1.1" 404 1251 "-" "Mozilla/5.0 (compatible; AhrefsBot/7.0; +http://ahrefs.com/robot/)"
157.90.209.77 - - [01/Apr/2025:22:01:07 -0400] "GET /Bioreactor-tank/multi-function-extract-tank-14.html HTTP/1.1" 404 1251 "-" "Mozilla/5.0 (compatible; BLEXBot/1.0; +https://help.seranking.com/en/blex-crawler)"
157.90.209.77 - - [01/Apr/2025:22:01:18 -0400] "GET /Bioreactor-tank/seed-tank-13.html HTTP/1.1" 404 1251 "-" "Mozilla/5.0 (compatible; BLEXBot/1.0; +https://help.seranking.com/en/blex-crawler)"
157.90.209.77 - - [01/Apr/2025:22:01:28 -0400] "GET /condiment-making-vessel/soy-sauce-storage-tank-10.html HTTP/1.1" 404 1251 "-" "Mozilla/5.0 (compatible; BLEXBot/1.0; +https://help.seranking.com/en/blex-crawler)"
157.90.209.77 - - [01/Apr/2025:22:01:37 -0400] "GET /pharmacy-equipment/ HTTP/1.1" 404 1251 "-" "Mozilla/5.0 (compatible; BLEXBot/1.0; +https://help.seranking.com/en/blex-crawler)"
157.90.209.77 - - [01/Apr/2025:22:01:50 -0400] "GET /pharmacy-equipment/sphericfal-digester-15.html HTTP/1.1" 404 1251 "-" "Mozilla/5.0 (compatible; BLEXBot/1.0; +https://help.seranking.com/en/blex-crawler)"
157.90.209.77 - - [01/Apr/2025:22:01:58 -0400] "GET /spare-parts/ HTTP/1.1" 404 1251 "-" "Mozilla/5.0 (compatible; BLEXBot/1.0; +https://help.seranking.com/en/blex-crawler)"
157.90.209.77 - - [01/Apr/2025:22:02:05 -0400] "GET /tank-farm/ HTTP/1.1" 404 1251 "-" "Mozilla/5.0 (compatible; BLEXBot/1.0; +https://help.seranking.com/en/blex-crawler)"
157.90.209.77 - - [01/Apr/2025:22:02:11 -0400] "GET /tank-farm/tank-farm-2.html HTTP/1.1" 404 1251 "-" "Mozilla/5.0 (compatible; BLEXBot/1.0; +https://help.seranking.com/en/blex-crawler)"
157.90.209.77 - - [01/Apr/2025:22:02:21 -0400] "GET /wine-making-equipment/ HTTP/1.1" 404 1251 "-" "Mozilla/5.0 (compatible; BLEXBot/1.0; +https://help.seranking.com/en/blex-crawler)"
157.90.209.77 - - [01/Apr/2025:22:02:30 -0400] "GET /wine-making-equipment/cone-shaped-fermentation-tank-46.html HTTP/1.1" 404 1251 "-" "Mozilla/5.0 (compatible; BLEXBot/1.0; +https://help.seranking.com/en/blex-crawler)"
157.90.209.77 - - [01/Apr/2025:22:02:36 -0400] "GET /wine-making-equipment/pump-over-fermentation-tank-45.html HTTP/1.1" 404 1251 "-" "Mozilla/5.0 (compatible; BLEXBot/1.0; +https://help.seranking.com/en/blex-crawler)"
157.90.209.77 - - [01/Apr/2025:22:02:43 -0400] "GET /wine-making-equipment/wine-making-equipment-3.html HTTP/1.1" 404 1251 "-" "Mozilla/5.0 (compatible; BLEXBot/1.0; +https://help.seranking.com/en/blex-crawler)"
3.141.164.124 - - [01/Apr/2025:22:04:48 -0400] "GET /keep-your-iphone-screen-on HTTP/1.1" 404 1251 "-" "Mozilla/5.0 AppleWebKit/537.36 (KHTML, like Gecko; compatible; ClaudeBot/1.0; +claudebot@anthropic.com)"
3.135.190.188 - - [01/Apr/2025:22:06:15 -0400] "GET /top-picks-for-office-desks HTTP/1.1" 404 1251 "-" "Mozilla/5.0 AppleWebKit/537.36 (KHTML, like Gecko; compatible; ClaudeBot/1.0; +claudebot@anthropic.com)"
51.222.253.13 - - [01/Apr/2025:22:08:39 -0400] "GET /how-to-turn-off-find-my-iphone-on-iphone-7/feed/ HTTP/1.1" 404 1251 "-" "Mozilla/5.0 (compatible; AhrefsBot/7.0; +http://ahrefs.com/robot/)"
18.217.111.22 - - [01/Apr/2025:22:10:56 -0400] "GET /how-to-see-reposts-on-tiktok HTTP/1.1" 404 1251 "-" "Mozilla/5.0 AppleWebKit/537.36 (KHTML, like Gecko; compatible; ClaudeBot/1.0; +claudebot@anthropic.com)"
18.217.111.22 - - [01/Apr/2025:22:10:56 -0400] "GET /dewormer-for-cancer-what-you-need-to-know HTTP/1.1" 404 1251 "-" "Mozilla/5.0 AppleWebKit/537.36 (KHTML, like Gecko; compatible; ClaudeBot/1.0; +claudebot@anthropic.com)"
198.54.114.83 - - [01/Apr/2025:22:11:42 -0400] "POST /wp-admin/admin-ajax.php?action=async_litespeed&nonce=KTBs066Kj0ubHO0KUfZJ3aoAJXuZhXK9&litespeed_type=imgoptm HTTP/1.1" 200 5 "-" "WordPress/6.7.1; https://prettechengineering.com"
3.140.253.87 - - [01/Apr/2025:22:13:18 -0400] "GET /how-to-lower-your-dental-cost-if-you-dont-have-insurance HTTP/1.1" 404 1251 "-" "Mozilla/5.0 AppleWebKit/537.36 (KHTML, like Gecko; compatible; ClaudeBot/1.0; +claudebot@anthropic.com)"
13.229.78.155 - - [01/Apr/2025:22:13:32 -0400] "GET / HTTP/1.1" 200 156255 "-" "Mozilla/5.0 (Windows NT 10.0; Win64; x64; rv:122.0) Gecko/20100101 Firefox/122.0"
198.54.114.83 - - [01/Apr/2025:22:13:36 -0400] "POST /wp-cron.php?doing_wp_cron=1743560016.0335650444030761718750 HTTP/1.1" 200 0 "-" "WordPress/6.7.1; https://prettechengineering.com"
13.229.78.155 - - [01/Apr/2025:22:13:33 -0400] "GET /xmlrpc.php HTTP/1.1" 405 46 "-" "Mozilla/5.0 (Windows NT 10.0; Win64; x64; rv:122.0) Gecko/20100101 Firefox/122.0"
198.54.114.83 - - [01/Apr/2025:22:13:37 -0400] "POST /wp-admin/admin-ajax.php?action=async_litespeed&nonce=sFTmC3WE3fRkUgF16uRjI4URyXx8jvza&litespeed_type=imgoptm HTTP/1.1" 200 0 "-" "WordPress/6.7.1; https://prettechengineering.com"
13.229.78.155 - - [01/Apr/2025:22:13:38 -0400] "GET /wp-json/wp/v2/users HTTP/1.1" 404 1251 "-" "Mozilla/5.0 (Windows NT 10.0; Win64; x64; rv:122.0) Gecko/20100101 Firefox/122.0"
13.229.78.155 - - [01/Apr/2025:22:13:38 -0400] "POST /xmlrpc.php HTTP/1.1" 200 0 "-" "python-httpx/0.22.0"
13.229.78.155 - - [01/Apr/2025:22:13:59 -0400] "POST /xmlrpc.php HTTP/1.1" 200 0 "-" "python-httpx/0.22.0"
13.229.78.155 - - [01/Apr/2025:22:14:19 -0400] "POST /xmlrpc.php HTTP/1.1" 200 0 "-" "python-httpx/0.22.0"
13.229.78.155 - - [01/Apr/2025:22:14:39 -0400] "POST /xmlrpc.php HTTP/1.1" 200 0 "-" "python-httpx/0.22.0"
13.229.78.155 - - [01/Apr/2025:22:14:59 -0400] "POST /xmlrpc.php HTTP/1.1" 200 0 "-" "python-httpx/0.22.0"
13.229.78.155 - - [01/Apr/2025:22:15:19 -0400] "POST /xmlrpc.php HTTP/1.1" 200 0 "-" "python-httpx/0.22.0"
13.229.78.155 - - [01/Apr/2025:22:15:39 -0400] "POST /xmlrpc.php HTTP/1.1" 200 0 "-" "python-httpx/0.22.0"
13.229.78.155 - - [01/Apr/2025:22:15:59 -0400] "POST /xmlrpc.php HTTP/1.1" 200 0 "-" "python-httpx/0.22.0"
13.229.78.155 - - [01/Apr/2025:22:16:19 -0400] "POST /xmlrpc.php HTTP/1.1" 200 0 "-" "python-httpx/0.22.0"
13.229.78.155 - - [01/Apr/2025:22:16:39 -0400] "POST /xmlrpc.php HTTP/1.1" 200 0 "-" "python-httpx/0.22.0"
13.229.78.155 - - [01/Apr/2025:22:16:59 -0400] "POST /xmlrpc.php HTTP/1.1" 200 0 "-" "python-httpx/0.22.0"
51.222.253.17 - - [01/Apr/2025:22:17:45 -0400] "GET /how-to-turn-off-downtime-on-iphone-without-passcode/feed/ HTTP/1.1" 404 1251 "-" "Mozilla/5.0 (compatible; AhrefsBot/7.0; +http://ahrefs.com/robot/)"
3.144.28.234 - - [01/Apr/2025:22:17:53 -0400] "GET /the-benefits-of-pilates-in-wollongong HTTP/1.1" 404 1251 "-" "Mozilla/5.0 AppleWebKit/537.36 (KHTML, like Gecko; compatible; ClaudeBot/1.0; +claudebot@anthropic.com)"
13.229.78.155 - - [01/Apr/2025:22:17:19 -0400] "POST /xmlrpc.php HTTP/1.1" 200 0 "-" "python-httpx/0.22.0"
13.229.78.155 - - [01/Apr/2025:22:17:39 -0400] "POST /xmlrpc.php HTTP/1.1" 200 0 "-" "python-httpx/0.22.0"
13.229.78.155 - - [01/Apr/2025:22:17:59 -0400] "POST /xmlrpc.php HTTP/1.1" 200 0 "-" "python-httpx/0.22.0"
13.229.78.155 - - [01/Apr/2025:22:18:19 -0400] "POST /xmlrpc.php HTTP/1.1" 200 0 "-" "python-httpx/0.22.0"
13.229.78.155 - - [01/Apr/2025:22:18:39 -0400] "POST /xmlrpc.php HTTP/1.1" 200 0 "-" "python-httpx/0.22.0"
13.229.78.155 - - [01/Apr/2025:22:18:59 -0400] "POST /xmlrpc.php HTTP/1.1" 200 0 "-" "python-httpx/0.22.0"
13.229.78.155 - - [01/Apr/2025:22:19:20 -0400] "POST /xmlrpc.php HTTP/1.1" 200 0 "-" "python-httpx/0.22.0"
13.229.78.155 - - [01/Apr/2025:22:19:39 -0400] "POST /xmlrpc.php HTTP/1.1" 200 0 "-" "python-httpx/0.22.0"
85.208.98.22 - - [01/Apr/2025:22:20:21 -0400] "GET /fashion-in-effect-why-we-love-hip-hop-clothing/ HTTP/1.1" 404 1251 "-" "Mozilla/5.0 (compatible; SemrushBot-BA; +http://www.semrush.com/bot.html)"
13.229.78.155 - - [01/Apr/2025:22:19:59 -0400] "POST /xmlrpc.php HTTP/1.1" 200 0 "-" "python-httpx/0.22.0"
13.229.78.155 - - [01/Apr/2025:22:20:20 -0400] "POST /xmlrpc.php HTTP/1.1" 200 0 "-" "python-httpx/0.22.0"
85.208.98.16 - - [01/Apr/2025:22:21:11 -0400] "GET /why-white-towels-are-better-than-other-colored-towels/ HTTP/1.1" 404 1251 "-" "Mozilla/5.0 (compatible; SemrushBot-BA; +http://www.semrush.com/bot.html)"
13.229.78.155 - - [01/Apr/2025:22:20:39 -0400] "POST /xmlrpc.php HTTP/1.1" 200 0 "-" "python-httpx/0.22.0"
34.169.216.138 - - [01/Apr/2025:22:21:20 -0400] "GET /is-it-time-to-replace-your-conservatory-roof/ HTTP/1.1" 404 1251 "-" "Mozilla/5.0 (Macintosh; Intel Mac OS X 10_15_7) AppleWebKit/605.1.15 (KHTML, like Gecko) Version/17.0 Safari/605.1.15"
13.229.78.155 - - [01/Apr/2025:22:21:00 -0400] "POST /xmlrpc.php HTTP/1.1" 200 0 "-" "python-httpx/0.22.0"
13.229.78.155 - - [01/Apr/2025:22:21:21 -0400] "POST /xmlrpc.php HTTP/1.1" 200 0 "-" "python-httpx/0.22.0"
13.229.78.155 - - [01/Apr/2025:22:21:40 -0400] "POST /xmlrpc.php HTTP/1.1" 200 0 "-" "python-httpx/0.22.0"
13.229.78.155 - - [01/Apr/2025:22:22:00 -0400] "POST /xmlrpc.php HTTP/1.1" 200 0 "-" "python-httpx/0.22.0"
13.229.78.155 - - [01/Apr/2025:22:22:20 -0400] "POST /xmlrpc.php HTTP/1.1" 200 0 "-" "python-httpx/0.22.0"
51.222.253.13 - - [01/Apr/2025:22:23:18 -0400] "GET /add-a-personalized-touch-to-your-baseball-legwear-with-custom-stirrup-socks/feed/ HTTP/1.1" 404 1251 "-" "Mozilla/5.0 (compatible; AhrefsBot/7.0; +http://ahrefs.com/robot/)"
13.229.78.155 - - [01/Apr/2025:22:22:40 -0400] "POST /xmlrpc.php HTTP/1.1" 200 0 "-" "python-httpx/0.22.0"
13.229.78.155 - - [01/Apr/2025:22:23:00 -0400] "POST /xmlrpc.php HTTP/1.1" 200 0 "-" "python-httpx/0.22.0"
198.54.114.83 - - [01/Apr/2025:22:23:52 -0400] "POST /wp-admin/admin-ajax.php?action=async_litespeed&nonce=SDR4hU71jbtzFj91bV7boWINE9O52ONy&litespeed_type=imgoptm HTTP/1.1" 200 5 "-" "WordPress/6.7.1; https://prettechengineering.com"
13.229.78.155 - - [01/Apr/2025:22:23:53 -0400] "GET /wp-admin/ HTTP/1.1" 302 0 "-" "Mozilla/5.0 (X11; Linux x86_64; rv:52.0) Gecko/20100101 Firefox/52.0"
13.229.78.155 - - [01/Apr/2025:22:23:53 -0400] "GET /wp-login.php?redirect_to=https%3A%2F%2Fprettechengineering.com%2Fwp-admin%2F&reauth=1 HTTP/1.1" 200 1922 "-" "Mozilla/5.0 (X11; Linux x86_64; rv:52.0) Gecko/20100101 Firefox/52.0"
13.229.78.155 - - [01/Apr/2025:22:23:20 -0400] "POST /xmlrpc.php HTTP/1.1" 200 0 "-" "python-httpx/0.22.0"
13.229.78.155 - - [01/Apr/2025:22:23:40 -0400] "POST /xmlrpc.php HTTP/1.1" 200 0 "-" "python-httpx/0.22.0"
13.229.78.155 - - [01/Apr/2025:22:24:00 -0400] "POST /xmlrpc.php HTTP/1.1" 200 0 "-" "python-httpx/0.22.0"
13.229.78.155 - - [01/Apr/2025:22:24:20 -0400] "POST /xmlrpc.php HTTP/1.1" 200 0 "-" "python-httpx/0.22.0"
58.254.68.93 - - [01/Apr/2025:22:25:01 -0400] "GET /mk-bag-sale-in-uk/ HTTP/1.1" 404 1251 "https://prettechengineering.com" "Mozilla/5.0 (Windows NT 10.0; Win64; x64) AppleWebKit/537.36 (KHTML, like Gecko) Chrome/62.0.3202.94 Safari/537.36"
58.254.68.93 - - [01/Apr/2025:22:25:03 -0400] "GET /mk-bag-sale-in-uk/ HTTP/1.1" 404 1251 "https://prettechengineering.com" "Mozilla/5.0 (Windows NT 10.0; Win64; x64) AppleWebKit/537.36 (KHTML, like Gecko) Chrome/62.0.3202.94 Safari/537.36"
58.254.68.93 - - [01/Apr/2025:22:25:10 -0400] "GET /mk-bag-sale-in-uk/ HTTP/1.1" 404 1251 "https://prettechengineering.com" "Mozilla/5.0 (Windows NT 10.0; Win64; x64) AppleWebKit/537.36 (KHTML, like Gecko) Chrome/62.0.3202.94 Safari/537.36"
58.254.68.93 - - [01/Apr/2025:22:25:11 -0400] "GET /mk-bag-sale-in-uk/ HTTP/1.1" 404 1251 "https://prettechengineering.com" "Mozilla/5.0 (Windows NT 10.0; Win64; x64) AppleWebKit/537.36 (KHTML, like Gecko) Chrome/62.0.3202.94 Safari/537.36"
13.229.78.155 - - [01/Apr/2025:22:24:40 -0400] "POST /xmlrpc.php HTTP/1.1" 200 0 "-" "python-httpx/0.22.0"
13.229.78.155 - - [01/Apr/2025:22:25:00 -0400] "POST /xmlrpc.php HTTP/1.1" 200 0 "-" "python-httpx/0.22.0"
13.229.78.155 - - [01/Apr/2025:22:25:20 -0400] "POST /xmlrpc.php HTTP/1.1" 200 0 "-" "python-httpx/0.22.0"
13.229.78.155 - - [01/Apr/2025:22:25:40 -0400] "POST /xmlrpc.php HTTP/1.1" 200 0 "-" "python-httpx/0.22.0"
51.222.253.16 - - [01/Apr/2025:22:26:31 -0400] "GET /the-most-interesting-ways-of-sorting-out-your-adornments/feed/ HTTP/1.1" 404 1251 "-" "Mozilla/5.0 (compatible; AhrefsBot/7.0; +http://ahrefs.com/robot/)"
13.229.78.155 - - [01/Apr/2025:22:26:00 -0400] "POST /xmlrpc.php HTTP/1.1" 200 0 "-" "python-httpx/0.22.0"
3.138.141.138 - - [01/Apr/2025:22:26:40 -0400] "GET /things-to-keep-in-mind-before-you-buy-tiktok-share HTTP/1.1" 404 1251 "-" "Mozilla/5.0 AppleWebKit/537.36 (KHTML, like Gecko; compatible; ClaudeBot/1.0; +claudebot@anthropic.com)"
13.229.78.155 - - [01/Apr/2025:22:26:20 -0400] "POST /xmlrpc.php HTTP/1.1" 200 0 "-" "python-httpx/0.22.0"
13.229.78.155 - - [01/Apr/2025:22:26:40 -0400] "POST /xmlrpc.php HTTP/1.1" 200 0 "-" "python-httpx/0.22.0"
13.229.78.155 - - [01/Apr/2025:22:27:00 -0400] "POST /xmlrpc.php HTTP/1.1" 200 0 "-" "python-httpx/0.22.0"
13.229.78.155 - - [01/Apr/2025:22:27:20 -0400] "POST /xmlrpc.php HTTP/1.1" 200 0 "-" "python-httpx/0.22.0"
13.229.78.155 - - [01/Apr/2025:22:27:40 -0400] "POST /xmlrpc.php HTTP/1.1" 200 0 "-" "python-httpx/0.22.0"
3.144.106.95 - - [01/Apr/2025:22:28:27 -0400] "GET /ways-to-distinguish-the-ideal-piece-of-a-la-mode-style-gems-or-fine-fashioner-adornments HTTP/1.1" 404 1251 "-" "Mozilla/5.0 AppleWebKit/537.36 (KHTML, like Gecko; compatible; ClaudeBot/1.0; +claudebot@anthropic.com)"
13.229.78.155 - - [01/Apr/2025:22:28:00 -0400] "POST /xmlrpc.php HTTP/1.1" 200 0 "-" "python-httpx/0.22.0"
13.229.78.155 - - [01/Apr/2025:22:28:20 -0400] "POST /xmlrpc.php HTTP/1.1" 200 0 "-" "python-httpx/0.22.0"
13.229.78.155 - - [01/Apr/2025:22:28:40 -0400] "POST /xmlrpc.php HTTP/1.1" 200 0 "-" "python-httpx/0.22.0"
34.169.31.233 - - [01/Apr/2025:22:29:27 -0400] "GET /7-less-obvious-things-to-do-in-budapest/ HTTP/1.1" 404 1251 "-" "Mozilla/5.0 (Macintosh; Intel Mac OS X 10.15; rv:109.0) Gecko/20100101 Firefox/116.0"
34.169.31.233 - - [01/Apr/2025:22:29:27 -0400] "GET /what-is-file-transfer/ HTTP/1.1" 404 1251 "-" "Mozilla/5.0 (Windows NT 10.0; Win64; x64) AppleWebKit/537.36 (KHTML, like Gecko) Chrome/123.0.0.0 Safari/537.36"
51.222.253.2 - - [01/Apr/2025:22:29:28 -0400] "GET /how-to-stop-smelly-feet/feed/ HTTP/1.1" 404 1251 "-" "Mozilla/5.0 (compatible; AhrefsBot/7.0; +http://ahrefs.com/robot/)"
13.229.78.155 - - [01/Apr/2025:22:29:00 -0400] "POST /xmlrpc.php HTTP/1.1" 200 0 "-" "python-httpx/0.22.0"
13.229.78.155 - - [01/Apr/2025:22:29:20 -0400] "POST /xmlrpc.php HTTP/1.1" 200 0 "-" "python-httpx/0.22.0"
13.229.78.155 - - [01/Apr/2025:22:29:40 -0400] "POST /xmlrpc.php HTTP/1.1" 200 0 "-" "python-httpx/0.22.0"
13.229.78.155 - - [01/Apr/2025:22:30:01 -0400] "POST /xmlrpc.php HTTP/1.1" 200 0 "-" "python-httpx/0.22.0"
13.229.78.155 - - [01/Apr/2025:22:30:21 -0400] "POST /xmlrpc.php HTTP/1.1" 200 0 "-" "python-httpx/0.22.0"
13.229.78.155 - - [01/Apr/2025:22:30:40 -0400] "POST /xmlrpc.php HTTP/1.1" 200 0 "-" "python-httpx/0.22.0"
13.229.78.155 - - [01/Apr/2025:22:31:00 -0400] "POST /xmlrpc.php HTTP/1.1" 200 0 "-" "python-httpx/0.22.0"
13.229.78.155 - - [01/Apr/2025:22:31:20 -0400] "POST /xmlrpc.php HTTP/1.1" 200 0 "-" "python-httpx/0.22.0"
13.229.78.155 - - [01/Apr/2025:22:31:40 -0400] "POST /xmlrpc.php HTTP/1.1" 200 0 "-" "python-httpx/0.22.0"
13.229.78.155 - - [01/Apr/2025:22:32:01 -0400] "POST /xmlrpc.php HTTP/1.1" 200 0 "-" "python-httpx/0.22.0"
51.222.253.16 - - [01/Apr/2025:22:32:46 -0400] "GET /ways-to-distinguish-the-ideal-piece-of-a-la-mode-style-gems-or-fine-fashioner-adornments/feed/ HTTP/1.1" 404 1251 "-" "Mozilla/5.0 (compatible; AhrefsBot/7.0; +http://ahrefs.com/robot/)"
13.229.78.155 - - [01/Apr/2025:22:32:21 -0400] "POST /xmlrpc.php HTTP/1.1" 200 0 "-" "python-httpx/0.22.0"
13.229.78.155 - - [01/Apr/2025:22:32:41 -0400] "POST /xmlrpc.php HTTP/1.1" 200 0 "-" "python-httpx/0.22.0"
13.229.78.155 - - [01/Apr/2025:22:33:01 -0400] "POST /xmlrpc.php HTTP/1.1" 200 0 "-" "python-httpx/0.22.0"
13.229.78.155 - - [01/Apr/2025:22:33:21 -0400] "POST /xmlrpc.php HTTP/1.1" 200 0 "-" "python-httpx/0.22.0"
13.229.78.155 - - [01/Apr/2025:22:33:41 -0400] "POST /xmlrpc.php HTTP/1.1" 200 0 "-" "python-httpx/0.22.0"
13.229.78.155 - - [01/Apr/2025:22:34:01 -0400] "POST /xmlrpc.php HTTP/1.1" 200 0 "-" "python-httpx/0.22.0"
13.229.78.155 - - [01/Apr/2025:22:34:21 -0400] "POST /xmlrpc.php HTTP/1.1" 200 0 "-" "python-httpx/0.22.0"
13.229.78.155 - - [01/Apr/2025:22:34:41 -0400] "POST /xmlrpc.php HTTP/1.1" 200 0 "-" "python-httpx/0.22.0"
13.229.78.155 - - [01/Apr/2025:22:35:01 -0400] "POST /xmlrpc.php HTTP/1.1" 200 0 "-" "python-httpx/0.22.0"
51.222.253.15 - - [01/Apr/2025:22:35:51 -0400] "GET /how-to-get-moving-quotes/feed/ HTTP/1.1" 404 1251 "-" "Mozilla/5.0 (compatible; AhrefsBot/7.0; +http://ahrefs.com/robot/)"
13.229.78.155 - - [01/Apr/2025:22:35:21 -0400] "POST /xmlrpc.php HTTP/1.1" 200 0 "-" "python-httpx/0.22.0"
13.229.78.155 - - [01/Apr/2025:22:35:41 -0400] "POST /xmlrpc.php HTTP/1.1" 200 0 "-" "python-httpx/0.22.0"
13.229.78.155 - - [01/Apr/2025:22:36:01 -0400] "POST /xmlrpc.php HTTP/1.1" 200 0 "-" "python-httpx/0.22.0"
13.229.78.155 - - [01/Apr/2025:22:36:21 -0400] "POST /xmlrpc.php HTTP/1.1" 200 0 "-" "python-httpx/0.22.0"
13.229.78.155 - - [01/Apr/2025:22:36:41 -0400] "POST /xmlrpc.php HTTP/1.1" 200 0 "-" "python-httpx/0.22.0"
198.54.114.83 - - [01/Apr/2025:22:37:39 -0400] "POST /wp-admin/admin-ajax.php?action=async_litespeed&nonce=uaNJ9rb0ukaWX02KYDjLUlkS2Y25Hu89&litespeed_type=imgoptm HTTP/1.1" 200 0 "-" "WordPress/6.7.1; https://prettechengineering.com"
13.229.78.155 - - [01/Apr/2025:22:37:01 -0400] "POST /xmlrpc.php HTTP/1.1" 200 0 "-" "python-httpx/0.22.0"
13.229.78.155 - - [01/Apr/2025:22:37:21 -0400] "POST /xmlrpc.php HTTP/1.1" 200 0 "-" "python-httpx/0.22.0"
13.229.78.155 - - [01/Apr/2025:22:37:41 -0400] "POST /xmlrpc.php HTTP/1.1" 200 0 "-" "python-httpx/0.22.0"
13.229.78.155 - - [01/Apr/2025:22:38:01 -0400] "POST /xmlrpc.php HTTP/1.1" 200 0 "-" "python-httpx/0.22.0"
51.222.253.18 - - [01/Apr/2025:22:39:00 -0400] "GET /enjoy-a-nusa-penida-tour/feed/ HTTP/1.1" 404 1251 "-" "Mozilla/5.0 (compatible; AhrefsBot/7.0; +http://ahrefs.com/robot/)"
13.229.78.155 - - [01/Apr/2025:22:38:21 -0400] "POST /xmlrpc.php HTTP/1.1" 200 0 "-" "python-httpx/0.22.0"
13.229.78.155 - - [01/Apr/2025:22:38:41 -0400] "POST /xmlrpc.php HTTP/1.1" 200 0 "-" "python-httpx/0.22.0"
13.229.78.155 - - [01/Apr/2025:22:39:01 -0400] "POST /xmlrpc.php HTTP/1.1" 200 0 "-" "python-httpx/0.22.0"
13.229.78.155 - - [01/Apr/2025:22:39:21 -0400] "POST /xmlrpc.php HTTP/1.1" 200 0 "-" "python-httpx/0.22.0"
13.229.78.155 - - [01/Apr/2025:22:39:41 -0400] "POST /xmlrpc.php HTTP/1.1" 200 0 "-" "python-httpx/0.22.0"
13.229.78.155 - - [01/Apr/2025:22:40:01 -0400] "POST /xmlrpc.php HTTP/1.1" 200 0 "-" "python-httpx/0.22.0"
13.229.78.155 - - [01/Apr/2025:22:40:21 -0400] "POST /xmlrpc.php HTTP/1.1" 200 0 "-" "python-httpx/0.22.0"
3.15.187.189 - - [01/Apr/2025:22:41:07 -0400] "GET /how-to-zoom-in-on-tiktok HTTP/1.1" 404 1251 "-" "Mozilla/5.0 AppleWebKit/537.36 (KHTML, like Gecko; compatible; ClaudeBot/1.0; +claudebot@anthropic.com)"
13.229.78.155 - - [01/Apr/2025:22:40:41 -0400] "POST /xmlrpc.php HTTP/1.1" 200 0 "-" "python-httpx/0.22.0"
13.229.78.155 - - [01/Apr/2025:22:41:01 -0400] "POST /xmlrpc.php HTTP/1.1" 200 0 "-" "python-httpx/0.22.0"
34.169.175.120 - - [01/Apr/2025:22:41:54 -0400] "GET /canbat-12-volt-20ah-lithium-battery/ HTTP/1.1" 404 1251 "-" "Mozilla/5.0 (Windows NT 10.0; Win64; x64) AppleWebKit/537.36 (KHTML, like Gecko) Chrome/123.0.0.0 Safari/537.36"
13.229.78.155 - - [01/Apr/2025:22:41:21 -0400] "POST /xmlrpc.php HTTP/1.1" 200 0 "-" "python-httpx/0.22.0"
51.222.253.8 - - [01/Apr/2025:22:42:16 -0400] "GET /how-to-get-moving-quotes-online/feed/ HTTP/1.1" 404 1251 "-" "Mozilla/5.0 (compatible; AhrefsBot/7.0; +http://ahrefs.com/robot/)"
13.229.78.155 - - [01/Apr/2025:22:41:41 -0400] "POST /xmlrpc.php HTTP/1.1" 200 0 "-" "python-httpx/0.22.0"
13.229.78.155 - - [01/Apr/2025:22:42:02 -0400] "POST /xmlrpc.php HTTP/1.1" 200 0 "-" "python-httpx/0.22.0"
13.229.78.155 - - [01/Apr/2025:22:42:22 -0400] "POST /xmlrpc.php HTTP/1.1" 200 0 "-" "python-httpx/0.22.0"
13.229.78.155 - - [01/Apr/2025:22:42:42 -0400] "POST /xmlrpc.php HTTP/1.1" 200 0 "-" "python-httpx/0.22.0"
13.229.78.155 - - [01/Apr/2025:22:43:02 -0400] "POST /xmlrpc.php HTTP/1.1" 200 0 "-" "python-httpx/0.22.0"
13.229.78.155 - - [01/Apr/2025:22:43:22 -0400] "POST /xmlrpc.php HTTP/1.1" 200 0 "-" "python-httpx/0.22.0"
13.229.78.155 - - [01/Apr/2025:22:43:42 -0400] "POST /xmlrpc.php HTTP/1.1" 200 0 "-" "python-httpx/0.22.0"
13.229.78.155 - - [01/Apr/2025:22:44:02 -0400] "POST /xmlrpc.php HTTP/1.1" 200 0 "-" "python-httpx/0.22.0"
13.229.78.155 - - [01/Apr/2025:22:44:22 -0400] "POST /xmlrpc.php HTTP/1.1" 200 0 "-" "python-httpx/0.22.0"
13.229.78.155 - - [01/Apr/2025:22:44:43 -0400] "POST /xmlrpc.php HTTP/1.1" 200 0 "-" "python-httpx/0.22.0"
13.229.78.155 - - [01/Apr/2025:22:45:03 -0400] "POST /xmlrpc.php HTTP/1.1" 200 0 "-" "python-httpx/0.22.0"
51.222.253.2 - - [01/Apr/2025:22:45:48 -0400] "GET /how-to-pin-videos-on-tiktok/feed/ HTTP/1.1" 404 1251 "-" "Mozilla/5.0 (compatible; AhrefsBot/7.0; +http://ahrefs.com/robot/)"
13.229.78.155 - - [01/Apr/2025:22:45:22 -0400] "POST /xmlrpc.php HTTP/1.1" 200 0 "-" "python-httpx/0.22.0"
13.229.78.155 - - [01/Apr/2025:22:45:42 -0400] "POST /xmlrpc.php HTTP/1.1" 200 0 "-" "python-httpx/0.22.0"
13.229.78.155 - - [01/Apr/2025:22:46:03 -0400] "POST /xmlrpc.php HTTP/1.1" 200 0 "-" "python-httpx/0.22.0"
51.8.102.241 - - [01/Apr/2025:22:47:03 -0400] "GET /robots.txt HTTP/1.1" 304 0 "-" "Mozilla/5.0 (Macintosh; Intel Mac OS X 10_15_7) AppleWebKit/537.36 (KHTML, like Gecko) Chrome/131.0.0.0 Safari/537.36; compatible; OAI-SearchBot/1.0; +https://openai.com/searchbot"
114.119.145.8 - - [01/Apr/2025:22:48:24 -0400] "GET /robots.txt HTTP/1.1" 304 0 "-" "Mozilla/5.0 (compatible;PetalBot;+https://webmaster.petalsearch.com/site/petalbot)"
51.222.253.17 - - [01/Apr/2025:22:49:10 -0400] "GET /reusable-breast-milk-storage-bags/feed/ HTTP/1.1" 404 1251 "-" "Mozilla/5.0 (compatible; AhrefsBot/7.0; +http://ahrefs.com/robot/)"
3.133.120.150 - - [01/Apr/2025:22:49:52 -0400] "GET /streak-memory-can-be-faked HTTP/1.1" 404 1251 "-" "Mozilla/5.0 AppleWebKit/537.36 (KHTML, like Gecko; compatible; ClaudeBot/1.0; +claudebot@anthropic.com)"
51.222.253.4 - - [01/Apr/2025:22:52:40 -0400] "GET /how-to-open-a-bmw-hood/feed/ HTTP/1.1" 404 1251 "-" "Mozilla/5.0 (compatible; AhrefsBot/7.0; +http://ahrefs.com/robot/)"
18.119.119.0 - - [01/Apr/2025:22:54:07 -0400] "GET /robots.txt HTTP/1.1" 304 0 "-" "Mozilla/5.0 AppleWebKit/537.36 (KHTML, like Gecko; compatible; ClaudeBot/1.0; +claudebot@anthropic.com)"
18.119.119.0 - - [01/Apr/2025:22:54:07 -0400] "GET /smart-tips-for-bathroom-renovations-in-small-spaces HTTP/1.1" 404 1251 "-" "Mozilla/5.0 AppleWebKit/537.36 (KHTML, like Gecko; compatible; ClaudeBot/1.0; +claudebot@anthropic.com)"
51.222.253.2 - - [01/Apr/2025:22:55:48 -0400] "GET /hvac-services/feed/ HTTP/1.1" 404 1251 "-" "Mozilla/5.0 (compatible; AhrefsBot/7.0; +http://ahrefs.com/robot/)"
51.222.253.3 - - [01/Apr/2025:22:59:04 -0400] "GET /apple-ipad-largest-screens-and-highest-number-of-features/feed/ HTTP/1.1" 404 1251 "-" "Mozilla/5.0 (compatible; AhrefsBot/7.0; +http://ahrefs.com/robot/)"
51.222.253.3 - - [01/Apr/2025:23:02:20 -0400] "GET /xanax-a-pill-to-keep-up-with-the-modern-rat-race/feed/ HTTP/1.1" 404 1251 "-" "Mozilla/5.0 (compatible; AhrefsBot/7.0; +http://ahrefs.com/robot/)"
4.227.36.70 - - [01/Apr/2025:23:02:37 -0400] "GET /robots.txt HTTP/1.1" 304 0 "-" "Mozilla/5.0 AppleWebKit/537.36 (KHTML, like Gecko; compatible; GPTBot/1.2; +https://openai.com/gptbot)"
51.222.253.4 - - [01/Apr/2025:23:05:40 -0400] "GET /how-to-leave-a-voicemail-on-iphone/feed/ HTTP/1.1" 404 1251 "-" "Mozilla/5.0 (compatible; AhrefsBot/7.0; +http://ahrefs.com/robot/)"
35.153.86.200 - - [01/Apr/2025:23:06:29 -0400] "GET /divorce-lawyer-in-haifa HTTP/1.1" 404 1251 "-" "Mozilla/5.0 AppleWebKit/537.36 (KHTML, like Gecko; compatible; Amazonbot/0.1; +https://developer.amazon.com/support/amazonbot) Chrome/119.0.6045.214 Safari/537.36"
51.222.253.5 - - [01/Apr/2025:23:08:29 -0400] "GET /how-to-get-voice-chat-on-roblox-without-an-id/feed/ HTTP/1.1" 404 1251 "-" "Mozilla/5.0 (compatible; AhrefsBot/7.0; +http://ahrefs.com/robot/)"
135.181.57.85 - - [01/Apr/2025:23:09:17 -0400] "GET /womens-gambling/ HTTP/1.1" 404 1251 "https://prettechengineering.com/womens-gambling/" "Mozilla/5.0 (Windows NT 10.0; Win64; x64) AppleWebKit/537.36 (KHTML, like Gecko) Chrome/131.0.0.0 Safari/537.36"
135.181.57.85 - - [01/Apr/2025:23:09:18 -0400] "GET / HTTP/1.1" 200 156255 "https://prettechengineering.com/" "Mozilla/5.0 (Windows NT 10.0; Win64; x64) AppleWebKit/537.36 (KHTML, like Gecko) Chrome/131.0.0.0 Safari/537.36"
51.222.253.20 - - [01/Apr/2025:23:11:38 -0400] "GET /how-to-change-your-snapchat-birthday-after-limitation/feed/ HTTP/1.1" 404 1251 "-" "Mozilla/5.0 (compatible; AhrefsBot/7.0; +http://ahrefs.com/robot/)"
18.116.69.162 - - [01/Apr/2025:23:12:07 -0400] "GET /snapchat-story-management HTTP/1.1" 404 1251 "-" "Mozilla/5.0 AppleWebKit/537.36 (KHTML, like Gecko; compatible; ClaudeBot/1.0; +claudebot@anthropic.com)"
80.85.246.144 - - [01/Apr/2025:23:12:36 -0400] "GET / HTTP/1.1" 200 156255 "-" "Mozilla/5.0 (Macintosh; Intel Mac OS X 10_15_7) AppleWebKit/537.36 (KHTML, like Gecko) Chrome/133.0.0.0 Safari/537.36"
80.85.246.144 - - [01/Apr/2025:23:12:38 -0400] "GET /gp/registry/wishlist/ HTTP/1.1" 404 1251 "-" "Mozilla/5.0 (Macintosh; Intel Mac OS X 10_15_7) AppleWebKit/537.36 (KHTML, like Gecko) Chrome/133.0.0.0 Safari/537.36"
80.85.246.144 - - [01/Apr/2025:23:12:40 -0400] "GET / HTTP/1.1" 200 156255 "-" "Mozilla/5.0 (Macintosh; Intel Mac OS X 10_15_7) AppleWebKit/537.36 (KHTML, like Gecko) Chrome/133.0.0.0 Safari/537.36"
80.85.246.144 - - [01/Apr/2025:23:12:41 -0400] "GET / HTTP/1.1" 200 156255 "-" "Mozilla/5.0 (Macintosh; Intel Mac OS X 10_15_7) AppleWebKit/537.36 (KHTML, like Gecko) Chrome/133.0.0.0 Safari/537.36"
80.85.246.144 - - [01/Apr/2025:23:12:43 -0400] "GET /product-reviews/B0DG4WZZPV/ref=acr_dp_hist_5?ie=UTF8&filterByStar=five_star&reviewerType=all_reviews HTTP/1.1" 404 1251 "-" "Mozilla/5.0 (Macintosh; Intel Mac OS X 10_15_7) AppleWebKit/537.36 (KHTML, like Gecko) Chrome/133.0.0.0 Safari/537.36"
80.85.246.144 - - [01/Apr/2025:23:12:44 -0400] "GET /product-reviews/B0DG4WZZPV/ref=acr_dp_hist_4?ie=UTF8&filterByStar=four_star&reviewerType=all_reviews HTTP/1.1" 404 1251 "-" "Mozilla/5.0 (Macintosh; Intel Mac OS X 10_15_7) AppleWebKit/537.36 (KHTML, like Gecko) Chrome/133.0.0.0 Safari/537.36"
80.85.246.144 - - [01/Apr/2025:23:12:48 -0400] "GET /product-reviews/B0DG4WZZPV/ref=acr_dp_hist_3?ie=UTF8&filterByStar=three_star&reviewerType=all_reviews HTTP/1.1" 404 1251 "-" "Mozilla/5.0 (Macintosh; Intel Mac OS X 10_15_7) AppleWebKit/537.36 (KHTML, like Gecko) Chrome/133.0.0.0 Safari/537.36"
80.85.246.144 - - [01/Apr/2025:23:12:49 -0400] "GET /product-reviews/B0DG4WZZPV/ref=acr_dp_hist_2?ie=UTF8&filterByStar=two_star&reviewerType=all_reviews HTTP/1.1" 404 1251 "-" "Mozilla/5.0 (Macintosh; Intel Mac OS X 10_15_7) AppleWebKit/537.36 (KHTML, like Gecko) Chrome/133.0.0.0 Safari/537.36"
80.85.246.144 - - [01/Apr/2025:23:12:49 -0400] "GET /product-reviews/B0DG4WZZPV/ref=acr_dp_hist_1?ie=UTF8&filterByStar=one_star&reviewerType=all_reviews HTTP/1.1" 404 1251 "-" "Mozilla/5.0 (Macintosh; Intel Mac OS X 10_15_7) AppleWebKit/537.36 (KHTML, like Gecko) Chrome/133.0.0.0 Safari/537.36"
80.85.246.144 - - [01/Apr/2025:23:12:51 -0400] "GET /review/create-review/ref=cm_cr_dp_d_wr_but_top?ie=UTF8&channel=glance-detail&asin=B0DG4WZZPV HTTP/1.1" 404 1251 "-" "Mozilla/5.0 (Macintosh; Intel Mac OS X 10_15_7) AppleWebKit/537.36 (KHTML, like Gecko) Chrome/133.0.0.0 Safari/537.36"
80.85.246.144 - - [01/Apr/2025:23:12:51 -0400] "GET /gp/profile/amzn1.account.AFXQP46YJ2XUKR4MYZFNG3H2CXBQ/ref=cm_cr_dp_d_gw_tr?ie=UTF8 HTTP/1.1" 404 1251 "-" "Mozilla/5.0 (Macintosh; Intel Mac OS X 10_15_7) AppleWebKit/537.36 (KHTML, like Gecko) Chrome/133.0.0.0 Safari/537.36"
80.85.246.144 - - [01/Apr/2025:23:12:52 -0400] "GET /gp/customer-reviews/R2DVCU4L2UJJBX/ref=cm_cr_dp_d_rvw_ttl?ie=UTF8&ASIN=B0DG4WZZPV HTTP/1.1" 404 1251 "-" "Mozilla/5.0 (Macintosh; Intel Mac OS X 10_15_7) AppleWebKit/537.36 (KHTML, like Gecko) Chrome/133.0.0.0 Safari/537.36"
80.85.246.144 - - [01/Apr/2025:23:12:53 -0400] "GET /gp/profile/amzn1.account.AF5FRYZXCS7TKUJBS42LJ5SIYFCQ/ref=cm_cr_dp_d_gw_tr?ie=UTF8 HTTP/1.1" 404 1251 "-" "Mozilla/5.0 (Macintosh; Intel Mac OS X 10_15_7) AppleWebKit/537.36 (KHTML, like Gecko) Chrome/133.0.0.0 Safari/537.36"
80.85.246.144 - - [01/Apr/2025:23:12:54 -0400] "GET /gp/customer-reviews/RSOLMCOFAZGYC/ref=cm_cr_dp_d_rvw_ttl?ie=UTF8&ASIN=B0DG4WZZPV HTTP/1.1" 404 1251 "-" "Mozilla/5.0 (Macintosh; Intel Mac OS X 10_15_7) AppleWebKit/537.36 (KHTML, like Gecko) Chrome/133.0.0.0 Safari/537.36"
80.85.246.144 - - [01/Apr/2025:23:12:58 -0400] "GET /gp/profile/amzn1.account.AEI6M6PK7YTYMMDYHFCY44VLPMYQ/ref=cm_cr_dp_d_gw_tr?ie=UTF8 HTTP/1.1" 404 1251 "-" "Mozilla/5.0 (Macintosh; Intel Mac OS X 10_15_7) AppleWebKit/537.36 (KHTML, like Gecko) Chrome/133.0.0.0 Safari/537.36"
80.85.246.144 - - [01/Apr/2025:23:12:59 -0400] "GET /gp/customer-reviews/R1PEI6HEVK2UIC/ref=cm_cr_dp_d_rvw_ttl?ie=UTF8&ASIN=B0DG4WZZPV HTTP/1.1" 404 1251 "-" "Mozilla/5.0 (Macintosh; Intel Mac OS X 10_15_7) AppleWebKit/537.36 (KHTML, like Gecko) Chrome/133.0.0.0 Safari/537.36"
80.85.246.144 - - [01/Apr/2025:23:13:01 -0400] "GET /hz/reviews-render/report-review?ie=UTF8&ref=cm_cr_dp_d_report&csrfT=hI7SZljMN8bG2ire57mKHlD4fY6c8uVTvZXytn4fYPolAAAAAGcq7rEAAAAB&reviewId=R1PEI6HEVK2UIC HTTP/1.1" 404 1251 "-" "Mozilla/5.0 (Macintosh; Intel Mac OS X 10_15_7) AppleWebKit/537.36 (KHTML, like Gecko) Chrome/133.0.0.0 Safari/537.36"
51.222.253.16 - - [01/Apr/2025:23:14:26 -0400] "GET /what-is-cost-recovery/feed/ HTTP/1.1" 404 1251 "-" "Mozilla/5.0 (compatible; AhrefsBot/7.0; +http://ahrefs.com/robot/)"
34.204.4.62 - - [01/Apr/2025:23:14:45 -0400] "GET /hair-dryer-with-diffuser-how-to-get-the-most-out-of-your-hair-dryer/ HTTP/1.1" 404 1251 "-" "Grammarly/1.0 (http://www.grammarly.com)"
51.222.253.6 - - [01/Apr/2025:23:17:32 -0400] "GET /list-building-via-youtube/feed/ HTTP/1.1" 404 1251 "-" "Mozilla/5.0 (compatible; AhrefsBot/7.0; +http://ahrefs.com/robot/)"
58.221.37.82 - - [01/Apr/2025:23:20:14 -0400] "GET / HTTP/1.1" 200 156255 "https://www.google.com/" "Mozilla/5.0 (Linux; Android 10; K) AppleWebKit/537.36 (KHTML, like Gecko) Chrome/123.0.0.0 Mobile Safari/537.36"
58.221.37.82 - - [01/Apr/2025:23:20:23 -0400] "GET / HTTP/1.1" 200 156255 "https://www.google.com/" "Mozilla/5.0 (Linux; Android 10; K) AppleWebKit/537.36 (KHTML, like Gecko) Chrome/132.0.0.0 Mobile Safari/537.36"
51.222.253.2 - - [01/Apr/2025:23:20:39 -0400] "GET /how-to-get-more-live-stream-viewers-on-youtube/feed/ HTTP/1.1" 404 1251 "-" "Mozilla/5.0 (compatible; AhrefsBot/7.0; +http://ahrefs.com/robot/)"
18.218.250.184 - - [01/Apr/2025:23:23:51 -0400] "GET /mortgages-a-brief-overview HTTP/1.1" 404 1251 "-" "Mozilla/5.0 AppleWebKit/537.36 (KHTML, like Gecko; compatible; ClaudeBot/1.0; +claudebot@anthropic.com)"
51.222.253.11 - - [01/Apr/2025:23:24:00 -0400] "GET /how-to-choose-the-best-television-to-buy-in-2015/feed/ HTTP/1.1" 404 1251 "-" "Mozilla/5.0 (compatible; AhrefsBot/7.0; +http://ahrefs.com/robot/)"
51.222.253.9 - - [01/Apr/2025:23:29:17 -0400] "GET /choosing-moving-companies/feed/ HTTP/1.1" 404 1251 "-" "Mozilla/5.0 (compatible; AhrefsBot/7.0; +http://ahrefs.com/robot/)"
198.54.114.83 - - [01/Apr/2025:23:29:51 -0400] "POST /wp-admin/admin-ajax.php?action=async_litespeed&nonce=Oqw6CdpZEggDWnkebz6fJQ9g18eMgjiR&litespeed_type=imgoptm HTTP/1.1" 200 0 "-" "WordPress/6.7.1; https://prettechengineering.com"
51.222.253.11 - - [01/Apr/2025:23:32:12 -0400] "GET /best-ice-cube-machine-in-india/feed/ HTTP/1.1" 404 1251 "-" "Mozilla/5.0 (compatible; AhrefsBot/7.0; +http://ahrefs.com/robot/)"
213.136.81.226 - - [01/Apr/2025:23:35:04 -0400] "GET /a.php HTTP/1.1" 404 1251 "https://www.google.com" "Mozilla/5.0 (Linux; Android 7.0; SM-G892A Build/NRD90M; wv) AppleWebKit/537.36 (KHTML, Gecko) Version/4.0 Chrome/60.0.3112.107 Mobile Safari/537.36"
213.136.81.226 - - [01/Apr/2025:23:35:07 -0400] "GET /b.php HTTP/1.1" 404 1251 "https://www.google.com" "Mozilla/5.0 (Linux; Android 7.0; SM-G892A Build/NRD90M; wv) AppleWebKit/537.36 (KHTML, Gecko) Version/4.0 Chrome/60.0.3112.107 Mobile Safari/537.36"
213.136.81.226 - - [01/Apr/2025:23:35:10 -0400] "GET /c.php HTTP/1.1" 404 1251 "https://www.google.com" "Mozilla/5.0 (Linux; Android 7.0; SM-G892A Build/NRD90M; wv) AppleWebKit/537.36 (KHTML, Gecko) Version/4.0 Chrome/60.0.3112.107 Mobile Safari/537.36"
213.136.81.226 - - [01/Apr/2025:23:35:12 -0400] "GET /d.php HTTP/1.1" 404 1251 "https://www.google.com" "Mozilla/5.0 (Linux; Android 7.0; SM-G892A Build/NRD90M; wv) AppleWebKit/537.36 (KHTML, Gecko) Version/4.0 Chrome/60.0.3112.107 Mobile Safari/537.36"
51.222.253.1 - - [01/Apr/2025:23:35:15 -0400] "GET /regime-facile/feed/ HTTP/1.1" 404 1251 "-" "Mozilla/5.0 (compatible; AhrefsBot/7.0; +http://ahrefs.com/robot/)"
3.137.41.219 - - [01/Apr/2025:23:35:24 -0400] "GET /how-to-do-a-hanging-indent HTTP/1.1" 404 1251 "-" "Mozilla/5.0 AppleWebKit/537.36 (KHTML, like Gecko; compatible; ClaudeBot/1.0; +claudebot@anthropic.com)"
66.249.89.167 - - [01/Apr/2025:23:38:11 -0400] "GET /feed HTTP/1.1" 404 1251 "-" "FeedFetcher-Google; (+http://www.google.com/feedfetcher.html)"
51.222.253.19 - - [01/Apr/2025:23:38:14 -0400] "GET /comment-developper-la-clairvoyance-ideale/feed/ HTTP/1.1" 404 1251 "-" "Mozilla/5.0 (compatible; AhrefsBot/7.0; +http://ahrefs.com/robot/)"
18.97.9.96 - - [01/Apr/2025:23:38:30 -0400] "GET /how-to-prepare-a-pizzabacken HTTP/1.1" 404 1251 "-" "Mozilla/5.0 AppleWebKit/537.36 (KHTML, like Gecko; compatible; PerplexityBot/1.0; +https://perplexity.ai/perplexitybot)"
112.92.70.120 - - [01/Apr/2025:23:40:00 -0400] "GET /mk-bag-sale-in-uk/ HTTP/1.1" 404 1251 "https://prettechengineering.com" "Mozilla/5.0 (Windows NT 10.0; Win64; x64) AppleWebKit/537.36 (KHTML, like Gecko) Chrome/62.0.3202.94 Safari/537.36"
112.92.70.120 - - [01/Apr/2025:23:40:01 -0400] "GET /mk-bag-sale-in-uk/ HTTP/1.1" 404 1251 "https://prettechengineering.com" "Mozilla/5.0 (Windows NT 10.0; Win64; x64) AppleWebKit/537.36 (KHTML, like Gecko) Chrome/62.0.3202.94 Safari/537.36"
112.92.70.120 - - [01/Apr/2025:23:40:03 -0400] "GET /mk-bag-sale-in-uk/ HTTP/1.1" 404 1251 "https://prettechengineering.com" "Mozilla/5.0 (Windows NT 10.0; Win64; x64) AppleWebKit/537.36 (KHTML, like Gecko) Chrome/62.0.3202.94 Safari/537.36"
112.92.70.120 - - [01/Apr/2025:23:40:07 -0400] "GET /mk-bag-sale-in-uk/ HTTP/1.1" 404 1251 "https://prettechengineering.com" "Mozilla/5.0 (Windows NT 10.0; Win64; x64) AppleWebKit/537.36 (KHTML, like Gecko) Chrome/62.0.3202.94 Safari/537.36"
51.222.253.10 - - [01/Apr/2025:23:41:04 -0400] "GET /are-mobile-casinos-the-future-of-gambling/feed/ HTTP/1.1" 404 1251 "-" "Mozilla/5.0 (compatible; AhrefsBot/7.0; +http://ahrefs.com/robot/)"
54.86.177.224 - - [01/Apr/2025:23:41:18 -0400] "GET /hair-dryer-with-diffuser-how-to-get-the-most-out-of-your-hair-dryer/ HTTP/1.1" 404 1251 "-" "Grammarly/1.0 (http://www.grammarly.com)"
51.222.253.1 - - [01/Apr/2025:23:44:01 -0400] "GET /the-effect-that-quotes-on-happiness-can-have/feed/ HTTP/1.1" 404 1251 "-" "Mozilla/5.0 (compatible; AhrefsBot/7.0; +http://ahrefs.com/robot/)"
75.119.143.203 - - [01/Apr/2025:23:46:29 -0400] "GET /products/ HTTP/1.1" 404 1251 "-" "Mozilla/5.0 (Macintosh; Intel Mac OS X 10_15_7) AppleWebKit/537.36 (KHTML, like Gecko) Chrome/127.0.0 Safari/537.36"
57.129.81.227 - - [01/Apr/2025:23:46:31 -0400] "GET /products/ HTTP/1.1" 404 1251 "-" "Mozilla/5.0 (Macintosh; Intel Mac OS X 10_15_7) AppleWebKit/537.36 (KHTML, like Gecko) Chrome/127.0.0 Safari/537.36"
51.222.253.12 - - [01/Apr/2025:23:47:09 -0400] "GET /top-10-recovery-machines/feed/ HTTP/1.1" 404 1251 "-" "Mozilla/5.0 (compatible; AhrefsBot/7.0; +http://ahrefs.com/robot/)"
3.15.195.46 - - [01/Apr/2025:23:47:16 -0400] "GET /how-to-change-name-on-bumble HTTP/1.1" 404 1251 "-" "Mozilla/5.0 AppleWebKit/537.36 (KHTML, like Gecko; compatible; ClaudeBot/1.0; +claudebot@anthropic.com)"
