27.42.98.173 - - [06/Apr/2025:01:14:14 -0400] "GET /how-window-tint-can-reduce-heat-glare-and-security-risks/ HTTP/1.1" 404 1251 "https://prettechengineering.com" "Mozilla/5.0 (Windows NT 10.0; Win64; x64) AppleWebKit/537.36 (KHTML, like Gecko) Chrome/62.0.3202.94 Safari/537.36"
27.42.98.173 - - [06/Apr/2025:01:14:15 -0400] "GET /how-window-tint-can-reduce-heat-glare-and-security-risks/ HTTP/1.1" 404 1251 "https://prettechengineering.com" "Mozilla/5.0 (Windows NT 10.0; Win64; x64) AppleWebKit/537.36 (KHTML, like Gecko) Chrome/62.0.3202.94 Safari/537.36"
27.42.98.173 - - [06/Apr/2025:01:14:17 -0400] "GET /how-window-tint-can-reduce-heat-glare-and-security-risks/ HTTP/1.1" 404 1251 "https://prettechengineering.com" "Mozilla/5.0 (Windows NT 10.0; Win64; x64) AppleWebKit/537.36 (KHTML, like Gecko) Chrome/62.0.3202.94 Safari/537.36"
112.86.225.204 - - [06/Apr/2025:01:15:03 -0400] "GET / HTTP/1.1" 200 156255 "-" "Sogou web spider/4.0(+http://www.sogou.com/docs/help/webmasters.htm#07)"
74.80.208.179 - - [06/Apr/2025:01:16:32 -0400] "GET /wp-json/wp/v2/posts/1949 HTTP/1.1" 404 1251 "-" "Mozilla/5.0 (compatible; ImagesiftBot; +imagesift.com)"
74.80.208.179 - - [06/Apr/2025:01:16:49 -0400] "GET /planen-sie-ihre-wohnungsauflosung/feed/ HTTP/1.1" 404 1251 "-" "Mozilla/5.0 (compatible; ImagesiftBot; +imagesift.com)"
74.80.208.179 - - [06/Apr/2025:01:17:34 -0400] "GET /die-vorteile-von-nachhilfe-im-recht/ HTTP/1.1" 404 1251 "-" "Mozilla/5.0 (compatible; ImagesiftBot; +imagesift.com)"
74.80.208.179 - - [06/Apr/2025:01:20:26 -0400] "GET /a-journey-through-history-and-remembrance/ HTTP/1.1" 404 1251 "-" "Mozilla/5.0 (compatible; ImagesiftBot; +imagesift.com)"
74.80.208.179 - - [06/Apr/2025:01:21:30 -0400] "GET /sarms-for-sale-how-to-find-legitimate-sarms-for-sale/feed/ HTTP/1.1" 404 1251 "-" "Mozilla/5.0 (compatible; ImagesiftBot; +imagesift.com)"
74.80.208.179 - - [06/Apr/2025:01:22:15 -0400] "GET /grand-dunman-a-new-99-year-leasehold-condo-development-in-tanjong-katong/feed/ HTTP/1.1" 404 1251 "-" "Mozilla/5.0 (compatible; ImagesiftBot; +imagesift.com)"
74.80.208.179 - - [06/Apr/2025:01:22:16 -0400] "GET /what-is-a-marketplace/feed/ HTTP/1.1" 404 1251 "-" "Mozilla/5.0 (compatible; ImagesiftBot; +imagesift.com)"
27.42.98.173 - - [06/Apr/2025:01:24:15 -0400] "GET /how-window-tint-can-reduce-heat-glare-and-security-risks/ HTTP/1.1" 404 1251 "https://prettechengineering.com" "Mozilla/5.0 (Windows NT 10.0; Win64; x64) AppleWebKit/537.36 (KHTML, like Gecko) Chrome/62.0.3202.94 Safari/537.36"
27.42.98.173 - - [06/Apr/2025:01:24:16 -0400] "GET /how-window-tint-can-reduce-heat-glare-and-security-risks/ HTTP/1.1" 404 1251 "https://prettechengineering.com" "Mozilla/5.0 (Windows NT 10.0; Win64; x64) AppleWebKit/537.36 (KHTML, like Gecko) Chrome/62.0.3202.94 Safari/537.36"
27.42.98.173 - - [06/Apr/2025:01:24:18 -0400] "GET /how-window-tint-can-reduce-heat-glare-and-security-risks/ HTTP/1.1" 404 1251 "https://prettechengineering.com" "Mozilla/5.0 (Windows NT 10.0; Win64; x64) AppleWebKit/537.36 (KHTML, like Gecko) Chrome/62.0.3202.94 Safari/537.36"
27.42.98.173 - - [06/Apr/2025:01:24:19 -0400] "GET /how-window-tint-can-reduce-heat-glare-and-security-risks/ HTTP/1.1" 404 1251 "https://prettechengineering.com" "Mozilla/5.0 (Windows NT 10.0; Win64; x64) AppleWebKit/537.36 (KHTML, like Gecko) Chrome/62.0.3202.94 Safari/537.36"
74.80.208.179 - - [06/Apr/2025:01:25:02 -0400] "GET /vetements-vintage-pour-hommes-conseils-et-idees-de-mode-suggeres/ HTTP/1.1" 404 1251 "-" "Mozilla/5.0 (compatible; ImagesiftBot; +imagesift.com)"
74.80.208.179 - - [06/Apr/2025:01:27:24 -0400] "GET /assurance-professionnelle-protegez-votre-entreprise/ HTTP/1.1" 404 1251 "-" "Mozilla/5.0 (compatible; ImagesiftBot; +imagesift.com)"
74.80.208.179 - - [06/Apr/2025:01:27:45 -0400] "GET /wp-json/wp/v2/posts/2411 HTTP/1.1" 404 1251 "-" "Mozilla/5.0 (compatible; ImagesiftBot; +imagesift.com)"
74.80.208.179 - - [06/Apr/2025:01:29:48 -0400] "GET /wp-json/wp/v2/posts/2606 HTTP/1.1" 404 1251 "-" "Mozilla/5.0 (compatible; ImagesiftBot; +imagesift.com)"
74.80.208.179 - - [06/Apr/2025:01:35:29 -0400] "GET /sotogrande-a-haven-of-luxury-living/ HTTP/1.1" 404 1251 "-" "Mozilla/5.0 (compatible; ImagesiftBot; +imagesift.com)"
40.77.167.18 - - [06/Apr/2025:01:36:23 -0400] "GET /welcome-the-power-with-you-on-halloween-with-these-star-wars-outfits/ HTTP/1.1" 404 1251 "-" "Mozilla/5.0 AppleWebKit/537.36 (KHTML, like Gecko; compatible; bingbot/2.0; +http://www.bing.com/bingbot.htm) Chrome/116.0.1938.76 Safari/537.36"
74.80.208.179 - - [06/Apr/2025:01:37:25 -0400] "GET /registration-of-food-establishments-with-the-fda/feed/ HTTP/1.1" 404 1251 "-" "Mozilla/5.0 (compatible; ImagesiftBot; +imagesift.com)"
74.80.208.179 - - [06/Apr/2025:01:37:44 -0400] "GET /how-to-use-a-spell-to-make-someone-obsessed-with-you/ HTTP/1.1" 404 1251 "-" "Mozilla/5.0 (compatible; ImagesiftBot; +imagesift.com)"
74.80.208.179 - - [06/Apr/2025:01:40:31 -0400] "GET /wp-json/wp/v2/posts/2432 HTTP/1.1" 404 1251 "-" "Mozilla/5.0 (compatible; ImagesiftBot; +imagesift.com)"
74.80.208.179 - - [06/Apr/2025:01:41:30 -0400] "GET /un-eclat-historique-le-batiment-dune-localisation-prestigieuse/feed/ HTTP/1.1" 404 1251 "-" "Mozilla/5.0 (compatible; ImagesiftBot; +imagesift.com)"
74.80.208.179 - - [06/Apr/2025:01:42:27 -0400] "GET /wp-json/wp/v2/posts/2640 HTTP/1.1" 404 1251 "-" "Mozilla/5.0 (compatible; ImagesiftBot; +imagesift.com)"
74.80.208.179 - - [06/Apr/2025:01:43:08 -0400] "GET /la-personnalisation-des-nappes-avec-logo-pour-le-salon-un-element-distinctif/feed/ HTTP/1.1" 404 1251 "-" "Mozilla/5.0 (compatible; ImagesiftBot; +imagesift.com)"
74.80.208.179 - - [06/Apr/2025:01:44:40 -0400] "GET /understanding-stake-ator-investments-a-comprehensive-overview/ HTTP/1.1" 404 1251 "-" "Mozilla/5.0 (compatible; ImagesiftBot; +imagesift.com)"
74.80.208.179 - - [06/Apr/2025:01:45:16 -0400] "GET /reveler-le-miracle-le-test-de-grossesse/feed/ HTTP/1.1" 404 1251 "-" "Mozilla/5.0 (compatible; ImagesiftBot; +imagesift.com)"
40.77.167.224 - - [06/Apr/2025:01:45:17 -0400] "GET /condiment-making-vessel/vinegar-mash-fermenting-units-7.html HTTP/1.1" 404 1251 "-" "Mozilla/5.0 AppleWebKit/537.36 (KHTML, like Gecko; compatible; bingbot/2.0; +http://www.bing.com/bingbot.htm) Chrome/116.0.1938.76 Safari/537.36"
74.80.208.179 - - [06/Apr/2025:01:46:02 -0400] "GET /the-benefits-of-business-trip-massage/ HTTP/1.1" 404 1251 "-" "Mozilla/5.0 (compatible; ImagesiftBot; +imagesift.com)"
74.80.208.179 - - [06/Apr/2025:01:47:53 -0400] "GET /wp-json/wp/v2/posts/1965 HTTP/1.1" 404 1251 "-" "Mozilla/5.0 (compatible; ImagesiftBot; +imagesift.com)"
121.237.36.28 - - [06/Apr/2025:01:48:13 -0400] "GET /favicon.ico HTTP/1.1" 404 1251 "-" "Dalvik/2.1.0 (Linux; U; Android 9.0; ZTE BA520 Build/MRA58K)"
74.80.208.179 - - [06/Apr/2025:01:48:13 -0400] "GET /transforming-spaces-unleashing-the-excellence-of-tucson-cleaning-services/feed/ HTTP/1.1" 404 0 "-" "Mozilla/5.0 (compatible; ImagesiftBot; +imagesift.com)"
74.80.208.179 - - [06/Apr/2025:01:49:50 -0400] "GET /5/08/ HTTP/1.1" 404 1251 "-" "Mozilla/5.0 (compatible; ImagesiftBot; +imagesift.com)"
74.80.208.179 - - [06/Apr/2025:01:52:50 -0400] "GET /ihr-zuverlassiger-partner-fur-den-umzug/ HTTP/1.1" 404 1251 "-" "Mozilla/5.0 (compatible; ImagesiftBot; +imagesift.com)"
74.80.208.179 - - [06/Apr/2025:01:52:57 -0400] "GET /screen-share-iphone-to-tv/ HTTP/1.1" 404 1251 "-" "Mozilla/5.0 (compatible; ImagesiftBot; +imagesift.com)"
74.80.208.179 - - [06/Apr/2025:01:55:08 -0400] "GET /wp-json/wp/v2/posts/2150 HTTP/1.1" 404 1251 "-" "Mozilla/5.0 (compatible; ImagesiftBot; +imagesift.com)"
74.80.208.179 - - [06/Apr/2025:01:58:47 -0400] "GET /wp-json/wp/v2/posts/499 HTTP/1.1" 404 1251 "-" "Mozilla/5.0 (compatible; ImagesiftBot; +imagesift.com)"
74.80.208.179 - - [06/Apr/2025:01:59:25 -0400] "GET /what-to-look-for/ HTTP/1.1" 404 1251 "-" "Mozilla/5.0 (compatible; ImagesiftBot; +imagesift.com)"
74.80.208.179 - - [06/Apr/2025:02:01:46 -0400] "GET /merit-beauty-reviews/feed/ HTTP/1.1" 404 1251 "-" "Mozilla/5.0 (compatible; ImagesiftBot; +imagesift.com)"
74.80.208.179 - - [06/Apr/2025:02:02:10 -0400] "GET /proteger-et-embellir-les-housses-de-canape/ HTTP/1.1" 404 1251 "-" "Mozilla/5.0 (compatible; ImagesiftBot; +imagesift.com)"
74.80.208.179 - - [06/Apr/2025:02:03:13 -0400] "GET /efficient-hot-water-dispensers-for-modern-living/ HTTP/1.1" 404 1251 "-" "Mozilla/5.0 (compatible; ImagesiftBot; +imagesift.com)"
103.153.202.97 - - [06/Apr/2025:02:03:18 -0400] "GET / HTTP/1.1" 200 156255 "https://prettechengineering.com" "Mozilla/4.0 (compatible; MSIE 9.0; Windows NT 6.1)"
74.80.208.179 - - [06/Apr/2025:02:04:02 -0400] "GET /professionelle-umzugsfirma-in-luneburg-fur-stressfreie-umzuge/ HTTP/1.1" 404 1251 "-" "Mozilla/5.0 (compatible; ImagesiftBot; +imagesift.com)"
27.42.64.13 - - [06/Apr/2025:02:04:50 -0400] "GET /mk-bag-sale-in-uk/ HTTP/1.1" 404 1251 "https://prettechengineering.com" "Mozilla/5.0 (Windows NT 10.0; Win64; x64) AppleWebKit/537.36 (KHTML, like Gecko) Chrome/62.0.3202.94 Safari/537.36"
27.42.64.13 - - [06/Apr/2025:02:04:51 -0400] "GET /mk-bag-sale-in-uk/ HTTP/1.1" 404 1251 "https://prettechengineering.com" "Mozilla/5.0 (Windows NT 10.0; Win64; x64) AppleWebKit/537.36 (KHTML, like Gecko) Chrome/62.0.3202.94 Safari/537.36"
27.42.64.13 - - [06/Apr/2025:02:04:52 -0400] "GET /mk-bag-sale-in-uk/ HTTP/1.1" 404 1251 "https://prettechengineering.com" "Mozilla/5.0 (Windows NT 10.0; Win64; x64) AppleWebKit/537.36 (KHTML, like Gecko) Chrome/62.0.3202.94 Safari/537.36"
74.80.208.179 - - [06/Apr/2025:02:05:29 -0400] "GET /wp-json/wp/v2/posts/2692 HTTP/1.1" 404 1251 "-" "Mozilla/5.0 (compatible; ImagesiftBot; +imagesift.com)"
74.80.208.179 - - [06/Apr/2025:02:07:36 -0400] "GET /smart-savings-tips-for-your-baha-mar-getaway/ HTTP/1.1" 404 1251 "-" "Mozilla/5.0 (compatible; ImagesiftBot; +imagesift.com)"
74.80.208.179 - - [06/Apr/2025:02:09:37 -0400] "GET /wp-json/wp/v2/posts/2679 HTTP/1.1" 404 1251 "-" "Mozilla/5.0 (compatible; ImagesiftBot; +imagesift.com)"
74.80.208.179 - - [06/Apr/2025:02:11:55 -0400] "GET /exploring-the-world-of-game-pluto/ HTTP/1.1" 404 1251 "-" "Mozilla/5.0 (compatible; ImagesiftBot; +imagesift.com)"
52.167.144.169 - - [06/Apr/2025:02:12:53 -0400] "GET /how-to-complete-the-secret-missions-to-get-psyops-and-brg-icons HTTP/1.1" 404 1251 "-" "Mozilla/5.0 AppleWebKit/537.36 (KHTML, like Gecko; compatible; bingbot/2.0; +http://www.bing.com/bingbot.htm) Chrome/116.0.1938.76 Safari/537.36"
74.80.208.179 - - [06/Apr/2025:02:14:09 -0400] "GET /2020/11/ HTTP/1.1" 404 1251 "-" "Mozilla/5.0 (compatible; ImagesiftBot; +imagesift.com)"
27.42.64.13 - - [06/Apr/2025:02:15:04 -0400] "GET /how-window-tint-can-reduce-heat-glare-and-security-risks/ HTTP/1.1" 404 1251 "https://prettechengineering.com" "Mozilla/5.0 (Windows NT 10.0; Win64; x64) AppleWebKit/537.36 (KHTML, like Gecko) Chrome/62.0.3202.94 Safari/537.36"
27.42.64.13 - - [06/Apr/2025:02:15:05 -0400] "GET /how-window-tint-can-reduce-heat-glare-and-security-risks/ HTTP/1.1" 404 1251 "https://prettechengineering.com" "Mozilla/5.0 (Windows NT 10.0; Win64; x64) AppleWebKit/537.36 (KHTML, like Gecko) Chrome/62.0.3202.94 Safari/537.36"
27.42.64.13 - - [06/Apr/2025:02:15:07 -0400] "GET /how-window-tint-can-reduce-heat-glare-and-security-risks/ HTTP/1.1" 404 1251 "https://prettechengineering.com" "Mozilla/5.0 (Windows NT 10.0; Win64; x64) AppleWebKit/537.36 (KHTML, like Gecko) Chrome/62.0.3202.94 Safari/537.36"
27.42.64.13 - - [06/Apr/2025:02:15:12 -0400] "GET /how-window-tint-can-reduce-heat-glare-and-security-risks/ HTTP/1.1" 404 1251 "https://prettechengineering.com" "Mozilla/5.0 (Windows NT 10.0; Win64; x64) AppleWebKit/537.36 (KHTML, like Gecko) Chrome/62.0.3202.94 Safari/537.36"
74.80.208.179 - - [06/Apr/2025:02:16:34 -0400] "GET /top-ai-video-generators-revolutionizing-content-creation/ HTTP/1.1" 404 1251 "-" "Mozilla/5.0 (compatible; ImagesiftBot; +imagesift.com)"
52.236.32.190 - - [06/Apr/2025:02:16:54 -0400] "GET /wp-admin/options.php HTTP/1.1" 302 0 "-" "-"
52.236.32.190 - - [06/Apr/2025:02:16:55 -0400] "GET /wp-login.php?redirect_to=https%3A%2F%2Fwww.prettechengineering.com%2Fwp-admin%2Foptions.php&reauth=1 HTTP/1.1" 200 1931 "-" "-"
52.236.32.190 - - [06/Apr/2025:02:18:03 -0400] "GET /wp-admin/ HTTP/1.1" 302 0 "-" "-"
52.236.32.190 - - [06/Apr/2025:02:18:04 -0400] "GET /wp-login.php?redirect_to=https%3A%2F%2Fprettechengineering.com%2Fwp-admin%2F&reauth=1 HTTP/1.1" 200 1923 "-" "-"
52.236.32.190 - - [06/Apr/2025:02:18:35 -0400] "GET /wp-admin/network/ HTTP/1.1" 302 0 "-" "-"
52.236.32.190 - - [06/Apr/2025:02:18:35 -0400] "GET /wp-login.php?redirect_to=https%3A%2F%2Fwww.prettechengineering.com%2Fwp-admin%2Fnetwork%2F&reauth=1 HTTP/1.1" 200 1930 "-" "-"
52.236.32.190 - - [06/Apr/2025:02:18:36 -0400] "GET /wp-login.php?action=register HTTP/1.1" 302 0 "-" "-"
52.236.32.190 - - [06/Apr/2025:02:18:37 -0400] "GET /wp-login.php?registration=disabled HTTP/1.1" 200 1986 "-" "-"
52.236.32.190 - - [06/Apr/2025:02:18:42 -0400] "GET /wp-admin/about.php HTTP/1.1" 302 0 "-" "-"
52.236.32.190 - - [06/Apr/2025:02:18:43 -0400] "GET /wp-login.php?redirect_to=https%3A%2F%2Fwww.prettechengineering.com%2Fwp-admin%2Fabout.php&reauth=1 HTTP/1.1" 200 1937 "-" "-"
52.236.32.190 - - [06/Apr/2025:02:18:45 -0400] "GET /wp-admin/user/about.php HTTP/1.1" 302 0 "-" "-"
52.236.32.190 - - [06/Apr/2025:02:18:45 -0400] "GET /wp-login.php?redirect_to=https%3A%2F%2Fwww.prettechengineering.com%2Fwp-admin%2Fuser%2Fabout.php&reauth=1 HTTP/1.1" 200 1939 "-" "-"
52.236.32.190 - - [06/Apr/2025:02:18:47 -0400] "GET /wp-admin/network/admin.php HTTP/1.1" 302 0 "-" "-"
52.236.32.190 - - [06/Apr/2025:02:18:47 -0400] "GET /wp-login.php?redirect_to=https%3A%2F%2Fwww.prettechengineering.com%2Fwp-admin%2Fnetwork%2Fadmin.php&reauth=1 HTTP/1.1" 200 1935 "-" "-"
52.236.32.190 - - [06/Apr/2025:02:18:49 -0400] "GET /wp-admin/network/index.php HTTP/1.1" 302 0 "-" "-"
52.236.32.190 - - [06/Apr/2025:02:18:49 -0400] "GET /wp-login.php?redirect_to=https%3A%2F%2Fwww.prettechengineering.com%2Fwp-admin%2Fnetwork%2Findex.php&reauth=1 HTTP/1.1" 200 1935 "-" "-"
151.106.162.30 - - [06/Apr/2025:02:19:21 -0400] "GET /wp-content/uploads/2023/06/How-to-Zoom-in-on-TikTok.jpg HTTP/1.1" 200 8182 "-" "Mozilla/5.0 (X11; Ubuntu; Linux x86_64; rv:72.0) Gecko/20100101 Firefox/72.0"
74.80.208.179 - - [06/Apr/2025:02:19:36 -0400] "GET /wp-json/wp/v2/posts/2316 HTTP/1.1" 404 1251 "-" "Mozilla/5.0 (compatible; ImagesiftBot; +imagesift.com)"
74.80.208.179 - - [06/Apr/2025:02:23:06 -0400] "GET /home-improvement-contractors-in-portland/feed/ HTTP/1.1" 404 1251 "-" "Mozilla/5.0 (compatible; ImagesiftBot; +imagesift.com)"
103.153.202.96 - - [06/Apr/2025:02:25:05 -0400] "GET / HTTP/1.1" 200 156255 "https://prettechengineering.com" "Mozilla/4.0 (compatible; MSIE 9.0; Windows NT 6.1)"
74.80.208.179 - - [06/Apr/2025:02:27:32 -0400] "GET /the-essence-of-a-marketing-videographer/ HTTP/1.1" 404 1251 "-" "Mozilla/5.0 (compatible; ImagesiftBot; +imagesift.com)"
74.80.208.179 - - [06/Apr/2025:02:32:47 -0400] "GET /a-glimpse-of-tranquility-exploring-the-arcady-showflat/ HTTP/1.1" 404 1251 "-" "Mozilla/5.0 (compatible; ImagesiftBot; +imagesift.com)"
112.86.225.13 - - [06/Apr/2025:02:33:46 -0400] "GET / HTTP/1.1" 200 156255 "-" "Sogou web spider/4.0(+http://www.sogou.com/docs/help/webmasters.htm#07)"
58.221.37.82 - - [06/Apr/2025:02:38:00 -0400] "GET / HTTP/1.1" 200 156255 "https://www.google.com/" "Mozilla/5.0 (Linux; Android 10; K) AppleWebKit/537.36 (KHTML, like Gecko) Chrome/132.0.0.0 Mobile Safari/537.36"
74.80.208.179 - - [06/Apr/2025:02:40:20 -0400] "GET /kompetente-scheidungsanwalte-in-hattingen/ HTTP/1.1" 404 0 "-" "Mozilla/5.0 (compatible; ImagesiftBot; +imagesift.com)"
103.78.217.131 - - [06/Apr/2025:02:40:45 -0400] "GET /gold-coast-pressure-washing/ HTTP/1.1" 404 1251 "-" "Mozilla/5.0 (Windows NT 10.0; WOW64) AppleWebKit/537.36 (KHTML, like Gecko) Chrome/114.0.0.0 YaBrowser/22.7.0 Yowser/2.5 Safari/537.36"
103.78.217.131 - - [06/Apr/2025:02:40:46 -0400] "GET / HTTP/1.1" 200 156255 "-" "Mozilla/5.0 (Windows NT 10.0; WOW64) AppleWebKit/537.36 (KHTML, like Gecko) Chrome/114.0.0.0 YaBrowser/22.7.0 Yowser/2.5 Safari/537.36"
103.78.217.131 - - [06/Apr/2025:02:40:48 -0400] "GET /dp/B0D3RN5W37?ref=MarsFS_VICC_blinksqm HTTP/1.1" 404 1251 "https://prettechengineering.com" "Mozilla/5.0 (Windows NT 10.0; WOW64) AppleWebKit/537.36 (KHTML, like Gecko) Chrome/114.0.0.0 YaBrowser/22.7.0 Yowser/2.5 Safari/537.36"
103.78.217.131 - - [06/Apr/2025:02:40:49 -0400] "GET / HTTP/1.1" 200 156255 "https://prettechengineering.com" "Mozilla/5.0 (Windows NT 10.0; WOW64) AppleWebKit/537.36 (KHTML, like Gecko) Chrome/114.0.0.0 YaBrowser/22.7.0 Yowser/2.5 Safari/537.36"
74.80.208.179 - - [06/Apr/2025:02:52:58 -0400] "GET /the-continuum-at-thiam-siew/ HTTP/1.1" 404 1251 "-" "Mozilla/5.0 (compatible; ImagesiftBot; +imagesift.com)"
93.123.109.19 - - [06/Apr/2025:02:55:05 -0400] "GET / HTTP/1.1" 200 156255 "-" "Mozilla/5.0 (Windows NT 6.1; WOW64) AppleWebKit/537.36 (KHTML, like Gecko) Chrome/47.0.2526.111 Safari/537.36"
93.123.109.23 - - [06/Apr/2025:02:57:54 -0400] "GET / HTTP/1.1" 200 156255 "-" "Mozilla/5.0 (Macintosh; Intel Mac OS X 10_11_2) AppleWebKit/601.3.9 (KHTML, like Gecko) Version/9.0.2 Safari/601.3.9"
27.42.64.13 - - [06/Apr/2025:02:58:52 -0400] "GET /how-window-tint-can-reduce-heat-glare-and-security-risks/ HTTP/1.1" 404 1251 "https://prettechengineering.com" "Mozilla/5.0 (Windows NT 10.0; Win64; x64) AppleWebKit/537.36 (KHTML, like Gecko) Chrome/62.0.3202.94 Safari/537.36"
27.42.64.13 - - [06/Apr/2025:02:58:54 -0400] "GET /how-window-tint-can-reduce-heat-glare-and-security-risks/ HTTP/1.1" 404 1251 "https://prettechengineering.com" "Mozilla/5.0 (Windows NT 10.0; Win64; x64) AppleWebKit/537.36 (KHTML, like Gecko) Chrome/62.0.3202.94 Safari/537.36"
27.42.64.13 - - [06/Apr/2025:02:58:55 -0400] "GET /how-window-tint-can-reduce-heat-glare-and-security-risks/ HTTP/1.1" 404 1251 "https://prettechengineering.com" "Mozilla/5.0 (Windows NT 10.0; Win64; x64) AppleWebKit/537.36 (KHTML, like Gecko) Chrome/62.0.3202.94 Safari/537.36"
27.42.64.13 - - [06/Apr/2025:02:58:56 -0400] "GET /how-window-tint-can-reduce-heat-glare-and-security-risks/ HTTP/1.1" 404 1251 "https://prettechengineering.com" "Mozilla/5.0 (Windows NT 10.0; Win64; x64) AppleWebKit/537.36 (KHTML, like Gecko) Chrome/62.0.3202.94 Safari/537.36"
47.79.5.139 - - [06/Apr/2025:03:00:06 -0400] "GET /measurement-based-care-behavioral-health/ HTTP/1.1" 404 1251 "-" "Mozilla/5.0 (Linux; Android 10; K) AppleWebKit/537.36 (KHTML, like Gecko) Chrome/122.0.0.0 Mobile Safari/537.36"
185.231.155.169 - - [06/Apr/2025:03:00:30 -0400] "GET /womens-gambling/ HTTP/1.1" 404 1251 "https://prettechengineering.com/womens-gambling/" "Mozilla/5.0 (Windows NT 10.0; Win64; x64) AppleWebKit/537.36 (KHTML, like Gecko) Chrome/130.0.0.0 Safari/537.36"
185.231.155.169 - - [06/Apr/2025:03:00:32 -0400] "GET / HTTP/1.1" 200 156255 "https://prettechengineering.com/" "Mozilla/5.0 (Windows NT 10.0; Win64; x64) AppleWebKit/537.36 (KHTML, like Gecko) Chrome/130.0.0.0 Safari/537.36"
103.153.202.99 - - [06/Apr/2025:03:03:27 -0400] "GET / HTTP/1.1" 200 156255 "https://prettechengineering.com" "Mozilla/4.0 (compatible; MSIE 9.0; Windows NT 6.1)"
27.42.64.13 - - [06/Apr/2025:03:04:00 -0400] "GET /how-window-tint-can-reduce-heat-glare-and-security-risks/ HTTP/1.1" 404 1251 "https://prettechengineering.com" "Mozilla/5.0 (Windows NT 10.0; Win64; x64) AppleWebKit/537.36 (KHTML, like Gecko) Chrome/62.0.3202.94 Safari/537.36"
27.42.64.13 - - [06/Apr/2025:03:04:01 -0400] "GET /how-window-tint-can-reduce-heat-glare-and-security-risks/ HTTP/1.1" 404 1251 "https://prettechengineering.com" "Mozilla/5.0 (Windows NT 10.0; Win64; x64) AppleWebKit/537.36 (KHTML, like Gecko) Chrome/62.0.3202.94 Safari/537.36"
27.42.64.13 - - [06/Apr/2025:03:04:02 -0400] "GET /how-window-tint-can-reduce-heat-glare-and-security-risks/ HTTP/1.1" 404 1251 "https://prettechengineering.com" "Mozilla/5.0 (Windows NT 10.0; Win64; x64) AppleWebKit/537.36 (KHTML, like Gecko) Chrome/62.0.3202.94 Safari/537.36"
27.42.64.13 - - [06/Apr/2025:03:04:04 -0400] "GET /how-window-tint-can-reduce-heat-glare-and-security-risks/ HTTP/1.1" 404 1251 "https://prettechengineering.com" "Mozilla/5.0 (Windows NT 10.0; Win64; x64) AppleWebKit/537.36 (KHTML, like Gecko) Chrome/62.0.3202.94 Safari/537.36"
195.2.85.173 - - [06/Apr/2025:03:06:27 -0400] "GET /womens-gambling/ HTTP/1.1" 404 1251 "https://prettechengineering.com/womens-gambling/" "Mozilla/5.0 (Windows NT 10.0; Win64; x64) AppleWebKit/537.36 (KHTML, like Gecko) Chrome/103.0.0.0 Safari/537.36"
195.2.85.173 - - [06/Apr/2025:03:06:27 -0400] "GET / HTTP/1.1" 200 156255 "https://prettechengineering.com/" "Mozilla/5.0 (Windows NT 10.0; Win64; x64) AppleWebKit/537.36 (KHTML, like Gecko) Chrome/103.0.0.0 Safari/537.36"
85.208.96.205 - - [06/Apr/2025:03:16:45 -0400] "GET /robots.txt HTTP/1.1" 304 0 "-" "Mozilla/5.0 (compatible; SemrushBot/7~bl; +http://www.semrush.com/bot.html)"
185.191.171.10 - - [06/Apr/2025:03:16:45 -0400] "GET /news/ HTTP/1.1" 404 1251 "-" "Mozilla/5.0 (compatible; SemrushBot/7~bl; +http://www.semrush.com/bot.html)"
85.208.96.201 - - [06/Apr/2025:03:16:53 -0400] "GET /sitemap.xml HTTP/1.1" 200 246 "-" "Mozilla/5.0 (compatible; SemrushBot/7~bl; +http://www.semrush.com/bot.html)"
27.42.64.13 - - [06/Apr/2025:03:21:25 -0400] "GET /how-window-tint-can-reduce-heat-glare-and-security-risks/ HTTP/1.1" 404 1251 "https://prettechengineering.com" "Mozilla/5.0 (Windows NT 10.0; Win64; x64) AppleWebKit/537.36 (KHTML, like Gecko) Chrome/62.0.3202.94 Safari/537.36"
80.85.246.140 - - [06/Apr/2025:03:23:06 -0400] "GET / HTTP/1.1" 200 166279 "-" "Mozilla/5.0 (Macintosh; Intel Mac OS X 10_15_7) AppleWebKit/537.36 (KHTML, like Gecko) Chrome/133.0.0.0 Safari/537.36"
80.85.246.140 - - [06/Apr/2025:03:23:07 -0400] "GET /gp/registry/wishlist/ HTTP/1.1" 404 1251 "-" "Mozilla/5.0 (Macintosh; Intel Mac OS X 10_15_7) AppleWebKit/537.36 (KHTML, like Gecko) Chrome/133.0.0.0 Safari/537.36"
80.85.246.140 - - [06/Apr/2025:03:23:08 -0400] "GET / HTTP/1.1" 200 156255 "-" "Mozilla/5.0 (Macintosh; Intel Mac OS X 10_15_7) AppleWebKit/537.36 (KHTML, like Gecko) Chrome/133.0.0.0 Safari/537.36"
80.85.246.140 - - [06/Apr/2025:03:23:09 -0400] "GET / HTTP/1.1" 200 156255 "-" "Mozilla/5.0 (Macintosh; Intel Mac OS X 10_15_7) AppleWebKit/537.36 (KHTML, like Gecko) Chrome/133.0.0.0 Safari/537.36"
80.85.246.140 - - [06/Apr/2025:03:23:11 -0400] "GET /product-reviews/B0DG4WZZPV/ref=acr_dp_hist_5?ie=UTF8&filterByStar=five_star&reviewerType=all_reviews HTTP/1.1" 404 1251 "-" "Mozilla/5.0 (Macintosh; Intel Mac OS X 10_15_7) AppleWebKit/537.36 (KHTML, like Gecko) Chrome/133.0.0.0 Safari/537.36"
80.85.246.140 - - [06/Apr/2025:03:23:12 -0400] "GET /product-reviews/B0DG4WZZPV/ref=acr_dp_hist_4?ie=UTF8&filterByStar=four_star&reviewerType=all_reviews HTTP/1.1" 404 1251 "-" "Mozilla/5.0 (Macintosh; Intel Mac OS X 10_15_7) AppleWebKit/537.36 (KHTML, like Gecko) Chrome/133.0.0.0 Safari/537.36"
80.85.246.140 - - [06/Apr/2025:03:23:13 -0400] "GET /product-reviews/B0DG4WZZPV/ref=acr_dp_hist_3?ie=UTF8&filterByStar=three_star&reviewerType=all_reviews HTTP/1.1" 404 1251 "-" "Mozilla/5.0 (Macintosh; Intel Mac OS X 10_15_7) AppleWebKit/537.36 (KHTML, like Gecko) Chrome/133.0.0.0 Safari/537.36"
80.85.246.140 - - [06/Apr/2025:03:23:13 -0400] "GET /product-reviews/B0DG4WZZPV/ref=acr_dp_hist_2?ie=UTF8&filterByStar=two_star&reviewerType=all_reviews HTTP/1.1" 404 1251 "-" "Mozilla/5.0 (Macintosh; Intel Mac OS X 10_15_7) AppleWebKit/537.36 (KHTML, like Gecko) Chrome/133.0.0.0 Safari/537.36"
80.85.246.140 - - [06/Apr/2025:03:23:14 -0400] "GET /product-reviews/B0DG4WZZPV/ref=acr_dp_hist_1?ie=UTF8&filterByStar=one_star&reviewerType=all_reviews HTTP/1.1" 404 1251 "-" "Mozilla/5.0 (Macintosh; Intel Mac OS X 10_15_7) AppleWebKit/537.36 (KHTML, like Gecko) Chrome/133.0.0.0 Safari/537.36"
80.85.246.140 - - [06/Apr/2025:03:23:15 -0400] "GET /review/create-review/ref=cm_cr_dp_d_wr_but_top?ie=UTF8&channel=glance-detail&asin=B0DG4WZZPV HTTP/1.1" 404 1251 "-" "Mozilla/5.0 (Macintosh; Intel Mac OS X 10_15_7) AppleWebKit/537.36 (KHTML, like Gecko) Chrome/133.0.0.0 Safari/537.36"
80.85.246.140 - - [06/Apr/2025:03:23:16 -0400] "GET /gp/profile/amzn1.account.AFXQP46YJ2XUKR4MYZFNG3H2CXBQ/ref=cm_cr_dp_d_gw_tr?ie=UTF8 HTTP/1.1" 404 1251 "-" "Mozilla/5.0 (Macintosh; Intel Mac OS X 10_15_7) AppleWebKit/537.36 (KHTML, like Gecko) Chrome/133.0.0.0 Safari/537.36"
80.85.246.140 - - [06/Apr/2025:03:23:17 -0400] "GET /gp/customer-reviews/R2DVCU4L2UJJBX/ref=cm_cr_dp_d_rvw_ttl?ie=UTF8&ASIN=B0DG4WZZPV HTTP/1.1" 404 1251 "-" "Mozilla/5.0 (Macintosh; Intel Mac OS X 10_15_7) AppleWebKit/537.36 (KHTML, like Gecko) Chrome/133.0.0.0 Safari/537.36"
80.85.246.140 - - [06/Apr/2025:03:23:17 -0400] "GET /gp/profile/amzn1.account.AF5FRYZXCS7TKUJBS42LJ5SIYFCQ/ref=cm_cr_dp_d_gw_tr?ie=UTF8 HTTP/1.1" 404 1251 "-" "Mozilla/5.0 (Macintosh; Intel Mac OS X 10_15_7) AppleWebKit/537.36 (KHTML, like Gecko) Chrome/133.0.0.0 Safari/537.36"
80.85.246.140 - - [06/Apr/2025:03:23:18 -0400] "GET /gp/customer-reviews/RSOLMCOFAZGYC/ref=cm_cr_dp_d_rvw_ttl?ie=UTF8&ASIN=B0DG4WZZPV HTTP/1.1" 404 1251 "-" "Mozilla/5.0 (Macintosh; Intel Mac OS X 10_15_7) AppleWebKit/537.36 (KHTML, like Gecko) Chrome/133.0.0.0 Safari/537.36"
80.85.246.140 - - [06/Apr/2025:03:23:19 -0400] "GET /gp/profile/amzn1.account.AEI6M6PK7YTYMMDYHFCY44VLPMYQ/ref=cm_cr_dp_d_gw_tr?ie=UTF8 HTTP/1.1" 404 1251 "-" "Mozilla/5.0 (Macintosh; Intel Mac OS X 10_15_7) AppleWebKit/537.36 (KHTML, like Gecko) Chrome/133.0.0.0 Safari/537.36"
80.85.246.140 - - [06/Apr/2025:03:23:19 -0400] "GET /gp/customer-reviews/R1PEI6HEVK2UIC/ref=cm_cr_dp_d_rvw_ttl?ie=UTF8&ASIN=B0DG4WZZPV HTTP/1.1" 404 1251 "-" "Mozilla/5.0 (Macintosh; Intel Mac OS X 10_15_7) AppleWebKit/537.36 (KHTML, like Gecko) Chrome/133.0.0.0 Safari/537.36"
80.85.246.140 - - [06/Apr/2025:03:23:20 -0400] "GET /hz/reviews-render/report-review?ie=UTF8&ref=cm_cr_dp_d_report&csrfT=hI7SZljMN8bG2ire57mKHlD4fY6c8uVTvZXytn4fYPolAAAAAGcq7rEAAAAB&reviewId=R1PEI6HEVK2UIC HTTP/1.1" 404 1251 "-" "Mozilla/5.0 (Macintosh; Intel Mac OS X 10_15_7) AppleWebKit/537.36 (KHTML, like Gecko) Chrome/133.0.0.0 Safari/537.36"
4.227.36.15 - - [06/Apr/2025:03:26:17 -0400] "GET /robots.txt HTTP/1.1" 304 0 "-" "Mozilla/5.0 AppleWebKit/537.36 (KHTML, like Gecko; compatible; GPTBot/1.2; +https://openai.com/gptbot)"
27.42.64.13 - - [06/Apr/2025:03:30:29 -0400] "GET /how-window-tint-can-reduce-heat-glare-and-security-risks/ HTTP/1.1" 404 1251 "https://prettechengineering.com" "Mozilla/5.0 (Windows NT 10.0; Win64; x64) AppleWebKit/537.36 (KHTML, like Gecko) Chrome/62.0.3202.94 Safari/537.36"
27.42.64.13 - - [06/Apr/2025:03:30:31 -0400] "GET /how-window-tint-can-reduce-heat-glare-and-security-risks/ HTTP/1.1" 404 1251 "https://prettechengineering.com" "Mozilla/5.0 (Windows NT 10.0; Win64; x64) AppleWebKit/537.36 (KHTML, like Gecko) Chrome/62.0.3202.94 Safari/537.36"
27.42.64.13 - - [06/Apr/2025:03:30:33 -0400] "GET /how-window-tint-can-reduce-heat-glare-and-security-risks/ HTTP/1.1" 404 1251 "https://prettechengineering.com" "Mozilla/5.0 (Windows NT 10.0; Win64; x64) AppleWebKit/537.36 (KHTML, like Gecko) Chrome/62.0.3202.94 Safari/537.36"
27.42.64.13 - - [06/Apr/2025:03:30:36 -0400] "GET /how-window-tint-can-reduce-heat-glare-and-security-risks/ HTTP/1.1" 404 1251 "https://prettechengineering.com" "Mozilla/5.0 (Windows NT 10.0; Win64; x64) AppleWebKit/537.36 (KHTML, like Gecko) Chrome/62.0.3202.94 Safari/537.36"
27.42.64.13 - - [06/Apr/2025:03:39:33 -0400] "GET /how-window-tint-can-reduce-heat-glare-and-security-risks/ HTTP/1.1" 404 1251 "https://prettechengineering.com" "Mozilla/5.0 (Windows NT 10.0; Win64; x64) AppleWebKit/537.36 (KHTML, like Gecko) Chrome/62.0.3202.94 Safari/537.36"
27.42.64.13 - - [06/Apr/2025:03:39:36 -0400] "GET /how-window-tint-can-reduce-heat-glare-and-security-risks/ HTTP/1.1" 404 1251 "https://prettechengineering.com" "Mozilla/5.0 (Windows NT 10.0; Win64; x64) AppleWebKit/537.36 (KHTML, like Gecko) Chrome/62.0.3202.94 Safari/537.36"
27.42.64.13 - - [06/Apr/2025:03:39:38 -0400] "GET /how-window-tint-can-reduce-heat-glare-and-security-risks/ HTTP/1.1" 404 1251 "https://prettechengineering.com" "Mozilla/5.0 (Windows NT 10.0; Win64; x64) AppleWebKit/537.36 (KHTML, like Gecko) Chrome/62.0.3202.94 Safari/537.36"
27.42.64.13 - - [06/Apr/2025:03:39:42 -0400] "GET /how-window-tint-can-reduce-heat-glare-and-security-risks/ HTTP/1.1" 404 1251 "https://prettechengineering.com" "Mozilla/5.0 (Windows NT 10.0; Win64; x64) AppleWebKit/537.36 (KHTML, like Gecko) Chrome/62.0.3202.94 Safari/537.36"
40.69.196.129 - - [06/Apr/2025:03:47:01 -0400] "GET /wp-admin/network/ HTTP/1.1" 302 0 "-" "-"
40.69.196.129 - - [06/Apr/2025:03:47:01 -0400] "GET /wp-login.php?redirect_to=https%3A%2F%2Fprettechengineering.com%2Fwp-admin%2Fnetwork%2F&reauth=1 HTTP/1.1" 200 1926 "-" "-"
40.69.196.129 - - [06/Apr/2025:03:47:02 -0400] "GET /wp-admin/user/ HTTP/1.1" 302 0 "-" "-"
40.69.196.129 - - [06/Apr/2025:03:47:03 -0400] "GET /wp-login.php?redirect_to=https%3A%2F%2Fprettechengineering.com%2Fwp-admin%2Fuser%2F&reauth=1 HTTP/1.1" 200 1923 "-" "-"
40.69.196.129 - - [06/Apr/2025:03:47:05 -0400] "GET /wp-admin/ HTTP/1.1" 302 0 "-" "-"
40.69.196.129 - - [06/Apr/2025:03:47:05 -0400] "GET /wp-login.php?redirect_to=https%3A%2F%2Fprettechengineering.com%2Fwp-admin%2F&reauth=1 HTTP/1.1" 200 1923 "-" "-"
2400:9800:310:3fca:68aa:a124:dd5:32df - - [06/Apr/2025:03:51:28 -0400] "POST /wp-login.php HTTP/1.1" 200 2044 "https://prettechengineering.com/wp-admin/" "Mozilla/5.0 (Windows NT 10.0; Win64; x64) AppleWebKit/537.36 (KHTML, like Gecko) Chrome/90.0.4430.85 Safari/537.36"
2400:9800:310:3fca:68aa:a124:dd5:32df - - [06/Apr/2025:03:51:32 -0400] "GET /wp-admin/ HTTP/1.1" 302 0 "www.google.com" "Mozilla/5.0 (Windows NT 10.0; Win64; x64) AppleWebKit/537.36 (KHTML, like Gecko) Chrome/90.0.4430.85 Safari/537.36"
2400:9800:310:3fca:68aa:a124:dd5:32df - - [06/Apr/2025:03:51:33 -0400] "GET /wp-login.php?redirect_to=https%3A%2F%2Fprettechengineering.com%2Fwp-admin%2F&reauth=1 HTTP/1.1" 200 1923 "www.google.com" "Mozilla/5.0 (Windows NT 10.0; Win64; x64) AppleWebKit/537.36 (KHTML, like Gecko) Chrome/90.0.4430.85 Safari/537.36"
27.42.98.173 - - [06/Apr/2025:03:54:57 -0400] "GET /how-window-tint-can-reduce-heat-glare-and-security-risks/ HTTP/1.1" 404 1251 "https://prettechengineering.com" "Mozilla/5.0 (Windows NT 10.0; Win64; x64) AppleWebKit/537.36 (KHTML, like Gecko) Chrome/62.0.3202.94 Safari/537.36"
27.42.98.173 - - [06/Apr/2025:03:54:59 -0400] "GET /how-window-tint-can-reduce-heat-glare-and-security-risks/ HTTP/1.1" 404 1251 "https://prettechengineering.com" "Mozilla/5.0 (Windows NT 10.0; Win64; x64) AppleWebKit/537.36 (KHTML, like Gecko) Chrome/62.0.3202.94 Safari/537.36"
27.42.98.173 - - [06/Apr/2025:03:55:01 -0400] "GET /how-window-tint-can-reduce-heat-glare-and-security-risks/ HTTP/1.1" 404 1251 "https://prettechengineering.com" "Mozilla/5.0 (Windows NT 10.0; Win64; x64) AppleWebKit/537.36 (KHTML, like Gecko) Chrome/62.0.3202.94 Safari/537.36"
27.42.98.173 - - [06/Apr/2025:03:55:02 -0400] "GET /how-window-tint-can-reduce-heat-glare-and-security-risks/ HTTP/1.1" 404 1251 "https://prettechengineering.com" "Mozilla/5.0 (Windows NT 10.0; Win64; x64) AppleWebKit/537.36 (KHTML, like Gecko) Chrome/62.0.3202.94 Safari/537.36"
2a06:98c0:3600::103 - - [06/Apr/2025:04:02:27 -0400] "GET /favicon.ico HTTP/1.1" 404 1251 "-" "-"
94.74.80.7 - - [06/Apr/2025:04:02:37 -0400] "GET /discover-the-elegance-of-the-klimt-cairnhill-showflat/ HTTP/1.1" 404 1251 "https://prettechengineering.com/discover-the-elegance-of-the-klimt-cairnhill-showflat/" "Mozilla/5.0 (Windows NT 10.0; Win64; x64) AppleWebKit/537.36 (KHTML, like Gecko) Chrome/104.0.0.0 Safari/537.36"
121.62.29.157 - - [06/Apr/2025:04:04:52 -0400] "GET / HTTP/1.1" 200 156255 "https://prettechengineering.com/" "Mozilla/4.0 (compatible; MSIE 9.0; Windows NT 6.1)"
156.228.125.82 - - [06/Apr/2025:04:12:33 -0400] "GET /wp-login.php HTTP/1.1" 200 1923 "-" "Mozilla/5.0 (Windows NT 10.0; Win64; x64) AppleWebKit/537.36 (KHTML, like Gecko) Chrome/115.0.0.0 Safari/537.36 Edg/115.0.1901.203"
156.228.125.82 - - [06/Apr/2025:04:12:38 -0400] "POST /wp-login.php HTTP/1.1" 200 2054 "https://prettechengineering.com/wp-login.php" "Mozilla/5.0 (Windows NT 10.0; Win64; x64) AppleWebKit/537.36 (KHTML, like Gecko) Chrome/115.0.0.0 Safari/537.36 Edg/115.0.1901.203"
156.253.172.225 - - [06/Apr/2025:04:15:27 -0400] "GET /wp-login.php HTTP/1.1" 200 1923 "-" "Mozilla/5.0 (Windows NT 10.0; Win64; x64) AppleWebKit/537.36 (KHTML, like Gecko) Chrome/115.0.0.0 Safari/537.36 Edg/115.0.1901.203"
156.253.172.225 - - [06/Apr/2025:04:15:30 -0400] "POST /wp-login.php HTTP/1.1" 200 2054 "https://prettechengineering.com/wp-login.php" "Mozilla/5.0 (Windows NT 10.0; Win64; x64) AppleWebKit/537.36 (KHTML, like Gecko) Chrome/115.0.0.0 Safari/537.36 Edg/115.0.1901.203"
2400:9800:310:3fca:68aa:a124:dd5:32df - - [06/Apr/2025:04:19:31 -0400] "POST /wp-login.php HTTP/1.1" 200 2044 "https://prettechengineering.com/wp-admin/" "Mozilla/5.0 (Windows NT 10.0; Win64; x64) AppleWebKit/537.36 (KHTML, like Gecko) Chrome/90.0.4430.85 Safari/537.36"
2400:9800:310:3fca:68aa:a124:dd5:32df - - [06/Apr/2025:04:19:36 -0400] "GET /wp-admin/ HTTP/1.1" 302 0 "www.google.com" "Mozilla/5.0 (Windows NT 10.0; Win64; x64) AppleWebKit/537.36 (KHTML, like Gecko) Chrome/90.0.4430.85 Safari/537.36"
2400:9800:310:3fca:68aa:a124:dd5:32df - - [06/Apr/2025:04:19:37 -0400] "GET /wp-login.php?redirect_to=https%3A%2F%2Fprettechengineering.com%2Fwp-admin%2F&reauth=1 HTTP/1.1" 200 1923 "www.google.com" "Mozilla/5.0 (Windows NT 10.0; Win64; x64) AppleWebKit/537.36 (KHTML, like Gecko) Chrome/90.0.4430.85 Safari/537.36"
172.203.190.143 - - [06/Apr/2025:04:27:44 -0400] "GET /robots.txt HTTP/1.1" 304 0 "-" "Mozilla/5.0 (Macintosh; Intel Mac OS X 10_15_7) AppleWebKit/537.36 (KHTML, like Gecko) Chrome/131.0.0.0 Safari/537.36; compatible; OAI-SearchBot/1.0; +https://openai.com/searchbot"
151.106.163.240 - - [06/Apr/2025:04:27:54 -0400] "GET /data/upload/ueditor/20200115/5e1e61cb2d22b.jpg HTTP/1.1" 404 1251 "-" "Mozilla/5.0 (X11; Ubuntu; Linux x86_64; rv:72.0) Gecko/20100101 Firefox/72.0"
151.106.163.240 - - [06/Apr/2025:04:27:55 -0400] "GET /data/upload/ueditor/20200115/5e1e61cb2d22b.jpg HTTP/1.1" 404 1251 "-" "Mozilla/5.0 (X11; Ubuntu; Linux x86_64; rv:72.0) Gecko/20100101 Firefox/72.0"
151.106.163.240 - - [06/Apr/2025:04:27:56 -0400] "GET /data/upload/ueditor/20200115/5e1e61cb2d22b.jpg HTTP/1.1" 404 1251 "-" "Mozilla/5.0 (X11; Ubuntu; Linux x86_64; rv:72.0) Gecko/20100101 Firefox/72.0"
151.106.167.56 - - [06/Apr/2025:04:28:04 -0400] "GET /data/upload/20191119/5dd33ca5c8c8e.jpg HTTP/1.1" 404 1251 "-" "Mozilla/5.0 (X11; Ubuntu; Linux x86_64; rv:72.0) Gecko/20100101 Firefox/72.0"
151.106.167.56 - - [06/Apr/2025:04:28:04 -0400] "GET /data/upload/20191119/5dd33ca5c8c8e.jpg HTTP/1.1" 404 1251 "-" "Mozilla/5.0 (X11; Ubuntu; Linux x86_64; rv:72.0) Gecko/20100101 Firefox/72.0"
151.106.167.56 - - [06/Apr/2025:04:28:05 -0400] "GET /data/upload/20191119/5dd33ca5c8c8e.jpg HTTP/1.1" 404 1251 "-" "Mozilla/5.0 (X11; Ubuntu; Linux x86_64; rv:72.0) Gecko/20100101 Firefox/72.0"
58.221.37.82 - - [06/Apr/2025:04:38:03 -0400] "GET / HTTP/1.1" 200 156255 "https://www.google.com/" "Mozilla/5.0 (Linux; Android 10; K) AppleWebKit/537.36 (KHTML, like Gecko) Chrome/132.0.0.0 Mobile Safari/537.36"
195.2.79.165 - - [06/Apr/2025:04:43:36 -0400] "GET /womens-gambling/ HTTP/1.1" 404 1251 "https://prettechengineering.com/womens-gambling/" "Mozilla/5.0 (Windows NT 10.0; Win64; x64) AppleWebKit/537.36 (KHTML, like Gecko) Chrome/129.0.0.0 Safari/537.36"
195.2.79.165 - - [06/Apr/2025:04:43:36 -0400] "GET / HTTP/1.1" 200 156255 "https://prettechengineering.com/" "Mozilla/5.0 (Windows NT 10.0; Win64; x64) AppleWebKit/537.36 (KHTML, like Gecko) Chrome/129.0.0.0 Safari/537.36"
198.54.114.83 - - [06/Apr/2025:04:52:24 -0400] "POST /wp-cron.php?doing_wp_cron=1743929543.3802869319915771484375 HTTP/1.1" 200 0 "-" "WordPress/6.7.1; https://prettechengineering.com"
156.249.138.207 - - [06/Apr/2025:04:52:15 -0400] "GET /wp-login.php HTTP/1.1" 200 1923 "-" "Mozilla/5.0 (Windows NT 10.0; Win64; x64) AppleWebKit/537.36 (KHTML, like Gecko) Chrome/115.0.0.0 Safari/537.36 Edg/115.0.1901.203"
156.249.138.207 - - [06/Apr/2025:04:52:27 -0400] "POST /wp-login.php HTTP/1.1" 200 2054 "https://prettechengineering.com/wp-login.php" "Mozilla/5.0 (Windows NT 10.0; Win64; x64) AppleWebKit/537.36 (KHTML, like Gecko) Chrome/115.0.0.0 Safari/537.36 Edg/115.0.1901.203"
195.2.79.165 - - [06/Apr/2025:04:53:21 -0400] "GET /womens-gambling/ HTTP/1.1" 404 1251 "https://prettechengineering.com/womens-gambling/" "Mozilla/5.0 (Windows NT 10.0; Win64; x64) AppleWebKit/537.36 (KHTML, like Gecko) Chrome/130.0.0.0 Safari/537.36"
195.2.79.165 - - [06/Apr/2025:04:53:22 -0400] "GET / HTTP/1.1" 200 156255 "https://prettechengineering.com/" "Mozilla/5.0 (Windows NT 10.0; Win64; x64) AppleWebKit/537.36 (KHTML, like Gecko) Chrome/130.0.0.0 Safari/537.36"
195.2.79.165 - - [06/Apr/2025:04:53:22 -0400] "GET /womens-gambling/ HTTP/1.1" 404 1251 "https://prettechengineering.com/womens-gambling/" "Mozilla/5.0 (Windows NT 10.0; Win64; x64) AppleWebKit/537.36 (KHTML, like Gecko) Chrome/130.0.0.0 Safari/537.36"
195.2.79.165 - - [06/Apr/2025:04:53:23 -0400] "GET / HTTP/1.1" 200 156255 "https://prettechengineering.com/" "Mozilla/5.0 (Windows NT 10.0; Win64; x64) AppleWebKit/537.36 (KHTML, like Gecko) Chrome/130.0.0.0 Safari/537.36"
195.2.79.165 - - [06/Apr/2025:04:53:26 -0400] "GET /womens-gambling/ HTTP/1.1" 404 1251 "https://prettechengineering.com/womens-gambling/" "Mozilla/5.0 (Windows NT 10.0; Win64; x64) AppleWebKit/537.36 (KHTML, like Gecko) Chrome/131.0.0.0 Safari/537.36"
195.2.79.165 - - [06/Apr/2025:04:53:26 -0400] "GET / HTTP/1.1" 200 156255 "https://prettechengineering.com/" "Mozilla/5.0 (Windows NT 10.0; Win64; x64) AppleWebKit/537.36 (KHTML, like Gecko) Chrome/131.0.0.0 Safari/537.36"
156.240.99.70 - - [06/Apr/2025:04:54:21 -0400] "GET /wp-login.php HTTP/1.1" 200 1923 "-" "Mozilla/5.0 (Windows NT 10.0; Win64; x64) AppleWebKit/537.36 (KHTML, like Gecko) Chrome/115.0.0.0 Safari/537.36 Edg/115.0.1901.203"
156.240.99.70 - - [06/Apr/2025:04:54:23 -0400] "POST /wp-login.php HTTP/1.1" 200 2054 "https://prettechengineering.com/wp-login.php" "Mozilla/5.0 (Windows NT 10.0; Win64; x64) AppleWebKit/537.36 (KHTML, like Gecko) Chrome/115.0.0.0 Safari/537.36 Edg/115.0.1901.203"
151.106.162.214 - - [06/Apr/2025:04:54:37 -0400] "GET /data/upload/20190612/5d00dc4daa6d5.jpg HTTP/1.1" 404 1251 "-" "Mozilla/5.0 (X11; Ubuntu; Linux x86_64; rv:72.0) Gecko/20100101 Firefox/72.0"
151.106.162.214 - - [06/Apr/2025:04:54:37 -0400] "GET /data/upload/20190612/5d00dc4daa6d5.jpg HTTP/1.1" 404 1251 "-" "Mozilla/5.0 (X11; Ubuntu; Linux x86_64; rv:72.0) Gecko/20100101 Firefox/72.0"
151.106.162.214 - - [06/Apr/2025:04:54:37 -0400] "GET /data/upload/20190612/5d00dc4daa6d5.jpg HTTP/1.1" 404 1251 "-" "Mozilla/5.0 (X11; Ubuntu; Linux x86_64; rv:72.0) Gecko/20100101 Firefox/72.0"
52.167.144.218 - - [06/Apr/2025:04:58:16 -0400] "GET /gitarre-spielen-lernen-fur-anfanger-2/ HTTP/1.1" 404 1251 "-" "Mozilla/5.0 AppleWebKit/537.36 (KHTML, like Gecko; compatible; bingbot/2.0; +http://www.bing.com/bingbot.htm) Chrome/116.0.1938.76 Safari/537.36"
52.167.144.218 - - [06/Apr/2025:04:58:38 -0400] "GET /best-way-to-control-weapon-recoil-in-apex-legends-season-9-legacy HTTP/1.1" 404 1251 "-" "Mozilla/5.0 AppleWebKit/537.36 (KHTML, like Gecko; compatible; bingbot/2.0; +http://www.bing.com/bingbot.htm) Chrome/116.0.1938.76 Safari/537.36"
112.86.225.194 - - [06/Apr/2025:04:59:54 -0400] "GET / HTTP/1.1" 200 156255 "-" "Sogou web spider/4.0(+http://www.sogou.com/docs/help/webmasters.htm#07)"
52.167.144.172 - - [06/Apr/2025:05:06:38 -0400] "GET /top-10-recovery-machines/ HTTP/1.1" 404 1251 "-" "Mozilla/5.0 AppleWebKit/537.36 (KHTML, like Gecko; compatible; bingbot/2.0; +http://www.bing.com/bingbot.htm) Chrome/116.0.1938.76 Safari/537.36"
185.231.154.128 - - [06/Apr/2025:05:07:02 -0400] "GET /womens-gambling/ HTTP/1.1" 404 1251 "https://prettechengineering.com/womens-gambling/#comment-11895" "Mozilla/5.0 (Windows NT 10.0; Win64; x64) AppleWebKit/537.36 (KHTML, like Gecko) Chrome/131.0.0.0 Safari/537.36"
185.231.154.128 - - [06/Apr/2025:05:07:02 -0400] "GET /womens-gambling/ HTTP/1.1" 404 1251 "https://prettechengineering.com/womens-gambling/#comment-11895" "Mozilla/5.0 (Windows NT 10.0; Win64; x64) AppleWebKit/537.36 (KHTML, like Gecko) Chrome/130.0.0.0 Safari/537.36 CCleaner/130.0.0.0"
185.231.154.128 - - [06/Apr/2025:05:07:02 -0400] "GET / HTTP/1.1" 200 156255 "https://prettechengineering.com/" "Mozilla/5.0 (Windows NT 10.0; Win64; x64) AppleWebKit/537.36 (KHTML, like Gecko) Chrome/131.0.0.0 Safari/537.36"
185.231.154.128 - - [06/Apr/2025:05:07:03 -0400] "GET / HTTP/1.1" 200 156255 "https://prettechengineering.com/" "Mozilla/5.0 (Windows NT 10.0; Win64; x64) AppleWebKit/537.36 (KHTML, like Gecko) Chrome/130.0.0.0 Safari/537.36 CCleaner/130.0.0.0"
18.139.242.17 - - [06/Apr/2025:05:10:20 -0400] "GET /wp-content/uploads/2023/07/Zoom-Out-On-Mac.jpg HTTP/1.1" 200 3185 "-" "python-requests/2.29.0"
178.20.46.206 - - [06/Apr/2025:05:10:44 -0400] "GET /womens-gambling/ HTTP/1.1" 404 1251 "https://prettechengineering.com/womens-gambling/" "Mozilla/5.0 (Windows NT 10.0; Win64; x64) AppleWebKit/537.36 (KHTML, like Gecko) Chrome/131.0.0.0 Safari/537.36 Avast/131.0.0.0"
178.20.46.206 - - [06/Apr/2025:05:10:44 -0400] "GET / HTTP/1.1" 200 156255 "https://prettechengineering.com/" "Mozilla/5.0 (Windows NT 10.0; Win64; x64) AppleWebKit/537.36 (KHTML, like Gecko) Chrome/131.0.0.0 Safari/537.36 Avast/131.0.0.0"
27.42.64.13 - - [06/Apr/2025:05:11:19 -0400] "GET /how-window-tint-can-reduce-heat-glare-and-security-risks/ HTTP/1.1" 404 1251 "https://prettechengineering.com" "Mozilla/5.0 (Windows NT 10.0; Win64; x64) AppleWebKit/537.36 (KHTML, like Gecko) Chrome/62.0.3202.94 Safari/537.36"
27.42.64.13 - - [06/Apr/2025:05:11:20 -0400] "GET /how-window-tint-can-reduce-heat-glare-and-security-risks/ HTTP/1.1" 404 1251 "https://prettechengineering.com" "Mozilla/5.0 (Windows NT 10.0; Win64; x64) AppleWebKit/537.36 (KHTML, like Gecko) Chrome/62.0.3202.94 Safari/537.36"
27.42.64.13 - - [06/Apr/2025:05:11:22 -0400] "GET /how-window-tint-can-reduce-heat-glare-and-security-risks/ HTTP/1.1" 404 1251 "https://prettechengineering.com" "Mozilla/5.0 (Windows NT 10.0; Win64; x64) AppleWebKit/537.36 (KHTML, like Gecko) Chrome/62.0.3202.94 Safari/537.36"
87.250.224.9 - - [06/Apr/2025:05:11:22 -0400] "GET /robots.txt HTTP/1.1" 304 0 "-" "Mozilla/5.0 (compatible; YandexBot/3.0; +http://yandex.com/bots)"
27.42.64.13 - - [06/Apr/2025:05:11:23 -0400] "GET /how-window-tint-can-reduce-heat-glare-and-security-risks/ HTTP/1.1" 404 1251 "https://prettechengineering.com" "Mozilla/5.0 (Windows NT 10.0; Win64; x64) AppleWebKit/537.36 (KHTML, like Gecko) Chrome/62.0.3202.94 Safari/537.36"
95.108.213.243 - - [06/Apr/2025:05:11:23 -0400] "GET /promotional-tanks/Kettle-28.html HTTP/1.1" 404 1251 "-" "Mozilla/5.0 (compatible; YandexBot/3.0; +http://yandex.com/bots)"
103.153.202.103 - - [06/Apr/2025:05:16:04 -0400] "GET /admin.php HTTP/1.1" 404 1251 "https://prettechengineering.com/admin.php" "Mozilla/4.0 (compatible; MSIE 9.0; Windows NT 6.1)"
185.231.154.128 - - [06/Apr/2025:05:17:44 -0400] "GET /womens-gambling/ HTTP/1.1" 404 1251 "https://prettechengineering.com/womens-gambling/#comment-11895" "Mozilla/5.0 (Windows NT 10.0; Win64; x64) AppleWebKit/537.36 (KHTML, like Gecko) Chrome/131.0.0.0 Safari/537.36 Avast/131.0.0.0"
185.231.154.128 - - [06/Apr/2025:05:17:44 -0400] "GET / HTTP/1.1" 200 156255 "https://prettechengineering.com/" "Mozilla/5.0 (Windows NT 10.0; Win64; x64) AppleWebKit/537.36 (KHTML, like Gecko) Chrome/131.0.0.0 Safari/537.36 Avast/131.0.0.0"
27.42.64.13 - - [06/Apr/2025:05:24:07 -0400] "GET /how-window-tint-can-reduce-heat-glare-and-security-risks/ HTTP/1.1" 404 1251 "https://prettechengineering.com" "Mozilla/5.0 (Windows NT 10.0; Win64; x64) AppleWebKit/537.36 (KHTML, like Gecko) Chrome/62.0.3202.94 Safari/537.36"
27.42.64.13 - - [06/Apr/2025:05:24:08 -0400] "GET /how-window-tint-can-reduce-heat-glare-and-security-risks/ HTTP/1.1" 404 1251 "https://prettechengineering.com" "Mozilla/5.0 (Windows NT 10.0; Win64; x64) AppleWebKit/537.36 (KHTML, like Gecko) Chrome/62.0.3202.94 Safari/537.36"
27.42.64.13 - - [06/Apr/2025:05:24:10 -0400] "GET /how-window-tint-can-reduce-heat-glare-and-security-risks/ HTTP/1.1" 404 1251 "https://prettechengineering.com" "Mozilla/5.0 (Windows NT 10.0; Win64; x64) AppleWebKit/537.36 (KHTML, like Gecko) Chrome/62.0.3202.94 Safari/537.36"
27.42.64.13 - - [06/Apr/2025:05:24:11 -0400] "GET /how-window-tint-can-reduce-heat-glare-and-security-risks/ HTTP/1.1" 404 1251 "https://prettechengineering.com" "Mozilla/5.0 (Windows NT 10.0; Win64; x64) AppleWebKit/537.36 (KHTML, like Gecko) Chrome/62.0.3202.94 Safari/537.36"
93.183.93.32 - - [06/Apr/2025:05:24:44 -0400] "GET /womens-gambling/ HTTP/1.1" 404 1251 "https://prettechengineering.com/womens-gambling/" "Mozilla/5.0 (Windows NT 10.0; Win64; x64) AppleWebKit/537.36 (KHTML, like Gecko) Chrome/130.0.0.0 Safari/537.36 CCleaner/130.0.0.0"
93.183.93.32 - - [06/Apr/2025:05:24:45 -0400] "GET / HTTP/1.1" 200 156255 "https://prettechengineering.com/" "Mozilla/5.0 (Windows NT 10.0; Win64; x64) AppleWebKit/537.36 (KHTML, like Gecko) Chrome/130.0.0.0 Safari/537.36 CCleaner/130.0.0.0"
207.46.13.52 - - [06/Apr/2025:05:28:18 -0400] "GET /valorant-players-are-reportedly-facing-ping-spike-issues HTTP/1.1" 404 1251 "-" "Mozilla/5.0 AppleWebKit/537.36 (KHTML, like Gecko; compatible; bingbot/2.0; +http://www.bing.com/bingbot.htm) Chrome/116.0.1938.76 Safari/537.36"
178.20.47.39 - - [06/Apr/2025:05:47:49 -0400] "GET /womens-gambling/ HTTP/1.1" 404 1251 "https://prettechengineering.com/womens-gambling/" "Mozilla/5.0 (Windows NT 10.0; Win64; x64) AppleWebKit/537.36 (KHTML, like Gecko) Chrome/131.0.0.0 Safari/537.36 Avast/131.0.0.0"
178.20.47.39 - - [06/Apr/2025:05:47:49 -0400] "GET / HTTP/1.1" 200 156255 "https://prettechengineering.com/" "Mozilla/5.0 (Windows NT 10.0; Win64; x64) AppleWebKit/537.36 (KHTML, like Gecko) Chrome/131.0.0.0 Safari/537.36 Avast/131.0.0.0"
52.170.69.161 - - [06/Apr/2025:06:01:40 -0400] "GET /wp-login.php?action=register HTTP/1.1" 302 0 "-" "-"
52.170.69.161 - - [06/Apr/2025:06:01:40 -0400] "GET /wp-login.php?registration=disabled HTTP/1.1" 200 1986 "-" "-"
52.170.69.161 - - [06/Apr/2025:06:01:43 -0400] "GET /wp-admin/network/about.php HTTP/1.1" 302 0 "-" "-"
52.170.69.161 - - [06/Apr/2025:06:01:43 -0400] "GET /wp-login.php?redirect_to=https%3A%2F%2Fprettechengineering.com%2Fwp-admin%2Fnetwork%2Fabout.php&reauth=1 HTTP/1.1" 200 1934 "-" "-"
151.106.176.244 - - [06/Apr/2025:06:03:32 -0400] "GET /wp-content/uploads/2023/06/How-to-Pin-Videos-on-TikTok.jpg HTTP/1.1" 200 12773 "-" "Mozilla/5.0 (X11; Ubuntu; Linux x86_64; rv:72.0) Gecko/20100101 Firefox/72.0"
91.142.73.116 - - [06/Apr/2025:06:05:01 -0400] "GET /womens-gambling/ HTTP/1.1" 404 1251 "https://prettechengineering.com/womens-gambling/#comment-22160/" "Mozilla/5.0 (Windows NT 10.0; Win64; x64) AppleWebKit/537.36 (KHTML, like Gecko) Chrome/131.0.0.0 Safari/537.36 Avast/131.0.0.0"
91.142.73.116 - - [06/Apr/2025:06:05:03 -0400] "GET / HTTP/1.1" 200 156255 "https://prettechengineering.com/" "Mozilla/5.0 (Windows NT 10.0; Win64; x64) AppleWebKit/537.36 (KHTML, like Gecko) Chrome/131.0.0.0 Safari/537.36 Avast/131.0.0.0"
146.19.24.160 - - [06/Apr/2025:06:05:10 -0400] "GET / HTTP/1.1" 200 156255 "-" "Timpibot/0.9 (+http://www.timpi.io)"
52.191.138.97 - - [06/Apr/2025:06:06:19 -0400] "POST /wp-login.php HTTP/1.1" 200 2044 "https://prettechengineering.com/wp-admin/" "Mozilla/5.0 (Windows NT 10.0; Win64; x64) AppleWebKit/537.36 (KHTML, like Gecko) Chrome/90.0.4430.85 Safari/537.36"
52.191.138.97 - - [06/Apr/2025:06:06:23 -0400] "GET /wp-admin/ HTTP/1.1" 302 0 "www.google.com" "Mozilla/5.0 (Windows NT 10.0; Win64; x64) AppleWebKit/537.36 (KHTML, like Gecko) Chrome/90.0.4430.85 Safari/537.36"
52.191.138.97 - - [06/Apr/2025:06:06:24 -0400] "GET /wp-login.php?redirect_to=https%3A%2F%2Fprettechengineering.com%2Fwp-admin%2F&reauth=1 HTTP/1.1" 200 1923 "www.google.com" "Mozilla/5.0 (Windows NT 10.0; Win64; x64) AppleWebKit/537.36 (KHTML, like Gecko) Chrome/90.0.4430.85 Safari/537.36"
89.110.80.171 - - [06/Apr/2025:06:08:07 -0400] "GET / HTTP/1.1" 200 156255 "-" "Mozilla/5.0 (Macintosh; Intel Mac OS X 10_15_7) AppleWebKit/537.36 (KHTML, like Gecko) Chrome/133.0.0.0 Safari/537.36"
89.110.80.171 - - [06/Apr/2025:06:08:09 -0400] "GET /gp/registry/wishlist/ HTTP/1.1" 404 1251 "-" "Mozilla/5.0 (Macintosh; Intel Mac OS X 10_15_7) AppleWebKit/537.36 (KHTML, like Gecko) Chrome/133.0.0.0 Safari/537.36"
89.110.80.171 - - [06/Apr/2025:06:08:11 -0400] "GET / HTTP/1.1" 200 156255 "-" "Mozilla/5.0 (Macintosh; Intel Mac OS X 10_15_7) AppleWebKit/537.36 (KHTML, like Gecko) Chrome/133.0.0.0 Safari/537.36"
89.110.80.171 - - [06/Apr/2025:06:08:12 -0400] "GET / HTTP/1.1" 200 156255 "-" "Mozilla/5.0 (Macintosh; Intel Mac OS X 10_15_7) AppleWebKit/537.36 (KHTML, like Gecko) Chrome/133.0.0.0 Safari/537.36"
89.110.80.171 - - [06/Apr/2025:06:08:14 -0400] "GET /product-reviews/B0DG4WZZPV/ref=acr_dp_hist_5?ie=UTF8&filterByStar=five_star&reviewerType=all_reviews HTTP/1.1" 404 1251 "-" "Mozilla/5.0 (Macintosh; Intel Mac OS X 10_15_7) AppleWebKit/537.36 (KHTML, like Gecko) Chrome/133.0.0.0 Safari/537.36"
89.110.80.171 - - [06/Apr/2025:06:08:15 -0400] "GET /product-reviews/B0DG4WZZPV/ref=acr_dp_hist_4?ie=UTF8&filterByStar=four_star&reviewerType=all_reviews HTTP/1.1" 404 1251 "-" "Mozilla/5.0 (Macintosh; Intel Mac OS X 10_15_7) AppleWebKit/537.36 (KHTML, like Gecko) Chrome/133.0.0.0 Safari/537.36"
