35.169.240.53 - - [02/Apr/2025:15:55:41 -0400] "GET /top-ai-video-generators-revolutionizing-content-creation/ HTTP/1.1" 404 1251 "-" "Mozilla/5.0 AppleWebKit/537.36 (KHTML, like Gecko; compatible; Amazonbot/0.1; +https://developer.amazon.com/support/amazonbot) Chrome/119.0.6045.214 Safari/537.36"
3.219.80.71 - - [02/Apr/2025:15:55:46 -0400] "GET /1st-anniversary-gifts/ HTTP/1.1" 404 1251 "-" "Mozilla/5.0 AppleWebKit/537.36 (KHTML, like Gecko; compatible; Amazonbot/0.1; +https://developer.amazon.com/support/amazonbot) Chrome/119.0.6045.214 Safari/537.36"
23.23.137.202 - - [02/Apr/2025:15:55:49 -0400] "GET /sotogrande-a-haven-of-luxury-living/ HTTP/1.1" 404 1251 "-" "Mozilla/5.0 AppleWebKit/537.36 (KHTML, like Gecko; compatible; Amazonbot/0.1; +https://developer.amazon.com/support/amazonbot) Chrome/119.0.6045.214 Safari/537.36"
51.222.253.7 - - [02/Apr/2025:15:58:15 -0400] "GET /sealant-manufacturers/feed/ HTTP/1.1" 404 1251 "-" "Mozilla/5.0 (compatible; AhrefsBot/7.0; +http://ahrefs.com/robot/)"
58.221.37.82 - - [02/Apr/2025:16:00:22 -0400] "GET / HTTP/1.1" 200 156255 "https://www.google.com/" "Mozilla/5.0 (Linux; Android 10; K) AppleWebKit/537.36 (KHTML, like Gecko) Chrome/133.0.0.0 Mobile Safari/537.36"
51.222.253.20 - - [02/Apr/2025:16:00:49 -0400] "GET /how-to-print-your-own-custom-wallpaper-using-a-wide-format-printer/feed/ HTTP/1.1" 404 1251 "-" "Mozilla/5.0 (compatible; AhrefsBot/7.0; +http://ahrefs.com/robot/)"
51.222.253.16 - - [02/Apr/2025:16:03:25 -0400] "GET /leather-lingerie-care/feed/ HTTP/1.1" 404 1251 "-" "Mozilla/5.0 (compatible; AhrefsBot/7.0; +http://ahrefs.com/robot/)"
51.222.253.12 - - [02/Apr/2025:16:06:19 -0400] "GET /smm-panel-pakistan-5-tips-to-choose-the-best-smm-panel/feed/ HTTP/1.1" 404 1251 "-" "Mozilla/5.0 (compatible; AhrefsBot/7.0; +http://ahrefs.com/robot/)"
51.222.253.7 - - [02/Apr/2025:16:08:47 -0400] "GET /evasion-et-detente-a-geneve-lart-du-massage/feed/ HTTP/1.1" 404 1251 "-" "Mozilla/5.0 (compatible; AhrefsBot/7.0; +http://ahrefs.com/robot/)"
51.222.253.1 - - [02/Apr/2025:16:11:39 -0400] "GET /how-to-choose-the-right-smm-panel-for-your-business/feed/ HTTP/1.1" 404 1251 "-" "Mozilla/5.0 (compatible; AhrefsBot/7.0; +http://ahrefs.com/robot/)"
51.222.253.8 - - [02/Apr/2025:16:14:23 -0400] "GET /benefits-of-using-portable-gas-heaters/feed/ HTTP/1.1" 404 1251 "-" "Mozilla/5.0 (compatible; AhrefsBot/7.0; +http://ahrefs.com/robot/)"
51.222.253.6 - - [02/Apr/2025:16:17:53 -0400] "GET /tazarotene-uk-acne-and-psoriasis-treatment/feed/ HTTP/1.1" 404 1251 "-" "Mozilla/5.0 (compatible; AhrefsBot/7.0; +http://ahrefs.com/robot/)"
51.222.253.17 - - [02/Apr/2025:16:21:00 -0400] "GET /asurion-customer-service/feed/ HTTP/1.1" 404 1251 "-" "Mozilla/5.0 (compatible; AhrefsBot/7.0; +http://ahrefs.com/robot/)"
51.222.253.20 - - [02/Apr/2025:16:24:14 -0400] "GET /pedicure-chairs/feed/ HTTP/1.1" 404 1251 "-" "Mozilla/5.0 (compatible; AhrefsBot/7.0; +http://ahrefs.com/robot/)"
157.90.209.77 - - [02/Apr/2025:16:26:58 -0400] "GET /robots.txt HTTP/1.1" 304 0 "-" "Mozilla/5.0 (compatible; BLEXBot/1.0; +https://help.seranking.com/en/blex-crawler)"
157.90.209.77 - - [02/Apr/2025:16:27:00 -0400] "GET /betting-money-sites/ HTTP/1.1" 404 1251 "-" "Mozilla/5.0 (compatible; BLEXBot/1.0; +https://help.seranking.com/en/blex-crawler)"
51.222.253.19 - - [02/Apr/2025:16:27:02 -0400] "GET /learn-how-to-hire-a-high-end-moving-company-at-a-low-end-price/feed/ HTTP/1.1" 404 1251 "-" "Mozilla/5.0 (compatible; AhrefsBot/7.0; +http://ahrefs.com/robot/)"
157.90.209.77 - - [02/Apr/2025:16:27:15 -0400] "GET /buy-youtube-views-cheaply-increase-your-videos-popularity-and-get-more-organic-traffic-and-engagement/ HTTP/1.1" 404 1251 "-" "Mozilla/5.0 (compatible; BLEXBot/1.0; +https://help.seranking.com/en/blex-crawler)"
157.90.209.77 - - [02/Apr/2025:16:27:23 -0400] "GET /buy-youtube-views-online-non-drop/ HTTP/1.1" 404 1251 "-" "Mozilla/5.0 (compatible; BLEXBot/1.0; +https://help.seranking.com/en/blex-crawler)"
157.90.209.77 - - [02/Apr/2025:16:27:30 -0400] "GET /buy-youtube-views-online/ HTTP/1.1" 404 1251 "-" "Mozilla/5.0 (compatible; BLEXBot/1.0; +https://help.seranking.com/en/blex-crawler)"
157.90.209.77 - - [02/Apr/2025:16:27:39 -0400] "GET /comment-fabriquer-une-balle-anti-stress-personnalisee/ HTTP/1.1" 404 1251 "-" "Mozilla/5.0 (compatible; BLEXBot/1.0; +https://help.seranking.com/en/blex-crawler)"
157.90.209.77 - - [02/Apr/2025:16:27:48 -0400] "GET /the-easiest-way-to-sell-my-junk-car-in-naples/ HTTP/1.1" 404 1251 "-" "Mozilla/5.0 (compatible; BLEXBot/1.0; +https://help.seranking.com/en/blex-crawler)"
157.90.209.77 - - [02/Apr/2025:16:28:00 -0400] "GET /vivipin-socks-review-no-moq-for-custom-socks/ HTTP/1.1" 404 1251 "-" "Mozilla/5.0 (compatible; BLEXBot/1.0; +https://help.seranking.com/en/blex-crawler)"
157.90.209.77 - - [02/Apr/2025:16:28:17 -0400] "GET /robots.txt HTTP/1.1" 304 0 "-" "Mozilla/5.0 (compatible; BLEXBot/1.0; +https://help.seranking.com/en/blex-crawler)"
157.90.209.77 - - [02/Apr/2025:16:28:23 -0400] "GET / HTTP/1.1" 200 156255 "-" "Mozilla/5.0 (compatible; BLEXBot/1.0; +https://help.seranking.com/en/blex-crawler)"
157.90.209.77 - - [02/Apr/2025:16:28:39 -0400] "GET /brewery-equipment/ HTTP/1.1" 404 1251 "-" "Mozilla/5.0 (compatible; BLEXBot/1.0; +https://help.seranking.com/en/blex-crawler)"
157.90.209.77 - - [02/Apr/2025:16:28:58 -0400] "GET /brewery-equipment/brewery-equipment-4.html HTTP/1.1" 404 1251 "-" "Mozilla/5.0 (compatible; BLEXBot/1.0; +https://help.seranking.com/en/blex-crawler)"
157.90.209.77 - - [02/Apr/2025:16:29:20 -0400] "GET /condiment-making-vessel/ HTTP/1.1" 404 1251 "-" "Mozilla/5.0 (compatible; BLEXBot/1.0; +https://help.seranking.com/en/blex-crawler)"
157.90.209.77 - - [02/Apr/2025:16:29:27 -0400] "GET /condiment-making-vessel/edible-oil-tank-9.html HTTP/1.1" 404 1251 "-" "Mozilla/5.0 (compatible; BLEXBot/1.0; +https://help.seranking.com/en/blex-crawler)"
157.90.209.77 - - [02/Apr/2025:16:29:31 -0400] "GET /condiment-making-vessel/vinegar-drizzling-tank-6.html HTTP/1.1" 404 1251 "-" "Mozilla/5.0 (compatible; BLEXBot/1.0; +https://help.seranking.com/en/blex-crawler)"
157.90.209.77 - - [02/Apr/2025:16:29:45 -0400] "GET /condiment-making-vessel/vinegar-mash-fermenting-units-7.html HTTP/1.1" 404 1251 "-" "Mozilla/5.0 (compatible; BLEXBot/1.0; +https://help.seranking.com/en/blex-crawler)"
157.90.209.77 - - [02/Apr/2025:16:29:54 -0400] "GET /condiment-making-vessel/vinegar-storage-tank-8.html HTTP/1.1" 404 1251 "-" "Mozilla/5.0 (compatible; BLEXBot/1.0; +https://help.seranking.com/en/blex-crawler)"
157.90.209.77 - - [02/Apr/2025:16:30:07 -0400] "GET /products/ HTTP/1.1" 404 1251 "-" "Mozilla/5.0 (compatible; BLEXBot/1.0; +https://help.seranking.com/en/blex-crawler)"
51.222.253.18 - - [02/Apr/2025:16:30:09 -0400] "GET /how-does-online-gambling-differ-from-the-real-thing/feed/ HTTP/1.1" 404 1251 "-" "Mozilla/5.0 (compatible; AhrefsBot/7.0; +http://ahrefs.com/robot/)"
157.90.209.77 - - [02/Apr/2025:16:30:20 -0400] "GET /Bioreactor-tank/ HTTP/1.1" 404 1251 "-" "Mozilla/5.0 (compatible; BLEXBot/1.0; +https://help.seranking.com/en/blex-crawler)"
157.90.209.77 - - [02/Apr/2025:16:30:30 -0400] "GET /Bioreactor-tank/multi-function-extract-tank-14.html HTTP/1.1" 404 1251 "-" "Mozilla/5.0 (compatible; BLEXBot/1.0; +https://help.seranking.com/en/blex-crawler)"
157.90.209.77 - - [02/Apr/2025:16:30:37 -0400] "GET /Bioreactor-tank/seed-tank-13.html HTTP/1.1" 404 1251 "-" "Mozilla/5.0 (compatible; BLEXBot/1.0; +https://help.seranking.com/en/blex-crawler)"
157.90.209.77 - - [02/Apr/2025:16:30:48 -0400] "GET /condiment-making-vessel/soy-sauce-storage-tank-10.html HTTP/1.1" 404 1251 "-" "Mozilla/5.0 (compatible; BLEXBot/1.0; +https://help.seranking.com/en/blex-crawler)"
157.90.209.77 - - [02/Apr/2025:16:30:56 -0400] "GET /pharmacy-equipment/ HTTP/1.1" 404 1251 "-" "Mozilla/5.0 (compatible; BLEXBot/1.0; +https://help.seranking.com/en/blex-crawler)"
157.90.209.77 - - [02/Apr/2025:16:31:07 -0400] "GET /pharmacy-equipment/sphericfal-digester-15.html HTTP/1.1" 404 1251 "-" "Mozilla/5.0 (compatible; BLEXBot/1.0; +https://help.seranking.com/en/blex-crawler)"
157.90.209.77 - - [02/Apr/2025:16:31:18 -0400] "GET /spare-parts/ HTTP/1.1" 404 1251 "-" "Mozilla/5.0 (compatible; BLEXBot/1.0; +https://help.seranking.com/en/blex-crawler)"
157.90.209.77 - - [02/Apr/2025:16:31:29 -0400] "GET /tank-farm/ HTTP/1.1" 404 1251 "-" "Mozilla/5.0 (compatible; BLEXBot/1.0; +https://help.seranking.com/en/blex-crawler)"
157.90.209.77 - - [02/Apr/2025:16:31:36 -0400] "GET /tank-farm/tank-farm-2.html HTTP/1.1" 404 1251 "-" "Mozilla/5.0 (compatible; BLEXBot/1.0; +https://help.seranking.com/en/blex-crawler)"
43.132.123.157 - - [02/Apr/2025:16:31:37 -0400] "GET /the-sale-on-michael-kors-bags/ HTTP/1.1" 404 1251 "-" "Python/3.10 aiohttp/3.10.5"
157.90.209.77 - - [02/Apr/2025:16:31:43 -0400] "GET /wine-making-equipment/ HTTP/1.1" 404 1251 "-" "Mozilla/5.0 (compatible; BLEXBot/1.0; +https://help.seranking.com/en/blex-crawler)"
157.90.209.77 - - [02/Apr/2025:16:31:50 -0400] "GET /wine-making-equipment/cone-shaped-fermentation-tank-46.html HTTP/1.1" 404 1251 "-" "Mozilla/5.0 (compatible; BLEXBot/1.0; +https://help.seranking.com/en/blex-crawler)"
157.90.209.77 - - [02/Apr/2025:16:31:57 -0400] "GET /wine-making-equipment/pump-over-fermentation-tank-45.html HTTP/1.1" 404 1251 "-" "Mozilla/5.0 (compatible; BLEXBot/1.0; +https://help.seranking.com/en/blex-crawler)"
157.90.209.77 - - [02/Apr/2025:16:32:07 -0400] "GET /wine-making-equipment/wine-making-equipment-3.html HTTP/1.1" 404 1251 "-" "Mozilla/5.0 (compatible; BLEXBot/1.0; +https://help.seranking.com/en/blex-crawler)"
51.222.253.16 - - [02/Apr/2025:16:33:14 -0400] "GET /so-qualifizieren-sie-sich-fur-ein-immobiliendarlehen/feed/ HTTP/1.1" 404 1251 "-" "Mozilla/5.0 (compatible; AhrefsBot/7.0; +http://ahrefs.com/robot/)"
51.222.253.15 - - [02/Apr/2025:16:36:10 -0400] "GET /dos-and-donts-for-enjoyable-online-gambling/feed/ HTTP/1.1" 404 1251 "-" "Mozilla/5.0 (compatible; AhrefsBot/7.0; +http://ahrefs.com/robot/)"
51.222.253.4 - - [02/Apr/2025:16:39:01 -0400] "GET /what-types-of-autism-therapy-are-available/feed/ HTTP/1.1" 404 1251 "-" "Mozilla/5.0 (compatible; AhrefsBot/7.0; +http://ahrefs.com/robot/)"
51.222.253.6 - - [02/Apr/2025:16:41:27 -0400] "GET /betting-shops-open-nearest-to-me-now/feed/ HTTP/1.1" 404 1251 "-" "Mozilla/5.0 (compatible; AhrefsBot/7.0; +http://ahrefs.com/robot/)"
51.222.253.11 - - [02/Apr/2025:16:44:00 -0400] "GET /the-perfect-painting-job-every-time/feed/ HTTP/1.1" 404 1251 "-" "Mozilla/5.0 (compatible; AhrefsBot/7.0; +http://ahrefs.com/robot/)"
51.222.253.5 - - [02/Apr/2025:16:46:37 -0400] "GET /tupperware-parties/feed/ HTTP/1.1" 404 1251 "-" "Mozilla/5.0 (compatible; AhrefsBot/7.0; +http://ahrefs.com/robot/)"
51.222.253.7 - - [02/Apr/2025:16:49:04 -0400] "GET /plastic-recycling-machines/feed/ HTTP/1.1" 404 1251 "-" "Mozilla/5.0 (compatible; AhrefsBot/7.0; +http://ahrefs.com/robot/)"
51.222.253.2 - - [02/Apr/2025:16:51:40 -0400] "GET /what-are-vegetables-and-fruits/feed/ HTTP/1.1" 404 1251 "-" "Mozilla/5.0 (compatible; AhrefsBot/7.0; +http://ahrefs.com/robot/)"
51.222.253.9 - - [02/Apr/2025:16:54:14 -0400] "GET /buy-4000-hours-youtube-watch-time-for-monetization/feed/ HTTP/1.1" 404 1251 "-" "Mozilla/5.0 (compatible; AhrefsBot/7.0; +http://ahrefs.com/robot/)"
51.222.253.11 - - [02/Apr/2025:16:56:42 -0400] "GET /how-to-increase-your-youtube-watch-hours/feed/ HTTP/1.1" 404 1251 "-" "Mozilla/5.0 (compatible; AhrefsBot/7.0; +http://ahrefs.com/robot/)"
51.222.253.11 - - [02/Apr/2025:16:59:22 -0400] "GET /custom-cycling-socks/feed/ HTTP/1.1" 404 1251 "-" "Mozilla/5.0 (compatible; AhrefsBot/7.0; +http://ahrefs.com/robot/)"
51.222.253.17 - - [02/Apr/2025:17:02:06 -0400] "GET /whos-kidding-who-lets-legalize-us-online-gambling/feed/ HTTP/1.1" 404 1251 "-" "Mozilla/5.0 (compatible; AhrefsBot/7.0; +http://ahrefs.com/robot/)"
51.222.253.1 - - [02/Apr/2025:17:04:43 -0400] "GET /customized-fuzzy-socks/feed/ HTTP/1.1" 404 1251 "-" "Mozilla/5.0 (compatible; AhrefsBot/7.0; +http://ahrefs.com/robot/)"
161.35.11.214 - - [02/Apr/2025:17:06:26 -0400] "GET /wp-content/plugins/pwnd/pwnd.php HTTP/1.1" 404 1251 "www.google.com" "Mozlila/5.0 (Linux; Android 7.0; SM-G892A Bulid/NRD90M; wv) AppleWebKit/537.36 (KHTML, like Gecko) Version/4.0 Chrome/60.0.3112.107 Moblie Safari/537.36"
161.35.11.214 - - [02/Apr/2025:17:06:35 -0400] "GET /wp-content/plugins/ph-file-manager/wp-file.php HTTP/1.1" 404 1251 "www.google.com" "Mozlila/5.0 (Linux; Android 7.0; SM-G892A Bulid/NRD90M; wv) AppleWebKit/537.36 (KHTML, like Gecko) Version/4.0 Chrome/60.0.3112.107 Moblie Safari/537.36"
161.35.11.214 - - [02/Apr/2025:17:06:37 -0400] "GET /wp-content/plugins/root-file-manager/wp-file.php HTTP/1.1" 404 1251 "www.google.com" "Mozlila/5.0 (Linux; Android 7.0; SM-G892A Bulid/NRD90M; wv) AppleWebKit/537.36 (KHTML, like Gecko) Version/4.0 Chrome/60.0.3112.107 Moblie Safari/537.36"
161.35.11.214 - - [02/Apr/2025:17:06:58 -0400] "GET /wp-content/themes/travel/issue.php HTTP/1.1" 404 1251 "www.google.com" "Mozlila/5.0 (Linux; Android 7.0; SM-G892A Bulid/NRD90M; wv) AppleWebKit/537.36 (KHTML, like Gecko) Version/4.0 Chrome/60.0.3112.107 Moblie Safari/537.36"
161.35.11.214 - - [02/Apr/2025:17:07:01 -0400] "GET /wp-content/themes/jaida/lang.php HTTP/1.1" 404 1251 "www.google.com" "Mozlila/5.0 (Linux; Android 7.0; SM-G892A Bulid/NRD90M; wv) AppleWebKit/537.36 (KHTML, like Gecko) Version/4.0 Chrome/60.0.3112.107 Moblie Safari/537.36"
51.222.253.10 - - [02/Apr/2025:17:07:21 -0400] "GET /gambling-sports/feed/ HTTP/1.1" 404 1251 "-" "Mozilla/5.0 (compatible; AhrefsBot/7.0; +http://ahrefs.com/robot/)"
185.220.101.10 - - [02/Apr/2025:17:09:08 -0400] "GET / HTTP/1.1" 200 156255 "https://prettechengineering.com" "Mozilla/5.0 (Windows NT 10.0; Win64; x64; rv:83.0) Gecko/20100101 Firefox/83.0"
51.222.253.13 - - [02/Apr/2025:17:09:53 -0400] "GET /the-power-of-cashing-out-small-payments/feed/ HTTP/1.1" 404 1251 "-" "Mozilla/5.0 (compatible; AhrefsBot/7.0; +http://ahrefs.com/robot/)"
51.222.253.12 - - [02/Apr/2025:17:12:40 -0400] "GET /fenbendazole-a-potential-human-therapeutic/feed/ HTTP/1.1" 404 1251 "-" "Mozilla/5.0 (compatible; AhrefsBot/7.0; +http://ahrefs.com/robot/)"
51.222.253.8 - - [02/Apr/2025:17:15:30 -0400] "GET /umzugsfirma-luneburg/feed/ HTTP/1.1" 404 1251 "-" "Mozilla/5.0 (compatible; AhrefsBot/7.0; +http://ahrefs.com/robot/)"
51.222.253.19 - - [02/Apr/2025:17:18:09 -0400] "GET /relaxation-on-the-road-the-benefits-of-business-trip-massage/feed/ HTTP/1.1" 404 1251 "-" "Mozilla/5.0 (compatible; AhrefsBot/7.0; +http://ahrefs.com/robot/)"
51.222.253.15 - - [02/Apr/2025:17:20:53 -0400] "GET /the-benefits-of-business-trip-massage/feed/ HTTP/1.1" 404 1251 "-" "Mozilla/5.0 (compatible; AhrefsBot/7.0; +http://ahrefs.com/robot/)"
101.32.27.106 - - [02/Apr/2025:17:21:40 -0400] "GET /best-treatments-for-teeth-sensitivity/ HTTP/1.1" 404 1251 "-" "Python/3.10 aiohttp/3.10.5"
51.222.253.1 - - [02/Apr/2025:17:23:32 -0400] "GET /lart-urbain-une-toile-geante-a-ciel-ouvert/feed/ HTTP/1.1" 404 1251 "-" "Mozilla/5.0 (compatible; AhrefsBot/7.0; +http://ahrefs.com/robot/)"
87.250.224.27 - - [02/Apr/2025:17:25:05 -0400] "GET /robots.txt HTTP/1.1" 304 0 "-" "Mozilla/5.0 (compatible; YandexBot/3.0; +http://yandex.com/bots)"
213.180.203.111 - - [02/Apr/2025:17:25:06 -0400] "GET /Bioreactor-tank/biofermenter-11.html HTTP/1.1" 404 1251 "-" "Mozilla/5.0 (compatible; YandexBot/3.0; +http://yandex.com/bots)"
51.222.253.3 - - [02/Apr/2025:17:26:01 -0400] "GET /buy-followers-ticktok-from-a-reputable-provider/feed/ HTTP/1.1" 404 1251 "-" "Mozilla/5.0 (compatible; AhrefsBot/7.0; +http://ahrefs.com/robot/)"
51.222.253.1 - - [02/Apr/2025:17:28:44 -0400] "GET /motorbike-claim/feed/ HTTP/1.1" 404 1251 "-" "Mozilla/5.0 (compatible; AhrefsBot/7.0; +http://ahrefs.com/robot/)"
51.222.253.18 - - [02/Apr/2025:17:31:43 -0400] "GET /low-cost-dental-plans-why-are-they-so-important/feed/ HTTP/1.1" 404 1251 "-" "Mozilla/5.0 (compatible; AhrefsBot/7.0; +http://ahrefs.com/robot/)"
51.222.253.12 - - [02/Apr/2025:17:34:16 -0400] "GET /top-three-most-popular-indoor-soccer-variations/feed/ HTTP/1.1" 404 1251 "-" "Mozilla/5.0 (compatible; AhrefsBot/7.0; +http://ahrefs.com/robot/)"
103.153.202.99 - - [02/Apr/2025:17:35:35 -0400] "GET / HTTP/1.1" 200 156255 "https://prettechengineering.com" "Mozilla/4.0 (compatible; MSIE 9.0; Windows NT 6.1)"
52.14.115.232 - - [02/Apr/2025:17:36:31 -0400] "GET /robots.txt HTTP/1.1" 304 0 "-" "Mozilla/5.0 AppleWebKit/537.36 (KHTML, like Gecko; compatible; ClaudeBot/1.0; +claudebot@anthropic.com)"
52.14.115.232 - - [02/Apr/2025:17:36:31 -0400] "GET /matrimoni-di-destinazione-sposarsi-sul-lago-di-garda HTTP/1.1" 404 1251 "-" "Mozilla/5.0 AppleWebKit/537.36 (KHTML, like Gecko; compatible; ClaudeBot/1.0; +claudebot@anthropic.com)"
51.222.253.18 - - [02/Apr/2025:17:36:44 -0400] "GET /what-is-nail-polish/feed/ HTTP/1.1" 404 1251 "-" "Mozilla/5.0 (compatible; AhrefsBot/7.0; +http://ahrefs.com/robot/)"
51.222.253.13 - - [02/Apr/2025:17:39:09 -0400] "GET /midtown-modern-an-urban-oasis/feed/ HTTP/1.1" 404 1251 "-" "Mozilla/5.0 (compatible; AhrefsBot/7.0; +http://ahrefs.com/robot/)"
51.222.253.15 - - [02/Apr/2025:17:41:46 -0400] "GET /custom-socks/feed/ HTTP/1.1" 404 1251 "-" "Mozilla/5.0 (compatible; AhrefsBot/7.0; +http://ahrefs.com/robot/)"
51.222.253.1 - - [02/Apr/2025:17:44:23 -0400] "GET /custom-dress-socks/feed/ HTTP/1.1" 404 1251 "-" "Mozilla/5.0 (compatible; AhrefsBot/7.0; +http://ahrefs.com/robot/)"
18.209.116.12 - - [02/Apr/2025:17:47:17 -0400] "GET /applications-of-ai-marketing/ HTTP/1.1" 404 1251 "-" "Grammarly/1.0 (http://www.grammarly.com)"
51.222.253.8 - - [02/Apr/2025:17:47:51 -0400] "GET /boutique-lampe-de-chevet-tactile/feed/ HTTP/1.1" 404 1251 "-" "Mozilla/5.0 (compatible; AhrefsBot/7.0; +http://ahrefs.com/robot/)"
51.222.253.20 - - [02/Apr/2025:17:51:23 -0400] "GET /7-tips-for-successful-babysitting-jobs/feed/ HTTP/1.1" 404 1251 "-" "Mozilla/5.0 (compatible; AhrefsBot/7.0; +http://ahrefs.com/robot/)"
51.222.253.1 - - [02/Apr/2025:17:54:29 -0400] "GET /essential-baby-supplies-for-new-parents/feed/ HTTP/1.1" 404 1251 "-" "Mozilla/5.0 (compatible; AhrefsBot/7.0; +http://ahrefs.com/robot/)"
51.222.253.13 - - [02/Apr/2025:17:57:22 -0400] "GET /the-best-ppr-pipes-and-fittings-manufacturers-for-bulk-pricing/feed/ HTTP/1.1" 404 1251 "-" "Mozilla/5.0 (compatible; AhrefsBot/7.0; +http://ahrefs.com/robot/)"
2602:fb54:313:: - - [02/Apr/2025:17:57:24 -0400] "POST /wp-login.php HTTP/1.1" 200 2043 "https://prettechengineering.com/wp-admin/" "Mozilla/5.0 (Windows NT 10.0; Win64; x64) AppleWebKit/537.36 (KHTML, like Gecko) Chrome/90.0.4430.85 Safari/537.36"
2602:fb54:313:: - - [02/Apr/2025:17:57:28 -0400] "GET /wp-admin/ HTTP/1.1" 302 0 "https://www.google.com" "Mozilla/5.0 (Windows NT 10.0; Win64; x64) AppleWebKit/537.36 (KHTML, like Gecko) Chrome/90.0.4430.85 Safari/537.36"
2602:fb54:313:: - - [02/Apr/2025:17:57:28 -0400] "GET /wp-login.php?redirect_to=https%3A%2F%2Fprettechengineering.com%2Fwp-admin%2F&reauth=1 HTTP/1.1" 200 1923 "https://www.google.com" "Mozilla/5.0 (Windows NT 10.0; Win64; x64) AppleWebKit/537.36 (KHTML, like Gecko) Chrome/90.0.4430.85 Safari/537.36"
51.222.253.14 - - [02/Apr/2025:18:00:21 -0400] "GET /the-benefits-of-gift-certificate-small-payment/feed/ HTTP/1.1" 404 1251 "-" "Mozilla/5.0 (compatible; AhrefsBot/7.0; +http://ahrefs.com/robot/)"
240e:350:8003:5988:4ecc:6aac:54f7:5ca9 - - [02/Apr/2025:18:00:38 -0400] "POST /wp-comments-post.php HTTP/1.1" 302 0 "-" "Mozilla/5.0 (Windows NT 10.0; Win64; x64) AppleWebKit/537.36 (KHTML, like Gecko) Chrome/108.0.0.0 Safari/537.36 Edg/108.0.1462.46"
240e:350:8003:5988:4ecc:6aac:54f7:5ca9 - - [02/Apr/2025:18:00:41 -0400] "GET /how-does-fitbit-track-sleep/?unapproved=38941&moderation-hash=3503784da0df73ad4f691153ae8b255b HTTP/1.1" 404 1251 "-" "Mozilla/5.0 (Windows NT 10.0; Win64; x64) AppleWebKit/537.36 (KHTML, like Gecko) Chrome/108.0.0.0 Safari/537.36 Edg/108.0.1462.46"
51.222.253.2 - - [02/Apr/2025:18:03:04 -0400] "GET /kompetente-scheidungsanwalte-in-hattingen/feed/ HTTP/1.1" 404 1251 "-" "Mozilla/5.0 (compatible; AhrefsBot/7.0; +http://ahrefs.com/robot/)"
51.222.253.20 - - [02/Apr/2025:18:05:33 -0400] "GET /the-appeal-of-used-designer-furniture/feed/ HTTP/1.1" 404 1251 "-" "Mozilla/5.0 (compatible; AhrefsBot/7.0; +http://ahrefs.com/robot/)"
51.222.253.14 - - [02/Apr/2025:18:08:07 -0400] "GET /why-cake-carts-are-so-popular/feed/ HTTP/1.1" 404 1251 "-" "Mozilla/5.0 (compatible; AhrefsBot/7.0; +http://ahrefs.com/robot/)"
34.127.29.78 - - [02/Apr/2025:18:10:07 -0400] "GET /strategies-for-increasing-youtube-views/ HTTP/1.1" 404 1251 "-" "Mozilla/5.0 (Windows NT 10.0; Win64; x64) AppleWebKit/537.36 (KHTML, like Gecko) Chrome/123.0.0.0 Safari/537.36"
51.222.253.11 - - [02/Apr/2025:18:10:28 -0400] "GET /lart-de-trouver-des-meubles-design-doccasion/feed/ HTTP/1.1" 404 1251 "-" "Mozilla/5.0 (compatible; AhrefsBot/7.0; +http://ahrefs.com/robot/)"
40.77.167.184 - - [02/Apr/2025:18:12:49 -0400] "GET /robots.txt HTTP/1.1" 304 0 "-" "Mozilla/5.0 AppleWebKit/537.36 (KHTML, like Gecko; compatible; bingbot/2.0; +http://www.bing.com/bingbot.htm) Chrome/116.0.1938.76 Safari/537.36"
51.222.253.15 - - [02/Apr/2025:18:13:12 -0400] "GET /face-filter-apps-to-enhance-your-selfie-game/feed/ HTTP/1.1" 404 1251 "-" "Mozilla/5.0 (compatible; AhrefsBot/7.0; +http://ahrefs.com/robot/)"
52.167.144.225 - - [02/Apr/2025:18:13:43 -0400] "GET /gnar-has-not-received-any-kind-of-nerfs-since-season-7 HTTP/1.1" 404 1251 "-" "Mozilla/5.0 AppleWebKit/537.36 (KHTML, like Gecko; compatible; bingbot/2.0; +http://www.bing.com/bingbot.htm) Chrome/116.0.1938.76 Safari/537.36"
51.222.253.2 - - [02/Apr/2025:18:15:37 -0400] "GET /traditional-bookmakers-williamhill-and-ladbrokes-vs-betting-exchanges-betfair-and-betdaq/feed/ HTTP/1.1" 404 1251 "-" "Mozilla/5.0 (compatible; AhrefsBot/7.0; +http://ahrefs.com/robot/)"
51.222.253.6 - - [02/Apr/2025:18:18:07 -0400] "GET /6sense-keep-track-of-your-finances-on-the-command-line/feed/ HTTP/1.1" 404 1251 "-" "Mozilla/5.0 (compatible; AhrefsBot/7.0; +http://ahrefs.com/robot/)"
91.84.98.84 - - [02/Apr/2025:18:19:15 -0400] "GET /womens-gambling/ HTTP/1.1" 404 1251 "https://prettechengineering.com/womens-gambling/" "Mozilla/5.0 (Windows NT 6.3; WOW64) AppleWebKit/537.36 (KHTML, like Gecko) Chrome/103.0.0.0 Safari/537.36"
91.84.98.84 - - [02/Apr/2025:18:19:16 -0400] "GET / HTTP/1.1" 200 156255 "https://prettechengineering.com/" "Mozilla/5.0 (Windows NT 6.3; WOW64) AppleWebKit/537.36 (KHTML, like Gecko) Chrome/103.0.0.0 Safari/537.36"
51.222.253.6 - - [02/Apr/2025:18:20:25 -0400] "GET /hydroxycitric-acid-bad-science-and-liver-failure/feed/ HTTP/1.1" 404 1251 "-" "Mozilla/5.0 (compatible; AhrefsBot/7.0; +http://ahrefs.com/robot/)"
51.222.253.7 - - [02/Apr/2025:18:23:14 -0400] "GET /how-much-do-all-on-four-dental-implants-cost/feed/ HTTP/1.1" 404 1251 "-" "Mozilla/5.0 (compatible; AhrefsBot/7.0; +http://ahrefs.com/robot/)"
170.106.140.110 - - [02/Apr/2025:18:23:35 -0400] "GET / HTTP/1.1" 200 156255 "-" "Mozilla/5.0 (iPhone; CPU iPhone OS 13_2_3 like Mac OS X) AppleWebKit/605.1.15 (KHTML, like Gecko) Version/13.0.3 Mobile/15E148 Safari/604.1"
51.222.253.7 - - [02/Apr/2025:18:25:46 -0400] "GET /powerball-only-sites/feed/ HTTP/1.1" 404 1251 "-" "Mozilla/5.0 (compatible; AhrefsBot/7.0; +http://ahrefs.com/robot/)"
51.222.253.1 - - [02/Apr/2025:18:27:57 -0400] "GET /what-time-does-arceus-release/feed/ HTTP/1.1" 404 1251 "-" "Mozilla/5.0 (compatible; AhrefsBot/7.0; +http://ahrefs.com/robot/)"
151.106.162.202 - - [02/Apr/2025:18:30:10 -0400] "GET /data/upload/ueditor/20191101/5dbb82d7531e1.jpg HTTP/1.1" 404 1251 "-" "Mozilla/5.0 (X11; Ubuntu; Linux x86_64; rv:72.0) Gecko/20100101 Firefox/72.0"
151.106.162.202 - - [02/Apr/2025:18:30:10 -0400] "GET /data/upload/ueditor/20191101/5dbb82d7531e1.jpg HTTP/1.1" 404 1251 "-" "Mozilla/5.0 (X11; Ubuntu; Linux x86_64; rv:72.0) Gecko/20100101 Firefox/72.0"
151.106.162.202 - - [02/Apr/2025:18:30:10 -0400] "GET /data/upload/ueditor/20191101/5dbb82d7531e1.jpg HTTP/1.1" 404 1251 "-" "Mozilla/5.0 (X11; Ubuntu; Linux x86_64; rv:72.0) Gecko/20100101 Firefox/72.0"
51.222.253.2 - - [02/Apr/2025:18:30:32 -0400] "GET /choosing-the-right-type-of-custom-banners-for-your-business/feed/ HTTP/1.1" 404 1251 "-" "Mozilla/5.0 (compatible; AhrefsBot/7.0; +http://ahrefs.com/robot/)"
51.222.253.17 - - [02/Apr/2025:18:33:07 -0400] "GET /buy-tiktok-views-and-followers-to-boost-engagement/feed/ HTTP/1.1" 404 1251 "-" "Mozilla/5.0 (compatible; AhrefsBot/7.0; +http://ahrefs.com/robot/)"
54.36.149.61 - - [02/Apr/2025:18:35:31 -0400] "GET /robots.txt HTTP/1.1" 200 23 "-" "Mozilla/5.0 (compatible; AhrefsBot/7.0; +http://ahrefs.com/robot/)"
54.36.148.68 - - [02/Apr/2025:18:35:33 -0400] "GET /grain-cereal-pre-treatment-equipment/ HTTP/1.1" 404 1251 "-" "Mozilla/5.0 (compatible; AhrefsBot/7.0; +http://ahrefs.com/robot/)"
51.222.253.8 - - [02/Apr/2025:18:37:59 -0400] "GET /solvoreringe-er-et-perfekt-supplement-til-ethvert-outfit/feed/ HTTP/1.1" 404 1251 "-" "Mozilla/5.0 (compatible; AhrefsBot/7.0; +http://ahrefs.com/robot/)"
51.222.253.8 - - [02/Apr/2025:18:40:33 -0400] "GET /types-of-cooling-element/feed/ HTTP/1.1" 404 1251 "-" "Mozilla/5.0 (compatible; AhrefsBot/7.0; +http://ahrefs.com/robot/)"
51.222.253.4 - - [02/Apr/2025:18:43:00 -0400] "GET /the-wonders-of-amana-refrigerators/feed/ HTTP/1.1" 404 1251 "-" "Mozilla/5.0 (compatible; AhrefsBot/7.0; +http://ahrefs.com/robot/)"
51.222.253.5 - - [02/Apr/2025:18:45:24 -0400] "GET /exploring-the-art-and-tradition-of-the-japanese-bento-box/feed/ HTTP/1.1" 404 1251 "-" "Mozilla/5.0 (compatible; AhrefsBot/7.0; +http://ahrefs.com/robot/)"
51.222.253.18 - - [02/Apr/2025:18:47:45 -0400] "GET /what-you-should-know-about-credit-fixing-companies HTTP/1.1" 404 1251 "-" "Mozilla/5.0 (compatible; AhrefsBot/7.0; +http://ahrefs.com/robot/)"
51.222.253.4 - - [02/Apr/2025:18:50:08 -0400] "GET /online-gambling-will-never-stop-growing/feed/ HTTP/1.1" 404 1251 "-" "Mozilla/5.0 (compatible; AhrefsBot/7.0; +http://ahrefs.com/robot/)"
34.19.85.195 - - [02/Apr/2025:18:52:53 -0400] "GET /how-to-get-more-youtube-live-stream-views/ HTTP/1.1" 404 1251 "-" "Mozilla/5.0 (Macintosh; Intel Mac OS X 10_15_7) AppleWebKit/605.1.15 (KHTML, like Gecko) Version/17.0 Safari/605.1.15"
51.222.253.19 - - [02/Apr/2025:18:52:53 -0400] "GET /football-betting-learn-the-different-ways-of-predicting-the-outcome-of-a-football-game/feed/ HTTP/1.1" 404 1251 "-" "Mozilla/5.0 (compatible; AhrefsBot/7.0; +http://ahrefs.com/robot/)"
51.222.253.20 - - [02/Apr/2025:18:55:26 -0400] "GET /traumhafte-auszeit-im-resort-am-gardasee/feed/ HTTP/1.1" 404 1251 "-" "Mozilla/5.0 (compatible; AhrefsBot/7.0; +http://ahrefs.com/robot/)"
198.54.114.83 - - [02/Apr/2025:18:56:24 -0400] "POST /wp-cron.php?doing_wp_cron=1743634582.8675949573516845703125 HTTP/1.1" 200 0 "-" "WordPress/6.7.1; https://prettechengineering.com"
3.220.159.34 - - [02/Apr/2025:18:56:16 -0400] "POST /wp-login.php HTTP/1.1" 200 2044 "-" "Mozilla/5.0 (Macintosh; Intel Mac OS X 14_3) AppleWebKit/605.1.15 (KHTML, like Gecko) Version/17.2 Safari/605.1.15"
198.54.114.83 - - [02/Apr/2025:18:56:24 -0400] "POST /wp-admin/admin-ajax.php?action=async_litespeed&nonce=WQTrRkj0eNZ5Rh5So0C49ZxFdEpC86hZ&litespeed_type=imgoptm HTTP/1.1" 200 0 "-" "WordPress/6.7.1; https://prettechengineering.com"
34.83.238.29 - - [02/Apr/2025:18:56:37 -0400] "GET /how-to-get-more-youtube-live-stream-views/ HTTP/1.1" 404 1251 "-" "Mozilla/5.0 (Macintosh; Intel Mac OS X 10_15_7) AppleWebKit/605.1.15 (KHTML, like Gecko) Version/17.0 Safari/605.1.15"
54.36.148.150 - - [02/Apr/2025:18:58:05 -0400] "GET /tank-farm/tank-farm-2.html HTTP/1.1" 404 1251 "-" "Mozilla/5.0 (compatible; AhrefsBot/7.0; +http://ahrefs.com/robot/)"
51.222.253.20 - - [02/Apr/2025:19:00:22 -0400] "GET /exploring-the-world-of-game-pluto/feed/ HTTP/1.1" 404 1251 "-" "Mozilla/5.0 (compatible; AhrefsBot/7.0; +http://ahrefs.com/robot/)"
58.221.37.82 - - [02/Apr/2025:19:01:06 -0400] "GET / HTTP/1.1" 200 156255 "https://www.google.com/" "Mozilla/5.0 (Linux; Android 10; K) AppleWebKit/537.36 (KHTML, like Gecko) Chrome/133.0.0.0 Mobile Safari/537.36"
58.221.37.82 - - [02/Apr/2025:19:01:06 -0400] "GET / HTTP/1.1" 200 156255 "https://www.google.com/" "Mozilla/5.0 (Windows NT 10.0; Win64; x64) AppleWebKit/537.36 (KHTML, like Gecko) Chrome/132.0.0.0 Safari/537.36"
58.221.37.82 - - [02/Apr/2025:19:01:11 -0400] "GET / HTTP/1.1" 200 156255 "https://www.google.com/" "Mozilla/5.0 (Linux; Android 10; K) AppleWebKit/537.36 (KHTML, like Gecko) Chrome/132.0.0.0 Mobile Safari/537.36"
123.6.49.44 - - [02/Apr/2025:19:01:53 -0400] "GET / HTTP/1.1" 200 156255 "-" "Mozilla/5.0 (Linux; Android 10; HUAWEI P30 Pro) AppleWebKit/537.36 (KHTML, like Gecko) Chrome/89.0.4389.105 Mobile Safari/537.36"
123.6.49.18 - - [02/Apr/2025:19:02:04 -0400] "GET /dp/B09WXH9BH7?ref=MarsFS_AUCC_ch HTTP/1.1" 404 1251 "-" "Mozilla/5.0 (Linux; Android 11; V2055A) AppleWebKit/537.36 (KHTML, like Gecko) Chrome/91.0.4472.101 Mobile Safari/537.36"
123.6.49.12 - - [02/Apr/2025:19:02:10 -0400] "GET /favicon.ico HTTP/1.1" 404 1251 "-" "Mozilla/5.0 (Windows NT 10.0; WOW64) AppleWebKit/537.36 (KHTML, like Gecko) Chrome/78.0.3904.108 Safari/537.36"
123.6.49.47 - - [02/Apr/2025:19:02:11 -0400] "GET /favicon.ico HTTP/1.1" 404 1251 "-" "Mozilla/5.0 (Windows NT 10.0; Win64; x64) AppleWebKit/537.36 (KHTML, like Gecko) Chrome/120.0.0.0 Safari/537.36"
51.222.253.8 - - [02/Apr/2025:19:02:56 -0400] "GET /a-jewel-in-singapores-real-estate-crown/feed/ HTTP/1.1" 404 1251 "-" "Mozilla/5.0 (compatible; AhrefsBot/7.0; +http://ahrefs.com/robot/)"
52.167.144.206 - - [02/Apr/2025:19:03:52 -0400] "GET /pyeongtaek-where-you-can-relax-comfortably-with-a-business-trip-massage/ HTTP/1.1" 404 1251 "-" "Mozilla/5.0 AppleWebKit/537.36 (KHTML, like Gecko; compatible; bingbot/2.0; +http://www.bing.com/bingbot.htm) Chrome/116.0.1938.76 Safari/537.36"
51.222.253.5 - - [02/Apr/2025:19:05:10 -0400] "GET /exploring-rainbow-riches-casino-a-vibrant-gaming-experience/feed/ HTTP/1.1" 404 1251 "-" "Mozilla/5.0 (compatible; AhrefsBot/7.0; +http://ahrefs.com/robot/)"
51.222.253.2 - - [02/Apr/2025:19:07:41 -0400] "GET /the-essence-of-existential-cinema/feed/ HTTP/1.1" 404 1251 "-" "Mozilla/5.0 (compatible; AhrefsBot/7.0; +http://ahrefs.com/robot/)"
51.222.253.1 - - [02/Apr/2025:19:10:11 -0400] "GET /the-power-of-strategic-entertainment/feed/ HTTP/1.1" 404 1251 "-" "Mozilla/5.0 (compatible; AhrefsBot/7.0; +http://ahrefs.com/robot/)"
51.222.253.8 - - [02/Apr/2025:19:12:31 -0400] "GET /renovation-de-maison-une-transformation-reussie/feed/ HTTP/1.1" 404 1251 "-" "Mozilla/5.0 (compatible; AhrefsBot/7.0; +http://ahrefs.com/robot/)"
119.28.176.145 - - [02/Apr/2025:19:13:01 -0400] "GET /bring-the-outdoors-closer-to-home/ HTTP/1.1" 404 1251 "-" "Python/3.10 aiohttp/3.10.5"
3.230.114.103 - - [02/Apr/2025:19:14:11 -0400] "GET /what-is-programmatic-advertising/ HTTP/1.1" 404 1251 "-" "Grammarly/1.0 (http://www.grammarly.com)"
51.222.253.1 - - [02/Apr/2025:19:15:05 -0400] "GET /buchholz-transport-ist-ein-aktives-beim-dot-registriertes-transportunternehmen-das-unter-der-usdot-nummer-309419-und-der-mc-nummer-552721-operiert/feed/ HTTP/1.1" 404 1251 "-" "Mozilla/5.0 (compatible; AhrefsBot/7.0; +http://ahrefs.com/robot/)"
52.204.108.110 - - [02/Apr/2025:19:15:17 -0400] "GET /water-soluble-bag-manufacturers/ HTTP/1.1" 404 1251 "-" "Grammarly/1.0 (http://www.grammarly.com)"
52.167.144.234 - - [02/Apr/2025:19:17:03 -0400] "GET /scopri-il-paradiso-resort-sul-lago-di-garda/ HTTP/1.1" 404 1251 "-" "Mozilla/5.0 AppleWebKit/537.36 (KHTML, like Gecko; compatible; bingbot/2.0; +http://www.bing.com/bingbot.htm) Chrome/116.0.1938.76 Safari/537.36"
51.222.253.17 - - [02/Apr/2025:19:17:28 -0400] "GET /discover-the-charm-of-resort-lake-garda/feed/ HTTP/1.1" 404 1251 "-" "Mozilla/5.0 (compatible; AhrefsBot/7.0; +http://ahrefs.com/robot/)"
85.208.98.29 - - [02/Apr/2025:19:18:57 -0400] "GET /how-window-tint-can-reduce-heat-glare-and-security-risks/ HTTP/1.1" 404 1251 "-" "Mozilla/5.0 (compatible; SemrushBot-BA; +http://www.semrush.com/bot.html)"
198.54.114.83 - - [02/Apr/2025:19:18:59 -0400] "POST /wp-cron.php?doing_wp_cron=1743635939.0279879570007324218750 HTTP/1.1" 200 0 "-" "WordPress/6.7.1; https://prettechengineering.com"
203.156.2.120 - - [02/Apr/2025:19:18:53 -0400] "POST /wp-login.php/wp-login.php HTTP/1.1" 200 2054 "-" "Mozilla"
198.54.114.83 - - [02/Apr/2025:19:19:01 -0400] "POST /wp-admin/admin-ajax.php?action=async_litespeed&nonce=UTGmI6ry1nA5szCJ43xaaYJ0HidnaXqS&litespeed_type=imgoptm HTTP/1.1" 200 0 "-" "WordPress/6.7.1; https://prettechengineering.com"
51.222.253.20 - - [02/Apr/2025:19:20:05 -0400] "GET /clearinggesellschaft-fur-luneburg/feed/ HTTP/1.1" 404 1251 "-" "Mozilla/5.0 (compatible; AhrefsBot/7.0; +http://ahrefs.com/robot/)"
51.222.253.3 - - [02/Apr/2025:19:22:25 -0400] "GET /where-to-buy-sarms/feed/ HTTP/1.1" 404 1251 "-" "Mozilla/5.0 (compatible; AhrefsBot/7.0; +http://ahrefs.com/robot/)"
51.222.253.14 - - [02/Apr/2025:19:24:52 -0400] "GET /a-vital-skill-for-every-individual/feed/ HTTP/1.1" 404 1251 "-" "Mozilla/5.0 (compatible; AhrefsBot/7.0; +http://ahrefs.com/robot/)"
18.219.247.127 - - [02/Apr/2025:19:26:09 -0400] "GET /robots.txt HTTP/1.1" 200 23 "-" "Mozilla/5.0 AppleWebKit/537.36 (KHTML, like Gecko; compatible; ClaudeBot/1.0; +claudebot@anthropic.com)"
18.219.247.127 - - [02/Apr/2025:19:26:09 -0400] "GET /the-typing-speed-test HTTP/1.1" 404 1251 "-" "Mozilla/5.0 AppleWebKit/537.36 (KHTML, like Gecko; compatible; ClaudeBot/1.0; +claudebot@anthropic.com)"
51.222.253.20 - - [02/Apr/2025:19:27:03 -0400] "GET /grand-dunman-a-new-99-year-leasehold-condo-development-in-tanjong-katong/feed/ HTTP/1.1" 404 1251 "-" "Mozilla/5.0 (compatible; AhrefsBot/7.0; +http://ahrefs.com/robot/)"
110.249.202.217 - - [02/Apr/2025:19:28:04 -0400] "GET /page/2/ HTTP/1.1" 404 1251 "-" "Mozilla/5.0 (Linux; Android 5.0) AppleWebKit/537.36 (KHTML, like Gecko) Mobile Safari/537.36 (compatible; Bytespider; https://zhanzhang.toutiao.com/)"
51.222.253.7 - - [02/Apr/2025:19:29:15 -0400] "GET /scopri-il-paradiso-resort-sul-lago-di-garda/feed/ HTTP/1.1" 404 1251 "-" "Mozilla/5.0 (compatible; AhrefsBot/7.0; +http://ahrefs.com/robot/)"
51.222.253.18 - - [02/Apr/2025:19:31:52 -0400] "GET /vintage-turkish-rugs-add-a-unique-look-to-any-space/feed/ HTTP/1.1" 404 1251 "-" "Mozilla/5.0 (compatible; AhrefsBot/7.0; +http://ahrefs.com/robot/)"
40.77.167.156 - - [02/Apr/2025:19:32:27 -0400] "GET /top-10-recovery-machines/ HTTP/1.1" 404 1251 "-" "Mozilla/5.0 AppleWebKit/537.36 (KHTML, like Gecko; compatible; bingbot/2.0; +http://www.bing.com/bingbot.htm) Chrome/116.0.1938.76 Safari/537.36"
51.222.253.13 - - [02/Apr/2025:19:34:31 -0400] "GET /brisbane-commercial-market-looking-up/feed/ HTTP/1.1" 404 1251 "-" "Mozilla/5.0 (compatible; AhrefsBot/7.0; +http://ahrefs.com/robot/)"
51.222.253.7 - - [02/Apr/2025:19:37:07 -0400] "GET /how-to-change-name-on-bumble/feed/ HTTP/1.1" 404 1251 "-" "Mozilla/5.0 (compatible; AhrefsBot/7.0; +http://ahrefs.com/robot/)"
151.106.162.202 - - [02/Apr/2025:19:37:23 -0400] "GET /data/upload/20190216/5c676029aa682.jpg HTTP/1.1" 404 1251 "-" "Mozilla/5.0 (X11; Ubuntu; Linux x86_64; rv:72.0) Gecko/20100101 Firefox/72.0"
151.106.162.202 - - [02/Apr/2025:19:37:30 -0400] "GET /data/upload/20190216/5c676029aa682.jpg HTTP/1.1" 404 1251 "-" "Mozilla/5.0 (X11; Ubuntu; Linux x86_64; rv:72.0) Gecko/20100101 Firefox/72.0"
151.106.162.202 - - [02/Apr/2025:19:37:34 -0400] "GET /data/upload/20190216/5c676029aa682.jpg HTTP/1.1" 404 1251 "-" "Mozilla/5.0 (X11; Ubuntu; Linux x86_64; rv:72.0) Gecko/20100101 Firefox/72.0"
51.222.253.12 - - [02/Apr/2025:19:39:40 -0400] "GET /how-to-turn-on-voice-text-on-iphone-6/feed/ HTTP/1.1" 404 1251 "-" "Mozilla/5.0 (compatible; AhrefsBot/7.0; +http://ahrefs.com/robot/)"
51.222.253.15 - - [02/Apr/2025:19:42:14 -0400] "GET /einen-dachdecker-in-hamburg-rahlstedt-auswahlen/feed/ HTTP/1.1" 404 1251 "-" "Mozilla/5.0 (compatible; AhrefsBot/7.0; +http://ahrefs.com/robot/)"
51.222.253.17 - - [02/Apr/2025:19:44:53 -0400] "GET /la-personnalisation-des-nappes-avec-logo-pour-le-salon-un-element-distinctif/feed/ HTTP/1.1" 404 1251 "-" "Mozilla/5.0 (compatible; AhrefsBot/7.0; +http://ahrefs.com/robot/)"
51.89.68.103 - - [02/Apr/2025:19:45:29 -0400] "GET /wp-content/plugins/HelloDollyV2/hello_dolly_v2.php HTTP/1.1" 404 1251 "-" "Mozilla/5.0 (Windows NT 10.0; Win64; x64) AppleWebKit/537.36 (KHTML, like Gecko) Chrome/127.0.0.0 Safari/537.36"
51.89.68.103 - - [02/Apr/2025:19:45:29 -0400] "GET /wp-content/themes/hello_dolly_v2.php HTTP/1.1" 404 1251 "-" "Mozilla/5.0 (Windows NT 10.0; Win64; x64) AppleWebKit/537.36 (KHTML, like Gecko) Chrome/127.0.0.0 Safari/537.36"
112.86.225.184 - - [02/Apr/2025:19:45:32 -0400] "GET / HTTP/1.1" 200 156255 "-" "Sogou web spider/4.0(+http://www.sogou.com/docs/help/webmasters.htm#07)"
51.222.253.4 - - [02/Apr/2025:19:47:39 -0400] "GET /youtube-and-article-directories-for-internet-marketing/feed/ HTTP/1.1" 404 1251 "-" "Mozilla/5.0 (compatible; AhrefsBot/7.0; +http://ahrefs.com/robot/)"
196.251.71.229 - - [02/Apr/2025:19:50:58 -0400] "GET /wp-content/themes/seotheme/db.php?u HTTP/1.1" 404 1251 "www.google.com" "Mozlila/5.0 (Linux; Android 7.0; SM-G892A Bulid/NRD90M; wv) AppleWebKit/537.36 (KHTML, like Gecko) Version/4.0 Chrome/60.0.3112.107 Moblie Safari/537.36"
196.251.71.229 - - [02/Apr/2025:19:50:58 -0400] "POST /wp-plain.php HTTP/1.1" 404 1251 "www.google.com" "Mozilla/5.0 (Linux; Android 7.0; SM-G892A Bulid/NRD90M; wv) AppleWebKit/537.36 (KHTML, like Gecko) Version/4.0 Chrome/60.0.3112.107 Moblie Safari/537.36"
196.251.71.229 - - [02/Apr/2025:19:50:58 -0400] "GET /upgjxdfm.php?Fox=d3wL7 HTTP/1.1" 404 1251 "www.google.com" "Mozilla/5.0 (Linux; Android 7.0; SM-G892A Bulid/NRD90M; wv) AppleWebKit/537.36 (KHTML, like Gecko) Version/4.0 Chrome/60.0.3112.107 Moblie Safari/537.36"
51.222.253.15 - - [02/Apr/2025:19:51:03 -0400] "GET /the-value-of-yugioh-trading-cards/feed/ HTTP/1.1" 404 1251 "-" "Mozilla/5.0 (compatible; AhrefsBot/7.0; +http://ahrefs.com/robot/)"
51.222.253.5 - - [02/Apr/2025:19:54:33 -0400] "GET /discover-your-dream-home-in-sonoma-ca/feed/ HTTP/1.1" 404 1251 "-" "Mozilla/5.0 (compatible; AhrefsBot/7.0; +http://ahrefs.com/robot/)"
107.174.238.254 - - [02/Apr/2025:19:55:38 -0400] "GET /free-sport-betting-tips HTTP/1.1" 404 1251 "-" "Mozilla/5.0 (X11; Linux x86_64) AppleWebKit/537.36 (KHTML, like Gecko) Chrome/114.0.0.0 Safari/537.36 Vivaldi/5.3.2679.68"
107.174.238.254 - - [02/Apr/2025:19:55:39 -0400] "GET / HTTP/1.1" 200 156255 "-" "Mozilla/5.0 (X11; Linux x86_64) AppleWebKit/537.36 (KHTML, like Gecko) Chrome/114.0.0.0 Safari/537.36 Vivaldi/5.3.2679.68"
107.174.238.254 - - [02/Apr/2025:19:55:42 -0400] "GET /dp/B0D3RN5W37?ref=MarsFS_VICC_blinksqm HTTP/1.1" 404 1251 "https://prettechengineering.com" "Mozilla/5.0 (X11; Linux x86_64) AppleWebKit/537.36 (KHTML, like Gecko) Chrome/114.0.0.0 Safari/537.36 Vivaldi/5.3.2679.68"
107.174.238.254 - - [02/Apr/2025:19:55:42 -0400] "GET / HTTP/1.1" 200 156255 "https://prettechengineering.com" "Mozilla/5.0 (X11; Linux x86_64) AppleWebKit/537.36 (KHTML, like Gecko) Chrome/114.0.0.0 Safari/537.36 Vivaldi/5.3.2679.68"
51.222.253.9 - - [02/Apr/2025:19:57:55 -0400] "GET /betting-shops/feed/ HTTP/1.1" 404 1251 "-" "Mozilla/5.0 (compatible; AhrefsBot/7.0; +http://ahrefs.com/robot/)"
198.54.114.83 - - [02/Apr/2025:20:00:23 -0400] "POST /wp-cron.php?doing_wp_cron=1743638423.0552239418029785156250 HTTP/1.1" 200 0 "-" "WordPress/6.7.1; https://prettechengineering.com"
172.232.169.92 - - [02/Apr/2025:20:00:19 -0400] "GET /wp-login.php HTTP/1.1" 200 1922 "-" "ReactorNetty/1.2.3"
198.54.114.83 - - [02/Apr/2025:20:00:23 -0400] "POST /wp-admin/admin-ajax.php?action=async_litespeed&nonce=HVBxJmNSaT8GYPlJmIUAussLcZ4dHWdm&litespeed_type=imgoptm HTTP/1.1" 200 5 "-" "WordPress/6.7.1; https://prettechengineering.com"
51.222.253.6 - - [02/Apr/2025:20:00:39 -0400] "GET /category/how-to/feed/ HTTP/1.1" 404 1251 "-" "Mozilla/5.0 (compatible; AhrefsBot/7.0; +http://ahrefs.com/robot/)"
98.85.3.114 - - [02/Apr/2025:20:00:47 -0400] "GET /water-soluble-bag-manufacturers/ HTTP/1.1" 404 1251 "-" "Grammarly/1.0 (http://www.grammarly.com)"
172.232.169.92 - - [02/Apr/2025:20:00:55 -0400] "GET /wp-login.php HTTP/1.1" 200 1922 "-" "ReactorNetty/1.2.3"
172.232.169.92 - - [02/Apr/2025:20:01:26 -0400] "GET /wp-login.php HTTP/1.1" 200 1922 "-" "ReactorNetty/1.2.3"
172.232.169.92 - - [02/Apr/2025:20:01:58 -0400] "GET /wp-login.php HTTP/1.1" 200 1922 "-" "ReactorNetty/1.2.3"
212.34.147.142 - - [02/Apr/2025:20:02:21 -0400] "GET /womens-gambling/ HTTP/1.1" 404 1251 "https://prettechengineering.com/womens-gambling/" "Mozilla/5.0 (Windows NT 10.0; Win64; x64) AppleWebKit/537.36 (KHTML, like Gecko) Chrome/130.0.0.0 Safari/537.36 CCleaner/130.0.0.0"
212.34.147.142 - - [02/Apr/2025:20:02:21 -0400] "GET / HTTP/1.1" 200 156255 "https://prettechengineering.com/" "Mozilla/5.0 (Windows NT 10.0; Win64; x64) AppleWebKit/537.36 (KHTML, like Gecko) Chrome/130.0.0.0 Safari/537.36 CCleaner/130.0.0.0"
122.8.187.24 - - [02/Apr/2025:20:02:31 -0400] "GET /category/activity/page/28/ HTTP/1.1" 404 1251 "https://prettechengineering.com/category/activity/page/28/" "Mozilla/5.0 (Macintosh; Intel Mac OS X 10_15_7) AppleWebKit/537.36 (KHTML, like Gecko) Chrome/120.0.0.0 Safari/537.36"
51.222.253.20 - - [02/Apr/2025:20:03:34 -0400] "GET /learn-to-master-the-online-casino-poker/feed/ HTTP/1.1" 404 1251 "-" "Mozilla/5.0 (compatible; AhrefsBot/7.0; +http://ahrefs.com/robot/)"
91.84.100.21 - - [02/Apr/2025:20:04:39 -0400] "GET /womens-gambling/ HTTP/1.1" 404 1251 "https://prettechengineering.com/womens-gambling/" "Mozilla/5.0 (Windows NT 10.0; Win64; x64) AppleWebKit/537.36 (KHTML, like Gecko) Chrome/131.0.0.0 Safari/537.36 Avast/131.0.0.0"
91.84.100.21 - - [02/Apr/2025:20:04:40 -0400] "GET / HTTP/1.1" 200 156255 "https://prettechengineering.com/" "Mozilla/5.0 (Windows NT 10.0; Win64; x64) AppleWebKit/537.36 (KHTML, like Gecko) Chrome/131.0.0.0 Safari/537.36 Avast/131.0.0.0"
51.222.253.2 - - [02/Apr/2025:20:06:03 -0400] "GET /how-to-turn-off-safe-search-on-iphone/feed/ HTTP/1.1" 404 1251 "-" "Mozilla/5.0 (compatible; AhrefsBot/7.0; +http://ahrefs.com/robot/)"
51.222.253.10 - - [02/Apr/2025:20:08:17 -0400] "GET /dentist-near-me-how-to-find-a-dentist-that-meets-your-needs/feed/ HTTP/1.1" 404 1251 "-" "Mozilla/5.0 (compatible; AhrefsBot/7.0; +http://ahrefs.com/robot/)"
77.238.251.212 - - [02/Apr/2025:20:08:40 -0400] "GET /womens-gambling/ HTTP/1.1" 404 1251 "https://prettechengineering.com/womens-gambling/" "Mozilla/5.0 (Windows NT 10.0; Win64; x64) AppleWebKit/537.36 (KHTML, like Gecko) Chrome/130.0.0.0 Safari/537.36"
77.238.251.212 - - [02/Apr/2025:20:08:41 -0400] "GET / HTTP/1.1" 200 156255 "https://prettechengineering.com/" "Mozilla/5.0 (Windows NT 10.0; Win64; x64) AppleWebKit/537.36 (KHTML, like Gecko) Chrome/130.0.0.0 Safari/537.36"
151.106.162.202 - - [02/Apr/2025:20:08:43 -0400] "GET /wp-content/uploads/2023/11/How-to-See-Blocked-Accounts-on-Instagram.jpeg HTTP/1.1" 200 9579 "-" "Mozilla/5.0 (X11; Ubuntu; Linux x86_64; rv:72.0) Gecko/20100101 Firefox/72.0"
51.222.253.14 - - [02/Apr/2025:20:11:10 -0400] "GET /ivf-clinic-sharjah/feed/ HTTP/1.1" 404 1251 "-" "Mozilla/5.0 (compatible; AhrefsBot/7.0; +http://ahrefs.com/robot/)"
98.85.3.114 - - [02/Apr/2025:20:11:17 -0400] "GET /water-soluble-bag-manufacturers/ HTTP/1.1" 404 1251 "-" "Grammarly/1.0 (http://www.grammarly.com)"
51.222.253.18 - - [02/Apr/2025:20:13:59 -0400] "GET /how-to-do-front-flash-on-tiktok/feed/ HTTP/1.1" 404 1251 "-" "Mozilla/5.0 (compatible; AhrefsBot/7.0; +http://ahrefs.com/robot/)"
129.226.128.49 - - [02/Apr/2025:20:14:50 -0400] "GET /ford-bronco-hard-tire-cover-review/ HTTP/1.1" 404 1251 "-" "Python/3.10 aiohttp/3.10.5"
51.222.253.19 - - [02/Apr/2025:20:16:47 -0400] "GET /top-heroes-of-watcher-of-realms/feed/ HTTP/1.1" 404 1251 "-" "Mozilla/5.0 (compatible; AhrefsBot/7.0; +http://ahrefs.com/robot/)"
51.222.253.10 - - [02/Apr/2025:20:19:14 -0400] "GET /taxbuddy-your-companion-in-navigating-tax-regimes/feed/ HTTP/1.1" 404 1251 "-" "Mozilla/5.0 (compatible; AhrefsBot/7.0; +http://ahrefs.com/robot/)"
51.222.253.14 - - [02/Apr/2025:20:21:45 -0400] "GET /a-journey-through-history-and-remembrance/feed/ HTTP/1.1" 404 1251 "-" "Mozilla/5.0 (compatible; AhrefsBot/7.0; +http://ahrefs.com/robot/)"
51.222.253.13 - - [02/Apr/2025:20:24:27 -0400] "GET /crafting-unforgettable-moments/feed/ HTTP/1.1" 404 1251 "-" "Mozilla/5.0 (compatible; AhrefsBot/7.0; +http://ahrefs.com/robot/)"
40.77.167.9 - - [02/Apr/2025:20:24:57 -0400] "GET /fortnite-epikwhale-cup-date-and-time-tournament-format-scoring-system-prize-distribution-how-to-register-and-more HTTP/1.1" 404 1251 "-" "Mozilla/5.0 AppleWebKit/537.36 (KHTML, like Gecko; compatible; bingbot/2.0; +http://www.bing.com/bingbot.htm) Chrome/116.0.1938.76 Safari/537.36"
51.222.253.13 - - [02/Apr/2025:20:27:04 -0400] "GET /a-comprehensive-guide/feed/ HTTP/1.1" 404 1251 "-" "Mozilla/5.0 (compatible; AhrefsBot/7.0; +http://ahrefs.com/robot/)"
51.222.253.19 - - [02/Apr/2025:20:29:15 -0400] "GET /how-to-pick-lottery-numbers-the-right-way-the-wrong-to-pick-winning-lottery-tickets/feed/ HTTP/1.1" 404 1251 "-" "Mozilla/5.0 (compatible; AhrefsBot/7.0; +http://ahrefs.com/robot/)"
51.222.253.9 - - [02/Apr/2025:20:31:41 -0400] "GET /choosing-the-right-kitchen-cabinet-manufacturer-for-your-home/feed/ HTTP/1.1" 404 1251 "-" "Mozilla/5.0 (compatible; AhrefsBot/7.0; +http://ahrefs.com/robot/)"
54.204.237.175 - - [02/Apr/2025:20:32:16 -0400] "GET /water-soluble-bag-manufacturers/ HTTP/1.1" 404 1251 "-" "Grammarly/1.0 (http://www.grammarly.com)"
51.222.253.12 - - [02/Apr/2025:20:34:17 -0400] "GET /the-future-of-gpu-cloud-services/feed/ HTTP/1.1" 404 1251 "-" "Mozilla/5.0 (compatible; AhrefsBot/7.0; +http://ahrefs.com/robot/)"
34.83.238.29 - - [02/Apr/2025:20:34:47 -0400] "GET /strategies-for-increasing-youtube-views/ HTTP/1.1" 404 1251 "-" "Mozilla/5.0 (Macintosh; Intel Mac OS X 10_15_7) AppleWebKit/605.1.15 (KHTML, like Gecko) Version/17.0 Safari/605.1.15"
51.222.253.15 - - [02/Apr/2025:20:36:47 -0400] "GET /a-modern-gamble/feed/ HTTP/1.1" 404 1251 "-" "Mozilla/5.0 (compatible; AhrefsBot/7.0; +http://ahrefs.com/robot/)"
34.169.216.138 - - [02/Apr/2025:20:38:05 -0400] "GET /how-to-get-more-youtube-live-stream-views/ HTTP/1.1" 404 1251 "-" "Mozilla/5.0 (Macintosh; Intel Mac OS X 10.15; rv:109.0) Gecko/20100101 Firefox/116.0"
3.145.168.157 - - [02/Apr/2025:20:39:08 -0400] "GET /robots.txt HTTP/1.1" 304 0 "-" "Mozilla/5.0 AppleWebKit/537.36 (KHTML, like Gecko; compatible; ClaudeBot/1.0; +claudebot@anthropic.com)"
3.145.168.157 - - [02/Apr/2025:20:39:08 -0400] "GET /mindfulness-exercises-to-help-you-be-more-present HTTP/1.1" 404 1251 "-" "Mozilla/5.0 AppleWebKit/537.36 (KHTML, like Gecko; compatible; ClaudeBot/1.0; +claudebot@anthropic.com)"
51.222.253.7 - - [02/Apr/2025:20:39:23 -0400] "GET /the-importance-of-hiring-a-drunk-driving-lawyer/feed/ HTTP/1.1" 404 1251 "-" "Mozilla/5.0 (compatible; AhrefsBot/7.0; +http://ahrefs.com/robot/)"
52.167.144.173 - - [02/Apr/2025:20:41:05 -0400] "GET /how-to-add-worlds-2020-schedule-to-google-calendar HTTP/1.1" 404 1251 "-" "Mozilla/5.0 AppleWebKit/537.36 (KHTML, like Gecko; compatible; bingbot/2.0; +http://www.bing.com/bingbot.htm) Chrome/116.0.1938.76 Safari/537.36"
51.222.253.5 - - [02/Apr/2025:20:41:51 -0400] "GET /fertility-clinics-in-dubai/feed/ HTTP/1.1" 404 1251 "-" "Mozilla/5.0 (compatible; AhrefsBot/7.0; +http://ahrefs.com/robot/)"
54.204.237.175 - - [02/Apr/2025:20:42:25 -0400] "GET /water-soluble-bag-manufacturers/ HTTP/1.1" 404 1251 "-" "Grammarly/1.0 (http://www.grammarly.com)"
51.222.253.11 - - [02/Apr/2025:20:44:32 -0400] "GET /la-publicite-par-drapeaux-une-strategie-visuelle-efficace/feed/ HTTP/1.1" 404 1251 "-" "Mozilla/5.0 (compatible; AhrefsBot/7.0; +http://ahrefs.com/robot/)"
51.222.253.4 - - [02/Apr/2025:20:46:50 -0400] "GET /navigating-the-complexities-of-ai-gpu-pricing-and-availability/feed/ HTTP/1.1" 404 1251 "-" "Mozilla/5.0 (compatible; AhrefsBot/7.0; +http://ahrefs.com/robot/)"
51.222.253.3 - - [02/Apr/2025:20:49:34 -0400] "GET /xbox-game-refunds/feed/ HTTP/1.1" 404 1251 "-" "Mozilla/5.0 (compatible; AhrefsBot/7.0; +http://ahrefs.com/robot/)"
51.222.253.16 - - [02/Apr/2025:20:52:05 -0400] "GET /free-music-for-your-ipod/feed/ HTTP/1.1" 404 1251 "-" "Mozilla/5.0 (compatible; AhrefsBot/7.0; +http://ahrefs.com/robot/)"
51.222.253.20 - - [02/Apr/2025:20:54:32 -0400] "GET /soft-custom-fuzzy-socks/feed/ HTTP/1.1" 404 1251 "-" "Mozilla/5.0 (compatible; AhrefsBot/7.0; +http://ahrefs.com/robot/)"
125.209.235.173 - - [02/Apr/2025:20:56:46 -0400] "GET /robots.txt HTTP/1.1" 200 23 "-" "Mozilla/5.0 (Windows NT 10.0; Win64; x64) AppleWebKit/537.36 (KHTML, like Gecko; compatible; Yeti/1.1; +https://naver.me/spd) Chrome/127.0.0.0 Safari/537.36"
211.249.46.47 - - [02/Apr/2025:20:56:48 -0400] "GET / HTTP/1.1" 200 156255 "-" "Mozilla/5.0 (Windows NT 10.0; Win64; x64) AppleWebKit/537.36 (KHTML, like Gecko; compatible; Yeti/1.1; +https://naver.me/spd) Chrome/127.0.0.0 Safari/537.36"
51.222.253.14 - - [02/Apr/2025:20:57:03 -0400] "GET /how-to-turn-off-screen-mirroring-on-iphone-11/feed/ HTTP/1.1" 404 1251 "-" "Mozilla/5.0 (compatible; AhrefsBot/7.0; +http://ahrefs.com/robot/)"
34.169.216.138 - - [02/Apr/2025:20:57:29 -0400] "GET /how-to-get-more-youtube-live-stream-views/ HTTP/1.1" 404 1251 "-" "Mozilla/5.0 (Windows NT 10.0; Win64; x64) AppleWebKit/537.36 (KHTML, like Gecko) Chrome/123.0.0.0 Safari/537.36"
114.111.32.175 - - [02/Apr/2025:20:58:32 -0400] "GET /favicon.ico HTTP/1.1" 404 1251 "-" "Mozilla/5.0 (Windows NT 10.0; Win64; x64) AppleWebKit/537.36 (KHTML, like Gecko; compatible; Yeti/1.1; +https://naver.me/spd) Chrome/127.0.0.0 Safari/537.36"
51.222.253.16 - - [02/Apr/2025:20:59:26 -0400] "GET /finding-the-perfect-prescription-glasses-online/feed/ HTTP/1.1" 404 1251 "-" "Mozilla/5.0 (compatible; AhrefsBot/7.0; +http://ahrefs.com/robot/)"
