110.249.202.59 - - [01/Apr/2025:16:33:08 -0400] "GET /gp/profile/amzn1.account.AFXQP46YJ2XUKR4MYZFNG3H2CXBQ/ref=cm_cr_dp_d_gw_tr?ie=UTF8 HTTP/1.1" 404 1251 "-" "Mozilla/5.0 (Linux; Android 5.0) AppleWebKit/537.36 (KHTML, like Gecko) Mobile Safari/537.36 (compatible; Bytespider; https://zhanzhang.toutiao.com/)"
51.222.253.12 - - [01/Apr/2025:16:33:42 -0400] "GET /psilocybin-grow-bags/feed/ HTTP/1.1" 404 1251 "-" "Mozilla/5.0 (compatible; AhrefsBot/7.0; +http://ahrefs.com/robot/)"
154.220.77.226 - - [01/Apr/2025:16:35:10 -0400] "GET /selling-to-smbs/ HTTP/1.1" 404 1251 "-" "Mozilla/5.0 (Macintosh; Intel Mac OS X 10_15_7) AppleWebKit/537.36 (KHTML, like Gecko) Chrome/125.0.0.0 Safari/537.36"
51.222.253.11 - - [01/Apr/2025:16:38:16 -0400] "GET /trade-and-travel-review-is-teri-ijeoma-a-scam/feed/ HTTP/1.1" 404 1251 "-" "Mozilla/5.0 (compatible; AhrefsBot/7.0; +http://ahrefs.com/robot/)"
51.222.253.3 - - [01/Apr/2025:16:42:38 -0400] "GET /team-socks-are-a-must-for-any-sports-team/feed/ HTTP/1.1" 404 1251 "-" "Mozilla/5.0 (compatible; AhrefsBot/7.0; +http://ahrefs.com/robot/)"
51.222.253.11 - - [01/Apr/2025:16:47:24 -0400] "GET /find-the-best-coworking-space-in-singapore/feed/ HTTP/1.1" 404 1251 "-" "Mozilla/5.0 (compatible; AhrefsBot/7.0; +http://ahrefs.com/robot/)"
198.54.114.83 - - [01/Apr/2025:16:51:46 -0400] "POST /wp-cron.php?doing_wp_cron=1743540706.1027441024780273437500 HTTP/1.1" 200 0 "-" "WordPress/6.7.1; https://prettechengineering.com"
3.220.159.34 - - [01/Apr/2025:16:51:41 -0400] "POST /wp-login.php HTTP/1.1" 200 2043 "-" "Mozilla/5.0 (Windows NT 10.0; Win64; x64) AppleWebKit/537.36 (KHTML, like Gecko) Chrome/120.0.0.0 Safari/537.36"
198.54.114.83 - - [01/Apr/2025:16:51:47 -0400] "POST /wp-admin/admin-ajax.php?action=async_litespeed&nonce=YdjduyN8V75lUuKtzxn9bNcU4tSGVwfQ&litespeed_type=imgoptm HTTP/1.1" 200 5 "-" "WordPress/6.7.1; https://prettechengineering.com"
51.222.253.19 - - [01/Apr/2025:16:52:18 -0400] "GET /answering-service-for-small-business/feed/ HTTP/1.1" 404 1251 "-" "Mozilla/5.0 (compatible; AhrefsBot/7.0; +http://ahrefs.com/robot/)"
119.28.53.173 - - [01/Apr/2025:16:52:51 -0400] "GET /buy-youtube-views-online/ HTTP/1.1" 404 1251 "-" "Python/3.10 aiohttp/3.10.5"
198.54.114.83 - - [01/Apr/2025:16:53:32 -0400] "POST /wp-admin/admin-ajax.php?action=async_litespeed&nonce=1iJyUMjQJyXnXulqhC06m43vDW7bapOb&litespeed_type=imgoptm HTTP/1.1" 200 5 "-" "WordPress/6.7.1; https://prettechengineering.com"
51.222.253.15 - - [01/Apr/2025:16:57:17 -0400] "GET /choose-from-a-range-of-options-at-wednesday-addams-costume-shop/feed/ HTTP/1.1" 404 1251 "-" "Mozilla/5.0 (compatible; AhrefsBot/7.0; +http://ahrefs.com/robot/)"
161.142.148.130 - - [01/Apr/2025:17:01:01 -0400] "GET /crafting-your-message-the-art-of-car-lettering/ HTTP/1.1" 404 1251 "-" "Mozilla/5.0 (X11; Fedora; Linux x86_64; rv:114.0) Gecko/20100101 Firefox/114.0"
161.142.148.130 - - [01/Apr/2025:17:01:02 -0400] "GET / HTTP/1.1" 200 156255 "-" "Mozilla/5.0 (X11; Fedora; Linux x86_64; rv:114.0) Gecko/20100101 Firefox/114.0"
161.142.148.130 - - [01/Apr/2025:17:01:05 -0400] "GET /dp/B0D3RN5W37?ref=MarsFS_VICC_blinksqm HTTP/1.1" 404 1251 "https://prettechengineering.com" "Mozilla/5.0 (X11; Fedora; Linux x86_64; rv:114.0) Gecko/20100101 Firefox/114.0"
161.142.148.130 - - [01/Apr/2025:17:01:05 -0400] "GET / HTTP/1.1" 200 156255 "https://prettechengineering.com" "Mozilla/5.0 (X11; Fedora; Linux x86_64; rv:114.0) Gecko/20100101 Firefox/114.0"
58.221.37.82 - - [01/Apr/2025:17:01:16 -0400] "GET / HTTP/1.1" 200 156255 "https://www.google.com/" "Mozilla/5.0 (Linux; Android 10; K) AppleWebKit/537.36 (KHTML, like Gecko) Chrome/132.0.0.0 Mobile Safari/537.36"
40.77.167.9 - - [01/Apr/2025:17:01:48 -0400] "GET /domain-adornments-frequently-classical/ HTTP/1.1" 404 1251 "-" "Mozilla/5.0 AppleWebKit/537.36 (KHTML, like Gecko; compatible; bingbot/2.0; +http://www.bing.com/bingbot.htm) Chrome/116.0.1938.76 Safari/537.36"
4.227.36.70 - - [01/Apr/2025:17:02:17 -0400] "GET /robots.txt HTTP/1.1" 304 0 "-" "Mozilla/5.0 AppleWebKit/537.36 (KHTML, like Gecko; compatible; GPTBot/1.2; +https://openai.com/gptbot)"
51.222.253.18 - - [01/Apr/2025:17:02:20 -0400] "GET /water-soluble-polymer-laundry-bags/feed/ HTTP/1.1" 404 1251 "-" "Mozilla/5.0 (compatible; AhrefsBot/7.0; +http://ahrefs.com/robot/)"
198.54.114.83 - - [01/Apr/2025:17:06:10 -0400] "POST /wp-admin/admin-ajax.php?action=async_litespeed&nonce=i7T5Mo3srRrUAwQYHx4LsSINY6LpHt9s&litespeed_type=imgoptm HTTP/1.1" 200 0 "-" "WordPress/6.7.1; https://prettechengineering.com"
13.229.78.155 - - [01/Apr/2025:17:06:10 -0400] "GET /wp-admin/network/index.php HTTP/1.1" 302 0 "-" "Mozlila/5.0 (Linux; Android 7.0; SM-G892A Bulid/NRD90M; wv) AppleWebKit/537.36 (KHTML, like Gecko) Version/4.0 Chrome/60.0.3112.107 Moblie Safari/537.36"
13.229.78.155 - - [01/Apr/2025:17:06:11 -0400] "GET /wp-login.php?redirect_to=https%3A%2F%2Fprettechengineering.com%2Fwp-admin%2Fnetwork%2Findex.php&reauth=1 HTTP/1.1" 200 1930 "-" "Mozlila/5.0 (Linux; Android 7.0; SM-G892A Bulid/NRD90M; wv) AppleWebKit/537.36 (KHTML, like Gecko) Version/4.0 Chrome/60.0.3112.107 Moblie Safari/537.36"
198.54.114.83 - - [01/Apr/2025:17:06:17 -0400] "POST /wp-admin/admin-ajax.php?action=async_litespeed&nonce=EL2ytDDLOdfnsP86RXTmAhYoPDBV9oTx&litespeed_type=imgoptm HTTP/1.1" 200 5 "-" "WordPress/6.7.1; https://prettechengineering.com"
13.229.78.155 - - [01/Apr/2025:17:06:18 -0400] "GET /wp-login.php HTTP/1.1" 200 1922 "-" "Mozlila/5.0 (Linux; Android 7.0; SM-G892A Bulid/NRD90M; wv) AppleWebKit/537.36 (KHTML, like Gecko) Version/4.0 Chrome/60.0.3112.107 Moblie Safari/537.36"
51.222.253.4 - - [01/Apr/2025:17:07:10 -0400] "GET /vietnam-trip-top-5-things-to-do-on-a-vietnam-trip/feed/ HTTP/1.1" 404 1251 "-" "Mozilla/5.0 (compatible; AhrefsBot/7.0; +http://ahrefs.com/robot/)"
57.129.81.228 - - [01/Apr/2025:17:10:36 -0400] "GET /buy-zaza-red-to-avoid-opioid-withdrawal/ HTTP/1.1" 404 1251 "-" "Mozilla/5.0 (Macintosh; Intel Mac OS X 10_15_7) AppleWebKit/537.36 (KHTML, like Gecko) Chrome/127.0.0 Safari/537.36"
141.94.77.78 - - [01/Apr/2025:17:10:37 -0400] "GET /buy-zaza-red-to-avoid-opioid-withdrawal/ HTTP/1.1" 404 1251 "-" "Mozilla/5.0 (Macintosh; Intel Mac OS X 10_15_7) AppleWebKit/537.36 (KHTML, like Gecko) Chrome/127.0.0 Safari/537.36"
51.222.253.9 - - [01/Apr/2025:17:12:03 -0400] "GET /youtube-premium-is-it-worth-it/feed/ HTTP/1.1" 404 1251 "-" "Mozilla/5.0 (compatible; AhrefsBot/7.0; +http://ahrefs.com/robot/)"
198.54.114.83 - - [01/Apr/2025:17:17:13 -0400] "POST /wp-admin/admin-ajax.php?action=async_litespeed&nonce=oSIReGO6AKvL7I6ORuuR4Sl7zS7e7WQV&litespeed_type=imgoptm HTTP/1.1" 200 5 "-" "WordPress/6.7.1; https://prettechengineering.com"
52.167.144.220 - - [01/Apr/2025:17:17:16 -0400] "GET /respawn-temporarily-turns-off-crafting-from-apex-legends-due-to-a-server-crash-exploit HTTP/1.1" 404 1251 "-" "Mozilla/5.0 AppleWebKit/537.36 (KHTML, like Gecko; compatible; bingbot/2.0; +http://www.bing.com/bingbot.htm) Chrome/116.0.1938.76 Safari/537.36"
13.229.78.155 - - [01/Apr/2025:17:17:33 -0400] "GET / HTTP/1.1" 200 156255 "-" "Mozilla/5.0 (Windows NT 10.0; Win64; x64; rv:122.0) Gecko/20100101 Firefox/122.0"
198.54.114.83 - - [01/Apr/2025:17:17:35 -0400] "POST /wp-cron.php?doing_wp_cron=1743542255.2563939094543457031250 HTTP/1.1" 200 0 "-" "WordPress/6.7.1; https://prettechengineering.com"
13.229.78.155 - - [01/Apr/2025:17:17:35 -0400] "GET /xmlrpc.php HTTP/1.1" 405 46 "-" "Mozilla/5.0 (Windows NT 10.0; Win64; x64; rv:122.0) Gecko/20100101 Firefox/122.0"
198.54.114.83 - - [01/Apr/2025:17:17:35 -0400] "POST /wp-admin/admin-ajax.php?action=async_litespeed&nonce=yPg3puAUawLI647PSOIwz5cmWrlCFEzi&litespeed_type=imgoptm HTTP/1.1" 200 5 "-" "WordPress/6.7.1; https://prettechengineering.com"
13.229.78.155 - - [01/Apr/2025:17:17:36 -0400] "GET /wp-json/wp/v2/users HTTP/1.1" 404 1251 "-" "Mozilla/5.0 (Windows NT 10.0; Win64; x64; rv:122.0) Gecko/20100101 Firefox/122.0"
51.222.253.11 - - [01/Apr/2025:17:17:58 -0400] "GET /sitemap_index.xml HTTP/1.1" 404 1251 "-" "Mozilla/5.0 (compatible; AhrefsBot/7.0; +http://ahrefs.com/robot/)"
13.229.78.155 - - [01/Apr/2025:17:17:37 -0400] "POST /xmlrpc.php HTTP/1.1" 200 0 "-" "python-httpx/0.22.0"
13.229.78.155 - - [01/Apr/2025:17:17:57 -0400] "POST /xmlrpc.php HTTP/1.1" 200 0 "-" "python-httpx/0.22.0"
13.229.78.155 - - [01/Apr/2025:17:18:17 -0400] "POST /xmlrpc.php HTTP/1.1" 200 0 "-" "python-httpx/0.22.0"
13.229.78.155 - - [01/Apr/2025:17:18:37 -0400] "POST /xmlrpc.php HTTP/1.1" 200 0 "-" "python-httpx/0.22.0"
13.229.78.155 - - [01/Apr/2025:17:18:57 -0400] "POST /xmlrpc.php HTTP/1.1" 200 0 "-" "python-httpx/0.22.0"
13.229.78.155 - - [01/Apr/2025:17:19:17 -0400] "POST /xmlrpc.php HTTP/1.1" 200 0 "-" "python-httpx/0.22.0"
13.229.78.155 - - [01/Apr/2025:17:19:37 -0400] "POST /xmlrpc.php HTTP/1.1" 200 0 "-" "python-httpx/0.22.0"
13.229.78.155 - - [01/Apr/2025:17:19:56 -0400] "POST /xmlrpc.php HTTP/1.1" 200 0 "-" "python-httpx/0.22.0"
192.42.116.178 - - [01/Apr/2025:17:20:47 -0400] "GET / HTTP/1.1" 200 156255 "https://prettechengineering.com" "Mozilla/5.0 (Windows NT 6.1; WOW64) AppleWebKit/537.36 (KHTML, like Gecko) Chrome/87.0.4280.60 YaBrowser/20.12.0.966 Yowser/2.5 Safari/537.36"
13.229.78.155 - - [01/Apr/2025:17:20:17 -0400] "POST /xmlrpc.php HTTP/1.1" 200 0 "-" "python-httpx/0.22.0"
51.222.253.5 - - [01/Apr/2025:17:21:11 -0400] "GET /columbia-womens-hiking-boots/feed/ HTTP/1.1" 404 1251 "-" "Mozilla/5.0 (compatible; AhrefsBot/7.0; +http://ahrefs.com/robot/)"
13.229.78.155 - - [01/Apr/2025:17:20:37 -0400] "POST /xmlrpc.php HTTP/1.1" 200 0 "-" "python-httpx/0.22.0"
13.229.78.155 - - [01/Apr/2025:17:20:57 -0400] "POST /xmlrpc.php HTTP/1.1" 200 0 "-" "python-httpx/0.22.0"
13.229.78.155 - - [01/Apr/2025:17:21:17 -0400] "POST /xmlrpc.php HTTP/1.1" 200 0 "-" "python-httpx/0.22.0"
13.229.78.155 - - [01/Apr/2025:17:21:37 -0400] "POST /xmlrpc.php HTTP/1.1" 200 0 "-" "python-httpx/0.22.0"
13.229.78.155 - - [01/Apr/2025:17:21:57 -0400] "POST /xmlrpc.php HTTP/1.1" 200 0 "-" "python-httpx/0.22.0"
13.229.78.155 - - [01/Apr/2025:17:22:17 -0400] "POST /xmlrpc.php HTTP/1.1" 200 0 "-" "python-httpx/0.22.0"
13.229.78.155 - - [01/Apr/2025:17:22:37 -0400] "POST /xmlrpc.php HTTP/1.1" 200 0 "-" "python-httpx/0.22.0"
13.229.78.155 - - [01/Apr/2025:17:22:57 -0400] "POST /xmlrpc.php HTTP/1.1" 200 0 "-" "python-httpx/0.22.0"
13.229.78.155 - - [01/Apr/2025:17:23:17 -0400] "POST /xmlrpc.php HTTP/1.1" 200 0 "-" "python-httpx/0.22.0"
51.222.253.2 - - [01/Apr/2025:17:24:17 -0400] "GET /wholesale-leather-backpacks-tips-for-buying-quality-wholesale-leather-backpacks/feed/ HTTP/1.1" 404 1251 "-" "Mozilla/5.0 (compatible; AhrefsBot/7.0; +http://ahrefs.com/robot/)"
13.229.78.155 - - [01/Apr/2025:17:23:37 -0400] "POST /xmlrpc.php HTTP/1.1" 200 0 "-" "python-httpx/0.22.0"
13.229.78.155 - - [01/Apr/2025:17:23:57 -0400] "POST /xmlrpc.php HTTP/1.1" 200 0 "-" "python-httpx/0.22.0"
13.229.78.155 - - [01/Apr/2025:17:24:18 -0400] "POST /xmlrpc.php HTTP/1.1" 200 0 "-" "python-httpx/0.22.0"
13.229.78.155 - - [01/Apr/2025:17:24:37 -0400] "POST /xmlrpc.php HTTP/1.1" 200 0 "-" "python-httpx/0.22.0"
13.229.78.155 - - [01/Apr/2025:17:24:57 -0400] "POST /xmlrpc.php HTTP/1.1" 200 0 "-" "python-httpx/0.22.0"
13.229.78.155 - - [01/Apr/2025:17:25:17 -0400] "POST /xmlrpc.php HTTP/1.1" 200 0 "-" "python-httpx/0.22.0"
13.229.78.155 - - [01/Apr/2025:17:25:37 -0400] "POST /xmlrpc.php HTTP/1.1" 200 0 "-" "python-httpx/0.22.0"
13.229.78.155 - - [01/Apr/2025:17:25:57 -0400] "POST /xmlrpc.php HTTP/1.1" 200 0 "-" "python-httpx/0.22.0"
13.229.78.155 - - [01/Apr/2025:17:26:18 -0400] "POST /xmlrpc.php HTTP/1.1" 200 0 "-" "python-httpx/0.22.0"
51.222.253.17 - - [01/Apr/2025:17:27:09 -0400] "GET /the-benefits-of-playing-live-casino/feed/ HTTP/1.1" 404 1251 "-" "Mozilla/5.0 (compatible; AhrefsBot/7.0; +http://ahrefs.com/robot/)"
13.229.78.155 - - [01/Apr/2025:17:26:37 -0400] "POST /xmlrpc.php HTTP/1.1" 200 0 "-" "python-httpx/0.22.0"
13.229.78.155 - - [01/Apr/2025:17:26:57 -0400] "POST /xmlrpc.php HTTP/1.1" 200 0 "-" "python-httpx/0.22.0"
13.229.78.155 - - [01/Apr/2025:17:27:17 -0400] "POST /xmlrpc.php HTTP/1.1" 200 0 "-" "python-httpx/0.22.0"
13.229.78.155 - - [01/Apr/2025:17:27:38 -0400] "POST /xmlrpc.php HTTP/1.1" 200 0 "-" "python-httpx/0.22.0"
13.229.78.155 - - [01/Apr/2025:17:27:58 -0400] "POST /xmlrpc.php HTTP/1.1" 200 0 "-" "python-httpx/0.22.0"
13.229.78.155 - - [01/Apr/2025:17:28:18 -0400] "POST /xmlrpc.php HTTP/1.1" 200 0 "-" "python-httpx/0.22.0"
13.229.78.155 - - [01/Apr/2025:17:28:38 -0400] "POST /xmlrpc.php HTTP/1.1" 200 0 "-" "python-httpx/0.22.0"
13.229.78.155 - - [01/Apr/2025:17:28:58 -0400] "POST /xmlrpc.php HTTP/1.1" 200 0 "-" "python-httpx/0.22.0"
51.222.253.4 - - [01/Apr/2025:17:29:46 -0400] "GET /dachdecker-hamburg-harburg/feed/ HTTP/1.1" 404 1251 "-" "Mozilla/5.0 (compatible; AhrefsBot/7.0; +http://ahrefs.com/robot/)"
13.229.78.155 - - [01/Apr/2025:17:29:19 -0400] "POST /xmlrpc.php HTTP/1.1" 200 0 "-" "python-httpx/0.22.0"
13.229.78.155 - - [01/Apr/2025:17:29:39 -0400] "POST /xmlrpc.php HTTP/1.1" 200 0 "-" "python-httpx/0.22.0"
13.229.78.155 - - [01/Apr/2025:17:29:59 -0400] "POST /xmlrpc.php HTTP/1.1" 200 0 "-" "python-httpx/0.22.0"
13.229.78.155 - - [01/Apr/2025:17:30:19 -0400] "POST /xmlrpc.php HTTP/1.1" 200 0 "-" "python-httpx/0.22.0"
13.229.78.155 - - [01/Apr/2025:17:30:39 -0400] "POST /xmlrpc.php HTTP/1.1" 200 0 "-" "python-httpx/0.22.0"
13.229.78.155 - - [01/Apr/2025:17:30:59 -0400] "POST /xmlrpc.php HTTP/1.1" 200 0 "-" "python-httpx/0.22.0"
13.229.78.155 - - [01/Apr/2025:17:31:20 -0400] "POST /xmlrpc.php HTTP/1.1" 200 0 "-" "python-httpx/0.22.0"
51.222.253.15 - - [01/Apr/2025:17:32:14 -0400] "GET /comment-fabriquer-un-tour-de-lit-tresse/feed/ HTTP/1.1" 404 1251 "-" "Mozilla/5.0 (compatible; AhrefsBot/7.0; +http://ahrefs.com/robot/)"
13.229.78.155 - - [01/Apr/2025:17:31:39 -0400] "POST /xmlrpc.php HTTP/1.1" 200 0 "-" "python-httpx/0.22.0"
13.229.78.155 - - [01/Apr/2025:17:32:00 -0400] "POST /xmlrpc.php HTTP/1.1" 200 0 "-" "python-httpx/0.22.0"
13.229.78.155 - - [01/Apr/2025:17:32:20 -0400] "POST /xmlrpc.php HTTP/1.1" 200 0 "-" "python-httpx/0.22.0"
13.229.78.155 - - [01/Apr/2025:17:32:39 -0400] "POST /xmlrpc.php HTTP/1.1" 200 0 "-" "python-httpx/0.22.0"
13.229.78.155 - - [01/Apr/2025:17:32:59 -0400] "POST /xmlrpc.php HTTP/1.1" 200 0 "-" "python-httpx/0.22.0"
13.229.78.155 - - [01/Apr/2025:17:33:20 -0400] "POST /xmlrpc.php HTTP/1.1" 200 0 "-" "python-httpx/0.22.0"
13.229.78.155 - - [01/Apr/2025:17:33:40 -0400] "POST /xmlrpc.php HTTP/1.1" 200 0 "-" "python-httpx/0.22.0"
13.229.78.155 - - [01/Apr/2025:17:34:00 -0400] "POST /xmlrpc.php HTTP/1.1" 200 0 "-" "python-httpx/0.22.0"
51.222.253.12 - - [01/Apr/2025:17:34:40 -0400] "GET /the-benefits-of-online-gambling/feed/ HTTP/1.1" 404 1251 "-" "Mozilla/5.0 (compatible; AhrefsBot/7.0; +http://ahrefs.com/robot/)"
13.229.78.155 - - [01/Apr/2025:17:34:20 -0400] "POST /xmlrpc.php HTTP/1.1" 200 0 "-" "python-httpx/0.22.0"
13.229.78.155 - - [01/Apr/2025:17:34:40 -0400] "POST /xmlrpc.php HTTP/1.1" 200 0 "-" "python-httpx/0.22.0"
13.229.78.155 - - [01/Apr/2025:17:35:00 -0400] "POST /xmlrpc.php HTTP/1.1" 200 0 "-" "python-httpx/0.22.0"
13.229.78.155 - - [01/Apr/2025:17:35:20 -0400] "POST /xmlrpc.php HTTP/1.1" 200 0 "-" "python-httpx/0.22.0"
13.229.78.155 - - [01/Apr/2025:17:35:40 -0400] "POST /xmlrpc.php HTTP/1.1" 200 0 "-" "python-httpx/0.22.0"
13.229.78.155 - - [01/Apr/2025:17:36:00 -0400] "POST /xmlrpc.php HTTP/1.1" 200 0 "-" "python-httpx/0.22.0"
13.229.78.155 - - [01/Apr/2025:17:36:20 -0400] "POST /xmlrpc.php HTTP/1.1" 200 0 "-" "python-httpx/0.22.0"
51.222.253.13 - - [01/Apr/2025:17:37:18 -0400] "GET /what-is-a-bitcoin-mixer/feed/ HTTP/1.1" 404 1251 "-" "Mozilla/5.0 (compatible; AhrefsBot/7.0; +http://ahrefs.com/robot/)"
13.229.78.155 - - [01/Apr/2025:17:36:40 -0400] "POST /xmlrpc.php HTTP/1.1" 200 0 "-" "python-httpx/0.22.0"
13.229.78.155 - - [01/Apr/2025:17:37:00 -0400] "POST /xmlrpc.php HTTP/1.1" 200 0 "-" "python-httpx/0.22.0"
13.229.78.155 - - [01/Apr/2025:17:37:20 -0400] "POST /xmlrpc.php HTTP/1.1" 200 0 "-" "python-httpx/0.22.0"
13.229.78.155 - - [01/Apr/2025:17:37:40 -0400] "POST /xmlrpc.php HTTP/1.1" 200 0 "-" "python-httpx/0.22.0"
13.229.78.155 - - [01/Apr/2025:17:38:00 -0400] "POST /xmlrpc.php HTTP/1.1" 200 0 "-" "python-httpx/0.22.0"
13.229.78.155 - - [01/Apr/2025:17:38:20 -0400] "POST /xmlrpc.php HTTP/1.1" 200 0 "-" "python-httpx/0.22.0"
13.229.78.155 - - [01/Apr/2025:17:38:40 -0400] "POST /xmlrpc.php HTTP/1.1" 200 0 "-" "python-httpx/0.22.0"
51.222.253.11 - - [01/Apr/2025:17:39:39 -0400] "GET /smile-at-home/feed/ HTTP/1.1" 404 1251 "-" "Mozilla/5.0 (compatible; AhrefsBot/7.0; +http://ahrefs.com/robot/)"
13.229.78.155 - - [01/Apr/2025:17:39:00 -0400] "POST /xmlrpc.php HTTP/1.1" 200 0 "-" "python-httpx/0.22.0"
13.229.78.155 - - [01/Apr/2025:17:39:20 -0400] "POST /xmlrpc.php HTTP/1.1" 200 0 "-" "python-httpx/0.22.0"
13.229.78.155 - - [01/Apr/2025:17:39:40 -0400] "POST /xmlrpc.php HTTP/1.1" 200 0 "-" "python-httpx/0.22.0"
13.229.78.155 - - [01/Apr/2025:17:40:00 -0400] "POST /xmlrpc.php HTTP/1.1" 200 0 "-" "python-httpx/0.22.0"
13.229.78.155 - - [01/Apr/2025:17:40:20 -0400] "POST /xmlrpc.php HTTP/1.1" 200 0 "-" "python-httpx/0.22.0"
13.229.78.155 - - [01/Apr/2025:17:40:41 -0400] "POST /xmlrpc.php HTTP/1.1" 200 0 "-" "python-httpx/0.22.0"
198.54.114.83 - - [01/Apr/2025:17:41:21 -0400] "POST /wp-admin/admin-ajax.php?action=async_litespeed&nonce=f5MMgHk2IBrhFLl0GEuvSgALlhyVBbgO&litespeed_type=imgoptm HTTP/1.1" 200 5 "-" "WordPress/6.7.1; https://prettechengineering.com"
13.229.78.155 - - [01/Apr/2025:17:41:00 -0400] "POST /xmlrpc.php HTTP/1.1" 200 0 "-" "python-httpx/0.22.0"
13.229.78.155 - - [01/Apr/2025:17:41:20 -0400] "POST /xmlrpc.php HTTP/1.1" 200 0 "-" "python-httpx/0.22.0"
51.222.253.8 - - [01/Apr/2025:17:42:06 -0400] "GET /playing-bola-tangkas-at-lexusmpo/feed/ HTTP/1.1" 404 1251 "-" "Mozilla/5.0 (compatible; AhrefsBot/7.0; +http://ahrefs.com/robot/)"
13.229.78.155 - - [01/Apr/2025:17:41:40 -0400] "POST /xmlrpc.php HTTP/1.1" 200 0 "-" "python-httpx/0.22.0"
13.229.78.155 - - [01/Apr/2025:17:42:00 -0400] "POST /xmlrpc.php HTTP/1.1" 200 0 "-" "python-httpx/0.22.0"
18.118.140.19 - - [01/Apr/2025:17:42:51 -0400] "GET /robots.txt HTTP/1.1" 304 0 "-" "Mozilla/5.0 AppleWebKit/537.36 (KHTML, like Gecko; compatible; ClaudeBot/1.0; +claudebot@anthropic.com)"
18.118.140.19 - - [01/Apr/2025:17:42:51 -0400] "GET /what-to-look-for-in-a-diamond-painting-shop HTTP/1.1" 404 1251 "-" "Mozilla/5.0 AppleWebKit/537.36 (KHTML, like Gecko; compatible; ClaudeBot/1.0; +claudebot@anthropic.com)"
13.229.78.155 - - [01/Apr/2025:17:42:21 -0400] "POST /xmlrpc.php HTTP/1.1" 200 0 "-" "python-httpx/0.22.0"
13.229.78.155 - - [01/Apr/2025:17:42:40 -0400] "POST /xmlrpc.php HTTP/1.1" 200 0 "-" "python-httpx/0.22.0"
13.229.78.155 - - [01/Apr/2025:17:43:01 -0400] "POST /xmlrpc.php HTTP/1.1" 200 0 "-" "python-httpx/0.22.0"
13.229.78.155 - - [01/Apr/2025:17:43:21 -0400] "POST /xmlrpc.php HTTP/1.1" 200 0 "-" "python-httpx/0.22.0"
13.229.78.155 - - [01/Apr/2025:17:43:41 -0400] "POST /xmlrpc.php HTTP/1.1" 200 0 "-" "python-httpx/0.22.0"
51.222.253.5 - - [01/Apr/2025:17:44:22 -0400] "GET /quest-ce-quune-pantoufle-lapin/feed/ HTTP/1.1" 404 1251 "-" "Mozilla/5.0 (compatible; AhrefsBot/7.0; +http://ahrefs.com/robot/)"
13.229.78.155 - - [01/Apr/2025:17:44:01 -0400] "POST /xmlrpc.php HTTP/1.1" 200 0 "-" "python-httpx/0.22.0"
13.229.78.155 - - [01/Apr/2025:17:44:21 -0400] "POST /xmlrpc.php HTTP/1.1" 200 0 "-" "python-httpx/0.22.0"
13.229.78.155 - - [01/Apr/2025:17:44:41 -0400] "POST /xmlrpc.php HTTP/1.1" 200 0 "-" "python-httpx/0.22.0"
13.229.78.155 - - [01/Apr/2025:17:45:01 -0400] "POST /xmlrpc.php HTTP/1.1" 200 0 "-" "python-httpx/0.22.0"
13.229.78.155 - - [01/Apr/2025:17:45:21 -0400] "POST /xmlrpc.php HTTP/1.1" 200 0 "-" "python-httpx/0.22.0"
13.229.78.155 - - [01/Apr/2025:17:45:41 -0400] "POST /xmlrpc.php HTTP/1.1" 200 0 "-" "python-httpx/0.22.0"
13.229.78.155 - - [01/Apr/2025:17:46:01 -0400] "POST /xmlrpc.php HTTP/1.1" 200 0 "-" "python-httpx/0.22.0"
51.222.253.5 - - [01/Apr/2025:17:46:52 -0400] "GET /travelers-guide-to-avoiding-bed-bugs/feed/ HTTP/1.1" 404 1251 "-" "Mozilla/5.0 (compatible; AhrefsBot/7.0; +http://ahrefs.com/robot/)"
13.229.78.155 - - [01/Apr/2025:17:46:21 -0400] "POST /xmlrpc.php HTTP/1.1" 200 0 "-" "python-httpx/0.22.0"
13.229.78.155 - - [01/Apr/2025:17:46:41 -0400] "POST /xmlrpc.php HTTP/1.1" 200 0 "-" "python-httpx/0.22.0"
13.229.78.155 - - [01/Apr/2025:17:47:02 -0400] "POST /xmlrpc.php HTTP/1.1" 200 0 "-" "python-httpx/0.22.0"
13.229.78.155 - - [01/Apr/2025:17:47:21 -0400] "POST /xmlrpc.php HTTP/1.1" 200 0 "-" "python-httpx/0.22.0"
13.229.78.155 - - [01/Apr/2025:17:47:41 -0400] "POST /xmlrpc.php HTTP/1.1" 200 0 "-" "python-httpx/0.22.0"
13.229.78.155 - - [01/Apr/2025:17:48:01 -0400] "POST /xmlrpc.php HTTP/1.1" 200 0 "-" "python-httpx/0.22.0"
13.229.78.155 - - [01/Apr/2025:17:48:23 -0400] "POST /xmlrpc.php HTTP/1.1" 200 0 "-" "python-httpx/0.22.0"
51.222.253.14 - - [01/Apr/2025:17:49:18 -0400] "GET /modern-interior-doors-florida/feed/ HTTP/1.1" 404 1251 "-" "Mozilla/5.0 (compatible; AhrefsBot/7.0; +http://ahrefs.com/robot/)"
13.229.78.155 - - [01/Apr/2025:17:48:43 -0400] "POST /xmlrpc.php HTTP/1.1" 200 0 "-" "python-httpx/0.22.0"
13.229.78.155 - - [01/Apr/2025:17:49:03 -0400] "POST /xmlrpc.php HTTP/1.1" 200 0 "-" "python-httpx/0.22.0"
13.229.78.155 - - [01/Apr/2025:17:49:23 -0400] "POST /xmlrpc.php HTTP/1.1" 200 0 "-" "python-httpx/0.22.0"
13.229.78.155 - - [01/Apr/2025:17:49:43 -0400] "POST /xmlrpc.php HTTP/1.1" 200 0 "-" "python-httpx/0.22.0"
13.229.78.155 - - [01/Apr/2025:17:50:05 -0400] "POST /xmlrpc.php HTTP/1.1" 200 0 "-" "python-httpx/0.22.0"
51.222.253.15 - - [01/Apr/2025:17:51:50 -0400] "GET /how-to-find-the-best-german-lessons/feed/ HTTP/1.1" 404 1251 "-" "Mozilla/5.0 (compatible; AhrefsBot/7.0; +http://ahrefs.com/robot/)"
51.222.253.5 - - [01/Apr/2025:17:54:15 -0400] "GET /choosing-the-perfect-baby-boy-name/feed/ HTTP/1.1" 404 1251 "-" "Mozilla/5.0 (compatible; AhrefsBot/7.0; +http://ahrefs.com/robot/)"
51.222.253.15 - - [01/Apr/2025:17:56:54 -0400] "GET /how-to-troubleshoot-a-norcold-refrigerator/feed/ HTTP/1.1" 404 1251 "-" "Mozilla/5.0 (compatible; AhrefsBot/7.0; +http://ahrefs.com/robot/)"
51.222.253.3 - - [01/Apr/2025:17:59:35 -0400] "GET /online-blumen/feed/ HTTP/1.1" 404 1251 "-" "Mozilla/5.0 (compatible; AhrefsBot/7.0; +http://ahrefs.com/robot/)"
51.222.253.12 - - [01/Apr/2025:18:01:50 -0400] "GET /discovering-dubai-osteopathy/feed/ HTTP/1.1" 404 1251 "-" "Mozilla/5.0 (compatible; AhrefsBot/7.0; +http://ahrefs.com/robot/)"
51.222.253.4 - - [01/Apr/2025:18:04:21 -0400] "GET /so-verhindern-sie-dass-ihnen-angstattacken-passieren/feed/ HTTP/1.1" 404 1251 "-" "Mozilla/5.0 (compatible; AhrefsBot/7.0; +http://ahrefs.com/robot/)"
52.167.144.233 - - [01/Apr/2025:18:05:21 -0400] "GET /index.php/Search/Index/index.html HTTP/1.1" 404 1251 "-" "Mozilla/5.0 AppleWebKit/537.36 (KHTML, like Gecko; compatible; bingbot/2.0; +http://www.bing.com/bingbot.htm) Chrome/116.0.1938.76 Safari/537.36"
198.54.114.83 - - [01/Apr/2025:18:05:31 -0400] "POST /wp-admin/admin-ajax.php?action=async_litespeed&nonce=ODStQGVsHKUMDb9zBO3iP8lfV40L3aud&litespeed_type=imgoptm HTTP/1.1" 200 5 "-" "WordPress/6.7.1; https://prettechengineering.com"
51.222.253.20 - - [01/Apr/2025:18:07:02 -0400] "GET /audit-engagement-letter-sample/feed/ HTTP/1.1" 404 1251 "-" "Mozilla/5.0 (compatible; AhrefsBot/7.0; +http://ahrefs.com/robot/)"
51.222.253.10 - - [01/Apr/2025:18:09:29 -0400] "GET /achetez-des-boites-dhuile-de-cannabis-personnalisees-et-des-emballages-dhuile-de-cbd-avec-20-de-reduction-aux-etats-unis/feed/ HTTP/1.1" 404 1251 "-" "Mozilla/5.0 (compatible; AhrefsBot/7.0; +http://ahrefs.com/robot/)"
51.222.253.1 - - [01/Apr/2025:18:12:02 -0400] "GET /online-casinos-a-revolution-in-the-gambling-industry/feed/ HTTP/1.1" 404 1251 "-" "Mozilla/5.0 (compatible; AhrefsBot/7.0; +http://ahrefs.com/robot/)"
51.222.253.10 - - [01/Apr/2025:18:14:38 -0400] "GET /cache-level-3-courses-a-great-option-for-those-looking-to-pursue-a-career-in-childcare-and-education/feed/ HTTP/1.1" 404 1251 "-" "Mozilla/5.0 (compatible; AhrefsBot/7.0; +http://ahrefs.com/robot/)"
51.222.253.8 - - [01/Apr/2025:18:17:11 -0400] "GET /what-is-entrepreneur-mentorship/feed/ HTTP/1.1" 404 1251 "-" "Mozilla/5.0 (compatible; AhrefsBot/7.0; +http://ahrefs.com/robot/)"
51.222.253.16 - - [01/Apr/2025:18:19:46 -0400] "GET /medical-and-recreational-uses-of-cannabis/feed/ HTTP/1.1" 404 1251 "-" "Mozilla/5.0 (compatible; AhrefsBot/7.0; +http://ahrefs.com/robot/)"
47.82.10.19 - - [01/Apr/2025:18:20:07 -0400] "GET /wp-admin/js/password-strength-meter.min.js HTTP/1.1" 200 558 "-" "Mozilla/5.0 (Windows NT 10.0; Win64; x64) AppleWebKit/537.36 (KHTML, like Gecko) Chrome/114.0.0.0 Safari/537.36 Edg/114.0.1823.43"
51.222.253.20 - - [01/Apr/2025:18:22:11 -0400] "GET /article-about-spartan-tool-houston/feed/ HTTP/1.1" 404 1251 "-" "Mozilla/5.0 (compatible; AhrefsBot/7.0; +http://ahrefs.com/robot/)"
47.79.98.204 - - [01/Apr/2025:18:23:50 -0400] "GET /wp-includes/js/wp-util.min.js HTTP/1.1" 200 690 "-" "Mozilla/5.0 (Windows NT 10.0; Win64; x64) AppleWebKit/537.36 (KHTML, like Gecko) Chrome/114.0.0.0 Safari/537.36 Edg/114.0.1823.43"
51.222.253.2 - - [01/Apr/2025:18:24:30 -0400] "GET /quelques-conseils-pour-trouver-un-photographe-parfait-pour-la-photographie-de-mariage-a-destination/feed/ HTTP/1.1" 404 1251 "-" "Mozilla/5.0 (compatible; AhrefsBot/7.0; +http://ahrefs.com/robot/)"
47.82.9.8 - - [01/Apr/2025:18:26:06 -0400] "GET /wp-includes/js/dist/a11y.min.js HTTP/1.1" 200 827 "-" "Mozilla/5.0 (Windows NT 10.0; Win64; x64) AppleWebKit/537.36 (KHTML, like Gecko) Chrome/114.0.0.0 Safari/537.36 Edg/114.0.1823.43"
47.82.9.11 - - [01/Apr/2025:18:26:22 -0400] "GET /wp-includes/js/underscore.min.js HTTP/1.1" 200 7197 "-" "Mozilla/5.0 (Windows NT 10.0; Win64; x64) AppleWebKit/537.36 (KHTML, like Gecko) Chrome/114.0.0.0 Safari/537.36 Edg/114.0.1823.43"
51.222.253.6 - - [01/Apr/2025:18:26:59 -0400] "GET /the-hill-at-one-north/feed/ HTTP/1.1" 404 1251 "-" "Mozilla/5.0 (compatible; AhrefsBot/7.0; +http://ahrefs.com/robot/)"
47.82.10.188 - - [01/Apr/2025:18:28:16 -0400] "GET /wp-admin/js/user-profile.min.js HTTP/1.1" 200 2388 "-" "Mozilla/5.0 (Windows NT 10.0; Win64; x64) AppleWebKit/537.36 (KHTML, like Gecko) Chrome/114.0.0.0 Safari/537.36 Edg/114.0.1823.43"
51.222.253.15 - - [01/Apr/2025:18:29:29 -0400] "GET /vetements-vintage-pour-hommes-conseils-et-idees-de-mode-suggeres/feed/ HTTP/1.1" 404 1251 "-" "Mozilla/5.0 (compatible; AhrefsBot/7.0; +http://ahrefs.com/robot/)"
198.54.114.83 - - [01/Apr/2025:18:29:48 -0400] "POST /wp-admin/admin-ajax.php?action=async_litespeed&nonce=boePAv1DFswKHwL1o7rGR8mGx8s1z5J9&litespeed_type=imgoptm HTTP/1.1" 200 0 "-" "WordPress/6.7.1; https://prettechengineering.com"
185.220.101.86 - - [01/Apr/2025:18:30:44 -0400] "GET / HTTP/1.1" 200 156255 "https://prettechengineering.com" "Mozilla/5.0 (Windows NT 6.1) AppleWebKit/537.36 (KHTML, like Gecko) Chrome/46.0.2490.86 YaBrowser/15.12.1.6475 Yowser/2.5 Safari/537.36"
51.222.253.18 - - [01/Apr/2025:18:32:02 -0400] "GET /my-premium-adapt-2024-comment-obtenir-un-essai-gratuit-dadapt/feed/ HTTP/1.1" 404 1251 "-" "Mozilla/5.0 (compatible; AhrefsBot/7.0; +http://ahrefs.com/robot/)"
47.82.10.250 - - [01/Apr/2025:18:32:05 -0400] "GET /wp-includes/js/dist/dom-ready.min.js HTTP/1.1" 200 275 "-" "Mozilla/5.0 (Windows NT 10.0; Win64; x64) AppleWebKit/537.36 (KHTML, like Gecko) Chrome/114.0.0.0 Safari/537.36 Edg/114.0.1823.43"
47.82.10.224 - - [01/Apr/2025:18:32:16 -0400] "GET /wp-includes/js/comment-reply.min.js HTTP/1.1" 200 1247 "-" "Mozilla/5.0 (Windows NT 10.0; Win64; x64) AppleWebKit/537.36 (KHTML, like Gecko) Chrome/114.0.0.0 Safari/537.36 Edg/114.0.1823.43"
51.222.253.14 - - [01/Apr/2025:18:34:18 -0400] "GET /things-to-keep-in-mind-before-you-buy-tiktok-share/feed/ HTTP/1.1" 404 1251 "-" "Mozilla/5.0 (compatible; AhrefsBot/7.0; +http://ahrefs.com/robot/)"
51.222.253.17 - - [01/Apr/2025:18:36:39 -0400] "GET /das-katana-schwert/feed/ HTTP/1.1" 404 1251 "-" "Mozilla/5.0 (compatible; AhrefsBot/7.0; +http://ahrefs.com/robot/)"
47.82.9.13 - - [01/Apr/2025:18:37:11 -0400] "GET /wp-includes/js/dist/i18n.min.js HTTP/1.1" 200 3542 "-" "Mozilla/5.0 (Windows NT 10.0; Win64; x64) AppleWebKit/537.36 (KHTML, like Gecko) Chrome/114.0.0.0 Safari/537.36 Edg/114.0.1823.43"
51.222.253.7 - - [01/Apr/2025:18:39:20 -0400] "GET /the-benefits-and-drawbacks-of-pex-pipe/feed/ HTTP/1.1" 404 1251 "-" "Mozilla/5.0 (compatible; AhrefsBot/7.0; +http://ahrefs.com/robot/)"
51.222.253.5 - - [01/Apr/2025:18:41:42 -0400] "GET /empowering-financial-wellness-the-kik-calculator-for-self-insured-individuals/feed/ HTTP/1.1" 404 1251 "-" "Mozilla/5.0 (compatible; AhrefsBot/7.0; +http://ahrefs.com/robot/)"
47.82.10.201 - - [01/Apr/2025:18:42:37 -0400] "GET /wp-admin/load-scripts.php HTTP/1.1" 200 0 "-" "Mozilla/5.0 (Windows NT 10.0; Win64; x64) AppleWebKit/537.36 (KHTML, like Gecko) Chrome/114.0.0.0 Safari/537.36 Edg/114.0.1823.43"
51.222.253.14 - - [01/Apr/2025:18:44:06 -0400] "GET /how-to-get-medical-marijuana-certification/feed/ HTTP/1.1" 404 1251 "-" "Mozilla/5.0 (compatible; AhrefsBot/7.0; +http://ahrefs.com/robot/)"
107.189.3.148 - - [01/Apr/2025:18:44:49 -0400] "GET / HTTP/1.1" 200 156255 "https://prettechengineering.com" "Mozilla/5.0 (Windows NT 6.1; rv:24.0) Gecko/20100101 Firefox/24.0"
47.82.9.41 - - [01/Apr/2025:18:45:33 -0400] "GET /wp-content/themes/petite-stories/js/script.js HTTP/1.1" 200 1300 "-" "Mozilla/5.0 (Windows NT 10.0; Win64; x64) AppleWebKit/537.36 (KHTML, like Gecko) Chrome/114.0.0.0 Safari/537.36 Edg/114.0.1823.43"
51.222.253.12 - - [01/Apr/2025:18:46:50 -0400] "GET /good-hiking-boots/feed/ HTTP/1.1" 404 1251 "-" "Mozilla/5.0 (compatible; AhrefsBot/7.0; +http://ahrefs.com/robot/)"
51.222.253.18 - - [01/Apr/2025:18:49:28 -0400] "GET /choosing-a-wardrobe-for-kitchen/feed/ HTTP/1.1" 404 1251 "-" "Mozilla/5.0 (compatible; AhrefsBot/7.0; +http://ahrefs.com/robot/)"
51.222.253.4 - - [01/Apr/2025:18:51:49 -0400] "GET /experts-at-lawyer-hattingen/feed/ HTTP/1.1" 404 1251 "-" "Mozilla/5.0 (compatible; AhrefsBot/7.0; +http://ahrefs.com/robot/)"
198.54.114.83 - - [01/Apr/2025:18:54:01 -0400] "POST /wp-admin/admin-ajax.php?action=async_litespeed&nonce=iZSw30JChBCw1krpdXb4VsnBdQUEWtgP&litespeed_type=imgoptm HTTP/1.1" 200 0 "-" "WordPress/6.7.1; https://prettechengineering.com"
51.222.253.15 - - [01/Apr/2025:18:54:12 -0400] "GET /coupe-legumes/feed/ HTTP/1.1" 404 1251 "-" "Mozilla/5.0 (compatible; AhrefsBot/7.0; +http://ahrefs.com/robot/)"
51.222.253.9 - - [01/Apr/2025:18:56:52 -0400] "GET /benzimidazole-induces-cell-death-in-stage-4-cancer/feed/ HTTP/1.1" 404 1251 "-" "Mozilla/5.0 (compatible; AhrefsBot/7.0; +http://ahrefs.com/robot/)"
47.79.2.41 - - [01/Apr/2025:18:58:55 -0400] "GET /wp-includes/js/jquery/jquery.min.js HTTP/1.1" 200 29744 "-" "Mozilla/5.0 (Windows NT 10.0; Win64; x64) AppleWebKit/537.36 (KHTML, like Gecko) Chrome/114.0.0.0 Safari/537.36 Edg/114.0.1823.43"
51.222.253.12 - - [01/Apr/2025:18:59:42 -0400] "GET /applications-of-ai-marketing/feed/ HTTP/1.1" 404 1251 "-" "Mozilla/5.0 (compatible; AhrefsBot/7.0; +http://ahrefs.com/robot/)"
47.82.9.48 - - [01/Apr/2025:18:59:49 -0400] "GET /wp-content/themes/petite-stories/js/navigation.js HTTP/1.1" 200 966 "-" "Mozilla/5.0 (Windows NT 10.0; Win64; x64) AppleWebKit/537.36 (KHTML, like Gecko) Chrome/114.0.0.0 Safari/537.36 Edg/114.0.1823.43"
47.82.9.45 - - [01/Apr/2025:19:00:00 -0400] "GET /wp-content/themes/petite-stories/js/skip-link-focus-fix.js HTTP/1.1" 200 358 "-" "Mozilla/5.0 (Windows NT 10.0; Win64; x64) AppleWebKit/537.36 (KHTML, like Gecko) Chrome/114.0.0.0 Safari/537.36 Edg/114.0.1823.43"
47.82.9.10 - - [01/Apr/2025:19:01:12 -0400] "GET /wp-content/themes/petite-stories/js/lib/colcade.js HTTP/1.1" 200 2779 "-" "Mozilla/5.0 (Windows NT 10.0; Win64; x64) AppleWebKit/537.36 (KHTML, like Gecko) Chrome/114.0.0.0 Safari/537.36 Edg/114.0.1823.43"
47.79.98.168 - - [01/Apr/2025:19:01:24 -0400] "GET /wp-content/themes/petite-stories/js/accessibility.js HTTP/1.1" 200 466 "-" "Mozilla/5.0 (Windows NT 10.0; Win64; x64) AppleWebKit/537.36 (KHTML, like Gecko) Chrome/114.0.0.0 Safari/537.36 Edg/114.0.1823.43"
51.222.253.16 - - [01/Apr/2025:19:01:55 -0400] "GET /sideways-thinking-the-ultimate-adwords-resource/feed/ HTTP/1.1" 404 1251 "-" "Mozilla/5.0 (compatible; AhrefsBot/7.0; +http://ahrefs.com/robot/)"
51.222.253.6 - - [01/Apr/2025:19:04:21 -0400] "GET /the-benefits-and-risks-of-electronic-warrants/feed/ HTTP/1.1" 404 1251 "-" "Mozilla/5.0 (compatible; AhrefsBot/7.0; +http://ahrefs.com/robot/)"
47.79.5.207 - - [01/Apr/2025:19:04:23 -0400] "GET /wp-includes/js/jquery/jquery-migrate.min.js HTTP/1.1" 200 4678 "-" "Mozilla/5.0 (Windows NT 10.0; Win64; x64) AppleWebKit/537.36 (KHTML, like Gecko) Chrome/114.0.0.0 Safari/537.36 Edg/114.0.1823.43"
47.79.121.52 - - [01/Apr/2025:19:04:53 -0400] "GET /wp-content/themes/petite-stories/js/colcade-init.js HTTP/1.1" 200 196 "-" "Mozilla/5.0 (Windows NT 10.0; Win64; x64) AppleWebKit/537.36 (KHTML, like Gecko) Chrome/114.0.0.0 Safari/537.36 Edg/114.0.1823.43"
51.222.253.1 - - [01/Apr/2025:19:06:55 -0400] "GET /cabinet-dentaire/feed/ HTTP/1.1" 404 1251 "-" "Mozilla/5.0 (compatible; AhrefsBot/7.0; +http://ahrefs.com/robot/)"
51.222.253.4 - - [01/Apr/2025:19:09:16 -0400] "GET /tips-for-thermal-paste-application/feed/ HTTP/1.1" 404 1251 "-" "Mozilla/5.0 (compatible; AhrefsBot/7.0; +http://ahrefs.com/robot/)"
110.249.202.28 - - [01/Apr/2025:19:11:44 -0400] "GET /robots.txt HTTP/1.1" 304 0 "-" "Mozilla/5.0 (Linux; Android 5.0) AppleWebKit/537.36 (KHTML, like Gecko) Mobile Safari/537.36 (compatible; Bytespider; https://zhanzhang.toutiao.com/)"
51.222.253.5 - - [01/Apr/2025:19:11:58 -0400] "GET /a-kiddush-fountain-adds-a-unique-touch-to-your-shabbat-and-holiday-tables/feed/ HTTP/1.1" 404 1251 "-" "Mozilla/5.0 (compatible; AhrefsBot/7.0; +http://ahrefs.com/robot/)"
14.137.83.219 - - [01/Apr/2025:19:14:11 -0400] "GET / HTTP/1.1" 200 156255 "-" "Mozilla/5.0 (Windows NT 10.0; Win64; x64) AppleWebKit/537.36 (KHTML, like Gecko) Chrome/101.0.4951.64 Safari/537.36 Edg/101.0.1210.47"
198.54.114.83 - - [01/Apr/2025:19:14:20 -0400] "POST /wp-cron.php?doing_wp_cron=1743549260.5988130569458007812500 HTTP/1.1" 200 0 "-" "WordPress/6.7.1; https://prettechengineering.com"
147.45.44.162 - - [01/Apr/2025:19:14:16 -0400] "POST /xmlrpc.php HTTP/1.1" 200 643 "-" "Mozilla/5.0 (Macintosh; Intel Mac OS X 10_15_7) AppleWebKit/605.1.15 (KHTML, like Gecko) Version/15.5 Safari/605.1.15"
198.54.114.83 - - [01/Apr/2025:19:14:21 -0400] "POST /wp-admin/admin-ajax.php?action=async_litespeed&nonce=OfSU03sSRBRA0aZGwghgIdyGVPUfISgH&litespeed_type=imgoptm HTTP/1.1" 200 0 "-" "WordPress/6.7.1; https://prettechengineering.com"
124.168.78.61 - - [01/Apr/2025:19:14:23 -0400] "GET /wp-login.php?wp_lang=en_US HTTP/1.1" 200 1923 "-" "Mozilla/5.0 (Macintosh; Intel Mac OS X 10_15_7) AppleWebKit/605.1.15 (KHTML, like Gecko) Version/17.0 Safari/605.1.15"
51.222.253.13 - - [01/Apr/2025:19:14:25 -0400] "GET /how-to-market-your-voiceover-artist-services/feed/ HTTP/1.1" 404 1251 "-" "Mozilla/5.0 (compatible; AhrefsBot/7.0; +http://ahrefs.com/robot/)"
49.192.203.15 - - [01/Apr/2025:19:14:27 -0400] "POST /wp-login.php?wp_lang=en_US HTTP/1.1" 200 2043 "-" "Mozilla/5.0 (Macintosh; Intel Mac OS X 10_15_7) AppleWebKit/605.1.15 (KHTML, like Gecko) Version/17.0 Safari/605.1.15"
52.167.144.213 - - [01/Apr/2025:19:14:49 -0400] "GET /how-to-sell-photos-on-shutterstock/ HTTP/1.1" 404 1251 "-" "Mozilla/5.0 AppleWebKit/537.36 (KHTML, like Gecko; compatible; bingbot/2.0; +http://www.bing.com/bingbot.htm) Chrome/116.0.1938.76 Safari/537.36"
51.222.253.18 - - [01/Apr/2025:19:17:19 -0400] "GET /choosing-silverware-and-stainless-steel-flatware/feed/ HTTP/1.1" 404 1251 "-" "Mozilla/5.0 (compatible; AhrefsBot/7.0; +http://ahrefs.com/robot/)"
198.54.114.83 - - [01/Apr/2025:19:18:09 -0400] "POST /wp-admin/admin-ajax.php?action=async_litespeed&nonce=w0FS0c8SR3vEMhYr3N5lXxwWb8asekLF&litespeed_type=imgoptm HTTP/1.1" 200 5 "-" "WordPress/6.7.1; https://prettechengineering.com"
51.222.253.8 - - [01/Apr/2025:19:19:44 -0400] "GET /magicien-anniversaire-paris/feed/ HTTP/1.1" 404 1251 "-" "Mozilla/5.0 (compatible; AhrefsBot/7.0; +http://ahrefs.com/robot/)"
43.154.251.2 - - [01/Apr/2025:19:20:07 -0400] "GET /how-to-say-popcorn-in-spanish/ HTTP/1.1" 404 1251 "-" "Python/3.10 aiohttp/3.10.5"
107.152.46.252 - - [01/Apr/2025:19:20:39 -0400] "GET /gold-coast-pressure-washing/ HTTP/1.1" 404 1251 "https://prettechengineering.com/" "Mozilla/5.0 (Linux x86_64; rv:114.0) Gecko/20100101 Firefox/114.0"
107.152.46.252 - - [01/Apr/2025:19:20:39 -0400] "GET / HTTP/1.1" 200 156255 "https://prettechengineering.com" "Mozilla/5.0 (Linux x86_64; rv:114.0) Gecko/20100101 Firefox/114.0"
5.102.173.71 - - [01/Apr/2025:19:21:08 -0400] "GET /robots.txt HTTP/1.1" 200 23 "-" "Mozilla/5.0 (compatible; MojeekBot/0.11; +https://www.mojeek.com/bot.html)"
5.102.173.71 - - [01/Apr/2025:19:21:09 -0400] "GET /xbox-summer-sale-2020-is-now-live HTTP/1.1" 404 1251 "-" "Mozilla/5.0 (compatible; MojeekBot/0.11; +https://www.mojeek.com/bot.html)"
112.86.225.76 - - [01/Apr/2025:19:21:35 -0400] "GET / HTTP/1.1" 200 156255 "-" "Sogou web spider/4.0(+http://www.sogou.com/docs/help/webmasters.htm#07)"
51.222.253.1 - - [01/Apr/2025:19:22:14 -0400] "GET /angel-figurines-manufacturers/feed/ HTTP/1.1" 404 1251 "-" "Mozilla/5.0 (compatible; AhrefsBot/7.0; +http://ahrefs.com/robot/)"
51.222.253.4 - - [01/Apr/2025:19:24:39 -0400] "GET /do-auras-really-exist/feed/ HTTP/1.1" 404 1251 "-" "Mozilla/5.0 (compatible; AhrefsBot/7.0; +http://ahrefs.com/robot/)"
18.191.147.160 - - [01/Apr/2025:19:24:50 -0400] "GET /robots.txt HTTP/1.1" 304 0 "-" "Mozilla/5.0 AppleWebKit/537.36 (KHTML, like Gecko; compatible; ClaudeBot/1.0; +claudebot@anthropic.com)"
18.191.147.160 - - [01/Apr/2025:19:24:50 -0400] "GET /small-business-loans-for-minority-women HTTP/1.1" 404 1251 "-" "Mozilla/5.0 AppleWebKit/537.36 (KHTML, like Gecko; compatible; ClaudeBot/1.0; +claudebot@anthropic.com)"
51.222.253.19 - - [01/Apr/2025:19:27:15 -0400] "GET /dental-surgery-equipment/feed/ HTTP/1.1" 404 1251 "-" "Mozilla/5.0 (compatible; AhrefsBot/7.0; +http://ahrefs.com/robot/)"
121.229.156.61 - - [01/Apr/2025:19:28:39 -0400] "GET / HTTP/1.1" 200 156255 "-" "Sogou web spider/4.0(+http://www.sogou.com/docs/help/webmasters.htm#07)"
51.222.253.13 - - [01/Apr/2025:19:29:34 -0400] "GET /what-is-riveting-machinery/feed/ HTTP/1.1" 404 1251 "-" "Mozilla/5.0 (compatible; AhrefsBot/7.0; +http://ahrefs.com/robot/)"
3.136.234.122 - - [01/Apr/2025:19:29:34 -0400] "GET /invest-in-an-answering-service-for-small-business HTTP/1.1" 404 1251 "-" "Mozilla/5.0 AppleWebKit/537.36 (KHTML, like Gecko; compatible; ClaudeBot/1.0; +claudebot@anthropic.com)"
3.16.157.168 - - [01/Apr/2025:19:31:56 -0400] "GET /orchard-sophia-developer-a-heartbeat-away HTTP/1.1" 404 1251 "-" "Mozilla/5.0 AppleWebKit/537.36 (KHTML, like Gecko; compatible; ClaudeBot/1.0; +claudebot@anthropic.com)"
51.222.253.5 - - [01/Apr/2025:19:32:13 -0400] "GET /nf-cure-and-vital-m-40-review-know-the-facts-and-results/feed/ HTTP/1.1" 404 1251 "-" "Mozilla/5.0 (compatible; AhrefsBot/7.0; +http://ahrefs.com/robot/)"
54.37.234.111 - - [01/Apr/2025:19:32:58 -0400] "GET /womens-gambling/ HTTP/1.1" 404 1251 "https://prettechengineering.com/womens-gambling/#comment-30670" "Mozilla/5.0 (Windows NT 10.0; Win64; x64) AppleWebKit/537.36 (KHTML, like Gecko) Chrome/129.0.0.0 Safari/537.36"
54.37.234.111 - - [01/Apr/2025:19:32:59 -0400] "GET / HTTP/1.1" 200 156255 "https://prettechengineering.com/" "Mozilla/5.0 (Windows NT 10.0; Win64; x64) AppleWebKit/537.36 (KHTML, like Gecko) Chrome/129.0.0.0 Safari/537.36"
51.222.253.17 - - [01/Apr/2025:19:34:59 -0400] "GET /what-is-microinjection/feed/ HTTP/1.1" 404 1251 "-" "Mozilla/5.0 (compatible; AhrefsBot/7.0; +http://ahrefs.com/robot/)"
51.222.253.8 - - [01/Apr/2025:19:37:47 -0400] "GET /how-to-delete-a-profile-on-netflix/feed/ HTTP/1.1" 404 1251 "-" "Mozilla/5.0 (compatible; AhrefsBot/7.0; +http://ahrefs.com/robot/)"
51.222.253.1 - - [01/Apr/2025:19:40:30 -0400] "GET /roofing-services-in-eugene-oregon/feed/ HTTP/1.1" 404 1251 "-" "Mozilla/5.0 (compatible; AhrefsBot/7.0; +http://ahrefs.com/robot/)"
198.54.114.83 - - [01/Apr/2025:19:42:33 -0400] "POST /wp-admin/admin-ajax.php?action=async_litespeed&nonce=oJeObSsxP7625rjMUK8a8UMvDRFJAtuU&litespeed_type=imgoptm HTTP/1.1" 200 5 "-" "WordPress/6.7.1; https://prettechengineering.com"
51.222.253.9 - - [01/Apr/2025:19:43:01 -0400] "GET /air-max-2012-is-coming/feed/ HTTP/1.1" 404 1251 "-" "Mozilla/5.0 (compatible; AhrefsBot/7.0; +http://ahrefs.com/robot/)"
18.222.168.13 - - [01/Apr/2025:19:43:50 -0400] "GET /new-launch-condo-at-haig-road-ardor-residence-by-lendlease HTTP/1.1" 404 1251 "-" "Mozilla/5.0 AppleWebKit/537.36 (KHTML, like Gecko; compatible; ClaudeBot/1.0; +claudebot@anthropic.com)"
43.132.214.139 - - [01/Apr/2025:19:43:52 -0400] "GET /planning-a-bachelor-party-in-cartagena-colombia/ HTTP/1.1" 404 1251 "-" "Python/3.10 aiohttp/3.10.5"
51.222.253.12 - - [01/Apr/2025:19:45:32 -0400] "GET /lake-garden-residences-a-unique-blend-of-tranquility-and-sophistication/feed/ HTTP/1.1" 404 1251 "-" "Mozilla/5.0 (compatible; AhrefsBot/7.0; +http://ahrefs.com/robot/)"
51.222.253.5 - - [01/Apr/2025:19:47:56 -0400] "GET /nf-cure-and-vital-m-40-capsules-review-by-ayurveda-expert/feed/ HTTP/1.1" 404 1251 "-" "Mozilla/5.0 (compatible; AhrefsBot/7.0; +http://ahrefs.com/robot/)"
192.42.116.215 - - [01/Apr/2025:19:48:53 -0400] "GET / HTTP/1.1" 200 156255 "https://prettechengineering.com" "Mozilla/5.0 (Windows NT 6.1; WOW64) AppleWebKit/537.36 (KHTML, like Gecko) Chrome/45.0.2454.101 YaBrowser/15.10.2454.3865 Safari/537.36"
51.222.253.4 - - [01/Apr/2025:19:50:35 -0400] "GET /jden-capitaland-a-new-launch-condo-in-jurong-east/feed/ HTTP/1.1" 404 1251 "-" "Mozilla/5.0 (compatible; AhrefsBot/7.0; +http://ahrefs.com/robot/)"
51.222.253.5 - - [01/Apr/2025:19:53:10 -0400] "GET /how-to-find-kratom-near-me/feed/ HTTP/1.1" 404 1251 "-" "Mozilla/5.0 (compatible; AhrefsBot/7.0; +http://ahrefs.com/robot/)"
185.26.43.92 - - [01/Apr/2025:19:53:37 -0400] "GET /discover-the-enchanting-beauty-of-nusa-penida/ HTTP/1.1" 404 1251 "https://prettechengineering.com/discover-the-enchanting-beauty-of-nusa-penida/" "Mozilla/5.0 (Windows NT 10.0; Win64; x64) AppleWebKit/537.36 (KHTML, like Gecko) Chrome/130.0.0.0 Safari/537.36 CCleaner/130.0.0.0"
185.26.43.92 - - [01/Apr/2025:19:53:39 -0400] "GET / HTTP/1.1" 200 156255 "https://prettechengineering.com/" "Mozilla/5.0 (Windows NT 10.0; Win64; x64) AppleWebKit/537.36 (KHTML, like Gecko) Chrome/130.0.0.0 Safari/537.36 CCleaner/130.0.0.0"
3.143.110.79 - - [01/Apr/2025:19:55:46 -0400] "GET /matter-residences-a-new-smart-home-protocol HTTP/1.1" 404 1251 "-" "Mozilla/5.0 AppleWebKit/537.36 (KHTML, like Gecko; compatible; ClaudeBot/1.0; +claudebot@anthropic.com)"
51.222.253.20 - - [01/Apr/2025:19:55:47 -0400] "GET /detailed-information-about-blackjack-games-online/feed/ HTTP/1.1" 404 1251 "-" "Mozilla/5.0 (compatible; AhrefsBot/7.0; +http://ahrefs.com/robot/)"
51.222.253.7 - - [01/Apr/2025:19:58:24 -0400] "GET /the-most-effective-method-to-endure-ivf-a-tale-about-having-youngsters-the-most-difficult-way-possible/feed/ HTTP/1.1" 404 1251 "-" "Mozilla/5.0 (compatible; AhrefsBot/7.0; +http://ahrefs.com/robot/)"
18.227.79.164 - - [01/Apr/2025:20:00:31 -0400] "GET /inspirational-quotes-for-the-classroom HTTP/1.1" 404 1251 "-" "Mozilla/5.0 AppleWebKit/537.36 (KHTML, like Gecko; compatible; ClaudeBot/1.0; +claudebot@anthropic.com)"
51.222.253.16 - - [01/Apr/2025:20:01:04 -0400] "GET /anya-hindmarch-sac-a-bandouliere-quintin-en-cuir-de-vachette-rose-fuchsia/feed/ HTTP/1.1" 404 1251 "-" "Mozilla/5.0 (compatible; AhrefsBot/7.0; +http://ahrefs.com/robot/)"
198.54.114.83 - - [01/Apr/2025:20:01:28 -0400] "POST /wp-admin/admin-ajax.php?action=async_litespeed&nonce=96NAJ8AFkQ4EJCDWZwXxDu6sBSpJ0avv&litespeed_type=imgoptm HTTP/1.1" 200 5 "-" "WordPress/6.7.1; https://prettechengineering.com"
51.222.253.5 - - [01/Apr/2025:20:03:48 -0400] "GET /is-it-time-to-replace-your-conservatory-roof/feed/ HTTP/1.1" 404 1251 "-" "Mozilla/5.0 (compatible; AhrefsBot/7.0; +http://ahrefs.com/robot/)"
3.17.74.222 - - [01/Apr/2025:20:05:18 -0400] "GET /5-meaningful-tattoo-ideas HTTP/1.1" 404 1251 "-" "Mozilla/5.0 AppleWebKit/537.36 (KHTML, like Gecko; compatible; ClaudeBot/1.0; +claudebot@anthropic.com)"
51.222.253.1 - - [01/Apr/2025:20:06:05 -0400] "GET /mn-locksmith-is-the-best-locksmith-in-chicago/feed/ HTTP/1.1" 404 1251 "-" "Mozilla/5.0 (compatible; AhrefsBot/7.0; +http://ahrefs.com/robot/)"
198.54.114.83 - - [01/Apr/2025:20:07:05 -0400] "POST /wp-admin/admin-ajax.php?action=async_litespeed&nonce=eBzGZRrulvT23C0s2TjhMJe3Hd2L7N1n&litespeed_type=imgoptm HTTP/1.1" 200 0 "-" "WordPress/6.7.1; https://prettechengineering.com"
3.17.156.160 - - [01/Apr/2025:20:07:40 -0400] "GET /how-to-find-german-lessons-in-london HTTP/1.1" 404 1251 "-" "Mozilla/5.0 AppleWebKit/537.36 (KHTML, like Gecko; compatible; ClaudeBot/1.0; +claudebot@anthropic.com)"
51.222.253.17 - - [01/Apr/2025:20:08:53 -0400] "GET /peptide-vials/feed/ HTTP/1.1" 404 1251 "-" "Mozilla/5.0 (compatible; AhrefsBot/7.0; +http://ahrefs.com/robot/)"
51.222.253.3 - - [01/Apr/2025:20:11:32 -0400] "GET /yacht-rental-cancun-enjoy-a-magical-excursion-on-the-water/feed/ HTTP/1.1" 404 1251 "-" "Mozilla/5.0 (compatible; AhrefsBot/7.0; +http://ahrefs.com/robot/)"
147.78.183.235 - - [01/Apr/2025:20:13:06 -0400] "GET /sealant-manufacturers/ HTTP/1.1" 404 1251 "https://prettechengineering.com/sealant-manufacturers/" "Mozilla/5.0 (Windows NT 6.3; Win64; x64) AppleWebKit/537.36 (KHTML, like Gecko) Chrome/103.0.5060.114 Safari/537.36"
147.78.183.235 - - [01/Apr/2025:20:13:07 -0400] "GET / HTTP/1.1" 200 156255 "https://prettechengineering.com/" "Mozilla/5.0 (Windows NT 6.3; Win64; x64) AppleWebKit/537.36 (KHTML, like Gecko) Chrome/103.0.5060.114 Safari/537.36"
51.222.253.8 - - [01/Apr/2025:20:14:12 -0400] "GET /is-there-medication-to-fix-malignant-growth/feed/ HTTP/1.1" 404 1251 "-" "Mozilla/5.0 (compatible; AhrefsBot/7.0; +http://ahrefs.com/robot/)"
3.129.253.49 - - [01/Apr/2025:20:14:29 -0400] "GET /bone-conduction-headphones-with-mic HTTP/1.1" 404 1251 "-" "Mozilla/5.0 AppleWebKit/537.36 (KHTML, like Gecko; compatible; ClaudeBot/1.0; +claudebot@anthropic.com)"
51.222.253.3 - - [01/Apr/2025:20:16:49 -0400] "GET /the-benefits-of-peptides/feed/ HTTP/1.1" 404 1251 "-" "Mozilla/5.0 (compatible; AhrefsBot/7.0; +http://ahrefs.com/robot/)"
178.218.144.99 - - [01/Apr/2025:20:17:51 -0400] "GET / HTTP/1.1" 200 156255 "https://prettechengineering.com" "Mozilla/5.0 (Windows NT 6.1; WOW64) AppleWebKit/537.36 (KHTML, like Gecko) Chrome/42.0.2311.152 Safari/537.36"
18.217.170.18 - - [01/Apr/2025:20:19:12 -0400] "GET /why-you-should-pursue-an-mba HTTP/1.1" 404 1251 "-" "Mozilla/5.0 AppleWebKit/537.36 (KHTML, like Gecko; compatible; ClaudeBot/1.0; +claudebot@anthropic.com)"
51.222.253.2 - - [01/Apr/2025:20:19:37 -0400] "GET /how-to-find-mediators-near-me/feed/ HTTP/1.1" 404 1251 "-" "Mozilla/5.0 (compatible; AhrefsBot/7.0; +http://ahrefs.com/robot/)"
18.220.219.93 - - [01/Apr/2025:20:21:36 -0400] "GET /how-do-you-learn-cyber-security HTTP/1.1" 404 1251 "-" "Mozilla/5.0 AppleWebKit/537.36 (KHTML, like Gecko; compatible; ClaudeBot/1.0; +claudebot@anthropic.com)"
51.222.253.10 - - [01/Apr/2025:20:22:17 -0400] "GET /how-does-semenax-work/feed/ HTTP/1.1" 404 1251 "-" "Mozilla/5.0 (compatible; AhrefsBot/7.0; +http://ahrefs.com/robot/)"
18.218.2.200 - - [01/Apr/2025:20:23:57 -0400] "GET /crafting-your-message-the-art-of-car-lettering HTTP/1.1" 404 1251 "-" "Mozilla/5.0 AppleWebKit/537.36 (KHTML, like Gecko; compatible; ClaudeBot/1.0; +claudebot@anthropic.com)"
51.222.253.6 - - [01/Apr/2025:20:24:43 -0400] "GET /how-to-read-a-screw-sizes-chart/feed/ HTTP/1.1" 404 1251 "-" "Mozilla/5.0 (compatible; AhrefsBot/7.0; +http://ahrefs.com/robot/)"
51.222.253.16 - - [01/Apr/2025:20:27:11 -0400] "GET /rdxhd/feed/ HTTP/1.1" 404 1251 "-" "Mozilla/5.0 (compatible; AhrefsBot/7.0; +http://ahrefs.com/robot/)"
128.199.29.13 - - [01/Apr/2025:20:27:37 -0400] "GET / HTTP/1.1" 200 156255 "-" "Mozilla/5.0 (compatible)"
18.188.123.155 - - [01/Apr/2025:20:28:42 -0400] "GET /how-to-use-ice-breaker-questions-to-get-your-team-talking HTTP/1.1" 404 1251 "-" "Mozilla/5.0 AppleWebKit/537.36 (KHTML, like Gecko; compatible; ClaudeBot/1.0; +claudebot@anthropic.com)"
51.222.253.16 - - [01/Apr/2025:20:29:42 -0400] "GET /how-to-make-a-payment-with-honda-financial-customer-service/feed/ HTTP/1.1" 404 1251 "-" "Mozilla/5.0 (compatible; AhrefsBot/7.0; +http://ahrefs.com/robot/)"
198.54.114.83 - - [01/Apr/2025:20:31:45 -0400] "POST /wp-admin/admin-ajax.php?action=async_litespeed&nonce=UWI3CAs1jkqyagyKykay3f2caELpiqov&litespeed_type=imgoptm HTTP/1.1" 200 5 "-" "WordPress/6.7.1; https://prettechengineering.com"
51.222.253.15 - - [01/Apr/2025:20:32:35 -0400] "GET /custom-dress-socks-are-a-fashion-accessory-for-men-and-women/feed/ HTTP/1.1" 404 1251 "-" "Mozilla/5.0 (compatible; AhrefsBot/7.0; +http://ahrefs.com/robot/)"
195.191.219.132 - - [01/Apr/2025:20:33:17 -0400] "GET /robots.txt HTTP/1.1" 304 0 "-" "Mozilla/5.0 (compatible; MJ12bot/v2.0.0; http://mj12bot.com/)"
195.191.219.132 - - [01/Apr/2025:20:33:17 -0400] "GET / HTTP/1.1" 200 156255 "-" "Mozilla/5.0 (compatible; MJ12bot/v2.0.0; http://mj12bot.com/)"
51.222.253.18 - - [01/Apr/2025:20:34:58 -0400] "GET /how-to-plan-your-trip/feed/ HTTP/1.1" 404 1251 "-" "Mozilla/5.0 (compatible; AhrefsBot/7.0; +http://ahrefs.com/robot/)"
110.249.202.98 - - [01/Apr/2025:20:37:19 -0400] "GET /robots.txt HTTP/1.1" 304 0 "-" "Mozilla/5.0 (Linux; Android 5.0) AppleWebKit/537.36 (KHTML, like Gecko) Mobile Safari/537.36 (compatible; Bytespider; https://zhanzhang.toutiao.com/)"
