74.80.208.79 - - [03/Apr/2025:15:45:54 -0400] "GET /sports-betting-tips-to-make-you-a-winner/ HTTP/1.1" 404 1251 "-" "Mozilla/5.0 (compatible; ImagesiftBot; +imagesift.com)"
74.80.208.79 - - [03/Apr/2025:15:46:03 -0400] "GET /sideways-thinking-the-ultimate-adwords-resource/ HTTP/1.1" 404 1251 "-" "Mozilla/5.0 (compatible; ImagesiftBot; +imagesift.com)"
18.207.89.138 - - [03/Apr/2025:15:46:05 -0400] "GET /what-is-file-transfer/ HTTP/1.1" 404 1251 "-" "Mozilla/5.0 AppleWebKit/537.36 (KHTML, like Gecko; compatible; Amazonbot/0.1; +https://developer.amazon.com/support/amazonbot) Chrome/119.0.6045.214 Safari/537.36"
3.215.59.93 - - [03/Apr/2025:15:46:09 -0400] "GET /applications-of-ai-marketing/ HTTP/1.1" 404 1251 "-" "Mozilla/5.0 AppleWebKit/537.36 (KHTML, like Gecko; compatible; Amazonbot/0.1; +https://developer.amazon.com/support/amazonbot) Chrome/119.0.6045.214 Safari/537.36"
74.80.208.79 - - [03/Apr/2025:15:46:10 -0400] "GET /wp-json/wp/v2/posts/567 HTTP/1.1" 404 1251 "-" "Mozilla/5.0 (compatible; ImagesiftBot; +imagesift.com)"
74.80.208.79 - - [03/Apr/2025:15:46:15 -0400] "GET /team-socks-are-a-must-for-any-sports-team/feed/ HTTP/1.1" 404 1251 "-" "Mozilla/5.0 (compatible; ImagesiftBot; +imagesift.com)"
74.80.208.79 - - [03/Apr/2025:15:46:17 -0400] "GET /a-sizzling-sales-secret-to-be-hugely-successful/ HTTP/1.1" 404 1251 "-" "Mozilla/5.0 (compatible; ImagesiftBot; +imagesift.com)"
35.173.38.202 - - [03/Apr/2025:15:46:20 -0400] "GET /powerball-only-sites/ HTTP/1.1" 404 1251 "-" "Mozilla/5.0 AppleWebKit/537.36 (KHTML, like Gecko; compatible; Amazonbot/0.1; +https://developer.amazon.com/support/amazonbot) Chrome/119.0.6045.214 Safari/537.36"
74.80.208.79 - - [03/Apr/2025:15:46:22 -0400] "GET /meals-delivered-to-your-door/ HTTP/1.1" 404 1251 "-" "Mozilla/5.0 (compatible; ImagesiftBot; +imagesift.com)"
3.229.164.203 - - [03/Apr/2025:15:46:27 -0400] "GET /hair-dryer-with-diffuser-how-to-get-the-most-out-of-your-hair-dryer/ HTTP/1.1" 404 1251 "-" "Mozilla/5.0 AppleWebKit/537.36 (KHTML, like Gecko; compatible; Amazonbot/0.1; +https://developer.amazon.com/support/amazonbot) Chrome/119.0.6045.214 Safari/537.36"
74.80.208.79 - - [03/Apr/2025:15:46:30 -0400] "GET /wp-json/wp/v2/posts/1452 HTTP/1.1" 404 1251 "-" "Mozilla/5.0 (compatible; ImagesiftBot; +imagesift.com)"
44.206.93.215 - - [03/Apr/2025:15:46:32 -0400] "GET /alternative-medicine-austin/ HTTP/1.1" 404 1251 "-" "Mozilla/5.0 AppleWebKit/537.36 (KHTML, like Gecko; compatible; Amazonbot/0.1; +https://developer.amazon.com/support/amazonbot) Chrome/119.0.6045.214 Safari/537.36"
98.83.226.125 - - [03/Apr/2025:15:46:36 -0400] "GET /air-pistols/ HTTP/1.1" 404 1251 "-" "Mozilla/5.0 AppleWebKit/537.36 (KHTML, like Gecko; compatible; Amazonbot/0.1; +https://developer.amazon.com/support/amazonbot) Chrome/119.0.6045.214 Safari/537.36"
74.80.208.79 - - [03/Apr/2025:15:46:38 -0400] "GET /wp-json/wp/v2/posts/501 HTTP/1.1" 404 1251 "-" "Mozilla/5.0 (compatible; ImagesiftBot; +imagesift.com)"
18.206.47.187 - - [03/Apr/2025:15:46:41 -0400] "GET /grand-dunman-live-the-life-of-opulence/ HTTP/1.1" 404 1251 "-" "Mozilla/5.0 AppleWebKit/537.36 (KHTML, like Gecko; compatible; Amazonbot/0.1; +https://developer.amazon.com/support/amazonbot) Chrome/119.0.6045.214 Safari/537.36"
74.80.208.79 - - [03/Apr/2025:15:46:42 -0400] "GET /wp-json/wp/v2/posts/568 HTTP/1.1" 404 1251 "-" "Mozilla/5.0 (compatible; ImagesiftBot; +imagesift.com)"
23.21.175.228 - - [03/Apr/2025:15:46:44 -0400] "GET /unraveling-the-allure-instagram-followers/ HTTP/1.1" 404 1251 "-" "Mozilla/5.0 AppleWebKit/537.36 (KHTML, like Gecko; compatible; Amazonbot/0.1; +https://developer.amazon.com/support/amazonbot) Chrome/119.0.6045.214 Safari/537.36"
54.147.80.137 - - [03/Apr/2025:15:46:48 -0400] "GET /all-customer-feedback-is-not-created-equal-a-guide-for-dealing-with-disgruntled-customers/ HTTP/1.1" 404 1251 "-" "Mozilla/5.0 AppleWebKit/537.36 (KHTML, like Gecko; compatible; Amazonbot/0.1; +https://developer.amazon.com/support/amazonbot) Chrome/119.0.6045.214 Safari/537.36"
74.80.208.79 - - [03/Apr/2025:15:46:50 -0400] "GET /learn-how-to-hire-a-high-end-moving-company-at-a-low-end-price/ HTTP/1.1" 404 1251 "-" "Mozilla/5.0 (compatible; ImagesiftBot; +imagesift.com)"
52.71.218.25 - - [03/Apr/2025:15:46:52 -0400] "GET /why-live-at-noblesville-apartments/ HTTP/1.1" 404 1251 "-" "Mozilla/5.0 AppleWebKit/537.36 (KHTML, like Gecko; compatible; Amazonbot/0.1; +https://developer.amazon.com/support/amazonbot) Chrome/119.0.6045.214 Safari/537.36"
54.210.152.179 - - [03/Apr/2025:15:46:56 -0400] "GET /exploring-the-chuan-park-showflat/ HTTP/1.1" 404 1251 "-" "Mozilla/5.0 AppleWebKit/537.36 (KHTML, like Gecko; compatible; Amazonbot/0.1; +https://developer.amazon.com/support/amazonbot) Chrome/119.0.6045.214 Safari/537.36"
74.80.208.79 - - [03/Apr/2025:15:46:57 -0400] "GET /korean-cosmetic-manufacturer/ HTTP/1.1" 404 1251 "-" "Mozilla/5.0 (compatible; ImagesiftBot; +imagesift.com)"
74.80.208.79 - - [03/Apr/2025:15:47:00 -0400] "GET /wp-json/wp/v2/posts/1409 HTTP/1.1" 404 1251 "-" "Mozilla/5.0 (compatible; ImagesiftBot; +imagesift.com)"
74.80.208.79 - - [03/Apr/2025:15:47:02 -0400] "GET /wp-json/wp/v2/posts/1393 HTTP/1.1" 404 1251 "-" "Mozilla/5.0 (compatible; ImagesiftBot; +imagesift.com)"
74.80.208.79 - - [03/Apr/2025:15:47:10 -0400] "GET /wp-json/wp/v2/posts/285 HTTP/1.1" 404 1251 "-" "Mozilla/5.0 (compatible; ImagesiftBot; +imagesift.com)"
74.80.208.79 - - [03/Apr/2025:15:47:11 -0400] "GET /wp-json/wp/v2/posts/1462 HTTP/1.1" 404 1251 "-" "Mozilla/5.0 (compatible; ImagesiftBot; +imagesift.com)"
3.230.69.161 - - [03/Apr/2025:15:47:16 -0400] "GET /spider-gwen-hoodie-from-her-universe/ HTTP/1.1" 404 1251 "-" "Mozilla/5.0 AppleWebKit/537.36 (KHTML, like Gecko; compatible; Amazonbot/0.1; +https://developer.amazon.com/support/amazonbot) Chrome/119.0.6045.214 Safari/537.36"
74.80.208.79 - - [03/Apr/2025:15:47:25 -0400] "GET /availability-of-24-hours-locksmith-services-at-any-place/ HTTP/1.1" 404 1251 "-" "Mozilla/5.0 (compatible; ImagesiftBot; +imagesift.com)"
74.80.208.79 - - [03/Apr/2025:15:47:27 -0400] "GET /faire-passer-limpression-au-niveau-superieur-avec-limprimante-bluetooth-kiipix/ HTTP/1.1" 404 1251 "-" "Mozilla/5.0 (compatible; ImagesiftBot; +imagesift.com)"
3.213.85.234 - - [03/Apr/2025:15:47:32 -0400] "GET /measuring-iptv-qos-quality-of-service/ HTTP/1.1" 404 1251 "-" "Mozilla/5.0 AppleWebKit/537.36 (KHTML, like Gecko; compatible; Amazonbot/0.1; +https://developer.amazon.com/support/amazonbot) Chrome/119.0.6045.214 Safari/537.36"
74.80.208.79 - - [03/Apr/2025:15:47:35 -0400] "GET /how-does-tretinoin-work/ HTTP/1.1" 404 1251 "-" "Mozilla/5.0 (compatible; ImagesiftBot; +imagesift.com)"
184.73.167.217 - - [03/Apr/2025:15:47:36 -0400] "GET /michael-kors-bags-on-sale/ HTTP/1.1" 404 1251 "-" "Mozilla/5.0 AppleWebKit/537.36 (KHTML, like Gecko; compatible; Amazonbot/0.1; +https://developer.amazon.com/support/amazonbot) Chrome/119.0.6045.214 Safari/537.36"
3.217.82.254 - - [03/Apr/2025:15:47:40 -0400] "GET /best-extracts-online-in-canada/ HTTP/1.1" 404 1251 "-" "Mozilla/5.0 AppleWebKit/537.36 (KHTML, like Gecko; compatible; Amazonbot/0.1; +https://developer.amazon.com/support/amazonbot) Chrome/119.0.6045.214 Safari/537.36"
74.80.208.79 - - [03/Apr/2025:15:47:44 -0400] "GET /gebaudereinigung-luneburg/ HTTP/1.1" 404 1251 "-" "Mozilla/5.0 (compatible; ImagesiftBot; +imagesift.com)"
3.214.176.44 - - [03/Apr/2025:15:47:44 -0400] "GET /rug-runners-are-best-suited-for-long-and-narrow-spaces/ HTTP/1.1" 404 1251 "-" "Mozilla/5.0 AppleWebKit/537.36 (KHTML, like Gecko; compatible; Amazonbot/0.1; +https://developer.amazon.com/support/amazonbot) Chrome/119.0.6045.214 Safari/537.36"
44.221.180.179 - - [03/Apr/2025:15:47:48 -0400] "GET /the-reserve-residences/ HTTP/1.1" 404 1251 "-" "Mozilla/5.0 AppleWebKit/537.36 (KHTML, like Gecko; compatible; Amazonbot/0.1; +https://developer.amazon.com/support/amazonbot) Chrome/119.0.6045.214 Safari/537.36"
52.45.92.83 - - [03/Apr/2025:15:47:52 -0400] "GET /unlocking-tiktok-success-the-power-of-buying-views-and-followers/ HTTP/1.1" 404 1251 "-" "Mozilla/5.0 AppleWebKit/537.36 (KHTML, like Gecko; compatible; Amazonbot/0.1; +https://developer.amazon.com/support/amazonbot) Chrome/119.0.6045.214 Safari/537.36"
74.80.208.79 - - [03/Apr/2025:15:47:57 -0400] "GET /wp-json/wp/v2/posts/1600 HTTP/1.1" 404 1251 "-" "Mozilla/5.0 (compatible; ImagesiftBot; +imagesift.com)"
74.80.208.79 - - [03/Apr/2025:15:47:58 -0400] "GET /wp-json/wp/v2/posts/750 HTTP/1.1" 404 1251 "-" "Mozilla/5.0 (compatible; ImagesiftBot; +imagesift.com)"
74.80.208.79 - - [03/Apr/2025:15:48:00 -0400] "GET /wp-json/wp/v2/posts/569 HTTP/1.1" 404 1251 "-" "Mozilla/5.0 (compatible; ImagesiftBot; +imagesift.com)"
74.80.208.79 - - [03/Apr/2025:15:48:01 -0400] "GET /youtube-premium-is-it-worth-it/ HTTP/1.1" 404 1251 "-" "Mozilla/5.0 (compatible; ImagesiftBot; +imagesift.com)"
3.213.46.222 - - [03/Apr/2025:15:48:05 -0400] "GET /caregiver-agency-montreal/ HTTP/1.1" 404 1251 "-" "Mozilla/5.0 AppleWebKit/537.36 (KHTML, like Gecko; compatible; Amazonbot/0.1; +https://developer.amazon.com/support/amazonbot) Chrome/119.0.6045.214 Safari/537.36"
74.80.208.79 - - [03/Apr/2025:15:48:05 -0400] "GET /5-meaningful-tattoo-ideas/ HTTP/1.1" 404 1251 "-" "Mozilla/5.0 (compatible; ImagesiftBot; +imagesift.com)"
74.80.208.79 - - [03/Apr/2025:15:48:09 -0400] "GET /choosing-your-lawyer/ HTTP/1.1" 404 1251 "-" "Mozilla/5.0 (compatible; ImagesiftBot; +imagesift.com)"
44.217.255.167 - - [03/Apr/2025:15:48:16 -0400] "GET /what-time-does-arceus-release/ HTTP/1.1" 404 1251 "-" "Mozilla/5.0 AppleWebKit/537.36 (KHTML, like Gecko; compatible; Amazonbot/0.1; +https://developer.amazon.com/support/amazonbot) Chrome/119.0.6045.214 Safari/537.36"
74.80.208.79 - - [03/Apr/2025:15:48:17 -0400] "GET /wp-json/wp/v2/posts/286 HTTP/1.1" 404 1251 "-" "Mozilla/5.0 (compatible; ImagesiftBot; +imagesift.com)"
3.227.180.70 - - [03/Apr/2025:15:48:20 -0400] "GET /merit-beauty-reviews/ HTTP/1.1" 404 1251 "-" "Mozilla/5.0 AppleWebKit/537.36 (KHTML, like Gecko; compatible; Amazonbot/0.1; +https://developer.amazon.com/support/amazonbot) Chrome/119.0.6045.214 Safari/537.36"
74.80.208.79 - - [03/Apr/2025:15:48:24 -0400] "GET /wp-json/wp/v2/posts/503 HTTP/1.1" 404 1251 "-" "Mozilla/5.0 (compatible; ImagesiftBot; +imagesift.com)"
52.71.203.206 - - [03/Apr/2025:15:48:28 -0400] "GET /how-to-embed-a-video-in-google-slides/ HTTP/1.1" 404 1251 "-" "Mozilla/5.0 AppleWebKit/537.36 (KHTML, like Gecko; compatible; Amazonbot/0.1; +https://developer.amazon.com/support/amazonbot) Chrome/119.0.6045.214 Safari/537.36"
74.80.208.79 - - [03/Apr/2025:15:48:29 -0400] "GET /que-fait-une-hygieniste-dentaire/ HTTP/1.1" 404 1251 "-" "Mozilla/5.0 (compatible; ImagesiftBot; +imagesift.com)"
35.169.119.108 - - [03/Apr/2025:15:48:36 -0400] "GET /choosing-moving-companies/ HTTP/1.1" 404 1251 "-" "Mozilla/5.0 AppleWebKit/537.36 (KHTML, like Gecko; compatible; Amazonbot/0.1; +https://developer.amazon.com/support/amazonbot) Chrome/119.0.6045.214 Safari/537.36"
74.80.208.79 - - [03/Apr/2025:15:48:37 -0400] "GET /category/activity/page/74/ HTTP/1.1" 404 1251 "-" "Mozilla/5.0 (compatible; ImagesiftBot; +imagesift.com)"
74.80.208.79 - - [03/Apr/2025:15:48:38 -0400] "GET /wp-json/wp/v2/posts/220 HTTP/1.1" 404 1251 "-" "Mozilla/5.0 (compatible; ImagesiftBot; +imagesift.com)"
74.80.208.79 - - [03/Apr/2025:15:48:40 -0400] "GET /wp-json/wp/v2/posts/1429 HTTP/1.1" 404 1251 "-" "Mozilla/5.0 (compatible; ImagesiftBot; +imagesift.com)"
44.213.202.136 - - [03/Apr/2025:15:48:40 -0400] "GET /live-football-scores-how-to-stay-up-to-date-on-the-latest-results/ HTTP/1.1" 404 1251 "-" "Mozilla/5.0 AppleWebKit/537.36 (KHTML, like Gecko; compatible; Amazonbot/0.1; +https://developer.amazon.com/support/amazonbot) Chrome/119.0.6045.214 Safari/537.36"
74.80.208.79 - - [03/Apr/2025:15:48:44 -0400] "GET /wp-json/wp/v2/posts/1482 HTTP/1.1" 404 1251 "-" "Mozilla/5.0 (compatible; ImagesiftBot; +imagesift.com)"
52.44.148.203 - - [03/Apr/2025:15:48:44 -0400] "GET /top-10-ways-to-beat-a-dwi/ HTTP/1.1" 404 1251 "-" "Mozilla/5.0 AppleWebKit/537.36 (KHTML, like Gecko; compatible; Amazonbot/0.1; +https://developer.amazon.com/support/amazonbot) Chrome/119.0.6045.214 Safari/537.36"
74.80.208.79 - - [03/Apr/2025:15:48:49 -0400] "GET /wp-json/wp/v2/posts/1620 HTTP/1.1" 404 1251 "-" "Mozilla/5.0 (compatible; ImagesiftBot; +imagesift.com)"
74.80.208.79 - - [03/Apr/2025:15:48:56 -0400] "GET /how-to-zoom-in-on-tiktok/ HTTP/1.1" 404 1251 "-" "Mozilla/5.0 (compatible; ImagesiftBot; +imagesift.com)"
3.226.106.93 - - [03/Apr/2025:15:48:56 -0400] "GET /how-to-use-a-spell-to-make-someone-obsessed-with-you/ HTTP/1.1" 404 1251 "-" "Mozilla/5.0 AppleWebKit/537.36 (KHTML, like Gecko; compatible; Amazonbot/0.1; +https://developer.amazon.com/support/amazonbot) Chrome/119.0.6045.214 Safari/537.36"
74.80.208.79 - - [03/Apr/2025:15:48:58 -0400] "GET /wp-json/wp/v2/posts/752 HTTP/1.1" 404 1251 "-" "Mozilla/5.0 (compatible; ImagesiftBot; +imagesift.com)"
52.71.46.142 - - [03/Apr/2025:15:49:00 -0400] "GET /essential-baby-supplies-for-new-parents/ HTTP/1.1" 404 1251 "-" "Mozilla/5.0 AppleWebKit/537.36 (KHTML, like Gecko; compatible; Amazonbot/0.1; +https://developer.amazon.com/support/amazonbot) Chrome/119.0.6045.214 Safari/537.36"
74.80.208.79 - - [03/Apr/2025:15:49:05 -0400] "GET /gethuman-improves-max-customer-service/ HTTP/1.1" 404 1251 "-" "Mozilla/5.0 (compatible; ImagesiftBot; +imagesift.com)"
34.206.193.60 - - [03/Apr/2025:15:49:08 -0400] "GET /how-to-replace-a-lost-car-key/ HTTP/1.1" 404 1251 "-" "Mozilla/5.0 AppleWebKit/537.36 (KHTML, like Gecko; compatible; Amazonbot/0.1; +https://developer.amazon.com/support/amazonbot) Chrome/119.0.6045.214 Safari/537.36"
74.80.208.79 - - [03/Apr/2025:15:49:17 -0400] "GET /tiktok-saves-buy-3-ways-to-increase-your-saves/ HTTP/1.1" 404 1251 "-" "Mozilla/5.0 (compatible; ImagesiftBot; +imagesift.com)"
74.80.208.79 - - [03/Apr/2025:15:49:26 -0400] "GET /wp-json/wp/v2/posts/1439 HTTP/1.1" 404 1251 "-" "Mozilla/5.0 (compatible; ImagesiftBot; +imagesift.com)"
74.80.208.79 - - [03/Apr/2025:15:49:28 -0400] "GET /wp-json/wp/v2/posts/2006 HTTP/1.1" 404 1251 "-" "Mozilla/5.0 (compatible; ImagesiftBot; +imagesift.com)"
74.80.208.79 - - [03/Apr/2025:15:49:34 -0400] "GET /category/activity/page/43/ HTTP/1.1" 404 1251 "-" "Mozilla/5.0 (compatible; ImagesiftBot; +imagesift.com)"
74.80.208.79 - - [03/Apr/2025:15:49:39 -0400] "GET /wp-json/wp/v2/posts/1630 HTTP/1.1" 404 1251 "-" "Mozilla/5.0 (compatible; ImagesiftBot; +imagesift.com)"
74.80.208.79 - - [03/Apr/2025:15:49:42 -0400] "GET /bedside-touch-lamps-uk/ HTTP/1.1" 404 1251 "-" "Mozilla/5.0 (compatible; ImagesiftBot; +imagesift.com)"
74.80.208.79 - - [03/Apr/2025:15:49:45 -0400] "GET /wp-json/wp/v2/posts/222 HTTP/1.1" 404 1251 "-" "Mozilla/5.0 (compatible; ImagesiftBot; +imagesift.com)"
74.80.208.79 - - [03/Apr/2025:15:49:53 -0400] "GET /wp-json/wp/v2/posts/1518 HTTP/1.1" 404 1251 "-" "Mozilla/5.0 (compatible; ImagesiftBot; +imagesift.com)"
74.80.208.79 - - [03/Apr/2025:15:50:02 -0400] "GET /how-to-say-popcorn-in-spanish/ HTTP/1.1" 404 1251 "-" "Mozilla/5.0 (compatible; ImagesiftBot; +imagesift.com)"
74.80.208.79 - - [03/Apr/2025:15:50:10 -0400] "GET /wp-json/wp/v2/posts/1571 HTTP/1.1" 404 1251 "-" "Mozilla/5.0 (compatible; ImagesiftBot; +imagesift.com)"
74.80.208.79 - - [03/Apr/2025:15:50:13 -0400] "GET /wp-json/wp/v2/posts/2016 HTTP/1.1" 404 1251 "-" "Mozilla/5.0 (compatible; ImagesiftBot; +imagesift.com)"
74.80.208.79 - - [03/Apr/2025:15:50:18 -0400] "GET /how-to-delete-bereal-post/ HTTP/1.1" 404 1251 "-" "Mozilla/5.0 (compatible; ImagesiftBot; +imagesift.com)"
74.80.208.79 - - [03/Apr/2025:15:50:20 -0400] "GET /wp-json/wp/v2/posts/15 HTTP/1.1" 404 1251 "-" "Mozilla/5.0 (compatible; ImagesiftBot; +imagesift.com)"
74.80.208.79 - - [03/Apr/2025:15:50:21 -0400] "GET /the-most-effective-method-to-endure-ivf-a-tale-about-having-youngsters-the-most-difficult-way-possible/ HTTP/1.1" 404 1251 "-" "Mozilla/5.0 (compatible; ImagesiftBot; +imagesift.com)"
74.80.208.79 - - [03/Apr/2025:15:50:26 -0400] "GET /wp-json/wp/v2/posts/754 HTTP/1.1" 404 1251 "-" "Mozilla/5.0 (compatible; ImagesiftBot; +imagesift.com)"
74.80.208.79 - - [03/Apr/2025:15:50:32 -0400] "GET /page/61/ HTTP/1.1" 404 1251 "-" "Mozilla/5.0 (compatible; ImagesiftBot; +imagesift.com)"
74.80.208.79 - - [03/Apr/2025:15:50:35 -0400] "GET /t-shirt-personnalise/ HTTP/1.1" 404 1251 "-" "Mozilla/5.0 (compatible; ImagesiftBot; +imagesift.com)"
74.80.208.79 - - [03/Apr/2025:15:50:36 -0400] "GET /mastering-math-the-abacus-market-link/ HTTP/1.1" 404 1251 "-" "Mozilla/5.0 (compatible; ImagesiftBot; +imagesift.com)"
74.80.208.79 - - [03/Apr/2025:15:50:44 -0400] "GET /wp-json/wp/v2/posts/1459 HTTP/1.1" 404 1251 "-" "Mozilla/5.0 (compatible; ImagesiftBot; +imagesift.com)"
74.80.208.79 - - [03/Apr/2025:15:50:51 -0400] "GET /what-is-a-foreigner-loan/ HTTP/1.1" 404 1251 "-" "Mozilla/5.0 (compatible; ImagesiftBot; +imagesift.com)"
74.80.208.79 - - [03/Apr/2025:15:50:55 -0400] "GET /wp-json/wp/v2/posts/1528 HTTP/1.1" 404 1251 "-" "Mozilla/5.0 (compatible; ImagesiftBot; +imagesift.com)"
74.80.208.79 - - [03/Apr/2025:15:50:58 -0400] "GET /wp-json/wp/v2/posts/471 HTTP/1.1" 404 1251 "-" "Mozilla/5.0 (compatible; ImagesiftBot; +imagesift.com)"
74.80.208.79 - - [03/Apr/2025:15:51:07 -0400] "GET /wp-json/wp/v2/posts/1581 HTTP/1.1" 404 1251 "-" "Mozilla/5.0 (compatible; ImagesiftBot; +imagesift.com)"
74.80.208.79 - - [03/Apr/2025:15:51:20 -0400] "GET /meat-samosa-how-to-prepare-this-delectable-pakistani-appetizer/ HTTP/1.1" 404 1251 "-" "Mozilla/5.0 (compatible; ImagesiftBot; +imagesift.com)"
74.80.208.79 - - [03/Apr/2025:15:51:25 -0400] "GET /wp-json/wp/v2/posts/2026 HTTP/1.1" 404 1251 "-" "Mozilla/5.0 (compatible; ImagesiftBot; +imagesift.com)"
74.80.208.79 - - [03/Apr/2025:15:51:28 -0400] "GET /wp-json/wp/v2/posts/1607 HTTP/1.1" 404 1251 "-" "Mozilla/5.0 (compatible; ImagesiftBot; +imagesift.com)"
74.80.208.79 - - [03/Apr/2025:15:51:31 -0400] "GET /the-developmental-benefits-of-stuffed-animals/ HTTP/1.1" 404 1251 "-" "Mozilla/5.0 (compatible; ImagesiftBot; +imagesift.com)"
74.80.208.79 - - [03/Apr/2025:15:51:34 -0400] "GET /the-importance-of-flexible-training/ HTTP/1.1" 404 1251 "-" "Mozilla/5.0 (compatible; ImagesiftBot; +imagesift.com)"
74.80.208.79 - - [03/Apr/2025:15:51:41 -0400] "GET /wp-json/wp/v2/posts/756 HTTP/1.1" 404 1251 "-" "Mozilla/5.0 (compatible; ImagesiftBot; +imagesift.com)"
74.80.208.79 - - [03/Apr/2025:15:51:45 -0400] "GET /wp-json/wp/v2/posts/225 HTTP/1.1" 404 1251 "-" "Mozilla/5.0 (compatible; ImagesiftBot; +imagesift.com)"
74.80.208.79 - - [03/Apr/2025:15:51:47 -0400] "GET /how-to-get-4000-watch-hours-on-youtube/ HTTP/1.1" 404 1251 "-" "Mozilla/5.0 (compatible; ImagesiftBot; +imagesift.com)"
74.80.208.79 - - [03/Apr/2025:15:51:50 -0400] "GET /wp-json/wp/v2/posts/1548 HTTP/1.1" 404 1251 "-" "Mozilla/5.0 (compatible; ImagesiftBot; +imagesift.com)"
74.80.208.79 - - [03/Apr/2025:15:51:53 -0400] "GET /wp-json/wp/v2/posts/473 HTTP/1.1" 404 1251 "-" "Mozilla/5.0 (compatible; ImagesiftBot; +imagesift.com)"
74.80.208.79 - - [03/Apr/2025:15:51:57 -0400] "GET /a-life-of-gastronomic-delights-at-lentoria/ HTTP/1.1" 404 1251 "-" "Mozilla/5.0 (compatible; ImagesiftBot; +imagesift.com)"
74.80.208.79 - - [03/Apr/2025:15:52:05 -0400] "GET /wp-json/wp/v2/posts/509 HTTP/1.1" 404 1251 "-" "Mozilla/5.0 (compatible; ImagesiftBot; +imagesift.com)"
74.80.208.79 - - [03/Apr/2025:15:52:10 -0400] "GET /winterdienst-buchholz/ HTTP/1.1" 404 1251 "-" "Mozilla/5.0 (compatible; ImagesiftBot; +imagesift.com)"
74.80.208.79 - - [03/Apr/2025:15:52:13 -0400] "GET /how-to-elevate-womens-casual-wear/ HTTP/1.1" 404 1251 "-" "Mozilla/5.0 (compatible; ImagesiftBot; +imagesift.com)"
74.80.208.79 - - [03/Apr/2025:15:52:14 -0400] "GET /wp-json/wp/v2/posts/1010 HTTP/1.1" 404 1251 "-" "Mozilla/5.0 (compatible; ImagesiftBot; +imagesift.com)"
74.80.208.79 - - [03/Apr/2025:15:52:18 -0400] "GET /air-pistols/ HTTP/1.1" 404 1251 "-" "Mozilla/5.0 (compatible; ImagesiftBot; +imagesift.com)"
74.80.208.79 - - [03/Apr/2025:15:52:26 -0400] "GET /cbd-business-ideas-powerful-strategies-for-beginners/ HTTP/1.1" 404 1251 "-" "Mozilla/5.0 (compatible; ImagesiftBot; +imagesift.com)"
74.80.208.79 - - [03/Apr/2025:15:52:35 -0400] "GET /wp-json/wp/v2/posts/2056 HTTP/1.1" 404 1251 "-" "Mozilla/5.0 (compatible; ImagesiftBot; +imagesift.com)"
74.80.208.79 - - [03/Apr/2025:15:52:38 -0400] "GET /wp-json/wp/v2/posts/758 HTTP/1.1" 404 1251 "-" "Mozilla/5.0 (compatible; ImagesiftBot; +imagesift.com)"
74.80.208.79 - - [03/Apr/2025:15:52:45 -0400] "GET /buy-retin-a/ HTTP/1.1" 404 1251 "-" "Mozilla/5.0 (compatible; ImagesiftBot; +imagesift.com)"
74.80.208.79 - - [03/Apr/2025:15:52:48 -0400] "GET /wp-json/wp/v2/posts/191 HTTP/1.1" 404 1251 "-" "Mozilla/5.0 (compatible; ImagesiftBot; +imagesift.com)"
74.80.208.79 - - [03/Apr/2025:15:52:51 -0400] "GET /the-impact-of-security-cameras-on-modern-surveillance/ HTTP/1.1" 404 1251 "-" "Mozilla/5.0 (compatible; ImagesiftBot; +imagesift.com)"
74.80.208.79 - - [03/Apr/2025:15:52:53 -0400] "GET /wp-json/wp/v2/posts/227 HTTP/1.1" 404 1251 "-" "Mozilla/5.0 (compatible; ImagesiftBot; +imagesift.com)"
74.80.208.79 - - [03/Apr/2025:15:53:00 -0400] "GET /7-less-obvious-things-to-do-in-budapest/ HTTP/1.1" 404 1251 "-" "Mozilla/5.0 (compatible; ImagesiftBot; +imagesift.com)"
74.80.208.79 - - [03/Apr/2025:15:53:13 -0400] "GET /page/64/ HTTP/1.1" 404 1251 "-" "Mozilla/5.0 (compatible; ImagesiftBot; +imagesift.com)"
74.80.208.79 - - [03/Apr/2025:15:53:22 -0400] "GET /wp-json/wp/v2/posts/1020 HTTP/1.1" 404 0 "-" "Mozilla/5.0 (compatible; ImagesiftBot; +imagesift.com)"
74.80.208.79 - - [03/Apr/2025:15:53:26 -0400] "GET /wp-json/wp/v2/posts/1499 HTTP/1.1" 404 1251 "-" "Mozilla/5.0 (compatible; ImagesiftBot; +imagesift.com)"
74.80.208.79 - - [03/Apr/2025:15:53:28 -0400] "GET /the-basics-of-property-rentals/ HTTP/1.1" 404 0 "-" "Mozilla/5.0 (compatible; ImagesiftBot; +imagesift.com)"
74.80.208.79 - - [03/Apr/2025:15:53:31 -0400] "GET /wp-json/wp/v2/posts/1706 HTTP/1.1" 404 0 "-" "Mozilla/5.0 (compatible; ImagesiftBot; +imagesift.com)"
74.80.208.79 - - [03/Apr/2025:15:53:34 -0400] "GET /wp-json/wp/v2/posts/2066 HTTP/1.1" 404 0 "-" "Mozilla/5.0 (compatible; ImagesiftBot; +imagesift.com)"
74.80.208.79 - - [03/Apr/2025:15:53:36 -0400] "GET /jobs-related-to-maids-in-atlantageorgia-that-pay-more-than-the-average-maid-salary/feed/ HTTP/1.1" 404 1251 "-" "Mozilla/5.0 (compatible; ImagesiftBot; +imagesift.com)"
74.80.208.79 - - [03/Apr/2025:15:53:41 -0400] "GET /wp-json/wp/v2/posts/1690 HTTP/1.1" 404 1251 "-" "Mozilla/5.0 (compatible; ImagesiftBot; +imagesift.com)"
74.80.208.79 - - [03/Apr/2025:15:53:42 -0400] "GET /face-filter-apps-to-enhance-your-selfie-game/ HTTP/1.1" 404 1251 "-" "Mozilla/5.0 (compatible; ImagesiftBot; +imagesift.com)"
74.80.208.79 - - [03/Apr/2025:15:53:44 -0400] "GET /welcome-the-power-with-you-on-halloween-with-these-star-wars-outfits/ HTTP/1.1" 404 1251 "-" "Mozilla/5.0 (compatible; ImagesiftBot; +imagesift.com)"
74.80.208.79 - - [03/Apr/2025:15:53:45 -0400] "GET /what-is-sex-therapy/ HTTP/1.1" 404 1251 "-" "Mozilla/5.0 (compatible; ImagesiftBot; +imagesift.com)"
74.80.208.79 - - [03/Apr/2025:15:53:51 -0400] "GET /page/38/ HTTP/1.1" 404 1251 "-" "Mozilla/5.0 (compatible; ImagesiftBot; +imagesift.com)"
74.80.208.79 - - [03/Apr/2025:15:53:58 -0400] "GET /customize-your-phone-case-with-phone-case-stickers/ HTTP/1.1" 404 1251 "-" "Mozilla/5.0 (compatible; ImagesiftBot; +imagesift.com)"
74.80.208.79 - - [03/Apr/2025:15:53:59 -0400] "GET /postnatal-recovery/ HTTP/1.1" 404 1251 "-" "Mozilla/5.0 (compatible; ImagesiftBot; +imagesift.com)"
74.80.208.79 - - [03/Apr/2025:15:54:01 -0400] "GET /lawyer-hattingen/ HTTP/1.1" 404 1251 "-" "Mozilla/5.0 (compatible; ImagesiftBot; +imagesift.com)"
74.80.208.79 - - [03/Apr/2025:15:54:02 -0400] "GET /wp-json/wp/v2/posts/193 HTTP/1.1" 404 1251 "-" "Mozilla/5.0 (compatible; ImagesiftBot; +imagesift.com)"
74.80.208.79 - - [03/Apr/2025:15:54:12 -0400] "GET /wp-json/wp/v2/posts/229 HTTP/1.1" 404 1251 "-" "Mozilla/5.0 (compatible; ImagesiftBot; +imagesift.com)"
74.80.208.79 - - [03/Apr/2025:15:54:22 -0400] "GET /tazarotene-uk-acne-and-psoriasis-treatment/ HTTP/1.1" 404 1251 "-" "Mozilla/5.0 (compatible; ImagesiftBot; +imagesift.com)"
74.80.208.79 - - [03/Apr/2025:15:54:24 -0400] "GET /wp-json/wp/v2/posts/1040 HTTP/1.1" 404 1251 "-" "Mozilla/5.0 (compatible; ImagesiftBot; +imagesift.com)"
74.80.208.79 - - [03/Apr/2025:15:54:30 -0400] "GET /does-rick-grimes-return-in-season-10-of-law-and-order-svu/ HTTP/1.1" 404 1251 "-" "Mozilla/5.0 (compatible; ImagesiftBot; +imagesift.com)"
74.80.208.79 - - [03/Apr/2025:15:54:31 -0400] "GET /category/activity/page/82/ HTTP/1.1" 404 1251 "-" "Mozilla/5.0 (compatible; ImagesiftBot; +imagesift.com)"
74.80.208.79 - - [03/Apr/2025:15:54:33 -0400] "GET /wp-json/wp/v2/posts/477 HTTP/1.1" 404 1251 "-" "Mozilla/5.0 (compatible; ImagesiftBot; +imagesift.com)"
52.73.212.14 - - [03/Apr/2025:15:54:34 -0400] "GET /buy-zaza-red-to-avoid-opioid-withdrawal/ HTTP/1.1" 404 1251 "-" "Grammarly/1.0 (http://www.grammarly.com)"
74.80.208.79 - - [03/Apr/2025:15:54:38 -0400] "GET /how-an-insulation-cutting-machine-can-benefit-your-fabrication-business/ HTTP/1.1" 404 1251 "-" "Mozilla/5.0 (compatible; ImagesiftBot; +imagesift.com)"
74.80.208.79 - - [03/Apr/2025:15:54:40 -0400] "GET /wp-json/wp/v2/posts/1657 HTTP/1.1" 404 1251 "-" "Mozilla/5.0 (compatible; ImagesiftBot; +imagesift.com)"
74.80.208.79 - - [03/Apr/2025:15:54:48 -0400] "GET /a-career-in-voice-acting/ HTTP/1.1" 404 1251 "-" "Mozilla/5.0 (compatible; ImagesiftBot; +imagesift.com)"
74.80.208.79 - - [03/Apr/2025:15:54:50 -0400] "GET /powerball-only-sites/ HTTP/1.1" 404 1251 "-" "Mozilla/5.0 (compatible; ImagesiftBot; +imagesift.com)"
74.80.208.79 - - [03/Apr/2025:15:54:59 -0400] "GET /wp-json/wp/v2/posts/942 HTTP/1.1" 404 1251 "-" "Mozilla/5.0 (compatible; ImagesiftBot; +imagesift.com)"
74.80.208.79 - - [03/Apr/2025:15:55:07 -0400] "GET /wp-json/wp/v2/posts/411 HTTP/1.1" 404 0 "-" "Mozilla/5.0 (compatible; ImagesiftBot; +imagesift.com)"
74.80.208.79 - - [03/Apr/2025:15:55:09 -0400] "GET /quest-ce-quun-produit-dargenterie/ HTTP/1.1" 404 1251 "-" "Mozilla/5.0 (compatible; ImagesiftBot; +imagesift.com)"
74.80.208.79 - - [03/Apr/2025:15:55:18 -0400] "GET /gutter-cleaning-services-in-winchester/ HTTP/1.1" 404 1251 "-" "Mozilla/5.0 (compatible; ImagesiftBot; +imagesift.com)"
74.80.208.79 - - [03/Apr/2025:15:55:30 -0400] "GET /wp-json/wp/v2/posts/1598 HTTP/1.1" 404 1251 "-" "Mozilla/5.0 (compatible; ImagesiftBot; +imagesift.com)"
74.80.208.79 - - [03/Apr/2025:15:55:35 -0400] "GET /wp-json/wp/v2/posts/1667 HTTP/1.1" 404 1251 "-" "Mozilla/5.0 (compatible; ImagesiftBot; +imagesift.com)"
74.80.208.79 - - [03/Apr/2025:15:55:36 -0400] "GET /wp-json/wp/v2/posts/87 HTTP/1.1" 404 1251 "-" "Mozilla/5.0 (compatible; ImagesiftBot; +imagesift.com)"
74.80.208.79 - - [03/Apr/2025:15:55:39 -0400] "GET /wp-json/wp/v2/posts/1736 HTTP/1.1" 404 1251 "-" "Mozilla/5.0 (compatible; ImagesiftBot; +imagesift.com)"
74.80.208.79 - - [03/Apr/2025:15:55:48 -0400] "GET /obsequios-para-regalar/ HTTP/1.1" 404 1251 "-" "Mozilla/5.0 (compatible; ImagesiftBot; +imagesift.com)"
74.80.208.79 - - [03/Apr/2025:15:55:53 -0400] "GET /list-building-via-youtube/ HTTP/1.1" 404 1251 "-" "Mozilla/5.0 (compatible; ImagesiftBot; +imagesift.com)"
74.80.208.79 - - [03/Apr/2025:15:55:55 -0400] "GET /dos-and-donts-for-enjoyable-online-gambling/ HTTP/1.1" 404 1251 "-" "Mozilla/5.0 (compatible; ImagesiftBot; +imagesift.com)"
74.80.208.79 - - [03/Apr/2025:15:56:05 -0400] "GET /wp-json/wp/v2/posts/1007 HTTP/1.1" 404 1251 "-" "Mozilla/5.0 (compatible; ImagesiftBot; +imagesift.com)"
74.80.208.79 - - [03/Apr/2025:15:56:14 -0400] "GET /restez-en-securite-avec-laide-dun-serrurier-a-alexandrie/ HTTP/1.1" 404 1251 "-" "Mozilla/5.0 (compatible; ImagesiftBot; +imagesift.com)"
74.80.208.79 - - [03/Apr/2025:15:56:22 -0400] "GET /mens-t-shirts/ HTTP/1.1" 404 1251 "-" "Mozilla/5.0 (compatible; ImagesiftBot; +imagesift.com)"
107.20.255.194 - - [03/Apr/2025:15:56:28 -0400] "GET /one-bernam-a-new-residential-development-in-the-heart-of-singapore/ HTTP/1.1" 404 1251 "-" "Mozilla/5.0 AppleWebKit/537.36 (KHTML, like Gecko; compatible; Amazonbot/0.1; +https://developer.amazon.com/support/amazonbot) Chrome/119.0.6045.214 Safari/537.36"
74.80.208.79 - - [03/Apr/2025:15:56:30 -0400] "GET /category/activity/page/51/ HTTP/1.1" 404 1251 "-" "Mozilla/5.0 (compatible; ImagesiftBot; +imagesift.com)"
34.194.14.255 - - [03/Apr/2025:15:56:32 -0400] "GET /how-to-get-more-live-stream-viewers-on-youtube/ HTTP/1.1" 404 1251 "-" "Mozilla/5.0 AppleWebKit/537.36 (KHTML, like Gecko; compatible; Amazonbot/0.1; +https://developer.amazon.com/support/amazonbot) Chrome/119.0.6045.214 Safari/537.36"
3.212.219.113 - - [03/Apr/2025:15:56:40 -0400] "GET /vietnam-trip-top-5-things-to-do-on-a-vietnam-trip/ HTTP/1.1" 404 1251 "-" "Mozilla/5.0 AppleWebKit/537.36 (KHTML, like Gecko; compatible; Amazonbot/0.1; +https://developer.amazon.com/support/amazonbot) Chrome/119.0.6045.214 Safari/537.36"
74.80.208.79 - - [03/Apr/2025:15:56:43 -0400] "GET /category/activity/page/68/ HTTP/1.1" 404 1251 "-" "Mozilla/5.0 (compatible; ImagesiftBot; +imagesift.com)"
44.221.227.90 - - [03/Apr/2025:15:56:44 -0400] "GET /bedside-touch-lamps-uk-2/ HTTP/1.1" 404 1251 "-" "Mozilla/5.0 AppleWebKit/537.36 (KHTML, like Gecko; compatible; Amazonbot/0.1; +https://developer.amazon.com/support/amazonbot) Chrome/119.0.6045.214 Safari/537.36"
74.80.208.79 - - [03/Apr/2025:15:56:55 -0400] "GET /wp-json/wp/v2/posts/660 HTTP/1.1" 404 1251 "-" "Mozilla/5.0 (compatible; ImagesiftBot; +imagesift.com)"
18.205.91.101 - - [03/Apr/2025:15:56:56 -0400] "GET /how-to-delete-a-repost-on-tiktok/ HTTP/1.1" 404 1251 "-" "Mozilla/5.0 AppleWebKit/537.36 (KHTML, like Gecko; compatible; Amazonbot/0.1; +https://developer.amazon.com/support/amazonbot) Chrome/119.0.6045.214 Safari/537.36"
44.206.93.215 - - [03/Apr/2025:15:57:00 -0400] "GET /the-expertise-of-steuerberater-hattingen/ HTTP/1.1" 404 1251 "-" "Mozilla/5.0 AppleWebKit/537.36 (KHTML, like Gecko; compatible; Amazonbot/0.1; +https://developer.amazon.com/support/amazonbot) Chrome/119.0.6045.214 Safari/537.36"
74.80.208.79 - - [03/Apr/2025:15:57:02 -0400] "GET /top-refrigerant-recovery-machine/ HTTP/1.1" 404 1251 "-" "Mozilla/5.0 (compatible; ImagesiftBot; +imagesift.com)"
74.80.208.79 - - [03/Apr/2025:15:57:03 -0400] "GET /wp-json/wp/v2/posts/1746 HTTP/1.1" 404 1251 "-" "Mozilla/5.0 (compatible; ImagesiftBot; +imagesift.com)"
74.80.208.79 - - [03/Apr/2025:15:57:04 -0400] "GET /page/67/ HTTP/1.1" 404 1251 "-" "Mozilla/5.0 (compatible; ImagesiftBot; +imagesift.com)"
74.80.208.79 - - [03/Apr/2025:15:57:06 -0400] "GET /wp-json/wp/v2/posts/944 HTTP/1.1" 404 1251 "-" "Mozilla/5.0 (compatible; ImagesiftBot; +imagesift.com)"
74.80.208.79 - - [03/Apr/2025:15:57:08 -0400] "GET /what-is-entrepreneur-mentorship/ HTTP/1.1" 404 1251 "-" "Mozilla/5.0 (compatible; ImagesiftBot; +imagesift.com)"
52.54.249.218 - - [03/Apr/2025:15:57:08 -0400] "GET /reusable-iced-coffee-cups/ HTTP/1.1" 404 1251 "-" "Mozilla/5.0 AppleWebKit/537.36 (KHTML, like Gecko; compatible; Amazonbot/0.1; +https://developer.amazon.com/support/amazonbot) Chrome/119.0.6045.214 Safari/537.36"
74.80.208.79 - - [03/Apr/2025:15:57:10 -0400] "GET /wp-json/wp/v2/posts/1017 HTTP/1.1" 404 1251 "-" "Mozilla/5.0 (compatible; ImagesiftBot; +imagesift.com)"
34.233.114.237 - - [03/Apr/2025:15:57:12 -0400] "GET /gambling-sports/ HTTP/1.1" 404 1251 "-" "Mozilla/5.0 AppleWebKit/537.36 (KHTML, like Gecko; compatible; Amazonbot/0.1; +https://developer.amazon.com/support/amazonbot) Chrome/119.0.6045.214 Safari/537.36"
74.80.208.79 - - [03/Apr/2025:15:57:14 -0400] "GET /what-is-file-transfers/feed/ HTTP/1.1" 404 1251 "-" "Mozilla/5.0 (compatible; ImagesiftBot; +imagesift.com)"
54.166.104.83 - - [03/Apr/2025:15:57:16 -0400] "GET /revolutionizing-fertility-care-in-sharjah/ HTTP/1.1" 404 1251 "-" "Mozilla/5.0 AppleWebKit/537.36 (KHTML, like Gecko; compatible; Amazonbot/0.1; +https://developer.amazon.com/support/amazonbot) Chrome/119.0.6045.214 Safari/537.36"
74.80.208.79 - - [03/Apr/2025:15:57:24 -0400] "GET /wp-json/wp/v2/posts/1756 HTTP/1.1" 404 1251 "-" "Mozilla/5.0 (compatible; ImagesiftBot; +imagesift.com)"
184.73.195.18 - - [03/Apr/2025:15:57:24 -0400] "GET /medical-and-recreational-uses-of-cannabis/ HTTP/1.1" 404 1251 "-" "Mozilla/5.0 AppleWebKit/537.36 (KHTML, like Gecko; compatible; Amazonbot/0.1; +https://developer.amazon.com/support/amazonbot) Chrome/119.0.6045.214 Safari/537.36"
34.205.163.103 - - [03/Apr/2025:15:57:28 -0400] "GET /traditional-bookmakers-williamhill-and-ladbrokes-vs-betting-exchanges-betfair-and-betdaq/ HTTP/1.1" 404 1251 "-" "Mozilla/5.0 AppleWebKit/537.36 (KHTML, like Gecko; compatible; Amazonbot/0.1; +https://developer.amazon.com/support/amazonbot) Chrome/119.0.6045.214 Safari/537.36"
74.80.208.79 - - [03/Apr/2025:15:57:30 -0400] "GET /cairnhill-16-apartment-a-new-freehold-condo-development-in-district-9/ HTTP/1.1" 404 1251 "-" "Mozilla/5.0 (compatible; ImagesiftBot; +imagesift.com)"
54.225.98.148 - - [03/Apr/2025:15:57:32 -0400] "GET /plastic-recycling-machines/ HTTP/1.1" 404 1251 "-" "Mozilla/5.0 AppleWebKit/537.36 (KHTML, like Gecko; compatible; Amazonbot/0.1; +https://developer.amazon.com/support/amazonbot) Chrome/119.0.6045.214 Safari/537.36"
74.80.208.79 - - [03/Apr/2025:15:57:35 -0400] "GET /how-to-get-into-the-voice-over-business/ HTTP/1.1" 404 1251 "-" "Mozilla/5.0 (compatible; ImagesiftBot; +imagesift.com)"
98.83.8.142 - - [03/Apr/2025:15:57:40 -0400] "GET /unlocking-the-promise-of-pharmagrade/ HTTP/1.1" 404 1251 "-" "Mozilla/5.0 AppleWebKit/537.36 (KHTML, like Gecko; compatible; Amazonbot/0.1; +https://developer.amazon.com/support/amazonbot) Chrome/119.0.6045.214 Safari/537.36"
74.80.208.79 - - [03/Apr/2025:15:57:44 -0400] "GET /rent-a-car-in-prishtina/ HTTP/1.1" 404 1251 "-" "Mozilla/5.0 (compatible; ImagesiftBot; +imagesift.com)"
3.90.73.206 - - [03/Apr/2025:15:57:44 -0400] "GET /red-velvet-cake-who-invented-it/ HTTP/1.1" 404 1251 "-" "Mozilla/5.0 AppleWebKit/537.36 (KHTML, like Gecko; compatible; Amazonbot/0.1; +https://developer.amazon.com/support/amazonbot) Chrome/119.0.6045.214 Safari/537.36"
74.80.208.79 - - [03/Apr/2025:15:57:46 -0400] "GET /rent-a-boat-in-bali/ HTTP/1.1" 404 1251 "-" "Mozilla/5.0 (compatible; ImagesiftBot; +imagesift.com)"
34.234.200.207 - - [03/Apr/2025:15:57:48 -0400] "GET /the-perfect-painting-job-every-time/ HTTP/1.1" 404 1251 "-" "Mozilla/5.0 AppleWebKit/537.36 (KHTML, like Gecko; compatible; Amazonbot/0.1; +https://developer.amazon.com/support/amazonbot) Chrome/119.0.6045.214 Safari/537.36"
163.5.91.98 - - [03/Apr/2025:15:57:54 -0400] "GET /what-does-a-lawyer-do/ HTTP/1.1" 404 1251 "-" "Mozilla/5.0 (Windows NT 10.0; WOW64; x64) AppleWebKit/537.36 (KHTML, like Gecko) Chrome/114.0.0.0 Safari/537.36 OPR/89.0.4447.51"
74.80.208.79 - - [03/Apr/2025:15:57:54 -0400] "GET /wp-json/wp/v2/posts/414 HTTP/1.1" 404 1251 "-" "Mozilla/5.0 (compatible; ImagesiftBot; +imagesift.com)"
163.5.91.98 - - [03/Apr/2025:15:57:55 -0400] "GET / HTTP/1.1" 200 156255 "-" "Mozilla/5.0 (Windows NT 10.0; WOW64; x64) AppleWebKit/537.36 (KHTML, like Gecko) Chrome/114.0.0.0 Safari/537.36 OPR/89.0.4447.51"
18.235.158.19 - - [03/Apr/2025:15:57:56 -0400] "GET /learn-to-master-the-online-casino-poker/ HTTP/1.1" 404 1251 "-" "Mozilla/5.0 AppleWebKit/537.36 (KHTML, like Gecko; compatible; Amazonbot/0.1; +https://developer.amazon.com/support/amazonbot) Chrome/119.0.6045.214 Safari/537.36"
163.5.91.98 - - [03/Apr/2025:15:58:01 -0400] "GET /s/ref=nb_sb_noss?url=search-alias%3Dtoys&field-keywords= HTTP/1.1" 404 1251 "https://prettechengineering.com" "Mozilla/5.0 (Windows NT 10.0; WOW64; x64) AppleWebKit/537.36 (KHTML, like Gecko) Chrome/114.0.0.0 Safari/537.36 OPR/89.0.4447.51"
163.5.91.98 - - [03/Apr/2025:15:58:02 -0400] "GET /s/ref=nb_sb_noss?url=search-alias%3Dtoys&field-keywords= HTTP/1.1" 404 1251 "https://prettechengineering.com" "Mozilla/5.0 (Windows NT 10.0; WOW64; x64) AppleWebKit/537.36 (KHTML, like Gecko) Chrome/114.0.0.0 Safari/537.36 OPR/89.0.4447.51"
163.5.91.98 - - [03/Apr/2025:15:58:03 -0400] "GET /s/ref=nb_sb_noss?url=search-alias%3Dtoys&field-keywords= HTTP/1.1" 404 1251 "https://prettechengineering.com" "Mozilla/5.0 (Windows NT 10.0; WOW64; x64) AppleWebKit/537.36 (KHTML, like Gecko) Chrome/114.0.0.0 Safari/537.36 OPR/89.0.4447.51"
74.80.208.79 - - [03/Apr/2025:15:58:04 -0400] "GET /wp-json/wp/v2/posts/1027 HTTP/1.1" 404 1251 "-" "Mozilla/5.0 (compatible; ImagesiftBot; +imagesift.com)"
163.5.91.98 - - [03/Apr/2025:15:58:04 -0400] "GET /s/ref=nb_sb_noss?url=search-alias%3Dtoys&field-keywords= HTTP/1.1" 404 1251 "https://prettechengineering.com" "Mozilla/5.0 (Windows NT 10.0; WOW64; x64) AppleWebKit/537.36 (KHTML, like Gecko) Chrome/114.0.0.0 Safari/537.36 OPR/89.0.4447.51"
163.5.91.98 - - [03/Apr/2025:15:58:05 -0400] "GET /what-does-a-lawyer-do/ HTTP/1.1" 404 1251 "-" "Mozilla/5.0 (Windows NT 10.0; WOW64; x64) AppleWebKit/537.36 (KHTML, like Gecko) Chrome/114.0.0.0 Safari/537.36 OPR/89.0.4447.51"
74.80.208.79 - - [03/Apr/2025:15:58:05 -0400] "GET /wp-json/wp/v2/posts/1080 HTTP/1.1" 404 1251 "-" "Mozilla/5.0 (compatible; ImagesiftBot; +imagesift.com)"
74.80.208.79 - - [03/Apr/2025:15:58:07 -0400] "GET /category/activity/page/37/ HTTP/1.1" 404 1251 "-" "Mozilla/5.0 (compatible; ImagesiftBot; +imagesift.com)"
52.4.213.199 - - [03/Apr/2025:15:58:09 -0400] "GET /how-to-get-moving-quotes-online/ HTTP/1.1" 404 1251 "-" "Mozilla/5.0 AppleWebKit/537.36 (KHTML, like Gecko; compatible; Amazonbot/0.1; +https://developer.amazon.com/support/amazonbot) Chrome/119.0.6045.214 Safari/537.36"
74.80.208.79 - - [03/Apr/2025:15:58:10 -0400] "GET /wp-json/wp/v2/posts/131 HTTP/1.1" 404 1251 "-" "Mozilla/5.0 (compatible; ImagesiftBot; +imagesift.com)"
74.80.208.79 - - [03/Apr/2025:15:58:12 -0400] "GET /wp-json/wp/v2/posts/946 HTTP/1.1" 404 1251 "-" "Mozilla/5.0 (compatible; ImagesiftBot; +imagesift.com)"
74.80.208.79 - - [03/Apr/2025:15:58:13 -0400] "GET /wp-json/wp/v2/posts/198 HTTP/1.1" 404 1251 "-" "Mozilla/5.0 (compatible; ImagesiftBot; +imagesift.com)"
74.80.208.79 - - [03/Apr/2025:15:58:15 -0400] "GET /dewormer-for-cancer-what-you-need-to-know/ HTTP/1.1" 404 1251 "-" "Mozilla/5.0 (compatible; ImagesiftBot; +imagesift.com)"
54.83.240.58 - - [03/Apr/2025:15:58:16 -0400] "GET /the-best-fertility-clinic-dubai/ HTTP/1.1" 404 1251 "-" "Mozilla/5.0 AppleWebKit/537.36 (KHTML, like Gecko; compatible; Amazonbot/0.1; +https://developer.amazon.com/support/amazonbot) Chrome/119.0.6045.214 Safari/537.36"
34.224.132.215 - - [03/Apr/2025:15:58:20 -0400] "GET /top-three-most-popular-indoor-soccer-variations/ HTTP/1.1" 404 1251 "-" "Mozilla/5.0 AppleWebKit/537.36 (KHTML, like Gecko; compatible; Amazonbot/0.1; +https://developer.amazon.com/support/amazonbot) Chrome/119.0.6045.214 Safari/537.36"
74.80.208.79 - - [03/Apr/2025:15:58:24 -0400] "GET /how-to-delete-a-pin-on-pinterest/ HTTP/1.1" 404 1251 "-" "Mozilla/5.0 (compatible; ImagesiftBot; +imagesift.com)"
3.90.73.206 - - [03/Apr/2025:15:58:24 -0400] "GET /hill-house-tv-review/ HTTP/1.1" 404 1251 "-" "Mozilla/5.0 AppleWebKit/537.36 (KHTML, like Gecko; compatible; Amazonbot/0.1; +https://developer.amazon.com/support/amazonbot) Chrome/119.0.6045.214 Safari/537.36"
44.207.252.58 - - [03/Apr/2025:15:58:28 -0400] "GET /how-to-choose-a-cabinet-for-a-modern-kitchen/ HTTP/1.1" 404 1251 "-" "Mozilla/5.0 AppleWebKit/537.36 (KHTML, like Gecko; compatible; Amazonbot/0.1; +https://developer.amazon.com/support/amazonbot) Chrome/119.0.6045.214 Safari/537.36"
52.204.81.148 - - [03/Apr/2025:15:58:32 -0400] "GET /the-need-for-a-pokemon-book-series/ HTTP/1.1" 404 1251 "-" "Mozilla/5.0 AppleWebKit/537.36 (KHTML, like Gecko; compatible; Amazonbot/0.1; +https://developer.amazon.com/support/amazonbot) Chrome/119.0.6045.214 Safari/537.36"
54.83.180.239 - - [03/Apr/2025:15:58:36 -0400] "GET /the-los-angeles-river-drainage-center-of-the-city/ HTTP/1.1" 404 1251 "-" "Mozilla/5.0 AppleWebKit/537.36 (KHTML, like Gecko; compatible; Amazonbot/0.1; +https://developer.amazon.com/support/amazonbot) Chrome/119.0.6045.214 Safari/537.36"
74.80.208.79 - - [03/Apr/2025:15:58:39 -0400] "GET /trampoline-grip-socks/ HTTP/1.1" 404 1251 "-" "Mozilla/5.0 (compatible; ImagesiftBot; +imagesift.com)"
74.80.208.79 - - [03/Apr/2025:15:58:40 -0400] "GET /wp-json/wp/v2/posts/1845 HTTP/1.1" 404 1251 "-" "Mozilla/5.0 (compatible; ImagesiftBot; +imagesift.com)"
54.159.98.248 - - [03/Apr/2025:15:58:44 -0400] "GET /online-apartment-leasing-leads-how-to-find-them-and-how-to-win-them/ HTTP/1.1" 404 1251 "-" "Mozilla/5.0 AppleWebKit/537.36 (KHTML, like Gecko; compatible; Amazonbot/0.1; +https://developer.amazon.com/support/amazonbot) Chrome/119.0.6045.214 Safari/537.36"
52.6.97.88 - - [03/Apr/2025:15:58:48 -0400] "GET /decoding-the-dynamics-of-youtube-views/ HTTP/1.1" 404 1251 "-" "Mozilla/5.0 AppleWebKit/537.36 (KHTML, like Gecko; compatible; Amazonbot/0.1; +https://developer.amazon.com/support/amazonbot) Chrome/119.0.6045.214 Safari/537.36"
74.80.208.79 - - [03/Apr/2025:15:58:49 -0400] "GET /grip-socks-for-football/ HTTP/1.1" 404 1251 "-" "Mozilla/5.0 (compatible; ImagesiftBot; +imagesift.com)"
74.80.208.79 - - [03/Apr/2025:15:58:50 -0400] "GET /gambling-slots/ HTTP/1.1" 404 1251 "-" "Mozilla/5.0 (compatible; ImagesiftBot; +imagesift.com)"
52.200.58.199 - - [03/Apr/2025:15:58:56 -0400] "GET /the-allure-of-pesach-programs/ HTTP/1.1" 404 1251 "-" "Mozilla/5.0 AppleWebKit/537.36 (KHTML, like Gecko; compatible; Amazonbot/0.1; +https://developer.amazon.com/support/amazonbot) Chrome/119.0.6045.214 Safari/537.36"
23.21.179.27 - - [03/Apr/2025:15:59:00 -0400] "GET /youtube-traffic-for-business/ HTTP/1.1" 404 1251 "-" "Mozilla/5.0 AppleWebKit/537.36 (KHTML, like Gecko; compatible; Amazonbot/0.1; +https://developer.amazon.com/support/amazonbot) Chrome/119.0.6045.214 Safari/537.36"
74.80.208.79 - - [03/Apr/2025:15:59:04 -0400] "GET /tennis-prediction-10-key-strategies-to-improve-your-tennis-predictions/ HTTP/1.1" 404 1251 "-" "Mozilla/5.0 (compatible; ImagesiftBot; +imagesift.com)"
3.226.106.93 - - [03/Apr/2025:15:59:04 -0400] "GET /the-magic-secret-for-real-estate-investors/ HTTP/1.1" 404 1251 "-" "Mozilla/5.0 AppleWebKit/537.36 (KHTML, like Gecko; compatible; Amazonbot/0.1; +https://developer.amazon.com/support/amazonbot) Chrome/119.0.6045.214 Safari/537.36"
52.204.253.129 - - [03/Apr/2025:15:59:08 -0400] "GET /how-to-lock-your-tesla-model-3/ HTTP/1.1" 404 1251 "-" "Mozilla/5.0 AppleWebKit/537.36 (KHTML, like Gecko; compatible; Amazonbot/0.1; +https://developer.amazon.com/support/amazonbot) Chrome/119.0.6045.214 Safari/537.36"
100.29.34.97 - - [03/Apr/2025:15:59:12 -0400] "GET /the-basics-of-property-rentals/ HTTP/1.1" 404 1251 "-" "Mozilla/5.0 AppleWebKit/537.36 (KHTML, like Gecko; compatible; Amazonbot/0.1; +https://developer.amazon.com/support/amazonbot) Chrome/119.0.6045.214 Safari/537.36"
54.85.126.86 - - [03/Apr/2025:15:59:16 -0400] "GET /wordle-today-how-to-guess-what-todays-wordle-answer-is/ HTTP/1.1" 404 1251 "-" "Mozilla/5.0 AppleWebKit/537.36 (KHTML, like Gecko; compatible; Amazonbot/0.1; +https://developer.amazon.com/support/amazonbot) Chrome/119.0.6045.214 Safari/537.36"
74.80.208.79 - - [03/Apr/2025:15:59:17 -0400] "GET /trade-and-travel-review-is-teri-ijeoma-a-scam/ HTTP/1.1" 404 1251 "-" "Mozilla/5.0 (compatible; ImagesiftBot; +imagesift.com)"
74.80.208.79 - - [03/Apr/2025:15:59:23 -0400] "GET /wp-json/wp/v2/posts/416 HTTP/1.1" 404 1251 "-" "Mozilla/5.0 (compatible; ImagesiftBot; +imagesift.com)"
3.94.156.104 - - [03/Apr/2025:15:59:24 -0400] "GET /commercial-locksmith-services-2/ HTTP/1.1" 404 1251 "-" "Mozilla/5.0 AppleWebKit/537.36 (KHTML, like Gecko; compatible; Amazonbot/0.1; +https://developer.amazon.com/support/amazonbot) Chrome/119.0.6045.214 Safari/537.36"
54.197.114.76 - - [03/Apr/2025:15:59:28 -0400] "GET /sample-page/ HTTP/1.1" 404 1251 "-" "Mozilla/5.0 AppleWebKit/537.36 (KHTML, like Gecko; compatible; Amazonbot/0.1; +https://developer.amazon.com/support/amazonbot) Chrome/119.0.6045.214 Safari/537.36"
74.80.208.79 - - [03/Apr/2025:15:59:31 -0400] "GET /plantation-shutters-newcastle-stylish-affordable-and-easy-to-clean/ HTTP/1.1" 404 1251 "-" "Mozilla/5.0 (compatible; ImagesiftBot; +imagesift.com)"
35.171.141.42 - - [03/Apr/2025:15:59:36 -0400] "GET /obsequios-para-regalar/ HTTP/1.1" 404 1251 "-" "Mozilla/5.0 AppleWebKit/537.36 (KHTML, like Gecko; compatible; Amazonbot/0.1; +https://developer.amazon.com/support/amazonbot) Chrome/119.0.6045.214 Safari/537.36"
74.80.208.79 - - [03/Apr/2025:15:59:40 -0400] "GET /wp-json/wp/v2/posts/664 HTTP/1.1" 404 1251 "-" "Mozilla/5.0 (compatible; ImagesiftBot; +imagesift.com)"
74.80.208.79 - - [03/Apr/2025:15:59:41 -0400] "GET /category/activity/page/6/ HTTP/1.1" 404 1251 "-" "Mozilla/5.0 (compatible; ImagesiftBot; +imagesift.com)"
74.80.208.79 - - [03/Apr/2025:15:59:43 -0400] "GET /what-types-of-autism-therapy-are-available/ HTTP/1.1" 404 1251 "-" "Mozilla/5.0 (compatible; ImagesiftBot; +imagesift.com)"
52.204.71.8 - - [03/Apr/2025:15:59:44 -0400] "GET /fenbendazole-and-gemcitabine-for-pancreatic-cancer/ HTTP/1.1" 404 1251 "-" "Mozilla/5.0 AppleWebKit/537.36 (KHTML, like Gecko; compatible; Amazonbot/0.1; +https://developer.amazon.com/support/amazonbot) Chrome/119.0.6045.214 Safari/537.36"
74.80.208.79 - - [03/Apr/2025:15:59:45 -0400] "GET /newport-residences-in-singapore/ HTTP/1.1" 404 1251 "-" "Mozilla/5.0 (compatible; ImagesiftBot; +imagesift.com)"
74.80.208.79 - - [03/Apr/2025:15:59:52 -0400] "GET /wp-json/wp/v2/posts/133 HTTP/1.1" 404 1251 "-" "Mozilla/5.0 (compatible; ImagesiftBot; +imagesift.com)"
54.204.12.115 - - [03/Apr/2025:15:59:57 -0400] "GET /lake-garda-is-a-hidden-gem-of-northern-italy/ HTTP/1.1" 404 1251 "-" "Mozilla/5.0 AppleWebKit/537.36 (KHTML, like Gecko; compatible; Amazonbot/0.1; +https://developer.amazon.com/support/amazonbot) Chrome/119.0.6045.214 Safari/537.36"
74.80.208.79 - - [03/Apr/2025:15:59:59 -0400] "GET /wp-json/wp/v2/posts/1855 HTTP/1.1" 404 1251 "-" "Mozilla/5.0 (compatible; ImagesiftBot; +imagesift.com)"
98.80.130.239 - - [03/Apr/2025:16:00:04 -0400] "GET /dental-surgery-equipment/ HTTP/1.1" 404 1251 "-" "Mozilla/5.0 AppleWebKit/537.36 (KHTML, like Gecko; compatible; Amazonbot/0.1; +https://developer.amazon.com/support/amazonbot) Chrome/119.0.6045.214 Safari/537.36"
74.80.208.79 - - [03/Apr/2025:16:00:08 -0400] "GET /where-to-buy-youtube-views-and-subscriptions/ HTTP/1.1" 404 0 "-" "Mozilla/5.0 (compatible; ImagesiftBot; +imagesift.com)"
3.217.171.106 - - [03/Apr/2025:16:00:09 -0400] "GET /real-estate-training-guide-how-to-become-a-successful-real-estate-agent/ HTTP/1.1" 404 1251 "-" "Mozilla/5.0 AppleWebKit/537.36 (KHTML, like Gecko; compatible; Amazonbot/0.1; +https://developer.amazon.com/support/amazonbot) Chrome/119.0.6045.214 Safari/537.36"
54.90.244.132 - - [03/Apr/2025:16:00:10 -0400] "GET /customized-fuzzy-socks/ HTTP/1.1" 404 1251 "-" "Mozilla/5.0 AppleWebKit/537.36 (KHTML, like Gecko; compatible; Amazonbot/0.1; +https://developer.amazon.com/support/amazonbot) Chrome/119.0.6045.214 Safari/537.36"
74.80.208.79 - - [03/Apr/2025:16:00:10 -0400] "GET /wp-json/wp/v2/posts/948 HTTP/1.1" 404 0 "-" "Mozilla/5.0 (compatible; ImagesiftBot; +imagesift.com)"
74.80.208.79 - - [03/Apr/2025:16:00:17 -0400] "GET /wp-json/wp/v2/posts/1057 HTTP/1.1" 404 0 "-" "Mozilla/5.0 (compatible; ImagesiftBot; +imagesift.com)"
44.205.192.249 - - [03/Apr/2025:16:00:17 -0400] "GET /free-qr-code-generator/ HTTP/1.1" 404 1251 "-" "Mozilla/5.0 AppleWebKit/537.36 (KHTML, like Gecko; compatible; Amazonbot/0.1; +https://developer.amazon.com/support/amazonbot) Chrome/119.0.6045.214 Safari/537.36"
74.80.208.79 - - [03/Apr/2025:16:00:19 -0400] "GET /why-choose-a-digital-marketing-agency-for-facebook-ads/ HTTP/1.1" 404 0 "-" "Mozilla/5.0 (compatible; ImagesiftBot; +imagesift.com)"
74.80.208.79 - - [03/Apr/2025:16:00:20 -0400] "GET /enjoy-the-five-amazing-lakes-of-udaipur-with-your-loved-ones/ HTTP/1.1" 404 1251 "-" "Mozilla/5.0 (compatible; ImagesiftBot; +imagesift.com)"
74.80.208.79 - - [03/Apr/2025:16:00:24 -0400] "GET /how-the-lava-lamp-works/ HTTP/1.1" 404 1251 "-" "Mozilla/5.0 (compatible; ImagesiftBot; +imagesift.com)"
44.195.145.102 - - [03/Apr/2025:16:00:24 -0400] "GET /have-you-got-the-beauty-salon-equipment-your-clients-need/ HTTP/1.1" 404 1251 "-" "Mozilla/5.0 AppleWebKit/537.36 (KHTML, like Gecko; compatible; Amazonbot/0.1; +https://developer.amazon.com/support/amazonbot) Chrome/119.0.6045.214 Safari/537.36"
54.80.185.200 - - [03/Apr/2025:16:00:26 -0400] "GET /the-most-effective-method-to-make-a-sweeping-fasten-on-a-serger-particularly-on-a-child-lock/ HTTP/1.1" 404 1251 "-" "Mozilla/5.0 AppleWebKit/537.36 (KHTML, like Gecko; compatible; Amazonbot/0.1; +https://developer.amazon.com/support/amazonbot) Chrome/119.0.6045.214 Safari/537.36"
47.82.32.160 - - [03/Apr/2025:16:00:28 -0400] "GET / HTTP/1.1" 200 156255 "https://www.google.com/" "Mozilla/5.0 (Windows NT 10.0; Win64; x64) AppleWebKit/537.36 (KHTML, like Gecko) Chrome/132.0.0.0 Safari/537.36"
74.80.208.79 - - [03/Apr/2025:16:00:28 -0400] "GET /a-kiddush-fountain-adds-a-unique-touch-to-your-shabbat-and-holiday-tables/ HTTP/1.1" 404 1251 "-" "Mozilla/5.0 (compatible; ImagesiftBot; +imagesift.com)"
34.192.125.239 - - [03/Apr/2025:16:00:32 -0400] "GET /how-to-see-blocked-accounts-on-instagram/ HTTP/1.1" 404 1251 "-" "Mozilla/5.0 AppleWebKit/537.36 (KHTML, like Gecko; compatible; Amazonbot/0.1; +https://developer.amazon.com/support/amazonbot) Chrome/119.0.6045.214 Safari/537.36"
74.80.208.79 - - [03/Apr/2025:16:00:34 -0400] "GET /purple-laptop-un-gadget-di-moda/ HTTP/1.1" 404 1251 "-" "Mozilla/5.0 (compatible; ImagesiftBot; +imagesift.com)"
74.80.208.79 - - [03/Apr/2025:16:00:35 -0400] "GET /wp-json/wp/v2/posts/1067 HTTP/1.1" 404 1251 "-" "Mozilla/5.0 (compatible; ImagesiftBot; +imagesift.com)"
