213.136.81.226 - - [01/Apr/2025:22:02:11 -0400] "GET /wp-includes/classwithtostring.php HTTP/1.1" 404 1251 "https://www.google.com" "Mozilla/5.0 (Linux; Android 7.0; SM-G892A Build/NRD90M; wv) AppleWebKit/537.36 (KHTML, Gecko) Version/4.0 Chrome/60.0.3112.107 Mobile Safari/537.36"
213.136.81.226 - - [01/Apr/2025:22:02:17 -0400] "GET /wp-includes/rk2.php HTTP/1.1" 404 1251 "https://www.google.com" "Mozilla/5.0 (Linux; Android 7.0; SM-G892A Build/NRD90M; wv) AppleWebKit/537.36 (KHTML, Gecko) Version/4.0 Chrome/60.0.3112.107 Mobile Safari/537.36"
13.229.78.155 - - [01/Apr/2025:22:01:39 -0400] "POST /xmlrpc.php HTTP/1.1" 200 0 "-" "python-httpx/0.22.0"
213.136.81.226 - - [01/Apr/2025:22:02:22 -0400] "GET /wp-admin/maint/fie.php HTTP/1.1" 404 1251 "https://www.google.com" "Mozilla/5.0 (Linux; Android 7.0; SM-G892A Build/NRD90M; wv) AppleWebKit/537.36 (KHTML, Gecko) Version/4.0 Chrome/60.0.3112.107 Mobile Safari/537.36"
213.136.81.226 - - [01/Apr/2025:22:02:28 -0400] "GET /wp-content/index.php HTTP/1.1" 200 0 "https://www.google.com" "Mozilla/5.0 (Linux; Android 7.0; SM-G892A Build/NRD90M; wv) AppleWebKit/537.36 (KHTML, Gecko) Version/4.0 Chrome/60.0.3112.107 Mobile Safari/537.36"
213.136.81.226 - - [01/Apr/2025:22:02:34 -0400] "GET /wp-content/plugins/fix/up.php HTTP/1.1" 404 1251 "https://www.google.com" "Mozilla/5.0 (Linux; Android 7.0; SM-G892A Build/NRD90M; wv) AppleWebKit/537.36 (KHTML, Gecko) Version/4.0 Chrome/60.0.3112.107 Mobile Safari/537.36"
213.136.81.226 - - [01/Apr/2025:22:02:35 -0400] "GET /wp-admin/maint/file.php HTTP/1.1" 404 1251 "https://www.google.com" "Mozilla/5.0 (Linux; Android 7.0; SM-G892A Build/NRD90M; wv) AppleWebKit/537.36 (KHTML, Gecko) Version/4.0 Chrome/60.0.3112.107 Mobile Safari/537.36"
213.136.81.226 - - [01/Apr/2025:22:02:35 -0400] "GET /file.php HTTP/1.1" 404 1251 "https://www.google.com" "Mozilla/5.0 (Linux; Android 7.0; SM-G892A Build/NRD90M; wv) AppleWebKit/537.36 (KHTML, Gecko) Version/4.0 Chrome/60.0.3112.107 Mobile Safari/537.36"
213.136.81.226 - - [01/Apr/2025:22:02:36 -0400] "GET /wp-includes/file.php HTTP/1.1" 404 1251 "https://www.google.com" "Mozilla/5.0 (Linux; Android 7.0; SM-G892A Build/NRD90M; wv) AppleWebKit/537.36 (KHTML, Gecko) Version/4.0 Chrome/60.0.3112.107 Mobile Safari/537.36"
213.136.81.226 - - [01/Apr/2025:22:02:37 -0400] "GET /go.php HTTP/1.1" 404 1251 "https://www.google.com" "Mozilla/5.0 (Linux; Android 7.0; SM-G892A Build/NRD90M; wv) AppleWebKit/537.36 (KHTML, Gecko) Version/4.0 Chrome/60.0.3112.107 Mobile Safari/537.36"
213.136.81.226 - - [01/Apr/2025:22:02:37 -0400] "GET /wp-includes/widgets/past.php HTTP/1.1" 404 1251 "https://www.google.com" "Mozilla/5.0 (Linux; Android 7.0; SM-G892A Build/NRD90M; wv) AppleWebKit/537.36 (KHTML, Gecko) Version/4.0 Chrome/60.0.3112.107 Mobile Safari/537.36"
13.229.78.155 - - [01/Apr/2025:22:01:59 -0400] "POST /xmlrpc.php HTTP/1.1" 200 0 "-" "python-httpx/0.22.0"
213.136.81.226 - - [01/Apr/2025:22:02:43 -0400] "GET /wp-admin/includes/lint-branch.php HTTP/1.1" 404 1251 "https://www.google.com" "Mozilla/5.0 (Linux; Android 7.0; SM-G892A Build/NRD90M; wv) AppleWebKit/537.36 (KHTML, Gecko) Version/4.0 Chrome/60.0.3112.107 Mobile Safari/537.36"
213.136.81.226 - - [01/Apr/2025:22:02:43 -0400] "GET /autoload_classmap.php HTTP/1.1" 404 1251 "https://www.google.com" "Mozilla/5.0 (Linux; Android 7.0; SM-G892A Build/NRD90M; wv) AppleWebKit/537.36 (KHTML, Gecko) Version/4.0 Chrome/60.0.3112.107 Mobile Safari/537.36"
213.136.81.226 - - [01/Apr/2025:22:02:44 -0400] "GET /wp-content/plugins/pwnd/pwnd.php HTTP/1.1" 404 1251 "https://www.google.com" "Mozilla/5.0 (Linux; Android 7.0; SM-G892A Build/NRD90M; wv) AppleWebKit/537.36 (KHTML, Gecko) Version/4.0 Chrome/60.0.3112.107 Mobile Safari/537.36"
213.136.81.226 - - [01/Apr/2025:22:02:44 -0400] "GET /wp-content/plugins/init-help/init.php HTTP/1.1" 404 1251 "https://www.google.com" "Mozilla/5.0 (Linux; Android 7.0; SM-G892A Build/NRD90M; wv) AppleWebKit/537.36 (KHTML, Gecko) Version/4.0 Chrome/60.0.3112.107 Mobile Safari/537.36"
213.136.81.226 - - [01/Apr/2025:22:02:45 -0400] "GET /wp-content/plugins/pwnd-1/pwnd.php HTTP/1.1" 404 1251 "https://www.google.com" "Mozilla/5.0 (Linux; Android 7.0; SM-G892A Build/NRD90M; wv) AppleWebKit/537.36 (KHTML, Gecko) Version/4.0 Chrome/60.0.3112.107 Mobile Safari/537.36"
213.136.81.226 - - [01/Apr/2025:22:02:45 -0400] "GET /wp-content/plugins/simple/simple.php HTTP/1.1" 404 1251 "https://www.google.com" "Mozilla/5.0 (Linux; Android 7.0; SM-G892A Build/NRD90M; wv) AppleWebKit/537.36 (KHTML, Gecko) Version/4.0 Chrome/60.0.3112.107 Mobile Safari/537.36"
213.136.81.226 - - [01/Apr/2025:22:02:46 -0400] "GET /worksec.php HTTP/1.1" 404 1251 "https://www.google.com" "Mozilla/5.0 (Linux; Android 7.0; SM-G892A Build/NRD90M; wv) AppleWebKit/537.36 (KHTML, Gecko) Version/4.0 Chrome/60.0.3112.107 Mobile Safari/537.36"
213.136.81.226 - - [01/Apr/2025:22:02:51 -0400] "GET /wp-content/worksec.php HTTP/1.1" 404 1251 "https://www.google.com" "Mozilla/5.0 (Linux; Android 7.0; SM-G892A Build/NRD90M; wv) AppleWebKit/537.36 (KHTML, Gecko) Version/4.0 Chrome/60.0.3112.107 Mobile Safari/537.36"
213.136.81.226 - - [01/Apr/2025:22:02:52 -0400] "GET /wp-content/languages/index.php HTTP/1.1" 404 1251 "https://www.google.com" "Mozilla/5.0 (Linux; Android 7.0; SM-G892A Build/NRD90M; wv) AppleWebKit/537.36 (KHTML, Gecko) Version/4.0 Chrome/60.0.3112.107 Mobile Safari/537.36"
213.136.81.226 - - [01/Apr/2025:22:02:58 -0400] "GET /wp-content/plugins/index.php HTTP/1.1" 200 0 "https://www.google.com" "Mozilla/5.0 (Linux; Android 7.0; SM-G892A Build/NRD90M; wv) AppleWebKit/537.36 (KHTML, Gecko) Version/4.0 Chrome/60.0.3112.107 Mobile Safari/537.36"
13.229.78.155 - - [01/Apr/2025:22:02:19 -0400] "POST /xmlrpc.php HTTP/1.1" 200 0 "-" "python-httpx/0.22.0"
5.255.231.57 - - [01/Apr/2025:22:03:01 -0400] "GET /robots.txt HTTP/1.1" 304 0 "-" "Mozilla/5.0 (compatible; YandexBot/3.0; +http://yandex.com/bots)"
95.108.213.228 - - [01/Apr/2025:22:03:02 -0400] "GET /post-sitemap.xml HTTP/1.1" 404 1251 "-" "Mozilla/5.0 (compatible; YandexBot/3.0; +http://yandex.com/bots)"
213.136.81.226 - - [01/Apr/2025:22:03:04 -0400] "GET /wp-content/themes/index.php HTTP/1.1" 200 0 "https://www.google.com" "Mozilla/5.0 (Linux; Android 7.0; SM-G892A Build/NRD90M; wv) AppleWebKit/537.36 (KHTML, Gecko) Version/4.0 Chrome/60.0.3112.107 Mobile Safari/537.36"
34.169.31.233 - - [01/Apr/2025:22:03:09 -0400] "GET /how-to-write-for-new-magazines-as-a-freelance-writer/ HTTP/1.1" 404 1251 "-" "Mozilla/5.0 (Macintosh; Intel Mac OS X 10_15_7) AppleWebKit/605.1.15 (KHTML, like Gecko) Version/17.0 Safari/605.1.15"
213.136.81.226 - - [01/Apr/2025:22:03:10 -0400] "GET /wp-content/upgrade/index.php HTTP/1.1" 404 1251 "https://www.google.com" "Mozilla/5.0 (Linux; Android 7.0; SM-G892A Build/NRD90M; wv) AppleWebKit/537.36 (KHTML, Gecko) Version/4.0 Chrome/60.0.3112.107 Mobile Safari/537.36"
213.136.81.226 - - [01/Apr/2025:22:03:11 -0400] "GET /wp-content/uploads/index.php HTTP/1.1" 404 1251 "https://www.google.com" "Mozilla/5.0 (Linux; Android 7.0; SM-G892A Build/NRD90M; wv) AppleWebKit/537.36 (KHTML, Gecko) Version/4.0 Chrome/60.0.3112.107 Mobile Safari/537.36"
213.136.81.226 - - [01/Apr/2025:22:03:12 -0400] "GET /wp-includes/index.php HTTP/1.1" 404 1251 "https://www.google.com" "Mozilla/5.0 (Linux; Android 7.0; SM-G892A Build/NRD90M; wv) AppleWebKit/537.36 (KHTML, Gecko) Version/4.0 Chrome/60.0.3112.107 Mobile Safari/537.36"
13.229.78.155 - - [01/Apr/2025:22:02:39 -0400] "POST /xmlrpc.php HTTP/1.1" 200 0 "-" "python-httpx/0.22.0"
13.229.78.155 - - [01/Apr/2025:22:02:59 -0400] "POST /xmlrpc.php HTTP/1.1" 200 0 "-" "python-httpx/0.22.0"
13.229.78.155 - - [01/Apr/2025:22:03:19 -0400] "POST /xmlrpc.php HTTP/1.1" 200 0 "-" "python-httpx/0.22.0"
13.229.78.155 - - [01/Apr/2025:22:03:39 -0400] "POST /xmlrpc.php HTTP/1.1" 200 0 "-" "python-httpx/0.22.0"
13.229.78.155 - - [01/Apr/2025:22:04:00 -0400] "POST /xmlrpc.php HTTP/1.1" 200 0 "-" "python-httpx/0.22.0"
13.229.78.155 - - [01/Apr/2025:22:04:19 -0400] "POST /xmlrpc.php HTTP/1.1" 200 0 "-" "python-httpx/0.22.0"
13.229.78.155 - - [01/Apr/2025:22:04:40 -0400] "POST /xmlrpc.php HTTP/1.1" 200 0 "-" "python-httpx/0.22.0"
13.229.78.155 - - [01/Apr/2025:22:05:00 -0400] "POST /xmlrpc.php HTTP/1.1" 200 0 "-" "python-httpx/0.22.0"
13.229.78.155 - - [01/Apr/2025:22:05:20 -0400] "POST /xmlrpc.php HTTP/1.1" 200 0 "-" "python-httpx/0.22.0"
13.229.78.155 - - [01/Apr/2025:22:06:00 -0400] "POST /xmlrpc.php HTTP/1.1" 200 0 "-" "python-httpx/0.22.0"
13.229.78.155 - - [01/Apr/2025:22:05:40 -0400] "POST /xmlrpc.php HTTP/1.1" 200 0 "-" "python-httpx/0.22.0"
4.227.36.12 - - [01/Apr/2025:22:07:55 -0400] "GET /robots.txt HTTP/1.1" 200 23 "-" "Mozilla/5.0 AppleWebKit/537.36 (KHTML, like Gecko; compatible; GPTBot/1.2; +https://openai.com/gptbot)"
212.8.248.108 - - [01/Apr/2025:22:12:12 -0400] "GET /sports-programming-for-the-special-someone-in-your-life-from-directv-the-sports-leader-in-sate</p> HTTP/1.1" 404 1251 "-" "Mozilla/5.0 (Windows NT 10.0; Win64; x64) AppleWebKit/537.36 (KHTML, like Gecko) Chrome/118.0.0.0 Safari/537.36"
34.19.85.195 - - [01/Apr/2025:22:14:19 -0400] "GET /how-to-choose-a-family-dentist-that-is-best-for-you/ HTTP/1.1" 404 1251 "-" "Mozilla/5.0 (Macintosh; Intel Mac OS X 10.15; rv:109.0) Gecko/20100101 Firefox/116.0"
34.145.20.211 - - [01/Apr/2025:22:17:22 -0400] "GET /michael-kors-handbag-sales/ HTTP/1.1" 404 1251 "-" "Mozilla/5.0 (Windows NT 10.0; Win64; x64) AppleWebKit/537.36 (KHTML, like Gecko) Chrome/123.0.0.0 Safari/537.36"
145.14.135.200 - - [01/Apr/2025:22:17:44 -0400] "GET /diamond-painting-accessories/ HTTP/1.1" 404 1251 "-" "Mozilla/5.0 (Windows NT 10.0; Win64; x64) AppleWebKit/537.36 (KHTML, like Gecko) Chrome/118.0.0.0 Safari/537.36"
145.14.135.200 - - [01/Apr/2025:22:17:44 -0400] "GET /diamond-painting-accessories/ HTTP/1.1" 404 1251 "-" "Mozilla/5.0 (Windows NT 10.0; Win64; x64) AppleWebKit/537.36 (KHTML, like Gecko) Chrome/118.0.0.0 Safari/537.36"
34.127.29.78 - - [01/Apr/2025:22:21:43 -0400] "GET /the-ultimate-guide-to-tile-cleaning-services/ HTTP/1.1" 404 1251 "-" "Mozilla/5.0 (Macintosh; Intel Mac OS X 10_15_7) AppleWebKit/605.1.15 (KHTML, like Gecko) Version/17.0 Safari/605.1.15"
111.225.149.209 - - [01/Apr/2025:22:24:46 -0400] "GET /how-to-choose-the-best-online-casinos-and-sportsbooks/ HTTP/1.1" 404 1251 "-" "Mozilla/5.0 (Linux; Android 5.0) AppleWebKit/537.36 (KHTML, like Gecko) Mobile Safari/537.36 (compatible; Bytespider; https://zhanzhang.toutiao.com/)"
198.54.114.83 - - [01/Apr/2025:22:26:22 -0400] "POST /wp-admin/admin-ajax.php?action=async_litespeed&nonce=ZrOXgGpvmWTSN4Sss9BNxz4dD4RjUIAk&litespeed_type=imgoptm HTTP/1.1" 200 0 "-" "WordPress/6.7.2; https://stannswarehouse.com"
34.83.238.29 - - [01/Apr/2025:22:29:42 -0400] "GET /what-is-galling-and-how-to-prevent-it/ HTTP/1.1" 404 1251 "-" "Mozilla/5.0 (Macintosh; Intel Mac OS X 10.15; rv:109.0) Gecko/20100101 Firefox/116.0"
34.19.85.195 - - [01/Apr/2025:22:32:51 -0400] "GET /how-a-photographer-can-improve-your-dating-profile/ HTTP/1.1" 404 1251 "-" "Mozilla/5.0 (Macintosh; Intel Mac OS X 10_15_7) AppleWebKit/605.1.15 (KHTML, like Gecko) Version/17.0 Safari/605.1.15"
85.208.96.212 - - [01/Apr/2025:22:34:20 -0400] "GET /category/activity/page/84/ HTTP/1.1" 404 1251 "-" "Mozilla/5.0 (compatible; SemrushBot/7~bl; +http://www.semrush.com/bot.html)"
34.169.31.233 - - [01/Apr/2025:22:35:47 -0400] "GET /how-to-sub-for-baking-soda/ HTTP/1.1" 404 1251 "-" "Mozilla/5.0 (Macintosh; Intel Mac OS X 10_15_7) AppleWebKit/605.1.15 (KHTML, like Gecko) Version/17.0 Safari/605.1.15"
34.169.31.233 - - [01/Apr/2025:22:35:47 -0400] "GET /slot-gas/ HTTP/1.1" 404 1251 "-" "Mozilla/5.0 (Windows NT 10.0; Win64; x64) AppleWebKit/537.36 (KHTML, like Gecko) Chrome/123.0.0.0 Safari/537.36"
18.97.9.98 - - [01/Apr/2025:22:47:42 -0400] "GET /the-evolution-of-vintage-turkish-rugs HTTP/1.1" 404 1251 "-" "Mozilla/5.0 AppleWebKit/537.36 (KHTML, like Gecko; compatible; PerplexityBot/1.0; +https://perplexity.ai/perplexitybot)"
34.127.29.78 - - [01/Apr/2025:22:49:44 -0400] "GET /e-cigarettes-and-youth/ HTTP/1.1" 404 1251 "-" "Mozilla/5.0 (Macintosh; Intel Mac OS X 10_15_7) AppleWebKit/605.1.15 (KHTML, like Gecko) Version/17.0 Safari/605.1.15"
198.54.114.83 - - [01/Apr/2025:22:52:16 -0400] "POST /wp-admin/admin-ajax.php?action=async_litespeed&nonce=KnF8vg3z289RspmqfNjdMzFq4EBrlhId&litespeed_type=imgoptm HTTP/1.1" 200 0 "-" "WordPress/6.7.2; https://stannswarehouse.com"
13.58.164.55 - - [01/Apr/2025:22:54:47 -0400] "GET /robots.txt HTTP/1.1" 304 0 "-" "Mozilla/5.0 AppleWebKit/537.36 (KHTML, like Gecko; compatible; ClaudeBot/1.0; +claudebot@anthropic.com)"
13.58.164.55 - - [01/Apr/2025:22:54:47 -0400] "GET /betting-money-site HTTP/1.1" 404 1251 "-" "Mozilla/5.0 AppleWebKit/537.36 (KHTML, like Gecko; compatible; ClaudeBot/1.0; +claudebot@anthropic.com)"
198.54.114.83 - - [01/Apr/2025:23:18:20 -0400] "POST /wp-admin/admin-ajax.php?action=async_litespeed&nonce=IZdvlJxcLxq2VIfHZo4Lx4GcjHCi1LqE&litespeed_type=imgoptm HTTP/1.1" 200 0 "-" "WordPress/6.7.2; https://stannswarehouse.com"
2a02:598:96:8a00::1200:127 - - [01/Apr/2025:23:20:52 -0400] "GET /artist-profile-pilou-pilou/ HTTP/1.1" 404 1251 "-" "Mozilla/5.0 (compatible; SeznamBot/4.0; +https://o-seznam.cz/napoveda/vyhledavani/en/seznambot-crawler/)"
2a02:598:96:8a00::1200:127 - - [01/Apr/2025:23:20:52 -0400] "GET /robots.txt HTTP/1.1" 200 23 "-" "Mozilla/5.0 (compatible; SeznamBot/4.0; +https://o-seznam.cz/napoveda/vyhledavani/en/seznambot-crawler/)"
58.221.37.82 - - [01/Apr/2025:23:21:27 -0400] "GET / HTTP/1.1" 200 156148 "https://www.google.com/" "Mozilla/5.0 (Linux; Android 12; Infinix X6817) AppleWebKit/537.36 (KHTML, like Gecko) Chrome/105.0.0.0 Mobile Safari/537.36"
58.221.37.82 - - [01/Apr/2025:23:21:27 -0400] "GET / HTTP/1.1" 200 156148 "https://www.google.com/" "Mozilla/5.0 (Linux; Android 10; K) AppleWebKit/537.36 (KHTML, like Gecko) Chrome/133.0.0.0 Mobile Safari/537.36"
58.254.68.93 - - [01/Apr/2025:23:21:46 -0400] "GET /barack-obama-slot-machine-critical-overview/ HTTP/1.1" 404 1251 "https://stannswarehouse.com" "Mozilla/5.0 (Windows NT 10.0; Win64; x64) AppleWebKit/537.36 (KHTML, like Gecko) Chrome/62.0.3202.94 Safari/537.36"
58.254.68.93 - - [01/Apr/2025:23:21:52 -0400] "GET /barack-obama-slot-machine-critical-overview/ HTTP/1.1" 404 1251 "https://stannswarehouse.com" "Mozilla/5.0 (Windows NT 10.0; Win64; x64) AppleWebKit/537.36 (KHTML, like Gecko) Chrome/62.0.3202.94 Safari/537.36"
58.254.68.93 - - [01/Apr/2025:23:21:54 -0400] "GET /barack-obama-slot-machine-critical-overview/ HTTP/1.1" 404 1251 "https://stannswarehouse.com" "Mozilla/5.0 (Windows NT 10.0; Win64; x64) AppleWebKit/537.36 (KHTML, like Gecko) Chrome/62.0.3202.94 Safari/537.36"
58.254.68.93 - - [01/Apr/2025:23:21:58 -0400] "GET /barack-obama-slot-machine-critical-overview/ HTTP/1.1" 404 1251 "https://stannswarehouse.com" "Mozilla/5.0 (Windows NT 10.0; Win64; x64) AppleWebKit/537.36 (KHTML, like Gecko) Chrome/62.0.3202.94 Safari/537.36"
52.167.144.216 - - [01/Apr/2025:23:22:48 -0400] "GET /the-world-of-online-gift-card-purchases/ HTTP/1.1" 404 1251 "-" "Mozilla/5.0 AppleWebKit/537.36 (KHTML, like Gecko; compatible; bingbot/2.0; +http://www.bing.com/bingbot.htm) Chrome/116.0.1938.76 Safari/537.36"
185.191.171.13 - - [01/Apr/2025:23:23:04 -0400] "GET /enhancing-efficiency-and-durability/ HTTP/1.1" 404 1251 "-" "Mozilla/5.0 (compatible; SemrushBot/7~bl; +http://www.semrush.com/bot.html)"
2a02:598:96:8a00::1200:13d - - [01/Apr/2025:23:26:42 -0400] "GET /comment-supprimer-son-compte-1xbet/ HTTP/1.1" 404 1251 "-" "Mozilla/5.0 (compatible; SeznamBot/4.0; +https://o-seznam.cz/napoveda/vyhledavani/en/seznambot-crawler/)"
2a02:598:96:8a00::1200:127 - - [01/Apr/2025:23:26:56 -0400] "GET /best-thermal-paste-for-gpu/ HTTP/1.1" 404 1251 "-" "Mozilla/5.0 (compatible; SeznamBot/4.0; +https://o-seznam.cz/napoveda/vyhledavani/en/seznambot-crawler/)"
2a02:598:96:8a00::1200:13d - - [01/Apr/2025:23:28:56 -0400] "GET /lake-garda-wedding-packages-prices/ HTTP/1.1" 404 1251 "-" "Mozilla/5.0 (compatible; SeznamBot/4.0; +https://o-seznam.cz/napoveda/vyhledavani/en/seznambot-crawler/)"
2a02:598:96:8a00::1200:127 - - [01/Apr/2025:23:35:10 -0400] "GET /what-should-my-marketing-budget-be/ HTTP/1.1" 404 1251 "-" "Mozilla/5.0 (compatible; SeznamBot/4.0; +https://o-seznam.cz/napoveda/vyhledavani/en/seznambot-crawler/)"
2a02:598:96:8a00::1200:13d - - [01/Apr/2025:23:36:05 -0400] "GET /a-journey-through-its-infinite-realms/ HTTP/1.1" 404 1251 "-" "Mozilla/5.0 (compatible; SeznamBot/4.0; +https://o-seznam.cz/napoveda/vyhledavani/en/seznambot-crawler/)"
2a02:598:96:8a00::1200:127 - - [01/Apr/2025:23:41:04 -0400] "GET /choosing-a-blank-apparel-supplier/ HTTP/1.1" 404 1251 "-" "Mozilla/5.0 (compatible; SeznamBot/4.0; +https://o-seznam.cz/napoveda/vyhledavani/en/seznambot-crawler/)"
198.54.114.83 - - [01/Apr/2025:23:44:38 -0400] "POST /wp-admin/admin-ajax.php?action=async_litespeed&nonce=90RANcxB2ItYzXzY0YCyuxKfLav6NshH&litespeed_type=imgoptm HTTP/1.1" 200 0 "-" "WordPress/6.7.2; https://stannswarehouse.com"
47.82.27.220 - - [01/Apr/2025:23:49:15 -0400] "GET /the-myst-condo-in-upper-bukit-timah/ HTTP/1.1" 404 1251 "-" "Mozilla/5.0 (iPhone; CPU iPhone OS 17_0_3 like Mac OS X) AppleWebKit/605.1.15 (KHTML, like Gecko) Version/17.0 Mobile/15E148 Safari/604.1 OPX/2.2.0"
2a02:598:96:8a00::1200:13d - - [01/Apr/2025:23:50:16 -0400] "GET /the-ultimate-guide-to-tile-cleaning-services/ HTTP/1.1" 404 1251 "-" "Mozilla/5.0 (compatible; SeznamBot/4.0; +https://o-seznam.cz/napoveda/vyhledavani/en/seznambot-crawler/)"
47.82.17.113 - - [01/Apr/2025:23:50:58 -0400] "GET /bitcoin-mixer/ HTTP/1.1" 404 1251 "-" "Mozilla/5.0 (Windows NT 10.0; Win64; x64) AppleWebKit/537.36 (KHTML, like Gecko) Chrome/121.0.0.0 Safari/537.36 Edg/121.0.0.0"
47.82.15.140 - - [01/Apr/2025:23:52:55 -0400] "GET /bitcoin-mixer/ HTTP/1.1" 404 1251 "-" "Mozilla/5.0 (iPhone; CPU iPhone OS 17_3 like Mac OS X) AppleWebKit/605.1.15 (KHTML, like Gecko) EdgiOS/121.0.2277.107 Version/17.0 Mobile/15E148 Safari/604.1"
2a02:598:96:8a00::1200:127 - - [01/Apr/2025:23:57:59 -0400] "GET /credit-repair-services/ HTTP/1.1" 404 1251 "-" "Mozilla/5.0 (compatible; SeznamBot/4.0; +https://o-seznam.cz/napoveda/vyhledavani/en/seznambot-crawler/)"
47.79.118.40 - - [01/Apr/2025:23:59:53 -0400] "GET /the-myst-condo-in-upper-bukit-timah/ HTTP/1.1" 404 1251 "-" "Mozilla/5.0 (Windows NT 10.0; Win64; x64) AppleWebKit/537.36 (KHTML, like Gecko) Chrome/121.0.0.0 Safari/537.36 Edg/121.0.0.0"
2a02:598:96:8a00::1200:13d - - [02/Apr/2025:00:00:44 -0400] "GET /how-to-compare-conservatories-prices-in-merthyr-tydfil/ HTTP/1.1" 404 1251 "-" "Mozilla/5.0 (compatible; SeznamBot/4.0; +https://o-seznam.cz/napoveda/vyhledavani/en/seznambot-crawler/)"
66.249.66.34 - - [02/Apr/2025:00:05:26 -0400] "GET /a-modern-convenience/ HTTP/1.1" 404 1251 "-" "Mozilla/5.0 (Linux; Android 6.0.1; Nexus 5X Build/MMB29P) AppleWebKit/537.36 (KHTML, like Gecko) Chrome/134.0.6998.165 Mobile Safari/537.36 (compatible; Googlebot/2.1; +http://www.google.com/bot.html)"
2a02:598:96:8a00::1200:127 - - [02/Apr/2025:00:06:02 -0400] "GET /how-to-use-a-youtube-shorts-downloader/ HTTP/1.1" 404 1251 "-" "Mozilla/5.0 (compatible; SeznamBot/4.0; +https://o-seznam.cz/napoveda/vyhledavani/en/seznambot-crawler/)"
185.7.214.64 - - [02/Apr/2025:00:07:48 -0400] "GET /wp-login.php HTTP/1.1" 200 1716 "-" "Mozilla/5.0 (Linux; Android 12; Pixel 6) AppleWebKit/537.36 (KHTML, like Gecko) Chrome/99.0.4844.58 Mobile Safari/537.36"
198.54.114.83 - - [02/Apr/2025:00:07:59 -0400] "POST /wp-cron.php?doing_wp_cron=1743566878.5423469543457031250000 HTTP/1.1" 200 0 "-" "WordPress/6.7.2; https://stannswarehouse.com"
185.7.214.64 - - [02/Apr/2025:00:07:49 -0400] "GET /wp-login.php?wp_lang=en_US HTTP/1.1" 200 1717 "-" "Mozilla/5.0 (Windows NT 10.0; Win64; x64) AppleWebKit/537.36 (KHTML, like Gecko) Chrome/107.0.0.0 Safari/537.36"
198.54.114.83 - - [02/Apr/2025:00:08:00 -0400] "POST /wp-admin/admin-ajax.php?action=async_litespeed&nonce=R4mpekwwPq3pKpk5y5OHl16ZMXLGbjlG&litespeed_type=imgoptm HTTP/1.1" 200 0 "-" "WordPress/6.7.2; https://stannswarehouse.com"
66.249.66.33 - - [02/Apr/2025:00:09:00 -0400] "GET /vita-glow-skin-whitening-night-cream-review/ HTTP/1.1" 404 1251 "-" "Mozilla/5.0 (Linux; Android 6.0.1; Nexus 5X Build/MMB29P) AppleWebKit/537.36 (KHTML, like Gecko) Chrome/134.0.6998.165 Mobile Safari/537.36 (compatible; Googlebot/2.1; +http://www.google.com/bot.html)"
198.54.114.83 - - [02/Apr/2025:00:09:01 -0400] "POST /wp-cron.php?doing_wp_cron=1743566941.4173879623413085937500 HTTP/1.1" 200 0 "-" "WordPress/6.7.2; https://stannswarehouse.com"
185.7.214.64 - - [02/Apr/2025:00:08:01 -0400] "POST /wp-login.php?wp_lang=en_US HTTP/1.1" 200 1843 "-" "Mozilla/5.0 (Windows NT 10.0; Win64; x64) AppleWebKit/537.36 (KHTML, like Gecko) Chrome/107.0.0.0 Safari/537.36"
198.54.114.83 - - [02/Apr/2025:00:09:03 -0400] "POST /wp-admin/admin-ajax.php?action=async_litespeed&nonce=aoGrAh0LIvfsOzuy6F6YlERANsz6AxVm&litespeed_type=imgoptm HTTP/1.1" 200 0 "-" "WordPress/6.7.2; https://stannswarehouse.com"
221.202.27.194 - - [02/Apr/2025:00:09:14 -0400] "GET /wp-login.php?wp_lang=en_US HTTP/1.1" 200 1717 "-" "Mozilla/5.0 (Windows NT 10.0; Win64; x64) AppleWebKit/537.36 (KHTML, like Gecko) Chrome/101.0.4951.67 Safari/537.36"
2a02:598:96:8a00::1200:13d - - [02/Apr/2025:00:09:18 -0400] "GET /exploring-the-multifaceted-channels-of-modern-communication/ HTTP/1.1" 404 1251 "-" "Mozilla/5.0 (compatible; SeznamBot/4.0; +https://o-seznam.cz/napoveda/vyhledavani/en/seznambot-crawler/)"
221.202.27.194 - - [02/Apr/2025:00:09:20 -0400] "POST /wp-login.php?wp_lang=en_US HTTP/1.1" 200 1843 "-" "Mozilla/5.0 (Windows NT 10.0; Win64; x64) AppleWebKit/537.36 (KHTML, like Gecko) Chrome/101.0.4951.67 Safari/537.36"
198.54.114.83 - - [02/Apr/2025:00:09:34 -0400] "POST /wp-cron.php?doing_wp_cron=1743566974.5907180309295654296875 HTTP/1.1" 200 0 "-" "WordPress/6.7.2; https://stannswarehouse.com"
221.202.27.194 - - [02/Apr/2025:00:09:34 -0400] "GET /wp-login.php?wp_lang=en_US HTTP/1.1" 200 1717 "-" "Mozilla/5.0 (Windows NT 10.0; Win64; x64) AppleWebKit/537.36 (KHTML, like Gecko) Chrome/116.0.0.0 Safari/537.36"
198.54.114.83 - - [02/Apr/2025:00:09:35 -0400] "POST /wp-admin/admin-ajax.php?action=async_litespeed&nonce=LYMuTrGL1JBANHeumwftGjQrDHUb7FdX&litespeed_type=imgoptm HTTP/1.1" 200 0 "-" "WordPress/6.7.2; https://stannswarehouse.com"
221.202.27.194 - - [02/Apr/2025:00:09:38 -0400] "POST /wp-login.php?wp_lang=en_US HTTP/1.1" 200 1843 "-" "Mozilla/5.0 (Windows NT 10.0; Win64; x64) AppleWebKit/537.36 (KHTML, like Gecko) Chrome/116.0.0.0 Safari/537.36"
2a02:598:96:8a00::1200:127 - - [02/Apr/2025:00:02:44 -0400] "GET /what-to-look-for-in-a-watch-repair-professional/ HTTP/1.1" 404 1251 "-" "Mozilla/5.0 (compatible; SeznamBot/4.0; +https://o-seznam.cz/napoveda/vyhledavani/en/seznambot-crawler/)"
2a02:598:96:8a00::1200:13d - - [02/Apr/2025:00:03:06 -0400] "GET /custom-grip-socks/ HTTP/1.1" 404 1251 "-" "Mozilla/5.0 (compatible; SeznamBot/4.0; +https://o-seznam.cz/napoveda/vyhledavani/en/seznambot-crawler/)"
66.249.66.33 - - [02/Apr/2025:00:05:24 -0400] "GET /robots.txt HTTP/1.1" 304 0 "-" "Mozilla/5.0 (compatible; Googlebot/2.1; +http://www.google.com/bot.html)"
221.202.27.194 - - [02/Apr/2025:00:09:43 -0400] "GET /wp-login.php?wp_lang=en_US HTTP/1.1" 200 1717 "-" "Mozilla/5.0 (Windows NT 10.0; Win64; x64) AppleWebKit/537.36 (KHTML, like Gecko) Chrome/100.0.4896.75 Safari/537.36"
221.202.27.194 - - [02/Apr/2025:00:09:47 -0400] "POST /wp-login.php?wp_lang=en_US HTTP/1.1" 200 1843 "-" "Mozilla/5.0 (Windows NT 10.0; Win64; x64) AppleWebKit/537.36 (KHTML, like Gecko) Chrome/100.0.4896.75 Safari/537.36"
198.54.114.83 - - [02/Apr/2025:00:09:54 -0400] "POST /wp-cron.php?doing_wp_cron=1743566994.0431239604949951171875 HTTP/1.1" 200 0 "-" "WordPress/6.7.2; https://stannswarehouse.com"
221.202.27.194 - - [02/Apr/2025:00:09:53 -0400] "GET /wp-login.php?wp_lang=en_US HTTP/1.1" 200 1717 "-" "Mozilla/5.0 (Windows NT 10.0; Win64; x64) AppleWebKit/537.36 (KHTML, like Gecko) Chrome/100.0.4896.75 Safari/537.36"
2a02:598:96:8a00::1200:127 - - [02/Apr/2025:00:09:57 -0400] "GET /new-innovations-in-online-gambling/ HTTP/1.1" 404 1251 "-" "Mozilla/5.0 (compatible; SeznamBot/4.0; +https://o-seznam.cz/napoveda/vyhledavani/en/seznambot-crawler/)"
221.202.27.194 - - [02/Apr/2025:00:09:59 -0400] "POST /wp-login.php?wp_lang=en_US HTTP/1.1" 200 1843 "-" "Mozilla/5.0 (Windows NT 10.0; Win64; x64) AppleWebKit/537.36 (KHTML, like Gecko) Chrome/100.0.4896.75 Safari/537.36"
221.202.27.194 - - [02/Apr/2025:00:10:14 -0400] "GET /wp-login.php?wp_lang=en_US HTTP/1.1" 200 1717 "-" "Mozilla/5.0 (Windows NT 10.0; Win64; x64) AppleWebKit/537.36 (KHTML, like Gecko) Chrome/99.0.4844.51 Safari/537.36"
221.202.27.194 - - [02/Apr/2025:00:10:19 -0400] "POST /wp-login.php?wp_lang=en_US HTTP/1.1" 200 1843 "-" "Mozilla/5.0 (Windows NT 10.0; Win64; x64) AppleWebKit/537.36 (KHTML, like Gecko) Chrome/99.0.4844.51 Safari/537.36"
198.54.114.83 - - [02/Apr/2025:00:10:28 -0400] "POST /wp-cron.php?doing_wp_cron=1743567028.1831359863281250000000 HTTP/1.1" 200 0 "-" "WordPress/6.7.2; https://stannswarehouse.com"
221.202.27.194 - - [02/Apr/2025:00:10:27 -0400] "GET /wp-login.php?wp_lang=en_US HTTP/1.1" 200 1717 "-" "Mozilla/5.0 (Windows NT 10.0; Win64; x64) AppleWebKit/537.36 (KHTML, like Gecko) Chrome/99.0.4844.51 Safari/537.36 Edg/99.0.1150.30"
198.54.114.83 - - [02/Apr/2025:00:10:29 -0400] "POST /wp-admin/admin-ajax.php?action=async_litespeed&nonce=HodIUQjv02gOSz37WSblWBP8dCWRG38R&litespeed_type=imgoptm HTTP/1.1" 200 0 "-" "WordPress/6.7.2; https://stannswarehouse.com"
221.202.27.194 - - [02/Apr/2025:00:10:33 -0400] "POST /wp-login.php?wp_lang=en_US HTTP/1.1" 200 1843 "-" "Mozilla/5.0 (Windows NT 10.0; Win64; x64) AppleWebKit/537.36 (KHTML, like Gecko) Chrome/99.0.4844.51 Safari/537.36 Edg/99.0.1150.30"
221.202.27.194 - - [02/Apr/2025:00:10:41 -0400] "GET /wp-login.php?wp_lang=en_US HTTP/1.1" 200 1717 "-" "Mozilla/5.0 (Macintosh; Intel Mac OS X 10_15_7) AppleWebKit/605.1.15 (KHTML, like Gecko) Version/15.5 Safari/605.1.15"
221.202.27.194 - - [02/Apr/2025:00:10:48 -0400] "POST /wp-login.php?wp_lang=en_US HTTP/1.1" 200 1843 "-" "Mozilla/5.0 (Macintosh; Intel Mac OS X 10_15_7) AppleWebKit/605.1.15 (KHTML, like Gecko) Version/15.5 Safari/605.1.15"
198.54.114.83 - - [02/Apr/2025:00:10:54 -0400] "POST /wp-cron.php?doing_wp_cron=1743567053.5012640953063964843750 HTTP/1.1" 200 0 "-" "WordPress/6.7.2; https://stannswarehouse.com"
221.202.27.194 - - [02/Apr/2025:00:10:52 -0400] "GET /wp-login.php?wp_lang=en_US HTTP/1.1" 200 1717 "-" "Mozilla/5.0 (Macintosh; Intel Mac OS X 10_15_7) AppleWebKit/605.1.15 (KHTML, like Gecko) Version/15.3 Safari/605.1.15"
221.202.27.194 - - [02/Apr/2025:00:10:57 -0400] "POST /wp-login.php?wp_lang=en_US HTTP/1.1" 200 1843 "-" "Mozilla/5.0 (Macintosh; Intel Mac OS X 10_15_7) AppleWebKit/605.1.15 (KHTML, like Gecko) Version/15.3 Safari/605.1.15"
221.202.27.194 - - [02/Apr/2025:00:11:02 -0400] "GET /wp-login.php?wp_lang=en_US HTTP/1.1" 200 1717 "-" "Mozilla/5.0 (Windows NT 10.0; Win64; x64) AppleWebKit/537.36 (KHTML, like Gecko) Chrome/101.0.4951.67 Safari/537.36"
221.202.27.194 - - [02/Apr/2025:00:11:06 -0400] "POST /wp-login.php?wp_lang=en_US HTTP/1.1" 200 1843 "-" "Mozilla/5.0 (Windows NT 10.0; Win64; x64) AppleWebKit/537.36 (KHTML, like Gecko) Chrome/101.0.4951.67 Safari/537.36"
221.202.27.194 - - [02/Apr/2025:00:11:12 -0400] "GET /wp-login.php?wp_lang=en_US HTTP/1.1" 200 1717 "-" "Mozilla/5.0 (Windows NT 10.0; Win64; x64) AppleWebKit/537.36 (KHTML, like Gecko) Chrome/104.0.0.0 Safari/537.36"
221.202.27.194 - - [02/Apr/2025:00:11:17 -0400] "POST /wp-login.php?wp_lang=en_US HTTP/1.1" 200 1843 "-" "Mozilla/5.0 (Windows NT 10.0; Win64; x64) AppleWebKit/537.36 (KHTML, like Gecko) Chrome/104.0.0.0 Safari/537.36"
2a02:598:96:8a00::1200:13d - - [02/Apr/2025:00:14:19 -0400] "GET /the-limitations-of-artificial-intelligence/ HTTP/1.1" 404 1251 "-" "Mozilla/5.0 (compatible; SeznamBot/4.0; +https://o-seznam.cz/napoveda/vyhledavani/en/seznambot-crawler/)"
2a02:598:96:8a00::1200:127 - - [02/Apr/2025:00:19:03 -0400] "GET /revolutionizing-convenience-the-instant-hot-and-cold-water-tap/ HTTP/1.1" 404 1251 "-" "Mozilla/5.0 (compatible; SeznamBot/4.0; +https://o-seznam.cz/napoveda/vyhledavani/en/seznambot-crawler/)"
2a02:598:96:8a00::1200:13d - - [02/Apr/2025:00:19:19 -0400] "GET /careprost-eyelash-serum-review/ HTTP/1.1" 404 1251 "-" "Mozilla/5.0 (compatible; SeznamBot/4.0; +https://o-seznam.cz/napoveda/vyhledavani/en/seznambot-crawler/)"
2a02:598:96:8a00::1200:127 - - [02/Apr/2025:00:20:58 -0400] "GET /how-to-travel-with-a-stroller-via-plane/ HTTP/1.1" 404 1251 "-" "Mozilla/5.0 (compatible; SeznamBot/4.0; +https://o-seznam.cz/napoveda/vyhledavani/en/seznambot-crawler/)"
66.249.66.38 - - [02/Apr/2025:00:21:48 -0400] "GET /isracard-phone/feed/ HTTP/1.1" 404 1251 "-" "Mozilla/5.0 (Linux; Android 6.0.1; Nexus 5X Build/MMB29P) AppleWebKit/537.36 (KHTML, like Gecko) Chrome/134.0.6998.165 Mobile Safari/537.36 (compatible; Googlebot/2.1; +http://www.google.com/bot.html)"
66.249.66.38 - - [02/Apr/2025:00:22:15 -0400] "GET /youtube-improves-comment-moderation-and-pin-comments-to-the-top-of-the-list-of-replies/ HTTP/1.1" 404 1251 "-" "Mozilla/5.0 (Linux; Android 6.0.1; Nexus 5X Build/MMB29P) AppleWebKit/537.36 (KHTML, like Gecko) Chrome/134.0.6998.165 Mobile Safari/537.36 (compatible; Googlebot/2.1; +http://www.google.com/bot.html)"
3.137.174.52 - - [02/Apr/2025:00:23:26 -0400] "GET /poker-party-poker-the-popular-poker/ HTTP/1.1" 404 1251 "-" "Mozilla/5.0 AppleWebKit/537.36 (KHTML, like Gecko; compatible; ClaudeBot/1.0; +claudebot@anthropic.com)"
2a02:598:96:8a00::1200:13d - - [02/Apr/2025:00:24:52 -0400] "GET /navigating-the-terrain-of-fast-cash-loans/ HTTP/1.1" 404 1251 "-" "Mozilla/5.0 (compatible; SeznamBot/4.0; +https://o-seznam.cz/napoveda/vyhledavani/en/seznambot-crawler/)"
66.249.66.32 - - [02/Apr/2025:00:31:27 -0400] "GET /book-a-boat-rental-in-cartagena-with-sailo/ HTTP/1.1" 404 1251 "-" "Mozilla/5.0 (Linux; Android 6.0.1; Nexus 5X Build/MMB29P) AppleWebKit/537.36 (KHTML, like Gecko) Chrome/134.0.6998.165 Mobile Safari/537.36 (compatible; Googlebot/2.1; +http://www.google.com/bot.html)"
2a02:598:96:8a00::1200:13d - - [02/Apr/2025:00:31:57 -0400] "GET /the-bodys-connective-matrix/ HTTP/1.1" 404 1251 "-" "Mozilla/5.0 (compatible; SeznamBot/4.0; +https://o-seznam.cz/napoveda/vyhledavani/en/seznambot-crawler/)"
66.249.66.33 - - [02/Apr/2025:00:32:19 -0400] "GET /composite-doors-swansea/ HTTP/1.1" 404 1251 "-" "Mozilla/5.0 (Linux; Android 6.0.1; Nexus 5X Build/MMB29P) AppleWebKit/537.36 (KHTML, like Gecko) Chrome/134.0.6998.165 Mobile Safari/537.36 (compatible; Googlebot/2.1; +http://www.google.com/bot.html)"
2a02:598:96:8a00::1200:127 - - [02/Apr/2025:00:32:53 -0400] "GET /the-sirius-power-pc-case/ HTTP/1.1" 404 1251 "-" "Mozilla/5.0 (compatible; SeznamBot/4.0; +https://o-seznam.cz/napoveda/vyhledavani/en/seznambot-crawler/)"
2a02:598:96:8a00::1200:13d - - [02/Apr/2025:00:33:06 -0400] "GET /melbourne-hotels-an-overview/ HTTP/1.1" 404 1251 "-" "Mozilla/5.0 (compatible; SeznamBot/4.0; +https://o-seznam.cz/napoveda/vyhledavani/en/seznambot-crawler/)"
2a02:598:96:8a00::1200:127 - - [02/Apr/2025:00:34:03 -0400] "GET /ameliorate-the-monotonous-setting-of-your-rooms-with-stylish-and-aesthetic-table-lamps/ HTTP/1.1" 404 1251 "-" "Mozilla/5.0 (compatible; SeznamBot/4.0; +https://o-seznam.cz/napoveda/vyhledavani/en/seznambot-crawler/)"
198.54.114.83 - - [02/Apr/2025:00:34:41 -0400] "POST /wp-admin/admin-ajax.php?action=async_litespeed&nonce=nlzYDFdfhENWe5rQTmWlJjIbkI05BSat&litespeed_type=imgoptm HTTP/1.1" 200 0 "-" "WordPress/6.7.2; https://stannswarehouse.com"
2a02:598:96:8a00::1200:13d - - [02/Apr/2025:00:35:16 -0400] "GET /ozark-trail-customer-service/ HTTP/1.1" 404 1251 "-" "Mozilla/5.0 (compatible; SeznamBot/4.0; +https://o-seznam.cz/napoveda/vyhledavani/en/seznambot-crawler/)"
66.249.66.34 - - [02/Apr/2025:00:39:10 -0400] "GET /rebuilding-from-disaster-the-essential-steps-of-flood-and-fire-restoration/ HTTP/1.1" 404 1251 "-" "Mozilla/5.0 (Linux; Android 6.0.1; Nexus 5X Build/MMB29P) AppleWebKit/537.36 (KHTML, like Gecko) Chrome/134.0.6998.165 Mobile Safari/537.36 (compatible; Googlebot/2.1; +http://www.google.com/bot.html)"
66.249.66.32 - - [02/Apr/2025:00:40:17 -0400] "GET /diy-all-natural-hair-products/feed/ HTTP/1.1" 404 1251 "-" "Mozilla/5.0 (Linux; Android 6.0.1; Nexus 5X Build/MMB29P) AppleWebKit/537.36 (KHTML, like Gecko) Chrome/134.0.6998.165 Mobile Safari/537.36 (compatible; Googlebot/2.1; +http://www.google.com/bot.html)"
66.249.66.32 - - [02/Apr/2025:00:41:22 -0400] "GET /youtube-favorites/feed/ HTTP/1.1" 404 1251 "-" "Mozilla/5.0 (Linux; Android 6.0.1; Nexus 5X Build/MMB29P) AppleWebKit/537.36 (KHTML, like Gecko) Chrome/134.0.6998.165 Mobile Safari/537.36 (compatible; Googlebot/2.1; +http://www.google.com/bot.html)"
66.249.66.34 - - [02/Apr/2025:00:42:26 -0400] "GET /window-diy-composite-doors-versus-upvc-front-door-upvc-back-door/feed/ HTTP/1.1" 404 1251 "-" "Mozilla/5.0 (Linux; Android 6.0.1; Nexus 5X Build/MMB29P) AppleWebKit/537.36 (KHTML, like Gecko) Chrome/134.0.6998.165 Mobile Safari/537.36 (compatible; Googlebot/2.1; +http://www.google.com/bot.html)"
66.249.66.34 - - [02/Apr/2025:00:43:17 -0400] "GET /die-kunst-des-schmuck-reinigens-eine-anleitung-zum-reinigen-ihres-schmucks/feed/ HTTP/1.1" 404 1251 "-" "Mozilla/5.0 (Linux; Android 6.0.1; Nexus 5X Build/MMB29P) AppleWebKit/537.36 (KHTML, like Gecko) Chrome/134.0.6998.165 Mobile Safari/537.36 (compatible; Googlebot/2.1; +http://www.google.com/bot.html)"
66.249.66.33 - - [02/Apr/2025:00:43:57 -0400] "GET /isracard-phone/ HTTP/1.1" 404 1251 "-" "Mozilla/5.0 (Linux; Android 6.0.1; Nexus 5X Build/MMB29P) AppleWebKit/537.36 (KHTML, like Gecko) Chrome/134.0.6998.165 Mobile Safari/537.36 (compatible; Googlebot/2.1; +http://www.google.com/bot.html)"
185.191.171.5 - - [02/Apr/2025:00:44:26 -0400] "GET /what-is-galling-and-how-to-prevent-it/ HTTP/1.1" 404 1251 "-" "Mozilla/5.0 (compatible; SemrushBot/7~bl; +http://www.semrush.com/bot.html)"
2a02:598:96:8a00::1200:13d - - [02/Apr/2025:00:45:08 -0400] "GET /the-evolution-of-education-empowering-minds-through-online-tutoring/ HTTP/1.1" 404 1251 "-" "Mozilla/5.0 (compatible; SeznamBot/4.0; +https://o-seznam.cz/napoveda/vyhledavani/en/seznambot-crawler/)"
2a02:598:96:8a00::1200:127 - - [02/Apr/2025:00:46:55 -0400] "GET /erhohendes-ambiente-mit-zeitlosen-designs/ HTTP/1.1" 404 1251 "-" "Mozilla/5.0 (compatible; SeznamBot/4.0; +https://o-seznam.cz/napoveda/vyhledavani/en/seznambot-crawler/)"
40.77.167.43 - - [02/Apr/2025:00:47:10 -0400] "GET /defending-justice-the-role-of-a-criminal-lawyer/feed/ HTTP/1.1" 404 1251 "-" "Mozilla/5.0 AppleWebKit/537.36 (KHTML, like Gecko; compatible; bingbot/2.0; +http://www.bing.com/bingbot.htm) Chrome/116.0.1938.76 Safari/537.36"
2a02:598:96:8a00::1200:13d - - [02/Apr/2025:00:47:50 -0400] "GET /moderne-hangelampen-eine-revolution-in-der-beleuchtung/ HTTP/1.1" 404 1251 "-" "Mozilla/5.0 (compatible; SeznamBot/4.0; +https://o-seznam.cz/napoveda/vyhledavani/en/seznambot-crawler/)"
2a02:598:96:8a00::1200:127 - - [02/Apr/2025:00:47:58 -0400] "GET /discovering-elegance-the-sora-showflat-experience/ HTTP/1.1" 404 1251 "-" "Mozilla/5.0 (compatible; SeznamBot/4.0; +https://o-seznam.cz/napoveda/vyhledavani/en/seznambot-crawler/)"
195.2.71.225 - - [02/Apr/2025:00:49:17 -0400] "GET /all-you-need-to-know-regarding-cbd-oil/ HTTP/1.1" 404 1251 "https://stannswarehouse.com/all-you-need-to-know-regarding-cbd-oil/" "Mozilla/5.0 (Windows NT 10.0; Win64; x64) AppleWebKit/537.36 (KHTML, like Gecko) Chrome/131.0.0.0 Safari/537.36"
195.2.71.225 - - [02/Apr/2025:00:49:18 -0400] "GET / HTTP/1.1" 200 156148 "https://stannswarehouse.com/" "Mozilla/5.0 (Windows NT 10.0; Win64; x64) AppleWebKit/537.36 (KHTML, like Gecko) Chrome/131.0.0.0 Safari/537.36"
198.54.114.83 - - [02/Apr/2025:00:50:16 -0400] "POST /wp-admin/admin-ajax.php?action=async_litespeed&nonce=mrSSopgtkYcSP0MKycjbrzAIfK8J9BNg&litespeed_type=imgoptm HTTP/1.1" 200 0 "-" "WordPress/6.7.2; https://stannswarehouse.com"
198.54.114.83 - - [02/Apr/2025:00:50:24 -0400] "POST /wp-admin/admin-ajax.php?action=async_litespeed&nonce=d1wcxmXuLnXh10j7zkxhRc9aAx6UgsfX&litespeed_type=imgoptm HTTP/1.1" 200 0 "-" "WordPress/6.7.2; https://stannswarehouse.com"
2a02:598:96:8a00::1200:13d - - [02/Apr/2025:00:50:47 -0400] "GET /the-evolution-of-mixed-martial-arts-mma/ HTTP/1.1" 404 1251 "-" "Mozilla/5.0 (compatible; SeznamBot/4.0; +https://o-seznam.cz/napoveda/vyhledavani/en/seznambot-crawler/)"
58.254.68.93 - - [02/Apr/2025:00:50:51 -0400] "GET /how-to-choose-a-family-dentist-that-is-best-for-you/ HTTP/1.1" 404 1251 "https://stannswarehouse.com" "Mozilla/5.0 (Windows NT 10.0; Win64; x64) AppleWebKit/537.36 (KHTML, like Gecko) Chrome/62.0.3202.94 Safari/537.36"
195.200.31.148 - - [02/Apr/2025:00:50:55 -0400] "GET /all-you-need-to-know-regarding-cbd-oil/ HTTP/1.1" 404 1251 "https://stannswarehouse.com/all-you-need-to-know-regarding-cbd-oil/" "Mozilla/5.0 (Windows NT 10.0; Win64; x64) AppleWebKit/537.36 (KHTML, like Gecko) Chrome/103.0.5060.66 Safari/537.36"
195.200.31.148 - - [02/Apr/2025:00:50:56 -0400] "GET / HTTP/1.1" 200 156148 "https://stannswarehouse.com/" "Mozilla/5.0 (Windows NT 10.0; Win64; x64) AppleWebKit/537.36 (KHTML, like Gecko) Chrome/103.0.5060.66 Safari/537.36"
2a02:598:96:8a00::1200:127 - - [02/Apr/2025:00:56:06 -0400] "GET /digital-marketing-agency-what-makes-them-effective/ HTTP/1.1" 404 1251 "-" "Mozilla/5.0 (compatible; SeznamBot/4.0; +https://o-seznam.cz/napoveda/vyhledavani/en/seznambot-crawler/)"
85.208.96.202 - - [02/Apr/2025:00:56:23 -0400] "GET /where-to-buy-instagram-likes/ HTTP/1.1" 404 1251 "-" "Mozilla/5.0 (compatible; SemrushBot/7~bl; +http://www.semrush.com/bot.html)"
198.54.114.83 - - [02/Apr/2025:00:56:46 -0400] "POST /wp-admin/admin-ajax.php?action=async_litespeed&nonce=9URSDTzjNp0o9jLcAlkXCxAL13bNAR5d&litespeed_type=imgoptm HTTP/1.1" 200 5 "-" "WordPress/6.7.2; https://stannswarehouse.com"
2a02:598:96:8a00::1200:13d - - [02/Apr/2025:00:56:52 -0400] "GET /how-to-find-a-good-online-casino/ HTTP/1.1" 404 1251 "-" "Mozilla/5.0 (compatible; SeznamBot/4.0; +https://o-seznam.cz/napoveda/vyhledavani/en/seznambot-crawler/)"
2a02:598:96:8a00::1200:127 - - [02/Apr/2025:00:57:55 -0400] "GET /estate-litigation-lawyers-your-advocate-in-toronto/ HTTP/1.1" 404 1251 "-" "Mozilla/5.0 (compatible; SeznamBot/4.0; +https://o-seznam.cz/napoveda/vyhledavani/en/seznambot-crawler/)"
85.208.96.198 - - [02/Apr/2025:01:02:08 -0400] "GET /what-is-sports-rehab/ HTTP/1.1" 404 1251 "-" "Mozilla/5.0 (compatible; SemrushBot/7~bl; +http://www.semrush.com/bot.html)"
195.2.75.216 - - [02/Apr/2025:01:06:51 -0400] "GET /all-you-need-to-know-regarding-cbd-oil/ HTTP/1.1" 404 1251 "https://stannswarehouse.com/all-you-need-to-know-regarding-cbd-oil/#comment-16243/" "Mozilla/5.0 (Windows NT 10.0; Win64; x64) AppleWebKit/537.36 (KHTML, like Gecko) Chrome/131.0.0.0 Safari/537.36 Avast/131.0.0.0"
58.254.68.93 - - [02/Apr/2025:01:06:52 -0400] "GET /barack-obama-slot-machine-critical-overview/ HTTP/1.1" 404 1251 "https://stannswarehouse.com" "Mozilla/5.0 (Windows NT 10.0; Win64; x64) AppleWebKit/537.36 (KHTML, like Gecko) Chrome/62.0.3202.94 Safari/537.36"
195.2.75.216 - - [02/Apr/2025:01:06:52 -0400] "GET / HTTP/1.1" 200 156148 "https://stannswarehouse.com/" "Mozilla/5.0 (Windows NT 10.0; Win64; x64) AppleWebKit/537.36 (KHTML, like Gecko) Chrome/131.0.0.0 Safari/537.36 Avast/131.0.0.0"
2a02:598:96:8a00::1200:127 - - [02/Apr/2025:01:06:53 -0400] "GET /efficiency-at-your-fingertips-the-instant-hot-water-tap/ HTTP/1.1" 404 1251 "-" "Mozilla/5.0 (compatible; SeznamBot/4.0; +https://o-seznam.cz/napoveda/vyhledavani/en/seznambot-crawler/)"
58.254.68.93 - - [02/Apr/2025:01:06:54 -0400] "GET /barack-obama-slot-machine-critical-overview/ HTTP/1.1" 404 1251 "https://stannswarehouse.com" "Mozilla/5.0 (Windows NT 10.0; Win64; x64) AppleWebKit/537.36 (KHTML, like Gecko) Chrome/62.0.3202.94 Safari/537.36"
58.254.68.93 - - [02/Apr/2025:01:06:58 -0400] "GET /barack-obama-slot-machine-critical-overview/ HTTP/1.1" 404 1251 "https://stannswarehouse.com" "Mozilla/5.0 (Windows NT 10.0; Win64; x64) AppleWebKit/537.36 (KHTML, like Gecko) Chrome/62.0.3202.94 Safari/537.36"
58.254.68.93 - - [02/Apr/2025:01:07:00 -0400] "GET /barack-obama-slot-machine-critical-overview/ HTTP/1.1" 404 1251 "https://stannswarehouse.com" "Mozilla/5.0 (Windows NT 10.0; Win64; x64) AppleWebKit/537.36 (KHTML, like Gecko) Chrome/62.0.3202.94 Safari/537.36"
2a02:598:96:8a00::1200:127 - - [02/Apr/2025:01:13:07 -0400] "GET /where-tranquility-meets-adventure/ HTTP/1.1" 404 1251 "-" "Mozilla/5.0 (compatible; SeznamBot/4.0; +https://o-seznam.cz/napoveda/vyhledavani/en/seznambot-crawler/)"
139.59.100.51 - - [02/Apr/2025:01:13:13 -0400] "GET /wp-login.php HTTP/1.1" 200 1716 "-" "Mozila/5.0"
198.54.114.83 - - [02/Apr/2025:01:13:18 -0400] "POST /wp-cron.php?doing_wp_cron=1743570798.3695940971374511718750 HTTP/1.1" 200 0 "-" "WordPress/6.7.2; https://stannswarehouse.com"
139.59.100.51 - - [02/Apr/2025:01:13:14 -0400] "POST /wp-login.php HTTP/1.1" 200 1848 "-" "Mozila/5.0"
139.59.100.51 - - [02/Apr/2025:01:13:19 -0400] "GET /wp-admin/ HTTP/1.1" 302 0 "-" "Mozila/5.0"
198.54.114.83 - - [02/Apr/2025:01:13:19 -0400] "POST /wp-admin/admin-ajax.php?action=async_litespeed&nonce=LC4rBMHrWQc7EjylkW2kwmOD2TSPWnxu&litespeed_type=imgoptm HTTP/1.1" 200 5 "-" "WordPress/6.7.2; https://stannswarehouse.com"
139.59.100.51 - - [02/Apr/2025:01:13:20 -0400] "GET /wp-login.php?redirect_to=https%3A%2F%2Fstannswarehouse.com%2Fwp-admin%2F&reauth=1 HTTP/1.1" 200 1717 "-" "Mozila/5.0"
149.56.160.205 - - [02/Apr/2025:01:13:30 -0400] "GET / HTTP/1.1" 200 156148 "-" "Mozilla/5.0 (compatible; Dataprovider.com)"
198.54.114.83 - - [02/Apr/2025:01:14:01 -0400] "POST /wp-admin/admin-ajax.php?action=async_litespeed&nonce=Evf7z8mk6a1bmbouXekdWNvKvmFhofi7&litespeed_type=imgoptm HTTP/1.1" 200 5 "-" "WordPress/6.7.2; https://stannswarehouse.com"
34.169.175.120 - - [02/Apr/2025:01:14:28 -0400] "GET /tips-for-buying-custom-baseball-socks/ HTTP/1.1" 404 1251 "-" "Mozilla/5.0 (Macintosh; Intel Mac OS X 10.15; rv:109.0) Gecko/20100101 Firefox/116.0"
2a02:598:96:8a00::1200:13d - - [02/Apr/2025:01:15:15 -0400] "GET /innovative-features-of-monkey-mart-classroom-6x/ HTTP/1.1" 404 1251 "-" "Mozilla/5.0 (compatible; SeznamBot/4.0; +https://o-seznam.cz/napoveda/vyhledavani/en/seznambot-crawler/)"
85.208.96.194 - - [02/Apr/2025:01:15:26 -0400] "GET /a-natural-boost-for-your-health/ HTTP/1.1" 404 1251 "-" "Mozilla/5.0 (compatible; SemrushBot/7~bl; +http://www.semrush.com/bot.html)"
43.134.45.13 - - [02/Apr/2025:01:15:36 -0400] "GET /can-a-dog-dewormer-cure-cancer/ HTTP/1.1" 404 1251 "https://stannswarehouse.com" "Mozilla/5.0 (Windows NT 10.0; Win64; x64) AppleWebKit/537.36 (KHTML, like Gecko) Chrome/62.0.3202.94 Safari/537.36"
43.134.45.13 - - [02/Apr/2025:01:15:37 -0400] "GET /can-a-dog-dewormer-cure-cancer/ HTTP/1.1" 404 1251 "https://stannswarehouse.com" "Mozilla/5.0 (Windows NT 10.0; Win64; x64) AppleWebKit/537.36 (KHTML, like Gecko) Chrome/62.0.3202.94 Safari/537.36"
43.134.45.13 - - [02/Apr/2025:01:15:39 -0400] "GET /can-a-dog-dewormer-cure-cancer/ HTTP/1.1" 404 1251 "https://stannswarehouse.com" "Mozilla/5.0 (Windows NT 10.0; Win64; x64) AppleWebKit/537.36 (KHTML, like Gecko) Chrome/62.0.3202.94 Safari/537.36"
43.134.45.13 - - [02/Apr/2025:01:15:40 -0400] "GET /can-a-dog-dewormer-cure-cancer/ HTTP/1.1" 404 1251 "https://stannswarehouse.com" "Mozilla/5.0 (Windows NT 10.0; Win64; x64) AppleWebKit/537.36 (KHTML, like Gecko) Chrome/62.0.3202.94 Safari/537.36"
34.127.29.78 - - [02/Apr/2025:01:16:32 -0400] "GET /michael-kors-handbag-sales/ HTTP/1.1" 404 1251 "-" "Mozilla/5.0 (Windows NT 10.0; Win64; x64) AppleWebKit/537.36 (KHTML, like Gecko) Chrome/123.0.0.0 Safari/537.36"
2a02:598:96:8a00::1200:127 - - [02/Apr/2025:01:17:03 -0400] "GET /the-importance-of-tracking-your-wpm/ HTTP/1.1" 404 1251 "-" "Mozilla/5.0 (compatible; SeznamBot/4.0; +https://o-seznam.cz/napoveda/vyhledavani/en/seznambot-crawler/)"
34.169.175.120 - - [02/Apr/2025:01:19:11 -0400] "GET /e-cigarettes-and-youth/ HTTP/1.1" 404 1251 "-" "Mozilla/5.0 (Macintosh; Intel Mac OS X 10_15_7) AppleWebKit/605.1.15 (KHTML, like Gecko) Version/17.0 Safari/605.1.15"
195.2.75.216 - - [02/Apr/2025:01:20:55 -0400] "GET /all-you-need-to-know-regarding-cbd-oil/ HTTP/1.1" 404 1251 "https://stannswarehouse.com/all-you-need-to-know-regarding-cbd-oil/#comment-16243/" "Mozilla/5.0 (Windows NT 10.0; Win64; x64) AppleWebKit/537.36 (KHTML, like Gecko) Chrome/130.0.0.0 Safari/537.36"
195.2.75.216 - - [02/Apr/2025:01:20:55 -0400] "GET / HTTP/1.1" 200 156148 "https://stannswarehouse.com/" "Mozilla/5.0 (Windows NT 10.0; Win64; x64) AppleWebKit/537.36 (KHTML, like Gecko) Chrome/130.0.0.0 Safari/537.36"
198.54.114.83 - - [02/Apr/2025:01:22:01 -0400] "POST /wp-admin/admin-ajax.php?action=async_litespeed&nonce=3xolQrWreQa0A5XZ4zMj40Y3Vk6LiUXg&litespeed_type=imgoptm HTTP/1.1" 200 0 "-" "WordPress/6.7.2; https://stannswarehouse.com"
34.169.175.120 - - [02/Apr/2025:01:22:34 -0400] "GET /bespoke-conservatory-south-wales/ HTTP/1.1" 404 1251 "-" "Mozilla/5.0 (Macintosh; Intel Mac OS X 10.15; rv:109.0) Gecko/20100101 Firefox/116.0"
34.169.189.46 - - [02/Apr/2025:01:28:30 -0400] "GET /how-a-photographer-can-improve-your-dating-profile/ HTTP/1.1" 404 1251 "-" "Mozilla/5.0 (Windows NT 10.0; Win64; x64) AppleWebKit/537.36 (KHTML, like Gecko) Chrome/123.0.0.0 Safari/537.36"
195.2.71.225 - - [02/Apr/2025:01:29:39 -0400] "GET /all-you-need-to-know-regarding-cbd-oil/ HTTP/1.1" 404 1251 "https://stannswarehouse.com/all-you-need-to-know-regarding-cbd-oil/" "Mozilla/5.0 (Windows NT 10.0; Win64; x64) AppleWebKit/537.36 (KHTML, like Gecko) Chrome/130.0.0.0 Safari/537.36"
195.2.71.225 - - [02/Apr/2025:01:29:40 -0400] "GET / HTTP/1.1" 200 156148 "https://stannswarehouse.com/" "Mozilla/5.0 (Windows NT 10.0; Win64; x64) AppleWebKit/537.36 (KHTML, like Gecko) Chrome/130.0.0.0 Safari/537.36"
2a02:598:96:8a00::1200:127 - - [02/Apr/2025:01:31:08 -0400] "GET /key-duplications/ HTTP/1.1" 404 1251 "-" "Mozilla/5.0 (compatible; SeznamBot/4.0; +https://o-seznam.cz/napoveda/vyhledavani/en/seznambot-crawler/)"
2a02:598:96:8a00::1200:13d - - [02/Apr/2025:01:32:07 -0400] "GET /increase-youtube-comment-likes/ HTTP/1.1" 404 1251 "-" "Mozilla/5.0 (compatible; SeznamBot/4.0; +https://o-seznam.cz/napoveda/vyhledavani/en/seznambot-crawler/)"
2a02:598:96:8a00::1200:127 - - [02/Apr/2025:01:36:50 -0400] "GET /mk-bag-sale-in-uk/ HTTP/1.1" 404 1251 "-" "Mozilla/5.0 (compatible; SeznamBot/4.0; +https://o-seznam.cz/napoveda/vyhledavani/en/seznambot-crawler/)"
2a02:598:96:8a00::1200:13d - - [02/Apr/2025:01:38:05 -0400] "GET /best-applications-and-components-of-digital-pathology/ HTTP/1.1" 404 1251 "-" "Mozilla/5.0 (compatible; SeznamBot/4.0; +https://o-seznam.cz/napoveda/vyhledavani/en/seznambot-crawler/)"
58.221.37.82 - - [02/Apr/2025:01:43:54 -0400] "GET / HTTP/1.1" 200 156148 "https://www.google.com/" "Mozilla/5.0 (Windows NT 10.0; Win64; x64) AppleWebKit/537.36 (KHTML, like Gecko) Chrome/132.0.0.0 Safari/537.36"
34.19.85.195 - - [02/Apr/2025:01:44:00 -0400] "GET /what-is-galling-and-how-to-prevent-it/ HTTP/1.1" 404 1251 "-" "Mozilla/5.0 (Windows NT 10.0; Win64; x64) AppleWebKit/537.36 (KHTML, like Gecko) Chrome/123.0.0.0 Safari/537.36"
2a02:598:96:8a00::1200:13d - - [02/Apr/2025:01:44:56 -0400] "GET /the-rise-of-online-gaming-on-chrome/ HTTP/1.1" 404 1251 "-" "Mozilla/5.0 (compatible; SeznamBot/4.0; +https://o-seznam.cz/napoveda/vyhledavani/en/seznambot-crawler/)"
59.52.101.241 - - [02/Apr/2025:01:46:11 -0400] "GET /favicon.ico?v=2.0 HTTP/1.1" 404 1251 "-" "Mozilla/5.096783921 Mozilla/5.0 (Windows NT 10.0; WOW64; Trident/7.0; rv:11.0) like Gecko"
221.207.35.87 - - [02/Apr/2025:01:46:17 -0400] "GET / HTTP/1.1" 200 156148 "-" "Mozilla/5.0 (Linux; U; Android 4.3; en-us; SM-N900T Build/JSS15J) AppleWebKit/534.30 (KHTML, like Gecko) Version/4.0 Mobile Safari/534.30"
2a02:598:96:8a00::1200:127 - - [02/Apr/2025:01:46:53 -0400] "GET /unlocking-fun-the-essence-of-games-hire/ HTTP/1.1" 404 1251 "-" "Mozilla/5.0 (compatible; SeznamBot/4.0; +https://o-seznam.cz/napoveda/vyhledavani/en/seznambot-crawler/)"
198.54.114.83 - - [02/Apr/2025:01:47:33 -0400] "POST /wp-admin/admin-ajax.php?action=async_litespeed&nonce=Qm42FrtC0nvcqAxIOotQjP44a03ltqlY&litespeed_type=imgoptm HTTP/1.1" 200 0 "-" "WordPress/6.7.2; https://stannswarehouse.com"
47.82.27.62 - - [02/Apr/2025:01:49:10 -0400] "GET /top-winners-in-medical-social-networking-sites/ HTTP/1.1" 404 1251 "-" "Mozilla/5.0 (Windows NT 10.0; Win64; x64) AppleWebKit/537.36 (KHTML, like Gecko) Chrome/121.0.0.0 Safari/537.36 Edg/121.0.0.0"
195.2.84.198 - - [02/Apr/2025:01:49:39 -0400] "GET /all-you-need-to-know-regarding-cbd-oil/ HTTP/1.1" 404 1251 "https://stannswarehouse.com/all-you-need-to-know-regarding-cbd-oil/#comment-16243/" "Mozilla/5.0 (Windows NT 10.0; Win64; x64) AppleWebKit/537.36 (KHTML, like Gecko) Chrome/131.0.0.0 Safari/537.36"
195.2.84.198 - - [02/Apr/2025:01:49:40 -0400] "GET / HTTP/1.1" 200 156148 "https://stannswarehouse.com/" "Mozilla/5.0 (Windows NT 10.0; Win64; x64) AppleWebKit/537.36 (KHTML, like Gecko) Chrome/131.0.0.0 Safari/537.36"
2a02:598:96:8a00::1200:13d - - [02/Apr/2025:01:52:07 -0400] "GET /wood-heaters/ HTTP/1.1" 404 1251 "-" "Mozilla/5.0 (compatible; SeznamBot/4.0; +https://o-seznam.cz/napoveda/vyhledavani/en/seznambot-crawler/)"
2a02:598:96:8a00::1200:127 - - [02/Apr/2025:01:55:08 -0400] "GET /exploring-homes-for-sale-in-portland-oregon/ HTTP/1.1" 404 1251 "-" "Mozilla/5.0 (compatible; SeznamBot/4.0; +https://o-seznam.cz/napoveda/vyhledavani/en/seznambot-crawler/)"
