58.254.68.93 - - [31/Mar/2025:05:49:01 -0400] "GET /unveiling-the-world-of-satta-king-a-comprehensive-guide/ HTTP/1.1" 404 1251 "https://stannswarehouse.com" "Mozilla/5.0 (Windows NT 10.0; Win64; x64) AppleWebKit/537.36 (KHTML, like Gecko) Chrome/62.0.3202.94 Safari/537.36"
58.254.68.93 - - [31/Mar/2025:05:49:03 -0400] "GET /unveiling-the-world-of-satta-king-a-comprehensive-guide/ HTTP/1.1" 404 1251 "https://stannswarehouse.com" "Mozilla/5.0 (Windows NT 10.0; Win64; x64) AppleWebKit/537.36 (KHTML, like Gecko) Chrome/62.0.3202.94 Safari/537.36"
58.254.68.93 - - [31/Mar/2025:05:49:04 -0400] "GET /unveiling-the-world-of-satta-king-a-comprehensive-guide/ HTTP/1.1" 404 1251 "https://stannswarehouse.com" "Mozilla/5.0 (Windows NT 10.0; Win64; x64) AppleWebKit/537.36 (KHTML, like Gecko) Chrome/62.0.3202.94 Safari/537.36"
2a02:598:64:8a00::3100:1f - - [31/Mar/2025:05:49:27 -0400] "GET /online-gambling-how-to-increase-your-chances-of-winning/ HTTP/1.1" 404 1251 "-" "Mozilla/5.0 (compatible; SeznamBot/4.0; +https://o-seznam.cz/napoveda/vyhledavani/en/seznambot-crawler/)"
85.208.98.31 - - [31/Mar/2025:05:54:34 -0400] "GET /buy-youtube-views-online-non-drop/ HTTP/1.1" 404 1251 "-" "Mozilla/5.0 (compatible; SemrushBot-BA; +http://www.semrush.com/bot.html)"
2a02:598:96:8a00::1200:127 - - [31/Mar/2025:05:55:32 -0400] "GET /key-duplications/ HTTP/1.1" 404 1251 "-" "Mozilla/5.0 (compatible; SeznamBot/4.0; +https://o-seznam.cz/napoveda/vyhledavani/en/seznambot-crawler/)"
114.119.145.187 - - [31/Mar/2025:05:58:13 -0400] "GET /transforming-lives-with-rhinoplasty-in-cyprus/ HTTP/1.1" 404 1251 "https://stannswarehouse.com/category/activity/page/94/" "Mozilla/5.0 (Linux; Android 7.0;) AppleWebKit/537.36 (KHTML, like Gecko) Mobile Safari/537.36 (compatible; PetalBot;+https://webmaster.petalsearch.com/site/petalbot)"
114.119.145.216 - - [31/Mar/2025:05:59:54 -0400] "GET /page/107/ HTTP/1.1" 404 1251 "https://stannswarehouse.com/page/108/" "Mozilla/5.0 (Linux; Android 7.0;) AppleWebKit/537.36 (KHTML, like Gecko) Mobile Safari/537.36 (compatible; PetalBot;+https://webmaster.petalsearch.com/site/petalbot)"
114.119.145.187 - - [31/Mar/2025:06:01:23 -0400] "GET /dp/B08DJC1KMJ?ref=MarsFS_VICC_rvdpro2_faceplate HTTP/1.1" 404 1251 "https://stannswarehouse.com/" "Mozilla/5.0 (Linux; Android 7.0;) AppleWebKit/537.36 (KHTML, like Gecko) Mobile Safari/537.36 (compatible; PetalBot;+https://webmaster.petalsearch.com/site/petalbot)"
94.181.156.210 - - [31/Mar/2025:06:02:10 -0400] "GET /barack-obama-slot-machine-critical-overview/ HTTP/1.1" 404 1251 "-" "Mozilla/5.0 (Windows NT 6.3; Win64; x64) AppleWebKit/537.36 (KHTML, like Gecko) Chrome/75.0.3770.100 Safari/537.36"
114.119.149.43 - - [31/Mar/2025:06:02:58 -0400] "GET /custom-grip-sockss/ HTTP/1.1" 404 1251 "https://stannswarehouse.com/custom-grip-sockss/" "Mozilla/5.0 (Linux; Android 7.0;) AppleWebKit/537.36 (KHTML, like Gecko) Mobile Safari/537.36 (compatible; PetalBot;+https://webmaster.petalsearch.com/site/petalbot)"
185.220.100.253 - - [31/Mar/2025:06:03:30 -0400] "GET / HTTP/1.1" 200 156148 "https://stannswarehouse.com" "Mozilla/5.0 (Windows NT 6.3; Win64; x64; Trident/7.0; rv:11.0) like Gecko"
51.222.253.17 - - [31/Mar/2025:06:03:54 -0400] "GET /sample-page/feed/ HTTP/1.1" 404 1251 "-" "Mozilla/5.0 (compatible; AhrefsBot/7.0; +http://ahrefs.com/robot/)"
114.119.128.35 - - [31/Mar/2025:06:04:33 -0400] "GET /ai-girlfriend/ HTTP/1.1" 404 1251 "https://stannswarehouse.com/youtube-comments/" "Mozilla/5.0 (Linux; Android 7.0;) AppleWebKit/537.36 (KHTML, like Gecko) Mobile Safari/537.36 (compatible; PetalBot;+https://webmaster.petalsearch.com/site/petalbot)"
114.119.128.35 - - [31/Mar/2025:06:06:08 -0400] "GET /how-to-create-personalized-visitenkarten/ HTTP/1.1" 404 1251 "https://stannswarehouse.com/crafting-effective-business-cards/" "Mozilla/5.0 (Linux; Android 7.0;) AppleWebKit/537.36 (KHTML, like Gecko) Mobile Safari/537.36 (compatible; PetalBot;+https://webmaster.petalsearch.com/site/petalbot)"
58.254.68.93 - - [31/Mar/2025:06:06:35 -0400] "GET /unveiling-the-world-of-satta-king-a-comprehensive-guide/ HTTP/1.1" 404 1251 "https://stannswarehouse.com" "Mozilla/5.0 (Windows NT 10.0; Win64; x64) AppleWebKit/537.36 (KHTML, like Gecko) Chrome/62.0.3202.94 Safari/537.36"
58.254.68.93 - - [31/Mar/2025:06:06:36 -0400] "GET /unveiling-the-world-of-satta-king-a-comprehensive-guide/ HTTP/1.1" 404 1251 "https://stannswarehouse.com" "Mozilla/5.0 (Windows NT 10.0; Win64; x64) AppleWebKit/537.36 (KHTML, like Gecko) Chrome/62.0.3202.94 Safari/537.36"
58.254.68.93 - - [31/Mar/2025:06:06:37 -0400] "GET /unveiling-the-world-of-satta-king-a-comprehensive-guide/ HTTP/1.1" 404 1251 "https://stannswarehouse.com" "Mozilla/5.0 (Windows NT 10.0; Win64; x64) AppleWebKit/537.36 (KHTML, like Gecko) Chrome/62.0.3202.94 Safari/537.36"
58.254.68.93 - - [31/Mar/2025:06:06:38 -0400] "GET /unveiling-the-world-of-satta-king-a-comprehensive-guide/ HTTP/1.1" 404 1251 "https://stannswarehouse.com" "Mozilla/5.0 (Windows NT 10.0; Win64; x64) AppleWebKit/537.36 (KHTML, like Gecko) Chrome/62.0.3202.94 Safari/537.36"
94.181.156.210 - - [31/Mar/2025:06:06:45 -0400] "GET /barack-obama-slot-machine-critical-overview/ HTTP/1.1" 404 1251 "-" "Mozilla/5.0 (Windows NT 6.3; Win64; x64) AppleWebKit/537.36 (KHTML, like Gecko) Chrome/75.0.3770.100 Safari/537.36"
114.119.128.35 - - [31/Mar/2025:06:07:43 -0400] "GET /dp/B09B8YP8KY?ref=MarsFS_AUCC_cann HTTP/1.1" 404 1251 "https://stannswarehouse.com/" "Mozilla/5.0 (Linux; Android 7.0;) AppleWebKit/537.36 (KHTML, like Gecko) Mobile Safari/537.36 (compatible; PetalBot;+https://webmaster.petalsearch.com/site/petalbot)"
62.113.113.106 - - [31/Mar/2025:06:07:48 -0400] "GET /all-you-need-to-know-regarding-cbd-oil/ HTTP/1.1" 404 1251 "https://stannswarehouse.com/all-you-need-to-know-regarding-cbd-oil/" "Mozilla/5.0 (Windows NT 10.0; Win64; x64) AppleWebKit/537.36 (KHTML, like Gecko) Chrome/129.0.0.0 Safari/537.36"
62.113.113.106 - - [31/Mar/2025:06:07:49 -0400] "GET / HTTP/1.1" 200 156148 "https://stannswarehouse.com/" "Mozilla/5.0 (Windows NT 10.0; Win64; x64) AppleWebKit/537.36 (KHTML, like Gecko) Chrome/129.0.0.0 Safari/537.36"
114.119.140.48 - - [31/Mar/2025:06:09:17 -0400] "GET /dp/B0B6GK4VTC?ref=MarsFS_VICC_RINGINDC HTTP/1.1" 404 1251 "https://stannswarehouse.com/" "Mozilla/5.0 (Linux; Android 7.0;) AppleWebKit/537.36 (KHTML, like Gecko) Mobile Safari/537.36 (compatible; PetalBot;+https://webmaster.petalsearch.com/site/petalbot)"
110.74.206.106 - - [31/Mar/2025:06:09:43 -0400] "GET /wp-login.php HTTP/1.1" 200 1716 "-" "python-requests/2.31.0"
198.54.114.83 - - [31/Mar/2025:06:09:47 -0400] "POST /wp-cron.php?doing_wp_cron=1743415787.8032300472259521484375 HTTP/1.1" 200 0 "-" "WordPress/6.7.2; https://stannswarehouse.com"
110.74.206.106 - - [31/Mar/2025:06:09:43 -0400] "POST /wp-login.php HTTP/1.1" 200 1843 "-" "Mozilla/5.0 (X11; Linux x86_64) AppleWebKit/537.36 (KHTML, like Gecko) Chrome/83.0.4103.101 Safari/537.36"
198.54.114.83 - - [31/Mar/2025:06:09:49 -0400] "POST /wp-admin/admin-ajax.php?action=async_litespeed&nonce=RS8Zu1UnMYbISGVMVXPgiDHWBIx7BnUq&litespeed_type=imgoptm HTTP/1.1" 200 0 "-" "WordPress/6.7.2; https://stannswarehouse.com"
185.191.171.3 - - [31/Mar/2025:06:09:51 -0400] "GET /category/activity/page/52/ HTTP/1.1" 404 1251 "-" "Mozilla/5.0 (compatible; SemrushBot/7~bl; +http://www.semrush.com/bot.html)"
47.79.60.250 - - [31/Mar/2025:06:10:31 -0400] "GET / HTTP/1.1" 200 156148 "https://www.google.com/" "Mozilla/5.0 (Linux; Android 10; K) AppleWebKit/537.36 (KHTML, like Gecko) Chrome/132.0.0.0 Mobile Safari/537.36"
114.119.134.79 - - [31/Mar/2025:06:10:53 -0400] "GET /choosing-photo-clipping-services/ HTTP/1.1" 404 1251 "https://stannswarehouse.com/how-to-avoid-photo-clipping/" "Mozilla/5.0 (Linux; Android 7.0;) AppleWebKit/537.36 (KHTML, like Gecko) Mobile Safari/537.36 (compatible; PetalBot;+https://webmaster.petalsearch.com/site/petalbot)"
114.119.149.43 - - [31/Mar/2025:06:12:27 -0400] "GET /category/activity/page/116/ HTTP/1.1" 404 1251 "https://stannswarehouse.com/category/activity/page/117/" "Mozilla/5.0 (Linux; Android 7.0;) AppleWebKit/537.36 (KHTML, like Gecko) Mobile Safari/537.36 (compatible; PetalBot;+https://webmaster.petalsearch.com/site/petalbot)"
114.119.128.143 - - [31/Mar/2025:06:14:03 -0400] "GET /agence-meta-ads-paris-2/ HTTP/1.1" 404 1251 "https://stannswarehouse.com/page/105/" "Mozilla/5.0 (Linux; Android 7.0;) AppleWebKit/537.36 (KHTML, like Gecko) Mobile Safari/537.36 (compatible; PetalBot;+https://webmaster.petalsearch.com/site/petalbot)"
85.208.96.196 - - [31/Mar/2025:06:17:41 -0400] "GET /the-trunkster-luggage-experience/ HTTP/1.1" 404 1251 "-" "Mozilla/5.0 (compatible; SemrushBot/7~bl; +http://www.semrush.com/bot.html)"
206.189.237.250 - - [31/Mar/2025:06:20:00 -0400] "GET / HTTP/1.1" 200 156148 "-" "Mozilla/5.0 (Macintosh; Intel Mac OS X 10_15_7) AppleWebKit/537.36 (KHTML, like Gecko) Chrome/128.0.0.0 Safari/537.36"
2a02:598:96:8a00::1200:127 - - [31/Mar/2025:06:21:29 -0400] "GET /maximizing-impact-with-link-shorteners/ HTTP/1.1" 404 1251 "-" "Mozilla/5.0 (compatible; SeznamBot/4.0; +https://o-seznam.cz/napoveda/vyhledavani/en/seznambot-crawler/)"
51.222.253.1 - - [31/Mar/2025:06:23:54 -0400] "GET /the-negative-side-effects-of-celery-juice/feed/ HTTP/1.1" 404 1251 "-" "Mozilla/5.0 (compatible; AhrefsBot/7.0; +http://ahrefs.com/robot/)"
78.153.140.218 - - [31/Mar/2025:06:24:42 -0400] "GET /.env HTTP/1.1" 404 1251 "-" "Opera/9.80 (Windows NT 5.1; U; ru) Presto/2.9.168 Version/11.50"
78.153.140.218 - - [31/Mar/2025:06:24:43 -0400] "GET /.aws/credentials HTTP/1.1" 404 1251 "-" "Mozilla/5.0 (iPhone; CPU iPhone OS 10_3 like Mac OS X) AppleWebKit/603.1.30 (KHTML, like Gecko) Version/10.0 Mobile/14E227 Safari/602.1"
78.153.140.218 - - [31/Mar/2025:06:24:44 -0400] "GET /.env.example HTTP/1.1" 404 1251 "-" "Mozilla/5.0 (Windows; U; Windows NT 5.1; en-US; rv:1.7.7) Gecko/20050414 Firefox/1.0.3"
78.153.140.218 - - [31/Mar/2025:06:24:45 -0400] "GET /.env.production HTTP/1.1" 404 1251 "-" "Mozilla/5.0 (X11; Ubuntu; Linux i686; rv:55.0) Gecko/20100101 Firefox/55.0"
44.197.29.39 - - [31/Mar/2025:06:26:27 -0400] "GET /efficient-file-transfer-solutions-streamlining-data-exchange/ HTTP/1.1" 404 1251 "-" "Grammarly/1.0 (http://www.grammarly.com)"
139.59.248.181 - - [31/Mar/2025:06:30:14 -0400] "GET /wp-content/uploads/2023/02/ol-800x445.jpg HTTP/1.1" 200 73992 "-" "Mozilla/5.0 (Windows NT 10.0; Win64; x64) AppleWebKit/537.36 (KHTML, like Gecko) Chrome/121.0.0.0 Safari/537.36 Edg/121.0.0.0"
114.119.128.35 - - [31/Mar/2025:06:30:23 -0400] "GET /patio-heater/ HTTP/1.1" 404 1251 "https://stannswarehouse.com/smart-dehumidifiers-which-one-is-right-for-your-home/" "Mozilla/5.0 (Linux; Android 7.0;) AppleWebKit/537.36 (KHTML, like Gecko) Mobile Safari/537.36 (compatible; PetalBot;+https://webmaster.petalsearch.com/site/petalbot)"
58.254.68.93 - - [31/Mar/2025:06:32:34 -0400] "GET /unveiling-the-world-of-satta-king-a-comprehensive-guide/ HTTP/1.1" 404 1251 "https://stannswarehouse.com" "Mozilla/5.0 (Windows NT 10.0; Win64; x64) AppleWebKit/537.36 (KHTML, like Gecko) Chrome/62.0.3202.94 Safari/537.36"
58.254.68.93 - - [31/Mar/2025:06:32:36 -0400] "GET /unveiling-the-world-of-satta-king-a-comprehensive-guide/ HTTP/1.1" 404 1251 "https://stannswarehouse.com" "Mozilla/5.0 (Windows NT 10.0; Win64; x64) AppleWebKit/537.36 (KHTML, like Gecko) Chrome/62.0.3202.94 Safari/537.36"
58.254.68.93 - - [31/Mar/2025:06:35:28 -0400] "GET /unveiling-the-world-of-satta-king-a-comprehensive-guide/ HTTP/1.1" 404 1251 "https://stannswarehouse.com" "Mozilla/5.0 (Windows NT 10.0; Win64; x64) AppleWebKit/537.36 (KHTML, like Gecko) Chrome/62.0.3202.94 Safari/537.36"
2a02:598:64:8a00::3100:1f - - [31/Mar/2025:06:36:36 -0400] "GET /smerfs-a-hardy-and-growing-bunch/ HTTP/1.1" 404 1251 "-" "Mozilla/5.0 (compatible; SeznamBot/4.0; +https://o-seznam.cz/napoveda/vyhledavani/en/seznambot-crawler/)"
157.55.39.195 - - [31/Mar/2025:06:38:57 -0400] "GET /the-ultimate-guide-to-accessing-classroom-6x-unblocked/ HTTP/1.1" 404 1251 "-" "Mozilla/5.0 AppleWebKit/537.36 (KHTML, like Gecko; compatible; bingbot/2.0; +http://www.bing.com/bingbot.htm) Chrome/116.0.1938.76 Safari/537.36"
94.181.156.210 - - [31/Mar/2025:06:39:07 -0400] "GET /barack-obama-slot-machine-critical-overview/ HTTP/1.1" 404 1251 "-" "Mozilla/5.0 (Windows NT 6.3; Win64; x64) AppleWebKit/537.36 (KHTML, like Gecko) Chrome/75.0.3770.100 Safari/537.36"
51.222.253.1 - - [31/Mar/2025:06:42:56 -0400] "GET /ritual-vitamins-review/feed/ HTTP/1.1" 404 1251 "-" "Mozilla/5.0 (compatible; AhrefsBot/7.0; +http://ahrefs.com/robot/)"
58.254.68.93 - - [31/Mar/2025:06:43:01 -0400] "GET /unveiling-the-world-of-satta-king-a-comprehensive-guide/ HTTP/1.1" 404 1251 "https://stannswarehouse.com" "Mozilla/5.0 (Windows NT 10.0; Win64; x64) AppleWebKit/537.36 (KHTML, like Gecko) Chrome/62.0.3202.94 Safari/537.36"
58.254.68.93 - - [31/Mar/2025:06:43:05 -0400] "GET /unveiling-the-world-of-satta-king-a-comprehensive-guide/ HTTP/1.1" 404 1251 "https://stannswarehouse.com" "Mozilla/5.0 (Windows NT 10.0; Win64; x64) AppleWebKit/537.36 (KHTML, like Gecko) Chrome/62.0.3202.94 Safari/537.36"
58.254.68.93 - - [31/Mar/2025:06:43:07 -0400] "GET /unveiling-the-world-of-satta-king-a-comprehensive-guide/ HTTP/1.1" 404 1251 "https://stannswarehouse.com" "Mozilla/5.0 (Windows NT 10.0; Win64; x64) AppleWebKit/537.36 (KHTML, like Gecko) Chrome/62.0.3202.94 Safari/537.36"
2a02:598:96:8a00::1200:127 - - [31/Mar/2025:06:44:31 -0400] "GET /dog-dewormer-cancer/ HTTP/1.1" 404 1251 "-" "Mozilla/5.0 (compatible; SeznamBot/4.0; +https://o-seznam.cz/napoveda/vyhledavani/en/seznambot-crawler/)"
2a02:598:64:8a00::3100:1f - - [31/Mar/2025:06:45:41 -0400] "GET /about-liquor-storage/ HTTP/1.1" 404 1251 "-" "Mozilla/5.0 (compatible; SeznamBot/4.0; +https://o-seznam.cz/napoveda/vyhledavani/en/seznambot-crawler/)"
2a02:598:96:8a00::1200:127 - - [31/Mar/2025:06:46:27 -0400] "GET /finding-the-perfect-interior-designer-near-you/ HTTP/1.1" 404 1251 "-" "Mozilla/5.0 (compatible; SeznamBot/4.0; +https://o-seznam.cz/napoveda/vyhledavani/en/seznambot-crawler/)"
217.138.205.98 - - [31/Mar/2025:06:47:42 -0400] "GET /wp-login.php HTTP/1.1" 200 1717 "https://stannswarehouse.com/" "Mozilla/5.0 (Windows NT 10.0; Win64; x64) AppleWebKit/537.36 (KHTML, like Gecko) Chrome/131.0.0.0 Safari/537.36"
217.138.205.98 - - [31/Mar/2025:06:47:43 -0400] "GET /wp-admin/js/user-profile.min.js?ver=6.7.2 HTTP/1.1" 200 2388 "https://stannswarehouse.com/wp-login.php" "Mozilla/5.0 (Windows NT 10.0; Win64; x64) AppleWebKit/537.36 (KHTML, like Gecko) Chrome/131.0.0.0 Safari/537.36"
217.138.205.98 - - [31/Mar/2025:06:47:43 -0400] "GET /wp-includes/js/dist/dom-ready.min.js?ver=f77871ff7694fffea381 HTTP/1.1" 200 275 "https://stannswarehouse.com/wp-login.php" "Mozilla/5.0 (Windows NT 10.0; Win64; x64) AppleWebKit/537.36 (KHTML, like Gecko) Chrome/131.0.0.0 Safari/537.36"
217.138.205.98 - - [31/Mar/2025:06:47:43 -0400] "GET /wp-admin/js/password-strength-meter.min.js?ver=6.7.2 HTTP/1.1" 200 558 "https://stannswarehouse.com/wp-login.php" "Mozilla/5.0 (Windows NT 10.0; Win64; x64) AppleWebKit/537.36 (KHTML, like Gecko) Chrome/131.0.0.0 Safari/537.36"
217.138.205.98 - - [31/Mar/2025:06:47:43 -0400] "GET /wp-includes/js/wp-util.min.js?ver=6.7.2 HTTP/1.1" 200 690 "https://stannswarehouse.com/wp-login.php" "Mozilla/5.0 (Windows NT 10.0; Win64; x64) AppleWebKit/537.36 (KHTML, like Gecko) Chrome/131.0.0.0 Safari/537.36"
217.138.205.98 - - [31/Mar/2025:06:47:43 -0400] "GET /wp-includes/js/underscore.min.js?ver=1.13.7 HTTP/1.1" 200 7197 "https://stannswarehouse.com/wp-login.php" "Mozilla/5.0 (Windows NT 10.0; Win64; x64) AppleWebKit/537.36 (KHTML, like Gecko) Chrome/131.0.0.0 Safari/537.36"
217.138.205.98 - - [31/Mar/2025:06:47:43 -0400] "GET /wp-admin/load-styles.php?c=1&dir=ltr&load%5Bchunk_0%5D=dashicons,buttons,forms,l10n,login&ver=6.7.2 HTTP/1.1" 200 45466 "https://stannswarehouse.com/wp-login.php" "Mozilla/5.0 (Windows NT 10.0; Win64; x64) AppleWebKit/537.36 (KHTML, like Gecko) Chrome/131.0.0.0 Safari/537.36"
217.138.205.98 - - [31/Mar/2025:06:47:43 -0400] "GET /wp-includes/js/dist/i18n.min.js?ver=5e580eb46a90c2b997e6 HTTP/1.1" 200 3542 "https://stannswarehouse.com/wp-login.php" "Mozilla/5.0 (Windows NT 10.0; Win64; x64) AppleWebKit/537.36 (KHTML, like Gecko) Chrome/131.0.0.0 Safari/537.36"
217.138.205.98 - - [31/Mar/2025:06:47:43 -0400] "GET /wp-includes/js/dist/a11y.min.js?ver=3156534cc54473497e14 HTTP/1.1" 200 827 "https://stannswarehouse.com/wp-login.php" "Mozilla/5.0 (Windows NT 10.0; Win64; x64) AppleWebKit/537.36 (KHTML, like Gecko) Chrome/131.0.0.0 Safari/537.36"
217.138.205.98 - - [31/Mar/2025:06:47:43 -0400] "GET /wp-admin/load-scripts.php?c=1&load%5Bchunk_0%5D=clipboard,jquery-core,jquery-migrate,zxcvbn-async,wp-hooks&ver=6.7.2 HTTP/1.1" 200 39842 "https://stannswarehouse.com/wp-login.php" "Mozilla/5.0 (Windows NT 10.0; Win64; x64) AppleWebKit/537.36 (KHTML, like Gecko) Chrome/131.0.0.0 Safari/537.36"
217.138.205.98 - - [31/Mar/2025:06:47:46 -0400] "GET /wp-admin/images/wordpress-logo.svg?ver=20131107 HTTP/1.1" 200 759 "https://stannswarehouse.com/wp-admin/load-styles.php?c=1&dir=ltr&load%5Bchunk_0%5D=dashicons,buttons,forms,l10n,login&ver=6.7.2" "Mozilla/5.0 (Windows NT 10.0; Win64; x64) AppleWebKit/537.36 (KHTML, like Gecko) Chrome/131.0.0.0 Safari/537.36"
217.138.205.98 - - [31/Mar/2025:06:47:47 -0400] "GET /favicon.ico HTTP/1.1" 404 1251 "https://stannswarehouse.com/wp-login.php" "Mozilla/5.0 (Windows NT 10.0; Win64; x64) AppleWebKit/537.36 (KHTML, like Gecko) Chrome/131.0.0.0 Safari/537.36"
217.138.205.98 - - [31/Mar/2025:06:47:47 -0400] "GET /wp-includes/js/zxcvbn.min.js HTTP/1.1" 200 389493 "https://stannswarehouse.com/wp-login.php" "Mozilla/5.0 (Windows NT 10.0; Win64; x64) AppleWebKit/537.36 (KHTML, like Gecko) Chrome/131.0.0.0 Safari/537.36"
198.54.114.83 - - [31/Mar/2025:06:47:54 -0400] "POST /wp-cron.php?doing_wp_cron=1743418074.5678989887237548828125 HTTP/1.1" 200 0 "-" "WordPress/6.7.2; https://stannswarehouse.com"
217.138.205.98 - - [31/Mar/2025:06:47:50 -0400] "POST /wp-login.php HTTP/1.1" 200 1843 "https://stannswarehouse.com/wp-login.php" "Mozilla/5.0 (Windows NT 10.0; Win64; x64) AppleWebKit/537.36 (KHTML, like Gecko) Chrome/131.0.0.0 Safari/537.36"
198.54.114.83 - - [31/Mar/2025:06:47:56 -0400] "POST /wp-admin/admin-ajax.php?action=async_litespeed&nonce=UDTr3C60rZSoDmS8PXHLVEQVzwASY8om&litespeed_type=imgoptm HTTP/1.1" 200 5 "-" "WordPress/6.7.2; https://stannswarehouse.com"
217.138.205.98 - - [31/Mar/2025:06:48:03 -0400] "GET /wp-admin/load-styles.php?c=1&dir=ltr&load%5Bchunk_0%5D=dashicons,buttons,forms,l10n,login&ver=6.7.2 HTTP/1.1" 200 45466 "https://stannswarehouse.com/wp-login.php" "Mozilla/5.0 (Windows NT 10.0; Win64; x64) AppleWebKit/537.36 (KHTML, like Gecko) Chrome/131.0.0.0 Safari/537.36"
217.138.205.98 - - [31/Mar/2025:06:48:06 -0400] "GET /favicon.ico HTTP/1.1" 404 1251 "https://stannswarehouse.com/wp-login.php" "Mozilla/5.0 (Windows NT 10.0; Win64; x64) AppleWebKit/537.36 (KHTML, like Gecko) Chrome/131.0.0.0 Safari/537.36"
217.138.205.98 - - [31/Mar/2025:06:48:07 -0400] "POST /xmlrpc.php HTTP/1.1" 200 186 "-" "Mozilla/5.0 (Windows NT 10.0; Win64; x64) AppleWebKit/537.36 (KHTML, like Gecko) Chrome/131.0.0.0 Safari/537.36"
2a02:598:64:8a00::3100:1f - - [31/Mar/2025:06:48:36 -0400] "GET /photo-editor-x-the-solution-to-your-digital-photo-editing-needs/ HTTP/1.1" 404 1251 "-" "Mozilla/5.0 (compatible; SeznamBot/4.0; +https://o-seznam.cz/napoveda/vyhledavani/en/seznambot-crawler/)"
114.119.128.35 - - [31/Mar/2025:06:49:21 -0400] "GET /the-warm-embrace-of-underfloor-heating-pipes/ HTTP/1.1" 404 1251 "https://stannswarehouse.com/employer-job-listing-platform-ireland/" "Mozilla/5.0 (Linux; Android 7.0;) AppleWebKit/537.36 (KHTML, like Gecko) Mobile Safari/537.36 (compatible; PetalBot;+https://webmaster.petalsearch.com/site/petalbot)"
114.119.128.35 - - [31/Mar/2025:06:50:57 -0400] "GET /product-reviews/B0DG4WZZPV/ref=acr_dp_hist_2?ie=UTF8&=all_reviews HTTP/1.1" 404 1251 "https://stannswarehouse.com/" "Mozilla/5.0 (Linux; Android 7.0;) AppleWebKit/537.36 (KHTML, like Gecko) Mobile Safari/537.36 (compatible; PetalBot;+https://webmaster.petalsearch.com/site/petalbot)"
114.119.145.187 - - [31/Mar/2025:06:52:32 -0400] "GET /celebrate-your-marriage-anniversary-with-a-sweet-cake/ HTTP/1.1" 404 1251 "https://stannswarehouse.com/10-tips-to-be-earn-more-money-as-a-professional-photographer/" "Mozilla/5.0 (Linux; Android 7.0;) AppleWebKit/537.36 (KHTML, like Gecko) Mobile Safari/537.36 (compatible; PetalBot;+https://webmaster.petalsearch.com/site/petalbot)"
62.113.115.161 - - [31/Mar/2025:06:53:48 -0400] "GET /all-you-need-to-know-regarding-cbd-oil/ HTTP/1.1" 404 1251 "https://stannswarehouse.com/all-you-need-to-know-regarding-cbd-oil/" "Mozilla/5.0 (Windows NT 10.0; Win64; x64) AppleWebKit/537.36 (KHTML, like Gecko) Chrome/130.0.0.0 Safari/537.36"
62.113.115.161 - - [31/Mar/2025:06:53:49 -0400] "GET / HTTP/1.1" 200 156148 "https://stannswarehouse.com/" "Mozilla/5.0 (Windows NT 10.0; Win64; x64) AppleWebKit/537.36 (KHTML, like Gecko) Chrome/130.0.0.0 Safari/537.36"
62.113.115.161 - - [31/Mar/2025:06:53:50 -0400] "GET /all-you-need-to-know-regarding-cbd-oil/ HTTP/1.1" 404 1251 "https://stannswarehouse.com/all-you-need-to-know-regarding-cbd-oil/" "Mozilla/5.0 (Windows NT 10.0; Win64; x64) AppleWebKit/537.36 (KHTML, like Gecko) Chrome/130.0.0.0 Safari/537.36 CCleaner/130.0.0.0"
62.113.115.161 - - [31/Mar/2025:06:53:51 -0400] "GET / HTTP/1.1" 200 156148 "https://stannswarehouse.com/" "Mozilla/5.0 (Windows NT 10.0; Win64; x64) AppleWebKit/537.36 (KHTML, like Gecko) Chrome/130.0.0.0 Safari/537.36 CCleaner/130.0.0.0"
64.233.173.143 - - [31/Mar/2025:06:58:18 -0400] "GET /.well-known/traffic-advice HTTP/1.1" 404 1251 "-" "Chrome Privacy Preserving Prefetch Proxy"
2001:4860:7:406::ff - - [31/Mar/2025:06:58:18 -0400] "GET / HTTP/1.1" 200 156148 "https://www.google.com/" "Mozilla/5.0 (Windows NT 10.0; Win64; x64) AppleWebKit/537.36 (KHTML, like Gecko) Chrome/134.0.0.0 Safari/537.36"
58.254.68.93 - - [31/Mar/2025:06:58:30 -0400] "GET /unveiling-the-world-of-satta-king-a-comprehensive-guide/ HTTP/1.1" 404 1251 "https://stannswarehouse.com" "Mozilla/5.0 (Windows NT 10.0; Win64; x64) AppleWebKit/537.36 (KHTML, like Gecko) Chrome/62.0.3202.94 Safari/537.36"
58.254.68.93 - - [31/Mar/2025:06:58:31 -0400] "GET /unveiling-the-world-of-satta-king-a-comprehensive-guide/ HTTP/1.1" 404 1251 "https://stannswarehouse.com" "Mozilla/5.0 (Windows NT 10.0; Win64; x64) AppleWebKit/537.36 (KHTML, like Gecko) Chrome/62.0.3202.94 Safari/537.36"
58.254.68.93 - - [31/Mar/2025:06:58:33 -0400] "GET /unveiling-the-world-of-satta-king-a-comprehensive-guide/ HTTP/1.1" 404 1251 "https://stannswarehouse.com" "Mozilla/5.0 (Windows NT 10.0; Win64; x64) AppleWebKit/537.36 (KHTML, like Gecko) Chrome/62.0.3202.94 Safari/537.36"
58.254.68.93 - - [31/Mar/2025:06:58:36 -0400] "GET /unveiling-the-world-of-satta-king-a-comprehensive-guide/ HTTP/1.1" 404 1251 "https://stannswarehouse.com" "Mozilla/5.0 (Windows NT 10.0; Win64; x64) AppleWebKit/537.36 (KHTML, like Gecko) Chrome/62.0.3202.94 Safari/537.36"
58.254.68.93 - - [31/Mar/2025:07:01:39 -0400] "GET /unveiling-the-world-of-satta-king-a-comprehensive-guide/ HTTP/1.1" 404 1251 "https://stannswarehouse.com" "Mozilla/5.0 (Windows NT 10.0; Win64; x64) AppleWebKit/537.36 (KHTML, like Gecko) Chrome/62.0.3202.94 Safari/537.36"
58.254.68.93 - - [31/Mar/2025:07:01:42 -0400] "GET /unveiling-the-world-of-satta-king-a-comprehensive-guide/ HTTP/1.1" 404 1251 "https://stannswarehouse.com" "Mozilla/5.0 (Windows NT 10.0; Win64; x64) AppleWebKit/537.36 (KHTML, like Gecko) Chrome/62.0.3202.94 Safari/537.36"
58.254.68.93 - - [31/Mar/2025:07:01:43 -0400] "GET /unveiling-the-world-of-satta-king-a-comprehensive-guide/ HTTP/1.1" 404 1251 "https://stannswarehouse.com" "Mozilla/5.0 (Windows NT 10.0; Win64; x64) AppleWebKit/537.36 (KHTML, like Gecko) Chrome/62.0.3202.94 Safari/537.36"
58.254.68.93 - - [31/Mar/2025:07:01:45 -0400] "GET /unveiling-the-world-of-satta-king-a-comprehensive-guide/ HTTP/1.1" 404 1251 "https://stannswarehouse.com" "Mozilla/5.0 (Windows NT 10.0; Win64; x64) AppleWebKit/537.36 (KHTML, like Gecko) Chrome/62.0.3202.94 Safari/537.36"
2a02:598:64:8a00::3100:1f - - [31/Mar/2025:07:01:49 -0400] "GET /tips-on-renting-a-yacht/ HTTP/1.1" 404 1251 "-" "Mozilla/5.0 (compatible; SeznamBot/4.0; +https://o-seznam.cz/napoveda/vyhledavani/en/seznambot-crawler/)"
51.222.253.13 - - [31/Mar/2025:07:02:01 -0400] "GET /reverse-program-weight-loss/feed/ HTTP/1.1" 404 1251 "-" "Mozilla/5.0 (compatible; AhrefsBot/7.0; +http://ahrefs.com/robot/)"
2a02:598:96:8a00::1200:127 - - [31/Mar/2025:07:02:26 -0400] "GET /things-to-consider-when-replacing-a-conservatory-roof/ HTTP/1.1" 404 1251 "-" "Mozilla/5.0 (compatible; SeznamBot/4.0; +https://o-seznam.cz/napoveda/vyhledavani/en/seznambot-crawler/)"
114.119.128.143 - - [31/Mar/2025:07:05:00 -0400] "GET /dp/B085Q2ZF1X?ref=MarsFS_eero_ccc HTTP/1.1" 404 1251 "https://stannswarehouse.com/" "Mozilla/5.0 (Linux; Android 7.0;) AppleWebKit/537.36 (KHTML, like Gecko) Mobile Safari/537.36 (compatible; PetalBot;+https://webmaster.petalsearch.com/site/petalbot)"
114.119.145.187 - - [31/Mar/2025:07:06:36 -0400] "GET /dp/B076JKHDQT?ref=MarsFS_VICC_Ring%2BRechargeable%2BBattery%2BPack HTTP/1.1" 404 1251 "https://stannswarehouse.com/" "Mozilla/5.0 (Linux; Android 7.0;) AppleWebKit/537.36 (KHTML, like Gecko) Mobile Safari/537.36 (compatible; PetalBot;+https://webmaster.petalsearch.com/site/petalbot)"
114.119.140.48 - - [31/Mar/2025:07:08:09 -0400] "GET /elevating-your-first-impression/ HTTP/1.1" 404 1251 "https://stannswarehouse.com/crafting-effective-business-cards/" "Mozilla/5.0 (Linux; Android 7.0;) AppleWebKit/537.36 (KHTML, like Gecko) Mobile Safari/537.36 (compatible; PetalBot;+https://webmaster.petalsearch.com/site/petalbot)"
2a02:598:64:8a00::3100:1f - - [31/Mar/2025:07:08:26 -0400] "GET /what-to-look-for-in-a-watch-repair-professional/ HTTP/1.1" 404 1251 "-" "Mozilla/5.0 (compatible; SeznamBot/4.0; +https://o-seznam.cz/napoveda/vyhledavani/en/seznambot-crawler/)"
114.119.145.216 - - [31/Mar/2025:07:09:45 -0400] "GET /category/activity/page/19/ HTTP/1.1" 404 1251 "https://stannswarehouse.com/category/activity/page/18/" "Mozilla/5.0 (Linux; Android 7.0;) AppleWebKit/537.36 (KHTML, like Gecko) Mobile Safari/537.36 (compatible; PetalBot;+https://webmaster.petalsearch.com/site/petalbot)"
2001:4860:7:506::e6 - - [31/Mar/2025:07:10:01 -0400] "GET / HTTP/1.1" 200 156148 "https://www.google.com/" "Mozilla/5.0 (Windows NT 10.0; Win64; x64) AppleWebKit/537.36 (KHTML, like Gecko) Chrome/134.0.0.0 Safari/537.36"
114.119.128.35 - - [31/Mar/2025:07:11:25 -0400] "GET /the-trunkster-luggage-experience/ HTTP/1.1" 404 1251 "https://stannswarehouse.com/enhancing-workplace-dynamics-with-employee-communication-apps/" "Mozilla/5.0 (Linux; Android 7.0;) AppleWebKit/537.36 (KHTML, like Gecko) Mobile Safari/537.36 (compatible; PetalBot;+https://webmaster.petalsearch.com/site/petalbot)"
94.181.156.210 - - [31/Mar/2025:07:12:03 -0400] "GET /barack-obama-slot-machine-critical-overview/ HTTP/1.1" 404 1251 "-" "Mozilla/5.0 (Windows NT 6.3; Win64; x64) AppleWebKit/537.36 (KHTML, like Gecko) Chrome/75.0.3770.100 Safari/537.36"
2a02:598:96:8a00::1200:127 - - [31/Mar/2025:07:12:35 -0400] "GET /online-travel-agency/ HTTP/1.1" 404 1251 "-" "Mozilla/5.0 (compatible; SeznamBot/4.0; +https://o-seznam.cz/napoveda/vyhledavani/en/seznambot-crawler/)"
114.119.134.79 - - [31/Mar/2025:07:12:53 -0400] "GET /buying-a-tv-wall-mount-canada/ HTTP/1.1" 404 1251 "https://stannswarehouse.com/page/120/" "Mozilla/5.0 (Linux; Android 7.0;) AppleWebKit/537.36 (KHTML, like Gecko) Mobile Safari/537.36 (compatible; PetalBot;+https://webmaster.petalsearch.com/site/petalbot)"
2a02:598:96:8a00::1200:127 - - [31/Mar/2025:07:19:29 -0400] "GET /a-promising-treatment-for-cancer/ HTTP/1.1" 404 1251 "-" "Mozilla/5.0 (compatible; SeznamBot/4.0; +https://o-seznam.cz/napoveda/vyhledavani/en/seznambot-crawler/)"
196.251.69.226 - - [31/Mar/2025:07:20:36 -0400] "GET /thoms.php HTTP/1.1" 404 1251 "www.google.com" "Mozlila/5.0 (Linux; Android 7.0; SM-G892A Bulid/NRD90M; wv) AppleWebKit/537.36 (KHTML, like Gecko) Version/4.0 Chrome/60.0.3112.107 Moblie Safari/537.36"
196.251.69.226 - - [31/Mar/2025:07:20:50 -0400] "GET /inputs.php HTTP/1.1" 404 1251 "www.google.com" "Mozlila/5.0 (Linux; Android 7.0; SM-G892A Bulid/NRD90M; wv) AppleWebKit/537.36 (KHTML, like Gecko) Version/4.0 Chrome/60.0.3112.107 Moblie Safari/537.36"
196.251.69.226 - - [31/Mar/2025:07:21:14 -0400] "GET /inputs.php HTTP/1.1" 404 1251 "www.google.com" "Mozlila/5.0 (Linux; Android 7.0; SM-G892A Bulid/NRD90M; wv) AppleWebKit/537.36 (KHTML, like Gecko) Version/4.0 Chrome/60.0.3112.107 Moblie Safari/537.36"
196.251.69.226 - - [31/Mar/2025:07:21:33 -0400] "GET /userfuns.php HTTP/1.1" 404 1251 "www.google.com" "Mozlila/5.0 (Linux; Android 7.0; SM-G892A Bulid/NRD90M; wv) AppleWebKit/537.36 (KHTML, like Gecko) Version/4.0 Chrome/60.0.3112.107 Moblie Safari/537.36"
2a02:598:64:8a00::3100:1f - - [31/Mar/2025:07:21:34 -0400] "GET /logo-socks/ HTTP/1.1" 404 1251 "-" "Mozilla/5.0 (compatible; SeznamBot/4.0; +https://o-seznam.cz/napoveda/vyhledavani/en/seznambot-crawler/)"
196.251.69.226 - - [31/Mar/2025:07:21:43 -0400] "GET /userfuns.php HTTP/1.1" 404 1251 "www.google.com" "Mozlila/5.0 (Linux; Android 7.0; SM-G892A Bulid/NRD90M; wv) AppleWebKit/537.36 (KHTML, like Gecko) Version/4.0 Chrome/60.0.3112.107 Moblie Safari/537.36"
2a02:598:96:8a00::1200:127 - - [31/Mar/2025:07:21:43 -0400] "GET /can-a-dog-dewormer-cure-cancer/ HTTP/1.1" 404 1251 "-" "Mozilla/5.0 (compatible; SeznamBot/4.0; +https://o-seznam.cz/napoveda/vyhledavani/en/seznambot-crawler/)"
196.251.69.226 - - [31/Mar/2025:07:21:56 -0400] "GET /tempfuns.php HTTP/1.1" 404 1251 "www.google.com" "Mozlila/5.0 (Linux; Android 7.0; SM-G892A Bulid/NRD90M; wv) AppleWebKit/537.36 (KHTML, like Gecko) Version/4.0 Chrome/60.0.3112.107 Moblie Safari/537.36"
51.222.253.6 - - [31/Mar/2025:07:21:56 -0400] "GET /how-to-get-the-protein-in-drumstick/feed/ HTTP/1.1" 404 1251 "-" "Mozilla/5.0 (compatible; AhrefsBot/7.0; +http://ahrefs.com/robot/)"
196.251.69.226 - - [31/Mar/2025:07:22:21 -0400] "GET /tempfuns.php HTTP/1.1" 404 1251 "www.google.com" "Mozlila/5.0 (Linux; Android 7.0; SM-G892A Bulid/NRD90M; wv) AppleWebKit/537.36 (KHTML, like Gecko) Version/4.0 Chrome/60.0.3112.107 Moblie Safari/537.36"
196.251.69.226 - - [31/Mar/2025:07:22:49 -0400] "GET /termps.php HTTP/1.1" 404 1251 "www.google.com" "Mozlila/5.0 (Linux; Android 7.0; SM-G892A Bulid/NRD90M; wv) AppleWebKit/537.36 (KHTML, like Gecko) Version/4.0 Chrome/60.0.3112.107 Moblie Safari/537.36"
196.251.69.226 - - [31/Mar/2025:07:23:11 -0400] "GET /termps.php HTTP/1.1" 404 1251 "www.google.com" "Mozlila/5.0 (Linux; Android 7.0; SM-G892A Bulid/NRD90M; wv) AppleWebKit/537.36 (KHTML, like Gecko) Version/4.0 Chrome/60.0.3112.107 Moblie Safari/537.36"
196.251.69.226 - - [31/Mar/2025:07:23:18 -0400] "GET /epinyins.php HTTP/1.1" 404 1251 "www.google.com" "Mozlila/5.0 (Linux; Android 7.0; SM-G892A Bulid/NRD90M; wv) AppleWebKit/537.36 (KHTML, like Gecko) Version/4.0 Chrome/60.0.3112.107 Moblie Safari/537.36"
196.251.69.226 - - [31/Mar/2025:07:23:36 -0400] "GET /epinyins.php HTTP/1.1" 404 1251 "www.google.com" "Mozlila/5.0 (Linux; Android 7.0; SM-G892A Bulid/NRD90M; wv) AppleWebKit/537.36 (KHTML, like Gecko) Version/4.0 Chrome/60.0.3112.107 Moblie Safari/537.36"
114.119.154.41 - - [31/Mar/2025:07:23:39 -0400] "GET /page/53/ HTTP/1.1" 404 1251 "https://stannswarehouse.com/page/54/" "Mozilla/5.0 (Linux; Android 7.0;) AppleWebKit/537.36 (KHTML, like Gecko) Mobile Safari/537.36 (compatible; PetalBot;+https://webmaster.petalsearch.com/site/petalbot)"
196.251.69.226 - - [31/Mar/2025:07:23:54 -0400] "GET /filefuns.php HTTP/1.1" 404 1251 "www.google.com" "Mozlila/5.0 (Linux; Android 7.0; SM-G892A Bulid/NRD90M; wv) AppleWebKit/537.36 (KHTML, like Gecko) Version/4.0 Chrome/60.0.3112.107 Moblie Safari/537.36"
196.251.69.226 - - [31/Mar/2025:07:24:06 -0400] "GET /filefuns.php HTTP/1.1" 404 1251 "www.google.com" "Mozlila/5.0 (Linux; Android 7.0; SM-G892A Bulid/NRD90M; wv) AppleWebKit/537.36 (KHTML, like Gecko) Version/4.0 Chrome/60.0.3112.107 Moblie Safari/537.36"
196.251.69.226 - - [31/Mar/2025:07:24:19 -0400] "GET /revision.php HTTP/1.1" 404 1251 "www.google.com" "Mozlila/5.0 (Linux; Android 7.0; SM-G892A Bulid/NRD90M; wv) AppleWebKit/537.36 (KHTML, like Gecko) Version/4.0 Chrome/60.0.3112.107 Moblie Safari/537.36"
196.251.69.226 - - [31/Mar/2025:07:24:32 -0400] "GET /revision.php HTTP/1.1" 404 1251 "www.google.com" "Mozlila/5.0 (Linux; Android 7.0; SM-G892A Bulid/NRD90M; wv) AppleWebKit/537.36 (KHTML, like Gecko) Version/4.0 Chrome/60.0.3112.107 Moblie Safari/537.36"
36.226.217.158 - - [31/Mar/2025:07:24:51 -0400] "GET / HTTP/1.1" 200 156148 "https://stannswarehouse.com/" "Mozilla/5.0 (Windows NT 6.1; WOW64) AppleWebKit/537.36 (KHTML, like Gecko) Chrome/34.0.3481.908 Safari/537.36"
185.191.171.1 - - [31/Mar/2025:07:30:22 -0400] "GET /robots.txt HTTP/1.1" 304 0 "-" "Mozilla/5.0 (compatible; SemrushBot/7~bl; +http://www.semrush.com/bot.html)"
85.208.96.202 - - [31/Mar/2025:07:30:22 -0400] "GET /the-rise-of-online-betting/ HTTP/1.1" 404 1251 "-" "Mozilla/5.0 (compatible; SemrushBot/7~bl; +http://www.semrush.com/bot.html)"
2a02:598:64:8a00::3100:1f - - [31/Mar/2025:07:37:31 -0400] "GET /cold-cup/ HTTP/1.1" 404 1251 "-" "Mozilla/5.0 (compatible; SeznamBot/4.0; +https://o-seznam.cz/napoveda/vyhledavani/en/seznambot-crawler/)"
114.119.149.43 - - [31/Mar/2025:07:39:25 -0400] "GET /real-estate-probate-what-is-probate-and-how-can-i-avoid-it/ HTTP/1.1" 404 1251 "https://stannswarehouse.com/weekend-football/" "Mozilla/5.0 (Linux; Android 7.0;) AppleWebKit/537.36 (KHTML, like Gecko) Mobile Safari/537.36 (compatible; PetalBot;+https://webmaster.petalsearch.com/site/petalbot)"
2a02:598:96:8a00::1200:127 - - [31/Mar/2025:07:40:38 -0400] "GET /what-is-futures/ HTTP/1.1" 404 1251 "-" "Mozilla/5.0 (compatible; SeznamBot/4.0; +https://o-seznam.cz/napoveda/vyhledavani/en/seznambot-crawler/)"
114.119.128.143 - - [31/Mar/2025:07:41:06 -0400] "GET /dp/B09L462YVZ?ref=MarsFS_VICC_CHIME HTTP/1.1" 404 1251 "https://stannswarehouse.com/" "Mozilla/5.0 (Linux; Android 7.0;) AppleWebKit/537.36 (KHTML, like Gecko) Mobile Safari/537.36 (compatible; PetalBot;+https://webmaster.petalsearch.com/site/petalbot)"
58.254.68.93 - - [31/Mar/2025:07:41:27 -0400] "GET /unveiling-the-world-of-satta-king-a-comprehensive-guide/ HTTP/1.1" 404 1251 "https://stannswarehouse.com" "Mozilla/5.0 (Windows NT 10.0; Win64; x64) AppleWebKit/537.36 (KHTML, like Gecko) Chrome/62.0.3202.94 Safari/537.36"
58.254.68.93 - - [31/Mar/2025:07:41:29 -0400] "GET /unveiling-the-world-of-satta-king-a-comprehensive-guide/ HTTP/1.1" 404 1251 "https://stannswarehouse.com" "Mozilla/5.0 (Windows NT 10.0; Win64; x64) AppleWebKit/537.36 (KHTML, like Gecko) Chrome/62.0.3202.94 Safari/537.36"
58.254.68.93 - - [31/Mar/2025:07:41:32 -0400] "GET /unveiling-the-world-of-satta-king-a-comprehensive-guide/ HTTP/1.1" 404 1251 "https://stannswarehouse.com" "Mozilla/5.0 (Windows NT 10.0; Win64; x64) AppleWebKit/537.36 (KHTML, like Gecko) Chrome/62.0.3202.94 Safari/537.36"
58.254.68.93 - - [31/Mar/2025:07:41:37 -0400] "GET /unveiling-the-world-of-satta-king-a-comprehensive-guide/ HTTP/1.1" 404 1251 "https://stannswarehouse.com" "Mozilla/5.0 (Windows NT 10.0; Win64; x64) AppleWebKit/537.36 (KHTML, like Gecko) Chrome/62.0.3202.94 Safari/537.36"
51.222.253.12 - - [31/Mar/2025:07:41:39 -0400] "GET /the-best-preworkout-for-women/feed/ HTTP/1.1" 404 1251 "-" "Mozilla/5.0 (compatible; AhrefsBot/7.0; +http://ahrefs.com/robot/)"
114.119.154.41 - - [31/Mar/2025:07:42:36 -0400] "GET /category/sign-up/ HTTP/1.1" 404 1251 "https://stannswarehouse.com/the-power-of-purchasing-tiktok-followers/" "Mozilla/5.0 (Linux; Android 7.0;) AppleWebKit/537.36 (KHTML, like Gecko) Mobile Safari/537.36 (compatible; PetalBot;+https://webmaster.petalsearch.com/site/petalbot)"
2a02:598:64:8a00::3100:1f - - [31/Mar/2025:07:43:33 -0400] "GET /jilibet-agent-login/ HTTP/1.1" 404 1251 "-" "Mozilla/5.0 (compatible; SeznamBot/4.0; +https://o-seznam.cz/napoveda/vyhledavani/en/seznambot-crawler/)"
114.119.145.216 - - [31/Mar/2025:07:44:10 -0400] "GET /decouverte-culinaire-les-meilleurs-restaurants-autour-de-moi/ HTTP/1.1" 404 1251 "https://stannswarehouse.com/page/42/" "Mozilla/5.0 (Linux; Android 7.0;) AppleWebKit/537.36 (KHTML, like Gecko) Mobile Safari/537.36 (compatible; PetalBot;+https://webmaster.petalsearch.com/site/petalbot)"
2a02:598:96:8a00::1200:127 - - [31/Mar/2025:07:44:28 -0400] "GET /the-importance-of-fire-water-tanks/ HTTP/1.1" 404 1251 "-" "Mozilla/5.0 (compatible; SeznamBot/4.0; +https://o-seznam.cz/napoveda/vyhledavani/en/seznambot-crawler/)"
94.181.156.210 - - [31/Mar/2025:07:45:19 -0400] "GET /barack-obama-slot-machine-critical-overview/ HTTP/1.1" 404 1251 "-" "Mozilla/5.0 (Windows NT 6.3; Win64; x64) AppleWebKit/537.36 (KHTML, like Gecko) Chrome/75.0.3770.100 Safari/537.36"
2a02:598:64:8a00::3100:1f - - [31/Mar/2025:07:48:38 -0400] "GET /effortless-organization-with-printable-planner-stickers/ HTTP/1.1" 404 1251 "-" "Mozilla/5.0 (compatible; SeznamBot/4.0; +https://o-seznam.cz/napoveda/vyhledavani/en/seznambot-crawler/)"
185.213.83.109 - - [31/Mar/2025:07:51:24 -0400] "GET /wp-json/wp/v2/posts?per_page=1&orderby=date&order=desc HTTP/1.1" 404 1251 "-" "python-requests/2.32.3"
114.119.154.41 - - [31/Mar/2025:07:51:39 -0400] "GET /immature-rogue-and-failed-states/ HTTP/1.1" 404 1251 "https://stannswarehouse.com/how-to-travel-with-a-stroller-via-plane/" "Mozilla/5.0 (Linux; Android 7.0;) AppleWebKit/537.36 (KHTML, like Gecko) Mobile Safari/537.36 (compatible; PetalBot;+https://webmaster.petalsearch.com/site/petalbot)"
114.119.134.79 - - [31/Mar/2025:07:53:15 -0400] "GET /boat-rental-flathead-lake/ HTTP/1.1" 404 1251 "https://stannswarehouse.com/page/136/" "Mozilla/5.0 (Linux; Android 7.0;) AppleWebKit/537.36 (KHTML, like Gecko) Mobile Safari/537.36 (compatible; PetalBot;+https://webmaster.petalsearch.com/site/petalbot)"
2a02:598:96:8a00::1200:127 - - [31/Mar/2025:07:53:36 -0400] "GET /fenbendazole-for-cancer/ HTTP/1.1" 404 1251 "-" "Mozilla/5.0 (compatible; SeznamBot/4.0; +https://o-seznam.cz/napoveda/vyhledavani/en/seznambot-crawler/)"
58.254.68.93 - - [31/Mar/2025:07:54:26 -0400] "GET /unveiling-the-world-of-satta-king-a-comprehensive-guide/ HTTP/1.1" 404 1251 "https://stannswarehouse.com" "Mozilla/5.0 (Windows NT 10.0; Win64; x64) AppleWebKit/537.36 (KHTML, like Gecko) Chrome/62.0.3202.94 Safari/537.36"
58.254.68.93 - - [31/Mar/2025:07:54:28 -0400] "GET /unveiling-the-world-of-satta-king-a-comprehensive-guide/ HTTP/1.1" 404 1251 "https://stannswarehouse.com" "Mozilla/5.0 (Windows NT 10.0; Win64; x64) AppleWebKit/537.36 (KHTML, like Gecko) Chrome/62.0.3202.94 Safari/537.36"
58.254.68.93 - - [31/Mar/2025:07:54:29 -0400] "GET /unveiling-the-world-of-satta-king-a-comprehensive-guide/ HTTP/1.1" 404 1251 "https://stannswarehouse.com" "Mozilla/5.0 (Windows NT 10.0; Win64; x64) AppleWebKit/537.36 (KHTML, like Gecko) Chrome/62.0.3202.94 Safari/537.36"
2a02:598:64:8a00::3100:1f - - [31/Mar/2025:08:02:29 -0400] "GET /advantages-of-dental-tourism/ HTTP/1.1" 404 1251 "-" "Mozilla/5.0 (compatible; SeznamBot/4.0; +https://o-seznam.cz/napoveda/vyhledavani/en/seznambot-crawler/)"
51.222.253.10 - - [31/Mar/2025:08:02:30 -0400] "GET /how-to-sub-for-baking-soda/feed/ HTTP/1.1" 404 1251 "-" "Mozilla/5.0 (compatible; AhrefsBot/7.0; +http://ahrefs.com/robot/)"
185.220.100.252 - - [31/Mar/2025:08:03:29 -0400] "GET / HTTP/1.1" 200 156148 "https://stannswarehouse.com" "Mozilla/5.0 (Windows NT 10.0; WOW64) AppleWebKit/537.36 (KHTML, like Gecko) Chrome/81.0.4044.138 Safari/537.36 OPR/68.0.3618.173 (Edition Yx)"
2a02:598:96:8a00::1200:127 - - [31/Mar/2025:08:04:42 -0400] "GET /window-diy-composite-doors-versus-upvc-front-door-upvc-back-door/ HTTP/1.1" 404 1251 "-" "Mozilla/5.0 (compatible; SeznamBot/4.0; +https://o-seznam.cz/napoveda/vyhledavani/en/seznambot-crawler/)"
94.181.156.210 - - [31/Mar/2025:08:05:37 -0400] "GET /barack-obama-slot-machine-critical-overview/ HTTP/1.1" 404 1251 "-" "Mozilla/5.0 (Windows NT 6.3; Win64; x64) AppleWebKit/537.36 (KHTML, like Gecko) Chrome/75.0.3770.100 Safari/537.36"
114.119.134.79 - - [31/Mar/2025:08:10:17 -0400] "GET /unveiling-the-thrilling-world-of-poker-casinos/ HTTP/1.1" 404 1251 "https://stannswarehouse.com/page/95/" "Mozilla/5.0 (Linux; Android 7.0;) AppleWebKit/537.36 (KHTML, like Gecko) Mobile Safari/537.36 (compatible; PetalBot;+https://webmaster.petalsearch.com/site/petalbot)"
114.119.145.187 - - [31/Mar/2025:08:11:54 -0400] "GET /dp/B0CJKV1J9N?ref=MarsFS_SMP_B0CJKV1J9N HTTP/1.1" 404 1251 "https://stannswarehouse.com/" "Mozilla/5.0 (Linux; Android 7.0;) AppleWebKit/537.36 (KHTML, like Gecko) Mobile Safari/537.36 (compatible; PetalBot;+https://webmaster.petalsearch.com/site/petalbot)"
87.101.82.150 - - [31/Mar/2025:08:13:34 -0400] "GET /diamond-painting-accessories/ HTTP/1.1" 404 1251 "-" "Mozilla/5.0 (Macintosh; Intel Mac OS X 12_5) AppleWebKit/537.36 (KHTML, like Gecko) Chrome/114.0.0.0 Safari/537.36 Vivaldi/5.3.2679.68"
87.101.82.150 - - [31/Mar/2025:08:13:36 -0400] "GET / HTTP/1.1" 200 156148 "-" "Mozilla/5.0 (Macintosh; Intel Mac OS X 12_5) AppleWebKit/537.36 (KHTML, like Gecko) Chrome/114.0.0.0 Safari/537.36 Vivaldi/5.3.2679.68"
87.101.82.150 - - [31/Mar/2025:08:13:40 -0400] "GET /dp/B0D3RN5W37?ref=MarsFS_VICC_blinksqm HTTP/1.1" 404 1251 "https://stannswarehouse.com" "Mozilla/5.0 (Macintosh; Intel Mac OS X 12_5) AppleWebKit/537.36 (KHTML, like Gecko) Chrome/114.0.0.0 Safari/537.36 Vivaldi/5.3.2679.68"
87.101.82.150 - - [31/Mar/2025:08:13:42 -0400] "GET / HTTP/1.1" 200 156148 "https://stannswarehouse.com" "Mozilla/5.0 (Macintosh; Intel Mac OS X 12_5) AppleWebKit/537.36 (KHTML, like Gecko) Chrome/114.0.0.0 Safari/537.36 Vivaldi/5.3.2679.68"
45.76.16.214 - - [31/Mar/2025:08:14:10 -0400] "GET /what-is-sports-rehab HTTP/1.1" 404 1251 "https://stannswarehouse.com" "Mozilla/5.0 (Windows NT 10.0; Win64; x64) AppleWebKit/537.36 (KHTML, like Gecko) Chrome/62.0.3202.94 Safari/537.36"
45.76.16.214 - - [31/Mar/2025:08:14:10 -0400] "GET /what-is-sports-rehab HTTP/1.1" 404 1251 "https://stannswarehouse.com" "Mozilla/5.0 (Windows NT 10.0; Win64; x64) AppleWebKit/537.36 (KHTML, like Gecko) Chrome/62.0.3202.94 Safari/537.36"
45.76.16.214 - - [31/Mar/2025:08:14:10 -0400] "GET /what-is-sports-rehab HTTP/1.1" 404 1251 "https://stannswarehouse.com" "Mozilla/5.0 (Windows NT 10.0; Win64; x64) AppleWebKit/537.36 (KHTML, like Gecko) Chrome/62.0.3202.94 Safari/537.36"
45.76.16.214 - - [31/Mar/2025:08:14:10 -0400] "GET /what-is-sports-rehab HTTP/1.1" 404 1251 "https://stannswarehouse.com" "Mozilla/5.0 (Windows NT 10.0; Win64; x64) AppleWebKit/537.36 (KHTML, like Gecko) Chrome/62.0.3202.94 Safari/537.36"
85.208.96.206 - - [31/Mar/2025:08:14:54 -0400] "GET /lakegarden-residences-surrounded-by-nature/ HTTP/1.1" 404 1251 "-" "Mozilla/5.0 (compatible; SemrushBot/7~bl; +http://www.semrush.com/bot.html)"
94.103.88.177 - - [31/Mar/2025:08:15:08 -0400] "GET /all-you-need-to-know-regarding-cbd-oil/ HTTP/1.1" 404 1251 "https://stannswarehouse.com/all-you-need-to-know-regarding-cbd-oil/" "Mozilla/5.0 (Windows NT 10.0; Win64; x64) AppleWebKit/537.36 (KHTML, like Gecko) Chrome/130.0.0.0 Safari/537.36"
94.103.88.177 - - [31/Mar/2025:08:15:09 -0400] "GET / HTTP/1.1" 200 156148 "https://stannswarehouse.com/" "Mozilla/5.0 (Windows NT 10.0; Win64; x64) AppleWebKit/537.36 (KHTML, like Gecko) Chrome/130.0.0.0 Safari/537.36"
47.82.34.187 - - [31/Mar/2025:08:16:47 -0400] "GET / HTTP/1.1" 200 156148 "https://www.google.com/" "Mozilla/5.0 (Linux; Android 10; K) AppleWebKit/537.36 (KHTML, like Gecko) Chrome/133.0.0.0 Mobile Safari/537.36"
47.82.34.187 - - [31/Mar/2025:08:16:53 -0400] "GET / HTTP/1.1" 200 156148 "https://www.google.com/" "Mozilla/5.0 (Windows NT 10.0; Win64; x64) AppleWebKit/537.36 (KHTML, like Gecko) Chrome/133.0.0.0 Safari/537.36"
51.222.253.15 - - [31/Mar/2025:08:23:09 -0400] "GET /health-benefits-of-sage-leaves-tea/feed/ HTTP/1.1" 404 1251 "-" "Mozilla/5.0 (compatible; AhrefsBot/7.0; +http://ahrefs.com/robot/)"
58.254.68.93 - - [31/Mar/2025:08:23:15 -0400] "GET /barack-obama-slot-machine-critical-overview/ HTTP/1.1" 404 1251 "https://stannswarehouse.com" "Mozilla/5.0 (Windows NT 10.0; Win64; x64) AppleWebKit/537.36 (KHTML, like Gecko) Chrome/62.0.3202.94 Safari/537.36"
58.254.68.93 - - [31/Mar/2025:08:23:16 -0400] "GET /barack-obama-slot-machine-critical-overview/ HTTP/1.1" 404 1251 "https://stannswarehouse.com" "Mozilla/5.0 (Windows NT 10.0; Win64; x64) AppleWebKit/537.36 (KHTML, like Gecko) Chrome/62.0.3202.94 Safari/537.36"
58.254.68.93 - - [31/Mar/2025:08:23:18 -0400] "GET /barack-obama-slot-machine-critical-overview/ HTTP/1.1" 404 1251 "https://stannswarehouse.com" "Mozilla/5.0 (Windows NT 10.0; Win64; x64) AppleWebKit/537.36 (KHTML, like Gecko) Chrome/62.0.3202.94 Safari/537.36"
58.254.68.93 - - [31/Mar/2025:08:23:20 -0400] "GET /barack-obama-slot-machine-critical-overview/ HTTP/1.1" 404 1251 "https://stannswarehouse.com" "Mozilla/5.0 (Windows NT 10.0; Win64; x64) AppleWebKit/537.36 (KHTML, like Gecko) Chrome/62.0.3202.94 Safari/537.36"
114.119.149.43 - - [31/Mar/2025:08:25:54 -0400] "GET /unrivaled-performance-exploring-the-best-usb-headsets/ HTTP/1.1" 404 1251 "https://stannswarehouse.com/category/activity/page/43/" "Mozilla/5.0 (Linux; Android 7.0;) AppleWebKit/537.36 (KHTML, like Gecko) Mobile Safari/537.36 (compatible; PetalBot;+https://webmaster.petalsearch.com/site/petalbot)"
198.54.114.83 - - [31/Mar/2025:08:26:45 -0400] "POST /wp-admin/admin-ajax.php?action=async_litespeed&nonce=3jrxGUhEsGGkNf9XuTm8G72JyWaMU2vV&litespeed_type=imgoptm HTTP/1.1" 200 5 "-" "WordPress/6.7.2; https://stannswarehouse.com"
114.119.149.43 - - [31/Mar/2025:08:27:27 -0400] "GET /norcold-rv-refrigerator/ HTTP/1.1" 404 1251 "https://stannswarehouse.com/remanufactured-rv-cooling-units/" "Mozilla/5.0 (Linux; Android 7.0;) AppleWebKit/537.36 (KHTML, like Gecko) Mobile Safari/537.36 (compatible; PetalBot;+https://webmaster.petalsearch.com/site/petalbot)"
114.119.145.187 - - [31/Mar/2025:08:29:02 -0400] "GET /ein-blick-auf-zeitgenossisches-design/ HTTP/1.1" 404 1251 "https://stannswarehouse.com/discovering-sabinillas-a-hidden-gem-on-the-costa-del-sol/" "Mozilla/5.0 (Linux; Android 7.0;) AppleWebKit/537.36 (KHTML, like Gecko) Mobile Safari/537.36 (compatible; PetalBot;+https://webmaster.petalsearch.com/site/petalbot)"
2a02:598:64:8a00::3100:1f - - [31/Mar/2025:08:29:39 -0400] "GET /how-to-find-a-licensed-money-lender-in-singapore/ HTTP/1.1" 404 1251 "-" "Mozilla/5.0 (compatible; SeznamBot/4.0; +https://o-seznam.cz/napoveda/vyhledavani/en/seznambot-crawler/)"
114.119.140.48 - - [31/Mar/2025:08:30:36 -0400] "GET /chilling-excellence-exploring-the-innovation-of-norcold-refrigerators/ HTTP/1.1" 404 1251 "https://stannswarehouse.com/why-are-my-norcold-cooling-units-leaking/" "Mozilla/5.0 (Linux; Android 7.0;) AppleWebKit/537.36 (KHTML, like Gecko) Mobile Safari/537.36 (compatible; PetalBot;+https://webmaster.petalsearch.com/site/petalbot)"
223.109.252.146 - - [31/Mar/2025:08:30:43 -0400] "GET / HTTP/1.1" 200 156148 "-" "Sogou web spider/4.0(+http://www.sogou.com/docs/help/webmasters.htm#07)"
223.109.252.146 - - [31/Mar/2025:08:31:48 -0400] "GET / HTTP/1.1" 200 156148 "-" "Sogou web spider/4.0(+http://www.sogou.com/docs/help/webmasters.htm#07)"
114.119.134.79 - - [31/Mar/2025:08:32:13 -0400] "GET /the-rise-of-online-casinos/ HTTP/1.1" 404 1251 "https://stannswarehouse.com/page/31/" "Mozilla/5.0 (Linux; Android 7.0;) AppleWebKit/537.36 (KHTML, like Gecko) Mobile Safari/537.36 (compatible; PetalBot;+https://webmaster.petalsearch.com/site/petalbot)"
195.200.31.148 - - [31/Mar/2025:08:32:42 -0400] "GET /all-you-need-to-know-regarding-cbd-oil/ HTTP/1.1" 404 1251 "https://stannswarehouse.com/all-you-need-to-know-regarding-cbd-oil/" "Mozilla/5.0 (Windows NT 6.2; Win64; x64) AppleWebKit/537.36 (KHTML, like Gecko) Chrome/103.0.0.0 Safari/537.36"
195.200.31.148 - - [31/Mar/2025:08:32:43 -0400] "GET / HTTP/1.1" 200 156148 "https://stannswarehouse.com/" "Mozilla/5.0 (Windows NT 6.2; Win64; x64) AppleWebKit/537.36 (KHTML, like Gecko) Chrome/103.0.0.0 Safari/537.36"
94.181.156.210 - - [31/Mar/2025:08:33:11 -0400] "GET /barack-obama-slot-machine-critical-overview/ HTTP/1.1" 404 1251 "-" "Mozilla/5.0 (Windows NT 6.3; Win64; x64) AppleWebKit/537.36 (KHTML, like Gecko) Chrome/75.0.3770.100 Safari/537.36"
2a02:598:96:8a00::1200:127 - - [31/Mar/2025:08:33:41 -0400] "GET /elevating-your-first-impression/ HTTP/1.1" 404 1251 "-" "Mozilla/5.0 (compatible; SeznamBot/4.0; +https://o-seznam.cz/napoveda/vyhledavani/en/seznambot-crawler/)"
2a02:598:64:8a00::3100:1f - - [31/Mar/2025:08:36:41 -0400] "GET /understanding-aba-therapy/ HTTP/1.1" 404 1251 "-" "Mozilla/5.0 (compatible; SeznamBot/4.0; +https://o-seznam.cz/napoveda/vyhledavani/en/seznambot-crawler/)"
2a02:598:64:8a00::3100:1f - - [31/Mar/2025:08:38:38 -0400] "GET /powerball-site-recommendation/ HTTP/1.1" 404 1251 "-" "Mozilla/5.0 (compatible; SeznamBot/4.0; +https://o-seznam.cz/napoveda/vyhledavani/en/seznambot-crawler/)"
89.110.109.81 - - [31/Mar/2025:08:39:55 -0400] "GET /how-to-choose-a-family-dentist-that-is-best-for-you/ HTTP/1.1" 404 1251 "https://stannswarehouse.com/how-to-choose-a-family-dentist-that-is-best-for-you/#comment-26249" "Mozilla/5.0 (Windows NT 6.1; Win64; x64) AppleWebKit/537.36 (KHTML, like Gecko) Chrome/103.0.5060.114 Safari/537.36"
89.110.109.81 - - [31/Mar/2025:08:40:15 -0400] "GET / HTTP/1.1" 200 156148 "https://stannswarehouse.com/" "Mozilla/5.0 (Windows NT 6.1; Win64; x64) AppleWebKit/537.36 (KHTML, like Gecko) Chrome/103.0.5060.114 Safari/537.36"
