112.92.70.120 - - [01/Apr/2025:06:50:34 -0400] "GET /barack-obama-slot-machine-critical-overview/ HTTP/1.1" 404 1251 "https://stannswarehouse.com" "Mozilla/5.0 (Windows NT 10.0; Win64; x64) AppleWebKit/537.36 (KHTML, like Gecko) Chrome/62.0.3202.94 Safari/537.36"
112.92.70.120 - - [01/Apr/2025:06:50:36 -0400] "GET /barack-obama-slot-machine-critical-overview/ HTTP/1.1" 404 1251 "https://stannswarehouse.com" "Mozilla/5.0 (Windows NT 10.0; Win64; x64) AppleWebKit/537.36 (KHTML, like Gecko) Chrome/62.0.3202.94 Safari/537.36"
112.92.70.120 - - [01/Apr/2025:06:50:38 -0400] "GET /barack-obama-slot-machine-critical-overview/ HTTP/1.1" 404 1251 "https://stannswarehouse.com" "Mozilla/5.0 (Windows NT 10.0; Win64; x64) AppleWebKit/537.36 (KHTML, like Gecko) Chrome/62.0.3202.94 Safari/537.36"
112.92.70.120 - - [01/Apr/2025:06:50:39 -0400] "GET /barack-obama-slot-machine-critical-overview/ HTTP/1.1" 404 1251 "https://stannswarehouse.com" "Mozilla/5.0 (Windows NT 10.0; Win64; x64) AppleWebKit/537.36 (KHTML, like Gecko) Chrome/62.0.3202.94 Safari/537.36"
23.22.107.123 - - [01/Apr/2025:06:52:30 -0400] "GET /choosing-a-brand-design-firm/ HTTP/1.1" 404 1251 "-" "Grammarly/1.0 (http://www.grammarly.com)"
36.226.210.76 - - [01/Apr/2025:06:58:37 -0400] "GET / HTTP/1.1" 200 156148 "http://www.danqingpaper.com/" "Mozilla/5.0 (compatible; Baiduspider/2.0; +http://www.baidu.com/search/spider.html)"
2a02:598:96:8a00::1200:127 - - [01/Apr/2025:07:00:32 -0400] "GET /a-day-tour-adventure/ HTTP/1.1" 404 1251 "-" "Mozilla/5.0 (compatible; SeznamBot/4.0; +https://o-seznam.cz/napoveda/vyhledavani/en/seznambot-crawler/)"
2a02:598:96:8a00::1200:13d - - [01/Apr/2025:07:01:14 -0400] "GET /youtube-likes/ HTTP/1.1" 404 1251 "-" "Mozilla/5.0 (compatible; SeznamBot/4.0; +https://o-seznam.cz/napoveda/vyhledavani/en/seznambot-crawler/)"
178.172.245.215 - - [01/Apr/2025:07:06:02 -0400] "GET / HTTP/1.1" 200 156148 "https://techlivenews.co.uk" "Mozilla/5.0 (compatible; Googlebot/2.1; +http://www.google.com/bot.html)"
2a02:598:96:8a00::1200:127 - - [01/Apr/2025:07:15:19 -0400] "GET /ozark-trail-customer-service/ HTTP/1.1" 404 1251 "-" "Mozilla/5.0 (compatible; SeznamBot/4.0; +https://o-seznam.cz/napoveda/vyhledavani/en/seznambot-crawler/)"
2a02:598:96:8a00::1200:13d - - [01/Apr/2025:07:16:29 -0400] "GET /betting-shops-in-the-uk/ HTTP/1.1" 404 1251 "-" "Mozilla/5.0 (compatible; SeznamBot/4.0; +https://o-seznam.cz/napoveda/vyhledavani/en/seznambot-crawler/)"
2a02:598:96:8a00::1200:127 - - [01/Apr/2025:07:17:38 -0400] "GET /teaser/ HTTP/1.1" 404 1251 "-" "Mozilla/5.0 (compatible; SeznamBot/4.0; +https://o-seznam.cz/napoveda/vyhledavani/en/seznambot-crawler/)"
185.191.171.18 - - [01/Apr/2025:07:20:47 -0400] "GET /robots.txt HTTP/1.1" 304 0 "-" "Mozilla/5.0 (compatible; SemrushBot/7~bl; +http://www.semrush.com/bot.html)"
85.208.96.212 - - [01/Apr/2025:07:20:48 -0400] "GET /category/activity/page/37/ HTTP/1.1" 404 1251 "-" "Mozilla/5.0 (compatible; SemrushBot/7~bl; +http://www.semrush.com/bot.html)"
66.249.66.33 - - [01/Apr/2025:07:20:50 -0400] "GET /youtube-marketing-the-secret-to-driving-massive-traffic-to-your-business/ HTTP/1.1" 404 1251 "-" "Mozilla/5.0 (Linux; Android 6.0.1; Nexus 5X Build/MMB29P) AppleWebKit/537.36 (KHTML, like Gecko) Chrome/134.0.6998.165 Mobile Safari/537.36 (compatible; Googlebot/2.1; +http://www.google.com/bot.html)"
58.254.68.93 - - [01/Apr/2025:07:22:16 -0400] "GET /barack-obama-slot-machine-critical-overview/ HTTP/1.1" 404 1251 "https://stannswarehouse.com" "Mozilla/5.0 (Windows NT 10.0; Win64; x64) AppleWebKit/537.36 (KHTML, like Gecko) Chrome/62.0.3202.94 Safari/537.36"
58.254.68.93 - - [01/Apr/2025:07:22:19 -0400] "GET /barack-obama-slot-machine-critical-overview/ HTTP/1.1" 404 1251 "https://stannswarehouse.com" "Mozilla/5.0 (Windows NT 10.0; Win64; x64) AppleWebKit/537.36 (KHTML, like Gecko) Chrome/62.0.3202.94 Safari/537.36"
58.254.68.93 - - [01/Apr/2025:07:22:21 -0400] "GET /barack-obama-slot-machine-critical-overview/ HTTP/1.1" 404 1251 "https://stannswarehouse.com" "Mozilla/5.0 (Windows NT 10.0; Win64; x64) AppleWebKit/537.36 (KHTML, like Gecko) Chrome/62.0.3202.94 Safari/537.36"
58.254.68.93 - - [01/Apr/2025:07:22:24 -0400] "GET /barack-obama-slot-machine-critical-overview/ HTTP/1.1" 404 1251 "https://stannswarehouse.com" "Mozilla/5.0 (Windows NT 10.0; Win64; x64) AppleWebKit/537.36 (KHTML, like Gecko) Chrome/62.0.3202.94 Safari/537.36"
2a02:598:96:8a00::1200:13d - - [01/Apr/2025:07:24:30 -0400] "GET /how-to-buy-youtube-likes-2/ HTTP/1.1" 404 1251 "-" "Mozilla/5.0 (compatible; SeznamBot/4.0; +https://o-seznam.cz/napoveda/vyhledavani/en/seznambot-crawler/)"
134.199.89.186 - - [01/Apr/2025:07:25:48 -0400] "GET /der-beste-scheidungsanwalt-in-hattingen/ HTTP/1.1" 404 1251 "-" "Mozilla/5.0 (Macintosh; Intel Mac OS X 10_15_7) AppleWebKit/537.36 (KHTML, like Gecko) Chrome/104.0.0.0 Safari/537.36"
54.226.143.137 - - [01/Apr/2025:07:34:25 -0400] "GET /thrills-and-risks-of-online-casino/ HTTP/1.1" 404 1251 "-" "Grammarly/1.0 (http://www.grammarly.com)"
58.221.37.82 - - [01/Apr/2025:07:38:07 -0400] "GET / HTTP/1.1" 200 156148 "https://www.google.com/" "Mozilla/5.0 (Linux; Android 10; K) AppleWebKit/537.36 (KHTML, like Gecko) Chrome/133.0.0.0 Mobile Safari/537.36"
58.221.37.82 - - [01/Apr/2025:07:38:07 -0400] "GET / HTTP/1.1" 200 156148 "https://www.google.com/" "Mozilla/5.0 (Linux; Android 10; K) AppleWebKit/537.36 (KHTML, like Gecko) Chrome/132.0.0.0 Mobile Safari/537.36"
1.164.126.4 - - [01/Apr/2025:07:40:58 -0400] "GET / HTTP/1.1" 200 156148 "https://trackservi.com/" "Mozilla/5.0 (compatible; Baiduspider/2.0; +http://www.baidu.com/search/spider.html)"
91.142.73.116 - - [01/Apr/2025:07:42:26 -0400] "GET /all-you-need-to-know-regarding-cbd-oil/ HTTP/1.1" 404 1251 "https://stannswarehouse.com/all-you-need-to-know-regarding-cbd-oil/#comment-16243/" "Mozilla/5.0 (Windows NT 10.0; Win64; x64) AppleWebKit/537.36 (KHTML, like Gecko) Chrome/130.0.0.0 Safari/537.36 CCleaner/130.0.0.0"
91.142.73.116 - - [01/Apr/2025:07:42:27 -0400] "GET / HTTP/1.1" 200 156148 "https://stannswarehouse.com/" "Mozilla/5.0 (Windows NT 10.0; Win64; x64) AppleWebKit/537.36 (KHTML, like Gecko) Chrome/130.0.0.0 Safari/537.36 CCleaner/130.0.0.0"
2a02:598:96:8a00::1200:13d - - [01/Apr/2025:07:42:28 -0400] "GET /the-best-cbd-uk/ HTTP/1.1" 404 1251 "-" "Mozilla/5.0 (compatible; SeznamBot/4.0; +https://o-seznam.cz/napoveda/vyhledavani/en/seznambot-crawler/)"
152.42.209.58 - - [01/Apr/2025:07:43:53 -0400] "GET /wp-login.php HTTP/1.1" 200 1716 "-" "Mozilla/5.0 (Linux; Android 12; Redmi Note 9 Pro Build/SKQ1.211019.001; wv) AppleWebKit/537.36 (KHTML, like Gecko) Version/4.0 Chrome/126.0.6478.71 Mobile Safari/537.36"
212.34.147.142 - - [01/Apr/2025:07:47:21 -0400] "GET /all-you-need-to-know-regarding-cbd-oil/ HTTP/1.1" 404 1251 "https://stannswarehouse.com/all-you-need-to-know-regarding-cbd-oil/" "Mozilla/5.0 (Windows NT 10.0; Win64; x64) AppleWebKit/537.36 (KHTML, like Gecko) Chrome/131.0.0.0 Safari/537.36 Avast/131.0.0.0"
212.34.147.142 - - [01/Apr/2025:07:47:22 -0400] "GET / HTTP/1.1" 200 156148 "https://stannswarehouse.com/" "Mozilla/5.0 (Windows NT 10.0; Win64; x64) AppleWebKit/537.36 (KHTML, like Gecko) Chrome/131.0.0.0 Safari/537.36 Avast/131.0.0.0"
2a02:598:96:8a00::1200:127 - - [01/Apr/2025:07:47:24 -0400] "GET /how-to-compare-conservatories-prices-in-merthyr-tydfil/ HTTP/1.1" 404 1251 "-" "Mozilla/5.0 (compatible; SeznamBot/4.0; +https://o-seznam.cz/napoveda/vyhledavani/en/seznambot-crawler/)"
2a02:598:96:8a00::1200:13d - - [01/Apr/2025:07:50:45 -0400] "GET /valworx-explosion-proof-el-xp-electric-valve-actuator/ HTTP/1.1" 404 1251 "-" "Mozilla/5.0 (compatible; SeznamBot/4.0; +https://o-seznam.cz/napoveda/vyhledavani/en/seznambot-crawler/)"
2a02:598:96:8a00::1200:127 - - [01/Apr/2025:07:54:29 -0400] "GET /baby-boy-name/ HTTP/1.1" 404 1251 "-" "Mozilla/5.0 (compatible; SeznamBot/4.0; +https://o-seznam.cz/napoveda/vyhledavani/en/seznambot-crawler/)"
2a02:598:96:8a00::1200:127 - - [01/Apr/2025:07:55:22 -0400] "GET /unveiling-the-pitfalls-of-buying-youtube-subscribers/ HTTP/1.1" 404 1251 "-" "Mozilla/5.0 (compatible; SeznamBot/4.0; +https://o-seznam.cz/napoveda/vyhledavani/en/seznambot-crawler/)"
2a02:598:96:8a00::1200:13d - - [01/Apr/2025:07:55:28 -0400] "GET /the-myst-condo-in-upper-bukit-timah/ HTTP/1.1" 404 1251 "-" "Mozilla/5.0 (compatible; SeznamBot/4.0; +https://o-seznam.cz/napoveda/vyhledavani/en/seznambot-crawler/)"
2a02:598:96:8a00::1200:13d - - [01/Apr/2025:07:57:42 -0400] "GET /six-qualities-of-a-great-louisiana-criminal-lawyer/ HTTP/1.1" 404 1251 "-" "Mozilla/5.0 (compatible; SeznamBot/4.0; +https://o-seznam.cz/napoveda/vyhledavani/en/seznambot-crawler/)"
195.80.150.214 - - [01/Apr/2025:08:08:58 -0400] "GET /all-you-need-to-know-regarding-cbd-oil/ HTTP/1.1" 404 1251 "https://stannswarehouse.com/all-you-need-to-know-regarding-cbd-oil/#comment-28122/" "Mozilla/5.0 (Windows NT 10.0; Win64; x64) AppleWebKit/537.36 (KHTML, like Gecko) Chrome/130.0.0.0 Safari/537.36 CCleaner/130.0.0.0"
195.80.150.214 - - [01/Apr/2025:08:08:59 -0400] "GET / HTTP/1.1" 200 156148 "https://stannswarehouse.com/" "Mozilla/5.0 (Windows NT 10.0; Win64; x64) AppleWebKit/537.36 (KHTML, like Gecko) Chrome/130.0.0.0 Safari/537.36 CCleaner/130.0.0.0"
77.83.5.185 - - [01/Apr/2025:08:09:01 -0400] "GET /all-you-need-to-know-regarding-cbd-oil/ HTTP/1.1" 404 1251 "https://stannswarehouse.com/all-you-need-to-know-regarding-cbd-oil/#comment-29401" "Mozilla/5.0 (Windows NT 10.0; Win64; x64) AppleWebKit/537.36 (KHTML, like Gecko) Chrome/130.0.0.0 Safari/537.36 CCleaner/130.0.0.0"
77.83.5.185 - - [01/Apr/2025:08:09:02 -0400] "GET / HTTP/1.1" 200 156148 "https://stannswarehouse.com/" "Mozilla/5.0 (Windows NT 10.0; Win64; x64) AppleWebKit/537.36 (KHTML, like Gecko) Chrome/130.0.0.0 Safari/537.36 CCleaner/130.0.0.0"
198.54.114.83 - - [01/Apr/2025:08:12:44 -0400] "POST /wp-admin/admin-ajax.php?action=async_litespeed&nonce=puuOjq7z0XpUQj5iCPzGz2ZKqagfbfDE&litespeed_type=imgoptm HTTP/1.1" 200 5 "-" "WordPress/6.7.2; https://stannswarehouse.com"
198.54.114.83 - - [01/Apr/2025:08:13:29 -0400] "POST /wp-admin/admin-ajax.php?action=async_litespeed&nonce=0uUcMULmgWsNhs24W6J5LIfEwp0skHGA&litespeed_type=imgoptm HTTP/1.1" 200 5 "-" "WordPress/6.7.2; https://stannswarehouse.com"
52.167.144.171 - - [01/Apr/2025:08:14:10 -0400] "GET /window-diy-composite-doors-versus-upvc-front-door-upvc-back-door/ HTTP/1.1" 404 1251 "-" "Mozilla/5.0 AppleWebKit/537.36 (KHTML, like Gecko; compatible; bingbot/2.0; +http://www.bing.com/bingbot.htm) Chrome/116.0.1938.76 Safari/537.36"
2a02:598:96:8a00::1200:13d - - [01/Apr/2025:08:15:47 -0400] "GET /the-difference-between-attorney-and-lawyer/ HTTP/1.1" 404 1251 "-" "Mozilla/5.0 (compatible; SeznamBot/4.0; +https://o-seznam.cz/napoveda/vyhledavani/en/seznambot-crawler/)"
178.20.43.173 - - [01/Apr/2025:08:16:11 -0400] "GET /all-you-need-to-know-regarding-cbd-oil/ HTTP/1.1" 404 1251 "https://stannswarehouse.com/all-you-need-to-know-regarding-cbd-oil/#comment-10586/" "Mozilla/5.0 (Windows NT 10.0; Win64; x64) AppleWebKit/537.36 (KHTML, like Gecko) Chrome/130.0.0.0 Safari/537.36"
178.20.43.173 - - [01/Apr/2025:08:16:12 -0400] "GET / HTTP/1.1" 200 156148 "https://stannswarehouse.com/" "Mozilla/5.0 (Windows NT 10.0; Win64; x64) AppleWebKit/537.36 (KHTML, like Gecko) Chrome/130.0.0.0 Safari/537.36"
2a02:598:96:8a00::1200:127 - - [01/Apr/2025:08:16:35 -0400] "GET /mk-sales-bag-uk/ HTTP/1.1" 404 1251 "-" "Mozilla/5.0 (compatible; SeznamBot/4.0; +https://o-seznam.cz/napoveda/vyhledavani/en/seznambot-crawler/)"
4.227.36.12 - - [01/Apr/2025:08:19:50 -0400] "GET /robots.txt HTTP/1.1" 200 23 "-" "Mozilla/5.0 AppleWebKit/537.36 (KHTML, like Gecko; compatible; GPTBot/1.2; +https://openai.com/gptbot)"
2a02:598:96:8a00::1200:13d - - [01/Apr/2025:08:23:30 -0400] "GET /abdominoplasty/ HTTP/1.1" 404 1251 "-" "Mozilla/5.0 (compatible; SeznamBot/4.0; +https://o-seznam.cz/napoveda/vyhledavani/en/seznambot-crawler/)"
119.28.3.194 - - [01/Apr/2025:08:33:00 -0400] "GET /importing-and-buying-wholesale-leather-goods/ HTTP/1.1" 404 1251 "-" "Python/3.10 aiohttp/3.10.5"
195.2.67.184 - - [01/Apr/2025:08:34:08 -0400] "GET /all-you-need-to-know-regarding-cbd-oil/ HTTP/1.1" 404 1251 "https://stannswarehouse.com/all-you-need-to-know-regarding-cbd-oil/#comment-28833/" "Mozilla/5.0 (Windows NT 10.0; Win64; x64) AppleWebKit/537.36 (KHTML, like Gecko) Chrome/130.0.0.0 Safari/537.36"
195.2.67.184 - - [01/Apr/2025:08:34:08 -0400] "GET /all-you-need-to-know-regarding-cbd-oil/ HTTP/1.1" 404 1251 "https://stannswarehouse.com/all-you-need-to-know-regarding-cbd-oil/#comment-28833/" "Mozilla/5.0 (Windows NT 10.0; Win64; x64) AppleWebKit/537.36 (KHTML, like Gecko) Chrome/130.0.0.0 Safari/537.36 CCleaner/130.0.0.0"
195.2.67.184 - - [01/Apr/2025:08:34:08 -0400] "GET /all-you-need-to-know-regarding-cbd-oil/ HTTP/1.1" 404 1251 "https://stannswarehouse.com/all-you-need-to-know-regarding-cbd-oil/#comment-28833/" "Mozilla/5.0 (Windows NT 10.0; Win64; x64) AppleWebKit/537.36 (KHTML, like Gecko) Chrome/131.0.0.0 Safari/537.36"
195.2.67.184 - - [01/Apr/2025:08:34:09 -0400] "GET / HTTP/1.1" 200 156148 "https://stannswarehouse.com/" "Mozilla/5.0 (Windows NT 10.0; Win64; x64) AppleWebKit/537.36 (KHTML, like Gecko) Chrome/130.0.0.0 Safari/537.36"
195.2.67.184 - - [01/Apr/2025:08:34:09 -0400] "GET / HTTP/1.1" 200 156148 "https://stannswarehouse.com/" "Mozilla/5.0 (Windows NT 10.0; Win64; x64) AppleWebKit/537.36 (KHTML, like Gecko) Chrome/131.0.0.0 Safari/537.36"
195.2.67.184 - - [01/Apr/2025:08:34:09 -0400] "GET / HTTP/1.1" 200 156148 "https://stannswarehouse.com/" "Mozilla/5.0 (Windows NT 10.0; Win64; x64) AppleWebKit/537.36 (KHTML, like Gecko) Chrome/130.0.0.0 Safari/537.36 CCleaner/130.0.0.0"
91.142.73.116 - - [01/Apr/2025:08:35:05 -0400] "GET /all-you-need-to-know-regarding-cbd-oil/ HTTP/1.1" 404 1251 "https://stannswarehouse.com/all-you-need-to-know-regarding-cbd-oil/#comment-16243/" "Mozilla/5.0 (Windows NT 10.0; Win64; x64) AppleWebKit/537.36 (KHTML, like Gecko) Chrome/130.0.0.0 Safari/537.36 CCleaner/130.0.0.0"
91.142.73.116 - - [01/Apr/2025:08:35:08 -0400] "GET / HTTP/1.1" 200 156148 "https://stannswarehouse.com/" "Mozilla/5.0 (Windows NT 10.0; Win64; x64) AppleWebKit/537.36 (KHTML, like Gecko) Chrome/130.0.0.0 Safari/537.36 CCleaner/130.0.0.0"
2a02:598:96:8a00::1200:127 - - [01/Apr/2025:08:36:38 -0400] "GET /a-brief-history-of-mens-g-string/ HTTP/1.1" 404 1251 "-" "Mozilla/5.0 (compatible; SeznamBot/4.0; +https://o-seznam.cz/napoveda/vyhledavani/en/seznambot-crawler/)"
23.21.204.95 - - [01/Apr/2025:08:37:17 -0400] "GET /warum-einen-scheidungsanwalt-beauftragen/ HTTP/1.1" 404 1251 "-" "Mozilla/5.0 AppleWebKit/537.36 (KHTML, like Gecko; compatible; Amazonbot/0.1; +https://developer.amazon.com/support/amazonbot) Chrome/119.0.6045.214 Safari/537.36"
47.93.4.59 - - [01/Apr/2025:08:37:19 -0400] "GET / HTTP/1.1" 200 156148 "-" "Mozilla/5.0 (Windows NT 10.0; Win64; x64) AppleWebKit/537.36 (KHTML, like Gecko) Chrome/91.0.4472.164 Safari/537.36"
3.141.193.237 - - [01/Apr/2025:08:41:27 -0400] "GET /robots.txt HTTP/1.1" 304 0 "-" "Mozilla/5.0 AppleWebKit/537.36 (KHTML, like Gecko; compatible; ClaudeBot/1.0; +claudebot@anthropic.com)"
3.141.193.237 - - [01/Apr/2025:08:41:28 -0400] "GET /how-to-compare-conservatories-prices-in-merthyr-tydfil HTTP/1.1" 404 1251 "-" "Mozilla/5.0 AppleWebKit/537.36 (KHTML, like Gecko; compatible; ClaudeBot/1.0; +claudebot@anthropic.com)"
2a02:598:96:8a00::1200:13d - - [01/Apr/2025:08:46:41 -0400] "GET /the-enigmatic-world-of-the-myst/ HTTP/1.1" 404 1251 "-" "Mozilla/5.0 (compatible; SeznamBot/4.0; +https://o-seznam.cz/napoveda/vyhledavani/en/seznambot-crawler/)"
66.249.66.35 - - [01/Apr/2025:08:50:51 -0400] "GET /maximizing-impact-with-link-shorteners/ HTTP/1.1" 404 1251 "-" "Mozilla/5.0 (Linux; Android 6.0.1; Nexus 5X Build/MMB29P) AppleWebKit/537.36 (KHTML, like Gecko) Chrome/134.0.6998.165 Mobile Safari/537.36 (compatible; Googlebot/2.1; +http://www.google.com/bot.html)"
91.142.73.116 - - [01/Apr/2025:08:52:33 -0400] "GET /all-you-need-to-know-regarding-cbd-oil/ HTTP/1.1" 404 1251 "https://stannswarehouse.com/all-you-need-to-know-regarding-cbd-oil/#comment-16243/" "Mozilla/5.0 (Windows NT 10.0; Win64; x64) AppleWebKit/537.36 (KHTML, like Gecko) Chrome/130.0.0.0 Safari/537.36"
91.142.73.116 - - [01/Apr/2025:08:52:34 -0400] "GET / HTTP/1.1" 200 156148 "https://stannswarehouse.com/" "Mozilla/5.0 (Windows NT 10.0; Win64; x64) AppleWebKit/537.36 (KHTML, like Gecko) Chrome/130.0.0.0 Safari/537.36"
2a02:598:96:8a00::1200:127 - - [01/Apr/2025:08:55:34 -0400] "GET /what-is-a-socket-screw/ HTTP/1.1" 404 1251 "-" "Mozilla/5.0 (compatible; SeznamBot/4.0; +https://o-seznam.cz/napoveda/vyhledavani/en/seznambot-crawler/)"
156.228.118.74 - - [01/Apr/2025:08:57:05 -0400] "GET /diamond-painting-accessories/ HTTP/1.1" 404 1251 "-" "Mozilla/5.0 (Windows NT 10.0) AppleWebKit/537.36 (KHTML, like Gecko) Chrome/114.0.0.0 Safari/537.36"
156.228.118.74 - - [01/Apr/2025:08:57:08 -0400] "GET / HTTP/1.1" 200 156148 "-" "Mozilla/5.0 (Windows NT 10.0) AppleWebKit/537.36 (KHTML, like Gecko) Chrome/114.0.0.0 Safari/537.36"
156.228.118.74 - - [01/Apr/2025:08:57:16 -0400] "GET /dp/B0D3RN5W37?ref=MarsFS_VICC_blinksqm HTTP/1.1" 404 1251 "https://stannswarehouse.com" "Mozilla/5.0 (Windows NT 10.0) AppleWebKit/537.36 (KHTML, like Gecko) Chrome/114.0.0.0 Safari/537.36"
156.228.118.74 - - [01/Apr/2025:08:57:20 -0400] "GET / HTTP/1.1" 200 156148 "https://stannswarehouse.com" "Mozilla/5.0 (Windows NT 10.0) AppleWebKit/537.36 (KHTML, like Gecko) Chrome/114.0.0.0 Safari/537.36"
2a02:598:96:8a00::1200:13d - - [01/Apr/2025:08:58:38 -0400] "GET /how-to-avoid-photo-clipping/ HTTP/1.1" 404 1251 "-" "Mozilla/5.0 (compatible; SeznamBot/4.0; +https://o-seznam.cz/napoveda/vyhledavani/en/seznambot-crawler/)"
2a02:598:96:8a00::1200:127 - - [01/Apr/2025:08:59:43 -0400] "GET /the-flexibility-of-part-time-employment/ HTTP/1.1" 404 1251 "-" "Mozilla/5.0 (compatible; SeznamBot/4.0; +https://o-seznam.cz/napoveda/vyhledavani/en/seznambot-crawler/)"
196.251.80.22 - - [01/Apr/2025:09:00:28 -0400] "GET /wp-content/themes/seotheme/db.php?u HTTP/1.1" 404 1251 "www.google.com" "Mozlila/5.0 (Linux; Android 7.0; SM-G892A Bulid/NRD90M; wv) AppleWebKit/537.36 (KHTML, like Gecko) Version/4.0 Chrome/60.0.3112.107 Moblie Safari/537.36"
196.251.80.22 - - [01/Apr/2025:09:00:31 -0400] "POST /wp-plain.php HTTP/1.1" 404 1251 "www.google.com" "Mozilla/5.0 (Linux; Android 7.0; SM-G892A Bulid/NRD90M; wv) AppleWebKit/537.36 (KHTML, like Gecko) Version/4.0 Chrome/60.0.3112.107 Moblie Safari/537.36"
196.251.80.22 - - [01/Apr/2025:09:00:34 -0400] "GET /kkxqgriu.php?Fox=d3wL7 HTTP/1.1" 404 1251 "www.google.com" "Mozilla/5.0 (Linux; Android 7.0; SM-G892A Bulid/NRD90M; wv) AppleWebKit/537.36 (KHTML, like Gecko) Version/4.0 Chrome/60.0.3112.107 Moblie Safari/537.36"
18.97.9.97 - - [01/Apr/2025:09:01:54 -0400] "GET /maximisez-votre-visibilite-pourquoi-une-agence-de-marketing-digital-est-essentielle-pour-les-petites-entreprises/ HTTP/1.1" 404 1251 "-" "Mozilla/5.0 AppleWebKit/537.36 (KHTML, like Gecko; compatible; PerplexityBot/1.0; +https://perplexity.ai/perplexitybot)"
91.84.98.84 - - [01/Apr/2025:09:05:27 -0400] "GET /all-you-need-to-know-regarding-cbd-oil/ HTTP/1.1" 404 1251 "https://stannswarehouse.com/all-you-need-to-know-regarding-cbd-oil/" "Mozilla/5.0 (Windows NT 6.3; Win64; x64) AppleWebKit/537.36 (KHTML, like Gecko) Chrome/103.0.5060.53 Safari/537.36"
91.84.98.84 - - [01/Apr/2025:09:05:33 -0400] "GET / HTTP/1.1" 200 156148 "https://stannswarehouse.com/" "Mozilla/5.0 (Windows NT 6.3; Win64; x64) AppleWebKit/537.36 (KHTML, like Gecko) Chrome/103.0.5060.53 Safari/537.36"
2a02:598:96:8a00::1200:127 - - [01/Apr/2025:09:07:42 -0400] "GET /the-rise-of-online-casinos/ HTTP/1.1" 404 1251 "-" "Mozilla/5.0 (compatible; SeznamBot/4.0; +https://o-seznam.cz/napoveda/vyhledavani/en/seznambot-crawler/)"
2a02:598:96:8a00::1200:13d - - [01/Apr/2025:09:08:45 -0400] "GET /unlocking-dreams-at-the-fertility-centre-dubai/ HTTP/1.1" 404 1251 "-" "Mozilla/5.0 (compatible; SeznamBot/4.0; +https://o-seznam.cz/napoveda/vyhledavani/en/seznambot-crawler/)"
91.142.73.116 - - [01/Apr/2025:09:10:22 -0400] "GET /all-you-need-to-know-regarding-cbd-oil/ HTTP/1.1" 404 1251 "https://stannswarehouse.com/all-you-need-to-know-regarding-cbd-oil/#comment-16243/" "Mozilla/5.0 (Windows NT 10.0; Win64; x64) AppleWebKit/537.36 (KHTML, like Gecko) Chrome/131.0.0.0 Safari/537.36"
91.142.73.116 - - [01/Apr/2025:09:10:23 -0400] "GET / HTTP/1.1" 200 156148 "https://stannswarehouse.com/" "Mozilla/5.0 (Windows NT 10.0; Win64; x64) AppleWebKit/537.36 (KHTML, like Gecko) Chrome/131.0.0.0 Safari/537.36"
2a02:598:96:8a00::1200:127 - - [01/Apr/2025:09:10:26 -0400] "GET /exploring-toa-payohs-showflat-a-comprehensive-overview/ HTTP/1.1" 404 1251 "-" "Mozilla/5.0 (compatible; SeznamBot/4.0; +https://o-seznam.cz/napoveda/vyhledavani/en/seznambot-crawler/)"
2a02:4780:12:1979::1 - - [01/Apr/2025:09:11:34 -0400] "GET /wp-login.php HTTP/1.1" 200 1717 "-" "Mozilla/5.0"
2a02:4780:12:1979::1 - - [01/Apr/2025:09:11:35 -0400] "GET /wp-login.php HTTP/1.1" 200 1717 "-" "Mozilla/5.0"
2a02:4780:12:1979::1 - - [01/Apr/2025:09:11:37 -0400] "POST /wp-login.php HTTP/1.1" 200 1848 "-" "Mozilla/5.0"
198.54.114.83 - - [01/Apr/2025:09:11:45 -0400] "POST /wp-cron.php?doing_wp_cron=1743513103.0876789093017578125000 HTTP/1.1" 200 0 "-" "WordPress/6.7.2; https://stannswarehouse.com"
2a02:4780:12:1979::1 - - [01/Apr/2025:09:11:47 -0400] "GET /wp-admin/ HTTP/1.1" 302 0 "-" "Mozilla/5.0"
2a02:4780:12:1979::1 - - [01/Apr/2025:09:11:50 -0400] "GET /wp-login.php?redirect_to=https%3A%2F%2Fstannswarehouse.com%2Fwp-admin%2F&reauth=1 HTTP/1.1" 200 1717 "-" "Mozilla/5.0"
2a02:598:96:8a00::1200:13d - - [01/Apr/2025:09:14:50 -0400] "GET /the-enchantment-of-koon-seng-house/ HTTP/1.1" 404 1251 "-" "Mozilla/5.0 (compatible; SeznamBot/4.0; +https://o-seznam.cz/napoveda/vyhledavani/en/seznambot-crawler/)"
2a02:598:96:8a00::1200:127 - - [01/Apr/2025:09:16:24 -0400] "GET /michael-kors-hand-bag/ HTTP/1.1" 404 1251 "-" "Mozilla/5.0 (compatible; SeznamBot/4.0; +https://o-seznam.cz/napoveda/vyhledavani/en/seznambot-crawler/)"
54.86.177.224 - - [01/Apr/2025:09:16:45 -0400] "GET /navigating-the-maze-the-dynamics-of-car-dealerships/ HTTP/1.1" 404 1251 "-" "Grammarly/1.0 (http://www.grammarly.com)"
2a02:598:96:8a00::1200:13d - - [01/Apr/2025:09:18:51 -0400] "GET /melbourne-airport-chauffeur/ HTTP/1.1" 404 1251 "-" "Mozilla/5.0 (compatible; SeznamBot/4.0; +https://o-seznam.cz/napoveda/vyhledavani/en/seznambot-crawler/)"
2a02:598:96:8a00::1200:127 - - [01/Apr/2025:09:20:32 -0400] "GET /serene-oasis-in-the-cityscape/ HTTP/1.1" 404 1251 "-" "Mozilla/5.0 (compatible; SeznamBot/4.0; +https://o-seznam.cz/napoveda/vyhledavani/en/seznambot-crawler/)"
2a02:598:96:8a00::1200:13d - - [01/Apr/2025:09:24:53 -0400] "GET /functional-medicine-austin/ HTTP/1.1" 404 1251 "-" "Mozilla/5.0 (compatible; SeznamBot/4.0; +https://o-seznam.cz/napoveda/vyhledavani/en/seznambot-crawler/)"
2a02:598:96:8a00::1200:127 - - [01/Apr/2025:09:36:23 -0400] "GET /inislot/ HTTP/1.1" 404 1251 "-" "Mozilla/5.0 (compatible; SeznamBot/4.0; +https://o-seznam.cz/napoveda/vyhledavani/en/seznambot-crawler/)"
2a03:2880:f800:a:: - - [01/Apr/2025:09:38:06 -0400] "GET /advantages-of-a-soft-wash-car-wash/ HTTP/1.1" 404 1251 "-" "meta-externalagent/1.1 (+https://developers.facebook.com/docs/sharing/webmasters/crawler)"
58.221.37.82 - - [01/Apr/2025:09:38:05 -0400] "GET / HTTP/1.1" 200 156148 "https://www.google.com/" "Mozilla/5.0 (Windows NT 10.0; Win64; x64) AppleWebKit/537.36 (KHTML, like Gecko) Chrome/132.0.0.0 Safari/537.36 Edg/132.0.0.0"
205.210.31.235 - - [01/Apr/2025:09:40:09 -0400] "GET / HTTP/1.1" 200 156148 "-" "Expanse, a Palo Alto Networks company, searches across the global IPv4 space multiple times per day to identify customers&#39; presences on the Internet. If you would like to be excluded from our scans, please send IP addresses/domains to: scaninfo@paloaltonetworks.com"
2a02:598:96:8a00::1200:13d - - [01/Apr/2025:09:40:58 -0400] "GET /online-sportsbook/ HTTP/1.1" 404 1251 "-" "Mozilla/5.0 (compatible; SeznamBot/4.0; +https://o-seznam.cz/napoveda/vyhledavani/en/seznambot-crawler/)"
2a02:598:96:8a00::1200:127 - - [01/Apr/2025:09:44:26 -0400] "GET /tupperware-business-review/ HTTP/1.1" 404 1251 "-" "Mozilla/5.0 (compatible; SeznamBot/4.0; +https://o-seznam.cz/napoveda/vyhledavani/en/seznambot-crawler/)"
2a02:598:96:8a00::1200:13d - - [01/Apr/2025:09:44:46 -0400] "GET /how-to-find-really-cheap-kids-motorbikes/ HTTP/1.1" 404 1251 "-" "Mozilla/5.0 (compatible; SeznamBot/4.0; +https://o-seznam.cz/napoveda/vyhledavani/en/seznambot-crawler/)"
2a02:598:96:8a00::1200:127 - - [01/Apr/2025:09:51:23 -0400] "GET /los-angeles-seo-optimization/ HTTP/1.1" 404 1251 "-" "Mozilla/5.0 (compatible; SeznamBot/4.0; +https://o-seznam.cz/napoveda/vyhledavani/en/seznambot-crawler/)"
2a02:598:96:8a00::1200:127 - - [01/Apr/2025:09:56:35 -0400] "GET /barber-shop-furniture-choosing-the-right-pieces-for-your-salon/ HTTP/1.1" 404 1251 "-" "Mozilla/5.0 (compatible; SeznamBot/4.0; +https://o-seznam.cz/napoveda/vyhledavani/en/seznambot-crawler/)"
185.220.101.44 - - [01/Apr/2025:10:03:47 -0400] "GET / HTTP/1.1" 200 156148 "https://stannswarehouse.com" "Mozilla/5.0 (Windows NT 6.1; WOW64; rv:35.0) Gecko/20100101 Firefox/35.0"
157.55.39.58 - - [01/Apr/2025:10:05:50 -0400] "GET /3-things-you-must-do-to-succeed-at-real-estate-investing/feed/ HTTP/1.1" 404 1251 "-" "Mozilla/5.0 AppleWebKit/537.36 (KHTML, like Gecko; compatible; bingbot/2.0; +http://www.bing.com/bingbot.htm) Chrome/116.0.1938.76 Safari/537.36"
40.77.167.9 - - [01/Apr/2025:10:08:42 -0400] "GET /is-online-business-a-good-alternative-to-secure-your-income/feed/ HTTP/1.1" 404 1251 "-" "Mozilla/5.0 AppleWebKit/537.36 (KHTML, like Gecko; compatible; bingbot/2.0; +http://www.bing.com/bingbot.htm) Chrome/116.0.1938.76 Safari/537.36"
2a02:598:96:8a00::1200:127 - - [01/Apr/2025:10:09:39 -0400] "GET /electrician-clearwater/ HTTP/1.1" 404 1251 "-" "Mozilla/5.0 (compatible; SeznamBot/4.0; +https://o-seznam.cz/napoveda/vyhledavani/en/seznambot-crawler/)"
195.2.67.184 - - [01/Apr/2025:10:14:39 -0400] "GET /all-you-need-to-know-regarding-cbd-oil/ HTTP/1.1" 404 1251 "https://stannswarehouse.com/all-you-need-to-know-regarding-cbd-oil/#comment-28833/" "Mozilla/5.0 (Windows NT 10.0; Win64; x64) AppleWebKit/537.36 (KHTML, like Gecko) Chrome/130.0.0.0 Safari/537.36"
195.2.67.184 - - [01/Apr/2025:10:14:39 -0400] "GET /all-you-need-to-know-regarding-cbd-oil/ HTTP/1.1" 404 1251 "https://stannswarehouse.com/all-you-need-to-know-regarding-cbd-oil/#comment-28833/" "Mozilla/5.0 (Windows NT 10.0; Win64; x64) AppleWebKit/537.36 (KHTML, like Gecko) Chrome/130.0.0.0 Safari/537.36"
195.2.67.184 - - [01/Apr/2025:10:14:40 -0400] "GET / HTTP/1.1" 200 156148 "https://stannswarehouse.com/" "Mozilla/5.0 (Windows NT 10.0; Win64; x64) AppleWebKit/537.36 (KHTML, like Gecko) Chrome/130.0.0.0 Safari/537.36"
195.2.67.184 - - [01/Apr/2025:10:14:40 -0400] "GET / HTTP/1.1" 200 156148 "https://stannswarehouse.com/" "Mozilla/5.0 (Windows NT 10.0; Win64; x64) AppleWebKit/537.36 (KHTML, like Gecko) Chrome/130.0.0.0 Safari/537.36"
93.127.130.75 - - [01/Apr/2025:10:15:51 -0400] "GET /fintecture-and-the-goodies-pub/ HTTP/1.1" 404 1251 "-" "Mozilla/5.0"
93.127.130.75 - - [01/Apr/2025:10:15:54 -0400] "GET / HTTP/1.1" 200 156148 "-" "Mozilla/5.0"
185.220.101.11 - - [01/Apr/2025:10:18:10 -0400] "GET / HTTP/1.1" 200 156148 "https://stannswarehouse.com" "Mozilla/5.0 (Windows NT 10.0; WOW64) AppleWebKit/537.36 (KHTML, like Gecko) Chrome/91.0.4472.135 YaBrowser/21.6.2.854 Yowser/2.5 Safari/537.36"
2a02:598:96:8a00::1200:13d - - [01/Apr/2025:10:23:16 -0400] "GET /youtube-marketing-the-secret-to-driving-massive-traffic-to-your-business/ HTTP/1.1" 404 1251 "-" "Mozilla/5.0 (compatible; SeznamBot/4.0; +https://o-seznam.cz/napoveda/vyhledavani/en/seznambot-crawler/)"
119.28.52.89 - - [01/Apr/2025:10:29:21 -0400] "GET /a-comparative-analysis/ HTTP/1.1" 404 1251 "-" "Python/3.10 aiohttp/3.10.5"
2a02:598:96:8a00::1200:13d - - [01/Apr/2025:10:30:59 -0400] "GET /capturing-santorinis-charm-through-a-photoshoot/ HTTP/1.1" 404 1251 "-" "Mozilla/5.0 (compatible; SeznamBot/4.0; +https://o-seznam.cz/napoveda/vyhledavani/en/seznambot-crawler/)"
104.207.42.26 - - [01/Apr/2025:10:32:43 -0400] "GET /diamond-painting-accessories/ HTTP/1.1" 404 1251 "-" "Mozilla/5.0 (X11; Linux x86_64) AppleWebKit/537.36 (KHTML, like Gecko) Chrome/114.0.0.0 Safari/537.36 OPR/89.0.4447.51"
104.207.42.26 - - [01/Apr/2025:10:32:44 -0400] "GET / HTTP/1.1" 200 156148 "-" "Mozilla/5.0 (X11; Linux x86_64) AppleWebKit/537.36 (KHTML, like Gecko) Chrome/114.0.0.0 Safari/537.36 OPR/89.0.4447.51"
104.207.42.26 - - [01/Apr/2025:10:32:48 -0400] "GET /dp/B0D3RN5W37?ref=MarsFS_VICC_blinksqm HTTP/1.1" 404 1251 "https://stannswarehouse.com" "Mozilla/5.0 (X11; Linux x86_64) AppleWebKit/537.36 (KHTML, like Gecko) Chrome/114.0.0.0 Safari/537.36 OPR/89.0.4447.51"
104.207.42.26 - - [01/Apr/2025:10:32:49 -0400] "GET / HTTP/1.1" 200 156148 "https://stannswarehouse.com" "Mozilla/5.0 (X11; Linux x86_64) AppleWebKit/537.36 (KHTML, like Gecko) Chrome/114.0.0.0 Safari/537.36 OPR/89.0.4447.51"
2a02:598:96:8a00::1200:127 - - [01/Apr/2025:10:33:46 -0400] "GET /protegez-votre-fauteuil-avec-style/ HTTP/1.1" 404 1251 "-" "Mozilla/5.0 (compatible; SeznamBot/4.0; +https://o-seznam.cz/napoveda/vyhledavani/en/seznambot-crawler/)"
85.208.98.20 - - [01/Apr/2025:10:37:43 -0400] "GET /choosing-a-moonstone-ring/ HTTP/1.1" 404 1251 "-" "Mozilla/5.0 (compatible; SemrushBot-BA; +http://www.semrush.com/bot.html)"
150.109.60.212 - - [01/Apr/2025:10:38:14 -0400] "GET /installing-interior-window-shutters/ HTTP/1.1" 404 1251 "-" "Python/3.10 aiohttp/3.10.5"
152.42.209.58 - - [01/Apr/2025:10:40:26 -0400] "GET /wp-login.php HTTP/1.1" 200 1716 "-" "Mozilla/5.0 (X11; Linux x86_64; rv:121.0) Gecko/20100101 Firefox/121.0"
198.54.114.83 - - [01/Apr/2025:10:40:30 -0400] "POST /wp-cron.php?doing_wp_cron=1743518429.7577230930328369140625 HTTP/1.1" 200 0 "-" "WordPress/6.7.2; https://stannswarehouse.com"
152.42.209.58 - - [01/Apr/2025:10:40:26 -0400] "POST /wp-login.php HTTP/1.1" 200 1843 "-" "Mozilla/5.0 (X11; Linux x86_64; rv:121.0) Gecko/20100101 Firefox/121.0"
152.42.209.58 - - [01/Apr/2025:10:40:30 -0400] "POST /wp-login.php HTTP/1.1" 200 1843 "-" "Mozilla/5.0 (X11; Linux x86_64; rv:121.0) Gecko/20100101 Firefox/121.0"
198.54.114.83 - - [01/Apr/2025:10:40:31 -0400] "POST /wp-admin/admin-ajax.php?action=async_litespeed&nonce=rP2kIN6upkN5EyEOTox2HBVpWBSBDx1M&litespeed_type=imgoptm HTTP/1.1" 200 5 "-" "WordPress/6.7.2; https://stannswarehouse.com"
2a02:598:96:8a00::1200:13d - - [01/Apr/2025:10:52:28 -0400] "GET /how-to-choose-a-car-locksmith/ HTTP/1.1" 404 1251 "-" "Mozilla/5.0 (compatible; SeznamBot/4.0; +https://o-seznam.cz/napoveda/vyhledavani/en/seznambot-crawler/)"
51.222.253.14 - - [01/Apr/2025:10:59:15 -0400] "GET / HTTP/1.1" 200 156148 "-" "Mozilla/5.0 (compatible; AhrefsBot/7.0; +http://ahrefs.com/robot/)"
52.73.212.14 - - [01/Apr/2025:11:00:52 -0400] "GET /how-to-increase-your-youtube-watch-time/ HTTP/1.1" 404 1251 "-" "Grammarly/1.0 (http://www.grammarly.com)"
124.156.103.176 - - [01/Apr/2025:11:03:19 -0400] "GET /discovering-sabinillas-a-hidden-gem-on-the-costa-del-sol/ HTTP/1.1" 404 1251 "-" "Python/3.10 aiohttp/3.10.5"
47.128.20.251 - - [01/Apr/2025:11:05:54 -0400] "GET /robots.txt HTTP/1.1" 200 23 "-" "Mozilla/5.0 (Linux; Android 5.0) AppleWebKit/537.36 (KHTML, like Gecko) Mobile Safari/537.36 (compatible; Bytespider; spider-feedback@bytedance.com)"
130.51.20.151 - - [01/Apr/2025:11:07:21 -0400] "GET /unveiling-the-world-of-satta-king-a-comprehensive-guide/ HTTP/1.1" 404 1251 "-" "Mozilla/5.0 (Macintosh; Intel Mac OS X 12_5) AppleWebKit/605.1.15 (KHTML, like Gecko) Version/15.4 Safari/605.1.15"
130.51.20.151 - - [01/Apr/2025:11:07:24 -0400] "GET / HTTP/1.1" 200 156148 "-" "Mozilla/5.0 (Macintosh; Intel Mac OS X 12_5) AppleWebKit/605.1.15 (KHTML, like Gecko) Version/15.4 Safari/605.1.15"
47.128.19.131 - - [01/Apr/2025:11:09:53 -0400] "GET /cgi-sys/defaultwebpage.cgi HTTP/1.1" 200 1653 "-" "Mozilla/5.0 (Linux; Android 5.0) AppleWebKit/537.36 (KHTML, like Gecko) Mobile Safari/537.36 (compatible; Bytespider; spider-feedback@bytedance.com)"
47.128.19.131 - - [01/Apr/2025:11:09:57 -0400] "GET /img-sys/server_misconfigured.png HTTP/1.1" 200 3164 "https://stannswarehouse.com/cgi-sys/defaultwebpage.cgi" "Mozilla/5.0 (Linux; Android 5.0) AppleWebKit/537.36 (KHTML, like Gecko) Mobile Safari/537.36 (compatible; Bytespider; spider-feedback@bytedance.com)"
47.128.19.131 - - [01/Apr/2025:11:09:57 -0400] "GET /img-sys/server_moved.png HTTP/1.1" 200 3327 "https://stannswarehouse.com/cgi-sys/defaultwebpage.cgi" "Mozilla/5.0 (Linux; Android 5.0) AppleWebKit/537.36 (KHTML, like Gecko) Mobile Safari/537.36 (compatible; Bytespider; spider-feedback@bytedance.com)"
47.128.19.131 - - [01/Apr/2025:11:09:57 -0400] "GET /img-sys/powered_by_cpanel.svg HTTP/1.1" 200 2506 "https://stannswarehouse.com/cgi-sys/defaultwebpage.cgi" "Mozilla/5.0 (Linux; Android 5.0) AppleWebKit/537.36 (KHTML, like Gecko) Mobile Safari/537.36 (compatible; Bytespider; spider-feedback@bytedance.com)"
47.128.19.131 - - [01/Apr/2025:11:09:57 -0400] "GET /img-sys/IP_changed.png HTTP/1.1" 200 2939 "https://stannswarehouse.com/cgi-sys/defaultwebpage.cgi" "Mozilla/5.0 (Linux; Android 5.0) AppleWebKit/537.36 (KHTML, like Gecko) Mobile Safari/537.36 (compatible; Bytespider; spider-feedback@bytedance.com)"
2a02:598:96:8a00::1200:127 - - [01/Apr/2025:11:10:49 -0400] "GET /the-hidden-benefits-of-part-time-employment/ HTTP/1.1" 404 1251 "-" "Mozilla/5.0 (compatible; SeznamBot/4.0; +https://o-seznam.cz/napoveda/vyhledavani/en/seznambot-crawler/)"
52.3.12.243 - - [01/Apr/2025:11:11:24 -0400] "GET /how-to-increase-your-youtube-watch-time/ HTTP/1.1" 404 1251 "-" "Grammarly/1.0 (http://www.grammarly.com)"
52.3.12.243 - - [01/Apr/2025:11:11:26 -0400] "GET /how-to-increase-your-youtube-watch-time/ HTTP/1.1" 404 1251 "-" "Grammarly/1.0 (http://www.grammarly.com)"
43.130.248.83 - - [01/Apr/2025:11:11:52 -0400] "GET /can-a-dog-dewormer-cure-cancer/ HTTP/1.1" 404 1251 "https://stannswarehouse.com" "Mozilla/5.0 (Windows NT 10.0; Win64; x64) AppleWebKit/537.36 (KHTML, like Gecko) Chrome/62.0.3202.94 Safari/537.36"
43.130.248.83 - - [01/Apr/2025:11:11:53 -0400] "GET /can-a-dog-dewormer-cure-cancer/ HTTP/1.1" 404 1251 "https://stannswarehouse.com" "Mozilla/5.0 (Windows NT 10.0; Win64; x64) AppleWebKit/537.36 (KHTML, like Gecko) Chrome/62.0.3202.94 Safari/537.36"
43.130.248.83 - - [01/Apr/2025:11:11:56 -0400] "GET /can-a-dog-dewormer-cure-cancer/ HTTP/1.1" 404 1251 "https://stannswarehouse.com" "Mozilla/5.0 (Windows NT 10.0; Win64; x64) AppleWebKit/537.36 (KHTML, like Gecko) Chrome/62.0.3202.94 Safari/537.36"
43.130.248.83 - - [01/Apr/2025:11:11:59 -0400] "GET /can-a-dog-dewormer-cure-cancer/ HTTP/1.1" 404 1251 "https://stannswarehouse.com" "Mozilla/5.0 (Windows NT 10.0; Win64; x64) AppleWebKit/537.36 (KHTML, like Gecko) Chrome/62.0.3202.94 Safari/537.36"
2a02:598:96:8a00::1200:127 - - [01/Apr/2025:11:21:52 -0400] "GET /unrivaled-performance-exploring-the-best-usb-headsets/ HTTP/1.1" 404 1251 "-" "Mozilla/5.0 (compatible; SeznamBot/4.0; +https://o-seznam.cz/napoveda/vyhledavani/en/seznambot-crawler/)"
2a02:598:96:8a00::1200:13d - - [01/Apr/2025:11:21:53 -0400] "GET /revolutionizing-connectivity/ HTTP/1.1" 404 1251 "-" "Mozilla/5.0 (compatible; SeznamBot/4.0; +https://o-seznam.cz/napoveda/vyhledavani/en/seznambot-crawler/)"
23.22.107.123 - - [01/Apr/2025:11:22:50 -0400] "GET /how-to-increase-your-youtube-watch-time/ HTTP/1.1" 404 1251 "-" "Grammarly/1.0 (http://www.grammarly.com)"
2a02:598:96:8a00::1200:13d - - [01/Apr/2025:11:22:58 -0400] "GET /the-ultimate-guide-to-tile-cleaning-services/ HTTP/1.1" 404 1251 "-" "Mozilla/5.0 (compatible; SeznamBot/4.0; +https://o-seznam.cz/napoveda/vyhledavani/en/seznambot-crawler/)"
2a02:598:96:8a00::1200:127 - - [01/Apr/2025:11:23:36 -0400] "GET /kohl-eyeliner-powder/ HTTP/1.1" 404 1251 "-" "Mozilla/5.0 (compatible; SeznamBot/4.0; +https://o-seznam.cz/napoveda/vyhledavani/en/seznambot-crawler/)"
2a02:598:96:8a00::1200:127 - - [01/Apr/2025:11:25:47 -0400] "GET /the-foundation-of-excellence/ HTTP/1.1" 404 1251 "-" "Mozilla/5.0 (compatible; SeznamBot/4.0; +https://o-seznam.cz/napoveda/vyhledavani/en/seznambot-crawler/)"
2a02:598:96:8a00::1200:13d - - [01/Apr/2025:11:26:01 -0400] "GET /what-is-the-ai-girlfriend/ HTTP/1.1" 404 1251 "-" "Mozilla/5.0 (compatible; SeznamBot/4.0; +https://o-seznam.cz/napoveda/vyhledavani/en/seznambot-crawler/)"
31.145.16.12 - - [01/Apr/2025:11:31:00 -0400] "GET /robots.txt HTTP/1.1" 200 23 "-" "Mozilla/5.0 AppleWebKit/537.36 (KHTML, like Gecko; compatible; PerplexityBot/1.0; +https://perplexity.ai/perplexitybot)"
31.145.16.12 - - [01/Apr/2025:11:31:22 -0400] "GET / HTTP/1.1" 200 156148 "-" "Mozilla/5.0 AppleWebKit/537.36 (KHTML, like Gecko; compatible; PerplexityBot/1.0; +https://perplexity.ai/perplexitybot)"
2a02:598:96:8a00::1200:13d - - [01/Apr/2025:11:32:03 -0400] "GET /how-to-buy-likes-for-youtube-videos/ HTTP/1.1" 404 1251 "-" "Mozilla/5.0 (compatible; SeznamBot/4.0; +https://o-seznam.cz/napoveda/vyhledavani/en/seznambot-crawler/)"
2a02:598:96:8a00::1200:127 - - [01/Apr/2025:11:32:33 -0400] "GET /a-sneak-peek-into-chuan-park-showflat/ HTTP/1.1" 404 1251 "-" "Mozilla/5.0 (compatible; SeznamBot/4.0; +https://o-seznam.cz/napoveda/vyhledavani/en/seznambot-crawler/)"
52.3.12.243 - - [01/Apr/2025:11:32:56 -0400] "GET /the-rise-of-ai-girlfriends/ HTTP/1.1" 404 1251 "-" "Grammarly/1.0 (http://www.grammarly.com)"
58.254.68.93 - - [01/Apr/2025:11:33:27 -0400] "GET /unveiling-the-world-of-satta-king-a-comprehensive-guide/ HTTP/1.1" 404 1251 "https://stannswarehouse.com" "Mozilla/5.0 (Windows NT 10.0; Win64; x64) AppleWebKit/537.36 (KHTML, like Gecko) Chrome/62.0.3202.94 Safari/537.36"
2a02:598:96:8a00::1200:13d - - [01/Apr/2025:11:33:32 -0400] "GET /everything-you-need-to-know-about-diamond-painting-pictures/ HTTP/1.1" 404 1251 "-" "Mozilla/5.0 (compatible; SeznamBot/4.0; +https://o-seznam.cz/napoveda/vyhledavani/en/seznambot-crawler/)"
58.254.68.93 - - [01/Apr/2025:11:33:34 -0400] "GET /unveiling-the-world-of-satta-king-a-comprehensive-guide/ HTTP/1.1" 404 1251 "https://stannswarehouse.com" "Mozilla/5.0 (Windows NT 10.0; Win64; x64) AppleWebKit/537.36 (KHTML, like Gecko) Chrome/62.0.3202.94 Safari/537.36"
58.254.68.93 - - [01/Apr/2025:11:33:43 -0400] "GET /unveiling-the-world-of-satta-king-a-comprehensive-guide/ HTTP/1.1" 404 1251 "https://stannswarehouse.com" "Mozilla/5.0 (Windows NT 10.0; Win64; x64) AppleWebKit/537.36 (KHTML, like Gecko) Chrome/62.0.3202.94 Safari/537.36"
58.254.68.93 - - [01/Apr/2025:11:33:49 -0400] "GET /unveiling-the-world-of-satta-king-a-comprehensive-guide/ HTTP/1.1" 404 1251 "https://stannswarehouse.com" "Mozilla/5.0 (Windows NT 10.0; Win64; x64) AppleWebKit/537.36 (KHTML, like Gecko) Chrome/62.0.3202.94 Safari/537.36"
2a02:598:96:8a00::1200:127 - - [01/Apr/2025:11:37:31 -0400] "GET /how-to-use-kratom/ HTTP/1.1" 404 1251 "-" "Mozilla/5.0 (compatible; SeznamBot/4.0; +https://o-seznam.cz/napoveda/vyhledavani/en/seznambot-crawler/)"
2a02:598:96:8a00::1200:13d - - [01/Apr/2025:11:40:42 -0400] "GET /url-link-shortener/ HTTP/1.1" 404 1251 "-" "Mozilla/5.0 (compatible; SeznamBot/4.0; +https://o-seznam.cz/napoveda/vyhledavani/en/seznambot-crawler/)"
185.191.171.17 - - [01/Apr/2025:11:41:55 -0400] "GET /robots.txt HTTP/1.1" 304 0 "-" "Mozilla/5.0 (compatible; SemrushBot/7~bl; +http://www.semrush.com/bot.html)"
185.191.171.14 - - [01/Apr/2025:11:41:56 -0400] "GET /page/42/ HTTP/1.1" 404 1251 "-" "Mozilla/5.0 (compatible; SemrushBot/7~bl; +http://www.semrush.com/bot.html)"
2a02:598:96:8a00::1200:127 - - [01/Apr/2025:11:41:57 -0400] "GET /the-best-fertility-clinics-in-sharjah/ HTTP/1.1" 404 1251 "-" "Mozilla/5.0 (compatible; SeznamBot/4.0; +https://o-seznam.cz/napoveda/vyhledavani/en/seznambot-crawler/)"
198.54.114.83 - - [01/Apr/2025:11:45:45 -0400] "POST /wp-admin/admin-ajax.php?action=async_litespeed&nonce=Qyck1ChGbJsVNRGwQbqX4XLYSrT3c0Bo&litespeed_type=imgoptm HTTP/1.1" 200 0 "-" "WordPress/6.7.2; https://stannswarehouse.com"
66.249.66.34 - - [01/Apr/2025:11:50:52 -0400] "GET /la-medecine-esthetique-a-rouen-une-revolution-pour-votre-beaute/ HTTP/1.1" 404 1251 "-" "Mozilla/5.0 (Linux; Android 6.0.1; Nexus 5X Build/MMB29P) AppleWebKit/537.36 (KHTML, like Gecko) Chrome/134.0.6998.165 Mobile Safari/537.36 (compatible; Googlebot/2.1; +http://www.google.com/bot.html)"
2a02:598:96:8a00::1200:13d - - [01/Apr/2025:11:56:57 -0400] "GET /discovering-homes-for-sale-in-portland-oregon/ HTTP/1.1" 404 1251 "-" "Mozilla/5.0 (compatible; SeznamBot/4.0; +https://o-seznam.cz/napoveda/vyhledavani/en/seznambot-crawler/)"
2a02:598:96:8a00::1200:127 - - [01/Apr/2025:11:57:46 -0400] "GET /e-cigarettes-and-youth/ HTTP/1.1" 404 1251 "-" "Mozilla/5.0 (compatible; SeznamBot/4.0; +https://o-seznam.cz/napoveda/vyhledavani/en/seznambot-crawler/)"
198.54.114.83 - - [01/Apr/2025:12:01:48 -0400] "POST /wp-cron.php?doing_wp_cron=1743523306.4650681018829345703125 HTTP/1.1" 200 0 "-" "WordPress/6.7.2; https://stannswarehouse.com"
240e:350:8003:f992:4ecc:6a8f:2cf7:5ca9 - - [01/Apr/2025:12:01:42 -0400] "POST /wp-comments-post.php HTTP/1.1" 302 0 "-" "Mozilla/5.0 (Windows NT 10.0; Win64; x64) AppleWebKit/537.36 (KHTML, like Gecko) Chrome/108.0.0.0 Safari/537.36 Edg/108.0.1462.46"
240e:350:8003:f992:4ecc:6a8f:2cf7:5ca9 - - [01/Apr/2025:12:01:55 -0400] "GET /the-negative-side-effects-of-celery-juice/?unapproved=29511&moderation-hash=ce6987ea8b9d247937014728d374e58b HTTP/1.1" 404 1251 "-" "Mozilla/5.0 (Windows NT 10.0; Win64; x64) AppleWebKit/537.36 (KHTML, like Gecko) Chrome/108.0.0.0 Safari/537.36 Edg/108.0.1462.46"
23.22.107.123 - - [01/Apr/2025:12:03:46 -0400] "GET /navigating-the-maze-the-dynamics-of-car-dealerships/ HTTP/1.1" 404 1251 "-" "Grammarly/1.0 (http://www.grammarly.com)"
2a02:598:96:8a00::1200:13d - - [01/Apr/2025:12:04:31 -0400] "GET /why-buy-a-bugatti-for-sale/ HTTP/1.1" 404 1251 "-" "Mozilla/5.0 (compatible; SeznamBot/4.0; +https://o-seznam.cz/napoveda/vyhledavani/en/seznambot-crawler/)"
2a02:598:96:8a00::1200:127 - - [01/Apr/2025:12:06:43 -0400] "GET /mettigel-a-delicacy-in-germany/ HTTP/1.1" 404 1251 "-" "Mozilla/5.0 (compatible; SeznamBot/4.0; +https://o-seznam.cz/napoveda/vyhledavani/en/seznambot-crawler/)"
46.250.162.167 - - [01/Apr/2025:12:12:28 -0400] "GET /discover-the-magic-of-rainbow-riches-casino/ HTTP/1.1" 404 1251 "https://stannswarehouse.com/discover-the-magic-of-rainbow-riches-casino/" "Mozilla/5.0 (Macintosh; Intel Mac OS X 10_15_7) AppleWebKit/537.36 (KHTML, like Gecko) Chrome/131.0.0.0 Safari/537.36"
58.254.68.93 - - [01/Apr/2025:12:13:44 -0400] "GET /unveiling-the-world-of-satta-king-a-comprehensive-guide/ HTTP/1.1" 404 1251 "https://stannswarehouse.com" "Mozilla/5.0 (Windows NT 10.0; Win64; x64) AppleWebKit/537.36 (KHTML, like Gecko) Chrome/62.0.3202.94 Safari/537.36"
58.254.68.93 - - [01/Apr/2025:12:13:47 -0400] "GET /unveiling-the-world-of-satta-king-a-comprehensive-guide/ HTTP/1.1" 404 1251 "https://stannswarehouse.com" "Mozilla/5.0 (Windows NT 10.0; Win64; x64) AppleWebKit/537.36 (KHTML, like Gecko) Chrome/62.0.3202.94 Safari/537.36"
58.254.68.93 - - [01/Apr/2025:12:13:55 -0400] "GET /unveiling-the-world-of-satta-king-a-comprehensive-guide/ HTTP/1.1" 404 1251 "https://stannswarehouse.com" "Mozilla/5.0 (Windows NT 10.0; Win64; x64) AppleWebKit/537.36 (KHTML, like Gecko) Chrome/62.0.3202.94 Safari/537.36"
58.254.68.93 - - [01/Apr/2025:12:14:01 -0400] "GET /unveiling-the-world-of-satta-king-a-comprehensive-guide/ HTTP/1.1" 404 1251 "https://stannswarehouse.com" "Mozilla/5.0 (Windows NT 10.0; Win64; x64) AppleWebKit/537.36 (KHTML, like Gecko) Chrome/62.0.3202.94 Safari/537.36"
2a02:598:96:8a00::1200:127 - - [01/Apr/2025:12:14:54 -0400] "GET /ivf-clinic-sharjah/ HTTP/1.1" 404 1251 "-" "Mozilla/5.0 (compatible; SeznamBot/4.0; +https://o-seznam.cz/napoveda/vyhledavani/en/seznambot-crawler/)"
112.92.70.120 - - [01/Apr/2025:12:15:15 -0400] "GET /how-to-choose-a-family-dentist-that-is-best-for-you/ HTTP/1.1" 404 1251 "https://stannswarehouse.com" "Mozilla/5.0 (Windows NT 10.0; Win64; x64) AppleWebKit/537.36 (KHTML, like Gecko) Chrome/62.0.3202.94 Safari/537.36"
112.92.70.120 - - [01/Apr/2025:12:15:22 -0400] "GET /how-to-choose-a-family-dentist-that-is-best-for-you/ HTTP/1.1" 404 1251 "https://stannswarehouse.com" "Mozilla/5.0 (Windows NT 10.0; Win64; x64) AppleWebKit/537.36 (KHTML, like Gecko) Chrome/62.0.3202.94 Safari/537.36"
112.92.70.120 - - [01/Apr/2025:12:15:25 -0400] "GET /how-to-choose-a-family-dentist-that-is-best-for-you/ HTTP/1.1" 404 1251 "https://stannswarehouse.com" "Mozilla/5.0 (Windows NT 10.0; Win64; x64) AppleWebKit/537.36 (KHTML, like Gecko) Chrome/62.0.3202.94 Safari/537.36"
112.92.70.120 - - [01/Apr/2025:12:15:33 -0400] "GET /how-to-choose-a-family-dentist-that-is-best-for-you/ HTTP/1.1" 404 1251 "https://stannswarehouse.com" "Mozilla/5.0 (Windows NT 10.0; Win64; x64) AppleWebKit/537.36 (KHTML, like Gecko) Chrome/62.0.3202.94 Safari/537.36"
2a02:598:96:8a00::1200:13d - - [01/Apr/2025:12:15:37 -0400] "GET /pc-builder/ HTTP/1.1" 404 1251 "-" "Mozilla/5.0 (compatible; SeznamBot/4.0; +https://o-seznam.cz/napoveda/vyhledavani/en/seznambot-crawler/)"
2a02:598:96:8a00::1200:127 - - [01/Apr/2025:12:15:50 -0400] "GET /elderly-home-care-in-montreal/ HTTP/1.1" 404 1251 "-" "Mozilla/5.0 (compatible; SeznamBot/4.0; +https://o-seznam.cz/napoveda/vyhledavani/en/seznambot-crawler/)"
2a02:598:96:8a00::1200:13d - - [01/Apr/2025:12:19:56 -0400] "GET /discovering-elegance-the-sora-showflat-experience/ HTTP/1.1" 404 1251 "-" "Mozilla/5.0 (compatible; SeznamBot/4.0; +https://o-seznam.cz/napoveda/vyhledavani/en/seznambot-crawler/)"
198.54.114.83 - - [01/Apr/2025:12:25:18 -0400] "POST /wp-cron.php?doing_wp_cron=1743524717.1147289276123046875000 HTTP/1.1" 200 0 "-" "WordPress/6.7.2; https://stannswarehouse.com"
103.59.95.65 - - [01/Apr/2025:12:25:12 -0400] "POST /wp-login.php/wp-login.php HTTP/1.1" 200 1843 "-" "python-requests/2.32.3"
198.54.114.83 - - [01/Apr/2025:12:27:27 -0400] "POST /wp-admin/admin-ajax.php?action=async_litespeed&nonce=OC0sSJ2FnpUWG6hbcRBiCsJuGV2WS8Rq&litespeed_type=imgoptm HTTP/1.1" 200 0 "-" "WordPress/6.7.2; https://stannswarehouse.com"
54.85.239.163 - - [01/Apr/2025:12:33:31 -0400] "GET /omega-watch-repair/ HTTP/1.1" 404 1251 "-" "Grammarly/1.0 (http://www.grammarly.com)"
2a02:598:96:8a00::1200:127 - - [01/Apr/2025:12:37:53 -0400] "GET /lhistoire-de-lenseigne-quai-des-bergues/ HTTP/1.1" 404 1251 "-" "Mozilla/5.0 (compatible; SeznamBot/4.0; +https://o-seznam.cz/napoveda/vyhledavani/en/seznambot-crawler/)"
185.191.171.9 - - [01/Apr/2025:12:40:43 -0400] "GET /how-to-gain-more-youtube-subscribers/ HTTP/1.1" 404 1251 "-" "Mozilla/5.0 (compatible; SemrushBot/7~bl; +http://www.semrush.com/bot.html)"
13.218.190.35 - - [01/Apr/2025:12:42:52 -0400] "GET / HTTP/1.1" 200 156148 "-" "Mozilla/5.0 (Windows NT 10.0; Win64; x64) AppleWebKit/537.36 (KHTML, like Gecko) Chrome/104.0.0.0 Safari/537.36"
2a02:598:96:8a00::1200:13d - - [01/Apr/2025:12:45:44 -0400] "GET / HTTP/1.1" 200 156148 "-" "Mozilla/5.0 (compatible; SeznamBot/4.0; +https://o-seznam.cz/napoveda/vyhledavani/en/seznambot-crawler/)"
185.191.171.8 - - [01/Apr/2025:12:48:08 -0400] "GET /robots.txt HTTP/1.1" 200 23 "-" "Mozilla/5.0 (compatible; SemrushBot/7~bl; +http://www.semrush.com/bot.html)"
185.191.171.10 - - [01/Apr/2025:12:48:08 -0400] "GET /advertising-agency-in-mumbai/ HTTP/1.1" 404 1251 "-" "Mozilla/5.0 (compatible; SemrushBot/7~bl; +http://www.semrush.com/bot.html)"
185.220.101.130 - - [01/Apr/2025:12:51:36 -0400] "GET / HTTP/1.1" 200 156148 "https://stannswarehouse.com" "Mozilla/5.0 (Windows; U; Windows NT 6.0; fr-FR) AppleWebKit/528.16 (KHTML, like Gecko) Version/4.0 Safari/528.16"
2a02:598:96:8a00::1200:13d - - [01/Apr/2025:12:55:19 -0400] "GET /how-to-choose-the-best-thermal-paste-for-your-cpu/ HTTP/1.1" 404 1251 "-" "Mozilla/5.0 (compatible; SeznamBot/4.0; +https://o-seznam.cz/napoveda/vyhledavani/en/seznambot-crawler/)"
198.54.114.83 - - [01/Apr/2025:12:55:44 -0400] "POST /wp-admin/admin-ajax.php?action=async_litespeed&nonce=dpMJrh5Esm9gHMsME9oorS43F1uR1sFm&litespeed_type=imgoptm HTTP/1.1" 200 0 "-" "WordPress/6.7.2; https://stannswarehouse.com"
58.254.68.93 - - [01/Apr/2025:12:59:32 -0400] "GET /unveiling-the-world-of-satta-king-a-comprehensive-guide/ HTTP/1.1" 404 1251 "https://stannswarehouse.com" "Mozilla/5.0 (Windows NT 10.0; Win64; x64) AppleWebKit/537.36 (KHTML, like Gecko) Chrome/62.0.3202.94 Safari/537.36"
58.254.68.93 - - [01/Apr/2025:12:59:34 -0400] "GET /unveiling-the-world-of-satta-king-a-comprehensive-guide/ HTTP/1.1" 404 1251 "https://stannswarehouse.com" "Mozilla/5.0 (Windows NT 10.0; Win64; x64) AppleWebKit/537.36 (KHTML, like Gecko) Chrome/62.0.3202.94 Safari/537.36"
58.254.68.93 - - [01/Apr/2025:12:59:38 -0400] "GET /unveiling-the-world-of-satta-king-a-comprehensive-guide/ HTTP/1.1" 404 1251 "https://stannswarehouse.com" "Mozilla/5.0 (Windows NT 10.0; Win64; x64) AppleWebKit/537.36 (KHTML, like Gecko) Chrome/62.0.3202.94 Safari/537.36"
58.254.68.93 - - [01/Apr/2025:12:59:42 -0400] "GET /unveiling-the-world-of-satta-king-a-comprehensive-guide/ HTTP/1.1" 404 1251 "https://stannswarehouse.com" "Mozilla/5.0 (Windows NT 10.0; Win64; x64) AppleWebKit/537.36 (KHTML, like Gecko) Chrome/62.0.3202.94 Safari/537.36"
13.229.78.155 - - [01/Apr/2025:13:00:39 -0400] "GET /wp-content/plugins/background-image-cropper/classwithtostring.php HTTP/1.1" 404 1251 "www.google.com" "Mozlila/5.0 (Linux; Android 7.0; SM-G892A Bulid/NRD90M; wv) AppleWebKit/537.36 (KHTML, like Gecko) Version/4.0 Chrome/60.0.3112.107 Moblie Safari/537.36"
2a02:598:96:8a00::1200:127 - - [01/Apr/2025:13:01:43 -0400] "GET /bijoux/ HTTP/1.1" 404 1251 "-" "Mozilla/5.0 (compatible; SeznamBot/4.0; +https://o-seznam.cz/napoveda/vyhledavani/en/seznambot-crawler/)"
