31.41.38.31 - - [03/Apr/2025:23:52:03 -0400] "GET / HTTP/1.1" 200 156148 "https://stannswarehouse.com/" "Mozilla/5.0 (Windows NT 10.0; Win64; x64) AppleWebKit/537.36 (KHTML, like Gecko) Chrome/131.0.0.0 Safari/537.36 Avast/131.0.0.0"
34.169.216.138 - - [03/Apr/2025:23:52:59 -0400] "GET /how-to-travel-with-a-stroller-via-plane/ HTTP/1.1" 404 1251 "-" "Mozilla/5.0 (Macintosh; Intel Mac OS X 10.15; rv:109.0) Gecko/20100101 Firefox/116.0"
185.191.171.8 - - [03/Apr/2025:23:54:20 -0400] "GET /robots.txt HTTP/1.1" 304 0 "-" "Mozilla/5.0 (compatible; SemrushBot/7~bl; +http://www.semrush.com/bot.html)"
185.191.171.19 - - [03/Apr/2025:23:54:21 -0400] "GET /efficiency-at-your-fingertips-the-instant-hot-water-tap/ HTTP/1.1" 404 1251 "-" "Mozilla/5.0 (compatible; SemrushBot/7~bl; +http://www.semrush.com/bot.html)"
223.109.255.147 - - [03/Apr/2025:23:56:20 -0400] "GET / HTTP/1.1" 200 156148 "-" "Sogou web spider/4.0(+http://www.sogou.com/docs/help/webmasters.htm#07)"
85.208.98.22 - - [03/Apr/2025:23:57:39 -0400] "GET /functional-medicine-austin/ HTTP/1.1" 404 1251 "-" "Mozilla/5.0 (compatible; SemrushBot-BA; +http://www.semrush.com/bot.html)"
138.186.137.243 - - [03/Apr/2025:23:57:44 -0400] "GET /how-to-choose-a-family-dentist-that-is-best-for-you HTTP/1.1" 404 1251 "-" "Mozilla/5.0 (Macintosh; Intel Mac OS X 12_5) AppleWebKit/537.36 (KHTML, like Gecko) Chrome/114.0.0.0 Safari/537.36"
138.186.137.243 - - [03/Apr/2025:23:57:45 -0400] "GET / HTTP/1.1" 200 156148 "-" "Mozilla/5.0 (Macintosh; Intel Mac OS X 12_5) AppleWebKit/537.36 (KHTML, like Gecko) Chrome/114.0.0.0 Safari/537.36"
138.186.137.243 - - [03/Apr/2025:23:57:48 -0400] "GET /dp/B0D3RN5W37?ref=MarsFS_VICC_blinksqm HTTP/1.1" 404 1251 "https://stannswarehouse.com" "Mozilla/5.0 (Macintosh; Intel Mac OS X 12_5) AppleWebKit/537.36 (KHTML, like Gecko) Chrome/114.0.0.0 Safari/537.36"
138.186.137.243 - - [03/Apr/2025:23:57:48 -0400] "GET / HTTP/1.1" 200 156148 "https://stannswarehouse.com" "Mozilla/5.0 (Macintosh; Intel Mac OS X 12_5) AppleWebKit/537.36 (KHTML, like Gecko) Chrome/114.0.0.0 Safari/537.36"
198.54.114.83 - - [04/Apr/2025:00:04:49 -0400] "POST /wp-cron.php?doing_wp_cron=1743739488.6305010318756103515625 HTTP/1.1" 200 0 "-" "WordPress/6.7.2; https://stannswarehouse.com"
185.213.83.182 - - [04/Apr/2025:00:04:44 -0400] "POST /wp-login.php/wp-login.php HTTP/1.1" 200 1848 "-" "Mozilla"
198.54.114.83 - - [04/Apr/2025:00:04:50 -0400] "POST /wp-admin/admin-ajax.php?action=async_litespeed&nonce=SzJjknAmdRHJ9u1t0y1qWbMovLeVcJaX&litespeed_type=imgoptm HTTP/1.1" 200 0 "-" "WordPress/6.7.2; https://stannswarehouse.com"
52.73.212.14 - - [04/Apr/2025:00:08:41 -0400] "GET /importing-and-buying-wholesale-leather-goods/ HTTP/1.1" 404 1251 "-" "Grammarly/1.0 (http://www.grammarly.com)"
34.19.85.195 - - [04/Apr/2025:00:14:40 -0400] "GET /how-to-travel-with-a-stroller-via-plane/ HTTP/1.1" 404 1251 "-" "Mozilla/5.0 (Windows NT 10.0; Win64; x64) AppleWebKit/537.36 (KHTML, like Gecko) Chrome/123.0.0.0 Safari/537.36"
74.80.208.140 - - [04/Apr/2025:00:18:34 -0400] "GET /robots.txt HTTP/1.1" 200 23 "-" "Mozilla/5.0 (compatible; ImagesiftBot; +imagesift.com)"
74.80.208.140 - - [04/Apr/2025:00:18:34 -0400] "GET /wp-json/wp/v2/posts/745 HTTP/1.1" 404 1251 "-" "Mozilla/5.0 (compatible; ImagesiftBot; +imagesift.com)"
74.80.208.140 - - [04/Apr/2025:00:18:52 -0400] "GET /what-does-an-employment-lawyer-do/ HTTP/1.1" 404 1251 "-" "Mozilla/5.0 (compatible; ImagesiftBot; +imagesift.com)"
74.80.208.140 - - [04/Apr/2025:00:18:54 -0400] "GET /%E0%B9%80%E0%B8%9C%E0%B8%A2%E0%B8%84%E0%B8%A7%E0%B8%B2%E0%B8%A1%E0%B8%95%E0%B8%B7%E0%B9%88%E0%B8%99%E0%B9%80%E0%B8%95%E0%B9%89%E0%B8%99%E0%B8%82%E0%B8%AD%E0%B8%87-pg-slot-%E0%B9%82%E0%B8%A5%E0%B8%81/ HTTP/1.1" 404 1251 "-" "Mozilla/5.0 (compatible; ImagesiftBot; +imagesift.com)"
74.80.208.140 - - [04/Apr/2025:00:18:57 -0400] "GET /wp-json/wp/v2/posts/2993 HTTP/1.1" 404 1251 "-" "Mozilla/5.0 (compatible; ImagesiftBot; +imagesift.com)"
34.169.216.138 - - [04/Apr/2025:00:19:39 -0400] "GET /thrills-and-risks-of-online-casinos/ HTTP/1.1" 404 1251 "-" "Mozilla/5.0 (Macintosh; Intel Mac OS X 10.15; rv:109.0) Gecko/20100101 Firefox/116.0"
74.80.208.140 - - [04/Apr/2025:00:19:44 -0400] "GET /celebrate-your-marriage-anniversary-with-a-sweet-cake/ HTTP/1.1" 404 1251 "-" "Mozilla/5.0 (compatible; ImagesiftBot; +imagesift.com)"
74.80.208.140 - - [04/Apr/2025:00:19:50 -0400] "GET /wp-json/wp/v2/posts/923 HTTP/1.1" 404 1251 "-" "Mozilla/5.0 (compatible; ImagesiftBot; +imagesift.com)"
74.80.208.140 - - [04/Apr/2025:00:19:56 -0400] "GET /revitalizing-surfaces-the-power-of-pressure-cleaning-services/ HTTP/1.1" 404 1251 "-" "Mozilla/5.0 (compatible; ImagesiftBot; +imagesift.com)"
74.80.208.140 - - [04/Apr/2025:00:20:19 -0400] "GET /stepping-into-comfort-unraveling-the-best-slouch-socks/ HTTP/1.1" 404 1251 "-" "Mozilla/5.0 (compatible; ImagesiftBot; +imagesift.com)"
74.80.208.140 - - [04/Apr/2025:00:21:35 -0400] "GET /wp-json/wp/v2/posts/1786 HTTP/1.1" 404 1251 "-" "Mozilla/5.0 (compatible; ImagesiftBot; +imagesift.com)"
74.80.208.140 - - [04/Apr/2025:00:21:41 -0400] "GET /wp-json/wp/v2/posts/392 HTTP/1.1" 404 1251 "-" "Mozilla/5.0 (compatible; ImagesiftBot; +imagesift.com)"
74.80.208.140 - - [04/Apr/2025:00:21:50 -0400] "GET /wp-json/wp/v2/posts/252 HTTP/1.1" 404 1251 "-" "Mozilla/5.0 (compatible; ImagesiftBot; +imagesift.com)"
74.80.208.140 - - [04/Apr/2025:00:22:07 -0400] "GET /schneidebrett-experte/ HTTP/1.1" 404 1251 "-" "Mozilla/5.0 (compatible; ImagesiftBot; +imagesift.com)"
74.80.208.140 - - [04/Apr/2025:00:22:12 -0400] "GET /wp-json/wp/v2/posts/1734 HTTP/1.1" 404 1251 "-" "Mozilla/5.0 (compatible; ImagesiftBot; +imagesift.com)"
74.80.208.140 - - [04/Apr/2025:00:22:20 -0400] "GET /wp-json/wp/v2/posts/570 HTTP/1.1" 404 1251 "-" "Mozilla/5.0 (compatible; ImagesiftBot; +imagesift.com)"
74.80.208.140 - - [04/Apr/2025:00:23:11 -0400] "GET /timeless-elegance-unveiling-the-allure-of-the-original-wall-clock/ HTTP/1.1" 404 1251 "-" "Mozilla/5.0 (compatible; ImagesiftBot; +imagesift.com)"
74.80.208.140 - - [04/Apr/2025:00:23:14 -0400] "GET /a-comprehensive-solution/ HTTP/1.1" 404 1251 "-" "Mozilla/5.0 (compatible; ImagesiftBot; +imagesift.com)"
74.80.208.140 - - [04/Apr/2025:00:23:25 -0400] "GET /wp-json/wp/v2/posts/1927 HTTP/1.1" 404 1251 "-" "Mozilla/5.0 (compatible; ImagesiftBot; +imagesift.com)"
74.80.208.140 - - [04/Apr/2025:00:23:37 -0400] "GET /buy-tiktok-views/ HTTP/1.1" 404 1251 "-" "Mozilla/5.0 (compatible; ImagesiftBot; +imagesift.com)"
74.80.208.140 - - [04/Apr/2025:00:24:29 -0400] "GET /wp-json/wp/v2/posts/1675 HTTP/1.1" 404 0 "-" "Mozilla/5.0 (compatible; ImagesiftBot; +imagesift.com)"
74.80.208.140 - - [04/Apr/2025:00:24:42 -0400] "GET /wp-json/wp/v2/posts/1623 HTTP/1.1" 404 1251 "-" "Mozilla/5.0 (compatible; ImagesiftBot; +imagesift.com)"
74.80.208.140 - - [04/Apr/2025:00:24:50 -0400] "GET /steuererklarung/ HTTP/1.1" 404 1251 "-" "Mozilla/5.0 (compatible; ImagesiftBot; +imagesift.com)"
74.80.208.140 - - [04/Apr/2025:00:25:14 -0400] "GET /wp-json/wp/v2/posts/2055 HTTP/1.1" 404 1251 "-" "Mozilla/5.0 (compatible; ImagesiftBot; +imagesift.com)"
74.80.208.140 - - [04/Apr/2025:00:25:27 -0400] "GET /wp-json/wp/v2/posts/2003 HTTP/1.1" 404 1251 "-" "Mozilla/5.0 (compatible; ImagesiftBot; +imagesift.com)"
74.80.208.140 - - [04/Apr/2025:00:25:44 -0400] "GET /the-most-effective-herbal-medicines-for-treating-hypertension-or-high-blood-pressure/ HTTP/1.1" 404 1251 "-" "Mozilla/5.0 (compatible; ImagesiftBot; +imagesift.com)"
74.80.208.140 - - [04/Apr/2025:00:25:52 -0400] "GET /wp-json/wp/v2/posts/1260 HTTP/1.1" 404 1251 "-" "Mozilla/5.0 (compatible; ImagesiftBot; +imagesift.com)"
74.80.208.140 - - [04/Apr/2025:00:26:11 -0400] "GET /wp-json/wp/v2/posts/413 HTTP/1.1" 404 1251 "-" "Mozilla/5.0 (compatible; ImagesiftBot; +imagesift.com)"
74.80.208.140 - - [04/Apr/2025:00:26:26 -0400] "GET /wp-json/wp/v2/posts/731 HTTP/1.1" 404 0 "-" "Mozilla/5.0 (compatible; ImagesiftBot; +imagesift.com)"
74.80.208.140 - - [04/Apr/2025:00:26:27 -0400] "GET /dog-dewormer-cancer/ HTTP/1.1" 404 1251 "-" "Mozilla/5.0 (compatible; ImagesiftBot; +imagesift.com)"
74.80.208.140 - - [04/Apr/2025:00:26:42 -0400] "GET /the-renaissance-in-germany-painting/ HTTP/1.1" 404 1251 "-" "Mozilla/5.0 (compatible; ImagesiftBot; +imagesift.com)"
74.80.208.140 - - [04/Apr/2025:00:26:44 -0400] "GET /wp-json/wp/v2/posts/1705 HTTP/1.1" 404 1251 "-" "Mozilla/5.0 (compatible; ImagesiftBot; +imagesift.com)"
74.80.208.140 - - [04/Apr/2025:00:26:51 -0400] "GET /wp-json/wp/v2/categories/4 HTTP/1.1" 404 1251 "-" "Mozilla/5.0 (compatible; ImagesiftBot; +imagesift.com)"
74.80.208.140 - - [04/Apr/2025:00:27:12 -0400] "GET /the-hidden-benefits-of-part-time-employment/ HTTP/1.1" 404 1251 "-" "Mozilla/5.0 (compatible; ImagesiftBot; +imagesift.com)"
74.80.208.140 - - [04/Apr/2025:00:27:18 -0400] "GET /woom-air-a-review-of-a-kids-mountain-bike/ HTTP/1.1" 404 1251 "-" "Mozilla/5.0 (compatible; ImagesiftBot; +imagesift.com)"
74.80.208.140 - - [04/Apr/2025:00:27:19 -0400] "GET /window-diy-composite-doors-versus-upvc-front-door-upvc-back-door/ HTTP/1.1" 404 1251 "-" "Mozilla/5.0 (compatible; ImagesiftBot; +imagesift.com)"
74.80.208.140 - - [04/Apr/2025:00:27:40 -0400] "GET /wp-json/wp/v2/posts/498 HTTP/1.1" 404 1251 "-" "Mozilla/5.0 (compatible; ImagesiftBot; +imagesift.com)"
74.80.208.140 - - [04/Apr/2025:00:27:48 -0400] "GET /finding-the-best-home-appliance-repair-in-ottawa/ HTTP/1.1" 404 1251 "-" "Mozilla/5.0 (compatible; ImagesiftBot; +imagesift.com)"
74.80.208.140 - - [04/Apr/2025:00:27:56 -0400] "GET /wp-json/wp/v2/posts/358 HTTP/1.1" 404 1251 "-" "Mozilla/5.0 (compatible; ImagesiftBot; +imagesift.com)"
74.80.208.140 - - [04/Apr/2025:00:27:58 -0400] "GET /wp-json/wp/v2/posts/676 HTTP/1.1" 404 1251 "-" "Mozilla/5.0 (compatible; ImagesiftBot; +imagesift.com)"
74.80.208.140 - - [04/Apr/2025:00:28:17 -0400] "GET /wp-json/wp/v2/posts/536 HTTP/1.1" 404 1251 "-" "Mozilla/5.0 (compatible; ImagesiftBot; +imagesift.com)"
74.80.208.140 - - [04/Apr/2025:00:28:21 -0400] "GET /bathroom-renovations-in-keilor/ HTTP/1.1" 404 1251 "-" "Mozilla/5.0 (compatible; ImagesiftBot; +imagesift.com)"
74.80.208.140 - - [04/Apr/2025:00:28:44 -0400] "GET /a-guide-to-buying-followers/ HTTP/1.1" 404 1251 "-" "Mozilla/5.0 (compatible; ImagesiftBot; +imagesift.com)"
74.80.208.140 - - [04/Apr/2025:00:29:22 -0400] "GET /wp-json/wp/v2/posts/994 HTTP/1.1" 404 1251 "-" "Mozilla/5.0 (compatible; ImagesiftBot; +imagesift.com)"
74.80.208.140 - - [04/Apr/2025:00:29:25 -0400] "GET /mastering-the-art-of-real-estate-marketing-strategies-for-success/ HTTP/1.1" 404 1251 "-" "Mozilla/5.0 (compatible; ImagesiftBot; +imagesift.com)"
74.80.208.140 - - [04/Apr/2025:00:29:29 -0400] "GET /reason-to-hire-tamper-proof-bags-from-best-manufacturers/ HTTP/1.1" 404 1251 "-" "Mozilla/5.0 (compatible; ImagesiftBot; +imagesift.com)"
74.80.208.140 - - [04/Apr/2025:00:29:47 -0400] "GET /wp-json/wp/v2/posts/854 HTTP/1.1" 404 0 "-" "Mozilla/5.0 (compatible; ImagesiftBot; +imagesift.com)"
74.80.208.140 - - [04/Apr/2025:00:30:10 -0400] "GET /the-hill-one-north-a-new-launch-condo-by-kingsford-development/ HTTP/1.1" 404 0 "-" "Mozilla/5.0 (compatible; ImagesiftBot; +imagesift.com)"
74.80.208.140 - - [04/Apr/2025:00:30:28 -0400] "GET /youtube-favorites/ HTTP/1.1" 404 0 "-" "Mozilla/5.0 (compatible; ImagesiftBot; +imagesift.com)"
74.80.208.140 - - [04/Apr/2025:00:30:30 -0400] "GET /the-evolution-of-education-empowering-minds-through-online-tutoring/ HTTP/1.1" 404 1251 "-" "Mozilla/5.0 (compatible; ImagesiftBot; +imagesift.com)"
34.169.216.138 - - [04/Apr/2025:00:30:51 -0400] "GET /the-best-michael-kors-sale-bag-youll-find-this-black-friday/ HTTP/1.1" 404 1251 "-" "Mozilla/5.0 (Macintosh; Intel Mac OS X 10_15_7) AppleWebKit/605.1.15 (KHTML, like Gecko) Version/17.0 Safari/605.1.15"
74.80.208.140 - - [04/Apr/2025:00:31:03 -0400] "GET /navigating-the-landscape-of-online-betting-a-comprehensive-insight/ HTTP/1.1" 404 1251 "-" "Mozilla/5.0 (compatible; ImagesiftBot; +imagesift.com)"
74.80.208.140 - - [04/Apr/2025:00:31:14 -0400] "GET /pg-slot-gaming-center/ HTTP/1.1" 404 1251 "-" "Mozilla/5.0 (compatible; ImagesiftBot; +imagesift.com)"
172.232.169.92 - - [04/Apr/2025:00:31:51 -0400] "GET /wp-login.php HTTP/1.1" 200 1717 "-" "ReactorNetty/1.2.3"
185.191.171.4 - - [04/Apr/2025:00:31:59 -0400] "GET /the-pitfalls-of-buying-youtube-subscribers/ HTTP/1.1" 404 1251 "-" "Mozilla/5.0 (compatible; SemrushBot/7~bl; +http://www.semrush.com/bot.html)"
74.80.208.140 - - [04/Apr/2025:00:32:05 -0400] "GET /what-to-look-for-in-an-online-gambling-website/ HTTP/1.1" 404 1251 "-" "Mozilla/5.0 (compatible; ImagesiftBot; +imagesift.com)"
172.232.169.92 - - [04/Apr/2025:00:32:22 -0400] "GET /wp-login.php HTTP/1.1" 200 1717 "-" "ReactorNetty/1.2.3"
74.80.208.140 - - [04/Apr/2025:00:32:23 -0400] "GET /mastering-the-art-of-temporal-pause-a-guide-to-freezing-your-instagram-account/ HTTP/1.1" 404 1251 "-" "Mozilla/5.0 (compatible; ImagesiftBot; +imagesift.com)"
74.80.208.140 - - [04/Apr/2025:00:32:28 -0400] "GET /best-massage-gun/ HTTP/1.1" 404 1251 "-" "Mozilla/5.0 (compatible; ImagesiftBot; +imagesift.com)"
74.80.208.140 - - [04/Apr/2025:00:32:30 -0400] "GET /diamond-painting-getting-started-with-a-diamond-painting-shop/ HTTP/1.1" 404 1251 "-" "Mozilla/5.0 (compatible; ImagesiftBot; +imagesift.com)"
74.80.208.140 - - [04/Apr/2025:00:32:38 -0400] "GET /wp-json/wp/v2/posts/361 HTTP/1.1" 404 1251 "-" "Mozilla/5.0 (compatible; ImagesiftBot; +imagesift.com)"
74.80.208.140 - - [04/Apr/2025:00:32:50 -0400] "GET /wp-json/wp/v2/posts/2824 HTTP/1.1" 404 1251 "-" "Mozilla/5.0 (compatible; ImagesiftBot; +imagesift.com)"
172.232.169.92 - - [04/Apr/2025:00:32:54 -0400] "GET /wp-login.php HTTP/1.1" 200 1717 "-" "ReactorNetty/1.2.3"
94.103.88.177 - - [04/Apr/2025:00:33:11 -0400] "GET /all-you-need-to-know-regarding-cbd-oil/ HTTP/1.1" 404 1251 "https://stannswarehouse.com/all-you-need-to-know-regarding-cbd-oil/" "Mozilla/5.0 (Windows NT 10.0; Win64; x64) AppleWebKit/537.36 (KHTML, like Gecko) Chrome/131.0.0.0 Safari/537.36"
94.103.88.177 - - [04/Apr/2025:00:33:11 -0400] "GET /all-you-need-to-know-regarding-cbd-oil/ HTTP/1.1" 404 1251 "https://stannswarehouse.com/all-you-need-to-know-regarding-cbd-oil/" "Mozilla/5.0 (Windows NT 10.0; Win64; x64) AppleWebKit/537.36 (KHTML, like Gecko) Chrome/130.0.0.0 Safari/537.36 CCleaner/130.0.0.0"
94.103.88.177 - - [04/Apr/2025:00:33:11 -0400] "GET / HTTP/1.1" 200 156148 "https://stannswarehouse.com/" "Mozilla/5.0 (Windows NT 10.0; Win64; x64) AppleWebKit/537.36 (KHTML, like Gecko) Chrome/130.0.0.0 Safari/537.36 CCleaner/130.0.0.0"
94.103.88.177 - - [04/Apr/2025:00:33:11 -0400] "GET / HTTP/1.1" 200 156148 "https://stannswarehouse.com/" "Mozilla/5.0 (Windows NT 10.0; Win64; x64) AppleWebKit/537.36 (KHTML, like Gecko) Chrome/131.0.0.0 Safari/537.36"
74.80.208.140 - - [04/Apr/2025:00:33:20 -0400] "GET /wp-json/wp/v2/posts/659 HTTP/1.1" 404 1251 "-" "Mozilla/5.0 (compatible; ImagesiftBot; +imagesift.com)"
74.80.208.140 - - [04/Apr/2025:00:33:22 -0400] "GET /wp-json/wp/v2/posts/2520 HTTP/1.1" 404 1251 "-" "Mozilla/5.0 (compatible; ImagesiftBot; +imagesift.com)"
74.80.208.140 - - [04/Apr/2025:00:33:24 -0400] "GET /erklarfilm/ HTTP/1.1" 404 1251 "-" "Mozilla/5.0 (compatible; ImagesiftBot; +imagesift.com)"
172.232.169.92 - - [04/Apr/2025:00:33:25 -0400] "GET /wp-login.php HTTP/1.1" 200 1717 "-" "ReactorNetty/1.2.3"
74.80.208.140 - - [04/Apr/2025:00:34:10 -0400] "GET /custom-grip-socks/ HTTP/1.1" 404 1251 "-" "Mozilla/5.0 (compatible; ImagesiftBot; +imagesift.com)"
74.80.208.140 - - [04/Apr/2025:00:35:27 -0400] "GET /zip-tap/ HTTP/1.1" 404 1251 "-" "Mozilla/5.0 (compatible; ImagesiftBot; +imagesift.com)"
74.80.208.140 - - [04/Apr/2025:00:35:33 -0400] "GET /online-gambling-how-to-increase-your-chances-of-winning/ HTTP/1.1" 404 0 "-" "Mozilla/5.0 (compatible; ImagesiftBot; +imagesift.com)"
74.80.208.140 - - [04/Apr/2025:00:35:43 -0400] "GET /navigating-the-social-media-maze-the-dilemma-of-buying-followers-on-tiktok/ HTTP/1.1" 404 1251 "-" "Mozilla/5.0 (compatible; ImagesiftBot; +imagesift.com)"
74.80.208.140 - - [04/Apr/2025:00:35:52 -0400] "GET /achetez-des-pyjamas-en-soie-pour-plus-de-confort/ HTTP/1.1" 404 1251 "-" "Mozilla/5.0 (compatible; ImagesiftBot; +imagesift.com)"
74.80.208.140 - - [04/Apr/2025:00:35:55 -0400] "GET /personalized-socks-for-men/ HTTP/1.1" 404 1251 "-" "Mozilla/5.0 (compatible; ImagesiftBot; +imagesift.com)"
74.80.208.140 - - [04/Apr/2025:00:36:37 -0400] "GET /custom-grip-socks-2/ HTTP/1.1" 404 1251 "-" "Mozilla/5.0 (compatible; ImagesiftBot; +imagesift.com)"
74.80.208.140 - - [04/Apr/2025:00:36:54 -0400] "GET /navigating-the-rental-landscape-unveiling-london-ontarios-premier-apartment-rental-companies/ HTTP/1.1" 404 1251 "-" "Mozilla/5.0 (compatible; ImagesiftBot; +imagesift.com)"
74.80.208.140 - - [04/Apr/2025:00:37:02 -0400] "GET /wp-json/wp/v2/posts/2461 HTTP/1.1" 404 1251 "-" "Mozilla/5.0 (compatible; ImagesiftBot; +imagesift.com)"
74.80.208.140 - - [04/Apr/2025:00:37:05 -0400] "GET /top-10-refrigerant-recovery-machines-efficient-solutions-for-environmental-sustainability/ HTTP/1.1" 404 0 "-" "Mozilla/5.0 (compatible; ImagesiftBot; +imagesift.com)"
74.80.208.140 - - [04/Apr/2025:00:37:24 -0400] "GET /die-bilanz-der-stadt-hattingen-ein-blick-auf-ihre-wirtschaftliche-gesundheit/ HTTP/1.1" 404 1251 "-" "Mozilla/5.0 (compatible; ImagesiftBot; +imagesift.com)"
74.80.208.140 - - [04/Apr/2025:00:37:26 -0400] "GET /tembusu-grand-a-blend-of-heritage-and-modern-conveniences/ HTTP/1.1" 404 1251 "-" "Mozilla/5.0 (compatible; ImagesiftBot; +imagesift.com)"
74.80.208.140 - - [04/Apr/2025:00:37:34 -0400] "GET /dating-profile-photographer-near-me/ HTTP/1.1" 404 1251 "-" "Mozilla/5.0 (compatible; ImagesiftBot; +imagesift.com)"
74.80.208.140 - - [04/Apr/2025:00:37:48 -0400] "GET /thermal-compound/ HTTP/1.1" 404 1251 "-" "Mozilla/5.0 (compatible; ImagesiftBot; +imagesift.com)"
74.80.208.140 - - [04/Apr/2025:00:38:13 -0400] "GET /wp-json/wp/v2/posts/1558 HTTP/1.1" 404 1251 "-" "Mozilla/5.0 (compatible; ImagesiftBot; +imagesift.com)"
74.80.208.140 - - [04/Apr/2025:00:38:18 -0400] "GET /wp-json/wp/v2/posts/1970 HTTP/1.1" 404 1251 "-" "Mozilla/5.0 (compatible; ImagesiftBot; +imagesift.com)"
74.80.208.140 - - [04/Apr/2025:00:39:06 -0400] "GET /getting-free-moving-quotes-the-best-practice-you-can-ever-follow/ HTTP/1.1" 404 1251 "-" "Mozilla/5.0 (compatible; ImagesiftBot; +imagesift.com)"
74.80.208.140 - - [04/Apr/2025:00:40:23 -0400] "GET /category/activity/page/2/ HTTP/1.1" 404 1251 "-" "Mozilla/5.0 (compatible; ImagesiftBot; +imagesift.com)"
74.80.208.140 - - [04/Apr/2025:00:40:29 -0400] "GET /tiktok-likes-and-views-buy-which-tiktok-views-and-likes-buy-providers-are-reliable/ HTTP/1.1" 404 1251 "-" "Mozilla/5.0 (compatible; ImagesiftBot; +imagesift.com)"
74.80.208.140 - - [04/Apr/2025:00:41:30 -0400] "GET /wholesale-italian-leather/ HTTP/1.1" 404 1251 "-" "Mozilla/5.0 (compatible; ImagesiftBot; +imagesift.com)"
74.80.208.140 - - [04/Apr/2025:00:41:44 -0400] "GET /pilates-yoga-and-fitball-classes-at-fairy-meadow/ HTTP/1.1" 404 1251 "-" "Mozilla/5.0 (compatible; ImagesiftBot; +imagesift.com)"
74.80.208.140 - - [04/Apr/2025:00:41:52 -0400] "GET /rebuilding-from-disaster-the-essential-steps-of-flood-and-fire-restoration/ HTTP/1.1" 404 1251 "-" "Mozilla/5.0 (compatible; ImagesiftBot; +imagesift.com)"
34.169.31.233 - - [04/Apr/2025:00:42:51 -0400] "GET /navigating-the-temptation-can-you-buy-youtube-subscribers/ HTTP/1.1" 404 1251 "-" "Mozilla/5.0 (Macintosh; Intel Mac OS X 10_15_7) AppleWebKit/605.1.15 (KHTML, like Gecko) Version/17.0 Safari/605.1.15"
34.169.31.233 - - [04/Apr/2025:00:42:51 -0400] "GET /unveiling-the-phenomenal-fortune-of-weird-al-yankovic/ HTTP/1.1" 404 1251 "-" "Mozilla/5.0 (Macintosh; Intel Mac OS X 10_15_7) AppleWebKit/605.1.15 (KHTML, like Gecko) Version/17.0 Safari/605.1.15"
74.80.208.140 - - [04/Apr/2025:00:42:52 -0400] "GET /wp-json/wp/v2/posts/2350 HTTP/1.1" 404 1251 "-" "Mozilla/5.0 (compatible; ImagesiftBot; +imagesift.com)"
74.80.208.140 - - [04/Apr/2025:00:43:03 -0400] "GET /wp-json/wp/v2/posts/1202 HTTP/1.1" 404 1251 "-" "Mozilla/5.0 (compatible; ImagesiftBot; +imagesift.com)"
74.80.208.140 - - [04/Apr/2025:00:43:04 -0400] "GET /wp-json/wp/v2/posts/3034 HTTP/1.1" 404 1251 "-" "Mozilla/5.0 (compatible; ImagesiftBot; +imagesift.com)"
74.80.208.140 - - [04/Apr/2025:00:43:29 -0400] "GET /youtube-improves-comment-moderation-and-pin-comments-to-the-top-of-the-list-of-replies/ HTTP/1.1" 404 1251 "-" "Mozilla/5.0 (compatible; ImagesiftBot; +imagesift.com)"
74.80.208.140 - - [04/Apr/2025:00:43:35 -0400] "GET /wp-json/wp/v2/posts/700 HTTP/1.1" 404 1251 "-" "Mozilla/5.0 (compatible; ImagesiftBot; +imagesift.com)"
74.80.208.140 - - [04/Apr/2025:00:43:45 -0400] "GET /how-to-pool-your-way-to-riches-in-mega-millions-250-million-jackpot/ HTTP/1.1" 404 1251 "-" "Mozilla/5.0 (compatible; ImagesiftBot; +imagesift.com)"
74.80.208.140 - - [04/Apr/2025:00:43:57 -0400] "GET /find-the-best-german-lessons-near-you/ HTTP/1.1" 404 0 "-" "Mozilla/5.0 (compatible; ImagesiftBot; +imagesift.com)"
2001:41d0:203:c78::1 - - [04/Apr/2025:00:44:26 -0400] "GET /robots.txt HTTP/1.1" 200 23 "-" "Mozilla/5.0 (compatible; MJ12bot/v1.4.8; http://mj12bot.com/)"
2001:41d0:203:c78::1 - - [04/Apr/2025:00:44:31 -0400] "GET /%E0%B9%80%E0%B8%9C%E0%B8%A2%E0%B8%84%E0%B8%A7%E0%B8%B2%E0%B8%A1%E0%B8%95%E0%B8%B7%E0%B9%88%E0%B8%99%E0%B9%80%E0%B8%95%E0%B9%89%E0%B8%99%E0%B8%82%E0%B8%AD%E0%B8%87-pg-slot-%E0%B9%82%E0%B8%A5%E0%B8%81/feed/ HTTP/1.1" 404 1251 "-" "Mozilla/5.0 (compatible; MJ12bot/v1.4.8; http://mj12bot.com/)"
34.83.238.29 - - [04/Apr/2025:00:44:33 -0400] "GET /locksmith-in-chicago-tales-from-the-big-city/ HTTP/1.1" 404 1251 "-" "Mozilla/5.0 (Windows NT 10.0; Win64; x64) AppleWebKit/537.36 (KHTML, like Gecko) Chrome/123.0.0.0 Safari/537.36"
2001:41d0:203:c78::1 - - [04/Apr/2025:00:44:34 -0400] "GET /%E0%B9%80%E0%B8%9C%E0%B8%A2%E0%B8%84%E0%B8%A7%E0%B8%B2%E0%B8%A1%E0%B8%95%E0%B8%B7%E0%B9%88%E0%B8%99%E0%B9%80%E0%B8%95%E0%B9%89%E0%B8%99%E0%B8%82%E0%B8%AD%E0%B8%87-pg-slot-%E0%B9%82%E0%B8%A5%E0%B8%81/ HTTP/1.1" 404 1251 "-" "Mozilla/5.0 (compatible; MJ12bot/v1.4.8; http://mj12bot.com/)"
121.62.29.157 - - [04/Apr/2025:00:44:43 -0400] "GET / HTTP/1.1" 200 156148 "https://stannswarehouse.com/" "Mozilla/4.0 (compatible; MSIE 9.0; Windows NT 6.1)"
74.80.208.140 - - [04/Apr/2025:00:45:28 -0400] "GET /please-try-out-ccbm-service-and-never-look-back/ HTTP/1.1" 404 1251 "-" "Mozilla/5.0 (compatible; ImagesiftBot; +imagesift.com)"
74.80.208.140 - - [04/Apr/2025:00:45:32 -0400] "GET /ein-blick-auf-zeitgenossisches-design/ HTTP/1.1" 404 1251 "-" "Mozilla/5.0 (compatible; ImagesiftBot; +imagesift.com)"
74.80.208.140 - - [04/Apr/2025:00:46:01 -0400] "GET /custom-grip-socks-no-minimum/ HTTP/1.1" 404 1251 "-" "Mozilla/5.0 (compatible; ImagesiftBot; +imagesift.com)"
74.80.208.140 - - [04/Apr/2025:00:46:03 -0400] "GET /fuzzy-math-should-you-buy-an-extended-warranty-for-your-new-car/ HTTP/1.1" 404 1251 "-" "Mozilla/5.0 (compatible; ImagesiftBot; +imagesift.com)"
74.80.208.140 - - [04/Apr/2025:00:46:13 -0400] "GET /how-to-choose-a-licensed-money-lender-in-singapore/ HTTP/1.1" 404 1251 "-" "Mozilla/5.0 (compatible; ImagesiftBot; +imagesift.com)"
74.80.208.140 - - [04/Apr/2025:00:46:16 -0400] "GET /wp-json/wp/v2/posts/289 HTTP/1.1" 404 1251 "-" "Mozilla/5.0 (compatible; ImagesiftBot; +imagesift.com)"
74.80.208.140 - - [04/Apr/2025:00:46:18 -0400] "GET /wp-json/wp/v2/posts/467 HTTP/1.1" 404 1251 "-" "Mozilla/5.0 (compatible; ImagesiftBot; +imagesift.com)"
74.80.208.140 - - [04/Apr/2025:00:46:21 -0400] "GET /wp-json/wp/v2/posts/2484 HTTP/1.1" 404 1251 "-" "Mozilla/5.0 (compatible; ImagesiftBot; +imagesift.com)"
74.80.208.140 - - [04/Apr/2025:00:46:30 -0400] "GET /wp-json/wp/v2/posts/1336 HTTP/1.1" 404 1251 "-" "Mozilla/5.0 (compatible; ImagesiftBot; +imagesift.com)"
74.80.208.140 - - [04/Apr/2025:00:46:35 -0400] "GET /unlocking-strategic-human-resources-the-role-of-hr-consultancy-in-london/ HTTP/1.1" 404 1251 "-" "Mozilla/5.0 (compatible; ImagesiftBot; +imagesift.com)"
34.83.238.29 - - [04/Apr/2025:00:46:39 -0400] "GET /michael-kors-sales-bags-for-every-occasion-and-budget/ HTTP/1.1" 404 1251 "-" "Mozilla/5.0 (Windows NT 10.0; Win64; x64) AppleWebKit/537.36 (KHTML, like Gecko) Chrome/123.0.0.0 Safari/537.36"
74.80.208.140 - - [04/Apr/2025:00:46:57 -0400] "GET /retrait-des-dents-de-sagesse-quels-sont-les-signes-dont-vous-avez-besoin-pour-retirer-votre-dent-de-sagesse/ HTTP/1.1" 404 1251 "-" "Mozilla/5.0 (compatible; ImagesiftBot; +imagesift.com)"
74.80.208.140 - - [04/Apr/2025:00:47:06 -0400] "GET /wp-json/wp/v2/posts/785 HTTP/1.1" 404 1251 "-" "Mozilla/5.0 (compatible; ImagesiftBot; +imagesift.com)"
74.80.208.140 - - [04/Apr/2025:00:47:10 -0400] "GET /buy-youtube-subscribers/ HTTP/1.1" 404 1251 "-" "Mozilla/5.0 (compatible; ImagesiftBot; +imagesift.com)"
74.80.208.140 - - [04/Apr/2025:00:47:23 -0400] "GET /agence-meta-ads-paris/ HTTP/1.1" 404 1251 "-" "Mozilla/5.0 (compatible; ImagesiftBot; +imagesift.com)"
74.80.208.140 - - [04/Apr/2025:00:47:43 -0400] "GET /wp-json/wp/v2/posts/2929 HTTP/1.1" 404 1251 "-" "Mozilla/5.0 (compatible; ImagesiftBot; +imagesift.com)"
17.241.219.75 - - [04/Apr/2025:00:48:38 -0400] "GET /ritual-vitamins-review/ HTTP/1.1" 404 1251 "-" "Mozilla/5.0 (Macintosh; Intel Mac OS X 10_15_7) AppleWebKit/605.1.15 (KHTML, like Gecko) Version/17.4 Safari/605.1.15 (Applebot/0.1; +http://www.apple.com/go/applebot)"
74.80.208.140 - - [04/Apr/2025:00:48:41 -0400] "GET /big77/ HTTP/1.1" 404 1251 "-" "Mozilla/5.0 (compatible; ImagesiftBot; +imagesift.com)"
74.80.208.140 - - [04/Apr/2025:00:48:44 -0400] "GET /wp-json/wp/v2/posts/823 HTTP/1.1" 404 1251 "-" "Mozilla/5.0 (compatible; ImagesiftBot; +imagesift.com)"
74.80.208.140 - - [04/Apr/2025:00:48:58 -0400] "GET /the-basics-of-online-slot-games/ HTTP/1.1" 404 1251 "-" "Mozilla/5.0 (compatible; ImagesiftBot; +imagesift.com)"
74.80.208.140 - - [04/Apr/2025:00:49:47 -0400] "GET /voyance-serieuse-par-telephone/ HTTP/1.1" 404 1251 "-" "Mozilla/5.0 (compatible; ImagesiftBot; +imagesift.com)"
74.80.208.140 - - [04/Apr/2025:00:49:55 -0400] "GET /wp-json/wp/v2/posts/1941 HTTP/1.1" 404 1251 "-" "Mozilla/5.0 (compatible; ImagesiftBot; +imagesift.com)"
74.80.208.140 - - [04/Apr/2025:00:49:58 -0400] "GET /the-new-spain-digital-nomad-visa/ HTTP/1.1" 404 1251 "-" "Mozilla/5.0 (compatible; ImagesiftBot; +imagesift.com)"
74.80.208.140 - - [04/Apr/2025:00:50:04 -0400] "GET /wp-json/wp/v2/posts/1277 HTTP/1.1" 404 0 "-" "Mozilla/5.0 (compatible; ImagesiftBot; +imagesift.com)"
74.80.208.140 - - [04/Apr/2025:00:50:07 -0400] "GET /wp-json/wp/v2/posts/2373 HTTP/1.1" 404 1251 "-" "Mozilla/5.0 (compatible; ImagesiftBot; +imagesift.com)"
74.80.208.140 - - [04/Apr/2025:00:50:10 -0400] "GET /vita-glow-night-creams/ HTTP/1.1" 404 1251 "-" "Mozilla/5.0 (compatible; ImagesiftBot; +imagesift.com)"
34.127.29.78 - - [04/Apr/2025:00:50:23 -0400] "GET /discovering-the-magic-of-rainbow-riches-casino/ HTTP/1.1" 404 1251 "-" "Mozilla/5.0 (Windows NT 10.0; Win64; x64) AppleWebKit/537.36 (KHTML, like Gecko) Chrome/123.0.0.0 Safari/537.36"
34.127.29.78 - - [04/Apr/2025:00:50:24 -0400] "GET /optimizing-casino-solution-distribution/ HTTP/1.1" 404 1251 "-" "Mozilla/5.0 (Windows NT 10.0; Win64; x64) AppleWebKit/537.36 (KHTML, like Gecko) Chrome/123.0.0.0 Safari/537.36"
74.80.208.140 - - [04/Apr/2025:00:51:25 -0400] "GET /crazy-golf-hire/ HTTP/1.1" 404 1251 "-" "Mozilla/5.0 (compatible; ImagesiftBot; +imagesift.com)"
74.80.208.140 - - [04/Apr/2025:00:51:35 -0400] "GET /wp-json/wp/v2/posts/152 HTTP/1.1" 404 1251 "-" "Mozilla/5.0 (compatible; ImagesiftBot; +imagesift.com)"
74.80.208.140 - - [04/Apr/2025:00:52:02 -0400] "GET /wp-json/wp/v2/posts/1882 HTTP/1.1" 404 1251 "-" "Mozilla/5.0 (compatible; ImagesiftBot; +imagesift.com)"
74.80.208.140 - - [04/Apr/2025:00:52:10 -0400] "GET /wp-json/wp/v2/posts/1418 HTTP/1.1" 404 1251 "-" "Mozilla/5.0 (compatible; ImagesiftBot; +imagesift.com)"
74.80.208.140 - - [04/Apr/2025:00:52:17 -0400] "GET /vyvanse-60-mg-capsule/ HTTP/1.1" 404 1251 "-" "Mozilla/5.0 (compatible; ImagesiftBot; +imagesift.com)"
74.80.208.140 - - [04/Apr/2025:00:53:14 -0400] "GET /football-socks-grip/ HTTP/1.1" 404 1251 "-" "Mozilla/5.0 (compatible; ImagesiftBot; +imagesift.com)"
74.80.208.140 - - [04/Apr/2025:00:53:54 -0400] "GET /wp-json/wp/v2/posts/768 HTTP/1.1" 404 1251 "-" "Mozilla/5.0 (compatible; ImagesiftBot; +imagesift.com)"
74.80.208.140 - - [04/Apr/2025:00:54:24 -0400] "GET /wp-json/wp/v2/posts/2514 HTTP/1.1" 404 1251 "-" "Mozilla/5.0 (compatible; ImagesiftBot; +imagesift.com)"
74.80.208.140 - - [04/Apr/2025:00:54:36 -0400] "GET /rhinoplasty-north-cyprus/ HTTP/1.1" 404 1251 "-" "Mozilla/5.0 (compatible; ImagesiftBot; +imagesift.com)"
74.80.208.140 - - [04/Apr/2025:00:54:50 -0400] "GET /top-5-uk-cbd-oil-brands/ HTTP/1.1" 404 1251 "-" "Mozilla/5.0 (compatible; ImagesiftBot; +imagesift.com)"
74.80.208.140 - - [04/Apr/2025:00:54:52 -0400] "GET /wp-json/wp/v2/posts/2759 HTTP/1.1" 404 1251 "-" "Mozilla/5.0 (compatible; ImagesiftBot; +imagesift.com)"
74.80.208.140 - - [04/Apr/2025:00:54:58 -0400] "GET /wp-json/wp/v2/posts/806 HTTP/1.1" 404 1251 "-" "Mozilla/5.0 (compatible; ImagesiftBot; +imagesift.com)"
74.80.208.140 - - [04/Apr/2025:00:55:07 -0400] "GET /herbal-medicine-careers-today/ HTTP/1.1" 404 1251 "-" "Mozilla/5.0 (compatible; ImagesiftBot; +imagesift.com)"
74.80.208.140 - - [04/Apr/2025:00:55:16 -0400] "GET /unveiling-the-pitfalls-of-tiktok-views-and-likes-buy-a-deceptive-pursuit/ HTTP/1.1" 404 1251 "-" "Mozilla/5.0 (compatible; ImagesiftBot; +imagesift.com)"
34.127.29.78 - - [04/Apr/2025:00:55:36 -0400] "GET /dometic-cooling-units-troubleshooting-and-repair/ HTTP/1.1" 404 1251 "-" "Mozilla/5.0 (Windows NT 10.0; Win64; x64) AppleWebKit/537.36 (KHTML, like Gecko) Chrome/123.0.0.0 Safari/537.36"
74.80.208.140 - - [04/Apr/2025:00:56:48 -0400] "GET /wp-json/wp/v2/posts/2403 HTTP/1.1" 404 1251 "-" "Mozilla/5.0 (compatible; ImagesiftBot; +imagesift.com)"
74.80.208.140 - - [04/Apr/2025:00:56:50 -0400] "GET /choosing-a-black-bedside-table-lamp/ HTTP/1.1" 404 1251 "-" "Mozilla/5.0 (compatible; ImagesiftBot; +imagesift.com)"
74.80.208.140 - - [04/Apr/2025:00:56:52 -0400] "GET /revolutionizing-entertainment-access/ HTTP/1.1" 404 1251 "-" "Mozilla/5.0 (compatible; ImagesiftBot; +imagesift.com)"
74.80.208.140 - - [04/Apr/2025:00:56:57 -0400] "GET /wp-json/wp/v2/posts/1248 HTTP/1.1" 404 1251 "-" "Mozilla/5.0 (compatible; ImagesiftBot; +imagesift.com)"
74.80.208.140 - - [04/Apr/2025:00:57:11 -0400] "GET /everything-you-need-to-know-about-diamond-painting-pictures/ HTTP/1.1" 404 1251 "-" "Mozilla/5.0 (compatible; ImagesiftBot; +imagesift.com)"
74.80.208.140 - - [04/Apr/2025:00:57:29 -0400] "GET /unveiling-the-excitement-exploring-the-thrills-of-dewapoker/ HTTP/1.1" 404 1251 "-" "Mozilla/5.0 (compatible; ImagesiftBot; +imagesift.com)"
74.80.208.140 - - [04/Apr/2025:00:57:34 -0400] "GET /wp-json/wp/v2/posts/3028 HTTP/1.1" 404 1251 "-" "Mozilla/5.0 (compatible; ImagesiftBot; +imagesift.com)"
74.80.208.140 - - [04/Apr/2025:00:57:40 -0400] "GET /wp-json/wp/v2/posts/631 HTTP/1.1" 404 1251 "-" "Mozilla/5.0 (compatible; ImagesiftBot; +imagesift.com)"
74.80.208.140 - - [04/Apr/2025:00:58:08 -0400] "GET /wp-json/wp/v2/posts/2040 HTTP/1.1" 404 1251 "-" "Mozilla/5.0 (compatible; ImagesiftBot; +imagesift.com)"
74.80.208.140 - - [04/Apr/2025:00:58:40 -0400] "GET /car-detailing-defined-in-detail/ HTTP/1.1" 404 1251 "-" "Mozilla/5.0 (compatible; ImagesiftBot; +imagesift.com)"
74.80.208.140 - - [04/Apr/2025:00:58:43 -0400] "GET /wp-json/wp/v2/posts/1853 HTTP/1.1" 404 1251 "-" "Mozilla/5.0 (compatible; ImagesiftBot; +imagesift.com)"
74.80.208.140 - - [04/Apr/2025:00:59:00 -0400] "GET /children-with-adhd-symptoms-and-types/ HTTP/1.1" 404 1251 "-" "Mozilla/5.0 (compatible; ImagesiftBot; +imagesift.com)"
74.80.208.140 - - [04/Apr/2025:00:59:02 -0400] "GET /comment-utiliser-une-lampe-tortue-pour-eclairer-le-reservoir-de-votre-tortue/ HTTP/1.1" 404 1251 "-" "Mozilla/5.0 (compatible; ImagesiftBot; +imagesift.com)"
34.169.216.138 - - [04/Apr/2025:00:59:06 -0400] "GET /celebrate-your-marriage-anniversary-with-a-sweet-cake/ HTTP/1.1" 404 1251 "-" "Mozilla/5.0 (Macintosh; Intel Mac OS X 10_15_7) AppleWebKit/605.1.15 (KHTML, like Gecko) Version/17.0 Safari/605.1.15"
74.80.208.140 - - [04/Apr/2025:00:59:39 -0400] "GET /plumber-companies-near-me/ HTTP/1.1" 404 1251 "-" "Mozilla/5.0 (compatible; ImagesiftBot; +imagesift.com)"
74.80.208.140 - - [04/Apr/2025:00:59:45 -0400] "GET /navigating-the-shadows-unveiling-the-crypto-tumbler/ HTTP/1.1" 404 1251 "-" "Mozilla/5.0 (compatible; ImagesiftBot; +imagesift.com)"
74.80.208.140 - - [04/Apr/2025:00:59:49 -0400] "GET /wp-json/wp/v2/posts/1742 HTTP/1.1" 404 1251 "-" "Mozilla/5.0 (compatible; ImagesiftBot; +imagesift.com)"
74.80.208.140 - - [04/Apr/2025:00:59:50 -0400] "GET /wp-json/wp/v2/posts/436 HTTP/1.1" 404 1251 "-" "Mozilla/5.0 (compatible; ImagesiftBot; +imagesift.com)"
74.80.208.140 - - [04/Apr/2025:00:59:52 -0400] "GET /wp-json/wp/v2/posts/754 HTTP/1.1" 404 1251 "-" "Mozilla/5.0 (compatible; ImagesiftBot; +imagesift.com)"
74.80.208.140 - - [04/Apr/2025:01:00:27 -0400] "GET /things-to-consider-when-replacing-a-conservatory-roof/ HTTP/1.1" 404 1251 "-" "Mozilla/5.0 (compatible; ImagesiftBot; +imagesift.com)"
74.80.208.140 - - [04/Apr/2025:01:00:30 -0400] "GET /wp-json/wp/v2/posts/614 HTTP/1.1" 404 1251 "-" "Mozilla/5.0 (compatible; ImagesiftBot; +imagesift.com)"
74.80.208.140 - - [04/Apr/2025:01:00:43 -0400] "GET /wp-json/wp/v2/posts/1219 HTTP/1.1" 404 1251 "-" "Mozilla/5.0 (compatible; ImagesiftBot; +imagesift.com)"
74.80.208.140 - - [04/Apr/2025:01:00:47 -0400] "GET /wp-json/wp/v2/posts/1631 HTTP/1.1" 404 0 "-" "Mozilla/5.0 (compatible; ImagesiftBot; +imagesift.com)"
74.80.208.140 - - [04/Apr/2025:01:00:54 -0400] "GET /working-with-a-dwi-lawyer/ HTTP/1.1" 404 1251 "-" "Mozilla/5.0 (compatible; ImagesiftBot; +imagesift.com)"
74.80.208.140 - - [04/Apr/2025:01:00:57 -0400] "GET /wp-json/wp/v2/posts/2063 HTTP/1.1" 404 1251 "-" "Mozilla/5.0 (compatible; ImagesiftBot; +imagesift.com)"
74.80.208.140 - - [04/Apr/2025:01:01:12 -0400] "GET /wp-json/wp/v2/posts/2011 HTTP/1.1" 404 1251 "-" "Mozilla/5.0 (compatible; ImagesiftBot; +imagesift.com)"
74.80.208.140 - - [04/Apr/2025:01:01:16 -0400] "GET /wp-json/wp/v2/posts/261 HTTP/1.1" 404 1251 "-" "Mozilla/5.0 (compatible; ImagesiftBot; +imagesift.com)"
74.80.208.140 - - [04/Apr/2025:01:01:20 -0400] "GET /wp-json/wp/v2/posts/559 HTTP/1.1" 404 1251 "-" "Mozilla/5.0 (compatible; ImagesiftBot; +imagesift.com)"
74.80.208.140 - - [04/Apr/2025:01:02:11 -0400] "GET /navigating-the-world-of-online-gambling-a-deep-dive-into-slots-and-casinos/ HTTP/1.1" 404 0 "-" "Mozilla/5.0 (compatible; ImagesiftBot; +imagesift.com)"
74.80.208.140 - - [04/Apr/2025:01:02:48 -0400] "GET /wp-json/wp/v2/posts/419 HTTP/1.1" 404 1251 "-" "Mozilla/5.0 (compatible; ImagesiftBot; +imagesift.com)"
74.80.208.140 - - [04/Apr/2025:01:02:49 -0400] "GET /wp-json/wp/v2/posts/737 HTTP/1.1" 404 1251 "-" "Mozilla/5.0 (compatible; ImagesiftBot; +imagesift.com)"
74.80.208.140 - - [04/Apr/2025:01:03:12 -0400] "GET /unlocking-youtube-success-the-pitfalls-and-perils-of-buying-subscribers/ HTTP/1.1" 404 1251 "-" "Mozilla/5.0 (compatible; ImagesiftBot; +imagesift.com)"
74.80.208.140 - - [04/Apr/2025:01:03:15 -0400] "GET /the-ultimate-guide-to-deleting-your-instagram-account/ HTTP/1.1" 404 1251 "-" "Mozilla/5.0 (compatible; ImagesiftBot; +imagesift.com)"
74.80.208.140 - - [04/Apr/2025:01:03:22 -0400] "GET /wp-json/wp/v2/posts/1765 HTTP/1.1" 404 1251 "-" "Mozilla/5.0 (compatible; ImagesiftBot; +imagesift.com)"
74.80.208.140 - - [04/Apr/2025:01:03:50 -0400] "GET /spa-and-wellness/ HTTP/1.1" 404 1251 "-" "Mozilla/5.0 (compatible; ImagesiftBot; +imagesift.com)"
74.80.208.140 - - [04/Apr/2025:01:03:56 -0400] "GET /wp-json/wp/v2/posts/1713 HTTP/1.1" 404 1251 "-" "Mozilla/5.0 (compatible; ImagesiftBot; +imagesift.com)"
74.80.208.140 - - [04/Apr/2025:01:04:03 -0400] "GET /permanence-dentaire-le-fondement-de-la-sante-bucco-dentaire/ HTTP/1.1" 404 1251 "-" "Mozilla/5.0 (compatible; ImagesiftBot; +imagesift.com)"
74.80.208.140 - - [04/Apr/2025:01:04:35 -0400] "GET /promote-property-listings/ HTTP/1.1" 404 1251 "-" "Mozilla/5.0 (compatible; ImagesiftBot; +imagesift.com)"
74.80.208.140 - - [04/Apr/2025:01:05:28 -0400] "GET /lequilibre-environnemental-vers-un-avenir-durable/ HTTP/1.1" 404 1251 "-" "Mozilla/5.0 (compatible; ImagesiftBot; +imagesift.com)"
74.80.208.140 - - [04/Apr/2025:01:05:30 -0400] "GET /unlocking-generosity-exploring-mrbeasts-free-gift-card-offers/ HTTP/1.1" 404 1251 "-" "Mozilla/5.0 (compatible; ImagesiftBot; +imagesift.com)"
119.8.32.115 - - [04/Apr/2025:01:05:31 -0400] "GET /the-little-prince-quotes/ HTTP/1.1" 404 1251 "https://stannswarehouse.com/the-little-prince-quotes/#main" "Mozilla/5.0 (Macintosh; Intel Mac OS X 10_15_7) AppleWebKit/537.36 (KHTML, like Gecko) Chrome/131.0.0.0 Safari/537.36"
74.80.208.140 - - [04/Apr/2025:01:05:50 -0400] "GET /local-chiropractor/ HTTP/1.1" 404 1251 "-" "Mozilla/5.0 (compatible; ImagesiftBot; +imagesift.com)"
74.80.208.140 - - [04/Apr/2025:01:05:58 -0400] "GET /wp-json/wp/v2/posts/1958 HTTP/1.1" 404 1251 "-" "Mozilla/5.0 (compatible; ImagesiftBot; +imagesift.com)"
74.80.208.140 - - [04/Apr/2025:01:06:06 -0400] "GET /vino-del-lago-di-garda-unincantevole-fuga-nel-mediterraneo/ HTTP/1.1" 404 1251 "-" "Mozilla/5.0 (compatible; ImagesiftBot; +imagesift.com)"
74.80.208.140 - - [04/Apr/2025:01:06:10 -0400] "GET /wp-json/wp/v2/posts/384 HTTP/1.1" 404 1251 "-" "Mozilla/5.0 (compatible; ImagesiftBot; +imagesift.com)"
74.80.208.140 - - [04/Apr/2025:01:06:15 -0400] "GET /wp-json/wp/v2/posts/244 HTTP/1.1" 404 1251 "-" "Mozilla/5.0 (compatible; ImagesiftBot; +imagesift.com)"
74.80.208.140 - - [04/Apr/2025:01:06:23 -0400] "GET /wp-json/wp/v2/posts/1654 HTTP/1.1" 404 1251 "-" "Mozilla/5.0 (compatible; ImagesiftBot; +imagesift.com)"
74.80.208.140 - - [04/Apr/2025:01:06:29 -0400] "GET /exploring-renovation-singapore-packages/ HTTP/1.1" 404 1251 "-" "Mozilla/5.0 (compatible; ImagesiftBot; +imagesift.com)"
74.80.208.140 - - [04/Apr/2025:01:06:54 -0400] "GET /montreal-home-care/ HTTP/1.1" 404 1251 "-" "Mozilla/5.0 (compatible; ImagesiftBot; +imagesift.com)"
74.80.208.140 - - [04/Apr/2025:01:07:05 -0400] "GET /wp-json/wp/v2/posts/2338 HTTP/1.1" 404 1251 "-" "Mozilla/5.0 (compatible; ImagesiftBot; +imagesift.com)"
185.191.171.10 - - [04/Apr/2025:01:07:50 -0400] "GET /liquid-silicone-injection-molding/ HTTP/1.1" 404 1251 "-" "Mozilla/5.0 (compatible; SemrushBot/7~bl; +http://www.semrush.com/bot.html)"
74.80.208.140 - - [04/Apr/2025:01:08:12 -0400] "GET /the-basis-of-mantra-practices-along-with-their-miracles/ HTTP/1.1" 404 1251 "-" "Mozilla/5.0 (compatible; ImagesiftBot; +imagesift.com)"
74.80.208.140 - - [04/Apr/2025:01:08:29 -0400] "GET /wp-json/wp/v2/posts/1602 HTTP/1.1" 404 1251 "-" "Mozilla/5.0 (compatible; ImagesiftBot; +imagesift.com)"
74.80.208.140 - - [04/Apr/2025:01:08:51 -0400] "GET /wp-json/wp/v2/posts/880 HTTP/1.1" 404 1251 "-" "Mozilla/5.0 (compatible; ImagesiftBot; +imagesift.com)"
74.80.208.140 - - [04/Apr/2025:01:08:54 -0400] "GET /wp-json/wp/v2/posts/2034 HTTP/1.1" 404 1251 "-" "Mozilla/5.0 (compatible; ImagesiftBot; +imagesift.com)"
74.80.208.140 - - [04/Apr/2025:01:09:03 -0400] "GET /thecod3r-discovers-a-dangerous-problem-with-the-playstation-5s-thermal-paste/ HTTP/1.1" 404 1251 "-" "Mozilla/5.0 (compatible; ImagesiftBot; +imagesift.com)"
74.80.208.140 - - [04/Apr/2025:01:10:07 -0400] "GET /ce-que-vous-devez-savoir-sur-un-projecteur-galaxy/ HTTP/1.1" 404 1251 "-" "Mozilla/5.0 (compatible; ImagesiftBot; +imagesift.com)"
74.80.208.140 - - [04/Apr/2025:01:10:34 -0400] "GET /wp-json/wp/v2/posts/2995 HTTP/1.1" 404 1251 "-" "Mozilla/5.0 (compatible; ImagesiftBot; +imagesift.com)"
74.80.208.140 - - [04/Apr/2025:01:10:55 -0400] "GET /wp-json/wp/v2/posts/1595 HTTP/1.1" 404 1251 "-" "Mozilla/5.0 (compatible; ImagesiftBot; +imagesift.com)"
74.80.208.140 - - [04/Apr/2025:01:11:09 -0400] "GET /bespoke-conservatory-south-wales/ HTTP/1.1" 404 1251 "-" "Mozilla/5.0 (compatible; ImagesiftBot; +imagesift.com)"
74.80.208.140 - - [04/Apr/2025:01:11:11 -0400] "GET /german-lessons/ HTTP/1.1" 404 1251 "-" "Mozilla/5.0 (compatible; ImagesiftBot; +imagesift.com)"
74.80.208.140 - - [04/Apr/2025:01:11:21 -0400] "GET /wp-json/wp/v2/posts/1543 HTTP/1.1" 404 1251 "-" "Mozilla/5.0 (compatible; ImagesiftBot; +imagesift.com)"
74.80.208.140 - - [04/Apr/2025:01:11:42 -0400] "GET /how-to-choose-a-digital-marketing-company/ HTTP/1.1" 404 1251 "-" "Mozilla/5.0 (compatible; ImagesiftBot; +imagesift.com)"
74.80.208.140 - - [04/Apr/2025:01:11:56 -0400] "GET /ein-innovatives-werbeangebot/ HTTP/1.1" 404 1251 "-" "Mozilla/5.0 (compatible; ImagesiftBot; +imagesift.com)"
74.80.208.140 - - [04/Apr/2025:01:14:17 -0400] "GET /titel-die-rolle-eines-rechtsanwalts-in-der-deutschen-rechtssystem/ HTTP/1.1" 404 1251 "-" "Mozilla/5.0 (compatible; ImagesiftBot; +imagesift.com)"
74.80.208.140 - - [04/Apr/2025:01:14:40 -0400] "GET /unlocking-career-success-free-employment-advice-that-transforms-lives/ HTTP/1.1" 404 1251 "-" "Mozilla/5.0 (compatible; ImagesiftBot; +imagesift.com)"
85.208.96.199 - - [04/Apr/2025:01:15:19 -0400] "GET /unlocking-the-world-of-betting-money-sites/ HTTP/1.1" 404 1251 "-" "Mozilla/5.0 (compatible; SemrushBot/7~bl; +http://www.semrush.com/bot.html)"
74.80.208.140 - - [04/Apr/2025:01:15:47 -0400] "GET /careprost-eyelash-serum-review/ HTTP/1.1" 404 1251 "-" "Mozilla/5.0 (compatible; ImagesiftBot; +imagesift.com)"
74.80.208.140 - - [04/Apr/2025:01:15:50 -0400] "GET /dometic-cooling-units-troubleshooting-and-repair/ HTTP/1.1" 404 1251 "-" "Mozilla/5.0 (compatible; ImagesiftBot; +imagesift.com)"
74.80.208.140 - - [04/Apr/2025:01:15:53 -0400] "GET /exciting-outdoor-entertainment-games-for-unforgettable-events/ HTTP/1.1" 404 1251 "-" "Mozilla/5.0 (compatible; ImagesiftBot; +imagesift.com)"
74.80.208.140 - - [04/Apr/2025:01:15:55 -0400] "GET /wp-json/wp/v2/posts/545 HTTP/1.1" 404 1251 "-" "Mozilla/5.0 (compatible; ImagesiftBot; +imagesift.com)"
74.80.208.140 - - [04/Apr/2025:01:15:58 -0400] "GET /wp-json/wp/v2/posts/1180 HTTP/1.1" 404 1251 "-" "Mozilla/5.0 (compatible; ImagesiftBot; +imagesift.com)"
74.80.208.140 - - [04/Apr/2025:01:16:01 -0400] "GET /wp-json/wp/v2/posts/405 HTTP/1.1" 404 1251 "-" "Mozilla/5.0 (compatible; ImagesiftBot; +imagesift.com)"
34.169.175.120 - - [04/Apr/2025:01:17:20 -0400] "GET /tips-for-buying-custom-baseball-socks/ HTTP/1.1" 404 1251 "-" "Mozilla/5.0 (Macintosh; Intel Mac OS X 10.15; rv:109.0) Gecko/20100101 Firefox/116.0"
74.80.208.140 - - [04/Apr/2025:01:17:36 -0400] "GET /tips-to-find-the-best-smm-panel-2023/ HTTP/1.1" 404 1251 "-" "Mozilla/5.0 (compatible; ImagesiftBot; +imagesift.com)"
74.80.208.140 - - [04/Apr/2025:01:18:50 -0400] "GET /wp-json/wp/v2/posts/1929 HTTP/1.1" 404 1251 "-" "Mozilla/5.0 (compatible; ImagesiftBot; +imagesift.com)"
74.80.208.140 - - [04/Apr/2025:01:19:26 -0400] "GET /is-pet-insurance-worth-the-expense/ HTTP/1.1" 404 1251 "-" "Mozilla/5.0 (compatible; ImagesiftBot; +imagesift.com)"
195.2.76.117 - - [04/Apr/2025:01:19:26 -0400] "GET /all-you-need-to-know-regarding-cbd-oil/ HTTP/1.1" 404 1251 "https://stannswarehouse.com/all-you-need-to-know-regarding-cbd-oil/" "Mozilla/5.0 (Windows NT 10.0; Win64; x64) AppleWebKit/537.36 (KHTML, like Gecko) Chrome/130.0.0.0 Safari/537.36"
74.80.208.140 - - [04/Apr/2025:01:19:27 -0400] "GET /wp-json/wp/v2/posts/1677 HTTP/1.1" 404 1251 "-" "Mozilla/5.0 (compatible; ImagesiftBot; +imagesift.com)"
195.2.76.117 - - [04/Apr/2025:01:19:27 -0400] "GET / HTTP/1.1" 200 156148 "https://stannswarehouse.com/" "Mozilla/5.0 (Windows NT 10.0; Win64; x64) AppleWebKit/537.36 (KHTML, like Gecko) Chrome/130.0.0.0 Safari/537.36"
74.80.208.140 - - [04/Apr/2025:01:19:40 -0400] "GET /le-meilleur-produit-dargenterie-est-un-ensemble-fonctionnel-polyvalent-et-esthetique/ HTTP/1.1" 404 1251 "-" "Mozilla/5.0 (compatible; ImagesiftBot; +imagesift.com)"
74.80.208.140 - - [04/Apr/2025:01:19:53 -0400] "GET /wp-json/wp/v2/posts/2057 HTTP/1.1" 404 1251 "-" "Mozilla/5.0 (compatible; ImagesiftBot; +imagesift.com)"
185.191.171.7 - - [04/Apr/2025:01:20:10 -0400] "GET /cache-courses-in-dubai/ HTTP/1.1" 404 1251 "-" "Mozilla/5.0 (compatible; SemrushBot/7~bl; +http://www.semrush.com/bot.html)"
74.80.208.140 - - [04/Apr/2025:01:20:24 -0400] "GET /wp-json/wp/v2/posts/1321 HTTP/1.1" 404 1251 "-" "Mozilla/5.0 (compatible; ImagesiftBot; +imagesift.com)"
74.80.208.140 - - [04/Apr/2025:01:20:31 -0400] "GET /page/4/ HTTP/1.1" 404 1251 "-" "Mozilla/5.0 (compatible; ImagesiftBot; +imagesift.com)"
74.80.208.140 - - [04/Apr/2025:01:20:41 -0400] "GET /how-to-make-a-tennis-prediction/ HTTP/1.1" 404 1251 "-" "Mozilla/5.0 (compatible; ImagesiftBot; +imagesift.com)"
74.80.208.140 - - [04/Apr/2025:01:20:51 -0400] "GET /wp-json/wp/v2/posts/2005 HTTP/1.1" 404 1251 "-" "Mozilla/5.0 (compatible; ImagesiftBot; +imagesift.com)"
74.80.208.140 - - [04/Apr/2025:01:20:54 -0400] "GET /storing-and-caring-for-wine/ HTTP/1.1" 404 1251 "-" "Mozilla/5.0 (compatible; ImagesiftBot; +imagesift.com)"
74.80.208.140 - - [04/Apr/2025:01:21:22 -0400] "GET /wp-json/wp/v2/posts/1210 HTTP/1.1" 404 1251 "-" "Mozilla/5.0 (compatible; ImagesiftBot; +imagesift.com)"
74.80.208.140 - - [04/Apr/2025:01:21:42 -0400] "GET /wp-json/wp/v2/posts/706 HTTP/1.1" 404 1251 "-" "Mozilla/5.0 (compatible; ImagesiftBot; +imagesift.com)"
74.80.208.140 - - [04/Apr/2025:01:23:18 -0400] "GET /the-best-german-classes-in-london/ HTTP/1.1" 404 1251 "-" "Mozilla/5.0 (compatible; ImagesiftBot; +imagesift.com)"
47.82.38.159 - - [04/Apr/2025:01:24:00 -0400] "GET / HTTP/1.1" 200 156148 "https://www.google.com/" "Mozilla/5.0 (Linux; Android 10; K) AppleWebKit/537.36 (KHTML, like Gecko) Chrome/132.0.0.0 Mobile Safari/537.36"
47.82.38.159 - - [04/Apr/2025:01:24:00 -0400] "GET / HTTP/1.1" 200 156148 "https://www.google.com/" "Mozilla/5.0 (Windows NT 10.0; Win64; x64) AppleWebKit/537.36 (KHTML, like Gecko) Chrome/132.0.0.0 Safari/537.36"
34.19.85.195 - - [04/Apr/2025:01:25:05 -0400] "GET /how-hydraulic-cutting-machines-work/ HTTP/1.1" 404 1251 "-" "Mozilla/5.0 (Macintosh; Intel Mac OS X 10.15; rv:109.0) Gecko/20100101 Firefox/116.0"
34.169.31.233 - - [04/Apr/2025:01:25:07 -0400] "GET /using-rental-led-display-to-enhance-your-next-event/ HTTP/1.1" 404 1251 "-" "Mozilla/5.0 (Macintosh; Intel Mac OS X 10_15_7) AppleWebKit/605.1.15 (KHTML, like Gecko) Version/17.0 Safari/605.1.15"
188.166.234.225 - - [04/Apr/2025:01:25:24 -0400] "GET /wp-login.php HTTP/1.1" 200 1717 "-" "python-requests/2.31.0"
188.166.234.225 - - [04/Apr/2025:01:25:24 -0400] "GET /wp-login.php HTTP/1.1" 200 1717 "-" "python-requests/2.31.0"
198.54.114.83 - - [04/Apr/2025:01:25:28 -0400] "POST /wp-cron.php?doing_wp_cron=1743744327.8604478836059570312500 HTTP/1.1" 200 0 "-" "WordPress/6.7.2; https://stannswarehouse.com"
188.166.234.225 - - [04/Apr/2025:01:25:24 -0400] "POST /wp-login.php HTTP/1.1" 200 1844 "-" "python-requests/2.31.0"
198.54.114.83 - - [04/Apr/2025:01:25:28 -0400] "POST /wp-admin/admin-ajax.php?action=async_litespeed&nonce=Pcp2ZomYUSxNmblsYMZmwdC8AabJ5v0f&litespeed_type=imgoptm HTTP/1.1" 200 5 "-" "WordPress/6.7.2; https://stannswarehouse.com"
74.80.208.140 - - [04/Apr/2025:01:27:09 -0400] "GET /how-to-design-custom-logo-socks/ HTTP/1.1" 404 1251 "-" "Mozilla/5.0 (compatible; ImagesiftBot; +imagesift.com)"
74.80.208.140 - - [04/Apr/2025:01:27:26 -0400] "GET /wp-json/wp/v2/posts/1648 HTTP/1.1" 404 1251 "-" "Mozilla/5.0 (compatible; ImagesiftBot; +imagesift.com)"
74.80.208.140 - - [04/Apr/2025:01:28:28 -0400] "GET /wp-json/wp/v2/posts/493 HTTP/1.1" 404 1251 "-" "Mozilla/5.0 (compatible; ImagesiftBot; +imagesift.com)"
34.169.216.138 - - [04/Apr/2025:01:28:33 -0400] "GET /why-choose-composite-doors/ HTTP/1.1" 404 1251 "-" "Mozilla/5.0 (Macintosh; Intel Mac OS X 10_15_7) AppleWebKit/605.1.15 (KHTML, like Gecko) Version/17.0 Safari/605.1.15"
74.80.208.140 - - [04/Apr/2025:01:29:13 -0400] "GET /wp-json/wp/v2/posts/353 HTTP/1.1" 404 1251 "-" "Mozilla/5.0 (compatible; ImagesiftBot; +imagesift.com)"
74.80.208.140 - - [04/Apr/2025:01:29:25 -0400] "GET /bijou-lait-maternel/ HTTP/1.1" 404 1251 "-" "Mozilla/5.0 (compatible; ImagesiftBot; +imagesift.com)"
74.80.208.140 - - [04/Apr/2025:01:29:42 -0400] "GET /wp-json/wp/v2/posts/213 HTTP/1.1" 404 1251 "-" "Mozilla/5.0 (compatible; ImagesiftBot; +imagesift.com)"
74.80.208.140 - - [04/Apr/2025:01:30:05 -0400] "GET /stilvolles-design-fur-jeden-raum/ HTTP/1.1" 404 1251 "-" "Mozilla/5.0 (compatible; ImagesiftBot; +imagesift.com)"
74.80.208.140 - - [04/Apr/2025:01:30:23 -0400] "GET /mastering-the-art-of-freezing-your-instagram-account/ HTTP/1.1" 404 1251 "-" "Mozilla/5.0 (compatible; ImagesiftBot; +imagesift.com)"
74.80.208.140 - - [04/Apr/2025:01:30:59 -0400] "GET /how-much-do-all-on-four-dental-implants-cost/ HTTP/1.1" 404 1251 "-" "Mozilla/5.0 (compatible; ImagesiftBot; +imagesift.com)"
74.80.208.140 - - [04/Apr/2025:01:31:13 -0400] "GET /custom-soccer-socks-boost-your-teams-performance/ HTTP/1.1" 404 1251 "-" "Mozilla/5.0 (compatible; ImagesiftBot; +imagesift.com)"
74.80.208.140 - - [04/Apr/2025:01:32:09 -0400] "GET /wp-json/wp/v2/posts/1589 HTTP/1.1" 404 1251 "-" "Mozilla/5.0 (compatible; ImagesiftBot; +imagesift.com)"
85.208.96.196 - - [04/Apr/2025:01:32:54 -0400] "GET /arcady-showflat-a-blend-of-elegance-and-modernity/ HTTP/1.1" 404 1251 "-" "Mozilla/5.0 (compatible; SemrushBot/7~bl; +http://www.semrush.com/bot.html)"
74.80.208.140 - - [04/Apr/2025:01:34:22 -0400] "GET /wp-json/wp/v2/posts/2937 HTTP/1.1" 404 1251 "-" "Mozilla/5.0 (compatible; ImagesiftBot; +imagesift.com)"
178.20.44.82 - - [04/Apr/2025:01:34:36 -0400] "GET /all-you-need-to-know-regarding-cbd-oil/ HTTP/1.1" 404 1251 "https://stannswarehouse.com/all-you-need-to-know-regarding-cbd-oil/#comment-9662/" "Mozilla/5.0 (Windows NT 10.0; Win64; x64) AppleWebKit/537.36 (KHTML, like Gecko) Chrome/131.0.0.0 Safari/537.36"
