195.2.67.184 - - [03/Apr/2025:14:28:28 -0400] "GET / HTTP/1.1" 200 156148 "https://stannswarehouse.com/" "Mozilla/5.0 (Windows NT 10.0; Win64; x64) AppleWebKit/537.36 (KHTML, like Gecko) Chrome/130.0.0.0 Safari/537.36"
114.119.128.35 - - [03/Apr/2025:14:28:53 -0400] "GET /et1-templates/ HTTP/1.1" 404 1251 "-" "Mozilla/5.0 (Linux; Android 7.0;) AppleWebKit/537.36 (KHTML, like Gecko) Mobile Safari/537.36 (compatible; PetalBot;+https://webmaster.petalsearch.com/site/petalbot)"
2a02:598:96:8a00::1200:13d - - [03/Apr/2025:14:31:42 -0400] "GET /norcold-rv-refrigerator/ HTTP/1.1" 404 1251 "-" "Mozilla/5.0 (compatible; SeznamBot/4.0; +https://o-seznam.cz/napoveda/vyhledavani/en/seznambot-crawler/)"
157.55.39.58 - - [03/Apr/2025:14:33:56 -0400] "GET /unveiling-the-dangers-of-buying-subscribers-on-youtube/feed/ HTTP/1.1" 404 1251 "-" "Mozilla/5.0 AppleWebKit/537.36 (KHTML, like Gecko; compatible; bingbot/2.0; +http://www.bing.com/bingbot.htm) Chrome/116.0.1938.76 Safari/537.36"
2a02:598:96:8a00::1200:127 - - [03/Apr/2025:14:35:43 -0400] "GET /how-to-choose-the-best-cbd-cream-for-pain-relief/ HTTP/1.1" 404 1251 "-" "Mozilla/5.0 (compatible; SeznamBot/4.0; +https://o-seznam.cz/napoveda/vyhledavani/en/seznambot-crawler/)"
2a02:598:96:8a00::1200:13d - - [03/Apr/2025:14:36:43 -0400] "GET /fire-pumps-for-sales/ HTTP/1.1" 404 1251 "-" "Mozilla/5.0 (compatible; SeznamBot/4.0; +https://o-seznam.cz/napoveda/vyhledavani/en/seznambot-crawler/)"
58.254.68.93 - - [03/Apr/2025:14:39:32 -0400] "GET /barack-obama-slot-machine-critical-overview/ HTTP/1.1" 404 1251 "https://stannswarehouse.com" "Mozilla/5.0 (Windows NT 10.0; Win64; x64) AppleWebKit/537.36 (KHTML, like Gecko) Chrome/62.0.3202.94 Safari/537.36"
58.254.68.93 - - [03/Apr/2025:14:39:34 -0400] "GET /barack-obama-slot-machine-critical-overview/ HTTP/1.1" 404 1251 "https://stannswarehouse.com" "Mozilla/5.0 (Windows NT 10.0; Win64; x64) AppleWebKit/537.36 (KHTML, like Gecko) Chrome/62.0.3202.94 Safari/537.36"
58.254.68.93 - - [03/Apr/2025:14:39:36 -0400] "GET /barack-obama-slot-machine-critical-overview/ HTTP/1.1" 404 1251 "https://stannswarehouse.com" "Mozilla/5.0 (Windows NT 10.0; Win64; x64) AppleWebKit/537.36 (KHTML, like Gecko) Chrome/62.0.3202.94 Safari/537.36"
58.254.68.93 - - [03/Apr/2025:14:39:38 -0400] "GET /barack-obama-slot-machine-critical-overview/ HTTP/1.1" 404 1251 "https://stannswarehouse.com" "Mozilla/5.0 (Windows NT 10.0; Win64; x64) AppleWebKit/537.36 (KHTML, like Gecko) Chrome/62.0.3202.94 Safari/537.36"
2a02:598:96:8a00::1200:127 - - [03/Apr/2025:14:40:51 -0400] "GET /youtube-live-stream-views/ HTTP/1.1" 404 1251 "-" "Mozilla/5.0 (compatible; SeznamBot/4.0; +https://o-seznam.cz/napoveda/vyhledavani/en/seznambot-crawler/)"
66.249.68.32 - - [03/Apr/2025:14:41:11 -0400] "GET /robots.txt HTTP/1.1" 200 23 "-" "Mozilla/5.0 (compatible; Googlebot/2.1; +http://www.google.com/bot.html)"
66.249.68.32 - - [03/Apr/2025:14:41:11 -0400] "GET /why-buy-a-bugatti-for-sale HTTP/1.1" 404 1251 "-" "Mozilla/5.0 (Linux; Android 6.0.1; Nexus 5X Build/MMB29P) AppleWebKit/537.36 (KHTML, like Gecko) Chrome/135.0.7049.52 Mobile Safari/537.36 (compatible; Googlebot/2.1; +http://www.google.com/bot.html)"
52.73.212.14 - - [03/Apr/2025:14:45:40 -0400] "GET /how-to-buy-youtube-likes-2/ HTTP/1.1" 404 1251 "-" "Grammarly/1.0 (http://www.grammarly.com)"
2a02:598:96:8a00::1200:13d - - [03/Apr/2025:14:46:23 -0400] "GET /all-you-need-to-know-regarding-cbd-oil/ HTTP/1.1" 404 1251 "-" "Mozilla/5.0 (compatible; SeznamBot/4.0; +https://o-seznam.cz/napoveda/vyhledavani/en/seznambot-crawler/)"
198.54.114.83 - - [03/Apr/2025:14:46:29 -0400] "POST /wp-cron.php?doing_wp_cron=1743705989.2575750350952148437500 HTTP/1.1" 200 0 "-" "WordPress/6.7.2; https://stannswarehouse.com"
54.254.137.198 - - [03/Apr/2025:14:46:25 -0400] "POST /wp-login.php HTTP/1.1" 200 1843 "-" "Mozlila/5.0 (Linux; Android 7.0; SM-G892A Bulid/NRD90M; wv) AppleWebKit/537.36 (KHTML, like Gecko) Version/4.0 Chrome/60.0.3112.107 Moblie Safari/537.36"
54.254.137.198 - - [03/Apr/2025:14:46:30 -0400] "GET /wp-admin/plugin-install.php?tab=upload HTTP/1.1" 302 0 "-" "Mozlila/5.0 (Linux; Android 7.0; SM-G892A Bulid/NRD90M; wv) AppleWebKit/537.36 (KHTML, like Gecko) Version/4.0 Chrome/60.0.3112.107 Moblie Safari/537.36"
198.54.114.83 - - [03/Apr/2025:14:46:31 -0400] "POST /wp-admin/admin-ajax.php?action=async_litespeed&nonce=8KMMMYLDgJfnLObAlQmjwqCe5d6MO8Ih&litespeed_type=imgoptm HTTP/1.1" 200 0 "-" "WordPress/6.7.2; https://stannswarehouse.com"
54.254.137.198 - - [03/Apr/2025:14:46:31 -0400] "GET /wp-login.php?redirect_to=https%3A%2F%2Fstannswarehouse.com%2Fwp-admin%2Fplugin-install.php%3Ftab%3Dupload&reauth=1 HTTP/1.1" 200 1737 "-" "Mozlila/5.0 (Linux; Android 7.0; SM-G892A Bulid/NRD90M; wv) AppleWebKit/537.36 (KHTML, like Gecko) Version/4.0 Chrome/60.0.3112.107 Moblie Safari/537.36"
2a02:598:96:8a00::1200:127 - - [03/Apr/2025:14:49:55 -0400] "GET /the-benefits-of-electric-forklift-rental/ HTTP/1.1" 404 1251 "-" "Mozilla/5.0 (compatible; SeznamBot/4.0; +https://o-seznam.cz/napoveda/vyhledavani/en/seznambot-crawler/)"
45.138.100.21 - - [03/Apr/2025:14:50:15 -0400] "GET /fondements-de-la-protection-professionnelle/ HTTP/1.1" 404 1251 "https://stannswarehouse.com/fondements-de-la-protection-professionnelle/" "Mozilla/5.0 (Windows NT 10.0; WOW64) AppleWebKit/537.36 (KHTML, like Gecko) Chrome/103.0.5060.114 Safari/537.36"
45.138.100.21 - - [03/Apr/2025:14:50:17 -0400] "GET / HTTP/1.1" 200 156148 "https://stannswarehouse.com/" "Mozilla/5.0 (Windows NT 10.0; WOW64) AppleWebKit/537.36 (KHTML, like Gecko) Chrome/103.0.5060.114 Safari/537.36"
2a02:598:96:8a00::1200:13d - - [03/Apr/2025:14:51:43 -0400] "GET /getting-free-moving-quotes-the-best-practice-you-can-ever-follow/ HTTP/1.1" 404 1251 "-" "Mozilla/5.0 (compatible; SeznamBot/4.0; +https://o-seznam.cz/napoveda/vyhledavani/en/seznambot-crawler/)"
2a02:598:96:8a00::1200:13d - - [03/Apr/2025:14:55:43 -0400] "GET /using-rental-led-display-to-enhance-your-next-event/ HTTP/1.1" 404 1251 "-" "Mozilla/5.0 (compatible; SeznamBot/4.0; +https://o-seznam.cz/napoveda/vyhledavani/en/seznambot-crawler/)"
58.254.68.93 - - [03/Apr/2025:14:55:54 -0400] "GET /barack-obama-slot-machine-critical-overview/ HTTP/1.1" 404 1251 "https://stannswarehouse.com" "Mozilla/5.0 (Windows NT 10.0; Win64; x64) AppleWebKit/537.36 (KHTML, like Gecko) Chrome/62.0.3202.94 Safari/537.36"
58.254.68.93 - - [03/Apr/2025:14:55:57 -0400] "GET /barack-obama-slot-machine-critical-overview/ HTTP/1.1" 404 1251 "https://stannswarehouse.com" "Mozilla/5.0 (Windows NT 10.0; Win64; x64) AppleWebKit/537.36 (KHTML, like Gecko) Chrome/62.0.3202.94 Safari/537.36"
58.254.68.93 - - [03/Apr/2025:14:55:59 -0400] "GET /barack-obama-slot-machine-critical-overview/ HTTP/1.1" 404 1251 "https://stannswarehouse.com" "Mozilla/5.0 (Windows NT 10.0; Win64; x64) AppleWebKit/537.36 (KHTML, like Gecko) Chrome/62.0.3202.94 Safari/537.36"
58.254.68.93 - - [03/Apr/2025:14:56:02 -0400] "GET /barack-obama-slot-machine-critical-overview/ HTTP/1.1" 404 1251 "https://stannswarehouse.com" "Mozilla/5.0 (Windows NT 10.0; Win64; x64) AppleWebKit/537.36 (KHTML, like Gecko) Chrome/62.0.3202.94 Safari/537.36"
198.54.114.83 - - [03/Apr/2025:14:57:06 -0400] "POST /wp-cron.php?doing_wp_cron=1743706626.4033238887786865234375 HTTP/1.1" 200 0 "-" "WordPress/6.7.2; https://stannswarehouse.com"
196.251.87.2 - - [03/Apr/2025:14:57:03 -0400] "POST /wp-login.php?wc-ajax=1 HTTP/1.1" 200 1844 "https://stannswarehouse.com/wp-admin/" "Mozilla/5.0 (Windows NT 10.0; Win64; x64) AppleWebKit/537.36 (KHTML, like Gecko) Chrome/90.0.4430.85 Safari/537.36"
196.251.87.2 - - [03/Apr/2025:14:57:07 -0400] "GET /wp-admin/?wc-ajax=1 HTTP/1.1" 302 0 "www.google.com" "Mozilla/5.0 (Windows NT 10.0; Win64; x64) AppleWebKit/537.36 (KHTML, like Gecko) Chrome/90.0.4430.85 Safari/537.36"
196.251.87.2 - - [03/Apr/2025:14:57:07 -0400] "GET /wp-login.php?redirect_to=https%3A%2F%2Fstannswarehouse.com%2Fwp-admin%2F%3Fwc-ajax%3D1&reauth=1 HTTP/1.1" 200 1729 "www.google.com" "Mozilla/5.0 (Windows NT 10.0; Win64; x64) AppleWebKit/537.36 (KHTML, like Gecko) Chrome/90.0.4430.85 Safari/537.36"
198.54.114.83 - - [03/Apr/2025:14:57:07 -0400] "POST /wp-admin/admin-ajax.php?action=async_litespeed&nonce=zcHyXhCqjzM43H7gN8HzFHA3cUn3eyqe&litespeed_type=imgoptm HTTP/1.1" 200 5 "-" "WordPress/6.7.2; https://stannswarehouse.com"
85.208.96.195 - - [03/Apr/2025:14:57:09 -0400] "GET /hanoi-massage-a-journey-of-relaxation-and-rejuvenation/ HTTP/1.1" 404 1251 "-" "Mozilla/5.0 (compatible; SemrushBot/7~bl; +http://www.semrush.com/bot.html)"
172.182.204.100 - - [03/Apr/2025:14:58:23 -0400] "GET /robots.txt HTTP/1.1" 304 0 "-" "Mozilla/5.0 AppleWebKit/537.36 (KHTML, like Gecko; compatible; GPTBot/1.0; +https://openai.com/gptbot)"
52.167.144.184 - - [03/Apr/2025:15:02:42 -0400] "GET /brick-patio-weed-control/ HTTP/1.1" 404 1251 "-" "Mozilla/5.0 AppleWebKit/537.36 (KHTML, like Gecko; compatible; bingbot/2.0; +http://www.bing.com/bingbot.htm) Chrome/116.0.1938.76 Safari/537.36"
198.54.114.83 - - [03/Apr/2025:15:04:55 -0400] "POST /wp-cron.php?doing_wp_cron=1743707095.4446079730987548828125 HTTP/1.1" 200 0 "-" "WordPress/6.7.2; https://stannswarehouse.com"
54.254.137.198 - - [03/Apr/2025:15:04:50 -0400] "POST /wp-login.php HTTP/1.1" 200 1843 "-" "Mozlila/5.0 (Linux; Android 7.0; SM-G892A Bulid/NRD90M; wv) AppleWebKit/537.36 (KHTML, like Gecko) Version/4.0 Chrome/60.0.3112.107 Moblie Safari/537.36"
198.54.114.83 - - [03/Apr/2025:15:04:56 -0400] "POST /wp-admin/admin-ajax.php?action=async_litespeed&nonce=FoXPHdQtTuAkOjoiqAqNpijXDLXbdE41&litespeed_type=imgoptm HTTP/1.1" 200 0 "-" "WordPress/6.7.2; https://stannswarehouse.com"
54.254.137.198 - - [03/Apr/2025:15:04:56 -0400] "GET /wp-admin/plugin-install.php?tab=upload HTTP/1.1" 302 0 "-" "Mozlila/5.0 (Linux; Android 7.0; SM-G892A Bulid/NRD90M; wv) AppleWebKit/537.36 (KHTML, like Gecko) Version/4.0 Chrome/60.0.3112.107 Moblie Safari/537.36"
54.254.137.198 - - [03/Apr/2025:15:04:58 -0400] "GET /wp-login.php?redirect_to=https%3A%2F%2Fstannswarehouse.com%2Fwp-admin%2Fplugin-install.php%3Ftab%3Dupload&reauth=1 HTTP/1.1" 200 1737 "-" "Mozlila/5.0 (Linux; Android 7.0; SM-G892A Bulid/NRD90M; wv) AppleWebKit/537.36 (KHTML, like Gecko) Version/4.0 Chrome/60.0.3112.107 Moblie Safari/537.36"
2a02:598:96:8a00::1200:127 - - [03/Apr/2025:15:06:07 -0400] "GET /the-best-fertility-clinics-in-sharjah/ HTTP/1.1" 404 1251 "-" "Mozilla/5.0 (compatible; SeznamBot/4.0; +https://o-seznam.cz/napoveda/vyhledavani/en/seznambot-crawler/)"
2a02:598:96:8a00::1200:13d - - [03/Apr/2025:15:06:46 -0400] "GET /finding-the-best-car-transport-services-near-you/ HTTP/1.1" 404 1251 "-" "Mozilla/5.0 (compatible; SeznamBot/4.0; +https://o-seznam.cz/napoveda/vyhledavani/en/seznambot-crawler/)"
2a02:598:96:8a00::1200:13d - - [03/Apr/2025:15:17:05 -0400] "GET /overseas-air-travel-to-get-cheaper/ HTTP/1.1" 404 1251 "-" "Mozilla/5.0 (compatible; SeznamBot/4.0; +https://o-seznam.cz/napoveda/vyhledavani/en/seznambot-crawler/)"
45.148.10.80 - - [03/Apr/2025:15:18:01 -0400] "GET /.git/config HTTP/1.1" 403 1242 "-" "Mozilla/5.0 (SS; Linux x86_64; rv:124.0) Gecko/20100101 Firefox/124.0"
2a02:598:96:8a00::1200:127 - - [03/Apr/2025:15:19:41 -0400] "GET /customized-fuzzy-socks/ HTTP/1.1" 404 1251 "-" "Mozilla/5.0 (compatible; SeznamBot/4.0; +https://o-seznam.cz/napoveda/vyhledavani/en/seznambot-crawler/)"
2a02:598:96:8a00::1200:13d - - [03/Apr/2025:15:24:06 -0400] "GET /private-tour-nusa-penida/ HTTP/1.1" 404 1251 "-" "Mozilla/5.0 (compatible; SeznamBot/4.0; +https://o-seznam.cz/napoveda/vyhledavani/en/seznambot-crawler/)"
2a02:598:96:8a00::1200:127 - - [03/Apr/2025:15:26:37 -0400] "GET /buy-views-youtube/ HTTP/1.1" 404 1251 "-" "Mozilla/5.0 (compatible; SeznamBot/4.0; +https://o-seznam.cz/napoveda/vyhledavani/en/seznambot-crawler/)"
104.168.173.24 - - [03/Apr/2025:15:27:24 -0400] "GET /unveiling-the-world-of-satta-king-a-comprehensive-guide/ HTTP/1.1" 404 1251 "-" "Mozilla/5.0 (Windows NT 10.0; WOW64; x64) AppleWebKit/537.36 (KHTML, like Gecko) Chrome/114.0.0.0 Safari/537.36 OPR/89.0.4447.51"
104.168.173.24 - - [03/Apr/2025:15:27:25 -0400] "GET / HTTP/1.1" 200 156148 "-" "Mozilla/5.0 (Windows NT 10.0; WOW64; x64) AppleWebKit/537.36 (KHTML, like Gecko) Chrome/114.0.0.0 Safari/537.36 OPR/89.0.4447.51"
104.168.173.24 - - [03/Apr/2025:15:27:27 -0400] "GET /dp/B0D3RN5W37?ref=MarsFS_VICC_blinksqm HTTP/1.1" 404 1251 "https://stannswarehouse.com" "Mozilla/5.0 (Windows NT 10.0; WOW64; x64) AppleWebKit/537.36 (KHTML, like Gecko) Chrome/114.0.0.0 Safari/537.36 OPR/89.0.4447.51"
104.168.173.24 - - [03/Apr/2025:15:27:27 -0400] "GET / HTTP/1.1" 200 156148 "https://stannswarehouse.com" "Mozilla/5.0 (Windows NT 10.0; WOW64; x64) AppleWebKit/537.36 (KHTML, like Gecko) Chrome/114.0.0.0 Safari/537.36 OPR/89.0.4447.51"
2a02:598:96:8a00::1200:13d - - [03/Apr/2025:15:29:57 -0400] "GET /how-to-buy-youtube-likes-2/ HTTP/1.1" 404 1251 "-" "Mozilla/5.0 (compatible; SeznamBot/4.0; +https://o-seznam.cz/napoveda/vyhledavani/en/seznambot-crawler/)"
195.2.70.209 - - [03/Apr/2025:15:30:13 -0400] "GET / HTTP/1.1" 200 156148 "-" "Mozilla/5.0 (Macintosh; Intel Mac OS X 10_15_7) AppleWebKit/537.36 (KHTML, like Gecko) Chrome/133.0.0.0 Safari/537.36"
195.2.70.209 - - [03/Apr/2025:15:30:14 -0400] "GET /gp/registry/wishlist/ HTTP/1.1" 404 1251 "-" "Mozilla/5.0 (Macintosh; Intel Mac OS X 10_15_7) AppleWebKit/537.36 (KHTML, like Gecko) Chrome/133.0.0.0 Safari/537.36"
195.2.70.209 - - [03/Apr/2025:15:30:15 -0400] "GET / HTTP/1.1" 200 156148 "-" "Mozilla/5.0 (Macintosh; Intel Mac OS X 10_15_7) AppleWebKit/537.36 (KHTML, like Gecko) Chrome/133.0.0.0 Safari/537.36"
195.2.70.209 - - [03/Apr/2025:15:30:16 -0400] "GET / HTTP/1.1" 200 156148 "-" "Mozilla/5.0 (Macintosh; Intel Mac OS X 10_15_7) AppleWebKit/537.36 (KHTML, like Gecko) Chrome/133.0.0.0 Safari/537.36"
195.2.70.209 - - [03/Apr/2025:15:30:17 -0400] "GET /product-reviews/B0DG4WZZPV/ref=acr_dp_hist_5?ie=UTF8&filterByStar=five_star&reviewerType=all_reviews HTTP/1.1" 404 1251 "-" "Mozilla/5.0 (Macintosh; Intel Mac OS X 10_15_7) AppleWebKit/537.36 (KHTML, like Gecko) Chrome/133.0.0.0 Safari/537.36"
195.2.70.209 - - [03/Apr/2025:15:30:18 -0400] "GET /product-reviews/B0DG4WZZPV/ref=acr_dp_hist_4?ie=UTF8&filterByStar=four_star&reviewerType=all_reviews HTTP/1.1" 404 1251 "-" "Mozilla/5.0 (Macintosh; Intel Mac OS X 10_15_7) AppleWebKit/537.36 (KHTML, like Gecko) Chrome/133.0.0.0 Safari/537.36"
195.2.70.209 - - [03/Apr/2025:15:30:19 -0400] "GET /product-reviews/B0DG4WZZPV/ref=acr_dp_hist_3?ie=UTF8&filterByStar=three_star&reviewerType=all_reviews HTTP/1.1" 404 1251 "-" "Mozilla/5.0 (Macintosh; Intel Mac OS X 10_15_7) AppleWebKit/537.36 (KHTML, like Gecko) Chrome/133.0.0.0 Safari/537.36"
195.2.70.209 - - [03/Apr/2025:15:30:20 -0400] "GET /product-reviews/B0DG4WZZPV/ref=acr_dp_hist_2?ie=UTF8&filterByStar=two_star&reviewerType=all_reviews HTTP/1.1" 404 1251 "-" "Mozilla/5.0 (Macintosh; Intel Mac OS X 10_15_7) AppleWebKit/537.36 (KHTML, like Gecko) Chrome/133.0.0.0 Safari/537.36"
195.2.70.209 - - [03/Apr/2025:15:30:21 -0400] "GET /product-reviews/B0DG4WZZPV/ref=acr_dp_hist_1?ie=UTF8&filterByStar=one_star&reviewerType=all_reviews HTTP/1.1" 404 1251 "-" "Mozilla/5.0 (Macintosh; Intel Mac OS X 10_15_7) AppleWebKit/537.36 (KHTML, like Gecko) Chrome/133.0.0.0 Safari/537.36"
195.2.70.209 - - [03/Apr/2025:15:30:21 -0400] "GET /review/create-review/ref=cm_cr_dp_d_wr_but_top?ie=UTF8&channel=glance-detail&asin=B0DG4WZZPV HTTP/1.1" 404 1251 "-" "Mozilla/5.0 (Macintosh; Intel Mac OS X 10_15_7) AppleWebKit/537.36 (KHTML, like Gecko) Chrome/133.0.0.0 Safari/537.36"
195.2.70.209 - - [03/Apr/2025:15:30:22 -0400] "GET /gp/profile/amzn1.account.AFXQP46YJ2XUKR4MYZFNG3H2CXBQ/ref=cm_cr_dp_d_gw_tr?ie=UTF8 HTTP/1.1" 404 1251 "-" "Mozilla/5.0 (Macintosh; Intel Mac OS X 10_15_7) AppleWebKit/537.36 (KHTML, like Gecko) Chrome/133.0.0.0 Safari/537.36"
195.2.70.209 - - [03/Apr/2025:15:30:22 -0400] "GET /gp/customer-reviews/R2DVCU4L2UJJBX/ref=cm_cr_dp_d_rvw_ttl?ie=UTF8&ASIN=B0DG4WZZPV HTTP/1.1" 404 1251 "-" "Mozilla/5.0 (Macintosh; Intel Mac OS X 10_15_7) AppleWebKit/537.36 (KHTML, like Gecko) Chrome/133.0.0.0 Safari/537.36"
195.2.70.209 - - [03/Apr/2025:15:30:23 -0400] "GET /gp/profile/amzn1.account.AF5FRYZXCS7TKUJBS42LJ5SIYFCQ/ref=cm_cr_dp_d_gw_tr?ie=UTF8 HTTP/1.1" 404 1251 "-" "Mozilla/5.0 (Macintosh; Intel Mac OS X 10_15_7) AppleWebKit/537.36 (KHTML, like Gecko) Chrome/133.0.0.0 Safari/537.36"
195.2.70.209 - - [03/Apr/2025:15:30:24 -0400] "GET /gp/customer-reviews/RSOLMCOFAZGYC/ref=cm_cr_dp_d_rvw_ttl?ie=UTF8&ASIN=B0DG4WZZPV HTTP/1.1" 404 1251 "-" "Mozilla/5.0 (Macintosh; Intel Mac OS X 10_15_7) AppleWebKit/537.36 (KHTML, like Gecko) Chrome/133.0.0.0 Safari/537.36"
195.2.70.209 - - [03/Apr/2025:15:30:24 -0400] "GET /gp/profile/amzn1.account.AEI6M6PK7YTYMMDYHFCY44VLPMYQ/ref=cm_cr_dp_d_gw_tr?ie=UTF8 HTTP/1.1" 404 1251 "-" "Mozilla/5.0 (Macintosh; Intel Mac OS X 10_15_7) AppleWebKit/537.36 (KHTML, like Gecko) Chrome/133.0.0.0 Safari/537.36"
195.2.70.209 - - [03/Apr/2025:15:30:25 -0400] "GET /gp/customer-reviews/R1PEI6HEVK2UIC/ref=cm_cr_dp_d_rvw_ttl?ie=UTF8&ASIN=B0DG4WZZPV HTTP/1.1" 404 1251 "-" "Mozilla/5.0 (Macintosh; Intel Mac OS X 10_15_7) AppleWebKit/537.36 (KHTML, like Gecko) Chrome/133.0.0.0 Safari/537.36"
195.2.70.209 - - [03/Apr/2025:15:30:25 -0400] "GET /hz/reviews-render/report-review?ie=UTF8&ref=cm_cr_dp_d_report&csrfT=hI7SZljMN8bG2ire57mKHlD4fY6c8uVTvZXytn4fYPolAAAAAGcq7rEAAAAB&reviewId=R1PEI6HEVK2UIC HTTP/1.1" 404 1251 "-" "Mozilla/5.0 (Macintosh; Intel Mac OS X 10_15_7) AppleWebKit/537.36 (KHTML, like Gecko) Chrome/133.0.0.0 Safari/537.36"
17.241.75.231 - - [03/Apr/2025:15:40:22 -0400] "GET /la-puissance-de-la-maca-pour-les-femmes/ HTTP/1.1" 404 1251 "-" "Mozilla/5.0 (Macintosh; Intel Mac OS X 10_15_7) AppleWebKit/605.1.15 (KHTML, like Gecko) Version/17.4 Safari/605.1.15 (Applebot/0.1; +http://www.apple.com/go/applebot)"
2a02:598:96:8a00::1200:13d - - [03/Apr/2025:15:42:42 -0400] "GET /what-to-look-for-in-a-real-estate-crm/ HTTP/1.1" 404 1251 "-" "Mozilla/5.0 (compatible; SeznamBot/4.0; +https://o-seznam.cz/napoveda/vyhledavani/en/seznambot-crawler/)"
2a02:598:96:8a00::1200:127 - - [03/Apr/2025:15:42:53 -0400] "GET /unlocking-wellness-the-role-of-chiropractors-in-dubai/ HTTP/1.1" 404 1251 "-" "Mozilla/5.0 (compatible; SeznamBot/4.0; +https://o-seznam.cz/napoveda/vyhledavani/en/seznambot-crawler/)"
66.249.68.37 - - [03/Apr/2025:15:50:50 -0400] "GET /scoprire-il-paradiso-un-resort-sul-lago-di-garda/ HTTP/1.1" 404 1251 "-" "Mozilla/5.0 (Linux; Android 6.0.1; Nexus 5X Build/MMB29P) AppleWebKit/537.36 (KHTML, like Gecko) Chrome/134.0.6998.165 Mobile Safari/537.36 (compatible; Googlebot/2.1; +http://www.google.com/bot.html)"
2a02:598:96:8a00::1200:13d - - [03/Apr/2025:15:50:52 -0400] "GET /what-is-managed-investing/feed/ HTTP/1.1" 404 1251 "-" "Mozilla/5.0 (compatible; SeznamBot/4.0; +https://o-seznam.cz/napoveda/vyhledavani/en/seznambot-crawler/)"
86.107.58.77 - - [03/Apr/2025:15:51:38 -0400] "GET /unveiling-the-phenomenal-fortune-of-weird-al-yankovic/ HTTP/1.1" 404 1251 "-" "Mozilla/5.0 (X11; Linux x86_64) AppleWebKit/537.36 (KHTML, like Gecko) Chrome/106.0.0.0 Safari/537.36"
2a02:598:96:8a00::1200:127 - - [03/Apr/2025:15:52:55 -0400] "GET /history-of-reusable-grocery-bags/ HTTP/1.1" 404 1251 "-" "Mozilla/5.0 (compatible; SeznamBot/4.0; +https://o-seznam.cz/napoveda/vyhledavani/en/seznambot-crawler/)"
111.249.179.111 - - [03/Apr/2025:15:53:51 -0400] "GET /how-to-avoid-dangerous-patterns-of-gambling-in-poker/ HTTP/1.1" 404 1251 "-" "Mozilla/5.0 (Windows NT 10.0; Win64; x64) AppleWebKit/537.36 (KHTML, like Gecko) Chrome/114.0.0.0 Safari/537.36"
2a02:598:96:8a00::1200:13d - - [03/Apr/2025:15:56:02 -0400] "GET /auto-detailing-near-me/ HTTP/1.1" 404 1251 "-" "Mozilla/5.0 (compatible; SeznamBot/4.0; +https://o-seznam.cz/napoveda/vyhledavani/en/seznambot-crawler/)"
2a02:598:96:8a00::1200:127 - - [03/Apr/2025:15:56:40 -0400] "GET /gifts-for-cyclists/ HTTP/1.1" 404 1251 "-" "Mozilla/5.0 (compatible; SeznamBot/4.0; +https://o-seznam.cz/napoveda/vyhledavani/en/seznambot-crawler/)"
98.82.40.168 - - [03/Apr/2025:16:00:04 -0400] "GET /conservatory-roof-replacement-cost-what-type-of-roof-should-you-choose/ HTTP/1.1" 404 1251 "-" "Mozilla/5.0 AppleWebKit/537.36 (KHTML, like Gecko; compatible; Amazonbot/0.1; +https://developer.amazon.com/support/amazonbot) Chrome/119.0.6045.214 Safari/537.36"
44.221.180.179 - - [03/Apr/2025:16:00:09 -0400] "GET /how-to-buy-real-youtube-subscribers/ HTTP/1.1" 404 1251 "-" "Mozilla/5.0 AppleWebKit/537.36 (KHTML, like Gecko; compatible; Amazonbot/0.1; +https://developer.amazon.com/support/amazonbot) Chrome/119.0.6045.214 Safari/537.36"
44.212.131.50 - - [03/Apr/2025:16:00:12 -0400] "GET /tips-for-retaining-youtube-subscribers/ HTTP/1.1" 404 1251 "-" "Mozilla/5.0 AppleWebKit/537.36 (KHTML, like Gecko; compatible; Amazonbot/0.1; +https://developer.amazon.com/support/amazonbot) Chrome/119.0.6045.214 Safari/537.36"
2a02:598:96:8a00::1200:13d - - [03/Apr/2025:16:00:14 -0400] "GET /youtube-favorites/ HTTP/1.1" 404 1251 "-" "Mozilla/5.0 (compatible; SeznamBot/4.0; +https://o-seznam.cz/napoveda/vyhledavani/en/seznambot-crawler/)"
54.92.171.106 - - [03/Apr/2025:16:00:17 -0400] "GET /how-to-create-a-youtube-playlist/ HTTP/1.1" 404 1251 "-" "Mozilla/5.0 AppleWebKit/537.36 (KHTML, like Gecko; compatible; Amazonbot/0.1; +https://developer.amazon.com/support/amazonbot) Chrome/119.0.6045.214 Safari/537.36"
34.235.239.240 - - [03/Apr/2025:16:00:20 -0400] "GET /plumbing-financing-boosts-customer-satisfaction-and-grows-revenue/ HTTP/1.1" 404 1251 "-" "Mozilla/5.0 AppleWebKit/537.36 (KHTML, like Gecko; compatible; Amazonbot/0.1; +https://developer.amazon.com/support/amazonbot) Chrome/119.0.6045.214 Safari/537.36"
54.84.147.79 - - [03/Apr/2025:16:00:24 -0400] "GET /how-to-buy-custom-comments-for-youtube/ HTTP/1.1" 404 1251 "-" "Mozilla/5.0 AppleWebKit/537.36 (KHTML, like Gecko; compatible; Amazonbot/0.1; +https://developer.amazon.com/support/amazonbot) Chrome/119.0.6045.214 Safari/537.36"
47.82.35.185 - - [03/Apr/2025:16:01:06 -0400] "GET / HTTP/1.1" 200 156148 "https://www.google.com/" "Mozilla/5.0 (Linux; Android 10; K) AppleWebKit/537.36 (KHTML, like Gecko) Chrome/132.0.0.0 Mobile Safari/537.36"
2a02:598:96:8a00::1200:127 - - [03/Apr/2025:16:02:03 -0400] "GET /button-head-cap-screw/ HTTP/1.1" 404 1251 "-" "Mozilla/5.0 (compatible; SeznamBot/4.0; +https://o-seznam.cz/napoveda/vyhledavani/en/seznambot-crawler/)"
44.219.80.189 - - [03/Apr/2025:16:03:42 -0400] "GET /bouncing-bliss-the-importance-of-trampoline-park-socks/ HTTP/1.1" 404 1251 "-" "Grammarly/1.0 (http://www.grammarly.com)"
45.76.16.214 - - [03/Apr/2025:16:12:32 -0400] "GET /what-is-sports-rehab HTTP/1.1" 404 1251 "https://stannswarehouse.com" "Mozilla/5.0 (Windows NT 10.0; Win64; x64) AppleWebKit/537.36 (KHTML, like Gecko) Chrome/62.0.3202.94 Safari/537.36"
45.76.16.214 - - [03/Apr/2025:16:12:33 -0400] "GET /what-is-sports-rehab HTTP/1.1" 404 1251 "https://stannswarehouse.com" "Mozilla/5.0 (Windows NT 10.0; Win64; x64) AppleWebKit/537.36 (KHTML, like Gecko) Chrome/62.0.3202.94 Safari/537.36"
45.76.16.214 - - [03/Apr/2025:16:12:33 -0400] "GET /what-is-sports-rehab HTTP/1.1" 404 1251 "https://stannswarehouse.com" "Mozilla/5.0 (Windows NT 10.0; Win64; x64) AppleWebKit/537.36 (KHTML, like Gecko) Chrome/62.0.3202.94 Safari/537.36"
45.76.16.214 - - [03/Apr/2025:16:12:34 -0400] "GET /what-is-sports-rehab HTTP/1.1" 404 1251 "https://stannswarehouse.com" "Mozilla/5.0 (Windows NT 10.0; Win64; x64) AppleWebKit/537.36 (KHTML, like Gecko) Chrome/62.0.3202.94 Safari/537.36"
85.208.98.31 - - [03/Apr/2025:16:12:51 -0400] "GET /wordpress-web-design-agency/ HTTP/1.1" 404 1251 "-" "Mozilla/5.0 (compatible; SemrushBot-BA; +http://www.semrush.com/bot.html)"
2a02:598:96:8a00::1200:127 - - [03/Apr/2025:16:17:49 -0400] "GET /what-is-sports-rehab/ HTTP/1.1" 404 1251 "-" "Mozilla/5.0 (compatible; SeznamBot/4.0; +https://o-seznam.cz/napoveda/vyhledavani/en/seznambot-crawler/)"
2a02:598:96:8a00::1200:13d - - [03/Apr/2025:16:18:13 -0400] "GET /exploring-the-hill-at-one-north/ HTTP/1.1" 404 1251 "-" "Mozilla/5.0 (compatible; SeznamBot/4.0; +https://o-seznam.cz/napoveda/vyhledavani/en/seznambot-crawler/)"
2a02:598:96:8a00::1200:127 - - [03/Apr/2025:16:20:18 -0400] "GET /a-free-vin-check-is-not-enough/ HTTP/1.1" 404 1251 "-" "Mozilla/5.0 (compatible; SeznamBot/4.0; +https://o-seznam.cz/napoveda/vyhledavani/en/seznambot-crawler/)"
2a02:598:96:8a00::1200:13d - - [03/Apr/2025:16:20:45 -0400] "GET /most-questions-about-acne-cream/ HTTP/1.1" 404 1251 "-" "Mozilla/5.0 (compatible; SeznamBot/4.0; +https://o-seznam.cz/napoveda/vyhledavani/en/seznambot-crawler/)"
85.208.98.16 - - [03/Apr/2025:16:29:50 -0400] "GET /choosing-a-brand-design-firm/ HTTP/1.1" 404 1251 "-" "Mozilla/5.0 (compatible; SemrushBot-BA; +http://www.semrush.com/bot.html)"
65.109.189.6 - - [03/Apr/2025:16:36:45 -0400] "GET /can-a-dog-dewormer-cure-cancer/ HTTP/1.1" 404 1251 "https://stannswarehouse.com/can-a-dog-dewormer-cure-cancer/" "Mozilla/5.0 (Windows NT 10.0; Win64; x64) AppleWebKit/537.36 (KHTML, like Gecko) Chrome/131.0.0.0 Safari/537.36 Avast/131.0.0.0"
65.109.189.6 - - [03/Apr/2025:16:36:47 -0400] "GET / HTTP/1.1" 200 156148 "https://stannswarehouse.com/" "Mozilla/5.0 (Windows NT 10.0; Win64; x64) AppleWebKit/537.36 (KHTML, like Gecko) Chrome/131.0.0.0 Safari/537.36 Avast/131.0.0.0"
85.208.98.31 - - [03/Apr/2025:16:38:07 -0400] "GET /the-benefits-of-buying-prescription-glasses-online/ HTTP/1.1" 404 1251 "-" "Mozilla/5.0 (compatible; SemrushBot-BA; +http://www.semrush.com/bot.html)"
2a02:598:96:8a00::1200:127 - - [03/Apr/2025:16:45:07 -0400] "GET /the-warm-embrace-of-underfloor-heating-pipes/ HTTP/1.1" 404 1251 "-" "Mozilla/5.0 (compatible; SeznamBot/4.0; +https://o-seznam.cz/napoveda/vyhledavani/en/seznambot-crawler/)"
2a02:598:96:8a00::1200:13d - - [03/Apr/2025:16:47:16 -0400] "GET /how-to-write-for-new-magazines-as-a-freelance-writer/ HTTP/1.1" 404 1251 "-" "Mozilla/5.0 (compatible; SeznamBot/4.0; +https://o-seznam.cz/napoveda/vyhledavani/en/seznambot-crawler/)"
137.226.113.44 - - [03/Apr/2025:16:49:14 -0400] "GET / HTTP/1.1" 200 156148 "-" "Mozilla/5.0 researchscan.comsys.rwth-aachen.de"
137.226.113.44 - - [03/Apr/2025:16:49:16 -0400] "GET / HTTP/1.1" 200 156148 "-" "Mozilla/5.0 researchscan.comsys.rwth-aachen.de"
2a02:598:96:8a00::1200:127 - - [03/Apr/2025:16:49:36 -0400] "GET /vyvanse-60-mg-capsule/ HTTP/1.1" 404 1251 "-" "Mozilla/5.0 (compatible; SeznamBot/4.0; +https://o-seznam.cz/napoveda/vyhledavani/en/seznambot-crawler/)"
2a02:598:96:8a00::1200:13d - - [03/Apr/2025:16:50:40 -0400] "GET /tips-to-find-the-best-smm-panel-2023/ HTTP/1.1" 404 1251 "-" "Mozilla/5.0 (compatible; SeznamBot/4.0; +https://o-seznam.cz/napoveda/vyhledavani/en/seznambot-crawler/)"
185.213.83.58 - - [03/Apr/2025:16:51:11 -0400] "POST /wp-login.php/wp-login.php HTTP/1.1" 200 1848 "-" "Mozilla"
198.54.114.83 - - [03/Apr/2025:16:51:20 -0400] "POST /wp-cron.php?doing_wp_cron=1743713478.0331480503082275390625 HTTP/1.1" 200 0 "-" "WordPress/6.7.2; https://stannswarehouse.com"
2a02:598:96:8a00::1200:127 - - [03/Apr/2025:16:53:06 -0400] "GET /how-does-tretinoin-for-collagen-work/ HTTP/1.1" 404 1251 "-" "Mozilla/5.0 (compatible; SeznamBot/4.0; +https://o-seznam.cz/napoveda/vyhledavani/en/seznambot-crawler/)"
89.116.182.49 - - [03/Apr/2025:16:54:03 -0400] "GET /the-power-of-part-time-employment/ HTTP/1.1" 404 1251 "-" "Mozilla/5.0 (Windows NT 10.0; Win64; x64) AppleWebKit/537.36 (KHTML, like Gecko) Chrome/62.0.3202.94 Safari/537.36"
2a02:598:96:8a00::1200:13d - - [03/Apr/2025:16:57:35 -0400] "GET /stan-james-listened-to-customers-by-giving-them-a-150-free-bet/ HTTP/1.1" 404 1251 "-" "Mozilla/5.0 (compatible; SeznamBot/4.0; +https://o-seznam.cz/napoveda/vyhledavani/en/seznambot-crawler/)"
2a02:598:96:8a00::1200:127 - - [03/Apr/2025:16:58:15 -0400] "GET /how-to-get-the-right-area-rug-for-your-home/ HTTP/1.1" 404 1251 "-" "Mozilla/5.0 (compatible; SeznamBot/4.0; +https://o-seznam.cz/napoveda/vyhledavani/en/seznambot-crawler/)"
2a02:598:96:8a00::1200:13d - - [03/Apr/2025:16:59:36 -0400] "GET /how-much-do-all-on-four-dental-implants-cost/ HTTP/1.1" 404 1251 "-" "Mozilla/5.0 (compatible; SeznamBot/4.0; +https://o-seznam.cz/napoveda/vyhledavani/en/seznambot-crawler/)"
185.245.106.236 - - [03/Apr/2025:16:59:49 -0400] "GET /all-you-need-to-know-regarding-cbd-oil/ HTTP/1.1" 404 1251 "https://stannswarehouse.com/all-you-need-to-know-regarding-cbd-oil/" "Mozilla/5.0 (Windows NT 6.3; Win64; x64) AppleWebKit/537.36 (KHTML, like Gecko) Chrome/103.0.0.0 Safari/537.36"
185.245.106.236 - - [03/Apr/2025:16:59:50 -0400] "GET / HTTP/1.1" 200 166316 "https://stannswarehouse.com/" "Mozilla/5.0 (Windows NT 6.3; Win64; x64) AppleWebKit/537.36 (KHTML, like Gecko) Chrome/103.0.0.0 Safari/537.36"
198.54.114.83 - - [03/Apr/2025:17:01:14 -0400] "POST /wp-cron.php?doing_wp_cron=1743714073.7067770957946777343750 HTTP/1.1" 200 0 "-" "WordPress/6.7.2; https://stannswarehouse.com"
159.242.234.191 - - [03/Apr/2025:17:01:08 -0400] "POST /wp-login.php HTTP/1.1" 200 1847 "-" "python-requests/2.28.2"
198.54.114.83 - - [03/Apr/2025:17:01:16 -0400] "POST /wp-admin/admin-ajax.php?action=async_litespeed&nonce=nAPkIfs2vBciUrpDWfvIdbh4Ae9z1n4u&litespeed_type=imgoptm HTTP/1.1" 200 0 "-" "WordPress/6.7.2; https://stannswarehouse.com"
2a02:598:96:8a00::1200:127 - - [03/Apr/2025:17:04:09 -0400] "GET /cbd-vape-pen-uk/ HTTP/1.1" 404 1251 "-" "Mozilla/5.0 (compatible; SeznamBot/4.0; +https://o-seznam.cz/napoveda/vyhledavani/en/seznambot-crawler/)"
2a02:598:96:8a00::1200:13d - - [03/Apr/2025:17:10:40 -0400] "GET /optimizing-athletic-performance-through-sports-nutrition/ HTTP/1.1" 404 1251 "-" "Mozilla/5.0 (compatible; SeznamBot/4.0; +https://o-seznam.cz/napoveda/vyhledavani/en/seznambot-crawler/)"
195.2.67.184 - - [03/Apr/2025:17:11:59 -0400] "GET /all-you-need-to-know-regarding-cbd-oil/ HTTP/1.1" 404 1251 "https://stannswarehouse.com/all-you-need-to-know-regarding-cbd-oil/#comment-28833/" "Mozilla/5.0 (Windows NT 10.0; Win64; x64) AppleWebKit/537.36 (KHTML, like Gecko) Chrome/129.0.0.0 Safari/537.36"
195.2.67.184 - - [03/Apr/2025:17:12:00 -0400] "GET / HTTP/1.1" 200 156148 "https://stannswarehouse.com/" "Mozilla/5.0 (Windows NT 10.0; Win64; x64) AppleWebKit/537.36 (KHTML, like Gecko) Chrome/129.0.0.0 Safari/537.36"
195.2.67.184 - - [03/Apr/2025:17:12:22 -0400] "GET /all-you-need-to-know-regarding-cbd-oil/ HTTP/1.1" 404 1251 "https://stannswarehouse.com/all-you-need-to-know-regarding-cbd-oil/#comment-28833/" "Mozilla/5.0 (Windows NT 10.0; Win64; x64) AppleWebKit/537.36 (KHTML, like Gecko) Chrome/131.0.0.0 Safari/537.36"
195.2.67.184 - - [03/Apr/2025:17:12:22 -0400] "GET / HTTP/1.1" 200 156148 "https://stannswarehouse.com/" "Mozilla/5.0 (Windows NT 10.0; Win64; x64) AppleWebKit/537.36 (KHTML, like Gecko) Chrome/131.0.0.0 Safari/537.36"
104.234.227.94 - - [03/Apr/2025:17:14:35 -0400] "GET /the-power-of-part-time-employment/ HTTP/1.1" 404 1251 "-" "Mozilla/5.0 (Windows NT 10.0; Win64; x64) AppleWebKit/537.36 (KHTML, like Gecko) Chrome/62.0.3202.94 Safari/537.36"
2600:1900:0:3d01::c00 - - [03/Apr/2025:17:19:08 -0400] "GET /robots.txt HTTP/1.1" 304 0 "-" "Mozilla/5.0 AppleWebKit/537.36 (KHTML, like Gecko; compatible; web_fetcher/1.0)"
2600:1900:0:3d01::c00 - - [03/Apr/2025:17:19:09 -0400] "GET /so-erleben-sie-den-gardasee HTTP/1.1" 404 1251 "-" "Mozilla/5.0 AppleWebKit/537.36 (KHTML, like Gecko; compatible; web_fetcher/1.0)"
66.249.68.39 - - [03/Apr/2025:17:20:14 -0400] "GET /wp-content/uploads/2023/02/az.jpg HTTP/1.1" 200 171738 "-" "Googlebot-Image/1.0"
66.249.68.39 - - [03/Apr/2025:17:20:49 -0400] "GET /maximizing-impact-with-link-shorteners/ HTTP/1.1" 404 1251 "-" "Mozilla/5.0 (Linux; Android 6.0.1; Nexus 5X Build/MMB29P) AppleWebKit/537.36 (KHTML, like Gecko) Chrome/134.0.6998.165 Mobile Safari/537.36 (compatible; Googlebot/2.1; +http://www.google.com/bot.html)"
2a02:598:96:8a00::1200:13d - - [03/Apr/2025:17:21:07 -0400] "GET /unveiling-the-thrills-of-online-casinos-a-modern-frontier-in-entertainment/ HTTP/1.1" 404 1251 "-" "Mozilla/5.0 (compatible; SeznamBot/4.0; +https://o-seznam.cz/napoveda/vyhledavani/en/seznambot-crawler/)"
2a02:598:96:8a00::1200:127 - - [03/Apr/2025:17:21:27 -0400] "GET /chausson-femme-original/ HTTP/1.1" 404 1251 "-" "Mozilla/5.0 (compatible; SeznamBot/4.0; +https://o-seznam.cz/napoveda/vyhledavani/en/seznambot-crawler/)"
198.54.114.83 - - [03/Apr/2025:17:24:27 -0400] "POST /wp-cron.php?doing_wp_cron=1743715466.7265110015869140625000 HTTP/1.1" 200 0 "-" "WordPress/6.7.2; https://stannswarehouse.com"
146.190.109.62 - - [03/Apr/2025:17:24:22 -0400] "POST /wp-login.php/wp-login.php HTTP/1.1" 200 1848 "-" "Mozilla"
198.54.114.83 - - [03/Apr/2025:17:24:27 -0400] "POST /wp-admin/admin-ajax.php?action=async_litespeed&nonce=gSK3VHYUD4Uj3GxRu1fXqycfI3bOU8Za&litespeed_type=imgoptm HTTP/1.1" 200 0 "-" "WordPress/6.7.2; https://stannswarehouse.com"
2a03:2880:f800:5:: - - [03/Apr/2025:17:27:08 -0400] "GET /paper-quilling-art/ HTTP/1.1" 404 1251 "-" "meta-externalagent/1.1 (+https://developers.facebook.com/docs/sharing/webmasters/crawler)"
2a02:598:96:8a00::1200:13d - - [03/Apr/2025:17:27:37 -0400] "GET /health-care-reporting-requirements-for-business/ HTTP/1.1" 404 1251 "-" "Mozilla/5.0 (compatible; SeznamBot/4.0; +https://o-seznam.cz/napoveda/vyhledavani/en/seznambot-crawler/)"
2a02:598:96:8a00::1200:127 - - [03/Apr/2025:17:28:28 -0400] "GET /heat-and-roof-proofing-system/ HTTP/1.1" 404 1251 "-" "Mozilla/5.0 (compatible; SeznamBot/4.0; +https://o-seznam.cz/napoveda/vyhledavani/en/seznambot-crawler/)"
2a02:598:96:8a00::1200:13d - - [03/Apr/2025:17:30:10 -0400] "GET /flathead-lake-tours-2/ HTTP/1.1" 404 1251 "-" "Mozilla/5.0 (compatible; SeznamBot/4.0; +https://o-seznam.cz/napoveda/vyhledavani/en/seznambot-crawler/)"
2a02:598:96:8a00::1200:127 - - [03/Apr/2025:17:31:17 -0400] "GET /womens-bamboo-socks/ HTTP/1.1" 404 1251 "-" "Mozilla/5.0 (compatible; SeznamBot/4.0; +https://o-seznam.cz/napoveda/vyhledavani/en/seznambot-crawler/)"
198.54.114.83 - - [03/Apr/2025:17:33:33 -0400] "POST /wp-admin/admin-ajax.php?action=async_litespeed&nonce=lCqhPeCoVdY6Nj2HUqlwi4ou59ydzflQ&litespeed_type=imgoptm HTTP/1.1" 200 0 "-" "WordPress/6.7.2; https://stannswarehouse.com"
172.177.130.232 - - [03/Apr/2025:17:33:48 -0400] "GET /wp-login.php?action=register HTTP/1.1" 302 0 "-" "-"
172.177.130.232 - - [03/Apr/2025:17:33:50 -0400] "GET /wp-login.php?registration=disabled HTTP/1.1" 200 1779 "-" "-"
172.177.130.232 - - [03/Apr/2025:17:34:13 -0400] "GET /wp-login.php HTTP/1.1" 200 1717 "-" "-"
172.177.130.232 - - [03/Apr/2025:17:34:18 -0400] "GET /wp-login.php?action=register HTTP/1.1" 302 0 "-" "-"
172.177.130.232 - - [03/Apr/2025:17:34:19 -0400] "GET /wp-login.php?registration=disabled HTTP/1.1" 200 1779 "-" "-"
2a02:598:96:8a00::1200:13d - - [03/Apr/2025:17:34:29 -0400] "GET /the-power-of-video-creation/ HTTP/1.1" 404 1251 "-" "Mozilla/5.0 (compatible; SeznamBot/4.0; +https://o-seznam.cz/napoveda/vyhledavani/en/seznambot-crawler/)"
172.177.130.232 - - [03/Apr/2025:17:34:41 -0400] "GET /wp-admin/user/about.php HTTP/1.1" 302 0 "-" "-"
172.177.130.232 - - [03/Apr/2025:17:34:41 -0400] "GET /wp-login.php?redirect_to=https%3A%2F%2Fstannswarehouse.com%2Fwp-admin%2Fuser%2Fabout.php&reauth=1 HTTP/1.1" 200 1731 "-" "-"
172.177.130.232 - - [03/Apr/2025:17:34:44 -0400] "GET /wp-admin/index.php HTTP/1.1" 302 0 "-" "-"
172.177.130.232 - - [03/Apr/2025:17:34:44 -0400] "GET /wp-login.php?redirect_to=https%3A%2F%2Fstannswarehouse.com%2Fwp-admin%2Findex.php&reauth=1 HTTP/1.1" 200 1724 "-" "-"
172.177.130.232 - - [03/Apr/2025:17:34:55 -0400] "GET /wp-admin/users.php HTTP/1.1" 302 0 "-" "-"
172.177.130.232 - - [03/Apr/2025:17:34:55 -0400] "GET /wp-login.php?redirect_to=https%3A%2F%2Fstannswarehouse.com%2Fwp-admin%2Fusers.php&reauth=1 HTTP/1.1" 200 1727 "-" "-"
198.54.114.83 - - [03/Apr/2025:17:34:56 -0400] "POST /wp-admin/admin-ajax.php?action=async_litespeed&nonce=13DwH2hZ7vsjpAL1c5Ned1h1f6rFdurt&litespeed_type=imgoptm HTTP/1.1" 200 5 "-" "WordPress/6.7.2; https://stannswarehouse.com"
172.177.130.232 - - [03/Apr/2025:17:35:11 -0400] "GET /wp-admin/network/index.php/.well-known/acme-challenge/admin.php HTTP/1.1" 302 0 "-" "-"
172.177.130.232 - - [03/Apr/2025:17:35:13 -0400] "GET /wp-login.php?redirect_to=https%3A%2F%2Fstannswarehouse.com%2Fwp-admin%2Fnetwork%2Findex.php%2F.well-known%2Facme-challenge%2Fadmin.php&reauth=1 HTTP/1.1" 200 1745 "-" "-"
172.177.130.232 - - [03/Apr/2025:17:35:34 -0400] "GET /wp-admin/about.php HTTP/1.1" 302 0 "-" "-"
198.54.114.83 - - [03/Apr/2025:17:35:34 -0400] "POST /wp-admin/admin-ajax.php?action=async_litespeed&nonce=aqiJggxmNlAkHwqE64DlLzXIDG15Pnee&litespeed_type=imgoptm HTTP/1.1" 200 5 "-" "WordPress/6.7.2; https://stannswarehouse.com"
172.177.130.232 - - [03/Apr/2025:17:35:34 -0400] "GET /wp-login.php?redirect_to=https%3A%2F%2Fstannswarehouse.com%2Fwp-admin%2Fabout.php&reauth=1 HTTP/1.1" 200 1728 "-" "-"
172.177.130.232 - - [03/Apr/2025:17:35:38 -0400] "GET /wp-admin/themes.php HTTP/1.1" 302 0 "-" "-"
172.177.130.232 - - [03/Apr/2025:17:35:38 -0400] "GET /wp-login.php?redirect_to=https%3A%2F%2Fstannswarehouse.com%2Fwp-admin%2Fthemes.php&reauth=1 HTTP/1.1" 200 1728 "-" "-"
172.177.130.232 - - [03/Apr/2025:17:35:39 -0400] "GET /wp-admin/user/index.php HTTP/1.1" 302 0 "-" "-"
172.177.130.232 - - [03/Apr/2025:17:35:39 -0400] "GET /wp-login.php?redirect_to=https%3A%2F%2Fstannswarehouse.com%2Fwp-admin%2Fuser%2Findex.php&reauth=1 HTTP/1.1" 200 1726 "-" "-"
58.254.68.93 - - [03/Apr/2025:17:36:25 -0400] "GET /barack-obama-slot-machine-critical-overview/ HTTP/1.1" 404 1251 "https://stannswarehouse.com" "Mozilla/5.0 (Windows NT 10.0; Win64; x64) AppleWebKit/537.36 (KHTML, like Gecko) Chrome/62.0.3202.94 Safari/537.36"
58.254.68.93 - - [03/Apr/2025:17:36:26 -0400] "GET /barack-obama-slot-machine-critical-overview/ HTTP/1.1" 404 1251 "https://stannswarehouse.com" "Mozilla/5.0 (Windows NT 10.0; Win64; x64) AppleWebKit/537.36 (KHTML, like Gecko) Chrome/62.0.3202.94 Safari/537.36"
58.254.68.93 - - [03/Apr/2025:17:36:27 -0400] "GET /barack-obama-slot-machine-critical-overview/ HTTP/1.1" 404 1251 "https://stannswarehouse.com" "Mozilla/5.0 (Windows NT 10.0; Win64; x64) AppleWebKit/537.36 (KHTML, like Gecko) Chrome/62.0.3202.94 Safari/537.36"
58.254.68.93 - - [03/Apr/2025:17:36:29 -0400] "GET /barack-obama-slot-machine-critical-overview/ HTTP/1.1" 404 1251 "https://stannswarehouse.com" "Mozilla/5.0 (Windows NT 10.0; Win64; x64) AppleWebKit/537.36 (KHTML, like Gecko) Chrome/62.0.3202.94 Safari/537.36"
2a02:598:96:8a00::1200:127 - - [03/Apr/2025:17:37:17 -0400] "GET /healing-frequency/ HTTP/1.1" 404 1251 "-" "Mozilla/5.0 (compatible; SeznamBot/4.0; +https://o-seznam.cz/napoveda/vyhledavani/en/seznambot-crawler/)"
2a02:598:96:8a00::1200:127 - - [03/Apr/2025:17:37:30 -0400] "GET /outdoor-forklift-rental-for-business-success/ HTTP/1.1" 404 1251 "-" "Mozilla/5.0 (compatible; SeznamBot/4.0; +https://o-seznam.cz/napoveda/vyhledavani/en/seznambot-crawler/)"
85.208.98.24 - - [03/Apr/2025:17:38:08 -0400] "GET /crazy-golf-hire/ HTTP/1.1" 404 1251 "-" "Mozilla/5.0 (compatible; SemrushBot-BA; +http://www.semrush.com/bot.html)"
77.105.136.89 - - [03/Apr/2025:17:52:16 -0400] "POST /wp-login.php HTTP/1.1" 200 0 "https://stannswarehouse.com/wp-login.php" "Mozilla/5.0 (Windows NT 10.0; Win64; x64) AppleWebKit/537.36 (KHTML, like Gecko) Chrome/123.0.0.0 Safari/537.36"
52.167.144.236 - - [03/Apr/2025:17:53:48 -0400] "GET /choosing-the-best-cbd-for-dog-anxiety/ HTTP/1.1" 404 1251 "-" "Mozilla/5.0 AppleWebKit/537.36 (KHTML, like Gecko; compatible; bingbot/2.0; +http://www.bing.com/bingbot.htm) Chrome/116.0.1938.76 Safari/537.36"
47.79.108.127 - - [03/Apr/2025:18:01:07 -0400] "GET / HTTP/1.1" 200 156148 "https://www.google.com/" "Mozilla/5.0 (Windows NT 10.0; Win64; x64) AppleWebKit/537.36 (KHTML, like Gecko) Chrome/132.0.0.0 Safari/537.36"
111.249.140.125 - - [03/Apr/2025:18:03:35 -0400] "GET /how-to-avoid-dangerous-patterns-of-gambling-in-poker/ HTTP/1.1" 404 1251 "-" "Mozilla/5.0 (Windows NT 10.0; Win64; x64) AppleWebKit/537.36 (KHTML, like Gecko) Chrome/114.0.0.0 Safari/537.36"
17.241.219.251 - - [03/Apr/2025:18:12:42 -0400] "GET /erfolgreiche-verhandlungen-im-einkauf-ein-leitfaden-fur-verhandlungstraining/ HTTP/1.1" 404 1251 "-" "Mozilla/5.0 (Macintosh; Intel Mac OS X 10_15_7) AppleWebKit/605.1.15 (KHTML, like Gecko) Version/17.4 Safari/605.1.15 (Applebot/0.1; +http://www.apple.com/go/applebot)"
18.97.9.96 - - [03/Apr/2025:18:23:43 -0400] "GET /the-ultimate-guide-to-iptv-subscriptions HTTP/1.1" 404 1251 "-" "Mozilla/5.0 AppleWebKit/537.36 (KHTML, like Gecko; compatible; PerplexityBot/1.0; +https://perplexity.ai/perplexitybot)"
17.241.219.106 - - [03/Apr/2025:18:30:13 -0400] "GET /mould-remediation-london/ HTTP/1.1" 404 1251 "-" "Mozilla/5.0 (Macintosh; Intel Mac OS X 10_15_7) AppleWebKit/605.1.15 (KHTML, like Gecko) Version/17.4 Safari/605.1.15 (Applebot/0.1; +http://www.apple.com/go/applebot)"
198.54.114.83 - - [03/Apr/2025:18:32:20 -0400] "POST /wp-cron.php?doing_wp_cron=1743719540.5281989574432373046875 HTTP/1.1" 200 0 "-" "WordPress/6.7.2; https://stannswarehouse.com"
2604:a880:4:1d0::77b8:3000 - - [03/Apr/2025:18:32:18 -0400] "POST /wp-login.php HTTP/1.1" 200 1843 "https://stannswarehouse.com/wp-admin/" "Mozilla/5.0 (Windows NT 10.0; Win64; x64) AppleWebKit/537.36 (KHTML, like Gecko) Chrome/90.0.4430.85 Safari/537.36"
198.54.114.83 - - [03/Apr/2025:18:32:21 -0400] "POST /wp-admin/admin-ajax.php?action=async_litespeed&nonce=RpDql1zu954AszWTWDQQ6vzw7UZ3QANG&litespeed_type=imgoptm HTTP/1.1" 200 5 "-" "WordPress/6.7.2; https://stannswarehouse.com"
13.74.81.12 - - [03/Apr/2025:18:34:00 -0400] "GET /wp-login.php HTTP/1.1" 200 1717 "-" "-"
198.54.114.83 - - [03/Apr/2025:18:34:00 -0400] "POST /wp-admin/admin-ajax.php?action=async_litespeed&nonce=zACo8eW6Z1a4wshALVbMUiiw6HlL96EK&litespeed_type=imgoptm HTTP/1.1" 200 5 "-" "WordPress/6.7.2; https://stannswarehouse.com"
13.74.81.12 - - [03/Apr/2025:18:34:03 -0400] "GET /wp-login.php?action=register HTTP/1.1" 302 0 "-" "-"
13.74.81.12 - - [03/Apr/2025:18:34:04 -0400] "GET /wp-login.php?registration=disabled HTTP/1.1" 200 1779 "-" "-"
13.74.81.12 - - [03/Apr/2025:18:34:09 -0400] "GET /wp-admin/user/about.php HTTP/1.1" 302 0 "-" "-"
13.74.81.12 - - [03/Apr/2025:18:34:10 -0400] "GET /wp-login.php?redirect_to=https%3A%2F%2Fstannswarehouse.com%2Fwp-admin%2Fuser%2Fabout.php&reauth=1 HTTP/1.1" 200 1731 "-" "-"
13.74.81.12 - - [03/Apr/2025:18:34:13 -0400] "GET /wp-admin/network/index.php HTTP/1.1" 302 0 "-" "-"
13.74.81.12 - - [03/Apr/2025:18:34:14 -0400] "GET /wp-login.php?redirect_to=https%3A%2F%2Fstannswarehouse.com%2Fwp-admin%2Fnetwork%2Findex.php&reauth=1 HTTP/1.1" 200 1723 "-" "-"
198.54.114.83 - - [03/Apr/2025:18:34:37 -0400] "POST /wp-admin/admin-ajax.php?action=async_litespeed&nonce=MJjrIwL6sQD9Df2bV1nwmlbrUQp1fBlo&litespeed_type=imgoptm HTTP/1.1" 200 5 "-" "WordPress/6.7.2; https://stannswarehouse.com"
13.74.81.12 - - [03/Apr/2025:18:34:40 -0400] "GET /wp-login.php?action=register HTTP/1.1" 302 0 "-" "-"
13.74.81.12 - - [03/Apr/2025:18:34:40 -0400] "GET /wp-login.php?registration=disabled HTTP/1.1" 200 1779 "-" "-"
13.67.169.181 - - [03/Apr/2025:18:41:01 -0400] "GET /wp-admin/network/index.php HTTP/1.1" 302 0 "-" "-"
198.54.114.83 - - [03/Apr/2025:18:41:01 -0400] "POST /wp-admin/admin-ajax.php?action=async_litespeed&nonce=601jJXdxByRzmOxjGzflO2YQML1yRmR7&litespeed_type=imgoptm HTTP/1.1" 200 0 "-" "WordPress/6.7.2; https://stannswarehouse.com"
13.67.169.181 - - [03/Apr/2025:18:41:02 -0400] "GET /wp-login.php?redirect_to=https%3A%2F%2Fwww.stannswarehouse.com%2Fwp-admin%2Fnetwork%2Findex.php&reauth=1 HTTP/1.1" 200 1730 "-" "-"
13.67.169.181 - - [03/Apr/2025:18:41:38 -0400] "GET /wp-admin/ HTTP/1.1" 302 0 "-" "-"
198.54.114.83 - - [03/Apr/2025:18:41:39 -0400] "POST /wp-admin/admin-ajax.php?action=async_litespeed&nonce=vKSgPV2DdVvdvE15hvxWBOi684GAY5Pj&litespeed_type=imgoptm HTTP/1.1" 200 0 "-" "WordPress/6.7.2; https://stannswarehouse.com"
13.67.169.181 - - [03/Apr/2025:18:41:39 -0400] "GET /wp-login.php?redirect_to=https%3A%2F%2Fstannswarehouse.com%2Fwp-admin%2F&reauth=1 HTTP/1.1" 200 1717 "-" "-"
13.67.169.181 - - [03/Apr/2025:18:41:43 -0400] "GET /wp-login.php?action=register HTTP/1.1" 302 0 "-" "-"
13.67.169.181 - - [03/Apr/2025:18:41:43 -0400] "GET /wp-login.php?registration=disabled HTTP/1.1" 200 1779 "-" "-"
13.67.169.181 - - [03/Apr/2025:18:41:48 -0400] "GET /wp-login.php?action=register HTTP/1.1" 302 0 "-" "-"
13.67.169.181 - - [03/Apr/2025:18:41:48 -0400] "GET /wp-login.php?registration=disabled HTTP/1.1" 200 1779 "-" "-"
66.249.68.39 - - [03/Apr/2025:18:45:21 -0400] "GET /category/contact-us/ HTTP/1.1" 404 1251 "-" "Mozilla/5.0 (Linux; Android 6.0.1; Nexus 5X Build/MMB29P) AppleWebKit/537.36 (KHTML, like Gecko) Chrome/134.0.6998.165 Mobile Safari/537.36 (compatible; Googlebot/2.1; +http://www.google.com/bot.html)"
66.249.68.39 - - [03/Apr/2025:18:45:21 -0400] "GET /robots.txt HTTP/1.1" 200 23 "-" "Mozilla/5.0 (compatible; Googlebot/2.1; +http://www.google.com/bot.html)"
111.225.149.121 - - [03/Apr/2025:18:53:04 -0400] "GET /page/3/ HTTP/1.1" 404 1251 "-" "Mozilla/5.0 (Linux; Android 5.0) AppleWebKit/537.36 (KHTML, like Gecko) Mobile Safari/537.36 (compatible; Bytespider; https://zhanzhang.toutiao.com/)"
77.238.235.209 - - [03/Apr/2025:18:56:53 -0400] "GET /all-you-need-to-know-regarding-cbd-oil/ HTTP/1.1" 404 1251 "https://stannswarehouse.com/all-you-need-to-know-regarding-cbd-oil/" "Mozilla/5.0 (Windows NT 10.0; Win64; x64) AppleWebKit/537.36 (KHTML, like Gecko) Chrome/131.0.0.0 Safari/537.36"
77.238.235.209 - - [03/Apr/2025:18:56:54 -0400] "GET / HTTP/1.1" 200 156148 "https://stannswarehouse.com/" "Mozilla/5.0 (Windows NT 10.0; Win64; x64) AppleWebKit/537.36 (KHTML, like Gecko) Chrome/131.0.0.0 Safari/537.36"
66.249.68.33 - - [03/Apr/2025:19:07:51 -0400] "GET /review-of-the-woom-off-air-kids-mountain-bike/ HTTP/1.1" 404 1251 "-" "Mozilla/5.0 (Linux; Android 6.0.1; Nexus 5X Build/MMB29P) AppleWebKit/537.36 (KHTML, like Gecko) Chrome/134.0.6998.165 Mobile Safari/537.36 (compatible; Googlebot/2.1; +http://www.google.com/bot.html)"
198.54.114.83 - - [03/Apr/2025:19:13:07 -0400] "POST /wp-cron.php?doing_wp_cron=1743721986.9536530971527099609375 HTTP/1.1" 200 0 "-" "WordPress/6.7.2; https://stannswarehouse.com"
180.241.191.237 - - [03/Apr/2025:19:13:02 -0400] "POST /wp-login.php HTTP/1.1" 200 1843 "https://www.google.com/" "Mozilla/5.0 (Windows NT 10.0; Win64; x64) AppleWebKit/537.36 (KHTML, like Gecko) Chrome/121.0.0.0 Safari/537.36"
198.54.114.83 - - [03/Apr/2025:19:13:08 -0400] "POST /wp-admin/admin-ajax.php?action=async_litespeed&nonce=rqxbouSjvvuFbNVZoycJzSlpDrwO1VOR&litespeed_type=imgoptm HTTP/1.1" 200 0 "-" "WordPress/6.7.2; https://stannswarehouse.com"
17.241.219.19 - - [03/Apr/2025:19:15:44 -0400] "GET /exploring-the-world-of-online-lottery-games/ HTTP/1.1" 404 1251 "-" "Mozilla/5.0 (Macintosh; Intel Mac OS X 10_15_7) AppleWebKit/605.1.15 (KHTML, like Gecko) Version/17.4 Safari/605.1.15 (Applebot/0.1; +http://www.apple.com/go/applebot)"
121.229.156.88 - - [03/Apr/2025:19:16:10 -0400] "GET / HTTP/1.1" 200 156148 "-" "Sogou web spider/4.0(+http://www.sogou.com/docs/help/webmasters.htm#07)"
54.86.177.224 - - [03/Apr/2025:19:17:13 -0400] "GET /revolutionizing-marketing-the-power-of-ai-in-modern-strategies/ HTTP/1.1" 404 1251 "-" "Grammarly/1.0 (http://www.grammarly.com)"
45.76.16.214 - - [03/Apr/2025:19:20:17 -0400] "GET /what-is-sports-rehab HTTP/1.1" 404 1251 "https://stannswarehouse.com" "Mozilla/5.0 (Windows NT 10.0; Win64; x64) AppleWebKit/537.36 (KHTML, like Gecko) Chrome/62.0.3202.94 Safari/537.36"
45.76.16.214 - - [03/Apr/2025:19:20:17 -0400] "GET /what-is-sports-rehab HTTP/1.1" 404 1251 "https://stannswarehouse.com" "Mozilla/5.0 (Windows NT 10.0; Win64; x64) AppleWebKit/537.36 (KHTML, like Gecko) Chrome/62.0.3202.94 Safari/537.36"
45.76.16.214 - - [03/Apr/2025:19:20:18 -0400] "GET /what-is-sports-rehab HTTP/1.1" 404 1251 "https://stannswarehouse.com" "Mozilla/5.0 (Windows NT 10.0; Win64; x64) AppleWebKit/537.36 (KHTML, like Gecko) Chrome/62.0.3202.94 Safari/537.36"
45.76.16.214 - - [03/Apr/2025:19:20:18 -0400] "GET /what-is-sports-rehab HTTP/1.1" 404 1251 "https://stannswarehouse.com" "Mozilla/5.0 (Windows NT 10.0; Win64; x64) AppleWebKit/537.36 (KHTML, like Gecko) Chrome/62.0.3202.94 Safari/537.36"
188.166.234.225 - - [03/Apr/2025:19:22:39 -0400] "GET /wp-login.php HTTP/1.1" 200 1717 "-" "python-requests/2.31.0"
188.166.234.225 - - [03/Apr/2025:19:22:40 -0400] "GET /wp-login.php HTTP/1.1" 200 1717 "-" "python-requests/2.31.0"
198.54.114.83 - - [03/Apr/2025:19:22:44 -0400] "POST /wp-cron.php?doing_wp_cron=1743722563.6914598941802978515625 HTTP/1.1" 200 0 "-" "WordPress/6.7.2; https://stannswarehouse.com"
188.166.234.225 - - [03/Apr/2025:19:22:40 -0400] "POST /wp-login.php HTTP/1.1" 200 1843 "-" "python-requests/2.31.0"
198.54.114.83 - - [03/Apr/2025:19:22:44 -0400] "POST /wp-admin/admin-ajax.php?action=async_litespeed&nonce=seqgg35xXcrvZ1eHDuTkDp3HlOJ9vSHg&litespeed_type=imgoptm HTTP/1.1" 200 5 "-" "WordPress/6.7.2; https://stannswarehouse.com"
40.77.167.184 - - [03/Apr/2025:19:32:26 -0400] "GET /robots.txt HTTP/1.1" 304 0 "-" "Mozilla/5.0 AppleWebKit/537.36 (KHTML, like Gecko; compatible; bingbot/2.0; +http://www.bing.com/bingbot.htm) Chrome/116.0.1938.76 Safari/537.36"
52.165.164.170 - - [03/Apr/2025:19:32:36 -0400] "GET /wp-admin/network/index.php HTTP/1.1" 302 0 "-" "-"
157.55.39.15 - - [03/Apr/2025:19:32:36 -0400] "GET /gerer-les-urgences-dentaires-a-geneve-un-guide-pour-des-soins-rapides/feed/ HTTP/1.1" 404 1251 "-" "Mozilla/5.0 AppleWebKit/537.36 (KHTML, like Gecko; compatible; bingbot/2.0; +http://www.bing.com/bingbot.htm) Chrome/116.0.1938.76 Safari/537.36"
