58.254.68.93 - - [01/Apr/2025:03:04:24 -0400] "GET /unveiling-the-world-of-satta-king-a-comprehensive-guide/ HTTP/1.1" 404 1251 "https://stannswarehouse.com" "Mozilla/5.0 (Windows NT 10.0; Win64; x64) AppleWebKit/537.36 (KHTML, like Gecko) Chrome/62.0.3202.94 Safari/537.36"
58.254.68.93 - - [01/Apr/2025:03:04:31 -0400] "GET /unveiling-the-world-of-satta-king-a-comprehensive-guide/ HTTP/1.1" 404 1251 "https://stannswarehouse.com" "Mozilla/5.0 (Windows NT 10.0; Win64; x64) AppleWebKit/537.36 (KHTML, like Gecko) Chrome/62.0.3202.94 Safari/537.36"
45.90.196.75 - - [01/Apr/2025:03:08:20 -0400] "GET /all-you-need-to-know-regarding-cbd-oil/ HTTP/1.1" 404 1251 "https://stannswarehouse.com/all-you-need-to-know-regarding-cbd-oil/#comment-28833/" "Mozilla/5.0 (Windows NT 10.0; Win64; x64) AppleWebKit/537.36 (KHTML, like Gecko) Chrome/131.0.0.0 Safari/537.36"
45.90.196.75 - - [01/Apr/2025:03:08:22 -0400] "GET / HTTP/1.1" 200 156148 "https://stannswarehouse.com/" "Mozilla/5.0 (Windows NT 10.0; Win64; x64) AppleWebKit/537.36 (KHTML, like Gecko) Chrome/131.0.0.0 Safari/537.36"
2a02:598:96:8a00::1200:127 - - [01/Apr/2025:03:08:27 -0400] "GET /how-to-maintain-your-rv-air-conditioner/ HTTP/1.1" 404 1251 "-" "Mozilla/5.0 (compatible; SeznamBot/4.0; +https://o-seznam.cz/napoveda/vyhledavani/en/seznambot-crawler/)"
2a02:598:96:8a00::1200:13d - - [01/Apr/2025:03:11:27 -0400] "GET /steps-to-finding-dependable-online-casinos/ HTTP/1.1" 404 1251 "-" "Mozilla/5.0 (compatible; SeznamBot/4.0; +https://o-seznam.cz/napoveda/vyhledavani/en/seznambot-crawler/)"
58.254.68.93 - - [01/Apr/2025:03:17:44 -0400] "GET /unveiling-the-world-of-satta-king-a-comprehensive-guide/ HTTP/1.1" 404 1251 "https://stannswarehouse.com" "Mozilla/5.0 (Windows NT 10.0; Win64; x64) AppleWebKit/537.36 (KHTML, like Gecko) Chrome/62.0.3202.94 Safari/537.36"
58.254.68.93 - - [01/Apr/2025:03:17:45 -0400] "GET /unveiling-the-world-of-satta-king-a-comprehensive-guide/ HTTP/1.1" 404 1251 "https://stannswarehouse.com" "Mozilla/5.0 (Windows NT 10.0; Win64; x64) AppleWebKit/537.36 (KHTML, like Gecko) Chrome/62.0.3202.94 Safari/537.36"
58.254.68.93 - - [01/Apr/2025:03:17:53 -0400] "GET /unveiling-the-world-of-satta-king-a-comprehensive-guide/ HTTP/1.1" 404 1251 "https://stannswarehouse.com" "Mozilla/5.0 (Windows NT 10.0; Win64; x64) AppleWebKit/537.36 (KHTML, like Gecko) Chrome/62.0.3202.94 Safari/537.36"
58.254.68.93 - - [01/Apr/2025:03:17:58 -0400] "GET /unveiling-the-world-of-satta-king-a-comprehensive-guide/ HTTP/1.1" 404 1251 "https://stannswarehouse.com" "Mozilla/5.0 (Windows NT 10.0; Win64; x64) AppleWebKit/537.36 (KHTML, like Gecko) Chrome/62.0.3202.94 Safari/537.36"
91.142.73.116 - - [01/Apr/2025:03:18:51 -0400] "GET /all-you-need-to-know-regarding-cbd-oil/ HTTP/1.1" 404 1251 "https://stannswarehouse.com/all-you-need-to-know-regarding-cbd-oil/#comment-16243/" "Mozilla/5.0 (Windows NT 10.0; Win64; x64) AppleWebKit/537.36 (KHTML, like Gecko) Chrome/130.0.0.0 Safari/537.36"
91.142.73.116 - - [01/Apr/2025:03:18:51 -0400] "GET / HTTP/1.1" 200 156148 "https://stannswarehouse.com/" "Mozilla/5.0 (Windows NT 10.0; Win64; x64) AppleWebKit/537.36 (KHTML, like Gecko) Chrome/130.0.0.0 Safari/537.36"
195.2.67.184 - - [01/Apr/2025:03:19:10 -0400] "GET /all-you-need-to-know-regarding-cbd-oil/ HTTP/1.1" 404 1251 "https://stannswarehouse.com/all-you-need-to-know-regarding-cbd-oil/#comment-28833/" "Mozilla/5.0 (Windows NT 10.0; Win64; x64) AppleWebKit/537.36 (KHTML, like Gecko) Chrome/131.0.0.0 Safari/537.36"
195.2.67.184 - - [01/Apr/2025:03:19:11 -0400] "GET /all-you-need-to-know-regarding-cbd-oil/ HTTP/1.1" 404 1251 "https://stannswarehouse.com/all-you-need-to-know-regarding-cbd-oil/#comment-28833/" "Mozilla/5.0 (Windows NT 10.0; Win64; x64) AppleWebKit/537.36 (KHTML, like Gecko) Chrome/131.0.0.0 Safari/537.36"
195.2.67.184 - - [01/Apr/2025:03:19:11 -0400] "GET /all-you-need-to-know-regarding-cbd-oil/ HTTP/1.1" 404 1251 "https://stannswarehouse.com/all-you-need-to-know-regarding-cbd-oil/#comment-28833/" "Mozilla/5.0 (Windows NT 10.0; Win64; x64) AppleWebKit/537.36 (KHTML, like Gecko) Chrome/129.0.0.0 Safari/537.36"
195.2.67.184 - - [01/Apr/2025:03:19:12 -0400] "GET / HTTP/1.1" 200 156148 "https://stannswarehouse.com/" "Mozilla/5.0 (Windows NT 10.0; Win64; x64) AppleWebKit/537.36 (KHTML, like Gecko) Chrome/129.0.0.0 Safari/537.36"
195.2.67.184 - - [01/Apr/2025:03:19:13 -0400] "GET / HTTP/1.1" 200 156148 "https://stannswarehouse.com/" "Mozilla/5.0 (Windows NT 10.0; Win64; x64) AppleWebKit/537.36 (KHTML, like Gecko) Chrome/131.0.0.0 Safari/537.36"
195.2.67.184 - - [01/Apr/2025:03:19:13 -0400] "GET / HTTP/1.1" 200 156148 "https://stannswarehouse.com/" "Mozilla/5.0 (Windows NT 10.0; Win64; x64) AppleWebKit/537.36 (KHTML, like Gecko) Chrome/131.0.0.0 Safari/537.36"
2a02:598:96:8a00::1200:13d - - [01/Apr/2025:03:26:00 -0400] "GET /the-complexities-of-instagram-likes/ HTTP/1.1" 404 1251 "-" "Mozilla/5.0 (compatible; SeznamBot/4.0; +https://o-seznam.cz/napoveda/vyhledavani/en/seznambot-crawler/)"
185.7.214.64 - - [01/Apr/2025:03:26:08 -0400] "GET /wp-login.php HTTP/1.1" 200 1716 "-" "Mozilla/5.0 (Macintosh; Intel Mac OS X 10_15_7) AppleWebKit/537.36 (KHTML, like Gecko) Chrome/120.0.0.0 Safari/537.36"
198.54.114.83 - - [01/Apr/2025:03:26:15 -0400] "POST /wp-cron.php?doing_wp_cron=1743492375.4054191112518310546875 HTTP/1.1" 200 0 "-" "WordPress/6.7.2; https://stannswarehouse.com"
185.7.214.64 - - [01/Apr/2025:03:26:10 -0400] "GET /wp-login.php?wp_lang=en_US HTTP/1.1" 200 1717 "-" "Mozilla/5.0 (Windows NT 10.0; Win64; x64) AppleWebKit/537.36 (KHTML, like Gecko) Chrome/110.0.0.0 Safari/537.36"
60.240.208.251 - - [01/Apr/2025:03:26:19 -0400] "GET / HTTP/1.1" 200 156148 "-" "Mozilla/5.0 (Windows NT 10.0; Win64; x64) AppleWebKit/537.36 (KHTML, like Gecko) Chrome/100.0.4896.75 Safari/537.36"
198.54.114.83 - - [01/Apr/2025:03:26:21 -0400] "POST /wp-admin/admin-ajax.php?action=async_litespeed&nonce=e8yulJgUKofDvtuAuigGyIVVj08JS7a6&litespeed_type=imgoptm HTTP/1.1" 200 0 "-" "WordPress/6.7.2; https://stannswarehouse.com"
198.54.114.83 - - [01/Apr/2025:03:26:23 -0400] "POST /wp-cron.php?doing_wp_cron=1743492382.4212229251861572265625 HTTP/1.1" 200 0 "-" "WordPress/6.7.2; https://stannswarehouse.com"
185.7.214.64 - - [01/Apr/2025:03:26:21 -0400] "POST /wp-login.php?wp_lang=en_US HTTP/1.1" 200 1843 "-" "Mozilla/5.0 (Windows NT 10.0; Win64; x64) AppleWebKit/537.36 (KHTML, like Gecko) Chrome/110.0.0.0 Safari/537.36"
87.121.75.83 - - [01/Apr/2025:03:26:23 -0400] "GET /wp-login.php?wp_lang=en_US HTTP/1.1" 200 1717 "-" "Mozilla/5.0 (iPhone; CPU iPhone OS 17_2 like Mac OS X) AppleWebKit/605.1.15 (KHTML, like Gecko) Version/17.2 Mobile/15E148 Safari/604.1"
198.54.114.83 - - [01/Apr/2025:03:26:23 -0400] "POST /wp-admin/admin-ajax.php?action=async_litespeed&nonce=acqfIMOWc9UYkcVx5LvnLxYrPT88RWD3&litespeed_type=imgoptm HTTP/1.1" 200 0 "-" "WordPress/6.7.2; https://stannswarehouse.com"
1.121.186.209 - - [01/Apr/2025:03:26:30 -0400] "POST /wp-login.php?wp_lang=en_US HTTP/1.1" 302 0 "-" "Mozilla/5.0 (iPhone; CPU iPhone OS 17_2 like Mac OS X) AppleWebKit/605.1.15 (KHTML, like Gecko) Version/17.2 Mobile/15E148 Safari/604.1"
58.254.68.93 - - [01/Apr/2025:03:26:32 -0400] "GET /unveiling-the-world-of-satta-king-a-comprehensive-guide/ HTTP/1.1" 404 1251 "https://stannswarehouse.com" "Mozilla/5.0 (Windows NT 10.0; Win64; x64) AppleWebKit/537.36 (KHTML, like Gecko) Chrome/62.0.3202.94 Safari/537.36"
198.54.114.83 - - [01/Apr/2025:03:26:32 -0400] "POST /wp-cron.php?doing_wp_cron=1743492392.2526109218597412109375 HTTP/1.1" 200 0 "-" "WordPress/6.7.2; https://stannswarehouse.com"
58.254.68.93 - - [01/Apr/2025:03:26:34 -0400] "GET /unveiling-the-world-of-satta-king-a-comprehensive-guide/ HTTP/1.1" 404 1251 "https://stannswarehouse.com" "Mozilla/5.0 (Windows NT 10.0; Win64; x64) AppleWebKit/537.36 (KHTML, like Gecko) Chrome/62.0.3202.94 Safari/537.36"
1.121.186.209 - - [01/Apr/2025:03:26:31 -0400] "GET /wp-admin/ HTTP/1.1" 200 34781 "-" "Mozilla/5.0 (iPhone; CPU iPhone OS 17_2 like Mac OS X) AppleWebKit/605.1.15 (KHTML, like Gecko) Version/17.2 Mobile/15E148 Safari/604.1"
58.254.68.93 - - [01/Apr/2025:03:26:41 -0400] "GET /unveiling-the-world-of-satta-king-a-comprehensive-guide/ HTTP/1.1" 404 1251 "https://stannswarehouse.com" "Mozilla/5.0 (Windows NT 10.0; Win64; x64) AppleWebKit/537.36 (KHTML, like Gecko) Chrome/62.0.3202.94 Safari/537.36"
87.121.75.83 - - [01/Apr/2025:03:26:38 -0400] "GET /wp-admin/theme-editor.php HTTP/1.1" 200 57950 "-" "Mozilla/5.0 (Macintosh; Intel Mac OS X 10_15_7) AppleWebKit/605.1.15 (KHTML, like Gecko) Version/17.0 Safari/605.1.15"
87.121.75.83 - - [01/Apr/2025:03:26:43 -0400] "GET /wp-admin/plugins.php HTTP/1.1" 403 965 "-" "Mozilla/5.0 (Macintosh; Intel Mac OS X 10_15_7) AppleWebKit/605.1.15 (KHTML, like Gecko) Version/15.5 Safari/605.1.15"
58.254.68.93 - - [01/Apr/2025:03:26:48 -0400] "GET /unveiling-the-world-of-satta-king-a-comprehensive-guide/ HTTP/1.1" 404 1251 "https://stannswarehouse.com" "Mozilla/5.0 (Windows NT 10.0; Win64; x64) AppleWebKit/537.36 (KHTML, like Gecko) Chrome/62.0.3202.94 Safari/537.36"
220.244.135.207 - - [01/Apr/2025:03:26:49 -0400] "GET /wp-admin/theme-editor.php?file=inc%2Fcustomizer%2Fcore%2Ffunctions.php&theme=colormag HTTP/1.1" 200 37182 "-" "Mozilla/5.0 (Macintosh; Intel Mac OS X 10_15_7) AppleWebKit/537.36 (KHTML, like Gecko) Chrome/119.0.0.0 Safari/537.36"
198.54.114.83 - - [01/Apr/2025:03:26:55 -0400] "GET /wp-admin/theme-editor.php?theme=colormag&file=inc%2Fcustomizer%2Fcore%2Ffunctions.php&wp_scrape_key=3c50bb3234463da241acec7d8b87151e&wp_scrape_nonce=1150485730 HTTP/1.1" 200 38709 "-" "WordPress/6.7.2; https://stannswarehouse.com"
198.54.114.83 - - [01/Apr/2025:03:26:57 -0400] "GET /?wp_scrape_key=3c50bb3234463da241acec7d8b87151e&wp_scrape_nonce=1150485730 HTTP/1.1" 200 156148 "-" "WordPress/6.7.2; https://stannswarehouse.com"
1.121.186.209 - - [01/Apr/2025:03:26:53 -0400] "POST /wp-admin/admin-ajax.php HTTP/1.1" 200 256 "https://stannswarehouse.com/wp-admin/theme-editor.php?file=inc%2Fcustomizer%2Fcore%2Ffunctions.php&theme=colormag" "Mozilla/5.0 (Macintosh; Intel Mac OS X 10_15_7) AppleWebKit/537.36 (KHTML, like Gecko) Chrome/119.0.0.0 Safari/537.36"
220.244.135.207 - - [01/Apr/2025:03:26:58 -0400] "GET /wp-admin/theme-editor.php?file=inc%2Felementor%2Felementor-functions.php&theme=colormag HTTP/1.1" 200 38523 "-" "Mozilla/5.0 (Windows NT 10.0; Win64; x64) AppleWebKit/537.36 (KHTML, like Gecko) Chrome/99.0.4844.51 Safari/537.36 Edg/99.0.1150.30"
198.54.114.83 - - [01/Apr/2025:03:27:04 -0400] "GET /wp-admin/theme-editor.php?theme=colormag&file=inc%2Felementor%2Felementor-functions.php&wp_scrape_key=4b12faaa5f1d6e413676ee729e3c8ab8&wp_scrape_nonce=936148430 HTTP/1.1" 200 39893 "-" "WordPress/6.7.2; https://stannswarehouse.com"
198.54.114.83 - - [01/Apr/2025:03:27:06 -0400] "GET /?wp_scrape_key=4b12faaa5f1d6e413676ee729e3c8ab8&wp_scrape_nonce=936148430 HTTP/1.1" 200 156148 "-" "WordPress/6.7.2; https://stannswarehouse.com"
1.121.186.209 - - [01/Apr/2025:03:27:02 -0400] "POST /wp-admin/admin-ajax.php HTTP/1.1" 200 256 "https://stannswarehouse.com/wp-admin/theme-editor.php?file=inc%2Felementor%2Felementor-functions.php&theme=colormag" "Mozilla/5.0 (Windows NT 10.0; Win64; x64) AppleWebKit/537.36 (KHTML, like Gecko) Chrome/99.0.4844.51 Safari/537.36 Edg/99.0.1150.30"
220.244.135.207 - - [01/Apr/2025:03:27:08 -0400] "GET /wp-admin/theme-editor.php?file=functions.php&theme=colormag HTTP/1.1" 200 43866 "-" "Mozilla/5.0 (Windows NT 10.0; Win64; x64) AppleWebKit/537.36 (KHTML, like Gecko) Chrome/116.0.0.0 Safari/537.36"
198.54.114.83 - - [01/Apr/2025:03:27:14 -0400] "GET /wp-admin/theme-editor.php?theme=colormag&file=functions.php&wp_scrape_key=4c199088737c83a46b22db028c0fa46f&wp_scrape_nonce=974709792 HTTP/1.1" 200 44093 "-" "WordPress/6.7.2; https://stannswarehouse.com"
198.54.114.83 - - [01/Apr/2025:03:27:17 -0400] "GET /?wp_scrape_key=4c199088737c83a46b22db028c0fa46f&wp_scrape_nonce=974709792 HTTP/1.1" 200 156148 "-" "WordPress/6.7.2; https://stannswarehouse.com"
1.121.186.209 - - [01/Apr/2025:03:27:13 -0400] "POST /wp-admin/admin-ajax.php HTTP/1.1" 200 256 "https://stannswarehouse.com/wp-admin/theme-editor.php?file=functions.php&theme=colormag" "Mozilla/5.0 (Windows NT 10.0; Win64; x64) AppleWebKit/537.36 (KHTML, like Gecko) Chrome/116.0.0.0 Safari/537.36"
220.244.135.207 - - [01/Apr/2025:03:27:20 -0400] "GET /wp-admin/theme-editor.php?file=template-parts%2Fhooks%2Fhook-functions.php&theme=colormag HTTP/1.1" 200 37042 "-" "Mozilla/5.0 (Macintosh; Intel Mac OS X 10_15_7) AppleWebKit/537.36 (KHTML, like Gecko) Chrome/119.0.0.0 Safari/537.36"
198.54.114.83 - - [01/Apr/2025:03:27:26 -0400] "GET /wp-admin/theme-editor.php?theme=colormag&file=template-parts%2Fhooks%2Fhook-functions.php&wp_scrape_key=26f41f5c35aa6bd0684fd2fc9bee8e36&wp_scrape_nonce=1690669437 HTTP/1.1" 200 38169 "-" "WordPress/6.7.2; https://stannswarehouse.com"
198.54.114.83 - - [01/Apr/2025:03:27:29 -0400] "GET /?wp_scrape_key=26f41f5c35aa6bd0684fd2fc9bee8e36&wp_scrape_nonce=1690669437 HTTP/1.1" 200 156148 "-" "WordPress/6.7.2; https://stannswarehouse.com"
1.121.186.209 - - [01/Apr/2025:03:27:25 -0400] "POST /wp-admin/admin-ajax.php HTTP/1.1" 200 256 "https://stannswarehouse.com/wp-admin/theme-editor.php?file=template-parts%2Fhooks%2Fhook-functions.php&theme=colormag" "Mozilla/5.0 (Macintosh; Intel Mac OS X 10_15_7) AppleWebKit/537.36 (KHTML, like Gecko) Chrome/119.0.0.0 Safari/537.36"
124.170.162.61 - - [01/Apr/2025:03:27:35 -0400] "GET /wp-admin/theme-editor.php?file=inc%2Fhelper-functions.php&theme=colormag HTTP/1.1" 200 38776 "-" "Mozilla/5.0 (Macintosh; Intel Mac OS X 10_15_7) AppleWebKit/605.1.15 (KHTML, like Gecko) Version/15.3 Safari/605.1.15"
198.54.114.83 - - [01/Apr/2025:03:28:55 -0400] "POST /wp-cron.php?doing_wp_cron=1743492535.5588810443878173828125 HTTP/1.1" 200 0 "-" "WordPress/6.7.2; https://stannswarehouse.com"
220.244.135.207 - - [01/Apr/2025:03:28:55 -0400] "GET /wp-admin/theme-editor.php?file=inc%2Fhelper-functions.php&theme=colormag HTTP/1.1" 200 38684 "-" "Mozilla/5.0 (Windows NT 10.0; Win64; x64) AppleWebKit/537.36 (KHTML, like Gecko) Chrome/100.0.4896.75 Safari/537.36"
198.54.114.83 - - [01/Apr/2025:03:29:01 -0400] "POST /wp-admin/admin-ajax.php?action=async_litespeed&nonce=i88t5eXZCPac0tppitfcweiPlJE1TC1P&litespeed_type=imgoptm HTTP/1.1" 200 5 "-" "WordPress/6.7.2; https://stannswarehouse.com"
198.54.114.83 - - [01/Apr/2025:03:29:00 -0400] "GET /wp-admin/theme-editor.php?theme=colormag&file=inc%2Fhelper-functions.php&wp_scrape_key=af54959f4b9b17121c9aa4275cdf7d80&wp_scrape_nonce=1692210122 HTTP/1.1" 200 39124 "-" "WordPress/6.7.2; https://stannswarehouse.com"
198.54.114.83 - - [01/Apr/2025:03:29:02 -0400] "GET /?wp_scrape_key=af54959f4b9b17121c9aa4275cdf7d80&wp_scrape_nonce=1692210122 HTTP/1.1" 200 156148 "-" "WordPress/6.7.2; https://stannswarehouse.com"
1.121.186.209 - - [01/Apr/2025:03:28:59 -0400] "POST /wp-admin/admin-ajax.php HTTP/1.1" 200 256 "https://stannswarehouse.com/wp-admin/theme-editor.php?file=inc%2Fhelper-functions.php&theme=colormag" "Mozilla/5.0 (Windows NT 10.0; Win64; x64) AppleWebKit/537.36 (KHTML, like Gecko) Chrome/100.0.4896.75 Safari/537.36"
174.137.50.30 - - [01/Apr/2025:03:29:07 -0400] "GET / HTTP/1.1" 200 156148 "-" "Mozilla/5.0 (compatible; Googlebot/2.1; +http://www.google.com/bot.html)"
198.54.114.83 - - [01/Apr/2025:03:29:41 -0400] "POST /wp-cron.php?doing_wp_cron=1743492581.4016959667205810546875 HTTP/1.1" 200 0 "-" "WordPress/6.7.2; https://stannswarehouse.com"
198.54.114.83 - - [01/Apr/2025:03:29:41 -0400] "POST /wp-admin/admin-ajax.php?action=async_litespeed&nonce=X6pJQosQW37hWxuZNiYcKcQaxRZGRedy&litespeed_type=imgoptm HTTP/1.1" 200 5 "-" "WordPress/6.7.2; https://stannswarehouse.com"
198.54.114.83 - - [01/Apr/2025:03:29:42 -0400] "GET /wp-admin/theme-editor.php?theme=colormag&file=inc%2Fhelper-functions.php&wp_scrape_key=c2298aaee93c02ae1ec6e3a42b9e1c0b&wp_scrape_nonce=842954894 HTTP/1.1" 200 38999 "-" "WordPress/6.7.2; https://stannswarehouse.com"
198.54.114.83 - - [01/Apr/2025:03:29:44 -0400] "GET /?wp_scrape_key=c2298aaee93c02ae1ec6e3a42b9e1c0b&wp_scrape_nonce=842954894 HTTP/1.1" 200 156148 "-" "WordPress/6.7.2; https://stannswarehouse.com"
1.121.186.209 - - [01/Apr/2025:03:29:41 -0400] "POST /wp-admin/admin-ajax.php HTTP/1.1" 200 256 "https://stannswarehouse.com/wp-admin/theme-editor.php?file=inc%2Fhelper-functions.php&theme=colormag" "Mozilla/5.0 (Windows NT 10.0; Win64; x64) AppleWebKit/537.36 (KHTML, like Gecko) Chrome/100.0.4896.75 Safari/537.36"
220.244.135.207 - - [01/Apr/2025:03:29:45 -0400] "GET /wp-admin/theme-editor.php?file=inc%2Fdeprecated%2Fdeprecated-functions.php&theme=colormag HTTP/1.1" 200 38017 "-" "Mozilla/5.0 (Macintosh; Intel Mac OS X 10_15_7) AppleWebKit/537.36 (KHTML, like Gecko) Chrome/119.0.0.0 Safari/537.36"
198.54.114.83 - - [01/Apr/2025:03:30:11 -0400] "POST /wp-cron.php?doing_wp_cron=1743492611.6556189060211181640625 HTTP/1.1" 200 0 "-" "WordPress/6.7.2; https://stannswarehouse.com"
198.54.114.83 - - [01/Apr/2025:03:30:13 -0400] "GET /wp-admin/theme-editor.php?theme=colormag&file=inc%2Fdeprecated%2Fdeprecated-functions.php&wp_scrape_key=680849996318352ad8395e2d9a20fa48&wp_scrape_nonce=612519749 HTTP/1.1" 200 39335 "-" "WordPress/6.7.2; https://stannswarehouse.com"
198.54.114.83 - - [01/Apr/2025:03:30:19 -0400] "GET /?wp_scrape_key=680849996318352ad8395e2d9a20fa48&wp_scrape_nonce=612519749 HTTP/1.1" 200 156148 "-" "WordPress/6.7.2; https://stannswarehouse.com"
1.121.186.209 - - [01/Apr/2025:03:30:11 -0400] "POST /wp-admin/admin-ajax.php HTTP/1.1" 200 256 "https://stannswarehouse.com/wp-admin/theme-editor.php?file=inc%2Fdeprecated%2Fdeprecated-functions.php&theme=colormag" "Mozilla/5.0 (Macintosh; Intel Mac OS X 10_15_7) AppleWebKit/537.36 (KHTML, like Gecko) Chrome/119.0.0.0 Safari/537.36"
198.54.114.83 - - [01/Apr/2025:03:30:28 -0400] "POST /wp-cron.php?doing_wp_cron=1743492628.1819169521331787109375 HTTP/1.1" 200 0 "-" "WordPress/6.7.2; https://stannswarehouse.com"
198.54.114.83 - - [01/Apr/2025:03:30:28 -0400] "POST /wp-admin/admin-ajax.php?action=async_litespeed&nonce=2h9Ta0aB5MHwA0SSzSLghASqRvv5g5tO&litespeed_type=imgoptm HTTP/1.1" 200 5 "-" "WordPress/6.7.2; https://stannswarehouse.com"
220.244.135.207 - - [01/Apr/2025:03:30:27 -0400] "GET /wp-admin/theme-editor.php?file=inc%2Fcompatibility%2Felementor%2Felementor-functions.php&theme=colormag HTTP/1.1" 200 38672 "-" "Mozilla/5.0 (Windows NT 10.0; Win64; x64) AppleWebKit/537.36 (KHTML, like Gecko) Chrome/116.0.0.0 Safari/537.36"
198.54.114.83 - - [01/Apr/2025:03:31:04 -0400] "POST /wp-cron.php?doing_wp_cron=1743492663.8835830688476562500000 HTTP/1.1" 200 0 "-" "WordPress/6.7.2; https://stannswarehouse.com"
198.54.114.83 - - [01/Apr/2025:03:31:06 -0400] "GET /wp-admin/theme-editor.php?theme=colormag&file=inc%2Fcompatibility%2Felementor%2Felementor-functions.php&wp_scrape_key=8553d3d2fa83ebe6e11ca04a5db1779d&wp_scrape_nonce=105855853 HTTP/1.1" 200 39920 "-" "WordPress/6.7.2; https://stannswarehouse.com"
198.54.114.83 - - [01/Apr/2025:03:31:11 -0400] "GET /?wp_scrape_key=8553d3d2fa83ebe6e11ca04a5db1779d&wp_scrape_nonce=105855853 HTTP/1.1" 200 156148 "-" "WordPress/6.7.2; https://stannswarehouse.com"
1.121.186.209 - - [01/Apr/2025:03:31:01 -0400] "POST /wp-admin/admin-ajax.php HTTP/1.1" 200 256 "https://stannswarehouse.com/wp-admin/theme-editor.php?file=inc%2Fcompatibility%2Felementor%2Felementor-functions.php&theme=colormag" "Mozilla/5.0 (Windows NT 10.0; Win64; x64) AppleWebKit/537.36 (KHTML, like Gecko) Chrome/116.0.0.0 Safari/537.36"
220.244.135.207 - - [01/Apr/2025:03:31:20 -0400] "GET /wp-admin/theme-editor.php?file=inc%2Ftemplate-functions.php&theme=colormag HTTP/1.1" 200 41641 "-" "Mozilla/5.0 (Macintosh; Intel Mac OS X 10_15_7) AppleWebKit/537.36 (KHTML, like Gecko) Chrome/119.0.0.0 Safari/537.36"
198.54.114.83 - - [01/Apr/2025:03:31:25 -0400] "POST /wp-cron.php?doing_wp_cron=1743492685.4942419528961181640625 HTTP/1.1" 200 0 "-" "WordPress/6.7.2; https://stannswarehouse.com"
198.54.114.83 - - [01/Apr/2025:03:31:26 -0400] "POST /wp-admin/admin-ajax.php?action=async_litespeed&nonce=EBzt9uee3rZkrDJe6VcFMKgPd1fpu4aM&litespeed_type=imgoptm HTTP/1.1" 200 5 "-" "WordPress/6.7.2; https://stannswarehouse.com"
198.54.114.83 - - [01/Apr/2025:03:31:27 -0400] "GET /wp-admin/theme-editor.php?theme=colormag&file=inc%2Ftemplate-functions.php&wp_scrape_key=6c8f8667bb7a2cc9acc8e09e8bd83491&wp_scrape_nonce=1613177328 HTTP/1.1" 200 42814 "-" "WordPress/6.7.2; https://stannswarehouse.com"
198.54.114.83 - - [01/Apr/2025:03:31:29 -0400] "GET /?wp_scrape_key=6c8f8667bb7a2cc9acc8e09e8bd83491&wp_scrape_nonce=1613177328 HTTP/1.1" 200 156148 "-" "WordPress/6.7.2; https://stannswarehouse.com"
1.121.186.209 - - [01/Apr/2025:03:31:24 -0400] "POST /wp-admin/admin-ajax.php HTTP/1.1" 200 256 "https://stannswarehouse.com/wp-admin/theme-editor.php?file=inc%2Ftemplate-functions.php&theme=colormag" "Mozilla/5.0 (Macintosh; Intel Mac OS X 10_15_7) AppleWebKit/537.36 (KHTML, like Gecko) Chrome/119.0.0.0 Safari/537.36"
220.244.135.207 - - [01/Apr/2025:03:31:33 -0400] "GET /wp-admin/theme-editor.php?file=inc%2Fcompatibility%2Felementor%2Fwidgets%2Fcolormag-elementor-widgets-grid-5.php&theme=colormag HTTP/1.1" 200 37993 "-" "Mozilla/5.0 (Windows NT 10.0; Win64; x64) AppleWebKit/537.36 (KHTML, like Gecko) Chrome/99.0.4844.51 Safari/537.36 Edg/99.0.1150.30"
198.54.114.83 - - [01/Apr/2025:03:31:37 -0400] "GET /wp-admin/theme-editor.php?theme=colormag&file=inc%2Fcompatibility%2Felementor%2Fwidgets%2Fcolormag-elementor-widgets-grid-5.php&wp_scrape_key=a71a9d2d1f16505e9f4b702ca730703b&wp_scrape_nonce=1266827159 HTTP/1.1" 200 39244 "-" "WordPress/6.7.2; https://stannswarehouse.com"
198.54.114.83 - - [01/Apr/2025:03:31:39 -0400] "GET /?wp_scrape_key=a71a9d2d1f16505e9f4b702ca730703b&wp_scrape_nonce=1266827159 HTTP/1.1" 200 156148 "-" "WordPress/6.7.2; https://stannswarehouse.com"
1.121.186.209 - - [01/Apr/2025:03:31:36 -0400] "POST /wp-admin/admin-ajax.php HTTP/1.1" 200 256 "https://stannswarehouse.com/wp-admin/theme-editor.php?file=inc%2Fcompatibility%2Felementor%2Fwidgets%2Fcolormag-elementor-widgets-grid-5.php&theme=colormag" "Mozilla/5.0 (Windows NT 10.0; Win64; x64) AppleWebKit/537.36 (KHTML, like Gecko) Chrome/99.0.4844.51 Safari/537.36 Edg/99.0.1150.30"
58.254.68.93 - - [01/Apr/2025:03:31:41 -0400] "GET /unveiling-the-world-of-satta-king-a-comprehensive-guide/ HTTP/1.1" 404 1251 "https://stannswarehouse.com" "Mozilla/5.0 (Windows NT 10.0; Win64; x64) AppleWebKit/537.36 (KHTML, like Gecko) Chrome/62.0.3202.94 Safari/537.36"
220.244.135.207 - - [01/Apr/2025:03:31:40 -0400] "GET /wp-admin/theme-editor.php?file=no-results.php&theme=colormag HTTP/1.1" 200 37567 "-" "Mozilla/5.0 (Windows NT 10.0; Win64; x64) AppleWebKit/537.36 (KHTML, like Gecko) Chrome/100.0.4896.75 Safari/537.36"
58.254.68.93 - - [01/Apr/2025:03:31:45 -0400] "GET /unveiling-the-world-of-satta-king-a-comprehensive-guide/ HTTP/1.1" 404 1251 "https://stannswarehouse.com" "Mozilla/5.0 (Windows NT 10.0; Win64; x64) AppleWebKit/537.36 (KHTML, like Gecko) Chrome/62.0.3202.94 Safari/537.36"
198.54.114.83 - - [01/Apr/2025:03:31:45 -0400] "GET /wp-admin/theme-editor.php?theme=colormag&file=no-results.php&wp_scrape_key=a97493ebafd89a6993637fdde0c5c103&wp_scrape_nonce=960829893 HTTP/1.1" 200 38933 "-" "WordPress/6.7.2; https://stannswarehouse.com"
198.54.114.83 - - [01/Apr/2025:03:31:48 -0400] "GET /?wp_scrape_key=a97493ebafd89a6993637fdde0c5c103&wp_scrape_nonce=960829893 HTTP/1.1" 200 156148 "-" "WordPress/6.7.2; https://stannswarehouse.com"
1.121.186.209 - - [01/Apr/2025:03:31:44 -0400] "POST /wp-admin/admin-ajax.php HTTP/1.1" 200 256 "https://stannswarehouse.com/wp-admin/theme-editor.php?file=no-results.php&theme=colormag" "Mozilla/5.0 (Windows NT 10.0; Win64; x64) AppleWebKit/537.36 (KHTML, like Gecko) Chrome/100.0.4896.75 Safari/537.36"
58.254.68.93 - - [01/Apr/2025:03:31:49 -0400] "GET /unveiling-the-world-of-satta-king-a-comprehensive-guide/ HTTP/1.1" 404 1251 "https://stannswarehouse.com" "Mozilla/5.0 (Windows NT 10.0; Win64; x64) AppleWebKit/537.36 (KHTML, like Gecko) Chrome/62.0.3202.94 Safari/537.36"
220.244.135.207 - - [01/Apr/2025:03:31:49 -0400] "GET /wp-admin/theme-editor.php?file=inc%2Fcustomizer%2Fclass-colormag-customizer-upsell-button.php&theme=colormag HTTP/1.1" 200 37367 "-" "Mozilla/5.0 (Windows NT 10.0; Win64; x64) AppleWebKit/537.36 (KHTML, like Gecko) Chrome/107.0.0.0 Safari/537.36"
198.54.114.83 - - [01/Apr/2025:03:31:54 -0400] "POST /wp-cron.php?doing_wp_cron=1743492714.0138280391693115234375 HTTP/1.1" 200 0 "-" "WordPress/6.7.2; https://stannswarehouse.com"
198.54.114.83 - - [01/Apr/2025:03:31:55 -0400] "GET /wp-admin/theme-editor.php?theme=colormag&file=inc%2Fcustomizer%2Fclass-colormag-customizer-upsell-button.php&wp_scrape_key=df6ff9be72f95f1f29e74ccd7f005b0e&wp_scrape_nonce=1327988831 HTTP/1.1" 200 38875 "-" "WordPress/6.7.2; https://stannswarehouse.com"
198.54.114.83 - - [01/Apr/2025:03:31:56 -0400] "GET /?wp_scrape_key=df6ff9be72f95f1f29e74ccd7f005b0e&wp_scrape_nonce=1327988831 HTTP/1.1" 200 156148 "-" "WordPress/6.7.2; https://stannswarehouse.com"
1.121.186.209 - - [01/Apr/2025:03:31:53 -0400] "POST /wp-admin/admin-ajax.php HTTP/1.1" 200 256 "https://stannswarehouse.com/wp-admin/theme-editor.php?file=inc%2Fcustomizer%2Fclass-colormag-customizer-upsell-button.php&theme=colormag" "Mozilla/5.0 (Windows NT 10.0; Win64; x64) AppleWebKit/537.36 (KHTML, like Gecko) Chrome/107.0.0.0 Safari/537.36"
58.254.68.93 - - [01/Apr/2025:03:31:59 -0400] "GET /unveiling-the-world-of-satta-king-a-comprehensive-guide/ HTTP/1.1" 404 1251 "https://stannswarehouse.com" "Mozilla/5.0 (Windows NT 10.0; Win64; x64) AppleWebKit/537.36 (KHTML, like Gecko) Chrome/62.0.3202.94 Safari/537.36"
220.244.135.207 - - [01/Apr/2025:03:31:57 -0400] "GET /wp-admin/theme-editor.php?file=inc%2Fmigration%2Fclass-colormag-migration.php&theme=colormag HTTP/1.1" 200 39562 "-" "Mozilla/5.0 (Windows NT 10.0; Win64; x64) AppleWebKit/537.36 (KHTML, like Gecko) Chrome/116.0.0.0 Safari/537.36"
198.54.114.83 - - [01/Apr/2025:03:32:03 -0400] "GET /wp-admin/theme-editor.php?theme=colormag&file=inc%2Fmigration%2Fclass-colormag-migration.php&wp_scrape_key=1fadf2821e03fd248dfd169826b8ff03&wp_scrape_nonce=1335406194 HTTP/1.1" 200 40886 "-" "WordPress/6.7.2; https://stannswarehouse.com"
198.54.114.83 - - [01/Apr/2025:03:32:05 -0400] "GET /?wp_scrape_key=1fadf2821e03fd248dfd169826b8ff03&wp_scrape_nonce=1335406194 HTTP/1.1" 200 156148 "-" "WordPress/6.7.2; https://stannswarehouse.com"
1.121.186.209 - - [01/Apr/2025:03:32:01 -0400] "POST /wp-admin/admin-ajax.php HTTP/1.1" 200 256 "https://stannswarehouse.com/wp-admin/theme-editor.php?file=inc%2Fmigration%2Fclass-colormag-migration.php&theme=colormag" "Mozilla/5.0 (Windows NT 10.0; Win64; x64) AppleWebKit/537.36 (KHTML, like Gecko) Chrome/116.0.0.0 Safari/537.36"
220.244.135.207 - - [01/Apr/2025:03:32:06 -0400] "GET /wp-admin/theme-editor.php?file=inc%2Fcolormag-wp-query.php&theme=colormag HTTP/1.1" 200 38133 "-" "Mozilla/5.0 (Windows NT 10.0; Win64; x64) AppleWebKit/537.36 (KHTML, like Gecko) Chrome/101.0.4951.67 Safari/537.36"
198.54.114.83 - - [01/Apr/2025:03:32:11 -0400] "GET /wp-admin/theme-editor.php?theme=colormag&file=inc%2Fcolormag-wp-query.php&wp_scrape_key=cb4f5ad54c5ec3d96884a67fba45d490&wp_scrape_nonce=1372026010 HTTP/1.1" 200 39381 "-" "WordPress/6.7.2; https://stannswarehouse.com"
175.193.103.204 - - [01/Apr/2025:03:32:12 -0400] "GET /exploring-the-magic-of-rainbow-riches-casinos/ HTTP/1.1" 404 1251 "https://stannswarehouse.com/exploring-the-magic-of-rainbow-riches-casinos/#comment-27796" "Mozilla/5.0 (Windows NT 6.1; Win64; x64) AppleWebKit/537.36 (KHTML, like Gecko) Chrome/103.0.5060.114 Safari/537.36"
198.54.114.83 - - [01/Apr/2025:03:32:12 -0400] "GET /?wp_scrape_key=cb4f5ad54c5ec3d96884a67fba45d490&wp_scrape_nonce=1372026010 HTTP/1.1" 200 156148 "-" "WordPress/6.7.2; https://stannswarehouse.com"
1.121.186.209 - - [01/Apr/2025:03:32:09 -0400] "POST /wp-admin/admin-ajax.php HTTP/1.1" 200 256 "https://stannswarehouse.com/wp-admin/theme-editor.php?file=inc%2Fcolormag-wp-query.php&theme=colormag" "Mozilla/5.0 (Windows NT 10.0; Win64; x64) AppleWebKit/537.36 (KHTML, like Gecko) Chrome/101.0.4951.67 Safari/537.36"
175.193.103.204 - - [01/Apr/2025:03:32:13 -0400] "GET /steroids-thailand-top-quality-pharma-grade-steroids-from-global-brand-with-third-party-lab-testing/ HTTP/1.1" 404 1251 "https://stannswarehouse.com/steroids-thailand-top-quality-pharma-grade-steroids-from-global-brand-with-third-party-lab-testing/#comment-27844" "Mozilla/5.0 (Windows NT 10.0; WOW64) AppleWebKit/537.36 (KHTML, like Gecko) Chrome/103.0.0.0 Safari/537.36"
175.193.103.204 - - [01/Apr/2025:03:32:13 -0400] "GET /steroids-thailand-top-quality-pharma-grade-steroids-from-global-brand-with-third-party-lab-testing/ HTTP/1.1" 404 1251 "https://stannswarehouse.com/steroids-thailand-top-quality-pharma-grade-steroids-from-global-brand-with-third-party-lab-testing/#comment-28682" "Mozilla/5.0 (Windows NT 6.3; Win64; x64) AppleWebKit/537.36 (KHTML, like Gecko) Chrome/103.0.5060.53 Safari/537.36"
175.193.103.204 - - [01/Apr/2025:03:32:13 -0400] "GET / HTTP/1.1" 200 156148 "https://stannswarehouse.com/" "Mozilla/5.0 (Windows NT 6.1; Win64; x64) AppleWebKit/537.36 (KHTML, like Gecko) Chrome/103.0.5060.114 Safari/537.36"
175.193.103.204 - - [01/Apr/2025:03:32:14 -0400] "GET / HTTP/1.1" 200 156148 "https://stannswarehouse.com/" "Mozilla/5.0 (Windows NT 10.0; WOW64) AppleWebKit/537.36 (KHTML, like Gecko) Chrome/103.0.0.0 Safari/537.36"
175.193.103.204 - - [01/Apr/2025:03:32:14 -0400] "GET / HTTP/1.1" 200 156148 "https://stannswarehouse.com/" "Mozilla/5.0 (Windows NT 6.3; Win64; x64) AppleWebKit/537.36 (KHTML, like Gecko) Chrome/103.0.5060.53 Safari/537.36"
220.244.135.207 - - [01/Apr/2025:03:32:13 -0400] "GET /wp-admin/theme-editor.php?file=inc%2Fcustomizer%2Foptions%2Fheader%2Fclass-colormag-customize-header-top-bar-options.php&theme=colormag HTTP/1.1" 200 38158 "-" "Mozilla/5.0 (Windows NT 10.0; Win64; x64) AppleWebKit/537.36 (KHTML, like Gecko) Chrome/110.0.0.0 Safari/537.36"
198.54.114.83 - - [01/Apr/2025:03:32:17 -0400] "GET /wp-admin/theme-editor.php?theme=colormag&file=inc%2Fcustomizer%2Foptions%2Fheader%2Fclass-colormag-customize-header-top-bar-options.php&wp_scrape_key=f3fa13801b38812f9812384635eb6e69&wp_scrape_nonce=691319869 HTTP/1.1" 200 39383 "-" "WordPress/6.7.2; https://stannswarehouse.com"
198.54.114.83 - - [01/Apr/2025:03:32:19 -0400] "GET /?wp_scrape_key=f3fa13801b38812f9812384635eb6e69&wp_scrape_nonce=691319869 HTTP/1.1" 200 156148 "-" "WordPress/6.7.2; https://stannswarehouse.com"
1.121.186.209 - - [01/Apr/2025:03:32:16 -0400] "POST /wp-admin/admin-ajax.php HTTP/1.1" 200 256 "https://stannswarehouse.com/wp-admin/theme-editor.php?file=inc%2Fcustomizer%2Foptions%2Fheader%2Fclass-colormag-customize-header-top-bar-options.php&theme=colormag" "Mozilla/5.0 (Windows NT 10.0; Win64; x64) AppleWebKit/537.36 (KHTML, like Gecko) Chrome/110.0.0.0 Safari/537.36"
198.54.114.83 - - [01/Apr/2025:03:32:22 -0400] "POST /wp-cron.php?doing_wp_cron=1743492742.7158019542694091796875 HTTP/1.1" 200 0 "-" "WordPress/6.7.2; https://stannswarehouse.com"
198.54.114.83 - - [01/Apr/2025:03:32:23 -0400] "POST /wp-admin/admin-ajax.php?action=async_litespeed&nonce=Em4n0n3uCGxJagxrwByB6HqXBvuxV2K2&litespeed_type=imgoptm HTTP/1.1" 200 5 "-" "WordPress/6.7.2; https://stannswarehouse.com"
120.156.14.55 - - [01/Apr/2025:03:32:22 -0400] "GET /wp-admin/theme-editor.php?file=inc%2Fcustomizer%2Fcore%2Fcustom-controls%2Fheading%2Fclass-colormag-heading-control.php&theme=colormag HTTP/1.1" 200 37668 "-" "Mozilla/5.0 (Macintosh; Intel Mac OS X 10_15_7) AppleWebKit/605.1.15 (KHTML, like Gecko) Version/15.3 Safari/605.1.15"
198.54.114.83 - - [01/Apr/2025:03:32:27 -0400] "GET /wp-admin/theme-editor.php?theme=colormag&file=inc%2Fcustomizer%2Fcore%2Fcustom-controls%2Fheading%2Fclass-colormag-heading-control.php&wp_scrape_key=3181ac8b876007b544b9406446c9d249&wp_scrape_nonce=1549927210 HTTP/1.1" 200 38864 "-" "WordPress/6.7.2; https://stannswarehouse.com"
198.54.114.83 - - [01/Apr/2025:03:32:31 -0400] "GET /?wp_scrape_key=3181ac8b876007b544b9406446c9d249&wp_scrape_nonce=1549927210 HTTP/1.1" 200 156148 "-" "WordPress/6.7.2; https://stannswarehouse.com"
1.121.186.209 - - [01/Apr/2025:03:32:25 -0400] "POST /wp-admin/admin-ajax.php HTTP/1.1" 200 256 "https://stannswarehouse.com/wp-admin/theme-editor.php?file=inc%2Fcustomizer%2Fcore%2Fcustom-controls%2Fheading%2Fclass-colormag-heading-control.php&theme=colormag" "Mozilla/5.0 (Macintosh; Intel Mac OS X 10_15_7) AppleWebKit/605.1.15 (KHTML, like Gecko) Version/15.3 Safari/605.1.15"
198.54.114.83 - - [01/Apr/2025:03:32:52 -0400] "POST /wp-cron.php?doing_wp_cron=1743492772.1732649803161621093750 HTTP/1.1" 200 0 "-" "WordPress/6.7.2; https://stannswarehouse.com"
220.244.135.207 - - [01/Apr/2025:03:32:51 -0400] "GET /wp-admin/theme-editor.php?file=sidebar-two.php&theme=colormag HTTP/1.1" 200 37326 "-" "Mozilla/5.0 (Linux; Android 12; Pixel 6) AppleWebKit/537.36 (KHTML, like Gecko) Chrome/99.0.4844.58 Mobile Safari/537.36"
198.54.114.83 - - [01/Apr/2025:03:32:57 -0400] "GET /wp-admin/theme-editor.php?theme=colormag&file=sidebar-two.php&wp_scrape_key=302be5bdad16ce3079c8b2cce3e8e9df&wp_scrape_nonce=2037942406 HTTP/1.1" 200 38586 "-" "WordPress/6.7.2; https://stannswarehouse.com"
198.54.114.83 - - [01/Apr/2025:03:32:59 -0400] "GET /?wp_scrape_key=302be5bdad16ce3079c8b2cce3e8e9df&wp_scrape_nonce=2037942406 HTTP/1.1" 200 156148 "-" "WordPress/6.7.2; https://stannswarehouse.com"
1.121.186.209 - - [01/Apr/2025:03:32:56 -0400] "POST /wp-admin/admin-ajax.php HTTP/1.1" 200 256 "https://stannswarehouse.com/wp-admin/theme-editor.php?file=sidebar-two.php&theme=colormag" "Mozilla/5.0 (Linux; Android 12; Pixel 6) AppleWebKit/537.36 (KHTML, like Gecko) Chrome/99.0.4844.58 Mobile Safari/537.36"
220.244.135.207 - - [01/Apr/2025:03:33:00 -0400] "GET /wp-admin/theme-editor.php?file=content-page.php&theme=colormag HTTP/1.1" 200 37577 "-" "Mozilla/5.0 (Macintosh; Intel Mac OS X 10_15_7) AppleWebKit/537.36 (KHTML, like Gecko) Chrome/119.0.0.0 Safari/537.36"
198.54.114.83 - - [01/Apr/2025:03:33:05 -0400] "GET /wp-admin/theme-editor.php?theme=colormag&file=content-page.php&wp_scrape_key=328823bc75b86b7829f1c13a3aaacb6d&wp_scrape_nonce=1418852695 HTTP/1.1" 200 38917 "-" "WordPress/6.7.2; https://stannswarehouse.com"
198.54.114.83 - - [01/Apr/2025:03:33:07 -0400] "GET /?wp_scrape_key=328823bc75b86b7829f1c13a3aaacb6d&wp_scrape_nonce=1418852695 HTTP/1.1" 200 156148 "-" "WordPress/6.7.2; https://stannswarehouse.com"
1.121.186.209 - - [01/Apr/2025:03:33:04 -0400] "POST /wp-admin/admin-ajax.php HTTP/1.1" 200 256 "https://stannswarehouse.com/wp-admin/theme-editor.php?file=content-page.php&theme=colormag" "Mozilla/5.0 (Macintosh; Intel Mac OS X 10_15_7) AppleWebKit/537.36 (KHTML, like Gecko) Chrome/119.0.0.0 Safari/537.36"
220.244.135.207 - - [01/Apr/2025:03:33:08 -0400] "GET /wp-admin/theme-editor.php?file=inc%2Fcustomizer%2Fcore%2Fcustom-controls%2Fradio-image%2Fclass-colormag-radio-image-control.php&theme=colormag HTTP/1.1" 200 38021 "-" "Mozilla/5.0 (Windows NT 10.0; Win64; x64) AppleWebKit/537.36 (KHTML, like Gecko) Chrome/110.0.0.0 Safari/537.36"
198.54.114.83 - - [01/Apr/2025:03:33:17 -0400] "GET /wp-admin/theme-editor.php?theme=colormag&file=inc%2Fcustomizer%2Fcore%2Fcustom-controls%2Fradio-image%2Fclass-colormag-radio-image-control.php&wp_scrape_key=25adecbb4e97baeb791b69b24fe68c5d&wp_scrape_nonce=116673483 HTTP/1.1" 200 39379 "-" "WordPress/6.7.2; https://stannswarehouse.com"
198.54.114.83 - - [01/Apr/2025:03:33:20 -0400] "GET /?wp_scrape_key=25adecbb4e97baeb791b69b24fe68c5d&wp_scrape_nonce=116673483 HTTP/1.1" 200 156148 "-" "WordPress/6.7.2; https://stannswarehouse.com"
1.121.186.209 - - [01/Apr/2025:03:33:13 -0400] "POST /wp-admin/admin-ajax.php HTTP/1.1" 200 256 "https://stannswarehouse.com/wp-admin/theme-editor.php?file=inc%2Fcustomizer%2Fcore%2Fcustom-controls%2Fradio-image%2Fclass-colormag-radio-image-control.php&theme=colormag" "Mozilla/5.0 (Windows NT 10.0; Win64; x64) AppleWebKit/537.36 (KHTML, like Gecko) Chrome/110.0.0.0 Safari/537.36"
198.54.114.83 - - [01/Apr/2025:03:33:34 -0400] "POST /wp-cron.php?doing_wp_cron=1743492813.9839029312133789062500 HTTP/1.1" 200 0 "-" "WordPress/6.7.2; https://stannswarehouse.com"
198.54.114.83 - - [01/Apr/2025:03:33:35 -0400] "POST /wp-admin/admin-ajax.php?action=async_litespeed&nonce=rayHMI877HhVPyh9EVEyRV0IGzPe0jbJ&litespeed_type=imgoptm HTTP/1.1" 200 5 "-" "WordPress/6.7.2; https://stannswarehouse.com"
220.244.135.207 - - [01/Apr/2025:03:33:33 -0400] "GET /wp-admin/theme-editor.php?file=inc%2Fcustomizer%2Fcore%2Fcustom-controls%2Fclass-colormag-customize-base-additional-control.php&theme=colormag HTTP/1.1" 200 37781 "-" "Mozilla/5.0 (Windows NT 10.0; Win64; x64) AppleWebKit/537.36 (KHTML, like Gecko) Chrome/100.0.4896.75 Safari/537.36"
198.54.114.83 - - [01/Apr/2025:03:33:39 -0400] "GET /wp-admin/theme-editor.php?theme=colormag&file=inc%2Fcustomizer%2Fcore%2Fcustom-controls%2Fclass-colormag-customize-base-additional-control.php&wp_scrape_key=04bb2c70afc792361c23d0074663bbb1&wp_scrape_nonce=1635557153 HTTP/1.1" 200 38982 "-" "WordPress/6.7.2; https://stannswarehouse.com"
198.54.114.83 - - [01/Apr/2025:03:33:41 -0400] "GET /?wp_scrape_key=04bb2c70afc792361c23d0074663bbb1&wp_scrape_nonce=1635557153 HTTP/1.1" 200 156148 "-" "WordPress/6.7.2; https://stannswarehouse.com"
1.121.186.209 - - [01/Apr/2025:03:33:38 -0400] "POST /wp-admin/admin-ajax.php HTTP/1.1" 200 256 "https://stannswarehouse.com/wp-admin/theme-editor.php?file=inc%2Fcustomizer%2Fcore%2Fcustom-controls%2Fclass-colormag-customize-base-additional-control.php&theme=colormag" "Mozilla/5.0 (Windows NT 10.0; Win64; x64) AppleWebKit/537.36 (KHTML, like Gecko) Chrome/100.0.4896.75 Safari/537.36"
220.244.135.207 - - [01/Apr/2025:03:33:42 -0400] "GET /wp-admin/theme-editor.php?file=inc%2Fajax.php&theme=colormag HTTP/1.1" 200 37924 "-" "Mozilla/5.0 (Windows NT 10.0; Win64; x64) AppleWebKit/537.36 (KHTML, like Gecko) Chrome/104.0.0.0 Safari/537.36"
198.54.114.83 - - [01/Apr/2025:03:33:48 -0400] "GET /wp-admin/theme-editor.php?theme=colormag&file=inc%2Fajax.php&wp_scrape_key=f304842e34857d810c3c6d97abff16fe&wp_scrape_nonce=283866509 HTTP/1.1" 200 39249 "-" "WordPress/6.7.2; https://stannswarehouse.com"
198.54.114.83 - - [01/Apr/2025:03:33:50 -0400] "GET /?wp_scrape_key=f304842e34857d810c3c6d97abff16fe&wp_scrape_nonce=283866509 HTTP/1.1" 200 156148 "-" "WordPress/6.7.2; https://stannswarehouse.com"
1.121.186.209 - - [01/Apr/2025:03:33:46 -0400] "POST /wp-admin/admin-ajax.php HTTP/1.1" 200 256 "https://stannswarehouse.com/wp-admin/theme-editor.php?file=inc%2Fajax.php&theme=colormag" "Mozilla/5.0 (Windows NT 10.0; Win64; x64) AppleWebKit/537.36 (KHTML, like Gecko) Chrome/104.0.0.0 Safari/537.36"
198.54.114.83 - - [01/Apr/2025:03:33:53 -0400] "POST /wp-cron.php?doing_wp_cron=1743492833.5241079330444335937500 HTTP/1.1" 200 0 "-" "WordPress/6.7.2; https://stannswarehouse.com"
220.244.135.207 - - [01/Apr/2025:03:33:52 -0400] "GET /wp-admin/theme-editor.php?file=inc%2Felementor%2Fwidgets%2Fcolormag-elementor-widgets-grid-2.php&theme=colormag HTTP/1.1" 200 38135 "-" "Mozilla/5.0 (Windows NT 10.0; Win64; x64) AppleWebKit/537.36 (KHTML, like Gecko) Chrome/99.0.4844.51 Safari/537.36 Edg/99.0.1150.30"
198.54.114.83 - - [01/Apr/2025:03:34:00 -0400] "GET /wp-admin/theme-editor.php?theme=colormag&file=inc%2Felementor%2Fwidgets%2Fcolormag-elementor-widgets-grid-2.php&wp_scrape_key=f642fb230af0b3995cf0f6a529e7c165&wp_scrape_nonce=1228735517 HTTP/1.1" 200 39412 "-" "WordPress/6.7.2; https://stannswarehouse.com"
198.54.114.83 - - [01/Apr/2025:03:34:02 -0400] "GET /?wp_scrape_key=f642fb230af0b3995cf0f6a529e7c165&wp_scrape_nonce=1228735517 HTTP/1.1" 200 156148 "-" "WordPress/6.7.2; https://stannswarehouse.com"
1.121.186.209 - - [01/Apr/2025:03:33:58 -0400] "POST /wp-admin/admin-ajax.php HTTP/1.1" 200 256 "https://stannswarehouse.com/wp-admin/theme-editor.php?file=inc%2Felementor%2Fwidgets%2Fcolormag-elementor-widgets-grid-2.php&theme=colormag" "Mozilla/5.0 (Windows NT 10.0; Win64; x64) AppleWebKit/537.36 (KHTML, like Gecko) Chrome/99.0.4844.51 Safari/537.36 Edg/99.0.1150.30"
220.244.135.207 - - [01/Apr/2025:03:34:03 -0400] "GET /wp-admin/theme-editor.php?file=inc%2Fcustomizer%2Fcore%2Fcustom-controls%2Fdimensions%2Fclass-colormag-dimensions-control.php&theme=colormag HTTP/1.1" 200 38304 "-" "Mozilla/5.0 (Windows NT 10.0; Win64; x64) AppleWebKit/537.36 (KHTML, like Gecko) Chrome/110.0.0.0 Safari/537.36"
198.54.114.83 - - [01/Apr/2025:03:34:08 -0400] "GET /wp-admin/theme-editor.php?theme=colormag&file=inc%2Fcustomizer%2Fcore%2Fcustom-controls%2Fdimensions%2Fclass-colormag-dimensions-control.php&wp_scrape_key=3439f38748c5eaed35a616221775a7ef&wp_scrape_nonce=750482674 HTTP/1.1" 200 39442 "-" "WordPress/6.7.2; https://stannswarehouse.com"
198.54.114.83 - - [01/Apr/2025:03:34:12 -0400] "GET /?wp_scrape_key=3439f38748c5eaed35a616221775a7ef&wp_scrape_nonce=750482674 HTTP/1.1" 200 156148 "-" "WordPress/6.7.2; https://stannswarehouse.com"
1.121.186.209 - - [01/Apr/2025:03:34:06 -0400] "POST /wp-admin/admin-ajax.php HTTP/1.1" 200 256 "https://stannswarehouse.com/wp-admin/theme-editor.php?file=inc%2Fcustomizer%2Fcore%2Fcustom-controls%2Fdimensions%2Fclass-colormag-dimensions-control.php&theme=colormag" "Mozilla/5.0 (Windows NT 10.0; Win64; x64) AppleWebKit/537.36 (KHTML, like Gecko) Chrome/110.0.0.0 Safari/537.36"
220.244.135.207 - - [01/Apr/2025:03:34:13 -0400] "GET /wp-admin/theme-editor.php?file=inc%2Fcustomizer%2Foptions%2Fwoocommerce%2Fclass-colormag-customize-woocommerce-sidebar-options.php&theme=colormag HTTP/1.1" 200 37862 "-" "Mozilla/5.0 (Windows NT 10.0; Win64; x64) AppleWebKit/537.36 (KHTML, like Gecko) Chrome/99.0.4844.51 Safari/537.36"
198.54.114.83 - - [01/Apr/2025:03:34:17 -0400] "GET /wp-admin/theme-editor.php?theme=colormag&file=inc%2Fcustomizer%2Foptions%2Fwoocommerce%2Fclass-colormag-customize-woocommerce-sidebar-options.php&wp_scrape_key=0ad25ea7fbb4dd7424ac2a2d2e44d826&wp_scrape_nonce=1273665444 HTTP/1.1" 200 39331 "-" "WordPress/6.7.2; https://stannswarehouse.com"
198.54.114.83 - - [01/Apr/2025:03:34:19 -0400] "GET /?wp_scrape_key=0ad25ea7fbb4dd7424ac2a2d2e44d826&wp_scrape_nonce=1273665444 HTTP/1.1" 200 156148 "-" "WordPress/6.7.2; https://stannswarehouse.com"
1.121.186.209 - - [01/Apr/2025:03:34:16 -0400] "POST /wp-admin/admin-ajax.php HTTP/1.1" 200 256 "https://stannswarehouse.com/wp-admin/theme-editor.php?file=inc%2Fcustomizer%2Foptions%2Fwoocommerce%2Fclass-colormag-customize-woocommerce-sidebar-options.php&theme=colormag" "Mozilla/5.0 (Windows NT 10.0; Win64; x64) AppleWebKit/537.36 (KHTML, like Gecko) Chrome/99.0.4844.51 Safari/537.36"
220.244.135.207 - - [01/Apr/2025:03:34:20 -0400] "GET /wp-admin/theme-editor.php?file=template-parts%2Fhooks%2Ffooter%2Ffooter.php&theme=colormag HTTP/1.1" 200 38626 "-" "Mozilla/5.0 (Macintosh; Intel Mac OS X 10_15_7) AppleWebKit/537.36 (KHTML, like Gecko) Chrome/119.0.0.0 Safari/537.36"
198.54.114.83 - - [01/Apr/2025:03:34:24 -0400] "POST /wp-cron.php?doing_wp_cron=1743492864.0055980682373046875000 HTTP/1.1" 200 0 "-" "WordPress/6.7.2; https://stannswarehouse.com"
198.54.114.83 - - [01/Apr/2025:03:34:24 -0400] "POST /wp-admin/admin-ajax.php?action=async_litespeed&nonce=NUSNdfRwZDxrtoOMDLgLsZVOY4ORV2mP&litespeed_type=imgoptm HTTP/1.1" 200 5 "-" "WordPress/6.7.2; https://stannswarehouse.com"
198.54.114.83 - - [01/Apr/2025:03:34:25 -0400] "GET /wp-admin/theme-editor.php?theme=colormag&file=template-parts%2Fhooks%2Ffooter%2Ffooter.php&wp_scrape_key=07170468c04532784c7a4a35b6252ca0&wp_scrape_nonce=520637208 HTTP/1.1" 200 39899 "-" "WordPress/6.7.2; https://stannswarehouse.com"
198.54.114.83 - - [01/Apr/2025:03:34:27 -0400] "GET /?wp_scrape_key=07170468c04532784c7a4a35b6252ca0&wp_scrape_nonce=520637208 HTTP/1.1" 200 156148 "-" "WordPress/6.7.2; https://stannswarehouse.com"
1.121.186.209 - - [01/Apr/2025:03:34:23 -0400] "POST /wp-admin/admin-ajax.php HTTP/1.1" 200 256 "https://stannswarehouse.com/wp-admin/theme-editor.php?file=template-parts%2Fhooks%2Ffooter%2Ffooter.php&theme=colormag" "Mozilla/5.0 (Macintosh; Intel Mac OS X 10_15_7) AppleWebKit/537.36 (KHTML, like Gecko) Chrome/119.0.0.0 Safari/537.36"
220.244.135.207 - - [01/Apr/2025:03:34:28 -0400] "GET /wp-admin/theme-editor.php?file=zko.js.php&theme=colormag HTTP/1.1" 200 104753 "-" "Mozilla/5.0 (Macintosh; Intel Mac OS X 10_15_7) AppleWebKit/537.36 (KHTML, like Gecko) Chrome/120.0.0.0 Safari/537.36"
58.254.68.93 - - [01/Apr/2025:03:34:37 -0400] "GET /unveiling-the-world-of-satta-king-a-comprehensive-guide/ HTTP/1.1" 404 1251 "https://stannswarehouse.com" "Mozilla/5.0 (Windows NT 10.0; Win64; x64) AppleWebKit/537.36 (KHTML, like Gecko) Chrome/62.0.3202.94 Safari/537.36"
198.54.114.83 - - [01/Apr/2025:03:34:37 -0400] "GET /wp-admin/theme-editor.php?theme=colormag&file=zko.js.php&wp_scrape_key=2c9403b189410cbcff4cab5282165e37&wp_scrape_nonce=1602283420 HTTP/1.1" 200 105916 "-" "WordPress/6.7.2; https://stannswarehouse.com"
198.54.114.83 - - [01/Apr/2025:03:34:39 -0400] "GET /?wp_scrape_key=2c9403b189410cbcff4cab5282165e37&wp_scrape_nonce=1602283420 HTTP/1.1" 200 156148 "-" "WordPress/6.7.2; https://stannswarehouse.com"
58.254.68.93 - - [01/Apr/2025:03:34:40 -0400] "GET /unveiling-the-world-of-satta-king-a-comprehensive-guide/ HTTP/1.1" 404 1251 "https://stannswarehouse.com" "Mozilla/5.0 (Windows NT 10.0; Win64; x64) AppleWebKit/537.36 (KHTML, like Gecko) Chrome/62.0.3202.94 Safari/537.36"
1.121.186.209 - - [01/Apr/2025:03:34:35 -0400] "POST /wp-admin/admin-ajax.php HTTP/1.1" 200 256 "https://stannswarehouse.com/wp-admin/theme-editor.php?file=zko.js.php&theme=colormag" "Mozilla/5.0 (Macintosh; Intel Mac OS X 10_15_7) AppleWebKit/537.36 (KHTML, like Gecko) Chrome/120.0.0.0 Safari/537.36"
124.170.229.221 - - [01/Apr/2025:03:34:42 -0400] "GET /wp-admin/theme-editor.php?file=inc%2Fadmin%2Fclass-colormag-theme-review-notice.php&theme=colormag HTTP/1.1" 200 39203 "-" "Mozilla/5.0 (Macintosh; Intel Mac OS X 10_15_7) AppleWebKit/605.1.15 (KHTML, like Gecko) Version/15.5 Safari/605.1.15"
198.54.114.83 - - [01/Apr/2025:03:34:46 -0400] "GET /wp-admin/theme-editor.php?theme=colormag&file=inc%2Fadmin%2Fclass-colormag-theme-review-notice.php&wp_scrape_key=f78fdea72301023a397beaf89bcedbd8&wp_scrape_nonce=954137217 HTTP/1.1" 200 40535 "-" "WordPress/6.7.2; https://stannswarehouse.com"
198.54.114.83 - - [01/Apr/2025:03:34:48 -0400] "GET /?wp_scrape_key=f78fdea72301023a397beaf89bcedbd8&wp_scrape_nonce=954137217 HTTP/1.1" 200 156148 "-" "WordPress/6.7.2; https://stannswarehouse.com"
1.121.186.209 - - [01/Apr/2025:03:34:45 -0400] "POST /wp-admin/admin-ajax.php HTTP/1.1" 200 256 "https://stannswarehouse.com/wp-admin/theme-editor.php?file=inc%2Fadmin%2Fclass-colormag-theme-review-notice.php&theme=colormag" "Mozilla/5.0 (Macintosh; Intel Mac OS X 10_15_7) AppleWebKit/605.1.15 (KHTML, like Gecko) Version/15.5 Safari/605.1.15"
198.54.114.83 - - [01/Apr/2025:03:34:54 -0400] "POST /wp-cron.php?doing_wp_cron=1743492894.7478768825531005859375 HTTP/1.1" 200 0 "-" "WordPress/6.7.2; https://stannswarehouse.com"
220.244.135.207 - - [01/Apr/2025:03:34:54 -0400] "GET /wp-admin/theme-editor.php?file=inc%2Fcustomizer%2Fcore%2Fcustom-controls%2Fcolor%2Fclass-colormag-color-control.php&theme=colormag HTTP/1.1" 200 38096 "-" "Mozilla/5.0 (Windows NT 10.0; Win64; x64) AppleWebKit/537.36 (KHTML, like Gecko) Chrome/100.0.4896.75 Safari/537.36"
198.54.114.83 - - [01/Apr/2025:03:35:00 -0400] "GET /wp-admin/theme-editor.php?theme=colormag&file=inc%2Fcustomizer%2Fcore%2Fcustom-controls%2Fcolor%2Fclass-colormag-color-control.php&wp_scrape_key=1899d4fc3367bfe3c26fed9e9465ec2d&wp_scrape_nonce=600005415 HTTP/1.1" 200 39384 "-" "WordPress/6.7.2; https://stannswarehouse.com"
198.54.114.83 - - [01/Apr/2025:03:35:03 -0400] "GET /?wp_scrape_key=1899d4fc3367bfe3c26fed9e9465ec2d&wp_scrape_nonce=600005415 HTTP/1.1" 200 156148 "-" "WordPress/6.7.2; https://stannswarehouse.com"
1.121.186.209 - - [01/Apr/2025:03:34:58 -0400] "POST /wp-admin/admin-ajax.php HTTP/1.1" 200 256 "https://stannswarehouse.com/wp-admin/theme-editor.php?file=inc%2Fcustomizer%2Fcore%2Fcustom-controls%2Fcolor%2Fclass-colormag-color-control.php&theme=colormag" "Mozilla/5.0 (Windows NT 10.0; Win64; x64) AppleWebKit/537.36 (KHTML, like Gecko) Chrome/100.0.4896.75 Safari/537.36"
220.244.135.207 - - [01/Apr/2025:03:35:05 -0400] "GET /wp-admin/theme-editor.php?file=inc%2Fwidgets%2Fcolormag-featured-posts-widget.php&theme=colormag HTTP/1.1" 200 38196 "-" "Mozilla/5.0 (Windows NT 10.0; Win64; x64) AppleWebKit/537.36 (KHTML, like Gecko) Chrome/99.0.4844.51 Safari/537.36"
198.54.114.83 - - [01/Apr/2025:03:35:14 -0400] "GET /wp-admin/theme-editor.php?theme=colormag&file=inc%2Fwidgets%2Fcolormag-featured-posts-widget.php&wp_scrape_key=9cf1fac325af0af7e7a344c2a3f2be8e&wp_scrape_nonce=2050774454 HTTP/1.1" 200 39479 "-" "WordPress/6.7.2; https://stannswarehouse.com"
198.54.114.83 - - [01/Apr/2025:03:35:17 -0400] "GET /?wp_scrape_key=9cf1fac325af0af7e7a344c2a3f2be8e&wp_scrape_nonce=2050774454 HTTP/1.1" 200 156148 "-" "WordPress/6.7.2; https://stannswarehouse.com"
1.121.186.209 - - [01/Apr/2025:03:35:12 -0400] "POST /wp-admin/admin-ajax.php HTTP/1.1" 200 256 "https://stannswarehouse.com/wp-admin/theme-editor.php?file=inc%2Fwidgets%2Fcolormag-featured-posts-widget.php&theme=colormag" "Mozilla/5.0 (Windows NT 10.0; Win64; x64) AppleWebKit/537.36 (KHTML, like Gecko) Chrome/99.0.4844.51 Safari/537.36"
220.244.135.207 - - [01/Apr/2025:03:35:19 -0400] "GET /wp-admin/theme-editor.php?file=inc%2Fcustomizer%2Foptions%2Fglobal%2Fclass-colormag-customize-sidebar-options.php&theme=colormag HTTP/1.1" 200 38093 "-" "Mozilla/5.0 (Linux; Android 12; Pixel 6) AppleWebKit/537.36 (KHTML, like Gecko) Chrome/99.0.4844.58 Mobile Safari/537.36"
