2a02:598:64:8a00::3100:1f - - [31/Mar/2025:02:35:25 -0400] "GET /michael-kors-bags-sales/ HTTP/1.1" 404 1251 "-" "Mozilla/5.0 (compatible; SeznamBot/4.0; +https://o-seznam.cz/napoveda/vyhledavani/en/seznambot-crawler/)"
114.119.145.216 - - [31/Mar/2025:02:39:37 -0400] "GET /what-to-look-for-in-an-online-gambling-website/ HTTP/1.1" 404 1251 "https://stannswarehouse.com/what-an-immigration-attorney-can-do-for-you/" "Mozilla/5.0 (Linux; Android 7.0;) AppleWebKit/537.36 (KHTML, like Gecko) Mobile Safari/537.36 (compatible; PetalBot;+https://webmaster.petalsearch.com/site/petalbot)"
114.119.154.41 - - [31/Mar/2025:02:40:52 -0400] "GET /the-art-and-ethics-of-buying-instagram-followers-and-likes/ HTTP/1.1" 404 1251 "https://stannswarehouse.com/the-power-of-purchasing-tiktok-followers/" "Mozilla/5.0 (Linux; Android 7.0;) AppleWebKit/537.36 (KHTML, like Gecko) Mobile Safari/537.36 (compatible; PetalBot;+https://webmaster.petalsearch.com/site/petalbot)"
114.119.134.79 - - [31/Mar/2025:02:42:04 -0400] "GET /navigating-loan-options-for-foreigners-in-singapore/ HTTP/1.1" 404 1251 "https://stannswarehouse.com/navigating-loan-options-for-foreigners-in-singapore/" "Mozilla/5.0 (Linux; Android 7.0;) AppleWebKit/537.36 (KHTML, like Gecko) Mobile Safari/537.36 (compatible; PetalBot;+https://webmaster.petalsearch.com/site/petalbot)"
198.54.114.83 - - [31/Mar/2025:02:42:52 -0400] "POST /wp-cron.php?doing_wp_cron=1743403371.7487490177154541015625 HTTP/1.1" 200 0 "-" "WordPress/6.7.2; https://stannswarehouse.com"
2604:a880:4:1d0::77b4:4000 - - [31/Mar/2025:02:42:48 -0400] "POST /wp-login.php HTTP/1.1" 200 1843 "https://stannswarehouse.com/wp-admin/" "Mozilla/5.0 (Windows NT 10.0; Win64; x64) AppleWebKit/537.36 (KHTML, like Gecko) Chrome/90.0.4430.85 Safari/537.36"
198.54.114.83 - - [31/Mar/2025:02:42:52 -0400] "POST /wp-admin/admin-ajax.php?action=async_litespeed&nonce=4zqBtjy3YeHqis310KjQFrbNsWNVHDH5&litespeed_type=imgoptm HTTP/1.1" 200 5 "-" "WordPress/6.7.2; https://stannswarehouse.com"
114.119.154.41 - - [31/Mar/2025:02:43:50 -0400] "GET /crochets-muraux-decoratifs/ HTTP/1.1" 404 1251 "https://stannswarehouse.com/auto-detailing-near-me/" "Mozilla/5.0 (Linux; Android 7.0;) AppleWebKit/537.36 (KHTML, like Gecko) Mobile Safari/537.36 (compatible; PetalBot;+https://webmaster.petalsearch.com/site/petalbot)"
109.70.100.65 - - [31/Mar/2025:02:44:38 -0400] "GET / HTTP/1.1" 200 156148 "https://stannswarehouse.com" "Mozilla/5.0 (Windows NT 6.1; WOW64) AppleWebKit/537.36 (KHTML, like Gecko) Chrome/61.0.3163.79 Safari/537.36 Maxthon/5.2.1.5000"
2a02:598:64:8a00::3100:1f - - [31/Mar/2025:02:46:18 -0400] "GET /luxury-rentals-cartagena/ HTTP/1.1" 404 1251 "-" "Mozilla/5.0 (compatible; SeznamBot/4.0; +https://o-seznam.cz/napoveda/vyhledavani/en/seznambot-crawler/)"
2a02:598:96:8a00::1200:127 - - [31/Mar/2025:02:48:08 -0400] "GET /michael-kors-handbag-sale/ HTTP/1.1" 404 1251 "-" "Mozilla/5.0 (compatible; SeznamBot/4.0; +https://o-seznam.cz/napoveda/vyhledavani/en/seznambot-crawler/)"
85.208.96.193 - - [31/Mar/2025:02:48:41 -0400] "GET /page/95/ HTTP/1.1" 404 1251 "-" "Mozilla/5.0 (compatible; SemrushBot/7~bl; +http://www.semrush.com/bot.html)"
66.249.66.33 - - [31/Mar/2025:02:50:15 -0400] "GET /elegance-abordable-avec-le-panneau-pvc-imitation-marbre/ HTTP/1.1" 404 1251 "-" "Mozilla/5.0 (Linux; Android 6.0.1; Nexus 5X Build/MMB29P) AppleWebKit/537.36 (KHTML, like Gecko) Chrome/134.0.6998.165 Mobile Safari/537.36 (compatible; Googlebot/2.1; +http://www.google.com/bot.html)"
2a02:598:64:8a00::3100:1f - - [31/Mar/2025:02:50:23 -0400] "GET /bitcoin-mixer/ HTTP/1.1" 404 1251 "-" "Mozilla/5.0 (compatible; SeznamBot/4.0; +https://o-seznam.cz/napoveda/vyhledavani/en/seznambot-crawler/)"
51.222.253.19 - - [31/Mar/2025:02:52:03 -0400] "GET /category/activity/page/5/ HTTP/1.1" 404 1251 "-" "Mozilla/5.0 (compatible; AhrefsBot/7.0; +http://ahrefs.com/robot/)"
2a02:598:96:8a00::1200:127 - - [31/Mar/2025:02:52:09 -0400] "GET /mens-wash-bag-essentials/ HTTP/1.1" 404 1251 "-" "Mozilla/5.0 (compatible; SeznamBot/4.0; +https://o-seznam.cz/napoveda/vyhledavani/en/seznambot-crawler/)"
52.167.144.138 - - [31/Mar/2025:02:55:17 -0400] "GET /choosing-the-right-web-design-agency-for-your-business/feed/ HTTP/1.1" 404 1251 "-" "Mozilla/5.0 AppleWebKit/537.36 (KHTML, like Gecko; compatible; bingbot/2.0; +http://www.bing.com/bingbot.htm) Chrome/116.0.1938.76 Safari/537.36"
85.208.96.211 - - [31/Mar/2025:02:56:04 -0400] "GET /page/102/ HTTP/1.1" 404 1251 "-" "Mozilla/5.0 (compatible; SemrushBot/7~bl; +http://www.semrush.com/bot.html)"
2a02:598:64:8a00::3100:1f - - [31/Mar/2025:02:56:17 -0400] "GET /what-is-managed-investing/feed/ HTTP/1.1" 404 1251 "-" "Mozilla/5.0 (compatible; SeznamBot/4.0; +https://o-seznam.cz/napoveda/vyhledavani/en/seznambot-crawler/)"
85.208.98.20 - - [31/Mar/2025:02:56:51 -0400] "GET /buy-tiktok-views/ HTTP/1.1" 404 1251 "-" "Mozilla/5.0 (compatible; SemrushBot-BA; +http://www.semrush.com/bot.html)"
85.208.98.16 - - [31/Mar/2025:02:57:33 -0400] "GET /unleashing-the-power-of-qr-codes-the-best-free-qr-code-generators/ HTTP/1.1" 404 1251 "-" "Mozilla/5.0 (compatible; SemrushBot-BA; +http://www.semrush.com/bot.html)"
85.208.98.19 - - [31/Mar/2025:02:57:57 -0400] "GET /where-to-buy-tiktok-likes/ HTTP/1.1" 404 1251 "-" "Mozilla/5.0 (compatible; SemrushBot-BA; +http://www.semrush.com/bot.html)"
85.208.98.22 - - [31/Mar/2025:02:58:13 -0400] "GET /tiktok-likes-and-views-buy-which-tiktok-views-and-likes-buy-providers-are-reliable/ HTTP/1.1" 404 1251 "-" "Mozilla/5.0 (compatible; SemrushBot-BA; +http://www.semrush.com/bot.html)"
85.208.98.29 - - [31/Mar/2025:02:58:23 -0400] "GET /understanding-youtube-seo-fundamentals/ HTTP/1.1" 404 1251 "-" "Mozilla/5.0 (compatible; SemrushBot-BA; +http://www.semrush.com/bot.html)"
85.208.98.24 - - [31/Mar/2025:02:58:37 -0400] "GET /how-buying-followers-on-ticktok-impacts-the-algorithm/ HTTP/1.1" 404 1251 "-" "Mozilla/5.0 (compatible; SemrushBot-BA; +http://www.semrush.com/bot.html)"
85.208.98.20 - - [31/Mar/2025:02:58:46 -0400] "GET /url-link-shortener/ HTTP/1.1" 404 1251 "-" "Mozilla/5.0 (compatible; SemrushBot-BA; +http://www.semrush.com/bot.html)"
85.208.98.31 - - [31/Mar/2025:02:59:11 -0400] "GET /buying-tiktok-followers/ HTTP/1.1" 404 1251 "-" "Mozilla/5.0 (compatible; SemrushBot-BA; +http://www.semrush.com/bot.html)"
114.119.140.48 - - [31/Mar/2025:02:59:37 -0400] "GET /page/108/ HTTP/1.1" 404 1251 "https://stannswarehouse.com/page/108/" "Mozilla/5.0 (Linux; Android 7.0;) AppleWebKit/537.36 (KHTML, like Gecko) Mobile Safari/537.36 (compatible; PetalBot;+https://webmaster.petalsearch.com/site/petalbot)"
2a02:598:96:8a00::1200:127 - - [31/Mar/2025:03:00:20 -0400] "GET /how-to-get-to-the-4000-watch-hours-on-youtube-milestone/ HTTP/1.1" 404 1251 "-" "Mozilla/5.0 (compatible; SeznamBot/4.0; +https://o-seznam.cz/napoveda/vyhledavani/en/seznambot-crawler/)"
52.73.212.14 - - [31/Mar/2025:03:01:05 -0400] "GET /game-changing-comfort-the-evolution-of-soccer-grip-socks/ HTTP/1.1" 404 1251 "-" "Grammarly/1.0 (http://www.grammarly.com)"
85.208.98.31 - - [31/Mar/2025:03:01:08 -0400] "GET /tiktok-saves-buy/ HTTP/1.1" 404 1251 "-" "Mozilla/5.0 (compatible; SemrushBot-BA; +http://www.semrush.com/bot.html)"
85.208.98.31 - - [31/Mar/2025:03:01:17 -0400] "GET /buy-views-and-likes-on-tiktok/ HTTP/1.1" 404 1251 "-" "Mozilla/5.0 (compatible; SemrushBot-BA; +http://www.semrush.com/bot.html)"
85.208.98.31 - - [31/Mar/2025:03:01:38 -0400] "GET /mastering-the-art-of-temporal-pause-a-guide-to-freezing-your-instagram-account/ HTTP/1.1" 404 1251 "-" "Mozilla/5.0 (compatible; SemrushBot-BA; +http://www.semrush.com/bot.html)"
85.208.98.19 - - [31/Mar/2025:03:02:12 -0400] "GET /what-is-a-shortener-url/ HTTP/1.1" 404 1251 "-" "Mozilla/5.0 (compatible; SemrushBot-BA; +http://www.semrush.com/bot.html)"
114.119.140.48 - - [31/Mar/2025:03:02:43 -0400] "GET /exploring-the-world-of-online-casinos-online-gambling/ HTTP/1.1" 404 1251 "https://stannswarehouse.com/page/7/" "Mozilla/5.0 (Linux; Android 7.0;) AppleWebKit/537.36 (KHTML, like Gecko) Mobile Safari/537.36 (compatible; PetalBot;+https://webmaster.petalsearch.com/site/petalbot)"
85.208.98.22 - - [31/Mar/2025:03:02:44 -0400] "GET /buy-shares-in-tiktok/ HTTP/1.1" 404 1251 "-" "Mozilla/5.0 (compatible; SemrushBot-BA; +http://www.semrush.com/bot.html)"
85.208.98.20 - - [31/Mar/2025:03:02:55 -0400] "GET /where-to-buy-tiktok-shares-and-likes/ HTTP/1.1" 404 1251 "-" "Mozilla/5.0 (compatible; SemrushBot-BA; +http://www.semrush.com/bot.html)"
2a02:598:96:8a00::1200:127 - - [31/Mar/2025:03:03:11 -0400] "GET /comment-concevoir-un-spectacle-de-magie-et-devenir-un-magicien-pour-enfants-a-succes/ HTTP/1.1" 404 1251 "-" "Mozilla/5.0 (compatible; SeznamBot/4.0; +https://o-seznam.cz/napoveda/vyhledavani/en/seznambot-crawler/)"
85.208.98.29 - - [31/Mar/2025:03:03:34 -0400] "GET /where-to-buy-instagram-likes/ HTTP/1.1" 404 1251 "-" "Mozilla/5.0 (compatible; SemrushBot-BA; +http://www.semrush.com/bot.html)"
114.119.140.48 - - [31/Mar/2025:03:04:06 -0400] "GET /category/activity/page/65/ HTTP/1.1" 404 1251 "https://stannswarehouse.com/category/activity/page/64/" "Mozilla/5.0 (Linux; Android 7.0;) AppleWebKit/537.36 (KHTML, like Gecko) Mobile Safari/537.36 (compatible; PetalBot;+https://webmaster.petalsearch.com/site/petalbot)"
85.208.98.16 - - [31/Mar/2025:03:04:07 -0400] "GET /unlocking-the-power-of-qr-code-generator-free-tools/ HTTP/1.1" 404 1251 "-" "Mozilla/5.0 (compatible; SemrushBot-BA; +http://www.semrush.com/bot.html)"
51.222.253.12 - - [31/Mar/2025:03:09:21 -0400] "GET /a-korean-odyssey-unveiling-the-beauty-of-vietnam/ HTTP/1.1" 404 1251 "-" "Mozilla/5.0 (compatible; AhrefsBot/7.0; +http://ahrefs.com/robot/)"
52.73.212.14 - - [31/Mar/2025:03:11:25 -0400] "GET /game-changing-comfort-the-evolution-of-soccer-grip-socks/ HTTP/1.1" 404 1251 "-" "Grammarly/1.0 (http://www.grammarly.com)"
2a02:598:96:8a00::1200:127 - - [31/Mar/2025:03:12:19 -0400] "GET /manicure-tables/ HTTP/1.1" 404 1251 "-" "Mozilla/5.0 (compatible; SeznamBot/4.0; +https://o-seznam.cz/napoveda/vyhledavani/en/seznambot-crawler/)"
58.254.68.93 - - [31/Mar/2025:03:13:07 -0400] "GET /unveiling-the-world-of-satta-king-a-comprehensive-guide/ HTTP/1.1" 404 1251 "https://stannswarehouse.com" "Mozilla/5.0 (Windows NT 10.0; Win64; x64) AppleWebKit/537.36 (KHTML, like Gecko) Chrome/62.0.3202.94 Safari/537.36"
58.254.68.93 - - [31/Mar/2025:03:13:09 -0400] "GET /unveiling-the-world-of-satta-king-a-comprehensive-guide/ HTTP/1.1" 404 1251 "https://stannswarehouse.com" "Mozilla/5.0 (Windows NT 10.0; Win64; x64) AppleWebKit/537.36 (KHTML, like Gecko) Chrome/62.0.3202.94 Safari/537.36"
58.254.68.93 - - [31/Mar/2025:03:13:18 -0400] "GET /unveiling-the-world-of-satta-king-a-comprehensive-guide/ HTTP/1.1" 404 1251 "https://stannswarehouse.com" "Mozilla/5.0 (Windows NT 10.0; Win64; x64) AppleWebKit/537.36 (KHTML, like Gecko) Chrome/62.0.3202.94 Safari/537.36"
58.254.68.93 - - [31/Mar/2025:03:13:20 -0400] "GET /unveiling-the-world-of-satta-king-a-comprehensive-guide/ HTTP/1.1" 404 1251 "https://stannswarehouse.com" "Mozilla/5.0 (Windows NT 10.0; Win64; x64) AppleWebKit/537.36 (KHTML, like Gecko) Chrome/62.0.3202.94 Safari/537.36"
2a02:598:64:8a00::3100:1f - - [31/Mar/2025:03:15:21 -0400] "GET /rechtsanwalt/feed/ HTTP/1.1" 404 1251 "-" "Mozilla/5.0 (compatible; SeznamBot/4.0; +https://o-seznam.cz/napoveda/vyhledavani/en/seznambot-crawler/)"
2a03:2880:f800:e:: - - [31/Mar/2025:03:15:24 -0400] "GET /choosing-the-right-tires-and-wheels-for-your-vehicle/ HTTP/1.1" 404 1251 "-" "meta-externalagent/1.1 (+https://developers.facebook.com/docs/sharing/webmasters/crawler)"
114.119.149.43 - - [31/Mar/2025:03:15:31 -0400] "GET /tableau-pop-art/ HTTP/1.1" 404 1251 "https://stannswarehouse.com/virtual-receptionist/" "Mozilla/5.0 (Linux; Android 7.0;) AppleWebKit/537.36 (KHTML, like Gecko) Mobile Safari/537.36 (compatible; PetalBot;+https://webmaster.petalsearch.com/site/petalbot)"
114.119.149.43 - - [31/Mar/2025:03:16:35 -0400] "GET /page/27/ HTTP/1.1" 404 1251 "https://stannswarehouse.com/page/27/" "Mozilla/5.0 (Linux; Android 7.0;) AppleWebKit/537.36 (KHTML, like Gecko) Mobile Safari/537.36 (compatible; PetalBot;+https://webmaster.petalsearch.com/site/petalbot)"
185.191.171.1 - - [31/Mar/2025:03:17:16 -0400] "GET /exploring-the-hidden-gems-of-nusa-penida/ HTTP/1.1" 404 1251 "-" "Mozilla/5.0 (compatible; SemrushBot/7~bl; +http://www.semrush.com/bot.html)"
114.119.145.187 - - [31/Mar/2025:03:18:19 -0400] "GET /how-to-access-and-play-1v1-lol-unblocked-in-classroom-settings/ HTTP/1.1" 404 1251 "https://stannswarehouse.com/maintaining-a-pristine-car-interior/" "Mozilla/5.0 (Linux; Android 7.0;) AppleWebKit/537.36 (KHTML, like Gecko) Mobile Safari/537.36 (compatible; PetalBot;+https://webmaster.petalsearch.com/site/petalbot)"
114.119.134.79 - - [31/Mar/2025:03:19:29 -0400] "GET /dp/B08MQNGX3W?ref=MarsFS_AUCC_B08MQNGX3W HTTP/1.1" 404 1251 "https://stannswarehouse.com/" "Mozilla/5.0 (Linux; Android 7.0;) AppleWebKit/537.36 (KHTML, like Gecko) Mobile Safari/537.36 (compatible; PetalBot;+https://webmaster.petalsearch.com/site/petalbot)"
2a02:598:96:8a00::1200:127 - - [31/Mar/2025:03:19:43 -0400] "GET /digital-nomad-visa-spain/ HTTP/1.1" 404 1251 "-" "Mozilla/5.0 (compatible; SeznamBot/4.0; +https://o-seznam.cz/napoveda/vyhledavani/en/seznambot-crawler/)"
52.45.47.38 - - [31/Mar/2025:03:23:56 -0400] "GET /navigating-finances-with-steuerberater-hattingen-your-trusted-tax-advisor/ HTTP/1.1" 404 1251 "-" "Grammarly/1.0 (http://www.grammarly.com)"
52.45.47.38 - - [31/Mar/2025:03:23:56 -0400] "GET /navigating-finances-with-steuerberater-hattingen-your-trusted-tax-advisor/ HTTP/1.1" 404 1251 "-" "Grammarly/1.0 (http://www.grammarly.com)"
2a02:598:64:8a00::3100:1f - - [31/Mar/2025:03:25:15 -0400] "GET /understanding-the-function-of-a-flojet-diaphragm-pump/ HTTP/1.1" 404 1251 "-" "Mozilla/5.0 (compatible; SeznamBot/4.0; +https://o-seznam.cz/napoveda/vyhledavani/en/seznambot-crawler/)"
51.222.253.20 - - [31/Mar/2025:03:27:02 -0400] "GET /category/activity/page/51/ HTTP/1.1" 404 1251 "-" "Mozilla/5.0 (compatible; AhrefsBot/7.0; +http://ahrefs.com/robot/)"
85.208.98.18 - - [31/Mar/2025:03:27:45 -0400] "HEAD /how-to-get-the-most-out-of-an-online-training-program HTTP/1.1" 404 0 "-" "Mozilla/5.0 (compatible; SemrushBot; +http://www.semrush.com/bot.html)"
220.253.251.32 - - [31/Mar/2025:03:30:19 -0400] "GET / HTTP/1.1" 200 156148 "-" "Mozilla/5.0 (Linux; Android 12; Pixel 6) AppleWebKit/537.36 (KHTML, like Gecko) Chrome/99.0.4844.58 Mobile Safari/537.36"
220.240.75.230 - - [31/Mar/2025:03:30:43 -0400] "GET / HTTP/1.1" 200 156148 "-" "Mozilla/5.0 (iPhone; CPU iPhone OS 17_2 like Mac OS X) AppleWebKit/605.1.15 (KHTML, like Gecko) Version/17.2 Mobile/15E148 Safari/604.1"
2a02:598:96:8a00::1200:127 - - [31/Mar/2025:03:32:15 -0400] "GET /a-look-in-detail-of-the-history-of-the-vending-machine/ HTTP/1.1" 404 1251 "-" "Mozilla/5.0 (compatible; SeznamBot/4.0; +https://o-seznam.cz/napoveda/vyhledavani/en/seznambot-crawler/)"
2a02:598:64:8a00::3100:1f - - [31/Mar/2025:03:37:17 -0400] "GET /how-to-get-the-most-out-of-an-online-training-program/ HTTP/1.1" 404 1251 "-" "Mozilla/5.0 (compatible; SeznamBot/4.0; +https://o-seznam.cz/napoveda/vyhledavani/en/seznambot-crawler/)"
58.254.68.93 - - [31/Mar/2025:03:38:50 -0400] "GET /how-to-choose-a-family-dentist-that-is-best-for-you/ HTTP/1.1" 404 1251 "https://stannswarehouse.com" "Mozilla/5.0 (Windows NT 10.0; Win64; x64) AppleWebKit/537.36 (KHTML, like Gecko) Chrome/62.0.3202.94 Safari/537.36"
58.254.68.93 - - [31/Mar/2025:03:38:53 -0400] "GET /how-to-choose-a-family-dentist-that-is-best-for-you/ HTTP/1.1" 404 1251 "https://stannswarehouse.com" "Mozilla/5.0 (Windows NT 10.0; Win64; x64) AppleWebKit/537.36 (KHTML, like Gecko) Chrome/62.0.3202.94 Safari/537.36"
58.254.68.93 - - [31/Mar/2025:03:38:55 -0400] "GET /how-to-choose-a-family-dentist-that-is-best-for-you/ HTTP/1.1" 404 1251 "https://stannswarehouse.com" "Mozilla/5.0 (Windows NT 10.0; Win64; x64) AppleWebKit/537.36 (KHTML, like Gecko) Chrome/62.0.3202.94 Safari/537.36"
58.254.68.93 - - [31/Mar/2025:03:38:57 -0400] "GET /how-to-choose-a-family-dentist-that-is-best-for-you/ HTTP/1.1" 404 1251 "https://stannswarehouse.com" "Mozilla/5.0 (Windows NT 10.0; Win64; x64) AppleWebKit/537.36 (KHTML, like Gecko) Chrome/62.0.3202.94 Safari/537.36"
114.119.134.79 - - [31/Mar/2025:03:40:05 -0400] "GET /wp-content/uploads/2023/04/download-2.jpg HTTP/1.1" 200 10264 "https://stannswarehouse.com/klimt-cairnhill-apartment/" "Mozilla/5.0 (Linux; Android 7.0;) AppleWebKit/537.36 (KHTML, like Gecko) Mobile Safari/537.36 (compatible; PetalBot;+https://webmaster.petalsearch.com/site/petalbot)"
114.119.140.48 - - [31/Mar/2025:03:41:28 -0400] "GET /so-finden-sie-einen-guten-anwalt-fur-personenschaden-fur-ihren-anspruch/ HTTP/1.1" 404 1251 "https://stannswarehouse.com/category/activity/page/96/" "Mozilla/5.0 (Linux; Android 7.0;) AppleWebKit/537.36 (KHTML, like Gecko) Mobile Safari/537.36 (compatible; PetalBot;+https://webmaster.petalsearch.com/site/petalbot)"
2a02:598:96:8a00::1200:127 - - [31/Mar/2025:03:42:23 -0400] "GET /electrical-service/ HTTP/1.1" 404 1251 "-" "Mozilla/5.0 (compatible; SeznamBot/4.0; +https://o-seznam.cz/napoveda/vyhledavani/en/seznambot-crawler/)"
114.119.128.35 - - [31/Mar/2025:03:42:50 -0400] "GET /leather-goods/ HTTP/1.1" 404 1251 "https://stannswarehouse.com/leather-goods/" "Mozilla/5.0 (Linux; Android 7.0;) AppleWebKit/537.36 (KHTML, like Gecko) Mobile Safari/537.36 (compatible; PetalBot;+https://webmaster.petalsearch.com/site/petalbot)"
114.119.154.41 - - [31/Mar/2025:03:44:20 -0400] "GET /importance-of-registration-cosmetic-registration/ HTTP/1.1" 404 1251 "https://stannswarehouse.com/erfolgreiche-partnerschaften-aufbauen/" "Mozilla/5.0 (Linux; Android 7.0;) AppleWebKit/537.36 (KHTML, like Gecko) Mobile Safari/537.36 (compatible; PetalBot;+https://webmaster.petalsearch.com/site/petalbot)"
114.119.128.35 - - [31/Mar/2025:03:45:37 -0400] "GET /how-to-find-a-good-online-casino/ HTTP/1.1" 404 1251 "https://stannswarehouse.com/page/95/" "Mozilla/5.0 (Linux; Android 7.0;) AppleWebKit/537.36 (KHTML, like Gecko) Mobile Safari/537.36 (compatible; PetalBot;+https://webmaster.petalsearch.com/site/petalbot)"
51.222.253.11 - - [31/Mar/2025:03:45:44 -0400] "GET /page/52/ HTTP/1.1" 404 1251 "-" "Mozilla/5.0 (compatible; AhrefsBot/7.0; +http://ahrefs.com/robot/)"
2a02:598:64:8a00::3100:1f - - [31/Mar/2025:03:46:20 -0400] "GET /what-does-a-cabinet-manufacturer-do/ HTTP/1.1" 404 1251 "-" "Mozilla/5.0 (compatible; SeznamBot/4.0; +https://o-seznam.cz/napoveda/vyhledavani/en/seznambot-crawler/)"
114.119.134.79 - - [31/Mar/2025:03:47:00 -0400] "GET /how-to-buy-likes-for-youtube-videos/ HTTP/1.1" 404 1251 "https://stannswarehouse.com/how-to-buy-likes-for-youtube-videos/" "Mozilla/5.0 (Linux; Android 7.0;) AppleWebKit/537.36 (KHTML, like Gecko) Mobile Safari/537.36 (compatible; PetalBot;+https://webmaster.petalsearch.com/site/petalbot)"
195.2.67.184 - - [31/Mar/2025:03:48:15 -0400] "GET /all-you-need-to-know-regarding-cbd-oil/ HTTP/1.1" 404 1251 "https://stannswarehouse.com/all-you-need-to-know-regarding-cbd-oil/#comment-28833/" "Mozilla/5.0 (Windows NT 10.0; Win64; x64) AppleWebKit/537.36 (KHTML, like Gecko) Chrome/131.0.0.0 Safari/537.36 Avast/131.0.0.0"
195.2.67.184 - - [31/Mar/2025:03:48:15 -0400] "GET / HTTP/1.1" 200 156148 "https://stannswarehouse.com/" "Mozilla/5.0 (Windows NT 10.0; Win64; x64) AppleWebKit/537.36 (KHTML, like Gecko) Chrome/131.0.0.0 Safari/537.36 Avast/131.0.0.0"
114.119.145.187 - - [31/Mar/2025:03:48:28 -0400] "GET /gp/registry/wishlist/ HTTP/1.1" 404 1251 "https://stannswarehouse.com/" "Mozilla/5.0 (Linux; Android 7.0;) AppleWebKit/537.36 (KHTML, like Gecko) Mobile Safari/537.36 (compatible; PetalBot;+https://webmaster.petalsearch.com/site/petalbot)"
114.119.145.187 - - [31/Mar/2025:03:49:47 -0400] "GET /gp/customer-reviews/RSOLMCOFAZGYC/ref=cm_cr_dp_d_rvw_ttl?ie=UTF8&ASIN=B0DG4WZZPV HTTP/1.1" 404 1251 "https://stannswarehouse.com/" "Mozilla/5.0 (Linux; Android 7.0;) AppleWebKit/537.36 (KHTML, like Gecko) Mobile Safari/537.36 (compatible; PetalBot;+https://webmaster.petalsearch.com/site/petalbot)"
58.254.68.93 - - [31/Mar/2025:03:50:44 -0400] "GET /unveiling-the-world-of-satta-king-a-comprehensive-guide/ HTTP/1.1" 404 1251 "https://stannswarehouse.com" "Mozilla/5.0 (Windows NT 10.0; Win64; x64) AppleWebKit/537.36 (KHTML, like Gecko) Chrome/62.0.3202.94 Safari/537.36"
58.254.68.93 - - [31/Mar/2025:03:50:45 -0400] "GET /unveiling-the-world-of-satta-king-a-comprehensive-guide/ HTTP/1.1" 404 1251 "https://stannswarehouse.com" "Mozilla/5.0 (Windows NT 10.0; Win64; x64) AppleWebKit/537.36 (KHTML, like Gecko) Chrome/62.0.3202.94 Safari/537.36"
58.254.68.93 - - [31/Mar/2025:03:50:48 -0400] "GET /unveiling-the-world-of-satta-king-a-comprehensive-guide/ HTTP/1.1" 404 1251 "https://stannswarehouse.com" "Mozilla/5.0 (Windows NT 10.0; Win64; x64) AppleWebKit/537.36 (KHTML, like Gecko) Chrome/62.0.3202.94 Safari/537.36"
58.254.68.93 - - [31/Mar/2025:03:50:50 -0400] "GET /unveiling-the-world-of-satta-king-a-comprehensive-guide/ HTTP/1.1" 404 1251 "https://stannswarehouse.com" "Mozilla/5.0 (Windows NT 10.0; Win64; x64) AppleWebKit/537.36 (KHTML, like Gecko) Chrome/62.0.3202.94 Safari/537.36"
114.119.145.187 - - [31/Mar/2025:03:51:11 -0400] "GET /dp/B09WXH9BH7?ref=MarsFS_AUCC_ch HTTP/1.1" 404 1251 "https://stannswarehouse.com/" "Mozilla/5.0 (Linux; Android 7.0;) AppleWebKit/537.36 (KHTML, like Gecko) Mobile Safari/537.36 (compatible; PetalBot;+https://webmaster.petalsearch.com/site/petalbot)"
2a02:598:96:8a00::1200:127 - - [31/Mar/2025:03:51:22 -0400] "GET /spell-to-make-someone-obsessed-with-you/ HTTP/1.1" 404 1251 "-" "Mozilla/5.0 (compatible; SeznamBot/4.0; +https://o-seznam.cz/napoveda/vyhledavani/en/seznambot-crawler/)"
114.119.128.35 - - [31/Mar/2025:03:52:33 -0400] "GET /category/activity/page/38/ HTTP/1.1" 404 1251 "https://stannswarehouse.com/category/activity/page/39/" "Mozilla/5.0 (Linux; Android 7.0;) AppleWebKit/537.36 (KHTML, like Gecko) Mobile Safari/537.36 (compatible; PetalBot;+https://webmaster.petalsearch.com/site/petalbot)"
195.2.67.184 - - [31/Mar/2025:03:53:24 -0400] "GET /all-you-need-to-know-regarding-cbd-oil/ HTTP/1.1" 404 1251 "https://stannswarehouse.com/all-you-need-to-know-regarding-cbd-oil/#comment-28833/" "Mozilla/5.0 (Windows NT 10.0; Win64; x64) AppleWebKit/537.36 (KHTML, like Gecko) Chrome/130.0.0.0 Safari/537.36"
195.2.67.184 - - [31/Mar/2025:03:53:24 -0400] "GET / HTTP/1.1" 200 156148 "https://stannswarehouse.com/" "Mozilla/5.0 (Windows NT 10.0; Win64; x64) AppleWebKit/537.36 (KHTML, like Gecko) Chrome/130.0.0.0 Safari/537.36"
134.17.14.122 - - [31/Mar/2025:03:53:31 -0400] "GET /wp-content/BypassBest.php HTTP/1.1" 404 1251 "-" "Mozilla/4.0 (compatible; MSIE 6.0; Windows NT 5.1; SV1)"
114.119.145.216 - - [31/Mar/2025:03:53:57 -0400] "GET /Amazon/b/ref=bl_dp_s_web_7940963051?ie=UTF8&node=7940963051&=Amazon HTTP/1.1" 404 1251 "https://stannswarehouse.com/" "Mozilla/5.0 (Linux; Android 7.0;) AppleWebKit/537.36 (KHTML, like Gecko) Mobile Safari/537.36 (compatible; PetalBot;+https://webmaster.petalsearch.com/site/petalbot)"
178.20.46.206 - - [31/Mar/2025:03:54:56 -0400] "GET /all-you-need-to-know-regarding-cbd-oil/ HTTP/1.1" 404 1251 "https://stannswarehouse.com/all-you-need-to-know-regarding-cbd-oil/" "Mozilla/5.0 (Windows NT 10.0; Win64; x64) AppleWebKit/537.36 (KHTML, like Gecko) Chrome/130.0.0.0 Safari/537.36 CCleaner/130.0.0.0"
178.20.46.206 - - [31/Mar/2025:03:54:57 -0400] "GET / HTTP/1.1" 200 156148 "https://stannswarehouse.com/" "Mozilla/5.0 (Windows NT 10.0; Win64; x64) AppleWebKit/537.36 (KHTML, like Gecko) Chrome/130.0.0.0 Safari/537.36 CCleaner/130.0.0.0"
93.183.93.32 - - [31/Mar/2025:03:54:58 -0400] "GET /all-you-need-to-know-regarding-cbd-oil/ HTTP/1.1" 404 1251 "https://stannswarehouse.com/all-you-need-to-know-regarding-cbd-oil/" "Mozilla/5.0 (Windows NT 10.0; Win64; x64) AppleWebKit/537.36 (KHTML, like Gecko) Chrome/131.0.0.0 Safari/537.36 Avast/131.0.0.0"
93.183.93.32 - - [31/Mar/2025:03:54:58 -0400] "GET / HTTP/1.1" 200 156148 "https://stannswarehouse.com/" "Mozilla/5.0 (Windows NT 10.0; Win64; x64) AppleWebKit/537.36 (KHTML, like Gecko) Chrome/131.0.0.0 Safari/537.36 Avast/131.0.0.0"
58.254.68.93 - - [31/Mar/2025:03:55:17 -0400] "GET /unveiling-the-world-of-satta-king-a-comprehensive-guide/ HTTP/1.1" 404 1251 "https://stannswarehouse.com" "Mozilla/5.0 (Windows NT 10.0; Win64; x64) AppleWebKit/537.36 (KHTML, like Gecko) Chrome/62.0.3202.94 Safari/537.36"
58.254.68.93 - - [31/Mar/2025:03:55:21 -0400] "GET /unveiling-the-world-of-satta-king-a-comprehensive-guide/ HTTP/1.1" 404 1251 "https://stannswarehouse.com" "Mozilla/5.0 (Windows NT 10.0; Win64; x64) AppleWebKit/537.36 (KHTML, like Gecko) Chrome/62.0.3202.94 Safari/537.36"
58.254.68.93 - - [31/Mar/2025:03:55:22 -0400] "GET /unveiling-the-world-of-satta-king-a-comprehensive-guide/ HTTP/1.1" 404 1251 "https://stannswarehouse.com" "Mozilla/5.0 (Windows NT 10.0; Win64; x64) AppleWebKit/537.36 (KHTML, like Gecko) Chrome/62.0.3202.94 Safari/537.36"
58.254.68.93 - - [31/Mar/2025:03:55:24 -0400] "GET /unveiling-the-world-of-satta-king-a-comprehensive-guide/ HTTP/1.1" 404 1251 "https://stannswarehouse.com" "Mozilla/5.0 (Windows NT 10.0; Win64; x64) AppleWebKit/537.36 (KHTML, like Gecko) Chrome/62.0.3202.94 Safari/537.36"
47.79.63.183 - - [31/Mar/2025:04:01:05 -0400] "GET / HTTP/1.1" 200 156148 "https://www.google.com/" "Mozilla/5.0 (Linux; Android 10; K) AppleWebKit/537.36 (KHTML, like Gecko) Chrome/132.0.0.0 Mobile Safari/537.36"
47.82.35.240 - - [31/Mar/2025:04:01:05 -0400] "GET / HTTP/1.1" 200 156148 "https://www.google.com/" "Mozilla/5.0 (Linux; Android 10; K) AppleWebKit/537.36 (KHTML, like Gecko) Chrome/132.0.0.0 Mobile Safari/537.36"
85.208.98.20 - - [31/Mar/2025:04:01:49 -0400] "GET /the-famous-and-inspiring-the-little-prince-quotes/ HTTP/1.1" 404 1251 "-" "Mozilla/5.0 (compatible; SemrushBot-BA; +http://www.semrush.com/bot.html)"
85.208.98.24 - - [31/Mar/2025:04:02:18 -0400] "GET /the-little-prince-quotes/ HTTP/1.1" 404 1251 "-" "Mozilla/5.0 (compatible; SemrushBot-BA; +http://www.semrush.com/bot.html)"
114.119.140.48 - - [31/Mar/2025:04:03:03 -0400] "GET /dp/B08LZ3LTFV?ref=MarsFS_VICC_rvdwired_cornerkit HTTP/1.1" 404 1251 "https://stannswarehouse.com/" "Mozilla/5.0 (Linux; Android 7.0;) AppleWebKit/537.36 (KHTML, like Gecko) Mobile Safari/537.36 (compatible; PetalBot;+https://webmaster.petalsearch.com/site/petalbot)"
51.222.253.14 - - [31/Mar/2025:04:03:49 -0400] "GET /tour-de-lit-renard/ HTTP/1.1" 404 1251 "-" "Mozilla/5.0 (compatible; AhrefsBot/7.0; +http://ahrefs.com/robot/)"
198.235.24.174 - - [31/Mar/2025:04:04:12 -0400] "GET / HTTP/1.1" 200 156148 "-" "-"
195.2.67.184 - - [31/Mar/2025:04:05:18 -0400] "GET /all-you-need-to-know-regarding-cbd-oil/ HTTP/1.1" 404 1251 "https://stannswarehouse.com/all-you-need-to-know-regarding-cbd-oil/#comment-28833/" "Mozilla/5.0 (Windows NT 10.0; Win64; x64) AppleWebKit/537.36 (KHTML, like Gecko) Chrome/131.0.0.0 Safari/537.36"
195.2.67.184 - - [31/Mar/2025:04:05:19 -0400] "GET / HTTP/1.1" 200 156148 "https://stannswarehouse.com/" "Mozilla/5.0 (Windows NT 10.0; Win64; x64) AppleWebKit/537.36 (KHTML, like Gecko) Chrome/131.0.0.0 Safari/537.36"
2a02:598:96:8a00::1200:127 - - [31/Mar/2025:04:06:15 -0400] "GET /major-league-broadcasting/ HTTP/1.1" 404 1251 "-" "Mozilla/5.0 (compatible; SeznamBot/4.0; +https://o-seznam.cz/napoveda/vyhledavani/en/seznambot-crawler/)"
66.249.66.33 - - [31/Mar/2025:04:06:25 -0400] "GET /youtube-marketing-the-secret-to-driving-massive-traffic-to-your-business/ HTTP/1.1" 404 1251 "-" "Mozilla/5.0 (Linux; Android 6.0.1; Nexus 5X Build/MMB29P) AppleWebKit/537.36 (KHTML, like Gecko) Chrome/134.0.6998.165 Mobile Safari/537.36 (compatible; Googlebot/2.1; +http://www.google.com/bot.html)"
114.119.145.216 - - [31/Mar/2025:04:18:15 -0400] "GET /the-thrill-of-the-games/ HTTP/1.1" 404 1251 "https://stannswarehouse.com/page/31/" "Mozilla/5.0 (Linux; Android 7.0;) AppleWebKit/537.36 (KHTML, like Gecko) Mobile Safari/537.36 (compatible; PetalBot;+https://webmaster.petalsearch.com/site/petalbot)"
185.191.171.18 - - [31/Mar/2025:04:20:59 -0400] "GET /robots.txt HTTP/1.1" 304 0 "-" "Mozilla/5.0 (compatible; SemrushBot/7~bl; +http://www.semrush.com/bot.html)"
185.191.171.3 - - [31/Mar/2025:04:21:01 -0400] "GET /exploring-the-world-of-rainbow-riches-casino/ HTTP/1.1" 404 1251 "-" "Mozilla/5.0 (compatible; SemrushBot/7~bl; +http://www.semrush.com/bot.html)"
51.222.253.20 - - [31/Mar/2025:04:21:40 -0400] "GET /le-meilleur-produit-dargenterie-est-un-ensemble-fonctionnel-polyvalent-et-esthetique/ HTTP/1.1" 404 1251 "-" "Mozilla/5.0 (compatible; AhrefsBot/7.0; +http://ahrefs.com/robot/)"
2a02:598:64:8a00::3100:1f - - [31/Mar/2025:04:22:17 -0400] "GET /the-superiority-of-ppr-pipes-and-fittings-in-modern-plumbing/ HTTP/1.1" 404 1251 "-" "Mozilla/5.0 (compatible; SeznamBot/4.0; +https://o-seznam.cz/napoveda/vyhledavani/en/seznambot-crawler/)"
195.2.67.184 - - [31/Mar/2025:04:22:36 -0400] "GET /all-you-need-to-know-regarding-cbd-oil/ HTTP/1.1" 404 1251 "https://stannswarehouse.com/all-you-need-to-know-regarding-cbd-oil/#comment-28833/" "Mozilla/5.0 (Windows NT 10.0; Win64; x64) AppleWebKit/537.36 (KHTML, like Gecko) Chrome/129.0.0.0 Safari/537.36"
195.2.67.184 - - [31/Mar/2025:04:22:37 -0400] "GET / HTTP/1.1" 200 156148 "https://stannswarehouse.com/" "Mozilla/5.0 (Windows NT 10.0; Win64; x64) AppleWebKit/537.36 (KHTML, like Gecko) Chrome/129.0.0.0 Safari/537.36"
2a02:598:96:8a00::1200:127 - - [31/Mar/2025:04:25:14 -0400] "GET /secrets-of-real-estate-investment/ HTTP/1.1" 404 1251 "-" "Mozilla/5.0 (compatible; SeznamBot/4.0; +https://o-seznam.cz/napoveda/vyhledavani/en/seznambot-crawler/)"
89.223.118.51 - - [31/Mar/2025:04:29:57 -0400] "GET /flathead-lake-tours/ HTTP/1.1" 404 1251 "-" "Mozilla/5.0 (Macintosh; Intel Mac OS X 10_15_7) AppleWebKit/537.36 (KHTML, like Gecko) Chrome/125.0.0.0 Safari/537.36"
2a03:2880:f800:17:: - - [31/Mar/2025:04:30:31 -0400] "GET /the-best-way-to-convert-video-to-mp4-on-mac/ HTTP/1.1" 404 1251 "-" "meta-externalagent/1.1 (+https://developers.facebook.com/docs/sharing/webmasters/crawler)"
178.20.46.206 - - [31/Mar/2025:04:35:47 -0400] "GET /all-you-need-to-know-regarding-cbd-oil/ HTTP/1.1" 404 1251 "https://stannswarehouse.com/all-you-need-to-know-regarding-cbd-oil/" "Mozilla/5.0 (Windows NT 10.0; Win64; x64) AppleWebKit/537.36 (KHTML, like Gecko) Chrome/130.0.0.0 Safari/537.36"
178.20.46.206 - - [31/Mar/2025:04:35:48 -0400] "GET / HTTP/1.1" 200 156148 "https://stannswarehouse.com/" "Mozilla/5.0 (Windows NT 10.0; Win64; x64) AppleWebKit/537.36 (KHTML, like Gecko) Chrome/130.0.0.0 Safari/537.36"
196.251.69.226 - - [31/Mar/2025:04:36:36 -0400] "GET /mah.php HTTP/1.1" 404 1251 "www.google.com" "Mozlila/5.0 (Linux; Android 7.0; SM-G892A Bulid/NRD90M; wv) AppleWebKit/537.36 (KHTML, like Gecko) Version/4.0 Chrome/60.0.3112.107 Moblie Safari/537.36"
195.2.67.184 - - [31/Mar/2025:04:37:06 -0400] "GET /all-you-need-to-know-regarding-cbd-oil/ HTTP/1.1" 404 1251 "https://stannswarehouse.com/all-you-need-to-know-regarding-cbd-oil/#comment-28833/" "Mozilla/5.0 (Windows NT 10.0; Win64; x64) AppleWebKit/537.36 (KHTML, like Gecko) Chrome/131.0.0.0 Safari/537.36"
195.2.67.184 - - [31/Mar/2025:04:37:08 -0400] "GET / HTTP/1.1" 200 156148 "https://stannswarehouse.com/" "Mozilla/5.0 (Windows NT 10.0; Win64; x64) AppleWebKit/537.36 (KHTML, like Gecko) Chrome/131.0.0.0 Safari/537.36"
51.222.253.10 - - [31/Mar/2025:04:39:04 -0400] "GET /page/7/ HTTP/1.1" 404 1251 "-" "Mozilla/5.0 (compatible; AhrefsBot/7.0; +http://ahrefs.com/robot/)"
198.54.114.83 - - [31/Mar/2025:04:39:04 -0400] "POST /wp-admin/admin-ajax.php?action=async_litespeed&nonce=ccM2yfoRdMtuW9kwBKOKC4ViSZJ5gzUB&litespeed_type=imgoptm HTTP/1.1" 200 5 "-" "WordPress/6.7.2; https://stannswarehouse.com"
118.161.204.124 - - [31/Mar/2025:04:41:15 -0400] "GET /how-to-avoid-dangerous-patterns-of-gambling-in-poker/ HTTP/1.1" 404 1251 "-" "Mozilla/5.0 (Windows NT 10.0; Win64; x64) AppleWebKit/537.36 (KHTML, like Gecko) Chrome/114.0.0.0 Safari/537.36 Edg/114.0.1264.71"
118.161.204.124 - - [31/Mar/2025:04:42:02 -0400] "GET /how-to-avoid-dangerous-patterns-of-gambling-in-poker/ HTTP/1.1" 404 1251 "-" "Mozilla/5.0 (Windows NT 10.0; Win64; x64) AppleWebKit/537.36 (KHTML, like Gecko) Chrome/114.0.0.0 Safari/537.36 Edg/114.0.1264.71"
118.161.204.124 - - [31/Mar/2025:04:42:22 -0400] "GET /how-to-avoid-dangerous-patterns-of-gambling-in-poker/ HTTP/1.1" 404 1251 "-" "Mozilla/5.0 (Windows NT 10.0; Win64; x64) AppleWebKit/537.36 (KHTML, like Gecko) Chrome/114.0.0.0 Safari/537.36 Edg/114.0.1264.71"
2a02:598:64:8a00::3100:1f - - [31/Mar/2025:04:42:22 -0400] "GET /on-sale-michael-kors-bags/ HTTP/1.1" 404 1251 "-" "Mozilla/5.0 (compatible; SeznamBot/4.0; +https://o-seznam.cz/napoveda/vyhledavani/en/seznambot-crawler/)"
118.161.204.124 - - [31/Mar/2025:04:42:32 -0400] "GET /how-to-avoid-dangerous-patterns-of-gambling-in-poker/ HTTP/1.1" 404 1251 "-" "Mozilla/5.0 (Windows NT 10.0; Win64; x64) AppleWebKit/537.36 (KHTML, like Gecko) Chrome/114.0.0.0 Safari/537.36 Edg/114.0.1264.71"
118.161.204.124 - - [31/Mar/2025:04:44:51 -0400] "GET /how-to-avoid-dangerous-patterns-of-gambling-in-poker/ HTTP/1.1" 404 1251 "-" "Mozilla/5.0 (Windows NT 10.0; Win64; x64) AppleWebKit/537.36 (KHTML, like Gecko) Chrome/114.0.0.0 Safari/537.36 Edg/114.0.1264.71"
2a02:598:96:8a00::1200:127 - - [31/Mar/2025:04:47:49 -0400] "GET /the-best-way-to-convert-video-to-mp4-on-mac/ HTTP/1.1" 404 1251 "-" "Mozilla/5.0 (compatible; SeznamBot/4.0; +https://o-seznam.cz/napoveda/vyhledavani/en/seznambot-crawler/)"
198.54.114.83 - - [31/Mar/2025:04:54:37 -0400] "POST /wp-admin/admin-ajax.php?action=async_litespeed&nonce=SZJUAQhvw9tIM7IiTgJQiXPaBqMjm0Xm&litespeed_type=imgoptm HTTP/1.1" 200 0 "-" "WordPress/6.7.2; https://stannswarehouse.com"
104.207.54.74 - - [31/Mar/2025:04:54:39 -0400] "GET /wp-login.php HTTP/1.1" 200 1716 "-" "Mozilla/5.0 (Windows NT 10.0; Win64; x64) AppleWebKit/537.36 (KHTML, like Gecko) Chrome/106.0.0.0 Safari/537.36"
2a02:598:64:8a00::3100:1f - - [31/Mar/2025:04:55:26 -0400] "GET /empowerment-through-personal-life-coaching/ HTTP/1.1" 404 1251 "-" "Mozilla/5.0 (compatible; SeznamBot/4.0; +https://o-seznam.cz/napoveda/vyhledavani/en/seznambot-crawler/)"
114.119.145.216 - - [31/Mar/2025:04:56:57 -0400] "GET /top-winners-in-medical-social-networking-sites/ HTTP/1.1" 404 1251 "https://stannswarehouse.com/diamond-painting-accessories/" "Mozilla/5.0 (Linux; Android 7.0;) AppleWebKit/537.36 (KHTML, like Gecko) Mobile Safari/537.36 (compatible; PetalBot;+https://webmaster.petalsearch.com/site/petalbot)"
114.119.145.216 - - [31/Mar/2025:04:58:03 -0400] "GET /how-to-start-your-own-curb-address-painting-service-business/ HTTP/1.1" 404 1251 "https://stannswarehouse.com/online-gambling-handy-tips/" "Mozilla/5.0 (Linux; Android 7.0;) AppleWebKit/537.36 (KHTML, like Gecko) Mobile Safari/537.36 (compatible; PetalBot;+https://webmaster.petalsearch.com/site/petalbot)"
51.222.253.11 - - [31/Mar/2025:04:58:36 -0400] "GET /category/activity/page/52/ HTTP/1.1" 404 1251 "-" "Mozilla/5.0 (compatible; AhrefsBot/7.0; +http://ahrefs.com/robot/)"
114.119.134.79 - - [31/Mar/2025:04:59:25 -0400] "GET /german-classes-london/ HTTP/1.1" 404 1251 "https://stannswarehouse.com/a-comparative-analysis/" "Mozilla/5.0 (Linux; Android 7.0;) AppleWebKit/537.36 (KHTML, like Gecko) Mobile Safari/537.36 (compatible; PetalBot;+https://webmaster.petalsearch.com/site/petalbot)"
195.2.85.173 - - [31/Mar/2025:05:00:31 -0400] "GET /all-you-need-to-know-regarding-cbd-oil/ HTTP/1.1" 404 1251 "https://stannswarehouse.com/all-you-need-to-know-regarding-cbd-oil/" "Mozilla/5.0 (Windows NT 10.0; Win64; x64) AppleWebKit/537.36 (KHTML, like Gecko) Chrome/103.0.5060.66 Safari/537.36"
195.2.85.173 - - [31/Mar/2025:05:00:32 -0400] "GET / HTTP/1.1" 200 156148 "https://stannswarehouse.com/" "Mozilla/5.0 (Windows NT 10.0; Win64; x64) AppleWebKit/537.36 (KHTML, like Gecko) Chrome/103.0.5060.66 Safari/537.36"
114.119.145.216 - - [31/Mar/2025:05:00:56 -0400] "GET /revitalizing-your-home-the-power-of-pressure-washing-your-driveway/ HTTP/1.1" 404 1251 "https://stannswarehouse.com/revitalizing-surfaces-the-power-of-pressure-cleaning-services/" "Mozilla/5.0 (Linux; Android 7.0;) AppleWebKit/537.36 (KHTML, like Gecko) Mobile Safari/537.36 (compatible; PetalBot;+https://webmaster.petalsearch.com/site/petalbot)"
114.119.145.187 - - [31/Mar/2025:05:02:15 -0400] "GET /category/activity/page/69/ HTTP/1.1" 404 1251 "https://stannswarehouse.com/category/activity/page/68/" "Mozilla/5.0 (Linux; Android 7.0;) AppleWebKit/537.36 (KHTML, like Gecko) Mobile Safari/537.36 (compatible; PetalBot;+https://webmaster.petalsearch.com/site/petalbot)"
114.119.145.216 - - [31/Mar/2025:05:04:01 -0400] "GET /the-role-of-industrial-water-tanks/ HTTP/1.1" 404 1251 "https://stannswarehouse.com/category/activity/page/45/" "Mozilla/5.0 (Linux; Android 7.0;) AppleWebKit/537.36 (KHTML, like Gecko) Mobile Safari/537.36 (compatible; PetalBot;+https://webmaster.petalsearch.com/site/petalbot)"
61.145.176.92 - - [31/Mar/2025:05:06:20 -0400] "GET / HTTP/1.1" 200 156148 "-" "Java/17.0.14"
94.181.156.210 - - [31/Mar/2025:05:06:45 -0400] "GET /barack-obama-slot-machine-critical-overview/ HTTP/1.1" 404 1251 "-" "Mozilla/5.0 (Windows NT 6.3; Win64; x64) AppleWebKit/537.36 (KHTML, like Gecko) Chrome/75.0.3770.100 Safari/537.36"
66.249.66.32 - - [31/Mar/2025:05:08:54 -0400] "GET /maximizing-impact-with-link-shorteners/ HTTP/1.1" 404 1251 "-" "Mozilla/5.0 (Linux; Android 6.0.1; Nexus 5X Build/MMB29P) AppleWebKit/537.36 (KHTML, like Gecko) Chrome/134.0.6998.165 Mobile Safari/537.36 (compatible; Googlebot/2.1; +http://www.google.com/bot.html)"
58.254.68.93 - - [31/Mar/2025:05:08:59 -0400] "GET /barack-obama-slot-machine-critical-overview/ HTTP/1.1" 404 1251 "https://stannswarehouse.com" "Mozilla/5.0 (Windows NT 10.0; Win64; x64) AppleWebKit/537.36 (KHTML, like Gecko) Chrome/62.0.3202.94 Safari/537.36"
58.254.68.93 - - [31/Mar/2025:05:09:02 -0400] "GET /barack-obama-slot-machine-critical-overview/ HTTP/1.1" 404 1251 "https://stannswarehouse.com" "Mozilla/5.0 (Windows NT 10.0; Win64; x64) AppleWebKit/537.36 (KHTML, like Gecko) Chrome/62.0.3202.94 Safari/537.36"
58.254.68.93 - - [31/Mar/2025:05:09:06 -0400] "GET /barack-obama-slot-machine-critical-overview/ HTTP/1.1" 404 1251 "https://stannswarehouse.com" "Mozilla/5.0 (Windows NT 10.0; Win64; x64) AppleWebKit/537.36 (KHTML, like Gecko) Chrome/62.0.3202.94 Safari/537.36"
58.254.68.93 - - [31/Mar/2025:05:09:07 -0400] "GET /barack-obama-slot-machine-critical-overview/ HTTP/1.1" 404 1251 "https://stannswarehouse.com" "Mozilla/5.0 (Windows NT 10.0; Win64; x64) AppleWebKit/537.36 (KHTML, like Gecko) Chrome/62.0.3202.94 Safari/537.36"
2a02:598:64:8a00::3100:1f - - [31/Mar/2025:05:09:28 -0400] "GET /the-importance-of-filing-a-tax-return/ HTTP/1.1" 404 1251 "-" "Mozilla/5.0 (compatible; SeznamBot/4.0; +https://o-seznam.cz/napoveda/vyhledavani/en/seznambot-crawler/)"
59.6.26.211 - - [31/Mar/2025:05:11:21 -0400] "GET /exploring-the-magic-of-rainbow-riches-casinos/ HTTP/1.1" 404 1251 "https://stannswarehouse.com/exploring-the-magic-of-rainbow-riches-casinos/#comment-27796" "Mozilla/5.0 (Windows NT 6.2; Win64; x64) AppleWebKit/537.36 (KHTML, like Gecko) Chrome/103.0.0.0 Safari/537.36"
59.6.26.211 - - [31/Mar/2025:05:11:22 -0400] "GET /steroids-thailand-top-quality-pharma-grade-steroids-from-global-brand-with-third-party-lab-testing/ HTTP/1.1" 404 1251 "https://stannswarehouse.com/steroids-thailand-top-quality-pharma-grade-steroids-from-global-brand-with-third-party-lab-testing/#comment-27844" "Mozilla/5.0 (Windows NT 6.1) AppleWebKit/537.36 (KHTML, like Gecko) Chrome/103.0.5060.114 Safari/537.36"
59.6.26.211 - - [31/Mar/2025:05:11:22 -0400] "GET / HTTP/1.1" 200 156148 "https://stannswarehouse.com/" "Mozilla/5.0 (Windows NT 6.2; Win64; x64) AppleWebKit/537.36 (KHTML, like Gecko) Chrome/103.0.0.0 Safari/537.36"
59.6.26.211 - - [31/Mar/2025:05:11:24 -0400] "GET / HTTP/1.1" 200 156148 "https://stannswarehouse.com/" "Mozilla/5.0 (Windows NT 6.1) AppleWebKit/537.36 (KHTML, like Gecko) Chrome/103.0.5060.114 Safari/537.36"
59.6.26.211 - - [31/Mar/2025:05:11:24 -0400] "GET /steroids-thailand-top-quality-pharma-grade-steroids-from-global-brand-with-third-party-lab-testing/ HTTP/1.1" 404 1251 "https://stannswarehouse.com/steroids-thailand-top-quality-pharma-grade-steroids-from-global-brand-with-third-party-lab-testing/#comment-28682" "Mozilla/5.0 (Windows NT 10.0; Win64; x64) AppleWebKit/537.36 (KHTML, like Gecko) Chrome/103.0.0.0 Safari/537.36"
59.6.26.211 - - [31/Mar/2025:05:11:25 -0400] "GET / HTTP/1.1" 200 156148 "https://stannswarehouse.com/" "Mozilla/5.0 (Windows NT 10.0; Win64; x64) AppleWebKit/537.36 (KHTML, like Gecko) Chrome/103.0.0.0 Safari/537.36"
85.208.96.193 - - [31/Mar/2025:05:17:03 -0400] "GET /category/activity/page/102/ HTTP/1.1" 404 1251 "-" "Mozilla/5.0 (compatible; SemrushBot/7~bl; +http://www.semrush.com/bot.html)"
2a02:598:64:8a00::3100:1f - - [31/Mar/2025:05:18:29 -0400] "GET /optimizing-athletic-performance-through-sports-nutrition/ HTTP/1.1" 404 1251 "-" "Mozilla/5.0 (compatible; SeznamBot/4.0; +https://o-seznam.cz/napoveda/vyhledavani/en/seznambot-crawler/)"
114.119.128.35 - - [31/Mar/2025:05:18:36 -0400] "GET /hourly-care-dorchester/ HTTP/1.1" 404 1251 "https://stannswarehouse.com/pressure-washing-gold-coast/" "Mozilla/5.0 (Linux; Android 7.0;) AppleWebKit/537.36 (KHTML, like Gecko) Mobile Safari/537.36 (compatible; PetalBot;+https://webmaster.petalsearch.com/site/petalbot)"
45.76.16.214 - - [31/Mar/2025:05:21:17 -0400] "GET /what-is-sports-rehab HTTP/1.1" 404 1251 "https://stannswarehouse.com" "Mozilla/5.0 (Windows NT 10.0; Win64; x64) AppleWebKit/537.36 (KHTML, like Gecko) Chrome/62.0.3202.94 Safari/537.36"
45.76.16.214 - - [31/Mar/2025:05:21:17 -0400] "GET /what-is-sports-rehab HTTP/1.1" 404 1251 "https://stannswarehouse.com" "Mozilla/5.0 (Windows NT 10.0; Win64; x64) AppleWebKit/537.36 (KHTML, like Gecko) Chrome/62.0.3202.94 Safari/537.36"
45.76.16.214 - - [31/Mar/2025:05:21:18 -0400] "GET /what-is-sports-rehab HTTP/1.1" 404 1251 "https://stannswarehouse.com" "Mozilla/5.0 (Windows NT 10.0; Win64; x64) AppleWebKit/537.36 (KHTML, like Gecko) Chrome/62.0.3202.94 Safari/537.36"
45.76.16.214 - - [31/Mar/2025:05:21:18 -0400] "GET /what-is-sports-rehab HTTP/1.1" 404 1251 "https://stannswarehouse.com" "Mozilla/5.0 (Windows NT 10.0; Win64; x64) AppleWebKit/537.36 (KHTML, like Gecko) Chrome/62.0.3202.94 Safari/537.36"
2a02:598:96:8a00::1200:127 - - [31/Mar/2025:05:21:24 -0400] "GET /how-custom-screen-printing-apparel-is-done/ HTTP/1.1" 404 1251 "-" "Mozilla/5.0 (compatible; SeznamBot/4.0; +https://o-seznam.cz/napoveda/vyhledavani/en/seznambot-crawler/)"
58.254.68.93 - - [31/Mar/2025:05:21:58 -0400] "GET /unveiling-the-world-of-satta-king-a-comprehensive-guide/ HTTP/1.1" 404 1251 "https://stannswarehouse.com" "Mozilla/5.0 (Windows NT 10.0; Win64; x64) AppleWebKit/537.36 (KHTML, like Gecko) Chrome/62.0.3202.94 Safari/537.36"
58.254.68.93 - - [31/Mar/2025:05:21:59 -0400] "GET /unveiling-the-world-of-satta-king-a-comprehensive-guide/ HTTP/1.1" 404 1251 "https://stannswarehouse.com" "Mozilla/5.0 (Windows NT 10.0; Win64; x64) AppleWebKit/537.36 (KHTML, like Gecko) Chrome/62.0.3202.94 Safari/537.36"
58.254.68.93 - - [31/Mar/2025:05:22:01 -0400] "GET /unveiling-the-world-of-satta-king-a-comprehensive-guide/ HTTP/1.1" 404 1251 "https://stannswarehouse.com" "Mozilla/5.0 (Windows NT 10.0; Win64; x64) AppleWebKit/537.36 (KHTML, like Gecko) Chrome/62.0.3202.94 Safari/537.36"
58.254.68.93 - - [31/Mar/2025:05:22:02 -0400] "GET /unveiling-the-world-of-satta-king-a-comprehensive-guide/ HTTP/1.1" 404 1251 "https://stannswarehouse.com" "Mozilla/5.0 (Windows NT 10.0; Win64; x64) AppleWebKit/537.36 (KHTML, like Gecko) Chrome/62.0.3202.94 Safari/537.36"
51.222.253.13 - - [31/Mar/2025:05:22:31 -0400] "GET /page/53/ HTTP/1.1" 404 1251 "-" "Mozilla/5.0 (compatible; AhrefsBot/7.0; +http://ahrefs.com/robot/)"
2a02:598:64:8a00::3100:1f - - [31/Mar/2025:05:25:19 -0400] "GET /custom-brand-socks/ HTTP/1.1" 404 1251 "-" "Mozilla/5.0 (compatible; SeznamBot/4.0; +https://o-seznam.cz/napoveda/vyhledavani/en/seznambot-crawler/)"
58.254.68.93 - - [31/Mar/2025:05:25:59 -0400] "GET /unveiling-the-world-of-satta-king-a-comprehensive-guide/ HTTP/1.1" 404 1251 "https://stannswarehouse.com" "Mozilla/5.0 (Windows NT 10.0; Win64; x64) AppleWebKit/537.36 (KHTML, like Gecko) Chrome/62.0.3202.94 Safari/537.36"
58.254.68.93 - - [31/Mar/2025:05:26:00 -0400] "GET /unveiling-the-world-of-satta-king-a-comprehensive-guide/ HTTP/1.1" 404 1251 "https://stannswarehouse.com" "Mozilla/5.0 (Windows NT 10.0; Win64; x64) AppleWebKit/537.36 (KHTML, like Gecko) Chrome/62.0.3202.94 Safari/537.36"
58.254.68.93 - - [31/Mar/2025:05:26:02 -0400] "GET /unveiling-the-world-of-satta-king-a-comprehensive-guide/ HTTP/1.1" 404 1251 "https://stannswarehouse.com" "Mozilla/5.0 (Windows NT 10.0; Win64; x64) AppleWebKit/537.36 (KHTML, like Gecko) Chrome/62.0.3202.94 Safari/537.36"
58.254.68.93 - - [31/Mar/2025:05:26:03 -0400] "GET /unveiling-the-world-of-satta-king-a-comprehensive-guide/ HTTP/1.1" 404 1251 "https://stannswarehouse.com" "Mozilla/5.0 (Windows NT 10.0; Win64; x64) AppleWebKit/537.36 (KHTML, like Gecko) Chrome/62.0.3202.94 Safari/537.36"
2a02:598:64:8a00::3100:1f - - [31/Mar/2025:05:27:32 -0400] "GET /tips-for-buying-an-rv-refrigerator/ HTTP/1.1" 404 1251 "-" "Mozilla/5.0 (compatible; SeznamBot/4.0; +https://o-seznam.cz/napoveda/vyhledavani/en/seznambot-crawler/)"
52.81.121.147 - - [31/Mar/2025:05:30:46 -0400] "GET /best-cbd-for-sleep-uk/ HTTP/1.1" 404 1251 "-" "Mozilla/5.0 (Linux; Android 8.0; Pixel 2 Build/OPD3.170816.012) AppleWebKit/537.36 (KHTML, like Gecko) Chrome/53.0.5669.1195 Mobile Safari/537.36"
2a02:598:96:8a00::1200:127 - - [31/Mar/2025:05:31:34 -0400] "GET /smart-lighting/ HTTP/1.1" 404 1251 "-" "Mozilla/5.0 (compatible; SeznamBot/4.0; +https://o-seznam.cz/napoveda/vyhledavani/en/seznambot-crawler/)"
47.238.13.4 - - [31/Mar/2025:05:32:07 -0400] "GET /category-sitemap.xml HTTP/1.1" 404 1251 "-" "Mozilla/5.0 (Macintosh; Intel Mac OS X 10_15_7) AppleWebKit/537.36 (KHTML, like Gecko) Chrome/109.0.0.0 Safari/537.36"
4.227.36.12 - - [31/Mar/2025:05:36:50 -0400] "GET /robots.txt HTTP/1.1" 200 23 "-" "Mozilla/5.0 AppleWebKit/537.36 (KHTML, like Gecko; compatible; GPTBot/1.2; +https://openai.com/gptbot)"
85.208.98.31 - - [31/Mar/2025:05:38:10 -0400] "GET /the-pitfalls-of-buying-youtube-views-and-subscribers/ HTTP/1.1" 404 1251 "-" "Mozilla/5.0 (compatible; SemrushBot-BA; +http://www.semrush.com/bot.html)"
114.119.140.48 - - [31/Mar/2025:05:38:16 -0400] "GET /eine-hangeleuchte-der-extraklasse/ HTTP/1.1" 404 1251 "https://stannswarehouse.com/category/activity/page/28/" "Mozilla/5.0 (Linux; Android 7.0;) AppleWebKit/537.36 (KHTML, like Gecko) Mobile Safari/537.36 (compatible; PetalBot;+https://webmaster.petalsearch.com/site/petalbot)"
114.119.149.43 - - [31/Mar/2025:05:39:44 -0400] "GET /category/activity/ HTTP/1.1" 404 1251 "https://stannswarehouse.com/the-power-of-purchasing-tiktok-followers/" "Mozilla/5.0 (Linux; Android 7.0;) AppleWebKit/537.36 (KHTML, like Gecko) Mobile Safari/537.36 (compatible; PetalBot;+https://webmaster.petalsearch.com/site/petalbot)"
113.77.221.167 - - [31/Mar/2025:05:39:54 -0400] "GET /diamond-painting-accessories HTTP/1.1" 404 1251 "-" "Java/17.0.14"
114.119.140.48 - - [31/Mar/2025:05:41:08 -0400] "GET /dp/B0CG2TPLJV?ref=MarsFS_VICC_PNTC HTTP/1.1" 404 1251 "https://stannswarehouse.com/" "Mozilla/5.0 (Linux; Android 7.0;) AppleWebKit/537.36 (KHTML, like Gecko) Mobile Safari/537.36 (compatible; PetalBot;+https://webmaster.petalsearch.com/site/petalbot)"
176.65.138.175 - - [31/Mar/2025:05:43:13 -0400] "GET / HTTP/1.1" 200 156148 "-" "python-requests/2.25.1"
51.222.253.9 - - [31/Mar/2025:05:43:52 -0400] "GET /%E0%B8%AA%E0%B8%A5%E0%B9%87%E0%B8%AD%E0%B8%958888%E0%B9%81%E0%B8%AB%E0%B8%A5%E0%B9%88%E0%B8%87%E0%B8%A3%E0%B8%A7%E0%B8%A1%E0%B9%80%E0%B8%A7%E0%B9%87%E0%B8%9Aslot-online%E0%B9%80%E0%B8%A7%E0%B9%87/feed/ HTTP/1.1" 404 1251 "-" "Mozilla/5.0 (compatible; AhrefsBot/7.0; +http://ahrefs.com/robot/)"
112.92.70.120 - - [31/Mar/2025:05:45:40 -0400] "GET /barack-obama-slot-machine-critical-overview/ HTTP/1.1" 404 1251 "https://stannswarehouse.com" "Mozilla/5.0 (Windows NT 10.0; Win64; x64) AppleWebKit/537.36 (KHTML, like Gecko) Chrome/62.0.3202.94 Safari/537.36"
112.92.70.120 - - [31/Mar/2025:05:45:41 -0400] "GET /barack-obama-slot-machine-critical-overview/ HTTP/1.1" 404 1251 "https://stannswarehouse.com" "Mozilla/5.0 (Windows NT 10.0; Win64; x64) AppleWebKit/537.36 (KHTML, like Gecko) Chrome/62.0.3202.94 Safari/537.36"
112.92.70.120 - - [31/Mar/2025:05:45:42 -0400] "GET /barack-obama-slot-machine-critical-overview/ HTTP/1.1" 404 1251 "https://stannswarehouse.com" "Mozilla/5.0 (Windows NT 10.0; Win64; x64) AppleWebKit/537.36 (KHTML, like Gecko) Chrome/62.0.3202.94 Safari/537.36"
112.92.70.120 - - [31/Mar/2025:05:45:43 -0400] "GET /barack-obama-slot-machine-critical-overview/ HTTP/1.1" 404 1251 "https://stannswarehouse.com" "Mozilla/5.0 (Windows NT 10.0; Win64; x64) AppleWebKit/537.36 (KHTML, like Gecko) Chrome/62.0.3202.94 Safari/537.36"
94.181.156.210 - - [31/Mar/2025:05:48:43 -0400] "GET /barack-obama-slot-machine-critical-overview/ HTTP/1.1" 404 1251 "-" "Mozilla/5.0 (Windows NT 6.3; Win64; x64) AppleWebKit/537.36 (KHTML, like Gecko) Chrome/75.0.3770.100 Safari/537.36"
58.254.68.93 - - [31/Mar/2025:05:49:00 -0400] "GET /unveiling-the-world-of-satta-king-a-comprehensive-guide/ HTTP/1.1" 404 1251 "https://stannswarehouse.com" "Mozilla/5.0 (Windows NT 10.0; Win64; x64) AppleWebKit/537.36 (KHTML, like Gecko) Chrome/62.0.3202.94 Safari/537.36"
