114.119.145.216 - - [29/Mar/2025:21:52:52 -0400] "GET /the-art-of-high-quality-nude-photography/ HTTP/1.1" 404 1251 "https://stannswarehouse.com/the-art-of-high-quality-nude-photography/" "Mozilla/5.0 (Linux; Android 7.0;) AppleWebKit/537.36 (KHTML, like Gecko) Mobile Safari/537.36 (compatible; PetalBot;+https://webmaster.petalsearch.com/site/petalbot)"
165.22.53.212 - - [29/Mar/2025:21:54:02 -0400] "GET /wp-login.php HTTP/1.1" 200 1717 "-" "Mozila/5.0"
198.54.114.83 - - [29/Mar/2025:21:54:06 -0400] "POST /wp-cron.php?doing_wp_cron=1743299646.2536981105804443359375 HTTP/1.1" 200 0 "-" "WordPress/6.7.2; https://stannswarehouse.com"
165.22.53.212 - - [29/Mar/2025:21:54:02 -0400] "POST /wp-login.php HTTP/1.1" 200 1847 "-" "Mozila/5.0"
165.22.53.212 - - [29/Mar/2025:21:54:06 -0400] "GET /wp-admin/ HTTP/1.1" 302 0 "-" "Mozila/5.0"
198.54.114.83 - - [29/Mar/2025:21:54:06 -0400] "POST /wp-admin/admin-ajax.php?action=async_litespeed&nonce=W0u2S9yEuBG3jlzq8hhJDWeSh4tGrcii&litespeed_type=imgoptm HTTP/1.1" 200 5 "-" "WordPress/6.7.2; https://stannswarehouse.com"
165.22.53.212 - - [29/Mar/2025:21:54:07 -0400] "GET /wp-login.php?redirect_to=https%3A%2F%2Fstannswarehouse.com%2Fwp-admin%2F&reauth=1 HTTP/1.1" 200 1716 "-" "Mozila/5.0"
114.119.128.35 - - [29/Mar/2025:21:54:16 -0400] "GET /the-watcher-of-realms-celebrating-the-greatest-heroes/ HTTP/1.1" 404 1251 "https://stannswarehouse.com/celebrating-the-finest-heroes/" "Mozilla/5.0 (Linux; Android 7.0;) AppleWebKit/537.36 (KHTML, like Gecko) Mobile Safari/537.36 (compatible; PetalBot;+https://webmaster.petalsearch.com/site/petalbot)"
114.119.154.41 - - [29/Mar/2025:21:55:38 -0400] "GET /poker-party-poker-the-popular-poker/ HTTP/1.1" 404 1251 "https://stannswarehouse.com/page/95/" "Mozilla/5.0 (Linux; Android 7.0;) AppleWebKit/537.36 (KHTML, like Gecko) Mobile Safari/537.36 (compatible; PetalBot;+https://webmaster.petalsearch.com/site/petalbot)"
2a02:598:96:8a00::1200:127 - - [29/Mar/2025:21:56:49 -0400] "GET /what-is-the-pex-al-pex-pipe/ HTTP/1.1" 404 1251 "-" "Mozilla/5.0 (compatible; SeznamBot/4.0; +https://o-seznam.cz/napoveda/vyhledavani/en/seznambot-crawler/)"
114.119.145.216 - - [29/Mar/2025:21:57:03 -0400] "GET /page/93/ HTTP/1.1" 404 1251 "https://stannswarehouse.com/page/93/" "Mozilla/5.0 (Linux; Android 7.0;) AppleWebKit/537.36 (KHTML, like Gecko) Mobile Safari/537.36 (compatible; PetalBot;+https://webmaster.petalsearch.com/site/petalbot)"
185.220.101.133 - - [29/Mar/2025:21:57:42 -0400] "GET / HTTP/1.1" 200 156148 "https://stannswarehouse.com" "Mozilla/5.0 (Windows NT 6.1; Win64; x64) AppleWebKit/537.36 (KHTML, like Gecko) Chrome/48.0.2564.109 Safari/537.36"
2a02:598:64:8a00::3100:1f - - [29/Mar/2025:21:57:57 -0400] "GET /how-to-use-kratom/ HTTP/1.1" 404 1251 "-" "Mozilla/5.0 (compatible; SeznamBot/4.0; +https://o-seznam.cz/napoveda/vyhledavani/en/seznambot-crawler/)"
51.222.253.2 - - [29/Mar/2025:21:57:57 -0400] "GET /strategies-for-optimal-performance/feed/ HTTP/1.1" 404 1251 "-" "Mozilla/5.0 (compatible; AhrefsBot/7.0; +http://ahrefs.com/robot/)"
114.119.149.43 - - [29/Mar/2025:21:58:28 -0400] "GET /how-to-transfer-bitcoin-to-paypal/ HTTP/1.1" 404 1251 "https://stannswarehouse.com/category/activity/page/81/" "Mozilla/5.0 (Linux; Android 7.0;) AppleWebKit/537.36 (KHTML, like Gecko) Mobile Safari/537.36 (compatible; PetalBot;+https://webmaster.petalsearch.com/site/petalbot)"
114.119.128.35 - - [29/Mar/2025:21:59:48 -0400] "GET /understanding-micropayments/ HTTP/1.1" 404 1251 "https://stannswarehouse.com/die-rolle-eines-anwalts-im-modernen-rechtssystem/" "Mozilla/5.0 (Linux; Android 7.0;) AppleWebKit/537.36 (KHTML, like Gecko) Mobile Safari/537.36 (compatible; PetalBot;+https://webmaster.petalsearch.com/site/petalbot)"
2a02:598:96:8a00::1200:127 - - [29/Mar/2025:21:59:49 -0400] "GET /nusa-penida-day-tour/ HTTP/1.1" 404 1251 "-" "Mozilla/5.0 (compatible; SeznamBot/4.0; +https://o-seznam.cz/napoveda/vyhledavani/en/seznambot-crawler/)"
114.119.128.35 - - [29/Mar/2025:22:01:12 -0400] "GET /tour-de-lit-renard/ HTTP/1.1" 404 1251 "https://stannswarehouse.com/mobile-de-lit-bois/" "Mozilla/5.0 (Linux; Android 7.0;) AppleWebKit/537.36 (KHTML, like Gecko) Mobile Safari/537.36 (compatible; PetalBot;+https://webmaster.petalsearch.com/site/petalbot)"
2a02:598:64:8a00::3100:1f - - [29/Mar/2025:22:01:53 -0400] "GET /exploring-the-evolution-of-online-casinos/ HTTP/1.1" 404 1251 "-" "Mozilla/5.0 (compatible; SeznamBot/4.0; +https://o-seznam.cz/napoveda/vyhledavani/en/seznambot-crawler/)"
114.119.145.216 - - [29/Mar/2025:22:02:41 -0400] "GET /tiktok-saves-buy/ HTTP/1.1" 404 1251 "https://stannswarehouse.com/tiktok-saves-buy/" "Mozilla/5.0 (Linux; Android 7.0;) AppleWebKit/537.36 (KHTML, like Gecko) Mobile Safari/537.36 (compatible; PetalBot;+https://webmaster.petalsearch.com/site/petalbot)"
2a02:598:96:8a00::1200:127 - - [29/Mar/2025:22:02:59 -0400] "GET /online-gambling-casino-now-offers-new-thrilling-games/ HTTP/1.1" 404 1251 "-" "Mozilla/5.0 (compatible; SeznamBot/4.0; +https://o-seznam.cz/napoveda/vyhledavani/en/seznambot-crawler/)"
114.119.149.43 - - [29/Mar/2025:22:04:01 -0400] "GET /the-ultimate-guide-to-accessing-classroom-6x-unblocked/ HTTP/1.1" 404 1251 "https://stannswarehouse.com/the-ultimate-guide-to-accessing-classroom-6x-unblocked/" "Mozilla/5.0 (Linux; Android 7.0;) AppleWebKit/537.36 (KHTML, like Gecko) Mobile Safari/537.36 (compatible; PetalBot;+https://webmaster.petalsearch.com/site/petalbot)"
114.119.140.48 - - [29/Mar/2025:22:05:25 -0400] "GET /the-benefits-of-a-tiled-conservatory-roof/ HTTP/1.1" 404 1251 "https://stannswarehouse.com/choosing-a-black-bedside-table-lamp/" "Mozilla/5.0 (Linux; Android 7.0;) AppleWebKit/537.36 (KHTML, like Gecko) Mobile Safari/537.36 (compatible; PetalBot;+https://webmaster.petalsearch.com/site/petalbot)"
2a02:598:64:8a00::3100:1f - - [29/Mar/2025:22:05:51 -0400] "GET /the-emergence-of-multicanais/ HTTP/1.1" 404 1251 "-" "Mozilla/5.0 (compatible; SeznamBot/4.0; +https://o-seznam.cz/napoveda/vyhledavani/en/seznambot-crawler/)"
114.119.145.216 - - [29/Mar/2025:22:06:46 -0400] "GET /rv-fridge/ HTTP/1.1" 404 1251 "https://stannswarehouse.com/page/122/" "Mozilla/5.0 (Linux; Android 7.0;) AppleWebKit/537.36 (KHTML, like Gecko) Mobile Safari/537.36 (compatible; PetalBot;+https://webmaster.petalsearch.com/site/petalbot)"
114.119.128.143 - - [29/Mar/2025:22:08:10 -0400] "GET /page/10/ HTTP/1.1" 404 1251 "https://stannswarehouse.com/page/10/" "Mozilla/5.0 (Linux; Android 7.0;) AppleWebKit/537.36 (KHTML, like Gecko) Mobile Safari/537.36 (compatible; PetalBot;+https://webmaster.petalsearch.com/site/petalbot)"
51.222.253.5 - - [29/Mar/2025:22:09:06 -0400] "GET /elegance-and-craftsmanship-the-legacy-of-italian-classic-furniture-manufacturers/feed/ HTTP/1.1" 404 1251 "-" "Mozilla/5.0 (compatible; AhrefsBot/7.0; +http://ahrefs.com/robot/)"
114.119.128.143 - - [29/Mar/2025:22:09:34 -0400] "GET /mettigel-a-delicacy-in-germany/ HTTP/1.1" 404 1251 "https://stannswarehouse.com/tips-to-understanding-the-carb-stationary-refrigeration-equipment-program/" "Mozilla/5.0 (Linux; Android 7.0;) AppleWebKit/537.36 (KHTML, like Gecko) Mobile Safari/537.36 (compatible; PetalBot;+https://webmaster.petalsearch.com/site/petalbot)"
114.119.140.48 - - [29/Mar/2025:22:10:57 -0400] "GET /methodes-pour-maintenir-letat-du-pelage-de-votre-chien/ HTTP/1.1" 404 1251 "https://robusttechhouse.com/artificial-intelligence-mobile-apps" "Mozilla/5.0 (Linux; Android 7.0;) AppleWebKit/537.36 (KHTML, like Gecko) Mobile Safari/537.36 (compatible; PetalBot;+https://webmaster.petalsearch.com/site/petalbot)"
114.119.145.187 - - [29/Mar/2025:22:12:20 -0400] "GET /mens-wash-bag-essentials/ HTTP/1.1" 404 1251 "https://stannswarehouse.com/leather-goods/" "Mozilla/5.0 (Linux; Android 7.0;) AppleWebKit/537.36 (KHTML, like Gecko) Mobile Safari/537.36 (compatible; PetalBot;+https://webmaster.petalsearch.com/site/petalbot)"
114.119.140.48 - - [29/Mar/2025:22:13:43 -0400] "GET /windows-swansea-2/ HTTP/1.1" 404 1251 "https://stannswarehouse.com/advertising-led-screen/" "Mozilla/5.0 (Linux; Android 7.0;) AppleWebKit/537.36 (KHTML, like Gecko) Mobile Safari/537.36 (compatible; PetalBot;+https://webmaster.petalsearch.com/site/petalbot)"
2a02:598:96:8a00::1200:127 - - [29/Mar/2025:22:14:14 -0400] "GET /revolutionizing-connectivity/ HTTP/1.1" 404 1251 "-" "Mozilla/5.0 (compatible; SeznamBot/4.0; +https://o-seznam.cz/napoveda/vyhledavani/en/seznambot-crawler/)"
114.119.128.143 - - [29/Mar/2025:22:15:07 -0400] "GET /what-is-a-virtual-makeup-try-on/ HTTP/1.1" 404 1251 "https://stannswarehouse.com/how-to-pool-your-way-to-riches-in-mega-millions-250-million-jackpot/" "Mozilla/5.0 (Linux; Android 7.0;) AppleWebKit/537.36 (KHTML, like Gecko) Mobile Safari/537.36 (compatible; PetalBot;+https://webmaster.petalsearch.com/site/petalbot)"
114.119.149.43 - - [29/Mar/2025:22:16:29 -0400] "GET /unveiling-the-ultimate-comfort-the-best-nipple-shield-for-nursing-moms/ HTTP/1.1" 404 1251 "https://stannswarehouse.com/unveiling-the-ultimate-comfort-the-best-nipple-shield-for-nursing-moms/" "Mozilla/5.0 (Linux; Android 7.0;) AppleWebKit/537.36 (KHTML, like Gecko) Mobile Safari/537.36 (compatible; PetalBot;+https://webmaster.petalsearch.com/site/petalbot)"
2a02:598:64:8a00::3100:1f - - [29/Mar/2025:22:17:01 -0400] "GET /michael-kors/ HTTP/1.1" 404 1251 "-" "Mozilla/5.0 (compatible; SeznamBot/4.0; +https://o-seznam.cz/napoveda/vyhledavani/en/seznambot-crawler/)"
114.119.128.35 - - [29/Mar/2025:22:17:54 -0400] "GET /plumbing-financing-boosts-customer-satisfaction-and-grows-revenue/ HTTP/1.1" 404 1251 "https://stannswarehouse.com/category/activity/page/118/" "Mozilla/5.0 (Linux; Android 7.0;) AppleWebKit/537.36 (KHTML, like Gecko) Mobile Safari/537.36 (compatible; PetalBot;+https://webmaster.petalsearch.com/site/petalbot)"
114.119.128.35 - - [29/Mar/2025:22:19:17 -0400] "GET /page/72/ HTTP/1.1" 404 1251 "https://stannswarehouse.com/page/73/" "Mozilla/5.0 (Linux; Android 7.0;) AppleWebKit/537.36 (KHTML, like Gecko) Mobile Safari/537.36 (compatible; PetalBot;+https://webmaster.petalsearch.com/site/petalbot)"
51.222.253.6 - - [29/Mar/2025:22:20:08 -0400] "GET /innovative-solutions-for-industry-double-sided-adhesive-tape-manufacturer/feed/ HTTP/1.1" 404 1251 "-" "Mozilla/5.0 (compatible; AhrefsBot/7.0; +http://ahrefs.com/robot/)"
114.119.140.48 - - [29/Mar/2025:22:20:40 -0400] "GET /the-modern-appeal-of-california-prefab-homes/ HTTP/1.1" 404 1251 "https://stannswarehouse.com/une-exploration-culinaire-inoubliable/" "Mozilla/5.0 (Linux; Android 7.0;) AppleWebKit/537.36 (KHTML, like Gecko) Mobile Safari/537.36 (compatible; PetalBot;+https://webmaster.petalsearch.com/site/petalbot)"
114.119.149.43 - - [29/Mar/2025:22:22:04 -0400] "GET /navigating-the-world-of-online-gambling-a-deep-dive-into-slots-and-casinos/ HTTP/1.1" 404 1251 "https://stannswarehouse.com/page/85/" "Mozilla/5.0 (Linux; Android 7.0;) AppleWebKit/537.36 (KHTML, like Gecko) Mobile Safari/537.36 (compatible; PetalBot;+https://webmaster.petalsearch.com/site/petalbot)"
114.119.128.35 - - [29/Mar/2025:22:23:28 -0400] "GET /limportance-de-lacide-folique-pour-la-sante/ HTTP/1.1" 404 1251 "https://stannswarehouse.com/limportance-de-lacide-folique-pour-la-sante/" "Mozilla/5.0 (Linux; Android 7.0;) AppleWebKit/537.36 (KHTML, like Gecko) Mobile Safari/537.36 (compatible; PetalBot;+https://webmaster.petalsearch.com/site/petalbot)"
114.119.145.216 - - [29/Mar/2025:22:24:51 -0400] "GET /know-more-about-long-beach-caregivers/ HTTP/1.1" 404 1251 "https://stannswarehouse.com/category/activity/page/142/" "Mozilla/5.0 (Linux; Android 7.0;) AppleWebKit/537.36 (KHTML, like Gecko) Mobile Safari/537.36 (compatible; PetalBot;+https://webmaster.petalsearch.com/site/petalbot)"
109.248.151.38 - - [29/Mar/2025:22:26:10 -0400] "GET /choosing-the-right-riveting-machine/ HTTP/1.1" 404 1251 "-" "Mozilla/5.0 (Windows NT 10.0; Win64; x64; rv:109.0) Gecko/20100101 Firefox/111.0"
114.119.149.43 - - [29/Mar/2025:22:26:17 -0400] "GET /is-real-estate-wholesaling-for-you-part-1/ HTTP/1.1" 404 1251 "https://stannswarehouse.com/real-estate-probate-what-is-probate-and-how-can-i-avoid-it/" "Mozilla/5.0 (Linux; Android 7.0;) AppleWebKit/537.36 (KHTML, like Gecko) Mobile Safari/537.36 (compatible; PetalBot;+https://webmaster.petalsearch.com/site/petalbot)"
114.119.140.48 - - [29/Mar/2025:22:27:38 -0400] "GET /instant-boiling-water-tap/ HTTP/1.1" 404 1251 "https://stannswarehouse.com/category/activity/page/97/" "Mozilla/5.0 (Linux; Android 7.0;) AppleWebKit/537.36 (KHTML, like Gecko) Mobile Safari/537.36 (compatible; PetalBot;+https://webmaster.petalsearch.com/site/petalbot)"
2a02:598:96:8a00::1200:127 - - [29/Mar/2025:22:29:01 -0400] "GET /window-diy-composite-doors-versus-upvc-front-door-upvc-back-door/ HTTP/1.1" 404 1251 "-" "Mozilla/5.0 (compatible; SeznamBot/4.0; +https://o-seznam.cz/napoveda/vyhledavani/en/seznambot-crawler/)"
114.119.140.48 - - [29/Mar/2025:22:29:07 -0400] "GET /innovative-design-for-contemporary-spaces/ HTTP/1.1" 404 1251 "https://stannswarehouse.com/the-rise-of-gpu-cloud-services-revolutionizing-computing-power/" "Mozilla/5.0 (Linux; Android 7.0;) AppleWebKit/537.36 (KHTML, like Gecko) Mobile Safari/537.36 (compatible; PetalBot;+https://webmaster.petalsearch.com/site/petalbot)"
114.119.145.216 - - [29/Mar/2025:22:30:25 -0400] "GET /how-to-buy-youtube-likes/ HTTP/1.1" 404 1251 "https://stannswarehouse.com/how-to-become-a-great-real-estate-agent/" "Mozilla/5.0 (Linux; Android 7.0;) AppleWebKit/537.36 (KHTML, like Gecko) Mobile Safari/537.36 (compatible; PetalBot;+https://webmaster.petalsearch.com/site/petalbot)"
114.119.145.187 - - [29/Mar/2025:22:31:49 -0400] "GET /how-does-tretinoin-for-collagen-work/ HTTP/1.1" 404 1251 "https://stannswarehouse.com/smart-lighting/" "Mozilla/5.0 (Linux; Android 7.0;) AppleWebKit/537.36 (KHTML, like Gecko) Mobile Safari/537.36 (compatible; PetalBot;+https://webmaster.petalsearch.com/site/petalbot)"
2a02:598:64:8a00::3100:1f - - [29/Mar/2025:22:31:52 -0400] "GET /understanding-aba-therapy/ HTTP/1.1" 404 1251 "-" "Mozilla/5.0 (compatible; SeznamBot/4.0; +https://o-seznam.cz/napoveda/vyhledavani/en/seznambot-crawler/)"
51.222.253.10 - - [29/Mar/2025:22:32:26 -0400] "GET /innovative-machinery-design/feed/ HTTP/1.1" 404 1251 "-" "Mozilla/5.0 (compatible; AhrefsBot/7.0; +http://ahrefs.com/robot/)"
114.119.154.41 - - [29/Mar/2025:22:33:13 -0400] "GET /fenbendazole-capsules-for-your-pet/ HTTP/1.1" 404 1251 "https://stannswarehouse.com/category/activity/page/103/" "Mozilla/5.0 (Linux; Android 7.0;) AppleWebKit/537.36 (KHTML, like Gecko) Mobile Safari/537.36 (compatible; PetalBot;+https://webmaster.petalsearch.com/site/petalbot)"
114.119.149.43 - - [29/Mar/2025:22:34:37 -0400] "GET /exploring-vietnam-a-comprehensive-guide-for-korean-travelers/ HTTP/1.1" 404 1251 "https://stannswarehouse.com/exploring-vietnam-a-comprehensive-guide-for-korean-travelers/" "Mozilla/5.0 (Linux; Android 7.0;) AppleWebKit/537.36 (KHTML, like Gecko) Mobile Safari/537.36 (compatible; PetalBot;+https://webmaster.petalsearch.com/site/petalbot)"
195.191.219.132 - - [29/Mar/2025:22:34:41 -0400] "GET /robots.txt HTTP/1.1" 304 0 "-" "Mozilla/5.0 (compatible; MJ12bot/v2.0.0; http://mj12bot.com/)"
195.191.219.132 - - [29/Mar/2025:22:34:42 -0400] "GET / HTTP/1.1" 200 156148 "-" "Mozilla/5.0 (compatible; MJ12bot/v2.0.0; http://mj12bot.com/)"
114.119.145.216 - - [29/Mar/2025:22:36:00 -0400] "GET /inislot/ HTTP/1.1" 404 1251 "https://stannswarehouse.com/inislot/" "Mozilla/5.0 (Linux; Android 7.0;) AppleWebKit/537.36 (KHTML, like Gecko) Mobile Safari/537.36 (compatible; PetalBot;+https://webmaster.petalsearch.com/site/petalbot)"
114.119.149.43 - - [29/Mar/2025:22:37:23 -0400] "GET /exploring-satebet-unveiling-the-dynamics-of-online-gaming/ HTTP/1.1" 404 1251 "https://stannswarehouse.com/category/activity/page/35/" "Mozilla/5.0 (Linux; Android 7.0;) AppleWebKit/537.36 (KHTML, like Gecko) Mobile Safari/537.36 (compatible; PetalBot;+https://webmaster.petalsearch.com/site/petalbot)"
196.251.69.226 - - [29/Mar/2025:22:38:21 -0400] "POST /wp-content/plugins/about.php HTTP/1.1" 404 1251 "http://stannswarehouse.com" "Mozilla/5.0 (Windows NT 10.0; Win64; x64) AppleWebKit/537.36 (KHTML, like Gecko) Chrome/91.0.4472.124 Safari/537.36"
196.251.69.226 - - [29/Mar/2025:22:38:21 -0400] "GET /wp-content/about.php HTTP/1.1" 404 1251 "http://stannswarehouse.com" "Mozilla/5.0 (Windows NT 10.0; Win64; x64) AppleWebKit/537.36 (KHTML, like Gecko) Chrome/91.0.4472.124 Safari/537.36"
196.251.69.226 - - [29/Mar/2025:22:38:26 -0400] "POST /wp-content/plugins/about.php HTTP/1.1" 404 1251 "http://stannswarehouse.com" "Mozilla/5.0 (Windows NT 10.0; Win64; x64) AppleWebKit/537.36 (KHTML, like Gecko) Chrome/91.0.4472.124 Safari/537.36"
196.251.69.226 - - [29/Mar/2025:22:38:27 -0400] "GET /wp-content/about.php HTTP/1.1" 404 1251 "http://stannswarehouse.com" "Mozilla/5.0 (Windows NT 10.0; Win64; x64) AppleWebKit/537.36 (KHTML, like Gecko) Chrome/91.0.4472.124 Safari/537.36"
196.251.69.226 - - [29/Mar/2025:22:38:30 -0400] "POST /wp-content/plugins/about.php HTTP/1.1" 404 1251 "http://stannswarehouse.com" "Mozilla/5.0 (Windows NT 10.0; Win64; x64) AppleWebKit/537.36 (KHTML, like Gecko) Chrome/91.0.4472.124 Safari/537.36"
196.251.69.226 - - [29/Mar/2025:22:38:30 -0400] "GET /wp-content/about.php HTTP/1.1" 404 1251 "http://stannswarehouse.com" "Mozilla/5.0 (Windows NT 10.0; Win64; x64) AppleWebKit/537.36 (KHTML, like Gecko) Chrome/91.0.4472.124 Safari/537.36"
196.251.69.226 - - [29/Mar/2025:22:38:32 -0400] "POST /wp.php HTTP/1.1" 404 1251 "http://stannswarehouse.com" "Mozilla/5.0 (Windows NT 10.0; Win64; x64) AppleWebKit/537.36 (KHTML, like Gecko) Chrome/91.0.4472.124 Safari/537.36"
196.251.69.226 - - [29/Mar/2025:22:38:33 -0400] "GET /about.php HTTP/1.1" 404 1251 "http://stannswarehouse.com" "Mozilla/5.0 (Windows NT 10.0; Win64; x64) AppleWebKit/537.36 (KHTML, like Gecko) Chrome/91.0.4472.124 Safari/537.36"
114.119.154.41 - - [29/Mar/2025:22:38:46 -0400] "GET /enhancing-workplace-dynamics-with-employee-communication-apps/ HTTP/1.1" 404 1251 "https://stannswarehouse.com/enhancing-workplace-dynamics-with-employee-communication-apps/" "Mozilla/5.0 (Linux; Android 7.0;) AppleWebKit/537.36 (KHTML, like Gecko) Mobile Safari/537.36 (compatible; PetalBot;+https://webmaster.petalsearch.com/site/petalbot)"
114.119.128.143 - - [29/Mar/2025:22:40:10 -0400] "GET /do-you-know-what-goes-into-the-best-rated-over-the-counter-wrinkle-cream/ HTTP/1.1" 404 1251 "https://stannswarehouse.com/category/activity/page/139/" "Mozilla/5.0 (Linux; Android 7.0;) AppleWebKit/537.36 (KHTML, like Gecko) Mobile Safari/537.36 (compatible; PetalBot;+https://webmaster.petalsearch.com/site/petalbot)"
2a02:598:64:8a00::3100:1f - - [29/Mar/2025:22:40:53 -0400] "GET /how-to-find-an-online-coach/ HTTP/1.1" 404 1251 "-" "Mozilla/5.0 (compatible; SeznamBot/4.0; +https://o-seznam.cz/napoveda/vyhledavani/en/seznambot-crawler/)"
114.119.128.143 - - [29/Mar/2025:22:41:33 -0400] "GET /crafting-effective-business-cards/ HTTP/1.1" 404 1251 "https://stannswarehouse.com/crafting-effective-business-cards/" "Mozilla/5.0 (Linux; Android 7.0;) AppleWebKit/537.36 (KHTML, like Gecko) Mobile Safari/537.36 (compatible; PetalBot;+https://webmaster.petalsearch.com/site/petalbot)"
114.119.128.35 - - [29/Mar/2025:22:42:57 -0400] "GET /category/activity/page/81/ HTTP/1.1" 404 1251 "https://stannswarehouse.com/category/activity/page/81/" "Mozilla/5.0 (Linux; Android 7.0;) AppleWebKit/537.36 (KHTML, like Gecko) Mobile Safari/537.36 (compatible; PetalBot;+https://webmaster.petalsearch.com/site/petalbot)"
114.119.128.143 - - [29/Mar/2025:22:44:20 -0400] "GET /category/activity/page/76/ HTTP/1.1" 404 1251 "https://stannswarehouse.com/category/activity/page/76/" "Mozilla/5.0 (Linux; Android 7.0;) AppleWebKit/537.36 (KHTML, like Gecko) Mobile Safari/537.36 (compatible; PetalBot;+https://webmaster.petalsearch.com/site/petalbot)"
51.222.253.13 - - [29/Mar/2025:22:44:43 -0400] "GET /the-importance-of-wholesale-pool-supplies/feed/ HTTP/1.1" 404 1251 "-" "Mozilla/5.0 (compatible; AhrefsBot/7.0; +http://ahrefs.com/robot/)"
114.119.149.43 - - [29/Mar/2025:22:45:44 -0400] "GET /category/activity/page/6/ HTTP/1.1" 404 1251 "https://stannswarehouse.com/category/activity/page/5/" "Mozilla/5.0 (Linux; Android 7.0;) AppleWebKit/537.36 (KHTML, like Gecko) Mobile Safari/537.36 (compatible; PetalBot;+https://webmaster.petalsearch.com/site/petalbot)"
114.119.128.35 - - [29/Mar/2025:22:47:08 -0400] "GET /category/activity/page/48/ HTTP/1.1" 404 1251 "https://stannswarehouse.com/category/activity/page/49/" "Mozilla/5.0 (Linux; Android 7.0;) AppleWebKit/537.36 (KHTML, like Gecko) Mobile Safari/537.36 (compatible; PetalBot;+https://webmaster.petalsearch.com/site/petalbot)"
114.119.128.143 - - [29/Mar/2025:22:48:31 -0400] "GET /category/activity/page/20/ HTTP/1.1" 404 1251 "https://stannswarehouse.com/category/activity/page/21/" "Mozilla/5.0 (Linux; Android 7.0;) AppleWebKit/537.36 (KHTML, like Gecko) Mobile Safari/537.36 (compatible; PetalBot;+https://webmaster.petalsearch.com/site/petalbot)"
118.161.204.124 - - [29/Mar/2025:22:48:41 -0400] "GET /how-to-avoid-dangerous-patterns-of-gambling-in-poker/ HTTP/1.1" 404 1251 "-" "Mozilla/5.0 (Windows NT 10.0; Win64; x64) AppleWebKit/537.36 (KHTML, like Gecko) Chrome/114.0.0.0 Safari/537.36"
118.161.204.124 - - [29/Mar/2025:22:48:41 -0400] "GET / HTTP/1.1" 200 156148 "-" "Mozilla/5.0 (Windows NT 10.0; Win64; x64) AppleWebKit/537.36 (KHTML, like Gecko) Chrome/114.0.0.0 Safari/537.36"
118.161.204.124 - - [29/Mar/2025:22:48:48 -0400] "GET /s/ref=nb_sb_noss?url=search-alias%3Dinstant-video&field-keywords= HTTP/1.1" 404 1251 "https://stannswarehouse.com" "Mozilla/5.0 (Windows NT 10.0; Win64; x64) AppleWebKit/537.36 (KHTML, like Gecko) Chrome/114.0.0.0 Safari/537.36"
118.161.204.124 - - [29/Mar/2025:22:48:49 -0400] "GET /s/ref=nb_sb_noss?url=search-alias%3Dinstant-video&field-keywords= HTTP/1.1" 404 1251 "https://stannswarehouse.com" "Mozilla/5.0 (Windows NT 10.0; Win64; x64) AppleWebKit/537.36 (KHTML, like Gecko) Chrome/114.0.0.0 Safari/537.36"
118.161.204.124 - - [29/Mar/2025:22:48:49 -0400] "GET /s/ref=nb_sb_noss?url=search-alias%3Dinstant-video&field-keywords= HTTP/1.1" 404 1251 "https://stannswarehouse.com" "Mozilla/5.0 (Windows NT 10.0; Win64; x64) AppleWebKit/537.36 (KHTML, like Gecko) Chrome/114.0.0.0 Safari/537.36"
118.161.204.124 - - [29/Mar/2025:22:48:50 -0400] "GET /s/ref=nb_sb_noss?url=search-alias%3Dinstant-video&field-keywords= HTTP/1.1" 404 1251 "https://stannswarehouse.com" "Mozilla/5.0 (Windows NT 10.0; Win64; x64) AppleWebKit/537.36 (KHTML, like Gecko) Chrome/114.0.0.0 Safari/537.36"
118.161.204.124 - - [29/Mar/2025:22:48:51 -0400] "GET /how-to-avoid-dangerous-patterns-of-gambling-in-poker/ HTTP/1.1" 404 1251 "-" "Mozilla/5.0 (Windows NT 10.0; Win64; x64) AppleWebKit/537.36 (KHTML, like Gecko) Chrome/114.0.0.0 Safari/537.36"
2a02:598:96:8a00::1200:127 - - [29/Mar/2025:22:49:01 -0400] "GET /the-power-of-perception/ HTTP/1.1" 404 1251 "-" "Mozilla/5.0 (compatible; SeznamBot/4.0; +https://o-seznam.cz/napoveda/vyhledavani/en/seznambot-crawler/)"
114.119.140.48 - - [29/Mar/2025:22:49:54 -0400] "GET /category/activity/page/13/ HTTP/1.1" 404 1251 "https://stannswarehouse.com/category/activity/page/14/" "Mozilla/5.0 (Linux; Android 7.0;) AppleWebKit/537.36 (KHTML, like Gecko) Mobile Safari/537.36 (compatible; PetalBot;+https://webmaster.petalsearch.com/site/petalbot)"
2a02:598:64:8a00::3100:1f - - [29/Mar/2025:22:50:00 -0400] "GET /youtube-live-stream-views/ HTTP/1.1" 404 1251 "-" "Mozilla/5.0 (compatible; SeznamBot/4.0; +https://o-seznam.cz/napoveda/vyhledavani/en/seznambot-crawler/)"
114.119.134.79 - - [29/Mar/2025:22:51:18 -0400] "GET /benefits-of-deck-fasteners/ HTTP/1.1" 404 1251 "https://stannswarehouse.com/button-head-cap-screw/" "Mozilla/5.0 (Linux; Android 7.0;) AppleWebKit/537.36 (KHTML, like Gecko) Mobile Safari/537.36 (compatible; PetalBot;+https://webmaster.petalsearch.com/site/petalbot)"
114.119.134.79 - - [29/Mar/2025:22:52:41 -0400] "GET /benefits-of-buying-youtube-views/ HTTP/1.1" 404 1251 "https://stannswarehouse.com/page/106/" "Mozilla/5.0 (Linux; Android 7.0;) AppleWebKit/537.36 (KHTML, like Gecko) Mobile Safari/537.36 (compatible; PetalBot;+https://webmaster.petalsearch.com/site/petalbot)"
114.119.128.35 - - [29/Mar/2025:22:54:06 -0400] "GET /bathroom-renovations-caroline-springs/ HTTP/1.1" 404 1251 "https://stannswarehouse.com/spider-gwen-costume-for-kid/" "Mozilla/5.0 (Linux; Android 7.0;) AppleWebKit/537.36 (KHTML, like Gecko) Mobile Safari/537.36 (compatible; PetalBot;+https://webmaster.petalsearch.com/site/petalbot)"
2a02:598:96:8a00::1200:127 - - [29/Mar/2025:22:54:53 -0400] "GET /what-is-a-virtual-makeup-try-on/ HTTP/1.1" 404 1251 "-" "Mozilla/5.0 (compatible; SeznamBot/4.0; +https://o-seznam.cz/napoveda/vyhledavani/en/seznambot-crawler/)"
2a02:598:64:8a00::3100:1f - - [29/Mar/2025:22:55:01 -0400] "GET /choosing-a-blank-apparel-supplier/ HTTP/1.1" 404 1251 "-" "Mozilla/5.0 (compatible; SeznamBot/4.0; +https://o-seznam.cz/napoveda/vyhledavani/en/seznambot-crawler/)"
114.119.134.79 - - [29/Mar/2025:22:55:29 -0400] "GET /a-glimpse-into-the-klimt-cairnhill/ HTTP/1.1" 404 1251 "https://stannswarehouse.com/a-glimpse-into-the-klimt-cairnhill/" "Mozilla/5.0 (Linux; Android 7.0;) AppleWebKit/537.36 (KHTML, like Gecko) Mobile Safari/537.36 (compatible; PetalBot;+https://webmaster.petalsearch.com/site/petalbot)"
51.222.253.15 - - [29/Mar/2025:22:56:57 -0400] "GET /the-flexibility-of-part-time-employment/feed/ HTTP/1.1" 404 1251 "-" "Mozilla/5.0 (compatible; AhrefsBot/7.0; +http://ahrefs.com/robot/)"
223.109.252.212 - - [29/Mar/2025:23:04:56 -0400] "GET / HTTP/1.1" 200 156148 "-" "Sogou web spider/4.0(+http://www.sogou.com/docs/help/webmasters.htm#07)"
2a02:598:64:8a00::3100:1f - - [29/Mar/2025:23:07:56 -0400] "GET /ein-innovatives-werbeangebot/ HTTP/1.1" 404 1251 "-" "Mozilla/5.0 (compatible; SeznamBot/4.0; +https://o-seznam.cz/napoveda/vyhledavani/en/seznambot-crawler/)"
51.222.253.17 - - [29/Mar/2025:23:09:48 -0400] "GET /the-importance-of-typing-speed-enhancing-efficiency-in-the-digital-age/feed/ HTTP/1.1" 404 1251 "-" "Mozilla/5.0 (compatible; AhrefsBot/7.0; +http://ahrefs.com/robot/)"
2a02:598:96:8a00::1200:127 - - [29/Mar/2025:23:12:00 -0400] "GET /michael-kors-hand-bag/ HTTP/1.1" 404 1251 "-" "Mozilla/5.0 (compatible; SeznamBot/4.0; +https://o-seznam.cz/napoveda/vyhledavani/en/seznambot-crawler/)"
198.54.114.83 - - [29/Mar/2025:23:13:24 -0400] "POST /wp-cron.php?doing_wp_cron=1743304403.7712440490722656250000 HTTP/1.1" 200 0 "-" "WordPress/6.7.2; https://stannswarehouse.com"
192.159.99.152 - - [29/Mar/2025:23:13:18 -0400] "POST /wp-login.php HTTP/1.1" 200 1843 "https://stannswarehouse.com/wp-admin/" "Mozilla/5.0 (Windows NT 10.0; Win64; x64) AppleWebKit/537.36 (KHTML, like Gecko) Chrome/90.0.4430.85 Safari/537.36"
198.54.114.83 - - [29/Mar/2025:23:13:26 -0400] "POST /wp-admin/admin-ajax.php?action=async_litespeed&nonce=pGzYYO7TezK6rD5uIhpIfeAYuuuGwjpH&litespeed_type=imgoptm HTTP/1.1" 200 0 "-" "WordPress/6.7.2; https://stannswarehouse.com"
192.159.99.152 - - [29/Mar/2025:23:13:25 -0400] "GET /wp-admin/ HTTP/1.1" 302 0 "www.google.com" "Mozilla/5.0 (Windows NT 10.0; Win64; x64) AppleWebKit/537.36 (KHTML, like Gecko) Chrome/90.0.4430.85 Safari/537.36"
192.159.99.152 - - [29/Mar/2025:23:13:28 -0400] "GET /wp-login.php?redirect_to=https%3A%2F%2Fstannswarehouse.com%2Fwp-admin%2F&reauth=1 HTTP/1.1" 200 1716 "www.google.com" "Mozilla/5.0 (Windows NT 10.0; Win64; x64) AppleWebKit/537.36 (KHTML, like Gecko) Chrome/90.0.4430.85 Safari/537.36"
2a02:598:64:8a00::3100:1f - - [29/Mar/2025:23:14:01 -0400] "GET /ozark-trail-customer-service/ HTTP/1.1" 404 1251 "-" "Mozilla/5.0 (compatible; SeznamBot/4.0; +https://o-seznam.cz/napoveda/vyhledavani/en/seznambot-crawler/)"
5.196.78.175 - - [29/Mar/2025:23:15:54 -0400] "GET /thecod3r-discovers-a-dangerous-problem-with-the-playstation-5s-thermal-paste/ HTTP/1.1" 404 1251 "https://stannswarehouse.com/" "Mozilla/5.0 (Windows NT 10.0; Win64; x64) AppleWebKit/537.36 (KHTML, like Gecko) Chrome/114.0.0.0 Safari/537.36"
5.196.78.175 - - [29/Mar/2025:23:15:55 -0400] "GET / HTTP/1.1" 200 156148 "https://stannswarehouse.com" "Mozilla/5.0 (Windows NT 10.0; Win64; x64) AppleWebKit/537.36 (KHTML, like Gecko) Chrome/114.0.0.0 Safari/537.36"
5.196.78.175 - - [29/Mar/2025:23:16:01 -0400] "GET /dp/B0D3RN5W37?ref=MarsFS_VICC_blinksqm HTTP/1.1" 404 1251 "https://stannswarehouse.com" "Mozilla/5.0 (Windows NT 10.0; Win64; x64) AppleWebKit/537.36 (KHTML, like Gecko) Chrome/114.0.0.0 Safari/537.36"
5.196.78.175 - - [29/Mar/2025:23:16:02 -0400] "GET / HTTP/1.1" 200 156148 "https://stannswarehouse.com" "Mozilla/5.0 (Windows NT 10.0; Win64; x64) AppleWebKit/537.36 (KHTML, like Gecko) Chrome/114.0.0.0 Safari/537.36"
2a02:598:96:8a00::1200:127 - - [29/Mar/2025:23:16:16 -0400] "GET /what-are-michael-kors-handbags-made-of/ HTTP/1.1" 404 1251 "-" "Mozilla/5.0 (compatible; SeznamBot/4.0; +https://o-seznam.cz/napoveda/vyhledavani/en/seznambot-crawler/)"
3.217.41.206 - - [29/Mar/2025:23:17:43 -0400] "GET /mastering-stakeholder-management/ HTTP/1.1" 404 1251 "-" "Grammarly/1.0 (http://www.grammarly.com)"
2a03:2880:13ff:4:: - - [29/Mar/2025:23:22:38 -0400] "GET /robots.txt HTTP/1.1" 200 23 "-" "facebookexternalhit/1.1 (+http://www.facebook.com/externalhit_uatext.php)"
2a03:2880:f800:3:: - - [29/Mar/2025:23:22:39 -0400] "GET /how-hydraulic-cutting-machines-work/ HTTP/1.1" 404 1251 "-" "meta-externalagent/1.1 (+https://developers.facebook.com/docs/sharing/webmasters/crawler)"
51.222.253.2 - - [29/Mar/2025:23:22:50 -0400] "GET /the-power-of-part-time-employment/feed/ HTTP/1.1" 404 1251 "-" "Mozilla/5.0 (compatible; AhrefsBot/7.0; +http://ahrefs.com/robot/)"
2a02:598:96:8a00::1200:127 - - [29/Mar/2025:23:26:04 -0400] "GET /hiring-an-electrician-in-clearwater-florida/ HTTP/1.1" 404 1251 "-" "Mozilla/5.0 (compatible; SeznamBot/4.0; +https://o-seznam.cz/napoveda/vyhledavani/en/seznambot-crawler/)"
2a02:598:64:8a00::3100:1f - - [29/Mar/2025:23:30:02 -0400] "GET /unveiling-the-top-destination-for-purchasing-youtube-subscribers/ HTTP/1.1" 404 1251 "-" "Mozilla/5.0 (compatible; SeznamBot/4.0; +https://o-seznam.cz/napoveda/vyhledavani/en/seznambot-crawler/)"
2a02:598:96:8a00::1200:127 - - [29/Mar/2025:23:30:57 -0400] "GET /tips-on-renting-a-yacht/ HTTP/1.1" 404 1251 "-" "Mozilla/5.0 (compatible; SeznamBot/4.0; +https://o-seznam.cz/napoveda/vyhledavani/en/seznambot-crawler/)"
2a02:598:64:8a00::3100:1f - - [29/Mar/2025:23:33:07 -0400] "GET /youtube-likes/ HTTP/1.1" 404 1251 "-" "Mozilla/5.0 (compatible; SeznamBot/4.0; +https://o-seznam.cz/napoveda/vyhledavani/en/seznambot-crawler/)"
2a02:598:96:8a00::1200:127 - - [29/Mar/2025:23:34:17 -0400] "GET /how-to-maintain-your-rv-air-conditioner/ HTTP/1.1" 404 1251 "-" "Mozilla/5.0 (compatible; SeznamBot/4.0; +https://o-seznam.cz/napoveda/vyhledavani/en/seznambot-crawler/)"
98.85.82.111 - - [29/Mar/2025:23:34:25 -0400] "GET /mastering-stakeholder-management/ HTTP/1.1" 404 1251 "-" "Grammarly/1.0 (http://www.grammarly.com)"
37.27.132.172 - - [29/Mar/2025:23:34:56 -0400] "GET /can-a-dog-dewormer-cure-cancer/ HTTP/1.1" 404 1251 "-" "Mozilla/5.0 (Windows NT 10.0; WOW64) AppleWebKit/537.36 (KHTML, like Gecko) Chrome/114.0.0.0 Safari/537.36 Vivaldi/5.3.2679.68"
37.27.132.172 - - [29/Mar/2025:23:34:57 -0400] "GET / HTTP/1.1" 200 156148 "-" "Mozilla/5.0 (Windows NT 10.0; WOW64) AppleWebKit/537.36 (KHTML, like Gecko) Chrome/114.0.0.0 Safari/537.36 Vivaldi/5.3.2679.68"
37.27.132.172 - - [29/Mar/2025:23:34:58 -0400] "GET /dp/B0D3RN5W37?ref=MarsFS_VICC_blinksqm HTTP/1.1" 404 1251 "https://stannswarehouse.com" "Mozilla/5.0 (Windows NT 10.0; WOW64) AppleWebKit/537.36 (KHTML, like Gecko) Chrome/114.0.0.0 Safari/537.36 Vivaldi/5.3.2679.68"
37.27.132.172 - - [29/Mar/2025:23:34:59 -0400] "GET / HTTP/1.1" 200 156148 "https://stannswarehouse.com" "Mozilla/5.0 (Windows NT 10.0; WOW64) AppleWebKit/537.36 (KHTML, like Gecko) Chrome/114.0.0.0 Safari/537.36 Vivaldi/5.3.2679.68"
51.222.253.4 - - [29/Mar/2025:23:35:50 -0400] "GET /the-hidden-benefits-of-part-time-employment/feed/ HTTP/1.1" 404 1251 "-" "Mozilla/5.0 (compatible; AhrefsBot/7.0; +http://ahrefs.com/robot/)"
2a02:598:64:8a00::3100:1f - - [29/Mar/2025:23:37:59 -0400] "GET /ivf-in-cyprus/ HTTP/1.1" 404 1251 "-" "Mozilla/5.0 (compatible; SeznamBot/4.0; +https://o-seznam.cz/napoveda/vyhledavani/en/seznambot-crawler/)"
64.233.173.143 - - [29/Mar/2025:23:44:04 -0400] "GET /.well-known/traffic-advice HTTP/1.1" 404 1251 "-" "Chrome Privacy Preserving Prefetch Proxy"
2001:4860:7:506::e3 - - [29/Mar/2025:23:44:05 -0400] "GET / HTTP/1.1" 200 156148 "https://www.google.com/" "Mozilla/5.0 (Windows NT 10.0; Win64; x64) AppleWebKit/537.36 (KHTML, like Gecko) Chrome/134.0.0.0 Safari/537.36"
98.85.82.111 - - [29/Mar/2025:23:44:48 -0400] "GET /mastering-stakeholder-management/ HTTP/1.1" 404 1251 "-" "Grammarly/1.0 (http://www.grammarly.com)"
2a02:598:96:8a00::1200:127 - - [29/Mar/2025:23:45:00 -0400] "GET /how-to-choose-the-best-cbd-cream-for-pain-relief/ HTTP/1.1" 404 1251 "-" "Mozilla/5.0 (compatible; SeznamBot/4.0; +https://o-seznam.cz/napoveda/vyhledavani/en/seznambot-crawler/)"
87.250.224.252 - - [29/Mar/2025:23:46:26 -0400] "GET /robots.txt HTTP/1.1" 200 23 "-" "Mozilla/5.0 (compatible; YandexBot/3.0; +http://yandex.com/bots)"
95.108.213.165 - - [29/Mar/2025:23:46:27 -0400] "GET /post-sitemap2.xml HTTP/1.1" 404 1251 "-" "Mozilla/5.0 (compatible; YandexBot/3.0; +http://yandex.com/bots)"
95.108.213.219 - - [29/Mar/2025:23:48:36 -0400] "GET /page-sitemap.xml HTTP/1.1" 404 1251 "-" "Mozilla/5.0 (compatible; YandexBot/3.0; +http://yandex.com/bots)"
84.139.8.248 - - [29/Mar/2025:23:49:02 -0400] "GET /liquid-silicone-injection-molding/ HTTP/1.1" 404 1251 "-" "Mozilla/5.0 (Windows NT 10.0; Win64; x64) AppleWebKit/537.36 (KHTML, like Gecko) Chrome/91.0.4472.114 Safari/537.36 Edg/91.0.864.54"
51.222.253.12 - - [29/Mar/2025:23:49:17 -0400] "GET /sleek-elegance-exploring-the-perfect-ten-showflat/feed/ HTTP/1.1" 404 1251 "-" "Mozilla/5.0 (compatible; AhrefsBot/7.0; +http://ahrefs.com/robot/)"
95.108.213.188 - - [29/Mar/2025:23:50:02 -0400] "GET /category-sitemap.xml HTTP/1.1" 404 1251 "-" "Mozilla/5.0 (compatible; YandexBot/3.0; +http://yandex.com/bots)"
5.255.231.114 - - [29/Mar/2025:23:51:02 -0400] "GET /post-sitemap.xml HTTP/1.1" 404 1251 "-" "Mozilla/5.0 (compatible; YandexBot/3.0; +http://yandex.com/bots)"
103.151.46.60 - - [29/Mar/2025:23:53:19 -0400] "GET /thecod3r-discovers-a-dangerous-problem-with-the-playstation-5s-thermal-paste/ HTTP/1.1" 404 1251 "-" "Mozilla/5.0 (Macintosh; Intel Mac OS X 12.5; rv:114.0) Gecko/20100101 Firefox/114.0"
103.151.46.60 - - [29/Mar/2025:23:53:20 -0400] "GET / HTTP/1.1" 200 166316 "-" "Mozilla/5.0 (Macintosh; Intel Mac OS X 12.5; rv:114.0) Gecko/20100101 Firefox/114.0"
103.151.46.60 - - [29/Mar/2025:23:53:25 -0400] "GET /dp/B0D3RN5W37?ref=MarsFS_VICC_blinksqm HTTP/1.1" 404 1251 "https://stannswarehouse.com" "Mozilla/5.0 (Macintosh; Intel Mac OS X 12.5; rv:114.0) Gecko/20100101 Firefox/114.0"
103.151.46.60 - - [29/Mar/2025:23:53:26 -0400] "GET / HTTP/1.1" 200 156148 "https://stannswarehouse.com" "Mozilla/5.0 (Macintosh; Intel Mac OS X 12.5; rv:114.0) Gecko/20100101 Firefox/114.0"
2a02:598:96:8a00::1200:127 - - [29/Mar/2025:23:54:23 -0400] "GET /what-should-my-marketing-budget-be/ HTTP/1.1" 404 1251 "-" "Mozilla/5.0 (compatible; SeznamBot/4.0; +https://o-seznam.cz/napoveda/vyhledavani/en/seznambot-crawler/)"
2a02:598:64:8a00::3100:1f - - [29/Mar/2025:23:57:02 -0400] "GET /pg-slot-gaming-center/ HTTP/1.1" 404 1251 "-" "Mozilla/5.0 (compatible; SeznamBot/4.0; +https://o-seznam.cz/napoveda/vyhledavani/en/seznambot-crawler/)"
98.85.3.114 - - [29/Mar/2025:23:59:34 -0400] "GET /mastering-stakeholder-management/ HTTP/1.1" 404 1251 "-" "Grammarly/1.0 (http://www.grammarly.com)"
2a02:598:96:8a00::1200:127 - - [30/Mar/2025:00:00:09 -0400] "GET /1xbet-russe/ HTTP/1.1" 404 1251 "-" "Mozilla/5.0 (compatible; SeznamBot/4.0; +https://o-seznam.cz/napoveda/vyhledavani/en/seznambot-crawler/)"
3.217.41.206 - - [30/Mar/2025:00:02:01 -0400] "GET /efficient-file-transfer-solutions-streamlining-data-exchange/ HTTP/1.1" 404 1251 "-" "Grammarly/1.0 (http://www.grammarly.com)"
2a02:598:64:8a00::3100:1f - - [30/Mar/2025:00:02:04 -0400] "GET /how-to-specify-a-straightening-machine/ HTTP/1.1" 404 1251 "-" "Mozilla/5.0 (compatible; SeznamBot/4.0; +https://o-seznam.cz/napoveda/vyhledavani/en/seznambot-crawler/)"
51.222.253.15 - - [30/Mar/2025:00:02:17 -0400] "GET /exploring-omnigenceam-an-overview/feed/ HTTP/1.1" 404 1251 "-" "Mozilla/5.0 (compatible; AhrefsBot/7.0; +http://ahrefs.com/robot/)"
58.254.68.93 - - [30/Mar/2025:00:03:29 -0400] "GET /barack-obama-slot-machine-critical-overview/ HTTP/1.1" 404 1251 "https://stannswarehouse.com" "Mozilla/5.0 (Windows NT 10.0; Win64; x64) AppleWebKit/537.36 (KHTML, like Gecko) Chrome/62.0.3202.94 Safari/537.36"
58.254.68.93 - - [30/Mar/2025:00:03:30 -0400] "GET /barack-obama-slot-machine-critical-overview/ HTTP/1.1" 404 1251 "https://stannswarehouse.com" "Mozilla/5.0 (Windows NT 10.0; Win64; x64) AppleWebKit/537.36 (KHTML, like Gecko) Chrome/62.0.3202.94 Safari/537.36"
58.254.68.93 - - [30/Mar/2025:00:03:31 -0400] "GET /barack-obama-slot-machine-critical-overview/ HTTP/1.1" 404 1251 "https://stannswarehouse.com" "Mozilla/5.0 (Windows NT 10.0; Win64; x64) AppleWebKit/537.36 (KHTML, like Gecko) Chrome/62.0.3202.94 Safari/537.36"
58.254.68.93 - - [30/Mar/2025:00:03:32 -0400] "GET /barack-obama-slot-machine-critical-overview/ HTTP/1.1" 404 1251 "https://stannswarehouse.com" "Mozilla/5.0 (Windows NT 10.0; Win64; x64) AppleWebKit/537.36 (KHTML, like Gecko) Chrome/62.0.3202.94 Safari/537.36"
2a02:598:96:8a00::1200:127 - - [30/Mar/2025:00:05:06 -0400] "GET /exploring-the-hill-at-one-north/ HTTP/1.1" 404 1251 "-" "Mozilla/5.0 (compatible; SeznamBot/4.0; +https://o-seznam.cz/napoveda/vyhledavani/en/seznambot-crawler/)"
2a02:598:64:8a00::3100:1f - - [30/Mar/2025:00:08:01 -0400] "GET /how-to-set-up-a-nintendo-switch/ HTTP/1.1" 404 1251 "-" "Mozilla/5.0 (compatible; SeznamBot/4.0; +https://o-seznam.cz/napoveda/vyhledavani/en/seznambot-crawler/)"
2a02:598:64:8a00::3100:1f - - [30/Mar/2025:00:09:24 -0400] "GET /fenbendazole-capsules-for-your-pet/ HTTP/1.1" 404 1251 "-" "Mozilla/5.0 (compatible; SeznamBot/4.0; +https://o-seznam.cz/napoveda/vyhledavani/en/seznambot-crawler/)"
2a02:598:96:8a00::1200:127 - - [30/Mar/2025:00:12:05 -0400] "GET /boat-rental-flathead-lake/ HTTP/1.1" 404 1251 "-" "Mozilla/5.0 (compatible; SeznamBot/4.0; +https://o-seznam.cz/napoveda/vyhledavani/en/seznambot-crawler/)"
2a02:598:64:8a00::3100:1f - - [30/Mar/2025:00:14:08 -0400] "GET /safe-ways-to-buy-instagram-followers/ HTTP/1.1" 404 1251 "-" "Mozilla/5.0 (compatible; SeznamBot/4.0; +https://o-seznam.cz/napoveda/vyhledavani/en/seznambot-crawler/)"
51.222.253.10 - - [30/Mar/2025:00:17:59 -0400] "GET /un-univers-de-victoires/ HTTP/1.1" 404 1251 "-" "Mozilla/5.0 (compatible; AhrefsBot/7.0; +http://ahrefs.com/robot/)"
192.42.116.181 - - [30/Mar/2025:00:18:30 -0400] "GET / HTTP/1.1" 200 156148 "https://stannswarehouse.com" "Mozilla/5.0 (Windows NT 6.1; WOW64) AppleWebKit/537.36 (KHTML, like Gecko) Chrome/43.0.2357.81 Safari/537.36 OPR/30.0.1835.59 (Edition Yx)"
2a03:2880:f800:14:: - - [30/Mar/2025:00:19:24 -0400] "GET /what-is-a-marketplace/ HTTP/1.1" 404 1251 "-" "meta-externalagent/1.1 (+https://developers.facebook.com/docs/sharing/webmasters/crawler)"
2a02:598:96:8a00::1200:127 - - [30/Mar/2025:00:23:06 -0400] "GET /the-enigmatic-world-of-the-myst/ HTTP/1.1" 404 1251 "-" "Mozilla/5.0 (compatible; SeznamBot/4.0; +https://o-seznam.cz/napoveda/vyhledavani/en/seznambot-crawler/)"
2a02:598:64:8a00::3100:1f - - [30/Mar/2025:00:25:13 -0400] "GET /estate-litigation-lawyers-your-advocate-in-toronto/ HTTP/1.1" 404 1251 "-" "Mozilla/5.0 (compatible; SeznamBot/4.0; +https://o-seznam.cz/napoveda/vyhledavani/en/seznambot-crawler/)"
2a02:598:96:8a00::1200:127 - - [30/Mar/2025:00:27:00 -0400] "GET /ivf-clinic-sharjah/ HTTP/1.1" 404 1251 "-" "Mozilla/5.0 (compatible; SeznamBot/4.0; +https://o-seznam.cz/napoveda/vyhledavani/en/seznambot-crawler/)"
2a02:598:64:8a00::3100:1f - - [30/Mar/2025:00:31:05 -0400] "GET /radley-bags-rank-high-for-fashion-flair/ HTTP/1.1" 404 1251 "-" "Mozilla/5.0 (compatible; SeznamBot/4.0; +https://o-seznam.cz/napoveda/vyhledavani/en/seznambot-crawler/)"
114.119.128.143 - - [30/Mar/2025:00:32:22 -0400] "GET /the-evolution-of-breast-pumps/ HTTP/1.1" 404 1251 "https://stannswarehouse.com/how-to-access-and-play-1v1-lol-unblocked-in-classroom-settings/" "Mozilla/5.0 (Linux; Android 7.0;) AppleWebKit/537.36 (KHTML, like Gecko) Mobile Safari/537.36 (compatible; PetalBot;+https://webmaster.petalsearch.com/site/petalbot)"
66.249.66.34 - - [30/Mar/2025:00:32:51 -0400] "GET /robots.txt HTTP/1.1" 304 0 "-" "Mozilla/5.0 (compatible; Googlebot/2.1; +http://www.google.com/bot.html)"
66.249.66.32 - - [30/Mar/2025:00:32:51 -0400] "GET /elegance-abordable-avec-le-panneau-pvc-imitation-marbre/ HTTP/1.1" 404 1251 "-" "Mozilla/5.0 (Linux; Android 6.0.1; Nexus 5X Build/MMB29P) AppleWebKit/537.36 (KHTML, like Gecko) Chrome/134.0.6998.165 Mobile Safari/537.36 (compatible; Googlebot/2.1; +http://www.google.com/bot.html)"
34.58.230.77 - - [30/Mar/2025:00:33:05 -0400] "GET /?author=1 HTTP/1.1" 200 156148 "-" "Mozilla/5.0 (compatible; DuckDuckGo-Favicons-Bot/1.0; +http://duckduckgo.com)"
92.255.57.103 - - [30/Mar/2025:00:33:06 -0400] "GET /wp-login.php?wp_lang=en_US HTTP/1.1" 200 1716 "http://stannswarehouse.com/wp-login.php" "Mozilla/5.0 (Windows NT 10.0; Win64; x64) AppleWebKit/537.36 (KHTML, like Gecko) Chrome/135.0.0.0 Safari/537.36"
198.54.114.83 - - [30/Mar/2025:00:33:06 -0400] "POST /wp-admin/admin-ajax.php?action=async_litespeed&nonce=29mJsi1twDDm9kBAB1kfNattBQ4ZEMJf&litespeed_type=imgoptm HTTP/1.1" 200 0 "-" "WordPress/6.7.2; https://stannswarehouse.com"
198.54.114.83 - - [30/Mar/2025:00:33:12 -0400] "POST /wp-cron.php?doing_wp_cron=1743309192.2193279266357421875000 HTTP/1.1" 200 0 "-" "WordPress/6.7.2; https://stannswarehouse.com"
92.255.57.103 - - [30/Mar/2025:00:33:12 -0400] "POST /wp-login.php?wp_lang=en_US HTTP/1.1" 200 1859 "http://stannswarehouse.com/wp-login.php" "Mozilla/5.0 (Windows NT 10.0; Win64; x64) AppleWebKit/537.36 (KHTML, like Gecko) Chrome/135.0.0.0 Safari/537.36"
198.54.114.83 - - [30/Mar/2025:00:33:55 -0400] "POST /wp-cron.php?doing_wp_cron=1743309235.7821559906005859375000 HTTP/1.1" 200 0 "-" "WordPress/6.7.2; https://stannswarehouse.com"
92.255.57.103 - - [30/Mar/2025:00:33:55 -0400] "GET /wp-login.php?wp_lang=en_US HTTP/1.1" 200 1716 "https://stannswarehouse.com/wp-login.php" "Mozilla/5.0 (Windows NT 10.0; Win64; x64; rv:136.0) Gecko/20100101 Firefox/135.0"
198.54.114.83 - - [30/Mar/2025:00:33:56 -0400] "POST /wp-admin/admin-ajax.php?action=async_litespeed&nonce=eDYiCrMu1n4MyASbjv62G6Sq644kRsyl&litespeed_type=imgoptm HTTP/1.1" 200 5 "-" "WordPress/6.7.2; https://stannswarehouse.com"
92.255.57.103 - - [30/Mar/2025:00:34:01 -0400] "POST /wp-login.php?wp_lang=en_US HTTP/1.1" 200 1843 "https://stannswarehouse.com/wp-login.php" "Mozilla/5.0 (Windows NT 10.0; Win64; x64; rv:136.0) Gecko/20100101 Firefox/135.0"
154.196.43.155 - - [30/Mar/2025:00:34:30 -0400] "GET /all-you-need-to-know-regarding-cbd-oil/ HTTP/1.1" 404 1251 "https://stannswarehouse.com/all-you-need-to-know-regarding-cbd-oil/#comment-28833/" "Mozilla/5.0 (Windows NT 10.0; Win64; x64) AppleWebKit/537.36 (KHTML, like Gecko) Chrome/130.0.0.0 Safari/537.36 CCleaner/130.0.0.0"
154.196.43.155 - - [30/Mar/2025:00:34:31 -0400] "GET / HTTP/1.1" 200 156148 "https://stannswarehouse.com/" "Mozilla/5.0 (Windows NT 10.0; Win64; x64) AppleWebKit/537.36 (KHTML, like Gecko) Chrome/130.0.0.0 Safari/537.36 CCleaner/130.0.0.0"
51.222.253.2 - - [30/Mar/2025:00:39:59 -0400] "GET /category/activity/page/45/ HTTP/1.1" 404 1251 "-" "Mozilla/5.0 (compatible; AhrefsBot/7.0; +http://ahrefs.com/robot/)"
47.79.104.114 - - [30/Mar/2025:00:40:13 -0400] "GET / HTTP/1.1" 200 156148 "https://www.google.com/" "Mozilla/5.0 (Linux; Android 10; K) AppleWebKit/537.36 (KHTML, like Gecko) Chrome/133.0.0.0 Mobile Safari/537.36"
2a02:598:64:8a00::3100:1f - - [30/Mar/2025:00:46:12 -0400] "GET /cryptodogs/ HTTP/1.1" 404 1251 "-" "Mozilla/5.0 (compatible; SeznamBot/4.0; +https://o-seznam.cz/napoveda/vyhledavani/en/seznambot-crawler/)"
109.236.93.77 - - [30/Mar/2025:00:47:07 -0400] "GET /diamond-painting-accessories HTTP/1.1" 404 1251 "-" "Mozilla/5.0 (Windows NT 10.0; Win64; x64) AppleWebKit/537.36 (KHTML, like Gecko) Chrome/118.0.0.0 Safari/537.36"
46.101.204.165 - - [30/Mar/2025:00:53:45 -0400] "GET /wp-login.php HTTP/1.1" 200 1717 "http://stannswarehouse.com/wp-admin/" "Mozilla/5.0 (Windows NT 10.0; Win64; x64) AppleWebKit/537.36 (KHTML, like Gecko) Chrome/90.0.4430.85 Safari/537.36"
198.54.114.83 - - [30/Mar/2025:00:53:45 -0400] "POST /wp-admin/admin-ajax.php?action=async_litespeed&nonce=P1NeOxVkQR8BnXVIKw95K4baBeBGzSrR&litespeed_type=imgoptm HTTP/1.1" 200 5 "-" "WordPress/6.7.2; https://stannswarehouse.com"
46.101.204.165 - - [30/Mar/2025:00:53:46 -0400] "POST /wp-login.php HTTP/1.1" 200 1843 "http://stannswarehouse.com/wp-admin/" "Mozilla/5.0 (Windows NT 10.0; Win64; x64) AppleWebKit/537.36 (KHTML, like Gecko) Chrome/90.0.4430.85 Safari/537.36"
46.101.204.165 - - [30/Mar/2025:00:53:46 -0400] "GET /wp-admin/ HTTP/1.1" 302 0 "www.google.com" "Mozilla/5.0 (Windows NT 10.0; Win64; x64) AppleWebKit/537.36 (KHTML, like Gecko) Chrome/90.0.4430.85 Safari/537.36"
46.101.204.165 - - [30/Mar/2025:00:53:46 -0400] "GET /wp-login.php?redirect_to=https%3A%2F%2Fstannswarehouse.com%2Fwp-admin%2F&reauth=1 HTTP/1.1" 200 1716 "www.google.com" "Mozilla/5.0 (Windows NT 10.0; Win64; x64) AppleWebKit/537.36 (KHTML, like Gecko) Chrome/90.0.4430.85 Safari/537.36"
2a02:598:64:8a00::3100:1f - - [30/Mar/2025:00:57:00 -0400] "GET /life-is-not-a-hardship-to-be-endured/ HTTP/1.1" 404 1251 "-" "Mozilla/5.0 (compatible; SeznamBot/4.0; +https://o-seznam.cz/napoveda/vyhledavani/en/seznambot-crawler/)"
2a02:598:96:8a00::1200:127 - - [30/Mar/2025:00:58:07 -0400] "GET /slot-server-thailand/ HTTP/1.1" 404 1251 "-" "Mozilla/5.0 (compatible; SeznamBot/4.0; +https://o-seznam.cz/napoveda/vyhledavani/en/seznambot-crawler/)"
46.4.81.149 - - [30/Mar/2025:00:58:38 -0400] "GET /ein-blick-auf-die-preise-und-ihre-bedeutung/ HTTP/1.1" 404 1251 "-" "Mozilla/5.0 (Windows NT 10.0; Win64; x64) AppleWebKit/537.36 (KHTML, like Gecko) Chrome/107.0.0.0 Safari/537.36"
162.55.94.175 - - [30/Mar/2025:00:58:45 -0400] "GET /gitarrenkurs-the-best-guitar-school-for-beginners/ HTTP/1.1" 404 1251 "-" "Mozilla/5.0 (Macintosh; Intel Mac OS X 10_15_7) AppleWebKit/537.36 (KHTML, like Gecko) Chrome/108.0.0.0 Safari/537.36"
46.4.81.149 - - [30/Mar/2025:00:59:39 -0400] "GET /gitarrenlehrer-essen/ HTTP/1.1" 404 1251 "-" "Mozilla/5.0 (Macintosh; Intel Mac OS X 10_15_7) AppleWebKit/605.1.15 (KHTML, like Gecko) Version/16.0 Safari/605.1.15"
2a02:c206:2250:6251::1 - - [30/Mar/2025:01:00:18 -0400] "GET / HTTP/1.1" 200 156148 "-" "Mozilla/5.0 (Macintosh; Intel Mac OS X 10_15_7) AppleWebKit/537.36 (KHTML, like Gecko) Chrome/127.0.0 Safari/537.36"
46.4.81.149 - - [30/Mar/2025:01:00:53 -0400] "GET /gitarrenkurs/ HTTP/1.1" 404 1251 "-" "Mozilla/5.0 (Macintosh; Intel Mac OS X 10.15; rv:102.0) Gecko/20100101 Firefox/102.0"
45.140.165.200 - - [30/Mar/2025:01:01:03 -0400] "GET /wp-content/plugins/WordPressCore/include.php HTTP/1.1" 404 1251 "-" "ShellBot 2.0"
45.140.165.200 - - [30/Mar/2025:01:01:04 -0400] "GET /wp-content/plugins/WordPressCore-1/include.php/wp-content/themes/include.php HTTP/1.1" 404 1251 "-" "ShellBot 2.0"
45.140.165.200 - - [30/Mar/2025:01:01:05 -0400] "GET /wp-content/plugins/include.php HTTP/1.1" 404 1251 "-" "ShellBot 2.0"
45.140.165.200 - - [30/Mar/2025:01:01:06 -0400] "GET /wp-content/plugins/core-plugin/include.php HTTP/1.1" 404 1251 "-" "ShellBot 2.0"
45.140.165.200 - - [30/Mar/2025:01:01:06 -0400] "GET /wp-includes/images/include.php HTTP/1.1" 404 1251 "-" "ShellBot 2.0"
45.140.165.200 - - [30/Mar/2025:01:01:07 -0400] "GET /wp-includes/widgets/include.php HTTP/1.1" 404 1251 "-" "ShellBot 2.0"
162.55.94.175 - - [30/Mar/2025:01:01:07 -0400] "GET /preise-fur-gitarrenunterricht-wie-viel-kostet-gitarrenunterricht-wirklich/ HTTP/1.1" 404 1251 "-" "Mozilla/5.0 (X11; Linux x86_64; rv:103.0) Gecko/20100101 Firefox/103.0"
2a02:598:64:8a00::3100:1f - - [30/Mar/2025:01:01:11 -0400] "GET /ameliorate-the-monotonous-setting-of-your-rooms-with-stylish-and-aesthetic-table-lamps/ HTTP/1.1" 404 1251 "-" "Mozilla/5.0 (compatible; SeznamBot/4.0; +https://o-seznam.cz/napoveda/vyhledavani/en/seznambot-crawler/)"
77.238.251.212 - - [30/Mar/2025:01:01:57 -0400] "GET /all-you-need-to-know-regarding-cbd-oil/ HTTP/1.1" 404 1251 "https://stannswarehouse.com/all-you-need-to-know-regarding-cbd-oil/" "Mozilla/5.0 (Windows NT 10.0; Win64; x64) AppleWebKit/537.36 (KHTML, like Gecko) Chrome/130.0.0.0 Safari/537.36"
77.238.251.212 - - [30/Mar/2025:01:01:57 -0400] "GET / HTTP/1.1" 200 156148 "https://stannswarehouse.com/" "Mozilla/5.0 (Windows NT 10.0; Win64; x64) AppleWebKit/537.36 (KHTML, like Gecko) Chrome/130.0.0.0 Safari/537.36"
51.222.253.19 - - [30/Mar/2025:01:02:48 -0400] "GET /omnigenceam-your-gateway-to-comprehensive-knowledge/feed/ HTTP/1.1" 404 1251 "-" "Mozilla/5.0 (compatible; AhrefsBot/7.0; +http://ahrefs.com/robot/)"
2a02:598:96:8a00::1200:127 - - [30/Mar/2025:01:03:01 -0400] "GET /stilvolles-design-fur-jeden-raum/ HTTP/1.1" 404 1251 "-" "Mozilla/5.0 (compatible; SeznamBot/4.0; +https://o-seznam.cz/napoveda/vyhledavani/en/seznambot-crawler/)"
2a02:598:64:8a00::3100:1f - - [30/Mar/2025:01:03:01 -0400] "GET /birthday-cake-sydney/ HTTP/1.1" 404 1251 "-" "Mozilla/5.0 (compatible; SeznamBot/4.0; +https://o-seznam.cz/napoveda/vyhledavani/en/seznambot-crawler/)"
