47.82.16.164 - - [03/Apr/2025:10:18:23 -0400] "GET /the-role-and-impact-of-freight-brokers-in-modern-logistics/ HTTP/1.1" 404 1251 "-" "Mozilla/5.0 (Linux; Android 10; K) AppleWebKit/537.36 (KHTML, like Gecko) Chrome/122.0.0.0 Mobile Safari/537.36"
47.82.24.155 - - [03/Apr/2025:10:22:03 -0400] "GET /quest-ce-que-lassurance-flotte-automobile/ HTTP/1.1" 404 1251 "-" "Mozilla/5.0 (Windows NT 10.0; Win64; x64) AppleWebKit/537.36 (KHTML, like Gecko) Chrome/121.0.0.0 Safari/537.36 Edg/121.0.0.0 AtContent/95.5.5392.49"
66.249.68.32 - - [03/Apr/2025:10:25:11 -0400] "GET /robots.txt HTTP/1.1" 200 23 "-" "Mozilla/5.0 (compatible; Googlebot/2.1; +http://www.google.com/bot.html)"
66.249.68.32 - - [03/Apr/2025:10:25:11 -0400] "GET /youtube-marketing-the-secret-to-driving-massive-traffic-to-your-business/ HTTP/1.1" 404 1251 "-" "Mozilla/5.0 (Linux; Android 6.0.1; Nexus 5X Build/MMB29P) AppleWebKit/537.36 (KHTML, like Gecko) Chrome/134.0.6998.165 Mobile Safari/537.36 (compatible; Googlebot/2.1; +http://www.google.com/bot.html)"
2001:b011:6c11:3ad:fc5f:ca03:154d:7bec - - [03/Apr/2025:10:25:43 -0400] "GET / HTTP/1.1" 200 156148 "https://rdbrothers.in/projects/" "Mozilla/5.0 (compatible; Baiduspider/2.0; +http://www.baidu.com/search/spider.html)"
2a02:598:96:8a00::1200:13d - - [03/Apr/2025:10:27:07 -0400] "GET /choosing-rv-detailers-near-me/ HTTP/1.1" 404 1251 "-" "Mozilla/5.0 (compatible; SeznamBot/4.0; +https://o-seznam.cz/napoveda/vyhledavani/en/seznambot-crawler/)"
47.82.14.38 - - [03/Apr/2025:10:27:45 -0400] "GET /discover-the-magic-of-rainbow-riches-casino/ HTTP/1.1" 404 1251 "-" "Mozilla/5.0 (Linux; Android 10; K) AppleWebKit/537.36 (KHTML, like Gecko) Chrome/122.0.0.0 Mobile Safari/537.36"
2a02:598:96:8a00::1200:127 - - [03/Apr/2025:10:27:48 -0400] "GET /composite-doors-swansea/ HTTP/1.1" 404 1251 "-" "Mozilla/5.0 (compatible; SeznamBot/4.0; +https://o-seznam.cz/napoveda/vyhledavani/en/seznambot-crawler/)"
2a02:598:96:8a00::1200:13d - - [03/Apr/2025:10:32:18 -0400] "GET /the-mini-cnc-machine/ HTTP/1.1" 404 1251 "-" "Mozilla/5.0 (compatible; SeznamBot/4.0; +https://o-seznam.cz/napoveda/vyhledavani/en/seznambot-crawler/)"
2a02:598:96:8a00::1200:127 - - [03/Apr/2025:10:32:41 -0400] "GET /iconic-living-union-square-residences/ HTTP/1.1" 404 1251 "-" "Mozilla/5.0 (compatible; SeznamBot/4.0; +https://o-seznam.cz/napoveda/vyhledavani/en/seznambot-crawler/)"
2a02:598:96:8a00::1200:13d - - [03/Apr/2025:10:34:52 -0400] "GET /fenbendazol-for-humans/ HTTP/1.1" 404 1251 "-" "Mozilla/5.0 (compatible; SeznamBot/4.0; +https://o-seznam.cz/napoveda/vyhledavani/en/seznambot-crawler/)"
58.254.68.93 - - [03/Apr/2025:10:36:46 -0400] "GET /barack-obama-slot-machine-critical-overview/ HTTP/1.1" 404 1251 "https://stannswarehouse.com" "Mozilla/5.0 (Windows NT 10.0; Win64; x64) AppleWebKit/537.36 (KHTML, like Gecko) Chrome/62.0.3202.94 Safari/537.36"
58.254.68.93 - - [03/Apr/2025:10:36:49 -0400] "GET /barack-obama-slot-machine-critical-overview/ HTTP/1.1" 404 1251 "https://stannswarehouse.com" "Mozilla/5.0 (Windows NT 10.0; Win64; x64) AppleWebKit/537.36 (KHTML, like Gecko) Chrome/62.0.3202.94 Safari/537.36"
58.254.68.93 - - [03/Apr/2025:10:36:51 -0400] "GET /barack-obama-slot-machine-critical-overview/ HTTP/1.1" 404 1251 "https://stannswarehouse.com" "Mozilla/5.0 (Windows NT 10.0; Win64; x64) AppleWebKit/537.36 (KHTML, like Gecko) Chrome/62.0.3202.94 Safari/537.36"
2a02:598:96:8a00::1200:127 - - [03/Apr/2025:10:36:52 -0400] "GET /everything-you-need-to-know-about-diamond-painting-pictures/ HTTP/1.1" 404 1251 "-" "Mozilla/5.0 (compatible; SeznamBot/4.0; +https://o-seznam.cz/napoveda/vyhledavani/en/seznambot-crawler/)"
58.254.68.93 - - [03/Apr/2025:10:36:53 -0400] "GET /barack-obama-slot-machine-critical-overview/ HTTP/1.1" 404 1251 "https://stannswarehouse.com" "Mozilla/5.0 (Windows NT 10.0; Win64; x64) AppleWebKit/537.36 (KHTML, like Gecko) Chrome/62.0.3202.94 Safari/537.36"
136.243.228.198 - - [03/Apr/2025:10:37:49 -0400] "GET /buy-youtube-views-non-drop/ HTTP/1.1" 404 1251 "-" "Mozilla/5.0 (compatible; DataForSeoBot/1.0; +https://dataforseo.com/dataforseo-bot)"
138.246.238.87 - - [03/Apr/2025:10:47:08 -0400] "GET /category/activity/ HTTP/1.1" 404 1251 "-" "Owler (ows.eu/owler)"
2a02:598:96:8a00::1200:127 - - [03/Apr/2025:10:51:55 -0400] "GET /the-ultimate-guide-to-deleting-your-instagram-account/ HTTP/1.1" 404 1251 "-" "Mozilla/5.0 (compatible; SeznamBot/4.0; +https://o-seznam.cz/napoveda/vyhledavani/en/seznambot-crawler/)"
2a02:598:96:8a00::1200:13d - - [03/Apr/2025:10:53:26 -0400] "GET /how-to-backup-emails-files-in-office-365/ HTTP/1.1" 404 1251 "-" "Mozilla/5.0 (compatible; SeznamBot/4.0; +https://o-seznam.cz/napoveda/vyhledavani/en/seznambot-crawler/)"
85.208.96.210 - - [03/Apr/2025:10:53:33 -0400] "GET /robots.txt HTTP/1.1" 304 0 "-" "Mozilla/5.0 (compatible; SemrushBot/7~bl; +http://www.semrush.com/bot.html)"
185.191.171.16 - - [03/Apr/2025:10:53:34 -0400] "GET /unveiling-the-excellence-of-woori-casino/ HTTP/1.1" 404 1251 "-" "Mozilla/5.0 (compatible; SemrushBot/7~bl; +http://www.semrush.com/bot.html)"
2a02:598:96:8a00::1200:13d - - [03/Apr/2025:10:54:37 -0400] "GET /the-thrill-of-the-games/ HTTP/1.1" 404 1251 "-" "Mozilla/5.0 (compatible; SeznamBot/4.0; +https://o-seznam.cz/napoveda/vyhledavani/en/seznambot-crawler/)"
156.228.181.177 - - [03/Apr/2025:10:56:37 -0400] "GET /wp-login.php HTTP/1.1" 200 1717 "https://stannswarehouse.com" "Mozilla/5.0 (iPad; CPU OS 8_3 like Mac OS X) AppleWebKit/600.1.4 (KHTML, like Gecko) CriOS/44.0.2403.67 Mobile/12F69 Safari/600.1.4"
198.54.114.83 - - [03/Apr/2025:10:56:45 -0400] "POST /wp-cron.php?doing_wp_cron=1743692204.5004999637603759765625 HTTP/1.1" 200 0 "-" "WordPress/6.7.2; https://stannswarehouse.com"
156.228.181.177 - - [03/Apr/2025:10:56:40 -0400] "POST /wp-login.php HTTP/1.1" 200 1848 "https://stannswarehouse.com" "Mozilla/5.0 (iPad; CPU OS 8_3 like Mac OS X) AppleWebKit/600.1.4 (KHTML, like Gecko) CriOS/44.0.2403.67 Mobile/12F69 Safari/600.1.4"
198.54.114.83 - - [03/Apr/2025:10:56:45 -0400] "POST /wp-admin/admin-ajax.php?action=async_litespeed&nonce=6L24ZdWYXm9KlErGRNQIxYIdciDupCoa&litespeed_type=imgoptm HTTP/1.1" 200 0 "-" "WordPress/6.7.2; https://stannswarehouse.com"
198.54.114.83 - - [03/Apr/2025:11:00:28 -0400] "POST /wp-cron.php?doing_wp_cron=1743692428.1742279529571533203125 HTTP/1.1" 200 0 "-" "WordPress/6.7.2; https://stannswarehouse.com"
196.251.87.2 - - [03/Apr/2025:11:00:24 -0400] "POST /wp-login.php?wc-ajax=1 HTTP/1.1" 200 1844 "https://stannswarehouse.com/wp-admin/" "Mozilla/5.0 (Windows NT 10.0; Win64; x64) AppleWebKit/537.36 (KHTML, like Gecko) Chrome/90.0.4430.85 Safari/537.36"
196.251.87.2 - - [03/Apr/2025:11:00:30 -0400] "GET /wp-admin/?wc-ajax=1 HTTP/1.1" 302 0 "www.google.com" "Mozilla/5.0 (Windows NT 10.0; Win64; x64) AppleWebKit/537.36 (KHTML, like Gecko) Chrome/90.0.4430.85 Safari/537.36"
196.251.87.2 - - [03/Apr/2025:11:00:31 -0400] "GET /wp-login.php?redirect_to=https%3A%2F%2Fstannswarehouse.com%2Fwp-admin%2F%3Fwc-ajax%3D1&reauth=1 HTTP/1.1" 200 1729 "www.google.com" "Mozilla/5.0 (Windows NT 10.0; Win64; x64) AppleWebKit/537.36 (KHTML, like Gecko) Chrome/90.0.4430.85 Safari/537.36"
198.54.114.83 - - [03/Apr/2025:11:00:35 -0400] "POST /wp-admin/admin-ajax.php?action=async_litespeed&nonce=epEL3WcdwoDjGE3AHQ91kEwJ74j9HzM8&litespeed_type=imgoptm HTTP/1.1" 200 5 "-" "WordPress/6.7.2; https://stannswarehouse.com"
85.208.96.207 - - [03/Apr/2025:11:03:59 -0400] "GET /eine-zeitgemase-beleuchtungslosung/ HTTP/1.1" 404 1251 "-" "Mozilla/5.0 (compatible; SemrushBot/7~bl; +http://www.semrush.com/bot.html)"
2a02:598:96:8a00::1200:127 - - [03/Apr/2025:11:04:27 -0400] "GET /exploring-the-mystique-of-pinetree-hill/ HTTP/1.1" 404 1251 "-" "Mozilla/5.0 (compatible; SeznamBot/4.0; +https://o-seznam.cz/napoveda/vyhledavani/en/seznambot-crawler/)"
2a02:598:96:8a00::1200:13d - - [03/Apr/2025:11:05:21 -0400] "GET /benefits-of-buying-youtube-views/ HTTP/1.1" 404 1251 "-" "Mozilla/5.0 (compatible; SeznamBot/4.0; +https://o-seznam.cz/napoveda/vyhledavani/en/seznambot-crawler/)"
138.246.237.69 - - [03/Apr/2025:11:10:28 -0400] "GET /jelly-sandals-buy-from-a-leading-merchant-to-ensure-the-quality/ HTTP/1.1" 404 1251 "-" "Owler (ows.eu/owler)"
2a02:598:96:8a00::1200:13d - - [03/Apr/2025:11:15:10 -0400] "GET /unveiling-the-thrilling-world-of-online-casinos/ HTTP/1.1" 404 1251 "-" "Mozilla/5.0 (compatible; SeznamBot/4.0; +https://o-seznam.cz/napoveda/vyhledavani/en/seznambot-crawler/)"
85.208.96.209 - - [03/Apr/2025:11:15:57 -0400] "GET /category/activity/page/91/ HTTP/1.1" 404 1251 "-" "Mozilla/5.0 (compatible; SemrushBot/7~bl; +http://www.semrush.com/bot.html)"
2a02:598:96:8a00::1200:127 - - [03/Apr/2025:11:17:26 -0400] "GET /teaser/ HTTP/1.1" 404 1251 "-" "Mozilla/5.0 (compatible; SeznamBot/4.0; +https://o-seznam.cz/napoveda/vyhledavani/en/seznambot-crawler/)"
2a02:598:96:8a00::1200:13d - - [03/Apr/2025:11:18:03 -0400] "GET /urethral-cancer-causes-symptoms-and-treatment/ HTTP/1.1" 404 1251 "-" "Mozilla/5.0 (compatible; SeznamBot/4.0; +https://o-seznam.cz/napoveda/vyhledavani/en/seznambot-crawler/)"
66.249.68.36 - - [03/Apr/2025:11:20:49 -0400] "GET /eleganza-e-comfort-al-lago-di-garda/ HTTP/1.1" 404 1251 "-" "Mozilla/5.0 (Linux; Android 6.0.1; Nexus 5X Build/MMB29P) AppleWebKit/537.36 (KHTML, like Gecko) Chrome/134.0.6998.165 Mobile Safari/537.36 (compatible; Googlebot/2.1; +http://www.google.com/bot.html)"
2a02:598:96:8a00::1200:127 - - [03/Apr/2025:11:22:31 -0400] "GET /marketing-automation-agency-bogota/ HTTP/1.1" 404 1251 "-" "Mozilla/5.0 (compatible; SeznamBot/4.0; +https://o-seznam.cz/napoveda/vyhledavani/en/seznambot-crawler/)"
2a02:598:96:8a00::1200:13d - - [03/Apr/2025:11:22:53 -0400] "GET /hot-water-gas-heaters-what-are-the-benefits/ HTTP/1.1" 404 1251 "-" "Mozilla/5.0 (compatible; SeznamBot/4.0; +https://o-seznam.cz/napoveda/vyhledavani/en/seznambot-crawler/)"
2a02:598:96:8a00::1200:127 - - [03/Apr/2025:11:23:15 -0400] "GET /birthday-cakes-how-to-make-it-cute/ HTTP/1.1" 404 1251 "-" "Mozilla/5.0 (compatible; SeznamBot/4.0; +https://o-seznam.cz/napoveda/vyhledavani/en/seznambot-crawler/)"
4.227.36.83 - - [03/Apr/2025:11:27:22 -0400] "GET /robots.txt HTTP/1.1" 200 23 "-" "Mozilla/5.0 AppleWebKit/537.36 (KHTML, like Gecko; compatible; GPTBot/1.2; +https://openai.com/gptbot)"
185.191.171.14 - - [03/Apr/2025:11:28:43 -0400] "GET /le-choix-ideal-pour-les-soirees-cosy/ HTTP/1.1" 404 1251 "-" "Mozilla/5.0 (compatible; SemrushBot/7~bl; +http://www.semrush.com/bot.html)"
74.208.42.172 - - [03/Apr/2025:11:29:31 -0400] "HEAD / HTTP/1.1" 200 0 "-" "www.deadlinkchecker.com Mozilla/5.0 (Windows NT 10.0; Win64; x64) AppleWebKit/537.36 (KHTML, like Gecko) Chrome/108.0.0.0 Safari/537.36"
79.127.224.104 - - [03/Apr/2025:11:30:04 -0400] "GET /wp-login.php HTTP/1.1" 200 1717 "https://stannswarehouse.com" "Mozilla/5.0 (Macintosh; Intel Mac OS X 10_7_5) AppleWebKit/537.36 (KHTML, like Gecko) Chrome/44.0.2403.157 Safari/537.36"
79.127.224.104 - - [03/Apr/2025:11:30:08 -0400] "POST /wp-login.php HTTP/1.1" 200 1848 "https://stannswarehouse.com" "Mozilla/5.0 (Macintosh; Intel Mac OS X 10_7_5) AppleWebKit/537.36 (KHTML, like Gecko) Chrome/44.0.2403.157 Safari/537.36"
198.54.114.83 - - [03/Apr/2025:11:30:14 -0400] "POST /wp-cron.php?doing_wp_cron=1743694212.7560749053955078125000 HTTP/1.1" 200 0 "-" "WordPress/6.7.2; https://stannswarehouse.com"
2a02:598:96:8a00::1200:13d - - [03/Apr/2025:11:32:03 -0400] "GET /how-to-make-a-tennis-prediction/ HTTP/1.1" 404 1251 "-" "Mozilla/5.0 (compatible; SeznamBot/4.0; +https://o-seznam.cz/napoveda/vyhledavani/en/seznambot-crawler/)"
2a02:598:96:8a00::1200:127 - - [03/Apr/2025:11:32:31 -0400] "GET /pgsoft/ HTTP/1.1" 404 1251 "-" "Mozilla/5.0 (compatible; SeznamBot/4.0; +https://o-seznam.cz/napoveda/vyhledavani/en/seznambot-crawler/)"
2a02:598:96:8a00::1200:13d - - [03/Apr/2025:11:34:18 -0400] "GET /the-ultimate-guide-to-the-best-usb-headsets/ HTTP/1.1" 404 1251 "-" "Mozilla/5.0 (compatible; SeznamBot/4.0; +https://o-seznam.cz/napoveda/vyhledavani/en/seznambot-crawler/)"
136.243.228.198 - - [03/Apr/2025:11:38:08 -0400] "GET /how-to-buy-real-youtube-subscribers/ HTTP/1.1" 404 1251 "-" "Mozilla/5.0 (compatible; DataForSeoBot/1.0; +https://dataforseo.com/dataforseo-bot)"
193.32.126.224 - - [03/Apr/2025:11:39:18 -0400] "GET /wp-login.php HTTP/1.1" 200 1717 "http://stannswarehouse.com/wp-admin/" "Mozilla/5.0 (Windows NT 10.0; Win64; x64) AppleWebKit/537.36 (KHTML, like Gecko) Chrome/90.0.4430.85 Safari/537.36"
198.54.114.83 - - [03/Apr/2025:11:39:18 -0400] "POST /wp-admin/admin-ajax.php?action=async_litespeed&nonce=eKMiV5LLXHb40n46p5jogAKuQ7xAcU9d&litespeed_type=imgoptm HTTP/1.1" 200 0 "-" "WordPress/6.7.2; https://stannswarehouse.com"
198.54.114.83 - - [03/Apr/2025:11:39:23 -0400] "POST /wp-cron.php?doing_wp_cron=1743694762.8671250343322753906250 HTTP/1.1" 200 0 "-" "WordPress/6.7.2; https://stannswarehouse.com"
193.32.126.224 - - [03/Apr/2025:11:39:20 -0400] "POST /wp-login.php HTTP/1.1" 200 1843 "http://stannswarehouse.com/wp-admin/" "Mozilla/5.0 (Windows NT 10.0; Win64; x64) AppleWebKit/537.36 (KHTML, like Gecko) Chrome/90.0.4430.85 Safari/537.36"
198.54.114.83 - - [03/Apr/2025:11:39:24 -0400] "POST /wp-admin/admin-ajax.php?action=async_litespeed&nonce=Fvhi9svjDEKDyogpdmwEWpxOhKBysEQH&litespeed_type=imgoptm HTTP/1.1" 200 0 "-" "WordPress/6.7.2; https://stannswarehouse.com"
193.32.126.224 - - [03/Apr/2025:11:39:25 -0400] "GET /wp-admin/ HTTP/1.1" 302 0 "www.google.com" "Mozilla/5.0 (Windows NT 10.0; Win64; x64) AppleWebKit/537.36 (KHTML, like Gecko) Chrome/90.0.4430.85 Safari/537.36"
193.32.126.224 - - [03/Apr/2025:11:39:27 -0400] "GET /wp-admin/ HTTP/1.1" 302 0 "www.google.com" "Mozilla/5.0 (Windows NT 10.0; Win64; x64) AppleWebKit/537.36 (KHTML, like Gecko) Chrome/90.0.4430.85 Safari/537.36"
138.246.238.134 - - [03/Apr/2025:11:40:02 -0400] "GET /robots.txt HTTP/1.1" 304 0 "-" "Owler (ows.eu/owler)"
138.246.238.134 - - [03/Apr/2025:11:40:03 -0400] "GET /teaser/ HTTP/1.1" 404 1251 "-" "Owler (ows.eu/owler)"
40.77.167.159 - - [03/Apr/2025:11:44:23 -0400] "GET /sitemap.xml.gz HTTP/1.1" 404 1251 "-" "Mozilla/5.0 AppleWebKit/537.36 (KHTML, like Gecko; compatible; bingbot/2.0; +http://www.bing.com/bingbot.htm) Chrome/116.0.1938.76 Safari/537.36"
2a03:2880:f800:1b:: - - [03/Apr/2025:11:45:50 -0400] "GET /fitness-suppliers/ HTTP/1.1" 404 1251 "-" "meta-externalagent/1.1 (+https://developers.facebook.com/docs/sharing/webmasters/crawler)"
138.246.238.134 - - [03/Apr/2025:11:45:56 -0400] "GET /category/sign-up/ HTTP/1.1" 404 1251 "-" "Owler (ows.eu/owler)"
2a02:598:96:8a00::1200:127 - - [03/Apr/2025:11:47:27 -0400] "GET /how-to-create-a-youtube-playlist/ HTTP/1.1" 404 1251 "-" "Mozilla/5.0 (compatible; SeznamBot/4.0; +https://o-seznam.cz/napoveda/vyhledavani/en/seznambot-crawler/)"
2a02:598:96:8a00::1200:13d - - [03/Apr/2025:11:51:04 -0400] "GET /foam-insulation-helping-business-homeowners-feel-comfortable-and-save-money/ HTTP/1.1" 404 1251 "-" "Mozilla/5.0 (compatible; SeznamBot/4.0; +https://o-seznam.cz/napoveda/vyhledavani/en/seznambot-crawler/)"
47.79.104.202 - - [03/Apr/2025:12:01:07 -0400] "GET / HTTP/1.1" 200 156148 "https://www.google.com/" "Mozilla/5.0 (Linux; Android 10; K) AppleWebKit/537.36 (KHTML, like Gecko) Chrome/132.0.0.0 Mobile Safari/537.36"
2a02:598:96:8a00::1200:127 - - [03/Apr/2025:12:05:27 -0400] "GET /a-day-tour-adventure/ HTTP/1.1" 404 1251 "-" "Mozilla/5.0 (compatible; SeznamBot/4.0; +https://o-seznam.cz/napoveda/vyhledavani/en/seznambot-crawler/)"
43.130.33.54 - - [03/Apr/2025:12:05:50 -0400] "GET /how-to-set-up-a-nintendo-switch/ HTTP/1.1" 404 1251 "-" "Mozilla/5.0 (Windows NT 10.0; Win64; x64) AppleWebKit/537.36 (KHTML, like Gecko) Chrome/114.0.0.0 Safari/537.36 OPR/89.0.4447.51"
43.135.164.2 - - [03/Apr/2025:12:05:51 -0400] "GET / HTTP/1.1" 200 156148 "-" "Mozilla/5.0 (Windows NT 10.0; Win64; x64) AppleWebKit/537.36 (KHTML, like Gecko) Chrome/114.0.0.0 Safari/537.36 OPR/89.0.4447.51"
43.153.48.134 - - [03/Apr/2025:12:06:08 -0400] "GET /dp/B0D3RN5W37?ref=MarsFS_VICC_blinksqm HTTP/1.1" 404 1251 "https://stannswarehouse.com" "Mozilla/5.0 (Windows NT 10.0; Win64; x64) AppleWebKit/537.36 (KHTML, like Gecko) Chrome/114.0.0.0 Safari/537.36 OPR/89.0.4447.51"
43.135.147.140 - - [03/Apr/2025:12:06:10 -0400] "GET / HTTP/1.1" 200 156148 "https://stannswarehouse.com" "Mozilla/5.0 (Windows NT 10.0; Win64; x64) AppleWebKit/537.36 (KHTML, like Gecko) Chrome/114.0.0.0 Safari/537.36 OPR/89.0.4447.51"
2a02:598:96:8a00::1200:13d - - [03/Apr/2025:12:08:38 -0400] "GET /best-cbd-for-sleep-uk/ HTTP/1.1" 404 1251 "-" "Mozilla/5.0 (compatible; SeznamBot/4.0; +https://o-seznam.cz/napoveda/vyhledavani/en/seznambot-crawler/)"
2a02:598:96:8a00::1200:127 - - [03/Apr/2025:12:18:19 -0400] "GET /vietnam-takes-top-in-list-of-must-visit-destinations/ HTTP/1.1" 404 1251 "-" "Mozilla/5.0 (compatible; SeznamBot/4.0; +https://o-seznam.cz/napoveda/vyhledavani/en/seznambot-crawler/)"
2a03:2880:f800:a:: - - [03/Apr/2025:12:20:11 -0400] "GET /unlocking-strategic-human-resources-the-role-of-hr-consultancy-in-london/ HTTP/1.1" 404 1251 "-" "meta-externalagent/1.1 (+https://developers.facebook.com/docs/sharing/webmasters/crawler)"
2a02:598:96:8a00::1200:13d - - [03/Apr/2025:12:20:40 -0400] "GET /how-to-buy-watch-hours-on-youtube-from-a-trusted-service-provider/ HTTP/1.1" 404 1251 "-" "Mozilla/5.0 (compatible; SeznamBot/4.0; +https://o-seznam.cz/napoveda/vyhledavani/en/seznambot-crawler/)"
18.216.67.94 - - [03/Apr/2025:12:23:10 -0400] "GET /robots.txt HTTP/1.1" 304 0 "-" "Mozilla/5.0 AppleWebKit/537.36 (KHTML, like Gecko; compatible; ClaudeBot/1.0; +claudebot@anthropic.com)"
18.216.67.94 - - [03/Apr/2025:12:23:10 -0400] "GET /lart-du-mobilier-de-bureau-creativite-et-fonctionnalite HTTP/1.1" 404 1251 "-" "Mozilla/5.0 AppleWebKit/537.36 (KHTML, like Gecko; compatible; ClaudeBot/1.0; +claudebot@anthropic.com)"
2a02:598:96:8a00::1200:127 - - [03/Apr/2025:12:25:21 -0400] "GET /the-strategy-behind-buying-views-and-followers/ HTTP/1.1" 404 1251 "-" "Mozilla/5.0 (compatible; SeznamBot/4.0; +https://o-seznam.cz/napoveda/vyhledavani/en/seznambot-crawler/)"
193.32.126.224 - - [03/Apr/2025:12:25:48 -0400] "GET /wp-login.php HTTP/1.1" 200 1717 "http://stannswarehouse.com/wp-admin/" "Mozilla/5.0 (Windows NT 10.0; Win64; x64) AppleWebKit/537.36 (KHTML, like Gecko) Chrome/90.0.4430.85 Safari/537.36"
193.32.126.224 - - [03/Apr/2025:12:25:49 -0400] "POST /wp-login.php HTTP/1.1" 200 1843 "http://stannswarehouse.com/wp-admin/" "Mozilla/5.0 (Windows NT 10.0; Win64; x64) AppleWebKit/537.36 (KHTML, like Gecko) Chrome/90.0.4430.85 Safari/537.36"
193.32.126.224 - - [03/Apr/2025:12:25:50 -0400] "GET /wp-admin/ HTTP/1.1" 302 0 "www.google.com" "Mozilla/5.0 (Windows NT 10.0; Win64; x64) AppleWebKit/537.36 (KHTML, like Gecko) Chrome/90.0.4430.85 Safari/537.36"
198.54.114.83 - - [03/Apr/2025:12:25:50 -0400] "POST /wp-admin/admin-ajax.php?action=async_litespeed&nonce=GAKEv7wLl6yIBdH4yZ1chqS5GC1wzic4&litespeed_type=imgoptm HTTP/1.1" 200 5 "-" "WordPress/6.7.2; https://stannswarehouse.com"
198.54.114.83 - - [03/Apr/2025:12:25:52 -0400] "POST /wp-cron.php?doing_wp_cron=1743697551.7024669647216796875000 HTTP/1.1" 200 0 "-" "WordPress/6.7.2; https://stannswarehouse.com"
193.32.126.224 - - [03/Apr/2025:12:25:51 -0400] "GET /wp-login.php?redirect_to=https%3A%2F%2Fstannswarehouse.com%2Fwp-admin%2F&reauth=1 HTTP/1.1" 200 1717 "www.google.com" "Mozilla/5.0 (Windows NT 10.0; Win64; x64) AppleWebKit/537.36 (KHTML, like Gecko) Chrome/90.0.4430.85 Safari/537.36"
2a02:598:96:8a00::1200:13d - - [03/Apr/2025:12:27:09 -0400] "GET /buchhaltung-hattingen/ HTTP/1.1" 404 1251 "-" "Mozilla/5.0 (compatible; SeznamBot/4.0; +https://o-seznam.cz/napoveda/vyhledavani/en/seznambot-crawler/)"
2a02:598:96:8a00::1200:127 - - [03/Apr/2025:12:29:19 -0400] "GET /sleek-elegance-exploring-the-perfect-ten-showflat/ HTTP/1.1" 404 1251 "-" "Mozilla/5.0 (compatible; SeznamBot/4.0; +https://o-seznam.cz/napoveda/vyhledavani/en/seznambot-crawler/)"
185.191.171.8 - - [03/Apr/2025:12:29:35 -0400] "GET /robots.txt HTTP/1.1" 200 23 "-" "Mozilla/5.0 (compatible; SemrushBot/7~bl; +http://www.semrush.com/bot.html)"
185.191.171.7 - - [03/Apr/2025:12:29:36 -0400] "GET /game-changing-comfort-the-evolution-of-soccer-grip-socks/ HTTP/1.1" 404 1251 "-" "Mozilla/5.0 (compatible; SemrushBot/7~bl; +http://www.semrush.com/bot.html)"
2a02:598:96:8a00::1200:13d - - [03/Apr/2025:12:30:47 -0400] "GET /leather-goods/ HTTP/1.1" 404 1251 "-" "Mozilla/5.0 (compatible; SeznamBot/4.0; +https://o-seznam.cz/napoveda/vyhledavani/en/seznambot-crawler/)"
58.254.68.93 - - [03/Apr/2025:12:31:33 -0400] "GET /barack-obama-slot-machine-critical-overview/ HTTP/1.1" 404 1251 "https://stannswarehouse.com" "Mozilla/5.0 (Windows NT 10.0; Win64; x64) AppleWebKit/537.36 (KHTML, like Gecko) Chrome/62.0.3202.94 Safari/537.36"
58.254.68.93 - - [03/Apr/2025:12:31:38 -0400] "GET /barack-obama-slot-machine-critical-overview/ HTTP/1.1" 404 1251 "https://stannswarehouse.com" "Mozilla/5.0 (Windows NT 10.0; Win64; x64) AppleWebKit/537.36 (KHTML, like Gecko) Chrome/62.0.3202.94 Safari/537.36"
58.254.68.93 - - [03/Apr/2025:12:31:41 -0400] "GET /barack-obama-slot-machine-critical-overview/ HTTP/1.1" 404 1251 "https://stannswarehouse.com" "Mozilla/5.0 (Windows NT 10.0; Win64; x64) AppleWebKit/537.36 (KHTML, like Gecko) Chrome/62.0.3202.94 Safari/537.36"
58.254.68.93 - - [03/Apr/2025:12:31:42 -0400] "GET /barack-obama-slot-machine-critical-overview/ HTTP/1.1" 404 1251 "https://stannswarehouse.com" "Mozilla/5.0 (Windows NT 10.0; Win64; x64) AppleWebKit/537.36 (KHTML, like Gecko) Chrome/62.0.3202.94 Safari/537.36"
2a02:598:96:8a00::1200:127 - - [03/Apr/2025:12:32:09 -0400] "GET /choosing-a-custom-gaming-pc-builder/ HTTP/1.1" 404 1251 "-" "Mozilla/5.0 (compatible; SeznamBot/4.0; +https://o-seznam.cz/napoveda/vyhledavani/en/seznambot-crawler/)"
2a02:598:96:8a00::1200:13d - - [03/Apr/2025:12:34:32 -0400] "GET /what-you-should-know-about-tennis-trading/ HTTP/1.1" 404 1251 "-" "Mozilla/5.0 (compatible; SeznamBot/4.0; +https://o-seznam.cz/napoveda/vyhledavani/en/seznambot-crawler/)"
111.249.179.111 - - [03/Apr/2025:12:35:09 -0400] "GET /how-to-avoid-dangerous-patterns-of-gambling-in-poker/ HTTP/1.1" 404 1251 "-" "Mozilla/5.0 (Macintosh; Intel Mac OS X 12_5) AppleWebKit/537.36 (KHTML, like Gecko) Chrome/114.0.0.0 Safari/537.36 OPR/89.0.4447.51"
111.249.179.111 - - [03/Apr/2025:12:35:10 -0400] "GET / HTTP/1.1" 200 156148 "-" "Mozilla/5.0 (Macintosh; Intel Mac OS X 12_5) AppleWebKit/537.36 (KHTML, like Gecko) Chrome/114.0.0.0 Safari/537.36 OPR/89.0.4447.51"
111.249.179.111 - - [03/Apr/2025:12:35:16 -0400] "GET /s/ref=nb_sb_noss?url=search-alias%3Dalcohol&field-keywords= HTTP/1.1" 404 1251 "https://stannswarehouse.com" "Mozilla/5.0 (Macintosh; Intel Mac OS X 12_5) AppleWebKit/537.36 (KHTML, like Gecko) Chrome/114.0.0.0 Safari/537.36 OPR/89.0.4447.51"
111.249.179.111 - - [03/Apr/2025:12:35:18 -0400] "GET /s/ref=nb_sb_noss?url=search-alias%3Dalcohol&field-keywords= HTTP/1.1" 404 1251 "https://stannswarehouse.com" "Mozilla/5.0 (Macintosh; Intel Mac OS X 12_5) AppleWebKit/537.36 (KHTML, like Gecko) Chrome/114.0.0.0 Safari/537.36 OPR/89.0.4447.51"
111.249.179.111 - - [03/Apr/2025:12:35:19 -0400] "GET /s/ref=nb_sb_noss?url=search-alias%3Dalcohol&field-keywords= HTTP/1.1" 404 1251 "https://stannswarehouse.com" "Mozilla/5.0 (Macintosh; Intel Mac OS X 12_5) AppleWebKit/537.36 (KHTML, like Gecko) Chrome/114.0.0.0 Safari/537.36 OPR/89.0.4447.51"
111.249.179.111 - - [03/Apr/2025:12:35:20 -0400] "GET /s/ref=nb_sb_noss?url=search-alias%3Dalcohol&field-keywords= HTTP/1.1" 404 1251 "https://stannswarehouse.com" "Mozilla/5.0 (Macintosh; Intel Mac OS X 12_5) AppleWebKit/537.36 (KHTML, like Gecko) Chrome/114.0.0.0 Safari/537.36 OPR/89.0.4447.51"
111.249.179.111 - - [03/Apr/2025:12:35:21 -0400] "GET /how-to-avoid-dangerous-patterns-of-gambling-in-poker/ HTTP/1.1" 404 1251 "-" "Mozilla/5.0 (Macintosh; Intel Mac OS X 12_5) AppleWebKit/537.36 (KHTML, like Gecko) Chrome/114.0.0.0 Safari/537.36 OPR/89.0.4447.51"
47.128.111.147 - - [03/Apr/2025:12:36:39 -0400] "GET /robots.txt HTTP/1.1" 200 23 "-" "Go-http-client/2.0"
47.128.16.141 - - [03/Apr/2025:12:40:39 -0400] "GET /la-necessite-de-lassurance-professionnelle/ HTTP/1.1" 404 1251 "-" "Mozilla/5.0 (Linux; Android 5.0) AppleWebKit/537.36 (KHTML, like Gecko) Mobile Safari/537.36 (compatible; TikTokSpider; ttspider-feedback@tiktok.com)"
52.167.144.236 - - [03/Apr/2025:12:45:12 -0400] "GET /what-is-quantum-healing/ HTTP/1.1" 404 1251 "-" "Mozilla/5.0 AppleWebKit/537.36 (KHTML, like Gecko; compatible; bingbot/2.0; +http://www.bing.com/bingbot.htm) Chrome/116.0.1938.76 Safari/537.36"
2a02:598:96:8a00::1200:127 - - [03/Apr/2025:12:46:24 -0400] "GET /a-guide-to-essential-parts/ HTTP/1.1" 404 1251 "-" "Mozilla/5.0 (compatible; SeznamBot/4.0; +https://o-seznam.cz/napoveda/vyhledavani/en/seznambot-crawler/)"
178.20.44.82 - - [03/Apr/2025:12:47:54 -0400] "GET /all-you-need-to-know-regarding-cbd-oil/ HTTP/1.1" 404 1251 "https://stannswarehouse.com/all-you-need-to-know-regarding-cbd-oil/#comment-9662/" "Mozilla/5.0 (Windows NT 10.0; Win64; x64) AppleWebKit/537.36 (KHTML, like Gecko) Chrome/131.0.0.0 Safari/537.36 Avast/131.0.0.0"
178.20.44.82 - - [03/Apr/2025:12:47:55 -0400] "GET / HTTP/1.1" 200 156148 "https://stannswarehouse.com/" "Mozilla/5.0 (Windows NT 10.0; Win64; x64) AppleWebKit/537.36 (KHTML, like Gecko) Chrome/131.0.0.0 Safari/537.36 Avast/131.0.0.0"
2a02:598:96:8a00::1200:13d - - [03/Apr/2025:12:49:11 -0400] "GET /exploring-the-ardor-residence-showflat-a-modern-living-experience/ HTTP/1.1" 404 1251 "-" "Mozilla/5.0 (compatible; SeznamBot/4.0; +https://o-seznam.cz/napoveda/vyhledavani/en/seznambot-crawler/)"
2a02:598:96:8a00::1200:127 - - [03/Apr/2025:12:49:41 -0400] "GET /birthday-cake-sydney/ HTTP/1.1" 404 1251 "-" "Mozilla/5.0 (compatible; SeznamBot/4.0; +https://o-seznam.cz/napoveda/vyhledavani/en/seznambot-crawler/)"
66.249.68.36 - - [03/Apr/2025:12:50:49 -0400] "GET /la-medecine-esthetique-a-rouen-une-revolution-pour-votre-beaute/ HTTP/1.1" 404 1251 "-" "Mozilla/5.0 (Linux; Android 6.0.1; Nexus 5X Build/MMB29P) AppleWebKit/537.36 (KHTML, like Gecko) Chrome/134.0.6998.165 Mobile Safari/537.36 (compatible; Googlebot/2.1; +http://www.google.com/bot.html)"
173.239.224.108 - - [03/Apr/2025:12:52:01 -0400] "GET /choosing-the-right-size-importance-of-the-5-16-lag-bolt-pilot-hole/ HTTP/1.1" 404 1251 "-" "Mozilla/5.0 (Windows NT 10.0; Win64; x64) AppleWebKit/537.36 (KHTML, like Gecko) Chrome/62.0.3202.94 Safari/537.36"
2a02:598:96:8a00::1200:127 - - [03/Apr/2025:12:52:36 -0400] "GET /brick-patio-weed-control/ HTTP/1.1" 404 1251 "-" "Mozilla/5.0 (compatible; SeznamBot/4.0; +https://o-seznam.cz/napoveda/vyhledavani/en/seznambot-crawler/)"
2a02:598:96:8a00::1200:13d - - [03/Apr/2025:12:53:02 -0400] "GET /what-does-it-take-to-be-an-electrician/ HTTP/1.1" 404 1251 "-" "Mozilla/5.0 (compatible; SeznamBot/4.0; +https://o-seznam.cz/napoveda/vyhledavani/en/seznambot-crawler/)"
2a02:598:96:8a00::1200:13d - - [03/Apr/2025:12:54:41 -0400] "GET /transforming-lives-with-rhinoplasty-in-cyprus/ HTTP/1.1" 404 1251 "-" "Mozilla/5.0 (compatible; SeznamBot/4.0; +https://o-seznam.cz/napoveda/vyhledavani/en/seznambot-crawler/)"
2a02:598:96:8a00::1200:127 - - [03/Apr/2025:12:55:17 -0400] "GET /understanding-cement-screed-walls/ HTTP/1.1" 404 1251 "-" "Mozilla/5.0 (compatible; SeznamBot/4.0; +https://o-seznam.cz/napoveda/vyhledavani/en/seznambot-crawler/)"
2a02:598:96:8a00::1200:13d - - [03/Apr/2025:12:56:27 -0400] "GET /overseas-soccer-relay/ HTTP/1.1" 404 1251 "-" "Mozilla/5.0 (compatible; SeznamBot/4.0; +https://o-seznam.cz/napoveda/vyhledavani/en/seznambot-crawler/)"
2a02:598:96:8a00::1200:127 - - [03/Apr/2025:12:56:29 -0400] "GET /what-to-look-for-in-a-real-estate-crm/ HTTP/1.1" 404 1251 "-" "Mozilla/5.0 (compatible; SeznamBot/4.0; +https://o-seznam.cz/napoveda/vyhledavani/en/seznambot-crawler/)"
2a02:598:96:8a00::1200:13d - - [03/Apr/2025:12:58:49 -0400] "GET /emergency-locksmith/ HTTP/1.1" 404 1251 "-" "Mozilla/5.0 (compatible; SeznamBot/4.0; +https://o-seznam.cz/napoveda/vyhledavani/en/seznambot-crawler/)"
188.166.234.225 - - [03/Apr/2025:12:59:40 -0400] "GET /wp-login.php HTTP/1.1" 200 1717 "-" "python-requests/2.31.0"
188.166.234.225 - - [03/Apr/2025:12:59:41 -0400] "GET /wp-login.php HTTP/1.1" 200 1717 "-" "python-requests/2.31.0"
198.54.114.83 - - [03/Apr/2025:12:59:44 -0400] "POST /wp-cron.php?doing_wp_cron=1743699584.4128069877624511718750 HTTP/1.1" 200 0 "-" "WordPress/6.7.2; https://stannswarehouse.com"
188.166.234.225 - - [03/Apr/2025:12:59:41 -0400] "POST /wp-login.php HTTP/1.1" 200 1843 "-" "python-requests/2.31.0"
198.54.114.83 - - [03/Apr/2025:12:59:45 -0400] "POST /wp-admin/admin-ajax.php?action=async_litespeed&nonce=HyJdPXLRTnAidxZknehJ0eZdVp47ER8x&litespeed_type=imgoptm HTTP/1.1" 200 0 "-" "WordPress/6.7.2; https://stannswarehouse.com"
2a02:598:96:8a00::1200:13d - - [03/Apr/2025:13:01:31 -0400] "GET /diamond-painting-shop/ HTTP/1.1" 404 1251 "-" "Mozilla/5.0 (compatible; SeznamBot/4.0; +https://o-seznam.cz/napoveda/vyhledavani/en/seznambot-crawler/)"
2a02:598:96:8a00::1200:127 - - [03/Apr/2025:13:08:21 -0400] "GET /rv/ HTTP/1.1" 404 1251 "-" "Mozilla/5.0 (compatible; SeznamBot/4.0; +https://o-seznam.cz/napoveda/vyhledavani/en/seznambot-crawler/)"
45.76.16.214 - - [03/Apr/2025:13:09:32 -0400] "GET /what-is-sports-rehab HTTP/1.1" 404 1251 "https://stannswarehouse.com" "Mozilla/5.0 (Windows NT 10.0; Win64; x64) AppleWebKit/537.36 (KHTML, like Gecko) Chrome/62.0.3202.94 Safari/537.36"
45.76.16.214 - - [03/Apr/2025:13:09:32 -0400] "GET /what-is-sports-rehab HTTP/1.1" 404 1251 "https://stannswarehouse.com" "Mozilla/5.0 (Windows NT 10.0; Win64; x64) AppleWebKit/537.36 (KHTML, like Gecko) Chrome/62.0.3202.94 Safari/537.36"
45.76.16.214 - - [03/Apr/2025:13:09:33 -0400] "GET /what-is-sports-rehab HTTP/1.1" 404 1251 "https://stannswarehouse.com" "Mozilla/5.0 (Windows NT 10.0; Win64; x64) AppleWebKit/537.36 (KHTML, like Gecko) Chrome/62.0.3202.94 Safari/537.36"
45.76.16.214 - - [03/Apr/2025:13:09:34 -0400] "GET /what-is-sports-rehab HTTP/1.1" 404 1251 "https://stannswarehouse.com" "Mozilla/5.0 (Windows NT 10.0; Win64; x64) AppleWebKit/537.36 (KHTML, like Gecko) Chrome/62.0.3202.94 Safari/537.36"
23.94.73.156 - - [03/Apr/2025:13:10:18 -0400] "GET / HTTP/1.1" 200 156148 "-" "Mozilla/5.0 (Windows NT 10.0; Win64; x64; rv:88.0) Gecko/20100101 Firefox/88.0"
2a02:598:96:8a00::1200:13d - - [03/Apr/2025:13:13:47 -0400] "GET /cache-courses-in-dubai/ HTTP/1.1" 404 1251 "-" "Mozilla/5.0 (compatible; SeznamBot/4.0; +https://o-seznam.cz/napoveda/vyhledavani/en/seznambot-crawler/)"
198.54.114.83 - - [03/Apr/2025:13:14:14 -0400] "POST /wp-admin/admin-ajax.php?action=async_litespeed&nonce=0aj7UTSzIZsrrCxz7SzHOcz8exDv6I83&litespeed_type=imgoptm HTTP/1.1" 200 5 "-" "WordPress/6.7.2; https://stannswarehouse.com"
13.74.81.12 - - [03/Apr/2025:13:14:14 -0400] "GET /wp-admin/options.php HTTP/1.1" 302 0 "-" "-"
13.74.81.12 - - [03/Apr/2025:13:14:14 -0400] "GET /wp-login.php?redirect_to=https%3A%2F%2Fstannswarehouse.com%2Fwp-admin%2Foptions.php&reauth=1 HTTP/1.1" 200 1732 "-" "-"
198.54.114.83 - - [03/Apr/2025:13:14:55 -0400] "POST /wp-cron.php?doing_wp_cron=1743700494.8181231021881103515625 HTTP/1.1" 200 0 "-" "WordPress/6.7.2; https://stannswarehouse.com"
54.254.137.198 - - [03/Apr/2025:13:14:54 -0400] "POST /wp-login.php HTTP/1.1" 200 1843 "-" "Mozlila/5.0 (Linux; Android 7.0; SM-G892A Bulid/NRD90M; wv) AppleWebKit/537.36 (KHTML, like Gecko) Version/4.0 Chrome/60.0.3112.107 Moblie Safari/537.36"
54.254.137.198 - - [03/Apr/2025:13:14:55 -0400] "GET /wp-admin/plugin-install.php?tab=upload HTTP/1.1" 302 0 "-" "Mozlila/5.0 (Linux; Android 7.0; SM-G892A Bulid/NRD90M; wv) AppleWebKit/537.36 (KHTML, like Gecko) Version/4.0 Chrome/60.0.3112.107 Moblie Safari/537.36"
198.54.114.83 - - [03/Apr/2025:13:14:55 -0400] "POST /wp-admin/admin-ajax.php?action=async_litespeed&nonce=gooNZX4Gqbq3j6NUkorNLnMZ2n3P9H6k&litespeed_type=imgoptm HTTP/1.1" 200 5 "-" "WordPress/6.7.2; https://stannswarehouse.com"
54.254.137.198 - - [03/Apr/2025:13:14:55 -0400] "GET /wp-login.php?redirect_to=https%3A%2F%2Fstannswarehouse.com%2Fwp-admin%2Fplugin-install.php%3Ftab%3Dupload&reauth=1 HTTP/1.1" 200 1737 "-" "Mozlila/5.0 (Linux; Android 7.0; SM-G892A Bulid/NRD90M; wv) AppleWebKit/537.36 (KHTML, like Gecko) Version/4.0 Chrome/60.0.3112.107 Moblie Safari/537.36"
185.231.155.169 - - [03/Apr/2025:13:15:20 -0400] "GET /all-you-need-to-know-regarding-cbd-oil/ HTTP/1.1" 404 1251 "https://stannswarehouse.com/all-you-need-to-know-regarding-cbd-oil/" "Mozilla/5.0 (Windows NT 10.0; Win64; x64) AppleWebKit/537.36 (KHTML, like Gecko) Chrome/130.0.0.0 Safari/537.36"
185.231.155.169 - - [03/Apr/2025:13:15:21 -0400] "GET / HTTP/1.1" 200 156148 "https://stannswarehouse.com/" "Mozilla/5.0 (Windows NT 10.0; Win64; x64) AppleWebKit/537.36 (KHTML, like Gecko) Chrome/130.0.0.0 Safari/537.36"
188.166.234.225 - - [03/Apr/2025:13:15:27 -0400] "GET /wp-admin HTTP/1.1" 301 795 "-" "python-requests/2.31.0"
198.54.114.83 - - [03/Apr/2025:13:15:27 -0400] "POST /wp-cron.php?doing_wp_cron=1743700527.4144549369812011718750 HTTP/1.1" 200 0 "-" "WordPress/6.7.2; https://stannswarehouse.com"
188.166.234.225 - - [03/Apr/2025:13:15:27 -0400] "GET /wp-admin/ HTTP/1.1" 302 0 "-" "python-requests/2.31.0"
188.166.234.225 - - [03/Apr/2025:13:15:28 -0400] "GET /wp-login.php?redirect_to=https%3A%2F%2Fstannswarehouse.com%2Fwp-admin%2F&reauth=1 HTTP/1.1" 200 1717 "-" "python-requests/2.31.0"
198.54.114.83 - - [03/Apr/2025:13:15:28 -0400] "POST /wp-admin/admin-ajax.php?action=async_litespeed&nonce=bqypkKJ8YZ62dKgyRweDZTmhNPYgzZyL&litespeed_type=imgoptm HTTP/1.1" 200 5 "-" "WordPress/6.7.2; https://stannswarehouse.com"
188.166.234.225 - - [03/Apr/2025:13:15:29 -0400] "GET /?cffaction=get_data_from_database&query=show%20tables HTTP/1.1" 200 156148 "-" "python-requests/2.31.0"
13.74.81.12 - - [03/Apr/2025:13:15:36 -0400] "GET /wp-login.php HTTP/1.1" 200 1717 "-" "-"
13.74.81.12 - - [03/Apr/2025:13:16:12 -0400] "GET /wp-admin/network/ HTTP/1.1" 302 0 "-" "-"
13.74.81.12 - - [03/Apr/2025:13:16:13 -0400] "GET /wp-login.php?redirect_to=https%3A%2F%2Fstannswarehouse.com%2Fwp-admin%2Fnetwork%2F&reauth=1 HTTP/1.1" 200 1724 "-" "-"
13.74.81.12 - - [03/Apr/2025:13:16:15 -0400] "GET /wp-login.php?action=register HTTP/1.1" 302 0 "-" "-"
13.74.81.12 - - [03/Apr/2025:13:16:16 -0400] "GET /wp-login.php?registration=disabled HTTP/1.1" 200 1779 "-" "-"
198.54.114.83 - - [03/Apr/2025:13:16:21 -0400] "POST /wp-admin/admin-ajax.php?action=async_litespeed&nonce=faYpZt5D3oIlLLECCKq6Kneq6MmXmPIO&litespeed_type=imgoptm HTTP/1.1" 200 5 "-" "WordPress/6.7.2; https://stannswarehouse.com"
13.74.81.12 - - [03/Apr/2025:13:16:21 -0400] "GET /wp-admin/about.php HTTP/1.1" 302 0 "-" "-"
13.74.81.12 - - [03/Apr/2025:13:16:22 -0400] "GET /wp-login.php?redirect_to=https%3A%2F%2Fstannswarehouse.com%2Fwp-admin%2Fabout.php&reauth=1 HTTP/1.1" 200 1728 "-" "-"
13.74.81.12 - - [03/Apr/2025:13:16:24 -0400] "GET /wp-admin/user/about.php HTTP/1.1" 302 0 "-" "-"
13.74.81.12 - - [03/Apr/2025:13:16:25 -0400] "GET /wp-login.php?redirect_to=https%3A%2F%2Fstannswarehouse.com%2Fwp-admin%2Fuser%2Fabout.php&reauth=1 HTTP/1.1" 200 1731 "-" "-"
13.74.81.12 - - [03/Apr/2025:13:16:26 -0400] "GET /wp-admin/network/admin.php HTTP/1.1" 302 0 "-" "-"
13.74.81.12 - - [03/Apr/2025:13:16:26 -0400] "GET /wp-login.php?redirect_to=https%3A%2F%2Fstannswarehouse.com%2Fwp-admin%2Fnetwork%2Fadmin.php&reauth=1 HTTP/1.1" 200 1726 "-" "-"
13.74.81.12 - - [03/Apr/2025:13:16:28 -0400] "GET /wp-admin/network/index.php HTTP/1.1" 302 0 "-" "-"
13.74.81.12 - - [03/Apr/2025:13:16:28 -0400] "GET /wp-login.php?redirect_to=https%3A%2F%2Fstannswarehouse.com%2Fwp-admin%2Fnetwork%2Findex.php&reauth=1 HTTP/1.1" 200 1723 "-" "-"
2a02:598:96:8a00::1200:13d - - [03/Apr/2025:13:20:52 -0400] "GET /dental-equipment-for-sale/ HTTP/1.1" 404 1251 "-" "Mozilla/5.0 (compatible; SeznamBot/4.0; +https://o-seznam.cz/napoveda/vyhledavani/en/seznambot-crawler/)"
190.92.215.5 - - [03/Apr/2025:13:23:57 -0400] "GET /discover-the-magic-of-rainbow-riches-casino/ HTTP/1.1" 404 1251 "https://stannswarehouse.com/discover-the-magic-of-rainbow-riches-casino/#respond" "Mozilla/5.0 (Macintosh; Intel Mac OS X 10_15_7) AppleWebKit/537.36 (KHTML, like Gecko) Chrome/119.0.0.0 Safari/537.36"
2a02:598:96:8a00::1200:127 - - [03/Apr/2025:13:24:19 -0400] "GET /crypto-mixer/ HTTP/1.1" 404 1251 "-" "Mozilla/5.0 (compatible; SeznamBot/4.0; +https://o-seznam.cz/napoveda/vyhledavani/en/seznambot-crawler/)"
58.254.68.93 - - [03/Apr/2025:13:24:36 -0400] "GET /unveiling-the-world-of-satta-king-a-comprehensive-guide/ HTTP/1.1" 404 1251 "https://stannswarehouse.com" "Mozilla/5.0 (Windows NT 10.0; Win64; x64) AppleWebKit/537.36 (KHTML, like Gecko) Chrome/62.0.3202.94 Safari/537.36"
58.254.68.93 - - [03/Apr/2025:13:24:38 -0400] "GET /unveiling-the-world-of-satta-king-a-comprehensive-guide/ HTTP/1.1" 404 1251 "https://stannswarehouse.com" "Mozilla/5.0 (Windows NT 10.0; Win64; x64) AppleWebKit/537.36 (KHTML, like Gecko) Chrome/62.0.3202.94 Safari/537.36"
58.254.68.93 - - [03/Apr/2025:13:24:42 -0400] "GET /unveiling-the-world-of-satta-king-a-comprehensive-guide/ HTTP/1.1" 404 1251 "https://stannswarehouse.com" "Mozilla/5.0 (Windows NT 10.0; Win64; x64) AppleWebKit/537.36 (KHTML, like Gecko) Chrome/62.0.3202.94 Safari/537.36"
58.254.68.93 - - [03/Apr/2025:13:24:44 -0400] "GET /unveiling-the-world-of-satta-king-a-comprehensive-guide/ HTTP/1.1" 404 1251 "https://stannswarehouse.com" "Mozilla/5.0 (Windows NT 10.0; Win64; x64) AppleWebKit/537.36 (KHTML, like Gecko) Chrome/62.0.3202.94 Safari/537.36"
165.227.83.226 - - [03/Apr/2025:13:25:36 -0400] "GET /wp-login.php HTTP/1.1" 200 1717 "http://stannswarehouse.com/wp-admin/" "Mozilla/5.0 (Windows NT 10.0; Win64; x64) AppleWebKit/537.36 (KHTML, like Gecko) Chrome/90.0.4430.85 Safari/537.36"
198.54.114.83 - - [03/Apr/2025:13:25:36 -0400] "POST /wp-admin/admin-ajax.php?action=async_litespeed&nonce=FvMQArNLb9CnoNJcy8EqSPxVBKKM24nI&litespeed_type=imgoptm HTTP/1.1" 200 5 "-" "WordPress/6.7.2; https://stannswarehouse.com"
165.227.83.226 - - [03/Apr/2025:13:25:37 -0400] "GET /wp-admin/ HTTP/1.1" 302 0 "www.google.com" "Mozilla/5.0 (Windows NT 10.0; Win64; x64) AppleWebKit/537.36 (KHTML, like Gecko) Chrome/90.0.4430.85 Safari/537.36"
165.227.83.226 - - [03/Apr/2025:13:25:37 -0400] "GET /wp-login.php?redirect_to=https%3A%2F%2Fstannswarehouse.com%2Fwp-admin%2F&reauth=1 HTTP/1.1" 200 1717 "www.google.com" "Mozilla/5.0 (Windows NT 10.0; Win64; x64) AppleWebKit/537.36 (KHTML, like Gecko) Chrome/90.0.4430.85 Safari/537.36"
2a02:598:96:8a00::1200:13d - - [03/Apr/2025:13:27:46 -0400] "GET /10-best-uk-sites-for-online-tuition/ HTTP/1.1" 404 1251 "-" "Mozilla/5.0 (compatible; SeznamBot/4.0; +https://o-seznam.cz/napoveda/vyhledavani/en/seznambot-crawler/)"
85.208.96.201 - - [03/Apr/2025:13:34:34 -0400] "GET /robots.txt HTTP/1.1" 304 0 "-" "Mozilla/5.0 (compatible; SemrushBot/7~bl; +http://www.semrush.com/bot.html)"
185.191.171.1 - - [03/Apr/2025:13:34:34 -0400] "GET /hourly-care-dorchester/ HTTP/1.1" 404 1251 "-" "Mozilla/5.0 (compatible; SemrushBot/7~bl; +http://www.semrush.com/bot.html)"
17.241.75.228 - - [03/Apr/2025:13:35:04 -0400] "GET /the-best-preworkout-for-women/ HTTP/1.1" 404 1251 "-" "Mozilla/5.0 (Macintosh; Intel Mac OS X 10_15_7) AppleWebKit/605.1.15 (KHTML, like Gecko) Version/17.4 Safari/605.1.15 (Applebot/0.1; +http://www.apple.com/go/applebot)"
2a02:598:96:8a00::1200:13d - - [03/Apr/2025:13:36:18 -0400] "GET /how-to-buy-tiktok-video-views/ HTTP/1.1" 404 1251 "-" "Mozilla/5.0 (compatible; SeznamBot/4.0; +https://o-seznam.cz/napoveda/vyhledavani/en/seznambot-crawler/)"
2a02:598:96:8a00::1200:127 - - [03/Apr/2025:13:38:20 -0400] "GET /finding-the-best-car-transport-services-near-you/ HTTP/1.1" 404 1251 "-" "Mozilla/5.0 (compatible; SeznamBot/4.0; +https://o-seznam.cz/napoveda/vyhledavani/en/seznambot-crawler/)"
2a02:598:96:8a00::1200:127 - - [03/Apr/2025:13:39:32 -0400] "GET /understanding-the-impact-of-buying-youtube-views/ HTTP/1.1" 404 1251 "-" "Mozilla/5.0 (compatible; SeznamBot/4.0; +https://o-seznam.cz/napoveda/vyhledavani/en/seznambot-crawler/)"
2a02:598:96:8a00::1200:13d - - [03/Apr/2025:13:39:40 -0400] "GET /youtube-favorites/ HTTP/1.1" 404 1251 "-" "Mozilla/5.0 (compatible; SeznamBot/4.0; +https://o-seznam.cz/napoveda/vyhledavani/en/seznambot-crawler/)"
85.208.98.19 - - [03/Apr/2025:13:43:30 -0400] "GET /how-the-katana-sword-is-made/ HTTP/1.1" 404 1251 "-" "Mozilla/5.0 (compatible; SemrushBot-BA; +http://www.semrush.com/bot.html)"
109.196.160.152 - - [03/Apr/2025:13:43:32 -0400] "GET /unveiling-the-phenomenal-fortune-of-weird-al-yankovic/ HTTP/1.1" 404 1251 "-" "Mozilla/5.0 (X11; Linux x86_64) AppleWebKit/537.36 (KHTML, like Gecko) Chrome/106.0.0.0 Safari/537.36"
2a02:598:96:8a00::1200:13d - - [03/Apr/2025:13:44:02 -0400] "GET /what-is-mindfulness/ HTTP/1.1" 404 1251 "-" "Mozilla/5.0 (compatible; SeznamBot/4.0; +https://o-seznam.cz/napoveda/vyhledavani/en/seznambot-crawler/)"
2a02:598:96:8a00::1200:127 - - [03/Apr/2025:13:47:22 -0400] "GET /unlocking-the-joy-the-growing-trend-of-games-hire/ HTTP/1.1" 404 1251 "-" "Mozilla/5.0 (compatible; SeznamBot/4.0; +https://o-seznam.cz/napoveda/vyhledavani/en/seznambot-crawler/)"
2a02:598:96:8a00::1200:13d - - [03/Apr/2025:13:48:45 -0400] "GET /what-are-ustensiles/ HTTP/1.1" 404 1251 "-" "Mozilla/5.0 (compatible; SeznamBot/4.0; +https://o-seznam.cz/napoveda/vyhledavani/en/seznambot-crawler/)"
114.119.128.35 - - [03/Apr/2025:13:50:06 -0400] "GET /best-massage-gun/ HTTP/1.1" 404 1251 "-" "Mozilla/5.0 (Linux; Android 7.0;) AppleWebKit/537.36 (KHTML, like Gecko) Mobile Safari/537.36 (compatible; PetalBot;+https://webmaster.petalsearch.com/site/petalbot)"
4.227.36.117 - - [03/Apr/2025:13:51:12 -0400] "GET /robots.txt HTTP/1.1" 200 23 "-" "Mozilla/5.0 AppleWebKit/537.36 (KHTML, like Gecko; compatible; GPTBot/1.2; +https://openai.com/gptbot)"
2a02:598:96:8a00::1200:127 - - [03/Apr/2025:13:51:42 -0400] "GET /mp4-to-ogg-converter-how-to-convert-mp4-to-ogg-on-mac-pc/ HTTP/1.1" 404 1251 "-" "Mozilla/5.0 (compatible; SeznamBot/4.0; +https://o-seznam.cz/napoveda/vyhledavani/en/seznambot-crawler/)"
2a02:598:96:8a00::1200:127 - - [03/Apr/2025:13:52:37 -0400] "GET /learn-how-to-hire-a-high-end-moving-company-at-a-low-end-price/ HTTP/1.1" 404 1251 "-" "Mozilla/5.0 (compatible; SeznamBot/4.0; +https://o-seznam.cz/napoveda/vyhledavani/en/seznambot-crawler/)"
85.208.96.195 - - [03/Apr/2025:13:57:07 -0400] "GET /the-difference-between-attorney-and-lawyer/ HTTP/1.1" 404 1251 "-" "Mozilla/5.0 (compatible; SemrushBot/7~bl; +http://www.semrush.com/bot.html)"
2a02:598:96:8a00::1200:13d - - [03/Apr/2025:13:58:50 -0400] "GET /what-is-sound-healing/ HTTP/1.1" 404 1251 "-" "Mozilla/5.0 (compatible; SeznamBot/4.0; +https://o-seznam.cz/napoveda/vyhledavani/en/seznambot-crawler/)"
2a02:598:96:8a00::1200:127 - - [03/Apr/2025:13:59:30 -0400] "GET /pikachu-lego-kit-review/ HTTP/1.1" 404 1251 "-" "Mozilla/5.0 (compatible; SeznamBot/4.0; +https://o-seznam.cz/napoveda/vyhledavani/en/seznambot-crawler/)"
47.82.37.50 - - [03/Apr/2025:14:01:06 -0400] "GET / HTTP/1.1" 200 156148 "https://www.google.com/" "Mozilla/5.0 (Linux; Android 10; K) AppleWebKit/537.36 (KHTML, like Gecko) Chrome/133.0.0.0 Mobile Safari/537.36"
47.79.60.43 - - [03/Apr/2025:14:01:07 -0400] "GET / HTTP/1.1" 200 156148 "https://www.google.com/" "Mozilla/5.0 (Windows NT 10.0; Win64; x64) AppleWebKit/537.36 (KHTML, like Gecko) Chrome/133.0.0.0 Safari/537.36"
157.245.155.211 - - [03/Apr/2025:14:02:03 -0400] "GET /uploaded_script.php HTTP/1.1" 404 1251 "www.google.com" "Mozilla/5.0 (Linux; Android 7.0; SM-G892A Build/NRD90M; wv) AppleWebKit/537.36 (KHTML, like Gecko) Version/4.0 Chrome/60.0.3112.107 Mobile Safari/537.36"
2a02:598:96:8a00::1200:127 - - [03/Apr/2025:14:02:43 -0400] "GET /upgrade-your-conservatory-with-a-solid-conservatory-roof/ HTTP/1.1" 404 1251 "-" "Mozilla/5.0 (compatible; SeznamBot/4.0; +https://o-seznam.cz/napoveda/vyhledavani/en/seznambot-crawler/)"
2a02:598:96:8a00::1200:13d - - [03/Apr/2025:14:03:03 -0400] "GET /youtubes-views/ HTTP/1.1" 404 1251 "-" "Mozilla/5.0 (compatible; SeznamBot/4.0; +https://o-seznam.cz/napoveda/vyhledavani/en/seznambot-crawler/)"
2a02:598:96:8a00::1200:13d - - [03/Apr/2025:14:03:35 -0400] "GET /what-is-a-locksmith/ HTTP/1.1" 404 1251 "-" "Mozilla/5.0 (compatible; SeznamBot/4.0; +https://o-seznam.cz/napoveda/vyhledavani/en/seznambot-crawler/)"
2a02:598:96:8a00::1200:127 - - [03/Apr/2025:14:04:49 -0400] "GET /american-heart-association-bls-training-essential-life-saving-skills/ HTTP/1.1" 404 1251 "-" "Mozilla/5.0 (compatible; SeznamBot/4.0; +https://o-seznam.cz/napoveda/vyhledavani/en/seznambot-crawler/)"
2a02:598:96:8a00::1200:13d - - [03/Apr/2025:14:07:25 -0400] "GET /isracard-phone/ HTTP/1.1" 404 1251 "-" "Mozilla/5.0 (compatible; SeznamBot/4.0; +https://o-seznam.cz/napoveda/vyhledavani/en/seznambot-crawler/)"
2a02:598:96:8a00::1200:127 - - [03/Apr/2025:14:11:49 -0400] "GET /les-bienfaits-du-massage-et-limportance-de-laffiliation-asca-a-geneve/ HTTP/1.1" 404 1251 "-" "Mozilla/5.0 (compatible; SeznamBot/4.0; +https://o-seznam.cz/napoveda/vyhledavani/en/seznambot-crawler/)"
173.239.224.91 - - [03/Apr/2025:14:19:15 -0400] "GET /choosing-the-right-size-importance-of-the-5-16-lag-bolt-pilot-hole/ HTTP/1.1" 404 1251 "-" "Mozilla/5.0 (Windows NT 10.0; Win64; x64) AppleWebKit/537.36 (KHTML, like Gecko) Chrome/62.0.3202.94 Safari/537.36"
37.1.201.95 - - [03/Apr/2025:14:20:14 -0400] "GET / HTTP/1.1" 200 156148 "-" "Mozilla/5.0 (Linux; Android 10; K) AppleWebKit/537.36 (KHTML, like Gecko) Chrome/134.0.0.0 Mobile Safari/537.36"
66.249.68.36 - - [03/Apr/2025:14:20:51 -0400] "GET /page/158/ HTTP/1.1" 404 1251 "-" "Mozilla/5.0 (Linux; Android 6.0.1; Nexus 5X Build/MMB29P) AppleWebKit/537.36 (KHTML, like Gecko) Chrome/134.0.6998.165 Mobile Safari/537.36 (compatible; Googlebot/2.1; +http://www.google.com/bot.html)"
85.208.96.200 - - [03/Apr/2025:14:21:10 -0400] "GET /overseas-soccer-relay/ HTTP/1.1" 404 1251 "-" "Mozilla/5.0 (compatible; SemrushBot/7~bl; +http://www.semrush.com/bot.html)"
195.2.84.178 - - [03/Apr/2025:14:23:08 -0400] "GET /all-you-need-to-know-regarding-cbd-oil/ HTTP/1.1" 404 1251 "https://stannswarehouse.com/all-you-need-to-know-regarding-cbd-oil/" "Mozilla/5.0 (Windows NT 10.0; Win64; x64) AppleWebKit/537.36 (KHTML, like Gecko) Chrome/131.0.0.0 Safari/537.36"
195.2.84.178 - - [03/Apr/2025:14:23:08 -0400] "GET /all-you-need-to-know-regarding-cbd-oil/ HTTP/1.1" 404 1251 "https://stannswarehouse.com/all-you-need-to-know-regarding-cbd-oil/" "Mozilla/5.0 (Windows NT 10.0; Win64; x64) AppleWebKit/537.36 (KHTML, like Gecko) Chrome/129.0.0.0 Safari/537.36"
195.2.84.178 - - [03/Apr/2025:14:23:09 -0400] "GET / HTTP/1.1" 200 156148 "https://stannswarehouse.com/" "Mozilla/5.0 (Windows NT 10.0; Win64; x64) AppleWebKit/537.36 (KHTML, like Gecko) Chrome/129.0.0.0 Safari/537.36"
195.2.84.178 - - [03/Apr/2025:14:23:10 -0400] "GET / HTTP/1.1" 200 156148 "https://stannswarehouse.com/" "Mozilla/5.0 (Windows NT 10.0; Win64; x64) AppleWebKit/537.36 (KHTML, like Gecko) Chrome/131.0.0.0 Safari/537.36"
2a02:598:96:8a00::1200:127 - - [03/Apr/2025:14:23:50 -0400] "GET /a-journey-into-enigmatic-realms/ HTTP/1.1" 404 1251 "-" "Mozilla/5.0 (compatible; SeznamBot/4.0; +https://o-seznam.cz/napoveda/vyhledavani/en/seznambot-crawler/)"
2a02:598:96:8a00::1200:13d - - [03/Apr/2025:14:26:22 -0400] "GET /finding-the-best-luxury-accommodation-in-brisbane/ HTTP/1.1" 404 1251 "-" "Mozilla/5.0 (compatible; SeznamBot/4.0; +https://o-seznam.cz/napoveda/vyhledavani/en/seznambot-crawler/)"
2a02:598:96:8a00::1200:127 - - [03/Apr/2025:14:26:51 -0400] "GET /unraveling-the-complexity-of-sex-addiction-therapy/ HTTP/1.1" 404 1251 "-" "Mozilla/5.0 (compatible; SeznamBot/4.0; +https://o-seznam.cz/napoveda/vyhledavani/en/seznambot-crawler/)"
114.119.128.143 - - [03/Apr/2025:14:26:59 -0400] "GET /personlig-tranare-online/ HTTP/1.1" 404 1251 "-" "Mozilla/5.0 (Linux; Android 7.0;) AppleWebKit/537.36 (KHTML, like Gecko) Mobile Safari/537.36 (compatible; PetalBot;+https://webmaster.petalsearch.com/site/petalbot)"
114.119.149.43 - - [03/Apr/2025:14:28:04 -0400] "GET /fire-pumps-for-sales/ HTTP/1.1" 404 1251 "-" "Mozilla/5.0 (Linux; Android 7.0;) AppleWebKit/537.36 (KHTML, like Gecko) Mobile Safari/537.36 (compatible; PetalBot;+https://webmaster.petalsearch.com/site/petalbot)"
195.2.67.184 - - [03/Apr/2025:14:28:27 -0400] "GET /all-you-need-to-know-regarding-cbd-oil/ HTTP/1.1" 404 1251 "https://stannswarehouse.com/all-you-need-to-know-regarding-cbd-oil/#comment-28833/" "Mozilla/5.0 (Windows NT 10.0; Win64; x64) AppleWebKit/537.36 (KHTML, like Gecko) Chrome/131.0.0.0 Safari/537.36 Avast/131.0.0.0"
195.2.67.184 - - [03/Apr/2025:14:28:27 -0400] "GET /all-you-need-to-know-regarding-cbd-oil/ HTTP/1.1" 404 1251 "https://stannswarehouse.com/all-you-need-to-know-regarding-cbd-oil/#comment-28833/" "Mozilla/5.0 (Windows NT 10.0; Win64; x64) AppleWebKit/537.36 (KHTML, like Gecko) Chrome/130.0.0.0 Safari/537.36 CCleaner/130.0.0.0"
195.2.67.184 - - [03/Apr/2025:14:28:27 -0400] "GET /all-you-need-to-know-regarding-cbd-oil/ HTTP/1.1" 404 1251 "https://stannswarehouse.com/all-you-need-to-know-regarding-cbd-oil/#comment-28833/" "Mozilla/5.0 (Windows NT 10.0; Win64; x64) AppleWebKit/537.36 (KHTML, like Gecko) Chrome/130.0.0.0 Safari/537.36"
195.2.67.184 - - [03/Apr/2025:14:28:27 -0400] "GET / HTTP/1.1" 200 156148 "https://stannswarehouse.com/" "Mozilla/5.0 (Windows NT 10.0; Win64; x64) AppleWebKit/537.36 (KHTML, like Gecko) Chrome/130.0.0.0 Safari/537.36 CCleaner/130.0.0.0"
195.2.67.184 - - [03/Apr/2025:14:28:28 -0400] "GET / HTTP/1.1" 200 156148 "https://stannswarehouse.com/" "Mozilla/5.0 (Windows NT 10.0; Win64; x64) AppleWebKit/537.36 (KHTML, like Gecko) Chrome/131.0.0.0 Safari/537.36 Avast/131.0.0.0"
