85.208.96.205 - - [02/Apr/2025:14:36:25 -0400] "GET /dp/B0D47Z1SB9?ref=MarsFS_VICC_blinkvin HTTP/1.1" 404 1251 "-" "Mozilla/5.0 (compatible; SemrushBot/7~bl; +http://www.semrush.com/bot.html)"
85.208.96.205 - - [02/Apr/2025:14:36:28 -0400] "GET /insurance-self-insured-person-2024/ HTTP/1.1" 404 1251 "-" "Mozilla/5.0 (compatible; SemrushBot/7~bl; +http://www.semrush.com/bot.html)"
112.92.70.120 - - [02/Apr/2025:14:39:32 -0400] "GET /unveiling-the-world-of-satta-king-a-comprehensive-guide/ HTTP/1.1" 404 1251 "https://stannswarehouse.com" "Mozilla/5.0 (Windows NT 10.0; Win64; x64) AppleWebKit/537.36 (KHTML, like Gecko) Chrome/62.0.3202.94 Safari/537.36"
112.92.70.120 - - [02/Apr/2025:14:39:37 -0400] "GET /unveiling-the-world-of-satta-king-a-comprehensive-guide/ HTTP/1.1" 404 1251 "https://stannswarehouse.com" "Mozilla/5.0 (Windows NT 10.0; Win64; x64) AppleWebKit/537.36 (KHTML, like Gecko) Chrome/62.0.3202.94 Safari/537.36"
85.208.96.199 - - [02/Apr/2025:14:39:37 -0400] "GET /hauser-aufwerten-dachdecker-hamburg-rahlstedt-sorgt-fur-erstklassige-dachlosungen/ HTTP/1.1" 404 1251 "-" "Mozilla/5.0 (compatible; SemrushBot/7~bl; +http://www.semrush.com/bot.html)"
112.92.70.120 - - [02/Apr/2025:14:39:39 -0400] "GET /unveiling-the-world-of-satta-king-a-comprehensive-guide/ HTTP/1.1" 404 1251 "https://stannswarehouse.com" "Mozilla/5.0 (Windows NT 10.0; Win64; x64) AppleWebKit/537.36 (KHTML, like Gecko) Chrome/62.0.3202.94 Safari/537.36"
112.92.70.120 - - [02/Apr/2025:14:39:41 -0400] "GET /unveiling-the-world-of-satta-king-a-comprehensive-guide/ HTTP/1.1" 404 1251 "https://stannswarehouse.com" "Mozilla/5.0 (Windows NT 10.0; Win64; x64) AppleWebKit/537.36 (KHTML, like Gecko) Chrome/62.0.3202.94 Safari/537.36"
198.54.114.83 - - [02/Apr/2025:14:41:48 -0400] "POST /wp-cron.php?doing_wp_cron=1743619307.4100561141967773437500 HTTP/1.1" 200 0 "-" "WordPress/6.7.2; https://stannswarehouse.com"
54.254.137.198 - - [02/Apr/2025:14:41:42 -0400] "POST /wp-login.php HTTP/1.1" 200 1843 "-" "Mozlila/5.0 (Linux; Android 7.0; SM-G892A Bulid/NRD90M; wv) AppleWebKit/537.36 (KHTML, like Gecko) Version/4.0 Chrome/60.0.3112.107 Moblie Safari/537.36"
54.254.137.198 - - [02/Apr/2025:14:41:50 -0400] "GET /wp-admin/plugin-install.php?tab=upload HTTP/1.1" 302 0 "-" "Mozlila/5.0 (Linux; Android 7.0; SM-G892A Bulid/NRD90M; wv) AppleWebKit/537.36 (KHTML, like Gecko) Version/4.0 Chrome/60.0.3112.107 Moblie Safari/537.36"
54.254.137.198 - - [02/Apr/2025:14:41:53 -0400] "GET /wp-login.php?redirect_to=https%3A%2F%2Fstannswarehouse.com%2Fwp-admin%2Fplugin-install.php%3Ftab%3Dupload&reauth=1 HTTP/1.1" 200 1737 "-" "Mozlila/5.0 (Linux; Android 7.0; SM-G892A Bulid/NRD90M; wv) AppleWebKit/537.36 (KHTML, like Gecko) Version/4.0 Chrome/60.0.3112.107 Moblie Safari/537.36"
34.145.20.211 - - [02/Apr/2025:14:42:30 -0400] "GET /how-to-write-for-new-magazines-as-a-freelance-writer/ HTTP/1.1" 404 1251 "-" "Mozilla/5.0 (Macintosh; Intel Mac OS X 10_15_7) AppleWebKit/605.1.15 (KHTML, like Gecko) Version/17.0 Safari/605.1.15"
2a02:598:96:8a00::1200:13d - - [02/Apr/2025:14:42:38 -0400] "GET /the-power-of-perception/ HTTP/1.1" 404 1251 "-" "Mozilla/5.0 (compatible; SeznamBot/4.0; +https://o-seznam.cz/napoveda/vyhledavani/en/seznambot-crawler/)"
34.169.175.120 - - [02/Apr/2025:14:44:01 -0400] "GET /bespoke-conservatory-south-wales/ HTTP/1.1" 404 1251 "-" "Mozilla/5.0 (Macintosh; Intel Mac OS X 10.15; rv:109.0) Gecko/20100101 Firefox/116.0"
2a02:598:96:8a00::1200:127 - - [02/Apr/2025:14:47:31 -0400] "GET /gitarrenkurs/ HTTP/1.1" 404 1251 "-" "Mozilla/5.0 (compatible; SeznamBot/4.0; +https://o-seznam.cz/napoveda/vyhledavani/en/seznambot-crawler/)"
2a02:598:96:8a00::1200:13d - - [02/Apr/2025:14:48:51 -0400] "GET /is-online-business-a-good-alternative-to-secure-your-income/ HTTP/1.1" 404 1251 "-" "Mozilla/5.0 (compatible; SeznamBot/4.0; +https://o-seznam.cz/napoveda/vyhledavani/en/seznambot-crawler/)"
54.91.119.195 - - [02/Apr/2025:14:49:40 -0400] "GET / HTTP/1.1" 200 156148 "-" "Mozilla/5.0 (Macintosh; Intel Mac OS X 10_14_3) AppleWebKit/537.36 (KHTML, like Gecko) Chrome/76.0.3809.87 Safari/537.36"
2a02:598:96:8a00::1200:127 - - [02/Apr/2025:14:49:51 -0400] "GET /a-guide-to-buying-followers/ HTTP/1.1" 404 1251 "-" "Mozilla/5.0 (compatible; SeznamBot/4.0; +https://o-seznam.cz/napoveda/vyhledavani/en/seznambot-crawler/)"
85.208.96.206 - - [02/Apr/2025:14:50:19 -0400] "GET /dp/B0CFPHSTDD?ref=MarsFS_KINDLE_sgse HTTP/1.1" 404 1251 "-" "Mozilla/5.0 (compatible; SemrushBot/7~bl; +http://www.semrush.com/bot.html)"
54.91.119.195 - - [02/Apr/2025:14:51:03 -0400] "GET //c.amazon-adsystem.com/bao-csm/forensics/a9-tq-forensics-incremental.min.js HTTP/1.1" 404 1251 "-" "Mozilla/5.0 (X11; Linux i686; rv:12.0) Gecko/20100101 Firefox/12.0"
54.91.119.195 - - [02/Apr/2025:14:51:03 -0400] "GET //m.media-amazon.com/images/G/01/vap/video/airy2/prod/2.0.1460.0/js/airy.skin._CB485981857_.js HTTP/1.1" 404 1251 "-" "Mozilla/5.0 (Linux; Android 9; SM-G965F) AppleWebKit/537.36 (KHTML, like Gecko) Chrome/76.0.3809.111 Mobile Safari/537.36"
54.91.119.195 - - [02/Apr/2025:14:51:04 -0400] "GET //m.media-amazon.com/images/I/31vB5DAPhsL.js HTTP/1.1" 404 1251 "-" "Mozilla/5.0 (Linux; Android 4.1.2; SHV-E250S Build/JZO54K) AppleWebKit/537.36 (KHTML, like Gecko) Chrome/30.0.1599.82 Mobile Safari/537.36"
54.91.119.195 - - [02/Apr/2025:14:51:04 -0400] "GET //m.media-amazon.com/images/I/11obTMtbIdL.js HTTP/1.1" 404 1251 "-" "Mozilla/5.0 (Windows NT 6.1; Win64; x64) AppleWebKit/537.36 (KHTML, like Gecko) Chrome/68.0.3440.84 Safari/537.36"
54.91.119.195 - - [02/Apr/2025:14:51:04 -0400] "GET //m.media-amazon.com/images/I/21T5HeBxb2L.js HTTP/1.1" 404 1251 "-" "Mozilla/5.0 (Macintosh; Intel Mac OS X 10_14_3) AppleWebKit/537.36 (KHTML, like Gecko) Chrome/77.0.3865.35 Safari/537.36"
54.91.119.195 - - [02/Apr/2025:14:51:04 -0400] "GET /service-worker.js HTTP/1.1" 404 1251 "-" "Mozilla/5.0 (MeeGo; NokiaN9) AppleWebKit/534.13 (KHTML, like Gecko) NokiaBrowser/8.5.0 Mobile Safari/534.13"
54.91.119.195 - - [02/Apr/2025:14:51:05 -0400] "GET //m.media-amazon.com/images/I/31FE2k3SYqL.js HTTP/1.1" 404 1251 "-" "Mozilla/5.0 (Macintosh; Intel Mac OS X 10_11_3) AppleWebKit/537.36 (KHTML, like Gecko) Chrome/61.0.3163.100 Safari/537.36"
54.91.119.195 - - [02/Apr/2025:14:51:05 -0400] "GET //m.media-amazon.com/images/I/51BqsgbDI7L.js HTTP/1.1" 404 1251 "-" "Mediapartners-Google"
54.91.119.195 - - [02/Apr/2025:14:51:05 -0400] "GET //m.media-amazon.com/images/I/21rCp4n3EgL.js HTTP/1.1" 404 1251 "-" "Mozilla/5.0 (Windows NT 6.3; Win64; x64) AppleWebKit/537.36 (KHTML, like Gecko) Chrome/78.0.3875.0 Safari/537.36"
54.91.119.195 - - [02/Apr/2025:14:51:05 -0400] "GET //m.media-amazon.com/images/I/61Zv28mcCIL.js HTTP/1.1" 404 1251 "-" "Mozilla/5.0 (Macintosh; Intel Mac OS X 10_14_6) AppleWebKit/537.36 (KHTML, like Gecko) Chrome/76.0.3809.87 Safari/537.36"
54.91.119.195 - - [02/Apr/2025:14:51:05 -0400] "GET //m.media-amazon.com/images/I/01YgpCubxaL.js HTTP/1.1" 404 1251 "-" "Mozilla/5.0 (Linux; Android 9; SM-G960F) AppleWebKit/537.36 (KHTML, like Gecko) Chrome/76.0.3809.111 Mobile Safari/537.36"
54.91.119.195 - - [02/Apr/2025:14:51:05 -0400] "GET //m.media-amazon.com/images/I/31g9ZHgCEBL.js HTTP/1.1" 404 1251 "-" "Mozilla/5.0 (Windows; U; Windows NT 5.2; en-US) AppleWebKit/537.36 (KHTML, like Gecko) Chrome/57.0.2987.108 Safari/537.36 UCBrowser/12.13.0.1207"
54.91.119.195 - - [02/Apr/2025:14:51:05 -0400] "GET //images-fe.ssl-images-amazon.com/images/I/41rRbrTuBFL.js HTTP/1.1" 404 1251 "-" "FeedFetcher-Google; ( http://www.google.com/feedfetcher.html)"
54.91.119.195 - - [02/Apr/2025:14:51:05 -0400] "GET //m.media-amazon.com/images/I/71PGeFSJQRL.js HTTP/1.1" 404 1251 "-" "Mozilla/5.0 (Macintosh; Intel Mac OS X 10_12_6) AppleWebKit/537.36 (KHTML, like Gecko) Chrome/76.0.3809.87 Safari/537.36"
54.91.119.195 - - [02/Apr/2025:14:51:05 -0400] "GET //images-fe.ssl-images-amazon.com/images/I/31bJewCvY-L.js HTTP/1.1" 404 1251 "-" "Mozilla/5.0 (Macintosh; Intel Mac OS X 10_10_5) AppleWebKit/603.3.8 (KHTML, like Gecko) Version/10.1.2 Safari/603.3.8"
54.91.119.195 - - [02/Apr/2025:14:51:05 -0400] "GET //m.media-amazon.com/images/I/51Fu2vYzlJL.js HTTP/1.1" 404 1251 "-" "Mozilla/5.0 (Linux; Android 8.0.0; d-02K) AppleWebKit/537.36 (KHTML, like Gecko) Chrome/72.0.3626.105 Safari/537.36"
54.91.119.195 - - [02/Apr/2025:14:51:05 -0400] "GET //m.media-amazon.com/images/I/41y1nCmf9WL.js HTTP/1.1" 404 1251 "-" "Mozilla/5.0 (iPad; CPU OS 12_3_1 like Mac OS X) AppleWebKit/605.1.15 (KHTML, like Gecko) Mobile/15E148;WeRead/4.1.3 (iPad; iOS 12.3.1; Scale/2.00)"
54.91.119.195 - - [02/Apr/2025:14:53:02 -0400] "GET //m.media-amazon.com/images/G/01/vap/video/airy2/prod/2.0.1460.0/js/airy.skin._CB485981857_.js HTTP/1.1" 404 1251 "-" "Mozilla/5.0 (Windows NT 10.0; WOW64) AppleWebKit/537.36 (KHTML, like Gecko) Chrome/74.0.3724.8 Safari/537.36"
54.91.119.195 - - [02/Apr/2025:14:53:02 -0400] "GET //images-fe.ssl-images-amazon.com/images/I/41rRbrTuBFL.js HTTP/1.1" 404 1251 "-" "Mozilla/5.0 (X11; FreeBSD amd64) AppleWebKit/537.4 (KHTML like Gecko) Chrome/22.0.1229.79 Safari/537.4"
54.91.119.195 - - [02/Apr/2025:14:53:02 -0400] "GET //m.media-amazon.com/images/I/51BqsgbDI7L.js HTTP/1.1" 404 1251 "-" "HTC_Dream Mozilla/5.0 (Linux; U; Android 1.5; en-ca; Build/CUPCAKE) AppleWebKit/528.5  (KHTML, like Gecko) Version/3.1.2 Mobile Safari/525.20.1"
54.91.119.195 - - [02/Apr/2025:14:53:02 -0400] "GET //images-fe.ssl-images-amazon.com/images/I/31bJewCvY-L.js HTTP/1.1" 404 1251 "-" "Mozilla/5.0 (Linux; Android 7.1.2; FP2) AppleWebKit/537.36 (KHTML, like Gecko) Chrome/78.0.3888.0 Mobile Safari/537.36"
54.91.119.195 - - [02/Apr/2025:14:53:02 -0400] "GET //m.media-amazon.com/images/I/21rCp4n3EgL.js HTTP/1.1" 404 1251 "-" "Mozilla/5.0 (X11; Linux x86_64) AppleWebKit/537.36 (KHTML, like Gecko) Falkon/3.0.0 Chrome/65.0.3325.230 Safari/537.36"
54.91.119.195 - - [02/Apr/2025:14:53:02 -0400] "GET //m.media-amazon.com/images/I/21T5HeBxb2L.js HTTP/1.1" 404 1251 "-" "Mozilla/5.0 (Linux; U; Android 2.1-update1; de-de; HTC Desire 1.19.161.5 Build/ERE27) AppleWebKit/530.17 (KHTML, like Gecko) Version/4.0 Mobile Safari/530.17"
54.91.119.195 - - [02/Apr/2025:14:53:02 -0400] "GET //m.media-amazon.com/images/I/51Fu2vYzlJL.js HTTP/1.1" 404 1251 "-" "Mozilla/5.0 (Windows NT 10.0; WOW64; rv:40.0) Gecko/20100101 Firefox/40.0"
54.91.119.195 - - [02/Apr/2025:14:53:03 -0400] "GET //m.media-amazon.com/images/I/61xJcNKKLXL.js HTTP/1.1" 404 1251 "-" "Mozilla/5.0 (X11; Linux i686) AppleWebKit/534.34 (KHTML, like Gecko) QupZilla/1.2.0 Safari/534.34"
54.91.119.195 - - [02/Apr/2025:14:53:03 -0400] "GET //images-fe.ssl-images-amazon.com/images/I/61PvIVKMYAL.js HTTP/1.1" 404 1251 "-" "Mozilla/5.0 (Linux; U; Android 6.0; zh-CN; KNT-UL10 Build/HUAWEIKNT-UL10) AppleWebKit/537.36 (KHTML, like Gecko) Version/4.0 Chrome/57.0.2987.108 Quark/3.0.2.943 Mobile Safari/537.36"
54.91.119.195 - - [02/Apr/2025:14:53:03 -0400] "GET //m.media-amazon.com/images/I/81LmaXL9x7L.js HTTP/1.1" 404 1251 "-" "Mozilla/5.0 (Linux; Android 9; SAMSUNG SM-G950U Build/PPR1.180610.011) AppleWebKit/537.36 (KHTML, like Gecko) SamsungBrowser/9.4 Chrome/67.0.3396.87 Mobile Safari/537.36"
54.91.119.195 - - [02/Apr/2025:14:53:03 -0400] "GET //m.media-amazon.com/images/G/01/csm/showads.v2.js HTTP/1.1" 404 1251 "-" "Mozilla/5.0 (SymbianOS/9.4; Series60/5.0 NokiaN97-1/10.0.012; Profile/MIDP-2.1 Configuration/CLDC-1.1; en-us) AppleWebKit/525 (KHTML, like Gecko) WicKed/7.1.12344"
54.91.119.195 - - [02/Apr/2025:14:53:03 -0400] "GET //m.media-amazon.com/images/I/71PGeFSJQRL.js HTTP/1.1" 404 1251 "-" "Mozilla/5.0 (Linux; Android 5.1.1; KYF39 Build/100.0.2039; wv) AppleWebKit/537.36 (KHTML, like Gecko) Version/4.0 Chrome/55.0.2883.91 Mobile Safari/537.36"
54.91.119.195 - - [02/Apr/2025:14:53:03 -0400] "GET //m.media-amazon.com/images/I/31g9ZHgCEBL.js HTTP/1.1" 404 1251 "-" "W3C_Validator/1.305.2.12 libwww-perl/5.64"
54.91.119.195 - - [02/Apr/2025:14:53:03 -0400] "GET //m.media-amazon.com/images/I/31diH2HLe8L.js HTTP/1.1" 404 1251 "-" "Mozilla/5.0 (X11; Linux i686) AppleWebKit/537.36 (KHTML, like Gecko) Ubuntu Chromium/65.0.3325.181 Chrome/65.0.3325.181 Safari/537.36"
54.91.119.195 - - [02/Apr/2025:14:53:03 -0400] "GET //m.media-amazon.com/images/I/41y1nCmf9WL.js HTTP/1.1" 404 1251 "-" "Mozilla/5.0 (Macintosh; Intel Mac OS X 10_14_4) AppleWebKit/537.36 (KHTML, like Gecko) Chrome/75.0.3770.100 Safari/537.36"
54.91.119.195 - - [02/Apr/2025:14:53:03 -0400] "GET //m.media-amazon.com/images/I/31vB5DAPhsL.js HTTP/1.1" 404 1251 "-" "Mozilla/5.0 (Linux; Android 9; SM-G970U1) AppleWebKit/537.36 (KHTML, like Gecko) Chrome/76.0.3809.111 Mobile Safari/537.36"
54.91.119.195 - - [02/Apr/2025:14:53:03 -0400] "GET //m.media-amazon.com/images/I/11cPrFWdvGL.js HTTP/1.1" 404 1251 "-" "Mozilla/5.0 (X11; CrOS aarch64 12239.67.0) AppleWebKit/537.36 (KHTML, like Gecko) Chrome/76.0.3809.102 Safari/537.36"
54.91.119.195 - - [02/Apr/2025:14:53:03 -0400] "GET //m.media-amazon.com/images/I/01YgpCubxaL.js HTTP/1.1" 404 1251 "-" "Mozilla/5.0 (Windows NT 10.0; WOW64) AppleWebKit/537.36 (KHTML, like Gecko) Chrome/61.0.3163.79 Safari/537.36 Maxthon/5.2.7.5000"
54.91.119.195 - - [02/Apr/2025:14:53:03 -0400] "GET //m.media-amazon.com/images/I/313sHJh1gZL.js HTTP/1.1" 404 1251 "-" "Mozilla/4.0 (compatible; MSIE 5.0; Series80/2.0 Nokia9500/4.51 Profile/MIDP-2.0 Configuration/CLDC-1.1)"
54.91.119.195 - - [02/Apr/2025:14:53:03 -0400] "GET //m.media-amazon.com/images/I/31FE2k3SYqL.js HTTP/1.1" 404 1251 "-" "Mozilla/5.0 (Windows NT 6.3; Win64; x64) AppleWebKit/537.36 (KHTML, like Gecko) Chrome/72.0.3626.109 Safari/537.36"
54.91.119.195 - - [02/Apr/2025:14:53:03 -0400] "GET //images-fe.ssl-images-amazon.com/images/I/41edV65p6-L.js HTTP/1.1" 404 1251 "-" "Mozilla/5.0 (Linux; Android 4.4.2; SM-T230NU Build/KOT49H) AppleWebKit/537.36 (KHTML, like Gecko) Chrome/51.0.2704.81 Safari/537.36"
54.91.119.195 - - [02/Apr/2025:14:53:04 -0400] "GET /service-worker.js HTTP/1.1" 404 1251 "-" "Mozilla/5.0 (compatible; Konqueror/4.1; DragonFly) KHTML/4.1.4 (like Gecko)"
54.91.119.195 - - [02/Apr/2025:14:53:04 -0400] "GET //m.media-amazon.com/images/I/91N9kPxZ4QL.js HTTP/1.1" 404 1251 "-" "Mozilla/5.0 (Macintosh; Intel Mac OS X 10_14_5) AppleWebKit/537.36 (KHTML, like Gecko) Chrome/73.0.3683.103 Safari/537.36 OPR/60.0.3255.170"
54.91.119.195 - - [02/Apr/2025:14:53:04 -0400] "GET //m.media-amazon.com/images/I/11obTMtbIdL.js HTTP/1.1" 404 1251 "-" "Mozilla/5.0 (X11; Linux x86_64) AppleWebKit/537.36 (KHTML, like Gecko) Chrome/66.0.3359.170 Safari/537.36"
54.91.119.195 - - [02/Apr/2025:14:53:04 -0400] "GET //m.media-amazon.com/images/I/61Zv28mcCIL.js HTTP/1.1" 404 1251 "-" "Mozilla/5.0 (Macintosh; U; PPC Mac OS X 10.5; en-US; rv:1.9.0.3) Gecko/2008092414 Firefox/3.0.3"
54.91.119.195 - - [02/Apr/2025:14:53:04 -0400] "GET //m.media-amazon.com/images/I/01Bkzt3wQvL.js HTTP/1.1" 404 1251 "-" "Mozilla/5.0 (Macintosh; Intel Mac OS X 10_14) AppleWebKit/605.1.15 (KHTML, like Gecko) Version/12.0 Safari/605.1.15"
54.91.119.195 - - [02/Apr/2025:14:53:05 -0400] "GET //images-fe.ssl-images-amazon.com/images/I/11iMNgfhiwL.js HTTP/1.1" 404 1251 "-" "Mozilla/5.0 (Windows NT 10.0; Win64; x64) AppleWebKit/537.36 (KHTML, like Gecko) Chrome/73.0.3683.103 Safari/537.36 OPR/60.0.3255.70"
54.91.119.195 - - [02/Apr/2025:14:53:07 -0400] "GET //c.amazon-adsystem.com/bao-csm/forensics/a9-tq-forensics-incremental.min.js HTTP/1.1" 404 1251 "-" "Mozilla/5.0 (Linux; Android 6.0.1; MI 4W) AppleWebKit/537.36 (KHTML, like Gecko) Chrome/76.0.3809.111 Mobile Safari/537.36"
2a02:598:96:8a00::1200:13d - - [02/Apr/2025:14:54:00 -0400] "GET /michael-kors/ HTTP/1.1" 404 1251 "-" "Mozilla/5.0 (compatible; SeznamBot/4.0; +https://o-seznam.cz/napoveda/vyhledavani/en/seznambot-crawler/)"
2a02:598:96:8a00::1200:127 - - [02/Apr/2025:14:54:32 -0400] "GET /moving-quotes-online/ HTTP/1.1" 404 1251 "-" "Mozilla/5.0 (compatible; SeznamBot/4.0; +https://o-seznam.cz/napoveda/vyhledavani/en/seznambot-crawler/)"
34.83.238.29 - - [02/Apr/2025:14:58:24 -0400] "GET /betting-money-sitess/ HTTP/1.1" 404 0 "-" "Mozilla/5.0 (Windows NT 10.0; Win64; x64) AppleWebKit/537.36 (KHTML, like Gecko) Chrome/123.0.0.0 Safari/537.36"
34.127.29.78 - - [02/Apr/2025:14:58:51 -0400] "GET /how-a-photographer-can-improve-your-dating-profile/ HTTP/1.1" 404 1251 "-" "Mozilla/5.0 (Macintosh; Intel Mac OS X 10.15; rv:109.0) Gecko/20100101 Firefox/116.0"
185.191.171.15 - - [02/Apr/2025:14:59:46 -0400] "GET /how-to-choose-the-best-online-casinos-and-sportsbooks/ HTTP/1.1" 404 1251 "-" "Mozilla/5.0 (compatible; SemrushBot/7~bl; +http://www.semrush.com/bot.html)"
185.191.171.6 - - [02/Apr/2025:15:01:31 -0400] "GET /un-magasin-de-sorcellerie-et-de-mineraux-pour-vous-aider-completement-en-sorcellerie/ HTTP/1.1" 404 1251 "-" "Mozilla/5.0 (compatible; SemrushBot/7~bl; +http://www.semrush.com/bot.html)"
2a02:598:96:8a00::1200:13d - - [02/Apr/2025:15:03:04 -0400] "GET /how-to-make-magic-mushroom-chocolate/ HTTP/1.1" 404 1251 "-" "Mozilla/5.0 (compatible; SeznamBot/4.0; +https://o-seznam.cz/napoveda/vyhledavani/en/seznambot-crawler/)"
34.145.20.211 - - [02/Apr/2025:15:03:31 -0400] "GET /online-gambling-handy-tips/ HTTP/1.1" 404 1251 "-" "Mozilla/5.0 (Windows NT 10.0; Win64; x64) AppleWebKit/537.36 (KHTML, like Gecko) Chrome/123.0.0.0 Safari/537.36"
34.19.85.195 - - [02/Apr/2025:15:03:38 -0400] "GET /michael-kors-handbag-sales/ HTTP/1.1" 404 1251 "-" "Mozilla/5.0 (Macintosh; Intel Mac OS X 10_15_7) AppleWebKit/605.1.15 (KHTML, like Gecko) Version/17.0 Safari/605.1.15"
34.169.175.120 - - [02/Apr/2025:15:04:52 -0400] "GET /e-cigarettes-and-youth/ HTTP/1.1" 404 1251 "-" "Mozilla/5.0 (Windows NT 10.0; Win64; x64) AppleWebKit/537.36 (KHTML, like Gecko) Chrome/123.0.0.0 Safari/537.36"
2a02:598:96:8a00::1200:127 - - [02/Apr/2025:15:08:51 -0400] "GET /the-benefits-of-being-a-thailand-elite-official/ HTTP/1.1" 404 1251 "-" "Mozilla/5.0 (compatible; SeznamBot/4.0; +https://o-seznam.cz/napoveda/vyhledavani/en/seznambot-crawler/)"
54.254.137.198 - - [02/Apr/2025:15:09:38 -0400] "POST /wp-login.php HTTP/1.1" 200 1843 "-" "Mozlila/5.0 (Linux; Android 7.0; SM-G892A Bulid/NRD90M; wv) AppleWebKit/537.36 (KHTML, like Gecko) Version/4.0 Chrome/60.0.3112.107 Moblie Safari/537.36"
54.254.137.198 - - [02/Apr/2025:15:09:51 -0400] "GET /wp-admin/plugin-install.php?tab=upload HTTP/1.1" 302 0 "-" "Mozlila/5.0 (Linux; Android 7.0; SM-G892A Bulid/NRD90M; wv) AppleWebKit/537.36 (KHTML, like Gecko) Version/4.0 Chrome/60.0.3112.107 Moblie Safari/537.36"
54.254.137.198 - - [02/Apr/2025:15:09:54 -0400] "GET /wp-login.php?redirect_to=https%3A%2F%2Fstannswarehouse.com%2Fwp-admin%2Fplugin-install.php%3Ftab%3Dupload&reauth=1 HTTP/1.1" 200 1737 "-" "Mozlila/5.0 (Linux; Android 7.0; SM-G892A Bulid/NRD90M; wv) AppleWebKit/537.36 (KHTML, like Gecko) Version/4.0 Chrome/60.0.3112.107 Moblie Safari/537.36"
43.132.120.183 - - [02/Apr/2025:15:10:20 -0400] "GET /unlocking-success-strategies-for-attracting-youtube-views/ HTTP/1.1" 404 1251 "-" "Python/3.10 aiohttp/3.10.5"
34.145.20.211 - - [02/Apr/2025:15:12:46 -0400] "GET /how-to-write-for-new-magazines-as-a-freelance-writer/ HTTP/1.1" 404 1251 "-" "Mozilla/5.0 (Windows NT 10.0; Win64; x64) AppleWebKit/537.36 (KHTML, like Gecko) Chrome/123.0.0.0 Safari/537.36"
185.191.171.11 - - [02/Apr/2025:15:13:31 -0400] "GET /hausmittel-zur-reinigung-der-silberkette/ HTTP/1.1" 404 1251 "-" "Mozilla/5.0 (compatible; SemrushBot/7~bl; +http://www.semrush.com/bot.html)"
34.169.189.46 - - [02/Apr/2025:15:13:37 -0400] "GET /tips-to-help-you-in-choosing-a-good-financial-recruitment-agency/ HTTP/1.1" 404 1251 "-" "Mozilla/5.0 (Macintosh; Intel Mac OS X 10_15_7) AppleWebKit/605.1.15 (KHTML, like Gecko) Version/17.0 Safari/605.1.15"
34.19.85.195 - - [02/Apr/2025:15:13:38 -0400] "GET /how-to-sub-for-baking-soda/ HTTP/1.1" 404 1251 "-" "Mozilla/5.0 (Macintosh; Intel Mac OS X 10.15; rv:109.0) Gecko/20100101 Firefox/116.0"
85.208.96.210 - - [02/Apr/2025:15:14:29 -0400] "GET /dp/B0D3RN5W37?ref=MarsFS_VICC_blinksqm HTTP/1.1" 404 1251 "-" "Mozilla/5.0 (compatible; SemrushBot/7~bl; +http://www.semrush.com/bot.html)"
54.85.239.163 - - [02/Apr/2025:15:14:34 -0400] "GET /efficient-file-transfer-solutions-streamlining-data-exchange/ HTTP/1.1" 404 1251 "-" "Grammarly/1.0 (http://www.grammarly.com)"
2a02:598:96:8a00::1200:13d - - [02/Apr/2025:15:15:14 -0400] "GET /coffee-shops-in-the-netherlands/ HTTP/1.1" 404 1251 "-" "Mozilla/5.0 (compatible; SeznamBot/4.0; +https://o-seznam.cz/napoveda/vyhledavani/en/seznambot-crawler/)"
34.127.29.78 - - [02/Apr/2025:15:16:26 -0400] "GET /tips-for-buying-custom-baseball-socks/ HTTP/1.1" 404 1251 "-" "Mozilla/5.0 (Macintosh; Intel Mac OS X 10_15_7) AppleWebKit/605.1.15 (KHTML, like Gecko) Version/17.0 Safari/605.1.15"
2a02:598:96:8a00::1200:127 - - [02/Apr/2025:15:19:34 -0400] "GET /abdominoplasty/ HTTP/1.1" 404 1251 "-" "Mozilla/5.0 (compatible; SeznamBot/4.0; +https://o-seznam.cz/napoveda/vyhledavani/en/seznambot-crawler/)"
85.208.96.198 - - [02/Apr/2025:15:21:49 -0400] "GET /robots.txt HTTP/1.1" 304 0 "-" "Mozilla/5.0 (compatible; SemrushBot/7~bl; +http://www.semrush.com/bot.html)"
185.191.171.3 - - [02/Apr/2025:15:21:52 -0400] "GET /dp/B09BS5XWNS?ref=MarsFS_KINDLE_br HTTP/1.1" 404 1251 "-" "Mozilla/5.0 (compatible; SemrushBot/7~bl; +http://www.semrush.com/bot.html)"
34.19.85.195 - - [02/Apr/2025:15:25:12 -0400] "GET /what-is-galling-and-how-to-prevent-it/ HTTP/1.1" 404 1251 "-" "Mozilla/5.0 (Macintosh; Intel Mac OS X 10.15; rv:109.0) Gecko/20100101 Firefox/116.0"
2a02:598:96:8a00::1200:13d - - [02/Apr/2025:15:29:08 -0400] "GET /bathroom-renovations-in-sunbury/ HTTP/1.1" 404 1251 "-" "Mozilla/5.0 (compatible; SeznamBot/4.0; +https://o-seznam.cz/napoveda/vyhledavani/en/seznambot-crawler/)"
85.208.96.211 - - [02/Apr/2025:15:31:09 -0400] "GET /get HTTP/1.1" 404 1251 "-" "Mozilla/5.0 (compatible; SemrushBot/7~bl; +http://www.semrush.com/bot.html)"
2a02:598:96:8a00::1200:127 - - [02/Apr/2025:15:32:17 -0400] "GET /online-travel-agency/ HTTP/1.1" 404 1251 "-" "Mozilla/5.0 (compatible; SeznamBot/4.0; +https://o-seznam.cz/napoveda/vyhledavani/en/seznambot-crawler/)"
2a02:598:96:8a00::1200:13d - - [02/Apr/2025:15:32:24 -0400] "GET /exciting-outdoor-entertainment-games-for-unforgettable-events/ HTTP/1.1" 404 1251 "-" "Mozilla/5.0 (compatible; SeznamBot/4.0; +https://o-seznam.cz/napoveda/vyhledavani/en/seznambot-crawler/)"
2a02:598:96:8a00::1200:127 - - [02/Apr/2025:15:32:39 -0400] "GET /bijoux/ HTTP/1.1" 404 1251 "-" "Mozilla/5.0 (compatible; SeznamBot/4.0; +https://o-seznam.cz/napoveda/vyhledavani/en/seznambot-crawler/)"
34.127.29.78 - - [02/Apr/2025:15:33:16 -0400] "GET /e-cigarettes-and-youth/ HTTP/1.1" 404 1251 "-" "Mozilla/5.0 (Macintosh; Intel Mac OS X 10.15; rv:109.0) Gecko/20100101 Firefox/116.0"
2a02:598:96:8a00::1200:13d - - [02/Apr/2025:15:34:00 -0400] "GET /please-try-out-ccbm-service-and-never-look-back/ HTTP/1.1" 404 1251 "-" "Mozilla/5.0 (compatible; SeznamBot/4.0; +https://o-seznam.cz/napoveda/vyhledavani/en/seznambot-crawler/)"
100.12.66.82 - - [02/Apr/2025:15:34:21 -0400] "GET / HTTP/1.1" 200 156148 "-" "Mozilla/5.0 (Windows NT 10.0; Win64; x64) AppleWebKit/537.36 (KHTML, like Gecko) Chrome/134.0.0.0 Safari/537.36"
100.12.66.82 - - [02/Apr/2025:15:34:23 -0400] "GET /rd/uedata?ld&v=0.300369.0&id=90G9DFKSFRKCQZ4KHD88&sw=1920&sh=1080&vw=1913&vh=919&m=1&sc=90G9DFKSFRKCQZ4KHD88&ue=2&bb=89&ns=93&x1=134&af=253&cf=285&be=343&fp=215&fcp=215&fn=399&pc=1212&tc=-501&na_=-501&ul_=-1743622462112&_ul=-1743622462112&rd_=-1743622462112&_rd=-1743622462112&fe_=-492&lk_=-490&_lk=-425&co_=-424&_co=-414&sc_=-424&rq_=-414&rs_=-19&_rs=65&dl_=-8&di_=401&de_=401&_de=415&_dc=1212&ld_=1212&_ld=-1743622462112&ntd=0&ty=0&rc=0&hob=1&hoe=2&ld=1212&t=1743622463324&ctb=1&rt=cf:68-7-55-6-4-5-1_af:65-4-55-6-4-4-1_ld:116-12-56-46-7-42-1&ec=12&ecf=6&csmtags=aui|aui:aui_build_date:3.24.9-2024-10-31|mutObsYes|desktop-image-atf-marker|aui:css:network|aui:js:network|color_name|configuration|defaultSelection|swatch|swatch:defaultSelection|sIMAGE|sIMAGE:defaultSelection|singleton|singleton:defaultSelection|family_size_bucket:0-3|family_size_bucket:0-3:defaultSelection|family_size_bucket:0-3:swatch|family_size_bucket:0-3:swatch:defaultSelection|family_size_bucket:0-3:sIMAGE|family_size_bucket:0-3:sIMAGE:defaultSelection|family_size_bucket:0-3:singleton|family_size_bucket:0-3:singleton:defaultSelection|variation_dimension:2|variation_dimension:2:defaultSelection|variation_dimension:2:swatch|variation_dimension:2:swatch:defaultSelection|variation_dimension:2:sIMAGE|variation_dimension:2:sIMAGE:defaultSelection|variation_dimension:2:singleton|variation_dimension:2:singleton:defaultSelection|variation_dimension:2:family_size_bucket:0-3|variation_dimension:2:family_size_bucket:0-3:defaultSelection|variation_dimension:2:family_size_bucket:0-3:swatch|variation_dimension:2:family_size_bucket:0-3:swatch:defaultSelection|variation_dimension:2:family_size_bucket:0-3:sIMAGE|variation_dimension:2:family_size_bucket:0-3:sIMAGE:defaultSelection|variation_dimension:2:family_size_bucket:0-3:singleton|variation_dimension:2:family_size_bucket:0-3:singleton:defaultSelection|mutObsActive|DetailPageMetaAssetFixedNotCached|DetailPageEverywhereMetaAssetNotCached|DetailPagePriceTrackerAssetsNotCached|DetailPageProductSpecDepthAssetNotCached|DetailPagePQVAssetsNotCached|DetailPageTwisterPlusSubAssetsNotCached|AmazonDevicesDetailPageCriticalAssetsNotCached|DetailPagePostPurchaseAssetsNotCached|DetailPageTurboCheckoutDesktopAssetsNotCached|DetailPageNostosAssetsNotCached|auiNotCached|buyingOptionNostos|FWCIMEnabled|fls-fe-amazon-com-au|perfYes|csm-feature-touch-enabled:false|image_size_bucket:0-50|immersiveViewNotAvailable|adblk_no|DPCIFNonBuyable|DPCIFLongPoleimageblock|aui:sw:page_proxy:no_ctrl&viz=visible:2&pty=Detail&spty=Kindle_HW&pti=B0BF75VM4T&tid=90G9DFKSFRKCQZ4KHD88&aftb=1&ui=2&lob=1 HTTP/1.1" 404 1251 "https://stannswarehouse.com/" "Mozilla/5.0 (Windows NT 10.0; Win64; x64) AppleWebKit/537.36 (KHTML, like Gecko) Chrome/134.0.0.0 Safari/537.36"
100.12.66.82 - - [02/Apr/2025:15:34:23 -0400] "GET /service-worker.js HTTP/1.1" 404 1251 "https://stannswarehouse.com/" "Mozilla/5.0 (Windows NT 10.0; Win64; x64) AppleWebKit/537.36 (KHTML, like Gecko) Chrome/134.0.0.0 Safari/537.36"
100.12.66.82 - - [02/Apr/2025:15:34:27 -0400] "GET /rd/uedata?rid=90G9DFKSFRKCQZ4KHD88&sid=356-1077062-4831846&rx=JMqga7k2/n0RIfNAkEo7nv9B0EVneKg/DHOuAJL4rLWRDiK6GUS6whHZ6qeJ2898 HTTP/1.1" 404 1251 "https://stannswarehouse.com/" "Mozilla/5.0 (Windows NT 10.0; Win64; x64) AppleWebKit/537.36 (KHTML, like Gecko) Chrome/134.0.0.0 Safari/537.36"
84.54.44.30 - - [02/Apr/2025:15:34:57 -0400] "GET /all-you-need-to-know-regarding-cbd-oil/ HTTP/1.1" 404 1251 "https://stannswarehouse.com/all-you-need-to-know-regarding-cbd-oil/" "Mozilla/5.0 (Windows NT 10.0; Win64; x64) AppleWebKit/537.36 (KHTML, like Gecko) Chrome/131.0.0.0 Safari/537.36"
84.54.44.30 - - [02/Apr/2025:15:34:58 -0400] "GET / HTTP/1.1" 200 156148 "https://stannswarehouse.com/" "Mozilla/5.0 (Windows NT 10.0; Win64; x64) AppleWebKit/537.36 (KHTML, like Gecko) Chrome/131.0.0.0 Safari/537.36"
34.169.216.138 - - [02/Apr/2025:15:36:38 -0400] "GET /bespoke-conservatory-south-wales/ HTTP/1.1" 404 1251 "-" "Mozilla/5.0 (Windows NT 10.0; Win64; x64) AppleWebKit/537.36 (KHTML, like Gecko) Chrome/123.0.0.0 Safari/537.36"
185.191.171.11 - - [02/Apr/2025:15:37:34 -0400] "GET /how-to-divorce-like-you-are-buying-a-tv/ HTTP/1.1" 404 1251 "-" "Mozilla/5.0 (compatible; SemrushBot/7~bl; +http://www.semrush.com/bot.html)"
85.208.96.207 - - [02/Apr/2025:15:37:40 -0400] "GET /page/98/ HTTP/1.1" 404 1251 "-" "Mozilla/5.0 (compatible; SemrushBot/7~bl; +http://www.semrush.com/bot.html)"
207.46.13.126 - - [02/Apr/2025:15:38:16 -0400] "GET /a-glimpse-into-luxury-exploring-the-ardor-residence-showflat/feed/ HTTP/1.1" 404 1251 "-" "Mozilla/5.0 AppleWebKit/537.36 (KHTML, like Gecko; compatible; bingbot/2.0; +http://www.bing.com/bingbot.htm) Chrome/116.0.1938.76 Safari/537.36"
85.208.96.208 - - [02/Apr/2025:15:38:20 -0400] "GET /dp/B07NQ7HNHY?ref=MarsFS_AUCC_oe HTTP/1.1" 404 1251 "-" "Mozilla/5.0 (compatible; SemrushBot/7~bl; +http://www.semrush.com/bot.html)"
85.208.96.194 - - [02/Apr/2025:15:39:38 -0400] "GET /dp/B09Y1GZR7T?ref=MarsFS_AUCC_gw HTTP/1.1" 404 1251 "-" "Mozilla/5.0 (compatible; SemrushBot/7~bl; +http://www.semrush.com/bot.html)"
2a02:598:96:8a00::1200:127 - - [02/Apr/2025:15:44:01 -0400] "GET /strategies-to-boost-your-follower-count/ HTTP/1.1" 404 1251 "-" "Mozilla/5.0 (compatible; SeznamBot/4.0; +https://o-seznam.cz/napoveda/vyhledavani/en/seznambot-crawler/)"
2a02:598:96:8a00::1200:13d - - [02/Apr/2025:15:45:06 -0400] "GET /empowerment-through-personal-life-coaching/ HTTP/1.1" 404 1251 "-" "Mozilla/5.0 (compatible; SeznamBot/4.0; +https://o-seznam.cz/napoveda/vyhledavani/en/seznambot-crawler/)"
2a02:598:96:8a00::1200:127 - - [02/Apr/2025:15:45:50 -0400] "GET /how-to-personalize-custom-logo-socks/ HTTP/1.1" 404 1251 "-" "Mozilla/5.0 (compatible; SeznamBot/4.0; +https://o-seznam.cz/napoveda/vyhledavani/en/seznambot-crawler/)"
2a02:598:96:8a00::1200:13d - - [02/Apr/2025:15:46:50 -0400] "GET /the-enigmatic-meyer-blue-unraveling-natures-sapphire/ HTTP/1.1" 404 1251 "-" "Mozilla/5.0 (compatible; SeznamBot/4.0; +https://o-seznam.cz/napoveda/vyhledavani/en/seznambot-crawler/)"
17.241.75.221 - - [02/Apr/2025:15:47:37 -0400] "GET /wp-content/uploads/2023/09/synthesize-2-2.mp3 HTTP/1.1" 200 34080 "-" "Mozilla/5.0 (Macintosh; Intel Mac OS X 10_15_7) AppleWebKit/605.1.15 (KHTML, like Gecko) Version/17.4 Safari/605.1.15 (Applebot/0.1; +http://www.apple.com/go/applebot)"
34.145.20.211 - - [02/Apr/2025:15:48:44 -0400] "GET /betting-money-sitess/ HTTP/1.1" 404 1251 "-" "Mozilla/5.0 (Macintosh; Intel Mac OS X 10.15; rv:109.0) Gecko/20100101 Firefox/116.0"
85.208.96.196 - - [02/Apr/2025:15:50:17 -0400] "GET /dp/B086PGZRGK?ref=MarsFS_eero_AGALAL HTTP/1.1" 404 1251 "-" "Mozilla/5.0 (compatible; SemrushBot/7~bl; +http://www.semrush.com/bot.html)"
2a02:598:96:8a00::1200:127 - - [02/Apr/2025:15:50:42 -0400] "GET /los-angeles-seo-optimization/ HTTP/1.1" 404 1251 "-" "Mozilla/5.0 (compatible; SeznamBot/4.0; +https://o-seznam.cz/napoveda/vyhledavani/en/seznambot-crawler/)"
185.191.171.12 - - [02/Apr/2025:15:51:01 -0400] "GET /unlocking-the-power-of-hypnotherapy-in-singapore/ HTTP/1.1" 404 1251 "-" "Mozilla/5.0 (compatible; SemrushBot/7~bl; +http://www.semrush.com/bot.html)"
34.19.85.195 - - [02/Apr/2025:15:51:15 -0400] "GET /tips-for-buying-custom-baseball-socks/ HTTP/1.1" 404 1251 "-" "Mozilla/5.0 (Windows NT 10.0; Win64; x64) AppleWebKit/537.36 (KHTML, like Gecko) Chrome/123.0.0.0 Safari/537.36"
185.191.171.6 - - [02/Apr/2025:15:53:17 -0400] "GET /digital-nomad-visa-spain/ HTTP/1.1" 404 1251 "-" "Mozilla/5.0 (compatible; SemrushBot/7~bl; +http://www.semrush.com/bot.html)"
34.145.20.211 - - [02/Apr/2025:15:53:37 -0400] "GET /mk-bag-sale-in-uk/ HTTP/1.1" 404 1251 "-" "Mozilla/5.0 (Macintosh; Intel Mac OS X 10_15_7) AppleWebKit/605.1.15 (KHTML, like Gecko) Version/17.0 Safari/605.1.15"
185.220.101.56 - - [02/Apr/2025:15:54:17 -0400] "GET / HTTP/1.1" 200 156148 "https://stannswarehouse.com" "Mozilla/5.0 (Windows NT 6.1; WOW64; rv:36.0) Gecko/20100101 Firefox/36.0"
134.17.14.122 - - [02/Apr/2025:15:54:45 -0400] "GET /past.php HTTP/1.1" 404 1251 "-" "Mozilla/4.0 (compatible; MSIE 6.0; Windows NT 5.1; SV1)"
85.208.96.200 - - [02/Apr/2025:15:56:50 -0400] "GET /dp/B085G63QHT?ref=MarsFS_AUCC_lr HTTP/1.1" 404 1251 "-" "Mozilla/5.0 (compatible; SemrushBot/7~bl; +http://www.semrush.com/bot.html)"
85.208.96.206 - - [02/Apr/2025:15:56:55 -0400] "GET /page/97/ HTTP/1.1" 404 1251 "-" "Mozilla/5.0 (compatible; SemrushBot/7~bl; +http://www.semrush.com/bot.html)"
2a02:598:96:8a00::1200:13d - - [02/Apr/2025:15:57:07 -0400] "GET /steuerberater/ HTTP/1.1" 404 1251 "-" "Mozilla/5.0 (compatible; SeznamBot/4.0; +https://o-seznam.cz/napoveda/vyhledavani/en/seznambot-crawler/)"
85.208.96.198 - - [02/Apr/2025:15:57:09 -0400] "GET /about-liquor-storage/ HTTP/1.1" 404 1251 "-" "Mozilla/5.0 (compatible; SemrushBot/7~bl; +http://www.semrush.com/bot.html)"
2a02:598:96:8a00::1200:13d - - [02/Apr/2025:15:57:22 -0400] "GET /finding-the-best-online-vape-shop-in-the-uk/ HTTP/1.1" 404 1251 "-" "Mozilla/5.0 (compatible; SeznamBot/4.0; +https://o-seznam.cz/napoveda/vyhledavani/en/seznambot-crawler/)"
54.204.236.199 - - [02/Apr/2025:15:57:39 -0400] "GET /efficient-file-transfer-solutions-streamlining-data-exchange/ HTTP/1.1" 404 1251 "-" "Grammarly/1.0 (http://www.grammarly.com)"
2a02:598:96:8a00::1200:127 - - [02/Apr/2025:15:58:00 -0400] "GET /how-much-do-all-on-four-dental-implants-cost/ HTTP/1.1" 404 1251 "-" "Mozilla/5.0 (compatible; SeznamBot/4.0; +https://o-seznam.cz/napoveda/vyhledavani/en/seznambot-crawler/)"
34.169.31.233 - - [02/Apr/2025:15:58:55 -0400] "GET /exploring-toa-payoh-grand-showflat/ HTTP/1.1" 404 1251 "-" "Mozilla/5.0 (Windows NT 10.0; Win64; x64) AppleWebKit/537.36 (KHTML, like Gecko) Chrome/123.0.0.0 Safari/537.36"
85.208.96.198 - - [02/Apr/2025:16:01:15 -0400] "GET /enhancing-workplace-dynamics-with-employee-communication-apps/ HTTP/1.1" 404 1251 "-" "Mozilla/5.0 (compatible; SemrushBot/7~bl; +http://www.semrush.com/bot.html)"
157.90.209.76 - - [02/Apr/2025:16:02:50 -0400] "GET /robots.txt HTTP/1.1" 304 0 "-" "Mozilla/5.0 (compatible; BLEXBot/1.0; +https://help.seranking.com/en/blex-crawler)"
157.90.209.76 - - [02/Apr/2025:16:02:51 -0400] "GET /sitemap HTTP/1.1" 404 1251 "-" "Mozilla/5.0 (compatible; BLEXBot/1.0; +https://help.seranking.com/en/blex-crawler)"
157.90.209.76 - - [02/Apr/2025:16:02:59 -0400] "GET /sitemap.ashx HTTP/1.1" 404 1251 "-" "Mozilla/5.0 (compatible; BLEXBot/1.0; +https://help.seranking.com/en/blex-crawler)"
157.90.209.76 - - [02/Apr/2025:16:03:11 -0400] "GET /sitemap.txt HTTP/1.1" 404 1251 "-" "Mozilla/5.0 (compatible; BLEXBot/1.0; +https://help.seranking.com/en/blex-crawler)"
2a02:598:96:8a00::1200:13d - - [02/Apr/2025:16:03:11 -0400] "GET /the-wine-of-israel-and-wine-in-biblical-times/ HTTP/1.1" 404 1251 "-" "Mozilla/5.0 (compatible; SeznamBot/4.0; +https://o-seznam.cz/napoveda/vyhledavani/en/seznambot-crawler/)"
157.90.209.76 - - [02/Apr/2025:16:03:34 -0400] "GET /sitemap.xml HTTP/1.1" 200 246 "-" "Mozilla/5.0 (compatible; BLEXBot/1.0; +https://help.seranking.com/en/blex-crawler)"
157.90.209.76 - - [02/Apr/2025:16:03:45 -0400] "GET /sitemap.xml.gz HTTP/1.1" 404 1251 "-" "Mozilla/5.0 (compatible; BLEXBot/1.0; +https://help.seranking.com/en/blex-crawler)"
2a02:598:96:8a00::1200:127 - - [02/Apr/2025:16:03:47 -0400] "GET /womens-bamboo-socks/ HTTP/1.1" 404 1251 "-" "Mozilla/5.0 (compatible; SeznamBot/4.0; +https://o-seznam.cz/napoveda/vyhledavani/en/seznambot-crawler/)"
157.90.209.76 - - [02/Apr/2025:16:04:02 -0400] "GET /sitemap_index.xml HTTP/1.1" 404 1251 "-" "Mozilla/5.0 (compatible; BLEXBot/1.0; +https://help.seranking.com/en/blex-crawler)"
157.90.209.76 - - [02/Apr/2025:16:04:23 -0400] "GET /sitemap_index.xml.gz HTTP/1.1" 404 1251 "-" "Mozilla/5.0 (compatible; BLEXBot/1.0; +https://help.seranking.com/en/blex-crawler)"
157.90.209.76 - - [02/Apr/2025:16:04:27 -0400] "GET /Amazon/b/ref=bl_dp_s_web_7940963051?ie=UTF8&node=7940963051&field-lbr_brands_browse-bin=Amazon HTTP/1.1" 404 1251 "-" "Mozilla/5.0 (compatible; BLEXBot/1.0; +https://help.seranking.com/en/blex-crawler)"
157.90.209.76 - - [02/Apr/2025:16:04:32 -0400] "GET /gp/registry/wishlist/ HTTP/1.1" 404 1251 "-" "Mozilla/5.0 (compatible; BLEXBot/1.0; +https://help.seranking.com/en/blex-crawler)"
2a02:598:96:8a00::1200:127 - - [02/Apr/2025:16:05:01 -0400] "GET /creating-a-successful-ad-campaign-on-youtube/ HTTP/1.1" 404 1251 "-" "Mozilla/5.0 (compatible; SeznamBot/4.0; +https://o-seznam.cz/napoveda/vyhledavani/en/seznambot-crawler/)"
2a02:598:96:8a00::1200:13d - - [02/Apr/2025:16:05:19 -0400] "GET /six-qualities-of-a-great-louisiana-criminal-lawyer/ HTTP/1.1" 404 1251 "-" "Mozilla/5.0 (compatible; SeznamBot/4.0; +https://o-seznam.cz/napoveda/vyhledavani/en/seznambot-crawler/)"
34.83.238.29 - - [02/Apr/2025:16:06:10 -0400] "GET /mk-bag-sale-in-uk/ HTTP/1.1" 404 1251 "-" "Mozilla/5.0 (Macintosh; Intel Mac OS X 10_15_7) AppleWebKit/605.1.15 (KHTML, like Gecko) Version/17.0 Safari/605.1.15"
185.191.171.11 - - [02/Apr/2025:16:06:17 -0400] "GET /dp/B0D484S271?ref=MarsFS_VICC_blinkhk HTTP/1.1" 404 1251 "-" "Mozilla/5.0 (compatible; SemrushBot/7~bl; +http://www.semrush.com/bot.html)"
34.127.29.78 - - [02/Apr/2025:16:07:47 -0400] "GET /the-practice-of-buying-views-on-tiktok/ HTTP/1.1" 404 1251 "-" "Mozilla/5.0 (Windows NT 10.0; Win64; x64) AppleWebKit/537.36 (KHTML, like Gecko) Chrome/123.0.0.0 Safari/537.36"
185.191.171.3 - - [02/Apr/2025:16:08:12 -0400] "GET /relais-on-lake-garda/ HTTP/1.1" 404 1251 "-" "Mozilla/5.0 (compatible; SemrushBot/7~bl; +http://www.semrush.com/bot.html)"
85.208.96.204 - - [02/Apr/2025:16:08:47 -0400] "GET /category/activity/page/103/ HTTP/1.1" 404 1251 "-" "Mozilla/5.0 (compatible; SemrushBot/7~bl; +http://www.semrush.com/bot.html)"
2a02:598:96:8a00::1200:13d - - [02/Apr/2025:16:10:45 -0400] "GET /lottery-numbers-for-powerball/ HTTP/1.1" 404 1251 "-" "Mozilla/5.0 (compatible; SeznamBot/4.0; +https://o-seznam.cz/napoveda/vyhledavani/en/seznambot-crawler/)"
185.191.171.11 - - [02/Apr/2025:16:12:27 -0400] "GET /titel-die-rolle-eines-rechtsanwalts-in-der-deutschen-rechtssystem/ HTTP/1.1" 404 1251 "-" "Mozilla/5.0 (compatible; SemrushBot/7~bl; +http://www.semrush.com/bot.html)"
85.208.96.206 - - [02/Apr/2025:16:15:00 -0400] "GET /the-best-german-classes-in-london/ HTTP/1.1" 404 1251 "-" "Mozilla/5.0 (compatible; SemrushBot/7~bl; +http://www.semrush.com/bot.html)"
3.144.44.164 - - [02/Apr/2025:16:15:12 -0400] "GET /robots.txt HTTP/1.1" 304 0 "-" "Mozilla/5.0 AppleWebKit/537.36 (KHTML, like Gecko; compatible; ClaudeBot/1.0; +claudebot@anthropic.com)"
3.144.44.164 - - [02/Apr/2025:16:15:13 -0400] "GET /best-sites-to-buy-youtube-views HTTP/1.1" 404 1251 "-" "Mozilla/5.0 AppleWebKit/537.36 (KHTML, like Gecko; compatible; ClaudeBot/1.0; +claudebot@anthropic.com)"
185.191.171.13 - - [02/Apr/2025:16:19:34 -0400] "GET /page/118/ HTTP/1.1" 404 1251 "-" "Mozilla/5.0 (compatible; SemrushBot/7~bl; +http://www.semrush.com/bot.html)"
2a02:598:96:8a00::1200:13d - - [02/Apr/2025:16:19:36 -0400] "GET /heat-and-roof-proofing-system/ HTTP/1.1" 404 1251 "-" "Mozilla/5.0 (compatible; SeznamBot/4.0; +https://o-seznam.cz/napoveda/vyhledavani/en/seznambot-crawler/)"
111.113.88.95 - - [02/Apr/2025:16:19:43 -0400] "GET /favicon.ico HTTP/1.1" 404 1251 "-" "Mozilla/5.0 (Windows NT 6.1) AppleWebKit/537.36 (KHTML, like Gecko) Chrome/55.0.2883.87 Safari/537.36"
111.113.89.247 - - [02/Apr/2025:16:19:52 -0400] "GET / HTTP/1.1" 200 156148 "-" "Mozilla/5.0 (Windows NT 6.1; WOW64; rv:45.0) Gecko/20100101 Firefox/45.0"
98.85.92.10 - - [02/Apr/2025:16:20:49 -0400] "GET /crafting-seamless-experiences-the-essence-of-a-leading-ui-ux-design-firm/ HTTP/1.1" 404 1251 "-" "Grammarly/1.0 (http://www.grammarly.com)"
89.200.168.45 - - [02/Apr/2025:16:21:28 -0400] "GET /wp-login.php HTTP/1.1" 200 1716 "-" "Mozilla/5.0 (Windows NT 10.0; Win64; x64; rv:57.0) Gecko/20100101 Firefox/57.0"
2a02:598:96:8a00::1200:127 - - [02/Apr/2025:16:23:03 -0400] "GET /secrets-of-real-estate-investment/ HTTP/1.1" 404 1251 "-" "Mozilla/5.0 (compatible; SeznamBot/4.0; +https://o-seznam.cz/napoveda/vyhledavani/en/seznambot-crawler/)"
2a02:598:96:8a00::1200:13d - - [02/Apr/2025:16:23:24 -0400] "GET /24-hour-car-locksmith/ HTTP/1.1" 404 1251 "-" "Mozilla/5.0 (compatible; SeznamBot/4.0; +https://o-seznam.cz/napoveda/vyhledavani/en/seznambot-crawler/)"
2a02:598:96:8a00::1200:127 - - [02/Apr/2025:16:24:50 -0400] "GET /online-gambling-the-rewards-that-make-a-difference-in-your-game/ HTTP/1.1" 404 1251 "-" "Mozilla/5.0 (compatible; SeznamBot/4.0; +https://o-seznam.cz/napoveda/vyhledavani/en/seznambot-crawler/)"
185.191.171.4 - - [02/Apr/2025:16:25:51 -0400] "GET /can-a-dog-dewormer-cure-cancer/ HTTP/1.1" 404 1251 "-" "Mozilla/5.0 (compatible; SemrushBot/7~bl; +http://www.semrush.com/bot.html)"
185.191.171.16 - - [02/Apr/2025:16:31:50 -0400] "GET /page/51/ HTTP/1.1" 404 1251 "-" "Mozilla/5.0 (compatible; SemrushBot/7~bl; +http://www.semrush.com/bot.html)"
2a02:598:96:8a00::1200:13d - - [02/Apr/2025:16:31:51 -0400] "GET /betting-shops-in-the-uk-2/ HTTP/1.1" 404 1251 "-" "Mozilla/5.0 (compatible; SeznamBot/4.0; +https://o-seznam.cz/napoveda/vyhledavani/en/seznambot-crawler/)"
2a02:598:96:8a00::1200:127 - - [02/Apr/2025:16:32:57 -0400] "GET /the-power-of-part-time-employment/ HTTP/1.1" 404 1251 "-" "Mozilla/5.0 (compatible; SeznamBot/4.0; +https://o-seznam.cz/napoveda/vyhledavani/en/seznambot-crawler/)"
2a02:598:96:8a00::1200:13d - - [02/Apr/2025:16:34:19 -0400] "GET /why-you-should-outsource-photo-editing/ HTTP/1.1" 404 1251 "-" "Mozilla/5.0 (compatible; SeznamBot/4.0; +https://o-seznam.cz/napoveda/vyhledavani/en/seznambot-crawler/)"
2a02:598:96:8a00::1200:127 - - [02/Apr/2025:16:35:48 -0400] "GET /infiniti-used-cars-the-luxurious-m45/ HTTP/1.1" 404 1251 "-" "Mozilla/5.0 (compatible; SeznamBot/4.0; +https://o-seznam.cz/napoveda/vyhledavani/en/seznambot-crawler/)"
66.249.66.38 - - [02/Apr/2025:16:37:12 -0400] "GET /robots.txt HTTP/1.1" 200 23 "-" "Mozilla/5.0 (compatible; Googlebot/2.1; +http://www.google.com/bot.html)"
66.249.66.35 - - [02/Apr/2025:16:37:17 -0400] "GET /exploring-the-hidden-gems-of-nusa-penida/ HTTP/1.1" 404 1251 "-" "Mozilla/5.0 (Linux; Android 6.0.1; Nexus 5X Build/MMB29P) AppleWebKit/537.36 (KHTML, like Gecko) Chrome/134.0.6998.165 Mobile Safari/537.36 (compatible; Googlebot/2.1; +http://www.google.com/bot.html)"
85.208.96.204 - - [02/Apr/2025:16:37:58 -0400] "GET /product-reviews/B0DG4WZZPV/ref=acr_dp_hist_4?filterByStar=four_star&ie=UTF8&reviewerType=all_reviews HTTP/1.1" 404 1251 "-" "Mozilla/5.0 (compatible; SemrushBot/7~bl; +http://www.semrush.com/bot.html)"
2a02:598:96:8a00::1200:13d - - [02/Apr/2025:16:39:11 -0400] "GET /residential-interior-design-services/ HTTP/1.1" 404 1251 "-" "Mozilla/5.0 (compatible; SeznamBot/4.0; +https://o-seznam.cz/napoveda/vyhledavani/en/seznambot-crawler/)"
185.191.171.13 - - [02/Apr/2025:16:39:58 -0400] "GET /coffee-shops-in-the-netherlands/ HTTP/1.1" 404 1251 "-" "Mozilla/5.0 (compatible; SemrushBot/7~bl; +http://www.semrush.com/bot.html)"
178.175.140.9 - - [02/Apr/2025:16:40:14 -0400] "POST /wp-login.php/xmlrpc.php HTTP/1.1" 200 1717 "-" "Mozilla/5.0 (Windows NT 10.0; Win64; x64) AppleWebKit/537.36 (KHTML, like Gecko) Chrome/79.0.3945.130 Safari/537.36 OPR/66.0.3515.115"
178.175.140.9 - - [02/Apr/2025:16:40:29 -0400] "POST /wp-login.php/xmlrpc.php HTTP/1.1" 200 1717 "-" "Mozilla/5.0 (Windows NT 10.0; Win64; x64) AppleWebKit/537.36 (KHTML, like Gecko) Chrome/79.0.3945.130 Safari/537.36 OPR/66.0.3515.115"
178.175.140.9 - - [02/Apr/2025:16:40:32 -0400] "POST /wp-login.php/xmlrpc.php HTTP/1.1" 200 1717 "-" "Mozilla/5.0 (Windows NT 10.0; Win64; x64) AppleWebKit/537.36 (KHTML, like Gecko) Chrome/79.0.3945.130 Safari/537.36 OPR/66.0.3515.115"
178.175.140.9 - - [02/Apr/2025:16:40:41 -0400] "POST /wp-login.php/xmlrpc.php HTTP/1.1" 200 1717 "-" "Mozilla/5.0 (Windows NT 10.0; Win64; x64) AppleWebKit/537.36 (KHTML, like Gecko) Chrome/79.0.3945.130 Safari/537.36 OPR/66.0.3515.115"
185.191.171.12 - - [02/Apr/2025:16:44:20 -0400] "GET /dp/B0BCR4YW51?ref=MarsFS_AUCC_eh HTTP/1.1" 404 1251 "-" "Mozilla/5.0 (compatible; SemrushBot/7~bl; +http://www.semrush.com/bot.html)"
185.191.171.19 - - [02/Apr/2025:16:50:24 -0400] "GET /product-reviews/B0DG4WZZPV/ref=acr_dp_hist_5?filterByStar=five_star&ie=UTF8&reviewerType=all_reviews HTTP/1.1" 404 1251 "-" "Mozilla/5.0 (compatible; SemrushBot/7~bl; +http://www.semrush.com/bot.html)"
145.14.135.200 - - [02/Apr/2025:16:50:57 -0400] "GET /diamond-painting-accessories/ HTTP/1.1" 404 1251 "-" "Mozilla/5.0 (Windows NT 10.0; Win64; x64) AppleWebKit/537.36 (KHTML, like Gecko) Chrome/118.0.0.0 Safari/537.36"
145.14.135.200 - - [02/Apr/2025:16:50:58 -0400] "GET /diamond-painting-accessories/ HTTP/1.1" 404 1251 "-" "Mozilla/5.0 (Windows NT 10.0; Win64; x64) AppleWebKit/537.36 (KHTML, like Gecko) Chrome/118.0.0.0 Safari/537.36"
2a02:598:96:8a00::1200:127 - - [02/Apr/2025:16:54:48 -0400] "GET /unveiling-the-thrills-of-online-casinos-a-modern-frontier-in-entertainment/ HTTP/1.1" 404 1251 "-" "Mozilla/5.0 (compatible; SeznamBot/4.0; +https://o-seznam.cz/napoveda/vyhledavani/en/seznambot-crawler/)"
45.76.16.214 - - [02/Apr/2025:16:55:35 -0400] "GET /what-is-sports-rehab HTTP/1.1" 404 1251 "https://stannswarehouse.com" "Mozilla/5.0 (Windows NT 10.0; Win64; x64) AppleWebKit/537.36 (KHTML, like Gecko) Chrome/62.0.3202.94 Safari/537.36"
45.76.16.214 - - [02/Apr/2025:16:55:37 -0400] "GET /what-is-sports-rehab HTTP/1.1" 404 1251 "https://stannswarehouse.com" "Mozilla/5.0 (Windows NT 10.0; Win64; x64) AppleWebKit/537.36 (KHTML, like Gecko) Chrome/62.0.3202.94 Safari/537.36"
45.76.16.214 - - [02/Apr/2025:16:55:38 -0400] "GET /what-is-sports-rehab HTTP/1.1" 404 1251 "https://stannswarehouse.com" "Mozilla/5.0 (Windows NT 10.0; Win64; x64) AppleWebKit/537.36 (KHTML, like Gecko) Chrome/62.0.3202.94 Safari/537.36"
45.76.16.214 - - [02/Apr/2025:16:55:39 -0400] "GET /what-is-sports-rehab HTTP/1.1" 404 1251 "https://stannswarehouse.com" "Mozilla/5.0 (Windows NT 10.0; Win64; x64) AppleWebKit/537.36 (KHTML, like Gecko) Chrome/62.0.3202.94 Safari/537.36"
2a02:598:96:8a00::1200:127 - - [02/Apr/2025:16:56:10 -0400] "GET /serene-oasis-in-the-cityscape/ HTTP/1.1" 404 1251 "-" "Mozilla/5.0 (compatible; SeznamBot/4.0; +https://o-seznam.cz/napoveda/vyhledavani/en/seznambot-crawler/)"
85.208.96.197 - - [02/Apr/2025:16:56:11 -0400] "GET /kunst-der-videoanimation-eine-kreation-in-bewegung/ HTTP/1.1" 404 1251 "-" "Mozilla/5.0 (compatible; SemrushBot/7~bl; +http://www.semrush.com/bot.html)"
2a02:598:96:8a00::1200:13d - - [02/Apr/2025:16:56:20 -0400] "GET /fenbendazole-capsules-for-your-pet/ HTTP/1.1" 404 1251 "-" "Mozilla/5.0 (compatible; SeznamBot/4.0; +https://o-seznam.cz/napoveda/vyhledavani/en/seznambot-crawler/)"
2a02:598:96:8a00::1200:13d - - [02/Apr/2025:16:56:48 -0400] "GET /the-power-of-video-creation/ HTTP/1.1" 404 1251 "-" "Mozilla/5.0 (compatible; SeznamBot/4.0; +https://o-seznam.cz/napoveda/vyhledavani/en/seznambot-crawler/)"
77.75.76.171 - - [02/Apr/2025:16:58:10 -0400] "GET /the-best-fertility-clinics-in-sharjah/ HTTP/1.1" 404 1251 "-" "Mozilla/5.0 (compatible; SeznamBot/4.0; +https://o-seznam.cz/napoveda/vyhledavani/en/seznambot-crawler/)"
85.208.96.211 - - [02/Apr/2025:16:58:53 -0400] "GET /dp/B09WZBPX7K?ref=MarsFS_VICC_rvdw HTTP/1.1" 404 1251 "-" "Mozilla/5.0 (compatible; SemrushBot/7~bl; +http://www.semrush.com/bot.html)"
58.221.37.82 - - [02/Apr/2025:17:00:15 -0400] "GET / HTTP/1.1" 200 156148 "https://www.google.com/" "Mozilla/5.0 (Linux; Android 10; K) AppleWebKit/537.36 (KHTML, like Gecko) Chrome/132.0.0.0 Mobile Safari/537.36"
58.221.37.82 - - [02/Apr/2025:17:00:40 -0400] "GET / HTTP/1.1" 200 156148 "https://www.google.com/" "Mozilla/5.0 (Linux; Android 10; K) AppleWebKit/537.36 (KHTML, like Gecko) Chrome/132.0.0.0 Mobile Safari/537.36"
2602:fb54:313:: - - [02/Apr/2025:17:02:08 -0400] "POST /wp-login.php HTTP/1.1" 200 1842 "https://stannswarehouse.com/wp-admin/" "Mozilla/5.0 (Windows NT 10.0; Win64; x64) AppleWebKit/537.36 (KHTML, like Gecko) Chrome/90.0.4430.85 Safari/537.36"
2602:fb54:313:: - - [02/Apr/2025:17:02:14 -0400] "GET /wp-admin/ HTTP/1.1" 302 0 "https://www.google.com" "Mozilla/5.0 (Windows NT 10.0; Win64; x64) AppleWebKit/537.36 (KHTML, like Gecko) Chrome/90.0.4430.85 Safari/537.36"
2602:fb54:313:: - - [02/Apr/2025:17:02:16 -0400] "GET /wp-login.php?redirect_to=https%3A%2F%2Fstannswarehouse.com%2Fwp-admin%2F&reauth=1 HTTP/1.1" 200 1717 "https://www.google.com" "Mozilla/5.0 (Windows NT 10.0; Win64; x64) AppleWebKit/537.36 (KHTML, like Gecko) Chrome/90.0.4430.85 Safari/537.36"
2a02:598:96:8a00::1200:13d - - [02/Apr/2025:17:02:28 -0400] "GET /powerball-site-recommendation/ HTTP/1.1" 404 1251 "-" "Mozilla/5.0 (compatible; SeznamBot/4.0; +https://o-seznam.cz/napoveda/vyhledavani/en/seznambot-crawler/)"
195.2.79.165 - - [02/Apr/2025:17:03:48 -0400] "GET /all-you-need-to-know-regarding-cbd-oil/ HTTP/1.1" 404 1251 "https://stannswarehouse.com/all-you-need-to-know-regarding-cbd-oil/" "Mozilla/5.0 (Windows NT 10.0; Win64; x64) AppleWebKit/537.36 (KHTML, like Gecko) Chrome/129.0.0.0 Safari/537.36"
195.2.79.165 - - [02/Apr/2025:17:03:50 -0400] "GET / HTTP/1.1" 200 156148 "https://stannswarehouse.com/" "Mozilla/5.0 (Windows NT 10.0; Win64; x64) AppleWebKit/537.36 (KHTML, like Gecko) Chrome/129.0.0.0 Safari/537.36"
52.167.144.233 - - [02/Apr/2025:17:03:54 -0400] "GET /exploring-the-world-of-arabic-cinema/feed/ HTTP/1.1" 404 1251 "-" "Mozilla/5.0 AppleWebKit/537.36 (KHTML, like Gecko; compatible; bingbot/2.0; +http://www.bing.com/bingbot.htm) Chrome/116.0.1938.76 Safari/537.36"
44.211.20.232 - - [02/Apr/2025:17:04:20 -0400] "GET /efficient-file-transfer-solutions-streamlining-data-exchange/ HTTP/1.1" 404 1251 "-" "Grammarly/1.0 (http://www.grammarly.com)"
43.130.39.254 - - [02/Apr/2025:17:06:51 -0400] "GET / HTTP/1.1" 200 156148 "-" "Mozilla/5.0 (iPhone; CPU iPhone OS 13_2_3 like Mac OS X) AppleWebKit/605.1.15 (KHTML, like Gecko) Version/13.0.3 Mobile/15E148 Safari/604.1"
2a02:598:96:8a00::1200:127 - - [02/Apr/2025:17:08:49 -0400] "GET /1xbet-russe/ HTTP/1.1" 404 1251 "-" "Mozilla/5.0 (compatible; SeznamBot/4.0; +https://o-seznam.cz/napoveda/vyhledavani/en/seznambot-crawler/)"
2a02:598:96:8a00::1200:127 - - [02/Apr/2025:17:09:55 -0400] "GET /choosing-a-bitcoin-mixer/ HTTP/1.1" 404 1251 "-" "Mozilla/5.0 (compatible; SeznamBot/4.0; +https://o-seznam.cz/napoveda/vyhledavani/en/seznambot-crawler/)"
23.94.228.241 - - [02/Apr/2025:17:10:26 -0400] "GET /unveiling-the-world-of-satta-king-a-comprehensive-guide/ HTTP/1.1" 404 1251 "-" "Mozilla/5.0 (Windows NT 10.0; Win64; x64) AppleWebKit/537.36 (KHTML, like Gecko) Chrome/114.0.0.0 Safari/537.36"
