217.113.194.83 - - [01/Apr/2025:16:36:39 -0400] "GET /baby-boomers-as-alzheimers-care-givers/ HTTP/1.1" 404 1251 "-" "Mozilla/5.0 (compatible; Barkrowler/0.9; +https://babbar.tech/crawler)"
217.113.194.89 - - [01/Apr/2025:16:36:54 -0400] "GET /budget-friendly-concrete-solutions-in-northern-colorado/ HTTP/1.1" 404 1251 "-" "Mozilla/5.0 (compatible; Barkrowler/0.9; +https://babbar.tech/crawler)"
217.113.194.246 - - [01/Apr/2025:16:37:10 -0400] "GET /gitarrenkurs-the-best-guitar-school-for-beginners/ HTTP/1.1" 404 1251 "-" "Mozilla/5.0 (compatible; Barkrowler/0.9; +https://babbar.tech/crawler)"
217.113.194.89 - - [01/Apr/2025:16:37:25 -0400] "GET /decouvrez-le-bienfait-du-massage-thai-a-geneve/ HTTP/1.1" 404 1251 "-" "Mozilla/5.0 (compatible; Barkrowler/0.9; +https://babbar.tech/crawler)"
154.54.249.201 - - [01/Apr/2025:16:37:41 -0400] "GET /finding-the-best-luxury-accommodation-in-brisbane/ HTTP/1.1" 404 1251 "-" "Mozilla/5.0 (compatible; Barkrowler/0.9; +https://babbar.tech/crawler)"
217.113.194.86 - - [01/Apr/2025:16:37:57 -0400] "GET /la-revolution-portable-decouvrez-la-mini-imprimante/ HTTP/1.1" 404 1251 "-" "Mozilla/5.0 (compatible; Barkrowler/0.9; +https://babbar.tech/crawler)"
217.113.194.86 - - [01/Apr/2025:16:38:13 -0400] "GET /enhancing-accuracy-with-number-plate-jigs/ HTTP/1.1" 404 1251 "-" "Mozilla/5.0 (compatible; Barkrowler/0.9; +https://babbar.tech/crawler)"
217.113.194.82 - - [01/Apr/2025:16:38:28 -0400] "GET /how-to-avoid-dangerous-patterns-of-gambling-in-poker/ HTTP/1.1" 404 1251 "-" "Mozilla/5.0 (compatible; Barkrowler/0.9; +https://babbar.tech/crawler)"
217.113.194.86 - - [01/Apr/2025:16:38:44 -0400] "GET /how-to-choose-the-best-thermal-paste-for-your-cpu/ HTTP/1.1" 404 1251 "-" "Mozilla/5.0 (compatible; Barkrowler/0.9; +https://babbar.tech/crawler)"
217.113.194.85 - - [01/Apr/2025:16:38:59 -0400] "GET /how-to-choose-a-family-dentist-that-is-best-for-you/ HTTP/1.1" 404 1251 "-" "Mozilla/5.0 (compatible; Barkrowler/0.9; +https://babbar.tech/crawler)"
154.54.249.201 - - [01/Apr/2025:16:39:15 -0400] "GET /how-to-know-whether-you-have-cancer-in-your-bone/ HTTP/1.1" 404 1251 "-" "Mozilla/5.0 (compatible; Barkrowler/0.9; +https://babbar.tech/crawler)"
217.113.194.89 - - [01/Apr/2025:16:39:30 -0400] "GET /discovering-elegance-the-sora-showflat-experience/ HTTP/1.1" 404 1251 "-" "Mozilla/5.0 (compatible; Barkrowler/0.9; +https://babbar.tech/crawler)"
217.113.194.83 - - [01/Apr/2025:16:39:46 -0400] "GET /a-korean-odyssey-unveiling-the-beauty-of-vietnam/ HTTP/1.1" 404 1251 "-" "Mozilla/5.0 (compatible; Barkrowler/0.9; +https://babbar.tech/crawler)"
217.113.194.88 - - [01/Apr/2025:16:40:02 -0400] "GET /a-glimpse-into-the-lentoria-showflat/ HTTP/1.1" 404 1251 "-" "Mozilla/5.0 (compatible; Barkrowler/0.9; +https://babbar.tech/crawler)"
13.229.78.155 - - [01/Apr/2025:16:40:17 -0400] "GET / HTTP/1.1" 200 156148 "-" "Mozilla/5.0 (Windows NT 10.0; Win64; x64; rv:122.0) Gecko/20100101 Firefox/122.0"
217.113.194.86 - - [01/Apr/2025:16:40:17 -0400] "GET /un-monde-virtuel-aux-repercussions-reelles/ HTTP/1.1" 404 1251 "-" "Mozilla/5.0 (compatible; Barkrowler/0.9; +https://babbar.tech/crawler)"
198.54.114.83 - - [01/Apr/2025:16:40:23 -0400] "POST /wp-cron.php?doing_wp_cron=1743540022.9735589027404785156250 HTTP/1.1" 200 0 "-" "WordPress/6.7.2; https://stannswarehouse.com"
13.229.78.155 - - [01/Apr/2025:16:40:18 -0400] "GET /xmlrpc.php HTTP/1.1" 405 46 "-" "Mozilla/5.0 (Windows NT 10.0; Win64; x64; rv:122.0) Gecko/20100101 Firefox/122.0"
13.229.78.155 - - [01/Apr/2025:16:40:24 -0400] "GET /wp-json/wp/v2/users HTTP/1.1" 404 1251 "-" "Mozilla/5.0 (Windows NT 10.0; Win64; x64; rv:122.0) Gecko/20100101 Firefox/122.0"
198.54.114.83 - - [01/Apr/2025:16:40:24 -0400] "POST /wp-admin/admin-ajax.php?action=async_litespeed&nonce=mX2wfk4LGBtcWRCHhlGQRKCpdeFzfwyP&litespeed_type=imgoptm HTTP/1.1" 200 0 "-" "WordPress/6.7.2; https://stannswarehouse.com"
154.54.249.201 - - [01/Apr/2025:16:40:33 -0400] "GET /choosing-the-right-breast-pump-for-new-mothers/ HTTP/1.1" 404 1251 "-" "Mozilla/5.0 (compatible; Barkrowler/0.9; +https://babbar.tech/crawler)"
154.54.249.201 - - [01/Apr/2025:16:40:48 -0400] "GET /choosing-the-right-web-design-agency-for-your-business/ HTTP/1.1" 404 1251 "-" "Mozilla/5.0 (compatible; Barkrowler/0.9; +https://babbar.tech/crawler)"
98.85.92.10 - - [01/Apr/2025:16:40:52 -0400] "GET /navigating-the-maze-the-dynamics-of-car-dealerships/ HTTP/1.1" 404 1251 "-" "Grammarly/1.0 (http://www.grammarly.com)"
13.229.78.155 - - [01/Apr/2025:16:40:24 -0400] "POST /xmlrpc.php HTTP/1.1" 200 0 "-" "python-httpx/0.22.0"
217.113.194.246 - - [01/Apr/2025:16:41:04 -0400] "GET /maximizing-space-in-small-bathroom-renovations/ HTTP/1.1" 404 1251 "-" "Mozilla/5.0 (compatible; Barkrowler/0.9; +https://babbar.tech/crawler)"
217.113.194.89 - - [01/Apr/2025:16:41:21 -0400] "GET /harnessing-the-power-of-gpu-cloud-services/ HTTP/1.1" 404 1251 "-" "Mozilla/5.0 (compatible; Barkrowler/0.9; +https://babbar.tech/crawler)"
13.229.78.155 - - [01/Apr/2025:16:40:44 -0400] "POST /xmlrpc.php HTTP/1.1" 200 0 "-" "python-httpx/0.22.0"
217.113.194.89 - - [01/Apr/2025:16:41:37 -0400] "GET /transforming-lives-with-rhinoplasty-in-cyprus/ HTTP/1.1" 404 1251 "-" "Mozilla/5.0 (compatible; Barkrowler/0.9; +https://babbar.tech/crawler)"
13.229.78.155 - - [01/Apr/2025:16:41:05 -0400] "POST /xmlrpc.php HTTP/1.1" 200 0 "-" "python-httpx/0.22.0"
217.113.194.88 - - [01/Apr/2025:16:41:52 -0400] "GET /endless-fun-with-unblocked-games-6x/ HTTP/1.1" 404 1251 "-" "Mozilla/5.0 (compatible; Barkrowler/0.9; +https://babbar.tech/crawler)"
13.229.78.155 - - [01/Apr/2025:16:41:24 -0400] "POST /xmlrpc.php HTTP/1.1" 200 0 "-" "python-httpx/0.22.0"
217.113.194.89 - - [01/Apr/2025:16:42:10 -0400] "GET /how-a-photographer-can-improve-your-dating-profile/ HTTP/1.1" 404 1251 "-" "Mozilla/5.0 (compatible; Barkrowler/0.9; +https://babbar.tech/crawler)"
13.229.78.155 - - [01/Apr/2025:16:41:44 -0400] "POST /xmlrpc.php HTTP/1.1" 200 0 "-" "python-httpx/0.22.0"
154.54.249.201 - - [01/Apr/2025:16:42:25 -0400] "GET /does-fenbendazole-work-in-humans/ HTTP/1.1" 404 1251 "-" "Mozilla/5.0 (compatible; Barkrowler/0.9; +https://babbar.tech/crawler)"
154.54.249.201 - - [01/Apr/2025:16:42:41 -0400] "GET /a-look-in-detail-of-the-history-of-the-vending-machine/ HTTP/1.1" 404 1251 "-" "Mozilla/5.0 (compatible; Barkrowler/0.9; +https://babbar.tech/crawler)"
13.229.78.155 - - [01/Apr/2025:16:42:06 -0400] "POST /xmlrpc.php HTTP/1.1" 200 0 "-" "python-httpx/0.22.0"
217.113.194.83 - - [01/Apr/2025:16:42:56 -0400] "GET /adsense-dans-votre-marketing-daffiliation/ HTTP/1.1" 404 1251 "-" "Mozilla/5.0 (compatible; Barkrowler/0.9; +https://babbar.tech/crawler)"
13.229.78.155 - - [01/Apr/2025:16:42:25 -0400] "POST /xmlrpc.php HTTP/1.1" 200 0 "-" "python-httpx/0.22.0"
217.113.194.246 - - [01/Apr/2025:16:43:12 -0400] "GET /a-trailblazing-byzantine-poetess/ HTTP/1.1" 404 1251 "-" "Mozilla/5.0 (compatible; Barkrowler/0.9; +https://babbar.tech/crawler)"
112.86.225.140 - - [01/Apr/2025:16:43:17 -0400] "GET / HTTP/1.1" 200 156148 "-" "Sogou web spider/4.0(+http://www.sogou.com/docs/help/webmasters.htm#07)"
13.229.78.155 - - [01/Apr/2025:16:42:45 -0400] "POST /xmlrpc.php HTTP/1.1" 200 0 "-" "python-httpx/0.22.0"
217.113.194.90 - - [01/Apr/2025:16:43:27 -0400] "GET /book-a-boat-rental-in-cartagena-with-sailo/ HTTP/1.1" 404 1251 "-" "Mozilla/5.0 (compatible; Barkrowler/0.9; +https://babbar.tech/crawler)"
37.139.53.195 - - [01/Apr/2025:16:43:35 -0400] "GET /all-you-need-to-know-regarding-cbd-oil/ HTTP/1.1" 404 1251 "https://stannswarehouse.com/all-you-need-to-know-regarding-cbd-oil/#comment-28833/" "Mozilla/5.0 (Windows NT 10.0; Win64; x64) AppleWebKit/537.36 (KHTML, like Gecko) Chrome/130.0.0.0 Safari/537.36"
37.139.53.195 - - [01/Apr/2025:16:43:36 -0400] "GET / HTTP/1.1" 200 156148 "https://stannswarehouse.com/" "Mozilla/5.0 (Windows NT 10.0; Win64; x64) AppleWebKit/537.36 (KHTML, like Gecko) Chrome/130.0.0.0 Safari/537.36"
217.113.194.82 - - [01/Apr/2025:16:43:43 -0400] "GET /the-famous-and-inspiring-the-little-prince-quotes/ HTTP/1.1" 404 1251 "-" "Mozilla/5.0 (compatible; Barkrowler/0.9; +https://babbar.tech/crawler)"
13.229.78.155 - - [01/Apr/2025:16:43:05 -0400] "POST /xmlrpc.php HTTP/1.1" 200 0 "-" "python-httpx/0.22.0"
217.113.194.91 - - [01/Apr/2025:16:43:58 -0400] "GET /this-is-how-you-will-get-mobile-recharges-online/ HTTP/1.1" 404 1251 "-" "Mozilla/5.0 (compatible; Barkrowler/0.9; +https://babbar.tech/crawler)"
13.229.78.155 - - [01/Apr/2025:16:43:25 -0400] "POST /xmlrpc.php HTTP/1.1" 200 0 "-" "python-httpx/0.22.0"
217.113.194.246 - - [01/Apr/2025:16:44:14 -0400] "GET /techniques-modernes-de-letancheite-des-toits/ HTTP/1.1" 404 1251 "-" "Mozilla/5.0 (compatible; Barkrowler/0.9; +https://babbar.tech/crawler)"
13.229.78.155 - - [01/Apr/2025:16:43:45 -0400] "POST /xmlrpc.php HTTP/1.1" 200 0 "-" "python-httpx/0.22.0"
217.113.194.89 - - [01/Apr/2025:16:44:29 -0400] "GET /advantages-of-a-soft-wash-car-wash/ HTTP/1.1" 404 1251 "-" "Mozilla/5.0 (compatible; Barkrowler/0.9; +https://babbar.tech/crawler)"
13.229.78.155 - - [01/Apr/2025:16:44:05 -0400] "POST /xmlrpc.php HTTP/1.1" 200 0 "-" "python-httpx/0.22.0"
217.113.194.85 - - [01/Apr/2025:16:44:45 -0400] "GET /navigating-loan-options-for-foreigners-in-singapore/ HTTP/1.1" 404 1251 "-" "Mozilla/5.0 (compatible; Barkrowler/0.9; +https://babbar.tech/crawler)"
217.113.194.87 - - [01/Apr/2025:16:45:01 -0400] "GET /navigating-the-tech-landscape-it-services-in-connecticut/ HTTP/1.1" 404 1251 "-" "Mozilla/5.0 (compatible; Barkrowler/0.9; +https://babbar.tech/crawler)"
13.229.78.155 - - [01/Apr/2025:16:44:25 -0400] "POST /xmlrpc.php HTTP/1.1" 200 0 "-" "python-httpx/0.22.0"
217.113.194.91 - - [01/Apr/2025:16:45:16 -0400] "GET /navigating-the-thrills-and-risks-of-online-casinos-2/ HTTP/1.1" 404 1251 "-" "Mozilla/5.0 (compatible; Barkrowler/0.9; +https://babbar.tech/crawler)"
13.229.78.155 - - [01/Apr/2025:16:44:45 -0400] "POST /xmlrpc.php HTTP/1.1" 200 0 "-" "python-httpx/0.22.0"
217.113.194.85 - - [01/Apr/2025:16:45:32 -0400] "GET /the-best-deals-with-ozark-trail-tents/ HTTP/1.1" 404 1251 "-" "Mozilla/5.0 (compatible; Barkrowler/0.9; +https://babbar.tech/crawler)"
13.229.78.155 - - [01/Apr/2025:16:45:05 -0400] "POST /xmlrpc.php HTTP/1.1" 200 0 "-" "python-httpx/0.22.0"
154.54.249.201 - - [01/Apr/2025:16:45:47 -0400] "GET /the-best-curly-hair-salon-in-melbourne/ HTTP/1.1" 404 1251 "-" "Mozilla/5.0 (compatible; Barkrowler/0.9; +https://babbar.tech/crawler)"
217.113.194.84 - - [01/Apr/2025:16:46:03 -0400] "GET /the-benefits-of-a-tiled-conservatory-roof/ HTTP/1.1" 404 1251 "-" "Mozilla/5.0 (compatible; Barkrowler/0.9; +https://babbar.tech/crawler)"
13.229.78.155 - - [01/Apr/2025:16:45:25 -0400] "POST /xmlrpc.php HTTP/1.1" 200 0 "-" "python-httpx/0.22.0"
217.113.194.86 - - [01/Apr/2025:16:46:19 -0400] "GET /the-benefits-of-buying-prescription-glasses-online/ HTTP/1.1" 404 1251 "-" "Mozilla/5.0 (compatible; Barkrowler/0.9; +https://babbar.tech/crawler)"
13.229.78.155 - - [01/Apr/2025:16:45:45 -0400] "POST /xmlrpc.php HTTP/1.1" 200 0 "-" "python-httpx/0.22.0"
217.113.194.90 - - [01/Apr/2025:16:46:35 -0400] "GET /calcular-el-costo-de-peaje-en-mexico/ HTTP/1.1" 404 1251 "-" "Mozilla/5.0 (compatible; Barkrowler/0.9; +https://babbar.tech/crawler)"
13.229.78.155 - - [01/Apr/2025:16:46:05 -0400] "POST /xmlrpc.php HTTP/1.1" 200 0 "-" "python-httpx/0.22.0"
217.113.194.85 - - [01/Apr/2025:16:46:51 -0400] "GET /common-reasons-for-replacing-a-fire-water-pump/ HTTP/1.1" 404 1251 "-" "Mozilla/5.0 (compatible; Barkrowler/0.9; +https://babbar.tech/crawler)"
13.229.78.155 - - [01/Apr/2025:16:46:25 -0400] "POST /xmlrpc.php HTTP/1.1" 200 0 "-" "python-httpx/0.22.0"
217.113.194.88 - - [01/Apr/2025:16:47:06 -0400] "GET /warum-einen-scheidungsanwalt-beauftragen/ HTTP/1.1" 404 1251 "-" "Mozilla/5.0 (compatible; Barkrowler/0.9; +https://babbar.tech/crawler)"
217.113.194.88 - - [01/Apr/2025:16:47:22 -0400] "GET /the-design-improvements-of-self-build-conservatories/ HTTP/1.1" 404 1251 "-" "Mozilla/5.0 (compatible; Barkrowler/0.9; +https://babbar.tech/crawler)"
13.229.78.155 - - [01/Apr/2025:16:46:45 -0400] "POST /xmlrpc.php HTTP/1.1" 200 0 "-" "python-httpx/0.22.0"
217.113.194.87 - - [01/Apr/2025:16:47:38 -0400] "GET /revolutionizing-energy-storage-with-graphene-batteries/ HTTP/1.1" 404 1251 "-" "Mozilla/5.0 (compatible; Barkrowler/0.9; +https://babbar.tech/crawler)"
13.229.78.155 - - [01/Apr/2025:16:47:06 -0400] "POST /xmlrpc.php HTTP/1.1" 200 0 "-" "python-httpx/0.22.0"
217.113.194.88 - - [01/Apr/2025:16:47:54 -0400] "GET /unlocking-the-power-of-hypnotherapy-in-singapore/ HTTP/1.1" 404 1251 "-" "Mozilla/5.0 (compatible; Barkrowler/0.9; +https://babbar.tech/crawler)"
13.229.78.155 - - [01/Apr/2025:16:47:27 -0400] "POST /xmlrpc.php HTTP/1.1" 200 0 "-" "python-httpx/0.22.0"
217.113.194.90 - - [01/Apr/2025:16:48:09 -0400] "GET /unlocking-the-mysteries-of-quantum-healing-therapy/ HTTP/1.1" 404 1251 "-" "Mozilla/5.0 (compatible; Barkrowler/0.9; +https://babbar.tech/crawler)"
217.113.194.91 - - [01/Apr/2025:16:48:25 -0400] "GET /unveiling-the-thrilling-world-of-online-casinos/ HTTP/1.1" 404 1251 "-" "Mozilla/5.0 (compatible; Barkrowler/0.9; +https://babbar.tech/crawler)"
13.229.78.155 - - [01/Apr/2025:16:47:48 -0400] "POST /xmlrpc.php HTTP/1.1" 200 0 "-" "python-httpx/0.22.0"
217.113.194.89 - - [01/Apr/2025:16:48:41 -0400] "GET /tiktok-saves-boost-your-video-visibility/ HTTP/1.1" 404 1251 "-" "Mozilla/5.0 (compatible; Barkrowler/0.9; +https://babbar.tech/crawler)"
13.229.78.155 - - [01/Apr/2025:16:48:08 -0400] "POST /xmlrpc.php HTTP/1.1" 200 0 "-" "python-httpx/0.22.0"
38.97.116.243 - - [01/Apr/2025:16:48:56 -0400] "GET / HTTP/1.1" 200 156148 "https://stannswarehouse.com" "Mozilla/5.0 (Macintosh; Intel Mac OS X 10_6_2) AppleWebKit/535.1 (KHTML, like Gecko) Chrome/13.0.782.41 Safari/535.1"
154.54.249.201 - - [01/Apr/2025:16:48:56 -0400] "GET /le-charme-intemporel-de-lensemble-lingerie/ HTTP/1.1" 404 1251 "-" "Mozilla/5.0 (compatible; Barkrowler/0.9; +https://babbar.tech/crawler)"
13.229.78.155 - - [01/Apr/2025:16:48:28 -0400] "POST /xmlrpc.php HTTP/1.1" 200 0 "-" "python-httpx/0.22.0"
217.113.194.91 - - [01/Apr/2025:16:49:13 -0400] "GET /elevate-your-brand-with-expert-web-design-agencies/ HTTP/1.1" 404 1251 "-" "Mozilla/5.0 (compatible; Barkrowler/0.9; +https://babbar.tech/crawler)"
13.229.78.155 - - [01/Apr/2025:16:48:48 -0400] "POST /xmlrpc.php HTTP/1.1" 200 0 "-" "python-httpx/0.22.0"
217.113.194.90 - - [01/Apr/2025:16:49:28 -0400] "GET /mastering-the-art-of-freezing-your-instagram-account/ HTTP/1.1" 404 1251 "-" "Mozilla/5.0 (compatible; Barkrowler/0.9; +https://babbar.tech/crawler)"
217.113.194.89 - - [01/Apr/2025:16:49:44 -0400] "GET /reduce-the-possibility-of-falls-with-patient-socks/ HTTP/1.1" 404 1251 "-" "Mozilla/5.0 (compatible; Barkrowler/0.9; +https://babbar.tech/crawler)"
13.229.78.155 - - [01/Apr/2025:16:49:08 -0400] "POST /xmlrpc.php HTTP/1.1" 200 0 "-" "python-httpx/0.22.0"
217.113.194.87 - - [01/Apr/2025:16:49:59 -0400] "GET /what-an-immigration-attorney-can-do-for-you/ HTTP/1.1" 404 1251 "-" "Mozilla/5.0 (compatible; Barkrowler/0.9; +https://babbar.tech/crawler)"
13.229.78.155 - - [01/Apr/2025:16:49:28 -0400] "POST /xmlrpc.php HTTP/1.1" 200 0 "-" "python-httpx/0.22.0"
217.113.194.86 - - [01/Apr/2025:16:50:15 -0400] "GET /exploring-toa-payoh-grand-showflat/ HTTP/1.1" 404 1251 "-" "Mozilla/5.0 (compatible; Barkrowler/0.9; +https://babbar.tech/crawler)"
13.229.78.155 - - [01/Apr/2025:16:49:48 -0400] "POST /xmlrpc.php HTTP/1.1" 200 0 "-" "python-httpx/0.22.0"
217.113.194.91 - - [01/Apr/2025:16:50:31 -0400] "GET /the-digital-dice-exploring-the-world-of-online-casinos/ HTTP/1.1" 404 1251 "-" "Mozilla/5.0 (compatible; Barkrowler/0.9; +https://babbar.tech/crawler)"
217.113.194.91 - - [01/Apr/2025:16:50:47 -0400] "GET /the-practice-of-buying-views-on-tiktok/ HTTP/1.1" 404 1251 "-" "Mozilla/5.0 (compatible; Barkrowler/0.9; +https://babbar.tech/crawler)"
13.229.78.155 - - [01/Apr/2025:16:50:10 -0400] "POST /xmlrpc.php HTTP/1.1" 200 0 "-" "python-httpx/0.22.0"
217.113.194.83 - - [01/Apr/2025:16:51:02 -0400] "GET /limportance-dinvestir-dans-des-domaines-premium/ HTTP/1.1" 404 1251 "-" "Mozilla/5.0 (compatible; Barkrowler/0.9; +https://babbar.tech/crawler)"
13.229.78.155 - - [01/Apr/2025:16:50:28 -0400] "POST /xmlrpc.php HTTP/1.1" 200 0 "-" "python-httpx/0.22.0"
217.113.194.84 - - [01/Apr/2025:16:51:19 -0400] "GET /limportance-de-lacide-folique-pour-la-sante/ HTTP/1.1" 404 1251 "-" "Mozilla/5.0 (compatible; Barkrowler/0.9; +https://babbar.tech/crawler)"
13.229.78.155 - - [01/Apr/2025:16:50:50 -0400] "POST /xmlrpc.php HTTP/1.1" 200 0 "-" "python-httpx/0.22.0"
217.113.194.87 - - [01/Apr/2025:16:51:35 -0400] "GET /effiziente-planung-der-wohnungsauflosung/ HTTP/1.1" 404 1251 "-" "Mozilla/5.0 (compatible; Barkrowler/0.9; +https://babbar.tech/crawler)"
13.229.78.155 - - [01/Apr/2025:16:51:09 -0400] "POST /xmlrpc.php HTTP/1.1" 200 0 "-" "python-httpx/0.22.0"
154.54.249.201 - - [01/Apr/2025:16:51:50 -0400] "GET /kompetente-scheidungsanwalte-in-hattingen/ HTTP/1.1" 404 1251 "-" "Mozilla/5.0 (compatible; Barkrowler/0.9; +https://babbar.tech/crawler)"
217.113.194.86 - - [01/Apr/2025:16:52:06 -0400] "GET /entendiendo-el-sistema-de-peajes-en-mexico/ HTTP/1.1" 404 1251 "-" "Mozilla/5.0 (compatible; Barkrowler/0.9; +https://babbar.tech/crawler)"
13.229.78.155 - - [01/Apr/2025:16:51:29 -0400] "POST /xmlrpc.php HTTP/1.1" 200 0 "-" "python-httpx/0.22.0"
217.113.194.89 - - [01/Apr/2025:16:52:22 -0400] "GET /lunivers-competitif-des-serveurs-pvp-faction/ HTTP/1.1" 404 1251 "-" "Mozilla/5.0 (compatible; Barkrowler/0.9; +https://babbar.tech/crawler)"
13.229.78.155 - - [01/Apr/2025:16:51:49 -0400] "POST /xmlrpc.php HTTP/1.1" 200 0 "-" "python-httpx/0.22.0"
217.113.194.86 - - [01/Apr/2025:16:52:38 -0400] "GET /empower-your-small-business-with-digital-marketing-services/ HTTP/1.1" 404 1251 "-" "Mozilla/5.0 (compatible; Barkrowler/0.9; +https://babbar.tech/crawler)"
13.229.78.155 - - [01/Apr/2025:16:52:09 -0400] "POST /xmlrpc.php HTTP/1.1" 200 0 "-" "python-httpx/0.22.0"
217.113.194.84 - - [01/Apr/2025:16:52:53 -0400] "GET /enhancing-workplace-dynamics-with-employee-communication-apps/ HTTP/1.1" 404 1251 "-" "Mozilla/5.0 (compatible; Barkrowler/0.9; +https://babbar.tech/crawler)"
13.229.78.155 - - [01/Apr/2025:16:52:29 -0400] "POST /xmlrpc.php HTTP/1.1" 200 0 "-" "python-httpx/0.22.0"
217.113.194.85 - - [01/Apr/2025:16:53:10 -0400] "GET /how-to-choose-the-best-cbd-cream-for-pain-relief/ HTTP/1.1" 404 1251 "-" "Mozilla/5.0 (compatible; Barkrowler/0.9; +https://babbar.tech/crawler)"
217.113.194.89 - - [01/Apr/2025:16:53:26 -0400] "GET /how-to-choose-a-licensed-money-lender-in-singapore/ HTTP/1.1" 404 1251 "-" "Mozilla/5.0 (compatible; Barkrowler/0.9; +https://babbar.tech/crawler)"
13.229.78.155 - - [01/Apr/2025:16:52:50 -0400] "POST /xmlrpc.php HTTP/1.1" 200 0 "-" "python-httpx/0.22.0"
217.113.194.86 - - [01/Apr/2025:16:53:41 -0400] "GET /a-glimpse-into-the-klimt-cairnhill/ HTTP/1.1" 404 1251 "-" "Mozilla/5.0 (compatible; Barkrowler/0.9; +https://babbar.tech/crawler)"
13.229.78.155 - - [01/Apr/2025:16:53:10 -0400] "POST /xmlrpc.php HTTP/1.1" 200 0 "-" "python-httpx/0.22.0"
217.113.194.86 - - [01/Apr/2025:16:53:57 -0400] "GET /coussin-de-lecture-pour-le-lit-confort-et-relaxation/ HTTP/1.1" 404 1251 "-" "Mozilla/5.0 (compatible; Barkrowler/0.9; +https://babbar.tech/crawler)"
13.229.78.155 - - [01/Apr/2025:16:53:31 -0400] "POST /xmlrpc.php HTTP/1.1" 200 0 "-" "python-httpx/0.22.0"
217.113.194.85 - - [01/Apr/2025:16:54:13 -0400] "GET /lequilibre-environnemental-vers-un-avenir-durable/ HTTP/1.1" 404 1251 "-" "Mozilla/5.0 (compatible; Barkrowler/0.9; +https://babbar.tech/crawler)"
217.113.194.87 - - [01/Apr/2025:16:54:29 -0400] "GET /klimt-cairnhill-showroom-a-modern-elegance/ HTTP/1.1" 404 1251 "-" "Mozilla/5.0 (compatible; Barkrowler/0.9; +https://babbar.tech/crawler)"
13.229.78.155 - - [01/Apr/2025:16:53:50 -0400] "POST /xmlrpc.php HTTP/1.1" 200 0 "-" "python-httpx/0.22.0"
217.113.194.90 - - [01/Apr/2025:16:54:44 -0400] "GET /hiring-an-electrician-in-clearwater-florida/ HTTP/1.1" 404 1251 "-" "Mozilla/5.0 (compatible; Barkrowler/0.9; +https://babbar.tech/crawler)"
13.229.78.155 - - [01/Apr/2025:16:54:12 -0400] "POST /xmlrpc.php HTTP/1.1" 200 0 "-" "python-httpx/0.22.0"
217.113.194.91 - - [01/Apr/2025:16:55:00 -0400] "GET /ohio-car-insurance-car-insurance-requirements-for-residents/ HTTP/1.1" 404 1251 "-" "Mozilla/5.0 (compatible; Barkrowler/0.9; +https://babbar.tech/crawler)"
13.229.78.155 - - [01/Apr/2025:16:54:32 -0400] "POST /xmlrpc.php HTTP/1.1" 200 0 "-" "python-httpx/0.22.0"
217.113.194.86 - - [01/Apr/2025:16:55:16 -0400] "GET /ein-spektakulares-event-am-gardasee/ HTTP/1.1" 404 1251 "-" "Mozilla/5.0 (compatible; Barkrowler/0.9; +https://babbar.tech/crawler)"
13.229.78.155 - - [01/Apr/2025:16:54:52 -0400] "POST /xmlrpc.php HTTP/1.1" 200 0 "-" "python-httpx/0.22.0"
217.113.194.88 - - [01/Apr/2025:16:55:32 -0400] "GET /ein-blick-auf-zeitgenossische-lichtdesigns/ HTTP/1.1" 404 1251 "-" "Mozilla/5.0 (compatible; Barkrowler/0.9; +https://babbar.tech/crawler)"
154.54.249.201 - - [01/Apr/2025:16:55:47 -0400] "GET /online-gambling-casino-now-offers-new-thrilling-games/ HTTP/1.1" 404 1251 "-" "Mozilla/5.0 (compatible; Barkrowler/0.9; +https://babbar.tech/crawler)"
13.229.78.155 - - [01/Apr/2025:16:55:12 -0400] "POST /xmlrpc.php HTTP/1.1" 200 0 "-" "python-httpx/0.22.0"
217.113.194.89 - - [01/Apr/2025:16:56:03 -0400] "GET /everything-you-need-to-know-about-diamond-painting-pictures/ HTTP/1.1" 404 1251 "-" "Mozilla/5.0 (compatible; Barkrowler/0.9; +https://babbar.tech/crawler)"
13.229.78.155 - - [01/Apr/2025:16:55:32 -0400] "POST /xmlrpc.php HTTP/1.1" 200 0 "-" "python-httpx/0.22.0"
217.113.194.88 - - [01/Apr/2025:16:56:19 -0400] "GET /how-has-technology-changed-the-cbd-packaging/ HTTP/1.1" 404 1251 "-" "Mozilla/5.0 (compatible; Barkrowler/0.9; +https://babbar.tech/crawler)"
13.229.78.155 - - [01/Apr/2025:16:55:52 -0400] "POST /xmlrpc.php HTTP/1.1" 200 0 "-" "python-httpx/0.22.0"
217.113.194.246 - - [01/Apr/2025:16:56:34 -0400] "GET /how-a-commercial-real-estate-broker-can-help-you/ HTTP/1.1" 404 1251 "-" "Mozilla/5.0 (compatible; Barkrowler/0.9; +https://babbar.tech/crawler)"
217.113.194.86 - - [01/Apr/2025:16:56:50 -0400] "GET /locksmith-in-chicago-tales-from-the-big-city/ HTTP/1.1" 404 1251 "-" "Mozilla/5.0 (compatible; Barkrowler/0.9; +https://babbar.tech/crawler)"
13.229.78.155 - - [01/Apr/2025:16:56:12 -0400] "POST /xmlrpc.php HTTP/1.1" 200 0 "-" "python-httpx/0.22.0"
217.113.194.83 - - [01/Apr/2025:16:57:06 -0400] "GET /upgrade-your-conservatory-with-a-solid-conservatory-roof/ HTTP/1.1" 404 1251 "-" "Mozilla/5.0 (compatible; Barkrowler/0.9; +https://babbar.tech/crawler)"
13.229.78.155 - - [01/Apr/2025:16:56:32 -0400] "POST /xmlrpc.php HTTP/1.1" 200 0 "-" "python-httpx/0.22.0"
217.113.194.84 - - [01/Apr/2025:16:57:21 -0400] "GET /optimiser-le-recrutement-dans-le-secteur-de-la-restauration/ HTTP/1.1" 404 1251 "-" "Mozilla/5.0 (compatible; Barkrowler/0.9; +https://babbar.tech/crawler)"
13.229.78.155 - - [01/Apr/2025:16:56:52 -0400] "POST /xmlrpc.php HTTP/1.1" 200 0 "-" "python-httpx/0.22.0"
217.113.194.85 - - [01/Apr/2025:16:57:37 -0400] "GET /the-myst-condo-in-upper-bukit-timah/ HTTP/1.1" 404 1251 "-" "Mozilla/5.0 (compatible; Barkrowler/0.9; +https://babbar.tech/crawler)"
13.229.78.155 - - [01/Apr/2025:16:57:12 -0400] "POST /xmlrpc.php HTTP/1.1" 200 0 "-" "python-httpx/0.22.0"
217.113.194.85 - - [01/Apr/2025:16:57:53 -0400] "GET /the-wine-of-israel-and-wine-in-biblical-times/ HTTP/1.1" 404 1251 "-" "Mozilla/5.0 (compatible; Barkrowler/0.9; +https://babbar.tech/crawler)"
217.113.194.83 - - [01/Apr/2025:16:58:08 -0400] "GET /the-vital-role-of-an-employment-law-solicitor/ HTTP/1.1" 404 1251 "-" "Mozilla/5.0 (compatible; Barkrowler/0.9; +https://babbar.tech/crawler)"
13.229.78.155 - - [01/Apr/2025:16:57:32 -0400] "POST /xmlrpc.php HTTP/1.1" 200 0 "-" "python-httpx/0.22.0"
217.113.194.85 - - [01/Apr/2025:16:58:24 -0400] "GET /the-future-of-entertainment-iptv-in-2024/ HTTP/1.1" 404 1251 "-" "Mozilla/5.0 (compatible; Barkrowler/0.9; +https://babbar.tech/crawler)"
13.229.78.155 - - [01/Apr/2025:16:57:52 -0400] "POST /xmlrpc.php HTTP/1.1" 200 0 "-" "python-httpx/0.22.0"
217.113.194.246 - - [01/Apr/2025:16:58:39 -0400] "GET /find-a-hotel-in-lake-garda-thats-right-for-you/ HTTP/1.1" 404 1251 "-" "Mozilla/5.0 (compatible; Barkrowler/0.9; +https://babbar.tech/crawler)"
13.229.78.155 - - [01/Apr/2025:16:58:13 -0400] "POST /xmlrpc.php HTTP/1.1" 200 0 "-" "python-httpx/0.22.0"
217.113.194.82 - - [01/Apr/2025:16:58:55 -0400] "GET /navigating-the-thrills-exploring-the-dynamics-of-online-casinos/ HTTP/1.1" 404 1251 "-" "Mozilla/5.0 (compatible; Barkrowler/0.9; +https://babbar.tech/crawler)"
217.113.194.84 - - [01/Apr/2025:16:59:10 -0400] "GET /navigating-trademark-disputes-the-role-of-lawyers/ HTTP/1.1" 404 1251 "-" "Mozilla/5.0 (compatible; Barkrowler/0.9; +https://babbar.tech/crawler)"
13.229.78.155 - - [01/Apr/2025:16:58:32 -0400] "POST /xmlrpc.php HTTP/1.1" 200 0 "-" "python-httpx/0.22.0"
217.113.194.82 - - [01/Apr/2025:16:59:26 -0400] "GET /smart-dehumidifiers-which-one-is-right-for-your-home/ HTTP/1.1" 404 1251 "-" "Mozilla/5.0 (compatible; Barkrowler/0.9; +https://babbar.tech/crawler)"
13.229.78.155 - - [01/Apr/2025:16:58:52 -0400] "POST /xmlrpc.php HTTP/1.1" 200 0 "-" "python-httpx/0.22.0"
217.113.194.91 - - [01/Apr/2025:16:59:42 -0400] "GET /innovative-features-of-monkey-mart-classroom-6x/ HTTP/1.1" 404 1251 "-" "Mozilla/5.0 (compatible; Barkrowler/0.9; +https://babbar.tech/crawler)"
13.229.78.155 - - [01/Apr/2025:16:59:12 -0400] "POST /xmlrpc.php HTTP/1.1" 200 0 "-" "python-httpx/0.22.0"
217.113.194.88 - - [01/Apr/2025:16:59:57 -0400] "GET /histoire-du-papier-peint-et-de-la-tapisserie-panoramique/ HTTP/1.1" 404 1251 "-" "Mozilla/5.0 (compatible; Barkrowler/0.9; +https://babbar.tech/crawler)"
13.229.78.155 - - [01/Apr/2025:16:59:32 -0400] "POST /xmlrpc.php HTTP/1.1" 200 0 "-" "python-httpx/0.22.0"
154.54.249.201 - - [01/Apr/2025:17:00:13 -0400] "GET /is-online-business-a-good-alternative-to-secure-your-income/ HTTP/1.1" 404 1251 "-" "Mozilla/5.0 (compatible; Barkrowler/0.9; +https://babbar.tech/crawler)"
58.221.37.82 - - [01/Apr/2025:17:00:22 -0400] "GET / HTTP/1.1" 200 156148 "https://www.google.com/" "Mozilla/5.0 (Windows NT 10.0; Win64; x64) AppleWebKit/537.36 (KHTML, like Gecko) Chrome/132.0.0.0 Safari/537.36"
58.221.37.82 - - [01/Apr/2025:17:00:22 -0400] "GET / HTTP/1.1" 200 156148 "https://www.google.com/" "Mozilla/5.0 (Linux; Android 10; K) AppleWebKit/537.36 (KHTML, like Gecko) Chrome/132.0.0.0 Mobile Safari/537.36"
217.113.194.88 - - [01/Apr/2025:17:00:29 -0400] "GET /unlocking-the-power-of-qr-code-generator-free-tools/ HTTP/1.1" 404 1251 "-" "Mozilla/5.0 (compatible; Barkrowler/0.9; +https://babbar.tech/crawler)"
13.229.78.155 - - [01/Apr/2025:16:59:52 -0400] "POST /xmlrpc.php HTTP/1.1" 200 0 "-" "python-httpx/0.22.0"
217.113.194.88 - - [01/Apr/2025:17:00:44 -0400] "GET /unlocking-the-thrills-exploring-the-world-of-online-casinos/ HTTP/1.1" 404 1251 "-" "Mozilla/5.0 (compatible; Barkrowler/0.9; +https://babbar.tech/crawler)"
13.229.78.155 - - [01/Apr/2025:17:00:12 -0400] "POST /xmlrpc.php HTTP/1.1" 200 0 "-" "python-httpx/0.22.0"
217.113.194.86 - - [01/Apr/2025:17:01:00 -0400] "GET /unveiling-the-precision-the-button-head-screw/ HTTP/1.1" 404 1251 "-" "Mozilla/5.0 (compatible; Barkrowler/0.9; +https://babbar.tech/crawler)"
13.229.78.155 - - [01/Apr/2025:17:00:32 -0400] "POST /xmlrpc.php HTTP/1.1" 200 0 "-" "python-httpx/0.22.0"
154.54.249.201 - - [01/Apr/2025:17:01:16 -0400] "GET /unveiling-the-excellence-of-woori-casino/ HTTP/1.1" 404 1251 "-" "Mozilla/5.0 (compatible; Barkrowler/0.9; +https://babbar.tech/crawler)"
217.113.194.90 - - [01/Apr/2025:17:01:32 -0400] "GET /unveiling-the-excitement-the-world-of-online-casinos/ HTTP/1.1" 404 1251 "-" "Mozilla/5.0 (compatible; Barkrowler/0.9; +https://babbar.tech/crawler)"
13.229.78.155 - - [01/Apr/2025:17:00:54 -0400] "POST /xmlrpc.php HTTP/1.1" 200 0 "-" "python-httpx/0.22.0"
217.113.194.89 - - [01/Apr/2025:17:01:47 -0400] "GET /unveiling-the-thrilling-world-of-poker-casinos/ HTTP/1.1" 404 1251 "-" "Mozilla/5.0 (compatible; Barkrowler/0.9; +https://babbar.tech/crawler)"
13.229.78.155 - - [01/Apr/2025:17:01:14 -0400] "POST /xmlrpc.php HTTP/1.1" 200 0 "-" "python-httpx/0.22.0"
217.113.194.88 - - [01/Apr/2025:17:02:03 -0400] "GET /unveiling-the-anyone-protocol-staking-dashboard/ HTTP/1.1" 404 1251 "-" "Mozilla/5.0 (compatible; Barkrowler/0.9; +https://babbar.tech/crawler)"
13.229.78.155 - - [01/Apr/2025:17:01:34 -0400] "POST /xmlrpc.php HTTP/1.1" 200 0 "-" "python-httpx/0.22.0"
217.113.194.89 - - [01/Apr/2025:17:02:18 -0400] "GET /the-first-six-months-big-changes-month-one/ HTTP/1.1" 404 1251 "-" "Mozilla/5.0 (compatible; Barkrowler/0.9; +https://babbar.tech/crawler)"
13.229.78.155 - - [01/Apr/2025:17:01:54 -0400] "POST /xmlrpc.php HTTP/1.1" 200 0 "-" "python-httpx/0.22.0"
217.113.194.86 - - [01/Apr/2025:17:02:34 -0400] "GET /celebrate-your-marriage-anniversary-with-a-sweet-cake/ HTTP/1.1" 404 1251 "-" "Mozilla/5.0 (compatible; Barkrowler/0.9; +https://babbar.tech/crawler)"
217.113.194.91 - - [01/Apr/2025:17:02:49 -0400] "GET /lart-de-captiver-grace-aux-nappes-publicitaires/ HTTP/1.1" 404 1251 "-" "Mozilla/5.0 (compatible; Barkrowler/0.9; +https://babbar.tech/crawler)"
185.191.171.14 - - [01/Apr/2025:17:02:53 -0400] "GET /les-methodes-devaluation-des-biens-immobiliers/ HTTP/1.1" 404 1251 "-" "Mozilla/5.0 (compatible; SemrushBot/7~bl; +http://www.semrush.com/bot.html)"
13.229.78.155 - - [01/Apr/2025:17:02:14 -0400] "POST /xmlrpc.php HTTP/1.1" 200 0 "-" "python-httpx/0.22.0"
154.54.249.201 - - [01/Apr/2025:17:03:05 -0400] "GET /a-luxurious-oasis-quellenhof-lazise/ HTTP/1.1" 404 1251 "-" "Mozilla/5.0 (compatible; Barkrowler/0.9; +https://babbar.tech/crawler)"
13.229.78.155 - - [01/Apr/2025:17:02:34 -0400] "POST /xmlrpc.php HTTP/1.1" 200 0 "-" "python-httpx/0.22.0"
217.113.194.87 - - [01/Apr/2025:17:03:21 -0400] "GET /learn-about-the-china-injection-molding-machines-market/ HTTP/1.1" 404 1251 "-" "Mozilla/5.0 (compatible; Barkrowler/0.9; +https://babbar.tech/crawler)"
13.229.78.155 - - [01/Apr/2025:17:02:54 -0400] "POST /xmlrpc.php HTTP/1.1" 200 0 "-" "python-httpx/0.22.0"
217.113.194.88 - - [01/Apr/2025:17:03:36 -0400] "GET /radley-bags-rank-high-for-fashion-flair/ HTTP/1.1" 404 1251 "-" "Mozilla/5.0 (compatible; Barkrowler/0.9; +https://babbar.tech/crawler)"
217.113.194.90 - - [01/Apr/2025:17:03:52 -0400] "GET /conseils-de-conduite-hivernale-pour-vous-garder-en-vie/ HTTP/1.1" 404 1251 "-" "Mozilla/5.0 (compatible; Barkrowler/0.9; +https://babbar.tech/crawler)"
13.229.78.155 - - [01/Apr/2025:17:03:14 -0400] "POST /xmlrpc.php HTTP/1.1" 200 0 "-" "python-httpx/0.22.0"
217.113.194.89 - - [01/Apr/2025:17:04:07 -0400] "GET /the-differences-between-air-and-liquid-cooling-systems/ HTTP/1.1" 404 1251 "-" "Mozilla/5.0 (compatible; Barkrowler/0.9; +https://babbar.tech/crawler)"
13.229.78.155 - - [01/Apr/2025:17:03:34 -0400] "POST /xmlrpc.php HTTP/1.1" 200 0 "-" "python-httpx/0.22.0"
217.113.194.90 - - [01/Apr/2025:17:04:23 -0400] "GET /essential-hotel-bedroom-furniture-a-comprehensive-guide/ HTTP/1.1" 404 1251 "-" "Mozilla/5.0 (compatible; Barkrowler/0.9; +https://babbar.tech/crawler)"
13.229.78.155 - - [01/Apr/2025:17:03:54 -0400] "POST /xmlrpc.php HTTP/1.1" 200 0 "-" "python-httpx/0.22.0"
217.113.194.82 - - [01/Apr/2025:17:04:38 -0400] "GET /step-by-step-guide-for-making-money-on-youtube/ HTTP/1.1" 404 1251 "-" "Mozilla/5.0 (compatible; Barkrowler/0.9; +https://babbar.tech/crawler)"
13.229.78.155 - - [01/Apr/2025:17:04:14 -0400] "POST /xmlrpc.php HTTP/1.1" 200 0 "-" "python-httpx/0.22.0"
217.113.194.87 - - [01/Apr/2025:17:04:54 -0400] "GET /vietnam-takes-top-in-list-of-must-visit-destinations/ HTTP/1.1" 404 1251 "-" "Mozilla/5.0 (compatible; Barkrowler/0.9; +https://babbar.tech/crawler)"
217.113.194.87 - - [01/Apr/2025:17:05:10 -0400] "GET /2010-suggestions-on-the-best-christmas-gifts-for-women/ HTTP/1.1" 404 1251 "-" "Mozilla/5.0 (compatible; Barkrowler/0.9; +https://babbar.tech/crawler)"
13.229.78.155 - - [01/Apr/2025:17:04:34 -0400] "POST /xmlrpc.php HTTP/1.1" 200 0 "-" "python-httpx/0.22.0"
58.254.68.93 - - [01/Apr/2025:17:05:14 -0400] "GET /unveiling-the-world-of-satta-king-a-comprehensive-guide/ HTTP/1.1" 404 1251 "https://stannswarehouse.com" "Mozilla/5.0 (Windows NT 10.0; Win64; x64) AppleWebKit/537.36 (KHTML, like Gecko) Chrome/62.0.3202.94 Safari/537.36"
58.254.68.93 - - [01/Apr/2025:17:05:16 -0400] "GET /unveiling-the-world-of-satta-king-a-comprehensive-guide/ HTTP/1.1" 404 1251 "https://stannswarehouse.com" "Mozilla/5.0 (Windows NT 10.0; Win64; x64) AppleWebKit/537.36 (KHTML, like Gecko) Chrome/62.0.3202.94 Safari/537.36"
58.254.68.93 - - [01/Apr/2025:17:05:17 -0400] "GET /unveiling-the-world-of-satta-king-a-comprehensive-guide/ HTTP/1.1" 404 1251 "https://stannswarehouse.com" "Mozilla/5.0 (Windows NT 10.0; Win64; x64) AppleWebKit/537.36 (KHTML, like Gecko) Chrome/62.0.3202.94 Safari/537.36"
58.254.68.93 - - [01/Apr/2025:17:05:18 -0400] "GET /unveiling-the-world-of-satta-king-a-comprehensive-guide/ HTTP/1.1" 404 1251 "https://stannswarehouse.com" "Mozilla/5.0 (Windows NT 10.0; Win64; x64) AppleWebKit/537.36 (KHTML, like Gecko) Chrome/62.0.3202.94 Safari/537.36"
217.113.194.246 - - [01/Apr/2025:17:05:26 -0400] "GET /correcting-forward-head-posture-a-comprehensive-guide/ HTTP/1.1" 404 1251 "-" "Mozilla/5.0 (compatible; Barkrowler/0.9; +https://babbar.tech/crawler)"
13.229.78.155 - - [01/Apr/2025:17:04:54 -0400] "POST /xmlrpc.php HTTP/1.1" 200 0 "-" "python-httpx/0.22.0"
217.113.194.87 - - [01/Apr/2025:17:05:42 -0400] "GET /quit-smoking-vaping-the-new-insane-habit/ HTTP/1.1" 404 1251 "-" "Mozilla/5.0 (compatible; Barkrowler/0.9; +https://babbar.tech/crawler)"
13.229.78.155 - - [01/Apr/2025:17:05:14 -0400] "POST /xmlrpc.php HTTP/1.1" 200 0 "-" "python-httpx/0.22.0"
217.113.194.82 - - [01/Apr/2025:17:05:58 -0400] "GET /woom-air-a-review-of-a-kids-mountain-bike/ HTTP/1.1" 404 1251 "-" "Mozilla/5.0 (compatible; Barkrowler/0.9; +https://babbar.tech/crawler)"
217.113.194.88 - - [01/Apr/2025:17:06:13 -0400] "GET /dometic-cooling-units-troubleshooting-and-repair/ HTTP/1.1" 404 1251 "-" "Mozilla/5.0 (compatible; Barkrowler/0.9; +https://babbar.tech/crawler)"
13.229.78.155 - - [01/Apr/2025:17:05:34 -0400] "POST /xmlrpc.php HTTP/1.1" 200 0 "-" "python-httpx/0.22.0"
217.113.194.84 - - [01/Apr/2025:17:06:29 -0400] "GET /arcady-showflat-a-blend-of-elegance-and-modernity/ HTTP/1.1" 404 1251 "-" "Mozilla/5.0 (compatible; Barkrowler/0.9; +https://babbar.tech/crawler)"
13.229.78.155 - - [01/Apr/2025:17:05:54 -0400] "POST /xmlrpc.php HTTP/1.1" 200 0 "-" "python-httpx/0.22.0"
217.113.194.83 - - [01/Apr/2025:17:06:45 -0400] "GET /health-on-the-go-the-golden-rules-of-every-traveler/ HTTP/1.1" 404 1251 "-" "Mozilla/5.0 (compatible; Barkrowler/0.9; +https://babbar.tech/crawler)"
198.54.114.83 - - [01/Apr/2025:17:06:46 -0400] "POST /wp-admin/admin-ajax.php?action=async_litespeed&nonce=HjUCggcDWALczaD4Fq9Vn09htyqT7VxB&litespeed_type=imgoptm HTTP/1.1" 200 0 "-" "WordPress/6.7.2; https://stannswarehouse.com"
58.254.68.93 - - [01/Apr/2025:17:06:54 -0400] "GET /barack-obama-slot-machine-critical-overview/ HTTP/1.1" 404 1251 "https://stannswarehouse.com" "Mozilla/5.0 (Windows NT 10.0; Win64; x64) AppleWebKit/537.36 (KHTML, like Gecko) Chrome/62.0.3202.94 Safari/537.36"
13.229.78.155 - - [01/Apr/2025:17:06:15 -0400] "POST /xmlrpc.php HTTP/1.1" 200 0 "-" "python-httpx/0.22.0"
58.254.68.93 - - [01/Apr/2025:17:06:55 -0400] "GET /barack-obama-slot-machine-critical-overview/ HTTP/1.1" 404 1251 "https://stannswarehouse.com" "Mozilla/5.0 (Windows NT 10.0; Win64; x64) AppleWebKit/537.36 (KHTML, like Gecko) Chrome/62.0.3202.94 Safari/537.36"
58.254.68.93 - - [01/Apr/2025:17:06:56 -0400] "GET /barack-obama-slot-machine-critical-overview/ HTTP/1.1" 404 1251 "https://stannswarehouse.com" "Mozilla/5.0 (Windows NT 10.0; Win64; x64) AppleWebKit/537.36 (KHTML, like Gecko) Chrome/62.0.3202.94 Safari/537.36"
58.254.68.93 - - [01/Apr/2025:17:06:58 -0400] "GET /barack-obama-slot-machine-critical-overview/ HTTP/1.1" 404 1251 "https://stannswarehouse.com" "Mozilla/5.0 (Windows NT 10.0; Win64; x64) AppleWebKit/537.36 (KHTML, like Gecko) Chrome/62.0.3202.94 Safari/537.36"
217.113.194.84 - - [01/Apr/2025:17:07:00 -0400] "GET /the-lazy-mans-guide-to-ctfo-cbd-oil/ HTTP/1.1" 404 1251 "-" "Mozilla/5.0 (compatible; Barkrowler/0.9; +https://babbar.tech/crawler)"
217.113.194.85 - - [01/Apr/2025:17:07:16 -0400] "GET /breezing-through-comfort-the-evolution-of-electric-fans/ HTTP/1.1" 404 1251 "-" "Mozilla/5.0 (compatible; Barkrowler/0.9; +https://babbar.tech/crawler)"
13.229.78.155 - - [01/Apr/2025:17:06:35 -0400] "POST /xmlrpc.php HTTP/1.1" 200 0 "-" "python-httpx/0.22.0"
217.113.194.90 - - [01/Apr/2025:17:07:31 -0400] "GET /hanoi-massage-a-journey-of-relaxation-and-rejuvenation/ HTTP/1.1" 404 1251 "-" "Mozilla/5.0 (compatible; Barkrowler/0.9; +https://babbar.tech/crawler)"
13.229.78.155 - - [01/Apr/2025:17:06:57 -0400] "POST /xmlrpc.php HTTP/1.1" 200 0 "-" "python-httpx/0.22.0"
217.113.194.88 - - [01/Apr/2025:17:07:47 -0400] "GET /how-to-start-your-own-curb-address-painting-service-business/ HTTP/1.1" 404 1251 "-" "Mozilla/5.0 (compatible; Barkrowler/0.9; +https://babbar.tech/crawler)"
13.229.78.155 - - [01/Apr/2025:17:07:17 -0400] "POST /xmlrpc.php HTTP/1.1" 200 0 "-" "python-httpx/0.22.0"
217.113.194.85 - - [01/Apr/2025:17:08:02 -0400] "GET /the-ultimate-guide-to-deleting-your-instagram-account/ HTTP/1.1" 404 1251 "-" "Mozilla/5.0 (compatible; Barkrowler/0.9; +https://babbar.tech/crawler)"
13.229.78.155 - - [01/Apr/2025:17:07:37 -0400] "POST /xmlrpc.php HTTP/1.1" 200 0 "-" "python-httpx/0.22.0"
154.54.249.201 - - [01/Apr/2025:17:08:18 -0400] "GET /explosion-proof-stainless-3-way-ball-valves/ HTTP/1.1" 404 1251 "-" "Mozilla/5.0 (compatible; Barkrowler/0.9; +https://babbar.tech/crawler)"
217.113.194.84 - - [01/Apr/2025:17:08:34 -0400] "GET /using-rental-led-display-to-enhance-your-next-event/ HTTP/1.1" 404 1251 "-" "Mozilla/5.0 (compatible; Barkrowler/0.9; +https://babbar.tech/crawler)"
13.229.78.155 - - [01/Apr/2025:17:07:57 -0400] "POST /xmlrpc.php HTTP/1.1" 200 0 "-" "python-httpx/0.22.0"
217.113.194.90 - - [01/Apr/2025:17:08:49 -0400] "GET /using-online-webcams-to-communicate-with-friends-and-family/ HTTP/1.1" 404 1251 "-" "Mozilla/5.0 (compatible; Barkrowler/0.9; +https://babbar.tech/crawler)"
13.229.78.155 - - [01/Apr/2025:17:08:17 -0400] "POST /xmlrpc.php HTTP/1.1" 200 0 "-" "python-httpx/0.22.0"
217.113.194.86 - - [01/Apr/2025:17:09:05 -0400] "GET /breaking-the-ice-engaging-fun-ice-breaker-questions/ HTTP/1.1" 404 1251 "-" "Mozilla/5.0 (compatible; Barkrowler/0.9; +https://babbar.tech/crawler)"
13.229.78.155 - - [01/Apr/2025:17:08:37 -0400] "POST /xmlrpc.php HTTP/1.1" 200 0 "-" "python-httpx/0.22.0"
217.113.194.83 - - [01/Apr/2025:17:09:20 -0400] "GET /the-pitfalls-of-buying-youtube-views-and-subscribers/ HTTP/1.1" 404 1251 "-" "Mozilla/5.0 (compatible; Barkrowler/0.9; +https://babbar.tech/crawler)"
217.113.194.85 - - [01/Apr/2025:17:09:36 -0400] "GET /the-watcher-of-realms-celebrating-the-greatest-heroes/ HTTP/1.1" 404 1251 "-" "Mozilla/5.0 (compatible; Barkrowler/0.9; +https://babbar.tech/crawler)"
13.229.78.155 - - [01/Apr/2025:17:08:57 -0400] "POST /xmlrpc.php HTTP/1.1" 200 0 "-" "python-httpx/0.22.0"
139.59.100.51 - - [01/Apr/2025:17:09:45 -0400] "GET /wp-content/plugins/WordPressCore/include.php HTTP/1.1" 404 1251 "-" "Mozlila/5.0 (Linux; Android 7.0; SM-G892A Build/NRD90M; wv) AppleWebKit/537.36 (KHTML, like Gecko) Version/4.0 Chrome/60.0.3112.107 Mobile Safari/537.36"
139.59.100.51 - - [01/Apr/2025:17:09:46 -0400] "GET /wp-content/plugins/WordPressCore/include.php HTTP/1.1" 404 1251 "-" "Mozlila/5.0 (Linux; Android 7.0; SM-G892A Build/NRD90M; wv) AppleWebKit/537.36 (KHTML, like Gecko) Version/4.0 Chrome/60.0.3112.107 Mobile Safari/537.36"
217.113.194.82 - - [01/Apr/2025:17:09:52 -0400] "GET /cherished-memories-the-allure-of-custom-pet-portraits/ HTTP/1.1" 404 1251 "-" "Mozilla/5.0 (compatible; Barkrowler/0.9; +https://babbar.tech/crawler)"
139.59.100.51 - - [01/Apr/2025:17:09:56 -0400] "GET /wp-content/themes/include.php HTTP/1.1" 404 1251 "-" "Mozlila/5.0 (Linux; Android 7.0; SM-G892A Build/NRD90M; wv) AppleWebKit/537.36 (KHTML, like Gecko) Version/4.0 Chrome/60.0.3112.107 Mobile Safari/537.36"
139.59.100.51 - - [01/Apr/2025:17:09:56 -0400] "GET /wp-content/themes/include.php HTTP/1.1" 404 1251 "-" "Mozlila/5.0 (Linux; Android 7.0; SM-G892A Build/NRD90M; wv) AppleWebKit/537.36 (KHTML, like Gecko) Version/4.0 Chrome/60.0.3112.107 Mobile Safari/537.36"
13.229.78.155 - - [01/Apr/2025:17:09:17 -0400] "POST /xmlrpc.php HTTP/1.1" 200 0 "-" "python-httpx/0.22.0"
154.54.249.201 - - [01/Apr/2025:17:10:08 -0400] "GET /things-to-consider-when-replacing-a-conservatory-roof/ HTTP/1.1" 404 1251 "-" "Mozilla/5.0 (compatible; Barkrowler/0.9; +https://babbar.tech/crawler)"
13.229.78.155 - - [01/Apr/2025:17:09:37 -0400] "POST /xmlrpc.php HTTP/1.1" 200 0 "-" "python-httpx/0.22.0"
217.113.194.84 - - [01/Apr/2025:17:10:24 -0400] "GET /navigating-ai-gpu-pricing-and-availability-in-2024/ HTTP/1.1" 404 1251 "-" "Mozilla/5.0 (compatible; Barkrowler/0.9; +https://babbar.tech/crawler)"
13.229.78.155 - - [01/Apr/2025:17:09:57 -0400] "POST /xmlrpc.php HTTP/1.1" 200 0 "-" "python-httpx/0.22.0"
154.54.249.201 - - [01/Apr/2025:17:10:40 -0400] "GET /navigating-the-temptation-can-you-buy-youtube-subscribers/ HTTP/1.1" 404 1251 "-" "Mozilla/5.0 (compatible; Barkrowler/0.9; +https://babbar.tech/crawler)"
154.54.249.201 - - [01/Apr/2025:17:10:55 -0400] "GET /navigating-the-thrills-unveiling-the-world-of-online-casinos/ HTTP/1.1" 404 1251 "-" "Mozilla/5.0 (compatible; Barkrowler/0.9; +https://babbar.tech/crawler)"
13.229.78.155 - - [01/Apr/2025:17:10:17 -0400] "POST /xmlrpc.php HTTP/1.1" 200 0 "-" "python-httpx/0.22.0"
217.113.194.85 - - [01/Apr/2025:17:11:11 -0400] "GET /the-best-way-to-convert-video-to-mp4-on-mac/ HTTP/1.1" 404 1251 "-" "Mozilla/5.0 (compatible; Barkrowler/0.9; +https://babbar.tech/crawler)"
139.59.100.51 - - [01/Apr/2025:17:11:14 -0400] "GET /wp-content/plugins/include.php HTTP/1.1" 404 1251 "-" "Mozlila/5.0 (Linux; Android 7.0; SM-G892A Build/NRD90M; wv) AppleWebKit/537.36 (KHTML, like Gecko) Version/4.0 Chrome/60.0.3112.107 Mobile Safari/537.36"
139.59.100.51 - - [01/Apr/2025:17:11:14 -0400] "GET /wp-content/plugins/include.php HTTP/1.1" 404 1251 "-" "Mozlila/5.0 (Linux; Android 7.0; SM-G892A Build/NRD90M; wv) AppleWebKit/537.36 (KHTML, like Gecko) Version/4.0 Chrome/60.0.3112.107 Mobile Safari/537.36"
13.229.78.155 - - [01/Apr/2025:17:10:37 -0400] "POST /xmlrpc.php HTTP/1.1" 200 0 "-" "python-httpx/0.22.0"
154.54.249.201 - - [01/Apr/2025:17:11:26 -0400] "GET /the-beautiful-game-a-symphony-of-passion-and-precision/ HTTP/1.1" 404 1251 "-" "Mozilla/5.0 (compatible; Barkrowler/0.9; +https://babbar.tech/crawler)"
13.229.78.155 - - [01/Apr/2025:17:10:57 -0400] "POST /xmlrpc.php HTTP/1.1" 200 0 "-" "python-httpx/0.22.0"
217.113.194.83 - - [01/Apr/2025:17:11:42 -0400] "GET /common-misunderstandings-regarding-persons-with-autism/ HTTP/1.1" 404 1251 "-" "Mozilla/5.0 (compatible; Barkrowler/0.9; +https://babbar.tech/crawler)"
13.229.78.155 - - [01/Apr/2025:17:11:17 -0400] "POST /xmlrpc.php HTTP/1.1" 200 0 "-" "python-httpx/0.22.0"
217.113.194.90 - - [01/Apr/2025:17:11:58 -0400] "GET /a-customized-tumbler-makes-a-great-gift/ HTTP/1.1" 404 1251 "-" "Mozilla/5.0 (compatible; Barkrowler/0.9; +https://babbar.tech/crawler)"
217.113.194.87 - - [01/Apr/2025:17:12:14 -0400] "GET /is-solar-coating-sufficient-for-your-conservatory/ HTTP/1.1" 404 1251 "-" "Mozilla/5.0 (compatible; Barkrowler/0.9; +https://babbar.tech/crawler)"
139.59.100.51 - - [01/Apr/2025:17:12:14 -0400] "GET /wp-content/plugins/core-plugin/include.php HTTP/1.1" 404 1251 "-" "Mozlila/5.0 (Linux; Android 7.0; SM-G892A Build/NRD90M; wv) AppleWebKit/537.36 (KHTML, like Gecko) Version/4.0 Chrome/60.0.3112.107 Mobile Safari/537.36"
13.229.78.155 - - [01/Apr/2025:17:11:37 -0400] "POST /xmlrpc.php HTTP/1.1" 200 0 "-" "python-httpx/0.22.0"
139.59.100.51 - - [01/Apr/2025:17:12:19 -0400] "GET /wp-content/plugins/core-plugin/include.php HTTP/1.1" 404 1251 "-" "Mozlila/5.0 (Linux; Android 7.0; SM-G892A Build/NRD90M; wv) AppleWebKit/537.36 (KHTML, like Gecko) Version/4.0 Chrome/60.0.3112.107 Mobile Safari/537.36"
154.54.249.201 - - [01/Apr/2025:17:12:29 -0400] "GET /ce-que-vous-devez-savoir-sur-un-projecteur-galaxy/ HTTP/1.1" 404 1251 "-" "Mozilla/5.0 (compatible; Barkrowler/0.9; +https://babbar.tech/crawler)"
13.229.78.155 - - [01/Apr/2025:17:11:57 -0400] "POST /xmlrpc.php HTTP/1.1" 200 0 "-" "python-httpx/0.22.0"
154.54.249.201 - - [01/Apr/2025:17:12:46 -0400] "GET /the-art-and-ethics-of-buying-instagram-followers-and-likes/ HTTP/1.1" 404 1251 "-" "Mozilla/5.0 (compatible; Barkrowler/0.9; +https://babbar.tech/crawler)"
13.229.78.155 - - [01/Apr/2025:17:12:17 -0400] "POST /xmlrpc.php HTTP/1.1" 200 0 "-" "python-httpx/0.22.0"
217.113.194.90 - - [01/Apr/2025:17:13:02 -0400] "GET /unlocking-inspiration-the-power-of-motivational-jewelry/ HTTP/1.1" 404 1251 "-" "Mozilla/5.0 (compatible; Barkrowler/0.9; +https://babbar.tech/crawler)"
13.229.78.155 - - [01/Apr/2025:17:12:37 -0400] "POST /xmlrpc.php HTTP/1.1" 200 0 "-" "python-httpx/0.22.0"
13.229.78.155 - - [01/Apr/2025:17:12:58 -0400] "POST /xmlrpc.php HTTP/1.1" 200 0 "-" "python-httpx/0.22.0"
217.113.194.84 - - [01/Apr/2025:17:13:18 -0400] "GET /unveiling-the-power-of-benchmark-gpu-technology/ HTTP/1.1" 404 1251 "-" "Mozilla/5.0 (compatible; Barkrowler/0.9; +https://babbar.tech/crawler)"
217.113.194.90 - - [01/Apr/2025:17:13:34 -0400] "GET /unveiling-the-radiance-facette-dentaire-geneve/ HTTP/1.1" 404 1251 "-" "Mozilla/5.0 (compatible; Barkrowler/0.9; +https://babbar.tech/crawler)"
217.113.194.86 - - [01/Apr/2025:17:13:49 -0400] "GET /unraveling-the-complexity-of-sex-addiction-therapy/ HTTP/1.1" 404 1251 "-" "Mozilla/5.0 (compatible; Barkrowler/0.9; +https://babbar.tech/crawler)"
139.59.100.51 - - [01/Apr/2025:17:13:58 -0400] "GET /wp-includes/images/include.php HTTP/1.1" 404 1251 "-" "Mozlila/5.0 (Linux; Android 7.0; SM-G892A Build/NRD90M; wv) AppleWebKit/537.36 (KHTML, like Gecko) Version/4.0 Chrome/60.0.3112.107 Mobile Safari/537.36"
139.59.100.51 - - [01/Apr/2025:17:13:59 -0400] "GET /wp-includes/images/include.php HTTP/1.1" 404 1251 "-" "Mozlila/5.0 (Linux; Android 7.0; SM-G892A Build/NRD90M; wv) AppleWebKit/537.36 (KHTML, like Gecko) Version/4.0 Chrome/60.0.3112.107 Mobile Safari/537.36"
217.113.194.90 - - [01/Apr/2025:17:14:05 -0400] "GET /swinging-through-vietnam-exploring-the-golfing-scene/ HTTP/1.1" 404 1251 "-" "Mozilla/5.0 (compatible; Barkrowler/0.9; +https://babbar.tech/crawler)"
139.59.100.51 - - [01/Apr/2025:17:14:13 -0400] "GET /wp-includes/widgets/include.php HTTP/1.1" 404 1251 "-" "Mozlila/5.0 (Linux; Android 7.0; SM-G892A Build/NRD90M; wv) AppleWebKit/537.36 (KHTML, like Gecko) Version/4.0 Chrome/60.0.3112.107 Mobile Safari/537.36"
139.59.100.51 - - [01/Apr/2025:17:14:14 -0400] "GET /wp-includes/widgets/include.php HTTP/1.1" 404 1251 "-" "Mozlila/5.0 (Linux; Android 7.0; SM-G892A Build/NRD90M; wv) AppleWebKit/537.36 (KHTML, like Gecko) Version/4.0 Chrome/60.0.3112.107 Mobile Safari/537.36"
217.113.194.246 - - [01/Apr/2025:17:14:21 -0400] "GET /michael-mizrachi-professional-poker-player-review-series/ HTTP/1.1" 404 1251 "-" "Mozilla/5.0 (compatible; Barkrowler/0.9; +https://babbar.tech/crawler)"
217.113.194.87 - - [01/Apr/2025:17:14:36 -0400] "GET /michael-kors-sales-bags-for-every-occasion-and-budget/ HTTP/1.1" 404 1251 "-" "Mozilla/5.0 (compatible; Barkrowler/0.9; +https://babbar.tech/crawler)"
217.113.194.90 - - [01/Apr/2025:17:14:52 -0400] "GET /cbd-gummies-the-best-way-to-get-your-daily-cbd/ HTTP/1.1" 404 1251 "-" "Mozilla/5.0 (compatible; Barkrowler/0.9; +https://babbar.tech/crawler)"
217.113.194.88 - - [01/Apr/2025:17:15:07 -0400] "GET /install-a-combi-boiler-for-your-home-or-office/ HTTP/1.1" 404 1251 "-" "Mozilla/5.0 (compatible; Barkrowler/0.9; +https://babbar.tech/crawler)"
217.113.194.84 - - [01/Apr/2025:17:15:23 -0400] "GET /exploring-the-multifaceted-channels-of-modern-communication/ HTTP/1.1" 404 1251 "-" "Mozilla/5.0 (compatible; Barkrowler/0.9; +https://babbar.tech/crawler)"
217.113.194.91 - - [01/Apr/2025:17:15:39 -0400] "GET /window-shutters-time-to-re-think-your-window-dressings/ HTTP/1.1" 404 1251 "-" "Mozilla/5.0 (compatible; Barkrowler/0.9; +https://babbar.tech/crawler)"
217.113.194.91 - - [01/Apr/2025:17:15:54 -0400] "GET /diamond-painting-getting-started-with-a-diamond-painting-shop/ HTTP/1.1" 404 1251 "-" "Mozilla/5.0 (compatible; Barkrowler/0.9; +https://babbar.tech/crawler)"
217.113.194.88 - - [01/Apr/2025:17:16:10 -0400] "GET /custom-made-tumblers-will-keep-your-brand-in-fighting-form/ HTTP/1.1" 404 1251 "-" "Mozilla/5.0 (compatible; Barkrowler/0.9; +https://babbar.tech/crawler)"
217.113.194.85 - - [01/Apr/2025:17:16:25 -0400] "GET /la-revolution-du-marketing-digital-transformer-votre-strategie/ HTTP/1.1" 404 1251 "-" "Mozilla/5.0 (compatible; Barkrowler/0.9; +https://babbar.tech/crawler)"
217.113.194.89 - - [01/Apr/2025:17:16:41 -0400] "GET /enhancing-workplace-efficiency-with-employee-communication-apps/ HTTP/1.1" 404 1251 "-" "Mozilla/5.0 (compatible; Barkrowler/0.9; +https://babbar.tech/crawler)"
217.113.194.89 - - [01/Apr/2025:17:16:56 -0400] "GET /how-to-kick-for-the-knockout-in-mma-mixed-martial-arts/ HTTP/1.1" 404 1251 "-" "Mozilla/5.0 (compatible; Barkrowler/0.9; +https://babbar.tech/crawler)"
217.113.194.83 - - [01/Apr/2025:17:17:12 -0400] "GET /how-to-upload-files-on-a-website-effectively-and-efficiently/ HTTP/1.1" 404 1251 "-" "Mozilla/5.0 (compatible; Barkrowler/0.9; +https://babbar.tech/crawler)"
