198.54.114.83 - - [01/Apr/2025:03:35:23 -0400] "POST /wp-cron.php?doing_wp_cron=1743492922.8620638847351074218750 HTTP/1.1" 200 0 "-" "WordPress/6.7.2; https://stannswarehouse.com"
198.54.114.83 - - [01/Apr/2025:03:35:23 -0400] "POST /wp-admin/admin-ajax.php?action=async_litespeed&nonce=wsgrod0GxAxR5QdnZdluKD9uXcShkI4Z&litespeed_type=imgoptm HTTP/1.1" 200 5 "-" "WordPress/6.7.2; https://stannswarehouse.com"
198.54.114.83 - - [01/Apr/2025:03:35:24 -0400] "GET /wp-admin/theme-editor.php?theme=colormag&file=inc%2Fcustomizer%2Foptions%2Fglobal%2Fclass-colormag-customize-sidebar-options.php&wp_scrape_key=bd9201b20ae418a4a0a6d5771a936cf1&wp_scrape_nonce=2081926115 HTTP/1.1" 200 39337 "-" "WordPress/6.7.2; https://stannswarehouse.com"
198.54.114.83 - - [01/Apr/2025:03:35:26 -0400] "GET /?wp_scrape_key=bd9201b20ae418a4a0a6d5771a936cf1&wp_scrape_nonce=2081926115 HTTP/1.1" 200 156148 "-" "WordPress/6.7.2; https://stannswarehouse.com"
1.121.186.209 - - [01/Apr/2025:03:35:22 -0400] "POST /wp-admin/admin-ajax.php HTTP/1.1" 200 256 "https://stannswarehouse.com/wp-admin/theme-editor.php?file=inc%2Fcustomizer%2Foptions%2Fglobal%2Fclass-colormag-customize-sidebar-options.php&theme=colormag" "Mozilla/5.0 (Linux; Android 12; Pixel 6) AppleWebKit/537.36 (KHTML, like Gecko) Chrome/99.0.4844.58 Mobile Safari/537.36"
220.244.135.207 - - [01/Apr/2025:03:35:27 -0400] "GET /wp-admin/theme-editor.php?file=inc%2Fcustomizer%2Fcore%2Fclass-colormag-customizer-callbacks.php&theme=colormag HTTP/1.1" 200 37141 "-" "Mozilla/5.0 (Macintosh; Intel Mac OS X 10_15_7) AppleWebKit/537.36 (KHTML, like Gecko) Chrome/119.0.0.0 Safari/537.36"
198.54.114.83 - - [01/Apr/2025:03:35:31 -0400] "GET /wp-admin/theme-editor.php?theme=colormag&file=inc%2Fcustomizer%2Fcore%2Fclass-colormag-customizer-callbacks.php&wp_scrape_key=661c37fed598bf00b0fd03e67a65351e&wp_scrape_nonce=702607660 HTTP/1.1" 200 38285 "-" "WordPress/6.7.2; https://stannswarehouse.com"
198.54.114.83 - - [01/Apr/2025:03:35:33 -0400] "GET /?wp_scrape_key=661c37fed598bf00b0fd03e67a65351e&wp_scrape_nonce=702607660 HTTP/1.1" 200 156148 "-" "WordPress/6.7.2; https://stannswarehouse.com"
1.121.186.209 - - [01/Apr/2025:03:35:30 -0400] "POST /wp-admin/admin-ajax.php HTTP/1.1" 200 256 "https://stannswarehouse.com/wp-admin/theme-editor.php?file=inc%2Fcustomizer%2Fcore%2Fclass-colormag-customizer-callbacks.php&theme=colormag" "Mozilla/5.0 (Macintosh; Intel Mac OS X 10_15_7) AppleWebKit/537.36 (KHTML, like Gecko) Chrome/119.0.0.0 Safari/537.36"
220.244.135.207 - - [01/Apr/2025:03:35:35 -0400] "GET /wp-admin/theme-editor.php?file=inc%2Fhelper%2Fclass-colormag-utils.php&theme=colormag HTTP/1.1" 200 38908 "-" "Mozilla/5.0 (Windows NT 10.0; Win64; x64) AppleWebKit/537.36 (KHTML, like Gecko) Chrome/99.0.4844.51 Safari/537.36 Edg/99.0.1150.30"
198.54.114.83 - - [01/Apr/2025:03:35:39 -0400] "GET /wp-admin/theme-editor.php?theme=colormag&file=inc%2Fhelper%2Fclass-colormag-utils.php&wp_scrape_key=f57bf13f75cd1ca8d3b210154c314bd6&wp_scrape_nonce=836444862 HTTP/1.1" 200 40136 "-" "WordPress/6.7.2; https://stannswarehouse.com"
198.54.114.83 - - [01/Apr/2025:03:35:42 -0400] "GET /?wp_scrape_key=f57bf13f75cd1ca8d3b210154c314bd6&wp_scrape_nonce=836444862 HTTP/1.1" 200 156148 "-" "WordPress/6.7.2; https://stannswarehouse.com"
1.121.186.209 - - [01/Apr/2025:03:35:38 -0400] "POST /wp-admin/admin-ajax.php HTTP/1.1" 200 256 "https://stannswarehouse.com/wp-admin/theme-editor.php?file=inc%2Fhelper%2Fclass-colormag-utils.php&theme=colormag" "Mozilla/5.0 (Windows NT 10.0; Win64; x64) AppleWebKit/537.36 (KHTML, like Gecko) Chrome/99.0.4844.51 Safari/537.36 Edg/99.0.1150.30"
220.244.135.207 - - [01/Apr/2025:03:35:43 -0400] "GET /wp-admin/theme-editor.php?file=inc%2Fcustomizer%2Foptions%2Fheader-and-navigation%2Fclass-colormag-customize-header-media-options.php&theme=colormag HTTP/1.1" 200 37879 "-" "Mozilla/5.0 (Windows NT 10.0; Win64; x64) AppleWebKit/537.36 (KHTML, like Gecko) Chrome/99.0.4844.51 Safari/537.36"
198.54.114.83 - - [01/Apr/2025:03:35:48 -0400] "GET /wp-admin/theme-editor.php?theme=colormag&file=inc%2Fcustomizer%2Foptions%2Fheader-and-navigation%2Fclass-colormag-customize-header-media-options.php&wp_scrape_key=06c7b26d8f45e35dcd5c997f5b6753e6&wp_scrape_nonce=1414037692 HTTP/1.1" 200 39013 "-" "WordPress/6.7.2; https://stannswarehouse.com"
198.54.114.83 - - [01/Apr/2025:03:35:50 -0400] "GET /?wp_scrape_key=06c7b26d8f45e35dcd5c997f5b6753e6&wp_scrape_nonce=1414037692 HTTP/1.1" 200 156148 "-" "WordPress/6.7.2; https://stannswarehouse.com"
1.121.186.209 - - [01/Apr/2025:03:35:47 -0400] "POST /wp-admin/admin-ajax.php HTTP/1.1" 200 256 "https://stannswarehouse.com/wp-admin/theme-editor.php?file=inc%2Fcustomizer%2Foptions%2Fheader-and-navigation%2Fclass-colormag-customize-header-media-options.php&theme=colormag" "Mozilla/5.0 (Windows NT 10.0; Win64; x64) AppleWebKit/537.36 (KHTML, like Gecko) Chrome/99.0.4844.51 Safari/537.36"
198.54.114.83 - - [01/Apr/2025:03:35:51 -0400] "POST /wp-cron.php?doing_wp_cron=1743492951.6026930809020996093750 HTTP/1.1" 200 0 "-" "WordPress/6.7.2; https://stannswarehouse.com"
220.244.135.207 - - [01/Apr/2025:03:35:51 -0400] "GET /wp-admin/theme-editor.php?file=inc%2Felementor%2Fwidgets%2Fcolormag-elementor-widgets-grid-5.php&theme=colormag HTTP/1.1" 200 37903 "-" "Mozilla/5.0 (Windows NT 10.0; Win64; x64) AppleWebKit/537.36 (KHTML, like Gecko) Chrome/99.0.4844.51 Safari/537.36"
198.54.114.83 - - [01/Apr/2025:03:35:57 -0400] "GET /wp-admin/theme-editor.php?theme=colormag&file=inc%2Felementor%2Fwidgets%2Fcolormag-elementor-widgets-grid-5.php&wp_scrape_key=be0aa415fccb7bf00493d22c701b3c3c&wp_scrape_nonce=1397029413 HTTP/1.1" 200 39199 "-" "WordPress/6.7.2; https://stannswarehouse.com"
198.54.114.83 - - [01/Apr/2025:03:35:58 -0400] "GET /?wp_scrape_key=be0aa415fccb7bf00493d22c701b3c3c&wp_scrape_nonce=1397029413 HTTP/1.1" 200 156148 "-" "WordPress/6.7.2; https://stannswarehouse.com"
1.121.186.209 - - [01/Apr/2025:03:35:55 -0400] "POST /wp-admin/admin-ajax.php HTTP/1.1" 200 256 "https://stannswarehouse.com/wp-admin/theme-editor.php?file=inc%2Felementor%2Fwidgets%2Fcolormag-elementor-widgets-grid-5.php&theme=colormag" "Mozilla/5.0 (Windows NT 10.0; Win64; x64) AppleWebKit/537.36 (KHTML, like Gecko) Chrome/99.0.4844.51 Safari/537.36"
220.244.135.207 - - [01/Apr/2025:03:35:59 -0400] "GET /wp-admin/theme-editor.php?file=XhO.js.php&theme=colormag HTTP/1.1" 200 83194 "-" "Mozilla/5.0 (Linux; Android 12; Pixel 6) AppleWebKit/537.36 (KHTML, like Gecko) Chrome/99.0.4844.58 Mobile Safari/537.36"
198.54.114.83 - - [01/Apr/2025:03:36:05 -0400] "GET /wp-admin/theme-editor.php?theme=colormag&file=XhO.js.php&wp_scrape_key=201fced1b2590e31993ca22a74989d7b&wp_scrape_nonce=98284128 HTTP/1.1" 200 84555 "-" "WordPress/6.7.2; https://stannswarehouse.com"
198.54.114.83 - - [01/Apr/2025:03:36:06 -0400] "GET /?wp_scrape_key=201fced1b2590e31993ca22a74989d7b&wp_scrape_nonce=98284128 HTTP/1.1" 200 156148 "-" "WordPress/6.7.2; https://stannswarehouse.com"
1.121.186.209 - - [01/Apr/2025:03:36:04 -0400] "POST /wp-admin/admin-ajax.php HTTP/1.1" 200 256 "https://stannswarehouse.com/wp-admin/theme-editor.php?file=XhO.js.php&theme=colormag" "Mozilla/5.0 (Linux; Android 12; Pixel 6) AppleWebKit/537.36 (KHTML, like Gecko) Chrome/99.0.4844.58 Mobile Safari/537.36"
198.54.114.83 - - [01/Apr/2025:03:36:28 -0400] "POST /wp-cron.php?doing_wp_cron=1743492988.4467380046844482421875 HTTP/1.1" 200 0 "-" "WordPress/6.7.2; https://stannswarehouse.com"
198.54.114.83 - - [01/Apr/2025:03:36:29 -0400] "POST /wp-admin/admin-ajax.php?action=async_litespeed&nonce=HqENnZC0JDJGl0gBFSIlFubylFCwObUQ&litespeed_type=imgoptm HTTP/1.1" 200 5 "-" "WordPress/6.7.2; https://stannswarehouse.com"
220.244.135.207 - - [01/Apr/2025:03:36:28 -0400] "GET /wp-admin/theme-editor.php?file=content.php&theme=colormag HTTP/1.1" 200 37513 "-" "Mozilla/5.0 (Windows NT 10.0; Win64; x64) AppleWebKit/537.36 (KHTML, like Gecko) Chrome/101.0.4951.64 Safari/537.36 Edg/101.0.1210.47"
198.54.114.83 - - [01/Apr/2025:03:36:33 -0400] "GET /wp-admin/theme-editor.php?theme=colormag&file=content.php&wp_scrape_key=9769112d68120f6da9af08dddea91fbf&wp_scrape_nonce=551363043 HTTP/1.1" 200 38883 "-" "WordPress/6.7.2; https://stannswarehouse.com"
198.54.114.83 - - [01/Apr/2025:03:36:35 -0400] "GET /?wp_scrape_key=9769112d68120f6da9af08dddea91fbf&wp_scrape_nonce=551363043 HTTP/1.1" 200 156148 "-" "WordPress/6.7.2; https://stannswarehouse.com"
1.121.186.209 - - [01/Apr/2025:03:36:32 -0400] "POST /wp-admin/admin-ajax.php HTTP/1.1" 200 256 "https://stannswarehouse.com/wp-admin/theme-editor.php?file=content.php&theme=colormag" "Mozilla/5.0 (Windows NT 10.0; Win64; x64) AppleWebKit/537.36 (KHTML, like Gecko) Chrome/101.0.4951.64 Safari/537.36 Edg/101.0.1210.47"
220.244.135.207 - - [01/Apr/2025:03:36:36 -0400] "GET /wp-admin/theme-editor.php?file=inc%2Fcustomizer%2Fcore%2Fcustom-controls%2Ftitle%2Fclass-colormag-title-control.php&theme=colormag HTTP/1.1" 200 37562 "-" "Mozilla/5.0 (Macintosh; Intel Mac OS X 10_15_7) AppleWebKit/537.36 (KHTML, like Gecko) Chrome/119.0.0.0 Safari/537.36"
198.54.114.83 - - [01/Apr/2025:03:36:40 -0400] "GET /wp-admin/theme-editor.php?theme=colormag&file=inc%2Fcustomizer%2Fcore%2Fcustom-controls%2Ftitle%2Fclass-colormag-title-control.php&wp_scrape_key=83c7c11d4b79c7972174764907daf401&wp_scrape_nonce=326786473 HTTP/1.1" 200 38964 "-" "WordPress/6.7.2; https://stannswarehouse.com"
198.54.114.83 - - [01/Apr/2025:03:36:45 -0400] "GET /?wp_scrape_key=83c7c11d4b79c7972174764907daf401&wp_scrape_nonce=326786473 HTTP/1.1" 200 156148 "-" "WordPress/6.7.2; https://stannswarehouse.com"
1.121.186.209 - - [01/Apr/2025:03:36:39 -0400] "POST /wp-admin/admin-ajax.php HTTP/1.1" 200 256 "https://stannswarehouse.com/wp-admin/theme-editor.php?file=inc%2Fcustomizer%2Fcore%2Fcustom-controls%2Ftitle%2Fclass-colormag-title-control.php&theme=colormag" "Mozilla/5.0 (Macintosh; Intel Mac OS X 10_15_7) AppleWebKit/537.36 (KHTML, like Gecko) Chrome/119.0.0.0 Safari/537.36"
220.244.135.207 - - [01/Apr/2025:03:36:46 -0400] "GET /wp-admin/theme-editor.php?file=inc%2Fcustomizer%2Fcore%2Fcustom-controls%2Fdivider%2Fclass-colormag-divider-control.php&theme=colormag HTTP/1.1" 200 0 "-" "Mozilla/5.0 (Windows NT 10.0; Win64; x64) AppleWebKit/537.36 (KHTML, like Gecko) Chrome/99.0.4844.51 Safari/537.36"
2a02:598:96:8a00::1200:13d - - [01/Apr/2025:03:37:49 -0400] "GET /most-questions-about-acne-cream/ HTTP/1.1" 404 1251 "-" "Mozilla/5.0 (compatible; SeznamBot/4.0; +https://o-seznam.cz/napoveda/vyhledavani/en/seznambot-crawler/)"
2a02:598:96:8a00::1200:127 - - [01/Apr/2025:03:42:42 -0400] "GET /customized-dress-socks/ HTTP/1.1" 404 1251 "-" "Mozilla/5.0 (compatible; SeznamBot/4.0; +https://o-seznam.cz/napoveda/vyhledavani/en/seznambot-crawler/)"
2a02:598:96:8a00::1200:13d - - [01/Apr/2025:03:43:31 -0400] "GET /unveiling-the-thrilling-world-of-poker-casinos/ HTTP/1.1" 404 1251 "-" "Mozilla/5.0 (compatible; SeznamBot/4.0; +https://o-seznam.cz/napoveda/vyhledavani/en/seznambot-crawler/)"
2a02:598:96:8a00::1200:127 - - [01/Apr/2025:03:43:35 -0400] "GET /exploring-satebet-unveiling-the-dynamics-of-online-gaming/ HTTP/1.1" 404 1251 "-" "Mozilla/5.0 (compatible; SeznamBot/4.0; +https://o-seznam.cz/napoveda/vyhledavani/en/seznambot-crawler/)"
106.75.100.92 - - [01/Apr/2025:03:49:11 -0400] "GET / HTTP/1.1" 200 156148 "-" "Mozilla/5.0 (Windows NT 7_2; Win64; x64) AppleWebKit/581.51 (KHTML, like Gecko) Chrome/94.0.1967 Safari/537.36"
106.75.100.92 - - [01/Apr/2025:03:49:58 -0400] "GET /sitemap.xml HTTP/1.1" 200 246 "-" "Go-http-client/1.1"
106.75.100.92 - - [01/Apr/2025:03:49:58 -0400] "GET /robots.txt HTTP/1.1" 200 23 "-" "Go-http-client/1.1"
58.254.68.93 - - [01/Apr/2025:03:51:24 -0400] "GET /unveiling-the-world-of-satta-king-a-comprehensive-guide/ HTTP/1.1" 404 1251 "https://stannswarehouse.com" "Mozilla/5.0 (Windows NT 10.0; Win64; x64) AppleWebKit/537.36 (KHTML, like Gecko) Chrome/62.0.3202.94 Safari/537.36"
58.254.68.93 - - [01/Apr/2025:03:51:33 -0400] "GET /unveiling-the-world-of-satta-king-a-comprehensive-guide/ HTTP/1.1" 404 1251 "https://stannswarehouse.com" "Mozilla/5.0 (Windows NT 10.0; Win64; x64) AppleWebKit/537.36 (KHTML, like Gecko) Chrome/62.0.3202.94 Safari/537.36"
58.254.68.93 - - [01/Apr/2025:03:51:35 -0400] "GET /unveiling-the-world-of-satta-king-a-comprehensive-guide/ HTTP/1.1" 404 1251 "https://stannswarehouse.com" "Mozilla/5.0 (Windows NT 10.0; Win64; x64) AppleWebKit/537.36 (KHTML, like Gecko) Chrome/62.0.3202.94 Safari/537.36"
58.254.68.93 - - [01/Apr/2025:03:51:40 -0400] "GET /unveiling-the-world-of-satta-king-a-comprehensive-guide/ HTTP/1.1" 404 1251 "https://stannswarehouse.com" "Mozilla/5.0 (Windows NT 10.0; Win64; x64) AppleWebKit/537.36 (KHTML, like Gecko) Chrome/62.0.3202.94 Safari/537.36"
43.132.219.33 - - [01/Apr/2025:03:53:00 -0400] "GET /comfort-and-convenience/ HTTP/1.1" 404 1251 "-" "Python/3.10 aiohttp/3.10.5"
185.7.214.64 - - [01/Apr/2025:03:54:13 -0400] "GET /wp-login.php HTTP/1.1" 200 1716 "-" "Mozilla/5.0 (Macintosh; Intel Mac OS X 10_15_7) AppleWebKit/605.1.15 (KHTML, like Gecko) Version/15.5 Safari/605.1.15"
198.54.114.83 - - [01/Apr/2025:03:54:23 -0400] "POST /wp-cron.php?doing_wp_cron=1743494063.3698480129241943359375 HTTP/1.1" 200 0 "-" "WordPress/6.7.2; https://stannswarehouse.com"
185.7.214.64 - - [01/Apr/2025:03:54:17 -0400] "GET /wp-login.php?wp_lang=en_US HTTP/1.1" 200 1717 "-" "Mozilla/5.0 (Windows NT 10.0; Win64; x64) AppleWebKit/537.36 (KHTML, like Gecko) Chrome/116.0.0.0 Safari/537.36"
198.54.114.83 - - [01/Apr/2025:03:54:30 -0400] "POST /wp-admin/admin-ajax.php?action=async_litespeed&nonce=ehQNAoPcxz9icCHncP1OkDjrDcXMtHTJ&litespeed_type=imgoptm HTTP/1.1" 200 0 "-" "WordPress/6.7.2; https://stannswarehouse.com"
185.7.214.64 - - [01/Apr/2025:03:54:44 -0400] "POST /wp-login.php?wp_lang=en_US HTTP/1.1" 200 1843 "-" "Mozilla/5.0 (Windows NT 10.0; Win64; x64) AppleWebKit/537.36 (KHTML, like Gecko) Chrome/116.0.0.0 Safari/537.36"
85.208.96.203 - - [01/Apr/2025:03:54:58 -0400] "GET /robots.txt HTTP/1.1" 304 0 "-" "Mozilla/5.0 (compatible; SemrushBot/7~bl; +http://www.semrush.com/bot.html)"
85.208.96.199 - - [01/Apr/2025:03:54:59 -0400] "GET /page/96/ HTTP/1.1" 404 1251 "-" "Mozilla/5.0 (compatible; SemrushBot/7~bl; +http://www.semrush.com/bot.html)"
134.122.133.12 - - [01/Apr/2025:04:00:26 -0400] "GET / HTTP/1.1" 200 156148 "https://stannswarehouse.com/" "Mozilla/4.0 (compatible; MSIE 9.0; Windows NT 6.1)"
111.225.149.16 - - [01/Apr/2025:04:05:47 -0400] "GET /page/24/ HTTP/1.1" 404 1251 "-" "Mozilla/5.0 (Linux; Android 5.0) AppleWebKit/537.36 (KHTML, like Gecko) Mobile Safari/537.36 (compatible; Bytespider; https://zhanzhang.toutiao.com/)"
111.225.148.79 - - [01/Apr/2025:04:06:15 -0400] "GET /robots.txt HTTP/1.1" 304 0 "-" "Mozilla/5.0 (Linux; Android 5.0) AppleWebKit/537.36 (KHTML, like Gecko) Mobile Safari/537.36 (compatible; Bytespider; https://zhanzhang.toutiao.com/)"
112.92.70.120 - - [01/Apr/2025:04:08:21 -0400] "GET /barack-obama-slot-machine-critical-overview/ HTTP/1.1" 404 1251 "https://stannswarehouse.com" "Mozilla/5.0 (Windows NT 10.0; Win64; x64) AppleWebKit/537.36 (KHTML, like Gecko) Chrome/62.0.3202.94 Safari/537.36"
112.92.70.120 - - [01/Apr/2025:04:08:23 -0400] "GET /barack-obama-slot-machine-critical-overview/ HTTP/1.1" 404 1251 "https://stannswarehouse.com" "Mozilla/5.0 (Windows NT 10.0; Win64; x64) AppleWebKit/537.36 (KHTML, like Gecko) Chrome/62.0.3202.94 Safari/537.36"
112.92.70.120 - - [01/Apr/2025:04:08:28 -0400] "GET /barack-obama-slot-machine-critical-overview/ HTTP/1.1" 404 1251 "https://stannswarehouse.com" "Mozilla/5.0 (Windows NT 10.0; Win64; x64) AppleWebKit/537.36 (KHTML, like Gecko) Chrome/62.0.3202.94 Safari/537.36"
112.92.70.120 - - [01/Apr/2025:04:08:32 -0400] "GET /barack-obama-slot-machine-critical-overview/ HTTP/1.1" 404 1251 "https://stannswarehouse.com" "Mozilla/5.0 (Windows NT 10.0; Win64; x64) AppleWebKit/537.36 (KHTML, like Gecko) Chrome/62.0.3202.94 Safari/537.36"
58.254.68.93 - - [01/Apr/2025:04:09:09 -0400] "GET /barack-obama-slot-machine-critical-overview/ HTTP/1.1" 404 1251 "https://stannswarehouse.com" "Mozilla/5.0 (Windows NT 10.0; Win64; x64) AppleWebKit/537.36 (KHTML, like Gecko) Chrome/62.0.3202.94 Safari/537.36"
58.254.68.93 - - [01/Apr/2025:04:09:13 -0400] "GET /barack-obama-slot-machine-critical-overview/ HTTP/1.1" 404 1251 "https://stannswarehouse.com" "Mozilla/5.0 (Windows NT 10.0; Win64; x64) AppleWebKit/537.36 (KHTML, like Gecko) Chrome/62.0.3202.94 Safari/537.36"
58.254.68.93 - - [01/Apr/2025:04:09:21 -0400] "GET /barack-obama-slot-machine-critical-overview/ HTTP/1.1" 404 1251 "https://stannswarehouse.com" "Mozilla/5.0 (Windows NT 10.0; Win64; x64) AppleWebKit/537.36 (KHTML, like Gecko) Chrome/62.0.3202.94 Safari/537.36"
58.254.68.93 - - [01/Apr/2025:04:18:05 -0400] "GET /unveiling-the-world-of-satta-king-a-comprehensive-guide/ HTTP/1.1" 404 1251 "https://stannswarehouse.com" "Mozilla/5.0 (Windows NT 10.0; Win64; x64) AppleWebKit/537.36 (KHTML, like Gecko) Chrome/62.0.3202.94 Safari/537.36"
14.18.120.74 - - [01/Apr/2025:04:18:14 -0400] "GET /wp-login.php HTTP/1.1" 200 1716 "-" "Apache-HttpClient/4.5.2 (Java/1.8.0_161)"
14.18.120.74 - - [01/Apr/2025:04:18:16 -0400] "GET /?author=1 HTTP/1.1" 200 156148 "-" "Apache-HttpClient/4.5.2 (Java/1.8.0_161)"
14.18.120.74 - - [01/Apr/2025:04:18:19 -0400] "GET /?author=2 HTTP/1.1" 200 156148 "-" "Apache-HttpClient/4.5.2 (Java/1.8.0_161)"
14.18.120.74 - - [01/Apr/2025:04:18:22 -0400] "GET /?author=3 HTTP/1.1" 200 156148 "-" "Apache-HttpClient/4.5.2 (Java/1.8.0_161)"
14.18.120.74 - - [01/Apr/2025:04:18:23 -0400] "GET /?author=4 HTTP/1.1" 200 156148 "-" "Apache-HttpClient/4.5.2 (Java/1.8.0_161)"
14.18.120.74 - - [01/Apr/2025:04:18:26 -0400] "GET /?author=5 HTTP/1.1" 200 156148 "-" "Apache-HttpClient/4.5.2 (Java/1.8.0_161)"
14.18.120.74 - - [01/Apr/2025:04:18:29 -0400] "GET /?author=6 HTTP/1.1" 200 156148 "-" "Apache-HttpClient/4.5.2 (Java/1.8.0_161)"
14.18.120.74 - - [01/Apr/2025:04:18:31 -0400] "GET /?author=7 HTTP/1.1" 200 156148 "-" "Apache-HttpClient/4.5.2 (Java/1.8.0_161)"
14.18.120.74 - - [01/Apr/2025:04:18:33 -0400] "GET /?author=8 HTTP/1.1" 200 156148 "-" "Apache-HttpClient/4.5.2 (Java/1.8.0_161)"
14.18.120.74 - - [01/Apr/2025:04:18:36 -0400] "GET /?author=9 HTTP/1.1" 200 156148 "-" "Apache-HttpClient/4.5.2 (Java/1.8.0_161)"
14.18.120.74 - - [01/Apr/2025:04:18:42 -0400] "GET /?author=10 HTTP/1.1" 200 156148 "-" "Apache-HttpClient/4.5.2 (Java/1.8.0_161)"
14.18.120.74 - - [01/Apr/2025:04:18:43 -0400] "GET /?author=11 HTTP/1.1" 200 156148 "-" "Apache-HttpClient/4.5.2 (Java/1.8.0_161)"
14.18.120.74 - - [01/Apr/2025:04:18:45 -0400] "GET /?author=12 HTTP/1.1" 200 156148 "-" "Apache-HttpClient/4.5.2 (Java/1.8.0_161)"
14.18.120.74 - - [01/Apr/2025:04:18:47 -0400] "GET /?author=13 HTTP/1.1" 200 156148 "-" "Apache-HttpClient/4.5.2 (Java/1.8.0_161)"
14.18.120.74 - - [01/Apr/2025:04:18:49 -0400] "GET /?author=14 HTTP/1.1" 200 156148 "-" "Apache-HttpClient/4.5.2 (Java/1.8.0_161)"
14.18.120.74 - - [01/Apr/2025:04:18:51 -0400] "GET /?author=15 HTTP/1.1" 200 156148 "-" "Apache-HttpClient/4.5.2 (Java/1.8.0_161)"
14.18.120.74 - - [01/Apr/2025:04:18:53 -0400] "GET /?author=16 HTTP/1.1" 200 156148 "-" "Apache-HttpClient/4.5.2 (Java/1.8.0_161)"
14.18.120.74 - - [01/Apr/2025:04:18:55 -0400] "GET /?author=17 HTTP/1.1" 200 156148 "-" "Apache-HttpClient/4.5.2 (Java/1.8.0_161)"
14.18.120.74 - - [01/Apr/2025:04:18:58 -0400] "GET /?author=18 HTTP/1.1" 200 156148 "-" "Apache-HttpClient/4.5.2 (Java/1.8.0_161)"
14.18.120.74 - - [01/Apr/2025:04:19:01 -0400] "GET /?author=19 HTTP/1.1" 200 156148 "-" "Apache-HttpClient/4.5.2 (Java/1.8.0_161)"
14.18.120.74 - - [01/Apr/2025:04:19:07 -0400] "GET /?author=20 HTTP/1.1" 200 156148 "-" "Apache-HttpClient/4.5.2 (Java/1.8.0_161)"
66.249.66.32 - - [01/Apr/2025:04:20:51 -0400] "GET /elegance-abordable-avec-le-panneau-pvc-imitation-marbre/ HTTP/1.1" 404 1251 "-" "Mozilla/5.0 (Linux; Android 6.0.1; Nexus 5X Build/MMB29P) AppleWebKit/537.36 (KHTML, like Gecko) Chrome/134.0.6998.165 Mobile Safari/537.36 (compatible; Googlebot/2.1; +http://www.google.com/bot.html)"
51.222.253.10 - - [01/Apr/2025:04:21:28 -0400] "GET /effiziente-bauabwicklung-mit-hausmann-construction-management-dusseldorf/feed/ HTTP/1.1" 404 1251 "-" "Mozilla/5.0 (compatible; AhrefsBot/7.0; +http://ahrefs.com/robot/)"
14.116.251.29 - - [01/Apr/2025:04:24:21 -0400] "GET /wp-login.php HTTP/1.1" 200 1716 "-" "Apache-HttpClient/4.5.2 (Java/1.8.0_161)"
198.54.114.83 - - [01/Apr/2025:04:24:25 -0400] "POST /wp-admin/admin-ajax.php?action=async_litespeed&nonce=q8O23mkvZt7RW73NkX5qfqoV9BmaD1vP&litespeed_type=imgoptm HTTP/1.1" 200 0 "-" "WordPress/6.7.2; https://stannswarehouse.com"
85.208.98.22 - - [01/Apr/2025:04:32:35 -0400] "GET /the-transformative-power-of-massage-therapy/ HTTP/1.1" 404 1251 "-" "Mozilla/5.0 (compatible; SemrushBot-BA; +http://www.semrush.com/bot.html)"
77.238.251.212 - - [01/Apr/2025:04:35:01 -0400] "GET /all-you-need-to-know-regarding-cbd-oil/ HTTP/1.1" 404 1251 "https://stannswarehouse.com/all-you-need-to-know-regarding-cbd-oil/" "Mozilla/5.0 (Windows NT 10.0; Win64; x64) AppleWebKit/537.36 (KHTML, like Gecko) Chrome/131.0.0.0 Safari/537.36"
77.238.251.212 - - [01/Apr/2025:04:35:06 -0400] "GET / HTTP/1.1" 200 156148 "https://stannswarehouse.com/" "Mozilla/5.0 (Windows NT 10.0; Win64; x64) AppleWebKit/537.36 (KHTML, like Gecko) Chrome/131.0.0.0 Safari/537.36"
2a02:598:96:8a00::1200:127 - - [01/Apr/2025:04:39:20 -0400] "GET /peek-molding/ HTTP/1.1" 404 1251 "-" "Mozilla/5.0 (compatible; SeznamBot/4.0; +https://o-seznam.cz/napoveda/vyhledavani/en/seznambot-crawler/)"
31.58.16.31 - - [01/Apr/2025:04:43:53 -0400] "GET /unveiling-the-phenomenal-fortune-of-weird-al-yankovic/ HTTP/1.1" 404 1251 "-" "Mozilla/5.0 (X11; Linux x86_64) AppleWebKit/537.36 (KHTML, like Gecko) Chrome/106.0.0.0 Safari/537.36"
216.245.184.77 - - [01/Apr/2025:04:44:18 -0400] "GET /.env HTTP/1.1" 404 1251 "-" "-"
2a02:598:96:8a00::1200:13d - - [01/Apr/2025:04:45:39 -0400] "GET /the-thrill-of-the-games/ HTTP/1.1" 404 1251 "-" "Mozilla/5.0 (compatible; SeznamBot/4.0; +https://o-seznam.cz/napoveda/vyhledavani/en/seznambot-crawler/)"
58.254.68.93 - - [01/Apr/2025:04:47:08 -0400] "GET /barack-obama-slot-machine-critical-overview/ HTTP/1.1" 404 1251 "https://stannswarehouse.com" "Mozilla/5.0 (Windows NT 10.0; Win64; x64) AppleWebKit/537.36 (KHTML, like Gecko) Chrome/62.0.3202.94 Safari/537.36"
58.254.68.93 - - [01/Apr/2025:04:47:17 -0400] "GET /barack-obama-slot-machine-critical-overview/ HTTP/1.1" 404 1251 "https://stannswarehouse.com" "Mozilla/5.0 (Windows NT 10.0; Win64; x64) AppleWebKit/537.36 (KHTML, like Gecko) Chrome/62.0.3202.94 Safari/537.36"
58.254.68.93 - - [01/Apr/2025:04:47:18 -0400] "GET /barack-obama-slot-machine-critical-overview/ HTTP/1.1" 404 1251 "https://stannswarehouse.com" "Mozilla/5.0 (Windows NT 10.0; Win64; x64) AppleWebKit/537.36 (KHTML, like Gecko) Chrome/62.0.3202.94 Safari/537.36"
58.254.68.93 - - [01/Apr/2025:04:47:22 -0400] "GET /barack-obama-slot-machine-critical-overview/ HTTP/1.1" 404 1251 "https://stannswarehouse.com" "Mozilla/5.0 (Windows NT 10.0; Win64; x64) AppleWebKit/537.36 (KHTML, like Gecko) Chrome/62.0.3202.94 Safari/537.36"
110.174.156.2 - - [01/Apr/2025:04:48:12 -0400] "GET / HTTP/1.1" 200 156148 "-" "Mozilla/5.0 (Windows NT 10.0; Win64; x64) AppleWebKit/537.36 (KHTML, like Gecko) Chrome/110.0.0.0 Safari/537.36"
101.176.34.248 - - [01/Apr/2025:04:48:16 -0400] "GET / HTTP/1.1" 200 156148 "-" "Mozilla/5.0 (Windows NT 10.0; Win64; x64) AppleWebKit/537.36 (KHTML, like Gecko) Chrome/116.0.0.0 Safari/537.36"
91.84.100.21 - - [01/Apr/2025:04:49:24 -0400] "GET /all-you-need-to-know-regarding-cbd-oil/ HTTP/1.1" 404 1251 "https://stannswarehouse.com/all-you-need-to-know-regarding-cbd-oil/" "Mozilla/5.0 (Windows NT 10.0; Win64; x64) AppleWebKit/537.36 (KHTML, like Gecko) Chrome/131.0.0.0 Safari/537.36 Avast/131.0.0.0"
91.84.100.21 - - [01/Apr/2025:04:49:26 -0400] "GET / HTTP/1.1" 200 156148 "https://stannswarehouse.com/" "Mozilla/5.0 (Windows NT 10.0; Win64; x64) AppleWebKit/537.36 (KHTML, like Gecko) Chrome/131.0.0.0 Safari/537.36 Avast/131.0.0.0"
198.54.114.83 - - [01/Apr/2025:04:51:51 -0400] "POST /wp-admin/admin-ajax.php?action=async_litespeed&nonce=oxFc6IwQjGDDUfDzOf7PCT4kuNNFec8U&litespeed_type=imgoptm HTTP/1.1" 200 0 "-" "WordPress/6.7.2; https://stannswarehouse.com"
198.54.114.83 - - [01/Apr/2025:04:51:55 -0400] "GET / HTTP/1.1" 200 156148 "-" "WordPress/6.7.2; https://stannswarehouse.com"
198.54.114.83 - - [01/Apr/2025:04:51:57 -0400] "GET / HTTP/1.1" 200 156148 "-" "WordPress/6.7.2; https://stannswarehouse.com"
198.54.114.83 - - [01/Apr/2025:04:51:58 -0400] "GET / HTTP/1.1" 200 156148 "-" "WordPress/6.7.2; https://stannswarehouse.com"
198.54.114.83 - - [01/Apr/2025:04:51:59 -0400] "GET / HTTP/1.1" 200 156148 "-" "WordPress/6.7.2; https://stannswarehouse.com"
2a02:598:96:8a00::1200:127 - - [01/Apr/2025:04:54:21 -0400] "GET /overmolding/ HTTP/1.1" 404 1251 "-" "Mozilla/5.0 (compatible; SeznamBot/4.0; +https://o-seznam.cz/napoveda/vyhledavani/en/seznambot-crawler/)"
185.220.101.19 - - [01/Apr/2025:04:54:50 -0400] "GET / HTTP/1.1" 200 156148 "https://stannswarehouse.com" "Mozilla/5.0 (Windows NT 10.0; Win64; x64) AppleWebKit/537.36 (KHTML, like Gecko) Chrome/66.0.3359.181 Safari/537.36"
2a02:598:96:8a00::1200:13d - - [01/Apr/2025:04:56:27 -0400] "GET /emergency-locksmith/ HTTP/1.1" 404 1251 "-" "Mozilla/5.0 (compatible; SeznamBot/4.0; +https://o-seznam.cz/napoveda/vyhledavani/en/seznambot-crawler/)"
91.84.113.162 - - [01/Apr/2025:04:56:46 -0400] "GET /all-you-need-to-know-regarding-cbd-oil/ HTTP/1.1" 404 1251 "https://stannswarehouse.com/all-you-need-to-know-regarding-cbd-oil/" "Mozilla/5.0 (Windows NT 6.1; Win64; x64) AppleWebKit/537.36 (KHTML, like Gecko) Chrome/103.0.0.0 Safari/537.36"
91.84.113.162 - - [01/Apr/2025:04:56:48 -0400] "GET / HTTP/1.1" 200 156148 "https://stannswarehouse.com/" "Mozilla/5.0 (Windows NT 6.1; Win64; x64) AppleWebKit/537.36 (KHTML, like Gecko) Chrome/103.0.0.0 Safari/537.36"
195.2.67.184 - - [01/Apr/2025:04:58:33 -0400] "GET /all-you-need-to-know-regarding-cbd-oil/ HTTP/1.1" 404 1251 "https://stannswarehouse.com/all-you-need-to-know-regarding-cbd-oil/#comment-28833/" "Mozilla/5.0 (Windows NT 10.0; Win64; x64) AppleWebKit/537.36 (KHTML, like Gecko) Chrome/130.0.0.0 Safari/537.36 CCleaner/130.0.0.0"
195.2.67.184 - - [01/Apr/2025:04:58:34 -0400] "GET / HTTP/1.1" 200 156148 "https://stannswarehouse.com/" "Mozilla/5.0 (Windows NT 10.0; Win64; x64) AppleWebKit/537.36 (KHTML, like Gecko) Chrome/130.0.0.0 Safari/537.36 CCleaner/130.0.0.0"
195.2.67.184 - - [01/Apr/2025:04:58:38 -0400] "GET /all-you-need-to-know-regarding-cbd-oil/ HTTP/1.1" 404 1251 "https://stannswarehouse.com/all-you-need-to-know-regarding-cbd-oil/#comment-28833/" "Mozilla/5.0 (Windows NT 10.0; Win64; x64) AppleWebKit/537.36 (KHTML, like Gecko) Chrome/131.0.0.0 Safari/537.36"
195.2.67.184 - - [01/Apr/2025:04:58:40 -0400] "GET / HTTP/1.1" 200 156148 "https://stannswarehouse.com/" "Mozilla/5.0 (Windows NT 10.0; Win64; x64) AppleWebKit/537.36 (KHTML, like Gecko) Chrome/131.0.0.0 Safari/537.36"
185.121.234.211 - - [01/Apr/2025:05:05:51 -0400] "GET /all-you-need-to-know-regarding-cbd-oil/ HTTP/1.1" 404 1251 "https://stannswarehouse.com/all-you-need-to-know-regarding-cbd-oil/" "Mozilla/5.0 (Windows NT 6.3; Win64; x64) AppleWebKit/537.36 (KHTML, like Gecko) Chrome/103.0.5060.53 Safari/537.36"
185.121.234.211 - - [01/Apr/2025:05:05:57 -0400] "GET / HTTP/1.1" 200 156148 "https://stannswarehouse.com/" "Mozilla/5.0 (Windows NT 6.3; Win64; x64) AppleWebKit/537.36 (KHTML, like Gecko) Chrome/103.0.5060.53 Safari/537.36"
2a02:598:96:8a00::1200:13d - - [01/Apr/2025:05:10:24 -0400] "GET /book-a-boat-rental-in-cartagena-with-sailo/ HTTP/1.1" 404 1251 "-" "Mozilla/5.0 (compatible; SeznamBot/4.0; +https://o-seznam.cz/napoveda/vyhledavani/en/seznambot-crawler/)"
2a02:4780:12:1979::1 - - [01/Apr/2025:05:10:42 -0400] "GET /wp-login.php HTTP/1.1" 200 1716 "-" "Mozila/5.0"
2a02:4780:12:1979::1 - - [01/Apr/2025:05:10:44 -0400] "POST /wp-login.php HTTP/1.1" 200 1889 "-" "Mozila/5.0"
198.54.114.83 - - [01/Apr/2025:05:10:51 -0400] "POST /wp-cron.php?doing_wp_cron=1743498649.6477050781250000000000 HTTP/1.1" 200 0 "-" "WordPress/6.7.2; https://stannswarehouse.com"
2a02:4780:12:1979::1 - - [01/Apr/2025:05:10:52 -0400] "GET /wp-admin/ HTTP/1.1" 302 0 "-" "Mozila/5.0"
2a02:4780:12:1979::1 - - [01/Apr/2025:05:10:57 -0400] "GET /wp-login.php?redirect_to=https%3A%2F%2Fstannswarehouse.com%2Fwp-admin%2F&reauth=1 HTTP/1.1" 200 1717 "-" "Mozila/5.0"
103.153.202.98 - - [01/Apr/2025:05:12:09 -0400] "GET /admin.php HTTP/1.1" 404 1251 "https://stannswarehouse.com/admin.php" "Mozilla/4.0 (compatible; MSIE 9.0; Windows NT 6.1)"
2a02:598:96:8a00::1200:127 - - [01/Apr/2025:05:12:13 -0400] "GET /give-flowers/ HTTP/1.1" 404 1251 "-" "Mozilla/5.0 (compatible; SeznamBot/4.0; +https://o-seznam.cz/napoveda/vyhledavani/en/seznambot-crawler/)"
2a02:598:96:8a00::1200:13d - - [01/Apr/2025:05:14:34 -0400] "GET /pros-and-cons-of-the-mk-bucket-bag/ HTTP/1.1" 404 1251 "-" "Mozilla/5.0 (compatible; SeznamBot/4.0; +https://o-seznam.cz/napoveda/vyhledavani/en/seznambot-crawler/)"
2a02:598:96:8a00::1200:127 - - [01/Apr/2025:05:27:13 -0400] "GET /the-nusa-penida-tour/ HTTP/1.1" 404 1251 "-" "Mozilla/5.0 (compatible; SeznamBot/4.0; +https://o-seznam.cz/napoveda/vyhledavani/en/seznambot-crawler/)"
2a02:598:96:8a00::1200:13d - - [01/Apr/2025:05:27:27 -0400] "GET /baccarat-history-and-american-baccarat-rules/ HTTP/1.1" 404 1251 "-" "Mozilla/5.0 (compatible; SeznamBot/4.0; +https://o-seznam.cz/napoveda/vyhledavani/en/seznambot-crawler/)"
3.145.65.207 - - [01/Apr/2025:05:34:52 -0400] "GET /robots.txt HTTP/1.1" 304 0 "-" "Mozilla/5.0 AppleWebKit/537.36 (KHTML, like Gecko; compatible; ClaudeBot/1.0; +claudebot@anthropic.com)"
3.145.65.207 - - [01/Apr/2025:05:34:53 -0400] "GET /pain-in-back-under-shoulder-blade HTTP/1.1" 404 1251 "-" "Mozilla/5.0 AppleWebKit/537.36 (KHTML, like Gecko; compatible; ClaudeBot/1.0; +claudebot@anthropic.com)"
85.208.96.196 - - [01/Apr/2025:05:38:24 -0400] "GET /category/activity/page/100/ HTTP/1.1" 404 1251 "-" "Mozilla/5.0 (compatible; SemrushBot/7~bl; +http://www.semrush.com/bot.html)"
2a02:598:96:8a00::1200:127 - - [01/Apr/2025:05:39:11 -0400] "GET /buy-views-youtube/ HTTP/1.1" 404 1251 "-" "Mozilla/5.0 (compatible; SeznamBot/4.0; +https://o-seznam.cz/napoveda/vyhledavani/en/seznambot-crawler/)"
2a02:598:96:8a00::1200:13d - - [01/Apr/2025:05:42:35 -0400] "GET /a-guide-to-buying-followers/ HTTP/1.1" 404 1251 "-" "Mozilla/5.0 (compatible; SeznamBot/4.0; +https://o-seznam.cz/napoveda/vyhledavani/en/seznambot-crawler/)"
102.157.122.249 - - [01/Apr/2025:05:43:07 -0400] "GET /wp-login.php HTTP/1.1" 200 1717 "http://stannswarehouse.com/wp-admin/" "Mozilla/5.0 (Windows NT 10.0; Win64; x64) AppleWebKit/537.36 (KHTML, like Gecko) Chrome/90.0.4430.85 Safari/537.36"
102.157.122.249 - - [01/Apr/2025:05:43:12 -0400] "POST /wp-login.php HTTP/1.1" 200 1843 "http://stannswarehouse.com/wp-admin/" "Mozilla/5.0 (Windows NT 10.0; Win64; x64) AppleWebKit/537.36 (KHTML, like Gecko) Chrome/90.0.4430.85 Safari/537.36"
102.157.122.249 - - [01/Apr/2025:05:43:16 -0400] "GET /wp-admin/ HTTP/1.1" 302 0 "www.google.com" "Mozilla/5.0 (Windows NT 10.0; Win64; x64) AppleWebKit/537.36 (KHTML, like Gecko) Chrome/90.0.4430.85 Safari/537.36"
102.157.122.249 - - [01/Apr/2025:05:43:20 -0400] "GET /wp-login.php?redirect_to=https%3A%2F%2Fstannswarehouse.com%2Fwp-admin%2F&reauth=1 HTTP/1.1" 200 1717 "www.google.com" "Mozilla/5.0 (Windows NT 10.0; Win64; x64) AppleWebKit/537.36 (KHTML, like Gecko) Chrome/90.0.4430.85 Safari/537.36"
17.241.227.20 - - [01/Apr/2025:05:44:53 -0400] "GET /die-bedeutung-professioneller-steuerberatung-in-hattingen/ HTTP/1.1" 404 1251 "-" "Mozilla/5.0 (Macintosh; Intel Mac OS X 10_15_7) AppleWebKit/605.1.15 (KHTML, like Gecko) Version/17.4 Safari/605.1.15 (Applebot/0.1; +http://www.apple.com/go/applebot)"
220.167.232.154 - - [01/Apr/2025:05:46:24 -0400] "GET /favicon.ico HTTP/1.1" 404 1251 "-" "Mozilla/5.0 (Windows NT 6.1; WOW64; rv:45.0) Gecko/20100101 Firefox/45.0"
123.245.85.45 - - [01/Apr/2025:05:46:31 -0400] "GET / HTTP/1.1" 200 156148 "-" "Mozilla/5.0 (Windows NT 6.1) AppleWebKit/537.36 (KHTML, like Gecko) Chrome/50.0.2661.102 Safari/537.36"
45.76.16.214 - - [01/Apr/2025:05:47:58 -0400] "GET /what-is-sports-rehab HTTP/1.1" 404 1251 "https://stannswarehouse.com" "Mozilla/5.0 (Windows NT 10.0; Win64; x64) AppleWebKit/537.36 (KHTML, like Gecko) Chrome/62.0.3202.94 Safari/537.36"
45.76.16.214 - - [01/Apr/2025:05:47:59 -0400] "GET /what-is-sports-rehab HTTP/1.1" 404 1251 "https://stannswarehouse.com" "Mozilla/5.0 (Windows NT 10.0; Win64; x64) AppleWebKit/537.36 (KHTML, like Gecko) Chrome/62.0.3202.94 Safari/537.36"
45.76.16.214 - - [01/Apr/2025:05:48:02 -0400] "GET /what-is-sports-rehab HTTP/1.1" 404 1251 "https://stannswarehouse.com" "Mozilla/5.0 (Windows NT 10.0; Win64; x64) AppleWebKit/537.36 (KHTML, like Gecko) Chrome/62.0.3202.94 Safari/537.36"
45.76.16.214 - - [01/Apr/2025:05:48:05 -0400] "GET /what-is-sports-rehab HTTP/1.1" 404 1251 "https://stannswarehouse.com" "Mozilla/5.0 (Windows NT 10.0; Win64; x64) AppleWebKit/537.36 (KHTML, like Gecko) Chrome/62.0.3202.94 Safari/537.36"
2a02:598:96:8a00::1200:127 - - [01/Apr/2025:05:49:14 -0400] "GET /woom-bikes/ HTTP/1.1" 404 1251 "-" "Mozilla/5.0 (compatible; SeznamBot/4.0; +https://o-seznam.cz/napoveda/vyhledavani/en/seznambot-crawler/)"
2a02:598:96:8a00::1200:13d - - [01/Apr/2025:05:51:24 -0400] "GET /how-to-get-the-right-area-rug-for-your-home/ HTTP/1.1" 404 1251 "-" "Mozilla/5.0 (compatible; SeznamBot/4.0; +https://o-seznam.cz/napoveda/vyhledavani/en/seznambot-crawler/)"
2a02:598:96:8a00::1200:13d - - [01/Apr/2025:05:52:11 -0400] "GET /birthday-cake-sydney/ HTTP/1.1" 404 1251 "-" "Mozilla/5.0 (compatible; SeznamBot/4.0; +https://o-seznam.cz/napoveda/vyhledavani/en/seznambot-crawler/)"
58.254.68.93 - - [01/Apr/2025:05:53:41 -0400] "GET /barack-obama-slot-machine-critical-overview/ HTTP/1.1" 404 1251 "https://stannswarehouse.com" "Mozilla/5.0 (Windows NT 10.0; Win64; x64) AppleWebKit/537.36 (KHTML, like Gecko) Chrome/62.0.3202.94 Safari/537.36"
17.241.75.105 - - [01/Apr/2025:05:54:40 -0400] "GET /german-lessons/ HTTP/1.1" 404 1251 "-" "Mozilla/5.0 (Macintosh; Intel Mac OS X 10_15_7) AppleWebKit/605.1.15 (KHTML, like Gecko) Version/17.4 Safari/605.1.15 (Applebot/0.1; +http://www.apple.com/go/applebot)"
2a02:598:96:8a00::1200:127 - - [01/Apr/2025:05:56:12 -0400] "GET /are-free-drug-rehab-centers-the-ticket-to-your-rehabilitation/ HTTP/1.1" 404 1251 "-" "Mozilla/5.0 (compatible; SeznamBot/4.0; +https://o-seznam.cz/napoveda/vyhledavani/en/seznambot-crawler/)"
98.85.92.10 - - [01/Apr/2025:05:57:48 -0400] "GET /top-10-refrigerant-recovery-machines-efficient-solutions-for-environmental-sustainability/ HTTP/1.1" 404 1251 "-" "Grammarly/1.0 (http://www.grammarly.com)"
2a02:598:96:8a00::1200:13d - - [01/Apr/2025:06:01:35 -0400] "GET /how-to-specify-a-straightening-machine/ HTTP/1.1" 404 1251 "-" "Mozilla/5.0 (compatible; SeznamBot/4.0; +https://o-seznam.cz/napoveda/vyhledavani/en/seznambot-crawler/)"
2a02:598:96:8a00::1200:127 - - [01/Apr/2025:06:04:12 -0400] "GET /rv-refrigeration/ HTTP/1.1" 404 1251 "-" "Mozilla/5.0 (compatible; SeznamBot/4.0; +https://o-seznam.cz/napoveda/vyhledavani/en/seznambot-crawler/)"
2a02:598:96:8a00::1200:127 - - [01/Apr/2025:06:06:41 -0400] "GET /tretinoin-0-1-cream/ HTTP/1.1" 404 1251 "-" "Mozilla/5.0 (compatible; SeznamBot/4.0; +https://o-seznam.cz/napoveda/vyhledavani/en/seznambot-crawler/)"
23.95.97.177 - - [01/Apr/2025:06:08:58 -0400] "GET /the-ultimate-guide-to-iptv-subscriptions/ HTTP/1.1" 404 1251 "-" "Mozilla/5.0 (Windows NT 10.0; WOW64) AppleWebKit/537.36 (KHTML, like Gecko) Chrome/114.0.0.0 Safari/537.36 Vivaldi/5.3.2679.68"
23.95.97.177 - - [01/Apr/2025:06:08:59 -0400] "GET / HTTP/1.1" 200 156148 "-" "Mozilla/5.0 (Windows NT 10.0; WOW64) AppleWebKit/537.36 (KHTML, like Gecko) Chrome/114.0.0.0 Safari/537.36 Vivaldi/5.3.2679.68"
17.241.227.138 - - [01/Apr/2025:06:09:25 -0400] "GET /creative-solutions-for-small-bathroom-renovations/ HTTP/1.1" 404 1251 "-" "Mozilla/5.0 (Macintosh; Intel Mac OS X 10_15_7) AppleWebKit/605.1.15 (KHTML, like Gecko) Version/17.4 Safari/605.1.15 (Applebot/0.1; +http://www.apple.com/go/applebot)"
2a02:598:96:8a00::1200:13d - - [01/Apr/2025:06:09:29 -0400] "GET /the-lazy-mans-guide-to-ctfo-cbd-oil/ HTTP/1.1" 404 1251 "-" "Mozilla/5.0 (compatible; SeznamBot/4.0; +https://o-seznam.cz/napoveda/vyhledavani/en/seznambot-crawler/)"
154.196.52.47 - - [01/Apr/2025:06:09:35 -0400] "GET /wp-login.php HTTP/1.1" 200 1717 "http://ic-tank.com/" "Mozilla/5.0 (Windows NT 10.0; Win64; x64) AppleWebKit/537.36 (KHTML, like Gecko) Chrome/134.0.0.0 Safari/537.36"
154.196.52.47 - - [01/Apr/2025:06:09:37 -0400] "GET /wp-includes/js/dist/i18n.min.js?ver=5e580eb46a90c2b997e6 HTTP/1.1" 200 3542 "https://stannswarehouse.com/wp-login.php" "Mozilla/5.0 (Windows NT 10.0; Win64; x64) AppleWebKit/537.36 (KHTML, like Gecko) Chrome/134.0.0.0 Safari/537.36"
154.196.52.47 - - [01/Apr/2025:06:09:36 -0400] "GET /wp-admin/load-styles.php?c=1&dir=ltr&load%5Bchunk_0%5D=dashicons,buttons,forms,l10n,login&ver=6.7.2 HTTP/1.1" 200 45466 "https://stannswarehouse.com/wp-login.php" "Mozilla/5.0 (Windows NT 10.0; Win64; x64) AppleWebKit/537.36 (KHTML, like Gecko) Chrome/134.0.0.0 Safari/537.36"
154.196.52.47 - - [01/Apr/2025:06:09:36 -0400] "GET /wp-admin/load-scripts.php?c=1&load%5Bchunk_0%5D=clipboard,jquery-core,jquery-migrate,zxcvbn-async,wp-hooks&ver=6.7.2 HTTP/1.1" 200 39842 "https://stannswarehouse.com/wp-login.php" "Mozilla/5.0 (Windows NT 10.0; Win64; x64) AppleWebKit/537.36 (KHTML, like Gecko) Chrome/134.0.0.0 Safari/537.36"
154.196.52.47 - - [01/Apr/2025:06:09:39 -0400] "GET /wp-admin/js/user-profile.min.js?ver=6.7.2 HTTP/1.1" 200 2388 "https://stannswarehouse.com/wp-login.php" "Mozilla/5.0 (Windows NT 10.0; Win64; x64) AppleWebKit/537.36 (KHTML, like Gecko) Chrome/134.0.0.0 Safari/537.36"
154.196.52.47 - - [01/Apr/2025:06:09:39 -0400] "GET /wp-includes/js/dist/a11y.min.js?ver=3156534cc54473497e14 HTTP/1.1" 200 827 "https://stannswarehouse.com/wp-login.php" "Mozilla/5.0 (Windows NT 10.0; Win64; x64) AppleWebKit/537.36 (KHTML, like Gecko) Chrome/134.0.0.0 Safari/537.36"
154.196.52.47 - - [01/Apr/2025:06:09:39 -0400] "GET /wp-includes/js/wp-util.min.js?ver=6.7.2 HTTP/1.1" 200 690 "https://stannswarehouse.com/wp-login.php" "Mozilla/5.0 (Windows NT 10.0; Win64; x64) AppleWebKit/537.36 (KHTML, like Gecko) Chrome/134.0.0.0 Safari/537.36"
154.196.52.47 - - [01/Apr/2025:06:09:39 -0400] "GET /wp-admin/js/password-strength-meter.min.js?ver=6.7.2 HTTP/1.1" 200 558 "https://stannswarehouse.com/wp-login.php" "Mozilla/5.0 (Windows NT 10.0; Win64; x64) AppleWebKit/537.36 (KHTML, like Gecko) Chrome/134.0.0.0 Safari/537.36"
154.196.52.47 - - [01/Apr/2025:06:09:39 -0400] "GET /wp-includes/js/underscore.min.js?ver=1.13.7 HTTP/1.1" 200 7197 "https://stannswarehouse.com/wp-login.php" "Mozilla/5.0 (Windows NT 10.0; Win64; x64) AppleWebKit/537.36 (KHTML, like Gecko) Chrome/134.0.0.0 Safari/537.36"
154.196.52.47 - - [01/Apr/2025:06:09:39 -0400] "GET /wp-includes/js/dist/dom-ready.min.js?ver=f77871ff7694fffea381 HTTP/1.1" 200 275 "https://stannswarehouse.com/wp-login.php" "Mozilla/5.0 (Windows NT 10.0; Win64; x64) AppleWebKit/537.36 (KHTML, like Gecko) Chrome/134.0.0.0 Safari/537.36"
154.196.52.47 - - [01/Apr/2025:06:09:39 -0400] "GET /wp-admin/images/wordpress-logo.svg?ver=20131107 HTTP/1.1" 200 759 "https://stannswarehouse.com/wp-admin/load-styles.php?c=1&dir=ltr&load%5Bchunk_0%5D=dashicons,buttons,forms,l10n,login&ver=6.7.2" "Mozilla/5.0 (Windows NT 10.0; Win64; x64) AppleWebKit/537.36 (KHTML, like Gecko) Chrome/134.0.0.0 Safari/537.36"
154.196.52.47 - - [01/Apr/2025:06:09:40 -0400] "GET /favicon.ico HTTP/1.1" 404 1251 "https://stannswarehouse.com/wp-login.php" "Mozilla/5.0 (Windows NT 10.0; Win64; x64) AppleWebKit/537.36 (KHTML, like Gecko) Chrome/134.0.0.0 Safari/537.36"
154.196.52.47 - - [01/Apr/2025:06:09:40 -0400] "GET /wp-includes/js/zxcvbn.min.js HTTP/1.1" 200 389493 "https://stannswarehouse.com/wp-login.php" "Mozilla/5.0 (Windows NT 10.0; Win64; x64) AppleWebKit/537.36 (KHTML, like Gecko) Chrome/134.0.0.0 Safari/537.36"
198.54.114.83 - - [01/Apr/2025:06:09:49 -0400] "POST /wp-cron.php?doing_wp_cron=1743502189.0736629962921142578125 HTTP/1.1" 200 0 "-" "WordPress/6.7.2; https://stannswarehouse.com"
154.196.52.47 - - [01/Apr/2025:06:09:44 -0400] "POST /wp-login.php HTTP/1.1" 200 1843 "https://stannswarehouse.com/wp-login.php" "Mozilla/5.0 (Windows NT 10.0; Win64; x64) AppleWebKit/537.36 (KHTML, like Gecko) Chrome/134.0.0.0 Safari/537.36"
198.54.114.83 - - [01/Apr/2025:06:09:55 -0400] "POST /wp-admin/admin-ajax.php?action=async_litespeed&nonce=SbLC1mTrYG9HkuA9SyiSvU3QWi87oAOH&litespeed_type=imgoptm HTTP/1.1" 200 0 "-" "WordPress/6.7.2; https://stannswarehouse.com"
111.249.179.111 - - [01/Apr/2025:06:12:46 -0400] "GET /how-to-avoid-dangerous-patterns-of-gambling-in-poker/ HTTP/1.1" 404 1251 "-" "Mozilla/5.0 (Windows NT 10.0; Win64; x64) AppleWebKit/537.36 (KHTML, like Gecko) Chrome/114.0.0.0 Safari/537.36 OPR/89.0.4447.51"
112.92.70.120 - - [01/Apr/2025:06:13:34 -0400] "GET /barack-obama-slot-machine-critical-overview/ HTTP/1.1" 404 1251 "https://stannswarehouse.com" "Mozilla/5.0 (Windows NT 10.0; Win64; x64) AppleWebKit/537.36 (KHTML, like Gecko) Chrome/62.0.3202.94 Safari/537.36"
112.92.70.120 - - [01/Apr/2025:06:13:35 -0400] "GET /barack-obama-slot-machine-critical-overview/ HTTP/1.1" 404 1251 "https://stannswarehouse.com" "Mozilla/5.0 (Windows NT 10.0; Win64; x64) AppleWebKit/537.36 (KHTML, like Gecko) Chrome/62.0.3202.94 Safari/537.36"
112.92.70.120 - - [01/Apr/2025:06:13:36 -0400] "GET /barack-obama-slot-machine-critical-overview/ HTTP/1.1" 404 1251 "https://stannswarehouse.com" "Mozilla/5.0 (Windows NT 10.0; Win64; x64) AppleWebKit/537.36 (KHTML, like Gecko) Chrome/62.0.3202.94 Safari/537.36"
112.92.70.120 - - [01/Apr/2025:06:13:37 -0400] "GET /barack-obama-slot-machine-critical-overview/ HTTP/1.1" 404 1251 "https://stannswarehouse.com" "Mozilla/5.0 (Windows NT 10.0; Win64; x64) AppleWebKit/537.36 (KHTML, like Gecko) Chrome/62.0.3202.94 Safari/537.36"
44.197.29.39 - - [01/Apr/2025:06:22:42 -0400] "GET /top-10-refrigerant-recovery-machines-efficient-solutions-for-environmental-sustainability/ HTTP/1.1" 404 1251 "-" "Grammarly/1.0 (http://www.grammarly.com)"
2a02:598:96:8a00::1200:13d - - [01/Apr/2025:06:28:40 -0400] "GET /kubernetes/ HTTP/1.1" 404 1251 "-" "Mozilla/5.0 (compatible; SeznamBot/4.0; +https://o-seznam.cz/napoveda/vyhledavani/en/seznambot-crawler/)"
2a02:598:96:8a00::1200:127 - - [01/Apr/2025:06:32:17 -0400] "GET /chausson-femme-original/ HTTP/1.1" 404 1251 "-" "Mozilla/5.0 (compatible; SeznamBot/4.0; +https://o-seznam.cz/napoveda/vyhledavani/en/seznambot-crawler/)"
2a02:598:96:8a00::1200:127 - - [01/Apr/2025:06:32:32 -0400] "GET /diamond-painting-accessories/ HTTP/1.1" 404 1251 "-" "Mozilla/5.0 (compatible; SeznamBot/4.0; +https://o-seznam.cz/napoveda/vyhledavani/en/seznambot-crawler/)"
2a02:598:96:8a00::1200:13d - - [01/Apr/2025:06:32:49 -0400] "GET /diamond-painting-eigenes-foto/ HTTP/1.1" 404 1251 "-" "Mozilla/5.0 (compatible; SeznamBot/4.0; +https://o-seznam.cz/napoveda/vyhledavani/en/seznambot-crawler/)"
196.251.69.226 - - [01/Apr/2025:06:33:00 -0400] "GET /wp-content/plugins/WordPressCore/include.php HTTP/1.1" 404 1251 "-" "Mozlila/5.0 (Linux; Android 7.0; SM-G892A Bulid/NRD90M; wv) AppleWebKit/537.36 (KHTML, like Gecko) Version/4.0 Chrome/60.0.3112.107 Moblie Safari/537.36"
196.251.69.226 - - [01/Apr/2025:06:33:27 -0400] "GET /wp-content/plugins/WordPressCore/include.php HTTP/1.1" 404 1251 "-" "Mozlila/5.0 (Linux; Android 7.0; SM-G892A Bulid/NRD90M; wv) AppleWebKit/537.36 (KHTML, like Gecko) Version/4.0 Chrome/60.0.3112.107 Moblie Safari/537.36"
196.251.69.226 - - [01/Apr/2025:06:33:47 -0400] "GET /wp-includes/images/include.php HTTP/1.1" 404 1251 "-" "Mozlila/5.0 (Linux; Android 7.0; SM-G892A Bulid/NRD90M; wv) AppleWebKit/537.36 (KHTML, like Gecko) Version/4.0 Chrome/60.0.3112.107 Moblie Safari/537.36"
196.251.69.226 - - [01/Apr/2025:06:33:59 -0400] "GET /wp-includes/images/include.php HTTP/1.1" 404 1251 "-" "Mozlila/5.0 (Linux; Android 7.0; SM-G892A Bulid/NRD90M; wv) AppleWebKit/537.36 (KHTML, like Gecko) Version/4.0 Chrome/60.0.3112.107 Moblie Safari/537.36"
196.251.69.226 - - [01/Apr/2025:06:34:07 -0400] "GET /wp-content/themes/include.php HTTP/1.1" 404 1251 "-" "Mozlila/5.0 (Linux; Android 7.0; SM-G892A Bulid/NRD90M; wv) AppleWebKit/537.36 (KHTML, like Gecko) Version/4.0 Chrome/60.0.3112.107 Moblie Safari/537.36"
196.251.69.226 - - [01/Apr/2025:06:34:24 -0400] "GET /wp-content/themes/include.php HTTP/1.1" 404 1251 "-" "Mozlila/5.0 (Linux; Android 7.0; SM-G892A Bulid/NRD90M; wv) AppleWebKit/537.36 (KHTML, like Gecko) Version/4.0 Chrome/60.0.3112.107 Moblie Safari/537.36"
196.251.69.226 - - [01/Apr/2025:06:34:43 -0400] "GET /wp-includes/widgets/include.php HTTP/1.1" 404 1251 "-" "Mozlila/5.0 (Linux; Android 7.0; SM-G892A Bulid/NRD90M; wv) AppleWebKit/537.36 (KHTML, like Gecko) Version/4.0 Chrome/60.0.3112.107 Moblie Safari/537.36"
196.251.69.226 - - [01/Apr/2025:06:34:54 -0400] "GET /wp-includes/widgets/include.php HTTP/1.1" 404 1251 "-" "Mozlila/5.0 (Linux; Android 7.0; SM-G892A Bulid/NRD90M; wv) AppleWebKit/537.36 (KHTML, like Gecko) Version/4.0 Chrome/60.0.3112.107 Moblie Safari/537.36"
196.251.69.226 - - [01/Apr/2025:06:35:04 -0400] "GET /wp-content/plugins/include.php HTTP/1.1" 404 1251 "-" "Mozlila/5.0 (Linux; Android 7.0; SM-G892A Bulid/NRD90M; wv) AppleWebKit/537.36 (KHTML, like Gecko) Version/4.0 Chrome/60.0.3112.107 Moblie Safari/537.36"
196.251.69.226 - - [01/Apr/2025:06:35:20 -0400] "GET /wp-content/plugins/include.php HTTP/1.1" 404 1251 "-" "Mozlila/5.0 (Linux; Android 7.0; SM-G892A Bulid/NRD90M; wv) AppleWebKit/537.36 (KHTML, like Gecko) Version/4.0 Chrome/60.0.3112.107 Moblie Safari/537.36"
2a02:598:96:8a00::1200:13d - - [01/Apr/2025:06:37:26 -0400] "GET /the-thrill-of-the-game/ HTTP/1.1" 404 1251 "-" "Mozilla/5.0 (compatible; SeznamBot/4.0; +https://o-seznam.cz/napoveda/vyhledavani/en/seznambot-crawler/)"
196.251.69.226 - - [01/Apr/2025:06:42:01 -0400] "GET /wp-content/plugins/WordPressCore/include.php HTTP/1.1" 404 1251 "-" "Mozlila/5.0 (Linux; Android 7.0; SM-G892A Bulid/NRD90M; wv) AppleWebKit/537.36 (KHTML, like Gecko) Version/4.0 Chrome/60.0.3112.107 Moblie Safari/537.36"
196.251.69.226 - - [01/Apr/2025:06:42:11 -0400] "GET /wp-content/plugins/WordPressCore/include.php HTTP/1.1" 404 1251 "-" "Mozlila/5.0 (Linux; Android 7.0; SM-G892A Bulid/NRD90M; wv) AppleWebKit/537.36 (KHTML, like Gecko) Version/4.0 Chrome/60.0.3112.107 Moblie Safari/537.36"
196.251.69.226 - - [01/Apr/2025:06:42:18 -0400] "GET /wp-includes/images/include.php HTTP/1.1" 404 1251 "-" "Mozlila/5.0 (Linux; Android 7.0; SM-G892A Bulid/NRD90M; wv) AppleWebKit/537.36 (KHTML, like Gecko) Version/4.0 Chrome/60.0.3112.107 Moblie Safari/537.36"
196.251.69.226 - - [01/Apr/2025:06:42:23 -0400] "GET /wp-includes/images/include.php HTTP/1.1" 404 1251 "-" "Mozlila/5.0 (Linux; Android 7.0; SM-G892A Bulid/NRD90M; wv) AppleWebKit/537.36 (KHTML, like Gecko) Version/4.0 Chrome/60.0.3112.107 Moblie Safari/537.36"
196.251.69.226 - - [01/Apr/2025:06:42:26 -0400] "GET /wp-content/themes/include.php HTTP/1.1" 404 1251 "-" "Mozlila/5.0 (Linux; Android 7.0; SM-G892A Bulid/NRD90M; wv) AppleWebKit/537.36 (KHTML, like Gecko) Version/4.0 Chrome/60.0.3112.107 Moblie Safari/537.36"
196.251.69.226 - - [01/Apr/2025:06:42:34 -0400] "GET /wp-content/themes/include.php HTTP/1.1" 404 1251 "-" "Mozlila/5.0 (Linux; Android 7.0; SM-G892A Bulid/NRD90M; wv) AppleWebKit/537.36 (KHTML, like Gecko) Version/4.0 Chrome/60.0.3112.107 Moblie Safari/537.36"
196.251.69.226 - - [01/Apr/2025:06:42:54 -0400] "GET /wp-includes/widgets/include.php HTTP/1.1" 404 1251 "-" "Mozlila/5.0 (Linux; Android 7.0; SM-G892A Bulid/NRD90M; wv) AppleWebKit/537.36 (KHTML, like Gecko) Version/4.0 Chrome/60.0.3112.107 Moblie Safari/537.36"
196.251.69.226 - - [01/Apr/2025:06:43:09 -0400] "GET /wp-includes/widgets/include.php HTTP/1.1" 404 1251 "-" "Mozlila/5.0 (Linux; Android 7.0; SM-G892A Bulid/NRD90M; wv) AppleWebKit/537.36 (KHTML, like Gecko) Version/4.0 Chrome/60.0.3112.107 Moblie Safari/537.36"
196.251.69.226 - - [01/Apr/2025:06:43:20 -0400] "GET /wp-content/plugins/include.php HTTP/1.1" 404 1251 "-" "Mozlila/5.0 (Linux; Android 7.0; SM-G892A Bulid/NRD90M; wv) AppleWebKit/537.36 (KHTML, like Gecko) Version/4.0 Chrome/60.0.3112.107 Moblie Safari/537.36"
2a02:598:96:8a00::1200:127 - - [01/Apr/2025:06:43:27 -0400] "GET /reverse-vending-machines-what-are-they/ HTTP/1.1" 404 1251 "-" "Mozilla/5.0 (compatible; SeznamBot/4.0; +https://o-seznam.cz/napoveda/vyhledavani/en/seznambot-crawler/)"
196.251.69.226 - - [01/Apr/2025:06:43:28 -0400] "GET /wp-content/plugins/include.php HTTP/1.1" 404 1251 "-" "Mozlila/5.0 (Linux; Android 7.0; SM-G892A Bulid/NRD90M; wv) AppleWebKit/537.36 (KHTML, like Gecko) Version/4.0 Chrome/60.0.3112.107 Moblie Safari/537.36"
2a02:598:96:8a00::1200:13d - - [01/Apr/2025:06:47:22 -0400] "GET /a-trailblazing-byzantine-poetess/ HTTP/1.1" 404 1251 "-" "Mozilla/5.0 (compatible; SeznamBot/4.0; +https://o-seznam.cz/napoveda/vyhledavani/en/seznambot-crawler/)"
17.241.75.221 - - [01/Apr/2025:06:49:47 -0400] "GET /innovative-machinery-design/ HTTP/1.1" 404 1251 "-" "Mozilla/5.0 (Macintosh; Intel Mac OS X 10_15_7) AppleWebKit/605.1.15 (KHTML, like Gecko) Version/17.4 Safari/605.1.15 (Applebot/0.1; +http://www.apple.com/go/applebot)"
207.46.13.153 - - [01/Apr/2025:06:49:52 -0400] "GET /mobile-de-lit-bois/ HTTP/1.1" 404 1251 "-" "Mozilla/5.0 AppleWebKit/537.36 (KHTML, like Gecko; compatible; bingbot/2.0; +http://www.bing.com/bingbot.htm) Chrome/116.0.1938.76 Safari/537.36"
