154.47.20.235 - - [30/Mar/2025:08:59:17 -0400] "GET /top-5-uk-cbd-oil-brands/ HTTP/1.1" 404 1251 "-" "Mozilla/5.0 (Windows; U; Windows NT 6.1; en-US; rv:1.9.1.5) Gecko/20091102 Firefox/3.5.5 (.NET CLR 3.5.30729)"
154.47.20.235 - - [30/Mar/2025:08:59:17 -0400] "GET /step-by-step-guide-for-making-money-on-youtube/ HTTP/1.1" 404 1251 "-" "Mozilla/5.0 (Windows; U; Windows NT 6.1; en-US; rv:1.9.1.5) Gecko/20091102 Firefox/3.5.5 (.NET CLR 3.5.30729)"
154.47.20.235 - - [30/Mar/2025:08:59:17 -0400] "GET /understanding-moneylenders-in-singapore/ HTTP/1.1" 404 1251 "-" "Mozilla/5.0 (Windows; U; Windows NT 6.1; en-US; rv:1.9.1.5) Gecko/20091102 Firefox/3.5.5 (.NET CLR 3.5.30729)"
154.47.20.235 - - [30/Mar/2025:08:59:17 -0400] "GET /tips-to-help-you-in-choosing-a-good-financial-recruitment-agency/ HTTP/1.1" 404 1251 "-" "Mozilla/5.0 (Windows; U; Windows NT 6.1; en-US; rv:1.9.1.5) Gecko/20091102 Firefox/3.5.5 (.NET CLR 3.5.30729)"
154.47.20.235 - - [30/Mar/2025:08:59:17 -0400] "GET /understanding-the-basics-of-car-finance/ HTTP/1.1" 404 1251 "-" "Mozilla/5.0 (Windows; U; Windows NT 6.1; en-US; rv:1.9.1.5) Gecko/20091102 Firefox/3.5.5 (.NET CLR 3.5.30729)"
154.47.20.235 - - [30/Mar/2025:08:59:17 -0400] "GET /top-supplements-to-effectively-lower-blood-sugar-levels/ HTTP/1.1" 404 1251 "-" "Mozilla/5.0 (Windows; U; Windows NT 6.1; en-US; rv:1.9.1.5) Gecko/20091102 Firefox/3.5.5 (.NET CLR 3.5.30729)"
154.47.20.235 - - [30/Mar/2025:08:59:17 -0400] "GET /the-beautiful-game-a-symphony-of-passion-and-precision/ HTTP/1.1" 404 1251 "-" "Mozilla/5.0 (Windows; U; Windows NT 6.1; en-US; rv:1.9.1.5) Gecko/20091102 Firefox/3.5.5 (.NET CLR 3.5.30729)"
154.47.20.235 - - [30/Mar/2025:08:59:18 -0400] "GET /the-importance-of-wholesale-pool-supplies/ HTTP/1.1" 404 1251 "-" "Mozilla/5.0 (Windows; U; Windows NT 6.1; en-US; rv:1.9.1.5) Gecko/20091102 Firefox/3.5.5 (.NET CLR 3.5.30729)"
154.47.20.235 - - [30/Mar/2025:08:59:18 -0400] "GET /what-you-need-to-know-about-motorcycle-detailing/ HTTP/1.1" 404 1251 "-" "Mozilla/5.0 (Windows; U; Windows NT 6.1; en-US; rv:1.9.1.5) Gecko/20091102 Firefox/3.5.5 (.NET CLR 3.5.30729)"
154.47.20.235 - - [30/Mar/2025:08:59:18 -0400] "GET /the-hill-one-north-a-new-launch-condo-by-kingsford-development/ HTTP/1.1" 404 1251 "-" "Mozilla/5.0 (Windows; U; Windows NT 6.1; en-US; rv:1.9.1.5) Gecko/20091102 Firefox/3.5.5 (.NET CLR 3.5.30729)"
154.47.20.235 - - [30/Mar/2025:08:59:19 -0400] "GET /trucking-companies-near-me/ HTTP/1.1" 404 1251 "-" "Mozilla/5.0 (Windows; U; Windows NT 6.1; en-US; rv:1.9.1.5) Gecko/20091102 Firefox/3.5.5 (.NET CLR 3.5.30729)"
154.47.20.235 - - [30/Mar/2025:08:59:19 -0400] "GET /eine-hangeleuchte-der-extraklasse/ HTTP/1.1" 404 1251 "-" "Mozilla/5.0 (Windows; U; Windows NT 6.1; en-US; rv:1.9.1.5) Gecko/20091102 Firefox/3.5.5 (.NET CLR 3.5.30729)"
154.47.20.235 - - [30/Mar/2025:08:59:19 -0400] "GET /the-myst-condo-in-upper-bukit-timah/ HTTP/1.1" 404 1251 "-" "Mozilla/5.0 (Windows; U; Windows NT 6.1; en-US; rv:1.9.1.5) Gecko/20091102 Firefox/3.5.5 (.NET CLR 3.5.30729)"
154.47.20.235 - - [30/Mar/2025:08:59:19 -0400] "GET /virtual-terminal-payment-processing/ HTTP/1.1" 404 1251 "-" "Mozilla/5.0 (Windows; U; Windows NT 6.1; en-US; rv:1.9.1.5) Gecko/20091102 Firefox/3.5.5 (.NET CLR 3.5.30729)"
154.47.20.235 - - [30/Mar/2025:08:59:19 -0400] "GET /smb-marketing/ HTTP/1.1" 404 0 "-" "Mozilla/5.0 (Windows; U; Windows NT 6.1; en-US; rv:1.9.1.5) Gecko/20091102 Firefox/3.5.5 (.NET CLR 3.5.30729)"
154.47.20.235 - - [30/Mar/2025:08:59:19 -0400] "GET /what-are-michael-kors-handbags-made-of/ HTTP/1.1" 404 1251 "-" "Mozilla/5.0 (Windows; U; Windows NT 6.1; en-US; rv:1.9.1.5) Gecko/20091102 Firefox/3.5.5 (.NET CLR 3.5.30729)"
154.47.20.235 - - [30/Mar/2025:08:59:19 -0400] "GET /valentines-gifts-for-teens/ HTTP/1.1" 404 1251 "-" "Mozilla/5.0 (Windows; U; Windows NT 6.1; en-US; rv:1.9.1.5) Gecko/20091102 Firefox/3.5.5 (.NET CLR 3.5.30729)"
154.47.20.235 - - [30/Mar/2025:08:59:19 -0400] "GET /where-to-buy-tiktok-likes/ HTTP/1.1" 404 1251 "-" "Mozilla/5.0 (Windows; U; Windows NT 6.1; en-US; rv:1.9.1.5) Gecko/20091102 Firefox/3.5.5 (.NET CLR 3.5.30729)"
154.47.20.235 - - [30/Mar/2025:08:59:19 -0400] "GET /yves-saint-laurent-libre-intense/ HTTP/1.1" 404 1251 "-" "Mozilla/5.0 (Windows; U; Windows NT 6.1; en-US; rv:1.9.1.5) Gecko/20091102 Firefox/3.5.5 (.NET CLR 3.5.30729)"
154.47.20.235 - - [30/Mar/2025:08:59:19 -0400] "GET /the-advantages-of-free-hiring-solutions-in-the-uk/ HTTP/1.1" 404 1251 "-" "Mozilla/5.0 (Windows; U; Windows NT 6.1; en-US; rv:1.9.1.5) Gecko/20091102 Firefox/3.5.5 (.NET CLR 3.5.30729)"
154.47.20.235 - - [30/Mar/2025:08:59:19 -0400] "GET /unleashing-joy-with-personalized-pet-picture-gifts/ HTTP/1.1" 404 1251 "-" "Mozilla/5.0 (Windows; U; Windows NT 6.1; en-US; rv:1.9.1.5) Gecko/20091102 Firefox/3.5.5 (.NET CLR 3.5.30729)"
154.47.20.235 - - [30/Mar/2025:08:59:20 -0400] "GET /unlocking-the-power-of-qr-code-generator-free-tools/ HTTP/1.1" 404 1251 "-" "Mozilla/5.0 (Windows; U; Windows NT 6.1; en-US; rv:1.9.1.5) Gecko/20091102 Firefox/3.5.5 (.NET CLR 3.5.30729)"
154.47.20.235 - - [30/Mar/2025:08:59:20 -0400] "GET /wood-heaters/ HTTP/1.1" 404 1251 "-" "Mozilla/5.0 (Windows; U; Windows NT 6.1; en-US; rv:1.9.1.5) Gecko/20091102 Firefox/3.5.5 (.NET CLR 3.5.30729)"
154.47.20.235 - - [30/Mar/2025:08:59:20 -0400] "GET /unveiling-the-top-destination-for-purchasing-youtube-subscribers/ HTTP/1.1" 404 1251 "-" "Mozilla/5.0 (Windows; U; Windows NT 6.1; en-US; rv:1.9.1.5) Gecko/20091102 Firefox/3.5.5 (.NET CLR 3.5.30729)"
154.47.20.235 - - [30/Mar/2025:08:59:20 -0400] "GET /unlocking-the-mysteries-of-quantum-healing-therapy/ HTTP/1.1" 404 1251 "-" "Mozilla/5.0 (Windows; U; Windows NT 6.1; en-US; rv:1.9.1.5) Gecko/20091102 Firefox/3.5.5 (.NET CLR 3.5.30729)"
154.47.20.235 - - [30/Mar/2025:08:59:20 -0400] "GET /what-to-expect-from-a-family-mediation-service/ HTTP/1.1" 404 1251 "-" "Mozilla/5.0 (Windows; U; Windows NT 6.1; en-US; rv:1.9.1.5) Gecko/20091102 Firefox/3.5.5 (.NET CLR 3.5.30729)"
154.47.20.235 - - [30/Mar/2025:08:59:20 -0400] "GET /what-does-a-cabinet-manufacturer-do/ HTTP/1.1" 404 1251 "-" "Mozilla/5.0 (Windows; U; Windows NT 6.1; en-US; rv:1.9.1.5) Gecko/20091102 Firefox/3.5.5 (.NET CLR 3.5.30729)"
154.47.20.235 - - [30/Mar/2025:08:59:20 -0400] "GET /the-sirius-power-pc-case/ HTTP/1.1" 404 1251 "-" "Mozilla/5.0 (Windows; U; Windows NT 6.1; en-US; rv:1.9.1.5) Gecko/20091102 Firefox/3.5.5 (.NET CLR 3.5.30729)"
154.47.20.235 - - [30/Mar/2025:08:59:20 -0400] "GET /what-does-it-take-to-be-an-electrician/ HTTP/1.1" 404 1251 "-" "Mozilla/5.0 (Windows; U; Windows NT 6.1; en-US; rv:1.9.1.5) Gecko/20091102 Firefox/3.5.5 (.NET CLR 3.5.30729)"
154.47.20.235 - - [30/Mar/2025:08:59:20 -0400] "GET /thread-galling/ HTTP/1.1" 404 1251 "-" "Mozilla/5.0 (Windows; U; Windows NT 6.1; en-US; rv:1.9.1.5) Gecko/20091102 Firefox/3.5.5 (.NET CLR 3.5.30729)"
154.47.20.235 - - [30/Mar/2025:08:59:20 -0400] "GET /the-thrill-of-the-games/ HTTP/1.1" 404 1251 "-" "Mozilla/5.0 (Windows; U; Windows NT 6.1; en-US; rv:1.9.1.5) Gecko/20091102 Firefox/3.5.5 (.NET CLR 3.5.30729)"
154.47.20.235 - - [30/Mar/2025:08:59:20 -0400] "GET /unveiling-the-power-of-precision-the-lag-bolt-chronicles/ HTTP/1.1" 404 1251 "-" "Mozilla/5.0 (Windows; U; Windows NT 6.1; en-US; rv:1.9.1.5) Gecko/20091102 Firefox/3.5.5 (.NET CLR 3.5.30729)"
154.47.20.235 - - [30/Mar/2025:08:59:20 -0400] "GET /unleashing-the-power-of-qr-codes-the-best-free-qr-code-generators/ HTTP/1.1" 404 1251 "-" "Mozilla/5.0 (Windows; U; Windows NT 6.1; en-US; rv:1.9.1.5) Gecko/20091102 Firefox/3.5.5 (.NET CLR 3.5.30729)"
154.47.20.235 - - [30/Mar/2025:08:59:20 -0400] "GET /the-ultimate-4k-gaming-pc/ HTTP/1.1" 404 1251 "-" "Mozilla/5.0 (Windows; U; Windows NT 6.1; en-US; rv:1.9.1.5) Gecko/20091102 Firefox/3.5.5 (.NET CLR 3.5.30729)"
154.47.20.235 - - [30/Mar/2025:08:59:20 -0400] "GET /the-digital-dice-exploring-the-world-of-online-casinos/ HTTP/1.1" 404 1251 "-" "Mozilla/5.0 (Windows; U; Windows NT 6.1; en-US; rv:1.9.1.5) Gecko/20091102 Firefox/3.5.5 (.NET CLR 3.5.30729)"
154.47.20.235 - - [30/Mar/2025:08:59:20 -0400] "GET /the-world-of-online-gift-card-purchases/ HTTP/1.1" 404 1251 "-" "Mozilla/5.0 (Windows; U; Windows NT 6.1; en-US; rv:1.9.1.5) Gecko/20091102 Firefox/3.5.5 (.NET CLR 3.5.30729)"
154.47.20.235 - - [30/Mar/2025:08:59:20 -0400] "GET /the-ultimate-guide-to-london-airport-taxi-services/ HTTP/1.1" 404 1251 "-" "Mozilla/5.0 (Windows; U; Windows NT 6.1; en-US; rv:1.9.1.5) Gecko/20091102 Firefox/3.5.5 (.NET CLR 3.5.30729)"
154.47.20.235 - - [30/Mar/2025:08:59:20 -0400] "GET /top-sites-to-buy-youtube-social-shares/ HTTP/1.1" 404 1251 "-" "Mozilla/5.0 (Windows; U; Windows NT 6.1; en-US; rv:1.9.1.5) Gecko/20091102 Firefox/3.5.5 (.NET CLR 3.5.30729)"
154.47.20.235 - - [30/Mar/2025:08:59:20 -0400] "GET /transforming-lives-with-rhinoplasty-in-cyprus/ HTTP/1.1" 404 1251 "-" "Mozilla/5.0 (Windows; U; Windows NT 6.1; en-US; rv:1.9.1.5) Gecko/20091102 Firefox/3.5.5 (.NET CLR 3.5.30729)"
154.47.20.235 - - [30/Mar/2025:08:59:21 -0400] "GET /titre-la-tentation-des-paris-sportifs-lattrait-et-les-risques-de-1x-bet/ HTTP/1.1" 404 1251 "-" "Mozilla/5.0 (Windows; U; Windows NT 6.1; en-US; rv:1.9.1.5) Gecko/20091102 Firefox/3.5.5 (.NET CLR 3.5.30729)"
154.47.20.235 - - [30/Mar/2025:08:59:21 -0400] "GET /the-marvel-of-careprost/ HTTP/1.1" 404 1251 "-" "Mozilla/5.0 (Windows; U; Windows NT 6.1; en-US; rv:1.9.1.5) Gecko/20091102 Firefox/3.5.5 (.NET CLR 3.5.30729)"
154.47.20.235 - - [30/Mar/2025:08:59:22 -0400] "GET /transformative-care-at-home-weymouth-enhancing-lives-through-personalized-support/ HTTP/1.1" 404 1251 "-" "Mozilla/5.0 (Windows; U; Windows NT 6.1; en-US; rv:1.9.1.5) Gecko/20091102 Firefox/3.5.5 (.NET CLR 3.5.30729)"
154.47.20.235 - - [30/Mar/2025:08:59:22 -0400] "GET /utilizzo-di-accessori-per-gadget-ed-elettronica/ HTTP/1.1" 404 1251 "-" "Mozilla/5.0 (Windows; U; Windows NT 6.1; en-US; rv:1.9.1.5) Gecko/20091102 Firefox/3.5.5 (.NET CLR 3.5.30729)"
154.47.20.235 - - [30/Mar/2025:08:59:22 -0400] "GET /unraveling-the-complexity-of-sex-addiction-therapy/ HTTP/1.1" 404 1251 "-" "Mozilla/5.0 (Windows; U; Windows NT 6.1; en-US; rv:1.9.1.5) Gecko/20091102 Firefox/3.5.5 (.NET CLR 3.5.30729)"
154.47.20.235 - - [30/Mar/2025:08:59:22 -0400] "GET /unraveling-the-world-of-online-betting-a-prolific-rise-in-digital-wagers/ HTTP/1.1" 404 1251 "-" "Mozilla/5.0 (Windows; U; Windows NT 6.1; en-US; rv:1.9.1.5) Gecko/20091102 Firefox/3.5.5 (.NET CLR 3.5.30729)"
154.47.20.235 - - [30/Mar/2025:08:59:22 -0400] "GET /tranquil-oasis-exploring-the-charms-of-the-chuan-park/ HTTP/1.1" 404 1251 "-" "Mozilla/5.0 (Windows; U; Windows NT 6.1; en-US; rv:1.9.1.5) Gecko/20091102 Firefox/3.5.5 (.NET CLR 3.5.30729)"
154.47.20.235 - - [30/Mar/2025:08:59:22 -0400] "GET /virtual-terminal-card-payments/ HTTP/1.1" 404 1251 "-" "Mozilla/5.0 (Windows; U; Windows NT 6.1; en-US; rv:1.9.1.5) Gecko/20091102 Firefox/3.5.5 (.NET CLR 3.5.30729)"
154.47.20.235 - - [30/Mar/2025:08:59:22 -0400] "GET /what-to-look-for-in-a-real-estate-crm/ HTTP/1.1" 404 1251 "-" "Mozilla/5.0 (Windows; U; Windows NT 6.1; en-US; rv:1.9.1.5) Gecko/20091102 Firefox/3.5.5 (.NET CLR 3.5.30729)"
154.47.20.235 - - [30/Mar/2025:08:59:22 -0400] "GET /unlocking-career-success-free-employment-advice-that-transforms-lives/ HTTP/1.1" 404 1251 "-" "Mozilla/5.0 (Windows; U; Windows NT 6.1; en-US; rv:1.9.1.5) Gecko/20091102 Firefox/3.5.5 (.NET CLR 3.5.30729)"
154.47.20.235 - - [30/Mar/2025:08:59:22 -0400] "GET /what-is-a-virtual-makeup-try-on/ HTTP/1.1" 404 1251 "-" "Mozilla/5.0 (Windows; U; Windows NT 6.1; en-US; rv:1.9.1.5) Gecko/20091102 Firefox/3.5.5 (.NET CLR 3.5.30729)"
154.47.20.235 - - [30/Mar/2025:08:59:22 -0400] "GET /the-famous-and-inspiring-the-little-prince-quotes/ HTTP/1.1" 404 0 "-" "Mozilla/5.0 (Windows; U; Windows NT 6.1; en-US; rv:1.9.1.5) Gecko/20091102 Firefox/3.5.5 (.NET CLR 3.5.30729)"
154.47.20.235 - - [30/Mar/2025:08:59:22 -0400] "GET /mastering-stakeholder-management/ HTTP/1.1" 404 1251 "-" "Mozilla/5.0 (Windows; U; Windows NT 6.1; en-US; rv:1.9.1.5) Gecko/20091102 Firefox/3.5.5 (.NET CLR 3.5.30729)"
154.47.20.235 - - [30/Mar/2025:08:59:22 -0400] "GET /what-to-look-out-for-when-renting-a-truck/ HTTP/1.1" 404 1251 "-" "Mozilla/5.0 (Windows; U; Windows NT 6.1; en-US; rv:1.9.1.5) Gecko/20091102 Firefox/3.5.5 (.NET CLR 3.5.30729)"
154.47.20.235 - - [30/Mar/2025:08:59:22 -0400] "GET /why-regular-gutter-cleaning-is-essential-on-the-central-coast/ HTTP/1.1" 404 1251 "-" "Mozilla/5.0 (Windows; U; Windows NT 6.1; en-US; rv:1.9.1.5) Gecko/20091102 Firefox/3.5.5 (.NET CLR 3.5.30729)"
154.47.20.235 - - [30/Mar/2025:08:59:23 -0400] "GET /what-you-need-to-know-about-nfl-football-betting/ HTTP/1.1" 404 1251 "-" "Mozilla/5.0 (Windows; U; Windows NT 6.1; en-US; rv:1.9.1.5) Gecko/20091102 Firefox/3.5.5 (.NET CLR 3.5.30729)"
154.47.20.235 - - [30/Mar/2025:08:59:23 -0400] "GET /unveiling-the-mystique-of-the-real-shark-tooth-necklace/ HTTP/1.1" 404 1251 "-" "Mozilla/5.0 (Windows; U; Windows NT 6.1; en-US; rv:1.9.1.5) Gecko/20091102 Firefox/3.5.5 (.NET CLR 3.5.30729)"
154.47.20.235 - - [30/Mar/2025:08:59:24 -0400] "GET /what-is-sports-rehab/ HTTP/1.1" 404 1251 "-" "Mozilla/5.0 (Windows; U; Windows NT 6.1; en-US; rv:1.9.1.5) Gecko/20091102 Firefox/3.5.5 (.NET CLR 3.5.30729)"
154.47.20.235 - - [30/Mar/2025:08:59:25 -0400] "GET /youtube-subscribers-buy/ HTTP/1.1" 404 1251 "-" "Mozilla/5.0 (Windows; U; Windows NT 6.1; en-US; rv:1.9.1.5) Gecko/20091102 Firefox/3.5.5 (.NET CLR 3.5.30729)"
154.47.20.235 - - [30/Mar/2025:08:59:26 -0400] "GET /womens-suits-for-work/ HTTP/1.1" 404 1251 "-" "Mozilla/5.0 (Windows; U; Windows NT 6.1; en-US; rv:1.9.1.5) Gecko/20091102 Firefox/3.5.5 (.NET CLR 3.5.30729)"
154.47.20.235 - - [30/Mar/2025:08:59:33 -0400] "GET /the-renaissance-in-germany-painting/ HTTP/1.1" 404 1251 "-" "Mozilla/5.0 (Windows; U; Windows NT 6.1; en-US; rv:1.9.1.5) Gecko/20091102 Firefox/3.5.5 (.NET CLR 3.5.30729)"
154.47.20.235 - - [30/Mar/2025:08:59:37 -0400] "GET /what-is-the-pex-al-pex-pipe/ HTTP/1.1" 404 1251 "-" "Mozilla/5.0 (Windows; U; Windows NT 6.1; en-US; rv:1.9.1.5) Gecko/20091102 Firefox/3.5.5 (.NET CLR 3.5.30729)"
5.181.170.17 - - [30/Mar/2025:09:00:11 -0400] "GET /wp-login.php HTTP/1.1" 200 1716 "-" "Mozilla/5.0 (Windows NT 10.0; Win64; x64) AppleWebKit/537.36 (KHTML, like Gecko) Chrome/115.0.0.0 Safari/537.36 Edg/115.0.1901.203"
198.54.114.83 - - [30/Mar/2025:09:00:19 -0400] "POST /wp-cron.php?doing_wp_cron=1743339619.0655119419097900390625 HTTP/1.1" 200 0 "-" "WordPress/6.7.2; https://stannswarehouse.com"
5.181.170.17 - - [30/Mar/2025:09:00:13 -0400] "POST /wp-login.php HTTP/1.1" 200 1848 "https://stannswarehouse.com/wp-login.php" "Mozilla/5.0 (Windows NT 10.0; Win64; x64) AppleWebKit/537.36 (KHTML, like Gecko) Chrome/115.0.0.0 Safari/537.36 Edg/115.0.1901.203"
198.54.114.83 - - [30/Mar/2025:09:00:20 -0400] "POST /wp-admin/admin-ajax.php?action=async_litespeed&nonce=9bfaLW4mTxFIHIOjslWDMhZylMJv1HJ1&litespeed_type=imgoptm HTTP/1.1" 200 0 "-" "WordPress/6.7.2; https://stannswarehouse.com"
178.20.46.206 - - [30/Mar/2025:09:01:21 -0400] "GET /all-you-need-to-know-regarding-cbd-oil/ HTTP/1.1" 404 1251 "https://stannswarehouse.com/all-you-need-to-know-regarding-cbd-oil/" "Mozilla/5.0 (Windows NT 10.0; Win64; x64) AppleWebKit/537.36 (KHTML, like Gecko) Chrome/129.0.0.0 Safari/537.36"
178.20.46.206 - - [30/Mar/2025:09:01:22 -0400] "GET / HTTP/1.1" 200 156148 "https://stannswarehouse.com/" "Mozilla/5.0 (Windows NT 10.0; Win64; x64) AppleWebKit/537.36 (KHTML, like Gecko) Chrome/129.0.0.0 Safari/537.36"
45.148.10.172 - - [30/Mar/2025:09:01:55 -0400] "GET /.env HTTP/1.1" 404 1251 "-" "Mozilla/5.0 (X11; Linux x86_64) AppleWebKit/537.36 (KHTML, like Gecko) snap Chromium/76.0.3809.87 Chrome/76.0.3809.87 Safari/537.36"
34.169.216.138 - - [30/Mar/2025:09:05:00 -0400] "GET /how-a-photographer-can-improve-your-dating-profile/ HTTP/1.1" 404 1251 "-" "trafilatura/2.0.0 (+https://github.com/adbar/trafilatura)"
51.222.253.5 - - [30/Mar/2025:09:06:20 -0400] "GET /category/activity/page/47/ HTTP/1.1" 404 1251 "-" "Mozilla/5.0 (compatible; AhrefsBot/7.0; +http://ahrefs.com/robot/)"
114.119.140.48 - - [30/Mar/2025:09:13:43 -0400] "GET /the-benefits-of-wearing-socks/ HTTP/1.1" 404 1251 "https://stannswarehouse.com/a-brief-history-of-mens-g-string/" "Mozilla/5.0 (Linux; Android 7.0;) AppleWebKit/537.36 (KHTML, like Gecko) Mobile Safari/537.36 (compatible; PetalBot;+https://webmaster.petalsearch.com/site/petalbot)"
114.119.154.41 - - [30/Mar/2025:09:15:03 -0400] "GET /le-choix-ideal-pour-les-soirees-cosy/ HTTP/1.1" 404 1251 "https://stannswarehouse.com/exploring-the-terrahill-showflat-a-glimpse-into-luxury-living/" "Mozilla/5.0 (Linux; Android 7.0;) AppleWebKit/537.36 (KHTML, like Gecko) Mobile Safari/537.36 (compatible; PetalBot;+https://webmaster.petalsearch.com/site/petalbot)"
198.54.114.83 - - [30/Mar/2025:09:18:08 -0400] "POST /wp-admin/admin-ajax.php?action=async_litespeed&nonce=5dwtK1pVJa9z2lE4b5uPULz7Hf44Ovmt&litespeed_type=imgoptm HTTP/1.1" 200 0 "-" "WordPress/6.7.2; https://stannswarehouse.com"
93.183.94.206 - - [30/Mar/2025:09:20:52 -0400] "GET /all-you-need-to-know-regarding-cbd-oil/ HTTP/1.1" 404 1251 "https://stannswarehouse.com/all-you-need-to-know-regarding-cbd-oil/" "Mozilla/5.0 (Windows NT 10.0; Win64; x64) AppleWebKit/537.36 (KHTML, like Gecko) Chrome/130.0.0.0 Safari/537.36"
93.183.94.206 - - [30/Mar/2025:09:20:52 -0400] "GET /all-you-need-to-know-regarding-cbd-oil/ HTTP/1.1" 404 1251 "https://stannswarehouse.com/all-you-need-to-know-regarding-cbd-oil/" "Mozilla/5.0 (Windows NT 10.0; Win64; x64) AppleWebKit/537.36 (KHTML, like Gecko) Chrome/130.0.0.0 Safari/537.36"
93.183.94.206 - - [30/Mar/2025:09:20:53 -0400] "GET / HTTP/1.1" 200 156148 "https://stannswarehouse.com/" "Mozilla/5.0 (Windows NT 10.0; Win64; x64) AppleWebKit/537.36 (KHTML, like Gecko) Chrome/130.0.0.0 Safari/537.36"
93.183.94.206 - - [30/Mar/2025:09:20:53 -0400] "GET / HTTP/1.1" 200 156148 "https://stannswarehouse.com/" "Mozilla/5.0 (Windows NT 10.0; Win64; x64) AppleWebKit/537.36 (KHTML, like Gecko) Chrome/130.0.0.0 Safari/537.36"
8.210.108.0 - - [30/Mar/2025:09:23:26 -0400] "GET /navigating-the-thrills-and-risks-of-online-casinos HTTP/1.1" 404 1251 "-" "Mozilla/5.0 (Macintosh; Intel Mac OS X 10_15_7) AppleWebKit/537.36 (KHTML, like Gecko) Chrome/109.0.0.0 Safari/537.36"
34.169.175.120 - - [30/Mar/2025:09:24:57 -0400] "GET /tips-to-help-you-in-choosing-a-good-financial-recruitment-agency/ HTTP/1.1" 404 1251 "-" "trafilatura/2.0.0 (+https://github.com/adbar/trafilatura)"
198.54.114.83 - - [30/Mar/2025:09:28:17 -0400] "POST /wp-cron.php?doing_wp_cron=1743341297.4809799194335937500000 HTTP/1.1" 200 0 "-" "WordPress/6.7.2; https://stannswarehouse.com"
80.64.30.32 - - [30/Mar/2025:09:28:02 -0400] "GET /wp-login.php?wp_lang=en_US HTTP/1.1" 200 1717 "https://stannswarehouse.com/wp-login.php" "Mozilla/5.0 (Windows NT 10.0; Win64; x64) AppleWebKit/537.36 (KHTML, like Gecko) Chrome/134.0.0.0 Safari/537.36"
198.54.114.83 - - [30/Mar/2025:09:28:18 -0400] "POST /wp-admin/admin-ajax.php?action=async_litespeed&nonce=lVGLrFF5cpQqjMlGadAjIeDBN1YD57G4&litespeed_type=imgoptm HTTP/1.1" 200 0 "-" "WordPress/6.7.2; https://stannswarehouse.com"
80.64.30.32 - - [30/Mar/2025:09:28:23 -0400] "POST /wp-login.php?wp_lang=en_US HTTP/1.1" 200 0 "https://stannswarehouse.com/wp-login.php" "Mozilla/5.0 (Windows NT 10.0; Win64; x64) AppleWebKit/537.36 (KHTML, like Gecko) Chrome/134.0.0.0 Safari/537.36"
198.54.114.83 - - [30/Mar/2025:09:29:02 -0400] "POST /wp-cron.php?doing_wp_cron=1743341342.0271348953247070312500 HTTP/1.1" 200 0 "-" "WordPress/6.7.2; https://stannswarehouse.com"
60.174.215.251 - - [30/Mar/2025:09:29:01 -0400] "POST /wp-login.php?wp_lang=en_US HTTP/1.1" 200 1843 "https://stannswarehouse.com/wp-login.php" "Mozilla/5.0 (Windows NT 10.0; Win64; x64) AppleWebKit/537.36 (KHTML, like Gecko) Chrome/134.0.0.0 Safari/537.36"
80.64.30.32 - - [30/Mar/2025:09:29:04 -0400] "GET /xmlrpc.php HTTP/1.1" 405 46 "https://stannswarehouse.com/xmlrpc.php" "Mozilla/5.0 (Windows NT 10.0; Win64; x64) AppleWebKit/537.36 (KHTML, like Gecko) Chrome/134.0.0.0 Safari/537.36"
80.64.30.32 - - [30/Mar/2025:09:29:09 -0400] "POST /xmlrpc.php HTTP/1.1" 200 0 "https://stannswarehouse.com/xmlrpc.php" "Mozilla/5.0 (Windows NT 10.0; Win64; x64) AppleWebKit/537.36 (KHTML, like Gecko) Chrome/134.0.0.0 Safari/537.36"
198.54.114.83 - - [30/Mar/2025:09:29:45 -0400] "POST /wp-cron.php?doing_wp_cron=1743341385.6823470592498779296875 HTTP/1.1" 200 0 "-" "WordPress/6.7.2; https://stannswarehouse.com"
92.100.129.98 - - [30/Mar/2025:09:29:45 -0400] "POST /xmlrpc.php HTTP/1.1" 200 186 "https://stannswarehouse.com/xmlrpc.php" "Mozilla/5.0 (Windows NT 10.0; Win64; x64) AppleWebKit/537.36 (KHTML, like Gecko) Chrome/134.0.0.0 Safari/537.36"
198.54.114.83 - - [30/Mar/2025:09:29:46 -0400] "POST /wp-admin/admin-ajax.php?action=async_litespeed&nonce=GTatgGMRjlxIEUuwdP4xyZt6gOxhdsxz&litespeed_type=imgoptm HTTP/1.1" 200 5 "-" "WordPress/6.7.2; https://stannswarehouse.com"
51.222.253.16 - - [30/Mar/2025:09:31:25 -0400] "GET /page/48/ HTTP/1.1" 404 1251 "-" "Mozilla/5.0 (compatible; AhrefsBot/7.0; +http://ahrefs.com/robot/)"
178.128.109.146 - - [30/Mar/2025:09:34:18 -0400] "GET /wp-login.php HTTP/1.1" 200 1716 "-" "Mozilla/5.0 (X11; Linux x86_64; rv:121.0) Gecko/20100101 Firefox/121.0"
198.54.114.83 - - [30/Mar/2025:09:34:26 -0400] "POST /wp-cron.php?doing_wp_cron=1743341666.0587100982666015625000 HTTP/1.1" 200 0 "-" "WordPress/6.7.2; https://stannswarehouse.com"
178.128.109.146 - - [30/Mar/2025:09:34:19 -0400] "POST /wp-login.php HTTP/1.1" 200 1843 "-" "Mozilla/5.0 (X11; Linux x86_64; rv:121.0) Gecko/20100101 Firefox/121.0"
198.54.114.83 - - [30/Mar/2025:09:34:27 -0400] "POST /wp-admin/admin-ajax.php?action=async_litespeed&nonce=YnFt4KWVs83qdexzulXd5ZWWF6O2WEQ6&litespeed_type=imgoptm HTTP/1.1" 200 0 "-" "WordPress/6.7.2; https://stannswarehouse.com"
178.128.109.146 - - [30/Mar/2025:09:34:31 -0400] "POST /wp-login.php HTTP/1.1" 200 0 "-" "Mozilla/5.0 (X11; Linux x86_64; rv:121.0) Gecko/20100101 Firefox/121.0"
198.54.114.83 - - [30/Mar/2025:09:36:40 -0400] "POST /wp-cron.php?doing_wp_cron=1743341800.3187880516052246093750 HTTP/1.1" 200 0 "-" "WordPress/6.7.2; https://stannswarehouse.com"
80.64.30.32 - - [30/Mar/2025:09:36:24 -0400] "GET /wp-login.php?wp_lang=en_US HTTP/1.1" 200 1717 "https://stannswarehouse.com/wp-login.php" "Mozilla/5.0 (Windows NT 10.0; Win64; x64; rv:136.0) Gecko/20100101 Firefox/136.0"
198.54.114.83 - - [30/Mar/2025:09:36:42 -0400] "POST /wp-admin/admin-ajax.php?action=async_litespeed&nonce=6Y5GRy0eRzbKqYtWX5ca3Iag3C1n4QtK&litespeed_type=imgoptm HTTP/1.1" 200 0 "-" "WordPress/6.7.2; https://stannswarehouse.com"
47.79.108.173 - - [30/Mar/2025:09:36:59 -0400] "GET / HTTP/1.1" 200 156148 "https://www.google.com/" "Mozilla/5.0 (Linux; Android 10; K) AppleWebKit/537.36 (KHTML, like Gecko) Chrome/132.0.0.0 Mobile Safari/537.36"
80.64.30.32 - - [30/Mar/2025:09:36:46 -0400] "POST /wp-login.php?wp_lang=en_US HTTP/1.1" 200 0 "https://stannswarehouse.com/wp-login.php" "Mozilla/5.0 (Windows NT 10.0; Win64; x64; rv:136.0) Gecko/20100101 Firefox/136.0"
177.136.44.6 - - [30/Mar/2025:09:37:20 -0400] "POST /wp-login.php?wp_lang=en_US HTTP/1.1" 200 1843 "https://stannswarehouse.com/wp-login.php" "Mozilla/5.0 (Windows NT 10.0; Win64; x64; rv:136.0) Gecko/20100101 Firefox/136.0"
80.64.30.32 - - [30/Mar/2025:09:37:23 -0400] "GET /xmlrpc.php HTTP/1.1" 405 46 "https://stannswarehouse.com/xmlrpc.php" "Mozilla/5.0 (Windows NT 10.0; Win64; x64) AppleWebKit/537.36 (KHTML, like Gecko) Chrome/134.0.0.0 Safari/537.36"
80.64.30.32 - - [30/Mar/2025:09:37:29 -0400] "POST /xmlrpc.php HTTP/1.1" 200 0 "https://stannswarehouse.com/xmlrpc.php" "Mozilla/5.0 (Windows NT 10.0; Win64; x64) AppleWebKit/537.36 (KHTML, like Gecko) Chrome/134.0.0.0 Safari/537.36"
178.140.18.244 - - [30/Mar/2025:09:38:04 -0400] "POST /xmlrpc.php HTTP/1.1" 200 186 "https://stannswarehouse.com/xmlrpc.php" "Mozilla/5.0 (Windows NT 10.0; Win64; x64) AppleWebKit/537.36 (KHTML, like Gecko) Chrome/134.0.0.0 Safari/537.36"
114.119.128.35 - - [30/Mar/2025:09:40:13 -0400] "GET /page/33/ HTTP/1.1" 404 1251 "https://stannswarehouse.com/page/34/" "Mozilla/5.0 (Linux; Android 7.0;) AppleWebKit/537.36 (KHTML, like Gecko) Mobile Safari/537.36 (compatible; PetalBot;+https://webmaster.petalsearch.com/site/petalbot)"
114.119.128.143 - - [30/Mar/2025:09:41:35 -0400] "GET /increase-youtube-comment-likes/ HTTP/1.1" 404 1251 "https://stannswarehouse.com/youtube-improves-comment-moderation-and-pin-comments-to-the-top-of-the-list-of-replies/" "Mozilla/5.0 (Linux; Android 7.0;) AppleWebKit/537.36 (KHTML, like Gecko) Mobile Safari/537.36 (compatible; PetalBot;+https://webmaster.petalsearch.com/site/petalbot)"
114.119.149.43 - - [30/Mar/2025:09:42:59 -0400] "GET /discovering-nusa-penida-a-journey-into-indonesian-paradise/ HTTP/1.1" 404 1251 "https://stannswarehouse.com/maximizing-impact-with-link-shorteners/" "Mozilla/5.0 (Linux; Android 7.0;) AppleWebKit/537.36 (KHTML, like Gecko) Mobile Safari/537.36 (compatible; PetalBot;+https://webmaster.petalsearch.com/site/petalbot)"
114.119.145.216 - - [30/Mar/2025:09:44:23 -0400] "GET /decouvrez-une-evasion-culinaire-exquise/ HTTP/1.1" 404 1251 "https://stannswarehouse.com/komfort-und-stil-vereint/" "Mozilla/5.0 (Linux; Android 7.0;) AppleWebKit/537.36 (KHTML, like Gecko) Mobile Safari/537.36 (compatible; PetalBot;+https://webmaster.petalsearch.com/site/petalbot)"
198.54.114.83 - - [30/Mar/2025:09:45:42 -0400] "POST /wp-cron.php?doing_wp_cron=1743342342.7536740303039550781250 HTTP/1.1" 200 0 "-" "WordPress/6.7.2; https://stannswarehouse.com"
80.64.30.32 - - [30/Mar/2025:09:45:22 -0400] "GET /wp-login.php?wp_lang=en_US HTTP/1.1" 200 1717 "https://stannswarehouse.com/wp-login.php" "Mozilla/5.0 (Windows NT 10.0; Win64; x64) AppleWebKit/537.36 (KHTML, like Gecko) Chrome/134.0.0.0 Safari/537.36"
198.54.114.83 - - [30/Mar/2025:09:45:44 -0400] "POST /wp-admin/admin-ajax.php?action=async_litespeed&nonce=JBi3jaSAxbpLWq0G3GVMYRc4WpdPEQNG&litespeed_type=imgoptm HTTP/1.1" 200 0 "-" "WordPress/6.7.2; https://stannswarehouse.com"
114.119.128.143 - - [30/Mar/2025:09:45:47 -0400] "GET /category/activity/page/47/ HTTP/1.1" 404 1251 "https://stannswarehouse.com/category/activity/page/47/" "Mozilla/5.0 (Linux; Android 7.0;) AppleWebKit/537.36 (KHTML, like Gecko) Mobile Safari/537.36 (compatible; PetalBot;+https://webmaster.petalsearch.com/site/petalbot)"
80.64.30.32 - - [30/Mar/2025:09:45:48 -0400] "POST /wp-login.php?wp_lang=en_US HTTP/1.1" 200 0 "https://stannswarehouse.com/wp-login.php" "Mozilla/5.0 (Windows NT 10.0; Win64; x64) AppleWebKit/537.36 (KHTML, like Gecko) Chrome/134.0.0.0 Safari/537.36"
198.54.114.83 - - [30/Mar/2025:09:46:21 -0400] "POST /wp-cron.php?doing_wp_cron=1743342381.5948770046234130859375 HTTP/1.1" 200 0 "-" "WordPress/6.7.2; https://stannswarehouse.com"
45.168.56.1 - - [30/Mar/2025:09:46:21 -0400] "POST /wp-login.php?wp_lang=en_US HTTP/1.1" 200 1843 "https://stannswarehouse.com/wp-login.php" "Mozilla/5.0 (Windows NT 10.0; Win64; x64) AppleWebKit/537.36 (KHTML, like Gecko) Chrome/134.0.0.0 Safari/537.36"
198.54.114.83 - - [30/Mar/2025:09:46:22 -0400] "POST /wp-cron.php?doing_wp_cron=1743342382.7388169765472412109375 HTTP/1.1" 200 0 "-" "WordPress/6.7.2; https://stannswarehouse.com"
80.64.30.32 - - [30/Mar/2025:09:46:22 -0400] "GET /xmlrpc.php HTTP/1.1" 405 46 "https://stannswarehouse.com/xmlrpc.php" "Mozilla/5.0 (Windows NT 10.0; Win64; x64) AppleWebKit/537.36 (KHTML, like Gecko) Chrome/134.0.0.0 Safari/537.36"
198.54.114.83 - - [30/Mar/2025:09:46:23 -0400] "POST /wp-admin/admin-ajax.php?action=async_litespeed&nonce=4AUR5WaW7q0ninm5WqY0JpPAstQyfJc9&litespeed_type=imgoptm HTTP/1.1" 200 5 "-" "WordPress/6.7.2; https://stannswarehouse.com"
80.64.30.32 - - [30/Mar/2025:09:46:28 -0400] "POST /xmlrpc.php HTTP/1.1" 200 0 "https://stannswarehouse.com/xmlrpc.php" "Mozilla/5.0 (Windows NT 10.0; Win64; x64) AppleWebKit/537.36 (KHTML, like Gecko) Chrome/134.0.0.0 Safari/537.36"
198.54.114.83 - - [30/Mar/2025:09:47:03 -0400] "POST /wp-cron.php?doing_wp_cron=1743342423.5648329257965087890625 HTTP/1.1" 200 0 "-" "WordPress/6.7.2; https://stannswarehouse.com"
49.85.194.146 - - [30/Mar/2025:09:47:03 -0400] "POST /xmlrpc.php HTTP/1.1" 200 186 "https://stannswarehouse.com/xmlrpc.php" "Mozilla/5.0 (Windows NT 10.0; Win64; x64) AppleWebKit/537.36 (KHTML, like Gecko) Chrome/134.0.0.0 Safari/537.36"
85.208.96.199 - - [30/Mar/2025:09:50:48 -0400] "GET /robots.txt HTTP/1.1" 304 0 "-" "Mozilla/5.0 (compatible; SemrushBot/7~bl; +http://www.semrush.com/bot.html)"
85.208.96.207 - - [30/Mar/2025:09:50:49 -0400] "GET /reverse-program-weight-loss/ HTTP/1.1" 404 1251 "-" "Mozilla/5.0 (compatible; SemrushBot/7~bl; +http://www.semrush.com/bot.html)"
109.236.93.77 - - [30/Mar/2025:09:52:42 -0400] "GET /plumbing-financing-boosts-customer-satisfaction-and-grows-revenue HTTP/1.1" 404 1251 "-" "Mozilla/5.0 (Windows NT 10.0; Win64; x64) AppleWebKit/537.36 (KHTML, like Gecko) Chrome/118.0.0.0 Safari/537.36"
121.237.36.28 - - [30/Mar/2025:09:54:11 -0400] "GET /favicon.ico HTTP/1.1" 404 1251 "-" "Dalvik/2.1.0 (Linux; U; Android 9.0; ZTE BA520 Build/MRA58K)"
51.222.253.1 - - [30/Mar/2025:09:57:44 -0400] "GET /un-symbole-de-confort-et-delegance/feed/ HTTP/1.1" 404 1251 "-" "Mozilla/5.0 (compatible; AhrefsBot/7.0; +http://ahrefs.com/robot/)"
114.119.145.187 - - [30/Mar/2025:09:57:48 -0400] "GET /make-beautiful-earrings-necklaces-and-bracelets-with-paper-quilling-jewelry/ HTTP/1.1" 404 1251 "https://stannswarehouse.com/page/61/" "Mozilla/5.0 (Linux; Android 7.0;) AppleWebKit/537.36 (KHTML, like Gecko) Mobile Safari/537.36 (compatible; PetalBot;+https://webmaster.petalsearch.com/site/petalbot)"
114.119.145.187 - - [30/Mar/2025:09:59:10 -0400] "GET /how-to-find-the-best-sandals-for-your-lifestyle/ HTTP/1.1" 404 1251 "https://stannswarehouse.com/how-to-find-the-best-sandals-for-your-lifestyle/" "Mozilla/5.0 (Linux; Android 7.0;) AppleWebKit/537.36 (KHTML, like Gecko) Mobile Safari/537.36 (compatible; PetalBot;+https://webmaster.petalsearch.com/site/petalbot)"
121.237.36.28 - - [30/Mar/2025:09:59:22 -0400] "GET / HTTP/1.1" 200 156148 "-" "Mozilla/5.0 (Macintosh; Intel Mac OS X 10_11) AppleWebKit/601.1.27 (KHTML, like Gecko) Chrome/47.0.2526.106 Safari/601.1.27"
121.237.36.27 - - [30/Mar/2025:10:00:27 -0400] "GET / HTTP/1.1" 200 156148 "-" "Dalvik/2.1.0 (Linux; U; Android 9.0; ZTE BA520 Build/MRA58K)"
114.119.134.79 - - [30/Mar/2025:10:00:41 -0400] "GET /a-relaxed-refreshed-airline-passenger-is-a-happier-more-loyal-customer/ HTTP/1.1" 404 1251 "https://stannswarehouse.com/page/129/" "Mozilla/5.0 (Linux; Android 7.0;) AppleWebKit/537.36 (KHTML, like Gecko) Mobile Safari/537.36 (compatible; PetalBot;+https://webmaster.petalsearch.com/site/petalbot)"
134.17.14.122 - - [30/Mar/2025:10:01:00 -0400] "GET /nope.php HTTP/1.1" 404 1251 "-" "Mozilla/4.0 (compatible; MSIE 6.0; Windows NT 5.1; SV1)"
114.119.134.79 - - [30/Mar/2025:10:01:58 -0400] "GET /decouvrez-le-bienfait-du-massage-thai-a-geneve/ HTTP/1.1" 404 1251 "https://stannswarehouse.com/category/activity/page/25/" "Mozilla/5.0 (Linux; Android 7.0;) AppleWebKit/537.36 (KHTML, like Gecko) Mobile Safari/537.36 (compatible; PetalBot;+https://webmaster.petalsearch.com/site/petalbot)"
18.233.229.81 - - [30/Mar/2025:10:02:42 -0400] "GET /the-role-of-industrial-water-tanks/ HTTP/1.1" 404 1251 "-" "Grammarly/1.0 (http://www.grammarly.com)"
121.237.36.27 - - [30/Mar/2025:10:02:45 -0400] "GET / HTTP/1.1" 200 156148 "-" "Mozilla/5.0 (Linux; Android 7.0; SM-C5000 Build/NRD90M; wv) AppleWebKit/537.36 (KHTML, like Gecko) Version/4.0 Chrome/57.0.2987.132 MQQBrowser/6.2 TBS/043906 Mobile Safari/537.36 MicroMessenger/6.5.23.1180 NetType/WIFI Language/zh_CN"
85.208.96.194 - - [30/Mar/2025:10:05:25 -0400] "GET /category/activity/page/97/ HTTP/1.1" 404 1251 "-" "Mozilla/5.0 (compatible; SemrushBot/7~bl; +http://www.semrush.com/bot.html)"
209.38.146.230 - - [30/Mar/2025:10:06:43 -0400] "GET /wp-login.php HTTP/1.1" 200 1716 "-" "Mozilla/5.0 (X11; Linux x86_64; rv:121.0) Gecko/20100101 Firefox/121.0"
209.38.146.230 - - [30/Mar/2025:10:06:43 -0400] "POST /wp-login.php HTTP/1.1" 200 0 "-" "Mozilla/5.0 (X11; Linux x86_64; rv:121.0) Gecko/20100101 Firefox/121.0"
121.229.156.84 - - [30/Mar/2025:10:07:27 -0400] "GET / HTTP/1.1" 200 156148 "-" "Sogou web spider/4.0(+http://www.sogou.com/docs/help/webmasters.htm#07)"
44.211.20.232 - - [30/Mar/2025:10:09:48 -0400] "GET /efficient-file-transfer-solutions-streamlining-data-exchange/ HTTP/1.1" 404 1251 "-" "Grammarly/1.0 (http://www.grammarly.com)"
183.134.59.131 - - [30/Mar/2025:10:10:24 -0400] "GET / HTTP/1.1" 200 156148 "-" "Dalvik/2.1.0 (Linux; U; Android 9.0; ZTE BA520 Build/MRA58K)"
2400:9800:362:5993:1453:a251:b28e:4e72 - - [30/Mar/2025:10:12:29 -0400] "POST /wp-login.php HTTP/1.1" 200 1843 "https://stannswarehouse.com/wp-admin/" "Mozilla/5.0 (Windows NT 10.0; Win64; x64) AppleWebKit/537.36 (KHTML, like Gecko) Chrome/90.0.4430.85 Safari/537.36"
2400:9800:362:5993:1453:a251:b28e:4e72 - - [30/Mar/2025:10:12:34 -0400] "GET /wp-admin/ HTTP/1.1" 302 0 "www.google.com" "Mozilla/5.0 (Windows NT 10.0; Win64; x64) AppleWebKit/537.36 (KHTML, like Gecko) Chrome/90.0.4430.85 Safari/537.36"
2400:9800:362:5993:1453:a251:b28e:4e72 - - [30/Mar/2025:10:12:35 -0400] "GET /wp-login.php?redirect_to=https%3A%2F%2Fstannswarehouse.com%2Fwp-admin%2F&reauth=1 HTTP/1.1" 200 1717 "www.google.com" "Mozilla/5.0 (Windows NT 10.0; Win64; x64) AppleWebKit/537.36 (KHTML, like Gecko) Chrome/90.0.4430.85 Safari/537.36"
114.119.149.43 - - [30/Mar/2025:10:16:23 -0400] "GET /teaser/ HTTP/1.1" 404 1251 "https://stannswarehouse.com/category/activity/page/94/" "Mozilla/5.0 (Linux; Android 7.0;) AppleWebKit/537.36 (KHTML, like Gecko) Mobile Safari/537.36 (compatible; PetalBot;+https://webmaster.petalsearch.com/site/petalbot)"
114.119.134.79 - - [30/Mar/2025:10:17:50 -0400] "GET /page/19/ HTTP/1.1" 404 1251 "https://stannswarehouse.com/page/18/" "Mozilla/5.0 (Linux; Android 7.0;) AppleWebKit/537.36 (KHTML, like Gecko) Mobile Safari/537.36 (compatible; PetalBot;+https://webmaster.petalsearch.com/site/petalbot)"
114.119.154.41 - - [30/Mar/2025:10:19:13 -0400] "GET /optimizing-your-space-the-marvels-of-a-custom-built-wardrobe/ HTTP/1.1" 404 1251 "https://stannswarehouse.com/optimizing-your-space-the-marvels-of-a-custom-built-wardrobe/" "Mozilla/5.0 (Linux; Android 7.0;) AppleWebKit/537.36 (KHTML, like Gecko) Mobile Safari/537.36 (compatible; PetalBot;+https://webmaster.petalsearch.com/site/petalbot)"
24.92.145.35 - - [30/Mar/2025:10:19:46 -0400] "GET /wp-login.php HTTP/1.1" 200 1716 "-" "Mozilla/5.0 (Windows NT 10.0; Win64; x64) AppleWebKit/537.36 (KHTML, like Gecko) Chrome/115.0.0.0 Safari/537.36 Edg/115.0.1901.203"
198.54.114.83 - - [30/Mar/2025:10:19:54 -0400] "POST /wp-cron.php?doing_wp_cron=1743344394.2616419792175292968750 HTTP/1.1" 200 0 "-" "WordPress/6.7.2; https://stannswarehouse.com"
188.53.127.86 - - [30/Mar/2025:10:19:49 -0400] "POST /wp-login.php HTTP/1.1" 200 1848 "https://stannswarehouse.com/wp-login.php" "Mozilla/5.0 (Windows NT 10.0; Win64; x64) AppleWebKit/537.36 (KHTML, like Gecko) Chrome/115.0.0.0 Safari/537.36 Edg/115.0.1901.203"
198.54.114.83 - - [30/Mar/2025:10:19:56 -0400] "POST /wp-admin/admin-ajax.php?action=async_litespeed&nonce=c9F4skZWZTHqkFuqzowuqNO6nhayyjFg&litespeed_type=imgoptm HTTP/1.1" 200 0 "-" "WordPress/6.7.2; https://stannswarehouse.com"
51.222.253.5 - - [30/Mar/2025:10:24:26 -0400] "GET /elegance-intemporelle-accessoires-pour-femmes/feed/ HTTP/1.1" 404 1251 "-" "Mozilla/5.0 (compatible; AhrefsBot/7.0; +http://ahrefs.com/robot/)"
202.69.38.12 - - [30/Mar/2025:10:27:41 -0400] "HEAD / HTTP/1.1" 200 0 "https://stannswarehouse.com/" "Mozilla/5.0 (Windows NT 10.0; Win64; x64) AppleWebKit/537.36 (KHTML, like Gecko) Chrome/91.0.4472.124 Safari/537.36"
202.69.38.12 - - [30/Mar/2025:10:27:43 -0400] "GET /adminfuns.php HTTP/1.1" 404 1251 "https://www.google.com/" "Mozilla/5.0 (Windows NT 10.0; Win64; x64) AppleWebKit/537.36 (KHTML, like Gecko) Chrome/91.0.4472.124 Safari/537.36"
202.69.38.12 - - [30/Mar/2025:10:27:44 -0400] "GET /tempfuns.php HTTP/1.1" 404 1251 "https://www.google.com/" "Mozilla/5.0 (Windows NT 10.0; Win64; x64) AppleWebKit/537.36 (KHTML, like Gecko) Chrome/91.0.4472.124 Safari/537.36"
202.69.38.12 - - [30/Mar/2025:10:27:45 -0400] "GET /thoms.php HTTP/1.1" 404 1251 "https://www.google.com/" "Mozilla/5.0 (Windows NT 10.0; Win64; x64) AppleWebKit/537.36 (KHTML, like Gecko) Chrome/91.0.4472.124 Safari/537.36"
202.69.38.12 - - [30/Mar/2025:10:27:47 -0400] "GET /classfuns.php HTTP/1.1" 404 1251 "https://www.google.com/" "Mozilla/5.0 (Windows NT 10.0; Win64; x64) AppleWebKit/537.36 (KHTML, like Gecko) Chrome/91.0.4472.124 Safari/537.36"
202.69.38.12 - - [30/Mar/2025:10:27:48 -0400] "GET /userfuns.php HTTP/1.1" 404 1251 "https://www.google.com/" "Mozilla/5.0 (Windows NT 10.0; Win64; x64) AppleWebKit/537.36 (KHTML, like Gecko) Chrome/91.0.4472.124 Safari/537.36"
202.69.38.12 - - [30/Mar/2025:10:27:49 -0400] "GET /termps.php HTTP/1.1" 404 1251 "https://www.google.com/" "Mozilla/5.0 (Windows NT 10.0; Win64; x64) AppleWebKit/537.36 (KHTML, like Gecko) Chrome/91.0.4472.124 Safari/537.36"
202.69.38.12 - - [30/Mar/2025:10:27:50 -0400] "GET /inputs.php HTTP/1.1" 404 1251 "https://www.google.com/" "Mozilla/5.0 (Windows NT 10.0; Win64; x64) AppleWebKit/537.36 (KHTML, like Gecko) Chrome/91.0.4472.124 Safari/537.36"
202.69.38.12 - - [30/Mar/2025:10:27:52 -0400] "GET /connects.php HTTP/1.1" 404 1251 "https://www.google.com/" "Mozilla/5.0 (Windows NT 10.0; Win64; x64) AppleWebKit/537.36 (KHTML, like Gecko) Chrome/91.0.4472.124 Safari/537.36"
202.69.38.12 - - [30/Mar/2025:10:27:53 -0400] "GET /hplfuns.php HTTP/1.1" 404 1251 "https://www.google.com/" "Mozilla/5.0 (Windows NT 10.0; Win64; x64) AppleWebKit/537.36 (KHTML, like Gecko) Chrome/91.0.4472.124 Safari/537.36"
202.69.38.12 - - [30/Mar/2025:10:27:54 -0400] "GET /filefuns.php HTTP/1.1" 404 1251 "https://www.google.com/" "Mozilla/5.0 (Windows NT 10.0; Win64; x64) AppleWebKit/537.36 (KHTML, like Gecko) Chrome/91.0.4472.124 Safari/537.36"
202.69.38.12 - - [30/Mar/2025:10:27:55 -0400] "GET /wp-content/termps.php HTTP/1.1" 404 1251 "https://www.google.com/" "Mozilla/5.0 (Windows NT 10.0; Win64; x64) AppleWebKit/537.36 (KHTML, like Gecko) Chrome/91.0.4472.124 Safari/537.36"
202.69.38.12 - - [30/Mar/2025:10:27:56 -0400] "GET /wp-admin/termps.php HTTP/1.1" 404 1251 "https://www.google.com/" "Mozilla/5.0 (Windows NT 10.0; Win64; x64) AppleWebKit/537.36 (KHTML, like Gecko) Chrome/91.0.4472.124 Safari/537.36"
202.69.38.12 - - [30/Mar/2025:10:27:57 -0400] "GET /wp-includes/termps.php HTTP/1.1" 404 1251 "https://www.google.com/" "Mozilla/5.0 (Windows NT 10.0; Win64; x64) AppleWebKit/537.36 (KHTML, like Gecko) Chrome/91.0.4472.124 Safari/537.36"
104.167.24.16 - - [30/Mar/2025:10:33:22 -0400] "GET /diamond-painting-accessories/ HTTP/1.1" 404 1251 "-" "Mozilla/5.0 (X11; Linux i686) AppleWebKit/537.36 (KHTML, like Gecko) Chrome/114.0.0.0 Safari/537.36 Vivaldi/5.3.2679.68"
104.167.24.16 - - [30/Mar/2025:10:33:24 -0400] "GET / HTTP/1.1" 200 156148 "-" "Mozilla/5.0 (X11; Linux i686) AppleWebKit/537.36 (KHTML, like Gecko) Chrome/114.0.0.0 Safari/537.36 Vivaldi/5.3.2679.68"
52.167.144.236 - - [30/Mar/2025:10:36:33 -0400] "GET /unlocking-the-world-of-entertainment-the-roblox-gift-card/ HTTP/1.1" 404 1251 "-" "Mozilla/5.0 AppleWebKit/537.36 (KHTML, like Gecko; compatible; bingbot/2.0; +http://www.bing.com/bingbot.htm) Chrome/116.0.1938.76 Safari/537.36"
114.119.128.35 - - [30/Mar/2025:10:42:03 -0400] "GET /vietnam-takes-top-in-list-of-must-visit-destinations/ HTTP/1.1" 404 1251 "https://stannswarehouse.com/page/108/" "Mozilla/5.0 (Linux; Android 7.0;) AppleWebKit/537.36 (KHTML, like Gecko) Mobile Safari/537.36 (compatible; PetalBot;+https://webmaster.petalsearch.com/site/petalbot)"
114.119.154.41 - - [30/Mar/2025:10:43:23 -0400] "GET /page/4/ HTTP/1.1" 404 1251 "https://stannswarehouse.com/page/4/" "Mozilla/5.0 (Linux; Android 7.0;) AppleWebKit/537.36 (KHTML, like Gecko) Mobile Safari/537.36 (compatible; PetalBot;+https://webmaster.petalsearch.com/site/petalbot)"
114.119.140.48 - - [30/Mar/2025:10:44:47 -0400] "GET /navigating-the-terrain-of-fast-cash-loans/ HTTP/1.1" 404 1251 "https://stannswarehouse.com/navigating-loan-options-for-foreigners-in-singapore/" "Mozilla/5.0 (Linux; Android 7.0;) AppleWebKit/537.36 (KHTML, like Gecko) Mobile Safari/537.36 (compatible; PetalBot;+https://webmaster.petalsearch.com/site/petalbot)"
18.233.229.81 - - [30/Mar/2025:10:45:24 -0400] "GET /efficient-file-transfer-solutions-streamlining-data-exchange/ HTTP/1.1" 404 1251 "-" "Grammarly/1.0 (http://www.grammarly.com)"
114.119.145.187 - - [30/Mar/2025:10:46:11 -0400] "GET /how-to-buy-the-right-golf-cart-bag/ HTTP/1.1" 404 1251 "https://stannswarehouse.com/portland-family-based-immigration-lawyer/" "Mozilla/5.0 (Linux; Android 7.0;) AppleWebKit/537.36 (KHTML, like Gecko) Mobile Safari/537.36 (compatible; PetalBot;+https://webmaster.petalsearch.com/site/petalbot)"
114.119.140.48 - - [30/Mar/2025:10:47:35 -0400] "GET /what-are-michael-kors-handbags-made-of/ HTTP/1.1" 404 1251 "https://stannswarehouse.com/page/136/" "Mozilla/5.0 (Linux; Android 7.0;) AppleWebKit/537.36 (KHTML, like Gecko) Mobile Safari/537.36 (compatible; PetalBot;+https://webmaster.petalsearch.com/site/petalbot)"
114.119.134.79 - - [30/Mar/2025:10:48:56 -0400] "GET /a-brief-history-of-mens-g-string/ HTTP/1.1" 404 1251 "https://stannswarehouse.com/materials-used-in-socks/" "Mozilla/5.0 (Linux; Android 7.0;) AppleWebKit/537.36 (KHTML, like Gecko) Mobile Safari/537.36 (compatible; PetalBot;+https://webmaster.petalsearch.com/site/petalbot)"
114.119.134.79 - - [30/Mar/2025:10:50:21 -0400] "GET /the-revival-of-encaustic-tiles/ HTTP/1.1" 404 1251 "https://stannswarehouse.com/page/136/" "Mozilla/5.0 (Linux; Android 7.0;) AppleWebKit/537.36 (KHTML, like Gecko) Mobile Safari/537.36 (compatible; PetalBot;+https://webmaster.petalsearch.com/site/petalbot)"
51.222.253.7 - - [30/Mar/2025:10:51:28 -0400] "GET /revolutionizing-front-desk-operations-the-rise-of-remote-receptionists/feed/ HTTP/1.1" 404 1251 "-" "Mozilla/5.0 (compatible; AhrefsBot/7.0; +http://ahrefs.com/robot/)"
192.42.116.199 - - [30/Mar/2025:10:52:38 -0400] "GET / HTTP/1.1" 200 156148 "https://stannswarehouse.com" "Mozilla/5.0 (Windows NT 10.0; Win64; x64) AppleWebKit/537.36 (KHTML, like Gecko) Chrome/83.0.4086.0 Safari/537.36"
47.128.16.161 - - [30/Mar/2025:10:53:12 -0400] "GET /robots.txt HTTP/1.1" 200 23 "-" "Go-http-client/2.0"
47.128.121.78 - - [30/Mar/2025:10:57:12 -0400] "GET /how-to-backup-emails-files-in-office-365/ HTTP/1.1" 404 1251 "-" "Mozilla/5.0 (Linux; Android 5.0) AppleWebKit/537.36 (KHTML, like Gecko) Mobile Safari/537.36 (compatible; TikTokSpider; ttspider-feedback@tiktok.com)"
114.119.145.216 - - [30/Mar/2025:11:01:12 -0400] "GET /page/91/ HTTP/1.1" 404 1251 "https://stannswarehouse.com/page/90/" "Mozilla/5.0 (Linux; Android 7.0;) AppleWebKit/537.36 (KHTML, like Gecko) Mobile Safari/537.36 (compatible; PetalBot;+https://webmaster.petalsearch.com/site/petalbot)"
114.119.149.43 - - [30/Mar/2025:11:02:34 -0400] "GET /unveiling-the-pitfalls-of-buying-instagram-likes/ HTTP/1.1" 404 1251 "https://stannswarehouse.com/unveiling-the-pitfalls-of-buying-instagram-likes/" "Mozilla/5.0 (Linux; Android 7.0;) AppleWebKit/537.36 (KHTML, like Gecko) Mobile Safari/537.36 (compatible; PetalBot;+https://webmaster.petalsearch.com/site/petalbot)"
172.126.122.162 - - [30/Mar/2025:11:03:33 -0400] "GET / HTTP/1.1" 200 156148 "-" "Timpibot/0.9 (+http://www.timpi.io)"
209.38.146.230 - - [30/Mar/2025:11:17:56 -0400] "GET /wp-login.php HTTP/1.1" 200 1716 "-" "Mozilla/5.0 (Linux; Android 12; Redmi Note 9 Pro Build/SKQ1.211019.001; wv) AppleWebKit/537.36 (KHTML, like Gecko) Version/4.0 Chrome/126.0.6478.71 Mobile Safari/537.36"
114.119.149.43 - - [30/Mar/2025:11:18:33 -0400] "GET /transformative-care-at-home-weymouth-enhancing-lives-through-personalized-support/ HTTP/1.1" 404 1251 "https://stannswarehouse.com/transformative-care-at-home-weymouth-enhancing-lives-through-personalized-support/" "Mozilla/5.0 (Linux; Android 7.0;) AppleWebKit/537.36 (KHTML, like Gecko) Mobile Safari/537.36 (compatible; PetalBot;+https://webmaster.petalsearch.com/site/petalbot)"
51.222.253.4 - - [30/Mar/2025:11:19:30 -0400] "GET / HTTP/1.1" 200 156148 "-" "Mozilla/5.0 (compatible; AhrefsBot/7.0; +http://ahrefs.com/robot/)"
178.18.252.165 - - [30/Mar/2025:11:19:41 -0400] "GET /dp/B0C2RXN77R HTTP/1.1" 404 1251 "-" "Mozilla/5.0 (Macintosh; Intel Mac OS X 10_15_7) AppleWebKit/537.36 (KHTML, like Gecko) Chrome/127.0.0 Safari/537.36"
161.97.89.186 - - [30/Mar/2025:11:19:42 -0400] "GET /dp/B0C2RXN77R HTTP/1.1" 404 1251 "-" "Mozilla/5.0 (Macintosh; Intel Mac OS X 10_15_7) AppleWebKit/537.36 (KHTML, like Gecko) Chrome/127.0.0 Safari/537.36"
114.119.128.143 - - [30/Mar/2025:11:19:58 -0400] "GET /the-first-six-months-big-changes-month-one/ HTTP/1.1" 404 1251 "https://stannswarehouse.com/video-editor-sdk/" "Mozilla/5.0 (Linux; Android 7.0;) AppleWebKit/537.36 (KHTML, like Gecko) Mobile Safari/537.36 (compatible; PetalBot;+https://webmaster.petalsearch.com/site/petalbot)"
213.136.74.17 - - [30/Mar/2025:11:20:09 -0400] "GET /dp/B0BZWRSRWV HTTP/1.1" 404 1251 "-" "Mozilla/5.0 (Macintosh; Intel Mac OS X 10_15_7) AppleWebKit/537.36 (KHTML, like Gecko) Chrome/127.0.0 Safari/537.36"
114.119.145.187 - - [30/Mar/2025:11:21:20 -0400] "GET /navigating-the-shadows-unveiling-the-crypto-tumbler/ HTTP/1.1" 404 1251 "https://stannswarehouse.com/how-to-install-lag-screws-for-wood/" "Mozilla/5.0 (Linux; Android 7.0;) AppleWebKit/537.36 (KHTML, like Gecko) Mobile Safari/537.36 (compatible; PetalBot;+https://webmaster.petalsearch.com/site/petalbot)"
114.119.134.79 - - [30/Mar/2025:11:22:43 -0400] "GET /inspirational-jewelry/ HTTP/1.1" 404 1251 "https://stannswarehouse.com/category/activity/page/71/" "Mozilla/5.0 (Linux; Android 7.0;) AppleWebKit/537.36 (KHTML, like Gecko) Mobile Safari/537.36 (compatible; PetalBot;+https://webmaster.petalsearch.com/site/petalbot)"
114.119.128.35 - - [30/Mar/2025:11:24:15 -0400] "GET /category/activity/page/59/ HTTP/1.1" 404 1251 "https://stannswarehouse.com/category/activity/page/60/" "Mozilla/5.0 (Linux; Android 7.0;) AppleWebKit/537.36 (KHTML, like Gecko) Mobile Safari/537.36 (compatible; PetalBot;+https://webmaster.petalsearch.com/site/petalbot)"
85.208.96.201 - - [30/Mar/2025:11:26:14 -0400] "GET /category/activity/page/86/ HTTP/1.1" 404 1251 "-" "Mozilla/5.0 (compatible; SemrushBot/7~bl; +http://www.semrush.com/bot.html)"
178.18.252.165 - - [30/Mar/2025:11:29:22 -0400] "GET /dp/B0BTG4S29L HTTP/1.1" 404 1251 "-" "Mozilla/5.0 (Macintosh; Intel Mac OS X 10_15_7) AppleWebKit/537.36 (KHTML, like Gecko) Chrome/127.0.0 Safari/537.36"
213.199.47.4 - - [30/Mar/2025:11:29:23 -0400] "GET /dp/B0BTG4S29L HTTP/1.1" 404 1251 "-" "Mozilla/5.0 (Macintosh; Intel Mac OS X 10_15_7) AppleWebKit/537.36 (KHTML, like Gecko) Chrome/127.0.0 Safari/537.36"
213.136.74.17 - - [30/Mar/2025:11:30:06 -0400] "GET /dp/B0BLS3H65Z HTTP/1.1" 404 1251 "-" "Mozilla/5.0 (Macintosh; Intel Mac OS X 10_15_7) AppleWebKit/537.36 (KHTML, like Gecko) Chrome/127.0.0 Safari/537.36"
161.97.139.48 - - [30/Mar/2025:11:30:07 -0400] "GET /dp/B0BLS3H65Z HTTP/1.1" 404 1251 "-" "Mozilla/5.0 (Macintosh; Intel Mac OS X 10_15_7) AppleWebKit/537.36 (KHTML, like Gecko) Chrome/127.0.0 Safari/537.36"
104.168.173.24 - - [30/Mar/2025:11:35:13 -0400] "GET /unveiling-the-world-of-satta-king-a-comprehensive-guide/ HTTP/1.1" 404 1251 "-" "Mozilla/5.0 (Linux x86_64; rv:114.0) Gecko/20100101 Firefox/114.0"
104.168.173.24 - - [30/Mar/2025:11:35:14 -0400] "GET / HTTP/1.1" 200 156148 "-" "Mozilla/5.0 (Linux x86_64; rv:114.0) Gecko/20100101 Firefox/114.0"
104.168.173.24 - - [30/Mar/2025:11:35:16 -0400] "GET /dp/B0D3RN5W37?ref=MarsFS_VICC_blinksqm HTTP/1.1" 404 1251 "https://stannswarehouse.com" "Mozilla/5.0 (Linux x86_64; rv:114.0) Gecko/20100101 Firefox/114.0"
104.168.173.24 - - [30/Mar/2025:11:35:17 -0400] "GET / HTTP/1.1" 200 156148 "https://stannswarehouse.com" "Mozilla/5.0 (Linux x86_64; rv:114.0) Gecko/20100101 Firefox/114.0"
51.222.253.18 - - [30/Mar/2025:11:36:03 -0400] "GET /category/activity/page/22/ HTTP/1.1" 404 1251 "-" "Mozilla/5.0 (compatible; AhrefsBot/7.0; +http://ahrefs.com/robot/)"
198.54.114.83 - - [30/Mar/2025:11:38:08 -0400] "POST /wp-admin/admin-ajax.php?action=async_litespeed&nonce=vwBRMECqyc9773F3BBWqApIqvd1Hl5FZ&litespeed_type=imgoptm HTTP/1.1" 200 5 "-" "WordPress/6.7.2; https://stannswarehouse.com"
128.24.50.11 - - [30/Mar/2025:11:38:10 -0400] "GET /wp-admin/users.php HTTP/1.1" 302 0 "-" "-"
128.24.50.11 - - [30/Mar/2025:11:38:10 -0400] "GET /wp-login.php?redirect_to=https%3A%2F%2Fwww.stannswarehouse.com%2Fwp-admin%2Fusers.php&reauth=1 HTTP/1.1" 200 1736 "-" "-"
128.24.50.11 - - [30/Mar/2025:11:38:12 -0400] "GET /wp-admin/network/index.php HTTP/1.1" 302 0 "-" "-"
128.24.50.11 - - [30/Mar/2025:11:38:12 -0400] "GET /wp-login.php?redirect_to=https%3A%2F%2Fwww.stannswarehouse.com%2Fwp-admin%2Fnetwork%2Findex.php&reauth=1 HTTP/1.1" 200 1730 "-" "-"
114.119.149.43 - - [30/Mar/2025:11:39:37 -0400] "GET /the-enchanting-craft-of-paper-quilling/ HTTP/1.1" 404 1251 "https://stannswarehouse.com/page/61/" "Mozilla/5.0 (Linux; Android 7.0;) AppleWebKit/537.36 (KHTML, like Gecko) Mobile Safari/537.36 (compatible; PetalBot;+https://webmaster.petalsearch.com/site/petalbot)"
114.119.140.48 - - [30/Mar/2025:11:41:07 -0400] "GET /the-benefits-of-a-tube-ice-machine/ HTTP/1.1" 404 1251 "https://stannswarehouse.com/tunnel-freezer/" "Mozilla/5.0 (Linux; Android 7.0;) AppleWebKit/537.36 (KHTML, like Gecko) Mobile Safari/537.36 (compatible; PetalBot;+https://webmaster.petalsearch.com/site/petalbot)"
