54.91.119.195 - - [01/Apr/2025:21:13:35 -0400] "GET //youthmarketingacademy.com/wp-includes/js/jquery/jquery.min.js HTTP/1.1" 301 5 "-" "Mozilla/5.0 (compatible; alexa site audit/1.0; +http://www.alexa.com/help/webmasters; )"
54.91.119.195 - - [01/Apr/2025:21:13:35 -0400] "GET //youthmarketingacademy.com/wp-content/themes/newsmatic/assets/js/theme.js HTTP/1.1" 301 5 "-" "Mozilla/5.0 (Windows NT 6.1; WOW64; rv:41.0) Gecko/20100101 Firefox/41.0"
54.91.119.195 - - [01/Apr/2025:21:13:35 -0400] "GET /wp-emoji-release.min.js HTTP/1.1" 404 9194 "-" "Mozilla/5.0 (Linux; Android 7.0; LG-H918 Build/NRD90M) AppleWebKit/537.36 (KHTML, like Gecko) Chrome/56.0.2924.87 Mobile Safari/537.36"
13.229.78.155 - - [01/Apr/2025:21:12:56 -0400] "POST /xmlrpc.php HTTP/1.1" 200 0 "-" "python-httpx/0.22.0"
54.91.119.195 - - [01/Apr/2025:21:13:37 -0400] "GET //youthmarketingacademy.com/wp-content/themes/newsmatic/assets/lib/slick/slick.min.js HTTP/1.1" 301 5 "-" "Lynx/2.8.7dev.4 libwww-FM/2.14 SSL-MM/1.4.1 OpenSSL/0.9.8d"
13.229.78.155 - - [01/Apr/2025:21:13:17 -0400] "POST /xmlrpc.php HTTP/1.1" 200 0 "-" "python-httpx/0.22.0"
13.229.78.155 - - [01/Apr/2025:21:13:37 -0400] "POST /xmlrpc.php HTTP/1.1" 200 0 "-" "python-httpx/0.22.0"
13.229.78.155 - - [01/Apr/2025:21:13:57 -0400] "POST /xmlrpc.php HTTP/1.1" 200 0 "-" "python-httpx/0.22.0"
13.229.78.155 - - [01/Apr/2025:21:14:17 -0400] "POST /xmlrpc.php HTTP/1.1" 200 0 "-" "python-httpx/0.22.0"
13.229.78.155 - - [01/Apr/2025:21:14:37 -0400] "POST /xmlrpc.php HTTP/1.1" 200 0 "-" "python-httpx/0.22.0"
54.91.119.195 - - [01/Apr/2025:21:15:34 -0400] "GET //youthmarketingacademy.com/wp-content/themes/newsmatic/assets/js/theme.js HTTP/1.1" 301 5 "-" "Mozilla/5.0 (Windows NT 6.1; Win64; x64) AppleWebKit/537.36 (KHTML, like Gecko) Chrome/72.0.3626.81 Safari/537.36"
54.91.119.195 - - [01/Apr/2025:21:15:34 -0400] "GET //youthmarketingacademy.com/wp-content/themes/newsmatic/assets/lib/waypoint/jquery.waypoint.min.js HTTP/1.1" 301 5 "-" "Mozilla/5.0 (Linux; Android 9; SAMSUNG SM-G970F Build/PPR1.180610.011) AppleWebKit/537.36 (KHTML, like Gecko) SamsungBrowser/9.4 Chrome/67.0.3396.87 Mobile Safari/537.36"
54.91.119.195 - - [01/Apr/2025:21:15:33 -0400] "GET //youthmarketingacademy.com/wp-includes/js/jquery/jquery-migrate.min.js HTTP/1.1" 301 5 "-" "AdsBot-Google ( http://www.google.com/adsbot.html)"
54.91.119.195 - - [01/Apr/2025:21:15:34 -0400] "GET //youthmarketingacademy.com/wp-content/themes/newsmatic/assets/lib/js-marquee/jquery.marquee.min.js HTTP/1.1" 301 5 "-" "Mozilla/5.0 (Windows NT 10.0; WOW64) AppleWebKit/537.36 (KHTML, like Gecko) Chrome/70.0.3538.77 Safari/537.36"
54.91.119.195 - - [01/Apr/2025:21:15:33 -0400] "GET //youthmarketingacademy.com/wp-content/themes/newsmatic/assets/lib/jquery-cookie/jquery-cookie.js HTTP/1.1" 301 5 "-" "Mozilla/5.0 (Linux; Android 9; SM-G965F) AppleWebKit/537.36 (KHTML, like Gecko) Chrome/75.0.3770.101 Mobile Safari/537.36"
54.91.119.195 - - [01/Apr/2025:21:15:34 -0400] "GET /wp-emoji-release.min.js HTTP/1.1" 404 9084 "-" "Mozilla/5.0 (Macintosh; Intel Mac OS X 10_14_5) AppleWebKit/537.36 (KHTML, like Gecko) Chrome/76.0.3809.87 Safari/537.36"
13.229.78.155 - - [01/Apr/2025:21:14:58 -0400] "POST /xmlrpc.php HTTP/1.1" 200 0 "-" "python-httpx/0.22.0"
54.36.148.78 - - [01/Apr/2025:21:15:37 -0400] "GET /pendants-for-women-and-women-bags-smart-shopping-guide/ HTTP/1.1" 200 14013 "-" "Mozilla/5.0 (compatible; AhrefsBot/7.0; +http://ahrefs.com/robot/)"
13.229.78.155 - - [01/Apr/2025:21:15:18 -0400] "POST /xmlrpc.php HTTP/1.1" 200 0 "-" "python-httpx/0.22.0"
188.214.30.149 - - [01/Apr/2025:21:16:04 -0400] "GET /wp-login.php HTTP/1.1" 200 1729 "-" "GRequests/0.10"
188.214.30.149 - - [01/Apr/2025:21:16:05 -0400] "POST /wp-login.php HTTP/1.1" 200 1855 "-" "GRequests/0.10"
13.229.78.155 - - [01/Apr/2025:21:15:37 -0400] "POST /xmlrpc.php HTTP/1.1" 200 0 "-" "python-httpx/0.22.0"
13.229.78.155 - - [01/Apr/2025:21:15:57 -0400] "POST /xmlrpc.php HTTP/1.1" 200 0 "-" "python-httpx/0.22.0"
13.229.78.155 - - [01/Apr/2025:21:16:17 -0400] "POST /xmlrpc.php HTTP/1.1" 200 0 "-" "python-httpx/0.22.0"
162.62.213.187 - - [01/Apr/2025:21:16:58 -0400] "GET /category/general/ HTTP/1.1" 200 11052 "-" "Mozilla/5.0 (iPhone; CPU iPhone OS 13_2_3 like Mac OS X) AppleWebKit/605.1.15 (KHTML, like Gecko) Version/13.0.3 Mobile/15E148 Safari/604.1"
13.229.78.155 - - [01/Apr/2025:21:16:37 -0400] "POST /xmlrpc.php HTTP/1.1" 200 0 "-" "python-httpx/0.22.0"
13.229.78.155 - - [01/Apr/2025:21:16:57 -0400] "POST /xmlrpc.php HTTP/1.1" 200 0 "-" "python-httpx/0.22.0"
13.229.78.155 - - [01/Apr/2025:21:17:17 -0400] "POST /xmlrpc.php HTTP/1.1" 200 0 "-" "python-httpx/0.22.0"
13.229.78.155 - - [01/Apr/2025:21:17:37 -0400] "POST /xmlrpc.php HTTP/1.1" 200 0 "-" "python-httpx/0.22.0"
13.229.78.155 - - [01/Apr/2025:21:17:57 -0400] "POST /xmlrpc.php HTTP/1.1" 200 0 "-" "python-httpx/0.22.0"
54.36.148.17 - - [01/Apr/2025:21:18:45 -0400] "GET /the-role-of-chiropractors-in-dubai/ HTTP/1.1" 200 11783 "-" "Mozilla/5.0 (compatible; AhrefsBot/7.0; +http://ahrefs.com/robot/)"
13.229.78.155 - - [01/Apr/2025:21:18:17 -0400] "POST /xmlrpc.php HTTP/1.1" 200 0 "-" "python-httpx/0.22.0"
13.229.78.155 - - [01/Apr/2025:21:18:37 -0400] "POST /xmlrpc.php HTTP/1.1" 200 0 "-" "python-httpx/0.22.0"
13.229.78.155 - - [01/Apr/2025:21:18:57 -0400] "POST /xmlrpc.php HTTP/1.1" 200 0 "-" "python-httpx/0.22.0"
13.229.78.155 - - [01/Apr/2025:21:19:17 -0400] "POST /xmlrpc.php HTTP/1.1" 200 0 "-" "python-httpx/0.22.0"
54.225.81.20 - - [01/Apr/2025:21:20:13 -0400] "GET /le-confort-dans-le-bureau-moderne-des-meubles-adaptes-pour-un-espace-de-travail-efficace/ HTTP/1.1" 200 11715 "-" "Mozilla/5.0 AppleWebKit/537.36 (KHTML, like Gecko; compatible; Amazonbot/0.1; +https://developer.amazon.com/support/amazonbot) Chrome/119.0.6045.214 Safari/537.36"
13.229.78.155 - - [01/Apr/2025:21:19:38 -0400] "POST /xmlrpc.php HTTP/1.1" 200 0 "-" "python-httpx/0.22.0"
13.229.78.155 - - [01/Apr/2025:21:19:57 -0400] "POST /xmlrpc.php HTTP/1.1" 200 0 "-" "python-httpx/0.22.0"
13.229.78.155 - - [01/Apr/2025:21:20:18 -0400] "POST /xmlrpc.php HTTP/1.1" 200 0 "-" "python-httpx/0.22.0"
13.229.78.155 - - [01/Apr/2025:21:20:37 -0400] "POST /xmlrpc.php HTTP/1.1" 200 0 "-" "python-httpx/0.22.0"
13.229.78.155 - - [01/Apr/2025:21:20:59 -0400] "POST /xmlrpc.php HTTP/1.1" 200 0 "-" "python-httpx/0.22.0"
13.229.78.155 - - [01/Apr/2025:21:21:19 -0400] "POST /xmlrpc.php HTTP/1.1" 200 0 "-" "python-httpx/0.22.0"
54.36.148.238 - - [01/Apr/2025:21:22:12 -0400] "GET /how-to-get-instagram-likes/ HTTP/1.1" 200 11533 "-" "Mozilla/5.0 (compatible; AhrefsBot/7.0; +http://ahrefs.com/robot/)"
13.229.78.155 - - [01/Apr/2025:21:21:39 -0400] "POST /xmlrpc.php HTTP/1.1" 200 0 "-" "python-httpx/0.22.0"
13.229.78.155 - - [01/Apr/2025:21:21:59 -0400] "POST /xmlrpc.php HTTP/1.1" 200 0 "-" "python-httpx/0.22.0"
13.229.78.155 - - [01/Apr/2025:21:22:19 -0400] "POST /xmlrpc.php HTTP/1.1" 200 0 "-" "python-httpx/0.22.0"
13.229.78.155 - - [01/Apr/2025:21:22:40 -0400] "POST /xmlrpc.php HTTP/1.1" 200 0 "-" "python-httpx/0.22.0"
13.229.78.155 - - [01/Apr/2025:21:22:59 -0400] "POST /xmlrpc.php HTTP/1.1" 200 0 "-" "python-httpx/0.22.0"
13.229.78.155 - - [01/Apr/2025:21:23:20 -0400] "POST /xmlrpc.php HTTP/1.1" 200 0 "-" "python-httpx/0.22.0"
13.229.78.155 - - [01/Apr/2025:21:23:40 -0400] "POST /xmlrpc.php HTTP/1.1" 200 0 "-" "python-httpx/0.22.0"
13.229.78.155 - - [01/Apr/2025:21:23:59 -0400] "POST /xmlrpc.php HTTP/1.1" 200 0 "-" "python-httpx/0.22.0"
13.229.78.155 - - [01/Apr/2025:21:24:20 -0400] "POST /xmlrpc.php HTTP/1.1" 200 0 "-" "python-httpx/0.22.0"
13.229.78.155 - - [01/Apr/2025:21:24:39 -0400] "POST /xmlrpc.php HTTP/1.1" 200 0 "-" "python-httpx/0.22.0"
13.229.78.155 - - [01/Apr/2025:21:24:59 -0400] "POST /xmlrpc.php HTTP/1.1" 200 0 "-" "python-httpx/0.22.0"
54.36.148.217 - - [01/Apr/2025:21:25:43 -0400] "GET /buy-tiktok-save-to-fast-track-the-organic-growth-of-your-video/ HTTP/1.1" 200 12865 "-" "Mozilla/5.0 (compatible; AhrefsBot/7.0; +http://ahrefs.com/robot/)"
13.229.78.155 - - [01/Apr/2025:21:25:20 -0400] "POST /xmlrpc.php HTTP/1.1" 200 0 "-" "python-httpx/0.22.0"
209.58.151.251 - - [01/Apr/2025:21:26:10 -0400] "GET /wp-login.php?action=register HTTP/1.1" 302 5 "http://youthmarketingacademy.com/wp-login.php?action=register" "Mozilla/5.0 (Windows NT 6.3; Win64; x64) AppleWebKit/537.36 (KHTML, like Gecko) Chrome/103.0.0.0 Safari/537.36"
209.58.151.251 - - [01/Apr/2025:21:26:11 -0400] "GET /wp-login.php?registration=disabled HTTP/1.1" 200 1791 "https://youthmarketingacademy.com/wp-login.php?action=register" "Mozilla/5.0 (Windows NT 6.3; Win64; x64) AppleWebKit/537.36 (KHTML, like Gecko) Chrome/103.0.0.0 Safari/537.36"
13.229.78.155 - - [01/Apr/2025:21:25:40 -0400] "POST /xmlrpc.php HTTP/1.1" 200 0 "-" "python-httpx/0.22.0"
13.229.78.155 - - [01/Apr/2025:21:26:00 -0400] "POST /xmlrpc.php HTTP/1.1" 200 0 "-" "python-httpx/0.22.0"
13.229.78.155 - - [01/Apr/2025:21:26:20 -0400] "POST /xmlrpc.php HTTP/1.1" 200 0 "-" "python-httpx/0.22.0"
13.229.78.155 - - [01/Apr/2025:21:26:40 -0400] "POST /xmlrpc.php HTTP/1.1" 200 0 "-" "python-httpx/0.22.0"
13.229.78.155 - - [01/Apr/2025:21:27:00 -0400] "POST /xmlrpc.php HTTP/1.1" 200 0 "-" "python-httpx/0.22.0"
13.229.78.155 - - [01/Apr/2025:21:27:20 -0400] "POST /xmlrpc.php HTTP/1.1" 200 0 "-" "python-httpx/0.22.0"
13.229.78.155 - - [01/Apr/2025:21:27:40 -0400] "POST /xmlrpc.php HTTP/1.1" 200 0 "-" "python-httpx/0.22.0"
13.229.78.155 - - [01/Apr/2025:21:28:00 -0400] "POST /xmlrpc.php HTTP/1.1" 200 0 "-" "python-httpx/0.22.0"
13.229.78.155 - - [01/Apr/2025:21:28:20 -0400] "POST /xmlrpc.php HTTP/1.1" 200 0 "-" "python-httpx/0.22.0"
13.229.78.155 - - [01/Apr/2025:21:28:40 -0400] "POST /xmlrpc.php HTTP/1.1" 200 0 "-" "python-httpx/0.22.0"
54.36.148.123 - - [01/Apr/2025:21:29:36 -0400] "GET /searching-for-the-best-auto-body-mechanics-shop/ HTTP/1.1" 200 12685 "-" "Mozilla/5.0 (compatible; AhrefsBot/7.0; +http://ahrefs.com/robot/)"
13.229.78.155 - - [01/Apr/2025:21:29:00 -0400] "POST /xmlrpc.php HTTP/1.1" 200 0 "-" "python-httpx/0.22.0"
13.229.78.155 - - [01/Apr/2025:21:29:21 -0400] "POST /xmlrpc.php HTTP/1.1" 200 0 "-" "python-httpx/0.22.0"
170.106.192.3 - - [01/Apr/2025:21:30:12 -0400] "GET /dont-make-mistake-like-millions-out-there-find-a-good-real-estate-agent-before-you-buy-or-sell/ HTTP/1.1" 200 12696 "-" "Mozilla/5.0 (iPhone; CPU iPhone OS 13_2_3 like Mac OS X) AppleWebKit/605.1.15 (KHTML, like Gecko) Version/13.0.3 Mobile/15E148 Safari/604.1"
13.229.78.155 - - [01/Apr/2025:21:29:41 -0400] "POST /xmlrpc.php HTTP/1.1" 200 0 "-" "python-httpx/0.22.0"
13.229.78.155 - - [01/Apr/2025:21:30:01 -0400] "POST /xmlrpc.php HTTP/1.1" 200 0 "-" "python-httpx/0.22.0"
13.229.78.155 - - [01/Apr/2025:21:30:21 -0400] "POST /xmlrpc.php HTTP/1.1" 200 0 "-" "python-httpx/0.22.0"
13.229.78.155 - - [01/Apr/2025:21:30:41 -0400] "POST /xmlrpc.php HTTP/1.1" 200 0 "-" "python-httpx/0.22.0"
13.229.78.155 - - [01/Apr/2025:21:31:01 -0400] "POST /xmlrpc.php HTTP/1.1" 200 0 "-" "python-httpx/0.22.0"
13.229.78.155 - - [01/Apr/2025:21:31:22 -0400] "POST /xmlrpc.php HTTP/1.1" 200 0 "-" "python-httpx/0.22.0"
13.229.78.155 - - [01/Apr/2025:21:31:42 -0400] "POST /xmlrpc.php HTTP/1.1" 200 0 "-" "python-httpx/0.22.0"
13.229.78.155 - - [01/Apr/2025:21:32:01 -0400] "POST /xmlrpc.php HTTP/1.1" 200 0 "-" "python-httpx/0.22.0"
198.54.114.83 - - [01/Apr/2025:21:32:59 -0400] "POST /wp-cron.php?doing_wp_cron=1743557578.5318889617919921875000 HTTP/1.1" 200 0 "-" "WordPress/6.7.2; https://youthmarketingacademy.com"
54.36.148.233 - - [01/Apr/2025:21:32:55 -0400] "GET /author/jorge/page/17/ HTTP/1.1" 200 13106 "-" "Mozilla/5.0 (compatible; AhrefsBot/7.0; +http://ahrefs.com/robot/)"
13.229.78.155 - - [01/Apr/2025:21:32:22 -0400] "POST /xmlrpc.php HTTP/1.1" 200 0 "-" "python-httpx/0.22.0"
13.229.78.155 - - [01/Apr/2025:21:32:42 -0400] "POST /xmlrpc.php HTTP/1.1" 200 0 "-" "python-httpx/0.22.0"
13.229.78.155 - - [01/Apr/2025:21:33:02 -0400] "POST /xmlrpc.php HTTP/1.1" 200 0 "-" "python-httpx/0.22.0"
13.229.78.155 - - [01/Apr/2025:21:33:22 -0400] "POST /xmlrpc.php HTTP/1.1" 200 0 "-" "python-httpx/0.22.0"
13.229.78.155 - - [01/Apr/2025:21:33:42 -0400] "POST /xmlrpc.php HTTP/1.1" 200 0 "-" "python-httpx/0.22.0"
13.229.78.155 - - [01/Apr/2025:21:34:02 -0400] "POST /xmlrpc.php HTTP/1.1" 200 0 "-" "python-httpx/0.22.0"
13.229.78.155 - - [01/Apr/2025:21:34:22 -0400] "POST /xmlrpc.php HTTP/1.1" 200 0 "-" "python-httpx/0.22.0"
13.229.78.155 - - [01/Apr/2025:21:34:42 -0400] "POST /xmlrpc.php HTTP/1.1" 200 0 "-" "python-httpx/0.22.0"
13.229.78.155 - - [01/Apr/2025:21:35:03 -0400] "POST /xmlrpc.php HTTP/1.1" 200 0 "-" "python-httpx/0.22.0"
13.229.78.155 - - [01/Apr/2025:21:35:22 -0400] "POST /xmlrpc.php HTTP/1.1" 200 0 "-" "python-httpx/0.22.0"
13.229.78.155 - - [01/Apr/2025:21:35:43 -0400] "POST /xmlrpc.php HTTP/1.1" 200 0 "-" "python-httpx/0.22.0"
54.36.149.0 - - [01/Apr/2025:21:36:31 -0400] "GET /how-long-does-it-take-to-transfer-a-file/ HTTP/1.1" 200 11571 "-" "Mozilla/5.0 (compatible; AhrefsBot/7.0; +http://ahrefs.com/robot/)"
13.229.78.155 - - [01/Apr/2025:21:36:03 -0400] "POST /xmlrpc.php HTTP/1.1" 200 0 "-" "python-httpx/0.22.0"
13.229.78.155 - - [01/Apr/2025:21:36:23 -0400] "POST /xmlrpc.php HTTP/1.1" 200 0 "-" "python-httpx/0.22.0"
13.229.78.155 - - [01/Apr/2025:21:36:43 -0400] "POST /xmlrpc.php HTTP/1.1" 200 0 "-" "python-httpx/0.22.0"
54.37.234.111 - - [01/Apr/2025:21:37:29 -0400] "GET /movies-da/ HTTP/1.1" 200 14089 "https://youthmarketingacademy.com/movies-da/#comment-9675/" "Mozilla/5.0 (Windows NT 10.0; Win64; x64) AppleWebKit/537.36 (KHTML, like Gecko) Chrome/131.0.0.0 Safari/537.36 Avast/131.0.0.0"
54.37.234.111 - - [01/Apr/2025:21:37:31 -0400] "POST /wp-comments-post.php HTTP/1.1" 302 5 "https://youthmarketingacademy.com/movies-da/#comment-9675/" "Mozilla/5.0 (Windows NT 10.0; Win64; x64) AppleWebKit/537.36 (KHTML, like Gecko) Chrome/131.0.0.0 Safari/537.36 Avast/131.0.0.0"
54.37.234.111 - - [01/Apr/2025:21:37:33 -0400] "GET /movies-da/ HTTP/1.1" 200 4961 "https://youthmarketingacademy.com/movies-da/#comment-27415" "Mozilla/5.0 (Windows NT 10.0; Win64; x64) AppleWebKit/537.36 (KHTML, like Gecko) Chrome/131.0.0.0 Safari/537.36 Avast/131.0.0.0"
13.229.78.155 - - [01/Apr/2025:21:37:03 -0400] "POST /xmlrpc.php HTTP/1.1" 200 0 "-" "python-httpx/0.22.0"
13.229.78.155 - - [01/Apr/2025:21:37:23 -0400] "POST /xmlrpc.php HTTP/1.1" 200 0 "-" "python-httpx/0.22.0"
13.229.78.155 - - [01/Apr/2025:21:37:43 -0400] "POST /xmlrpc.php HTTP/1.1" 200 0 "-" "python-httpx/0.22.0"
13.229.78.155 - - [01/Apr/2025:21:38:04 -0400] "POST /xmlrpc.php HTTP/1.1" 200 0 "-" "python-httpx/0.22.0"
13.229.78.155 - - [01/Apr/2025:21:38:24 -0400] "POST /xmlrpc.php HTTP/1.1" 200 0 "-" "python-httpx/0.22.0"
13.229.78.155 - - [01/Apr/2025:21:38:44 -0400] "POST /xmlrpc.php HTTP/1.1" 200 0 "-" "python-httpx/0.22.0"
13.229.78.155 - - [01/Apr/2025:21:39:04 -0400] "POST /xmlrpc.php HTTP/1.1" 200 0 "-" "python-httpx/0.22.0"
54.36.149.43 - - [01/Apr/2025:21:39:52 -0400] "GET /kaufen-sie-ein-katana/ HTTP/1.1" 200 11608 "-" "Mozilla/5.0 (compatible; AhrefsBot/7.0; +http://ahrefs.com/robot/)"
13.229.78.155 - - [01/Apr/2025:21:39:24 -0400] "POST /xmlrpc.php HTTP/1.1" 200 0 "-" "python-httpx/0.22.0"
13.229.78.155 - - [01/Apr/2025:21:39:44 -0400] "POST /xmlrpc.php HTTP/1.1" 200 0 "-" "python-httpx/0.22.0"
13.229.78.155 - - [01/Apr/2025:21:40:05 -0400] "POST /xmlrpc.php HTTP/1.1" 200 0 "-" "python-httpx/0.22.0"
13.229.78.155 - - [01/Apr/2025:21:40:24 -0400] "POST /xmlrpc.php HTTP/1.1" 200 0 "-" "python-httpx/0.22.0"
13.229.78.155 - - [01/Apr/2025:21:40:44 -0400] "POST /xmlrpc.php HTTP/1.1" 200 0 "-" "python-httpx/0.22.0"
13.229.78.155 - - [01/Apr/2025:21:41:04 -0400] "POST /xmlrpc.php HTTP/1.1" 200 0 "-" "python-httpx/0.22.0"
13.229.78.155 - - [01/Apr/2025:21:41:25 -0400] "POST /xmlrpc.php HTTP/1.1" 200 0 "-" "python-httpx/0.22.0"
13.229.78.155 - - [01/Apr/2025:21:41:44 -0400] "POST /xmlrpc.php HTTP/1.1" 200 0 "-" "python-httpx/0.22.0"
13.229.78.155 - - [01/Apr/2025:21:42:05 -0400] "POST /xmlrpc.php HTTP/1.1" 200 0 "-" "python-httpx/0.22.0"
13.229.78.155 - - [01/Apr/2025:21:42:26 -0400] "POST /xmlrpc.php HTTP/1.1" 200 0 "-" "python-httpx/0.22.0"
13.229.78.155 - - [01/Apr/2025:21:42:49 -0400] "POST /xmlrpc.php HTTP/1.1" 200 0 "-" "python-httpx/0.22.0"
54.36.149.8 - - [01/Apr/2025:21:43:31 -0400] "GET /voiceovers-from-uk-home-studios/ HTTP/1.1" 200 11570 "-" "Mozilla/5.0 (compatible; AhrefsBot/7.0; +http://ahrefs.com/robot/)"
13.229.78.155 - - [01/Apr/2025:21:43:06 -0400] "POST /xmlrpc.php HTTP/1.1" 200 0 "-" "python-httpx/0.22.0"
13.229.78.155 - - [01/Apr/2025:21:43:26 -0400] "POST /xmlrpc.php HTTP/1.1" 200 0 "-" "python-httpx/0.22.0"
13.229.78.155 - - [01/Apr/2025:21:43:47 -0400] "POST /xmlrpc.php HTTP/1.1" 200 0 "-" "python-httpx/0.22.0"
49.51.253.26 - - [01/Apr/2025:21:44:25 -0400] "GET /?newsmaticargs=custom&posts=random HTTP/1.1" 200 12603 "-" "Mozilla/5.0 (iPhone; CPU iPhone OS 13_2_3 like Mac OS X) AppleWebKit/605.1.15 (KHTML, like Gecko) Version/13.0.3 Mobile/15E148 Safari/604.1"
13.229.78.155 - - [01/Apr/2025:21:44:06 -0400] "POST /xmlrpc.php HTTP/1.1" 200 0 "-" "python-httpx/0.22.0"
13.229.78.155 - - [01/Apr/2025:21:44:27 -0400] "POST /xmlrpc.php HTTP/1.1" 200 0 "-" "python-httpx/0.22.0"
13.229.78.155 - - [01/Apr/2025:21:44:48 -0400] "POST /xmlrpc.php HTTP/1.1" 200 0 "-" "python-httpx/0.22.0"
13.229.78.155 - - [01/Apr/2025:21:45:10 -0400] "POST /xmlrpc.php HTTP/1.1" 200 0 "-" "python-httpx/0.22.0"
13.229.78.155 - - [01/Apr/2025:21:45:28 -0400] "POST /xmlrpc.php HTTP/1.1" 200 0 "-" "python-httpx/0.22.0"
13.229.78.155 - - [01/Apr/2025:21:45:48 -0400] "POST /xmlrpc.php HTTP/1.1" 200 0 "-" "python-httpx/0.22.0"
54.36.148.47 - - [01/Apr/2025:21:46:32 -0400] "GET /cabinet-manufacturer-supply-chain-challenges/ HTTP/1.1" 200 11534 "-" "Mozilla/5.0 (compatible; AhrefsBot/7.0; +http://ahrefs.com/robot/)"
13.229.78.155 - - [01/Apr/2025:21:46:07 -0400] "POST /xmlrpc.php HTTP/1.1" 200 0 "-" "python-httpx/0.22.0"
13.229.78.155 - - [01/Apr/2025:21:46:28 -0400] "POST /xmlrpc.php HTTP/1.1" 200 0 "-" "python-httpx/0.22.0"
13.229.78.155 - - [01/Apr/2025:21:46:47 -0400] "POST /xmlrpc.php HTTP/1.1" 200 0 "-" "python-httpx/0.22.0"
13.229.78.155 - - [01/Apr/2025:21:47:08 -0400] "POST /xmlrpc.php HTTP/1.1" 200 0 "-" "python-httpx/0.22.0"
13.229.78.155 - - [01/Apr/2025:21:47:27 -0400] "POST /xmlrpc.php HTTP/1.1" 200 0 "-" "python-httpx/0.22.0"
13.229.78.155 - - [01/Apr/2025:21:47:47 -0400] "POST /xmlrpc.php HTTP/1.1" 200 0 "-" "python-httpx/0.22.0"
13.229.78.155 - - [01/Apr/2025:21:48:07 -0400] "POST /xmlrpc.php HTTP/1.1" 200 0 "-" "python-httpx/0.22.0"
13.229.78.155 - - [01/Apr/2025:21:48:28 -0400] "POST /xmlrpc.php HTTP/1.1" 200 0 "-" "python-httpx/0.22.0"
13.229.78.155 - - [01/Apr/2025:21:48:49 -0400] "POST /xmlrpc.php HTTP/1.1" 200 0 "-" "python-httpx/0.22.0"
2.57.148.11 - - [01/Apr/2025:21:49:27 -0400] "GET /movies-da/ HTTP/1.1" 200 14041 "https://youthmarketingacademy.com/movies-da/#comment-27026" "Mozilla/5.0 (Windows NT 10.0; Win64; x64) AppleWebKit/537.36 (KHTML, like Gecko) Chrome/130.0.0.0 Safari/537.36"
2.57.148.11 - - [01/Apr/2025:21:49:33 -0400] "POST /wp-comments-post.php HTTP/1.1" 302 5 "https://youthmarketingacademy.com/movies-da/#comment-27026" "Mozilla/5.0 (Windows NT 10.0; Win64; x64) AppleWebKit/537.36 (KHTML, like Gecko) Chrome/130.0.0.0 Safari/537.36"
54.36.148.66 - - [01/Apr/2025:21:49:34 -0400] "GET /online-gambling-2/ HTTP/1.1" 200 12318 "-" "Mozilla/5.0 (compatible; AhrefsBot/7.0; +http://ahrefs.com/robot/)"
2.57.148.11 - - [01/Apr/2025:21:49:35 -0400] "GET /movies-da/ HTTP/1.1" 200 15591 "https://youthmarketingacademy.com/movies-da/#comment-27416" "Mozilla/5.0 (Windows NT 10.0; Win64; x64) AppleWebKit/537.36 (KHTML, like Gecko) Chrome/130.0.0.0 Safari/537.36"
13.229.78.155 - - [01/Apr/2025:21:49:09 -0400] "POST /xmlrpc.php HTTP/1.1" 200 0 "-" "python-httpx/0.22.0"
13.229.78.155 - - [01/Apr/2025:21:49:28 -0400] "POST /xmlrpc.php HTTP/1.1" 200 0 "-" "python-httpx/0.22.0"
13.229.78.155 - - [01/Apr/2025:21:49:48 -0400] "POST /xmlrpc.php HTTP/1.1" 200 0 "-" "python-httpx/0.22.0"
13.229.78.155 - - [01/Apr/2025:21:50:10 -0400] "POST /xmlrpc.php HTTP/1.1" 200 0 "-" "python-httpx/0.22.0"
3.147.81.20 - - [01/Apr/2025:21:50:52 -0400] "GET /category/activity/page/110 HTTP/1.1" 301 5 "-" "Mozilla/5.0 AppleWebKit/537.36 (KHTML, like Gecko; compatible; ClaudeBot/1.0; +claudebot@anthropic.com)"
3.147.81.20 - - [01/Apr/2025:21:50:56 -0400] "GET /category/activity/page/110/ HTTP/1.1" 200 10658 "-" "Mozilla/5.0 AppleWebKit/537.36 (KHTML, like Gecko; compatible; ClaudeBot/1.0; +claudebot@anthropic.com)"
3.147.81.20 - - [01/Apr/2025:21:50:57 -0400] "GET /wp-content/themes/newsmatic/assets/js/theme.js?ver=1.3.11 HTTP/1.1" 304 0 "https://youthmarketingacademy.com/category/activity/page/110/" "Mozilla/5.0 AppleWebKit/537.36 (KHTML, like Gecko; compatible; ClaudeBot/1.0; +claudebot@anthropic.com)"
3.147.81.20 - - [01/Apr/2025:21:50:58 -0400] "GET /wp-includes/js/jquery/jquery-migrate.min.js?ver=3.4.1 HTTP/1.1" 304 0 "https://youthmarketingacademy.com/category/activity/page/110/" "Mozilla/5.0 AppleWebKit/537.36 (KHTML, like Gecko; compatible; ClaudeBot/1.0; +claudebot@anthropic.com)"
3.147.81.20 - - [01/Apr/2025:21:50:58 -0400] "GET /wp-content/themes/newsmatic/assets/lib/slick/slick.min.js?ver=1.8.1 HTTP/1.1" 304 0 "https://youthmarketingacademy.com/category/activity/page/110/" "Mozilla/5.0 AppleWebKit/537.36 (KHTML, like Gecko; compatible; ClaudeBot/1.0; +claudebot@anthropic.com)"
3.147.81.20 - - [01/Apr/2025:21:50:58 -0400] "GET /wp-content/themes/newsmatic/assets/lib/jquery-cookie/jquery-cookie.js?ver=1.4.1 HTTP/1.1" 304 0 "https://youthmarketingacademy.com/category/activity/page/110/" "Mozilla/5.0 AppleWebKit/537.36 (KHTML, like Gecko; compatible; ClaudeBot/1.0; +claudebot@anthropic.com)"
3.147.81.20 - - [01/Apr/2025:21:50:58 -0400] "GET /wp-content/themes/newsmatic/assets/lib/js-marquee/jquery.marquee.min.js?ver=1.6.0 HTTP/1.1" 304 0 "https://youthmarketingacademy.com/category/activity/page/110/" "Mozilla/5.0 AppleWebKit/537.36 (KHTML, like Gecko; compatible; ClaudeBot/1.0; +claudebot@anthropic.com)"
3.147.81.20 - - [01/Apr/2025:21:50:58 -0400] "GET /wp-includes/js/jquery/jquery.min.js?ver=3.7.1 HTTP/1.1" 304 0 "https://youthmarketingacademy.com/category/activity/page/110/" "Mozilla/5.0 AppleWebKit/537.36 (KHTML, like Gecko; compatible; ClaudeBot/1.0; +claudebot@anthropic.com)"
3.147.81.20 - - [01/Apr/2025:21:50:58 -0400] "GET /wp-content/themes/newsmatic/assets/js/navigation.js?ver=1.3.11 HTTP/1.1" 304 0 "https://youthmarketingacademy.com/category/activity/page/110/" "Mozilla/5.0 AppleWebKit/537.36 (KHTML, like Gecko; compatible; ClaudeBot/1.0; +claudebot@anthropic.com)"
3.147.81.20 - - [01/Apr/2025:21:50:58 -0400] "GET /wp-content/themes/newsmatic/assets/lib/waypoint/jquery.waypoint.min.js?ver=4.0.1 HTTP/1.1" 304 0 "https://youthmarketingacademy.com/category/activity/page/110/" "Mozilla/5.0 AppleWebKit/537.36 (KHTML, like Gecko; compatible; ClaudeBot/1.0; +claudebot@anthropic.com)"
3.147.81.20 - - [01/Apr/2025:21:50:59 -0400] "GET /wp-includes/js/wp-emoji-release.min.js?ver=6.7.2 HTTP/1.1" 304 0 "https://youthmarketingacademy.com/category/activity/page/110/" "Mozilla/5.0 AppleWebKit/537.36 (KHTML, like Gecko; compatible; ClaudeBot/1.0; +claudebot@anthropic.com)"
13.229.78.155 - - [01/Apr/2025:21:50:28 -0400] "POST /xmlrpc.php HTTP/1.1" 200 0 "-" "python-httpx/0.22.0"
13.229.78.155 - - [01/Apr/2025:21:50:49 -0400] "POST /xmlrpc.php HTTP/1.1" 200 0 "-" "python-httpx/0.22.0"
13.229.78.155 - - [01/Apr/2025:21:51:09 -0400] "POST /xmlrpc.php HTTP/1.1" 200 0 "-" "python-httpx/0.22.0"
13.229.78.155 - - [01/Apr/2025:21:51:29 -0400] "POST /xmlrpc.php HTTP/1.1" 200 0 "-" "python-httpx/0.22.0"
13.229.78.155 - - [01/Apr/2025:21:51:48 -0400] "POST /xmlrpc.php HTTP/1.1" 200 0 "-" "python-httpx/0.22.0"
43.166.142.76 - - [01/Apr/2025:21:52:27 -0400] "GET /a-comprehensive-guide-nlp-chatbots/ HTTP/1.1" 200 83437 "-" "Mozilla/5.0 (iPhone; CPU iPhone OS 13_2_3 like Mac OS X) AppleWebKit/605.1.15 (KHTML, like Gecko) Version/13.0.3 Mobile/15E148 Safari/604.1"
54.36.148.235 - - [01/Apr/2025:21:52:39 -0400] "GET /gourde-personnalisee-un-accessoire-pratique-et-ecoresponsable/ HTTP/1.1" 200 12052 "-" "Mozilla/5.0 (compatible; AhrefsBot/7.0; +http://ahrefs.com/robot/)"
13.229.78.155 - - [01/Apr/2025:21:52:08 -0400] "POST /xmlrpc.php HTTP/1.1" 200 0 "-" "python-httpx/0.22.0"
13.229.78.155 - - [01/Apr/2025:21:52:29 -0400] "POST /xmlrpc.php HTTP/1.1" 200 0 "-" "python-httpx/0.22.0"
13.229.78.155 - - [01/Apr/2025:21:52:49 -0400] "POST /xmlrpc.php HTTP/1.1" 200 0 "-" "python-httpx/0.22.0"
13.229.78.155 - - [01/Apr/2025:21:53:09 -0400] "POST /xmlrpc.php HTTP/1.1" 200 0 "-" "python-httpx/0.22.0"
13.229.78.155 - - [01/Apr/2025:21:53:29 -0400] "POST /xmlrpc.php HTTP/1.1" 200 0 "-" "python-httpx/0.22.0"
13.229.78.155 - - [01/Apr/2025:21:53:49 -0400] "POST /xmlrpc.php HTTP/1.1" 200 0 "-" "python-httpx/0.22.0"
13.229.78.155 - - [01/Apr/2025:21:54:09 -0400] "POST /xmlrpc.php HTTP/1.1" 200 0 "-" "python-httpx/0.22.0"
13.229.78.155 - - [01/Apr/2025:21:54:29 -0400] "POST /xmlrpc.php HTTP/1.1" 200 0 "-" "python-httpx/0.22.0"
13.229.78.155 - - [01/Apr/2025:21:54:50 -0400] "POST /xmlrpc.php HTTP/1.1" 200 0 "-" "python-httpx/0.22.0"
13.229.78.155 - - [01/Apr/2025:21:55:09 -0400] "POST /xmlrpc.php HTTP/1.1" 200 0 "-" "python-httpx/0.22.0"
54.36.148.167 - - [01/Apr/2025:21:55:50 -0400] "GET /smart-steps-selecting-the-ideal-vacation-rental-property-manager/ HTTP/1.1" 200 11798 "-" "Mozilla/5.0 (compatible; AhrefsBot/7.0; +http://ahrefs.com/robot/)"
13.229.78.155 - - [01/Apr/2025:21:55:29 -0400] "POST /xmlrpc.php HTTP/1.1" 200 0 "-" "python-httpx/0.22.0"
13.229.78.155 - - [01/Apr/2025:21:55:50 -0400] "POST /xmlrpc.php HTTP/1.1" 200 0 "-" "python-httpx/0.22.0"
13.229.78.155 - - [01/Apr/2025:21:56:10 -0400] "POST /xmlrpc.php HTTP/1.1" 200 0 "-" "python-httpx/0.22.0"
13.229.78.155 - - [01/Apr/2025:21:56:29 -0400] "POST /xmlrpc.php HTTP/1.1" 200 0 "-" "python-httpx/0.22.0"
13.229.78.155 - - [01/Apr/2025:21:56:49 -0400] "POST /xmlrpc.php HTTP/1.1" 200 0 "-" "python-httpx/0.22.0"
13.229.78.155 - - [01/Apr/2025:21:57:09 -0400] "POST /xmlrpc.php HTTP/1.1" 200 0 "-" "python-httpx/0.22.0"
3.145.77.42 - - [01/Apr/2025:21:57:57 -0400] "GET /the-role-of-a-guaranteed-custody-attorney HTTP/1.1" 301 5 "-" "Mozilla/5.0 AppleWebKit/537.36 (KHTML, like Gecko; compatible; ClaudeBot/1.0; +claudebot@anthropic.com)"
3.145.77.42 - - [01/Apr/2025:21:57:59 -0400] "GET /the-role-of-a-guaranteed-custody-attorney/ HTTP/1.1" 200 11685 "-" "Mozilla/5.0 AppleWebKit/537.36 (KHTML, like Gecko; compatible; ClaudeBot/1.0; +claudebot@anthropic.com)"
13.229.78.155 - - [01/Apr/2025:21:57:30 -0400] "POST /xmlrpc.php HTTP/1.1" 200 0 "-" "python-httpx/0.22.0"
13.229.78.155 - - [01/Apr/2025:21:57:50 -0400] "POST /xmlrpc.php HTTP/1.1" 200 0 "-" "python-httpx/0.22.0"
54.36.149.0 - - [01/Apr/2025:21:58:32 -0400] "GET /is-there-only-one-north/ HTTP/1.1" 200 12273 "-" "Mozilla/5.0 (compatible; AhrefsBot/7.0; +http://ahrefs.com/robot/)"
43.157.142.101 - - [01/Apr/2025:21:58:48 -0400] "GET /a-comprehensive-guide-nlp-chatbots/ HTTP/1.1" 200 83444 "-" "Mozilla/5.0 (iPhone; CPU iPhone OS 13_2_3 like Mac OS X) AppleWebKit/605.1.15 (KHTML, like Gecko) Version/13.0.3 Mobile/15E148 Safari/604.1"
13.229.78.155 - - [01/Apr/2025:21:58:12 -0400] "POST /xmlrpc.php HTTP/1.1" 200 0 "-" "python-httpx/0.22.0"
13.229.78.155 - - [01/Apr/2025:21:58:32 -0400] "POST /xmlrpc.php HTTP/1.1" 200 0 "-" "python-httpx/0.22.0"
13.229.78.155 - - [01/Apr/2025:21:58:53 -0400] "POST /xmlrpc.php HTTP/1.1" 200 0 "-" "python-httpx/0.22.0"
13.229.78.155 - - [01/Apr/2025:21:59:13 -0400] "POST /xmlrpc.php HTTP/1.1" 200 0 "-" "python-httpx/0.22.0"
13.229.78.155 - - [01/Apr/2025:21:59:33 -0400] "POST /xmlrpc.php HTTP/1.1" 200 0 "-" "python-httpx/0.22.0"
13.229.78.155 - - [01/Apr/2025:21:59:53 -0400] "POST /xmlrpc.php HTTP/1.1" 200 0 "-" "python-httpx/0.22.0"
13.229.78.155 - - [01/Apr/2025:22:00:13 -0400] "POST /xmlrpc.php HTTP/1.1" 200 0 "-" "python-httpx/0.22.0"
13.229.78.155 - - [01/Apr/2025:22:00:33 -0400] "POST /xmlrpc.php HTTP/1.1" 200 0 "-" "python-httpx/0.22.0"
104.248.118.148 - - [01/Apr/2025:22:01:17 -0400] "GET /wp-login.php HTTP/1.1" 200 1729 "-" "GRequests/0.10"
104.248.118.148 - - [01/Apr/2025:22:01:20 -0400] "POST /wp-login.php HTTP/1.1" 200 1855 "-" "GRequests/0.10"
13.229.78.155 - - [01/Apr/2025:22:00:53 -0400] "POST /xmlrpc.php HTTP/1.1" 200 0 "-" "python-httpx/0.22.0"
54.36.149.59 - - [01/Apr/2025:22:01:41 -0400] "GET /real-estate-videography-a-powerful-marketing-tool/ HTTP/1.1" 200 13646 "-" "Mozilla/5.0 (compatible; AhrefsBot/7.0; +http://ahrefs.com/robot/)"
34.169.216.138 - - [01/Apr/2025:22:01:51 -0400] "GET /autism-therapy-for-adults/ HTTP/1.1" 200 12297 "-" "Mozilla/5.0 (Macintosh; Intel Mac OS X 10.15; rv:109.0) Gecko/20100101 Firefox/116.0"
13.229.78.155 - - [01/Apr/2025:22:01:13 -0400] "POST /xmlrpc.php HTTP/1.1" 200 0 "-" "python-httpx/0.22.0"
13.229.78.155 - - [01/Apr/2025:22:01:33 -0400] "POST /xmlrpc.php HTTP/1.1" 200 0 "-" "python-httpx/0.22.0"
13.229.78.155 - - [01/Apr/2025:22:01:53 -0400] "POST /xmlrpc.php HTTP/1.1" 200 0 "-" "python-httpx/0.22.0"
13.229.78.155 - - [01/Apr/2025:22:02:13 -0400] "POST /xmlrpc.php HTTP/1.1" 200 0 "-" "python-httpx/0.22.0"
13.229.78.155 - - [01/Apr/2025:22:02:33 -0400] "POST /xmlrpc.php HTTP/1.1" 200 0 "-" "python-httpx/0.22.0"
13.229.78.155 - - [01/Apr/2025:22:02:53 -0400] "POST /xmlrpc.php HTTP/1.1" 200 0 "-" "python-httpx/0.22.0"
13.229.78.155 - - [01/Apr/2025:22:03:14 -0400] "POST /xmlrpc.php HTTP/1.1" 200 0 "-" "python-httpx/0.22.0"
13.229.78.155 - - [01/Apr/2025:22:03:33 -0400] "POST /xmlrpc.php HTTP/1.1" 200 0 "-" "python-httpx/0.22.0"
13.229.78.155 - - [01/Apr/2025:22:03:53 -0400] "POST /xmlrpc.php HTTP/1.1" 200 0 "-" "python-httpx/0.22.0"
13.229.78.155 - - [01/Apr/2025:22:04:14 -0400] "POST /xmlrpc.php HTTP/1.1" 200 0 "-" "python-httpx/0.22.0"
13.229.78.155 - - [01/Apr/2025:22:04:33 -0400] "POST /xmlrpc.php HTTP/1.1" 200 0 "-" "python-httpx/0.22.0"
13.229.78.155 - - [01/Apr/2025:22:04:53 -0400] "POST /xmlrpc.php HTTP/1.1" 200 0 "-" "python-httpx/0.22.0"
13.229.78.155 - - [01/Apr/2025:22:05:14 -0400] "POST /xmlrpc.php HTTP/1.1" 200 0 "-" "python-httpx/0.22.0"
13.229.78.155 - - [01/Apr/2025:22:05:33 -0400] "POST /xmlrpc.php HTTP/1.1" 200 0 "-" "python-httpx/0.22.0"
13.229.78.155 - - [01/Apr/2025:22:05:53 -0400] "POST /xmlrpc.php HTTP/1.1" 200 0 "-" "python-httpx/0.22.0"
13.229.78.155 - - [01/Apr/2025:22:06:14 -0400] "POST /xmlrpc.php HTTP/1.1" 200 0 "-" "python-httpx/0.22.0"
13.229.78.155 - - [01/Apr/2025:22:06:34 -0400] "POST /xmlrpc.php HTTP/1.1" 200 0 "-" "python-httpx/0.22.0"
43.130.12.43 - - [01/Apr/2025:22:07:30 -0400] "GET /wp-json/oembed/1.0/embed?url=https%3A%2F%2Fyouthmarketingacademy.com%2Fmastering-the-craft-of-writing-with-an-author-course%2F HTTP/1.1" 200 2338 "-" "Mozilla/5.0 (iPhone; CPU iPhone OS 13_2_3 like Mac OS X) AppleWebKit/605.1.15 (KHTML, like Gecko) Version/13.0.3 Mobile/15E148 Safari/604.1"
13.229.78.155 - - [01/Apr/2025:22:06:54 -0400] "POST /xmlrpc.php HTTP/1.1" 200 0 "-" "python-httpx/0.22.0"
13.229.78.155 - - [01/Apr/2025:22:07:14 -0400] "POST /xmlrpc.php HTTP/1.1" 200 0 "-" "python-httpx/0.22.0"
13.229.78.155 - - [01/Apr/2025:22:07:35 -0400] "POST /xmlrpc.php HTTP/1.1" 200 0 "-" "python-httpx/0.22.0"
13.229.78.155 - - [01/Apr/2025:22:07:55 -0400] "POST /xmlrpc.php HTTP/1.1" 200 0 "-" "python-httpx/0.22.0"
13.229.78.155 - - [01/Apr/2025:22:08:15 -0400] "POST /xmlrpc.php HTTP/1.1" 200 0 "-" "python-httpx/0.22.0"
13.229.78.155 - - [01/Apr/2025:22:08:35 -0400] "POST /xmlrpc.php HTTP/1.1" 200 0 "-" "python-httpx/0.22.0"
160.187.22.25 - - [01/Apr/2025:22:09:28 -0400] "GET /wp-login.php HTTP/1.1" 200 1729 "-" "GRequests/0.10"
160.187.22.25 - - [01/Apr/2025:22:09:31 -0400] "POST /wp-login.php HTTP/1.1" 200 1853 "-" "GRequests/0.10"
13.229.78.155 - - [01/Apr/2025:22:08:56 -0400] "POST /xmlrpc.php HTTP/1.1" 200 0 "-" "python-httpx/0.22.0"
13.229.78.155 - - [01/Apr/2025:22:09:16 -0400] "POST /xmlrpc.php HTTP/1.1" 200 0 "-" "python-httpx/0.22.0"
13.229.78.155 - - [01/Apr/2025:22:09:36 -0400] "POST /xmlrpc.php HTTP/1.1" 200 0 "-" "python-httpx/0.22.0"
13.229.78.155 - - [01/Apr/2025:22:09:58 -0400] "POST /xmlrpc.php HTTP/1.1" 200 0 "-" "python-httpx/0.22.0"
13.229.78.155 - - [01/Apr/2025:22:10:18 -0400] "POST /xmlrpc.php HTTP/1.1" 200 0 "-" "python-httpx/0.22.0"
13.229.78.155 - - [01/Apr/2025:22:10:58 -0400] "POST /xmlrpc.php HTTP/1.1" 200 0 "-" "python-httpx/0.22.0"
13.229.78.155 - - [01/Apr/2025:22:10:38 -0400] "POST /xmlrpc.php HTTP/1.1" 200 0 "-" "python-httpx/0.22.0"
3.14.9.169 - - [01/Apr/2025:22:11:39 -0400] "GET /?p=322 HTTP/1.1" 301 5 "-" "Mozilla/5.0 AppleWebKit/537.36 (KHTML, like Gecko; compatible; ClaudeBot/1.0; +claudebot@anthropic.com)"
3.14.9.169 - - [01/Apr/2025:22:11:41 -0400] "GET /powerball-site-recommendation/ HTTP/1.1" 200 11856 "-" "Mozilla/5.0 AppleWebKit/537.36 (KHTML, like Gecko; compatible; ClaudeBot/1.0; +claudebot@anthropic.com)"
212.8.248.108 - - [01/Apr/2025:22:12:11 -0400] "GET /lawyer-hattingen-a-team-of-top-notch-lawyers HTTP/1.1" 301 5 "-" "Mozilla/5.0 (Windows NT 10.0; Win64; x64) AppleWebKit/537.36 (KHTML, like Gecko) Chrome/118.0.0.0 Safari/537.36"
54.36.149.44 - - [01/Apr/2025:22:12:48 -0400] "GET /wp-sitemap.xml HTTP/1.1" 200 196 "-" "Mozilla/5.0 (compatible; AhrefsBot/7.0; +http://ahrefs.com/robot/)"
34.83.238.29 - - [01/Apr/2025:22:12:51 -0400] "GET /online-gambling-3/ HTTP/1.1" 200 11690 "-" "Mozilla/5.0 (Macintosh; Intel Mac OS X 10.15; rv:109.0) Gecko/20100101 Firefox/116.0"
146.190.230.55 - - [01/Apr/2025:22:13:24 -0400] "GET /wp-admin/user/about.php HTTP/1.1" 302 5 "-" "Mozilla/5.0 (Windows NT 10.0; Win64; x64) AppleWebKit/537.36 (KHTML, like Gecko) Chrome/85.0.4183.102 Safari/537.36"
146.190.230.55 - - [01/Apr/2025:22:13:24 -0400] "GET /wp-login.php?redirect_to=https%3A%2F%2Fyouthmarketingacademy.com%2Fwp-admin%2Fuser%2Fabout.php&reauth=1 HTTP/1.1" 200 1736 "-" "Mozilla/5.0 (Windows NT 10.0; Win64; x64) AppleWebKit/537.36 (KHTML, like Gecko) Chrome/85.0.4183.102 Safari/537.36"
3.211.105.134 - - [01/Apr/2025:22:14:43 -0400] "GET /2023/08/ HTTP/1.1" 200 12579 "-" "Mozilla/5.0 AppleWebKit/537.36 (KHTML, like Gecko; compatible; Amazonbot/0.1; +https://developer.amazon.com/support/amazonbot) Chrome/119.0.6045.214 Safari/537.36"
43.153.96.79 - - [01/Apr/2025:22:18:13 -0400] "GET /author/ashdev/ HTTP/1.1" 200 12908 "-" "Mozilla/5.0 (iPhone; CPU iPhone OS 13_2_3 like Mac OS X) AppleWebKit/605.1.15 (KHTML, like Gecko) Version/13.0.3 Mobile/15E148 Safari/604.1"
82.213.249.65 - - [01/Apr/2025:22:18:32 -0400] "GET /abrasive-wheels-training/ HTTP/1.1" 200 11614 "-" "Mozilla/5.0 (Windows NT 10.0; Win64; x64; Xbox; Xbox One) AppleWebKit/537.36 (KHTML, like Gecko) Chrome/114.0.0.0 Safari/537.36 Edge/44.18363.8131"
192.126.147.181 - - [01/Apr/2025:22:18:36 -0400] "POST /wp-comments-post.php HTTP/1.1" 302 5 "https://youthmarketingacademy.com/abrasive-wheels-training/" "Mozilla/5.0 (Windows NT 10.0; Win64; x64; Xbox; Xbox One) AppleWebKit/537.36 (KHTML, like Gecko) Chrome/114.0.0.0 Safari/537.36 Edge/44.18363.8131"
192.126.147.181 - - [01/Apr/2025:22:18:39 -0400] "GET /abrasive-wheels-training/?unapproved=27417&moderation-hash=11b09ca46aab41047892df6523456c63 HTTP/1.1" 200 12326 "https://youthmarketingacademy.com/wp-comments-post.php" "Mozilla/5.0 (Windows NT 10.0; Win64; x64; Xbox; Xbox One) AppleWebKit/537.36 (KHTML, like Gecko) Chrome/114.0.0.0 Safari/537.36 Edge/44.18363.8131"
192.126.147.181 - - [01/Apr/2025:22:18:40 -0400] "GET /abrasive-wheels-training/ HTTP/1.1" 200 11638 "-" "Mozilla/5.0 (Windows NT 10.0; Win64; x64; Xbox; Xbox One) AppleWebKit/537.36 (KHTML, like Gecko) Chrome/114.0.0.0 Safari/537.36 Edge/44.18363.8131"
192.126.147.181 - - [01/Apr/2025:22:19:15 -0400] "GET /abrasive-wheels-training/ HTTP/1.1" 200 11667 "-" "Mozilla/5.0 (X11; Linux i686) AppleWebKit/537.36 (KHTML, like Gecko) Chrome/114.0.0.0 Safari/537.36 Vivaldi/5.3.2679.68"
54.36.149.107 - - [01/Apr/2025:22:21:38 -0400] "GET /meditatie-bucuresti/ HTTP/1.1" 200 12240 "-" "Mozilla/5.0 (compatible; AhrefsBot/7.0; +http://ahrefs.com/robot/)"
34.19.85.195 - - [01/Apr/2025:22:24:46 -0400] "GET /buy-youtube-shares-how-to-find-a-trusted-and-reputable-provider/ HTTP/1.1" 200 12168 "-" "Mozilla/5.0 (Macintosh; Intel Mac OS X 10.15; rv:109.0) Gecko/20100101 Firefox/116.0"
54.36.149.11 - - [01/Apr/2025:22:26:09 -0400] "GET /how-to-hire-a-professional-photographer-for-your-dating-profile/ HTTP/1.1" 200 12008 "-" "Mozilla/5.0 (compatible; AhrefsBot/7.0; +http://ahrefs.com/robot/)"
54.36.148.4 - - [01/Apr/2025:22:29:47 -0400] "GET /top-5-coworking-spaces-in-singapore/ HTTP/1.1" 200 11765 "-" "Mozilla/5.0 (compatible; AhrefsBot/7.0; +http://ahrefs.com/robot/)"
43.135.145.117 - - [01/Apr/2025:22:31:01 -0400] "GET /category/activity/ HTTP/1.1" 200 12358 "-" "Mozilla/5.0 (iPhone; CPU iPhone OS 13_2_3 like Mac OS X) AppleWebKit/605.1.15 (KHTML, like Gecko) Version/13.0.3 Mobile/15E148 Safari/604.1"
54.36.149.32 - - [01/Apr/2025:22:33:48 -0400] "GET /the-benefits-of-a-business-trip-massage/ HTTP/1.1" 200 12122 "-" "Mozilla/5.0 (compatible; AhrefsBot/7.0; +http://ahrefs.com/robot/)"
3.22.71.103 - - [01/Apr/2025:22:33:51 -0400] "GET /wp-json/wp/v2/posts/1124 HTTP/1.1" 200 5359 "-" "Mozilla/5.0 AppleWebKit/537.36 (KHTML, like Gecko; compatible; ClaudeBot/1.0; +claudebot@anthropic.com)"
54.36.148.109 - - [01/Apr/2025:22:37:48 -0400] "GET /ray-ban-nose-piece-replacement/ HTTP/1.1" 200 12080 "-" "Mozilla/5.0 (compatible; AhrefsBot/7.0; +http://ahrefs.com/robot/)"
104.248.118.148 - - [01/Apr/2025:22:38:48 -0400] "GET /wp-login.php HTTP/1.1" 200 1729 "-" "GRequests/0.10"
104.248.118.148 - - [01/Apr/2025:22:38:49 -0400] "POST /wp-login.php HTTP/1.1" 200 1853 "-" "GRequests/0.10"
3.12.151.20 - - [01/Apr/2025:22:40:16 -0400] "GET /wp-json/wp/v2/posts/322 HTTP/1.1" 200 5760 "-" "Mozilla/5.0 AppleWebKit/537.36 (KHTML, like Gecko; compatible; ClaudeBot/1.0; +claudebot@anthropic.com)"
177.242.216.76 - - [01/Apr/2025:22:40:39 -0400] "GET /?p=2488 HTTP/1.1" 301 5 "-" "Mozilla/5.0 (Windows NT 10.0; Win64; x64) AppleWebKit/537.36 (KHTML, like Gecko) Chrome/129.0.0.0 Safari/537.36"
177.242.216.76 - - [01/Apr/2025:22:40:39 -0400] "GET /precision-in-motion-inside-the-brush-machine-factory/ HTTP/1.1" 200 11519 "-" "Mozilla/5.0 (Windows NT 10.0; Win64; x64) AppleWebKit/537.36 (KHTML, like Gecko) Chrome/129.0.0.0 Safari/537.36"
54.36.149.80 - - [01/Apr/2025:22:42:01 -0400] "GET /benefits-of-a-real-estate-crm/ HTTP/1.1" 200 11586 "-" "Mozilla/5.0 (compatible; AhrefsBot/7.0; +http://ahrefs.com/robot/)"
43.153.7.191 - - [01/Apr/2025:22:42:07 -0400] "GET /the-rise-of-electronic-warrants/ HTTP/1.1" 200 11857 "-" "Mozilla/5.0 (iPhone; CPU iPhone OS 13_2_3 like Mac OS X) AppleWebKit/605.1.15 (KHTML, like Gecko) Version/13.0.3 Mobile/15E148 Safari/604.1"
92.45.54.59 - - [01/Apr/2025:22:43:41 -0400] "GET /2020/ HTTP/1.1" 200 10455 "-" "Mozilla/5.0 (Windows NT 10.0; Win64; x64) AppleWebKit/537.36 (KHTML, like Gecko) Chrome/129.0.0.0 Safari/537.36"
43.173.1.69 - - [01/Apr/2025:22:45:43 -0400] "GET /verbessern-sie-ihr-leben-schritt-fur-schritt/ HTTP/1.1" 200 11595 "-" "Mozilla/5.0 (iPhone; CPU iPhone OS 13_2_3 like Mac OS X) AppleWebKit/605.1.15 (KHTML, like Gecko) Version/13.0.3 Mobile/15E148 Safari/604.1"
18.191.236.82 - - [01/Apr/2025:22:46:14 -0400] "GET /plaque-dimmatriculation-personnalisee-une-touche-unique-pour-votre-vehicule HTTP/1.1" 301 5 "-" "Mozilla/5.0 AppleWebKit/537.36 (KHTML, like Gecko; compatible; ClaudeBot/1.0; +claudebot@anthropic.com)"
18.191.236.82 - - [01/Apr/2025:22:46:15 -0400] "GET /plaque-dimmatriculation-personnalisee-une-touche-unique-pour-votre-vehicule/ HTTP/1.1" 200 11833 "-" "Mozilla/5.0 AppleWebKit/537.36 (KHTML, like Gecko; compatible; ClaudeBot/1.0; +claudebot@anthropic.com)"
54.36.148.153 - - [01/Apr/2025:22:46:15 -0400] "GET /the-ultimate-gas-furnace-troubleshooting-guide/ HTTP/1.1" 200 12171 "-" "Mozilla/5.0 (compatible; AhrefsBot/7.0; +http://ahrefs.com/robot/)"
18.191.236.82 - - [01/Apr/2025:22:46:17 -0400] "GET /wp-includes/js/comment-reply.min.js?ver=6.7.2 HTTP/1.1" 304 0 "https://youthmarketingacademy.com/plaque-dimmatriculation-personnalisee-une-touche-unique-pour-votre-vehicule/" "Mozilla/5.0 AppleWebKit/537.36 (KHTML, like Gecko; compatible; ClaudeBot/1.0; +claudebot@anthropic.com)"
54.36.148.138 - - [01/Apr/2025:22:50:42 -0400] "GET /the-nzm350-laundry-pods-packaging-machine/ HTTP/1.1" 200 11555 "-" "Mozilla/5.0 (compatible; AhrefsBot/7.0; +http://ahrefs.com/robot/)"
14.155.234.166 - - [01/Apr/2025:22:52:29 -0400] "GET /robots.txt HTTP/1.1" 200 102 "-" "Mozilla/5.0 (Windows NT 10.0; Win64; x64) AppleWebKit/537.36 (KHTML, like Gecko) Chrome/52.0.3004.35 Safari/537.36 OPR/63.0.3368.43"
54.36.148.218 - - [01/Apr/2025:22:54:35 -0400] "GET /watten-house-a-place-of-enduring-beauty/ HTTP/1.1" 200 11548 "-" "Mozilla/5.0 (compatible; AhrefsBot/7.0; +http://ahrefs.com/robot/)"
54.36.149.85 - - [01/Apr/2025:22:58:00 -0400] "GET /how-to-buy-the-best-refrigerator/ HTTP/1.1" 200 11875 "-" "Mozilla/5.0 (compatible; AhrefsBot/7.0; +http://ahrefs.com/robot/)"
43.166.239.145 - - [01/Apr/2025:22:59:44 -0400] "GET /a-comprehensive-guide-nlp-chatbots/feed/ HTTP/1.1" 200 402 "-" "Mozilla/5.0 (iPhone; CPU iPhone OS 13_2_3 like Mac OS X) AppleWebKit/605.1.15 (KHTML, like Gecko) Version/13.0.3 Mobile/15E148 Safari/604.1"
54.159.98.248 - - [01/Apr/2025:23:00:54 -0400] "GET /page/12/ HTTP/1.1" 200 12205 "-" "Mozilla/5.0 AppleWebKit/537.36 (KHTML, like Gecko; compatible; Amazonbot/0.1; +https://developer.amazon.com/support/amazonbot) Chrome/119.0.6045.214 Safari/537.36"
52.200.54.136 - - [01/Apr/2025:23:00:58 -0400] "GET /?newsmaticargs=custom&posts=random HTTP/1.1" 200 12826 "-" "Mozilla/5.0 AppleWebKit/537.36 (KHTML, like Gecko; compatible; Amazonbot/0.1; +https://developer.amazon.com/support/amazonbot) Chrome/119.0.6045.214 Safari/537.36"
34.231.77.232 - - [01/Apr/2025:23:01:01 -0400] "GET /wp-content/uploads/2023/12/La-Sportiva-Hiking-Boots-150x150.jpg HTTP/1.1" 200 6698 "-" "Mozilla/5.0 AppleWebKit/537.36 (KHTML, like Gecko; compatible; Amazonbot/0.1; +https://developer.amazon.com/support/amazonbot) Chrome/119.0.6045.214 Safari/537.36"
212.8.248.108 - - [01/Apr/2025:23:01:46 -0400] "GET /cache-level-3-courses-become-a-cache-accredited-child-educator HTTP/1.1" 301 5 "-" "Mozilla/5.0 (Windows NT 10.0; Win64; x64) AppleWebKit/537.36 (KHTML, like Gecko) Chrome/118.0.0.0 Safari/537.36"
54.36.148.242 - - [01/Apr/2025:23:02:07 -0400] "GET /how-to-get-the-best-quote-for-moving/ HTTP/1.1" 200 12083 "-" "Mozilla/5.0 (compatible; AhrefsBot/7.0; +http://ahrefs.com/robot/)"
139.59.100.51 - - [01/Apr/2025:23:05:49 -0400] "GET /wp-login.php HTTP/1.1" 200 1729 "-" "Mozila/5.0"
139.59.100.51 - - [01/Apr/2025:23:05:50 -0400] "POST /wp-login.php HTTP/1.1" 200 1855 "-" "Mozila/5.0"
139.59.100.51 - - [01/Apr/2025:23:05:53 -0400] "GET /wp-admin/ HTTP/1.1" 302 5 "-" "Mozila/5.0"
139.59.100.51 - - [01/Apr/2025:23:05:56 -0400] "GET /wp-login.php?redirect_to=https%3A%2F%2Fyouthmarketingacademy.com%2Fwp-admin%2F&reauth=1 HTTP/1.1" 200 1729 "-" "Mozila/5.0"
54.36.148.235 - - [01/Apr/2025:23:06:14 -0400] "GET /us-gambling-laws/ HTTP/1.1" 200 12084 "-" "Mozilla/5.0 (compatible; AhrefsBot/7.0; +http://ahrefs.com/robot/)"
43.155.27.244 - - [01/Apr/2025:23:07:00 -0400] "GET /fda-otc-registration-process-explained/ HTTP/1.1" 200 11602 "-" "Mozilla/5.0 (iPhone; CPU iPhone OS 13_2_3 like Mac OS X) AppleWebKit/605.1.15 (KHTML, like Gecko) Version/13.0.3 Mobile/15E148 Safari/604.1"
2804:389:eb:4454:dcb4:d9d7:8dac:9dc4 - - [01/Apr/2025:23:08:55 -0400] "GET /lentoria-a-harmonious-blend-of-tranquility-and-urban-convenience/ HTTP/1.1" 200 11793 "-" "Mozilla/5.0 (Windows NT 10.0; Win64; x64) AppleWebKit/537.36 (KHTML, like Gecko) Chrome/129.0.0.0 Safari/537.36"
54.36.148.162 - - [01/Apr/2025:23:10:28 -0400] "GET /exploring-the-sora-showroom/ HTTP/1.1" 200 11425 "-" "Mozilla/5.0 (compatible; AhrefsBot/7.0; +http://ahrefs.com/robot/)"
212.102.37.196 - - [01/Apr/2025:23:13:40 -0400] "GET /how-to-take-sarm-for-maximum-benefit/ HTTP/1.1" 200 12123 "-" "Mozilla/5.0 (X11; Linux i686) AppleWebKit/537.36 (KHTML, like Gecko) Chrome/114.0.0.0 Safari/537.36 Vivaldi/5.3.2679.68"
54.36.148.2 - - [01/Apr/2025:23:14:27 -0400] "GET /a-glimpse-into-luxury-livings/ HTTP/1.1" 200 11747 "-" "Mozilla/5.0 (compatible; AhrefsBot/7.0; +http://ahrefs.com/robot/)"
54.36.148.234 - - [01/Apr/2025:23:18:15 -0400] "GET /how-to-fix-stick-drift-xbox-one/ HTTP/1.1" 200 14077 "-" "Mozilla/5.0 (compatible; AhrefsBot/7.0; +http://ahrefs.com/robot/)"
170.106.15.3 - - [01/Apr/2025:23:19:45 -0400] "GET /how-to-place-or-lift-a-security-freeze-on-your-credit-report/ HTTP/1.1" 200 11500 "-" "Mozilla/5.0 (iPhone; CPU iPhone OS 13_2_3 like Mac OS X) AppleWebKit/605.1.15 (KHTML, like Gecko) Version/13.0.3 Mobile/15E148 Safari/604.1"
148.230.217.6 - - [01/Apr/2025:23:19:49 -0400] "GET /wp-login.php HTTP/1.1" 200 1729 "-" "GRequests/0.10"
189.148.125.82 - - [01/Apr/2025:23:19:50 -0400] "POST /wp-login.php HTTP/1.1" 200 1853 "-" "GRequests/0.10"
54.36.148.253 - - [01/Apr/2025:23:22:12 -0400] "GET /customized-socks-with-logo/ HTTP/1.1" 200 12296 "-" "Mozilla/5.0 (compatible; AhrefsBot/7.0; +http://ahrefs.com/robot/)"
47.79.7.45 - - [01/Apr/2025:23:23:29 -0400] "GET /choosing-custom-invitations-for-your-wedding/ HTTP/1.1" 200 11606 "-" "Mozilla/5.0 (Windows NT 10.0; Win64; x64) AppleWebKit/537.36 (KHTML, like Gecko) Chrome/121.0.0.0 Safari/537.36 Edg/121.0.0.0"
54.36.149.36 - - [01/Apr/2025:23:26:06 -0400] "GET /understand-the-4-tennis-grand-slam-that-can-help-you-win-at-tennis-betting-exchanges/ HTTP/1.1" 200 11885 "-" "Mozilla/5.0 (compatible; AhrefsBot/7.0; +http://ahrefs.com/robot/)"
54.36.148.220 - - [01/Apr/2025:23:29:39 -0400] "GET /limportance-dun-bon-terrain-de-jeu/ HTTP/1.1" 200 11952 "-" "Mozilla/5.0 (compatible; AhrefsBot/7.0; +http://ahrefs.com/robot/)"
198.54.114.83 - - [01/Apr/2025:23:32:14 -0400] "POST /wp-cron.php?doing_wp_cron=1743564732.2727770805358886718750 HTTP/1.1" 200 0 "-" "WordPress/6.7.2; https://youthmarketingacademy.com"
3.137.187.238 - - [01/Apr/2025:23:32:08 -0400] "GET /unveiling-the-dynamics-of-bodybuilding-supplements/feed HTTP/1.1" 301 5 "-" "Mozilla/5.0 AppleWebKit/537.36 (KHTML, like Gecko; compatible; ClaudeBot/1.0; +claudebot@anthropic.com)"
3.137.187.238 - - [01/Apr/2025:23:32:16 -0400] "GET /unveiling-the-dynamics-of-bodybuilding-supplements/feed/ HTTP/1.1" 200 417 "-" "Mozilla/5.0 AppleWebKit/537.36 (KHTML, like Gecko; compatible; ClaudeBot/1.0; +claudebot@anthropic.com)"
43.159.148.221 - - [01/Apr/2025:23:32:43 -0400] "GET /easiest-web-based-casinos-leading-casinos-in-australia-to-own-2024/ HTTP/1.1" 200 13995 "-" "Mozilla/5.0 (iPhone; CPU iPhone OS 13_2_3 like Mac OS X) AppleWebKit/605.1.15 (KHTML, like Gecko) Version/13.0.3 Mobile/15E148 Safari/604.1"
47.79.116.195 - - [01/Apr/2025:23:32:58 -0400] "GET /how-a-delivery-service-company-can-help-your-business/ HTTP/1.1" 200 12440 "-" "Mozilla/5.0 (Linux; Android 8.1.0; C5 2019 Build/OPM2.171019.012) AppleWebKit/537.36 (KHTML, like Gecko) Chrome/122.0.6261.64 Mobile Safari/537.36"
18.208.11.93 - - [01/Apr/2025:23:33:15 -0400] "GET /category/activity/ HTTP/1.1" 200 12173 "-" "Mozilla/5.0 AppleWebKit/537.36 (KHTML, like Gecko; compatible; Amazonbot/0.1; +https://developer.amazon.com/support/amazonbot) Chrome/119.0.6045.214 Safari/537.36"
52.5.242.243 - - [01/Apr/2025:23:33:18 -0400] "GET /page/104/ HTTP/1.1" 200 11846 "-" "Mozilla/5.0 AppleWebKit/537.36 (KHTML, like Gecko; compatible; Amazonbot/0.1; +https://developer.amazon.com/support/amazonbot) Chrome/119.0.6045.214 Safari/537.36"
54.36.148.78 - - [01/Apr/2025:23:33:41 -0400] "GET /buying-a-michael-kors-satchel-on-sale/ HTTP/1.1" 200 12320 "-" "Mozilla/5.0 (compatible; AhrefsBot/7.0; +http://ahrefs.com/robot/)"
54.36.149.74 - - [01/Apr/2025:23:37:31 -0400] "GET /the-rise-of-vegan-beauty-products/ HTTP/1.1" 200 12111 "-" "Mozilla/5.0 (compatible; AhrefsBot/7.0; +http://ahrefs.com/robot/)"
3.16.214.145 - - [01/Apr/2025:23:38:15 -0400] "GET /robots.txt HTTP/1.1" 200 102 "-" "Mozilla/5.0 AppleWebKit/537.36 (KHTML, like Gecko; compatible; ClaudeBot/1.0; +claudebot@anthropic.com)"
3.16.214.145 - - [01/Apr/2025:23:38:17 -0400] "GET /how-telephone-headsets-can-benefit-your-business HTTP/1.1" 301 5 "-" "Mozilla/5.0 AppleWebKit/537.36 (KHTML, like Gecko; compatible; ClaudeBot/1.0; +claudebot@anthropic.com)"
3.16.214.145 - - [01/Apr/2025:23:38:18 -0400] "GET /how-telephone-headsets-can-benefit-your-business/ HTTP/1.1" 200 11578 "-" "Mozilla/5.0 AppleWebKit/537.36 (KHTML, like Gecko; compatible; ClaudeBot/1.0; +claudebot@anthropic.com)"
54.36.148.69 - - [01/Apr/2025:23:41:38 -0400] "GET /organize-a-unique-funeral-service-with-funeral-home-leyland/ HTTP/1.1" 200 12264 "-" "Mozilla/5.0 (compatible; AhrefsBot/7.0; +http://ahrefs.com/robot/)"
88.204.37.222 - - [01/Apr/2025:23:44:45 -0400] "GET /movies-da/ HTTP/1.1" 200 14018 "https://youthmarketingacademy.com/movies-da/#comment-20933" "Mozilla/5.0 (Windows NT 10.0; Win64; x64) AppleWebKit/537.36 (KHTML, like Gecko) Chrome/129.0.0.0 Safari/537.36"
88.204.37.222 - - [01/Apr/2025:23:44:51 -0400] "POST /wp-comments-post.php HTTP/1.1" 302 5 "https://youthmarketingacademy.com/movies-da/#comment-20933" "Mozilla/5.0 (Windows NT 10.0; Win64; x64) AppleWebKit/537.36 (KHTML, like Gecko) Chrome/129.0.0.0 Safari/537.36"
88.204.37.222 - - [01/Apr/2025:23:44:56 -0400] "GET /movies-da/ HTTP/1.1" 200 4961 "https://youthmarketingacademy.com/movies-da/#comment-27418" "Mozilla/5.0 (Windows NT 10.0; Win64; x64) AppleWebKit/537.36 (KHTML, like Gecko) Chrome/129.0.0.0 Safari/537.36"
54.36.148.31 - - [01/Apr/2025:23:46:10 -0400] "GET /what-is-search-engine-optimisation/ HTTP/1.1" 200 11519 "-" "Mozilla/5.0 (compatible; AhrefsBot/7.0; +http://ahrefs.com/robot/)"
