157.90.181.207 - - [01/Apr/2025:20:21:20 -0400] "GET /concrete-tank-repairs/ HTTP/1.1" 200 11543 "-" "Mozilla/5.0 (compatible; BLEXBot/1.0; +https://help.seranking.com/en/blex-crawler)"
157.90.181.207 - - [01/Apr/2025:20:21:22 -0400] "GET /the-new-fifty-free-revolves-no-deposit/ HTTP/1.1" 200 12906 "-" "Mozilla/5.0 (compatible; BLEXBot/1.0; +https://help.seranking.com/en/blex-crawler)"
157.90.181.207 - - [01/Apr/2025:20:21:26 -0400] "GET /confort-et-ergonomie-le-coussin-de-lecture-pour-lit/ HTTP/1.1" 200 11703 "-" "Mozilla/5.0 (compatible; BLEXBot/1.0; +https://help.seranking.com/en/blex-crawler)"
157.90.181.207 - - [01/Apr/2025:20:21:30 -0400] "GET /the-nzm350-laundry-pods-packaging-machine/ HTTP/1.1" 200 11652 "-" "Mozilla/5.0 (compatible; BLEXBot/1.0; +https://help.seranking.com/en/blex-crawler)"
157.90.181.207 - - [01/Apr/2025:20:21:31 -0400] "GET /conservatory-roofs-cardiff-transform-your-conservatory-into-an-all-year-round-room/ HTTP/1.1" 200 12337 "-" "Mozilla/5.0 (compatible; BLEXBot/1.0; +https://help.seranking.com/en/blex-crawler)"
157.90.181.207 - - [01/Apr/2025:20:21:44 -0400] "GET /continuez-a-proteger-votre-huile-de-cbd-avec-nos-boites-demballage-personnalisees/ HTTP/1.1" 200 12601 "-" "Mozilla/5.0 (compatible; BLEXBot/1.0; +https://help.seranking.com/en/blex-crawler)"
157.90.181.207 - - [01/Apr/2025:20:21:45 -0400] "GET /the-popularity-of-pokemon/ HTTP/1.1" 200 12265 "-" "Mozilla/5.0 (compatible; BLEXBot/1.0; +https://help.seranking.com/en/blex-crawler)"
157.90.181.207 - - [01/Apr/2025:20:21:49 -0400] "GET /coupe-legumes/ HTTP/1.1" 200 11701 "-" "Mozilla/5.0 (compatible; BLEXBot/1.0; +https://help.seranking.com/en/blex-crawler)"
157.90.181.207 - - [01/Apr/2025:20:21:53 -0400] "GET /the-power-of-residential-proxies/ HTTP/1.1" 200 11630 "-" "Mozilla/5.0 (compatible; BLEXBot/1.0; +https://help.seranking.com/en/blex-crawler)"
157.90.181.207 - - [01/Apr/2025:20:21:54 -0400] "GET /custom-fuzzy-socks-bulk/ HTTP/1.1" 200 12396 "-" "Mozilla/5.0 (compatible; BLEXBot/1.0; +https://help.seranking.com/en/blex-crawler)"
157.90.181.207 - - [01/Apr/2025:20:22:05 -0400] "GET /custom-grip-socks-wholesale/ HTTP/1.1" 200 11675 "-" "Mozilla/5.0 (compatible; BLEXBot/1.0; +https://help.seranking.com/en/blex-crawler)"
157.90.181.207 - - [01/Apr/2025:20:22:11 -0400] "GET /the-rise-of-digital-wedding-invitations/ HTTP/1.1" 200 11957 "-" "Mozilla/5.0 (compatible; BLEXBot/1.0; +https://help.seranking.com/en/blex-crawler)"
157.90.181.207 - - [01/Apr/2025:20:22:18 -0400] "GET /custom-socks-with-logo/ HTTP/1.1" 200 11475 "-" "Mozilla/5.0 (compatible; BLEXBot/1.0; +https://help.seranking.com/en/blex-crawler)"
157.90.181.207 - - [01/Apr/2025:20:22:20 -0400] "GET /the-rise-of-electronic-warrants/ HTTP/1.1" 200 11948 "-" "Mozilla/5.0 (compatible; BLEXBot/1.0; +https://help.seranking.com/en/blex-crawler)"
157.90.181.207 - - [01/Apr/2025:20:22:27 -0400] "GET /cutting-edge-research-in-metabolic-labs/ HTTP/1.1" 200 12287 "-" "Mozilla/5.0 (compatible; BLEXBot/1.0; +https://help.seranking.com/en/blex-crawler)"
157.90.181.207 - - [01/Apr/2025:20:22:35 -0400] "GET /dakota-watches-more-than-timepieces-survival-tools/ HTTP/1.1" 200 11934 "-" "Mozilla/5.0 (compatible; BLEXBot/1.0; +https://help.seranking.com/en/blex-crawler)"
43.135.144.126 - - [01/Apr/2025:20:22:38 -0400] "GET /2023/06/ HTTP/1.1" 200 12385 "-" "Mozilla/5.0 (iPhone; CPU iPhone OS 13_2_3 like Mac OS X) AppleWebKit/605.1.15 (KHTML, like Gecko) Version/13.0.3 Mobile/15E148 Safari/604.1"
54.36.148.61 - - [01/Apr/2025:20:22:39 -0400] "GET /ps5-game-sharing/ HTTP/1.1" 200 13488 "-" "Mozilla/5.0 (compatible; AhrefsBot/7.0; +http://ahrefs.com/robot/)"
157.90.181.207 - - [01/Apr/2025:20:22:42 -0400] "GET /debunking-the-myths-of-online-gambling/ HTTP/1.1" 200 12813 "-" "Mozilla/5.0 (compatible; BLEXBot/1.0; +https://help.seranking.com/en/blex-crawler)"
157.90.181.207 - - [01/Apr/2025:20:22:51 -0400] "GET /der-weg-zum-gitarrenspiel/ HTTP/1.1" 200 11833 "-" "Mozilla/5.0 (compatible; BLEXBot/1.0; +https://help.seranking.com/en/blex-crawler)"
157.90.181.207 - - [01/Apr/2025:20:22:57 -0400] "GET /die-landschaft-der-uberwachungskameras/ HTTP/1.1" 200 12446 "-" "Mozilla/5.0 (compatible; BLEXBot/1.0; +https://help.seranking.com/en/blex-crawler)"
157.90.181.207 - - [01/Apr/2025:20:23:07 -0400] "GET /discovering-elegance-exploring-the-arcady-showflat/ HTTP/1.1" 200 11775 "-" "Mozilla/5.0 (compatible; BLEXBot/1.0; +https://help.seranking.com/en/blex-crawler)"
157.90.181.207 - - [01/Apr/2025:20:23:14 -0400] "GET /dive-into-a-world-of-endless-stories-without-paying-a-penny/ HTTP/1.1" 200 11944 "-" "Mozilla/5.0 (compatible; BLEXBot/1.0; +https://help.seranking.com/en/blex-crawler)"
157.90.181.207 - - [01/Apr/2025:20:23:22 -0400] "GET /diving-into-the-wholesale-pool-supplies-industry/ HTTP/1.1" 200 11685 "-" "Mozilla/5.0 (compatible; BLEXBot/1.0; +https://help.seranking.com/en/blex-crawler)"
2001:41d0:203:83e2:: - - [01/Apr/2025:20:23:38 -0400] "GET /wp-login.php HTTP/1.1" 200 1729 "-" "GRequests/0.10"
157.90.181.207 - - [01/Apr/2025:20:23:38 -0400] "GET /does-michael-myers-die-in-halloween-kills/ HTTP/1.1" 200 14821 "-" "Mozilla/5.0 (compatible; BLEXBot/1.0; +https://help.seranking.com/en/blex-crawler)"
2001:41d0:203:83e2:: - - [01/Apr/2025:20:23:39 -0400] "POST /wp-login.php HTTP/1.1" 200 1853 "-" "GRequests/0.10"
157.90.181.207 - - [01/Apr/2025:20:23:47 -0400] "GET /does-roku-have-a-web-browser/ HTTP/1.1" 200 14361 "-" "Mozilla/5.0 (compatible; BLEXBot/1.0; +https://help.seranking.com/en/blex-crawler)"
18.191.118.83 - - [01/Apr/2025:20:24:00 -0400] "GET /2024/01/page/6 HTTP/1.1" 301 5 "-" "Mozilla/5.0 AppleWebKit/537.36 (KHTML, like Gecko; compatible; ClaudeBot/1.0; +claudebot@anthropic.com)"
18.191.118.83 - - [01/Apr/2025:20:24:00 -0400] "GET /2024/01/page/6/ HTTP/1.1" 200 11269 "-" "Mozilla/5.0 AppleWebKit/537.36 (KHTML, like Gecko; compatible; ClaudeBot/1.0; +claudebot@anthropic.com)"
157.90.181.207 - - [01/Apr/2025:20:24:03 -0400] "GET /efficient-strategies-for-losing-body-fat/ HTTP/1.1" 200 11708 "-" "Mozilla/5.0 (compatible; BLEXBot/1.0; +https://help.seranking.com/en/blex-crawler)"
157.90.181.207 - - [01/Apr/2025:20:24:16 -0400] "GET /effiziente-unternehmensraumung-in-luneburg/ HTTP/1.1" 200 11685 "-" "Mozilla/5.0 (compatible; BLEXBot/1.0; +https://help.seranking.com/en/blex-crawler)"
157.90.181.207 - - [01/Apr/2025:20:24:24 -0400] "GET /effiziente-wohnungsauflosungen-in-luneburg/ HTTP/1.1" 200 11905 "-" "Mozilla/5.0 (compatible; BLEXBot/1.0; +https://help.seranking.com/en/blex-crawler)"
157.90.181.207 - - [01/Apr/2025:20:24:29 -0400] "GET /effizienter-umzug-in-hamburg/ HTTP/1.1" 200 11926 "-" "Mozilla/5.0 (compatible; BLEXBot/1.0; +https://help.seranking.com/en/blex-crawler)"
157.90.181.207 - - [01/Apr/2025:20:24:44 -0400] "GET /effizienter-umzugsservice-in-luneburg/ HTTP/1.1" 200 11690 "-" "Mozilla/5.0 (compatible; BLEXBot/1.0; +https://help.seranking.com/en/blex-crawler)"
157.90.181.207 - - [01/Apr/2025:20:25:20 -0400] "GET /elegance-reinvented-the-legacy-of-italian-classic-furniture-manufacturers/ HTTP/1.1" 200 11645 "-" "Mozilla/5.0 (compatible; BLEXBot/1.0; +https://help.seranking.com/en/blex-crawler)"
157.90.181.207 - - [01/Apr/2025:20:25:34 -0400] "GET /elevated-degrees-of-paper-utilization-in-little-and-corporate-organizations/ HTTP/1.1" 200 12323 "-" "Mozilla/5.0 (compatible; BLEXBot/1.0; +https://help.seranking.com/en/blex-crawler)"
157.90.181.207 - - [01/Apr/2025:20:25:44 -0400] "GET /embroidered-socks/ HTTP/1.1" 200 11372 "-" "Mozilla/5.0 (compatible; BLEXBot/1.0; +https://help.seranking.com/en/blex-crawler)"
157.90.181.207 - - [01/Apr/2025:20:25:51 -0400] "GET /erstklassiger-umzugsservice-in-luneburg/ HTTP/1.1" 200 12137 "-" "Mozilla/5.0 (compatible; BLEXBot/1.0; +https://help.seranking.com/en/blex-crawler)"
54.36.148.106 - - [01/Apr/2025:20:25:59 -0400] "GET /lentoria-a-harmonious-blend-of-tranquility-and-urban-convenience/ HTTP/1.1" 200 11749 "-" "Mozilla/5.0 (compatible; AhrefsBot/7.0; +http://ahrefs.com/robot/)"
157.90.181.207 - - [01/Apr/2025:20:26:01 -0400] "GET /europe-itinerary-3-weeks-with-kids/ HTTP/1.1" 200 11580 "-" "Mozilla/5.0 (compatible; BLEXBot/1.0; +https://help.seranking.com/en/blex-crawler)"
157.90.181.207 - - [01/Apr/2025:20:26:09 -0400] "GET /exploring-enriching-pesach-programs-for-2025/ HTTP/1.1" 200 11873 "-" "Mozilla/5.0 (compatible; BLEXBot/1.0; +https://help.seranking.com/en/blex-crawler)"
157.90.181.207 - - [01/Apr/2025:20:26:20 -0400] "GET /exploring-the-world-of-free-online-games/ HTTP/1.1" 200 11656 "-" "Mozilla/5.0 (compatible; BLEXBot/1.0; +https://help.seranking.com/en/blex-crawler)"
157.90.181.207 - - [01/Apr/2025:20:26:30 -0400] "GET /fda-cosmetic-registration-process/ HTTP/1.1" 200 11959 "-" "Mozilla/5.0 (compatible; BLEXBot/1.0; +https://help.seranking.com/en/blex-crawler)"
157.90.181.207 - - [01/Apr/2025:20:26:46 -0400] "GET /fda-otc-registration-process-explained/ HTTP/1.1" 200 11743 "-" "Mozilla/5.0 (compatible; BLEXBot/1.0; +https://help.seranking.com/en/blex-crawler)"
157.90.181.207 - - [01/Apr/2025:20:26:57 -0400] "GET /fda-otc-registration-process/ HTTP/1.1" 200 11724 "-" "Mozilla/5.0 (compatible; BLEXBot/1.0; +https://help.seranking.com/en/blex-crawler)"
157.90.181.207 - - [01/Apr/2025:20:27:08 -0400] "GET /fenbendazole-for-humans-and-animals/ HTTP/1.1" 200 12057 "-" "Mozilla/5.0 (compatible; BLEXBot/1.0; +https://help.seranking.com/en/blex-crawler)"
157.90.181.207 - - [01/Apr/2025:20:27:20 -0400] "GET /find-a-hairdresser-who-specialises-in-curly-hair/ HTTP/1.1" 200 11599 "-" "Mozilla/5.0 (compatible; BLEXBot/1.0; +https://help.seranking.com/en/blex-crawler)"
2001:41d0:203:83e2:: - - [01/Apr/2025:20:27:29 -0400] "GET /wp-login.php HTTP/1.1" 200 1729 "-" "GRequests/0.10"
2001:41d0:203:83e2:: - - [01/Apr/2025:20:27:30 -0400] "POST /wp-login.php HTTP/1.1" 200 1855 "-" "GRequests/0.10"
157.90.181.207 - - [01/Apr/2025:20:27:38 -0400] "GET /finding-speech-therapy-near-you/ HTTP/1.1" 200 11669 "-" "Mozilla/5.0 (compatible; BLEXBot/1.0; +https://help.seranking.com/en/blex-crawler)"
157.90.181.207 - - [01/Apr/2025:20:27:48 -0400] "GET /finding-the-right-property-management-company-for-rental-properties/ HTTP/1.1" 200 11709 "-" "Mozilla/5.0 (compatible; BLEXBot/1.0; +https://help.seranking.com/en/blex-crawler)"
34.169.175.120 - - [01/Apr/2025:20:28:07 -0400] "GET /online-gambling-3/ HTTP/1.1" 200 11785 "-" "Mozilla/5.0 (Macintosh; Intel Mac OS X 10.15; rv:109.0) Gecko/20100101 Firefox/116.0"
157.90.181.207 - - [01/Apr/2025:20:28:08 -0400] "GET /florida-fha-lenders/ HTTP/1.1" 200 11508 "-" "Mozilla/5.0 (compatible; BLEXBot/1.0; +https://help.seranking.com/en/blex-crawler)"
157.90.181.207 - - [01/Apr/2025:20:28:20 -0400] "GET /gebaudereinigung-luneburg/ HTTP/1.1" 200 11977 "-" "Mozilla/5.0 (compatible; BLEXBot/1.0; +https://help.seranking.com/en/blex-crawler)"
157.90.181.207 - - [01/Apr/2025:20:28:33 -0400] "GET /german-lesson-in-london/ HTTP/1.1" 200 11642 "-" "Mozilla/5.0 (compatible; BLEXBot/1.0; +https://help.seranking.com/en/blex-crawler)"
157.90.181.207 - - [01/Apr/2025:20:28:47 -0400] "GET /gitarre-lernen-in-dusseldorf-fur-anfanger-und-fortgeschrittene/ HTTP/1.1" 200 11876 "-" "Mozilla/5.0 (compatible; BLEXBot/1.0; +https://help.seranking.com/en/blex-crawler)"
157.90.181.207 - - [01/Apr/2025:20:29:04 -0400] "GET /gitarre-lernen-in-dusseldorf/ HTTP/1.1" 200 12232 "-" "Mozilla/5.0 (compatible; BLEXBot/1.0; +https://help.seranking.com/en/blex-crawler)"
157.90.181.207 - - [01/Apr/2025:20:29:22 -0400] "GET /gitarrenunterricht-in-essen/ HTTP/1.1" 200 11806 "-" "Mozilla/5.0 (compatible; BLEXBot/1.0; +https://help.seranking.com/en/blex-crawler)"
157.90.181.207 - - [01/Apr/2025:20:29:32 -0400] "GET /glass-iced-coffee-cup/ HTTP/1.1" 200 12025 "-" "Mozilla/5.0 (compatible; BLEXBot/1.0; +https://help.seranking.com/en/blex-crawler)"
157.90.181.207 - - [01/Apr/2025:20:29:41 -0400] "GET /guerison-emotionnelle-avec-emdr-rennes/ HTTP/1.1" 200 11545 "-" "Mozilla/5.0 (compatible; BLEXBot/1.0; +https://help.seranking.com/en/blex-crawler)"
54.36.148.123 - - [01/Apr/2025:20:29:41 -0400] "GET /how-to-lock-a-tesla-from-inside/ HTTP/1.1" 200 14344 "-" "Mozilla/5.0 (compatible; AhrefsBot/7.0; +http://ahrefs.com/robot/)"
157.90.181.207 - - [01/Apr/2025:20:29:54 -0400] "GET /haushaltsauflosung-in-luneburg-ein-umfassender-leitfaden/ HTTP/1.1" 200 11897 "-" "Mozilla/5.0 (compatible; BLEXBot/1.0; +https://help.seranking.com/en/blex-crawler)"
157.90.181.207 - - [01/Apr/2025:20:30:05 -0400] "GET /haushaltsauflosung-luneburg-ihr-partner-fur-eine-stressfreie-entsorgung/ HTTP/1.1" 200 12145 "-" "Mozilla/5.0 (compatible; BLEXBot/1.0; +https://help.seranking.com/en/blex-crawler)"
13.58.129.138 - - [01/Apr/2025:20:30:14 -0400] "GET /wp-json/oembed/1.0/embed?url=https%3A%2F%2Fyouthmarketingacademy.com%2Fbuy-youtube-views-cheaply%2F HTTP/1.1" 200 2203 "-" "Mozilla/5.0 AppleWebKit/537.36 (KHTML, like Gecko; compatible; ClaudeBot/1.0; +claudebot@anthropic.com)"
157.90.181.207 - - [01/Apr/2025:20:30:17 -0400] "GET /high-quality-bathroom-renovations-in-melbournes-western-suburbs/ HTTP/1.1" 200 12331 "-" "Mozilla/5.0 (compatible; BLEXBot/1.0; +https://help.seranking.com/en/blex-crawler)"
157.90.181.207 - - [01/Apr/2025:20:30:24 -0400] "GET /hiking-boot-essentials/ HTTP/1.1" 200 13846 "-" "Mozilla/5.0 (compatible; BLEXBot/1.0; +https://help.seranking.com/en/blex-crawler)"
157.90.181.207 - - [01/Apr/2025:20:30:37 -0400] "GET /hire-photographer-for-dating-profile-photos/ HTTP/1.1" 200 12153 "-" "Mozilla/5.0 (compatible; BLEXBot/1.0; +https://help.seranking.com/en/blex-crawler)"
157.90.181.207 - - [01/Apr/2025:20:30:45 -0400] "GET /house-cleaners-in-indianapolis/ HTTP/1.1" 200 12799 "-" "Mozilla/5.0 (compatible; BLEXBot/1.0; +https://help.seranking.com/en/blex-crawler)"
157.90.181.207 - - [01/Apr/2025:20:31:07 -0400] "GET /how-an-auto-locksmith-chicago-can-help/ HTTP/1.1" 200 12178 "-" "Mozilla/5.0 (compatible; BLEXBot/1.0; +https://help.seranking.com/en/blex-crawler)"
198.54.114.83 - - [01/Apr/2025:20:31:19 -0400] "POST /wp-cron.php?doing_wp_cron=1743553879.5691909790039062500000 HTTP/1.1" 200 0 "-" "WordPress/6.7.2; https://youthmarketingacademy.com"
157.90.181.207 - - [01/Apr/2025:20:31:19 -0400] "GET /how-long-does-an-apple-watch-take-to-charge/ HTTP/1.1" 200 14512 "-" "Mozilla/5.0 (compatible; BLEXBot/1.0; +https://help.seranking.com/en/blex-crawler)"
157.90.181.207 - - [01/Apr/2025:20:31:25 -0400] "GET /how-telephone-headsets-can-benefit-your-business/ HTTP/1.1" 200 11699 "-" "Mozilla/5.0 (compatible; BLEXBot/1.0; +https://help.seranking.com/en/blex-crawler)"
157.90.181.207 - - [01/Apr/2025:20:31:32 -0400] "GET /how-the-new-uk-tax-residence-rules-work/ HTTP/1.1" 200 12789 "-" "Mozilla/5.0 (compatible; BLEXBot/1.0; +https://help.seranking.com/en/blex-crawler)"
157.90.181.207 - - [01/Apr/2025:20:31:44 -0400] "GET /how-to-buy-tiktok-saves-and-shares/ HTTP/1.1" 200 11562 "-" "Mozilla/5.0 (compatible; BLEXBot/1.0; +https://help.seranking.com/en/blex-crawler)"
157.90.181.207 - - [01/Apr/2025:20:31:54 -0400] "GET /how-to-buy-youtube-likes/ HTTP/1.1" 200 12267 "-" "Mozilla/5.0 (compatible; BLEXBot/1.0; +https://help.seranking.com/en/blex-crawler)"
157.90.181.207 - - [01/Apr/2025:20:32:04 -0400] "GET /how-to-choose-a-british-male-voiceover/ HTTP/1.1" 200 12006 "-" "Mozilla/5.0 (compatible; BLEXBot/1.0; +https://help.seranking.com/en/blex-crawler)"
157.90.181.207 - - [01/Apr/2025:20:32:11 -0400] "GET /how-to-choose-a-reputable-smm-panel/ HTTP/1.1" 200 12059 "-" "Mozilla/5.0 (compatible; BLEXBot/1.0; +https://help.seranking.com/en/blex-crawler)"
157.90.181.207 - - [01/Apr/2025:20:32:18 -0400] "GET /how-to-choose-an-iced-coffee-cup-with-straw/ HTTP/1.1" 200 12057 "-" "Mozilla/5.0 (compatible; BLEXBot/1.0; +https://help.seranking.com/en/blex-crawler)"
157.90.181.207 - - [01/Apr/2025:20:32:27 -0400] "GET /how-to-choose-the-best-smart-lighting-for-your-home/ HTTP/1.1" 200 12170 "-" "Mozilla/5.0 (compatible; BLEXBot/1.0; +https://help.seranking.com/en/blex-crawler)"
157.90.181.207 - - [01/Apr/2025:20:32:36 -0400] "GET /how-to-choose-the-best-sport-wool-socks/ HTTP/1.1" 200 11496 "-" "Mozilla/5.0 (compatible; BLEXBot/1.0; +https://help.seranking.com/en/blex-crawler)"
157.90.181.207 - - [01/Apr/2025:20:32:45 -0400] "GET /how-to-connect-airpods-to-ps4/ HTTP/1.1" 200 13882 "-" "Mozilla/5.0 (compatible; BLEXBot/1.0; +https://help.seranking.com/en/blex-crawler)"
157.90.181.207 - - [01/Apr/2025:20:32:53 -0400] "GET /how-to-connect-windows-to-the-university-network/ HTTP/1.1" 200 11926 "-" "Mozilla/5.0 (compatible; BLEXBot/1.0; +https://help.seranking.com/en/blex-crawler)"
157.90.181.207 - - [01/Apr/2025:20:33:08 -0400] "GET /how-to-create-build-and-host-videos-for-maximum-traffic/ HTTP/1.1" 200 13708 "-" "Mozilla/5.0 (compatible; BLEXBot/1.0; +https://help.seranking.com/en/blex-crawler)"
157.90.181.207 - - [01/Apr/2025:20:33:26 -0400] "GET /how-to-delete-imessages-on-mac/ HTTP/1.1" 200 12933 "-" "Mozilla/5.0 (compatible; BLEXBot/1.0; +https://help.seranking.com/en/blex-crawler)"
54.36.149.78 - - [01/Apr/2025:20:33:28 -0400] "GET /essential-rv-accessories/ HTTP/1.1" 200 11624 "-" "Mozilla/5.0 (compatible; AhrefsBot/7.0; +http://ahrefs.com/robot/)"
157.90.181.207 - - [01/Apr/2025:20:33:36 -0400] "GET /how-to-diamond-paint-your-own-picture/ HTTP/1.1" 200 12317 "-" "Mozilla/5.0 (compatible; BLEXBot/1.0; +https://help.seranking.com/en/blex-crawler)"
157.90.181.207 - - [01/Apr/2025:20:33:45 -0400] "GET /how-to-do-voice-changer-on-tiktok/ HTTP/1.1" 200 13098 "-" "Mozilla/5.0 (compatible; BLEXBot/1.0; +https://help.seranking.com/en/blex-crawler)"
157.90.181.207 - - [01/Apr/2025:20:33:54 -0400] "GET /how-to-empty-trash-on-iphone/ HTTP/1.1" 200 12804 "-" "Mozilla/5.0 (compatible; BLEXBot/1.0; +https://help.seranking.com/en/blex-crawler)"
157.90.181.207 - - [01/Apr/2025:20:34:01 -0400] "GET /how-to-engage-your-youtube-live-viewers/ HTTP/1.1" 200 12093 "-" "Mozilla/5.0 (compatible; BLEXBot/1.0; +https://help.seranking.com/en/blex-crawler)"
157.90.181.207 - - [01/Apr/2025:20:34:10 -0400] "GET /how-to-evaluate-a-cnc-machining-parts-supplier/ HTTP/1.1" 200 11679 "-" "Mozilla/5.0 (compatible; BLEXBot/1.0; +https://help.seranking.com/en/blex-crawler)"
157.90.181.207 - - [01/Apr/2025:20:34:24 -0400] "GET /how-to-evolve-pawniard/ HTTP/1.1" 200 13175 "-" "Mozilla/5.0 (compatible; BLEXBot/1.0; +https://help.seranking.com/en/blex-crawler)"
157.90.181.207 - - [01/Apr/2025:20:34:33 -0400] "GET /how-to-find-best-dui-lawyer-in-new-jersey/ HTTP/1.1" 200 11909 "-" "Mozilla/5.0 (compatible; BLEXBot/1.0; +https://help.seranking.com/en/blex-crawler)"
157.90.181.207 - - [01/Apr/2025:20:34:41 -0400] "GET /how-to-find-the-best-maid-service/ HTTP/1.1" 200 11647 "-" "Mozilla/5.0 (compatible; BLEXBot/1.0; +https://help.seranking.com/en/blex-crawler)"
157.90.181.207 - - [01/Apr/2025:20:34:48 -0400] "GET /how-to-fix-stick-drift-xbox-one/ HTTP/1.1" 200 13990 "-" "Mozilla/5.0 (compatible; BLEXBot/1.0; +https://help.seranking.com/en/blex-crawler)"
157.90.181.207 - - [01/Apr/2025:20:34:54 -0400] "GET /how-to-forget-a-network-on-mac/ HTTP/1.1" 200 13527 "-" "Mozilla/5.0 (compatible; BLEXBot/1.0; +https://help.seranking.com/en/blex-crawler)"
157.90.181.207 - - [01/Apr/2025:20:35:15 -0400] "GET /how-to-get-started-in-real-estate-investing/ HTTP/1.1" 200 12186 "-" "Mozilla/5.0 (compatible; BLEXBot/1.0; +https://help.seranking.com/en/blex-crawler)"
157.90.181.207 - - [01/Apr/2025:20:35:23 -0400] "GET /how-to-get-started-with-a-live-cam/ HTTP/1.1" 200 11491 "-" "Mozilla/5.0 (compatible; BLEXBot/1.0; +https://help.seranking.com/en/blex-crawler)"
157.90.181.207 - - [01/Apr/2025:20:35:32 -0400] "GET /how-to-make-the-most-of-free-job-posting-uk/ HTTP/1.1" 200 11678 "-" "Mozilla/5.0 (compatible; BLEXBot/1.0; +https://help.seranking.com/en/blex-crawler)"
157.90.181.207 - - [01/Apr/2025:20:35:40 -0400] "GET /how-to-place-or-lift-a-security-freeze-on-your-credit-report/ HTTP/1.1" 200 11436 "-" "Mozilla/5.0 (compatible; BLEXBot/1.0; +https://help.seranking.com/en/blex-crawler)"
157.90.181.207 - - [01/Apr/2025:20:35:46 -0400] "GET /how-to-play-live-casino/ HTTP/1.1" 200 11556 "-" "Mozilla/5.0 (compatible; BLEXBot/1.0; +https://help.seranking.com/en/blex-crawler)"
157.90.181.207 - - [01/Apr/2025:20:35:52 -0400] "GET /how-to-select-bedside-table-lamps/ HTTP/1.1" 200 12089 "-" "Mozilla/5.0 (compatible; BLEXBot/1.0; +https://help.seranking.com/en/blex-crawler)"
157.90.181.207 - - [01/Apr/2025:20:36:12 -0400] "GET /how-to-set-up-a-my-social-security-account/ HTTP/1.1" 200 13056 "-" "Mozilla/5.0 (compatible; BLEXBot/1.0; +https://help.seranking.com/en/blex-crawler)"
157.90.181.207 - - [01/Apr/2025:20:36:18 -0400] "GET /how-to-take-a-picture-on-a-chromebook/ HTTP/1.1" 200 13116 "-" "Mozilla/5.0 (compatible; BLEXBot/1.0; +https://help.seranking.com/en/blex-crawler)"
157.90.181.207 - - [01/Apr/2025:20:36:28 -0400] "GET /how-to-take-apart-a-ps4/ HTTP/1.1" 200 13318 "-" "Mozilla/5.0 (compatible; BLEXBot/1.0; +https://help.seranking.com/en/blex-crawler)"
157.90.181.207 - - [01/Apr/2025:20:36:38 -0400] "GET /how-to-take-apart-an-xbox-one-controller/ HTTP/1.1" 200 13028 "-" "Mozilla/5.0 (compatible; BLEXBot/1.0; +https://help.seranking.com/en/blex-crawler)"
157.90.181.207 - - [01/Apr/2025:20:36:44 -0400] "GET /how-to-take-apart-ps4/ HTTP/1.1" 200 13201 "-" "Mozilla/5.0 (compatible; BLEXBot/1.0; +https://help.seranking.com/en/blex-crawler)"
54.36.148.32 - - [01/Apr/2025:20:36:47 -0400] "GET /what-is-a-sarms-supplement/ HTTP/1.1" 200 12166 "-" "Mozilla/5.0 (compatible; AhrefsBot/7.0; +http://ahrefs.com/robot/)"
157.90.181.207 - - [01/Apr/2025:20:36:51 -0400] "GET /how-to-write-a-business-plan-for-a-plumbing-company/ HTTP/1.1" 200 11538 "-" "Mozilla/5.0 (compatible; BLEXBot/1.0; +https://help.seranking.com/en/blex-crawler)"
157.90.181.207 - - [01/Apr/2025:20:36:57 -0400] "GET /how-would-i-work-on-my-representatives-productivity-in-my-versatile-truck-washing-organization/ HTTP/1.1" 200 12935 "-" "Mozilla/5.0 (compatible; BLEXBot/1.0; +https://help.seranking.com/en/blex-crawler)"
157.90.181.207 - - [01/Apr/2025:20:37:03 -0400] "GET /ihr-partner-fur-einen-stressfreien-umzug/ HTTP/1.1" 200 11772 "-" "Mozilla/5.0 (compatible; BLEXBot/1.0; +https://help.seranking.com/en/blex-crawler)"
157.90.181.207 - - [01/Apr/2025:20:37:13 -0400] "GET /image-masking-services/ HTTP/1.1" 200 12010 "-" "Mozilla/5.0 (compatible; BLEXBot/1.0; +https://help.seranking.com/en/blex-crawler)"
157.90.181.207 - - [01/Apr/2025:20:37:19 -0400] "GET /innovating-energy-storage-the-rise-of-graphene-battery-manufacturers/ HTTP/1.1" 200 11605 "-" "Mozilla/5.0 (compatible; BLEXBot/1.0; +https://help.seranking.com/en/blex-crawler)"
157.90.181.207 - - [01/Apr/2025:20:37:25 -0400] "GET /innovative-beleuchtung-moderne-hangelampen/ HTTP/1.1" 200 11927 "-" "Mozilla/5.0 (compatible; BLEXBot/1.0; +https://help.seranking.com/en/blex-crawler)"
157.90.181.207 - - [01/Apr/2025:20:38:04 -0400] "GET /the-role-of-a-guaranteed-custody-attorney/ HTTP/1.1" 200 11690 "-" "Mozilla/5.0 (compatible; BLEXBot/1.0; +https://help.seranking.com/en/blex-crawler)"
157.90.181.207 - - [01/Apr/2025:20:38:38 -0400] "GET /the-role-of-chiropractors-in-dubai/ HTTP/1.1" 200 11776 "-" "Mozilla/5.0 (compatible; BLEXBot/1.0; +https://help.seranking.com/en/blex-crawler)"
157.90.181.207 - - [01/Apr/2025:20:38:45 -0400] "GET /the-starting-points-of-wine-and-winemaking/ HTTP/1.1" 200 12636 "-" "Mozilla/5.0 (compatible; BLEXBot/1.0; +https://help.seranking.com/en/blex-crawler)"
157.90.181.207 - - [01/Apr/2025:20:38:55 -0400] "GET /top-passover-programs-to-consider-in-2025/ HTTP/1.1" 200 11922 "-" "Mozilla/5.0 (compatible; BLEXBot/1.0; +https://help.seranking.com/en/blex-crawler)"
157.90.181.207 - - [01/Apr/2025:20:39:05 -0400] "GET /tracking-down-the-best-spot-to-get-comfortable/ HTTP/1.1" 200 12270 "-" "Mozilla/5.0 (compatible; BLEXBot/1.0; +https://help.seranking.com/en/blex-crawler)"
157.90.181.207 - - [01/Apr/2025:20:39:11 -0400] "GET /trouver-un-excellent-photographe-de-mariage-a-hawai-est-simple/ HTTP/1.1" 200 12691 "-" "Mozilla/5.0 (compatible; BLEXBot/1.0; +https://help.seranking.com/en/blex-crawler)"
157.90.181.207 - - [01/Apr/2025:20:39:19 -0400] "GET /tungsten-rings-wholesale-supplier/ HTTP/1.1" 200 11827 "-" "Mozilla/5.0 (compatible; BLEXBot/1.0; +https://help.seranking.com/en/blex-crawler)"
18.217.145.147 - - [01/Apr/2025:20:39:27 -0400] "GET /menorahs-for-sale-symbolising-miracles-around-the-world HTTP/1.1" 301 5 "-" "Mozilla/5.0 AppleWebKit/537.36 (KHTML, like Gecko; compatible; ClaudeBot/1.0; +claudebot@anthropic.com)"
157.90.181.207 - - [01/Apr/2025:20:39:27 -0400] "GET /types-of-air-rifles/ HTTP/1.1" 200 11401 "-" "Mozilla/5.0 (compatible; BLEXBot/1.0; +https://help.seranking.com/en/blex-crawler)"
18.217.145.147 - - [01/Apr/2025:20:39:27 -0400] "GET /menorahs-for-sale-symbolising-miracles-around-the-world/ HTTP/1.1" 200 11521 "-" "Mozilla/5.0 AppleWebKit/537.36 (KHTML, like Gecko; compatible; ClaudeBot/1.0; +claudebot@anthropic.com)"
18.217.145.147 - - [01/Apr/2025:20:39:29 -0400] "GET /wp-includes/js/comment-reply.min.js?ver=6.7.2 HTTP/1.1" 304 0 "https://youthmarketingacademy.com/menorahs-for-sale-symbolising-miracles-around-the-world/" "Mozilla/5.0 AppleWebKit/537.36 (KHTML, like Gecko; compatible; ClaudeBot/1.0; +claudebot@anthropic.com)"
157.90.181.207 - - [01/Apr/2025:20:39:35 -0400] "GET /types-of-airsoft-guns/ HTTP/1.1" 200 11674 "-" "Mozilla/5.0 (compatible; BLEXBot/1.0; +https://help.seranking.com/en/blex-crawler)"
157.90.181.207 - - [01/Apr/2025:20:39:45 -0400] "GET /types-of-airsoft-gunss/ HTTP/1.1" 200 11556 "-" "Mozilla/5.0 (compatible; BLEXBot/1.0; +https://help.seranking.com/en/blex-crawler)"
157.90.181.207 - - [01/Apr/2025:20:39:53 -0400] "GET /types-of-voice-overs/ HTTP/1.1" 200 11671 "-" "Mozilla/5.0 (compatible; BLEXBot/1.0; +https://help.seranking.com/en/blex-crawler)"
43.153.27.244 - - [01/Apr/2025:20:39:56 -0400] "GET /how-to-troubleshoot-a-norcold-refrigerator/ HTTP/1.1" 200 11618 "-" "Mozilla/5.0 (iPhone; CPU iPhone OS 13_2_3 like Mac OS X) AppleWebKit/605.1.15 (KHTML, like Gecko) Version/13.0.3 Mobile/15E148 Safari/604.1"
157.90.181.207 - - [01/Apr/2025:20:40:02 -0400] "GET /umzugsunternehmen-in-luneburg-ihr-partner-fur-einen-stressfreien-umzug/ HTTP/1.1" 200 11705 "-" "Mozilla/5.0 (compatible; BLEXBot/1.0; +https://help.seranking.com/en/blex-crawler)"
157.90.181.207 - - [01/Apr/2025:20:40:09 -0400] "GET /umzugsunternehmen-in-luneburg-ihre-beste-wahl/ HTTP/1.1" 200 11712 "-" "Mozilla/5.0 (compatible; BLEXBot/1.0; +https://help.seranking.com/en/blex-crawler)"
157.90.181.207 - - [01/Apr/2025:20:40:24 -0400] "GET /understanding-fenbendazole-a-potential-treatment-for-humans/ HTTP/1.1" 200 11773 "-" "Mozilla/5.0 (compatible; BLEXBot/1.0; +https://help.seranking.com/en/blex-crawler)"
54.36.148.95 - - [01/Apr/2025:20:40:25 -0400] "GET /embroidered-socks/ HTTP/1.1" 200 11367 "-" "Mozilla/5.0 (compatible; AhrefsBot/7.0; +http://ahrefs.com/robot/)"
157.90.181.207 - - [01/Apr/2025:20:40:35 -0400] "GET /understanding-the-real-estate-business/ HTTP/1.1" 200 12030 "-" "Mozilla/5.0 (compatible; BLEXBot/1.0; +https://help.seranking.com/en/blex-crawler)"
34.127.29.78 - - [01/Apr/2025:20:40:39 -0400] "GET /funko-pop-pokemon/ HTTP/1.1" 200 11425 "-" "Mozilla/5.0 (Macintosh; Intel Mac OS X 10.15; rv:109.0) Gecko/20100101 Firefox/116.0"
157.90.181.207 - - [01/Apr/2025:20:40:46 -0400] "GET /unleashing-the-power-of-performance-the-rise-of-xyz-fitness-apparel/ HTTP/1.1" 200 11706 "-" "Mozilla/5.0 (compatible; BLEXBot/1.0; +https://help.seranking.com/en/blex-crawler)"
157.90.181.207 - - [01/Apr/2025:20:40:52 -0400] "GET /unlocking-natures-psychedelic-key-the-psilocybin-spore-syringe/ HTTP/1.1" 200 11462 "-" "Mozilla/5.0 (compatible; BLEXBot/1.0; +https://help.seranking.com/en/blex-crawler)"
157.90.181.207 - - [01/Apr/2025:20:41:09 -0400] "GET /unveiling-luxury-exploring-the-kassia-showflat/ HTTP/1.1" 200 11625 "-" "Mozilla/5.0 (compatible; BLEXBot/1.0; +https://help.seranking.com/en/blex-crawler)"
157.90.181.207 - - [01/Apr/2025:20:41:30 -0400] "GET /unveiling-luxury-living-at-canninghill-piers-showflat/ HTTP/1.1" 200 11615 "-" "Mozilla/5.0 (compatible; BLEXBot/1.0; +https://help.seranking.com/en/blex-crawler)"
157.90.181.207 - - [01/Apr/2025:20:41:37 -0400] "GET /unveiling-the-allure-of-meyer-blue-a-vibrant-hue-with-timeless-appeal/ HTTP/1.1" 200 11537 "-" "Mozilla/5.0 (compatible; BLEXBot/1.0; +https://help.seranking.com/en/blex-crawler)"
157.90.181.207 - - [01/Apr/2025:20:41:44 -0400] "GET /unveiling-the-bond-the-art-and-science-of-double-sided-adhesive-tape-manufacturing/ HTTP/1.1" 200 11817 "-" "Mozilla/5.0 (compatible; BLEXBot/1.0; +https://help.seranking.com/en/blex-crawler)"
157.90.181.207 - - [01/Apr/2025:20:41:57 -0400] "GET /unveiling-the-dynamics-of-bodybuilding-supplements/ HTTP/1.1" 200 11560 "-" "Mozilla/5.0 (compatible; BLEXBot/1.0; +https://help.seranking.com/en/blex-crawler)"
157.90.181.207 - - [01/Apr/2025:20:42:03 -0400] "GET /unveiling-the-emblem-exploring-the-significance-of-car-badges/ HTTP/1.1" 200 11918 "-" "Mozilla/5.0 (compatible; BLEXBot/1.0; +https://help.seranking.com/en/blex-crawler)"
157.90.181.207 - - [01/Apr/2025:20:42:27 -0400] "GET /unveiling-the-essence-of-youtube-subscribers/ HTTP/1.1" 200 11659 "-" "Mozilla/5.0 (compatible; BLEXBot/1.0; +https://help.seranking.com/en/blex-crawler)"
157.90.181.207 - - [01/Apr/2025:20:42:35 -0400] "GET /unveiling-the-versatility-of-cement-screed-flooring/ HTTP/1.1" 200 11840 "-" "Mozilla/5.0 (compatible; BLEXBot/1.0; +https://help.seranking.com/en/blex-crawler)"
157.90.181.207 - - [01/Apr/2025:20:42:49 -0400] "GET /verbessern-sie-ihr-leben-schritt-fur-schritt/ HTTP/1.1" 200 11501 "-" "Mozilla/5.0 (compatible; BLEXBot/1.0; +https://help.seranking.com/en/blex-crawler)"
157.90.181.207 - - [01/Apr/2025:20:42:58 -0400] "GET /victorian-undergarments-are-classical-bodices-why/ HTTP/1.1" 200 12401 "-" "Mozilla/5.0 (compatible; BLEXBot/1.0; +https://help.seranking.com/en/blex-crawler)"
157.90.181.207 - - [01/Apr/2025:20:43:08 -0400] "GET /vintage-turkish-rugs-a-touch-of-bohemian-allure/ HTTP/1.1" 200 11755 "-" "Mozilla/5.0 (compatible; BLEXBot/1.0; +https://help.seranking.com/en/blex-crawler)"
157.90.181.207 - - [01/Apr/2025:20:43:18 -0400] "GET /vita-glow-cream-review/ HTTP/1.1" 200 11572 "-" "Mozilla/5.0 (compatible; BLEXBot/1.0; +https://help.seranking.com/en/blex-crawler)"
157.90.181.207 - - [01/Apr/2025:20:43:25 -0400] "GET /voiceovers-from-uk-home-studios/ HTTP/1.1" 200 11609 "-" "Mozilla/5.0 (compatible; BLEXBot/1.0; +https://help.seranking.com/en/blex-crawler)"
157.90.181.207 - - [01/Apr/2025:20:43:37 -0400] "GET /was-ist-steuerberatung/ HTTP/1.1" 200 12636 "-" "Mozilla/5.0 (compatible; BLEXBot/1.0; +https://help.seranking.com/en/blex-crawler)"
3.212.205.90 - - [01/Apr/2025:20:43:39 -0400] "GET /how-to-buy-the-best-refrigerator/ HTTP/1.1" 200 11913 "-" "Mozilla/5.0 AppleWebKit/537.36 (KHTML, like Gecko; compatible; Amazonbot/0.1; +https://developer.amazon.com/support/amazonbot) Chrome/119.0.6045.214 Safari/537.36"
18.206.47.187 - - [01/Apr/2025:20:43:40 -0400] "GET /preparing-your-child-for-a-visit-to-the-dentist/ HTTP/1.1" 200 13841 "-" "Mozilla/5.0 AppleWebKit/537.36 (KHTML, like Gecko; compatible; Amazonbot/0.1; +https://developer.amazon.com/support/amazonbot) Chrome/119.0.6045.214 Safari/537.36"
157.90.181.207 - - [01/Apr/2025:20:43:46 -0400] "GET /wellnesshotels-im-schwarzwald/ HTTP/1.1" 200 12519 "-" "Mozilla/5.0 (compatible; BLEXBot/1.0; +https://help.seranking.com/en/blex-crawler)"
54.36.149.94 - - [01/Apr/2025:20:43:56 -0400] "GET /what-seo-is-an-overview/ HTTP/1.1" 200 12340 "-" "Mozilla/5.0 (compatible; AhrefsBot/7.0; +http://ahrefs.com/robot/)"
157.90.181.207 - - [01/Apr/2025:20:44:02 -0400] "GET /what-are-deep-house-cleaning-services/ HTTP/1.1" 200 12154 "-" "Mozilla/5.0 (compatible; BLEXBot/1.0; +https://help.seranking.com/en/blex-crawler)"
157.90.181.207 - - [01/Apr/2025:20:44:10 -0400] "GET /what-does-giddy-mean/ HTTP/1.1" 200 14470 "-" "Mozilla/5.0 (compatible; BLEXBot/1.0; +https://help.seranking.com/en/blex-crawler)"
157.90.181.207 - - [01/Apr/2025:20:44:20 -0400] "GET /what-does-it-take-to-become-a-lawyer/ HTTP/1.1" 200 12225 "-" "Mozilla/5.0 (compatible; BLEXBot/1.0; +https://help.seranking.com/en/blex-crawler)"
157.90.181.207 - - [01/Apr/2025:20:44:29 -0400] "GET /what-does-mobile-mean/ HTTP/1.1" 200 14054 "-" "Mozilla/5.0 (compatible; BLEXBot/1.0; +https://help.seranking.com/en/blex-crawler)"
157.90.181.207 - - [01/Apr/2025:20:44:38 -0400] "GET /what-does-offload-app-mean/ HTTP/1.1" 200 13409 "-" "Mozilla/5.0 (compatible; BLEXBot/1.0; +https://help.seranking.com/en/blex-crawler)"
157.90.181.207 - - [01/Apr/2025:20:44:46 -0400] "GET /what-does-rs-mean-in-text/ HTTP/1.1" 200 14792 "-" "Mozilla/5.0 (compatible; BLEXBot/1.0; +https://help.seranking.com/en/blex-crawler)"
157.90.181.207 - - [01/Apr/2025:20:44:58 -0400] "GET /what-is-an-ev-charger/ HTTP/1.1" 200 11643 "-" "Mozilla/5.0 (compatible; BLEXBot/1.0; +https://help.seranking.com/en/blex-crawler)"
157.90.181.207 - - [01/Apr/2025:20:45:38 -0400] "GET /what-is-diamond-paste/ HTTP/1.1" 200 12174 "-" "Mozilla/5.0 (compatible; BLEXBot/1.0; +https://help.seranking.com/en/blex-crawler)"
157.90.181.207 - - [01/Apr/2025:20:45:47 -0400] "GET /what-seo-is-an-overview/ HTTP/1.1" 200 12427 "-" "Mozilla/5.0 (compatible; BLEXBot/1.0; +https://help.seranking.com/en/blex-crawler)"
157.90.181.207 - - [01/Apr/2025:20:46:00 -0400] "GET /what-to-look-for-in-a-bloomington-il-painting-contractor/ HTTP/1.1" 200 11991 "-" "Mozilla/5.0 (compatible; BLEXBot/1.0; +https://help.seranking.com/en/blex-crawler)"
157.90.181.207 - - [01/Apr/2025:20:46:10 -0400] "GET /what-you-need-to-know-about-airsoft-guns/ HTTP/1.1" 200 11692 "-" "Mozilla/5.0 (compatible; BLEXBot/1.0; +https://help.seranking.com/en/blex-crawler)"
157.90.181.207 - - [01/Apr/2025:20:46:21 -0400] "GET /where-to-find-watch-battery-replacement-near-me/ HTTP/1.1" 200 12103 "-" "Mozilla/5.0 (compatible; BLEXBot/1.0; +https://help.seranking.com/en/blex-crawler)"
157.90.181.207 - - [01/Apr/2025:20:46:30 -0400] "GET /whipped-soap-uk-how-to-make-whipped-soap/ HTTP/1.1" 200 11408 "-" "Mozilla/5.0 (compatible; BLEXBot/1.0; +https://help.seranking.com/en/blex-crawler)"
157.90.181.207 - - [01/Apr/2025:20:46:43 -0400] "GET /wholesale-brilliance-for-the-modern-jewelry-market/ HTTP/1.1" 200 11827 "-" "Mozilla/5.0 (compatible; BLEXBot/1.0; +https://help.seranking.com/en/blex-crawler)"
157.90.181.207 - - [01/Apr/2025:20:46:53 -0400] "GET /why-choose-a-moving-company-berlin/ HTTP/1.1" 200 12003 "-" "Mozilla/5.0 (compatible; BLEXBot/1.0; +https://help.seranking.com/en/blex-crawler)"
157.90.181.207 - - [01/Apr/2025:20:47:15 -0400] "GET /why-do-you-need-immigration-lawyer-new-york/ HTTP/1.1" 200 12109 "-" "Mozilla/5.0 (compatible; BLEXBot/1.0; +https://help.seranking.com/en/blex-crawler)"
54.36.148.125 - - [01/Apr/2025:20:47:21 -0400] "GET /does-lowes-accept-apple-pay/ HTTP/1.1" 200 14523 "-" "Mozilla/5.0 (compatible; AhrefsBot/7.0; +http://ahrefs.com/robot/)"
157.90.181.207 - - [01/Apr/2025:20:47:22 -0400] "GET /why-you-should-consider-a-replacement-conservatory-roof/ HTTP/1.1" 200 12407 "-" "Mozilla/5.0 (compatible; BLEXBot/1.0; +https://help.seranking.com/en/blex-crawler)"
157.90.181.207 - - [01/Apr/2025:20:47:36 -0400] "GET /window-shutters-north-east/ HTTP/1.1" 200 12237 "-" "Mozilla/5.0 (compatible; BLEXBot/1.0; +https://help.seranking.com/en/blex-crawler)"
157.90.181.207 - - [01/Apr/2025:20:48:11 -0400] "GET /wintechs-insulation-cutting-machine/ HTTP/1.1" 200 11548 "-" "Mozilla/5.0 (compatible; BLEXBot/1.0; +https://help.seranking.com/en/blex-crawler)"
157.90.181.207 - - [01/Apr/2025:20:48:28 -0400] "GET /womens-hiking-boots-waterproof/ HTTP/1.1" 200 15686 "-" "Mozilla/5.0 (compatible; BLEXBot/1.0; +https://help.seranking.com/en/blex-crawler)"
162.62.213.165 - - [01/Apr/2025:20:48:54 -0400] "GET /how-to-convert-youtube-to-mp4/ HTTP/1.1" 200 11479 "-" "Mozilla/5.0 (iPhone; CPU iPhone OS 13_2_3 like Mac OS X) AppleWebKit/605.1.15 (KHTML, like Gecko) Version/13.0.3 Mobile/15E148 Safari/604.1"
54.36.148.215 - - [01/Apr/2025:20:51:01 -0400] "GET /casino-internet-games-are-on-the-rise/ HTTP/1.1" 200 11932 "-" "Mozilla/5.0 (compatible; AhrefsBot/7.0; +http://ahrefs.com/robot/)"
54.197.229.13 - - [01/Apr/2025:20:52:37 -0400] "GET /caregiver-agencies-can-save-you-time-and-money/ HTTP/1.1" 200 12101 "-" "Grammarly/1.0 (http://www.grammarly.com)"
3.16.109.195 - - [01/Apr/2025:20:53:27 -0400] "GET /wp-json/wp/v2/posts/1862 HTTP/1.1" 200 4520 "-" "Mozilla/5.0 AppleWebKit/537.36 (KHTML, like Gecko; compatible; ClaudeBot/1.0; +claudebot@anthropic.com)"
54.36.148.0 - - [01/Apr/2025:20:54:15 -0400] "GET /online-casinos-vs-land-casinos/ HTTP/1.1" 200 12803 "-" "Mozilla/5.0 (compatible; AhrefsBot/7.0; +http://ahrefs.com/robot/)"
2600:1f18:66cd:1a50:c69b:dd6f:13be:e44f - - [01/Apr/2025:20:55:21 -0400] "GET / HTTP/1.1" 200 13572 "-" "Mozilla/5.0 (X11; Linux x86_64) AppleWebKit/537.36 (KHTML, like Gecko) Chrome/58.0.3029.110 Safari/537.36"
54.36.148.237 - - [01/Apr/2025:20:57:13 -0400] "GET /luxurious-living-at-the-m-condo/ HTTP/1.1" 200 11298 "-" "Mozilla/5.0 (compatible; AhrefsBot/7.0; +http://ahrefs.com/robot/)"
139.59.100.51 - - [01/Apr/2025:20:57:54 -0400] "GET /wp-content/plugins/WordPressCore/include.php HTTP/1.1" 404 9140 "-" "Mozlila/5.0 (Linux; Android 7.0; SM-G892A Build/NRD90M; wv) AppleWebKit/537.36 (KHTML, like Gecko) Version/4.0 Chrome/60.0.3112.107 Mobile Safari/537.36"
139.59.100.51 - - [01/Apr/2025:20:57:56 -0400] "GET /wp-content/plugins/WordPressCore/include.php HTTP/1.1" 404 9125 "-" "Mozlila/5.0 (Linux; Android 7.0; SM-G892A Build/NRD90M; wv) AppleWebKit/537.36 (KHTML, like Gecko) Version/4.0 Chrome/60.0.3112.107 Mobile Safari/537.36"
43.157.179.227 - - [01/Apr/2025:20:57:56 -0400] "GET /maitriser-la-guitare-un-voyage-musical/ HTTP/1.1" 200 12389 "-" "Mozilla/5.0 (iPhone; CPU iPhone OS 13_2_3 like Mac OS X) AppleWebKit/605.1.15 (KHTML, like Gecko) Version/13.0.3 Mobile/15E148 Safari/604.1"
181.236.126.195 - - [01/Apr/2025:20:58:52 -0400] "GET /?p=2705 HTTP/1.1" 301 5 "-" "Mozilla/5.0 (Windows NT 10.0; Win64; x64) AppleWebKit/537.36 (KHTML, like Gecko) Chrome/129.0.0.0 Safari/537.36"
181.236.126.195 - - [01/Apr/2025:20:58:54 -0400] "GET /wholesale-brilliance-for-the-modern-jewelry-market/ HTTP/1.1" 200 11823 "-" "Mozilla/5.0 (Windows NT 10.0; Win64; x64) AppleWebKit/537.36 (KHTML, like Gecko) Chrome/129.0.0.0 Safari/537.36"
54.36.148.173 - - [01/Apr/2025:21:00:11 -0400] "GET /comment-programmer-votre-pendule-oui-non/ HTTP/1.1" 200 11470 "-" "Mozilla/5.0 (compatible; AhrefsBot/7.0; +http://ahrefs.com/robot/)"
2400:9800:371:a9e5:55c7:e9ee:92fb:28ac - - [01/Apr/2025:21:01:04 -0400] "POST /wp-login.php HTTP/1.1" 200 1852 "https://youthmarketingacademy.com/wp-admin/" "Mozilla/5.0 (Windows NT 10.0; Win64; x64) AppleWebKit/537.36 (KHTML, like Gecko) Chrome/90.0.4430.85 Safari/537.36"
2400:9800:371:a9e5:55c7:e9ee:92fb:28ac - - [01/Apr/2025:21:01:05 -0400] "GET /wp-admin/ HTTP/1.1" 302 5 "www.google.com" "Mozilla/5.0 (Windows NT 10.0; Win64; x64) AppleWebKit/537.36 (KHTML, like Gecko) Chrome/90.0.4430.85 Safari/537.36"
2400:9800:371:a9e5:55c7:e9ee:92fb:28ac - - [01/Apr/2025:21:01:06 -0400] "GET /wp-login.php?redirect_to=https%3A%2F%2Fyouthmarketingacademy.com%2Fwp-admin%2F&reauth=1 HTTP/1.1" 200 1729 "www.google.com" "Mozilla/5.0 (Windows NT 10.0; Win64; x64) AppleWebKit/537.36 (KHTML, like Gecko) Chrome/90.0.4430.85 Safari/537.36"
139.59.100.51 - - [01/Apr/2025:21:01:11 -0400] "GET /wp-content/themes/include.php HTTP/1.1" 404 9137 "-" "Mozlila/5.0 (Linux; Android 7.0; SM-G892A Build/NRD90M; wv) AppleWebKit/537.36 (KHTML, like Gecko) Version/4.0 Chrome/60.0.3112.107 Mobile Safari/537.36"
139.59.100.51 - - [01/Apr/2025:21:01:13 -0400] "GET /wp-content/themes/include.php HTTP/1.1" 404 9140 "-" "Mozlila/5.0 (Linux; Android 7.0; SM-G892A Build/NRD90M; wv) AppleWebKit/537.36 (KHTML, like Gecko) Version/4.0 Chrome/60.0.3112.107 Mobile Safari/537.36"
212.118.39.106 - - [01/Apr/2025:21:01:16 -0400] "GET /movies-da/ HTTP/1.1" 200 14000 "https://youthmarketingacademy.com/movies-da/#comment-20933" "Mozilla/5.0 (Windows NT 10.0; Win64; x64) AppleWebKit/537.36 (KHTML, like Gecko) Chrome/130.0.0.0 Safari/537.36 CCleaner/130.0.0.0"
212.118.39.106 - - [01/Apr/2025:21:01:18 -0400] "POST /wp-comments-post.php HTTP/1.1" 302 5 "https://youthmarketingacademy.com/movies-da/#comment-20933" "Mozilla/5.0 (Windows NT 10.0; Win64; x64) AppleWebKit/537.36 (KHTML, like Gecko) Chrome/130.0.0.0 Safari/537.36 CCleaner/130.0.0.0"
212.118.39.106 - - [01/Apr/2025:21:01:22 -0400] "GET /movies-da/ HTTP/1.1" 200 14842 "https://youthmarketingacademy.com/movies-da/#comment-27414" "Mozilla/5.0 (Windows NT 10.0; Win64; x64) AppleWebKit/537.36 (KHTML, like Gecko) Chrome/130.0.0.0 Safari/537.36 CCleaner/130.0.0.0"
13.229.78.155 - - [01/Apr/2025:21:02:41 -0400] "GET / HTTP/1.1" 200 13571 "-" "Mozilla/5.0 (Windows NT 10.0; Win64; x64; rv:122.0) Gecko/20100101 Firefox/122.0"
13.229.78.155 - - [01/Apr/2025:21:02:47 -0400] "GET /xmlrpc.php HTTP/1.1" 405 47 "-" "Mozilla/5.0 (Windows NT 10.0; Win64; x64; rv:122.0) Gecko/20100101 Firefox/122.0"
139.59.100.51 - - [01/Apr/2025:21:02:48 -0400] "GET /wp-content/plugins/include.php HTTP/1.1" 404 9084 "-" "Mozlila/5.0 (Linux; Android 7.0; SM-G892A Build/NRD90M; wv) AppleWebKit/537.36 (KHTML, like Gecko) Version/4.0 Chrome/60.0.3112.107 Mobile Safari/537.36"
13.229.78.155 - - [01/Apr/2025:21:02:49 -0400] "GET /wp-json/wp/v2/users HTTP/1.1" 200 1328 "-" "Mozilla/5.0 (Windows NT 10.0; Win64; x64; rv:122.0) Gecko/20100101 Firefox/122.0"
139.59.100.51 - - [01/Apr/2025:21:02:49 -0400] "GET /wp-content/plugins/include.php HTTP/1.1" 404 9194 "-" "Mozlila/5.0 (Linux; Android 7.0; SM-G892A Build/NRD90M; wv) AppleWebKit/537.36 (KHTML, like Gecko) Version/4.0 Chrome/60.0.3112.107 Mobile Safari/537.36"
54.36.148.38 - - [01/Apr/2025:21:03:02 -0400] "GET /cannabis-oil-uk/ HTTP/1.1" 200 12413 "-" "Mozilla/5.0 (compatible; AhrefsBot/7.0; +http://ahrefs.com/robot/)"
13.229.78.155 - - [01/Apr/2025:21:02:50 -0400] "POST /xmlrpc.php HTTP/1.1" 200 0 "-" "python-httpx/0.22.0"
13.229.78.155 - - [01/Apr/2025:21:03:11 -0400] "POST /xmlrpc.php HTTP/1.1" 200 0 "-" "python-httpx/0.22.0"
139.59.100.51 - - [01/Apr/2025:21:04:03 -0400] "GET /wp-content/plugins/core-plugin/include.php HTTP/1.1" 404 9194 "-" "Mozlila/5.0 (Linux; Android 7.0; SM-G892A Build/NRD90M; wv) AppleWebKit/537.36 (KHTML, like Gecko) Version/4.0 Chrome/60.0.3112.107 Mobile Safari/537.36"
139.59.100.51 - - [01/Apr/2025:21:04:05 -0400] "GET /wp-content/plugins/core-plugin/include.php HTTP/1.1" 404 9137 "-" "Mozlila/5.0 (Linux; Android 7.0; SM-G892A Build/NRD90M; wv) AppleWebKit/537.36 (KHTML, like Gecko) Version/4.0 Chrome/60.0.3112.107 Mobile Safari/537.36"
13.229.78.155 - - [01/Apr/2025:21:03:34 -0400] "POST /xmlrpc.php HTTP/1.1" 200 0 "-" "python-httpx/0.22.0"
13.229.78.155 - - [01/Apr/2025:21:03:52 -0400] "POST /xmlrpc.php HTTP/1.1" 200 0 "-" "python-httpx/0.22.0"
13.229.78.155 - - [01/Apr/2025:21:04:13 -0400] "POST /xmlrpc.php HTTP/1.1" 200 0 "-" "python-httpx/0.22.0"
139.59.100.51 - - [01/Apr/2025:21:05:10 -0400] "GET /wp-includes/images/include.php HTTP/1.1" 404 9125 "-" "Mozlila/5.0 (Linux; Android 7.0; SM-G892A Build/NRD90M; wv) AppleWebKit/537.36 (KHTML, like Gecko) Version/4.0 Chrome/60.0.3112.107 Mobile Safari/537.36"
13.229.78.155 - - [01/Apr/2025:21:04:33 -0400] "POST /xmlrpc.php HTTP/1.1" 200 0 "-" "python-httpx/0.22.0"
139.59.100.51 - - [01/Apr/2025:21:05:14 -0400] "GET /wp-includes/images/include.php HTTP/1.1" 404 9084 "-" "Mozlila/5.0 (Linux; Android 7.0; SM-G892A Build/NRD90M; wv) AppleWebKit/537.36 (KHTML, like Gecko) Version/4.0 Chrome/60.0.3112.107 Mobile Safari/537.36"
13.229.78.155 - - [01/Apr/2025:21:04:54 -0400] "POST /xmlrpc.php HTTP/1.1" 200 0 "-" "python-httpx/0.22.0"
139.59.100.51 - - [01/Apr/2025:21:05:38 -0400] "GET /wp-includes/widgets/include.php HTTP/1.1" 404 9091 "-" "Mozlila/5.0 (Linux; Android 7.0; SM-G892A Build/NRD90M; wv) AppleWebKit/537.36 (KHTML, like Gecko) Version/4.0 Chrome/60.0.3112.107 Mobile Safari/537.36"
139.59.100.51 - - [01/Apr/2025:21:05:41 -0400] "GET /wp-includes/widgets/include.php HTTP/1.1" 404 9084 "-" "Mozlila/5.0 (Linux; Android 7.0; SM-G892A Build/NRD90M; wv) AppleWebKit/537.36 (KHTML, like Gecko) Version/4.0 Chrome/60.0.3112.107 Mobile Safari/537.36"
13.229.78.155 - - [01/Apr/2025:21:05:17 -0400] "POST /xmlrpc.php HTTP/1.1" 200 0 "-" "python-httpx/0.22.0"
54.36.148.172 - - [01/Apr/2025:21:06:03 -0400] "GET /attirer-les-investisseurs-et-les-employes-cles/ HTTP/1.1" 200 12534 "-" "Mozilla/5.0 (compatible; AhrefsBot/7.0; +http://ahrefs.com/robot/)"
13.229.78.155 - - [01/Apr/2025:21:05:36 -0400] "POST /xmlrpc.php HTTP/1.1" 200 0 "-" "python-httpx/0.22.0"
13.229.78.155 - - [01/Apr/2025:21:05:57 -0400] "POST /xmlrpc.php HTTP/1.1" 200 0 "-" "python-httpx/0.22.0"
13.229.78.155 - - [01/Apr/2025:21:06:16 -0400] "POST /xmlrpc.php HTTP/1.1" 200 0 "-" "python-httpx/0.22.0"
35.174.253.85 - - [01/Apr/2025:21:06:56 -0400] "GET /free-standing-fireplaces-are-one-of-the-most-popular/ HTTP/1.1" 200 12326 "-" "Mozilla/5.0 AppleWebKit/537.36 (KHTML, like Gecko; compatible; Amazonbot/0.1; +https://developer.amazon.com/support/amazonbot) Chrome/119.0.6045.214 Safari/537.36"
54.235.191.179 - - [01/Apr/2025:21:06:57 -0400] "GET /2021/02/ HTTP/1.1" 200 10072 "-" "Mozilla/5.0 AppleWebKit/537.36 (KHTML, like Gecko; compatible; Amazonbot/0.1; +https://developer.amazon.com/support/amazonbot) Chrome/119.0.6045.214 Safari/537.36"
13.229.78.155 - - [01/Apr/2025:21:06:35 -0400] "POST /xmlrpc.php HTTP/1.1" 200 0 "-" "python-httpx/0.22.0"
13.229.78.155 - - [01/Apr/2025:21:06:55 -0400] "POST /xmlrpc.php HTTP/1.1" 200 0 "-" "python-httpx/0.22.0"
13.229.78.155 - - [01/Apr/2025:21:07:15 -0400] "POST /xmlrpc.php HTTP/1.1" 200 0 "-" "python-httpx/0.22.0"
13.229.78.155 - - [01/Apr/2025:21:07:35 -0400] "POST /xmlrpc.php HTTP/1.1" 200 0 "-" "python-httpx/0.22.0"
13.229.78.155 - - [01/Apr/2025:21:07:56 -0400] "POST /xmlrpc.php HTTP/1.1" 200 0 "-" "python-httpx/0.22.0"
13.229.78.155 - - [01/Apr/2025:21:08:16 -0400] "POST /xmlrpc.php HTTP/1.1" 200 0 "-" "python-httpx/0.22.0"
54.36.149.71 - - [01/Apr/2025:21:09:13 -0400] "GET /how-to-limit-comments-on-tiktok/ HTTP/1.1" 200 14261 "-" "Mozilla/5.0 (compatible; AhrefsBot/7.0; +http://ahrefs.com/robot/)"
13.229.78.155 - - [01/Apr/2025:21:08:36 -0400] "POST /xmlrpc.php HTTP/1.1" 200 0 "-" "python-httpx/0.22.0"
2a06:6440:0:2c0a::1 - - [01/Apr/2025:21:09:19 -0400] "GET /wp-login.php HTTP/1.1" 200 1729 "-" "GRequests/0.10"
2a06:6440:0:2c0a::1 - - [01/Apr/2025:21:09:21 -0400] "POST /wp-login.php HTTP/1.1" 200 1853 "-" "GRequests/0.10"
13.229.78.155 - - [01/Apr/2025:21:08:56 -0400] "POST /xmlrpc.php HTTP/1.1" 200 0 "-" "python-httpx/0.22.0"
13.229.78.155 - - [01/Apr/2025:21:09:16 -0400] "POST /xmlrpc.php HTTP/1.1" 200 0 "-" "python-httpx/0.22.0"
13.229.78.155 - - [01/Apr/2025:21:09:36 -0400] "POST /xmlrpc.php HTTP/1.1" 200 0 "-" "python-httpx/0.22.0"
13.229.78.155 - - [01/Apr/2025:21:09:55 -0400] "POST /xmlrpc.php HTTP/1.1" 200 0 "-" "python-httpx/0.22.0"
13.229.78.155 - - [01/Apr/2025:21:10:17 -0400] "POST /xmlrpc.php HTTP/1.1" 200 0 "-" "python-httpx/0.22.0"
43.128.67.187 - - [01/Apr/2025:21:11:08 -0400] "GET /mastering-the-craft-of-writing-with-an-author-course/ HTTP/1.1" 200 12086 "-" "Mozilla/5.0 (iPhone; CPU iPhone OS 13_2_3 like Mac OS X) AppleWebKit/605.1.15 (KHTML, like Gecko) Version/13.0.3 Mobile/15E148 Safari/604.1"
13.229.78.155 - - [01/Apr/2025:21:10:36 -0400] "POST /xmlrpc.php HTTP/1.1" 200 0 "-" "python-httpx/0.22.0"
13.229.78.155 - - [01/Apr/2025:21:10:56 -0400] "POST /xmlrpc.php HTTP/1.1" 200 0 "-" "python-httpx/0.22.0"
13.229.78.155 - - [01/Apr/2025:21:11:16 -0400] "POST /xmlrpc.php HTTP/1.1" 200 0 "-" "python-httpx/0.22.0"
54.36.149.43 - - [01/Apr/2025:21:12:12 -0400] "GET /retin-a-uk/ HTTP/1.1" 200 12438 "-" "Mozilla/5.0 (compatible; AhrefsBot/7.0; +http://ahrefs.com/robot/)"
13.229.78.155 - - [01/Apr/2025:21:11:36 -0400] "POST /xmlrpc.php HTTP/1.1" 200 0 "-" "python-httpx/0.22.0"
13.229.78.155 - - [01/Apr/2025:21:11:55 -0400] "POST /xmlrpc.php HTTP/1.1" 200 0 "-" "python-httpx/0.22.0"
3.21.41.164 - - [01/Apr/2025:21:12:45 -0400] "GET /robots.txt HTTP/1.1" 200 102 "-" "Mozilla/5.0 AppleWebKit/537.36 (KHTML, like Gecko; compatible; ClaudeBot/1.0; +claudebot@anthropic.com)"
3.21.41.164 - - [01/Apr/2025:21:12:47 -0400] "GET /2020 HTTP/1.1" 301 5 "-" "Mozilla/5.0 AppleWebKit/537.36 (KHTML, like Gecko; compatible; ClaudeBot/1.0; +claudebot@anthropic.com)"
3.21.41.164 - - [01/Apr/2025:21:12:48 -0400] "GET /2020/ HTTP/1.1" 200 10434 "-" "Mozilla/5.0 AppleWebKit/537.36 (KHTML, like Gecko; compatible; ClaudeBot/1.0; +claudebot@anthropic.com)"
13.229.78.155 - - [01/Apr/2025:21:12:16 -0400] "POST /xmlrpc.php HTTP/1.1" 200 0 "-" "python-httpx/0.22.0"
13.229.78.155 - - [01/Apr/2025:21:12:36 -0400] "POST /xmlrpc.php HTTP/1.1" 200 0 "-" "python-httpx/0.22.0"
54.91.119.195 - - [01/Apr/2025:21:13:34 -0400] "GET //youthmarketingacademy.com/wp-content/themes/newsmatic/assets/lib/jquery-cookie/jquery-cookie.js HTTP/1.1" 301 5 "-" "Mozilla/5.0 (Linux; Android 9; SAMSUNG SM-N950F Build/PPR1.180610.011) AppleWebKit/537.36 (KHTML, like Gecko) SamsungBrowser/9.4 Chrome/67.0.3396.87 Mobile Safari/537.36"
54.91.119.195 - - [01/Apr/2025:21:13:35 -0400] "GET //youthmarketingacademy.com/wp-content/themes/newsmatic/assets/js/navigation.js HTTP/1.1" 301 5 "-" "Opera/9.80 (Windows NT 5.2; U; en) Presto/2.2.15 Version/10.10"
54.91.119.195 - - [01/Apr/2025:21:13:34 -0400] "GET //youthmarketingacademy.com/wp-includes/js/jquery/jquery-migrate.min.js HTTP/1.1" 301 5 "-" "Nokia7250/1.0 (3.14) Profile/MIDP-1.0 Configuration/CLDC-1.0"
