213.180.203.78 - - [30/Mar/2025:01:59:08 -0400] "GET / HTTP/1.1" 200 77939 "-" "Mozilla/5.0 (compatible; YandexBot/3.0; +http://yandex.com/bots)"
198.54.114.83 - - [30/Mar/2025:02:00:59 -0400] "POST /wp-admin/admin-ajax.php?action=async_litespeed&nonce=MdD99CvvtJsYY4qKbQzzCTVupuOAtoOj&litespeed_type=imgoptm HTTP/1.1" 200 5 "-" "WordPress/6.7.2; https://baernblog.com"
196.251.71.229 - - [30/Mar/2025:02:01:00 -0400] "GET /wp-content/themes/seotheme/db.php?u HTTP/1.1" 404 5942 "www.google.com" "Mozlila/5.0 (Linux; Android 7.0; SM-G892A Bulid/NRD90M; wv) AppleWebKit/537.36 (KHTML, like Gecko) Version/4.0 Chrome/60.0.3112.107 Moblie Safari/537.36"
196.251.71.229 - - [30/Mar/2025:02:01:01 -0400] "POST /wp-plain.php HTTP/1.1" 404 5896 "www.google.com" "Mozilla/5.0 (Linux; Android 7.0; SM-G892A Bulid/NRD90M; wv) AppleWebKit/537.36 (KHTML, like Gecko) Version/4.0 Chrome/60.0.3112.107 Moblie Safari/537.36"
196.251.71.229 - - [30/Mar/2025:02:01:01 -0400] "GET /eeyblarg.php?Fox=d3wL7 HTTP/1.1" 404 5942 "www.google.com" "Mozilla/5.0 (Linux; Android 7.0; SM-G892A Bulid/NRD90M; wv) AppleWebKit/537.36 (KHTML, like Gecko) Version/4.0 Chrome/60.0.3112.107 Moblie Safari/537.36"
34.127.82.0 - - [30/Mar/2025:02:03:56 -0400] "GET / HTTP/1.1" 200 77939 "-" "Mozilla/5.0 (Macintosh; Intel Mac OS X 10_15_7) AppleWebKit/605.1.15 (KHTML, like Gecko) Version/17.3 Safari/605.1.15"
198.54.114.83 - - [30/Mar/2025:02:04:08 -0400] "POST /wp-cron.php?doing_wp_cron=1743314648.0535318851470947265625 HTTP/1.1" 200 0 "-" "WordPress/6.7.2; https://baernblog.com"
54.36.149.78 - - [30/Mar/2025:02:04:04 -0400] "GET /transformando-medidas-convertidores-de-unidad-de-torque/feed/ HTTP/1.1" 200 418 "-" "Mozilla/5.0 (compatible; AhrefsBot/7.0; +http://ahrefs.com/robot/)"
198.54.114.83 - - [30/Mar/2025:02:04:08 -0400] "POST /wp-admin/admin-ajax.php?action=async_litespeed&nonce=eyuqEnB3POX4x9qZFRbgpGr1hBattdZ9&litespeed_type=imgoptm HTTP/1.1" 200 5 "-" "WordPress/6.7.2; https://baernblog.com"
198.54.114.83 - - [30/Mar/2025:02:07:06 -0400] "POST /wp-cron.php?doing_wp_cron=1743314826.3827660083770751953125 HTTP/1.1" 200 0 "-" "WordPress/6.7.2; https://baernblog.com"
85.208.98.31 - - [30/Mar/2025:02:07:02 -0400] "GET /the-ultimate-convenience-instant-hot-and-cold-water-dispensers/ HTTP/1.1" 200 10376 "-" "Mozilla/5.0 (compatible; SemrushBot-BA; +http://www.semrush.com/bot.html)"
198.54.114.83 - - [30/Mar/2025:02:07:07 -0400] "POST /wp-admin/admin-ajax.php?action=async_litespeed&nonce=nI09HdM4QyWlpNyK4ftRXwdKECBc07jk&litespeed_type=imgoptm HTTP/1.1" 200 5 "-" "WordPress/6.7.2; https://baernblog.com"
198.54.114.83 - - [30/Mar/2025:02:08:50 -0400] "POST /wp-cron.php?doing_wp_cron=1743314930.6592009067535400390625 HTTP/1.1" 200 0 "-" "WordPress/6.7.2; https://baernblog.com"
85.208.98.24 - - [30/Mar/2025:02:08:48 -0400] "GET /the-ultimate-convenience-instant-hot-and-cold-water-taps/ HTTP/1.1" 200 10474 "-" "Mozilla/5.0 (compatible; SemrushBot-BA; +http://www.semrush.com/bot.html)"
198.54.114.83 - - [30/Mar/2025:02:08:52 -0400] "POST /wp-admin/admin-ajax.php?action=async_litespeed&nonce=E8zEyEHyA8l8ybPwh7ndlK0giGwJ43kT&litespeed_type=imgoptm HTTP/1.1" 200 5 "-" "WordPress/6.7.2; https://baernblog.com"
85.208.98.31 - - [30/Mar/2025:02:08:52 -0400] "GET /instant-hot-water-systems/ HTTP/1.1" 200 10118 "-" "Mozilla/5.0 (compatible; SemrushBot-BA; +http://www.semrush.com/bot.html)"
85.208.98.16 - - [30/Mar/2025:02:08:54 -0400] "GET /instant-hot-water-system/ HTTP/1.1" 200 10120 "-" "Mozilla/5.0 (compatible; SemrushBot-BA; +http://www.semrush.com/bot.html)"
35.197.2.65 - - [30/Mar/2025:02:09:55 -0400] "GET /what-is-an-online-youtube-downloader HTTP/1.1" 301 0 "-" "Mozilla/5.0 (Macintosh; Intel Mac OS X 10_15_7) AppleWebKit/537.36 (KHTML, like Gecko) Chrome/123.0.0.0 Safari/537.36 Edg/123.0.0.0"
35.197.2.65 - - [30/Mar/2025:02:09:55 -0400] "GET /what-is-an-online-youtube-downloader/ HTTP/1.1" 200 10668 "https://baernblog.com/what-is-an-online-youtube-downloader" "Mozilla/5.0 (Macintosh; Intel Mac OS X 10_15_7) AppleWebKit/537.36 (KHTML, like Gecko) Chrome/123.0.0.0 Safari/537.36 Edg/123.0.0.0"
198.54.114.83 - - [30/Mar/2025:02:11:35 -0400] "POST /wp-cron.php?doing_wp_cron=1743315095.6129190921783447265625 HTTP/1.1" 200 0 "-" "WordPress/6.7.2; https://baernblog.com"
54.36.148.118 - - [30/Mar/2025:02:11:33 -0400] "GET /a-comprehensive-guide/feed/ HTTP/1.1" 200 378 "-" "Mozilla/5.0 (compatible; AhrefsBot/7.0; +http://ahrefs.com/robot/)"
198.54.114.83 - - [30/Mar/2025:02:11:36 -0400] "POST /wp-admin/admin-ajax.php?action=async_litespeed&nonce=ZlUaZfAbDyE0kVi0zhYT3Npv4y4ZPyLf&litespeed_type=imgoptm HTTP/1.1" 200 5 "-" "WordPress/6.7.2; https://baernblog.com"
198.54.114.83 - - [30/Mar/2025:02:19:36 -0400] "POST /wp-admin/admin-ajax.php?action=async_litespeed&nonce=iVOttviyMdTEUrJ3syrLYWmT9DtJAb9n&litespeed_type=imgoptm HTTP/1.1" 200 5 "-" "WordPress/6.7.2; https://baernblog.com"
198.54.114.83 - - [30/Mar/2025:02:20:09 -0400] "POST /wp-cron.php?doing_wp_cron=1743315609.3281960487365722656250 HTTP/1.1" 200 0 "-" "WordPress/6.7.2; https://baernblog.com"
54.36.149.21 - - [30/Mar/2025:02:20:08 -0400] "GET /maximizing-success-digital-marketing-services-for-small-businesses/feed/ HTTP/1.1" 200 431 "-" "Mozilla/5.0 (compatible; AhrefsBot/7.0; +http://ahrefs.com/robot/)"
198.54.114.83 - - [30/Mar/2025:02:20:10 -0400] "POST /wp-admin/admin-ajax.php?action=async_litespeed&nonce=Frbp2m5lGMctlu2dh9pFlln80N0JAWjz&litespeed_type=imgoptm HTTP/1.1" 200 5 "-" "WordPress/6.7.2; https://baernblog.com"
34.169.20.93 - - [30/Mar/2025:02:24:03 -0400] "GET /choosing-a-custom-socks-manufacturer HTTP/1.1" 301 0 "-" "Mozilla/5.0 (Windows NT 10.0; Win64; x64) AppleWebKit/537.36 (KHTML, like Gecko) Chrome/89.0.4389.114 Safari/537.36"
34.169.20.93 - - [30/Mar/2025:02:24:03 -0400] "GET /choosing-a-custom-socks-manufacturer/ HTTP/1.1" 200 11005 "https://baernblog.com/choosing-a-custom-socks-manufacturer" "Mozilla/5.0 (Windows NT 10.0; Win64; x64) AppleWebKit/537.36 (KHTML, like Gecko) Chrome/89.0.4389.114 Safari/537.36"
34.82.71.152 - - [30/Mar/2025:02:27:39 -0400] "GET /mypopsox HTTP/1.1" 301 0 "-" "Mozilla/5.0 (Macintosh; Intel Mac OS X 14_4_1) AppleWebKit/537.36 (KHTML, like Gecko) Chrome/123.0.0.0 Safari/537.36 OPR/109.0.0.0"
198.54.114.83 - - [30/Mar/2025:02:27:42 -0400] "POST /wp-cron.php?doing_wp_cron=1743316062.5011019706726074218750 HTTP/1.1" 200 0 "-" "WordPress/6.7.2; https://baernblog.com"
34.82.71.152 - - [30/Mar/2025:02:27:39 -0400] "GET /mypopsox/ HTTP/1.1" 200 11058 "https://baernblog.com/mypopsox" "Mozilla/5.0 (Macintosh; Intel Mac OS X 14_4_1) AppleWebKit/537.36 (KHTML, like Gecko) Chrome/123.0.0.0 Safari/537.36 OPR/109.0.0.0"
198.54.114.83 - - [30/Mar/2025:02:27:43 -0400] "POST /wp-admin/admin-ajax.php?action=async_litespeed&nonce=6TdNR5rTKkMR7KrAsCxXMdW9D5ZgYbTF&litespeed_type=imgoptm HTTP/1.1" 200 5 "-" "WordPress/6.7.2; https://baernblog.com"
198.54.114.83 - - [30/Mar/2025:02:28:08 -0400] "POST /wp-cron.php?doing_wp_cron=1743316088.3539910316467285156250 HTTP/1.1" 200 0 "-" "WordPress/6.7.2; https://baernblog.com"
54.36.148.51 - - [30/Mar/2025:02:28:08 -0400] "GET /comment-nettoyer-des-bijoux-en-or-pour-les-faire-briller-comme-neufs/feed/ HTTP/1.1" 200 433 "-" "Mozilla/5.0 (compatible; AhrefsBot/7.0; +http://ahrefs.com/robot/)"
198.54.114.83 - - [30/Mar/2025:02:28:08 -0400] "POST /wp-admin/admin-ajax.php?action=async_litespeed&nonce=pRq4r2jmiEtyb1Jryj7scDouoLxTJoG7&litespeed_type=imgoptm HTTP/1.1" 200 5 "-" "WordPress/6.7.2; https://baernblog.com"
198.54.114.83 - - [30/Mar/2025:02:30:11 -0400] "POST /wp-cron.php?doing_wp_cron=1743316211.2119400501251220703125 HTTP/1.1" 200 0 "-" "WordPress/6.7.2; https://baernblog.com"
114.119.155.205 - - [30/Mar/2025:02:30:09 -0400] "GET /what-a-vtex-agency-can-do-for-you/ HTTP/1.1" 200 11223 "https://baernblog.com/what-a-vtex-agency-can-do-for-you/" "Mozilla/5.0 (Linux; Android 7.0;) AppleWebKit/537.36 (KHTML, like Gecko) Mobile Safari/537.36 (compatible; PetalBot;+https://webmaster.petalsearch.com/site/petalbot)"
198.54.114.83 - - [30/Mar/2025:02:30:12 -0400] "POST /wp-admin/admin-ajax.php?action=async_litespeed&nonce=a3Syr14bPjg7QaE34NqoPrF5v36LRNhP&litespeed_type=imgoptm HTTP/1.1" 200 5 "-" "WordPress/6.7.2; https://baernblog.com"
114.119.148.160 - - [30/Mar/2025:02:32:42 -0400] "GET /so-youre-thinking-about-financing-a-boat/ HTTP/1.1" 200 11467 "https://baernblog.com/so-youre-thinking-about-financing-a-boat/" "Mozilla/5.0 (Linux; Android 7.0;) AppleWebKit/537.36 (KHTML, like Gecko) Mobile Safari/537.36 (compatible; PetalBot;+https://webmaster.petalsearch.com/site/petalbot)"
198.54.114.83 - - [30/Mar/2025:02:33:28 -0400] "POST /wp-cron.php?doing_wp_cron=1743316407.9177858829498291015625 HTTP/1.1" 200 0 "-" "WordPress/6.7.2; https://baernblog.com"
34.82.53.129 - - [30/Mar/2025:02:33:25 -0400] "GET /benefits-and-advantages-of-voice-broadcasting HTTP/1.1" 301 0 "-" "Mozilla/5.0 (Macintosh; Intel Mac OS X 14_4_1) AppleWebKit/605.1.15 (KHTML, like Gecko) Version/17.4.1 Safari/605.1.15"
34.82.53.129 - - [30/Mar/2025:02:33:28 -0400] "GET /benefits-and-advantages-of-voice-broadcasting/ HTTP/1.1" 200 10965 "https://baernblog.com/benefits-and-advantages-of-voice-broadcasting" "Mozilla/5.0 (Macintosh; Intel Mac OS X 14_4_1) AppleWebKit/605.1.15 (KHTML, like Gecko) Version/17.4.1 Safari/605.1.15"
198.54.114.83 - - [30/Mar/2025:02:33:28 -0400] "POST /wp-admin/admin-ajax.php?action=async_litespeed&nonce=IYGvcLguyhML3IJldRmTFOUtM4KQtKnn&litespeed_type=imgoptm HTTP/1.1" 200 5 "-" "WordPress/6.7.2; https://baernblog.com"
198.54.114.83 - - [30/Mar/2025:02:36:10 -0400] "POST /wp-cron.php?doing_wp_cron=1743316570.7897820472717285156250 HTTP/1.1" 200 0 "-" "WordPress/6.7.2; https://baernblog.com"
54.36.148.222 - - [30/Mar/2025:02:36:07 -0400] "GET /tablecloth-personnalise-avec-logo-une-touche-delegance-pour-votre-salon/feed/ HTTP/1.1" 200 461 "-" "Mozilla/5.0 (compatible; AhrefsBot/7.0; +http://ahrefs.com/robot/)"
198.54.114.83 - - [30/Mar/2025:02:36:11 -0400] "POST /wp-admin/admin-ajax.php?action=async_litespeed&nonce=Bx6ZXrPaHXeCLeSp64v6PrUsbb9w8ZZA&litespeed_type=imgoptm HTTP/1.1" 200 5 "-" "WordPress/6.7.2; https://baernblog.com"
172.241.142.241 - - [30/Mar/2025:02:37:11 -0400] "GET /e-cigarettes-and-their-effects-on-health/ HTTP/1.1" 200 10851 "-" "Mozilla/5.0 (X11; Linux x86_64) AppleWebKit/537.36 (KHTML, like Gecko) Chrome/114.0.0.0 Safari/537.36 Vivaldi/5.3.2679.68"
198.54.114.83 - - [30/Mar/2025:02:44:27 -0400] "POST /wp-cron.php?doing_wp_cron=1743317067.8318619728088378906250 HTTP/1.1" 200 0 "-" "WordPress/6.7.2; https://baernblog.com"
198.54.114.83 - - [30/Mar/2025:02:44:28 -0400] "POST /wp-cron.php?doing_wp_cron=1743317067.8323431015014648437500 HTTP/1.1" 200 0 "-" "WordPress/6.7.2; https://baernblog.com"
54.36.148.93 - - [30/Mar/2025:02:44:26 -0400] "GET /the-importance-of-payment-gateway-integration-in-ios-and-android-apps/feed/ HTTP/1.1" 200 445 "-" "Mozilla/5.0 (compatible; AhrefsBot/7.0; +http://ahrefs.com/robot/)"
114.119.150.190 - - [30/Mar/2025:02:44:25 -0400] "GET /unveiling-the-reality-behind-buying-tiktok-views-and-followers/ HTTP/1.1" 200 10591 "https://baernblog.com/grosse-peluche/" "Mozilla/5.0 (Linux; Android 7.0;) AppleWebKit/537.36 (KHTML, like Gecko) Mobile Safari/537.36 (compatible; PetalBot;+https://webmaster.petalsearch.com/site/petalbot)"
198.54.114.83 - - [30/Mar/2025:02:44:28 -0400] "POST /wp-admin/admin-ajax.php?action=async_litespeed&nonce=P5ovIio5YoQFgbUXR5WQof7ZLnKUENDG&litespeed_type=imgoptm HTTP/1.1" 200 5 "-" "WordPress/6.7.2; https://baernblog.com"
198.54.114.83 - - [30/Mar/2025:02:45:26 -0400] "POST /wp-cron.php?doing_wp_cron=1743317126.7435519695281982421875 HTTP/1.1" 200 0 "-" "WordPress/6.7.2; https://baernblog.com"
103.77.242.185 - - [30/Mar/2025:02:45:26 -0400] "POST /wp-login.php?wc-ajax=1 HTTP/1.1" 200 1804 "https://baernblog.com/wp-admin/" "Mozilla/5.0 (Windows NT 10.0; Win64; x64) AppleWebKit/537.36 (KHTML, like Gecko) Chrome/90.0.4430.85 Safari/537.36"
198.54.114.83 - - [30/Mar/2025:02:45:27 -0400] "POST /wp-admin/admin-ajax.php?action=async_litespeed&nonce=8N3dH6C6ENLc8WkF82g8MpD07ORZg4Qo&litespeed_type=imgoptm HTTP/1.1" 200 5 "-" "WordPress/6.7.2; https://baernblog.com"
103.77.242.185 - - [30/Mar/2025:02:45:27 -0400] "GET /wp-admin/?wc-ajax=1 HTTP/1.1" 302 0 "www.google.com" "Mozilla/5.0 (Windows NT 10.0; Win64; x64) AppleWebKit/537.36 (KHTML, like Gecko) Chrome/90.0.4430.85 Safari/537.36"
103.77.242.185 - - [30/Mar/2025:02:45:27 -0400] "GET /wp-login.php?redirect_to=https%3A%2F%2Fbaernblog.com%2Fwp-admin%2F%3Fwc-ajax%3D1&reauth=1 HTTP/1.1" 200 1682 "www.google.com" "Mozilla/5.0 (Windows NT 10.0; Win64; x64) AppleWebKit/537.36 (KHTML, like Gecko) Chrome/90.0.4430.85 Safari/537.36"
198.54.114.83 - - [30/Mar/2025:02:47:39 -0400] "POST /wp-admin/admin-ajax.php?action=async_litespeed&nonce=fZcUN5lXl396EMqj6HHnHYP0GwouV8x2&litespeed_type=imgoptm HTTP/1.1" 200 5 "-" "WordPress/6.7.2; https://baernblog.com"
92.255.57.103 - - [30/Mar/2025:02:47:40 -0400] "GET /wp-login.php?wp_lang=en_US HTTP/1.1" 200 1685 "http://baernblog.com/wp-login.php" "Mozilla/5.0 (Windows NT 10.0; Win64; x64; rv:136.0) Gecko/20100101 Firefox/135.0"
92.255.57.103 - - [30/Mar/2025:02:47:45 -0400] "POST /wp-login.php?wp_lang=en_US HTTP/1.1" 200 1818 "http://baernblog.com/wp-login.php" "Mozilla/5.0 (Windows NT 10.0; Win64; x64; rv:136.0) Gecko/20100101 Firefox/135.0"
198.54.114.83 - - [30/Mar/2025:02:48:40 -0400] "POST /wp-cron.php?doing_wp_cron=1743317320.3827950954437255859375 HTTP/1.1" 200 0 "-" "WordPress/6.7.2; https://baernblog.com"
92.255.57.103 - - [30/Mar/2025:02:48:40 -0400] "GET /wp-login.php?wp_lang=en_US HTTP/1.1" 200 1685 "https://baernblog.com/wp-login.php" "Mozilla/5.0 (Windows NT 10.0; Win64; x64; rv:136.0) Gecko/20100101 Firefox/135.0"
198.54.114.83 - - [30/Mar/2025:02:48:40 -0400] "POST /wp-admin/admin-ajax.php?action=async_litespeed&nonce=bROAr4xpKLQXwpeW7Zl2JPLJMMkAtNjk&litespeed_type=imgoptm HTTP/1.1" 200 5 "-" "WordPress/6.7.2; https://baernblog.com"
92.255.57.103 - - [30/Mar/2025:02:48:45 -0400] "POST /wp-login.php?wp_lang=en_US HTTP/1.1" 200 1804 "https://baernblog.com/wp-login.php" "Mozilla/5.0 (Windows NT 10.0; Win64; x64; rv:136.0) Gecko/20100101 Firefox/135.0"
92.255.57.103 - - [30/Mar/2025:02:48:51 -0400] "GET /wp-admin/ HTTP/1.1" 302 0 "https://baernblog.com/wp-login.php" "Mozilla/5.0 (Windows NT 10.0; Win64; x64; rv:136.0) Gecko/20100101 Firefox/135.0"
92.255.57.103 - - [30/Mar/2025:02:48:51 -0400] "GET /wp-login.php?redirect_to=https%3A%2F%2Fbaernblog.com%2Fwp-admin%2F&reauth=1 HTTP/1.1" 200 1685 "https://baernblog.com/wp-login.php" "Mozilla/5.0 (Windows NT 10.0; Win64; x64; rv:136.0) Gecko/20100101 Firefox/135.0"
198.54.114.83 - - [30/Mar/2025:02:49:42 -0400] "POST /wp-cron.php?doing_wp_cron=1743317381.9009981155395507812500 HTTP/1.1" 200 0 "-" "WordPress/6.7.2; https://baernblog.com"
154.91.171.227 - - [30/Mar/2025:02:49:41 -0400] "GET /wp-json/wp/v2/users HTTP/1.1" 200 1325 "https://www.google.com" "Mozilla/5.0 (X11; Linux x86_64) AppleWebKit/537.36 (KHTML, like Gecko) Chrome/119.0.0.0 Safari/537.36"
198.54.114.83 - - [30/Mar/2025:02:49:42 -0400] "POST /wp-admin/admin-ajax.php?action=async_litespeed&nonce=UFaJENHhxelRsdOBnYyCZfMroJiARYiS&litespeed_type=imgoptm HTTP/1.1" 200 5 "-" "WordPress/6.7.2; https://baernblog.com"
154.91.171.227 - - [30/Mar/2025:02:49:43 -0400] "GET /?author=1 HTTP/1.1" 200 77939 "https://www.google.com" "Mozilla/5.0 (X11; Linux x86_64) AppleWebKit/537.36 (KHTML, like Gecko) Chrome/119.0.0.0 Safari/537.36"
154.91.171.227 - - [30/Mar/2025:02:49:44 -0400] "GET /wp-login.php HTTP/1.1" 200 1683 "https://www.google.com" "Mozilla/5.0 (X11; Linux x86_64) AppleWebKit/537.36 (KHTML, like Gecko) Chrome/119.0.0.0 Safari/537.36"
154.91.171.227 - - [30/Mar/2025:02:49:45 -0400] "POST /wp-login.php HTTP/1.1" 200 1804 "https://baernblog.com/wp-login.php" "Mozilla/5.0 (X11; Linux x86_64) AppleWebKit/537.36 (KHTML, like Gecko) Chrome/119.0.0.0 Safari/537.36"
154.91.171.227 - - [30/Mar/2025:02:49:46 -0400] "GET /wp-admin/ HTTP/1.1" 302 0 "https://baernblog.com/wp-login.php" "Mozilla/5.0 (X11; Linux x86_64) AppleWebKit/537.36 (KHTML, like Gecko) Chrome/119.0.0.0 Safari/537.36"
154.91.171.227 - - [30/Mar/2025:02:49:47 -0400] "GET /wp-login.php?redirect_to=https%3A%2F%2Fbaernblog.com%2Fwp-admin%2F&reauth=1 HTTP/1.1" 200 1685 "https://baernblog.com/wp-login.php" "Mozilla/5.0 (X11; Linux x86_64) AppleWebKit/537.36 (KHTML, like Gecko) Chrome/119.0.0.0 Safari/537.36"
154.91.171.227 - - [30/Mar/2025:02:49:49 -0400] "POST /wp-login.php HTTP/1.1" 200 1804 "https://baernblog.com/wp-login.php" "Mozilla/5.0 (X11; Linux x86_64) AppleWebKit/537.36 (KHTML, like Gecko) Chrome/119.0.0.0 Safari/537.36"
154.91.171.227 - - [30/Mar/2025:02:49:50 -0400] "GET /wp-admin/ HTTP/1.1" 302 0 "https://baernblog.com/wp-login.php" "Mozilla/5.0 (X11; Linux x86_64) AppleWebKit/537.36 (KHTML, like Gecko) Chrome/119.0.0.0 Safari/537.36"
154.91.171.227 - - [30/Mar/2025:02:49:51 -0400] "GET /wp-login.php?redirect_to=https%3A%2F%2Fbaernblog.com%2Fwp-admin%2F&reauth=1 HTTP/1.1" 200 1685 "https://baernblog.com/wp-login.php" "Mozilla/5.0 (X11; Linux x86_64) AppleWebKit/537.36 (KHTML, like Gecko) Chrome/119.0.0.0 Safari/537.36"
154.91.171.227 - - [30/Mar/2025:02:49:52 -0400] "POST /wp-login.php HTTP/1.1" 200 1799 "https://baernblog.com/wp-login.php" "Mozilla/5.0 (X11; Linux x86_64) AppleWebKit/537.36 (KHTML, like Gecko) Chrome/119.0.0.0 Safari/537.36"
154.91.171.227 - - [30/Mar/2025:02:49:54 -0400] "GET /wp-admin/ HTTP/1.1" 302 0 "https://baernblog.com/wp-login.php" "Mozilla/5.0 (X11; Linux x86_64) AppleWebKit/537.36 (KHTML, like Gecko) Chrome/119.0.0.0 Safari/537.36"
154.91.171.227 - - [30/Mar/2025:02:49:55 -0400] "GET /wp-login.php?redirect_to=https%3A%2F%2Fbaernblog.com%2Fwp-admin%2F&reauth=1 HTTP/1.1" 200 1685 "https://baernblog.com/wp-login.php" "Mozilla/5.0 (X11; Linux x86_64) AppleWebKit/537.36 (KHTML, like Gecko) Chrome/119.0.0.0 Safari/537.36"
154.91.171.227 - - [30/Mar/2025:02:49:56 -0400] "GET /wp-login.php HTTP/1.1" 200 1683 "https://www.google.com" "Mozilla/5.0 (X11; Linux x86_64) AppleWebKit/537.36 (KHTML, like Gecko) Chrome/119.0.0.0 Safari/537.36"
154.91.171.227 - - [30/Mar/2025:02:49:57 -0400] "GET /admin HTTP/1.1" 302 0 "https://www.google.com" "Mozilla/5.0 (X11; Linux x86_64) AppleWebKit/537.36 (KHTML, like Gecko) Chrome/119.0.0.0 Safari/537.36"
154.91.171.227 - - [30/Mar/2025:02:49:58 -0400] "GET /wp-admin/ HTTP/1.1" 302 0 "https://www.google.com" "Mozilla/5.0 (X11; Linux x86_64) AppleWebKit/537.36 (KHTML, like Gecko) Chrome/119.0.0.0 Safari/537.36"
154.91.171.227 - - [30/Mar/2025:02:49:59 -0400] "GET /wp-login.php?redirect_to=https%3A%2F%2Fbaernblog.com%2Fwp-admin%2F&reauth=1 HTTP/1.1" 200 1685 "https://www.google.com" "Mozilla/5.0 (X11; Linux x86_64) AppleWebKit/537.36 (KHTML, like Gecko) Chrome/119.0.0.0 Safari/537.36"
154.91.171.227 - - [30/Mar/2025:02:50:00 -0400] "GET /wp-login.php/ HTTP/1.1" 200 1685 "https://www.google.com" "Mozilla/5.0 (X11; Linux x86_64) AppleWebKit/537.36 (KHTML, like Gecko) Chrome/119.0.0.0 Safari/537.36"
154.91.171.227 - - [30/Mar/2025:02:50:02 -0400] "GET /admin/ HTTP/1.1" 302 0 "https://www.google.com" "Mozilla/5.0 (X11; Linux x86_64) AppleWebKit/537.36 (KHTML, like Gecko) Chrome/119.0.0.0 Safari/537.36"
198.54.114.83 - - [30/Mar/2025:02:50:03 -0400] "POST /wp-cron.php?doing_wp_cron=1743317403.7241809368133544921875 HTTP/1.1" 200 0 "-" "WordPress/6.7.2; https://baernblog.com"
154.91.171.227 - - [30/Mar/2025:02:50:03 -0400] "GET /wp-admin/ HTTP/1.1" 302 0 "https://www.google.com" "Mozilla/5.0 (X11; Linux x86_64) AppleWebKit/537.36 (KHTML, like Gecko) Chrome/119.0.0.0 Safari/537.36"
198.54.114.83 - - [30/Mar/2025:02:50:04 -0400] "POST /wp-admin/admin-ajax.php?action=async_litespeed&nonce=ujkMKVolnW9HuWlEbcy8vF9WeHjN7Sci&litespeed_type=imgoptm HTTP/1.1" 200 5 "-" "WordPress/6.7.2; https://baernblog.com"
154.91.171.227 - - [30/Mar/2025:02:50:05 -0400] "GET /wp-login.php?redirect_to=https%3A%2F%2Fbaernblog.com%2Fwp-admin%2F&reauth=1 HTTP/1.1" 200 1685 "https://www.google.com" "Mozilla/5.0 (X11; Linux x86_64) AppleWebKit/537.36 (KHTML, like Gecko) Chrome/119.0.0.0 Safari/537.36"
154.91.171.227 - - [30/Mar/2025:02:50:06 -0400] "GET /wp-login.php HTTP/1.1" 200 1683 "https://www.google.com" "Mozilla/5.0 (X11; Linux x86_64) AppleWebKit/537.36 (KHTML, like Gecko) Chrome/119.0.0.0 Safari/537.36"
154.91.171.227 - - [30/Mar/2025:02:50:08 -0400] "GET /administrator HTTP/1.1" 404 5942 "https://www.google.com" "Mozilla/5.0 (X11; Linux x86_64) AppleWebKit/537.36 (KHTML, like Gecko) Chrome/119.0.0.0 Safari/537.36"
154.91.171.227 - - [30/Mar/2025:02:50:11 -0400] "GET /wp-login.php HTTP/1.1" 200 1683 "https://www.google.com" "Mozilla/5.0 (X11; Linux x86_64) AppleWebKit/537.36 (KHTML, like Gecko) Chrome/119.0.0.0 Safari/537.36"
154.91.171.227 - - [30/Mar/2025:02:50:13 -0400] "GET /admin HTTP/1.1" 302 0 "https://www.google.com" "Mozilla/5.0 (X11; Linux x86_64) AppleWebKit/537.36 (KHTML, like Gecko) Chrome/119.0.0.0 Safari/537.36"
154.91.171.227 - - [30/Mar/2025:02:50:14 -0400] "GET /wp-admin/ HTTP/1.1" 302 0 "https://www.google.com" "Mozilla/5.0 (X11; Linux x86_64) AppleWebKit/537.36 (KHTML, like Gecko) Chrome/119.0.0.0 Safari/537.36"
154.91.171.227 - - [30/Mar/2025:02:50:16 -0400] "GET /wp-login.php?redirect_to=https%3A%2F%2Fbaernblog.com%2Fwp-admin%2F&reauth=1 HTTP/1.1" 200 1685 "https://www.google.com" "Mozilla/5.0 (X11; Linux x86_64) AppleWebKit/537.36 (KHTML, like Gecko) Chrome/119.0.0.0 Safari/537.36"
198.54.114.83 - - [30/Mar/2025:02:52:36 -0400] "POST /wp-cron.php?doing_wp_cron=1743317556.3630559444427490234375 HTTP/1.1" 200 0 "-" "WordPress/6.7.2; https://baernblog.com"
54.36.149.9 - - [30/Mar/2025:02:52:33 -0400] "GET /instagram-account-freeze-link/feed/ HTTP/1.1" 200 394 "-" "Mozilla/5.0 (compatible; AhrefsBot/7.0; +http://ahrefs.com/robot/)"
198.54.114.83 - - [30/Mar/2025:02:52:37 -0400] "POST /wp-admin/admin-ajax.php?action=async_litespeed&nonce=MtnmzcyeiZqXCbFNxm5ovjSwseYzFu7h&litespeed_type=imgoptm HTTP/1.1" 200 5 "-" "WordPress/6.7.2; https://baernblog.com"
167.71.219.42 - - [30/Mar/2025:02:53:43 -0400] "GET /wp-login.php HTTP/1.1" 200 1683 "-" "Mozilla/5.0 (X11; Linux x86_64; rv:121.0) Gecko/20100101 Firefox/121.0"
167.71.219.42 - - [30/Mar/2025:02:53:43 -0400] "GET /wp-login.php HTTP/1.1" 200 1683 "-" "Mozilla/5.0 (X11; Linux x86_64; rv:121.0) Gecko/20100101 Firefox/121.0"
167.71.219.42 - - [30/Mar/2025:02:53:43 -0400] "GET /wp-login.php HTTP/1.1" 200 1683 "-" "Mozilla/5.0 (X11; Linux x86_64; rv:121.0) Gecko/20100101 Firefox/121.0"
167.71.219.42 - - [30/Mar/2025:02:53:43 -0400] "GET /wp-login.php HTTP/1.1" 200 1683 "-" "Mozilla/5.0 (X11; Linux x86_64; rv:121.0) Gecko/20100101 Firefox/121.0"
167.71.219.42 - - [30/Mar/2025:02:53:43 -0400] "GET /wp-login.php HTTP/1.1" 200 1683 "-" "Mozilla/5.0 (X11; Linux x86_64; rv:121.0) Gecko/20100101 Firefox/121.0"
167.71.219.42 - - [30/Mar/2025:02:53:43 -0400] "GET /wp-login.php HTTP/1.1" 200 1683 "-" "Mozilla/5.0 (X11; Linux x86_64; rv:121.0) Gecko/20100101 Firefox/121.0"
167.71.219.42 - - [30/Mar/2025:02:53:44 -0400] "POST /wp-login.php HTTP/1.1" 200 0 "-" "Mozilla/5.0 (X11; Linux x86_64; rv:121.0) Gecko/20100101 Firefox/121.0"
167.71.219.42 - - [30/Mar/2025:02:53:44 -0400] "POST /wp-login.php HTTP/1.1" 200 0 "-" "Mozilla/5.0 (X11; Linux x86_64; rv:121.0) Gecko/20100101 Firefox/121.0"
167.71.219.42 - - [30/Mar/2025:02:53:44 -0400] "POST /wp-login.php HTTP/1.1" 200 0 "-" "Mozilla/5.0 (X11; Linux x86_64; rv:121.0) Gecko/20100101 Firefox/121.0"
167.71.219.42 - - [30/Mar/2025:02:53:44 -0400] "POST /wp-login.php HTTP/1.1" 200 0 "-" "Mozilla/5.0 (X11; Linux x86_64; rv:121.0) Gecko/20100101 Firefox/121.0"
167.71.219.42 - - [30/Mar/2025:02:53:44 -0400] "POST /wp-login.php HTTP/1.1" 200 0 "-" "Mozilla/5.0 (X11; Linux x86_64; rv:121.0) Gecko/20100101 Firefox/121.0"
167.71.219.42 - - [30/Mar/2025:02:53:44 -0400] "POST /wp-login.php HTTP/1.1" 200 0 "-" "Mozilla/5.0 (X11; Linux x86_64; rv:121.0) Gecko/20100101 Firefox/121.0"
198.54.114.83 - - [30/Mar/2025:03:01:32 -0400] "POST /wp-cron.php?doing_wp_cron=1743318091.0971748828887939453125 HTTP/1.1" 200 0 "-" "WordPress/6.7.2; https://baernblog.com"
54.36.148.63 - - [30/Mar/2025:03:01:26 -0400] "GET /how-to-transfer-bitcoin-to-paypal/feed/ HTTP/1.1" 200 397 "-" "Mozilla/5.0 (compatible; AhrefsBot/7.0; +http://ahrefs.com/robot/)"
198.54.114.83 - - [30/Mar/2025:03:01:32 -0400] "POST /wp-admin/admin-ajax.php?action=async_litespeed&nonce=E8wUFVl5TjiKmuKzBYh2E6DAMLg0eGMc&litespeed_type=imgoptm HTTP/1.1" 200 0 "-" "WordPress/6.7.2; https://baernblog.com"
198.54.114.83 - - [30/Mar/2025:03:09:37 -0400] "POST /wp-cron.php?doing_wp_cron=1743318577.1932840347290039062500 HTTP/1.1" 200 0 "-" "WordPress/6.7.2; https://baernblog.com"
54.36.148.210 - - [30/Mar/2025:03:09:33 -0400] "GET /chaussures-de-course-pour-femmes-trouver-la-bonne-pour-vous/feed/ HTTP/1.1" 200 428 "-" "Mozilla/5.0 (compatible; AhrefsBot/7.0; +http://ahrefs.com/robot/)"
198.54.114.83 - - [30/Mar/2025:03:09:38 -0400] "POST /wp-admin/admin-ajax.php?action=async_litespeed&nonce=FYYOP3a50xK9dHVt0m6ecBztogtZWfgu&litespeed_type=imgoptm HTTP/1.1" 200 0 "-" "WordPress/6.7.2; https://baernblog.com"
198.54.114.83 - - [30/Mar/2025:03:11:24 -0400] "POST /wp-cron.php?doing_wp_cron=1743318683.9743449687957763671875 HTTP/1.1" 200 0 "-" "WordPress/6.7.2; https://baernblog.com"
2a03:2880:f800:10:: - - [30/Mar/2025:03:11:20 -0400] "GET /a-platform-overview/ HTTP/1.1" 200 10374 "-" "meta-externalagent/1.1 (+https://developers.facebook.com/docs/sharing/webmasters/crawler)"
198.54.114.83 - - [30/Mar/2025:03:11:24 -0400] "POST /wp-admin/admin-ajax.php?action=async_litespeed&nonce=fa5gng9HkDvJHDGHXLmCgiSruvyS6Cp2&litespeed_type=imgoptm HTTP/1.1" 200 0 "-" "WordPress/6.7.2; https://baernblog.com"
198.54.114.83 - - [30/Mar/2025:03:17:34 -0400] "POST /wp-cron.php?doing_wp_cron=1743319054.2998399734497070312500 HTTP/1.1" 200 0 "-" "WordPress/6.7.2; https://baernblog.com"
51.222.253.15 - - [30/Mar/2025:03:17:30 -0400] "GET /robots.txt HTTP/1.1" 200 108 "-" "Mozilla/5.0 (compatible; AhrefsBot/7.0; +http://ahrefs.com/robot/)"
198.54.114.83 - - [30/Mar/2025:03:17:35 -0400] "POST /wp-admin/admin-ajax.php?action=async_litespeed&nonce=CJazR3SqrDRXeYzP3laLeqtngKHGcbOe&litespeed_type=imgoptm HTTP/1.1" 200 0 "-" "WordPress/6.7.2; https://baernblog.com"
54.36.148.112 - - [30/Mar/2025:03:17:37 -0400] "GET /5-types-of-fire-extinguishers/feed/ HTTP/1.1" 200 394 "-" "Mozilla/5.0 (compatible; AhrefsBot/7.0; +http://ahrefs.com/robot/)"
54.36.148.35 - - [30/Mar/2025:03:24:55 -0400] "GET /case-fans/feed/ HTTP/1.1" 200 366 "-" "Mozilla/5.0 (compatible; AhrefsBot/7.0; +http://ahrefs.com/robot/)"
198.54.114.83 - - [30/Mar/2025:03:25:02 -0400] "POST /wp-cron.php?doing_wp_cron=1743319500.3515350818634033203125 HTTP/1.1" 200 0 "-" "WordPress/6.7.2; https://baernblog.com"
198.54.114.83 - - [30/Mar/2025:03:26:03 -0400] "POST /wp-cron.php?doing_wp_cron=1743319563.3179159164428710937500 HTTP/1.1" 200 0 "-" "WordPress/6.7.2; https://baernblog.com"
40.77.167.23 - - [30/Mar/2025:03:26:02 -0400] "GET /ashar-testing/ HTTP/1.1" 200 9626 "-" "Mozilla/5.0 AppleWebKit/537.36 (KHTML, like Gecko; compatible; bingbot/2.0; +http://www.bing.com/bingbot.htm) Chrome/116.0.1938.76 Safari/537.36"
198.54.114.83 - - [30/Mar/2025:03:26:04 -0400] "POST /wp-admin/admin-ajax.php?action=async_litespeed&nonce=KbB2LJiQh7zxdyRCMUujxKbKZ216LaNv&litespeed_type=imgoptm HTTP/1.1" 200 5 "-" "WordPress/6.7.2; https://baernblog.com"
198.54.114.83 - - [30/Mar/2025:03:26:33 -0400] "POST /wp-cron.php?doing_wp_cron=1743319593.6642398834228515625000 HTTP/1.1" 200 0 "-" "WordPress/6.7.2; https://baernblog.com"
17.241.75.190 - - [30/Mar/2025:03:26:33 -0400] "GET /robots.txt HTTP/1.1" 200 108 "-" "Mozilla/5.0 (Macintosh; Intel Mac OS X 10_15_7) AppleWebKit/605.1.15 (KHTML, like Gecko) Version/17.4 Safari/605.1.15 (Applebot/0.1; +http://www.apple.com/go/applebot)"
17.241.75.190 - - [30/Mar/2025:03:26:44 -0400] "GET /favicon.ico HTTP/1.1" 404 1251 "-" "Mozilla/5.0 (Macintosh; Intel Mac OS X 10_15_7) AppleWebKit/605.1.15 (KHTML, like Gecko) Version/17.4 Safari/605.1.15 (Applebot/0.1; +http://www.apple.com/go/applebot)"
198.54.114.83 - - [30/Mar/2025:03:28:24 -0400] "POST /wp-cron.php?doing_wp_cron=1743319704.6455209255218505859375 HTTP/1.1" 200 0 "-" "WordPress/6.7.2; https://baernblog.com"
34.105.110.19 - - [30/Mar/2025:03:28:20 -0400] "GET /michael-kors-the-tote-handbag HTTP/1.1" 301 0 "-" "Mozilla/5.0 (Windows NT 10.0; Win64; x64) AppleWebKit/537.36 (KHTML, like Gecko) Chrome/51.0.2704.79 Safari/537.36 Edge/14.14393"
198.54.114.83 - - [30/Mar/2025:03:28:26 -0400] "POST /wp-admin/admin-ajax.php?action=async_litespeed&nonce=iDDDgSQvCwJ0nBeG6jGH796JW2qRsjaZ&litespeed_type=imgoptm HTTP/1.1" 200 0 "-" "WordPress/6.7.2; https://baernblog.com"
34.105.110.19 - - [30/Mar/2025:03:28:25 -0400] "GET /michael-kors-the-tote-handbag/ HTTP/1.1" 200 10498 "https://baernblog.com/michael-kors-the-tote-handbag" "Mozilla/5.0 (Windows NT 10.0; Win64; x64) AppleWebKit/537.36 (KHTML, like Gecko) Chrome/51.0.2704.79 Safari/537.36 Edge/14.14393"
198.54.114.83 - - [30/Mar/2025:03:32:24 -0400] "POST /wp-cron.php?doing_wp_cron=1743319943.7666430473327636718750 HTTP/1.1" 200 0 "-" "WordPress/6.7.2; https://baernblog.com"
54.36.148.5 - - [30/Mar/2025:03:32:17 -0400] "GET /factors-to-consider-when-selecting-an-online-casino/ HTTP/1.1" 200 10548 "-" "Mozilla/5.0 (compatible; AhrefsBot/7.0; +http://ahrefs.com/robot/)"
198.54.114.83 - - [30/Mar/2025:03:32:24 -0400] "POST /wp-admin/admin-ajax.php?action=async_litespeed&nonce=o0RHMwl4Du7UzwiuvSDPtOFMfenZxvI1&litespeed_type=imgoptm HTTP/1.1" 200 0 "-" "WordPress/6.7.2; https://baernblog.com"
198.54.114.83 - - [30/Mar/2025:03:33:06 -0400] "POST /wp-admin/admin-ajax.php?action=async_litespeed&nonce=KIxtsOmt6pcwnWqdrRcZfmrGQezM7ae8&litespeed_type=imgoptm HTTP/1.1" 200 5 "-" "WordPress/6.7.2; https://baernblog.com"
47.82.34.59 - - [30/Mar/2025:03:35:58 -0400] "GET / HTTP/1.1" 200 77939 "https://www.google.com/" "Mozilla/5.0 (Linux; Android 10; K) AppleWebKit/537.36 (KHTML, like Gecko) Chrome/133.0.0.0 Mobile Safari/537.36"
85.208.98.20 - - [30/Mar/2025:03:37:02 -0400] "GET /how-to-upload-files-and-download-files/ HTTP/1.1" 200 0 "-" "Mozilla/5.0 (compatible; SemrushBot-BA; +http://www.semrush.com/bot.html)"
198.54.114.83 - - [30/Mar/2025:03:37:09 -0400] "POST /wp-cron.php?doing_wp_cron=1743320228.2049291133880615234375 HTTP/1.1" 200 0 "-" "WordPress/6.7.2; https://baernblog.com"
198.54.114.83 - - [30/Mar/2025:03:39:38 -0400] "POST /wp-cron.php?doing_wp_cron=1743320376.1715381145477294921875 HTTP/1.1" 200 0 "-" "WordPress/6.7.2; https://baernblog.com"
54.36.148.41 - - [30/Mar/2025:03:39:29 -0400] "GET /verhandlungstraining-im-einkauf/feed/ HTTP/1.1" 200 382 "-" "Mozilla/5.0 (compatible; AhrefsBot/7.0; +http://ahrefs.com/robot/)"
198.54.114.83 - - [30/Mar/2025:03:42:22 -0400] "POST /wp-admin/admin-ajax.php?action=async_litespeed&nonce=X1aYtyj2XiiZ0Frlxnyxha03gNpLhA9z&litespeed_type=imgoptm HTTP/1.1" 200 0 "-" "WordPress/6.7.2; https://baernblog.com"
198.54.114.83 - - [30/Mar/2025:03:43:04 -0400] "POST /wp-admin/admin-ajax.php?action=async_litespeed&nonce=HZNEXQOmYTEqBiYZzEyCUVG6Q2rHIGwZ&litespeed_type=imgoptm HTTP/1.1" 200 5 "-" "WordPress/6.7.2; https://baernblog.com"
198.54.114.83 - - [30/Mar/2025:03:46:56 -0400] "POST /wp-admin/admin-ajax.php?action=async_litespeed&nonce=9YbiGUIumF2WuwmBFuZFAfy3JoAlQ0oy&litespeed_type=imgoptm HTTP/1.1" 200 0 "-" "WordPress/6.7.2; https://baernblog.com"
43.131.254.47 - - [30/Mar/2025:03:47:02 -0400] "GET /how-to-get-vyvanse-prescription-online/ HTTP/1.1" 200 11715 "https://baernblog.com" "Mozilla/4.0 (compatible; MSIE 6.0; Windows NT 5.1; en) Opera 8.50"
198.54.114.83 - - [30/Mar/2025:03:48:44 -0400] "POST /wp-cron.php?doing_wp_cron=1743320923.7576498985290527343750 HTTP/1.1" 200 0 "-" "WordPress/6.7.2; https://baernblog.com"
54.36.148.184 - - [30/Mar/2025:03:48:40 -0400] "GET /sitemap_index.xml HTTP/1.1" 200 292 "-" "Mozilla/5.0 (compatible; AhrefsBot/7.0; +http://ahrefs.com/robot/)"
198.54.114.83 - - [30/Mar/2025:03:48:44 -0400] "POST /wp-admin/admin-ajax.php?action=async_litespeed&nonce=WNW0ytNyRwOdCh6EPtnNHObdAsrd5euF&litespeed_type=imgoptm HTTP/1.1" 200 0 "-" "WordPress/6.7.2; https://baernblog.com"
54.36.149.18 - - [30/Mar/2025:03:48:46 -0400] "GET /post-sitemap.xml HTTP/1.1" 200 25403 "-" "Mozilla/5.0 (compatible; AhrefsBot/7.0; +http://ahrefs.com/robot/)"
54.36.148.165 - - [30/Mar/2025:03:48:57 -0400] "GET /post-sitemap2.xml HTTP/1.1" 200 5746 "-" "Mozilla/5.0 (compatible; AhrefsBot/7.0; +http://ahrefs.com/robot/)"
54.36.148.143 - - [30/Mar/2025:03:49:00 -0400] "GET /page-sitemap.xml HTTP/1.1" 200 345 "-" "Mozilla/5.0 (compatible; AhrefsBot/7.0; +http://ahrefs.com/robot/)"
34.82.82.120 - - [30/Mar/2025:03:49:01 -0400] "GET /elephant-has-to-be-scared-of-cobra-a-corporate-message HTTP/1.1" 301 0 "-" "Mozilla/5.0 (Macintosh; Intel Mac OS X 10_15_7) AppleWebKit/537.36 (KHTML, like Gecko) Chrome/116.0.0.0 Safari/537.36"
34.82.82.120 - - [30/Mar/2025:03:49:01 -0400] "GET /elephant-has-to-be-scared-of-cobra-a-corporate-message/ HTTP/1.1" 200 11127 "https://baernblog.com/elephant-has-to-be-scared-of-cobra-a-corporate-message" "Mozilla/5.0 (Macintosh; Intel Mac OS X 10_15_7) AppleWebKit/537.36 (KHTML, like Gecko) Chrome/116.0.0.0 Safari/537.36"
198.54.114.83 - - [30/Mar/2025:03:49:04 -0400] "POST /wp-cron.php?doing_wp_cron=1743320943.4521079063415527343750 HTTP/1.1" 200 0 "-" "WordPress/6.7.2; https://baernblog.com"
54.36.149.18 - - [30/Mar/2025:03:49:03 -0400] "GET /category-sitemap.xml HTTP/1.1" 200 343 "-" "Mozilla/5.0 (compatible; AhrefsBot/7.0; +http://ahrefs.com/robot/)"
85.208.96.212 - - [30/Mar/2025:03:58:45 -0400] "GET /robots.txt HTTP/1.1" 200 108 "-" "Mozilla/5.0 (compatible; SemrushBot/7~bl; +http://www.semrush.com/bot.html)"
198.54.114.83 - - [30/Mar/2025:03:58:52 -0400] "POST /wp-cron.php?doing_wp_cron=1743321531.8536059856414794921875 HTTP/1.1" 200 0 "-" "WordPress/6.7.2; https://baernblog.com"
85.208.96.198 - - [30/Mar/2025:03:58:46 -0400] "GET /the-therapeutic-art-of-massage/ HTTP/1.1" 200 10726 "-" "Mozilla/5.0 (compatible; SemrushBot/7~bl; +http://www.semrush.com/bot.html)"
198.54.114.83 - - [30/Mar/2025:03:58:54 -0400] "POST /wp-admin/admin-ajax.php?action=async_litespeed&nonce=wXROkmBIKqa7ccuwKgC2WQKAvZU3gRBo&litespeed_type=imgoptm HTTP/1.1" 200 0 "-" "WordPress/6.7.2; https://baernblog.com"
198.54.114.83 - - [30/Mar/2025:04:00:56 -0400] "POST /wp-cron.php?doing_wp_cron=1743321655.3878800868988037109375 HTTP/1.1" 200 0 "-" "WordPress/6.7.2; https://baernblog.com"
34.82.62.246 - - [30/Mar/2025:04:00:49 -0400] "GET /how-to-find-a-locksmith-in-chicago HTTP/1.1" 301 0 "-" "Mozilla/5.0 (Macintosh; Intel Mac OS X 10_15_7) AppleWebKit/537.36 (KHTML, like Gecko) Chrome/121.0.0.0 Safari/537.36"
198.54.114.83 - - [30/Mar/2025:04:00:56 -0400] "POST /wp-admin/admin-ajax.php?action=async_litespeed&nonce=NOjoh6bnm8kz5dbFZKRaOTcA9ADguGQh&litespeed_type=imgoptm HTTP/1.1" 200 0 "-" "WordPress/6.7.2; https://baernblog.com"
34.82.62.246 - - [30/Mar/2025:04:00:56 -0400] "GET /how-to-find-a-locksmith-in-chicago/ HTTP/1.1" 200 10462 "https://baernblog.com/how-to-find-a-locksmith-in-chicago" "Mozilla/5.0 (Macintosh; Intel Mac OS X 10_15_7) AppleWebKit/537.36 (KHTML, like Gecko) Chrome/121.0.0.0 Safari/537.36"
54.36.148.141 - - [30/Mar/2025:04:03:06 -0400] "GET / HTTP/1.1" 200 77939 "-" "Mozilla/5.0 (compatible; AhrefsBot/7.0; +http://ahrefs.com/robot/)"
198.54.114.83 - - [30/Mar/2025:04:09:41 -0400] "POST /wp-cron.php?doing_wp_cron=1743322180.8086059093475341796875 HTTP/1.1" 200 0 "-" "WordPress/6.7.2; https://baernblog.com"
54.36.148.11 - - [30/Mar/2025:04:09:35 -0400] "GET /page/81/ HTTP/1.1" 200 9400 "-" "Mozilla/5.0 (compatible; AhrefsBot/7.0; +http://ahrefs.com/robot/)"
198.54.114.83 - - [30/Mar/2025:04:09:43 -0400] "POST /wp-admin/admin-ajax.php?action=async_litespeed&nonce=IyjhXULvAoJBdu8pNJQtJDZ4rJfqSx6y&litespeed_type=imgoptm HTTP/1.1" 200 0 "-" "WordPress/6.7.2; https://baernblog.com"
198.54.114.83 - - [30/Mar/2025:04:12:05 -0400] "POST /wp-admin/admin-ajax.php?action=async_litespeed&nonce=SwBQ6pmIHSHoTyH3SkuFoMloEGiP6Jno&litespeed_type=imgoptm HTTP/1.1" 200 0 "-" "WordPress/6.7.2; https://baernblog.com"
198.54.114.83 - - [30/Mar/2025:04:16:14 -0400] "POST /wp-cron.php?doing_wp_cron=1743322574.4822199344635009765625 HTTP/1.1" 200 0 "-" "WordPress/6.7.2; https://baernblog.com"
54.36.149.87 - - [30/Mar/2025:04:16:09 -0400] "GET /exceptional-design-and-sophistication/feed/ HTTP/1.1" 200 393 "-" "Mozilla/5.0 (compatible; AhrefsBot/7.0; +http://ahrefs.com/robot/)"
198.54.114.83 - - [30/Mar/2025:04:16:17 -0400] "POST /wp-admin/admin-ajax.php?action=async_litespeed&nonce=OkpxsqbCt2XtZQ71Eg9K2uzpqFRGN2AI&litespeed_type=imgoptm HTTP/1.1" 200 0 "-" "WordPress/6.7.2; https://baernblog.com"
198.54.114.83 - - [30/Mar/2025:04:21:10 -0400] "POST /wp-cron.php?doing_wp_cron=1743322870.5631129741668701171875 HTTP/1.1" 200 0 "-" "WordPress/6.7.2; https://baernblog.com"
198.54.114.83 - - [30/Mar/2025:04:21:12 -0400] "POST /wp-admin/admin-ajax.php?action=async_litespeed&nonce=001qKXVhP5lVah4Xi2OtltrGdwy4Oq4u&litespeed_type=imgoptm HTTP/1.1" 200 0 "-" "WordPress/6.7.2; https://baernblog.com"
114.119.150.190 - - [30/Mar/2025:04:21:06 -0400] "GET /cheap-banners/ HTTP/1.1" 200 10574 "https://baernblog.com/exploring-unblocked-games-6x/" "Mozilla/5.0 (Linux; Android 7.0;) AppleWebKit/537.36 (KHTML, like Gecko) Mobile Safari/537.36 (compatible; PetalBot;+https://webmaster.petalsearch.com/site/petalbot)"
198.54.114.83 - - [30/Mar/2025:04:22:44 -0400] "POST /wp-cron.php?doing_wp_cron=1743322964.7002270221710205078125 HTTP/1.1" 200 0 "-" "WordPress/6.7.2; https://baernblog.com"
54.36.149.22 - - [30/Mar/2025:04:22:40 -0400] "GET /finding-local-injury-attorney-insist-on-independent-unbiased-local-attorney-directory/feed/ HTTP/1.1" 200 436 "-" "Mozilla/5.0 (compatible; AhrefsBot/7.0; +http://ahrefs.com/robot/)"
198.54.114.83 - - [30/Mar/2025:04:22:46 -0400] "POST /wp-admin/admin-ajax.php?action=async_litespeed&nonce=acyCf6MRrPlx7KXNYs8By5NLi608XqQG&litespeed_type=imgoptm HTTP/1.1" 200 0 "-" "WordPress/6.7.2; https://baernblog.com"
198.54.114.83 - - [30/Mar/2025:04:26:50 -0400] "POST /wp-cron.php?doing_wp_cron=1743323210.7361159324645996093750 HTTP/1.1" 200 0 "-" "WordPress/6.7.2; https://baernblog.com"
18.191.254.51 - - [30/Mar/2025:04:26:45 -0400] "GET /digital-business-card-app HTTP/1.1" 301 0 "-" "Mozilla/5.0 AppleWebKit/537.36 (KHTML, like Gecko; compatible; ClaudeBot/1.0; +claudebot@anthropic.com)"
198.54.114.83 - - [30/Mar/2025:04:26:53 -0400] "POST /wp-admin/admin-ajax.php?action=async_litespeed&nonce=ckYWjafP0o9phrq5TDWVX79gmgGypAVO&litespeed_type=imgoptm HTTP/1.1" 200 0 "-" "WordPress/6.7.2; https://baernblog.com"
18.191.254.51 - - [30/Mar/2025:04:26:53 -0400] "GET /digital-business-card-app/ HTTP/1.1" 200 10111 "-" "Mozilla/5.0 AppleWebKit/537.36 (KHTML, like Gecko; compatible; ClaudeBot/1.0; +claudebot@anthropic.com)"
18.191.254.51 - - [30/Mar/2025:04:26:55 -0400] "GET /wp-includes/js/jquery/jquery.min.js?ver=3.7.1 HTTP/1.1" 304 0 "https://baernblog.com/digital-business-card-app/" "Mozilla/5.0 AppleWebKit/537.36 (KHTML, like Gecko; compatible; ClaudeBot/1.0; +claudebot@anthropic.com)"
18.191.254.51 - - [30/Mar/2025:04:26:55 -0400] "GET /wp-content/themes/ascendoor-news/assets/js/slick.min.js?ver=1.8.1 HTTP/1.1" 304 0 "https://baernblog.com/digital-business-card-app/" "Mozilla/5.0 AppleWebKit/537.36 (KHTML, like Gecko; compatible; ClaudeBot/1.0; +claudebot@anthropic.com)"
18.191.254.51 - - [30/Mar/2025:04:26:55 -0400] "GET /wp-content/themes/ascendoor-news/assets/js/jquery.marquee.min.js?ver=1.6.0 HTTP/1.1" 304 0 "https://baernblog.com/digital-business-card-app/" "Mozilla/5.0 AppleWebKit/537.36 (KHTML, like Gecko; compatible; ClaudeBot/1.0; +claudebot@anthropic.com)"
18.191.254.51 - - [30/Mar/2025:04:26:55 -0400] "GET /wp-content/themes/ascendoor-news/assets/js/navigation.min.js?ver=1.0.1 HTTP/1.1" 304 0 "https://baernblog.com/digital-business-card-app/" "Mozilla/5.0 AppleWebKit/537.36 (KHTML, like Gecko; compatible; ClaudeBot/1.0; +claudebot@anthropic.com)"
18.191.254.51 - - [30/Mar/2025:04:26:55 -0400] "GET /wp-includes/js/jquery/jquery-migrate.min.js?ver=3.4.1 HTTP/1.1" 304 0 "https://baernblog.com/digital-business-card-app/" "Mozilla/5.0 AppleWebKit/537.36 (KHTML, like Gecko; compatible; ClaudeBot/1.0; +claudebot@anthropic.com)"
18.191.254.51 - - [30/Mar/2025:04:26:55 -0400] "GET /wp-content/themes/ascendoor-news/assets/js/custom.min.js?ver=1.0.1 HTTP/1.1" 304 0 "https://baernblog.com/digital-business-card-app/" "Mozilla/5.0 AppleWebKit/537.36 (KHTML, like Gecko; compatible; ClaudeBot/1.0; +claudebot@anthropic.com)"
18.191.254.51 - - [30/Mar/2025:04:26:55 -0400] "GET /wp-includes/js/comment-reply.min.js?ver=6.7.2 HTTP/1.1" 304 0 "https://baernblog.com/digital-business-card-app/" "Mozilla/5.0 AppleWebKit/537.36 (KHTML, like Gecko; compatible; ClaudeBot/1.0; +claudebot@anthropic.com)"
18.191.254.51 - - [30/Mar/2025:04:26:56 -0400] "GET /wp-includes/js/wp-emoji-release.min.js?ver=6.7.2 HTTP/1.1" 200 4676 "https://baernblog.com/digital-business-card-app/" "Mozilla/5.0 AppleWebKit/537.36 (KHTML, like Gecko; compatible; ClaudeBot/1.0; +claudebot@anthropic.com)"
198.54.114.83 - - [30/Mar/2025:04:28:53 -0400] "POST /wp-cron.php?doing_wp_cron=1743323333.7533719539642333984375 HTTP/1.1" 200 0 "-" "WordPress/6.7.2; https://baernblog.com"
54.36.148.85 - - [30/Mar/2025:04:28:51 -0400] "GET /how-michael-jordan-enjoyed-particular-rights/feed/ HTTP/1.1" 200 406 "-" "Mozilla/5.0 (compatible; AhrefsBot/7.0; +http://ahrefs.com/robot/)"
13.214.35.67 - - [30/Mar/2025:04:31:42 -0400] "POST /wp-login.php HTTP/1.1" 200 0 "-" "Mozlila/5.0 (Linux; Android 7.0; SM-G892A Bulid/NRD90M; wv) AppleWebKit/537.36 (KHTML, like Gecko) Version/4.0 Chrome/60.0.3112.107 Moblie Safari/537.36"
198.54.114.83 - - [30/Mar/2025:04:33:28 -0400] "POST /wp-cron.php?doing_wp_cron=1743323608.2876288890838623046875 HTTP/1.1" 200 0 "-" "WordPress/6.7.2; https://baernblog.com"
13.214.35.67 - - [30/Mar/2025:04:33:22 -0400] "GET /wp-admin/plugin-install.php?tab=upload HTTP/1.1" 302 0 "-" "Mozlila/5.0 (Linux; Android 7.0; SM-G892A Bulid/NRD90M; wv) AppleWebKit/537.36 (KHTML, like Gecko) Version/4.0 Chrome/60.0.3112.107 Moblie Safari/537.36"
13.214.35.67 - - [30/Mar/2025:04:33:29 -0400] "GET /wp-login.php?redirect_to=https%3A%2F%2Fbaernblog.com%2Fwp-admin%2Fplugin-install.php%3Ftab%3Dupload&reauth=1 HTTP/1.1" 200 1698 "-" "Mozlila/5.0 (Linux; Android 7.0; SM-G892A Bulid/NRD90M; wv) AppleWebKit/537.36 (KHTML, like Gecko) Version/4.0 Chrome/60.0.3112.107 Moblie Safari/537.36"
198.54.114.83 - - [30/Mar/2025:04:33:29 -0400] "POST /wp-admin/admin-ajax.php?action=async_litespeed&nonce=72buQRxoJQc7ZsI4ki9f0aTo4mQCl0ee&litespeed_type=imgoptm HTTP/1.1" 200 5 "-" "WordPress/6.7.2; https://baernblog.com"
198.54.114.83 - - [30/Mar/2025:04:35:32 -0400] "POST /wp-cron.php?doing_wp_cron=1743323732.3920609951019287109375 HTTP/1.1" 200 0 "-" "WordPress/6.7.2; https://baernblog.com"
54.36.149.61 - - [30/Mar/2025:04:35:27 -0400] "GET /page/4/ HTTP/1.1" 200 9313 "-" "Mozilla/5.0 (compatible; AhrefsBot/7.0; +http://ahrefs.com/robot/)"
198.54.114.83 - - [30/Mar/2025:04:35:33 -0400] "POST /wp-admin/admin-ajax.php?action=async_litespeed&nonce=urdrImJev7GyTg2LsEHmzQNWOZByu1MH&litespeed_type=imgoptm HTTP/1.1" 200 5 "-" "WordPress/6.7.2; https://baernblog.com"
13.214.35.67 - - [30/Mar/2025:04:34:00 -0400] "POST /wp-login.php HTTP/1.1" 200 0 "-" "Mozlila/5.0 (Linux; Android 7.0; SM-G892A Bulid/NRD90M; wv) AppleWebKit/537.36 (KHTML, like Gecko) Version/4.0 Chrome/60.0.3112.107 Moblie Safari/537.36"
13.214.35.67 - - [30/Mar/2025:04:35:40 -0400] "GET /wp-admin/plugin-install.php?tab=upload HTTP/1.1" 302 0 "-" "Mozlila/5.0 (Linux; Android 7.0; SM-G892A Bulid/NRD90M; wv) AppleWebKit/537.36 (KHTML, like Gecko) Version/4.0 Chrome/60.0.3112.107 Moblie Safari/537.36"
13.214.35.67 - - [30/Mar/2025:04:35:43 -0400] "GET /wp-login.php?redirect_to=https%3A%2F%2Fbaernblog.com%2Fwp-admin%2Fplugin-install.php%3Ftab%3Dupload&reauth=1 HTTP/1.1" 200 1698 "-" "Mozlila/5.0 (Linux; Android 7.0; SM-G892A Bulid/NRD90M; wv) AppleWebKit/537.36 (KHTML, like Gecko) Version/4.0 Chrome/60.0.3112.107 Moblie Safari/537.36"
198.54.114.83 - - [30/Mar/2025:04:37:15 -0400] "POST /wp-admin/admin-ajax.php?action=async_litespeed&nonce=jgZQc2KVUb7EEdJB5euiL5GHSMvCNrL7&litespeed_type=imgoptm HTTP/1.1" 200 0 "-" "WordPress/6.7.2; https://baernblog.com"
198.54.114.83 - - [30/Mar/2025:04:37:31 -0400] "POST /wp-cron.php?doing_wp_cron=1743323850.8110010623931884765625 HTTP/1.1" 200 0 "-" "WordPress/6.7.2; https://baernblog.com"
135.125.183.99 - - [30/Mar/2025:04:37:30 -0400] "GET /wp-login.php HTTP/1.1" 200 1685 "http://baernblog.com/wp-admin/" "Mozilla/5.0 (Windows NT 10.0; Win64; x64) AppleWebKit/537.36 (KHTML, like Gecko) Chrome/90.0.4430.85 Safari/537.36"
198.54.114.83 - - [30/Mar/2025:04:38:06 -0400] "POST /wp-admin/admin-ajax.php?action=async_litespeed&nonce=RldP7Dw6SFm2fP2iPP71QGUOj0bxpygM&litespeed_type=imgoptm HTTP/1.1" 200 5 "-" "WordPress/6.7.2; https://baernblog.com"
198.54.114.83 - - [30/Mar/2025:04:39:23 -0400] "POST /wp-admin/admin-ajax.php?action=async_litespeed&nonce=9x6E77tJVxCoS16lGUhYG23fkuZt9p38&litespeed_type=imgoptm HTTP/1.1" 200 5 "-" "WordPress/6.7.2; https://baernblog.com"
135.125.183.99 - - [30/Mar/2025:04:39:43 -0400] "GET /wp-login.php HTTP/1.1" 200 1685 "http://baernblog.com/wp-admin/" "Mozilla/5.0 (Windows NT 10.0; Win64; x64) AppleWebKit/537.36 (KHTML, like Gecko) Chrome/90.0.4430.85 Safari/537.36"
198.54.114.83 - - [30/Mar/2025:04:41:58 -0400] "POST /wp-cron.php?doing_wp_cron=1743324118.0043449401855468750000 HTTP/1.1" 200 0 "-" "WordPress/6.7.2; https://baernblog.com"
198.54.114.83 - - [30/Mar/2025:04:41:59 -0400] "POST /wp-admin/admin-ajax.php?action=async_litespeed&nonce=v5j0BCMsSIrVFUa5H2FWMzsMEZ2ts1c6&litespeed_type=imgoptm HTTP/1.1" 200 0 "-" "WordPress/6.7.2; https://baernblog.com"
54.36.149.84 - - [30/Mar/2025:04:41:53 -0400] "GET /elegant-and-functional-hotel-bedroom-furniture/ HTTP/1.1" 200 10384 "-" "Mozilla/5.0 (compatible; AhrefsBot/7.0; +http://ahrefs.com/robot/)"
198.54.114.83 - - [30/Mar/2025:04:42:26 -0400] "POST /wp-admin/admin-ajax.php?action=async_litespeed&nonce=Y1h0063tgf1zWevAwOTWoFk7X9kC8G8G&litespeed_type=imgoptm HTTP/1.1" 200 5 "-" "WordPress/6.7.2; https://baernblog.com"
198.54.114.83 - - [30/Mar/2025:04:43:33 -0400] "POST /wp-admin/admin-ajax.php?action=async_litespeed&nonce=bpQ2oYGUUSh2oGhV1AyBNvCVBDhHWqUN&litespeed_type=imgoptm HTTP/1.1" 200 5 "-" "WordPress/6.7.2; https://baernblog.com"
207.46.13.124 - - [30/Mar/2025:04:44:00 -0400] "GET /harnessing-the-power-of-faith-the-dissolvable-quran-ruqyah-paper/ HTTP/1.1" 200 11138 "-" "Mozilla/5.0 AppleWebKit/537.36 (KHTML, like Gecko; compatible; bingbot/2.0; +http://www.bing.com/bingbot.htm) Chrome/116.0.1938.76 Safari/537.36"
198.54.114.83 - - [30/Mar/2025:04:48:22 -0400] "POST /wp-cron.php?doing_wp_cron=1743324502.4626100063323974609375 HTTP/1.1" 200 0 "-" "WordPress/6.7.2; https://baernblog.com"
54.36.148.37 - - [30/Mar/2025:04:48:17 -0400] "GET /sideways-thinking-the-ultimate-adwords-resource/feed/ HTTP/1.1" 200 416 "-" "Mozilla/5.0 (compatible; AhrefsBot/7.0; +http://ahrefs.com/robot/)"
198.54.114.83 - - [30/Mar/2025:04:48:23 -0400] "POST /wp-admin/admin-ajax.php?action=async_litespeed&nonce=TOvjKlhhdLw2bqqWHXwd2GWBHHpy4yjt&litespeed_type=imgoptm HTTP/1.1" 200 0 "-" "WordPress/6.7.2; https://baernblog.com"
172.208.68.51 - - [30/Mar/2025:04:49:00 -0400] "POST /wp-login.php HTTP/1.1" 200 0 "-" "Mozilla/5.0 (X11; Linux x86_64) AppleWebKit/537.36 (KHTML, like Gecko) Chrome/90.0.4430.212 Safari/537.36"
198.54.114.83 - - [30/Mar/2025:04:51:06 -0400] "POST /wp-cron.php?doing_wp_cron=1743324666.7658588886260986328125 HTTP/1.1" 200 0 "-" "WordPress/6.7.2; https://baernblog.com"
58.254.68.93 - - [30/Mar/2025:04:51:03 -0400] "GET /the-benefits-of-managed-investing/ HTTP/1.1" 200 10958 "https://baernblog.com" "Mozilla/5.0 (Windows NT 10.0; Win64; x64) AppleWebKit/537.36 (KHTML, like Gecko) Chrome/62.0.3202.94 Safari/537.36"
198.54.114.83 - - [30/Mar/2025:04:51:07 -0400] "POST /wp-admin/admin-ajax.php?action=async_litespeed&nonce=EMOH3blV7oQ8MAjuQXaKm1J6WUBzctdl&litespeed_type=imgoptm HTTP/1.1" 200 5 "-" "WordPress/6.7.2; https://baernblog.com"
198.54.114.83 - - [30/Mar/2025:04:52:03 -0400] "POST /wp-admin/admin-ajax.php?action=async_litespeed&nonce=GYdXJAda99eF2ZRnHjmrnxZy4zlUHiL5&litespeed_type=imgoptm HTTP/1.1" 200 5 "-" "WordPress/6.7.2; https://baernblog.com"
198.54.114.83 - - [30/Mar/2025:04:55:00 -0400] "POST /wp-cron.php?doing_wp_cron=1743324900.5250511169433593750000 HTTP/1.1" 200 0 "-" "WordPress/6.7.2; https://baernblog.com"
54.36.148.35 - - [30/Mar/2025:04:54:53 -0400] "GET /crowning-glory-unveiling-the-best-curly-hair-hairdresser-in-melbourne/feed/ HTTP/1.1" 200 443 "-" "Mozilla/5.0 (compatible; AhrefsBot/7.0; +http://ahrefs.com/robot/)"
198.54.114.83 - - [30/Mar/2025:04:55:01 -0400] "POST /wp-admin/admin-ajax.php?action=async_litespeed&nonce=K7oTIXnbv7c1OQh3ZYmxW8Pt0rYQ8WKa&litespeed_type=imgoptm HTTP/1.1" 200 0 "-" "WordPress/6.7.2; https://baernblog.com"
198.54.114.83 - - [30/Mar/2025:05:01:40 -0400] "POST /wp-cron.php?doing_wp_cron=1743325300.2012109756469726562500 HTTP/1.1" 200 0 "-" "WordPress/6.7.2; https://baernblog.com"
198.54.114.83 - - [30/Mar/2025:05:01:41 -0400] "POST /wp-admin/admin-ajax.php?action=async_litespeed&nonce=miluD0ePafTFsTewDk82GNKa1hDAOrar&litespeed_type=imgoptm HTTP/1.1" 200 0 "-" "WordPress/6.7.2; https://baernblog.com"
54.36.148.154 - - [30/Mar/2025:05:01:35 -0400] "GET /the-appeal-of-slope-game-unblocked/ HTTP/1.1" 200 10583 "-" "Mozilla/5.0 (compatible; AhrefsBot/7.0; +http://ahrefs.com/robot/)"
202.70.133.85 - - [30/Mar/2025:05:05:51 -0400] "GET /wp-login.php HTTP/1.1" 200 1685 "-" "Mozila/5.0"
