198.54.114.83 - - [01/Apr/2025:19:34:54 -0400] "POST /wp-admin/admin-ajax.php?action=async_litespeed&nonce=sDdixOKaww9NbwLyoTBuSXM1ns6bMUUV&litespeed_type=imgoptm HTTP/1.1" 200 0 "-" "WordPress/6.7.2; https://baernblog.com"
54.36.148.128 - - [01/Apr/2025:19:34:47 -0400] "GET /tools-and-techniques-for-beginners-to-learn-data-science/ HTTP/1.1" 200 10560 "-" "Mozilla/5.0 (compatible; AhrefsBot/7.0; +http://ahrefs.com/robot/)"
198.54.114.83 - - [01/Apr/2025:19:36:56 -0400] "POST /wp-cron.php?doing_wp_cron=1743550615.4560599327087402343750 HTTP/1.1" 200 0 "-" "WordPress/6.7.2; https://baernblog.com"
198.54.114.83 - - [01/Apr/2025:19:36:58 -0400] "POST /wp-admin/admin-ajax.php?action=async_litespeed&nonce=oKLMiuKGwJhSsoAyPFJgYSzAaSeHPj7i&litespeed_type=imgoptm HTTP/1.1" 200 0 "-" "WordPress/6.7.2; https://baernblog.com"
54.36.148.149 - - [01/Apr/2025:19:36:52 -0400] "GET /fenbens-powder/ HTTP/1.1" 200 10452 "-" "Mozilla/5.0 (compatible; AhrefsBot/7.0; +http://ahrefs.com/robot/)"
198.54.114.83 - - [01/Apr/2025:19:39:21 -0400] "POST /wp-cron.php?doing_wp_cron=1743550760.7116839885711669921875 HTTP/1.1" 200 0 "-" "WordPress/6.7.2; https://baernblog.com"
54.36.148.163 - - [01/Apr/2025:19:39:15 -0400] "GET /heritage-of-craftsmanship/ HTTP/1.1" 200 10465 "-" "Mozilla/5.0 (compatible; AhrefsBot/7.0; +http://ahrefs.com/robot/)"
198.54.114.83 - - [01/Apr/2025:19:39:24 -0400] "POST /wp-admin/admin-ajax.php?action=async_litespeed&nonce=wKVA7lyiICt6IW1nvpbft96MVnqRE88k&litespeed_type=imgoptm HTTP/1.1" 200 0 "-" "WordPress/6.7.2; https://baernblog.com"
198.54.114.83 - - [01/Apr/2025:19:41:17 -0400] "POST /wp-cron.php?doing_wp_cron=1743550876.7271819114685058593750 HTTP/1.1" 200 0 "-" "WordPress/6.7.2; https://baernblog.com"
54.36.148.128 - - [01/Apr/2025:19:41:14 -0400] "GET /ein-blick-auf-die-gestaltung/ HTTP/1.1" 200 10569 "-" "Mozilla/5.0 (compatible; AhrefsBot/7.0; +http://ahrefs.com/robot/)"
198.54.114.83 - - [01/Apr/2025:19:41:18 -0400] "POST /wp-admin/admin-ajax.php?action=async_litespeed&nonce=DlhNDYUgAtmGmE3YvN7ZB9hepaBwwPnG&litespeed_type=imgoptm HTTP/1.1" 200 0 "-" "WordPress/6.7.2; https://baernblog.com"
198.54.114.83 - - [01/Apr/2025:19:43:16 -0400] "POST /wp-cron.php?doing_wp_cron=1743550996.4224541187286376953125 HTTP/1.1" 200 0 "-" "WordPress/6.7.2; https://baernblog.com"
54.36.148.203 - - [01/Apr/2025:19:43:14 -0400] "GET /innovative-design-and-elegance/ HTTP/1.1" 200 10473 "-" "Mozilla/5.0 (compatible; AhrefsBot/7.0; +http://ahrefs.com/robot/)"
198.54.114.83 - - [01/Apr/2025:19:43:18 -0400] "POST /wp-admin/admin-ajax.php?action=async_litespeed&nonce=qdw0dJWU6URbHXEHj5xxJAILQro46MX0&litespeed_type=imgoptm HTTP/1.1" 200 0 "-" "WordPress/6.7.2; https://baernblog.com"
66.249.64.11 - - [01/Apr/2025:19:44:38 -0400] "GET /robots.txt HTTP/1.1" 304 0 "-" "Mozilla/5.0 (compatible; Googlebot/2.1; +http://www.google.com/bot.html)"
198.54.114.83 - - [01/Apr/2025:19:44:39 -0400] "POST /wp-cron.php?doing_wp_cron=1743551079.6228280067443847656250 HTTP/1.1" 200 0 "-" "WordPress/6.7.2; https://baernblog.com"
66.249.64.11 - - [01/Apr/2025:19:44:38 -0400] "GET /ads.txt HTTP/1.1" 404 5943 "-" "Mozilla/5.0 (compatible; Googlebot/2.1; +http://www.google.com/bot.html)"
198.54.114.83 - - [01/Apr/2025:19:44:41 -0400] "POST /wp-admin/admin-ajax.php?action=async_litespeed&nonce=FxpVSWr4pwOUP3WW7uPTjheJy4REXrdS&litespeed_type=imgoptm HTTP/1.1" 200 5 "-" "WordPress/6.7.2; https://baernblog.com"
198.54.114.83 - - [01/Apr/2025:19:45:37 -0400] "POST /wp-cron.php?doing_wp_cron=1743551137.3528499603271484375000 HTTP/1.1" 200 0 "-" "WordPress/6.7.2; https://baernblog.com"
54.36.148.169 - - [01/Apr/2025:19:45:36 -0400] "GET /vitamine-q10/ HTTP/1.1" 200 10094 "-" "Mozilla/5.0 (compatible; AhrefsBot/7.0; +http://ahrefs.com/robot/)"
198.54.114.83 - - [01/Apr/2025:19:45:38 -0400] "POST /wp-admin/admin-ajax.php?action=async_litespeed&nonce=mFv7XDw8GyHmHSwn6mULzmKr6n3AGYgZ&litespeed_type=imgoptm HTTP/1.1" 200 0 "-" "WordPress/6.7.2; https://baernblog.com"
198.54.114.83 - - [01/Apr/2025:19:47:47 -0400] "POST /wp-cron.php?doing_wp_cron=1743551267.0276749134063720703125 HTTP/1.1" 200 0 "-" "WordPress/6.7.2; https://baernblog.com"
54.36.149.46 - - [01/Apr/2025:19:47:43 -0400] "GET /the-benefits-of-industrial-spray-foam-insulation/ HTTP/1.1" 200 10993 "-" "Mozilla/5.0 (compatible; AhrefsBot/7.0; +http://ahrefs.com/robot/)"
198.54.114.83 - - [01/Apr/2025:19:47:48 -0400] "POST /wp-admin/admin-ajax.php?action=async_litespeed&nonce=XYy57zzcWV0V8ABDkKlrDrJwANkmm4cx&litespeed_type=imgoptm HTTP/1.1" 200 0 "-" "WordPress/6.7.2; https://baernblog.com"
54.36.148.201 - - [01/Apr/2025:19:49:51 -0400] "GET /chill-out-a-comprehensive-guide-to-freezing-your-instagram-account/ HTTP/1.1" 200 10532 "-" "Mozilla/5.0 (compatible; AhrefsBot/7.0; +http://ahrefs.com/robot/)"
54.36.148.129 - - [01/Apr/2025:19:51:59 -0400] "GET /talbina-powder/ HTTP/1.1" 200 10514 "-" "Mozilla/5.0 (compatible; AhrefsBot/7.0; +http://ahrefs.com/robot/)"
198.54.114.83 - - [01/Apr/2025:19:53:58 -0400] "POST /wp-cron.php?doing_wp_cron=1743551637.9269049167633056640625 HTTP/1.1" 200 0 "-" "WordPress/6.7.2; https://baernblog.com"
54.36.149.57 - - [01/Apr/2025:19:53:54 -0400] "GET /best-thermal-paste-for-laptops-3/ HTTP/1.1" 200 10564 "-" "Mozilla/5.0 (compatible; AhrefsBot/7.0; +http://ahrefs.com/robot/)"
198.54.114.83 - - [01/Apr/2025:19:53:59 -0400] "POST /wp-admin/admin-ajax.php?action=async_litespeed&nonce=C2Vrw77mq6w48BmOIuQ9c8LGaWgQYYHl&litespeed_type=imgoptm HTTP/1.1" 200 0 "-" "WordPress/6.7.2; https://baernblog.com"
198.54.114.83 - - [01/Apr/2025:19:55:54 -0400] "POST /wp-admin/admin-ajax.php?action=async_litespeed&nonce=KdecdCZVLLfm03ySpqwS39SiQL6p60no&litespeed_type=imgoptm HTTP/1.1" 200 5 "-" "WordPress/6.7.2; https://baernblog.com"
198.54.114.83 - - [01/Apr/2025:19:56:03 -0400] "POST /wp-cron.php?doing_wp_cron=1743551763.5958828926086425781250 HTTP/1.1" 200 0 "-" "WordPress/6.7.2; https://baernblog.com"
54.36.149.28 - - [01/Apr/2025:19:56:03 -0400] "GET /liberer-le-succes-numerique-avec-agence-web-votre-passerelle-vers-lexcellence-en-ligne/ HTTP/1.1" 200 11154 "-" "Mozilla/5.0 (compatible; AhrefsBot/7.0; +http://ahrefs.com/robot/)"
198.54.114.83 - - [01/Apr/2025:19:56:04 -0400] "POST /wp-admin/admin-ajax.php?action=async_litespeed&nonce=K900zaix5bQOwwoBeDAr4Y2OVn8mxzTG&litespeed_type=imgoptm HTTP/1.1" 200 5 "-" "WordPress/6.7.2; https://baernblog.com"
119.28.64.11 - - [01/Apr/2025:19:56:37 -0400] "GET /unraveling-the-pitfalls-of-buying-youtube-subscribers-cheap/ HTTP/1.1" 200 11083 "-" "Python/3.10 aiohttp/3.10.5"
198.54.114.83 - - [01/Apr/2025:19:58:07 -0400] "POST /wp-cron.php?doing_wp_cron=1743551887.0979259014129638671875 HTTP/1.1" 200 0 "-" "WordPress/6.7.2; https://baernblog.com"
54.36.149.0 - - [01/Apr/2025:19:58:05 -0400] "GET /how-to-use-the-recycling-bag-in-a-right-way/ HTTP/1.1" 200 11011 "-" "Mozilla/5.0 (compatible; AhrefsBot/7.0; +http://ahrefs.com/robot/)"
198.54.114.83 - - [01/Apr/2025:19:58:08 -0400] "POST /wp-admin/admin-ajax.php?action=async_litespeed&nonce=Yuolhi4lc2ze3wTjRG5IY3ix2MLypnd4&litespeed_type=imgoptm HTTP/1.1" 200 5 "-" "WordPress/6.7.2; https://baernblog.com"
198.54.114.83 - - [01/Apr/2025:20:00:27 -0400] "POST /wp-cron.php?doing_wp_cron=1743552026.8321819305419921875000 HTTP/1.1" 200 0 "-" "WordPress/6.7.2; https://baernblog.com"
54.36.149.79 - - [01/Apr/2025:20:00:24 -0400] "GET /which-type-of-conservatory-roof-is-right-for-you/ HTTP/1.1" 200 11038 "-" "Mozilla/5.0 (compatible; AhrefsBot/7.0; +http://ahrefs.com/robot/)"
198.54.114.83 - - [01/Apr/2025:20:00:32 -0400] "POST /wp-admin/admin-ajax.php?action=async_litespeed&nonce=kfNU5KoNRUpHUKaKUbeVLCkV5eRdlYJb&litespeed_type=imgoptm HTTP/1.1" 200 5 "-" "WordPress/6.7.2; https://baernblog.com"
198.54.114.83 - - [01/Apr/2025:20:02:42 -0400] "POST /wp-cron.php?doing_wp_cron=1743552162.2595338821411132812500 HTTP/1.1" 200 0 "-" "WordPress/6.7.2; https://baernblog.com"
54.36.149.106 - - [01/Apr/2025:20:02:38 -0400] "GET /michael-kors-bags-brown/ HTTP/1.1" 200 11155 "-" "Mozilla/5.0 (compatible; AhrefsBot/7.0; +http://ahrefs.com/robot/)"
198.54.114.83 - - [01/Apr/2025:20:02:42 -0400] "POST /wp-admin/admin-ajax.php?action=async_litespeed&nonce=dB028jTqUnT2MYq4whQn4kx7WpkPPF43&litespeed_type=imgoptm HTTP/1.1" 200 0 "-" "WordPress/6.7.2; https://baernblog.com"
198.54.114.83 - - [01/Apr/2025:20:04:51 -0400] "POST /wp-cron.php?doing_wp_cron=1743552290.9972939491271972656250 HTTP/1.1" 200 0 "-" "WordPress/6.7.2; https://baernblog.com"
54.36.148.29 - - [01/Apr/2025:20:04:48 -0400] "GET /top-destinations-for-vietnam-holiday-packages/ HTTP/1.1" 200 11691 "-" "Mozilla/5.0 (compatible; AhrefsBot/7.0; +http://ahrefs.com/robot/)"
198.54.114.83 - - [01/Apr/2025:20:04:51 -0400] "POST /wp-admin/admin-ajax.php?action=async_litespeed&nonce=vXvs5YFRsRSP6TSEBtbslIL5WMWND0zk&litespeed_type=imgoptm HTTP/1.1" 200 5 "-" "WordPress/6.7.2; https://baernblog.com"
198.54.114.83 - - [01/Apr/2025:20:06:57 -0400] "POST /wp-cron.php?doing_wp_cron=1743552416.8893659114837646484375 HTTP/1.1" 200 0 "-" "WordPress/6.7.2; https://baernblog.com"
54.36.148.118 - - [01/Apr/2025:20:06:53 -0400] "GET /enhance-your-planning-with-printable-planner-stickers/ HTTP/1.1" 200 10417 "-" "Mozilla/5.0 (compatible; AhrefsBot/7.0; +http://ahrefs.com/robot/)"
198.54.114.83 - - [01/Apr/2025:20:06:57 -0400] "POST /wp-admin/admin-ajax.php?action=async_litespeed&nonce=MhkZRwiTIx3Clic0YRf24vqDUGUbIUgJ&litespeed_type=imgoptm HTTP/1.1" 200 0 "-" "WordPress/6.7.2; https://baernblog.com"
112.92.70.120 - - [01/Apr/2025:20:07:32 -0400] "GET /the-benefits-of-managed-investing/ HTTP/1.1" 200 10958 "https://baernblog.com" "Mozilla/5.0 (Windows NT 10.0; Win64; x64) AppleWebKit/537.36 (KHTML, like Gecko) Chrome/62.0.3202.94 Safari/537.36"
198.54.114.83 - - [01/Apr/2025:20:07:35 -0400] "POST /wp-cron.php?doing_wp_cron=1743552454.4301140308380126953125 HTTP/1.1" 200 0 "-" "WordPress/6.7.2; https://baernblog.com"
198.54.114.83 - - [01/Apr/2025:20:07:36 -0400] "POST /wp-admin/admin-ajax.php?action=async_litespeed&nonce=eYGwyOfttZRUIoMKllVPonTf5u12NX0z&litespeed_type=imgoptm HTTP/1.1" 200 0 "-" "WordPress/6.7.2; https://baernblog.com"
112.92.70.120 - - [01/Apr/2025:20:07:33 -0400] "POST /wp-comments-post.php HTTP/1.1" 302 0 "https://baernblog.com" "Mozilla/5.0 (Windows NT 10.0; Win64; x64) AppleWebKit/537.36 (KHTML, like Gecko) Chrome/62.0.3202.94 Safari/537.36"
112.92.70.120 - - [01/Apr/2025:20:07:38 -0400] "GET /the-benefits-of-managed-investing/ HTTP/1.1" 200 11668 "https://baernblog.com" "Mozilla/4.0 (compatible; MSIE 6.0; Windows NT 5.1; en) Opera 8.50"
198.54.114.83 - - [01/Apr/2025:20:08:16 -0400] "POST /wp-admin/admin-ajax.php?action=async_litespeed&nonce=ACWsoSZ7R3FDZtuTRMZBZOSLkb0lfZkF&litespeed_type=imgoptm HTTP/1.1" 200 5 "-" "WordPress/6.7.2; https://baernblog.com"
198.54.114.83 - - [01/Apr/2025:20:09:25 -0400] "POST /wp-cron.php?doing_wp_cron=1743552564.8053879737854003906250 HTTP/1.1" 200 0 "-" "WordPress/6.7.2; https://baernblog.com"
54.36.148.65 - - [01/Apr/2025:20:09:24 -0400] "GET /the-fire-nozzle-the-heart-of-the-handline/ HTTP/1.1" 200 10429 "-" "Mozilla/5.0 (compatible; AhrefsBot/7.0; +http://ahrefs.com/robot/)"
198.54.114.83 - - [01/Apr/2025:20:09:27 -0400] "POST /wp-admin/admin-ajax.php?action=async_litespeed&nonce=NmE5Vm52m46tufzcsU8rYKmPF2MmaHM5&litespeed_type=imgoptm HTTP/1.1" 200 0 "-" "WordPress/6.7.2; https://baernblog.com"
198.54.114.83 - - [01/Apr/2025:20:10:06 -0400] "POST /wp-admin/admin-ajax.php?action=async_litespeed&nonce=e4F1uP8fEmUdMCUSoWBae9jXJOL7YJFr&litespeed_type=imgoptm HTTP/1.1" 200 0 "-" "WordPress/6.7.2; https://baernblog.com"
13.229.78.155 - - [01/Apr/2025:20:10:35 -0400] "GET /wp-admin/ HTTP/1.1" 302 0 "-" "Mozilla/5.0 (X11; Linux x86_64; rv:52.0) Gecko/20100101 Firefox/52.0"
13.229.78.155 - - [01/Apr/2025:20:10:37 -0400] "GET /wp-login.php?redirect_to=https%3A%2F%2Fbaernblog.com%2Fwp-admin%2F&reauth=1 HTTP/1.1" 200 1683 "-" "Mozilla/5.0 (X11; Linux x86_64; rv:52.0) Gecko/20100101 Firefox/52.0"
54.36.149.15 - - [01/Apr/2025:20:11:29 -0400] "GET /unlocking-language-a-journey-through-german-lessons/ HTTP/1.1" 200 10667 "-" "Mozilla/5.0 (compatible; AhrefsBot/7.0; +http://ahrefs.com/robot/)"
47.242.222.214 - - [01/Apr/2025:20:11:35 -0400] "HEAD /page/2 HTTP/1.1" 301 0 "-" "Mozilla/5.0 (Windows NT 6.2; Win64; x64) AppleWebKit/537.36 (KHTML, like Gecko) Chrome/70.0.3121.22 Safari/537.36"
47.243.91.206 - - [01/Apr/2025:20:11:35 -0400] "HEAD /category/activity HTTP/1.1" 301 0 "-" "Mozilla/5.0 (Windows NT 6.2; Win64; x64) AppleWebKit/537.36 (KHTML, like Gecko) Chrome/76.0.3032.124 Safari/537.36"
47.242.222.214 - - [01/Apr/2025:20:11:35 -0400] "HEAD /page/2/ HTTP/1.1" 200 0 "-" "Mozilla/5.0 (Windows NT 6.2; Win64; x64) AppleWebKit/537.36 (KHTML, like Gecko) Chrome/70.0.3121.22 Safari/537.36"
47.243.91.206 - - [01/Apr/2025:20:11:36 -0400] "HEAD /category/activity/ HTTP/1.1" 200 0 "-" "Mozilla/5.0 (Windows NT 6.2; Win64; x64) AppleWebKit/537.36 (KHTML, like Gecko) Chrome/76.0.3032.124 Safari/537.36"
47.242.222.214 - - [01/Apr/2025:20:11:36 -0400] "GET /page/2 HTTP/1.1" 301 0 "-" "Mozilla/5.0 (Windows NT 6.2; Win64; x64) AppleWebKit/537.36 (KHTML, like Gecko) Chrome/70.0.3121.22 Safari/537.36"
47.243.91.206 - - [01/Apr/2025:20:11:36 -0400] "GET /category/activity HTTP/1.1" 301 0 "-" "Mozilla/5.0 (Windows NT 6.2; Win64; x64) AppleWebKit/537.36 (KHTML, like Gecko) Chrome/76.0.3032.124 Safari/537.36"
47.242.222.214 - - [01/Apr/2025:20:11:36 -0400] "GET /page/2/ HTTP/1.1" 200 9615 "-" "Mozilla/5.0 (Windows NT 6.2; Win64; x64) AppleWebKit/537.36 (KHTML, like Gecko) Chrome/70.0.3121.22 Safari/537.36"
47.243.91.206 - - [01/Apr/2025:20:11:36 -0400] "GET /category/activity/ HTTP/1.1" 200 9470 "-" "Mozilla/5.0 (Windows NT 6.2; Win64; x64) AppleWebKit/537.36 (KHTML, like Gecko) Chrome/76.0.3032.124 Safari/537.36"
47.243.193.222 - - [01/Apr/2025:20:12:07 -0400] "HEAD /page/2 HTTP/1.1" 301 0 "-" "Mozilla/5.0 (Windows NT 6.0; Win64; x64) AppleWebKit/537.36 (KHTML, like Gecko) Chrome/74.0.3027.146 Safari/537.36"
8.210.187.5 - - [01/Apr/2025:20:12:07 -0400] "HEAD /category/activity HTTP/1.1" 301 0 "-" "Mozilla/5.0 (Windows NT 10.0; Win64; x64) AppleWebKit/537.36 (KHTML, like Gecko) Chrome/69.0.3455.43 Safari/537.36"
8.210.187.5 - - [01/Apr/2025:20:12:08 -0400] "HEAD /category/activity/ HTTP/1.1" 200 0 "-" "Mozilla/5.0 (Windows NT 10.0; Win64; x64) AppleWebKit/537.36 (KHTML, like Gecko) Chrome/69.0.3455.43 Safari/537.36"
47.243.193.222 - - [01/Apr/2025:20:12:08 -0400] "HEAD /page/2/ HTTP/1.1" 200 0 "-" "Mozilla/5.0 (Windows NT 6.0; Win64; x64) AppleWebKit/537.36 (KHTML, like Gecko) Chrome/74.0.3027.146 Safari/537.36"
47.243.193.222 - - [01/Apr/2025:20:12:08 -0400] "GET /page/2 HTTP/1.1" 301 0 "-" "Mozilla/5.0 (Windows NT 6.0; Win64; x64) AppleWebKit/537.36 (KHTML, like Gecko) Chrome/74.0.3027.146 Safari/537.36"
8.210.187.5 - - [01/Apr/2025:20:12:08 -0400] "GET /category/activity HTTP/1.1" 301 0 "-" "Mozilla/5.0 (Windows NT 10.0; Win64; x64) AppleWebKit/537.36 (KHTML, like Gecko) Chrome/69.0.3455.43 Safari/537.36"
47.243.193.222 - - [01/Apr/2025:20:12:09 -0400] "GET /page/2/ HTTP/1.1" 200 9615 "-" "Mozilla/5.0 (Windows NT 6.0; Win64; x64) AppleWebKit/537.36 (KHTML, like Gecko) Chrome/74.0.3027.146 Safari/537.36"
8.210.187.5 - - [01/Apr/2025:20:12:09 -0400] "GET /category/activity/ HTTP/1.1" 200 9470 "-" "Mozilla/5.0 (Windows NT 10.0; Win64; x64) AppleWebKit/537.36 (KHTML, like Gecko) Chrome/69.0.3455.43 Safari/537.36"
47.243.78.23 - - [01/Apr/2025:20:12:39 -0400] "HEAD /page/2 HTTP/1.1" 301 0 "-" "Mozilla/5.0 (Windows NT 6.1; Win64; x64) AppleWebKit/537.36 (KHTML, like Gecko) Chrome/62.0.3649.127 Safari/537.36"
47.243.78.23 - - [01/Apr/2025:20:12:39 -0400] "HEAD /page/2/ HTTP/1.1" 200 0 "-" "Mozilla/5.0 (Windows NT 6.1; Win64; x64) AppleWebKit/537.36 (KHTML, like Gecko) Chrome/62.0.3649.127 Safari/537.36"
47.243.78.23 - - [01/Apr/2025:20:12:39 -0400] "GET /page/2 HTTP/1.1" 301 0 "-" "Mozilla/5.0 (Windows NT 6.1; Win64; x64) AppleWebKit/537.36 (KHTML, like Gecko) Chrome/62.0.3649.127 Safari/537.36"
47.243.78.23 - - [01/Apr/2025:20:12:39 -0400] "GET /page/2/ HTTP/1.1" 200 9615 "-" "Mozilla/5.0 (Windows NT 6.1; Win64; x64) AppleWebKit/537.36 (KHTML, like Gecko) Chrome/62.0.3649.127 Safari/537.36"
8.210.164.94 - - [01/Apr/2025:20:13:11 -0400] "HEAD /page/2 HTTP/1.1" 301 0 "-" "Mozilla/5.0 (Windows NT 6.0; Win64; x64) AppleWebKit/537.36 (KHTML, like Gecko) Chrome/70.0.3918.181 Safari/537.36"
47.76.220.119 - - [01/Apr/2025:20:13:11 -0400] "HEAD /category/activity HTTP/1.1" 301 0 "-" "Mozilla/5.0 (Windows NT 6.0; Win64; x64) AppleWebKit/537.36 (KHTML, like Gecko) Chrome/65.0.2964.63 Safari/537.36"
8.210.164.94 - - [01/Apr/2025:20:13:11 -0400] "HEAD /page/2/ HTTP/1.1" 200 0 "-" "Mozilla/5.0 (Windows NT 6.0; Win64; x64) AppleWebKit/537.36 (KHTML, like Gecko) Chrome/70.0.3918.181 Safari/537.36"
47.76.220.119 - - [01/Apr/2025:20:13:11 -0400] "HEAD /category/activity/ HTTP/1.1" 200 0 "-" "Mozilla/5.0 (Windows NT 6.0; Win64; x64) AppleWebKit/537.36 (KHTML, like Gecko) Chrome/65.0.2964.63 Safari/537.36"
8.210.164.94 - - [01/Apr/2025:20:13:12 -0400] "GET /page/2 HTTP/1.1" 301 0 "-" "Mozilla/5.0 (Windows NT 6.0; Win64; x64) AppleWebKit/537.36 (KHTML, like Gecko) Chrome/70.0.3918.181 Safari/537.36"
47.76.220.119 - - [01/Apr/2025:20:13:12 -0400] "GET /category/activity HTTP/1.1" 301 0 "-" "Mozilla/5.0 (Windows NT 6.0; Win64; x64) AppleWebKit/537.36 (KHTML, like Gecko) Chrome/65.0.2964.63 Safari/537.36"
47.76.220.119 - - [01/Apr/2025:20:13:12 -0400] "GET /category/activity/ HTTP/1.1" 200 9470 "-" "Mozilla/5.0 (Windows NT 6.0; Win64; x64) AppleWebKit/537.36 (KHTML, like Gecko) Chrome/65.0.2964.63 Safari/537.36"
8.210.164.94 - - [01/Apr/2025:20:13:12 -0400] "GET /page/2/ HTTP/1.1" 200 9615 "-" "Mozilla/5.0 (Windows NT 6.0; Win64; x64) AppleWebKit/537.36 (KHTML, like Gecko) Chrome/70.0.3918.181 Safari/537.36"
198.54.114.83 - - [01/Apr/2025:20:13:36 -0400] "POST /wp-cron.php?doing_wp_cron=1743552816.0083909034729003906250 HTTP/1.1" 200 0 "-" "WordPress/6.7.2; https://baernblog.com"
198.54.114.83 - - [01/Apr/2025:20:13:36 -0400] "POST /wp-admin/admin-ajax.php?action=async_litespeed&nonce=RoIEZ7lheWvwjVTyWLzFiFNxpWT2fS0h&litespeed_type=imgoptm HTTP/1.1" 200 0 "-" "WordPress/6.7.2; https://baernblog.com"
54.36.148.242 - - [01/Apr/2025:20:13:31 -0400] "GET /exploring-online-lottery-games-a-comprehensive-guide/ HTTP/1.1" 200 10620 "-" "Mozilla/5.0 (compatible; AhrefsBot/7.0; +http://ahrefs.com/robot/)"
47.243.78.44 - - [01/Apr/2025:20:13:43 -0400] "HEAD /category/activity HTTP/1.1" 301 0 "-" "Mozilla/5.0 (Windows NT 6.0; Win64; x64) AppleWebKit/537.36 (KHTML, like Gecko) Chrome/61.0.2673.71 Safari/537.36"
47.76.222.244 - - [01/Apr/2025:20:13:43 -0400] "HEAD /page/2 HTTP/1.1" 301 0 "-" "Mozilla/5.0 (Windows NT 10.0; Win64; x64) AppleWebKit/537.36 (KHTML, like Gecko) Chrome/75.0.3256.68 Safari/537.36"
47.243.78.44 - - [01/Apr/2025:20:13:43 -0400] "HEAD /category/activity/ HTTP/1.1" 200 0 "-" "Mozilla/5.0 (Windows NT 6.0; Win64; x64) AppleWebKit/537.36 (KHTML, like Gecko) Chrome/61.0.2673.71 Safari/537.36"
47.76.222.244 - - [01/Apr/2025:20:13:43 -0400] "HEAD /page/2/ HTTP/1.1" 200 0 "-" "Mozilla/5.0 (Windows NT 10.0; Win64; x64) AppleWebKit/537.36 (KHTML, like Gecko) Chrome/75.0.3256.68 Safari/537.36"
47.243.78.44 - - [01/Apr/2025:20:13:43 -0400] "GET /category/activity HTTP/1.1" 301 0 "-" "Mozilla/5.0 (Windows NT 6.0; Win64; x64) AppleWebKit/537.36 (KHTML, like Gecko) Chrome/61.0.2673.71 Safari/537.36"
47.76.222.244 - - [01/Apr/2025:20:13:43 -0400] "GET /page/2 HTTP/1.1" 301 0 "-" "Mozilla/5.0 (Windows NT 10.0; Win64; x64) AppleWebKit/537.36 (KHTML, like Gecko) Chrome/75.0.3256.68 Safari/537.36"
47.243.78.44 - - [01/Apr/2025:20:13:43 -0400] "GET /category/activity/ HTTP/1.1" 200 9470 "-" "Mozilla/5.0 (Windows NT 6.0; Win64; x64) AppleWebKit/537.36 (KHTML, like Gecko) Chrome/61.0.2673.71 Safari/537.36"
47.76.222.244 - - [01/Apr/2025:20:13:44 -0400] "GET /page/2/ HTTP/1.1" 200 9615 "-" "Mozilla/5.0 (Windows NT 10.0; Win64; x64) AppleWebKit/537.36 (KHTML, like Gecko) Chrome/75.0.3256.68 Safari/537.36"
47.243.228.99 - - [01/Apr/2025:20:14:15 -0400] "HEAD /page/2 HTTP/1.1" 301 0 "-" "Mozilla/5.0 (Windows NT 6.1; Win64; x64) AppleWebKit/537.36 (KHTML, like Gecko) Chrome/79.0.3970.92 Safari/537.36"
47.243.228.99 - - [01/Apr/2025:20:14:15 -0400] "HEAD /page/2/ HTTP/1.1" 200 0 "-" "Mozilla/5.0 (Windows NT 6.1; Win64; x64) AppleWebKit/537.36 (KHTML, like Gecko) Chrome/79.0.3970.92 Safari/537.36"
47.243.228.99 - - [01/Apr/2025:20:14:15 -0400] "GET /page/2 HTTP/1.1" 301 0 "-" "Mozilla/5.0 (Windows NT 6.1; Win64; x64) AppleWebKit/537.36 (KHTML, like Gecko) Chrome/79.0.3970.92 Safari/537.36"
47.243.228.99 - - [01/Apr/2025:20:14:16 -0400] "GET /page/2/ HTTP/1.1" 200 9615 "-" "Mozilla/5.0 (Windows NT 6.1; Win64; x64) AppleWebKit/537.36 (KHTML, like Gecko) Chrome/79.0.3970.92 Safari/537.36"
47.243.74.123 - - [01/Apr/2025:20:14:47 -0400] "HEAD /category/activity HTTP/1.1" 301 0 "-" "Mozilla/5.0 (Windows NT 6.2; Win64; x64) AppleWebKit/537.36 (KHTML, like Gecko) Chrome/68.0.3853.89 Safari/537.36"
47.243.193.222 - - [01/Apr/2025:20:14:47 -0400] "HEAD /page/2 HTTP/1.1" 301 0 "-" "Mozilla/5.0 (Windows NT 6.1; Win64; x64) AppleWebKit/537.36 (KHTML, like Gecko) Chrome/67.0.3759.84 Safari/537.36"
47.243.74.123 - - [01/Apr/2025:20:14:48 -0400] "HEAD /category/activity/ HTTP/1.1" 200 0 "-" "Mozilla/5.0 (Windows NT 6.2; Win64; x64) AppleWebKit/537.36 (KHTML, like Gecko) Chrome/68.0.3853.89 Safari/537.36"
47.243.193.222 - - [01/Apr/2025:20:14:48 -0400] "HEAD /page/2/ HTTP/1.1" 200 0 "-" "Mozilla/5.0 (Windows NT 6.1; Win64; x64) AppleWebKit/537.36 (KHTML, like Gecko) Chrome/67.0.3759.84 Safari/537.36"
47.243.74.123 - - [01/Apr/2025:20:14:48 -0400] "GET /category/activity HTTP/1.1" 301 0 "-" "Mozilla/5.0 (Windows NT 6.2; Win64; x64) AppleWebKit/537.36 (KHTML, like Gecko) Chrome/68.0.3853.89 Safari/537.36"
47.243.193.222 - - [01/Apr/2025:20:14:48 -0400] "GET /page/2 HTTP/1.1" 301 0 "-" "Mozilla/5.0 (Windows NT 6.1; Win64; x64) AppleWebKit/537.36 (KHTML, like Gecko) Chrome/67.0.3759.84 Safari/537.36"
47.243.193.222 - - [01/Apr/2025:20:14:48 -0400] "GET /page/2/ HTTP/1.1" 200 9615 "-" "Mozilla/5.0 (Windows NT 6.1; Win64; x64) AppleWebKit/537.36 (KHTML, like Gecko) Chrome/67.0.3759.84 Safari/537.36"
47.243.74.123 - - [01/Apr/2025:20:14:49 -0400] "GET /category/activity/ HTTP/1.1" 200 9470 "-" "Mozilla/5.0 (Windows NT 6.2; Win64; x64) AppleWebKit/537.36 (KHTML, like Gecko) Chrome/68.0.3853.89 Safari/537.36"
8.218.91.49 - - [01/Apr/2025:20:15:19 -0400] "HEAD /category/activity HTTP/1.1" 301 0 "-" "Mozilla/5.0 (Windows NT 10.0; Win64; x64) AppleWebKit/537.36 (KHTML, like Gecko) Chrome/61.0.3414.32 Safari/537.36"
8.218.91.49 - - [01/Apr/2025:20:15:19 -0400] "HEAD /category/activity/ HTTP/1.1" 200 0 "-" "Mozilla/5.0 (Windows NT 10.0; Win64; x64) AppleWebKit/537.36 (KHTML, like Gecko) Chrome/61.0.3414.32 Safari/537.36"
8.218.91.49 - - [01/Apr/2025:20:15:19 -0400] "GET /category/activity HTTP/1.1" 301 0 "-" "Mozilla/5.0 (Windows NT 10.0; Win64; x64) AppleWebKit/537.36 (KHTML, like Gecko) Chrome/61.0.3414.32 Safari/537.36"
8.218.91.49 - - [01/Apr/2025:20:15:20 -0400] "GET /category/activity/ HTTP/1.1" 200 9470 "-" "Mozilla/5.0 (Windows NT 10.0; Win64; x64) AppleWebKit/537.36 (KHTML, like Gecko) Chrome/61.0.3414.32 Safari/537.36"
198.54.114.83 - - [01/Apr/2025:20:15:35 -0400] "POST /wp-cron.php?doing_wp_cron=1743552934.6872019767761230468750 HTTP/1.1" 200 0 "-" "WordPress/6.7.2; https://baernblog.com"
54.36.148.210 - - [01/Apr/2025:20:15:31 -0400] "GET /elevating-user-experiences-unveiling-the-essence-of-a-ui-ux-design-agency/ HTTP/1.1" 200 10990 "-" "Mozilla/5.0 (compatible; AhrefsBot/7.0; +http://ahrefs.com/robot/)"
198.54.114.83 - - [01/Apr/2025:20:15:37 -0400] "POST /wp-admin/admin-ajax.php?action=async_litespeed&nonce=bU8WBx8VCMJPIulxvI29VkkkOopiWRIx&litespeed_type=imgoptm HTTP/1.1" 200 0 "-" "WordPress/6.7.2; https://baernblog.com"
47.243.48.79 - - [01/Apr/2025:20:15:51 -0400] "HEAD /category/activity HTTP/1.1" 301 0 "-" "Mozilla/5.0 (Windows NT 6.3; Win64; x64) AppleWebKit/537.36 (KHTML, like Gecko) Chrome/63.0.3184.48 Safari/537.36"
47.243.48.79 - - [01/Apr/2025:20:15:51 -0400] "HEAD /category/activity/ HTTP/1.1" 200 0 "-" "Mozilla/5.0 (Windows NT 6.3; Win64; x64) AppleWebKit/537.36 (KHTML, like Gecko) Chrome/63.0.3184.48 Safari/537.36"
47.243.48.79 - - [01/Apr/2025:20:15:52 -0400] "GET /category/activity HTTP/1.1" 301 0 "-" "Mozilla/5.0 (Windows NT 6.3; Win64; x64) AppleWebKit/537.36 (KHTML, like Gecko) Chrome/63.0.3184.48 Safari/537.36"
47.243.48.79 - - [01/Apr/2025:20:15:52 -0400] "GET /category/activity/ HTTP/1.1" 200 9470 "-" "Mozilla/5.0 (Windows NT 6.3; Win64; x64) AppleWebKit/537.36 (KHTML, like Gecko) Chrome/63.0.3184.48 Safari/537.36"
198.54.114.83 - - [01/Apr/2025:20:18:11 -0400] "POST /wp-cron.php?doing_wp_cron=1743553091.3640670776367187500000 HTTP/1.1" 200 0 "-" "WordPress/6.7.2; https://baernblog.com"
54.36.148.193 - - [01/Apr/2025:20:18:08 -0400] "GET /bud-light-customer-service/ HTTP/1.1" 200 10143 "-" "Mozilla/5.0 (compatible; AhrefsBot/7.0; +http://ahrefs.com/robot/)"
198.54.114.83 - - [01/Apr/2025:20:18:13 -0400] "POST /wp-admin/admin-ajax.php?action=async_litespeed&nonce=DudfpGV0StwiDyIwCS9iQPNsl8XvACOK&litespeed_type=imgoptm HTTP/1.1" 200 0 "-" "WordPress/6.7.2; https://baernblog.com"
198.54.114.83 - - [01/Apr/2025:20:20:28 -0400] "POST /wp-admin/admin-ajax.php?action=async_litespeed&nonce=8mWg3yEwjXTtFEipttvGSkAvb3SL1iB6&litespeed_type=imgoptm HTTP/1.1" 200 5 "-" "WordPress/6.7.2; https://baernblog.com"
54.36.148.33 - - [01/Apr/2025:20:23:30 -0400] "GET /buy-saves-on-tictok-to-boost-your-visibility/ HTTP/1.1" 200 10681 "-" "Mozilla/5.0 (compatible; AhrefsBot/7.0; +http://ahrefs.com/robot/)"
54.36.148.149 - - [01/Apr/2025:20:25:56 -0400] "GET /sometimes-its-smart-to-travel-with-more-6-things-to-pack-if-you-are-moving-overseas/ HTTP/1.1" 200 11453 "-" "Mozilla/5.0 (compatible; AhrefsBot/7.0; +http://ahrefs.com/robot/)"
54.36.148.51 - - [01/Apr/2025:20:28:05 -0400] "GET /pros-and-cons-of-participating-in-online-quiz-competitions/ HTTP/1.1" 200 11009 "-" "Mozilla/5.0 (compatible; AhrefsBot/7.0; +http://ahrefs.com/robot/)"
198.54.114.83 - - [01/Apr/2025:20:30:39 -0400] "POST /wp-cron.php?doing_wp_cron=1743553838.9252789020538330078125 HTTP/1.1" 200 0 "-" "WordPress/6.7.2; https://baernblog.com"
54.36.149.80 - - [01/Apr/2025:20:30:35 -0400] "GET /video-editing-using-a-youtube-channel-to-gain-exposure-and-get-hired/ HTTP/1.1" 200 10380 "-" "Mozilla/5.0 (compatible; AhrefsBot/7.0; +http://ahrefs.com/robot/)"
198.54.114.83 - - [01/Apr/2025:20:30:39 -0400] "POST /wp-admin/admin-ajax.php?action=async_litespeed&nonce=m8Iq1zyrvqZzztk3hA0j1SmVcwP5vfUv&litespeed_type=imgoptm HTTP/1.1" 200 0 "-" "WordPress/6.7.2; https://baernblog.com"
54.36.149.68 - - [01/Apr/2025:20:32:56 -0400] "GET /boosting-tiktok-engagement-the-power-of-buying-tiktok-saves/ HTTP/1.1" 200 10731 "-" "Mozilla/5.0 (compatible; AhrefsBot/7.0; +http://ahrefs.com/robot/)"
54.36.148.10 - - [01/Apr/2025:20:35:17 -0400] "GET /the-enchanting-world-of-rainbow-riches-casino/ HTTP/1.1" 200 10438 "-" "Mozilla/5.0 (compatible; AhrefsBot/7.0; +http://ahrefs.com/robot/)"
198.54.114.83 - - [01/Apr/2025:20:37:54 -0400] "POST /wp-cron.php?doing_wp_cron=1743554274.3187849521636962890625 HTTP/1.1" 200 0 "-" "WordPress/6.7.2; https://baernblog.com"
54.36.149.68 - - [01/Apr/2025:20:37:48 -0400] "GET /ashley-clarke-curator-at-the-criterion-collection/ HTTP/1.1" 200 10513 "-" "Mozilla/5.0 (compatible; AhrefsBot/7.0; +http://ahrefs.com/robot/)"
198.54.114.83 - - [01/Apr/2025:20:37:56 -0400] "POST /wp-admin/admin-ajax.php?action=async_litespeed&nonce=N0uBsVfjaEyaEB34ebOh0vDPFhtXbDb4&litespeed_type=imgoptm HTTP/1.1" 200 0 "-" "WordPress/6.7.2; https://baernblog.com"
198.54.114.83 - - [01/Apr/2025:20:39:13 -0400] "POST /wp-cron.php?doing_wp_cron=1743554353.4173629283905029296875 HTTP/1.1" 200 0 "-" "WordPress/6.7.2; https://baernblog.com"
198.54.114.83 - - [01/Apr/2025:20:39:14 -0400] "POST /wp-admin/admin-ajax.php?action=async_litespeed&nonce=CjyUdqMeB5CuWiga5Y46Q9vrQ3GRQbAh&litespeed_type=imgoptm HTTP/1.1" 200 0 "-" "WordPress/6.7.2; https://baernblog.com"
52.167.144.145 - - [01/Apr/2025:20:39:11 -0400] "GET /lart-du-marketing-digital-strategies-pour-reussir/ HTTP/1.1" 200 11015 "-" "Mozilla/5.0 AppleWebKit/537.36 (KHTML, like Gecko; compatible; bingbot/2.0; +http://www.bing.com/bingbot.htm) Chrome/116.0.1938.76 Safari/537.36"
198.54.114.83 - - [01/Apr/2025:20:40:18 -0400] "POST /wp-cron.php?doing_wp_cron=1743554418.0672259330749511718750 HTTP/1.1" 200 0 "-" "WordPress/6.7.2; https://baernblog.com"
54.36.149.92 - - [01/Apr/2025:20:40:17 -0400] "GET /what-to-look-for-in-a-web-design-program/ HTTP/1.1" 200 11806 "-" "Mozilla/5.0 (compatible; AhrefsBot/7.0; +http://ahrefs.com/robot/)"
198.54.114.83 - - [01/Apr/2025:20:40:20 -0400] "POST /wp-admin/admin-ajax.php?action=async_litespeed&nonce=HrIcf3Bjd9rMBBVXvRDlOIoFcMHnQvMc&litespeed_type=imgoptm HTTP/1.1" 200 5 "-" "WordPress/6.7.2; https://baernblog.com"
198.54.114.83 - - [01/Apr/2025:20:42:28 -0400] "POST /wp-cron.php?doing_wp_cron=1743554547.8500769138336181640625 HTTP/1.1" 200 0 "-" "WordPress/6.7.2; https://baernblog.com"
54.36.148.100 - - [01/Apr/2025:20:42:25 -0400] "GET /the-key-to-success-with-german-lessons-in-london/ HTTP/1.1" 200 10804 "-" "Mozilla/5.0 (compatible; AhrefsBot/7.0; +http://ahrefs.com/robot/)"
198.54.114.83 - - [01/Apr/2025:20:42:28 -0400] "POST /wp-admin/admin-ajax.php?action=async_litespeed&nonce=YCdY87Z63YX0n4xBQ7fM8dXgGD43pz6P&litespeed_type=imgoptm HTTP/1.1" 200 0 "-" "WordPress/6.7.2; https://baernblog.com"
2a03:2880:f800:1b:: - - [01/Apr/2025:20:42:58 -0400] "GET /the-mclaren-experience/ HTTP/1.1" 200 11154 "-" "meta-externalagent/1.1 (+https://developers.facebook.com/docs/sharing/webmasters/crawler)"
198.54.114.83 - - [01/Apr/2025:20:44:32 -0400] "POST /wp-cron.php?doing_wp_cron=1743554672.0241749286651611328125 HTTP/1.1" 200 0 "-" "WordPress/6.7.2; https://baernblog.com"
54.36.149.60 - - [01/Apr/2025:20:44:29 -0400] "GET /fort-collins-concrete-driveway-replacement/ HTTP/1.1" 200 10076 "-" "Mozilla/5.0 (compatible; AhrefsBot/7.0; +http://ahrefs.com/robot/)"
198.54.114.83 - - [01/Apr/2025:20:44:33 -0400] "POST /wp-admin/admin-ajax.php?action=async_litespeed&nonce=bfRkZwArI0tMDKVjurgy0o98xv597vPj&litespeed_type=imgoptm HTTP/1.1" 200 0 "-" "WordPress/6.7.2; https://baernblog.com"
198.54.114.83 - - [01/Apr/2025:20:45:09 -0400] "POST /wp-admin/admin-ajax.php?action=async_litespeed&nonce=deUi0p2hM1hDELbXZ1qjrmYRYIyAmlPO&litespeed_type=imgoptm HTTP/1.1" 200 0 "-" "WordPress/6.7.2; https://baernblog.com"
3.145.179.11 - - [01/Apr/2025:20:46:10 -0400] "GET /robots.txt HTTP/1.1" 304 0 "-" "Mozilla/5.0 AppleWebKit/537.36 (KHTML, like Gecko; compatible; ClaudeBot/1.0; +claudebot@anthropic.com)"
198.54.114.83 - - [01/Apr/2025:20:46:12 -0400] "POST /wp-cron.php?doing_wp_cron=1743554771.9732730388641357421875 HTTP/1.1" 200 0 "-" "WordPress/6.7.2; https://baernblog.com"
3.145.179.11 - - [01/Apr/2025:20:46:10 -0400] "GET /city-concierge-cartagena/feed HTTP/1.1" 301 0 "-" "Mozilla/5.0 AppleWebKit/537.36 (KHTML, like Gecko; compatible; ClaudeBot/1.0; +claudebot@anthropic.com)"
3.145.179.11 - - [01/Apr/2025:20:46:14 -0400] "GET /city-concierge-cartagena/feed/ HTTP/1.1" 200 384 "https://baernblog.com/city-concierge-cartagena/feed" "Mozilla/5.0 AppleWebKit/537.36 (KHTML, like Gecko; compatible; ClaudeBot/1.0; +claudebot@anthropic.com)"
198.54.114.83 - - [01/Apr/2025:20:46:14 -0400] "POST /wp-admin/admin-ajax.php?action=async_litespeed&nonce=1jzlVHsMOIfxXOSeK7ElduKtDMcJL0qV&litespeed_type=imgoptm HTTP/1.1" 200 0 "-" "WordPress/6.7.2; https://baernblog.com"
198.54.114.83 - - [01/Apr/2025:20:46:31 -0400] "POST /wp-cron.php?doing_wp_cron=1743554790.4862909317016601562500 HTTP/1.1" 200 0 "-" "WordPress/6.7.2; https://baernblog.com"
54.36.148.49 - - [01/Apr/2025:20:46:30 -0400] "GET /maca-pour-les-femmes/ HTTP/1.1" 200 10503 "-" "Mozilla/5.0 (compatible; AhrefsBot/7.0; +http://ahrefs.com/robot/)"
198.54.114.83 - - [01/Apr/2025:20:49:32 -0400] "POST /wp-cron.php?doing_wp_cron=1743554971.2349059581756591796875 HTTP/1.1" 200 0 "-" "WordPress/6.7.2; https://baernblog.com"
18.223.241.144 - - [01/Apr/2025:20:49:28 -0400] "GET /choosing-replacement-windows-in-swansea/feed HTTP/1.1" 301 0 "-" "Mozilla/5.0 AppleWebKit/537.36 (KHTML, like Gecko; compatible; ClaudeBot/1.0; +claudebot@anthropic.com)"
198.54.114.83 - - [01/Apr/2025:20:49:32 -0400] "POST /wp-admin/admin-ajax.php?action=async_litespeed&nonce=7n1iat8MXONmdeLeYWlRO9pB3SIC7MIK&litespeed_type=imgoptm HTTP/1.1" 200 0 "-" "WordPress/6.7.2; https://baernblog.com"
18.223.241.144 - - [01/Apr/2025:20:49:33 -0400] "GET /choosing-replacement-windows-in-swansea/feed/ HTTP/1.1" 200 395 "https://baernblog.com/choosing-replacement-windows-in-swansea/feed" "Mozilla/5.0 AppleWebKit/537.36 (KHTML, like Gecko; compatible; ClaudeBot/1.0; +claudebot@anthropic.com)"
198.54.114.83 - - [01/Apr/2025:20:50:32 -0400] "POST /wp-cron.php?doing_wp_cron=1743555032.3826010227203369140625 HTTP/1.1" 200 0 "-" "WordPress/6.7.2; https://baernblog.com"
18.217.0.242 - - [01/Apr/2025:20:50:31 -0400] "GET /rechtsanwalt-hattingen HTTP/1.1" 301 0 "-" "Mozilla/5.0 AppleWebKit/537.36 (KHTML, like Gecko; compatible; ClaudeBot/1.0; +claudebot@anthropic.com)"
198.54.114.83 - - [01/Apr/2025:20:50:33 -0400] "POST /wp-admin/admin-ajax.php?action=async_litespeed&nonce=Vgf4sAYG1EualEYXUboFlNKlVf209Zov&litespeed_type=imgoptm HTTP/1.1" 200 5 "-" "WordPress/6.7.2; https://baernblog.com"
18.217.0.242 - - [01/Apr/2025:20:50:34 -0400] "GET /rechtsanwalt-hattingen/ HTTP/1.1" 200 9977 "https://baernblog.com/rechtsanwalt-hattingen" "Mozilla/5.0 AppleWebKit/537.36 (KHTML, like Gecko; compatible; ClaudeBot/1.0; +claudebot@anthropic.com)"
198.54.114.83 - - [01/Apr/2025:20:53:05 -0400] "POST /wp-cron.php?doing_wp_cron=1743555184.0331668853759765625000 HTTP/1.1" 200 0 "-" "WordPress/6.7.2; https://baernblog.com"
198.54.114.83 - - [01/Apr/2025:20:53:05 -0400] "POST /wp-admin/admin-ajax.php?action=async_litespeed&nonce=spF9ZNe8RLAaN90AKFkMQRKX1Mp7J4aE&litespeed_type=imgoptm HTTP/1.1" 200 0 "-" "WordPress/6.7.2; https://baernblog.com"
3.133.129.229 - - [01/Apr/2025:20:53:00 -0400] "GET /betting-money-sites/ HTTP/1.1" 200 10370 "-" "Mozilla/5.0 AppleWebKit/537.36 (KHTML, like Gecko; compatible; ClaudeBot/1.0; +claudebot@anthropic.com)"
18.116.69.144 - - [01/Apr/2025:20:55:08 -0400] "GET /discover-unblocked-games-6x-endless-fun-at-your-fingertips HTTP/1.1" 301 0 "-" "Mozilla/5.0 AppleWebKit/537.36 (KHTML, like Gecko; compatible; ClaudeBot/1.0; +claudebot@anthropic.com)"
198.54.114.83 - - [01/Apr/2025:20:55:11 -0400] "POST /wp-cron.php?doing_wp_cron=1743555311.5165350437164306640625 HTTP/1.1" 200 0 "-" "WordPress/6.7.2; https://baernblog.com"
18.116.69.144 - - [01/Apr/2025:20:55:12 -0400] "GET /discover-unblocked-games-6x-endless-fun-at-your-fingertips/ HTTP/1.1" 200 10614 "https://baernblog.com/discover-unblocked-games-6x-endless-fun-at-your-fingertips" "Mozilla/5.0 AppleWebKit/537.36 (KHTML, like Gecko; compatible; ClaudeBot/1.0; +claudebot@anthropic.com)"
18.116.69.144 - - [01/Apr/2025:20:55:08 -0400] "GET /utilisez-des-sacs-doperations-militaires-en-voyage-pour-avoir-une-protection-assuree-de-vos-articles HTTP/1.1" 301 0 "-" "Mozilla/5.0 AppleWebKit/537.36 (KHTML, like Gecko; compatible; ClaudeBot/1.0; +claudebot@anthropic.com)"
18.116.69.144 - - [01/Apr/2025:20:55:13 -0400] "GET /utilisez-des-sacs-doperations-militaires-en-voyage-pour-avoir-une-protection-assuree-de-vos-articles/ HTTP/1.1" 200 10972 "https://baernblog.com/utilisez-des-sacs-doperations-militaires-en-voyage-pour-avoir-une-protection-assuree-de-vos-articles" "Mozilla/5.0 AppleWebKit/537.36 (KHTML, like Gecko; compatible; ClaudeBot/1.0; +claudebot@anthropic.com)"
198.54.114.83 - - [01/Apr/2025:20:55:14 -0400] "POST /wp-admin/admin-ajax.php?action=async_litespeed&nonce=YR6TNURRD0Xx883NEiyA6ukpFmkqyUix&litespeed_type=imgoptm HTTP/1.1" 200 0 "-" "WordPress/6.7.2; https://baernblog.com"
18.188.103.74 - - [01/Apr/2025:20:56:09 -0400] "GET / HTTP/1.1" 200 77939 "-" "Mozilla/5.0 AppleWebKit/537.36 (KHTML, like Gecko; compatible; ClaudeBot/1.0; +claudebot@anthropic.com)"
47.128.122.104 - - [01/Apr/2025:20:57:29 -0400] "GET /how-to-manage-your-music-library-on-youtube/ HTTP/1.1" 200 11176 "-" "Mozilla/5.0 (Linux; Android 5.0) AppleWebKit/537.36 (KHTML, like Gecko) Mobile Safari/537.36 (compatible; TikTokSpider; ttspider-feedback@tiktok.com)"
47.128.122.104 - - [01/Apr/2025:20:57:33 -0400] "GET /how-to-manage-your-music-library-on-youtube/ HTTP/1.1" 200 11176 "https://baernblog.com/how-to-manage-your-music-library-on-youtube/" "Mozilla/5.0 (Linux; Android 5.0) AppleWebKit/537.36 (KHTML, like Gecko) Mobile Safari/537.36 (compatible; TikTokSpider; ttspider-feedback@tiktok.com)"
112.92.70.120 - - [01/Apr/2025:20:58:58 -0400] "GET /the-benefits-of-managed-investing/ HTTP/1.1" 200 10958 "https://baernblog.com" "Mozilla/5.0 (Windows NT 10.0; Win64; x64) AppleWebKit/537.36 (KHTML, like Gecko) Chrome/62.0.3202.94 Safari/537.36"
198.54.114.83 - - [01/Apr/2025:20:59:07 -0400] "POST /wp-cron.php?doing_wp_cron=1743555545.4934380054473876953125 HTTP/1.1" 200 0 "-" "WordPress/6.7.2; https://baernblog.com"
112.92.70.120 - - [01/Apr/2025:20:58:59 -0400] "POST /wp-comments-post.php HTTP/1.1" 200 0 "https://baernblog.com" "Mozilla/5.0 (Windows NT 10.0; Win64; x64) AppleWebKit/537.36 (KHTML, like Gecko) Chrome/62.0.3202.94 Safari/537.36"
198.54.114.83 - - [01/Apr/2025:21:01:49 -0400] "POST /wp-cron.php?doing_wp_cron=1743555709.3247001171112060546875 HTTP/1.1" 200 0 "-" "WordPress/6.7.2; https://baernblog.com"
18.191.66.109 - - [01/Apr/2025:21:01:45 -0400] "GET /how-to-order-a-happy-anniversary-cake-online HTTP/1.1" 301 0 "-" "Mozilla/5.0 AppleWebKit/537.36 (KHTML, like Gecko; compatible; ClaudeBot/1.0; +claudebot@anthropic.com)"
198.54.114.83 - - [01/Apr/2025:21:01:51 -0400] "POST /wp-admin/admin-ajax.php?action=async_litespeed&nonce=20YGkEHGEVVIySAQBhUCwFwVNBvhie02&litespeed_type=imgoptm HTTP/1.1" 200 0 "-" "WordPress/6.7.2; https://baernblog.com"
18.191.66.109 - - [01/Apr/2025:21:01:50 -0400] "GET /how-to-order-a-happy-anniversary-cake-online/ HTTP/1.1" 200 10937 "https://baernblog.com/how-to-order-a-happy-anniversary-cake-online" "Mozilla/5.0 AppleWebKit/537.36 (KHTML, like Gecko; compatible; ClaudeBot/1.0; +claudebot@anthropic.com)"
2400:9800:371:a9e5:55c7:e9ee:92fb:28ac - - [01/Apr/2025:21:01:53 -0400] "POST /wp-login.php HTTP/1.1" 200 1803 "https://baernblog.com/wp-admin/" "Mozilla/5.0 (Windows NT 10.0; Win64; x64) AppleWebKit/537.36 (KHTML, like Gecko) Chrome/90.0.4430.85 Safari/537.36"
2400:9800:371:a9e5:55c7:e9ee:92fb:28ac - - [01/Apr/2025:21:01:55 -0400] "GET /wp-admin/ HTTP/1.1" 302 0 "www.google.com" "Mozilla/5.0 (Windows NT 10.0; Win64; x64) AppleWebKit/537.36 (KHTML, like Gecko) Chrome/90.0.4430.85 Safari/537.36"
2400:9800:371:a9e5:55c7:e9ee:92fb:28ac - - [01/Apr/2025:21:01:56 -0400] "GET /wp-login.php?redirect_to=https%3A%2F%2Fbaernblog.com%2Fwp-admin%2F&reauth=1 HTTP/1.1" 200 1683 "www.google.com" "Mozilla/5.0 (Windows NT 10.0; Win64; x64) AppleWebKit/537.36 (KHTML, like Gecko) Chrome/90.0.4430.85 Safari/537.36"
41.158.252.212 - - [01/Apr/2025:21:04:33 -0400] "GET /the-ultimate-guide-to-jewellery-cleaners-keeping-your-precious-gems-sparkling/ HTTP/1.1" 200 11303 "-" "Mozilla/5.0 (Macintosh; Intel Mac OS X 10_15_7) AppleWebKit/537.36 (KHTML, like Gecko) Chrome/125.0.0.0 Safari/537.36"
47.246.164.134 - - [01/Apr/2025:21:04:34 -0400] "GET /wp-content/fonts/poppins/pxiEyp8kv8JHgFVrJJfecg.woff2 HTTP/1.1" 200 7884 "https://baernblog.com/wp-content/fonts/29f45607f318487f081364115154055d.css" "Mozilla/5.0 (Macintosh; Intel Mac OS X 10_15_7) AppleWebKit/537.36 (KHTML, like Gecko) Chrome/125.0.0.0 Safari/537.36"
47.246.164.156 - - [01/Apr/2025:21:04:34 -0400] "GET /wp-content/fonts/poppins/pxiByp8kv8JHgFVrLEj6Z1xlFQ.woff2 HTTP/1.1" 200 8000 "https://baernblog.com/wp-content/fonts/29f45607f318487f081364115154055d.css" "Mozilla/5.0 (Macintosh; Intel Mac OS X 10_15_7) AppleWebKit/537.36 (KHTML, like Gecko) Chrome/125.0.0.0 Safari/537.36"
47.242.95.94 - - [01/Apr/2025:21:04:48 -0400] "HEAD /page/2 HTTP/1.1" 301 0 "-" "Mozilla/5.0 (Windows NT 10.0; Win64; x64) AppleWebKit/537.36 (KHTML, like Gecko) Chrome/72.0.3845.150 Safari/537.36"
47.242.95.94 - - [01/Apr/2025:21:04:48 -0400] "HEAD /page/2/ HTTP/1.1" 200 0 "-" "Mozilla/5.0 (Windows NT 10.0; Win64; x64) AppleWebKit/537.36 (KHTML, like Gecko) Chrome/72.0.3845.150 Safari/537.36"
47.242.95.94 - - [01/Apr/2025:21:04:49 -0400] "GET /page/2 HTTP/1.1" 301 0 "-" "Mozilla/5.0 (Windows NT 10.0; Win64; x64) AppleWebKit/537.36 (KHTML, like Gecko) Chrome/72.0.3845.150 Safari/537.36"
47.242.95.94 - - [01/Apr/2025:21:04:49 -0400] "GET /page/2/ HTTP/1.1" 200 9615 "-" "Mozilla/5.0 (Windows NT 10.0; Win64; x64) AppleWebKit/537.36 (KHTML, like Gecko) Chrome/72.0.3845.150 Safari/537.36"
198.54.114.83 - - [01/Apr/2025:21:04:55 -0400] "POST /wp-cron.php?doing_wp_cron=1743555893.7894170284271240234375 HTTP/1.1" 200 0 "-" "WordPress/6.7.2; https://baernblog.com"
3.22.68.71 - - [01/Apr/2025:21:04:48 -0400] "GET /how-to-celebrate-your-anniversary-with-a-delicious-cake HTTP/1.1" 301 0 "-" "Mozilla/5.0 AppleWebKit/537.36 (KHTML, like Gecko; compatible; ClaudeBot/1.0; +claudebot@anthropic.com)"
3.22.68.71 - - [01/Apr/2025:21:04:56 -0400] "GET /how-to-celebrate-your-anniversary-with-a-delicious-cake/ HTTP/1.1" 200 10981 "https://baernblog.com/how-to-celebrate-your-anniversary-with-a-delicious-cake" "Mozilla/5.0 AppleWebKit/537.36 (KHTML, like Gecko; compatible; ClaudeBot/1.0; +claudebot@anthropic.com)"
47.128.117.114 - - [01/Apr/2025:21:05:24 -0400] "GET /robots.txt HTTP/1.1" 304 0 "-" "Mozilla/5.0 (Linux; Android 5.0) AppleWebKit/537.36 (KHTML, like Gecko) Mobile Safari/537.36 (compatible; Bytespider; spider-feedback@bytedance.com)"
111.225.148.15 - - [01/Apr/2025:21:05:54 -0400] "GET /robots.txt HTTP/1.1" 304 0 "-" "Mozilla/5.0 (Linux; Android 5.0) AppleWebKit/537.36 (KHTML, like Gecko) Mobile Safari/537.36 (compatible; Bytespider; https://zhanzhang.toutiao.com/)"
47.243.74.123 - - [01/Apr/2025:21:06:39 -0400] "HEAD /category/activity HTTP/1.1" 301 0 "-" "Mozilla/5.0 (Windows NT 6.0; Win64; x64) AppleWebKit/537.36 (KHTML, like Gecko) Chrome/75.0.3867.181 Safari/537.36"
47.243.74.123 - - [01/Apr/2025:21:06:39 -0400] "HEAD /category/activity/ HTTP/1.1" 200 0 "-" "Mozilla/5.0 (Windows NT 6.0; Win64; x64) AppleWebKit/537.36 (KHTML, like Gecko) Chrome/75.0.3867.181 Safari/537.36"
47.243.74.123 - - [01/Apr/2025:21:06:39 -0400] "GET /category/activity HTTP/1.1" 301 0 "-" "Mozilla/5.0 (Windows NT 6.0; Win64; x64) AppleWebKit/537.36 (KHTML, like Gecko) Chrome/75.0.3867.181 Safari/537.36"
47.243.74.123 - - [01/Apr/2025:21:06:39 -0400] "GET /category/activity/ HTTP/1.1" 200 9470 "-" "Mozilla/5.0 (Windows NT 6.0; Win64; x64) AppleWebKit/537.36 (KHTML, like Gecko) Chrome/75.0.3867.181 Safari/537.36"
18.217.208.209 - - [01/Apr/2025:21:08:11 -0400] "GET /boudoir-photography-san-antonio/ HTTP/1.1" 200 10474 "-" "Mozilla/5.0 AppleWebKit/537.36 (KHTML, like Gecko; compatible; ClaudeBot/1.0; +claudebot@anthropic.com)"
198.54.114.83 - - [01/Apr/2025:21:11:41 -0400] "POST /wp-cron.php?doing_wp_cron=1743556301.1821389198303222656250 HTTP/1.1" 200 0 "-" "WordPress/6.7.2; https://baernblog.com"
52.15.91.151 - - [01/Apr/2025:21:11:39 -0400] "GET /why-investing-in-real-tiktok-shares-matters HTTP/1.1" 301 0 "-" "Mozilla/5.0 AppleWebKit/537.36 (KHTML, like Gecko; compatible; ClaudeBot/1.0; +claudebot@anthropic.com)"
198.54.114.83 - - [01/Apr/2025:21:11:42 -0400] "POST /wp-admin/admin-ajax.php?action=async_litespeed&nonce=azG1AwKFDlZclL2Pk2Cg1xwWqupAijuw&litespeed_type=imgoptm HTTP/1.1" 200 0 "-" "WordPress/6.7.2; https://baernblog.com"
52.15.91.151 - - [01/Apr/2025:21:11:42 -0400] "GET /why-investing-in-real-tiktok-shares-matters/ HTTP/1.1" 200 10647 "-" "Mozilla/5.0 AppleWebKit/537.36 (KHTML, like Gecko; compatible; ClaudeBot/1.0; +claudebot@anthropic.com)"
52.15.91.151 - - [01/Apr/2025:21:11:44 -0400] "GET /wp-includes/js/jquery/jquery.min.js?ver=3.7.1 HTTP/1.1" 304 0 "https://baernblog.com/why-investing-in-real-tiktok-shares-matters/" "Mozilla/5.0 AppleWebKit/537.36 (KHTML, like Gecko; compatible; ClaudeBot/1.0; +claudebot@anthropic.com)"
52.15.91.151 - - [01/Apr/2025:21:11:44 -0400] "GET /wp-includes/js/jquery/jquery-migrate.min.js?ver=3.4.1 HTTP/1.1" 304 0 "https://baernblog.com/why-investing-in-real-tiktok-shares-matters/" "Mozilla/5.0 AppleWebKit/537.36 (KHTML, like Gecko; compatible; ClaudeBot/1.0; +claudebot@anthropic.com)"
52.15.91.151 - - [01/Apr/2025:21:11:44 -0400] "GET /wp-content/themes/ascendoor-news/assets/js/custom.min.js?ver=1.0.1 HTTP/1.1" 304 0 "https://baernblog.com/why-investing-in-real-tiktok-shares-matters/" "Mozilla/5.0 AppleWebKit/537.36 (KHTML, like Gecko; compatible; ClaudeBot/1.0; +claudebot@anthropic.com)"
52.15.91.151 - - [01/Apr/2025:21:11:44 -0400] "GET /wp-content/themes/ascendoor-news/assets/js/navigation.min.js?ver=1.0.1 HTTP/1.1" 304 0 "https://baernblog.com/why-investing-in-real-tiktok-shares-matters/" "Mozilla/5.0 AppleWebKit/537.36 (KHTML, like Gecko; compatible; ClaudeBot/1.0; +claudebot@anthropic.com)"
52.15.91.151 - - [01/Apr/2025:21:11:44 -0400] "GET /wp-content/themes/ascendoor-news/assets/js/jquery.marquee.min.js?ver=1.6.0 HTTP/1.1" 304 0 "https://baernblog.com/why-investing-in-real-tiktok-shares-matters/" "Mozilla/5.0 AppleWebKit/537.36 (KHTML, like Gecko; compatible; ClaudeBot/1.0; +claudebot@anthropic.com)"
52.15.91.151 - - [01/Apr/2025:21:11:44 -0400] "GET /wp-content/themes/ascendoor-news/assets/js/slick.min.js?ver=1.8.1 HTTP/1.1" 304 0 "https://baernblog.com/why-investing-in-real-tiktok-shares-matters/" "Mozilla/5.0 AppleWebKit/537.36 (KHTML, like Gecko; compatible; ClaudeBot/1.0; +claudebot@anthropic.com)"
52.15.91.151 - - [01/Apr/2025:21:11:45 -0400] "GET /wp-includes/js/comment-reply.min.js?ver=6.7.2 HTTP/1.1" 304 0 "https://baernblog.com/why-investing-in-real-tiktok-shares-matters/" "Mozilla/5.0 AppleWebKit/537.36 (KHTML, like Gecko; compatible; ClaudeBot/1.0; +claudebot@anthropic.com)"
52.15.91.151 - - [01/Apr/2025:21:11:46 -0400] "GET /wp-includes/js/wp-emoji-release.min.js?ver=6.7.2 HTTP/1.1" 304 0 "https://baernblog.com/why-investing-in-real-tiktok-shares-matters/" "Mozilla/5.0 AppleWebKit/537.36 (KHTML, like Gecko; compatible; ClaudeBot/1.0; +claudebot@anthropic.com)"
2a03:2880:11ff:46:: - - [01/Apr/2025:21:13:29 -0400] "GET /leaking-water-tank-repair/ HTTP/1.1" 200 9983 "-" "meta-externalagent/1.1 (+https://developers.facebook.com/docs/sharing/webmasters/crawler)"
2a03:2880:11ff:46:: - - [01/Apr/2025:21:13:31 -0400] "GET /wp-content/fonts/29f45607f318487f081364115154055d.css HTTP/1.1" 304 0 "-" "meta-externalagent/1.1 (+https://developers.facebook.com/docs/sharing/webmasters/crawler)"
2a03:2880:11ff:71:: - - [01/Apr/2025:21:13:31 -0400] "GET /wp-content/themes/ascendoor-news/assets/js/custom.min.js?ver=1.0.1 HTTP/1.1" 304 0 "-" "meta-externalagent/1.1 (+https://developers.facebook.com/docs/sharing/webmasters/crawler)"
2a03:2880:11ff:3:: - - [01/Apr/2025:21:13:31 -0400] "GET /wp-content/themes/ascendoor-news/assets/js/navigation.min.js?ver=1.0.1 HTTP/1.1" 304 0 "-" "meta-externalagent/1.1 (+https://developers.facebook.com/docs/sharing/webmasters/crawler)"
2a03:2880:11ff:1:: - - [01/Apr/2025:21:13:31 -0400] "GET /wp-includes/js/jquery/jquery-migrate.min.js?ver=3.4.1 HTTP/1.1" 304 0 "-" "meta-externalagent/1.1 (+https://developers.facebook.com/docs/sharing/webmasters/crawler)"
2a03:2880:11ff:1:: - - [01/Apr/2025:21:13:31 -0400] "GET /wp-includes/js/jquery/jquery.min.js?ver=3.7.1 HTTP/1.1" 304 0 "-" "meta-externalagent/1.1 (+https://developers.facebook.com/docs/sharing/webmasters/crawler)"
2a03:2880:11ff:1:: - - [01/Apr/2025:21:13:31 -0400] "GET /wp-content/themes/ascendoor-news/assets/js/slick.min.js?ver=1.8.1 HTTP/1.1" 304 0 "-" "meta-externalagent/1.1 (+https://developers.facebook.com/docs/sharing/webmasters/crawler)"
2a03:2880:11ff:48:: - - [01/Apr/2025:21:13:31 -0400] "GET /wp-content/themes/ascendoor-news/assets/js/jquery.marquee.min.js?ver=1.6.0 HTTP/1.1" 304 0 "-" "meta-externalagent/1.1 (+https://developers.facebook.com/docs/sharing/webmasters/crawler)"
2a03:2880:11ff:7:: - - [01/Apr/2025:21:13:31 -0400] "GET /wp-includes/js/comment-reply.min.js?ver=6.7.2 HTTP/1.1" 304 0 "-" "meta-externalagent/1.1 (+https://developers.facebook.com/docs/sharing/webmasters/crawler)"
2a03:2880:11ff:9:: - - [01/Apr/2025:21:13:33 -0400] "GET /wp-includes/js/wp-emoji-release.min.js?ver=6.7.2 HTTP/1.1" 304 0 "-" "meta-externalagent/1.1 (+https://developers.facebook.com/docs/sharing/webmasters/crawler)"
198.54.114.83 - - [01/Apr/2025:21:15:33 -0400] "POST /wp-cron.php?doing_wp_cron=1743556531.9256429672241210937500 HTTP/1.1" 200 0 "-" "WordPress/6.7.2; https://baernblog.com"
13.59.224.235 - - [01/Apr/2025:21:15:27 -0400] "GET /the-versatility-and-benefits-of-ppr-pipes-and-fittings HTTP/1.1" 301 0 "-" "Mozilla/5.0 AppleWebKit/537.36 (KHTML, like Gecko; compatible; ClaudeBot/1.0; +claudebot@anthropic.com)"
13.59.224.235 - - [01/Apr/2025:21:15:34 -0400] "GET /the-versatility-and-benefits-of-ppr-pipes-and-fittings/ HTTP/1.1" 200 10346 "https://baernblog.com/the-versatility-and-benefits-of-ppr-pipes-and-fittings" "Mozilla/5.0 AppleWebKit/537.36 (KHTML, like Gecko; compatible; ClaudeBot/1.0; +claudebot@anthropic.com)"
129.226.49.42 - - [01/Apr/2025:21:20:17 -0400] "GET /before-you-call-the-refrigerator-repair-guys-a-few-simple-tips-to-fix-your-fridge-yourself/ HTTP/1.1" 200 12207 "-" "Python/3.10 aiohttp/3.10.5"
3.133.151.138 - - [01/Apr/2025:21:23:19 -0400] "GET /essential-insights-free-employment-law-advice/ HTTP/1.1" 200 10161 "-" "Mozilla/5.0 AppleWebKit/537.36 (KHTML, like Gecko; compatible; ClaudeBot/1.0; +claudebot@anthropic.com)"
