198.54.114.83 - - [31/Mar/2025:00:19:05 -0400] "POST /wp-admin/admin-ajax.php?action=async_litespeed&nonce=Hz7Jf8VYydsbbW2x1Mr45oWU9mnIAc05&litespeed_type=imgoptm HTTP/1.1" 200 5 "-" "WordPress/6.7.2; https://baernblog.com"
171.8.228.119 - - [31/Mar/2025:00:19:22 -0400] "GET /category/sign-up HTTP/1.1" 301 0 "-" "Mozilla/5.0 (Windows NT 10.0; Win64; x64) AppleWebKit/537.36 (KHTML, like Gecko) Chrome/87.0.4280.88 Safari/537.36"
171.8.228.119 - - [31/Mar/2025:00:19:23 -0400] "GET /category/sign-up/ HTTP/1.1" 200 7702 "-" "Mozilla/5.0 (Windows NT 10.0; Win64; x64) AppleWebKit/537.36 (KHTML, like Gecko) Chrome/87.0.4280.88 Safari/537.36"
171.8.228.119 - - [31/Mar/2025:00:19:24 -0400] "GET /wp-includes/css/dist/block-library/style.min.css?ver=6.7.2 HTTP/1.1" 200 14225 "https://baernblog.com/category/sign-up/" "Mozilla/5.0 (Windows NT 10.0; Win64; x64) AppleWebKit/537.36 (KHTML, like Gecko) Chrome/87.0.4280.88 Safari/537.36"
171.8.228.119 - - [31/Mar/2025:00:19:24 -0400] "GET /wp-includes/js/jquery/jquery-migrate.min.js?ver=3.4.1 HTTP/1.1" 304 0 "https://baernblog.com/category/sign-up/" "Mozilla/5.0 (Windows NT 10.0; Win64; x64) AppleWebKit/537.36 (KHTML, like Gecko) Chrome/87.0.4280.88 Safari/537.36"
171.8.228.119 - - [31/Mar/2025:00:19:24 -0400] "GET /wp-includes/js/jquery/jquery.min.js?ver=3.7.1 HTTP/1.1" 200 29744 "https://baernblog.com/category/sign-up/" "Mozilla/5.0 (Windows NT 10.0; Win64; x64) AppleWebKit/537.36 (KHTML, like Gecko) Chrome/87.0.4280.88 Safari/537.36"
171.8.228.119 - - [31/Mar/2025:00:19:24 -0400] "GET /wp-content/themes/ascendoor-news/assets/css/fontawesome.min.css?ver=6.4.2 HTTP/1.1" 200 17670 "https://baernblog.com/category/sign-up/" "Mozilla/5.0 (Windows NT 10.0; Win64; x64) AppleWebKit/537.36 (KHTML, like Gecko) Chrome/87.0.4280.88 Safari/537.36"
171.8.228.119 - - [31/Mar/2025:00:19:24 -0400] "GET /wp-content/themes/ascendoor-news/assets/js/jquery.marquee.min.js?ver=1.6.0 HTTP/1.1" 200 2160 "https://baernblog.com/category/sign-up/" "Mozilla/5.0 (Windows NT 10.0; Win64; x64) AppleWebKit/537.36 (KHTML, like Gecko) Chrome/87.0.4280.88 Safari/537.36"
171.8.228.119 - - [31/Mar/2025:00:19:24 -0400] "GET /wp-content/themes/ascendoor-news/assets/js/custom.min.js?ver=1.0.1 HTTP/1.1" 304 0 "https://baernblog.com/category/sign-up/" "Mozilla/5.0 (Windows NT 10.0; Win64; x64) AppleWebKit/537.36 (KHTML, like Gecko) Chrome/87.0.4280.88 Safari/537.36"
171.8.228.119 - - [31/Mar/2025:00:19:24 -0400] "GET /wp-content/fonts/29f45607f318487f081364115154055d.css HTTP/1.1" 200 1319 "https://baernblog.com/category/sign-up/" "Mozilla/5.0 (Windows NT 10.0; Win64; x64) AppleWebKit/537.36 (KHTML, like Gecko) Chrome/87.0.4280.88 Safari/537.36"
171.8.228.119 - - [31/Mar/2025:00:19:24 -0400] "GET /wp-content/themes/ascendoor-news/assets/js/navigation.min.js?ver=1.0.1 HTTP/1.1" 304 0 "https://baernblog.com/category/sign-up/" "Mozilla/5.0 (Windows NT 10.0; Win64; x64) AppleWebKit/537.36 (KHTML, like Gecko) Chrome/87.0.4280.88 Safari/537.36"
171.8.228.119 - - [31/Mar/2025:00:19:24 -0400] "GET /wp-content/themes/ascendoor-news/assets/js/slick.min.js?ver=1.8.1 HTTP/1.1" 200 10126 "https://baernblog.com/category/sign-up/" "Mozilla/5.0 (Windows NT 10.0; Win64; x64) AppleWebKit/537.36 (KHTML, like Gecko) Chrome/87.0.4280.88 Safari/537.36"
171.8.228.119 - - [31/Mar/2025:00:19:25 -0400] "GET /category/sign-up/ HTTP/1.1" 200 7702 "https://baernblog.com/category/sign-up/" "Mozilla/5.0 (Windows NT 10.0; Win64; x64) AppleWebKit/537.36 (KHTML, like Gecko) Chrome/87.0.4280.88 Safari/537.36"
83.217.213.120 - - [31/Mar/2025:00:12:42 -0400] "GET /cbd-oil-for-anxiety-uk-a-conclusive-account/ HTTP/1.1" 200 11126 "https://baernblog.com/cbd-oil-for-anxiety-uk-a-conclusive-account/#comment-15370/" "Mozilla/5.0 (Windows NT 10.0; Win64; x64) AppleWebKit/537.36 (KHTML, like Gecko) Chrome/131.0.0.0 Safari/537.36"
83.217.213.120 - - [31/Mar/2025:00:12:43 -0400] "POST /wp-comments-post.php HTTP/1.1" 302 0 "https://baernblog.com/cbd-oil-for-anxiety-uk-a-conclusive-account/#comment-15370/" "Mozilla/5.0 (Windows NT 10.0; Win64; x64) AppleWebKit/537.36 (KHTML, like Gecko) Chrome/131.0.0.0 Safari/537.36"
83.217.213.120 - - [31/Mar/2025:00:12:45 -0400] "GET /cbd-oil-for-anxiety-uk-a-conclusive-account/ HTTP/1.1" 200 13830 "https://baernblog.com/cbd-oil-for-anxiety-uk-a-conclusive-account/#comment-22443" "Mozilla/5.0 (Windows NT 10.0; Win64; x64) AppleWebKit/537.36 (KHTML, like Gecko) Chrome/131.0.0.0 Safari/537.36"
198.54.114.83 - - [31/Mar/2025:00:13:04 -0400] "POST /wp-admin/admin-ajax.php?action=async_litespeed&nonce=9OrQFIKbscUzrhVIV11YnzczSIxOpwvB&litespeed_type=imgoptm HTTP/1.1" 200 5 "-" "WordPress/6.7.2; https://baernblog.com"
198.54.114.83 - - [31/Mar/2025:00:14:21 -0400] "POST /wp-admin/admin-ajax.php?action=async_litespeed&nonce=pLB1xncOZsFndx4dZg3WyZV5pCa3z7ZS&litespeed_type=imgoptm HTTP/1.1" 200 5 "-" "WordPress/6.7.2; https://baernblog.com"
198.54.114.83 - - [31/Mar/2025:00:15:07 -0400] "POST /wp-admin/admin-ajax.php?action=async_litespeed&nonce=dN65riIEI53XBb2FaeeiEfrWyRmQPGOb&litespeed_type=imgoptm HTTP/1.1" 200 0 "-" "WordPress/6.7.2; https://baernblog.com"
149.88.101.23 - - [31/Mar/2025:00:15:34 -0400] "GET /wp-login.php?action=register HTTP/1.1" 302 0 "http://baernblog.com/wp-signup.php?FoX=sQFLZ" "Go-http-client/2.0"
149.88.101.23 - - [31/Mar/2025:00:15:36 -0400] "GET /wp-login.php?registration=disabled HTTP/1.1" 200 1745 "https://baernblog.com/wp-login.php?action=register" "Go-http-client/2.0"
198.54.114.83 - - [31/Mar/2025:00:16:03 -0400] "POST /wp-admin/admin-ajax.php?action=async_litespeed&nonce=7kFzOXLK1XyuUzqFNlS72XdUomHeDc4B&litespeed_type=imgoptm HTTP/1.1" 200 5 "-" "WordPress/6.7.2; https://baernblog.com"
149.88.101.23 - - [31/Mar/2025:00:16:06 -0400] "GET /wp-admin/user/about.php?p= HTTP/1.1" 302 0 "http://baernblog.com/wp-admin/user/about.php?p=" "Go-http-client/2.0"
149.88.101.23 - - [31/Mar/2025:00:16:06 -0400] "GET /wp-login.php?redirect_to=https%3A%2F%2Fbaernblog.com%2Fwp-admin%2Fuser%2Fabout.php%3Fp%3D&reauth=1 HTTP/1.1" 200 1688 "https://baernblog.com/wp-admin/user/about.php?p=" "Go-http-client/2.0"
171.8.228.119 - - [31/Mar/2025:00:19:26 -0400] "GET /wp-includes/js/wp-emoji-release.min.js?ver=6.7.2 HTTP/1.1" 200 4676 "https://baernblog.com/category/sign-up/" "Mozilla/5.0 (Windows NT 10.0; Win64; x64) AppleWebKit/537.36 (KHTML, like Gecko) Chrome/87.0.4280.88 Safari/537.36"
171.8.228.119 - - [31/Mar/2025:00:19:26 -0400] "GET /wp-content/fonts/poppins/pxiByp8kv8JHgFVrLCz7Z1xlFQ.woff2 HTTP/1.1" 200 7816 "https://baernblog.com/wp-content/fonts/29f45607f318487f081364115154055d.css" "Mozilla/5.0 (Windows NT 10.0; Win64; x64) AppleWebKit/537.36 (KHTML, like Gecko) Chrome/87.0.4280.88 Safari/537.36"
171.8.228.119 - - [31/Mar/2025:00:19:26 -0400] "GET /wp-content/themes/ascendoor-news/assets/webfonts/fa-solid-900.woff2 HTTP/1.1" 200 150020 "https://baernblog.com/wp-content/themes/ascendoor-news/assets/css/fontawesome.min.css?ver=6.4.2" "Mozilla/5.0 (Windows NT 10.0; Win64; x64) AppleWebKit/537.36 (KHTML, like Gecko) Chrome/87.0.4280.88 Safari/537.36"
171.8.228.119 - - [31/Mar/2025:00:19:26 -0400] "GET /wp-content/fonts/poppins/pxiEyp8kv8JHgFVrJJfecg.woff2 HTTP/1.1" 200 7884 "https://baernblog.com/wp-content/fonts/29f45607f318487f081364115154055d.css" "Mozilla/5.0 (Windows NT 10.0; Win64; x64) AppleWebKit/537.36 (KHTML, like Gecko) Chrome/87.0.4280.88 Safari/537.36"
171.8.228.119 - - [31/Mar/2025:00:19:26 -0400] "GET /wp-content/fonts/roboto/KFOlCnqEu92Fr1MmWUlfBBc4.woff2 HTTP/1.1" 200 15860 "https://baernblog.com/wp-content/fonts/29f45607f318487f081364115154055d.css" "Mozilla/5.0 (Windows NT 10.0; Win64; x64) AppleWebKit/537.36 (KHTML, like Gecko) Chrome/87.0.4280.88 Safari/537.36"
171.8.228.119 - - [31/Mar/2025:00:19:27 -0400] "GET /favicon.ico HTTP/1.1" 404 1251 "https://baernblog.com/category/sign-up/" "Mozilla/5.0 (Windows NT 10.0; Win64; x64) AppleWebKit/537.36 (KHTML, like Gecko) Chrome/87.0.4280.88 Safari/537.36"
149.88.101.23 - - [31/Mar/2025:00:19:30 -0400] "GET /wp-login.php?action=register HTTP/1.1" 302 0 "http://baernblog.com/wp-login.php?action=register" "Go-http-client/2.0"
149.88.101.23 - - [31/Mar/2025:00:19:31 -0400] "GET /wp-login.php?registration=disabled HTTP/1.1" 200 1745 "https://baernblog.com/wp-login.php?action=register" "Go-http-client/2.0"
198.54.114.83 - - [31/Mar/2025:00:20:04 -0400] "POST /wp-admin/admin-ajax.php?action=async_litespeed&nonce=6a1JTHbz7MoA0YLSyBwdsjwfWRcACSY8&litespeed_type=imgoptm HTTP/1.1" 200 5 "-" "WordPress/6.7.2; https://baernblog.com"
149.88.101.23 - - [31/Mar/2025:00:20:28 -0400] "GET /feed/atom/ HTTP/1.1" 200 36658 "http://baernblog.com/wp-atom.php" "Go-http-client/2.0"
198.54.114.83 - - [31/Mar/2025:00:21:24 -0400] "POST /wp-admin/admin-ajax.php?action=async_litespeed&nonce=ZS0XxpaBygiy5dgLLAtOPtDkkgNY4ION&litespeed_type=imgoptm HTTP/1.1" 200 5 "-" "WordPress/6.7.2; https://baernblog.com"
83.217.213.120 - - [31/Mar/2025:00:21:49 -0400] "GET /cbd-oil-for-anxiety-uk-a-conclusive-account/ HTTP/1.1" 200 11126 "https://baernblog.com/cbd-oil-for-anxiety-uk-a-conclusive-account/#comment-15370/" "Mozilla/5.0 (Windows NT 10.0; Win64; x64) AppleWebKit/537.36 (KHTML, like Gecko) Chrome/130.0.0.0 Safari/537.36"
83.217.213.120 - - [31/Mar/2025:00:21:50 -0400] "POST /wp-comments-post.php HTTP/1.1" 302 0 "https://baernblog.com/cbd-oil-for-anxiety-uk-a-conclusive-account/#comment-15370/" "Mozilla/5.0 (Windows NT 10.0; Win64; x64) AppleWebKit/537.36 (KHTML, like Gecko) Chrome/130.0.0.0 Safari/537.36"
83.217.213.120 - - [31/Mar/2025:00:21:52 -0400] "GET /cbd-oil-for-anxiety-uk-a-conclusive-account/ HTTP/1.1" 200 14161 "https://baernblog.com/cbd-oil-for-anxiety-uk-a-conclusive-account/#comment-22444" "Mozilla/5.0 (Windows NT 10.0; Win64; x64) AppleWebKit/537.36 (KHTML, like Gecko) Chrome/130.0.0.0 Safari/537.36"
198.54.114.83 - - [31/Mar/2025:00:22:04 -0400] "POST /wp-admin/admin-ajax.php?action=async_litespeed&nonce=bAByRvsWS4F7dcSFinkVCV5hNFfxMNOL&litespeed_type=imgoptm HTTP/1.1" 200 5 "-" "WordPress/6.7.2; https://baernblog.com"
198.54.114.83 - - [31/Mar/2025:00:23:17 -0400] "POST /wp-admin/admin-ajax.php?action=async_litespeed&nonce=12uEbqNKSmXab2VAOCJIThpQCsWQKPXP&litespeed_type=imgoptm HTTP/1.1" 200 0 "-" "WordPress/6.7.2; https://baernblog.com"
198.54.114.83 - - [31/Mar/2025:00:24:05 -0400] "POST /wp-admin/admin-ajax.php?action=async_litespeed&nonce=OIvEu9Oxegq2EFp46qUktMoJPHs0Nez6&litespeed_type=imgoptm HTTP/1.1" 200 0 "-" "WordPress/6.7.2; https://baernblog.com"
54.36.148.156 - - [31/Mar/2025:00:24:05 -0400] "GET /what-are-pokemon-cards/ HTTP/1.1" 200 10801 "-" "Mozilla/5.0 (compatible; AhrefsBot/7.0; +http://ahrefs.com/robot/)"
198.54.114.83 - - [31/Mar/2025:00:25:06 -0400] "POST /wp-admin/admin-ajax.php?action=async_litespeed&nonce=Ke1kqqyipyjJz9Lrmxh3RUXExqhEfeCC&litespeed_type=imgoptm HTTP/1.1" 200 5 "-" "WordPress/6.7.2; https://baernblog.com"
149.88.101.23 - - [31/Mar/2025:00:25:38 -0400] "GET /wp-admin/admin.php HTTP/1.1" 302 0 "http://baernblog.com/wp-admin/admin.php" "Go-http-client/2.0"
149.88.101.23 - - [31/Mar/2025:00:25:39 -0400] "GET /wp-login.php?redirect_to=https%3A%2F%2Fbaernblog.com%2Fwp-admin%2Fadmin.php&reauth=1 HTTP/1.1" 200 1680 "https://baernblog.com/wp-admin/admin.php" "Go-http-client/2.0"
149.88.101.23 - - [31/Mar/2025:00:26:21 -0400] "GET /wp-admin/about.php HTTP/1.1" 302 0 "http://baernblog.com/wp-admin/about.php" "Go-http-client/2.0"
149.88.101.23 - - [31/Mar/2025:00:26:22 -0400] "GET /wp-login.php?redirect_to=https%3A%2F%2Fbaernblog.com%2Fwp-admin%2Fabout.php&reauth=1 HTTP/1.1" 200 1682 "https://baernblog.com/wp-admin/about.php" "Go-http-client/2.0"
198.54.114.83 - - [31/Mar/2025:00:27:24 -0400] "POST /wp-admin/admin-ajax.php?action=async_litespeed&nonce=2ybKteiOBNwxV2gZfD2W2ifE89PY43uT&litespeed_type=imgoptm HTTP/1.1" 200 5 "-" "WordPress/6.7.2; https://baernblog.com"
198.54.114.83 - - [31/Mar/2025:00:28:10 -0400] "POST /wp-cron.php?doing_wp_cron=1743395290.5255939960479736328125 HTTP/1.1" 200 0 "-" "WordPress/6.7.2; https://baernblog.com"
18.191.209.202 - - [31/Mar/2025:00:28:10 -0400] "GET /unveiling-the-thrills-and-controversies-of-online-casinos HTTP/1.1" 301 0 "-" "Mozilla/5.0 AppleWebKit/537.36 (KHTML, like Gecko; compatible; ClaudeBot/1.0; +claudebot@anthropic.com)"
198.54.114.83 - - [31/Mar/2025:00:28:11 -0400] "POST /wp-admin/admin-ajax.php?action=async_litespeed&nonce=T1mDfFp6fCpv3D47qAbBzcr5A767A5qS&litespeed_type=imgoptm HTTP/1.1" 200 5 "-" "WordPress/6.7.2; https://baernblog.com"
18.191.209.202 - - [31/Mar/2025:00:28:11 -0400] "GET /unveiling-the-thrills-and-controversies-of-online-casinos/ HTTP/1.1" 200 10611 "https://baernblog.com/unveiling-the-thrills-and-controversies-of-online-casinos" "Mozilla/5.0 AppleWebKit/537.36 (KHTML, like Gecko; compatible; ClaudeBot/1.0; +claudebot@anthropic.com)"
198.54.114.83 - - [31/Mar/2025:00:29:32 -0400] "POST /wp-admin/admin-ajax.php?action=async_litespeed&nonce=wUpD8aLzjwGYuJn3ndbtrBLixaw8FckT&litespeed_type=imgoptm HTTP/1.1" 200 5 "-" "WordPress/6.7.2; https://baernblog.com"
2a03:2880:f800:c:: - - [31/Mar/2025:00:31:18 -0400] "GET /how-to-transfer-bitcoin-to-paypal/ HTTP/1.1" 200 10619 "-" "meta-externalagent/1.1 (+https://developers.facebook.com/docs/sharing/webmasters/crawler)"
198.54.114.83 - - [31/Mar/2025:00:33:45 -0400] "POST /wp-cron.php?doing_wp_cron=1743395625.0921080112457275390625 HTTP/1.1" 200 0 "-" "WordPress/6.7.2; https://baernblog.com"
40.77.167.235 - - [31/Mar/2025:00:33:40 -0400] "GET /enhancing-lives-through-physiotherapy-in-dubai/ HTTP/1.1" 200 10571 "-" "Mozilla/5.0 AppleWebKit/537.36 (KHTML, like Gecko; compatible; bingbot/2.0; +http://www.bing.com/bingbot.htm) Chrome/116.0.1938.76 Safari/537.36"
198.54.114.83 - - [31/Mar/2025:00:33:46 -0400] "POST /wp-admin/admin-ajax.php?action=async_litespeed&nonce=3dq8mmzwMIwB8kXd2ncPO9SntfitXHJ8&litespeed_type=imgoptm HTTP/1.1" 200 0 "-" "WordPress/6.7.2; https://baernblog.com"
198.54.114.83 - - [31/Mar/2025:00:36:10 -0400] "POST /wp-cron.php?doing_wp_cron=1743395770.1451520919799804687500 HTTP/1.1" 200 0 "-" "WordPress/6.7.2; https://baernblog.com"
54.36.148.224 - - [31/Mar/2025:00:36:06 -0400] "GET /page/89/ HTTP/1.1" 200 9465 "-" "Mozilla/5.0 (compatible; AhrefsBot/7.0; +http://ahrefs.com/robot/)"
198.54.114.83 - - [31/Mar/2025:00:36:11 -0400] "POST /wp-admin/admin-ajax.php?action=async_litespeed&nonce=bFjzaD2J0TvkhGpE4yqNIiOSay7b3PlY&litespeed_type=imgoptm HTTP/1.1" 200 0 "-" "WordPress/6.7.2; https://baernblog.com"
3.137.174.52 - - [31/Mar/2025:00:41:26 -0400] "GET /robots.txt HTTP/1.1" 304 0 "-" "Mozilla/5.0 AppleWebKit/537.36 (KHTML, like Gecko; compatible; ClaudeBot/1.0; +claudebot@anthropic.com)"
198.54.114.83 - - [31/Mar/2025:00:41:32 -0400] "POST /wp-cron.php?doing_wp_cron=1743396091.9525330066680908203125 HTTP/1.1" 200 0 "-" "WordPress/6.7.2; https://baernblog.com"
3.137.174.52 - - [31/Mar/2025:00:41:26 -0400] "GET /how-to-tell-if-a-tennis-predict-is-reliable HTTP/1.1" 301 0 "-" "Mozilla/5.0 AppleWebKit/537.36 (KHTML, like Gecko; compatible; ClaudeBot/1.0; +claudebot@anthropic.com)"
3.137.174.52 - - [31/Mar/2025:00:41:32 -0400] "GET /how-to-tell-if-a-tennis-predict-is-reliable/ HTTP/1.1" 200 11053 "https://baernblog.com/how-to-tell-if-a-tennis-predict-is-reliable" "Mozilla/5.0 AppleWebKit/537.36 (KHTML, like Gecko; compatible; ClaudeBot/1.0; +claudebot@anthropic.com)"
198.54.114.83 - - [31/Mar/2025:00:41:33 -0400] "POST /wp-admin/admin-ajax.php?action=async_litespeed&nonce=ivC4SVhJPjqIqqE2h17noEFqFEYe1gs3&litespeed_type=imgoptm HTTP/1.1" 200 0 "-" "WordPress/6.7.2; https://baernblog.com"
40.80.158.10 - - [31/Mar/2025:00:43:37 -0400] "GET / HTTP/1.1" 200 77939 "-" "Mozilla/5.0 (Windows NT 10.0; Win64; x64) AppleWebKit/537.36 (KHTML, like Gecko) Chrome/132.0.0.0 Safari/537.36"
198.54.114.83 - - [31/Mar/2025:00:43:43 -0400] "POST /wp-cron.php?doing_wp_cron=1743396223.0792789459228515625000 HTTP/1.1" 200 0 "-" "WordPress/6.7.2; https://baernblog.com"
40.80.158.10 - - [31/Mar/2025:00:43:41 -0400] "GET /products/sw.js HTTP/1.1" 404 5942 "https://baernblog.com/" "Mozilla/5.0 (Windows NT 10.0; Win64; x64) AppleWebKit/537.36 (KHTML, like Gecko) Chrome/132.0.0.0 Safari/537.36"
198.54.114.83 - - [31/Mar/2025:00:43:44 -0400] "POST /wp-admin/admin-ajax.php?action=async_litespeed&nonce=9LbFBzuEmBlFLfxacWGpqtcFs7H5owdL&litespeed_type=imgoptm HTTP/1.1" 200 0 "-" "WordPress/6.7.2; https://baernblog.com"
114.119.135.232 - - [31/Mar/2025:00:47:23 -0400] "GET /exploring-the-world-of-rainbow-riches-casino/ HTTP/1.1" 200 10569 "https://baernblog.com/category/activity/page/5/" "Mozilla/5.0 (Linux; Android 7.0;) AppleWebKit/537.36 (KHTML, like Gecko) Mobile Safari/537.36 (compatible; PetalBot;+https://webmaster.petalsearch.com/site/petalbot)"
198.54.114.83 - - [31/Mar/2025:00:48:12 -0400] "POST /wp-cron.php?doing_wp_cron=1743396492.3221340179443359375000 HTTP/1.1" 200 0 "-" "WordPress/6.7.2; https://baernblog.com"
54.36.148.22 - - [31/Mar/2025:00:48:07 -0400] "GET /diverse-pesach-programs-for-every-community/ HTTP/1.1" 200 10490 "-" "Mozilla/5.0 (compatible; AhrefsBot/7.0; +http://ahrefs.com/robot/)"
198.54.114.83 - - [31/Mar/2025:00:48:13 -0400] "POST /wp-admin/admin-ajax.php?action=async_litespeed&nonce=d9tJb3TyWRyuYqWrHTocpCxXH2tkIVde&litespeed_type=imgoptm HTTP/1.1" 200 0 "-" "WordPress/6.7.2; https://baernblog.com"
40.80.158.10 - - [31/Mar/2025:00:50:56 -0400] "GET / HTTP/1.1" 200 77939 "-" "Mozilla/5.0 (Windows NT 10.0; Win64; x64) AppleWebKit/537.36 (KHTML, like Gecko) Chrome/132.0.0.0 Safari/537.36"
40.80.158.10 - - [31/Mar/2025:00:50:59 -0400] "GET /products/sw.js HTTP/1.1" 404 5942 "https://baernblog.com/" "Mozilla/5.0 (Windows NT 10.0; Win64; x64) AppleWebKit/537.36 (KHTML, like Gecko) Chrome/132.0.0.0 Safari/537.36"
40.80.158.10 - - [31/Mar/2025:00:51:00 -0400] "GET /react.js HTTP/1.1" 404 5942 "https://baernblog.com/" "Mozilla/5.0 (Windows NT 10.0; Win64; x64) AppleWebKit/537.36 (KHTML, like Gecko) Chrome/132.0.0.0 Safari/537.36"
40.80.158.10 - - [31/Mar/2025:00:51:01 -0400] "GET /react-dom.js HTTP/1.1" 404 5942 "https://baernblog.com/" "Mozilla/5.0 (Windows NT 10.0; Win64; x64) AppleWebKit/537.36 (KHTML, like Gecko) Chrome/132.0.0.0 Safari/537.36"
18.188.103.42 - - [31/Mar/2025:00:51:23 -0400] "GET /a-modern-entertainment-frontier HTTP/1.1" 301 0 "-" "Mozilla/5.0 AppleWebKit/537.36 (KHTML, like Gecko; compatible; ClaudeBot/1.0; +claudebot@anthropic.com)"
18.188.103.42 - - [31/Mar/2025:00:51:23 -0400] "GET /a-modern-entertainment-frontier/ HTTP/1.1" 200 10659 "https://baernblog.com/a-modern-entertainment-frontier" "Mozilla/5.0 AppleWebKit/537.36 (KHTML, like Gecko; compatible; ClaudeBot/1.0; +claudebot@anthropic.com)"
207.46.13.116 - - [31/Mar/2025:00:58:19 -0400] "GET /picking-a-suitable-skin-moisturizer/ HTTP/1.1" 200 10896 "-" "Mozilla/5.0 AppleWebKit/537.36 (KHTML, like Gecko; compatible; bingbot/2.0; +http://www.bing.com/bingbot.htm) Chrome/116.0.1938.76 Safari/537.36"
54.36.148.209 - - [31/Mar/2025:00:59:36 -0400] "GET /hydraulic-oil-coolers/ HTTP/1.1" 200 11259 "-" "Mozilla/5.0 (compatible; AhrefsBot/7.0; +http://ahrefs.com/robot/)"
40.80.158.10 - - [31/Mar/2025:01:03:00 -0400] "GET / HTTP/1.1" 200 77939 "-" "Mozilla/5.0 (Windows NT 10.0; Win64; x64) AppleWebKit/537.36 (KHTML, like Gecko) Chrome/133.0.0.0 Safari/537.36"
40.80.158.10 - - [31/Mar/2025:01:03:04 -0400] "GET /react-dom.js HTTP/1.1" 404 5942 "https://baernblog.com/" "Mozilla/5.0 (Windows NT 10.0; Win64; x64) AppleWebKit/537.36 (KHTML, like Gecko) Chrome/133.0.0.0 Safari/537.36"
40.80.158.10 - - [31/Mar/2025:01:03:05 -0400] "GET /products/sw.js HTTP/1.1" 404 5942 "https://baernblog.com/" "Mozilla/5.0 (Windows NT 10.0; Win64; x64) AppleWebKit/537.36 (KHTML, like Gecko) Chrome/133.0.0.0 Safari/537.36"
40.77.167.203 - - [31/Mar/2025:01:09:56 -0400] "GET /robots.txt HTTP/1.1" 304 0 "-" "Mozilla/5.0 AppleWebKit/537.36 (KHTML, like Gecko; compatible; bingbot/2.0; +http://www.bing.com/bingbot.htm) Chrome/116.0.1938.76 Safari/537.36"
198.54.114.83 - - [31/Mar/2025:01:11:43 -0400] "POST /wp-cron.php?doing_wp_cron=1743397902.7133529186248779296875 HTTP/1.1" 200 0 "-" "WordPress/6.7.2; https://baernblog.com"
54.36.148.228 - - [31/Mar/2025:01:11:38 -0400] "GET /exploring-chuan-park-showflat/feed/ HTTP/1.1" 200 391 "-" "Mozilla/5.0 (compatible; AhrefsBot/7.0; +http://ahrefs.com/robot/)"
198.54.114.83 - - [31/Mar/2025:01:11:44 -0400] "POST /wp-admin/admin-ajax.php?action=async_litespeed&nonce=KsAojzsp1CKg16DJ9NWnKnMCXjLdZIAQ&litespeed_type=imgoptm HTTP/1.1" 200 5 "-" "WordPress/6.7.2; https://baernblog.com"
198.54.114.83 - - [31/Mar/2025:01:16:57 -0400] "POST /wp-cron.php?doing_wp_cron=1743398217.0083889961242675781250 HTTP/1.1" 200 0 "-" "WordPress/6.7.2; https://baernblog.com"
52.204.108.110 - - [31/Mar/2025:01:16:52 -0400] "GET /navigating-the-complex-landscape-of-ai-gpu-pricing-and-availability/ HTTP/1.1" 200 10568 "-" "Grammarly/1.0 (http://www.grammarly.com)"
198.54.114.83 - - [31/Mar/2025:01:23:22 -0400] "POST /wp-cron.php?doing_wp_cron=1743398602.5977981090545654296875 HTTP/1.1" 200 0 "-" "WordPress/6.7.2; https://baernblog.com"
198.54.114.83 - - [31/Mar/2025:01:23:23 -0400] "POST /wp-admin/admin-ajax.php?action=async_litespeed&nonce=s81cqARLXiNwhPjlEVNpNMA3mjpabVVB&litespeed_type=imgoptm HTTP/1.1" 200 0 "-" "WordPress/6.7.2; https://baernblog.com"
54.36.149.41 - - [31/Mar/2025:01:23:17 -0400] "GET /category/activity/page/12/ HTTP/1.1" 200 10153 "-" "Mozilla/5.0 (compatible; AhrefsBot/7.0; +http://ahrefs.com/robot/)"
52.247.239.25 - - [31/Mar/2025:01:26:52 -0400] "GET / HTTP/1.1" 200 77939 "-" "Mozilla/5.0 (Windows NT 10.0; Win64; x64) AppleWebKit/537.36 (KHTML, like Gecko) Chrome/131.0.0.0 Safari/537.36"
52.247.239.25 - - [31/Mar/2025:01:26:55 -0400] "GET /products/sw.js HTTP/1.1" 404 5942 "https://baernblog.com/" "Mozilla/5.0 (Windows NT 10.0; Win64; x64) AppleWebKit/537.36 (KHTML, like Gecko) Chrome/131.0.0.0 Safari/537.36"
52.247.239.25 - - [31/Mar/2025:01:26:57 -0400] "GET /react.js HTTP/1.1" 404 5942 "https://baernblog.com/" "Mozilla/5.0 (Windows NT 10.0; Win64; x64) AppleWebKit/537.36 (KHTML, like Gecko) Chrome/131.0.0.0 Safari/537.36"
52.247.239.25 - - [31/Mar/2025:01:26:57 -0400] "GET /react-dom.js HTTP/1.1" 404 5942 "https://baernblog.com/" "Mozilla/5.0 (Windows NT 10.0; Win64; x64) AppleWebKit/537.36 (KHTML, like Gecko) Chrome/131.0.0.0 Safari/537.36"
112.86.225.241 - - [31/Mar/2025:01:35:19 -0400] "GET / HTTP/1.1" 200 77939 "-" "Sogou web spider/4.0(+http://www.sogou.com/docs/help/webmasters.htm#07)"
198.54.114.83 - - [31/Mar/2025:01:35:26 -0400] "POST /wp-cron.php?doing_wp_cron=1743399325.8102231025695800781250 HTTP/1.1" 200 0 "-" "WordPress/6.7.2; https://baernblog.com"
198.54.114.83 - - [31/Mar/2025:01:35:27 -0400] "POST /wp-admin/admin-ajax.php?action=async_litespeed&nonce=ZIcjZgw7tyzv5nGKjJzOvRqfPGdRPA1k&litespeed_type=imgoptm HTTP/1.1" 200 0 "-" "WordPress/6.7.2; https://baernblog.com"
54.36.149.15 - - [31/Mar/2025:01:35:20 -0400] "GET /category/activity/page/13/ HTTP/1.1" 200 9391 "-" "Mozilla/5.0 (compatible; AhrefsBot/7.0; +http://ahrefs.com/robot/)"
112.92.70.120 - - [31/Mar/2025:01:40:20 -0400] "GET /the-benefits-of-managed-investing/ HTTP/1.1" 200 10958 "https://baernblog.com" "Mozilla/5.0 (Windows NT 10.0; Win64; x64) AppleWebKit/537.36 (KHTML, like Gecko) Chrome/62.0.3202.94 Safari/537.36"
198.54.114.83 - - [31/Mar/2025:01:41:54 -0400] "POST /wp-cron.php?doing_wp_cron=1743399714.2631969451904296875000 HTTP/1.1" 200 0 "-" "WordPress/6.7.2; https://baernblog.com"
114.119.155.205 - - [31/Mar/2025:01:41:51 -0400] "GET /vigan-a-gem-of-spanish-colonial-architecture-in-the-philippines/ HTTP/1.1" 200 11043 "https://baernblog.com/how-much-can-credit-repair-online-improve-your-scores/" "Mozilla/5.0 (Linux; Android 7.0;) AppleWebKit/537.36 (KHTML, like Gecko) Mobile Safari/537.36 (compatible; PetalBot;+https://webmaster.petalsearch.com/site/petalbot)"
198.54.114.83 - - [31/Mar/2025:01:41:54 -0400] "POST /wp-admin/admin-ajax.php?action=async_litespeed&nonce=ueTNCqENfmt30U0tmb5WPgvtKH47EEeK&litespeed_type=imgoptm HTTP/1.1" 200 5 "-" "WordPress/6.7.2; https://baernblog.com"
52.247.239.25 - - [31/Mar/2025:01:43:42 -0400] "GET / HTTP/1.1" 200 77939 "-" "Mozilla/5.0 (Windows NT 10.0; Win64; x64) AppleWebKit/537.36 (KHTML, like Gecko) Chrome/133.0.0.0 Safari/537.36"
198.54.114.83 - - [31/Mar/2025:01:43:51 -0400] "POST /wp-cron.php?doing_wp_cron=1743399830.4844539165496826171875 HTTP/1.1" 200 0 "-" "WordPress/6.7.2; https://baernblog.com"
52.247.239.25 - - [31/Mar/2025:01:43:48 -0400] "GET /products/sw.js HTTP/1.1" 404 5942 "https://baernblog.com/" "Mozilla/5.0 (Windows NT 10.0; Win64; x64) AppleWebKit/537.36 (KHTML, like Gecko) Chrome/133.0.0.0 Safari/537.36"
198.54.114.83 - - [31/Mar/2025:01:43:52 -0400] "POST /wp-admin/admin-ajax.php?action=async_litespeed&nonce=Z7PGTBPvR9t3DypYbArI3sGo3r8ZlAi1&litespeed_type=imgoptm HTTP/1.1" 200 0 "-" "WordPress/6.7.2; https://baernblog.com"
52.247.239.25 - - [31/Mar/2025:01:52:59 -0400] "GET / HTTP/1.1" 200 77939 "-" "Mozilla/5.0 (Windows NT 10.0; Win64; x64) AppleWebKit/537.36 (KHTML, like Gecko) Chrome/131.0.0.0 Safari/537.36"
52.247.239.25 - - [31/Mar/2025:01:53:03 -0400] "GET /products/sw.js HTTP/1.1" 404 5942 "https://baernblog.com/" "Mozilla/5.0 (Windows NT 10.0; Win64; x64) AppleWebKit/537.36 (KHTML, like Gecko) Chrome/131.0.0.0 Safari/537.36"
52.247.239.25 - - [31/Mar/2025:01:56:55 -0400] "GET / HTTP/1.1" 200 77939 "-" "Mozilla/5.0 (Windows NT 10.0; Win64; x64) AppleWebKit/537.36 (KHTML, like Gecko) Chrome/131.0.0.0 Safari/537.36"
52.247.239.25 - - [31/Mar/2025:01:57:00 -0400] "GET /products/sw.js HTTP/1.1" 404 5942 "https://baernblog.com/" "Mozilla/5.0 (Windows NT 10.0; Win64; x64) AppleWebKit/537.36 (KHTML, like Gecko) Chrome/131.0.0.0 Safari/537.36"
40.80.158.10 - - [31/Mar/2025:01:59:03 -0400] "GET / HTTP/1.1" 200 77939 "-" "Mozilla/5.0 (Windows NT 10.0; Win64; x64) AppleWebKit/537.36 (KHTML, like Gecko) Chrome/132.0.0.0 Safari/537.36"
40.80.158.10 - - [31/Mar/2025:01:59:08 -0400] "GET /products/sw.js HTTP/1.1" 404 5942 "https://baernblog.com/" "Mozilla/5.0 (Windows NT 10.0; Win64; x64) AppleWebKit/537.36 (KHTML, like Gecko) Chrome/132.0.0.0 Safari/537.36"
198.54.114.83 - - [31/Mar/2025:01:59:09 -0400] "POST /wp-cron.php?doing_wp_cron=1743400749.5426108837127685546875 HTTP/1.1" 200 0 "-" "WordPress/6.7.2; https://baernblog.com"
54.36.148.98 - - [31/Mar/2025:01:59:07 -0400] "GET /page/5/ HTTP/1.1" 200 9315 "-" "Mozilla/5.0 (compatible; AhrefsBot/7.0; +http://ahrefs.com/robot/)"
198.54.114.83 - - [31/Mar/2025:01:59:09 -0400] "POST /wp-admin/admin-ajax.php?action=async_litespeed&nonce=c2HjFGMlRInl00wppSslzrkWWOD0E9lw&litespeed_type=imgoptm HTTP/1.1" 200 5 "-" "WordPress/6.7.2; https://baernblog.com"
8.210.189.26 - - [31/Mar/2025:02:03:37 -0400] "HEAD /page/2 HTTP/1.1" 301 0 "-" "Mozilla/5.0 (Windows NT 6.1; Win64; x64) AppleWebKit/537.36 (KHTML, like Gecko) Chrome/64.0.2864.32 Safari/537.36"
8.210.189.26 - - [31/Mar/2025:02:03:37 -0400] "HEAD /page/2/ HTTP/1.1" 200 0 "-" "Mozilla/5.0 (Windows NT 6.1; Win64; x64) AppleWebKit/537.36 (KHTML, like Gecko) Chrome/64.0.2864.32 Safari/537.36"
8.210.189.26 - - [31/Mar/2025:02:03:37 -0400] "GET /page/2 HTTP/1.1" 301 0 "-" "Mozilla/5.0 (Windows NT 6.1; Win64; x64) AppleWebKit/537.36 (KHTML, like Gecko) Chrome/64.0.2864.32 Safari/537.36"
8.210.189.26 - - [31/Mar/2025:02:03:38 -0400] "GET /page/2/ HTTP/1.1" 200 9615 "-" "Mozilla/5.0 (Windows NT 6.1; Win64; x64) AppleWebKit/537.36 (KHTML, like Gecko) Chrome/64.0.2864.32 Safari/537.36"
47.243.56.171 - - [31/Mar/2025:02:04:05 -0400] "HEAD /category/activity HTTP/1.1" 301 0 "-" "Mozilla/5.0 (Windows NT 6.2; Win64; x64) AppleWebKit/537.36 (KHTML, like Gecko) Chrome/67.0.2671.47 Safari/537.36"
47.243.56.171 - - [31/Mar/2025:02:04:05 -0400] "HEAD /category/activity/ HTTP/1.1" 200 0 "-" "Mozilla/5.0 (Windows NT 6.2; Win64; x64) AppleWebKit/537.36 (KHTML, like Gecko) Chrome/67.0.2671.47 Safari/537.36"
47.243.56.171 - - [31/Mar/2025:02:04:06 -0400] "GET /category/activity HTTP/1.1" 301 0 "-" "Mozilla/5.0 (Windows NT 6.2; Win64; x64) AppleWebKit/537.36 (KHTML, like Gecko) Chrome/67.0.2671.47 Safari/537.36"
47.243.56.171 - - [31/Mar/2025:02:04:06 -0400] "GET /category/activity/ HTTP/1.1" 200 9470 "-" "Mozilla/5.0 (Windows NT 6.2; Win64; x64) AppleWebKit/537.36 (KHTML, like Gecko) Chrome/67.0.2671.47 Safari/537.36"
47.79.108.144 - - [31/Mar/2025:02:04:08 -0400] "GET / HTTP/1.1" 200 77939 "https://www.google.com/" "Mozilla/5.0 (Linux; Android 10; K) AppleWebKit/537.36 (KHTML, like Gecko) Chrome/132.0.0.0 Mobile Safari/537.36"
198.54.114.83 - - [31/Mar/2025:02:09:29 -0400] "POST /wp-cron.php?doing_wp_cron=1743401369.3925800323486328125000 HTTP/1.1" 200 0 "-" "WordPress/6.7.2; https://baernblog.com"
185.191.171.3 - - [31/Mar/2025:02:09:25 -0400] "GET /what-is-a-casino/ HTTP/1.1" 200 11068 "-" "Mozilla/5.0 (compatible; SemrushBot/7~bl; +http://www.semrush.com/bot.html)"
198.54.114.83 - - [31/Mar/2025:02:09:30 -0400] "POST /wp-admin/admin-ajax.php?action=async_litespeed&nonce=ZuLGUhTNT9io9Jm2he4aIkoJhJYGdOlO&litespeed_type=imgoptm HTTP/1.1" 200 5 "-" "WordPress/6.7.2; https://baernblog.com"
114.119.128.23 - - [31/Mar/2025:02:12:43 -0400] "GET /resort-am-gardasee/ HTTP/1.1" 200 10066 "https://baernblog.com/category/activity/page/21/" "Mozilla/5.0 (Linux; Android 7.0;) AppleWebKit/537.36 (KHTML, like Gecko) Mobile Safari/537.36 (compatible; PetalBot;+https://webmaster.petalsearch.com/site/petalbot)"
58.254.68.93 - - [31/Mar/2025:02:13:21 -0400] "GET /how-to-choose-an-outdoor-led-screen/ HTTP/1.1" 200 11012 "https://baernblog.com" "Mozilla/5.0 (Windows NT 10.0; Win64; x64) AppleWebKit/537.36 (KHTML, like Gecko) Chrome/62.0.3202.94 Safari/537.36"
58.254.68.93 - - [31/Mar/2025:02:13:29 -0400] "POST /wp-comments-post.php HTTP/1.1" 302 0 "https://baernblog.com" "Mozilla/5.0 (Windows NT 10.0; Win64; x64) AppleWebKit/537.36 (KHTML, like Gecko) Chrome/62.0.3202.94 Safari/537.36"
58.254.68.93 - - [31/Mar/2025:02:13:33 -0400] "GET /how-to-choose-an-outdoor-led-screen/ HTTP/1.1" 200 11693 "https://baernblog.com" "Mozilla/4.0 (compatible; MSIE 6.0; Windows NT 5.1; en) Opera 8.50"
78.138.127.62 - - [31/Mar/2025:02:15:37 -0400] "GET /the-benefits-of-managed-investing/ HTTP/1.1" 200 10958 "-" "Mozilla/5.0 (X11; Ubuntu; Linux i686; rv:114.0) Gecko/20100101 Firefox/114.0"
198.54.114.83 - - [31/Mar/2025:02:16:07 -0400] "POST /wp-cron.php?doing_wp_cron=1743401767.6786940097808837890625 HTTP/1.1" 200 0 "-" "WordPress/6.7.2; https://baernblog.com"
114.119.134.146 - - [31/Mar/2025:02:16:06 -0400] "GET /enhance-your-pilates-practice-with-grip-socks-the-perfect-fusion-of-style-and-function/ HTTP/1.1" 200 10745 "https://baernblog.com/the-lakegarden-residences-wing-tais-first-sustainable-development/" "Mozilla/5.0 (Linux; Android 7.0;) AppleWebKit/537.36 (KHTML, like Gecko) Mobile Safari/537.36 (compatible; PetalBot;+https://webmaster.petalsearch.com/site/petalbot)"
198.54.114.83 - - [31/Mar/2025:02:16:08 -0400] "POST /wp-admin/admin-ajax.php?action=async_litespeed&nonce=BZlYi3dEyRceziXX5Bu1mS43VA8Z1XBD&litespeed_type=imgoptm HTTP/1.1" 200 5 "-" "WordPress/6.7.2; https://baernblog.com"
198.54.114.83 - - [31/Mar/2025:02:21:13 -0400] "POST /wp-cron.php?doing_wp_cron=1743402073.7679150104522705078125 HTTP/1.1" 200 0 "-" "WordPress/6.7.2; https://baernblog.com"
54.36.149.56 - - [31/Mar/2025:02:21:11 -0400] "GET /revolutionizing-your-sink-the-instant-hot-and-cold-water-tap/ HTTP/1.1" 200 10721 "-" "Mozilla/5.0 (compatible; AhrefsBot/7.0; +http://ahrefs.com/robot/)"
198.54.114.83 - - [31/Mar/2025:02:21:14 -0400] "POST /wp-admin/admin-ajax.php?action=async_litespeed&nonce=93KT6b5inv4UQAj8gEq2eDfe2TVyE8hF&litespeed_type=imgoptm HTTP/1.1" 200 5 "-" "WordPress/6.7.2; https://baernblog.com"
198.54.114.83 - - [31/Mar/2025:02:22:45 -0400] "POST /wp-admin/admin-ajax.php?action=async_litespeed&nonce=dV0vFSZBuQM4psUn7EEahmCvEOnwoctB&litespeed_type=imgoptm HTTP/1.1" 200 5 "-" "WordPress/6.7.2; https://baernblog.com"
198.54.114.83 - - [31/Mar/2025:02:35:04 -0400] "POST /wp-cron.php?doing_wp_cron=1743402903.7048850059509277343750 HTTP/1.1" 200 0 "-" "WordPress/6.7.2; https://baernblog.com"
198.54.114.83 - - [31/Mar/2025:02:35:04 -0400] "POST /wp-admin/admin-ajax.php?action=async_litespeed&nonce=Q0Eh66dDhLKWRVaPvalGW6VO8PrF7Xxy&litespeed_type=imgoptm HTTP/1.1" 200 0 "-" "WordPress/6.7.2; https://baernblog.com"
114.119.128.23 - - [31/Mar/2025:02:34:58 -0400] "GET /pull-poncho-cachemire-femme/ HTTP/1.1" 200 10167 "https://baernblog.com/investing-in-student-property-checklist-2019/" "Mozilla/5.0 (Linux; Android 7.0;) AppleWebKit/537.36 (KHTML, like Gecko) Mobile Safari/537.36 (compatible; PetalBot;+https://webmaster.petalsearch.com/site/petalbot)"
198.54.114.83 - - [31/Mar/2025:02:35:52 -0400] "POST /wp-cron.php?doing_wp_cron=1743402952.1366620063781738281250 HTTP/1.1" 200 0 "-" "WordPress/6.7.2; https://baernblog.com"
100.27.153.9 - - [31/Mar/2025:02:35:51 -0400] "GET /luniverso-delle-carte-magic-the-gathering/ HTTP/1.1" 200 10799 "-" "Mozilla/5.0 AppleWebKit/537.36 (KHTML, like Gecko; compatible; Amazonbot/0.1; +https://developer.amazon.com/support/amazonbot) Chrome/119.0.6045.214 Safari/537.36"
198.54.114.83 - - [31/Mar/2025:02:37:49 -0400] "POST /wp-cron.php?doing_wp_cron=1743403069.3879899978637695312500 HTTP/1.1" 200 0 "-" "WordPress/6.7.2; https://baernblog.com"
114.119.150.190 - - [31/Mar/2025:02:37:43 -0400] "GET /innovative-hangeleuchten-die-moderne-lampe-fur-ihr-zuhause/ HTTP/1.1" 200 11147 "https://baernblog.com/die-moderne-hangeleuchte-ein-blick-in-die-zukunft-des-designs/" "Mozilla/5.0 (Linux; Android 7.0;) AppleWebKit/537.36 (KHTML, like Gecko) Mobile Safari/537.36 (compatible; PetalBot;+https://webmaster.petalsearch.com/site/petalbot)"
198.54.114.83 - - [31/Mar/2025:02:37:50 -0400] "POST /wp-admin/admin-ajax.php?action=async_litespeed&nonce=Rw1QJxKAWozc5tMO35HfG5aant3OV9X3&litespeed_type=imgoptm HTTP/1.1" 200 0 "-" "WordPress/6.7.2; https://baernblog.com"
54.36.148.130 - - [31/Mar/2025:02:39:52 -0400] "GET /what-is-a-casino/ HTTP/1.1" 200 11068 "-" "Mozilla/5.0 (compatible; AhrefsBot/7.0; +http://ahrefs.com/robot/)"
198.54.114.83 - - [31/Mar/2025:02:40:52 -0400] "POST /wp-cron.php?doing_wp_cron=1743403252.1357300281524658203125 HTTP/1.1" 200 0 "-" "WordPress/6.7.2; https://baernblog.com"
47.128.122.136 - - [31/Mar/2025:02:40:48 -0400] "GET /dometic-parts-and-accessories/ HTTP/1.1" 200 10458 "-" "Mozilla/5.0 (Linux; Android 5.0) AppleWebKit/537.36 (KHTML, like Gecko) Mobile Safari/537.36 (compatible; TikTokSpider; ttspider-feedback@tiktok.com)"
198.54.114.83 - - [31/Mar/2025:02:40:53 -0400] "POST /wp-admin/admin-ajax.php?action=async_litespeed&nonce=eRXW9DoPBrgbM0DHxp544gVYjv7vGBxr&litespeed_type=imgoptm HTTP/1.1" 200 0 "-" "WordPress/6.7.2; https://baernblog.com"
47.128.122.136 - - [31/Mar/2025:02:40:53 -0400] "GET /dometic-parts-and-accessories/ HTTP/1.1" 200 10458 "https://baernblog.com/dometic-parts-and-accessories/" "Mozilla/5.0 (Linux; Android 5.0) AppleWebKit/537.36 (KHTML, like Gecko) Mobile Safari/537.36 (compatible; TikTokSpider; ttspider-feedback@tiktok.com)"
198.54.114.83 - - [31/Mar/2025:02:41:17 -0400] "POST /wp-cron.php?doing_wp_cron=1743403276.9792220592498779296875 HTTP/1.1" 200 0 "-" "WordPress/6.7.2; https://baernblog.com"
156.226.165.110 - - [31/Mar/2025:02:41:16 -0400] "GET /the-convenience-of-creating-qr-codes-for-free/ HTTP/1.1" 200 10502 "-" "Mozilla/5.0 (Macintosh; Intel Mac OS X 10_15_7) AppleWebKit/537.36 (KHTML, like Gecko) Chrome/125.0.0.0 Safari/537.36"
198.54.114.83 - - [31/Mar/2025:02:41:17 -0400] "POST /wp-admin/admin-ajax.php?action=async_litespeed&nonce=TCBTm1NNXxN02LF31KuVpHx7zKAOxQRY&litespeed_type=imgoptm HTTP/1.1" 200 5 "-" "WordPress/6.7.2; https://baernblog.com"
143.198.176.175 - - [31/Mar/2025:02:41:38 -0400] "GET / HTTP/1.1" 200 77939 "-" "Mozilla/5.0 (compatible)"
112.92.70.120 - - [31/Mar/2025:02:43:23 -0400] "GET /the-benefits-of-managed-investing/ HTTP/1.1" 200 10958 "https://baernblog.com" "Mozilla/5.0 (Windows NT 10.0; Win64; x64) AppleWebKit/537.36 (KHTML, like Gecko) Chrome/62.0.3202.94 Safari/537.36"
198.54.114.83 - - [31/Mar/2025:02:43:30 -0400] "POST /wp-cron.php?doing_wp_cron=1743403410.5181078910827636718750 HTTP/1.1" 200 0 "-" "WordPress/6.7.2; https://baernblog.com"
112.92.70.120 - - [31/Mar/2025:02:43:25 -0400] "POST /wp-comments-post.php HTTP/1.1" 302 0 "https://baernblog.com" "Mozilla/5.0 (Windows NT 10.0; Win64; x64) AppleWebKit/537.36 (KHTML, like Gecko) Chrome/62.0.3202.94 Safari/537.36"
198.54.114.83 - - [31/Mar/2025:02:43:32 -0400] "POST /wp-admin/admin-ajax.php?action=async_litespeed&nonce=h2zGfD4LW4pVF1D8mLTmoFH2Cqep2kaZ&litespeed_type=imgoptm HTTP/1.1" 200 0 "-" "WordPress/6.7.2; https://baernblog.com"
58.254.68.93 - - [31/Mar/2025:02:54:42 -0400] "GET /how-to-get-vyvanse-prescription-online/ HTTP/1.1" 200 11054 "https://baernblog.com" "Mozilla/5.0 (Windows NT 10.0; Win64; x64) AppleWebKit/537.36 (KHTML, like Gecko) Chrome/62.0.3202.94 Safari/537.36"
198.54.114.83 - - [31/Mar/2025:02:54:47 -0400] "POST /wp-cron.php?doing_wp_cron=1743404087.5609560012817382812500 HTTP/1.1" 200 0 "-" "WordPress/6.7.2; https://baernblog.com"
198.54.114.83 - - [31/Mar/2025:02:54:48 -0400] "POST /wp-admin/admin-ajax.php?action=async_litespeed&nonce=3Y7QX1Wshz6KUck57btkJ70PGG83XW8T&litespeed_type=imgoptm HTTP/1.1" 200 0 "-" "WordPress/6.7.2; https://baernblog.com"
58.254.68.93 - - [31/Mar/2025:02:54:43 -0400] "POST /wp-comments-post.php HTTP/1.1" 302 0 "https://baernblog.com" "Mozilla/5.0 (Windows NT 10.0; Win64; x64) AppleWebKit/537.36 (KHTML, like Gecko) Chrome/62.0.3202.94 Safari/537.36"
58.254.68.93 - - [31/Mar/2025:02:54:51 -0400] "GET /how-to-get-vyvanse-prescription-online/ HTTP/1.1" 200 11757 "https://baernblog.com" "Mozilla/4.0 (compatible; MSIE 6.0; Windows NT 5.1; en) Opera 8.50"
85.208.98.29 - - [31/Mar/2025:02:56:51 -0400] "GET /exploring-the-best-free-qr-code-generators/ HTTP/1.1" 200 0 "-" "Mozilla/5.0 (compatible; SemrushBot-BA; +http://www.semrush.com/bot.html)"
198.54.114.83 - - [31/Mar/2025:02:56:57 -0400] "POST /wp-cron.php?doing_wp_cron=1743404216.9131219387054443359375 HTTP/1.1" 200 0 "-" "WordPress/6.7.2; https://baernblog.com"
85.208.98.19 - - [31/Mar/2025:02:57:37 -0400] "GET /url-link-shortener/ HTTP/1.1" 200 10085 "-" "Mozilla/5.0 (compatible; SemrushBot-BA; +http://www.semrush.com/bot.html)"
85.208.98.19 - - [31/Mar/2025:02:58:37 -0400] "GET /where-to-buy-likes-and-views-ticktok/ HTTP/1.1" 200 0 "-" "Mozilla/5.0 (compatible; SemrushBot-BA; +http://www.semrush.com/bot.html)"
198.54.114.83 - - [31/Mar/2025:02:58:44 -0400] "POST /wp-cron.php?doing_wp_cron=1743404323.0810019969940185546875 HTTP/1.1" 200 0 "-" "WordPress/6.7.2; https://baernblog.com"
198.54.114.83 - - [31/Mar/2025:02:58:45 -0400] "POST /wp-admin/admin-ajax.php?action=async_litespeed&nonce=fuqw0Ilw4fKv36n7evDySdL2h0clP6ty&litespeed_type=imgoptm HTTP/1.1" 200 0 "-" "WordPress/6.7.2; https://baernblog.com"
198.54.114.83 - - [31/Mar/2025:02:59:31 -0400] "POST /wp-cron.php?doing_wp_cron=1743404371.3798120021820068359375 HTTP/1.1" 200 0 "-" "WordPress/6.7.2; https://baernblog.com"
54.36.148.40 - - [31/Mar/2025:02:59:31 -0400] "GET /the-art-of-capturing-high-quality-nude-photos/ HTTP/1.1" 200 10733 "-" "Mozilla/5.0 (compatible; AhrefsBot/7.0; +http://ahrefs.com/robot/)"
198.54.114.83 - - [31/Mar/2025:02:59:32 -0400] "POST /wp-admin/admin-ajax.php?action=async_litespeed&nonce=tgzbteF8cfMtH7sF6ICKcOv7yoXuWmOc&litespeed_type=imgoptm HTTP/1.1" 200 0 "-" "WordPress/6.7.2; https://baernblog.com"
85.208.98.16 - - [31/Mar/2025:02:59:37 -0400] "GET /buy-saves-on-tictok-to-boost-your-visibility/ HTTP/1.1" 200 10681 "-" "Mozilla/5.0 (compatible; SemrushBot-BA; +http://www.semrush.com/bot.html)"
85.208.98.22 - - [31/Mar/2025:03:02:05 -0400] "GET /best-ways-to-display-your-instagram-profile-picture-in-full-size/ HTTP/1.1" 200 0 "-" "Mozilla/5.0 (compatible; SemrushBot-BA; +http://www.semrush.com/bot.html)"
198.54.114.83 - - [31/Mar/2025:03:02:10 -0400] "POST /wp-cron.php?doing_wp_cron=1743404530.1173050403594970703125 HTTP/1.1" 200 0 "-" "WordPress/6.7.2; https://baernblog.com"
198.54.114.83 - - [31/Mar/2025:03:02:11 -0400] "POST /wp-admin/admin-ajax.php?action=async_litespeed&nonce=pw652XMgYSQf7SA7qPkOLfcf2lKbrsvW&litespeed_type=imgoptm HTTP/1.1" 200 0 "-" "WordPress/6.7.2; https://baernblog.com"
198.54.114.83 - - [31/Mar/2025:03:02:28 -0400] "POST /wp-cron.php?doing_wp_cron=1743404547.7677299976348876953125 HTTP/1.1" 200 0 "-" "WordPress/6.7.2; https://baernblog.com"
85.208.98.20 - - [31/Mar/2025:03:02:27 -0400] "GET /free-qr-code/ HTTP/1.1" 200 10032 "-" "Mozilla/5.0 (compatible; SemrushBot-BA; +http://www.semrush.com/bot.html)"
85.208.98.16 - - [31/Mar/2025:03:02:52 -0400] "GET /instagram-account-freeze-link/ HTTP/1.1" 200 10049 "-" "Mozilla/5.0 (compatible; SemrushBot-BA; +http://www.semrush.com/bot.html)"
198.54.114.83 - - [31/Mar/2025:03:03:26 -0400] "POST /wp-cron.php?doing_wp_cron=1743404605.4728829860687255859375 HTTP/1.1" 200 0 "-" "WordPress/6.7.2; https://baernblog.com"
85.208.98.20 - - [31/Mar/2025:03:03:25 -0400] "GET /chill-out-a-comprehensive-guide-to-freezing-your-instagram-account/ HTTP/1.1" 200 10532 "-" "Mozilla/5.0 (compatible; SemrushBot-BA; +http://www.semrush.com/bot.html)"
198.54.114.83 - - [31/Mar/2025:03:04:14 -0400] "POST /wp-cron.php?doing_wp_cron=1743404653.8802790641784667968750 HTTP/1.1" 200 0 "-" "WordPress/6.7.2; https://baernblog.com"
85.208.98.22 - - [31/Mar/2025:03:04:13 -0400] "GET /buy-instagram-likes/ HTTP/1.1" 200 10010 "-" "Mozilla/5.0 (compatible; SemrushBot-BA; +http://www.semrush.com/bot.html)"
198.54.114.83 - - [31/Mar/2025:03:04:15 -0400] "POST /wp-admin/admin-ajax.php?action=async_litespeed&nonce=HzxrTH0ZE1u5g7V9G1fFtl2hUSQ8gIFf&litespeed_type=imgoptm HTTP/1.1" 200 0 "-" "WordPress/6.7.2; https://baernblog.com"
85.208.98.20 - - [31/Mar/2025:03:04:33 -0400] "GET /deleting-your-instagram-account/ HTTP/1.1" 200 10065 "-" "Mozilla/5.0 (compatible; SemrushBot-BA; +http://www.semrush.com/bot.html)"
2407:3640:2206:2671::1 - - [31/Mar/2025:03:06:22 -0400] "GET /wp-login.php HTTP/1.1" 200 1685 "-" "Mozilla/5.0 (Windows NT 10.0; Win64; x64; rv:67.0) Gecko/20100101 Firefox/67.0"
40.77.167.27 - - [31/Mar/2025:03:15:23 -0400] "GET /e-cigarettes-and-their-effects-on-health/ HTTP/1.1" 200 10959 "-" "Mozilla/5.0 AppleWebKit/537.36 (KHTML, like Gecko; compatible; bingbot/2.0; +http://www.bing.com/bingbot.htm) Chrome/116.0.1938.76 Safari/537.36"
198.54.114.83 - - [31/Mar/2025:03:17:38 -0400] "POST /wp-admin/admin-ajax.php?action=async_litespeed&nonce=gflvUUQZxYzJJsN04SqCOd7L7tn24tDR&litespeed_type=imgoptm HTTP/1.1" 200 0 "-" "WordPress/6.7.2; https://baernblog.com"
198.54.114.83 - - [31/Mar/2025:03:21:52 -0400] "POST /wp-cron.php?doing_wp_cron=1743405711.4068729877471923828125 HTTP/1.1" 200 0 "-" "WordPress/6.7.2; https://baernblog.com"
198.54.114.83 - - [31/Mar/2025:03:21:54 -0400] "POST /wp-admin/admin-ajax.php?action=async_litespeed&nonce=QijguZwrdBKv5C5liet5xnMboqTv9P94&litespeed_type=imgoptm HTTP/1.1" 200 0 "-" "WordPress/6.7.2; https://baernblog.com"
54.36.148.204 - - [31/Mar/2025:03:21:45 -0400] "GET /how-to-solve-a-locksmith-safe-opening-problem/ HTTP/1.1" 200 10999 "-" "Mozilla/5.0 (compatible; AhrefsBot/7.0; +http://ahrefs.com/robot/)"
79.127.224.104 - - [31/Mar/2025:03:30:39 -0400] "GET /nacimiento-de-la-agencia-digital/ HTTP/1.1" 200 12299 "https://baernblog.com/nacimiento-de-la-agencia-digital/" "Mozilla/5.0 (Windows NT 10.0; Win64; x64) AppleWebKit/537.36 (KHTML, like Gecko) Chrome/130.0.0.0 Safari/537.36"
198.54.114.83 - - [31/Mar/2025:03:30:45 -0400] "POST /wp-cron.php?doing_wp_cron=1743406244.9053750038146972656250 HTTP/1.1" 200 0 "-" "WordPress/6.7.2; https://baernblog.com"
198.54.114.83 - - [31/Mar/2025:03:30:46 -0400] "POST /wp-admin/admin-ajax.php?action=async_litespeed&nonce=ZPU5DWJKbEnPaESpRlwVqbNRryp77XKR&litespeed_type=imgoptm HTTP/1.1" 200 0 "-" "WordPress/6.7.2; https://baernblog.com"
79.127.224.104 - - [31/Mar/2025:03:30:40 -0400] "POST /wp-comments-post.php HTTP/1.1" 302 0 "https://baernblog.com/nacimiento-de-la-agencia-digital/" "Mozilla/5.0 (Windows NT 10.0; Win64; x64) AppleWebKit/537.36 (KHTML, like Gecko) Chrome/130.0.0.0 Safari/537.36"
79.127.224.104 - - [31/Mar/2025:03:30:49 -0400] "GET /nacimiento-de-la-agencia-digital/ HTTP/1.1" 200 15464 "https://baernblog.com/nacimiento-de-la-agencia-digital/#comment-22448" "Mozilla/5.0 (Windows NT 10.0; Win64; x64) AppleWebKit/537.36 (KHTML, like Gecko) Chrome/130.0.0.0 Safari/537.36"
198.54.114.83 - - [31/Mar/2025:03:43:20 -0400] "POST /wp-cron.php?doing_wp_cron=1743407000.6923439502716064453125 HTTP/1.1" 200 0 "-" "WordPress/6.7.2; https://baernblog.com"
138.199.59.149 - - [31/Mar/2025:03:43:15 -0400] "POST /xmlrpc.php HTTP/1.1" 200 186 "https://baernblog.com" "Mozilla/5.0 (Windows NT 10.0; rv:91.0) Gecko/20100101 Firefox/91.0"
198.54.114.83 - - [31/Mar/2025:03:43:21 -0400] "POST /wp-admin/admin-ajax.php?action=async_litespeed&nonce=AOErNjjQmVggUCgUsgcWzMxSWNS2yj0k&litespeed_type=imgoptm HTTP/1.1" 200 0 "-" "WordPress/6.7.2; https://baernblog.com"
198.54.114.83 - - [31/Mar/2025:03:46:56 -0400] "POST /wp-cron.php?doing_wp_cron=1743407215.8909900188446044921875 HTTP/1.1" 200 0 "-" "WordPress/6.7.2; https://baernblog.com"
54.36.149.51 - - [31/Mar/2025:03:46:52 -0400] "GET /buy-youtube-views/ HTTP/1.1" 200 10057 "-" "Mozilla/5.0 (compatible; AhrefsBot/7.0; +http://ahrefs.com/robot/)"
198.54.114.83 - - [31/Mar/2025:03:46:57 -0400] "POST /wp-admin/admin-ajax.php?action=async_litespeed&nonce=uWDXJX5xjg1cCgtlMIlji2DHbJY5kSco&litespeed_type=imgoptm HTTP/1.1" 200 0 "-" "WordPress/6.7.2; https://baernblog.com"
112.92.70.120 - - [31/Mar/2025:03:50:31 -0400] "GET /how-to-get-vyvanse-prescription-online/ HTTP/1.1" 200 11054 "https://baernblog.com" "Mozilla/5.0 (Windows NT 10.0; Win64; x64) AppleWebKit/537.36 (KHTML, like Gecko) Chrome/62.0.3202.94 Safari/537.36"
198.54.114.83 - - [31/Mar/2025:03:50:37 -0400] "POST /wp-cron.php?doing_wp_cron=1743407437.4874370098114013671875 HTTP/1.1" 200 0 "-" "WordPress/6.7.2; https://baernblog.com"
198.54.114.83 - - [31/Mar/2025:03:50:38 -0400] "POST /wp-admin/admin-ajax.php?action=async_litespeed&nonce=hO608djGN9VglFlbEo600P1n5leb64Le&litespeed_type=imgoptm HTTP/1.1" 200 0 "-" "WordPress/6.7.2; https://baernblog.com"
112.92.70.120 - - [31/Mar/2025:03:50:33 -0400] "POST /wp-comments-post.php HTTP/1.1" 302 0 "https://baernblog.com" "Mozilla/5.0 (Windows NT 10.0; Win64; x64) AppleWebKit/537.36 (KHTML, like Gecko) Chrome/62.0.3202.94 Safari/537.36"
85.208.98.22 - - [31/Mar/2025:04:01:52 -0400] "GET /the-little-prince-quotes/ HTTP/1.1" 200 0 "-" "Mozilla/5.0 (compatible; SemrushBot-BA; +http://www.semrush.com/bot.html)"
198.54.114.83 - - [31/Mar/2025:04:01:57 -0400] "POST /wp-cron.php?doing_wp_cron=1743408116.8585839271545410156250 HTTP/1.1" 200 0 "-" "WordPress/6.7.2; https://baernblog.com"
198.54.114.83 - - [31/Mar/2025:04:01:57 -0400] "POST /wp-admin/admin-ajax.php?action=async_litespeed&nonce=ueC2oCYZSB2q36NFlNwcdupP8CAPBxHn&litespeed_type=imgoptm HTTP/1.1" 200 0 "-" "WordPress/6.7.2; https://baernblog.com"
112.92.70.120 - - [31/Mar/2025:04:12:42 -0400] "GET /the-benefits-of-managed-investing/ HTTP/1.1" 200 10958 "https://baernblog.com" "Mozilla/5.0 (Windows NT 10.0; Win64; x64) AppleWebKit/537.36 (KHTML, like Gecko) Chrome/62.0.3202.94 Safari/537.36"
198.54.114.83 - - [31/Mar/2025:04:12:46 -0400] "POST /wp-cron.php?doing_wp_cron=1743408766.3573400974273681640625 HTTP/1.1" 200 0 "-" "WordPress/6.7.2; https://baernblog.com"
198.54.114.83 - - [31/Mar/2025:04:12:46 -0400] "POST /wp-cron.php?doing_wp_cron=1743408766.3570079803466796875000 HTTP/1.1" 200 0 "-" "WordPress/6.7.2; https://baernblog.com"
114.119.148.160 - - [31/Mar/2025:04:12:45 -0400] "GET /page/3/ HTTP/1.1" 200 9221 "https://baernblog.com/page/4/" "Mozilla/5.0 (Linux; Android 7.0;) AppleWebKit/537.36 (KHTML, like Gecko) Mobile Safari/537.36 (compatible; PetalBot;+https://webmaster.petalsearch.com/site/petalbot)"
198.54.114.83 - - [31/Mar/2025:04:12:46 -0400] "POST /wp-admin/admin-ajax.php?action=async_litespeed&nonce=ZngsxtNMIWXLIfVknEHKVNX9rJE0rP72&litespeed_type=imgoptm HTTP/1.1" 200 5 "-" "WordPress/6.7.2; https://baernblog.com"
112.92.70.120 - - [31/Mar/2025:04:12:43 -0400] "POST /wp-comments-post.php HTTP/1.1" 302 0 "https://baernblog.com" "Mozilla/5.0 (Windows NT 10.0; Win64; x64) AppleWebKit/537.36 (KHTML, like Gecko) Chrome/62.0.3202.94 Safari/537.36"
112.92.70.120 - - [31/Mar/2025:04:12:49 -0400] "GET /the-benefits-of-managed-investing/ HTTP/1.1" 200 11703 "https://baernblog.com" "Mozilla/4.0 (compatible; MSIE 6.0; Windows NT 5.1; en) Opera 8.50"
51.222.253.15 - - [31/Mar/2025:04:15:32 -0400] "GET /robots.txt HTTP/1.1" 200 108 "-" "Mozilla/5.0 (compatible; AhrefsBot/7.0; +http://ahrefs.com/robot/)"
198.54.114.83 - - [31/Mar/2025:04:15:38 -0400] "POST /wp-cron.php?doing_wp_cron=1743408938.0235700607299804687500 HTTP/1.1" 200 0 "-" "WordPress/6.7.2; https://baernblog.com"
54.36.148.3 - - [31/Mar/2025:04:15:33 -0400] "GET /resort-on-lake-garda/ HTTP/1.1" 200 9964 "-" "Mozilla/5.0 (compatible; AhrefsBot/7.0; +http://ahrefs.com/robot/)"
198.54.114.83 - - [31/Mar/2025:04:15:38 -0400] "POST /wp-admin/admin-ajax.php?action=async_litespeed&nonce=HaqkLxPwkj8d30cSGQVtyCuw1OogDkId&litespeed_type=imgoptm HTTP/1.1" 200 5 "-" "WordPress/6.7.2; https://baernblog.com"
114.119.150.190 - - [31/Mar/2025:04:22:39 -0400] "GET /exploring-the-diversity-of-channels/ HTTP/1.1" 200 10749 "https://baernblog.com/liberer-la-visibilite-numerique-la-puissance-du-referencement/" "Mozilla/5.0 (Linux; Android 7.0;) AppleWebKit/537.36 (KHTML, like Gecko) Mobile Safari/537.36 (compatible; PetalBot;+https://webmaster.petalsearch.com/site/petalbot)"
198.54.114.83 - - [31/Mar/2025:04:27:17 -0400] "POST /wp-admin/admin-ajax.php?action=async_litespeed&nonce=U4itaaOQKI9reNQcuDwwtogF9uNH72Ja&litespeed_type=imgoptm HTTP/1.1" 200 5 "-" "WordPress/6.7.2; https://baernblog.com"
