3.129.68.127 - - [02/Apr/2025:06:07:28 -0400] "GET /creating-a-safe-welding-environment HTTP/1.1" 301 0 "-" "Mozilla/5.0 AppleWebKit/537.36 (KHTML, like Gecko; compatible; ClaudeBot/1.0; +claudebot@anthropic.com)"
3.129.68.127 - - [02/Apr/2025:06:07:28 -0400] "GET /wp-json/wp/v2/posts/981 HTTP/1.1" 200 12476 "-" "Mozilla/5.0 AppleWebKit/537.36 (KHTML, like Gecko; compatible; ClaudeBot/1.0; +claudebot@anthropic.com)"
198.54.114.83 - - [02/Apr/2025:06:07:32 -0400] "POST /wp-cron.php?doing_wp_cron=1743588451.2162220478057861328125 HTTP/1.1" 200 0 "-" "WordPress/6.7.2; https://baernblog.com"
3.129.68.127 - - [02/Apr/2025:06:07:32 -0400] "GET /creating-a-safe-welding-environment/ HTTP/1.1" 200 11490 "https://baernblog.com/creating-a-safe-welding-environment" "Mozilla/5.0 AppleWebKit/537.36 (KHTML, like Gecko; compatible; ClaudeBot/1.0; +claudebot@anthropic.com)"
3.129.68.127 - - [02/Apr/2025:06:07:29 -0400] "GET /wp-json/wp/v2/posts/977 HTTP/1.1" 200 12306 "-" "Mozilla/5.0 AppleWebKit/537.36 (KHTML, like Gecko; compatible; ClaudeBot/1.0; +claudebot@anthropic.com)"
198.54.114.83 - - [02/Apr/2025:06:07:32 -0400] "POST /wp-admin/admin-ajax.php?action=async_litespeed&nonce=E56CkbVH1QqknI5jK4f59SYA5JXJD1VH&litespeed_type=imgoptm HTTP/1.1" 200 0 "-" "WordPress/6.7.2; https://baernblog.com"
112.92.70.120 - - [02/Apr/2025:06:09:22 -0400] "GET /the-benefits-of-managed-investing/ HTTP/1.1" 200 10958 "https://baernblog.com" "Mozilla/5.0 (Windows NT 10.0; Win64; x64) AppleWebKit/537.36 (KHTML, like Gecko) Chrome/62.0.3202.94 Safari/537.36"
198.54.114.83 - - [02/Apr/2025:06:09:28 -0400] "POST /wp-cron.php?doing_wp_cron=1743588568.0747981071472167968750 HTTP/1.1" 200 0 "-" "WordPress/6.7.2; https://baernblog.com"
198.54.114.83 - - [02/Apr/2025:06:09:29 -0400] "POST /wp-admin/admin-ajax.php?action=async_litespeed&nonce=PahBVRfllbQD0TuGiTrj8r7bt5Q4ykek&litespeed_type=imgoptm HTTP/1.1" 200 0 "-" "WordPress/6.7.2; https://baernblog.com"
112.92.70.120 - - [02/Apr/2025:06:09:24 -0400] "POST /wp-comments-post.php HTTP/1.1" 302 0 "https://baernblog.com" "Mozilla/5.0 (Windows NT 10.0; Win64; x64) AppleWebKit/537.36 (KHTML, like Gecko) Chrome/62.0.3202.94 Safari/537.36"
47.82.14.83 - - [02/Apr/2025:06:09:32 -0400] "GET /what-is-a-gas-slot/ HTTP/1.1" 200 11028 "-" "Mozilla/5.0 (Windows NT 10.0; Win64; x64) AppleWebKit/537.36 (KHTML, like Gecko) Chrome/122.0.0.0 Safari/537.36"
3.17.185.36 - - [02/Apr/2025:06:09:50 -0400] "GET /wp-json/wp/v2/posts/1107 HTTP/1.1" 200 10412 "-" "Mozilla/5.0 AppleWebKit/537.36 (KHTML, like Gecko; compatible; ClaudeBot/1.0; +claudebot@anthropic.com)"
3.17.185.36 - - [02/Apr/2025:06:09:50 -0400] "GET /wp-json/wp/v2/posts/351 HTTP/1.1" 200 13932 "-" "Mozilla/5.0 AppleWebKit/537.36 (KHTML, like Gecko; compatible; ClaudeBot/1.0; +claudebot@anthropic.com)"
3.17.185.36 - - [02/Apr/2025:06:09:50 -0400] "GET /wp-json/wp/v2/posts/1541 HTTP/1.1" 200 10249 "-" "Mozilla/5.0 AppleWebKit/537.36 (KHTML, like Gecko; compatible; ClaudeBot/1.0; +claudebot@anthropic.com)"
198.54.114.83 - - [02/Apr/2025:06:10:39 -0400] "POST /wp-admin/admin-ajax.php?action=async_litespeed&nonce=yHVb5MCo0GkUMQC4Hs2guViAkXipfF1j&litespeed_type=imgoptm HTTP/1.1" 200 5 "-" "WordPress/6.7.2; https://baernblog.com"
58.254.68.93 - - [02/Apr/2025:06:11:23 -0400] "GET /how-to-get-vyvanse-prescription-online/ HTTP/1.1" 200 11054 "https://baernblog.com" "Mozilla/5.0 (Windows NT 10.0; Win64; x64) AppleWebKit/537.36 (KHTML, like Gecko) Chrome/62.0.3202.94 Safari/537.36"
198.54.114.83 - - [02/Apr/2025:06:11:26 -0400] "POST /wp-cron.php?doing_wp_cron=1743588686.2743229866027832031250 HTTP/1.1" 200 0 "-" "WordPress/6.7.2; https://baernblog.com"
198.54.114.83 - - [02/Apr/2025:06:11:27 -0400] "POST /wp-admin/admin-ajax.php?action=async_litespeed&nonce=v0Wjmykxu9jUdjLhPzTuYB4bapZOJTL2&litespeed_type=imgoptm HTTP/1.1" 200 5 "-" "WordPress/6.7.2; https://baernblog.com"
58.254.68.93 - - [02/Apr/2025:06:11:25 -0400] "POST /wp-comments-post.php HTTP/1.1" 302 0 "https://baernblog.com" "Mozilla/5.0 (Windows NT 10.0; Win64; x64) AppleWebKit/537.36 (KHTML, like Gecko) Chrome/62.0.3202.94 Safari/537.36"
119.28.176.145 - - [02/Apr/2025:06:11:29 -0400] "GET /innovative-solutions-for-a-digital-world/ HTTP/1.1" 200 10539 "-" "Python/3.10 aiohttp/3.10.5"
58.254.68.93 - - [02/Apr/2025:06:11:35 -0400] "GET /how-to-get-vyvanse-prescription-online/ HTTP/1.1" 200 11872 "https://baernblog.com" "Mozilla/4.0 (compatible; MSIE 6.0; Windows NT 5.1; en) Opera 8.50"
3.14.153.55 - - [02/Apr/2025:06:12:15 -0400] "GET /wp-json/wp/v2/posts/2151 HTTP/1.1" 200 11013 "-" "Mozilla/5.0 AppleWebKit/537.36 (KHTML, like Gecko; compatible; ClaudeBot/1.0; +claudebot@anthropic.com)"
198.54.114.83 - - [02/Apr/2025:06:12:15 -0400] "POST /wp-cron.php?doing_wp_cron=1743588735.3150970935821533203125 HTTP/1.1" 200 0 "-" "WordPress/6.7.2; https://baernblog.com"
3.14.153.55 - - [02/Apr/2025:06:12:15 -0400] "GET /wp-json/wp/v2/posts/2050 HTTP/1.1" 200 10553 "-" "Mozilla/5.0 AppleWebKit/537.36 (KHTML, like Gecko; compatible; ClaudeBot/1.0; +claudebot@anthropic.com)"
3.14.153.55 - - [02/Apr/2025:06:12:14 -0400] "GET /wp-json/wp/v2/posts/635 HTTP/1.1" 200 12058 "-" "Mozilla/5.0 AppleWebKit/537.36 (KHTML, like Gecko; compatible; ClaudeBot/1.0; +claudebot@anthropic.com)"
198.54.114.83 - - [02/Apr/2025:06:12:16 -0400] "POST /wp-admin/admin-ajax.php?action=async_litespeed&nonce=nkEkcyoH262eUIHxy39S60akCIef1mLm&litespeed_type=imgoptm HTTP/1.1" 200 5 "-" "WordPress/6.7.2; https://baernblog.com"
198.54.114.83 - - [02/Apr/2025:06:14:01 -0400] "POST /wp-admin/admin-ajax.php?action=async_litespeed&nonce=VJsRRlx3eTOmUxuwJVJqJLjc7YY1TDiq&litespeed_type=imgoptm HTTP/1.1" 200 5 "-" "WordPress/6.7.2; https://baernblog.com"
198.54.114.83 - - [02/Apr/2025:06:14:37 -0400] "POST /wp-cron.php?doing_wp_cron=1743588877.2364890575408935546875 HTTP/1.1" 200 0 "-" "WordPress/6.7.2; https://baernblog.com"
13.59.84.60 - - [02/Apr/2025:06:14:37 -0400] "GET /wp-json/wp/v2/posts/223 HTTP/1.1" 200 12538 "-" "Mozilla/5.0 AppleWebKit/537.36 (KHTML, like Gecko; compatible; ClaudeBot/1.0; +claudebot@anthropic.com)"
13.59.84.60 - - [02/Apr/2025:06:14:36 -0400] "GET /wp-json/wp/v2/posts/1167 HTTP/1.1" 200 10117 "-" "Mozilla/5.0 AppleWebKit/537.36 (KHTML, like Gecko; compatible; ClaudeBot/1.0; +claudebot@anthropic.com)"
13.59.84.60 - - [02/Apr/2025:06:14:37 -0400] "GET /wp-json/wp/v2/posts/1348 HTTP/1.1" 200 10554 "-" "Mozilla/5.0 AppleWebKit/537.36 (KHTML, like Gecko; compatible; ClaudeBot/1.0; +claudebot@anthropic.com)"
198.54.114.83 - - [02/Apr/2025:06:14:38 -0400] "POST /wp-admin/admin-ajax.php?action=async_litespeed&nonce=JZr9SgzOqeQW2YUibNkCO6RDZXF9YgFX&litespeed_type=imgoptm HTTP/1.1" 200 0 "-" "WordPress/6.7.2; https://baernblog.com"
8.210.15.246 - - [02/Apr/2025:06:14:48 -0400] "HEAD /page/2 HTTP/1.1" 301 0 "-" "Mozilla/5.0 (Windows NT 10.0; Win64; x64) AppleWebKit/537.36 (KHTML, like Gecko) Chrome/64.0.2552.165 Safari/537.36"
8.210.15.246 - - [02/Apr/2025:06:14:49 -0400] "HEAD /page/2/ HTTP/1.1" 200 0 "-" "Mozilla/5.0 (Windows NT 10.0; Win64; x64) AppleWebKit/537.36 (KHTML, like Gecko) Chrome/64.0.2552.165 Safari/537.36"
8.210.15.246 - - [02/Apr/2025:06:14:49 -0400] "GET /page/2 HTTP/1.1" 301 0 "-" "Mozilla/5.0 (Windows NT 10.0; Win64; x64) AppleWebKit/537.36 (KHTML, like Gecko) Chrome/64.0.2552.165 Safari/537.36"
8.210.15.246 - - [02/Apr/2025:06:14:49 -0400] "GET /page/2/ HTTP/1.1" 200 9615 "-" "Mozilla/5.0 (Windows NT 10.0; Win64; x64) AppleWebKit/537.36 (KHTML, like Gecko) Chrome/64.0.2552.165 Safari/537.36"
47.82.28.192 - - [02/Apr/2025:06:14:59 -0400] "GET /discover-unblocked-games-6x-your-gateway-to-free-fun/ HTTP/1.1" 200 10815 "-" "Mozilla/5.0 (iPad; CPU OS 17_0_2 like Mac OS X) AppleWebKit/605.1.15 (KHTML, like Gecko) Version/17.0 Mobile/15E148 Safari/604.1"
40.77.167.47 - - [02/Apr/2025:06:15:15 -0400] "GET /unlocking-wellness-hypnotherapy-in-singapore/ HTTP/1.1" 200 10523 "-" "Mozilla/5.0 AppleWebKit/537.36 (KHTML, like Gecko; compatible; bingbot/2.0; +http://www.bing.com/bingbot.htm) Chrome/116.0.1938.76 Safari/537.36"
198.54.114.83 - - [02/Apr/2025:06:15:17 -0400] "POST /wp-admin/admin-ajax.php?action=async_litespeed&nonce=VJcYokykER2gDAfbzS0b76OaUf0VJb3W&litespeed_type=imgoptm HTTP/1.1" 200 0 "-" "WordPress/6.7.2; https://baernblog.com"
47.242.235.57 - - [02/Apr/2025:06:16:52 -0400] "HEAD /category/activity HTTP/1.1" 301 0 "-" "Mozilla/5.0 (Windows NT 10.0; Win64; x64) AppleWebKit/537.36 (KHTML, like Gecko) Chrome/68.0.3605.83 Safari/537.36"
47.242.235.57 - - [02/Apr/2025:06:16:54 -0400] "HEAD /category/activity/ HTTP/1.1" 200 0 "-" "Mozilla/5.0 (Windows NT 10.0; Win64; x64) AppleWebKit/537.36 (KHTML, like Gecko) Chrome/68.0.3605.83 Safari/537.36"
47.242.235.57 - - [02/Apr/2025:06:16:55 -0400] "GET /category/activity HTTP/1.1" 301 0 "-" "Mozilla/5.0 (Windows NT 10.0; Win64; x64) AppleWebKit/537.36 (KHTML, like Gecko) Chrome/68.0.3605.83 Safari/537.36"
47.242.235.57 - - [02/Apr/2025:06:16:56 -0400] "GET /category/activity/ HTTP/1.1" 200 9470 "-" "Mozilla/5.0 (Windows NT 10.0; Win64; x64) AppleWebKit/537.36 (KHTML, like Gecko) Chrome/68.0.3605.83 Safari/537.36"
3.12.123.254 - - [02/Apr/2025:06:16:59 -0400] "GET /une-emplacement-dexception HTTP/1.1" 301 0 "-" "Mozilla/5.0 AppleWebKit/537.36 (KHTML, like Gecko; compatible; ClaudeBot/1.0; +claudebot@anthropic.com)"
198.54.114.83 - - [02/Apr/2025:06:17:03 -0400] "POST /wp-cron.php?doing_wp_cron=1743589022.1804630756378173828125 HTTP/1.1" 200 0 "-" "WordPress/6.7.2; https://baernblog.com"
3.12.123.254 - - [02/Apr/2025:06:16:59 -0400] "GET /wp-json/wp/v2/posts/633 HTTP/1.1" 200 13592 "-" "Mozilla/5.0 AppleWebKit/537.36 (KHTML, like Gecko; compatible; ClaudeBot/1.0; +claudebot@anthropic.com)"
3.12.123.254 - - [02/Apr/2025:06:17:04 -0400] "GET /une-emplacement-dexception/ HTTP/1.1" 200 10728 "https://baernblog.com/une-emplacement-dexception" "Mozilla/5.0 AppleWebKit/537.36 (KHTML, like Gecko; compatible; ClaudeBot/1.0; +claudebot@anthropic.com)"
3.12.123.254 - - [02/Apr/2025:06:16:59 -0400] "GET /wp-json/wp/v2/posts/2329 HTTP/1.1" 200 9119 "-" "Mozilla/5.0 AppleWebKit/537.36 (KHTML, like Gecko; compatible; ClaudeBot/1.0; +claudebot@anthropic.com)"
2a03:2880:f800:c:: - - [02/Apr/2025:06:17:26 -0400] "GET /a-showcase-of-contemporary-luxury/ HTTP/1.1" 200 10388 "-" "meta-externalagent/1.1 (+https://developers.facebook.com/docs/sharing/webmasters/crawler)"
198.54.114.83 - - [02/Apr/2025:06:18:21 -0400] "POST /wp-cron.php?doing_wp_cron=1743589100.6580660343170166015625 HTTP/1.1" 200 0 "-" "WordPress/6.7.2; https://baernblog.com"
47.82.26.35 - - [02/Apr/2025:06:18:20 -0400] "GET /2020/11/ HTTP/1.1" 301 0 "-" "Mozilla/5.0 (Linux; Android 10; K) AppleWebKit/537.36 (KHTML, like Gecko) Chrome/122.0.0.0 Mobile Safari/537.36"
198.54.114.83 - - [02/Apr/2025:06:18:22 -0400] "POST /wp-admin/admin-ajax.php?action=async_litespeed&nonce=ops1akFjQJ2WCE9wvqWQY2BYKC8WEER1&litespeed_type=imgoptm HTTP/1.1" 200 0 "-" "WordPress/6.7.2; https://baernblog.com"
47.82.26.35 - - [02/Apr/2025:06:18:25 -0400] "GET / HTTP/1.1" 200 77939 "-" "Mozilla/5.0 (Linux; Android 10; K) AppleWebKit/537.36 (KHTML, like Gecko) Chrome/122.0.0.0 Mobile Safari/537.36"
3.145.156.202 - - [02/Apr/2025:06:19:20 -0400] "GET /unleashing-potential-gpu-cloud-services/ HTTP/1.1" 200 10462 "-" "Mozilla/5.0 AppleWebKit/537.36 (KHTML, like Gecko; compatible; ClaudeBot/1.0; +claudebot@anthropic.com)"
3.145.156.202 - - [02/Apr/2025:06:19:21 -0400] "GET /glutathione-injection/feed HTTP/1.1" 301 0 "-" "Mozilla/5.0 AppleWebKit/537.36 (KHTML, like Gecko; compatible; ClaudeBot/1.0; +claudebot@anthropic.com)"
198.54.114.83 - - [02/Apr/2025:06:19:23 -0400] "POST /wp-cron.php?doing_wp_cron=1743589161.6402690410614013671875 HTTP/1.1" 200 0 "-" "WordPress/6.7.2; https://baernblog.com"
3.145.156.202 - - [02/Apr/2025:06:19:21 -0400] "GET /wp-json/wp/v2/posts/640 HTTP/1.1" 200 8966 "-" "Mozilla/5.0 AppleWebKit/537.36 (KHTML, like Gecko; compatible; ClaudeBot/1.0; +claudebot@anthropic.com)"
3.145.156.202 - - [02/Apr/2025:06:19:23 -0400] "GET /glutathione-injection/feed/ HTTP/1.1" 200 376 "https://baernblog.com/glutathione-injection/feed" "Mozilla/5.0 AppleWebKit/537.36 (KHTML, like Gecko; compatible; ClaudeBot/1.0; +claudebot@anthropic.com)"
198.54.114.83 - - [02/Apr/2025:06:20:58 -0400] "POST /wp-cron.php?doing_wp_cron=1743589256.5606861114501953125000 HTTP/1.1" 200 0 "-" "WordPress/6.7.2; https://baernblog.com"
240e:350:8003:808e:4ecc:6a42:5ff7:5ca9 - - [02/Apr/2025:06:20:51 -0400] "POST /wp-comments-post.php HTTP/1.1" 200 983 "-" "Mozilla/5.0 (Windows NT 10.0; Win64; x64) AppleWebKit/537.36 (KHTML, like Gecko) Chrome/108.0.0.0 Safari/537.36 Edg/108.0.1462.46"
3.144.148.228 - - [02/Apr/2025:06:21:39 -0400] "GET /car-image-editing-service/ HTTP/1.1" 200 10318 "-" "Mozilla/5.0 AppleWebKit/537.36 (KHTML, like Gecko; compatible; ClaudeBot/1.0; +claudebot@anthropic.com)"
3.144.148.228 - - [02/Apr/2025:06:21:39 -0400] "GET /harnessing-the-power-of-gpu-cloud-services-2 HTTP/1.1" 301 0 "-" "Mozilla/5.0 AppleWebKit/537.36 (KHTML, like Gecko; compatible; ClaudeBot/1.0; +claudebot@anthropic.com)"
3.144.148.228 - - [02/Apr/2025:06:21:39 -0400] "GET /sometimes-its-smart-to-travel-with-more-6-things-to-pack-if-you-are-moving-overseas/feed HTTP/1.1" 301 0 "-" "Mozilla/5.0 AppleWebKit/537.36 (KHTML, like Gecko; compatible; ClaudeBot/1.0; +claudebot@anthropic.com)"
3.144.148.228 - - [02/Apr/2025:06:21:41 -0400] "GET /harnessing-the-power-of-gpu-cloud-services-2/ HTTP/1.1" 200 10622 "https://baernblog.com/harnessing-the-power-of-gpu-cloud-services-2" "Mozilla/5.0 AppleWebKit/537.36 (KHTML, like Gecko; compatible; ClaudeBot/1.0; +claudebot@anthropic.com)"
3.144.148.228 - - [02/Apr/2025:06:21:41 -0400] "GET /sometimes-its-smart-to-travel-with-more-6-things-to-pack-if-you-are-moving-overseas/feed/ HTTP/1.1" 200 477 "https://baernblog.com/sometimes-its-smart-to-travel-with-more-6-things-to-pack-if-you-are-moving-overseas/feed" "Mozilla/5.0 AppleWebKit/537.36 (KHTML, like Gecko; compatible; ClaudeBot/1.0; +claudebot@anthropic.com)"
198.54.114.83 - - [02/Apr/2025:06:24:03 -0400] "POST /wp-cron.php?doing_wp_cron=1743589443.5459220409393310546875 HTTP/1.1" 200 0 "-" "WordPress/6.7.2; https://baernblog.com"
198.54.114.83 - - [02/Apr/2025:06:24:03 -0400] "POST /wp-cron.php?doing_wp_cron=1743589443.5457110404968261718750 HTTP/1.1" 200 0 "-" "WordPress/6.7.2; https://baernblog.com"
198.54.114.83 - - [02/Apr/2025:06:24:03 -0400] "POST /wp-cron.php?doing_wp_cron=1743589443.5471160411834716796875 HTTP/1.1" 200 0 "-" "WordPress/6.7.2; https://baernblog.com"
18.221.153.229 - - [02/Apr/2025:06:24:00 -0400] "GET /system-boilers-versus-combination-boilers HTTP/1.1" 301 0 "-" "Mozilla/5.0 AppleWebKit/537.36 (KHTML, like Gecko; compatible; ClaudeBot/1.0; +claudebot@anthropic.com)"
18.221.153.229 - - [02/Apr/2025:06:24:00 -0400] "GET /unlocking-the-secrets-of-rv-fridge-parts-for-optimal-cooling HTTP/1.1" 301 0 "-" "Mozilla/5.0 AppleWebKit/537.36 (KHTML, like Gecko; compatible; ClaudeBot/1.0; +claudebot@anthropic.com)"
18.221.153.229 - - [02/Apr/2025:06:24:04 -0400] "GET /system-boilers-versus-combination-boilers/ HTTP/1.1" 200 11053 "https://baernblog.com/system-boilers-versus-combination-boilers" "Mozilla/5.0 AppleWebKit/537.36 (KHTML, like Gecko; compatible; ClaudeBot/1.0; +claudebot@anthropic.com)"
18.221.153.229 - - [02/Apr/2025:06:24:00 -0400] "GET /how-norcold-rv-refrigerators-work/feed HTTP/1.1" 301 0 "-" "Mozilla/5.0 AppleWebKit/537.36 (KHTML, like Gecko; compatible; ClaudeBot/1.0; +claudebot@anthropic.com)"
198.54.114.83 - - [02/Apr/2025:06:24:04 -0400] "POST /wp-admin/admin-ajax.php?action=async_litespeed&nonce=vauEforXc1a5nUwOj4G7xN6ZxlachS33&litespeed_type=imgoptm HTTP/1.1" 200 0 "-" "WordPress/6.7.2; https://baernblog.com"
18.221.153.229 - - [02/Apr/2025:06:24:05 -0400] "GET /how-norcold-rv-refrigerators-work/feed/ HTTP/1.1" 200 398 "https://baernblog.com/how-norcold-rv-refrigerators-work/feed" "Mozilla/5.0 AppleWebKit/537.36 (KHTML, like Gecko; compatible; ClaudeBot/1.0; +claudebot@anthropic.com)"
18.221.153.229 - - [02/Apr/2025:06:24:04 -0400] "GET /unlocking-the-secrets-of-rv-fridge-parts-for-optimal-cooling/ HTTP/1.1" 200 11072 "https://baernblog.com/unlocking-the-secrets-of-rv-fridge-parts-for-optimal-cooling" "Mozilla/5.0 AppleWebKit/537.36 (KHTML, like Gecko; compatible; ClaudeBot/1.0; +claudebot@anthropic.com)"
52.15.96.123 - - [02/Apr/2025:06:26:22 -0400] "GET /mypopsox/ HTTP/1.1" 200 11052 "-" "Mozilla/5.0 AppleWebKit/537.36 (KHTML, like Gecko; compatible; ClaudeBot/1.0; +claudebot@anthropic.com)"
198.54.114.83 - - [02/Apr/2025:06:26:26 -0400] "POST /wp-cron.php?doing_wp_cron=1743589585.2432019710540771484375 HTTP/1.1" 200 0 "-" "WordPress/6.7.2; https://baernblog.com"
198.54.114.83 - - [02/Apr/2025:06:26:26 -0400] "POST /wp-cron.php?doing_wp_cron=1743589585.2396330833435058593750 HTTP/1.1" 200 0 "-" "WordPress/6.7.2; https://baernblog.com"
52.15.96.123 - - [02/Apr/2025:06:26:22 -0400] "GET /unraveling-the-shadows-understanding-gaslighting-in-relationships HTTP/1.1" 301 0 "-" "Mozilla/5.0 AppleWebKit/537.36 (KHTML, like Gecko; compatible; ClaudeBot/1.0; +claudebot@anthropic.com)"
52.15.96.123 - - [02/Apr/2025:06:26:22 -0400] "GET /the-watcher-characters HTTP/1.1" 301 0 "-" "Mozilla/5.0 AppleWebKit/537.36 (KHTML, like Gecko; compatible; ClaudeBot/1.0; +claudebot@anthropic.com)"
52.15.96.123 - - [02/Apr/2025:06:26:27 -0400] "GET /the-watcher-characters/ HTTP/1.1" 200 10520 "https://baernblog.com/the-watcher-characters" "Mozilla/5.0 AppleWebKit/537.36 (KHTML, like Gecko; compatible; ClaudeBot/1.0; +claudebot@anthropic.com)"
198.54.114.83 - - [02/Apr/2025:06:26:27 -0400] "POST /wp-admin/admin-ajax.php?action=async_litespeed&nonce=12cVrIbU0NSEKVCNvyNtQxnlbgI3h9Y8&litespeed_type=imgoptm HTTP/1.1" 200 0 "-" "WordPress/6.7.2; https://baernblog.com"
52.15.96.123 - - [02/Apr/2025:06:26:27 -0400] "GET /unraveling-the-shadows-understanding-gaslighting-in-relationships/ HTTP/1.1" 200 11554 "https://baernblog.com/unraveling-the-shadows-understanding-gaslighting-in-relationships" "Mozilla/5.0 AppleWebKit/537.36 (KHTML, like Gecko; compatible; ClaudeBot/1.0; +claudebot@anthropic.com)"
198.54.114.83 - - [02/Apr/2025:06:28:47 -0400] "POST /wp-cron.php?doing_wp_cron=1743589727.3869299888610839843750 HTTP/1.1" 200 0 "-" "WordPress/6.7.2; https://baernblog.com"
198.54.114.83 - - [02/Apr/2025:06:28:47 -0400] "POST /wp-cron.php?doing_wp_cron=1743589727.3880250453948974609375 HTTP/1.1" 200 0 "-" "WordPress/6.7.2; https://baernblog.com"
3.145.180.18 - - [02/Apr/2025:06:28:45 -0400] "GET /the-word-continuum-example-sentences-and-fonts-the-pronunciation-of-the HTTP/1.1" 301 0 "-" "Mozilla/5.0 AppleWebKit/537.36 (KHTML, like Gecko; compatible; ClaudeBot/1.0; +claudebot@anthropic.com)"
3.145.180.18 - - [02/Apr/2025:06:28:45 -0400] "GET /unraveling-the-myth-can-you-buy-youtube-subscribers-safely HTTP/1.1" 301 0 "-" "Mozilla/5.0 AppleWebKit/537.36 (KHTML, like Gecko; compatible; ClaudeBot/1.0; +claudebot@anthropic.com)"
3.145.180.18 - - [02/Apr/2025:06:28:45 -0400] "GET /levolution-du-mobilier-de-bureau/feed HTTP/1.1" 301 0 "-" "Mozilla/5.0 AppleWebKit/537.36 (KHTML, like Gecko; compatible; ClaudeBot/1.0; +claudebot@anthropic.com)"
3.145.180.18 - - [02/Apr/2025:06:28:48 -0400] "GET /levolution-du-mobilier-de-bureau/feed/ HTTP/1.1" 200 410 "https://baernblog.com/levolution-du-mobilier-de-bureau/feed" "Mozilla/5.0 AppleWebKit/537.36 (KHTML, like Gecko; compatible; ClaudeBot/1.0; +claudebot@anthropic.com)"
198.54.114.83 - - [02/Apr/2025:06:28:48 -0400] "POST /wp-admin/admin-ajax.php?action=async_litespeed&nonce=crTxRSEnqTqBXTkLMMmFX1Wqg5AnM2oq&litespeed_type=imgoptm HTTP/1.1" 200 0 "-" "WordPress/6.7.2; https://baernblog.com"
3.145.180.18 - - [02/Apr/2025:06:28:48 -0400] "GET /the-word-continuum-example-sentences-and-fonts-the-pronunciation-of-the/ HTTP/1.1" 200 10339 "https://baernblog.com/the-word-continuum-example-sentences-and-fonts-the-pronunciation-of-the" "Mozilla/5.0 AppleWebKit/537.36 (KHTML, like Gecko; compatible; ClaudeBot/1.0; +claudebot@anthropic.com)"
3.145.180.18 - - [02/Apr/2025:06:28:48 -0400] "GET /unraveling-the-myth-can-you-buy-youtube-subscribers-safely/ HTTP/1.1" 200 10917 "https://baernblog.com/unraveling-the-myth-can-you-buy-youtube-subscribers-safely" "Mozilla/5.0 AppleWebKit/537.36 (KHTML, like Gecko; compatible; ClaudeBot/1.0; +claudebot@anthropic.com)"
3.12.148.208 - - [02/Apr/2025:06:31:08 -0400] "GET /the-ethics-and-efficacy-of-buying-youtube-views-and-subscribers HTTP/1.1" 301 0 "-" "Mozilla/5.0 AppleWebKit/537.36 (KHTML, like Gecko; compatible; ClaudeBot/1.0; +claudebot@anthropic.com)"
198.54.114.83 - - [02/Apr/2025:06:31:12 -0400] "POST /wp-cron.php?doing_wp_cron=1743589871.2711510658264160156250 HTTP/1.1" 200 0 "-" "WordPress/6.7.2; https://baernblog.com"
198.54.114.83 - - [02/Apr/2025:06:31:12 -0400] "POST /wp-cron.php?doing_wp_cron=1743589871.2705469131469726562500 HTTP/1.1" 200 0 "-" "WordPress/6.7.2; https://baernblog.com"
3.12.148.208 - - [02/Apr/2025:06:31:12 -0400] "GET /the-ethics-and-efficacy-of-buying-youtube-views-and-subscribers/ HTTP/1.1" 200 10615 "https://baernblog.com/the-ethics-and-efficacy-of-buying-youtube-views-and-subscribers" "Mozilla/5.0 AppleWebKit/537.36 (KHTML, like Gecko; compatible; ClaudeBot/1.0; +claudebot@anthropic.com)"
3.12.148.208 - - [02/Apr/2025:06:31:07 -0400] "GET /why-choose-a-chauffeur-service-in-melbourne HTTP/1.1" 301 0 "-" "Mozilla/5.0 AppleWebKit/537.36 (KHTML, like Gecko; compatible; ClaudeBot/1.0; +claudebot@anthropic.com)"
3.12.148.208 - - [02/Apr/2025:06:31:07 -0400] "GET /enseigne-lumineuse-zurich HTTP/1.1" 301 0 "-" "Mozilla/5.0 AppleWebKit/537.36 (KHTML, like Gecko; compatible; ClaudeBot/1.0; +claudebot@anthropic.com)"
3.12.148.208 - - [02/Apr/2025:06:31:14 -0400] "GET /why-choose-a-chauffeur-service-in-melbourne/ HTTP/1.1" 200 10524 "https://baernblog.com/why-choose-a-chauffeur-service-in-melbourne" "Mozilla/5.0 AppleWebKit/537.36 (KHTML, like Gecko; compatible; ClaudeBot/1.0; +claudebot@anthropic.com)"
3.12.148.208 - - [02/Apr/2025:06:31:14 -0400] "GET /enseigne-lumineuse-zurich/ HTTP/1.1" 200 10132 "https://baernblog.com/enseigne-lumineuse-zurich" "Mozilla/5.0 AppleWebKit/537.36 (KHTML, like Gecko; compatible; ClaudeBot/1.0; +claudebot@anthropic.com)"
198.54.114.83 - - [02/Apr/2025:06:33:34 -0400] "POST /wp-cron.php?doing_wp_cron=1743590013.2323338985443115234375 HTTP/1.1" 200 0 "-" "WordPress/6.7.2; https://baernblog.com"
198.54.114.83 - - [02/Apr/2025:06:33:34 -0400] "POST /wp-cron.php?doing_wp_cron=1743590013.2217409610748291015625 HTTP/1.1" 200 0 "-" "WordPress/6.7.2; https://baernblog.com"
198.54.114.83 - - [02/Apr/2025:06:33:34 -0400] "POST /wp-cron.php?doing_wp_cron=1743590013.2216339111328125000000 HTTP/1.1" 200 0 "-" "WordPress/6.7.2; https://baernblog.com"
3.136.234.62 - - [02/Apr/2025:06:33:31 -0400] "GET /what-does-badges-mean-on-iphone HTTP/1.1" 301 0 "-" "Mozilla/5.0 AppleWebKit/537.36 (KHTML, like Gecko; compatible; ClaudeBot/1.0; +claudebot@anthropic.com)"
3.136.234.62 - - [02/Apr/2025:06:33:31 -0400] "GET /unveiling-the-landscape-of-online-gambling-a-comprehensive-insight HTTP/1.1" 301 0 "-" "Mozilla/5.0 AppleWebKit/537.36 (KHTML, like Gecko; compatible; ClaudeBot/1.0; +claudebot@anthropic.com)"
3.136.234.62 - - [02/Apr/2025:06:33:35 -0400] "GET /unveiling-the-landscape-of-online-gambling-a-comprehensive-insight/ HTTP/1.1" 200 11461 "https://baernblog.com/unveiling-the-landscape-of-online-gambling-a-comprehensive-insight" "Mozilla/5.0 AppleWebKit/537.36 (KHTML, like Gecko; compatible; ClaudeBot/1.0; +claudebot@anthropic.com)"
3.136.234.62 - - [02/Apr/2025:06:33:31 -0400] "GET /youtube-watch-time/feed HTTP/1.1" 301 0 "-" "Mozilla/5.0 AppleWebKit/537.36 (KHTML, like Gecko; compatible; ClaudeBot/1.0; +claudebot@anthropic.com)"
198.54.114.83 - - [02/Apr/2025:06:33:35 -0400] "POST /wp-admin/admin-ajax.php?action=async_litespeed&nonce=Ittw4w9Um2LvgDpldlCcb1qrfonIDTEj&litespeed_type=imgoptm HTTP/1.1" 200 0 "-" "WordPress/6.7.2; https://baernblog.com"
3.136.234.62 - - [02/Apr/2025:06:33:35 -0400] "GET /youtube-watch-time/feed/ HTTP/1.1" 200 373 "https://baernblog.com/youtube-watch-time/feed" "Mozilla/5.0 AppleWebKit/537.36 (KHTML, like Gecko; compatible; ClaudeBot/1.0; +claudebot@anthropic.com)"
3.136.234.62 - - [02/Apr/2025:06:33:35 -0400] "GET /what-does-badges-mean-on-iphone/ HTTP/1.1" 200 12393 "https://baernblog.com/what-does-badges-mean-on-iphone" "Mozilla/5.0 AppleWebKit/537.36 (KHTML, like Gecko; compatible; ClaudeBot/1.0; +claudebot@anthropic.com)"
18.118.212.28 - - [02/Apr/2025:06:34:23 -0400] "GET /how-to-choose-an-outdoor-led-screen HTTP/1.1" 301 0 "-" "Mozilla/5.0 AppleWebKit/537.36 (KHTML, like Gecko; compatible; ClaudeBot/1.0; +claudebot@anthropic.com)"
18.118.212.28 - - [02/Apr/2025:06:34:24 -0400] "GET /how-to-choose-an-outdoor-led-screen/ HTTP/1.1" 200 11012 "https://baernblog.com/how-to-choose-an-outdoor-led-screen" "Mozilla/5.0 AppleWebKit/537.36 (KHTML, like Gecko; compatible; ClaudeBot/1.0; +claudebot@anthropic.com)"
198.54.114.83 - - [02/Apr/2025:06:34:24 -0400] "POST /wp-cron.php?doing_wp_cron=1743590064.0597081184387207031250 HTTP/1.1" 200 0 "-" "WordPress/6.7.2; https://baernblog.com"
198.54.114.83 - - [02/Apr/2025:06:34:24 -0400] "POST /wp-cron.php?doing_wp_cron=1743590064.0554239749908447265625 HTTP/1.1" 200 0 "-" "WordPress/6.7.2; https://baernblog.com"
18.118.212.28 - - [02/Apr/2025:06:34:23 -0400] "GET /how-does-tretinoin-cream-work HTTP/1.1" 301 0 "-" "Mozilla/5.0 AppleWebKit/537.36 (KHTML, like Gecko; compatible; ClaudeBot/1.0; +claudebot@anthropic.com)"
18.118.212.28 - - [02/Apr/2025:06:34:23 -0400] "GET /las-vegas-interesting-facts/feed HTTP/1.1" 301 0 "-" "Mozilla/5.0 AppleWebKit/537.36 (KHTML, like Gecko; compatible; ClaudeBot/1.0; +claudebot@anthropic.com)"
198.54.114.83 - - [02/Apr/2025:06:34:24 -0400] "POST /wp-admin/admin-ajax.php?action=async_litespeed&nonce=muxylmFiDTqjox6kEjS9sxnTWaDwJlxY&litespeed_type=imgoptm HTTP/1.1" 200 0 "-" "WordPress/6.7.2; https://baernblog.com"
18.118.212.28 - - [02/Apr/2025:06:34:26 -0400] "GET /las-vegas-interesting-facts/feed/ HTTP/1.1" 200 385 "https://baernblog.com/las-vegas-interesting-facts/feed" "Mozilla/5.0 AppleWebKit/537.36 (KHTML, like Gecko; compatible; ClaudeBot/1.0; +claudebot@anthropic.com)"
18.118.212.28 - - [02/Apr/2025:06:34:26 -0400] "GET /how-does-tretinoin-cream-work/ HTTP/1.1" 200 11043 "https://baernblog.com/how-does-tretinoin-cream-work" "Mozilla/5.0 AppleWebKit/537.36 (KHTML, like Gecko; compatible; ClaudeBot/1.0; +claudebot@anthropic.com)"
3.147.59.237 - - [02/Apr/2025:06:36:07 -0400] "GET /maximizing-digital-marketing-for-small-businesses/ HTTP/1.1" 200 10579 "-" "Mozilla/5.0 AppleWebKit/537.36 (KHTML, like Gecko; compatible; ClaudeBot/1.0; +claudebot@anthropic.com)"
3.147.59.237 - - [02/Apr/2025:06:36:07 -0400] "GET /types-of-football-betting-that-you-should-know/feed HTTP/1.1" 301 0 "-" "Mozilla/5.0 AppleWebKit/537.36 (KHTML, like Gecko; compatible; ClaudeBot/1.0; +claudebot@anthropic.com)"
3.147.59.237 - - [02/Apr/2025:06:36:07 -0400] "GET /poncho-surfing-riding-the-waves-with-style HTTP/1.1" 301 0 "-" "Mozilla/5.0 AppleWebKit/537.36 (KHTML, like Gecko; compatible; ClaudeBot/1.0; +claudebot@anthropic.com)"
198.54.114.83 - - [02/Apr/2025:06:36:11 -0400] "POST /wp-cron.php?doing_wp_cron=1743590169.5298089981079101562500 HTTP/1.1" 200 0 "-" "WordPress/6.7.2; https://baernblog.com"
3.147.59.237 - - [02/Apr/2025:06:36:11 -0400] "GET /types-of-football-betting-that-you-should-know/feed/ HTTP/1.1" 200 419 "https://baernblog.com/types-of-football-betting-that-you-should-know/feed" "Mozilla/5.0 AppleWebKit/537.36 (KHTML, like Gecko; compatible; ClaudeBot/1.0; +claudebot@anthropic.com)"
3.147.59.237 - - [02/Apr/2025:06:36:12 -0400] "GET /poncho-surfing-riding-the-waves-with-style/ HTTP/1.1" 200 10626 "https://baernblog.com/poncho-surfing-riding-the-waves-with-style" "Mozilla/5.0 AppleWebKit/537.36 (KHTML, like Gecko; compatible; ClaudeBot/1.0; +claudebot@anthropic.com)"
185.231.154.128 - - [02/Apr/2025:06:37:25 -0400] "GET /the-benefits-of-managed-investing/ HTTP/1.1" 200 10958 "https://baernblog.com/the-benefits-of-managed-investing/#comment-7157" "Mozilla/5.0 (Windows NT 10.0; Win64; x64) AppleWebKit/537.36 (KHTML, like Gecko) Chrome/130.0.0.0 Safari/537.36"
198.54.114.83 - - [02/Apr/2025:06:37:27 -0400] "POST /wp-cron.php?doing_wp_cron=1743590247.2665419578552246093750 HTTP/1.1" 200 0 "-" "WordPress/6.7.2; https://baernblog.com"
185.231.154.128 - - [02/Apr/2025:06:37:26 -0400] "POST /wp-comments-post.php HTTP/1.1" 302 0 "https://baernblog.com/the-benefits-of-managed-investing/#comment-7157" "Mozilla/5.0 (Windows NT 10.0; Win64; x64) AppleWebKit/537.36 (KHTML, like Gecko) Chrome/130.0.0.0 Safari/537.36"
198.54.114.83 - - [02/Apr/2025:06:37:28 -0400] "POST /wp-admin/admin-ajax.php?action=async_litespeed&nonce=xuW04dAo3mtNdsUY47AUtCIF3jB9Z2rP&litespeed_type=imgoptm HTTP/1.1" 200 0 "-" "WordPress/6.7.2; https://baernblog.com"
185.231.154.128 - - [02/Apr/2025:06:37:30 -0400] "GET /the-benefits-of-managed-investing/ HTTP/1.1" 200 15632 "https://baernblog.com/the-benefits-of-managed-investing/#comment-22610" "Mozilla/5.0 (Windows NT 10.0; Win64; x64) AppleWebKit/537.36 (KHTML, like Gecko) Chrome/130.0.0.0 Safari/537.36"
3.141.2.206 - - [02/Apr/2025:06:37:35 -0400] "GET /advanced-capital-solutions-reviews-your-rights-when-dealing-with-collection-agencies HTTP/1.1" 301 0 "-" "Mozilla/5.0 AppleWebKit/537.36 (KHTML, like Gecko; compatible; ClaudeBot/1.0; +claudebot@anthropic.com)"
3.141.2.206 - - [02/Apr/2025:06:37:35 -0400] "GET /quest-ce-quune-pantoufle-de-vache HTTP/1.1" 301 0 "-" "Mozilla/5.0 AppleWebKit/537.36 (KHTML, like Gecko; compatible; ClaudeBot/1.0; +claudebot@anthropic.com)"
3.141.2.206 - - [02/Apr/2025:06:37:36 -0400] "GET /advanced-capital-solutions-reviews-your-rights-when-dealing-with-collection-agencies/ HTTP/1.1" 200 11153 "https://baernblog.com/advanced-capital-solutions-reviews-your-rights-when-dealing-with-collection-agencies" "Mozilla/5.0 AppleWebKit/537.36 (KHTML, like Gecko; compatible; ClaudeBot/1.0; +claudebot@anthropic.com)"
3.141.2.206 - - [02/Apr/2025:06:37:35 -0400] "GET /lg-shine-titanium-review-sophistication-that-shines/feed HTTP/1.1" 301 0 "-" "Mozilla/5.0 AppleWebKit/537.36 (KHTML, like Gecko; compatible; ClaudeBot/1.0; +claudebot@anthropic.com)"
3.141.2.206 - - [02/Apr/2025:06:37:36 -0400] "GET /quest-ce-quune-pantoufle-de-vache/ HTTP/1.1" 200 10577 "https://baernblog.com/quest-ce-quune-pantoufle-de-vache" "Mozilla/5.0 AppleWebKit/537.36 (KHTML, like Gecko; compatible; ClaudeBot/1.0; +claudebot@anthropic.com)"
3.141.2.206 - - [02/Apr/2025:06:37:36 -0400] "GET /lg-shine-titanium-review-sophistication-that-shines/feed/ HTTP/1.1" 200 423 "https://baernblog.com/lg-shine-titanium-review-sophistication-that-shines/feed" "Mozilla/5.0 AppleWebKit/537.36 (KHTML, like Gecko; compatible; ClaudeBot/1.0; +claudebot@anthropic.com)"
47.82.22.91 - - [02/Apr/2025:06:37:58 -0400] "GET /choosing-the-right-home-care-toronto-agency/ HTTP/1.1" 200 10898 "-" "Mozilla/5.0 (Windows NT 10.0; Win64; x64) AppleWebKit/537.36 (KHTML, like Gecko) Chrome/121.0.0.0 Safari/537.36 Edg/121.0.0.0"
18.218.67.48 - - [02/Apr/2025:06:38:22 -0400] "GET /un-oreiller-de-lecture-pour-le-lit-votre-compagnon-de-detente-ideal/feed HTTP/1.1" 301 0 "-" "Mozilla/5.0 AppleWebKit/537.36 (KHTML, like Gecko; compatible; ClaudeBot/1.0; +claudebot@anthropic.com)"
18.218.67.48 - - [02/Apr/2025:06:38:23 -0400] "GET /car-detailing-services-near-me/feed HTTP/1.1" 301 0 "-" "Mozilla/5.0 AppleWebKit/537.36 (KHTML, like Gecko; compatible; ClaudeBot/1.0; +claudebot@anthropic.com)"
198.54.114.83 - - [02/Apr/2025:06:38:24 -0400] "POST /wp-cron.php?doing_wp_cron=1743590303.4303760528564453125000 HTTP/1.1" 200 0 "-" "WordPress/6.7.2; https://baernblog.com"
18.218.67.48 - - [02/Apr/2025:06:38:22 -0400] "GET /buynblues HTTP/1.1" 301 0 "-" "Mozilla/5.0 AppleWebKit/537.36 (KHTML, like Gecko; compatible; ClaudeBot/1.0; +claudebot@anthropic.com)"
18.218.67.48 - - [02/Apr/2025:06:38:24 -0400] "GET /car-detailing-services-near-me/feed/ HTTP/1.1" 200 392 "https://baernblog.com/car-detailing-services-near-me/feed" "Mozilla/5.0 AppleWebKit/537.36 (KHTML, like Gecko; compatible; ClaudeBot/1.0; +claudebot@anthropic.com)"
18.218.67.48 - - [02/Apr/2025:06:38:25 -0400] "GET /buynblues/ HTTP/1.1" 200 10096 "https://baernblog.com/buynblues" "Mozilla/5.0 AppleWebKit/537.36 (KHTML, like Gecko; compatible; ClaudeBot/1.0; +claudebot@anthropic.com)"
18.218.67.48 - - [02/Apr/2025:06:38:24 -0400] "GET /un-oreiller-de-lecture-pour-le-lit-votre-compagnon-de-detente-ideal/feed/ HTTP/1.1" 200 444 "https://baernblog.com/un-oreiller-de-lecture-pour-le-lit-votre-compagnon-de-detente-ideal/feed" "Mozilla/5.0 AppleWebKit/537.36 (KHTML, like Gecko; compatible; ClaudeBot/1.0; +claudebot@anthropic.com)"
198.54.114.83 - - [02/Apr/2025:06:38:24 -0400] "POST /wp-admin/admin-ajax.php?action=async_litespeed&nonce=zVTBsb5Gx8fGfn22z14JqZiUPRzcr9be&litespeed_type=imgoptm HTTP/1.1" 200 0 "-" "WordPress/6.7.2; https://baernblog.com"
185.231.154.128 - - [02/Apr/2025:06:38:49 -0400] "GET /the-benefits-of-managed-investing/ HTTP/1.1" 200 10958 "https://baernblog.com/the-benefits-of-managed-investing/#comment-7157" "Mozilla/5.0 (Windows NT 10.0; Win64; x64) AppleWebKit/537.36 (KHTML, like Gecko) Chrome/129.0.0.0 Safari/537.36"
185.231.154.128 - - [02/Apr/2025:06:38:51 -0400] "POST /wp-comments-post.php HTTP/1.1" 302 0 "https://baernblog.com/the-benefits-of-managed-investing/#comment-7157" "Mozilla/5.0 (Windows NT 10.0; Win64; x64) AppleWebKit/537.36 (KHTML, like Gecko) Chrome/129.0.0.0 Safari/537.36"
185.231.154.128 - - [02/Apr/2025:06:38:54 -0400] "GET /the-benefits-of-managed-investing/ HTTP/1.1" 200 14656 "https://baernblog.com/the-benefits-of-managed-investing/#comment-22611" "Mozilla/5.0 (Windows NT 10.0; Win64; x64) AppleWebKit/537.36 (KHTML, like Gecko) Chrome/129.0.0.0 Safari/537.36"
198.54.114.83 - - [02/Apr/2025:06:39:57 -0400] "POST /wp-cron.php?doing_wp_cron=1743590397.7246980667114257812500 HTTP/1.1" 200 0 "-" "WordPress/6.7.2; https://baernblog.com"
18.222.161.175 - - [02/Apr/2025:06:39:57 -0400] "GET /liberer-le-succes-numerique-avec-agence-web-votre-passerelle-vers-lexcellence-en-ligne HTTP/1.1" 301 0 "-" "Mozilla/5.0 AppleWebKit/537.36 (KHTML, like Gecko; compatible; ClaudeBot/1.0; +claudebot@anthropic.com)"
18.222.161.175 - - [02/Apr/2025:06:39:58 -0400] "GET /liberer-le-succes-numerique-avec-agence-web-votre-passerelle-vers-lexcellence-en-ligne/ HTTP/1.1" 200 11154 "https://baernblog.com/liberer-le-succes-numerique-avec-agence-web-votre-passerelle-vers-lexcellence-en-ligne" "Mozilla/5.0 AppleWebKit/537.36 (KHTML, like Gecko; compatible; ClaudeBot/1.0; +claudebot@anthropic.com)"
18.222.161.175 - - [02/Apr/2025:06:39:57 -0400] "GET /new-innovations-in-online-gambling/feed HTTP/1.1" 301 0 "-" "Mozilla/5.0 AppleWebKit/537.36 (KHTML, like Gecko; compatible; ClaudeBot/1.0; +claudebot@anthropic.com)"
18.222.161.175 - - [02/Apr/2025:06:39:57 -0400] "GET /unlocking-savings-the-power-of-aliexpress-promo-codes/feed HTTP/1.1" 301 0 "-" "Mozilla/5.0 AppleWebKit/537.36 (KHTML, like Gecko; compatible; ClaudeBot/1.0; +claudebot@anthropic.com)"
198.54.114.83 - - [02/Apr/2025:06:39:58 -0400] "POST /wp-admin/admin-ajax.php?action=async_litespeed&nonce=8msOnknKCfs6rnpuYDxg0tpEGEHZIkb5&litespeed_type=imgoptm HTTP/1.1" 200 0 "-" "WordPress/6.7.2; https://baernblog.com"
18.222.161.175 - - [02/Apr/2025:06:39:59 -0400] "GET /unlocking-savings-the-power-of-aliexpress-promo-codes/feed/ HTTP/1.1" 200 429 "https://baernblog.com/unlocking-savings-the-power-of-aliexpress-promo-codes/feed" "Mozilla/5.0 AppleWebKit/537.36 (KHTML, like Gecko; compatible; ClaudeBot/1.0; +claudebot@anthropic.com)"
18.222.161.175 - - [02/Apr/2025:06:39:59 -0400] "GET /new-innovations-in-online-gambling/feed/ HTTP/1.1" 200 392 "https://baernblog.com/new-innovations-in-online-gambling/feed" "Mozilla/5.0 AppleWebKit/537.36 (KHTML, like Gecko; compatible; ClaudeBot/1.0; +claudebot@anthropic.com)"
47.79.116.125 - - [02/Apr/2025:06:40:19 -0400] "GET /choosing-the-perfect-kitchen-cabinet-manufacturer-for-your-dream-kitchen/ HTTP/1.1" 200 10401 "-" "Mozilla/5.0 (Windows NT 10.0; Win64; x64) AppleWebKit/537.36 (KHTML, like Gecko) Chrome/122.0.0.0 Safari/537.36"
198.54.114.83 - - [02/Apr/2025:06:41:17 -0400] "POST /wp-admin/admin-ajax.php?action=async_litespeed&nonce=RZj9lTfASh0FV5x1IcB0Ls84gsklTmeF&litespeed_type=imgoptm HTTP/1.1" 200 0 "-" "WordPress/6.7.2; https://baernblog.com"
3.149.255.21 - - [02/Apr/2025:06:41:22 -0400] "GET /la-publicite-par-drapeaux-une-strategie-visuelle-efficace HTTP/1.1" 301 0 "-" "Mozilla/5.0 AppleWebKit/537.36 (KHTML, like Gecko; compatible; ClaudeBot/1.0; +claudebot@anthropic.com)"
3.149.255.21 - - [02/Apr/2025:06:41:22 -0400] "GET /the-boiling-water-tap HTTP/1.1" 301 0 "-" "Mozilla/5.0 AppleWebKit/537.36 (KHTML, like Gecko; compatible; ClaudeBot/1.0; +claudebot@anthropic.com)"
3.149.255.21 - - [02/Apr/2025:06:41:23 -0400] "GET /la-publicite-par-drapeaux-une-strategie-visuelle-efficace/ HTTP/1.1" 200 10383 "https://baernblog.com/la-publicite-par-drapeaux-une-strategie-visuelle-efficace" "Mozilla/5.0 AppleWebKit/537.36 (KHTML, like Gecko; compatible; ClaudeBot/1.0; +claudebot@anthropic.com)"
198.54.114.83 - - [02/Apr/2025:06:41:22 -0400] "POST /wp-cron.php?doing_wp_cron=1743590482.2679419517517089843750 HTTP/1.1" 200 0 "-" "WordPress/6.7.2; https://baernblog.com"
3.149.255.21 - - [02/Apr/2025:06:41:22 -0400] "GET /unveiling-steuerberatung-hattingen-navigating-tax-excellence HTTP/1.1" 301 0 "-" "Mozilla/5.0 AppleWebKit/537.36 (KHTML, like Gecko; compatible; ClaudeBot/1.0; +claudebot@anthropic.com)"
3.149.255.21 - - [02/Apr/2025:06:41:23 -0400] "GET /unveiling-steuerberatung-hattingen-navigating-tax-excellence/ HTTP/1.1" 200 11229 "https://baernblog.com/unveiling-steuerberatung-hattingen-navigating-tax-excellence" "Mozilla/5.0 AppleWebKit/537.36 (KHTML, like Gecko; compatible; ClaudeBot/1.0; +claudebot@anthropic.com)"
3.149.255.21 - - [02/Apr/2025:06:41:23 -0400] "GET /the-boiling-water-tap/ HTTP/1.1" 200 10694 "https://baernblog.com/the-boiling-water-tap" "Mozilla/5.0 AppleWebKit/537.36 (KHTML, like Gecko; compatible; ClaudeBot/1.0; +claudebot@anthropic.com)"
47.82.17.229 - - [02/Apr/2025:06:42:33 -0400] "GET /leaking-water-tank-repair/ HTTP/1.1" 200 9983 "-" "Mozilla/5.0 (Windows NT 10.0; Win64; x64) AppleWebKit/537.36 (KHTML, like Gecko) Chrome/121.0.0.0 Safari/537.36 Edg/121.0.0.0 Unique/97.7.7286.70"
198.54.114.83 - - [02/Apr/2025:06:43:08 -0400] "POST /wp-cron.php?doing_wp_cron=1743590588.6375520229339599609375 HTTP/1.1" 200 0 "-" "WordPress/6.7.2; https://baernblog.com"
198.54.114.83 - - [02/Apr/2025:06:43:08 -0400] "POST /wp-cron.php?doing_wp_cron=1743590588.6418569087982177734375 HTTP/1.1" 200 0 "-" "WordPress/6.7.2; https://baernblog.com"
18.216.1.197 - - [02/Apr/2025:06:43:05 -0400] "GET /buchhaltung HTTP/1.1" 301 0 "-" "Mozilla/5.0 AppleWebKit/537.36 (KHTML, like Gecko; compatible; ClaudeBot/1.0; +claudebot@anthropic.com)"
18.216.1.197 - - [02/Apr/2025:06:43:05 -0400] "GET /chaussures-de-course-pour-femmes-trouver-la-bonne-pour-vous/feed HTTP/1.1" 301 0 "-" "Mozilla/5.0 AppleWebKit/537.36 (KHTML, like Gecko; compatible; ClaudeBot/1.0; +claudebot@anthropic.com)"
18.216.1.197 - - [02/Apr/2025:06:43:05 -0400] "GET /hillock-green-a-sanctuary-for-families/feed HTTP/1.1" 301 0 "-" "Mozilla/5.0 AppleWebKit/537.36 (KHTML, like Gecko; compatible; ClaudeBot/1.0; +claudebot@anthropic.com)"
18.216.1.197 - - [02/Apr/2025:06:43:09 -0400] "GET /buchhaltung/ HTTP/1.1" 200 10159 "https://baernblog.com/buchhaltung" "Mozilla/5.0 AppleWebKit/537.36 (KHTML, like Gecko; compatible; ClaudeBot/1.0; +claudebot@anthropic.com)"
198.54.114.83 - - [02/Apr/2025:06:43:09 -0400] "POST /wp-admin/admin-ajax.php?action=async_litespeed&nonce=p8yytuzXAOQWMHHtX2cZRqYDlenFevXu&litespeed_type=imgoptm HTTP/1.1" 200 0 "-" "WordPress/6.7.2; https://baernblog.com"
18.216.1.197 - - [02/Apr/2025:06:43:09 -0400] "GET /chaussures-de-course-pour-femmes-trouver-la-bonne-pour-vous/feed/ HTTP/1.1" 200 428 "https://baernblog.com/chaussures-de-course-pour-femmes-trouver-la-bonne-pour-vous/feed" "Mozilla/5.0 AppleWebKit/537.36 (KHTML, like Gecko; compatible; ClaudeBot/1.0; +claudebot@anthropic.com)"
18.216.1.197 - - [02/Apr/2025:06:43:09 -0400] "GET /hillock-green-a-sanctuary-for-families/feed/ HTTP/1.1" 200 414 "https://baernblog.com/hillock-green-a-sanctuary-for-families/feed" "Mozilla/5.0 AppleWebKit/537.36 (KHTML, like Gecko; compatible; ClaudeBot/1.0; +claudebot@anthropic.com)"
198.54.114.83 - - [02/Apr/2025:06:44:05 -0400] "POST /wp-cron.php?doing_wp_cron=1743590645.3444650173187255859375 HTTP/1.1" 200 0 "-" "WordPress/6.7.2; https://baernblog.com"
47.82.22.105 - - [02/Apr/2025:06:44:04 -0400] "GET /2024/06/ HTTP/1.1" 301 0 "-" "Mozilla/5.0 (iPhone; CPU iPhone OS 17_0_3 like Mac OS X) AppleWebKit/605.1.15 (KHTML, like Gecko) Version/17.0 Mobile/15E148 Safari/604.1 OPX/2.2.0"
198.54.114.83 - - [02/Apr/2025:06:44:06 -0400] "POST /wp-admin/admin-ajax.php?action=async_litespeed&nonce=uKdRgh1WUU9U73891ibw9L84I26cPvqg&litespeed_type=imgoptm HTTP/1.1" 200 5 "-" "WordPress/6.7.2; https://baernblog.com"
185.89.100.29 - - [02/Apr/2025:06:44:33 -0400] "GET /le-monde-du-pari-en-ligne/ HTTP/1.1" 200 10622 "https://baernblog.com/le-monde-du-pari-en-ligne/" "Mozilla/5.0 (Windows NT 10.0; Win64; x64) AppleWebKit/537.36 (KHTML, like Gecko) Chrome/130.0.0.0 Safari/537.36 CCleaner/130.0.0.0"
198.54.114.83 - - [02/Apr/2025:06:44:37 -0400] "POST /wp-cron.php?doing_wp_cron=1743590676.9133439064025878906250 HTTP/1.1" 200 0 "-" "WordPress/6.7.2; https://baernblog.com"
185.89.100.29 - - [02/Apr/2025:06:44:36 -0400] "POST /wp-comments-post.php HTTP/1.1" 302 0 "https://baernblog.com/le-monde-du-pari-en-ligne/" "Mozilla/5.0 (Windows NT 10.0; Win64; x64) AppleWebKit/537.36 (KHTML, like Gecko) Chrome/130.0.0.0 Safari/537.36 CCleaner/130.0.0.0"
185.89.100.29 - - [02/Apr/2025:06:44:41 -0400] "GET /le-monde-du-pari-en-ligne/ HTTP/1.1" 200 11839 "https://baernblog.com/le-monde-du-pari-en-ligne/#comment-22612" "Mozilla/5.0 (Windows NT 10.0; Win64; x64) AppleWebKit/537.36 (KHTML, like Gecko) Chrome/130.0.0.0 Safari/537.36 CCleaner/130.0.0.0"
47.79.7.63 - - [02/Apr/2025:06:44:46 -0400] "GET /casino-solution-sale/ HTTP/1.1" 200 10028 "-" "Mozilla/5.0 (Windows NT 10.0; Win64; x64) AppleWebKit/537.36 (KHTML, like Gecko) Chrome/121.0.0.0 Safari/537.36 Edg/121.0.0.0"
3.145.152.98 - - [02/Apr/2025:06:45:13 -0400] "GET /a-beginners-guide-to-trading-tennis-on-betfair HTTP/1.1" 301 0 "-" "Mozilla/5.0 AppleWebKit/537.36 (KHTML, like Gecko; compatible; ClaudeBot/1.0; +claudebot@anthropic.com)"
3.145.152.98 - - [02/Apr/2025:06:45:13 -0400] "GET /unlocking-wellness-the-role-of-a-chiropractor-in-dubai HTTP/1.1" 301 0 "-" "Mozilla/5.0 AppleWebKit/537.36 (KHTML, like Gecko; compatible; ClaudeBot/1.0; +claudebot@anthropic.com)"
3.145.152.98 - - [02/Apr/2025:06:45:13 -0400] "GET /a-new-standard-in-luxury-living HTTP/1.1" 301 0 "-" "Mozilla/5.0 AppleWebKit/537.36 (KHTML, like Gecko; compatible; ClaudeBot/1.0; +claudebot@anthropic.com)"
198.54.114.83 - - [02/Apr/2025:06:45:15 -0400] "POST /wp-cron.php?doing_wp_cron=1743590713.8980250358581542968750 HTTP/1.1" 200 0 "-" "WordPress/6.7.2; https://baernblog.com"
3.145.152.98 - - [02/Apr/2025:06:45:15 -0400] "GET /a-beginners-guide-to-trading-tennis-on-betfair/ HTTP/1.1" 200 10914 "https://baernblog.com/a-beginners-guide-to-trading-tennis-on-betfair" "Mozilla/5.0 AppleWebKit/537.36 (KHTML, like Gecko; compatible; ClaudeBot/1.0; +claudebot@anthropic.com)"
3.145.152.98 - - [02/Apr/2025:06:45:15 -0400] "GET /unlocking-wellness-the-role-of-a-chiropractor-in-dubai/ HTTP/1.1" 200 10320 "https://baernblog.com/unlocking-wellness-the-role-of-a-chiropractor-in-dubai" "Mozilla/5.0 AppleWebKit/537.36 (KHTML, like Gecko; compatible; ClaudeBot/1.0; +claudebot@anthropic.com)"
3.145.152.98 - - [02/Apr/2025:06:45:15 -0400] "GET /a-new-standard-in-luxury-living/ HTTP/1.1" 200 10478 "https://baernblog.com/a-new-standard-in-luxury-living" "Mozilla/5.0 AppleWebKit/537.36 (KHTML, like Gecko; compatible; ClaudeBot/1.0; +claudebot@anthropic.com)"
3.141.18.167 - - [02/Apr/2025:06:46:03 -0400] "GET /insulated-conservatory-roof-panels HTTP/1.1" 301 0 "-" "Mozilla/5.0 AppleWebKit/537.36 (KHTML, like Gecko; compatible; ClaudeBot/1.0; +claudebot@anthropic.com)"
3.141.18.167 - - [02/Apr/2025:06:46:03 -0400] "GET /insulated-conservatory-roof-panels/ HTTP/1.1" 200 11040 "https://baernblog.com/insulated-conservatory-roof-panels" "Mozilla/5.0 AppleWebKit/537.36 (KHTML, like Gecko; compatible; ClaudeBot/1.0; +claudebot@anthropic.com)"
3.141.18.167 - - [02/Apr/2025:06:46:03 -0400] "GET /conversores-de-unidades-de-tiempo-una-guia-esencial HTTP/1.1" 301 0 "-" "Mozilla/5.0 AppleWebKit/537.36 (KHTML, like Gecko; compatible; ClaudeBot/1.0; +claudebot@anthropic.com)"
3.141.18.167 - - [02/Apr/2025:06:46:04 -0400] "GET /conversores-de-unidades-de-tiempo-una-guia-esencial/ HTTP/1.1" 200 10454 "https://baernblog.com/conversores-de-unidades-de-tiempo-una-guia-esencial" "Mozilla/5.0 AppleWebKit/537.36 (KHTML, like Gecko; compatible; ClaudeBot/1.0; +claudebot@anthropic.com)"
3.141.18.167 - - [02/Apr/2025:06:46:03 -0400] "GET /lamborghini-for-sale/feed HTTP/1.1" 301 0 "-" "Mozilla/5.0 AppleWebKit/537.36 (KHTML, like Gecko; compatible; ClaudeBot/1.0; +claudebot@anthropic.com)"
3.141.18.167 - - [02/Apr/2025:06:46:04 -0400] "GET /lamborghini-for-sale/feed/ HTTP/1.1" 200 380 "https://baernblog.com/lamborghini-for-sale/feed" "Mozilla/5.0 AppleWebKit/537.36 (KHTML, like Gecko; compatible; ClaudeBot/1.0; +claudebot@anthropic.com)"
45.76.209.208 - - [02/Apr/2025:06:46:42 -0400] "GET /wp-login.php HTTP/1.1" 200 1685 "-" "Mozilla/5.0"
45.76.209.208 - - [02/Apr/2025:06:46:42 -0400] "GET /?author=1 HTTP/1.1" 200 77939 "-" "Mozilla/5.0"
45.76.209.208 - - [02/Apr/2025:06:46:43 -0400] "GET /?feed=rss2 HTTP/1.1" 200 77939 "-" "Mozilla/5.0"
198.54.114.83 - - [02/Apr/2025:06:46:42 -0400] "POST /wp-admin/admin-ajax.php?action=async_litespeed&nonce=S1CD5aNldjfVVhhL7L9srPqKsGQD2vCl&litespeed_type=imgoptm HTTP/1.1" 200 0 "-" "WordPress/6.7.2; https://baernblog.com"
3.15.6.156 - - [02/Apr/2025:06:46:58 -0400] "GET /the-hill-condos-in-brooklyns-beacon-hill-neighborhood HTTP/1.1" 301 0 "-" "Mozilla/5.0 AppleWebKit/537.36 (KHTML, like Gecko; compatible; ClaudeBot/1.0; +claudebot@anthropic.com)"
3.15.6.156 - - [02/Apr/2025:06:46:58 -0400] "GET /ein-traumurlaub-im-resort-am-gardasee HTTP/1.1" 301 0 "-" "Mozilla/5.0 AppleWebKit/537.36 (KHTML, like Gecko; compatible; ClaudeBot/1.0; +claudebot@anthropic.com)"
3.15.6.156 - - [02/Apr/2025:06:46:58 -0400] "GET /entspannung-pur-ihr-resort-am-gardasee HTTP/1.1" 301 0 "-" "Mozilla/5.0 AppleWebKit/537.36 (KHTML, like Gecko; compatible; ClaudeBot/1.0; +claudebot@anthropic.com)"
3.15.6.156 - - [02/Apr/2025:06:46:58 -0400] "GET /ein-traumurlaub-im-resort-am-gardasee/ HTTP/1.1" 200 10653 "https://baernblog.com/ein-traumurlaub-im-resort-am-gardasee" "Mozilla/5.0 AppleWebKit/537.36 (KHTML, like Gecko; compatible; ClaudeBot/1.0; +claudebot@anthropic.com)"
3.15.6.156 - - [02/Apr/2025:06:46:58 -0400] "GET /entspannung-pur-ihr-resort-am-gardasee/ HTTP/1.1" 200 10779 "https://baernblog.com/entspannung-pur-ihr-resort-am-gardasee" "Mozilla/5.0 AppleWebKit/537.36 (KHTML, like Gecko; compatible; ClaudeBot/1.0; +claudebot@anthropic.com)"
3.15.6.156 - - [02/Apr/2025:06:46:58 -0400] "GET /the-hill-condos-in-brooklyns-beacon-hill-neighborhood/ HTTP/1.1" 200 10647 "https://baernblog.com/the-hill-condos-in-brooklyns-beacon-hill-neighborhood" "Mozilla/5.0 AppleWebKit/537.36 (KHTML, like Gecko; compatible; ClaudeBot/1.0; +claudebot@anthropic.com)"
3.15.204.243 - - [02/Apr/2025:06:47:50 -0400] "GET /calcula-costo-de-peaje-en-mexico HTTP/1.1" 301 0 "-" "Mozilla/5.0 AppleWebKit/537.36 (KHTML, like Gecko; compatible; ClaudeBot/1.0; +claudebot@anthropic.com)"
3.15.204.243 - - [02/Apr/2025:06:47:50 -0400] "GET /meuble-bureau-geneve HTTP/1.1" 301 0 "-" "Mozilla/5.0 AppleWebKit/537.36 (KHTML, like Gecko; compatible; ClaudeBot/1.0; +claudebot@anthropic.com)"
3.15.204.243 - - [02/Apr/2025:06:47:52 -0400] "GET /calcula-costo-de-peaje-en-mexico/ HTTP/1.1" 200 10190 "https://baernblog.com/calcula-costo-de-peaje-en-mexico" "Mozilla/5.0 AppleWebKit/537.36 (KHTML, like Gecko; compatible; ClaudeBot/1.0; +claudebot@anthropic.com)"
198.54.114.83 - - [02/Apr/2025:06:47:51 -0400] "POST /wp-cron.php?doing_wp_cron=1743590871.2138369083404541015625 HTTP/1.1" 200 0 "-" "WordPress/6.7.2; https://baernblog.com"
3.15.204.243 - - [02/Apr/2025:06:47:50 -0400] "GET /le-monde-du-pari-en-ligne HTTP/1.1" 301 0 "-" "Mozilla/5.0 AppleWebKit/537.36 (KHTML, like Gecko; compatible; ClaudeBot/1.0; +claudebot@anthropic.com)"
3.15.204.243 - - [02/Apr/2025:06:47:52 -0400] "GET /le-monde-du-pari-en-ligne/ HTTP/1.1" 200 10622 "https://baernblog.com/le-monde-du-pari-en-ligne" "Mozilla/5.0 AppleWebKit/537.36 (KHTML, like Gecko; compatible; ClaudeBot/1.0; +claudebot@anthropic.com)"
198.54.114.83 - - [02/Apr/2025:06:47:52 -0400] "POST /wp-admin/admin-ajax.php?action=async_litespeed&nonce=EwVUei5YuXxxSHL7xfSqqjTephSbKQFr&litespeed_type=imgoptm HTTP/1.1" 200 0 "-" "WordPress/6.7.2; https://baernblog.com"
3.15.204.243 - - [02/Apr/2025:06:47:52 -0400] "GET /meuble-bureau-geneve/ HTTP/1.1" 200 10138 "https://baernblog.com/meuble-bureau-geneve" "Mozilla/5.0 AppleWebKit/537.36 (KHTML, like Gecko; compatible; ClaudeBot/1.0; +claudebot@anthropic.com)"
198.54.114.83 - - [02/Apr/2025:06:48:55 -0400] "POST /wp-cron.php?doing_wp_cron=1743590934.5469570159912109375000 HTTP/1.1" 200 0 "-" "WordPress/6.7.2; https://baernblog.com"
198.54.114.83 - - [02/Apr/2025:06:48:55 -0400] "POST /wp-cron.php?doing_wp_cron=1743590934.5407700538635253906250 HTTP/1.1" 200 0 "-" "WordPress/6.7.2; https://baernblog.com"
