114.119.138.235 - - [30/Mar/2025:08:15:07 -0400] "GET /2025/03/ HTTP/1.1" 301 0 "https://baernblog.com/tips-for-choosing-the-best-mortgage-broker/" "Mozilla/5.0 (Linux; Android 7.0;) AppleWebKit/537.36 (KHTML, like Gecko) Mobile Safari/537.36 (compatible; PetalBot;+https://webmaster.petalsearch.com/site/petalbot)"
198.54.114.83 - - [30/Mar/2025:08:15:12 -0400] "POST /wp-admin/admin-ajax.php?action=async_litespeed&nonce=4XmX1bESxhQezEd782gaegLrBD4FYy0Z&litespeed_type=imgoptm HTTP/1.1" 200 0 "-" "WordPress/6.7.2; https://baernblog.com"
114.119.138.235 - - [30/Mar/2025:08:15:13 -0400] "GET / HTTP/1.1" 200 77939 "https://baernblog.com/tips-for-choosing-the-best-mortgage-broker/" "Mozilla/5.0 (Linux; Android 7.0;) AppleWebKit/537.36 (KHTML, like Gecko) Mobile Safari/537.36 (compatible; PetalBot;+https://webmaster.petalsearch.com/site/petalbot)"
198.54.114.83 - - [30/Mar/2025:08:16:27 -0400] "POST /wp-cron.php?doing_wp_cron=1743336987.0801310539245605468750 HTTP/1.1" 200 0 "-" "WordPress/6.7.2; https://baernblog.com"
54.36.148.180 - - [30/Mar/2025:08:16:26 -0400] "GET /the-power-of-employee-communication-apps/ HTTP/1.1" 200 10459 "-" "Mozilla/5.0 (compatible; AhrefsBot/7.0; +http://ahrefs.com/robot/)"
198.54.114.83 - - [30/Mar/2025:08:16:28 -0400] "POST /wp-admin/admin-ajax.php?action=async_litespeed&nonce=MpLOLUDl66MOZWwEHslHbtHA1Zht6fDN&litespeed_type=imgoptm HTTP/1.1" 200 5 "-" "WordPress/6.7.2; https://baernblog.com"
114.168.236.183 - - [30/Mar/2025:08:17:06 -0400] "GET /wp-login.php HTTP/1.1" 200 1685 "-" "Mozilla/5.0 (Windows NT 10.0; Win64; x64; rv:95.0) Gecko/20100101 Firefox/95.0"
198.54.114.83 - - [30/Mar/2025:08:22:07 -0400] "POST /wp-cron.php?doing_wp_cron=1743337327.5376760959625244140625 HTTP/1.1" 200 0 "-" "WordPress/6.7.2; https://baernblog.com"
54.36.149.51 - - [30/Mar/2025:08:22:04 -0400] "GET /lart-du-recrutement-dans-le-secteur-de-la-restauration/ HTTP/1.1" 200 11013 "-" "Mozilla/5.0 (compatible; AhrefsBot/7.0; +http://ahrefs.com/robot/)"
198.54.114.83 - - [30/Mar/2025:08:22:08 -0400] "POST /wp-admin/admin-ajax.php?action=async_litespeed&nonce=XjwKadOEFv7z6yrFvTDkoRFGQNj9zo0R&litespeed_type=imgoptm HTTP/1.1" 200 0 "-" "WordPress/6.7.2; https://baernblog.com"
198.54.114.83 - - [30/Mar/2025:08:27:24 -0400] "POST /wp-cron.php?doing_wp_cron=1743337643.9091129302978515625000 HTTP/1.1" 200 0 "-" "WordPress/6.7.2; https://baernblog.com"
198.54.114.83 - - [30/Mar/2025:08:27:26 -0400] "POST /wp-admin/admin-ajax.php?action=async_litespeed&nonce=p6WkNYAyYyC8BBgu1hPPet8a85th1UBj&litespeed_type=imgoptm HTTP/1.1" 200 0 "-" "WordPress/6.7.2; https://baernblog.com"
54.36.148.114 - - [30/Mar/2025:08:27:19 -0400] "GET /un-service-de-traiteur-de-qualite-a-nanterre/ HTTP/1.1" 200 10715 "-" "Mozilla/5.0 (compatible; AhrefsBot/7.0; +http://ahrefs.com/robot/)"
198.54.114.83 - - [30/Mar/2025:08:32:04 -0400] "POST /wp-cron.php?doing_wp_cron=1743337924.2512900829315185546875 HTTP/1.1" 200 0 "-" "WordPress/6.7.2; https://baernblog.com"
196.251.80.22 - - [30/Mar/2025:08:32:02 -0400] "GET /wp-content/themes/seotheme/db.php?u HTTP/1.1" 404 5943 "www.google.com" "Mozlila/5.0 (Linux; Android 7.0; SM-G892A Bulid/NRD90M; wv) AppleWebKit/537.36 (KHTML, like Gecko) Version/4.0 Chrome/60.0.3112.107 Moblie Safari/537.36"
198.54.114.83 - - [30/Mar/2025:08:32:05 -0400] "POST /wp-admin/admin-ajax.php?action=async_litespeed&nonce=V0Unmwsk0jCRYJ41BciIblbnWOwrEtL1&litespeed_type=imgoptm HTTP/1.1" 200 0 "-" "WordPress/6.7.2; https://baernblog.com"
196.251.80.22 - - [30/Mar/2025:08:32:05 -0400] "POST /wp-plain.php HTTP/1.1" 404 5896 "www.google.com" "Mozilla/5.0 (Linux; Android 7.0; SM-G892A Bulid/NRD90M; wv) AppleWebKit/537.36 (KHTML, like Gecko) Version/4.0 Chrome/60.0.3112.107 Moblie Safari/537.36"
196.251.80.22 - - [30/Mar/2025:08:32:06 -0400] "GET /jwhwwoum.php?Fox=d3wL7 HTTP/1.1" 404 5942 "www.google.com" "Mozilla/5.0 (Linux; Android 7.0; SM-G892A Bulid/NRD90M; wv) AppleWebKit/537.36 (KHTML, like Gecko) Version/4.0 Chrome/60.0.3112.107 Moblie Safari/537.36"
198.54.114.83 - - [30/Mar/2025:08:32:46 -0400] "POST /wp-cron.php?doing_wp_cron=1743337965.7163670063018798828125 HTTP/1.1" 200 0 "-" "WordPress/6.7.2; https://baernblog.com"
54.36.148.229 - - [30/Mar/2025:08:32:45 -0400] "GET /levolution-du-mobilier-de-bureau/feed/ HTTP/1.1" 200 410 "-" "Mozilla/5.0 (compatible; AhrefsBot/7.0; +http://ahrefs.com/robot/)"
198.54.114.83 - - [30/Mar/2025:08:38:05 -0400] "POST /wp-cron.php?doing_wp_cron=1743338284.6830608844757080078125 HTTP/1.1" 200 0 "-" "WordPress/6.7.2; https://baernblog.com"
54.36.149.102 - - [30/Mar/2025:08:38:00 -0400] "GET /vegan-skin-care/feed/ HTTP/1.1" 200 377 "-" "Mozilla/5.0 (compatible; AhrefsBot/7.0; +http://ahrefs.com/robot/)"
198.54.114.83 - - [30/Mar/2025:08:38:06 -0400] "POST /wp-admin/admin-ajax.php?action=async_litespeed&nonce=wtuuE3PuJm4OY9cfOkhoh44wYsi1FAh7&litespeed_type=imgoptm HTTP/1.1" 200 0 "-" "WordPress/6.7.2; https://baernblog.com"
198.54.114.83 - - [30/Mar/2025:08:43:22 -0400] "POST /wp-cron.php?doing_wp_cron=1743338602.6623659133911132812500 HTTP/1.1" 200 0 "-" "WordPress/6.7.2; https://baernblog.com"
54.36.148.61 - - [30/Mar/2025:08:43:18 -0400] "GET /what-does-an-attorney-do/feed/ HTTP/1.1" 200 387 "-" "Mozilla/5.0 (compatible; AhrefsBot/7.0; +http://ahrefs.com/robot/)"
198.54.114.83 - - [30/Mar/2025:08:43:24 -0400] "POST /wp-admin/admin-ajax.php?action=async_litespeed&nonce=CSoO3QFNx7DiG5hQ4aKfkglqMWNjKXmA&litespeed_type=imgoptm HTTP/1.1" 200 0 "-" "WordPress/6.7.2; https://baernblog.com"
198.54.114.83 - - [30/Mar/2025:08:44:15 -0400] "POST /wp-cron.php?doing_wp_cron=1743338654.5076529979705810546875 HTTP/1.1" 200 0 "-" "WordPress/6.7.2; https://baernblog.com"
203.156.2.120 - - [30/Mar/2025:08:44:14 -0400] "POST /wp-login.php/wp-login.php HTTP/1.1" 200 1805 "-" "Mozilla"
198.54.114.83 - - [30/Mar/2025:08:44:16 -0400] "POST /wp-admin/admin-ajax.php?action=async_litespeed&nonce=KJ5ef7H72eCI6QkfA0suZVPpfdPLEVOz&litespeed_type=imgoptm HTTP/1.1" 200 0 "-" "WordPress/6.7.2; https://baernblog.com"
198.54.114.83 - - [30/Mar/2025:08:48:17 -0400] "POST /wp-cron.php?doing_wp_cron=1743338897.1363089084625244140625 HTTP/1.1" 200 0 "-" "WordPress/6.7.2; https://baernblog.com"
54.36.148.25 - - [30/Mar/2025:08:48:09 -0400] "GET /it-disaster-recovery-solutions/feed/ HTTP/1.1" 200 378 "-" "Mozilla/5.0 (compatible; AhrefsBot/7.0; +http://ahrefs.com/robot/)"
198.54.114.83 - - [30/Mar/2025:08:48:20 -0400] "POST /wp-admin/admin-ajax.php?action=async_litespeed&nonce=SbgzihhgBVVpQZtlU4RysXnQ7BZ9cnGM&litespeed_type=imgoptm HTTP/1.1" 200 0 "-" "WordPress/6.7.2; https://baernblog.com"
198.54.114.83 - - [30/Mar/2025:08:48:31 -0400] "POST /wp-cron.php?doing_wp_cron=1743338911.1502079963684082031250 HTTP/1.1" 200 0 "-" "WordPress/6.7.2; https://baernblog.com"
114.119.128.23 - - [30/Mar/2025:08:48:30 -0400] "GET /custom-grip-socks/ HTTP/1.1" 200 10494 "https://baernblog.com/unveiling-the-game-changer-the-science-behind-football-socks-grip/" "Mozilla/5.0 (Linux; Android 7.0;) AppleWebKit/537.36 (KHTML, like Gecko) Mobile Safari/537.36 (compatible; PetalBot;+https://webmaster.petalsearch.com/site/petalbot)"
198.54.114.83 - - [30/Mar/2025:08:53:33 -0400] "POST /wp-cron.php?doing_wp_cron=1743339213.0029211044311523437500 HTTP/1.1" 200 0 "-" "WordPress/6.7.2; https://baernblog.com"
54.36.149.10 - - [30/Mar/2025:08:53:28 -0400] "GET /enhancing-convenience-and-flexibility/ HTTP/1.1" 200 10235 "-" "Mozilla/5.0 (compatible; AhrefsBot/7.0; +http://ahrefs.com/robot/)"
198.54.114.83 - - [30/Mar/2025:08:53:34 -0400] "POST /wp-admin/admin-ajax.php?action=async_litespeed&nonce=wa8z9A7yJnDJjGtdNDlDMkndlVxNtCtR&litespeed_type=imgoptm HTTP/1.1" 200 5 "-" "WordPress/6.7.2; https://baernblog.com"
198.54.114.83 - - [30/Mar/2025:08:56:46 -0400] "POST /wp-cron.php?doing_wp_cron=1743339406.6195709705352783203125 HTTP/1.1" 200 0 "-" "WordPress/6.7.2; https://baernblog.com"
34.168.253.8 - - [30/Mar/2025:08:56:42 -0400] "GET /gambling-101 HTTP/1.1" 301 0 "-" "Mozilla/5.0 (Macintosh; Intel Mac OS X 10_15_7) AppleWebKit/605.1.15 (KHTML, like Gecko) Version/17.1 Safari/605.1.15"
198.54.114.83 - - [30/Mar/2025:08:56:47 -0400] "POST /wp-admin/admin-ajax.php?action=async_litespeed&nonce=ItXMQXbgkoemUUJFUacda2dVrPX4d9n3&litespeed_type=imgoptm HTTP/1.1" 200 0 "-" "WordPress/6.7.2; https://baernblog.com"
34.168.253.8 - - [30/Mar/2025:08:56:47 -0400] "GET /gambling-101/ HTTP/1.1" 200 10885 "https://baernblog.com/gambling-101" "Mozilla/5.0 (Macintosh; Intel Mac OS X 10_15_7) AppleWebKit/605.1.15 (KHTML, like Gecko) Version/17.1 Safari/605.1.15"
90.165.174.69 - - [30/Mar/2025:08:58:13 -0400] "GET / HTTP/1.1" 200 77939 "-" "Google"
198.54.114.83 - - [30/Mar/2025:08:58:41 -0400] "POST /wp-cron.php?doing_wp_cron=1743339521.5909740924835205078125 HTTP/1.1" 200 0 "-" "WordPress/6.7.2; https://baernblog.com"
54.36.149.75 - - [30/Mar/2025:08:58:29 -0400] "GET /convertidores-de-unidades-para-una-gestion-eficiente/ HTTP/1.1" 200 10419 "-" "Mozilla/5.0 (compatible; AhrefsBot/7.0; +http://ahrefs.com/robot/)"
198.54.114.83 - - [30/Mar/2025:08:58:42 -0400] "POST /wp-admin/admin-ajax.php?action=async_litespeed&nonce=tUjVMFtZ1c4t47RwA3xuJIOWaaUZQJ5T&litespeed_type=imgoptm HTTP/1.1" 200 0 "-" "WordPress/6.7.2; https://baernblog.com"
139.196.159.168 - - [30/Mar/2025:08:59:48 -0400] "GET /robots.txt HTTP/1.1" 200 108 "-" "Go-http-client/1.1"
198.54.114.83 - - [30/Mar/2025:08:59:49 -0400] "POST /wp-cron.php?doing_wp_cron=1743339589.5338549613952636718750 HTTP/1.1" 200 0 "-" "WordPress/6.7.2; https://baernblog.com"
47.238.13.15 - - [30/Mar/2025:08:59:48 -0400] "GET /wp-login.php?action=lostpassword HTTP/1.1" 200 925 "-" "Mozilla/5.0 (Macintosh; Intel Mac OS X 10_15_7) AppleWebKit/537.36 (KHTML, like Gecko) Chrome/109.0.0.0 Safari/537.36"
198.54.114.83 - - [30/Mar/2025:08:59:50 -0400] "POST /wp-admin/admin-ajax.php?action=async_litespeed&nonce=LgpQgWzR51tADp0eeGu8kC43J6Ns8QaF&litespeed_type=imgoptm HTTP/1.1" 200 5 "-" "WordPress/6.7.2; https://baernblog.com"
198.54.114.83 - - [30/Mar/2025:09:03:51 -0400] "POST /wp-cron.php?doing_wp_cron=1743339830.4738159179687500000000 HTTP/1.1" 200 0 "-" "WordPress/6.7.2; https://baernblog.com"
54.36.149.54 - - [30/Mar/2025:09:03:44 -0400] "GET /convenient-car-rental-services-in-udon-thani/ HTTP/1.1" 200 10663 "-" "Mozilla/5.0 (compatible; AhrefsBot/7.0; +http://ahrefs.com/robot/)"
198.54.114.83 - - [30/Mar/2025:09:03:53 -0400] "POST /wp-admin/admin-ajax.php?action=async_litespeed&nonce=0LXbtfYeBiIvtC1hrvw76q2mxq5y0WUc&litespeed_type=imgoptm HTTP/1.1" 200 0 "-" "WordPress/6.7.2; https://baernblog.com"
34.127.70.100 - - [30/Mar/2025:09:06:58 -0400] "GET /how-to-find-a-locksmith-in-chicago HTTP/1.1" 301 0 "-" "Mozilla/5.0 (Windows NT 10.0; Win64; x64) AppleWebKit/537.36 (KHTML, like Gecko) Chrome/121.0.0.0 Safari/537.36 OPR/107.0.0.0"
34.127.70.100 - - [30/Mar/2025:09:06:58 -0400] "GET /how-to-find-a-locksmith-in-chicago/ HTTP/1.1" 200 10462 "https://baernblog.com/how-to-find-a-locksmith-in-chicago" "Mozilla/5.0 (Windows NT 10.0; Win64; x64) AppleWebKit/537.36 (KHTML, like Gecko) Chrome/121.0.0.0 Safari/537.36 OPR/107.0.0.0"
198.54.114.83 - - [30/Mar/2025:09:08:54 -0400] "POST /wp-cron.php?doing_wp_cron=1743340134.7144329547882080078125 HTTP/1.1" 200 0 "-" "WordPress/6.7.2; https://baernblog.com"
54.36.148.215 - - [30/Mar/2025:09:08:51 -0400] "GET /the-essential-guide-to-blue-light-lens-glasses/ HTTP/1.1" 200 10479 "-" "Mozilla/5.0 (compatible; AhrefsBot/7.0; +http://ahrefs.com/robot/)"
198.54.114.83 - - [30/Mar/2025:09:08:55 -0400] "POST /wp-admin/admin-ajax.php?action=async_litespeed&nonce=nqJH2XYk9LxhUl6SCJ4uc9KsDU3KxZ4W&litespeed_type=imgoptm HTTP/1.1" 200 0 "-" "WordPress/6.7.2; https://baernblog.com"
4.227.36.83 - - [30/Mar/2025:09:11:11 -0400] "GET /robots.txt HTTP/1.1" 200 108 "-" "Mozilla/5.0 AppleWebKit/537.36 (KHTML, like Gecko; compatible; GPTBot/1.2; +https://openai.com/gptbot)"
198.54.114.83 - - [30/Mar/2025:09:13:58 -0400] "POST /wp-cron.php?doing_wp_cron=1743340437.8517379760742187500000 HTTP/1.1" 200 0 "-" "WordPress/6.7.2; https://baernblog.com"
198.54.114.83 - - [30/Mar/2025:09:13:59 -0400] "POST /wp-admin/admin-ajax.php?action=async_litespeed&nonce=C8XIIr1M3SUFgbrgyXqgTWGnsjySM9Sn&litespeed_type=imgoptm HTTP/1.1" 200 0 "-" "WordPress/6.7.2; https://baernblog.com"
54.36.149.107 - - [30/Mar/2025:09:13:53 -0400] "GET /unlocking-wellness-hypnotherapy-in-singapore/ HTTP/1.1" 200 10523 "-" "Mozilla/5.0 (compatible; AhrefsBot/7.0; +http://ahrefs.com/robot/)"
198.54.114.83 - - [30/Mar/2025:09:16:16 -0400] "POST /wp-cron.php?doing_wp_cron=1743340576.1503789424896240234375 HTTP/1.1" 200 0 "-" "WordPress/6.7.2; https://baernblog.com"
146.70.174.147 - - [30/Mar/2025:09:16:13 -0400] "GET /what-are-proteins/ HTTP/1.1" 200 10562 "-" "Mozilla/5.0 (X11; Linux x86_64) AppleWebKit/537.36 (KHTML, like Gecko) Chrome/114.0.0.0 Safari/537.36 Vivaldi/5.3.2679.68"
114.119.138.235 - - [30/Mar/2025:09:16:12 -0400] "GET /the-best-uk-cbd-gummies/ HTTP/1.1" 200 11101 "https://baernblog.com/the-best-uk-cbd-gummies/" "Mozilla/5.0 (Linux; Android 7.0;) AppleWebKit/537.36 (KHTML, like Gecko) Mobile Safari/537.36 (compatible; PetalBot;+https://webmaster.petalsearch.com/site/petalbot)"
198.54.114.83 - - [30/Mar/2025:09:16:17 -0400] "POST /wp-admin/admin-ajax.php?action=async_litespeed&nonce=fHseWOPhtiak8a44zRgr05Px3bZR9l4q&litespeed_type=imgoptm HTTP/1.1" 200 0 "-" "WordPress/6.7.2; https://baernblog.com"
198.54.114.83 - - [30/Mar/2025:09:18:55 -0400] "POST /wp-cron.php?doing_wp_cron=1743340735.1804499626159667968750 HTTP/1.1" 200 0 "-" "WordPress/6.7.2; https://baernblog.com"
114.119.134.146 - - [30/Mar/2025:09:18:52 -0400] "GET /redken-acidic-bonding-concentrate/ HTTP/1.1" 200 10961 "https://baernblog.com/les-autocollants-publicitaires-exterieurs-une-revolution-dans-laffichage/" "Mozilla/5.0 (Linux; Android 7.0;) AppleWebKit/537.36 (KHTML, like Gecko) Mobile Safari/537.36 (compatible; PetalBot;+https://webmaster.petalsearch.com/site/petalbot)"
198.54.114.83 - - [30/Mar/2025:09:18:58 -0400] "POST /wp-admin/admin-ajax.php?action=async_litespeed&nonce=HsEdXIlm2kKShsytUDmYlITFNztTa1Vk&litespeed_type=imgoptm HTTP/1.1" 200 0 "-" "WordPress/6.7.2; https://baernblog.com"
198.54.114.83 - - [30/Mar/2025:09:19:41 -0400] "POST /wp-cron.php?doing_wp_cron=1743340781.6911931037902832031250 HTTP/1.1" 200 0 "-" "WordPress/6.7.2; https://baernblog.com"
54.36.148.11 - - [30/Mar/2025:09:19:41 -0400] "GET /buy-youtube-subscriberss/ HTTP/1.1" 200 10191 "-" "Mozilla/5.0 (compatible; AhrefsBot/7.0; +http://ahrefs.com/robot/)"
198.54.114.83 - - [30/Mar/2025:09:19:43 -0400] "POST /wp-admin/admin-ajax.php?action=async_litespeed&nonce=4oVMXncj8m0eZITjMz9IlAtaMIIIYLNL&litespeed_type=imgoptm HTTP/1.1" 200 0 "-" "WordPress/6.7.2; https://baernblog.com"
34.83.78.50 - - [30/Mar/2025:09:24:47 -0400] "GET /benefits-and-advantages-of-voice-broadcasting HTTP/1.1" 301 0 "-" "Mozilla/5.0 (Macintosh; Intel Mac OS X 10_15_7) AppleWebKit/537.36 (KHTML, like Gecko) Chrome/121.0.0.0 Safari/537.36"
34.83.78.50 - - [30/Mar/2025:09:24:48 -0400] "GET /benefits-and-advantages-of-voice-broadcasting/ HTTP/1.1" 200 10949 "https://baernblog.com/benefits-and-advantages-of-voice-broadcasting" "Mozilla/5.0 (Macintosh; Intel Mac OS X 10_15_7) AppleWebKit/537.36 (KHTML, like Gecko) Chrome/121.0.0.0 Safari/537.36"
198.54.114.83 - - [30/Mar/2025:09:26:32 -0400] "POST /wp-cron.php?doing_wp_cron=1743341191.6716439723968505859375 HTTP/1.1" 200 0 "-" "WordPress/6.7.2; https://baernblog.com"
54.36.149.78 - - [30/Mar/2025:09:26:27 -0400] "GET /stand-pub/ HTTP/1.1" 200 10100 "-" "Mozilla/5.0 (compatible; AhrefsBot/7.0; +http://ahrefs.com/robot/)"
198.54.114.83 - - [30/Mar/2025:09:26:33 -0400] "POST /wp-admin/admin-ajax.php?action=async_litespeed&nonce=D5hAfzkFl0LRfdFqtELSt28mzkUNv9WP&litespeed_type=imgoptm HTTP/1.1" 200 0 "-" "WordPress/6.7.2; https://baernblog.com"
80.64.30.32 - - [30/Mar/2025:09:28:02 -0400] "GET /wp-login.php?wp_lang=en_US HTTP/1.1" 200 1684 "https://baernblog.com/wp-login.php" "Mozilla/5.0 (Windows NT 10.0; Win64; x64) AppleWebKit/537.36 (KHTML, like Gecko) Chrome/134.0.0.0 Safari/537.36"
198.54.114.83 - - [30/Mar/2025:09:28:07 -0400] "POST /wp-cron.php?doing_wp_cron=1743341285.8121840953826904296875 HTTP/1.1" 200 0 "-" "WordPress/6.7.2; https://baernblog.com"
80.64.30.32 - - [30/Mar/2025:09:28:12 -0400] "POST /wp-login.php?wp_lang=en_US HTTP/1.1" 200 0 "https://baernblog.com/wp-login.php" "Mozilla/5.0 (Windows NT 10.0; Win64; x64) AppleWebKit/537.36 (KHTML, like Gecko) Chrome/134.0.0.0 Safari/537.36"
5.120.7.47 - - [30/Mar/2025:09:28:47 -0400] "POST /wp-login.php?wp_lang=en_US HTTP/1.1" 200 1804 "https://baernblog.com/wp-login.php" "Mozilla/5.0 (Windows NT 10.0; Win64; x64) AppleWebKit/537.36 (KHTML, like Gecko) Chrome/134.0.0.0 Safari/537.36"
5.120.7.47 - - [30/Mar/2025:09:28:49 -0400] "GET /wp-admin/ HTTP/1.1" 302 0 "https://baernblog.com/wp-login.php" "Mozilla/5.0 (Windows NT 10.0; Win64; x64) AppleWebKit/537.36 (KHTML, like Gecko) Chrome/134.0.0.0 Safari/537.36"
5.120.7.47 - - [30/Mar/2025:09:28:50 -0400] "GET /wp-login.php?redirect_to=https%3A%2F%2Fbaernblog.com%2Fwp-admin%2F&reauth=1 HTTP/1.1" 200 1684 "https://baernblog.com/wp-login.php" "Mozilla/5.0 (Windows NT 10.0; Win64; x64) AppleWebKit/537.36 (KHTML, like Gecko) Chrome/134.0.0.0 Safari/537.36"
80.64.30.32 - - [30/Mar/2025:09:28:51 -0400] "GET /xmlrpc.php HTTP/1.1" 405 46 "https://baernblog.com/xmlrpc.php" "Mozilla/5.0 (Windows NT 10.0; Win64; x64) AppleWebKit/537.36 (KHTML, like Gecko) Chrome/134.0.0.0 Safari/537.36"
80.64.30.32 - - [30/Mar/2025:09:28:57 -0400] "POST /xmlrpc.php HTTP/1.1" 200 0 "https://baernblog.com/xmlrpc.php" "Mozilla/5.0 (Windows NT 10.0; Win64; x64) AppleWebKit/537.36 (KHTML, like Gecko) Chrome/134.0.0.0 Safari/537.36"
198.54.114.83 - - [30/Mar/2025:09:29:30 -0400] "POST /wp-cron.php?doing_wp_cron=1743341370.0632019042968750000000 HTTP/1.1" 200 0 "-" "WordPress/6.7.2; https://baernblog.com"
123.28.6.104 - - [30/Mar/2025:09:29:29 -0400] "POST /xmlrpc.php HTTP/1.1" 200 186 "https://baernblog.com/xmlrpc.php" "Mozilla/5.0 (Windows NT 10.0; Win64; x64) AppleWebKit/537.36 (KHTML, like Gecko) Chrome/134.0.0.0 Safari/537.36"
198.54.114.83 - - [30/Mar/2025:09:29:30 -0400] "POST /wp-admin/admin-ajax.php?action=async_litespeed&nonce=jZZkfWaXb9UQ68Ej9MYW6lFk1pgOLhdk&litespeed_type=imgoptm HTTP/1.1" 200 5 "-" "WordPress/6.7.2; https://baernblog.com"
198.54.114.83 - - [30/Mar/2025:09:32:26 -0400] "POST /wp-cron.php?doing_wp_cron=1743341546.7781078815460205078125 HTTP/1.1" 200 0 "-" "WordPress/6.7.2; https://baernblog.com"
54.36.148.163 - - [30/Mar/2025:09:32:22 -0400] "GET /benefits-of-quick-translation-services-for-legal-documents/ HTTP/1.1" 200 11068 "-" "Mozilla/5.0 (compatible; AhrefsBot/7.0; +http://ahrefs.com/robot/)"
198.54.114.83 - - [30/Mar/2025:09:32:27 -0400] "POST /wp-admin/admin-ajax.php?action=async_litespeed&nonce=cZ1qna0kMBCFV21cxVtu8BzNnMdzw6FX&litespeed_type=imgoptm HTTP/1.1" 200 5 "-" "WordPress/6.7.2; https://baernblog.com"
198.54.114.83 - - [30/Mar/2025:09:36:41 -0400] "POST /wp-cron.php?doing_wp_cron=1743341800.8105280399322509765625 HTTP/1.1" 200 0 "-" "WordPress/6.7.2; https://baernblog.com"
80.64.30.32 - - [30/Mar/2025:09:36:24 -0400] "GET /wp-login.php?wp_lang=en_US HTTP/1.1" 200 1684 "https://baernblog.com/wp-login.php" "Mozilla/5.0 (Windows NT 10.0; Win64; x64) AppleWebKit/537.36 (KHTML, like Gecko) Chrome/134.0.0.0 Safari/537.36"
198.54.114.83 - - [30/Mar/2025:09:36:42 -0400] "POST /wp-admin/admin-ajax.php?action=async_litespeed&nonce=Lw4l3wCoArw3OARHHtB14G3j6T2h3Al6&litespeed_type=imgoptm HTTP/1.1" 200 0 "-" "WordPress/6.7.2; https://baernblog.com"
80.64.30.32 - - [30/Mar/2025:09:36:47 -0400] "POST /wp-login.php?wp_lang=en_US HTTP/1.1" 200 0 "https://baernblog.com/wp-login.php" "Mozilla/5.0 (Windows NT 10.0; Win64; x64) AppleWebKit/537.36 (KHTML, like Gecko) Chrome/134.0.0.0 Safari/537.36"
198.54.114.83 - - [30/Mar/2025:09:37:27 -0400] "POST /wp-cron.php?doing_wp_cron=1743341847.5831520557403564453125 HTTP/1.1" 200 0 "-" "WordPress/6.7.2; https://baernblog.com"
178.70.226.102 - - [30/Mar/2025:09:37:27 -0400] "POST /wp-login.php?wp_lang=en_US HTTP/1.1" 200 1803 "https://baernblog.com/wp-login.php" "Mozilla/5.0 (Windows NT 10.0; Win64; x64) AppleWebKit/537.36 (KHTML, like Gecko) Chrome/134.0.0.0 Safari/537.36"
198.54.114.83 - - [30/Mar/2025:09:37:27 -0400] "POST /wp-admin/admin-ajax.php?action=async_litespeed&nonce=0qpdsGsCoqM4sX7sbNFUtP43QnbIr7R2&litespeed_type=imgoptm HTTP/1.1" 200 5 "-" "WordPress/6.7.2; https://baernblog.com"
178.70.226.102 - - [30/Mar/2025:09:37:29 -0400] "GET /wp-admin/ HTTP/1.1" 302 0 "https://baernblog.com/wp-login.php" "Mozilla/5.0 (Windows NT 10.0; Win64; x64) AppleWebKit/537.36 (KHTML, like Gecko) Chrome/134.0.0.0 Safari/537.36"
178.70.226.102 - - [30/Mar/2025:09:37:29 -0400] "GET /wp-login.php?redirect_to=https%3A%2F%2Fbaernblog.com%2Fwp-admin%2F&reauth=1 HTTP/1.1" 200 1684 "https://baernblog.com/wp-login.php" "Mozilla/5.0 (Windows NT 10.0; Win64; x64) AppleWebKit/537.36 (KHTML, like Gecko) Chrome/134.0.0.0 Safari/537.36"
80.64.30.32 - - [30/Mar/2025:09:37:30 -0400] "GET /xmlrpc.php HTTP/1.1" 405 46 "https://baernblog.com/xmlrpc.php" "Mozilla/5.0 (Windows NT 10.0; Win64; x64; rv:136.0) Gecko/20100101 Firefox/136.0"
54.36.148.88 - - [30/Mar/2025:09:37:53 -0400] "GET /page/84/ HTTP/1.1" 200 9308 "-" "Mozilla/5.0 (compatible; AhrefsBot/7.0; +http://ahrefs.com/robot/)"
80.64.30.32 - - [30/Mar/2025:09:37:35 -0400] "POST /xmlrpc.php HTTP/1.1" 200 0 "https://baernblog.com/xmlrpc.php" "Mozilla/5.0 (Windows NT 10.0; Win64; x64; rv:136.0) Gecko/20100101 Firefox/136.0"
198.54.114.83 - - [30/Mar/2025:09:38:09 -0400] "POST /wp-cron.php?doing_wp_cron=1743341889.7498409748077392578125 HTTP/1.1" 200 0 "-" "WordPress/6.7.2; https://baernblog.com"
78.186.134.35 - - [30/Mar/2025:09:38:09 -0400] "POST /xmlrpc.php HTTP/1.1" 200 186 "https://baernblog.com/xmlrpc.php" "Mozilla/5.0 (Windows NT 10.0; Win64; x64; rv:136.0) Gecko/20100101 Firefox/136.0"
198.54.114.83 - - [30/Mar/2025:09:38:10 -0400] "POST /wp-admin/admin-ajax.php?action=async_litespeed&nonce=QwAqwIZaxhDGvGFHmBhiAP5ZlY5ByH2R&litespeed_type=imgoptm HTTP/1.1" 200 5 "-" "WordPress/6.7.2; https://baernblog.com"
178.128.109.146 - - [30/Mar/2025:09:41:59 -0400] "GET /wp-login.php HTTP/1.1" 200 1685 "-" "Mozilla/5.0 (X11; Linux x86_64; rv:121.0) Gecko/20100101 Firefox/121.0"
178.128.109.146 - - [30/Mar/2025:09:42:00 -0400] "POST /wp-login.php HTTP/1.1" 200 0 "-" "Mozilla/5.0 (X11; Linux x86_64; rv:121.0) Gecko/20100101 Firefox/121.0"
198.54.114.83 - - [30/Mar/2025:09:43:54 -0400] "POST /wp-cron.php?doing_wp_cron=1743342234.3812139034271240234375 HTTP/1.1" 200 0 "-" "WordPress/6.7.2; https://baernblog.com"
54.36.148.0 - - [30/Mar/2025:09:43:51 -0400] "GET /a-breakthrough-in-skin-care/ HTTP/1.1" 200 10533 "-" "Mozilla/5.0 (compatible; AhrefsBot/7.0; +http://ahrefs.com/robot/)"
198.54.114.83 - - [30/Mar/2025:09:43:55 -0400] "POST /wp-admin/admin-ajax.php?action=async_litespeed&nonce=gclNDAc5flIKwz4rUzfQFcQOgTTmCysm&litespeed_type=imgoptm HTTP/1.1" 200 0 "-" "WordPress/6.7.2; https://baernblog.com"
198.54.114.83 - - [30/Mar/2025:09:45:27 -0400] "POST /wp-cron.php?doing_wp_cron=1743342326.6456971168518066406250 HTTP/1.1" 200 0 "-" "WordPress/6.7.2; https://baernblog.com"
80.64.30.32 - - [30/Mar/2025:09:45:22 -0400] "GET /wp-login.php?wp_lang=en_US HTTP/1.1" 200 1684 "https://baernblog.com/wp-login.php" "Mozilla/5.0 (Windows NT 10.0; Win64; x64; rv:136.0) Gecko/20100101 Firefox/136.0"
198.54.114.83 - - [30/Mar/2025:09:45:28 -0400] "POST /wp-admin/admin-ajax.php?action=async_litespeed&nonce=Qb9a6WdmzQj5ZlAXvblhL7xjSz79TiPe&litespeed_type=imgoptm HTTP/1.1" 200 0 "-" "WordPress/6.7.2; https://baernblog.com"
80.64.30.32 - - [30/Mar/2025:09:45:33 -0400] "POST /wp-login.php?wp_lang=en_US HTTP/1.1" 200 0 "https://baernblog.com/wp-login.php" "Mozilla/5.0 (Windows NT 10.0; Win64; x64; rv:136.0) Gecko/20100101 Firefox/136.0"
198.54.114.83 - - [30/Mar/2025:09:46:38 -0400] "POST /wp-cron.php?doing_wp_cron=1743342398.5179529190063476562500 HTTP/1.1" 200 0 "-" "WordPress/6.7.2; https://baernblog.com"
176.29.59.126 - - [30/Mar/2025:09:46:38 -0400] "POST /wp-login.php?wp_lang=en_US HTTP/1.1" 200 1804 "https://baernblog.com/wp-login.php" "Mozilla/5.0 (Windows NT 10.0; Win64; x64; rv:136.0) Gecko/20100101 Firefox/136.0"
198.54.114.83 - - [30/Mar/2025:09:46:39 -0400] "POST /wp-admin/admin-ajax.php?action=async_litespeed&nonce=ZhUciDGnOGXGukLToYeiJ8NGP4lNi9V8&litespeed_type=imgoptm HTTP/1.1" 200 5 "-" "WordPress/6.7.2; https://baernblog.com"
176.29.59.126 - - [30/Mar/2025:09:46:40 -0400] "GET /wp-admin/ HTTP/1.1" 302 0 "https://baernblog.com/wp-login.php" "Mozilla/5.0 (Windows NT 10.0; Win64; x64; rv:136.0) Gecko/20100101 Firefox/136.0"
176.29.59.126 - - [30/Mar/2025:09:46:41 -0400] "GET /wp-login.php?redirect_to=https%3A%2F%2Fbaernblog.com%2Fwp-admin%2F&reauth=1 HTTP/1.1" 200 1684 "https://baernblog.com/wp-login.php" "Mozilla/5.0 (Windows NT 10.0; Win64; x64; rv:136.0) Gecko/20100101 Firefox/136.0"
80.64.30.32 - - [30/Mar/2025:09:46:42 -0400] "GET /xmlrpc.php HTTP/1.1" 405 46 "https://baernblog.com/xmlrpc.php" "Mozilla/5.0 (Windows NT 10.0; Win64; x64) AppleWebKit/537.36 (KHTML, like Gecko) Chrome/134.0.0.0 Safari/537.36"
80.64.30.32 - - [30/Mar/2025:09:46:47 -0400] "POST /xmlrpc.php HTTP/1.1" 200 0 "https://baernblog.com/xmlrpc.php" "Mozilla/5.0 (Windows NT 10.0; Win64; x64) AppleWebKit/537.36 (KHTML, like Gecko) Chrome/134.0.0.0 Safari/537.36"
198.54.114.83 - - [30/Mar/2025:09:47:21 -0400] "POST /wp-cron.php?doing_wp_cron=1743342441.9043068885803222656250 HTTP/1.1" 200 0 "-" "WordPress/6.7.2; https://baernblog.com"
175.207.197.171 - - [30/Mar/2025:09:47:21 -0400] "POST /xmlrpc.php HTTP/1.1" 200 186 "https://baernblog.com/xmlrpc.php" "Mozilla/5.0 (Windows NT 10.0; Win64; x64) AppleWebKit/537.36 (KHTML, like Gecko) Chrome/134.0.0.0 Safari/537.36"
198.54.114.83 - - [30/Mar/2025:09:47:22 -0400] "POST /wp-admin/admin-ajax.php?action=async_litespeed&nonce=2awlN6YvB7HYuncMrjILbb23ycadol8B&litespeed_type=imgoptm HTTP/1.1" 200 5 "-" "WordPress/6.7.2; https://baernblog.com"
34.82.245.205 - - [30/Mar/2025:09:49:31 -0400] "GET /how-to-find-a-locksmith-in-chicago HTTP/1.1" 301 0 "-" "Mozilla/5.0 (Macintosh; Intel Mac OS X 10_15_7) AppleWebKit/605.1.15 (KHTML, like Gecko) Version/16.3 Safari/605.1.15"
34.82.245.205 - - [30/Mar/2025:09:49:31 -0400] "GET /how-to-find-a-locksmith-in-chicago/ HTTP/1.1" 200 10462 "https://baernblog.com/how-to-find-a-locksmith-in-chicago" "Mozilla/5.0 (Macintosh; Intel Mac OS X 10_15_7) AppleWebKit/605.1.15 (KHTML, like Gecko) Version/16.3 Safari/605.1.15"
198.54.114.83 - - [30/Mar/2025:09:50:08 -0400] "POST /wp-cron.php?doing_wp_cron=1743342608.4850900173187255859375 HTTP/1.1" 200 0 "-" "WordPress/6.7.2; https://baernblog.com"
54.36.148.81 - - [30/Mar/2025:09:50:03 -0400] "GET /chicago-branding-and-design-agencies/ HTTP/1.1" 200 10477 "-" "Mozilla/5.0 (compatible; AhrefsBot/7.0; +http://ahrefs.com/robot/)"
198.54.114.83 - - [30/Mar/2025:09:50:09 -0400] "POST /wp-admin/admin-ajax.php?action=async_litespeed&nonce=qPJsyKki47GywXYDTkLB8P666rAtMH0Q&litespeed_type=imgoptm HTTP/1.1" 200 5 "-" "WordPress/6.7.2; https://baernblog.com"
209.38.146.230 - - [30/Mar/2025:09:53:58 -0400] "GET /wp-login.php HTTP/1.1" 200 1685 "-" "Mozilla/5.0 (X11; Linux x86_64; rv:121.0) Gecko/20100101 Firefox/121.0"
209.38.146.230 - - [30/Mar/2025:09:53:58 -0400] "POST /wp-login.php HTTP/1.1" 200 0 "-" "Mozilla/5.0 (X11; Linux x86_64; rv:121.0) Gecko/20100101 Firefox/121.0"
198.54.114.83 - - [30/Mar/2025:09:56:13 -0400] "POST /wp-cron.php?doing_wp_cron=1743342972.9848001003265380859375 HTTP/1.1" 200 0 "-" "WordPress/6.7.2; https://baernblog.com"
198.54.114.83 - - [30/Mar/2025:09:56:15 -0400] "POST /wp-admin/admin-ajax.php?action=async_litespeed&nonce=bkTObcWH2z68t410HHDXOPVZSSvTEtgR&litespeed_type=imgoptm HTTP/1.1" 200 0 "-" "WordPress/6.7.2; https://baernblog.com"
54.36.149.82 - - [30/Mar/2025:09:56:07 -0400] "GET /detendez-vous-a-geneve-avec-le-massage-thailandais/ HTTP/1.1" 200 10612 "-" "Mozilla/5.0 (compatible; AhrefsBot/7.0; +http://ahrefs.com/robot/)"
198.54.114.83 - - [30/Mar/2025:09:56:33 -0400] "POST /wp-cron.php?doing_wp_cron=1743342992.8131508827209472656250 HTTP/1.1" 200 0 "-" "WordPress/6.7.2; https://baernblog.com"
114.119.150.190 - - [30/Mar/2025:09:56:32 -0400] "GET /tipps-zur-auswahl-des-besten-hypothekenmaklers/ HTTP/1.1" 200 10990 "https://baernblog.com/tips-for-choosing-the-best-mortgage-broker/" "Mozilla/5.0 (Linux; Android 7.0;) AppleWebKit/537.36 (KHTML, like Gecko) Mobile Safari/537.36 (compatible; PetalBot;+https://webmaster.petalsearch.com/site/petalbot)"
198.54.114.83 - - [30/Mar/2025:09:58:27 -0400] "POST /wp-cron.php?doing_wp_cron=1743343106.9696869850158691406250 HTTP/1.1" 200 0 "-" "WordPress/6.7.2; https://baernblog.com"
34.53.26.151 - - [30/Mar/2025:09:58:25 -0400] "GET /the-omnivoid HTTP/1.1" 301 0 "-" "Mozilla/5.0 (Macintosh; Intel Mac OS X 10_15_7) AppleWebKit/537.36 (KHTML, like Gecko) Chrome/124.0.0.0 Safari/537.36"
198.54.114.83 - - [30/Mar/2025:09:58:27 -0400] "POST /wp-admin/admin-ajax.php?action=async_litespeed&nonce=sHdk8vtLO06qFzg2v23NABljsOly83qk&litespeed_type=imgoptm HTTP/1.1" 200 5 "-" "WordPress/6.7.2; https://baernblog.com"
34.53.26.151 - - [30/Mar/2025:09:58:27 -0400] "GET /the-omnivoid/ HTTP/1.1" 200 10829 "https://baernblog.com/the-omnivoid" "Mozilla/5.0 (Macintosh; Intel Mac OS X 10_15_7) AppleWebKit/537.36 (KHTML, like Gecko) Chrome/124.0.0.0 Safari/537.36"
172.172.2.214 - - [30/Mar/2025:09:58:44 -0400] "HEAD /new-conservatory-ideas-to-give-your-sunroom-a-fresh-vibrant-and-welcome-look/ HTTP/1.1" 200 0 "http://baernblog.com/new" "Mozilla/5.0 (Windows NT 10.0; Win64; x64) AppleWebKit/537.36 (KHTML, like Gecko) Chrome/74.0.3729.169 Safari/537.36"
172.172.2.214 - - [30/Mar/2025:09:58:46 -0400] "HEAD /home-care-in-toronto/ HTTP/1.1" 200 0 "http://baernblog.com/home" "Mozilla/5.0 (Windows NT 10.0; Win64; x64) AppleWebKit/537.36 (KHTML, like Gecko) Chrome/74.0.3729.169 Safari/537.36"
198.54.114.83 - - [30/Mar/2025:10:02:26 -0400] "POST /wp-cron.php?doing_wp_cron=1743343345.7122170925140380859375 HTTP/1.1" 200 0 "-" "WordPress/6.7.2; https://baernblog.com"
54.36.149.15 - - [30/Mar/2025:10:02:20 -0400] "GET /choosing-the-perfect-wedding-celebrant-auckland/ HTTP/1.1" 200 10600 "-" "Mozilla/5.0 (compatible; AhrefsBot/7.0; +http://ahrefs.com/robot/)"
198.54.114.83 - - [30/Mar/2025:10:02:26 -0400] "POST /wp-admin/admin-ajax.php?action=async_litespeed&nonce=pMlm7nKbhgpZsQwWEAEdcOJSVR3IBAzs&litespeed_type=imgoptm HTTP/1.1" 200 5 "-" "WordPress/6.7.2; https://baernblog.com"
198.54.114.83 - - [30/Mar/2025:10:04:31 -0400] "POST /wp-cron.php?doing_wp_cron=1743343471.4036090373992919921875 HTTP/1.1" 200 0 "-" "WordPress/6.7.2; https://baernblog.com"
178.20.30.28 - - [30/Mar/2025:10:04:29 -0400] "GET /aerospace-polymer-sealants/ HTTP/1.1" 200 11570 "https://baernblog.com/aerospace-polymer-sealants/" "Mozilla/5.0 (Windows NT 10.0; WOW64) AppleWebKit/537.36 (KHTML, like Gecko) Chrome/103.0.5060.114 Safari/537.36"
198.54.114.83 - - [30/Mar/2025:10:04:32 -0400] "POST /wp-admin/admin-ajax.php?action=async_litespeed&nonce=ck1cKCggp5HXdV8sdAuBQiq4w8qI6CZ2&litespeed_type=imgoptm HTTP/1.1" 200 0 "-" "WordPress/6.7.2; https://baernblog.com"
178.20.30.28 - - [30/Mar/2025:10:04:36 -0400] "POST /wp-comments-post.php HTTP/1.1" 302 0 "https://baernblog.com/aerospace-polymer-sealants/" "Mozilla/5.0 (Windows NT 10.0; WOW64) AppleWebKit/537.36 (KHTML, like Gecko) Chrome/103.0.5060.114 Safari/537.36"
178.20.30.28 - - [30/Mar/2025:10:04:39 -0400] "GET /aerospace-polymer-sealants/ HTTP/1.1" 200 12449 "https://baernblog.com/aerospace-polymer-sealants/#comment-22424" "Mozilla/5.0 (Windows NT 10.0; WOW64) AppleWebKit/537.36 (KHTML, like Gecko) Chrome/103.0.5060.114 Safari/537.36"
198.54.114.83 - - [30/Mar/2025:10:07:56 -0400] "POST /wp-cron.php?doing_wp_cron=1743343675.9477450847625732421875 HTTP/1.1" 200 0 "-" "WordPress/6.7.2; https://baernblog.com"
54.36.148.160 - - [30/Mar/2025:10:07:54 -0400] "GET /maximizing-digital-marketing-for-small-businesses/ HTTP/1.1" 200 10579 "-" "Mozilla/5.0 (compatible; AhrefsBot/7.0; +http://ahrefs.com/robot/)"
198.54.114.83 - - [30/Mar/2025:10:07:56 -0400] "POST /wp-admin/admin-ajax.php?action=async_litespeed&nonce=gA1CQyl1gAUKgatQQzucMormDn4TvHJj&litespeed_type=imgoptm HTTP/1.1" 200 5 "-" "WordPress/6.7.2; https://baernblog.com"
198.54.114.83 - - [30/Mar/2025:10:09:04 -0400] "POST /wp-admin/admin-ajax.php?action=async_litespeed&nonce=gWCrbvsNXIbmLGCOW5gwxBqWuvNu4MHP&litespeed_type=imgoptm HTTP/1.1" 200 5 "-" "WordPress/6.7.2; https://baernblog.com"
139.99.68.31 - - [30/Mar/2025:10:09:28 -0400] "GET /wp-admin/user/about.php HTTP/1.1" 302 0 "http://baernblog.com/wp-admin/user/about.php" "Go-http-client/2.0"
139.99.68.31 - - [30/Mar/2025:10:09:28 -0400] "GET /wp-login.php?redirect_to=https%3A%2F%2Fbaernblog.com%2Fwp-admin%2Fuser%2Fabout.php&reauth=1 HTTP/1.1" 200 1690 "https://baernblog.com/wp-admin/user/about.php" "Go-http-client/2.0"
139.99.68.31 - - [30/Mar/2025:10:09:37 -0400] "GET /wp-login.php?action=register HTTP/1.1" 302 0 "http://baernblog.com/wp-signup.php?FoX=sQFLZ" "Go-http-client/2.0"
139.99.68.31 - - [30/Mar/2025:10:09:37 -0400] "GET /wp-login.php?registration=disabled HTTP/1.1" 200 1746 "https://baernblog.com/wp-login.php?action=register" "Go-http-client/2.0"
139.99.68.31 - - [30/Mar/2025:10:09:48 -0400] "GET /wp-admin/user/about.php?p= HTTP/1.1" 302 0 "http://baernblog.com/wp-admin/user/about.php?p=" "Go-http-client/2.0"
139.99.68.31 - - [30/Mar/2025:10:09:49 -0400] "GET /wp-login.php?redirect_to=https%3A%2F%2Fbaernblog.com%2Fwp-admin%2Fuser%2Fabout.php%3Fp%3D&reauth=1 HTTP/1.1" 200 1689 "https://baernblog.com/wp-admin/user/about.php?p=" "Go-http-client/2.0"
198.54.114.83 - - [30/Mar/2025:10:10:06 -0400] "POST /wp-admin/admin-ajax.php?action=async_litespeed&nonce=UPTs43XGgcu79aZ6aooEuHwQpFSTvyx8&litespeed_type=imgoptm HTTP/1.1" 200 0 "-" "WordPress/6.7.2; https://baernblog.com"
198.54.114.83 - - [30/Mar/2025:10:11:04 -0400] "POST /wp-admin/admin-ajax.php?action=async_litespeed&nonce=0SPfPoqCLazWuzsN7m9SNY9q0VluKeQW&litespeed_type=imgoptm HTTP/1.1" 200 5 "-" "WordPress/6.7.2; https://baernblog.com"
112.86.225.242 - - [30/Mar/2025:10:11:33 -0400] "GET / HTTP/1.1" 200 77939 "-" "Sogou web spider/4.0(+http://www.sogou.com/docs/help/webmasters.htm#07)"
139.99.68.31 - - [30/Mar/2025:10:11:57 -0400] "GET /wp-login.php?action=register HTTP/1.1" 302 0 "http://baernblog.com/wp-login.php?action=register" "Go-http-client/2.0"
139.99.68.31 - - [30/Mar/2025:10:11:57 -0400] "GET /wp-login.php?registration=disabled HTTP/1.1" 200 1746 "https://baernblog.com/wp-login.php?action=register" "Go-http-client/2.0"
198.54.114.83 - - [30/Mar/2025:10:12:04 -0400] "POST /wp-admin/admin-ajax.php?action=async_litespeed&nonce=IylkgF6LFMsQb3L9tjE15uGAQFDnTfan&litespeed_type=imgoptm HTTP/1.1" 200 5 "-" "WordPress/6.7.2; https://baernblog.com"
139.99.68.31 - - [30/Mar/2025:10:12:10 -0400] "GET /feed/atom/ HTTP/1.1" 200 36658 "http://baernblog.com/wp-atom.php" "Go-http-client/2.0"
139.99.68.31 - - [30/Mar/2025:10:12:17 -0400] "GET /wp-login.php HTTP/1.1" 200 1685 "http://baernblog.com/wp-login.php" "Go-http-client/2.0"
139.99.68.31 - - [30/Mar/2025:10:12:35 -0400] "GET /wp-login.php?action=register HTTP/1.1" 302 0 "http://baernblog.com/wp-activate.php" "Go-http-client/2.0"
139.99.68.31 - - [30/Mar/2025:10:12:35 -0400] "GET /wp-login.php?registration=disabled HTTP/1.1" 200 1746 "https://baernblog.com/wp-login.php?action=register" "Go-http-client/2.0"
198.54.114.83 - - [30/Mar/2025:10:13:04 -0400] "POST /wp-admin/admin-ajax.php?action=async_litespeed&nonce=IvONGO6K2B55R0Cluh93TMOyzPkG6zq6&litespeed_type=imgoptm HTTP/1.1" 200 5 "-" "WordPress/6.7.2; https://baernblog.com"
139.99.68.31 - - [30/Mar/2025:10:13:08 -0400] "GET /wp-admin/admin.php HTTP/1.1" 302 0 "http://baernblog.com/wp-admin/admin.php" "Go-http-client/2.0"
139.99.68.31 - - [30/Mar/2025:10:13:09 -0400] "GET /wp-login.php?redirect_to=https%3A%2F%2Fbaernblog.com%2Fwp-admin%2Fadmin.php&reauth=1 HTTP/1.1" 200 1681 "https://baernblog.com/wp-admin/admin.php" "Go-http-client/2.0"
139.99.68.31 - - [30/Mar/2025:10:13:14 -0400] "GET /wp-admin/about.php HTTP/1.1" 302 0 "http://baernblog.com/wp-admin/about.php" "Go-http-client/2.0"
139.99.68.31 - - [30/Mar/2025:10:13:15 -0400] "GET /wp-login.php?redirect_to=https%3A%2F%2Fbaernblog.com%2Fwp-admin%2Fabout.php&reauth=1 HTTP/1.1" 200 1683 "https://baernblog.com/wp-admin/about.php" "Go-http-client/2.0"
104.207.63.87 - - [30/Mar/2025:10:13:17 -0400] "GET /wp-login.php HTTP/1.1" 200 1685 "-" "Mozilla/5.0 (Windows NT 10.0; Win64; x64) AppleWebKit/537.36 (KHTML, like Gecko) Chrome/106.0.0.0 Safari/537.36"
139.99.68.31 - - [30/Mar/2025:10:13:26 -0400] "GET /wp-login.php?action=register HTTP/1.1" 302 0 "http://baernblog.com/wp-signup.php" "Go-http-client/2.0"
139.99.68.31 - - [30/Mar/2025:10:13:27 -0400] "GET /wp-login.php?registration=disabled HTTP/1.1" 200 1746 "https://baernblog.com/wp-login.php?action=register" "Go-http-client/2.0"
139.99.68.31 - - [30/Mar/2025:10:13:27 -0400] "GET /wp-admin/network/about.php HTTP/1.1" 302 0 "http://baernblog.com/wp-admin/network/about.php" "Go-http-client/2.0"
139.99.68.31 - - [30/Mar/2025:10:13:28 -0400] "GET /wp-login.php?redirect_to=https%3A%2F%2Fbaernblog.com%2Fwp-admin%2Fnetwork%2Fabout.php&reauth=1 HTTP/1.1" 200 1690 "https://baernblog.com/wp-admin/network/about.php" "Go-http-client/2.0"
54.36.148.177 - - [30/Mar/2025:10:13:55 -0400] "GET /the-art-of-massage-a-pathway-to-wellness/ HTTP/1.1" 200 10379 "-" "Mozilla/5.0 (compatible; AhrefsBot/7.0; +http://ahrefs.com/robot/)"
198.54.114.83 - - [30/Mar/2025:10:19:46 -0400] "POST /wp-cron.php?doing_wp_cron=1743344384.3886899948120117187500 HTTP/1.1" 200 0 "-" "WordPress/6.7.2; https://baernblog.com"
54.36.148.79 - - [30/Mar/2025:10:19:37 -0400] "GET /relaxation-and-healing-combined/ HTTP/1.1" 200 10461 "-" "Mozilla/5.0 (compatible; AhrefsBot/7.0; +http://ahrefs.com/robot/)"
202.69.38.12 - - [30/Mar/2025:10:21:35 -0400] "HEAD / HTTP/1.1" 200 0 "https://baernblog.com/" "Mozilla/5.0 (Windows NT 10.0; Win64; x64) AppleWebKit/537.36 (KHTML, like Gecko) Chrome/91.0.4472.124 Safari/537.36"
202.69.38.12 - - [30/Mar/2025:10:21:42 -0400] "GET /adminfuns.php HTTP/1.1" 404 5943 "https://www.google.com/" "Mozilla/5.0 (Windows NT 10.0; Win64; x64) AppleWebKit/537.36 (KHTML, like Gecko) Chrome/91.0.4472.124 Safari/537.36"
198.54.114.83 - - [30/Mar/2025:10:21:48 -0400] "POST /wp-cron.php?doing_wp_cron=1743344505.6781830787658691406250 HTTP/1.1" 200 0 "-" "WordPress/6.7.2; https://baernblog.com"
202.69.38.12 - - [30/Mar/2025:10:21:50 -0400] "GET /tempfuns.php HTTP/1.1" 404 5943 "https://www.google.com/" "Mozilla/5.0 (Windows NT 10.0; Win64; x64) AppleWebKit/537.36 (KHTML, like Gecko) Chrome/91.0.4472.124 Safari/537.36"
202.69.38.12 - - [30/Mar/2025:10:21:53 -0400] "GET /thoms.php HTTP/1.1" 404 5943 "https://www.google.com/" "Mozilla/5.0 (Windows NT 10.0; Win64; x64) AppleWebKit/537.36 (KHTML, like Gecko) Chrome/91.0.4472.124 Safari/537.36"
202.69.38.12 - - [30/Mar/2025:10:21:56 -0400] "GET /classfuns.php HTTP/1.1" 404 5942 "https://www.google.com/" "Mozilla/5.0 (Windows NT 10.0; Win64; x64) AppleWebKit/537.36 (KHTML, like Gecko) Chrome/91.0.4472.124 Safari/537.36"
202.69.38.12 - - [30/Mar/2025:10:22:00 -0400] "GET /userfuns.php HTTP/1.1" 404 5943 "https://www.google.com/" "Mozilla/5.0 (Windows NT 10.0; Win64; x64) AppleWebKit/537.36 (KHTML, like Gecko) Chrome/91.0.4472.124 Safari/537.36"
202.69.38.12 - - [30/Mar/2025:10:22:02 -0400] "GET /termps.php HTTP/1.1" 404 5943 "https://www.google.com/" "Mozilla/5.0 (Windows NT 10.0; Win64; x64) AppleWebKit/537.36 (KHTML, like Gecko) Chrome/91.0.4472.124 Safari/537.36"
202.69.38.12 - - [30/Mar/2025:10:22:05 -0400] "GET /inputs.php HTTP/1.1" 404 5943 "https://www.google.com/" "Mozilla/5.0 (Windows NT 10.0; Win64; x64) AppleWebKit/537.36 (KHTML, like Gecko) Chrome/91.0.4472.124 Safari/537.36"
202.69.38.12 - - [30/Mar/2025:10:22:07 -0400] "GET /connects.php HTTP/1.1" 404 5943 "https://www.google.com/" "Mozilla/5.0 (Windows NT 10.0; Win64; x64) AppleWebKit/537.36 (KHTML, like Gecko) Chrome/91.0.4472.124 Safari/537.36"
202.69.38.12 - - [30/Mar/2025:10:22:09 -0400] "GET /hplfuns.php HTTP/1.1" 404 5943 "https://www.google.com/" "Mozilla/5.0 (Windows NT 10.0; Win64; x64) AppleWebKit/537.36 (KHTML, like Gecko) Chrome/91.0.4472.124 Safari/537.36"
202.69.38.12 - - [30/Mar/2025:10:22:11 -0400] "GET /filefuns.php HTTP/1.1" 404 5943 "https://www.google.com/" "Mozilla/5.0 (Windows NT 10.0; Win64; x64) AppleWebKit/537.36 (KHTML, like Gecko) Chrome/91.0.4472.124 Safari/537.36"
202.69.38.12 - - [30/Mar/2025:10:22:13 -0400] "GET /wp-content/termps.php HTTP/1.1" 404 5943 "https://www.google.com/" "Mozilla/5.0 (Windows NT 10.0; Win64; x64) AppleWebKit/537.36 (KHTML, like Gecko) Chrome/91.0.4472.124 Safari/537.36"
202.69.38.12 - - [30/Mar/2025:10:22:15 -0400] "GET /wp-admin/termps.php HTTP/1.1" 404 5942 "https://www.google.com/" "Mozilla/5.0 (Windows NT 10.0; Win64; x64) AppleWebKit/537.36 (KHTML, like Gecko) Chrome/91.0.4472.124 Safari/537.36"
202.69.38.12 - - [30/Mar/2025:10:22:17 -0400] "GET /wp-includes/termps.php HTTP/1.1" 404 5943 "https://www.google.com/" "Mozilla/5.0 (Windows NT 10.0; Win64; x64) AppleWebKit/537.36 (KHTML, like Gecko) Chrome/91.0.4472.124 Safari/537.36"
198.54.114.83 - - [30/Mar/2025:10:23:27 -0400] "POST /wp-cron.php?doing_wp_cron=1743344607.4804139137268066406250 HTTP/1.1" 200 0 "-" "WordPress/6.7.2; https://baernblog.com"
2400:9800:3c1:92d9:b96b:96d6:97e0:d61f - - [30/Mar/2025:10:23:27 -0400] "POST /wp-login.php HTTP/1.1" 200 1804 "https://baernblog.com/wp-admin/" "Mozilla/5.0 (Windows NT 10.0; Win64; x64) AppleWebKit/537.36 (KHTML, like Gecko) Chrome/90.0.4430.85 Safari/537.36"
198.54.114.83 - - [30/Mar/2025:10:23:28 -0400] "POST /wp-admin/admin-ajax.php?action=async_litespeed&nonce=lFmT2DHaLcbDOk52ZrOPxPx8gU5bbIKC&litespeed_type=imgoptm HTTP/1.1" 200 0 "-" "WordPress/6.7.2; https://baernblog.com"
2400:9800:3c1:92d9:b96b:96d6:97e0:d61f - - [30/Mar/2025:10:23:28 -0400] "GET /wp-admin/ HTTP/1.1" 302 0 "www.google.com" "Mozilla/5.0 (Windows NT 10.0; Win64; x64) AppleWebKit/537.36 (KHTML, like Gecko) Chrome/90.0.4430.85 Safari/537.36"
2400:9800:3c1:92d9:b96b:96d6:97e0:d61f - - [30/Mar/2025:10:23:30 -0400] "GET /wp-login.php?redirect_to=https%3A%2F%2Fbaernblog.com%2Fwp-admin%2F&reauth=1 HTTP/1.1" 200 1684 "www.google.com" "Mozilla/5.0 (Windows NT 10.0; Win64; x64) AppleWebKit/537.36 (KHTML, like Gecko) Chrome/90.0.4430.85 Safari/537.36"
198.54.114.83 - - [30/Mar/2025:10:25:26 -0400] "POST /wp-cron.php?doing_wp_cron=1743344726.4517810344696044921875 HTTP/1.1" 200 0 "-" "WordPress/6.7.2; https://baernblog.com"
54.36.148.2 - - [30/Mar/2025:10:25:22 -0400] "GET /employment-law-specialist/ HTTP/1.1" 200 10116 "-" "Mozilla/5.0 (compatible; AhrefsBot/7.0; +http://ahrefs.com/robot/)"
198.54.114.83 - - [30/Mar/2025:10:25:27 -0400] "POST /wp-admin/admin-ajax.php?action=async_litespeed&nonce=upoBjSVj5tPnN2lglbCqF8vEi9jvILKy&litespeed_type=imgoptm HTTP/1.1" 200 0 "-" "WordPress/6.7.2; https://baernblog.com"
35.247.89.155 - - [30/Mar/2025:10:25:36 -0400] "GET /michael-kors-the-tote-handbag HTTP/1.1" 301 0 "-" "Mozilla/5.0 (Windows NT 10.0; Win64; x64) AppleWebKit/537.36 (KHTML, like Gecko) Chrome/123.0.0.0 Safari/537.36 OPR/109.0.0.0"
35.247.89.155 - - [30/Mar/2025:10:25:36 -0400] "GET /michael-kors-the-tote-handbag/ HTTP/1.1" 200 10498 "https://baernblog.com/michael-kors-the-tote-handbag" "Mozilla/5.0 (Windows NT 10.0; Win64; x64) AppleWebKit/537.36 (KHTML, like Gecko) Chrome/123.0.0.0 Safari/537.36 OPR/109.0.0.0"
34.82.82.120 - - [30/Mar/2025:10:27:20 -0400] "GET /michael-kors-the-tote-handbag HTTP/1.1" 301 0 "-" "Mozilla/5.0 (Macintosh; Intel Mac OS X 10_15_7) AppleWebKit/605.1.15 (KHTML, like Gecko) Version/17.1 Safari/605.1.15"
34.82.82.120 - - [30/Mar/2025:10:27:21 -0400] "GET /michael-kors-the-tote-handbag/ HTTP/1.1" 200 10498 "https://baernblog.com/michael-kors-the-tote-handbag" "Mozilla/5.0 (Macintosh; Intel Mac OS X 10_15_7) AppleWebKit/605.1.15 (KHTML, like Gecko) Version/17.1 Safari/605.1.15"
54.36.148.109 - - [30/Mar/2025:10:31:04 -0400] "GET /getting-started-with-muscle-building-a-beginners-guide/ HTTP/1.1" 200 10946 "-" "Mozilla/5.0 (compatible; AhrefsBot/7.0; +http://ahrefs.com/robot/)"
64.62.202.82 - - [30/Mar/2025:10:31:17 -0400] "GET /robots.txt HTTP/1.1" 200 108 "-" "Mozilla/5.0 (compatible; centurybot/1.0)"
198.54.114.83 - - [30/Mar/2025:10:32:19 -0400] "POST /wp-admin/admin-ajax.php?action=async_litespeed&nonce=daBGEo7Mm3ne7a1ZOFP2VROvuvVNruRV&litespeed_type=imgoptm HTTP/1.1" 200 0 "-" "WordPress/6.7.2; https://baernblog.com"
198.54.114.83 - - [30/Mar/2025:10:36:39 -0400] "POST /wp-cron.php?doing_wp_cron=1743345398.5477690696716308593750 HTTP/1.1" 200 0 "-" "WordPress/6.7.2; https://baernblog.com"
198.54.114.83 - - [30/Mar/2025:10:36:40 -0400] "POST /wp-admin/admin-ajax.php?action=async_litespeed&nonce=kNPHifvnTXlzcyE1Iqu4YXhlJCPz78em&litespeed_type=imgoptm HTTP/1.1" 200 0 "-" "WordPress/6.7.2; https://baernblog.com"
54.36.148.239 - - [30/Mar/2025:10:36:33 -0400] "GET /a-thrilling-gaming-experience/ HTTP/1.1" 200 10400 "-" "Mozilla/5.0 (compatible; AhrefsBot/7.0; +http://ahrefs.com/robot/)"
172.213.21.23 - - [30/Mar/2025:10:37:12 -0400] "GET /robots.txt HTTP/1.1" 200 108 "-" "Mozilla/5.0 AppleWebKit/537.36 (KHTML, like Gecko); compatible; ChatGPT-User/1.0; +https://openai.com/bot"
198.54.114.83 - - [30/Mar/2025:10:37:14 -0400] "POST /wp-cron.php?doing_wp_cron=1743345434.2585608959197998046875 HTTP/1.1" 200 0 "-" "WordPress/6.7.2; https://baernblog.com"
172.213.21.20 - - [30/Mar/2025:10:37:13 -0400] "GET /exploring-existential-cinema-a-journey-through-philosophy-and-film/ HTTP/1.1" 200 11311 "-" "Mozilla/5.0 AppleWebKit/537.36 (KHTML, like Gecko); compatible; ChatGPT-User/1.0; +https://openai.com/bot"
198.54.114.83 - - [30/Mar/2025:10:37:15 -0400] "POST /wp-admin/admin-ajax.php?action=async_litespeed&nonce=JofutaF4aqQv3nZ0nQMm99Q5uT64KL7Z&litespeed_type=imgoptm HTTP/1.1" 200 5 "-" "WordPress/6.7.2; https://baernblog.com"
172.213.21.31 - - [30/Mar/2025:10:37:15 -0400] "GET /exploring-existential-cinema-a-journey-through-philosophy-and-film/ HTTP/1.1" 200 11276 "-" "Mozilla/5.0 AppleWebKit/537.36 (KHTML, like Gecko); compatible; ChatGPT-User/1.0; +https://openai.com/bot"
198.54.114.83 - - [30/Mar/2025:10:42:14 -0400] "POST /wp-cron.php?doing_wp_cron=1743345733.7012889385223388671875 HTTP/1.1" 200 0 "-" "WordPress/6.7.2; https://baernblog.com"
198.54.114.83 - - [30/Mar/2025:10:42:16 -0400] "POST /wp-admin/admin-ajax.php?action=async_litespeed&nonce=uDysEkz9yGKO7GPIB2sb9VDMLgOvKDLH&litespeed_type=imgoptm HTTP/1.1" 200 0 "-" "WordPress/6.7.2; https://baernblog.com"
54.36.148.156 - - [30/Mar/2025:10:42:09 -0400] "GET /picking-a-suitable-skin-moisturizer/ HTTP/1.1" 200 10896 "-" "Mozilla/5.0 (compatible; AhrefsBot/7.0; +http://ahrefs.com/robot/)"
34.127.17.192 - - [30/Mar/2025:10:42:57 -0400] "GET /benefits-and-advantages-of-voice-broadcasting HTTP/1.1" 301 0 "-" "Mozilla/5.0 (Windows NT 10.0; Win64; x64) AppleWebKit/537.36 (KHTML, like Gecko) Chrome/123.0.0.0 Safari/537.36"
34.127.17.192 - - [30/Mar/2025:10:42:58 -0400] "GET /benefits-and-advantages-of-voice-broadcasting/ HTTP/1.1" 200 10949 "https://baernblog.com/benefits-and-advantages-of-voice-broadcasting" "Mozilla/5.0 (Windows NT 10.0; Win64; x64) AppleWebKit/537.36 (KHTML, like Gecko) Chrome/123.0.0.0 Safari/537.36"
198.54.114.83 - - [30/Mar/2025:10:47:46 -0400] "POST /wp-cron.php?doing_wp_cron=1743346066.3343610763549804687500 HTTP/1.1" 200 0 "-" "WordPress/6.7.2; https://baernblog.com"
198.54.114.83 - - [30/Mar/2025:10:47:48 -0400] "POST /wp-admin/admin-ajax.php?action=async_litespeed&nonce=5QoqnJKLMLwOsrOy0pcrkE67KNacVCHS&litespeed_type=imgoptm HTTP/1.1" 200 0 "-" "WordPress/6.7.2; https://baernblog.com"
54.36.148.106 - - [30/Mar/2025:10:47:21 -0400] "GET /rilassarsi-e-ringiovanire-vivere-la-tranquillita-negli-agriturismi-con-spa-sul-lago-di-garda/ HTTP/1.1" 200 11052 "-" "Mozilla/5.0 (compatible; AhrefsBot/7.0; +http://ahrefs.com/robot/)"
198.54.114.83 - - [30/Mar/2025:10:53:00 -0400] "POST /wp-cron.php?doing_wp_cron=1743346379.1225640773773193359375 HTTP/1.1" 200 0 "-" "WordPress/6.7.2; https://baernblog.com"
54.36.148.238 - - [30/Mar/2025:10:52:54 -0400] "GET /exploring-the-world-of-rainbow-riches-casino/ HTTP/1.1" 200 10569 "-" "Mozilla/5.0 (compatible; AhrefsBot/7.0; +http://ahrefs.com/robot/)"
198.54.114.83 - - [30/Mar/2025:10:53:01 -0400] "POST /wp-admin/admin-ajax.php?action=async_litespeed&nonce=iaAQ7FmMuV4Ds1BEWbggzhkEkJzTlEP6&litespeed_type=imgoptm HTTP/1.1" 200 0 "-" "WordPress/6.7.2; https://baernblog.com"
198.54.114.83 - - [30/Mar/2025:10:55:23 -0400] "POST /wp-cron.php?doing_wp_cron=1743346522.7425289154052734375000 HTTP/1.1" 200 0 "-" "WordPress/6.7.2; https://baernblog.com"
198.54.114.83 - - [30/Mar/2025:10:55:24 -0400] "POST /wp-admin/admin-ajax.php?action=async_litespeed&nonce=dZuB95zHUTX7khOcoAHNmNFPppw6HrXf&litespeed_type=imgoptm HTTP/1.1" 200 0 "-" "WordPress/6.7.2; https://baernblog.com"
114.119.136.109 - - [30/Mar/2025:10:55:19 -0400] "GET /smooth-and-stress-free-house-removals-a-complete-guide/ HTTP/1.1" 200 10924 "https://baernblog.com/tips-for-choosing-the-best-mortgage-broker/" "Mozilla/5.0 (Linux; Android 7.0;) AppleWebKit/537.36 (KHTML, like Gecko) Mobile Safari/537.36 (compatible; PetalBot;+https://webmaster.petalsearch.com/site/petalbot)"
198.54.114.83 - - [30/Mar/2025:10:58:02 -0400] "POST /wp-cron.php?doing_wp_cron=1743346680.5869441032409667968750 HTTP/1.1" 200 0 "-" "WordPress/6.7.2; https://baernblog.com"
