202.70.133.85 - - [30/Mar/2025:05:05:52 -0400] "POST /wp-login.php HTTP/1.1" 200 1806 "-" "Mozila/5.0"
198.54.114.83 - - [30/Mar/2025:05:06:01 -0400] "POST /wp-cron.php?doing_wp_cron=1743325559.5528929233551025390625 HTTP/1.1" 200 0 "-" "WordPress/6.7.2; https://baernblog.com"
202.70.133.85 - - [30/Mar/2025:05:06:01 -0400] "GET /wp-admin/ HTTP/1.1" 302 0 "-" "Mozila/5.0"
202.70.133.85 - - [30/Mar/2025:05:06:03 -0400] "GET /wp-login.php?redirect_to=https%3A%2F%2Fbaernblog.com%2Fwp-admin%2F&reauth=1 HTTP/1.1" 200 1685 "-" "Mozila/5.0"
198.54.114.83 - - [30/Mar/2025:05:08:18 -0400] "POST /wp-cron.php?doing_wp_cron=1743325697.6504640579223632812500 HTTP/1.1" 200 0 "-" "WordPress/6.7.2; https://baernblog.com"
198.54.114.83 - - [30/Mar/2025:05:08:19 -0400] "POST /wp-admin/admin-ajax.php?action=async_litespeed&nonce=BI0n8NDDamoo5o5Bi95SZYrh6RT5Q1j8&litespeed_type=imgoptm HTTP/1.1" 200 0 "-" "WordPress/6.7.2; https://baernblog.com"
54.36.148.22 - - [30/Mar/2025:05:08:13 -0400] "GET /category/activity/feed/ HTTP/1.1" 200 10204 "-" "Mozilla/5.0 (compatible; AhrefsBot/7.0; +http://ahrefs.com/robot/)"
185.208.158.226 - - [30/Mar/2025:05:08:47 -0400] "GET /.git/config HTTP/1.1" 403 1242 "-" "Mozilla/5.0 (X11; Linux x86_64) AppleWebKit/537.36 (KHTML, like Gecko) Chrome/70.0.3538.67 Safari/537.36"
198.54.114.83 - - [30/Mar/2025:05:12:55 -0400] "POST /wp-admin/admin-ajax.php?action=async_litespeed&nonce=K9FiuQ9bbGkpPxyCpU40tKPC07kIUA5C&litespeed_type=imgoptm HTTP/1.1" 200 0 "-" "WordPress/6.7.2; https://baernblog.com"
196.251.71.229 - - [30/Mar/2025:05:12:56 -0400] "GET /wp-content/themes/seotheme/db.php?u HTTP/1.1" 404 5943 "www.google.com" "Mozlila/5.0 (Linux; Android 7.0; SM-G892A Bulid/NRD90M; wv) AppleWebKit/537.36 (KHTML, like Gecko) Version/4.0 Chrome/60.0.3112.107 Moblie Safari/537.36"
196.251.71.229 - - [30/Mar/2025:05:12:57 -0400] "POST /wp-plain.php HTTP/1.1" 404 5896 "www.google.com" "Mozilla/5.0 (Linux; Android 7.0; SM-G892A Bulid/NRD90M; wv) AppleWebKit/537.36 (KHTML, like Gecko) Version/4.0 Chrome/60.0.3112.107 Moblie Safari/537.36"
196.251.71.229 - - [30/Mar/2025:05:12:58 -0400] "GET /bbkuoesr.php?Fox=d3wL7 HTTP/1.1" 404 5943 "www.google.com" "Mozilla/5.0 (Linux; Android 7.0; SM-G892A Bulid/NRD90M; wv) AppleWebKit/537.36 (KHTML, like Gecko) Version/4.0 Chrome/60.0.3112.107 Moblie Safari/537.36"
198.54.114.83 - - [30/Mar/2025:05:14:58 -0400] "POST /wp-cron.php?doing_wp_cron=1743326098.0551040172576904296875 HTTP/1.1" 200 0 "-" "WordPress/6.7.2; https://baernblog.com"
198.54.114.83 - - [30/Mar/2025:05:14:58 -0400] "POST /wp-admin/admin-ajax.php?action=async_litespeed&nonce=8FAyMKUwRSWQWFsi1R3bPbksRghR09AH&litespeed_type=imgoptm HTTP/1.1" 200 0 "-" "WordPress/6.7.2; https://baernblog.com"
54.36.148.36 - - [30/Mar/2025:05:14:55 -0400] "GET /extreme-snow-sports-biking-and-surfing/ HTTP/1.1" 200 11289 "-" "Mozilla/5.0 (compatible; AhrefsBot/7.0; +http://ahrefs.com/robot/)"
198.54.114.83 - - [30/Mar/2025:05:21:42 -0400] "POST /wp-cron.php?doing_wp_cron=1743326502.1436879634857177734375 HTTP/1.1" 200 0 "-" "WordPress/6.7.2; https://baernblog.com"
54.36.149.100 - - [30/Mar/2025:05:21:38 -0400] "GET /the-charm-of-custom-pet-portraits/ HTTP/1.1" 200 10385 "-" "Mozilla/5.0 (compatible; AhrefsBot/7.0; +http://ahrefs.com/robot/)"
198.54.114.83 - - [30/Mar/2025:05:21:43 -0400] "POST /wp-admin/admin-ajax.php?action=async_litespeed&nonce=hANT9i1OLrqiddoGPV8Nh3y83tx4ozdk&litespeed_type=imgoptm HTTP/1.1" 200 5 "-" "WordPress/6.7.2; https://baernblog.com"
198.54.114.83 - - [30/Mar/2025:05:27:28 -0400] "POST /wp-cron.php?doing_wp_cron=1743326848.7681779861450195312500 HTTP/1.1" 200 0 "-" "WordPress/6.7.2; https://baernblog.com"
34.53.6.96 - - [30/Mar/2025:05:27:26 -0400] "GET /benefits-and-advantages-of-voice-broadcasting HTTP/1.1" 301 0 "-" "Mozilla/5.0 (Macintosh; Intel Mac OS X 10_15_7) AppleWebKit/537.36 (KHTML, like Gecko) Chrome/123.0.0.0 Safari/537.36"
198.54.114.83 - - [30/Mar/2025:05:27:29 -0400] "POST /wp-admin/admin-ajax.php?action=async_litespeed&nonce=A52GGrgmS19YShYzEpCdD0ki7GX70vAm&litespeed_type=imgoptm HTTP/1.1" 200 5 "-" "WordPress/6.7.2; https://baernblog.com"
34.53.6.96 - - [30/Mar/2025:05:27:29 -0400] "GET /benefits-and-advantages-of-voice-broadcasting/ HTTP/1.1" 200 10949 "https://baernblog.com/benefits-and-advantages-of-voice-broadcasting" "Mozilla/5.0 (Macintosh; Intel Mac OS X 10_15_7) AppleWebKit/537.36 (KHTML, like Gecko) Chrome/123.0.0.0 Safari/537.36"
198.54.114.83 - - [30/Mar/2025:05:28:14 -0400] "POST /wp-cron.php?doing_wp_cron=1743326893.9275150299072265625000 HTTP/1.1" 200 0 "-" "WordPress/6.7.2; https://baernblog.com"
54.36.148.152 - - [30/Mar/2025:05:28:13 -0400] "GET /how-to-choose-the-best-uk-cbd-oil/ HTTP/1.1" 200 11322 "-" "Mozilla/5.0 (compatible; AhrefsBot/7.0; +http://ahrefs.com/robot/)"
198.54.114.83 - - [30/Mar/2025:05:28:14 -0400] "POST /wp-admin/admin-ajax.php?action=async_litespeed&nonce=0AESrnnHV3czStwbSwY6blEtTBoB4ynT&litespeed_type=imgoptm HTTP/1.1" 200 5 "-" "WordPress/6.7.2; https://baernblog.com"
198.54.114.83 - - [30/Mar/2025:05:31:32 -0400] "POST /wp-admin/admin-ajax.php?action=async_litespeed&nonce=mV1CnhooB7fWzwFWSms5QYzUKMHqJVtB&litespeed_type=imgoptm HTTP/1.1" 200 5 "-" "WordPress/6.7.2; https://baernblog.com"
198.54.114.83 - - [30/Mar/2025:05:32:31 -0400] "POST /wp-admin/admin-ajax.php?action=async_litespeed&nonce=xwz1LwUgL2rgueXj0H47Uhu8BQPeKOmZ&litespeed_type=imgoptm HTTP/1.1" 200 5 "-" "WordPress/6.7.2; https://baernblog.com"
213.152.161.85 - - [30/Mar/2025:05:32:55 -0400] "POST /xmlrpc.php HTTP/1.1" 200 186 "-" "Mozilla/5.0 (Windows NT 10.0; Win64; x64) AppleWebKit/537.36 (KHTML, like Gecko) Chrome/133.0.0.0 Safari/537.36"
198.54.114.83 - - [30/Mar/2025:05:34:01 -0400] "POST /wp-admin/admin-ajax.php?action=async_litespeed&nonce=TUWOrZxNRuANqAHVPX2ONvQpkCuZ54yF&litespeed_type=imgoptm HTTP/1.1" 200 5 "-" "WordPress/6.7.2; https://baernblog.com"
185.231.154.128 - - [30/Mar/2025:05:34:06 -0400] "GET /the-benefits-of-managed-investing/ HTTP/1.1" 200 10958 "https://baernblog.com/the-benefits-of-managed-investing/#comment-7157" "Mozilla/5.0 (Windows NT 10.0; Win64; x64) AppleWebKit/537.36 (KHTML, like Gecko) Chrome/131.0.0.0 Safari/537.36 Avast/131.0.0.0"
198.54.114.83 - - [30/Mar/2025:05:34:08 -0400] "POST /wp-cron.php?doing_wp_cron=1743327247.9733068943023681640625 HTTP/1.1" 200 0 "-" "WordPress/6.7.2; https://baernblog.com"
198.54.114.83 - - [30/Mar/2025:05:34:08 -0400] "POST /wp-admin/admin-ajax.php?action=async_litespeed&nonce=bD8ynTD4NuNApAzO98CJeYcjv96yXHI0&litespeed_type=imgoptm HTTP/1.1" 200 5 "-" "WordPress/6.7.2; https://baernblog.com"
185.231.154.128 - - [30/Mar/2025:05:34:07 -0400] "POST /wp-comments-post.php HTTP/1.1" 302 0 "https://baernblog.com/the-benefits-of-managed-investing/#comment-7157" "Mozilla/5.0 (Windows NT 10.0; Win64; x64) AppleWebKit/537.36 (KHTML, like Gecko) Chrome/131.0.0.0 Safari/537.36 Avast/131.0.0.0"
185.231.154.128 - - [30/Mar/2025:05:34:09 -0400] "GET /the-benefits-of-managed-investing/ HTTP/1.1" 200 14358 "https://baernblog.com/the-benefits-of-managed-investing/#comment-22410" "Mozilla/5.0 (Windows NT 10.0; Win64; x64) AppleWebKit/537.36 (KHTML, like Gecko) Chrome/131.0.0.0 Safari/537.36 Avast/131.0.0.0"
198.54.114.83 - - [30/Mar/2025:05:34:54 -0400] "POST /wp-cron.php?doing_wp_cron=1743327294.5385069847106933593750 HTTP/1.1" 200 0 "-" "WordPress/6.7.2; https://baernblog.com"
54.36.148.70 - - [30/Mar/2025:05:34:54 -0400] "GET /spartan-tool-houston-infringes-three-patents/ HTTP/1.1" 200 9990 "-" "Mozilla/5.0 (compatible; AhrefsBot/7.0; +http://ahrefs.com/robot/)"
185.231.154.128 - - [30/Mar/2025:05:35:29 -0400] "GET /the-benefits-of-managed-investing/ HTTP/1.1" 200 10958 "https://baernblog.com/the-benefits-of-managed-investing/#comment-7157" "Mozilla/5.0 (Windows NT 10.0; Win64; x64) AppleWebKit/537.36 (KHTML, like Gecko) Chrome/131.0.0.0 Safari/537.36"
185.231.154.128 - - [30/Mar/2025:05:35:29 -0400] "POST /wp-comments-post.php HTTP/1.1" 403 1242 "https://baernblog.com/the-benefits-of-managed-investing/#comment-7157" "Mozilla/5.0 (Windows NT 10.0; Win64; x64) AppleWebKit/537.36 (KHTML, like Gecko) Chrome/131.0.0.0 Safari/537.36"
198.54.114.83 - - [30/Mar/2025:05:37:05 -0400] "POST /wp-admin/admin-ajax.php?action=async_litespeed&nonce=1ycfJsHNz16Ldi9YoNxk4sRYiaxBp38I&litespeed_type=imgoptm HTTP/1.1" 200 5 "-" "WordPress/6.7.2; https://baernblog.com"
185.231.154.128 - - [30/Mar/2025:05:38:01 -0400] "GET /the-benefits-of-managed-investing/ HTTP/1.1" 200 10958 "https://baernblog.com/the-benefits-of-managed-investing/#comment-7157" "Mozilla/5.0 (Windows NT 10.0; Win64; x64) AppleWebKit/537.36 (KHTML, like Gecko) Chrome/131.0.0.0 Safari/537.36"
198.54.114.83 - - [30/Mar/2025:05:38:02 -0400] "POST /wp-cron.php?doing_wp_cron=1743327482.4280021190643310546875 HTTP/1.1" 200 0 "-" "WordPress/6.7.2; https://baernblog.com"
185.231.154.128 - - [30/Mar/2025:05:38:02 -0400] "POST /wp-comments-post.php HTTP/1.1" 302 0 "https://baernblog.com/the-benefits-of-managed-investing/#comment-7157" "Mozilla/5.0 (Windows NT 10.0; Win64; x64) AppleWebKit/537.36 (KHTML, like Gecko) Chrome/131.0.0.0 Safari/537.36"
198.54.114.83 - - [30/Mar/2025:05:38:04 -0400] "POST /wp-cron.php?doing_wp_cron=1743327484.5729138851165771484375 HTTP/1.1" 200 0 "-" "WordPress/6.7.2; https://baernblog.com"
198.54.114.83 - - [30/Mar/2025:05:38:05 -0400] "POST /wp-admin/admin-ajax.php?action=async_litespeed&nonce=aElmKB4bByIOTQdMif7Ipkmp7vZPMkxE&litespeed_type=imgoptm HTTP/1.1" 200 5 "-" "WordPress/6.7.2; https://baernblog.com"
185.231.154.128 - - [30/Mar/2025:05:38:04 -0400] "GET /the-benefits-of-managed-investing/ HTTP/1.1" 200 16019 "https://baernblog.com/the-benefits-of-managed-investing/#comment-22411" "Mozilla/5.0 (Windows NT 10.0; Win64; x64) AppleWebKit/537.36 (KHTML, like Gecko) Chrome/131.0.0.0 Safari/537.36"
47.82.35.129 - - [30/Mar/2025:05:38:20 -0400] "GET / HTTP/1.1" 200 77939 "https://www.google.com/" "Mozilla/5.0 (Windows NT 10.0; Win64; x64) AppleWebKit/537.36 (KHTML, like Gecko) Chrome/133.0.0.0 Safari/537.36"
198.54.114.83 - - [30/Mar/2025:05:39:59 -0400] "POST /wp-cron.php?doing_wp_cron=1743327599.3679220676422119140625 HTTP/1.1" 200 0 "-" "WordPress/6.7.2; https://baernblog.com"
54.36.148.27 - - [30/Mar/2025:05:39:56 -0400] "GET /page/82/ HTTP/1.1" 200 9259 "-" "Mozilla/5.0 (compatible; AhrefsBot/7.0; +http://ahrefs.com/robot/)"
198.54.114.83 - - [30/Mar/2025:05:40:00 -0400] "POST /wp-admin/admin-ajax.php?action=async_litespeed&nonce=sU2wXWr6axqOuaUZxmFT8QZhiNEvh8EA&litespeed_type=imgoptm HTTP/1.1" 200 5 "-" "WordPress/6.7.2; https://baernblog.com"
185.231.154.128 - - [30/Mar/2025:05:40:14 -0400] "GET /the-benefits-of-managed-investing/ HTTP/1.1" 200 10958 "https://baernblog.com/the-benefits-of-managed-investing/#comment-7157" "Mozilla/5.0 (Windows NT 10.0; Win64; x64) AppleWebKit/537.36 (KHTML, like Gecko) Chrome/131.0.0.0 Safari/537.36"
198.54.114.83 - - [30/Mar/2025:05:40:16 -0400] "POST /wp-cron.php?doing_wp_cron=1743327616.0164220333099365234375 HTTP/1.1" 200 0 "-" "WordPress/6.7.2; https://baernblog.com"
198.54.114.83 - - [30/Mar/2025:05:40:16 -0400] "POST /wp-admin/admin-ajax.php?action=async_litespeed&nonce=BP47FOEypWTtST377Al1FJrQeP0SQYOL&litespeed_type=imgoptm HTTP/1.1" 200 5 "-" "WordPress/6.7.2; https://baernblog.com"
185.231.154.128 - - [30/Mar/2025:05:40:15 -0400] "POST /wp-comments-post.php HTTP/1.1" 302 0 "https://baernblog.com/the-benefits-of-managed-investing/#comment-7157" "Mozilla/5.0 (Windows NT 10.0; Win64; x64) AppleWebKit/537.36 (KHTML, like Gecko) Chrome/131.0.0.0 Safari/537.36"
198.54.114.83 - - [30/Mar/2025:05:40:19 -0400] "POST /wp-cron.php?doing_wp_cron=1743327619.5641520023345947265625 HTTP/1.1" 200 0 "-" "WordPress/6.7.2; https://baernblog.com"
185.231.154.128 - - [30/Mar/2025:05:40:19 -0400] "GET /the-benefits-of-managed-investing/ HTTP/1.1" 200 16126 "https://baernblog.com/the-benefits-of-managed-investing/#comment-22412" "Mozilla/5.0 (Windows NT 10.0; Win64; x64) AppleWebKit/537.36 (KHTML, like Gecko) Chrome/131.0.0.0 Safari/537.36"
185.231.154.128 - - [30/Mar/2025:05:42:07 -0400] "GET /the-benefits-of-managed-investing/ HTTP/1.1" 200 10958 "https://baernblog.com/the-benefits-of-managed-investing/#comment-7157" "Mozilla/5.0 (Windows NT 10.0; Win64; x64) AppleWebKit/537.36 (KHTML, like Gecko) Chrome/129.0.0.0 Safari/537.36"
198.54.114.83 - - [30/Mar/2025:05:42:12 -0400] "POST /wp-cron.php?doing_wp_cron=1743327732.1844379901885986328125 HTTP/1.1" 200 0 "-" "WordPress/6.7.2; https://baernblog.com"
185.231.154.128 - - [30/Mar/2025:05:42:08 -0400] "POST /wp-comments-post.php HTTP/1.1" 302 0 "https://baernblog.com/the-benefits-of-managed-investing/#comment-7157" "Mozilla/5.0 (Windows NT 10.0; Win64; x64) AppleWebKit/537.36 (KHTML, like Gecko) Chrome/129.0.0.0 Safari/537.36"
198.54.114.83 - - [30/Mar/2025:05:42:13 -0400] "POST /wp-admin/admin-ajax.php?action=async_litespeed&nonce=mOYvZrT1z0O8AqFKvferuBh2I3Uwz5F9&litespeed_type=imgoptm HTTP/1.1" 200 0 "-" "WordPress/6.7.2; https://baernblog.com"
185.231.154.128 - - [30/Mar/2025:05:42:14 -0400] "GET /the-benefits-of-managed-investing/ HTTP/1.1" 200 18515 "https://baernblog.com/the-benefits-of-managed-investing/#comment-22413" "Mozilla/5.0 (Windows NT 10.0; Win64; x64) AppleWebKit/537.36 (KHTML, like Gecko) Chrome/129.0.0.0 Safari/537.36"
178.20.45.159 - - [30/Mar/2025:05:46:24 -0400] "GET /the-benefits-of-managed-investing/ HTTP/1.1" 200 10958 "https://baernblog.com/the-benefits-of-managed-investing/#comment-8957/" "Mozilla/5.0 (Windows NT 10.0; Win64; x64) AppleWebKit/537.36 (KHTML, like Gecko) Chrome/131.0.0.0 Safari/537.36"
198.54.114.83 - - [30/Mar/2025:05:46:29 -0400] "POST /wp-cron.php?doing_wp_cron=1743327989.7493200302124023437500 HTTP/1.1" 200 0 "-" "WordPress/6.7.2; https://baernblog.com"
178.20.45.159 - - [30/Mar/2025:05:46:24 -0400] "POST /wp-comments-post.php HTTP/1.1" 302 0 "https://baernblog.com/the-benefits-of-managed-investing/#comment-8957/" "Mozilla/5.0 (Windows NT 10.0; Win64; x64) AppleWebKit/537.36 (KHTML, like Gecko) Chrome/131.0.0.0 Safari/537.36"
198.54.114.83 - - [30/Mar/2025:05:46:30 -0400] "POST /wp-admin/admin-ajax.php?action=async_litespeed&nonce=6Gy4PLYpoKxhLnXBu9HNEDSe9LFuMGnE&litespeed_type=imgoptm HTTP/1.1" 200 5 "-" "WordPress/6.7.2; https://baernblog.com"
178.20.45.159 - - [30/Mar/2025:05:46:31 -0400] "GET /the-benefits-of-managed-investing/ HTTP/1.1" 200 13896 "https://baernblog.com/the-benefits-of-managed-investing/#comment-22414" "Mozilla/5.0 (Windows NT 10.0; Win64; x64) AppleWebKit/537.36 (KHTML, like Gecko) Chrome/131.0.0.0 Safari/537.36"
198.54.114.83 - - [30/Mar/2025:05:48:14 -0400] "POST /wp-cron.php?doing_wp_cron=1743328093.8360478878021240234375 HTTP/1.1" 200 0 "-" "WordPress/6.7.2; https://baernblog.com"
52.167.144.191 - - [30/Mar/2025:05:48:10 -0400] "GET /le-charme-des-motifs-classiques/ HTTP/1.1" 200 10454 "-" "Mozilla/5.0 AppleWebKit/537.36 (KHTML, like Gecko; compatible; bingbot/2.0; +http://www.bing.com/bingbot.htm) Chrome/116.0.1938.76 Safari/537.36"
198.54.114.83 - - [30/Mar/2025:05:48:14 -0400] "POST /wp-admin/admin-ajax.php?action=async_litespeed&nonce=yhMWpV7jteRG8k7DfPayIvwEixQ6pRx4&litespeed_type=imgoptm HTTP/1.1" 200 5 "-" "WordPress/6.7.2; https://baernblog.com"
198.54.114.83 - - [30/Mar/2025:05:48:25 -0400] "POST /wp-cron.php?doing_wp_cron=1743328105.4837939739227294921875 HTTP/1.1" 200 0 "-" "WordPress/6.7.2; https://baernblog.com"
54.36.148.141 - - [30/Mar/2025:05:48:25 -0400] "GET /how-to-make-magic-mushroom-chocolate-bars/ HTTP/1.1" 200 11104 "-" "Mozilla/5.0 (compatible; AhrefsBot/7.0; +http://ahrefs.com/robot/)"
178.20.45.159 - - [30/Mar/2025:05:51:05 -0400] "GET /the-benefits-of-managed-investing/ HTTP/1.1" 200 10958 "https://baernblog.com/the-benefits-of-managed-investing/#comment-8957/" "Mozilla/5.0 (Windows NT 10.0; Win64; x64) AppleWebKit/537.36 (KHTML, like Gecko) Chrome/131.0.0.0 Safari/537.36 Avast/131.0.0.0"
198.54.114.83 - - [30/Mar/2025:05:51:09 -0400] "POST /wp-cron.php?doing_wp_cron=1743328269.1186170578002929687500 HTTP/1.1" 200 0 "-" "WordPress/6.7.2; https://baernblog.com"
178.20.45.159 - - [30/Mar/2025:05:51:06 -0400] "POST /wp-comments-post.php HTTP/1.1" 302 0 "https://baernblog.com/the-benefits-of-managed-investing/#comment-8957/" "Mozilla/5.0 (Windows NT 10.0; Win64; x64) AppleWebKit/537.36 (KHTML, like Gecko) Chrome/131.0.0.0 Safari/537.36 Avast/131.0.0.0"
198.54.114.83 - - [30/Mar/2025:05:51:09 -0400] "POST /wp-admin/admin-ajax.php?action=async_litespeed&nonce=ctrImoWxMVRO8Wnm9aZPPxEETTuAq8PV&litespeed_type=imgoptm HTTP/1.1" 200 5 "-" "WordPress/6.7.2; https://baernblog.com"
178.20.45.159 - - [30/Mar/2025:05:51:10 -0400] "GET /the-benefits-of-managed-investing/ HTTP/1.1" 200 14183 "https://baernblog.com/the-benefits-of-managed-investing/#comment-22415" "Mozilla/5.0 (Windows NT 10.0; Win64; x64) AppleWebKit/537.36 (KHTML, like Gecko) Chrome/131.0.0.0 Safari/537.36 Avast/131.0.0.0"
178.20.45.159 - - [30/Mar/2025:05:52:35 -0400] "GET /the-benefits-of-managed-investing/ HTTP/1.1" 200 10958 "https://baernblog.com/the-benefits-of-managed-investing/#comment-8957/" "Mozilla/5.0 (Windows NT 10.0; Win64; x64) AppleWebKit/537.36 (KHTML, like Gecko) Chrome/130.0.0.0 Safari/537.36"
178.20.45.159 - - [30/Mar/2025:05:52:35 -0400] "GET /the-benefits-of-managed-investing/ HTTP/1.1" 200 10958 "https://baernblog.com/the-benefits-of-managed-investing/#comment-8957/" "Mozilla/5.0 (Windows NT 10.0; Win64; x64) AppleWebKit/537.36 (KHTML, like Gecko) Chrome/131.0.0.0 Safari/537.36 Avast/131.0.0.0"
178.20.45.159 - - [30/Mar/2025:05:52:36 -0400] "GET /the-benefits-of-managed-investing/ HTTP/1.1" 200 10958 "https://baernblog.com/the-benefits-of-managed-investing/#comment-8957/" "Mozilla/5.0 (Windows NT 10.0; Win64; x64) AppleWebKit/537.36 (KHTML, like Gecko) Chrome/129.0.0.0 Safari/537.36"
198.54.114.83 - - [30/Mar/2025:05:52:38 -0400] "POST /wp-cron.php?doing_wp_cron=1743328358.7674889564514160156250 HTTP/1.1" 200 0 "-" "WordPress/6.7.2; https://baernblog.com"
198.54.114.83 - - [30/Mar/2025:05:52:38 -0400] "POST /wp-cron.php?doing_wp_cron=1743328358.7680389881134033203125 HTTP/1.1" 200 0 "-" "WordPress/6.7.2; https://baernblog.com"
198.54.114.83 - - [30/Mar/2025:05:52:38 -0400] "POST /wp-cron.php?doing_wp_cron=1743328358.7688961029052734375000 HTTP/1.1" 200 0 "-" "WordPress/6.7.2; https://baernblog.com"
178.20.45.159 - - [30/Mar/2025:05:52:36 -0400] "POST /wp-comments-post.php HTTP/1.1" 302 0 "https://baernblog.com/the-benefits-of-managed-investing/#comment-8957/" "Mozilla/5.0 (Windows NT 10.0; Win64; x64) AppleWebKit/537.36 (KHTML, like Gecko) Chrome/130.0.0.0 Safari/537.36"
178.20.45.159 - - [30/Mar/2025:05:52:36 -0400] "POST /wp-comments-post.php HTTP/1.1" 302 0 "https://baernblog.com/the-benefits-of-managed-investing/#comment-8957/" "Mozilla/5.0 (Windows NT 10.0; Win64; x64) AppleWebKit/537.36 (KHTML, like Gecko) Chrome/131.0.0.0 Safari/537.36 Avast/131.0.0.0"
178.20.45.159 - - [30/Mar/2025:05:52:37 -0400] "POST /wp-comments-post.php HTTP/1.1" 302 0 "https://baernblog.com/the-benefits-of-managed-investing/#comment-8957/" "Mozilla/5.0 (Windows NT 10.0; Win64; x64) AppleWebKit/537.36 (KHTML, like Gecko) Chrome/129.0.0.0 Safari/537.36"
198.54.114.83 - - [30/Mar/2025:05:52:39 -0400] "POST /wp-admin/admin-ajax.php?action=async_litespeed&nonce=Sf6IfInIu0W5Zp8nFhOrDuzeFZOWQPa5&litespeed_type=imgoptm HTTP/1.1" 200 5 "-" "WordPress/6.7.2; https://baernblog.com"
178.20.45.159 - - [30/Mar/2025:05:52:40 -0400] "GET /the-benefits-of-managed-investing/ HTTP/1.1" 200 15949 "https://baernblog.com/the-benefits-of-managed-investing/#comment-22416" "Mozilla/5.0 (Windows NT 10.0; Win64; x64) AppleWebKit/537.36 (KHTML, like Gecko) Chrome/130.0.0.0 Safari/537.36"
178.20.45.159 - - [30/Mar/2025:05:52:40 -0400] "GET /the-benefits-of-managed-investing/ HTTP/1.1" 200 14160 "https://baernblog.com/the-benefits-of-managed-investing/#comment-22417" "Mozilla/5.0 (Windows NT 10.0; Win64; x64) AppleWebKit/537.36 (KHTML, like Gecko) Chrome/131.0.0.0 Safari/537.36 Avast/131.0.0.0"
178.20.45.159 - - [30/Mar/2025:05:52:40 -0400] "GET /the-benefits-of-managed-investing/ HTTP/1.1" 200 12560 "https://baernblog.com/the-benefits-of-managed-investing/#comment-22418" "Mozilla/5.0 (Windows NT 10.0; Win64; x64) AppleWebKit/537.36 (KHTML, like Gecko) Chrome/129.0.0.0 Safari/537.36"
198.54.114.83 - - [30/Mar/2025:05:53:13 -0400] "POST /wp-cron.php?doing_wp_cron=1743328393.1450390815734863281250 HTTP/1.1" 200 0 "-" "WordPress/6.7.2; https://baernblog.com"
114.119.150.190 - - [30/Mar/2025:05:53:12 -0400] "GET /efficiency-at-your-fingertips-revolutionizing-home-water-systems/ HTTP/1.1" 200 10673 "https://baernblog.com/page/35/" "Mozilla/5.0 (Linux; Android 7.0;) AppleWebKit/537.36 (KHTML, like Gecko) Mobile Safari/537.36 (compatible; PetalBot;+https://webmaster.petalsearch.com/site/petalbot)"
198.54.114.83 - - [30/Mar/2025:05:53:13 -0400] "POST /wp-admin/admin-ajax.php?action=async_litespeed&nonce=Kg5FVTG1AXMfxPkedpMlzWWV0L2Z5iv9&litespeed_type=imgoptm HTTP/1.1" 200 5 "-" "WordPress/6.7.2; https://baernblog.com"
198.54.114.83 - - [30/Mar/2025:05:55:41 -0400] "POST /wp-cron.php?doing_wp_cron=1743328540.8451530933380126953125 HTTP/1.1" 200 0 "-" "WordPress/6.7.2; https://baernblog.com"
60.168.224.6 - - [30/Mar/2025:05:55:37 -0400] "GET /fenben-for-cancer-how-patients-acquire-and-evaluate-information-about-the-drug/ HTTP/1.1" 200 11123 "-" "Mozilla/5.0 (X11; Linux x86_64) AppleWebKit/537.36 (KHTML, like Gecko) Chrome/114.0.0.0 Safari/537.36 Vivaldi/5.3.2679.68"
198.54.114.83 - - [30/Mar/2025:05:55:42 -0400] "POST /wp-admin/admin-ajax.php?action=async_litespeed&nonce=MXAbhgaMkJhd5F3cPuvCxMS7GYR4QmKu&litespeed_type=imgoptm HTTP/1.1" 200 5 "-" "WordPress/6.7.2; https://baernblog.com"
60.168.224.6 - - [30/Mar/2025:05:55:46 -0400] "GET / HTTP/1.1" 200 77939 "-" "Mozilla/5.0 (X11; Linux x86_64) AppleWebKit/537.36 (KHTML, like Gecko) Chrome/114.0.0.0 Safari/537.36 Vivaldi/5.3.2679.68"
114.119.134.146 - - [30/Mar/2025:05:55:46 -0400] "GET /discovering-the-charm-of-lake-garda-resorts/ HTTP/1.1" 200 10719 "https://baernblog.com/category/activity/page/17/" "Mozilla/5.0 (Linux; Android 7.0;) AppleWebKit/537.36 (KHTML, like Gecko) Mobile Safari/537.36 (compatible; PetalBot;+https://webmaster.petalsearch.com/site/petalbot)"
60.168.224.6 - - [30/Mar/2025:05:55:53 -0400] "POST /wp-comments-post.php HTTP/1.1" 302 0 "https://baernblog.com/fenben-for-cancer-how-patients-acquire-and-evaluate-information-about-the-drug/" "Mozilla/5.0 (X11; Linux x86_64) AppleWebKit/537.36 (KHTML, like Gecko) Chrome/114.0.0.0 Safari/537.36 Vivaldi/5.3.2679.68"
60.168.224.6 - - [30/Mar/2025:05:55:56 -0400] "GET /fenben-for-cancer-how-patients-acquire-and-evaluate-information-about-the-drug/ HTTP/1.1" 200 12087 "https://baernblog.com/wp-comments-post.php" "Mozilla/5.0 (X11; Linux x86_64) AppleWebKit/537.36 (KHTML, like Gecko) Chrome/114.0.0.0 Safari/537.36 Vivaldi/5.3.2679.68"
198.54.114.83 - - [30/Mar/2025:05:56:17 -0400] "POST /wp-cron.php?doing_wp_cron=1743328576.8571989536285400390625 HTTP/1.1" 200 0 "-" "WordPress/6.7.2; https://baernblog.com"
54.36.149.94 - - [30/Mar/2025:05:56:16 -0400] "GET /the-ultimate-convenience-instant-hot-and-cold-water-dispensers/ HTTP/1.1" 200 10377 "-" "Mozilla/5.0 (compatible; AhrefsBot/7.0; +http://ahrefs.com/robot/)"
198.54.114.83 - - [30/Mar/2025:05:56:17 -0400] "POST /wp-admin/admin-ajax.php?action=async_litespeed&nonce=OrsLtwQri8h2fhqYGsAFwG6BnKMzL6kZ&litespeed_type=imgoptm HTTP/1.1" 200 5 "-" "WordPress/6.7.2; https://baernblog.com"
198.54.114.83 - - [30/Mar/2025:05:57:58 -0400] "POST /wp-cron.php?doing_wp_cron=1743328677.3554830551147460937500 HTTP/1.1" 200 0 "-" "WordPress/6.7.2; https://baernblog.com"
85.208.96.211 - - [30/Mar/2025:05:57:49 -0400] "GET /page/64/ HTTP/1.1" 200 9574 "-" "Mozilla/5.0 (compatible; SemrushBot/7~bl; +http://www.semrush.com/bot.html)"
198.54.114.83 - - [30/Mar/2025:05:58:00 -0400] "POST /wp-admin/admin-ajax.php?action=async_litespeed&nonce=WoQ0dsybSEtRaS1URh8DBDHzmp3Q2hZn&litespeed_type=imgoptm HTTP/1.1" 200 0 "-" "WordPress/6.7.2; https://baernblog.com"
198.54.114.83 - - [30/Mar/2025:05:58:18 -0400] "POST /wp-cron.php?doing_wp_cron=1743328698.1905860900878906250000 HTTP/1.1" 200 0 "-" "WordPress/6.7.2; https://baernblog.com"
114.119.135.232 - - [30/Mar/2025:05:58:17 -0400] "GET /crochets-muraux-decoratifs-meilleurs-choix-pour-une-durabilite-une-installation-facile-et-un-look-superbe/ HTTP/1.1" 200 10805 "https://baernblog.com/plastic-gear/" "Mozilla/5.0 (Linux; Android 7.0;) AppleWebKit/537.36 (KHTML, like Gecko) Mobile Safari/537.36 (compatible; PetalBot;+https://webmaster.petalsearch.com/site/petalbot)"
198.54.114.83 - - [30/Mar/2025:05:58:18 -0400] "POST /wp-admin/admin-ajax.php?action=async_litespeed&nonce=1zDQR4Bj2L2O6U7LaUQPfiz7ocaiQepg&litespeed_type=imgoptm HTTP/1.1" 200 5 "-" "WordPress/6.7.2; https://baernblog.com"
198.54.114.83 - - [30/Mar/2025:06:01:00 -0400] "POST /wp-cron.php?doing_wp_cron=1743328860.3624820709228515625000 HTTP/1.1" 200 0 "-" "WordPress/6.7.2; https://baernblog.com"
114.119.150.190 - - [30/Mar/2025:06:00:55 -0400] "GET /case-fans/ HTTP/1.1" 200 9951 "https://baernblog.com/crowning-glory-unveiling-the-best-curly-hair-hairdresser-in-melbourne/" "Mozilla/5.0 (Linux; Android 7.0;) AppleWebKit/537.36 (KHTML, like Gecko) Mobile Safari/537.36 (compatible; PetalBot;+https://webmaster.petalsearch.com/site/petalbot)"
78.138.127.62 - - [30/Mar/2025:06:01:02 -0400] "GET /the-benefits-of-managed-investing/ HTTP/1.1" 200 10958 "https://baernblog.com/" "Mozilla/5.0 (Linux x86_64; rv:114.0) Gecko/20100101 Firefox/114.0"
198.54.114.83 - - [30/Mar/2025:06:01:02 -0400] "POST /wp-admin/admin-ajax.php?action=async_litespeed&nonce=r4yq9Kvg6RQcpRkjxbEo2ElcBMWysMP6&litespeed_type=imgoptm HTTP/1.1" 200 0 "-" "WordPress/6.7.2; https://baernblog.com"
198.54.114.83 - - [30/Mar/2025:06:01:09 -0400] "POST /wp-cron.php?doing_wp_cron=1743328869.0871639251708984375000 HTTP/1.1" 200 0 "-" "WordPress/6.7.2; https://baernblog.com"
78.138.127.62 - - [30/Mar/2025:06:01:08 -0400] "GET /category/sign-up/ HTTP/1.1" 200 7702 "https://baernblog.com/" "Mozilla/5.0 (Windows NT 6.3; Win64; x64) AppleWebKit/537.36 (KHTML, like Gecko) Chrome/103.0.0.0 Safari/537.36"
198.54.114.83 - - [30/Mar/2025:06:01:09 -0400] "POST /wp-admin/admin-ajax.php?action=async_litespeed&nonce=UaUqU0DQ2EgKQrRZh8bm11bRWPu8MueB&litespeed_type=imgoptm HTTP/1.1" 200 5 "-" "WordPress/6.7.2; https://baernblog.com"
78.138.127.62 - - [30/Mar/2025:06:01:10 -0400] "GET /category/sign-up/ HTTP/1.1" 200 7702 "https://baernblog.com/category/sign-up/" "Mozilla/5.0 (Windows NT 6.3; Win64; x64) AppleWebKit/537.36 (KHTML, like Gecko) Chrome/103.0.0.0 Safari/537.36"
78.138.127.62 - - [30/Mar/2025:06:01:11 -0400] "GET /the-benefits-of-managed-investing/ HTTP/1.1" 200 10958 "https://baernblog.com/" "Mozilla/5.0 (Windows NT 6.3; Win64; x64) AppleWebKit/537.36 (KHTML, like Gecko) Chrome/103.0.0.0 Safari/537.36"
78.138.127.62 - - [30/Mar/2025:06:01:12 -0400] "POST /wp-comments-post.php HTTP/1.1" 302 0 "https://baernblog.com/the-benefits-of-managed-investing/" "Mozilla/5.0 (Windows NT 6.3; Win64; x64) AppleWebKit/537.36 (KHTML, like Gecko) Chrome/103.0.0.0 Safari/537.36"
78.138.127.62 - - [30/Mar/2025:06:01:15 -0400] "GET /the-benefits-of-managed-investing/?unapproved=22420&moderation-hash=ebeb182ef80d0a8329c1911539b3b73e HTTP/1.1" 200 11521 "https://baernblog.com/wp-comments-post.php" "Mozilla/5.0 (Windows NT 6.3; Win64; x64) AppleWebKit/537.36 (KHTML, like Gecko) Chrome/103.0.0.0 Safari/537.36"
78.138.127.62 - - [30/Mar/2025:06:01:17 -0400] "GET /the-benefits-of-managed-investing/ HTTP/1.1" 200 10958 "-" "Mozilla/5.0 (Windows NT 6.3; Win64; x64) AppleWebKit/537.36 (KHTML, like Gecko) Chrome/103.0.0.0 Safari/537.36"
54.36.149.0 - - [30/Mar/2025:06:03:18 -0400] "GET /michael-kors-the-tote-handbag/ HTTP/1.1" 200 10498 "-" "Mozilla/5.0 (compatible; AhrefsBot/7.0; +http://ahrefs.com/robot/)"
198.54.114.83 - - [30/Mar/2025:06:03:25 -0400] "POST /wp-cron.php?doing_wp_cron=1743329005.4836690425872802734375 HTTP/1.1" 200 0 "-" "WordPress/6.7.2; https://baernblog.com"
114.119.155.205 - - [30/Mar/2025:06:03:21 -0400] "GET /zeitgemase-beleuchtung-fur-ihr-zuhause/ HTTP/1.1" 200 10574 "https://baernblog.com/modern-hanging-lamps/" "Mozilla/5.0 (Linux; Android 7.0;) AppleWebKit/537.36 (KHTML, like Gecko) Mobile Safari/537.36 (compatible; PetalBot;+https://webmaster.petalsearch.com/site/petalbot)"
198.54.114.83 - - [30/Mar/2025:06:03:27 -0400] "POST /wp-admin/admin-ajax.php?action=async_litespeed&nonce=KKuwdSXNrLIOQoqvAvOmiTZKEwsYilsz&litespeed_type=imgoptm HTTP/1.1" 200 0 "-" "WordPress/6.7.2; https://baernblog.com"
178.128.109.146 - - [30/Mar/2025:06:04:01 -0400] "POST /wp-login.php/wp-login.php HTTP/1.1" 200 1804 "-" "python-requests/2.32.3"
198.54.114.83 - - [30/Mar/2025:06:06:00 -0400] "POST /wp-cron.php?doing_wp_cron=1743329159.2666070461273193359375 HTTP/1.1" 200 0 "-" "WordPress/6.7.2; https://baernblog.com"
114.119.138.235 - - [30/Mar/2025:06:05:53 -0400] "GET /the-essence-of-the-japanese-katana-sword/ HTTP/1.1" 200 10623 "https://baernblog.com/die-faszination-der-katana-geschichte-und-bedeutung/" "Mozilla/5.0 (Linux; Android 7.0;) AppleWebKit/537.36 (KHTML, like Gecko) Mobile Safari/537.36 (compatible; PetalBot;+https://webmaster.petalsearch.com/site/petalbot)"
78.138.127.62 - - [30/Mar/2025:06:08:24 -0400] "GET /the-benefits-of-managed-investing/ HTTP/1.1" 200 10958 "-" "Mozilla/5.0 (X11; Linux x86_64) AppleWebKit/537.36 (KHTML, like Gecko) Chrome/114.0.0.0 Safari/537.36 Vivaldi/5.3.2679.68"
198.54.114.83 - - [30/Mar/2025:06:10:12 -0400] "POST /wp-cron.php?doing_wp_cron=1743329411.8693349361419677734375 HTTP/1.1" 200 0 "-" "WordPress/6.7.2; https://baernblog.com"
54.36.148.239 - - [30/Mar/2025:06:10:06 -0400] "GET /reduisez-le-poids-pour-tester-votre-perseverance/feed/ HTTP/1.1" 200 422 "-" "Mozilla/5.0 (compatible; AhrefsBot/7.0; +http://ahrefs.com/robot/)"
198.54.114.83 - - [30/Mar/2025:06:10:13 -0400] "POST /wp-admin/admin-ajax.php?action=async_litespeed&nonce=vmcn2xRFzi2im070JrfJQjz1HEbMI8ht&litespeed_type=imgoptm HTTP/1.1" 200 0 "-" "WordPress/6.7.2; https://baernblog.com"
112.92.70.120 - - [30/Mar/2025:06:14:33 -0400] "GET /how-to-get-vyvanse-prescription-online/ HTTP/1.1" 200 11054 "-" "Mozilla/5.0 (Windows NT 10.0; Win64; x64) AppleWebKit/537.36 (KHTML, like Gecko) Chrome/114.0.0.0 Safari/537.36 Edg/114.0.1264.71"
198.54.114.83 - - [30/Mar/2025:06:14:44 -0400] "POST /wp-cron.php?doing_wp_cron=1743329680.3167419433593750000000 HTTP/1.1" 200 0 "-" "WordPress/6.7.2; https://baernblog.com"
112.92.70.120 - - [30/Mar/2025:06:14:48 -0400] "POST /wp-comments-post.php HTTP/1.1" 302 0 "https://baernblog.com/how-to-get-vyvanse-prescription-online/" "Mozilla/5.0 (Windows NT 10.0; Win64; x64) AppleWebKit/537.36 (KHTML, like Gecko) Chrome/114.0.0.0 Safari/537.36 Edg/114.0.1264.71"
112.92.70.120 - - [30/Mar/2025:06:14:52 -0400] "GET /how-to-get-vyvanse-prescription-online/?unapproved=22421&moderation-hash=d942063698bd4b9f6c8f5bbec34321cc HTTP/1.1" 200 11554 "https://baernblog.com/wp-comments-post.php" "Mozilla/5.0 (Windows NT 10.0; Win64; x64) AppleWebKit/537.36 (KHTML, like Gecko) Chrome/114.0.0.0 Safari/537.36 Edg/114.0.1264.71"
112.92.70.120 - - [30/Mar/2025:06:14:54 -0400] "GET /how-to-get-vyvanse-prescription-online/ HTTP/1.1" 200 11054 "-" "Mozilla/5.0 (Windows NT 10.0; Win64; x64) AppleWebKit/537.36 (KHTML, like Gecko) Chrome/114.0.0.0 Safari/537.36 Edg/114.0.1264.71"
112.92.70.120 - - [30/Mar/2025:06:15:23 -0400] "GET /how-to-get-vyvanse-prescription-online/ HTTP/1.1" 200 11054 "-" "Mozilla/5.0 (X11; Linux x86_64) AppleWebKit/537.36 (KHTML, like Gecko) Chrome/114.0.0.0 Safari/537.36 Vivaldi/5.3.2679.68"
198.54.114.83 - - [30/Mar/2025:06:17:02 -0400] "POST /wp-cron.php?doing_wp_cron=1743329821.6891639232635498046875 HTTP/1.1" 200 0 "-" "WordPress/6.7.2; https://baernblog.com"
54.36.148.73 - - [30/Mar/2025:06:16:57 -0400] "GET /exploring-rainbow-riches-casino/ HTTP/1.1" 200 10563 "-" "Mozilla/5.0 (compatible; AhrefsBot/7.0; +http://ahrefs.com/robot/)"
198.54.114.83 - - [30/Mar/2025:06:17:05 -0400] "POST /wp-admin/admin-ajax.php?action=async_litespeed&nonce=NxJK8rB2x1VSzF3U10T28NpiRsFdiUs3&litespeed_type=imgoptm HTTP/1.1" 200 0 "-" "WordPress/6.7.2; https://baernblog.com"
198.54.114.83 - - [30/Mar/2025:06:24:16 -0400] "POST /wp-cron.php?doing_wp_cron=1743330256.3109829425811767578125 HTTP/1.1" 200 0 "-" "WordPress/6.7.2; https://baernblog.com"
54.36.148.40 - - [30/Mar/2025:06:24:10 -0400] "GET /lernvideos-erstellens/feed/ HTTP/1.1" 200 369 "-" "Mozilla/5.0 (compatible; AhrefsBot/7.0; +http://ahrefs.com/robot/)"
198.54.114.83 - - [30/Mar/2025:06:24:17 -0400] "POST /wp-admin/admin-ajax.php?action=async_litespeed&nonce=FUe8UU0IuPJf1wTZruwYRGCFA2xSqV34&litespeed_type=imgoptm HTTP/1.1" 200 0 "-" "WordPress/6.7.2; https://baernblog.com"
198.54.114.83 - - [30/Mar/2025:06:28:51 -0400] "POST /wp-cron.php?doing_wp_cron=1743330530.8368699550628662109375 HTTP/1.1" 200 0 "-" "WordPress/6.7.2; https://baernblog.com"
114.119.135.232 - - [30/Mar/2025:06:28:45 -0400] "GET /unveiling-the-essence-of-kassia/ HTTP/1.1" 200 10642 "https://baernblog.com/category/activity/page/47/" "Mozilla/5.0 (Linux; Android 7.0;) AppleWebKit/537.36 (KHTML, like Gecko) Mobile Safari/537.36 (compatible; PetalBot;+https://webmaster.petalsearch.com/site/petalbot)"
198.54.114.83 - - [30/Mar/2025:06:28:56 -0400] "POST /wp-admin/admin-ajax.php?action=async_litespeed&nonce=DJbru6gNrh2QcfI6U3AFNUnF42B3HYyd&litespeed_type=imgoptm HTTP/1.1" 200 0 "-" "WordPress/6.7.2; https://baernblog.com"
35.227.150.247 - - [30/Mar/2025:06:29:41 -0400] "GET /michael-kors-the-tote-handbag HTTP/1.1" 301 0 "-" "Mozilla/5.0 (X11; Linux x86_64) AppleWebKit/537.36 (KHTML, like Gecko) Chrome/122.0.0.0 Safari/537.36"
35.227.150.247 - - [30/Mar/2025:06:29:41 -0400] "GET /michael-kors-the-tote-handbag/ HTTP/1.1" 200 10498 "https://baernblog.com/michael-kors-the-tote-handbag" "Mozilla/5.0 (X11; Linux x86_64) AppleWebKit/537.36 (KHTML, like Gecko) Chrome/122.0.0.0 Safari/537.36"
198.54.114.83 - - [30/Mar/2025:06:31:00 -0400] "POST /wp-cron.php?doing_wp_cron=1743330660.1819179058074951171875 HTTP/1.1" 200 0 "-" "WordPress/6.7.2; https://baernblog.com"
198.54.114.83 - - [30/Mar/2025:06:31:01 -0400] "POST /wp-admin/admin-ajax.php?action=async_litespeed&nonce=CdEo9VEVkzrrOMVFQk2RF7MZpVqJ3OPx&litespeed_type=imgoptm HTTP/1.1" 200 0 "-" "WordPress/6.7.2; https://baernblog.com"
54.36.148.233 - - [30/Mar/2025:06:30:56 -0400] "GET /innovative-modern-kitchen-cabinets-a-blend-of-function-and-style/ HTTP/1.1" 200 10657 "-" "Mozilla/5.0 (compatible; AhrefsBot/7.0; +http://ahrefs.com/robot/)"
198.54.114.83 - - [30/Mar/2025:06:37:24 -0400] "POST /wp-cron.php?doing_wp_cron=1743331044.1261279582977294921875 HTTP/1.1" 200 0 "-" "WordPress/6.7.2; https://baernblog.com"
54.36.148.38 - - [30/Mar/2025:06:37:20 -0400] "GET /unlocking-the-potential-classroom-6x-unblocked/ HTTP/1.1" 200 10275 "-" "Mozilla/5.0 (compatible; AhrefsBot/7.0; +http://ahrefs.com/robot/)"
198.54.114.83 - - [30/Mar/2025:06:37:24 -0400] "POST /wp-admin/admin-ajax.php?action=async_litespeed&nonce=LdM2sDgYYT5UMsAdXC1PUSzZtzWKgRfF&litespeed_type=imgoptm HTTP/1.1" 200 0 "-" "WordPress/6.7.2; https://baernblog.com"
198.54.114.83 - - [30/Mar/2025:06:44:04 -0400] "POST /wp-cron.php?doing_wp_cron=1743331444.3119459152221679687500 HTTP/1.1" 200 0 "-" "WordPress/6.7.2; https://baernblog.com"
54.36.149.31 - - [30/Mar/2025:06:43:59 -0400] "GET /front-doors-bridgend/feed/ HTTP/1.1" 200 379 "-" "Mozilla/5.0 (compatible; AhrefsBot/7.0; +http://ahrefs.com/robot/)"
198.54.114.83 - - [30/Mar/2025:06:44:05 -0400] "POST /wp-admin/admin-ajax.php?action=async_litespeed&nonce=e9UwnA07IAfuvh6lHEkkpITQL4Jf9f8r&litespeed_type=imgoptm HTTP/1.1" 200 0 "-" "WordPress/6.7.2; https://baernblog.com"
198.54.114.83 - - [30/Mar/2025:06:51:51 -0400] "POST /wp-cron.php?doing_wp_cron=1743331911.2142539024353027343750 HTTP/1.1" 200 0 "-" "WordPress/6.7.2; https://baernblog.com"
54.36.148.230 - - [30/Mar/2025:06:51:47 -0400] "GET /the-evolution-of-online-casinos-2/ HTTP/1.1" 200 10663 "-" "Mozilla/5.0 (compatible; AhrefsBot/7.0; +http://ahrefs.com/robot/)"
198.54.114.83 - - [30/Mar/2025:06:51:52 -0400] "POST /wp-admin/admin-ajax.php?action=async_litespeed&nonce=Sc4SRZAPgdz4dV8p6WENbrxSvhyivXvw&litespeed_type=imgoptm HTTP/1.1" 200 0 "-" "WordPress/6.7.2; https://baernblog.com"
198.54.114.83 - - [30/Mar/2025:06:55:06 -0400] "POST /wp-cron.php?doing_wp_cron=1743332106.0370988845825195312500 HTTP/1.1" 200 0 "-" "WordPress/6.7.2; https://baernblog.com"
185.231.155.169 - - [30/Mar/2025:06:55:01 -0400] "GET /cbd-oil-for-anxiety-uk-a-conclusive-account/ HTTP/1.1" 200 11126 "https://baernblog.com/cbd-oil-for-anxiety-uk-a-conclusive-account/#comment-15370/" "Mozilla/5.0 (Windows NT 10.0; Win64; x64) AppleWebKit/537.36 (KHTML, like Gecko) Chrome/130.0.0.0 Safari/537.36"
198.54.114.83 - - [30/Mar/2025:06:55:06 -0400] "POST /wp-admin/admin-ajax.php?action=async_litespeed&nonce=H6Sy0TpKfebMF0x6EPZelqgKIERKFHFT&litespeed_type=imgoptm HTTP/1.1" 200 5 "-" "WordPress/6.7.2; https://baernblog.com"
185.231.155.169 - - [30/Mar/2025:06:55:08 -0400] "POST /wp-comments-post.php HTTP/1.1" 302 0 "https://baernblog.com/cbd-oil-for-anxiety-uk-a-conclusive-account/#comment-15370/" "Mozilla/5.0 (Windows NT 10.0; Win64; x64) AppleWebKit/537.36 (KHTML, like Gecko) Chrome/130.0.0.0 Safari/537.36"
185.231.155.169 - - [30/Mar/2025:06:55:09 -0400] "GET /cbd-oil-for-anxiety-uk-a-conclusive-account/ HTTP/1.1" 200 13939 "https://baernblog.com/cbd-oil-for-anxiety-uk-a-conclusive-account/#comment-22422" "Mozilla/5.0 (Windows NT 10.0; Win64; x64) AppleWebKit/537.36 (KHTML, like Gecko) Chrome/130.0.0.0 Safari/537.36"
47.128.111.118 - - [30/Mar/2025:06:55:16 -0400] "GET /robots.txt HTTP/1.1" 200 108 "-" "Go-http-client/2.0"
198.54.114.83 - - [30/Mar/2025:06:56:18 -0400] "POST /wp-cron.php?doing_wp_cron=1743332178.2152659893035888671875 HTTP/1.1" 200 0 "-" "WordPress/6.7.2; https://baernblog.com"
138.199.59.149 - - [30/Mar/2025:06:56:17 -0400] "POST /xmlrpc.php HTTP/1.1" 200 186 "https://baernblog.com" "Mozilla/5.0 (Macintosh; Intel Mac OS X 10_10_1) AppleWebKit/537.36 (KHTML, like Gecko) Chrome/39.0.2171.95 Safari/537.36"
198.54.114.83 - - [30/Mar/2025:06:56:19 -0400] "POST /wp-admin/admin-ajax.php?action=async_litespeed&nonce=APxlrKTIHzfNVzXHJt8nkiCacL6udY9P&litespeed_type=imgoptm HTTP/1.1" 200 5 "-" "WordPress/6.7.2; https://baernblog.com"
198.54.114.83 - - [30/Mar/2025:06:58:46 -0400] "POST /wp-cron.php?doing_wp_cron=1743332326.2252380847930908203125 HTTP/1.1" 200 0 "-" "WordPress/6.7.2; https://baernblog.com"
54.36.148.170 - - [30/Mar/2025:06:58:43 -0400] "GET /wowza-combined-server-software/feed/ HTTP/1.1" 200 389 "-" "Mozilla/5.0 (compatible; AhrefsBot/7.0; +http://ahrefs.com/robot/)"
198.54.114.83 - - [30/Mar/2025:06:58:47 -0400] "POST /wp-admin/admin-ajax.php?action=async_litespeed&nonce=s8hEnIEAcnILkKwxO9grBiGHKRdk5b3h&litespeed_type=imgoptm HTTP/1.1" 200 5 "-" "WordPress/6.7.2; https://baernblog.com"
47.128.121.109 - - [30/Mar/2025:06:58:59 -0400] "GET /vietnam-airlines-golden-moment-program/ HTTP/1.1" 200 11244 "-" "Mozilla/5.0 (Linux; Android 5.0) AppleWebKit/537.36 (KHTML, like Gecko) Mobile Safari/537.36 (compatible; TikTokSpider; ttspider-feedback@tiktok.com)"
47.128.121.109 - - [30/Mar/2025:06:59:00 -0400] "GET /vietnam-airlines-golden-moment-program/ HTTP/1.1" 200 11244 "https://baernblog.com/vietnam-airlines-golden-moment-program/" "Mozilla/5.0 (Linux; Android 5.0) AppleWebKit/537.36 (KHTML, like Gecko) Mobile Safari/537.36 (compatible; TikTokSpider; ttspider-feedback@tiktok.com)"
198.54.114.83 - - [30/Mar/2025:07:02:00 -0400] "POST /wp-cron.php?doing_wp_cron=1743332519.8644199371337890625000 HTTP/1.1" 200 0 "-" "WordPress/6.7.2; https://baernblog.com"
2a03:2880:f800:19:: - - [30/Mar/2025:07:01:53 -0400] "GET /a-guide-to-temporarily-suspending-your-instagram-account/ HTTP/1.1" 200 10448 "-" "meta-externalagent/1.1 (+https://developers.facebook.com/docs/sharing/webmasters/crawler)"
198.54.114.83 - - [30/Mar/2025:07:02:01 -0400] "POST /wp-admin/admin-ajax.php?action=async_litespeed&nonce=ju2DdvHnJug6jJbRPbpK3pcjibMeVSSr&litespeed_type=imgoptm HTTP/1.1" 200 0 "-" "WordPress/6.7.2; https://baernblog.com"
198.54.114.83 - - [30/Mar/2025:07:05:47 -0400] "POST /wp-cron.php?doing_wp_cron=1743332747.5569069385528564453125 HTTP/1.1" 200 0 "-" "WordPress/6.7.2; https://baernblog.com"
54.36.149.101 - - [30/Mar/2025:07:05:42 -0400] "GET /exploring-the-anyone-protocol-staking-dashboard/ HTTP/1.1" 200 10462 "-" "Mozilla/5.0 (compatible; AhrefsBot/7.0; +http://ahrefs.com/robot/)"
198.54.114.83 - - [30/Mar/2025:07:05:48 -0400] "POST /wp-admin/admin-ajax.php?action=async_litespeed&nonce=XD8gi1xXRRgBEzYlmDEiMb70EG9p24HF&litespeed_type=imgoptm HTTP/1.1" 200 0 "-" "WordPress/6.7.2; https://baernblog.com"
198.54.114.83 - - [30/Mar/2025:07:11:47 -0400] "POST /wp-cron.php?doing_wp_cron=1743333106.6182279586791992187500 HTTP/1.1" 200 0 "-" "WordPress/6.7.2; https://baernblog.com"
198.54.114.83 - - [30/Mar/2025:07:11:47 -0400] "POST /wp-admin/admin-ajax.php?action=async_litespeed&nonce=0hu07GXFmD2r07viLQysAhuBtTBg6uvv&litespeed_type=imgoptm HTTP/1.1" 200 0 "-" "WordPress/6.7.2; https://baernblog.com"
5.196.78.175 - - [30/Mar/2025:07:11:41 -0400] "GET /how-absorption-rv-refrigerators-work/ HTTP/1.1" 200 11043 "-" "Mozilla/5.0 (X11; Linux x86_64) AppleWebKit/537.36 (KHTML, like Gecko) Chrome/114.0.0.0 Safari/537.36 Vivaldi/5.3.2679.68"
54.36.148.37 - - [30/Mar/2025:07:12:26 -0400] "GET /benefits-and-advantages-of-voice-broadcasting/ HTTP/1.1" 200 10949 "-" "Mozilla/5.0 (compatible; AhrefsBot/7.0; +http://ahrefs.com/robot/)"
198.54.114.83 - - [30/Mar/2025:07:19:06 -0400] "POST /wp-cron.php?doing_wp_cron=1743333546.2575170993804931640625 HTTP/1.1" 200 0 "-" "WordPress/6.7.2; https://baernblog.com"
54.36.148.234 - - [30/Mar/2025:07:19:03 -0400] "GET /homes-for-sale-in-sonoma-county-ca/ HTTP/1.1" 200 10218 "-" "Mozilla/5.0 (compatible; AhrefsBot/7.0; +http://ahrefs.com/robot/)"
198.54.114.83 - - [30/Mar/2025:07:19:06 -0400] "POST /wp-admin/admin-ajax.php?action=async_litespeed&nonce=J6B8sPbyGA1LRBhBdtv1UaTlBfgpkRLt&litespeed_type=imgoptm HTTP/1.1" 200 5 "-" "WordPress/6.7.2; https://baernblog.com"
198.54.114.83 - - [30/Mar/2025:07:25:53 -0400] "POST /wp-cron.php?doing_wp_cron=1743333952.9017419815063476562500 HTTP/1.1" 200 0 "-" "WordPress/6.7.2; https://baernblog.com"
54.36.149.53 - - [30/Mar/2025:07:25:49 -0400] "GET /category/activity/page/3/ HTTP/1.1" 200 9397 "-" "Mozilla/5.0 (compatible; AhrefsBot/7.0; +http://ahrefs.com/robot/)"
198.54.114.83 - - [30/Mar/2025:07:25:54 -0400] "POST /wp-admin/admin-ajax.php?action=async_litespeed&nonce=nSfmTP0GWbIxTbKWUYGKW4145VqBbDKF&litespeed_type=imgoptm HTTP/1.1" 200 5 "-" "WordPress/6.7.2; https://baernblog.com"
198.54.114.83 - - [30/Mar/2025:07:32:37 -0400] "POST /wp-cron.php?doing_wp_cron=1743334357.1936719417572021484375 HTTP/1.1" 200 0 "-" "WordPress/6.7.2; https://baernblog.com"
198.54.114.83 - - [30/Mar/2025:07:32:37 -0400] "POST /wp-admin/admin-ajax.php?action=async_litespeed&nonce=krIbabMYxYGyHlbr1ejcRqOB3eggygZ9&litespeed_type=imgoptm HTTP/1.1" 200 5 "-" "WordPress/6.7.2; https://baernblog.com"
54.36.148.97 - - [30/Mar/2025:07:32:33 -0400] "GET /the-ultimate-guide-to-football-betting-sites/ HTTP/1.1" 200 10858 "-" "Mozilla/5.0 (compatible; AhrefsBot/7.0; +http://ahrefs.com/robot/)"
198.54.114.83 - - [30/Mar/2025:07:39:13 -0400] "POST /wp-cron.php?doing_wp_cron=1743334753.3221108913421630859375 HTTP/1.1" 200 0 "-" "WordPress/6.7.2; https://baernblog.com"
54.36.149.104 - - [30/Mar/2025:07:39:09 -0400] "GET /understanding-fda-cosmetic-registration/ HTTP/1.1" 200 10570 "-" "Mozilla/5.0 (compatible; AhrefsBot/7.0; +http://ahrefs.com/robot/)"
198.54.114.83 - - [30/Mar/2025:07:39:13 -0400] "POST /wp-admin/admin-ajax.php?action=async_litespeed&nonce=p6QTPOcLSqV3fjt9IWIu6XQQZna1fRXR&litespeed_type=imgoptm HTTP/1.1" 200 5 "-" "WordPress/6.7.2; https://baernblog.com"
198.54.114.83 - - [30/Mar/2025:07:40:07 -0400] "POST /wp-admin/admin-ajax.php?action=async_litespeed&nonce=Woy6eBKEHsaNUjDDrGKt6hAFy5QJRh19&litespeed_type=imgoptm HTTP/1.1" 200 5 "-" "WordPress/6.7.2; https://baernblog.com"
198.54.114.83 - - [30/Mar/2025:07:47:59 -0400] "POST /wp-cron.php?doing_wp_cron=1743335279.0074710845947265625000 HTTP/1.1" 200 0 "-" "WordPress/6.7.2; https://baernblog.com"
54.36.148.164 - - [30/Mar/2025:07:47:56 -0400] "GET /page/83/ HTTP/1.1" 200 9165 "-" "Mozilla/5.0 (compatible; AhrefsBot/7.0; +http://ahrefs.com/robot/)"
198.54.114.83 - - [30/Mar/2025:07:48:00 -0400] "POST /wp-admin/admin-ajax.php?action=async_litespeed&nonce=e3TAC86EEvEi8diKyDRZGZU5Iu0MnUVu&litespeed_type=imgoptm HTTP/1.1" 200 5 "-" "WordPress/6.7.2; https://baernblog.com"
198.54.114.83 - - [30/Mar/2025:07:54:23 -0400] "POST /wp-cron.php?doing_wp_cron=1743335663.3075699806213378906250 HTTP/1.1" 200 0 "-" "WordPress/6.7.2; https://baernblog.com"
54.36.148.196 - - [30/Mar/2025:07:54:20 -0400] "GET /the-evolution-of-online-casinos-3/ HTTP/1.1" 200 10678 "-" "Mozilla/5.0 (compatible; AhrefsBot/7.0; +http://ahrefs.com/robot/)"
198.54.114.83 - - [30/Mar/2025:07:54:23 -0400] "POST /wp-admin/admin-ajax.php?action=async_litespeed&nonce=gzT8vTW5nWMwNm6Qnh8GcUXakLf9xrYG&litespeed_type=imgoptm HTTP/1.1" 200 0 "-" "WordPress/6.7.2; https://baernblog.com"
152.42.209.58 - - [30/Mar/2025:07:56:31 -0400] "GET /wp-login.php HTTP/1.1" 200 1685 "-" "Mozilla/5.0 (Linux; Android 12; Redmi Note 9 Pro Build/SKQ1.211019.001; wv) AppleWebKit/537.36 (KHTML, like Gecko) Version/4.0 Chrome/126.0.6478.71 Mobile Safari/537.36"
198.54.114.83 - - [30/Mar/2025:07:58:12 -0400] "POST /wp-cron.php?doing_wp_cron=1743335892.6297008991241455078125 HTTP/1.1" 200 0 "-" "WordPress/6.7.2; https://baernblog.com"
198.54.114.83 - - [30/Mar/2025:07:58:13 -0400] "POST /wp-admin/admin-ajax.php?action=async_litespeed&nonce=eoxPSzNtJMNCHNDRId0jsK959peZaaxW&litespeed_type=imgoptm HTTP/1.1" 200 0 "-" "WordPress/6.7.2; https://baernblog.com"
2a03:2880:f800:1c:: - - [30/Mar/2025:07:58:08 -0400] "GET /how-to-transfer-bitcoin-to-paypal/ HTTP/1.1" 200 10619 "-" "meta-externalagent/1.1 (+https://developers.facebook.com/docs/sharing/webmasters/crawler)"
198.54.114.83 - - [30/Mar/2025:08:05:26 -0400] "POST /wp-cron.php?doing_wp_cron=1743336326.3049058914184570312500 HTTP/1.1" 200 0 "-" "WordPress/6.7.2; https://baernblog.com"
54.36.149.38 - - [30/Mar/2025:08:05:24 -0400] "GET /what-is-online-coaching/ HTTP/1.1" 200 10579 "-" "Mozilla/5.0 (compatible; AhrefsBot/7.0; +http://ahrefs.com/robot/)"
198.54.114.83 - - [30/Mar/2025:08:05:31 -0400] "POST /wp-admin/admin-ajax.php?action=async_litespeed&nonce=hGjBSYAkniuunzHQNoUrF4IRPYeejjzy&litespeed_type=imgoptm HTTP/1.1" 200 5 "-" "WordPress/6.7.2; https://baernblog.com"
58.254.68.93 - - [30/Mar/2025:08:07:22 -0400] "GET /the-benefits-of-managed-investing/ HTTP/1.1" 200 10958 "https://baernblog.com" "Mozilla/5.0 (Windows NT 10.0; Win64; x64) AppleWebKit/537.36 (KHTML, like Gecko) Chrome/62.0.3202.94 Safari/537.36"
198.54.114.83 - - [30/Mar/2025:08:07:27 -0400] "POST /wp-cron.php?doing_wp_cron=1743336447.2646679878234863281250 HTTP/1.1" 200 0 "-" "WordPress/6.7.2; https://baernblog.com"
198.54.114.83 - - [30/Mar/2025:08:07:27 -0400] "POST /wp-admin/admin-ajax.php?action=async_litespeed&nonce=FJMly0IqhyvWIHFSNnomXC36Eu8oT5IR&litespeed_type=imgoptm HTTP/1.1" 200 5 "-" "WordPress/6.7.2; https://baernblog.com"
58.254.68.93 - - [30/Mar/2025:08:07:25 -0400] "POST /wp-comments-post.php HTTP/1.1" 302 0 "https://baernblog.com" "Mozilla/5.0 (Windows NT 10.0; Win64; x64) AppleWebKit/537.36 (KHTML, like Gecko) Chrome/62.0.3202.94 Safari/537.36"
152.42.209.58 - - [30/Mar/2025:08:07:41 -0400] "GET /wp-login.php HTTP/1.1" 200 1685 "-" "Mozilla/5.0 (X11; Linux x86_64; rv:121.0) Gecko/20100101 Firefox/121.0"
152.42.209.58 - - [30/Mar/2025:08:07:41 -0400] "POST /wp-login.php HTTP/1.1" 200 1804 "-" "Mozilla/5.0 (X11; Linux x86_64; rv:121.0) Gecko/20100101 Firefox/121.0"
152.42.209.58 - - [30/Mar/2025:08:07:42 -0400] "POST /wp-login.php HTTP/1.1" 200 1805 "-" "Mozilla/5.0 (X11; Linux x86_64; rv:121.0) Gecko/20100101 Firefox/121.0"
198.54.114.83 - - [30/Mar/2025:08:10:51 -0400] "POST /wp-cron.php?doing_wp_cron=1743336650.9101810455322265625000 HTTP/1.1" 200 0 "-" "WordPress/6.7.2; https://baernblog.com"
54.36.148.3 - - [30/Mar/2025:08:10:48 -0400] "GET /die-moderne-hangeleuchte-ein-blick-in-die-zukunft-des-designs/ HTTP/1.1" 200 10919 "-" "Mozilla/5.0 (compatible; AhrefsBot/7.0; +http://ahrefs.com/robot/)"
198.54.114.83 - - [30/Mar/2025:08:10:51 -0400] "POST /wp-admin/admin-ajax.php?action=async_litespeed&nonce=R76I5yKqcJ7PO3qE4CzNteqDAJiQybHq&litespeed_type=imgoptm HTTP/1.1" 200 5 "-" "WordPress/6.7.2; https://baernblog.com"
198.54.114.83 - - [30/Mar/2025:08:12:30 -0400] "POST /wp-cron.php?doing_wp_cron=1743336750.0913920402526855468750 HTTP/1.1" 200 0 "-" "WordPress/6.7.2; https://baernblog.com"
114.119.155.205 - - [30/Mar/2025:08:12:28 -0400] "GET /exploring-the-mysteries-of-the-mind-dolores-cannon-hypnosis/ HTTP/1.1" 200 11419 "https://baernblog.com/exploring-the-mysteries-of-the-mind-dolores-cannon-hypnosis/" "Mozilla/5.0 (Linux; Android 7.0;) AppleWebKit/537.36 (KHTML, like Gecko) Mobile Safari/537.36 (compatible; PetalBot;+https://webmaster.petalsearch.com/site/petalbot)"
198.54.114.83 - - [30/Mar/2025:08:12:30 -0400] "POST /wp-admin/admin-ajax.php?action=async_litespeed&nonce=rcSzx3AxUzHlcJj52YtOH7duLPQAduKp&litespeed_type=imgoptm HTTP/1.1" 200 5 "-" "WordPress/6.7.2; https://baernblog.com"
198.54.114.83 - - [30/Mar/2025:08:15:11 -0400] "POST /wp-cron.php?doing_wp_cron=1743336911.3375990390777587890625 HTTP/1.1" 200 0 "-" "WordPress/6.7.2; https://baernblog.com"
