8.218.91.49 - - [30/Mar/2025:20:03:45 -0400] "HEAD /page/2/ HTTP/1.1" 200 0 "-" "Mozilla/5.0 (Windows NT 6.1; Win64; x64) AppleWebKit/537.36 (KHTML, like Gecko) Chrome/73.0.2005.87 Safari/537.36"
8.210.66.89 - - [30/Mar/2025:20:03:46 -0400] "GET /category/activity HTTP/1.1" 301 0 "-" "Mozilla/5.0 (Windows NT 6.0; Win64; x64) AppleWebKit/537.36 (KHTML, like Gecko) Chrome/67.0.3029.193 Safari/537.36"
8.218.91.49 - - [30/Mar/2025:20:03:46 -0400] "GET /page/2 HTTP/1.1" 301 0 "-" "Mozilla/5.0 (Windows NT 6.1; Win64; x64) AppleWebKit/537.36 (KHTML, like Gecko) Chrome/73.0.2005.87 Safari/537.36"
8.210.66.89 - - [30/Mar/2025:20:03:46 -0400] "GET /category/activity/ HTTP/1.1" 200 9470 "-" "Mozilla/5.0 (Windows NT 6.0; Win64; x64) AppleWebKit/537.36 (KHTML, like Gecko) Chrome/67.0.3029.193 Safari/537.36"
8.218.91.49 - - [30/Mar/2025:20:03:46 -0400] "GET /page/2/ HTTP/1.1" 200 9615 "-" "Mozilla/5.0 (Windows NT 6.1; Win64; x64) AppleWebKit/537.36 (KHTML, like Gecko) Chrome/73.0.2005.87 Safari/537.36"
8.210.15.246 - - [30/Mar/2025:20:04:33 -0400] "HEAD /category/activity HTTP/1.1" 301 0 "-" "Mozilla/5.0 (Windows NT 10.0; Win64; x64) AppleWebKit/537.36 (KHTML, like Gecko) Chrome/64.0.3529.87 Safari/537.36"
8.210.189.26 - - [30/Mar/2025:20:04:33 -0400] "HEAD /page/2 HTTP/1.1" 301 0 "-" "Mozilla/5.0 (Windows NT 10.0; Win64; x64) AppleWebKit/537.36 (KHTML, like Gecko) Chrome/74.0.3996.198 Safari/537.36"
8.210.15.246 - - [30/Mar/2025:20:04:34 -0400] "HEAD /category/activity/ HTTP/1.1" 200 0 "-" "Mozilla/5.0 (Windows NT 10.0; Win64; x64) AppleWebKit/537.36 (KHTML, like Gecko) Chrome/64.0.3529.87 Safari/537.36"
8.210.189.26 - - [30/Mar/2025:20:04:34 -0400] "HEAD /page/2/ HTTP/1.1" 200 0 "-" "Mozilla/5.0 (Windows NT 10.0; Win64; x64) AppleWebKit/537.36 (KHTML, like Gecko) Chrome/74.0.3996.198 Safari/537.36"
8.210.189.26 - - [30/Mar/2025:20:04:34 -0400] "GET /page/2 HTTP/1.1" 301 0 "-" "Mozilla/5.0 (Windows NT 10.0; Win64; x64) AppleWebKit/537.36 (KHTML, like Gecko) Chrome/74.0.3996.198 Safari/537.36"
8.210.15.246 - - [30/Mar/2025:20:04:34 -0400] "GET /category/activity HTTP/1.1" 301 0 "-" "Mozilla/5.0 (Windows NT 10.0; Win64; x64) AppleWebKit/537.36 (KHTML, like Gecko) Chrome/64.0.3529.87 Safari/537.36"
8.210.189.26 - - [30/Mar/2025:20:04:34 -0400] "GET /page/2/ HTTP/1.1" 200 9615 "-" "Mozilla/5.0 (Windows NT 10.0; Win64; x64) AppleWebKit/537.36 (KHTML, like Gecko) Chrome/74.0.3996.198 Safari/537.36"
8.210.15.246 - - [30/Mar/2025:20:04:35 -0400] "GET /category/activity/ HTTP/1.1" 200 9470 "-" "Mozilla/5.0 (Windows NT 10.0; Win64; x64) AppleWebKit/537.36 (KHTML, like Gecko) Chrome/64.0.3529.87 Safari/537.36"
198.54.114.83 - - [30/Mar/2025:20:21:19 -0400] "POST /wp-cron.php?doing_wp_cron=1743380478.6213729381561279296875 HTTP/1.1" 200 0 "-" "WordPress/6.7.2; https://baernblog.com"
198.54.114.83 - - [30/Mar/2025:20:21:20 -0400] "POST /wp-admin/admin-ajax.php?action=async_litespeed&nonce=Qq8AGMJkRJ2Fm05pYHWTl1rMSdvO5s06&litespeed_type=imgoptm HTTP/1.1" 200 0 "-" "WordPress/6.7.2; https://baernblog.com"
54.36.148.145 - - [30/Mar/2025:20:21:14 -0400] "GET /online-casinos-for-gambling/ HTTP/1.1" 200 10820 "-" "Mozilla/5.0 (compatible; AhrefsBot/7.0; +http://ahrefs.com/robot/)"
211.235.233.182 - - [30/Mar/2025:20:24:30 -0400] "GET / HTTP/1.1" 200 77939 "-" "Mozilla/5.0 (Windows NT 10.0; Win64; x64) AppleWebKit/537.36 (KHTML, like Gecko) Chrome/134.0.0.0 Safari/537.36"
198.54.114.83 - - [30/Mar/2025:20:35:43 -0400] "POST /wp-admin/admin-ajax.php?action=async_litespeed&nonce=0u4Le2HS2EiCMpQEjfQ9YyYnnfRV1rPy&litespeed_type=imgoptm HTTP/1.1" 200 0 "-" "WordPress/6.7.2; https://baernblog.com"
42.193.20.235 - - [30/Mar/2025:20:36:00 -0400] "GET /wp-login.php HTTP/1.1" 200 1685 "-" "Apache-HttpClient/4.5.2 (Java/1.8.0_161)"
66.249.64.8 - - [30/Mar/2025:20:43:44 -0400] "GET /robots.txt HTTP/1.1" 200 108 "-" "Mozilla/5.0 (compatible; Googlebot/2.1; +http://www.google.com/bot.html)"
66.249.64.9 - - [30/Mar/2025:20:43:50 -0400] "GET /ads.txt HTTP/1.1" 404 5942 "-" "Mozilla/5.0 (compatible; Googlebot/2.1; +http://www.google.com/bot.html)"
198.54.114.83 - - [30/Mar/2025:20:43:50 -0400] "POST /wp-admin/admin-ajax.php?action=async_litespeed&nonce=HoQiWUxPuvG1gdVowCspMo6b0rhcgms1&litespeed_type=imgoptm HTTP/1.1" 200 0 "-" "WordPress/6.7.2; https://baernblog.com"
54.36.149.39 - - [30/Mar/2025:20:45:05 -0400] "GET /gambling-101/ HTTP/1.1" 200 10885 "-" "Mozilla/5.0 (compatible; AhrefsBot/7.0; +http://ahrefs.com/robot/)"
58.254.68.93 - - [30/Mar/2025:20:47:08 -0400] "GET /how-to-get-vyvanse-prescription-online/ HTTP/1.1" 200 11054 "https://baernblog.com" "Mozilla/5.0 (Windows NT 10.0; Win64; x64) AppleWebKit/537.36 (KHTML, like Gecko) Chrome/62.0.3202.94 Safari/537.36"
198.54.114.83 - - [30/Mar/2025:20:47:14 -0400] "POST /wp-cron.php?doing_wp_cron=1743382033.8501589298248291015625 HTTP/1.1" 200 0 "-" "WordPress/6.7.2; https://baernblog.com"
58.254.68.93 - - [30/Mar/2025:20:47:10 -0400] "POST /wp-comments-post.php HTTP/1.1" 302 0 "https://baernblog.com" "Mozilla/5.0 (Windows NT 10.0; Win64; x64) AppleWebKit/537.36 (KHTML, like Gecko) Chrome/62.0.3202.94 Safari/537.36"
198.54.114.83 - - [30/Mar/2025:20:47:14 -0400] "POST /wp-admin/admin-ajax.php?action=async_litespeed&nonce=U71Dn9MFCCxhO6ds9CGxWaEVz4BN6D54&litespeed_type=imgoptm HTTP/1.1" 200 5 "-" "WordPress/6.7.2; https://baernblog.com"
58.254.68.93 - - [30/Mar/2025:20:47:17 -0400] "GET /how-to-get-vyvanse-prescription-online/ HTTP/1.1" 200 11709 "https://baernblog.com" "Mozilla/4.0 (compatible; MSIE 6.0; Windows NT 5.1; en) Opera 8.50"
52.167.144.149 - - [30/Mar/2025:20:48:19 -0400] "GET /michael-kors-bags/ HTTP/1.1" 200 10386 "-" "Mozilla/5.0 AppleWebKit/537.36 (KHTML, like Gecko; compatible; bingbot/2.0; +http://www.bing.com/bingbot.htm) Chrome/116.0.1938.76 Safari/537.36"
2a03:2880:27ff:71:: - - [30/Mar/2025:20:48:51 -0400] "GET /moss-agate-engagement-ring/ HTTP/1.1" 200 10303 "-" "meta-externalagent/1.1 (+https://developers.facebook.com/docs/sharing/webmasters/crawler)"
2a03:2880:27ff:70:: - - [30/Mar/2025:20:48:54 -0400] "GET /wp-includes/js/jquery/jquery.min.js?ver=3.7.1 HTTP/1.1" 304 0 "-" "meta-externalagent/1.1 (+https://developers.facebook.com/docs/sharing/webmasters/crawler)"
2a03:2880:27ff:9:: - - [30/Mar/2025:20:48:54 -0400] "GET /wp-includes/js/jquery/jquery-migrate.min.js?ver=3.4.1 HTTP/1.1" 304 0 "-" "meta-externalagent/1.1 (+https://developers.facebook.com/docs/sharing/webmasters/crawler)"
2a03:2880:27ff:74:: - - [30/Mar/2025:20:48:54 -0400] "GET /wp-content/uploads/2023/03/ada.png HTTP/1.1" 200 169159 "-" "meta-externalagent/1.1 (+https://developers.facebook.com/docs/sharing/webmasters/crawler)"
2a03:2880:27ff:9:: - - [30/Mar/2025:20:48:54 -0400] "GET /wp-content/themes/ascendoor-news/assets/js/slick.min.js?ver=1.8.1 HTTP/1.1" 304 0 "-" "meta-externalagent/1.1 (+https://developers.facebook.com/docs/sharing/webmasters/crawler)"
2a03:2880:27ff:70:: - - [30/Mar/2025:20:48:54 -0400] "GET /wp-content/themes/ascendoor-news/assets/js/navigation.min.js?ver=1.0.1 HTTP/1.1" 304 0 "-" "meta-externalagent/1.1 (+https://developers.facebook.com/docs/sharing/webmasters/crawler)"
2a03:2880:27ff:4:: - - [30/Mar/2025:20:48:55 -0400] "GET /wp-content/themes/ascendoor-news/assets/js/jquery.marquee.min.js?ver=1.6.0 HTTP/1.1" 304 0 "-" "meta-externalagent/1.1 (+https://developers.facebook.com/docs/sharing/webmasters/crawler)"
2a03:2880:27ff:70:: - - [30/Mar/2025:20:48:55 -0400] "GET /wp-content/themes/ascendoor-news/assets/js/custom.min.js?ver=1.0.1 HTTP/1.1" 304 0 "-" "meta-externalagent/1.1 (+https://developers.facebook.com/docs/sharing/webmasters/crawler)"
2a03:2880:27ff:3:: - - [30/Mar/2025:20:48:55 -0400] "GET /wp-content/fonts/poppins/pxiByp8kv8JHgFVrLEj6Z1xlFQ.woff2 HTTP/1.1" 200 8000 "-" "meta-externalagent/1.1 (+https://developers.facebook.com/docs/sharing/webmasters/crawler)"
2a03:2880:27ff:73:: - - [30/Mar/2025:20:48:55 -0400] "GET /wp-includes/js/comment-reply.min.js?ver=6.7.2 HTTP/1.1" 304 0 "-" "meta-externalagent/1.1 (+https://developers.facebook.com/docs/sharing/webmasters/crawler)"
2a03:2880:27ff:71:: - - [30/Mar/2025:20:48:55 -0400] "GET /wp-content/fonts/roboto/KFOlCnqEu92Fr1MmWUlfBBc4.woff2 HTTP/1.1" 200 15860 "-" "meta-externalagent/1.1 (+https://developers.facebook.com/docs/sharing/webmasters/crawler)"
2a03:2880:27ff:72:: - - [30/Mar/2025:20:48:56 -0400] "GET /wp-includes/js/wp-emoji-release.min.js?ver=6.7.2 HTTP/1.1" 304 0 "-" "meta-externalagent/1.1 (+https://developers.facebook.com/docs/sharing/webmasters/crawler)"
198.54.114.83 - - [30/Mar/2025:21:07:03 -0400] "POST /wp-cron.php?doing_wp_cron=1743383222.9528141021728515625000 HTTP/1.1" 200 0 "-" "WordPress/6.7.2; https://baernblog.com"
54.36.149.90 - - [30/Mar/2025:21:06:58 -0400] "GET /accounting-hattingen/feed/ HTTP/1.1" 200 375 "-" "Mozilla/5.0 (compatible; AhrefsBot/7.0; +http://ahrefs.com/robot/)"
198.54.114.83 - - [30/Mar/2025:21:07:05 -0400] "POST /wp-admin/admin-ajax.php?action=async_litespeed&nonce=iAMktt71DDmdAglZgOqHUx6BAq6y61rS&litespeed_type=imgoptm HTTP/1.1" 200 0 "-" "WordPress/6.7.2; https://baernblog.com"
198.54.114.83 - - [30/Mar/2025:21:11:20 -0400] "POST /wp-cron.php?doing_wp_cron=1743383480.5429298877716064453125 HTTP/1.1" 200 0 "-" "WordPress/6.7.2; https://baernblog.com"
52.167.144.215 - - [30/Mar/2025:21:11:17 -0400] "GET /the-enchanting-world-of-rainbow-riches-casino/ HTTP/1.1" 200 10438 "-" "Mozilla/5.0 AppleWebKit/537.36 (KHTML, like Gecko; compatible; bingbot/2.0; +http://www.bing.com/bingbot.htm) Chrome/116.0.1938.76 Safari/537.36"
198.54.114.83 - - [30/Mar/2025:21:11:21 -0400] "POST /wp-admin/admin-ajax.php?action=async_litespeed&nonce=1WN0QJ9i5nYVTh0KOCJQrYog6oX4DEyM&litespeed_type=imgoptm HTTP/1.1" 200 5 "-" "WordPress/6.7.2; https://baernblog.com"
46.3.36.115 - - [30/Mar/2025:21:16:32 -0400] "GET /the-benefits-of-managed-investing/ HTTP/1.1" 200 10958 "https://baernblog.com/the-benefits-of-managed-investing/#comment-22334" "Mozilla/5.0 (Windows NT 10.0; Win64; x64) AppleWebKit/537.36 (KHTML, like Gecko) Chrome/130.0.0.0 Safari/537.36 CCleaner/130.0.0.0"
46.3.36.115 - - [30/Mar/2025:21:16:33 -0400] "POST /wp-comments-post.php HTTP/1.1" 302 0 "https://baernblog.com/the-benefits-of-managed-investing/#comment-22334" "Mozilla/5.0 (Windows NT 10.0; Win64; x64) AppleWebKit/537.36 (KHTML, like Gecko) Chrome/130.0.0.0 Safari/537.36 CCleaner/130.0.0.0"
46.3.36.115 - - [30/Mar/2025:21:16:38 -0400] "GET /the-benefits-of-managed-investing/ HTTP/1.1" 200 11666 "https://baernblog.com/the-benefits-of-managed-investing/#comment-22436" "Mozilla/5.0 (Windows NT 10.0; Win64; x64) AppleWebKit/537.36 (KHTML, like Gecko) Chrome/130.0.0.0 Safari/537.36 CCleaner/130.0.0.0"
198.54.114.83 - - [30/Mar/2025:21:19:03 -0400] "POST /wp-cron.php?doing_wp_cron=1743383943.0374441146850585937500 HTTP/1.1" 200 0 "-" "WordPress/6.7.2; https://baernblog.com"
114.119.155.205 - - [30/Mar/2025:21:19:01 -0400] "GET /the-watcher-characters/ HTTP/1.1" 200 10520 "https://baernblog.com/the-allure-of-sonoma-living/" "Mozilla/5.0 (Linux; Android 7.0;) AppleWebKit/537.36 (KHTML, like Gecko) Mobile Safari/537.36 (compatible; PetalBot;+https://webmaster.petalsearch.com/site/petalbot)"
198.54.114.83 - - [30/Mar/2025:21:19:03 -0400] "POST /wp-admin/admin-ajax.php?action=async_litespeed&nonce=3msy7ZLSuCCPonzSxCPzB3S8hJtdwSxM&litespeed_type=imgoptm HTTP/1.1" 200 5 "-" "WordPress/6.7.2; https://baernblog.com"
198.54.114.83 - - [30/Mar/2025:21:23:58 -0400] "POST /wp-cron.php?doing_wp_cron=1743384238.6190090179443359375000 HTTP/1.1" 200 0 "-" "WordPress/6.7.2; https://baernblog.com"
114.119.134.146 - - [30/Mar/2025:21:23:56 -0400] "GET /discover-luxury-living-at-sora-condo/ HTTP/1.1" 200 10636 "https://baernblog.com/how-to-find-the-best-smm-panel-pakistan/" "Mozilla/5.0 (Linux; Android 7.0;) AppleWebKit/537.36 (KHTML, like Gecko) Mobile Safari/537.36 (compatible; PetalBot;+https://webmaster.petalsearch.com/site/petalbot)"
198.54.114.83 - - [30/Mar/2025:21:23:59 -0400] "POST /wp-admin/admin-ajax.php?action=async_litespeed&nonce=BsZSRhl6wlL9Y13DsI8Lpm22m9fFoGSv&litespeed_type=imgoptm HTTP/1.1" 200 5 "-" "WordPress/6.7.2; https://baernblog.com"
198.54.114.83 - - [30/Mar/2025:21:27:12 -0400] "POST /wp-cron.php?doing_wp_cron=1743384432.5856781005859375000000 HTTP/1.1" 200 0 "-" "WordPress/6.7.2; https://baernblog.com"
114.119.134.146 - - [30/Mar/2025:21:27:10 -0400] "GET /nusa-penida-day-tour/ HTTP/1.1" 200 10549 "https://baernblog.com/category/activity/page/47/" "Mozilla/5.0 (Linux; Android 7.0;) AppleWebKit/537.36 (KHTML, like Gecko) Mobile Safari/537.36 (compatible; PetalBot;+https://webmaster.petalsearch.com/site/petalbot)"
198.54.114.83 - - [30/Mar/2025:21:27:13 -0400] "POST /wp-admin/admin-ajax.php?action=async_litespeed&nonce=mujYaNlUIa8sCf7ECGWGZLH7YO8bBwXe&litespeed_type=imgoptm HTTP/1.1" 200 5 "-" "WordPress/6.7.2; https://baernblog.com"
198.54.114.83 - - [30/Mar/2025:21:30:10 -0400] "POST /wp-cron.php?doing_wp_cron=1743384609.9069960117340087890625 HTTP/1.1" 200 0 "-" "WordPress/6.7.2; https://baernblog.com"
54.36.148.108 - - [30/Mar/2025:21:30:06 -0400] "GET /page/88/ HTTP/1.1" 200 9595 "-" "Mozilla/5.0 (compatible; AhrefsBot/7.0; +http://ahrefs.com/robot/)"
198.54.114.83 - - [30/Mar/2025:21:33:09 -0400] "POST /wp-cron.php?doing_wp_cron=1743384789.2319550514221191406250 HTTP/1.1" 200 0 "-" "WordPress/6.7.2; https://baernblog.com"
114.119.148.160 - - [30/Mar/2025:21:33:06 -0400] "GET /maximizing-savings-at-baha-mar-a-comprehensive-guide/ HTTP/1.1" 200 10959 "https://baernblog.com/empowering-lives-with-find-a-carer-dorchester/" "Mozilla/5.0 (Linux; Android 7.0;) AppleWebKit/537.36 (KHTML, like Gecko) Mobile Safari/537.36 (compatible; PetalBot;+https://webmaster.petalsearch.com/site/petalbot)"
198.54.114.83 - - [30/Mar/2025:21:33:10 -0400] "POST /wp-admin/admin-ajax.php?action=async_litespeed&nonce=KzZ1PNICvekPGB0XKstdCZ9cwIRSe1w8&litespeed_type=imgoptm HTTP/1.1" 200 5 "-" "WordPress/6.7.2; https://baernblog.com"
198.54.114.83 - - [30/Mar/2025:21:35:59 -0400] "POST /wp-cron.php?doing_wp_cron=1743384959.2845408916473388671875 HTTP/1.1" 200 0 "-" "WordPress/6.7.2; https://baernblog.com"
130.51.20.151 - - [30/Mar/2025:21:35:56 -0400] "GET /michael-kors-handbag-sales/ HTTP/1.1" 200 11283 "-" "Mozilla/5.0 (Windows NT 10.0; Win64; x64) AppleWebKit/537.36 (KHTML, like Gecko) Chrome/114.0.0.0 Safari/537.36"
198.54.114.83 - - [30/Mar/2025:21:36:00 -0400] "POST /wp-admin/admin-ajax.php?action=async_litespeed&nonce=XqiYyGkEqLYMpiP5dMAlJiZneBWGSgIM&litespeed_type=imgoptm HTTP/1.1" 200 5 "-" "WordPress/6.7.2; https://baernblog.com"
130.51.20.151 - - [30/Mar/2025:21:36:01 -0400] "POST /wp-comments-post.php HTTP/1.1" 302 0 "https://baernblog.com/michael-kors-handbag-sales/" "Mozilla/5.0 (Windows NT 10.0; Win64; x64) AppleWebKit/537.36 (KHTML, like Gecko) Chrome/114.0.0.0 Safari/537.36"
130.51.20.151 - - [30/Mar/2025:21:36:02 -0400] "GET /michael-kors-handbag-sales/?unapproved=22437&moderation-hash=bc8f064e23ba0db64ac2661aa11668f9 HTTP/1.1" 200 11879 "https://baernblog.com/wp-comments-post.php" "Mozilla/5.0 (Windows NT 10.0; Win64; x64) AppleWebKit/537.36 (KHTML, like Gecko) Chrome/114.0.0.0 Safari/537.36"
130.51.20.151 - - [30/Mar/2025:21:36:23 -0400] "GET /michael-kors-handbag-sales/ HTTP/1.1" 200 11283 "-" "Mozilla/5.0 (Windows NT 10.0; Win64; x64) AppleWebKit/537.36 (KHTML, like Gecko) Chrome/114.0.0.0 Safari/537.36"
207.46.13.153 - - [30/Mar/2025:21:39:39 -0400] "GET /jewel-of-the-east-unveiling-the-emerald-of-katong-condo/ HTTP/1.1" 200 10528 "-" "Mozilla/5.0 AppleWebKit/537.36 (KHTML, like Gecko; compatible; bingbot/2.0; +http://www.bing.com/bingbot.htm) Chrome/116.0.1938.76 Safari/537.36"
80.66.84.22 - - [30/Mar/2025:21:40:47 -0400] "GET /wp-login.php HTTP/1.1" 200 1685 "-" "Mozilla/5.0 (Windows NT 10.0; Win64; x64) AppleWebKit/537.36 (KHTML, like Gecko) Chrome/115.0.0.0 Safari/537.36 Edg/115.0.1901.203"
198.54.114.83 - - [30/Mar/2025:21:40:48 -0400] "POST /wp-cron.php?doing_wp_cron=1743385248.5799150466918945312500 HTTP/1.1" 200 0 "-" "WordPress/6.7.2; https://baernblog.com"
80.66.84.22 - - [30/Mar/2025:21:40:48 -0400] "POST /wp-login.php HTTP/1.1" 200 1805 "https://baernblog.com/wp-login.php" "Mozilla/5.0 (Windows NT 10.0; Win64; x64) AppleWebKit/537.36 (KHTML, like Gecko) Chrome/115.0.0.0 Safari/537.36 Edg/115.0.1901.203"
198.54.114.83 - - [30/Mar/2025:21:42:38 -0400] "POST /wp-cron.php?doing_wp_cron=1743385358.1446409225463867187500 HTTP/1.1" 200 0 "-" "WordPress/6.7.2; https://baernblog.com"
114.119.148.160 - - [30/Mar/2025:21:42:36 -0400] "GET /breeze-beyond-boundaries-unraveling-the-marvels-of-floor-standing-fans/ HTTP/1.1" 200 10949 "https://baernblog.com/unveiling-the-power-of-buying-youtube-comments/" "Mozilla/5.0 (Linux; Android 7.0;) AppleWebKit/537.36 (KHTML, like Gecko) Mobile Safari/537.36 (compatible; PetalBot;+https://webmaster.petalsearch.com/site/petalbot)"
198.54.114.83 - - [30/Mar/2025:21:42:38 -0400] "POST /wp-admin/admin-ajax.php?action=async_litespeed&nonce=RjtwGtmcCLWL5hcyhxzZMnv9npJ9KG9y&litespeed_type=imgoptm HTTP/1.1" 200 5 "-" "WordPress/6.7.2; https://baernblog.com"
130.51.20.151 - - [30/Mar/2025:21:42:57 -0400] "GET /michael-kors-handbag-sales/ HTTP/1.1" 200 11283 "-" "Mozilla/5.0 (X11; Linux x86_64) AppleWebKit/537.36 (KHTML, like Gecko) Chrome/114.0.0.0 Safari/537.36 Vivaldi/5.3.2679.68"
198.54.114.83 - - [30/Mar/2025:21:43:46 -0400] "POST /wp-cron.php?doing_wp_cron=1743385426.2401158809661865234375 HTTP/1.1" 200 0 "-" "WordPress/6.7.2; https://baernblog.com"
54.90.201.124 - - [30/Mar/2025:21:43:45 -0400] "GET /navigating-the-complex-terrain-essential-employment-law-advice/ HTTP/1.1" 200 11095 "-" "Grammarly/1.0 (http://www.grammarly.com)"
198.54.114.83 - - [30/Mar/2025:21:43:46 -0400] "POST /wp-admin/admin-ajax.php?action=async_litespeed&nonce=pkXhJo889KVgmxDM8EqIZ34Lj9PLzDwa&litespeed_type=imgoptm HTTP/1.1" 200 5 "-" "WordPress/6.7.2; https://baernblog.com"
198.44.138.155 - - [30/Mar/2025:21:45:06 -0400] "GET / HTTP/1.1" 200 77939 "-" "Mozilla/5.0 (iPhone; CPU iPhone OS 17_5_1 like Mac OS X) AppleWebKit/605.1.15 (KHTML, like Gecko) Version/17.5 Mobile/15E148 Safari/604.1"
198.44.138.155 - - [30/Mar/2025:21:46:06 -0400] "GET /favicon.ico HTTP/1.1" 404 1251 "-" "Mozilla/5.0 (iPhone; CPU iPhone OS 17_5_1 like Mac OS X) AppleWebKit/605.1.15 (KHTML, like Gecko) Version/17.5 Mobile/15E148 Safari/604.1"
198.54.114.83 - - [30/Mar/2025:21:47:20 -0400] "POST /wp-cron.php?doing_wp_cron=1743385640.4715249538421630859375 HTTP/1.1" 200 0 "-" "WordPress/6.7.2; https://baernblog.com"
2a03:2880:11ff:9:: - - [30/Mar/2025:21:47:18 -0400] "GET /locksmith-solutions-for-spare-car-keys/ HTTP/1.1" 200 11406 "-" "meta-externalagent/1.1 (+https://developers.facebook.com/docs/sharing/webmasters/crawler)"
198.54.114.83 - - [30/Mar/2025:21:47:21 -0400] "POST /wp-admin/admin-ajax.php?action=async_litespeed&nonce=wLnjx5PcpA0Ku31RtuRGjHkpRx7Zxjt5&litespeed_type=imgoptm HTTP/1.1" 200 5 "-" "WordPress/6.7.2; https://baernblog.com"
2a03:2880:11ff:46:: - - [30/Mar/2025:21:47:22 -0400] "GET /wp-content/themes/ascendoor-news/assets/js/navigation.min.js?ver=1.0.1 HTTP/1.1" 304 0 "-" "meta-externalagent/1.1 (+https://developers.facebook.com/docs/sharing/webmasters/crawler)"
2a03:2880:11ff:9:: - - [30/Mar/2025:21:47:22 -0400] "GET /wp-includes/js/jquery/jquery-migrate.min.js?ver=3.4.1 HTTP/1.1" 304 0 "-" "meta-externalagent/1.1 (+https://developers.facebook.com/docs/sharing/webmasters/crawler)"
2a03:2880:11ff:72:: - - [30/Mar/2025:21:47:22 -0400] "GET /wp-includes/js/jquery/jquery.min.js?ver=3.7.1 HTTP/1.1" 304 0 "-" "meta-externalagent/1.1 (+https://developers.facebook.com/docs/sharing/webmasters/crawler)"
2a03:2880:11ff:4:: - - [30/Mar/2025:21:47:22 -0400] "GET /wp-content/themes/ascendoor-news/assets/js/slick.min.js?ver=1.8.1 HTTP/1.1" 304 0 "-" "meta-externalagent/1.1 (+https://developers.facebook.com/docs/sharing/webmasters/crawler)"
2a03:2880:11ff:2:: - - [30/Mar/2025:21:47:22 -0400] "GET /wp-content/themes/ascendoor-news/assets/js/jquery.marquee.min.js?ver=1.6.0 HTTP/1.1" 304 0 "-" "meta-externalagent/1.1 (+https://developers.facebook.com/docs/sharing/webmasters/crawler)"
2a03:2880:11ff:4:: - - [30/Mar/2025:21:47:22 -0400] "GET /wp-includes/js/comment-reply.min.js?ver=6.7.2 HTTP/1.1" 304 0 "-" "meta-externalagent/1.1 (+https://developers.facebook.com/docs/sharing/webmasters/crawler)"
2a03:2880:11ff:4:: - - [30/Mar/2025:21:47:22 -0400] "GET /wp-content/themes/ascendoor-news/assets/js/custom.min.js?ver=1.0.1 HTTP/1.1" 304 0 "-" "meta-externalagent/1.1 (+https://developers.facebook.com/docs/sharing/webmasters/crawler)"
2a03:2880:11ff:73:: - - [30/Mar/2025:21:47:23 -0400] "GET /wp-includes/js/wp-emoji-release.min.js?ver=6.7.2 HTTP/1.1" 304 0 "-" "meta-externalagent/1.1 (+https://developers.facebook.com/docs/sharing/webmasters/crawler)"
3.15.221.46 - - [30/Mar/2025:21:49:57 -0400] "GET /robots.txt HTTP/1.1" 200 108 "-" "Mozilla/5.0 AppleWebKit/537.36 (KHTML, like Gecko; compatible; ClaudeBot/1.0; +claudebot@anthropic.com)"
198.54.114.83 - - [30/Mar/2025:21:49:59 -0400] "POST /wp-cron.php?doing_wp_cron=1743385799.1718750000000000000000 HTTP/1.1" 200 0 "-" "WordPress/6.7.2; https://baernblog.com"
3.15.221.46 - - [30/Mar/2025:21:49:57 -0400] "GET /how-to-charge-and-cleanse-crystal-bracelets HTTP/1.1" 301 0 "-" "Mozilla/5.0 AppleWebKit/537.36 (KHTML, like Gecko; compatible; ClaudeBot/1.0; +claudebot@anthropic.com)"
198.54.114.83 - - [30/Mar/2025:21:49:59 -0400] "POST /wp-admin/admin-ajax.php?action=async_litespeed&nonce=emgjggzbwi6ysRDvD9BcWX6tR0PngEBJ&litespeed_type=imgoptm HTTP/1.1" 200 5 "-" "WordPress/6.7.2; https://baernblog.com"
3.15.221.46 - - [30/Mar/2025:21:49:59 -0400] "GET /how-to-charge-and-cleanse-crystal-bracelets/ HTTP/1.1" 200 10563 "https://baernblog.com/how-to-charge-and-cleanse-crystal-bracelets" "Mozilla/5.0 AppleWebKit/537.36 (KHTML, like Gecko; compatible; ClaudeBot/1.0; +claudebot@anthropic.com)"
198.54.114.83 - - [30/Mar/2025:21:52:03 -0400] "POST /wp-cron.php?doing_wp_cron=1743385923.3188960552215576171875 HTTP/1.1" 200 0 "-" "WordPress/6.7.2; https://baernblog.com"
52.167.144.215 - - [30/Mar/2025:21:52:00 -0400] "GET /2021/07/ HTTP/1.1" 301 0 "-" "Mozilla/5.0 AppleWebKit/537.36 (KHTML, like Gecko; compatible; bingbot/2.0; +http://www.bing.com/bingbot.htm) Chrome/116.0.1938.76 Safari/537.36"
198.54.114.83 - - [30/Mar/2025:21:52:04 -0400] "POST /wp-admin/admin-ajax.php?action=async_litespeed&nonce=dGWSnHSjqZ4dp2cIWZqDTMMz7ni8tP1E&litespeed_type=imgoptm HTTP/1.1" 200 5 "-" "WordPress/6.7.2; https://baernblog.com"
54.36.148.72 - - [30/Mar/2025:21:56:16 -0400] "GET /sitemap_index.xml HTTP/1.1" 200 292 "-" "Mozilla/5.0 (compatible; AhrefsBot/7.0; +http://ahrefs.com/robot/)"
54.36.148.166 - - [30/Mar/2025:21:56:21 -0400] "GET /post-sitemap.xml HTTP/1.1" 200 25403 "-" "Mozilla/5.0 (compatible; AhrefsBot/7.0; +http://ahrefs.com/robot/)"
54.36.148.112 - - [30/Mar/2025:21:57:03 -0400] "GET /post-sitemap2.xml HTTP/1.1" 200 5746 "-" "Mozilla/5.0 (compatible; AhrefsBot/7.0; +http://ahrefs.com/robot/)"
78.138.127.62 - - [30/Mar/2025:21:57:16 -0400] "GET /how-absorption-rv-refrigerators-work/ HTTP/1.1" 200 11043 "-" "Mozilla/5.0 (X11; Ubuntu; Linux i686; rv:114.0) Gecko/20100101 Firefox/114.0"
198.54.114.83 - - [30/Mar/2025:21:57:26 -0400] "POST /wp-cron.php?doing_wp_cron=1743386246.1857531070709228515625 HTTP/1.1" 200 0 "-" "WordPress/6.7.2; https://baernblog.com"
54.36.149.19 - - [30/Mar/2025:21:57:26 -0400] "GET /category-sitemap.xml HTTP/1.1" 200 343 "-" "Mozilla/5.0 (compatible; AhrefsBot/7.0; +http://ahrefs.com/robot/)"
198.54.114.83 - - [30/Mar/2025:21:57:27 -0400] "POST /wp-admin/admin-ajax.php?action=async_litespeed&nonce=VqEvyIt2ZeoXoQstzEA3t80juJWKjfa5&litespeed_type=imgoptm HTTP/1.1" 200 5 "-" "WordPress/6.7.2; https://baernblog.com"
52.11.171.106 - - [30/Mar/2025:22:00:28 -0400] "GET / HTTP/1.1" 200 77939 "-" "Mozilla/5.0 (X11; Linux x86_64) AppleWebKit/537.36 (KHTML, like Gecko) Chrome/126.0.0.0 Safari/537.36"
198.54.114.83 - - [30/Mar/2025:22:00:39 -0400] "POST /wp-cron.php?doing_wp_cron=1743386439.0456769466400146484375 HTTP/1.1" 200 0 "-" "WordPress/6.7.2; https://baernblog.com"
52.11.171.106 - - [30/Mar/2025:22:00:36 -0400] "GET /products/sw.js HTTP/1.1" 404 5943 "https://baernblog.com/" "Mozilla/5.0 (X11; Linux x86_64) AppleWebKit/537.36 (KHTML, like Gecko) Chrome/126.0.0.0 Safari/537.36"
198.54.114.83 - - [30/Mar/2025:22:00:39 -0400] "POST /wp-admin/admin-ajax.php?action=async_litespeed&nonce=WrNJDAdUn6iWmYnj74smWPSvOLuqef0b&litespeed_type=imgoptm HTTP/1.1" 200 5 "-" "WordPress/6.7.2; https://baernblog.com"
52.11.171.106 - - [30/Mar/2025:22:00:40 -0400] "GET /react.js HTTP/1.1" 404 5943 "https://baernblog.com/" "Mozilla/5.0 (X11; Linux x86_64) AppleWebKit/537.36 (KHTML, like Gecko) Chrome/126.0.0.0 Safari/537.36"
52.11.171.106 - - [30/Mar/2025:22:00:40 -0400] "GET /react-dom.js HTTP/1.1" 404 5943 "https://baernblog.com/" "Mozilla/5.0 (X11; Linux x86_64) AppleWebKit/537.36 (KHTML, like Gecko) Chrome/126.0.0.0 Safari/537.36"
47.106.137.69 - - [30/Mar/2025:22:00:59 -0400] "GET / HTTP/1.1" 200 77939 "-" "Mozilla/5.0 (Windows NT 10.0; Win64; x64) AppleWebKit/537.36 (KHTML, like Gecko) Chrome/70.0.3538.77 Safari/537.36"
54.67.103.223 - - [30/Mar/2025:22:02:47 -0400] "GET / HTTP/1.1" 200 77939 "-" "Mozilla/5.0 (Windows NT 10.0; Win64; x64) AppleWebKit/537.36 (KHTML, like Gecko) Chrome/110.0.0.0 Safari/537.36"
41.140.4.245 - - [30/Mar/2025:22:09:19 -0400] "GET /wp-login.php HTTP/1.1" 200 1685 "http://baernblog.com/wp-admin/" "Mozilla/5.0 (Windows NT 10.0; Win64; x64) AppleWebKit/537.36 (KHTML, like Gecko) Chrome/90.0.4430.85 Safari/537.36"
198.54.114.83 - - [30/Mar/2025:22:09:40 -0400] "POST /wp-cron.php?doing_wp_cron=1743386980.0919759273529052734375 HTTP/1.1" 200 0 "-" "WordPress/6.7.2; https://baernblog.com"
41.140.4.245 - - [30/Mar/2025:22:09:39 -0400] "POST /wp-login.php HTTP/1.1" 200 1803 "http://baernblog.com/wp-admin/" "Mozilla/5.0 (Windows NT 10.0; Win64; x64) AppleWebKit/537.36 (KHTML, like Gecko) Chrome/90.0.4430.85 Safari/537.36"
41.140.4.245 - - [30/Mar/2025:22:09:40 -0400] "GET /wp-admin/ HTTP/1.1" 302 0 "www.google.com" "Mozilla/5.0 (Windows NT 10.0; Win64; x64) AppleWebKit/537.36 (KHTML, like Gecko) Chrome/90.0.4430.85 Safari/537.36"
41.140.4.245 - - [30/Mar/2025:22:09:41 -0400] "GET /wp-login.php?redirect_to=https%3A%2F%2Fbaernblog.com%2Fwp-admin%2F&reauth=1 HTTP/1.1" 200 1683 "www.google.com" "Mozilla/5.0 (Windows NT 10.0; Win64; x64) AppleWebKit/537.36 (KHTML, like Gecko) Chrome/90.0.4430.85 Safari/537.36"
212.119.45.223 - - [30/Mar/2025:22:09:54 -0400] "GET /lamborghini-for-sale/ HTTP/1.1" 200 10288 "https://baernblog.com/lamborghini-for-sale/" "Mozilla/5.0 (Windows NT 10.0; Win64; x64) AppleWebKit/537.36 (KHTML, like Gecko) Chrome/129.0.0.0 Safari/537.36"
212.119.45.223 - - [30/Mar/2025:22:09:58 -0400] "POST /wp-comments-post.php HTTP/1.1" 302 0 "https://baernblog.com/lamborghini-for-sale/" "Mozilla/5.0 (Windows NT 10.0; Win64; x64) AppleWebKit/537.36 (KHTML, like Gecko) Chrome/129.0.0.0 Safari/537.36"
212.119.45.223 - - [30/Mar/2025:22:10:00 -0400] "GET /lamborghini-for-sale/ HTTP/1.1" 200 11598 "https://baernblog.com/lamborghini-for-sale/#comment-22438" "Mozilla/5.0 (Windows NT 10.0; Win64; x64) AppleWebKit/537.36 (KHTML, like Gecko) Chrome/129.0.0.0 Safari/537.36"
198.54.114.83 - - [30/Mar/2025:22:19:27 -0400] "POST /wp-cron.php?doing_wp_cron=1743387567.4330570697784423828125 HTTP/1.1" 200 0 "-" "WordPress/6.7.2; https://baernblog.com"
114.119.128.23 - - [30/Mar/2025:22:19:23 -0400] "GET /page/46/ HTTP/1.1" 200 9429 "https://baernblog.com/page/45/" "Mozilla/5.0 (Linux; Android 7.0;) AppleWebKit/537.36 (KHTML, like Gecko) Mobile Safari/537.36 (compatible; PetalBot;+https://webmaster.petalsearch.com/site/petalbot)"
198.54.114.83 - - [30/Mar/2025:22:19:28 -0400] "POST /wp-admin/admin-ajax.php?action=async_litespeed&nonce=trqIUsCLrSLNJqV40bsdNr7oJaANEDT9&litespeed_type=imgoptm HTTP/1.1" 200 5 "-" "WordPress/6.7.2; https://baernblog.com"
52.247.239.25 - - [30/Mar/2025:22:20:03 -0400] "GET / HTTP/1.1" 200 77939 "-" "Mozilla/5.0 (Windows NT 10.0; Win64; x64) AppleWebKit/537.36 (KHTML, like Gecko) Chrome/133.0.0.0 Safari/537.36"
52.247.239.25 - - [30/Mar/2025:22:20:06 -0400] "GET /products/sw.js HTTP/1.1" 404 5943 "https://baernblog.com/" "Mozilla/5.0 (Windows NT 10.0; Win64; x64) AppleWebKit/537.36 (KHTML, like Gecko) Chrome/133.0.0.0 Safari/537.36"
52.247.239.25 - - [30/Mar/2025:22:20:08 -0400] "GET /react-dom.js HTTP/1.1" 404 5943 "https://baernblog.com/" "Mozilla/5.0 (Windows NT 10.0; Win64; x64) AppleWebKit/537.36 (KHTML, like Gecko) Chrome/133.0.0.0 Safari/537.36"
52.247.239.25 - - [30/Mar/2025:22:20:08 -0400] "GET /react.js HTTP/1.1" 404 5943 "https://baernblog.com/" "Mozilla/5.0 (Windows NT 10.0; Win64; x64) AppleWebKit/537.36 (KHTML, like Gecko) Chrome/133.0.0.0 Safari/537.36"
198.54.114.83 - - [30/Mar/2025:22:22:32 -0400] "POST /wp-cron.php?doing_wp_cron=1743387752.5696818828582763671875 HTTP/1.1" 200 0 "-" "WordPress/6.7.2; https://baernblog.com"
114.119.148.160 - - [30/Mar/2025:22:22:31 -0400] "GET /housse-de-canape-dangle/ HTTP/1.1" 200 10185 "https://baernblog.com/page/31/" "Mozilla/5.0 (Linux; Android 7.0;) AppleWebKit/537.36 (KHTML, like Gecko) Mobile Safari/537.36 (compatible; PetalBot;+https://webmaster.petalsearch.com/site/petalbot)"
198.54.114.83 - - [30/Mar/2025:22:22:33 -0400] "POST /wp-admin/admin-ajax.php?action=async_litespeed&nonce=JZ7szjrHwDZBmzPgpJ34qLL2KcWmCxcY&litespeed_type=imgoptm HTTP/1.1" 200 5 "-" "WordPress/6.7.2; https://baernblog.com"
2604:a880:4:1d0::77b4:4000 - - [30/Mar/2025:22:25:08 -0400] "POST /wp-login.php HTTP/1.1" 200 1803 "https://baernblog.com/wp-admin/" "Mozilla/5.0 (Windows NT 10.0; Win64; x64) AppleWebKit/537.36 (KHTML, like Gecko) Chrome/90.0.4430.85 Safari/537.36"
114.119.134.146 - - [30/Mar/2025:22:25:27 -0400] "GET /die-faszination-der-katana-geschichte-und-bedeutung/ HTTP/1.1" 200 10864 "https://baernblog.com/the-essence-of-the-japanese-katana-sword/" "Mozilla/5.0 (Linux; Android 7.0;) AppleWebKit/537.36 (KHTML, like Gecko) Mobile Safari/537.36 (compatible; PetalBot;+https://webmaster.petalsearch.com/site/petalbot)"
40.80.158.10 - - [30/Mar/2025:22:25:53 -0400] "GET / HTTP/1.1" 200 77939 "-" "Mozilla/5.0 (Windows NT 10.0; Win64; x64) AppleWebKit/537.36 (KHTML, like Gecko) Chrome/132.0.0.0 Safari/537.36"
40.80.158.10 - - [30/Mar/2025:22:25:56 -0400] "GET /products/sw.js HTTP/1.1" 404 5943 "https://baernblog.com/" "Mozilla/5.0 (Windows NT 10.0; Win64; x64) AppleWebKit/537.36 (KHTML, like Gecko) Chrome/132.0.0.0 Safari/537.36"
40.80.158.10 - - [30/Mar/2025:22:25:58 -0400] "GET /react.js HTTP/1.1" 404 5943 "https://baernblog.com/" "Mozilla/5.0 (Windows NT 10.0; Win64; x64) AppleWebKit/537.36 (KHTML, like Gecko) Chrome/132.0.0.0 Safari/537.36"
40.80.158.10 - - [30/Mar/2025:22:25:58 -0400] "GET /react-dom.js HTTP/1.1" 404 5943 "https://baernblog.com/" "Mozilla/5.0 (Windows NT 10.0; Win64; x64) AppleWebKit/537.36 (KHTML, like Gecko) Chrome/132.0.0.0 Safari/537.36"
198.54.114.83 - - [30/Mar/2025:22:29:22 -0400] "POST /wp-cron.php?doing_wp_cron=1743388161.9841809272766113281250 HTTP/1.1" 200 0 "-" "WordPress/6.7.2; https://baernblog.com"
52.167.144.159 - - [30/Mar/2025:22:29:19 -0400] "GET /marijuana-advances-of-the-21st-century/ HTTP/1.1" 200 11972 "-" "Mozilla/5.0 AppleWebKit/537.36 (KHTML, like Gecko; compatible; bingbot/2.0; +http://www.bing.com/bingbot.htm) Chrome/116.0.1938.76 Safari/537.36"
198.54.114.83 - - [30/Mar/2025:22:31:19 -0400] "POST /wp-cron.php?doing_wp_cron=1743388279.4017589092254638671875 HTTP/1.1" 200 0 "-" "WordPress/6.7.2; https://baernblog.com"
198.54.114.83 - - [30/Mar/2025:22:31:21 -0400] "POST /wp-admin/admin-ajax.php?action=async_litespeed&nonce=zdYH9gCIX1P6bhZkb0aXKATEwTKnYnun&litespeed_type=imgoptm HTTP/1.1" 200 0 "-" "WordPress/6.7.2; https://baernblog.com"
54.36.148.225 - - [30/Mar/2025:22:31:15 -0400] "GET /dragon-ball-characters-majin/ HTTP/1.1" 200 11198 "-" "Mozilla/5.0 (compatible; AhrefsBot/7.0; +http://ahrefs.com/robot/)"
40.80.158.10 - - [30/Mar/2025:22:48:47 -0400] "GET / HTTP/1.1" 200 77939 "-" "Mozilla/5.0 (Windows NT 10.0; Win64; x64) AppleWebKit/537.36 (KHTML, like Gecko) Chrome/131.0.0.0 Safari/537.36"
40.80.158.10 - - [30/Mar/2025:22:48:51 -0400] "GET /products/sw.js HTTP/1.1" 404 5943 "https://baernblog.com/" "Mozilla/5.0 (Windows NT 10.0; Win64; x64) AppleWebKit/537.36 (KHTML, like Gecko) Chrome/131.0.0.0 Safari/537.36"
40.80.158.10 - - [30/Mar/2025:22:48:52 -0400] "GET /react-dom.js HTTP/1.1" 404 5943 "https://baernblog.com/" "Mozilla/5.0 (Windows NT 10.0; Win64; x64) AppleWebKit/537.36 (KHTML, like Gecko) Chrome/131.0.0.0 Safari/537.36"
40.80.158.10 - - [30/Mar/2025:22:48:52 -0400] "GET /react.js HTTP/1.1" 404 5943 "https://baernblog.com/" "Mozilla/5.0 (Windows NT 10.0; Win64; x64) AppleWebKit/537.36 (KHTML, like Gecko) Chrome/131.0.0.0 Safari/537.36"
198.54.114.83 - - [30/Mar/2025:23:05:10 -0400] "POST /wp-cron.php?doing_wp_cron=1743390309.8761029243469238281250 HTTP/1.1" 200 0 "-" "WordPress/6.7.2; https://baernblog.com"
54.36.148.176 - - [30/Mar/2025:23:05:03 -0400] "GET /elegance-moderne-avec-le-panneau-pvc-imitation-marbre/ HTTP/1.1" 200 10666 "-" "Mozilla/5.0 (compatible; AhrefsBot/7.0; +http://ahrefs.com/robot/)"
52.247.239.25 - - [30/Mar/2025:23:11:52 -0400] "GET / HTTP/1.1" 200 77939 "-" "Mozilla/5.0 (Windows NT 10.0; Win64; x64) AppleWebKit/537.36 (KHTML, like Gecko) Chrome/132.0.0.0 Safari/537.36"
52.247.239.25 - - [30/Mar/2025:23:11:57 -0400] "GET /products/sw.js HTTP/1.1" 404 5943 "https://baernblog.com/" "Mozilla/5.0 (Windows NT 10.0; Win64; x64) AppleWebKit/537.36 (KHTML, like Gecko) Chrome/132.0.0.0 Safari/537.36"
195.191.219.132 - - [30/Mar/2025:23:14:18 -0400] "GET /robots.txt HTTP/1.1" 200 108 "-" "Mozilla/5.0 (compatible; MJ12bot/v2.0.0; http://mj12bot.com/)"
195.191.219.132 - - [30/Mar/2025:23:14:19 -0400] "GET / HTTP/1.1" 200 77939 "-" "Mozilla/5.0 (compatible; MJ12bot/v2.0.0; http://mj12bot.com/)"
198.54.114.83 - - [30/Mar/2025:23:17:27 -0400] "POST /wp-cron.php?doing_wp_cron=1743391047.1601550579071044921875 HTTP/1.1" 200 0 "-" "WordPress/6.7.2; https://baernblog.com"
198.54.114.83 - - [30/Mar/2025:23:17:29 -0400] "POST /wp-admin/admin-ajax.php?action=async_litespeed&nonce=FjdgZ5Fm38QyrT6IF4GcULLdvdNJmnyV&litespeed_type=imgoptm HTTP/1.1" 200 0 "-" "WordPress/6.7.2; https://baernblog.com"
195.2.70.49 - - [30/Mar/2025:23:17:21 -0400] "GET /effective-aba-therapy-for-kids-in-dubai/ HTTP/1.1" 200 10754 "https://baernblog.com/effective-aba-therapy-for-kids-in-dubai/" "Mozilla/5.0 (Windows NT 10.0; Win64; x64) AppleWebKit/537.36 (KHTML, like Gecko) Chrome/130.0.0.0 Safari/537.36 CCleaner/130.0.0.0"
195.2.70.49 - - [30/Mar/2025:23:17:31 -0400] "POST /wp-comments-post.php HTTP/1.1" 302 0 "https://baernblog.com/effective-aba-therapy-for-kids-in-dubai/" "Mozilla/5.0 (Windows NT 10.0; Win64; x64) AppleWebKit/537.36 (KHTML, like Gecko) Chrome/130.0.0.0 Safari/537.36 CCleaner/130.0.0.0"
195.2.70.49 - - [30/Mar/2025:23:17:34 -0400] "GET /effective-aba-therapy-for-kids-in-dubai/ HTTP/1.1" 200 11228 "https://baernblog.com/effective-aba-therapy-for-kids-in-dubai/#comment-22439" "Mozilla/5.0 (Windows NT 10.0; Win64; x64) AppleWebKit/537.36 (KHTML, like Gecko) Chrome/130.0.0.0 Safari/537.36 CCleaner/130.0.0.0"
44.211.20.232 - - [30/Mar/2025:23:17:39 -0400] "GET /the-allure-of-designer-handbags-a-symphony-of-style-and-elegance/ HTTP/1.1" 200 11012 "-" "Grammarly/1.0 (http://www.grammarly.com)"
198.54.114.83 - - [30/Mar/2025:23:18:40 -0400] "POST /wp-cron.php?doing_wp_cron=1743391119.2560060024261474609375 HTTP/1.1" 200 0 "-" "WordPress/6.7.2; https://baernblog.com"
59.6.26.211 - - [30/Mar/2025:23:18:38 -0400] "GET /le-monde-du-pari-en-ligne/ HTTP/1.1" 200 10622 "https://baernblog.com/le-monde-du-pari-en-ligne/#comment-21748" "Mozilla/5.0 (Windows NT 6.3; WOW64) AppleWebKit/537.36 (KHTML, like Gecko) Chrome/103.0.0.0 Safari/537.36"
59.6.26.211 - - [30/Mar/2025:23:18:41 -0400] "GET /navigating-fda-over-the-counter-otc-registration/ HTTP/1.1" 200 10489 "https://baernblog.com/navigating-fda-over-the-counter-otc-registration/#comment-21286" "Mozilla/5.0 (Windows NT 10.0; Win64; x64) AppleWebKit/537.36 (KHTML, like Gecko) Chrome/103.0.5060.66 Safari/537.36"
59.6.26.211 - - [30/Mar/2025:23:18:44 -0400] "POST /wp-comments-post.php HTTP/1.1" 429 982 "https://baernblog.com/navigating-fda-over-the-counter-otc-registration/#comment-21286" "Mozilla/5.0 (Windows NT 10.0; Win64; x64) AppleWebKit/537.36 (KHTML, like Gecko) Chrome/103.0.5060.66 Safari/537.36"
59.6.26.211 - - [30/Mar/2025:23:18:43 -0400] "POST /wp-comments-post.php HTTP/1.1" 302 0 "https://baernblog.com/le-monde-du-pari-en-ligne/#comment-21748" "Mozilla/5.0 (Windows NT 6.3; WOW64) AppleWebKit/537.36 (KHTML, like Gecko) Chrome/103.0.0.0 Safari/537.36"
59.6.26.211 - - [30/Mar/2025:23:18:47 -0400] "GET /navigating-fda-over-the-counter-otc-registration/ HTTP/1.1" 200 10489 "https://baernblog.com/navigating-fda-over-the-counter-otc-registration/#comment-21286" "Mozilla/5.0 (Windows NT 10.0; Win64; x64) AppleWebKit/537.36 (KHTML, like Gecko) Chrome/103.0.5060.66 Safari/537.36"
59.6.26.211 - - [30/Mar/2025:23:18:48 -0400] "GET /le-monde-du-pari-en-ligne/ HTTP/1.1" 200 11989 "https://baernblog.com/le-monde-du-pari-en-ligne/#comment-22440" "Mozilla/5.0 (Windows NT 6.3; WOW64) AppleWebKit/537.36 (KHTML, like Gecko) Chrome/103.0.0.0 Safari/537.36"
59.6.26.211 - - [30/Mar/2025:23:18:49 -0400] "GET /author/jorge/ HTTP/1.1" 301 0 "https://baernblog.com/author/jorge/" "Mozilla/5.0 (Windows NT 10.0; Win64; x64) AppleWebKit/537.36 (KHTML, like Gecko) Chrome/103.0.5060.66 Safari/537.36"
198.54.114.83 - - [30/Mar/2025:23:30:42 -0400] "POST /wp-cron.php?doing_wp_cron=1743391841.9968309402465820312500 HTTP/1.1" 200 0 "-" "WordPress/6.7.2; https://baernblog.com"
3.144.251.23 - - [30/Mar/2025:23:30:37 -0400] "GET /factors-to-consider-when-selecting-an-online-casino HTTP/1.1" 301 0 "-" "Mozilla/5.0 AppleWebKit/537.36 (KHTML, like Gecko; compatible; ClaudeBot/1.0; +claudebot@anthropic.com)"
3.144.251.23 - - [30/Mar/2025:23:30:44 -0400] "GET /factors-to-consider-when-selecting-an-online-casino/ HTTP/1.1" 200 10548 "https://baernblog.com/factors-to-consider-when-selecting-an-online-casino" "Mozilla/5.0 AppleWebKit/537.36 (KHTML, like Gecko; compatible; ClaudeBot/1.0; +claudebot@anthropic.com)"
198.54.114.83 - - [30/Mar/2025:23:30:43 -0400] "POST /wp-admin/admin-ajax.php?action=async_litespeed&nonce=zHkETss8ENbYZd6n3erpBncHVhEjwfQQ&litespeed_type=imgoptm HTTP/1.1" 200 0 "-" "WordPress/6.7.2; https://baernblog.com"
114.119.148.160 - - [30/Mar/2025:23:36:32 -0400] "GET /il-fascino-incomparabile-dei-matrimoni-sul-lago-di-garda/ HTTP/1.1" 200 0 "https://baernblog.com/cose-da-vedere-sul-lago-di-garda/" "Mozilla/5.0 (Linux; Android 7.0;) AppleWebKit/537.36 (KHTML, like Gecko) Mobile Safari/537.36 (compatible; PetalBot;+https://webmaster.petalsearch.com/site/petalbot)"
198.54.114.83 - - [30/Mar/2025:23:36:37 -0400] "POST /wp-cron.php?doing_wp_cron=1743392197.3807981014251708984375 HTTP/1.1" 200 0 "-" "WordPress/6.7.2; https://baernblog.com"
198.54.114.83 - - [30/Mar/2025:23:36:38 -0400] "POST /wp-admin/admin-ajax.php?action=async_litespeed&nonce=ccwAGtLBWJRKG81LzOACsIVNnZnZk2j8&litespeed_type=imgoptm HTTP/1.1" 200 5 "-" "WordPress/6.7.2; https://baernblog.com"
198.54.114.83 - - [30/Mar/2025:23:37:39 -0400] "POST /wp-cron.php?doing_wp_cron=1743392259.5981080532073974609375 HTTP/1.1" 200 0 "-" "WordPress/6.7.2; https://baernblog.com"
54.36.149.33 - - [30/Mar/2025:23:37:39 -0400] "GET /page/12/ HTTP/1.1" 200 9970 "-" "Mozilla/5.0 (compatible; AhrefsBot/7.0; +http://ahrefs.com/robot/)"
198.54.114.83 - - [30/Mar/2025:23:37:41 -0400] "POST /wp-admin/admin-ajax.php?action=async_litespeed&nonce=Z1lpv1RAR1wP0ki15cu048ogIRTL5iJH&litespeed_type=imgoptm HTTP/1.1" 200 0 "-" "WordPress/6.7.2; https://baernblog.com"
40.80.158.10 - - [30/Mar/2025:23:38:15 -0400] "GET / HTTP/1.1" 200 77939 "-" "Mozilla/5.0 (Windows NT 10.0; Win64; x64) AppleWebKit/537.36 (KHTML, like Gecko) Chrome/131.0.0.0 Safari/537.36"
40.80.158.10 - - [30/Mar/2025:23:38:21 -0400] "GET /products/sw.js HTTP/1.1" 404 5943 "https://baernblog.com/" "Mozilla/5.0 (Windows NT 10.0; Win64; x64) AppleWebKit/537.36 (KHTML, like Gecko) Chrome/131.0.0.0 Safari/537.36"
2a03:2880:22ff:6:: - - [30/Mar/2025:23:43:17 -0400] "GET /a-guide-to-temporarily-suspending-your-instagram-account/ HTTP/1.1" 200 10448 "-" "facebookexternalhit/1.1 (+http://www.facebook.com/externalhit_uatext.php)"
2a03:2880:22ff:74:: - - [30/Mar/2025:23:43:20 -0400] "GET /favicon.ico HTTP/1.1" 404 1251 "-" "facebookexternalhit/1.1 (+http://www.facebook.com/externalhit_uatext.php)"
2a03:2880:22ff:4:: - - [30/Mar/2025:23:43:24 -0400] "GET /a-guide-to-temporarily-suspending-your-instagram-account/ HTTP/1.1" 200 10448 "-" "facebookexternalhit/1.1 (+http://www.facebook.com/externalhit_uatext.php)"
2a03:2880:27ff:1:: - - [30/Mar/2025:23:43:30 -0400] "GET /a-guide-to-temporarily-suspending-your-instagram-account/ HTTP/1.1" 200 10448 "-" "facebookexternalhit/1.1 (+http://www.facebook.com/externalhit_uatext.php)"
40.80.158.10 - - [30/Mar/2025:23:47:20 -0400] "GET / HTTP/1.1" 200 77939 "-" "Mozilla/5.0 (Windows NT 10.0; Win64; x64) AppleWebKit/537.36 (KHTML, like Gecko) Chrome/132.0.0.0 Safari/537.36"
40.80.158.10 - - [30/Mar/2025:23:47:25 -0400] "GET /products/sw.js HTTP/1.1" 404 5943 "https://baernblog.com/" "Mozilla/5.0 (Windows NT 10.0; Win64; x64) AppleWebKit/537.36 (KHTML, like Gecko) Chrome/132.0.0.0 Safari/537.36"
198.54.114.83 - - [30/Mar/2025:23:47:29 -0400] "POST /wp-cron.php?doing_wp_cron=1743392849.2274940013885498046875 HTTP/1.1" 200 0 "-" "WordPress/6.7.2; https://baernblog.com"
198.54.114.83 - - [30/Mar/2025:23:47:29 -0400] "POST /wp-cron.php?doing_wp_cron=1743392849.2318179607391357421875 HTTP/1.1" 200 0 "-" "WordPress/6.7.2; https://baernblog.com"
40.80.158.10 - - [30/Mar/2025:23:47:25 -0400] "GET /react-dom.js HTTP/1.1" 404 5944 "https://baernblog.com/" "Mozilla/5.0 (Windows NT 10.0; Win64; x64) AppleWebKit/537.36 (KHTML, like Gecko) Chrome/132.0.0.0 Safari/537.36"
40.80.158.10 - - [30/Mar/2025:23:47:25 -0400] "GET /react.js HTTP/1.1" 404 5944 "https://baernblog.com/" "Mozilla/5.0 (Windows NT 10.0; Win64; x64) AppleWebKit/537.36 (KHTML, like Gecko) Chrome/132.0.0.0 Safari/537.36"
198.54.114.83 - - [30/Mar/2025:23:47:30 -0400] "POST /wp-admin/admin-ajax.php?action=async_litespeed&nonce=VQf8LDQg3WodCrNbcc8jUv4K85iVfKMf&litespeed_type=imgoptm HTTP/1.1" 200 0 "-" "WordPress/6.7.2; https://baernblog.com"
52.247.239.25 - - [30/Mar/2025:23:48:53 -0400] "GET / HTTP/1.1" 200 77939 "-" "Mozilla/5.0 (Windows NT 10.0; Win64; x64) AppleWebKit/537.36 (KHTML, like Gecko) Chrome/131.0.0.0 Safari/537.36"
52.247.239.25 - - [30/Mar/2025:23:48:57 -0400] "GET /products/sw.js HTTP/1.1" 404 5943 "https://baernblog.com/" "Mozilla/5.0 (Windows NT 10.0; Win64; x64) AppleWebKit/537.36 (KHTML, like Gecko) Chrome/131.0.0.0 Safari/537.36"
52.247.239.25 - - [30/Mar/2025:23:49:00 -0400] "GET /react-dom.js HTTP/1.1" 404 5944 "https://baernblog.com/" "Mozilla/5.0 (Windows NT 10.0; Win64; x64) AppleWebKit/537.36 (KHTML, like Gecko) Chrome/131.0.0.0 Safari/537.36"
52.247.239.25 - - [30/Mar/2025:23:49:00 -0400] "GET /react.js HTTP/1.1" 404 5944 "https://baernblog.com/" "Mozilla/5.0 (Windows NT 10.0; Win64; x64) AppleWebKit/537.36 (KHTML, like Gecko) Chrome/131.0.0.0 Safari/537.36"
198.54.114.83 - - [30/Mar/2025:23:50:56 -0400] "POST /wp-admin/admin-ajax.php?action=async_litespeed&nonce=kdn6TPqodTvQEJFgBmxP2vqlY4xZskYU&litespeed_type=imgoptm HTTP/1.1" 200 5 "-" "WordPress/6.7.2; https://baernblog.com"
52.247.239.25 - - [30/Mar/2025:23:55:23 -0400] "GET / HTTP/1.1" 200 77939 "-" "Mozilla/5.0 (Windows NT 10.0; Win64; x64) AppleWebKit/537.36 (KHTML, like Gecko) Chrome/132.0.0.0 Safari/537.36"
52.247.239.25 - - [30/Mar/2025:23:55:27 -0400] "GET /products/sw.js HTTP/1.1" 404 5943 "https://baernblog.com/" "Mozilla/5.0 (Windows NT 10.0; Win64; x64) AppleWebKit/537.36 (KHTML, like Gecko) Chrome/132.0.0.0 Safari/537.36"
40.80.158.10 - - [31/Mar/2025:00:02:10 -0400] "GET / HTTP/1.1" 200 77939 "-" "Mozilla/5.0 (Windows NT 10.0; Win64; x64) AppleWebKit/537.36 (KHTML, like Gecko) Chrome/131.0.0.0 Safari/537.36"
40.80.158.10 - - [31/Mar/2025:00:02:14 -0400] "GET /products/sw.js HTTP/1.1" 404 5943 "https://baernblog.com/" "Mozilla/5.0 (Windows NT 10.0; Win64; x64) AppleWebKit/537.36 (KHTML, like Gecko) Chrome/131.0.0.0 Safari/537.36"
114.119.135.223 - - [31/Mar/2025:00:06:52 -0400] "GET /robots.txt HTTP/1.1" 304 0 "-" "Mozilla/5.0 (compatible;PetalBot;+https://webmaster.petalsearch.com/site/petalbot)"
52.247.239.25 - - [31/Mar/2025:00:07:01 -0400] "GET / HTTP/1.1" 200 77939 "-" "Mozilla/5.0 (Windows NT 10.0; Win64; x64) AppleWebKit/537.36 (KHTML, like Gecko) Chrome/132.0.0.0 Safari/537.36"
52.247.239.25 - - [31/Mar/2025:00:07:06 -0400] "GET /products/sw.js HTTP/1.1" 404 5943 "https://baernblog.com/" "Mozilla/5.0 (Windows NT 10.0; Win64; x64) AppleWebKit/537.36 (KHTML, like Gecko) Chrome/132.0.0.0 Safari/537.36"
52.247.239.25 - - [31/Mar/2025:00:07:07 -0400] "GET /react.js HTTP/1.1" 404 5944 "https://baernblog.com/" "Mozilla/5.0 (Windows NT 10.0; Win64; x64) AppleWebKit/537.36 (KHTML, like Gecko) Chrome/132.0.0.0 Safari/537.36"
52.247.239.25 - - [31/Mar/2025:00:07:07 -0400] "GET /react-dom.js HTTP/1.1" 404 5944 "https://baernblog.com/" "Mozilla/5.0 (Windows NT 10.0; Win64; x64) AppleWebKit/537.36 (KHTML, like Gecko) Chrome/132.0.0.0 Safari/537.36"
83.217.213.120 - - [31/Mar/2025:00:11:18 -0400] "GET /cbd-oil-for-anxiety-uk-a-conclusive-account/ HTTP/1.1" 200 11126 "https://baernblog.com/cbd-oil-for-anxiety-uk-a-conclusive-account/#comment-15370/" "Mozilla/5.0 (Windows NT 10.0; Win64; x64) AppleWebKit/537.36 (KHTML, like Gecko) Chrome/131.0.0.0 Safari/537.36"
198.54.114.83 - - [31/Mar/2025:00:11:21 -0400] "POST /wp-cron.php?doing_wp_cron=1743394281.6051249504089355468750 HTTP/1.1" 200 0 "-" "WordPress/6.7.2; https://baernblog.com"
54.36.148.177 - - [31/Mar/2025:00:11:21 -0400] "GET /sitemap_index.xml HTTP/1.1" 200 292 "-" "Mozilla/5.0 (compatible; AhrefsBot/7.0; +http://ahrefs.com/robot/)"
83.217.213.120 - - [31/Mar/2025:00:11:19 -0400] "POST /wp-comments-post.php HTTP/1.1" 302 0 "https://baernblog.com/cbd-oil-for-anxiety-uk-a-conclusive-account/#comment-15370/" "Mozilla/5.0 (Windows NT 10.0; Win64; x64) AppleWebKit/537.36 (KHTML, like Gecko) Chrome/131.0.0.0 Safari/537.36"
198.54.114.83 - - [31/Mar/2025:00:11:22 -0400] "POST /wp-admin/admin-ajax.php?action=async_litespeed&nonce=5M6spmXMUhVYRdb96Aeety9LEmQqzdX2&litespeed_type=imgoptm HTTP/1.1" 200 5 "-" "WordPress/6.7.2; https://baernblog.com"
83.217.213.120 - - [31/Mar/2025:00:11:23 -0400] "GET /cbd-oil-for-anxiety-uk-a-conclusive-account/ HTTP/1.1" 200 13519 "https://baernblog.com/cbd-oil-for-anxiety-uk-a-conclusive-account/#comment-22441" "Mozilla/5.0 (Windows NT 10.0; Win64; x64) AppleWebKit/537.36 (KHTML, like Gecko) Chrome/131.0.0.0 Safari/537.36"
54.36.148.152 - - [31/Mar/2025:00:11:23 -0400] "GET /post-sitemap.xml HTTP/1.1" 200 25403 "-" "Mozilla/5.0 (compatible; AhrefsBot/7.0; +http://ahrefs.com/robot/)"
54.36.148.98 - - [31/Mar/2025:00:11:26 -0400] "GET /post-sitemap2.xml HTTP/1.1" 200 5746 "-" "Mozilla/5.0 (compatible; AhrefsBot/7.0; +http://ahrefs.com/robot/)"
54.36.148.15 - - [31/Mar/2025:00:11:30 -0400] "GET /page-sitemap.xml HTTP/1.1" 200 345 "-" "Mozilla/5.0 (compatible; AhrefsBot/7.0; +http://ahrefs.com/robot/)"
54.36.148.152 - - [31/Mar/2025:00:11:32 -0400] "GET /category-sitemap.xml HTTP/1.1" 200 343 "-" "Mozilla/5.0 (compatible; AhrefsBot/7.0; +http://ahrefs.com/robot/)"
83.217.213.120 - - [31/Mar/2025:00:11:46 -0400] "GET /cbd-oil-for-anxiety-uk-a-conclusive-account/ HTTP/1.1" 200 11126 "https://baernblog.com/cbd-oil-for-anxiety-uk-a-conclusive-account/#comment-15370/" "Mozilla/5.0 (Windows NT 10.0; Win64; x64) AppleWebKit/537.36 (KHTML, like Gecko) Chrome/129.0.0.0 Safari/537.36"
83.217.213.120 - - [31/Mar/2025:00:11:47 -0400] "GET /cbd-oil-for-anxiety-uk-a-conclusive-account/ HTTP/1.1" 200 11126 "https://baernblog.com/cbd-oil-for-anxiety-uk-a-conclusive-account/#comment-15370/" "Mozilla/5.0 (Windows NT 10.0; Win64; x64) AppleWebKit/537.36 (KHTML, like Gecko) Chrome/130.0.0.0 Safari/537.36 CCleaner/130.0.0.0"
83.217.213.120 - - [31/Mar/2025:00:11:47 -0400] "POST /wp-comments-post.php HTTP/1.1" 302 0 "https://baernblog.com/cbd-oil-for-anxiety-uk-a-conclusive-account/#comment-15370/" "Mozilla/5.0 (Windows NT 10.0; Win64; x64) AppleWebKit/537.36 (KHTML, like Gecko) Chrome/129.0.0.0 Safari/537.36"
83.217.213.120 - - [31/Mar/2025:00:11:48 -0400] "POST /wp-comments-post.php HTTP/1.1" 429 982 "https://baernblog.com/cbd-oil-for-anxiety-uk-a-conclusive-account/#comment-15370/" "Mozilla/5.0 (Windows NT 10.0; Win64; x64) AppleWebKit/537.36 (KHTML, like Gecko) Chrome/130.0.0.0 Safari/537.36 CCleaner/130.0.0.0"
83.217.213.120 - - [31/Mar/2025:00:11:48 -0400] "GET /cbd-oil-for-anxiety-uk-a-conclusive-account/ HTTP/1.1" 200 14521 "https://baernblog.com/cbd-oil-for-anxiety-uk-a-conclusive-account/#comment-22442" "Mozilla/5.0 (Windows NT 10.0; Win64; x64) AppleWebKit/537.36 (KHTML, like Gecko) Chrome/129.0.0.0 Safari/537.36"
198.54.114.83 - - [31/Mar/2025:00:12:30 -0400] "POST /wp-admin/admin-ajax.php?action=async_litespeed&nonce=YDQJEiOWOs1wrh6b5sS9C2p94KufbUnw&litespeed_type=imgoptm HTTP/1.1" 200 5 "-" "WordPress/6.7.2; https://baernblog.com"
198.54.114.83 - - [31/Mar/2025:00:17:21 -0400] "POST /wp-admin/admin-ajax.php?action=async_litespeed&nonce=X6QQSyn7zHI7v9LP3vmhreUzcV9v2KdA&litespeed_type=imgoptm HTTP/1.1" 200 5 "-" "WordPress/6.7.2; https://baernblog.com"
198.54.114.83 - - [31/Mar/2025:00:18:03 -0400] "POST /wp-admin/admin-ajax.php?action=async_litespeed&nonce=acB1yxHc7V0IC1fVK6DueYUPvJE6cnot&litespeed_type=imgoptm HTTP/1.1" 200 5 "-" "WordPress/6.7.2; https://baernblog.com"
