58.254.68.93 - - [01/Apr/2025:05:55:42 -0400] "POST /wp-comments-post.php HTTP/1.1" 302 0 "https://baernblog.com" "Mozilla/5.0 (Windows NT 10.0; Win64; x64) AppleWebKit/537.36 (KHTML, like Gecko) Chrome/62.0.3202.94 Safari/537.36"
58.254.68.93 - - [01/Apr/2025:05:55:53 -0400] "GET /how-to-choose-an-outdoor-led-screen/ HTTP/1.1" 200 11807 "https://baernblog.com" "Mozilla/4.0 (compatible; MSIE 6.0; Windows NT 5.1; en) Opera 8.50"
54.36.148.130 - - [01/Apr/2025:05:56:11 -0400] "GET /choosing-front-doors-bridgend/ HTTP/1.1" 200 10532 "-" "Mozilla/5.0 (compatible; AhrefsBot/7.0; +http://ahrefs.com/robot/)"
198.54.114.83 - - [01/Apr/2025:05:56:14 -0400] "POST /wp-cron.php?doing_wp_cron=1743501372.3187220096588134765625 HTTP/1.1" 200 0 "-" "WordPress/6.7.2; https://baernblog.com"
69.10.52.140 - - [01/Apr/2025:05:57:01 -0400] "POST /xmlrpc.php HTTP/1.1" 200 205 "-" "Mozilla/5.0 (X11; Fedora; Linux x86_64; rv:94.0) Gecko/20100101 Firefox/95.0"
198.54.114.83 - - [01/Apr/2025:05:57:37 -0400] "POST /wp-cron.php?doing_wp_cron=1743501457.3036150932312011718750 HTTP/1.1" 200 0 "-" "WordPress/6.7.2; https://baernblog.com"
198.54.114.83 - - [01/Apr/2025:05:57:38 -0400] "POST /wp-admin/admin-ajax.php?action=async_litespeed&nonce=xAQ2k7iQWvDEIgOMyHksGKAIfFBCifNg&litespeed_type=imgoptm HTTP/1.1" 200 5 "-" "WordPress/6.7.2; https://baernblog.com"
54.36.148.12 - - [01/Apr/2025:05:57:36 -0400] "GET /cbd-gummies-uk/ HTTP/1.1" 200 10995 "-" "Mozilla/5.0 (compatible; AhrefsBot/7.0; +http://ahrefs.com/robot/)"
198.54.114.83 - - [01/Apr/2025:05:59:23 -0400] "POST /wp-cron.php?doing_wp_cron=1743501563.5096271038055419921875 HTTP/1.1" 200 0 "-" "WordPress/6.7.2; https://baernblog.com"
54.36.148.186 - - [01/Apr/2025:05:59:19 -0400] "GET /page/26/ HTTP/1.1" 200 9139 "-" "Mozilla/5.0 (compatible; AhrefsBot/7.0; +http://ahrefs.com/robot/)"
198.54.114.83 - - [01/Apr/2025:05:59:24 -0400] "POST /wp-admin/admin-ajax.php?action=async_litespeed&nonce=6UwFGdy5gXHQn2KccwhYcZKO6SxS1M5F&litespeed_type=imgoptm HTTP/1.1" 200 0 "-" "WordPress/6.7.2; https://baernblog.com"
58.254.68.93 - - [01/Apr/2025:06:01:12 -0400] "GET /the-history-of-birthday-cakes/ HTTP/1.1" 200 11100 "https://baernblog.com" "Mozilla/5.0 (Windows NT 10.0; Win64; x64) AppleWebKit/537.36 (KHTML, like Gecko) Chrome/62.0.3202.94 Safari/537.36"
198.54.114.83 - - [01/Apr/2025:06:01:17 -0400] "POST /wp-cron.php?doing_wp_cron=1743501677.3897399902343750000000 HTTP/1.1" 200 0 "-" "WordPress/6.7.2; https://baernblog.com"
198.54.114.83 - - [01/Apr/2025:06:01:18 -0400] "POST /wp-admin/admin-ajax.php?action=async_litespeed&nonce=Nwjb6PWbKxeU56UInqOqbucpbVXnZBwi&litespeed_type=imgoptm HTTP/1.1" 200 0 "-" "WordPress/6.7.2; https://baernblog.com"
58.254.68.93 - - [01/Apr/2025:06:01:14 -0400] "POST /wp-comments-post.php HTTP/1.1" 302 0 "https://baernblog.com" "Mozilla/5.0 (Windows NT 10.0; Win64; x64) AppleWebKit/537.36 (KHTML, like Gecko) Chrome/62.0.3202.94 Safari/537.36"
58.254.68.93 - - [01/Apr/2025:06:01:23 -0400] "GET /the-history-of-birthday-cakes/ HTTP/1.1" 200 11827 "https://baernblog.com" "Mozilla/4.0 (compatible; MSIE 6.0; Windows NT 5.1; en) Opera 8.50"
3.15.211.199 - - [01/Apr/2025:06:02:28 -0400] "GET /robots.txt HTTP/1.1" 304 0 "-" "Mozilla/5.0 AppleWebKit/537.36 (KHTML, like Gecko; compatible; ClaudeBot/1.0; +claudebot@anthropic.com)"
198.54.114.83 - - [01/Apr/2025:06:02:29 -0400] "POST /wp-cron.php?doing_wp_cron=1743501749.1493771076202392578125 HTTP/1.1" 200 0 "-" "WordPress/6.7.2; https://baernblog.com"
3.15.211.199 - - [01/Apr/2025:06:02:28 -0400] "GET /wp-json/wp/v2/posts/1700 HTTP/1.1" 200 8867 "-" "Mozilla/5.0 AppleWebKit/537.36 (KHTML, like Gecko; compatible; ClaudeBot/1.0; +claudebot@anthropic.com)"
198.54.114.83 - - [01/Apr/2025:06:02:30 -0400] "POST /wp-admin/admin-ajax.php?action=async_litespeed&nonce=x6nwhouFBXT5ZuIOkauLRbNb9ImS8y0Q&litespeed_type=imgoptm HTTP/1.1" 200 5 "-" "WordPress/6.7.2; https://baernblog.com"
198.54.114.83 - - [01/Apr/2025:06:03:37 -0400] "POST /wp-admin/admin-ajax.php?action=async_litespeed&nonce=yKECBfhPo1xL17VKUg6Um77Pft8qkzjX&litespeed_type=imgoptm HTTP/1.1" 200 5 "-" "WordPress/6.7.2; https://baernblog.com"
43.134.29.139 - - [01/Apr/2025:06:03:39 -0400] "GET /how-to-get-vyvanse-prescription-online/ HTTP/1.1" 200 11753 "https://baernblog.com" "Mozilla/4.0 (compatible; MSIE 6.0; Windows NT 5.1; en) Opera 8.50"
103.97.126.116 - - [01/Apr/2025:06:06:39 -0400] "POST /xmlrpc.php HTTP/1.1" 200 205 "-" "Mozilla/5.0 (X11; Fedora; Linux x86_64; rv:94.0) Gecko/20100101 Firefox/95.0"
198.54.114.83 - - [01/Apr/2025:06:06:47 -0400] "POST /wp-cron.php?doing_wp_cron=1743502005.4278481006622314453125 HTTP/1.1" 200 0 "-" "WordPress/6.7.2; https://baernblog.com"
112.92.70.120 - - [01/Apr/2025:06:09:12 -0400] "GET /the-benefits-of-managed-investing/ HTTP/1.1" 200 10958 "https://baernblog.com" "Mozilla/5.0 (Windows NT 10.0; Win64; x64) AppleWebKit/537.36 (KHTML, like Gecko) Chrome/62.0.3202.94 Safari/537.36"
198.54.114.83 - - [01/Apr/2025:06:09:17 -0400] "POST /wp-cron.php?doing_wp_cron=1743502156.8857390880584716796875 HTTP/1.1" 200 0 "-" "WordPress/6.7.2; https://baernblog.com"
112.92.70.120 - - [01/Apr/2025:06:09:13 -0400] "POST /wp-comments-post.php HTTP/1.1" 302 0 "https://baernblog.com" "Mozilla/5.0 (Windows NT 10.0; Win64; x64) AppleWebKit/537.36 (KHTML, like Gecko) Chrome/62.0.3202.94 Safari/537.36"
198.54.114.83 - - [01/Apr/2025:06:09:17 -0400] "POST /wp-admin/admin-ajax.php?action=async_litespeed&nonce=7btMa3F9HVGUieggcl9lGvcKeBwXjqnC&litespeed_type=imgoptm HTTP/1.1" 200 5 "-" "WordPress/6.7.2; https://baernblog.com"
112.92.70.120 - - [01/Apr/2025:06:09:20 -0400] "GET /the-benefits-of-managed-investing/ HTTP/1.1" 200 11719 "https://baernblog.com" "Mozilla/4.0 (compatible; MSIE 6.0; Windows NT 5.1; en) Opera 8.50"
198.54.114.83 - - [01/Apr/2025:06:14:25 -0400] "POST /wp-cron.php?doing_wp_cron=1743502464.6886849403381347656250 HTTP/1.1" 200 0 "-" "WordPress/6.7.2; https://baernblog.com"
18.189.145.188 - - [01/Apr/2025:06:14:20 -0400] "GET /instagram-account-freeze-link HTTP/1.1" 301 0 "-" "Mozilla/5.0 AppleWebKit/537.36 (KHTML, like Gecko; compatible; ClaudeBot/1.0; +claudebot@anthropic.com)"
18.189.145.188 - - [01/Apr/2025:06:14:26 -0400] "GET /instagram-account-freeze-link/ HTTP/1.1" 200 10049 "https://baernblog.com/instagram-account-freeze-link" "Mozilla/5.0 AppleWebKit/537.36 (KHTML, like Gecko; compatible; ClaudeBot/1.0; +claudebot@anthropic.com)"
198.54.114.83 - - [01/Apr/2025:06:17:14 -0400] "POST /wp-cron.php?doing_wp_cron=1743502633.7940111160278320312500 HTTP/1.1" 200 0 "-" "WordPress/6.7.2; https://baernblog.com"
139.155.172.226 - - [01/Apr/2025:06:17:10 -0400] "POST /xmlrpc.php HTTP/1.1" 200 205 "-" "Mozilla/5.0 (X11; Fedora; Linux x86_64; rv:94.0) Gecko/20100101 Firefox/95.0"
198.54.114.83 - - [01/Apr/2025:06:17:20 -0400] "POST /wp-admin/admin-ajax.php?action=async_litespeed&nonce=ljTk0P4Gkj9UYghYaErARdhEOmBNcFis&litespeed_type=imgoptm HTTP/1.1" 200 0 "-" "WordPress/6.7.2; https://baernblog.com"
3.212.219.113 - - [01/Apr/2025:06:17:39 -0400] "GET /page/12/ HTTP/1.1" 200 9970 "-" "Mozilla/5.0 AppleWebKit/537.36 (KHTML, like Gecko; compatible; Amazonbot/0.1; +https://developer.amazon.com/support/amazonbot) Chrome/119.0.6045.214 Safari/537.36"
198.54.114.83 - - [01/Apr/2025:06:26:52 -0400] "POST /wp-cron.php?doing_wp_cron=1743503211.4425640106201171875000 HTTP/1.1" 200 0 "-" "WordPress/6.7.2; https://baernblog.com"
120.77.84.25 - - [01/Apr/2025:06:26:47 -0400] "POST /xmlrpc.php HTTP/1.1" 200 205 "-" "Mozilla/5.0 (X11; Fedora; Linux x86_64; rv:94.0) Gecko/20100101 Firefox/95.0"
198.54.114.83 - - [01/Apr/2025:06:26:58 -0400] "POST /wp-admin/admin-ajax.php?action=async_litespeed&nonce=qwCjqYB2xYudXMMINYw4j0nDBL4NS5ER&litespeed_type=imgoptm HTTP/1.1" 200 0 "-" "WordPress/6.7.2; https://baernblog.com"
185.191.171.17 - - [01/Apr/2025:06:27:30 -0400] "GET /robots.txt HTTP/1.1" 304 0 "-" "Mozilla/5.0 (compatible; SemrushBot/7~bl; +http://www.semrush.com/bot.html)"
198.54.114.83 - - [01/Apr/2025:06:27:32 -0400] "POST /wp-cron.php?doing_wp_cron=1743503251.7608919143676757812500 HTTP/1.1" 200 0 "-" "WordPress/6.7.2; https://baernblog.com"
85.208.96.207 - - [01/Apr/2025:06:27:31 -0400] "GET /what-does-an-attorney-do/ HTTP/1.1" 200 11139 "-" "Mozilla/5.0 (compatible; SemrushBot/7~bl; +http://www.semrush.com/bot.html)"
112.92.70.120 - - [01/Apr/2025:06:29:03 -0400] "GET /how-to-get-vyvanse-prescription-online/ HTTP/1.1" 200 11054 "https://baernblog.com" "Mozilla/5.0 (Windows NT 10.0; Win64; x64) AppleWebKit/537.36 (KHTML, like Gecko) Chrome/62.0.3202.94 Safari/537.36"
198.54.114.83 - - [01/Apr/2025:06:29:11 -0400] "POST /wp-cron.php?doing_wp_cron=1743503350.9079999923706054687500 HTTP/1.1" 200 0 "-" "WordPress/6.7.2; https://baernblog.com"
112.92.70.120 - - [01/Apr/2025:06:29:06 -0400] "POST /wp-comments-post.php HTTP/1.1" 200 0 "https://baernblog.com" "Mozilla/5.0 (Windows NT 10.0; Win64; x64) AppleWebKit/537.36 (KHTML, like Gecko) Chrome/62.0.3202.94 Safari/537.36"
198.54.114.83 - - [01/Apr/2025:06:29:12 -0400] "POST /wp-admin/admin-ajax.php?action=async_litespeed&nonce=hw6xziR2dxpBLiyIENcmOEscOTSrCBDn&litespeed_type=imgoptm HTTP/1.1" 200 0 "-" "WordPress/6.7.2; https://baernblog.com"
34.213.178.66 - - [01/Apr/2025:06:31:28 -0400] "GET / HTTP/1.1" 200 77939 "-" "Mozilla/5.0 (X11; Linux x86_64) AppleWebKit/537.36 (KHTML, like Gecko) Chrome/83.0.4103.97 Safari/537.36"
18.119.255.198 - - [01/Apr/2025:06:35:39 -0400] "GET /digital-business-card-app/feed HTTP/1.1" 301 0 "-" "Mozilla/5.0 AppleWebKit/537.36 (KHTML, like Gecko; compatible; ClaudeBot/1.0; +claudebot@anthropic.com)"
198.54.114.83 - - [01/Apr/2025:06:35:46 -0400] "POST /wp-cron.php?doing_wp_cron=1743503745.1479649543762207031250 HTTP/1.1" 200 0 "-" "WordPress/6.7.2; https://baernblog.com"
18.119.255.198 - - [01/Apr/2025:06:35:47 -0400] "GET /digital-business-card-app/feed/ HTTP/1.1" 200 0 "https://baernblog.com/digital-business-card-app/feed" "Mozilla/5.0 AppleWebKit/537.36 (KHTML, like Gecko; compatible; ClaudeBot/1.0; +claudebot@anthropic.com)"
45.148.10.174 - - [01/Apr/2025:06:36:35 -0400] "GET /gambling-101/?code/npm/@ali/lzd-h5-utils-qs/0_1_11/index_js HTTP/1.1" 200 10932 "-" "Mozilla/5.0 (Macintosh; Intel Mac OS X 10_15_7) AppleWebKit/537.36 Chrome/120.0.0.0"
66.249.64.10 - - [01/Apr/2025:06:36:44 -0400] "GET /robots.txt HTTP/1.1" 200 108 "-" "Mozilla/5.0 (compatible; Googlebot/2.1; +http://www.google.com/bot.html)"
66.249.64.11 - - [01/Apr/2025:06:36:45 -0400] "GET /deep-cleaning-services/ HTTP/1.1" 200 11078 "-" "Mozilla/5.0 (Linux; Android 6.0.1; Nexus 5X Build/MMB29P) AppleWebKit/537.36 (KHTML, like Gecko) Chrome/99.0.4844.84 Mobile Safari/537.36 (compatible; Googlebot/2.1; +http://www.google.com/bot.html)"
66.249.64.11 - - [01/Apr/2025:06:36:46 -0400] "GET /deep-cleaning-services/ HTTP/1.1" 200 11078 "-" "Mozilla/5.0 (compatible; Googlebot/2.1; +http://www.google.com/bot.html)"
198.54.114.83 - - [01/Apr/2025:06:37:25 -0400] "POST /wp-cron.php?doing_wp_cron=1743503844.5464780330657958984375 HTTP/1.1" 200 0 "-" "WordPress/6.7.2; https://baernblog.com"
8.218.212.177 - - [01/Apr/2025:06:37:24 -0400] "POST /xmlrpc.php HTTP/1.1" 200 205 "-" "Mozilla/5.0 (X11; Fedora; Linux x86_64; rv:94.0) Gecko/20100101 Firefox/95.0"
198.54.114.83 - - [01/Apr/2025:06:37:25 -0400] "POST /wp-admin/admin-ajax.php?action=async_litespeed&nonce=lh90fExK7XPw4QMgaj2o81yInkaQsF1Z&litespeed_type=imgoptm HTTP/1.1" 200 0 "-" "WordPress/6.7.2; https://baernblog.com"
18.225.98.71 - - [01/Apr/2025:06:38:01 -0400] "GET /house-cleaning-services-what-to-look-for HTTP/1.1" 301 0 "-" "Mozilla/5.0 AppleWebKit/537.36 (KHTML, like Gecko; compatible; ClaudeBot/1.0; +claudebot@anthropic.com)"
18.225.98.71 - - [01/Apr/2025:06:38:03 -0400] "GET /house-cleaning-services-what-to-look-for/ HTTP/1.1" 200 10972 "https://baernblog.com/house-cleaning-services-what-to-look-for" "Mozilla/5.0 AppleWebKit/537.36 (KHTML, like Gecko; compatible; ClaudeBot/1.0; +claudebot@anthropic.com)"
178.20.45.182 - - [01/Apr/2025:06:38:57 -0400] "GET /the-benefits-of-managed-investing/ HTTP/1.1" 200 10958 "https://baernblog.com/the-benefits-of-managed-investing/#comment-8139/" "Mozilla/5.0 (Windows NT 10.0; Win64; x64) AppleWebKit/537.36 (KHTML, like Gecko) Chrome/129.0.0.0 Safari/537.36"
198.54.114.83 - - [01/Apr/2025:06:39:03 -0400] "POST /wp-cron.php?doing_wp_cron=1743503942.5472118854522705078125 HTTP/1.1" 200 0 "-" "WordPress/6.7.2; https://baernblog.com"
178.20.45.182 - - [01/Apr/2025:06:39:01 -0400] "POST /wp-comments-post.php HTTP/1.1" 302 0 "https://baernblog.com/the-benefits-of-managed-investing/#comment-8139/" "Mozilla/5.0 (Windows NT 10.0; Win64; x64) AppleWebKit/537.36 (KHTML, like Gecko) Chrome/129.0.0.0 Safari/537.36"
198.54.114.83 - - [01/Apr/2025:06:39:08 -0400] "POST /wp-admin/admin-ajax.php?action=async_litespeed&nonce=H2j5D1574QmFtVE7LIJFmOHId3nWG3m1&litespeed_type=imgoptm HTTP/1.1" 200 0 "-" "WordPress/6.7.2; https://baernblog.com"
178.20.45.182 - - [01/Apr/2025:06:39:10 -0400] "GET /the-benefits-of-managed-investing/ HTTP/1.1" 200 14306 "https://baernblog.com/the-benefits-of-managed-investing/#comment-22546" "Mozilla/5.0 (Windows NT 10.0; Win64; x64) AppleWebKit/537.36 (KHTML, like Gecko) Chrome/129.0.0.0 Safari/537.36"
198.54.114.83 - - [01/Apr/2025:06:43:27 -0400] "POST /wp-admin/admin-ajax.php?action=async_litespeed&nonce=iTfcouBIwMeoUu7hy02vPNo5uzNZbEto&litespeed_type=imgoptm HTTP/1.1" 200 0 "-" "WordPress/6.7.2; https://baernblog.com"
112.92.70.120 - - [01/Apr/2025:06:45:39 -0400] "GET /the-benefits-of-managed-investing/ HTTP/1.1" 200 10958 "https://baernblog.com" "Mozilla/5.0 (Windows NT 10.0; Win64; x64) AppleWebKit/537.36 (KHTML, like Gecko) Chrome/62.0.3202.94 Safari/537.36"
198.54.114.83 - - [01/Apr/2025:06:45:47 -0400] "POST /wp-cron.php?doing_wp_cron=1743504346.4662570953369140625000 HTTP/1.1" 200 0 "-" "WordPress/6.7.2; https://baernblog.com"
198.54.114.83 - - [01/Apr/2025:06:45:48 -0400] "POST /wp-admin/admin-ajax.php?action=async_litespeed&nonce=0iUvBMT2KvEmUv6izwfSpJzEZab2iav3&litespeed_type=imgoptm HTTP/1.1" 200 0 "-" "WordPress/6.7.2; https://baernblog.com"
112.92.70.120 - - [01/Apr/2025:06:45:42 -0400] "POST /wp-comments-post.php HTTP/1.1" 302 0 "https://baernblog.com" "Mozilla/5.0 (Windows NT 10.0; Win64; x64) AppleWebKit/537.36 (KHTML, like Gecko) Chrome/62.0.3202.94 Safari/537.36"
198.54.114.83 - - [01/Apr/2025:06:47:33 -0400] "POST /wp-cron.php?doing_wp_cron=1743504451.7744789123535156250000 HTTP/1.1" 200 0 "-" "WordPress/6.7.2; https://baernblog.com"
101.132.97.62 - - [01/Apr/2025:06:47:26 -0400] "POST /xmlrpc.php HTTP/1.1" 200 205 "-" "Mozilla/5.0 (X11; Gentoo; Linux x86_64; rv:91.0) Gecko/20100101 Firefox/91.0"
178.20.45.182 - - [01/Apr/2025:06:49:00 -0400] "GET /the-benefits-of-managed-investing/ HTTP/1.1" 200 10958 "https://baernblog.com/the-benefits-of-managed-investing/#comment-8139/" "Mozilla/5.0 (Windows NT 10.0; Win64; x64) AppleWebKit/537.36 (KHTML, like Gecko) Chrome/130.0.0.0 Safari/537.36 CCleaner/130.0.0.0"
178.20.45.182 - - [01/Apr/2025:06:49:03 -0400] "POST /wp-comments-post.php HTTP/1.1" 302 0 "https://baernblog.com/the-benefits-of-managed-investing/#comment-8139/" "Mozilla/5.0 (Windows NT 10.0; Win64; x64) AppleWebKit/537.36 (KHTML, like Gecko) Chrome/130.0.0.0 Safari/537.36 CCleaner/130.0.0.0"
198.54.114.83 - - [01/Apr/2025:06:49:08 -0400] "POST /wp-cron.php?doing_wp_cron=1743504546.8758070468902587890625 HTTP/1.1" 200 0 "-" "WordPress/6.7.2; https://baernblog.com"
178.20.45.182 - - [01/Apr/2025:06:49:09 -0400] "GET /the-benefits-of-managed-investing/ HTTP/1.1" 200 13170 "https://baernblog.com/the-benefits-of-managed-investing/#comment-22548" "Mozilla/5.0 (Windows NT 10.0; Win64; x64) AppleWebKit/537.36 (KHTML, like Gecko) Chrome/130.0.0.0 Safari/537.36 CCleaner/130.0.0.0"
198.54.114.83 - - [01/Apr/2025:06:54:08 -0400] "POST /wp-cron.php?doing_wp_cron=1743504848.1487700939178466796875 HTTP/1.1" 200 0 "-" "WordPress/6.7.2; https://baernblog.com"
198.54.114.83 - - [01/Apr/2025:06:54:10 -0400] "POST /wp-admin/admin-ajax.php?action=async_litespeed&nonce=btr3xFiWf4Y5H4gfI0xmfNt5KSBJF01W&litespeed_type=imgoptm HTTP/1.1" 200 0 "-" "WordPress/6.7.2; https://baernblog.com"
54.36.148.113 - - [01/Apr/2025:06:54:03 -0400] "GET /socket-head-screw/ HTTP/1.1" 200 10145 "-" "Mozilla/5.0 (compatible; AhrefsBot/7.0; +http://ahrefs.com/robot/)"
198.54.114.83 - - [01/Apr/2025:06:55:36 -0400] "POST /wp-cron.php?doing_wp_cron=1743504935.7160780429840087890625 HTTP/1.1" 200 0 "-" "WordPress/6.7.2; https://baernblog.com"
54.36.149.61 - - [01/Apr/2025:06:55:35 -0400] "GET /how-to-calculate-the-cost-of-a-new-conservatory/ HTTP/1.1" 200 10907 "-" "Mozilla/5.0 (compatible; AhrefsBot/7.0; +http://ahrefs.com/robot/)"
198.54.114.83 - - [01/Apr/2025:06:55:42 -0400] "POST /wp-admin/admin-ajax.php?action=async_litespeed&nonce=Cn56hbqNaDqOKmtLz08FeXnrDkoqfQqs&litespeed_type=imgoptm HTTP/1.1" 200 0 "-" "WordPress/6.7.2; https://baernblog.com"
198.54.114.83 - - [01/Apr/2025:06:56:50 -0400] "POST /wp-cron.php?doing_wp_cron=1743505010.5642559528350830078125 HTTP/1.1" 200 0 "-" "WordPress/6.7.2; https://baernblog.com"
3.22.216.30 - - [01/Apr/2025:06:56:50 -0400] "GET /leaking-water-tank-repair HTTP/1.1" 301 0 "-" "Mozilla/5.0 AppleWebKit/537.36 (KHTML, like Gecko; compatible; ClaudeBot/1.0; +claudebot@anthropic.com)"
3.22.216.30 - - [01/Apr/2025:06:56:51 -0400] "GET /leaking-water-tank-repair/ HTTP/1.1" 200 9983 "https://baernblog.com/leaking-water-tank-repair" "Mozilla/5.0 AppleWebKit/537.36 (KHTML, like Gecko; compatible; ClaudeBot/1.0; +claudebot@anthropic.com)"
198.54.114.83 - - [01/Apr/2025:06:56:51 -0400] "POST /wp-admin/admin-ajax.php?action=async_litespeed&nonce=j87AFM2HhBIBY3haRlVRAiKH6zGl5Pz6&litespeed_type=imgoptm HTTP/1.1" 200 5 "-" "WordPress/6.7.2; https://baernblog.com"
198.54.114.83 - - [01/Apr/2025:06:57:08 -0400] "POST /wp-cron.php?doing_wp_cron=1743505028.2097430229187011718750 HTTP/1.1" 200 0 "-" "WordPress/6.7.2; https://baernblog.com"
198.54.114.83 - - [01/Apr/2025:06:57:09 -0400] "POST /wp-admin/admin-ajax.php?action=async_litespeed&nonce=z5L0zw3rE0rHypwnMsCw5HncaTT3rMr2&litespeed_type=imgoptm HTTP/1.1" 200 5 "-" "WordPress/6.7.2; https://baernblog.com"
54.36.148.43 - - [01/Apr/2025:06:57:07 -0400] "GET /best-truck-rental-services-of-2019/ HTTP/1.1" 200 10571 "-" "Mozilla/5.0 (compatible; AhrefsBot/7.0; +http://ahrefs.com/robot/)"
198.54.114.83 - - [01/Apr/2025:06:58:14 -0400] "POST /wp-cron.php?doing_wp_cron=1743505094.4019019603729248046875 HTTP/1.1" 200 0 "-" "WordPress/6.7.2; https://baernblog.com"
115.78.7.179 - - [01/Apr/2025:06:58:13 -0400] "POST /xmlrpc.php HTTP/1.1" 200 205 "-" "Mozilla/5.0 (X11; Fedora; Linux x86_64; rv:94.0) Gecko/20100101 Firefox/95.0"
198.54.114.83 - - [01/Apr/2025:06:58:21 -0400] "POST /wp-admin/admin-ajax.php?action=async_litespeed&nonce=8ShsaxuHT0dtwBSWuaQCdXWlT3t6qLq2&litespeed_type=imgoptm HTTP/1.1" 200 0 "-" "WordPress/6.7.2; https://baernblog.com"
54.36.148.137 - - [01/Apr/2025:06:58:29 -0400] "GET /leaking-water-tank-repair/ HTTP/1.1" 200 9983 "-" "Mozilla/5.0 (compatible; AhrefsBot/7.0; +http://ahrefs.com/robot/)"
54.36.148.109 - - [01/Apr/2025:07:00:16 -0400] "GET /fitness-facilities/ HTTP/1.1" 200 10049 "-" "Mozilla/5.0 (compatible; AhrefsBot/7.0; +http://ahrefs.com/robot/)"
198.54.114.83 - - [01/Apr/2025:07:00:25 -0400] "POST /wp-cron.php?doing_wp_cron=1743505221.7910809516906738281250 HTTP/1.1" 200 0 "-" "WordPress/6.7.2; https://baernblog.com"
198.54.114.83 - - [01/Apr/2025:07:01:54 -0400] "POST /wp-cron.php?doing_wp_cron=1743505312.6522650718688964843750 HTTP/1.1" 200 0 "-" "WordPress/6.7.2; https://baernblog.com"
54.36.148.229 - - [01/Apr/2025:07:01:48 -0400] "GET /unlocking-the-potential-of-quantum-healing-therapy/ HTTP/1.1" 200 11656 "-" "Mozilla/5.0 (compatible; AhrefsBot/7.0; +http://ahrefs.com/robot/)"
195.2.75.216 - - [01/Apr/2025:07:02:54 -0400] "GET /cbd-oil-for-anxiety-uk-a-conclusive-account/ HTTP/1.1" 200 11126 "https://baernblog.com/cbd-oil-for-anxiety-uk-a-conclusive-account/#comment-15370/" "Mozilla/5.0 (Windows NT 10.0; Win64; x64) AppleWebKit/537.36 (KHTML, like Gecko) Chrome/130.0.0.0 Safari/537.36 CCleaner/130.0.0.0"
198.54.114.83 - - [01/Apr/2025:07:02:57 -0400] "POST /wp-cron.php?doing_wp_cron=1743505377.3069009780883789062500 HTTP/1.1" 200 0 "-" "WordPress/6.7.2; https://baernblog.com"
195.2.75.216 - - [01/Apr/2025:07:02:56 -0400] "POST /wp-comments-post.php HTTP/1.1" 302 0 "https://baernblog.com/cbd-oil-for-anxiety-uk-a-conclusive-account/#comment-15370/" "Mozilla/5.0 (Windows NT 10.0; Win64; x64) AppleWebKit/537.36 (KHTML, like Gecko) Chrome/130.0.0.0 Safari/537.36 CCleaner/130.0.0.0"
195.2.75.216 - - [01/Apr/2025:07:03:01 -0400] "GET /cbd-oil-for-anxiety-uk-a-conclusive-account/ HTTP/1.1" 200 16982 "https://baernblog.com/cbd-oil-for-anxiety-uk-a-conclusive-account/#comment-22549" "Mozilla/5.0 (Windows NT 10.0; Win64; x64) AppleWebKit/537.36 (KHTML, like Gecko) Chrome/130.0.0.0 Safari/537.36 CCleaner/130.0.0.0"
198.54.114.83 - - [01/Apr/2025:07:03:04 -0400] "POST /wp-admin/admin-ajax.php?action=async_litespeed&nonce=SUtNK0UReen5raRSN4WWefzFAJ9XFlY9&litespeed_type=imgoptm HTTP/1.1" 200 0 "-" "WordPress/6.7.2; https://baernblog.com"
54.36.148.157 - - [01/Apr/2025:07:03:18 -0400] "GET /nusa-penida-one/ HTTP/1.1" 200 10018 "-" "Mozilla/5.0 (compatible; AhrefsBot/7.0; +http://ahrefs.com/robot/)"
3.128.29.244 - - [01/Apr/2025:07:03:58 -0400] "GET /robots.txt HTTP/1.1" 304 0 "-" "Mozilla/5.0 AppleWebKit/537.36 (KHTML, like Gecko; compatible; ClaudeBot/1.0; +claudebot@anthropic.com)"
3.128.29.244 - - [01/Apr/2025:07:04:03 -0400] "GET /moderne-hangelampen-die-perfekte-verbindung-von-stil-und-funktionalitat HTTP/1.1" 301 0 "-" "Mozilla/5.0 AppleWebKit/537.36 (KHTML, like Gecko; compatible; ClaudeBot/1.0; +claudebot@anthropic.com)"
198.54.114.83 - - [01/Apr/2025:07:04:08 -0400] "POST /wp-cron.php?doing_wp_cron=1743505443.8515179157257080078125 HTTP/1.1" 200 0 "-" "WordPress/6.7.2; https://baernblog.com"
3.128.29.244 - - [01/Apr/2025:07:04:10 -0400] "GET /moderne-hangelampen-die-perfekte-verbindung-von-stil-und-funktionalitat/ HTTP/1.1" 200 0 "https://baernblog.com/moderne-hangelampen-die-perfekte-verbindung-von-stil-und-funktionalitat" "Mozilla/5.0 AppleWebKit/537.36 (KHTML, like Gecko; compatible; ClaudeBot/1.0; +claudebot@anthropic.com)"
54.36.148.249 - - [01/Apr/2025:07:04:51 -0400] "GET /unlocking-success-a-comprehensive-guide-on-how-to-grow-your-youtube-subscribers/ HTTP/1.1" 200 11137 "-" "Mozilla/5.0 (compatible; AhrefsBot/7.0; +http://ahrefs.com/robot/)"
198.54.114.83 - - [01/Apr/2025:07:06:38 -0400] "POST /wp-cron.php?doing_wp_cron=1743505598.3377790451049804687500 HTTP/1.1" 200 0 "-" "WordPress/6.7.2; https://baernblog.com"
54.36.149.89 - - [01/Apr/2025:07:06:34 -0400] "GET /fire-and-flood-restoration/ HTTP/1.1" 200 10538 "-" "Mozilla/5.0 (compatible; AhrefsBot/7.0; +http://ahrefs.com/robot/)"
198.54.114.83 - - [01/Apr/2025:07:06:44 -0400] "POST /wp-admin/admin-ajax.php?action=async_litespeed&nonce=Ii05GWJd3bzXzeawW5TaWbmBbo1SmhAE&litespeed_type=imgoptm HTTP/1.1" 200 0 "-" "WordPress/6.7.2; https://baernblog.com"
198.54.114.83 - - [01/Apr/2025:07:08:08 -0400] "POST /wp-cron.php?doing_wp_cron=1743505688.5902419090270996093750 HTTP/1.1" 200 0 "-" "WordPress/6.7.2; https://baernblog.com"
198.54.114.83 - - [01/Apr/2025:07:08:09 -0400] "POST /wp-admin/admin-ajax.php?action=async_litespeed&nonce=FELQhq7457f3MB1vZ1ueMPkq3bldet7k&litespeed_type=imgoptm HTTP/1.1" 200 0 "-" "WordPress/6.7.2; https://baernblog.com"
54.36.148.224 - - [01/Apr/2025:07:08:07 -0400] "GET /the-rise-of-gpu-cloud-services-transforming-computing-power/ HTTP/1.1" 200 10477 "-" "Mozilla/5.0 (compatible; AhrefsBot/7.0; +http://ahrefs.com/robot/)"
198.54.114.83 - - [01/Apr/2025:07:08:29 -0400] "POST /wp-cron.php?doing_wp_cron=1743505709.4780919551849365234375 HTTP/1.1" 200 0 "-" "WordPress/6.7.2; https://baernblog.com"
45.67.14.5 - - [01/Apr/2025:07:08:28 -0400] "POST /xmlrpc.php HTTP/1.1" 200 205 "-" "Mozilla/5.0 (X11; Fedora; Linux x86_64; rv:94.0) Gecko/20100101 Firefox/95.0"
198.54.114.83 - - [01/Apr/2025:07:09:42 -0400] "POST /wp-cron.php?doing_wp_cron=1743505781.9185049533843994140625 HTTP/1.1" 200 0 "-" "WordPress/6.7.2; https://baernblog.com"
198.54.114.83 - - [01/Apr/2025:07:09:43 -0400] "POST /wp-admin/admin-ajax.php?action=async_litespeed&nonce=oE4BL6arLB1TanfzHjH2bzQTbJSGBDeL&litespeed_type=imgoptm HTTP/1.1" 200 0 "-" "WordPress/6.7.2; https://baernblog.com"
54.36.148.3 - - [01/Apr/2025:07:09:41 -0400] "GET /assurer-le-bien-etre-bucco-dentaire-avec-une-hygieniste-a-geneve/ HTTP/1.1" 200 11024 "-" "Mozilla/5.0 (compatible; AhrefsBot/7.0; +http://ahrefs.com/robot/)"
198.54.114.83 - - [01/Apr/2025:07:11:21 -0400] "POST /wp-cron.php?doing_wp_cron=1743505880.9953789710998535156250 HTTP/1.1" 200 0 "-" "WordPress/6.7.2; https://baernblog.com"
54.36.148.27 - - [01/Apr/2025:07:11:16 -0400] "GET /should-you-buy-a-new-car-extended-warranty/ HTTP/1.1" 200 11011 "-" "Mozilla/5.0 (compatible; AhrefsBot/7.0; +http://ahrefs.com/robot/)"
198.54.114.83 - - [01/Apr/2025:07:11:22 -0400] "POST /wp-admin/admin-ajax.php?action=async_litespeed&nonce=bwj5zc7V7d9f34QtPVqmeQpmr46JKdUj&litespeed_type=imgoptm HTTP/1.1" 200 0 "-" "WordPress/6.7.2; https://baernblog.com"
198.54.114.83 - - [01/Apr/2025:07:13:14 -0400] "POST /wp-cron.php?doing_wp_cron=1743505993.5050420761108398437500 HTTP/1.1" 200 0 "-" "WordPress/6.7.2; https://baernblog.com"
54.36.148.52 - - [01/Apr/2025:07:13:08 -0400] "GET /review-of-ping-hoofer-c-1-golf-carry-bag/ HTTP/1.1" 200 12496 "-" "Mozilla/5.0 (compatible; AhrefsBot/7.0; +http://ahrefs.com/robot/)"
198.54.114.83 - - [01/Apr/2025:07:13:16 -0400] "POST /wp-admin/admin-ajax.php?action=async_litespeed&nonce=RoSecKpXOuxatlSm1ttMm5u8osTFZiqz&litespeed_type=imgoptm HTTP/1.1" 200 0 "-" "WordPress/6.7.2; https://baernblog.com"
58.254.68.93 - - [01/Apr/2025:07:14:14 -0400] "GET /the-benefits-of-managed-investing/ HTTP/1.1" 200 10958 "https://baernblog.com" "Mozilla/5.0 (Windows NT 10.0; Win64; x64) AppleWebKit/537.36 (KHTML, like Gecko) Chrome/62.0.3202.94 Safari/537.36"
198.54.114.83 - - [01/Apr/2025:07:14:17 -0400] "POST /wp-cron.php?doing_wp_cron=1743506057.2158539295196533203125 HTTP/1.1" 200 0 "-" "WordPress/6.7.2; https://baernblog.com"
58.254.68.93 - - [01/Apr/2025:07:14:16 -0400] "POST /wp-comments-post.php HTTP/1.1" 302 0 "https://baernblog.com" "Mozilla/5.0 (Windows NT 10.0; Win64; x64) AppleWebKit/537.36 (KHTML, like Gecko) Chrome/62.0.3202.94 Safari/537.36"
58.254.68.93 - - [01/Apr/2025:07:14:22 -0400] "GET /the-benefits-of-managed-investing/ HTTP/1.1" 200 11665 "https://baernblog.com" "Mozilla/4.0 (compatible; MSIE 6.0; Windows NT 5.1; en) Opera 8.50"
198.54.114.83 - - [01/Apr/2025:07:14:23 -0400] "POST /wp-admin/admin-ajax.php?action=async_litespeed&nonce=J41zRN98LCHSt3W9YmN0vI6b5MKuucZi&litespeed_type=imgoptm HTTP/1.1" 200 5 "-" "WordPress/6.7.2; https://baernblog.com"
198.54.114.83 - - [01/Apr/2025:07:14:30 -0400] "POST /wp-cron.php?doing_wp_cron=1743506069.7159800529479980468750 HTTP/1.1" 200 0 "-" "WordPress/6.7.2; https://baernblog.com"
54.36.149.46 - - [01/Apr/2025:07:14:29 -0400] "GET /essential-insights-free-employment-law-advice/ HTTP/1.1" 200 10161 "-" "Mozilla/5.0 (compatible; AhrefsBot/7.0; +http://ahrefs.com/robot/)"
54.36.149.64 - - [01/Apr/2025:07:16:05 -0400] "GET /college-football-wrap-up-week-6-florida-stays-no-1-beats-lsu-4-more-teams-suffer-their-1st-loss/ HTTP/1.1" 200 13005 "-" "Mozilla/5.0 (compatible; AhrefsBot/7.0; +http://ahrefs.com/robot/)"
178.20.45.182 - - [01/Apr/2025:07:17:22 -0400] "GET /the-benefits-of-managed-investing/ HTTP/1.1" 200 10958 "https://baernblog.com/the-benefits-of-managed-investing/#comment-8139/" "Mozilla/5.0 (Windows NT 10.0; Win64; x64) AppleWebKit/537.36 (KHTML, like Gecko) Chrome/131.0.0.0 Safari/537.36 Avast/131.0.0.0"
198.54.114.83 - - [01/Apr/2025:07:17:30 -0400] "POST /wp-cron.php?doing_wp_cron=1743506248.9361729621887207031250 HTTP/1.1" 200 0 "-" "WordPress/6.7.2; https://baernblog.com"
178.20.45.182 - - [01/Apr/2025:07:17:24 -0400] "POST /wp-comments-post.php HTTP/1.1" 302 0 "https://baernblog.com/the-benefits-of-managed-investing/#comment-8139/" "Mozilla/5.0 (Windows NT 10.0; Win64; x64) AppleWebKit/537.36 (KHTML, like Gecko) Chrome/131.0.0.0 Safari/537.36 Avast/131.0.0.0"
54.36.148.215 - - [01/Apr/2025:07:17:25 -0400] "GET /grand-dunman-redefining-luxury-living-in-singapore/ HTTP/1.1" 200 10494 "-" "Mozilla/5.0 (compatible; AhrefsBot/7.0; +http://ahrefs.com/robot/)"
198.54.114.83 - - [01/Apr/2025:07:17:31 -0400] "POST /wp-admin/admin-ajax.php?action=async_litespeed&nonce=iW2TRM4FV4T0rUx0MoTrKUVBEF758Z5k&litespeed_type=imgoptm HTTP/1.1" 200 0 "-" "WordPress/6.7.2; https://baernblog.com"
178.20.45.182 - - [01/Apr/2025:07:17:31 -0400] "GET /the-benefits-of-managed-investing/ HTTP/1.1" 200 16683 "https://baernblog.com/the-benefits-of-managed-investing/#comment-22551" "Mozilla/5.0 (Windows NT 10.0; Win64; x64) AppleWebKit/537.36 (KHTML, like Gecko) Chrome/131.0.0.0 Safari/537.36 Avast/131.0.0.0"
54.36.148.180 - - [01/Apr/2025:07:18:52 -0400] "GET /rent-a-car-skopje-explore-the-capital-of-macedonia/ HTTP/1.1" 200 10509 "-" "Mozilla/5.0 (compatible; AhrefsBot/7.0; +http://ahrefs.com/robot/)"
198.54.114.83 - - [01/Apr/2025:07:19:16 -0400] "POST /wp-cron.php?doing_wp_cron=1743506356.3001329898834228515625 HTTP/1.1" 200 0 "-" "WordPress/6.7.2; https://baernblog.com"
92.222.181.205 - - [01/Apr/2025:07:19:11 -0400] "POST /xmlrpc.php HTTP/1.1" 200 205 "-" "Mozilla/5.0 (X11; Fedora; Linux x86_64; rv:94.0) Gecko/20100101 Firefox/95.0"
198.54.114.83 - - [01/Apr/2025:07:19:18 -0400] "POST /wp-admin/admin-ajax.php?action=async_litespeed&nonce=KNImd30ljvXhsPKIBafdIxqhRF8mEcK2&litespeed_type=imgoptm HTTP/1.1" 200 0 "-" "WordPress/6.7.2; https://baernblog.com"
54.36.148.51 - - [01/Apr/2025:07:20:14 -0400] "GET /instagram-account-freeze-link/ HTTP/1.1" 200 10049 "-" "Mozilla/5.0 (compatible; AhrefsBot/7.0; +http://ahrefs.com/robot/)"
102.157.122.249 - - [01/Apr/2025:07:21:05 -0400] "GET /wp-login.php HTTP/1.1" 200 1685 "http://baernblog.com/wp-admin/" "Mozilla/5.0 (Windows NT 10.0; Win64; x64) AppleWebKit/537.36 (KHTML, like Gecko) Chrome/90.0.4430.85 Safari/537.36"
102.157.122.249 - - [01/Apr/2025:07:21:06 -0400] "POST /wp-login.php HTTP/1.1" 200 1803 "http://baernblog.com/wp-admin/" "Mozilla/5.0 (Windows NT 10.0; Win64; x64) AppleWebKit/537.36 (KHTML, like Gecko) Chrome/90.0.4430.85 Safari/537.36"
102.157.122.249 - - [01/Apr/2025:07:21:08 -0400] "GET /wp-admin/ HTTP/1.1" 302 0 "www.google.com" "Mozilla/5.0 (Windows NT 10.0; Win64; x64) AppleWebKit/537.36 (KHTML, like Gecko) Chrome/90.0.4430.85 Safari/537.36"
198.54.114.83 - - [01/Apr/2025:07:21:10 -0400] "POST /wp-admin/admin-ajax.php?action=async_litespeed&nonce=eAK6NzoYPFJyaSSsu4bQd8z8idPhcYoT&litespeed_type=imgoptm HTTP/1.1" 200 0 "-" "WordPress/6.7.2; https://baernblog.com"
102.157.122.249 - - [01/Apr/2025:07:21:10 -0400] "GET /wp-login.php?redirect_to=https%3A%2F%2Fbaernblog.com%2Fwp-admin%2F&reauth=1 HTTP/1.1" 200 1684 "www.google.com" "Mozilla/5.0 (Windows NT 10.0; Win64; x64) AppleWebKit/537.36 (KHTML, like Gecko) Chrome/90.0.4430.85 Safari/537.36"
198.54.114.83 - - [01/Apr/2025:07:21:43 -0400] "POST /wp-cron.php?doing_wp_cron=1743506501.7680459022521972656250 HTTP/1.1" 200 0 "-" "WordPress/6.7.2; https://baernblog.com"
54.36.148.201 - - [01/Apr/2025:07:21:41 -0400] "GET /agence-google-analytics-paris-2/ HTTP/1.1" 200 9786 "-" "Mozilla/5.0 (compatible; AhrefsBot/7.0; +http://ahrefs.com/robot/)"
198.54.114.83 - - [01/Apr/2025:07:23:26 -0400] "POST /wp-cron.php?doing_wp_cron=1743506605.9565539360046386718750 HTTP/1.1" 200 0 "-" "WordPress/6.7.2; https://baernblog.com"
54.36.148.83 - - [01/Apr/2025:07:23:21 -0400] "GET /lindispensable-compagnon-des-soldats/ HTTP/1.1" 200 10606 "-" "Mozilla/5.0 (compatible; AhrefsBot/7.0; +http://ahrefs.com/robot/)"
198.54.114.83 - - [01/Apr/2025:07:23:32 -0400] "POST /wp-admin/admin-ajax.php?action=async_litespeed&nonce=bs4qNuZiVR9FobkbSfbI57E031nM6VyX&litespeed_type=imgoptm HTTP/1.1" 200 0 "-" "WordPress/6.7.2; https://baernblog.com"
54.36.149.10 - - [01/Apr/2025:07:24:42 -0400] "GET /digital-business-card-app/ HTTP/1.1" 200 10111 "-" "Mozilla/5.0 (compatible; AhrefsBot/7.0; +http://ahrefs.com/robot/)"
198.54.114.83 - - [01/Apr/2025:07:26:16 -0400] "POST /wp-cron.php?doing_wp_cron=1743506775.0997080802917480468750 HTTP/1.1" 200 0 "-" "WordPress/6.7.2; https://baernblog.com"
54.36.149.11 - - [01/Apr/2025:07:26:12 -0400] "GET /tretinoin-0-1-gel/ HTTP/1.1" 200 10063 "-" "Mozilla/5.0 (compatible; AhrefsBot/7.0; +http://ahrefs.com/robot/)"
198.54.114.83 - - [01/Apr/2025:07:26:18 -0400] "POST /wp-admin/admin-ajax.php?action=async_litespeed&nonce=vYjY04WnAJ8VfjoOxCt8q5wpHcOdqD8l&litespeed_type=imgoptm HTTP/1.1" 200 0 "-" "WordPress/6.7.2; https://baernblog.com"
198.54.114.83 - - [01/Apr/2025:07:27:30 -0400] "POST /wp-cron.php?doing_wp_cron=1743506849.8215730190277099609375 HTTP/1.1" 200 0 "-" "WordPress/6.7.2; https://baernblog.com"
54.36.149.82 - - [01/Apr/2025:07:27:28 -0400] "GET /buy-tiktok-followers/ HTTP/1.1" 200 10182 "-" "Mozilla/5.0 (compatible; AhrefsBot/7.0; +http://ahrefs.com/robot/)"
198.54.114.83 - - [01/Apr/2025:07:27:37 -0400] "POST /wp-admin/admin-ajax.php?action=async_litespeed&nonce=AimgakWMI2v6wwLGcWDBtbLtSWyEA1HY&litespeed_type=imgoptm HTTP/1.1" 200 0 "-" "WordPress/6.7.2; https://baernblog.com"
198.54.114.83 - - [01/Apr/2025:07:28:54 -0400] "POST /wp-cron.php?doing_wp_cron=1743506934.4494729042053222656250 HTTP/1.1" 200 0 "-" "WordPress/6.7.2; https://baernblog.com"
54.36.148.236 - - [01/Apr/2025:07:28:53 -0400] "GET /optimiser-votre-experience-de-baignade-la-pompe-a-chaleur-pour-piscine-de-50m3/ HTTP/1.1" 200 10539 "-" "Mozilla/5.0 (compatible; AhrefsBot/7.0; +http://ahrefs.com/robot/)"
198.54.114.83 - - [01/Apr/2025:07:28:55 -0400] "POST /wp-admin/admin-ajax.php?action=async_litespeed&nonce=qH3rlz539jm6TIZjebmevBGKaopdHlEJ&litespeed_type=imgoptm HTTP/1.1" 200 5 "-" "WordPress/6.7.2; https://baernblog.com"
198.54.114.83 - - [01/Apr/2025:07:29:45 -0400] "POST /wp-cron.php?doing_wp_cron=1743506985.1563210487365722656250 HTTP/1.1" 200 0 "-" "WordPress/6.7.2; https://baernblog.com"
159.65.152.66 - - [01/Apr/2025:07:29:44 -0400] "POST /xmlrpc.php HTTP/1.1" 200 205 "-" "Mozilla/5.0 (X11; Fedora; Linux x86_64; rv:94.0) Gecko/20100101 Firefox/95.0"
198.54.114.83 - - [01/Apr/2025:07:29:46 -0400] "POST /wp-admin/admin-ajax.php?action=async_litespeed&nonce=3oS6hdnGulJm4SoLVdNgQ0QRMrRWKL9Z&litespeed_type=imgoptm HTTP/1.1" 200 5 "-" "WordPress/6.7.2; https://baernblog.com"
54.36.148.208 - - [01/Apr/2025:07:30:21 -0400] "GET /2023/07/ HTTP/1.1" 301 0 "-" "Mozilla/5.0 (compatible; AhrefsBot/7.0; +http://ahrefs.com/robot/)"
54.36.148.236 - - [01/Apr/2025:07:31:47 -0400] "GET /2023/08/ HTTP/1.1" 301 0 "-" "Mozilla/5.0 (compatible; AhrefsBot/7.0; +http://ahrefs.com/robot/)"
198.54.114.83 - - [01/Apr/2025:07:33:08 -0400] "POST /wp-cron.php?doing_wp_cron=1743507188.0872368812561035156250 HTTP/1.1" 200 0 "-" "WordPress/6.7.2; https://baernblog.com"
198.54.114.83 - - [01/Apr/2025:07:33:11 -0400] "POST /wp-admin/admin-ajax.php?action=async_litespeed&nonce=qFZXiUVnPQaf6aahMlnihFuTXPs8gBdG&litespeed_type=imgoptm HTTP/1.1" 200 0 "-" "WordPress/6.7.2; https://baernblog.com"
54.36.148.62 - - [01/Apr/2025:07:33:06 -0400] "GET /how-online-webcams-enhance-collaboration/ HTTP/1.1" 200 10593 "-" "Mozilla/5.0 (compatible; AhrefsBot/7.0; +http://ahrefs.com/robot/)"
54.36.148.104 - - [01/Apr/2025:07:34:45 -0400] "GET /benefits-of-using-an-led-display-for-advertising/ HTTP/1.1" 200 11035 "-" "Mozilla/5.0 (compatible; AhrefsBot/7.0; +http://ahrefs.com/robot/)"
198.54.114.83 - - [01/Apr/2025:07:34:48 -0400] "POST /wp-cron.php?doing_wp_cron=1743507286.1274490356445312500000 HTTP/1.1" 200 0 "-" "WordPress/6.7.2; https://baernblog.com"
198.54.114.83 - - [01/Apr/2025:07:36:19 -0400] "POST /wp-cron.php?doing_wp_cron=1743507379.0337319374084472656250 HTTP/1.1" 200 0 "-" "WordPress/6.7.2; https://baernblog.com"
54.36.149.75 - - [01/Apr/2025:07:36:14 -0400] "GET /the-artistry-of-the-bento-box-a-culinary-canvas/ HTTP/1.1" 200 10759 "-" "Mozilla/5.0 (compatible; AhrefsBot/7.0; +http://ahrefs.com/robot/)"
198.54.114.83 - - [01/Apr/2025:07:36:26 -0400] "POST /wp-admin/admin-ajax.php?action=async_litespeed&nonce=ujElmB3LO9B8H01h0Oh75DqKT3PbDzfI&litespeed_type=imgoptm HTTP/1.1" 200 0 "-" "WordPress/6.7.2; https://baernblog.com"
54.36.148.165 - - [01/Apr/2025:07:38:31 -0400] "GET /smooth-and-stress-free-house-removals-a-complete-guide/ HTTP/1.1" 200 10924 "-" "Mozilla/5.0 (compatible; AhrefsBot/7.0; +http://ahrefs.com/robot/)"
198.54.114.83 - - [01/Apr/2025:07:40:36 -0400] "POST /wp-cron.php?doing_wp_cron=1743507635.6153969764709472656250 HTTP/1.1" 200 0 "-" "WordPress/6.7.2; https://baernblog.com"
45.119.84.18 - - [01/Apr/2025:07:40:29 -0400] "POST /xmlrpc.php HTTP/1.1" 200 205 "-" "Mozilla/5.0 (X11; Fedora; Linux x86_64; rv:94.0) Gecko/20100101 Firefox/95.0"
198.54.114.83 - - [01/Apr/2025:07:40:38 -0400] "POST /wp-admin/admin-ajax.php?action=async_litespeed&nonce=4zOA8tdPYpN3F0EWSyMzRMKoLcXOteZk&litespeed_type=imgoptm HTTP/1.1" 200 0 "-" "WordPress/6.7.2; https://baernblog.com"
54.36.148.243 - - [01/Apr/2025:07:40:44 -0400] "GET /entspannung-pur-ihr-resort-am-gardasee/ HTTP/1.1" 200 10779 "-" "Mozilla/5.0 (compatible; AhrefsBot/7.0; +http://ahrefs.com/robot/)"
198.54.114.83 - - [01/Apr/2025:07:42:30 -0400] "POST /wp-cron.php?doing_wp_cron=1743507750.0485260486602783203125 HTTP/1.1" 200 0 "-" "WordPress/6.7.2; https://baernblog.com"
198.54.114.83 - - [01/Apr/2025:07:42:31 -0400] "POST /wp-admin/admin-ajax.php?action=async_litespeed&nonce=0Vk7LdrKBAbRS8i5lpcant0bLH5z5489&litespeed_type=imgoptm HTTP/1.1" 200 0 "-" "WordPress/6.7.2; https://baernblog.com"
54.36.148.168 - - [01/Apr/2025:07:42:27 -0400] "GET /watcher-of-realms-best-heroes/ HTTP/1.1" 200 10054 "-" "Mozilla/5.0 (compatible; AhrefsBot/7.0; +http://ahrefs.com/robot/)"
198.54.114.83 - - [01/Apr/2025:07:44:51 -0400] "POST /wp-cron.php?doing_wp_cron=1743507891.0141479969024658203125 HTTP/1.1" 200 0 "-" "WordPress/6.7.2; https://baernblog.com"
198.54.114.83 - - [01/Apr/2025:07:44:52 -0400] "POST /wp-admin/admin-ajax.php?action=async_litespeed&nonce=K4s5LZahxmkpz0mEa7v0hJy75IWr6afl&litespeed_type=imgoptm HTTP/1.1" 200 0 "-" "WordPress/6.7.2; https://baernblog.com"
54.36.148.0 - - [01/Apr/2025:07:44:45 -0400] "GET /eleganz-und-funktionalitat-fur-ihr-zuhause/ HTTP/1.1" 200 10663 "-" "Mozilla/5.0 (compatible; AhrefsBot/7.0; +http://ahrefs.com/robot/)"
112.92.70.120 - - [01/Apr/2025:07:45:32 -0400] "GET /how-to-get-vyvanse-prescription-online/ HTTP/1.1" 200 11054 "https://baernblog.com" "Mozilla/5.0 (Windows NT 10.0; Win64; x64) AppleWebKit/537.36 (KHTML, like Gecko) Chrome/62.0.3202.94 Safari/537.36"
198.54.114.83 - - [01/Apr/2025:07:45:35 -0400] "POST /wp-cron.php?doing_wp_cron=1743507934.7102439403533935546875 HTTP/1.1" 200 0 "-" "WordPress/6.7.2; https://baernblog.com"
198.54.114.83 - - [01/Apr/2025:07:45:35 -0400] "POST /wp-admin/admin-ajax.php?action=async_litespeed&nonce=z8h5iXJeAceaY48DCNsDtV1hr8SZlzsi&litespeed_type=imgoptm HTTP/1.1" 200 5 "-" "WordPress/6.7.2; https://baernblog.com"
112.92.70.120 - - [01/Apr/2025:07:45:34 -0400] "POST /wp-comments-post.php HTTP/1.1" 302 0 "https://baernblog.com" "Mozilla/5.0 (Windows NT 10.0; Win64; x64) AppleWebKit/537.36 (KHTML, like Gecko) Chrome/62.0.3202.94 Safari/537.36"
112.92.70.120 - - [01/Apr/2025:07:45:39 -0400] "GET /how-to-get-vyvanse-prescription-online/ HTTP/1.1" 200 11821 "https://baernblog.com" "Mozilla/4.0 (compatible; MSIE 6.0; Windows NT 5.1; en) Opera 8.50"
95.142.47.113 - - [01/Apr/2025:07:46:25 -0400] "GET /the-benefits-of-managed-investing/ HTTP/1.1" 200 10958 "https://baernblog.com/the-benefits-of-managed-investing/#comment-8139/" "Mozilla/5.0 (Windows NT 10.0; Win64; x64) AppleWebKit/537.36 (KHTML, like Gecko) Chrome/131.0.0.0 Safari/537.36"
198.54.114.83 - - [01/Apr/2025:07:46:27 -0400] "POST /wp-cron.php?doing_wp_cron=1743507986.9428219795227050781250 HTTP/1.1" 200 0 "-" "WordPress/6.7.2; https://baernblog.com"
198.54.114.83 - - [01/Apr/2025:07:46:28 -0400] "POST /wp-admin/admin-ajax.php?action=async_litespeed&nonce=wHHLOywIaF4Rh4uOU1jUqX7Js2FMS7WJ&litespeed_type=imgoptm HTTP/1.1" 200 5 "-" "WordPress/6.7.2; https://baernblog.com"
95.142.47.113 - - [01/Apr/2025:07:46:26 -0400] "POST /wp-comments-post.php HTTP/1.1" 302 0 "https://baernblog.com/the-benefits-of-managed-investing/#comment-8139/" "Mozilla/5.0 (Windows NT 10.0; Win64; x64) AppleWebKit/537.36 (KHTML, like Gecko) Chrome/131.0.0.0 Safari/537.36"
95.142.47.113 - - [01/Apr/2025:07:46:30 -0400] "GET /the-benefits-of-managed-investing/ HTTP/1.1" 200 14704 "https://baernblog.com/the-benefits-of-managed-investing/#comment-22553" "Mozilla/5.0 (Windows NT 10.0; Win64; x64) AppleWebKit/537.36 (KHTML, like Gecko) Chrome/131.0.0.0 Safari/537.36"
54.36.148.0 - - [01/Apr/2025:07:46:36 -0400] "GET /the-thrilling-world-of-online-casinos/ HTTP/1.1" 200 10434 "-" "Mozilla/5.0 (compatible; AhrefsBot/7.0; +http://ahrefs.com/robot/)"
198.54.114.83 - - [01/Apr/2025:07:47:27 -0400] "POST /wp-admin/admin-ajax.php?action=async_litespeed&nonce=FTETWUuv9vcJzNM1DPs1yp3kPZwUfNVc&litespeed_type=imgoptm HTTP/1.1" 200 0 "-" "WordPress/6.7.2; https://baernblog.com"
216.131.109.245 - - [01/Apr/2025:07:47:28 -0400] "GET /the-benefits-of-managed-investing/ HTTP/1.1" 200 11611 "https://baernblog.com/the-benefits-of-managed-investing/#comment-22554" "Mozilla/5.0 (Windows NT 10.0; Win64; x64) AppleWebKit/537.36 (KHTML, like Gecko) Chrome/129.0.0.0 Safari/537.36"
112.92.70.120 - - [01/Apr/2025:07:47:30 -0400] "GET /the-benefits-of-managed-investing/ HTTP/1.1" 200 10958 "https://baernblog.com" "Mozilla/5.0 (Windows NT 10.0; Win64; x64) AppleWebKit/537.36 (KHTML, like Gecko) Chrome/62.0.3202.94 Safari/537.36"
112.92.70.120 - - [01/Apr/2025:07:47:33 -0400] "POST /wp-comments-post.php HTTP/1.1" 302 0 "https://baernblog.com" "Mozilla/5.0 (Windows NT 10.0; Win64; x64) AppleWebKit/537.36 (KHTML, like Gecko) Chrome/62.0.3202.94 Safari/537.36"
112.92.70.120 - - [01/Apr/2025:07:47:37 -0400] "GET /the-benefits-of-managed-investing/ HTTP/1.1" 200 11592 "https://baernblog.com" "Mozilla/4.0 (compatible; MSIE 6.0; Windows NT 5.1; en) Opera 8.50"
54.36.148.227 - - [01/Apr/2025:07:48:35 -0400] "GET /navigating-the-thrills-the-allure-and-controversy-of-online-casinos/ HTTP/1.1" 200 10917 "-" "Mozilla/5.0 (compatible; AhrefsBot/7.0; +http://ahrefs.com/robot/)"
54.36.148.186 - - [01/Apr/2025:07:50:24 -0400] "GET /unlocking-the-potential-the-pitfalls-of-buying-youtube-subscribers/ HTTP/1.1" 200 10904 "-" "Mozilla/5.0 (compatible; AhrefsBot/7.0; +http://ahrefs.com/robot/)"
84.54.44.19 - - [01/Apr/2025:07:50:34 -0400] "GET /the-benefits-of-managed-investing/ HTTP/1.1" 200 10958 "https://baernblog.com/the-benefits-of-managed-investing/#comment-8957/" "Mozilla/5.0 (Windows NT 10.0; Win64; x64) AppleWebKit/537.36 (KHTML, like Gecko) Chrome/131.0.0.0 Safari/537.36"
198.54.114.83 - - [01/Apr/2025:07:50:40 -0400] "POST /wp-cron.php?doing_wp_cron=1743508240.3314599990844726562500 HTTP/1.1" 200 0 "-" "WordPress/6.7.2; https://baernblog.com"
198.54.114.83 - - [01/Apr/2025:07:50:42 -0400] "POST /wp-admin/admin-ajax.php?action=async_litespeed&nonce=FK9hDmfysn1zBT6xIAGOwfIIsHfGeBpb&litespeed_type=imgoptm HTTP/1.1" 200 0 "-" "WordPress/6.7.2; https://baernblog.com"
84.54.44.19 - - [01/Apr/2025:07:50:36 -0400] "POST /wp-comments-post.php HTTP/1.1" 302 0 "https://baernblog.com/the-benefits-of-managed-investing/#comment-8957/" "Mozilla/5.0 (Windows NT 10.0; Win64; x64) AppleWebKit/537.36 (KHTML, like Gecko) Chrome/131.0.0.0 Safari/537.36"
84.54.44.19 - - [01/Apr/2025:07:50:44 -0400] "GET /the-benefits-of-managed-investing/ HTTP/1.1" 200 15363 "https://baernblog.com/the-benefits-of-managed-investing/#comment-22556" "Mozilla/5.0 (Windows NT 10.0; Win64; x64) AppleWebKit/537.36 (KHTML, like Gecko) Chrome/131.0.0.0 Safari/537.36"
198.54.114.83 - - [01/Apr/2025:07:51:05 -0400] "POST /wp-cron.php?doing_wp_cron=1743508265.1040210723876953125000 HTTP/1.1" 200 0 "-" "WordPress/6.7.2; https://baernblog.com"
61.4.121.124 - - [01/Apr/2025:07:51:04 -0400] "POST /xmlrpc.php HTTP/1.1" 200 205 "-" "Mozilla/5.0 (X11; Fedora; Linux x86_64; rv:94.0) Gecko/20100101 Firefox/95.0"
198.54.114.83 - - [01/Apr/2025:07:51:06 -0400] "POST /wp-admin/admin-ajax.php?action=async_litespeed&nonce=yX8az9kVzTuDbLTB3wabQfzITJdeNFEM&litespeed_type=imgoptm HTTP/1.1" 200 5 "-" "WordPress/6.7.2; https://baernblog.com"
198.54.114.83 - - [01/Apr/2025:07:52:08 -0400] "POST /wp-cron.php?doing_wp_cron=1743508327.1480760574340820312500 HTTP/1.1" 200 0 "-" "WordPress/6.7.2; https://baernblog.com"
54.36.148.185 - - [01/Apr/2025:07:52:06 -0400] "GET /cabinet-de-chirurgie-dentaire/ HTTP/1.1" 200 10869 "-" "Mozilla/5.0 (compatible; AhrefsBot/7.0; +http://ahrefs.com/robot/)"
95.142.47.113 - - [01/Apr/2025:07:52:50 -0400] "GET /the-benefits-of-managed-investing/ HTTP/1.1" 200 10958 "https://baernblog.com/the-benefits-of-managed-investing/#comment-8139/" "Mozilla/5.0 (Windows NT 10.0; Win64; x64) AppleWebKit/537.36 (KHTML, like Gecko) Chrome/130.0.0.0 Safari/537.36"
95.142.47.113 - - [01/Apr/2025:07:52:51 -0400] "POST /wp-comments-post.php HTTP/1.1" 302 0 "https://baernblog.com/the-benefits-of-managed-investing/#comment-8139/" "Mozilla/5.0 (Windows NT 10.0; Win64; x64) AppleWebKit/537.36 (KHTML, like Gecko) Chrome/130.0.0.0 Safari/537.36"
95.142.47.113 - - [01/Apr/2025:07:52:54 -0400] "GET /the-benefits-of-managed-investing/ HTTP/1.1" 200 13709 "https://baernblog.com/the-benefits-of-managed-investing/#comment-22557" "Mozilla/5.0 (Windows NT 10.0; Win64; x64) AppleWebKit/537.36 (KHTML, like Gecko) Chrome/130.0.0.0 Safari/537.36"
198.54.114.83 - - [01/Apr/2025:07:53:56 -0400] "POST /wp-cron.php?doing_wp_cron=1743508436.6738729476928710937500 HTTP/1.1" 200 0 "-" "WordPress/6.7.2; https://baernblog.com"
54.36.148.179 - - [01/Apr/2025:07:53:56 -0400] "GET /navigating-the-anyone-protocol-staking-dashboard/ HTTP/1.1" 200 10667 "-" "Mozilla/5.0 (compatible; AhrefsBot/7.0; +http://ahrefs.com/robot/)"
198.54.114.83 - - [01/Apr/2025:07:54:03 -0400] "POST /wp-admin/admin-ajax.php?action=async_litespeed&nonce=72kZCHfttrufKc51w8fyvwAWF6JRcbZr&litespeed_type=imgoptm HTTP/1.1" 200 0 "-" "WordPress/6.7.2; https://baernblog.com"
198.54.114.83 - - [01/Apr/2025:07:54:04 -0400] "POST /wp-cron.php?doing_wp_cron=1743508443.9326999187469482421875 HTTP/1.1" 200 0 "-" "WordPress/6.7.2; https://baernblog.com"
198.54.114.83 - - [01/Apr/2025:07:54:06 -0400] "POST /wp-admin/admin-ajax.php?action=async_litespeed&nonce=FCb6WmVhDByrVhYOATotPY1Uw0EA76kZ&litespeed_type=imgoptm HTTP/1.1" 200 0 "-" "WordPress/6.7.2; https://baernblog.com"
198.54.114.83 - - [01/Apr/2025:07:56:00 -0400] "POST /wp-cron.php?doing_wp_cron=1743508558.3599979877471923828125 HTTP/1.1" 200 0 "-" "WordPress/6.7.2; https://baernblog.com"
54.36.148.113 - - [01/Apr/2025:07:55:53 -0400] "GET /the-allure-of-online-casinos/ HTTP/1.1" 200 10428 "-" "Mozilla/5.0 (compatible; AhrefsBot/7.0; +http://ahrefs.com/robot/)"
198.54.114.83 - - [01/Apr/2025:07:58:01 -0400] "POST /wp-cron.php?doing_wp_cron=1743508680.7434990406036376953125 HTTP/1.1" 200 0 "-" "WordPress/6.7.2; https://baernblog.com"
54.36.148.176 - - [01/Apr/2025:07:57:56 -0400] "GET /beleuchten-sie-ihren-raum-mit-stil-der-reiz-moderner-stehlampen/ HTTP/1.1" 200 11110 "-" "Mozilla/5.0 (compatible; AhrefsBot/7.0; +http://ahrefs.com/robot/)"
198.54.114.83 - - [01/Apr/2025:07:58:06 -0400] "POST /wp-admin/admin-ajax.php?action=async_litespeed&nonce=fDWUoNB6jLonuC6AajKC89jUXsDaD3bZ&litespeed_type=imgoptm HTTP/1.1" 200 5 "-" "WordPress/6.7.2; https://baernblog.com"
54.36.148.158 - - [01/Apr/2025:07:59:48 -0400] "GET /choosing-the-perfect-wedding-celebrant-in-auckland/ HTTP/1.1" 200 10500 "-" "Mozilla/5.0 (compatible; AhrefsBot/7.0; +http://ahrefs.com/robot/)"
198.54.114.83 - - [01/Apr/2025:08:01:46 -0400] "POST /wp-cron.php?doing_wp_cron=1743508906.0977709293365478515625 HTTP/1.1" 200 0 "-" "WordPress/6.7.2; https://baernblog.com"
54.36.149.96 - - [01/Apr/2025:08:01:39 -0400] "GET /navigating-joo-chiats-historic-straits/ HTTP/1.1" 200 10526 "-" "Mozilla/5.0 (compatible; AhrefsBot/7.0; +http://ahrefs.com/robot/)"
198.54.114.83 - - [01/Apr/2025:08:01:52 -0400] "POST /wp-admin/admin-ajax.php?action=async_litespeed&nonce=sWXvCICncWKjQEXYIt0OC31EPkBfoFl3&litespeed_type=imgoptm HTTP/1.1" 200 0 "-" "WordPress/6.7.2; https://baernblog.com"
198.54.114.83 - - [01/Apr/2025:08:02:21 -0400] "POST /wp-cron.php?doing_wp_cron=1743508940.8557469844818115234375 HTTP/1.1" 200 0 "-" "WordPress/6.7.2; https://baernblog.com"
103.20.102.10 - - [01/Apr/2025:08:02:20 -0400] "POST /xmlrpc.php HTTP/1.1" 200 205 "-" "Mozilla/5.0 (X11; Fedora; Linux x86_64; rv:94.0) Gecko/20100101 Firefox/95.0"
198.54.114.83 - - [01/Apr/2025:08:02:21 -0400] "POST /wp-admin/admin-ajax.php?action=async_litespeed&nonce=fxDGMpnPiDdpeIocDVY85CMf4fElQ8nx&litespeed_type=imgoptm HTTP/1.1" 200 5 "-" "WordPress/6.7.2; https://baernblog.com"
198.54.114.83 - - [01/Apr/2025:08:03:35 -0400] "POST /wp-cron.php?doing_wp_cron=1743509015.0958580970764160156250 HTTP/1.1" 200 0 "-" "WordPress/6.7.2; https://baernblog.com"
54.36.148.157 - - [01/Apr/2025:08:03:34 -0400] "GET /unveiling-the-world-of-steroids-in-thailand/ HTTP/1.1" 200 10878 "-" "Mozilla/5.0 (compatible; AhrefsBot/7.0; +http://ahrefs.com/robot/)"
198.54.114.83 - - [01/Apr/2025:08:03:36 -0400] "POST /wp-admin/admin-ajax.php?action=async_litespeed&nonce=KZN2X54ImypgRcTXGj4mJAfBvYUhfo5N&litespeed_type=imgoptm HTTP/1.1" 200 5 "-" "WordPress/6.7.2; https://baernblog.com"
198.54.114.83 - - [01/Apr/2025:08:04:19 -0400] "POST /wp-admin/admin-ajax.php?action=async_litespeed&nonce=mEUi7mxw7kVqTeVfN8xbBqRD9cTdj1c6&litespeed_type=imgoptm HTTP/1.1" 200 5 "-" "WordPress/6.7.2; https://baernblog.com"
