114.119.155.205 - - [30/Mar/2025:15:09:40 -0400] "GET /lagence-de-marketing-digital-un-atout-inestimable-pour-les-petites-entreprises/ HTTP/1.1" 200 10738 "https://baernblog.com/in-a-world-where-self-care-is-paramount/" "Mozilla/5.0 (Linux; Android 7.0;) AppleWebKit/537.36 (KHTML, like Gecko) Mobile Safari/537.36 (compatible; PetalBot;+https://webmaster.petalsearch.com/site/petalbot)"
198.54.114.83 - - [30/Mar/2025:15:09:45 -0400] "POST /wp-admin/admin-ajax.php?action=async_litespeed&nonce=crveRKobAdfg8A6lccNpPdweZqBpfDc9&litespeed_type=imgoptm HTTP/1.1" 200 0 "-" "WordPress/6.7.2; https://baernblog.com"
198.54.114.83 - - [30/Mar/2025:15:36:41 -0400] "POST /wp-admin/admin-ajax.php?action=async_litespeed&nonce=9hSnG0LDOXdD9AflXsMhFX0M4tXcDmZt&litespeed_type=imgoptm HTTP/1.1" 200 0 "-" "WordPress/6.7.2; https://baernblog.com"
54.163.136.244 - - [30/Mar/2025:15:48:03 -0400] "GET /robots.txt HTTP/1.1" 304 0 "-" "Mozilla/5.0 AppleWebKit/537.36 (KHTML, like Gecko; compatible; Amazonbot/0.1; +https://developer.amazon.com/support/amazonbot) Chrome/119.0.6045.214 Safari/537.36"
198.54.114.83 - - [30/Mar/2025:15:48:08 -0400] "POST /wp-cron.php?doing_wp_cron=1743364087.7751190662384033203125 HTTP/1.1" 200 0 "-" "WordPress/6.7.2; https://baernblog.com"
3.232.82.72 - - [30/Mar/2025:15:48:07 -0400] "GET /deep-cleaning-services/ HTTP/1.1" 200 11078 "-" "Mozilla/5.0 AppleWebKit/537.36 (KHTML, like Gecko; compatible; Amazonbot/0.1; +https://developer.amazon.com/support/amazonbot) Chrome/119.0.6045.214 Safari/537.36"
52.0.105.244 - - [30/Mar/2025:15:48:04 -0400] "GET /careprost-for-eyebrows/ HTTP/1.1" 200 10995 "-" "Mozilla/5.0 AppleWebKit/537.36 (KHTML, like Gecko; compatible; Amazonbot/0.1; +https://developer.amazon.com/support/amazonbot) Chrome/119.0.6045.214 Safari/537.36"
198.54.114.83 - - [30/Mar/2025:15:48:09 -0400] "POST /wp-admin/admin-ajax.php?action=async_litespeed&nonce=ChkSbSoco3dL6ZfTg6cb7SmjnoQshcef&litespeed_type=imgoptm HTTP/1.1" 200 0 "-" "WordPress/6.7.2; https://baernblog.com"
198.54.114.83 - - [30/Mar/2025:15:56:59 -0400] "POST /wp-cron.php?doing_wp_cron=1743364618.5330719947814941406250 HTTP/1.1" 200 0 "-" "WordPress/6.7.2; https://baernblog.com"
207.46.13.18 - - [30/Mar/2025:15:56:55 -0400] "GET /single-post/2018/07/23/E-gueti-Sach-Cooltour HTTP/1.1" 404 5942 "-" "Mozilla/5.0 AppleWebKit/537.36 (KHTML, like Gecko; compatible; bingbot/2.0; +http://www.bing.com/bingbot.htm) Chrome/116.0.1938.76 Safari/537.36"
198.54.114.83 - - [30/Mar/2025:15:57:01 -0400] "POST /wp-admin/admin-ajax.php?action=async_litespeed&nonce=CXN67fgfhyomZYxH7Sb2PrkPmyaK8Ymh&litespeed_type=imgoptm HTTP/1.1" 200 0 "-" "WordPress/6.7.2; https://baernblog.com"
78.138.127.62 - - [30/Mar/2025:16:10:25 -0400] "GET /the-benefits-of-managed-investing/ HTTP/1.1" 200 10958 "-" "Mozilla/5.0 (X11; Linux x86_64) AppleWebKit/537.36 (KHTML, like Gecko) Chrome/114.0.0.0 Safari/537.36 Vivaldi/5.3.2679.68"
54.36.148.13 - - [30/Mar/2025:16:12:45 -0400] "GET /robots.txt HTTP/1.1" 200 108 "-" "Mozilla/5.0 (compatible; AhrefsBot/7.0; +http://ahrefs.com/robot/)"
198.54.114.83 - - [30/Mar/2025:16:12:56 -0400] "POST /wp-cron.php?doing_wp_cron=1743365575.7848849296569824218750 HTTP/1.1" 200 0 "-" "WordPress/6.7.2; https://baernblog.com"
198.54.114.83 - - [30/Mar/2025:16:12:57 -0400] "POST /wp-admin/admin-ajax.php?action=async_litespeed&nonce=KgnDN8UNSQkFkrnxiKfiC5BaggXauEnP&litespeed_type=imgoptm HTTP/1.1" 200 0 "-" "WordPress/6.7.2; https://baernblog.com"
54.36.148.22 - - [30/Mar/2025:16:12:51 -0400] "GET /how-to-buy-targeted-youtube-views/ HTTP/1.1" 200 11079 "-" "Mozilla/5.0 (compatible; AhrefsBot/7.0; +http://ahrefs.com/robot/)"
112.92.70.120 - - [30/Mar/2025:16:19:10 -0400] "GET /how-to-get-vyvanse-prescription-online/ HTTP/1.1" 200 11054 "-" "Mozilla/5.0 (X11; Ubuntu; Linux i686; rv:114.0) Gecko/20100101 Firefox/114.0"
198.54.114.83 - - [30/Mar/2025:16:22:27 -0400] "POST /wp-cron.php?doing_wp_cron=1743366147.2936050891876220703125 HTTP/1.1" 200 0 "-" "WordPress/6.7.2; https://baernblog.com"
54.36.148.221 - - [30/Mar/2025:16:22:23 -0400] "GET /category/activity/page/10/ HTTP/1.1" 200 9445 "-" "Mozilla/5.0 (compatible; AhrefsBot/7.0; +http://ahrefs.com/robot/)"
198.54.114.83 - - [30/Mar/2025:16:22:28 -0400] "POST /wp-admin/admin-ajax.php?action=async_litespeed&nonce=MqMvJB7LoOzkyMqyuQO4tTvKpFKEmkrM&litespeed_type=imgoptm HTTP/1.1" 200 5 "-" "WordPress/6.7.2; https://baernblog.com"
198.54.114.83 - - [30/Mar/2025:16:27:44 -0400] "POST /wp-admin/admin-ajax.php?action=async_litespeed&nonce=QfZ2yLAoNmjorXoWt9uE5TD2tatJoIJX&litespeed_type=imgoptm HTTP/1.1" 200 5 "-" "WordPress/6.7.2; https://baernblog.com"
74.176.49.245 - - [30/Mar/2025:16:27:50 -0400] "GET /wp-admin/ HTTP/1.1" 302 0 "-" "-"
74.176.49.245 - - [30/Mar/2025:16:27:50 -0400] "GET /wp-login.php?redirect_to=https%3A%2F%2Fbaernblog.com%2Fwp-admin%2F&reauth=1 HTTP/1.1" 200 1684 "-" "-"
74.176.49.245 - - [30/Mar/2025:16:27:54 -0400] "GET /local-chiropractors/ HTTP/1.1" 200 10058 "-" "-"
74.176.49.245 - - [30/Mar/2025:16:27:56 -0400] "GET /system-boilers-versus-combination-boilers/ HTTP/1.1" 200 11053 "-" "-"
198.54.114.83 - - [30/Mar/2025:16:28:03 -0400] "POST /wp-admin/admin-ajax.php?action=async_litespeed&nonce=gCVn64plFbFns9zEWrL63RKLSqY30CHz&litespeed_type=imgoptm HTTP/1.1" 200 5 "-" "WordPress/6.7.2; https://baernblog.com"
74.176.49.245 - - [30/Mar/2025:16:28:23 -0400] "GET /wp-admin/network/ HTTP/1.1" 302 0 "-" "-"
74.176.49.245 - - [30/Mar/2025:16:28:24 -0400] "GET /wp-login.php?redirect_to=https%3A%2F%2Fbaernblog.com%2Fwp-admin%2Fnetwork%2F&reauth=1 HTTP/1.1" 200 1683 "-" "-"
74.176.49.245 - - [30/Mar/2025:16:28:25 -0400] "GET /wp-admin/user/ HTTP/1.1" 302 0 "-" "-"
74.176.49.245 - - [30/Mar/2025:16:28:25 -0400] "GET /wp-login.php?redirect_to=https%3A%2F%2Fbaernblog.com%2Fwp-admin%2Fuser%2F&reauth=1 HTTP/1.1" 200 1686 "-" "-"
74.176.49.245 - - [30/Mar/2025:16:28:27 -0400] "GET /wp-admin/ HTTP/1.1" 302 0 "-" "-"
74.176.49.245 - - [30/Mar/2025:16:28:27 -0400] "GET /wp-login.php?redirect_to=https%3A%2F%2Fbaernblog.com%2Fwp-admin%2F&reauth=1 HTTP/1.1" 200 1684 "-" "-"
198.54.114.83 - - [30/Mar/2025:16:33:12 -0400] "POST /wp-cron.php?doing_wp_cron=1743366792.1107399463653564453125 HTTP/1.1" 200 0 "-" "WordPress/6.7.2; https://baernblog.com"
54.36.148.111 - - [30/Mar/2025:16:33:10 -0400] "GET /the-role-of-a-community-manager-connecting-and-engaging/ HTTP/1.1" 200 10828 "-" "Mozilla/5.0 (compatible; AhrefsBot/7.0; +http://ahrefs.com/robot/)"
198.54.114.83 - - [30/Mar/2025:16:33:12 -0400] "POST /wp-admin/admin-ajax.php?action=async_litespeed&nonce=9SA8rmUbTZJ57PjvGmNm1TGXmBC6RAEq&litespeed_type=imgoptm HTTP/1.1" 200 5 "-" "WordPress/6.7.2; https://baernblog.com"
198.54.114.83 - - [30/Mar/2025:16:36:02 -0400] "POST /wp-admin/admin-ajax.php?action=async_litespeed&nonce=C6Ag2ReI7yhJUSnymOjZrOWRMIdT0Q0M&litespeed_type=imgoptm HTTP/1.1" 200 5 "-" "WordPress/6.7.2; https://baernblog.com"
198.54.114.83 - - [30/Mar/2025:16:36:05 -0400] "POST /wp-cron.php?doing_wp_cron=1743366965.1372818946838378906250 HTTP/1.1" 200 0 "-" "WordPress/6.7.2; https://baernblog.com"
198.54.114.83 - - [30/Mar/2025:16:36:05 -0400] "POST /wp-admin/admin-ajax.php?action=async_litespeed&nonce=MYYmq95z5tk6mbtOcxLtSyBd4aMrZUvO&litespeed_type=imgoptm HTTP/1.1" 200 5 "-" "WordPress/6.7.2; https://baernblog.com"
43.155.157.59 - - [30/Mar/2025:16:36:04 -0400] "GET /how-to-get-vyvanse-prescription-online/ HTTP/1.1" 200 12025 "https://baernblog.com" "Mozilla/4.0 (compatible; MSIE 6.0; Windows NT 5.1; en) Opera 8.50"
198.54.114.83 - - [30/Mar/2025:16:36:20 -0400] "POST /wp-cron.php?doing_wp_cron=1743366979.8395938873291015625000 HTTP/1.1" 200 0 "-" "WordPress/6.7.2; https://baernblog.com"
40.77.167.159 - - [30/Mar/2025:16:36:19 -0400] "GET /plastic-gear/ HTTP/1.1" 200 10154 "-" "Mozilla/5.0 AppleWebKit/537.36 (KHTML, like Gecko; compatible; bingbot/2.0; +http://www.bing.com/bingbot.htm) Chrome/116.0.1938.76 Safari/537.36"
40.77.167.159 - - [30/Mar/2025:16:37:09 -0400] "GET /wp-content/themes/ascendoor-news/assets/js/custom.min.js?ver=1.0.1 HTTP/1.1" 304 0 "-" "Mozilla/5.0 AppleWebKit/537.36 (KHTML, like Gecko; compatible; bingbot/2.0; +http://www.bing.com/bingbot.htm) Chrome/116.0.1938.76 Safari/537.36"
40.77.167.159 - - [30/Mar/2025:16:37:09 -0400] "GET /wp-includes/js/comment-reply.min.js?ver=6.7.2 HTTP/1.1" 304 0 "-" "Mozilla/5.0 AppleWebKit/537.36 (KHTML, like Gecko; compatible; bingbot/2.0; +http://www.bing.com/bingbot.htm) Chrome/116.0.1938.76 Safari/537.36"
52.167.144.142 - - [30/Mar/2025:16:37:17 -0400] "GET /wp-content/themes/ascendoor-news/assets/js/jquery.marquee.min.js?ver=1.6.0 HTTP/1.1" 304 0 "-" "Mozilla/5.0 AppleWebKit/537.36 (KHTML, like Gecko; compatible; bingbot/2.0; +http://www.bing.com/bingbot.htm) Chrome/116.0.1938.76 Safari/537.36"
52.167.144.142 - - [30/Mar/2025:16:37:21 -0400] "GET /wp-content/themes/ascendoor-news/assets/js/slick.min.js?ver=1.8.1 HTTP/1.1" 304 0 "-" "Mozilla/5.0 AppleWebKit/537.36 (KHTML, like Gecko; compatible; bingbot/2.0; +http://www.bing.com/bingbot.htm) Chrome/116.0.1938.76 Safari/537.36"
52.167.144.142 - - [30/Mar/2025:16:37:21 -0400] "GET /wp-includes/js/jquery/jquery-migrate.min.js?ver=3.4.1 HTTP/1.1" 304 0 "-" "Mozilla/5.0 AppleWebKit/537.36 (KHTML, like Gecko; compatible; bingbot/2.0; +http://www.bing.com/bingbot.htm) Chrome/116.0.1938.76 Safari/537.36"
157.55.39.203 - - [30/Mar/2025:16:37:29 -0400] "GET /wp-content/themes/ascendoor-news/assets/js/navigation.min.js?ver=1.0.1 HTTP/1.1" 200 506 "-" "Mozilla/5.0 AppleWebKit/537.36 (KHTML, like Gecko; compatible; bingbot/2.0; +http://www.bing.com/bingbot.htm) Chrome/116.0.1938.76 Safari/537.36"
157.55.39.203 - - [30/Mar/2025:16:37:29 -0400] "GET /wp-includes/js/jquery/jquery.min.js?ver=3.7.1 HTTP/1.1" 200 29744 "-" "Mozilla/5.0 AppleWebKit/537.36 (KHTML, like Gecko; compatible; bingbot/2.0; +http://www.bing.com/bingbot.htm) Chrome/116.0.1938.76 Safari/537.36"
157.55.39.203 - - [30/Mar/2025:16:37:30 -0400] "GET /wp-includes/js/wp-emoji-release.min.js?ver=6.7.2 HTTP/1.1" 200 4676 "-" "Mozilla/5.0 AppleWebKit/537.36 (KHTML, like Gecko; compatible; bingbot/2.0; +http://www.bing.com/bingbot.htm) Chrome/116.0.1938.76 Safari/537.36"
198.54.114.83 - - [30/Mar/2025:16:43:06 -0400] "POST /wp-cron.php?doing_wp_cron=1743367385.7941710948944091796875 HTTP/1.1" 200 0 "-" "WordPress/6.7.2; https://baernblog.com"
198.54.114.83 - - [30/Mar/2025:16:43:06 -0400] "POST /wp-admin/admin-ajax.php?action=async_litespeed&nonce=Q96CuBAZUYSA0AycNqISGqYWFIyjlE4P&litespeed_type=imgoptm HTTP/1.1" 200 0 "-" "WordPress/6.7.2; https://baernblog.com"
54.36.148.6 - - [30/Mar/2025:16:43:01 -0400] "GET /page/11/ HTTP/1.1" 200 9324 "-" "Mozilla/5.0 (compatible; AhrefsBot/7.0; +http://ahrefs.com/robot/)"
46.248.188.180 - - [30/Mar/2025:16:45:24 -0400] "GET /robots.txt HTTP/1.1" 200 108 "-" "GuzzleHttp/7"
46.248.188.180 - - [30/Mar/2025:16:45:25 -0400] "GET /sitemap_index.xml HTTP/1.1" 200 292 "-" "GuzzleHttp/7"
198.54.114.83 - - [30/Mar/2025:16:45:29 -0400] "POST /wp-cron.php?doing_wp_cron=1743367528.2096619606018066406250 HTTP/1.1" 200 0 "-" "WordPress/6.7.2; https://baernblog.com"
46.248.188.180 - - [30/Mar/2025:16:45:30 -0400] "GET //sitemap.xml HTTP/1.1" 200 239 "-" "GuzzleHttp/7"
46.248.188.180 - - [30/Mar/2025:16:45:31 -0400] "GET //sitemap.xml HTTP/1.1" 200 239 "-" "GuzzleHttp/7"
198.54.114.83 - - [30/Mar/2025:16:51:39 -0400] "POST /wp-cron.php?doing_wp_cron=1743367898.9461650848388671875000 HTTP/1.1" 200 0 "-" "WordPress/6.7.2; https://baernblog.com"
198.54.114.83 - - [30/Mar/2025:16:51:40 -0400] "POST /wp-admin/admin-ajax.php?action=async_litespeed&nonce=vgtYwkHRyVRK4NaKF61eAXYdWP0ESqm9&litespeed_type=imgoptm HTTP/1.1" 200 5 "-" "WordPress/6.7.2; https://baernblog.com"
114.119.138.235 - - [30/Mar/2025:16:51:34 -0400] "GET /le-pouvoir-de-la-publicite-par-drapeau/ HTTP/1.1" 200 10464 "https://baernblog.com/la-publicite-par-drapeaux-une-strategie-visuelle-efficace/" "Mozilla/5.0 (Linux; Android 7.0;) AppleWebKit/537.36 (KHTML, like Gecko) Mobile Safari/537.36 (compatible; PetalBot;+https://webmaster.petalsearch.com/site/petalbot)"
198.54.114.83 - - [30/Mar/2025:16:52:52 -0400] "POST /wp-cron.php?doing_wp_cron=1743367972.1351320743560791015625 HTTP/1.1" 200 0 "-" "WordPress/6.7.2; https://baernblog.com"
54.36.148.137 - - [30/Mar/2025:16:52:51 -0400] "GET /page/87/ HTTP/1.1" 200 9492 "-" "Mozilla/5.0 (compatible; AhrefsBot/7.0; +http://ahrefs.com/robot/)"
198.54.114.83 - - [30/Mar/2025:16:52:52 -0400] "POST /wp-admin/admin-ajax.php?action=async_litespeed&nonce=lOSmwiqHiktSRGjgAkACjUarT6zLyDqC&litespeed_type=imgoptm HTTP/1.1" 200 5 "-" "WordPress/6.7.2; https://baernblog.com"
58.254.68.93 - - [30/Mar/2025:16:56:19 -0400] "GET /the-benefits-of-managed-investing/ HTTP/1.1" 200 10958 "https://baernblog.com" "Mozilla/5.0 (Windows NT 10.0; Win64; x64) AppleWebKit/537.36 (KHTML, like Gecko) Chrome/62.0.3202.94 Safari/537.36"
198.54.114.83 - - [30/Mar/2025:16:56:24 -0400] "POST /wp-cron.php?doing_wp_cron=1743368184.4690558910369873046875 HTTP/1.1" 200 0 "-" "WordPress/6.7.2; https://baernblog.com"
198.54.114.83 - - [30/Mar/2025:16:56:25 -0400] "POST /wp-admin/admin-ajax.php?action=async_litespeed&nonce=WazgcUp0GVHYyVSKGz1r8gVrK98DIfT4&litespeed_type=imgoptm HTTP/1.1" 200 5 "-" "WordPress/6.7.2; https://baernblog.com"
58.254.68.93 - - [30/Mar/2025:16:56:21 -0400] "POST /wp-comments-post.php HTTP/1.1" 302 0 "https://baernblog.com" "Mozilla/5.0 (Windows NT 10.0; Win64; x64) AppleWebKit/537.36 (KHTML, like Gecko) Chrome/62.0.3202.94 Safari/537.36"
58.254.68.93 - - [30/Mar/2025:16:56:26 -0400] "GET /the-benefits-of-managed-investing/ HTTP/1.1" 200 11681 "https://baernblog.com" "Mozilla/4.0 (compatible; MSIE 6.0; Windows NT 5.1; en) Opera 8.50"
54.36.148.138 - - [30/Mar/2025:17:01:38 -0400] "GET / HTTP/1.1" 200 77939 "-" "Mozilla/5.0 (compatible; AhrefsBot/7.0; +http://ahrefs.com/robot/)"
198.54.114.83 - - [30/Mar/2025:17:07:26 -0400] "POST /wp-cron.php?doing_wp_cron=1743368845.9791910648345947265625 HTTP/1.1" 200 0 "-" "WordPress/6.7.2; https://baernblog.com"
114.119.155.205 - - [30/Mar/2025:17:07:22 -0400] "GET /top-heroes-in-watcher-of-realms-unveiling-the-best/ HTTP/1.1" 200 10451 "https://baernblog.com/good-hair-dryer/" "Mozilla/5.0 (Linux; Android 7.0;) AppleWebKit/537.36 (KHTML, like Gecko) Mobile Safari/537.36 (compatible; PetalBot;+https://webmaster.petalsearch.com/site/petalbot)"
198.54.114.83 - - [30/Mar/2025:17:07:26 -0400] "POST /wp-admin/admin-ajax.php?action=async_litespeed&nonce=QMWzonL7ugwf7lfr8Vr2SbjD4FODenRZ&litespeed_type=imgoptm HTTP/1.1" 200 5 "-" "WordPress/6.7.2; https://baernblog.com"
198.54.114.83 - - [30/Mar/2025:17:09:40 -0400] "POST /wp-cron.php?doing_wp_cron=1743368980.4116671085357666015625 HTTP/1.1" 200 0 "-" "WordPress/6.7.2; https://baernblog.com"
114.119.135.232 - - [30/Mar/2025:17:09:39 -0400] "GET /nusapenida-one/ HTTP/1.1" 200 10025 "https://baernblog.com/unveiling-the-essence-of-kassia/" "Mozilla/5.0 (Linux; Android 7.0;) AppleWebKit/537.36 (KHTML, like Gecko) Mobile Safari/537.36 (compatible; PetalBot;+https://webmaster.petalsearch.com/site/petalbot)"
198.54.114.83 - - [30/Mar/2025:17:09:40 -0400] "POST /wp-admin/admin-ajax.php?action=async_litespeed&nonce=szdzV9j4ENgRK1RT8FWE7jfPPJLusmbv&litespeed_type=imgoptm HTTP/1.1" 200 5 "-" "WordPress/6.7.2; https://baernblog.com"
198.54.114.83 - - [30/Mar/2025:17:15:21 -0400] "POST /wp-cron.php?doing_wp_cron=1743369321.0671129226684570312500 HTTP/1.1" 200 0 "-" "WordPress/6.7.2; https://baernblog.com"
114.119.150.190 - - [30/Mar/2025:17:15:15 -0400] "GET /history-of-wallpaper-and-panoramic-tapestry/ HTTP/1.1" 200 11370 "https://baernblog.com/bienfaits-de-la-chlorelle-desintoxication-des-metaux-lourds-super-aliment-vert-etc/" "Mozilla/5.0 (Linux; Android 7.0;) AppleWebKit/537.36 (KHTML, like Gecko) Mobile Safari/537.36 (compatible; PetalBot;+https://webmaster.petalsearch.com/site/petalbot)"
198.54.114.83 - - [30/Mar/2025:17:15:23 -0400] "POST /wp-admin/admin-ajax.php?action=async_litespeed&nonce=2BZhHDyvjqpiC3fJFadcc4DVE73UBQAe&litespeed_type=imgoptm HTTP/1.1" 200 0 "-" "WordPress/6.7.2; https://baernblog.com"
114.119.135.232 - - [30/Mar/2025:17:17:49 -0400] "GET /exploring-existential-cinema-a-journey-through-philosophy-and-film/ HTTP/1.1" 200 11276 "https://baernblog.com/the-rise-of-online-casinos/" "Mozilla/5.0 (Linux; Android 7.0;) AppleWebKit/537.36 (KHTML, like Gecko) Mobile Safari/537.36 (compatible; PetalBot;+https://webmaster.petalsearch.com/site/petalbot)"
198.54.114.83 - - [30/Mar/2025:17:22:46 -0400] "POST /wp-cron.php?doing_wp_cron=1743369766.4584650993347167968750 HTTP/1.1" 200 0 "-" "WordPress/6.7.2; https://baernblog.com"
114.119.136.109 - - [30/Mar/2025:17:22:44 -0400] "GET /choosing-the-perfect-wedding-celebrant-in-auckland/ HTTP/1.1" 200 10500 "https://baernblog.com/ergonomie-et-style-limportance-du-mobilier-de-bureau/" "Mozilla/5.0 (Linux; Android 7.0;) AppleWebKit/537.36 (KHTML, like Gecko) Mobile Safari/537.36 (compatible; PetalBot;+https://webmaster.petalsearch.com/site/petalbot)"
198.54.114.83 - - [30/Mar/2025:17:22:46 -0400] "POST /wp-admin/admin-ajax.php?action=async_litespeed&nonce=mcz9yOmvsn5rEYaEdQDkjAvfAAWwYd6x&litespeed_type=imgoptm HTTP/1.1" 200 5 "-" "WordPress/6.7.2; https://baernblog.com"
198.54.114.83 - - [30/Mar/2025:17:25:46 -0400] "POST /wp-cron.php?doing_wp_cron=1743369946.7865290641784667968750 HTTP/1.1" 200 0 "-" "WordPress/6.7.2; https://baernblog.com"
114.119.150.190 - - [30/Mar/2025:17:25:44 -0400] "GET /category/activity/page/15/ HTTP/1.1" 200 9396 "https://baernblog.com/category/activity/page/15/" "Mozilla/5.0 (Linux; Android 7.0;) AppleWebKit/537.36 (KHTML, like Gecko) Mobile Safari/537.36 (compatible; PetalBot;+https://webmaster.petalsearch.com/site/petalbot)"
198.54.114.83 - - [30/Mar/2025:17:25:47 -0400] "POST /wp-admin/admin-ajax.php?action=async_litespeed&nonce=bE16FDRlLMHZL0MvickCeJrXv576qosB&litespeed_type=imgoptm HTTP/1.1" 200 0 "-" "WordPress/6.7.2; https://baernblog.com"
198.54.114.83 - - [30/Mar/2025:17:27:57 -0400] "POST /wp-admin/admin-ajax.php?action=async_litespeed&nonce=D9siGoOBcIxVhLll2BfC7Bu82zeQvoYi&litespeed_type=imgoptm HTTP/1.1" 200 5 "-" "WordPress/6.7.2; https://baernblog.com"
114.119.128.23 - - [30/Mar/2025:17:27:58 -0400] "GET /capturing-the-magic-of-santorini-a-photoshoot-to-remember/ HTTP/1.1" 200 10467 "https://baernblog.com/level-up-your-event-with-game-rentals/" "Mozilla/5.0 (Linux; Android 7.0;) AppleWebKit/537.36 (KHTML, like Gecko) Mobile Safari/537.36 (compatible; PetalBot;+https://webmaster.petalsearch.com/site/petalbot)"
173.245.207.242 - - [30/Mar/2025:17:27:58 -0400] "GET /the-benefits-of-managed-investing/ HTTP/1.1" 200 11882 "https://baernblog.com/the-benefits-of-managed-investing/#comment-22431" "Mozilla/5.0 (Windows NT 10.0; Win64; x64) AppleWebKit/537.36 (KHTML, like Gecko) Chrome/130.0.0.0 Safari/537.36 CCleaner/130.0.0.0"
198.54.114.83 - - [30/Mar/2025:17:54:25 -0400] "POST /wp-cron.php?doing_wp_cron=1743371665.0210471153259277343750 HTTP/1.1" 200 0 "-" "WordPress/6.7.2; https://baernblog.com"
198.54.114.83 - - [30/Mar/2025:17:54:25 -0400] "POST /wp-admin/admin-ajax.php?action=async_litespeed&nonce=BsMhPDoK5vWyeEmvgIAAeXWW55PQuBBB&litespeed_type=imgoptm HTTP/1.1" 200 5 "-" "WordPress/6.7.2; https://baernblog.com"
54.36.148.183 - - [30/Mar/2025:17:54:21 -0400] "GET /choosing-replacement-windows-in-swansea/ HTTP/1.1" 200 11710 "-" "Mozilla/5.0 (compatible; AhrefsBot/7.0; +http://ahrefs.com/robot/)"
185.180.141.70 - - [30/Mar/2025:18:17:06 -0400] "GET / HTTP/1.1" 200 77939 "-" "Mozilla/5.0 (Windows NT 10.0; Win64; x64) AppleWebKit/537.36 (KHTML, like Gecko) Chrome/60.0.3112.113 Safari/537.36"
185.180.141.67 - - [30/Mar/2025:18:17:39 -0400] "GET /favicon.ico HTTP/1.1" 404 1251 "-" "Mozilla/5.0 (Windows NT 10.0; WOW64) AppleWebKit/537.36 (KHTML, like Gecko) Chrome/66.0.3359.117 Safari/537.36"
185.180.141.68 - - [30/Mar/2025:18:17:41 -0400] "GET /license.txt HTTP/1.1" 200 6870 "-" "Mozilla/5.0 (Windows NT 10.0; Win64; x64) AppleWebKit/537.36 (KHTML, like Gecko) Chrome/60.0.3112.113 Safari/537.36"
198.54.114.83 - - [30/Mar/2025:18:18:12 -0400] "POST /wp-cron.php?doing_wp_cron=1743373091.7891669273376464843750 HTTP/1.1" 200 0 "-" "WordPress/6.7.2; https://baernblog.com"
185.180.141.69 - - [30/Mar/2025:18:18:07 -0400] "GET /wp-content/plugins/wp-time-capsule/readme.txt HTTP/1.1" 404 5943 "-" "Mozilla/5.0 (Windows NT 10.0; Win64; x64) AppleWebKit/537.36 (KHTML, like Gecko) Chrome/60.0.3112.113 Safari/537.36"
198.54.114.83 - - [30/Mar/2025:18:18:13 -0400] "POST /wp-admin/admin-ajax.php?action=async_litespeed&nonce=CjtVMjcnKasUFmVQtgbZlqBXYK8sls19&litespeed_type=imgoptm HTTP/1.1" 200 0 "-" "WordPress/6.7.2; https://baernblog.com"
185.180.141.67 - - [30/Mar/2025:18:18:43 -0400] "GET /wp-content/plugins/duplicate-post/readme.txt HTTP/1.1" 404 5943 "-" "Mozilla/5.0 (Windows NT 10.0; Win64; x64) AppleWebKit/537.36 (KHTML, like Gecko) Chrome/60.0.3112.113 Safari/537.36"
185.180.141.69 - - [30/Mar/2025:18:18:43 -0400] "GET /wp-content/plugins/w3-total-cache/readme.txt HTTP/1.1" 404 5943 "-" "Mozilla/5.0 (Windows NT 10.0; Win64; x64) AppleWebKit/537.36 (KHTML, like Gecko) Chrome/60.0.3112.113 Safari/537.36"
185.180.141.68 - - [30/Mar/2025:18:18:43 -0400] "GET /wp-content/plugins/wpforms-lite/readme.txt HTTP/1.1" 404 5943 "-" "Mozilla/5.0 (Windows NT 10.0; Win64; x64) AppleWebKit/537.36 (KHTML, like Gecko) Chrome/60.0.3112.113 Safari/537.36"
185.180.141.67 - - [30/Mar/2025:18:18:43 -0400] "GET /wp-content/plugins/jetpack/readme.txt HTTP/1.1" 404 5943 "-" "Mozilla/5.0 (Windows NT 10.0; Win64; x64) AppleWebKit/537.36 (KHTML, like Gecko) Chrome/60.0.3112.113 Safari/537.36"
185.180.141.68 - - [30/Mar/2025:18:18:43 -0400] "GET /wp-content/plugins/redirection/readme.txt HTTP/1.1" 404 5943 "-" "Mozilla/5.0 (Windows NT 10.0; Win64; x64) AppleWebKit/537.36 (KHTML, like Gecko) Chrome/60.0.3112.113 Safari/537.36"
185.180.141.68 - - [30/Mar/2025:18:18:44 -0400] "GET /wp-content/plugins/litespeed-cache/readme.txt HTTP/1.1" 200 10612 "-" "Mozilla/5.0 (Windows NT 10.0; Win64; x64) AppleWebKit/537.36 (KHTML, like Gecko) Chrome/60.0.3112.113 Safari/537.36"
185.180.141.70 - - [30/Mar/2025:18:18:44 -0400] "GET /wp-content/plugins/wordpress-seo/readme.txt HTTP/1.1" 200 8422 "-" "Mozilla/5.0 (Windows NT 10.0; Win64; x64) AppleWebKit/537.36 (KHTML, like Gecko) Chrome/60.0.3112.113 Safari/537.36"
185.180.141.68 - - [30/Mar/2025:18:18:43 -0400] "GET /wp-content/plugins/woocommerce/readme.txt HTTP/1.1" 404 5943 "-" "Mozilla/5.0 (Windows NT 10.0; Win64; x64) AppleWebKit/537.36 (KHTML, like Gecko) Chrome/60.0.3112.113 Safari/537.36"
198.54.114.83 - - [30/Mar/2025:18:18:45 -0400] "POST /wp-cron.php?doing_wp_cron=1743373123.5281260013580322265625 HTTP/1.1" 200 0 "-" "WordPress/6.7.2; https://baernblog.com"
185.180.141.70 - - [30/Mar/2025:18:18:44 -0400] "GET /wp-content/plugins/insert-headers-and-footers/readme.txt HTTP/1.1" 404 5943 "-" "Mozilla/5.0 (Windows NT 10.0; Win64; x64) AppleWebKit/537.36 (KHTML, like Gecko) Chrome/60.0.3112.113 Safari/537.36"
185.180.141.69 - - [30/Mar/2025:18:18:44 -0400] "GET /wp-content/plugins/svg-support/readme.txt HTTP/1.1" 404 5943 "-" "Mozilla/5.0 (Windows NT 10.0; Win64; x64) AppleWebKit/537.36 (KHTML, like Gecko) Chrome/60.0.3112.113 Safari/537.36"
185.180.141.70 - - [30/Mar/2025:18:18:44 -0400] "GET /wp-content/plugins/limit-login-attempts-reloaded/readme.txt HTTP/1.1" 404 5943 "-" "Mozilla/5.0 (Windows NT 10.0; Win64; x64) AppleWebKit/537.36 (KHTML, like Gecko) Chrome/60.0.3112.113 Safari/537.36"
185.180.141.70 - - [30/Mar/2025:18:18:43 -0400] "GET /wp-content/plugins/wp-super-cache/readme.txt HTTP/1.1" 404 5943 "-" "Mozilla/5.0 (Windows NT 10.0; Win64; x64) AppleWebKit/537.36 (KHTML, like Gecko) Chrome/60.0.3112.113 Safari/537.36"
185.180.141.70 - - [30/Mar/2025:18:18:43 -0400] "GET /wp-content/plugins/mailchimp-for-wp/readme.txt HTTP/1.1" 404 5943 "-" "Mozilla/5.0 (Windows NT 10.0; Win64; x64) AppleWebKit/537.36 (KHTML, like Gecko) Chrome/60.0.3112.113 Safari/537.36"
185.180.141.67 - - [30/Mar/2025:18:18:43 -0400] "GET /wp-content/plugins/wp-fastest-cache/readme.txt HTTP/1.1" 404 5943 "-" "Mozilla/5.0 (Windows NT 10.0; Win64; x64) AppleWebKit/537.36 (KHTML, like Gecko) Chrome/60.0.3112.113 Safari/537.36"
185.180.141.70 - - [30/Mar/2025:18:18:43 -0400] "GET /wp-content/plugins/ewww-image-optimizer/readme.txt HTTP/1.1" 404 5943 "-" "Mozilla/5.0 (Windows NT 10.0; Win64; x64) AppleWebKit/537.36 (KHTML, like Gecko) Chrome/60.0.3112.113 Safari/537.36"
185.180.141.68 - - [30/Mar/2025:18:18:43 -0400] "GET /wp-content/plugins/hostinger/readme.txt HTTP/1.1" 404 5943 "-" "Mozilla/5.0 (Windows NT 10.0; Win64; x64) AppleWebKit/537.36 (KHTML, like Gecko) Chrome/60.0.3112.113 Safari/537.36"
185.180.141.67 - - [30/Mar/2025:18:18:44 -0400] "GET /wp-content/plugins/envato-elements/readme.txt HTTP/1.1" 404 5943 "-" "Mozilla/5.0 (Windows NT 10.0; Win64; x64) AppleWebKit/537.36 (KHTML, like Gecko) Chrome/60.0.3112.113 Safari/537.36"
185.180.141.68 - - [30/Mar/2025:18:18:43 -0400] "GET /wp-content/plugins/header-footer-elementor/readme.txt HTTP/1.1" 404 5943 "-" "Mozilla/5.0 (Windows NT 10.0; Win64; x64) AppleWebKit/537.36 (KHTML, like Gecko) Chrome/60.0.3112.113 Safari/537.36"
185.180.141.69 - - [30/Mar/2025:18:18:43 -0400] "GET /wp-content/plugins/autoptimize/readme.txt HTTP/1.1" 404 5943 "-" "Mozilla/5.0 (Windows NT 10.0; Win64; x64) AppleWebKit/537.36 (KHTML, like Gecko) Chrome/60.0.3112.113 Safari/537.36"
185.180.141.69 - - [30/Mar/2025:18:18:44 -0400] "GET /wp-content/plugins/astra-sites/readme.txt HTTP/1.1" 404 5943 "-" "Mozilla/5.0 (Windows NT 10.0; Win64; x64) AppleWebKit/537.36 (KHTML, like Gecko) Chrome/60.0.3112.113 Safari/537.36"
185.180.141.68 - - [30/Mar/2025:18:18:44 -0400] "GET /wp-content/plugins/code-snippets/readme.txt HTTP/1.1" 404 5943 "-" "Mozilla/5.0 (Windows NT 10.0; Win64; x64) AppleWebKit/537.36 (KHTML, like Gecko) Chrome/60.0.3112.113 Safari/537.36"
185.180.141.68 - - [30/Mar/2025:18:18:44 -0400] "GET /wp-content/plugins/wp-optimize/readme.txt HTTP/1.1" 404 5943 "-" "Mozilla/5.0 (Windows NT 10.0; Win64; x64) AppleWebKit/537.36 (KHTML, like Gecko) Chrome/60.0.3112.113 Safari/537.36"
185.180.141.69 - - [30/Mar/2025:18:18:43 -0400] "GET /wp-content/plugins/better-wp-security/readme.txt HTTP/1.1" 404 5943 "-" "Mozilla/5.0 (Windows NT 10.0; Win64; x64) AppleWebKit/537.36 (KHTML, like Gecko) Chrome/60.0.3112.113 Safari/537.36"
185.180.141.69 - - [30/Mar/2025:18:18:43 -0400] "GET /wp-content/plugins/smart-slider-3/readme.txt HTTP/1.1" 404 5943 "-" "Mozilla/5.0 (Windows NT 10.0; Win64; x64) AppleWebKit/537.36 (KHTML, like Gecko) Chrome/60.0.3112.113 Safari/537.36"
185.180.141.70 - - [30/Mar/2025:18:18:44 -0400] "GET /wp-content/plugins/advanced-custom-fields/readme.txt HTTP/1.1" 404 5943 "-" "Mozilla/5.0 (Windows NT 10.0; Win64; x64) AppleWebKit/537.36 (KHTML, like Gecko) Chrome/60.0.3112.113 Safari/537.36"
185.180.141.70 - - [30/Mar/2025:18:18:44 -0400] "GET /wp-content/plugins/wps-hide-login/readme.txt HTTP/1.1" 404 5943 "-" "Mozilla/5.0 (Windows NT 10.0; Win64; x64) AppleWebKit/537.36 (KHTML, like Gecko) Chrome/60.0.3112.113 Safari/537.36"
185.180.141.68 - - [30/Mar/2025:18:18:45 -0400] "GET /wp-content/plugins/wordfence/readme.txt HTTP/1.1" 404 5943 "-" "Mozilla/5.0 (Windows NT 10.0; Win64; x64) AppleWebKit/537.36 (KHTML, like Gecko) Chrome/60.0.3112.113 Safari/537.36"
185.180.141.68 - - [30/Mar/2025:18:18:45 -0400] "GET /wp-content/plugins/disable-comments/readme.txt HTTP/1.1" 404 5943 "-" "Mozilla/5.0 (Windows NT 10.0; Win64; x64) AppleWebKit/537.36 (KHTML, like Gecko) Chrome/60.0.3112.113 Safari/537.36"
185.180.141.68 - - [30/Mar/2025:18:18:45 -0400] "GET /wp-content/plugins/complianz-gdpr/readme.txt HTTP/1.1" 404 5943 "-" "Mozilla/5.0 (Windows NT 10.0; Win64; x64) AppleWebKit/537.36 (KHTML, like Gecko) Chrome/60.0.3112.113 Safari/537.36"
185.180.141.68 - - [30/Mar/2025:18:18:45 -0400] "GET /wp-content/plugins/essential-addons-for-elementor-lite/readme.txt HTTP/1.1" 404 5943 "-" "Mozilla/5.0 (Windows NT 10.0; Win64; x64) AppleWebKit/537.36 (KHTML, like Gecko) Chrome/60.0.3112.113 Safari/537.36"
185.180.141.70 - - [30/Mar/2025:18:18:45 -0400] "GET /wp-content/plugins/google-site-kit/readme.txt HTTP/1.1" 404 5943 "-" "Mozilla/5.0 (Windows NT 10.0; Win64; x64) AppleWebKit/537.36 (KHTML, like Gecko) Chrome/60.0.3112.113 Safari/537.36"
185.180.141.70 - - [30/Mar/2025:18:18:45 -0400] "GET /wp-content/plugins/seo-by-rank-math/readme.txt HTTP/1.1" 404 5943 "-" "Mozilla/5.0 (Windows NT 10.0; Win64; x64) AppleWebKit/537.36 (KHTML, like Gecko) Chrome/60.0.3112.113 Safari/537.36"
185.180.141.67 - - [30/Mar/2025:18:18:45 -0400] "GET /wp-content/plugins/better-search-replace/readme.txt HTTP/1.1" 404 5943 "-" "Mozilla/5.0 (Windows NT 10.0; Win64; x64) AppleWebKit/537.36 (KHTML, like Gecko) Chrome/60.0.3112.113 Safari/537.36"
185.180.141.67 - - [30/Mar/2025:18:18:45 -0400] "GET /wp-content/plugins/duplicator/readme.txt HTTP/1.1" 404 5943 "-" "Mozilla/5.0 (Windows NT 10.0; Win64; x64) AppleWebKit/537.36 (KHTML, like Gecko) Chrome/60.0.3112.113 Safari/537.36"
185.180.141.67 - - [30/Mar/2025:18:18:46 -0400] "GET /wp-content/plugins/updraftplus/readme.txt HTTP/1.1" 404 5943 "-" "Mozilla/5.0 (Windows NT 10.0; Win64; x64) AppleWebKit/537.36 (KHTML, like Gecko) Chrome/60.0.3112.113 Safari/537.36"
185.180.141.68 - - [30/Mar/2025:18:18:45 -0400] "GET /wp-content/plugins/all-in-one-wp-security-and-firewall/readme.txt HTTP/1.1" 404 5943 "-" "Mozilla/5.0 (Windows NT 10.0; Win64; x64) AppleWebKit/537.36 (KHTML, like Gecko) Chrome/60.0.3112.113 Safari/537.36"
185.180.141.68 - - [30/Mar/2025:18:18:45 -0400] "GET /wp-content/plugins/ultimate-addons-for-gutenberg/readme.txt HTTP/1.1" 404 5943 "-" "Mozilla/5.0 (Windows NT 10.0; Win64; x64) AppleWebKit/537.36 (KHTML, like Gecko) Chrome/60.0.3112.113 Safari/537.36"
185.180.141.68 - - [30/Mar/2025:18:18:45 -0400] "GET /wp-content/plugins/duplicate-page/readme.txt HTTP/1.1" 404 5943 "-" "Mozilla/5.0 (Windows NT 10.0; Win64; x64) AppleWebKit/537.36 (KHTML, like Gecko) Chrome/60.0.3112.113 Safari/537.36"
185.180.141.67 - - [30/Mar/2025:18:18:46 -0400] "GET /wp-content/plugins/google-analytics-for-wordpress/readme.txt HTTP/1.1" 404 5943 "-" "Mozilla/5.0 (Windows NT 10.0; Win64; x64) AppleWebKit/537.36 (KHTML, like Gecko) Chrome/60.0.3112.113 Safari/537.36"
185.180.141.68 - - [30/Mar/2025:18:18:45 -0400] "GET /wp-content/plugins/coming-soon/readme.txt HTTP/1.1" 404 5943 "-" "Mozilla/5.0 (Windows NT 10.0; Win64; x64) AppleWebKit/537.36 (KHTML, like Gecko) Chrome/60.0.3112.113 Safari/537.36"
185.180.141.68 - - [30/Mar/2025:18:18:46 -0400] "GET /wp-content/plugins/really-simple-ssl/readme.txt HTTP/1.1" 404 5943 "-" "Mozilla/5.0 (Windows NT 10.0; Win64; x64) AppleWebKit/537.36 (KHTML, like Gecko) Chrome/60.0.3112.113 Safari/537.36"
185.180.141.68 - - [30/Mar/2025:18:18:46 -0400] "GET /wp-content/plugins/elementor/readme.txt HTTP/1.1" 404 5943 "-" "Mozilla/5.0 (Windows NT 10.0; Win64; x64) AppleWebKit/537.36 (KHTML, like Gecko) Chrome/60.0.3112.113 Safari/537.36"
185.180.141.67 - - [30/Mar/2025:18:18:46 -0400] "GET /wp-content/plugins/all-in-one-seo-pack/readme.txt HTTP/1.1" 404 5943 "-" "Mozilla/5.0 (Windows NT 10.0; Win64; x64) AppleWebKit/537.36 (KHTML, like Gecko) Chrome/60.0.3112.113 Safari/537.36"
185.180.141.69 - - [30/Mar/2025:18:18:46 -0400] "GET /wp-content/plugins/all-in-one-wp-migration/readme.txt HTTP/1.1" 404 5943 "-" "Mozilla/5.0 (Windows NT 10.0; Win64; x64) AppleWebKit/537.36 (KHTML, like Gecko) Chrome/60.0.3112.113 Safari/537.36"
185.180.141.70 - - [30/Mar/2025:18:18:46 -0400] "GET /wp-content/plugins/redux-framework/readme.txt HTTP/1.1" 404 5943 "-" "Mozilla/5.0 (Windows NT 10.0; Win64; x64) AppleWebKit/537.36 (KHTML, like Gecko) Chrome/60.0.3112.113 Safari/537.36"
185.180.141.70 - - [30/Mar/2025:18:18:46 -0400] "GET /wp-content/plugins/wp-file-manager/readme.txt HTTP/1.1" 404 5943 "-" "Mozilla/5.0 (Windows NT 10.0; Win64; x64) AppleWebKit/537.36 (KHTML, like Gecko) Chrome/60.0.3112.113 Safari/537.36"
185.180.141.68 - - [30/Mar/2025:18:18:46 -0400] "GET /wp-content/plugins/loginizer/readme.txt HTTP/1.1" 404 5943 "-" "Mozilla/5.0 (Windows NT 10.0; Win64; x64) AppleWebKit/537.36 (KHTML, like Gecko) Chrome/60.0.3112.113 Safari/537.36"
185.180.141.67 - - [30/Mar/2025:18:18:46 -0400] "GET /wp-content/plugins/contact-form-7/readme.txt HTTP/1.1" 404 5943 "-" "Mozilla/5.0 (Windows NT 10.0; Win64; x64) AppleWebKit/537.36 (KHTML, like Gecko) Chrome/60.0.3112.113 Safari/537.36"
185.180.141.67 - - [30/Mar/2025:18:18:46 -0400] "GET /wp-content/plugins/akismet/readme.txt HTTP/1.1" 404 5943 "-" "Mozilla/5.0 (Windows NT 10.0; Win64; x64) AppleWebKit/537.36 (KHTML, like Gecko) Chrome/60.0.3112.113 Safari/537.36"
185.180.141.67 - - [30/Mar/2025:18:18:46 -0400] "GET /wp-content/plugins/sg-security/readme.txt HTTP/1.1" 404 5943 "-" "Mozilla/5.0 (Windows NT 10.0; Win64; x64) AppleWebKit/537.36 (KHTML, like Gecko) Chrome/60.0.3112.113 Safari/537.36"
185.180.141.69 - - [30/Mar/2025:18:19:12 -0400] "GET /wp-content/plugins/bbpress/readme.txt HTTP/1.1" 404 5943 "-" "Mozilla/5.0 (Windows NT 10.0; Win64; x64) AppleWebKit/537.36 (KHTML, like Gecko) Chrome/60.0.3112.113 Safari/537.36"
54.36.148.167 - - [30/Mar/2025:18:19:29 -0400] "GET /category/activity/page/11/ HTTP/1.1" 200 9487 "-" "Mozilla/5.0 (compatible; AhrefsBot/7.0; +http://ahrefs.com/robot/)"
185.180.141.70 - - [30/Mar/2025:18:19:39 -0400] "GET /wp-content/plugins/iwp-client/readme.txt HTTP/1.1" 404 5943 "-" "Mozilla/5.0 (Windows NT 10.0; Win64; x64) AppleWebKit/537.36 (KHTML, like Gecko) Chrome/60.0.3112.113 Safari/537.36"
185.180.141.69 - - [30/Mar/2025:18:19:55 -0400] "GET /wp-content/plugins/kingcomposer/readme.txt HTTP/1.1" 404 5943 "-" "Mozilla/5.0 (Windows NT 10.0; Win64; x64) AppleWebKit/537.36 (KHTML, like Gecko) Chrome/60.0.3112.113 Safari/537.36"
185.180.141.70 - - [30/Mar/2025:18:20:14 -0400] "GET /wp-content/plugins/fancy-product-designer/readme.txt HTTP/1.1" 404 5943 "-" "Mozilla/5.0 (Windows NT 10.0; Win64; x64) AppleWebKit/537.36 (KHTML, like Gecko) Chrome/60.0.3112.113 Safari/537.36"
185.180.141.67 - - [30/Mar/2025:18:20:37 -0400] "GET /wp-content/plugins/wp-central/readme.txt HTTP/1.1" 404 5943 "-" "Mozilla/5.0 (Windows NT 10.0; Win64; x64) AppleWebKit/537.36 (KHTML, like Gecko) Chrome/60.0.3112.113 Safari/537.36"
198.54.114.83 - - [30/Mar/2025:18:21:02 -0400] "POST /wp-cron.php?doing_wp_cron=1743373261.9245328903198242187500 HTTP/1.1" 200 0 "-" "WordPress/6.7.2; https://baernblog.com"
185.180.141.69 - - [30/Mar/2025:18:21:01 -0400] "GET /wp-content/plugins/wp-video-lightbox/readme.txt HTTP/1.1" 404 5943 "-" "Mozilla/5.0 (Windows NT 10.0; Win64; x64) AppleWebKit/537.36 (KHTML, like Gecko) Chrome/60.0.3112.113 Safari/537.36"
198.54.114.83 - - [30/Mar/2025:18:21:03 -0400] "POST /wp-admin/admin-ajax.php?action=async_litespeed&nonce=6wtJQ61qccSHkG9YcjvqFV49fksyP6I7&litespeed_type=imgoptm HTTP/1.1" 200 0 "-" "WordPress/6.7.2; https://baernblog.com"
198.54.114.83 - - [30/Mar/2025:18:21:28 -0400] "POST /wp-cron.php?doing_wp_cron=1743373287.9642639160156250000000 HTTP/1.1" 200 0 "-" "WordPress/6.7.2; https://baernblog.com"
185.180.141.68 - - [30/Mar/2025:18:21:27 -0400] "GET /wp-content/plugins/wpschoolpress/readme.txt HTTP/1.1" 404 5943 "-" "Mozilla/5.0 (Windows NT 10.0; Win64; x64) AppleWebKit/537.36 (KHTML, like Gecko) Chrome/60.0.3112.113 Safari/537.36"
185.180.141.67 - - [30/Mar/2025:18:21:51 -0400] "GET /wp-content/plugins/wordpress-database-reset/readme.txt HTTP/1.1" 404 5943 "-" "Mozilla/5.0 (Windows NT 10.0; Win64; x64) AppleWebKit/537.36 (KHTML, like Gecko) Chrome/60.0.3112.113 Safari/537.36"
198.54.114.83 - - [30/Mar/2025:18:22:23 -0400] "POST /wp-cron.php?doing_wp_cron=1743373342.7230269908905029296875 HTTP/1.1" 200 0 "-" "WordPress/6.7.2; https://baernblog.com"
185.180.141.69 - - [30/Mar/2025:18:22:22 -0400] "GET /wp-content/plugins/wp-user-avatar/readme.txt HTTP/1.1" 404 5943 "-" "Mozilla/5.0 (Windows NT 10.0; Win64; x64) AppleWebKit/537.36 (KHTML, like Gecko) Chrome/60.0.3112.113 Safari/537.36"
185.180.141.70 - - [30/Mar/2025:18:22:39 -0400] "GET /wp-content/plugins/optinmonster/readme.txt HTTP/1.1" 404 5943 "-" "Mozilla/5.0 (Windows NT 10.0; Win64; x64) AppleWebKit/537.36 (KHTML, like Gecko) Chrome/60.0.3112.113 Safari/537.36"
185.180.141.69 - - [30/Mar/2025:18:23:01 -0400] "GET / HTTP/1.1" 200 77939 "-" "Mozilla/5.0 (Windows NT 10.0; Win64; x64) AppleWebKit/537.36 (KHTML, like Gecko) Chrome/60.0.3112.113 Safari/537.36"
198.54.114.83 - - [30/Mar/2025:18:29:48 -0400] "POST /wp-admin/admin-ajax.php?action=async_litespeed&nonce=2r6NYEls5Q0fMzoTrIUDBq718NVf3s7h&litespeed_type=imgoptm HTTP/1.1" 200 0 "-" "WordPress/6.7.2; https://baernblog.com"
185.174.156.124 - - [30/Mar/2025:18:29:50 -0400] "GET /the-benefits-of-managed-investing/ HTTP/1.1" 200 11790 "https://baernblog.com/the-benefits-of-managed-investing/#comment-22432" "Mozilla/5.0 (Windows NT 10.0; Win64; x64) AppleWebKit/537.36 (KHTML, like Gecko) Chrome/130.0.0.0 Safari/537.36 CCleaner/130.0.0.0"
198.54.114.83 - - [30/Mar/2025:18:34:54 -0400] "POST /wp-admin/admin-ajax.php?action=async_litespeed&nonce=IfVOITUY2L3q1nxq78e9N4Ozz3OMR149&litespeed_type=imgoptm HTTP/1.1" 200 5 "-" "WordPress/6.7.2; https://baernblog.com"
198.54.114.83 - - [30/Mar/2025:18:35:12 -0400] "POST /wp-admin/admin-ajax.php?action=async_litespeed&nonce=1arssTZVpFqyvnYaSeeCZXPW6nBbxPni&litespeed_type=imgoptm HTTP/1.1" 200 0 "-" "WordPress/6.7.2; https://baernblog.com"
198.54.114.83 - - [30/Mar/2025:18:36:41 -0400] "POST /wp-admin/admin-ajax.php?action=async_litespeed&nonce=ZiMcJaIallAZLBFAXF8KWCdK4fna9wix&litespeed_type=imgoptm HTTP/1.1" 200 5 "-" "WordPress/6.7.2; https://baernblog.com"
198.54.114.83 - - [30/Mar/2025:18:37:09 -0400] "POST /wp-admin/admin-ajax.php?action=async_litespeed&nonce=caHniVThgCYOwxfUrfIosGzIeRLJnbcF&litespeed_type=imgoptm HTTP/1.1" 200 5 "-" "WordPress/6.7.2; https://baernblog.com"
198.54.114.83 - - [30/Mar/2025:18:41:52 -0400] "POST /wp-cron.php?doing_wp_cron=1743374511.9278070926666259765625 HTTP/1.1" 200 0 "-" "WordPress/6.7.2; https://baernblog.com"
54.36.148.222 - - [30/Mar/2025:18:41:49 -0400] "GET /how-to-install-handmade-tile-backsplashes/ HTTP/1.1" 200 11102 "-" "Mozilla/5.0 (compatible; AhrefsBot/7.0; +http://ahrefs.com/robot/)"
198.54.114.83 - - [30/Mar/2025:18:41:54 -0400] "POST /wp-admin/admin-ajax.php?action=async_litespeed&nonce=w0hwV1sLBx42QynEYxp6YBDa8QT8sDXT&litespeed_type=imgoptm HTTP/1.1" 200 5 "-" "WordPress/6.7.2; https://baernblog.com"
198.54.114.83 - - [30/Mar/2025:18:47:47 -0400] "POST /wp-cron.php?doing_wp_cron=1743374867.5687279701232910156250 HTTP/1.1" 200 0 "-" "WordPress/6.7.2; https://baernblog.com"
3.217.41.206 - - [30/Mar/2025:18:47:44 -0400] "GET /why-does-a-501c3-need-insurance/ HTTP/1.1" 200 11038 "-" "Grammarly/1.0 (http://www.grammarly.com)"
198.54.114.83 - - [30/Mar/2025:18:47:48 -0400] "POST /wp-admin/admin-ajax.php?action=async_litespeed&nonce=nBvwwi64AC7YdsJDuUBYsLU0sb9Ua2YR&litespeed_type=imgoptm HTTP/1.1" 200 5 "-" "WordPress/6.7.2; https://baernblog.com"
58.254.68.93 - - [30/Mar/2025:18:54:41 -0400] "GET /how-to-get-vyvanse-prescription-online/ HTTP/1.1" 200 11054 "https://baernblog.com" "Mozilla/5.0 (Windows NT 10.0; Win64; x64) AppleWebKit/537.36 (KHTML, like Gecko) Chrome/62.0.3202.94 Safari/537.36"
198.54.114.83 - - [30/Mar/2025:18:54:45 -0400] "POST /wp-cron.php?doing_wp_cron=1743375284.8871970176696777343750 HTTP/1.1" 200 0 "-" "WordPress/6.7.2; https://baernblog.com"
198.54.114.83 - - [30/Mar/2025:18:54:45 -0400] "POST /wp-admin/admin-ajax.php?action=async_litespeed&nonce=xLpxNrOzsWbhNg8C7Xqx1fwV6zTs5nf5&litespeed_type=imgoptm HTTP/1.1" 200 5 "-" "WordPress/6.7.2; https://baernblog.com"
58.254.68.93 - - [30/Mar/2025:18:54:42 -0400] "POST /wp-comments-post.php HTTP/1.1" 302 0 "https://baernblog.com" "Mozilla/5.0 (Windows NT 10.0; Win64; x64) AppleWebKit/537.36 (KHTML, like Gecko) Chrome/62.0.3202.94 Safari/537.36"
58.254.68.93 - - [30/Mar/2025:18:54:48 -0400] "GET /how-to-get-vyvanse-prescription-online/ HTTP/1.1" 200 11824 "https://baernblog.com" "Mozilla/4.0 (compatible; MSIE 6.0; Windows NT 5.1; en) Opera 8.50"
198.54.114.83 - - [30/Mar/2025:19:04:14 -0400] "POST /wp-cron.php?doing_wp_cron=1743375854.1058590412139892578125 HTTP/1.1" 200 0 "-" "WordPress/6.7.2; https://baernblog.com"
198.54.114.83 - - [30/Mar/2025:19:04:14 -0400] "POST /wp-admin/admin-ajax.php?action=async_litespeed&nonce=jCWDYJBEM0movtVDkFxExQQdvKf1FsTe&litespeed_type=imgoptm HTTP/1.1" 200 5 "-" "WordPress/6.7.2; https://baernblog.com"
54.36.148.171 - - [30/Mar/2025:19:04:08 -0400] "GET /unlocking-the-magic-of-rainbow-riches-casino/ HTTP/1.1" 200 10225 "-" "Mozilla/5.0 (compatible; AhrefsBot/7.0; +http://ahrefs.com/robot/)"
198.54.114.83 - - [30/Mar/2025:19:19:08 -0400] "POST /wp-admin/admin-ajax.php?action=async_litespeed&nonce=T0UMGarRBuKsbFGPryGRNr4W6iRsqRwv&litespeed_type=imgoptm HTTP/1.1" 200 5 "-" "WordPress/6.7.2; https://baernblog.com"
176.67.86.247 - - [30/Mar/2025:19:19:09 -0400] "GET /the-benefits-of-managed-investing/ HTTP/1.1" 200 11748 "https://baernblog.com/the-benefits-of-managed-investing/#comment-22434" "Mozilla/5.0 (Windows NT 10.0; Win64; x64) AppleWebKit/537.36 (KHTML, like Gecko) Chrome/131.0.0.0 Safari/537.36 Avast/131.0.0.0"
198.54.114.83 - - [30/Mar/2025:19:27:08 -0400] "POST /wp-cron.php?doing_wp_cron=1743377228.6436529159545898437500 HTTP/1.1" 200 0 "-" "WordPress/6.7.2; https://baernblog.com"
85.208.98.16 - - [30/Mar/2025:19:27:06 -0400] "GET /idees-de-douche-modernes/ HTTP/1.1" 200 10731 "-" "Mozilla/5.0 (compatible; SemrushBot-BA; +http://www.semrush.com/bot.html)"
198.54.114.83 - - [30/Mar/2025:19:27:09 -0400] "POST /wp-admin/admin-ajax.php?action=async_litespeed&nonce=ptZjcDSUsU60KMqlshLQ2CdTNUii6YMS&litespeed_type=imgoptm HTTP/1.1" 200 5 "-" "WordPress/6.7.2; https://baernblog.com"
198.54.114.83 - - [30/Mar/2025:19:28:46 -0400] "POST /wp-cron.php?doing_wp_cron=1743377326.0870258808135986328125 HTTP/1.1" 200 0 "-" "WordPress/6.7.2; https://baernblog.com"
54.36.149.39 - - [30/Mar/2025:19:28:44 -0400] "GET /michael-kors-bags/ HTTP/1.1" 200 10386 "-" "Mozilla/5.0 (compatible; AhrefsBot/7.0; +http://ahrefs.com/robot/)"
198.54.114.83 - - [30/Mar/2025:19:28:47 -0400] "POST /wp-admin/admin-ajax.php?action=async_litespeed&nonce=GTOi6XiIXEfUds2MQNGYHDvam2euiQrS&litespeed_type=imgoptm HTTP/1.1" 200 5 "-" "WordPress/6.7.2; https://baernblog.com"
2a03:2880:f800:b:: - - [30/Mar/2025:19:45:45 -0400] "GET /are-the-sports-betting-champ-of-john-morrison-the-best-sports-betting-system/ HTTP/1.1" 200 10806 "-" "meta-externalagent/1.1 (+https://developers.facebook.com/docs/sharing/webmasters/crawler)"
198.54.114.83 - - [30/Mar/2025:19:53:14 -0400] "POST /wp-cron.php?doing_wp_cron=1743378793.9573690891265869140625 HTTP/1.1" 200 0 "-" "WordPress/6.7.2; https://baernblog.com"
54.36.148.71 - - [30/Mar/2025:19:53:11 -0400] "GET /comments/feed/ HTTP/1.1" 200 360 "-" "Mozilla/5.0 (compatible; AhrefsBot/7.0; +http://ahrefs.com/robot/)"
47.79.60.72 - - [30/Mar/2025:19:57:14 -0400] "GET / HTTP/1.1" 200 77939 "https://www.google.com/" "Mozilla/5.0 (Linux; Android 10; K) AppleWebKit/537.36 (KHTML, like Gecko) Chrome/132.0.0.0 Mobile Safari/537.36"
8.210.190.0 - - [30/Mar/2025:20:01:11 -0400] "HEAD /category/activity HTTP/1.1" 301 0 "-" "Mozilla/5.0 (Windows NT 6.1; Win64; x64) AppleWebKit/537.36 (KHTML, like Gecko) Chrome/69.0.3408.41 Safari/537.36"
47.242.160.82 - - [30/Mar/2025:20:01:11 -0400] "HEAD /page/2 HTTP/1.1" 301 0 "-" "Mozilla/5.0 (Windows NT 10.0; Win64; x64) AppleWebKit/537.36 (KHTML, like Gecko) Chrome/67.0.3113.49 Safari/537.36"
8.210.190.0 - - [30/Mar/2025:20:01:11 -0400] "HEAD /category/activity/ HTTP/1.1" 200 0 "-" "Mozilla/5.0 (Windows NT 6.1; Win64; x64) AppleWebKit/537.36 (KHTML, like Gecko) Chrome/69.0.3408.41 Safari/537.36"
47.242.160.82 - - [30/Mar/2025:20:01:11 -0400] "HEAD /page/2/ HTTP/1.1" 200 0 "-" "Mozilla/5.0 (Windows NT 10.0; Win64; x64) AppleWebKit/537.36 (KHTML, like Gecko) Chrome/67.0.3113.49 Safari/537.36"
8.210.190.0 - - [30/Mar/2025:20:01:11 -0400] "GET /category/activity HTTP/1.1" 301 0 "-" "Mozilla/5.0 (Windows NT 6.1; Win64; x64) AppleWebKit/537.36 (KHTML, like Gecko) Chrome/69.0.3408.41 Safari/537.36"
47.242.160.82 - - [30/Mar/2025:20:01:11 -0400] "GET /page/2 HTTP/1.1" 301 0 "-" "Mozilla/5.0 (Windows NT 10.0; Win64; x64) AppleWebKit/537.36 (KHTML, like Gecko) Chrome/67.0.3113.49 Safari/537.36"
8.210.190.0 - - [30/Mar/2025:20:01:11 -0400] "GET /category/activity/ HTTP/1.1" 200 9470 "-" "Mozilla/5.0 (Windows NT 6.1; Win64; x64) AppleWebKit/537.36 (KHTML, like Gecko) Chrome/69.0.3408.41 Safari/537.36"
47.242.160.82 - - [30/Mar/2025:20:01:11 -0400] "GET /page/2/ HTTP/1.1" 200 9615 "-" "Mozilla/5.0 (Windows NT 10.0; Win64; x64) AppleWebKit/537.36 (KHTML, like Gecko) Chrome/67.0.3113.49 Safari/537.36"
8.210.86.148 - - [30/Mar/2025:20:01:35 -0400] "HEAD /category/activity HTTP/1.1" 301 0 "-" "Mozilla/5.0 (Windows NT 6.1; Win64; x64) AppleWebKit/537.36 (KHTML, like Gecko) Chrome/73.0.3816.24 Safari/537.36"
47.243.48.79 - - [30/Mar/2025:20:01:35 -0400] "HEAD /page/2 HTTP/1.1" 301 0 "-" "Mozilla/5.0 (Windows NT 6.0; Win64; x64) AppleWebKit/537.36 (KHTML, like Gecko) Chrome/65.0.2602.74 Safari/537.36"
8.210.86.148 - - [30/Mar/2025:20:01:35 -0400] "HEAD /category/activity/ HTTP/1.1" 200 0 "-" "Mozilla/5.0 (Windows NT 6.1; Win64; x64) AppleWebKit/537.36 (KHTML, like Gecko) Chrome/73.0.3816.24 Safari/537.36"
47.243.48.79 - - [30/Mar/2025:20:01:35 -0400] "HEAD /page/2/ HTTP/1.1" 200 0 "-" "Mozilla/5.0 (Windows NT 6.0; Win64; x64) AppleWebKit/537.36 (KHTML, like Gecko) Chrome/65.0.2602.74 Safari/537.36"
8.210.86.148 - - [30/Mar/2025:20:01:36 -0400] "GET /category/activity HTTP/1.1" 301 0 "-" "Mozilla/5.0 (Windows NT 6.1; Win64; x64) AppleWebKit/537.36 (KHTML, like Gecko) Chrome/73.0.3816.24 Safari/537.36"
47.243.48.79 - - [30/Mar/2025:20:01:36 -0400] "GET /page/2 HTTP/1.1" 301 0 "-" "Mozilla/5.0 (Windows NT 6.0; Win64; x64) AppleWebKit/537.36 (KHTML, like Gecko) Chrome/65.0.2602.74 Safari/537.36"
8.210.86.148 - - [30/Mar/2025:20:01:36 -0400] "GET /category/activity/ HTTP/1.1" 200 9470 "-" "Mozilla/5.0 (Windows NT 6.1; Win64; x64) AppleWebKit/537.36 (KHTML, like Gecko) Chrome/73.0.3816.24 Safari/537.36"
47.243.48.79 - - [30/Mar/2025:20:01:36 -0400] "GET /page/2/ HTTP/1.1" 200 9615 "-" "Mozilla/5.0 (Windows NT 6.0; Win64; x64) AppleWebKit/537.36 (KHTML, like Gecko) Chrome/65.0.2602.74 Safari/537.36"
114.119.148.160 - - [30/Mar/2025:20:01:45 -0400] "GET /nacimiento-de-la-agencia-digital/ HTTP/1.1" 200 12299 "https://baernblog.com/die-richtige-individuell-bedruckte-flagge-auswahlen-und-bestellen/" "Mozilla/5.0 (Linux; Android 7.0;) AppleWebKit/537.36 (KHTML, like Gecko) Mobile Safari/537.36 (compatible; PetalBot;+https://webmaster.petalsearch.com/site/petalbot)"
47.243.91.206 - - [30/Mar/2025:20:02:02 -0400] "HEAD /page/2 HTTP/1.1" 301 0 "-" "Mozilla/5.0 (Windows NT 6.3; Win64; x64) AppleWebKit/537.36 (KHTML, like Gecko) Chrome/74.0.2558.93 Safari/537.36"
47.243.91.206 - - [30/Mar/2025:20:02:02 -0400] "HEAD /page/2/ HTTP/1.1" 200 0 "-" "Mozilla/5.0 (Windows NT 6.3; Win64; x64) AppleWebKit/537.36 (KHTML, like Gecko) Chrome/74.0.2558.93 Safari/537.36"
47.243.91.206 - - [30/Mar/2025:20:02:02 -0400] "GET /page/2 HTTP/1.1" 301 0 "-" "Mozilla/5.0 (Windows NT 6.3; Win64; x64) AppleWebKit/537.36 (KHTML, like Gecko) Chrome/74.0.2558.93 Safari/537.36"
47.243.91.206 - - [30/Mar/2025:20:02:02 -0400] "GET /page/2/ HTTP/1.1" 200 9615 "-" "Mozilla/5.0 (Windows NT 6.3; Win64; x64) AppleWebKit/537.36 (KHTML, like Gecko) Chrome/74.0.2558.93 Safari/537.36"
47.242.95.94 - - [30/Mar/2025:20:02:53 -0400] "HEAD /category/activity HTTP/1.1" 301 0 "-" "Mozilla/5.0 (Windows NT 6.3; Win64; x64) AppleWebKit/537.36 (KHTML, like Gecko) Chrome/76.0.2984.54 Safari/537.36"
47.242.95.94 - - [30/Mar/2025:20:02:53 -0400] "HEAD /category/activity/ HTTP/1.1" 200 0 "-" "Mozilla/5.0 (Windows NT 6.3; Win64; x64) AppleWebKit/537.36 (KHTML, like Gecko) Chrome/76.0.2984.54 Safari/537.36"
47.242.95.94 - - [30/Mar/2025:20:02:54 -0400] "GET /category/activity HTTP/1.1" 301 0 "-" "Mozilla/5.0 (Windows NT 6.3; Win64; x64) AppleWebKit/537.36 (KHTML, like Gecko) Chrome/76.0.2984.54 Safari/537.36"
47.242.95.94 - - [30/Mar/2025:20:02:54 -0400] "GET /category/activity/ HTTP/1.1" 200 9470 "-" "Mozilla/5.0 (Windows NT 6.3; Win64; x64) AppleWebKit/537.36 (KHTML, like Gecko) Chrome/76.0.2984.54 Safari/537.36"
47.243.89.37 - - [30/Mar/2025:20:03:19 -0400] "HEAD /page/2 HTTP/1.1" 301 0 "-" "Mozilla/5.0 (Windows NT 6.0; Win64; x64) AppleWebKit/537.36 (KHTML, like Gecko) Chrome/78.0.2633.94 Safari/537.36"
47.243.89.37 - - [30/Mar/2025:20:03:19 -0400] "HEAD /page/2/ HTTP/1.1" 200 0 "-" "Mozilla/5.0 (Windows NT 6.0; Win64; x64) AppleWebKit/537.36 (KHTML, like Gecko) Chrome/78.0.2633.94 Safari/537.36"
47.243.89.37 - - [30/Mar/2025:20:03:20 -0400] "GET /page/2 HTTP/1.1" 301 0 "-" "Mozilla/5.0 (Windows NT 6.0; Win64; x64) AppleWebKit/537.36 (KHTML, like Gecko) Chrome/78.0.2633.94 Safari/537.36"
47.243.89.37 - - [30/Mar/2025:20:03:20 -0400] "GET /page/2/ HTTP/1.1" 200 9615 "-" "Mozilla/5.0 (Windows NT 6.0; Win64; x64) AppleWebKit/537.36 (KHTML, like Gecko) Chrome/78.0.2633.94 Safari/537.36"
8.210.66.89 - - [30/Mar/2025:20:03:45 -0400] "HEAD /category/activity HTTP/1.1" 301 0 "-" "Mozilla/5.0 (Windows NT 6.0; Win64; x64) AppleWebKit/537.36 (KHTML, like Gecko) Chrome/67.0.3029.193 Safari/537.36"
8.218.91.49 - - [30/Mar/2025:20:03:45 -0400] "HEAD /page/2 HTTP/1.1" 301 0 "-" "Mozilla/5.0 (Windows NT 6.1; Win64; x64) AppleWebKit/537.36 (KHTML, like Gecko) Chrome/73.0.2005.87 Safari/537.36"
8.210.66.89 - - [30/Mar/2025:20:03:45 -0400] "HEAD /category/activity/ HTTP/1.1" 200 0 "-" "Mozilla/5.0 (Windows NT 6.0; Win64; x64) AppleWebKit/537.36 (KHTML, like Gecko) Chrome/67.0.3029.193 Safari/537.36"
