2a03:2880:27ff:71:: - - [02/Apr/2025:04:27:13 -0400] "GET /wp-includes/js/jquery/jquery.min.js?ver=3.7.1 HTTP/1.1" 304 0 "-" "meta-externalagent/1.1 (+https://developers.facebook.com/docs/sharing/webmasters/crawler)"
2a03:2880:27ff:1:: - - [02/Apr/2025:04:27:14 -0400] "GET /wp-content/themes/ascendoor-news/assets/js/navigation.min.js?ver=1.0.1 HTTP/1.1" 304 0 "-" "meta-externalagent/1.1 (+https://developers.facebook.com/docs/sharing/webmasters/crawler)"
2a03:2880:27ff:7:: - - [02/Apr/2025:04:27:14 -0400] "GET /wp-includes/js/jquery/jquery-migrate.min.js?ver=3.4.1 HTTP/1.1" 304 0 "-" "meta-externalagent/1.1 (+https://developers.facebook.com/docs/sharing/webmasters/crawler)"
2a03:2880:27ff:74:: - - [02/Apr/2025:04:27:14 -0400] "GET /wp-content/themes/ascendoor-news/assets/js/slick.min.js?ver=1.8.1 HTTP/1.1" 304 0 "-" "meta-externalagent/1.1 (+https://developers.facebook.com/docs/sharing/webmasters/crawler)"
2a03:2880:27ff:73:: - - [02/Apr/2025:04:27:14 -0400] "GET /wp-content/themes/ascendoor-news/assets/js/jquery.marquee.min.js?ver=1.6.0 HTTP/1.1" 304 0 "-" "meta-externalagent/1.1 (+https://developers.facebook.com/docs/sharing/webmasters/crawler)"
2a03:2880:27ff:74:: - - [02/Apr/2025:04:27:14 -0400] "GET /wp-content/themes/ascendoor-news/assets/js/custom.min.js?ver=1.0.1 HTTP/1.1" 304 0 "-" "meta-externalagent/1.1 (+https://developers.facebook.com/docs/sharing/webmasters/crawler)"
2a03:2880:27ff:71:: - - [02/Apr/2025:04:27:16 -0400] "GET /wp-includes/js/comment-reply.min.js?ver=6.7.2 HTTP/1.1" 304 0 "-" "meta-externalagent/1.1 (+https://developers.facebook.com/docs/sharing/webmasters/crawler)"
2a03:2880:27ff:44:: - - [02/Apr/2025:04:27:17 -0400] "GET /wp-includes/js/wp-emoji-release.min.js?ver=6.7.2 HTTP/1.1" 304 0 "-" "meta-externalagent/1.1 (+https://developers.facebook.com/docs/sharing/webmasters/crawler)"
3.19.255.50 - - [02/Apr/2025:04:27:20 -0400] "GET /why-it-is-important-to-consult-a-lake-charles-dui-lawyer HTTP/1.1" 301 0 "-" "Mozilla/5.0 AppleWebKit/537.36 (KHTML, like Gecko; compatible; ClaudeBot/1.0; +claudebot@anthropic.com)"
3.19.255.50 - - [02/Apr/2025:04:27:21 -0400] "GET /why-it-is-important-to-consult-a-lake-charles-dui-lawyer/ HTTP/1.1" 200 10527 "https://baernblog.com/why-it-is-important-to-consult-a-lake-charles-dui-lawyer" "Mozilla/5.0 AppleWebKit/537.36 (KHTML, like Gecko; compatible; ClaudeBot/1.0; +claudebot@anthropic.com)"
3.19.255.50 - - [02/Apr/2025:04:27:20 -0400] "GET /holen-sie-sich-ihre-hervorragend-gestalteten-cbd-hanfol-boxen/feed HTTP/1.1" 301 0 "-" "Mozilla/5.0 AppleWebKit/537.36 (KHTML, like Gecko; compatible; ClaudeBot/1.0; +claudebot@anthropic.com)"
198.54.114.83 - - [02/Apr/2025:04:27:21 -0400] "POST /wp-cron.php?doing_wp_cron=1743582440.9330968856811523437500 HTTP/1.1" 200 0 "-" "WordPress/6.7.2; https://baernblog.com"
3.19.255.50 - - [02/Apr/2025:04:27:21 -0400] "GET /the-ultimate-guide-to-jewellery-cleaners-keeping-your-precious-gems-sparkling HTTP/1.1" 301 0 "-" "Mozilla/5.0 AppleWebKit/537.36 (KHTML, like Gecko; compatible; ClaudeBot/1.0; +claudebot@anthropic.com)"
3.19.255.50 - - [02/Apr/2025:04:27:21 -0400] "GET /what-is-a-skinny-bbl HTTP/1.1" 301 0 "-" "Mozilla/5.0 AppleWebKit/537.36 (KHTML, like Gecko; compatible; ClaudeBot/1.0; +claudebot@anthropic.com)"
3.19.255.50 - - [02/Apr/2025:04:27:20 -0400] "GET /picking-a-suitable-skin-moisturizer HTTP/1.1" 301 0 "-" "Mozilla/5.0 AppleWebKit/537.36 (KHTML, like Gecko; compatible; ClaudeBot/1.0; +claudebot@anthropic.com)"
3.19.255.50 - - [02/Apr/2025:04:27:22 -0400] "GET /what-is-a-skinny-bbl/ HTTP/1.1" 200 10554 "https://baernblog.com/what-is-a-skinny-bbl" "Mozilla/5.0 AppleWebKit/537.36 (KHTML, like Gecko; compatible; ClaudeBot/1.0; +claudebot@anthropic.com)"
3.19.255.50 - - [02/Apr/2025:04:27:22 -0400] "GET /holen-sie-sich-ihre-hervorragend-gestalteten-cbd-hanfol-boxen/feed/ HTTP/1.1" 200 438 "https://baernblog.com/holen-sie-sich-ihre-hervorragend-gestalteten-cbd-hanfol-boxen/feed" "Mozilla/5.0 AppleWebKit/537.36 (KHTML, like Gecko; compatible; ClaudeBot/1.0; +claudebot@anthropic.com)"
3.19.255.50 - - [02/Apr/2025:04:27:23 -0400] "GET /the-ultimate-guide-to-jewellery-cleaners-keeping-your-precious-gems-sparkling/ HTTP/1.1" 200 11303 "https://baernblog.com/the-ultimate-guide-to-jewellery-cleaners-keeping-your-precious-gems-sparkling" "Mozilla/5.0 AppleWebKit/537.36 (KHTML, like Gecko; compatible; ClaudeBot/1.0; +claudebot@anthropic.com)"
198.54.114.83 - - [02/Apr/2025:04:27:22 -0400] "POST /wp-admin/admin-ajax.php?action=async_litespeed&nonce=YVwmmPeivnkLwRsZANk9yzfJ09QOGdIS&litespeed_type=imgoptm HTTP/1.1" 200 0 "-" "WordPress/6.7.2; https://baernblog.com"
3.19.255.50 - - [02/Apr/2025:04:27:23 -0400] "GET /picking-a-suitable-skin-moisturizer/ HTTP/1.1" 200 10896 "https://baernblog.com/picking-a-suitable-skin-moisturizer" "Mozilla/5.0 AppleWebKit/537.36 (KHTML, like Gecko; compatible; ClaudeBot/1.0; +claudebot@anthropic.com)"
47.79.117.192 - - [02/Apr/2025:04:29:25 -0400] "GET /free-qr-code/ HTTP/1.1" 200 0 "-" "Mozilla/5.0 (Windows NT 10.0; Win64; x64) AppleWebKit/537.36 (KHTML, like Gecko) Chrome/121.0.0.0 Safari/537.36 Edg/121.0.0.0 Trailer/93.3.3695.30"
47.79.118.102 - - [02/Apr/2025:04:29:38 -0400] "GET /unveiling-the-world-of-steroids-in-thailand/ HTTP/1.1" 200 0 "-" "Mozilla/5.0 (Windows NT 10.0; Win64; x64) AppleWebKit/537.36 (KHTML, like Gecko) Chrome/121.0.0.0 Safari/537.36 Edg/121.0.0.0"
47.79.117.192 - - [02/Apr/2025:04:29:38 -0400] "GET /free-qr-code/ HTTP/1.1" 200 10032 "-" "Mozilla/5.0 (Windows NT 10.0; Win64; x64) AppleWebKit/537.36 (KHTML, like Gecko) Chrome/121.0.0.0 Safari/537.36 Edg/121.0.0.0 Trailer/93.3.3695.30"
47.79.118.102 - - [02/Apr/2025:04:29:40 -0400] "GET /unveiling-the-world-of-steroids-in-thailand/ HTTP/1.1" 200 10878 "-" "Mozilla/5.0 (Windows NT 10.0; Win64; x64) AppleWebKit/537.36 (KHTML, like Gecko) Chrome/121.0.0.0 Safari/537.36 Edg/121.0.0.0"
18.119.120.88 - - [02/Apr/2025:04:29:46 -0400] "GET /property-in-bulgaria-guide-to-buying-property-in-bulgaria/ HTTP/1.1" 200 0 "-" "Mozilla/5.0 AppleWebKit/537.36 (KHTML, like Gecko; compatible; ClaudeBot/1.0; +claudebot@anthropic.com)"
18.119.120.88 - - [02/Apr/2025:04:29:46 -0400] "GET /finding-the-perfect-renovation-contractor HTTP/1.1" 200 0 "-" "Mozilla/5.0 AppleWebKit/537.36 (KHTML, like Gecko; compatible; ClaudeBot/1.0; +claudebot@anthropic.com)"
18.119.120.88 - - [02/Apr/2025:04:29:46 -0400] "GET /unveiling-the-world-of-steroids-in-thailand HTTP/1.1" 200 0 "-" "Mozilla/5.0 AppleWebKit/537.36 (KHTML, like Gecko; compatible; ClaudeBot/1.0; +claudebot@anthropic.com)"
18.119.120.88 - - [02/Apr/2025:04:29:46 -0400] "GET /assurance-rc-pro HTTP/1.1" 200 0 "-" "Mozilla/5.0 AppleWebKit/537.36 (KHTML, like Gecko; compatible; ClaudeBot/1.0; +claudebot@anthropic.com)"
18.119.120.88 - - [02/Apr/2025:04:29:46 -0400] "GET /exploring-the-thrills-of-online-casinos HTTP/1.1" 200 0 "-" "Mozilla/5.0 AppleWebKit/537.36 (KHTML, like Gecko; compatible; ClaudeBot/1.0; +claudebot@anthropic.com)"
198.54.114.83 - - [02/Apr/2025:04:29:59 -0400] "POST /wp-cron.php?doing_wp_cron=1743582595.6406021118164062500000 HTTP/1.1" 200 0 "-" "WordPress/6.7.2; https://baernblog.com"
198.54.114.83 - - [02/Apr/2025:04:29:59 -0400] "POST /wp-cron.php?doing_wp_cron=1743582595.6230270862579345703125 HTTP/1.1" 200 0 "-" "WordPress/6.7.2; https://baernblog.com"
198.54.114.83 - - [02/Apr/2025:04:29:59 -0400] "POST /wp-cron.php?doing_wp_cron=1743582595.6235320568084716796875 HTTP/1.1" 200 0 "-" "WordPress/6.7.2; https://baernblog.com"
51.222.253.17 - - [02/Apr/2025:04:30:17 -0400] "GET /robots.txt HTTP/1.1" 304 0 "-" "Mozilla/5.0 (compatible; AhrefsBot/7.0; +http://ahrefs.com/robot/)"
198.54.114.83 - - [02/Apr/2025:04:32:13 -0400] "POST /wp-cron.php?doing_wp_cron=1743582732.0361380577087402343750 HTTP/1.1" 200 0 "-" "WordPress/6.7.2; https://baernblog.com"
198.54.114.83 - - [02/Apr/2025:04:32:13 -0400] "POST /wp-cron.php?doing_wp_cron=1743582732.0318219661712646484375 HTTP/1.1" 200 0 "-" "WordPress/6.7.2; https://baernblog.com"
198.54.114.83 - - [02/Apr/2025:04:32:13 -0400] "POST /wp-cron.php?doing_wp_cron=1743582732.0554978847503662109375 HTTP/1.1" 200 0 "-" "WordPress/6.7.2; https://baernblog.com"
198.54.114.83 - - [02/Apr/2025:04:32:13 -0400] "POST /wp-cron.php?doing_wp_cron=1743582732.0317940711975097656250 HTTP/1.1" 200 0 "-" "WordPress/6.7.2; https://baernblog.com"
198.54.114.83 - - [02/Apr/2025:04:32:13 -0400] "POST /wp-cron.php?doing_wp_cron=1743582732.0386929512023925781250 HTTP/1.1" 200 0 "-" "WordPress/6.7.2; https://baernblog.com"
3.21.35.63 - - [02/Apr/2025:04:32:08 -0400] "GET /heritage-of-craftsmanship HTTP/1.1" 301 0 "-" "Mozilla/5.0 AppleWebKit/537.36 (KHTML, like Gecko; compatible; ClaudeBot/1.0; +claudebot@anthropic.com)"
3.21.35.63 - - [02/Apr/2025:04:32:08 -0400] "GET /tiled-conservatory-roof HTTP/1.1" 301 0 "-" "Mozilla/5.0 AppleWebKit/537.36 (KHTML, like Gecko; compatible; ClaudeBot/1.0; +claudebot@anthropic.com)"
3.21.35.63 - - [02/Apr/2025:04:32:08 -0400] "GET /loan-for-foreigners-singapore-what-you-need-to-know HTTP/1.1" 301 0 "-" "Mozilla/5.0 AppleWebKit/537.36 (KHTML, like Gecko; compatible; ClaudeBot/1.0; +claudebot@anthropic.com)"
3.21.35.63 - - [02/Apr/2025:04:32:08 -0400] "GET /revolutionizing-energy-storage-with-graphene-batteries HTTP/1.1" 301 0 "-" "Mozilla/5.0 AppleWebKit/537.36 (KHTML, like Gecko; compatible; ClaudeBot/1.0; +claudebot@anthropic.com)"
3.21.35.63 - - [02/Apr/2025:04:32:08 -0400] "GET /entertainment-and-strategy HTTP/1.1" 301 0 "-" "Mozilla/5.0 AppleWebKit/537.36 (KHTML, like Gecko; compatible; ClaudeBot/1.0; +claudebot@anthropic.com)"
3.21.35.63 - - [02/Apr/2025:04:32:14 -0400] "GET /heritage-of-craftsmanship/ HTTP/1.1" 200 10465 "https://baernblog.com/heritage-of-craftsmanship" "Mozilla/5.0 AppleWebKit/537.36 (KHTML, like Gecko; compatible; ClaudeBot/1.0; +claudebot@anthropic.com)"
3.21.35.63 - - [02/Apr/2025:04:32:14 -0400] "GET /loan-for-foreigners-singapore-what-you-need-to-know/ HTTP/1.1" 200 11004 "https://baernblog.com/loan-for-foreigners-singapore-what-you-need-to-know" "Mozilla/5.0 AppleWebKit/537.36 (KHTML, like Gecko; compatible; ClaudeBot/1.0; +claudebot@anthropic.com)"
3.21.35.63 - - [02/Apr/2025:04:32:14 -0400] "GET /revolutionizing-energy-storage-with-graphene-batteries/ HTTP/1.1" 200 10597 "https://baernblog.com/revolutionizing-energy-storage-with-graphene-batteries" "Mozilla/5.0 AppleWebKit/537.36 (KHTML, like Gecko; compatible; ClaudeBot/1.0; +claudebot@anthropic.com)"
3.21.35.63 - - [02/Apr/2025:04:32:14 -0400] "GET /entertainment-and-strategy/ HTTP/1.1" 200 10592 "https://baernblog.com/entertainment-and-strategy" "Mozilla/5.0 AppleWebKit/537.36 (KHTML, like Gecko; compatible; ClaudeBot/1.0; +claudebot@anthropic.com)"
3.21.35.63 - - [02/Apr/2025:04:32:14 -0400] "GET /tiled-conservatory-roof/ HTTP/1.1" 200 10026 "https://baernblog.com/tiled-conservatory-roof" "Mozilla/5.0 AppleWebKit/537.36 (KHTML, like Gecko; compatible; ClaudeBot/1.0; +claudebot@anthropic.com)"
47.82.23.166 - - [02/Apr/2025:04:32:36 -0400] "GET /outsource-photo-editing-2/ HTTP/1.1" 200 10031 "-" "Mozilla/5.0 (Linux; Android 10; K) AppleWebKit/537.36 (KHTML, like Gecko) Chrome/122.0.0.0 Mobile Safari/537.36"
47.82.22.62 - - [02/Apr/2025:04:33:48 -0400] "GET /unveiling-the-thrills-of-online-casinos/ HTTP/1.1" 200 11557 "-" "Mozilla/5.0 (Windows NT 10.0; Win64; x64) AppleWebKit/537.36 (KHTML, like Gecko) Chrome/121.0.0.0 Safari/537.36 Edg/121.0.0.0"
47.79.7.75 - - [02/Apr/2025:04:33:55 -0400] "GET /holen-sie-sich-ihre-hervorragend-gestalteten-cbd-hanfol-boxen/ HTTP/1.1" 200 12143 "-" "Mozilla/5.0 (Linux; Android 10; K) AppleWebKit/537.36 (KHTML, like Gecko) Chrome/121.0.0.0 Mobile Safari/537.36 EdgA/121.0.0.0"
198.54.114.83 - - [02/Apr/2025:04:34:32 -0400] "POST /wp-cron.php?doing_wp_cron=1743582872.6969180107116699218750 HTTP/1.1" 200 0 "-" "WordPress/6.7.2; https://baernblog.com"
198.54.114.83 - - [02/Apr/2025:04:34:32 -0400] "POST /wp-cron.php?doing_wp_cron=1743582872.6953480243682861328125 HTTP/1.1" 200 0 "-" "WordPress/6.7.2; https://baernblog.com"
198.54.114.83 - - [02/Apr/2025:04:34:32 -0400] "POST /wp-cron.php?doing_wp_cron=1743582872.7012920379638671875000 HTTP/1.1" 200 0 "-" "WordPress/6.7.2; https://baernblog.com"
198.54.114.83 - - [02/Apr/2025:04:34:32 -0400] "POST /wp-cron.php?doing_wp_cron=1743582872.6954340934753417968750 HTTP/1.1" 200 0 "-" "WordPress/6.7.2; https://baernblog.com"
198.54.114.83 - - [02/Apr/2025:04:34:32 -0400] "POST /wp-cron.php?doing_wp_cron=1743582872.6983120441436767578125 HTTP/1.1" 200 0 "-" "WordPress/6.7.2; https://baernblog.com"
3.138.170.222 - - [02/Apr/2025:04:34:30 -0400] "GET /lake-winnipesaukee-new-hampshires-playground HTTP/1.1" 301 0 "-" "Mozilla/5.0 AppleWebKit/537.36 (KHTML, like Gecko; compatible; ClaudeBot/1.0; +claudebot@anthropic.com)"
3.138.170.222 - - [02/Apr/2025:04:34:29 -0400] "GET /exploring-the-world-of-rainbow-riches-casino HTTP/1.1" 301 0 "-" "Mozilla/5.0 AppleWebKit/537.36 (KHTML, like Gecko; compatible; ClaudeBot/1.0; +claudebot@anthropic.com)"
3.138.170.222 - - [02/Apr/2025:04:34:31 -0400] "GET /health-coach-skills-what-skills-do-health-coaches-need HTTP/1.1" 301 0 "-" "Mozilla/5.0 AppleWebKit/537.36 (KHTML, like Gecko; compatible; ClaudeBot/1.0; +claudebot@anthropic.com)"
3.138.170.222 - - [02/Apr/2025:04:34:30 -0400] "GET /diamond-painting-animals-a-fun-and-rewarding-hobby HTTP/1.1" 301 0 "-" "Mozilla/5.0 AppleWebKit/537.36 (KHTML, like Gecko; compatible; ClaudeBot/1.0; +claudebot@anthropic.com)"
3.138.170.222 - - [02/Apr/2025:04:34:30 -0400] "GET /accounting-hattingen HTTP/1.1" 301 0 "-" "Mozilla/5.0 AppleWebKit/537.36 (KHTML, like Gecko; compatible; ClaudeBot/1.0; +claudebot@anthropic.com)"
198.54.114.83 - - [02/Apr/2025:04:34:35 -0400] "POST /wp-admin/admin-ajax.php?action=async_litespeed&nonce=NgV2vHypyeU6guNjrYWti3TxgEm7dRgj&litespeed_type=imgoptm HTTP/1.1" 200 0 "-" "WordPress/6.7.2; https://baernblog.com"
3.138.170.222 - - [02/Apr/2025:04:34:35 -0400] "GET /lake-winnipesaukee-new-hampshires-playground/ HTTP/1.1" 200 11586 "https://baernblog.com/lake-winnipesaukee-new-hampshires-playground" "Mozilla/5.0 AppleWebKit/537.36 (KHTML, like Gecko; compatible; ClaudeBot/1.0; +claudebot@anthropic.com)"
3.138.170.222 - - [02/Apr/2025:04:34:35 -0400] "GET /exploring-the-world-of-rainbow-riches-casino/ HTTP/1.1" 200 10569 "https://baernblog.com/exploring-the-world-of-rainbow-riches-casino" "Mozilla/5.0 AppleWebKit/537.36 (KHTML, like Gecko; compatible; ClaudeBot/1.0; +claudebot@anthropic.com)"
3.138.170.222 - - [02/Apr/2025:04:34:35 -0400] "GET /health-coach-skills-what-skills-do-health-coaches-need/ HTTP/1.1" 200 11073 "https://baernblog.com/health-coach-skills-what-skills-do-health-coaches-need" "Mozilla/5.0 AppleWebKit/537.36 (KHTML, like Gecko; compatible; ClaudeBot/1.0; +claudebot@anthropic.com)"
3.138.170.222 - - [02/Apr/2025:04:34:35 -0400] "GET /diamond-painting-animals-a-fun-and-rewarding-hobby/ HTTP/1.1" 200 11000 "https://baernblog.com/diamond-painting-animals-a-fun-and-rewarding-hobby" "Mozilla/5.0 AppleWebKit/537.36 (KHTML, like Gecko; compatible; ClaudeBot/1.0; +claudebot@anthropic.com)"
3.138.170.222 - - [02/Apr/2025:04:34:35 -0400] "GET /accounting-hattingen/ HTTP/1.1" 200 10030 "https://baernblog.com/accounting-hattingen" "Mozilla/5.0 AppleWebKit/537.36 (KHTML, like Gecko; compatible; ClaudeBot/1.0; +claudebot@anthropic.com)"
91.142.73.116 - - [02/Apr/2025:04:35:27 -0400] "GET /cbd-oil-for-anxiety-uk-a-conclusive-account/ HTTP/1.1" 200 11126 "https://baernblog.com/cbd-oil-for-anxiety-uk-a-conclusive-account/#comment-15370/" "Mozilla/5.0 (Windows NT 10.0; Win64; x64) AppleWebKit/537.36 (KHTML, like Gecko) Chrome/130.0.0.0 Safari/537.36 CCleaner/130.0.0.0"
91.142.73.116 - - [02/Apr/2025:04:35:32 -0400] "POST /wp-comments-post.php HTTP/1.1" 302 0 "https://baernblog.com/cbd-oil-for-anxiety-uk-a-conclusive-account/#comment-15370/" "Mozilla/5.0 (Windows NT 10.0; Win64; x64) AppleWebKit/537.36 (KHTML, like Gecko) Chrome/130.0.0.0 Safari/537.36 CCleaner/130.0.0.0"
198.54.114.83 - - [02/Apr/2025:04:35:38 -0400] "POST /wp-cron.php?doing_wp_cron=1743582933.5842049121856689453125 HTTP/1.1" 200 0 "-" "WordPress/6.7.2; https://baernblog.com"
91.142.73.116 - - [02/Apr/2025:04:35:41 -0400] "GET /cbd-oil-for-anxiety-uk-a-conclusive-account/ HTTP/1.1" 200 13142 "https://baernblog.com/cbd-oil-for-anxiety-uk-a-conclusive-account/#comment-22606" "Mozilla/5.0 (Windows NT 10.0; Win64; x64) AppleWebKit/537.36 (KHTML, like Gecko) Chrome/130.0.0.0 Safari/537.36 CCleaner/130.0.0.0"
198.54.114.83 - - [02/Apr/2025:04:36:52 -0400] "POST /wp-cron.php?doing_wp_cron=1743583012.3219170570373535156250 HTTP/1.1" 200 0 "-" "WordPress/6.7.2; https://baernblog.com"
198.54.114.83 - - [02/Apr/2025:04:36:52 -0400] "POST /wp-cron.php?doing_wp_cron=1743583012.3514990806579589843750 HTTP/1.1" 200 0 "-" "WordPress/6.7.2; https://baernblog.com"
198.54.114.83 - - [02/Apr/2025:04:36:52 -0400] "POST /wp-cron.php?doing_wp_cron=1743583012.4393389225006103515625 HTTP/1.1" 200 0 "-" "WordPress/6.7.2; https://baernblog.com"
198.54.114.83 - - [02/Apr/2025:04:36:53 -0400] "POST /wp-cron.php?doing_wp_cron=1743583012.3214430809020996093750 HTTP/1.1" 200 0 "-" "WordPress/6.7.2; https://baernblog.com"
18.117.252.141 - - [02/Apr/2025:04:36:51 -0400] "GET /nozzle-for-fire-hoses HTTP/1.1" 301 0 "-" "Mozilla/5.0 AppleWebKit/537.36 (KHTML, like Gecko; compatible; ClaudeBot/1.0; +claudebot@anthropic.com)"
18.117.252.141 - - [02/Apr/2025:04:36:51 -0400] "GET /nozzle-for-fire-hose HTTP/1.1" 301 0 "-" "Mozilla/5.0 AppleWebKit/537.36 (KHTML, like Gecko; compatible; ClaudeBot/1.0; +claudebot@anthropic.com)"
18.117.252.141 - - [02/Apr/2025:04:36:53 -0400] "GET /nozzle-for-fire-hoses/ HTTP/1.1" 200 10076 "https://baernblog.com/nozzle-for-fire-hoses" "Mozilla/5.0 AppleWebKit/537.36 (KHTML, like Gecko; compatible; ClaudeBot/1.0; +claudebot@anthropic.com)"
18.117.252.141 - - [02/Apr/2025:04:36:51 -0400] "GET /un-service-de-traiteur-de-qualite-a-nanterre HTTP/1.1" 301 0 "-" "Mozilla/5.0 AppleWebKit/537.36 (KHTML, like Gecko; compatible; ClaudeBot/1.0; +claudebot@anthropic.com)"
18.117.252.141 - - [02/Apr/2025:04:36:53 -0400] "GET /un-service-de-traiteur-de-qualite-a-nanterre/ HTTP/1.1" 200 10715 "https://baernblog.com/un-service-de-traiteur-de-qualite-a-nanterre" "Mozilla/5.0 AppleWebKit/537.36 (KHTML, like Gecko; compatible; ClaudeBot/1.0; +claudebot@anthropic.com)"
18.117.252.141 - - [02/Apr/2025:04:36:52 -0400] "GET /the-best-soccer-grip-socks/ HTTP/1.1" 200 10413 "-" "Mozilla/5.0 AppleWebKit/537.36 (KHTML, like Gecko; compatible; ClaudeBot/1.0; +claudebot@anthropic.com)"
198.54.114.83 - - [02/Apr/2025:04:36:53 -0400] "POST /wp-admin/admin-ajax.php?action=async_litespeed&nonce=NTRj0u3dzL0bd8jHHOxQ9JvsYqBkKuoR&litespeed_type=imgoptm HTTP/1.1" 200 5 "-" "WordPress/6.7.2; https://baernblog.com"
18.117.252.141 - - [02/Apr/2025:04:36:53 -0400] "GET /nozzle-for-fire-hose/ HTTP/1.1" 200 9882 "https://baernblog.com/nozzle-for-fire-hose" "Mozilla/5.0 AppleWebKit/537.36 (KHTML, like Gecko; compatible; ClaudeBot/1.0; +claudebot@anthropic.com)"
47.79.119.171 - - [02/Apr/2025:04:39:15 -0400] "GET /outsource-photo-editing-2/ HTTP/1.1" 200 10031 "-" "Mozilla/5.0 (Windows NT 10.0; Win64; x64) AppleWebKit/537.36 (KHTML, like Gecko) Chrome/121.0.0.0 Safari/537.36 Edg/121.0.0.0"
3.145.36.137 - - [02/Apr/2025:04:39:21 -0400] "GET /discover-the-charm-of-california-prefab-homes/ HTTP/1.1" 200 10330 "-" "Mozilla/5.0 AppleWebKit/537.36 (KHTML, like Gecko; compatible; ClaudeBot/1.0; +claudebot@anthropic.com)"
198.54.114.83 - - [02/Apr/2025:04:39:26 -0400] "POST /wp-cron.php?doing_wp_cron=1743583165.1654639244079589843750 HTTP/1.1" 200 0 "-" "WordPress/6.7.2; https://baernblog.com"
198.54.114.83 - - [02/Apr/2025:04:39:26 -0400] "POST /wp-cron.php?doing_wp_cron=1743583165.1651630401611328125000 HTTP/1.1" 200 0 "-" "WordPress/6.7.2; https://baernblog.com"
198.54.114.83 - - [02/Apr/2025:04:39:26 -0400] "POST /wp-cron.php?doing_wp_cron=1743583165.1751530170440673828125 HTTP/1.1" 200 0 "-" "WordPress/6.7.2; https://baernblog.com"
3.145.36.137 - - [02/Apr/2025:04:39:21 -0400] "GET /too-much-money-at-the-usa-tennis-open-going-after-too-little HTTP/1.1" 301 0 "-" "Mozilla/5.0 AppleWebKit/537.36 (KHTML, like Gecko; compatible; ClaudeBot/1.0; +claudebot@anthropic.com)"
3.145.36.137 - - [02/Apr/2025:04:39:21 -0400] "GET /idees-de-douche-modernes HTTP/1.1" 301 0 "-" "Mozilla/5.0 AppleWebKit/537.36 (KHTML, like Gecko; compatible; ClaudeBot/1.0; +claudebot@anthropic.com)"
3.145.36.137 - - [02/Apr/2025:04:39:21 -0400] "GET /how-much-can-credit-repair-online-improve-your-scores HTTP/1.1" 301 0 "-" "Mozilla/5.0 AppleWebKit/537.36 (KHTML, like Gecko; compatible; ClaudeBot/1.0; +claudebot@anthropic.com)"
3.145.36.137 - - [02/Apr/2025:04:39:27 -0400] "GET /too-much-money-at-the-usa-tennis-open-going-after-too-little/ HTTP/1.1" 200 11543 "https://baernblog.com/too-much-money-at-the-usa-tennis-open-going-after-too-little" "Mozilla/5.0 AppleWebKit/537.36 (KHTML, like Gecko; compatible; ClaudeBot/1.0; +claudebot@anthropic.com)"
3.145.36.137 - - [02/Apr/2025:04:39:27 -0400] "GET /idees-de-douche-modernes/ HTTP/1.1" 200 10731 "https://baernblog.com/idees-de-douche-modernes" "Mozilla/5.0 AppleWebKit/537.36 (KHTML, like Gecko; compatible; ClaudeBot/1.0; +claudebot@anthropic.com)"
3.145.36.137 - - [02/Apr/2025:04:39:27 -0400] "GET /how-much-can-credit-repair-online-improve-your-scores/ HTTP/1.1" 200 11318 "https://baernblog.com/how-much-can-credit-repair-online-improve-your-scores" "Mozilla/5.0 AppleWebKit/537.36 (KHTML, like Gecko; compatible; ClaudeBot/1.0; +claudebot@anthropic.com)"
198.54.114.83 - - [02/Apr/2025:04:41:50 -0400] "POST /wp-cron.php?doing_wp_cron=1743583309.7962729930877685546875 HTTP/1.1" 200 0 "-" "WordPress/6.7.2; https://baernblog.com"
198.54.114.83 - - [02/Apr/2025:04:41:50 -0400] "POST /wp-cron.php?doing_wp_cron=1743583309.7796471118927001953125 HTTP/1.1" 200 0 "-" "WordPress/6.7.2; https://baernblog.com"
198.54.114.83 - - [02/Apr/2025:04:41:50 -0400] "POST /wp-cron.php?doing_wp_cron=1743583309.7795219421386718750000 HTTP/1.1" 200 0 "-" "WordPress/6.7.2; https://baernblog.com"
198.54.114.83 - - [02/Apr/2025:04:41:50 -0400] "POST /wp-cron.php?doing_wp_cron=1743583309.7793838977813720703125 HTTP/1.1" 200 0 "-" "WordPress/6.7.2; https://baernblog.com"
3.144.251.23 - - [02/Apr/2025:04:41:46 -0400] "GET /sac-a-dos-militaire-molle HTTP/1.1" 301 0 "-" "Mozilla/5.0 AppleWebKit/537.36 (KHTML, like Gecko; compatible; ClaudeBot/1.0; +claudebot@anthropic.com)"
3.144.251.23 - - [02/Apr/2025:04:41:46 -0400] "GET /un-paradiso-sul-lago-di-garda-scopri-il-resort-ideale HTTP/1.1" 301 0 "-" "Mozilla/5.0 AppleWebKit/537.36 (KHTML, like Gecko; compatible; ClaudeBot/1.0; +claudebot@anthropic.com)"
3.144.251.23 - - [02/Apr/2025:04:41:46 -0400] "GET /le-bienfait-de-la-reflexologie-plantaire HTTP/1.1" 301 0 "-" "Mozilla/5.0 AppleWebKit/537.36 (KHTML, like Gecko; compatible; ClaudeBot/1.0; +claudebot@anthropic.com)"
3.144.251.23 - - [02/Apr/2025:04:41:46 -0400] "GET /can-fenben-cure-cancer HTTP/1.1" 301 0 "-" "Mozilla/5.0 AppleWebKit/537.36 (KHTML, like Gecko; compatible; ClaudeBot/1.0; +claudebot@anthropic.com)"
3.144.251.23 - - [02/Apr/2025:04:41:51 -0400] "GET /le-bienfait-de-la-reflexologie-plantaire/ HTTP/1.1" 200 10750 "https://baernblog.com/le-bienfait-de-la-reflexologie-plantaire" "Mozilla/5.0 AppleWebKit/537.36 (KHTML, like Gecko; compatible; ClaudeBot/1.0; +claudebot@anthropic.com)"
198.54.114.83 - - [02/Apr/2025:04:41:51 -0400] "POST /wp-admin/admin-ajax.php?action=async_litespeed&nonce=dXabMVS7E17krkevAz6f7uJ2DHU8f61X&litespeed_type=imgoptm HTTP/1.1" 200 0 "-" "WordPress/6.7.2; https://baernblog.com"
3.144.251.23 - - [02/Apr/2025:04:41:51 -0400] "GET /un-paradiso-sul-lago-di-garda-scopri-il-resort-ideale/ HTTP/1.1" 200 10560 "https://baernblog.com/un-paradiso-sul-lago-di-garda-scopri-il-resort-ideale" "Mozilla/5.0 AppleWebKit/537.36 (KHTML, like Gecko; compatible; ClaudeBot/1.0; +claudebot@anthropic.com)"
3.144.251.23 - - [02/Apr/2025:04:41:51 -0400] "GET /sac-a-dos-militaire-molle/ HTTP/1.1" 200 11166 "https://baernblog.com/sac-a-dos-militaire-molle" "Mozilla/5.0 AppleWebKit/537.36 (KHTML, like Gecko; compatible; ClaudeBot/1.0; +claudebot@anthropic.com)"
3.144.251.23 - - [02/Apr/2025:04:41:51 -0400] "GET /can-fenben-cure-cancer/ HTTP/1.1" 200 10620 "https://baernblog.com/can-fenben-cure-cancer" "Mozilla/5.0 AppleWebKit/537.36 (KHTML, like Gecko; compatible; ClaudeBot/1.0; +claudebot@anthropic.com)"
198.54.114.83 - - [02/Apr/2025:04:43:03 -0400] "POST /wp-admin/admin-ajax.php?action=async_litespeed&nonce=4H3evl3G6UKYKCxQY6U7sfPxed74rGkk&litespeed_type=imgoptm HTTP/1.1" 200 5 "-" "WordPress/6.7.2; https://baernblog.com"
3.22.209.115 - - [02/Apr/2025:04:44:09 -0400] "GET /elegance-moderne-avec-le-panneau-pvc-imitation-marbre HTTP/1.1" 301 0 "-" "Mozilla/5.0 AppleWebKit/537.36 (KHTML, like Gecko; compatible; ClaudeBot/1.0; +claudebot@anthropic.com)"
3.22.209.115 - - [02/Apr/2025:04:44:09 -0400] "GET /bedside-lamps HTTP/1.1" 301 0 "-" "Mozilla/5.0 AppleWebKit/537.36 (KHTML, like Gecko; compatible; ClaudeBot/1.0; +claudebot@anthropic.com)"
3.22.209.115 - - [02/Apr/2025:04:44:09 -0400] "GET /modern-kitchen-design HTTP/1.1" 301 0 "-" "Mozilla/5.0 AppleWebKit/537.36 (KHTML, like Gecko; compatible; ClaudeBot/1.0; +claudebot@anthropic.com)"
198.54.114.83 - - [02/Apr/2025:04:44:11 -0400] "POST /wp-cron.php?doing_wp_cron=1743583449.9793450832366943359375 HTTP/1.1" 200 0 "-" "WordPress/6.7.2; https://baernblog.com"
3.22.209.115 - - [02/Apr/2025:04:44:11 -0400] "GET /elegance-moderne-avec-le-panneau-pvc-imitation-marbre/ HTTP/1.1" 200 10666 "https://baernblog.com/elegance-moderne-avec-le-panneau-pvc-imitation-marbre" "Mozilla/5.0 AppleWebKit/537.36 (KHTML, like Gecko; compatible; ClaudeBot/1.0; +claudebot@anthropic.com)"
3.22.209.115 - - [02/Apr/2025:04:44:09 -0400] "GET /unlocking-wellness-the-role-of-chiropractors-in-dubai HTTP/1.1" 301 0 "-" "Mozilla/5.0 AppleWebKit/537.36 (KHTML, like Gecko; compatible; ClaudeBot/1.0; +claudebot@anthropic.com)"
3.22.209.115 - - [02/Apr/2025:04:44:11 -0400] "GET /bedside-lamps/ HTTP/1.1" 200 9816 "https://baernblog.com/bedside-lamps" "Mozilla/5.0 AppleWebKit/537.36 (KHTML, like Gecko; compatible; ClaudeBot/1.0; +claudebot@anthropic.com)"
3.22.209.115 - - [02/Apr/2025:04:44:12 -0400] "GET /unlocking-wellness-the-role-of-chiropractors-in-dubai/ HTTP/1.1" 200 10440 "https://baernblog.com/unlocking-wellness-the-role-of-chiropractors-in-dubai" "Mozilla/5.0 AppleWebKit/537.36 (KHTML, like Gecko; compatible; ClaudeBot/1.0; +claudebot@anthropic.com)"
3.22.209.115 - - [02/Apr/2025:04:44:11 -0400] "GET /modern-kitchen-design/ HTTP/1.1" 200 10037 "https://baernblog.com/modern-kitchen-design" "Mozilla/5.0 AppleWebKit/537.36 (KHTML, like Gecko; compatible; ClaudeBot/1.0; +claudebot@anthropic.com)"
146.56.198.139 - - [02/Apr/2025:04:44:53 -0400] "GET /wp-login.php HTTP/1.1" 200 1685 "-" "Apache-HttpClient/4.5.2 (Java/1.8.0_161)"
13.229.78.155 - - [02/Apr/2025:04:43:37 -0400] "POST /wp-login.php HTTP/1.1" 200 0 "-" "Mozlila/5.0 (Linux; Android 7.0; SM-G892A Bulid/NRD90M; wv) AppleWebKit/537.36 (KHTML, like Gecko) Version/4.0 Chrome/60.0.3112.107 Moblie Safari/537.36"
198.54.114.83 - - [02/Apr/2025:04:45:18 -0400] "POST /wp-cron.php?doing_wp_cron=1743583518.2679030895233154296875 HTTP/1.1" 200 0 "-" "WordPress/6.7.2; https://baernblog.com"
13.229.78.155 - - [02/Apr/2025:04:45:17 -0400] "GET /wp-admin/plugin-install.php?tab=upload HTTP/1.1" 302 0 "-" "Mozlila/5.0 (Linux; Android 7.0; SM-G892A Bulid/NRD90M; wv) AppleWebKit/537.36 (KHTML, like Gecko) Version/4.0 Chrome/60.0.3112.107 Moblie Safari/537.36"
13.229.78.155 - - [02/Apr/2025:04:45:19 -0400] "GET /wp-login.php?redirect_to=https%3A%2F%2Fbaernblog.com%2Fwp-admin%2Fplugin-install.php%3Ftab%3Dupload&reauth=1 HTTP/1.1" 200 1698 "-" "Mozlila/5.0 (Linux; Android 7.0; SM-G892A Bulid/NRD90M; wv) AppleWebKit/537.36 (KHTML, like Gecko) Version/4.0 Chrome/60.0.3112.107 Moblie Safari/537.36"
198.54.114.83 - - [02/Apr/2025:04:45:20 -0400] "POST /wp-admin/admin-ajax.php?action=async_litespeed&nonce=eeQQczN3FsCiE5ldjUg0LT2LS15pBreI&litespeed_type=imgoptm HTTP/1.1" 200 0 "-" "WordPress/6.7.2; https://baernblog.com"
105.72.0.121 - - [02/Apr/2025:04:45:47 -0400] "GET /wp-login.php HTTP/1.1" 200 1685 "-" "Mozilla/5.0 (X11; Linux x86_64) AppleWebKit/537.36 (KHTML, like Gecko) Chrome/87.0.4280.66 Safari/537.36"
3.133.149.29 - - [02/Apr/2025:04:46:30 -0400] "GET /choosing-the-perfect-wedding-celebrant-in-auckland HTTP/1.1" 301 0 "-" "Mozilla/5.0 AppleWebKit/537.36 (KHTML, like Gecko; compatible; ClaudeBot/1.0; +claudebot@anthropic.com)"
3.133.149.29 - - [02/Apr/2025:04:46:31 -0400] "GET /obtenir-un-look-cool-avec-des-vetements-streetwear HTTP/1.1" 301 0 "-" "Mozilla/5.0 AppleWebKit/537.36 (KHTML, like Gecko; compatible; ClaudeBot/1.0; +claudebot@anthropic.com)"
3.133.149.29 - - [02/Apr/2025:04:46:31 -0400] "GET /choosing-the-perfect-wedding-celebrant-in-auckland/ HTTP/1.1" 200 10500 "https://baernblog.com/choosing-the-perfect-wedding-celebrant-in-auckland" "Mozilla/5.0 AppleWebKit/537.36 (KHTML, like Gecko; compatible; ClaudeBot/1.0; +claudebot@anthropic.com)"
3.133.149.29 - - [02/Apr/2025:04:46:31 -0400] "GET /obtenir-un-look-cool-avec-des-vetements-streetwear/ HTTP/1.1" 200 11045 "https://baernblog.com/obtenir-un-look-cool-avec-des-vetements-streetwear" "Mozilla/5.0 AppleWebKit/537.36 (KHTML, like Gecko; compatible; ClaudeBot/1.0; +claudebot@anthropic.com)"
198.54.114.83 - - [02/Apr/2025:04:46:31 -0400] "POST /wp-cron.php?doing_wp_cron=1743583591.0685970783233642578125 HTTP/1.1" 200 0 "-" "WordPress/6.7.2; https://baernblog.com"
3.133.149.29 - - [02/Apr/2025:04:46:30 -0400] "GET /the-evolution-of-online-casinos HTTP/1.1" 301 0 "-" "Mozilla/5.0 AppleWebKit/537.36 (KHTML, like Gecko; compatible; ClaudeBot/1.0; +claudebot@anthropic.com)"
3.133.149.29 - - [02/Apr/2025:04:46:31 -0400] "GET /vietnam-travel-author-expert-samantha-coomber-interviewed HTTP/1.1" 301 0 "-" "Mozilla/5.0 AppleWebKit/537.36 (KHTML, like Gecko; compatible; ClaudeBot/1.0; +claudebot@anthropic.com)"
198.54.114.83 - - [02/Apr/2025:04:46:32 -0400] "POST /wp-admin/admin-ajax.php?action=async_litespeed&nonce=il1dk7b21b4PnEsksQFzTeFQ2Q4wnRlC&litespeed_type=imgoptm HTTP/1.1" 200 5 "-" "WordPress/6.7.2; https://baernblog.com"
3.133.149.29 - - [02/Apr/2025:04:46:32 -0400] "GET /vietnam-travel-author-expert-samantha-coomber-interviewed/ HTTP/1.1" 200 11363 "https://baernblog.com/vietnam-travel-author-expert-samantha-coomber-interviewed" "Mozilla/5.0 AppleWebKit/537.36 (KHTML, like Gecko; compatible; ClaudeBot/1.0; +claudebot@anthropic.com)"
3.133.149.29 - - [02/Apr/2025:04:46:32 -0400] "GET /the-evolution-of-online-casinos/ HTTP/1.1" 200 10345 "https://baernblog.com/the-evolution-of-online-casinos" "Mozilla/5.0 AppleWebKit/537.36 (KHTML, like Gecko; compatible; ClaudeBot/1.0; +claudebot@anthropic.com)"
18.191.194.2 - - [02/Apr/2025:04:48:58 -0400] "GET /nusa-penida-one HTTP/1.1" 301 0 "-" "Mozilla/5.0 AppleWebKit/537.36 (KHTML, like Gecko; compatible; ClaudeBot/1.0; +claudebot@anthropic.com)"
18.191.194.2 - - [02/Apr/2025:04:48:58 -0400] "GET /elegant-and-functional-hotel-bedroom-furniture HTTP/1.1" 301 0 "-" "Mozilla/5.0 AppleWebKit/537.36 (KHTML, like Gecko; compatible; ClaudeBot/1.0; +claudebot@anthropic.com)"
198.54.114.83 - - [02/Apr/2025:04:49:02 -0400] "POST /wp-cron.php?doing_wp_cron=1743583741.8706040382385253906250 HTTP/1.1" 200 0 "-" "WordPress/6.7.2; https://baernblog.com"
198.54.114.83 - - [02/Apr/2025:04:49:02 -0400] "POST /wp-cron.php?doing_wp_cron=1743583741.8719379901885986328125 HTTP/1.1" 200 0 "-" "WordPress/6.7.2; https://baernblog.com"
18.191.194.2 - - [02/Apr/2025:04:49:03 -0400] "GET /nusa-penida-one/ HTTP/1.1" 200 10018 "https://baernblog.com/nusa-penida-one" "Mozilla/5.0 AppleWebKit/537.36 (KHTML, like Gecko; compatible; ClaudeBot/1.0; +claudebot@anthropic.com)"
18.191.194.2 - - [02/Apr/2025:04:49:03 -0400] "GET /elegant-and-functional-hotel-bedroom-furniture/ HTTP/1.1" 200 10384 "https://baernblog.com/elegant-and-functional-hotel-bedroom-furniture" "Mozilla/5.0 AppleWebKit/537.36 (KHTML, like Gecko; compatible; ClaudeBot/1.0; +claudebot@anthropic.com)"
18.191.194.2 - - [02/Apr/2025:04:48:58 -0400] "GET /the-american-heart-associations-crucial-training HTTP/1.1" 301 0 "-" "Mozilla/5.0 AppleWebKit/537.36 (KHTML, like Gecko; compatible; ClaudeBot/1.0; +claudebot@anthropic.com)"
18.191.194.2 - - [02/Apr/2025:04:48:58 -0400] "GET /la-magia-del-lago-di-garda-scopri-il-resort-perfetto/feed HTTP/1.1" 301 0 "-" "Mozilla/5.0 AppleWebKit/537.36 (KHTML, like Gecko; compatible; ClaudeBot/1.0; +claudebot@anthropic.com)"
198.54.114.83 - - [02/Apr/2025:04:49:03 -0400] "POST /wp-admin/admin-ajax.php?action=async_litespeed&nonce=McNmls9v8iz7YlZpKsyEKJqKIkSdWVUn&litespeed_type=imgoptm HTTP/1.1" 200 0 "-" "WordPress/6.7.2; https://baernblog.com"
18.191.194.2 - - [02/Apr/2025:04:49:03 -0400] "GET /the-american-heart-associations-crucial-training/ HTTP/1.1" 200 10609 "https://baernblog.com/the-american-heart-associations-crucial-training" "Mozilla/5.0 AppleWebKit/537.36 (KHTML, like Gecko; compatible; ClaudeBot/1.0; +claudebot@anthropic.com)"
18.191.194.2 - - [02/Apr/2025:04:49:04 -0400] "GET /la-magia-del-lago-di-garda-scopri-il-resort-perfetto/feed/ HTTP/1.1" 200 427 "https://baernblog.com/la-magia-del-lago-di-garda-scopri-il-resort-perfetto/feed" "Mozilla/5.0 AppleWebKit/537.36 (KHTML, like Gecko; compatible; ClaudeBot/1.0; +claudebot@anthropic.com)"
3.141.29.234 - - [02/Apr/2025:04:51:21 -0400] "GET /heliographie-imprimerie HTTP/1.1" 301 0 "-" "Mozilla/5.0 AppleWebKit/537.36 (KHTML, like Gecko; compatible; ClaudeBot/1.0; +claudebot@anthropic.com)"
3.141.29.234 - - [02/Apr/2025:04:51:21 -0400] "GET /gaming-pc-parts HTTP/1.1" 301 0 "-" "Mozilla/5.0 AppleWebKit/537.36 (KHTML, like Gecko; compatible; ClaudeBot/1.0; +claudebot@anthropic.com)"
198.54.114.83 - - [02/Apr/2025:04:51:23 -0400] "POST /wp-cron.php?doing_wp_cron=1743583883.4708340167999267578125 HTTP/1.1" 200 0 "-" "WordPress/6.7.2; https://baernblog.com"
3.141.29.234 - - [02/Apr/2025:04:51:23 -0400] "GET /gaming-pc-parts/ HTTP/1.1" 200 10086 "https://baernblog.com/gaming-pc-parts" "Mozilla/5.0 AppleWebKit/537.36 (KHTML, like Gecko; compatible; ClaudeBot/1.0; +claudebot@anthropic.com)"
3.141.29.234 - - [02/Apr/2025:04:51:21 -0400] "GET /the-benefits-of-bathroom-renovations HTTP/1.1" 301 0 "-" "Mozilla/5.0 AppleWebKit/537.36 (KHTML, like Gecko; compatible; ClaudeBot/1.0; +claudebot@anthropic.com)"
3.141.29.234 - - [02/Apr/2025:04:51:21 -0400] "GET /die-rolle-der-psychologen-in-der-gesellschaft/feed HTTP/1.1" 301 0 "-" "Mozilla/5.0 AppleWebKit/537.36 (KHTML, like Gecko; compatible; ClaudeBot/1.0; +claudebot@anthropic.com)"
3.141.29.234 - - [02/Apr/2025:04:51:24 -0400] "GET /die-rolle-der-psychologen-in-der-gesellschaft/feed/ HTTP/1.1" 200 407 "https://baernblog.com/die-rolle-der-psychologen-in-der-gesellschaft/feed" "Mozilla/5.0 AppleWebKit/537.36 (KHTML, like Gecko; compatible; ClaudeBot/1.0; +claudebot@anthropic.com)"
3.141.29.234 - - [02/Apr/2025:04:51:24 -0400] "GET /the-benefits-of-bathroom-renovations/ HTTP/1.1" 200 10393 "https://baernblog.com/the-benefits-of-bathroom-renovations" "Mozilla/5.0 AppleWebKit/537.36 (KHTML, like Gecko; compatible; ClaudeBot/1.0; +claudebot@anthropic.com)"
198.54.114.83 - - [02/Apr/2025:04:51:24 -0400] "POST /wp-admin/admin-ajax.php?action=async_litespeed&nonce=7KJSFI17SETsRBKhN8Kk1An8HKhQFWA1&litespeed_type=imgoptm HTTP/1.1" 200 0 "-" "WordPress/6.7.2; https://baernblog.com"
3.141.29.234 - - [02/Apr/2025:04:51:24 -0400] "GET /heliographie-imprimerie/ HTTP/1.1" 200 10069 "https://baernblog.com/heliographie-imprimerie" "Mozilla/5.0 AppleWebKit/537.36 (KHTML, like Gecko; compatible; ClaudeBot/1.0; +claudebot@anthropic.com)"
18.118.160.203 - - [02/Apr/2025:04:53:45 -0400] "GET /schlussel-zum-juristischen-erfolg HTTP/1.1" 301 0 "-" "Mozilla/5.0 AppleWebKit/537.36 (KHTML, like Gecko; compatible; ClaudeBot/1.0; +claudebot@anthropic.com)"
198.54.114.83 - - [02/Apr/2025:04:53:48 -0400] "POST /wp-cron.php?doing_wp_cron=1743584028.5153479576110839843750 HTTP/1.1" 200 0 "-" "WordPress/6.7.2; https://baernblog.com"
198.54.114.83 - - [02/Apr/2025:04:53:48 -0400] "POST /wp-cron.php?doing_wp_cron=1743584028.5149579048156738281250 HTTP/1.1" 200 0 "-" "WordPress/6.7.2; https://baernblog.com"
18.118.160.203 - - [02/Apr/2025:04:53:49 -0400] "GET /schlussel-zum-juristischen-erfolg/ HTTP/1.1" 200 10566 "https://baernblog.com/schlussel-zum-juristischen-erfolg" "Mozilla/5.0 AppleWebKit/537.36 (KHTML, like Gecko; compatible; ClaudeBot/1.0; +claudebot@anthropic.com)"
18.118.160.203 - - [02/Apr/2025:04:53:45 -0400] "GET /massage-prenatal-geneve HTTP/1.1" 301 0 "-" "Mozilla/5.0 AppleWebKit/537.36 (KHTML, like Gecko; compatible; ClaudeBot/1.0; +claudebot@anthropic.com)"
18.118.160.203 - - [02/Apr/2025:04:53:49 -0400] "GET /massage-prenatal-geneve/ HTTP/1.1" 200 10116 "https://baernblog.com/massage-prenatal-geneve" "Mozilla/5.0 AppleWebKit/537.36 (KHTML, like Gecko; compatible; ClaudeBot/1.0; +claudebot@anthropic.com)"
18.118.160.203 - - [02/Apr/2025:04:53:45 -0400] "GET /choosing-sport-betting-sites HTTP/1.1" 301 0 "-" "Mozilla/5.0 AppleWebKit/537.36 (KHTML, like Gecko; compatible; ClaudeBot/1.0; +claudebot@anthropic.com)"
18.118.160.203 - - [02/Apr/2025:04:53:49 -0400] "GET /choosing-sport-betting-sites/ HTTP/1.1" 200 10490 "https://baernblog.com/choosing-sport-betting-sites" "Mozilla/5.0 AppleWebKit/537.36 (KHTML, like Gecko; compatible; ClaudeBot/1.0; +claudebot@anthropic.com)"
198.54.114.83 - - [02/Apr/2025:04:53:49 -0400] "POST /wp-admin/admin-ajax.php?action=async_litespeed&nonce=DIn505t3kso5ZZdhY54rMvfqIsjGehJh&litespeed_type=imgoptm HTTP/1.1" 200 0 "-" "WordPress/6.7.2; https://baernblog.com"
18.118.160.203 - - [02/Apr/2025:04:53:45 -0400] "GET /the-best-hair-dryers/ HTTP/1.1" 200 10389 "-" "Mozilla/5.0 AppleWebKit/537.36 (KHTML, like Gecko; compatible; ClaudeBot/1.0; +claudebot@anthropic.com)"
47.79.119.226 - - [02/Apr/2025:04:53:55 -0400] "GET /2023/06/ HTTP/1.1" 301 0 "-" "Mozilla/5.0 (Windows NT 10.0; Win64; x64) AppleWebKit/537.36 (KHTML, like Gecko) Chrome/122.0.0.0 Safari/537.36"
3.137.142.158 - - [02/Apr/2025:04:56:09 -0400] "GET /navigating-the-anyone-protocol-staking-dashboard/ HTTP/1.1" 200 10667 "-" "Mozilla/5.0 AppleWebKit/537.36 (KHTML, like Gecko; compatible; ClaudeBot/1.0; +claudebot@anthropic.com)"
3.137.142.158 - - [02/Apr/2025:04:56:10 -0400] "GET /adding-value-to-your-conservatory-in-2009/ HTTP/1.1" 200 10751 "-" "Mozilla/5.0 AppleWebKit/537.36 (KHTML, like Gecko; compatible; ClaudeBot/1.0; +claudebot@anthropic.com)"
3.137.142.158 - - [02/Apr/2025:04:56:10 -0400] "GET /revolutionizing-real-time-graphics-processing HTTP/1.1" 301 0 "-" "Mozilla/5.0 AppleWebKit/537.36 (KHTML, like Gecko; compatible; ClaudeBot/1.0; +claudebot@anthropic.com)"
3.137.142.158 - - [02/Apr/2025:04:56:09 -0400] "GET /the-power-of-keyboard-testing HTTP/1.1" 301 0 "-" "Mozilla/5.0 AppleWebKit/537.36 (KHTML, like Gecko; compatible; ClaudeBot/1.0; +claudebot@anthropic.com)"
198.54.114.83 - - [02/Apr/2025:04:56:13 -0400] "POST /wp-cron.php?doing_wp_cron=1743584172.4888570308685302734375 HTTP/1.1" 200 0 "-" "WordPress/6.7.2; https://baernblog.com"
3.137.142.158 - - [02/Apr/2025:04:56:13 -0400] "GET /revolutionizing-real-time-graphics-processing/ HTTP/1.1" 200 10562 "https://baernblog.com/revolutionizing-real-time-graphics-processing" "Mozilla/5.0 AppleWebKit/537.36 (KHTML, like Gecko; compatible; ClaudeBot/1.0; +claudebot@anthropic.com)"
3.137.142.158 - - [02/Apr/2025:04:56:09 -0400] "GET /wp-json/wp/v2/posts/11 HTTP/1.1" 200 15665 "-" "Mozilla/5.0 AppleWebKit/537.36 (KHTML, like Gecko; compatible; ClaudeBot/1.0; +claudebot@anthropic.com)"
3.137.142.158 - - [02/Apr/2025:04:56:09 -0400] "GET /wp-json/wp/v2/posts/382 HTTP/1.1" 200 12845 "-" "Mozilla/5.0 AppleWebKit/537.36 (KHTML, like Gecko; compatible; ClaudeBot/1.0; +claudebot@anthropic.com)"
198.54.114.83 - - [02/Apr/2025:04:56:15 -0400] "POST /wp-admin/admin-ajax.php?action=async_litespeed&nonce=2WXmCrlevOjIAe6udXPwER7lUvcRgx6k&litespeed_type=imgoptm HTTP/1.1" 200 0 "-" "WordPress/6.7.2; https://baernblog.com"
3.137.142.158 - - [02/Apr/2025:04:56:13 -0400] "GET /the-power-of-keyboard-testing/ HTTP/1.1" 200 10732 "https://baernblog.com/the-power-of-keyboard-testing" "Mozilla/5.0 AppleWebKit/537.36 (KHTML, like Gecko; compatible; ClaudeBot/1.0; +claudebot@anthropic.com)"
58.254.68.93 - - [02/Apr/2025:04:57:26 -0400] "GET /the-benefits-of-managed-investing/ HTTP/1.1" 200 10958 "https://baernblog.com" "Mozilla/5.0 (Windows NT 10.0; Win64; x64) AppleWebKit/537.36 (KHTML, like Gecko) Chrome/62.0.3202.94 Safari/537.36"
198.54.114.83 - - [02/Apr/2025:04:57:28 -0400] "POST /wp-cron.php?doing_wp_cron=1743584248.2937231063842773437500 HTTP/1.1" 200 0 "-" "WordPress/6.7.2; https://baernblog.com"
198.54.114.83 - - [02/Apr/2025:04:57:29 -0400] "POST /wp-admin/admin-ajax.php?action=async_litespeed&nonce=I0uHr3DBI2zWDU2PDIgZrxi5fdbrt9Xy&litespeed_type=imgoptm HTTP/1.1" 200 5 "-" "WordPress/6.7.2; https://baernblog.com"
58.254.68.93 - - [02/Apr/2025:04:57:28 -0400] "POST /wp-comments-post.php HTTP/1.1" 302 0 "https://baernblog.com" "Mozilla/5.0 (Windows NT 10.0; Win64; x64) AppleWebKit/537.36 (KHTML, like Gecko) Chrome/62.0.3202.94 Safari/537.36"
58.254.68.93 - - [02/Apr/2025:04:57:31 -0400] "GET /the-benefits-of-managed-investing/ HTTP/1.1" 200 11718 "https://baernblog.com" "Mozilla/4.0 (compatible; MSIE 6.0; Windows NT 5.1; en) Opera 8.50"
47.82.26.190 - - [02/Apr/2025:04:57:56 -0400] "GET /sir-john-templetons-investment-strategies-always-emphasized-on-not-going-with-the-crowd/ HTTP/1.1" 200 11610 "-" "Mozilla/5.0 (Windows NT 10.0; Win64; x64) AppleWebKit/537.36 (KHTML, like Gecko) Chrome/121.0.0.0 Safari/537.36 Edg/121.0.0.0 GLS/100.10.9415.94"
3.133.106.206 - - [02/Apr/2025:04:58:33 -0400] "GET /wp-json/wp/v2/posts/1054 HTTP/1.1" 200 10119 "-" "Mozilla/5.0 AppleWebKit/537.36 (KHTML, like Gecko; compatible; ClaudeBot/1.0; +claudebot@anthropic.com)"
3.133.106.206 - - [02/Apr/2025:04:58:33 -0400] "GET /wp-json/wp/v2/posts/1650 HTTP/1.1" 200 10264 "-" "Mozilla/5.0 AppleWebKit/537.36 (KHTML, like Gecko; compatible; ClaudeBot/1.0; +claudebot@anthropic.com)"
3.133.106.206 - - [02/Apr/2025:04:58:33 -0400] "GET /wp-json/wp/v2/posts/85 HTTP/1.1" 200 11526 "-" "Mozilla/5.0 AppleWebKit/537.36 (KHTML, like Gecko; compatible; ClaudeBot/1.0; +claudebot@anthropic.com)"
3.133.106.206 - - [02/Apr/2025:04:58:33 -0400] "GET /wp-json/wp/v2/posts/416 HTTP/1.1" 200 17551 "-" "Mozilla/5.0 AppleWebKit/537.36 (KHTML, like Gecko; compatible; ClaudeBot/1.0; +claudebot@anthropic.com)"
198.54.114.83 - - [02/Apr/2025:04:58:33 -0400] "POST /wp-cron.php?doing_wp_cron=1743584313.7295749187469482421875 HTTP/1.1" 200 0 "-" "WordPress/6.7.2; https://baernblog.com"
3.133.106.206 - - [02/Apr/2025:04:58:33 -0400] "GET /wp-json/wp/v2/posts/198 HTTP/1.1" 200 12587 "-" "Mozilla/5.0 AppleWebKit/537.36 (KHTML, like Gecko; compatible; ClaudeBot/1.0; +claudebot@anthropic.com)"
198.54.114.83 - - [02/Apr/2025:04:58:35 -0400] "POST /wp-admin/admin-ajax.php?action=async_litespeed&nonce=GQgZsYlbTbZx4t1Tl2xyo6uZm3kvWiYM&litespeed_type=imgoptm HTTP/1.1" 200 5 "-" "WordPress/6.7.2; https://baernblog.com"
3.133.106.206 - - [02/Apr/2025:04:58:34 -0400] "GET /wp-json/wp/v2/posts/16 HTTP/1.1" 200 17435 "-" "Mozilla/5.0 AppleWebKit/537.36 (KHTML, like Gecko; compatible; ClaudeBot/1.0; +claudebot@anthropic.com)"
198.54.114.83 - - [02/Apr/2025:05:00:15 -0400] "POST /wp-cron.php?doing_wp_cron=1743584414.0759990215301513671875 HTTP/1.1" 200 0 "-" "WordPress/6.7.2; https://baernblog.com"
13.214.35.67 - - [02/Apr/2025:05:00:09 -0400] "POST /wp-login.php HTTP/1.1" 200 1803 "-" "Mozlila/5.0 (Linux; Android 7.0; SM-G892A Bulid/NRD90M; wv) AppleWebKit/537.36 (KHTML, like Gecko) Version/4.0 Chrome/60.0.3112.107 Moblie Safari/537.36"
198.54.114.83 - - [02/Apr/2025:05:00:17 -0400] "POST /wp-admin/admin-ajax.php?action=async_litespeed&nonce=gMDBL0SDZ4i5r7yBwor5hlrHMhFaqGFz&litespeed_type=imgoptm HTTP/1.1" 200 0 "-" "WordPress/6.7.2; https://baernblog.com"
13.214.35.67 - - [02/Apr/2025:05:00:17 -0400] "GET /wp-admin/plugin-install.php?tab=upload HTTP/1.1" 302 0 "-" "Mozlila/5.0 (Linux; Android 7.0; SM-G892A Bulid/NRD90M; wv) AppleWebKit/537.36 (KHTML, like Gecko) Version/4.0 Chrome/60.0.3112.107 Moblie Safari/537.36"
198.54.114.83 - - [02/Apr/2025:05:00:19 -0400] "POST /wp-cron.php?doing_wp_cron=1743584419.5334360599517822265625 HTTP/1.1" 200 0 "-" "WordPress/6.7.2; https://baernblog.com"
13.214.35.67 - - [02/Apr/2025:05:00:18 -0400] "GET /wp-login.php?redirect_to=https%3A%2F%2Fbaernblog.com%2Fwp-admin%2Fplugin-install.php%3Ftab%3Dupload&reauth=1 HTTP/1.1" 200 1698 "-" "Mozlila/5.0 (Linux; Android 7.0; SM-G892A Bulid/NRD90M; wv) AppleWebKit/537.36 (KHTML, like Gecko) Version/4.0 Chrome/60.0.3112.107 Moblie Safari/537.36"
3.128.226.139 - - [02/Apr/2025:05:00:19 -0400] "GET /wp-json/wp/v2/posts/2461 HTTP/1.1" 200 18063 "-" "Mozilla/5.0 AppleWebKit/537.36 (KHTML, like Gecko; compatible; ClaudeBot/1.0; +claudebot@anthropic.com)"
3.128.226.139 - - [02/Apr/2025:05:00:19 -0400] "GET /wp-json/wp/v2/posts/716 HTTP/1.1" 200 11392 "-" "Mozilla/5.0 AppleWebKit/537.36 (KHTML, like Gecko; compatible; ClaudeBot/1.0; +claudebot@anthropic.com)"
3.128.226.139 - - [02/Apr/2025:05:00:20 -0400] "GET /wp-json/wp/v2/posts/1432 HTTP/1.1" 200 11437 "-" "Mozilla/5.0 AppleWebKit/537.36 (KHTML, like Gecko; compatible; ClaudeBot/1.0; +claudebot@anthropic.com)"
3.128.226.139 - - [02/Apr/2025:05:00:19 -0400] "GET /wp-json/wp/v2/posts/194 HTTP/1.1" 200 11669 "-" "Mozilla/5.0 AppleWebKit/537.36 (KHTML, like Gecko; compatible; ClaudeBot/1.0; +claudebot@anthropic.com)"
3.128.226.139 - - [02/Apr/2025:05:00:20 -0400] "GET /wp-json/wp/v2/posts/2431 HTTP/1.1" 200 8792 "-" "Mozilla/5.0 AppleWebKit/537.36 (KHTML, like Gecko; compatible; ClaudeBot/1.0; +claudebot@anthropic.com)"
3.128.226.139 - - [02/Apr/2025:05:00:21 -0400] "GET /what-does-low-data-mode-mean-on-iphone/feed HTTP/1.1" 301 0 "-" "Mozilla/5.0 AppleWebKit/537.36 (KHTML, like Gecko; compatible; ClaudeBot/1.0; +claudebot@anthropic.com)"
3.128.226.139 - - [02/Apr/2025:05:00:23 -0400] "GET /what-does-low-data-mode-mean-on-iphone/feed/ HTTP/1.1" 200 408 "https://baernblog.com/what-does-low-data-mode-mean-on-iphone/feed" "Mozilla/5.0 AppleWebKit/537.36 (KHTML, like Gecko; compatible; ClaudeBot/1.0; +claudebot@anthropic.com)"
198.54.114.83 - - [02/Apr/2025:05:01:33 -0400] "POST /wp-cron.php?doing_wp_cron=1743584492.9156880378723144531250 HTTP/1.1" 200 0 "-" "WordPress/6.7.2; https://baernblog.com"
47.82.15.95 - - [02/Apr/2025:05:01:31 -0400] "GET /2024/08/ HTTP/1.1" 301 0 "-" "Mozilla/5.0 (iPhone; CPU iPhone OS 17_0 like Mac OS X) AppleWebKit/605.1.15 (KHTML, like Gecko) EdgiOS/119.0.2151.105 Version/17.0 Mobile/15E148 Safari/604.1"
198.54.114.83 - - [02/Apr/2025:05:01:34 -0400] "POST /wp-admin/admin-ajax.php?action=async_litespeed&nonce=dhenYz3j5ylUqvg3EhwVLR20qPFrJvCa&litespeed_type=imgoptm HTTP/1.1" 200 0 "-" "WordPress/6.7.2; https://baernblog.com"
47.82.15.95 - - [02/Apr/2025:05:01:35 -0400] "GET / HTTP/1.1" 200 77939 "-" "Mozilla/5.0 (iPhone; CPU iPhone OS 17_0 like Mac OS X) AppleWebKit/605.1.15 (KHTML, like Gecko) EdgiOS/119.0.2151.105 Version/17.0 Mobile/15E148 Safari/604.1"
3.137.174.52 - - [02/Apr/2025:05:02:42 -0400] "GET /wp-json/wp/v2/posts/282 HTTP/1.1" 200 14702 "-" "Mozilla/5.0 AppleWebKit/537.36 (KHTML, like Gecko; compatible; ClaudeBot/1.0; +claudebot@anthropic.com)"
3.137.174.52 - - [02/Apr/2025:05:02:42 -0400] "GET /wp-json/wp/v2/posts/1241 HTTP/1.1" 200 9638 "-" "Mozilla/5.0 AppleWebKit/537.36 (KHTML, like Gecko; compatible; ClaudeBot/1.0; +claudebot@anthropic.com)"
198.54.114.83 - - [02/Apr/2025:05:02:43 -0400] "POST /wp-cron.php?doing_wp_cron=1743584562.7126090526580810546875 HTTP/1.1" 200 0 "-" "WordPress/6.7.2; https://baernblog.com"
3.137.174.52 - - [02/Apr/2025:05:02:42 -0400] "GET /wp-json/wp/v2/posts/746 HTTP/1.1" 200 10402 "-" "Mozilla/5.0 AppleWebKit/537.36 (KHTML, like Gecko; compatible; ClaudeBot/1.0; +claudebot@anthropic.com)"
3.137.174.52 - - [02/Apr/2025:05:02:42 -0400] "GET /wp-json/wp/v2/posts/1916 HTTP/1.1" 200 8834 "-" "Mozilla/5.0 AppleWebKit/537.36 (KHTML, like Gecko; compatible; ClaudeBot/1.0; +claudebot@anthropic.com)"
3.137.174.52 - - [02/Apr/2025:05:02:42 -0400] "GET /wp-json/wp/v2/posts/278 HTTP/1.1" 200 11922 "-" "Mozilla/5.0 AppleWebKit/537.36 (KHTML, like Gecko; compatible; ClaudeBot/1.0; +claudebot@anthropic.com)"
198.54.114.83 - - [02/Apr/2025:05:02:43 -0400] "POST /wp-admin/admin-ajax.php?action=async_litespeed&nonce=ZjmXDNs1uYi5Kt7ZsMxTtIljFeihDqSa&litespeed_type=imgoptm HTTP/1.1" 200 5 "-" "WordPress/6.7.2; https://baernblog.com"
3.137.174.52 - - [02/Apr/2025:05:02:43 -0400] "GET /wp-json/wp/v2/posts/1615 HTTP/1.1" 200 10244 "-" "Mozilla/5.0 AppleWebKit/537.36 (KHTML, like Gecko; compatible; ClaudeBot/1.0; +claudebot@anthropic.com)"
18.227.183.215 - - [02/Apr/2025:05:04:35 -0400] "GET /wp-json/wp/v2/posts/1583 HTTP/1.1" 200 10167 "-" "Mozilla/5.0 AppleWebKit/537.36 (KHTML, like Gecko; compatible; ClaudeBot/1.0; +claudebot@anthropic.com)"
198.54.114.83 - - [02/Apr/2025:05:04:38 -0400] "POST /wp-cron.php?doing_wp_cron=1743584677.9403131008148193359375 HTTP/1.1" 200 0 "-" "WordPress/6.7.2; https://baernblog.com"
198.54.114.83 - - [02/Apr/2025:05:04:38 -0400] "POST /wp-cron.php?doing_wp_cron=1743584677.9405460357666015625000 HTTP/1.1" 200 0 "-" "WordPress/6.7.2; https://baernblog.com"
18.227.183.215 - - [02/Apr/2025:05:04:35 -0400] "GET /wp-json/wp/v2/posts/754 HTTP/1.1" 200 12293 "-" "Mozilla/5.0 AppleWebKit/537.36 (KHTML, like Gecko; compatible; ClaudeBot/1.0; +claudebot@anthropic.com)"
18.227.183.215 - - [02/Apr/2025:05:04:35 -0400] "GET /wp-json/wp/v2/posts/2625 HTTP/1.1" 200 10218 "-" "Mozilla/5.0 AppleWebKit/537.36 (KHTML, like Gecko; compatible; ClaudeBot/1.0; +claudebot@anthropic.com)"
