198.54.114.83 - - [01/Apr/2025:16:38:53 -0400] "POST /wp-admin/admin-ajax.php?action=async_litespeed&nonce=r6rSGHLztigGhBNi2nuB8elOrc1UU2C5&litespeed_type=imgoptm HTTP/1.1" 200 0 "-" "WordPress/6.7.2; https://baernblog.com"
112.86.225.205 - - [01/Apr/2025:16:39:48 -0400] "GET / HTTP/1.1" 200 77939 "-" "Sogou web spider/4.0(+http://www.sogou.com/docs/help/webmasters.htm#07)"
198.54.114.83 - - [01/Apr/2025:16:41:00 -0400] "POST /wp-admin/admin-ajax.php?action=async_litespeed&nonce=Oak6LRieSZPjjKT7GXNLjI9i1czOOMxi&litespeed_type=imgoptm HTTP/1.1" 200 0 "-" "WordPress/6.7.2; https://baernblog.com"
198.54.114.83 - - [01/Apr/2025:16:41:13 -0400] "POST /wp-cron.php?doing_wp_cron=1743540073.7923810482025146484375 HTTP/1.1" 200 0 "-" "WordPress/6.7.2; https://baernblog.com"
198.54.114.83 - - [01/Apr/2025:16:41:14 -0400] "POST /wp-admin/admin-ajax.php?action=async_litespeed&nonce=2bMCahH0UmlM8kGjVcZjlaPnP0HoRAR9&litespeed_type=imgoptm HTTP/1.1" 200 5 "-" "WordPress/6.7.2; https://baernblog.com"
54.36.148.246 - - [01/Apr/2025:16:41:13 -0400] "GET /dubai-osteopathy/ HTTP/1.1" 200 10175 "-" "Mozilla/5.0 (compatible; AhrefsBot/7.0; +http://ahrefs.com/robot/)"
52.167.144.138 - - [01/Apr/2025:16:43:15 -0400] "GET /?s=2023 HTTP/1.1" 200 77939 "-" "Mozilla/5.0 AppleWebKit/537.36 (KHTML, like Gecko; compatible; bingbot/2.0; +http://www.bing.com/bingbot.htm) Chrome/116.0.1938.76 Safari/537.36"
198.54.114.83 - - [01/Apr/2025:16:43:16 -0400] "POST /wp-cron.php?doing_wp_cron=1743540196.3624279499053955078125 HTTP/1.1" 200 0 "-" "WordPress/6.7.2; https://baernblog.com"
54.36.148.240 - - [01/Apr/2025:16:43:13 -0400] "GET /the-essential-gear-exploring-the-impact-of-sport-socks-in-football/ HTTP/1.1" 200 10807 "-" "Mozilla/5.0 (compatible; AhrefsBot/7.0; +http://ahrefs.com/robot/)"
198.54.114.83 - - [01/Apr/2025:16:43:18 -0400] "POST /wp-admin/admin-ajax.php?action=async_litespeed&nonce=7NnZeyVAUsTx2NbimhPuU3jmAsJkTm24&litespeed_type=imgoptm HTTP/1.1" 200 5 "-" "WordPress/6.7.2; https://baernblog.com"
54.36.148.248 - - [01/Apr/2025:16:45:27 -0400] "GET /the-tor-browser-dark-web/ HTTP/1.1" 200 10475 "-" "Mozilla/5.0 (compatible; AhrefsBot/7.0; +http://ahrefs.com/robot/)"
8.210.164.94 - - [01/Apr/2025:16:46:13 -0400] "HEAD /page/2 HTTP/1.1" 301 0 "-" "Mozilla/5.0 (Windows NT 6.1; Win64; x64) AppleWebKit/537.36 (KHTML, like Gecko) Chrome/68.0.2079.133 Safari/537.36"
8.210.164.94 - - [01/Apr/2025:16:46:14 -0400] "HEAD /page/2/ HTTP/1.1" 200 0 "-" "Mozilla/5.0 (Windows NT 6.1; Win64; x64) AppleWebKit/537.36 (KHTML, like Gecko) Chrome/68.0.2079.133 Safari/537.36"
8.210.164.94 - - [01/Apr/2025:16:46:14 -0400] "GET /page/2 HTTP/1.1" 301 0 "-" "Mozilla/5.0 (Windows NT 6.1; Win64; x64) AppleWebKit/537.36 (KHTML, like Gecko) Chrome/68.0.2079.133 Safari/537.36"
8.210.164.94 - - [01/Apr/2025:16:46:14 -0400] "GET /page/2/ HTTP/1.1" 200 9615 "-" "Mozilla/5.0 (Windows NT 6.1; Win64; x64) AppleWebKit/537.36 (KHTML, like Gecko) Chrome/68.0.2079.133 Safari/537.36"
3.141.41.251 - - [01/Apr/2025:16:47:09 -0400] "GET /the-epitome-of-urban-living-exploring-arina-east-residences HTTP/1.1" 301 0 "-" "Mozilla/5.0 AppleWebKit/537.36 (KHTML, like Gecko; compatible; ClaudeBot/1.0; +claudebot@anthropic.com)"
198.54.114.83 - - [01/Apr/2025:16:47:12 -0400] "POST /wp-cron.php?doing_wp_cron=1743540432.2645990848541259765625 HTTP/1.1" 200 0 "-" "WordPress/6.7.2; https://baernblog.com"
3.141.41.251 - - [01/Apr/2025:16:47:12 -0400] "GET /the-epitome-of-urban-living-exploring-arina-east-residences/ HTTP/1.1" 200 10454 "https://baernblog.com/the-epitome-of-urban-living-exploring-arina-east-residences" "Mozilla/5.0 AppleWebKit/537.36 (KHTML, like Gecko; compatible; ClaudeBot/1.0; +claudebot@anthropic.com)"
3.141.41.251 - - [01/Apr/2025:16:47:09 -0400] "GET /top-heroes-in-watcher-of-realms-unveiling-the-best HTTP/1.1" 301 0 "-" "Mozilla/5.0 AppleWebKit/537.36 (KHTML, like Gecko; compatible; ClaudeBot/1.0; +claudebot@anthropic.com)"
3.141.41.251 - - [01/Apr/2025:16:47:13 -0400] "GET /top-heroes-in-watcher-of-realms-unveiling-the-best/ HTTP/1.1" 200 10451 "https://baernblog.com/top-heroes-in-watcher-of-realms-unveiling-the-best" "Mozilla/5.0 AppleWebKit/537.36 (KHTML, like Gecko; compatible; ClaudeBot/1.0; +claudebot@anthropic.com)"
198.54.114.83 - - [01/Apr/2025:16:47:13 -0400] "POST /wp-admin/admin-ajax.php?action=async_litespeed&nonce=2ICMSvTUmP4rv2egnneTAwIv0RYDrN47&litespeed_type=imgoptm HTTP/1.1" 200 5 "-" "WordPress/6.7.2; https://baernblog.com"
8.210.75.120 - - [01/Apr/2025:16:47:23 -0400] "HEAD /category/activity HTTP/1.1" 301 0 "-" "Mozilla/5.0 (Windows NT 10.0; Win64; x64) AppleWebKit/537.36 (KHTML, like Gecko) Chrome/68.0.2962.132 Safari/537.36"
8.210.75.120 - - [01/Apr/2025:16:47:24 -0400] "HEAD /category/activity/ HTTP/1.1" 200 0 "-" "Mozilla/5.0 (Windows NT 10.0; Win64; x64) AppleWebKit/537.36 (KHTML, like Gecko) Chrome/68.0.2962.132 Safari/537.36"
8.210.75.120 - - [01/Apr/2025:16:47:24 -0400] "GET /category/activity HTTP/1.1" 301 0 "-" "Mozilla/5.0 (Windows NT 10.0; Win64; x64) AppleWebKit/537.36 (KHTML, like Gecko) Chrome/68.0.2962.132 Safari/537.36"
8.210.75.120 - - [01/Apr/2025:16:47:24 -0400] "GET /category/activity/ HTTP/1.1" 200 9470 "-" "Mozilla/5.0 (Windows NT 10.0; Win64; x64) AppleWebKit/537.36 (KHTML, like Gecko) Chrome/68.0.2962.132 Safari/537.36"
198.54.114.83 - - [01/Apr/2025:16:47:45 -0400] "POST /wp-cron.php?doing_wp_cron=1743540465.0874509811401367187500 HTTP/1.1" 200 0 "-" "WordPress/6.7.2; https://baernblog.com"
54.36.149.24 - - [01/Apr/2025:16:47:44 -0400] "GET /the-art-of-cleaning-gold-jewelry-a-glittering-guide/ HTTP/1.1" 200 11324 "-" "Mozilla/5.0 (compatible; AhrefsBot/7.0; +http://ahrefs.com/robot/)"
198.54.114.83 - - [01/Apr/2025:16:49:56 -0400] "POST /wp-cron.php?doing_wp_cron=1743540595.2746489048004150390625 HTTP/1.1" 200 0 "-" "WordPress/6.7.2; https://baernblog.com"
54.36.148.37 - - [01/Apr/2025:16:49:52 -0400] "GET /boudoir-photography-san-antonio/ HTTP/1.1" 200 10474 "-" "Mozilla/5.0 (compatible; AhrefsBot/7.0; +http://ahrefs.com/robot/)"
154.83.71.35 - - [01/Apr/2025:16:50:43 -0400] "GET /unveiling-the-thrills-and-controversies-of-online-casinos/ HTTP/1.1" 200 10611 "-" "Mozilla/5.0 (Macintosh; Intel Mac OS X 10_15_7) AppleWebKit/537.36 (KHTML, like Gecko) Chrome/125.0.0.0 Safari/537.36"
198.54.114.83 - - [01/Apr/2025:16:52:07 -0400] "POST /wp-cron.php?doing_wp_cron=1743540727.4714269638061523437500 HTTP/1.1" 200 0 "-" "WordPress/6.7.2; https://baernblog.com"
54.36.148.225 - - [01/Apr/2025:16:52:04 -0400] "GET /navigating-global-trade-the-essentials-of-international-shipping/ HTTP/1.1" 200 10495 "-" "Mozilla/5.0 (compatible; AhrefsBot/7.0; +http://ahrefs.com/robot/)"
198.54.114.83 - - [01/Apr/2025:16:52:08 -0400] "POST /wp-admin/admin-ajax.php?action=async_litespeed&nonce=xWp6ucOD8Yy1RMAbachaS2xxbawZxbr8&litespeed_type=imgoptm HTTP/1.1" 200 5 "-" "WordPress/6.7.2; https://baernblog.com"
13.229.78.155 - - [01/Apr/2025:16:53:48 -0400] "GET / HTTP/1.1" 200 77939 "-" "Mozilla/5.0 (Windows NT 10.0; Win64; x64; rv:122.0) Gecko/20100101 Firefox/122.0"
198.54.114.83 - - [01/Apr/2025:16:53:52 -0400] "POST /wp-cron.php?doing_wp_cron=1743540832.1782000064849853515625 HTTP/1.1" 200 0 "-" "WordPress/6.7.2; https://baernblog.com"
13.229.78.155 - - [01/Apr/2025:16:53:50 -0400] "GET /xmlrpc.php HTTP/1.1" 405 46 "-" "Mozilla/5.0 (Windows NT 10.0; Win64; x64; rv:122.0) Gecko/20100101 Firefox/122.0"
198.54.114.83 - - [01/Apr/2025:16:53:53 -0400] "POST /wp-admin/admin-ajax.php?action=async_litespeed&nonce=iOyproO7w4NAmg4qjf4NmS3hLVVNmHE7&litespeed_type=imgoptm HTTP/1.1" 200 5 "-" "WordPress/6.7.2; https://baernblog.com"
13.229.78.155 - - [01/Apr/2025:16:53:53 -0400] "GET /wp-json/wp/v2/users HTTP/1.1" 200 1325 "-" "Mozilla/5.0 (Windows NT 10.0; Win64; x64; rv:122.0) Gecko/20100101 Firefox/122.0"
198.54.114.83 - - [01/Apr/2025:16:54:24 -0400] "POST /wp-cron.php?doing_wp_cron=1743540864.2745299339294433593750 HTTP/1.1" 200 0 "-" "WordPress/6.7.2; https://baernblog.com"
18.119.255.198 - - [01/Apr/2025:16:54:24 -0400] "GET /discover-your-dream-home-houses-for-sale-in-sonoma-county-ca HTTP/1.1" 301 0 "-" "Mozilla/5.0 AppleWebKit/537.36 (KHTML, like Gecko; compatible; ClaudeBot/1.0; +claudebot@anthropic.com)"
54.36.149.75 - - [01/Apr/2025:16:54:23 -0400] "GET /buying-guide-for-ray-ban-sunglasses/ HTTP/1.1" 200 11056 "-" "Mozilla/5.0 (compatible; AhrefsBot/7.0; +http://ahrefs.com/robot/)"
198.54.114.83 - - [01/Apr/2025:16:54:25 -0400] "POST /wp-admin/admin-ajax.php?action=async_litespeed&nonce=rsS4zbLiJJ97U1y3oXweXU1XIDKkmR5P&litespeed_type=imgoptm HTTP/1.1" 200 0 "-" "WordPress/6.7.2; https://baernblog.com"
18.119.255.198 - - [01/Apr/2025:16:54:26 -0400] "GET /discover-your-dream-home-houses-for-sale-in-sonoma-county-ca/ HTTP/1.1" 200 10567 "https://baernblog.com/discover-your-dream-home-houses-for-sale-in-sonoma-county-ca" "Mozilla/5.0 AppleWebKit/537.36 (KHTML, like Gecko; compatible; ClaudeBot/1.0; +claudebot@anthropic.com)"
13.229.78.155 - - [01/Apr/2025:16:53:55 -0400] "POST /xmlrpc.php HTTP/1.1" 200 0 "-" "python-httpx/0.22.0"
13.229.78.155 - - [01/Apr/2025:16:54:15 -0400] "POST /xmlrpc.php HTTP/1.1" 200 0 "-" "python-httpx/0.22.0"
13.229.78.155 - - [01/Apr/2025:16:54:35 -0400] "POST /xmlrpc.php HTTP/1.1" 200 0 "-" "python-httpx/0.22.0"
13.229.78.155 - - [01/Apr/2025:16:54:55 -0400] "POST /xmlrpc.php HTTP/1.1" 200 0 "-" "python-httpx/0.22.0"
13.229.78.155 - - [01/Apr/2025:16:55:15 -0400] "POST /xmlrpc.php HTTP/1.1" 200 0 "-" "python-httpx/0.22.0"
13.229.78.155 - - [01/Apr/2025:16:55:35 -0400] "POST /xmlrpc.php HTTP/1.1" 200 0 "-" "python-httpx/0.22.0"
13.229.78.155 - - [01/Apr/2025:16:55:55 -0400] "POST /xmlrpc.php HTTP/1.1" 200 0 "-" "python-httpx/0.22.0"
198.54.114.83 - - [01/Apr/2025:16:56:47 -0400] "POST /wp-cron.php?doing_wp_cron=1743541007.1201341152191162109375 HTTP/1.1" 200 0 "-" "WordPress/6.7.2; https://baernblog.com"
54.36.148.208 - - [01/Apr/2025:16:56:45 -0400] "GET /5-types-of-fire-extinguishers/ HTTP/1.1" 200 10518 "-" "Mozilla/5.0 (compatible; AhrefsBot/7.0; +http://ahrefs.com/robot/)"
198.54.114.83 - - [01/Apr/2025:16:56:47 -0400] "POST /wp-admin/admin-ajax.php?action=async_litespeed&nonce=jWVUp9kPwCOylgMMkCEDxNjJFAmOVLdR&litespeed_type=imgoptm HTTP/1.1" 200 5 "-" "WordPress/6.7.2; https://baernblog.com"
13.229.78.155 - - [01/Apr/2025:16:56:15 -0400] "POST /xmlrpc.php HTTP/1.1" 200 0 "-" "python-httpx/0.22.0"
13.229.78.155 - - [01/Apr/2025:16:56:35 -0400] "POST /xmlrpc.php HTTP/1.1" 200 0 "-" "python-httpx/0.22.0"
13.229.78.155 - - [01/Apr/2025:16:56:55 -0400] "POST /xmlrpc.php HTTP/1.1" 200 0 "-" "python-httpx/0.22.0"
13.229.78.155 - - [01/Apr/2025:16:57:15 -0400] "POST /xmlrpc.php HTTP/1.1" 200 0 "-" "python-httpx/0.22.0"
13.229.78.155 - - [01/Apr/2025:16:57:35 -0400] "POST /xmlrpc.php HTTP/1.1" 200 0 "-" "python-httpx/0.22.0"
13.229.78.155 - - [01/Apr/2025:16:57:55 -0400] "POST /xmlrpc.php HTTP/1.1" 200 0 "-" "python-httpx/0.22.0"
13.229.78.155 - - [01/Apr/2025:16:58:15 -0400] "POST /xmlrpc.php HTTP/1.1" 200 0 "-" "python-httpx/0.22.0"
198.54.114.83 - - [01/Apr/2025:16:59:11 -0400] "POST /wp-cron.php?doing_wp_cron=1743541151.2876911163330078125000 HTTP/1.1" 200 0 "-" "WordPress/6.7.2; https://baernblog.com"
198.54.114.83 - - [01/Apr/2025:16:59:12 -0400] "POST /wp-admin/admin-ajax.php?action=async_litespeed&nonce=IzNqPbdyGeYGACQOfBTQc3LsS2PgUqrM&litespeed_type=imgoptm HTTP/1.1" 200 0 "-" "WordPress/6.7.2; https://baernblog.com"
54.36.149.21 - - [01/Apr/2025:16:58:53 -0400] "GET /custom-personalized-socks/ HTTP/1.1" 200 10946 "-" "Mozilla/5.0 (compatible; AhrefsBot/7.0; +http://ahrefs.com/robot/)"
13.229.78.155 - - [01/Apr/2025:16:58:35 -0400] "POST /xmlrpc.php HTTP/1.1" 200 0 "-" "python-httpx/0.22.0"
13.229.78.155 - - [01/Apr/2025:16:58:55 -0400] "POST /xmlrpc.php HTTP/1.1" 200 0 "-" "python-httpx/0.22.0"
13.229.78.155 - - [01/Apr/2025:16:59:15 -0400] "POST /xmlrpc.php HTTP/1.1" 200 0 "-" "python-httpx/0.22.0"
13.229.78.155 - - [01/Apr/2025:16:59:35 -0400] "POST /xmlrpc.php HTTP/1.1" 200 0 "-" "python-httpx/0.22.0"
13.229.78.155 - - [01/Apr/2025:16:59:55 -0400] "POST /xmlrpc.php HTTP/1.1" 200 0 "-" "python-httpx/0.22.0"
13.229.78.155 - - [01/Apr/2025:17:00:15 -0400] "POST /xmlrpc.php HTTP/1.1" 200 0 "-" "python-httpx/0.22.0"
198.54.114.83 - - [01/Apr/2025:17:01:13 -0400] "POST /wp-cron.php?doing_wp_cron=1743541272.9649920463562011718750 HTTP/1.1" 200 0 "-" "WordPress/6.7.2; https://baernblog.com"
54.36.148.208 - - [01/Apr/2025:17:01:10 -0400] "GET /category/sign-up/feed/ HTTP/1.1" 200 421 "-" "Mozilla/5.0 (compatible; AhrefsBot/7.0; +http://ahrefs.com/robot/)"
13.229.78.155 - - [01/Apr/2025:17:00:35 -0400] "POST /xmlrpc.php HTTP/1.1" 200 0 "-" "python-httpx/0.22.0"
198.54.114.83 - - [01/Apr/2025:17:01:15 -0400] "POST /wp-admin/admin-ajax.php?action=async_litespeed&nonce=qYzI6OB4i8wpz505RJ6MV9gdEdWdbBkl&litespeed_type=imgoptm HTTP/1.1" 200 5 "-" "WordPress/6.7.2; https://baernblog.com"
13.229.78.155 - - [01/Apr/2025:17:00:55 -0400] "POST /xmlrpc.php HTTP/1.1" 200 0 "-" "python-httpx/0.22.0"
198.54.114.83 - - [01/Apr/2025:17:01:43 -0400] "POST /wp-cron.php?doing_wp_cron=1743541302.9724578857421875000000 HTTP/1.1" 200 0 "-" "WordPress/6.7.2; https://baernblog.com"
3.143.18.255 - - [01/Apr/2025:17:01:42 -0400] "GET /factors-to-consider-when-selecting-an-online-casino/feed HTTP/1.1" 301 0 "-" "Mozilla/5.0 AppleWebKit/537.36 (KHTML, like Gecko; compatible; ClaudeBot/1.0; +claudebot@anthropic.com)"
3.143.18.255 - - [01/Apr/2025:17:01:43 -0400] "GET /factors-to-consider-when-selecting-an-online-casino/feed/ HTTP/1.1" 200 420 "https://baernblog.com/factors-to-consider-when-selecting-an-online-casino/feed" "Mozilla/5.0 AppleWebKit/537.36 (KHTML, like Gecko; compatible; ClaudeBot/1.0; +claudebot@anthropic.com)"
13.229.78.155 - - [01/Apr/2025:17:01:15 -0400] "POST /xmlrpc.php HTTP/1.1" 200 0 "-" "python-httpx/0.22.0"
13.229.78.155 - - [01/Apr/2025:17:01:35 -0400] "POST /xmlrpc.php HTTP/1.1" 200 0 "-" "python-httpx/0.22.0"
13.229.78.155 - - [01/Apr/2025:17:01:55 -0400] "POST /xmlrpc.php HTTP/1.1" 200 0 "-" "python-httpx/0.22.0"
13.229.78.155 - - [01/Apr/2025:17:02:15 -0400] "POST /xmlrpc.php HTTP/1.1" 200 0 "-" "python-httpx/0.22.0"
13.229.78.155 - - [01/Apr/2025:17:02:35 -0400] "POST /xmlrpc.php HTTP/1.1" 200 0 "-" "python-httpx/0.22.0"
54.36.148.168 - - [01/Apr/2025:17:03:19 -0400] "GET /womens-sandals-describe-your-characteristics/ HTTP/1.1" 200 11233 "-" "Mozilla/5.0 (compatible; AhrefsBot/7.0; +http://ahrefs.com/robot/)"
13.229.78.155 - - [01/Apr/2025:17:02:55 -0400] "POST /xmlrpc.php HTTP/1.1" 200 0 "-" "python-httpx/0.22.0"
13.229.78.155 - - [01/Apr/2025:17:03:15 -0400] "POST /xmlrpc.php HTTP/1.1" 200 0 "-" "python-httpx/0.22.0"
13.229.78.155 - - [01/Apr/2025:17:03:35 -0400] "POST /xmlrpc.php HTTP/1.1" 200 0 "-" "python-httpx/0.22.0"
13.229.78.155 - - [01/Apr/2025:17:03:56 -0400] "POST /xmlrpc.php HTTP/1.1" 200 0 "-" "python-httpx/0.22.0"
13.229.78.155 - - [01/Apr/2025:17:04:15 -0400] "POST /xmlrpc.php HTTP/1.1" 200 0 "-" "python-httpx/0.22.0"
13.229.78.155 - - [01/Apr/2025:17:04:35 -0400] "POST /xmlrpc.php HTTP/1.1" 200 0 "-" "python-httpx/0.22.0"
198.54.114.83 - - [01/Apr/2025:17:05:32 -0400] "POST /wp-cron.php?doing_wp_cron=1743541532.0217080116271972656250 HTTP/1.1" 200 0 "-" "WordPress/6.7.2; https://baernblog.com"
54.36.148.153 - - [01/Apr/2025:17:05:28 -0400] "GET /how-an-employment-lawyer-can-help/ HTTP/1.1" 200 10538 "-" "Mozilla/5.0 (compatible; AhrefsBot/7.0; +http://ahrefs.com/robot/)"
198.54.114.83 - - [01/Apr/2025:17:05:32 -0400] "POST /wp-admin/admin-ajax.php?action=async_litespeed&nonce=HbhVodcdRuq1LCxnOBqfpYJ2VdYJJhFx&litespeed_type=imgoptm HTTP/1.1" 200 0 "-" "WordPress/6.7.2; https://baernblog.com"
13.229.78.155 - - [01/Apr/2025:17:04:57 -0400] "POST /xmlrpc.php HTTP/1.1" 200 0 "-" "python-httpx/0.22.0"
13.229.78.155 - - [01/Apr/2025:17:05:17 -0400] "POST /xmlrpc.php HTTP/1.1" 200 0 "-" "python-httpx/0.22.0"
198.54.114.83 - - [01/Apr/2025:17:06:15 -0400] "POST /wp-admin/admin-ajax.php?action=async_litespeed&nonce=9zu7UU7n9qCRphPrAMULl0ZbbeA8pxG6&litespeed_type=imgoptm HTTP/1.1" 200 5 "-" "WordPress/6.7.2; https://baernblog.com"
13.229.78.155 - - [01/Apr/2025:17:05:38 -0400] "POST /xmlrpc.php HTTP/1.1" 200 0 "-" "python-httpx/0.22.0"
18.190.217.84 - - [01/Apr/2025:17:06:35 -0400] "GET /how-to-charge-and-cleanse-crystal-bracelets/feed HTTP/1.1" 301 0 "-" "Mozilla/5.0 AppleWebKit/537.36 (KHTML, like Gecko; compatible; ClaudeBot/1.0; +claudebot@anthropic.com)"
198.54.114.83 - - [01/Apr/2025:17:06:35 -0400] "POST /wp-cron.php?doing_wp_cron=1743541595.4231638908386230468750 HTTP/1.1" 200 0 "-" "WordPress/6.7.2; https://baernblog.com"
18.190.217.84 - - [01/Apr/2025:17:06:35 -0400] "GET /traumurlaub-im-resort-am-gardasee HTTP/1.1" 301 0 "-" "Mozilla/5.0 AppleWebKit/537.36 (KHTML, like Gecko; compatible; ClaudeBot/1.0; +claudebot@anthropic.com)"
18.190.217.84 - - [01/Apr/2025:17:06:35 -0400] "GET /traumurlaub-im-resort-am-gardasee/ HTTP/1.1" 200 10737 "https://baernblog.com/traumurlaub-im-resort-am-gardasee" "Mozilla/5.0 AppleWebKit/537.36 (KHTML, like Gecko; compatible; ClaudeBot/1.0; +claudebot@anthropic.com)"
18.190.217.84 - - [01/Apr/2025:17:06:35 -0400] "GET /how-to-charge-and-cleanse-crystal-bracelets/feed/ HTTP/1.1" 200 410 "https://baernblog.com/how-to-charge-and-cleanse-crystal-bracelets/feed" "Mozilla/5.0 AppleWebKit/537.36 (KHTML, like Gecko; compatible; ClaudeBot/1.0; +claudebot@anthropic.com)"
13.229.78.155 - - [01/Apr/2025:17:05:57 -0400] "POST /xmlrpc.php HTTP/1.1" 200 0 "-" "python-httpx/0.22.0"
13.229.78.155 - - [01/Apr/2025:17:06:18 -0400] "POST /xmlrpc.php HTTP/1.1" 200 0 "-" "python-httpx/0.22.0"
13.229.78.155 - - [01/Apr/2025:17:06:38 -0400] "POST /xmlrpc.php HTTP/1.1" 200 0 "-" "python-httpx/0.22.0"
13.229.78.155 - - [01/Apr/2025:17:06:58 -0400] "POST /xmlrpc.php HTTP/1.1" 200 0 "-" "python-httpx/0.22.0"
198.54.114.83 - - [01/Apr/2025:17:07:38 -0400] "POST /wp-cron.php?doing_wp_cron=1743541658.7792320251464843750000 HTTP/1.1" 200 0 "-" "WordPress/6.7.2; https://baernblog.com"
54.36.148.176 - - [01/Apr/2025:17:07:38 -0400] "GET /lerne-gitarre-mit-den-besten-lektionen-in-deiner-nahe/ HTTP/1.1" 200 10541 "-" "Mozilla/5.0 (compatible; AhrefsBot/7.0; +http://ahrefs.com/robot/)"
198.54.114.83 - - [01/Apr/2025:17:07:39 -0400] "POST /wp-admin/admin-ajax.php?action=async_litespeed&nonce=nMCSKOgXNJjUpzdT8yFRvhThU3dT55e8&litespeed_type=imgoptm HTTP/1.1" 200 5 "-" "WordPress/6.7.2; https://baernblog.com"
13.229.78.155 - - [01/Apr/2025:17:07:18 -0400] "POST /xmlrpc.php HTTP/1.1" 200 0 "-" "python-httpx/0.22.0"
13.229.78.155 - - [01/Apr/2025:17:07:38 -0400] "POST /xmlrpc.php HTTP/1.1" 200 0 "-" "python-httpx/0.22.0"
13.229.78.155 - - [01/Apr/2025:17:07:58 -0400] "POST /xmlrpc.php HTTP/1.1" 200 0 "-" "python-httpx/0.22.0"
13.229.78.155 - - [01/Apr/2025:17:08:18 -0400] "POST /xmlrpc.php HTTP/1.1" 200 0 "-" "python-httpx/0.22.0"
198.54.114.83 - - [01/Apr/2025:17:08:58 -0400] "POST /wp-cron.php?doing_wp_cron=1743541738.0042951107025146484375 HTTP/1.1" 200 0 "-" "WordPress/6.7.2; https://baernblog.com"
18.221.124.95 - - [01/Apr/2025:17:08:57 -0400] "GET /harmony-woven-exploring-the-tranquility-bracelet HTTP/1.1" 301 0 "-" "Mozilla/5.0 AppleWebKit/537.36 (KHTML, like Gecko; compatible; ClaudeBot/1.0; +claudebot@anthropic.com)"
18.221.124.95 - - [01/Apr/2025:17:08:58 -0400] "GET /harmony-woven-exploring-the-tranquility-bracelet/ HTTP/1.1" 200 10821 "https://baernblog.com/harmony-woven-exploring-the-tranquility-bracelet" "Mozilla/5.0 AppleWebKit/537.36 (KHTML, like Gecko; compatible; ClaudeBot/1.0; +claudebot@anthropic.com)"
198.54.114.83 - - [01/Apr/2025:17:08:58 -0400] "POST /wp-admin/admin-ajax.php?action=async_litespeed&nonce=z38zPMXDkvv4WyCrqRt1MISw8n8wmCJ2&litespeed_type=imgoptm HTTP/1.1" 200 5 "-" "WordPress/6.7.2; https://baernblog.com"
13.229.78.155 - - [01/Apr/2025:17:08:38 -0400] "POST /xmlrpc.php HTTP/1.1" 200 0 "-" "python-httpx/0.22.0"
13.229.78.155 - - [01/Apr/2025:17:08:58 -0400] "POST /xmlrpc.php HTTP/1.1" 200 0 "-" "python-httpx/0.22.0"
13.229.78.155 - - [01/Apr/2025:17:09:18 -0400] "POST /xmlrpc.php HTTP/1.1" 200 0 "-" "python-httpx/0.22.0"
54.36.149.20 - - [01/Apr/2025:17:09:59 -0400] "GET /url-link-shortener/ HTTP/1.1" 200 10085 "-" "Mozilla/5.0 (compatible; AhrefsBot/7.0; +http://ahrefs.com/robot/)"
13.229.78.155 - - [01/Apr/2025:17:09:38 -0400] "POST /xmlrpc.php HTTP/1.1" 200 0 "-" "python-httpx/0.22.0"
13.229.78.155 - - [01/Apr/2025:17:09:58 -0400] "POST /xmlrpc.php HTTP/1.1" 200 0 "-" "python-httpx/0.22.0"
13.229.78.155 - - [01/Apr/2025:17:10:19 -0400] "POST /xmlrpc.php HTTP/1.1" 200 0 "-" "python-httpx/0.22.0"
13.229.78.155 - - [01/Apr/2025:17:10:39 -0400] "POST /xmlrpc.php HTTP/1.1" 200 0 "-" "python-httpx/0.22.0"
13.229.78.155 - - [01/Apr/2025:17:10:58 -0400] "POST /xmlrpc.php HTTP/1.1" 200 0 "-" "python-httpx/0.22.0"
13.229.78.155 - - [01/Apr/2025:17:11:18 -0400] "POST /xmlrpc.php HTTP/1.1" 200 0 "-" "python-httpx/0.22.0"
54.36.148.22 - - [01/Apr/2025:17:12:14 -0400] "GET /unveiling-the-thrills-and-controversies-of-online-casinos/ HTTP/1.1" 200 10611 "-" "Mozilla/5.0 (compatible; AhrefsBot/7.0; +http://ahrefs.com/robot/)"
13.229.78.155 - - [01/Apr/2025:17:11:38 -0400] "POST /xmlrpc.php HTTP/1.1" 200 0 "-" "python-httpx/0.22.0"
13.229.78.155 - - [01/Apr/2025:17:11:58 -0400] "POST /xmlrpc.php HTTP/1.1" 200 0 "-" "python-httpx/0.22.0"
13.229.78.155 - - [01/Apr/2025:17:12:18 -0400] "POST /xmlrpc.php HTTP/1.1" 200 0 "-" "python-httpx/0.22.0"
13.229.78.155 - - [01/Apr/2025:17:12:39 -0400] "POST /xmlrpc.php HTTP/1.1" 200 0 "-" "python-httpx/0.22.0"
13.229.78.155 - - [01/Apr/2025:17:12:59 -0400] "POST /xmlrpc.php HTTP/1.1" 200 0 "-" "python-httpx/0.22.0"
13.229.78.155 - - [01/Apr/2025:17:13:19 -0400] "POST /xmlrpc.php HTTP/1.1" 200 0 "-" "python-httpx/0.22.0"
13.229.78.155 - - [01/Apr/2025:17:13:39 -0400] "POST /xmlrpc.php HTTP/1.1" 200 0 "-" "python-httpx/0.22.0"
54.36.149.58 - - [01/Apr/2025:17:14:26 -0400] "GET /enhance-your-pilates-practice-with-grip-socks-the-perfect-fusion-of-style-and-function/ HTTP/1.1" 200 10745 "-" "Mozilla/5.0 (compatible; AhrefsBot/7.0; +http://ahrefs.com/robot/)"
13.229.78.155 - - [01/Apr/2025:17:13:59 -0400] "POST /xmlrpc.php HTTP/1.1" 200 0 "-" "python-httpx/0.22.0"
13.229.78.155 - - [01/Apr/2025:17:14:19 -0400] "POST /xmlrpc.php HTTP/1.1" 200 0 "-" "python-httpx/0.22.0"
13.229.78.155 - - [01/Apr/2025:17:14:38 -0400] "POST /xmlrpc.php HTTP/1.1" 200 0 "-" "python-httpx/0.22.0"
13.229.78.155 - - [01/Apr/2025:17:14:59 -0400] "POST /xmlrpc.php HTTP/1.1" 200 0 "-" "python-httpx/0.22.0"
13.229.78.155 - - [01/Apr/2025:17:15:19 -0400] "POST /xmlrpc.php HTTP/1.1" 200 0 "-" "python-httpx/0.22.0"
13.229.78.155 - - [01/Apr/2025:17:15:39 -0400] "POST /xmlrpc.php HTTP/1.1" 200 0 "-" "python-httpx/0.22.0"
13.229.78.155 - - [01/Apr/2025:17:15:59 -0400] "POST /xmlrpc.php HTTP/1.1" 200 0 "-" "python-httpx/0.22.0"
13.229.78.155 - - [01/Apr/2025:17:16:21 -0400] "POST /xmlrpc.php HTTP/1.1" 200 0 "-" "python-httpx/0.22.0"
198.54.114.83 - - [01/Apr/2025:17:17:19 -0400] "POST /wp-cron.php?doing_wp_cron=1743542238.7530939579010009765625 HTTP/1.1" 200 0 "-" "WordPress/6.7.2; https://baernblog.com"
54.36.148.59 - - [01/Apr/2025:17:17:15 -0400] "GET /the-basic-functions-of-a-southshore-property-management-company/ HTTP/1.1" 200 11137 "-" "Mozilla/5.0 (compatible; AhrefsBot/7.0; +http://ahrefs.com/robot/)"
198.54.114.83 - - [01/Apr/2025:17:17:19 -0400] "POST /wp-admin/admin-ajax.php?action=async_litespeed&nonce=YFbfqzpHeBzAqMprAio7nXtsj65pwtzK&litespeed_type=imgoptm HTTP/1.1" 200 5 "-" "WordPress/6.7.2; https://baernblog.com"
13.229.78.155 - - [01/Apr/2025:17:16:41 -0400] "POST /xmlrpc.php HTTP/1.1" 200 0 "-" "python-httpx/0.22.0"
13.229.78.155 - - [01/Apr/2025:17:17:02 -0400] "POST /xmlrpc.php HTTP/1.1" 200 0 "-" "python-httpx/0.22.0"
13.229.78.155 - - [01/Apr/2025:17:17:22 -0400] "POST /xmlrpc.php HTTP/1.1" 200 0 "-" "python-httpx/0.22.0"
198.54.114.83 - - [01/Apr/2025:17:18:04 -0400] "POST /wp-admin/admin-ajax.php?action=async_litespeed&nonce=d3RgI5HUhZpNjZCNByMeIEXDTuUKTRpO&litespeed_type=imgoptm HTTP/1.1" 200 0 "-" "WordPress/6.7.2; https://baernblog.com"
13.229.78.155 - - [01/Apr/2025:17:17:42 -0400] "POST /xmlrpc.php HTTP/1.1" 200 0 "-" "python-httpx/0.22.0"
13.229.78.155 - - [01/Apr/2025:17:18:03 -0400] "POST /xmlrpc.php HTTP/1.1" 200 0 "-" "python-httpx/0.22.0"
13.229.78.155 - - [01/Apr/2025:17:18:23 -0400] "POST /xmlrpc.php HTTP/1.1" 200 0 "-" "python-httpx/0.22.0"
13.229.78.155 - - [01/Apr/2025:17:18:43 -0400] "POST /xmlrpc.php HTTP/1.1" 200 0 "-" "python-httpx/0.22.0"
13.229.78.155 - - [01/Apr/2025:17:19:03 -0400] "POST /xmlrpc.php HTTP/1.1" 200 0 "-" "python-httpx/0.22.0"
198.54.114.83 - - [01/Apr/2025:17:19:48 -0400] "POST /wp-cron.php?doing_wp_cron=1743542387.4678540229797363281250 HTTP/1.1" 200 0 "-" "WordPress/6.7.2; https://baernblog.com"
54.36.148.214 - - [01/Apr/2025:17:19:45 -0400] "GET /unlocking-intimacy-the-role-of-a-sex-therapist-in-san-diego/ HTTP/1.1" 200 10567 "-" "Mozilla/5.0 (compatible; AhrefsBot/7.0; +http://ahrefs.com/robot/)"
198.54.114.83 - - [01/Apr/2025:17:19:54 -0400] "POST /wp-admin/admin-ajax.php?action=async_litespeed&nonce=hma0KrmTkzJ1IpjlbBoJq72elGNDMosg&litespeed_type=imgoptm HTTP/1.1" 200 0 "-" "WordPress/6.7.2; https://baernblog.com"
13.229.78.155 - - [01/Apr/2025:17:19:23 -0400] "POST /xmlrpc.php HTTP/1.1" 200 0 "-" "python-httpx/0.22.0"
13.229.78.155 - - [01/Apr/2025:17:19:45 -0400] "POST /xmlrpc.php HTTP/1.1" 200 0 "-" "python-httpx/0.22.0"
13.229.78.155 - - [01/Apr/2025:17:20:04 -0400] "POST /xmlrpc.php HTTP/1.1" 200 0 "-" "python-httpx/0.22.0"
13.229.78.155 - - [01/Apr/2025:17:20:24 -0400] "POST /xmlrpc.php HTTP/1.1" 200 0 "-" "python-httpx/0.22.0"
198.54.114.83 - - [01/Apr/2025:17:21:22 -0400] "POST /wp-admin/admin-ajax.php?action=async_litespeed&nonce=LDJm6iaHmB6FRGSb40RQcbnDB4OrYETx&litespeed_type=imgoptm HTTP/1.1" 200 5 "-" "WordPress/6.7.2; https://baernblog.com"
13.229.78.155 - - [01/Apr/2025:17:20:45 -0400] "POST /xmlrpc.php HTTP/1.1" 200 0 "-" "python-httpx/0.22.0"
198.181.163.253 - - [01/Apr/2025:17:21:28 -0400] "GET /the-benefits-of-managed-investing/ HTTP/1.1" 200 11802 "https://baernblog.com/the-benefits-of-managed-investing/#comment-22579" "Mozilla/5.0 (Windows NT 10.0; Win64; x64) AppleWebKit/537.36 (KHTML, like Gecko) Chrome/131.0.0.0 Safari/537.36 Avast/131.0.0.0"
13.229.78.155 - - [01/Apr/2025:17:21:05 -0400] "POST /xmlrpc.php HTTP/1.1" 200 0 "-" "python-httpx/0.22.0"
13.229.78.155 - - [01/Apr/2025:17:21:25 -0400] "POST /xmlrpc.php HTTP/1.1" 200 0 "-" "python-httpx/0.22.0"
198.54.114.83 - - [01/Apr/2025:17:22:18 -0400] "POST /wp-cron.php?doing_wp_cron=1743542538.7620739936828613281250 HTTP/1.1" 200 0 "-" "WordPress/6.7.2; https://baernblog.com"
54.36.148.79 - - [01/Apr/2025:17:22:18 -0400] "GET /a-new-standard-in-luxury-living/ HTTP/1.1" 200 10478 "-" "Mozilla/5.0 (compatible; AhrefsBot/7.0; +http://ahrefs.com/robot/)"
198.54.114.83 - - [01/Apr/2025:17:22:19 -0400] "POST /wp-admin/admin-ajax.php?action=async_litespeed&nonce=lEWg7fvWc0ljwU5B6IJVdRoTvRiLb52K&litespeed_type=imgoptm HTTP/1.1" 200 5 "-" "WordPress/6.7.2; https://baernblog.com"
13.229.78.155 - - [01/Apr/2025:17:21:45 -0400] "POST /xmlrpc.php HTTP/1.1" 200 0 "-" "python-httpx/0.22.0"
13.229.78.155 - - [01/Apr/2025:17:22:05 -0400] "POST /xmlrpc.php HTTP/1.1" 200 0 "-" "python-httpx/0.22.0"
13.229.78.155 - - [01/Apr/2025:17:22:25 -0400] "POST /xmlrpc.php HTTP/1.1" 200 0 "-" "python-httpx/0.22.0"
13.229.78.155 - - [01/Apr/2025:17:22:45 -0400] "POST /xmlrpc.php HTTP/1.1" 200 0 "-" "python-httpx/0.22.0"
13.229.78.155 - - [01/Apr/2025:17:23:05 -0400] "POST /xmlrpc.php HTTP/1.1" 200 0 "-" "python-httpx/0.22.0"
13.229.78.155 - - [01/Apr/2025:17:23:25 -0400] "POST /xmlrpc.php HTTP/1.1" 200 0 "-" "python-httpx/0.22.0"
13.229.78.155 - - [01/Apr/2025:17:23:45 -0400] "POST /xmlrpc.php HTTP/1.1" 200 0 "-" "python-httpx/0.22.0"
198.54.114.83 - - [01/Apr/2025:17:24:47 -0400] "POST /wp-cron.php?doing_wp_cron=1743542686.6322100162506103515625 HTTP/1.1" 200 0 "-" "WordPress/6.7.2; https://baernblog.com"
13.229.78.155 - - [01/Apr/2025:17:24:05 -0400] "POST /xmlrpc.php HTTP/1.1" 200 0 "-" "python-httpx/0.22.0"
54.36.148.75 - - [01/Apr/2025:17:24:43 -0400] "GET /convenience-at-your-fingertips/ HTTP/1.1" 200 10473 "-" "Mozilla/5.0 (compatible; AhrefsBot/7.0; +http://ahrefs.com/robot/)"
198.54.114.83 - - [01/Apr/2025:17:24:47 -0400] "POST /wp-admin/admin-ajax.php?action=async_litespeed&nonce=LTe6SneBAeNSmMFYjXiSaTno3paLB90M&litespeed_type=imgoptm HTTP/1.1" 200 5 "-" "WordPress/6.7.2; https://baernblog.com"
13.229.78.155 - - [01/Apr/2025:17:24:27 -0400] "POST /xmlrpc.php HTTP/1.1" 200 0 "-" "python-httpx/0.22.0"
40.77.167.52 - - [01/Apr/2025:17:25:09 -0400] "GET /plastic-gear/ HTTP/1.1" 200 10154 "-" "Mozilla/5.0 AppleWebKit/537.36 (KHTML, like Gecko; compatible; bingbot/2.0; +http://www.bing.com/bingbot.htm) Chrome/116.0.1938.76 Safari/537.36"
13.229.78.155 - - [01/Apr/2025:17:24:48 -0400] "POST /xmlrpc.php HTTP/1.1" 200 0 "-" "python-httpx/0.22.0"
13.229.78.155 - - [01/Apr/2025:17:25:08 -0400] "POST /xmlrpc.php HTTP/1.1" 200 0 "-" "python-httpx/0.22.0"
13.229.78.155 - - [01/Apr/2025:17:25:27 -0400] "POST /xmlrpc.php HTTP/1.1" 200 0 "-" "python-httpx/0.22.0"
13.229.78.155 - - [01/Apr/2025:17:25:47 -0400] "POST /xmlrpc.php HTTP/1.1" 200 0 "-" "python-httpx/0.22.0"
13.229.78.155 - - [01/Apr/2025:17:26:08 -0400] "POST /xmlrpc.php HTTP/1.1" 200 0 "-" "python-httpx/0.22.0"
198.54.114.83 - - [01/Apr/2025:17:26:59 -0400] "POST /wp-cron.php?doing_wp_cron=1743542818.8720510005950927734375 HTTP/1.1" 200 0 "-" "WordPress/6.7.2; https://baernblog.com"
198.54.114.83 - - [01/Apr/2025:17:26:59 -0400] "POST /wp-admin/admin-ajax.php?action=async_litespeed&nonce=rjc1nV7qE5a8dcLLMHeiRNFZwfKztnZB&litespeed_type=imgoptm HTTP/1.1" 200 5 "-" "WordPress/6.7.2; https://baernblog.com"
54.36.148.78 - - [01/Apr/2025:17:26:56 -0400] "GET /exploring-the-allure-of-casas-en-manilva-a-coastal-haven/ HTTP/1.1" 200 10555 "-" "Mozilla/5.0 (compatible; AhrefsBot/7.0; +http://ahrefs.com/robot/)"
13.229.78.155 - - [01/Apr/2025:17:26:28 -0400] "POST /xmlrpc.php HTTP/1.1" 200 0 "-" "python-httpx/0.22.0"
13.229.78.155 - - [01/Apr/2025:17:26:48 -0400] "POST /xmlrpc.php HTTP/1.1" 200 0 "-" "python-httpx/0.22.0"
13.229.78.155 - - [01/Apr/2025:17:27:08 -0400] "POST /xmlrpc.php HTTP/1.1" 200 0 "-" "python-httpx/0.22.0"
13.229.78.155 - - [01/Apr/2025:17:27:28 -0400] "POST /xmlrpc.php HTTP/1.1" 200 0 "-" "python-httpx/0.22.0"
13.229.78.155 - - [01/Apr/2025:17:27:48 -0400] "POST /xmlrpc.php HTTP/1.1" 200 0 "-" "python-httpx/0.22.0"
13.229.78.155 - - [01/Apr/2025:17:28:08 -0400] "POST /xmlrpc.php HTTP/1.1" 200 0 "-" "python-httpx/0.22.0"
13.229.78.155 - - [01/Apr/2025:17:28:28 -0400] "POST /xmlrpc.php HTTP/1.1" 200 0 "-" "python-httpx/0.22.0"
13.229.78.155 - - [01/Apr/2025:17:28:48 -0400] "POST /xmlrpc.php HTTP/1.1" 200 0 "-" "python-httpx/0.22.0"
34.127.29.78 - - [01/Apr/2025:17:29:32 -0400] "GET /football-grip-socks/ HTTP/1.1" 200 10450 "-" "Mozilla/5.0 (Macintosh; Intel Mac OS X 10.15; rv:109.0) Gecko/20100101 Firefox/116.0"
13.229.78.155 - - [01/Apr/2025:17:29:08 -0400] "POST /xmlrpc.php HTTP/1.1" 200 0 "-" "python-httpx/0.22.0"
13.229.78.155 - - [01/Apr/2025:17:29:28 -0400] "POST /xmlrpc.php HTTP/1.1" 200 0 "-" "python-httpx/0.22.0"
198.54.114.83 - - [01/Apr/2025:17:30:26 -0400] "POST /wp-admin/admin-ajax.php?action=async_litespeed&nonce=5ousZ2p2TMW1sz3MACLXxZNDejmnL8WB&litespeed_type=imgoptm HTTP/1.1" 200 0 "-" "WordPress/6.7.2; https://baernblog.com"
13.229.78.155 - - [01/Apr/2025:17:29:48 -0400] "POST /xmlrpc.php HTTP/1.1" 200 0 "-" "python-httpx/0.22.0"
13.229.78.155 - - [01/Apr/2025:17:30:10 -0400] "POST /xmlrpc.php HTTP/1.1" 200 0 "-" "python-httpx/0.22.0"
3.143.247.104 - - [01/Apr/2025:17:30:51 -0400] "GET /navigating-the-thrills-exploring-the-realm-of-online-casinos HTTP/1.1" 301 0 "-" "Mozilla/5.0 AppleWebKit/537.36 (KHTML, like Gecko; compatible; ClaudeBot/1.0; +claudebot@anthropic.com)"
3.143.247.104 - - [01/Apr/2025:17:30:51 -0400] "GET /mobile-app-design-services HTTP/1.1" 301 0 "-" "Mozilla/5.0 AppleWebKit/537.36 (KHTML, like Gecko; compatible; ClaudeBot/1.0; +claudebot@anthropic.com)"
3.143.247.104 - - [01/Apr/2025:17:30:51 -0400] "GET /navigating-the-thrills-exploring-the-realm-of-online-casinos/ HTTP/1.1" 200 10861 "https://baernblog.com/navigating-the-thrills-exploring-the-realm-of-online-casinos" "Mozilla/5.0 AppleWebKit/537.36 (KHTML, like Gecko; compatible; ClaudeBot/1.0; +claudebot@anthropic.com)"
3.143.247.104 - - [01/Apr/2025:17:30:51 -0400] "GET /mobile-app-design-services/ HTTP/1.1" 200 11034 "https://baernblog.com/mobile-app-design-services" "Mozilla/5.0 AppleWebKit/537.36 (KHTML, like Gecko; compatible; ClaudeBot/1.0; +claudebot@anthropic.com)"
13.229.78.155 - - [01/Apr/2025:17:30:30 -0400] "POST /xmlrpc.php HTTP/1.1" 200 0 "-" "python-httpx/0.22.0"
13.229.78.155 - - [01/Apr/2025:17:30:50 -0400] "POST /xmlrpc.php HTTP/1.1" 200 0 "-" "python-httpx/0.22.0"
13.229.78.155 - - [01/Apr/2025:17:31:11 -0400] "POST /xmlrpc.php HTTP/1.1" 200 0 "-" "python-httpx/0.22.0"
198.54.114.83 - - [01/Apr/2025:17:31:52 -0400] "POST /wp-cron.php?doing_wp_cron=1743543111.8745770454406738281250 HTTP/1.1" 200 0 "-" "WordPress/6.7.2; https://baernblog.com"
54.36.148.157 - - [01/Apr/2025:17:31:51 -0400] "GET /room-alba/ HTTP/1.1" 200 10110 "-" "Mozilla/5.0 (compatible; AhrefsBot/7.0; +http://ahrefs.com/robot/)"
198.54.114.83 - - [01/Apr/2025:17:31:52 -0400] "POST /wp-admin/admin-ajax.php?action=async_litespeed&nonce=PfssSZib5I0X6Gm8EUGFQiRnp4nLVL44&litespeed_type=imgoptm HTTP/1.1" 200 5 "-" "WordPress/6.7.2; https://baernblog.com"
13.229.78.155 - - [01/Apr/2025:17:31:31 -0400] "POST /xmlrpc.php HTTP/1.1" 200 0 "-" "python-httpx/0.22.0"
13.229.78.155 - - [01/Apr/2025:17:31:51 -0400] "POST /xmlrpc.php HTTP/1.1" 200 0 "-" "python-httpx/0.22.0"
13.229.78.155 - - [01/Apr/2025:17:32:11 -0400] "POST /xmlrpc.php HTTP/1.1" 200 0 "-" "python-httpx/0.22.0"
13.229.78.155 - - [01/Apr/2025:17:32:31 -0400] "POST /xmlrpc.php HTTP/1.1" 200 0 "-" "python-httpx/0.22.0"
13.229.78.155 - - [01/Apr/2025:17:32:51 -0400] "POST /xmlrpc.php HTTP/1.1" 200 0 "-" "python-httpx/0.22.0"
13.229.78.155 - - [01/Apr/2025:17:33:12 -0400] "POST /xmlrpc.php HTTP/1.1" 200 0 "-" "python-httpx/0.22.0"
13.229.78.155 - - [01/Apr/2025:17:33:32 -0400] "POST /xmlrpc.php HTTP/1.1" 200 0 "-" "python-httpx/0.22.0"
198.54.114.83 - - [01/Apr/2025:17:34:26 -0400] "POST /wp-cron.php?doing_wp_cron=1743543265.8628950119018554687500 HTTP/1.1" 200 0 "-" "WordPress/6.7.2; https://baernblog.com"
54.36.148.83 - - [01/Apr/2025:17:34:21 -0400] "GET /une-expertise-de-qualite-en-isolation-lentreprise-disolation-a-geneve/ HTTP/1.1" 200 10740 "-" "Mozilla/5.0 (compatible; AhrefsBot/7.0; +http://ahrefs.com/robot/)"
198.54.114.83 - - [01/Apr/2025:17:34:26 -0400] "POST /wp-admin/admin-ajax.php?action=async_litespeed&nonce=y2NJgWgLgoUObCfCPcKhhoDYDTGpBQzE&litespeed_type=imgoptm HTTP/1.1" 200 0 "-" "WordPress/6.7.2; https://baernblog.com"
13.229.78.155 - - [01/Apr/2025:17:33:52 -0400] "POST /xmlrpc.php HTTP/1.1" 200 0 "-" "python-httpx/0.22.0"
13.229.78.155 - - [01/Apr/2025:17:34:12 -0400] "POST /xmlrpc.php HTTP/1.1" 200 0 "-" "python-httpx/0.22.0"
13.229.78.155 - - [01/Apr/2025:17:34:32 -0400] "POST /xmlrpc.php HTTP/1.1" 200 0 "-" "python-httpx/0.22.0"
13.229.78.155 - - [01/Apr/2025:17:34:53 -0400] "POST /xmlrpc.php HTTP/1.1" 200 0 "-" "python-httpx/0.22.0"
13.229.78.155 - - [01/Apr/2025:17:35:12 -0400] "POST /xmlrpc.php HTTP/1.1" 200 0 "-" "python-httpx/0.22.0"
13.229.78.155 - - [01/Apr/2025:17:35:32 -0400] "POST /xmlrpc.php HTTP/1.1" 200 0 "-" "python-httpx/0.22.0"
13.229.78.155 - - [01/Apr/2025:17:35:52 -0400] "POST /xmlrpc.php HTTP/1.1" 200 0 "-" "python-httpx/0.22.0"
198.54.114.83 - - [01/Apr/2025:17:36:47 -0400] "POST /wp-cron.php?doing_wp_cron=1743543407.0743889808654785156250 HTTP/1.1" 200 0 "-" "WordPress/6.7.2; https://baernblog.com"
54.36.148.31 - - [01/Apr/2025:17:36:44 -0400] "GET /ragdoll-archers-unblocked-game-experience/ HTTP/1.1" 200 10935 "-" "Mozilla/5.0 (compatible; AhrefsBot/7.0; +http://ahrefs.com/robot/)"
198.54.114.83 - - [01/Apr/2025:17:36:47 -0400] "POST /wp-admin/admin-ajax.php?action=async_litespeed&nonce=UFgKX0FYcSt8G2qko4TT1iLZtcbm1kQT&litespeed_type=imgoptm HTTP/1.1" 200 5 "-" "WordPress/6.7.2; https://baernblog.com"
13.229.78.155 - - [01/Apr/2025:17:36:12 -0400] "POST /xmlrpc.php HTTP/1.1" 200 0 "-" "python-httpx/0.22.0"
213.180.203.34 - - [01/Apr/2025:17:37:01 -0400] "GET /robots.txt HTTP/1.1" 304 0 "-" "Mozilla/5.0 (compatible; YandexBot/3.0; +http://yandex.com/bots)"
13.229.78.155 - - [01/Apr/2025:17:36:32 -0400] "POST /xmlrpc.php HTTP/1.1" 200 0 "-" "python-httpx/0.22.0"
13.229.78.155 - - [01/Apr/2025:17:36:52 -0400] "POST /xmlrpc.php HTTP/1.1" 200 0 "-" "python-httpx/0.22.0"
13.229.78.155 - - [01/Apr/2025:17:37:12 -0400] "POST /xmlrpc.php HTTP/1.1" 200 0 "-" "python-httpx/0.22.0"
198.54.114.83 - - [01/Apr/2025:17:38:07 -0400] "POST /wp-cron.php?doing_wp_cron=1743543487.7632369995117187500000 HTTP/1.1" 200 0 "-" "WordPress/6.7.2; https://baernblog.com"
3.22.68.127 - - [01/Apr/2025:17:38:07 -0400] "GET /endearing-extraterrestrial-companions-the-charismatic-world-of-lilo-and-stitch-teddys HTTP/1.1" 301 0 "-" "Mozilla/5.0 AppleWebKit/537.36 (KHTML, like Gecko; compatible; ClaudeBot/1.0; +claudebot@anthropic.com)"
3.22.68.127 - - [01/Apr/2025:17:38:08 -0400] "GET /endearing-extraterrestrial-companions-the-charismatic-world-of-lilo-and-stitch-teddys/ HTTP/1.1" 200 10973 "https://baernblog.com/endearing-extraterrestrial-companions-the-charismatic-world-of-lilo-and-stitch-teddys" "Mozilla/5.0 AppleWebKit/537.36 (KHTML, like Gecko; compatible; ClaudeBot/1.0; +claudebot@anthropic.com)"
198.54.114.83 - - [01/Apr/2025:17:38:08 -0400] "POST /wp-admin/admin-ajax.php?action=async_litespeed&nonce=jifEhQRhQ5G8hj3tZv6oAE5TRhrN0M9v&litespeed_type=imgoptm HTTP/1.1" 200 5 "-" "WordPress/6.7.2; https://baernblog.com"
13.229.78.155 - - [01/Apr/2025:17:37:32 -0400] "POST /xmlrpc.php HTTP/1.1" 200 0 "-" "python-httpx/0.22.0"
13.229.78.155 - - [01/Apr/2025:17:37:52 -0400] "POST /xmlrpc.php HTTP/1.1" 200 0 "-" "python-httpx/0.22.0"
13.229.78.155 - - [01/Apr/2025:17:38:12 -0400] "POST /xmlrpc.php HTTP/1.1" 200 0 "-" "python-httpx/0.22.0"
54.36.149.38 - - [01/Apr/2025:17:38:54 -0400] "GET /beauty/ HTTP/1.1" 200 10053 "-" "Mozilla/5.0 (compatible; AhrefsBot/7.0; +http://ahrefs.com/robot/)"
13.229.78.155 - - [01/Apr/2025:17:38:32 -0400] "POST /xmlrpc.php HTTP/1.1" 200 0 "-" "python-httpx/0.22.0"
13.229.78.155 - - [01/Apr/2025:17:38:52 -0400] "POST /xmlrpc.php HTTP/1.1" 200 0 "-" "python-httpx/0.22.0"
13.229.78.155 - - [01/Apr/2025:17:39:12 -0400] "POST /xmlrpc.php HTTP/1.1" 200 0 "-" "python-httpx/0.22.0"
65.21.113.202 - - [01/Apr/2025:17:40:02 -0400] "GET /robots.txt HTTP/1.1" 304 0 "-" "Mozilla/5.0 (compatible; AwarioBot/1.0; +https://awario.com/bots.html)"
198.54.114.83 - - [01/Apr/2025:17:40:08 -0400] "POST /wp-cron.php?doing_wp_cron=1743543607.7504899501800537109375 HTTP/1.1" 200 0 "-" "WordPress/6.7.2; https://baernblog.com"
65.21.113.202 - - [01/Apr/2025:17:40:03 -0400] "GET /sitemap_index.xml HTTP/1.1" 200 292 "-" "Mozilla/5.0 (compatible; AwarioBot/1.0; +https://awario.com/bots.html)"
198.54.114.83 - - [01/Apr/2025:17:40:09 -0400] "POST /wp-admin/admin-ajax.php?action=async_litespeed&nonce=n1Bfr0M5SFXXRnhqX7slX1OEzU56MKwj&litespeed_type=imgoptm HTTP/1.1" 200 0 "-" "WordPress/6.7.2; https://baernblog.com"
65.21.113.202 - - [01/Apr/2025:17:40:11 -0400] "GET /plateaux-repas-dentreprise-lequilibre-entre-convivialite-et-praticite/ HTTP/1.1" 200 10618 "-" "Mozilla/5.0 (compatible; AwarioBot/1.0; +https://awario.com/bots.html)"
13.229.78.155 - - [01/Apr/2025:17:39:32 -0400] "POST /xmlrpc.php HTTP/1.1" 200 0 "-" "python-httpx/0.22.0"
13.229.78.155 - - [01/Apr/2025:17:39:52 -0400] "POST /xmlrpc.php HTTP/1.1" 200 0 "-" "python-httpx/0.22.0"
13.229.78.155 - - [01/Apr/2025:17:40:12 -0400] "POST /xmlrpc.php HTTP/1.1" 200 0 "-" "python-httpx/0.22.0"
54.36.148.216 - - [01/Apr/2025:17:41:06 -0400] "GET /computer-recycling-centers-how-to-find-responsible-electronics-recycling-companies/ HTTP/1.1" 200 12660 "-" "Mozilla/5.0 (compatible; AhrefsBot/7.0; +http://ahrefs.com/robot/)"
13.229.78.155 - - [01/Apr/2025:17:40:32 -0400] "POST /xmlrpc.php HTTP/1.1" 200 0 "-" "python-httpx/0.22.0"
13.229.78.155 - - [01/Apr/2025:17:40:52 -0400] "POST /xmlrpc.php HTTP/1.1" 200 0 "-" "python-httpx/0.22.0"
13.229.78.155 - - [01/Apr/2025:17:41:13 -0400] "POST /xmlrpc.php HTTP/1.1" 200 0 "-" "python-httpx/0.22.0"
13.229.78.155 - - [01/Apr/2025:17:41:33 -0400] "POST /xmlrpc.php HTTP/1.1" 200 0 "-" "python-httpx/0.22.0"
13.229.78.155 - - [01/Apr/2025:17:41:53 -0400] "POST /xmlrpc.php HTTP/1.1" 200 0 "-" "python-httpx/0.22.0"
13.229.78.155 - - [01/Apr/2025:17:42:13 -0400] "POST /xmlrpc.php HTTP/1.1" 200 0 "-" "python-httpx/0.22.0"
13.229.78.155 - - [01/Apr/2025:17:42:34 -0400] "POST /xmlrpc.php HTTP/1.1" 200 0 "-" "python-httpx/0.22.0"
54.36.148.104 - - [01/Apr/2025:17:43:24 -0400] "GET /efficient-and-reliable-gatwick-airport-taxi-services-for-a-stress-free-journey/ HTTP/1.1" 200 10519 "-" "Mozilla/5.0 (compatible; AhrefsBot/7.0; +http://ahrefs.com/robot/)"
13.229.78.155 - - [01/Apr/2025:17:42:54 -0400] "POST /xmlrpc.php HTTP/1.1" 200 0 "-" "python-httpx/0.22.0"
77.88.9.130 - - [01/Apr/2025:17:43:47 -0400] "GET / HTTP/1.1" 200 77939 "-" "Mozilla/5.0 (compatible; YandexBot/3.0; +http://yandex.com/bots)"
87.250.233.1 - - [01/Apr/2025:17:43:47 -0400] "GET / HTTP/1.1" 200 77939 "-" "Mozilla/5.0 (compatible; YandexBot/3.0; +http://yandex.com/bots)"
13.229.78.155 - - [01/Apr/2025:17:43:14 -0400] "POST /xmlrpc.php HTTP/1.1" 200 0 "-" "python-httpx/0.22.0"
13.229.78.155 - - [01/Apr/2025:17:43:34 -0400] "POST /xmlrpc.php HTTP/1.1" 200 0 "-" "python-httpx/0.22.0"
13.229.78.155 - - [01/Apr/2025:17:43:54 -0400] "POST /xmlrpc.php HTTP/1.1" 200 0 "-" "python-httpx/0.22.0"
13.229.78.155 - - [01/Apr/2025:17:44:14 -0400] "POST /xmlrpc.php HTTP/1.1" 200 0 "-" "python-httpx/0.22.0"
13.229.78.155 - - [01/Apr/2025:17:44:34 -0400] "POST /xmlrpc.php HTTP/1.1" 200 0 "-" "python-httpx/0.22.0"
13.229.78.155 - - [01/Apr/2025:17:44:56 -0400] "POST /xmlrpc.php HTTP/1.1" 200 0 "-" "python-httpx/0.22.0"
54.36.149.8 - - [01/Apr/2025:17:45:43 -0400] "GET /buy-youtube-views-cheaply/ HTTP/1.1" 200 10461 "-" "Mozilla/5.0 (compatible; AhrefsBot/7.0; +http://ahrefs.com/robot/)"
13.229.78.155 - - [01/Apr/2025:17:45:15 -0400] "POST /xmlrpc.php HTTP/1.1" 200 0 "-" "python-httpx/0.22.0"
13.229.78.155 - - [01/Apr/2025:17:45:36 -0400] "POST /xmlrpc.php HTTP/1.1" 200 0 "-" "python-httpx/0.22.0"
13.229.78.155 - - [01/Apr/2025:17:45:56 -0400] "POST /xmlrpc.php HTTP/1.1" 200 0 "-" "python-httpx/0.22.0"
13.229.78.155 - - [01/Apr/2025:17:46:16 -0400] "POST /xmlrpc.php HTTP/1.1" 200 0 "-" "python-httpx/0.22.0"
13.229.78.155 - - [01/Apr/2025:17:46:36 -0400] "POST /xmlrpc.php HTTP/1.1" 200 0 "-" "python-httpx/0.22.0"
13.229.78.155 - - [01/Apr/2025:17:46:56 -0400] "POST /xmlrpc.php HTTP/1.1" 200 0 "-" "python-httpx/0.22.0"
198.54.114.83 - - [01/Apr/2025:17:47:49 -0400] "POST /wp-cron.php?doing_wp_cron=1743544069.2796978950500488281250 HTTP/1.1" 200 0 "-" "WordPress/6.7.2; https://baernblog.com"
198.54.114.83 - - [01/Apr/2025:17:47:49 -0400] "POST /wp-cron.php?doing_wp_cron=1743544069.2802460193634033203125 HTTP/1.1" 200 0 "-" "WordPress/6.7.2; https://baernblog.com"
3.21.28.69 - - [01/Apr/2025:17:47:46 -0400] "GET /finding-all-properties-beneath-toronto HTTP/1.1" 301 0 "-" "Mozilla/5.0 AppleWebKit/537.36 (KHTML, like Gecko; compatible; ClaudeBot/1.0; +claudebot@anthropic.com)"
3.21.28.69 - - [01/Apr/2025:17:47:46 -0400] "GET /how-to-tell-if-a-tennis-predict-is-reliable/feed HTTP/1.1" 301 0 "-" "Mozilla/5.0 AppleWebKit/537.36 (KHTML, like Gecko; compatible; ClaudeBot/1.0; +claudebot@anthropic.com)"
3.21.28.69 - - [01/Apr/2025:17:47:50 -0400] "GET /how-to-tell-if-a-tennis-predict-is-reliable/feed/ HTTP/1.1" 200 415 "https://baernblog.com/how-to-tell-if-a-tennis-predict-is-reliable/feed" "Mozilla/5.0 AppleWebKit/537.36 (KHTML, like Gecko; compatible; ClaudeBot/1.0; +claudebot@anthropic.com)"
3.21.28.69 - - [01/Apr/2025:17:47:49 -0400] "GET /finding-all-properties-beneath-toronto/ HTTP/1.1" 200 10965 "https://baernblog.com/finding-all-properties-beneath-toronto" "Mozilla/5.0 AppleWebKit/537.36 (KHTML, like Gecko; compatible; ClaudeBot/1.0; +claudebot@anthropic.com)"
198.54.114.83 - - [01/Apr/2025:17:47:50 -0400] "POST /wp-admin/admin-ajax.php?action=async_litespeed&nonce=93bZnbelwvkEnFtKIBQhLxphpFMT525c&litespeed_type=imgoptm HTTP/1.1" 200 5 "-" "WordPress/6.7.2; https://baernblog.com"
13.229.78.155 - - [01/Apr/2025:17:47:17 -0400] "POST /xmlrpc.php HTTP/1.1" 200 0 "-" "python-httpx/0.22.0"
54.36.149.22 - - [01/Apr/2025:17:48:11 -0400] "GET /meyer-blue-captivating-beauty-in-nature/ HTTP/1.1" 200 10423 "-" "Mozilla/5.0 (compatible; AhrefsBot/7.0; +http://ahrefs.com/robot/)"
13.229.78.155 - - [01/Apr/2025:17:47:37 -0400] "POST /xmlrpc.php HTTP/1.1" 200 0 "-" "python-httpx/0.22.0"
13.229.78.155 - - [01/Apr/2025:17:47:57 -0400] "POST /xmlrpc.php HTTP/1.1" 200 0 "-" "python-httpx/0.22.0"
13.229.78.155 - - [01/Apr/2025:17:48:17 -0400] "POST /xmlrpc.php HTTP/1.1" 200 0 "-" "python-httpx/0.22.0"
13.229.78.155 - - [01/Apr/2025:17:48:38 -0400] "POST /xmlrpc.php HTTP/1.1" 200 0 "-" "python-httpx/0.22.0"
198.54.114.83 - - [01/Apr/2025:17:49:22 -0400] "POST /wp-cron.php?doing_wp_cron=1743544162.2842340469360351562500 HTTP/1.1" 200 0 "-" "WordPress/6.7.2; https://baernblog.com"
3.141.46.110 - - [01/Apr/2025:17:49:20 -0400] "GET /wp-json/wp/v2/posts/1032 HTTP/1.1" 200 11842 "-" "Mozilla/5.0 AppleWebKit/537.36 (KHTML, like Gecko; compatible; ClaudeBot/1.0; +claudebot@anthropic.com)"
13.229.78.155 - - [01/Apr/2025:17:48:58 -0400] "POST /xmlrpc.php HTTP/1.1" 200 0 "-" "python-httpx/0.22.0"
13.229.78.155 - - [01/Apr/2025:17:49:18 -0400] "POST /xmlrpc.php HTTP/1.1" 200 0 "-" "python-httpx/0.22.0"
13.229.78.155 - - [01/Apr/2025:17:49:38 -0400] "POST /xmlrpc.php HTTP/1.1" 200 0 "-" "python-httpx/0.22.0"
198.54.114.83 - - [01/Apr/2025:17:50:34 -0400] "POST /wp-cron.php?doing_wp_cron=1743544234.6302061080932617187500 HTTP/1.1" 200 0 "-" "WordPress/6.7.2; https://baernblog.com"
54.36.148.129 - - [01/Apr/2025:17:50:34 -0400] "GET /a-guide-to-safe-and-enjoyable-gaming/ HTTP/1.1" 200 10702 "-" "Mozilla/5.0 (compatible; AhrefsBot/7.0; +http://ahrefs.com/robot/)"
198.54.114.83 - - [01/Apr/2025:17:50:35 -0400] "POST /wp-admin/admin-ajax.php?action=async_litespeed&nonce=OrbbsLAkljVnSydSZRc2qk6X61cJWmSC&litespeed_type=imgoptm HTTP/1.1" 200 5 "-" "WordPress/6.7.2; https://baernblog.com"
13.229.78.155 - - [01/Apr/2025:17:49:59 -0400] "POST /xmlrpc.php HTTP/1.1" 200 0 "-" "python-httpx/0.22.0"
13.229.78.155 - - [01/Apr/2025:17:50:20 -0400] "POST /xmlrpc.php HTTP/1.1" 200 0 "-" "python-httpx/0.22.0"
198.54.114.83 - - [01/Apr/2025:17:51:07 -0400] "POST /wp-admin/admin-ajax.php?action=async_litespeed&nonce=3ZVRC03J8bUOtrSrxvrCZWnmjwoFFYsS&litespeed_type=imgoptm HTTP/1.1" 200 5 "-" "WordPress/6.7.2; https://baernblog.com"
13.229.78.155 - - [01/Apr/2025:17:50:40 -0400] "POST /xmlrpc.php HTTP/1.1" 200 0 "-" "python-httpx/0.22.0"
13.229.78.155 - - [01/Apr/2025:17:51:00 -0400] "POST /xmlrpc.php HTTP/1.1" 200 0 "-" "python-httpx/0.22.0"
13.229.78.155 - - [01/Apr/2025:17:51:20 -0400] "POST /xmlrpc.php HTTP/1.1" 200 0 "-" "python-httpx/0.22.0"
13.229.78.155 - - [01/Apr/2025:17:51:40 -0400] "POST /xmlrpc.php HTTP/1.1" 200 0 "-" "python-httpx/0.22.0"
13.229.78.155 - - [01/Apr/2025:17:52:00 -0400] "POST /xmlrpc.php HTTP/1.1" 200 0 "-" "python-httpx/0.22.0"
13.229.78.155 - - [01/Apr/2025:17:52:20 -0400] "POST /xmlrpc.php HTTP/1.1" 200 0 "-" "python-httpx/0.22.0"
13.229.78.155 - - [01/Apr/2025:17:52:40 -0400] "POST /xmlrpc.php HTTP/1.1" 200 0 "-" "python-httpx/0.22.0"
198.54.114.83 - - [01/Apr/2025:17:53:25 -0400] "POST /wp-cron.php?doing_wp_cron=1743544405.1264839172363281250000 HTTP/1.1" 200 0 "-" "WordPress/6.7.2; https://baernblog.com"
54.36.148.122 - - [01/Apr/2025:17:53:22 -0400] "GET /sitemap_index.xml HTTP/1.1" 200 292 "-" "Mozilla/5.0 (compatible; AhrefsBot/7.0; +http://ahrefs.com/robot/)"
198.54.114.83 - - [01/Apr/2025:17:53:26 -0400] "POST /wp-admin/admin-ajax.php?action=async_litespeed&nonce=t75MVe5tUd4ZiAin5Ufls9DCiw7jCFAc&litespeed_type=imgoptm HTTP/1.1" 200 0 "-" "WordPress/6.7.2; https://baernblog.com"
54.36.148.137 - - [01/Apr/2025:17:53:27 -0400] "GET /post-sitemap.xml HTTP/1.1" 200 25403 "-" "Mozilla/5.0 (compatible; AhrefsBot/7.0; +http://ahrefs.com/robot/)"
54.36.148.53 - - [01/Apr/2025:17:53:31 -0400] "GET /post-sitemap2.xml HTTP/1.1" 200 5746 "-" "Mozilla/5.0 (compatible; AhrefsBot/7.0; +http://ahrefs.com/robot/)"
54.36.148.7 - - [01/Apr/2025:17:53:34 -0400] "GET /page-sitemap.xml HTTP/1.1" 200 345 "-" "Mozilla/5.0 (compatible; AhrefsBot/7.0; +http://ahrefs.com/robot/)"
54.36.148.213 - - [01/Apr/2025:17:53:35 -0400] "GET /category-sitemap.xml HTTP/1.1" 200 343 "-" "Mozilla/5.0 (compatible; AhrefsBot/7.0; +http://ahrefs.com/robot/)"
13.229.78.155 - - [01/Apr/2025:17:53:00 -0400] "POST /xmlrpc.php HTTP/1.1" 200 0 "-" "python-httpx/0.22.0"
13.229.78.155 - - [01/Apr/2025:17:53:20 -0400] "POST /xmlrpc.php HTTP/1.1" 200 0 "-" "python-httpx/0.22.0"
13.229.78.155 - - [01/Apr/2025:17:53:40 -0400] "POST /xmlrpc.php HTTP/1.1" 200 0 "-" "python-httpx/0.22.0"
198.54.114.83 - - [01/Apr/2025:17:54:21 -0400] "POST /wp-admin/admin-ajax.php?action=async_litespeed&nonce=nqq6VJdWMxfiJZ2On1HgUdzgEvctwvo5&litespeed_type=imgoptm HTTP/1.1" 200 5 "-" "WordPress/6.7.2; https://baernblog.com"
13.229.78.155 - - [01/Apr/2025:17:54:00 -0400] "POST /xmlrpc.php HTTP/1.1" 200 0 "-" "python-httpx/0.22.0"
13.229.78.155 - - [01/Apr/2025:17:54:20 -0400] "POST /xmlrpc.php HTTP/1.1" 200 0 "-" "python-httpx/0.22.0"
13.229.78.155 - - [01/Apr/2025:17:54:40 -0400] "POST /xmlrpc.php HTTP/1.1" 200 0 "-" "python-httpx/0.22.0"
