58.254.68.93 - - [02/Apr/2025:00:41:16 -0400] "GET /the-benefits-of-managed-investing/ HTTP/1.1" 200 10958 "https://baernblog.com" "Mozilla/5.0 (Windows NT 10.0; Win64; x64) AppleWebKit/537.36 (KHTML, like Gecko) Chrome/62.0.3202.94 Safari/537.36"
198.54.114.83 - - [02/Apr/2025:00:41:19 -0400] "POST /wp-cron.php?doing_wp_cron=1743568878.6793529987335205078125 HTTP/1.1" 200 0 "-" "WordPress/6.7.2; https://baernblog.com"
198.54.114.83 - - [02/Apr/2025:00:41:19 -0400] "POST /wp-admin/admin-ajax.php?action=async_litespeed&nonce=h5eROXhcwBJvPEITuEIpDATQNR51bSmL&litespeed_type=imgoptm HTTP/1.1" 200 5 "-" "WordPress/6.7.2; https://baernblog.com"
58.254.68.93 - - [02/Apr/2025:00:41:18 -0400] "POST /wp-comments-post.php HTTP/1.1" 302 0 "https://baernblog.com" "Mozilla/5.0 (Windows NT 10.0; Win64; x64) AppleWebKit/537.36 (KHTML, like Gecko) Chrome/62.0.3202.94 Safari/537.36"
58.254.68.93 - - [02/Apr/2025:00:41:22 -0400] "GET /the-benefits-of-managed-investing/ HTTP/1.1" 200 11741 "https://baernblog.com" "Mozilla/4.0 (compatible; MSIE 6.0; Windows NT 5.1; en) Opera 8.50"
198.54.114.83 - - [02/Apr/2025:00:42:12 -0400] "POST /wp-cron.php?doing_wp_cron=1743568931.9035320281982421875000 HTTP/1.1" 200 0 "-" "WordPress/6.7.2; https://baernblog.com"
18.221.185.110 - - [02/Apr/2025:00:42:11 -0400] "GET /navigating-the-anyone-protocol-staking-dashboard-2/ HTTP/1.1" 200 10193 "-" "Mozilla/5.0 AppleWebKit/537.36 (KHTML, like Gecko; compatible; ClaudeBot/1.0; +claudebot@anthropic.com)"
198.54.114.83 - - [02/Apr/2025:00:42:12 -0400] "POST /wp-admin/admin-ajax.php?action=async_litespeed&nonce=zkaLp6VCeUxIaev3xwJ4sFoB7SWMr6Xp&litespeed_type=imgoptm HTTP/1.1" 200 5 "-" "WordPress/6.7.2; https://baernblog.com"
3.133.110.34 - - [02/Apr/2025:00:57:11 -0400] "GET /chill-out-a-comprehensive-guide-to-freezing-your-instagram-account/ HTTP/1.1" 200 10532 "-" "Mozilla/5.0 AppleWebKit/537.36 (KHTML, like Gecko; compatible; ClaudeBot/1.0; +claudebot@anthropic.com)"
58.254.68.93 - - [02/Apr/2025:01:01:54 -0400] "GET /the-benefits-of-managed-investing/ HTTP/1.1" 200 10958 "https://baernblog.com" "Mozilla/5.0 (Windows NT 10.0; Win64; x64) AppleWebKit/537.36 (KHTML, like Gecko) Chrome/62.0.3202.94 Safari/537.36"
198.54.114.83 - - [02/Apr/2025:01:02:01 -0400] "POST /wp-cron.php?doing_wp_cron=1743570121.3281888961791992187500 HTTP/1.1" 200 0 "-" "WordPress/6.7.2; https://baernblog.com"
58.254.68.93 - - [02/Apr/2025:01:01:57 -0400] "POST /wp-comments-post.php HTTP/1.1" 302 0 "https://baernblog.com" "Mozilla/5.0 (Windows NT 10.0; Win64; x64) AppleWebKit/537.36 (KHTML, like Gecko) Chrome/62.0.3202.94 Safari/537.36"
198.54.114.83 - - [02/Apr/2025:01:02:04 -0400] "POST /wp-admin/admin-ajax.php?action=async_litespeed&nonce=XXBF8o9lq4mJeN21XPVSvDmXby3VwJfI&litespeed_type=imgoptm HTTP/1.1" 200 5 "-" "WordPress/6.7.2; https://baernblog.com"
58.254.68.93 - - [02/Apr/2025:01:02:05 -0400] "GET /the-benefits-of-managed-investing/ HTTP/1.1" 200 11690 "https://baernblog.com" "Mozilla/4.0 (compatible; MSIE 6.0; Windows NT 5.1; en) Opera 8.50"
18.191.192.225 - - [02/Apr/2025:01:06:16 -0400] "GET /simplifying-staking-with-the-anyone-protocol-staking-dashboard/ HTTP/1.1" 200 10341 "-" "Mozilla/5.0 AppleWebKit/537.36 (KHTML, like Gecko; compatible; ClaudeBot/1.0; +claudebot@anthropic.com)"
198.54.114.83 - - [02/Apr/2025:01:06:46 -0400] "POST /wp-cron.php?doing_wp_cron=1743570406.3617489337921142578125 HTTP/1.1" 200 0 "-" "WordPress/6.7.2; https://baernblog.com"
40.77.167.159 - - [02/Apr/2025:01:06:41 -0400] "GET /what-is-air-vacuum-excavation/ HTTP/1.1" 200 11401 "-" "Mozilla/5.0 AppleWebKit/537.36 (KHTML, like Gecko; compatible; bingbot/2.0; +http://www.bing.com/bingbot.htm) Chrome/116.0.1938.76 Safari/537.36"
198.54.114.83 - - [02/Apr/2025:01:06:48 -0400] "POST /wp-admin/admin-ajax.php?action=async_litespeed&nonce=oFyLc3o3Gpw0Tdvvc9fqhKgrCThWw9O3&litespeed_type=imgoptm HTTP/1.1" 200 0 "-" "WordPress/6.7.2; https://baernblog.com"
198.54.114.83 - - [02/Apr/2025:01:13:12 -0400] "POST /wp-admin/admin-ajax.php?action=async_litespeed&nonce=Oq9my8XJYrSdd0LPZprI3nDUJsxd3Apm&litespeed_type=imgoptm HTTP/1.1" 200 0 "-" "WordPress/6.7.2; https://baernblog.com"
198.54.114.83 - - [02/Apr/2025:01:13:20 -0400] "POST /wp-cron.php?doing_wp_cron=1743570800.1247899532318115234375 HTTP/1.1" 200 0 "-" "WordPress/6.7.2; https://baernblog.com"
3.142.43.71 - - [02/Apr/2025:01:13:19 -0400] "GET /plateaux-repas-dentreprise-lequilibre-entre-convivialite-et-praticite HTTP/1.1" 301 0 "-" "Mozilla/5.0 AppleWebKit/537.36 (KHTML, like Gecko; compatible; ClaudeBot/1.0; +claudebot@anthropic.com)"
3.142.43.71 - - [02/Apr/2025:01:13:20 -0400] "GET /plateaux-repas-dentreprise-lequilibre-entre-convivialite-et-praticite/ HTTP/1.1" 200 10618 "https://baernblog.com/plateaux-repas-dentreprise-lequilibre-entre-convivialite-et-praticite" "Mozilla/5.0 AppleWebKit/537.36 (KHTML, like Gecko; compatible; ClaudeBot/1.0; +claudebot@anthropic.com)"
198.54.114.83 - - [02/Apr/2025:01:14:36 -0400] "POST /wp-admin/admin-ajax.php?action=async_litespeed&nonce=q9PIACYdP8cmF4SgJKidj36mncCNIyx6&litespeed_type=imgoptm HTTP/1.1" 200 5 "-" "WordPress/6.7.2; https://baernblog.com"
58.254.68.93 - - [02/Apr/2025:01:15:21 -0400] "GET /the-history-of-birthday-cakes/ HTTP/1.1" 200 11100 "https://baernblog.com" "Mozilla/5.0 (Windows NT 10.0; Win64; x64) AppleWebKit/537.36 (KHTML, like Gecko) Chrome/62.0.3202.94 Safari/537.36"
198.54.114.83 - - [02/Apr/2025:01:15:24 -0400] "POST /wp-cron.php?doing_wp_cron=1743570924.3625450134277343750000 HTTP/1.1" 200 0 "-" "WordPress/6.7.2; https://baernblog.com"
198.54.114.83 - - [02/Apr/2025:01:15:25 -0400] "POST /wp-admin/admin-ajax.php?action=async_litespeed&nonce=o6CvJTq2RfbuKc4K37mUdvZK41JZnTb6&litespeed_type=imgoptm HTTP/1.1" 200 5 "-" "WordPress/6.7.2; https://baernblog.com"
58.254.68.93 - - [02/Apr/2025:01:15:24 -0400] "POST /wp-comments-post.php HTTP/1.1" 302 0 "https://baernblog.com" "Mozilla/5.0 (Windows NT 10.0; Win64; x64) AppleWebKit/537.36 (KHTML, like Gecko) Chrome/62.0.3202.94 Safari/537.36"
58.254.68.93 - - [02/Apr/2025:01:15:30 -0400] "GET /the-history-of-birthday-cakes/ HTTP/1.1" 200 11959 "https://baernblog.com" "Mozilla/4.0 (compatible; MSIE 6.0; Windows NT 5.1; en) Opera 8.50"
18.219.246.249 - - [02/Apr/2025:01:20:41 -0400] "GET /robots.txt HTTP/1.1" 304 0 "-" "Mozilla/5.0 AppleWebKit/537.36 (KHTML, like Gecko; compatible; ClaudeBot/1.0; +claudebot@anthropic.com)"
18.219.246.249 - - [02/Apr/2025:01:20:42 -0400] "GET /dometic-parts-and-accessories/ HTTP/1.1" 200 10458 "-" "Mozilla/5.0 AppleWebKit/537.36 (KHTML, like Gecko; compatible; ClaudeBot/1.0; +claudebot@anthropic.com)"
198.54.114.83 - - [02/Apr/2025:01:21:35 -0400] "POST /wp-admin/admin-ajax.php?action=async_litespeed&nonce=X4vLto7R3UxNNWoeLweHMbGcglp3tEg2&litespeed_type=imgoptm HTTP/1.1" 200 0 "-" "WordPress/6.7.2; https://baernblog.com"
198.54.114.83 - - [02/Apr/2025:01:25:31 -0400] "POST /wp-cron.php?doing_wp_cron=1743571530.7249360084533691406250 HTTP/1.1" 200 0 "-" "WordPress/6.7.2; https://baernblog.com"
198.54.114.83 - - [02/Apr/2025:01:25:31 -0400] "POST /wp-admin/admin-ajax.php?action=async_litespeed&nonce=qXwqERE1w4NPG8awVtxj6uj59S592Ryz&litespeed_type=imgoptm HTTP/1.1" 200 5 "-" "WordPress/6.7.2; https://baernblog.com"
3.16.147.38 - - [02/Apr/2025:01:25:26 -0400] "GET /the-importance-of-auschwitz-tours/ HTTP/1.1" 200 10603 "-" "Mozilla/5.0 AppleWebKit/537.36 (KHTML, like Gecko; compatible; ClaudeBot/1.0; +claudebot@anthropic.com)"
34.169.189.46 - - [02/Apr/2025:01:25:57 -0400] "GET /why-choose-a-chauffeur-service-in-melbourne/ HTTP/1.1" 200 10524 "-" "Mozilla/5.0 (Windows NT 10.0; Win64; x64) AppleWebKit/537.36 (KHTML, like Gecko) Chrome/123.0.0.0 Safari/537.36"
3.22.71.254 - - [02/Apr/2025:01:30:50 -0400] "GET /discover-the-charm-of-resort-lake-garda/ HTTP/1.1" 200 10357 "-" "Mozilla/5.0 AppleWebKit/537.36 (KHTML, like Gecko; compatible; ClaudeBot/1.0; +claudebot@anthropic.com)"
58.254.68.93 - - [02/Apr/2025:01:32:35 -0400] "GET /the-benefits-of-managed-investing/ HTTP/1.1" 200 10958 "https://baernblog.com" "Mozilla/5.0 (Windows NT 10.0; Win64; x64) AppleWebKit/537.36 (KHTML, like Gecko) Chrome/62.0.3202.94 Safari/537.36"
198.54.114.83 - - [02/Apr/2025:01:32:43 -0400] "POST /wp-cron.php?doing_wp_cron=1743571963.1386699676513671875000 HTTP/1.1" 200 0 "-" "WordPress/6.7.2; https://baernblog.com"
198.54.114.83 - - [02/Apr/2025:01:32:44 -0400] "POST /wp-admin/admin-ajax.php?action=async_litespeed&nonce=MpBCOBrER37qydCJtajzGz0CjGFSlCbn&litespeed_type=imgoptm HTTP/1.1" 200 0 "-" "WordPress/6.7.2; https://baernblog.com"
58.254.68.93 - - [02/Apr/2025:01:32:37 -0400] "POST /wp-comments-post.php HTTP/1.1" 302 0 "https://baernblog.com" "Mozilla/5.0 (Windows NT 10.0; Win64; x64) AppleWebKit/537.36 (KHTML, like Gecko) Chrome/62.0.3202.94 Safari/537.36"
198.54.114.83 - - [02/Apr/2025:01:33:43 -0400] "POST /wp-admin/admin-ajax.php?action=async_litespeed&nonce=dxw3uHZ4u1qqdvvX6hDR6SdHcoA4PImE&litespeed_type=imgoptm HTTP/1.1" 200 0 "-" "WordPress/6.7.2; https://baernblog.com"
198.54.114.83 - - [02/Apr/2025:01:34:07 -0400] "POST /wp-admin/admin-ajax.php?action=async_litespeed&nonce=4W2ONZXzN7dYPseWHuh0P44FakUIyXmX&litespeed_type=imgoptm HTTP/1.1" 200 0 "-" "WordPress/6.7.2; https://baernblog.com"
198.54.114.83 - - [02/Apr/2025:01:35:37 -0400] "POST /wp-admin/admin-ajax.php?action=async_litespeed&nonce=t8z3mGxx3gedP0XCKUHfi0PPrCtzhKN7&litespeed_type=imgoptm HTTP/1.1" 200 0 "-" "WordPress/6.7.2; https://baernblog.com"
198.54.114.83 - - [02/Apr/2025:01:37:13 -0400] "POST /wp-admin/admin-ajax.php?action=async_litespeed&nonce=IVL8ShBaRAnEnZd5YRHK6IeAHZHpOSiw&litespeed_type=imgoptm HTTP/1.1" 200 0 "-" "WordPress/6.7.2; https://baernblog.com"
198.54.114.83 - - [02/Apr/2025:01:38:08 -0400] "POST /wp-admin/admin-ajax.php?action=async_litespeed&nonce=j71Z8pm3fBYTpwV8RvVgVkHt1HiJmtNJ&litespeed_type=imgoptm HTTP/1.1" 200 0 "-" "WordPress/6.7.2; https://baernblog.com"
47.243.78.23 - - [02/Apr/2025:01:38:31 -0400] "HEAD /category/activity HTTP/1.1" 301 0 "-" "Mozilla/5.0 (Windows NT 6.2; Win64; x64) AppleWebKit/537.36 (KHTML, like Gecko) Chrome/71.0.2336.172 Safari/537.36"
47.243.234.164 - - [02/Apr/2025:01:38:31 -0400] "HEAD /page/2 HTTP/1.1" 301 0 "-" "Mozilla/5.0 (Windows NT 10.0; Win64; x64) AppleWebKit/537.36 (KHTML, like Gecko) Chrome/69.0.2470.191 Safari/537.36"
47.243.78.23 - - [02/Apr/2025:01:38:32 -0400] "HEAD /category/activity/ HTTP/1.1" 200 0 "-" "Mozilla/5.0 (Windows NT 6.2; Win64; x64) AppleWebKit/537.36 (KHTML, like Gecko) Chrome/71.0.2336.172 Safari/537.36"
47.243.234.164 - - [02/Apr/2025:01:38:32 -0400] "HEAD /page/2/ HTTP/1.1" 200 0 "-" "Mozilla/5.0 (Windows NT 10.0; Win64; x64) AppleWebKit/537.36 (KHTML, like Gecko) Chrome/69.0.2470.191 Safari/537.36"
47.243.78.23 - - [02/Apr/2025:01:38:32 -0400] "GET /category/activity HTTP/1.1" 301 0 "-" "Mozilla/5.0 (Windows NT 6.2; Win64; x64) AppleWebKit/537.36 (KHTML, like Gecko) Chrome/71.0.2336.172 Safari/537.36"
47.243.234.164 - - [02/Apr/2025:01:38:32 -0400] "GET /page/2 HTTP/1.1" 301 0 "-" "Mozilla/5.0 (Windows NT 10.0; Win64; x64) AppleWebKit/537.36 (KHTML, like Gecko) Chrome/69.0.2470.191 Safari/537.36"
47.243.234.164 - - [02/Apr/2025:01:38:33 -0400] "GET /page/2/ HTTP/1.1" 200 9615 "-" "Mozilla/5.0 (Windows NT 10.0; Win64; x64) AppleWebKit/537.36 (KHTML, like Gecko) Chrome/69.0.2470.191 Safari/537.36"
47.243.78.23 - - [02/Apr/2025:01:38:33 -0400] "GET /category/activity/ HTTP/1.1" 200 9470 "-" "Mozilla/5.0 (Windows NT 6.2; Win64; x64) AppleWebKit/537.36 (KHTML, like Gecko) Chrome/71.0.2336.172 Safari/537.36"
47.82.12.126 - - [02/Apr/2025:01:38:57 -0400] "GET /the-basic-functions-of-a-southshore-property-management-company/ HTTP/1.1" 200 11137 "-" "Mozilla/5.0 (Windows NT 10.0; Win64; x64; rv:123.0) Gecko/20100101 Firefox/123.0"
198.54.114.83 - - [02/Apr/2025:01:40:07 -0400] "POST /wp-admin/admin-ajax.php?action=async_litespeed&nonce=in16SdsVMRRaUFHojOZRy8R4n60vD2T2&litespeed_type=imgoptm HTTP/1.1" 200 0 "-" "WordPress/6.7.2; https://baernblog.com"
198.54.114.83 - - [02/Apr/2025:01:42:07 -0400] "POST /wp-admin/admin-ajax.php?action=async_litespeed&nonce=DsC7oGgdIVHu0OoHz4srbcZv3I42tvMS&litespeed_type=imgoptm HTTP/1.1" 200 5 "-" "WordPress/6.7.2; https://baernblog.com"
198.54.114.83 - - [02/Apr/2025:01:43:09 -0400] "POST /wp-admin/admin-ajax.php?action=async_litespeed&nonce=WJ2GKEUUAGDt6RYMZVWwwTAt0POhtiVe&litespeed_type=imgoptm HTTP/1.1" 200 0 "-" "WordPress/6.7.2; https://baernblog.com"
198.54.114.83 - - [02/Apr/2025:01:44:10 -0400] "POST /wp-admin/admin-ajax.php?action=async_litespeed&nonce=tOYGHMIjYD5aGKtqWweamrNvvlixtGLP&litespeed_type=imgoptm HTTP/1.1" 200 5 "-" "WordPress/6.7.2; https://baernblog.com"
47.82.9.36 - - [02/Apr/2025:01:45:06 -0400] "GET /wp-includes/css/dist/block-library/style.min.css HTTP/1.1" 200 14225 "-" "Mozilla/5.0 (Windows NT 10.0; Win64; x64) AppleWebKit/537.36 (KHTML, like Gecko) Chrome/114.0.0.0 Safari/537.36 Edg/114.0.1823.43"
198.54.114.83 - - [02/Apr/2025:01:46:09 -0400] "POST /wp-admin/admin-ajax.php?action=async_litespeed&nonce=Uz0syMBaxMJhIA6wOheloOUaM09GE3WR&litespeed_type=imgoptm HTTP/1.1" 200 5 "-" "WordPress/6.7.2; https://baernblog.com"
198.54.114.83 - - [02/Apr/2025:01:47:05 -0400] "POST /wp-admin/admin-ajax.php?action=async_litespeed&nonce=OlfTb4EmQp4FzBIXL6tmBEfrfv48wFpN&litespeed_type=imgoptm HTTP/1.1" 200 5 "-" "WordPress/6.7.2; https://baernblog.com"
198.54.114.83 - - [02/Apr/2025:01:48:04 -0400] "POST /wp-admin/admin-ajax.php?action=async_litespeed&nonce=Vt5RXXU39Tb95W3AXTXyaIoREsrKlP8u&litespeed_type=imgoptm HTTP/1.1" 200 5 "-" "WordPress/6.7.2; https://baernblog.com"
58.254.68.93 - - [02/Apr/2025:01:48:26 -0400] "GET /the-benefits-of-managed-investing/ HTTP/1.1" 200 10958 "https://baernblog.com" "Mozilla/5.0 (Windows NT 10.0; Win64; x64) AppleWebKit/537.36 (KHTML, like Gecko) Chrome/62.0.3202.94 Safari/537.36"
58.254.68.93 - - [02/Apr/2025:01:48:30 -0400] "POST /wp-comments-post.php HTTP/1.1" 302 0 "https://baernblog.com" "Mozilla/5.0 (Windows NT 10.0; Win64; x64) AppleWebKit/537.36 (KHTML, like Gecko) Chrome/62.0.3202.94 Safari/537.36"
58.254.68.93 - - [02/Apr/2025:01:48:33 -0400] "GET /the-benefits-of-managed-investing/ HTTP/1.1" 200 11639 "https://baernblog.com" "Mozilla/4.0 (compatible; MSIE 6.0; Windows NT 5.1; en) Opera 8.50"
198.54.114.83 - - [02/Apr/2025:01:49:08 -0400] "POST /wp-admin/admin-ajax.php?action=async_litespeed&nonce=9IVZO8A6WWSt6foToFCabtAPUlAcmHY2&litespeed_type=imgoptm HTTP/1.1" 200 5 "-" "WordPress/6.7.2; https://baernblog.com"
198.54.114.83 - - [02/Apr/2025:01:50:17 -0400] "POST /wp-admin/admin-ajax.php?action=async_litespeed&nonce=vJyiO1M2IwpurwlAhpgwCDcp2pGsCB36&litespeed_type=imgoptm HTTP/1.1" 200 0 "-" "WordPress/6.7.2; https://baernblog.com"
58.254.68.93 - - [02/Apr/2025:01:50:44 -0400] "GET /the-history-of-birthday-cakes/ HTTP/1.1" 200 11100 "https://baernblog.com" "Mozilla/5.0 (Windows NT 10.0; Win64; x64) AppleWebKit/537.36 (KHTML, like Gecko) Chrome/62.0.3202.94 Safari/537.36"
58.254.68.93 - - [02/Apr/2025:01:50:45 -0400] "POST /wp-comments-post.php HTTP/1.1" 302 0 "https://baernblog.com" "Mozilla/5.0 (Windows NT 10.0; Win64; x64) AppleWebKit/537.36 (KHTML, like Gecko) Chrome/62.0.3202.94 Safari/537.36"
58.254.68.93 - - [02/Apr/2025:01:50:49 -0400] "GET /the-history-of-birthday-cakes/ HTTP/1.1" 200 11924 "https://baernblog.com" "Mozilla/4.0 (compatible; MSIE 6.0; Windows NT 5.1; en) Opera 8.50"
198.54.114.83 - - [02/Apr/2025:01:51:24 -0400] "POST /wp-admin/admin-ajax.php?action=async_litespeed&nonce=bJC70JwLhKHEBfQ200dWTSrALqOwaDY1&litespeed_type=imgoptm HTTP/1.1" 200 0 "-" "WordPress/6.7.2; https://baernblog.com"
198.54.114.83 - - [02/Apr/2025:01:52:07 -0400] "POST /wp-admin/admin-ajax.php?action=async_litespeed&nonce=a4vIlTy5fsRkMvPHd7NP9ZjDSfKnA1vz&litespeed_type=imgoptm HTTP/1.1" 200 5 "-" "WordPress/6.7.2; https://baernblog.com"
198.54.114.83 - - [02/Apr/2025:01:53:12 -0400] "POST /wp-admin/admin-ajax.php?action=async_litespeed&nonce=soAHJgNJO5huadLjNS6WF2LJdWLnYkE3&litespeed_type=imgoptm HTTP/1.1" 200 5 "-" "WordPress/6.7.2; https://baernblog.com"
198.54.114.83 - - [02/Apr/2025:01:54:04 -0400] "POST /wp-admin/admin-ajax.php?action=async_litespeed&nonce=tNWFClR5noJEHIcNDGXjS6SAunO9iKxk&litespeed_type=imgoptm HTTP/1.1" 200 5 "-" "WordPress/6.7.2; https://baernblog.com"
198.54.114.83 - - [02/Apr/2025:01:55:07 -0400] "POST /wp-admin/admin-ajax.php?action=async_litespeed&nonce=Lt0ii5L788BUggjvUfvV7MGAMvMw2prs&litespeed_type=imgoptm HTTP/1.1" 200 0 "-" "WordPress/6.7.2; https://baernblog.com"
198.54.114.83 - - [02/Apr/2025:01:56:04 -0400] "POST /wp-admin/admin-ajax.php?action=async_litespeed&nonce=erhTwa1PvQdohgUG8htXFED8Ir7GIVDv&litespeed_type=imgoptm HTTP/1.1" 200 5 "-" "WordPress/6.7.2; https://baernblog.com"
198.54.114.83 - - [02/Apr/2025:01:57:06 -0400] "POST /wp-admin/admin-ajax.php?action=async_litespeed&nonce=h9KSjwKmGiQOmH1N23WTrl4VctBqGhDR&litespeed_type=imgoptm HTTP/1.1" 200 5 "-" "WordPress/6.7.2; https://baernblog.com"
198.54.114.83 - - [02/Apr/2025:01:58:08 -0400] "POST /wp-admin/admin-ajax.php?action=async_litespeed&nonce=D9o39J2A2wJGABgeKMBOPJKlSHb8AXuT&litespeed_type=imgoptm HTTP/1.1" 200 5 "-" "WordPress/6.7.2; https://baernblog.com"
198.54.114.83 - - [02/Apr/2025:01:59:05 -0400] "POST /wp-admin/admin-ajax.php?action=async_litespeed&nonce=ZX8cJnNNUHYQRnZLehQ4O7L3yecHVFPP&litespeed_type=imgoptm HTTP/1.1" 200 0 "-" "WordPress/6.7.2; https://baernblog.com"
198.54.114.83 - - [02/Apr/2025:02:00:05 -0400] "POST /wp-admin/admin-ajax.php?action=async_litespeed&nonce=DwrbKB8OGhgkjrqFC7o6fQNTUATZi8ZK&litespeed_type=imgoptm HTTP/1.1" 200 5 "-" "WordPress/6.7.2; https://baernblog.com"
198.54.114.83 - - [02/Apr/2025:02:01:05 -0400] "POST /wp-admin/admin-ajax.php?action=async_litespeed&nonce=CYUTj3yjqCuD9CYkJ8xbGLpS4zWqVGUt&litespeed_type=imgoptm HTTP/1.1" 200 5 "-" "WordPress/6.7.2; https://baernblog.com"
45.251.136.221 - - [02/Apr/2025:02:01:09 -0400] "GET /the-ultimate-guide-to-jewellery-cleaners-keeping-your-precious-gems-sparkling/ HTTP/1.1" 200 11303 "-" "Mozilla/5.0 (Macintosh; Intel Mac OS X 10_15_7) AppleWebKit/537.36 (KHTML, like Gecko) Chrome/125.0.0.0 Safari/537.36"
47.246.164.135 - - [02/Apr/2025:02:01:11 -0400] "GET /wp-content/themes/ascendoor-news/assets/css/slick.min.css?ver=1.8.1 HTTP/1.1" 200 395 "https://baernblog.com/the-ultimate-guide-to-jewellery-cleaners-keeping-your-precious-gems-sparkling/" "Mozilla/5.0 (Macintosh; Intel Mac OS X 10_15_7) AppleWebKit/537.36 (KHTML, like Gecko) Chrome/125.0.0.0 Safari/537.36"
198.54.114.83 - - [02/Apr/2025:02:02:12 -0400] "POST /wp-admin/admin-ajax.php?action=async_litespeed&nonce=QsDq5KoMVCSCTaP9WMKJX4sUKSfoakrq&litespeed_type=imgoptm HTTP/1.1" 200 5 "-" "WordPress/6.7.2; https://baernblog.com"
198.54.114.83 - - [02/Apr/2025:02:03:11 -0400] "POST /wp-admin/admin-ajax.php?action=async_litespeed&nonce=r5pHbdYsvHFASyL6aMp9nAz9W813fS0s&litespeed_type=imgoptm HTTP/1.1" 200 5 "-" "WordPress/6.7.2; https://baernblog.com"
198.54.114.83 - - [02/Apr/2025:02:04:04 -0400] "POST /wp-admin/admin-ajax.php?action=async_litespeed&nonce=JL3e5NOzGYUwdIptA3mAYKFV9yXeAwyy&litespeed_type=imgoptm HTTP/1.1" 200 5 "-" "WordPress/6.7.2; https://baernblog.com"
198.54.114.83 - - [02/Apr/2025:02:05:08 -0400] "POST /wp-admin/admin-ajax.php?action=async_litespeed&nonce=rxGLVRW7Qr3wxGevLyDzLRZf9LQSpACw&litespeed_type=imgoptm HTTP/1.1" 200 5 "-" "WordPress/6.7.2; https://baernblog.com"
198.54.114.83 - - [02/Apr/2025:02:06:04 -0400] "POST /wp-admin/admin-ajax.php?action=async_litespeed&nonce=wEoH171XAwUN7xRpUMJt5mgY8IsZ0uNy&litespeed_type=imgoptm HTTP/1.1" 200 5 "-" "WordPress/6.7.2; https://baernblog.com"
198.54.114.83 - - [02/Apr/2025:02:07:05 -0400] "POST /wp-admin/admin-ajax.php?action=async_litespeed&nonce=lwBi3zGnWOCg3vrSswcyO8YCxVGjpLQK&litespeed_type=imgoptm HTTP/1.1" 200 0 "-" "WordPress/6.7.2; https://baernblog.com"
198.54.114.83 - - [02/Apr/2025:02:08:05 -0400] "POST /wp-admin/admin-ajax.php?action=async_litespeed&nonce=JziEThHpu08SvGqLiOzOuLlgRidjLslV&litespeed_type=imgoptm HTTP/1.1" 200 0 "-" "WordPress/6.7.2; https://baernblog.com"
198.54.114.83 - - [02/Apr/2025:02:09:05 -0400] "POST /wp-admin/admin-ajax.php?action=async_litespeed&nonce=JAulMtuEV9IBb7cVKAzaJF8wrRQKYca8&litespeed_type=imgoptm HTTP/1.1" 200 5 "-" "WordPress/6.7.2; https://baernblog.com"
174.138.24.230 - - [02/Apr/2025:02:09:51 -0400] "POST /wp-login.php/wp-login.php HTTP/1.1" 200 1803 "-" "python-requests/2.32.3"
198.54.114.83 - - [02/Apr/2025:02:10:07 -0400] "POST /wp-admin/admin-ajax.php?action=async_litespeed&nonce=eTZcd5yDK0XhGs8PMCit3S4CZn6GUdQY&litespeed_type=imgoptm HTTP/1.1" 200 5 "-" "WordPress/6.7.2; https://baernblog.com"
198.54.114.83 - - [02/Apr/2025:02:11:08 -0400] "POST /wp-admin/admin-ajax.php?action=async_litespeed&nonce=2ibOs8Zcw9cM7JxNwXIbT9hjh9Cs3l2l&litespeed_type=imgoptm HTTP/1.1" 200 5 "-" "WordPress/6.7.2; https://baernblog.com"
198.54.114.83 - - [02/Apr/2025:02:12:04 -0400] "POST /wp-admin/admin-ajax.php?action=async_litespeed&nonce=mohEVydqeZiF8QYxmBAj3wwoLGIPjtXT&litespeed_type=imgoptm HTTP/1.1" 200 5 "-" "WordPress/6.7.2; https://baernblog.com"
161.97.132.59 - - [02/Apr/2025:02:12:36 -0400] "GET /wp-admin/ HTTP/1.1" 302 0 "-" "Mozlila/5.0 (Linux; Android 7.0; SM-G892A Bulid/NRD90M; wv) AppleWebKit/537.36 (KHTML, like Gecko) Version/4.0 Chrome/60.0.3112.107 Moblie Safari/537.36"
161.97.132.59 - - [02/Apr/2025:02:12:37 -0400] "GET /wp-login.php?redirect_to=https%3A%2F%2Fbaernblog.com%2Fwp-admin%2F&reauth=1 HTTP/1.1" 200 1683 "-" "Mozlila/5.0 (Linux; Android 7.0; SM-G892A Bulid/NRD90M; wv) AppleWebKit/537.36 (KHTML, like Gecko) Version/4.0 Chrome/60.0.3112.107 Moblie Safari/537.36"
161.97.132.59 - - [02/Apr/2025:02:12:51 -0400] "GET /home-care-in-toronto/ HTTP/1.1" 200 10817 "-" "Mozlila/5.0 (Linux; Android 7.0; SM-G892A Bulid/NRD90M; wv) AppleWebKit/537.36 (KHTML, like Gecko) Version/4.0 Chrome/60.0.3112.107 Moblie Safari/537.36"
85.208.96.206 - - [02/Apr/2025:02:14:39 -0400] "GET /robots.txt HTTP/1.1" 304 0 "-" "Mozilla/5.0 (compatible; SemrushBot/7~bl; +http://www.semrush.com/bot.html)"
185.191.171.12 - - [02/Apr/2025:02:14:40 -0400] "GET /mastering-your-typing-speed/ HTTP/1.1" 200 10547 "-" "Mozilla/5.0 (compatible; SemrushBot/7~bl; +http://www.semrush.com/bot.html)"
58.254.68.93 - - [02/Apr/2025:02:15:39 -0400] "GET /the-history-of-birthday-cakes/ HTTP/1.1" 200 11100 "https://baernblog.com" "Mozilla/5.0 (Windows NT 10.0; Win64; x64) AppleWebKit/537.36 (KHTML, like Gecko) Chrome/62.0.3202.94 Safari/537.36"
198.54.114.83 - - [02/Apr/2025:02:15:45 -0400] "POST /wp-cron.php?doing_wp_cron=1743574545.1137139797210693359375 HTTP/1.1" 200 0 "-" "WordPress/6.7.2; https://baernblog.com"
198.54.114.83 - - [02/Apr/2025:02:15:45 -0400] "POST /wp-admin/admin-ajax.php?action=async_litespeed&nonce=pzy1RhvOxzslIs2yOvJLkLQ8FsxqrmZo&litespeed_type=imgoptm HTTP/1.1" 200 5 "-" "WordPress/6.7.2; https://baernblog.com"
58.254.68.93 - - [02/Apr/2025:02:15:41 -0400] "POST /wp-comments-post.php HTTP/1.1" 302 0 "https://baernblog.com" "Mozilla/5.0 (Windows NT 10.0; Win64; x64) AppleWebKit/537.36 (KHTML, like Gecko) Chrome/62.0.3202.94 Safari/537.36"
58.254.68.93 - - [02/Apr/2025:02:15:49 -0400] "GET /the-history-of-birthday-cakes/ HTTP/1.1" 200 11956 "https://baernblog.com" "Mozilla/4.0 (compatible; MSIE 6.0; Windows NT 5.1; en) Opera 8.50"
18.188.96.25 - - [02/Apr/2025:02:22:19 -0400] "GET /the-art-of-massage-a-pathway-to-wellness/ HTTP/1.1" 200 10379 "-" "Mozilla/5.0 AppleWebKit/537.36 (KHTML, like Gecko; compatible; ClaudeBot/1.0; +claudebot@anthropic.com)"
198.54.114.83 - - [02/Apr/2025:02:24:44 -0400] "POST /wp-cron.php?doing_wp_cron=1743575083.7625250816345214843750 HTTP/1.1" 200 0 "-" "WordPress/6.7.2; https://baernblog.com"
85.208.96.199 - - [02/Apr/2025:02:24:39 -0400] "GET /category/activity/page/86/ HTTP/1.1" 200 9326 "-" "Mozilla/5.0 (compatible; SemrushBot/7~bl; +http://www.semrush.com/bot.html)"
198.54.114.83 - - [02/Apr/2025:02:24:46 -0400] "POST /wp-admin/admin-ajax.php?action=async_litespeed&nonce=iAWV0EwChm6eJA1vPrg25pNsNKqxlIsB&litespeed_type=imgoptm HTTP/1.1" 200 0 "-" "WordPress/6.7.2; https://baernblog.com"
198.54.114.83 - - [02/Apr/2025:02:25:48 -0400] "POST /wp-admin/admin-ajax.php?action=async_litespeed&nonce=fVwtcvitkyewA6zWcuAUVq9mL064ZjAN&litespeed_type=imgoptm HTTP/1.1" 200 5 "-" "WordPress/6.7.2; https://baernblog.com"
34.194.14.255 - - [02/Apr/2025:02:29:23 -0400] "GET /page/13/ HTTP/1.1" 200 9232 "-" "Mozilla/5.0 AppleWebKit/537.36 (KHTML, like Gecko; compatible; Amazonbot/0.1; +https://developer.amazon.com/support/amazonbot) Chrome/119.0.6045.214 Safari/537.36"
198.54.114.83 - - [02/Apr/2025:02:37:22 -0400] "POST /wp-admin/admin-ajax.php?action=async_litespeed&nonce=hWWPnHg00UeA7RSK7dcmkMVM0ytYITRH&litespeed_type=imgoptm HTTP/1.1" 200 5 "-" "WordPress/6.7.2; https://baernblog.com"
85.208.98.17 - - [02/Apr/2025:02:41:23 -0400] "GET / HTTP/1.1" 200 77939 "-" "SEMrushBot"
198.54.114.83 - - [02/Apr/2025:02:44:24 -0400] "POST /wp-admin/admin-ajax.php?action=async_litespeed&nonce=k7K2SknfixoJ4AxN78IQSnu2xmhtVjgR&litespeed_type=imgoptm HTTP/1.1" 200 5 "-" "WordPress/6.7.2; https://baernblog.com"
164.92.243.116 - - [02/Apr/2025:02:44:50 -0400] "GET / HTTP/1.1" 200 77939 "-" "Mozilla/5.0 (compatible)"
195.2.75.216 - - [02/Apr/2025:02:51:27 -0400] "GET /cbd-oil-for-anxiety-uk-a-conclusive-account/ HTTP/1.1" 200 11126 "https://baernblog.com/cbd-oil-for-anxiety-uk-a-conclusive-account/#comment-15370/" "Mozilla/5.0 (Windows NT 10.0; Win64; x64) AppleWebKit/537.36 (KHTML, like Gecko) Chrome/130.0.0.0 Safari/537.36 CCleaner/130.0.0.0"
198.54.114.83 - - [02/Apr/2025:02:51:31 -0400] "POST /wp-cron.php?doing_wp_cron=1743576691.4945039749145507812500 HTTP/1.1" 200 0 "-" "WordPress/6.7.2; https://baernblog.com"
195.2.75.216 - - [02/Apr/2025:02:51:28 -0400] "POST /wp-comments-post.php HTTP/1.1" 302 0 "https://baernblog.com/cbd-oil-for-anxiety-uk-a-conclusive-account/#comment-15370/" "Mozilla/5.0 (Windows NT 10.0; Win64; x64) AppleWebKit/537.36 (KHTML, like Gecko) Chrome/130.0.0.0 Safari/537.36 CCleaner/130.0.0.0"
198.54.114.83 - - [02/Apr/2025:02:51:32 -0400] "POST /wp-admin/admin-ajax.php?action=async_litespeed&nonce=Q0XEWJ8zOxV8mtauXTSVCVyvWZ4kwniN&litespeed_type=imgoptm HTTP/1.1" 200 5 "-" "WordPress/6.7.2; https://baernblog.com"
195.2.75.216 - - [02/Apr/2025:02:51:33 -0400] "GET /cbd-oil-for-anxiety-uk-a-conclusive-account/ HTTP/1.1" 200 14238 "https://baernblog.com/cbd-oil-for-anxiety-uk-a-conclusive-account/#comment-22598" "Mozilla/5.0 (Windows NT 10.0; Win64; x64) AppleWebKit/537.36 (KHTML, like Gecko) Chrome/130.0.0.0 Safari/537.36 CCleaner/130.0.0.0"
198.54.114.83 - - [02/Apr/2025:02:56:07 -0400] "POST /wp-cron.php?doing_wp_cron=1743576966.9775960445404052734375 HTTP/1.1" 200 0 "-" "WordPress/6.7.2; https://baernblog.com"
18.191.112.140 - - [02/Apr/2025:02:56:04 -0400] "GET /best-thermal-paste-for-laptops HTTP/1.1" 301 0 "-" "Mozilla/5.0 AppleWebKit/537.36 (KHTML, like Gecko; compatible; ClaudeBot/1.0; +claudebot@anthropic.com)"
18.191.112.140 - - [02/Apr/2025:02:56:07 -0400] "GET /best-thermal-paste-for-laptops/ HTTP/1.1" 200 10343 "-" "Mozilla/5.0 AppleWebKit/537.36 (KHTML, like Gecko; compatible; ClaudeBot/1.0; +claudebot@anthropic.com)"
18.191.112.140 - - [02/Apr/2025:02:56:08 -0400] "GET /wp-includes/js/jquery/jquery.min.js?ver=3.7.1 HTTP/1.1" 304 0 "https://baernblog.com/best-thermal-paste-for-laptops/" "Mozilla/5.0 AppleWebKit/537.36 (KHTML, like Gecko; compatible; ClaudeBot/1.0; +claudebot@anthropic.com)"
18.191.112.140 - - [02/Apr/2025:02:56:08 -0400] "GET /wp-includes/js/jquery/jquery-migrate.min.js?ver=3.4.1 HTTP/1.1" 304 0 "https://baernblog.com/best-thermal-paste-for-laptops/" "Mozilla/5.0 AppleWebKit/537.36 (KHTML, like Gecko; compatible; ClaudeBot/1.0; +claudebot@anthropic.com)"
18.191.112.140 - - [02/Apr/2025:02:56:08 -0400] "GET /wp-content/themes/ascendoor-news/assets/js/slick.min.js?ver=1.8.1 HTTP/1.1" 304 0 "https://baernblog.com/best-thermal-paste-for-laptops/" "Mozilla/5.0 AppleWebKit/537.36 (KHTML, like Gecko; compatible; ClaudeBot/1.0; +claudebot@anthropic.com)"
18.191.112.140 - - [02/Apr/2025:02:56:08 -0400] "GET /wp-content/themes/ascendoor-news/assets/js/custom.min.js?ver=1.0.1 HTTP/1.1" 304 0 "https://baernblog.com/best-thermal-paste-for-laptops/" "Mozilla/5.0 AppleWebKit/537.36 (KHTML, like Gecko; compatible; ClaudeBot/1.0; +claudebot@anthropic.com)"
18.191.112.140 - - [02/Apr/2025:02:56:08 -0400] "GET /wp-content/themes/ascendoor-news/assets/js/navigation.min.js?ver=1.0.1 HTTP/1.1" 304 0 "https://baernblog.com/best-thermal-paste-for-laptops/" "Mozilla/5.0 AppleWebKit/537.36 (KHTML, like Gecko; compatible; ClaudeBot/1.0; +claudebot@anthropic.com)"
18.191.112.140 - - [02/Apr/2025:02:56:08 -0400] "GET /wp-content/themes/ascendoor-news/assets/js/jquery.marquee.min.js?ver=1.6.0 HTTP/1.1" 304 0 "https://baernblog.com/best-thermal-paste-for-laptops/" "Mozilla/5.0 AppleWebKit/537.36 (KHTML, like Gecko; compatible; ClaudeBot/1.0; +claudebot@anthropic.com)"
198.54.114.83 - - [02/Apr/2025:02:56:08 -0400] "POST /wp-admin/admin-ajax.php?action=async_litespeed&nonce=1KgbCuSDlkBhQGMCDT4kWOmhNZg5pKuf&litespeed_type=imgoptm HTTP/1.1" 200 0 "-" "WordPress/6.7.2; https://baernblog.com"
18.191.112.140 - - [02/Apr/2025:02:56:08 -0400] "GET /wp-includes/js/wp-emoji-release.min.js?ver=6.7.2 HTTP/1.1" 304 0 "https://baernblog.com/best-thermal-paste-for-laptops/" "Mozilla/5.0 AppleWebKit/537.36 (KHTML, like Gecko; compatible; ClaudeBot/1.0; +claudebot@anthropic.com)"
18.191.112.140 - - [02/Apr/2025:02:56:08 -0400] "GET /wp-includes/js/comment-reply.min.js?ver=6.7.2 HTTP/1.1" 304 0 "https://baernblog.com/best-thermal-paste-for-laptops/" "Mozilla/5.0 AppleWebKit/537.36 (KHTML, like Gecko; compatible; ClaudeBot/1.0; +claudebot@anthropic.com)"
195.2.75.216 - - [02/Apr/2025:02:58:39 -0400] "GET /cbd-oil-for-anxiety-uk-a-conclusive-account/ HTTP/1.1" 200 11126 "https://baernblog.com/cbd-oil-for-anxiety-uk-a-conclusive-account/#comment-15370/" "Mozilla/5.0 (Windows NT 10.0; Win64; x64) AppleWebKit/537.36 (KHTML, like Gecko) Chrome/130.0.0.0 Safari/537.36 CCleaner/130.0.0.0"
198.54.114.83 - - [02/Apr/2025:02:58:43 -0400] "POST /wp-cron.php?doing_wp_cron=1743577123.6971719264984130859375 HTTP/1.1" 200 0 "-" "WordPress/6.7.2; https://baernblog.com"
195.2.75.216 - - [02/Apr/2025:02:58:41 -0400] "POST /wp-comments-post.php HTTP/1.1" 302 0 "https://baernblog.com/cbd-oil-for-anxiety-uk-a-conclusive-account/#comment-15370/" "Mozilla/5.0 (Windows NT 10.0; Win64; x64) AppleWebKit/537.36 (KHTML, like Gecko) Chrome/130.0.0.0 Safari/537.36 CCleaner/130.0.0.0"
198.54.114.83 - - [02/Apr/2025:02:58:45 -0400] "POST /wp-admin/admin-ajax.php?action=async_litespeed&nonce=7feF1J32tb6JaXt2vrpWd3Tf141WLRG0&litespeed_type=imgoptm HTTP/1.1" 200 5 "-" "WordPress/6.7.2; https://baernblog.com"
195.2.75.216 - - [02/Apr/2025:02:58:45 -0400] "GET /cbd-oil-for-anxiety-uk-a-conclusive-account/ HTTP/1.1" 200 13550 "https://baernblog.com/cbd-oil-for-anxiety-uk-a-conclusive-account/#comment-22599" "Mozilla/5.0 (Windows NT 10.0; Win64; x64) AppleWebKit/537.36 (KHTML, like Gecko) Chrome/130.0.0.0 Safari/537.36 CCleaner/130.0.0.0"
54.37.234.111 - - [02/Apr/2025:03:01:22 -0400] "GET /the-benefits-of-managed-investing/ HTTP/1.1" 200 10958 "https://baernblog.com/the-benefits-of-managed-investing/#comment-8139/" "Mozilla/5.0 (Windows NT 10.0; Win64; x64) AppleWebKit/537.36 (KHTML, like Gecko) Chrome/131.0.0.0 Safari/537.36 Avast/131.0.0.0"
198.54.114.83 - - [02/Apr/2025:03:01:29 -0400] "POST /wp-cron.php?doing_wp_cron=1743577288.8738360404968261718750 HTTP/1.1" 200 0 "-" "WordPress/6.7.2; https://baernblog.com"
198.54.114.83 - - [02/Apr/2025:03:01:29 -0400] "POST /wp-admin/admin-ajax.php?action=async_litespeed&nonce=aJor4a4WZY6kMpgGMyyq9pkiKFiPgwcN&litespeed_type=imgoptm HTTP/1.1" 200 0 "-" "WordPress/6.7.2; https://baernblog.com"
54.37.234.111 - - [02/Apr/2025:03:01:23 -0400] "POST /wp-comments-post.php HTTP/1.1" 302 0 "https://baernblog.com/the-benefits-of-managed-investing/#comment-8139/" "Mozilla/5.0 (Windows NT 10.0; Win64; x64) AppleWebKit/537.36 (KHTML, like Gecko) Chrome/131.0.0.0 Safari/537.36 Avast/131.0.0.0"
54.37.234.111 - - [02/Apr/2025:03:01:31 -0400] "GET /the-benefits-of-managed-investing/ HTTP/1.1" 200 17414 "https://baernblog.com/the-benefits-of-managed-investing/#comment-22600" "Mozilla/5.0 (Windows NT 10.0; Win64; x64) AppleWebKit/537.36 (KHTML, like Gecko) Chrome/131.0.0.0 Safari/537.36 Avast/131.0.0.0"
3.145.19.123 - - [02/Apr/2025:03:03:26 -0400] "GET /the-evolution-of-t-shirts/ HTTP/1.1" 200 10450 "-" "Mozilla/5.0 AppleWebKit/537.36 (KHTML, like Gecko; compatible; ClaudeBot/1.0; +claudebot@anthropic.com)"
58.254.68.93 - - [02/Apr/2025:03:16:22 -0400] "GET /the-benefits-of-managed-investing/ HTTP/1.1" 200 10958 "https://baernblog.com" "Mozilla/5.0 (Windows NT 10.0; Win64; x64) AppleWebKit/537.36 (KHTML, like Gecko) Chrome/62.0.3202.94 Safari/537.36"
198.54.114.83 - - [02/Apr/2025:03:16:31 -0400] "POST /wp-cron.php?doing_wp_cron=1743578190.2617449760437011718750 HTTP/1.1" 200 0 "-" "WordPress/6.7.2; https://baernblog.com"
58.254.68.93 - - [02/Apr/2025:03:16:24 -0400] "POST /wp-comments-post.php HTTP/1.1" 200 0 "https://baernblog.com" "Mozilla/5.0 (Windows NT 10.0; Win64; x64) AppleWebKit/537.36 (KHTML, like Gecko) Chrome/62.0.3202.94 Safari/537.36"
34.19.85.195 - - [02/Apr/2025:03:16:32 -0400] "GET /how-to-create-youtube-videos/ HTTP/1.1" 200 0 "-" "Mozilla/5.0 (Macintosh; Intel Mac OS X 10_15_7) AppleWebKit/605.1.15 (KHTML, like Gecko) Version/17.0 Safari/605.1.15"
58.254.68.93 - - [02/Apr/2025:03:16:35 -0400] "GET /the-benefits-of-managed-investing/ HTTP/1.1" 200 10958 "https://baernblog.com" "Mozilla/5.0 (Windows NT 10.0; Win64; x64) AppleWebKit/537.36 (KHTML, like Gecko) Chrome/62.0.3202.94 Safari/537.36"
58.254.68.93 - - [02/Apr/2025:03:16:37 -0400] "POST /wp-comments-post.php HTTP/1.1" 429 982 "https://baernblog.com" "Mozilla/5.0 (Windows NT 10.0; Win64; x64) AppleWebKit/537.36 (KHTML, like Gecko) Chrome/62.0.3202.94 Safari/537.36"
139.59.100.51 - - [02/Apr/2025:03:18:23 -0400] "GET /wp-login.php HTTP/1.1" 200 1685 "-" "Mozila/5.0"
198.54.114.83 - - [02/Apr/2025:03:18:28 -0400] "POST /wp-cron.php?doing_wp_cron=1743578307.9964470863342285156250 HTTP/1.1" 200 0 "-" "WordPress/6.7.2; https://baernblog.com"
139.59.100.51 - - [02/Apr/2025:03:18:24 -0400] "POST /wp-login.php HTTP/1.1" 200 1805 "-" "Mozila/5.0"
198.54.114.83 - - [02/Apr/2025:03:18:29 -0400] "POST /wp-admin/admin-ajax.php?action=async_litespeed&nonce=NRDtjcuIFbk2kiaWLDQ7xJ6El45q5o7w&litespeed_type=imgoptm HTTP/1.1" 200 0 "-" "WordPress/6.7.2; https://baernblog.com"
139.59.100.51 - - [02/Apr/2025:03:18:29 -0400] "GET /wp-admin/ HTTP/1.1" 302 0 "-" "Mozila/5.0"
139.59.100.51 - - [02/Apr/2025:03:18:30 -0400] "GET /wp-login.php?redirect_to=https%3A%2F%2Fbaernblog.com%2Fwp-admin%2F&reauth=1 HTTP/1.1" 200 1683 "-" "Mozila/5.0"
198.54.114.83 - - [02/Apr/2025:03:25:50 -0400] "POST /wp-admin/admin-ajax.php?action=async_litespeed&nonce=KHQrw3qZjo3jPXvmdK9Osuuzaz77Lfwm&litespeed_type=imgoptm HTTP/1.1" 200 0 "-" "WordPress/6.7.2; https://baernblog.com"
34.145.20.211 - - [02/Apr/2025:03:32:20 -0400] "GET /investing-in-student-property-checklist-2019/ HTTP/1.1" 200 10928 "-" "Mozilla/5.0 (Windows NT 10.0; Win64; x64) AppleWebKit/537.36 (KHTML, like Gecko) Chrome/123.0.0.0 Safari/537.36"
13.229.78.155 - - [02/Apr/2025:03:31:21 -0400] "POST /wp-login.php HTTP/1.1" 200 0 "-" "Mozlila/5.0 (Linux; Android 7.0; SM-G892A Bulid/NRD90M; wv) AppleWebKit/537.36 (KHTML, like Gecko) Version/4.0 Chrome/60.0.3112.107 Moblie Safari/537.36"
198.54.114.83 - - [02/Apr/2025:03:33:07 -0400] "POST /wp-cron.php?doing_wp_cron=1743579186.8720760345458984375000 HTTP/1.1" 200 0 "-" "WordPress/6.7.2; https://baernblog.com"
13.229.78.155 - - [02/Apr/2025:03:33:01 -0400] "GET /wp-admin/plugin-install.php?tab=upload HTTP/1.1" 302 0 "-" "Mozlila/5.0 (Linux; Android 7.0; SM-G892A Bulid/NRD90M; wv) AppleWebKit/537.36 (KHTML, like Gecko) Version/4.0 Chrome/60.0.3112.107 Moblie Safari/537.36"
198.54.114.83 - - [02/Apr/2025:03:33:07 -0400] "POST /wp-admin/admin-ajax.php?action=async_litespeed&nonce=cidZdepY8g5aOMhbSu7lUpHtzTNNvwOV&litespeed_type=imgoptm HTTP/1.1" 200 5 "-" "WordPress/6.7.2; https://baernblog.com"
13.229.78.155 - - [02/Apr/2025:03:33:07 -0400] "GET /wp-login.php?redirect_to=https%3A%2F%2Fbaernblog.com%2Fwp-admin%2Fplugin-install.php%3Ftab%3Dupload&reauth=1 HTTP/1.1" 200 1698 "-" "Mozlila/5.0 (Linux; Android 7.0; SM-G892A Bulid/NRD90M; wv) AppleWebKit/537.36 (KHTML, like Gecko) Version/4.0 Chrome/60.0.3112.107 Moblie Safari/537.36"
13.59.224.235 - - [02/Apr/2025:03:44:17 -0400] "GET /robots.txt HTTP/1.1" 304 0 "-" "Mozilla/5.0 AppleWebKit/537.36 (KHTML, like Gecko; compatible; ClaudeBot/1.0; +claudebot@anthropic.com)"
13.59.224.235 - - [02/Apr/2025:03:44:20 -0400] "GET /introduction-au-qr-code/feed HTTP/1.1" 301 0 "-" "Mozilla/5.0 AppleWebKit/537.36 (KHTML, like Gecko; compatible; ClaudeBot/1.0; +claudebot@anthropic.com)"
198.54.114.83 - - [02/Apr/2025:03:44:22 -0400] "POST /wp-cron.php?doing_wp_cron=1743579862.2262270450592041015625 HTTP/1.1" 200 0 "-" "WordPress/6.7.2; https://baernblog.com"
198.54.114.83 - - [02/Apr/2025:03:44:22 -0400] "POST /wp-cron.php?doing_wp_cron=1743579862.2257630825042724609375 HTTP/1.1" 200 0 "-" "WordPress/6.7.2; https://baernblog.com"
13.59.224.235 - - [02/Apr/2025:03:44:19 -0400] "GET /wp-json/wp/v2/posts/2186 HTTP/1.1" 200 9815 "-" "Mozilla/5.0 AppleWebKit/537.36 (KHTML, like Gecko; compatible; ClaudeBot/1.0; +claudebot@anthropic.com)"
13.59.224.235 - - [02/Apr/2025:03:44:19 -0400] "GET /wp-json/wp/v2/posts/424 HTTP/1.1" 200 16407 "-" "Mozilla/5.0 AppleWebKit/537.36 (KHTML, like Gecko; compatible; ClaudeBot/1.0; +claudebot@anthropic.com)"
13.59.224.235 - - [02/Apr/2025:03:44:20 -0400] "GET /how-to-select-riveting-machinery-for-a-specific-application HTTP/1.1" 301 0 "-" "Mozilla/5.0 AppleWebKit/537.36 (KHTML, like Gecko; compatible; ClaudeBot/1.0; +claudebot@anthropic.com)"
13.59.224.235 - - [02/Apr/2025:03:44:19 -0400] "GET /wp-json/wp/v2/posts/1617 HTTP/1.1" 200 11176 "-" "Mozilla/5.0 AppleWebKit/537.36 (KHTML, like Gecko; compatible; ClaudeBot/1.0; +claudebot@anthropic.com)"
13.59.224.235 - - [02/Apr/2025:03:44:24 -0400] "GET /how-to-select-riveting-machinery-for-a-specific-application/ HTTP/1.1" 200 11009 "https://baernblog.com/how-to-select-riveting-machinery-for-a-specific-application" "Mozilla/5.0 AppleWebKit/537.36 (KHTML, like Gecko; compatible; ClaudeBot/1.0; +claudebot@anthropic.com)"
198.54.114.83 - - [02/Apr/2025:03:44:24 -0400] "POST /wp-admin/admin-ajax.php?action=async_litespeed&nonce=VBjj5kJmgaozXfR1MMktMaGQoZ5He0Bt&litespeed_type=imgoptm HTTP/1.1" 200 0 "-" "WordPress/6.7.2; https://baernblog.com"
13.59.224.235 - - [02/Apr/2025:03:44:24 -0400] "GET /introduction-au-qr-code/feed/ HTTP/1.1" 200 374 "https://baernblog.com/introduction-au-qr-code/feed" "Mozilla/5.0 AppleWebKit/537.36 (KHTML, like Gecko; compatible; ClaudeBot/1.0; +claudebot@anthropic.com)"
91.142.73.116 - - [02/Apr/2025:03:46:26 -0400] "GET /cbd-oil-for-anxiety-uk-a-conclusive-account/ HTTP/1.1" 200 11126 "https://baernblog.com/cbd-oil-for-anxiety-uk-a-conclusive-account/#comment-15370/" "Mozilla/5.0 (Windows NT 10.0; Win64; x64) AppleWebKit/537.36 (KHTML, like Gecko) Chrome/130.0.0.0 Safari/537.36"
198.54.114.83 - - [02/Apr/2025:03:46:32 -0400] "POST /wp-cron.php?doing_wp_cron=1743579991.8684899806976318359375 HTTP/1.1" 200 0 "-" "WordPress/6.7.2; https://baernblog.com"
198.54.114.83 - - [02/Apr/2025:03:46:32 -0400] "POST /wp-admin/admin-ajax.php?action=async_litespeed&nonce=2G6cdKJr46K8j4YZAHriwze5jKFuUj62&litespeed_type=imgoptm HTTP/1.1" 200 0 "-" "WordPress/6.7.2; https://baernblog.com"
91.142.73.116 - - [02/Apr/2025:03:46:26 -0400] "POST /wp-comments-post.php HTTP/1.1" 302 0 "https://baernblog.com/cbd-oil-for-anxiety-uk-a-conclusive-account/#comment-15370/" "Mozilla/5.0 (Windows NT 10.0; Win64; x64) AppleWebKit/537.36 (KHTML, like Gecko) Chrome/130.0.0.0 Safari/537.36"
91.142.73.116 - - [02/Apr/2025:03:46:35 -0400] "GET /cbd-oil-for-anxiety-uk-a-conclusive-account/ HTTP/1.1" 200 13315 "https://baernblog.com/cbd-oil-for-anxiety-uk-a-conclusive-account/#comment-22603" "Mozilla/5.0 (Windows NT 10.0; Win64; x64) AppleWebKit/537.36 (KHTML, like Gecko) Chrome/130.0.0.0 Safari/537.36"
3.133.154.12 - - [02/Apr/2025:03:46:41 -0400] "GET /unlocking-the-power-of-url-shorteners HTTP/1.1" 301 0 "-" "Mozilla/5.0 AppleWebKit/537.36 (KHTML, like Gecko; compatible; ClaudeBot/1.0; +claudebot@anthropic.com)"
198.54.114.83 - - [02/Apr/2025:03:34:06 -0400] "POST /wp-admin/admin-ajax.php?action=async_litespeed&nonce=0eO1PS7xE7wIGINZQRskszjphDXXsUn5&litespeed_type=imgoptm HTTP/1.1" 200 0 "-" "WordPress/6.7.2; https://baernblog.com"
185.191.171.9 - - [02/Apr/2025:03:37:46 -0400] "GET /page/32/ HTTP/1.1" 200 9448 "-" "Mozilla/5.0 (compatible; SemrushBot/7~bl; +http://www.semrush.com/bot.html)"
58.254.68.93 - - [02/Apr/2025:03:41:48 -0400] "GET /how-to-choose-an-outdoor-led-screen/ HTTP/1.1" 200 11012 "https://baernblog.com" "Mozilla/5.0 (Windows NT 10.0; Win64; x64) AppleWebKit/537.36 (KHTML, like Gecko) Chrome/62.0.3202.94 Safari/537.36"
198.54.114.83 - - [02/Apr/2025:03:41:54 -0400] "POST /wp-cron.php?doing_wp_cron=1743579713.8213500976562500000000 HTTP/1.1" 200 0 "-" "WordPress/6.7.2; https://baernblog.com"
198.54.114.83 - - [02/Apr/2025:03:41:56 -0400] "POST /wp-admin/admin-ajax.php?action=async_litespeed&nonce=Rr5kmA3vy2ZCpBTF8EwWKcpJxob2fYMW&litespeed_type=imgoptm HTTP/1.1" 200 0 "-" "WordPress/6.7.2; https://baernblog.com"
58.254.68.93 - - [02/Apr/2025:03:41:49 -0400] "POST /wp-comments-post.php HTTP/1.1" 302 0 "https://baernblog.com" "Mozilla/5.0 (Windows NT 10.0; Win64; x64) AppleWebKit/537.36 (KHTML, like Gecko) Chrome/62.0.3202.94 Safari/537.36"
3.133.154.12 - - [02/Apr/2025:03:46:41 -0400] "GET /wp-json/wp/v2/posts/160 HTTP/1.1" 200 11656 "-" "Mozilla/5.0 AppleWebKit/537.36 (KHTML, like Gecko; compatible; ClaudeBot/1.0; +claudebot@anthropic.com)"
3.133.154.12 - - [02/Apr/2025:03:46:41 -0400] "GET /wp-json/wp/v2/posts/430 HTTP/1.1" 200 12241 "-" "Mozilla/5.0 AppleWebKit/537.36 (KHTML, like Gecko; compatible; ClaudeBot/1.0; +claudebot@anthropic.com)"
3.133.154.12 - - [02/Apr/2025:03:46:41 -0400] "GET /wp-json/wp/v2/posts/2224 HTTP/1.1" 200 10032 "-" "Mozilla/5.0 AppleWebKit/537.36 (KHTML, like Gecko; compatible; ClaudeBot/1.0; +claudebot@anthropic.com)"
3.133.154.12 - - [02/Apr/2025:03:46:41 -0400] "GET /wp-json/wp/v2/posts/736 HTTP/1.1" 200 14886 "-" "Mozilla/5.0 AppleWebKit/537.36 (KHTML, like Gecko; compatible; ClaudeBot/1.0; +claudebot@anthropic.com)"
3.133.154.12 - - [02/Apr/2025:03:46:44 -0400] "GET /unlocking-the-power-of-url-shorteners/ HTTP/1.1" 200 10772 "https://baernblog.com/unlocking-the-power-of-url-shorteners" "Mozilla/5.0 AppleWebKit/537.36 (KHTML, like Gecko; compatible; ClaudeBot/1.0; +claudebot@anthropic.com)"
52.167.144.138 - - [02/Apr/2025:03:47:00 -0400] "GET /the-lakegarden-residences-wing-tais-first-sustainable-development/ HTTP/1.1" 200 10673 "-" "Mozilla/5.0 AppleWebKit/537.36 (KHTML, like Gecko; compatible; bingbot/2.0; +http://www.bing.com/bingbot.htm) Chrome/116.0.1938.76 Safari/537.36"
198.54.114.83 - - [02/Apr/2025:03:47:33 -0400] "POST /wp-cron.php?doing_wp_cron=1743580052.4628510475158691406250 HTTP/1.1" 200 0 "-" "WordPress/6.7.2; https://baernblog.com"
13.214.35.67 - - [02/Apr/2025:03:47:32 -0400] "POST /wp-login.php HTTP/1.1" 200 1803 "-" "Mozlila/5.0 (Linux; Android 7.0; SM-G892A Bulid/NRD90M; wv) AppleWebKit/537.36 (KHTML, like Gecko) Version/4.0 Chrome/60.0.3112.107 Moblie Safari/537.36"
198.54.114.83 - - [02/Apr/2025:03:47:34 -0400] "POST /wp-admin/admin-ajax.php?action=async_litespeed&nonce=T2CKdcfH4H2OrwOQrQQOG7YohMk7cYV4&litespeed_type=imgoptm HTTP/1.1" 200 0 "-" "WordPress/6.7.2; https://baernblog.com"
13.214.35.67 - - [02/Apr/2025:03:47:34 -0400] "GET /wp-admin/plugin-install.php?tab=upload HTTP/1.1" 302 0 "-" "Mozlila/5.0 (Linux; Android 7.0; SM-G892A Bulid/NRD90M; wv) AppleWebKit/537.36 (KHTML, like Gecko) Version/4.0 Chrome/60.0.3112.107 Moblie Safari/537.36"
13.214.35.67 - - [02/Apr/2025:03:47:36 -0400] "GET /wp-login.php?redirect_to=https%3A%2F%2Fbaernblog.com%2Fwp-admin%2Fplugin-install.php%3Ftab%3Dupload&reauth=1 HTTP/1.1" 200 1698 "-" "Mozlila/5.0 (Linux; Android 7.0; SM-G892A Bulid/NRD90M; wv) AppleWebKit/537.36 (KHTML, like Gecko) Version/4.0 Chrome/60.0.3112.107 Moblie Safari/537.36"
185.78.78.102 - - [02/Apr/2025:03:48:31 -0400] "GET /cbd-oil-for-anxiety-uk-a-conclusive-account/ HTTP/1.1" 200 11126 "https://baernblog.com/cbd-oil-for-anxiety-uk-a-conclusive-account/#comment-22290" "Mozilla/5.0 (Windows NT 10.0; Win64; x64) AppleWebKit/537.36 (KHTML, like Gecko) Chrome/131.0.0.0 Safari/537.36"
198.54.114.83 - - [02/Apr/2025:03:48:33 -0400] "POST /wp-cron.php?doing_wp_cron=1743580112.9279510974884033203125 HTTP/1.1" 200 0 "-" "WordPress/6.7.2; https://baernblog.com"
198.54.114.83 - - [02/Apr/2025:03:48:34 -0400] "POST /wp-admin/admin-ajax.php?action=async_litespeed&nonce=IuUYA4ZtGTrjl9bw1n5bZLaPfzsoS2dk&litespeed_type=imgoptm HTTP/1.1" 200 5 "-" "WordPress/6.7.2; https://baernblog.com"
185.78.78.102 - - [02/Apr/2025:03:48:32 -0400] "POST /wp-comments-post.php HTTP/1.1" 302 0 "https://baernblog.com/cbd-oil-for-anxiety-uk-a-conclusive-account/#comment-22290" "Mozilla/5.0 (Windows NT 10.0; Win64; x64) AppleWebKit/537.36 (KHTML, like Gecko) Chrome/131.0.0.0 Safari/537.36"
185.78.78.102 - - [02/Apr/2025:03:48:36 -0400] "GET /cbd-oil-for-anxiety-uk-a-conclusive-account/ HTTP/1.1" 200 12373 "https://baernblog.com/cbd-oil-for-anxiety-uk-a-conclusive-account/#comment-22604" "Mozilla/5.0 (Windows NT 10.0; Win64; x64) AppleWebKit/537.36 (KHTML, like Gecko) Chrome/131.0.0.0 Safari/537.36"
3.144.15.219 - - [02/Apr/2025:03:49:08 -0400] "GET /how-to-create-custom-logo-socks HTTP/1.1" 301 0 "-" "Mozilla/5.0 AppleWebKit/537.36 (KHTML, like Gecko; compatible; ClaudeBot/1.0; +claudebot@anthropic.com)"
3.144.15.219 - - [02/Apr/2025:03:49:08 -0400] "GET /ashar-testing HTTP/1.1" 301 0 "-" "Mozilla/5.0 AppleWebKit/537.36 (KHTML, like Gecko; compatible; ClaudeBot/1.0; +claudebot@anthropic.com)"
3.144.15.219 - - [02/Apr/2025:03:49:08 -0400] "GET /wp-json/wp/v2/posts/659 HTTP/1.1" 200 12289 "-" "Mozilla/5.0 AppleWebKit/537.36 (KHTML, like Gecko; compatible; ClaudeBot/1.0; +claudebot@anthropic.com)"
198.54.114.83 - - [02/Apr/2025:03:49:09 -0400] "POST /wp-cron.php?doing_wp_cron=1743580148.2769389152526855468750 HTTP/1.1" 200 0 "-" "WordPress/6.7.2; https://baernblog.com"
3.144.15.219 - - [02/Apr/2025:03:49:08 -0400] "GET /wp-json/wp/v2/posts/1840 HTTP/1.1" 200 11055 "-" "Mozilla/5.0 AppleWebKit/537.36 (KHTML, like Gecko; compatible; ClaudeBot/1.0; +claudebot@anthropic.com)"
3.144.15.219 - - [02/Apr/2025:03:49:09 -0400] "GET /how-to-create-custom-logo-socks/ HTTP/1.1" 200 10975 "https://baernblog.com/how-to-create-custom-logo-socks" "Mozilla/5.0 AppleWebKit/537.36 (KHTML, like Gecko; compatible; ClaudeBot/1.0; +claudebot@anthropic.com)"
3.144.15.219 - - [02/Apr/2025:03:49:09 -0400] "GET /ashar-testing/ HTTP/1.1" 200 9626 "https://baernblog.com/ashar-testing" "Mozilla/5.0 AppleWebKit/537.36 (KHTML, like Gecko; compatible; ClaudeBot/1.0; +claudebot@anthropic.com)"
3.144.15.219 - - [02/Apr/2025:03:49:08 -0400] "GET /wp-json/wp/v2/posts/164 HTTP/1.1" 200 11750 "-" "Mozilla/5.0 AppleWebKit/537.36 (KHTML, like Gecko; compatible; ClaudeBot/1.0; +claudebot@anthropic.com)"
198.54.114.83 - - [02/Apr/2025:03:49:10 -0400] "POST /wp-admin/admin-ajax.php?action=async_litespeed&nonce=JcotCuZDgbus9LmRR4e4ycTf2usMXj3U&litespeed_type=imgoptm HTTP/1.1" 200 0 "-" "WordPress/6.7.2; https://baernblog.com"
198.54.114.83 - - [02/Apr/2025:03:51:24 -0400] "POST /wp-admin/admin-ajax.php?action=async_litespeed&nonce=5hs96O0Eku5FnoYmBuqiDniWMXqxUGsE&litespeed_type=imgoptm HTTP/1.1" 200 0 "-" "WordPress/6.7.2; https://baernblog.com"
52.14.232.226 - - [02/Apr/2025:03:51:31 -0400] "GET /wp-json/wp/v2/posts/523 HTTP/1.1" 200 9153 "-" "Mozilla/5.0 AppleWebKit/537.36 (KHTML, like Gecko; compatible; ClaudeBot/1.0; +claudebot@anthropic.com)"
52.14.232.226 - - [02/Apr/2025:03:51:31 -0400] "GET /wp-json/wp/v2/posts/92 HTTP/1.1" 200 14134 "-" "Mozilla/5.0 AppleWebKit/537.36 (KHTML, like Gecko; compatible; ClaudeBot/1.0; +claudebot@anthropic.com)"
52.14.232.226 - - [02/Apr/2025:03:51:31 -0400] "GET /wp-json/wp/v2/posts/2491 HTTP/1.1" 200 10478 "-" "Mozilla/5.0 AppleWebKit/537.36 (KHTML, like Gecko; compatible; ClaudeBot/1.0; +claudebot@anthropic.com)"
52.14.232.226 - - [02/Apr/2025:03:51:31 -0400] "GET /wp-json/wp/v2/posts/2332 HTTP/1.1" 200 11141 "-" "Mozilla/5.0 AppleWebKit/537.36 (KHTML, like Gecko; compatible; ClaudeBot/1.0; +claudebot@anthropic.com)"
52.14.232.226 - - [02/Apr/2025:03:51:32 -0400] "GET /wp-json/wp/v2/posts/1378 HTTP/1.1" 200 13186 "-" "Mozilla/5.0 AppleWebKit/537.36 (KHTML, like Gecko; compatible; ClaudeBot/1.0; +claudebot@anthropic.com)"
198.54.114.83 - - [02/Apr/2025:03:52:27 -0400] "POST /wp-cron.php?doing_wp_cron=1743580347.2315309047698974609375 HTTP/1.1" 200 0 "-" "WordPress/6.7.2; https://baernblog.com"
47.79.6.180 - - [02/Apr/2025:03:52:26 -0400] "GET /2023/12/ HTTP/1.1" 301 0 "-" "Mozilla/5.0 (iPhone; CPU iPhone OS 17_0_2 like Mac OS X) AppleWebKit/605.1.15 (KHTML, like Gecko) Version/17.0 Mobile/15E148 Safari/604.1"
198.54.114.83 - - [02/Apr/2025:03:52:28 -0400] "POST /wp-admin/admin-ajax.php?action=async_litespeed&nonce=Lvxsuyjxwpcd0whgYyJNtm5kmLOq0oy9&litespeed_type=imgoptm HTTP/1.1" 200 0 "-" "WordPress/6.7.2; https://baernblog.com"
47.79.6.180 - - [02/Apr/2025:03:52:29 -0400] "GET / HTTP/1.1" 200 77939 "-" "Mozilla/5.0 (iPhone; CPU iPhone OS 17_0_2 like Mac OS X) AppleWebKit/605.1.15 (KHTML, like Gecko) Version/17.0 Mobile/15E148 Safari/604.1"
