57.141.0.21 - - [01/Apr/2025:17:55:27 -0400] "GET /how-to-create-a-diamond-painting-from-your-own-photo/ HTTP/1.1" 200 11087 "-" "meta-externalagent/1.1 (+https://developers.facebook.com/docs/sharing/webmasters/crawler)"
13.229.78.155 - - [01/Apr/2025:17:55:00 -0400] "POST /xmlrpc.php HTTP/1.1" 200 0 "-" "python-httpx/0.22.0"
198.54.114.83 - - [01/Apr/2025:17:55:55 -0400] "POST /wp-cron.php?doing_wp_cron=1743544554.8988730907440185546875 HTTP/1.1" 200 0 "-" "WordPress/6.7.2; https://baernblog.com"
198.54.114.83 - - [01/Apr/2025:17:55:55 -0400] "POST /wp-admin/admin-ajax.php?action=async_litespeed&nonce=nolBKPVtXCOQdRLQEgkZwxqKyLk3ghu9&litespeed_type=imgoptm HTTP/1.1" 200 5 "-" "WordPress/6.7.2; https://baernblog.com"
54.36.148.48 - - [01/Apr/2025:17:55:46 -0400] "GET /serveur-minecraft-pvp-faction-une-experience-unique-et-competitive/ HTTP/1.1" 200 11155 "-" "Mozilla/5.0 (compatible; AhrefsBot/7.0; +http://ahrefs.com/robot/)"
13.229.78.155 - - [01/Apr/2025:17:55:20 -0400] "POST /xmlrpc.php HTTP/1.1" 200 0 "-" "python-httpx/0.22.0"
13.229.78.155 - - [01/Apr/2025:17:55:40 -0400] "POST /xmlrpc.php HTTP/1.1" 200 0 "-" "python-httpx/0.22.0"
13.229.78.155 - - [01/Apr/2025:17:56:00 -0400] "POST /xmlrpc.php HTTP/1.1" 200 0 "-" "python-httpx/0.22.0"
13.229.78.155 - - [01/Apr/2025:17:56:21 -0400] "POST /xmlrpc.php HTTP/1.1" 200 0 "-" "python-httpx/0.22.0"
13.229.78.155 - - [01/Apr/2025:17:56:41 -0400] "POST /xmlrpc.php HTTP/1.1" 200 0 "-" "python-httpx/0.22.0"
13.229.78.155 - - [01/Apr/2025:17:57:01 -0400] "POST /xmlrpc.php HTTP/1.1" 200 0 "-" "python-httpx/0.22.0"
13.229.78.155 - - [01/Apr/2025:17:57:21 -0400] "POST /xmlrpc.php HTTP/1.1" 200 0 "-" "python-httpx/0.22.0"
198.54.114.83 - - [01/Apr/2025:17:58:01 -0400] "POST /wp-cron.php?doing_wp_cron=1743544681.6505908966064453125000 HTTP/1.1" 200 0 "-" "WordPress/6.7.2; https://baernblog.com"
54.36.149.102 - - [01/Apr/2025:17:57:59 -0400] "GET /page/93/ HTTP/1.1" 200 9505 "-" "Mozilla/5.0 (compatible; AhrefsBot/7.0; +http://ahrefs.com/robot/)"
198.54.114.83 - - [01/Apr/2025:17:58:02 -0400] "POST /wp-admin/admin-ajax.php?action=async_litespeed&nonce=4LFr0vW8lo8g2bF9GVV0kciXTYPy1IpB&litespeed_type=imgoptm HTTP/1.1" 200 5 "-" "WordPress/6.7.2; https://baernblog.com"
13.229.78.155 - - [01/Apr/2025:17:57:42 -0400] "POST /xmlrpc.php HTTP/1.1" 200 0 "-" "python-httpx/0.22.0"
13.229.78.155 - - [01/Apr/2025:17:58:02 -0400] "POST /xmlrpc.php HTTP/1.1" 200 0 "-" "python-httpx/0.22.0"
13.229.78.155 - - [01/Apr/2025:17:58:23 -0400] "POST /xmlrpc.php HTTP/1.1" 200 0 "-" "python-httpx/0.22.0"
13.229.78.155 - - [01/Apr/2025:17:58:43 -0400] "POST /xmlrpc.php HTTP/1.1" 200 0 "-" "python-httpx/0.22.0"
13.229.78.155 - - [01/Apr/2025:17:59:03 -0400] "POST /xmlrpc.php HTTP/1.1" 200 0 "-" "python-httpx/0.22.0"
13.229.78.155 - - [01/Apr/2025:17:59:23 -0400] "POST /xmlrpc.php HTTP/1.1" 200 0 "-" "python-httpx/0.22.0"
13.229.78.155 - - [01/Apr/2025:17:59:43 -0400] "POST /xmlrpc.php HTTP/1.1" 200 0 "-" "python-httpx/0.22.0"
198.54.114.83 - - [01/Apr/2025:18:00:26 -0400] "POST /wp-cron.php?doing_wp_cron=1743544826.1671888828277587890625 HTTP/1.1" 200 0 "-" "WordPress/6.7.2; https://baernblog.com"
54.36.148.137 - - [01/Apr/2025:18:00:22 -0400] "GET /photo-editing-service-first-retouching-service-who-gives-a-special-touch-to-your-image/ HTTP/1.1" 200 11827 "-" "Mozilla/5.0 (compatible; AhrefsBot/7.0; +http://ahrefs.com/robot/)"
198.54.114.83 - - [01/Apr/2025:18:00:26 -0400] "POST /wp-admin/admin-ajax.php?action=async_litespeed&nonce=iYLL50zXOnjAT6YLvPvFBHafMn7Ais88&litespeed_type=imgoptm HTTP/1.1" 200 5 "-" "WordPress/6.7.2; https://baernblog.com"
13.229.78.155 - - [01/Apr/2025:18:00:04 -0400] "POST /xmlrpc.php HTTP/1.1" 200 0 "-" "python-httpx/0.22.0"
13.229.78.155 - - [01/Apr/2025:18:00:23 -0400] "POST /xmlrpc.php HTTP/1.1" 200 0 "-" "python-httpx/0.22.0"
13.229.78.155 - - [01/Apr/2025:18:00:43 -0400] "POST /xmlrpc.php HTTP/1.1" 200 0 "-" "python-httpx/0.22.0"
13.229.78.155 - - [01/Apr/2025:18:01:03 -0400] "POST /xmlrpc.php HTTP/1.1" 200 0 "-" "python-httpx/0.22.0"
13.229.78.155 - - [01/Apr/2025:18:01:23 -0400] "POST /xmlrpc.php HTTP/1.1" 200 0 "-" "python-httpx/0.22.0"
13.229.78.155 - - [01/Apr/2025:18:01:43 -0400] "POST /xmlrpc.php HTTP/1.1" 200 0 "-" "python-httpx/0.22.0"
13.229.78.155 - - [01/Apr/2025:18:02:03 -0400] "POST /xmlrpc.php HTTP/1.1" 200 0 "-" "python-httpx/0.22.0"
198.54.114.83 - - [01/Apr/2025:18:02:46 -0400] "POST /wp-cron.php?doing_wp_cron=1743544966.3891789913177490234375 HTTP/1.1" 200 0 "-" "WordPress/6.7.2; https://baernblog.com"
198.54.114.83 - - [01/Apr/2025:18:02:47 -0400] "POST /wp-admin/admin-ajax.php?action=async_litespeed&nonce=r3RQyLPOBlxoDclJlYbad0TOwPVNeUGC&litespeed_type=imgoptm HTTP/1.1" 200 5 "-" "WordPress/6.7.2; https://baernblog.com"
54.36.148.95 - - [01/Apr/2025:18:02:44 -0400] "GET /what-to-wear-for-training-exercise/ HTTP/1.1" 200 11110 "-" "Mozilla/5.0 (compatible; AhrefsBot/7.0; +http://ahrefs.com/robot/)"
198.54.114.83 - - [01/Apr/2025:18:03:49 -0400] "POST /wp-admin/admin-ajax.php?action=async_litespeed&nonce=cnNmtPgJto7FVgl5MAzzSG97ZBsh6Raf&litespeed_type=imgoptm HTTP/1.1" 200 5 "-" "WordPress/6.7.2; https://baernblog.com"
54.36.148.13 - - [01/Apr/2025:18:05:00 -0400] "GET /the-ultimate-guide-to-jewellery-cleaners-keeping-your-precious-gems-sparkling/ HTTP/1.1" 200 11303 "-" "Mozilla/5.0 (compatible; AhrefsBot/7.0; +http://ahrefs.com/robot/)"
198.54.114.83 - - [01/Apr/2025:18:07:19 -0400] "POST /wp-cron.php?doing_wp_cron=1743545239.5106179714202880859375 HTTP/1.1" 200 0 "-" "WordPress/6.7.2; https://baernblog.com"
54.36.148.29 - - [01/Apr/2025:18:07:15 -0400] "GET /unveiling-steuerberatung-hattingen-navigating-tax-excellence/ HTTP/1.1" 200 11229 "-" "Mozilla/5.0 (compatible; AhrefsBot/7.0; +http://ahrefs.com/robot/)"
198.54.114.83 - - [01/Apr/2025:18:07:20 -0400] "POST /wp-admin/admin-ajax.php?action=async_litespeed&nonce=tTVYyXwUYAEenyjQVN38alE7YbyVL9u2&litespeed_type=imgoptm HTTP/1.1" 200 5 "-" "WordPress/6.7.2; https://baernblog.com"
54.36.148.117 - - [01/Apr/2025:18:09:33 -0400] "GET /the-allure-of-designer-handbags-a-symphony-of-style-and-elegance/ HTTP/1.1" 200 11012 "-" "Mozilla/5.0 (compatible; AhrefsBot/7.0; +http://ahrefs.com/robot/)"
198.54.114.83 - - [01/Apr/2025:18:11:28 -0400] "POST /wp-admin/admin-ajax.php?action=async_litespeed&nonce=HHU3LpZi10UFq7jasWmKGrUBJHtjDMKE&litespeed_type=imgoptm HTTP/1.1" 200 0 "-" "WordPress/6.7.2; https://baernblog.com"
54.36.148.146 - - [01/Apr/2025:18:11:44 -0400] "GET /une-emplacement-dexception/ HTTP/1.1" 200 10728 "-" "Mozilla/5.0 (compatible; AhrefsBot/7.0; +http://ahrefs.com/robot/)"
112.92.70.120 - - [01/Apr/2025:18:12:48 -0400] "GET /the-benefits-of-managed-investing/ HTTP/1.1" 200 10958 "https://baernblog.com" "Mozilla/5.0 (Windows NT 10.0; Win64; x64) AppleWebKit/537.36 (KHTML, like Gecko) Chrome/62.0.3202.94 Safari/537.36"
198.54.114.83 - - [01/Apr/2025:18:12:51 -0400] "POST /wp-cron.php?doing_wp_cron=1743545570.9842329025268554687500 HTTP/1.1" 200 0 "-" "WordPress/6.7.2; https://baernblog.com"
198.54.114.83 - - [01/Apr/2025:18:12:52 -0400] "POST /wp-admin/admin-ajax.php?action=async_litespeed&nonce=aadbXxDDaRrYJHs9ELUWc0faN9iuMQhA&litespeed_type=imgoptm HTTP/1.1" 200 5 "-" "WordPress/6.7.2; https://baernblog.com"
112.92.70.120 - - [01/Apr/2025:18:12:50 -0400] "POST /wp-comments-post.php HTTP/1.1" 302 0 "https://baernblog.com" "Mozilla/5.0 (Windows NT 10.0; Win64; x64) AppleWebKit/537.36 (KHTML, like Gecko) Chrome/62.0.3202.94 Safari/537.36"
112.92.70.120 - - [01/Apr/2025:18:12:55 -0400] "GET /the-benefits-of-managed-investing/ HTTP/1.1" 200 11819 "https://baernblog.com" "Mozilla/4.0 (compatible; MSIE 6.0; Windows NT 5.1; en) Opera 8.50"
54.36.149.94 - - [01/Apr/2025:18:13:51 -0400] "GET /the-art-of-elegance-unveiling-the-craftsmanship-of-bespoke-suits/ HTTP/1.1" 200 10681 "-" "Mozilla/5.0 (compatible; AhrefsBot/7.0; +http://ahrefs.com/robot/)"
198.54.114.83 - - [01/Apr/2025:18:13:53 -0400] "POST /wp-cron.php?doing_wp_cron=1743545631.5360898971557617187500 HTTP/1.1" 200 0 "-" "WordPress/6.7.2; https://baernblog.com"
18.188.163.142 - - [01/Apr/2025:18:14:26 -0400] "GET /wp-json/wp/v2/posts/287 HTTP/1.1" 200 12242 "-" "Mozilla/5.0 AppleWebKit/537.36 (KHTML, like Gecko; compatible; ClaudeBot/1.0; +claudebot@anthropic.com)"
198.54.114.83 - - [01/Apr/2025:18:16:05 -0400] "POST /wp-cron.php?doing_wp_cron=1743545764.8527750968933105468750 HTTP/1.1" 200 0 "-" "WordPress/6.7.2; https://baernblog.com"
198.54.114.83 - - [01/Apr/2025:18:16:06 -0400] "POST /wp-admin/admin-ajax.php?action=async_litespeed&nonce=PQaIMAkXCvCgDcbwTZp1RHzkQ3TxMKBN&litespeed_type=imgoptm HTTP/1.1" 200 0 "-" "WordPress/6.7.2; https://baernblog.com"
54.36.148.36 - - [01/Apr/2025:18:16:01 -0400] "GET /crafting-elegance-exploring-italys-iconic-furniture-manufacturers/ HTTP/1.1" 200 10680 "-" "Mozilla/5.0 (compatible; AhrefsBot/7.0; +http://ahrefs.com/robot/)"
198.54.114.83 - - [01/Apr/2025:18:18:12 -0400] "POST /wp-cron.php?doing_wp_cron=1743545891.3216319084167480468750 HTTP/1.1" 200 0 "-" "WordPress/6.7.2; https://baernblog.com"
54.36.148.127 - - [01/Apr/2025:18:18:06 -0400] "GET /understanding-aba-therapy-for-kids-in-dubai/ HTTP/1.1" 200 10627 "-" "Mozilla/5.0 (compatible; AhrefsBot/7.0; +http://ahrefs.com/robot/)"
198.54.114.83 - - [01/Apr/2025:18:18:13 -0400] "POST /wp-admin/admin-ajax.php?action=async_litespeed&nonce=UNwEF1PpiSWZQ9XxEmNaOjytpsyy3SX8&litespeed_type=imgoptm HTTP/1.1" 200 0 "-" "WordPress/6.7.2; https://baernblog.com"
54.156.124.2 - - [01/Apr/2025:18:18:20 -0400] "GET /robots.txt HTTP/1.1" 304 0 "-" "Mozilla/5.0 AppleWebKit/537.36 (KHTML, like Gecko; compatible; Amazonbot/0.1; +https://developer.amazon.com/support/amazonbot) Chrome/119.0.6045.214 Safari/537.36"
198.54.114.83 - - [01/Apr/2025:18:18:24 -0400] "POST /wp-cron.php?doing_wp_cron=1743545903.7688529491424560546875 HTTP/1.1" 200 0 "-" "WordPress/6.7.2; https://baernblog.com"
44.221.180.179 - - [01/Apr/2025:18:18:23 -0400] "GET /personalized-gifts-that-will-keep-on-giving/ HTTP/1.1" 200 11234 "-" "Mozilla/5.0 AppleWebKit/537.36 (KHTML, like Gecko; compatible; Amazonbot/0.1; +https://developer.amazon.com/support/amazonbot) Chrome/119.0.6045.214 Safari/537.36"
3.16.1.87 - - [01/Apr/2025:18:19:15 -0400] "GET /how-pokemon-trading-cards-are-made HTTP/1.1" 301 0 "-" "Mozilla/5.0 AppleWebKit/537.36 (KHTML, like Gecko; compatible; ClaudeBot/1.0; +claudebot@anthropic.com)"
3.16.1.87 - - [01/Apr/2025:18:19:15 -0400] "GET /unveiling-the-thrills-and-controversies-of-online-casinos/feed HTTP/1.1" 301 0 "-" "Mozilla/5.0 AppleWebKit/537.36 (KHTML, like Gecko; compatible; ClaudeBot/1.0; +claudebot@anthropic.com)"
198.54.114.83 - - [01/Apr/2025:18:19:15 -0400] "POST /wp-cron.php?doing_wp_cron=1743545955.6670329570770263671875 HTTP/1.1" 200 0 "-" "WordPress/6.7.2; https://baernblog.com"
3.16.1.87 - - [01/Apr/2025:18:19:15 -0400] "GET /pros-and-cons-of-participating-in-online-quiz-competitions HTTP/1.1" 301 0 "-" "Mozilla/5.0 AppleWebKit/537.36 (KHTML, like Gecko; compatible; ClaudeBot/1.0; +claudebot@anthropic.com)"
3.16.1.87 - - [01/Apr/2025:18:19:15 -0400] "GET /unveiling-the-thrills-and-controversies-of-online-casinos/feed/ HTTP/1.1" 200 423 "https://baernblog.com/unveiling-the-thrills-and-controversies-of-online-casinos/feed" "Mozilla/5.0 AppleWebKit/537.36 (KHTML, like Gecko; compatible; ClaudeBot/1.0; +claudebot@anthropic.com)"
3.16.1.87 - - [01/Apr/2025:18:19:15 -0400] "GET /how-pokemon-trading-cards-are-made/ HTTP/1.1" 200 11120 "https://baernblog.com/how-pokemon-trading-cards-are-made" "Mozilla/5.0 AppleWebKit/537.36 (KHTML, like Gecko; compatible; ClaudeBot/1.0; +claudebot@anthropic.com)"
3.16.1.87 - - [01/Apr/2025:18:19:16 -0400] "GET /pros-and-cons-of-participating-in-online-quiz-competitions/ HTTP/1.1" 200 11009 "https://baernblog.com/pros-and-cons-of-participating-in-online-quiz-competitions" "Mozilla/5.0 AppleWebKit/537.36 (KHTML, like Gecko; compatible; ClaudeBot/1.0; +claudebot@anthropic.com)"
198.54.114.83 - - [01/Apr/2025:18:19:16 -0400] "POST /wp-admin/admin-ajax.php?action=async_litespeed&nonce=DhL86QOBp3acARmd7mS6E5tTOXRlHaWY&litespeed_type=imgoptm HTTP/1.1" 200 5 "-" "WordPress/6.7.2; https://baernblog.com"
198.54.114.83 - - [01/Apr/2025:18:20:16 -0400] "POST /wp-cron.php?doing_wp_cron=1743546015.0392470359802246093750 HTTP/1.1" 200 0 "-" "WordPress/6.7.2; https://baernblog.com"
54.36.148.225 - - [01/Apr/2025:18:20:14 -0400] "GET /enhancing-team-dynamics-with-an-employee-communication-app/ HTTP/1.1" 200 10364 "-" "Mozilla/5.0 (compatible; AhrefsBot/7.0; +http://ahrefs.com/robot/)"
198.54.114.83 - - [01/Apr/2025:18:21:41 -0400] "POST /wp-cron.php?doing_wp_cron=1743546101.3869910240173339843750 HTTP/1.1" 200 0 "-" "WordPress/6.7.2; https://baernblog.com"
198.54.114.83 - - [01/Apr/2025:18:21:42 -0400] "POST /wp-cron.php?doing_wp_cron=1743546101.3901810646057128906250 HTTP/1.1" 200 0 "-" "WordPress/6.7.2; https://baernblog.com"
3.141.29.234 - - [01/Apr/2025:18:21:37 -0400] "GET /une-tradition-ancienne-et-apaisante HTTP/1.1" 301 0 "-" "Mozilla/5.0 AppleWebKit/537.36 (KHTML, like Gecko; compatible; ClaudeBot/1.0; +claudebot@anthropic.com)"
3.141.29.234 - - [01/Apr/2025:18:21:37 -0400] "GET /maximizing-space-in-small-bathroom-renovations HTTP/1.1" 301 0 "-" "Mozilla/5.0 AppleWebKit/537.36 (KHTML, like Gecko; compatible; ClaudeBot/1.0; +claudebot@anthropic.com)"
3.141.29.234 - - [01/Apr/2025:18:21:43 -0400] "GET /une-tradition-ancienne-et-apaisante/ HTTP/1.1" 200 10555 "https://baernblog.com/une-tradition-ancienne-et-apaisante" "Mozilla/5.0 AppleWebKit/537.36 (KHTML, like Gecko; compatible; ClaudeBot/1.0; +claudebot@anthropic.com)"
3.141.29.234 - - [01/Apr/2025:18:21:44 -0400] "GET /maximizing-space-in-small-bathroom-renovations/ HTTP/1.1" 200 10525 "https://baernblog.com/maximizing-space-in-small-bathroom-renovations" "Mozilla/5.0 AppleWebKit/537.36 (KHTML, like Gecko; compatible; ClaudeBot/1.0; +claudebot@anthropic.com)"
198.54.114.83 - - [01/Apr/2025:18:21:44 -0400] "POST /wp-admin/admin-ajax.php?action=async_litespeed&nonce=WdFxp3iFBqzoTJeRWLtn9f7ff3MS5Tny&litespeed_type=imgoptm HTTP/1.1" 200 0 "-" "WordPress/6.7.2; https://baernblog.com"
198.54.114.83 - - [01/Apr/2025:18:22:24 -0400] "POST /wp-cron.php?doing_wp_cron=1743546143.8872270584106445312500 HTTP/1.1" 200 0 "-" "WordPress/6.7.2; https://baernblog.com"
54.36.149.4 - - [01/Apr/2025:18:22:23 -0400] "GET /los-angeles-ppc-marketing/ HTTP/1.1" 200 10311 "-" "Mozilla/5.0 (compatible; AhrefsBot/7.0; +http://ahrefs.com/robot/)"
198.54.114.83 - - [01/Apr/2025:18:22:25 -0400] "POST /wp-admin/admin-ajax.php?action=async_litespeed&nonce=JXzKesNRPWbgQC9kcYAjbAkHmvQ1xgLc&litespeed_type=imgoptm HTTP/1.1" 200 5 "-" "WordPress/6.7.2; https://baernblog.com"
198.54.114.83 - - [01/Apr/2025:18:24:43 -0400] "POST /wp-cron.php?doing_wp_cron=1743546283.1190729141235351562500 HTTP/1.1" 200 0 "-" "WordPress/6.7.2; https://baernblog.com"
198.54.114.83 - - [01/Apr/2025:18:24:45 -0400] "POST /wp-admin/admin-ajax.php?action=async_litespeed&nonce=ZKY2ochzT6pkm7dDi3X3gtdZLNR3kVIW&litespeed_type=imgoptm HTTP/1.1" 200 0 "-" "WordPress/6.7.2; https://baernblog.com"
54.36.148.199 - - [01/Apr/2025:18:24:39 -0400] "GET /la-gourde-personnalisee-lelegance-de-lhydratation-personnalisee/ HTTP/1.1" 200 10583 "-" "Mozilla/5.0 (compatible; AhrefsBot/7.0; +http://ahrefs.com/robot/)"
52.14.165.32 - - [01/Apr/2025:18:25:12 -0400] "GET /chiropractor-near-me HTTP/1.1" 301 0 "-" "Mozilla/5.0 AppleWebKit/537.36 (KHTML, like Gecko; compatible; ClaudeBot/1.0; +claudebot@anthropic.com)"
52.14.165.32 - - [01/Apr/2025:18:25:12 -0400] "GET /how-absorption-rv-refrigerators-work HTTP/1.1" 301 0 "-" "Mozilla/5.0 AppleWebKit/537.36 (KHTML, like Gecko; compatible; ClaudeBot/1.0; +claudebot@anthropic.com)"
198.54.114.83 - - [01/Apr/2025:18:25:15 -0400] "POST /wp-cron.php?doing_wp_cron=1743546313.3440198898315429687500 HTTP/1.1" 200 0 "-" "WordPress/6.7.2; https://baernblog.com"
52.14.165.32 - - [01/Apr/2025:18:25:16 -0400] "GET /chiropractor-near-me/ HTTP/1.1" 200 10071 "https://baernblog.com/chiropractor-near-me" "Mozilla/5.0 AppleWebKit/537.36 (KHTML, like Gecko; compatible; ClaudeBot/1.0; +claudebot@anthropic.com)"
52.14.165.32 - - [01/Apr/2025:18:25:16 -0400] "GET /how-absorption-rv-refrigerators-work/ HTTP/1.1" 200 11043 "https://baernblog.com/how-absorption-rv-refrigerators-work" "Mozilla/5.0 AppleWebKit/537.36 (KHTML, like Gecko; compatible; ClaudeBot/1.0; +claudebot@anthropic.com)"
77.238.237.38 - - [01/Apr/2025:18:26:39 -0400] "GET /effective-aba-therapy-for-kids-in-dubai/ HTTP/1.1" 200 10754 "https://baernblog.com/effective-aba-therapy-for-kids-in-dubai/" "Mozilla/5.0 (Windows NT 10.0; Win64; x64) AppleWebKit/537.36 (KHTML, like Gecko) Chrome/129.0.0.0 Safari/537.36"
47.82.10.91 - - [01/Apr/2025:18:26:43 -0400] "GET /wp-content/themes/ascendoor-news/assets/js/navigation.min.js HTTP/1.1" 200 506 "-" "Mozilla/5.0 (Windows NT 10.0; Win64; x64) AppleWebKit/537.36 (KHTML, like Gecko) Chrome/114.0.0.0 Safari/537.36 Edg/114.0.1823.43"
198.54.114.83 - - [01/Apr/2025:18:26:47 -0400] "POST /wp-cron.php?doing_wp_cron=1743546405.4854209423065185546875 HTTP/1.1" 200 0 "-" "WordPress/6.7.2; https://baernblog.com"
77.238.237.38 - - [01/Apr/2025:18:26:40 -0400] "POST /wp-comments-post.php HTTP/1.1" 302 0 "https://baernblog.com/effective-aba-therapy-for-kids-in-dubai/" "Mozilla/5.0 (Windows NT 10.0; Win64; x64) AppleWebKit/537.36 (KHTML, like Gecko) Chrome/129.0.0.0 Safari/537.36"
77.238.237.38 - - [01/Apr/2025:18:26:51 -0400] "GET /effective-aba-therapy-for-kids-in-dubai/ HTTP/1.1" 200 11367 "https://baernblog.com/effective-aba-therapy-for-kids-in-dubai/#comment-22581" "Mozilla/5.0 (Windows NT 10.0; Win64; x64) AppleWebKit/537.36 (KHTML, like Gecko) Chrome/129.0.0.0 Safari/537.36"
54.36.148.14 - - [01/Apr/2025:18:26:55 -0400] "GET /unlocking-the-potential-why-buying-youtube-views-can-be-beneficial/ HTTP/1.1" 200 10566 "-" "Mozilla/5.0 (compatible; AhrefsBot/7.0; +http://ahrefs.com/robot/)"
47.79.5.178 - - [01/Apr/2025:18:27:19 -0400] "GET /wp-includes/js/jquery/jquery.min.js HTTP/1.1" 200 29744 "-" "Mozilla/5.0 (Windows NT 10.0; Win64; x64) AppleWebKit/537.36 (KHTML, like Gecko) Chrome/114.0.0.0 Safari/537.36 Edg/114.0.1823.43"
2a03:2880:27ff:4:: - - [01/Apr/2025:18:28:47 -0400] "GET /are-the-sports-betting-champ-of-john-morrison-the-best-sports-betting-system/ HTTP/1.1" 200 10806 "-" "meta-externalagent/1.1 (+https://developers.facebook.com/docs/sharing/webmasters/crawler)"
2a03:2880:27ff:1:: - - [01/Apr/2025:18:28:52 -0400] "GET /wp-content/themes/ascendoor-news/assets/js/navigation.min.js?ver=1.0.1 HTTP/1.1" 304 0 "-" "meta-externalagent/1.1 (+https://developers.facebook.com/docs/sharing/webmasters/crawler)"
2a03:2880:27ff:70:: - - [01/Apr/2025:18:28:52 -0400] "GET /wp-includes/js/jquery/jquery.min.js?ver=3.7.1 HTTP/1.1" 304 0 "-" "meta-externalagent/1.1 (+https://developers.facebook.com/docs/sharing/webmasters/crawler)"
2a03:2880:27ff:3:: - - [01/Apr/2025:18:28:52 -0400] "GET /wp-includes/js/jquery/jquery-migrate.min.js?ver=3.4.1 HTTP/1.1" 304 0 "-" "meta-externalagent/1.1 (+https://developers.facebook.com/docs/sharing/webmasters/crawler)"
2a03:2880:27ff:71:: - - [01/Apr/2025:18:28:52 -0400] "GET /wp-content/themes/ascendoor-news/assets/js/slick.min.js?ver=1.8.1 HTTP/1.1" 304 0 "-" "meta-externalagent/1.1 (+https://developers.facebook.com/docs/sharing/webmasters/crawler)"
2a03:2880:27ff:74:: - - [01/Apr/2025:18:28:52 -0400] "GET /wp-content/themes/ascendoor-news/assets/js/jquery.marquee.min.js?ver=1.6.0 HTTP/1.1" 304 0 "-" "meta-externalagent/1.1 (+https://developers.facebook.com/docs/sharing/webmasters/crawler)"
2a03:2880:27ff:7:: - - [01/Apr/2025:18:28:52 -0400] "GET /wp-content/themes/ascendoor-news/assets/js/custom.min.js?ver=1.0.1 HTTP/1.1" 304 0 "-" "meta-externalagent/1.1 (+https://developers.facebook.com/docs/sharing/webmasters/crawler)"
2a03:2880:27ff:71:: - - [01/Apr/2025:18:28:55 -0400] "GET /wp-includes/js/comment-reply.min.js?ver=6.7.2 HTTP/1.1" 304 0 "-" "meta-externalagent/1.1 (+https://developers.facebook.com/docs/sharing/webmasters/crawler)"
2a03:2880:27ff:74:: - - [01/Apr/2025:18:28:55 -0400] "GET /wp-includes/js/wp-emoji-release.min.js?ver=6.7.2 HTTP/1.1" 304 0 "-" "meta-externalagent/1.1 (+https://developers.facebook.com/docs/sharing/webmasters/crawler)"
46.3.36.115 - - [01/Apr/2025:18:30:05 -0400] "GET /the-benefits-of-managed-investing/ HTTP/1.1" 200 10958 "https://baernblog.com/the-benefits-of-managed-investing/#comment-22334" "Mozilla/5.0 (Windows NT 10.0; Win64; x64) AppleWebKit/537.36 (KHTML, like Gecko) Chrome/130.0.0.0 Safari/537.36 CCleaner/130.0.0.0"
13.59.182.74 - - [01/Apr/2025:18:30:05 -0400] "GET /sophia-regency-showflat-a-glimpse-into-modern-luxury HTTP/1.1" 301 0 "-" "Mozilla/5.0 AppleWebKit/537.36 (KHTML, like Gecko; compatible; ClaudeBot/1.0; +claudebot@anthropic.com)"
198.54.114.83 - - [01/Apr/2025:18:30:11 -0400] "POST /wp-cron.php?doing_wp_cron=1743546609.5497760772705078125000 HTTP/1.1" 200 0 "-" "WordPress/6.7.2; https://baernblog.com"
198.54.114.83 - - [01/Apr/2025:18:30:11 -0400] "POST /wp-cron.php?doing_wp_cron=1743546609.5477910041809082031250 HTTP/1.1" 200 0 "-" "WordPress/6.7.2; https://baernblog.com"
46.3.36.115 - - [01/Apr/2025:18:30:07 -0400] "POST /wp-comments-post.php HTTP/1.1" 302 0 "https://baernblog.com/the-benefits-of-managed-investing/#comment-22334" "Mozilla/5.0 (Windows NT 10.0; Win64; x64) AppleWebKit/537.36 (KHTML, like Gecko) Chrome/130.0.0.0 Safari/537.36 CCleaner/130.0.0.0"
13.59.182.74 - - [01/Apr/2025:18:30:13 -0400] "GET /sophia-regency-showflat-a-glimpse-into-modern-luxury/ HTTP/1.1" 200 11072 "https://baernblog.com/sophia-regency-showflat-a-glimpse-into-modern-luxury" "Mozilla/5.0 AppleWebKit/537.36 (KHTML, like Gecko; compatible; ClaudeBot/1.0; +claudebot@anthropic.com)"
46.3.36.115 - - [01/Apr/2025:18:30:14 -0400] "GET /the-benefits-of-managed-investing/ HTTP/1.1" 200 12063 "https://baernblog.com/the-benefits-of-managed-investing/#comment-22582" "Mozilla/5.0 (Windows NT 10.0; Win64; x64) AppleWebKit/537.36 (KHTML, like Gecko) Chrome/130.0.0.0 Safari/537.36 CCleaner/130.0.0.0"
198.54.114.83 - - [01/Apr/2025:18:31:20 -0400] "POST /wp-cron.php?doing_wp_cron=1743546679.7896280288696289062500 HTTP/1.1" 200 0 "-" "WordPress/6.7.2; https://baernblog.com"
54.36.148.246 - - [01/Apr/2025:18:31:19 -0400] "GET /a-colorful-gaming-experience/ HTTP/1.1" 200 10398 "-" "Mozilla/5.0 (compatible; AhrefsBot/7.0; +http://ahrefs.com/robot/)"
198.54.114.83 - - [01/Apr/2025:18:31:21 -0400] "POST /wp-admin/admin-ajax.php?action=async_litespeed&nonce=k5IfiCb5u7eiuN0Q2LIr2VwKM8fKjkLh&litespeed_type=imgoptm HTTP/1.1" 200 0 "-" "WordPress/6.7.2; https://baernblog.com"
47.82.10.216 - - [01/Apr/2025:18:31:50 -0400] "GET /wp-content/themes/ascendoor-news/assets/js/custom.min.js HTTP/1.1" 200 1251 "-" "Mozilla/5.0 (Windows NT 10.0; Win64; x64) AppleWebKit/537.36 (KHTML, like Gecko) Chrome/114.0.0.0 Safari/537.36 Edg/114.0.1823.43"
3.23.85.24 - - [01/Apr/2025:18:32:32 -0400] "GET /robots.txt HTTP/1.1" 304 0 "-" "Mozilla/5.0 AppleWebKit/537.36 (KHTML, like Gecko; compatible; ClaudeBot/1.0; +claudebot@anthropic.com)"
198.54.114.83 - - [01/Apr/2025:18:32:34 -0400] "POST /wp-cron.php?doing_wp_cron=1743546754.4542899131774902343750 HTTP/1.1" 200 0 "-" "WordPress/6.7.2; https://baernblog.com"
198.54.114.83 - - [01/Apr/2025:18:32:34 -0400] "POST /wp-cron.php?doing_wp_cron=1743546754.4525980949401855468750 HTTP/1.1" 200 0 "-" "WordPress/6.7.2; https://baernblog.com"
3.23.85.24 - - [01/Apr/2025:18:32:34 -0400] "GET /a-modern-entertainment-frontier/feed HTTP/1.1" 301 0 "-" "Mozilla/5.0 AppleWebKit/537.36 (KHTML, like Gecko; compatible; ClaudeBot/1.0; +claudebot@anthropic.com)"
3.23.85.24 - - [01/Apr/2025:18:32:34 -0400] "GET /un-moment-de-convivialite-professionnelle HTTP/1.1" 301 0 "-" "Mozilla/5.0 AppleWebKit/537.36 (KHTML, like Gecko; compatible; ClaudeBot/1.0; +claudebot@anthropic.com)"
3.23.85.24 - - [01/Apr/2025:18:32:35 -0400] "GET /un-moment-de-convivialite-professionnelle/ HTTP/1.1" 200 10524 "https://baernblog.com/un-moment-de-convivialite-professionnelle" "Mozilla/5.0 AppleWebKit/537.36 (KHTML, like Gecko; compatible; ClaudeBot/1.0; +claudebot@anthropic.com)"
3.23.85.24 - - [01/Apr/2025:18:32:34 -0400] "GET /pull-poncho-cachemire-femme HTTP/1.1" 301 0 "-" "Mozilla/5.0 AppleWebKit/537.36 (KHTML, like Gecko; compatible; ClaudeBot/1.0; +claudebot@anthropic.com)"
3.23.85.24 - - [01/Apr/2025:18:32:35 -0400] "GET /pull-poncho-cachemire-femme/ HTTP/1.1" 200 10167 "https://baernblog.com/pull-poncho-cachemire-femme" "Mozilla/5.0 AppleWebKit/537.36 (KHTML, like Gecko; compatible; ClaudeBot/1.0; +claudebot@anthropic.com)"
3.23.85.24 - - [01/Apr/2025:18:32:34 -0400] "GET /wp-json/wp/v2/posts/2266 HTTP/1.1" 200 10478 "-" "Mozilla/5.0 AppleWebKit/537.36 (KHTML, like Gecko; compatible; ClaudeBot/1.0; +claudebot@anthropic.com)"
198.54.114.83 - - [01/Apr/2025:18:32:35 -0400] "POST /wp-admin/admin-ajax.php?action=async_litespeed&nonce=LvT6h7BGWdOHrUDI2Ml6YmutGUFF0rQX&litespeed_type=imgoptm HTTP/1.1" 200 5 "-" "WordPress/6.7.2; https://baernblog.com"
3.23.85.24 - - [01/Apr/2025:18:32:35 -0400] "GET /a-modern-entertainment-frontier/feed/ HTTP/1.1" 200 383 "https://baernblog.com/a-modern-entertainment-frontier/feed" "Mozilla/5.0 AppleWebKit/537.36 (KHTML, like Gecko; compatible; ClaudeBot/1.0; +claudebot@anthropic.com)"
198.54.114.83 - - [01/Apr/2025:18:33:06 -0400] "POST /wp-admin/admin-ajax.php?action=async_litespeed&nonce=hS65YmAHZCI70wx2XsTkLl3qstcGewtd&litespeed_type=imgoptm HTTP/1.1" 200 0 "-" "WordPress/6.7.2; https://baernblog.com"
198.54.114.83 - - [01/Apr/2025:18:33:50 -0400] "POST /wp-cron.php?doing_wp_cron=1743546829.3039889335632324218750 HTTP/1.1" 200 0 "-" "WordPress/6.7.2; https://baernblog.com"
54.36.149.57 - - [01/Apr/2025:18:33:48 -0400] "GET /choosing-the-right-portable-fire-fighting-pump/ HTTP/1.1" 200 10804 "-" "Mozilla/5.0 (compatible; AhrefsBot/7.0; +http://ahrefs.com/robot/)"
47.82.10.202 - - [01/Apr/2025:18:34:54 -0400] "GET /wp-content/themes/ascendoor-news/assets/js/slick.min.js HTTP/1.1" 200 10126 "-" "Mozilla/5.0 (Windows NT 10.0; Win64; x64) AppleWebKit/537.36 (KHTML, like Gecko) Chrome/114.0.0.0 Safari/537.36 Edg/114.0.1823.43"
198.54.114.83 - - [01/Apr/2025:18:35:03 -0400] "POST /wp-cron.php?doing_wp_cron=1743546902.3264949321746826171875 HTTP/1.1" 200 0 "-" "WordPress/6.7.2; https://baernblog.com"
3.145.60.120 - - [01/Apr/2025:18:35:01 -0400] "GET /buy-youtube-views-cheaply HTTP/1.1" 301 0 "-" "Mozilla/5.0 AppleWebKit/537.36 (KHTML, like Gecko; compatible; ClaudeBot/1.0; +claudebot@anthropic.com)"
3.145.60.120 - - [01/Apr/2025:18:35:04 -0400] "GET /buy-youtube-views-cheaply/ HTTP/1.1" 200 10461 "https://baernblog.com/buy-youtube-views-cheaply" "Mozilla/5.0 AppleWebKit/537.36 (KHTML, like Gecko; compatible; ClaudeBot/1.0; +claudebot@anthropic.com)"
198.54.114.83 - - [01/Apr/2025:18:35:06 -0400] "POST /wp-admin/admin-ajax.php?action=async_litespeed&nonce=8APEAdHZJmuSsx3bIGSqXcZnPN4lJp7b&litespeed_type=imgoptm HTTP/1.1" 200 0 "-" "WordPress/6.7.2; https://baernblog.com"
198.54.114.83 - - [01/Apr/2025:18:36:14 -0400] "POST /wp-cron.php?doing_wp_cron=1743546973.8602409362792968750000 HTTP/1.1" 200 0 "-" "WordPress/6.7.2; https://baernblog.com"
54.36.149.46 - - [01/Apr/2025:18:36:12 -0400] "GET /enthullung-der-juristischen-koryphae-rechtsanwalt-hattingen/ HTTP/1.1" 200 11276 "-" "Mozilla/5.0 (compatible; AhrefsBot/7.0; +http://ahrefs.com/robot/)"
198.54.114.83 - - [01/Apr/2025:18:36:15 -0400] "POST /wp-admin/admin-ajax.php?action=async_litespeed&nonce=FERspL2ATKsVv1I4FCsrujuAquP7sNI6&litespeed_type=imgoptm HTTP/1.1" 200 0 "-" "WordPress/6.7.2; https://baernblog.com"
47.82.9.57 - - [01/Apr/2025:18:37:11 -0400] "GET /wp-includes/js/jquery/jquery-migrate.min.js HTTP/1.1" 200 4678 "-" "Mozilla/5.0 (Windows NT 10.0; Win64; x64) AppleWebKit/537.36 (KHTML, like Gecko) Chrome/114.0.0.0 Safari/537.36 Edg/114.0.1823.43"
198.54.114.83 - - [01/Apr/2025:18:38:30 -0400] "POST /wp-cron.php?doing_wp_cron=1743547109.4581799507141113281250 HTTP/1.1" 200 0 "-" "WordPress/6.7.2; https://baernblog.com"
54.36.148.93 - - [01/Apr/2025:18:38:24 -0400] "GET /innovation-in-adhesion-the-double-sided-tape-manufacturer-2/ HTTP/1.1" 200 10503 "-" "Mozilla/5.0 (compatible; AhrefsBot/7.0; +http://ahrefs.com/robot/)"
198.54.114.83 - - [01/Apr/2025:18:38:32 -0400] "POST /wp-admin/admin-ajax.php?action=async_litespeed&nonce=xXnyqnU702rjn2VwAW4Eo2PNqQBLrE20&litespeed_type=imgoptm HTTP/1.1" 200 0 "-" "WordPress/6.7.2; https://baernblog.com"
8.210.75.120 - - [01/Apr/2025:18:39:59 -0400] "HEAD /page/2 HTTP/1.1" 301 0 "-" "Mozilla/5.0 (Windows NT 6.3; Win64; x64) AppleWebKit/537.36 (KHTML, like Gecko) Chrome/61.0.3160.44 Safari/537.36"
8.210.75.120 - - [01/Apr/2025:18:39:59 -0400] "HEAD /page/2/ HTTP/1.1" 200 0 "-" "Mozilla/5.0 (Windows NT 6.3; Win64; x64) AppleWebKit/537.36 (KHTML, like Gecko) Chrome/61.0.3160.44 Safari/537.36"
8.210.75.120 - - [01/Apr/2025:18:39:59 -0400] "GET /page/2 HTTP/1.1" 301 0 "-" "Mozilla/5.0 (Windows NT 6.3; Win64; x64) AppleWebKit/537.36 (KHTML, like Gecko) Chrome/61.0.3160.44 Safari/537.36"
8.210.75.120 - - [01/Apr/2025:18:40:00 -0400] "GET /page/2/ HTTP/1.1" 200 9615 "-" "Mozilla/5.0 (Windows NT 6.3; Win64; x64) AppleWebKit/537.36 (KHTML, like Gecko) Chrome/61.0.3160.44 Safari/537.36"
198.54.114.83 - - [01/Apr/2025:18:40:40 -0400] "POST /wp-cron.php?doing_wp_cron=1743547239.6760020256042480468750 HTTP/1.1" 200 0 "-" "WordPress/6.7.2; https://baernblog.com"
54.36.148.178 - - [01/Apr/2025:18:40:37 -0400] "GET /mattar-residences-why-would-so-many-big-companies-agree-to-work-together/ HTTP/1.1" 200 10764 "-" "Mozilla/5.0 (compatible; AhrefsBot/7.0; +http://ahrefs.com/robot/)"
198.54.114.83 - - [01/Apr/2025:18:40:41 -0400] "POST /wp-admin/admin-ajax.php?action=async_litespeed&nonce=vP5mioRSvX8d7yfwm7kvuMOCSzNYCxIi&litespeed_type=imgoptm HTTP/1.1" 200 0 "-" "WordPress/6.7.2; https://baernblog.com"
47.243.89.37 - - [01/Apr/2025:18:42:07 -0400] "HEAD /category/activity HTTP/1.1" 301 0 "-" "Mozilla/5.0 (Windows NT 6.3; Win64; x64) AppleWebKit/537.36 (KHTML, like Gecko) Chrome/76.0.3685.131 Safari/537.36"
47.243.89.37 - - [01/Apr/2025:18:42:08 -0400] "HEAD /category/activity/ HTTP/1.1" 200 0 "-" "Mozilla/5.0 (Windows NT 6.3; Win64; x64) AppleWebKit/537.36 (KHTML, like Gecko) Chrome/76.0.3685.131 Safari/537.36"
47.243.89.37 - - [01/Apr/2025:18:42:09 -0400] "GET /category/activity HTTP/1.1" 301 0 "-" "Mozilla/5.0 (Windows NT 6.3; Win64; x64) AppleWebKit/537.36 (KHTML, like Gecko) Chrome/76.0.3685.131 Safari/537.36"
47.243.89.37 - - [01/Apr/2025:18:42:09 -0400] "GET /category/activity/ HTTP/1.1" 200 9470 "-" "Mozilla/5.0 (Windows NT 6.3; Win64; x64) AppleWebKit/537.36 (KHTML, like Gecko) Chrome/76.0.3685.131 Safari/537.36"
54.36.148.233 - - [01/Apr/2025:18:42:54 -0400] "GET /aerospace-polymer-sealants/ HTTP/1.1" 200 11570 "-" "Mozilla/5.0 (compatible; AhrefsBot/7.0; +http://ahrefs.com/robot/)"
198.54.114.83 - - [01/Apr/2025:18:43:06 -0400] "POST /wp-admin/admin-ajax.php?action=async_litespeed&nonce=4RQ00tElKo6uqj7ACr9oliEhkJfc9B8n&litespeed_type=imgoptm HTTP/1.1" 200 0 "-" "WordPress/6.7.2; https://baernblog.com"
3.137.178.51 - - [01/Apr/2025:18:44:50 -0400] "GET /how-to-install-handmade-tile-backsplashes HTTP/1.1" 301 0 "-" "Mozilla/5.0 AppleWebKit/537.36 (KHTML, like Gecko; compatible; ClaudeBot/1.0; +claudebot@anthropic.com)"
198.54.114.83 - - [01/Apr/2025:18:44:52 -0400] "POST /wp-cron.php?doing_wp_cron=1743547492.1448130607604980468750 HTTP/1.1" 200 0 "-" "WordPress/6.7.2; https://baernblog.com"
3.137.178.51 - - [01/Apr/2025:18:44:52 -0400] "GET /how-to-install-handmade-tile-backsplashes/ HTTP/1.1" 200 11102 "https://baernblog.com/how-to-install-handmade-tile-backsplashes" "Mozilla/5.0 AppleWebKit/537.36 (KHTML, like Gecko; compatible; ClaudeBot/1.0; +claudebot@anthropic.com)"
3.137.178.51 - - [01/Apr/2025:18:44:50 -0400] "GET /osteopathy-services-in-dubai HTTP/1.1" 301 0 "-" "Mozilla/5.0 AppleWebKit/537.36 (KHTML, like Gecko; compatible; ClaudeBot/1.0; +claudebot@anthropic.com)"
3.137.178.51 - - [01/Apr/2025:18:44:53 -0400] "GET /osteopathy-services-in-dubai/ HTTP/1.1" 200 10632 "https://baernblog.com/osteopathy-services-in-dubai" "Mozilla/5.0 AppleWebKit/537.36 (KHTML, like Gecko; compatible; ClaudeBot/1.0; +claudebot@anthropic.com)"
198.54.114.83 - - [01/Apr/2025:18:44:53 -0400] "POST /wp-admin/admin-ajax.php?action=async_litespeed&nonce=yKQI6qXGffuIyeMNjfrTt6K7gsvUHFz5&litespeed_type=imgoptm HTTP/1.1" 200 0 "-" "WordPress/6.7.2; https://baernblog.com"
47.82.10.194 - - [01/Apr/2025:18:45:17 -0400] "GET /wp-content/themes/ascendoor-news/assets/js/jquery.marquee.min.js HTTP/1.1" 200 2160 "-" "Mozilla/5.0 (Windows NT 10.0; Win64; x64) AppleWebKit/537.36 (KHTML, like Gecko) Chrome/114.0.0.0 Safari/537.36 Edg/114.0.1823.43"
198.54.114.83 - - [01/Apr/2025:18:45:22 -0400] "POST /wp-cron.php?doing_wp_cron=1743547521.7639610767364501953125 HTTP/1.1" 200 0 "-" "WordPress/6.7.2; https://baernblog.com"
54.36.148.122 - - [01/Apr/2025:18:45:21 -0400] "GET /category/about-us/feed/ HTTP/1.1" 200 420 "-" "Mozilla/5.0 (compatible; AhrefsBot/7.0; +http://ahrefs.com/robot/)"
198.54.114.83 - - [01/Apr/2025:18:45:23 -0400] "POST /wp-admin/admin-ajax.php?action=async_litespeed&nonce=jjGFAgEmOCTGlWsIkjZMm9OdKLUxmhTs&litespeed_type=imgoptm HTTP/1.1" 200 5 "-" "WordPress/6.7.2; https://baernblog.com"
198.54.114.83 - - [01/Apr/2025:18:47:14 -0400] "POST /wp-cron.php?doing_wp_cron=1743547634.0759658813476562500000 HTTP/1.1" 200 0 "-" "WordPress/6.7.2; https://baernblog.com"
3.131.37.237 - - [01/Apr/2025:18:47:11 -0400] "GET /wp-json/wp/v2/posts/2081 HTTP/1.1" 200 10939 "-" "Mozilla/5.0 AppleWebKit/537.36 (KHTML, like Gecko; compatible; ClaudeBot/1.0; +claudebot@anthropic.com)"
198.54.114.83 - - [01/Apr/2025:18:47:15 -0400] "POST /wp-admin/admin-ajax.php?action=async_litespeed&nonce=iUyNcFMJfwAV2xYSfGCrHKeSmMP3dZD4&litespeed_type=imgoptm HTTP/1.1" 200 0 "-" "WordPress/6.7.2; https://baernblog.com"
198.54.114.83 - - [01/Apr/2025:18:47:45 -0400] "POST /wp-cron.php?doing_wp_cron=1743547665.2745740413665771484375 HTTP/1.1" 200 0 "-" "WordPress/6.7.2; https://baernblog.com"
54.36.148.0 - - [01/Apr/2025:18:47:44 -0400] "GET /the-best-soccer-grip-socks-2/ HTTP/1.1" 200 10483 "-" "Mozilla/5.0 (compatible; AhrefsBot/7.0; +http://ahrefs.com/robot/)"
198.54.114.83 - - [01/Apr/2025:18:50:28 -0400] "POST /wp-cron.php?doing_wp_cron=1743547827.7835049629211425781250 HTTP/1.1" 200 0 "-" "WordPress/6.7.2; https://baernblog.com"
54.36.148.117 - - [01/Apr/2025:18:50:24 -0400] "GET /unveiling-the-game-changer-the-science-behind-football-socks-grip/ HTTP/1.1" 200 10991 "-" "Mozilla/5.0 (compatible; AhrefsBot/7.0; +http://ahrefs.com/robot/)"
198.54.114.83 - - [01/Apr/2025:18:50:29 -0400] "POST /wp-admin/admin-ajax.php?action=async_litespeed&nonce=zH9zvZhNpJk6efx9JqKtZiPzZnAuZ6Oe&litespeed_type=imgoptm HTTP/1.1" 200 0 "-" "WordPress/6.7.2; https://baernblog.com"
198.54.114.83 - - [01/Apr/2025:18:52:42 -0400] "POST /wp-cron.php?doing_wp_cron=1743547961.6934459209442138671875 HTTP/1.1" 200 0 "-" "WordPress/6.7.2; https://baernblog.com"
54.36.148.169 - - [01/Apr/2025:18:52:36 -0400] "GET /muheloser-umzug-mit-dem-umzugsunternehmen-buchholz-in-der-nordheide/ HTTP/1.1" 200 11219 "-" "Mozilla/5.0 (compatible; AhrefsBot/7.0; +http://ahrefs.com/robot/)"
198.54.114.83 - - [01/Apr/2025:18:52:42 -0400] "POST /wp-admin/admin-ajax.php?action=async_litespeed&nonce=day60wR94q3F5VqkJ7gWIi16GPuCpKDe&litespeed_type=imgoptm HTTP/1.1" 200 0 "-" "WordPress/6.7.2; https://baernblog.com"
44.208.223.68 - - [01/Apr/2025:18:54:07 -0400] "GET /cozy-toes-delight-unveiling-the-world-of-custom-fuzzy-socks/ HTTP/1.1" 200 11175 "-" "Mozilla/5.0 AppleWebKit/537.36 (KHTML, like Gecko; compatible; Amazonbot/0.1; +https://developer.amazon.com/support/amazonbot) Chrome/119.0.6045.214 Safari/537.36"
198.54.114.83 - - [01/Apr/2025:18:54:57 -0400] "POST /wp-cron.php?doing_wp_cron=1743548096.8819971084594726562500 HTTP/1.1" 200 0 "-" "WordPress/6.7.2; https://baernblog.com"
198.54.114.83 - - [01/Apr/2025:18:54:58 -0400] "POST /wp-admin/admin-ajax.php?action=async_litespeed&nonce=pC6hAABqNcfSp2S3OUKebIJyzkkFa8A5&litespeed_type=imgoptm HTTP/1.1" 200 5 "-" "WordPress/6.7.2; https://baernblog.com"
54.36.148.4 - - [01/Apr/2025:18:54:53 -0400] "GET /auto-cold-drawing-machine/ HTTP/1.1" 200 10134 "-" "Mozilla/5.0 (compatible; AhrefsBot/7.0; +http://ahrefs.com/robot/)"
198.54.114.83 - - [01/Apr/2025:18:57:12 -0400] "POST /wp-cron.php?doing_wp_cron=1743548232.4410450458526611328125 HTTP/1.1" 200 0 "-" "WordPress/6.7.2; https://baernblog.com"
54.36.148.185 - - [01/Apr/2025:18:57:10 -0400] "GET /category/sign-in/feed/ HTTP/1.1" 200 421 "-" "Mozilla/5.0 (compatible; AhrefsBot/7.0; +http://ahrefs.com/robot/)"
198.54.114.83 - - [01/Apr/2025:18:57:13 -0400] "POST /wp-admin/admin-ajax.php?action=async_litespeed&nonce=3WDeLUDfdLMO8KENAqie9OZ7eEvXGnA0&litespeed_type=imgoptm HTTP/1.1" 200 5 "-" "WordPress/6.7.2; https://baernblog.com"
198.54.114.83 - - [01/Apr/2025:18:59:38 -0400] "POST /wp-cron.php?doing_wp_cron=1743548378.5813989639282226562500 HTTP/1.1" 200 0 "-" "WordPress/6.7.2; https://baernblog.com"
54.36.148.205 - - [01/Apr/2025:18:59:36 -0400] "GET /navigating-free-employment-law-advice-essential-guidance-for-employers-and-employees/ HTTP/1.1" 200 10685 "-" "Mozilla/5.0 (compatible; AhrefsBot/7.0; +http://ahrefs.com/robot/)"
198.54.114.83 - - [01/Apr/2025:18:59:39 -0400] "POST /wp-admin/admin-ajax.php?action=async_litespeed&nonce=6NOPGWjT8tZFKPpLcLBndk4DmZb5Zm59&litespeed_type=imgoptm HTTP/1.1" 200 5 "-" "WordPress/6.7.2; https://baernblog.com"
198.54.114.83 - - [01/Apr/2025:19:01:58 -0400] "POST /wp-cron.php?doing_wp_cron=1743548517.8504049777984619140625 HTTP/1.1" 200 0 "-" "WordPress/6.7.2; https://baernblog.com"
54.36.148.15 - - [01/Apr/2025:19:01:55 -0400] "GET /choosing-a-portable-fire-pump/ HTTP/1.1" 200 10461 "-" "Mozilla/5.0 (compatible; AhrefsBot/7.0; +http://ahrefs.com/robot/)"
198.54.114.83 - - [01/Apr/2025:19:01:58 -0400] "POST /wp-admin/admin-ajax.php?action=async_litespeed&nonce=Teo5T3x9rH2ha8N5IImQGa1sccCMDx4f&litespeed_type=imgoptm HTTP/1.1" 200 5 "-" "WordPress/6.7.2; https://baernblog.com"
198.54.114.83 - - [01/Apr/2025:19:04:11 -0400] "POST /wp-cron.php?doing_wp_cron=1743548650.8244409561157226562500 HTTP/1.1" 200 0 "-" "WordPress/6.7.2; https://baernblog.com"
54.36.148.172 - - [01/Apr/2025:19:04:08 -0400] "GET /navigating-cosmetic-facility-registration/ HTTP/1.1" 200 10495 "-" "Mozilla/5.0 (compatible; AhrefsBot/7.0; +http://ahrefs.com/robot/)"
198.54.114.83 - - [01/Apr/2025:19:04:12 -0400] "POST /wp-admin/admin-ajax.php?action=async_litespeed&nonce=dGgypzeSoxb3yY3xPuHoyDrULjBu4lKF&litespeed_type=imgoptm HTTP/1.1" 200 0 "-" "WordPress/6.7.2; https://baernblog.com"
185.21.14.193 - - [01/Apr/2025:19:06:03 -0400] "GET / HTTP/1.1" 200 77939 "-" "Mozilla/5.0 (Macintosh; Intel Mac OS X 10_15_7) AppleWebKit/537.36 (KHTML, like Gecko) Chrome/133.0.0.0 Safari/537.36"
185.21.14.193 - - [01/Apr/2025:19:06:07 -0400] "GET / HTTP/1.1" 200 77939 "-" "Mozilla/5.0 (Macintosh; Intel Mac OS X 10_15_7) AppleWebKit/537.36 (KHTML, like Gecko) Chrome/133.0.0.0 Safari/537.36"
198.54.114.83 - - [01/Apr/2025:19:06:29 -0400] "POST /wp-cron.php?doing_wp_cron=1743548789.1227610111236572265625 HTTP/1.1" 200 0 "-" "WordPress/6.7.2; https://baernblog.com"
54.36.148.159 - - [01/Apr/2025:19:06:26 -0400] "GET /under-bench-water-chillers/ HTTP/1.1" 200 10410 "-" "Mozilla/5.0 (compatible; AhrefsBot/7.0; +http://ahrefs.com/robot/)"
198.54.114.83 - - [01/Apr/2025:19:06:32 -0400] "POST /wp-admin/admin-ajax.php?action=async_litespeed&nonce=LdJqhY5LZEPxeRhs0fnzvr0032H66IzD&litespeed_type=imgoptm HTTP/1.1" 200 0 "-" "WordPress/6.7.2; https://baernblog.com"
198.54.114.83 - - [01/Apr/2025:19:07:07 -0400] "POST /wp-admin/admin-ajax.php?action=async_litespeed&nonce=7OpqvFxly61tgbVXOWan3N8AGIZSeBbB&litespeed_type=imgoptm HTTP/1.1" 200 0 "-" "WordPress/6.7.2; https://baernblog.com"
185.21.14.193 - - [01/Apr/2025:19:07:14 -0400] "GET /shop-motorcycle-exterior-accessories/ HTTP/1.1" 404 5943 "-" "Mozilla/5.0 (Macintosh; Intel Mac OS X 10_15_7) AppleWebKit/537.36 (KHTML, like Gecko) Chrome/133.0.0.0 Safari/537.36"
185.21.14.193 - - [01/Apr/2025:19:07:16 -0400] "GET /shop-motorcycle-exterior-accessories/?page=2 HTTP/1.1" 404 5942 "-" "Mozilla/5.0 (Macintosh; Intel Mac OS X 10_15_7) AppleWebKit/537.36 (KHTML, like Gecko) Chrome/133.0.0.0 Safari/537.36"
198.54.114.83 - - [01/Apr/2025:19:07:25 -0400] "POST /wp-cron.php?doing_wp_cron=1743548845.6108469963073730468750 HTTP/1.1" 200 0 "-" "WordPress/6.7.2; https://baernblog.com"
139.59.100.51 - - [01/Apr/2025:19:07:25 -0400] "GET /wp-content/plugins/WordPressCore/include.php HTTP/1.1" 404 5942 "-" "Mozlila/5.0 (Linux; Android 7.0; SM-G892A Build/NRD90M; wv) AppleWebKit/537.36 (KHTML, like Gecko) Version/4.0 Chrome/60.0.3112.107 Mobile Safari/537.36"
139.59.100.51 - - [01/Apr/2025:19:07:27 -0400] "GET /wp-content/plugins/WordPressCore/include.php HTTP/1.1" 404 5942 "-" "Mozlila/5.0 (Linux; Android 7.0; SM-G892A Build/NRD90M; wv) AppleWebKit/537.36 (KHTML, like Gecko) Version/4.0 Chrome/60.0.3112.107 Mobile Safari/537.36"
139.59.100.51 - - [01/Apr/2025:19:07:36 -0400] "GET /wp-content/themes/include.php HTTP/1.1" 404 5942 "-" "Mozlila/5.0 (Linux; Android 7.0; SM-G892A Build/NRD90M; wv) AppleWebKit/537.36 (KHTML, like Gecko) Version/4.0 Chrome/60.0.3112.107 Mobile Safari/537.36"
139.59.100.51 - - [01/Apr/2025:19:07:37 -0400] "GET /wp-content/themes/include.php HTTP/1.1" 404 5942 "-" "Mozlila/5.0 (Linux; Android 7.0; SM-G892A Build/NRD90M; wv) AppleWebKit/537.36 (KHTML, like Gecko) Version/4.0 Chrome/60.0.3112.107 Mobile Safari/537.36"
198.54.114.83 - - [01/Apr/2025:19:08:29 -0400] "POST /wp-cron.php?doing_wp_cron=1743548909.3090000152587890625000 HTTP/1.1" 200 0 "-" "WordPress/6.7.2; https://baernblog.com"
54.36.148.112 - - [01/Apr/2025:19:08:28 -0400] "GET /reputation-management-for-small-business/ HTTP/1.1" 200 10055 "-" "Mozilla/5.0 (compatible; AhrefsBot/7.0; +http://ahrefs.com/robot/)"
198.54.114.83 - - [01/Apr/2025:19:08:30 -0400] "POST /wp-admin/admin-ajax.php?action=async_litespeed&nonce=L8cIDjvV50shevKIKKCRsXz7XMy6EFwB&litespeed_type=imgoptm HTTP/1.1" 200 5 "-" "WordPress/6.7.2; https://baernblog.com"
139.59.100.51 - - [01/Apr/2025:19:08:51 -0400] "GET /wp-content/plugins/include.php HTTP/1.1" 404 5943 "-" "Mozlila/5.0 (Linux; Android 7.0; SM-G892A Build/NRD90M; wv) AppleWebKit/537.36 (KHTML, like Gecko) Version/4.0 Chrome/60.0.3112.107 Mobile Safari/537.36"
139.59.100.51 - - [01/Apr/2025:19:08:52 -0400] "GET /wp-content/plugins/include.php HTTP/1.1" 404 5943 "-" "Mozlila/5.0 (Linux; Android 7.0; SM-G892A Build/NRD90M; wv) AppleWebKit/537.36 (KHTML, like Gecko) Version/4.0 Chrome/60.0.3112.107 Mobile Safari/537.36"
198.54.114.83 - - [01/Apr/2025:19:09:10 -0400] "POST /wp-cron.php?doing_wp_cron=1743548949.8636419773101806640625 HTTP/1.1" 200 0 "-" "WordPress/6.7.2; https://baernblog.com"
139.59.100.51 - - [01/Apr/2025:19:09:09 -0400] "GET /wp-content/plugins/core-plugin/include.php HTTP/1.1" 404 5943 "-" "Mozlila/5.0 (Linux; Android 7.0; SM-G892A Build/NRD90M; wv) AppleWebKit/537.36 (KHTML, like Gecko) Version/4.0 Chrome/60.0.3112.107 Mobile Safari/537.36"
198.54.114.83 - - [01/Apr/2025:19:09:12 -0400] "POST /wp-admin/admin-ajax.php?action=async_litespeed&nonce=b85Yu1GEsNSUbegp5vFpRQS5FS3xDHiQ&litespeed_type=imgoptm HTTP/1.1" 200 0 "-" "WordPress/6.7.2; https://baernblog.com"
139.59.100.51 - - [01/Apr/2025:19:09:13 -0400] "GET /wp-content/plugins/core-plugin/include.php HTTP/1.1" 404 5943 "-" "Mozlila/5.0 (Linux; Android 7.0; SM-G892A Build/NRD90M; wv) AppleWebKit/537.36 (KHTML, like Gecko) Version/4.0 Chrome/60.0.3112.107 Mobile Safari/537.36"
198.54.114.83 - - [01/Apr/2025:19:09:24 -0400] "POST /wp-cron.php?doing_wp_cron=1743548962.6328349113464355468750 HTTP/1.1" 200 0 "-" "WordPress/6.7.2; https://baernblog.com"
139.59.100.51 - - [01/Apr/2025:19:09:22 -0400] "GET /wp-includes/images/include.php HTTP/1.1" 404 5943 "-" "Mozlila/5.0 (Linux; Android 7.0; SM-G892A Build/NRD90M; wv) AppleWebKit/537.36 (KHTML, like Gecko) Version/4.0 Chrome/60.0.3112.107 Mobile Safari/537.36"
139.59.100.51 - - [01/Apr/2025:19:09:25 -0400] "GET /wp-includes/images/include.php HTTP/1.1" 404 5943 "-" "Mozlila/5.0 (Linux; Android 7.0; SM-G892A Build/NRD90M; wv) AppleWebKit/537.36 (KHTML, like Gecko) Version/4.0 Chrome/60.0.3112.107 Mobile Safari/537.36"
139.59.100.51 - - [01/Apr/2025:19:09:36 -0400] "GET /wp-includes/widgets/include.php HTTP/1.1" 404 5942 "-" "Mozlila/5.0 (Linux; Android 7.0; SM-G892A Build/NRD90M; wv) AppleWebKit/537.36 (KHTML, like Gecko) Version/4.0 Chrome/60.0.3112.107 Mobile Safari/537.36"
139.59.100.51 - - [01/Apr/2025:19:09:38 -0400] "GET /wp-includes/widgets/include.php HTTP/1.1" 404 5942 "-" "Mozlila/5.0 (Linux; Android 7.0; SM-G892A Build/NRD90M; wv) AppleWebKit/537.36 (KHTML, like Gecko) Version/4.0 Chrome/60.0.3112.107 Mobile Safari/537.36"
198.54.114.83 - - [01/Apr/2025:19:10:44 -0400] "POST /wp-cron.php?doing_wp_cron=1743549043.0659770965576171875000 HTTP/1.1" 200 0 "-" "WordPress/6.7.2; https://baernblog.com"
54.36.148.206 - - [01/Apr/2025:19:10:41 -0400] "GET /unoasi-di-tranquillita-sul-lago-di-garda/ HTTP/1.1" 200 10678 "-" "Mozilla/5.0 (compatible; AhrefsBot/7.0; +http://ahrefs.com/robot/)"
54.36.148.66 - - [01/Apr/2025:19:12:52 -0400] "GET /luxury-real-estate-marketing-become-a-celebrity-agent/ HTTP/1.1" 200 11236 "-" "Mozilla/5.0 (compatible; AhrefsBot/7.0; +http://ahrefs.com/robot/)"
54.36.149.70 - - [01/Apr/2025:19:15:00 -0400] "GET /the-influence-of-instagram-likes/ HTTP/1.1" 200 10549 "-" "Mozilla/5.0 (compatible; AhrefsBot/7.0; +http://ahrefs.com/robot/)"
198.54.114.83 - - [01/Apr/2025:19:17:14 -0400] "POST /wp-cron.php?doing_wp_cron=1743549434.2946720123291015625000 HTTP/1.1" 200 0 "-" "WordPress/6.7.2; https://baernblog.com"
54.36.148.203 - - [01/Apr/2025:19:17:10 -0400] "GET /un-apercu-des-pantoufles-de-requin/ HTTP/1.1" 200 11031 "-" "Mozilla/5.0 (compatible; AhrefsBot/7.0; +http://ahrefs.com/robot/)"
198.54.114.83 - - [01/Apr/2025:19:17:16 -0400] "POST /wp-admin/admin-ajax.php?action=async_litespeed&nonce=lVxQLjwVFXAXj817PE7Z47bihPGVXL81&litespeed_type=imgoptm HTTP/1.1" 200 5 "-" "WordPress/6.7.2; https://baernblog.com"
54.36.149.88 - - [01/Apr/2025:19:19:20 -0400] "GET /discovering-the-hidden-charms-of-nusa-penida/ HTTP/1.1" 200 10604 "-" "Mozilla/5.0 (compatible; AhrefsBot/7.0; +http://ahrefs.com/robot/)"
198.54.114.83 - - [01/Apr/2025:19:20:12 -0400] "POST /wp-cron.php?doing_wp_cron=1743549612.3228890895843505859375 HTTP/1.1" 200 0 "-" "WordPress/6.7.2; https://baernblog.com"
43.154.194.33 - - [01/Apr/2025:19:20:07 -0400] "GET /brisbane-city-in-the-summer-time/ HTTP/1.1" 200 10910 "-" "Python/3.10 aiohttp/3.10.5"
198.54.114.83 - - [01/Apr/2025:19:20:14 -0400] "POST /wp-admin/admin-ajax.php?action=async_litespeed&nonce=KJx9onUtODumByTal6hDm6tARf8Scn4v&litespeed_type=imgoptm HTTP/1.1" 200 0 "-" "WordPress/6.7.2; https://baernblog.com"
54.36.148.245 - - [01/Apr/2025:19:21:28 -0400] "GET /rural-marketing-agencies-in-india/ HTTP/1.1" 200 10606 "-" "Mozilla/5.0 (compatible; AhrefsBot/7.0; +http://ahrefs.com/robot/)"
54.36.149.76 - - [01/Apr/2025:19:23:33 -0400] "GET /the-watcher-characters/ HTTP/1.1" 200 10520 "-" "Mozilla/5.0 (compatible; AhrefsBot/7.0; +http://ahrefs.com/robot/)"
52.167.144.187 - - [01/Apr/2025:19:25:20 -0400] "GET /breeze-beyond-boundaries-unraveling-the-marvels-of-floor-standing-fans/ HTTP/1.1" 200 10949 "-" "Mozilla/5.0 AppleWebKit/537.36 (KHTML, like Gecko; compatible; bingbot/2.0; +http://www.bing.com/bingbot.htm) Chrome/116.0.1938.76 Safari/537.36"
54.36.148.133 - - [01/Apr/2025:19:25:50 -0400] "GET /exploring-existential-cinema-a-journey-through-philosophy-and-film/ HTTP/1.1" 200 11276 "-" "Mozilla/5.0 (compatible; AhrefsBot/7.0; +http://ahrefs.com/robot/)"
198.54.114.83 - - [01/Apr/2025:19:28:03 -0400] "POST /wp-cron.php?doing_wp_cron=1743550082.6223568916320800781250 HTTP/1.1" 200 0 "-" "WordPress/6.7.2; https://baernblog.com"
54.36.148.101 - - [01/Apr/2025:19:27:56 -0400] "GET /how-to-avoid-being-ripped-off-by-phony-locksmiths/ HTTP/1.1" 200 11076 "-" "Mozilla/5.0 (compatible; AhrefsBot/7.0; +http://ahrefs.com/robot/)"
198.54.114.83 - - [01/Apr/2025:19:28:04 -0400] "POST /wp-admin/admin-ajax.php?action=async_litespeed&nonce=LrkNgF0WubgdGY9k6LNl86YuBbfnmD9m&litespeed_type=imgoptm HTTP/1.1" 200 0 "-" "WordPress/6.7.2; https://baernblog.com"
198.54.114.83 - - [01/Apr/2025:19:30:31 -0400] "POST /wp-cron.php?doing_wp_cron=1743550231.5841050148010253906250 HTTP/1.1" 200 0 "-" "WordPress/6.7.2; https://baernblog.com"
54.36.148.153 - - [01/Apr/2025:19:30:28 -0400] "GET /a-superior-product/ HTTP/1.1" 200 10488 "-" "Mozilla/5.0 (compatible; AhrefsBot/7.0; +http://ahrefs.com/robot/)"
198.54.114.83 - - [01/Apr/2025:19:30:37 -0400] "POST /wp-admin/admin-ajax.php?action=async_litespeed&nonce=fdn7NQSLeepTQ3vJEg4mPO7D5mZkLeHJ&litespeed_type=imgoptm HTTP/1.1" 200 0 "-" "WordPress/6.7.2; https://baernblog.com"
198.54.114.83 - - [01/Apr/2025:19:31:22 -0400] "POST /wp-admin/admin-ajax.php?action=async_litespeed&nonce=brwTaDFK0ngpuNxHtmFgUQiRUSip43lf&litespeed_type=imgoptm HTTP/1.1" 200 0 "-" "WordPress/6.7.2; https://baernblog.com"
54.36.148.118 - - [01/Apr/2025:19:32:31 -0400] "GET /apuestas-deportivas-solo-sigue-el-dinero/ HTTP/1.1" 200 11400 "-" "Mozilla/5.0 (compatible; AhrefsBot/7.0; +http://ahrefs.com/robot/)"
119.28.52.89 - - [01/Apr/2025:19:32:59 -0400] "GET /the-benefits-of-an-led-cylinder-light-fixture/ HTTP/1.1" 200 10953 "-" "Python/3.10 aiohttp/3.10.5"
198.54.114.83 - - [01/Apr/2025:19:34:53 -0400] "POST /wp-cron.php?doing_wp_cron=1743550492.4136219024658203125000 HTTP/1.1" 200 0 "-" "WordPress/6.7.2; https://baernblog.com"
