3.145.36.137 - - [02/Apr/2025:03:53:55 -0400] "GET /how-to-get-more-youtube-subscribers HTTP/1.1" 301 0 "-" "Mozilla/5.0 AppleWebKit/537.36 (KHTML, like Gecko; compatible; ClaudeBot/1.0; +claudebot@anthropic.com)"
3.145.36.137 - - [02/Apr/2025:03:53:55 -0400] "GET /wp-json/wp/v2/posts/2228 HTTP/1.1" 200 9900 "-" "Mozilla/5.0 AppleWebKit/537.36 (KHTML, like Gecko; compatible; ClaudeBot/1.0; +claudebot@anthropic.com)"
3.145.36.137 - - [02/Apr/2025:03:53:58 -0400] "GET /how-to-get-more-youtube-subscribers/ HTTP/1.1" 200 10369 "https://baernblog.com/how-to-get-more-youtube-subscribers" "Mozilla/5.0 AppleWebKit/537.36 (KHTML, like Gecko; compatible; ClaudeBot/1.0; +claudebot@anthropic.com)"
198.54.114.83 - - [02/Apr/2025:03:53:58 -0400] "POST /wp-cron.php?doing_wp_cron=1743580437.9131269454956054687500 HTTP/1.1" 200 0 "-" "WordPress/6.7.2; https://baernblog.com"
198.54.114.83 - - [02/Apr/2025:03:53:58 -0400] "POST /wp-cron.php?doing_wp_cron=1743580437.9163808822631835937500 HTTP/1.1" 200 0 "-" "WordPress/6.7.2; https://baernblog.com"
198.54.114.83 - - [02/Apr/2025:03:53:58 -0400] "POST /wp-cron.php?doing_wp_cron=1743580437.9133799076080322265625 HTTP/1.1" 200 0 "-" "WordPress/6.7.2; https://baernblog.com"
3.145.36.137 - - [02/Apr/2025:03:53:55 -0400] "GET /wp-json/wp/v2/posts/783 HTTP/1.1" 200 13730 "-" "Mozilla/5.0 AppleWebKit/537.36 (KHTML, like Gecko; compatible; ClaudeBot/1.0; +claudebot@anthropic.com)"
3.145.36.137 - - [02/Apr/2025:03:53:55 -0400] "GET /the-convenience-of-creating-qr-codes-for-free HTTP/1.1" 301 0 "-" "Mozilla/5.0 AppleWebKit/537.36 (KHTML, like Gecko; compatible; ClaudeBot/1.0; +claudebot@anthropic.com)"
3.145.36.137 - - [02/Apr/2025:03:53:55 -0400] "GET /wp-json/wp/v2/posts/2369 HTTP/1.1" 200 10271 "-" "Mozilla/5.0 AppleWebKit/537.36 (KHTML, like Gecko; compatible; ClaudeBot/1.0; +claudebot@anthropic.com)"
3.145.36.137 - - [02/Apr/2025:03:53:59 -0400] "GET /the-convenience-of-creating-qr-codes-for-free/ HTTP/1.1" 200 10502 "https://baernblog.com/the-convenience-of-creating-qr-codes-for-free" "Mozilla/5.0 AppleWebKit/537.36 (KHTML, like Gecko; compatible; ClaudeBot/1.0; +claudebot@anthropic.com)"
198.54.114.83 - - [02/Apr/2025:03:53:59 -0400] "POST /wp-admin/admin-ajax.php?action=async_litespeed&nonce=WUtyUcqeM1eoUjvDFtWsmHVpysi8GU5K&litespeed_type=imgoptm HTTP/1.1" 200 0 "-" "WordPress/6.7.2; https://baernblog.com"
34.127.29.78 - - [02/Apr/2025:03:54:44 -0400] "GET /how-to-create-youtube-videos/ HTTP/1.1" 200 0 "-" "Mozilla/5.0 (Macintosh; Intel Mac OS X 10.15; rv:109.0) Gecko/20100101 Firefox/116.0"
198.54.114.83 - - [02/Apr/2025:03:54:45 -0400] "POST /wp-cron.php?doing_wp_cron=1743580484.7697288990020751953125 HTTP/1.1" 200 0 "-" "WordPress/6.7.2; https://baernblog.com"
198.54.114.83 - - [02/Apr/2025:03:56:19 -0400] "POST /wp-cron.php?doing_wp_cron=1743580579.3613350391387939453125 HTTP/1.1" 200 0 "-" "WordPress/6.7.2; https://baernblog.com"
198.54.114.83 - - [02/Apr/2025:03:56:19 -0400] "POST /wp-cron.php?doing_wp_cron=1743580579.3572089672088623046875 HTTP/1.1" 200 0 "-" "WordPress/6.7.2; https://baernblog.com"
198.54.114.83 - - [02/Apr/2025:03:56:19 -0400] "POST /wp-cron.php?doing_wp_cron=1743580579.4047338962554931640625 HTTP/1.1" 200 0 "-" "WordPress/6.7.2; https://baernblog.com"
198.54.114.83 - - [02/Apr/2025:03:56:19 -0400] "POST /wp-cron.php?doing_wp_cron=1743580579.3755888938903808593750 HTTP/1.1" 200 0 "-" "WordPress/6.7.2; https://baernblog.com"
198.54.114.83 - - [02/Apr/2025:03:56:19 -0400] "POST /wp-cron.php?doing_wp_cron=1743580579.3897860050201416015625 HTTP/1.1" 200 0 "-" "WordPress/6.7.2; https://baernblog.com"
18.222.144.72 - - [02/Apr/2025:03:56:16 -0400] "GET /how-to-get-the-most-out-of-a-jade-roller HTTP/1.1" 301 0 "-" "Mozilla/5.0 AppleWebKit/537.36 (KHTML, like Gecko; compatible; ClaudeBot/1.0; +claudebot@anthropic.com)"
18.222.144.72 - - [02/Apr/2025:03:56:17 -0400] "GET /understanding-the-decision-to-remove-your-account HTTP/1.1" 301 0 "-" "Mozilla/5.0 AppleWebKit/537.36 (KHTML, like Gecko; compatible; ClaudeBot/1.0; +claudebot@anthropic.com)"
18.222.144.72 - - [02/Apr/2025:03:56:17 -0400] "GET /how-michael-jordan-enjoyed-particular-rights/feed HTTP/1.1" 301 0 "-" "Mozilla/5.0 AppleWebKit/537.36 (KHTML, like Gecko; compatible; ClaudeBot/1.0; +claudebot@anthropic.com)"
18.222.144.72 - - [02/Apr/2025:03:56:17 -0400] "GET /how-to-autoplay-embedded-youtube-videos HTTP/1.1" 301 0 "-" "Mozilla/5.0 AppleWebKit/537.36 (KHTML, like Gecko; compatible; ClaudeBot/1.0; +claudebot@anthropic.com)"
18.222.144.72 - - [02/Apr/2025:03:56:21 -0400] "GET /how-michael-jordan-enjoyed-particular-rights/feed/ HTTP/1.1" 200 406 "https://baernblog.com/how-michael-jordan-enjoyed-particular-rights/feed" "Mozilla/5.0 AppleWebKit/537.36 (KHTML, like Gecko; compatible; ClaudeBot/1.0; +claudebot@anthropic.com)"
18.222.144.72 - - [02/Apr/2025:03:56:16 -0400] "GET /wp-json/wp/v2/categories/2 HTTP/1.1" 200 4114 "-" "Mozilla/5.0 AppleWebKit/537.36 (KHTML, like Gecko; compatible; ClaudeBot/1.0; +claudebot@anthropic.com)"
198.54.114.83 - - [02/Apr/2025:03:56:21 -0400] "POST /wp-admin/admin-ajax.php?action=async_litespeed&nonce=gZZMUCNjADW0CSBECcOx5Bh5ivYQsISQ&litespeed_type=imgoptm HTTP/1.1" 200 0 "-" "WordPress/6.7.2; https://baernblog.com"
18.222.144.72 - - [02/Apr/2025:03:56:21 -0400] "GET /understanding-the-decision-to-remove-your-account/ HTTP/1.1" 200 10613 "https://baernblog.com/understanding-the-decision-to-remove-your-account" "Mozilla/5.0 AppleWebKit/537.36 (KHTML, like Gecko; compatible; ClaudeBot/1.0; +claudebot@anthropic.com)"
18.222.144.72 - - [02/Apr/2025:03:56:21 -0400] "GET /how-to-autoplay-embedded-youtube-videos/ HTTP/1.1" 200 11758 "https://baernblog.com/how-to-autoplay-embedded-youtube-videos" "Mozilla/5.0 AppleWebKit/537.36 (KHTML, like Gecko; compatible; ClaudeBot/1.0; +claudebot@anthropic.com)"
18.222.144.72 - - [02/Apr/2025:03:56:21 -0400] "GET /how-to-get-the-most-out-of-a-jade-roller/ HTTP/1.1" 200 11111 "https://baernblog.com/how-to-get-the-most-out-of-a-jade-roller" "Mozilla/5.0 AppleWebKit/537.36 (KHTML, like Gecko; compatible; ClaudeBot/1.0; +claudebot@anthropic.com)"
47.82.25.196 - - [02/Apr/2025:03:56:22 -0400] "GET /non-conductive-thermal-paste/ HTTP/1.1" 200 10165 "-" "Mozilla/5.0 (iPhone; CPU iPhone OS 17_2 like Mac OS X) AppleWebKit/605.1.15 (KHTML, like Gecko) EdgiOS/121.0.2277.99 Version/17.0 Mobile/15E148 Safari/604.1"
47.82.24.19 - - [02/Apr/2025:03:56:48 -0400] "GET /the-appeal-of-slope-game-unblocked/ HTTP/1.1" 200 10583 "-" "Mozilla/5.0 (Windows NT 10.0; Win64; x64) AppleWebKit/537.36 (KHTML, like Gecko) Chrome/122.0.0.0 Safari/537.36"
18.117.10.61 - - [02/Apr/2025:03:58:44 -0400] "GET /how-to-select-custom-football-uniforms HTTP/1.1" 301 0 "-" "Mozilla/5.0 AppleWebKit/537.36 (KHTML, like Gecko; compatible; ClaudeBot/1.0; +claudebot@anthropic.com)"
198.54.114.83 - - [02/Apr/2025:03:58:47 -0400] "POST /wp-cron.php?doing_wp_cron=1743580727.0426011085510253906250 HTTP/1.1" 200 0 "-" "WordPress/6.7.2; https://baernblog.com"
198.54.114.83 - - [02/Apr/2025:03:58:47 -0400] "POST /wp-cron.php?doing_wp_cron=1743580727.0411939620971679687500 HTTP/1.1" 200 0 "-" "WordPress/6.7.2; https://baernblog.com"
198.54.114.83 - - [02/Apr/2025:03:58:47 -0400] "POST /wp-cron.php?doing_wp_cron=1743580727.0411109924316406250000 HTTP/1.1" 200 0 "-" "WordPress/6.7.2; https://baernblog.com"
198.54.114.83 - - [02/Apr/2025:03:58:47 -0400] "POST /wp-cron.php?doing_wp_cron=1743580727.0400071144104003906250 HTTP/1.1" 200 0 "-" "WordPress/6.7.2; https://baernblog.com"
18.117.10.61 - - [02/Apr/2025:03:58:45 -0400] "GET /how-to-access-monkey-mart-unblocked/feed HTTP/1.1" 301 0 "-" "Mozilla/5.0 AppleWebKit/537.36 (KHTML, like Gecko; compatible; ClaudeBot/1.0; +claudebot@anthropic.com)"
18.117.10.61 - - [02/Apr/2025:03:58:44 -0400] "GET /wp-json/wp/v2/categories/5 HTTP/1.1" 200 4091 "-" "Mozilla/5.0 AppleWebKit/537.36 (KHTML, like Gecko; compatible; ClaudeBot/1.0; +claudebot@anthropic.com)"
18.117.10.61 - - [02/Apr/2025:03:58:44 -0400] "GET /wp-json/wp/v2/categories/1 HTTP/1.1" 200 4117 "-" "Mozilla/5.0 AppleWebKit/537.36 (KHTML, like Gecko; compatible; ClaudeBot/1.0; +claudebot@anthropic.com)"
18.117.10.61 - - [02/Apr/2025:03:58:45 -0400] "GET /wp-json/wp/v2/categories/3 HTTP/1.1" 200 4160 "-" "Mozilla/5.0 AppleWebKit/537.36 (KHTML, like Gecko; compatible; ClaudeBot/1.0; +claudebot@anthropic.com)"
18.117.10.61 - - [02/Apr/2025:03:58:48 -0400] "GET /how-to-access-monkey-mart-unblocked/feed/ HTTP/1.1" 200 401 "https://baernblog.com/how-to-access-monkey-mart-unblocked/feed" "Mozilla/5.0 AppleWebKit/537.36 (KHTML, like Gecko; compatible; ClaudeBot/1.0; +claudebot@anthropic.com)"
18.117.10.61 - - [02/Apr/2025:03:58:47 -0400] "GET /how-to-select-custom-football-uniforms/ HTTP/1.1" 200 0 "https://baernblog.com/how-to-select-custom-football-uniforms" "Mozilla/5.0 AppleWebKit/537.36 (KHTML, like Gecko; compatible; ClaudeBot/1.0; +claudebot@anthropic.com)"
198.54.114.83 - - [02/Apr/2025:03:58:52 -0400] "POST /wp-admin/admin-ajax.php?action=async_litespeed&nonce=S5nM38T5RGPOPiRWF52a3ePfJSUrdOQO&litespeed_type=imgoptm HTTP/1.1" 200 0 "-" "WordPress/6.7.2; https://baernblog.com"
198.54.114.83 - - [02/Apr/2025:03:59:59 -0400] "POST /wp-admin/admin-ajax.php?action=async_litespeed&nonce=dLMqxN5X8DNJdKmkf43sGfTjZpctiw1t&litespeed_type=imgoptm HTTP/1.1" 200 0 "-" "WordPress/6.7.2; https://baernblog.com"
47.79.120.218 - - [02/Apr/2025:04:00:47 -0400] "GET /2023/12/ HTTP/1.1" 301 0 "-" "Mozilla/5.0 (Windows NT 10.0; Win64; x64) AppleWebKit/537.36 (KHTML, like Gecko) Chrome/121.0.0.0 Safari/537.36 Edg/121.0.0.0"
47.79.120.218 - - [02/Apr/2025:04:00:49 -0400] "GET / HTTP/1.1" 200 77939 "-" "Mozilla/5.0 (Windows NT 10.0; Win64; x64) AppleWebKit/537.36 (KHTML, like Gecko) Chrome/121.0.0.0 Safari/537.36 Edg/121.0.0.0"
3.142.53.239 - - [02/Apr/2025:04:01:07 -0400] "GET /exploring-the-concept-of-ai-girlfriend HTTP/1.1" 301 0 "-" "Mozilla/5.0 AppleWebKit/537.36 (KHTML, like Gecko; compatible; ClaudeBot/1.0; +claudebot@anthropic.com)"
3.142.53.239 - - [02/Apr/2025:04:01:07 -0400] "GET /omni/feed HTTP/1.1" 301 0 "-" "Mozilla/5.0 AppleWebKit/537.36 (KHTML, like Gecko; compatible; ClaudeBot/1.0; +claudebot@anthropic.com)"
3.142.53.239 - - [02/Apr/2025:04:01:07 -0400] "GET /youtube-live-stream-views-buy-how-to-buy-youtube-live-stream-views HTTP/1.1" 301 0 "-" "Mozilla/5.0 AppleWebKit/537.36 (KHTML, like Gecko; compatible; ClaudeBot/1.0; +claudebot@anthropic.com)"
3.142.53.239 - - [02/Apr/2025:04:01:07 -0400] "GET /what-is-a-swaging-machine/feed HTTP/1.1" 301 0 "-" "Mozilla/5.0 AppleWebKit/537.36 (KHTML, like Gecko; compatible; ClaudeBot/1.0; +claudebot@anthropic.com)"
3.142.53.239 - - [02/Apr/2025:04:01:06 -0400] "GET /wp-json/oembed/1.0/embed?url=https%3A%2F%2Fbaernblog.com%2Fyoutube-live-stream-views-buy%2F HTTP/1.1" 200 2297 "-" "Mozilla/5.0 AppleWebKit/537.36 (KHTML, like Gecko; compatible; ClaudeBot/1.0; +claudebot@anthropic.com)"
198.54.114.83 - - [02/Apr/2025:04:01:10 -0400] "POST /wp-cron.php?doing_wp_cron=1743580867.3073320388793945312500 HTTP/1.1" 200 0 "-" "WordPress/6.7.2; https://baernblog.com"
3.142.53.239 - - [02/Apr/2025:04:01:10 -0400] "GET /exploring-the-concept-of-ai-girlfriend/ HTTP/1.1" 200 10929 "https://baernblog.com/exploring-the-concept-of-ai-girlfriend" "Mozilla/5.0 AppleWebKit/537.36 (KHTML, like Gecko; compatible; ClaudeBot/1.0; +claudebot@anthropic.com)"
3.142.53.239 - - [02/Apr/2025:04:01:10 -0400] "GET /omni/feed/ HTTP/1.1" 200 370 "https://baernblog.com/omni/feed" "Mozilla/5.0 AppleWebKit/537.36 (KHTML, like Gecko; compatible; ClaudeBot/1.0; +claudebot@anthropic.com)"
3.142.53.239 - - [02/Apr/2025:04:01:10 -0400] "GET /what-is-a-swaging-machine/feed/ HTTP/1.1" 200 393 "https://baernblog.com/what-is-a-swaging-machine/feed" "Mozilla/5.0 AppleWebKit/537.36 (KHTML, like Gecko; compatible; ClaudeBot/1.0; +claudebot@anthropic.com)"
3.142.53.239 - - [02/Apr/2025:04:01:10 -0400] "GET /youtube-live-stream-views-buy-how-to-buy-youtube-live-stream-views/ HTTP/1.1" 200 11099 "https://baernblog.com/youtube-live-stream-views-buy-how-to-buy-youtube-live-stream-views" "Mozilla/5.0 AppleWebKit/537.36 (KHTML, like Gecko; compatible; ClaudeBot/1.0; +claudebot@anthropic.com)"
51.89.68.103 - - [02/Apr/2025:04:01:31 -0400] "GET /wp-content/mu-plugins/ HTTP/1.1" 404 5943 "-" "Mozilla/5.0 (Windows NT 10.0; Win64; x64) AppleWebKit/537.36 (KHTML, like Gecko) Chrome/91.0.4472.124 Safari/537.36"
47.79.118.196 - - [02/Apr/2025:04:01:42 -0400] "GET /2024/09/ HTTP/1.1" 301 0 "-" "Mozilla/5.0 (Windows NT 10.0; Win64; x64) AppleWebKit/537.36 (KHTML, like Gecko) Chrome/122.0.0.0 Safari/537.36 Config/92.2.2788.20"
47.79.118.196 - - [02/Apr/2025:04:01:43 -0400] "GET / HTTP/1.1" 200 77939 "-" "Mozilla/5.0 (Windows NT 10.0; Win64; x64) AppleWebKit/537.36 (KHTML, like Gecko) Chrome/122.0.0.0 Safari/537.36 Config/92.2.2788.20"
198.54.114.83 - - [02/Apr/2025:04:03:32 -0400] "POST /wp-cron.php?doing_wp_cron=1743581011.9934720993041992187500 HTTP/1.1" 200 0 "-" "WordPress/6.7.2; https://baernblog.com"
198.54.114.83 - - [02/Apr/2025:04:03:32 -0400] "POST /wp-cron.php?doing_wp_cron=1743581011.9902598857879638671875 HTTP/1.1" 200 0 "-" "WordPress/6.7.2; https://baernblog.com"
198.54.114.83 - - [02/Apr/2025:04:03:32 -0400] "POST /wp-cron.php?doing_wp_cron=1743581011.9900929927825927734375 HTTP/1.1" 200 0 "-" "WordPress/6.7.2; https://baernblog.com"
198.54.114.83 - - [02/Apr/2025:04:03:32 -0400] "POST /wp-cron.php?doing_wp_cron=1743581011.9911429882049560546875 HTTP/1.1" 200 0 "-" "WordPress/6.7.2; https://baernblog.com"
198.54.114.83 - - [02/Apr/2025:04:03:32 -0400] "POST /wp-cron.php?doing_wp_cron=1743581012.0035290718078613281250 HTTP/1.1" 200 0 "-" "WordPress/6.7.2; https://baernblog.com"
18.116.19.246 - - [02/Apr/2025:04:03:29 -0400] "GET /capturing-the-magic-of-santorini-a-photoshoot-to-remember HTTP/1.1" 301 0 "-" "Mozilla/5.0 AppleWebKit/537.36 (KHTML, like Gecko; compatible; ClaudeBot/1.0; +claudebot@anthropic.com)"
18.116.19.246 - - [02/Apr/2025:04:03:28 -0400] "GET /stand-pub HTTP/1.1" 301 0 "-" "Mozilla/5.0 AppleWebKit/537.36 (KHTML, like Gecko; compatible; ClaudeBot/1.0; +claudebot@anthropic.com)"
18.116.19.246 - - [02/Apr/2025:04:03:29 -0400] "GET /a-guide-to-safe-and-enjoyable-gaming HTTP/1.1" 301 0 "-" "Mozilla/5.0 AppleWebKit/537.36 (KHTML, like Gecko; compatible; ClaudeBot/1.0; +claudebot@anthropic.com)"
18.116.19.246 - - [02/Apr/2025:04:03:29 -0400] "GET /author/ashdev HTTP/1.1" 301 0 "-" "Mozilla/5.0 AppleWebKit/537.36 (KHTML, like Gecko; compatible; ClaudeBot/1.0; +claudebot@anthropic.com)"
18.116.19.246 - - [02/Apr/2025:04:03:33 -0400] "GET /capturing-the-magic-of-santorini-a-photoshoot-to-remember/ HTTP/1.1" 200 10467 "https://baernblog.com/capturing-the-magic-of-santorini-a-photoshoot-to-remember" "Mozilla/5.0 AppleWebKit/537.36 (KHTML, like Gecko; compatible; ClaudeBot/1.0; +claudebot@anthropic.com)"
18.116.19.246 - - [02/Apr/2025:04:03:33 -0400] "GET /a-guide-to-safe-and-enjoyable-gaming/ HTTP/1.1" 200 10702 "https://baernblog.com/a-guide-to-safe-and-enjoyable-gaming" "Mozilla/5.0 AppleWebKit/537.36 (KHTML, like Gecko; compatible; ClaudeBot/1.0; +claudebot@anthropic.com)"
18.116.19.246 - - [02/Apr/2025:04:03:33 -0400] "GET /stand-pub/ HTTP/1.1" 200 10100 "https://baernblog.com/stand-pub" "Mozilla/5.0 AppleWebKit/537.36 (KHTML, like Gecko; compatible; ClaudeBot/1.0; +claudebot@anthropic.com)"
18.116.19.246 - - [02/Apr/2025:04:03:29 -0400] "GET /wp-json/oembed/1.0/embed?format=xml&url=https%3A%2F%2Fbaernblog.com%2Fyoutube-live-stream-views-buy%2F HTTP/1.1" 200 1110 "-" "Mozilla/5.0 AppleWebKit/537.36 (KHTML, like Gecko; compatible; ClaudeBot/1.0; +claudebot@anthropic.com)"
198.54.114.83 - - [02/Apr/2025:04:03:33 -0400] "POST /wp-admin/admin-ajax.php?action=async_litespeed&nonce=zwPavlawHtsqoOkwHzm17Acn4XTZromC&litespeed_type=imgoptm HTTP/1.1" 200 0 "-" "WordPress/6.7.2; https://baernblog.com"
47.82.16.209 - - [02/Apr/2025:04:05:27 -0400] "GET /2023/12/ HTTP/1.1" 301 0 "-" "Mozilla/5.0 (iPhone; CPU iPhone OS 17_1 like Mac OS X) AppleWebKit/605.1.15 (KHTML, like Gecko) EdgiOS/118.0.2088.68 Version/17.0 Mobile/15E148 Safari/604.1"
3.142.212.2 - - [02/Apr/2025:04:05:51 -0400] "GET /url-link-shortener HTTP/1.1" 301 0 "-" "Mozilla/5.0 AppleWebKit/537.36 (KHTML, like Gecko; compatible; ClaudeBot/1.0; +claudebot@anthropic.com)"
3.142.212.2 - - [02/Apr/2025:04:05:51 -0400] "GET /wp-json/oembed/1.0/embed?url=https%3A%2F%2Fbaernblog.com%2Fdeep-cleaning-services%2F HTTP/1.1" 200 2258 "-" "Mozilla/5.0 AppleWebKit/537.36 (KHTML, like Gecko; compatible; ClaudeBot/1.0; +claudebot@anthropic.com)"
198.54.114.83 - - [02/Apr/2025:04:05:53 -0400] "POST /wp-cron.php?doing_wp_cron=1743581151.7784841060638427734375 HTTP/1.1" 200 0 "-" "WordPress/6.7.2; https://baernblog.com"
198.54.114.83 - - [02/Apr/2025:04:05:53 -0400] "POST /wp-cron.php?doing_wp_cron=1743581151.8833100795745849609375 HTTP/1.1" 200 0 "-" "WordPress/6.7.2; https://baernblog.com"
198.54.114.83 - - [02/Apr/2025:04:05:53 -0400] "POST /wp-cron.php?doing_wp_cron=1743581151.8980801105499267578125 HTTP/1.1" 200 0 "-" "WordPress/6.7.2; https://baernblog.com"
198.54.114.83 - - [02/Apr/2025:04:05:53 -0400] "POST /wp-cron.php?doing_wp_cron=1743581151.9419429302215576171875 HTTP/1.1" 200 0 "-" "WordPress/6.7.2; https://baernblog.com"
3.142.212.2 - - [02/Apr/2025:04:05:53 -0400] "GET /url-link-shortener/ HTTP/1.1" 200 10085 "https://baernblog.com/url-link-shortener" "Mozilla/5.0 AppleWebKit/537.36 (KHTML, like Gecko; compatible; ClaudeBot/1.0; +claudebot@anthropic.com)"
3.142.212.2 - - [02/Apr/2025:04:05:51 -0400] "GET /category/about-us/feed HTTP/1.1" 301 0 "-" "Mozilla/5.0 AppleWebKit/537.36 (KHTML, like Gecko; compatible; ClaudeBot/1.0; +claudebot@anthropic.com)"
3.142.212.2 - - [02/Apr/2025:04:05:51 -0400] "GET /youtube-live-stream-views-buy/feed HTTP/1.1" 301 0 "-" "Mozilla/5.0 AppleWebKit/537.36 (KHTML, like Gecko; compatible; ClaudeBot/1.0; +claudebot@anthropic.com)"
3.142.212.2 - - [02/Apr/2025:04:05:51 -0400] "GET /category/activity/feed HTTP/1.1" 301 0 "-" "Mozilla/5.0 AppleWebKit/537.36 (KHTML, like Gecko; compatible; ClaudeBot/1.0; +claudebot@anthropic.com)"
3.142.212.2 - - [02/Apr/2025:04:05:54 -0400] "GET /category/about-us/feed/ HTTP/1.1" 200 420 "https://baernblog.com/category/about-us/feed" "Mozilla/5.0 AppleWebKit/537.36 (KHTML, like Gecko; compatible; ClaudeBot/1.0; +claudebot@anthropic.com)"
3.142.212.2 - - [02/Apr/2025:04:05:54 -0400] "GET /category/activity/feed/ HTTP/1.1" 200 10204 "https://baernblog.com/category/activity/feed" "Mozilla/5.0 AppleWebKit/537.36 (KHTML, like Gecko; compatible; ClaudeBot/1.0; +claudebot@anthropic.com)"
3.142.212.2 - - [02/Apr/2025:04:05:54 -0400] "GET /youtube-live-stream-views-buy/feed/ HTTP/1.1" 200 388 "https://baernblog.com/youtube-live-stream-views-buy/feed" "Mozilla/5.0 AppleWebKit/537.36 (KHTML, like Gecko; compatible; ClaudeBot/1.0; +claudebot@anthropic.com)"
91.142.73.116 - - [02/Apr/2025:04:07:02 -0400] "GET /cbd-oil-for-anxiety-uk-a-conclusive-account/ HTTP/1.1" 200 11126 "https://baernblog.com/cbd-oil-for-anxiety-uk-a-conclusive-account/#comment-15370/" "Mozilla/5.0 (Windows NT 10.0; Win64; x64) AppleWebKit/537.36 (KHTML, like Gecko) Chrome/130.0.0.0 Safari/537.36 CCleaner/130.0.0.0"
198.54.114.83 - - [02/Apr/2025:04:07:03 -0400] "POST /wp-cron.php?doing_wp_cron=1743581223.7774529457092285156250 HTTP/1.1" 200 0 "-" "WordPress/6.7.2; https://baernblog.com"
198.54.114.83 - - [02/Apr/2025:04:07:04 -0400] "POST /wp-admin/admin-ajax.php?action=async_litespeed&nonce=WL5CTtlNFHrj0bvIF9IjaXX5IRPqxDTQ&litespeed_type=imgoptm HTTP/1.1" 200 5 "-" "WordPress/6.7.2; https://baernblog.com"
91.142.73.116 - - [02/Apr/2025:04:07:03 -0400] "POST /wp-comments-post.php HTTP/1.1" 302 0 "https://baernblog.com/cbd-oil-for-anxiety-uk-a-conclusive-account/#comment-15370/" "Mozilla/5.0 (Windows NT 10.0; Win64; x64) AppleWebKit/537.36 (KHTML, like Gecko) Chrome/130.0.0.0 Safari/537.36 CCleaner/130.0.0.0"
91.142.73.116 - - [02/Apr/2025:04:07:06 -0400] "GET /cbd-oil-for-anxiety-uk-a-conclusive-account/ HTTP/1.1" 200 13686 "https://baernblog.com/cbd-oil-for-anxiety-uk-a-conclusive-account/#comment-22605" "Mozilla/5.0 (Windows NT 10.0; Win64; x64) AppleWebKit/537.36 (KHTML, like Gecko) Chrome/130.0.0.0 Safari/537.36 CCleaner/130.0.0.0"
18.221.161.189 - - [02/Apr/2025:04:08:12 -0400] "GET /wp-json/oembed/1.0/embed?format=xml&url=https%3A%2F%2Fbaernblog.com%2Fdeep-cleaning-services%2F HTTP/1.1" 200 1109 "-" "Mozilla/5.0 AppleWebKit/537.36 (KHTML, like Gecko; compatible; ClaudeBot/1.0; +claudebot@anthropic.com)"
18.221.161.189 - - [02/Apr/2025:04:08:12 -0400] "GET /unlocking-the-potential-the-pitfalls-of-buying-youtube-subscribers HTTP/1.1" 301 0 "-" "Mozilla/5.0 AppleWebKit/537.36 (KHTML, like Gecko; compatible; ClaudeBot/1.0; +claudebot@anthropic.com)"
18.221.161.189 - - [02/Apr/2025:04:08:12 -0400] "GET /unveiling-the-enigma-of-instagram-followers/feed HTTP/1.1" 301 0 "-" "Mozilla/5.0 AppleWebKit/537.36 (KHTML, like Gecko; compatible; ClaudeBot/1.0; +claudebot@anthropic.com)"
18.221.161.189 - - [02/Apr/2025:04:08:12 -0400] "GET /diverse-pesach-programs-for-every-community HTTP/1.1" 301 0 "-" "Mozilla/5.0 AppleWebKit/537.36 (KHTML, like Gecko; compatible; ClaudeBot/1.0; +claudebot@anthropic.com)"
18.221.161.189 - - [02/Apr/2025:04:08:12 -0400] "GET /unlocking-the-mysteries-of-nipple-shields-a-comprehensive-exploration HTTP/1.1" 301 0 "-" "Mozilla/5.0 AppleWebKit/537.36 (KHTML, like Gecko; compatible; ClaudeBot/1.0; +claudebot@anthropic.com)"
198.54.114.83 - - [02/Apr/2025:04:08:14 -0400] "POST /wp-cron.php?doing_wp_cron=1743581292.5414528846740722656250 HTTP/1.1" 200 0 "-" "WordPress/6.7.2; https://baernblog.com"
18.221.161.189 - - [02/Apr/2025:04:08:14 -0400] "GET /unlocking-the-potential-the-pitfalls-of-buying-youtube-subscribers/ HTTP/1.1" 200 10904 "https://baernblog.com/unlocking-the-potential-the-pitfalls-of-buying-youtube-subscribers" "Mozilla/5.0 AppleWebKit/537.36 (KHTML, like Gecko; compatible; ClaudeBot/1.0; +claudebot@anthropic.com)"
18.221.161.189 - - [02/Apr/2025:04:08:14 -0400] "GET /diverse-pesach-programs-for-every-community/ HTTP/1.1" 200 10490 "https://baernblog.com/diverse-pesach-programs-for-every-community" "Mozilla/5.0 AppleWebKit/537.36 (KHTML, like Gecko; compatible; ClaudeBot/1.0; +claudebot@anthropic.com)"
18.221.161.189 - - [02/Apr/2025:04:08:14 -0400] "GET /unlocking-the-mysteries-of-nipple-shields-a-comprehensive-exploration/ HTTP/1.1" 200 10871 "https://baernblog.com/unlocking-the-mysteries-of-nipple-shields-a-comprehensive-exploration" "Mozilla/5.0 AppleWebKit/537.36 (KHTML, like Gecko; compatible; ClaudeBot/1.0; +claudebot@anthropic.com)"
18.221.161.189 - - [02/Apr/2025:04:08:14 -0400] "GET /unveiling-the-enigma-of-instagram-followers/feed/ HTTP/1.1" 200 408 "https://baernblog.com/unveiling-the-enigma-of-instagram-followers/feed" "Mozilla/5.0 AppleWebKit/537.36 (KHTML, like Gecko; compatible; ClaudeBot/1.0; +claudebot@anthropic.com)"
47.82.14.16 - - [02/Apr/2025:04:08:26 -0400] "GET /2022/01/ HTTP/1.1" 301 0 "-" "Mozilla/5.0 (Windows NT 10.0; Win64; x64; rv:123.0) Gecko/20100101 Firefox/123.0"
47.82.14.16 - - [02/Apr/2025:04:08:28 -0400] "GET / HTTP/1.1" 200 77939 "-" "Mozilla/5.0 (Windows NT 10.0; Win64; x64; rv:123.0) Gecko/20100101 Firefox/123.0"
47.79.0.163 - - [02/Apr/2025:04:08:46 -0400] "GET /holen-sie-sich-ihre-hervorragend-gestalteten-cbd-hanfol-boxen/ HTTP/1.1" 200 12143 "-" "Mozilla/5.0 (Windows NT 10.0; Win64; x64; rv:123.0) Gecko/20100101 Firefox/123.0 OpenWave/94.4.4504.39"
47.128.96.188 - - [02/Apr/2025:04:09:04 -0400] "GET /robots.txt HTTP/1.1" 304 0 "-" "Go-http-client/2.0"
47.82.10.241 - - [02/Apr/2025:04:09:42 -0400] "GET /wp-content/themes/ascendoor-news/style.css HTTP/1.1" 200 21576 "-" "Mozilla/5.0 (Windows NT 10.0; Win64; x64) AppleWebKit/537.36 (KHTML, like Gecko) Chrome/114.0.0.0 Safari/537.36 Edg/114.0.1823.43"
47.82.21.134 - - [02/Apr/2025:04:10:08 -0400] "GET /2023/04/ HTTP/1.1" 301 0 "-" "Mozilla/5.0 (Windows NT 10.0; Win64; x64) AppleWebKit/537.36 (KHTML, like Gecko) Chrome/121.0.0.0 Safari/537.36 Edg/121.0.0.0"
47.82.21.134 - - [02/Apr/2025:04:10:10 -0400] "GET / HTTP/1.1" 200 77939 "-" "Mozilla/5.0 (Windows NT 10.0; Win64; x64) AppleWebKit/537.36 (KHTML, like Gecko) Chrome/121.0.0.0 Safari/537.36 Edg/121.0.0.0"
198.54.114.83 - - [02/Apr/2025:04:10:37 -0400] "POST /wp-cron.php?doing_wp_cron=1743581436.6745479106903076171875 HTTP/1.1" 200 0 "-" "WordPress/6.7.2; https://baernblog.com"
198.54.114.83 - - [02/Apr/2025:04:10:37 -0400] "POST /wp-cron.php?doing_wp_cron=1743581436.6696529388427734375000 HTTP/1.1" 200 0 "-" "WordPress/6.7.2; https://baernblog.com"
198.54.114.83 - - [02/Apr/2025:04:10:37 -0400] "POST /wp-cron.php?doing_wp_cron=1743581436.6731491088867187500000 HTTP/1.1" 200 0 "-" "WordPress/6.7.2; https://baernblog.com"
198.54.114.83 - - [02/Apr/2025:04:10:37 -0400] "POST /wp-cron.php?doing_wp_cron=1743581436.6769850254058837890625 HTTP/1.1" 200 0 "-" "WordPress/6.7.2; https://baernblog.com"
198.54.114.83 - - [02/Apr/2025:04:10:37 -0400] "POST /wp-cron.php?doing_wp_cron=1743581436.6696519851684570312500 HTTP/1.1" 200 0 "-" "WordPress/6.7.2; https://baernblog.com"
3.141.18.167 - - [02/Apr/2025:04:10:33 -0400] "GET /category/sign-up/feed HTTP/1.1" 301 0 "-" "Mozilla/5.0 AppleWebKit/537.36 (KHTML, like Gecko; compatible; ClaudeBot/1.0; +claudebot@anthropic.com)"
3.141.18.167 - - [02/Apr/2025:04:10:33 -0400] "GET /exploring-unblocked-games-6x HTTP/1.1" 301 0 "-" "Mozilla/5.0 AppleWebKit/537.36 (KHTML, like Gecko; compatible; ClaudeBot/1.0; +claudebot@anthropic.com)"
3.141.18.167 - - [02/Apr/2025:04:10:33 -0400] "GET /wowza-combined-server-software HTTP/1.1" 301 0 "-" "Mozilla/5.0 AppleWebKit/537.36 (KHTML, like Gecko; compatible; ClaudeBot/1.0; +claudebot@anthropic.com)"
3.141.18.167 - - [02/Apr/2025:04:10:37 -0400] "GET /category/sign-up/feed/ HTTP/1.1" 200 421 "https://baernblog.com/category/sign-up/feed" "Mozilla/5.0 AppleWebKit/537.36 (KHTML, like Gecko; compatible; ClaudeBot/1.0; +claudebot@anthropic.com)"
3.141.18.167 - - [02/Apr/2025:04:10:33 -0400] "GET /the-role-of-a-community-manager-connecting-and-engaging HTTP/1.1" 301 0 "-" "Mozilla/5.0 AppleWebKit/537.36 (KHTML, like Gecko; compatible; ClaudeBot/1.0; +claudebot@anthropic.com)"
3.141.18.167 - - [02/Apr/2025:04:10:34 -0400] "GET /deep-cleaning-services/feed HTTP/1.1" 301 0 "-" "Mozilla/5.0 AppleWebKit/537.36 (KHTML, like Gecko; compatible; ClaudeBot/1.0; +claudebot@anthropic.com)"
3.141.18.167 - - [02/Apr/2025:04:10:38 -0400] "GET /exploring-unblocked-games-6x/ HTTP/1.1" 200 10627 "https://baernblog.com/exploring-unblocked-games-6x" "Mozilla/5.0 AppleWebKit/537.36 (KHTML, like Gecko; compatible; ClaudeBot/1.0; +claudebot@anthropic.com)"
198.54.114.83 - - [02/Apr/2025:04:10:37 -0400] "POST /wp-admin/admin-ajax.php?action=async_litespeed&nonce=HFWCplN429AGNgBxGo0wvHJ4vVIhSYaG&litespeed_type=imgoptm HTTP/1.1" 200 0 "-" "WordPress/6.7.2; https://baernblog.com"
3.141.18.167 - - [02/Apr/2025:04:10:39 -0400] "GET /the-role-of-a-community-manager-connecting-and-engaging/ HTTP/1.1" 200 10828 "https://baernblog.com/the-role-of-a-community-manager-connecting-and-engaging" "Mozilla/5.0 AppleWebKit/537.36 (KHTML, like Gecko; compatible; ClaudeBot/1.0; +claudebot@anthropic.com)"
3.141.18.167 - - [02/Apr/2025:04:10:39 -0400] "GET /deep-cleaning-services/feed/ HTTP/1.1" 200 377 "https://baernblog.com/deep-cleaning-services/feed" "Mozilla/5.0 AppleWebKit/537.36 (KHTML, like Gecko; compatible; ClaudeBot/1.0; +claudebot@anthropic.com)"
3.141.18.167 - - [02/Apr/2025:04:10:38 -0400] "GET /wowza-combined-server-software/ HTTP/1.1" 200 11363 "https://baernblog.com/wowza-combined-server-software" "Mozilla/5.0 AppleWebKit/537.36 (KHTML, like Gecko; compatible; ClaudeBot/1.0; +claudebot@anthropic.com)"
150.109.117.52 - - [02/Apr/2025:04:11:33 -0400] "GET /creating-a-safe-welding-environment/ HTTP/1.1" 200 11490 "-" "Python/3.10 aiohttp/3.10.5"
47.82.13.43 - - [02/Apr/2025:04:12:00 -0400] "GET /the-appeal-of-slope-game-unblocked/ HTTP/1.1" 200 10583 "-" "Mozilla/5.0 (Linux; Android 8.1.0; Moto G (4)) AppleWebKit/537.36 (KHTML, like Gecko) Chrome/122.0.0.0 Mobile Safari/537.36 PTST/240201.144844"
3.15.187.189 - - [02/Apr/2025:04:13:00 -0400] "GET /?p=376 HTTP/1.1" 200 77939 "-" "Mozilla/5.0 AppleWebKit/537.36 (KHTML, like Gecko; compatible; ClaudeBot/1.0; +claudebot@anthropic.com)"
3.15.187.189 - - [02/Apr/2025:04:13:00 -0400] "GET /energy-efficient-spiral-freezers/feed HTTP/1.1" 301 0 "-" "Mozilla/5.0 AppleWebKit/537.36 (KHTML, like Gecko; compatible; ClaudeBot/1.0; +claudebot@anthropic.com)"
3.15.187.189 - - [02/Apr/2025:04:13:00 -0400] "GET /agence-google-analytics-paris-2 HTTP/1.1" 301 0 "-" "Mozilla/5.0 AppleWebKit/537.36 (KHTML, like Gecko; compatible; ClaudeBot/1.0; +claudebot@anthropic.com)"
3.15.187.189 - - [02/Apr/2025:04:13:00 -0400] "GET /diesel-generators-to-catch-fancies-amongst-various-industries/feed HTTP/1.1" 301 0 "-" "Mozilla/5.0 AppleWebKit/537.36 (KHTML, like Gecko; compatible; ClaudeBot/1.0; +claudebot@anthropic.com)"
198.54.114.83 - - [02/Apr/2025:04:13:03 -0400] "POST /wp-cron.php?doing_wp_cron=1743581583.3932819366455078125000 HTTP/1.1" 200 0 "-" "WordPress/6.7.2; https://baernblog.com"
3.15.187.189 - - [02/Apr/2025:04:13:01 -0400] "GET /category/activity/page/2 HTTP/1.1" 301 0 "-" "Mozilla/5.0 AppleWebKit/537.36 (KHTML, like Gecko; compatible; ClaudeBot/1.0; +claudebot@anthropic.com)"
47.128.122.103 - - [02/Apr/2025:04:13:03 -0400] "GET /top-7-womens-cosmetic-bags/ HTTP/1.1" 200 11460 "-" "Mozilla/5.0 (Linux; Android 5.0) AppleWebKit/537.36 (KHTML, like Gecko) Mobile Safari/537.36 (compatible; TikTokSpider; ttspider-feedback@tiktok.com)"
198.54.114.83 - - [02/Apr/2025:04:13:04 -0400] "POST /wp-admin/admin-ajax.php?action=async_litespeed&nonce=naVC8N229kKLYEDSpqfiiqg3NGzdqWIy&litespeed_type=imgoptm HTTP/1.1" 200 0 "-" "WordPress/6.7.2; https://baernblog.com"
47.128.122.103 - - [02/Apr/2025:04:13:05 -0400] "GET /wp-content/uploads/2023/04/Top-7-Womens-Cosmetic-Bags-600x337.jpg HTTP/1.1" 200 41558 "https://baernblog.com/top-7-womens-cosmetic-bags/" "Mozilla/5.0 (Linux; Android 5.0) AppleWebKit/537.36 (KHTML, like Gecko) Mobile Safari/537.36 (compatible; TikTokSpider; ttspider-feedback@tiktok.com)"
3.15.187.189 - - [02/Apr/2025:04:13:06 -0400] "GET /agence-google-analytics-paris-2/ HTTP/1.1" 200 9786 "https://baernblog.com/agence-google-analytics-paris-2" "Mozilla/5.0 AppleWebKit/537.36 (KHTML, like Gecko; compatible; ClaudeBot/1.0; +claudebot@anthropic.com)"
47.128.122.103 - - [02/Apr/2025:04:13:06 -0400] "GET /top-7-womens-cosmetic-bags/ HTTP/1.1" 200 11460 "https://baernblog.com/top-7-womens-cosmetic-bags/" "Mozilla/5.0 (Linux; Android 5.0) AppleWebKit/537.36 (KHTML, like Gecko) Mobile Safari/537.36 (compatible; TikTokSpider; ttspider-feedback@tiktok.com)"
3.15.187.189 - - [02/Apr/2025:04:13:05 -0400] "GET /category/activity/page/2/ HTTP/1.1" 200 9768 "https://baernblog.com/category/activity/page/2" "Mozilla/5.0 AppleWebKit/537.36 (KHTML, like Gecko; compatible; ClaudeBot/1.0; +claudebot@anthropic.com)"
3.15.187.189 - - [02/Apr/2025:04:13:05 -0400] "GET /energy-efficient-spiral-freezers/feed/ HTTP/1.1" 200 394 "https://baernblog.com/energy-efficient-spiral-freezers/feed" "Mozilla/5.0 AppleWebKit/537.36 (KHTML, like Gecko; compatible; ClaudeBot/1.0; +claudebot@anthropic.com)"
3.15.187.189 - - [02/Apr/2025:04:13:06 -0400] "GET /diesel-generators-to-catch-fancies-amongst-various-industries/feed/ HTTP/1.1" 200 417 "https://baernblog.com/diesel-generators-to-catch-fancies-amongst-various-industries/feed" "Mozilla/5.0 AppleWebKit/537.36 (KHTML, like Gecko; compatible; ClaudeBot/1.0; +claudebot@anthropic.com)"
47.79.118.160 - - [02/Apr/2025:04:14:25 -0400] "GET /the-appeal-of-slope-game-unblocked/ HTTP/1.1" 200 10583 "-" "Mozilla/5.0 (Windows NT 10.0; Win64; x64; rv:123.0) Gecko/20100101 Firefox/123.0"
198.54.114.83 - - [02/Apr/2025:04:14:54 -0400] "POST /wp-cron.php?doing_wp_cron=1743581693.1382219791412353515625 HTTP/1.1" 200 0 "-" "WordPress/6.7.2; https://baernblog.com"
47.82.15.137 - - [02/Apr/2025:04:14:48 -0400] "GET /unveiling-the-thrills-of-online-casinos/ HTTP/1.1" 200 11557 "-" "Mozilla/5.0 (iPhone; CPU iPhone OS 17_0_3 like Mac OS X) AppleWebKit/605.1.15 (KHTML, like Gecko) Version/17.0.3 Mobile/15E148 Safari/604.1 RDDocuments/8.7.2.978"
3.23.102.72 - - [02/Apr/2025:04:15:26 -0400] "GET /how-to-find-a-caregiver HTTP/1.1" 301 0 "-" "Mozilla/5.0 AppleWebKit/537.36 (KHTML, like Gecko; compatible; ClaudeBot/1.0; +claudebot@anthropic.com)"
3.23.102.72 - - [02/Apr/2025:04:15:25 -0400] "GET /the-charm-of-custom-pet-portraits HTTP/1.1" 301 0 "-" "Mozilla/5.0 AppleWebKit/537.36 (KHTML, like Gecko; compatible; ClaudeBot/1.0; +claudebot@anthropic.com)"
3.23.102.72 - - [02/Apr/2025:04:15:25 -0400] "GET /cold-drawing-machine/feed HTTP/1.1" 301 0 "-" "Mozilla/5.0 AppleWebKit/537.36 (KHTML, like Gecko; compatible; ClaudeBot/1.0; +claudebot@anthropic.com)"
3.23.102.72 - - [02/Apr/2025:04:15:26 -0400] "GET /performance-surety-bonds HTTP/1.1" 301 0 "-" "Mozilla/5.0 AppleWebKit/537.36 (KHTML, like Gecko; compatible; ClaudeBot/1.0; +claudebot@anthropic.com)"
3.23.102.72 - - [02/Apr/2025:04:15:25 -0400] "GET /page/48/ HTTP/1.1" 200 9243 "-" "Mozilla/5.0 AppleWebKit/537.36 (KHTML, like Gecko; compatible; ClaudeBot/1.0; +claudebot@anthropic.com)"
3.23.102.72 - - [02/Apr/2025:04:15:27 -0400] "GET /how-to-find-a-caregiver/ HTTP/1.1" 200 10049 "https://baernblog.com/how-to-find-a-caregiver" "Mozilla/5.0 AppleWebKit/537.36 (KHTML, like Gecko; compatible; ClaudeBot/1.0; +claudebot@anthropic.com)"
3.23.102.72 - - [02/Apr/2025:04:15:27 -0400] "GET /the-charm-of-custom-pet-portraits/ HTTP/1.1" 200 10385 "https://baernblog.com/the-charm-of-custom-pet-portraits" "Mozilla/5.0 AppleWebKit/537.36 (KHTML, like Gecko; compatible; ClaudeBot/1.0; +claudebot@anthropic.com)"
3.23.102.72 - - [02/Apr/2025:04:15:27 -0400] "GET /performance-surety-bonds/ HTTP/1.1" 200 10019 "https://baernblog.com/performance-surety-bonds" "Mozilla/5.0 AppleWebKit/537.36 (KHTML, like Gecko; compatible; ClaudeBot/1.0; +claudebot@anthropic.com)"
3.23.102.72 - - [02/Apr/2025:04:15:27 -0400] "GET /cold-drawing-machine/feed/ HTTP/1.1" 200 382 "https://baernblog.com/cold-drawing-machine/feed" "Mozilla/5.0 AppleWebKit/537.36 (KHTML, like Gecko; compatible; ClaudeBot/1.0; +claudebot@anthropic.com)"
47.82.27.98 - - [02/Apr/2025:04:15:38 -0400] "GET /2022/01/ HTTP/1.1" 301 0 "-" "Mozilla/5.0 (Windows NT 10.0; Win64; x64) AppleWebKit/537.36 (KHTML, like Gecko) Chrome/121.0.0.0 Safari/537.36 Edg/121.0.0.0"
47.82.27.98 - - [02/Apr/2025:04:15:39 -0400] "GET / HTTP/1.1" 200 77939 "-" "Mozilla/5.0 (Windows NT 10.0; Win64; x64) AppleWebKit/537.36 (KHTML, like Gecko) Chrome/121.0.0.0 Safari/537.36 Edg/121.0.0.0"
47.82.16.18 - - [02/Apr/2025:04:17:20 -0400] "GET /how-to-use-the-recycling-bag-in-a-right-way/ HTTP/1.1" 200 11011 "-" "Mozilla/5.0 (iPhone; CPU iPhone OS 17_2 like Mac OS X) AppleWebKit/605.1.15 (KHTML, like Gecko) EdgiOS/121.0.2277.99 Version/17.0 Mobile/15E148 Safari/604.1"
18.191.163.22 - - [02/Apr/2025:04:17:48 -0400] "GET /?p=840 HTTP/1.1" 200 77939 "-" "Mozilla/5.0 AppleWebKit/537.36 (KHTML, like Gecko; compatible; ClaudeBot/1.0; +claudebot@anthropic.com)"
198.54.114.83 - - [02/Apr/2025:04:17:51 -0400] "POST /wp-cron.php?doing_wp_cron=1743581871.6427040100097656250000 HTTP/1.1" 200 0 "-" "WordPress/6.7.2; https://baernblog.com"
198.54.114.83 - - [02/Apr/2025:04:17:51 -0400] "POST /wp-cron.php?doing_wp_cron=1743581871.6482961177825927734375 HTTP/1.1" 200 0 "-" "WordPress/6.7.2; https://baernblog.com"
198.54.114.83 - - [02/Apr/2025:04:17:52 -0400] "POST /wp-cron.php?doing_wp_cron=1743581871.6403889656066894531250 HTTP/1.1" 200 0 "-" "WordPress/6.7.2; https://baernblog.com"
198.54.114.83 - - [02/Apr/2025:04:17:52 -0400] "POST /wp-cron.php?doing_wp_cron=1743581871.6447679996490478515625 HTTP/1.1" 200 0 "-" "WordPress/6.7.2; https://baernblog.com"
18.191.163.22 - - [02/Apr/2025:04:17:48 -0400] "GET /une-exploration-intime HTTP/1.1" 301 0 "-" "Mozilla/5.0 AppleWebKit/537.36 (KHTML, like Gecko; compatible; ClaudeBot/1.0; +claudebot@anthropic.com)"
18.191.163.22 - - [02/Apr/2025:04:17:48 -0400] "GET /useful-preparation-for-vietnam-travel-during-tet HTTP/1.1" 301 0 "-" "Mozilla/5.0 AppleWebKit/537.36 (KHTML, like Gecko; compatible; ClaudeBot/1.0; +claudebot@anthropic.com)"
18.191.163.22 - - [02/Apr/2025:04:17:48 -0400] "GET /sacs-a-main HTTP/1.1" 301 0 "-" "Mozilla/5.0 AppleWebKit/537.36 (KHTML, like Gecko; compatible; ClaudeBot/1.0; +claudebot@anthropic.com)"
18.191.163.22 - - [02/Apr/2025:04:17:48 -0400] "GET /ein-leitfaden-fur-reibungslose-prozesse HTTP/1.1" 301 0 "-" "Mozilla/5.0 AppleWebKit/537.36 (KHTML, like Gecko; compatible; ClaudeBot/1.0; +claudebot@anthropic.com)"
18.191.163.22 - - [02/Apr/2025:04:17:53 -0400] "GET /sacs-a-main/ HTTP/1.1" 200 10170 "https://baernblog.com/sacs-a-main" "Mozilla/5.0 AppleWebKit/537.36 (KHTML, like Gecko; compatible; ClaudeBot/1.0; +claudebot@anthropic.com)"
18.191.163.22 - - [02/Apr/2025:04:17:53 -0400] "GET /ein-leitfaden-fur-reibungslose-prozesse/ HTTP/1.1" 200 10726 "https://baernblog.com/ein-leitfaden-fur-reibungslose-prozesse" "Mozilla/5.0 AppleWebKit/537.36 (KHTML, like Gecko; compatible; ClaudeBot/1.0; +claudebot@anthropic.com)"
18.191.163.22 - - [02/Apr/2025:04:17:53 -0400] "GET /une-exploration-intime/ HTTP/1.1" 200 10771 "https://baernblog.com/une-exploration-intime" "Mozilla/5.0 AppleWebKit/537.36 (KHTML, like Gecko; compatible; ClaudeBot/1.0; +claudebot@anthropic.com)"
18.191.163.22 - - [02/Apr/2025:04:17:53 -0400] "GET /useful-preparation-for-vietnam-travel-during-tet/ HTTP/1.1" 200 10871 "https://baernblog.com/useful-preparation-for-vietnam-travel-during-tet" "Mozilla/5.0 AppleWebKit/537.36 (KHTML, like Gecko; compatible; ClaudeBot/1.0; +claudebot@anthropic.com)"
47.82.21.192 - - [02/Apr/2025:04:18:11 -0400] "GET /2023/04/ HTTP/1.1" 301 0 "-" "Mozilla/5.0 (Windows NT 10.0; Win64; x64) AppleWebKit/537.36 (KHTML, like Gecko) Chrome/121.0.0.0 Safari/537.36 Edg/121.0.0.0 Viewer/99.9.9009.89"
47.82.21.192 - - [02/Apr/2025:04:18:12 -0400] "GET / HTTP/1.1" 200 77939 "-" "Mozilla/5.0 (Windows NT 10.0; Win64; x64) AppleWebKit/537.36 (KHTML, like Gecko) Chrome/121.0.0.0 Safari/537.36 Edg/121.0.0.0 Viewer/99.9.9009.89"
198.54.114.83 - - [02/Apr/2025:04:18:59 -0400] "POST /wp-admin/admin-ajax.php?action=async_litespeed&nonce=YEKOnEoQqQijOwDMKf3uTWNzro9iwQCa&litespeed_type=imgoptm HTTP/1.1" 200 0 "-" "WordPress/6.7.2; https://baernblog.com"
47.82.18.187 - - [02/Apr/2025:04:19:06 -0400] "GET /outsource-photo-editing-2/ HTTP/1.1" 200 10031 "-" "Mozilla/5.0 (Windows NT 10.0; Win64; x64) AppleWebKit/537.36 (KHTML, like Gecko) Chrome/121.0.0.0 Safari/537.36 Edg/121.0.0.0"
3.16.215.60 - - [02/Apr/2025:04:20:14 -0400] "GET /how-to-find-the-best-kitten-insurance HTTP/1.1" 301 0 "-" "Mozilla/5.0 AppleWebKit/537.36 (KHTML, like Gecko; compatible; ClaudeBot/1.0; +claudebot@anthropic.com)"
3.16.215.60 - - [02/Apr/2025:04:20:13 -0400] "GET /conservatory-bi-folding-doors/feed HTTP/1.1" 301 0 "-" "Mozilla/5.0 AppleWebKit/537.36 (KHTML, like Gecko; compatible; ClaudeBot/1.0; +claudebot@anthropic.com)"
3.16.215.60 - - [02/Apr/2025:04:20:14 -0400] "GET /a-hidden-gem-off-balis-coast/feed HTTP/1.1" 301 0 "-" "Mozilla/5.0 AppleWebKit/537.36 (KHTML, like Gecko; compatible; ClaudeBot/1.0; +claudebot@anthropic.com)"
198.54.114.83 - - [02/Apr/2025:04:20:15 -0400] "POST /wp-cron.php?doing_wp_cron=1743582014.2318170070648193359375 HTTP/1.1" 200 0 "-" "WordPress/6.7.2; https://baernblog.com"
198.54.114.83 - - [02/Apr/2025:04:20:15 -0400] "POST /wp-cron.php?doing_wp_cron=1743582014.2243120670318603515625 HTTP/1.1" 200 0 "-" "WordPress/6.7.2; https://baernblog.com"
3.16.215.60 - - [02/Apr/2025:04:20:15 -0400] "GET /how-to-find-the-best-kitten-insurance/ HTTP/1.1" 200 11130 "https://baernblog.com/how-to-find-the-best-kitten-insurance" "Mozilla/5.0 AppleWebKit/537.36 (KHTML, like Gecko; compatible; ClaudeBot/1.0; +claudebot@anthropic.com)"
3.16.215.60 - - [02/Apr/2025:04:20:13 -0400] "GET /maprimeadapt-naviguer-dans-lavenir-des-solutions-adaptatives/feed HTTP/1.1" 301 0 "-" "Mozilla/5.0 AppleWebKit/537.36 (KHTML, like Gecko; compatible; ClaudeBot/1.0; +claudebot@anthropic.com)"
3.16.215.60 - - [02/Apr/2025:04:20:13 -0400] "GET /efficient-and-comfortable-london-airport-taxi-services/feed HTTP/1.1" 301 0 "-" "Mozilla/5.0 AppleWebKit/537.36 (KHTML, like Gecko; compatible; ClaudeBot/1.0; +claudebot@anthropic.com)"
3.16.215.60 - - [02/Apr/2025:04:20:15 -0400] "GET /maprimeadapt-naviguer-dans-lavenir-des-solutions-adaptatives/feed/ HTTP/1.1" 200 438 "https://baernblog.com/maprimeadapt-naviguer-dans-lavenir-des-solutions-adaptatives/feed" "Mozilla/5.0 AppleWebKit/537.36 (KHTML, like Gecko; compatible; ClaudeBot/1.0; +claudebot@anthropic.com)"
3.16.215.60 - - [02/Apr/2025:04:20:15 -0400] "GET /efficient-and-comfortable-london-airport-taxi-services/feed/ HTTP/1.1" 200 424 "https://baernblog.com/efficient-and-comfortable-london-airport-taxi-services/feed" "Mozilla/5.0 AppleWebKit/537.36 (KHTML, like Gecko; compatible; ClaudeBot/1.0; +claudebot@anthropic.com)"
3.16.215.60 - - [02/Apr/2025:04:20:15 -0400] "GET /a-hidden-gem-off-balis-coast/feed/ HTTP/1.1" 200 408 "https://baernblog.com/a-hidden-gem-off-balis-coast/feed" "Mozilla/5.0 AppleWebKit/537.36 (KHTML, like Gecko; compatible; ClaudeBot/1.0; +claudebot@anthropic.com)"
3.16.215.60 - - [02/Apr/2025:04:20:15 -0400] "GET /conservatory-bi-folding-doors/feed/ HTTP/1.1" 200 390 "https://baernblog.com/conservatory-bi-folding-doors/feed" "Mozilla/5.0 AppleWebKit/537.36 (KHTML, like Gecko; compatible; ClaudeBot/1.0; +claudebot@anthropic.com)"
47.82.9.79 - - [02/Apr/2025:04:22:07 -0400] "GET /wp-content/themes/ascendoor-news/assets/css/slick.min.css HTTP/1.1" 200 395 "-" "Mozilla/5.0 (Windows NT 10.0; Win64; x64) AppleWebKit/537.36 (KHTML, like Gecko) Chrome/114.0.0.0 Safari/537.36 Edg/114.0.1823.43"
47.82.14.222 - - [02/Apr/2025:04:22:25 -0400] "GET /holen-sie-sich-ihre-hervorragend-gestalteten-cbd-hanfol-boxen/ HTTP/1.1" 200 12143 "-" "Mozilla/5.0 (iPhone; CPU iPhone OS 17_0 like Mac OS X) AppleWebKit/605.1.15 (KHTML, like Gecko) Version/17.0 Mobile/15E148 Safari/604.1 RDDocuments/8.4.8.940"
47.82.10.233 - - [02/Apr/2025:04:22:29 -0400] "GET /wp-content/themes/ascendoor-news/assets/css/fontawesome.min.css HTTP/1.1" 200 17670 "-" "Mozilla/5.0 (Windows NT 10.0; Win64; x64) AppleWebKit/537.36 (KHTML, like Gecko) Chrome/114.0.0.0 Safari/537.36 Edg/114.0.1823.43"
80.247.95.180 - - [02/Apr/2025:04:22:30 -0400] "GET /wp-login.php HTTP/1.1" 200 1685 "-" "Mozilla/5.0 (Windows NT 10.0; Win64; x64; rv:91.0) Gecko/20100101 Firefox/91.0"
198.54.114.83 - - [02/Apr/2025:04:22:30 -0400] "POST /wp-admin/admin-ajax.php?action=async_litespeed&nonce=QR6sYGbyTuE4Dyt7S52GZcmyKcTclOfr&litespeed_type=imgoptm HTTP/1.1" 200 0 "-" "WordPress/6.7.2; https://baernblog.com"
3.15.235.171 - - [02/Apr/2025:04:22:35 -0400] "GET /comment-nettoyer-vos-bijoux HTTP/1.1" 301 0 "-" "Mozilla/5.0 AppleWebKit/537.36 (KHTML, like Gecko; compatible; ClaudeBot/1.0; +claudebot@anthropic.com)"
3.15.235.171 - - [02/Apr/2025:04:22:35 -0400] "GET /buy-targeted-youtube-views HTTP/1.1" 301 0 "-" "Mozilla/5.0 AppleWebKit/537.36 (KHTML, like Gecko; compatible; ClaudeBot/1.0; +claudebot@anthropic.com)"
3.15.235.171 - - [02/Apr/2025:04:22:35 -0400] "GET /harmonizing-dreams-ella-fitzgeralds-rendition-of-dream-a-little-dream-of-me HTTP/1.1" 301 0 "-" "Mozilla/5.0 AppleWebKit/537.36 (KHTML, like Gecko; compatible; ClaudeBot/1.0; +claudebot@anthropic.com)"
3.15.235.171 - - [02/Apr/2025:04:22:35 -0400] "GET /auto-cold-drawing-machine HTTP/1.1" 301 0 "-" "Mozilla/5.0 AppleWebKit/537.36 (KHTML, like Gecko; compatible; ClaudeBot/1.0; +claudebot@anthropic.com)"
3.15.235.171 - - [02/Apr/2025:04:22:35 -0400] "GET /cbd-gummies-et-huile-de-cbd-apprenez-tout-sur-les-differences-et-leur-utilisation HTTP/1.1" 301 0 "-" "Mozilla/5.0 AppleWebKit/537.36 (KHTML, like Gecko; compatible; ClaudeBot/1.0; +claudebot@anthropic.com)"
3.15.235.171 - - [02/Apr/2025:04:22:38 -0400] "GET /auto-cold-drawing-machine/ HTTP/1.1" 200 10134 "https://baernblog.com/auto-cold-drawing-machine" "Mozilla/5.0 AppleWebKit/537.36 (KHTML, like Gecko; compatible; ClaudeBot/1.0; +claudebot@anthropic.com)"
3.15.235.171 - - [02/Apr/2025:04:22:38 -0400] "GET /buy-targeted-youtube-views/ HTTP/1.1" 200 10567 "https://baernblog.com/buy-targeted-youtube-views" "Mozilla/5.0 AppleWebKit/537.36 (KHTML, like Gecko; compatible; ClaudeBot/1.0; +claudebot@anthropic.com)"
3.15.235.171 - - [02/Apr/2025:04:22:38 -0400] "GET /harmonizing-dreams-ella-fitzgeralds-rendition-of-dream-a-little-dream-of-me/ HTTP/1.1" 200 10674 "https://baernblog.com/harmonizing-dreams-ella-fitzgeralds-rendition-of-dream-a-little-dream-of-me" "Mozilla/5.0 AppleWebKit/537.36 (KHTML, like Gecko; compatible; ClaudeBot/1.0; +claudebot@anthropic.com)"
3.15.235.171 - - [02/Apr/2025:04:22:38 -0400] "GET /comment-nettoyer-vos-bijoux/ HTTP/1.1" 200 10859 "https://baernblog.com/comment-nettoyer-vos-bijoux" "Mozilla/5.0 AppleWebKit/537.36 (KHTML, like Gecko; compatible; ClaudeBot/1.0; +claudebot@anthropic.com)"
3.15.235.171 - - [02/Apr/2025:04:22:38 -0400] "GET /cbd-gummies-et-huile-de-cbd-apprenez-tout-sur-les-differences-et-leur-utilisation/ HTTP/1.1" 200 11910 "https://baernblog.com/cbd-gummies-et-huile-de-cbd-apprenez-tout-sur-les-differences-et-leur-utilisation" "Mozilla/5.0 AppleWebKit/537.36 (KHTML, like Gecko; compatible; ClaudeBot/1.0; +claudebot@anthropic.com)"
47.82.24.109 - - [02/Apr/2025:04:24:22 -0400] "GET /free-qr-code/ HTTP/1.1" 200 10032 "-" "Mozilla/5.0 (Windows NT 10.0; Win64; x64) AppleWebKit/537.36 (KHTML, like Gecko) Chrome/121.0.0.0 Safari/537.36 Edg/121.0.0.0 Herring/95.1.1930.31"
3.147.84.138 - - [02/Apr/2025:04:24:58 -0400] "GET /a-plumber-has-an-important-job HTTP/1.1" 301 0 "-" "Mozilla/5.0 AppleWebKit/537.36 (KHTML, like Gecko; compatible; ClaudeBot/1.0; +claudebot@anthropic.com)"
3.147.84.138 - - [02/Apr/2025:04:24:58 -0400] "GET /straighten-up-effective-solutions-for-forward-head-posture HTTP/1.1" 301 0 "-" "Mozilla/5.0 AppleWebKit/537.36 (KHTML, like Gecko; compatible; ClaudeBot/1.0; +claudebot@anthropic.com)"
3.147.84.138 - - [02/Apr/2025:04:24:58 -0400] "GET /flores-y-arreglos HTTP/1.1" 301 0 "-" "Mozilla/5.0 AppleWebKit/537.36 (KHTML, like Gecko; compatible; ClaudeBot/1.0; +claudebot@anthropic.com)"
3.147.84.138 - - [02/Apr/2025:04:24:58 -0400] "GET /discover-the-charm-of-a-lake-garda-resort HTTP/1.1" 301 0 "-" "Mozilla/5.0 AppleWebKit/537.36 (KHTML, like Gecko; compatible; ClaudeBot/1.0; +claudebot@anthropic.com)"
3.147.84.138 - - [02/Apr/2025:04:24:58 -0400] "GET /research-protecting-the-wine-industry-from-constant-threats/feed HTTP/1.1" 301 0 "-" "Mozilla/5.0 AppleWebKit/537.36 (KHTML, like Gecko; compatible; ClaudeBot/1.0; +claudebot@anthropic.com)"
198.54.114.83 - - [02/Apr/2025:04:25:06 -0400] "POST /wp-cron.php?doing_wp_cron=1743582303.7975559234619140625000 HTTP/1.1" 200 0 "-" "WordPress/6.7.2; https://baernblog.com"
198.54.114.83 - - [02/Apr/2025:04:25:06 -0400] "POST /wp-cron.php?doing_wp_cron=1743582303.7991750240325927734375 HTTP/1.1" 200 0 "-" "WordPress/6.7.2; https://baernblog.com"
198.54.114.83 - - [02/Apr/2025:04:25:06 -0400] "POST /wp-cron.php?doing_wp_cron=1743582303.7936511039733886718750 HTTP/1.1" 200 0 "-" "WordPress/6.7.2; https://baernblog.com"
3.147.84.138 - - [02/Apr/2025:04:25:07 -0400] "GET /straighten-up-effective-solutions-for-forward-head-posture/ HTTP/1.1" 200 0 "https://baernblog.com/straighten-up-effective-solutions-for-forward-head-posture" "Mozilla/5.0 AppleWebKit/537.36 (KHTML, like Gecko; compatible; ClaudeBot/1.0; +claudebot@anthropic.com)"
3.147.84.138 - - [02/Apr/2025:04:25:08 -0400] "GET /flores-y-arreglos/ HTTP/1.1" 200 0 "https://baernblog.com/flores-y-arreglos" "Mozilla/5.0 AppleWebKit/537.36 (KHTML, like Gecko; compatible; ClaudeBot/1.0; +claudebot@anthropic.com)"
3.147.84.138 - - [02/Apr/2025:04:25:08 -0400] "GET /discover-the-charm-of-a-lake-garda-resort/ HTTP/1.1" 200 0 "https://baernblog.com/discover-the-charm-of-a-lake-garda-resort" "Mozilla/5.0 AppleWebKit/537.36 (KHTML, like Gecko; compatible; ClaudeBot/1.0; +claudebot@anthropic.com)"
3.147.84.138 - - [02/Apr/2025:04:25:08 -0400] "GET /research-protecting-the-wine-industry-from-constant-threats/feed/ HTTP/1.1" 200 0 "https://baernblog.com/research-protecting-the-wine-industry-from-constant-threats/feed" "Mozilla/5.0 AppleWebKit/537.36 (KHTML, like Gecko; compatible; ClaudeBot/1.0; +claudebot@anthropic.com)"
47.82.16.72 - - [02/Apr/2025:04:25:41 -0400] "GET /outsource-photo-editing-2/ HTTP/1.1" 200 10031 "-" "Mozilla/5.0 (Linux; Android 10; K) AppleWebKit/537.36 (KHTML, like Gecko) Chrome/122.0.0.0 Mobile Safari/537.36"
47.82.15.47 - - [02/Apr/2025:04:25:55 -0400] "GET /author/ashdev/ HTTP/1.1" 301 0 "-" "Mozilla/5.0 (Windows NT 10.0; Win64; x64) AppleWebKit/537.36 (KHTML, like Gecko) Chrome/122.0.0.0 Safari/537.36"
47.82.15.47 - - [02/Apr/2025:04:25:56 -0400] "GET / HTTP/1.1" 200 77939 "-" "Mozilla/5.0 (Windows NT 10.0; Win64; x64) AppleWebKit/537.36 (KHTML, like Gecko) Chrome/122.0.0.0 Safari/537.36"
47.82.16.38 - - [02/Apr/2025:04:26:05 -0400] "GET /non-conductive-thermal-paste/ HTTP/1.1" 200 10165 "-" "Mozilla/5.0 (Windows NT 10.0; Win64; x64) AppleWebKit/537.36 (KHTML, like Gecko) Chrome/121.0.0.0 Safari/537.36 Edg/121.0.0.0 Agency/98.8.8188.80"
198.54.114.83 - - [02/Apr/2025:04:26:57 -0400] "POST /wp-admin/admin-ajax.php?action=async_litespeed&nonce=LOhsZ25ujBYCFasrFkRbsp0EV27qm19t&litespeed_type=imgoptm HTTP/1.1" 200 0 "-" "WordPress/6.7.2; https://baernblog.com"
2a03:2880:27ff:72:: - - [02/Apr/2025:04:27:11 -0400] "GET /how-to-design-personalized-mens-socks/ HTTP/1.1" 200 10265 "-" "meta-externalagent/1.1 (+https://developers.facebook.com/docs/sharing/webmasters/crawler)"
