112.92.70.120 - - [31/Mar/2025:04:31:44 -0400] "GET /the-benefits-of-managed-investing/ HTTP/1.1" 200 10958 "https://baernblog.com" "Mozilla/5.0 (Windows NT 10.0; Win64; x64) AppleWebKit/537.36 (KHTML, like Gecko) Chrome/62.0.3202.94 Safari/537.36"
198.54.114.83 - - [31/Mar/2025:04:31:50 -0400] "POST /wp-cron.php?doing_wp_cron=1743409910.3973059654235839843750 HTTP/1.1" 200 0 "-" "WordPress/6.7.2; https://baernblog.com"
198.54.114.83 - - [31/Mar/2025:04:31:51 -0400] "POST /wp-admin/admin-ajax.php?action=async_litespeed&nonce=Rb5Afn5n5jRwOJ8n7bKRmZUBiumByCui&litespeed_type=imgoptm HTTP/1.1" 200 0 "-" "WordPress/6.7.2; https://baernblog.com"
112.92.70.120 - - [31/Mar/2025:04:31:45 -0400] "POST /wp-comments-post.php HTTP/1.1" 302 0 "https://baernblog.com" "Mozilla/5.0 (Windows NT 10.0; Win64; x64) AppleWebKit/537.36 (KHTML, like Gecko) Chrome/62.0.3202.94 Safari/537.36"
58.254.68.93 - - [31/Mar/2025:04:37:12 -0400] "GET /the-benefits-of-managed-investing/ HTTP/1.1" 200 10958 "https://baernblog.com" "Mozilla/5.0 (Windows NT 10.0; Win64; x64) AppleWebKit/537.36 (KHTML, like Gecko) Chrome/62.0.3202.94 Safari/537.36"
198.54.114.83 - - [31/Mar/2025:04:37:24 -0400] "POST /wp-cron.php?doing_wp_cron=1743410243.9005210399627685546875 HTTP/1.1" 200 0 "-" "WordPress/6.7.2; https://baernblog.com"
58.254.68.93 - - [31/Mar/2025:04:37:21 -0400] "POST /wp-comments-post.php HTTP/1.1" 302 0 "https://baernblog.com" "Mozilla/5.0 (Windows NT 10.0; Win64; x64) AppleWebKit/537.36 (KHTML, like Gecko) Chrome/62.0.3202.94 Safari/537.36"
198.54.114.83 - - [31/Mar/2025:04:37:24 -0400] "POST /wp-admin/admin-ajax.php?action=async_litespeed&nonce=BjI905kWug2wGvgRH6Hb2vRInD14xbg5&litespeed_type=imgoptm HTTP/1.1" 200 5 "-" "WordPress/6.7.2; https://baernblog.com"
58.254.68.93 - - [31/Mar/2025:04:37:29 -0400] "GET /the-benefits-of-managed-investing/ HTTP/1.1" 200 11623 "https://baernblog.com" "Mozilla/4.0 (compatible; MSIE 6.0; Windows NT 5.1; en) Opera 8.50"
2a03:2880:f800:8:: - - [31/Mar/2025:04:37:33 -0400] "GET /omni/ HTTP/1.1" 200 10102 "-" "meta-externalagent/1.1 (+https://developers.facebook.com/docs/sharing/webmasters/crawler)"
198.54.114.83 - - [31/Mar/2025:04:41:31 -0400] "POST /wp-cron.php?doing_wp_cron=1743410491.0100619792938232421875 HTTP/1.1" 200 0 "-" "WordPress/6.7.2; https://baernblog.com"
54.36.148.142 - - [31/Mar/2025:04:41:26 -0400] "GET /erholung-im-paradies-resort-am-gardasee/ HTTP/1.1" 200 10540 "-" "Mozilla/5.0 (compatible; AhrefsBot/7.0; +http://ahrefs.com/robot/)"
198.54.114.83 - - [31/Mar/2025:04:41:31 -0400] "POST /wp-admin/admin-ajax.php?action=async_litespeed&nonce=bABwGfWXVxzTaO6LT0kh4ta1N4zAuvcH&litespeed_type=imgoptm HTTP/1.1" 200 5 "-" "WordPress/6.7.2; https://baernblog.com"
198.54.114.83 - - [31/Mar/2025:04:42:58 -0400] "POST /wp-admin/admin-ajax.php?action=async_litespeed&nonce=XwI2VswS4h3z2hEfOgQQjLyjearP87WZ&litespeed_type=imgoptm HTTP/1.1" 200 5 "-" "WordPress/6.7.2; https://baernblog.com"
112.92.70.120 - - [31/Mar/2025:04:44:01 -0400] "GET /the-benefits-of-managed-investing/ HTTP/1.1" 200 10958 "https://baernblog.com" "Mozilla/5.0 (Windows NT 10.0; Win64; x64) AppleWebKit/537.36 (KHTML, like Gecko) Chrome/62.0.3202.94 Safari/537.36"
198.54.114.83 - - [31/Mar/2025:04:44:02 -0400] "POST /wp-cron.php?doing_wp_cron=1743410642.7732191085815429687500 HTTP/1.1" 200 0 "-" "WordPress/6.7.2; https://baernblog.com"
198.54.114.83 - - [31/Mar/2025:04:44:03 -0400] "POST /wp-admin/admin-ajax.php?action=async_litespeed&nonce=RfbG1bhDY7lvbkEgd1v6Dpq53t2t8E3b&litespeed_type=imgoptm HTTP/1.1" 200 5 "-" "WordPress/6.7.2; https://baernblog.com"
112.92.70.120 - - [31/Mar/2025:04:44:02 -0400] "POST /wp-comments-post.php HTTP/1.1" 302 0 "https://baernblog.com" "Mozilla/5.0 (Windows NT 10.0; Win64; x64) AppleWebKit/537.36 (KHTML, like Gecko) Chrome/62.0.3202.94 Safari/537.36"
198.54.114.83 - - [31/Mar/2025:04:44:05 -0400] "POST /wp-cron.php?doing_wp_cron=1743410645.4500169754028320312500 HTTP/1.1" 200 0 "-" "WordPress/6.7.2; https://baernblog.com"
112.92.70.120 - - [31/Mar/2025:04:44:05 -0400] "GET /the-benefits-of-managed-investing/ HTTP/1.1" 200 11668 "https://baernblog.com" "Mozilla/4.0 (compatible; MSIE 6.0; Windows NT 5.1; en) Opera 8.50"
198.54.114.83 - - [31/Mar/2025:04:51:13 -0400] "POST /wp-admin/admin-ajax.php?action=async_litespeed&nonce=OIVjzMaNR4DnsdMZsd5EmhHoDpJtKRrb&litespeed_type=imgoptm HTTP/1.1" 200 0 "-" "WordPress/6.7.2; https://baernblog.com"
101.33.77.217 - - [31/Mar/2025:04:51:15 -0400] "GET /how-to-get-vyvanse-prescription-online/ HTTP/1.1" 200 11814 "https://baernblog.com" "Mozilla/4.0 (compatible; MSIE 6.0; Windows NT 5.1; en) Opera 8.50"
198.54.114.83 - - [31/Mar/2025:04:56:57 -0400] "POST /wp-admin/admin-ajax.php?action=async_litespeed&nonce=bA2sK7UaWfzeG3Uyf5e1l2pMAHWAXvaB&litespeed_type=imgoptm HTTP/1.1" 200 5 "-" "WordPress/6.7.2; https://baernblog.com"
213.136.84.43 - - [31/Mar/2025:04:56:58 -0400] "GET /wp-login.php HTTP/1.1" 200 1685 "http://baernblog.com/wp-login.php" "Mozilla/5.0 (X11; Fedora; Linux x86_64; rv:94.0) Gecko/20100101 Firefox/95.0"
111.225.148.179 - - [31/Mar/2025:04:58:38 -0400] "GET /robots.txt HTTP/1.1" 304 0 "-" "Mozilla/5.0 (Linux; Android 5.0) AppleWebKit/537.36 (KHTML, like Gecko) Mobile Safari/537.36 (compatible; Bytespider; https://zhanzhang.toutiao.com/)"
198.54.114.83 - - [31/Mar/2025:05:01:28 -0400] "POST /wp-cron.php?doing_wp_cron=1743411687.8833560943603515625000 HTTP/1.1" 200 0 "-" "WordPress/6.7.2; https://baernblog.com"
52.45.47.38 - - [31/Mar/2025:05:01:24 -0400] "GET /angels-figurines-represent-gods-guardians-and-messengers/ HTTP/1.1" 200 10886 "-" "Grammarly/1.0 (http://www.grammarly.com)"
198.54.114.83 - - [31/Mar/2025:05:01:28 -0400] "POST /wp-admin/admin-ajax.php?action=async_litespeed&nonce=9vQeX6UulATsDnv3ednkZaI2WFq9qT42&litespeed_type=imgoptm HTTP/1.1" 200 5 "-" "WordPress/6.7.2; https://baernblog.com"
47.128.60.96 - - [31/Mar/2025:05:02:36 -0400] "GET /robots.txt HTTP/1.1" 200 108 "-" "Mozilla/5.0 (Linux; Android 5.0) AppleWebKit/537.36 (KHTML, like Gecko) Mobile Safari/537.36 (compatible; Bytespider; spider-feedback@bytedance.com)"
112.92.70.120 - - [31/Mar/2025:05:05:00 -0400] "GET /how-to-get-vyvanse-prescription-online/ HTTP/1.1" 200 11054 "https://baernblog.com" "Mozilla/5.0 (Windows NT 10.0; Win64; x64) AppleWebKit/537.36 (KHTML, like Gecko) Chrome/62.0.3202.94 Safari/537.36"
198.54.114.83 - - [31/Mar/2025:05:05:07 -0400] "POST /wp-cron.php?doing_wp_cron=1743411906.8321440219879150390625 HTTP/1.1" 200 0 "-" "WordPress/6.7.2; https://baernblog.com"
112.92.70.120 - - [31/Mar/2025:05:05:01 -0400] "POST /wp-comments-post.php HTTP/1.1" 200 0 "https://baernblog.com" "Mozilla/5.0 (Windows NT 10.0; Win64; x64) AppleWebKit/537.36 (KHTML, like Gecko) Chrome/62.0.3202.94 Safari/537.36"
198.54.114.83 - - [31/Mar/2025:05:05:08 -0400] "POST /wp-admin/admin-ajax.php?action=async_litespeed&nonce=JQxCNhwtuUC4hGX6HXSAHGKoDK0A99UU&litespeed_type=imgoptm HTTP/1.1" 200 0 "-" "WordPress/6.7.2; https://baernblog.com"
198.54.114.83 - - [31/Mar/2025:05:07:10 -0400] "POST /wp-admin/admin-ajax.php?action=async_litespeed&nonce=dvY9zp1ZT4Nzt2uXtAIrDDSGiO4foRLY&litespeed_type=imgoptm HTTP/1.1" 200 0 "-" "WordPress/6.7.2; https://baernblog.com"
198.54.114.83 - - [31/Mar/2025:05:07:24 -0400] "POST /wp-cron.php?doing_wp_cron=1743412044.0684399604797363281250 HTTP/1.1" 200 0 "-" "WordPress/6.7.2; https://baernblog.com"
54.36.148.66 - - [31/Mar/2025:05:07:23 -0400] "GET /expert-solutions-for-commercial-concrete-repair-in-fort-collins/ HTTP/1.1" 200 10492 "-" "Mozilla/5.0 (compatible; AhrefsBot/7.0; +http://ahrefs.com/robot/)"
34.86.161.136 - - [31/Mar/2025:05:15:23 -0400] "GET /.git/config HTTP/1.1" 403 1242 "-" "-"
34.86.161.136 - - [31/Mar/2025:05:15:23 -0400] "GET /.git/config HTTP/1.1" 403 1242 "-" "-"
185.231.154.128 - - [31/Mar/2025:05:31:40 -0400] "GET /the-benefits-of-managed-investing/ HTTP/1.1" 200 10958 "https://baernblog.com/the-benefits-of-managed-investing/#comment-7157" "Mozilla/5.0 (Windows NT 10.0; Win64; x64) AppleWebKit/537.36 (KHTML, like Gecko) Chrome/131.0.0.0 Safari/537.36"
198.54.114.83 - - [31/Mar/2025:05:31:45 -0400] "POST /wp-cron.php?doing_wp_cron=1743413505.4943690299987792968750 HTTP/1.1" 200 0 "-" "WordPress/6.7.2; https://baernblog.com"
185.231.154.128 - - [31/Mar/2025:05:31:41 -0400] "POST /wp-comments-post.php HTTP/1.1" 302 0 "https://baernblog.com/the-benefits-of-managed-investing/#comment-7157" "Mozilla/5.0 (Windows NT 10.0; Win64; x64) AppleWebKit/537.36 (KHTML, like Gecko) Chrome/131.0.0.0 Safari/537.36"
198.54.114.83 - - [31/Mar/2025:05:31:46 -0400] "POST /wp-admin/admin-ajax.php?action=async_litespeed&nonce=iAD5QCdKxXm1FkQg4mphzv01gIsCGvwP&litespeed_type=imgoptm HTTP/1.1" 200 0 "-" "WordPress/6.7.2; https://baernblog.com"
185.231.154.128 - - [31/Mar/2025:05:31:47 -0400] "GET /the-benefits-of-managed-investing/ HTTP/1.1" 200 17461 "https://baernblog.com/the-benefits-of-managed-investing/#comment-22456" "Mozilla/5.0 (Windows NT 10.0; Win64; x64) AppleWebKit/537.36 (KHTML, like Gecko) Chrome/131.0.0.0 Safari/537.36"
198.54.114.83 - - [31/Mar/2025:05:33:54 -0400] "POST /wp-cron.php?doing_wp_cron=1743413634.3658130168914794921875 HTTP/1.1" 200 0 "-" "WordPress/6.7.2; https://baernblog.com"
54.36.148.74 - - [31/Mar/2025:05:33:51 -0400] "GET /kost/feed/ HTTP/1.1" 200 359 "-" "Mozilla/5.0 (compatible; AhrefsBot/7.0; +http://ahrefs.com/robot/)"
198.54.114.83 - - [31/Mar/2025:05:33:55 -0400] "POST /wp-admin/admin-ajax.php?action=async_litespeed&nonce=YrdI9KAcWLkA4WVkHlVBC42GNzYpjlXB&litespeed_type=imgoptm HTTP/1.1" 200 5 "-" "WordPress/6.7.2; https://baernblog.com"
112.92.70.120 - - [31/Mar/2025:05:40:30 -0400] "GET /the-benefits-of-managed-investing/ HTTP/1.1" 200 10958 "https://baernblog.com" "Mozilla/5.0 (Windows NT 10.0; Win64; x64) AppleWebKit/537.36 (KHTML, like Gecko) Chrome/62.0.3202.94 Safari/537.36"
51.8.102.245 - - [31/Mar/2025:05:40:33 -0400] "GET /robots.txt HTTP/1.1" 304 0 "-" "Mozilla/5.0 (Macintosh; Intel Mac OS X 10_15_7) AppleWebKit/537.36 (KHTML, like Gecko) Chrome/131.0.0.0 Safari/537.36; compatible; OAI-SearchBot/1.0; +https://openai.com/searchbot"
198.54.114.83 - - [31/Mar/2025:05:40:36 -0400] "POST /wp-cron.php?doing_wp_cron=1743414036.1748631000518798828125 HTTP/1.1" 200 0 "-" "WordPress/6.7.2; https://baernblog.com"
198.54.114.83 - - [31/Mar/2025:05:40:37 -0400] "POST /wp-admin/admin-ajax.php?action=async_litespeed&nonce=BOrKKbzlD2jn5uD4Rgui0RgK9iyLrHRD&litespeed_type=imgoptm HTTP/1.1" 200 5 "-" "WordPress/6.7.2; https://baernblog.com"
112.92.70.120 - - [31/Mar/2025:05:40:31 -0400] "POST /wp-comments-post.php HTTP/1.1" 302 0 "https://baernblog.com" "Mozilla/5.0 (Windows NT 10.0; Win64; x64) AppleWebKit/537.36 (KHTML, like Gecko) Chrome/62.0.3202.94 Safari/537.36"
112.92.70.120 - - [31/Mar/2025:05:40:39 -0400] "GET /the-benefits-of-managed-investing/ HTTP/1.1" 200 11512 "https://baernblog.com" "Mozilla/4.0 (compatible; MSIE 6.0; Windows NT 5.1; en) Opera 8.50"
198.54.114.83 - - [31/Mar/2025:05:46:52 -0400] "POST /wp-cron.php?doing_wp_cron=1743414411.9787490367889404296875 HTTP/1.1" 200 0 "-" "WordPress/6.7.2; https://baernblog.com"
198.54.114.83 - - [31/Mar/2025:05:46:52 -0400] "POST /wp-admin/admin-ajax.php?action=async_litespeed&nonce=6PoFZNKQWCrrJ8prOMBheVT6ky193psD&litespeed_type=imgoptm HTTP/1.1" 200 0 "-" "WordPress/6.7.2; https://baernblog.com"
2a03:2880:f800:3:: - - [31/Mar/2025:05:46:48 -0400] "GET /pedicure-equipment/ HTTP/1.1" 200 10010 "-" "meta-externalagent/1.1 (+https://developers.facebook.com/docs/sharing/webmasters/crawler)"
2a03:2880:13ff:70:: - - [31/Mar/2025:05:56:40 -0400] "GET /locksmith-solutions-for-spare-car-keys/ HTTP/1.1" 200 11406 "-" "meta-externalagent/1.1 (+https://developers.facebook.com/docs/sharing/webmasters/crawler)"
2a03:2880:13ff:4:: - - [31/Mar/2025:05:56:41 -0400] "GET /wp-includes/js/jquery/jquery-migrate.min.js?ver=3.4.1 HTTP/1.1" 304 0 "-" "meta-externalagent/1.1 (+https://developers.facebook.com/docs/sharing/webmasters/crawler)"
2a03:2880:13ff:6:: - - [31/Mar/2025:05:56:41 -0400] "GET /wp-includes/js/jquery/jquery.min.js?ver=3.7.1 HTTP/1.1" 304 0 "-" "meta-externalagent/1.1 (+https://developers.facebook.com/docs/sharing/webmasters/crawler)"
2a03:2880:13ff:2:: - - [31/Mar/2025:05:56:41 -0400] "GET /wp-content/themes/ascendoor-news/assets/js/navigation.min.js?ver=1.0.1 HTTP/1.1" 304 0 "-" "meta-externalagent/1.1 (+https://developers.facebook.com/docs/sharing/webmasters/crawler)"
2a03:2880:13ff:72:: - - [31/Mar/2025:05:56:41 -0400] "GET /wp-content/themes/ascendoor-news/assets/js/slick.min.js?ver=1.8.1 HTTP/1.1" 304 0 "-" "meta-externalagent/1.1 (+https://developers.facebook.com/docs/sharing/webmasters/crawler)"
2a03:2880:13ff:72:: - - [31/Mar/2025:05:56:41 -0400] "GET /wp-content/themes/ascendoor-news/assets/js/jquery.marquee.min.js?ver=1.6.0 HTTP/1.1" 304 0 "-" "meta-externalagent/1.1 (+https://developers.facebook.com/docs/sharing/webmasters/crawler)"
2a03:2880:13ff:73:: - - [31/Mar/2025:05:56:41 -0400] "GET /wp-content/themes/ascendoor-news/assets/js/custom.min.js?ver=1.0.1 HTTP/1.1" 304 0 "-" "meta-externalagent/1.1 (+https://developers.facebook.com/docs/sharing/webmasters/crawler)"
2a03:2880:13ff:72:: - - [31/Mar/2025:05:56:41 -0400] "GET /wp-includes/js/comment-reply.min.js?ver=6.7.2 HTTP/1.1" 304 0 "-" "meta-externalagent/1.1 (+https://developers.facebook.com/docs/sharing/webmasters/crawler)"
2a03:2880:13ff:71:: - - [31/Mar/2025:05:56:42 -0400] "GET /wp-includes/js/wp-emoji-release.min.js?ver=6.7.2 HTTP/1.1" 304 0 "-" "meta-externalagent/1.1 (+https://developers.facebook.com/docs/sharing/webmasters/crawler)"
54.36.148.94 - - [31/Mar/2025:05:58:03 -0400] "GET / HTTP/1.1" 200 77939 "-" "Mozilla/5.0 (compatible; AhrefsBot/7.0; +http://ahrefs.com/robot/)"
198.54.114.83 - - [31/Mar/2025:06:03:45 -0400] "POST /wp-cron.php?doing_wp_cron=1743415425.4605920314788818359375 HTTP/1.1" 200 0 "-" "WordPress/6.7.2; https://baernblog.com"
198.54.114.83 - - [31/Mar/2025:06:03:46 -0400] "POST /wp-admin/admin-ajax.php?action=async_litespeed&nonce=GLzUihOoDt6Q3ElEssJ8JW7raN0sArEG&litespeed_type=imgoptm HTTP/1.1" 200 0 "-" "WordPress/6.7.2; https://baernblog.com"
95.29.239.230 - - [31/Mar/2025:06:03:40 -0400] "GET /what-does-a-half-moon-mean-on-iphone-text/ HTTP/1.1" 200 11392 "https://yandex.ru/" "Mozilla/5.0 (Windows NT 10.0; Win64; x64) AppleWebKit/537.36 (KHTML, like Gecko) Chrome/132.0.0.0 YaBrowser/25.2.0.0 Safari/537.36"
95.29.239.230 - - [31/Mar/2025:06:03:48 -0400] "GET /wp-content/themes/ascendoor-news/assets/css/slick.min.css?ver=1.8.1 HTTP/1.1" 200 395 "https://baernblog.com/what-does-a-half-moon-mean-on-iphone-text/" "Mozilla/5.0 (Windows NT 10.0; Win64; x64) AppleWebKit/537.36 (KHTML, like Gecko) Chrome/132.0.0.0 YaBrowser/25.2.0.0 Safari/537.36"
95.29.239.230 - - [31/Mar/2025:06:03:48 -0400] "GET /wp-content/uploads/2023/03/a.jpg HTTP/1.1" 200 48192 "https://baernblog.com/what-does-a-half-moon-mean-on-iphone-text/" "Mozilla/5.0 (Windows NT 10.0; Win64; x64) AppleWebKit/537.36 (KHTML, like Gecko) Chrome/132.0.0.0 YaBrowser/25.2.0.0 Safari/537.36"
95.29.239.230 - - [31/Mar/2025:06:03:48 -0400] "GET /wp-content/themes/ascendoor-news/assets/js/navigation.min.js?ver=1.0.1 HTTP/1.1" 200 506 "https://baernblog.com/what-does-a-half-moon-mean-on-iphone-text/" "Mozilla/5.0 (Windows NT 10.0; Win64; x64) AppleWebKit/537.36 (KHTML, like Gecko) Chrome/132.0.0.0 YaBrowser/25.2.0.0 Safari/537.36"
95.29.239.230 - - [31/Mar/2025:06:03:48 -0400] "GET /wp-includes/js/jquery/jquery-migrate.min.js?ver=3.4.1 HTTP/1.1" 200 4678 "https://baernblog.com/what-does-a-half-moon-mean-on-iphone-text/" "Mozilla/5.0 (Windows NT 10.0; Win64; x64) AppleWebKit/537.36 (KHTML, like Gecko) Chrome/132.0.0.0 YaBrowser/25.2.0.0 Safari/537.36"
95.29.239.230 - - [31/Mar/2025:06:03:48 -0400] "GET /wp-content/fonts/29f45607f318487f081364115154055d.css HTTP/1.1" 200 1319 "https://baernblog.com/what-does-a-half-moon-mean-on-iphone-text/" "Mozilla/5.0 (Windows NT 10.0; Win64; x64) AppleWebKit/537.36 (KHTML, like Gecko) Chrome/132.0.0.0 YaBrowser/25.2.0.0 Safari/537.36"
95.29.239.230 - - [31/Mar/2025:06:03:48 -0400] "GET /wp-content/themes/ascendoor-news/style.css?ver=1.0.1 HTTP/1.1" 200 21576 "https://baernblog.com/what-does-a-half-moon-mean-on-iphone-text/" "Mozilla/5.0 (Windows NT 10.0; Win64; x64) AppleWebKit/537.36 (KHTML, like Gecko) Chrome/132.0.0.0 YaBrowser/25.2.0.0 Safari/537.36"
95.29.239.230 - - [31/Mar/2025:06:03:48 -0400] "GET /wp-content/themes/ascendoor-news/assets/css/fontawesome.min.css?ver=6.4.2 HTTP/1.1" 200 17670 "https://baernblog.com/what-does-a-half-moon-mean-on-iphone-text/" "Mozilla/5.0 (Windows NT 10.0; Win64; x64) AppleWebKit/537.36 (KHTML, like Gecko) Chrome/132.0.0.0 YaBrowser/25.2.0.0 Safari/537.36"
95.29.239.230 - - [31/Mar/2025:06:03:48 -0400] "GET /wp-includes/css/dist/block-library/style.min.css?ver=6.7.2 HTTP/1.1" 200 14225 "https://baernblog.com/what-does-a-half-moon-mean-on-iphone-text/" "Mozilla/5.0 (Windows NT 10.0; Win64; x64) AppleWebKit/537.36 (KHTML, like Gecko) Chrome/132.0.0.0 YaBrowser/25.2.0.0 Safari/537.36"
95.29.239.230 - - [31/Mar/2025:06:03:48 -0400] "GET /wp-content/themes/ascendoor-news/assets/js/slick.min.js?ver=1.8.1 HTTP/1.1" 200 10126 "https://baernblog.com/what-does-a-half-moon-mean-on-iphone-text/" "Mozilla/5.0 (Windows NT 10.0; Win64; x64) AppleWebKit/537.36 (KHTML, like Gecko) Chrome/132.0.0.0 YaBrowser/25.2.0.0 Safari/537.36"
95.29.239.230 - - [31/Mar/2025:06:03:48 -0400] "GET /wp-includes/js/jquery/jquery.min.js?ver=3.7.1 HTTP/1.1" 200 29744 "https://baernblog.com/what-does-a-half-moon-mean-on-iphone-text/" "Mozilla/5.0 (Windows NT 10.0; Win64; x64) AppleWebKit/537.36 (KHTML, like Gecko) Chrome/132.0.0.0 YaBrowser/25.2.0.0 Safari/537.36"
95.29.239.230 - - [31/Mar/2025:06:03:48 -0400] "GET /wp-content/themes/ascendoor-news/assets/js/jquery.marquee.min.js?ver=1.6.0 HTTP/1.1" 200 2160 "https://baernblog.com/what-does-a-half-moon-mean-on-iphone-text/" "Mozilla/5.0 (Windows NT 10.0; Win64; x64) AppleWebKit/537.36 (KHTML, like Gecko) Chrome/132.0.0.0 YaBrowser/25.2.0.0 Safari/537.36"
95.29.239.230 - - [31/Mar/2025:06:03:48 -0400] "GET /wp-content/themes/ascendoor-news/assets/js/custom.min.js?ver=1.0.1 HTTP/1.1" 200 1251 "https://baernblog.com/what-does-a-half-moon-mean-on-iphone-text/" "Mozilla/5.0 (Windows NT 10.0; Win64; x64) AppleWebKit/537.36 (KHTML, like Gecko) Chrome/132.0.0.0 YaBrowser/25.2.0.0 Safari/537.36"
95.29.239.230 - - [31/Mar/2025:06:03:49 -0400] "GET /wp-includes/js/comment-reply.min.js?ver=6.7.2 HTTP/1.1" 200 1247 "https://baernblog.com/what-does-a-half-moon-mean-on-iphone-text/" "Mozilla/5.0 (Windows NT 10.0; Win64; x64) AppleWebKit/537.36 (KHTML, like Gecko) Chrome/132.0.0.0 YaBrowser/25.2.0.0 Safari/537.36"
95.29.239.230 - - [31/Mar/2025:06:03:49 -0400] "GET /wp-content/fonts/roboto/KFOlCnqEu92Fr1MmWUlfBBc4.woff2 HTTP/1.1" 200 15860 "https://baernblog.com/wp-content/fonts/29f45607f318487f081364115154055d.css" "Mozilla/5.0 (Windows NT 10.0; Win64; x64) AppleWebKit/537.36 (KHTML, like Gecko) Chrome/132.0.0.0 YaBrowser/25.2.0.0 Safari/537.36"
95.29.239.230 - - [31/Mar/2025:06:03:49 -0400] "GET /wp-content/fonts/poppins/pxiByp8kv8JHgFVrLCz7Z1xlFQ.woff2 HTTP/1.1" 200 7816 "https://baernblog.com/wp-content/fonts/29f45607f318487f081364115154055d.css" "Mozilla/5.0 (Windows NT 10.0; Win64; x64) AppleWebKit/537.36 (KHTML, like Gecko) Chrome/132.0.0.0 YaBrowser/25.2.0.0 Safari/537.36"
95.29.239.230 - - [31/Mar/2025:06:03:49 -0400] "GET /wp-content/fonts/poppins/pxiByp8kv8JHgFVrLEj6Z1xlFQ.woff2 HTTP/1.1" 200 8000 "https://baernblog.com/wp-content/fonts/29f45607f318487f081364115154055d.css" "Mozilla/5.0 (Windows NT 10.0; Win64; x64) AppleWebKit/537.36 (KHTML, like Gecko) Chrome/132.0.0.0 YaBrowser/25.2.0.0 Safari/537.36"
95.29.239.230 - - [31/Mar/2025:06:03:49 -0400] "GET /wp-content/fonts/poppins/pxiEyp8kv8JHgFVrJJfecg.woff2 HTTP/1.1" 200 7884 "https://baernblog.com/wp-content/fonts/29f45607f318487f081364115154055d.css" "Mozilla/5.0 (Windows NT 10.0; Win64; x64) AppleWebKit/537.36 (KHTML, like Gecko) Chrome/132.0.0.0 YaBrowser/25.2.0.0 Safari/537.36"
95.29.239.230 - - [31/Mar/2025:06:03:49 -0400] "GET /wp-content/themes/ascendoor-news/assets/webfonts/fa-regular-400.woff2 HTTP/1.1" 200 24488 "https://baernblog.com/wp-content/themes/ascendoor-news/assets/css/fontawesome.min.css?ver=6.4.2" "Mozilla/5.0 (Windows NT 10.0; Win64; x64) AppleWebKit/537.36 (KHTML, like Gecko) Chrome/132.0.0.0 YaBrowser/25.2.0.0 Safari/537.36"
95.29.239.230 - - [31/Mar/2025:06:03:49 -0400] "GET /wp-content/themes/ascendoor-news/assets/webfonts/fa-solid-900.woff2 HTTP/1.1" 200 150020 "https://baernblog.com/wp-content/themes/ascendoor-news/assets/css/fontawesome.min.css?ver=6.4.2" "Mozilla/5.0 (Windows NT 10.0; Win64; x64) AppleWebKit/537.36 (KHTML, like Gecko) Chrome/132.0.0.0 YaBrowser/25.2.0.0 Safari/537.36"
95.29.239.230 - - [31/Mar/2025:06:03:49 -0400] "GET /wp-includes/js/wp-emoji-release.min.js?ver=6.7.2 HTTP/1.1" 200 4676 "https://baernblog.com/what-does-a-half-moon-mean-on-iphone-text/" "Mozilla/5.0 (Windows NT 10.0; Win64; x64) AppleWebKit/537.36 (KHTML, like Gecko) Chrome/132.0.0.0 YaBrowser/25.2.0.0 Safari/537.36"
213.209.153.53 - - [31/Mar/2025:06:04:36 -0400] "GET /cbd-oil-for-anxiety-uk-a-conclusive-account/ HTTP/1.1" 200 11126 "https://baernblog.com/cbd-oil-for-anxiety-uk-a-conclusive-account/#comment-22290" "Mozilla/5.0 (Windows NT 10.0; Win64; x64) AppleWebKit/537.36 (KHTML, like Gecko) Chrome/131.0.0.0 Safari/537.36 Avast/131.0.0.0"
198.54.114.83 - - [31/Mar/2025:06:04:39 -0400] "POST /wp-cron.php?doing_wp_cron=1743415479.0262439250946044921875 HTTP/1.1" 200 0 "-" "WordPress/6.7.2; https://baernblog.com"
198.54.114.83 - - [31/Mar/2025:06:04:40 -0400] "POST /wp-admin/admin-ajax.php?action=async_litespeed&nonce=PHg329DQjsIRmWbPTzqhOO8Vjl7xYQgC&litespeed_type=imgoptm HTTP/1.1" 200 5 "-" "WordPress/6.7.2; https://baernblog.com"
213.209.153.53 - - [31/Mar/2025:06:04:38 -0400] "POST /wp-comments-post.php HTTP/1.1" 302 0 "https://baernblog.com/cbd-oil-for-anxiety-uk-a-conclusive-account/#comment-22290" "Mozilla/5.0 (Windows NT 10.0; Win64; x64) AppleWebKit/537.36 (KHTML, like Gecko) Chrome/131.0.0.0 Safari/537.36 Avast/131.0.0.0"
213.209.153.53 - - [31/Mar/2025:06:04:51 -0400] "GET /cbd-oil-for-anxiety-uk-a-conclusive-account/ HTTP/1.1" 200 12117 "https://baernblog.com/cbd-oil-for-anxiety-uk-a-conclusive-account/#comment-22458" "Mozilla/5.0 (Windows NT 10.0; Win64; x64) AppleWebKit/537.36 (KHTML, like Gecko) Chrome/131.0.0.0 Safari/537.36 Avast/131.0.0.0"
3.139.98.233 - - [31/Mar/2025:06:07:28 -0400] "GET /robots.txt HTTP/1.1" 304 0 "-" "Mozilla/5.0 AppleWebKit/537.36 (KHTML, like Gecko; compatible; ClaudeBot/1.0; +claudebot@anthropic.com)"
198.54.114.83 - - [31/Mar/2025:06:07:32 -0400] "POST /wp-cron.php?doing_wp_cron=1743415652.7250480651855468750000 HTTP/1.1" 200 0 "-" "WordPress/6.7.2; https://baernblog.com"
3.139.98.233 - - [31/Mar/2025:06:07:29 -0400] "GET /city-concierge-cartagena HTTP/1.1" 301 0 "-" "Mozilla/5.0 AppleWebKit/537.36 (KHTML, like Gecko; compatible; ClaudeBot/1.0; +claudebot@anthropic.com)"
198.54.114.83 - - [31/Mar/2025:06:07:33 -0400] "POST /wp-admin/admin-ajax.php?action=async_litespeed&nonce=Ats2LsEKjKJX0AdvT3jXzC2mOvdTDIOw&litespeed_type=imgoptm HTTP/1.1" 200 5 "-" "WordPress/6.7.2; https://baernblog.com"
3.139.98.233 - - [31/Mar/2025:06:07:33 -0400] "GET /city-concierge-cartagena/ HTTP/1.1" 200 10911 "https://baernblog.com/city-concierge-cartagena" "Mozilla/5.0 AppleWebKit/537.36 (KHTML, like Gecko; compatible; ClaudeBot/1.0; +claudebot@anthropic.com)"
110.74.206.106 - - [31/Mar/2025:06:08:05 -0400] "GET /wp-login.php HTTP/1.1" 200 1685 "-" "python-requests/2.31.0"
198.54.114.83 - - [31/Mar/2025:06:08:06 -0400] "POST /wp-cron.php?doing_wp_cron=1743415686.3102149963378906250000 HTTP/1.1" 200 0 "-" "WordPress/6.7.2; https://baernblog.com"
110.74.206.106 - - [31/Mar/2025:06:08:06 -0400] "POST /wp-login.php HTTP/1.1" 200 1803 "-" "Mozilla/5.0 (X11; Linux x86_64) AppleWebKit/537.36 (KHTML, like Gecko) Chrome/83.0.4103.101 Safari/537.36"
198.54.114.83 - - [31/Mar/2025:06:08:06 -0400] "POST /wp-admin/admin-ajax.php?action=async_litespeed&nonce=BiPXlbkic9HiO6UkiO9PY7RQkf0XfWwR&litespeed_type=imgoptm HTTP/1.1" 200 5 "-" "WordPress/6.7.2; https://baernblog.com"
47.79.60.86 - - [31/Mar/2025:06:14:51 -0400] "GET / HTTP/1.1" 200 77939 "https://www.google.com/" "Mozilla/5.0 (Windows NT 10.0; Win64; x64) AppleWebKit/537.36 (KHTML, like Gecko) Chrome/132.0.0.0 Safari/537.36"
198.54.114.83 - - [31/Mar/2025:06:17:23 -0400] "POST /wp-cron.php?doing_wp_cron=1743416243.6386818885803222656250 HTTP/1.1" 200 0 "-" "WordPress/6.7.2; https://baernblog.com"
54.36.148.150 - - [31/Mar/2025:06:17:19 -0400] "GET /page/6/ HTTP/1.1" 200 9280 "-" "Mozilla/5.0 (compatible; AhrefsBot/7.0; +http://ahrefs.com/robot/)"
198.54.114.83 - - [31/Mar/2025:06:17:24 -0400] "POST /wp-admin/admin-ajax.php?action=async_litespeed&nonce=mRDKucRSCKBH1y4KGg2Vl7zPiFnOgJXQ&litespeed_type=imgoptm HTTP/1.1" 200 0 "-" "WordPress/6.7.2; https://baernblog.com"
198.54.114.83 - - [31/Mar/2025:06:26:20 -0400] "POST /wp-cron.php?doing_wp_cron=1743416779.9928870201110839843750 HTTP/1.1" 200 0 "-" "WordPress/6.7.2; https://baernblog.com"
54.36.148.111 - - [31/Mar/2025:06:26:16 -0400] "GET /page/13/ HTTP/1.1" 200 9232 "-" "Mozilla/5.0 (compatible; AhrefsBot/7.0; +http://ahrefs.com/robot/)"
198.54.114.83 - - [31/Mar/2025:06:26:20 -0400] "POST /wp-admin/admin-ajax.php?action=async_litespeed&nonce=v9EJaFoIoeF9rdCP6nWNVc2KVtbwFLy1&litespeed_type=imgoptm HTTP/1.1" 200 0 "-" "WordPress/6.7.2; https://baernblog.com"
3.14.252.26 - - [31/Mar/2025:06:26:30 -0400] "GET /choosing-replacement-windows-in-swansea HTTP/1.1" 301 0 "-" "Mozilla/5.0 AppleWebKit/537.36 (KHTML, like Gecko; compatible; ClaudeBot/1.0; +claudebot@anthropic.com)"
3.14.252.26 - - [31/Mar/2025:06:26:30 -0400] "GET /choosing-replacement-windows-in-swansea/ HTTP/1.1" 200 11710 "https://baernblog.com/choosing-replacement-windows-in-swansea" "Mozilla/5.0 AppleWebKit/537.36 (KHTML, like Gecko; compatible; ClaudeBot/1.0; +claudebot@anthropic.com)"
198.54.114.83 - - [31/Mar/2025:06:35:18 -0400] "POST /wp-cron.php?doing_wp_cron=1743417318.5788691043853759765625 HTTP/1.1" 200 0 "-" "WordPress/6.7.2; https://baernblog.com"
54.36.149.92 - - [31/Mar/2025:06:35:13 -0400] "GET /category/activity/page/4/ HTTP/1.1" 200 9443 "-" "Mozilla/5.0 (compatible; AhrefsBot/7.0; +http://ahrefs.com/robot/)"
198.54.114.83 - - [31/Mar/2025:06:35:19 -0400] "POST /wp-admin/admin-ajax.php?action=async_litespeed&nonce=7uFhPX8rVfZz0dOsYSytSS7Knc8ntcJG&litespeed_type=imgoptm HTTP/1.1" 200 0 "-" "WordPress/6.7.2; https://baernblog.com"
198.54.114.83 - - [31/Mar/2025:06:44:29 -0400] "POST /wp-cron.php?doing_wp_cron=1743417869.8015139102935791015625 HTTP/1.1" 200 0 "-" "WordPress/6.7.2; https://baernblog.com"
54.36.148.228 - - [31/Mar/2025:06:44:26 -0400] "GET /2025/02/ HTTP/1.1" 301 0 "-" "Mozilla/5.0 (compatible; AhrefsBot/7.0; +http://ahrefs.com/robot/)"
198.54.114.83 - - [31/Mar/2025:06:44:30 -0400] "POST /wp-admin/admin-ajax.php?action=async_litespeed&nonce=fYA6gOkmPPPV3Zx02yAkhKDlb0q4I99t&litespeed_type=imgoptm HTTP/1.1" 200 5 "-" "WordPress/6.7.2; https://baernblog.com"
198.54.114.83 - - [31/Mar/2025:06:46:48 -0400] "POST /wp-cron.php?doing_wp_cron=1743418008.2405910491943359375000 HTTP/1.1" 200 0 "-" "WordPress/6.7.2; https://baernblog.com"
198.54.114.83 - - [31/Mar/2025:06:46:49 -0400] "POST /wp-admin/admin-ajax.php?action=async_litespeed&nonce=YQwRmhaEUNXm10jy7AcPtYTzcASZz73j&litespeed_type=imgoptm HTTP/1.1" 200 0 "-" "WordPress/6.7.2; https://baernblog.com"
114.119.150.190 - - [31/Mar/2025:06:46:44 -0400] "GET /endearing-extraterrestrial-companions-the-charismatic-world-of-lilo-and-stitch-teddys/ HTTP/1.1" 200 10973 "https://baernblog.com/exploring-the-mysteries-of-the-mind-dolores-cannon-hypnosis/" "Mozilla/5.0 (Linux; Android 7.0;) AppleWebKit/537.36 (KHTML, like Gecko) Mobile Safari/537.36 (compatible; PetalBot;+https://webmaster.petalsearch.com/site/petalbot)"
58.254.68.93 - - [31/Mar/2025:06:51:45 -0400] "GET /the-benefits-of-managed-investing/ HTTP/1.1" 200 10958 "https://baernblog.com" "Mozilla/5.0 (Windows NT 10.0; Win64; x64) AppleWebKit/537.36 (KHTML, like Gecko) Chrome/62.0.3202.94 Safari/537.36"
198.54.114.83 - - [31/Mar/2025:06:51:51 -0400] "POST /wp-cron.php?doing_wp_cron=1743418311.7365798950195312500000 HTTP/1.1" 200 0 "-" "WordPress/6.7.2; https://baernblog.com"
58.254.68.93 - - [31/Mar/2025:06:51:47 -0400] "POST /wp-comments-post.php HTTP/1.1" 302 0 "https://baernblog.com" "Mozilla/5.0 (Windows NT 10.0; Win64; x64) AppleWebKit/537.36 (KHTML, like Gecko) Chrome/62.0.3202.94 Safari/537.36"
198.54.114.83 - - [31/Mar/2025:06:51:52 -0400] "POST /wp-admin/admin-ajax.php?action=async_litespeed&nonce=kttayyt4INKPMKlzHGmeZjyBEnCHMH1h&litespeed_type=imgoptm HTTP/1.1" 200 5 "-" "WordPress/6.7.2; https://baernblog.com"
58.254.68.93 - - [31/Mar/2025:06:51:53 -0400] "GET /the-benefits-of-managed-investing/ HTTP/1.1" 200 11620 "https://baernblog.com" "Mozilla/4.0 (compatible; MSIE 6.0; Windows NT 5.1; en) Opera 8.50"
198.54.114.83 - - [31/Mar/2025:06:55:00 -0400] "POST /wp-cron.php?doing_wp_cron=1743418499.9833459854125976562500 HTTP/1.1" 200 0 "-" "WordPress/6.7.2; https://baernblog.com"
54.36.148.52 - - [31/Mar/2025:06:54:57 -0400] "GET /category/activity/page/14/ HTTP/1.1" 200 9430 "-" "Mozilla/5.0 (compatible; AhrefsBot/7.0; +http://ahrefs.com/robot/)"
198.54.114.83 - - [31/Mar/2025:06:55:00 -0400] "POST /wp-admin/admin-ajax.php?action=async_litespeed&nonce=Z34DQ53RKo6ELpMkDSmHfIwxYesIbdbm&litespeed_type=imgoptm HTTP/1.1" 200 5 "-" "WordPress/6.7.2; https://baernblog.com"
198.54.114.83 - - [31/Mar/2025:07:02:48 -0400] "POST /wp-cron.php?doing_wp_cron=1743418967.8922090530395507812500 HTTP/1.1" 200 0 "-" "WordPress/6.7.2; https://baernblog.com"
85.208.96.203 - - [31/Mar/2025:07:02:44 -0400] "GET /category/activity/page/90/ HTTP/1.1" 200 9504 "-" "Mozilla/5.0 (compatible; SemrushBot/7~bl; +http://www.semrush.com/bot.html)"
198.54.114.83 - - [31/Mar/2025:07:02:48 -0400] "POST /wp-admin/admin-ajax.php?action=async_litespeed&nonce=olSTqcJyJglbRvaXofr4OSWxBFFIydh2&litespeed_type=imgoptm HTTP/1.1" 200 0 "-" "WordPress/6.7.2; https://baernblog.com"
198.54.114.83 - - [31/Mar/2025:07:04:36 -0400] "POST /wp-cron.php?doing_wp_cron=1743419075.8761188983917236328125 HTTP/1.1" 200 0 "-" "WordPress/6.7.2; https://baernblog.com"
54.36.148.195 - - [31/Mar/2025:07:04:33 -0400] "GET /page/14/ HTTP/1.1" 200 9262 "-" "Mozilla/5.0 (compatible; AhrefsBot/7.0; +http://ahrefs.com/robot/)"
198.54.114.83 - - [31/Mar/2025:07:04:36 -0400] "POST /wp-admin/admin-ajax.php?action=async_litespeed&nonce=9jJyD0CTOrOlfbTNxq0lJmrrg0qLHDX3&litespeed_type=imgoptm HTTP/1.1" 200 0 "-" "WordPress/6.7.2; https://baernblog.com"
198.54.114.83 - - [31/Mar/2025:07:13:48 -0400] "POST /wp-cron.php?doing_wp_cron=1743419628.7660880088806152343750 HTTP/1.1" 200 0 "-" "WordPress/6.7.2; https://baernblog.com"
198.54.114.83 - - [31/Mar/2025:07:13:49 -0400] "POST /wp-admin/admin-ajax.php?action=async_litespeed&nonce=lOsod1xNrN4HkvKWgA9AvhISY68s0J7f&litespeed_type=imgoptm HTTP/1.1" 200 5 "-" "WordPress/6.7.2; https://baernblog.com"
54.36.149.65 - - [31/Mar/2025:07:13:46 -0400] "GET /category/activity/page/5/ HTTP/1.1" 200 9465 "-" "Mozilla/5.0 (compatible; AhrefsBot/7.0; +http://ahrefs.com/robot/)"
198.54.114.83 - - [31/Mar/2025:07:23:14 -0400] "POST /wp-cron.php?doing_wp_cron=1743420194.1240870952606201171875 HTTP/1.1" 200 0 "-" "WordPress/6.7.2; https://baernblog.com"
54.36.148.46 - - [31/Mar/2025:07:23:11 -0400] "GET /the-evolution-of-online-casinos-4/ HTTP/1.1" 200 10823 "-" "Mozilla/5.0 (compatible; AhrefsBot/7.0; +http://ahrefs.com/robot/)"
198.54.114.83 - - [31/Mar/2025:07:23:14 -0400] "POST /wp-admin/admin-ajax.php?action=async_litespeed&nonce=FmRkyjQamgoxMcalev7QWxy9hlP3URju&litespeed_type=imgoptm HTTP/1.1" 200 5 "-" "WordPress/6.7.2; https://baernblog.com"
198.54.114.83 - - [31/Mar/2025:07:25:53 -0400] "POST /wp-admin/admin-ajax.php?action=async_litespeed&nonce=wzypGd3XsvzvjKEnHgob0QHH854ECGnN&litespeed_type=imgoptm HTTP/1.1" 200 5 "-" "WordPress/6.7.2; https://baernblog.com"
198.54.114.83 - - [31/Mar/2025:07:32:14 -0400] "POST /wp-cron.php?doing_wp_cron=1743420733.9535388946533203125000 HTTP/1.1" 200 0 "-" "WordPress/6.7.2; https://baernblog.com"
54.36.149.43 - - [31/Mar/2025:07:32:11 -0400] "GET /page/7/ HTTP/1.1" 200 9183 "-" "Mozilla/5.0 (compatible; AhrefsBot/7.0; +http://ahrefs.com/robot/)"
198.54.114.83 - - [31/Mar/2025:07:32:14 -0400] "POST /wp-admin/admin-ajax.php?action=async_litespeed&nonce=4TvSzJXWc5XtQV5OgOBdFIJP9HSmH5Yq&litespeed_type=imgoptm HTTP/1.1" 200 5 "-" "WordPress/6.7.2; https://baernblog.com"
89.110.109.81 - - [31/Mar/2025:07:37:22 -0400] "GET /the-benefits-of-managed-investing/ HTTP/1.1" 200 10958 "https://baernblog.com/the-benefits-of-managed-investing/#comment-20028" "Mozilla/5.0 (Windows NT 6.3; Win64; x64) AppleWebKit/537.36 (KHTML, like Gecko) Chrome/103.0.5060.53 Safari/537.36"
198.54.114.83 - - [31/Mar/2025:07:37:25 -0400] "POST /wp-cron.php?doing_wp_cron=1743421044.9391930103302001953125 HTTP/1.1" 200 0 "-" "WordPress/6.7.2; https://baernblog.com"
89.110.109.81 - - [31/Mar/2025:07:37:22 -0400] "POST /wp-comments-post.php HTTP/1.1" 302 0 "https://baernblog.com/the-benefits-of-managed-investing/#comment-20028" "Mozilla/5.0 (Windows NT 6.3; Win64; x64) AppleWebKit/537.36 (KHTML, like Gecko) Chrome/103.0.5060.53 Safari/537.36"
89.110.109.81 - - [31/Mar/2025:07:37:26 -0400] "GET /the-benefits-of-managed-investing/ HTTP/1.1" 200 11788 "https://baernblog.com/the-benefits-of-managed-investing/#comment-22460" "Mozilla/5.0 (Windows NT 6.3; Win64; x64) AppleWebKit/537.36 (KHTML, like Gecko) Chrome/103.0.5060.53 Safari/537.36"
198.54.114.83 - - [31/Mar/2025:07:37:30 -0400] "POST /wp-admin/admin-ajax.php?action=async_litespeed&nonce=3ShDqNAtjDgFKpOYCi28fkaEpVImgLhu&litespeed_type=imgoptm HTTP/1.1" 200 5 "-" "WordPress/6.7.2; https://baernblog.com"
198.54.114.83 - - [31/Mar/2025:07:38:48 -0400] "POST /wp-cron.php?doing_wp_cron=1743421127.9198958873748779296875 HTTP/1.1" 200 0 "-" "WordPress/6.7.2; https://baernblog.com"
207.46.13.64 - - [31/Mar/2025:07:38:47 -0400] "GET /2023/08/ HTTP/1.1" 301 0 "-" "Mozilla/5.0 AppleWebKit/537.36 (KHTML, like Gecko; compatible; bingbot/2.0; +http://www.bing.com/bingbot.htm) Chrome/116.0.1938.76 Safari/537.36"
198.54.114.83 - - [31/Mar/2025:07:38:48 -0400] "POST /wp-admin/admin-ajax.php?action=async_litespeed&nonce=DVh9bx5l8sDZW5Z51uvtsM9Tf1EdX0uA&litespeed_type=imgoptm HTTP/1.1" 200 5 "-" "WordPress/6.7.2; https://baernblog.com"
198.54.114.83 - - [31/Mar/2025:07:41:17 -0400] "POST /wp-cron.php?doing_wp_cron=1743421276.9128909111022949218750 HTTP/1.1" 200 0 "-" "WordPress/6.7.2; https://baernblog.com"
54.36.148.242 - - [31/Mar/2025:07:41:14 -0400] "GET /page/15/ HTTP/1.1" 200 9211 "-" "Mozilla/5.0 (compatible; AhrefsBot/7.0; +http://ahrefs.com/robot/)"
198.54.114.83 - - [31/Mar/2025:07:41:17 -0400] "POST /wp-admin/admin-ajax.php?action=async_litespeed&nonce=l8mMqyRd6nu6HtcgzegEI7HORPsxavKq&litespeed_type=imgoptm HTTP/1.1" 200 5 "-" "WordPress/6.7.2; https://baernblog.com"
198.54.114.83 - - [31/Mar/2025:07:46:42 -0400] "POST /wp-cron.php?doing_wp_cron=1743421602.6792199611663818359375 HTTP/1.1" 200 0 "-" "WordPress/6.7.2; https://baernblog.com"
58.253.86.32 - - [31/Mar/2025:07:46:40 -0400] "GET /insulated-conservatory-roof-panels HTTP/1.1" 301 0 "-" "Java/17.0.14"
58.253.86.32 - - [31/Mar/2025:07:46:46 -0400] "GET /insulated-conservatory-roof-panels/ HTTP/1.1" 200 11040 "-" "Java/17.0.14"
198.54.114.83 - - [31/Mar/2025:07:46:48 -0400] "POST /wp-admin/admin-ajax.php?action=async_litespeed&nonce=TN0YPtdWH4twAqj9j5DqMst9QhDmJltJ&litespeed_type=imgoptm HTTP/1.1" 200 5 "-" "WordPress/6.7.2; https://baernblog.com"
198.54.114.83 - - [31/Mar/2025:07:49:27 -0400] "POST /wp-cron.php?doing_wp_cron=1743421767.5041890144348144531250 HTTP/1.1" 200 0 "-" "WordPress/6.7.2; https://baernblog.com"
45.251.136.230 - - [31/Mar/2025:07:49:25 -0400] "GET /the-ultimate-guide-to-jewellery-cleaners-keeping-your-precious-gems-sparkling/ HTTP/1.1" 200 11303 "-" "Mozilla/5.0 (Macintosh; Intel Mac OS X 10_15_7) AppleWebKit/537.36 (KHTML, like Gecko) Chrome/125.0.0.0 Safari/537.36"
198.54.114.83 - - [31/Mar/2025:07:49:27 -0400] "POST /wp-admin/admin-ajax.php?action=async_litespeed&nonce=lgcASY7Dvz7YlVmiNMaa6HQ2NRJ5WfIc&litespeed_type=imgoptm HTTP/1.1" 200 5 "-" "WordPress/6.7.2; https://baernblog.com"
47.246.164.140 - - [31/Mar/2025:07:49:29 -0400] "GET /wp-includes/js/jquery/jquery.min.js?ver=3.7.1 HTTP/1.1" 200 29744 "https://baernblog.com/the-ultimate-guide-to-jewellery-cleaners-keeping-your-precious-gems-sparkling/" "Mozilla/5.0 (Macintosh; Intel Mac OS X 10_15_7) AppleWebKit/537.36 (KHTML, like Gecko) Chrome/125.0.0.0 Safari/537.36"
47.246.164.144 - - [31/Mar/2025:07:49:29 -0400] "GET /wp-content/themes/ascendoor-news/assets/js/slick.min.js?ver=1.8.1 HTTP/1.1" 200 10126 "https://baernblog.com/the-ultimate-guide-to-jewellery-cleaners-keeping-your-precious-gems-sparkling/" "Mozilla/5.0 (Macintosh; Intel Mac OS X 10_15_7) AppleWebKit/537.36 (KHTML, like Gecko) Chrome/125.0.0.0 Safari/537.36"
47.246.164.132 - - [31/Mar/2025:07:49:29 -0400] "GET /wp-content/themes/ascendoor-news/assets/js/navigation.min.js?ver=1.0.1 HTTP/1.1" 200 506 "https://baernblog.com/the-ultimate-guide-to-jewellery-cleaners-keeping-your-precious-gems-sparkling/" "Mozilla/5.0 (Macintosh; Intel Mac OS X 10_15_7) AppleWebKit/537.36 (KHTML, like Gecko) Chrome/125.0.0.0 Safari/537.36"
47.246.164.151 - - [31/Mar/2025:07:49:29 -0400] "GET /wp-content/themes/ascendoor-news/assets/js/jquery.marquee.min.js?ver=1.6.0 HTTP/1.1" 200 2160 "https://baernblog.com/the-ultimate-guide-to-jewellery-cleaners-keeping-your-precious-gems-sparkling/" "Mozilla/5.0 (Macintosh; Intel Mac OS X 10_15_7) AppleWebKit/537.36 (KHTML, like Gecko) Chrome/125.0.0.0 Safari/537.36"
47.246.164.148 - - [31/Mar/2025:07:49:29 -0400] "GET /wp-includes/js/jquery/jquery-migrate.min.js?ver=3.4.1 HTTP/1.1" 200 4678 "https://baernblog.com/the-ultimate-guide-to-jewellery-cleaners-keeping-your-precious-gems-sparkling/" "Mozilla/5.0 (Macintosh; Intel Mac OS X 10_15_7) AppleWebKit/537.36 (KHTML, like Gecko) Chrome/125.0.0.0 Safari/537.36"
47.246.164.156 - - [31/Mar/2025:07:49:29 -0400] "GET /wp-content/themes/ascendoor-news/assets/js/custom.min.js?ver=1.0.1 HTTP/1.1" 200 1251 "https://baernblog.com/the-ultimate-guide-to-jewellery-cleaners-keeping-your-precious-gems-sparkling/" "Mozilla/5.0 (Macintosh; Intel Mac OS X 10_15_7) AppleWebKit/537.36 (KHTML, like Gecko) Chrome/125.0.0.0 Safari/537.36"
47.246.164.147 - - [31/Mar/2025:07:49:31 -0400] "GET /wp-content/fonts/poppins/pxiByp8kv8JHgFVrLCz7Z1xlFQ.woff2 HTTP/1.1" 304 0 "https://baernblog.com/wp-content/fonts/29f45607f318487f081364115154055d.css" "Mozilla/5.0 (Macintosh; Intel Mac OS X 10_15_7) AppleWebKit/537.36 (KHTML, like Gecko) Chrome/125.0.0.0 Safari/537.36"
47.246.164.130 - - [31/Mar/2025:07:49:31 -0400] "GET /wp-includes/js/comment-reply.min.js?ver=6.7.2 HTTP/1.1" 304 0 "https://baernblog.com/the-ultimate-guide-to-jewellery-cleaners-keeping-your-precious-gems-sparkling/" "Mozilla/5.0 (Macintosh; Intel Mac OS X 10_15_7) AppleWebKit/537.36 (KHTML, like Gecko) Chrome/125.0.0.0 Safari/537.36"
47.246.164.135 - - [31/Mar/2025:07:49:31 -0400] "GET /wp-content/fonts/roboto/KFOlCnqEu92Fr1MmWUlfBBc4.woff2 HTTP/1.1" 200 15860 "https://baernblog.com/wp-content/fonts/29f45607f318487f081364115154055d.css" "Mozilla/5.0 (Macintosh; Intel Mac OS X 10_15_7) AppleWebKit/537.36 (KHTML, like Gecko) Chrome/125.0.0.0 Safari/537.36"
47.246.164.138 - - [31/Mar/2025:07:49:31 -0400] "GET /wp-content/fonts/poppins/pxiEyp8kv8JHgFVrJJfecg.woff2 HTTP/1.1" 200 7884 "https://baernblog.com/wp-content/fonts/29f45607f318487f081364115154055d.css" "Mozilla/5.0 (Macintosh; Intel Mac OS X 10_15_7) AppleWebKit/537.36 (KHTML, like Gecko) Chrome/125.0.0.0 Safari/537.36"
47.246.164.143 - - [31/Mar/2025:07:49:31 -0400] "GET /wp-content/themes/ascendoor-news/assets/webfonts/fa-solid-900.woff2 HTTP/1.1" 304 0 "https://baernblog.com/wp-content/themes/ascendoor-news/assets/css/fontawesome.min.css?ver=6.4.2" "Mozilla/5.0 (Macintosh; Intel Mac OS X 10_15_7) AppleWebKit/537.36 (KHTML, like Gecko) Chrome/125.0.0.0 Safari/537.36"
47.246.164.135 - - [31/Mar/2025:07:49:31 -0400] "GET /wp-includes/js/wp-emoji-release.min.js?ver=6.7.2 HTTP/1.1" 304 0 "https://baernblog.com/the-ultimate-guide-to-jewellery-cleaners-keeping-your-precious-gems-sparkling/" "Mozilla/5.0 (Macintosh; Intel Mac OS X 10_15_7) AppleWebKit/537.36 (KHTML, like Gecko) Chrome/125.0.0.0 Safari/537.36"
130.51.20.151 - - [31/Mar/2025:07:49:45 -0400] "GET /michael-kors-handbag-sales/ HTTP/1.1" 200 11283 "-" "Mozilla/5.0 (X11; Ubuntu; Linux i686; rv:114.0) Gecko/20100101 Firefox/114.0"
198.54.114.83 - - [31/Mar/2025:07:51:59 -0400] "POST /wp-cron.php?doing_wp_cron=1743421919.6946699619293212890625 HTTP/1.1" 200 0 "-" "WordPress/6.7.2; https://baernblog.com"
54.36.148.86 - - [31/Mar/2025:07:51:57 -0400] "GET /verhandlungstraining-im-einkauf/ HTTP/1.1" 200 10844 "-" "Mozilla/5.0 (compatible; AhrefsBot/7.0; +http://ahrefs.com/robot/)"
198.54.114.83 - - [31/Mar/2025:07:52:00 -0400] "POST /wp-admin/admin-ajax.php?action=async_litespeed&nonce=c0KwFUOyys8Szh8sUebn5UguK84LTxdr&litespeed_type=imgoptm HTTP/1.1" 200 5 "-" "WordPress/6.7.2; https://baernblog.com"
198.54.114.83 - - [31/Mar/2025:08:00:25 -0400] "POST /wp-cron.php?doing_wp_cron=1743422425.3843760490417480468750 HTTP/1.1" 200 0 "-" "WordPress/6.7.2; https://baernblog.com"
58.254.68.93 - - [31/Mar/2025:08:00:23 -0400] "GET /the-history-of-birthday-cakes/ HTTP/1.1" 200 11100 "https://baernblog.com" "Mozilla/5.0 (Windows NT 10.0; Win64; x64) AppleWebKit/537.36 (KHTML, like Gecko) Chrome/62.0.3202.94 Safari/537.36"
198.54.114.83 - - [31/Mar/2025:08:00:25 -0400] "POST /wp-admin/admin-ajax.php?action=async_litespeed&nonce=QlpOAdNlcG2l5ddYulzx2RGxLinrwHvr&litespeed_type=imgoptm HTTP/1.1" 200 5 "-" "WordPress/6.7.2; https://baernblog.com"
58.254.68.93 - - [31/Mar/2025:08:00:28 -0400] "POST /wp-comments-post.php HTTP/1.1" 302 0 "https://baernblog.com" "Mozilla/5.0 (Windows NT 10.0; Win64; x64) AppleWebKit/537.36 (KHTML, like Gecko) Chrome/62.0.3202.94 Safari/537.36"
58.254.68.93 - - [31/Mar/2025:08:00:30 -0400] "GET /the-history-of-birthday-cakes/ HTTP/1.1" 200 11980 "https://baernblog.com" "Mozilla/4.0 (compatible; MSIE 6.0; Windows NT 5.1; en) Opera 8.50"
54.36.149.14 - - [31/Mar/2025:08:00:35 -0400] "GET /category/activity/page/6/ HTTP/1.1" 200 9419 "-" "Mozilla/5.0 (compatible; AhrefsBot/7.0; +http://ahrefs.com/robot/)"
78.138.127.62 - - [31/Mar/2025:08:01:12 -0400] "GET /how-absorption-rv-refrigerators-work/ HTTP/1.1" 200 11043 "-" "Mozilla/5.0 (X11; Ubuntu; Linux i686; rv:114.0) Gecko/20100101 Firefox/114.0"
198.54.114.83 - - [31/Mar/2025:08:02:28 -0400] "POST /wp-cron.php?doing_wp_cron=1743422548.0335869789123535156250 HTTP/1.1" 200 0 "-" "WordPress/6.7.2; https://baernblog.com"
114.119.150.190 - - [31/Mar/2025:08:02:25 -0400] "GET /exploring-the-benefits-of-wholesale-ppr-pipes/ HTTP/1.1" 200 10547 "https://baernblog.com/cosigners-smooth-the-way-to-a-bad-credit-personal-loan/" "Mozilla/5.0 (Linux; Android 7.0;) AppleWebKit/537.36 (KHTML, like Gecko) Mobile Safari/537.36 (compatible; PetalBot;+https://webmaster.petalsearch.com/site/petalbot)"
198.54.114.83 - - [31/Mar/2025:08:02:28 -0400] "POST /wp-admin/admin-ajax.php?action=async_litespeed&nonce=UM8qN4QUNW3jSNcTsmVaN4qSWxhdII4B&litespeed_type=imgoptm HTTP/1.1" 200 5 "-" "WordPress/6.7.2; https://baernblog.com"
198.54.114.83 - - [31/Mar/2025:08:09:33 -0400] "POST /wp-cron.php?doing_wp_cron=1743422973.5268559455871582031250 HTTP/1.1" 200 0 "-" "WordPress/6.7.2; https://baernblog.com"
54.36.148.171 - - [31/Mar/2025:08:09:31 -0400] "GET /etes-vous-un-lecteur-desprit/ HTTP/1.1" 200 11208 "-" "Mozilla/5.0 (compatible; AhrefsBot/7.0; +http://ahrefs.com/robot/)"
198.54.114.83 - - [31/Mar/2025:08:09:33 -0400] "POST /wp-admin/admin-ajax.php?action=async_litespeed&nonce=6HcZc5QKzqaHUMIkDKw9a8XxIrIsRXJM&litespeed_type=imgoptm HTTP/1.1" 200 5 "-" "WordPress/6.7.2; https://baernblog.com"
45.148.124.200 - - [31/Mar/2025:08:11:08 -0400] "GET /pay-as-you-earn-wages-and-salaries-tax-scheme-explained/ HTTP/1.1" 200 11990 "https://baernblog.com/pay-as-you-earn-wages-and-salaries-tax-scheme-explained/" "Mozilla/5.0 (Windows NT 10.0; Win64; x64) AppleWebKit/537.36 (KHTML, like Gecko) Chrome/103.0.5060.134 Safari/537.36"
198.54.114.83 - - [31/Mar/2025:08:11:10 -0400] "POST /wp-cron.php?doing_wp_cron=1743423070.7668850421905517578125 HTTP/1.1" 200 0 "-" "WordPress/6.7.2; https://baernblog.com"
198.54.114.83 - - [31/Mar/2025:08:11:11 -0400] "POST /wp-admin/admin-ajax.php?action=async_litespeed&nonce=5lZv9ch2masXoCYgkCiqP6eMlh3Vrjrn&litespeed_type=imgoptm HTTP/1.1" 200 5 "-" "WordPress/6.7.2; https://baernblog.com"
45.148.124.200 - - [31/Mar/2025:08:11:09 -0400] "POST /wp-comments-post.php HTTP/1.1" 302 0 "https://baernblog.com/pay-as-you-earn-wages-and-salaries-tax-scheme-explained/" "Mozilla/5.0 (Windows NT 10.0; Win64; x64) AppleWebKit/537.36 (KHTML, like Gecko) Chrome/103.0.5060.134 Safari/537.36"
45.148.124.200 - - [31/Mar/2025:08:11:12 -0400] "GET /pay-as-you-earn-wages-and-salaries-tax-scheme-explained/ HTTP/1.1" 200 13058 "https://baernblog.com/pay-as-you-earn-wages-and-salaries-tax-scheme-explained/#comment-22462" "Mozilla/5.0 (Windows NT 10.0; Win64; x64) AppleWebKit/537.36 (KHTML, like Gecko) Chrome/103.0.5060.134 Safari/537.36"
45.148.124.200 - - [31/Mar/2025:08:11:14 -0400] "GET /category/sign-up/ HTTP/1.1" 200 7703 "https://baernblog.com/category/sign-up/" "Mozilla/5.0 (Windows NT 10.0; Win64; x64) AppleWebKit/537.36 (KHTML, like Gecko) Chrome/103.0.5060.134 Safari/537.36"
45.148.124.200 - - [31/Mar/2025:08:11:18 -0400] "GET /category/contact-us/ HTTP/1.1" 200 7713 "https://baernblog.com/category/contact-us/" "Mozilla/5.0 (Windows NT 10.0; Win64; x64) AppleWebKit/537.36 (KHTML, like Gecko) Chrome/103.0.5060.134 Safari/537.36"
198.54.114.83 - - [31/Mar/2025:08:12:42 -0400] "POST /wp-admin/admin-ajax.php?action=async_litespeed&nonce=CX8DdC3CMJ6FE6yG0gPBCLiWSPjqnWyi&litespeed_type=imgoptm HTTP/1.1" 200 5 "-" "WordPress/6.7.2; https://baernblog.com"
47.79.107.137 - - [31/Mar/2025:08:16:54 -0400] "GET / HTTP/1.1" 200 77939 "https://www.google.com/" "Mozilla/5.0 (Linux; Android 10; K) AppleWebKit/537.36 (KHTML, like Gecko) Chrome/132.0.0.0 Mobile Safari/537.36"
54.36.148.31 - - [31/Mar/2025:08:18:40 -0400] "GET /le-monde-du-pari-en-ligne/ HTTP/1.1" 200 10622 "-" "Mozilla/5.0 (compatible; AhrefsBot/7.0; +http://ahrefs.com/robot/)"
3.81.191.118 - - [31/Mar/2025:08:19:28 -0400] "GET /careprost-for-eyebrows/ HTTP/1.1" 200 10995 "-" "Grammarly/1.0 (http://www.grammarly.com)"
198.54.114.83 - - [31/Mar/2025:08:22:12 -0400] "POST /wp-cron.php?doing_wp_cron=1743423731.8074870109558105468750 HTTP/1.1" 200 0 "-" "WordPress/6.7.2; https://baernblog.com"
52.167.144.218 - - [31/Mar/2025:08:22:07 -0400] "GET /custom-socks-manufacturer/ HTTP/1.1" 200 9998 "-" "Mozilla/5.0 AppleWebKit/537.36 (KHTML, like Gecko; compatible; bingbot/2.0; +http://www.bing.com/bingbot.htm) Chrome/116.0.1938.76 Safari/537.36"
198.54.114.83 - - [31/Mar/2025:08:22:12 -0400] "POST /wp-admin/admin-ajax.php?action=async_litespeed&nonce=1H6h1EIgLMgjyHI1ZWsNkudZrkDDxxyj&litespeed_type=imgoptm HTTP/1.1" 200 5 "-" "WordPress/6.7.2; https://baernblog.com"
198.54.114.83 - - [31/Mar/2025:08:23:31 -0400] "POST /wp-cron.php?doing_wp_cron=1743423811.3814470767974853515625 HTTP/1.1" 200 0 "-" "WordPress/6.7.2; https://baernblog.com"
114.119.148.160 - - [31/Mar/2025:08:23:30 -0400] "GET /un-voyage-au-coeur-de-la-relaxation/ HTTP/1.1" 200 10443 "https://baernblog.com/category/activity/page/30/" "Mozilla/5.0 (Linux; Android 7.0;) AppleWebKit/537.36 (KHTML, like Gecko) Mobile Safari/537.36 (compatible; PetalBot;+https://webmaster.petalsearch.com/site/petalbot)"
198.54.114.83 - - [31/Mar/2025:08:23:36 -0400] "POST /wp-admin/admin-ajax.php?action=async_litespeed&nonce=ezTCHww8NUnP9RjtQ3NIeDYqMUIXqth2&litespeed_type=imgoptm HTTP/1.1" 200 5 "-" "WordPress/6.7.2; https://baernblog.com"
114.119.155.205 - - [31/Mar/2025:08:26:26 -0400] "GET /the-versatility-and-benefits-of-ppr-pipes-and-fittings/ HTTP/1.1" 200 10346 "https://baernblog.com/page/31/" "Mozilla/5.0 (Linux; Android 7.0;) AppleWebKit/537.36 (KHTML, like Gecko) Mobile Safari/537.36 (compatible; PetalBot;+https://webmaster.petalsearch.com/site/petalbot)"
198.54.114.83 - - [31/Mar/2025:08:27:36 -0400] "POST /wp-cron.php?doing_wp_cron=1743424056.2455968856811523437500 HTTP/1.1" 200 0 "-" "WordPress/6.7.2; https://baernblog.com"
54.36.148.224 - - [31/Mar/2025:08:27:32 -0400] "GET /innovative-modern-kitchen-cabinets/ HTTP/1.1" 200 10623 "-" "Mozilla/5.0 (compatible; AhrefsBot/7.0; +http://ahrefs.com/robot/)"
198.54.114.83 - - [31/Mar/2025:08:27:36 -0400] "POST /wp-admin/admin-ajax.php?action=async_litespeed&nonce=nC2ohcF9B3ltUagambbDbHDbAS3unetn&litespeed_type=imgoptm HTTP/1.1" 200 5 "-" "WordPress/6.7.2; https://baernblog.com"
198.54.114.83 - - [31/Mar/2025:08:29:24 -0400] "POST /wp-cron.php?doing_wp_cron=1743424164.1272790431976318359375 HTTP/1.1" 200 0 "-" "WordPress/6.7.2; https://baernblog.com"
114.119.136.109 - - [31/Mar/2025:08:29:22 -0400] "GET /computer-recycling-centers-how-to-find-responsible-electronics-recycling-companies/ HTTP/1.1" 200 12660 "https://baernblog.com/computer-recycling-centers-how-to-find-responsible-electronics-recycling-companies/" "Mozilla/5.0 (Linux; Android 7.0;) AppleWebKit/537.36 (KHTML, like Gecko) Mobile Safari/537.36 (compatible; PetalBot;+https://webmaster.petalsearch.com/site/petalbot)"
198.54.114.83 - - [31/Mar/2025:08:29:24 -0400] "POST /wp-admin/admin-ajax.php?action=async_litespeed&nonce=u9F92EVUnsnlXkwU6HOwZ6TXa4FO7C6Q&litespeed_type=imgoptm HTTP/1.1" 200 5 "-" "WordPress/6.7.2; https://baernblog.com"
