Server IP : 172.67.141.100 / Your IP : 3.14.145.69 Web Server : LiteSpeed System : Linux business31.web-hosting.com 4.18.0-553.16.1.lve.1.el8.x86_64 #1 SMP Mon Sep 23 20:16:18 UTC 2024 x86_64 User : varizmol ( 2121) PHP Version : 8.0.30 Disable Function : NONE MySQL : OFF | cURL : ON | WGET : ON | Perl : ON | Python : ON | Sudo : OFF | Pkexec : OFF Directory : /home/varizmol/access-logs/ |
Upload File : |
198.54.114.83 - - [29/Mar/2025:18:41:30 -0400] "POST /wp-cron.php?doing_wp_cron=1743288090.3135960102081298828125 HTTP/1.1" 200 0 "-" "WordPress/6.7.2; https://baernblog.com"
54.36.148.38 - - [29/Mar/2025:18:41:24 -0400] "GET /photo-editing-service-first-retouching-service-who-gives-a-special-touch-to-your-image/feed/ HTTP/1.1" 200 460 "-" "Mozilla/5.0 (compatible; AhrefsBot/7.0; +http://ahrefs.com/robot/)"
198.54.114.83 - - [29/Mar/2025:18:41:31 -0400] "POST /wp-admin/admin-ajax.php?action=async_litespeed&nonce=V24rzA2tPu2nDhIGf9zu3fMVe7gKfR3H&litespeed_type=imgoptm HTTP/1.1" 200 0 "-" "WordPress/6.7.2; https://baernblog.com"
198.54.114.83 - - [29/Mar/2025:18:47:21 -0400] "POST /wp-cron.php?doing_wp_cron=1743288441.2036960124969482421875 HTTP/1.1" 200 0 "-" "WordPress/6.7.2; https://baernblog.com"
54.36.149.29 - - [29/Mar/2025:18:47:17 -0400] "GET /the-evolution-of-online-casinos-3/feed/ HTTP/1.1" 200 393 "-" "Mozilla/5.0 (compatible; AhrefsBot/7.0; +http://ahrefs.com/robot/)"
198.54.114.83 - - [29/Mar/2025:18:47:22 -0400] "POST /wp-admin/admin-ajax.php?action=async_litespeed&nonce=4CqTJwECkVKHMyuYx8IuuQ9hSpNH33iQ&litespeed_type=imgoptm HTTP/1.1" 200 5 "-" "WordPress/6.7.2; https://baernblog.com"
198.54.114.83 - - [29/Mar/2025:18:53:18 -0400] "POST /wp-cron.php?doing_wp_cron=1743288798.1822419166564941406250 HTTP/1.1" 200 0 "-" "WordPress/6.7.2; https://baernblog.com"
54.36.149.56 - - [29/Mar/2025:18:53:16 -0400] "GET /tour-de-lit-crocodile/feed/ HTTP/1.1" 200 383 "-" "Mozilla/5.0 (compatible; AhrefsBot/7.0; +http://ahrefs.com/robot/)"
198.54.114.83 - - [29/Mar/2025:18:53:18 -0400] "POST /wp-admin/admin-ajax.php?action=async_litespeed&nonce=oN8CnQsii1T9Wd9PKTJLN0OGFrqMBZDn&litespeed_type=imgoptm HTTP/1.1" 200 5 "-" "WordPress/6.7.2; https://baernblog.com"
2a03:2880:f800:1a:: - - [29/Mar/2025:18:53:29 -0400] "GET /custom-logo-dress-socks/ HTTP/1.1" 200 10559 "-" "meta-externalagent/1.1 (+https://developers.facebook.com/docs/sharing/webmasters/crawler)"
198.54.114.83 - - [29/Mar/2025:18:58:49 -0400] "POST /wp-cron.php?doing_wp_cron=1743289129.4827220439910888671875 HTTP/1.1" 200 0 "-" "WordPress/6.7.2; https://baernblog.com"
192.159.99.152 - - [29/Mar/2025:18:58:45 -0400] "POST /wp-login.php HTTP/1.1" 200 1802 "https://baernblog.com/wp-admin/" "Mozilla/5.0 (Windows NT 10.0; Win64; x64) AppleWebKit/537.36 (KHTML, like Gecko) Chrome/90.0.4430.85 Safari/537.36"
192.159.99.152 - - [29/Mar/2025:18:58:50 -0400] "GET /wp-admin/ HTTP/1.1" 302 0 "www.google.com" "Mozilla/5.0 (Windows NT 10.0; Win64; x64) AppleWebKit/537.36 (KHTML, like Gecko) Chrome/90.0.4430.85 Safari/537.36"
198.54.114.83 - - [29/Mar/2025:18:58:50 -0400] "POST /wp-admin/admin-ajax.php?action=async_litespeed&nonce=lJpEPjtG0ahgde2mlMILmVwDim7Ky82X&litespeed_type=imgoptm HTTP/1.1" 200 5 "-" "WordPress/6.7.2; https://baernblog.com"
192.159.99.152 - - [29/Mar/2025:18:58:51 -0400] "GET /wp-login.php?redirect_to=https%3A%2F%2Fbaernblog.com%2Fwp-admin%2F&reauth=1 HTTP/1.1" 200 1683 "www.google.com" "Mozilla/5.0 (Windows NT 10.0; Win64; x64) AppleWebKit/537.36 (KHTML, like Gecko) Chrome/90.0.4430.85 Safari/537.36"
198.54.114.83 - - [29/Mar/2025:18:59:03 -0400] "POST /wp-cron.php?doing_wp_cron=1743289143.4617450237274169921875 HTTP/1.1" 200 0 "-" "WordPress/6.7.2; https://baernblog.com"
54.36.148.95 - - [29/Mar/2025:18:59:03 -0400] "GET /gaming-pc-parts/feed/ HTTP/1.1" 200 375 "-" "Mozilla/5.0 (compatible; AhrefsBot/7.0; +http://ahrefs.com/robot/)"
198.54.114.83 - - [29/Mar/2025:18:59:03 -0400] "POST /wp-admin/admin-ajax.php?action=async_litespeed&nonce=heADhv9K85nhXwn3aWW18tbci6m4M7wH&litespeed_type=imgoptm HTTP/1.1" 200 5 "-" "WordPress/6.7.2; https://baernblog.com"
198.54.114.83 - - [29/Mar/2025:18:59:25 -0400] "POST /wp-cron.php?doing_wp_cron=1743289165.3794031143188476562500 HTTP/1.1" 200 0 "-" "WordPress/6.7.2; https://baernblog.com"
114.119.136.109 - - [29/Mar/2025:18:59:24 -0400] "GET /tips-for-choosing-the-best-mortgage-broker/ HTTP/1.1" 301 0 "https://baernblog.com/renting-office-in-qatar/" "Mozilla/5.0 (Linux; Android 7.0;) AppleWebKit/537.36 (KHTML, like Gecko) Mobile Safari/537.36 (compatible; PetalBot;+https://webmaster.petalsearch.com/site/petalbot)"
114.119.136.109 - - [29/Mar/2025:18:59:31 -0400] "GET /tipps-zur-auswahl-des-besten-hypothekenmaklers/ HTTP/1.1" 200 10946 "https://baernblog.com/renting-office-in-qatar/" "Mozilla/5.0 (Linux; Android 7.0;) AppleWebKit/537.36 (KHTML, like Gecko) Mobile Safari/537.36 (compatible; PetalBot;+https://webmaster.petalsearch.com/site/petalbot)"
198.54.114.83 - - [29/Mar/2025:19:01:45 -0400] "POST /wp-cron.php?doing_wp_cron=1743289305.1974930763244628906250 HTTP/1.1" 200 0 "-" "WordPress/6.7.2; https://baernblog.com"
114.119.148.160 - - [29/Mar/2025:19:01:42 -0400] "GET /ein-leitfaden-zur-effizienten-abgabe/ HTTP/1.1" 200 11031 "https://baernblog.com/effective-aba-therapy-for-kids-in-dubai/" "Mozilla/5.0 (Linux; Android 7.0;) AppleWebKit/537.36 (KHTML, like Gecko) Mobile Safari/537.36 (compatible; PetalBot;+https://webmaster.petalsearch.com/site/petalbot)"
198.54.114.83 - - [29/Mar/2025:19:01:45 -0400] "POST /wp-admin/admin-ajax.php?action=async_litespeed&nonce=0THUQ9fsj0aJpWRM1CApUq92miBVAAJb&litespeed_type=imgoptm HTTP/1.1" 200 5 "-" "WordPress/6.7.2; https://baernblog.com"
198.54.114.83 - - [29/Mar/2025:19:04:15 -0400] "POST /wp-cron.php?doing_wp_cron=1743289454.9257130622863769531250 HTTP/1.1" 200 0 "-" "WordPress/6.7.2; https://baernblog.com"
114.119.148.160 - - [29/Mar/2025:19:04:11 -0400] "GET /buy-youtube-subscriberss/ HTTP/1.1" 200 10262 "https://baernblog.com/category/activity/page/44/" "Mozilla/5.0 (Linux; Android 7.0;) AppleWebKit/537.36 (KHTML, like Gecko) Mobile Safari/537.36 (compatible; PetalBot;+https://webmaster.petalsearch.com/site/petalbot)"
198.54.114.83 - - [29/Mar/2025:19:04:15 -0400] "POST /wp-admin/admin-ajax.php?action=async_litespeed&nonce=YHMxGU0QNcM73bpMef087kjQZK4B8hK6&litespeed_type=imgoptm HTTP/1.1" 200 5 "-" "WordPress/6.7.2; https://baernblog.com"
54.36.148.1 - - [29/Mar/2025:19:05:16 -0400] "GET /how-to-create-a-diamond-painting-from-your-own-photo/ HTTP/1.1" 200 11054 "-" "Mozilla/5.0 (compatible; AhrefsBot/7.0; +http://ahrefs.com/robot/)"
43.130.248.83 - - [29/Mar/2025:19:06:53 -0400] "GET /the-benefits-of-managed-investing/ HTTP/1.1" 200 11001 "https://baernblog.com" "Mozilla/5.0 (Windows NT 10.0; Win64; x64) AppleWebKit/537.36 (KHTML, like Gecko) Chrome/62.0.3202.94 Safari/537.36"
198.54.114.83 - - [29/Mar/2025:19:06:59 -0400] "POST /wp-cron.php?doing_wp_cron=1743289619.1491680145263671875000 HTTP/1.1" 200 0 "-" "WordPress/6.7.2; https://baernblog.com"
43.130.248.83 - - [29/Mar/2025:19:06:55 -0400] "POST /wp-comments-post.php HTTP/1.1" 302 0 "https://baernblog.com" "Mozilla/5.0 (Windows NT 10.0; Win64; x64) AppleWebKit/537.36 (KHTML, like Gecko) Chrome/62.0.3202.94 Safari/537.36"
198.54.114.83 - - [29/Mar/2025:19:07:00 -0400] "POST /wp-admin/admin-ajax.php?action=async_litespeed&nonce=ngB8k6v5402OkptlUrIFafSX42gl8e8d&litespeed_type=imgoptm HTTP/1.1" 200 5 "-" "WordPress/6.7.2; https://baernblog.com"
43.130.248.83 - - [29/Mar/2025:19:07:02 -0400] "GET /the-benefits-of-managed-investing/ HTTP/1.1" 200 11843 "https://baernblog.com" "Mozilla/4.0 (compatible; MSIE 6.0; Windows NT 5.1; en) Opera 8.50"
4.227.36.83 - - [29/Mar/2025:19:10:36 -0400] "GET /robots.txt HTTP/1.1" 200 108 "-" "Mozilla/5.0 AppleWebKit/537.36 (KHTML, like Gecko; compatible; GPTBot/1.2; +https://openai.com/gptbot)"
198.54.114.83 - - [29/Mar/2025:19:11:44 -0400] "POST /wp-cron.php?doing_wp_cron=1743289904.8160591125488281250000 HTTP/1.1" 200 0 "-" "WordPress/6.7.2; https://baernblog.com"
54.36.148.194 - - [29/Mar/2025:19:11:42 -0400] "GET /best-place-to-retire-in-the-world/feed/ HTTP/1.1" 200 399 "-" "Mozilla/5.0 (compatible; AhrefsBot/7.0; +http://ahrefs.com/robot/)"
198.54.114.83 - - [29/Mar/2025:19:11:45 -0400] "POST /wp-admin/admin-ajax.php?action=async_litespeed&nonce=x5bmn3DptLLc6ZtTgHXN1N5J41gY1b0Q&litespeed_type=imgoptm HTTP/1.1" 200 5 "-" "WordPress/6.7.2; https://baernblog.com"
198.54.114.83 - - [29/Mar/2025:19:17:07 -0400] "POST /wp-cron.php?doing_wp_cron=1743290227.5372068881988525390625 HTTP/1.1" 200 0 "-" "WordPress/6.7.2; https://baernblog.com"
54.36.149.17 - - [29/Mar/2025:19:17:04 -0400] "GET /cloud-disaster-recovery-services/feed/ HTTP/1.1" 200 389 "-" "Mozilla/5.0 (compatible; AhrefsBot/7.0; +http://ahrefs.com/robot/)"
198.54.114.83 - - [29/Mar/2025:19:17:08 -0400] "POST /wp-admin/admin-ajax.php?action=async_litespeed&nonce=7RIqkS4CuIbEw3TANpPyFpVBs52SakS4&litespeed_type=imgoptm HTTP/1.1" 200 5 "-" "WordPress/6.7.2; https://baernblog.com"
198.54.114.83 - - [29/Mar/2025:19:23:03 -0400] "POST /wp-cron.php?doing_wp_cron=1743290583.1568241119384765625000 HTTP/1.1" 200 0 "-" "WordPress/6.7.2; https://baernblog.com"
54.36.149.29 - - [29/Mar/2025:19:22:58 -0400] "GET /toa-payoh-condo-showflat/feed/ HTTP/1.1" 200 391 "-" "Mozilla/5.0 (compatible; AhrefsBot/7.0; +http://ahrefs.com/robot/)"
198.54.114.83 - - [29/Mar/2025:19:23:04 -0400] "POST /wp-admin/admin-ajax.php?action=async_litespeed&nonce=FHZvSKrsvm1Qh00gS4FgUTzFYB0vnclG&litespeed_type=imgoptm HTTP/1.1" 200 5 "-" "WordPress/6.7.2; https://baernblog.com"
54.36.148.180 - - [29/Mar/2025:19:28:28 -0400] "GET /fenbendazole-powder/feed/ HTTP/1.1" 200 375 "-" "Mozilla/5.0 (compatible; AhrefsBot/7.0; +http://ahrefs.com/robot/)"
198.54.114.83 - - [29/Mar/2025:19:30:17 -0400] "POST /wp-cron.php?doing_wp_cron=1743291016.4318289756774902343750 HTTP/1.1" 200 0 "-" "WordPress/6.7.2; https://baernblog.com"
139.59.100.51 - - [29/Mar/2025:19:30:11 -0400] "GET /wp-content/plugins/WordPressCore/include.php HTTP/1.1" 404 5943 "-" "Mozlila/5.0 (Linux; Android 7.0; SM-G892A Build/NRD90M; wv) AppleWebKit/537.36 (KHTML, like Gecko) Version/4.0 Chrome/60.0.3112.107 Mobile Safari/537.36"
139.59.100.51 - - [29/Mar/2025:19:30:19 -0400] "GET /wp-content/plugins/WordPressCore/include.php HTTP/1.1" 404 5943 "-" "Mozlila/5.0 (Linux; Android 7.0; SM-G892A Build/NRD90M; wv) AppleWebKit/537.36 (KHTML, like Gecko) Version/4.0 Chrome/60.0.3112.107 Mobile Safari/537.36"
198.54.114.83 - - [29/Mar/2025:19:30:22 -0400] "POST /wp-admin/admin-ajax.php?action=async_litespeed&nonce=Shi0SGD72OYPgeXMTJoza0GjJJuRzPi9&litespeed_type=imgoptm HTTP/1.1" 200 5 "-" "WordPress/6.7.2; https://baernblog.com"
198.54.114.83 - - [29/Mar/2025:19:30:32 -0400] "POST /wp-cron.php?doing_wp_cron=1743291032.7031500339508056640625 HTTP/1.1" 200 0 "-" "WordPress/6.7.2; https://baernblog.com"
139.59.100.51 - - [29/Mar/2025:19:30:32 -0400] "GET /wp-content/themes/include.php HTTP/1.1" 404 5943 "-" "Mozlila/5.0 (Linux; Android 7.0; SM-G892A Build/NRD90M; wv) AppleWebKit/537.36 (KHTML, like Gecko) Version/4.0 Chrome/60.0.3112.107 Mobile Safari/537.36"
139.59.100.51 - - [29/Mar/2025:19:30:34 -0400] "GET /wp-content/themes/include.php HTTP/1.1" 404 5943 "-" "Mozlila/5.0 (Linux; Android 7.0; SM-G892A Build/NRD90M; wv) AppleWebKit/537.36 (KHTML, like Gecko) Version/4.0 Chrome/60.0.3112.107 Mobile Safari/537.36"
139.59.100.51 - - [29/Mar/2025:19:30:57 -0400] "GET /wp-content/plugins/include.php HTTP/1.1" 404 5944 "-" "Mozlila/5.0 (Linux; Android 7.0; SM-G892A Build/NRD90M; wv) AppleWebKit/537.36 (KHTML, like Gecko) Version/4.0 Chrome/60.0.3112.107 Mobile Safari/537.36"
139.59.100.51 - - [29/Mar/2025:19:30:58 -0400] "GET /wp-content/plugins/include.php HTTP/1.1" 404 5944 "-" "Mozlila/5.0 (Linux; Android 7.0; SM-G892A Build/NRD90M; wv) AppleWebKit/537.36 (KHTML, like Gecko) Version/4.0 Chrome/60.0.3112.107 Mobile Safari/537.36"
198.54.114.83 - - [29/Mar/2025:19:31:04 -0400] "POST /wp-cron.php?doing_wp_cron=1743291064.6181468963623046875000 HTTP/1.1" 200 0 "-" "WordPress/6.7.2; https://baernblog.com"
139.59.100.51 - - [29/Mar/2025:19:31:04 -0400] "GET /wp-content/plugins/core-plugin/include.php HTTP/1.1" 404 5943 "-" "Mozlila/5.0 (Linux; Android 7.0; SM-G892A Build/NRD90M; wv) AppleWebKit/537.36 (KHTML, like Gecko) Version/4.0 Chrome/60.0.3112.107 Mobile Safari/537.36"
198.54.114.83 - - [29/Mar/2025:19:31:05 -0400] "POST /wp-admin/admin-ajax.php?action=async_litespeed&nonce=ZI1TxOaNNvMGkSdmSifKI82WVUpU7Dwk&litespeed_type=imgoptm HTTP/1.1" 200 5 "-" "WordPress/6.7.2; https://baernblog.com"
139.59.100.51 - - [29/Mar/2025:19:31:05 -0400] "GET /wp-content/plugins/core-plugin/include.php HTTP/1.1" 404 5943 "-" "Mozlila/5.0 (Linux; Android 7.0; SM-G892A Build/NRD90M; wv) AppleWebKit/537.36 (KHTML, like Gecko) Version/4.0 Chrome/60.0.3112.107 Mobile Safari/537.36"
139.59.100.51 - - [29/Mar/2025:19:31:13 -0400] "GET /wp-includes/images/include.php HTTP/1.1" 404 5943 "-" "Mozlila/5.0 (Linux; Android 7.0; SM-G892A Build/NRD90M; wv) AppleWebKit/537.36 (KHTML, like Gecko) Version/4.0 Chrome/60.0.3112.107 Mobile Safari/537.36"
139.59.100.51 - - [29/Mar/2025:19:31:14 -0400] "GET /wp-includes/images/include.php HTTP/1.1" 404 5943 "-" "Mozlila/5.0 (Linux; Android 7.0; SM-G892A Build/NRD90M; wv) AppleWebKit/537.36 (KHTML, like Gecko) Version/4.0 Chrome/60.0.3112.107 Mobile Safari/537.36"
198.54.114.83 - - [29/Mar/2025:19:31:21 -0400] "POST /wp-cron.php?doing_wp_cron=1743291081.3272130489349365234375 HTTP/1.1" 200 0 "-" "WordPress/6.7.2; https://baernblog.com"
139.59.100.51 - - [29/Mar/2025:19:31:21 -0400] "GET /wp-includes/widgets/include.php HTTP/1.1" 404 5943 "-" "Mozlila/5.0 (Linux; Android 7.0; SM-G892A Build/NRD90M; wv) AppleWebKit/537.36 (KHTML, like Gecko) Version/4.0 Chrome/60.0.3112.107 Mobile Safari/537.36"
139.59.100.51 - - [29/Mar/2025:19:31:22 -0400] "GET /wp-includes/widgets/include.php HTTP/1.1" 404 5943 "-" "Mozlila/5.0 (Linux; Android 7.0; SM-G892A Build/NRD90M; wv) AppleWebKit/537.36 (KHTML, like Gecko) Version/4.0 Chrome/60.0.3112.107 Mobile Safari/537.36"
198.54.114.83 - - [29/Mar/2025:19:34:00 -0400] "POST /wp-cron.php?doing_wp_cron=1743291239.6730070114135742187500 HTTP/1.1" 200 0 "-" "WordPress/6.7.2; https://baernblog.com"
54.36.148.96 - - [29/Mar/2025:19:33:55 -0400] "GET /tipps-zur-auswahl-des-besten-hypothekenmaklers/feed/ HTTP/1.1" 200 409 "-" "Mozilla/5.0 (compatible; AhrefsBot/7.0; +http://ahrefs.com/robot/)"
198.54.114.83 - - [29/Mar/2025:19:34:00 -0400] "POST /wp-admin/admin-ajax.php?action=async_litespeed&nonce=dWyD85JS1jbtIAJUVYvyalW1cZizc8Tm&litespeed_type=imgoptm HTTP/1.1" 200 0 "-" "WordPress/6.7.2; https://baernblog.com"
198.54.114.83 - - [29/Mar/2025:19:35:30 -0400] "POST /wp-cron.php?doing_wp_cron=1743291329.9608590602874755859375 HTTP/1.1" 200 0 "-" "WordPress/6.7.2; https://baernblog.com"
54.90.244.132 - - [29/Mar/2025:19:35:27 -0400] "GET /lart-du-recrutement-dans-le-secteur-de-la-restauration/ HTTP/1.1" 200 10983 "-" "Mozilla/5.0 AppleWebKit/537.36 (KHTML, like Gecko; compatible; Amazonbot/0.1; +https://developer.amazon.com/support/amazonbot) Chrome/119.0.6045.214 Safari/537.36"
198.54.114.83 - - [29/Mar/2025:19:35:30 -0400] "POST /wp-admin/admin-ajax.php?action=async_litespeed&nonce=FlXm7QVqYaDrJj56BJQxIrw6Mz8C11Nn&litespeed_type=imgoptm HTTP/1.1" 200 5 "-" "WordPress/6.7.2; https://baernblog.com"
198.54.114.83 - - [29/Mar/2025:19:38:53 -0400] "POST /wp-cron.php?doing_wp_cron=1743291533.5063519477844238281250 HTTP/1.1" 200 0 "-" "WordPress/6.7.2; https://baernblog.com"
114.119.148.160 - - [29/Mar/2025:19:38:50 -0400] "GET /unlocking-wellness-the-role-of-chiropractors-in-dubai/ HTTP/1.1" 200 10398 "https://baernblog.com/the-power-of-personalized-coaching/" "Mozilla/5.0 (Linux; Android 7.0;) AppleWebKit/537.36 (KHTML, like Gecko) Mobile Safari/537.36 (compatible; PetalBot;+https://webmaster.petalsearch.com/site/petalbot)"
198.54.114.83 - - [29/Mar/2025:19:38:53 -0400] "POST /wp-admin/admin-ajax.php?action=async_litespeed&nonce=W5emrLT1GSGn5cFXkfNM9U1LAxVokDoG&litespeed_type=imgoptm HTTP/1.1" 200 5 "-" "WordPress/6.7.2; https://baernblog.com"
198.54.114.83 - - [29/Mar/2025:19:39:24 -0400] "POST /wp-cron.php?doing_wp_cron=1743291564.4884040355682373046875 HTTP/1.1" 200 0 "-" "WordPress/6.7.2; https://baernblog.com"
54.36.149.82 - - [29/Mar/2025:19:39:24 -0400] "GET /how-to-get-vyvanse-prescription-online/feed/ HTTP/1.1" 200 399 "-" "Mozilla/5.0 (compatible; AhrefsBot/7.0; +http://ahrefs.com/robot/)"
198.54.114.83 - - [29/Mar/2025:19:39:24 -0400] "POST /wp-admin/admin-ajax.php?action=async_litespeed&nonce=ENERxlfXMPSLt9xspWxv3Moks7z8Jtr1&litespeed_type=imgoptm HTTP/1.1" 200 5 "-" "WordPress/6.7.2; https://baernblog.com"
198.54.114.83 - - [29/Mar/2025:19:41:24 -0400] "POST /wp-cron.php?doing_wp_cron=1743291684.2238390445709228515625 HTTP/1.1" 200 0 "-" "WordPress/6.7.2; https://baernblog.com"
114.119.134.146 - - [29/Mar/2025:19:41:22 -0400] "GET /category/activity/page/4/ HTTP/1.1" 200 9444 "https://baernblog.com/category/activity/page/5/" "Mozilla/5.0 (Linux; Android 7.0;) AppleWebKit/537.36 (KHTML, like Gecko) Mobile Safari/537.36 (compatible; PetalBot;+https://webmaster.petalsearch.com/site/petalbot)"
198.54.114.83 - - [29/Mar/2025:19:41:25 -0400] "POST /wp-admin/admin-ajax.php?action=async_litespeed&nonce=lNPNYLEaqQ883InoqY1K8K7UheW7Pcmz&litespeed_type=imgoptm HTTP/1.1" 200 5 "-" "WordPress/6.7.2; https://baernblog.com"
52.167.144.136 - - [29/Mar/2025:19:41:52 -0400] "GET /the-essential-guide-to-blue-light-lens-glasses/ HTTP/1.1" 200 10545 "-" "Mozilla/5.0 AppleWebKit/537.36 (KHTML, like Gecko; compatible; bingbot/2.0; +http://www.bing.com/bingbot.htm) Chrome/116.0.1938.76 Safari/537.36"
198.54.114.83 - - [29/Mar/2025:19:42:13 -0400] "POST /wp-cron.php?doing_wp_cron=1743291733.3963959217071533203125 HTTP/1.1" 200 0 "-" "WordPress/6.7.2; https://baernblog.com"
40.77.167.26 - - [29/Mar/2025:19:42:13 -0400] "GET /simplifying-staking-with-the-anyone-protocol-staking-dashboard/ HTTP/1.1" 200 10401 "-" "Mozilla/5.0 AppleWebKit/537.36 (KHTML, like Gecko; compatible; bingbot/2.0; +http://www.bing.com/bingbot.htm) Chrome/116.0.1938.76 Safari/537.36"
198.54.114.83 - - [29/Mar/2025:19:42:13 -0400] "POST /wp-admin/admin-ajax.php?action=async_litespeed&nonce=VnTHEu5WwOFu5DSab8QbNtzG0aNusocC&litespeed_type=imgoptm HTTP/1.1" 200 5 "-" "WordPress/6.7.2; https://baernblog.com"
198.54.114.83 - - [29/Mar/2025:19:45:04 -0400] "POST /wp-cron.php?doing_wp_cron=1743291903.9128489494323730468750 HTTP/1.1" 200 0 "-" "WordPress/6.7.2; https://baernblog.com"
54.36.148.42 - - [29/Mar/2025:19:44:59 -0400] "GET /nozzle-for-fire-hoses/feed/ HTTP/1.1" 200 383 "-" "Mozilla/5.0 (compatible; AhrefsBot/7.0; +http://ahrefs.com/robot/)"
198.54.114.83 - - [29/Mar/2025:19:45:06 -0400] "POST /wp-admin/admin-ajax.php?action=async_litespeed&nonce=ToSDzkrZrvVkhSEMecJaYFOwTEE2DUTi&litespeed_type=imgoptm HTTP/1.1" 200 0 "-" "WordPress/6.7.2; https://baernblog.com"
47.243.56.171 - - [29/Mar/2025:19:48:09 -0400] "HEAD /page/2 HTTP/1.1" 301 0 "-" "Mozilla/5.0 (Windows NT 6.3; Win64; x64) AppleWebKit/537.36 (KHTML, like Gecko) Chrome/66.0.2326.18 Safari/537.36"
198.54.114.83 - - [29/Mar/2025:19:48:11 -0400] "POST /wp-cron.php?doing_wp_cron=1743292091.6768109798431396484375 HTTP/1.1" 200 0 "-" "WordPress/6.7.2; https://baernblog.com"
47.243.91.206 - - [29/Mar/2025:19:48:09 -0400] "HEAD /category/activity HTTP/1.1" 301 0 "-" "Mozilla/5.0 (Windows NT 6.1; Win64; x64) AppleWebKit/537.36 (KHTML, like Gecko) Chrome/65.0.3596.120 Safari/537.36"
47.243.56.171 - - [29/Mar/2025:19:48:12 -0400] "HEAD /page/2/ HTTP/1.1" 200 0 "-" "Mozilla/5.0 (Windows NT 6.3; Win64; x64) AppleWebKit/537.36 (KHTML, like Gecko) Chrome/66.0.2326.18 Safari/537.36"
47.243.91.206 - - [29/Mar/2025:19:48:12 -0400] "HEAD /category/activity/ HTTP/1.1" 200 0 "-" "Mozilla/5.0 (Windows NT 6.1; Win64; x64) AppleWebKit/537.36 (KHTML, like Gecko) Chrome/65.0.3596.120 Safari/537.36"
47.243.56.171 - - [29/Mar/2025:19:48:12 -0400] "GET /page/2 HTTP/1.1" 301 0 "-" "Mozilla/5.0 (Windows NT 6.3; Win64; x64) AppleWebKit/537.36 (KHTML, like Gecko) Chrome/66.0.2326.18 Safari/537.36"
198.54.114.83 - - [29/Mar/2025:19:48:12 -0400] "POST /wp-admin/admin-ajax.php?action=async_litespeed&nonce=PPjPNYqeGnk9vuvMkWuu3UQS6EPC98CR&litespeed_type=imgoptm HTTP/1.1" 200 5 "-" "WordPress/6.7.2; https://baernblog.com"
47.243.91.206 - - [29/Mar/2025:19:48:12 -0400] "GET /category/activity HTTP/1.1" 301 0 "-" "Mozilla/5.0 (Windows NT 6.1; Win64; x64) AppleWebKit/537.36 (KHTML, like Gecko) Chrome/65.0.3596.120 Safari/537.36"
47.243.56.171 - - [29/Mar/2025:19:48:12 -0400] "GET /page/2/ HTTP/1.1" 200 9615 "-" "Mozilla/5.0 (Windows NT 6.3; Win64; x64) AppleWebKit/537.36 (KHTML, like Gecko) Chrome/66.0.2326.18 Safari/537.36"
47.243.91.206 - - [29/Mar/2025:19:48:13 -0400] "GET /category/activity/ HTTP/1.1" 200 9472 "-" "Mozilla/5.0 (Windows NT 6.1; Win64; x64) AppleWebKit/537.36 (KHTML, like Gecko) Chrome/65.0.3596.120 Safari/537.36"
198.54.114.83 - - [29/Mar/2025:19:50:22 -0400] "POST /wp-cron.php?doing_wp_cron=1743292222.7341310977935791015625 HTTP/1.1" 200 0 "-" "WordPress/6.7.2; https://baernblog.com"
54.36.149.33 - - [29/Mar/2025:19:50:21 -0400] "GET /a-new-era-of-chance/feed/ HTTP/1.1" 200 383 "-" "Mozilla/5.0 (compatible; AhrefsBot/7.0; +http://ahrefs.com/robot/)"
198.54.114.83 - - [29/Mar/2025:19:50:23 -0400] "POST /wp-admin/admin-ajax.php?action=async_litespeed&nonce=mGyDEuk4bx9Nib3FfWKISmxXQTmchBfM&litespeed_type=imgoptm HTTP/1.1" 200 5 "-" "WordPress/6.7.2; https://baernblog.com"
198.54.114.83 - - [29/Mar/2025:19:56:05 -0400] "POST /wp-cron.php?doing_wp_cron=1743292565.4877319335937500000000 HTTP/1.1" 200 0 "-" "WordPress/6.7.2; https://baernblog.com"
54.36.148.137 - - [29/Mar/2025:19:56:01 -0400] "GET /resources-and-support-in-san-diego/feed/ HTTP/1.1" 200 396 "-" "Mozilla/5.0 (compatible; AhrefsBot/7.0; +http://ahrefs.com/robot/)"
198.54.114.83 - - [29/Mar/2025:19:56:06 -0400] "POST /wp-admin/admin-ajax.php?action=async_litespeed&nonce=38KUMoEazi6R2TxCqvGtfp1w1njg7RoE&litespeed_type=imgoptm HTTP/1.1" 200 5 "-" "WordPress/6.7.2; https://baernblog.com"
198.54.114.83 - - [29/Mar/2025:19:57:36 -0400] "POST /wp-cron.php?doing_wp_cron=1743292655.9125900268554687500000 HTTP/1.1" 200 0 "-" "WordPress/6.7.2; https://baernblog.com"
2a03:2880:f800:19:: - - [29/Mar/2025:19:57:34 -0400] "GET /exploring-interactive-games/ HTTP/1.1" 200 10670 "-" "meta-externalagent/1.1 (+https://developers.facebook.com/docs/sharing/webmasters/crawler)"
198.54.114.83 - - [29/Mar/2025:19:57:36 -0400] "POST /wp-admin/admin-ajax.php?action=async_litespeed&nonce=CMkeZjBFrvrTSlLk4Vi562fASLwf9ZtZ&litespeed_type=imgoptm HTTP/1.1" 200 5 "-" "WordPress/6.7.2; https://baernblog.com"
47.243.48.79 - - [29/Mar/2025:19:59:35 -0400] "HEAD /page/2 HTTP/1.1" 301 0 "-" "Mozilla/5.0 (Windows NT 6.0; Win64; x64) AppleWebKit/537.36 (KHTML, like Gecko) Chrome/71.0.3666.149 Safari/537.36"
47.243.48.79 - - [29/Mar/2025:19:59:35 -0400] "HEAD /page/2/ HTTP/1.1" 200 0 "-" "Mozilla/5.0 (Windows NT 6.0; Win64; x64) AppleWebKit/537.36 (KHTML, like Gecko) Chrome/71.0.3666.149 Safari/537.36"
47.243.48.79 - - [29/Mar/2025:19:59:35 -0400] "GET /page/2 HTTP/1.1" 301 0 "-" "Mozilla/5.0 (Windows NT 6.0; Win64; x64) AppleWebKit/537.36 (KHTML, like Gecko) Chrome/71.0.3666.149 Safari/537.36"
47.243.48.79 - - [29/Mar/2025:19:59:35 -0400] "GET /page/2/ HTTP/1.1" 200 9615 "-" "Mozilla/5.0 (Windows NT 6.0; Win64; x64) AppleWebKit/537.36 (KHTML, like Gecko) Chrome/71.0.3666.149 Safari/537.36"
8.210.15.246 - - [29/Mar/2025:19:59:59 -0400] "HEAD /page/2 HTTP/1.1" 301 0 "-" "Mozilla/5.0 (Windows NT 6.3; Win64; x64) AppleWebKit/537.36 (KHTML, like Gecko) Chrome/72.0.2931.176 Safari/537.36"
8.210.15.246 - - [29/Mar/2025:19:59:59 -0400] "HEAD /page/2/ HTTP/1.1" 200 0 "-" "Mozilla/5.0 (Windows NT 6.3; Win64; x64) AppleWebKit/537.36 (KHTML, like Gecko) Chrome/72.0.2931.176 Safari/537.36"
8.210.15.246 - - [29/Mar/2025:19:59:59 -0400] "GET /page/2 HTTP/1.1" 301 0 "-" "Mozilla/5.0 (Windows NT 6.3; Win64; x64) AppleWebKit/537.36 (KHTML, like Gecko) Chrome/72.0.2931.176 Safari/537.36"
8.210.15.246 - - [29/Mar/2025:20:00:00 -0400] "GET /page/2/ HTTP/1.1" 200 9615 "-" "Mozilla/5.0 (Windows NT 6.3; Win64; x64) AppleWebKit/537.36 (KHTML, like Gecko) Chrome/72.0.2931.176 Safari/537.36"
47.243.78.44 - - [29/Mar/2025:20:00:23 -0400] "HEAD /page/2 HTTP/1.1" 301 0 "-" "Mozilla/5.0 (Windows NT 6.3; Win64; x64) AppleWebKit/537.36 (KHTML, like Gecko) Chrome/72.0.3717.30 Safari/537.36"
47.243.78.44 - - [29/Mar/2025:20:00:23 -0400] "HEAD /page/2/ HTTP/1.1" 200 0 "-" "Mozilla/5.0 (Windows NT 6.3; Win64; x64) AppleWebKit/537.36 (KHTML, like Gecko) Chrome/72.0.3717.30 Safari/537.36"
47.243.78.44 - - [29/Mar/2025:20:00:23 -0400] "GET /page/2 HTTP/1.1" 301 0 "-" "Mozilla/5.0 (Windows NT 6.3; Win64; x64) AppleWebKit/537.36 (KHTML, like Gecko) Chrome/72.0.3717.30 Safari/537.36"
47.243.78.44 - - [29/Mar/2025:20:00:24 -0400] "GET /page/2/ HTTP/1.1" 200 9615 "-" "Mozilla/5.0 (Windows NT 6.3; Win64; x64) AppleWebKit/537.36 (KHTML, like Gecko) Chrome/72.0.3717.30 Safari/537.36"
8.218.91.49 - - [29/Mar/2025:20:00:47 -0400] "HEAD /page/2 HTTP/1.1" 301 0 "-" "Mozilla/5.0 (Windows NT 10.0; Win64; x64) AppleWebKit/537.36 (KHTML, like Gecko) Chrome/66.0.2634.165 Safari/537.36"
8.210.153.23 - - [29/Mar/2025:20:00:47 -0400] "HEAD /category/activity HTTP/1.1" 301 0 "-" "Mozilla/5.0 (Windows NT 6.3; Win64; x64) AppleWebKit/537.36 (KHTML, like Gecko) Chrome/60.0.2012.154 Safari/537.36"
8.218.91.49 - - [29/Mar/2025:20:00:47 -0400] "HEAD /page/2/ HTTP/1.1" 200 0 "-" "Mozilla/5.0 (Windows NT 10.0; Win64; x64) AppleWebKit/537.36 (KHTML, like Gecko) Chrome/66.0.2634.165 Safari/537.36"
8.210.153.23 - - [29/Mar/2025:20:00:47 -0400] "HEAD /category/activity/ HTTP/1.1" 200 0 "-" "Mozilla/5.0 (Windows NT 6.3; Win64; x64) AppleWebKit/537.36 (KHTML, like Gecko) Chrome/60.0.2012.154 Safari/537.36"
8.210.153.23 - - [29/Mar/2025:20:00:47 -0400] "GET /category/activity HTTP/1.1" 301 0 "-" "Mozilla/5.0 (Windows NT 6.3; Win64; x64) AppleWebKit/537.36 (KHTML, like Gecko) Chrome/60.0.2012.154 Safari/537.36"
8.218.91.49 - - [29/Mar/2025:20:00:48 -0400] "GET /page/2 HTTP/1.1" 301 0 "-" "Mozilla/5.0 (Windows NT 10.0; Win64; x64) AppleWebKit/537.36 (KHTML, like Gecko) Chrome/66.0.2634.165 Safari/537.36"
8.210.153.23 - - [29/Mar/2025:20:00:48 -0400] "GET /category/activity/ HTTP/1.1" 200 9472 "-" "Mozilla/5.0 (Windows NT 6.3; Win64; x64) AppleWebKit/537.36 (KHTML, like Gecko) Chrome/60.0.2012.154 Safari/537.36"
8.218.91.49 - - [29/Mar/2025:20:00:48 -0400] "GET /page/2/ HTTP/1.1" 200 9615 "-" "Mozilla/5.0 (Windows NT 10.0; Win64; x64) AppleWebKit/537.36 (KHTML, like Gecko) Chrome/66.0.2634.165 Safari/537.36"
198.54.114.83 - - [29/Mar/2025:20:00:53 -0400] "POST /wp-cron.php?doing_wp_cron=1743292853.2172110080718994140625 HTTP/1.1" 200 0 "-" "WordPress/6.7.2; https://baernblog.com"
18.215.112.101 - - [29/Mar/2025:20:00:51 -0400] "GET /category/activity/page/8/ HTTP/1.1" 200 9501 "-" "Mozilla/5.0 AppleWebKit/537.36 (KHTML, like Gecko; compatible; Amazonbot/0.1; +https://developer.amazon.com/support/amazonbot) Chrome/119.0.6045.214 Safari/537.36"
198.54.114.83 - - [29/Mar/2025:20:00:53 -0400] "POST /wp-admin/admin-ajax.php?action=async_litespeed&nonce=QB3OAAU1N8AQ4lyalSETflfDIWoe5Elq&litespeed_type=imgoptm HTTP/1.1" 200 5 "-" "WordPress/6.7.2; https://baernblog.com"
47.243.91.206 - - [29/Mar/2025:20:01:35 -0400] "HEAD /page/2 HTTP/1.1" 301 0 "-" "Mozilla/5.0 (Windows NT 6.3; Win64; x64) AppleWebKit/537.36 (KHTML, like Gecko) Chrome/66.0.2257.139 Safari/537.36"
47.243.91.206 - - [29/Mar/2025:20:01:35 -0400] "HEAD /page/2/ HTTP/1.1" 200 0 "-" "Mozilla/5.0 (Windows NT 6.3; Win64; x64) AppleWebKit/537.36 (KHTML, like Gecko) Chrome/66.0.2257.139 Safari/537.36"
47.243.91.206 - - [29/Mar/2025:20:01:36 -0400] "GET /page/2 HTTP/1.1" 301 0 "-" "Mozilla/5.0 (Windows NT 6.3; Win64; x64) AppleWebKit/537.36 (KHTML, like Gecko) Chrome/66.0.2257.139 Safari/537.36"
47.243.91.206 - - [29/Mar/2025:20:01:36 -0400] "GET /page/2/ HTTP/1.1" 200 9615 "-" "Mozilla/5.0 (Windows NT 6.3; Win64; x64) AppleWebKit/537.36 (KHTML, like Gecko) Chrome/66.0.2257.139 Safari/537.36"
47.242.235.57 - - [29/Mar/2025:20:01:59 -0400] "HEAD /category/activity HTTP/1.1" 301 0 "-" "Mozilla/5.0 (Windows NT 6.1; Win64; x64) AppleWebKit/537.36 (KHTML, like Gecko) Chrome/68.0.2617.79 Safari/537.36"
8.210.190.0 - - [29/Mar/2025:20:01:59 -0400] "HEAD /page/2 HTTP/1.1" 301 0 "-" "Mozilla/5.0 (Windows NT 6.2; Win64; x64) AppleWebKit/537.36 (KHTML, like Gecko) Chrome/71.0.2038.46 Safari/537.36"
47.242.235.57 - - [29/Mar/2025:20:01:59 -0400] "HEAD /category/activity/ HTTP/1.1" 200 0 "-" "Mozilla/5.0 (Windows NT 6.1; Win64; x64) AppleWebKit/537.36 (KHTML, like Gecko) Chrome/68.0.2617.79 Safari/537.36"
8.210.190.0 - - [29/Mar/2025:20:01:59 -0400] "HEAD /page/2/ HTTP/1.1" 200 0 "-" "Mozilla/5.0 (Windows NT 6.2; Win64; x64) AppleWebKit/537.36 (KHTML, like Gecko) Chrome/71.0.2038.46 Safari/537.36"
47.242.235.57 - - [29/Mar/2025:20:01:59 -0400] "GET /category/activity HTTP/1.1" 301 0 "-" "Mozilla/5.0 (Windows NT 6.1; Win64; x64) AppleWebKit/537.36 (KHTML, like Gecko) Chrome/68.0.2617.79 Safari/537.36"
8.210.190.0 - - [29/Mar/2025:20:02:00 -0400] "GET /page/2 HTTP/1.1" 301 0 "-" "Mozilla/5.0 (Windows NT 6.2; Win64; x64) AppleWebKit/537.36 (KHTML, like Gecko) Chrome/71.0.2038.46 Safari/537.36"
47.242.235.57 - - [29/Mar/2025:20:02:00 -0400] "GET /category/activity/ HTTP/1.1" 200 9472 "-" "Mozilla/5.0 (Windows NT 6.1; Win64; x64) AppleWebKit/537.36 (KHTML, like Gecko) Chrome/68.0.2617.79 Safari/537.36"
8.210.190.0 - - [29/Mar/2025:20:02:00 -0400] "GET /page/2/ HTTP/1.1" 200 9615 "-" "Mozilla/5.0 (Windows NT 6.2; Win64; x64) AppleWebKit/537.36 (KHTML, like Gecko) Chrome/71.0.2038.46 Safari/537.36"
47.243.79.195 - - [29/Mar/2025:20:02:23 -0400] "HEAD /page/2 HTTP/1.1" 301 0 "-" "Mozilla/5.0 (Windows NT 6.1; Win64; x64) AppleWebKit/537.36 (KHTML, like Gecko) Chrome/68.0.3294.92 Safari/537.36"
47.243.79.195 - - [29/Mar/2025:20:02:24 -0400] "HEAD /page/2/ HTTP/1.1" 200 0 "-" "Mozilla/5.0 (Windows NT 6.1; Win64; x64) AppleWebKit/537.36 (KHTML, like Gecko) Chrome/68.0.3294.92 Safari/537.36"
47.243.79.195 - - [29/Mar/2025:20:02:24 -0400] "GET /page/2 HTTP/1.1" 301 0 "-" "Mozilla/5.0 (Windows NT 6.1; Win64; x64) AppleWebKit/537.36 (KHTML, like Gecko) Chrome/68.0.3294.92 Safari/537.36"
47.243.79.195 - - [29/Mar/2025:20:02:24 -0400] "GET /page/2/ HTTP/1.1" 200 9615 "-" "Mozilla/5.0 (Windows NT 6.1; Win64; x64) AppleWebKit/537.36 (KHTML, like Gecko) Chrome/68.0.3294.92 Safari/537.36"
8.210.190.0 - - [29/Mar/2025:20:02:47 -0400] "HEAD /category/activity HTTP/1.1" 301 0 "-" "Mozilla/5.0 (Windows NT 6.1; Win64; x64) AppleWebKit/537.36 (KHTML, like Gecko) Chrome/68.0.2198.33 Safari/537.36"
8.210.164.94 - - [29/Mar/2025:20:02:47 -0400] "HEAD /page/2 HTTP/1.1" 301 0 "-" "Mozilla/5.0 (Windows NT 6.1; Win64; x64) AppleWebKit/537.36 (KHTML, like Gecko) Chrome/72.0.3251.78 Safari/537.36"
8.210.190.0 - - [29/Mar/2025:20:02:47 -0400] "HEAD /category/activity/ HTTP/1.1" 200 0 "-" "Mozilla/5.0 (Windows NT 6.1; Win64; x64) AppleWebKit/537.36 (KHTML, like Gecko) Chrome/68.0.2198.33 Safari/537.36"
8.210.164.94 - - [29/Mar/2025:20:02:47 -0400] "HEAD /page/2/ HTTP/1.1" 200 0 "-" "Mozilla/5.0 (Windows NT 6.1; Win64; x64) AppleWebKit/537.36 (KHTML, like Gecko) Chrome/72.0.3251.78 Safari/537.36"
8.210.190.0 - - [29/Mar/2025:20:02:47 -0400] "GET /category/activity HTTP/1.1" 301 0 "-" "Mozilla/5.0 (Windows NT 6.1; Win64; x64) AppleWebKit/537.36 (KHTML, like Gecko) Chrome/68.0.2198.33 Safari/537.36"
8.210.164.94 - - [29/Mar/2025:20:02:47 -0400] "GET /page/2 HTTP/1.1" 301 0 "-" "Mozilla/5.0 (Windows NT 6.1; Win64; x64) AppleWebKit/537.36 (KHTML, like Gecko) Chrome/72.0.3251.78 Safari/537.36"
8.210.190.0 - - [29/Mar/2025:20:02:48 -0400] "GET /category/activity/ HTTP/1.1" 200 9472 "-" "Mozilla/5.0 (Windows NT 6.1; Win64; x64) AppleWebKit/537.36 (KHTML, like Gecko) Chrome/68.0.2198.33 Safari/537.36"
8.210.164.94 - - [29/Mar/2025:20:02:48 -0400] "GET /page/2/ HTTP/1.1" 200 9615 "-" "Mozilla/5.0 (Windows NT 6.1; Win64; x64) AppleWebKit/537.36 (KHTML, like Gecko) Chrome/72.0.3251.78 Safari/537.36"
198.54.114.83 - - [29/Mar/2025:20:03:20 -0400] "POST /wp-cron.php?doing_wp_cron=1743293000.5705571174621582031250 HTTP/1.1" 200 0 "-" "WordPress/6.7.2; https://baernblog.com"
54.36.148.248 - - [29/Mar/2025:20:03:18 -0400] "GET /page/77/ HTTP/1.1" 200 9674 "-" "Mozilla/5.0 (compatible; AhrefsBot/7.0; +http://ahrefs.com/robot/)"
198.54.114.83 - - [29/Mar/2025:20:03:21 -0400] "POST /wp-admin/admin-ajax.php?action=async_litespeed&nonce=lFvN1CWB5M2B6N8sfIrHmrAA9YHNOY5d&litespeed_type=imgoptm HTTP/1.1" 200 5 "-" "WordPress/6.7.2; https://baernblog.com"
198.54.114.83 - - [29/Mar/2025:20:05:48 -0400] "POST /wp-cron.php?doing_wp_cron=1743293147.9452309608459472656250 HTTP/1.1" 200 0 "-" "WordPress/6.7.2; https://baernblog.com"
85.208.96.205 - - [29/Mar/2025:20:05:44 -0400] "GET /online-casinos-for-gambling/ HTTP/1.1" 200 10795 "-" "Mozilla/5.0 (compatible; SemrushBot/7~bl; +http://www.semrush.com/bot.html)"
198.54.114.83 - - [29/Mar/2025:20:05:48 -0400] "POST /wp-admin/admin-ajax.php?action=async_litespeed&nonce=E26T76dfepYnm5VHvsA4LJS8u5RlGdAK&litespeed_type=imgoptm HTTP/1.1" 200 5 "-" "WordPress/6.7.2; https://baernblog.com"
54.36.148.89 - - [29/Mar/2025:20:15:26 -0400] "GET /category/sign-up/ HTTP/1.1" 200 7703 "-" "Mozilla/5.0 (compatible; AhrefsBot/7.0; +http://ahrefs.com/robot/)"
54.36.148.14 - - [29/Mar/2025:20:25:02 -0400] "GET /category/contact-us/ HTTP/1.1" 200 7713 "-" "Mozilla/5.0 (compatible; AhrefsBot/7.0; +http://ahrefs.com/robot/)"
198.54.114.83 - - [29/Mar/2025:20:33:43 -0400] "POST /wp-cron.php?doing_wp_cron=1743294823.3755118846893310546875 HTTP/1.1" 200 0 "-" "WordPress/6.7.2; https://baernblog.com"
54.36.148.132 - - [29/Mar/2025:20:33:39 -0400] "GET /relaxation-and-healing-combined/feed/ HTTP/1.1" 200 391 "-" "Mozilla/5.0 (compatible; AhrefsBot/7.0; +http://ahrefs.com/robot/)"
198.54.114.83 - - [29/Mar/2025:20:33:44 -0400] "POST /wp-admin/admin-ajax.php?action=async_litespeed&nonce=GVlhbBHSBNrfmWNZEcJxUvWkZdf1jOEE&litespeed_type=imgoptm HTTP/1.1" 200 0 "-" "WordPress/6.7.2; https://baernblog.com"
103.24.235.139 - - [29/Mar/2025:20:41:58 -0400] "GET /wp-login.php HTTP/1.1" 200 1683 "-" "Mozilla/5.0 (Windows NT 10.0; Win64; x64) AppleWebKit/537.36 (KHTML, like Gecko) Chrome/115.0.0.0 Safari/537.36 Edg/115.0.1901.203"
198.54.114.83 - - [29/Mar/2025:20:42:08 -0400] "POST /wp-cron.php?doing_wp_cron=1743295327.2551300525665283203125 HTTP/1.1" 200 0 "-" "WordPress/6.7.2; https://baernblog.com"
103.24.235.139 - - [29/Mar/2025:20:41:59 -0400] "POST /wp-login.php HTTP/1.1" 200 1806 "https://baernblog.com/wp-login.php" "Mozilla/5.0 (Windows NT 10.0; Win64; x64) AppleWebKit/537.36 (KHTML, like Gecko) Chrome/115.0.0.0 Safari/537.36 Edg/115.0.1901.203"
198.54.114.83 - - [29/Mar/2025:20:42:09 -0400] "POST /wp-admin/admin-ajax.php?action=async_litespeed&nonce=cEYi2LZhZpfG1EwnfrmDAUGRi9eWFK4r&litespeed_type=imgoptm HTTP/1.1" 200 0 "-" "WordPress/6.7.2; https://baernblog.com"
198.54.114.83 - - [29/Mar/2025:20:42:34 -0400] "POST /wp-cron.php?doing_wp_cron=1743295354.5892570018768310546875 HTTP/1.1" 200 0 "-" "WordPress/6.7.2; https://baernblog.com"
54.36.148.71 - - [29/Mar/2025:20:42:34 -0400] "GET /how-to-get-likes-on-youtube-comment/feed/ HTTP/1.1" 200 400 "-" "Mozilla/5.0 (compatible; AhrefsBot/7.0; +http://ahrefs.com/robot/)"
2a03:2880:11ff:72:: - - [29/Mar/2025:20:42:45 -0400] "GET /fueling-athletic-performance-the-role-of-sports-nutrition/ HTTP/1.1" 200 10649 "-" "meta-externalagent/1.1 (+https://developers.facebook.com/docs/sharing/webmasters/crawler)"
2a03:2880:11ff:71:: - - [29/Mar/2025:20:42:48 -0400] "GET /wp-includes/js/jquery/jquery.min.js?ver=3.7.1 HTTP/1.1" 304 0 "-" "meta-externalagent/1.1 (+https://developers.facebook.com/docs/sharing/webmasters/crawler)"
2a03:2880:11ff:1:: - - [29/Mar/2025:20:42:48 -0400] "GET /wp-content/themes/ascendoor-news/assets/js/slick.min.js?ver=1.8.1 HTTP/1.1" 304 0 "-" "meta-externalagent/1.1 (+https://developers.facebook.com/docs/sharing/webmasters/crawler)"
2a03:2880:11ff:1:: - - [29/Mar/2025:20:42:48 -0400] "GET /wp-includes/js/jquery/jquery-migrate.min.js?ver=3.4.1 HTTP/1.1" 304 0 "-" "meta-externalagent/1.1 (+https://developers.facebook.com/docs/sharing/webmasters/crawler)"
2a03:2880:11ff:: - - [29/Mar/2025:20:42:48 -0400] "GET /wp-content/themes/ascendoor-news/assets/js/navigation.min.js?ver=1.0.1 HTTP/1.1" 304 0 "-" "meta-externalagent/1.1 (+https://developers.facebook.com/docs/sharing/webmasters/crawler)"
2a03:2880:11ff:: - - [29/Mar/2025:20:42:48 -0400] "GET /wp-content/themes/ascendoor-news/assets/js/jquery.marquee.min.js?ver=1.6.0 HTTP/1.1" 304 0 "-" "meta-externalagent/1.1 (+https://developers.facebook.com/docs/sharing/webmasters/crawler)"
2a03:2880:11ff:4:: - - [29/Mar/2025:20:42:48 -0400] "GET /wp-content/themes/ascendoor-news/assets/js/custom.min.js?ver=1.0.1 HTTP/1.1" 304 0 "-" "meta-externalagent/1.1 (+https://developers.facebook.com/docs/sharing/webmasters/crawler)"
2a03:2880:11ff:: - - [29/Mar/2025:20:42:48 -0400] "GET /wp-includes/js/comment-reply.min.js?ver=6.7.2 HTTP/1.1" 304 0 "-" "meta-externalagent/1.1 (+https://developers.facebook.com/docs/sharing/webmasters/crawler)"
2a03:2880:11ff:73:: - - [29/Mar/2025:20:42:49 -0400] "GET /wp-includes/js/wp-emoji-release.min.js?ver=6.7.2 HTTP/1.1" 304 0 "-" "meta-externalagent/1.1 (+https://developers.facebook.com/docs/sharing/webmasters/crawler)"
2a03:2880:11ff:72:: - - [29/Mar/2025:20:42:49 -0400] "GET /wp-content/fonts/poppins/pxiByp8kv8JHgFVrLEj6Z1xlFQ.woff2 HTTP/1.1" 304 0 "-" "meta-externalagent/1.1 (+https://developers.facebook.com/docs/sharing/webmasters/crawler)"
185.94.34.244 - - [29/Mar/2025:20:46:51 -0400] "GET /wp-login.php HTTP/1.1" 200 1683 "-" "Mozilla/5.0 (Windows NT 10.0; Win64; x64) AppleWebKit/537.36 (KHTML, like Gecko) Chrome/115.0.0.0 Safari/537.36 Edg/115.0.1901.203"
198.54.114.83 - - [29/Mar/2025:20:46:59 -0400] "POST /wp-cron.php?doing_wp_cron=1743295619.3368980884552001953125 HTTP/1.1" 200 0 "-" "WordPress/6.7.2; https://baernblog.com"
185.94.34.244 - - [29/Mar/2025:20:46:52 -0400] "POST /wp-login.php HTTP/1.1" 200 1806 "https://baernblog.com/wp-login.php" "Mozilla/5.0 (Windows NT 10.0; Win64; x64) AppleWebKit/537.36 (KHTML, like Gecko) Chrome/115.0.0.0 Safari/537.36 Edg/115.0.1901.203"
198.54.114.83 - - [29/Mar/2025:20:47:00 -0400] "POST /wp-admin/admin-ajax.php?action=async_litespeed&nonce=RtVjWYQi3pcEvqMauFUe7PKHtjiC0Xpe&litespeed_type=imgoptm HTTP/1.1" 200 0 "-" "WordPress/6.7.2; https://baernblog.com"
198.54.114.83 - - [29/Mar/2025:20:52:13 -0400] "POST /wp-cron.php?doing_wp_cron=1743295933.1189260482788085937500 HTTP/1.1" 200 0 "-" "WordPress/6.7.2; https://baernblog.com"
54.36.148.200 - - [29/Mar/2025:20:52:10 -0400] "GET /unleashing-potential-gpu-cloud-services/feed/ HTTP/1.1" 200 399 "-" "Mozilla/5.0 (compatible; AhrefsBot/7.0; +http://ahrefs.com/robot/)"
198.54.114.83 - - [29/Mar/2025:20:52:13 -0400] "POST /wp-admin/admin-ajax.php?action=async_litespeed&nonce=Tb6RI9QnYU8Cqs7a0YmGYfauWctCrSPv&litespeed_type=imgoptm HTTP/1.1" 200 5 "-" "WordPress/6.7.2; https://baernblog.com"
103.100.176.223 - - [29/Mar/2025:20:52:36 -0400] "GET /wp-login.php HTTP/1.1" 200 1683 "-" "Mozilla/5.0 (Windows NT 10.0; Win64; x64) AppleWebKit/537.36 (KHTML, like Gecko) Chrome/87.0.4280.141 Safari/537.36"
103.100.176.223 - - [29/Mar/2025:20:52:37 -0400] "GET /wp-login.php HTTP/1.1" 200 1683 "-" "Mozilla/5.0 (Windows NT 10.0; Win64; x64) AppleWebKit/537.36 (KHTML, like Gecko) Chrome/87.0.4280.141 Safari/537.36"
198.54.114.83 - - [29/Mar/2025:20:55:38 -0400] "POST /wp-cron.php?doing_wp_cron=1743296137.8667309284210205078125 HTTP/1.1" 200 0 "-" "WordPress/6.7.2; https://baernblog.com"
213.136.81.226 - - [29/Mar/2025:20:55:34 -0400] "GET /a.php HTTP/1.1" 404 5942 "https://www.google.com" "Mozilla/5.0 (Linux; Android 7.0; SM-G892A Build/NRD90M; wv) AppleWebKit/537.36 (KHTML, Gecko) Version/4.0 Chrome/60.0.3112.107 Mobile Safari/537.36"
198.54.114.83 - - [29/Mar/2025:20:55:38 -0400] "POST /wp-admin/admin-ajax.php?action=async_litespeed&nonce=yH4eTJQLch3y6NoetNnsZmjkXKVDiFl0&litespeed_type=imgoptm HTTP/1.1" 200 5 "-" "WordPress/6.7.2; https://baernblog.com"
213.136.81.226 - - [29/Mar/2025:20:55:39 -0400] "GET /b.php HTTP/1.1" 404 5942 "https://www.google.com" "Mozilla/5.0 (Linux; Android 7.0; SM-G892A Build/NRD90M; wv) AppleWebKit/537.36 (KHTML, Gecko) Version/4.0 Chrome/60.0.3112.107 Mobile Safari/537.36"
213.136.81.226 - - [29/Mar/2025:20:55:45 -0400] "GET /c.php HTTP/1.1" 404 5942 "https://www.google.com" "Mozilla/5.0 (Linux; Android 7.0; SM-G892A Build/NRD90M; wv) AppleWebKit/537.36 (KHTML, Gecko) Version/4.0 Chrome/60.0.3112.107 Mobile Safari/537.36"
213.136.81.226 - - [29/Mar/2025:20:55:46 -0400] "GET /d.php HTTP/1.1" 404 5942 "https://www.google.com" "Mozilla/5.0 (Linux; Android 7.0; SM-G892A Build/NRD90M; wv) AppleWebKit/537.36 (KHTML, Gecko) Version/4.0 Chrome/60.0.3112.107 Mobile Safari/537.36"
213.136.81.226 - - [29/Mar/2025:20:55:47 -0400] "GET /e.php HTTP/1.1" 404 5942 "https://www.google.com" "Mozilla/5.0 (Linux; Android 7.0; SM-G892A Build/NRD90M; wv) AppleWebKit/537.36 (KHTML, Gecko) Version/4.0 Chrome/60.0.3112.107 Mobile Safari/537.36"
213.136.81.226 - - [29/Mar/2025:20:55:49 -0400] "GET /f.php HTTP/1.1" 404 5942 "https://www.google.com" "Mozilla/5.0 (Linux; Android 7.0; SM-G892A Build/NRD90M; wv) AppleWebKit/537.36 (KHTML, Gecko) Version/4.0 Chrome/60.0.3112.107 Mobile Safari/537.36"
198.54.114.83 - - [29/Mar/2025:20:59:56 -0400] "POST /wp-cron.php?doing_wp_cron=1743296395.8581409454345703125000 HTTP/1.1" 200 0 "-" "WordPress/6.7.2; https://baernblog.com"
114.119.128.23 - - [29/Mar/2025:20:59:52 -0400] "GET /immigration-attorney/ HTTP/1.1" 200 11184 "https://baernblog.com/how-much-can-credit-repair-online-improve-your-scores/" "Mozilla/5.0 (Linux; Android 7.0;) AppleWebKit/537.36 (KHTML, like Gecko) Mobile Safari/537.36 (compatible; PetalBot;+https://webmaster.petalsearch.com/site/petalbot)"
198.54.114.83 - - [29/Mar/2025:20:59:56 -0400] "POST /wp-admin/admin-ajax.php?action=async_litespeed&nonce=Fg5SlpYpuyN9fbiASMD0rt1yLkagyylR&litespeed_type=imgoptm HTTP/1.1" 200 5 "-" "WordPress/6.7.2; https://baernblog.com"
198.54.114.83 - - [29/Mar/2025:21:02:02 -0400] "POST /wp-cron.php?doing_wp_cron=1743296522.2928390502929687500000 HTTP/1.1" 200 0 "-" "WordPress/6.7.2; https://baernblog.com"
54.36.148.50 - - [29/Mar/2025:21:02:00 -0400] "GET /personal-trainer-advantages-of-hiring-one/feed/ HTTP/1.1" 200 418 "-" "Mozilla/5.0 (compatible; AhrefsBot/7.0; +http://ahrefs.com/robot/)"
198.54.114.83 - - [29/Mar/2025:21:02:02 -0400] "POST /wp-admin/admin-ajax.php?action=async_litespeed&nonce=upwPaBVUkj6ozhFqn8TQ9zpSS56dRb05&litespeed_type=imgoptm HTTP/1.1" 200 5 "-" "WordPress/6.7.2; https://baernblog.com"
198.54.114.83 - - [29/Mar/2025:21:02:23 -0400] "POST /wp-cron.php?doing_wp_cron=1743296543.7143020629882812500000 HTTP/1.1" 200 0 "-" "WordPress/6.7.2; https://baernblog.com"
114.119.138.235 - - [29/Mar/2025:21:02:23 -0400] "GET /unraveling-the-shadows-understanding-gaslighting-in-relationships/ HTTP/1.1" 200 11501 "https://baernblog.com/choosing-family-divorce-lawyers/" "Mozilla/5.0 (Linux; Android 7.0;) AppleWebKit/537.36 (KHTML, like Gecko) Mobile Safari/537.36 (compatible; PetalBot;+https://webmaster.petalsearch.com/site/petalbot)"
198.54.114.83 - - [29/Mar/2025:21:02:24 -0400] "POST /wp-admin/admin-ajax.php?action=async_litespeed&nonce=7E5WWJOdjuGaleCBaW2p6DTr0xiaX4rY&litespeed_type=imgoptm HTTP/1.1" 200 5 "-" "WordPress/6.7.2; https://baernblog.com"
198.54.114.83 - - [29/Mar/2025:21:03:13 -0400] "POST /wp-admin/admin-ajax.php?action=async_litespeed&nonce=edKpVw2PtzU5rdIF38TFZL9M2mtKOdj5&litespeed_type=imgoptm HTTP/1.1" 200 5 "-" "WordPress/6.7.2; https://baernblog.com"
85.203.21.207 - - [29/Mar/2025:21:03:18 -0400] "GET /wp-admin/plugins.php HTTP/1.1" 302 0 "http://baernblog.com/wp-admin/plugins.php" "Go-http-client/2.0"
198.54.114.83 - - [29/Mar/2025:21:03:19 -0400] "POST /wp-cron.php?doing_wp_cron=1743296599.7638509273529052734375 HTTP/1.1" 200 0 "-" "WordPress/6.7.2; https://baernblog.com"
85.203.21.207 - - [29/Mar/2025:21:03:19 -0400] "GET /wp-login.php?redirect_to=https%3A%2F%2Fbaernblog.com%2Fwp-admin%2Fplugins.php&reauth=1 HTTP/1.1" 200 1684 "https://baernblog.com/wp-admin/plugins.php" "Go-http-client/2.0"
198.54.114.83 - - [29/Mar/2025:21:04:04 -0400] "POST /wp-admin/admin-ajax.php?action=async_litespeed&nonce=Q6IZYfez1ZCV3UyxRYCcYTuyAWH9cnLK&litespeed_type=imgoptm HTTP/1.1" 200 5 "-" "WordPress/6.7.2; https://baernblog.com"
85.203.21.207 - - [29/Mar/2025:21:04:12 -0400] "GET /wp-admin/network/index.php HTTP/1.1" 302 0 "http://baernblog.com/wp-admin/network/index.php" "Go-http-client/2.0"
85.203.21.207 - - [29/Mar/2025:21:04:13 -0400] "GET /wp-login.php?redirect_to=https%3A%2F%2Fbaernblog.com%2Fwp-admin%2Fnetwork%2Findex.php&reauth=1 HTTP/1.1" 200 1687 "https://baernblog.com/wp-admin/network/index.php" "Go-http-client/2.0"
85.203.21.207 - - [29/Mar/2025:21:04:24 -0400] "GET /endearing-extraterrestrial-companions-the-charismatic-world-of-lilo-and-stitch-teddys/ HTTP/1.1" 200 11070 "http://baernblog.com/en/" "Go-http-client/2.0"
85.203.21.207 - - [29/Mar/2025:21:04:59 -0400] "GET /wp-login.php HTTP/1.1" 200 1683 "http://baernblog.com/login.php" "Go-http-client/2.0"
198.54.114.83 - - [29/Mar/2025:21:05:05 -0400] "POST /wp-admin/admin-ajax.php?action=async_litespeed&nonce=KRuDaOFL8vi7HOPyRMlsnX6wKq90gvKN&litespeed_type=imgoptm HTTP/1.1" 200 5 "-" "WordPress/6.7.2; https://baernblog.com"
85.203.21.207 - - [29/Mar/2025:21:05:34 -0400] "GET /wp-login.php HTTP/1.1" 200 1683 "http://baernblog.com/wp-login.php" "Go-http-client/2.0"
198.54.114.83 - - [29/Mar/2025:21:06:03 -0400] "POST /wp-admin/admin-ajax.php?action=async_litespeed&nonce=tYagvA3V7hRF25DprlwAMhsqNZfBIbrq&litespeed_type=imgoptm HTTP/1.1" 200 5 "-" "WordPress/6.7.2; https://baernblog.com"
85.203.21.207 - - [29/Mar/2025:21:06:05 -0400] "GET /wp-admin/network/about.php HTTP/1.1" 302 0 "http://baernblog.com/wp-admin/network/about.php" "Go-http-client/2.0"
85.203.21.207 - - [29/Mar/2025:21:06:06 -0400] "GET /wp-login.php?redirect_to=https%3A%2F%2Fbaernblog.com%2Fwp-admin%2Fnetwork%2Fabout.php&reauth=1 HTTP/1.1" 200 1691 "https://baernblog.com/wp-admin/network/about.php" "Go-http-client/2.0"
198.54.114.83 - - [29/Mar/2025:21:06:19 -0400] "POST /wp-cron.php?doing_wp_cron=1743296779.2090210914611816406250 HTTP/1.1" 200 0 "-" "WordPress/6.7.2; https://baernblog.com"
85.203.21.207 - - [29/Mar/2025:21:06:19 -0400] "GET /wp-admin/network/admin.php HTTP/1.1" 302 0 "http://baernblog.com/wp-admin/network/admin.php" "Go-http-client/2.0"
85.203.21.207 - - [29/Mar/2025:21:06:19 -0400] "GET /wp-login.php?redirect_to=https%3A%2F%2Fbaernblog.com%2Fwp-admin%2Fnetwork%2Fadmin.php&reauth=1 HTTP/1.1" 200 1687 "https://baernblog.com/wp-admin/network/admin.php" "Go-http-client/2.0"
85.203.21.207 - - [29/Mar/2025:21:06:36 -0400] "GET /wp-admin/user/index.php HTTP/1.1" 302 0 "http://baernblog.com/wp-admin/user/index.php" "Go-http-client/2.0"
85.203.21.207 - - [29/Mar/2025:21:06:37 -0400] "GET /wp-login.php?redirect_to=https%3A%2F%2Fbaernblog.com%2Fwp-admin%2Fuser%2Findex.php&reauth=1 HTTP/1.1" 200 1687 "https://baernblog.com/wp-admin/user/index.php" "Go-http-client/2.0"
85.203.21.207 - - [29/Mar/2025:21:06:44 -0400] "GET /wp-admin/about.php HTTP/1.1" 302 0 "http://baernblog.com/wp-admin/about.php" "Go-http-client/2.0"
85.203.21.207 - - [29/Mar/2025:21:06:45 -0400] "GET /wp-login.php?redirect_to=https%3A%2F%2Fbaernblog.com%2Fwp-admin%2Fabout.php&reauth=1 HTTP/1.1" 200 1684 "https://baernblog.com/wp-admin/about.php" "Go-http-client/2.0"
85.203.21.207 - - [29/Mar/2025:21:06:46 -0400] "GET /wp-login.php?action=register HTTP/1.1" 302 0 "http://baernblog.com/wp-signup.php" "Go-http-client/2.0"
85.203.21.207 - - [29/Mar/2025:21:06:47 -0400] "GET /wp-login.php?registration=disabled HTTP/1.1" 200 1747 "https://baernblog.com/wp-login.php?action=register" "Go-http-client/2.0"
85.203.21.207 - - [29/Mar/2025:21:06:55 -0400] "GET /wp-admin/admin.php HTTP/1.1" 302 0 "http://baernblog.com/wp-admin/admin.php" "Go-http-client/2.0"
85.203.21.207 - - [29/Mar/2025:21:06:56 -0400] "GET /wp-login.php?redirect_to=https%3A%2F%2Fbaernblog.com%2Fwp-admin%2Fadmin.php&reauth=1 HTTP/1.1" 200 1681 "https://baernblog.com/wp-admin/admin.php" "Go-http-client/2.0"
198.54.114.83 - - [29/Mar/2025:21:07:03 -0400] "POST /wp-admin/admin-ajax.php?action=async_litespeed&nonce=h8EBMMO6pVBW91TkHOjqKYJMR4I6W33z&litespeed_type=imgoptm HTTP/1.1" 200 5 "-" "WordPress/6.7.2; https://baernblog.com"
114.119.135.232 - - [29/Mar/2025:21:07:26 -0400] "GET /expert-advice-on-house-property-income-taxes-with-taxbuddy/ HTTP/1.1" 200 12505 "https://baernblog.com/elevate-your-corporate-meetings-with-scenic-elegance-at-lake-garda/" "Mozilla/5.0 (Linux; Android 7.0;) AppleWebKit/537.36 (KHTML, like Gecko) Mobile Safari/537.36 (compatible; PetalBot;+https://webmaster.petalsearch.com/site/petalbot)"
198.54.114.83 - - [29/Mar/2025:21:10:00 -0400] "POST /wp-cron.php?doing_wp_cron=1743297000.6144618988037109375000 HTTP/1.1" 200 0 "-" "WordPress/6.7.2; https://baernblog.com"
198.54.114.83 - - [29/Mar/2025:21:10:01 -0400] "POST /wp-admin/admin-ajax.php?action=async_litespeed&nonce=LzM9IyU2n5VLeB264OOFXEWr7NQRxofA&litespeed_type=imgoptm HTTP/1.1" 200 0 "-" "WordPress/6.7.2; https://baernblog.com"
114.119.135.232 - - [29/Mar/2025:21:09:58 -0400] "GET /convenient-car-rental-services-in-udon-thani/ HTTP/1.1" 200 10670 "https://baernblog.com/category/activity/page/5/" "Mozilla/5.0 (Linux; Android 7.0;) AppleWebKit/537.36 (KHTML, like Gecko) Mobile Safari/537.36 (compatible; PetalBot;+https://webmaster.petalsearch.com/site/petalbot)"
