51.222.253.10 - - [15/Apr/2025:18:44:17 -0400] "GET /the-importance-of-proper-gutter-maintenance/ HTTP/1.1" 200 0 "-" "Mozilla/5.0 (compatible; AhrefsBot/7.0; +http://ahrefs.com/robot/)"
198.54.114.83 - - [15/Apr/2025:18:44:24 -0400] "POST /wp-cron.php?doing_wp_cron=1744757061.8482160568237304687500 HTTP/1.1" 200 0 "-" "WordPress/6.7.2; https://bakingsecurityin.com"
198.54.114.83 - - [15/Apr/2025:18:44:26 -0400] "POST /wp-admin/admin-ajax.php?action=async_litespeed&nonce=JRUOMlPfx4SGUPf90r2zo6Zn0pRCxE5p&litespeed_type=imgoptm HTTP/1.1" 200 0 "-" "WordPress/6.7.2; https://bakingsecurityin.com"
198.54.114.83 - - [15/Apr/2025:18:46:01 -0400] "POST /wp-admin/admin-ajax.php?action=async_litespeed&nonce=70DWn30WDUk1HHDCJOalEbQYpvLGtWH6&litespeed_type=imgoptm HTTP/1.1" 200 0 "-" "WordPress/6.7.2; https://bakingsecurityin.com"
198.54.114.83 - - [15/Apr/2025:18:46:58 -0400] "POST /wp-admin/admin-ajax.php?action=async_litespeed&nonce=vqwbGBhrn5guFxRtdZTEBv4Ku5bGaqcR&litespeed_type=imgoptm HTTP/1.1" 200 0 "-" "WordPress/6.7.2; https://bakingsecurityin.com"
51.222.253.12 - - [15/Apr/2025:18:47:36 -0400] "GET /ekg-machines-whats-in-store-from-a-test/ HTTP/1.1" 200 0 "-" "Mozilla/5.0 (compatible; AhrefsBot/7.0; +http://ahrefs.com/robot/)"
162.213.255.38 - - [15/Apr/2025:18:48:47 -0400] "GET /wp-login.php HTTP/1.1" 200 1737 "http://bakingsecurityin.com" "Mozilla/5.0 (Macintosh; Intel Mac OS X 10_15_7) AppleWebKit/537.36 (KHTML, like Gecko) Chrome/126.0.0.0 Safari/537.36"
151.106.164.42 - - [15/Apr/2025:18:48:53 -0400] "GET /wp-content/plugins/advanced-google-recaptcha/libs/captcha.php?wpcaptcha-generate-image=true&color=%23FFFFFF&noise=1&id=5889 HTTP/1.1" 404 0 "-" "Mozilla/5.0 (X11; Ubuntu; Linux x86_64; rv:72.0) Gecko/20100101 Firefox/72.0"
151.106.164.42 - - [15/Apr/2025:18:48:55 -0400] "GET /wp-content/plugins/advanced-google-recaptcha/libs/captcha.php?wpcaptcha-generate-image=true&color=%23FFFFFF&noise=1&id=5889 HTTP/1.1" 404 0 "-" "Mozilla/5.0 (X11; Ubuntu; Linux x86_64; rv:72.0) Gecko/20100101 Firefox/72.0"
151.106.164.42 - - [15/Apr/2025:18:48:57 -0400] "GET /wp-content/plugins/advanced-google-recaptcha/libs/captcha.php?wpcaptcha-generate-image=true&color=%23FFFFFF&noise=1&id=5889 HTTP/1.1" 404 0 "-" "Mozilla/5.0 (X11; Ubuntu; Linux x86_64; rv:72.0) Gecko/20100101 Firefox/72.0"
198.54.114.83 - - [15/Apr/2025:18:50:57 -0400] "POST /wp-cron.php?doing_wp_cron=1744757453.9096150398254394531250 HTTP/1.1" 200 0 "-" "WordPress/6.7.2; https://bakingsecurityin.com"
240e:350:8003:c3d:4ecc:6af7:10f7:5ca9 - - [15/Apr/2025:18:50:53 -0400] "POST /wp-comments-post.php HTTP/1.1" 302 0 "-" "Mozilla/5.0 (Windows NT 10.0; Win64; x64) AppleWebKit/537.36 (KHTML, like Gecko) Chrome/108.0.0.0 Safari/537.36 Edg/108.0.1462.46"
198.54.114.83 - - [15/Apr/2025:18:51:00 -0400] "POST /wp-admin/admin-ajax.php?action=async_litespeed&nonce=Zxx4qcfYy9fNfRH3mAVIfNxHrdKhfXL0&litespeed_type=imgoptm HTTP/1.1" 200 0 "-" "WordPress/6.7.2; https://bakingsecurityin.com"
240e:350:8003:c3d:4ecc:6af7:10f7:5ca9 - - [15/Apr/2025:18:51:00 -0400] "GET /carport-entryways-roller-entryway-versus-over-top-entryway/?unapproved=5022&moderation-hash=65c23c374fee6940c36252a4841b11bf HTTP/1.1" 200 0 "-" "Mozilla/5.0 (Windows NT 10.0; Win64; x64) AppleWebKit/537.36 (KHTML, like Gecko) Chrome/108.0.0.0 Safari/537.36 Edg/108.0.1462.46"
51.222.253.8 - - [15/Apr/2025:18:51:07 -0400] "GET /tips-for-throwing-a-casino-royale-theme-party/ HTTP/1.1" 200 0 "-" "Mozilla/5.0 (compatible; AhrefsBot/7.0; +http://ahrefs.com/robot/)"
198.54.114.83 - - [15/Apr/2025:18:53:02 -0400] "POST /wp-cron.php?doing_wp_cron=1744757581.1240599155426025390625 HTTP/1.1" 200 0 "-" "WordPress/6.7.2; https://bakingsecurityin.com"
150.109.108.171 - - [15/Apr/2025:18:52:57 -0400] "GET /save-gas-and-produce-less-pollution-with-synthetic-lubricants/ HTTP/1.1" 200 0 "-" "Python/3.10 aiohttp/3.10.5"
198.54.114.83 - - [15/Apr/2025:18:53:05 -0400] "POST /wp-admin/admin-ajax.php?action=async_litespeed&nonce=ASvEOl53FWvjf95o91beCWl4n8zDhRur&litespeed_type=imgoptm HTTP/1.1" 200 0 "-" "WordPress/6.7.2; https://bakingsecurityin.com"
51.222.253.2 - - [15/Apr/2025:18:54:10 -0400] "GET /top-5-coworking-spaces-in-singapore/ HTTP/1.1" 200 0 "-" "Mozilla/5.0 (compatible; AhrefsBot/7.0; +http://ahrefs.com/robot/)"
198.54.114.83 - - [15/Apr/2025:18:54:13 -0400] "POST /wp-cron.php?doing_wp_cron=1744757650.8354179859161376953125 HTTP/1.1" 200 0 "-" "WordPress/6.7.2; https://bakingsecurityin.com"
198.54.114.83 - - [15/Apr/2025:18:55:50 -0400] "POST /wp-cron.php?doing_wp_cron=1744757749.6220319271087646484375 HTTP/1.1" 200 0 "-" "WordPress/6.7.2; https://bakingsecurityin.com"
136.243.228.193 - - [15/Apr/2025:18:55:49 -0400] "GET /what-is-plumbing/ HTTP/1.1" 200 0 "-" "Mozilla/5.0 (compatible; DataForSeoBot/1.0; +https://dataforseo.com/dataforseo-bot)"
185.191.171.14 - - [15/Apr/2025:18:56:32 -0400] "GET /relaxation-on-the-go-the-business-trip-massage/ HTTP/1.1" 200 0 "-" "Mozilla/5.0 (compatible; SemrushBot/7~bl; +http://www.semrush.com/bot.html)"
51.222.253.13 - - [15/Apr/2025:18:57:21 -0400] "GET /comment-creer-une-aire-de-jeux-exterieure/ HTTP/1.1" 200 0 "-" "Mozilla/5.0 (compatible; AhrefsBot/7.0; +http://ahrefs.com/robot/)"
198.54.114.83 - - [15/Apr/2025:18:57:24 -0400] "POST /wp-cron.php?doing_wp_cron=1744757841.6752109527587890625000 HTTP/1.1" 200 0 "-" "WordPress/6.7.2; https://bakingsecurityin.com"
161.97.130.75 - - [15/Apr/2025:18:58:38 -0400] "GET /robots.txt HTTP/1.1" 200 98 "-" "Mozilla/5.0 (compatible; MJ12bot/v1.4.8; http://mj12bot.com/)"
161.97.130.75 - - [15/Apr/2025:18:59:25 -0400] "GET /%D0%BC%D0%B5%D0%BB%D1%8C%D0%B4%D0%BE%D0%BD%D0%B8%D0%B9-%D0%BD%D0%B0%D1%80%D0%BA%D0%BE%D1%82%D0%B8%D1%87%D0%B5%D1%81%D0%BA%D0%B8%D0%B9-%D1%8D%D1%84%D1%84%D0%B5%D0%BA%D1%82/ HTTP/1.1" 301 0 "-" "Mozilla/5.0 (compatible; MJ12bot/v1.4.8; http://mj12bot.com/)"
198.54.114.83 - - [15/Apr/2025:18:59:27 -0400] "POST /wp-cron.php?doing_wp_cron=1744757966.4152638912200927734375 HTTP/1.1" 200 0 "-" "WordPress/6.7.2; https://bakingsecurityin.com"
161.97.130.75 - - [15/Apr/2025:18:59:36 -0400] "GET /meldonium-narcotic-effect/ HTTP/1.1" 200 0 "-" "Mozilla/5.0 (compatible; MJ12bot/v1.4.8; http://mj12bot.com/)"
164.160.91.19 - - [15/Apr/2025:19:00:38 -0400] "GET /wp-login.php HTTP/1.1" 200 0 "http://bakingsecurityin.com" "Mozilla/5.0 (Macintosh; Intel Mac OS X 13_3) AppleWebKit/537.36 (KHTML, like Gecko) Chrome/126.0.0.0 Safari/537.36"
51.222.253.3 - - [15/Apr/2025:19:00:42 -0400] "GET /petrol-fire-fighting-pump/ HTTP/1.1" 200 0 "-" "Mozilla/5.0 (compatible; AhrefsBot/7.0; +http://ahrefs.com/robot/)"
198.54.114.83 - - [15/Apr/2025:19:02:16 -0400] "POST /wp-cron.php?doing_wp_cron=1744758135.3755660057067871093750 HTTP/1.1" 200 0 "-" "WordPress/6.7.2; https://bakingsecurityin.com"
161.97.130.75 - - [15/Apr/2025:19:02:10 -0400] "GET /why-choose-windows-south-wales// HTTP/1.1" 301 0 "-" "Mozilla/5.0 (compatible; MJ12bot/v1.4.8; http://mj12bot.com/)"
198.54.114.83 - - [15/Apr/2025:19:02:18 -0400] "POST /wp-admin/admin-ajax.php?action=async_litespeed&nonce=VHagHM2tyx7Q8gte5ZHx4uNHE3yhWzpc&litespeed_type=imgoptm HTTP/1.1" 200 0 "-" "WordPress/6.7.2; https://bakingsecurityin.com"
5.255.231.50 - - [15/Apr/2025:19:02:24 -0400] "GET /5-ways-to-earn-more-money-from-writing/ HTTP/1.1" 200 0 "-" "Mozilla/5.0 (compatible; YandexBot/3.0; +http://yandex.com/bots)"
161.97.130.75 - - [15/Apr/2025:19:02:37 -0400] "GET /%D0%BC%D0%B5%D0%BB%D1%8C%D0%B4%D0%BE%D0%BD%D0%B8%D0%B9-%D0%BD%D0%B0%D1%80%D0%BA%D0%BE%D1%82%D0%B8%D1%87%D0%B5%D1%81%D0%BA%D0%B8%D0%B9-%D1%8D%D1%84%D1%84%D0%B5%D0%BA%D1%82/feed/ HTTP/1.1" 200 431 "-" "Mozilla/5.0 (compatible; MJ12bot/v1.4.8; http://mj12bot.com/)"
198.54.114.83 - - [15/Apr/2025:19:03:01 -0400] "POST /wp-cron.php?doing_wp_cron=1744758180.5200080871582031250000 HTTP/1.1" 200 0 "-" "WordPress/6.7.2; https://bakingsecurityin.com"
161.97.130.75 - - [15/Apr/2025:19:03:00 -0400] "GET /why-choose-windows-south-wales// HTTP/1.1" 301 0 "-" "Mozilla/5.0 (compatible; MJ12bot/v1.4.8; http://mj12bot.com/)"
198.54.114.83 - - [15/Apr/2025:19:03:03 -0400] "POST /wp-admin/admin-ajax.php?action=async_litespeed&nonce=HpW2wEcGIu3jLvNxx8nehxmBEu7JR4mD&litespeed_type=imgoptm HTTP/1.1" 200 0 "-" "WordPress/6.7.2; https://bakingsecurityin.com"
161.97.130.75 - - [15/Apr/2025:19:03:18 -0400] "GET /why-choose-windows-south-wales// HTTP/1.1" 301 0 "-" "Mozilla/5.0 (compatible; MJ12bot/v1.4.8; http://mj12bot.com/)"
129.226.52.30 - - [15/Apr/2025:19:03:20 -0400] "GET /screen-recording-on-netflix/ HTTP/1.1" 200 0 "-" "Python/3.10 aiohttp/3.10.5"
161.97.130.75 - - [15/Apr/2025:19:03:36 -0400] "GET /why-choose-windows-south-wales// HTTP/1.1" 301 0 "-" "Mozilla/5.0 (compatible; MJ12bot/v1.4.8; http://mj12bot.com/)"
198.54.114.83 - - [15/Apr/2025:19:03:59 -0400] "POST /wp-cron.php?doing_wp_cron=1744758237.5653660297393798828125 HTTP/1.1" 200 0 "-" "WordPress/6.7.2; https://bakingsecurityin.com"
161.97.130.75 - - [15/Apr/2025:19:03:57 -0400] "GET /why-choose-windows-south-wales// HTTP/1.1" 301 0 "-" "Mozilla/5.0 (compatible; MJ12bot/v1.4.8; http://mj12bot.com/)"
198.54.114.83 - - [15/Apr/2025:19:04:01 -0400] "POST /wp-admin/admin-ajax.php?action=async_litespeed&nonce=i06Vuvsfbtn3E92ihWn0WPcshinu6Ljg&litespeed_type=imgoptm HTTP/1.1" 200 0 "-" "WordPress/6.7.2; https://bakingsecurityin.com"
51.222.253.17 - - [15/Apr/2025:19:04:04 -0400] "GET /reformer-pilates-classes/ HTTP/1.1" 200 0 "-" "Mozilla/5.0 (compatible; AhrefsBot/7.0; +http://ahrefs.com/robot/)"
161.97.130.75 - - [15/Apr/2025:19:05:02 -0400] "GET /why-choose-windows-south-wales// HTTP/1.1" 301 0 "-" "Mozilla/5.0 (compatible; MJ12bot/v1.4.8; http://mj12bot.com/)"
198.54.114.83 - - [15/Apr/2025:19:05:06 -0400] "POST /wp-cron.php?doing_wp_cron=1744758303.4439349174499511718750 HTTP/1.1" 200 0 "-" "WordPress/6.7.2; https://bakingsecurityin.com"
161.97.130.75 - - [15/Apr/2025:19:05:15 -0400] "GET /why-choose-windows-south-wales/ HTTP/1.1" 200 0 "-" "Mozilla/5.0 (compatible; MJ12bot/v1.4.8; http://mj12bot.com/)"
150.109.40.196 - - [15/Apr/2025:19:05:24 -0400] "GET /the-problem-of-the-continuum/ HTTP/1.1" 200 0 "-" "Python/3.10 aiohttp/3.10.5"
51.222.253.14 - - [15/Apr/2025:19:07:45 -0400] "GET /a-botany-showflat-experience/ HTTP/1.1" 200 0 "-" "Mozilla/5.0 (compatible; AhrefsBot/7.0; +http://ahrefs.com/robot/)"
198.54.114.83 - - [15/Apr/2025:19:07:51 -0400] "POST /wp-cron.php?doing_wp_cron=1744758469.9866189956665039062500 HTTP/1.1" 200 0 "-" "WordPress/6.7.2; https://bakingsecurityin.com"
54.37.234.111 - - [15/Apr/2025:19:09:18 -0400] "GET /how-does-red-light-therapy-work/ HTTP/1.1" 200 0 "https://bakingsecurityin.com/how-does-red-light-therapy-work/#comment-3306" "Mozilla/5.0 (Windows NT 10.0; Win64; x64) AppleWebKit/537.36 (KHTML, like Gecko) Chrome/131.0.0.0 Safari/537.36"
54.37.234.111 - - [15/Apr/2025:19:09:20 -0400] "GET / HTTP/1.1" 200 0 "https://bakingsecurityin.com/" "Mozilla/5.0 (Windows NT 10.0; Win64; x64) AppleWebKit/537.36 (KHTML, like Gecko) Chrome/131.0.0.0 Safari/537.36"
198.54.114.83 - - [15/Apr/2025:19:09:26 -0400] "POST /wp-cron.php?doing_wp_cron=1744758564.9763650894165039062500 HTTP/1.1" 200 0 "-" "WordPress/6.7.2; https://bakingsecurityin.com"
198.54.114.83 - - [15/Apr/2025:19:09:27 -0400] "POST /wp-admin/admin-ajax.php?action=async_litespeed&nonce=lTu3Ld1VyM4D59vkOnOJXXfW2EgREpNu&litespeed_type=imgoptm HTTP/1.1" 200 0 "-" "WordPress/6.7.2; https://bakingsecurityin.com"
51.222.253.20 - - [15/Apr/2025:19:10:51 -0400] "GET /how-to-get-daily-wire-on-smart-tv/feed/ HTTP/1.1" 200 408 "-" "Mozilla/5.0 (compatible; AhrefsBot/7.0; +http://ahrefs.com/robot/)"
198.54.114.83 - - [15/Apr/2025:19:11:01 -0400] "POST /wp-cron.php?doing_wp_cron=1744758656.7069320678710937500000 HTTP/1.1" 200 0 "-" "WordPress/6.7.2; https://bakingsecurityin.com"
198.54.114.83 - - [15/Apr/2025:19:11:05 -0400] "POST /wp-admin/admin-ajax.php?action=async_litespeed&nonce=MJ3Ab9Pp2ZraJhKfPBmwyBj0iG0hXJPw&litespeed_type=imgoptm HTTP/1.1" 200 0 "-" "WordPress/6.7.2; https://bakingsecurityin.com"
103.110.84.40 - - [15/Apr/2025:19:12:16 -0400] "GET /wp-login.php HTTP/1.1" 200 1737 "http://bakingsecurityin.com" "Mozilla/5.0 (Macintosh; Intel Mac OS X 10_15_7) AppleWebKit/537.36 (KHTML, like Gecko) Chrome/126.0.0.0 Safari/537.36"
51.222.253.13 - - [15/Apr/2025:19:13:54 -0400] "GET /what-is-profit-recovery/ HTTP/1.1" 200 0 "-" "Mozilla/5.0 (compatible; AhrefsBot/7.0; +http://ahrefs.com/robot/)"
198.54.114.83 - - [15/Apr/2025:19:14:01 -0400] "POST /wp-cron.php?doing_wp_cron=1744758839.0210609436035156250000 HTTP/1.1" 200 0 "-" "WordPress/6.7.2; https://bakingsecurityin.com"
198.54.114.83 - - [15/Apr/2025:19:14:03 -0400] "POST /wp-admin/admin-ajax.php?action=async_litespeed&nonce=tlIFisXx8bPAOJc8YSbtmVSiiFG8OJUU&litespeed_type=imgoptm HTTP/1.1" 200 0 "-" "WordPress/6.7.2; https://bakingsecurityin.com"
18.188.228.10 - - [15/Apr/2025:19:16:30 -0400] "GET /robots.txt HTTP/1.1" 304 0 "-" "Mozilla/5.0 AppleWebKit/537.36 (KHTML, like Gecko; compatible; ClaudeBot/1.0; +claudebot@anthropic.com)"
198.54.114.83 - - [15/Apr/2025:19:16:37 -0400] "POST /wp-cron.php?doing_wp_cron=1744758996.2678020000457763671875 HTTP/1.1" 200 0 "-" "WordPress/6.7.2; https://bakingsecurityin.com"
18.188.228.10 - - [15/Apr/2025:19:16:30 -0400] "GET /buy-saves-tikik-to-boost-your-visibility-on-tiktok HTTP/1.1" 301 0 "-" "Mozilla/5.0 AppleWebKit/537.36 (KHTML, like Gecko; compatible; ClaudeBot/1.0; +claudebot@anthropic.com)"
198.54.114.83 - - [15/Apr/2025:19:16:39 -0400] "POST /wp-admin/admin-ajax.php?action=async_litespeed&nonce=WiVQpgQI3oRgYYR5wTYw0kNIzugnqITm&litespeed_type=imgoptm HTTP/1.1" 200 0 "-" "WordPress/6.7.2; https://bakingsecurityin.com"
18.188.228.10 - - [15/Apr/2025:19:16:40 -0400] "GET /buy-saves-tikik-to-boost-your-visibility-on-tiktok/ HTTP/1.1" 200 0 "https://bakingsecurityin.com/buy-saves-tikik-to-boost-your-visibility-on-tiktok" "Mozilla/5.0 AppleWebKit/537.36 (KHTML, like Gecko; compatible; ClaudeBot/1.0; +claudebot@anthropic.com)"
198.54.114.83 - - [15/Apr/2025:19:16:58 -0400] "POST /wp-cron.php?doing_wp_cron=1744759017.3850851058959960937500 HTTP/1.1" 200 0 "-" "WordPress/6.7.2; https://bakingsecurityin.com"
51.222.253.7 - - [15/Apr/2025:19:16:57 -0400] "GET /how-to-convert-european-shoes-sizes-to-us/ HTTP/1.1" 200 0 "-" "Mozilla/5.0 (compatible; AhrefsBot/7.0; +http://ahrefs.com/robot/)"
198.54.114.83 - - [15/Apr/2025:19:17:00 -0400] "POST /wp-admin/admin-ajax.php?action=async_litespeed&nonce=nv4qiODPIfLfsgIzscNjfJQFCOnc6rzQ&litespeed_type=imgoptm HTTP/1.1" 200 0 "-" "WordPress/6.7.2; https://bakingsecurityin.com"
198.54.114.83 - - [15/Apr/2025:19:19:58 -0400] "POST /wp-cron.php?doing_wp_cron=1744759197.0263710021972656250000 HTTP/1.1" 200 0 "-" "WordPress/6.7.2; https://bakingsecurityin.com"
43.154.145.254 - - [15/Apr/2025:19:19:58 -0400] "GET /stellenbosch-wine-and-accommodation-go-hand-in-hand/ HTTP/1.1" 200 0 "-" "Python/3.10 aiohttp/3.10.5"
51.222.253.6 - - [15/Apr/2025:19:19:52 -0400] "GET /how-to-send-large-files-with-ease/feed/ HTTP/1.1" 200 405 "-" "Mozilla/5.0 (compatible; AhrefsBot/7.0; +http://ahrefs.com/robot/)"
198.54.114.83 - - [15/Apr/2025:19:20:00 -0400] "POST /wp-admin/admin-ajax.php?action=async_litespeed&nonce=9aWX6oSCIBPI74tkjQm93Gu8v3USQnSD&litespeed_type=imgoptm HTTP/1.1" 200 0 "-" "WordPress/6.7.2; https://bakingsecurityin.com"
51.222.253.16 - - [15/Apr/2025:19:22:51 -0400] "GET /unveiling-the-allure-of-lentor-mansion-showflat/feed/ HTTP/1.1" 200 418 "-" "Mozilla/5.0 (compatible; AhrefsBot/7.0; +http://ahrefs.com/robot/)"
198.54.114.83 - - [15/Apr/2025:19:22:57 -0400] "POST /wp-cron.php?doing_wp_cron=1744759375.6177670955657958984375 HTTP/1.1" 200 0 "-" "WordPress/6.7.2; https://bakingsecurityin.com"
129.226.135.104 - - [15/Apr/2025:19:23:24 -0400] "GET /youtube-buy-subscribers-buying-youtube-subscribers-shouldnt-be-the-only-focus-of-your-channel-growth-strategy/ HTTP/1.1" 200 0 "-" "Python/3.10 aiohttp/3.10.5"
51.222.253.10 - - [15/Apr/2025:19:25:50 -0400] "GET /optimisation-energetique-lisolation-thermique-au-coeur-des-batiments-modernes/feed/ HTTP/1.1" 304 0 "-" "Mozilla/5.0 (compatible; AhrefsBot/7.0; +http://ahrefs.com/robot/)"
198.54.114.83 - - [15/Apr/2025:19:25:55 -0400] "POST /wp-cron.php?doing_wp_cron=1744759554.2517879009246826171875 HTTP/1.1" 200 0 "-" "WordPress/6.7.2; https://bakingsecurityin.com"
198.54.114.83 - - [15/Apr/2025:19:27:50 -0400] "POST /wp-cron.php?doing_wp_cron=1744759670.3725430965423583984375 HTTP/1.1" 200 0 "-" "WordPress/6.7.2; https://bakingsecurityin.com"
43.154.146.32 - - [15/Apr/2025:19:27:46 -0400] "GET /7-days-to-die-servers/ HTTP/1.1" 200 0 "-" "Python/3.10 aiohttp/3.10.5"
198.54.114.83 - - [15/Apr/2025:19:27:52 -0400] "POST /wp-admin/admin-ajax.php?action=async_litespeed&nonce=TWwcMp0dBlkr5T5tn70mkstyMBfY1Qxh&litespeed_type=imgoptm HTTP/1.1" 200 0 "-" "WordPress/6.7.2; https://bakingsecurityin.com"
51.222.253.14 - - [15/Apr/2025:19:28:44 -0400] "GET /buying-followers-on-tiktok/feed/ HTTP/1.1" 304 0 "-" "Mozilla/5.0 (compatible; AhrefsBot/7.0; +http://ahrefs.com/robot/)"
198.54.114.83 - - [15/Apr/2025:19:28:46 -0400] "POST /wp-cron.php?doing_wp_cron=1744759724.7583510875701904296875 HTTP/1.1" 200 0 "-" "WordPress/6.7.2; https://bakingsecurityin.com"
43.135.121.251 - - [15/Apr/2025:19:30:10 -0400] "GET /how-to-rent-a-car-pishtina/ HTTP/1.1" 200 0 "-" "Python/3.10 aiohttp/3.10.5"
198.54.114.83 - - [15/Apr/2025:19:30:14 -0400] "POST /wp-cron.php?doing_wp_cron=1744759812.2596349716186523437500 HTTP/1.1" 200 0 "-" "WordPress/6.7.2; https://bakingsecurityin.com"
198.54.114.83 - - [15/Apr/2025:19:30:15 -0400] "POST /wp-admin/admin-ajax.php?action=async_litespeed&nonce=kUK6bqIV92gqh81eKLktnk1l5dT4QJrP&litespeed_type=imgoptm HTTP/1.1" 200 0 "-" "WordPress/6.7.2; https://bakingsecurityin.com"
198.54.114.83 - - [15/Apr/2025:19:31:52 -0400] "POST /wp-cron.php?doing_wp_cron=1744759910.0814189910888671875000 HTTP/1.1" 200 0 "-" "WordPress/6.7.2; https://bakingsecurityin.com"
198.54.114.83 - - [15/Apr/2025:19:31:53 -0400] "POST /wp-admin/admin-ajax.php?action=async_litespeed&nonce=Ekp2JvZmjfKiedxygXeBOHz3dSVV8yzf&litespeed_type=imgoptm HTTP/1.1" 200 0 "-" "WordPress/6.7.2; https://bakingsecurityin.com"
51.222.253.12 - - [15/Apr/2025:19:31:41 -0400] "GET /fda-otc-regulations-key-guidelines-for-over-the-counter-products/feed/ HTTP/1.1" 304 0 "-" "Mozilla/5.0 (compatible; AhrefsBot/7.0; +http://ahrefs.com/robot/)"
198.54.114.83 - - [15/Apr/2025:19:33:39 -0400] "POST /wp-cron.php?doing_wp_cron=1744760018.5964651107788085937500 HTTP/1.1" 200 0 "-" "WordPress/6.7.2; https://bakingsecurityin.com"
43.135.121.153 - - [15/Apr/2025:19:33:34 -0400] "GET /pedicure-chairs/ HTTP/1.1" 200 0 "-" "Python/3.10 aiohttp/3.10.5"
51.222.253.12 - - [15/Apr/2025:19:34:24 -0400] "GET /cake-delta-8-carts/ HTTP/1.1" 200 0 "-" "Mozilla/5.0 (compatible; AhrefsBot/7.0; +http://ahrefs.com/robot/)"
104.219.248.236 - - [15/Apr/2025:19:35:48 -0400] "GET /wp-login.php HTTP/1.1" 200 1737 "http://bakingsecurityin.com" "Mozilla/5.0 (Windows NT 10.0; Win64; x64; rv:127.0) Gecko/20100101 Firefox/127.0"
198.54.114.83 - - [15/Apr/2025:19:35:48 -0400] "POST /wp-admin/admin-ajax.php?action=async_litespeed&nonce=TLVrPVZw5pt3kiZZ90Ly1BVqDVNQ9fgu&litespeed_type=imgoptm HTTP/1.1" 200 0 "-" "WordPress/6.7.2; https://bakingsecurityin.com"
51.222.253.15 - - [15/Apr/2025:19:37:09 -0400] "GET /ivf-clinic-in-barcelona/ HTTP/1.1" 200 0 "-" "Mozilla/5.0 (compatible; AhrefsBot/7.0; +http://ahrefs.com/robot/)"
198.54.114.83 - - [15/Apr/2025:19:37:53 -0400] "POST /wp-cron.php?doing_wp_cron=1744760272.5601599216461181640625 HTTP/1.1" 200 0 "-" "WordPress/6.7.2; https://bakingsecurityin.com"
119.28.214.61 - - [15/Apr/2025:19:37:49 -0400] "GET /searching-people-by-business-name-144/ HTTP/1.1" 200 0 "-" "Python/3.10 aiohttp/3.10.5"
198.54.114.83 - - [15/Apr/2025:19:37:56 -0400] "POST /wp-admin/admin-ajax.php?action=async_litespeed&nonce=uqjPmu9Wq0vq2R88s7s37ySy9hm5fNCk&litespeed_type=imgoptm HTTP/1.1" 200 0 "-" "WordPress/6.7.2; https://bakingsecurityin.com"
198.54.114.83 - - [15/Apr/2025:19:39:20 -0400] "POST /wp-cron.php?doing_wp_cron=1744760358.9326269626617431640625 HTTP/1.1" 200 0 "-" "WordPress/6.7.2; https://bakingsecurityin.com"
136.243.228.193 - - [15/Apr/2025:19:39:18 -0400] "GET /different-types-of-real-estate/ HTTP/1.1" 200 0 "-" "Mozilla/5.0 (compatible; DataForSeoBot/1.0; +https://dataforseo.com/dataforseo-bot)"
198.54.114.83 - - [15/Apr/2025:19:39:22 -0400] "POST /wp-admin/admin-ajax.php?action=async_litespeed&nonce=3umnRJZtXpNk7bzEMCVK6FAnV5R5xfEU&litespeed_type=imgoptm HTTP/1.1" 200 0 "-" "WordPress/6.7.2; https://bakingsecurityin.com"
198.54.114.83 - - [15/Apr/2025:19:40:16 -0400] "POST /wp-cron.php?doing_wp_cron=1744760414.6714239120483398437500 HTTP/1.1" 200 0 "-" "WordPress/6.7.2; https://bakingsecurityin.com"
51.222.253.2 - - [15/Apr/2025:19:40:14 -0400] "GET /baby-discount-store-top-10-must-haves-for-your-nursery/feed/ HTTP/1.1" 200 442 "-" "Mozilla/5.0 (compatible; AhrefsBot/7.0; +http://ahrefs.com/robot/)"
198.54.114.83 - - [15/Apr/2025:19:40:18 -0400] "POST /wp-admin/admin-ajax.php?action=async_litespeed&nonce=rJ8fGrfe929WdU7K9gUZVyeqUdHszCih&litespeed_type=imgoptm HTTP/1.1" 200 0 "-" "WordPress/6.7.2; https://bakingsecurityin.com"
198.54.114.83 - - [15/Apr/2025:19:43:17 -0400] "POST /wp-cron.php?doing_wp_cron=1744760596.2838840484619140625000 HTTP/1.1" 200 0 "-" "WordPress/6.7.2; https://bakingsecurityin.com"
51.222.253.14 - - [15/Apr/2025:19:43:10 -0400] "GET /real-estate-crm-and-marketing-software/ HTTP/1.1" 200 0 "-" "Mozilla/5.0 (compatible; AhrefsBot/7.0; +http://ahrefs.com/robot/)"
198.54.114.83 - - [15/Apr/2025:19:43:19 -0400] "POST /wp-admin/admin-ajax.php?action=async_litespeed&nonce=2N4Sl6VPy6UF976kqeOm2caUN5LwJda2&litespeed_type=imgoptm HTTP/1.1" 200 0 "-" "WordPress/6.7.2; https://bakingsecurityin.com"
198.54.114.83 - - [15/Apr/2025:19:46:06 -0400] "POST /wp-cron.php?doing_wp_cron=1744760765.4310009479522705078125 HTTP/1.1" 200 0 "-" "WordPress/6.7.2; https://bakingsecurityin.com"
51.222.253.6 - - [15/Apr/2025:19:46:02 -0400] "GET /die-anzeichen-einer-toxischen-beziehung/ HTTP/1.1" 200 0 "-" "Mozilla/5.0 (compatible; AhrefsBot/7.0; +http://ahrefs.com/robot/)"
198.54.114.83 - - [15/Apr/2025:19:46:09 -0400] "POST /wp-admin/admin-ajax.php?action=async_litespeed&nonce=E3sOqAHhaGoYIWpwX0tlzb4JXp7QC1rf&litespeed_type=imgoptm HTTP/1.1" 200 0 "-" "WordPress/6.7.2; https://bakingsecurityin.com"
67.205.59.102 - - [15/Apr/2025:19:47:48 -0400] "GET /wp-login.php HTTP/1.1" 200 0 "http://bakingsecurityin.com" "Mozilla/5.0 (Windows NT 10.0; Win64; x64) AppleWebKit/537.36 (KHTML, like Gecko) Chrome/115.0.5790.171 Safari/537.36 Edg/115.0.1901.203"
198.54.114.83 - - [15/Apr/2025:19:49:00 -0400] "POST /wp-cron.php?doing_wp_cron=1744760933.4466218948364257812500 HTTP/1.1" 200 0 "-" "WordPress/6.7.2; https://bakingsecurityin.com"
51.222.253.10 - - [15/Apr/2025:19:48:35 -0400] "GET /easiest-way-to-make-a-robot-in-little-alchemy/ HTTP/1.1" 200 0 "-" "Mozilla/5.0 (compatible; AhrefsBot/7.0; +http://ahrefs.com/robot/)"
198.54.114.83 - - [15/Apr/2025:19:50:56 -0400] "POST /wp-cron.php?doing_wp_cron=1744761056.4365649223327636718750 HTTP/1.1" 200 0 "-" "WordPress/6.7.2; https://bakingsecurityin.com"
151.106.166.201 - - [15/Apr/2025:19:50:55 -0400] "GET /wp-content/plugins/advanced-google-recaptcha/libs/captcha.php?wpcaptcha-generate-image=true&color=%23FFFFFF&noise=1&id=9892 HTTP/1.1" 404 0 "-" "Mozilla/5.0 (X11; Ubuntu; Linux x86_64; rv:72.0) Gecko/20100101 Firefox/72.0"
151.106.166.201 - - [15/Apr/2025:19:50:57 -0400] "GET /wp-content/plugins/advanced-google-recaptcha/libs/captcha.php?wpcaptcha-generate-image=true&color=%23FFFFFF&noise=1&id=9892 HTTP/1.1" 404 0 "-" "Mozilla/5.0 (X11; Ubuntu; Linux x86_64; rv:72.0) Gecko/20100101 Firefox/72.0"
151.106.166.201 - - [15/Apr/2025:19:50:57 -0400] "GET /wp-content/plugins/advanced-google-recaptcha/libs/captcha.php?wpcaptcha-generate-image=true&color=%23FFFFFF&noise=1&id=9892 HTTP/1.1" 404 0 "-" "Mozilla/5.0 (X11; Ubuntu; Linux x86_64; rv:72.0) Gecko/20100101 Firefox/72.0"
198.54.114.83 - - [15/Apr/2025:19:50:57 -0400] "POST /wp-admin/admin-ajax.php?action=async_litespeed&nonce=zmeyzXRjqnWrxUSVwixHcKPFReydFHBw&litespeed_type=imgoptm HTTP/1.1" 200 0 "-" "WordPress/6.7.2; https://bakingsecurityin.com"
51.222.253.8 - - [15/Apr/2025:19:51:07 -0400] "GET /black-seed-oil-uk/feed/ HTTP/1.1" 304 0 "-" "Mozilla/5.0 (compatible; AhrefsBot/7.0; +http://ahrefs.com/robot/)"
198.54.114.83 - - [15/Apr/2025:19:54:04 -0400] "POST /wp-cron.php?doing_wp_cron=1744761243.9375910758972167968750 HTTP/1.1" 200 0 "-" "WordPress/6.7.2; https://bakingsecurityin.com"
43.155.0.244 - - [15/Apr/2025:19:53:59 -0400] "GET /selecting-a-fire-pump-manufacturer/ HTTP/1.1" 200 0 "-" "Python/3.10 aiohttp/3.10.5"
198.54.114.83 - - [15/Apr/2025:19:54:07 -0400] "POST /wp-admin/admin-ajax.php?action=async_litespeed&nonce=A43jaBUvNzbDAbqCEMJFafmTUFzP8CpI&litespeed_type=imgoptm HTTP/1.1" 200 0 "-" "WordPress/6.7.2; https://bakingsecurityin.com"
198.54.114.83 - - [15/Apr/2025:19:56:23 -0400] "POST /wp-cron.php?doing_wp_cron=1744761382.7075688838958740234375 HTTP/1.1" 200 0 "-" "WordPress/6.7.2; https://bakingsecurityin.com"
51.222.253.19 - - [15/Apr/2025:19:56:19 -0400] "GET /how-do-we-recognise-and-navigate-by-landmarks/feed/ HTTP/1.1" 200 425 "-" "Mozilla/5.0 (compatible; AhrefsBot/7.0; +http://ahrefs.com/robot/)"
198.54.114.83 - - [15/Apr/2025:19:56:24 -0400] "POST /wp-admin/admin-ajax.php?action=async_litespeed&nonce=qf7xYDkAiYtaGz7VfZQrb4YMNUWV7fpN&litespeed_type=imgoptm HTTP/1.1" 200 0 "-" "WordPress/6.7.2; https://bakingsecurityin.com"
198.54.114.83 - - [15/Apr/2025:19:58:20 -0400] "POST /wp-cron.php?doing_wp_cron=1744761499.0200250148773193359375 HTTP/1.1" 200 0 "-" "WordPress/6.7.2; https://bakingsecurityin.com"
87.250.224.33 - - [15/Apr/2025:19:58:16 -0400] "GET /the-omnivoid-xr/ HTTP/1.1" 200 0 "-" "Mozilla/5.0 (compatible; YandexBot/3.0; +http://yandex.com/bots) AppleWebKit/537.36 (KHTML, like Gecko) Chrome/108.0.0.0"
198.54.114.83 - - [15/Apr/2025:19:58:21 -0400] "POST /wp-admin/admin-ajax.php?action=async_litespeed&nonce=qetx1knNG3tjLwtbWFsx3VpZ06GuZnDb&litespeed_type=imgoptm HTTP/1.1" 200 0 "-" "WordPress/6.7.2; https://bakingsecurityin.com"
87.250.224.50 - - [15/Apr/2025:19:58:22 -0400] "GET /favicon.ico HTTP/1.1" 404 1251 "https://bakingsecurityin.com/the-omnivoid-xr/" "Mozilla/5.0 (compatible; YandexRenderResourcesBot/1.0; +http://yandex.com/bots) AppleWebKit/537.36 (KHTML, like Gecko) Chrome/108.0.0.0"
43.154.120.205 - - [15/Apr/2025:19:58:34 -0400] "GET /use-of-gps-technology-by-moving-companies/ HTTP/1.1" 200 0 "-" "Python/3.10 aiohttp/3.10.5"
101.32.49.9 - - [15/Apr/2025:19:58:45 -0400] "GET /how-to-find-a-plumber-near-me/ HTTP/1.1" 200 0 "-" "Python/3.10 aiohttp/3.10.5"
192.99.19.65 - - [15/Apr/2025:19:59:34 -0400] "GET /wp-login.php HTTP/1.1" 200 1737 "http://bakingsecurityin.com" "Mozilla/5.0 (Windows NT 11.0; Win64; x64) AppleWebKit/537.36 (KHTML, like Gecko) Chrome/126.0.0.0 Safari/537.36"
198.54.114.83 - - [15/Apr/2025:19:59:34 -0400] "POST /wp-admin/admin-ajax.php?action=async_litespeed&nonce=uSOwADeeUDnCryH3MtX1Sw877TSgo9OE&litespeed_type=imgoptm HTTP/1.1" 200 0 "-" "WordPress/6.7.2; https://bakingsecurityin.com"
47.79.207.150 - - [15/Apr/2025:20:00:15 -0400] "GET / HTTP/1.1" 200 0 "https://www.google.com/" "Mozilla/5.0 (Windows NT 10.0; Win64; x64) AppleWebKit/537.36 (KHTML, like Gecko) Chrome/133.0.0.0 Safari/537.36"
198.54.114.83 - - [15/Apr/2025:20:00:18 -0400] "POST /wp-cron.php?doing_wp_cron=1744761616.4376509189605712890625 HTTP/1.1" 200 0 "-" "WordPress/6.7.2; https://bakingsecurityin.com"
198.54.114.83 - - [15/Apr/2025:20:01:52 -0400] "POST /wp-cron.php?doing_wp_cron=1744761711.4172179698944091796875 HTTP/1.1" 200 0 "-" "WordPress/6.7.2; https://bakingsecurityin.com"
51.222.253.13 - - [15/Apr/2025:20:01:46 -0400] "GET /how-to-promote-your-twitch/ HTTP/1.1" 200 0 "-" "Mozilla/5.0 (compatible; AhrefsBot/7.0; +http://ahrefs.com/robot/)"
198.54.114.83 - - [15/Apr/2025:20:01:53 -0400] "POST /wp-admin/admin-ajax.php?action=async_litespeed&nonce=JAeOXyoQHTvhWzzfGuh3eSIObQ2OXKM6&litespeed_type=imgoptm HTTP/1.1" 200 0 "-" "WordPress/6.7.2; https://bakingsecurityin.com"
85.208.96.198 - - [15/Apr/2025:20:01:54 -0400] "GET /robots.txt HTTP/1.1" 304 0 "-" "Mozilla/5.0 (compatible; SemrushBot/7~bl; +http://www.semrush.com/bot.html)"
198.54.114.83 - - [15/Apr/2025:20:01:56 -0400] "POST /wp-cron.php?doing_wp_cron=1744761715.5239160060882568359375 HTTP/1.1" 200 0 "-" "WordPress/6.7.2; https://bakingsecurityin.com"
85.208.96.197 - - [15/Apr/2025:20:01:55 -0400] "GET /navigating-the-digital-casino-landscape-a-journey-through-online-gaming/ HTTP/1.1" 200 0 "-" "Mozilla/5.0 (compatible; SemrushBot/7~bl; +http://www.semrush.com/bot.html)"
198.54.114.83 - - [15/Apr/2025:20:01:57 -0400] "POST /wp-admin/admin-ajax.php?action=async_litespeed&nonce=bYLKDDRKbtkCIczfd4pXaPfPQf7C8Lox&litespeed_type=imgoptm HTTP/1.1" 200 0 "-" "WordPress/6.7.2; https://bakingsecurityin.com"
198.54.114.83 - - [15/Apr/2025:20:06:25 -0400] "POST /wp-cron.php?doing_wp_cron=1744761984.8854269981384277343750 HTTP/1.1" 200 0 "-" "WordPress/6.7.2; https://bakingsecurityin.com"
119.28.64.11 - - [15/Apr/2025:20:06:20 -0400] "GET /why-does-my-phone-say-lte-instead-of-5g/ HTTP/1.1" 200 0 "-" "Python/3.10 aiohttp/3.10.5"
198.54.114.83 - - [15/Apr/2025:20:06:26 -0400] "POST /wp-admin/admin-ajax.php?action=async_litespeed&nonce=rFoAGtiVwb5KYRC5R3mBWXpQwzVYmuQf&litespeed_type=imgoptm HTTP/1.1" 200 0 "-" "WordPress/6.7.2; https://bakingsecurityin.com"
51.222.253.20 - - [15/Apr/2025:20:07:06 -0400] "GET /the-magnificence-exploring-the-grand-dunman-showflat/feed/ HTTP/1.1" 200 425 "-" "Mozilla/5.0 (compatible; AhrefsBot/7.0; +http://ahrefs.com/robot/)"
198.54.114.83 - - [15/Apr/2025:20:07:08 -0400] "POST /wp-cron.php?doing_wp_cron=1744762027.0872380733489990234375 HTTP/1.1" 200 0 "-" "WordPress/6.7.2; https://bakingsecurityin.com"
198.54.114.83 - - [15/Apr/2025:20:08:08 -0400] "POST /wp-cron.php?doing_wp_cron=1744762088.6036880016326904296875 HTTP/1.1" 200 0 "-" "WordPress/6.7.2; https://bakingsecurityin.com"
85.208.96.210 - - [15/Apr/2025:20:08:07 -0400] "GET /exploring-the-real-estate-market-in-sonoma-ca/ HTTP/1.1" 200 0 "-" "Mozilla/5.0 (compatible; SemrushBot/7~bl; +http://www.semrush.com/bot.html)"
198.54.114.83 - - [15/Apr/2025:20:08:10 -0400] "POST /wp-admin/admin-ajax.php?action=async_litespeed&nonce=lvMXVOfiPdUjnJKUNFMxPzLIoPHmohu2&litespeed_type=imgoptm HTTP/1.1" 200 0 "-" "WordPress/6.7.2; https://bakingsecurityin.com"
199.188.201.172 - - [15/Apr/2025:20:11:39 -0400] "GET /wp-login.php HTTP/1.1" 200 1737 "http://bakingsecurityin.com" "Mozilla/5.0 (Macintosh; Intel Mac OS X 13_3) AppleWebKit/537.36 (KHTML, like Gecko) Chrome/126.0.0.0 Safari/537.36"
198.54.114.83 - - [15/Apr/2025:20:11:39 -0400] "POST /wp-admin/admin-ajax.php?action=async_litespeed&nonce=QvUEP718RpdD1i1GBaYwlYxf8y95uDVQ&litespeed_type=imgoptm HTTP/1.1" 200 0 "-" "WordPress/6.7.2; https://bakingsecurityin.com"
198.54.114.83 - - [15/Apr/2025:20:12:21 -0400] "POST /wp-cron.php?doing_wp_cron=1744762340.9779400825500488281250 HTTP/1.1" 200 0 "-" "WordPress/6.7.2; https://bakingsecurityin.com"
51.222.253.2 - - [15/Apr/2025:20:12:20 -0400] "GET /permanente-dentaire/ HTTP/1.1" 200 0 "-" "Mozilla/5.0 (compatible; AhrefsBot/7.0; +http://ahrefs.com/robot/)"
198.54.114.83 - - [15/Apr/2025:20:12:22 -0400] "POST /wp-admin/admin-ajax.php?action=async_litespeed&nonce=VUrSpT2To2e6Od7NrJepOlcEURgftMPD&litespeed_type=imgoptm HTTP/1.1" 200 5 "-" "WordPress/6.7.2; https://bakingsecurityin.com"
198.54.114.83 - - [15/Apr/2025:20:13:50 -0400] "POST /wp-cron.php?doing_wp_cron=1744762429.7613389492034912109375 HTTP/1.1" 200 0 "-" "WordPress/6.7.2; https://bakingsecurityin.com"
35.240.128.90 - - [15/Apr/2025:20:13:46 -0400] "POST /wp-login.php HTTP/1.1" 200 1861 "-" "Mozlila/5.0 (Linux; Android 7.0; SM-G892A Bulid/NRD90M; wv) AppleWebKit/537.36 (KHTML, like Gecko) Version/4.0 Chrome/60.0.3112.107 Moblie Safari/537.36"
198.54.114.83 - - [15/Apr/2025:20:13:51 -0400] "POST /wp-admin/admin-ajax.php?action=async_litespeed&nonce=7bGg3MnyP7AoZYtCEEZ68psW9nLX7iZ7&litespeed_type=imgoptm HTTP/1.1" 200 0 "-" "WordPress/6.7.2; https://bakingsecurityin.com"
35.240.128.90 - - [15/Apr/2025:20:13:51 -0400] "GET /wp-admin/plugin-install.php?tab=upload HTTP/1.1" 302 0 "-" "Mozlila/5.0 (Linux; Android 7.0; SM-G892A Bulid/NRD90M; wv) AppleWebKit/537.36 (KHTML, like Gecko) Version/4.0 Chrome/60.0.3112.107 Moblie Safari/537.36"
35.240.128.90 - - [15/Apr/2025:20:13:53 -0400] "GET /wp-login.php?redirect_to=https%3A%2F%2Fbakingsecurityin.com%2Fwp-admin%2Fplugin-install.php%3Ftab%3Dupload&reauth=1 HTTP/1.1" 200 1755 "-" "Mozlila/5.0 (Linux; Android 7.0; SM-G892A Bulid/NRD90M; wv) AppleWebKit/537.36 (KHTML, like Gecko) Version/4.0 Chrome/60.0.3112.107 Moblie Safari/537.36"
198.54.114.83 - - [15/Apr/2025:20:14:47 -0400] "POST /wp-cron.php?doing_wp_cron=1744762486.5549440383911132812500 HTTP/1.1" 200 0 "-" "WordPress/6.7.2; https://bakingsecurityin.com"
119.28.31.106 - - [15/Apr/2025:20:14:46 -0400] "GET /is-skin-tightening-right-for-you/ HTTP/1.1" 200 0 "-" "Python/3.10 aiohttp/3.10.5"
198.54.114.83 - - [15/Apr/2025:20:14:48 -0400] "POST /wp-admin/admin-ajax.php?action=async_litespeed&nonce=piaSTYXJQy02Dcl4dnIMwhyAUAZiDfDX&litespeed_type=imgoptm HTTP/1.1" 200 5 "-" "WordPress/6.7.2; https://bakingsecurityin.com"
198.54.114.83 - - [15/Apr/2025:20:16:32 -0400] "POST /wp-cron.php?doing_wp_cron=1744762591.8597381114959716796875 HTTP/1.1" 200 0 "-" "WordPress/6.7.2; https://bakingsecurityin.com"
151.106.177.184 - - [15/Apr/2025:20:16:28 -0400] "GET /wp-content/plugins/advanced-google-recaptcha/libs/captcha.php?wpcaptcha-generate-image=true&color=%23FFFFFF&noise=1&id=9927 HTTP/1.1" 404 0 "-" "Mozilla/5.0 (X11; Ubuntu; Linux x86_64; rv:72.0) Gecko/20100101 Firefox/72.0"
151.106.177.184 - - [15/Apr/2025:20:16:33 -0400] "GET /wp-content/plugins/advanced-google-recaptcha/libs/captcha.php?wpcaptcha-generate-image=true&color=%23FFFFFF&noise=1&id=9927 HTTP/1.1" 404 0 "-" "Mozilla/5.0 (X11; Ubuntu; Linux x86_64; rv:72.0) Gecko/20100101 Firefox/72.0"
151.106.177.184 - - [15/Apr/2025:20:16:33 -0400] "GET /wp-content/plugins/advanced-google-recaptcha/libs/captcha.php?wpcaptcha-generate-image=true&color=%23FFFFFF&noise=1&id=9927 HTTP/1.1" 404 0 "-" "Mozilla/5.0 (X11; Ubuntu; Linux x86_64; rv:72.0) Gecko/20100101 Firefox/72.0"
198.54.114.83 - - [15/Apr/2025:20:16:32 -0400] "POST /wp-admin/admin-ajax.php?action=async_litespeed&nonce=hSYgNFqlBsu33MdtRBxzcATyZXrA6bSu&litespeed_type=imgoptm HTTP/1.1" 200 5 "-" "WordPress/6.7.2; https://bakingsecurityin.com"
198.54.114.83 - - [15/Apr/2025:20:17:10 -0400] "POST /wp-cron.php?doing_wp_cron=1744762629.9513440132141113281250 HTTP/1.1" 200 0 "-" "WordPress/6.7.2; https://bakingsecurityin.com"
51.222.253.15 - - [15/Apr/2025:20:17:09 -0400] "GET /how-to-hide-your-tv-without-looking-like-youre-hiding-it/ HTTP/1.1" 200 0 "-" "Mozilla/5.0 (compatible; AhrefsBot/7.0; +http://ahrefs.com/robot/)"
198.54.114.83 - - [15/Apr/2025:20:17:11 -0400] "POST /wp-admin/admin-ajax.php?action=async_litespeed&nonce=OUabkuuO54nJ9U9Ak2WEFX9j6tltVB3m&litespeed_type=imgoptm HTTP/1.1" 200 5 "-" "WordPress/6.7.2; https://bakingsecurityin.com"
85.208.96.195 - - [15/Apr/2025:20:20:11 -0400] "GET /die-eleganz-der-moderne-die-hangelampe-im-zeitgeist/ HTTP/1.1" 200 0 "-" "Mozilla/5.0 (compatible; SemrushBot/7~bl; +http://www.semrush.com/bot.html)"
198.54.114.83 - - [15/Apr/2025:20:20:16 -0400] "POST /wp-cron.php?doing_wp_cron=1744762814.6168661117553710937500 HTTP/1.1" 200 0 "-" "WordPress/6.7.2; https://bakingsecurityin.com"
151.106.166.201 - - [15/Apr/2025:20:21:10 -0400] "GET /wp-content/uploads/2023/06/How-to-Tell-If-Someone-Has-Snapchat-Plus.jpg HTTP/1.1" 404 0 "-" "Mozilla/5.0 (X11; Ubuntu; Linux x86_64; rv:72.0) Gecko/20100101 Firefox/72.0"
151.106.166.201 - - [15/Apr/2025:20:21:11 -0400] "GET /wp-content/uploads/2023/06/How-to-Tell-If-Someone-Has-Snapchat-Plus.jpg HTTP/1.1" 404 0 "-" "Mozilla/5.0 (X11; Ubuntu; Linux x86_64; rv:72.0) Gecko/20100101 Firefox/72.0"
151.106.166.201 - - [15/Apr/2025:20:21:11 -0400] "GET /wp-content/uploads/2023/06/How-to-Tell-If-Someone-Has-Snapchat-Plus.jpg HTTP/1.1" 404 0 "-" "Mozilla/5.0 (X11; Ubuntu; Linux x86_64; rv:72.0) Gecko/20100101 Firefox/72.0"
91.121.44.198 - - [15/Apr/2025:20:23:37 -0400] "GET /wp-login.php HTTP/1.1" 200 1737 "http://bakingsecurityin.com" "Mozilla/5.0 (Windows NT 10.0; Win64; x64) AppleWebKit/537.36 (KHTML, like Gecko) Chrome/116.0.5845.96 Safari/537.36"
198.54.114.83 - - [15/Apr/2025:20:23:37 -0400] "POST /wp-admin/admin-ajax.php?action=async_litespeed&nonce=6QXxidZ3lb9zQXODiTvWPOHh6z6yujci&litespeed_type=imgoptm HTTP/1.1" 200 0 "-" "WordPress/6.7.2; https://bakingsecurityin.com"
51.222.253.7 - - [15/Apr/2025:20:23:38 -0400] "GET /how-to-get-a-free-cavity-wall-insulation-grant/ HTTP/1.1" 200 0 "-" "Mozilla/5.0 (compatible; AhrefsBot/7.0; +http://ahrefs.com/robot/)"
198.54.114.83 - - [15/Apr/2025:20:24:08 -0400] "POST /wp-admin/admin-ajax.php?action=async_litespeed&nonce=7ekXuPB2BajMejL6vmzU4BbI5D5fuSxB&litespeed_type=imgoptm HTTP/1.1" 200 5 "-" "WordPress/6.7.2; https://bakingsecurityin.com"
136.243.228.193 - - [15/Apr/2025:20:24:10 -0400] "GET /charaktere-von-pokemon/ HTTP/1.1" 200 0 "-" "Mozilla/5.0 (compatible; DataForSeoBot/1.0; +https://dataforseo.com/dataforseo-bot)"
85.208.96.199 - - [15/Apr/2025:20:24:14 -0400] "GET /choosing-the-right-breast-pump-a-comprehensive-guide/ HTTP/1.1" 200 0 "-" "Mozilla/5.0 (compatible; SemrushBot/7~bl; +http://www.semrush.com/bot.html)"
198.54.114.83 - - [15/Apr/2025:20:26:40 -0400] "POST /wp-cron.php?doing_wp_cron=1744763199.6158180236816406250000 HTTP/1.1" 200 0 "-" "WordPress/6.7.2; https://bakingsecurityin.com"
43.132.229.118 - - [15/Apr/2025:20:26:34 -0400] "GET /how-to-write-a-powerful-about-attorney-bio/ HTTP/1.1" 200 0 "-" "Python/3.10 aiohttp/3.10.5"
198.54.114.83 - - [15/Apr/2025:20:26:42 -0400] "POST /wp-admin/admin-ajax.php?action=async_litespeed&nonce=YQDsF3tOniY9Jlxq1MYyRHDeBU6AeQsU&litespeed_type=imgoptm HTTP/1.1" 200 0 "-" "WordPress/6.7.2; https://bakingsecurityin.com"
198.54.114.83 - - [15/Apr/2025:20:27:57 -0400] "POST /wp-admin/admin-ajax.php?action=async_litespeed&nonce=cs2cN5YirSUUpEz6ermceHELRKyyAL1F&litespeed_type=imgoptm HTTP/1.1" 200 5 "-" "WordPress/6.7.2; https://bakingsecurityin.com"
87.250.224.31 - - [15/Apr/2025:20:28:14 -0400] "GET / HTTP/1.1" 200 0 "-" "Mozilla/5.0 (compatible; YandexBot/3.0; +http://yandex.com/bots)"
198.54.114.83 - - [15/Apr/2025:20:29:52 -0400] "POST /wp-cron.php?doing_wp_cron=1744763391.0515589714050292968750 HTTP/1.1" 200 0 "-" "WordPress/6.7.2; https://bakingsecurityin.com"
51.222.253.12 - - [15/Apr/2025:20:29:47 -0400] "GET /midtown-modern-a-lush-garden-oasis-in-the-heart-of-singapore/ HTTP/1.1" 200 0 "-" "Mozilla/5.0 (compatible; AhrefsBot/7.0; +http://ahrefs.com/robot/)"
198.54.114.83 - - [15/Apr/2025:20:29:54 -0400] "POST /wp-admin/admin-ajax.php?action=async_litespeed&nonce=Rpbr049QVIGPKAZDLSzH2LUQGqhU4ZrI&litespeed_type=imgoptm HTTP/1.1" 200 0 "-" "WordPress/6.7.2; https://bakingsecurityin.com"
198.54.114.83 - - [15/Apr/2025:20:33:44 -0400] "POST /wp-cron.php?doing_wp_cron=1744763622.9805610179901123046875 HTTP/1.1" 200 0 "-" "WordPress/6.7.2; https://bakingsecurityin.com"
85.208.96.210 - - [15/Apr/2025:20:33:37 -0400] "GET /efficient-communication-for-realtors/ HTTP/1.1" 200 0 "-" "Mozilla/5.0 (compatible; SemrushBot/7~bl; +http://www.semrush.com/bot.html)"
198.54.114.83 - - [15/Apr/2025:20:33:45 -0400] "POST /wp-admin/admin-ajax.php?action=async_litespeed&nonce=kTa4nqyUEiirSFufrPl25HPM9lVkamUg&litespeed_type=imgoptm HTTP/1.1" 200 0 "-" "WordPress/6.7.2; https://bakingsecurityin.com"
85.208.96.200 - - [15/Apr/2025:20:34:35 -0400] "GET /top-scientific-decoration-ideas-for-your-classroom/ HTTP/1.1" 301 0 "-" "Mozilla/5.0 (compatible; SemrushBot/7~bl; +http://www.semrush.com/bot.html)"
198.54.114.83 - - [15/Apr/2025:20:34:37 -0400] "POST /wp-cron.php?doing_wp_cron=1744763676.1202108860015869140625 HTTP/1.1" 200 0 "-" "WordPress/6.7.2; https://bakingsecurityin.com"
85.208.96.193 - - [15/Apr/2025:20:34:40 -0400] "GET /meilleures-idees-de-decoration-scientifique-pour-votre-salle-de-classe/ HTTP/1.1" 200 0 "-" "Mozilla/5.0 (compatible; SemrushBot/7~bl; +http://www.semrush.com/bot.html)"
198.54.120.17 - - [15/Apr/2025:20:35:19 -0400] "GET /wp-login.php HTTP/1.1" 200 1737 "http://bakingsecurityin.com" "Mozilla/5.0 (Macintosh; Intel Mac OS X 13.3; rv:126.0) Gecko/20100101 Firefox/126.0"
198.54.114.83 - - [15/Apr/2025:20:37:11 -0400] "POST /wp-cron.php?doing_wp_cron=1744763831.4182069301605224609375 HTTP/1.1" 200 0 "-" "WordPress/6.7.2; https://bakingsecurityin.com"
51.222.253.15 - - [15/Apr/2025:20:37:08 -0400] "GET /a-utility-payment-solution/ HTTP/1.1" 200 0 "-" "Mozilla/5.0 (compatible; AhrefsBot/7.0; +http://ahrefs.com/robot/)"
198.54.114.83 - - [15/Apr/2025:20:37:12 -0400] "POST /wp-admin/admin-ajax.php?action=async_litespeed&nonce=yWfoBrsFWp47HNOiBVvYPAyTnFWJ1fOM&litespeed_type=imgoptm HTTP/1.1" 200 5 "-" "WordPress/6.7.2; https://bakingsecurityin.com"
198.54.114.83 - - [15/Apr/2025:20:39:10 -0400] "POST /wp-cron.php?doing_wp_cron=1744763950.2862150669097900390625 HTTP/1.1" 200 0 "-" "WordPress/6.7.2; https://bakingsecurityin.com"
129.226.52.30 - - [15/Apr/2025:20:39:07 -0400] "GET /top-5-websites-to-buy-youtube-watch-time/ HTTP/1.1" 200 0 "-" "Python/3.10 aiohttp/3.10.5"
198.54.114.83 - - [15/Apr/2025:20:39:11 -0400] "POST /wp-admin/admin-ajax.php?action=async_litespeed&nonce=2N9JCtN6uq9bhFaMUHgxXxth5D1wR4O6&litespeed_type=imgoptm HTTP/1.1" 200 5 "-" "WordPress/6.7.2; https://bakingsecurityin.com"
198.54.114.83 - - [15/Apr/2025:20:42:42 -0400] "POST /wp-cron.php?doing_wp_cron=1744764161.2818610668182373046875 HTTP/1.1" 200 0 "-" "WordPress/6.7.2; https://bakingsecurityin.com"
51.222.253.10 - - [15/Apr/2025:20:42:38 -0400] "GET /cbd-oil-uk/ HTTP/1.1" 200 0 "-" "Mozilla/5.0 (compatible; AhrefsBot/7.0; +http://ahrefs.com/robot/)"
198.54.114.83 - - [15/Apr/2025:20:42:43 -0400] "POST /wp-admin/admin-ajax.php?action=async_litespeed&nonce=rdigIkDboeosvkKOIOC1B7fqjdSOZgr2&litespeed_type=imgoptm HTTP/1.1" 200 0 "-" "WordPress/6.7.2; https://bakingsecurityin.com"
85.208.98.19 - - [15/Apr/2025:20:43:11 -0400] "GET /what-are-the-benefits-of-ordinary-floor-covering-cleaning/ HTTP/1.1" 200 0 "-" "Mozilla/5.0 (compatible; SemrushBot-BA; +http://www.semrush.com/bot.html)"
85.208.96.206 - - [15/Apr/2025:20:44:16 -0400] "GET /activites-dechauffement-partie-2/ HTTP/1.1" 200 0 "-" "Mozilla/5.0 (compatible; SemrushBot/7~bl; +http://www.semrush.com/bot.html)"
198.54.114.83 - - [15/Apr/2025:20:44:20 -0400] "POST /wp-cron.php?doing_wp_cron=1744764258.8454298973083496093750 HTTP/1.1" 200 0 "-" "WordPress/6.7.2; https://bakingsecurityin.com"
66.29.141.17 - - [15/Apr/2025:20:47:24 -0400] "GET /wp-login.php HTTP/1.1" 200 1737 "http://bakingsecurityin.com" "Mozilla/5.0 (Windows NT 10.0; Win64; x64) AppleWebKit/537.36 (KHTML, like Gecko) Chrome/126.0.0.0 Safari/537.36"
51.222.253.3 - - [15/Apr/2025:20:47:51 -0400] "GET /how-to-enlarge-penis-with-the-best-penis-enlargement-pills/ HTTP/1.1" 200 0 "-" "Mozilla/5.0 (compatible; AhrefsBot/7.0; +http://ahrefs.com/robot/)"
51.222.253.4 - - [15/Apr/2025:20:50:28 -0400] "GET /the-role-of-the-executor-in-estate-planning/ HTTP/1.1" 200 0 "-" "Mozilla/5.0 (compatible; AhrefsBot/7.0; +http://ahrefs.com/robot/)"
198.54.114.83 - - [15/Apr/2025:20:50:36 -0400] "POST /wp-cron.php?doing_wp_cron=1744764631.8237130641937255859375 HTTP/1.1" 200 0 "-" "WordPress/6.7.2; https://bakingsecurityin.com"
198.54.114.83 - - [15/Apr/2025:20:53:20 -0400] "POST /wp-cron.php?doing_wp_cron=1744764799.5308849811553955078125 HTTP/1.1" 200 0 "-" "WordPress/6.7.2; https://bakingsecurityin.com"
51.222.253.13 - - [15/Apr/2025:20:53:16 -0400] "GET /expertenrat-fur-kandidaten-die-gitarrenunterricht-fur-anfanger-nehmen/feed/ HTTP/1.1" 200 446 "-" "Mozilla/5.0 (compatible; AhrefsBot/7.0; +http://ahrefs.com/robot/)"
198.54.114.83 - - [15/Apr/2025:20:53:21 -0400] "POST /wp-admin/admin-ajax.php?action=async_litespeed&nonce=Bna7oAzVmnDW33IhbdYyQODlJXXoAJ3Z&litespeed_type=imgoptm HTTP/1.1" 200 0 "-" "WordPress/6.7.2; https://bakingsecurityin.com"
198.54.114.83 - - [15/Apr/2025:20:55:56 -0400] "POST /wp-cron.php?doing_wp_cron=1744764954.7021830081939697265625 HTTP/1.1" 200 0 "-" "WordPress/6.7.2; https://bakingsecurityin.com"
198.54.114.83 - - [15/Apr/2025:20:56:16 -0400] "POST /wp-admin/admin-ajax.php?action=async_litespeed&nonce=UR19aC2scDn4Sg0150SEx6JxU4gh5SFb&litespeed_type=imgoptm HTTP/1.1" 200 0 "-" "WordPress/6.7.2; https://bakingsecurityin.com"
47.128.96.161 - - [15/Apr/2025:20:55:47 -0400] "GET /custom-pc-builder-vs-pre-built-computer/ HTTP/1.1" 200 0 "-" "Mozilla/5.0 (Linux; Android 5.0) AppleWebKit/537.36 (KHTML, like Gecko) Mobile Safari/537.36 (compatible; TikTokSpider; ttspider-feedback@tiktok.com)"
51.222.253.20 - - [15/Apr/2025:20:55:58 -0400] "GET /5-things-to-consider-when-buying-a-laptop-bag/ HTTP/1.1" 200 0 "-" "Mozilla/5.0 (compatible; AhrefsBot/7.0; +http://ahrefs.com/robot/)"
185.191.171.18 - - [15/Apr/2025:20:56:35 -0400] "GET /author/ashdev/ HTTP/1.1" 200 0 "-" "Mozilla/5.0 (compatible; SemrushBot/7~bl; +http://www.semrush.com/bot.html)"
198.54.114.83 - - [15/Apr/2025:20:58:30 -0400] "POST /wp-cron.php?doing_wp_cron=1744765109.7286739349365234375000 HTTP/1.1" 200 0 "-" "WordPress/6.7.2; https://bakingsecurityin.com"
51.222.253.4 - - [15/Apr/2025:20:58:26 -0400] "GET /a-glimpse-into-luxury-living/feed/ HTTP/1.1" 200 396 "-" "Mozilla/5.0 (compatible; AhrefsBot/7.0; +http://ahrefs.com/robot/)"
198.54.114.83 - - [15/Apr/2025:20:58:31 -0400] "POST /wp-admin/admin-ajax.php?action=async_litespeed&nonce=eDzBj13pzayT50arJNGeT6LHpjJBOzpH&litespeed_type=imgoptm HTTP/1.1" 200 0 "-" "WordPress/6.7.2; https://bakingsecurityin.com"
198.54.114.125 - - [15/Apr/2025:20:59:06 -0400] "GET /wp-login.php HTTP/1.1" 200 1737 "http://bakingsecurityin.com" "Mozilla/5.0 (Windows NT 10.0; Win64; x64) AppleWebKit/537.36 (KHTML, like Gecko) Chrome/115.0.5790.102 Safari/537.36"
198.54.114.83 - - [15/Apr/2025:20:59:06 -0400] "POST /wp-admin/admin-ajax.php?action=async_litespeed&nonce=qKs03dnZMTyh4W0SA6b3ADDs4CvgFbYP&litespeed_type=imgoptm HTTP/1.1" 200 0 "-" "WordPress/6.7.2; https://bakingsecurityin.com"
222.73.130.30 - - [15/Apr/2025:21:03:00 -0400] "GET /wp-login.php HTTP/1.1" 200 1737 "-" "Apache-HttpClient/4.5.2 (Java/1.8.0_361)"
35.240.128.90 - - [15/Apr/2025:21:03:06 -0400] "POST /wp-login.php HTTP/1.1" 200 1861 "-" "Mozlila/5.0 (Linux; Android 7.0; SM-G892A Bulid/NRD90M; wv) AppleWebKit/537.36 (KHTML, like Gecko) Version/4.0 Chrome/60.0.3112.107 Moblie Safari/537.36"
222.73.130.30 - - [15/Apr/2025:21:03:04 -0400] "GET /?author=1 HTTP/1.1" 301 0 "-" "Apache-HttpClient/4.5.2 (Java/1.8.0_361)"
198.54.114.83 - - [15/Apr/2025:21:03:12 -0400] "POST /wp-cron.php?doing_wp_cron=1744765389.5794069766998291015625 HTTP/1.1" 200 0 "-" "WordPress/6.7.2; https://bakingsecurityin.com"
198.54.114.83 - - [15/Apr/2025:21:03:12 -0400] "POST /wp-cron.php?doing_wp_cron=1744765389.5694348812103271484375 HTTP/1.1" 200 0 "-" "WordPress/6.7.2; https://bakingsecurityin.com"
222.73.130.30 - - [15/Apr/2025:21:03:13 -0400] "GET /author/ashdev/ HTTP/1.1" 200 0 "-" "Apache-HttpClient/4.5.2 (Java/1.8.0_361)"
35.240.128.90 - - [15/Apr/2025:21:03:13 -0400] "GET /wp-admin/plugin-install.php?tab=upload HTTP/1.1" 302 0 "-" "Mozlila/5.0 (Linux; Android 7.0; SM-G892A Bulid/NRD90M; wv) AppleWebKit/537.36 (KHTML, like Gecko) Version/4.0 Chrome/60.0.3112.107 Moblie Safari/537.36"
35.240.128.90 - - [15/Apr/2025:21:03:16 -0400] "GET /wp-login.php?redirect_to=https%3A%2F%2Fbakingsecurityin.com%2Fwp-admin%2Fplugin-install.php%3Ftab%3Dupload&reauth=1 HTTP/1.1" 200 1755 "-" "Mozlila/5.0 (Linux; Android 7.0; SM-G892A Bulid/NRD90M; wv) AppleWebKit/537.36 (KHTML, like Gecko) Version/4.0 Chrome/60.0.3112.107 Moblie Safari/537.36"
222.73.130.30 - - [15/Apr/2025:21:03:15 -0400] "GET /?author=2 HTTP/1.1" 301 0 "-" "Apache-HttpClient/4.5.2 (Java/1.8.0_361)"
222.73.130.30 - - [15/Apr/2025:21:03:19 -0400] "GET /author/jorge/ HTTP/1.1" 200 0 "-" "Apache-HttpClient/4.5.2 (Java/1.8.0_361)"
222.73.130.30 - - [15/Apr/2025:21:03:20 -0400] "GET /?author=3 HTTP/1.1" 404 0 "-" "Apache-HttpClient/4.5.2 (Java/1.8.0_361)"
222.73.130.30 - - [15/Apr/2025:21:03:22 -0400] "GET /?author=4 HTTP/1.1" 404 0 "-" "Apache-HttpClient/4.5.2 (Java/1.8.0_361)"
222.73.130.30 - - [15/Apr/2025:21:03:23 -0400] "GET /?author=5 HTTP/1.1" 404 0 "-" "Apache-HttpClient/4.5.2 (Java/1.8.0_361)"
222.73.130.30 - - [15/Apr/2025:21:03:26 -0400] "GET /?author=6 HTTP/1.1" 404 0 "-" "Apache-HttpClient/4.5.2 (Java/1.8.0_361)"
222.73.130.30 - - [15/Apr/2025:21:03:28 -0400] "GET /?author=7 HTTP/1.1" 404 0 "-" "Apache-HttpClient/4.5.2 (Java/1.8.0_361)"
222.73.130.30 - - [15/Apr/2025:21:03:30 -0400] "GET /?author=8 HTTP/1.1" 404 0 "-" "Apache-HttpClient/4.5.2 (Java/1.8.0_361)"
52.169.164.195 - - [15/Apr/2025:21:03:31 -0400] "GET /wp-admin/user/admin.php HTTP/1.1" 302 0 "-" "-"
222.73.130.30 - - [15/Apr/2025:21:03:32 -0400] "GET /?author=9 HTTP/1.1" 404 0 "-" "Apache-HttpClient/4.5.2 (Java/1.8.0_361)"
52.169.164.195 - - [15/Apr/2025:21:03:33 -0400] "GET /wp-login.php?redirect_to=https%3A%2F%2Fbakingsecurityin.com%2Fwp-admin%2Fuser%2Fadmin.php&reauth=1 HTTP/1.1" 200 1747 "-" "-"
222.73.130.30 - - [15/Apr/2025:21:03:35 -0400] "GET /?author=10 HTTP/1.1" 404 0 "-" "Apache-HttpClient/4.5.2 (Java/1.8.0_361)"
222.73.130.30 - - [15/Apr/2025:21:03:37 -0400] "GET /?author=11 HTTP/1.1" 404 0 "-" "Apache-HttpClient/4.5.2 (Java/1.8.0_361)"
222.73.130.30 - - [15/Apr/2025:21:03:38 -0400] "GET /?author=12 HTTP/1.1" 404 0 "-" "Apache-HttpClient/4.5.2 (Java/1.8.0_361)"
222.73.130.30 - - [15/Apr/2025:21:03:41 -0400] "GET /?author=13 HTTP/1.1" 404 0 "-" "Apache-HttpClient/4.5.2 (Java/1.8.0_361)"
