52.169.221.95 - - [15/Apr/2025:23:37:40 -0400] "GET /wp-login.php?registration=disabled HTTP/1.1" 200 1806 "-" "-"
129.226.128.49 - - [15/Apr/2025:23:37:56 -0400] "GET /how-to-select-the-right-dental-chair-for-your-practice/ HTTP/1.1" 200 0 "-" "Python/3.10 aiohttp/3.10.5"
198.54.114.83 - - [15/Apr/2025:23:37:59 -0400] "POST /wp-admin/admin-ajax.php?action=async_litespeed&nonce=eRiuOFyYiOfenJHc3hlQzbNPWQ7qcttH&litespeed_type=imgoptm HTTP/1.1" 200 0 "-" "WordPress/6.7.2; https://bakingsecurityin.com"
198.54.114.83 - - [15/Apr/2025:23:38:57 -0400] "POST /wp-admin/admin-ajax.php?action=async_litespeed&nonce=l2YEfYVXFeqx9eAPmzlbvyP56VhogMZ5&litespeed_type=imgoptm HTTP/1.1" 200 0 "-" "WordPress/6.7.2; https://bakingsecurityin.com"
51.222.253.13 - - [15/Apr/2025:23:39:12 -0400] "GET /cairnhill-16-an-urban-eden-in-the-heart-of-singapore/feed/ HTTP/1.1" 200 439 "-" "Mozilla/5.0 (compatible; AhrefsBot/7.0; +http://ahrefs.com/robot/)"
198.54.114.83 - - [15/Apr/2025:23:40:00 -0400] "POST /wp-admin/admin-ajax.php?action=async_litespeed&nonce=YTKRP3H4DDeDRD5WbZpYp6bSISJdAdQd&litespeed_type=imgoptm HTTP/1.1" 200 0 "-" "WordPress/6.7.2; https://bakingsecurityin.com"
114.10.47.95 - - [15/Apr/2025:23:40:39 -0400] "POST /wp-login.php/wp-login.php HTTP/1.1" 200 1861 "-" "python-requests/2.32.3"
198.54.114.83 - - [15/Apr/2025:23:40:58 -0400] "POST /wp-admin/admin-ajax.php?action=async_litespeed&nonce=yYpya9jLWLOguHAwWJP8cLHe4k3s9zJo&litespeed_type=imgoptm HTTP/1.1" 200 0 "-" "WordPress/6.7.2; https://bakingsecurityin.com"
51.222.253.11 - - [15/Apr/2025:23:41:27 -0400] "GET /faszinierende-moderne-einblicke-in-die-welt-der-hangelampen/feed/ HTTP/1.1" 304 0 "-" "Mozilla/5.0 (compatible; AhrefsBot/7.0; +http://ahrefs.com/robot/)"
2804:2904:43f:200:71d6:b0e3:3d9c:7004 - - [15/Apr/2025:23:41:29 -0400] "POST /wp-login.php HTTP/1.1" 200 1861 "https://bakingsecurityin.com/wp-admin/" "Mozilla/5.0 (Windows NT 10.0; Win64; x64) AppleWebKit/537.36 (KHTML, like Gecko) Chrome/90.0.4430.85 Safari/537.36"
2804:2904:43f:200:71d6:b0e3:3d9c:7004 - - [15/Apr/2025:23:41:31 -0400] "GET /wp-admin/ HTTP/1.1" 302 0 "https://www.google.com" "Mozilla/5.0 (Windows NT 10.0; Win64; x64) AppleWebKit/537.36 (KHTML, like Gecko) Chrome/90.0.4430.85 Safari/537.36"
2804:2904:43f:200:71d6:b0e3:3d9c:7004 - - [15/Apr/2025:23:41:35 -0400] "GET /wp-login.php?redirect_to=https%3A%2F%2Fbakingsecurityin.com%2Fwp-admin%2F&reauth=1 HTTP/1.1" 200 1737 "https://www.google.com" "Mozilla/5.0 (Windows NT 10.0; Win64; x64) AppleWebKit/537.36 (KHTML, like Gecko) Chrome/90.0.4430.85 Safari/537.36"
52.169.221.95 - - [15/Apr/2025:23:41:49 -0400] "GET /wp-admin/network/index.php HTTP/1.1" 302 0 "-" "-"
52.169.221.95 - - [15/Apr/2025:23:41:50 -0400] "GET /wp-login.php?redirect_to=https%3A%2F%2Fbakingsecurityin.com%2Fwp-admin%2Fnetwork%2Findex.php&reauth=1 HTTP/1.1" 200 1741 "-" "-"
89.144.145.213 - - [15/Apr/2025:23:43:01 -0400] "GET /wp-login.php HTTP/1.1" 200 1737 "http://bakingsecurityin.com" "Mozilla/5.0 (Windows NT 10.0; Win64; x64) AppleWebKit/537.36 (KHTML, like Gecko) Chrome/115.0.5790.171 Safari/537.36 Edg/115.0.1901.203"
51.222.253.10 - - [15/Apr/2025:23:43:29 -0400] "GET /calisthenics-leg-exercises/ HTTP/1.1" 200 0 "-" "Mozilla/5.0 (compatible; AhrefsBot/7.0; +http://ahrefs.com/robot/)"
198.54.114.83 - - [15/Apr/2025:23:45:41 -0400] "POST /wp-cron.php?doing_wp_cron=1744775140.7250900268554687500000 HTTP/1.1" 200 0 "-" "WordPress/6.7.2; https://bakingsecurityin.com"
51.222.253.15 - - [15/Apr/2025:23:45:36 -0400] "GET /rosas-dominicana/ HTTP/1.1" 200 0 "-" "Mozilla/5.0 (compatible; AhrefsBot/7.0; +http://ahrefs.com/robot/)"
198.54.114.83 - - [15/Apr/2025:23:45:43 -0400] "POST /wp-admin/admin-ajax.php?action=async_litespeed&nonce=u3jEr5SR8KqeE7goYClkvyPk9F8vkFqn&litespeed_type=imgoptm HTTP/1.1" 200 0 "-" "WordPress/6.7.2; https://bakingsecurityin.com"
198.54.114.83 - - [15/Apr/2025:23:46:03 -0400] "POST /wp-admin/admin-ajax.php?action=async_litespeed&nonce=uWL76QipSVAEvEphZrrI6IJfzmXkNAwY&litespeed_type=imgoptm HTTP/1.1" 200 0 "-" "WordPress/6.7.2; https://bakingsecurityin.com"
185.81.128.21 - - [15/Apr/2025:23:46:34 -0400] "GET /wp-content/plugins/suretriggers/readme.txt HTTP/1.1" 404 0 "-" "Mozilla/5.0 (Windows NT 10.0; Win64; x64) AppleWebKit/529.36 (KHTML, like Gecko) Chrome/120.1.2.3 Safari/537.36 Edg/121.0.2221.86"
198.54.114.83 - - [15/Apr/2025:23:47:40 -0400] "POST /wp-cron.php?doing_wp_cron=1744775259.1701018810272216796875 HTTP/1.1" 200 0 "-" "WordPress/6.7.2; https://bakingsecurityin.com"
51.222.253.12 - - [15/Apr/2025:23:47:38 -0400] "GET /le-katana-japonais/feed/ HTTP/1.1" 200 380 "-" "Mozilla/5.0 (compatible; AhrefsBot/7.0; +http://ahrefs.com/robot/)"
198.54.114.83 - - [15/Apr/2025:23:47:42 -0400] "POST /wp-admin/admin-ajax.php?action=async_litespeed&nonce=Ia3imcCG2TX0U1zyFCssr3S3u6DULIeR&litespeed_type=imgoptm HTTP/1.1" 200 0 "-" "WordPress/6.7.2; https://bakingsecurityin.com"
150.109.118.157 - - [15/Apr/2025:23:48:00 -0400] "GET /before-you-buy-tazorac/ HTTP/1.1" 200 0 "-" "Python/3.10 aiohttp/3.10.5"
198.54.114.83 - - [15/Apr/2025:23:48:01 -0400] "POST /wp-cron.php?doing_wp_cron=1744775280.6171109676361083984375 HTTP/1.1" 200 0 "-" "WordPress/6.7.2; https://bakingsecurityin.com"
198.54.114.83 - - [15/Apr/2025:23:49:43 -0400] "POST /wp-cron.php?doing_wp_cron=1744775381.6697061061859130859375 HTTP/1.1" 200 0 "-" "WordPress/6.7.2; https://bakingsecurityin.com"
51.222.253.12 - - [15/Apr/2025:23:49:37 -0400] "GET /wealth-building-with-real-estate/feed/ HTTP/1.1" 200 400 "-" "Mozilla/5.0 (compatible; AhrefsBot/7.0; +http://ahrefs.com/robot/)"
198.54.114.83 - - [15/Apr/2025:23:49:44 -0400] "POST /wp-admin/admin-ajax.php?action=async_litespeed&nonce=qkupLtbaOprpUcI6m4PZ9x68oSMSgAZw&litespeed_type=imgoptm HTTP/1.1" 200 0 "-" "WordPress/6.7.2; https://bakingsecurityin.com"
198.54.114.83 - - [15/Apr/2025:23:51:47 -0400] "POST /wp-cron.php?doing_wp_cron=1744775506.5581049919128417968750 HTTP/1.1" 200 0 "-" "WordPress/6.7.2; https://bakingsecurityin.com"
51.222.253.5 - - [15/Apr/2025:23:51:43 -0400] "GET /where-luxury-living-meets-urban-convenience/feed/ HTTP/1.1" 200 414 "-" "Mozilla/5.0 (compatible; AhrefsBot/7.0; +http://ahrefs.com/robot/)"
198.54.114.83 - - [15/Apr/2025:23:51:49 -0400] "POST /wp-admin/admin-ajax.php?action=async_litespeed&nonce=bZCoPgBTOeyKsHEYl3k6N1bCouywYChd&litespeed_type=imgoptm HTTP/1.1" 200 0 "-" "WordPress/6.7.2; https://bakingsecurityin.com"
40.77.167.230 - - [15/Apr/2025:23:52:57 -0400] "GET /custom-kitchen-cabinets-vs-semi-custom-kitchen-cabinets/ HTTP/1.1" 200 0 "-" "Mozilla/5.0 AppleWebKit/537.36 (KHTML, like Gecko; compatible; bingbot/2.0; +http://www.bing.com/bingbot.htm) Chrome/116.0.1938.76 Safari/537.36"
198.54.114.83 - - [15/Apr/2025:23:53:15 -0400] "POST /wp-cron.php?doing_wp_cron=1744775587.7865331172943115234375 HTTP/1.1" 200 0 "-" "WordPress/6.7.2; https://bakingsecurityin.com"
198.54.114.83 - - [15/Apr/2025:23:53:19 -0400] "POST /wp-admin/admin-ajax.php?action=async_litespeed&nonce=uJblnGRxfHBoAGNpDCda46MSiYMLBekk&litespeed_type=imgoptm HTTP/1.1" 200 0 "-" "WordPress/6.7.2; https://bakingsecurityin.com"
51.222.253.17 - - [15/Apr/2025:23:53:40 -0400] "GET /a-mini-blender-packs-a-punch-in-a-tiny-package/feed/ HTTP/1.1" 304 0 "-" "Mozilla/5.0 (compatible; AhrefsBot/7.0; +http://ahrefs.com/robot/)"
150.109.60.212 - - [15/Apr/2025:23:55:31 -0400] "GET /sending-voice-messages-on-ios-16/ HTTP/1.1" 200 0 "-" "Python/3.10 aiohttp/3.10.5"
124.156.164.49 - - [15/Apr/2025:23:55:31 -0400] "GET /german-classes-london/ HTTP/1.1" 200 0 "-" "Python/3.10 aiohttp/3.10.5"
198.54.114.83 - - [15/Apr/2025:23:55:37 -0400] "POST /wp-cron.php?doing_wp_cron=1744775734.6085109710693359375000 HTTP/1.1" 200 0 "-" "WordPress/6.7.2; https://bakingsecurityin.com"
51.222.253.14 - - [15/Apr/2025:23:55:47 -0400] "GET /georgia-lawyers/feed/ HTTP/1.1" 200 378 "-" "Mozilla/5.0 (compatible; AhrefsBot/7.0; +http://ahrefs.com/robot/)"
135.148.137.109 - - [15/Apr/2025:23:56:05 -0400] "GET /wp-login.php HTTP/1.1" 200 1737 "http://bakingsecurityin.com" "Mozilla/5.0 (Macintosh; Intel Mac OS X 14_4_1) AppleWebKit/605.1.15 (KHTML, like Gecko) Version/17.3.1 Safari/605.1.15"
198.54.114.83 - - [15/Apr/2025:23:58:02 -0400] "POST /wp-cron.php?doing_wp_cron=1744775881.0724830627441406250000 HTTP/1.1" 200 0 "-" "WordPress/6.7.2; https://bakingsecurityin.com"
51.222.253.11 - - [15/Apr/2025:23:57:56 -0400] "GET /wellness-im-schwarzwald/ HTTP/1.1" 200 0 "-" "Mozilla/5.0 (compatible; AhrefsBot/7.0; +http://ahrefs.com/robot/)"
51.222.253.8 - - [16/Apr/2025:00:02:42 -0400] "GET /how-to-choose-the-best-refrigeration-vacuum-pumps/feed/ HTTP/1.1" 304 0 "-" "Mozilla/5.0 (compatible; AhrefsBot/7.0; +http://ahrefs.com/robot/)"
198.54.114.83 - - [16/Apr/2025:00:02:44 -0400] "POST /wp-cron.php?doing_wp_cron=1744776162.7074830532073974609375 HTTP/1.1" 200 0 "-" "WordPress/6.7.2; https://bakingsecurityin.com"
185.189.115.103 - - [16/Apr/2025:00:03:24 -0400] "GET /wp-login.php HTTP/1.1" 200 1737 "https://bakingsecurityin.com/" "Mozilla/5.0 (Windows NT 10.0; Win64; x64) AppleWebKit/537.36 (KHTML, like Gecko) Chrome/134.0.0.0 Safari/537.36"
185.189.115.103 - - [16/Apr/2025:00:03:27 -0400] "GET /wp-includes/js/dist/a11y.min.js?ver=3156534cc54473497e14 HTTP/1.1" 200 827 "https://bakingsecurityin.com/wp-login.php" "Mozilla/5.0 (Windows NT 10.0; Win64; x64) AppleWebKit/537.36 (KHTML, like Gecko) Chrome/134.0.0.0 Safari/537.36"
185.189.115.103 - - [16/Apr/2025:00:03:27 -0400] "GET /wp-admin/js/password-strength-meter.min.js?ver=6.7.2 HTTP/1.1" 200 558 "https://bakingsecurityin.com/wp-login.php" "Mozilla/5.0 (Windows NT 10.0; Win64; x64) AppleWebKit/537.36 (KHTML, like Gecko) Chrome/134.0.0.0 Safari/537.36"
185.189.115.103 - - [16/Apr/2025:00:03:27 -0400] "GET /wp-includes/js/underscore.min.js?ver=1.13.7 HTTP/1.1" 200 7197 "https://bakingsecurityin.com/wp-login.php" "Mozilla/5.0 (Windows NT 10.0; Win64; x64) AppleWebKit/537.36 (KHTML, like Gecko) Chrome/134.0.0.0 Safari/537.36"
185.189.115.103 - - [16/Apr/2025:00:03:27 -0400] "GET /wp-admin/js/user-profile.min.js?ver=6.7.2 HTTP/1.1" 200 2388 "https://bakingsecurityin.com/wp-login.php" "Mozilla/5.0 (Windows NT 10.0; Win64; x64) AppleWebKit/537.36 (KHTML, like Gecko) Chrome/134.0.0.0 Safari/537.36"
185.189.115.103 - - [16/Apr/2025:00:03:27 -0400] "GET /wp-admin/load-styles.php?c=1&dir=ltr&load%5Bchunk_0%5D=dashicons,buttons,forms,l10n,login&ver=6.7.2 HTTP/1.1" 200 45467 "https://bakingsecurityin.com/wp-login.php" "Mozilla/5.0 (Windows NT 10.0; Win64; x64) AppleWebKit/537.36 (KHTML, like Gecko) Chrome/134.0.0.0 Safari/537.36"
185.189.115.103 - - [16/Apr/2025:00:03:27 -0400] "GET /wp-admin/load-scripts.php?c=1&load%5Bchunk_0%5D=clipboard,jquery-core,jquery-migrate,zxcvbn-async,wp-hooks&ver=6.7.2 HTTP/1.1" 200 39869 "https://bakingsecurityin.com/wp-login.php" "Mozilla/5.0 (Windows NT 10.0; Win64; x64) AppleWebKit/537.36 (KHTML, like Gecko) Chrome/134.0.0.0 Safari/537.36"
185.189.115.103 - - [16/Apr/2025:00:03:27 -0400] "GET /wp-includes/js/wp-util.min.js?ver=6.7.2 HTTP/1.1" 200 690 "https://bakingsecurityin.com/wp-login.php" "Mozilla/5.0 (Windows NT 10.0; Win64; x64) AppleWebKit/537.36 (KHTML, like Gecko) Chrome/134.0.0.0 Safari/537.36"
185.189.115.103 - - [16/Apr/2025:00:03:27 -0400] "GET /wp-includes/js/dist/i18n.min.js?ver=5e580eb46a90c2b997e6 HTTP/1.1" 200 3542 "https://bakingsecurityin.com/wp-login.php" "Mozilla/5.0 (Windows NT 10.0; Win64; x64) AppleWebKit/537.36 (KHTML, like Gecko) Chrome/134.0.0.0 Safari/537.36"
185.189.115.103 - - [16/Apr/2025:00:03:27 -0400] "GET /wp-includes/js/dist/dom-ready.min.js?ver=f77871ff7694fffea381 HTTP/1.1" 200 275 "https://bakingsecurityin.com/wp-login.php" "Mozilla/5.0 (Windows NT 10.0; Win64; x64) AppleWebKit/537.36 (KHTML, like Gecko) Chrome/134.0.0.0 Safari/537.36"
185.189.115.103 - - [16/Apr/2025:00:03:32 -0400] "GET /wp-admin/images/wordpress-logo.svg?ver=20131107 HTTP/1.1" 200 759 "https://bakingsecurityin.com/wp-admin/load-styles.php?c=1&dir=ltr&load%5Bchunk_0%5D=dashicons,buttons,forms,l10n,login&ver=6.7.2" "Mozilla/5.0 (Windows NT 10.0; Win64; x64) AppleWebKit/537.36 (KHTML, like Gecko) Chrome/134.0.0.0 Safari/537.36"
185.189.115.103 - - [16/Apr/2025:00:03:32 -0400] "POST /wp-login.php HTTP/1.1" 200 1861 "https://bakingsecurityin.com/wp-login.php" "Mozilla/5.0 (Windows NT 10.0; Win64; x64) AppleWebKit/537.36 (KHTML, like Gecko) Chrome/134.0.0.0 Safari/537.36"
185.189.115.103 - - [16/Apr/2025:00:03:35 -0400] "GET /wp-admin/load-styles.php?c=1&dir=ltr&load%5Bchunk_0%5D=dashicons,buttons,forms,l10n,login&ver=6.7.2 HTTP/1.1" 200 45513 "https://bakingsecurityin.com/wp-login.php" "Mozilla/5.0 (Windows NT 10.0; Win64; x64) AppleWebKit/537.36 (KHTML, like Gecko) Chrome/134.0.0.0 Safari/537.36"
185.189.115.103 - - [16/Apr/2025:00:03:39 -0400] "GET /favicon.ico HTTP/1.1" 404 1251 "https://bakingsecurityin.com/wp-login.php" "Mozilla/5.0 (Windows NT 10.0; Win64; x64) AppleWebKit/537.36 (KHTML, like Gecko) Chrome/134.0.0.0 Safari/537.36"
185.189.115.103 - - [16/Apr/2025:00:03:39 -0400] "GET /wp-includes/js/zxcvbn.min.js HTTP/1.1" 200 389493 "https://bakingsecurityin.com/wp-login.php" "Mozilla/5.0 (Windows NT 10.0; Win64; x64) AppleWebKit/537.36 (KHTML, like Gecko) Chrome/134.0.0.0 Safari/537.36"
198.54.114.83 - - [15/Apr/2025:23:58:04 -0400] "POST /wp-admin/admin-ajax.php?action=async_litespeed&nonce=enkfAK1Y6f7vV46SRpuXtEqLAxckZVYG&litespeed_type=imgoptm HTTP/1.1" 200 0 "-" "WordPress/6.7.2; https://bakingsecurityin.com"
150.109.60.212 - - [15/Apr/2025:23:58:35 -0400] "GET /how-to-do-the-ai-trend/ HTTP/1.1" 200 0 "-" "Python/3.10 aiohttp/3.10.5"
51.222.253.18 - - [16/Apr/2025:00:00:17 -0400] "GET /the-versatility-and-efficiency-of-drywall-partitions/feed/ HTTP/1.1" 304 0 "-" "Mozilla/5.0 (compatible; AhrefsBot/7.0; +http://ahrefs.com/robot/)"
198.54.114.83 - - [16/Apr/2025:00:00:23 -0400] "POST /wp-cron.php?doing_wp_cron=1744776020.4714460372924804687500 HTTP/1.1" 200 0 "-" "WordPress/6.7.2; https://bakingsecurityin.com"
136.243.228.193 - - [16/Apr/2025:00:01:34 -0400] "GET /exploring-the-hidden-gems-nusa-penida-tour/ HTTP/1.1" 200 0 "-" "Mozilla/5.0 (compatible; DataForSeoBot/1.0; +https://dataforseo.com/dataforseo-bot)"
198.54.114.83 - - [16/Apr/2025:00:01:36 -0400] "POST /wp-cron.php?doing_wp_cron=1744776094.9790689945220947265625 HTTP/1.1" 200 0 "-" "WordPress/6.7.2; https://bakingsecurityin.com"
51.222.253.11 - - [16/Apr/2025:00:04:59 -0400] "GET /what-are-the-options-for-a-conservatory-roof-replacement/feed/ HTTP/1.1" 304 0 "-" "Mozilla/5.0 (compatible; AhrefsBot/7.0; +http://ahrefs.com/robot/)"
198.54.114.83 - - [16/Apr/2025:00:05:08 -0400] "POST /wp-cron.php?doing_wp_cron=1744776303.4224250316619873046875 HTTP/1.1" 200 0 "-" "WordPress/6.7.2; https://bakingsecurityin.com"
198.54.114.83 - - [16/Apr/2025:00:05:12 -0400] "POST /wp-admin/admin-ajax.php?action=async_litespeed&nonce=IIcNNDTrATbNA77w1hpQZP1vJUXoL6ye&litespeed_type=imgoptm HTTP/1.1" 200 0 "-" "WordPress/6.7.2; https://bakingsecurityin.com"
51.222.253.6 - - [16/Apr/2025:00:07:15 -0400] "GET /robots.txt HTTP/1.1" 200 98 "-" "Mozilla/5.0 (compatible; AhrefsBot/7.0; +http://ahrefs.com/robot/)"
51.222.253.1 - - [16/Apr/2025:00:07:19 -0400] "GET /conservatory-roof-replacement-cost/ HTTP/1.1" 200 0 "-" "Mozilla/5.0 (compatible; AhrefsBot/7.0; +http://ahrefs.com/robot/)"
110.238.109.248 - - [16/Apr/2025:00:07:25 -0400] "GET /top-free-webtoon-sites-for-manga-lovers/ HTTP/1.1" 200 0 "https://bakingsecurityin.com/top-free-webtoon-sites-for-manga-lovers/" "Mozilla/5.0 (Windows NT 10.0; Win64; x64) AppleWebKit/537.36 (KHTML, like Gecko) Chrome/107.0.0.0 Safari/537.36"
198.54.114.83 - - [16/Apr/2025:00:07:27 -0400] "POST /wp-cron.php?doing_wp_cron=1744776444.0816330909729003906250 HTTP/1.1" 200 0 "-" "WordPress/6.7.2; https://bakingsecurityin.com"
185.191.171.19 - - [16/Apr/2025:00:07:35 -0400] "GET /bewertung-von-immobilien-eine-analyse/ HTTP/1.1" 200 0 "-" "Mozilla/5.0 (compatible; SemrushBot/7~bl; +http://www.semrush.com/bot.html)"
198.54.114.83 - - [16/Apr/2025:00:08:51 -0400] "POST /wp-cron.php?doing_wp_cron=1744776530.3916640281677246093750 HTTP/1.1" 200 0 "-" "WordPress/6.7.2; https://bakingsecurityin.com"
95.32.128.167 - - [16/Apr/2025:00:08:49 -0400] "GET /lumina-grand-showroom/ HTTP/1.1" 200 0 "https://yandex.ru/" "Mozilla/5.0 (Windows NT 10.0; Win64; x64) AppleWebKit/537.36 (KHTML, like Gecko) Chrome/132.0.0.0 Safari/537.36 OPR/117.0.0.0 (Edition MSI)"
198.54.114.83 - - [16/Apr/2025:00:08:54 -0400] "POST /wp-admin/admin-ajax.php?action=async_litespeed&nonce=aNjhVOQzwJWiYFgHuhgcjlW8J8zAsU7Y&litespeed_type=imgoptm HTTP/1.1" 200 0 "-" "WordPress/6.7.2; https://bakingsecurityin.com"
51.222.253.19 - - [16/Apr/2025:00:09:09 -0400] "GET /lose-fat-and-keep-it-off-for-good/feed/ HTTP/1.1" 304 0 "-" "Mozilla/5.0 (compatible; AhrefsBot/7.0; +http://ahrefs.com/robot/)"
198.54.114.83 - - [16/Apr/2025:00:09:12 -0400] "POST /wp-cron.php?doing_wp_cron=1744776549.8581349849700927734375 HTTP/1.1" 200 0 "-" "WordPress/6.7.2; https://bakingsecurityin.com"
103.90.232.143 - - [16/Apr/2025:00:09:16 -0400] "GET /wp-login.php HTTP/1.1" 200 1737 "http://bakingsecurityin.com" "Mozilla/5.0 (Windows NT 10.0; Win64; x64) AppleWebKit/537.36 (KHTML, like Gecko) Chrome/114.0.5735.199 Safari/537.36 Edg/114.0.1823.67"
198.54.114.83 - - [16/Apr/2025:00:11:13 -0400] "POST /wp-cron.php?doing_wp_cron=1744776672.6185710430145263671875 HTTP/1.1" 200 0 "-" "WordPress/6.7.2; https://bakingsecurityin.com"
51.222.253.17 - - [16/Apr/2025:00:11:08 -0400] "GET /how-to-improve-your-selling-skills-and-help-your-team-get-more-comfort-in-front-of-prospects/ HTTP/1.1" 200 0 "-" "Mozilla/5.0 (compatible; AhrefsBot/7.0; +http://ahrefs.com/robot/)"
198.54.114.83 - - [16/Apr/2025:00:11:14 -0400] "POST /wp-admin/admin-ajax.php?action=async_litespeed&nonce=rh3V6cyJeJLIV5B4PTOZvWa2rUQeGMn1&litespeed_type=imgoptm HTTP/1.1" 200 0 "-" "WordPress/6.7.2; https://bakingsecurityin.com"
47.79.199.199 - - [16/Apr/2025:00:11:33 -0400] "GET / HTTP/1.1" 200 0 "https://www.google.com/" "Mozilla/5.0 (Linux; Android 10; K) AppleWebKit/537.36 (KHTML, like Gecko) Chrome/133.0.0.0 Mobile Safari/537.36"
198.54.114.83 - - [16/Apr/2025:00:13:17 -0400] "POST /wp-cron.php?doing_wp_cron=1744776795.7684650421142578125000 HTTP/1.1" 200 0 "-" "WordPress/6.7.2; https://bakingsecurityin.com"
51.222.253.8 - - [16/Apr/2025:00:13:12 -0400] "GET /the-allure-of-ardor-residence/feed/ HTTP/1.1" 304 0 "-" "Mozilla/5.0 (compatible; AhrefsBot/7.0; +http://ahrefs.com/robot/)"
198.54.114.83 - - [16/Apr/2025:00:13:18 -0400] "POST /wp-admin/admin-ajax.php?action=async_litespeed&nonce=JPF09Fo3Bz0p3dcOegWPBzCq9rm1OSdm&litespeed_type=imgoptm HTTP/1.1" 200 0 "-" "WordPress/6.7.2; https://bakingsecurityin.com"
43.132.214.139 - - [16/Apr/2025:00:13:53 -0400] "GET /lilo-and-stitch-merchandise/ HTTP/1.1" 200 0 "-" "Python/3.10 aiohttp/3.10.5"
198.54.114.83 - - [16/Apr/2025:00:13:59 -0400] "POST /wp-cron.php?doing_wp_cron=1744776836.2317879199981689453125 HTTP/1.1" 200 0 "-" "WordPress/6.7.2; https://bakingsecurityin.com"
51.222.253.3 - - [16/Apr/2025:00:15:12 -0400] "GET /women-small-business-loans/feed/ HTTP/1.1" 304 0 "-" "Mozilla/5.0 (compatible; AhrefsBot/7.0; +http://ahrefs.com/robot/)"
198.54.114.83 - - [16/Apr/2025:00:15:14 -0400] "POST /wp-cron.php?doing_wp_cron=1744776912.7711551189422607421875 HTTP/1.1" 200 0 "-" "WordPress/6.7.2; https://bakingsecurityin.com"
51.222.253.8 - - [16/Apr/2025:00:16:58 -0400] "GET /can-a-dog-dewormer-cure-cancer/feed/ HTTP/1.1" 304 0 "-" "Mozilla/5.0 (compatible; AhrefsBot/7.0; +http://ahrefs.com/robot/)"
198.54.114.83 - - [16/Apr/2025:00:17:03 -0400] "POST /wp-cron.php?doing_wp_cron=1744777022.2161509990692138671875 HTTP/1.1" 200 0 "-" "WordPress/6.7.2; https://bakingsecurityin.com"
198.54.114.83 - - [16/Apr/2025:00:19:21 -0400] "POST /wp-cron.php?doing_wp_cron=1744777160.0315990447998046875000 HTTP/1.1" 200 0 "-" "WordPress/6.7.2; https://bakingsecurityin.com"
51.222.253.3 - - [16/Apr/2025:00:19:16 -0400] "GET /unlock-efficiency-with-raymond-reach-truck-rentals/feed/ HTTP/1.1" 200 423 "-" "Mozilla/5.0 (compatible; AhrefsBot/7.0; +http://ahrefs.com/robot/)"
198.54.114.83 - - [16/Apr/2025:00:19:23 -0400] "POST /wp-admin/admin-ajax.php?action=async_litespeed&nonce=2lc9PDLTsuPfLtJhETlYtulI3egrFwME&litespeed_type=imgoptm HTTP/1.1" 200 0 "-" "WordPress/6.7.2; https://bakingsecurityin.com"
51.222.253.17 - - [16/Apr/2025:00:21:24 -0400] "GET /best-mothers-day-gifts-top-5-for-2011/feed/ HTTP/1.1" 200 426 "-" "Mozilla/5.0 (compatible; AhrefsBot/7.0; +http://ahrefs.com/robot/)"
198.54.114.83 - - [16/Apr/2025:00:21:29 -0400] "POST /wp-cron.php?doing_wp_cron=1744777287.1596720218658447265625 HTTP/1.1" 200 0 "-" "WordPress/6.7.2; https://bakingsecurityin.com"
103.161.173.219 - - [16/Apr/2025:00:22:37 -0400] "GET /wp-login.php HTTP/1.1" 200 1737 "http://bakingsecurityin.com" "Mozilla/5.0 (Macintosh; Intel Mac OS X 10_15_7) AppleWebKit/537.36 (KHTML, like Gecko) Chrome/115.0.5790.102 Safari/537.36"
198.54.114.83 - - [16/Apr/2025:00:23:36 -0400] "POST /wp-cron.php?doing_wp_cron=1744777416.1740748882293701171875 HTTP/1.1" 200 0 "-" "WordPress/6.7.2; https://bakingsecurityin.com"
51.222.253.7 - - [16/Apr/2025:00:23:35 -0400] "GET /using-nipple-protectors-for-breastfeeding/feed/ HTTP/1.1" 200 407 "-" "Mozilla/5.0 (compatible; AhrefsBot/7.0; +http://ahrefs.com/robot/)"
198.54.114.83 - - [16/Apr/2025:00:23:37 -0400] "POST /wp-admin/admin-ajax.php?action=async_litespeed&nonce=okIFP8jKD4Xtl6lvxHjB1KzjlRDVdCMb&litespeed_type=imgoptm HTTP/1.1" 200 5 "-" "WordPress/6.7.2; https://bakingsecurityin.com"
185.191.171.11 - - [16/Apr/2025:00:24:39 -0400] "GET /transforming-customer-support-with-ai-how-vercel/ HTTP/1.1" 200 0 "-" "Mozilla/5.0 (compatible; SemrushBot/7~bl; +http://www.semrush.com/bot.html)"
198.54.114.83 - - [16/Apr/2025:00:25:53 -0400] "POST /wp-cron.php?doing_wp_cron=1744777551.0887289047241210937500 HTTP/1.1" 200 0 "-" "WordPress/6.7.2; https://bakingsecurityin.com"
198.54.114.83 - - [16/Apr/2025:00:25:57 -0400] "POST /wp-admin/admin-ajax.php?action=async_litespeed&nonce=yhBckXjHbj665k1xR2JJP55TYeO8QntU&litespeed_type=imgoptm HTTP/1.1" 200 0 "-" "WordPress/6.7.2; https://bakingsecurityin.com"
51.222.253.16 - - [16/Apr/2025:00:25:46 -0400] "GET /buying-a-michael-kors-satchel-bag/ HTTP/1.1" 200 0 "-" "Mozilla/5.0 (compatible; AhrefsBot/7.0; +http://ahrefs.com/robot/)"
198.54.114.83 - - [16/Apr/2025:00:28:18 -0400] "POST /wp-cron.php?doing_wp_cron=1744777697.0124959945678710937500 HTTP/1.1" 200 0 "-" "WordPress/6.7.2; https://bakingsecurityin.com"
51.222.253.14 - - [16/Apr/2025:00:28:14 -0400] "GET /how-to-turn-apple-watch-off/feed/ HTTP/1.1" 200 401 "-" "Mozilla/5.0 (compatible; AhrefsBot/7.0; +http://ahrefs.com/robot/)"
198.54.114.83 - - [16/Apr/2025:00:28:20 -0400] "POST /wp-admin/admin-ajax.php?action=async_litespeed&nonce=JaQ1C2oTZiGUxkBmfCjEXlph6Mt8Ix4S&litespeed_type=imgoptm HTTP/1.1" 200 0 "-" "WordPress/6.7.2; https://bakingsecurityin.com"
51.222.253.19 - - [16/Apr/2025:00:30:29 -0400] "GET /medical-beauty-enhance-skin-health-and-confidence/ HTTP/1.1" 200 0 "-" "Mozilla/5.0 (compatible; AhrefsBot/7.0; +http://ahrefs.com/robot/)"
198.54.114.83 - - [16/Apr/2025:00:30:37 -0400] "POST /wp-cron.php?doing_wp_cron=1744777832.5885529518127441406250 HTTP/1.1" 200 0 "-" "WordPress/6.7.2; https://bakingsecurityin.com"
198.54.114.83 - - [16/Apr/2025:00:32:57 -0400] "POST /wp-cron.php?doing_wp_cron=1744777976.4480819702148437500000 HTTP/1.1" 200 0 "-" "WordPress/6.7.2; https://bakingsecurityin.com"
51.222.253.6 - - [16/Apr/2025:00:32:52 -0400] "GET /choosing-conservatory-roof-panels/feed/ HTTP/1.1" 200 394 "-" "Mozilla/5.0 (compatible; AhrefsBot/7.0; +http://ahrefs.com/robot/)"
198.54.114.83 - - [16/Apr/2025:00:33:00 -0400] "POST /wp-admin/admin-ajax.php?action=async_litespeed&nonce=jQw3oWGzP185vCKmxNnKbai38uCTs24f&litespeed_type=imgoptm HTTP/1.1" 200 0 "-" "WordPress/6.7.2; https://bakingsecurityin.com"
198.54.114.83 - - [16/Apr/2025:00:34:00 -0400] "POST /wp-cron.php?doing_wp_cron=1744778039.4713499546051025390625 HTTP/1.1" 200 0 "-" "WordPress/6.7.2; https://bakingsecurityin.com"
43.154.133.154 - - [16/Apr/2025:00:33:59 -0400] "GET /christchurch-property-video/ HTTP/1.1" 200 0 "-" "Python/3.10 aiohttp/3.10.5"
198.54.114.83 - - [16/Apr/2025:00:34:02 -0400] "POST /wp-admin/admin-ajax.php?action=async_litespeed&nonce=nOMO5rgkuvFnZ1vgoe1DnRALaUvScvIH&litespeed_type=imgoptm HTTP/1.1" 200 0 "-" "WordPress/6.7.2; https://bakingsecurityin.com"
198.54.114.83 - - [16/Apr/2025:00:35:14 -0400] "POST /wp-cron.php?doing_wp_cron=1744778111.0220510959625244140625 HTTP/1.1" 200 0 "-" "WordPress/6.7.2; https://bakingsecurityin.com"
198.54.114.83 - - [16/Apr/2025:00:35:16 -0400] "POST /wp-admin/admin-ajax.php?action=async_litespeed&nonce=08YI6jHWlG2tDHtcI8JjxxFNAvyx03SU&litespeed_type=imgoptm HTTP/1.1" 200 0 "-" "WordPress/6.7.2; https://bakingsecurityin.com"
51.222.253.17 - - [16/Apr/2025:00:35:09 -0400] "GET /how-to-trim-video-on-iphone/feed/ HTTP/1.1" 304 0 "-" "Mozilla/5.0 (compatible; AhrefsBot/7.0; +http://ahrefs.com/robot/)"
8.210.103.127 - - [16/Apr/2025:00:35:39 -0400] "GET /wp-login.php HTTP/1.1" 200 1737 "http://bakingsecurityin.com" "Mozilla/5.0 (Macintosh; Intel Mac OS X 10_15_7; rv:125.0.1) Gecko/20100101 Firefox/125.0.1"
119.28.65.64 - - [16/Apr/2025:00:35:39 -0400] "GET /what-is-microsoft-azure-and-how-can-it-benefit-your-business/ HTTP/1.1" 200 0 "-" "Python/3.10 aiohttp/3.10.5"
198.54.114.83 - - [16/Apr/2025:00:37:40 -0400] "POST /wp-cron.php?doing_wp_cron=1744778259.5650610923767089843750 HTTP/1.1" 200 0 "-" "WordPress/6.7.2; https://bakingsecurityin.com"
51.222.253.18 - - [16/Apr/2025:00:37:34 -0400] "GET /how-to-turn-off-airpods/feed/ HTTP/1.1" 304 0 "-" "Mozilla/5.0 (compatible; AhrefsBot/7.0; +http://ahrefs.com/robot/)"
198.54.114.83 - - [16/Apr/2025:00:37:42 -0400] "POST /wp-admin/admin-ajax.php?action=async_litespeed&nonce=8PKRV3es30reJcphpaNHSc4O1WWSdLpe&litespeed_type=imgoptm HTTP/1.1" 200 0 "-" "WordPress/6.7.2; https://bakingsecurityin.com"
51.222.253.7 - - [16/Apr/2025:00:39:46 -0400] "GET /mairdi-headset-review/ HTTP/1.1" 200 0 "-" "Mozilla/5.0 (compatible; AhrefsBot/7.0; +http://ahrefs.com/robot/)"
198.54.114.83 - - [16/Apr/2025:00:39:52 -0400] "POST /wp-cron.php?doing_wp_cron=1744778389.8674709796905517578125 HTTP/1.1" 200 0 "-" "WordPress/6.7.2; https://bakingsecurityin.com"
119.28.176.145 - - [16/Apr/2025:00:40:24 -0400] "GET /how-much-does-john-madden-make-off-madden-nfl/ HTTP/1.1" 200 0 "-" "Python/3.10 aiohttp/3.10.5"
136.243.228.193 - - [16/Apr/2025:00:41:40 -0400] "GET /what-is-profit-recovery/ HTTP/1.1" 200 0 "-" "Mozilla/5.0 (compatible; DataForSeoBot/1.0; +https://dataforseo.com/dataforseo-bot)"
198.54.114.83 - - [16/Apr/2025:00:41:58 -0400] "POST /wp-cron.php?doing_wp_cron=1744778517.1151740550994873046875 HTTP/1.1" 200 0 "-" "WordPress/6.7.2; https://bakingsecurityin.com"
124.156.119.193 - - [16/Apr/2025:00:41:54 -0400] "GET /invest-with-teri-trade-and-travel-2-0-review/ HTTP/1.1" 200 0 "-" "Python/3.10 aiohttp/3.10.5"
198.54.114.83 - - [16/Apr/2025:00:42:00 -0400] "POST /wp-admin/admin-ajax.php?action=async_litespeed&nonce=gtkzlHRXFC9gdMlOfXgsoSuhmOYamfmw&litespeed_type=imgoptm HTTP/1.1" 200 0 "-" "WordPress/6.7.2; https://bakingsecurityin.com"
51.222.253.11 - - [16/Apr/2025:00:42:20 -0400] "GET /how-to-choose-a-web-design-and-development-company/feed/ HTTP/1.1" 200 417 "-" "Mozilla/5.0 (compatible; AhrefsBot/7.0; +http://ahrefs.com/robot/)"
198.54.114.83 - - [16/Apr/2025:00:44:31 -0400] "POST /wp-cron.php?doing_wp_cron=1744778670.2775480747222900390625 HTTP/1.1" 200 0 "-" "WordPress/6.7.2; https://bakingsecurityin.com"
51.222.253.11 - - [16/Apr/2025:00:44:25 -0400] "GET /what-is-a-talking-avatar/feed/ HTTP/1.1" 200 390 "-" "Mozilla/5.0 (compatible; AhrefsBot/7.0; +http://ahrefs.com/robot/)"
198.54.114.83 - - [16/Apr/2025:00:44:33 -0400] "POST /wp-admin/admin-ajax.php?action=async_litespeed&nonce=OYPIDlW39SGw0tPYcvNTJW3P6ysOF7jD&litespeed_type=imgoptm HTTP/1.1" 200 0 "-" "WordPress/6.7.2; https://bakingsecurityin.com"
198.54.114.83 - - [16/Apr/2025:00:46:50 -0400] "POST /wp-cron.php?doing_wp_cron=1744778809.5166320800781250000000 HTTP/1.1" 200 0 "-" "WordPress/6.7.2; https://bakingsecurityin.com"
198.54.114.83 - - [16/Apr/2025:00:46:52 -0400] "POST /wp-admin/admin-ajax.php?action=async_litespeed&nonce=p9PKwu8tjuIO6VptGQfEItN0AUSioeT8&litespeed_type=imgoptm HTTP/1.1" 200 0 "-" "WordPress/6.7.2; https://bakingsecurityin.com"
51.222.253.1 - - [16/Apr/2025:00:46:45 -0400] "GET /use-screen-record-on-iphone/feed/ HTTP/1.1" 304 0 "-" "Mozilla/5.0 (compatible; AhrefsBot/7.0; +http://ahrefs.com/robot/)"
198.54.114.83 - - [16/Apr/2025:00:46:56 -0400] "POST /wp-cron.php?doing_wp_cron=1744778815.0971639156341552734375 HTTP/1.1" 200 0 "-" "WordPress/6.7.2; https://bakingsecurityin.com"
150.109.60.212 - - [16/Apr/2025:00:46:54 -0400] "GET /smb-marketing-secrets/ HTTP/1.1" 200 0 "-" "Python/3.10 aiohttp/3.10.5"
198.54.114.83 - - [16/Apr/2025:00:46:57 -0400] "POST /wp-admin/admin-ajax.php?action=async_litespeed&nonce=pzWHu7gEAUJ0udQN1nRJZJpVCh02YrcT&litespeed_type=imgoptm HTTP/1.1" 200 0 "-" "WordPress/6.7.2; https://bakingsecurityin.com"
185.191.171.17 - - [16/Apr/2025:00:47:54 -0400] "GET /how-to-turn-off-firewall-on-iphone/ HTTP/1.1" 200 0 "-" "Mozilla/5.0 (compatible; SemrushBot/7~bl; +http://www.semrush.com/bot.html)"
198.54.114.83 - - [16/Apr/2025:00:48:49 -0400] "POST /wp-admin/admin-ajax.php?action=async_litespeed&nonce=hZEiZLRQCuZlkOMz7RuJlcgMkm7UIbWj&litespeed_type=imgoptm HTTP/1.1" 200 5 "-" "WordPress/6.7.2; https://bakingsecurityin.com"
198.54.114.37 - - [16/Apr/2025:00:48:50 -0400] "GET /wp-login.php HTTP/1.1" 200 1737 "http://bakingsecurityin.com" "Mozilla/5.0 (Windows NT 10.0; Win64; x64; rv:125.0.1) Gecko/20100101 Firefox/125.0.1"
198.54.114.83 - - [16/Apr/2025:00:48:59 -0400] "POST /wp-cron.php?doing_wp_cron=1744778938.2455120086669921875000 HTTP/1.1" 200 0 "-" "WordPress/6.7.2; https://bakingsecurityin.com"
51.222.253.1 - - [16/Apr/2025:00:48:58 -0400] "GET /window-shutters-north-east/feed/ HTTP/1.1" 200 390 "-" "Mozilla/5.0 (compatible; AhrefsBot/7.0; +http://ahrefs.com/robot/)"
198.54.114.83 - - [16/Apr/2025:00:49:00 -0400] "POST /wp-admin/admin-ajax.php?action=async_litespeed&nonce=mR5sRd7a6V6Dn70kdvB136jxZaXB6m8r&litespeed_type=imgoptm HTTP/1.1" 200 0 "-" "WordPress/6.7.2; https://bakingsecurityin.com"
85.208.96.203 - - [16/Apr/2025:00:49:14 -0400] "GET /ein-schlussel-zum-erfolg/ HTTP/1.1" 200 0 "-" "Mozilla/5.0 (compatible; SemrushBot/7~bl; +http://www.semrush.com/bot.html)"
198.54.114.83 - - [16/Apr/2025:00:51:01 -0400] "POST /wp-cron.php?doing_wp_cron=1744779060.4742910861968994140625 HTTP/1.1" 200 0 "-" "WordPress/6.7.2; https://bakingsecurityin.com"
51.222.253.13 - - [16/Apr/2025:00:50:57 -0400] "GET /how-to-improve-your-selling-skills-and-help-your-team-get-more-comfort-in-front-of-prospects/feed/ HTTP/1.1" 200 477 "-" "Mozilla/5.0 (compatible; AhrefsBot/7.0; +http://ahrefs.com/robot/)"
198.54.114.83 - - [16/Apr/2025:00:51:03 -0400] "POST /wp-admin/admin-ajax.php?action=async_litespeed&nonce=oj5IV6Lv5yMeXNb8Dz0w3ITYADXslR7y&litespeed_type=imgoptm HTTP/1.1" 200 0 "-" "WordPress/6.7.2; https://bakingsecurityin.com"
40.77.167.78 - - [16/Apr/2025:00:52:21 -0400] "GET /wp-sitemap-posts-post-1.xml HTTP/1.1" 200 32216 "-" "Mozilla/5.0 AppleWebKit/537.36 (KHTML, like Gecko; compatible; bingbot/2.0; +http://www.bing.com/bingbot.htm) Chrome/116.0.1938.76 Safari/537.36"
198.54.114.83 - - [16/Apr/2025:00:53:15 -0400] "POST /wp-cron.php?doing_wp_cron=1744779195.2316999435424804687500 HTTP/1.1" 200 0 "-" "WordPress/6.7.2; https://bakingsecurityin.com"
51.222.253.17 - - [16/Apr/2025:00:53:12 -0400] "GET /german-classes-london/feed/ HTTP/1.1" 304 0 "-" "Mozilla/5.0 (compatible; AhrefsBot/7.0; +http://ahrefs.com/robot/)"
198.54.114.83 - - [16/Apr/2025:00:53:16 -0400] "POST /wp-admin/admin-ajax.php?action=async_litespeed&nonce=qGWYDm5Isz4KE1E0tZJAaV4n0xOQWfqB&litespeed_type=imgoptm HTTP/1.1" 200 0 "-" "WordPress/6.7.2; https://bakingsecurityin.com"
40.77.167.78 - - [16/Apr/2025:00:53:31 -0400] "GET /wp-sitemap-posts-page-1.xml HTTP/1.1" 200 214 "-" "Mozilla/5.0 AppleWebKit/537.36 (KHTML, like Gecko; compatible; bingbot/2.0; +http://www.bing.com/bingbot.htm) Chrome/116.0.1938.76 Safari/537.36"
157.55.39.61 - - [16/Apr/2025:00:54:07 -0400] "GET /wp-sitemap-users-1.xml HTTP/1.1" 200 170 "-" "Mozilla/5.0 AppleWebKit/537.36 (KHTML, like Gecko; compatible; bingbot/2.0; +http://www.bing.com/bingbot.htm) Chrome/116.0.1938.76 Safari/537.36"
198.54.114.83 - - [16/Apr/2025:00:55:37 -0400] "POST /wp-cron.php?doing_wp_cron=1744779336.0667920112609863281250 HTTP/1.1" 200 0 "-" "WordPress/6.7.2; https://bakingsecurityin.com"
51.222.253.11 - - [16/Apr/2025:00:55:32 -0400] "GET /cartoon-wallpaper-iphone/feed/ HTTP/1.1" 304 0 "-" "Mozilla/5.0 (compatible; AhrefsBot/7.0; +http://ahrefs.com/robot/)"
198.54.114.83 - - [16/Apr/2025:00:55:39 -0400] "POST /wp-admin/admin-ajax.php?action=async_litespeed&nonce=39W9GhFNKdfBIUg7U0KIvjPbt5Cv3ZSC&litespeed_type=imgoptm HTTP/1.1" 200 0 "-" "WordPress/6.7.2; https://bakingsecurityin.com"
198.54.114.83 - - [16/Apr/2025:00:56:47 -0400] "POST /wp-cron.php?doing_wp_cron=1744779407.1634490489959716796875 HTTP/1.1" 200 0 "-" "WordPress/6.7.2; https://bakingsecurityin.com"
27.42.99.97 - - [16/Apr/2025:00:56:46 -0400] "GET /how-to-style-street-wear-for-men/ HTTP/1.1" 200 0 "https://bakingsecurityin.com" "Mozilla/5.0 (Windows NT 10.0; Win64; x64) AppleWebKit/537.36 (KHTML, like Gecko) Chrome/62.0.3202.94 Safari/537.36"
198.54.114.83 - - [16/Apr/2025:00:56:48 -0400] "POST /wp-admin/admin-ajax.php?action=async_litespeed&nonce=FudvErUS58ZbeiiV06dMP4yXitQedRHT&litespeed_type=imgoptm HTTP/1.1" 200 0 "-" "WordPress/6.7.2; https://bakingsecurityin.com"
157.55.39.61 - - [16/Apr/2025:00:57:08 -0400] "GET /wp-sitemap.xml HTTP/1.1" 200 194 "-" "Mozilla/5.0 AppleWebKit/537.36 (KHTML, like Gecko; compatible; bingbot/2.0; +http://www.bing.com/bingbot.htm) Chrome/116.0.1938.76 Safari/537.36"
198.54.114.83 - - [16/Apr/2025:00:57:47 -0400] "POST /wp-cron.php?doing_wp_cron=1744779466.7771489620208740234375 HTTP/1.1" 200 0 "-" "WordPress/6.7.2; https://bakingsecurityin.com"
51.222.253.11 - - [16/Apr/2025:00:57:46 -0400] "GET /nf-cure-and-vital-m-40-capsules-review-by-ayurveda-expert/feed/ HTTP/1.1" 304 0 "-" "Mozilla/5.0 (compatible; AhrefsBot/7.0; +http://ahrefs.com/robot/)"
198.54.114.83 - - [16/Apr/2025:00:57:48 -0400] "POST /wp-admin/admin-ajax.php?action=async_litespeed&nonce=ooyUNXTEQbfmFuwLGv5IPt3DsjCnEhx3&litespeed_type=imgoptm HTTP/1.1" 200 0 "-" "WordPress/6.7.2; https://bakingsecurityin.com"
198.54.114.83 - - [16/Apr/2025:01:00:20 -0400] "POST /wp-cron.php?doing_wp_cron=1744779619.7445850372314453125000 HTTP/1.1" 200 0 "-" "WordPress/6.7.2; https://bakingsecurityin.com"
51.222.253.16 - - [16/Apr/2025:01:00:16 -0400] "GET /how-to-win-wordle-today/feed/ HTTP/1.1" 200 392 "-" "Mozilla/5.0 (compatible; AhrefsBot/7.0; +http://ahrefs.com/robot/)"
198.54.114.83 - - [16/Apr/2025:01:00:22 -0400] "POST /wp-admin/admin-ajax.php?action=async_litespeed&nonce=OhaEhD9o4MaJnU2NZCNWm0AP4rE1YkUm&litespeed_type=imgoptm HTTP/1.1" 200 0 "-" "WordPress/6.7.2; https://bakingsecurityin.com"
2a06:6440:0:2caa::1 - - [16/Apr/2025:01:02:00 -0400] "GET /wp-login.php HTTP/1.1" 200 1737 "http://bakingsecurityin.com" "Mozilla/5.0 (Macintosh; Intel Mac OS X 10_15_7) AppleWebKit/537.36 (KHTML, like Gecko) Chrome/126.0.0.0 Safari/537.36"
51.222.253.12 - - [16/Apr/2025:01:02:41 -0400] "GET /new-star-wars-halloween-outfits/ HTTP/1.1" 200 0 "-" "Mozilla/5.0 (compatible; AhrefsBot/7.0; +http://ahrefs.com/robot/)"
185.191.171.15 - - [16/Apr/2025:01:03:54 -0400] "GET /moss-agate-ring/ HTTP/1.1" 200 0 "-" "Mozilla/5.0 (compatible; SemrushBot/7~bl; +http://www.semrush.com/bot.html)"
51.222.253.7 - - [16/Apr/2025:01:04:59 -0400] "GET /how-to-etiquette-in-a-poker-casino/ HTTP/1.1" 200 0 "-" "Mozilla/5.0 (compatible; AhrefsBot/7.0; +http://ahrefs.com/robot/)"
198.54.114.83 - - [16/Apr/2025:01:05:38 -0400] "POST /wp-cron.php?doing_wp_cron=1744779937.6909639835357666015625 HTTP/1.1" 200 0 "-" "WordPress/6.7.2; https://bakingsecurityin.com"
107.172.170.189 - - [16/Apr/2025:01:05:33 -0400] "GET /a-buyers-guide-to-uk-cbd-gummies HTTP/1.1" 301 0 "-" "Mozilla/5.0 (X11; Fedora; Linux x86_64; rv:114.0) Gecko/20100101 Firefox/114.0"
198.54.114.83 - - [16/Apr/2025:01:05:40 -0400] "POST /wp-admin/admin-ajax.php?action=async_litespeed&nonce=XZAFwtcKLcDBmImmgXvSVlcXwRbMRsf8&litespeed_type=imgoptm HTTP/1.1" 200 0 "-" "WordPress/6.7.2; https://bakingsecurityin.com"
107.172.170.189 - - [16/Apr/2025:01:05:40 -0400] "GET /a-buyers-guide-to-uk-cbd-gummies/ HTTP/1.1" 200 0 "https://bakingsecurityin.com/a-buyers-guide-to-uk-cbd-gummies" "Mozilla/5.0 (X11; Fedora; Linux x86_64; rv:114.0) Gecko/20100101 Firefox/114.0"
51.222.253.15 - - [16/Apr/2025:01:07:13 -0400] "GET /how-to-become-a-creative-director/feed/ HTTP/1.1" 304 0 "-" "Mozilla/5.0 (compatible; AhrefsBot/7.0; +http://ahrefs.com/robot/)"
198.54.114.83 - - [16/Apr/2025:01:07:19 -0400] "POST /wp-cron.php?doing_wp_cron=1744780036.5206179618835449218750 HTTP/1.1" 200 0 "-" "WordPress/6.7.2; https://bakingsecurityin.com"
198.54.114.83 - - [16/Apr/2025:01:07:21 -0400] "POST /wp-admin/admin-ajax.php?action=async_litespeed&nonce=K5xVMqH5mGwQcoVsiIZqLdqf7MMQRfsM&litespeed_type=imgoptm HTTP/1.1" 200 0 "-" "WordPress/6.7.2; https://bakingsecurityin.com"
51.222.253.1 - - [16/Apr/2025:01:09:46 -0400] "GET /aktivitaten-gardasee/feed/ HTTP/1.1" 200 386 "-" "Mozilla/5.0 (compatible; AhrefsBot/7.0; +http://ahrefs.com/robot/)"
198.54.114.83 - - [16/Apr/2025:01:09:51 -0400] "POST /wp-cron.php?doing_wp_cron=1744780189.6834270954132080078125 HTTP/1.1" 200 0 "-" "WordPress/6.7.2; https://bakingsecurityin.com"
157.55.39.58 - - [16/Apr/2025:01:10:30 -0400] "GET /wp-sitemap-taxonomies-category-1.xml HTTP/1.1" 200 206 "-" "Mozilla/5.0 AppleWebKit/537.36 (KHTML, like Gecko; compatible; bingbot/2.0; +http://www.bing.com/bingbot.htm) Chrome/116.0.1938.76 Safari/537.36"
198.54.114.83 - - [16/Apr/2025:01:11:55 -0400] "POST /wp-cron.php?doing_wp_cron=1744780315.0849270820617675781250 HTTP/1.1" 200 0 "-" "WordPress/6.7.2; https://bakingsecurityin.com"
51.222.253.20 - - [16/Apr/2025:01:11:51 -0400] "GET /douches-italiennes-la-nouvelle-tendance-salle-de-bain/feed/ HTTP/1.1" 200 428 "-" "Mozilla/5.0 (compatible; AhrefsBot/7.0; +http://ahrefs.com/robot/)"
198.54.114.83 - - [16/Apr/2025:01:11:57 -0400] "POST /wp-admin/admin-ajax.php?action=async_litespeed&nonce=4gl5g0nBLPgeGqXqIXWCYSas6GDMTxPt&litespeed_type=imgoptm HTTP/1.1" 200 0 "-" "WordPress/6.7.2; https://bakingsecurityin.com"
43.132.230.109 - - [16/Apr/2025:01:13:22 -0400] "GET /youtube-downloader-free-what-are-the-best-youtube-downloader-free-alternatives/ HTTP/1.1" 200 0 "-" "Python/3.10 aiohttp/3.10.5"
43.132.230.109 - - [16/Apr/2025:01:13:22 -0400] "GET /calisthenics-leg-exercises/ HTTP/1.1" 200 0 "-" "Python/3.10 aiohttp/3.10.5"
198.54.114.83 - - [16/Apr/2025:01:13:28 -0400] "POST /wp-cron.php?doing_wp_cron=1744780406.9790949821472167968750 HTTP/1.1" 200 0 "-" "WordPress/6.7.2; https://bakingsecurityin.com"
43.132.230.109 - - [16/Apr/2025:01:13:22 -0400] "GET /vita-glow-gold-and-vita-glow-skin-whitening-cream/ HTTP/1.1" 200 0 "-" "Python/3.10 aiohttp/3.10.5"
198.54.114.83 - - [16/Apr/2025:01:13:30 -0400] "POST /wp-admin/admin-ajax.php?action=async_litespeed&nonce=5QvfLsy63TIN3LCffyzW6pHEACyf489C&litespeed_type=imgoptm HTTP/1.1" 200 0 "-" "WordPress/6.7.2; https://bakingsecurityin.com"
198.54.114.83 - - [16/Apr/2025:01:13:56 -0400] "POST /wp-cron.php?doing_wp_cron=1744780435.8121240139007568359375 HTTP/1.1" 200 0 "-" "WordPress/6.7.2; https://bakingsecurityin.com"
51.222.253.13 - - [16/Apr/2025:01:13:55 -0400] "GET /set-screen-timeout-on-iphone/feed/ HTTP/1.1" 200 406 "-" "Mozilla/5.0 (compatible; AhrefsBot/7.0; +http://ahrefs.com/robot/)"
198.54.114.83 - - [16/Apr/2025:01:13:57 -0400] "POST /wp-admin/admin-ajax.php?action=async_litespeed&nonce=JAQd3amjuJXL9SGSlO9yxxBLza7mj9Vp&litespeed_type=imgoptm HTTP/1.1" 200 0 "-" "WordPress/6.7.2; https://bakingsecurityin.com"
2001:41d0:2:3ea5:: - - [16/Apr/2025:01:14:37 -0400] "GET /wp-login.php HTTP/1.1" 200 1737 "http://bakingsecurityin.com" "Mozilla/5.0 (Macintosh; Intel Mac OS X 10_15_7) AppleWebKit/537.36 (KHTML, like Gecko) Chrome/112.0.5615.138 Safari/537.36"
198.54.114.83 - - [16/Apr/2025:01:16:09 -0400] "POST /wp-cron.php?doing_wp_cron=1744780568.5101480484008789062500 HTTP/1.1" 200 0 "-" "WordPress/6.7.2; https://bakingsecurityin.com"
51.222.253.1 - - [16/Apr/2025:01:16:03 -0400] "GET /single-guy-party-arranging-giving-him-enough-evening/feed/ HTTP/1.1" 200 437 "-" "Mozilla/5.0 (compatible; AhrefsBot/7.0; +http://ahrefs.com/robot/)"
198.54.114.83 - - [16/Apr/2025:01:16:13 -0400] "POST /wp-admin/admin-ajax.php?action=async_litespeed&nonce=uFUTPgHcqN5n0mpK3xtn9B8vcd8c6EAP&litespeed_type=imgoptm HTTP/1.1" 200 0 "-" "WordPress/6.7.2; https://bakingsecurityin.com"
136.243.228.193 - - [16/Apr/2025:01:18:22 -0400] "GET /choosing-a-fire-pump-manufacturer/ HTTP/1.1" 200 0 "-" "Mozilla/5.0 (compatible; DataForSeoBot/1.0; +https://dataforseo.com/dataforseo-bot)"
51.222.253.6 - - [16/Apr/2025:01:18:22 -0400] "GET /the-omnivoid-xr/ HTTP/1.1" 200 0 "-" "Mozilla/5.0 (compatible; AhrefsBot/7.0; +http://ahrefs.com/robot/)"
198.54.114.83 - - [16/Apr/2025:01:20:36 -0400] "POST /wp-cron.php?doing_wp_cron=1744780833.9609780311584472656250 HTTP/1.1" 200 0 "-" "WordPress/6.7.2; https://bakingsecurityin.com"
51.222.253.7 - - [16/Apr/2025:01:20:29 -0400] "GET /bad-dad-jokes/feed/ HTTP/1.1" 200 379 "-" "Mozilla/5.0 (compatible; AhrefsBot/7.0; +http://ahrefs.com/robot/)"
198.54.114.83 - - [16/Apr/2025:01:20:38 -0400] "POST /wp-admin/admin-ajax.php?action=async_litespeed&nonce=rtX1FHHYrabzrKKRMknVd0cv7LTZebWf&litespeed_type=imgoptm HTTP/1.1" 200 0 "-" "WordPress/6.7.2; https://bakingsecurityin.com"
185.191.171.15 - - [16/Apr/2025:01:22:55 -0400] "GET /robots.txt HTTP/1.1" 304 0 "-" "Mozilla/5.0 (compatible; SemrushBot/7~bl; +http://www.semrush.com/bot.html)"
185.191.171.14 - - [16/Apr/2025:01:22:58 -0400] "GET /a-diverse-array-of-games/ HTTP/1.1" 200 0 "-" "Mozilla/5.0 (compatible; SemrushBot/7~bl; +http://www.semrush.com/bot.html)"
51.222.253.5 - - [16/Apr/2025:01:22:56 -0400] "GET /unveiling-the-best-legit-online-casino-in-the-philippines/ HTTP/1.1" 200 0 "-" "Mozilla/5.0 (compatible; AhrefsBot/7.0; +http://ahrefs.com/robot/)"
198.54.114.83 - - [16/Apr/2025:01:23:00 -0400] "POST /wp-cron.php?doing_wp_cron=1744780979.4884269237518310546875 HTTP/1.1" 200 0 "-" "WordPress/6.7.2; https://bakingsecurityin.com"
27.42.99.97 - - [16/Apr/2025:01:25:29 -0400] "GET /how-to-style-street-wear-for-men/ HTTP/1.1" 200 0 "https://bakingsecurityin.com" "Mozilla/5.0 (Windows NT 10.0; Win64; x64) AppleWebKit/537.36 (KHTML, like Gecko) Chrome/62.0.3202.94 Safari/537.36"
51.222.253.3 - - [16/Apr/2025:01:25:42 -0400] "GET /achieve-a-straighter-smile-with-invisalign-in-woodland-hills/feed/ HTTP/1.1" 304 0 "-" "Mozilla/5.0 (compatible; AhrefsBot/7.0; +http://ahrefs.com/robot/)"
198.54.114.83 - - [16/Apr/2025:01:25:50 -0400] "POST /wp-cron.php?doing_wp_cron=1744781147.8430058956146240234375 HTTP/1.1" 200 0 "-" "WordPress/6.7.2; https://bakingsecurityin.com"
198.54.114.83 - - [16/Apr/2025:01:25:52 -0400] "POST /wp-admin/admin-ajax.php?action=async_litespeed&nonce=KIQtWJAXUG1dQ3prU0SKaijeJWKoGqia&litespeed_type=imgoptm HTTP/1.1" 200 0 "-" "WordPress/6.7.2; https://bakingsecurityin.com"
198.54.114.83 - - [16/Apr/2025:01:28:18 -0400] "POST /wp-cron.php?doing_wp_cron=1744781297.1396620273590087890625 HTTP/1.1" 200 0 "-" "WordPress/6.7.2; https://bakingsecurityin.com"
51.222.253.14 - - [16/Apr/2025:01:28:12 -0400] "GET /relaxation-on-the-go-the-business-trip-massage/feed/ HTTP/1.1" 304 0 "-" "Mozilla/5.0 (compatible; AhrefsBot/7.0; +http://ahrefs.com/robot/)"
198.54.114.83 - - [16/Apr/2025:01:28:18 -0400] "POST /wp-admin/admin-ajax.php?action=async_litespeed&nonce=VT5tiVrFnKttmQ8uKSj2MwmTCmlqsW2r&litespeed_type=imgoptm HTTP/1.1" 200 5 "-" "WordPress/6.7.2; https://bakingsecurityin.com"
198.54.114.83 - - [16/Apr/2025:01:30:36 -0400] "POST /wp-cron.php?doing_wp_cron=1744781435.9437808990478515625000 HTTP/1.1" 200 0 "-" "WordPress/6.7.2; https://bakingsecurityin.com"
51.222.253.17 - - [16/Apr/2025:01:30:31 -0400] "GET /how-to-find-an-online-dating-photographer-near-me/feed/ HTTP/1.1" 304 0 "-" "Mozilla/5.0 (compatible; AhrefsBot/7.0; +http://ahrefs.com/robot/)"
198.54.114.83 - - [16/Apr/2025:01:30:37 -0400] "POST /wp-admin/admin-ajax.php?action=async_litespeed&nonce=RJEoGVr8I8kIUhejxeAklGhL6dj3ZbhJ&litespeed_type=imgoptm HTTP/1.1" 200 0 "-" "WordPress/6.7.2; https://bakingsecurityin.com"
119.28.65.64 - - [16/Apr/2025:01:31:32 -0400] "GET /explosion-proof-electric-ball-valve/ HTTP/1.1" 200 0 "-" "Python/3.10 aiohttp/3.10.5"
27.42.99.97 - - [16/Apr/2025:01:32:11 -0400] "GET /how-to-style-street-wear-for-men/ HTTP/1.1" 200 0 "https://bakingsecurityin.com" "Mozilla/5.0 (Windows NT 10.0; Win64; x64) AppleWebKit/537.36 (KHTML, like Gecko) Chrome/62.0.3202.94 Safari/537.36"
198.54.114.83 - - [16/Apr/2025:01:32:55 -0400] "POST /wp-cron.php?doing_wp_cron=1744781574.4151329994201660156250 HTTP/1.1" 200 0 "-" "WordPress/6.7.2; https://bakingsecurityin.com"
51.222.253.14 - - [16/Apr/2025:01:32:51 -0400] "GET /lakegarden-residences-eco-conscious-living-at-its-best/feed/ HTTP/1.1" 200 432 "-" "Mozilla/5.0 (compatible; AhrefsBot/7.0; +http://ahrefs.com/robot/)"
198.54.114.83 - - [16/Apr/2025:01:32:56 -0400] "POST /wp-admin/admin-ajax.php?action=async_litespeed&nonce=1BAymntyVQ9ty4qMkT3WIWXowsRYOMbO&litespeed_type=imgoptm HTTP/1.1" 200 0 "-" "WordPress/6.7.2; https://bakingsecurityin.com"
129.226.77.215 - - [16/Apr/2025:01:35:01 -0400] "GET /how-to-download-spotify-on-mac/ HTTP/1.1" 200 0 "-" "Python/3.10 aiohttp/3.10.5"
198.54.114.83 - - [16/Apr/2025:01:35:16 -0400] "POST /wp-cron.php?doing_wp_cron=1744781715.3007330894470214843750 HTTP/1.1" 200 0 "-" "WordPress/6.7.2; https://bakingsecurityin.com"
51.222.253.17 - - [16/Apr/2025:01:35:05 -0400] "GET /the-hill-condo-is-a-new-full-service-community-in-dekalb-county/feed/ HTTP/1.1" 200 439 "-" "Mozilla/5.0 (compatible; AhrefsBot/7.0; +http://ahrefs.com/robot/)"
198.54.114.83 - - [16/Apr/2025:01:35:18 -0400] "POST /wp-admin/admin-ajax.php?action=async_litespeed&nonce=btCgcZcaHYdJVMttmPrWTgyodVOfxmcG&litespeed_type=imgoptm HTTP/1.1" 200 0 "-" "WordPress/6.7.2; https://bakingsecurityin.com"
198.54.114.83 - - [16/Apr/2025:01:37:26 -0400] "POST /wp-cron.php?doing_wp_cron=1744781845.6903820037841796875000 HTTP/1.1" 200 0 "-" "WordPress/6.7.2; https://bakingsecurityin.com"
51.222.253.9 - - [16/Apr/2025:01:37:23 -0400] "GET /what-is-family-mediation/feed/ HTTP/1.1" 200 388 "-" "Mozilla/5.0 (compatible; AhrefsBot/7.0; +http://ahrefs.com/robot/)"
198.54.114.83 - - [16/Apr/2025:01:37:27 -0400] "POST /wp-admin/admin-ajax.php?action=async_litespeed&nonce=K5E2rzLQVZw8uBcXqWdLmhOLMxHk6kQP&litespeed_type=imgoptm HTTP/1.1" 200 0 "-" "WordPress/6.7.2; https://bakingsecurityin.com"
129.226.177.116 - - [16/Apr/2025:01:37:30 -0400] "GET /painting-babys-room-creative-ideas-for-painting-a-baby-nursery/ HTTP/1.1" 200 0 "-" "Python/3.10 aiohttp/3.10.5"
198.54.114.83 - - [16/Apr/2025:01:40:35 -0400] "POST /wp-cron.php?doing_wp_cron=1744782034.6718919277191162109375 HTTP/1.1" 200 0 "-" "WordPress/6.7.2; https://bakingsecurityin.com"
51.222.253.6 - - [16/Apr/2025:01:40:31 -0400] "GET /hydraulic-oil-coolers/ HTTP/1.1" 200 0 "-" "Mozilla/5.0 (compatible; AhrefsBot/7.0; +http://ahrefs.com/robot/)"
198.54.114.83 - - [16/Apr/2025:01:40:36 -0400] "POST /wp-admin/admin-ajax.php?action=async_litespeed&nonce=EOdCChxCnwjoBcKn9IXaS3QZF6CBJ7UE&litespeed_type=imgoptm HTTP/1.1" 200 0 "-" "WordPress/6.7.2; https://bakingsecurityin.com"
198.54.114.83 - - [16/Apr/2025:01:43:12 -0400] "POST /wp-cron.php?doing_wp_cron=1744782191.5184860229492187500000 HTTP/1.1" 200 0 "-" "WordPress/6.7.2; https://bakingsecurityin.com"
85.208.96.208 - - [16/Apr/2025:01:43:06 -0400] "GET /la-mode-feminine-elegance-et-polyvalence/ HTTP/1.1" 200 0 "-" "Mozilla/5.0 (compatible; SemrushBot/7~bl; +http://www.semrush.com/bot.html)"
51.222.253.4 - - [16/Apr/2025:01:43:18 -0400] "GET /borderline-syndrom-was-sind-die-symptome-eines-borderline-syndroms/ HTTP/1.1" 200 0 "-" "Mozilla/5.0 (compatible; AhrefsBot/7.0; +http://ahrefs.com/robot/)"
198.54.114.83 - - [16/Apr/2025:01:44:39 -0400] "POST /wp-cron.php?doing_wp_cron=1744782278.8550519943237304687500 HTTP/1.1" 200 0 "-" "WordPress/6.7.2; https://bakingsecurityin.com"
85.208.96.210 - - [16/Apr/2025:01:44:38 -0400] "GET /how-are-youtube-views-counted/ HTTP/1.1" 200 0 "-" "Mozilla/5.0 (compatible; SemrushBot/7~bl; +http://www.semrush.com/bot.html)"
198.54.114.83 - - [16/Apr/2025:01:44:41 -0400] "POST /wp-admin/admin-ajax.php?action=async_litespeed&nonce=ZomfemgYSbXN63esA4VapK7QfiLNpycv&litespeed_type=imgoptm HTTP/1.1" 200 0 "-" "WordPress/6.7.2; https://bakingsecurityin.com"
198.54.114.83 - - [16/Apr/2025:01:45:46 -0400] "POST /wp-cron.php?doing_wp_cron=1744782346.2246310710906982421875 HTTP/1.1" 200 0 "-" "WordPress/6.7.2; https://bakingsecurityin.com"
51.222.253.2 - - [16/Apr/2025:01:45:45 -0400] "GET /juro-explainer-what-is-an-attorney/ HTTP/1.1" 200 0 "-" "Mozilla/5.0 (compatible; AhrefsBot/7.0; +http://ahrefs.com/robot/)"
198.54.114.83 - - [16/Apr/2025:01:45:46 -0400] "POST /wp-admin/admin-ajax.php?action=async_litespeed&nonce=KdRErsi3jTCtyd3zTNjW2rA00zE0xXX0&litespeed_type=imgoptm HTTP/1.1" 200 5 "-" "WordPress/6.7.2; https://bakingsecurityin.com"
129.226.176.123 - - [16/Apr/2025:01:46:45 -0400] "GET /new-star-wars-halloween-outfits/ HTTP/1.1" 200 0 "-" "Python/3.10 aiohttp/3.10.5"
198.54.114.83 - - [16/Apr/2025:01:46:46 -0400] "POST /wp-cron.php?doing_wp_cron=1744782406.5664730072021484375000 HTTP/1.1" 200 0 "-" "WordPress/6.7.2; https://bakingsecurityin.com"
