51.222.253.11 - - [15/Apr/2025:08:35:56 -0400] "GET /the-benefits-of-an-mba/ HTTP/1.1" 200 0 "-" "Mozilla/5.0 (compatible; AhrefsBot/7.0; +http://ahrefs.com/robot/)"
51.222.253.20 - - [15/Apr/2025:08:38:49 -0400] "GET /real-estate-photography-selwyn/ HTTP/1.1" 200 0 "-" "Mozilla/5.0 (compatible; AhrefsBot/7.0; +http://ahrefs.com/robot/)"
198.54.114.83 - - [15/Apr/2025:08:38:55 -0400] "POST /wp-cron.php?doing_wp_cron=1744720733.1695499420166015625000 HTTP/1.1" 200 0 "-" "WordPress/6.7.2; https://bakingsecurityin.com"
198.54.114.83 - - [15/Apr/2025:08:38:57 -0400] "POST /wp-admin/admin-ajax.php?action=async_litespeed&nonce=JtgN7HCl5rjoZdME2ul5tr6pwTxIvrnE&litespeed_type=imgoptm HTTP/1.1" 200 0 "-" "WordPress/6.7.2; https://bakingsecurityin.com"
129.226.160.68 - - [15/Apr/2025:08:39:11 -0400] "GET /rent-a-boat-in-bali/ HTTP/1.1" 200 0 "-" "Python/3.10 aiohttp/3.10.5"
150.109.114.17 - - [15/Apr/2025:08:40:07 -0400] "GET /how-to-grow-your-business-quickly-and-efficiently/ HTTP/1.1" 200 0 "-" "Python/3.10 aiohttp/3.10.5"
198.54.114.83 - - [15/Apr/2025:08:40:11 -0400] "POST /wp-cron.php?doing_wp_cron=1744720807.7963728904724121093750 HTTP/1.1" 200 0 "-" "WordPress/6.7.2; https://bakingsecurityin.com"
198.54.114.83 - - [15/Apr/2025:08:41:21 -0400] "POST /wp-cron.php?doing_wp_cron=1744720880.3609039783477783203125 HTTP/1.1" 200 0 "-" "WordPress/6.7.2; https://bakingsecurityin.com"
51.222.253.15 - - [15/Apr/2025:08:41:20 -0400] "GET /cartagena-colombia-a-hotspot-for-bachelor-parties/ HTTP/1.1" 200 0 "-" "Mozilla/5.0 (compatible; AhrefsBot/7.0; +http://ahrefs.com/robot/)"
198.54.114.83 - - [15/Apr/2025:08:41:23 -0400] "POST /wp-admin/admin-ajax.php?action=async_litespeed&nonce=H6k8bmme7F49rIRctKHGxdMHaVA89zSo&litespeed_type=imgoptm HTTP/1.1" 200 0 "-" "WordPress/6.7.2; https://bakingsecurityin.com"
172.177.12.150 - - [15/Apr/2025:08:41:52 -0400] "HEAD /new-mega-launch-condo-at-dunman-road/ HTTP/1.1" 200 0 "http://bakingsecurityin.com/new" "Mozilla/5.0 (Windows NT 10.0; Win64; x64) AppleWebKit/537.36 (KHTML, like Gecko) Chrome/74.0.3729.169 Safari/537.36"
85.208.98.16 - - [15/Apr/2025:08:43:00 -0400] "GET /creative-solutions-for-small-bathroom-renovations/ HTTP/1.1" 200 0 "-" "Mozilla/5.0 (compatible; SemrushBot-BA; +http://www.semrush.com/bot.html)"
198.54.114.83 - - [15/Apr/2025:08:43:03 -0400] "POST /wp-cron.php?doing_wp_cron=1744720981.3257899284362792968750 HTTP/1.1" 200 0 "-" "WordPress/6.7.2; https://bakingsecurityin.com"
51.222.253.11 - - [15/Apr/2025:08:43:44 -0400] "GET /mediation-costs-how-much-does-it-cost-to-mediate-a-case/ HTTP/1.1" 200 0 "-" "Mozilla/5.0 (compatible; AhrefsBot/7.0; +http://ahrefs.com/robot/)"
85.208.98.16 - - [15/Apr/2025:08:44:22 -0400] "GET /maximizing-space-bathroom-renovations-for-small-spaces/ HTTP/1.1" 200 0 "-" "Mozilla/5.0 (compatible; SemrushBot-BA; +http://www.semrush.com/bot.html)"
198.54.114.83 - - [15/Apr/2025:08:44:26 -0400] "POST /wp-cron.php?doing_wp_cron=1744721063.5140860080718994140625 HTTP/1.1" 200 0 "-" "WordPress/6.7.2; https://bakingsecurityin.com"
51.222.253.7 - - [15/Apr/2025:08:46:08 -0400] "GET /facettes-dentaires-geneve-comment-les-facettes-dentaires-geneve-peuvent-ameliorer-votre-sourire/ HTTP/1.1" 200 0 "-" "Mozilla/5.0 (compatible; AhrefsBot/7.0; +http://ahrefs.com/robot/)"
198.54.114.83 - - [15/Apr/2025:08:46:15 -0400] "POST /wp-cron.php?doing_wp_cron=1744721171.9523990154266357421875 HTTP/1.1" 200 0 "-" "WordPress/6.7.2; https://bakingsecurityin.com"
198.54.114.83 - - [15/Apr/2025:08:48:03 -0400] "POST /wp-admin/admin-ajax.php?action=async_litespeed&nonce=kW1Q221XSrNDYndtJMZ5JS1OCSp1JaDU&litespeed_type=imgoptm HTTP/1.1" 200 0 "-" "WordPress/6.7.2; https://bakingsecurityin.com"
51.222.253.11 - - [15/Apr/2025:08:48:28 -0400] "GET /bijoux-de-lait-maternel/ HTTP/1.1" 200 0 "-" "Mozilla/5.0 (compatible; AhrefsBot/7.0; +http://ahrefs.com/robot/)"
51.222.253.12 - - [15/Apr/2025:08:50:43 -0400] "GET /category/activity/page/81/ HTTP/1.1" 200 0 "-" "Mozilla/5.0 (compatible; AhrefsBot/7.0; +http://ahrefs.com/robot/)"
198.54.114.83 - - [15/Apr/2025:08:50:50 -0400] "POST /wp-cron.php?doing_wp_cron=1744721447.4336678981781005859375 HTTP/1.1" 200 0 "-" "WordPress/6.7.2; https://bakingsecurityin.com"
198.54.114.83 - - [15/Apr/2025:08:53:26 -0400] "POST /wp-cron.php?doing_wp_cron=1744721605.4652380943298339843750 HTTP/1.1" 200 0 "-" "WordPress/6.7.2; https://bakingsecurityin.com"
51.222.253.19 - - [15/Apr/2025:08:53:22 -0400] "GET /category/activity/page/69/ HTTP/1.1" 200 0 "-" "Mozilla/5.0 (compatible; AhrefsBot/7.0; +http://ahrefs.com/robot/)"
198.54.114.83 - - [15/Apr/2025:08:53:28 -0400] "POST /wp-admin/admin-ajax.php?action=async_litespeed&nonce=wsS2nxBFLAgOlBb5qwPDcHCYS6lEZfQu&litespeed_type=imgoptm HTTP/1.1" 200 0 "-" "WordPress/6.7.2; https://bakingsecurityin.com"
51.222.253.10 - - [15/Apr/2025:08:56:04 -0400] "GET /page/7/ HTTP/1.1" 200 0 "-" "Mozilla/5.0 (compatible; AhrefsBot/7.0; +http://ahrefs.com/robot/)"
198.54.114.83 - - [15/Apr/2025:08:56:09 -0400] "POST /wp-cron.php?doing_wp_cron=1744721768.4276139736175537109375 HTTP/1.1" 200 0 "-" "WordPress/6.7.2; https://bakingsecurityin.com"
198.54.114.83 - - [15/Apr/2025:08:58:38 -0400] "POST /wp-cron.php?doing_wp_cron=1744721916.8079159259796142578125 HTTP/1.1" 200 0 "-" "WordPress/6.7.2; https://bakingsecurityin.com"
51.222.253.12 - - [15/Apr/2025:08:58:32 -0400] "GET /category/activity/page/40/ HTTP/1.1" 200 0 "-" "Mozilla/5.0 (compatible; AhrefsBot/7.0; +http://ahrefs.com/robot/)"
198.54.114.83 - - [15/Apr/2025:08:58:38 -0400] "POST /wp-admin/admin-ajax.php?action=async_litespeed&nonce=E8NzgcnK39gnRRdIpW6mMmjeyFMcJnUJ&litespeed_type=imgoptm HTTP/1.1" 200 0 "-" "WordPress/6.7.2; https://bakingsecurityin.com"
51.222.253.7 - - [15/Apr/2025:09:00:53 -0400] "GET /sending-voice-messages-on-ios-16/feed/ HTTP/1.1" 304 0 "-" "Mozilla/5.0 (compatible; AhrefsBot/7.0; +http://ahrefs.com/robot/)"
198.54.114.83 - - [15/Apr/2025:09:00:59 -0400] "POST /wp-cron.php?doing_wp_cron=1744722057.8035531044006347656250 HTTP/1.1" 200 0 "-" "WordPress/6.7.2; https://bakingsecurityin.com"
198.54.114.83 - - [15/Apr/2025:09:01:01 -0400] "POST /wp-admin/admin-ajax.php?action=async_litespeed&nonce=dtnLfvYIBkIiojnoDfZeAcEBiN4jeeCt&litespeed_type=imgoptm HTTP/1.1" 200 0 "-" "WordPress/6.7.2; https://bakingsecurityin.com"
198.54.114.83 - - [15/Apr/2025:09:03:06 -0400] "POST /wp-cron.php?doing_wp_cron=1744722185.4436368942260742187500 HTTP/1.1" 200 0 "-" "WordPress/6.7.2; https://bakingsecurityin.com"
51.222.253.7 - - [15/Apr/2025:09:03:02 -0400] "GET /category/activity/page/24/ HTTP/1.1" 200 0 "-" "Mozilla/5.0 (compatible; AhrefsBot/7.0; +http://ahrefs.com/robot/)"
198.54.114.83 - - [15/Apr/2025:09:03:07 -0400] "POST /wp-admin/admin-ajax.php?action=async_litespeed&nonce=FHgpdWE2vJblhBy40iZ2LunTE3oRbRZH&litespeed_type=imgoptm HTTP/1.1" 200 0 "-" "WordPress/6.7.2; https://bakingsecurityin.com"
51.222.253.16 - - [15/Apr/2025:09:05:34 -0400] "GET /en-quoi-les-boites-dhuile-de-chanvre-personnalisees-sont-elles-benefiques-pour-votre-entreprise/feed/ HTTP/1.1" 304 0 "-" "Mozilla/5.0 (compatible; AhrefsBot/7.0; +http://ahrefs.com/robot/)"
198.54.114.83 - - [15/Apr/2025:09:05:38 -0400] "POST /wp-cron.php?doing_wp_cron=1744722336.6820669174194335937500 HTTP/1.1" 200 0 "-" "WordPress/6.7.2; https://bakingsecurityin.com"
198.54.114.83 - - [15/Apr/2025:09:05:40 -0400] "POST /wp-admin/admin-ajax.php?action=async_litespeed&nonce=DIOP66WQEA3OVkMxRo1aOQEu6zmkyu2i&litespeed_type=imgoptm HTTP/1.1" 200 0 "-" "WordPress/6.7.2; https://bakingsecurityin.com"
240e:350:8003:ced4:4ecc:6a6b:eff7:5ca9 - - [15/Apr/2025:09:06:11 -0400] "POST /wp-comments-post.php HTTP/1.1" 302 0 "-" "Mozilla/5.0 (Windows NT 10.0; Win64; x64) AppleWebKit/537.36 (KHTML, like Gecko) Chrome/108.0.0.0 Safari/537.36 Edg/108.0.1462.46"
198.54.114.83 - - [15/Apr/2025:09:06:13 -0400] "POST /wp-cron.php?doing_wp_cron=1744722371.3905251026153564453125 HTTP/1.1" 200 0 "-" "WordPress/6.7.2; https://bakingsecurityin.com"
198.54.114.83 - - [15/Apr/2025:09:06:16 -0400] "POST /wp-admin/admin-ajax.php?action=async_litespeed&nonce=Nj2uzZfQiC8U0PfD1FuN47FGloRpOmx5&litespeed_type=imgoptm HTTP/1.1" 200 0 "-" "WordPress/6.7.2; https://bakingsecurityin.com"
240e:350:8003:ced4:4ecc:6a6b:eff7:5ca9 - - [15/Apr/2025:09:06:16 -0400] "GET /how-much-does-john-madden-make-off-madden-nfl/?unapproved=5021&moderation-hash=c6d15678701e6ba84fb271ca85114473 HTTP/1.1" 200 0 "-" "Mozilla/5.0 (Windows NT 10.0; Win64; x64) AppleWebKit/537.36 (KHTML, like Gecko) Chrome/108.0.0.0 Safari/537.36 Edg/108.0.1462.46"
198.54.114.83 - - [15/Apr/2025:09:07:46 -0400] "POST /wp-cron.php?doing_wp_cron=1744722465.6906490325927734375000 HTTP/1.1" 200 0 "-" "WordPress/6.7.2; https://bakingsecurityin.com"
51.222.253.3 - - [15/Apr/2025:09:07:42 -0400] "GET /category/activity/page/77/ HTTP/1.1" 200 0 "-" "Mozilla/5.0 (compatible; AhrefsBot/7.0; +http://ahrefs.com/robot/)"
198.54.114.83 - - [15/Apr/2025:09:07:48 -0400] "POST /wp-admin/admin-ajax.php?action=async_litespeed&nonce=qNixj0HKTHixGNMKaEMLGSFRWbRQHxG8&litespeed_type=imgoptm HTTP/1.1" 200 0 "-" "WordPress/6.7.2; https://bakingsecurityin.com"
43.132.221.181 - - [15/Apr/2025:09:08:56 -0400] "GET /boat-rental-cabo-where-to-rent-a-boat-in-cabo/ HTTP/1.1" 200 0 "-" "Python/3.10 aiohttp/3.10.5"
51.222.253.7 - - [15/Apr/2025:09:10:00 -0400] "GET /page/128/ HTTP/1.1" 200 0 "-" "Mozilla/5.0 (compatible; AhrefsBot/7.0; +http://ahrefs.com/robot/)"
198.54.114.83 - - [15/Apr/2025:09:10:07 -0400] "POST /wp-cron.php?doing_wp_cron=1744722604.9992709159851074218750 HTTP/1.1" 200 0 "-" "WordPress/6.7.2; https://bakingsecurityin.com"
51.222.253.6 - - [15/Apr/2025:09:12:24 -0400] "GET /category/activity/page/83/ HTTP/1.1" 200 0 "-" "Mozilla/5.0 (compatible; AhrefsBot/7.0; +http://ahrefs.com/robot/)"
198.54.114.83 - - [15/Apr/2025:09:12:30 -0400] "POST /wp-cron.php?doing_wp_cron=1744722746.9765269756317138671875 HTTP/1.1" 200 0 "-" "WordPress/6.7.2; https://bakingsecurityin.com"
119.28.140.91 - - [15/Apr/2025:09:12:54 -0400] "GET /finding-the-right-curly-hairdresser/ HTTP/1.1" 200 0 "-" "Python/3.10 aiohttp/3.10.5"
198.54.114.83 - - [15/Apr/2025:09:13:40 -0400] "POST /wp-admin/admin-ajax.php?action=async_litespeed&nonce=ahf9rgUGQgGfRiQOh5EAIYm4kJi7Rx13&litespeed_type=imgoptm HTTP/1.1" 200 5 "-" "WordPress/6.7.2; https://bakingsecurityin.com"
51.222.253.7 - - [15/Apr/2025:09:14:40 -0400] "GET /page/75/ HTTP/1.1" 200 0 "-" "Mozilla/5.0 (compatible; AhrefsBot/7.0; +http://ahrefs.com/robot/)"
198.54.114.83 - - [15/Apr/2025:09:14:44 -0400] "POST /wp-cron.php?doing_wp_cron=1744722880.2222299575805664062500 HTTP/1.1" 200 0 "-" "WordPress/6.7.2; https://bakingsecurityin.com"
119.28.52.89 - - [15/Apr/2025:09:15:35 -0400] "GET /sex-addiction-therapy/ HTTP/1.1" 200 0 "-" "Python/3.10 aiohttp/3.10.5"
51.222.253.14 - - [15/Apr/2025:09:16:46 -0400] "GET /cyber-security-at-georgia-tech/ HTTP/1.1" 200 0 "-" "Mozilla/5.0 (compatible; AhrefsBot/7.0; +http://ahrefs.com/robot/)"
198.54.114.83 - - [15/Apr/2025:09:16:48 -0400] "POST /wp-cron.php?doing_wp_cron=1744723006.5908050537109375000000 HTTP/1.1" 200 0 "-" "WordPress/6.7.2; https://bakingsecurityin.com"
51.222.253.13 - - [15/Apr/2025:09:18:52 -0400] "GET /the-best-soccer-grip-socks/ HTTP/1.1" 200 0 "-" "Mozilla/5.0 (compatible; AhrefsBot/7.0; +http://ahrefs.com/robot/)"
198.54.114.83 - - [15/Apr/2025:09:18:57 -0400] "POST /wp-cron.php?doing_wp_cron=1744723135.7601819038391113281250 HTTP/1.1" 200 0 "-" "WordPress/6.7.2; https://bakingsecurityin.com"
195.2.79.165 - - [15/Apr/2025:09:19:09 -0400] "GET /a-journey-into-skincare/ HTTP/1.1" 200 0 "https://bakingsecurityin.com/a-journey-into-skincare/" "Mozilla/5.0 (Windows NT 10.0; Win64; x64) AppleWebKit/537.36 (KHTML, like Gecko) Chrome/129.0.0.0 Safari/537.36"
195.2.79.165 - - [15/Apr/2025:09:19:11 -0400] "GET / HTTP/1.1" 200 0 "https://bakingsecurityin.com/" "Mozilla/5.0 (Windows NT 10.0; Win64; x64) AppleWebKit/537.36 (KHTML, like Gecko) Chrome/129.0.0.0 Safari/537.36"
18.97.14.90 - - [15/Apr/2025:09:20:57 -0400] "GET /robots.txt HTTP/1.1" 304 0 "-" "CCBot/2.0 (https://commoncrawl.org/faq/)"
18.97.14.90 - - [15/Apr/2025:09:20:59 -0400] "GET / HTTP/1.1" 200 0 "-" "CCBot/2.0 (https://commoncrawl.org/faq/)"
198.54.114.83 - - [15/Apr/2025:09:21:04 -0400] "POST /wp-cron.php?doing_wp_cron=1744723262.9664170742034912109375 HTTP/1.1" 200 0 "-" "WordPress/6.7.2; https://bakingsecurityin.com"
51.222.253.4 - - [15/Apr/2025:09:21:13 -0400] "GET /what-you-need-to-know-about-tretinoin-cream/ HTTP/1.1" 200 0 "-" "Mozilla/5.0 (compatible; AhrefsBot/7.0; +http://ahrefs.com/robot/)"
136.243.228.193 - - [15/Apr/2025:09:21:20 -0400] "GET /how-to-build-muscle/ HTTP/1.1" 200 0 "-" "Mozilla/5.0 (compatible; DataForSeoBot/1.0; +https://dataforseo.com/dataforseo-bot)"
51.222.253.15 - - [15/Apr/2025:09:23:17 -0400] "GET /category/activity/page/29/ HTTP/1.1" 200 0 "-" "Mozilla/5.0 (compatible; AhrefsBot/7.0; +http://ahrefs.com/robot/)"
198.54.114.83 - - [15/Apr/2025:09:23:22 -0400] "POST /wp-cron.php?doing_wp_cron=1744723400.7128920555114746093750 HTTP/1.1" 200 0 "-" "WordPress/6.7.2; https://bakingsecurityin.com"
51.222.253.10 - - [15/Apr/2025:09:25:36 -0400] "GET /page/57/ HTTP/1.1" 200 0 "-" "Mozilla/5.0 (compatible; AhrefsBot/7.0; +http://ahrefs.com/robot/)"
198.54.114.83 - - [15/Apr/2025:09:25:43 -0400] "POST /wp-cron.php?doing_wp_cron=1744723540.2596070766448974609375 HTTP/1.1" 200 0 "-" "WordPress/6.7.2; https://bakingsecurityin.com"
43.129.84.140 - - [15/Apr/2025:09:25:52 -0400] "GET /how-to-find-the-best-sarms-for-sale/ HTTP/1.1" 200 0 "-" "Python/3.10 aiohttp/3.10.5"
113.36.242.229 - - [15/Apr/2025:09:26:06 -0400] "GET /wp-login.php HTTP/1.1" 200 1737 "http://bakingsecurityin.com" "Mozilla/5.0 (Windows NT 10.0; Win64; x64) AppleWebKit/537.36 (KHTML, like Gecko) Chrome/115.0.5790.171 Safari/537.36 Edg/115.0.1901.203"
51.222.253.15 - - [15/Apr/2025:09:27:37 -0400] "GET /page/39/ HTTP/1.1" 200 0 "-" "Mozilla/5.0 (compatible; AhrefsBot/7.0; +http://ahrefs.com/robot/)"
198.54.114.83 - - [15/Apr/2025:09:27:43 -0400] "POST /wp-cron.php?doing_wp_cron=1744723659.8742690086364746093750 HTTP/1.1" 200 0 "-" "WordPress/6.7.2; https://bakingsecurityin.com"
213.180.203.246 - - [15/Apr/2025:09:27:44 -0400] "GET /comment-nettoyer-largenterie/ HTTP/1.1" 200 0 "-" "Mozilla/5.0 (compatible; YandexBot/3.0; +http://yandex.com/bots)"
198.54.114.83 - - [15/Apr/2025:09:27:46 -0400] "POST /wp-admin/admin-ajax.php?action=async_litespeed&nonce=BhW4af8PAb5B3pzVfTeu7RqWW5Qmz7I8&litespeed_type=imgoptm HTTP/1.1" 200 0 "-" "WordPress/6.7.2; https://bakingsecurityin.com"
51.222.253.17 - - [15/Apr/2025:09:29:45 -0400] "GET /page/81/ HTTP/1.1" 200 0 "-" "Mozilla/5.0 (compatible; AhrefsBot/7.0; +http://ahrefs.com/robot/)"
198.54.114.83 - - [15/Apr/2025:09:29:52 -0400] "POST /wp-cron.php?doing_wp_cron=1744723789.1266078948974609375000 HTTP/1.1" 200 0 "-" "WordPress/6.7.2; https://bakingsecurityin.com"
150.109.61.32 - - [15/Apr/2025:09:30:55 -0400] "GET /golden-visa-lawyer-spain/ HTTP/1.1" 200 0 "-" "Python/3.10 aiohttp/3.10.5"
129.226.53.190 - - [15/Apr/2025:09:31:34 -0400] "GET /what-to-expect-from-a-professional-car-detailing-service/ HTTP/1.1" 200 0 "-" "Python/3.10 aiohttp/3.10.5"
51.222.253.15 - - [15/Apr/2025:09:31:54 -0400] "GET /the-best-sarms-for-building-muscle/ HTTP/1.1" 200 0 "-" "Mozilla/5.0 (compatible; AhrefsBot/7.0; +http://ahrefs.com/robot/)"
198.54.114.83 - - [15/Apr/2025:09:32:01 -0400] "POST /wp-cron.php?doing_wp_cron=1744723918.7175760269165039062500 HTTP/1.1" 200 0 "-" "WordPress/6.7.2; https://bakingsecurityin.com"
51.222.253.12 - - [15/Apr/2025:09:34:08 -0400] "GET /page/83/ HTTP/1.1" 200 0 "-" "Mozilla/5.0 (compatible; AhrefsBot/7.0; +http://ahrefs.com/robot/)"
198.54.114.83 - - [15/Apr/2025:09:34:15 -0400] "POST /wp-cron.php?doing_wp_cron=1744724053.1532149314880371093750 HTTP/1.1" 200 0 "-" "WordPress/6.7.2; https://bakingsecurityin.com"
51.222.253.5 - - [15/Apr/2025:09:36:20 -0400] "GET /page/38/ HTTP/1.1" 200 0 "-" "Mozilla/5.0 (compatible; AhrefsBot/7.0; +http://ahrefs.com/robot/)"
198.54.114.83 - - [15/Apr/2025:09:36:29 -0400] "POST /wp-cron.php?doing_wp_cron=1744724185.9090030193328857421875 HTTP/1.1" 200 0 "-" "WordPress/6.7.2; https://bakingsecurityin.com"
51.222.253.2 - - [15/Apr/2025:09:38:21 -0400] "GET /category/activity/page/74/ HTTP/1.1" 200 0 "-" "Mozilla/5.0 (compatible; AhrefsBot/7.0; +http://ahrefs.com/robot/)"
198.54.114.83 - - [15/Apr/2025:09:38:27 -0400] "POST /wp-cron.php?doing_wp_cron=1744724305.4865128993988037109375 HTTP/1.1" 200 0 "-" "WordPress/6.7.2; https://bakingsecurityin.com"
199.188.201.3 - - [15/Apr/2025:09:38:40 -0400] "GET /wp-login.php HTTP/1.1" 200 1737 "http://bakingsecurityin.com" "Mozilla/5.0 (Windows NT 10.0; Win64; x64) AppleWebKit/537.36 (KHTML, like Gecko) Chrome/113.0.5672.93 Safari/537.36"
51.222.253.9 - - [15/Apr/2025:09:40:33 -0400] "GET /page/86/ HTTP/1.1" 200 0 "-" "Mozilla/5.0 (compatible; AhrefsBot/7.0; +http://ahrefs.com/robot/)"
198.54.114.83 - - [15/Apr/2025:09:40:40 -0400] "POST /wp-cron.php?doing_wp_cron=1744724437.5794379711151123046875 HTTP/1.1" 200 0 "-" "WordPress/6.7.2; https://bakingsecurityin.com"
198.54.114.83 - - [15/Apr/2025:09:40:44 -0400] "POST /wp-admin/admin-ajax.php?action=async_litespeed&nonce=PXj93pV20UE1RBryWcClrJUmL789xDTQ&litespeed_type=imgoptm HTTP/1.1" 200 0 "-" "WordPress/6.7.2; https://bakingsecurityin.com"
51.222.253.10 - - [15/Apr/2025:09:42:49 -0400] "GET /category/activity/page/44/ HTTP/1.1" 200 0 "-" "Mozilla/5.0 (compatible; AhrefsBot/7.0; +http://ahrefs.com/robot/)"
198.54.114.83 - - [15/Apr/2025:09:42:55 -0400] "POST /wp-cron.php?doing_wp_cron=1744724573.1649448871612548828125 HTTP/1.1" 200 0 "-" "WordPress/6.7.2; https://bakingsecurityin.com"
85.208.98.31 - - [15/Apr/2025:09:44:59 -0400] "GET /food-ingredients-first-natural-colors/ HTTP/1.1" 200 0 "-" "Mozilla/5.0 (compatible; SemrushBot-BA; +http://www.semrush.com/bot.html)"
47.79.193.150 - - [15/Apr/2025:09:45:00 -0400] "GET / HTTP/1.1" 200 0 "https://www.google.com/" "Mozilla/5.0 (Linux; Android 10; K) AppleWebKit/537.36 (KHTML, like Gecko) Chrome/133.0.0.0 Mobile Safari/537.36"
51.222.253.10 - - [15/Apr/2025:09:45:00 -0400] "GET /discover-the-charm-of-resort-lake-garda/feed/ HTTP/1.1" 304 0 "-" "Mozilla/5.0 (compatible; AhrefsBot/7.0; +http://ahrefs.com/robot/)"
198.54.114.83 - - [15/Apr/2025:09:45:06 -0400] "POST /wp-cron.php?doing_wp_cron=1744724702.2130959033966064453125 HTTP/1.1" 200 0 "-" "WordPress/6.7.2; https://bakingsecurityin.com"
198.54.114.83 - - [15/Apr/2025:09:45:06 -0400] "POST /wp-cron.php?doing_wp_cron=1744724702.2187418937683105468750 HTTP/1.1" 200 0 "-" "WordPress/6.7.2; https://bakingsecurityin.com"
198.54.114.83 - - [15/Apr/2025:09:45:06 -0400] "POST /wp-cron.php?doing_wp_cron=1744724702.2164590358734130859375 HTTP/1.1" 200 0 "-" "WordPress/6.7.2; https://bakingsecurityin.com"
51.222.253.1 - - [15/Apr/2025:09:47:35 -0400] "GET /how-to-get-a-free-cavity-wall-insulation-grant/feed/ HTTP/1.1" 304 0 "-" "Mozilla/5.0 (compatible; AhrefsBot/7.0; +http://ahrefs.com/robot/)"
198.54.114.83 - - [15/Apr/2025:09:47:41 -0400] "POST /wp-cron.php?doing_wp_cron=1744724858.9690010547637939453125 HTTP/1.1" 200 0 "-" "WordPress/6.7.2; https://bakingsecurityin.com"
43.154.87.57 - - [15/Apr/2025:09:49:54 -0400] "GET /custom-brand-socks/ HTTP/1.1" 200 0 "-" "Python/3.10 aiohttp/3.10.5"
51.222.253.3 - - [15/Apr/2025:09:49:58 -0400] "GET /category/activity/page/37/ HTTP/1.1" 200 0 "-" "Mozilla/5.0 (compatible; AhrefsBot/7.0; +http://ahrefs.com/robot/)"
198.54.114.83 - - [15/Apr/2025:09:49:59 -0400] "POST /wp-cron.php?doing_wp_cron=1744724998.1445159912109375000000 HTTP/1.1" 200 0 "-" "WordPress/6.7.2; https://bakingsecurityin.com"
198.54.114.83 - - [15/Apr/2025:09:49:59 -0400] "POST /wp-cron.php?doing_wp_cron=1744724998.1479160785675048828125 HTTP/1.1" 200 0 "-" "WordPress/6.7.2; https://bakingsecurityin.com"
185.179.24.14 - - [15/Apr/2025:09:51:27 -0400] "GET /wp-login.php HTTP/1.1" 200 1737 "http://bakingsecurityin.com" "Mozilla/5.0 (Macintosh; Intel Mac OS X 10_15_7) AppleWebKit/537.36 (KHTML, like Gecko) Chrome/115.0.5790.102 Safari/537.36"
51.222.253.13 - - [15/Apr/2025:09:52:39 -0400] "GET /best-resume-help-near-me/feed/ HTTP/1.1" 200 389 "-" "Mozilla/5.0 (compatible; AhrefsBot/7.0; +http://ahrefs.com/robot/)"
198.54.114.83 - - [15/Apr/2025:09:52:43 -0400] "POST /wp-cron.php?doing_wp_cron=1744725160.5874819755554199218750 HTTP/1.1" 200 0 "-" "WordPress/6.7.2; https://bakingsecurityin.com"
51.222.253.3 - - [15/Apr/2025:09:55:10 -0400] "GET /how-to-use-the-national-insurance-website/feed/ HTTP/1.1" 200 410 "-" "Mozilla/5.0 (compatible; AhrefsBot/7.0; +http://ahrefs.com/robot/)"
198.54.114.83 - - [15/Apr/2025:09:55:17 -0400] "POST /wp-cron.php?doing_wp_cron=1744725314.4254291057586669921875 HTTP/1.1" 200 0 "-" "WordPress/6.7.2; https://bakingsecurityin.com"
198.54.114.83 - - [15/Apr/2025:09:57:56 -0400] "POST /wp-cron.php?doing_wp_cron=1744725475.1566441059112548828125 HTTP/1.1" 200 0 "-" "WordPress/6.7.2; https://bakingsecurityin.com"
51.222.253.19 - - [15/Apr/2025:09:57:52 -0400] "GET /choosing-a-smart-dehumidifier-uk/ HTTP/1.1" 200 0 "-" "Mozilla/5.0 (compatible; AhrefsBot/7.0; +http://ahrefs.com/robot/)"
198.54.114.83 - - [15/Apr/2025:09:57:57 -0400] "POST /wp-admin/admin-ajax.php?action=async_litespeed&nonce=tp1xPJnVg3GEDInLbSDDG1gwZolpLjTA&litespeed_type=imgoptm HTTP/1.1" 200 0 "-" "WordPress/6.7.2; https://bakingsecurityin.com"
185.191.171.19 - - [15/Apr/2025:09:58:07 -0400] "GET /robots.txt HTTP/1.1" 200 98 "-" "Mozilla/5.0 (compatible; SemrushBot/7~bl; +http://www.semrush.com/bot.html)"
85.208.96.212 - - [15/Apr/2025:09:58:08 -0400] "GET /shell-pearl-necklace/ HTTP/1.1" 200 0 "-" "Mozilla/5.0 (compatible; SemrushBot/7~bl; +http://www.semrush.com/bot.html)"
129.226.131.165 - - [15/Apr/2025:09:58:36 -0400] "GET /how-to-connect-an-apple-pencil/ HTTP/1.1" 200 0 "-" "Python/3.10 aiohttp/3.10.5"
43.135.121.251 - - [15/Apr/2025:09:58:54 -0400] "GET /how-moving-companies-calculate-their-quotes-online/ HTTP/1.1" 200 0 "-" "Python/3.10 aiohttp/3.10.5"
51.222.253.8 - - [15/Apr/2025:10:00:15 -0400] "GET /category/activity/page/45/ HTTP/1.1" 200 0 "-" "Mozilla/5.0 (compatible; AhrefsBot/7.0; +http://ahrefs.com/robot/)"
198.54.114.83 - - [15/Apr/2025:10:00:19 -0400] "POST /wp-cron.php?doing_wp_cron=1744725616.0043480396270751953125 HTTP/1.1" 200 0 "-" "WordPress/6.7.2; https://bakingsecurityin.com"
51.222.253.16 - - [15/Apr/2025:10:02:59 -0400] "GET /share-iphone-screen/feed/ HTTP/1.1" 200 398 "-" "Mozilla/5.0 (compatible; AhrefsBot/7.0; +http://ahrefs.com/robot/)"
198.54.114.83 - - [15/Apr/2025:10:03:06 -0400] "POST /wp-cron.php?doing_wp_cron=1744725783.3403780460357666015625 HTTP/1.1" 200 0 "-" "WordPress/6.7.2; https://bakingsecurityin.com"
124.156.186.100 - - [15/Apr/2025:10:03:15 -0400] "GET /how-to-go-offline-on-instagram/ HTTP/1.1" 200 0 "-" "Python/3.10 aiohttp/3.10.5"
2a01:4f8:2190:15dc::2 - - [15/Apr/2025:10:04:17 -0400] "GET /wp-login.php HTTP/1.1" 200 1737 "http://bakingsecurityin.com" "Mozilla/5.0 (Macintosh; Intel Mac OS X 10_15_7) AppleWebKit/537.36 (KHTML, like Gecko) Chrome/113.0.5672.93 Safari/537.36"
198.54.114.83 - - [15/Apr/2025:10:05:47 -0400] "POST /wp-cron.php?doing_wp_cron=1744725946.5512690544128417968750 HTTP/1.1" 200 0 "-" "WordPress/6.7.2; https://bakingsecurityin.com"
198.54.114.83 - - [15/Apr/2025:10:05:47 -0400] "POST /wp-cron.php?doing_wp_cron=1744725946.5531260967254638671875 HTTP/1.1" 200 0 "-" "WordPress/6.7.2; https://bakingsecurityin.com"
85.208.98.29 - - [15/Apr/2025:10:05:45 -0400] "GET /food-ingredients-first-natural-colors/ HTTP/1.1" 200 0 "-" "Mozilla/5.0 (compatible; SemrushBot-BA; +http://www.semrush.com/bot.html)"
51.222.253.5 - - [15/Apr/2025:10:05:42 -0400] "GET /how-to-download-spotify-on-mac/ HTTP/1.1" 200 0 "-" "Mozilla/5.0 (compatible; AhrefsBot/7.0; +http://ahrefs.com/robot/)"
198.54.114.83 - - [15/Apr/2025:10:05:49 -0400] "POST /wp-admin/admin-ajax.php?action=async_litespeed&nonce=7lWvTk1RB0bPUC45Afjg9KDQ7PeVfF4p&litespeed_type=imgoptm HTTP/1.1" 200 0 "-" "WordPress/6.7.2; https://bakingsecurityin.com"
2a02:598:64:8a00::3100:8 - - [15/Apr/2025:10:06:34 -0400] "GET /robots.txt HTTP/1.1" 200 98 "-" "Mozilla/5.0 (compatible; SeznamBot/4.0; +https://o-seznam.cz/napoveda/vyhledavani/en/seznambot-crawler/)"
2a02:598:64:8a00::3100:8 - - [15/Apr/2025:10:06:34 -0400] "GET /best-resume-help-near-me/ HTTP/1.1" 200 0 "-" "Mozilla/5.0 (compatible; SeznamBot/4.0; +https://o-seznam.cz/napoveda/vyhledavani/en/seznambot-crawler/)"
198.54.114.83 - - [15/Apr/2025:10:06:37 -0400] "POST /wp-cron.php?doing_wp_cron=1744725994.8105940818786621093750 HTTP/1.1" 200 0 "-" "WordPress/6.7.2; https://bakingsecurityin.com"
51.222.253.12 - - [15/Apr/2025:10:08:41 -0400] "GET /from-words-to-meaning-exploring-semantic-analysis/ HTTP/1.1" 200 0 "-" "Mozilla/5.0 (compatible; AhrefsBot/7.0; +http://ahrefs.com/robot/)"
198.54.114.83 - - [15/Apr/2025:10:08:45 -0400] "POST /wp-cron.php?doing_wp_cron=1744726124.1232209205627441406250 HTTP/1.1" 200 0 "-" "WordPress/6.7.2; https://bakingsecurityin.com"
43.154.237.110 - - [15/Apr/2025:10:10:13 -0400] "GET /the-12-volt-20ah-battery/ HTTP/1.1" 200 0 "-" "Python/3.10 aiohttp/3.10.5"
198.54.114.83 - - [15/Apr/2025:10:10:20 -0400] "POST /wp-cron.php?doing_wp_cron=1744726217.5770599842071533203125 HTTP/1.1" 200 0 "-" "WordPress/6.7.2; https://bakingsecurityin.com"
51.222.253.8 - - [15/Apr/2025:10:11:07 -0400] "GET /where-to-buy-roblox-gift-cards/feed/ HTTP/1.1" 200 405 "-" "Mozilla/5.0 (compatible; AhrefsBot/7.0; +http://ahrefs.com/robot/)"
51.222.253.17 - - [15/Apr/2025:10:13:38 -0400] "GET /genai-for-customer-support-explore-the-elastic/ HTTP/1.1" 200 0 "-" "Mozilla/5.0 (compatible; AhrefsBot/7.0; +http://ahrefs.com/robot/)"
198.54.114.83 - - [15/Apr/2025:10:13:45 -0400] "POST /wp-cron.php?doing_wp_cron=1744726422.8495221138000488281250 HTTP/1.1" 200 0 "-" "WordPress/6.7.2; https://bakingsecurityin.com"
198.54.114.83 - - [15/Apr/2025:10:13:48 -0400] "POST /wp-admin/admin-ajax.php?action=async_litespeed&nonce=yPL6PP8ymCz09rgDYkNG0u9c2HkXiKkq&litespeed_type=imgoptm HTTP/1.1" 200 0 "-" "WordPress/6.7.2; https://bakingsecurityin.com"
85.208.96.195 - - [15/Apr/2025:10:15:27 -0400] "GET /toa-payoh-condo-showflat/ HTTP/1.1" 200 0 "-" "Mozilla/5.0 (compatible; SemrushBot/7~bl; +http://www.semrush.com/bot.html)"
198.54.114.83 - - [15/Apr/2025:10:15:33 -0400] "POST /wp-cron.php?doing_wp_cron=1744726530.0734510421752929687500 HTTP/1.1" 200 0 "-" "WordPress/6.7.2; https://bakingsecurityin.com"
51.222.253.7 - - [15/Apr/2025:10:16:04 -0400] "GET /heat-pump-dehydrator/feed/ HTTP/1.1" 304 0 "-" "Mozilla/5.0 (compatible; AhrefsBot/7.0; +http://ahrefs.com/robot/)"
129.226.63.212 - - [15/Apr/2025:10:16:15 -0400] "GET /a-breakthrough-in-sports-and-blockchain-knnex-paves-the-way-with-innovative-experiences/ HTTP/1.1" 200 0 "-" "Python/3.10 aiohttp/3.10.5"
77.83.153.200 - - [15/Apr/2025:10:16:27 -0400] "GET /how-does-red-light-therapy-work/ HTTP/1.1" 200 0 "https://bakingsecurityin.com/how-does-red-light-therapy-work/#comment-10841/" "Mozilla/5.0 (Windows NT 10.0; Win64; x64) AppleWebKit/537.36 (KHTML, like Gecko) Chrome/131.0.0.0 Safari/537.36"
77.83.153.200 - - [15/Apr/2025:10:16:31 -0400] "GET / HTTP/1.1" 200 0 "https://bakingsecurityin.com/" "Mozilla/5.0 (Windows NT 10.0; Win64; x64) AppleWebKit/537.36 (KHTML, like Gecko) Chrome/131.0.0.0 Safari/537.36"
198.54.114.83 - - [15/Apr/2025:10:16:34 -0400] "POST /wp-cron.php?doing_wp_cron=1744726592.2138381004333496093750 HTTP/1.1" 200 0 "-" "WordPress/6.7.2; https://bakingsecurityin.com"
31.193.2.236 - - [15/Apr/2025:10:16:55 -0400] "GET /wp-login.php HTTP/1.1" 200 1737 "http://bakingsecurityin.com" "Mozilla/5.0 (Macintosh; Intel Mac OS X 10_15_7) AppleWebKit/537.36 (KHTML, like Gecko) Chrome/113.0.5672.93 Safari/537.36"
51.222.253.18 - - [15/Apr/2025:10:18:42 -0400] "GET /the-benefits-of-an-air-cooler/ HTTP/1.1" 200 0 "-" "Mozilla/5.0 (compatible; AhrefsBot/7.0; +http://ahrefs.com/robot/)"
198.54.114.83 - - [15/Apr/2025:10:18:48 -0400] "POST /wp-cron.php?doing_wp_cron=1744726726.6494541168212890625000 HTTP/1.1" 200 0 "-" "WordPress/6.7.2; https://bakingsecurityin.com"
119.28.3.194 - - [15/Apr/2025:10:20:02 -0400] "GET /take-your-business-to-the-next-level-with-strategic-planning/ HTTP/1.1" 200 0 "-" "Python/3.10 aiohttp/3.10.5"
198.54.114.83 - - [15/Apr/2025:10:20:08 -0400] "POST /wp-cron.php?doing_wp_cron=1744726803.1430470943450927734375 HTTP/1.1" 200 0 "-" "WordPress/6.7.2; https://bakingsecurityin.com"
51.222.253.18 - - [15/Apr/2025:10:21:25 -0400] "GET /transforming-customer-support-with-ai-how-vercel/ HTTP/1.1" 200 0 "-" "Mozilla/5.0 (compatible; AhrefsBot/7.0; +http://ahrefs.com/robot/)"
198.54.114.83 - - [15/Apr/2025:10:21:27 -0400] "POST /wp-cron.php?doing_wp_cron=1744726885.8936350345611572265625 HTTP/1.1" 200 0 "-" "WordPress/6.7.2; https://bakingsecurityin.com"
51.222.253.4 - - [15/Apr/2025:10:24:36 -0400] "GET /category/activity/page/84/ HTTP/1.1" 200 0 "-" "Mozilla/5.0 (compatible; AhrefsBot/7.0; +http://ahrefs.com/robot/)"
198.54.114.83 - - [15/Apr/2025:10:24:48 -0400] "POST /wp-cron.php?doing_wp_cron=1744727081.1595289707183837890625 HTTP/1.1" 200 0 "-" "WordPress/6.7.2; https://bakingsecurityin.com"
195.181.168.170 - - [15/Apr/2025:10:27:03 -0400] "POST /xmlrpc.php HTTP/1.1" 200 186 "-" "Mozilla/5.0 (Macintosh; Intel Mac OS X 12_5) AppleWebKit/537.36 (KHTML, like Gecko) Chrome/114.0.0.0 Safari/537.36 Edg/114.0.1264.71"
198.54.114.83 - - [15/Apr/2025:10:27:13 -0400] "POST /wp-cron.php?doing_wp_cron=1744727228.0192689895629882812500 HTTP/1.1" 200 0 "-" "WordPress/6.7.2; https://bakingsecurityin.com"
195.181.168.170 - - [15/Apr/2025:10:27:14 -0400] "POST /xmlrpc.php HTTP/1.1" 200 186 "-" "Mozilla/5.0 (Macintosh; Intel Mac OS X 12_5) AppleWebKit/537.36 (KHTML, like Gecko) Chrome/114.0.0.0 Safari/537.36 Edg/114.0.1264.71"
198.54.114.83 - - [15/Apr/2025:10:27:18 -0400] "POST /wp-admin/admin-ajax.php?action=async_litespeed&nonce=CbRpwDMugGiuxBL7l9st28wi3yTYlv9p&litespeed_type=imgoptm HTTP/1.1" 200 0 "-" "WordPress/6.7.2; https://bakingsecurityin.com"
195.181.168.170 - - [15/Apr/2025:10:27:19 -0400] "POST /xmlrpc.php HTTP/1.1" 200 186 "-" "Mozilla/5.0 (Macintosh; Intel Mac OS X 12_5) AppleWebKit/537.36 (KHTML, like Gecko) Chrome/114.0.0.0 Safari/537.36 Edg/114.0.1264.71"
195.181.168.170 - - [15/Apr/2025:10:27:25 -0400] "POST /xmlrpc.php HTTP/1.1" 200 186 "-" "Mozilla/5.0 (Macintosh; Intel Mac OS X 12_5) AppleWebKit/537.36 (KHTML, like Gecko) Chrome/114.0.0.0 Safari/537.36 Edg/114.0.1264.71"
51.222.253.12 - - [15/Apr/2025:10:27:28 -0400] "GET /a-buyers-guide-to-uk-cbd-gummies/feed/ HTTP/1.1" 200 412 "-" "Mozilla/5.0 (compatible; AhrefsBot/7.0; +http://ahrefs.com/robot/)"
67.223.118.141 - - [15/Apr/2025:10:29:35 -0400] "GET /wp-login.php HTTP/1.1" 200 1737 "http://bakingsecurityin.com" "Mozilla/5.0 (Windows NT 10.0; Win64; x64) AppleWebKit/537.36 (KHTML, like Gecko) Chrome/116.0.5845.96 Safari/537.36 Edg/116.0.1938.62"
51.222.253.9 - - [15/Apr/2025:10:30:14 -0400] "GET /page/92/ HTTP/1.1" 200 0 "-" "Mozilla/5.0 (compatible; AhrefsBot/7.0; +http://ahrefs.com/robot/)"
51.222.253.16 - - [15/Apr/2025:10:32:49 -0400] "GET /douches-italiennes-la-nouvelle-tendance-salle-de-bain/ HTTP/1.1" 200 0 "-" "Mozilla/5.0 (compatible; AhrefsBot/7.0; +http://ahrefs.com/robot/)"
198.54.114.83 - - [15/Apr/2025:10:32:54 -0400] "POST /wp-cron.php?doing_wp_cron=1744727572.7326169013977050781250 HTTP/1.1" 200 0 "-" "WordPress/6.7.2; https://bakingsecurityin.com"
129.226.119.118 - - [15/Apr/2025:10:33:02 -0400] "GET /finding-an-accredited-redken-beauty-school-in-san-jose-california/ HTTP/1.1" 200 0 "-" "Python/3.10 aiohttp/3.10.5"
51.222.253.1 - - [15/Apr/2025:10:35:26 -0400] "GET /category/activity/page/71/ HTTP/1.1" 200 0 "-" "Mozilla/5.0 (compatible; AhrefsBot/7.0; +http://ahrefs.com/robot/)"
198.54.114.83 - - [15/Apr/2025:10:35:32 -0400] "POST /wp-cron.php?doing_wp_cron=1744727730.3873860836029052734375 HTTP/1.1" 200 0 "-" "WordPress/6.7.2; https://bakingsecurityin.com"
51.222.253.19 - - [15/Apr/2025:10:38:15 -0400] "GET /buy-saves-tikik-to-boost-your-visibility-on-tiktok/ HTTP/1.1" 200 0 "-" "Mozilla/5.0 (compatible; AhrefsBot/7.0; +http://ahrefs.com/robot/)"
198.54.114.83 - - [15/Apr/2025:10:38:23 -0400] "POST /wp-cron.php?doing_wp_cron=1744727899.4245851039886474609375 HTTP/1.1" 200 0 "-" "WordPress/6.7.2; https://bakingsecurityin.com"
198.54.114.83 - - [15/Apr/2025:10:40:45 -0400] "POST /wp-cron.php?doing_wp_cron=1744728044.6570029258728027343750 HTTP/1.1" 200 0 "-" "WordPress/6.7.2; https://bakingsecurityin.com"
51.222.253.13 - - [15/Apr/2025:10:40:41 -0400] "GET /agriturismo-relais-chateaux-in-toscana/feed/ HTTP/1.1" 200 411 "-" "Mozilla/5.0 (compatible; AhrefsBot/7.0; +http://ahrefs.com/robot/)"
198.54.114.83 - - [15/Apr/2025:10:40:47 -0400] "POST /wp-admin/admin-ajax.php?action=async_litespeed&nonce=lq9z4ubR0s0iBaPEBUE0VemUi0k6R8Rh&litespeed_type=imgoptm HTTP/1.1" 200 0 "-" "WordPress/6.7.2; https://bakingsecurityin.com"
198.54.114.83 - - [15/Apr/2025:10:41:14 -0400] "POST /wp-cron.php?doing_wp_cron=1744728074.0454869270324707031250 HTTP/1.1" 200 0 "-" "WordPress/6.7.2; https://bakingsecurityin.com"
129.226.52.30 - - [15/Apr/2025:10:41:13 -0400] "GET /compare-moving-quotes-carefully/ HTTP/1.1" 200 0 "-" "Python/3.10 aiohttp/3.10.5"
198.54.114.83 - - [15/Apr/2025:10:41:16 -0400] "POST /wp-admin/admin-ajax.php?action=async_litespeed&nonce=PG8rnz31UGLPHRqXgUI6skbNCku0oqUm&litespeed_type=imgoptm HTTP/1.1" 200 0 "-" "WordPress/6.7.2; https://bakingsecurityin.com"
8.210.103.127 - - [15/Apr/2025:10:42:26 -0400] "GET /wp-login.php HTTP/1.1" 200 1737 "http://bakingsecurityin.com" "Mozilla/5.0 (Windows NT 10.0; Win64; x64) AppleWebKit/537.36 (KHTML, like Gecko) Chrome/112.0.5615.138 Safari/537.36 Edg/112.0.1722.68"
51.222.253.19 - - [15/Apr/2025:10:43:08 -0400] "GET /page/84/ HTTP/1.1" 200 0 "-" "Mozilla/5.0 (compatible; AhrefsBot/7.0; +http://ahrefs.com/robot/)"
198.54.114.83 - - [15/Apr/2025:10:43:26 -0400] "POST /wp-admin/admin-ajax.php?action=async_litespeed&nonce=5WuUbAzXWRoYDYP98cfSHsLKuMZM0nPf&litespeed_type=imgoptm HTTP/1.1" 200 0 "-" "WordPress/6.7.2; https://bakingsecurityin.com"
198.54.114.83 - - [15/Apr/2025:10:44:55 -0400] "POST /wp-cron.php?doing_wp_cron=1744728294.4724390506744384765625 HTTP/1.1" 200 0 "-" "WordPress/6.7.2; https://bakingsecurityin.com"
80.85.246.144 - - [15/Apr/2025:10:44:51 -0400] "GET / HTTP/1.1" 200 0 "-" "Mozilla/5.0 (Macintosh; Intel Mac OS X 10_15_7) AppleWebKit/537.36 (KHTML, like Gecko) Chrome/133.0.0.0 Safari/537.36"
198.54.114.83 - - [15/Apr/2025:10:44:56 -0400] "POST /wp-admin/admin-ajax.php?action=async_litespeed&nonce=gudIf1mbroWcKuEpNAOSUGhd0ZqbJtH7&litespeed_type=imgoptm HTTP/1.1" 200 0 "-" "WordPress/6.7.2; https://bakingsecurityin.com"
51.222.253.11 - - [15/Apr/2025:10:45:39 -0400] "GET /page/88/ HTTP/1.1" 200 0 "-" "Mozilla/5.0 (compatible; AhrefsBot/7.0; +http://ahrefs.com/robot/)"
198.54.114.83 - - [15/Apr/2025:10:48:01 -0400] "POST /wp-cron.php?doing_wp_cron=1744728479.3953890800476074218750 HTTP/1.1" 200 0 "-" "WordPress/6.7.2; https://bakingsecurityin.com"
51.222.253.18 - - [15/Apr/2025:10:47:56 -0400] "GET /clash-of-endor-the-most-recent-in-lego-star-wars-sets/feed/ HTTP/1.1" 304 0 "-" "Mozilla/5.0 (compatible; AhrefsBot/7.0; +http://ahrefs.com/robot/)"
198.54.114.83 - - [15/Apr/2025:10:48:04 -0400] "POST /wp-admin/admin-ajax.php?action=async_litespeed&nonce=6qIOXYk3UYV7XW6CQ12nIvw752gmp4Yj&litespeed_type=imgoptm HTTP/1.1" 200 0 "-" "WordPress/6.7.2; https://bakingsecurityin.com"
51.222.253.15 - - [15/Apr/2025:10:50:22 -0400] "GET /can-fenbendazole-be-used-as-a-cancer-treatment/ HTTP/1.1" 200 0 "-" "Mozilla/5.0 (compatible; AhrefsBot/7.0; +http://ahrefs.com/robot/)"
198.54.114.83 - - [15/Apr/2025:10:50:28 -0400] "POST /wp-cron.php?doing_wp_cron=1744728626.5452599525451660156250 HTTP/1.1" 200 0 "-" "WordPress/6.7.2; https://bakingsecurityin.com"
51.222.253.4 - - [15/Apr/2025:10:52:48 -0400] "GET /lose-fat-and-keep-it-off-for-good/ HTTP/1.1" 200 0 "-" "Mozilla/5.0 (compatible; AhrefsBot/7.0; +http://ahrefs.com/robot/)"
198.54.114.83 - - [15/Apr/2025:10:52:56 -0400] "POST /wp-cron.php?doing_wp_cron=1744728772.5625851154327392578125 HTTP/1.1" 200 0 "-" "WordPress/6.7.2; https://bakingsecurityin.com"
129.226.119.118 - - [15/Apr/2025:10:53:50 -0400] "GET /how-to-choose-an-led-screen-manufacturer/ HTTP/1.1" 200 0 "-" "Python/3.10 aiohttp/3.10.5"
51.222.253.12 - - [15/Apr/2025:10:55:24 -0400] "GET /career-change-strategies/feed/ HTTP/1.1" 304 0 "-" "Mozilla/5.0 (compatible; AhrefsBot/7.0; +http://ahrefs.com/robot/)"
90.156.142.52 - - [15/Apr/2025:10:55:26 -0400] "GET /wp-login.php HTTP/1.1" 200 1737 "http://bakingsecurityin.com" "Mozilla/5.0 (Macintosh; Intel Mac OS X 10_15_7) AppleWebKit/537.36 (KHTML, like Gecko) Chrome/112.0.5615.138 Safari/537.36"
136.243.228.193 - - [15/Apr/2025:10:58:10 -0400] "GET /a-breakthrough-in-sports-and-blockchain-knnex-paves-the-way-with-innovative-experiences/ HTTP/1.1" 200 0 "-" "Mozilla/5.0 (compatible; DataForSeoBot/1.0; +https://dataforseo.com/dataforseo-bot)"
51.222.253.6 - - [15/Apr/2025:10:58:20 -0400] "GET /buying-youtube-likes/ HTTP/1.1" 200 0 "-" "Mozilla/5.0 (compatible; AhrefsBot/7.0; +http://ahrefs.com/robot/)"
198.54.114.83 - - [15/Apr/2025:10:58:27 -0400] "POST /wp-cron.php?doing_wp_cron=1744729104.4628939628601074218750 HTTP/1.1" 200 0 "-" "WordPress/6.7.2; https://bakingsecurityin.com"
51.222.253.3 - - [15/Apr/2025:11:01:37 -0400] "GET /mens-hiking-boots-demystified/ HTTP/1.1" 200 0 "-" "Mozilla/5.0 (compatible; AhrefsBot/7.0; +http://ahrefs.com/robot/)"
198.54.114.83 - - [15/Apr/2025:11:01:46 -0400] "POST /wp-cron.php?doing_wp_cron=1744729302.8778629302978515625000 HTTP/1.1" 200 0 "-" "WordPress/6.7.2; https://bakingsecurityin.com"
150.109.45.190 - - [15/Apr/2025:11:01:52 -0400] "GET /the-versatility-of-diamond-burrs/ HTTP/1.1" 200 0 "-" "Python/3.10 aiohttp/3.10.5"
51.222.253.13 - - [15/Apr/2025:11:04:28 -0400] "GET /socks-with-logo-everything-you-need-to-know/ HTTP/1.1" 200 0 "-" "Mozilla/5.0 (compatible; AhrefsBot/7.0; +http://ahrefs.com/robot/)"
198.54.114.83 - - [15/Apr/2025:11:04:34 -0400] "POST /wp-cron.php?doing_wp_cron=1744729471.9178550243377685546875 HTTP/1.1" 200 0 "-" "WordPress/6.7.2; https://bakingsecurityin.com"
51.222.253.17 - - [15/Apr/2025:11:07:14 -0400] "GET /category/general/ HTTP/1.1" 200 0 "-" "Mozilla/5.0 (compatible; AhrefsBot/7.0; +http://ahrefs.com/robot/)"
198.54.114.83 - - [15/Apr/2025:11:07:19 -0400] "POST /wp-cron.php?doing_wp_cron=1744729637.7780408859252929687500 HTTP/1.1" 200 0 "-" "WordPress/6.7.2; https://bakingsecurityin.com"
129.226.162.39 - - [15/Apr/2025:11:07:58 -0400] "GET /how-to-prevent-thread-galling/ HTTP/1.1" 200 0 "-" "Python/3.10 aiohttp/3.10.5"
68.65.122.96 - - [15/Apr/2025:11:08:22 -0400] "GET /wp-login.php HTTP/1.1" 200 1737 "http://bakingsecurityin.com" "Mozilla/5.0 (Macintosh; Intel Mac OS X 10_15_7; rv:127.0) Gecko/20100101 Firefox/127.0"
51.222.253.14 - - [15/Apr/2025:11:10:06 -0400] "GET /boosting-your-small-business-with-effective-online-marketing/ HTTP/1.1" 200 0 "-" "Mozilla/5.0 (compatible; AhrefsBot/7.0; +http://ahrefs.com/robot/)"
198.54.114.83 - - [15/Apr/2025:11:10:12 -0400] "POST /wp-cron.php?doing_wp_cron=1744729810.1280200481414794921875 HTTP/1.1" 200 0 "-" "WordPress/6.7.2; https://bakingsecurityin.com"
51.222.253.18 - - [15/Apr/2025:11:13:02 -0400] "GET /ice-breaker-questions-for-kids-2/ HTTP/1.1" 200 0 "-" "Mozilla/5.0 (compatible; AhrefsBot/7.0; +http://ahrefs.com/robot/)"
198.54.114.83 - - [15/Apr/2025:11:13:07 -0400] "POST /wp-cron.php?doing_wp_cron=1744729986.0906510353088378906250 HTTP/1.1" 200 0 "-" "WordPress/6.7.2; https://bakingsecurityin.com"
51.222.253.3 - - [15/Apr/2025:11:16:02 -0400] "GET /is-it-legal-to-buy-cbd-in-the-uk/ HTTP/1.1" 200 0 "-" "Mozilla/5.0 (compatible; AhrefsBot/7.0; +http://ahrefs.com/robot/)"
198.54.114.83 - - [15/Apr/2025:11:16:09 -0400] "POST /wp-cron.php?doing_wp_cron=1744730166.1481969356536865234375 HTTP/1.1" 200 0 "-" "WordPress/6.7.2; https://bakingsecurityin.com"
129.226.49.139 - - [15/Apr/2025:11:16:26 -0400] "GET /tips-for-buying-a-porsche-for-sale/ HTTP/1.1" 200 0 "-" "Python/3.10 aiohttp/3.10.5"
51.222.253.10 - - [15/Apr/2025:11:18:37 -0400] "GET /screw-sizes-what-you-need-to-know/ HTTP/1.1" 200 0 "-" "Mozilla/5.0 (compatible; AhrefsBot/7.0; +http://ahrefs.com/robot/)"
198.54.114.83 - - [15/Apr/2025:11:18:42 -0400] "POST /wp-cron.php?doing_wp_cron=1744730320.4416520595550537109375 HTTP/1.1" 200 0 "-" "WordPress/6.7.2; https://bakingsecurityin.com"
8.210.8.206 - - [15/Apr/2025:11:20:49 -0400] "GET /post-sitemap2.xml HTTP/1.1" 404 0 "-" "Mozilla/5.0 (Macintosh; Intel Mac OS X 10_15_7) AppleWebKit/537.36 (KHTML, like Gecko) Chrome/109.0.0.0 Safari/537.36"
198.54.114.83 - - [15/Apr/2025:11:20:54 -0400] "POST /wp-cron.php?doing_wp_cron=1744730451.8093400001525878906250 HTTP/1.1" 200 0 "-" "WordPress/6.7.2; https://bakingsecurityin.com"
198.54.114.83 - - [15/Apr/2025:11:20:57 -0400] "POST /wp-admin/admin-ajax.php?action=async_litespeed&nonce=YuKeAHorhzrfBhRYdSr20Y8SK8eF6iL9&litespeed_type=imgoptm HTTP/1.1" 200 0 "-" "WordPress/6.7.2; https://bakingsecurityin.com"
51.222.253.7 - - [15/Apr/2025:11:21:04 -0400] "GET /category/activity/page/86/ HTTP/1.1" 200 0 "-" "Mozilla/5.0 (compatible; AhrefsBot/7.0; +http://ahrefs.com/robot/)"
78.155.192.110 - - [15/Apr/2025:11:21:23 -0400] "GET /wp-login.php HTTP/1.1" 200 1737 "http://bakingsecurityin.com" "Mozilla/5.0 (Macintosh; Intel Mac OS X 13.3; rv:126.0) Gecko/20100101 Firefox/126.0"
85.208.98.24 - - [15/Apr/2025:11:23:06 -0400] "GET /food-ingredients-first-natural-colors/ HTTP/1.1" 200 0 "-" "Mozilla/5.0 (compatible; SemrushBot-BA; +http://www.semrush.com/bot.html)"
51.222.253.1 - - [15/Apr/2025:11:23:54 -0400] "GET /category/activity/page/70/ HTTP/1.1" 200 0 "-" "Mozilla/5.0 (compatible; AhrefsBot/7.0; +http://ahrefs.com/robot/)"
150.109.58.248 - - [15/Apr/2025:11:23:56 -0400] "GET /how-to-choose-a-belt-cutting-machine/ HTTP/1.1" 200 0 "-" "Python/3.10 aiohttp/3.10.5"
198.54.114.83 - - [15/Apr/2025:11:24:01 -0400] "POST /wp-cron.php?doing_wp_cron=1744730637.3031220436096191406250 HTTP/1.1" 200 0 "-" "WordPress/6.7.2; https://bakingsecurityin.com"
101.32.12.10 - - [15/Apr/2025:11:25:33 -0400] "GET /the-mediation-process/ HTTP/1.1" 200 0 "-" "Python/3.10 aiohttp/3.10.5"
198.54.114.83 - - [15/Apr/2025:11:25:40 -0400] "POST /wp-cron.php?doing_wp_cron=1744730735.7602920532226562500000 HTTP/1.1" 200 0 "-" "WordPress/6.7.2; https://bakingsecurityin.com"
51.222.253.18 - - [15/Apr/2025:11:26:50 -0400] "GET /the-lifespan-of-a-baked-bar/feed/ HTTP/1.1" 200 397 "-" "Mozilla/5.0 (compatible; AhrefsBot/7.0; +http://ahrefs.com/robot/)"
198.54.114.83 - - [15/Apr/2025:11:26:52 -0400] "POST /wp-cron.php?doing_wp_cron=1744730811.0361979007720947265625 HTTP/1.1" 200 0 "-" "WordPress/6.7.2; https://bakingsecurityin.com"
198.54.114.83 - - [15/Apr/2025:11:26:55 -0400] "POST /wp-admin/admin-ajax.php?action=async_litespeed&nonce=Mxw21UdhI9u6ITuNfmE0xUwCcpNxUR5j&litespeed_type=imgoptm HTTP/1.1" 200 0 "-" "WordPress/6.7.2; https://bakingsecurityin.com"
43.154.191.216 - - [15/Apr/2025:11:28:51 -0400] "GET /water-soluble-bag-manufacturers/ HTTP/1.1" 200 0 "-" "Python/3.10 aiohttp/3.10.5"
198.54.114.83 - - [15/Apr/2025:11:28:58 -0400] "POST /wp-cron.php?doing_wp_cron=1744730935.5436980724334716796875 HTTP/1.1" 200 0 "-" "WordPress/6.7.2; https://bakingsecurityin.com"
51.222.253.13 - - [15/Apr/2025:11:29:52 -0400] "GET /how-to-get-the-best-home-care-in-toronto/feed/ HTTP/1.1" 304 0 "-" "Mozilla/5.0 (compatible; AhrefsBot/7.0; +http://ahrefs.com/robot/)"
51.222.253.1 - - [15/Apr/2025:11:32:46 -0400] "GET /how-to-tell-if-your-heat-pump-needs-repair/feed/ HTTP/1.1" 304 0 "-" "Mozilla/5.0 (compatible; AhrefsBot/7.0; +http://ahrefs.com/robot/)"
198.54.114.83 - - [15/Apr/2025:11:32:51 -0400] "POST /wp-cron.php?doing_wp_cron=1744731169.7680950164794921875000 HTTP/1.1" 200 0 "-" "WordPress/6.7.2; https://bakingsecurityin.com"
3.137.168.234 - - [15/Apr/2025:11:34:08 -0400] "GET /robots.txt HTTP/1.1" 200 98 "-" "Mozilla/5.0 AppleWebKit/537.36 (KHTML, like Gecko; compatible; ClaudeBot/1.0; +claudebot@anthropic.com)"
3.137.168.234 - - [15/Apr/2025:11:34:12 -0400] "GET /gourde-personnalisee-un-classique-en-matiere-de-cadeaux-publicitaires HTTP/1.1" 301 0 "-" "Mozilla/5.0 AppleWebKit/537.36 (KHTML, like Gecko; compatible; ClaudeBot/1.0; +claudebot@anthropic.com)"
3.137.168.234 - - [15/Apr/2025:11:34:15 -0400] "GET /gourde-personnalisee-un-classique-en-matiere-de-cadeaux-publicitaires/ HTTP/1.1" 200 0 "https://bakingsecurityin.com/gourde-personnalisee-un-classique-en-matiere-de-cadeaux-publicitaires" "Mozilla/5.0 AppleWebKit/537.36 (KHTML, like Gecko; compatible; ClaudeBot/1.0; +claudebot@anthropic.com)"
51.222.253.15 - - [15/Apr/2025:11:35:19 -0400] "GET /page/56/ HTTP/1.1" 200 0 "-" "Mozilla/5.0 (compatible; AhrefsBot/7.0; +http://ahrefs.com/robot/)"
198.54.114.83 - - [15/Apr/2025:11:35:23 -0400] "POST /wp-cron.php?doing_wp_cron=1744731319.8167159557342529296875 HTTP/1.1" 200 0 "-" "WordPress/6.7.2; https://bakingsecurityin.com"
129.226.49.42 - - [15/Apr/2025:11:35:39 -0400] "GET /reusable-iced-coffee-cups/ HTTP/1.1" 200 0 "-" "Python/3.10 aiohttp/3.10.5"
58.254.68.125 - - [15/Apr/2025:11:36:19 -0400] "GET /les-pantoufles-sont-populaires-partout-dans-le-monde/ HTTP/1.1" 301 0 "https://bakingsecurityin.com" "Mozilla/5.0 (Windows NT 10.0; Win64; x64) AppleWebKit/537.36 (KHTML, like Gecko) Chrome/62.0.3202.94 Safari/537.36"
51.222.253.18 - - [15/Apr/2025:11:38:41 -0400] "GET /category/activity/page/38/ HTTP/1.1" 200 0 "-" "Mozilla/5.0 (compatible; AhrefsBot/7.0; +http://ahrefs.com/robot/)"
198.54.114.83 - - [15/Apr/2025:11:38:50 -0400] "POST /wp-cron.php?doing_wp_cron=1744731525.5709989070892333984375 HTTP/1.1" 200 0 "-" "WordPress/6.7.2; https://bakingsecurityin.com"
198.54.114.83 - - [15/Apr/2025:11:41:15 -0400] "POST /wp-cron.php?doing_wp_cron=1744731673.3380939960479736328125 HTTP/1.1" 200 0 "-" "WordPress/6.7.2; https://bakingsecurityin.com"
51.222.253.10 - - [15/Apr/2025:11:41:10 -0400] "GET /page/78/ HTTP/1.1" 200 0 "-" "Mozilla/5.0 (compatible; AhrefsBot/7.0; +http://ahrefs.com/robot/)"
198.54.114.83 - - [15/Apr/2025:11:41:16 -0400] "POST /wp-admin/admin-ajax.php?action=async_litespeed&nonce=f9COsZkHWEWTTBgbTzRKtwj8LwD640eG&litespeed_type=imgoptm HTTP/1.1" 200 0 "-" "WordPress/6.7.2; https://bakingsecurityin.com"
101.32.39.34 - - [15/Apr/2025:11:42:57 -0400] "GET /cycling-gifts-to-show-your-loved-one-how-much-you-care/ HTTP/1.1" 200 0 "-" "Python/3.10 aiohttp/3.10.5"
101.32.39.34 - - [15/Apr/2025:11:42:57 -0400] "GET /get-the-right-commercial-refrigerator-for-your-new-restaurant/ HTTP/1.1" 200 0 "-" "Python/3.10 aiohttp/3.10.5"
198.54.114.83 - - [15/Apr/2025:11:43:01 -0400] "POST /wp-cron.php?doing_wp_cron=1744731779.5897789001464843750000 HTTP/1.1" 200 0 "-" "WordPress/6.7.2; https://bakingsecurityin.com"
51.222.253.12 - - [15/Apr/2025:11:43:34 -0400] "GET /what-can-cbd-oil-do-for-you/feed/ HTTP/1.1" 304 0 "-" "Mozilla/5.0 (compatible; AhrefsBot/7.0; +http://ahrefs.com/robot/)"
129.226.162.39 - - [15/Apr/2025:11:43:45 -0400] "GET /buying-youtube-likes/ HTTP/1.1" 200 0 "-" "Python/3.10 aiohttp/3.10.5"
198.54.114.83 - - [15/Apr/2025:11:44:33 -0400] "POST /wp-cron.php?doing_wp_cron=1744731872.9971740245819091796875 HTTP/1.1" 200 0 "-" "WordPress/6.7.2; https://bakingsecurityin.com"
136.243.228.193 - - [15/Apr/2025:11:44:32 -0400] "GET /how-to-use-kratom/ HTTP/1.1" 200 0 "-" "Mozilla/5.0 (compatible; DataForSeoBot/1.0; +https://dataforseo.com/dataforseo-bot)"
198.54.114.83 - - [15/Apr/2025:11:44:36 -0400] "POST /wp-admin/admin-ajax.php?action=async_litespeed&nonce=jFYa85JxKozQXzrX0GmzYVo0iYDqpI1y&litespeed_type=imgoptm HTTP/1.1" 200 0 "-" "WordPress/6.7.2; https://bakingsecurityin.com"
119.28.52.89 - - [15/Apr/2025:11:45:26 -0400] "GET /top-10-cheapest-smm-panel/ HTTP/1.1" 200 0 "-" "Python/3.10 aiohttp/3.10.5"
51.222.253.16 - - [15/Apr/2025:11:46:08 -0400] "GET /how-to-compare-moving-companies/ HTTP/1.1" 200 0 "-" "Mozilla/5.0 (compatible; AhrefsBot/7.0; +http://ahrefs.com/robot/)"
198.54.114.83 - - [15/Apr/2025:11:46:12 -0400] "POST /wp-cron.php?doing_wp_cron=1744731971.0160930156707763671875 HTTP/1.1" 200 0 "-" "WordPress/6.7.2; https://bakingsecurityin.com"
162.0.235.8 - - [15/Apr/2025:11:47:01 -0400] "GET /wp-login.php HTTP/1.1" 200 1737 "http://bakingsecurityin.com" "Mozilla/5.0 (Windows NT 11.0; Win64; x64; rv:126.0) Gecko/20100101 Firefox/126.0"
119.28.52.118 - - [15/Apr/2025:11:47:52 -0400] "GET /what-you-should-know-about-wholesale-tungsten-carbide-rings/ HTTP/1.1" 200 0 "-" "Python/3.10 aiohttp/3.10.5"
198.54.114.83 - - [15/Apr/2025:11:47:56 -0400] "POST /wp-cron.php?doing_wp_cron=1744732072.4349000453948974609375 HTTP/1.1" 200 0 "-" "WordPress/6.7.2; https://bakingsecurityin.com"
51.222.253.5 - - [15/Apr/2025:11:48:20 -0400] "GET /ekg-machines-whats-in-store-from-a-test/feed/ HTTP/1.1" 200 425 "-" "Mozilla/5.0 (compatible; AhrefsBot/7.0; +http://ahrefs.com/robot/)"
198.54.114.83 - - [15/Apr/2025:11:50:44 -0400] "POST /wp-cron.php?doing_wp_cron=1744732242.5776779651641845703125 HTTP/1.1" 200 0 "-" "WordPress/6.7.2; https://bakingsecurityin.com"
51.222.253.3 - - [15/Apr/2025:11:50:39 -0400] "GET /category/activity/page/89/ HTTP/1.1" 200 0 "-" "Mozilla/5.0 (compatible; AhrefsBot/7.0; +http://ahrefs.com/robot/)"
43.129.84.140 - - [15/Apr/2025:11:50:45 -0400] "GET /custom-stirrup-socks/ HTTP/1.1" 200 0 "-" "Python/3.10 aiohttp/3.10.5"
198.54.114.83 - - [15/Apr/2025:11:50:47 -0400] "POST /wp-admin/admin-ajax.php?action=async_litespeed&nonce=t2LRiGmDEekJl8hu5SKNHbUbna4EBTEE&litespeed_type=imgoptm HTTP/1.1" 200 0 "-" "WordPress/6.7.2; https://bakingsecurityin.com"
101.32.51.206 - - [15/Apr/2025:11:52:22 -0400] "GET /is-it-legal-to-buy-cbd-in-the-uk/ HTTP/1.1" 200 0 "-" "Python/3.10 aiohttp/3.10.5"
