198.54.114.83 - - [16/Apr/2025:07:33:13 -0400] "POST /wp-cron.php?doing_wp_cron=1744803190.6264131069183349609375 HTTP/1.1" 200 0 "-" "WordPress/6.7.2; https://bakingsecurityin.com"
198.54.114.83 - - [16/Apr/2025:07:35:03 -0400] "POST /wp-admin/admin-ajax.php?action=async_litespeed&nonce=HItGDIP7w2kMQw7t3YDtBLiBsSVvTsZW&litespeed_type=imgoptm HTTP/1.1" 200 0 "-" "WordPress/6.7.2; https://bakingsecurityin.com"
27.42.99.97 - - [16/Apr/2025:07:35:18 -0400] "GET /les-pantoufles-sont-populaires-partout-dans-le-monde/ HTTP/1.1" 301 0 "https://bakingsecurityin.com" "Mozilla/5.0 (Windows NT 10.0; Win64; x64) AppleWebKit/537.36 (KHTML, like Gecko) Chrome/62.0.3202.94 Safari/537.36"
27.42.99.97 - - [16/Apr/2025:07:35:25 -0400] "GET /pantoufle-de-dinosaure/ HTTP/1.1" 200 0 "https://bakingsecurityin.com" "Mozilla/5.0 (Windows NT 10.0; Win64; x64) AppleWebKit/537.36 (KHTML, like Gecko) Chrome/62.0.3202.94 Safari/537.36"
51.222.253.11 - - [16/Apr/2025:07:35:41 -0400] "GET /ev-charging-modes/feed/ HTTP/1.1" 304 0 "-" "Mozilla/5.0 (compatible; AhrefsBot/7.0; +http://ahrefs.com/robot/)"
198.54.114.83 - - [16/Apr/2025:07:35:44 -0400] "POST /wp-cron.php?doing_wp_cron=1744803341.6485970020294189453125 HTTP/1.1" 200 0 "-" "WordPress/6.7.2; https://bakingsecurityin.com"
51.222.253.14 - - [16/Apr/2025:07:38:12 -0400] "GET /custom-fuzzy-socks-bulk-2/ HTTP/1.1" 200 0 "-" "Mozilla/5.0 (compatible; AhrefsBot/7.0; +http://ahrefs.com/robot/)"
198.54.114.83 - - [16/Apr/2025:07:38:19 -0400] "POST /wp-cron.php?doing_wp_cron=1744803496.5256340503692626953125 HTTP/1.1" 200 0 "-" "WordPress/6.7.2; https://bakingsecurityin.com"
51.222.253.4 - - [16/Apr/2025:07:40:40 -0400] "GET /how-to-use-the-proximity-properly/ HTTP/1.1" 200 0 "-" "Mozilla/5.0 (compatible; AhrefsBot/7.0; +http://ahrefs.com/robot/)"
198.54.114.83 - - [16/Apr/2025:07:40:46 -0400] "POST /wp-cron.php?doing_wp_cron=1744803643.8374009132385253906250 HTTP/1.1" 200 0 "-" "WordPress/6.7.2; https://bakingsecurityin.com"
43.159.128.247 - - [16/Apr/2025:07:41:29 -0400] "GET /gitarrenunterricht-in-dusseldorf-fur-alle-niveaus/ HTTP/1.1" 200 0 "-" "Mozilla/5.0 (iPhone; CPU iPhone OS 13_2_3 like Mac OS X) AppleWebKit/605.1.15 (KHTML, like Gecko) Version/13.0.3 Mobile/15E148 Safari/604.1"
129.226.112.194 - - [16/Apr/2025:07:41:36 -0400] "GET /how-to-make-someone-obsessed-with-you-with-a-love-obsession-spell/ HTTP/1.1" 200 0 "-" "Python/3.10 aiohttp/3.10.5"
198.54.114.83 - - [16/Apr/2025:07:43:14 -0400] "POST /wp-cron.php?doing_wp_cron=1744803793.8773028850555419921875 HTTP/1.1" 200 0 "-" "WordPress/6.7.2; https://bakingsecurityin.com"
51.222.253.17 - - [16/Apr/2025:07:43:09 -0400] "GET /interior-design-services-yaletown/ HTTP/1.1" 200 0 "-" "Mozilla/5.0 (compatible; AhrefsBot/7.0; +http://ahrefs.com/robot/)"
198.54.114.83 - - [16/Apr/2025:07:43:16 -0400] "POST /wp-admin/admin-ajax.php?action=async_litespeed&nonce=cAfuii8mvbt6PkAxrVc6lJIAqcUNyN1U&litespeed_type=imgoptm HTTP/1.1" 200 0 "-" "WordPress/6.7.2; https://bakingsecurityin.com"
136.243.228.193 - - [16/Apr/2025:07:44:53 -0400] "GET /painting-babys-room-creative-ideas-for-painting-a-baby-nursery/ HTTP/1.1" 200 0 "-" "Mozilla/5.0 (compatible; DataForSeoBot/1.0; +https://dataforseo.com/dataforseo-bot)"
198.54.114.83 - - [16/Apr/2025:07:45:00 -0400] "POST /wp-cron.php?doing_wp_cron=1744803897.1633720397949218750000 HTTP/1.1" 200 0 "-" "WordPress/6.7.2; https://bakingsecurityin.com"
51.222.253.18 - - [16/Apr/2025:07:45:20 -0400] "GET /water-soluble-film-packaging-machine/feed/ HTTP/1.1" 200 407 "-" "Mozilla/5.0 (compatible; AhrefsBot/7.0; +http://ahrefs.com/robot/)"
198.54.114.83 - - [16/Apr/2025:07:47:45 -0400] "POST /wp-cron.php?doing_wp_cron=1744804064.0441429615020751953125 HTTP/1.1" 200 0 "-" "WordPress/6.7.2; https://bakingsecurityin.com"
51.222.253.10 - - [16/Apr/2025:07:47:40 -0400] "GET /budget-challenges-and-medical-solutions-for-rural-healthcare/ HTTP/1.1" 200 0 "-" "Mozilla/5.0 (compatible; AhrefsBot/7.0; +http://ahrefs.com/robot/)"
198.54.114.83 - - [16/Apr/2025:07:47:46 -0400] "POST /wp-admin/admin-ajax.php?action=async_litespeed&nonce=pGsUTcerLWviXh3hSWc004HHDZA6SShJ&litespeed_type=imgoptm HTTP/1.1" 200 0 "-" "WordPress/6.7.2; https://bakingsecurityin.com"
185.191.171.9 - - [16/Apr/2025:07:48:58 -0400] "GET /how-does-red-light-therapy-work/ HTTP/1.1" 200 0 "-" "Mozilla/5.0 (compatible; SemrushBot/7~bl; +http://www.semrush.com/bot.html)"
185.191.171.9 - - [16/Apr/2025:07:49:25 -0400] "GET /can-fenbendazole-be-used-as-a-cancer-treatment/ HTTP/1.1" 200 0 "-" "Mozilla/5.0 (compatible; SemrushBot/7~bl; +http://www.semrush.com/bot.html)"
198.54.114.83 - - [16/Apr/2025:07:49:31 -0400] "POST /wp-cron.php?doing_wp_cron=1744804168.9723100662231445312500 HTTP/1.1" 200 0 "-" "WordPress/6.7.2; https://bakingsecurityin.com"
198.54.114.83 - - [16/Apr/2025:07:49:34 -0400] "POST /wp-admin/admin-ajax.php?action=async_litespeed&nonce=b5bXYQ7jGWvV27TS9upHcqi9cbMf8Dw7&litespeed_type=imgoptm HTTP/1.1" 200 0 "-" "WordPress/6.7.2; https://bakingsecurityin.com"
51.222.253.5 - - [16/Apr/2025:07:50:05 -0400] "GET /disappearing-act-the-complete-guide-to-deleting-your-instagram-account/feed/ HTTP/1.1" 200 441 "-" "Mozilla/5.0 (compatible; AhrefsBot/7.0; +http://ahrefs.com/robot/)"
51.222.253.6 - - [16/Apr/2025:07:52:18 -0400] "GET /brillez-avec-un-pack-argent-electrisant/feed/ HTTP/1.1" 304 0 "-" "Mozilla/5.0 (compatible; AhrefsBot/7.0; +http://ahrefs.com/robot/)"
198.54.114.83 - - [16/Apr/2025:07:52:23 -0400] "POST /wp-cron.php?doing_wp_cron=1744804341.8273780345916748046875 HTTP/1.1" 200 0 "-" "WordPress/6.7.2; https://bakingsecurityin.com"
43.154.109.7 - - [16/Apr/2025:07:52:27 -0400] "GET /what-is-dry-needling-canton/ HTTP/1.1" 200 0 "-" "Python/3.10 aiohttp/3.10.5"
51.222.253.2 - - [16/Apr/2025:07:54:36 -0400] "GET /what-are-the-benefits-of-mindfulness/feed/ HTTP/1.1" 200 404 "-" "Mozilla/5.0 (compatible; AhrefsBot/7.0; +http://ahrefs.com/robot/)"
198.54.114.83 - - [16/Apr/2025:07:54:43 -0400] "POST /wp-cron.php?doing_wp_cron=1744804480.2689490318298339843750 HTTP/1.1" 200 0 "-" "WordPress/6.7.2; https://bakingsecurityin.com"
198.54.114.83 - - [16/Apr/2025:07:56:48 -0400] "POST /wp-cron.php?doing_wp_cron=1744804607.1577870845794677734375 HTTP/1.1" 200 0 "-" "WordPress/6.7.2; https://bakingsecurityin.com"
51.222.253.19 - - [16/Apr/2025:07:56:46 -0400] "GET /pinetree-hill-real-estate/ HTTP/1.1" 200 0 "-" "Mozilla/5.0 (compatible; AhrefsBot/7.0; +http://ahrefs.com/robot/)"
198.54.114.83 - - [16/Apr/2025:07:56:50 -0400] "POST /wp-admin/admin-ajax.php?action=async_litespeed&nonce=TMtHy9izUnPFf2go7bOLCvXsnGXZD7YH&litespeed_type=imgoptm HTTP/1.1" 200 0 "-" "WordPress/6.7.2; https://bakingsecurityin.com"
119.28.2.109 - - [16/Apr/2025:07:58:36 -0400] "GET /how-to-get-a-free-cavity-wall-insulation-grant/ HTTP/1.1" 200 0 "-" "Python/3.10 aiohttp/3.10.5"
198.54.114.83 - - [16/Apr/2025:07:58:43 -0400] "POST /wp-cron.php?doing_wp_cron=1744804720.9016718864440917968750 HTTP/1.1" 200 0 "-" "WordPress/6.7.2; https://bakingsecurityin.com"
51.222.253.15 - - [16/Apr/2025:07:59:17 -0400] "GET /youtube-downloader-free-what-are-the-best-youtube-downloader-free-alternatives/feed/ HTTP/1.1" 200 436 "-" "Mozilla/5.0 (compatible; AhrefsBot/7.0; +http://ahrefs.com/robot/)"
47.238.13.11 - - [16/Apr/2025:08:01:06 -0400] "GET /post-sitemap2.xml HTTP/1.1" 404 0 "-" "Mozilla/5.0 (Macintosh; Intel Mac OS X 10_15_7) AppleWebKit/537.36 (KHTML, like Gecko) Chrome/109.0.0.0 Safari/537.36"
198.54.114.83 - - [16/Apr/2025:08:01:12 -0400] "POST /wp-cron.php?doing_wp_cron=1744804869.8668510913848876953125 HTTP/1.1" 200 0 "-" "WordPress/6.7.2; https://bakingsecurityin.com"
51.222.253.14 - - [16/Apr/2025:08:01:40 -0400] "GET /lilo-and-stitch-merchandise/ HTTP/1.1" 200 0 "-" "Mozilla/5.0 (compatible; AhrefsBot/7.0; +http://ahrefs.com/robot/)"
101.32.26.19 - - [16/Apr/2025:08:01:44 -0400] "GET /gambling-and-sociodemographic-factors/ HTTP/1.1" 200 0 "-" "Python/3.10 aiohttp/3.10.5"
65.21.113.246 - - [16/Apr/2025:08:02:44 -0400] "GET /robots.txt HTTP/1.1" 200 98 "-" "Mozilla/5.0 (compatible; AwarioBot/1.0; +https://awario.com/bots.html)"
65.21.113.246 - - [16/Apr/2025:08:02:47 -0400] "GET /charaktere-von-pokemon/ HTTP/1.1" 200 0 "-" "Mozilla/5.0 (compatible; AwarioBot/1.0; +https://awario.com/bots.html)"
65.21.113.246 - - [16/Apr/2025:08:02:47 -0400] "GET /10-bienfaits-de-la-chlorelle-detoxifiez-votre-corps-et-votre-foie-avec-la-chlorelle/ HTTP/1.1" 200 0 "-" "Mozilla/5.0 (compatible; AwarioBot/1.0; +https://awario.com/bots.html)"
198.54.114.83 - - [16/Apr/2025:08:02:51 -0400] "POST /wp-cron.php?doing_wp_cron=1744804968.2825260162353515625000 HTTP/1.1" 200 0 "-" "WordPress/6.7.2; https://bakingsecurityin.com"
198.54.114.83 - - [16/Apr/2025:08:02:51 -0400] "POST /wp-cron.php?doing_wp_cron=1744804968.2830040454864501953125 HTTP/1.1" 200 0 "-" "WordPress/6.7.2; https://bakingsecurityin.com"
65.21.113.246 - - [16/Apr/2025:08:02:55 -0400] "GET /cheap-banners-are-a-great-way-to-advertise/ HTTP/1.1" 200 0 "-" "Mozilla/5.0 (compatible; AwarioBot/1.0; +https://awario.com/bots.html)"
65.21.113.246 - - [16/Apr/2025:08:02:55 -0400] "GET /10-things-you-should-know-before-shipping-your-car-overseas/ HTTP/1.1" 200 0 "-" "Mozilla/5.0 (compatible; AwarioBot/1.0; +https://awario.com/bots.html)"
65.21.113.246 - - [16/Apr/2025:08:03:00 -0400] "GET /cheap-boat-rental-tulum/ HTTP/1.1" 200 0 "-" "Mozilla/5.0 (compatible; AwarioBot/1.0; +https://awario.com/bots.html)"
65.21.113.246 - - [16/Apr/2025:08:03:03 -0400] "GET /14-free-things-to-do-in-branson-missouri-and-still-have-fun/ HTTP/1.1" 200 0 "-" "Mozilla/5.0 (compatible; AwarioBot/1.0; +https://awario.com/bots.html)"
65.21.113.246 - - [16/Apr/2025:08:03:07 -0400] "GET /china-adhesive-manufacturers/ HTTP/1.1" 200 0 "-" "Mozilla/5.0 (compatible; AwarioBot/1.0; +https://awario.com/bots.html)"
65.21.113.246 - - [16/Apr/2025:08:03:12 -0400] "GET /1st-anniversary-gifts/ HTTP/1.1" 200 0 "-" "Mozilla/5.0 (compatible; AwarioBot/1.0; +https://awario.com/bots.html)"
65.21.113.246 - - [16/Apr/2025:08:03:12 -0400] "GET /choisir-une-agence-web/ HTTP/1.1" 200 0 "-" "Mozilla/5.0 (compatible; AwarioBot/1.0; +https://awario.com/bots.html)"
65.21.113.246 - - [16/Apr/2025:08:03:16 -0400] "GET /choosing-a-camper-refrigerator/ HTTP/1.1" 200 0 "-" "Mozilla/5.0 (compatible; AwarioBot/1.0; +https://awario.com/bots.html)"
65.21.113.246 - - [16/Apr/2025:08:03:16 -0400] "GET /1xbet-un-eventail-de-possibilites-dans-le-monde-des-paris-sportifs/ HTTP/1.1" 200 0 "-" "Mozilla/5.0 (compatible; AwarioBot/1.0; +https://awario.com/bots.html)"
65.21.113.246 - - [16/Apr/2025:08:03:20 -0400] "GET /3-approaches-to-totally-make-use-of-your-conservatory-through-the-times-of-the-year/ HTTP/1.1" 200 0 "-" "Mozilla/5.0 (compatible; AwarioBot/1.0; +https://awario.com/bots.html)"
65.21.113.246 - - [16/Apr/2025:08:03:24 -0400] "GET /choosing-a-cnc-milling-parts-supplier/ HTTP/1.1" 200 0 "-" "Mozilla/5.0 (compatible; AwarioBot/1.0; +https://awario.com/bots.html)"
65.21.113.246 - - [16/Apr/2025:08:03:28 -0400] "GET /3-easy-ways-to-get-more-views-to-your-youtube-videos/ HTTP/1.1" 200 0 "-" "Mozilla/5.0 (compatible; AwarioBot/1.0; +https://awario.com/bots.html)"
65.21.113.246 - - [16/Apr/2025:08:03:29 -0400] "GET /choosing-a-digital-marketing-company/ HTTP/1.1" 200 0 "-" "Mozilla/5.0 (compatible; AwarioBot/1.0; +https://awario.com/bots.html)"
65.21.113.246 - - [16/Apr/2025:08:03:33 -0400] "GET /5-benefits-of-measurement-based-care-for-behavioral-health/ HTTP/1.1" 200 0 "-" "Mozilla/5.0 (compatible; AwarioBot/1.0; +https://awario.com/bots.html)"
65.21.113.246 - - [16/Apr/2025:08:03:37 -0400] "GET /choosing-a-fire-pump-manufacturer/ HTTP/1.1" 200 0 "-" "Mozilla/5.0 (compatible; AwarioBot/1.0; +https://awario.com/bots.html)"
65.21.113.246 - - [16/Apr/2025:08:03:43 -0400] "GET /5-fitness-coach-apps-for-busy-people/ HTTP/1.1" 200 0 "-" "Mozilla/5.0 (compatible; AwarioBot/1.0; +https://awario.com/bots.html)"
65.21.113.246 - - [16/Apr/2025:08:03:43 -0400] "GET /choosing-a-hair-straightening-machine/ HTTP/1.1" 200 0 "-" "Mozilla/5.0 (compatible; AwarioBot/1.0; +https://awario.com/bots.html)"
65.21.113.246 - - [16/Apr/2025:08:03:48 -0400] "GET /5-key-features-to-look-for-in-a-womans-cosmetic-bag/ HTTP/1.1" 200 0 "-" "Mozilla/5.0 (compatible; AwarioBot/1.0; +https://awario.com/bots.html)"
65.21.113.246 - - [16/Apr/2025:08:03:48 -0400] "GET /choosing-a-high-precision-balance/ HTTP/1.1" 200 0 "-" "Mozilla/5.0 (compatible; AwarioBot/1.0; +https://awario.com/bots.html)"
198.54.114.83 - - [16/Apr/2025:08:03:51 -0400] "POST /wp-cron.php?doing_wp_cron=1744805028.9396140575408935546875 HTTP/1.1" 200 0 "-" "WordPress/6.7.2; https://bakingsecurityin.com"
65.21.113.246 - - [16/Apr/2025:08:03:57 -0400] "GET /choosing-a-suitable-real-estate-agent-in-san-diego/ HTTP/1.1" 200 0 "-" "Mozilla/5.0 (compatible; AwarioBot/1.0; +https://awario.com/bots.html)"
65.21.113.246 - - [16/Apr/2025:08:03:57 -0400] "GET /5-things-to-consider-when-buying-a-laptop-bag/ HTTP/1.1" 200 0 "-" "Mozilla/5.0 (compatible; AwarioBot/1.0; +https://awario.com/bots.html)"
51.222.253.11 - - [16/Apr/2025:08:04:01 -0400] "GET /what-is-vyvanse/ HTTP/1.1" 200 0 "-" "Mozilla/5.0 (compatible; AhrefsBot/7.0; +http://ahrefs.com/robot/)"
65.21.113.246 - - [16/Apr/2025:08:04:02 -0400] "GET /choosing-and-maintaining-a-gaming-setup/ HTTP/1.1" 200 0 "-" "Mozilla/5.0 (compatible; AwarioBot/1.0; +https://awario.com/bots.html)"
65.21.113.246 - - [16/Apr/2025:08:04:03 -0400] "GET /5-ways-to-earn-more-money-from-writing/ HTTP/1.1" 200 0 "-" "Mozilla/5.0 (compatible; AwarioBot/1.0; +https://awario.com/bots.html)"
65.21.113.246 - - [16/Apr/2025:08:04:10 -0400] "GET /6-free-ai-prompt-builders-and-tools-for-beginners/ HTTP/1.1" 200 0 "-" "Mozilla/5.0 (compatible; AwarioBot/1.0; +https://awario.com/bots.html)"
65.21.113.246 - - [16/Apr/2025:08:04:15 -0400] "GET /7-days-to-die-servers/ HTTP/1.1" 200 0 "-" "Mozilla/5.0 (compatible; AwarioBot/1.0; +https://awario.com/bots.html)"
65.21.113.246 - - [16/Apr/2025:08:04:19 -0400] "GET /choosing-conservatory-roof-panels/ HTTP/1.1" 200 0 "-" "Mozilla/5.0 (compatible; AwarioBot/1.0; +https://awario.com/bots.html)"
65.21.113.246 - - [16/Apr/2025:08:04:19 -0400] "GET /8-prostate-cancer-treatment-with-home-remedies-that-work/ HTTP/1.1" 200 0 "-" "Mozilla/5.0 (compatible; AwarioBot/1.0; +https://awario.com/bots.html)"
65.21.113.246 - - [16/Apr/2025:08:04:24 -0400] "GET /choosing-curtains-shutter-blinds-and-shutter-blinds-for-your-home-in-newcastle/ HTTP/1.1" 200 0 "-" "Mozilla/5.0 (compatible; AwarioBot/1.0; +https://awario.com/bots.html)"
65.21.113.246 - - [16/Apr/2025:08:04:26 -0400] "GET /8-questions-to-ask-before-purchasing-a-low-cost-dental-plan/ HTTP/1.1" 200 0 "-" "Mozilla/5.0 (compatible; AwarioBot/1.0; +https://awario.com/bots.html)"
65.21.113.246 - - [16/Apr/2025:08:04:30 -0400] "GET /choosing-the-right-android-pos-machine/ HTTP/1.1" 200 0 "-" "Mozilla/5.0 (compatible; AwarioBot/1.0; +https://awario.com/bots.html)"
65.21.113.246 - - [16/Apr/2025:08:04:32 -0400] "GET /8-reasons-to-buy-paint-by-numbers/ HTTP/1.1" 200 0 "-" "Mozilla/5.0 (compatible; AwarioBot/1.0; +https://awario.com/bots.html)"
65.21.113.246 - - [16/Apr/2025:08:04:35 -0400] "GET /choosing-the-right-breast-pump-a-comprehensive-guide/ HTTP/1.1" 200 0 "-" "Mozilla/5.0 (compatible; AwarioBot/1.0; +https://awario.com/bots.html)"
65.21.113.246 - - [16/Apr/2025:08:04:38 -0400] "GET /a-botany-showflat-experience/ HTTP/1.1" 200 0 "-" "Mozilla/5.0 (compatible; AwarioBot/1.0; +https://awario.com/bots.html)"
65.21.113.246 - - [16/Apr/2025:08:04:40 -0400] "GET /choosing-the-right-lawyer-if-you-are-in-a-car-accident/ HTTP/1.1" 200 0 "-" "Mozilla/5.0 (compatible; AwarioBot/1.0; +https://awario.com/bots.html)"
65.21.113.246 - - [16/Apr/2025:08:04:44 -0400] "GET /a-breakthrough-in-sports-and-blockchain-knnex-paves-the-way-with-innovative-experiences/ HTTP/1.1" 200 0 "-" "Mozilla/5.0 (compatible; AwarioBot/1.0; +https://awario.com/bots.html)"
65.21.113.246 - - [16/Apr/2025:08:04:50 -0400] "GET /a-buyers-guide-to-uk-cbd-gummies/ HTTP/1.1" 200 0 "-" "Mozilla/5.0 (compatible; AwarioBot/1.0; +https://awario.com/bots.html)"
198.54.114.83 - - [16/Apr/2025:08:04:51 -0400] "POST /wp-cron.php?doing_wp_cron=1744805090.3275189399719238281250 HTTP/1.1" 200 0 "-" "WordPress/6.7.2; https://bakingsecurityin.com"
65.21.113.246 - - [16/Apr/2025:08:04:56 -0400] "GET /a-career-as-a-carpenter-requires-more-than-muscle/ HTTP/1.1" 200 0 "-" "Mozilla/5.0 (compatible; AwarioBot/1.0; +https://awario.com/bots.html)"
65.21.113.246 - - [16/Apr/2025:08:04:57 -0400] "GET /choosing-the-right-refrigerator-for-your-needs/ HTTP/1.1" 200 0 "-" "Mozilla/5.0 (compatible; AwarioBot/1.0; +https://awario.com/bots.html)"
65.21.113.246 - - [16/Apr/2025:08:05:03 -0400] "GET /a-closer-look-at-a-michael-kors-womens-bag/ HTTP/1.1" 200 0 "-" "Mozilla/5.0 (compatible; AwarioBot/1.0; +https://awario.com/bots.html)"
65.21.113.246 - - [16/Apr/2025:08:05:04 -0400] "GET /christchurch-property-video/ HTTP/1.1" 200 0 "-" "Mozilla/5.0 (compatible; AwarioBot/1.0; +https://awario.com/bots.html)"
65.21.113.246 - - [16/Apr/2025:08:05:10 -0400] "GET /a-complex-psychological-phenomenon/ HTTP/1.1" 200 0 "-" "Mozilla/5.0 (compatible; AwarioBot/1.0; +https://awario.com/bots.html)"
65.21.113.246 - - [16/Apr/2025:08:05:11 -0400] "GET /clash-of-endor-the-most-recent-in-lego-star-wars-sets/ HTTP/1.1" 200 0 "-" "Mozilla/5.0 (compatible; AwarioBot/1.0; +https://awario.com/bots.html)"
65.21.113.246 - - [16/Apr/2025:08:05:16 -0400] "GET /a-comprehensive-overview/ HTTP/1.1" 200 0 "-" "Mozilla/5.0 (compatible; AwarioBot/1.0; +https://awario.com/bots.html)"
65.21.113.246 - - [16/Apr/2025:08:05:20 -0400] "GET /a-diverse-array-of-games/ HTTP/1.1" 200 0 "-" "Mozilla/5.0 (compatible; AwarioBot/1.0; +https://awario.com/bots.html)"
65.21.113.246 - - [16/Apr/2025:08:05:24 -0400] "GET /cliquer-sur/ HTTP/1.1" 200 0 "-" "Mozilla/5.0 (compatible; AwarioBot/1.0; +https://awario.com/bots.html)"
65.21.113.246 - - [16/Apr/2025:08:05:24 -0400] "GET /a-diverse-range-of-betting-options/ HTTP/1.1" 200 0 "-" "Mozilla/5.0 (compatible; AwarioBot/1.0; +https://awario.com/bots.html)"
65.21.113.246 - - [16/Apr/2025:08:05:30 -0400] "GET /combinaison-pilou-pilou/ HTTP/1.1" 200 0 "-" "Mozilla/5.0 (compatible; AwarioBot/1.0; +https://awario.com/bots.html)"
65.21.113.246 - - [16/Apr/2025:08:05:31 -0400] "GET /a-divorce-mediation-lawyer-can-help-you-work-out-a-settlement/ HTTP/1.1" 200 0 "-" "Mozilla/5.0 (compatible; AwarioBot/1.0; +https://awario.com/bots.html)"
65.21.113.246 - - [16/Apr/2025:08:05:35 -0400] "GET /comment-choisir-une-agence-de-referencement-experimentee/ HTTP/1.1" 200 0 "-" "Mozilla/5.0 (compatible; AwarioBot/1.0; +https://awario.com/bots.html)"
65.21.113.246 - - [16/Apr/2025:08:05:35 -0400] "GET /a-firemans-arms-during-fire-accidents/ HTTP/1.1" 200 0 "-" "Mozilla/5.0 (compatible; AwarioBot/1.0; +https://awario.com/bots.html)"
65.21.113.246 - - [16/Apr/2025:08:05:38 -0400] "GET /a-glimpse-into-luxury-living-exploring-the-arden-showflat/ HTTP/1.1" 200 0 "-" "Mozilla/5.0 (compatible; AwarioBot/1.0; +https://awario.com/bots.html)"
65.21.113.246 - - [16/Apr/2025:08:05:43 -0400] "GET /a-glimpse-into-luxury-living/ HTTP/1.1" 200 0 "-" "Mozilla/5.0 (compatible; AwarioBot/1.0; +https://awario.com/bots.html)"
65.21.113.246 - - [16/Apr/2025:08:05:48 -0400] "GET /a-glimpse-into-luxury-livings/ HTTP/1.1" 200 0 "-" "Mozilla/5.0 (compatible; AwarioBot/1.0; +https://awario.com/bots.html)"
65.21.113.246 - - [16/Apr/2025:08:05:53 -0400] "GET /a-glimpse-into-the-midtown-modern-showflat/ HTTP/1.1" 200 0 "-" "Mozilla/5.0 (compatible; AwarioBot/1.0; +https://awario.com/bots.html)"
65.21.113.246 - - [16/Apr/2025:08:05:52 -0400] "GET /comment-concevoir-un-interieur-vintage-dans-une-chambre/ HTTP/1.1" 200 0 "-" "Mozilla/5.0 (compatible; AwarioBot/1.0; +https://awario.com/bots.html)"
198.54.114.83 - - [16/Apr/2025:08:05:54 -0400] "POST /wp-cron.php?doing_wp_cron=1744805152.7683939933776855468750 HTTP/1.1" 200 0 "-" "WordPress/6.7.2; https://bakingsecurityin.com"
198.54.114.83 - - [16/Apr/2025:08:05:56 -0400] "POST /wp-admin/admin-ajax.php?action=async_litespeed&nonce=s5TLcAtuqvDcZyEk3AreSdtzf6SRsXrP&litespeed_type=imgoptm HTTP/1.1" 200 0 "-" "WordPress/6.7.2; https://bakingsecurityin.com"
65.21.113.246 - - [16/Apr/2025:08:05:58 -0400] "GET /comment-creer-un-contour-de-lit-de-bebe/ HTTP/1.1" 200 0 "-" "Mozilla/5.0 (compatible; AwarioBot/1.0; +https://awario.com/bots.html)"
65.21.113.246 - - [16/Apr/2025:08:05:58 -0400] "GET /a-glimpse-of-elegance/ HTTP/1.1" 200 0 "-" "Mozilla/5.0 (compatible; AwarioBot/1.0; +https://awario.com/bots.html)"
65.21.113.246 - - [16/Apr/2025:08:06:02 -0400] "GET /comment-creer-un-fond-decran-personnalise/ HTTP/1.1" 200 0 "-" "Mozilla/5.0 (compatible; AwarioBot/1.0; +https://awario.com/bots.html)"
65.21.113.246 - - [16/Apr/2025:08:06:02 -0400] "GET /a-glimpse-of-paradise/ HTTP/1.1" 200 0 "-" "Mozilla/5.0 (compatible; AwarioBot/1.0; +https://awario.com/bots.html)"
65.21.113.246 - - [16/Apr/2025:08:06:05 -0400] "GET /a-glorious-week-of-identity-theft/ HTTP/1.1" 200 0 "-" "Mozilla/5.0 (compatible; AwarioBot/1.0; +https://awario.com/bots.html)"
65.21.113.246 - - [16/Apr/2025:08:06:06 -0400] "GET /comment-creer-une-aire-de-jeux-exterieure/ HTTP/1.1" 200 0 "-" "Mozilla/5.0 (compatible; AwarioBot/1.0; +https://awario.com/bots.html)"
65.21.113.246 - - [16/Apr/2025:08:06:10 -0400] "GET /a-guide-to-buying-and-caring-for-designer-totes/ HTTP/1.1" 200 0 "-" "Mozilla/5.0 (compatible; AwarioBot/1.0; +https://awario.com/bots.html)"
65.21.113.246 - - [16/Apr/2025:08:06:11 -0400] "GET /comment-les-diseurs-de-bonne-aventure-peuvent-vous-aider-a-comprendre-votre-passe-et-votre-present/ HTTP/1.1" 200 0 "-" "Mozilla/5.0 (compatible; AwarioBot/1.0; +https://awario.com/bots.html)"
65.21.113.246 - - [16/Apr/2025:08:06:14 -0400] "GET /a-hunters-essential-companion/ HTTP/1.1" 200 0 "-" "Mozilla/5.0 (compatible; AwarioBot/1.0; +https://awario.com/bots.html)"
65.21.113.246 - - [16/Apr/2025:08:06:15 -0400] "GET /comment-nettoyer-largenterie/ HTTP/1.1" 200 0 "-" "Mozilla/5.0 (compatible; AwarioBot/1.0; +https://awario.com/bots.html)"
65.21.113.246 - - [16/Apr/2025:08:06:17 -0400] "GET /a-journey-into-skincare/ HTTP/1.1" 200 0 "-" "Mozilla/5.0 (compatible; AwarioBot/1.0; +https://awario.com/bots.html)"
51.222.253.18 - - [16/Apr/2025:08:06:18 -0400] "GET /warum-sie-einen-spezialisten-fur-gartenpflege-beauftragen-sollten/feed/ HTTP/1.1" 304 0 "-" "Mozilla/5.0 (compatible; AhrefsBot/7.0; +http://ahrefs.com/robot/)"
65.21.113.246 - - [16/Apr/2025:08:06:19 -0400] "GET /comment-obtenir-une-voyance-serieuse-par-telephone/ HTTP/1.1" 200 0 "-" "Mozilla/5.0 (compatible; AwarioBot/1.0; +https://awario.com/bots.html)"
65.21.113.246 - - [16/Apr/2025:08:06:22 -0400] "GET /a-journey-through-the-botany-showflat/ HTTP/1.1" 200 0 "-" "Mozilla/5.0 (compatible; AwarioBot/1.0; +https://awario.com/bots.html)"
65.21.113.246 - - [16/Apr/2025:08:06:25 -0400] "GET /comment-une-startup-peut-elle-embaucher-la-meilleure-societe-de-developpement-dapplications-android/ HTTP/1.1" 200 0 "-" "Mozilla/5.0 (compatible; AwarioBot/1.0; +https://awario.com/bots.html)"
198.54.114.83 - - [16/Apr/2025:08:06:25 -0400] "POST /wp-cron.php?doing_wp_cron=1744805183.3118569850921630859375 HTTP/1.1" 200 0 "-" "WordPress/6.7.2; https://bakingsecurityin.com"
198.54.114.83 - - [16/Apr/2025:08:06:29 -0400] "POST /wp-admin/admin-ajax.php?action=async_litespeed&nonce=sSHf4m7UaCH16FhJifbeDDp25apinCC7&litespeed_type=imgoptm HTTP/1.1" 200 0 "-" "WordPress/6.7.2; https://bakingsecurityin.com"
65.21.113.246 - - [16/Apr/2025:08:06:31 -0400] "GET /commercial-locksmith-services/ HTTP/1.1" 200 0 "-" "Mozilla/5.0 (compatible; AwarioBot/1.0; +https://awario.com/bots.html)"
65.21.113.246 - - [16/Apr/2025:08:06:32 -0400] "GET /a-look-at-deck-fasteners/ HTTP/1.1" 200 0 "-" "Mozilla/5.0 (compatible; AwarioBot/1.0; +https://awario.com/bots.html)"
65.21.113.246 - - [16/Apr/2025:08:06:37 -0400] "GET /compare-moving-quotes-carefully/ HTTP/1.1" 200 0 "-" "Mozilla/5.0 (compatible; AwarioBot/1.0; +https://awario.com/bots.html)"
65.21.113.246 - - [16/Apr/2025:08:06:38 -0400] "GET /a-luxurious-haven-of-modern-living/ HTTP/1.1" 200 0 "-" "Mozilla/5.0 (compatible; AwarioBot/1.0; +https://awario.com/bots.html)"
65.21.113.246 - - [16/Apr/2025:08:06:42 -0400] "GET /comprehensive-physiotherapy-care-in-auckland/ HTTP/1.1" 200 0 "-" "Mozilla/5.0 (compatible; AwarioBot/1.0; +https://awario.com/bots.html)"
65.21.113.246 - - [16/Apr/2025:08:06:44 -0400] "GET /a-michael-kors-satchel-bag-is-the-perfect-accessory-to-any-outfit/ HTTP/1.1" 200 0 "-" "Mozilla/5.0 (compatible; AwarioBot/1.0; +https://awario.com/bots.html)"
65.21.113.246 - - [16/Apr/2025:08:06:47 -0400] "GET /comptoir-de-reception-personnalise/ HTTP/1.1" 200 0 "-" "Mozilla/5.0 (compatible; AwarioBot/1.0; +https://awario.com/bots.html)"
65.21.113.246 - - [16/Apr/2025:08:06:49 -0400] "GET /a-michael-kors-womens-bag-will-elevate-any-look/ HTTP/1.1" 200 0 "-" "Mozilla/5.0 (compatible; AwarioBot/1.0; +https://awario.com/bots.html)"
65.21.113.246 - - [16/Apr/2025:08:06:53 -0400] "GET /connecting-with-customers-through-qr-codes/ HTTP/1.1" 200 0 "-" "Mozilla/5.0 (compatible; AwarioBot/1.0; +https://awario.com/bots.html)"
65.21.113.246 - - [16/Apr/2025:08:06:55 -0400] "GET /a-mini-blender-packs-a-punch-in-a-tiny-package/ HTTP/1.1" 200 0 "-" "Mozilla/5.0 (compatible; AwarioBot/1.0; +https://awario.com/bots.html)"
65.21.113.246 - - [16/Apr/2025:08:06:57 -0400] "GET /consejos-para-mantener-su-brillo/ HTTP/1.1" 200 0 "-" "Mozilla/5.0 (compatible; AwarioBot/1.0; +https://awario.com/bots.html)"
65.21.113.246 - - [16/Apr/2025:08:07:02 -0400] "GET /conservatory-roof-replacement-cost/ HTTP/1.1" 200 0 "-" "Mozilla/5.0 (compatible; AwarioBot/1.0; +https://awario.com/bots.html)"
119.28.214.61 - - [16/Apr/2025:08:07:03 -0400] "GET /finding-the-right-rv-fridge-for-your-needs-and-budget/ HTTP/1.1" 200 0 "-" "Python/3.10 aiohttp/3.10.5"
65.21.113.246 - - [16/Apr/2025:08:07:02 -0400] "GET /a-modern-oasis-in-the-heart-of-the-city/ HTTP/1.1" 200 0 "-" "Mozilla/5.0 (compatible; AwarioBot/1.0; +https://awario.com/bots.html)"
65.21.113.246 - - [16/Apr/2025:08:07:06 -0400] "GET /conservatory-versus-orangery-which-is-more-suited-to-your-home/ HTTP/1.1" 200 0 "-" "Mozilla/5.0 (compatible; AwarioBot/1.0; +https://awario.com/bots.html)"
65.21.113.246 - - [16/Apr/2025:08:07:08 -0400] "GET /a-natural-beauty-adorning-your-neck/ HTTP/1.1" 200 0 "-" "Mozilla/5.0 (compatible; AwarioBot/1.0; +https://awario.com/bots.html)"
65.21.113.246 - - [16/Apr/2025:08:07:11 -0400] "GET /conversion-gallon-per-minute/ HTTP/1.1" 200 0 "-" "Mozilla/5.0 (compatible; AwarioBot/1.0; +https://awario.com/bots.html)"
65.21.113.246 - - [16/Apr/2025:08:07:13 -0400] "GET /a-peek-into-the-financial-chronicles-of-a-budget-conscious-individual/ HTTP/1.1" 200 0 "-" "Mozilla/5.0 (compatible; AwarioBot/1.0; +https://awario.com/bots.html)"
65.21.113.246 - - [16/Apr/2025:08:07:16 -0400] "GET /cooling-towers-the-industrial-workhorses/ HTTP/1.1" 200 0 "-" "Mozilla/5.0 (compatible; AwarioBot/1.0; +https://awario.com/bots.html)"
65.21.113.246 - - [16/Apr/2025:08:07:19 -0400] "GET /a-quirky-pair-of-bamboo-socks-to-brighten-your-day/ HTTP/1.1" 200 0 "-" "Mozilla/5.0 (compatible; AwarioBot/1.0; +https://awario.com/bots.html)"
198.54.114.83 - - [16/Apr/2025:08:07:22 -0400] "POST /wp-cron.php?doing_wp_cron=1744805240.9338550567626953125000 HTTP/1.1" 200 0 "-" "WordPress/6.7.2; https://bakingsecurityin.com"
65.21.113.246 - - [16/Apr/2025:08:07:20 -0400] "GET /corporate-event-entertainment-ideas/ HTTP/1.1" 200 0 "-" "Mozilla/5.0 (compatible; AwarioBot/1.0; +https://awario.com/bots.html)"
198.54.114.83 - - [16/Apr/2025:08:07:23 -0400] "POST /wp-admin/admin-ajax.php?action=async_litespeed&nonce=aP7EtjGd5caHkhQfNiL2oCFOmHyjHmZG&litespeed_type=imgoptm HTTP/1.1" 200 0 "-" "WordPress/6.7.2; https://bakingsecurityin.com"
65.21.113.246 - - [16/Apr/2025:08:07:23 -0400] "GET /a-review-of-siberia-snus/ HTTP/1.1" 200 0 "-" "Mozilla/5.0 (compatible; AwarioBot/1.0; +https://awario.com/bots.html)"
65.21.113.246 - - [16/Apr/2025:08:07:25 -0400] "GET /crafting-opportunities-in-the-gaming-industry/ HTTP/1.1" 200 0 "-" "Mozilla/5.0 (compatible; AwarioBot/1.0; +https://awario.com/bots.html)"
65.21.113.246 - - [16/Apr/2025:08:07:26 -0400] "GET /a-silver-kiddush-cup-is-a-beautiful-piece-of-jewelry/ HTTP/1.1" 200 0 "-" "Mozilla/5.0 (compatible; AwarioBot/1.0; +https://awario.com/bots.html)"
65.21.113.246 - - [16/Apr/2025:08:07:28 -0400] "GET /crazy-business-idea-youtube-theater/ HTTP/1.1" 200 0 "-" "Mozilla/5.0 (compatible; AwarioBot/1.0; +https://awario.com/bots.html)"
65.21.113.246 - - [16/Apr/2025:08:07:30 -0400] "GET /a-strategic-approach/ HTTP/1.1" 200 0 "-" "Mozilla/5.0 (compatible; AwarioBot/1.0; +https://awario.com/bots.html)"
65.21.113.246 - - [16/Apr/2025:08:07:33 -0400] "GET /creating-the-best-salon-menu-with-chatgpt/ HTTP/1.1" 200 0 "-" "Mozilla/5.0 (compatible; AwarioBot/1.0; +https://awario.com/bots.html)"
65.21.113.246 - - [16/Apr/2025:08:07:33 -0400] "GET /a-tourists-paradise/ HTTP/1.1" 200 0 "-" "Mozilla/5.0 (compatible; AwarioBot/1.0; +https://awario.com/bots.html)"
65.21.113.246 - - [16/Apr/2025:08:07:37 -0400] "GET /creative-solutions-for-small-bathroom-renovations/ HTTP/1.1" 200 0 "-" "Mozilla/5.0 (compatible; AwarioBot/1.0; +https://awario.com/bots.html)"
65.21.113.246 - - [16/Apr/2025:08:07:37 -0400] "GET /a-utility-payment-solution/ HTTP/1.1" 200 0 "-" "Mozilla/5.0 (compatible; AwarioBot/1.0; +https://awario.com/bots.html)"
65.21.113.246 - - [16/Apr/2025:08:07:40 -0400] "GET /credence-cuisine-adhesive/ HTTP/1.1" 200 0 "-" "Mozilla/5.0 (compatible; AwarioBot/1.0; +https://awario.com/bots.html)"
65.21.113.246 - - [16/Apr/2025:08:07:42 -0400] "GET /a-veterinarian-claims-that-fenbendazole-cures-cancer/ HTTP/1.1" 200 0 "-" "Mozilla/5.0 (compatible; AwarioBot/1.0; +https://awario.com/bots.html)"
65.21.113.246 - - [16/Apr/2025:08:07:45 -0400] "GET /aba-therapy-near-me/ HTTP/1.1" 200 0 "-" "Mozilla/5.0 (compatible; AwarioBot/1.0; +https://awario.com/bots.html)"
65.21.113.246 - - [16/Apr/2025:08:07:47 -0400] "GET /abat-jour-en-cuir-brut-etire-a-la-main-pour-un-decor-occidental-confortable-et-un-design-sud-ouest/ HTTP/1.1" 200 0 "-" "Mozilla/5.0 (compatible; AwarioBot/1.0; +https://awario.com/bots.html)"
65.21.113.246 - - [16/Apr/2025:08:07:50 -0400] "GET /abrasive-wheels-training/ HTTP/1.1" 200 0 "-" "Mozilla/5.0 (compatible; AwarioBot/1.0; +https://awario.com/bots.html)"
65.21.113.246 - - [16/Apr/2025:08:07:54 -0400] "GET /abu-dhabi-yacht-tours/ HTTP/1.1" 200 0 "-" "Mozilla/5.0 (compatible; AwarioBot/1.0; +https://awario.com/bots.html)"
65.21.113.246 - - [16/Apr/2025:08:07:55 -0400] "GET /crochets-muraux-decoratifs/ HTTP/1.1" 200 0 "-" "Mozilla/5.0 (compatible; AwarioBot/1.0; +https://awario.com/bots.html)"
65.21.113.246 - - [16/Apr/2025:08:07:58 -0400] "GET /custom-brand-socks/ HTTP/1.1" 200 0 "-" "Mozilla/5.0 (compatible; AwarioBot/1.0; +https://awario.com/bots.html)"
65.21.113.246 - - [16/Apr/2025:08:07:58 -0400] "GET /ac-repair-services/ HTTP/1.1" 200 0 "-" "Mozilla/5.0 (compatible; AwarioBot/1.0; +https://awario.com/bots.html)"
65.21.113.246 - - [16/Apr/2025:08:08:01 -0400] "GET /achieve-a-straighter-smile-with-invisalign-in-woodland-hills/ HTTP/1.1" 200 0 "-" "Mozilla/5.0 (compatible; AwarioBot/1.0; +https://awario.com/bots.html)"
65.21.113.246 - - [16/Apr/2025:08:08:02 -0400] "GET /custom-football-socks/ HTTP/1.1" 200 0 "-" "Mozilla/5.0 (compatible; AwarioBot/1.0; +https://awario.com/bots.html)"
65.21.113.246 - - [16/Apr/2025:08:08:03 -0400] "GET /activites-dechauffement-partie-2/ HTTP/1.1" 200 0 "-" "Mozilla/5.0 (compatible; AwarioBot/1.0; +https://awario.com/bots.html)"
65.21.113.246 - - [16/Apr/2025:08:08:05 -0400] "GET /custom-fuzzy-socks-bulk-2/ HTTP/1.1" 200 0 "-" "Mozilla/5.0 (compatible; AwarioBot/1.0; +https://awario.com/bots.html)"
65.21.113.246 - - [16/Apr/2025:08:08:07 -0400] "GET /add-charm-to-your-home-with-a-cherub-figurine/ HTTP/1.1" 200 0 "-" "Mozilla/5.0 (compatible; AwarioBot/1.0; +https://awario.com/bots.html)"
65.21.113.246 - - [16/Apr/2025:08:08:09 -0400] "GET /custom-fuzzy-socks-bulk/ HTTP/1.1" 200 0 "-" "Mozilla/5.0 (compatible; AwarioBot/1.0; +https://awario.com/bots.html)"
65.21.113.246 - - [16/Apr/2025:08:08:11 -0400] "GET /addiction-aftercare-online-2/ HTTP/1.1" 200 0 "-" "Mozilla/5.0 (compatible; AwarioBot/1.0; +https://awario.com/bots.html)"
65.21.113.246 - - [16/Apr/2025:08:08:15 -0400] "GET /addiction-aftercare-online/ HTTP/1.1" 200 0 "-" "Mozilla/5.0 (compatible; AwarioBot/1.0; +https://awario.com/bots.html)"
198.54.114.83 - - [16/Apr/2025:08:08:21 -0400] "POST /wp-cron.php?doing_wp_cron=1744805300.2119109630584716796875 HTTP/1.1" 200 0 "-" "WordPress/6.7.2; https://bakingsecurityin.com"
65.21.113.246 - - [16/Apr/2025:08:08:20 -0400] "GET /advantages-and-disadvantages-of-fitness-tracker/ HTTP/1.1" 200 0 "-" "Mozilla/5.0 (compatible; AwarioBot/1.0; +https://awario.com/bots.html)"
198.54.114.83 - - [16/Apr/2025:08:08:22 -0400] "POST /wp-admin/admin-ajax.php?action=async_litespeed&nonce=AE525rtBF1BldKvRKLpHmczulHOK1iPS&litespeed_type=imgoptm HTTP/1.1" 200 0 "-" "WordPress/6.7.2; https://bakingsecurityin.com"
65.21.113.246 - - [16/Apr/2025:08:08:24 -0400] "GET /custom-gaming-pc-builder/ HTTP/1.1" 200 0 "-" "Mozilla/5.0 (compatible; AwarioBot/1.0; +https://awario.com/bots.html)"
65.21.113.246 - - [16/Apr/2025:08:08:26 -0400] "GET /advertising-led-display/ HTTP/1.1" 200 0 "-" "Mozilla/5.0 (compatible; AwarioBot/1.0; +https://awario.com/bots.html)"
65.21.113.246 - - [16/Apr/2025:08:08:29 -0400] "GET /custom-kitchen-cabinets-vs-semi-custom-kitchen-cabinets/ HTTP/1.1" 200 0 "-" "Mozilla/5.0 (compatible; AwarioBot/1.0; +https://awario.com/bots.html)"
65.21.113.246 - - [16/Apr/2025:08:08:30 -0400] "GET /affordable-adu-builds-in-eugene-oregon/ HTTP/1.1" 200 0 "-" "Mozilla/5.0 (compatible; AwarioBot/1.0; +https://awario.com/bots.html)"
65.21.113.246 - - [16/Apr/2025:08:08:34 -0400] "GET /custom-logo-socks/ HTTP/1.1" 200 0 "-" "Mozilla/5.0 (compatible; AwarioBot/1.0; +https://awario.com/bots.html)"
65.21.113.246 - - [16/Apr/2025:08:08:34 -0400] "GET /affordable-dental-insurance-meets-your-dental-needs/ HTTP/1.1" 200 0 "-" "Mozilla/5.0 (compatible; AwarioBot/1.0; +https://awario.com/bots.html)"
65.21.113.246 - - [16/Apr/2025:08:08:38 -0400] "GET /custom-pc-builder-vs-pre-built-computer/ HTTP/1.1" 200 0 "-" "Mozilla/5.0 (compatible; AwarioBot/1.0; +https://awario.com/bots.html)"
65.21.113.246 - - [16/Apr/2025:08:08:41 -0400] "GET /agence-partenaire-google-ads-paris/ HTTP/1.1" 200 0 "-" "Mozilla/5.0 (compatible; AwarioBot/1.0; +https://awario.com/bots.html)"
65.21.113.246 - - [16/Apr/2025:08:08:42 -0400] "GET /custom-sports-team-socks/ HTTP/1.1" 200 0 "-" "Mozilla/5.0 (compatible; AwarioBot/1.0; +https://awario.com/bots.html)"
65.21.113.246 - - [16/Apr/2025:08:08:46 -0400] "GET /custom-stirrup-socks/ HTTP/1.1" 200 0 "-" "Mozilla/5.0 (compatible; AwarioBot/1.0; +https://awario.com/bots.html)"
65.21.113.246 - - [16/Apr/2025:08:08:47 -0400] "GET /agencia-de-marketing-digital/ HTTP/1.1" 200 0 "-" "Mozilla/5.0 (compatible; AwarioBot/1.0; +https://awario.com/bots.html)"
65.21.113.246 - - [16/Apr/2025:08:08:50 -0400] "GET /customized-soccer-socks-for-your-team/ HTTP/1.1" 200 0 "-" "Mozilla/5.0 (compatible; AwarioBot/1.0; +https://awario.com/bots.html)"
51.222.253.5 - - [16/Apr/2025:08:08:50 -0400] "GET /florida-fha-loan-application/feed/ HTTP/1.1" 200 392 "-" "Mozilla/5.0 (compatible; AhrefsBot/7.0; +http://ahrefs.com/robot/)"
65.21.113.246 - - [16/Apr/2025:08:08:50 -0400] "GET /agriturismi-lago-di-garda-e-paesi-del-lago-di-garda/ HTTP/1.1" 200 0 "-" "Mozilla/5.0 (compatible; AwarioBot/1.0; +https://awario.com/bots.html)"
65.21.113.246 - - [16/Apr/2025:08:08:53 -0400] "GET /customized-socks-with-logo/ HTTP/1.1" 200 0 "-" "Mozilla/5.0 (compatible; AwarioBot/1.0; +https://awario.com/bots.html)"
65.21.113.246 - - [16/Apr/2025:08:08:54 -0400] "GET /agriturismo-con-piscina/ HTTP/1.1" 200 0 "-" "Mozilla/5.0 (compatible; AwarioBot/1.0; +https://awario.com/bots.html)"
65.21.113.246 - - [16/Apr/2025:08:08:57 -0400] "GET /agriturismo-relais-chateaux-in-toscana/ HTTP/1.1" 200 0 "-" "Mozilla/5.0 (compatible; AwarioBot/1.0; +https://awario.com/bots.html)"
65.21.113.246 - - [16/Apr/2025:08:09:02 -0400] "GET /ai-agent-redefining-intelligence-in-the-digital-age/ HTTP/1.1" 200 0 "-" "Mozilla/5.0 (compatible; AwarioBot/1.0; +https://awario.com/bots.html)"
65.21.113.246 - - [16/Apr/2025:08:09:05 -0400] "GET /air-conditioning-small-changes-can-save-significant-energy/ HTTP/1.1" 200 0 "-" "Mozilla/5.0 (compatible; AwarioBot/1.0; +https://awario.com/bots.html)"
65.21.113.246 - - [16/Apr/2025:08:09:09 -0400] "GET /aktivitaten-gardasee/ HTTP/1.1" 200 0 "-" "Mozilla/5.0 (compatible; AwarioBot/1.0; +https://awario.com/bots.html)"
65.21.113.246 - - [16/Apr/2025:08:09:14 -0400] "GET /all-about-real-estate-developers/ HTTP/1.1" 200 0 "-" "Mozilla/5.0 (compatible; AwarioBot/1.0; +https://awario.com/bots.html)"
65.21.113.246 - - [16/Apr/2025:08:09:19 -0400] "GET /ambulance-billing-how-consumers-can-help/ HTTP/1.1" 200 0 "-" "Mozilla/5.0 (compatible; AwarioBot/1.0; +https://awario.com/bots.html)"
198.54.114.83 - - [16/Apr/2025:08:09:21 -0400] "POST /wp-cron.php?doing_wp_cron=1744805360.1170380115509033203125 HTTP/1.1" 200 0 "-" "WordPress/6.7.2; https://bakingsecurityin.com"
65.21.113.246 - - [16/Apr/2025:08:09:24 -0400] "GET /amethyst-to-ruby-silver-or-pewter-an-armor-ring-has-it-all-and-at-exceptionally-low-prices-too/ HTTP/1.1" 200 0 "-" "Mozilla/5.0 (compatible; AwarioBot/1.0; +https://awario.com/bots.html)"
65.21.113.246 - - [16/Apr/2025:08:09:30 -0400] "GET /an-introduction-to-the-ladbrokes-betting-company-and-why-you-should-use-their-free-bet-promotion/ HTTP/1.1" 200 0 "-" "Mozilla/5.0 (compatible; AwarioBot/1.0; +https://awario.com/bots.html)"
65.21.113.246 - - [16/Apr/2025:08:09:34 -0400] "GET /angel-figurine-manufacturers/ HTTP/1.1" 200 0 "-" "Mozilla/5.0 (compatible; AwarioBot/1.0; +https://awario.com/bots.html)"
65.21.113.246 - - [16/Apr/2025:08:09:37 -0400] "GET /angst-sorge-schuchternheit-und-panik/ HTTP/1.1" 200 0 "-" "Mozilla/5.0 (compatible; AwarioBot/1.0; +https://awario.com/bots.html)"
65.21.113.246 - - [16/Apr/2025:08:09:40 -0400] "GET /cyber-security-at-georgia-tech/ HTTP/1.1" 200 0 "-" "Mozilla/5.0 (compatible; AwarioBot/1.0; +https://awario.com/bots.html)"
65.21.113.246 - - [16/Apr/2025:08:09:41 -0400] "GET /antique-adornments-boxes-coffins-knickknack-boxes/ HTTP/1.1" 200 0 "-" "Mozilla/5.0 (compatible; AwarioBot/1.0; +https://awario.com/bots.html)"
65.21.113.246 - - [16/Apr/2025:08:09:44 -0400] "GET /cycling-gifts-to-show-your-loved-one-how-much-you-care/ HTTP/1.1" 200 0 "-" "Mozilla/5.0 (compatible; AwarioBot/1.0; +https://awario.com/bots.html)"
65.21.113.246 - - [16/Apr/2025:08:09:44 -0400] "GET /anwalt-hattingen/ HTTP/1.1" 200 0 "-" "Mozilla/5.0 (compatible; AwarioBot/1.0; +https://awario.com/bots.html)"
65.21.113.246 - - [16/Apr/2025:08:09:48 -0400] "GET /apartment-in-riva-del-garda-lake-lugano/ HTTP/1.1" 200 0 "-" "Mozilla/5.0 (compatible; AwarioBot/1.0; +https://awario.com/bots.html)"
65.21.113.246 - - [16/Apr/2025:08:09:51 -0400] "GET /apprendre-a-jouer-de-la-guitare-un-voyage-musical/ HTTP/1.1" 200 0 "-" "Mozilla/5.0 (compatible; AwarioBot/1.0; +https://awario.com/bots.html)"
65.21.113.246 - - [16/Apr/2025:08:09:56 -0400] "GET /ardor-residence-developer-an-exciting-new-launch-in-district-15/ HTTP/1.1" 200 0 "-" "Mozilla/5.0 (compatible; AwarioBot/1.0; +https://awario.com/bots.html)"
65.21.113.246 - - [16/Apr/2025:08:09:58 -0400] "GET /dachdecker-hamburg-rahlstedt/ HTTP/1.1" 200 0 "-" "Mozilla/5.0 (compatible; AwarioBot/1.0; +https://awario.com/bots.html)"
65.21.113.246 - - [16/Apr/2025:08:10:01 -0400] "GET /are-peptides-good-for-skin/ HTTP/1.1" 200 0 "-" "Mozilla/5.0 (compatible; AwarioBot/1.0; +https://awario.com/bots.html)"
65.21.113.246 - - [16/Apr/2025:08:10:05 -0400] "GET /artistry-beyond-time-the-legacy-of-italian-classic-furniture-manufacturers/ HTTP/1.1" 200 0 "-" "Mozilla/5.0 (compatible; AwarioBot/1.0; +https://awario.com/bots.html)"
65.21.113.246 - - [16/Apr/2025:08:10:11 -0400] "GET /assurance-de-bureau-protegez-votre-entreprise-avec-assurance-commerciale/ HTTP/1.1" 200 0 "-" "Mozilla/5.0 (compatible; AwarioBot/1.0; +https://awario.com/bots.html)"
18.220.236.72 - - [16/Apr/2025:08:10:12 -0400] "GET /robots.txt HTTP/1.1" 200 98 "-" "Mozilla/5.0 AppleWebKit/537.36 (KHTML, like Gecko; compatible; ClaudeBot/1.0; +claudebot@anthropic.com)"
65.21.113.246 - - [16/Apr/2025:08:10:13 -0400] "GET /dachdeckermeisterbetrieb-hamburg/ HTTP/1.1" 200 0 "-" "Mozilla/5.0 (compatible; AwarioBot/1.0; +https://awario.com/bots.html)"
18.220.236.72 - - [16/Apr/2025:08:10:15 -0400] "GET /exploring-the-thrill-of-online-casinos HTTP/1.1" 301 0 "-" "Mozilla/5.0 AppleWebKit/537.36 (KHTML, like Gecko; compatible; ClaudeBot/1.0; +claudebot@anthropic.com)"
65.21.113.246 - - [16/Apr/2025:08:10:16 -0400] "GET /astm-d-903-test-standard-used-for-medical-packaging/ HTTP/1.1" 200 0 "-" "Mozilla/5.0 (compatible; AwarioBot/1.0; +https://awario.com/bots.html)"
18.220.236.72 - - [16/Apr/2025:08:10:18 -0400] "GET /exploring-the-thrill-of-online-casinos/ HTTP/1.1" 200 0 "https://bakingsecurityin.com/exploring-the-thrill-of-online-casinos" "Mozilla/5.0 AppleWebKit/537.36 (KHTML, like Gecko; compatible; ClaudeBot/1.0; +claudebot@anthropic.com)"
65.21.113.246 - - [16/Apr/2025:08:10:20 -0400] "GET /asurion-customer-service-review/ HTTP/1.1" 200 0 "-" "Mozilla/5.0 (compatible; AwarioBot/1.0; +https://awario.com/bots.html)"
65.21.113.246 - - [16/Apr/2025:08:10:20 -0400] "GET /dad-jokes-for-kids/ HTTP/1.1" 200 0 "-" "Mozilla/5.0 (compatible; AwarioBot/1.0; +https://awario.com/bots.html)"
198.54.114.83 - - [16/Apr/2025:08:10:22 -0400] "POST /wp-cron.php?doing_wp_cron=1744805420.5311589241027832031250 HTTP/1.1" 200 0 "-" "WordPress/6.7.2; https://bakingsecurityin.com"
65.21.113.246 - - [16/Apr/2025:08:10:26 -0400] "GET /atas-accredited-travel-agents/ HTTP/1.1" 200 0 "-" "Mozilla/5.0 (compatible; AwarioBot/1.0; +https://awario.com/bots.html)"
65.21.113.246 - - [16/Apr/2025:08:10:30 -0400] "GET /attraction-of-online-gambling-sites/ HTTP/1.1" 200 0 "-" "Mozilla/5.0 (compatible; AwarioBot/1.0; +https://awario.com/bots.html)"
65.21.113.246 - - [16/Apr/2025:08:10:33 -0400] "GET /audit-engagement-letter-sample/ HTTP/1.1" 200 0 "-" "Mozilla/5.0 (compatible; AwarioBot/1.0; +https://awario.com/bots.html)"
65.21.113.246 - - [16/Apr/2025:08:10:36 -0400] "GET /dallas-housekeepers/ HTTP/1.1" 200 0 "-" "Mozilla/5.0 (compatible; AwarioBot/1.0; +https://awario.com/bots.html)"
65.21.113.246 - - [16/Apr/2025:08:10:37 -0400] "GET /author/ashdev/ HTTP/1.1" 200 0 "-" "Mozilla/5.0 (compatible; AwarioBot/1.0; +https://awario.com/bots.html)"
65.21.113.246 - - [16/Apr/2025:08:10:41 -0400] "GET /author/jorge/ HTTP/1.1" 200 0 "-" "Mozilla/5.0 (compatible; AwarioBot/1.0; +https://awario.com/bots.html)"
65.21.113.246 - - [16/Apr/2025:08:10:47 -0400] "GET /auto-body-fix-shops-for-your-special-vehicle-fixes/ HTTP/1.1" 200 0 "-" "Mozilla/5.0 (compatible; AwarioBot/1.0; +https://awario.com/bots.html)"
65.21.113.246 - - [16/Apr/2025:08:10:53 -0400] "GET /auto-body-fix-what-kind-of-shop-is-appropriate-for-you/ HTTP/1.1" 200 0 "-" "Mozilla/5.0 (compatible; AwarioBot/1.0; +https://awario.com/bots.html)"
65.21.113.246 - - [16/Apr/2025:08:10:57 -0400] "GET /auto-body-shops-and-aluminum-fix/ HTTP/1.1" 200 0 "-" "Mozilla/5.0 (compatible; AwarioBot/1.0; +https://awario.com/bots.html)"
65.21.113.246 - - [16/Apr/2025:08:11:02 -0400] "GET /baby-discount-store-top-10-must-haves-for-your-nursery/ HTTP/1.1" 200 0 "-" "Mozilla/5.0 (compatible; AwarioBot/1.0; +https://awario.com/bots.html)"
65.21.113.246 - - [16/Apr/2025:08:11:06 -0400] "GET /bad-dad-jokes/ HTTP/1.1" 200 0 "-" "Mozilla/5.0 (compatible; AwarioBot/1.0; +https://awario.com/bots.html)"
65.21.113.246 - - [16/Apr/2025:08:11:10 -0400] "GET /baorui-bergabung-tenaga-untuk-berinovasi-protokol-berat-membawa-peningkatan-revolusioner-kepada-rangkaian-ethereum/ HTTP/1.1" 200 0 "-" "Mozilla/5.0 (compatible; AwarioBot/1.0; +https://awario.com/bots.html)"
65.21.113.246 - - [16/Apr/2025:08:11:15 -0400] "GET /basic-mindfulness-meditation/ HTTP/1.1" 200 0 "-" "Mozilla/5.0 (compatible; AwarioBot/1.0; +https://awario.com/bots.html)"
65.21.113.246 - - [16/Apr/2025:08:11:18 -0400] "GET /basketball-shooting-lead-up-drills/ HTTP/1.1" 200 0 "-" "Mozilla/5.0 (compatible; AwarioBot/1.0; +https://awario.com/bots.html)"
198.54.114.83 - - [16/Apr/2025:08:11:23 -0400] "POST /wp-cron.php?doing_wp_cron=1744805482.9939069747924804687500 HTTP/1.1" 200 0 "-" "WordPress/6.7.2; https://bakingsecurityin.com"
65.21.113.246 - - [16/Apr/2025:08:11:22 -0400] "GET /bb-guns/ HTTP/1.1" 200 0 "-" "Mozilla/5.0 (compatible; AwarioBot/1.0; +https://awario.com/bots.html)"
198.54.114.83 - - [16/Apr/2025:08:11:26 -0400] "POST /wp-admin/admin-ajax.php?action=async_litespeed&nonce=LST4sJGeIbL6v0pPRkj2ImajBlOPaQu1&litespeed_type=imgoptm HTTP/1.1" 200 0 "-" "WordPress/6.7.2; https://bakingsecurityin.com"
51.222.253.4 - - [16/Apr/2025:08:11:26 -0400] "GET /unveiling-the-secrets-how-to-cultivate-a-flourishing-instagram-following/ HTTP/1.1" 200 0 "-" "Mozilla/5.0 (compatible; AhrefsBot/7.0; +http://ahrefs.com/robot/)"
65.21.113.246 - - [16/Apr/2025:08:11:28 -0400] "GET /be-aware-of-retinol-anti-wrinkle-face-creams/ HTTP/1.1" 200 0 "-" "Mozilla/5.0 (compatible; AwarioBot/1.0; +https://awario.com/bots.html)"
65.21.113.246 - - [16/Apr/2025:08:11:33 -0400] "GET /data-on-the-best-quality-space-radiators/ HTTP/1.1" 200 0 "-" "Mozilla/5.0 (compatible; AwarioBot/1.0; +https://awario.com/bots.html)"
65.21.113.246 - - [16/Apr/2025:08:11:33 -0400] "GET /beat-the-sports-betting-numbers-with-these-simple-tips/ HTTP/1.1" 200 0 "-" "Mozilla/5.0 (compatible; AwarioBot/1.0; +https://awario.com/bots.html)"
65.21.113.246 - - [16/Apr/2025:08:11:37 -0400] "GET /beauty-and-travel-blog-glossary/ HTTP/1.1" 200 0 "-" "Mozilla/5.0 (compatible; AwarioBot/1.0; +https://awario.com/bots.html)"
65.21.113.246 - - [16/Apr/2025:08:11:38 -0400] "GET /de-bedste-solvoreringe-til-at-lofte-dit-look/ HTTP/1.1" 200 0 "-" "Mozilla/5.0 (compatible; AwarioBot/1.0; +https://awario.com/bots.html)"
65.21.113.246 - - [16/Apr/2025:08:11:41 -0400] "GET /de-plus-soins-spa-centre-daffaires-et-salle-de-reunion-sont-a-votre-disposition-sur-place/ HTTP/1.1" 200 0 "-" "Mozilla/5.0 (compatible; AwarioBot/1.0; +https://awario.com/bots.html)"
65.21.113.246 - - [16/Apr/2025:08:11:42 -0400] "GET /beauty-serum-products-and-how-to-use-them/ HTTP/1.1" 200 0 "-" "Mozilla/5.0 (compatible; AwarioBot/1.0; +https://awario.com/bots.html)"
65.21.113.246 - - [16/Apr/2025:08:11:45 -0400] "GET /dealing-with-approach-anxiety-for-effective-cold-calling/ HTTP/1.1" 200 0 "-" "Mozilla/5.0 (compatible; AwarioBot/1.0; +https://awario.com/bots.html)"
65.21.113.246 - - [16/Apr/2025:08:11:46 -0400] "GET /become-eco-friendly-with-new-bamboo-t-shirts/ HTTP/1.1" 200 0 "-" "Mozilla/5.0 (compatible; AwarioBot/1.0; +https://awario.com/bots.html)"
65.21.113.246 - - [16/Apr/2025:08:11:49 -0400] "GET /bedeutung-der-hattingen-steuererklarung/ HTTP/1.1" 200 0 "-" "Mozilla/5.0 (compatible; AwarioBot/1.0; +https://awario.com/bots.html)"
65.21.113.246 - - [16/Apr/2025:08:11:50 -0400] "GET /deciding-what-to-wear-to-travel-on-a-plane/ HTTP/1.1" 200 0 "-" "Mozilla/5.0 (compatible; AwarioBot/1.0; +https://awario.com/bots.html)"
65.21.113.246 - - [16/Apr/2025:08:11:53 -0400] "GET /before-you-buy-tazorac/ HTTP/1.1" 200 0 "-" "Mozilla/5.0 (compatible; AwarioBot/1.0; +https://awario.com/bots.html)"
65.21.113.246 - - [16/Apr/2025:08:11:54 -0400] "GET /decoding-the-dangers-of-buying-youtube-subscribers/ HTTP/1.1" 200 0 "-" "Mozilla/5.0 (compatible; AwarioBot/1.0; +https://awario.com/bots.html)"
65.21.113.246 - - [16/Apr/2025:08:11:56 -0400] "GET /benefits-of-buying-hgh-in-canada/ HTTP/1.1" 200 0 "-" "Mozilla/5.0 (compatible; AwarioBot/1.0; +https://awario.com/bots.html)"
65.21.113.246 - - [16/Apr/2025:08:11:57 -0400] "GET /decoding-the-dangers-of-buying-youtube-views/ HTTP/1.1" 200 0 "-" "Mozilla/5.0 (compatible; AwarioBot/1.0; +https://awario.com/bots.html)"
65.21.113.246 - - [16/Apr/2025:08:11:59 -0400] "GET /benefits-of-quantum-healing-systems/ HTTP/1.1" 200 0 "-" "Mozilla/5.0 (compatible; AwarioBot/1.0; +https://awario.com/bots.html)"
65.21.113.246 - - [16/Apr/2025:08:12:02 -0400] "GET /deep-house-cleaning-services/ HTTP/1.1" 200 0 "-" "Mozilla/5.0 (compatible; AwarioBot/1.0; +https://awario.com/bots.html)"
65.21.113.246 - - [16/Apr/2025:08:12:03 -0400] "GET /best-gaming-keyboard/ HTTP/1.1" 200 0 "-" "Mozilla/5.0 (compatible; AwarioBot/1.0; +https://awario.com/bots.html)"
65.21.113.246 - - [16/Apr/2025:08:12:06 -0400] "GET /der-beruf-des-psychologen/ HTTP/1.1" 200 0 "-" "Mozilla/5.0 (compatible; AwarioBot/1.0; +https://awario.com/bots.html)"
65.21.113.246 - - [16/Apr/2025:08:12:06 -0400] "GET /best-indian-youtubers-to-follow-in-2021-most-updated-list/ HTTP/1.1" 200 0 "-" "Mozilla/5.0 (compatible; AwarioBot/1.0; +https://awario.com/bots.html)"
65.21.113.246 - - [16/Apr/2025:08:12:10 -0400] "GET /der-ideale-partner-fur-ihren-umzug-in-hamburg/ HTTP/1.1" 200 0 "-" "Mozilla/5.0 (compatible; AwarioBot/1.0; +https://awario.com/bots.html)"
65.21.113.246 - - [16/Apr/2025:08:12:10 -0400] "GET /best-massage-gun-how-to-choose-the-best-percussive-massage-gun/ HTTP/1.1" 200 0 "-" "Mozilla/5.0 (compatible; AwarioBot/1.0; +https://awario.com/bots.html)"
65.21.113.246 - - [16/Apr/2025:08:12:13 -0400] "GET /best-mothers-day-gifts-top-5-for-2011/ HTTP/1.1" 200 0 "-" "Mozilla/5.0 (compatible; AwarioBot/1.0; +https://awario.com/bots.html)"
65.21.113.246 - - [16/Apr/2025:08:12:16 -0400] "GET /best-place-to-buy-youtube-comments/ HTTP/1.1" 200 0 "-" "Mozilla/5.0 (compatible; AwarioBot/1.0; +https://awario.com/bots.html)"
