198.54.114.83 - - [14/Apr/2025:23:56:23 -0400] "POST /wp-cron.php?doing_wp_cron=1744689382.5463519096374511718750 HTTP/1.1" 200 0 "-" "WordPress/6.7.2; https://bakingsecurityin.com"
198.54.114.83 - - [14/Apr/2025:23:57:48 -0400] "POST /wp-cron.php?doing_wp_cron=1744689467.7863891124725341796875 HTTP/1.1" 200 0 "-" "WordPress/6.7.2; https://bakingsecurityin.com"
54.36.148.151 - - [14/Apr/2025:23:57:46 -0400] "GET /how-to-tell-if-your-heat-pump-needs-repair/ HTTP/1.1" 200 0 "-" "Mozilla/5.0 (compatible; AhrefsBot/7.0; +http://ahrefs.com/robot/)"
198.54.114.83 - - [14/Apr/2025:23:57:50 -0400] "POST /wp-admin/admin-ajax.php?action=async_litespeed&nonce=tPGTt9zGstAnOZxueStKtXPlEqlhl1QA&litespeed_type=imgoptm HTTP/1.1" 200 0 "-" "WordPress/6.7.2; https://bakingsecurityin.com"
198.54.114.83 - - [14/Apr/2025:23:58:59 -0400] "POST /wp-admin/admin-ajax.php?action=async_litespeed&nonce=PpVLUb7yIxKRcYe5XWhAVAPEswxVGLmQ&litespeed_type=imgoptm HTTP/1.1" 200 0 "-" "WordPress/6.7.2; https://bakingsecurityin.com"
54.36.149.91 - - [15/Apr/2025:00:00:47 -0400] "GET /deep-house-cleaning-services/ HTTP/1.1" 200 0 "-" "Mozilla/5.0 (compatible; AhrefsBot/7.0; +http://ahrefs.com/robot/)"
47.79.198.47 - - [15/Apr/2025:00:01:28 -0400] "GET / HTTP/1.1" 200 0 "https://www.google.com/" "Mozilla/5.0 (Linux; Android 10; K) AppleWebKit/537.36 (KHTML, like Gecko) Chrome/132.0.0.0 Mobile Safari/537.36"
198.54.114.83 - - [15/Apr/2025:00:01:37 -0400] "POST /wp-cron.php?doing_wp_cron=1744689692.1518359184265136718750 HTTP/1.1" 200 0 "-" "WordPress/6.7.2; https://bakingsecurityin.com"
198.54.114.83 - - [15/Apr/2025:00:01:40 -0400] "POST /wp-admin/admin-ajax.php?action=async_litespeed&nonce=NUA5rWECKOYlup9ePHUzlxPeuMi9Fanl&litespeed_type=imgoptm HTTP/1.1" 200 0 "-" "WordPress/6.7.2; https://bakingsecurityin.com"
51.222.253.7 - - [15/Apr/2025:00:05:50 -0400] "GET /comment-creer-un-contour-de-lit-de-bebe/ HTTP/1.1" 200 0 "-" "Mozilla/5.0 (compatible; AhrefsBot/7.0; +http://ahrefs.com/robot/)"
198.54.114.83 - - [15/Apr/2025:00:05:58 -0400] "POST /wp-cron.php?doing_wp_cron=1744689955.3729569911956787109375 HTTP/1.1" 200 0 "-" "WordPress/6.7.2; https://bakingsecurityin.com"
51.222.253.8 - - [15/Apr/2025:00:08:22 -0400] "GET /mk-crossbody-bag/ HTTP/1.1" 200 0 "-" "Mozilla/5.0 (compatible; AhrefsBot/7.0; +http://ahrefs.com/robot/)"
85.208.96.202 - - [15/Apr/2025:00:08:23 -0400] "GET /en-quoi-les-boites-dhuile-de-chanvre-personnalisees-sont-elles-benefiques-pour-votre-entreprise/ HTTP/1.1" 200 0 "-" "Mozilla/5.0 (compatible; SemrushBot/7~bl; +http://www.semrush.com/bot.html)"
198.54.114.83 - - [15/Apr/2025:00:10:48 -0400] "POST /wp-cron.php?doing_wp_cron=1744690247.8048779964447021484375 HTTP/1.1" 200 0 "-" "WordPress/6.7.2; https://bakingsecurityin.com"
51.222.253.6 - - [15/Apr/2025:00:10:43 -0400] "GET /page/106/ HTTP/1.1" 200 0 "-" "Mozilla/5.0 (compatible; AhrefsBot/7.0; +http://ahrefs.com/robot/)"
198.54.114.83 - - [15/Apr/2025:00:10:50 -0400] "POST /wp-admin/admin-ajax.php?action=async_litespeed&nonce=ZWRPsMPt3EhEKQjva6DghC7GCw794taB&litespeed_type=imgoptm HTTP/1.1" 200 0 "-" "WordPress/6.7.2; https://bakingsecurityin.com"
85.208.96.206 - - [15/Apr/2025:00:11:42 -0400] "GET /water-soluble-bag-manufacturers/ HTTP/1.1" 200 0 "-" "Mozilla/5.0 (compatible; SemrushBot/7~bl; +http://www.semrush.com/bot.html)"
198.54.114.83 - - [15/Apr/2025:00:12:46 -0400] "POST /wp-admin/admin-ajax.php?action=async_litespeed&nonce=1cHTMDjVjlfazy3ynxIVEmxjPpg9YvRs&litespeed_type=imgoptm HTTP/1.1" 200 0 "-" "WordPress/6.7.2; https://bakingsecurityin.com"
14.18.90.195 - - [15/Apr/2025:00:12:50 -0400] "GET /wp-login.php HTTP/1.1" 200 1738 "-" "Apache-HttpClient/4.5.2 (Java/1.8.0_161)"
198.54.114.83 - - [15/Apr/2025:00:13:08 -0400] "POST /wp-admin/admin-ajax.php?action=async_litespeed&nonce=ubnv9Rif0850KQOHtdw6FIodPSkoDwRH&litespeed_type=imgoptm HTTP/1.1" 200 0 "-" "WordPress/6.7.2; https://bakingsecurityin.com"
14.18.90.195 - - [15/Apr/2025:00:13:08 -0400] "GET /author/ashdev/ HTTP/1.1" 200 0 "-" "Apache-HttpClient/4.5.2 (Java/1.8.0_161)"
14.18.90.195 - - [15/Apr/2025:00:13:15 -0400] "GET /author/jorge/ HTTP/1.1" 200 0 "-" "Apache-HttpClient/4.5.2 (Java/1.8.0_161)"
51.222.253.14 - - [15/Apr/2025:00:13:18 -0400] "GET /how-to-use-a-bitcoin-mixer/ HTTP/1.1" 200 0 "-" "Mozilla/5.0 (compatible; AhrefsBot/7.0; +http://ahrefs.com/robot/)"
198.54.114.83 - - [15/Apr/2025:00:15:37 -0400] "POST /wp-cron.php?doing_wp_cron=1744690536.1171660423278808593750 HTTP/1.1" 200 0 "-" "WordPress/6.7.2; https://bakingsecurityin.com"
51.222.253.18 - - [15/Apr/2025:00:15:35 -0400] "GET /grand-dunman-condominium-in-district-15/ HTTP/1.1" 200 0 "-" "Mozilla/5.0 (compatible; AhrefsBot/7.0; +http://ahrefs.com/robot/)"
198.54.114.83 - - [15/Apr/2025:00:15:39 -0400] "POST /wp-admin/admin-ajax.php?action=async_litespeed&nonce=vWJrQ0GeYRaVfSYid1NCKkkcZv2OMxfg&litespeed_type=imgoptm HTTP/1.1" 200 0 "-" "WordPress/6.7.2; https://bakingsecurityin.com"
136.243.228.193 - - [15/Apr/2025:00:16:24 -0400] "GET /the-lifespan-of-a-baked-bar/ HTTP/1.1" 200 0 "-" "Mozilla/5.0 (compatible; DataForSeoBot/1.0; +https://dataforseo.com/dataforseo-bot)"
198.54.114.83 - - [15/Apr/2025:00:17:05 -0400] "POST /wp-cron.php?doing_wp_cron=1744690624.0527911186218261718750 HTTP/1.1" 200 0 "-" "WordPress/6.7.2; https://bakingsecurityin.com"
85.208.96.209 - - [15/Apr/2025:00:16:59 -0400] "GET /online-casino-gamble/ HTTP/1.1" 200 0 "-" "Mozilla/5.0 (compatible; SemrushBot/7~bl; +http://www.semrush.com/bot.html)"
198.54.114.83 - - [15/Apr/2025:00:17:11 -0400] "POST /wp-admin/admin-ajax.php?action=async_litespeed&nonce=K1CBlV7losfR9JR2Wzoa3rWO7X2FW8Qt&litespeed_type=imgoptm HTTP/1.1" 200 0 "-" "WordPress/6.7.2; https://bakingsecurityin.com"
51.222.253.8 - - [15/Apr/2025:00:17:48 -0400] "GET /centrul-de-meditatie-si-dezvoltare-personala-ocupa-locul-orasului-bucuresti/feed/ HTTP/1.1" 304 0 "-" "Mozilla/5.0 (compatible; AhrefsBot/7.0; +http://ahrefs.com/robot/)"
124.156.119.193 - - [15/Apr/2025:00:18:27 -0400] "GET /how-you-can-choose-the-best-bankruptcy-lawyer-nj-the-best-fee-agreement/ HTTP/1.1" 200 0 "-" "Python/3.10 aiohttp/3.10.5"
51.222.253.5 - - [15/Apr/2025:00:20:35 -0400] "GET /stellenbosch-wine-and-accommodation-go-hand-in-hand/ HTTP/1.1" 200 0 "-" "Mozilla/5.0 (compatible; AhrefsBot/7.0; +http://ahrefs.com/robot/)"
198.54.114.83 - - [15/Apr/2025:00:20:40 -0400] "POST /wp-cron.php?doing_wp_cron=1744690839.3008189201354980468750 HTTP/1.1" 200 0 "-" "WordPress/6.7.2; https://bakingsecurityin.com"
195.2.79.165 - - [15/Apr/2025:00:20:48 -0400] "GET /a-journey-into-skincare/ HTTP/1.1" 200 0 "https://bakingsecurityin.com/a-journey-into-skincare/" "Mozilla/5.0 (Windows NT 10.0; Win64; x64) AppleWebKit/537.36 (KHTML, like Gecko) Chrome/129.0.0.0 Safari/537.36"
195.2.79.165 - - [15/Apr/2025:00:20:50 -0400] "GET / HTTP/1.1" 200 0 "https://bakingsecurityin.com/" "Mozilla/5.0 (Windows NT 10.0; Win64; x64) AppleWebKit/537.36 (KHTML, like Gecko) Chrome/129.0.0.0 Safari/537.36"
17.241.227.242 - - [15/Apr/2025:00:22:40 -0400] "GET /robots.txt HTTP/1.1" 200 98 "-" "Mozilla/5.0 (Macintosh; Intel Mac OS X 10_15_7) AppleWebKit/605.1.15 (KHTML, like Gecko) Version/17.4 Safari/605.1.15 (Applebot/0.1; +http://www.apple.com/go/applebot)"
17.241.227.242 - - [15/Apr/2025:00:22:43 -0400] "GET / HTTP/1.1" 200 0 "-" "Mozilla/5.0 (Macintosh; Intel Mac OS X 10_15_7) AppleWebKit/605.1.15 (KHTML, like Gecko) Version/17.4 Safari/605.1.15 (Applebot/0.1; +http://www.apple.com/go/applebot)"
198.54.114.83 - - [15/Apr/2025:00:22:49 -0400] "POST /wp-cron.php?doing_wp_cron=1744690966.7831830978393554687500 HTTP/1.1" 200 0 "-" "WordPress/6.7.2; https://bakingsecurityin.com"
198.54.114.83 - - [15/Apr/2025:00:22:52 -0400] "POST /wp-admin/admin-ajax.php?action=async_litespeed&nonce=4FGhTjb5iHUgKKUrSuibin5ckbPLW9h2&litespeed_type=imgoptm HTTP/1.1" 200 0 "-" "WordPress/6.7.2; https://bakingsecurityin.com"
51.222.253.20 - - [15/Apr/2025:00:23:18 -0400] "GET /page/104/ HTTP/1.1" 200 0 "-" "Mozilla/5.0 (compatible; AhrefsBot/7.0; +http://ahrefs.com/robot/)"
198.54.114.83 - - [15/Apr/2025:00:23:20 -0400] "POST /wp-cron.php?doing_wp_cron=1744690998.7554430961608886718750 HTTP/1.1" 200 0 "-" "WordPress/6.7.2; https://bakingsecurityin.com"
51.222.253.20 - - [15/Apr/2025:00:25:40 -0400] "GET /choosing-a-fire-pump-manufacturer/ HTTP/1.1" 200 0 "-" "Mozilla/5.0 (compatible; AhrefsBot/7.0; +http://ahrefs.com/robot/)"
134.17.14.122 - - [15/Apr/2025:00:25:54 -0400] "GET /goat.php HTTP/1.1" 404 0 "-" "Mozilla/4.0 (compatible; MSIE 6.0; Windows NT 5.1; SV1)"
198.54.114.83 - - [15/Apr/2025:00:26:00 -0400] "POST /wp-cron.php?doing_wp_cron=1744691158.0316810607910156250000 HTTP/1.1" 200 0 "-" "WordPress/6.7.2; https://bakingsecurityin.com"
185.191.171.16 - - [15/Apr/2025:00:27:27 -0400] "GET /exploring-the-hidden-gems-nusa-penida-tour/ HTTP/1.1" 200 0 "-" "Mozilla/5.0 (compatible; SemrushBot/7~bl; +http://www.semrush.com/bot.html)"
198.54.114.83 - - [15/Apr/2025:00:27:36 -0400] "POST /wp-cron.php?doing_wp_cron=1744691251.4621319770812988281250 HTTP/1.1" 200 0 "-" "WordPress/6.7.2; https://bakingsecurityin.com"
20.121.186.102 - - [15/Apr/2025:00:28:03 -0400] "HEAD /new-mega-launch-condo-at-dunman-road/ HTTP/1.1" 200 0 "http://bakingsecurityin.com/new" "Mozilla/5.0 (Windows NT 10.0; Win64; x64) AppleWebKit/537.36 (KHTML, like Gecko) Chrome/74.0.3729.169 Safari/537.36"
51.222.253.3 - - [15/Apr/2025:00:28:29 -0400] "GET /hotels-in-lago-di-garda/ HTTP/1.1" 200 0 "-" "Mozilla/5.0 (compatible; AhrefsBot/7.0; +http://ahrefs.com/robot/)"
51.222.253.6 - - [15/Apr/2025:00:30:48 -0400] "GET /piccadilly-grand-the-latest-launch-in-district-8/ HTTP/1.1" 200 0 "-" "Mozilla/5.0 (compatible; AhrefsBot/7.0; +http://ahrefs.com/robot/)"
85.208.96.209 - - [15/Apr/2025:00:31:37 -0400] "GET /custom-sports-team-socks/ HTTP/1.1" 200 0 "-" "Mozilla/5.0 (compatible; SemrushBot/7~bl; +http://www.semrush.com/bot.html)"
18.209.116.12 - - [15/Apr/2025:00:31:52 -0400] "GET /how-to-etiquette-in-a-poker-casino/ HTTP/1.1" 200 0 "-" "Grammarly/1.0 (http://www.grammarly.com)"
51.222.253.6 - - [15/Apr/2025:00:33:15 -0400] "GET /tips-for-online-dating-photography/ HTTP/1.1" 200 0 "-" "Mozilla/5.0 (compatible; AhrefsBot/7.0; +http://ahrefs.com/robot/)"
198.54.114.83 - - [15/Apr/2025:00:33:25 -0400] "POST /wp-admin/admin-ajax.php?action=async_litespeed&nonce=ieUL4c1wKHkDo62H0ImcKZIkzVHBMVOb&litespeed_type=imgoptm HTTP/1.1" 200 0 "-" "WordPress/6.7.2; https://bakingsecurityin.com"
85.208.96.209 - - [15/Apr/2025:00:35:14 -0400] "GET /anwalt-hattingen/ HTTP/1.1" 200 0 "-" "Mozilla/5.0 (compatible; SemrushBot/7~bl; +http://www.semrush.com/bot.html)"
198.54.114.83 - - [15/Apr/2025:00:35:20 -0400] "POST /wp-cron.php?doing_wp_cron=1744691717.6266560554504394531250 HTTP/1.1" 200 0 "-" "WordPress/6.7.2; https://bakingsecurityin.com"
51.222.253.2 - - [15/Apr/2025:00:35:20 -0400] "GET /increasing-youtube-subscribers/ HTTP/1.1" 200 0 "-" "Mozilla/5.0 (compatible; AhrefsBot/7.0; +http://ahrefs.com/robot/)"
198.54.114.83 - - [15/Apr/2025:00:35:22 -0400] "POST /wp-admin/admin-ajax.php?action=async_litespeed&nonce=eRRU1t2EkqKMBtDOmVJuDXzW2vkptz0Y&litespeed_type=imgoptm HTTP/1.1" 200 0 "-" "WordPress/6.7.2; https://bakingsecurityin.com"
150.109.45.190 - - [15/Apr/2025:00:37:37 -0400] "GET /cbrn-chemical-biological-radiological-and-nuclear-dangers/ HTTP/1.1" 200 0 "-" "Python/3.10 aiohttp/3.10.5"
198.54.114.83 - - [15/Apr/2025:00:37:43 -0400] "POST /wp-cron.php?doing_wp_cron=1744691860.5668230056762695312500 HTTP/1.1" 200 0 "-" "WordPress/6.7.2; https://bakingsecurityin.com"
51.222.253.10 - - [15/Apr/2025:00:37:43 -0400] "GET /the-magnificence-exploring-the-grand-dunman-showflat/ HTTP/1.1" 200 0 "-" "Mozilla/5.0 (compatible; AhrefsBot/7.0; +http://ahrefs.com/robot/)"
198.54.114.83 - - [15/Apr/2025:00:37:45 -0400] "POST /wp-admin/admin-ajax.php?action=async_litespeed&nonce=KtXDbjH7LlkasKR9ZN6oqKAthRdbSXOn&litespeed_type=imgoptm HTTP/1.1" 200 0 "-" "WordPress/6.7.2; https://bakingsecurityin.com"
198.54.114.83 - - [15/Apr/2025:00:40:23 -0400] "POST /wp-cron.php?doing_wp_cron=1744692019.1973450183868408203125 HTTP/1.1" 200 0 "-" "WordPress/6.7.2; https://bakingsecurityin.com"
51.222.253.5 - - [15/Apr/2025:00:40:12 -0400] "GET /category/iphone/ HTTP/1.1" 200 0 "-" "Mozilla/5.0 (compatible; AhrefsBot/7.0; +http://ahrefs.com/robot/)"
198.54.114.83 - - [15/Apr/2025:00:40:27 -0400] "POST /wp-admin/admin-ajax.php?action=async_litespeed&nonce=TtudJUUTl64IT7lXNgESSUItNw6yHmMk&litespeed_type=imgoptm HTTP/1.1" 200 0 "-" "WordPress/6.7.2; https://bakingsecurityin.com"
51.222.253.2 - - [15/Apr/2025:00:42:29 -0400] "GET /blissful-living-amidst-the-sunshine/ HTTP/1.1" 200 0 "-" "Mozilla/5.0 (compatible; AhrefsBot/7.0; +http://ahrefs.com/robot/)"
198.54.114.83 - - [15/Apr/2025:00:42:33 -0400] "POST /wp-cron.php?doing_wp_cron=1744692151.9583990573883056640625 HTTP/1.1" 200 0 "-" "WordPress/6.7.2; https://bakingsecurityin.com"
51.222.253.1 - - [15/Apr/2025:00:44:46 -0400] "GET /cartagena-colombia-a-hotspot-for-bachelor-parties/feed/ HTTP/1.1" 200 431 "-" "Mozilla/5.0 (compatible; AhrefsBot/7.0; +http://ahrefs.com/robot/)"
198.54.114.83 - - [15/Apr/2025:00:44:50 -0400] "POST /wp-cron.php?doing_wp_cron=1744692289.0050549507141113281250 HTTP/1.1" 200 0 "-" "WordPress/6.7.2; https://bakingsecurityin.com"
4.227.36.3 - - [15/Apr/2025:00:45:22 -0400] "GET /robots.txt HTTP/1.1" 304 0 "-" "Mozilla/5.0 AppleWebKit/537.36 (KHTML, like Gecko; compatible; GPTBot/1.2; +https://openai.com/gptbot)"
20.171.207.233 - - [15/Apr/2025:00:45:32 -0400] "GET /small-business-loans-for-lawn-care-companies/ HTTP/1.1" 200 0 "-" "Mozilla/5.0 AppleWebKit/537.36 (KHTML, like Gecko; compatible; GPTBot/1.2; +https://openai.com/gptbot)"
198.54.114.83 - - [15/Apr/2025:00:46:51 -0400] "POST /wp-admin/admin-ajax.php?action=async_litespeed&nonce=KE7OI8zpt7PEETEOb4WandrTiOJaKL06&litespeed_type=imgoptm HTTP/1.1" 200 0 "-" "WordPress/6.7.2; https://bakingsecurityin.com"
198.54.114.83 - - [15/Apr/2025:00:46:58 -0400] "POST /wp-cron.php?doing_wp_cron=1744692416.9542379379272460937500 HTTP/1.1" 200 0 "-" "WordPress/6.7.2; https://bakingsecurityin.com"
51.222.253.10 - - [15/Apr/2025:00:46:56 -0400] "GET /how-a-virtual-receptionist-can-help-small-businesses/ HTTP/1.1" 200 0 "-" "Mozilla/5.0 (compatible; AhrefsBot/7.0; +http://ahrefs.com/robot/)"
198.54.114.83 - - [15/Apr/2025:00:46:59 -0400] "POST /wp-admin/admin-ajax.php?action=async_litespeed&nonce=Q0UWZ1opaqVXkBXuJTaZDuIEJguS0jtO&litespeed_type=imgoptm HTTP/1.1" 200 0 "-" "WordPress/6.7.2; https://bakingsecurityin.com"
51.222.253.14 - - [15/Apr/2025:00:49:11 -0400] "GET /die-schonheit-von-hangelampen-eine-ode-an-eleganz-und-funktionalitat/ HTTP/1.1" 200 0 "-" "Mozilla/5.0 (compatible; AhrefsBot/7.0; +http://ahrefs.com/robot/)"
198.54.114.83 - - [15/Apr/2025:00:49:18 -0400] "POST /wp-cron.php?doing_wp_cron=1744692555.0403881072998046875000 HTTP/1.1" 200 0 "-" "WordPress/6.7.2; https://bakingsecurityin.com"
198.54.114.83 - - [15/Apr/2025:00:51:38 -0400] "POST /wp-cron.php?doing_wp_cron=1744692697.3468699455261230468750 HTTP/1.1" 200 0 "-" "WordPress/6.7.2; https://bakingsecurityin.com"
51.222.253.1 - - [15/Apr/2025:00:51:33 -0400] "GET /conversion-gallon-per-minute/ HTTP/1.1" 200 0 "-" "Mozilla/5.0 (compatible; AhrefsBot/7.0; +http://ahrefs.com/robot/)"
198.54.114.83 - - [15/Apr/2025:00:51:40 -0400] "POST /wp-admin/admin-ajax.php?action=async_litespeed&nonce=bxDWqewG6VKkfjzvTA94i6TeTcnKb3RR&litespeed_type=imgoptm HTTP/1.1" 200 0 "-" "WordPress/6.7.2; https://bakingsecurityin.com"
51.222.253.13 - - [15/Apr/2025:00:53:45 -0400] "GET /top-10-cheapest-smm-panel/ HTTP/1.1" 200 0 "-" "Mozilla/5.0 (compatible; AhrefsBot/7.0; +http://ahrefs.com/robot/)"
198.54.114.83 - - [15/Apr/2025:00:53:50 -0400] "POST /wp-cron.php?doing_wp_cron=1744692827.8752191066741943359375 HTTP/1.1" 200 0 "-" "WordPress/6.7.2; https://bakingsecurityin.com"
207.46.13.154 - - [15/Apr/2025:00:55:13 -0400] "GET /share-iphone-screen/ HTTP/1.1" 200 0 "-" "Mozilla/5.0 AppleWebKit/537.36 (KHTML, like Gecko; compatible; bingbot/2.0; +http://www.bing.com/bingbot.htm) Chrome/116.0.1938.76 Safari/537.36"
198.54.114.83 - - [15/Apr/2025:00:55:17 -0400] "POST /wp-cron.php?doing_wp_cron=1744692913.6386480331420898437500 HTTP/1.1" 200 0 "-" "WordPress/6.7.2; https://bakingsecurityin.com"
51.222.253.9 - - [15/Apr/2025:00:56:06 -0400] "GET /insinkerator-disposers/ HTTP/1.1" 200 0 "-" "Mozilla/5.0 (compatible; AhrefsBot/7.0; +http://ahrefs.com/robot/)"
185.191.171.9 - - [15/Apr/2025:00:57:03 -0400] "GET /robots.txt HTTP/1.1" 304 0 "-" "Mozilla/5.0 (compatible; SemrushBot/7~bl; +http://www.semrush.com/bot.html)"
185.191.171.10 - - [15/Apr/2025:00:57:07 -0400] "GET /is-it-legal-to-buy-cbd-in-the-uk/ HTTP/1.1" 200 0 "-" "Mozilla/5.0 (compatible; SemrushBot/7~bl; +http://www.semrush.com/bot.html)"
198.54.114.83 - - [15/Apr/2025:00:57:12 -0400] "POST /wp-cron.php?doing_wp_cron=1744693030.3617660999298095703125 HTTP/1.1" 200 0 "-" "WordPress/6.7.2; https://bakingsecurityin.com"
198.54.114.83 - - [15/Apr/2025:00:57:15 -0400] "POST /wp-admin/admin-ajax.php?action=async_litespeed&nonce=dPxPSZS7V5wgm2WrI0grDE4Mi6hOvlv7&litespeed_type=imgoptm HTTP/1.1" 200 0 "-" "WordPress/6.7.2; https://bakingsecurityin.com"
51.222.253.8 - - [15/Apr/2025:00:58:37 -0400] "GET /page/73/ HTTP/1.1" 200 0 "-" "Mozilla/5.0 (compatible; AhrefsBot/7.0; +http://ahrefs.com/robot/)"
198.54.114.83 - - [15/Apr/2025:00:58:43 -0400] "POST /wp-cron.php?doing_wp_cron=1744693120.7221009731292724609375 HTTP/1.1" 200 0 "-" "WordPress/6.7.2; https://bakingsecurityin.com"
51.222.253.20 - - [15/Apr/2025:01:01:12 -0400] "GET /category/mobile/ HTTP/1.1" 200 0 "-" "Mozilla/5.0 (compatible; AhrefsBot/7.0; +http://ahrefs.com/robot/)"
198.54.114.83 - - [15/Apr/2025:01:01:17 -0400] "POST /wp-cron.php?doing_wp_cron=1744693276.2323009967803955078125 HTTP/1.1" 200 0 "-" "WordPress/6.7.2; https://bakingsecurityin.com"
195.2.71.225 - - [15/Apr/2025:01:01:46 -0400] "GET /a-journey-into-skincare/ HTTP/1.1" 200 0 "https://bakingsecurityin.com/a-journey-into-skincare/" "Mozilla/5.0 (Windows NT 10.0; Win64; x64) AppleWebKit/537.36 (KHTML, like Gecko) Chrome/131.0.0.0 Safari/537.36 Avast/131.0.0.0"
195.2.71.225 - - [15/Apr/2025:01:01:47 -0400] "GET / HTTP/1.1" 200 0 "https://bakingsecurityin.com/" "Mozilla/5.0 (Windows NT 10.0; Win64; x64) AppleWebKit/537.36 (KHTML, like Gecko) Chrome/131.0.0.0 Safari/537.36 Avast/131.0.0.0"
198.54.114.83 - - [15/Apr/2025:01:02:42 -0400] "POST /wp-admin/admin-ajax.php?action=async_litespeed&nonce=AVHUjjfRfQvTYRsk9ebYdEYCKPciIuT1&litespeed_type=imgoptm HTTP/1.1" 200 0 "-" "WordPress/6.7.2; https://bakingsecurityin.com"
51.222.253.4 - - [15/Apr/2025:01:03:50 -0400] "GET /youtube-secret-weapon-review/ HTTP/1.1" 200 0 "-" "Mozilla/5.0 (compatible; AhrefsBot/7.0; +http://ahrefs.com/robot/)"
198.54.114.83 - - [15/Apr/2025:01:06:26 -0400] "POST /wp-cron.php?doing_wp_cron=1744693585.5743761062622070312500 HTTP/1.1" 200 0 "-" "WordPress/6.7.2; https://bakingsecurityin.com"
51.222.253.8 - - [15/Apr/2025:01:06:21 -0400] "GET /category/activity/page/67/ HTTP/1.1" 200 0 "-" "Mozilla/5.0 (compatible; AhrefsBot/7.0; +http://ahrefs.com/robot/)"
198.54.114.83 - - [15/Apr/2025:01:06:28 -0400] "POST /wp-admin/admin-ajax.php?action=async_litespeed&nonce=4j7wUwV1gIojTXwh1c8Tbx6fxMOTHxav&litespeed_type=imgoptm HTTP/1.1" 200 0 "-" "WordPress/6.7.2; https://bakingsecurityin.com"
119.28.176.145 - - [15/Apr/2025:01:07:46 -0400] "GET /find-a-curly-hair-salon-that-works-with-your-unique-ringlet-pattern/ HTTP/1.1" 200 0 "-" "Python/3.10 aiohttp/3.10.5"
198.54.114.83 - - [15/Apr/2025:01:07:51 -0400] "POST /wp-cron.php?doing_wp_cron=1744693668.4862809181213378906250 HTTP/1.1" 200 0 "-" "WordPress/6.7.2; https://bakingsecurityin.com"
198.54.114.83 - - [15/Apr/2025:01:07:55 -0400] "POST /wp-admin/admin-ajax.php?action=async_litespeed&nonce=s6VASwm0vf7vWCtnhsJ4039p9oxZbUcc&litespeed_type=imgoptm HTTP/1.1" 200 0 "-" "WordPress/6.7.2; https://bakingsecurityin.com"
198.54.114.83 - - [15/Apr/2025:01:07:57 -0400] "POST /wp-cron.php?doing_wp_cron=1744693675.3241519927978515625000 HTTP/1.1" 200 0 "-" "WordPress/6.7.2; https://bakingsecurityin.com"
198.54.114.83 - - [15/Apr/2025:01:08:00 -0400] "POST /wp-admin/admin-ajax.php?action=async_litespeed&nonce=H1ZVXXDakjyfpxoVcQajTe1K38hGUuKu&litespeed_type=imgoptm HTTP/1.1" 200 0 "-" "WordPress/6.7.2; https://bakingsecurityin.com"
51.222.253.15 - - [15/Apr/2025:01:08:45 -0400] "GET /cheap-banners-are-a-great-way-to-advertise/ HTTP/1.1" 200 0 "-" "Mozilla/5.0 (compatible; AhrefsBot/7.0; +http://ahrefs.com/robot/)"
198.54.114.83 - - [15/Apr/2025:01:09:01 -0400] "POST /wp-admin/admin-ajax.php?action=async_litespeed&nonce=m3u2fEWSzD0kQVXAbeS2K91aikYIiNUf&litespeed_type=imgoptm HTTP/1.1" 200 0 "-" "WordPress/6.7.2; https://bakingsecurityin.com"
52.169.166.70 - - [15/Apr/2025:01:09:19 -0400] "GET /wp-admin/network/about.php HTTP/1.1" 302 0 "-" "-"
52.169.166.70 - - [15/Apr/2025:01:09:20 -0400] "GET /wp-login.php?redirect_to=https%3A%2F%2Fbakingsecurityin.com%2Fwp-admin%2Fnetwork%2Fabout.php&reauth=1 HTTP/1.1" 200 1747 "-" "-"
198.54.114.83 - - [15/Apr/2025:01:10:00 -0400] "POST /wp-admin/admin-ajax.php?action=async_litespeed&nonce=lySH9DG6sMot1qnVtlqIDAVgIOU4Mm2i&litespeed_type=imgoptm HTTP/1.1" 200 0 "-" "WordPress/6.7.2; https://bakingsecurityin.com"
51.222.253.12 - - [15/Apr/2025:01:11:04 -0400] "GET /page/8/ HTTP/1.1" 200 0 "-" "Mozilla/5.0 (compatible; AhrefsBot/7.0; +http://ahrefs.com/robot/)"
198.54.114.83 - - [15/Apr/2025:01:11:59 -0400] "POST /wp-admin/admin-ajax.php?action=async_litespeed&nonce=CkBU24aE3ZUgFxXdO41n6NHZyQZjF3o2&litespeed_type=imgoptm HTTP/1.1" 200 0 "-" "WordPress/6.7.2; https://bakingsecurityin.com"
198.54.114.83 - - [15/Apr/2025:01:12:57 -0400] "POST /wp-admin/admin-ajax.php?action=async_litespeed&nonce=DooHTnFRfjWBGbDQNbQA0XIzD8GxlTcc&litespeed_type=imgoptm HTTP/1.1" 200 0 "-" "WordPress/6.7.2; https://bakingsecurityin.com"
51.222.253.5 - - [15/Apr/2025:01:13:14 -0400] "GET /what-qualifications-do-you-need-to-become-a-health-coach/ HTTP/1.1" 200 0 "-" "Mozilla/5.0 (compatible; AhrefsBot/7.0; +http://ahrefs.com/robot/)"
198.54.114.83 - - [15/Apr/2025:01:13:57 -0400] "POST /wp-admin/admin-ajax.php?action=async_litespeed&nonce=205MjLDlp20cia1IRLgm9F4T5bN2VLHX&litespeed_type=imgoptm HTTP/1.1" 200 0 "-" "WordPress/6.7.2; https://bakingsecurityin.com"
52.169.166.70 - - [15/Apr/2025:01:13:57 -0400] "GET /wp-admin/network/admin.php HTTP/1.1" 302 0 "-" "-"
52.169.166.70 - - [15/Apr/2025:01:13:58 -0400] "GET /wp-login.php?redirect_to=https%3A%2F%2Fbakingsecurityin.com%2Fwp-admin%2Fnetwork%2Fadmin.php&reauth=1 HTTP/1.1" 200 1745 "-" "-"
198.54.114.83 - - [15/Apr/2025:01:14:58 -0400] "POST /wp-admin/admin-ajax.php?action=async_litespeed&nonce=jRbrK0HudIjzXARx4Cet4jDrUX66tulE&litespeed_type=imgoptm HTTP/1.1" 200 0 "-" "WordPress/6.7.2; https://bakingsecurityin.com"
52.169.166.70 - - [15/Apr/2025:01:15:01 -0400] "GET /wp-admin/media.php HTTP/1.1" 302 0 "-" "-"
52.169.166.70 - - [15/Apr/2025:01:15:03 -0400] "GET /wp-login.php?redirect_to=https%3A%2F%2Fbakingsecurityin.com%2Fwp-admin%2Fmedia.php&reauth=1 HTTP/1.1" 200 1743 "-" "-"
51.222.253.16 - - [15/Apr/2025:01:15:28 -0400] "GET /category/activity/page/122/ HTTP/1.1" 200 0 "-" "Mozilla/5.0 (compatible; AhrefsBot/7.0; +http://ahrefs.com/robot/)"
198.54.114.83 - - [15/Apr/2025:01:15:57 -0400] "POST /wp-admin/admin-ajax.php?action=async_litespeed&nonce=ZK8nivHbXKvtipFa8Fgln5Y9yD21u1Hc&litespeed_type=imgoptm HTTP/1.1" 200 0 "-" "WordPress/6.7.2; https://bakingsecurityin.com"
52.169.166.70 - - [15/Apr/2025:01:16:38 -0400] "GET /wp-admin/user/index.php HTTP/1.1" 302 0 "-" "-"
52.169.166.70 - - [15/Apr/2025:01:16:40 -0400] "GET /wp-login.php?redirect_to=https%3A%2F%2Fbakingsecurityin.com%2Fwp-admin%2Fuser%2Findex.php&reauth=1 HTTP/1.1" 200 1745 "-" "-"
52.169.166.70 - - [15/Apr/2025:01:16:48 -0400] "GET /wp-admin/tools.php HTTP/1.1" 302 0 "-" "-"
52.169.166.70 - - [15/Apr/2025:01:16:49 -0400] "GET /wp-login.php?redirect_to=https%3A%2F%2Fbakingsecurityin.com%2Fwp-admin%2Ftools.php&reauth=1 HTTP/1.1" 200 1745 "-" "-"
198.54.114.83 - - [15/Apr/2025:01:16:57 -0400] "POST /wp-admin/admin-ajax.php?action=async_litespeed&nonce=GwZwnA9UAGGmT57eptpRf4iuU1IJgX4R&litespeed_type=imgoptm HTTP/1.1" 200 5 "-" "WordPress/6.7.2; https://bakingsecurityin.com"
51.222.253.8 - - [15/Apr/2025:01:17:42 -0400] "GET /faites-une-declaration-de-mode-avec-des-sacs-pour-ordinateur-portable-cool/ HTTP/1.1" 200 0 "-" "Mozilla/5.0 (compatible; AhrefsBot/7.0; +http://ahrefs.com/robot/)"
52.169.166.70 - - [15/Apr/2025:01:17:47 -0400] "GET /wp-admin/network/index.php HTTP/1.1" 302 0 "-" "-"
52.169.166.70 - - [15/Apr/2025:01:17:48 -0400] "GET /wp-login.php?redirect_to=https%3A%2F%2Fbakingsecurityin.com%2Fwp-admin%2Fnetwork%2Findex.php&reauth=1 HTTP/1.1" 200 1742 "-" "-"
198.54.114.83 - - [15/Apr/2025:01:17:57 -0400] "POST /wp-admin/admin-ajax.php?action=async_litespeed&nonce=1tGPW1D21GfOFZt0pCpHHqFJiJxh8JHp&litespeed_type=imgoptm HTTP/1.1" 200 5 "-" "WordPress/6.7.2; https://bakingsecurityin.com"
136.243.228.193 - - [15/Apr/2025:01:17:57 -0400] "GET /emerald-taxi-service/ HTTP/1.1" 200 0 "-" "Mozilla/5.0 (compatible; DataForSeoBot/1.0; +https://dataforseo.com/dataforseo-bot)"
198.54.114.83 - - [15/Apr/2025:01:18:58 -0400] "POST /wp-admin/admin-ajax.php?action=async_litespeed&nonce=ax9xXviL9VIbyFCr4maxebaAyooNnbac&litespeed_type=imgoptm HTTP/1.1" 200 0 "-" "WordPress/6.7.2; https://bakingsecurityin.com"
52.169.166.70 - - [15/Apr/2025:01:19:22 -0400] "GET /wp-admin/update.php HTTP/1.1" 302 0 "-" "-"
52.169.166.70 - - [15/Apr/2025:01:19:24 -0400] "GET /wp-login.php?redirect_to=https%3A%2F%2Fbakingsecurityin.com%2Fwp-admin%2Fupdate.php&reauth=1 HTTP/1.1" 200 1743 "-" "-"
52.169.166.70 - - [15/Apr/2025:01:19:57 -0400] "GET /wp-admin/user/admin.php HTTP/1.1" 302 0 "-" "-"
52.169.166.70 - - [15/Apr/2025:01:19:59 -0400] "GET /wp-login.php?redirect_to=https%3A%2F%2Fbakingsecurityin.com%2Fwp-admin%2Fuser%2Fadmin.php&reauth=1 HTTP/1.1" 200 1748 "-" "-"
51.222.253.10 - - [15/Apr/2025:01:20:32 -0400] "GET /unlocking-wellness-dubai-osteopathy/feed/ HTTP/1.1" 304 0 "-" "Mozilla/5.0 (compatible; AhrefsBot/7.0; +http://ahrefs.com/robot/)"
198.54.114.83 - - [15/Apr/2025:01:20:57 -0400] "POST /wp-admin/admin-ajax.php?action=async_litespeed&nonce=37enhK8bNW03xX7KqGFRnlb5JemWq5De&litespeed_type=imgoptm HTTP/1.1" 200 5 "-" "WordPress/6.7.2; https://bakingsecurityin.com"
52.169.166.70 - - [15/Apr/2025:01:21:24 -0400] "GET /wp-login.php HTTP/1.1" 200 1738 "-" "-"
198.54.114.83 - - [15/Apr/2025:01:21:58 -0400] "POST /wp-admin/admin-ajax.php?action=async_litespeed&nonce=fFrEjcBMob5Oj4oZjOnipea6V2wbeSjr&litespeed_type=imgoptm HTTP/1.1" 200 5 "-" "WordPress/6.7.2; https://bakingsecurityin.com"
52.169.166.70 - - [15/Apr/2025:01:22:11 -0400] "GET /wp-admin/index.php HTTP/1.1" 302 0 "-" "-"
52.169.166.70 - - [15/Apr/2025:01:22:11 -0400] "GET /wp-login.php?redirect_to=https%3A%2F%2Fbakingsecurityin.com%2Fwp-admin%2Findex.php&reauth=1 HTTP/1.1" 200 1741 "-" "-"
198.54.114.83 - - [15/Apr/2025:01:22:56 -0400] "POST /wp-cron.php?doing_wp_cron=1744694575.8188929557800292968750 HTTP/1.1" 200 0 "-" "WordPress/6.7.2; https://bakingsecurityin.com"
51.222.253.16 - - [15/Apr/2025:01:22:55 -0400] "GET /die-zuverlassige-umzugsfirma-in-luneburg/ HTTP/1.1" 200 0 "-" "Mozilla/5.0 (compatible; AhrefsBot/7.0; +http://ahrefs.com/robot/)"
198.54.114.83 - - [15/Apr/2025:01:22:57 -0400] "POST /wp-admin/admin-ajax.php?action=async_litespeed&nonce=bpMlyMsW01bEMctjdZpstw1w29zvGwR2&litespeed_type=imgoptm HTTP/1.1" 200 0 "-" "WordPress/6.7.2; https://bakingsecurityin.com"
195.2.71.225 - - [15/Apr/2025:01:23:07 -0400] "GET /a-journey-into-skincare/ HTTP/1.1" 200 0 "https://bakingsecurityin.com/a-journey-into-skincare/" "Mozilla/5.0 (Windows NT 10.0; Win64; x64) AppleWebKit/537.36 (KHTML, like Gecko) Chrome/131.0.0.0 Safari/537.36"
195.2.71.225 - - [15/Apr/2025:01:23:09 -0400] "GET / HTTP/1.1" 200 0 "https://bakingsecurityin.com/" "Mozilla/5.0 (Windows NT 10.0; Win64; x64) AppleWebKit/537.36 (KHTML, like Gecko) Chrome/131.0.0.0 Safari/537.36"
51.222.253.11 - - [15/Apr/2025:01:25:17 -0400] "GET /the-components-of-audiovisual-rental/ HTTP/1.1" 200 0 "-" "Mozilla/5.0 (compatible; AhrefsBot/7.0; +http://ahrefs.com/robot/)"
195.2.79.165 - - [15/Apr/2025:01:26:37 -0400] "GET /a-journey-into-skincare/ HTTP/1.1" 200 0 "https://bakingsecurityin.com/a-journey-into-skincare/" "Mozilla/5.0 (Windows NT 10.0; Win64; x64) AppleWebKit/537.36 (KHTML, like Gecko) Chrome/130.0.0.0 Safari/537.36 CCleaner/130.0.0.0"
195.2.79.165 - - [15/Apr/2025:01:26:38 -0400] "GET /a-journey-into-skincare/ HTTP/1.1" 200 0 "https://bakingsecurityin.com/a-journey-into-skincare/" "Mozilla/5.0 (Windows NT 10.0; Win64; x64) AppleWebKit/537.36 (KHTML, like Gecko) Chrome/131.0.0.0 Safari/537.36 Avast/131.0.0.0"
195.2.79.165 - - [15/Apr/2025:01:26:39 -0400] "GET / HTTP/1.1" 200 0 "https://bakingsecurityin.com/" "Mozilla/5.0 (Windows NT 10.0; Win64; x64) AppleWebKit/537.36 (KHTML, like Gecko) Chrome/130.0.0.0 Safari/537.36 CCleaner/130.0.0.0"
195.2.79.165 - - [15/Apr/2025:01:26:39 -0400] "GET / HTTP/1.1" 200 0 "https://bakingsecurityin.com/" "Mozilla/5.0 (Windows NT 10.0; Win64; x64) AppleWebKit/537.36 (KHTML, like Gecko) Chrome/131.0.0.0 Safari/537.36 Avast/131.0.0.0"
198.54.114.83 - - [15/Apr/2025:01:27:41 -0400] "POST /wp-cron.php?doing_wp_cron=1744694861.2594819068908691406250 HTTP/1.1" 200 0 "-" "WordPress/6.7.2; https://bakingsecurityin.com"
51.222.253.14 - - [15/Apr/2025:01:27:40 -0400] "GET /die-besten-umzugsdienste-in-luneburg/ HTTP/1.1" 200 0 "-" "Mozilla/5.0 (compatible; AhrefsBot/7.0; +http://ahrefs.com/robot/)"
198.54.114.83 - - [15/Apr/2025:01:27:43 -0400] "POST /wp-admin/admin-ajax.php?action=async_litespeed&nonce=mZqujO6queU6Aa02RRP6POpj4faVbDQe&litespeed_type=imgoptm HTTP/1.1" 200 0 "-" "WordPress/6.7.2; https://bakingsecurityin.com"
51.222.253.7 - - [15/Apr/2025:01:30:22 -0400] "GET /the-weighted-stuffed-animal/ HTTP/1.1" 200 0 "-" "Mozilla/5.0 (compatible; AhrefsBot/7.0; +http://ahrefs.com/robot/)"
198.54.114.83 - - [15/Apr/2025:01:30:27 -0400] "POST /wp-cron.php?doing_wp_cron=1744695026.1176409721374511718750 HTTP/1.1" 200 0 "-" "WordPress/6.7.2; https://bakingsecurityin.com"
198.54.114.83 - - [15/Apr/2025:01:32:30 -0400] "POST /wp-cron.php?doing_wp_cron=1744695150.0127959251403808593750 HTTP/1.1" 200 0 "-" "WordPress/6.7.2; https://bakingsecurityin.com"
51.222.253.8 - - [15/Apr/2025:01:32:26 -0400] "GET /category/activity/page/4/ HTTP/1.1" 200 0 "-" "Mozilla/5.0 (compatible; AhrefsBot/7.0; +http://ahrefs.com/robot/)"
198.54.114.83 - - [15/Apr/2025:01:32:32 -0400] "POST /wp-admin/admin-ajax.php?action=async_litespeed&nonce=AL20gsV61MR42YIatKh0up4h4FSFfojq&litespeed_type=imgoptm HTTP/1.1" 200 0 "-" "WordPress/6.7.2; https://bakingsecurityin.com"
51.222.253.14 - - [15/Apr/2025:01:34:42 -0400] "GET /how-to-use-youtube-favorite-to-organize-your-videos-and-favorite-content/ HTTP/1.1" 200 0 "-" "Mozilla/5.0 (compatible; AhrefsBot/7.0; +http://ahrefs.com/robot/)"
51.222.253.7 - - [15/Apr/2025:01:37:04 -0400] "GET /a-michael-kors-satchel-bag-is-the-perfect-accessory-to-any-outfit/ HTTP/1.1" 200 0 "-" "Mozilla/5.0 (compatible; AhrefsBot/7.0; +http://ahrefs.com/robot/)"
51.222.253.8 - - [15/Apr/2025:01:39:39 -0400] "GET /umzugsunternehmen-in-luneburg-ihr-partner-fur-stressfreie-umzuge/ HTTP/1.1" 200 0 "-" "Mozilla/5.0 (compatible; AhrefsBot/7.0; +http://ahrefs.com/robot/)"
51.222.253.6 - - [15/Apr/2025:01:42:03 -0400] "GET /essentially-the-best-gathering-halloween-ensembles/ HTTP/1.1" 200 0 "-" "Mozilla/5.0 (compatible; AhrefsBot/7.0; +http://ahrefs.com/robot/)"
198.54.114.83 - - [15/Apr/2025:01:42:32 -0400] "POST /wp-admin/admin-ajax.php?action=async_litespeed&nonce=MP4FlOuFZZgsQvOWOb7dROkII3Hdr1UH&litespeed_type=imgoptm HTTP/1.1" 200 0 "-" "WordPress/6.7.2; https://bakingsecurityin.com"
198.54.114.83 - - [15/Apr/2025:01:44:12 -0400] "POST /wp-cron.php?doing_wp_cron=1744695851.1919150352478027343750 HTTP/1.1" 200 0 "-" "WordPress/6.7.2; https://bakingsecurityin.com"
85.208.96.200 - - [15/Apr/2025:01:44:09 -0400] "GET /caregiver-jobs-near-me-2/ HTTP/1.1" 200 0 "-" "Mozilla/5.0 (compatible; SemrushBot/7~bl; +http://www.semrush.com/bot.html)"
198.54.114.83 - - [15/Apr/2025:01:44:15 -0400] "POST /wp-admin/admin-ajax.php?action=async_litespeed&nonce=OmooBJW9IVjqARRjBbohJRJGO1SeWmEL&litespeed_type=imgoptm HTTP/1.1" 200 0 "-" "WordPress/6.7.2; https://bakingsecurityin.com"
51.222.253.12 - - [15/Apr/2025:01:44:27 -0400] "GET /der-ideale-partner-fur-ihren-umzug-in-hamburg/ HTTP/1.1" 200 0 "-" "Mozilla/5.0 (compatible; AhrefsBot/7.0; +http://ahrefs.com/robot/)"
212.102.39.202 - - [15/Apr/2025:01:44:36 -0400] "GET /a-buyers-guide-to-uk-cbd-gummies HTTP/1.1" 301 0 "-" "Mozilla/5.0 (Windows NT 10.0; Win64; x64) AppleWebKit/537.36 (KHTML, like Gecko) Chrome/114.0.0.0 Safari/537.36"
212.102.39.202 - - [15/Apr/2025:01:44:39 -0400] "GET /a-buyers-guide-to-uk-cbd-gummies/ HTTP/1.1" 200 0 "https://bakingsecurityin.com/a-buyers-guide-to-uk-cbd-gummies" "Mozilla/5.0 (Windows NT 10.0; Win64; x64) AppleWebKit/537.36 (KHTML, like Gecko) Chrome/114.0.0.0 Safari/537.36"
129.226.135.104 - - [15/Apr/2025:01:45:55 -0400] "GET /how-to-make-a-community-post-on-youtube/ HTTP/1.1" 200 0 "-" "Python/3.10 aiohttp/3.10.5"
198.54.114.83 - - [15/Apr/2025:01:45:59 -0400] "POST /wp-cron.php?doing_wp_cron=1744695957.8887140750885009765625 HTTP/1.1" 200 0 "-" "WordPress/6.7.2; https://bakingsecurityin.com"
178.20.45.182 - - [15/Apr/2025:01:46:42 -0400] "GET /how-does-red-light-therapy-work/ HTTP/1.1" 200 0 "https://bakingsecurityin.com/how-does-red-light-therapy-work/#comment-10841/" "Mozilla/5.0 (Windows NT 10.0; Win64; x64) AppleWebKit/537.36 (KHTML, like Gecko) Chrome/130.0.0.0 Safari/537.36 CCleaner/130.0.0.0"
51.222.253.5 - - [15/Apr/2025:01:46:43 -0400] "GET /ev-charging-modes/ HTTP/1.1" 200 0 "-" "Mozilla/5.0 (compatible; AhrefsBot/7.0; +http://ahrefs.com/robot/)"
178.20.45.182 - - [15/Apr/2025:01:46:45 -0400] "GET / HTTP/1.1" 200 0 "https://bakingsecurityin.com/" "Mozilla/5.0 (Windows NT 10.0; Win64; x64) AppleWebKit/537.36 (KHTML, like Gecko) Chrome/130.0.0.0 Safari/537.36 CCleaner/130.0.0.0"
198.54.114.83 - - [15/Apr/2025:01:48:37 -0400] "POST /wp-cron.php?doing_wp_cron=1744696116.8904049396514892578125 HTTP/1.1" 200 0 "-" "WordPress/6.7.2; https://bakingsecurityin.com"
101.32.178.116 - - [15/Apr/2025:01:48:34 -0400] "GET /how-to-do-the-ask-me-anything-on-snapchat/ HTTP/1.1" 200 0 "-" "Python/3.10 aiohttp/3.10.5"
198.54.114.83 - - [15/Apr/2025:01:48:39 -0400] "POST /wp-admin/admin-ajax.php?action=async_litespeed&nonce=4BMVNDsntJhhc5aUk7WWOeZNk8aJFzdH&litespeed_type=imgoptm HTTP/1.1" 200 0 "-" "WordPress/6.7.2; https://bakingsecurityin.com"
198.54.114.83 - - [15/Apr/2025:01:49:08 -0400] "POST /wp-cron.php?doing_wp_cron=1744696147.8599588871002197265625 HTTP/1.1" 200 0 "-" "WordPress/6.7.2; https://bakingsecurityin.com"
51.222.253.13 - - [15/Apr/2025:01:49:07 -0400] "GET /category/activity/page/31/ HTTP/1.1" 200 0 "-" "Mozilla/5.0 (compatible; AhrefsBot/7.0; +http://ahrefs.com/robot/)"
198.54.114.83 - - [15/Apr/2025:01:49:10 -0400] "POST /wp-admin/admin-ajax.php?action=async_litespeed&nonce=UUXgKJpE9AMugMr5mbwodSWbcADGyMZc&litespeed_type=imgoptm HTTP/1.1" 200 0 "-" "WordPress/6.7.2; https://bakingsecurityin.com"
198.54.114.83 - - [15/Apr/2025:01:50:23 -0400] "POST /wp-admin/admin-ajax.php?action=async_litespeed&nonce=JJx0pu5jZKuSJ3fkgBgmo89n7luOmoYg&litespeed_type=imgoptm HTTP/1.1" 200 0 "-" "WordPress/6.7.2; https://bakingsecurityin.com"
51.222.253.10 - - [15/Apr/2025:01:51:36 -0400] "GET /page/45/ HTTP/1.1" 200 0 "-" "Mozilla/5.0 (compatible; AhrefsBot/7.0; +http://ahrefs.com/robot/)"
198.54.114.83 - - [15/Apr/2025:01:51:38 -0400] "POST /wp-cron.php?doing_wp_cron=1744696296.8751239776611328125000 HTTP/1.1" 200 0 "-" "WordPress/6.7.2; https://bakingsecurityin.com"
51.222.253.3 - - [15/Apr/2025:01:53:31 -0400] "GET /category/activity/page/33/ HTTP/1.1" 200 0 "-" "Mozilla/5.0 (compatible; AhrefsBot/7.0; +http://ahrefs.com/robot/)"
198.54.114.83 - - [15/Apr/2025:01:53:37 -0400] "POST /wp-cron.php?doing_wp_cron=1744696415.3344390392303466796875 HTTP/1.1" 200 0 "-" "WordPress/6.7.2; https://bakingsecurityin.com"
198.54.114.83 - - [15/Apr/2025:01:53:39 -0400] "POST /wp-admin/admin-ajax.php?action=async_litespeed&nonce=AFQlXVquJK1SKi15FviBlZacfmaNHP1t&litespeed_type=imgoptm HTTP/1.1" 200 0 "-" "WordPress/6.7.2; https://bakingsecurityin.com"
198.54.114.83 - - [15/Apr/2025:01:58:23 -0400] "POST /wp-admin/admin-ajax.php?action=async_litespeed&nonce=NoGPtZfZonEEE9yY0y3EJBgkJD4y0fQK&litespeed_type=imgoptm HTTP/1.1" 200 0 "-" "WordPress/6.7.2; https://bakingsecurityin.com"
51.222.253.11 - - [15/Apr/2025:02:00:31 -0400] "GET /get-the-most-out-of-conservatory-roofs-all-year-round/ HTTP/1.1" 200 0 "-" "Mozilla/5.0 (compatible; AhrefsBot/7.0; +http://ahrefs.com/robot/)"
198.54.114.83 - - [15/Apr/2025:02:00:36 -0400] "POST /wp-cron.php?doing_wp_cron=1744696834.5019021034240722656250 HTTP/1.1" 200 0 "-" "WordPress/6.7.2; https://bakingsecurityin.com"
43.154.194.33 - - [15/Apr/2025:02:01:09 -0400] "GET /low-cost-or-free-things-to-do-in-sydney/ HTTP/1.1" 200 0 "-" "Python/3.10 aiohttp/3.10.5"
198.54.114.83 - - [15/Apr/2025:02:01:48 -0400] "POST /wp-cron.php?doing_wp_cron=1744696907.6750121116638183593750 HTTP/1.1" 200 0 "-" "WordPress/6.7.2; https://bakingsecurityin.com"
98.85.82.111 - - [15/Apr/2025:02:01:47 -0400] "GET /mens-boxershorts/ HTTP/1.1" 200 0 "-" "Grammarly/1.0 (http://www.grammarly.com)"
198.54.114.83 - - [15/Apr/2025:02:01:51 -0400] "POST /wp-admin/admin-ajax.php?action=async_litespeed&nonce=tNrSC41v8sGEsBcX66V0TzSXUwH5LCpZ&litespeed_type=imgoptm HTTP/1.1" 200 0 "-" "WordPress/6.7.2; https://bakingsecurityin.com"
129.226.176.123 - - [15/Apr/2025:02:02:08 -0400] "GET /how-to-get-the-most-out-of-a-rental-led-screen/ HTTP/1.1" 200 0 "-" "Python/3.10 aiohttp/3.10.5"
198.54.114.83 - - [15/Apr/2025:02:02:11 -0400] "POST /wp-cron.php?doing_wp_cron=1744696928.3309719562530517578125 HTTP/1.1" 200 0 "-" "WordPress/6.7.2; https://bakingsecurityin.com"
178.20.44.82 - - [15/Apr/2025:02:04:18 -0400] "GET /how-does-red-light-therapy-work/ HTTP/1.1" 200 0 "https://bakingsecurityin.com/how-does-red-light-therapy-work/#comment-9557/" "Mozilla/5.0 (Windows NT 10.0; Win64; x64) AppleWebKit/537.36 (KHTML, like Gecko) Chrome/129.0.0.0 Safari/537.36"
178.20.44.82 - - [15/Apr/2025:02:04:20 -0400] "GET / HTTP/1.1" 200 0 "https://bakingsecurityin.com/" "Mozilla/5.0 (Windows NT 10.0; Win64; x64) AppleWebKit/537.36 (KHTML, like Gecko) Chrome/129.0.0.0 Safari/537.36"
198.54.114.83 - - [15/Apr/2025:02:04:26 -0400] "POST /wp-cron.php?doing_wp_cron=1744697064.1130340099334716796875 HTTP/1.1" 200 0 "-" "WordPress/6.7.2; https://bakingsecurityin.com"
51.222.253.3 - - [15/Apr/2025:02:05:12 -0400] "GET /5-key-features-to-look-for-in-a-womans-cosmetic-bag/ HTTP/1.1" 200 0 "-" "Mozilla/5.0 (compatible; AhrefsBot/7.0; +http://ahrefs.com/robot/)"
198.54.114.83 - - [15/Apr/2025:02:06:21 -0400] "POST /wp-admin/admin-ajax.php?action=async_litespeed&nonce=kn0PIu2uKJrY2joysBVpf8ZWL0KDR7vI&litespeed_type=imgoptm HTTP/1.1" 200 0 "-" "WordPress/6.7.2; https://bakingsecurityin.com"
62.113.113.162 - - [15/Apr/2025:02:07:23 -0400] "GET /a-journey-into-skincare/ HTTP/1.1" 200 0 "https://bakingsecurityin.com/a-journey-into-skincare/" "Mozilla/5.0 (Windows NT 10.0; Win64; x64) AppleWebKit/537.36 (KHTML, like Gecko) Chrome/129.0.0.0 Safari/537.36"
198.54.114.83 - - [15/Apr/2025:02:07:26 -0400] "POST /wp-cron.php?doing_wp_cron=1744697245.8716540336608886718750 HTTP/1.1" 200 0 "-" "WordPress/6.7.2; https://bakingsecurityin.com"
62.113.113.162 - - [15/Apr/2025:02:07:25 -0400] "GET / HTTP/1.1" 200 0 "https://bakingsecurityin.com/" "Mozilla/5.0 (Windows NT 10.0; Win64; x64) AppleWebKit/537.36 (KHTML, like Gecko) Chrome/129.0.0.0 Safari/537.36"
198.54.114.83 - - [15/Apr/2025:02:07:28 -0400] "POST /wp-admin/admin-ajax.php?action=async_litespeed&nonce=5V93gvrHL3T6NJOMl7yo1JdjnZOQLrKn&litespeed_type=imgoptm HTTP/1.1" 200 0 "-" "WordPress/6.7.2; https://bakingsecurityin.com"
51.222.253.20 - - [15/Apr/2025:02:09:55 -0400] "GET /silver-kiddush-cup-2/ HTTP/1.1" 200 0 "-" "Mozilla/5.0 (compatible; AhrefsBot/7.0; +http://ahrefs.com/robot/)"
198.54.114.83 - - [15/Apr/2025:02:14:23 -0400] "POST /wp-admin/admin-ajax.php?action=async_litespeed&nonce=TjR0w5rUUKyN8EJv2cwCPuOaIkIqP060&litespeed_type=imgoptm HTTP/1.1" 200 0 "-" "WordPress/6.7.2; https://bakingsecurityin.com"
51.222.253.17 - - [15/Apr/2025:02:15:08 -0400] "GET /1st-anniversary-gifts/ HTTP/1.1" 200 0 "-" "Mozilla/5.0 (compatible; AhrefsBot/7.0; +http://ahrefs.com/robot/)"
198.54.114.83 - - [15/Apr/2025:02:15:12 -0400] "POST /wp-cron.php?doing_wp_cron=1744697708.5046999454498291015625 HTTP/1.1" 200 0 "-" "WordPress/6.7.2; https://bakingsecurityin.com"
124.156.119.193 - - [15/Apr/2025:02:15:56 -0400] "GET /advertising-led-display/ HTTP/1.1" 200 0 "-" "Python/3.10 aiohttp/3.10.5"
124.156.119.193 - - [15/Apr/2025:02:15:56 -0400] "GET /the-art-of-outright-tennis-betting-lesson-2-course-distance-form/ HTTP/1.1" 200 0 "-" "Python/3.10 aiohttp/3.10.5"
198.54.114.83 - - [15/Apr/2025:02:16:14 -0400] "POST /wp-cron.php?doing_wp_cron=1744697773.9816060066223144531250 HTTP/1.1" 200 0 "-" "WordPress/6.7.2; https://bakingsecurityin.com"
136.243.228.193 - - [15/Apr/2025:02:16:13 -0400] "GET /house-cleaning-services-in-bangalore/ HTTP/1.1" 200 0 "-" "Mozilla/5.0 (compatible; DataForSeoBot/1.0; +https://dataforseo.com/dataforseo-bot)"
198.54.114.83 - - [15/Apr/2025:02:16:16 -0400] "POST /wp-admin/admin-ajax.php?action=async_litespeed&nonce=cTuoJkrMOcTSdWCUIxtXO6pfjrVw0LbM&litespeed_type=imgoptm HTTP/1.1" 200 0 "-" "WordPress/6.7.2; https://bakingsecurityin.com"
198.54.114.83 - - [15/Apr/2025:02:19:04 -0400] "POST /wp-cron.php?doing_wp_cron=1744697943.5194520950317382812500 HTTP/1.1" 200 0 "-" "WordPress/6.7.2; https://bakingsecurityin.com"
85.208.96.194 - - [15/Apr/2025:02:19:01 -0400] "GET /exploring-tranquility-the-chuan-park-experience/ HTTP/1.1" 200 0 "-" "Mozilla/5.0 (compatible; SemrushBot/7~bl; +http://www.semrush.com/bot.html)"
198.54.114.83 - - [15/Apr/2025:02:19:05 -0400] "POST /wp-admin/admin-ajax.php?action=async_litespeed&nonce=yuzeemcFPdBoA2PUfbYT6BFmwjL3YNPg&litespeed_type=imgoptm HTTP/1.1" 200 0 "-" "WordPress/6.7.2; https://bakingsecurityin.com"
119.28.176.145 - - [15/Apr/2025:02:19:47 -0400] "GET /how-to-turn-off-voice-control-when-your-iphone-is-locked/ HTTP/1.1" 200 0 "-" "Python/3.10 aiohttp/3.10.5"
51.222.253.6 - - [15/Apr/2025:02:19:50 -0400] "GET /fall-prevention-using-custom-non-slip-socks/ HTTP/1.1" 200 0 "-" "Mozilla/5.0 (compatible; AhrefsBot/7.0; +http://ahrefs.com/robot/)"
198.54.114.83 - - [15/Apr/2025:02:21:04 -0400] "POST /wp-cron.php?doing_wp_cron=1744698063.0131878852844238281250 HTTP/1.1" 200 0 "-" "WordPress/6.7.2; https://bakingsecurityin.com"
129.226.128.49 - - [15/Apr/2025:02:21:02 -0400] "GET /the-new-eldorado-video-streaming-and-streaming-video-content-production/ HTTP/1.1" 200 0 "-" "Python/3.10 aiohttp/3.10.5"
198.54.114.83 - - [15/Apr/2025:02:21:05 -0400] "POST /wp-admin/admin-ajax.php?action=async_litespeed&nonce=LS7j8ZIkf4tvuyNxvpUtE00x6x2dAEPM&litespeed_type=imgoptm HTTP/1.1" 200 0 "-" "WordPress/6.7.2; https://bakingsecurityin.com"
43.129.84.140 - - [15/Apr/2025:02:21:17 -0400] "GET /how-to-send-large-files-with-ease/ HTTP/1.1" 200 0 "-" "Python/3.10 aiohttp/3.10.5"
198.54.114.83 - - [15/Apr/2025:02:23:23 -0400] "POST /wp-cron.php?doing_wp_cron=1744698202.5803630352020263671875 HTTP/1.1" 200 0 "-" "WordPress/6.7.2; https://bakingsecurityin.com"
85.208.96.209 - - [15/Apr/2025:02:23:22 -0400] "GET /oribe-hair-products/ HTTP/1.1" 200 0 "-" "Mozilla/5.0 (compatible; SemrushBot/7~bl; +http://www.semrush.com/bot.html)"
198.54.114.83 - - [15/Apr/2025:02:23:24 -0400] "POST /wp-admin/admin-ajax.php?action=async_litespeed&nonce=Hy9fm3LeMRjTUwoF48HGA2WrKUpZ5K4v&litespeed_type=imgoptm HTTP/1.1" 200 0 "-" "WordPress/6.7.2; https://bakingsecurityin.com"
3.143.254.11 - - [15/Apr/2025:02:23:38 -0400] "GET /robots.txt HTTP/1.1" 304 0 "-" "Mozilla/5.0 AppleWebKit/537.36 (KHTML, like Gecko; compatible; ClaudeBot/1.0; +claudebot@anthropic.com)"
3.143.254.11 - - [15/Apr/2025:02:23:39 -0400] "GET /programmatic-ads-in-dubai HTTP/1.1" 301 0 "-" "Mozilla/5.0 AppleWebKit/537.36 (KHTML, like Gecko; compatible; ClaudeBot/1.0; +claudebot@anthropic.com)"
3.143.254.11 - - [15/Apr/2025:02:23:40 -0400] "GET /programmatic-ads-in-dubai/ HTTP/1.1" 200 0 "https://bakingsecurityin.com/programmatic-ads-in-dubai" "Mozilla/5.0 AppleWebKit/537.36 (KHTML, like Gecko; compatible; ClaudeBot/1.0; +claudebot@anthropic.com)"
178.20.47.39 - - [15/Apr/2025:02:23:44 -0400] "GET /a-journey-into-skincare/ HTTP/1.1" 200 0 "https://bakingsecurityin.com/a-journey-into-skincare/" "Mozilla/5.0 (Windows NT 10.0; Win64; x64) AppleWebKit/537.36 (KHTML, like Gecko) Chrome/130.0.0.0 Safari/537.36 CCleaner/130.0.0.0"
178.20.47.39 - - [15/Apr/2025:02:23:45 -0400] "GET / HTTP/1.1" 200 0 "https://bakingsecurityin.com/" "Mozilla/5.0 (Windows NT 10.0; Win64; x64) AppleWebKit/537.36 (KHTML, like Gecko) Chrome/130.0.0.0 Safari/537.36 CCleaner/130.0.0.0"
51.222.253.14 - - [15/Apr/2025:02:24:46 -0400] "GET /okroshka-a-cold-russian-summer-soup/ HTTP/1.1" 200 0 "-" "Mozilla/5.0 (compatible; AhrefsBot/7.0; +http://ahrefs.com/robot/)"
43.154.125.44 - - [15/Apr/2025:02:29:26 -0400] "GET /how-to-style-street-wear-for-men/ HTTP/1.1" 200 0 "-" "Python/3.10 aiohttp/3.10.5"
198.54.114.83 - - [15/Apr/2025:02:29:42 -0400] "POST /wp-cron.php?doing_wp_cron=1744698581.3274130821228027343750 HTTP/1.1" 200 0 "-" "WordPress/6.7.2; https://bakingsecurityin.com"
51.222.253.1 - - [15/Apr/2025:02:29:37 -0400] "GET /youtube-buy-subscribers-buying-youtube-subscribers-shouldnt-be-the-only-focus-of-your-channel-growth-strategy/ HTTP/1.1" 200 0 "-" "Mozilla/5.0 (compatible; AhrefsBot/7.0; +http://ahrefs.com/robot/)"
198.54.114.83 - - [15/Apr/2025:02:29:44 -0400] "POST /wp-admin/admin-ajax.php?action=async_litespeed&nonce=0CnhieEkAQVTc8tZggp3y1Ol0dN5bO5s&litespeed_type=imgoptm HTTP/1.1" 200 0 "-" "WordPress/6.7.2; https://bakingsecurityin.com"
47.79.207.98 - - [15/Apr/2025:02:33:37 -0400] "GET / HTTP/1.1" 200 0 "https://www.google.com/" "Mozilla/5.0 (Linux; Android 10; K) AppleWebKit/537.36 (KHTML, like Gecko) Chrome/126.0.0.0 Mobile Safari/537.36"
198.54.114.83 - - [15/Apr/2025:02:33:44 -0400] "POST /wp-cron.php?doing_wp_cron=1744698822.6072731018066406250000 HTTP/1.1" 200 0 "-" "WordPress/6.7.2; https://bakingsecurityin.com"
51.222.253.17 - - [15/Apr/2025:02:34:25 -0400] "GET /german-class-in-london/ HTTP/1.1" 200 0 "-" "Mozilla/5.0 (compatible; AhrefsBot/7.0; +http://ahrefs.com/robot/)"
129.226.130.181 - - [15/Apr/2025:02:35:11 -0400] "GET /birdseye-cloth-diapers-cloth-diapering-simplicity/ HTTP/1.1" 200 0 "-" "Python/3.10 aiohttp/3.10.5"
198.54.114.83 - - [15/Apr/2025:02:35:15 -0400] "POST /wp-cron.php?doing_wp_cron=1744698911.3059608936309814453125 HTTP/1.1" 200 0 "-" "WordPress/6.7.2; https://bakingsecurityin.com"
198.54.114.83 - - [15/Apr/2025:02:35:19 -0400] "POST /wp-admin/admin-ajax.php?action=async_litespeed&nonce=CtM4EA5L2VeZy7DzjJS2kA6xo2rnQPNY&litespeed_type=imgoptm HTTP/1.1" 200 0 "-" "WordPress/6.7.2; https://bakingsecurityin.com"
150.109.114.17 - - [15/Apr/2025:02:37:23 -0400] "GET /vintage-persian-rugs/ HTTP/1.1" 500 905 "-" "Python/3.10 aiohttp/3.10.5"
51.222.253.18 - - [15/Apr/2025:02:39:12 -0400] "GET /how-fire-remediation-companies-work/ HTTP/1.1" 200 0 "-" "Mozilla/5.0 (compatible; AhrefsBot/7.0; +http://ahrefs.com/robot/)"
198.54.114.83 - - [15/Apr/2025:02:40:40 -0400] "POST /wp-cron.php?doing_wp_cron=1744699240.2610030174255371093750 HTTP/1.1" 200 0 "-" "WordPress/6.7.2; https://bakingsecurityin.com"
43.154.145.14 - - [15/Apr/2025:02:40:37 -0400] "GET /how-to-embed-a-video-in-google-slides/ HTTP/1.1" 200 0 "-" "Python/3.10 aiohttp/3.10.5"
198.54.114.83 - - [15/Apr/2025:02:40:41 -0400] "POST /wp-admin/admin-ajax.php?action=async_litespeed&nonce=SUP5dM3DErMcEOZymmY12dDcEJ2lo41O&litespeed_type=imgoptm HTTP/1.1" 200 0 "-" "WordPress/6.7.2; https://bakingsecurityin.com"
198.54.114.83 - - [15/Apr/2025:02:41:47 -0400] "POST /wp-admin/admin-ajax.php?action=async_litespeed&nonce=O0AfCufjcRGENjlYQXmKRUFh881hDJo0&litespeed_type=imgoptm HTTP/1.1" 200 0 "-" "WordPress/6.7.2; https://bakingsecurityin.com"
198.54.114.83 - - [15/Apr/2025:02:44:08 -0400] "POST /wp-cron.php?doing_wp_cron=1744699447.6686849594116210937500 HTTP/1.1" 200 0 "-" "WordPress/6.7.2; https://bakingsecurityin.com"
51.222.253.20 - - [15/Apr/2025:02:44:04 -0400] "GET /fenbendazole-and-its-use-for-cancer-treatment-in-the-netherlands/ HTTP/1.1" 200 0 "-" "Mozilla/5.0 (compatible; AhrefsBot/7.0; +http://ahrefs.com/robot/)"
198.54.114.83 - - [15/Apr/2025:02:44:09 -0400] "POST /wp-admin/admin-ajax.php?action=async_litespeed&nonce=U9yrHLOrubtq0CcZNMy3IU8DxliLmRug&litespeed_type=imgoptm HTTP/1.1" 200 0 "-" "WordPress/6.7.2; https://bakingsecurityin.com"
129.226.69.173 - - [15/Apr/2025:02:44:14 -0400] "GET /how-to-find-a-mediator-near-me/ HTTP/1.1" 200 0 "-" "Python/3.10 aiohttp/3.10.5"
47.128.54.153 - - [15/Apr/2025:02:44:18 -0400] "GET /robots.txt HTTP/1.1" 304 0 "-" "Mozilla/5.0 (Linux; Android 5.0) AppleWebKit/537.36 (KHTML, like Gecko) Mobile Safari/537.36 (compatible; Bytespider; spider-feedback@bytedance.com)"
111.225.149.204 - - [15/Apr/2025:02:44:25 -0400] "GET /robots.txt HTTP/1.1" 304 0 "-" "Mozilla/5.0 (Linux; Android 5.0) AppleWebKit/537.36 (KHTML, like Gecko) Mobile Safari/537.36 (compatible; Bytespider; https://zhanzhang.toutiao.com/)"
43.128.36.137 - - [15/Apr/2025:02:47:09 -0400] "GET /blank-apparel-wholesale/ HTTP/1.1" 200 0 "-" "Python/3.10 aiohttp/3.10.5"
51.222.253.13 - - [15/Apr/2025:02:48:49 -0400] "GET /page/9/ HTTP/1.1" 200 0 "-" "Mozilla/5.0 (compatible; AhrefsBot/7.0; +http://ahrefs.com/robot/)"
