65.21.113.246 - - [16/Apr/2025:10:41:59 -0400] "GET /why-bitcoin-dedicated-servers-matter-for-cryptocurrency-operations/ HTTP/1.1" 200 0 "-" "Mozilla/5.0 (compatible; AwarioBot/1.0; +https://awario.com/bots.html)"
65.21.113.246 - - [16/Apr/2025:10:42:05 -0400] "GET /why-buy-grip-socks-bulk/ HTTP/1.1" 200 0 "-" "Mozilla/5.0 (compatible; AwarioBot/1.0; +https://awario.com/bots.html)"
65.21.113.246 - - [16/Apr/2025:10:42:10 -0400] "GET /why-choose-a-private-security-guard-company-for-your-protection/ HTTP/1.1" 200 0 "-" "Mozilla/5.0 (compatible; AwarioBot/1.0; +https://awario.com/bots.html)"
65.21.113.246 - - [16/Apr/2025:10:42:16 -0400] "GET /why-choose-windows-south-wales/ HTTP/1.1" 200 0 "-" "Mozilla/5.0 (compatible; AwarioBot/1.0; +https://awario.com/bots.html)"
65.21.113.246 - - [16/Apr/2025:10:42:23 -0400] "GET /why-dental-enrollment-organizations-might-turn-into-a-relic-of-days-gone-by/ HTTP/1.1" 200 0 "-" "Mozilla/5.0 (compatible; AwarioBot/1.0; +https://awario.com/bots.html)"
198.54.114.83 - - [16/Apr/2025:10:42:26 -0400] "POST /wp-cron.php?doing_wp_cron=1744814544.0448770523071289062500 HTTP/1.1" 200 0 "-" "WordPress/6.8; https://bakingsecurityin.com"
65.21.113.246 - - [16/Apr/2025:10:42:31 -0400] "GET /why-do-women-prefer-wholesale-clothing/ HTTP/1.1" 200 0 "-" "Mozilla/5.0 (compatible; AwarioBot/1.0; +https://awario.com/bots.html)"
65.21.113.246 - - [16/Apr/2025:10:42:36 -0400] "GET /why-does-my-phone-say-lte-instead-of-5g/ HTTP/1.1" 200 0 "-" "Mozilla/5.0 (compatible; AwarioBot/1.0; +https://awario.com/bots.html)"
65.21.113.246 - - [16/Apr/2025:10:42:43 -0400] "GET /why-it-is-beneficial-to-gamble-at-online-casinos/ HTTP/1.1" 200 0 "-" "Mozilla/5.0 (compatible; AwarioBot/1.0; +https://awario.com/bots.html)"
65.21.113.246 - - [16/Apr/2025:10:42:50 -0400] "GET /why-local-copywriters-are-good-for-your-business/ HTTP/1.1" 200 0 "-" "Mozilla/5.0 (compatible; AwarioBot/1.0; +https://awario.com/bots.html)"
65.21.113.246 - - [16/Apr/2025:10:42:57 -0400] "GET /why-should-children-be-encouraged-to-play-soccer/ HTTP/1.1" 200 0 "-" "Mozilla/5.0 (compatible; AwarioBot/1.0; +https://awario.com/bots.html)"
65.21.113.246 - - [16/Apr/2025:10:43:04 -0400] "GET /why-sports-grip-socks-are-important/ HTTP/1.1" 200 0 "-" "Mozilla/5.0 (compatible; AwarioBot/1.0; +https://awario.com/bots.html)"
65.21.113.246 - - [16/Apr/2025:10:43:12 -0400] "GET /why-the-name-ronaldo-is-so-popular-in-the-football-arena/ HTTP/1.1" 200 0 "-" "Mozilla/5.0 (compatible; AwarioBot/1.0; +https://awario.com/bots.html)"
43.154.251.2 - - [16/Apr/2025:10:43:12 -0400] "GET /silver-kiddush-cup/ HTTP/1.1" 200 0 "-" "Python/3.10 aiohttp/3.10.5"
65.21.113.246 - - [16/Apr/2025:10:43:29 -0400] "GET /why-you-need-a-drunk-driving-defense-lawyer/ HTTP/1.1" 200 0 "-" "Mozilla/5.0 (compatible; AwarioBot/1.0; +https://awario.com/bots.html)"
198.54.114.83 - - [16/Apr/2025:10:43:34 -0400] "POST /wp-cron.php?doing_wp_cron=1744814609.7364399433135986328125 HTTP/1.1" 200 0 "-" "WordPress/6.8; https://bakingsecurityin.com"
65.21.113.246 - - [16/Apr/2025:10:43:39 -0400] "GET /why-you-should-consider-a-job-at-a-ux-design-agency/ HTTP/1.1" 200 0 "-" "Mozilla/5.0 (compatible; AwarioBot/1.0; +https://awario.com/bots.html)"
185.223.234.20 - - [16/Apr/2025:10:43:56 -0400] "POST /xmlrpc.php HTTP/1.1" 200 186 "-" "Mozilla/5.0 (Macintosh; Intel Mac OS X 12_5) AppleWebKit/537.36 (KHTML, like Gecko) Chrome/114.0.0.0 Safari/537.36 Edg/114.0.1264.71"
65.21.113.246 - - [16/Apr/2025:10:44:14 -0400] "GET /why-you-should-hire-an-electrical-contractor/ HTTP/1.1" 200 0 "-" "Mozilla/5.0 (compatible; AwarioBot/1.0; +https://awario.com/bots.html)"
65.21.113.246 - - [16/Apr/2025:10:44:23 -0400] "GET /why-you-should-outsource-image-masking-services/ HTTP/1.1" 200 0 "-" "Mozilla/5.0 (compatible; AwarioBot/1.0; +https://awario.com/bots.html)"
65.21.113.246 - - [16/Apr/2025:10:44:32 -0400] "GET /wichtige-dinge-die-sie-bei-der-beauftragung-eines-hochzeitsfotografen-beachten-sollten/ HTTP/1.1" 200 0 "-" "Mozilla/5.0 (compatible; AwarioBot/1.0; +https://awario.com/bots.html)"
198.54.114.83 - - [16/Apr/2025:10:44:37 -0400] "POST /wp-cron.php?doing_wp_cron=1744814672.3776309490203857421875 HTTP/1.1" 200 0 "-" "WordPress/6.8; https://bakingsecurityin.com"
65.21.113.246 - - [16/Apr/2025:10:44:40 -0400] "GET /wie-bereitet-man-eine-gute-tasse-kaffee-zu/ HTTP/1.1" 200 0 "-" "Mozilla/5.0 (compatible; AwarioBot/1.0; +https://awario.com/bots.html)"
65.21.113.246 - - [16/Apr/2025:10:44:47 -0400] "GET /wie-man-ein-japanisches-katana-herstellt/ HTTP/1.1" 200 0 "-" "Mozilla/5.0 (compatible; AwarioBot/1.0; +https://awario.com/bots.html)"
65.21.113.246 - - [16/Apr/2025:10:45:09 -0400] "GET /wie-vertriebsautomatisierung-ihrem-unternehmen-helfen-kann/ HTTP/1.1" 200 0 "-" "Mozilla/5.0 (compatible; AwarioBot/1.0; +https://awario.com/bots.html)"
65.21.113.246 - - [16/Apr/2025:10:45:23 -0400] "GET /window-shutters-gateshead/ HTTP/1.1" 200 0 "-" "Mozilla/5.0 (compatible; AwarioBot/1.0; +https://awario.com/bots.html)"
51.222.253.16 - - [16/Apr/2025:10:45:38 -0400] "GET /manicure-equipment-whats-included-in-a-manicure-set/feed/ HTTP/1.1" 304 0 "-" "Mozilla/5.0 (compatible; AhrefsBot/7.0; +http://ahrefs.com/robot/)"
178.20.43.173 - - [16/Apr/2025:10:45:57 -0400] "GET /how-does-red-light-therapy-work/ HTTP/1.1" 200 0 "https://bakingsecurityin.com/how-does-red-light-therapy-work/#comment-10841/" "Mozilla/5.0 (Windows NT 10.0; Win64; x64) AppleWebKit/537.36 (KHTML, like Gecko) Chrome/130.0.0.0 Safari/537.36"
178.20.43.173 - - [16/Apr/2025:10:46:03 -0400] "GET / HTTP/1.1" 200 0 "https://bakingsecurityin.com/" "Mozilla/5.0 (Windows NT 10.0; Win64; x64) AppleWebKit/537.36 (KHTML, like Gecko) Chrome/130.0.0.0 Safari/537.36"
65.21.113.246 - - [16/Apr/2025:10:46:14 -0400] "GET /window-shutters-north-east/ HTTP/1.1" 200 0 "-" "Mozilla/5.0 (compatible; AwarioBot/1.0; +https://awario.com/bots.html)"
65.21.113.246 - - [16/Apr/2025:10:47:26 -0400] "GET /window-tinting-near-me/ HTTP/1.1" 200 0 "-" "Mozilla/5.0 (compatible; AwarioBot/1.0; +https://awario.com/bots.html)"
47.128.16.120 - - [16/Apr/2025:10:47:47 -0400] "GET / HTTP/1.1" 200 0 "-" "Mozilla/5.0 (Linux; Android 5.0) AppleWebKit/537.36 (KHTML, like Gecko) Mobile Safari/537.36 (compatible; TikTokSpider; ttspider-feedback@tiktok.com)"
65.21.113.246 - - [16/Apr/2025:10:47:51 -0400] "GET /wine-tours-willamette-valley/ HTTP/1.1" 200 0 "-" "Mozilla/5.0 (compatible; AwarioBot/1.0; +https://awario.com/bots.html)"
167.160.74.169 - - [16/Apr/2025:10:48:03 -0400] "GET / HTTP/1.1" 200 0 "-" "Mozilla/5.0 (Windows NT 10.0; Win64; x64) AppleWebKit/537.36 (KHTML, like Gecko) Chrome/114.0.0.0 Safari/537.36"
65.21.113.246 - - [16/Apr/2025:10:48:04 -0400] "GET /winston-churchills-guns-a-guide-to-his-private-armoury/ HTTP/1.1" 200 0 "-" "Mozilla/5.0 (compatible; AwarioBot/1.0; +https://awario.com/bots.html)"
107.20.196.188 - - [16/Apr/2025:10:48:12 -0400] "GET /take-your-business-to-the-next-level-with-strategic-planning/ HTTP/1.1" 200 0 "-" "Grammarly/1.0 (http://www.grammarly.com)"
65.21.113.246 - - [16/Apr/2025:10:48:17 -0400] "GET /women-small-business-loans/ HTTP/1.1" 200 0 "-" "Mozilla/5.0 (compatible; AwarioBot/1.0; +https://awario.com/bots.html)"
65.21.113.246 - - [16/Apr/2025:10:48:29 -0400] "GET /women-socks-how-to-find-the-best-ones/ HTTP/1.1" 200 0 "-" "Mozilla/5.0 (compatible; AwarioBot/1.0; +https://awario.com/bots.html)"
65.21.113.246 - - [16/Apr/2025:10:48:44 -0400] "GET /women-vasque-hiking-boots/ HTTP/1.1" 200 0 "-" "Mozilla/5.0 (compatible; AwarioBot/1.0; +https://awario.com/bots.html)"
65.21.113.246 - - [16/Apr/2025:10:49:05 -0400] "GET /yacht-rental-cancun-the-perfect-way-to-celebrate-a-special-occasion/ HTTP/1.1" 200 0 "-" "Mozilla/5.0 (compatible; AwarioBot/1.0; +https://awario.com/bots.html)"
65.21.113.246 - - [16/Apr/2025:10:49:18 -0400] "GET /yacht-rental-tulum-experience-the-magic-of-the-caribbean-sea-from-the-deck-of-a-luxury-yacht/ HTTP/1.1" 200 0 "-" "Mozilla/5.0 (compatible; AwarioBot/1.0; +https://awario.com/bots.html)"
65.21.113.246 - - [16/Apr/2025:10:49:35 -0400] "GET /your-everyday-expense-excursion/ HTTP/1.1" 200 0 "-" "Mozilla/5.0 (compatible; AwarioBot/1.0; +https://awario.com/bots.html)"
51.222.253.6 - - [16/Apr/2025:10:49:40 -0400] "GET /disaster-recovery-in-the-cloud/feed/ HTTP/1.1" 304 0 "-" "Mozilla/5.0 (compatible; AhrefsBot/7.0; +http://ahrefs.com/robot/)"
65.21.113.246 - - [16/Apr/2025:10:50:32 -0400] "GET /youtube-buy-subscribers-buying-youtube-subscribers-shouldnt-be-the-only-focus-of-your-channel-growth-strategy/ HTTP/1.1" 200 0 "-" "Mozilla/5.0 (compatible; AwarioBot/1.0; +https://awario.com/bots.html)"
65.21.113.246 - - [16/Apr/2025:10:50:46 -0400] "GET /youtube-comment-likes-buy-what-you-should-know/ HTTP/1.1" 200 0 "-" "Mozilla/5.0 (compatible; AwarioBot/1.0; +https://awario.com/bots.html)"
65.21.113.246 - - [16/Apr/2025:10:51:00 -0400] "GET /youtube-downloader-free-what-are-the-best-youtube-downloader-free-alternatives/ HTTP/1.1" 200 0 "-" "Mozilla/5.0 (compatible; AwarioBot/1.0; +https://awario.com/bots.html)"
85.208.96.194 - - [16/Apr/2025:10:51:32 -0400] "GET /facebook-agency-account-a-complete-solution-for-marketing-agencies/ HTTP/1.1" 200 0 "-" "Mozilla/5.0 (compatible; SemrushBot/7~bl; +http://www.semrush.com/bot.html)"
65.21.113.246 - - [16/Apr/2025:10:52:16 -0400] "GET /youtube-premium-1-year-review/ HTTP/1.1" 200 0 "-" "Mozilla/5.0 (compatible; AwarioBot/1.0; +https://awario.com/bots.html)"
65.21.113.246 - - [16/Apr/2025:10:52:31 -0400] "GET /youtube-secret-weapon-review/ HTTP/1.1" 200 0 "-" "Mozilla/5.0 (compatible; AwarioBot/1.0; +https://awario.com/bots.html)"
65.21.113.246 - - [16/Apr/2025:10:52:54 -0400] "GET /zuverlassiger-umzugsservice-in-luneburg/ HTTP/1.1" 200 0 "-" "Mozilla/5.0 (compatible; AwarioBot/1.0; +https://awario.com/bots.html)"
51.222.253.3 - - [16/Apr/2025:10:53:38 -0400] "GET /luxury-livery-service-at-your-doorstep/feed/ HTTP/1.1" 304 0 "-" "Mozilla/5.0 (compatible; AhrefsBot/7.0; +http://ahrefs.com/robot/)"
43.155.0.244 - - [16/Apr/2025:10:54:25 -0400] "GET /can-fenbendazole-be-used-as-a-cancer-treatment/ HTTP/1.1" 200 0 "-" "Python/3.10 aiohttp/3.10.5"
124.156.158.34 - - [16/Apr/2025:10:55:11 -0400] "GET /audit-engagement-letter-sample/ HTTP/1.1" 200 0 "-" "Python/3.10 aiohttp/3.10.5"
51.222.253.11 - - [16/Apr/2025:10:57:25 -0400] "GET /how-to-get-shares-on-tiktok/ HTTP/1.1" 200 0 "-" "Mozilla/5.0 (compatible; AhrefsBot/7.0; +http://ahrefs.com/robot/)"
136.243.228.193 - - [16/Apr/2025:10:58:12 -0400] "GET /respite-care-a-must-for-care-givers/ HTTP/1.1" 200 0 "-" "Mozilla/5.0 (compatible; DataForSeoBot/1.0; +https://dataforseo.com/dataforseo-bot)"
43.154.120.205 - - [16/Apr/2025:11:00:53 -0400] "GET /a-collection-of-minimalist-milestone-cards/ HTTP/1.1" 404 0 "-" "Python/3.10 aiohttp/3.10.5"
51.222.253.17 - - [16/Apr/2025:11:01:23 -0400] "GET /gucci-briefcases-for-women/feed/ HTTP/1.1" 200 390 "-" "Mozilla/5.0 (compatible; AhrefsBot/7.0; +http://ahrefs.com/robot/)"
51.222.253.2 - - [16/Apr/2025:11:05:16 -0400] "GET /which-it-certifications-are-right-for-you/feed/ HTTP/1.1" 200 418 "-" "Mozilla/5.0 (compatible; AhrefsBot/7.0; +http://ahrefs.com/robot/)"
85.208.98.29 - - [16/Apr/2025:11:06:10 -0400] "GET /food-ingredients-first-natural-colors/ HTTP/1.1" 200 0 "-" "Mozilla/5.0 (compatible; SemrushBot-BA; +http://www.semrush.com/bot.html)"
185.191.171.17 - - [16/Apr/2025:11:10:41 -0400] "GET /fda-otc-regulations-key-guidelines-for-over-the-counter-products/ HTTP/1.1" 200 0 "-" "Mozilla/5.0 (compatible; SemrushBot/7~bl; +http://www.semrush.com/bot.html)"
198.54.114.83 - - [16/Apr/2025:11:10:49 -0400] "POST /wp-cron.php?doing_wp_cron=1744816245.2909889221191406250000 HTTP/1.1" 200 0 "-" "WordPress/6.8; https://bakingsecurityin.com"
51.222.253.5 - - [16/Apr/2025:11:11:02 -0400] "GET /wp-sitemap.xml HTTP/1.1" 200 194 "-" "Mozilla/5.0 (compatible; AhrefsBot/7.0; +http://ahrefs.com/robot/)"
51.222.253.18 - - [16/Apr/2025:11:11:13 -0400] "GET /wp-sitemap-posts-post-1.xml HTTP/1.1" 200 32216 "-" "Mozilla/5.0 (compatible; AhrefsBot/7.0; +http://ahrefs.com/robot/)"
51.222.253.6 - - [16/Apr/2025:11:11:21 -0400] "GET /wp-sitemap-posts-page-1.xml HTTP/1.1" 200 214 "-" "Mozilla/5.0 (compatible; AhrefsBot/7.0; +http://ahrefs.com/robot/)"
51.222.253.5 - - [16/Apr/2025:11:11:28 -0400] "GET /wp-sitemap-taxonomies-category-1.xml HTTP/1.1" 200 206 "-" "Mozilla/5.0 (compatible; AhrefsBot/7.0; +http://ahrefs.com/robot/)"
51.222.253.15 - - [16/Apr/2025:11:11:36 -0400] "GET /wp-sitemap-users-1.xml HTTP/1.1" 200 170 "-" "Mozilla/5.0 (compatible; AhrefsBot/7.0; +http://ahrefs.com/robot/)"
85.208.96.211 - - [16/Apr/2025:11:11:47 -0400] "GET /voice-actor-training-things-you-should-know/ HTTP/1.1" 200 0 "-" "Mozilla/5.0 (compatible; SemrushBot/7~bl; +http://www.semrush.com/bot.html)"
119.28.52.89 - - [16/Apr/2025:11:16:51 -0400] "GET /pelvic-floor-repair/ HTTP/1.1" 200 0 "-" "Python/3.10 aiohttp/3.10.5"
198.54.114.83 - - [16/Apr/2025:11:16:56 -0400] "POST /wp-cron.php?doing_wp_cron=1744816614.1978778839111328125000 HTTP/1.1" 200 0 "-" "WordPress/6.8; https://bakingsecurityin.com"
51.222.253.6 - - [16/Apr/2025:11:16:59 -0400] "GET /enhancing-lives-through-occupational-therapy-in-dubai/ HTTP/1.1" 200 0 "-" "Mozilla/5.0 (compatible; AhrefsBot/7.0; +http://ahrefs.com/robot/)"
2802:8010:8b26:d000:5899:7a75:e11:7cee - - [16/Apr/2025:11:17:01 -0400] "POST /xmlrpc.php HTTP/1.1" 200 186 "-" "Mozilla/5.0 (Windows NT 10.0; Win64; x64) AppleWebKit/537.36 (KHTML, like Gecko) Chrome/91.0.4472.124 Safari/537.36"
129.226.49.42 - - [16/Apr/2025:11:17:43 -0400] "GET /knitting-as-a-tool-for-communication/ HTTP/1.1" 200 0 "-" "Python/3.10 aiohttp/3.10.5"
2802:8010:8b26:d000:5899:7a75:e11:7cee - - [16/Apr/2025:11:21:13 -0400] "GET /wp-json/wp/v2/users HTTP/1.1" 200 0 "-" "Mozilla/4.0 (compatible; Win32; WinHttp.WinHttpRequest.5)"
198.54.114.83 - - [16/Apr/2025:11:21:19 -0400] "POST /wp-cron.php?doing_wp_cron=1744816877.6012289524078369140625 HTTP/1.1" 200 0 "-" "WordPress/6.8; https://bakingsecurityin.com"
51.222.253.14 - - [16/Apr/2025:11:21:30 -0400] "GET /integrative-and-holistic-medicine/ HTTP/1.1" 200 0 "-" "Mozilla/5.0 (compatible; AhrefsBot/7.0; +http://ahrefs.com/robot/)"
107.175.149.167 - - [16/Apr/2025:11:22:34 -0400] "GET /a-journey-into-skincare/ HTTP/1.1" 200 0 "https://bakingsecurityin.com/a-journey-into-skincare/" "Mozilla/5.0 (Windows NT 10.0; Win64; x64) AppleWebKit/537.36 (KHTML, like Gecko) Chrome/130.0.0.0 Safari/537.36"
198.54.114.83 - - [16/Apr/2025:11:22:36 -0400] "POST /wp-cron.php?doing_wp_cron=1744816954.4664421081542968750000 HTTP/1.1" 200 0 "-" "WordPress/6.8; https://bakingsecurityin.com"
107.175.149.167 - - [16/Apr/2025:11:22:39 -0400] "GET / HTTP/1.1" 200 0 "https://bakingsecurityin.com/" "Mozilla/5.0 (Windows NT 10.0; Win64; x64) AppleWebKit/537.36 (KHTML, like Gecko) Chrome/130.0.0.0 Safari/537.36"
179.37.7.12 - - [16/Apr/2025:11:22:44 -0400] "POST /xmlrpc.php HTTP/1.1" 200 186 "-" "Mozilla/5.0 (Windows NT 10.0; Win64; x64) AppleWebKit/537.36 (KHTML, like Gecko) Chrome/91.0.4472.124 Safari/537.36"
179.37.7.12 - - [16/Apr/2025:11:24:30 -0400] "POST /xmlrpc.php HTTP/1.1" 200 186 "-" "Mozilla/5.0 (Windows NT 10.0; Win64; x64) AppleWebKit/537.36 (KHTML, like Gecko) Chrome/91.0.4472.124 Safari/537.36"
51.222.253.18 - - [16/Apr/2025:11:25:45 -0400] "GET /harnessing-the-power-of-live-transfer-leads/ HTTP/1.1" 200 0 "-" "Mozilla/5.0 (compatible; AhrefsBot/7.0; +http://ahrefs.com/robot/)"
198.54.114.83 - - [16/Apr/2025:11:25:49 -0400] "POST /wp-cron.php?doing_wp_cron=1744817146.0984261035919189453125 HTTP/1.1" 200 0 "-" "WordPress/6.8; https://bakingsecurityin.com"
198.54.114.83 - - [16/Apr/2025:11:25:53 -0400] "POST /wp-admin/admin-ajax.php?action=async_litespeed&nonce=SjUpUmHQtddEDjw9tvdwsRYISarmHmw8&litespeed_type=imgoptm HTTP/1.1" 200 0 "-" "WordPress/6.8; https://bakingsecurityin.com"
163.223.210.102 - - [16/Apr/2025:11:25:57 -0400] "GET /wp-config.txt HTTP/1.1" 404 0 "-" "Mozilla/5.0 (Macintosh; Intel Mac OS X 10_15_7) AppleWebKit/537.36 (KHTML, like Gecko) Chrome/91.0.4472.124 Safari/537.36"
136.243.228.193 - - [16/Apr/2025:11:29:30 -0400] "GET /korean-private-label-skincare/ HTTP/1.1" 200 0 "-" "Mozilla/5.0 (compatible; DataForSeoBot/1.0; +https://dataforseo.com/dataforseo-bot)"
198.54.114.83 - - [16/Apr/2025:11:29:36 -0400] "POST /wp-cron.php?doing_wp_cron=1744817374.0968129634857177734375 HTTP/1.1" 200 0 "-" "WordPress/6.8; https://bakingsecurityin.com"
51.222.253.11 - - [16/Apr/2025:11:29:59 -0400] "GET /praxisreinigung-luneburg/ HTTP/1.1" 200 0 "-" "Mozilla/5.0 (compatible; AhrefsBot/7.0; +http://ahrefs.com/robot/)"
43.154.194.33 - - [16/Apr/2025:11:32:57 -0400] "GET /skin-whitening-injection-and-glutathione/ HTTP/1.1" 200 0 "-" "Python/3.10 aiohttp/3.10.5"
198.54.114.83 - - [16/Apr/2025:11:33:03 -0400] "POST /wp-cron.php?doing_wp_cron=1744817580.9689021110534667968750 HTTP/1.1" 200 0 "-" "WordPress/6.8; https://bakingsecurityin.com"
51.222.253.8 - - [16/Apr/2025:11:33:37 -0400] "GET /how-to-use-youtube-live-to-grow-your-business/ HTTP/1.1" 200 0 "-" "Mozilla/5.0 (compatible; AhrefsBot/7.0; +http://ahrefs.com/robot/)"
51.222.253.19 - - [16/Apr/2025:11:37:24 -0400] "GET /tembusu-grand-the-first-green-and-smart-residential-area-in-singapore/ HTTP/1.1" 200 0 "-" "Mozilla/5.0 (compatible; AhrefsBot/7.0; +http://ahrefs.com/robot/)"
51.222.253.2 - - [16/Apr/2025:11:40:57 -0400] "GET /the-rise-of-omnivoid-xr/ HTTP/1.1" 200 0 "-" "Mozilla/5.0 (compatible; AhrefsBot/7.0; +http://ahrefs.com/robot/)"
43.132.120.183 - - [16/Apr/2025:11:41:45 -0400] "GET /buying-a-mini-blender/ HTTP/1.1" 200 0 "-" "Python/3.10 aiohttp/3.10.5"
198.54.114.83 - - [16/Apr/2025:11:41:52 -0400] "POST /wp-cron.php?doing_wp_cron=1744818109.5804638862609863281250 HTTP/1.1" 200 0 "-" "WordPress/6.8; https://bakingsecurityin.com"
51.222.253.9 - - [16/Apr/2025:11:44:18 -0400] "GET /gambling-sites-101/ HTTP/1.1" 200 0 "-" "Mozilla/5.0 (compatible; AhrefsBot/7.0; +http://ahrefs.com/robot/)"
85.208.98.16 - - [16/Apr/2025:11:45:43 -0400] "GET /food-ingredients-first-natural-colors/ HTTP/1.1" 200 0 "-" "Mozilla/5.0 (compatible; SemrushBot-BA; +http://www.semrush.com/bot.html)"
43.154.249.136 - - [16/Apr/2025:11:46:19 -0400] "GET /what-is-plumbing/ HTTP/1.1" 200 0 "-" "Python/3.10 aiohttp/3.10.5"
51.222.253.9 - - [16/Apr/2025:11:47:41 -0400] "GET /overview-of-fda-labeling-guidelines/ HTTP/1.1" 200 0 "-" "Mozilla/5.0 (compatible; AhrefsBot/7.0; +http://ahrefs.com/robot/)"
40.85.180.226 - - [16/Apr/2025:11:49:28 -0400] "GET /wp-admin/ HTTP/1.1" 302 0 "-" "-"
40.85.180.226 - - [16/Apr/2025:11:49:31 -0400] "GET /wp-login.php?redirect_to=https%3A%2F%2Fbakingsecurityin.com%2Fwp-admin%2F&reauth=1 HTTP/1.1" 200 1737 "-" "-"
40.85.180.226 - - [16/Apr/2025:11:49:46 -0400] "GET /wp-admin/network/ HTTP/1.1" 302 0 "-" "-"
198.54.114.83 - - [16/Apr/2025:11:49:46 -0400] "POST /wp-admin/admin-ajax.php?action=async_litespeed&nonce=upjXFTUcSkK7GYtcgLrE2bbEUKzvbRAC&litespeed_type=imgoptm HTTP/1.1" 200 0 "-" "WordPress/6.8; https://bakingsecurityin.com"
40.85.180.226 - - [16/Apr/2025:11:49:49 -0400] "GET /wp-login.php?redirect_to=https%3A%2F%2Fbakingsecurityin.com%2Fwp-admin%2Fnetwork%2F&reauth=1 HTTP/1.1" 200 1744 "-" "-"
40.85.180.226 - - [16/Apr/2025:11:50:23 -0400] "GET /wp-admin/ HTTP/1.1" 302 0 "-" "-"
240e:350:8003:aad8:4ecc:6a5e:5ff7:5ca9 - - [16/Apr/2025:11:50:22 -0400] "POST /wp-comments-post.php HTTP/1.1" 302 0 "-" "Mozilla/5.0 (Windows NT 10.0; Win64; x64) AppleWebKit/537.36 (KHTML, like Gecko) Chrome/108.0.0.0 Safari/537.36 Edg/108.0.1462.46"
198.54.114.83 - - [16/Apr/2025:11:50:25 -0400] "POST /wp-admin/admin-ajax.php?action=async_litespeed&nonce=nwtH3CH2N0wfFeXxivrqa2aTzLVS0075&litespeed_type=imgoptm HTTP/1.1" 200 0 "-" "WordPress/6.8; https://bakingsecurityin.com"
40.85.180.226 - - [16/Apr/2025:11:50:27 -0400] "GET /wp-login.php?redirect_to=https%3A%2F%2Fbakingsecurityin.com%2Fwp-admin%2F&reauth=1 HTTP/1.1" 200 1737 "-" "-"
240e:350:8003:aad8:4ecc:6a5e:5ff7:5ca9 - - [16/Apr/2025:11:50:28 -0400] "GET /the-most-effective-method-to-dress-in-india-apparel-tips-for-ladies/?unapproved=5024&moderation-hash=98484962d975635b91dfe1809a97625a HTTP/1.1" 200 0 "-" "Mozilla/5.0 (Windows NT 10.0; Win64; x64) AppleWebKit/537.36 (KHTML, like Gecko) Chrome/108.0.0.0 Safari/537.36 Edg/108.0.1462.46"
51.222.253.17 - - [16/Apr/2025:11:51:03 -0400] "GET /korean-private-label-skincare/ HTTP/1.1" 200 0 "-" "Mozilla/5.0 (compatible; AhrefsBot/7.0; +http://ahrefs.com/robot/)"
198.54.114.83 - - [16/Apr/2025:11:51:24 -0400] "POST /wp-admin/admin-ajax.php?action=async_litespeed&nonce=OvIJSUX1BrtPguUgTS6ILHF07ZPf4YfX&litespeed_type=imgoptm HTTP/1.1" 200 0 "-" "WordPress/6.8; https://bakingsecurityin.com"
43.132.134.51 - - [16/Apr/2025:11:51:59 -0400] "GET /the-rise-of-click-and-collect/ HTTP/1.1" 200 0 "-" "Python/3.10 aiohttp/3.10.5"
198.54.114.83 - - [16/Apr/2025:11:52:27 -0400] "POST /wp-admin/admin-ajax.php?action=async_litespeed&nonce=XXKXqhZOWdQ0Kwl04X8lfhxmBi7bgfrA&litespeed_type=imgoptm HTTP/1.1" 200 0 "-" "WordPress/6.8; https://bakingsecurityin.com"
40.85.180.226 - - [16/Apr/2025:11:53:20 -0400] "GET /wp-admin/user/ HTTP/1.1" 302 0 "-" "-"
198.54.114.83 - - [16/Apr/2025:11:53:22 -0400] "POST /wp-cron.php?doing_wp_cron=1744818800.7348930835723876953125 HTTP/1.1" 200 0 "-" "WordPress/6.8; https://bakingsecurityin.com"
40.85.180.226 - - [16/Apr/2025:11:53:22 -0400] "GET /wp-login.php?redirect_to=https%3A%2F%2Fbakingsecurityin.com%2Fwp-admin%2Fuser%2F&reauth=1 HTTP/1.1" 200 1743 "-" "-"
51.222.253.18 - - [16/Apr/2025:11:54:30 -0400] "GET /how-to-inject-peptides-into-living-organisms/ HTTP/1.1" 200 0 "-" "Mozilla/5.0 (compatible; AhrefsBot/7.0; +http://ahrefs.com/robot/)"
40.85.180.226 - - [16/Apr/2025:11:57:07 -0400] "GET /wp-login.php HTTP/1.1" 200 1737 "-" "-"
40.85.180.226 - - [16/Apr/2025:11:57:31 -0400] "GET /custom-brand-socks/ HTTP/1.1" 200 0 "-" "-"
51.222.253.12 - - [16/Apr/2025:11:57:54 -0400] "GET /sport-betting-systems-do-they-really-work-and-is-there-such-thing-as-a-free-sport-betting-system/feed/ HTTP/1.1" 304 0 "-" "Mozilla/5.0 (compatible; AhrefsBot/7.0; +http://ahrefs.com/robot/)"
40.85.180.226 - - [16/Apr/2025:11:58:16 -0400] "GET /wp-admin/ HTTP/1.1" 302 0 "-" "-"
40.85.180.226 - - [16/Apr/2025:11:58:18 -0400] "GET /wp-login.php?redirect_to=https%3A%2F%2Fbakingsecurityin.com%2Fwp-admin%2F&reauth=1 HTTP/1.1" 200 1737 "-" "-"
40.85.180.226 - - [16/Apr/2025:11:58:25 -0400] "GET /wp-admin/admin.php HTTP/1.1" 302 0 "-" "-"
40.85.180.226 - - [16/Apr/2025:11:58:29 -0400] "GET /wp-login.php?redirect_to=https%3A%2F%2Fbakingsecurityin.com%2Fwp-admin%2Fadmin.php&reauth=1 HTTP/1.1" 200 1742 "-" "-"
40.85.180.226 - - [16/Apr/2025:11:59:24 -0400] "GET /feed/atom/ HTTP/1.1" 200 423981 "-" "-"
198.54.114.83 - - [16/Apr/2025:11:59:46 -0400] "POST /wp-admin/admin-ajax.php?action=async_litespeed&nonce=haOVHbK3IOhdegkqeDYHZIOCYj0u7AiY&litespeed_type=imgoptm HTTP/1.1" 200 0 "-" "WordPress/6.8; https://bakingsecurityin.com"
136.243.228.193 - - [16/Apr/2025:12:00:03 -0400] "GET /set-screen-timeout-on-iphone/ HTTP/1.1" 200 0 "-" "Mozilla/5.0 (compatible; DataForSeoBot/1.0; +https://dataforseo.com/dataforseo-bot)"
47.79.197.11 - - [16/Apr/2025:12:00:17 -0400] "GET / HTTP/1.1" 200 0 "https://www.google.com/" "Mozilla/5.0 (Windows NT 10.0; Win64; x64) AppleWebKit/537.36 (KHTML, like Gecko) Chrome/132.0.0.0 Safari/537.36"
129.226.130.181 - - [16/Apr/2025:12:00:28 -0400] "GET /liquid-metal-thermal-paste/ HTTP/1.1" 200 0 "-" "Python/3.10 aiohttp/3.10.5"
185.191.171.12 - - [16/Apr/2025:12:01:10 -0400] "GET /robots.txt HTTP/1.1" 200 98 "-" "Mozilla/5.0 (compatible; SemrushBot/7~bl; +http://www.semrush.com/bot.html)"
85.208.96.209 - - [16/Apr/2025:12:01:16 -0400] "GET /powerball-only-sites/ HTTP/1.1" 200 0 "-" "Mozilla/5.0 (compatible; SemrushBot/7~bl; +http://www.semrush.com/bot.html)"
51.222.253.2 - - [16/Apr/2025:12:01:27 -0400] "GET /page/122/ HTTP/1.1" 200 0 "-" "Mozilla/5.0 (compatible; AhrefsBot/7.0; +http://ahrefs.com/robot/)"
198.54.114.83 - - [16/Apr/2025:12:01:34 -0400] "POST /wp-admin/admin-ajax.php?action=async_litespeed&nonce=lxM3uaYTZBd07wutyko2KZgl2BpoIYuj&litespeed_type=imgoptm HTTP/1.1" 200 0 "-" "WordPress/6.8; https://bakingsecurityin.com"
51.222.253.10 - - [16/Apr/2025:12:04:51 -0400] "GET /kitchen-cabinet-suppliers/ HTTP/1.1" 200 0 "-" "Mozilla/5.0 (compatible; AhrefsBot/7.0; +http://ahrefs.com/robot/)"
198.54.114.83 - - [16/Apr/2025:12:04:59 -0400] "POST /wp-cron.php?doing_wp_cron=1744819494.5261540412902832031250 HTTP/1.1" 200 0 "-" "WordPress/6.8; https://bakingsecurityin.com"
198.54.114.83 - - [16/Apr/2025:12:05:05 -0400] "POST /wp-admin/admin-ajax.php?action=async_litespeed&nonce=qzEZUnJaXlXrJiR4TIDioLs2h2gKAjbM&litespeed_type=imgoptm HTTP/1.1" 200 0 "-" "WordPress/6.8; https://bakingsecurityin.com"
54.36.148.92 - - [16/Apr/2025:12:08:06 -0400] "GET /robots.txt HTTP/1.1" 200 98 "-" "Mozilla/5.0 (compatible; AhrefsBot/7.0; +http://ahrefs.com/robot/)"
51.222.253.16 - - [16/Apr/2025:12:08:12 -0400] "GET /grip-socks-for-soccer/ HTTP/1.1" 200 0 "-" "Mozilla/5.0 (compatible; AhrefsBot/7.0; +http://ahrefs.com/robot/)"
198.54.114.83 - - [16/Apr/2025:12:08:20 -0400] "POST /wp-cron.php?doing_wp_cron=1744819695.3560240268707275390625 HTTP/1.1" 200 0 "-" "WordPress/6.8; https://bakingsecurityin.com"
198.54.114.83 - - [16/Apr/2025:12:08:25 -0400] "POST /wp-admin/admin-ajax.php?action=async_litespeed&nonce=XLkKkKuYMzrTGFvtImQk6DiMV17iCqGN&litespeed_type=imgoptm HTTP/1.1" 200 0 "-" "WordPress/6.8; https://bakingsecurityin.com"
122.8.183.78 - - [16/Apr/2025:12:09:49 -0400] "GET /top-free-webtoon-sites-for-manga-lovers/ HTTP/1.1" 200 0 "https://bakingsecurityin.com/top-free-webtoon-sites-for-manga-lovers/" "Mozilla/5.0 (Windows NT 10.0; Win64; x64) AppleWebKit/537.36 (KHTML, like Gecko) Chrome/101.0.4951.64 Safari/537.36 Edg/101.0.1210.47"
51.222.253.2 - - [16/Apr/2025:12:11:50 -0400] "GET /the-rise-of-electronic-warrants/feed/ HTTP/1.1" 304 0 "-" "Mozilla/5.0 (compatible; AhrefsBot/7.0; +http://ahrefs.com/robot/)"
198.54.114.83 - - [16/Apr/2025:12:11:55 -0400] "POST /wp-cron.php?doing_wp_cron=1744819911.1547570228576660156250 HTTP/1.1" 200 0 "-" "WordPress/6.8; https://bakingsecurityin.com"
43.132.134.51 - - [16/Apr/2025:12:14:24 -0400] "GET /selfie-time/ HTTP/1.1" 200 0 "-" "Python/3.10 aiohttp/3.10.5"
172.177.12.150 - - [16/Apr/2025:12:14:26 -0400] "HEAD /new-mega-launch-condo-at-dunman-road/ HTTP/1.1" 200 0 "http://bakingsecurityin.com/new" "Mozilla/5.0 (Windows NT 10.0; Win64; x64) AppleWebKit/537.36 (KHTML, like Gecko) Chrome/74.0.3729.169 Safari/537.36"
51.222.253.15 - - [16/Apr/2025:12:15:12 -0400] "GET /how-to-make-a-mug-personnalise/ HTTP/1.1" 200 0 "-" "Mozilla/5.0 (compatible; AhrefsBot/7.0; +http://ahrefs.com/robot/)"
51.222.253.3 - - [16/Apr/2025:12:18:34 -0400] "GET /lentoria-redefining-elegance-and-excellence/feed/ HTTP/1.1" 200 415 "-" "Mozilla/5.0 (compatible; AhrefsBot/7.0; +http://ahrefs.com/robot/)"
85.208.98.31 - - [16/Apr/2025:12:21:08 -0400] "GET /food-ingredients-first-natural-colors/ HTTP/1.1" 200 0 "-" "Mozilla/5.0 (compatible; SemrushBot-BA; +http://www.semrush.com/bot.html)"
51.222.253.15 - - [16/Apr/2025:12:22:04 -0400] "GET /aba-therapy-near-me/ HTTP/1.1" 200 0 "-" "Mozilla/5.0 (compatible; AhrefsBot/7.0; +http://ahrefs.com/robot/)"
43.154.251.2 - - [16/Apr/2025:12:25:23 -0400] "GET /instant-boiling-water-tap/ HTTP/1.1" 200 0 "-" "Python/3.10 aiohttp/3.10.5"
51.222.253.11 - - [16/Apr/2025:12:25:26 -0400] "GET /rv-refrigerator-cooling-fans/feed/ HTTP/1.1" 200 393 "-" "Mozilla/5.0 (compatible; AhrefsBot/7.0; +http://ahrefs.com/robot/)"
198.54.114.83 - - [16/Apr/2025:12:25:30 -0400] "POST /wp-cron.php?doing_wp_cron=1744820726.7760560512542724609375 HTTP/1.1" 200 0 "-" "WordPress/6.8; https://bakingsecurityin.com"
198.54.114.83 - - [16/Apr/2025:12:25:30 -0400] "POST /wp-cron.php?doing_wp_cron=1744820726.7163140773773193359375 HTTP/1.1" 200 0 "-" "WordPress/6.8; https://bakingsecurityin.com"
198.54.114.83 - - [16/Apr/2025:12:25:34 -0400] "POST /wp-admin/admin-ajax.php?action=async_litespeed&nonce=conkvkLeGR8Z0U0YDFzJeIe4owRdVDJL&litespeed_type=imgoptm HTTP/1.1" 200 0 "-" "WordPress/6.8; https://bakingsecurityin.com"
51.222.253.14 - - [16/Apr/2025:12:29:18 -0400] "GET /jden-capitaland-condos-in-singapore/feed/ HTTP/1.1" 200 401 "-" "Mozilla/5.0 (compatible; AhrefsBot/7.0; +http://ahrefs.com/robot/)"
198.54.114.83 - - [16/Apr/2025:12:29:25 -0400] "POST /wp-cron.php?doing_wp_cron=1744820961.7947781085968017578125 HTTP/1.1" 200 0 "-" "WordPress/6.8; https://bakingsecurityin.com"
198.54.114.83 - - [16/Apr/2025:12:29:28 -0400] "POST /wp-admin/admin-ajax.php?action=async_litespeed&nonce=z79ncOAduRxMZNO6lQV1YgJULHvcUNmp&litespeed_type=imgoptm HTTP/1.1" 200 0 "-" "WordPress/6.8; https://bakingsecurityin.com"
185.191.171.11 - - [16/Apr/2025:12:30:21 -0400] "GET /crazy-business-idea-youtube-theater/ HTTP/1.1" 200 0 "-" "Mozilla/5.0 (compatible; SemrushBot/7~bl; +http://www.semrush.com/bot.html)"
136.243.228.193 - - [16/Apr/2025:12:32:03 -0400] "GET /how-to-do-the-ai-trend/ HTTP/1.1" 200 0 "-" "Mozilla/5.0 (compatible; DataForSeoBot/1.0; +https://dataforseo.com/dataforseo-bot)"
124.156.103.176 - - [16/Apr/2025:12:32:08 -0400] "GET /vintage-turkish-rugs/ HTTP/1.1" 200 0 "-" "Python/3.10 aiohttp/3.10.5"
198.54.114.83 - - [16/Apr/2025:12:32:10 -0400] "POST /wp-cron.php?doing_wp_cron=1744821127.2442300319671630859375 HTTP/1.1" 200 0 "-" "WordPress/6.8; https://bakingsecurityin.com"
51.222.253.14 - - [16/Apr/2025:12:33:13 -0400] "GET /guide-du-debutant-et-introduction-au-marketing-video/ HTTP/1.1" 200 0 "-" "Mozilla/5.0 (compatible; AhrefsBot/7.0; +http://ahrefs.com/robot/)"
198.54.114.83 - - [16/Apr/2025:12:33:18 -0400] "POST /wp-cron.php?doing_wp_cron=1744821194.0869719982147216796875 HTTP/1.1" 200 0 "-" "WordPress/6.8; https://bakingsecurityin.com"
2a02:598:64:8a00::3100:8 - - [16/Apr/2025:12:33:35 -0400] "GET /robots.txt HTTP/1.1" 200 98 "-" "Mozilla/5.0 (compatible; SeznamBot/4.0; +https://o-seznam.cz/napoveda/vyhledavani/en/seznambot-crawler/)"
2a02:598:64:8a00::3100:8 - - [16/Apr/2025:12:33:35 -0400] "GET /how-to-compare-moving-companies/ HTTP/1.1" 200 0 "-" "Mozilla/5.0 (compatible; SeznamBot/4.0; +https://o-seznam.cz/napoveda/vyhledavani/en/seznambot-crawler/)"
51.222.253.10 - - [16/Apr/2025:12:37:14 -0400] "GET /nusa-penida-tour-highlights/feed/ HTTP/1.1" 304 0 "-" "Mozilla/5.0 (compatible; AhrefsBot/7.0; +http://ahrefs.com/robot/)"
140.228.23.187 - - [16/Apr/2025:12:38:38 -0400] "GET /2023/12/ HTTP/1.1" 200 0 "-" "Mozilla/5.0 (Macintosh; U; Intel Mac OS X 10_6_4; en-US) AppleWebKit/534.1 (KHTML, like Gecko) Chrome/6.0.414.0 Safari/534.1"
27.42.99.212 - - [16/Apr/2025:12:38:42 -0400] "GET /les-pantoufles-sont-populaires-partout-dans-le-monde/ HTTP/1.1" 301 0 "https://bakingsecurityin.com" "Mozilla/5.0 (Windows NT 10.0; Win64; x64) AppleWebKit/537.36 (KHTML, like Gecko) Chrome/62.0.3202.94 Safari/537.36"
27.42.99.212 - - [16/Apr/2025:12:38:51 -0400] "GET /pantoufle-de-dinosaure/ HTTP/1.1" 200 0 "https://bakingsecurityin.com" "Mozilla/5.0 (Windows NT 10.0; Win64; x64) AppleWebKit/537.36 (KHTML, like Gecko) Chrome/62.0.3202.94 Safari/537.36"
85.208.96.201 - - [16/Apr/2025:12:39:08 -0400] "GET /umzuge-luneburg/ HTTP/1.1" 200 0 "-" "Mozilla/5.0 (compatible; SemrushBot/7~bl; +http://www.semrush.com/bot.html)"
136.243.228.193 - - [16/Apr/2025:13:04:06 -0400] "GET /why-the-name-ronaldo-is-so-popular-in-the-football-arena/ HTTP/1.1" 200 0 "-" "Mozilla/5.0 (compatible; DataForSeoBot/1.0; +https://dataforseo.com/dataforseo-bot)"
51.222.253.15 - - [16/Apr/2025:13:04:08 -0400] "GET /revolutionizing-media-consumption/ HTTP/1.1" 200 0 "-" "Mozilla/5.0 (compatible; AhrefsBot/7.0; +http://ahrefs.com/robot/)"
43.132.219.33 - - [16/Apr/2025:13:05:09 -0400] "GET /how-to-become-a-celebrity-bodyguard/ HTTP/1.1" 200 0 "-" "Python/3.10 aiohttp/3.10.5"
198.54.114.83 - - [16/Apr/2025:13:05:16 -0400] "POST /wp-cron.php?doing_wp_cron=1744823109.9373700618743896484375 HTTP/1.1" 200 0 "-" "WordPress/6.8; https://bakingsecurityin.com"
52.167.144.23 - - [16/Apr/2025:12:39:07 -0400] "GET /center-parcs-ostdeutschland/ HTTP/1.1" 200 0 "-" "Mozilla/5.0 AppleWebKit/537.36 (KHTML, like Gecko; compatible; bingbot/2.0; +http://www.bing.com/bingbot.htm) Chrome/116.0.1938.76 Safari/537.36"
51.222.253.5 - - [16/Apr/2025:12:41:01 -0400] "GET /choosing-the-right-android-pos-machine/feed/ HTTP/1.1" 200 409 "-" "Mozilla/5.0 (compatible; AhrefsBot/7.0; +http://ahrefs.com/robot/)"
185.191.171.18 - - [16/Apr/2025:12:43:46 -0400] "GET /how-to-find-the-best-sarms-for-sale/ HTTP/1.1" 200 0 "-" "Mozilla/5.0 (compatible; SemrushBot/7~bl; +http://www.semrush.com/bot.html)"
51.222.253.13 - - [16/Apr/2025:12:44:20 -0400] "GET /before-you-buy-tazorac/feed/ HTTP/1.1" 200 389 "-" "Mozilla/5.0 (compatible; AhrefsBot/7.0; +http://ahrefs.com/robot/)"
51.222.253.17 - - [16/Apr/2025:12:47:53 -0400] "GET /kayak-rental-near-me-in-new-york/ HTTP/1.1" 200 0 "-" "Mozilla/5.0 (compatible; AhrefsBot/7.0; +http://ahrefs.com/robot/)"
3.141.29.119 - - [16/Apr/2025:12:51:30 -0400] "GET /robots.txt HTTP/1.1" 200 98 "-" "Mozilla/5.0 AppleWebKit/537.36 (KHTML, like Gecko; compatible; ClaudeBot/1.0; +claudebot@anthropic.com)"
3.141.29.119 - - [16/Apr/2025:12:51:41 -0400] "GET /how-to-find-the-best-online-casinos HTTP/1.1" 200 0 "-" "Mozilla/5.0 AppleWebKit/537.36 (KHTML, like Gecko; compatible; ClaudeBot/1.0; +claudebot@anthropic.com)"
51.222.253.17 - - [16/Apr/2025:12:52:19 -0400] "GET /tembusu-grand-the-first-green-and-smart-residential-area-in-singapore/feed/ HTTP/1.1" 200 455 "-" "Mozilla/5.0 (compatible; AhrefsBot/7.0; +http://ahrefs.com/robot/)"
51.222.253.1 - - [16/Apr/2025:12:56:33 -0400] "GET /charaktere-von-pokemon/ HTTP/1.1" 200 0 "-" "Mozilla/5.0 (compatible; AhrefsBot/7.0; +http://ahrefs.com/robot/)"
198.54.114.83 - - [16/Apr/2025:12:56:43 -0400] "POST /wp-cron.php?doing_wp_cron=1744822596.9867260456085205078125 HTTP/1.1" 200 0 "-" "WordPress/6.8; https://bakingsecurityin.com"
198.54.114.83 - - [16/Apr/2025:12:56:48 -0400] "POST /wp-admin/admin-ajax.php?action=async_litespeed&nonce=3LnaXdEK7izQ0DiGj15sMSHRKMwtEDnG&litespeed_type=imgoptm HTTP/1.1" 200 0 "-" "WordPress/6.8; https://bakingsecurityin.com"
51.222.253.6 - - [16/Apr/2025:13:00:31 -0400] "GET /toa-payoh-condo-showflat/ HTTP/1.1" 200 0 "-" "Mozilla/5.0 (compatible; AhrefsBot/7.0; +http://ahrefs.com/robot/)"
207.46.13.63 - - [16/Apr/2025:13:01:56 -0400] "GET /review-of-the-relx-vape-pods/ HTTP/1.1" 200 0 "-" "Mozilla/5.0 AppleWebKit/537.36 (KHTML, like Gecko; compatible; bingbot/2.0; +http://www.bing.com/bingbot.htm) Chrome/116.0.1938.76 Safari/537.36"
198.54.114.83 - - [16/Apr/2025:13:02:05 -0400] "POST /wp-cron.php?doing_wp_cron=1744822921.3527019023895263671875 HTTP/1.1" 200 0 "-" "WordPress/6.8; https://bakingsecurityin.com"
129.226.69.173 - - [16/Apr/2025:13:03:08 -0400] "GET /commercial-locksmith-services/ HTTP/1.1" 200 0 "-" "Python/3.10 aiohttp/3.10.5"
198.54.114.83 - - [16/Apr/2025:13:03:11 -0400] "POST /wp-cron.php?doing_wp_cron=1744822989.1163229942321777343750 HTTP/1.1" 200 0 "-" "WordPress/6.8; https://bakingsecurityin.com"
51.222.253.14 - - [16/Apr/2025:13:08:33 -0400] "GET /enjoy-online-games-without-downloads/ HTTP/1.1" 200 0 "-" "Mozilla/5.0 (compatible; AhrefsBot/7.0; +http://ahrefs.com/robot/)"
198.54.114.83 - - [16/Apr/2025:13:08:44 -0400] "POST /wp-cron.php?doing_wp_cron=1744823319.8670220375061035156250 HTTP/1.1" 200 0 "-" "WordPress/6.8; https://bakingsecurityin.com"
124.156.119.193 - - [16/Apr/2025:13:09:00 -0400] "GET /houston-drain-cleaning/ HTTP/1.1" 200 0 "-" "Python/3.10 aiohttp/3.10.5"
119.28.3.194 - - [16/Apr/2025:13:13:26 -0400] "GET /smart-lighting-solutions/ HTTP/1.1" 200 0 "-" "Python/3.10 aiohttp/3.10.5"
198.54.114.83 - - [16/Apr/2025:13:13:32 -0400] "POST /wp-cron.php?doing_wp_cron=1744823609.6399900913238525390625 HTTP/1.1" 200 0 "-" "WordPress/6.8; https://bakingsecurityin.com"
198.54.114.83 - - [16/Apr/2025:13:13:34 -0400] "POST /wp-admin/admin-ajax.php?action=async_litespeed&nonce=M3PxpGUHJvIcyWPyohuPLfNQA5pmRXx3&litespeed_type=imgoptm HTTP/1.1" 200 0 "-" "WordPress/6.8; https://bakingsecurityin.com"
51.222.253.18 - - [16/Apr/2025:13:13:34 -0400] "GET /ivf-clinic-sharjah/feed/ HTTP/1.1" 200 379 "-" "Mozilla/5.0 (compatible; AhrefsBot/7.0; +http://ahrefs.com/robot/)"
51.222.253.14 - - [16/Apr/2025:13:17:43 -0400] "GET /category/how-to/feed/ HTTP/1.1" 200 13490 "-" "Mozilla/5.0 (compatible; AhrefsBot/7.0; +http://ahrefs.com/robot/)"
198.54.114.83 - - [16/Apr/2025:13:17:51 -0400] "POST /wp-cron.php?doing_wp_cron=1744823868.0040218830108642578125 HTTP/1.1" 200 0 "-" "WordPress/6.8; https://bakingsecurityin.com"
198.54.114.83 - - [16/Apr/2025:13:17:54 -0400] "POST /wp-admin/admin-ajax.php?action=async_litespeed&nonce=HBzOKWitTq2ru7eBrvxUrJ2bVchACA7N&litespeed_type=imgoptm HTTP/1.1" 200 0 "-" "WordPress/6.8; https://bakingsecurityin.com"
43.154.72.61 - - [16/Apr/2025:13:18:09 -0400] "GET /korean-private-label-skincare/ HTTP/1.1" 200 0 "-" "Python/3.10 aiohttp/3.10.5"
85.208.98.16 - - [16/Apr/2025:13:21:59 -0400] "GET /oui-lawyer-how-an-oui-lawyer-can-help-you-avoid-a-conviction/ HTTP/1.1" 200 0 "-" "Mozilla/5.0 (compatible; SemrushBot-BA; +http://www.semrush.com/bot.html)"
51.222.253.18 - - [16/Apr/2025:13:22:04 -0400] "GET /so-reinigen-sie-eine-saubere-goldkette/feed/ HTTP/1.1" 304 0 "-" "Mozilla/5.0 (compatible; AhrefsBot/7.0; +http://ahrefs.com/robot/)"
198.54.114.83 - - [16/Apr/2025:13:22:07 -0400] "POST /wp-cron.php?doing_wp_cron=1744824124.1539149284362792968750 HTTP/1.1" 200 0 "-" "WordPress/6.8; https://bakingsecurityin.com"
114.10.47.97 - - [16/Apr/2025:13:25:27 -0400] "POST /wp-login.php/wp-login.php HTTP/1.1" 200 0 "-" "python-requests/2.32.3"
51.222.253.14 - - [16/Apr/2025:13:26:16 -0400] "GET /relaxation-on-the-go-the-business-trip-massage/ HTTP/1.1" 200 0 "-" "Mozilla/5.0 (compatible; AhrefsBot/7.0; +http://ahrefs.com/robot/)"
198.54.114.83 - - [16/Apr/2025:13:26:28 -0400] "POST /wp-cron.php?doing_wp_cron=1744824383.6574881076812744140625 HTTP/1.1" 200 0 "-" "WordPress/6.8; https://bakingsecurityin.com"
60.182.237.209 - - [16/Apr/2025:13:27:54 -0400] "GET / HTTP/1.1" 200 0 "-" "Mozilla/5.0 (Windows NT 10.0; Win64; x64) AppleWebKit/537.36 (KHTML, like Gecko) Chrome/58.0.3029.110 Safari/537.3"
198.54.114.83 - - [16/Apr/2025:13:28:00 -0400] "POST /wp-cron.php?doing_wp_cron=1744824477.6038000583648681640625 HTTP/1.1" 200 0 "-" "WordPress/6.8; https://bakingsecurityin.com"
51.222.253.19 - - [16/Apr/2025:13:30:28 -0400] "GET /the-dark-side-of-face-filters/feed/ HTTP/1.1" 200 398 "-" "Mozilla/5.0 (compatible; AhrefsBot/7.0; +http://ahrefs.com/robot/)"
198.54.114.83 - - [16/Apr/2025:13:30:37 -0400] "POST /wp-cron.php?doing_wp_cron=1744824633.1302919387817382812500 HTTP/1.1" 200 0 "-" "WordPress/6.8; https://bakingsecurityin.com"
185.191.171.12 - - [16/Apr/2025:13:31:28 -0400] "GET /master-the-art-of-writing-with-an-author-course/ HTTP/1.1" 200 0 "-" "Mozilla/5.0 (compatible; SemrushBot/7~bl; +http://www.semrush.com/bot.html)"
136.243.228.193 - - [16/Apr/2025:13:34:41 -0400] "GET /easiest-way-to-make-a-robot-in-little-alchemy/ HTTP/1.1" 200 0 "-" "Mozilla/5.0 (compatible; DataForSeoBot/1.0; +https://dataforseo.com/dataforseo-bot)"
198.54.114.83 - - [16/Apr/2025:13:34:47 -0400] "POST /wp-cron.php?doing_wp_cron=1744824885.1830289363861083984375 HTTP/1.1" 200 0 "-" "WordPress/6.8; https://bakingsecurityin.com"
51.222.253.3 - - [16/Apr/2025:13:35:20 -0400] "GET /youtube-comment-likes-buy-what-you-should-know/ HTTP/1.1" 200 0 "-" "Mozilla/5.0 (compatible; AhrefsBot/7.0; +http://ahrefs.com/robot/)"
198.54.114.83 - - [16/Apr/2025:13:38:13 -0400] "POST /wp-admin/admin-ajax.php?action=async_litespeed&nonce=LOXgFr7e8QA3ge0WLjbeaW4tnGGsh2ac&litespeed_type=imgoptm HTTP/1.1" 200 0 "-" "WordPress/6.8; https://bakingsecurityin.com"
129.226.176.123 - - [16/Apr/2025:13:38:28 -0400] "GET /14-free-things-to-do-in-branson-missouri-and-still-have-fun/ HTTP/1.1" 200 0 "-" "Python/3.10 aiohttp/3.10.5"
51.222.253.17 - - [16/Apr/2025:13:39:27 -0400] "GET /the-charm-of-cranford/feed/ HTTP/1.1" 304 0 "-" "Mozilla/5.0 (compatible; AhrefsBot/7.0; +http://ahrefs.com/robot/)"
51.222.253.11 - - [16/Apr/2025:13:43:31 -0400] "GET /guide-du-debutant-et-introduction-au-marketing-video/feed/ HTTP/1.1" 304 0 "-" "Mozilla/5.0 (compatible; AhrefsBot/7.0; +http://ahrefs.com/robot/)"
198.54.114.83 - - [16/Apr/2025:13:43:37 -0400] "POST /wp-cron.php?doing_wp_cron=1744825415.4905090332031250000000 HTTP/1.1" 200 0 "-" "WordPress/6.8; https://bakingsecurityin.com"
51.222.253.9 - - [16/Apr/2025:13:47:19 -0400] "GET /8-questions-to-ask-before-purchasing-a-low-cost-dental-plan/feed/ HTTP/1.1" 200 432 "-" "Mozilla/5.0 (compatible; AhrefsBot/7.0; +http://ahrefs.com/robot/)"
198.54.114.83 - - [16/Apr/2025:13:47:21 -0400] "POST /wp-cron.php?doing_wp_cron=1744825639.4055640697479248046875 HTTP/1.1" 200 0 "-" "WordPress/6.8; https://bakingsecurityin.com"
85.208.96.200 - - [16/Apr/2025:13:49:56 -0400] "GET /revolutionizing-kitchen-convenience-the-instant-hot-and-cold-water-tap/ HTTP/1.1" 200 0 "-" "Mozilla/5.0 (compatible; SemrushBot/7~bl; +http://www.semrush.com/bot.html)"
198.54.114.83 - - [16/Apr/2025:13:50:02 -0400] "POST /wp-cron.php?doing_wp_cron=1744825799.5022270679473876953125 HTTP/1.1" 200 0 "-" "WordPress/6.8; https://bakingsecurityin.com"
178.20.45.159 - - [16/Apr/2025:13:50:31 -0400] "GET /how-does-red-light-therapy-work/ HTTP/1.1" 200 0 "https://bakingsecurityin.com/how-does-red-light-therapy-work/#comment-11759/" "Mozilla/5.0 (Windows NT 10.0; Win64; x64) AppleWebKit/537.36 (KHTML, like Gecko) Chrome/131.0.0.0 Safari/537.36"
178.20.45.159 - - [16/Apr/2025:13:50:35 -0400] "GET / HTTP/1.1" 200 0 "https://bakingsecurityin.com/" "Mozilla/5.0 (Windows NT 10.0; Win64; x64) AppleWebKit/537.36 (KHTML, like Gecko) Chrome/131.0.0.0 Safari/537.36"
51.222.253.5 - - [16/Apr/2025:13:51:16 -0400] "GET /resolving-conflict-with-men-in-a-relationship/ HTTP/1.1" 200 0 "-" "Mozilla/5.0 (compatible; AhrefsBot/7.0; +http://ahrefs.com/robot/)"
198.54.114.83 - - [16/Apr/2025:13:51:17 -0400] "POST /wp-cron.php?doing_wp_cron=1744825876.6705288887023925781250 HTTP/1.1" 200 0 "-" "WordPress/6.8; https://bakingsecurityin.com"
198.54.114.83 - - [16/Apr/2025:13:52:37 -0400] "POST /wp-admin/admin-ajax.php?action=async_litespeed&nonce=kc3YnaFOEENlF9ajTlf04TXSOEZQ2svT&litespeed_type=imgoptm HTTP/1.1" 200 0 "-" "WordPress/6.8; https://bakingsecurityin.com"
51.222.253.20 - - [16/Apr/2025:13:54:54 -0400] "GET /finding-kratom-near-me/feed/ HTTP/1.1" 304 0 "-" "Mozilla/5.0 (compatible; AhrefsBot/7.0; +http://ahrefs.com/robot/)"
150.109.40.196 - - [16/Apr/2025:13:55:01 -0400] "GET /the-michael-kors-jet-set-tote-in-brown-is-a-must-have/ HTTP/1.1" 200 0 "-" "Python/3.10 aiohttp/3.10.5"
54.164.195.82 - - [16/Apr/2025:13:55:17 -0400] "GET /navigating-ai-gpu-pricing-and-availability/ HTTP/1.1" 200 0 "-" "Grammarly/1.0 (http://www.grammarly.com)"
198.54.114.83 - - [16/Apr/2025:13:55:21 -0400] "POST /wp-cron.php?doing_wp_cron=1744826117.9970870018005371093750 HTTP/1.1" 200 0 "-" "WordPress/6.8; https://bakingsecurityin.com"
198.54.114.83 - - [16/Apr/2025:13:55:23 -0400] "POST /wp-admin/admin-ajax.php?action=async_litespeed&nonce=3c0zb4XdhRCLIzOQQ1SbkSfeYdX2WlJz&litespeed_type=imgoptm HTTP/1.1" 200 0 "-" "WordPress/6.8; https://bakingsecurityin.com"
198.54.114.83 - - [16/Apr/2025:13:57:59 -0400] "POST /wp-cron.php?doing_wp_cron=1744826277.6162950992584228515625 HTTP/1.1" 200 0 "-" "WordPress/6.8; https://bakingsecurityin.com"
51.222.253.17 - - [16/Apr/2025:13:57:53 -0400] "GET /the-hill-condo-in-nashua-new-hampshire/feed/ HTTP/1.1" 200 408 "-" "Mozilla/5.0 (compatible; AhrefsBot/7.0; +http://ahrefs.com/robot/)"
198.54.114.83 - - [16/Apr/2025:13:58:00 -0400] "POST /wp-admin/admin-ajax.php?action=async_litespeed&nonce=6cWlvheIRjSuYIax6Xj2gDvxShkrvHrA&litespeed_type=imgoptm HTTP/1.1" 200 0 "-" "WordPress/6.8; https://bakingsecurityin.com"
129.226.52.30 - - [16/Apr/2025:14:00:47 -0400] "GET /the-benefits-of-using-an-australian-travel-agent/ HTTP/1.1" 200 0 "-" "Python/3.10 aiohttp/3.10.5"
51.222.253.18 - - [16/Apr/2025:14:00:56 -0400] "GET /how-to-find-a-mediator-near-me/ HTTP/1.1" 200 0 "-" "Mozilla/5.0 (compatible; AhrefsBot/7.0; +http://ahrefs.com/robot/)"
47.79.215.60 - - [16/Apr/2025:14:01:30 -0400] "GET / HTTP/1.1" 200 0 "https://www.google.com/" "Mozilla/5.0 (Windows NT 10.0; Win64; x64) AppleWebKit/537.36 (KHTML, like Gecko) Chrome/133.0.0.0 Safari/537.36"
198.54.114.83 - - [16/Apr/2025:14:01:33 -0400] "POST /wp-cron.php?doing_wp_cron=1744826491.2294669151306152343750 HTTP/1.1" 200 0 "-" "WordPress/6.8; https://bakingsecurityin.com"
178.20.45.159 - - [16/Apr/2025:14:03:13 -0400] "GET /how-does-red-light-therapy-work/ HTTP/1.1" 200 0 "https://bakingsecurityin.com/how-does-red-light-therapy-work/#comment-11759/" "Mozilla/5.0 (Windows NT 10.0; Win64; x64) AppleWebKit/537.36 (KHTML, like Gecko) Chrome/131.0.0.0 Safari/537.36 Avast/131.0.0.0"
136.243.228.193 - - [16/Apr/2025:14:03:12 -0400] "GET /how-to-find-the-best-peptides-uk/ HTTP/1.1" 200 0 "-" "Mozilla/5.0 (compatible; DataForSeoBot/1.0; +https://dataforseo.com/dataforseo-bot)"
178.20.45.159 - - [16/Apr/2025:14:03:16 -0400] "GET / HTTP/1.1" 200 0 "https://bakingsecurityin.com/" "Mozilla/5.0 (Windows NT 10.0; Win64; x64) AppleWebKit/537.36 (KHTML, like Gecko) Chrome/131.0.0.0 Safari/537.36 Avast/131.0.0.0"
198.54.114.83 - - [16/Apr/2025:14:03:18 -0400] "POST /wp-cron.php?doing_wp_cron=1744826595.8979210853576660156250 HTTP/1.1" 200 0 "-" "WordPress/6.8; https://bakingsecurityin.com"
43.132.219.33 - - [16/Apr/2025:14:05:42 -0400] "GET /how-to-find-the-best-online-sports-betting-sites/ HTTP/1.1" 200 0 "-" "Python/3.10 aiohttp/3.10.5"
198.54.114.83 - - [16/Apr/2025:14:05:50 -0400] "POST /wp-cron.php?doing_wp_cron=1744826746.1438980102539062500000 HTTP/1.1" 200 0 "-" "WordPress/6.8; https://bakingsecurityin.com"
198.54.114.83 - - [16/Apr/2025:14:05:54 -0400] "POST /wp-admin/admin-ajax.php?action=async_litespeed&nonce=WNT0orYVVtRCtND6g1DOmocZHRAyZmQc&litespeed_type=imgoptm HTTP/1.1" 200 0 "-" "WordPress/6.8; https://bakingsecurityin.com"
51.222.253.1 - - [16/Apr/2025:14:06:48 -0400] "GET /cbd-gummies-another-benefit-healthy-skin/ HTTP/1.1" 200 0 "-" "Mozilla/5.0 (compatible; AhrefsBot/7.0; +http://ahrefs.com/robot/)"
198.54.114.83 - - [16/Apr/2025:14:06:54 -0400] "POST /wp-cron.php?doing_wp_cron=1744826809.5329849720001220703125 HTTP/1.1" 200 0 "-" "WordPress/6.8; https://bakingsecurityin.com"
198.54.114.83 - - [16/Apr/2025:14:07:01 -0400] "POST /wp-admin/admin-ajax.php?action=async_litespeed&nonce=2cy7AilEGawBjtpCRMHfqOz8K44P4Gvu&litespeed_type=imgoptm HTTP/1.1" 200 0 "-" "WordPress/6.8; https://bakingsecurityin.com"
101.32.49.9 - - [16/Apr/2025:14:08:34 -0400] "GET /pokemon-trading-card-games/ HTTP/1.1" 200 0 "-" "Python/3.10 aiohttp/3.10.5"
124.156.110.185 - - [16/Apr/2025:14:09:50 -0400] "GET /customized-socks-with-logo/ HTTP/1.1" 200 0 "-" "Python/3.10 aiohttp/3.10.5"
51.222.253.9 - - [16/Apr/2025:14:10:07 -0400] "GET /gucci-briefcases-for-women/ HTTP/1.1" 200 0 "-" "Mozilla/5.0 (compatible; AhrefsBot/7.0; +http://ahrefs.com/robot/)"
85.208.96.205 - - [16/Apr/2025:14:10:48 -0400] "GET /how-to-find-a-sex-therapist-san-diego/ HTTP/1.1" 200 0 "-" "Mozilla/5.0 (compatible; SemrushBot/7~bl; +http://www.semrush.com/bot.html)"
101.32.26.19 - - [16/Apr/2025:14:12:17 -0400] "GET /a-look-at-deck-fasteners/ HTTP/1.1" 200 0 "-" "Python/3.10 aiohttp/3.10.5"
198.54.114.83 - - [16/Apr/2025:14:12:23 -0400] "POST /wp-cron.php?doing_wp_cron=1744827140.8517100811004638671875 HTTP/1.1" 200 0 "-" "WordPress/6.8; https://bakingsecurityin.com"
185.191.171.6 - - [16/Apr/2025:14:13:22 -0400] "GET /the-growing-popularity-of-online-casinos/ HTTP/1.1" 200 0 "-" "Mozilla/5.0 (compatible; SemrushBot/7~bl; +http://www.semrush.com/bot.html)"
51.222.253.10 - - [16/Apr/2025:14:13:44 -0400] "GET /how-to-use-the-national-insurance-website/ HTTP/1.1" 200 0 "-" "Mozilla/5.0 (compatible; AhrefsBot/7.0; +http://ahrefs.com/robot/)"
198.54.114.83 - - [16/Apr/2025:14:13:46 -0400] "POST /wp-cron.php?doing_wp_cron=1744827225.0945041179656982421875 HTTP/1.1" 200 0 "-" "WordPress/6.8; https://bakingsecurityin.com"
124.156.120.22 - - [16/Apr/2025:14:16:51 -0400] "GET /silver-menorahs-judaica-menorahs-for-every-occasion/ HTTP/1.1" 200 0 "-" "Python/3.10 aiohttp/3.10.5"
198.54.114.83 - - [16/Apr/2025:14:16:59 -0400] "POST /wp-cron.php?doing_wp_cron=1744827416.8647959232330322265625 HTTP/1.1" 200 0 "-" "WordPress/6.8; https://bakingsecurityin.com"
51.222.253.11 - - [16/Apr/2025:14:17:43 -0400] "GET /how-to-become-a-celebrity-bodyguard/ HTTP/1.1" 200 0 "-" "Mozilla/5.0 (compatible; AhrefsBot/7.0; +http://ahrefs.com/robot/)"
51.222.253.9 - - [16/Apr/2025:14:21:46 -0400] "GET /liability-insurance-for-small-businesses/ HTTP/1.1" 200 0 "-" "Mozilla/5.0 (compatible; AhrefsBot/7.0; +http://ahrefs.com/robot/)"
198.54.114.83 - - [16/Apr/2025:14:21:53 -0400] "POST /wp-cron.php?doing_wp_cron=1744827709.8566880226135253906250 HTTP/1.1" 200 0 "-" "WordPress/6.8; https://bakingsecurityin.com"
198.54.114.83 - - [16/Apr/2025:14:21:57 -0400] "POST /wp-admin/admin-ajax.php?action=async_litespeed&nonce=KXGNkYQVdCQPk3nK33VmsXfeG7PMGveU&litespeed_type=imgoptm HTTP/1.1" 200 0 "-" "WordPress/6.8; https://bakingsecurityin.com"
27.42.99.212 - - [16/Apr/2025:14:22:45 -0400] "GET /les-pantoufles-sont-populaires-partout-dans-le-monde/ HTTP/1.1" 301 0 "https://bakingsecurityin.com" "Mozilla/5.0 (Windows NT 10.0; Win64; x64) AppleWebKit/537.36 (KHTML, like Gecko) Chrome/62.0.3202.94 Safari/537.36"
198.54.114.83 - - [16/Apr/2025:14:22:49 -0400] "POST /wp-cron.php?doing_wp_cron=1744827766.0554320812225341796875 HTTP/1.1" 200 0 "-" "WordPress/6.8; https://bakingsecurityin.com"
