198.54.114.83 - - [16/Apr/2025:17:47:13 -0400] "POST /wp-admin/admin-ajax.php?action=async_litespeed&nonce=6vgNA7JUYvNlys47tG845bD0OjQS9Q1b&litespeed_type=imgoptm HTTP/1.1" 200 0 "-" "WordPress/6.8; https://bakingsecurityin.com"
43.154.120.205 - - [16/Apr/2025:17:47:51 -0400] "GET /how-to-enlarge-penis-with-the-best-penis-enlargement-pills/ HTTP/1.1" 200 0 "-" "Python/3.10 aiohttp/3.10.5"
198.54.114.83 - - [16/Apr/2025:17:47:54 -0400] "POST /wp-cron.php?doing_wp_cron=1744840072.5681719779968261718750 HTTP/1.1" 200 0 "-" "WordPress/6.8; https://bakingsecurityin.com"
100.29.160.53 - - [16/Apr/2025:17:48:51 -0400] "GET /weight-loss-food-recipes-for-healthy-dieting HTTP/1.1" 301 0 "-" "Mozilla/5.0 AppleWebKit/537.36 (KHTML, like Gecko; compatible; Amazonbot/0.1; +https://developer.amazon.com/support/amazonbot) Chrome/119.0.6045.214 Safari/537.36"
34.234.197.175 - - [16/Apr/2025:17:48:54 -0400] "GET /weight-loss-food-recipes-for-healthy-dieting/ HTTP/1.1" 200 0 "-" "Mozilla/5.0 AppleWebKit/537.36 (KHTML, like Gecko; compatible; Amazonbot/0.1; +https://developer.amazon.com/support/amazonbot) Chrome/119.0.6045.214 Safari/537.36"
51.222.253.18 - - [16/Apr/2025:17:50:50 -0400] "GET /the-hidden-secrets-of-photography-marketing-with-youtube/ HTTP/1.1" 200 0 "-" "Mozilla/5.0 (compatible; AhrefsBot/7.0; +http://ahrefs.com/robot/)"
101.32.51.206 - - [16/Apr/2025:17:51:32 -0400] "GET /what-is-thermal-mastic/ HTTP/1.1" 200 0 "-" "Python/3.10 aiohttp/3.10.5"
124.156.108.107 - - [16/Apr/2025:17:53:05 -0400] "GET /cbd-gummies-another-benefit-healthy-skin/ HTTP/1.1" 200 0 "-" "Python/3.10 aiohttp/3.10.5"
198.54.114.83 - - [16/Apr/2025:17:53:45 -0400] "POST /wp-cron.php?doing_wp_cron=1744840425.1697289943695068359375 HTTP/1.1" 200 0 "-" "WordPress/6.8; https://bakingsecurityin.com"
43.128.36.137 - - [16/Apr/2025:17:53:40 -0400] "GET /how-basement-finishing-can-increase-your-homes-value/ HTTP/1.1" 200 0 "-" "Python/3.10 aiohttp/3.10.5"
198.54.114.83 - - [16/Apr/2025:17:53:47 -0400] "POST /wp-admin/admin-ajax.php?action=async_litespeed&nonce=Ekoq0xrIO8IviwEEtnvLtbxrJDHpNqAc&litespeed_type=imgoptm HTTP/1.1" 200 0 "-" "WordPress/6.8; https://bakingsecurityin.com"
198.54.114.83 - - [16/Apr/2025:17:54:44 -0400] "POST /wp-cron.php?doing_wp_cron=1744840482.8880190849304199218750 HTTP/1.1" 200 0 "-" "WordPress/6.8; https://bakingsecurityin.com"
51.222.253.11 - - [16/Apr/2025:17:54:42 -0400] "GET /christchurch-property-video/feed/ HTTP/1.1" 200 388 "-" "Mozilla/5.0 (compatible; AhrefsBot/7.0; +http://ahrefs.com/robot/)"
198.54.114.83 - - [16/Apr/2025:17:54:45 -0400] "POST /wp-admin/admin-ajax.php?action=async_litespeed&nonce=b5urx2oJ9sSVfr19FTwaQHf1JYnr8fm4&litespeed_type=imgoptm HTTP/1.1" 200 0 "-" "WordPress/6.8; https://bakingsecurityin.com"
51.222.253.17 - - [16/Apr/2025:17:58:30 -0400] "GET /wine-tours-willamette-valley/ HTTP/1.1" 200 0 "-" "Mozilla/5.0 (compatible; AhrefsBot/7.0; +http://ahrefs.com/robot/)"
198.54.114.83 - - [16/Apr/2025:17:58:47 -0400] "POST /wp-admin/admin-ajax.php?action=async_litespeed&nonce=da6n6fdn2a1CyuAbftxg0cnXb0Yoe2sw&litespeed_type=imgoptm HTTP/1.1" 200 0 "-" "WordPress/6.8; https://bakingsecurityin.com"
47.79.213.211 - - [16/Apr/2025:18:00:11 -0400] "GET / HTTP/1.1" 200 0 "https://www.google.com/" "Mozilla/5.0 (Linux; Android 10; K) AppleWebKit/537.36 (KHTML, like Gecko) Chrome/133.0.0.0 Mobile Safari/537.36"
198.54.114.83 - - [16/Apr/2025:18:00:15 -0400] "POST /wp-cron.php?doing_wp_cron=1744840812.8368489742279052734375 HTTP/1.1" 200 0 "-" "WordPress/6.8; https://bakingsecurityin.com"
198.54.114.83 - - [16/Apr/2025:18:00:19 -0400] "POST /wp-admin/admin-ajax.php?action=async_litespeed&nonce=hFDEP4h3VUpEjS6R27fJJ8UZEji5wqas&litespeed_type=imgoptm HTTP/1.1" 200 0 "-" "WordPress/6.8; https://bakingsecurityin.com"
51.222.253.12 - - [16/Apr/2025:18:02:23 -0400] "GET /silver-kiddush-cup-2/feed/ HTTP/1.1" 304 0 "-" "Mozilla/5.0 (compatible; AhrefsBot/7.0; +http://ahrefs.com/robot/)"
198.54.114.83 - - [16/Apr/2025:18:02:28 -0400] "POST /wp-cron.php?doing_wp_cron=1744840946.6223049163818359375000 HTTP/1.1" 200 0 "-" "WordPress/6.8; https://bakingsecurityin.com"
198.54.114.83 - - [16/Apr/2025:18:02:30 -0400] "POST /wp-admin/admin-ajax.php?action=async_litespeed&nonce=rt8BoR1CA0bTwRzFmklnW9INsWoeGKLR&litespeed_type=imgoptm HTTP/1.1" 200 0 "-" "WordPress/6.8; https://bakingsecurityin.com"
119.28.176.145 - - [16/Apr/2025:18:04:52 -0400] "GET /set-screen-timeout-on-iphone/ HTTP/1.1" 200 0 "-" "Python/3.10 aiohttp/3.10.5"
198.54.114.83 - - [16/Apr/2025:18:06:15 -0400] "POST /wp-cron.php?doing_wp_cron=1744841174.1724760532379150390625 HTTP/1.1" 200 0 "-" "WordPress/6.8; https://bakingsecurityin.com"
51.222.253.14 - - [16/Apr/2025:18:06:10 -0400] "GET /how-to-find-tutors-near-me/feed/ HTTP/1.1" 304 0 "-" "Mozilla/5.0 (compatible; AhrefsBot/7.0; +http://ahrefs.com/robot/)"
198.54.114.83 - - [16/Apr/2025:18:06:18 -0400] "POST /wp-admin/admin-ajax.php?action=async_litespeed&nonce=lxruggCy2VQYAmRE4XqyEhKlOZePVYw2&litespeed_type=imgoptm HTTP/1.1" 200 0 "-" "WordPress/6.8; https://bakingsecurityin.com"
85.208.96.193 - - [16/Apr/2025:18:08:23 -0400] "GET /robots.txt HTTP/1.1" 304 0 "-" "Mozilla/5.0 (compatible; SemrushBot/7~bl; +http://www.semrush.com/bot.html)"
185.191.171.6 - - [16/Apr/2025:18:08:25 -0400] "GET /baby-discount-store-top-10-must-haves-for-your-nursery/ HTTP/1.1" 200 0 "-" "Mozilla/5.0 (compatible; SemrushBot/7~bl; +http://www.semrush.com/bot.html)"
198.54.114.83 - - [16/Apr/2025:18:08:30 -0400] "POST /wp-cron.php?doing_wp_cron=1744841308.1946508884429931640625 HTTP/1.1" 200 0 "-" "WordPress/6.8; https://bakingsecurityin.com"
198.54.114.83 - - [16/Apr/2025:18:08:32 -0400] "POST /wp-admin/admin-ajax.php?action=async_litespeed&nonce=aMxLxEvzoUchf3QfM5CNVempyGcBN9qJ&litespeed_type=imgoptm HTTP/1.1" 200 0 "-" "WordPress/6.8; https://bakingsecurityin.com"
85.208.96.202 - - [16/Apr/2025:18:09:07 -0400] "GET /liability-insurance-for-small-businesses/ HTTP/1.1" 200 0 "-" "Mozilla/5.0 (compatible; SemrushBot/7~bl; +http://www.semrush.com/bot.html)"
85.208.98.19 - - [16/Apr/2025:18:09:31 -0400] "GET /so-reinigen-sie-eine-saubere-goldkette/ HTTP/1.1" 200 0 "-" "Mozilla/5.0 (compatible; SemrushBot-BA; +http://www.semrush.com/bot.html)"
198.54.114.83 - - [16/Apr/2025:18:09:33 -0400] "POST /wp-cron.php?doing_wp_cron=1744841372.3511381149291992187500 HTTP/1.1" 200 0 "-" "WordPress/6.8; https://bakingsecurityin.com"
198.54.114.83 - - [16/Apr/2025:18:09:37 -0400] "POST /wp-admin/admin-ajax.php?action=async_litespeed&nonce=KBs2aafToLXMllOeaSZdDlrS2kgZuoKi&litespeed_type=imgoptm HTTP/1.1" 200 0 "-" "WordPress/6.8; https://bakingsecurityin.com"
85.208.98.29 - - [16/Apr/2025:18:09:40 -0400] "GET /comment-nettoyer-largenterie/ HTTP/1.1" 200 0 "-" "Mozilla/5.0 (compatible; SemrushBot-BA; +http://www.semrush.com/bot.html)"
85.208.98.19 - - [16/Apr/2025:18:09:49 -0400] "GET /the-art-of-cleaning-silverware/ HTTP/1.1" 200 0 "-" "Mozilla/5.0 (compatible; SemrushBot-BA; +http://www.semrush.com/bot.html)"
85.208.98.16 - - [16/Apr/2025:18:09:58 -0400] "GET /guida-completa-su-come-pulire-loro-bianco/ HTTP/1.1" 200 0 "-" "Mozilla/5.0 (compatible; SemrushBot-BA; +http://www.semrush.com/bot.html)"
51.222.253.2 - - [16/Apr/2025:18:10:01 -0400] "GET /online-job-advertising-in-the-uk/feed/ HTTP/1.1" 304 0 "-" "Mozilla/5.0 (compatible; AhrefsBot/7.0; +http://ahrefs.com/robot/)"
43.132.229.118 - - [16/Apr/2025:18:10:42 -0400] "GET /fashionable-camera-bags-for-your-feminine-side/ HTTP/1.1" 200 0 "-" "Python/3.10 aiohttp/3.10.5"
198.54.114.83 - - [16/Apr/2025:18:10:46 -0400] "POST /wp-cron.php?doing_wp_cron=1744841443.1182999610900878906250 HTTP/1.1" 200 0 "-" "WordPress/6.8; https://bakingsecurityin.com"
198.54.114.83 - - [16/Apr/2025:18:10:48 -0400] "POST /wp-admin/admin-ajax.php?action=async_litespeed&nonce=nALpimUJlDFFbJKFqyJQ5nyCiPYIFFNe&litespeed_type=imgoptm HTTP/1.1" 200 0 "-" "WordPress/6.8; https://bakingsecurityin.com"
51.222.253.17 - - [16/Apr/2025:18:14:34 -0400] "GET /commercial-locksmith-services/feed/ HTTP/1.1" 200 383 "-" "Mozilla/5.0 (compatible; AhrefsBot/7.0; +http://ahrefs.com/robot/)"
198.54.114.83 - - [16/Apr/2025:18:14:40 -0400] "POST /wp-cron.php?doing_wp_cron=1744841678.2183480262756347656250 HTTP/1.1" 200 0 "-" "WordPress/6.8; https://bakingsecurityin.com"
185.191.171.4 - - [16/Apr/2025:18:15:27 -0400] "GET /10-bienfaits-de-la-chlorelle-detoxifiez-votre-corps-et-votre-foie-avec-la-chlorelle/ HTTP/1.1" 200 0 "-" "Mozilla/5.0 (compatible; SemrushBot/7~bl; +http://www.semrush.com/bot.html)"
129.226.53.190 - - [16/Apr/2025:18:17:37 -0400] "GET /hiking-at-pinetree-hill/ HTTP/1.1" 200 0 "-" "Python/3.10 aiohttp/3.10.5"
198.54.114.83 - - [16/Apr/2025:18:17:54 -0400] "POST /wp-cron.php?doing_wp_cron=1744841868.4502279758453369140625 HTTP/1.1" 200 0 "-" "WordPress/6.8; https://bakingsecurityin.com"
51.222.253.17 - - [16/Apr/2025:18:19:02 -0400] "GET /reasons-to-recycle/ HTTP/1.1" 200 0 "-" "Mozilla/5.0 (compatible; AhrefsBot/7.0; +http://ahrefs.com/robot/)"
198.54.114.83 - - [16/Apr/2025:18:19:04 -0400] "POST /wp-cron.php?doing_wp_cron=1744841942.5459949970245361328125 HTTP/1.1" 200 0 "-" "WordPress/6.8; https://bakingsecurityin.com"
85.208.98.22 - - [16/Apr/2025:18:20:43 -0400] "GET /jewellery-cleaner-solution/ HTTP/1.1" 200 0 "-" "Mozilla/5.0 (compatible; SemrushBot-BA; +http://www.semrush.com/bot.html)"
85.208.98.29 - - [16/Apr/2025:18:20:54 -0400] "GET /the-art-of-cleaning-silverware/ HTTP/1.1" 200 0 "-" "Mozilla/5.0 (compatible; SemrushBot-BA; +http://www.semrush.com/bot.html)"
85.208.98.31 - - [16/Apr/2025:18:20:57 -0400] "GET /consejos-para-mantener-su-brillo/ HTTP/1.1" 200 0 "-" "Mozilla/5.0 (compatible; SemrushBot-BA; +http://www.semrush.com/bot.html)"
85.208.98.20 - - [16/Apr/2025:18:21:05 -0400] "GET /how-to-make-your-own-jeweler-cleaner/ HTTP/1.1" 200 0 "-" "Mozilla/5.0 (compatible; SemrushBot-BA; +http://www.semrush.com/bot.html)"
85.208.98.19 - - [16/Apr/2025:18:21:11 -0400] "GET /so-reinigen-sie-eine-saubere-goldkette/ HTTP/1.1" 200 0 "-" "Mozilla/5.0 (compatible; SemrushBot-BA; +http://www.semrush.com/bot.html)"
85.208.98.20 - - [16/Apr/2025:18:21:20 -0400] "GET /unveiling-the-ultimate-gold-cleaner/ HTTP/1.1" 200 0 "-" "Mozilla/5.0 (compatible; SemrushBot-BA; +http://www.semrush.com/bot.html)"
85.208.98.31 - - [16/Apr/2025:18:21:25 -0400] "GET /comment-nettoyer-largenterie/ HTTP/1.1" 200 0 "-" "Mozilla/5.0 (compatible; SemrushBot-BA; +http://www.semrush.com/bot.html)"
85.208.98.24 - - [16/Apr/2025:18:21:32 -0400] "GET /guida-completa-su-come-pulire-loro-bianco/ HTTP/1.1" 200 0 "-" "Mozilla/5.0 (compatible; SemrushBot-BA; +http://www.semrush.com/bot.html)"
129.226.130.64 - - [16/Apr/2025:18:22:42 -0400] "GET /aba-therapy-near-me/ HTTP/1.1" 200 0 "-" "Python/3.10 aiohttp/3.10.5"
198.54.114.83 - - [16/Apr/2025:18:23:12 -0400] "POST /wp-cron.php?doing_wp_cron=1744842191.1591970920562744140625 HTTP/1.1" 200 0 "-" "WordPress/6.8; https://bakingsecurityin.com"
51.222.253.6 - - [16/Apr/2025:18:23:08 -0400] "GET /page/110/ HTTP/1.1" 200 0 "-" "Mozilla/5.0 (compatible; AhrefsBot/7.0; +http://ahrefs.com/robot/)"
198.54.114.83 - - [16/Apr/2025:18:23:15 -0400] "POST /wp-admin/admin-ajax.php?action=async_litespeed&nonce=cZ3lzo0foyIlAbWIb1R7ynXbWJSWqFbO&litespeed_type=imgoptm HTTP/1.1" 200 0 "-" "WordPress/6.8; https://bakingsecurityin.com"
51.222.253.18 - - [16/Apr/2025:18:27:31 -0400] "GET /brush-machinery-for-various-industries/feed/ HTTP/1.1" 200 402 "-" "Mozilla/5.0 (compatible; AhrefsBot/7.0; +http://ahrefs.com/robot/)"
198.54.114.83 - - [16/Apr/2025:18:27:39 -0400] "POST /wp-cron.php?doing_wp_cron=1744842456.2197189331054687500000 HTTP/1.1" 200 0 "-" "WordPress/6.8; https://bakingsecurityin.com"
198.54.114.83 - - [16/Apr/2025:18:27:40 -0400] "POST /wp-admin/admin-ajax.php?action=async_litespeed&nonce=b6E1XxI2GHmPksqxDEKyHTb00aaVjvu4&litespeed_type=imgoptm HTTP/1.1" 200 0 "-" "WordPress/6.8; https://bakingsecurityin.com"
51.222.253.4 - - [16/Apr/2025:18:31:37 -0400] "GET /audit-engagement-letter-sample/ HTTP/1.1" 200 0 "-" "Mozilla/5.0 (compatible; AhrefsBot/7.0; +http://ahrefs.com/robot/)"
18.97.14.89 - - [16/Apr/2025:18:31:48 -0400] "GET /wp-sitemap.xml HTTP/1.1" 200 194 "-" "CCBot/2.0 (https://commoncrawl.org/faq/)"
18.97.14.89 - - [16/Apr/2025:18:31:50 -0400] "GET /wp-sitemap-posts-post-1.xml HTTP/1.1" 200 32216 "-" "CCBot/2.0 (https://commoncrawl.org/faq/)"
18.97.14.89 - - [16/Apr/2025:18:31:52 -0400] "GET /wp-sitemap-taxonomies-category-1.xml HTTP/1.1" 200 206 "-" "CCBot/2.0 (https://commoncrawl.org/faq/)"
18.97.14.89 - - [16/Apr/2025:18:31:53 -0400] "GET /wp-sitemap-users-1.xml HTTP/1.1" 200 170 "-" "CCBot/2.0 (https://commoncrawl.org/faq/)"
18.97.14.89 - - [16/Apr/2025:18:31:54 -0400] "GET /wp-sitemap-posts-page-1.xml HTTP/1.1" 200 214 "-" "CCBot/2.0 (https://commoncrawl.org/faq/)"
198.54.114.83 - - [16/Apr/2025:18:35:50 -0400] "POST /wp-cron.php?doing_wp_cron=1744842949.5844099521636962890625 HTTP/1.1" 200 0 "-" "WordPress/6.8; https://bakingsecurityin.com"
51.222.253.10 - - [16/Apr/2025:18:35:45 -0400] "GET /pokemon-trading-card-games/feed/ HTTP/1.1" 304 0 "-" "Mozilla/5.0 (compatible; AhrefsBot/7.0; +http://ahrefs.com/robot/)"
198.54.114.83 - - [16/Apr/2025:18:35:52 -0400] "POST /wp-admin/admin-ajax.php?action=async_litespeed&nonce=6PbNG1GBplG9zTzAzWeqGhJNYu5v0Giz&litespeed_type=imgoptm HTTP/1.1" 200 0 "-" "WordPress/6.8; https://bakingsecurityin.com"
18.97.14.89 - - [16/Apr/2025:18:36:03 -0400] "GET /sitemap_index.xml HTTP/1.1" 404 0 "-" "CCBot/2.0 (https://commoncrawl.org/faq/)"
150.109.58.248 - - [16/Apr/2025:18:36:31 -0400] "GET /the-benefits-of-insulation-duct/ HTTP/1.1" 200 0 "-" "Python/3.10 aiohttp/3.10.5"
51.222.253.6 - - [16/Apr/2025:18:40:07 -0400] "GET /unveiling-the-science-behind-bodybuilding-supplements/ HTTP/1.1" 200 0 "-" "Mozilla/5.0 (compatible; AhrefsBot/7.0; +http://ahrefs.com/robot/)"
101.32.75.188 - - [16/Apr/2025:18:40:25 -0400] "GET /3-approaches-to-totally-make-use-of-your-conservatory-through-the-times-of-the-year/ HTTP/1.1" 200 0 "-" "Python/3.10 aiohttp/3.10.5"
198.54.114.83 - - [16/Apr/2025:18:40:31 -0400] "POST /wp-cron.php?doing_wp_cron=1744843229.9808089733123779296875 HTTP/1.1" 200 0 "-" "WordPress/6.8; https://bakingsecurityin.com"
150.109.114.17 - - [16/Apr/2025:18:42:51 -0400] "GET /the-benefits-of-sports-grip-socks/ HTTP/1.1" 200 0 "-" "Python/3.10 aiohttp/3.10.5"
198.54.114.83 - - [16/Apr/2025:18:45:11 -0400] "POST /wp-admin/admin-ajax.php?action=async_litespeed&nonce=LBZwt9cPh9HGoEQ1YiYAFCKmiwjYzvj9&litespeed_type=imgoptm HTTP/1.1" 200 0 "-" "WordPress/6.8; https://bakingsecurityin.com"
198.54.114.83 - - [16/Apr/2025:18:45:43 -0400] "POST /wp-admin/admin-ajax.php?action=async_litespeed&nonce=6YIdupN1RdqzNlyxls3t5TXJ8mjaCEnl&litespeed_type=imgoptm HTTP/1.1" 200 0 "-" "WordPress/6.8; https://bakingsecurityin.com"
51.222.253.20 - - [16/Apr/2025:18:46:09 -0400] "GET /top-free-webtoon-sites-for-manga-lovers/ HTTP/1.1" 200 0 "-" "Mozilla/5.0 (compatible; AhrefsBot/7.0; +http://ahrefs.com/robot/)"
129.226.134.60 - - [16/Apr/2025:18:46:09 -0400] "GET /the-benefits-of-double-glazing-bridgend/ HTTP/1.1" 200 0 "-" "Python/3.10 aiohttp/3.10.5"
198.54.114.83 - - [16/Apr/2025:18:47:56 -0400] "POST /wp-cron.php?doing_wp_cron=1744843675.8258440494537353515625 HTTP/1.1" 200 0 "-" "WordPress/6.8; https://bakingsecurityin.com"
198.54.114.83 - - [16/Apr/2025:18:47:58 -0400] "POST /wp-admin/admin-ajax.php?action=async_litespeed&nonce=i3yjKnnE5quAsebeJnyZ5DabohGvsecb&litespeed_type=imgoptm HTTP/1.1" 200 0 "-" "WordPress/6.8; https://bakingsecurityin.com"
43.132.120.183 - - [16/Apr/2025:18:47:51 -0400] "GET /manufacturing-loans-can-fulfill-a-variety-of-needs/ HTTP/1.1" 200 0 "-" "Python/3.10 aiohttp/3.10.5"
2a02:598:64:8a00::3100:8 - - [16/Apr/2025:18:48:59 -0400] "GET /the-benefits-of-an-air-cooler/ HTTP/1.1" 200 0 "-" "Mozilla/5.0 (compatible; SeznamBot/4.0; +https://o-seznam.cz/napoveda/vyhledavani/en/seznambot-crawler/)"
198.54.114.83 - - [16/Apr/2025:18:51:37 -0400] "POST /wp-cron.php?doing_wp_cron=1744843895.8850979804992675781250 HTTP/1.1" 200 0 "-" "WordPress/6.8; https://bakingsecurityin.com"
51.222.253.15 - - [16/Apr/2025:18:51:32 -0400] "GET /exploring-architectural-elegance/ HTTP/1.1" 200 0 "-" "Mozilla/5.0 (compatible; AhrefsBot/7.0; +http://ahrefs.com/robot/)"
198.54.114.83 - - [16/Apr/2025:18:51:38 -0400] "POST /wp-admin/admin-ajax.php?action=async_litespeed&nonce=bQVKGnuukeTMVduMGMObIu21tCO73ftD&litespeed_type=imgoptm HTTP/1.1" 200 0 "-" "WordPress/6.8; https://bakingsecurityin.com"
51.222.253.19 - - [16/Apr/2025:18:56:19 -0400] "GET /der-weg-das-herz-zu-beruhren/ HTTP/1.1" 200 0 "-" "Mozilla/5.0 (compatible; AhrefsBot/7.0; +http://ahrefs.com/robot/)"
198.54.114.83 - - [16/Apr/2025:18:56:25 -0400] "POST /wp-cron.php?doing_wp_cron=1744844183.9387071132659912109375 HTTP/1.1" 200 0 "-" "WordPress/6.8; https://bakingsecurityin.com"
51.222.253.19 - - [16/Apr/2025:19:00:51 -0400] "GET /how-to-rent-a-car-pishtina/ HTTP/1.1" 200 0 "-" "Mozilla/5.0 (compatible; AhrefsBot/7.0; +http://ahrefs.com/robot/)"
198.54.114.83 - - [16/Apr/2025:19:00:56 -0400] "POST /wp-cron.php?doing_wp_cron=1744844454.9093499183654785156250 HTTP/1.1" 200 0 "-" "WordPress/6.8; https://bakingsecurityin.com"
198.54.114.83 - - [16/Apr/2025:19:02:43 -0400] "POST /wp-admin/admin-ajax.php?action=async_litespeed&nonce=rM8Mv21BtkXpLvB9mJACNqIwTf5cXQfk&litespeed_type=imgoptm HTTP/1.1" 200 0 "-" "WordPress/6.8; https://bakingsecurityin.com"
66.249.92.130 - - [16/Apr/2025:19:03:04 -0400] "GET /feed HTTP/1.1" 301 0 "-" "FeedFetcher-Google; (+http://www.google.com/feedfetcher.html)"
66.249.92.128 - - [16/Apr/2025:19:03:06 -0400] "GET /feed/ HTTP/1.1" 200 264824 "-" "FeedFetcher-Google; (+http://www.google.com/feedfetcher.html)"
198.54.114.83 - - [16/Apr/2025:19:04:24 -0400] "POST /wp-admin/admin-ajax.php?action=async_litespeed&nonce=2GXiU4REwE2TfkRQovP5jxYygwMrmG4a&litespeed_type=imgoptm HTTP/1.1" 200 0 "-" "WordPress/6.8; https://bakingsecurityin.com"
13.82.177.167 - - [16/Apr/2025:19:05:00 -0400] "GET /wp-admin/network/about.php HTTP/1.1" 302 0 "-" "-"
13.82.177.167 - - [16/Apr/2025:19:05:02 -0400] "GET /wp-login.php?redirect_to=https%3A%2F%2Fbakingsecurityin.com%2Fwp-admin%2Fnetwork%2Fabout.php&reauth=1 HTTP/1.1" 200 1744 "-" "-"
51.222.253.16 - - [16/Apr/2025:19:05:29 -0400] "GET /moderne-beleuchtung-fur-zeitgemases-ambiente/ HTTP/1.1" 200 0 "-" "Mozilla/5.0 (compatible; AhrefsBot/7.0; +http://ahrefs.com/robot/)"
13.82.177.167 - - [16/Apr/2025:19:06:19 -0400] "GET /wp-login.php HTTP/1.1" 200 1737 "-" "-"
198.54.114.83 - - [16/Apr/2025:19:06:27 -0400] "POST /wp-admin/admin-ajax.php?action=async_litespeed&nonce=w8PboEWEw0YWIeysraxCZTmA7qpYKznE&litespeed_type=imgoptm HTTP/1.1" 200 0 "-" "WordPress/6.8; https://bakingsecurityin.com"
129.226.64.249 - - [16/Apr/2025:19:07:09 -0400] "GET /online-webcams/ HTTP/1.1" 200 0 "-" "Python/3.10 aiohttp/3.10.5"
13.82.177.167 - - [16/Apr/2025:19:07:45 -0400] "GET /wp-admin/index.php HTTP/1.1" 302 0 "-" "-"
13.82.177.167 - - [16/Apr/2025:19:07:47 -0400] "GET /wp-login.php?redirect_to=https%3A%2F%2Fbakingsecurityin.com%2Fwp-admin%2Findex.php&reauth=1 HTTP/1.1" 200 1743 "-" "-"
198.54.114.83 - - [16/Apr/2025:19:08:23 -0400] "POST /wp-admin/admin-ajax.php?action=async_litespeed&nonce=GcM9CfgWjQpnV4qBvrqNSVXcWuLleoQT&litespeed_type=imgoptm HTTP/1.1" 200 0 "-" "WordPress/6.8; https://bakingsecurityin.com"
198.54.114.83 - - [16/Apr/2025:19:09:24 -0400] "POST /wp-admin/admin-ajax.php?action=async_litespeed&nonce=GHNztIndO4UXjf5fPaeWoEDCyTTUctfP&litespeed_type=imgoptm HTTP/1.1" 200 0 "-" "WordPress/6.8; https://bakingsecurityin.com"
51.222.253.12 - - [16/Apr/2025:19:09:52 -0400] "GET /agencia-de-marketing-digital/ HTTP/1.1" 200 0 "-" "Mozilla/5.0 (compatible; AhrefsBot/7.0; +http://ahrefs.com/robot/)"
198.54.114.83 - - [16/Apr/2025:19:10:22 -0400] "POST /wp-admin/admin-ajax.php?action=async_litespeed&nonce=VFvP0sAQYBbv75tbioLtePQyKiFJ9ndQ&litespeed_type=imgoptm HTTP/1.1" 200 0 "-" "WordPress/6.8; https://bakingsecurityin.com"
198.54.114.83 - - [16/Apr/2025:19:12:25 -0400] "POST /wp-admin/admin-ajax.php?action=async_litespeed&nonce=oNfeC8AaEbMdPvEjaBW19PfH4fyqLM6V&litespeed_type=imgoptm HTTP/1.1" 200 0 "-" "WordPress/6.8; https://bakingsecurityin.com"
198.54.114.83 - - [16/Apr/2025:19:13:22 -0400] "POST /wp-admin/admin-ajax.php?action=async_litespeed&nonce=wt6gyRBbfzffQ5kj95nMY0KSMCO4QjRz&litespeed_type=imgoptm HTTP/1.1" 200 0 "-" "WordPress/6.8; https://bakingsecurityin.com"
13.82.177.167 - - [16/Apr/2025:19:13:52 -0400] "GET /wp-admin/about.php HTTP/1.1" 302 0 "-" "-"
13.82.177.167 - - [16/Apr/2025:19:13:53 -0400] "GET /wp-login.php?redirect_to=https%3A%2F%2Fbakingsecurityin.com%2Fwp-admin%2Fabout.php&reauth=1 HTTP/1.1" 200 1745 "-" "-"
85.208.96.202 - - [16/Apr/2025:19:13:59 -0400] "GET /unlock-efficiency-with-raymond-reach-truck-rentals/ HTTP/1.1" 200 0 "-" "Mozilla/5.0 (compatible; SemrushBot/7~bl; +http://www.semrush.com/bot.html)"
51.222.253.10 - - [16/Apr/2025:19:14:14 -0400] "GET /atas-accredited-travel-agents/ HTTP/1.1" 200 0 "-" "Mozilla/5.0 (compatible; AhrefsBot/7.0; +http://ahrefs.com/robot/)"
198.54.114.83 - - [16/Apr/2025:19:15:25 -0400] "POST /wp-admin/admin-ajax.php?action=async_litespeed&nonce=KzbswnGpoG5Xkt4TrrELpv8CazheVveX&litespeed_type=imgoptm HTTP/1.1" 200 0 "-" "WordPress/6.8; https://bakingsecurityin.com"
13.82.177.167 - - [16/Apr/2025:19:15:47 -0400] "GET /wp-admin/network/plugins.php HTTP/1.1" 302 0 "-" "-"
13.82.177.167 - - [16/Apr/2025:19:15:48 -0400] "GET /wp-login.php?redirect_to=https%3A%2F%2Fbakingsecurityin.com%2Fwp-admin%2Fnetwork%2Fplugins.php&reauth=1 HTTP/1.1" 200 1745 "-" "-"
198.54.114.83 - - [16/Apr/2025:19:17:28 -0400] "POST /wp-admin/admin-ajax.php?action=async_litespeed&nonce=pPhVBjKGd6Dv5la0aeNRYpXarCof1jxm&litespeed_type=imgoptm HTTP/1.1" 200 0 "-" "WordPress/6.8; https://bakingsecurityin.com"
35.247.174.80 - - [16/Apr/2025:19:16:35 -0400] "POST /wp-login.php HTTP/1.1" 200 0 "-" "Mozlila/5.0 (Linux; Android 7.0; SM-G892A Bulid/NRD90M; wv) AppleWebKit/537.36 (KHTML, like Gecko) Version/4.0 Chrome/60.0.3112.107 Moblie Safari/537.36"
35.247.174.80 - - [16/Apr/2025:19:18:16 -0400] "GET /wp-admin/plugin-install.php?tab=upload HTTP/1.1" 302 0 "-" "Mozlila/5.0 (Linux; Android 7.0; SM-G892A Bulid/NRD90M; wv) AppleWebKit/537.36 (KHTML, like Gecko) Version/4.0 Chrome/60.0.3112.107 Moblie Safari/537.36"
35.247.174.80 - - [16/Apr/2025:19:18:18 -0400] "GET /wp-login.php?redirect_to=https%3A%2F%2Fbakingsecurityin.com%2Fwp-admin%2Fplugin-install.php%3Ftab%3Dupload&reauth=1 HTTP/1.1" 200 1757 "-" "Mozlila/5.0 (Linux; Android 7.0; SM-G892A Bulid/NRD90M; wv) AppleWebKit/537.36 (KHTML, like Gecko) Version/4.0 Chrome/60.0.3112.107 Moblie Safari/537.36"
51.222.253.12 - - [16/Apr/2025:19:18:22 -0400] "GET /implants-dentaires-la-restauration-dentaire-simplifiee/ HTTP/1.1" 200 0 "-" "Mozilla/5.0 (compatible; AhrefsBot/7.0; +http://ahrefs.com/robot/)"
13.82.177.167 - - [16/Apr/2025:19:18:26 -0400] "GET /wp-admin/network/admin.php HTTP/1.1" 302 0 "-" "-"
13.82.177.167 - - [16/Apr/2025:19:18:27 -0400] "GET /wp-login.php?redirect_to=https%3A%2F%2Fbakingsecurityin.com%2Fwp-admin%2Fnetwork%2Fadmin.php&reauth=1 HTTP/1.1" 200 1743 "-" "-"
101.32.178.116 - - [16/Apr/2025:19:19:07 -0400] "GET /betting-money-sites/ HTTP/1.1" 200 0 "-" "Python/3.10 aiohttp/3.10.5"
101.32.178.116 - - [16/Apr/2025:19:19:07 -0400] "GET /mens-blazer-versatility-at-its-best/ HTTP/1.1" 200 0 "-" "Python/3.10 aiohttp/3.10.5"
119.28.204.247 - - [16/Apr/2025:19:19:18 -0400] "GET /cheap-boat-rental-tulum/ HTTP/1.1" 200 0 "-" "Python/3.10 aiohttp/3.10.5"
85.208.96.212 - - [16/Apr/2025:19:19:37 -0400] "GET /security-of-usb-ports-and-blaze-drives-issues-and-arrangements/ HTTP/1.1" 200 0 "-" "Mozilla/5.0 (compatible; SemrushBot/7~bl; +http://www.semrush.com/bot.html)"
45.150.34.9 - - [16/Apr/2025:19:19:44 -0400] "GET /wp-login.php HTTP/1.1" 200 1737 "-" "Mozilla/5.0 (Windows NT 10.0; Win64; x64; rv:97.0) Gecko/20100101 Firefox/97.0"
45.150.34.9 - - [16/Apr/2025:19:19:47 -0400] "POST /wp-login.php HTTP/1.1" 200 1858 "https://bakingsecurityin.com/wp-login.php" "Mozilla/5.0 (Windows NT 10.0; Win64; x64; rv:97.0) Gecko/20100101 Firefox/97.0"
2a02:598:64:8a00::3100:8 - - [16/Apr/2025:19:19:48 -0400] "GET /how-to-make-a-diamond-painting/ HTTP/1.1" 200 0 "-" "Mozilla/5.0 (compatible; SeznamBot/4.0; +https://o-seznam.cz/napoveda/vyhledavani/en/seznambot-crawler/)"
45.150.34.9 - - [16/Apr/2025:19:19:48 -0400] "POST /wp-login.php HTTP/1.1" 200 1858 "https://bakingsecurityin.com/wp-login.php" "Mozilla/5.0 (Windows NT 10.0; Win64; x64; rv:97.0) Gecko/20100101 Firefox/97.0"
13.82.177.167 - - [16/Apr/2025:19:19:55 -0400] "GET /wp-admin/user/index.php HTTP/1.1" 302 0 "-" "-"
13.82.177.167 - - [16/Apr/2025:19:19:57 -0400] "GET /wp-login.php?redirect_to=https%3A%2F%2Fbakingsecurityin.com%2Fwp-admin%2Fuser%2Findex.php&reauth=1 HTTP/1.1" 200 1742 "-" "-"
51.222.253.18 - - [16/Apr/2025:19:22:17 -0400] "GET /how-to-trim-video-on-iphone/ HTTP/1.1" 200 0 "-" "Mozilla/5.0 (compatible; AhrefsBot/7.0; +http://ahrefs.com/robot/)"
198.54.114.83 - - [16/Apr/2025:19:22:28 -0400] "POST /wp-admin/admin-ajax.php?action=async_litespeed&nonce=owU2aVpAXj5wsBZgUdKSM57lCiWe8n73&litespeed_type=imgoptm HTTP/1.1" 200 0 "-" "WordPress/6.8; https://bakingsecurityin.com"
198.54.114.83 - - [16/Apr/2025:19:26:19 -0400] "POST /wp-cron.php?doing_wp_cron=1744845978.7291669845581054687500 HTTP/1.1" 200 0 "-" "WordPress/6.8; https://bakingsecurityin.com"
51.222.253.6 - - [16/Apr/2025:19:26:14 -0400] "GET /how-to-correct-your-posture-and-relieve-nerd-neck/feed/ HTTP/1.1" 304 0 "-" "Mozilla/5.0 (compatible; AhrefsBot/7.0; +http://ahrefs.com/robot/)"
119.28.176.145 - - [16/Apr/2025:19:26:18 -0400] "GET /manicure-equipment-whats-included-in-a-manicure-set/ HTTP/1.1" 200 0 "-" "Python/3.10 aiohttp/3.10.5"
198.54.114.83 - - [16/Apr/2025:19:26:22 -0400] "POST /wp-cron.php?doing_wp_cron=1744845980.2380299568176269531250 HTTP/1.1" 200 0 "-" "WordPress/6.8; https://bakingsecurityin.com"
51.222.253.15 - - [16/Apr/2025:19:30:20 -0400] "GET /unveiling-the-thrills-of-online-slots/ HTTP/1.1" 200 0 "-" "Mozilla/5.0 (compatible; AhrefsBot/7.0; +http://ahrefs.com/robot/)"
85.208.96.204 - - [16/Apr/2025:19:30:22 -0400] "GET /how-do-car-dealerships-make-money/ HTTP/1.1" 200 0 "-" "Mozilla/5.0 (compatible; SemrushBot/7~bl; +http://www.semrush.com/bot.html)"
198.54.114.83 - - [16/Apr/2025:19:31:26 -0400] "POST /wp-admin/admin-ajax.php?action=async_litespeed&nonce=NTvI5iMeq9WIW25kFIblbgJh6XQ5IiQ8&litespeed_type=imgoptm HTTP/1.1" 200 0 "-" "WordPress/6.8; https://bakingsecurityin.com"
129.226.112.194 - - [16/Apr/2025:19:32:55 -0400] "GET /what-is-counselling/ HTTP/1.1" 200 0 "-" "Python/3.10 aiohttp/3.10.5"
198.54.114.83 - - [16/Apr/2025:19:33:30 -0400] "POST /wp-admin/admin-ajax.php?action=async_litespeed&nonce=F7hfEzEtllUO2DAzn6zYnKTIKHFOOTAl&litespeed_type=imgoptm HTTP/1.1" 200 0 "-" "WordPress/6.8; https://bakingsecurityin.com"
51.222.253.19 - - [16/Apr/2025:19:34:31 -0400] "GET /agriturismo-relais-chateaux-in-toscana/ HTTP/1.1" 200 0 "-" "Mozilla/5.0 (compatible; AhrefsBot/7.0; +http://ahrefs.com/robot/)"
198.54.114.83 - - [16/Apr/2025:19:34:33 -0400] "POST /wp-cron.php?doing_wp_cron=1744846472.2332100868225097656250 HTTP/1.1" 200 0 "-" "WordPress/6.8; https://bakingsecurityin.com"
101.32.75.188 - - [16/Apr/2025:19:35:03 -0400] "GET /buying-a-michael-kors-satchel-bag/ HTTP/1.1" 200 0 "-" "Python/3.10 aiohttp/3.10.5"
185.191.171.16 - - [16/Apr/2025:19:37:40 -0400] "GET /youtube-downloader-free-what-are-the-best-youtube-downloader-free-alternatives/ HTTP/1.1" 200 0 "-" "Mozilla/5.0 (compatible; SemrushBot/7~bl; +http://www.semrush.com/bot.html)"
198.54.114.83 - - [16/Apr/2025:19:37:44 -0400] "POST /wp-cron.php?doing_wp_cron=1744846663.2437860965728759765625 HTTP/1.1" 200 0 "-" "WordPress/6.8; https://bakingsecurityin.com"
188.126.89.83 - - [16/Apr/2025:19:37:38 -0400] "GET /a-buyers-guide-to-uk-cbd-gummies HTTP/1.1" 301 0 "-" "Mozilla/5.0 (Windows NT 10.0; WOW64; x64) AppleWebKit/537.36 (KHTML, like Gecko) Chrome/114.0.0.0 Safari/537.36 OPR/89.0.4447.51"
198.54.114.83 - - [16/Apr/2025:19:37:46 -0400] "POST /wp-admin/admin-ajax.php?action=async_litespeed&nonce=EmMUI7K1lxXxgJjgWxWsvB2YLXiy0fMT&litespeed_type=imgoptm HTTP/1.1" 200 0 "-" "WordPress/6.8; https://bakingsecurityin.com"
188.126.89.83 - - [16/Apr/2025:19:37:47 -0400] "GET /a-buyers-guide-to-uk-cbd-gummies/ HTTP/1.1" 200 0 "https://bakingsecurityin.com/a-buyers-guide-to-uk-cbd-gummies" "Mozilla/5.0 (Windows NT 10.0; WOW64; x64) AppleWebKit/537.36 (KHTML, like Gecko) Chrome/114.0.0.0 Safari/537.36 OPR/89.0.4447.51"
51.222.253.2 - - [16/Apr/2025:19:38:28 -0400] "GET /mask-for-spider-man-cosplay/feed/ HTTP/1.1" 200 395 "-" "Mozilla/5.0 (compatible; AhrefsBot/7.0; +http://ahrefs.com/robot/)"
198.54.114.83 - - [16/Apr/2025:19:38:31 -0400] "POST /wp-cron.php?doing_wp_cron=1744846709.4182848930358886718750 HTTP/1.1" 200 0 "-" "WordPress/6.8; https://bakingsecurityin.com"
43.154.87.57 - - [16/Apr/2025:19:41:14 -0400] "GET /fertility-clinic-dubai/ HTTP/1.1" 200 0 "-" "Python/3.10 aiohttp/3.10.5"
51.222.253.19 - - [16/Apr/2025:19:42:22 -0400] "GET /table-lamps-lighting-can-make-all-the-difference/ HTTP/1.1" 200 0 "-" "Mozilla/5.0 (compatible; AhrefsBot/7.0; +http://ahrefs.com/robot/)"
198.54.114.83 - - [16/Apr/2025:19:42:30 -0400] "POST /wp-cron.php?doing_wp_cron=1744846946.8299570083618164062500 HTTP/1.1" 200 0 "-" "WordPress/6.8; https://bakingsecurityin.com"
198.54.114.83 - - [16/Apr/2025:19:42:33 -0400] "POST /wp-admin/admin-ajax.php?action=async_litespeed&nonce=icKFxNlbMkwVN6RsB8FHD6o30ONcK3KO&litespeed_type=imgoptm HTTP/1.1" 200 0 "-" "WordPress/6.8; https://bakingsecurityin.com"
185.191.171.18 - - [16/Apr/2025:19:42:59 -0400] "GET /the-arden-is-not-just-a-village-or-a-town/ HTTP/1.1" 200 0 "-" "Mozilla/5.0 (compatible; SemrushBot/7~bl; +http://www.semrush.com/bot.html)"
198.54.114.83 - - [16/Apr/2025:19:45:53 -0400] "POST /wp-cron.php?doing_wp_cron=1744847151.8009951114654541015625 HTTP/1.1" 200 0 "-" "WordPress/6.8; https://bakingsecurityin.com"
35.247.174.80 - - [16/Apr/2025:19:45:45 -0400] "POST /wp-login.php HTTP/1.1" 200 1858 "-" "Mozlila/5.0 (Linux; Android 7.0; SM-G892A Bulid/NRD90M; wv) AppleWebKit/537.36 (KHTML, like Gecko) Version/4.0 Chrome/60.0.3112.107 Moblie Safari/537.36"
198.54.114.83 - - [16/Apr/2025:19:45:56 -0400] "POST /wp-admin/admin-ajax.php?action=async_litespeed&nonce=aUpEw2Vuzp7zP0jLu2nFUu3jaAQqu6Ft&litespeed_type=imgoptm HTTP/1.1" 200 0 "-" "WordPress/6.8; https://bakingsecurityin.com"
35.247.174.80 - - [16/Apr/2025:19:45:56 -0400] "GET /wp-admin/plugin-install.php?tab=upload HTTP/1.1" 302 0 "-" "Mozlila/5.0 (Linux; Android 7.0; SM-G892A Bulid/NRD90M; wv) AppleWebKit/537.36 (KHTML, like Gecko) Version/4.0 Chrome/60.0.3112.107 Moblie Safari/537.36"
35.247.174.80 - - [16/Apr/2025:19:45:58 -0400] "GET /wp-login.php?redirect_to=https%3A%2F%2Fbakingsecurityin.com%2Fwp-admin%2Fplugin-install.php%3Ftab%3Dupload&reauth=1 HTTP/1.1" 200 1757 "-" "Mozlila/5.0 (Linux; Android 7.0; SM-G892A Bulid/NRD90M; wv) AppleWebKit/537.36 (KHTML, like Gecko) Version/4.0 Chrome/60.0.3112.107 Moblie Safari/537.36"
185.191.171.6 - - [16/Apr/2025:19:46:04 -0400] "GET /choosing-a-cnc-milling-parts-supplier/ HTTP/1.1" 200 0 "-" "Mozilla/5.0 (compatible; SemrushBot/7~bl; +http://www.semrush.com/bot.html)"
51.222.253.10 - - [16/Apr/2025:19:46:05 -0400] "GET /revolutionizing-manufacturing-inside-the-brush-machine-factory/ HTTP/1.1" 200 0 "-" "Mozilla/5.0 (compatible; AhrefsBot/7.0; +http://ahrefs.com/robot/)"
51.222.253.2 - - [16/Apr/2025:19:50:11 -0400] "GET /teens-vaping-the-dangers-of-vaping/feed/ HTTP/1.1" 200 405 "-" "Mozilla/5.0 (compatible; AhrefsBot/7.0; +http://ahrefs.com/robot/)"
198.54.114.83 - - [16/Apr/2025:19:50:19 -0400] "POST /wp-cron.php?doing_wp_cron=1744847417.8882310390472412109375 HTTP/1.1" 200 0 "-" "WordPress/6.8; https://bakingsecurityin.com"
198.54.114.83 - - [16/Apr/2025:19:50:20 -0400] "POST /wp-admin/admin-ajax.php?action=async_litespeed&nonce=CmLzY9DP5R9OhzVku0olPy0iF1rRXmv6&litespeed_type=imgoptm HTTP/1.1" 200 0 "-" "WordPress/6.8; https://bakingsecurityin.com"
51.222.253.13 - - [16/Apr/2025:19:54:00 -0400] "GET /choosing-a-high-precision-balance/feed/ HTTP/1.1" 304 0 "-" "Mozilla/5.0 (compatible; AhrefsBot/7.0; +http://ahrefs.com/robot/)"
198.54.114.83 - - [16/Apr/2025:19:54:07 -0400] "POST /wp-cron.php?doing_wp_cron=1744847644.5427670478820800781250 HTTP/1.1" 200 0 "-" "WordPress/6.8; https://bakingsecurityin.com"
43.132.120.183 - - [16/Apr/2025:19:55:16 -0400] "GET /cheap-banners-are-a-great-way-to-advertise/ HTTP/1.1" 200 0 "-" "Python/3.10 aiohttp/3.10.5"
198.54.114.83 - - [16/Apr/2025:19:55:19 -0400] "POST /wp-cron.php?doing_wp_cron=1744847717.1642420291900634765625 HTTP/1.1" 200 0 "-" "WordPress/6.8; https://bakingsecurityin.com"
51.222.253.12 - - [16/Apr/2025:19:58:00 -0400] "GET /page/111/ HTTP/1.1" 200 0 "-" "Mozilla/5.0 (compatible; AhrefsBot/7.0; +http://ahrefs.com/robot/)"
198.54.114.83 - - [16/Apr/2025:19:58:07 -0400] "POST /wp-cron.php?doing_wp_cron=1744847884.1450281143188476562500 HTTP/1.1" 200 0 "-" "WordPress/6.8; https://bakingsecurityin.com"
35.247.174.80 - - [16/Apr/2025:20:00:26 -0400] "POST /wp-login.php HTTP/1.1" 200 1858 "-" "Mozlila/5.0 (Linux; Android 7.0; SM-G892A Bulid/NRD90M; wv) AppleWebKit/537.36 (KHTML, like Gecko) Version/4.0 Chrome/60.0.3112.107 Moblie Safari/537.36"
198.54.114.83 - - [16/Apr/2025:20:00:32 -0400] "POST /wp-cron.php?doing_wp_cron=1744848030.3189840316772460937500 HTTP/1.1" 200 0 "-" "WordPress/6.8; https://bakingsecurityin.com"
129.226.53.190 - - [16/Apr/2025:20:00:33 -0400] "GET /how-to-find-the-best-peptides-uk/ HTTP/1.1" 200 0 "-" "Python/3.10 aiohttp/3.10.5"
35.247.174.80 - - [16/Apr/2025:20:00:33 -0400] "GET /wp-admin/plugin-install.php?tab=upload HTTP/1.1" 302 0 "-" "Mozlila/5.0 (Linux; Android 7.0; SM-G892A Bulid/NRD90M; wv) AppleWebKit/537.36 (KHTML, like Gecko) Version/4.0 Chrome/60.0.3112.107 Moblie Safari/537.36"
35.247.174.80 - - [16/Apr/2025:20:00:34 -0400] "GET /wp-login.php?redirect_to=https%3A%2F%2Fbakingsecurityin.com%2Fwp-admin%2Fplugin-install.php%3Ftab%3Dupload&reauth=1 HTTP/1.1" 200 1757 "-" "Mozlila/5.0 (Linux; Android 7.0; SM-G892A Bulid/NRD90M; wv) AppleWebKit/537.36 (KHTML, like Gecko) Version/4.0 Chrome/60.0.3112.107 Moblie Safari/537.36"
198.54.114.83 - - [16/Apr/2025:20:01:37 -0400] "POST /wp-cron.php?doing_wp_cron=1744848095.9635949134826660156250 HTTP/1.1" 200 0 "-" "WordPress/6.8; https://bakingsecurityin.com"
47.79.213.18 - - [16/Apr/2025:20:01:35 -0400] "GET / HTTP/1.1" 200 0 "https://www.google.com/" "Mozilla/5.0 (Linux; Android 10; K) AppleWebKit/537.36 (KHTML, like Gecko) Chrome/133.0.0.0 Mobile Safari/537.36"
198.54.114.83 - - [16/Apr/2025:20:01:40 -0400] "POST /wp-admin/admin-ajax.php?action=async_litespeed&nonce=P38w9rcWBsElwursPn6EgWsPKxCRiIJ5&litespeed_type=imgoptm HTTP/1.1" 200 0 "-" "WordPress/6.8; https://bakingsecurityin.com"
51.222.253.15 - - [16/Apr/2025:20:01:52 -0400] "GET /die-besten-orte-um-lampen-online-zu-kaufen/ HTTP/1.1" 200 0 "-" "Mozilla/5.0 (compatible; AhrefsBot/7.0; +http://ahrefs.com/robot/)"
198.54.114.83 - - [16/Apr/2025:20:02:32 -0400] "POST /wp-admin/admin-ajax.php?action=async_litespeed&nonce=TsEfZ9z0q9nzx99tlNfSw0VoIR4rowSW&litespeed_type=imgoptm HTTP/1.1" 200 0 "-" "WordPress/6.8; https://bakingsecurityin.com"
198.54.114.83 - - [16/Apr/2025:20:04:41 -0400] "POST /wp-admin/admin-ajax.php?action=async_litespeed&nonce=LtWGUCgVGYfOKqoIrB8FH6PKWsXbh7I4&litespeed_type=imgoptm HTTP/1.1" 200 0 "-" "WordPress/6.8; https://bakingsecurityin.com"
51.222.253.9 - - [16/Apr/2025:20:06:01 -0400] "GET /epilation-au-laser-a-rouen/ HTTP/1.1" 200 0 "-" "Mozilla/5.0 (compatible; AhrefsBot/7.0; +http://ahrefs.com/robot/)"
85.208.96.194 - - [16/Apr/2025:20:09:29 -0400] "GET /top-reasons-to-buy-hgh-in-canada/ HTTP/1.1" 200 0 "-" "Mozilla/5.0 (compatible; SemrushBot/7~bl; +http://www.semrush.com/bot.html)"
51.222.253.1 - - [16/Apr/2025:20:09:52 -0400] "GET /the-hill-shore/ HTTP/1.1" 200 0 "-" "Mozilla/5.0 (compatible; AhrefsBot/7.0; +http://ahrefs.com/robot/)"
52.170.90.42 - - [16/Apr/2025:20:10:56 -0400] "GET /wp-admin/users.php HTTP/1.1" 302 0 "-" "-"
52.170.90.42 - - [16/Apr/2025:20:10:58 -0400] "GET /wp-login.php?redirect_to=https%3A%2F%2Fbakingsecurityin.com%2Fwp-admin%2Fusers.php&reauth=1 HTTP/1.1" 200 1746 "-" "-"
52.170.90.42 - - [16/Apr/2025:20:11:13 -0400] "GET /wp-admin/network/index.php HTTP/1.1" 302 0 "-" "-"
52.170.90.42 - - [16/Apr/2025:20:11:14 -0400] "GET /wp-login.php?redirect_to=https%3A%2F%2Fbakingsecurityin.com%2Fwp-admin%2Fnetwork%2Findex.php&reauth=1 HTTP/1.1" 200 1739 "-" "-"
198.54.114.83 - - [16/Apr/2025:20:11:31 -0400] "POST /wp-admin/admin-ajax.php?action=async_litespeed&nonce=NLACFfIXfvE59WVsNclaerLzcVTBbSwD&litespeed_type=imgoptm HTTP/1.1" 200 0 "-" "WordPress/6.8; https://bakingsecurityin.com"
51.222.253.10 - - [16/Apr/2025:20:13:43 -0400] "GET /page/112/ HTTP/1.1" 200 0 "-" "Mozilla/5.0 (compatible; AhrefsBot/7.0; +http://ahrefs.com/robot/)"
111.119.216.191 - - [16/Apr/2025:20:14:11 -0400] "GET /wp-content/uploads/2023/01/hi5-768x432.jpg?w=186 HTTP/1.1" 404 0 "https://pattern.udlvirtual.edu.pe/en/what-does-archive-mean-on-instagram.html" "Mozilla/5.0 (Windows NT 10.0; Win64; x64) AppleWebKit/537.36 (KHTML, like Gecko) Chrome/101.0.4951.67 Safari/537.36"
198.54.114.83 - - [16/Apr/2025:20:14:29 -0400] "POST /wp-admin/admin-ajax.php?action=async_litespeed&nonce=UkBicMigpvdAPnlS19DoWpWKXMtM9e8m&litespeed_type=imgoptm HTTP/1.1" 200 0 "-" "WordPress/6.8; https://bakingsecurityin.com"
198.54.114.83 - - [16/Apr/2025:20:17:00 -0400] "POST /wp-cron.php?doing_wp_cron=1744849019.4817130565643310546875 HTTP/1.1" 200 0 "-" "WordPress/6.8; https://bakingsecurityin.com"
129.226.71.177 - - [16/Apr/2025:20:16:54 -0400] "GET /hotels-in-lago-di-garda/ HTTP/1.1" 200 0 "-" "Python/3.10 aiohttp/3.10.5"
198.54.114.83 - - [16/Apr/2025:20:17:01 -0400] "POST /wp-admin/admin-ajax.php?action=async_litespeed&nonce=hZRO6mM2zom0eBHNNCvTmufbLOqdTiH3&litespeed_type=imgoptm HTTP/1.1" 200 0 "-" "WordPress/6.8; https://bakingsecurityin.com"
119.28.74.148 - - [16/Apr/2025:20:17:30 -0400] "GET /how-to-get-a-cell-phone-that-works-in-canada/ HTTP/1.1" 200 0 "-" "Python/3.10 aiohttp/3.10.5"
198.54.114.83 - - [16/Apr/2025:20:17:32 -0400] "POST /wp-cron.php?doing_wp_cron=1744849051.0298769474029541015625 HTTP/1.1" 200 0 "-" "WordPress/6.8; https://bakingsecurityin.com"
198.54.114.83 - - [16/Apr/2025:20:17:33 -0400] "POST /wp-admin/admin-ajax.php?action=async_litespeed&nonce=my8avFmpDYZpXYvSnOu1IH6N3SN39SMW&litespeed_type=imgoptm HTTP/1.1" 200 5 "-" "WordPress/6.8; https://bakingsecurityin.com"
51.222.253.10 - - [16/Apr/2025:20:17:40 -0400] "GET /jet-ski-also-known-as-water-skiing/ HTTP/1.1" 200 0 "-" "Mozilla/5.0 (compatible; AhrefsBot/7.0; +http://ahrefs.com/robot/)"
51.8.102.102 - - [16/Apr/2025:20:20:11 -0400] "GET /robots.txt HTTP/1.1" 304 0 "-" "Mozilla/5.0 (Macintosh; Intel Mac OS X 10_15_7) AppleWebKit/537.36 (KHTML, like Gecko) Chrome/131.0.0.0 Safari/537.36; compatible; OAI-SearchBot/1.0; +https://openai.com/searchbot"
51.222.253.13 - - [16/Apr/2025:20:21:39 -0400] "GET /used-auto-parts-in-fort-myers/ HTTP/1.1" 200 0 "-" "Mozilla/5.0 (compatible; AhrefsBot/7.0; +http://ahrefs.com/robot/)"
198.54.114.83 - - [16/Apr/2025:20:23:27 -0400] "POST /wp-cron.php?doing_wp_cron=1744849407.0868980884552001953125 HTTP/1.1" 200 0 "-" "WordPress/6.8; https://bakingsecurityin.com"
198.54.114.83 - - [16/Apr/2025:20:23:27 -0400] "POST /wp-cron.php?doing_wp_cron=1744849407.0869510173797607421875 HTTP/1.1" 200 0 "-" "WordPress/6.8; https://bakingsecurityin.com"
129.226.160.68 - - [16/Apr/2025:20:23:22 -0400] "GET /how-to-choose-the-best-soccer-grip-socks/ HTTP/1.1" 200 0 "-" "Python/3.10 aiohttp/3.10.5"
129.226.160.68 - - [16/Apr/2025:20:23:22 -0400] "GET /puff-pastry-with-curry/ HTTP/1.1" 200 0 "-" "Python/3.10 aiohttp/3.10.5"
198.54.114.83 - - [16/Apr/2025:20:23:29 -0400] "POST /wp-admin/admin-ajax.php?action=async_litespeed&nonce=LmEas2nSBFP29h9kQ10VrD0ZcoJKTKUl&litespeed_type=imgoptm HTTP/1.1" 200 0 "-" "WordPress/6.8; https://bakingsecurityin.com"
185.191.171.3 - - [16/Apr/2025:20:25:13 -0400] "GET /la-revolution-de-la-sechage-linnovation-du-seche-linge-a-pompe-a-chaleur/ HTTP/1.1" 200 0 "-" "Mozilla/5.0 (compatible; SemrushBot/7~bl; +http://www.semrush.com/bot.html)"
198.54.114.83 - - [16/Apr/2025:20:25:19 -0400] "POST /wp-cron.php?doing_wp_cron=1744849517.1104888916015625000000 HTTP/1.1" 200 0 "-" "WordPress/6.8; https://bakingsecurityin.com"
51.222.253.2 - - [16/Apr/2025:20:25:28 -0400] "GET /review-of-the-relx-vape-pods/ HTTP/1.1" 200 0 "-" "Mozilla/5.0 (compatible; AhrefsBot/7.0; +http://ahrefs.com/robot/)"
198.54.114.83 - - [16/Apr/2025:20:26:27 -0400] "POST /wp-cron.php?doing_wp_cron=1744849587.1848080158233642578125 HTTP/1.1" 200 0 "-" "WordPress/6.8; https://bakingsecurityin.com"
101.32.39.34 - - [16/Apr/2025:20:26:26 -0400] "GET /deep-house-cleaning-services/ HTTP/1.1" 200 0 "-" "Python/3.10 aiohttp/3.10.5"
198.54.114.83 - - [16/Apr/2025:20:26:30 -0400] "POST /wp-admin/admin-ajax.php?action=async_litespeed&nonce=8Pm7yOoP5rbdTCVk7SQxSJn8BZqCDYto&litespeed_type=imgoptm HTTP/1.1" 200 0 "-" "WordPress/6.8; https://bakingsecurityin.com"
51.222.253.13 - - [16/Apr/2025:20:30:53 -0400] "GET /the-realm-of-money-lenders-in-singapore/ HTTP/1.1" 200 0 "-" "Mozilla/5.0 (compatible; AhrefsBot/7.0; +http://ahrefs.com/robot/)"
89.175.12.245 - - [16/Apr/2025:20:34:25 -0400] "GET /a-journey-into-skincare/ HTTP/1.1" 200 0 "https://bakingsecurityin.com/a-journey-into-skincare/" "Mozilla/5.0 (Windows NT 10.0; Win64; x64) AppleWebKit/537.36 (KHTML, like Gecko) Chrome/130.0.0.0 Safari/537.36 CCleaner/130.0.0.0"
89.175.12.245 - - [16/Apr/2025:20:34:26 -0400] "GET / HTTP/1.1" 200 0 "https://bakingsecurityin.com/" "Mozilla/5.0 (Windows NT 10.0; Win64; x64) AppleWebKit/537.36 (KHTML, like Gecko) Chrome/130.0.0.0 Safari/537.36 CCleaner/130.0.0.0"
198.54.114.83 - - [16/Apr/2025:20:34:33 -0400] "POST /wp-cron.php?doing_wp_cron=1744850071.4411039352416992187500 HTTP/1.1" 200 0 "-" "WordPress/6.8; https://bakingsecurityin.com"
124.156.158.34 - - [16/Apr/2025:20:36:14 -0400] "GET /choosing-a-smart-dehumidifier-uk/ HTTP/1.1" 200 0 "-" "Python/3.10 aiohttp/3.10.5"
198.54.114.83 - - [16/Apr/2025:20:36:22 -0400] "POST /wp-cron.php?doing_wp_cron=1744850179.5143089294433593750000 HTTP/1.1" 200 0 "-" "WordPress/6.8; https://bakingsecurityin.com"
124.156.104.122 - - [16/Apr/2025:20:38:51 -0400] "GET /private-venture-thoughts-in-spirits-wines-and-brew/ HTTP/1.1" 200 0 "-" "Python/3.10 aiohttp/3.10.5"
198.54.114.83 - - [16/Apr/2025:20:38:58 -0400] "POST /wp-cron.php?doing_wp_cron=1744850336.6338460445404052734375 HTTP/1.1" 200 0 "-" "WordPress/6.8; https://bakingsecurityin.com"
51.222.253.11 - - [16/Apr/2025:20:39:57 -0400] "GET /how-to-keep-your-online-store-costs-down/feed/ HTTP/1.1" 304 0 "-" "Mozilla/5.0 (compatible; AhrefsBot/7.0; +http://ahrefs.com/robot/)"
198.54.114.83 - - [16/Apr/2025:20:39:59 -0400] "POST /wp-cron.php?doing_wp_cron=1744850398.0732851028442382812500 HTTP/1.1" 200 0 "-" "WordPress/6.8; https://bakingsecurityin.com"
119.28.27.236 - - [16/Apr/2025:20:41:42 -0400] "GET /how-to-look-for-free-apk-files/ HTTP/1.1" 200 0 "-" "Python/3.10 aiohttp/3.10.5"
198.54.114.83 - - [16/Apr/2025:20:41:49 -0400] "POST /wp-cron.php?doing_wp_cron=1744850507.7735619544982910156250 HTTP/1.1" 200 0 "-" "WordPress/6.8; https://bakingsecurityin.com"
51.222.253.19 - - [16/Apr/2025:20:45:31 -0400] "GET /hattingen-deutschland-heimat-einer-vielzahl-historischer-wahrzeichen/ HTTP/1.1" 200 0 "-" "Mozilla/5.0 (compatible; AhrefsBot/7.0; +http://ahrefs.com/robot/)"
198.54.114.83 - - [16/Apr/2025:20:45:37 -0400] "POST /wp-cron.php?doing_wp_cron=1744850735.1434168815612792968750 HTTP/1.1" 200 0 "-" "WordPress/6.8; https://bakingsecurityin.com"
198.54.114.83 - - [16/Apr/2025:20:45:38 -0400] "POST /wp-admin/admin-ajax.php?action=async_litespeed&nonce=pOTcc52an8F97jqJHqhMM8jr1IK4uoTt&litespeed_type=imgoptm HTTP/1.1" 200 0 "-" "WordPress/6.8; https://bakingsecurityin.com"
134.17.14.122 - - [16/Apr/2025:20:46:09 -0400] "GET /nope.php HTTP/1.1" 404 0 "-" "Mozilla/4.0 (compatible; MSIE 6.0; Windows NT 5.1; SV1)"
51.222.253.12 - - [16/Apr/2025:20:50:26 -0400] "GET /water-tank-cleaners-near-me/ HTTP/1.1" 200 0 "-" "Mozilla/5.0 (compatible; AhrefsBot/7.0; +http://ahrefs.com/robot/)"
198.54.114.83 - - [16/Apr/2025:20:50:35 -0400] "POST /wp-cron.php?doing_wp_cron=1744851034.5668909549713134765625 HTTP/1.1" 200 0 "-" "WordPress/6.8; https://bakingsecurityin.com"
43.154.122.150 - - [16/Apr/2025:20:50:31 -0400] "GET /best-resume-help-near-me/ HTTP/1.1" 200 0 "-" "Python/3.10 aiohttp/3.10.5"
198.54.114.83 - - [16/Apr/2025:20:50:36 -0400] "POST /wp-admin/admin-ajax.php?action=async_litespeed&nonce=2M3skKigAiq4ibFAEr79ENFUBTIHGHwK&litespeed_type=imgoptm HTTP/1.1" 200 0 "-" "WordPress/6.8; https://bakingsecurityin.com"
43.154.122.150 - - [16/Apr/2025:20:52:21 -0400] "GET /how-to-tell-if-someone-has-snapchat-plus/ HTTP/1.1" 200 0 "-" "Python/3.10 aiohttp/3.10.5"
198.54.114.83 - - [16/Apr/2025:20:52:28 -0400] "POST /wp-cron.php?doing_wp_cron=1744851146.1722989082336425781250 HTTP/1.1" 200 0 "-" "WordPress/6.8; https://bakingsecurityin.com"
4.227.36.63 - - [16/Apr/2025:20:52:49 -0400] "GET /robots.txt HTTP/1.1" 200 98 "-" "Mozilla/5.0 AppleWebKit/537.36 (KHTML, like Gecko; compatible; GPTBot/1.2; +https://openai.com/gptbot)"
198.54.114.83 - - [16/Apr/2025:20:54:57 -0400] "POST /wp-admin/admin-ajax.php?action=async_litespeed&nonce=OEwT1JrBuo2D7kF5ScnBqyVrpNQpqyUt&litespeed_type=imgoptm HTTP/1.1" 200 0 "-" "WordPress/6.8; https://bakingsecurityin.com"
46.161.60.180 - - [16/Apr/2025:20:54:58 -0400] "GET /wp-login.php HTTP/1.1" 200 1737 "-" "-"
46.161.60.180 - - [16/Apr/2025:20:55:00 -0400] "POST /wp-login.php HTTP/1.1" 200 1867 "-" "-"
51.222.253.19 - - [16/Apr/2025:20:55:19 -0400] "GET /page/113/ HTTP/1.1" 200 0 "-" "Mozilla/5.0 (compatible; AhrefsBot/7.0; +http://ahrefs.com/robot/)"
198.54.114.83 - - [16/Apr/2025:20:57:41 -0400] "POST /wp-cron.php?doing_wp_cron=1744851460.6247971057891845703125 HTTP/1.1" 200 0 "-" "WordPress/6.8; https://bakingsecurityin.com"
240e:350:8003:4fc2:4ecc:6ab6:ef7:5ca9 - - [16/Apr/2025:20:57:37 -0400] "POST /wp-comments-post.php HTTP/1.1" 302 0 "-" "Mozilla/5.0 (Windows NT 10.0; Win64; x64) AppleWebKit/537.36 (KHTML, like Gecko) Chrome/108.0.0.0 Safari/537.36 Edg/108.0.1462.46"
198.54.114.83 - - [16/Apr/2025:20:57:43 -0400] "POST /wp-admin/admin-ajax.php?action=async_litespeed&nonce=M0LJ2eY2EXBer6DDbsHbREEO4CeJipMi&litespeed_type=imgoptm HTTP/1.1" 200 0 "-" "WordPress/6.8; https://bakingsecurityin.com"
240e:350:8003:4fc2:4ecc:6ab6:ef7:5ca9 - - [16/Apr/2025:20:57:45 -0400] "GET /what-does-archive-mean-on-instagram/?unapproved=5025&moderation-hash=2ea33800a8658e90e0c41cdc19c2400e HTTP/1.1" 200 0 "-" "Mozilla/5.0 (Windows NT 10.0; Win64; x64) AppleWebKit/537.36 (KHTML, like Gecko) Chrome/108.0.0.0 Safari/537.36 Edg/108.0.1462.46"
198.54.114.83 - - [16/Apr/2025:20:59:23 -0400] "POST /wp-cron.php?doing_wp_cron=1744851562.5480480194091796875000 HTTP/1.1" 200 0 "-" "WordPress/6.8; https://bakingsecurityin.com"
51.222.253.14 - - [16/Apr/2025:20:59:20 -0400] "GET /deciding-what-to-wear-to-travel-on-a-plane/ HTTP/1.1" 200 0 "-" "Mozilla/5.0 (compatible; AhrefsBot/7.0; +http://ahrefs.com/robot/)"
198.54.114.83 - - [16/Apr/2025:20:59:25 -0400] "POST /wp-admin/admin-ajax.php?action=async_litespeed&nonce=2xCAB74n27uPoY3r9cCqhyN1VtruAI7C&litespeed_type=imgoptm HTTP/1.1" 200 0 "-" "WordPress/6.8; https://bakingsecurityin.com"
129.226.63.212 - - [16/Apr/2025:20:59:39 -0400] "GET /factors-that-will-enable-you-to-promote-your-business-videos/ HTTP/1.1" 200 0 "-" "Python/3.10 aiohttp/3.10.5"
85.208.96.194 - - [16/Apr/2025:21:00:10 -0400] "GET /umzugsservice-in-hamburg-fur-einen-stressfreien-wohnungswechsel/ HTTP/1.1" 200 0 "-" "Mozilla/5.0 (compatible; SemrushBot/7~bl; +http://www.semrush.com/bot.html)"
66.249.66.73 - - [16/Apr/2025:21:02:30 -0400] "GET /robots.txt HTTP/1.1" 304 0 "-" "Mozilla/5.0 (compatible; Googlebot/2.1; +http://www.google.com/bot.html)"
66.249.66.71 - - [16/Apr/2025:21:02:31 -0400] "GET /wp-content/uploads/2023/06/How-to-Turn-Off-Firewall-on-iPhone.jpg HTTP/1.1" 404 0 "-" "Googlebot-Image/1.0"
198.54.114.83 - - [16/Apr/2025:21:02:37 -0400] "POST /wp-cron.php?doing_wp_cron=1744851755.6894199848175048828125 HTTP/1.1" 200 0 "-" "WordPress/6.8; https://bakingsecurityin.com"
101.32.51.206 - - [16/Apr/2025:21:02:45 -0400] "GET /how-to-get-daily-wire-on-smart-tv/ HTTP/1.1" 200 0 "-" "Python/3.10 aiohttp/3.10.5"
150.109.104.47 - - [16/Apr/2025:21:02:52 -0400] "GET /the-plastic-injection-process/ HTTP/1.1" 200 0 "-" "Python/3.10 aiohttp/3.10.5"
51.222.253.5 - - [16/Apr/2025:21:03:22 -0400] "GET /ce-que-vous-devez-savoir-sur-la-peinture-street-art/ HTTP/1.1" 200 0 "-" "Mozilla/5.0 (compatible; AhrefsBot/7.0; +http://ahrefs.com/robot/)"
198.54.114.83 - - [16/Apr/2025:21:07:33 -0400] "POST /wp-cron.php?doing_wp_cron=1744852052.2449369430541992187500 HTTP/1.1" 200 0 "-" "WordPress/6.8; https://bakingsecurityin.com"
51.222.253.19 - - [16/Apr/2025:21:07:27 -0400] "GET /connecting-with-customers-through-qr-codes/ HTTP/1.1" 200 0 "-" "Mozilla/5.0 (compatible; AhrefsBot/7.0; +http://ahrefs.com/robot/)"
198.54.114.83 - - [16/Apr/2025:21:07:35 -0400] "POST /wp-admin/admin-ajax.php?action=async_litespeed&nonce=f53ni3FGwDjc8KlNp518qqPtz7ElwQ1w&litespeed_type=imgoptm HTTP/1.1" 200 0 "-" "WordPress/6.8; https://bakingsecurityin.com"
157.55.39.8 - - [16/Apr/2025:21:11:19 -0400] "GET /wp-sitemap-users-1.xml HTTP/1.1" 200 170 "-" "Mozilla/5.0 AppleWebKit/537.36 (KHTML, like Gecko; compatible; bingbot/2.0; +http://www.bing.com/bingbot.htm) Chrome/116.0.1938.76 Safari/537.36"
