129.226.176.123 - - [16/Apr/2025:01:46:46 -0400] "GET /disadvantages-of-using-a-bitcoin-mixer/ HTTP/1.1" 200 0 "-" "Python/3.10 aiohttp/3.10.5"
198.54.114.83 - - [16/Apr/2025:01:46:47 -0400] "POST /wp-admin/admin-ajax.php?action=async_litespeed&nonce=4PmudHASFSuJ8Wr7MlLJYtvVvg4f4aK9&litespeed_type=imgoptm HTTP/1.1" 200 5 "-" "WordPress/6.7.2; https://bakingsecurityin.com"
198.54.114.83 - - [16/Apr/2025:01:48:18 -0400] "POST /wp-cron.php?doing_wp_cron=1744782497.4964420795440673828125 HTTP/1.1" 200 0 "-" "WordPress/6.7.2; https://bakingsecurityin.com"
51.222.253.1 - - [16/Apr/2025:01:48:14 -0400] "GET /private-party-in-cartagena-beaches/ HTTP/1.1" 200 0 "-" "Mozilla/5.0 (compatible; AhrefsBot/7.0; +http://ahrefs.com/robot/)"
198.54.114.83 - - [16/Apr/2025:01:48:21 -0400] "POST /wp-admin/admin-ajax.php?action=async_litespeed&nonce=TOVPEo6YLbdzkjkZtva1VkNx1i6OD7BM&litespeed_type=imgoptm HTTP/1.1" 200 5 "-" "WordPress/6.7.2; https://bakingsecurityin.com"
40.77.167.13 - - [16/Apr/2025:01:49:15 -0400] "GET /wp-sitemap-posts-post-1.xml HTTP/1.1" 200 32216 "-" "Mozilla/5.0 AppleWebKit/537.36 (KHTML, like Gecko; compatible; bingbot/2.0; +http://www.bing.com/bingbot.htm) Chrome/116.0.1938.76 Safari/537.36"
198.54.114.83 - - [16/Apr/2025:01:49:19 -0400] "POST /wp-cron.php?doing_wp_cron=1744782558.5413260459899902343750 HTTP/1.1" 200 0 "-" "WordPress/6.7.2; https://bakingsecurityin.com"
129.226.13.120 - - [16/Apr/2025:01:49:18 -0400] "GET /what-is-a-virtual-makeup-try-on/ HTTP/1.1" 200 0 "-" "Python/3.10 aiohttp/3.10.5"
198.54.114.83 - - [16/Apr/2025:01:49:24 -0400] "POST /wp-admin/admin-ajax.php?action=async_litespeed&nonce=o63yhoWoS9Q9MdMpj2PRnkhFrSJ4J4Pg&litespeed_type=imgoptm HTTP/1.1" 200 0 "-" "WordPress/6.7.2; https://bakingsecurityin.com"
51.222.253.13 - - [16/Apr/2025:01:50:54 -0400] "GET /exploring-the-world-of-online-casinos/ HTTP/1.1" 200 0 "-" "Mozilla/5.0 (compatible; AhrefsBot/7.0; +http://ahrefs.com/robot/)"
198.54.114.83 - - [16/Apr/2025:01:52:06 -0400] "POST /wp-admin/admin-ajax.php?action=async_litespeed&nonce=1wFTuH8CwVISMnEXRqLbaVKQw0yZJBR1&litespeed_type=imgoptm HTTP/1.1" 200 0 "-" "WordPress/6.7.2; https://bakingsecurityin.com"
51.222.253.19 - - [16/Apr/2025:01:53:28 -0400] "GET /unveiling-the-allure-of-lentor-mansion-showflat/ HTTP/1.1" 200 0 "-" "Mozilla/5.0 (compatible; AhrefsBot/7.0; +http://ahrefs.com/robot/)"
198.54.114.98 - - [16/Apr/2025:01:53:40 -0400] "GET /wp-login.php HTTP/1.1" 200 1737 "http://bakingsecurityin.com" "Mozilla/5.0 (Windows NT 10.0; Win64; x64) AppleWebKit/537.36 (KHTML, like Gecko) Chrome/115.0.5790.171 Safari/537.36 Edg/115.0.1901.203"
198.54.114.83 - - [16/Apr/2025:01:53:40 -0400] "POST /wp-admin/admin-ajax.php?action=async_litespeed&nonce=jGi5ooD7GHAME4KyQy9H9WnObHYmZyjB&litespeed_type=imgoptm HTTP/1.1" 200 0 "-" "WordPress/6.7.2; https://bakingsecurityin.com"
136.243.228.193 - - [16/Apr/2025:01:53:52 -0400] "GET /unlocking-the-allure-exploring-the-fascination-of-car-badges/ HTTP/1.1" 200 0 "-" "Mozilla/5.0 (compatible; DataForSeoBot/1.0; +https://dataforseo.com/dataforseo-bot)"
129.226.53.190 - - [16/Apr/2025:01:55:38 -0400] "GET /the-advantages-and-disadvantages-of-the-electronic-warrant/ HTTP/1.1" 200 0 "-" "Python/3.10 aiohttp/3.10.5"
198.54.114.83 - - [16/Apr/2025:01:56:18 -0400] "POST /wp-cron.php?doing_wp_cron=1744782977.8965370655059814453125 HTTP/1.1" 200 0 "-" "WordPress/6.7.2; https://bakingsecurityin.com"
51.222.253.4 - - [16/Apr/2025:01:56:14 -0400] "GET /voice-actor-training-things-you-should-know/ HTTP/1.1" 200 0 "-" "Mozilla/5.0 (compatible; AhrefsBot/7.0; +http://ahrefs.com/robot/)"
198.54.114.83 - - [16/Apr/2025:01:56:19 -0400] "POST /wp-admin/admin-ajax.php?action=async_litespeed&nonce=UPxWFxKiz3RhD6HpwilMOVQ2ExtUq1jp&litespeed_type=imgoptm HTTP/1.1" 200 0 "-" "WordPress/6.7.2; https://bakingsecurityin.com"
198.54.114.83 - - [16/Apr/2025:01:57:53 -0400] "POST /wp-cron.php?doing_wp_cron=1744783072.9212729930877685546875 HTTP/1.1" 200 0 "-" "WordPress/6.7.2; https://bakingsecurityin.com"
185.191.171.7 - - [16/Apr/2025:01:57:50 -0400] "GET /plaques-dimmatriculation-personnalisees-un-etat-desprit/ HTTP/1.1" 200 0 "-" "Mozilla/5.0 (compatible; SemrushBot/7~bl; +http://www.semrush.com/bot.html)"
198.54.114.83 - - [16/Apr/2025:01:57:57 -0400] "POST /wp-admin/admin-ajax.php?action=async_litespeed&nonce=S6edvccVFSjCrLqfUHE6r4C39f7mKGuq&litespeed_type=imgoptm HTTP/1.1" 200 0 "-" "WordPress/6.7.2; https://bakingsecurityin.com"
198.54.114.83 - - [16/Apr/2025:01:58:33 -0400] "POST /wp-cron.php?doing_wp_cron=1744783112.8710238933563232421875 HTTP/1.1" 200 0 "-" "WordPress/6.7.2; https://bakingsecurityin.com"
51.222.253.6 - - [16/Apr/2025:01:58:32 -0400] "GET /how-to-find-german-lessons-near-me/ HTTP/1.1" 200 0 "-" "Mozilla/5.0 (compatible; AhrefsBot/7.0; +http://ahrefs.com/robot/)"
198.54.114.83 - - [16/Apr/2025:01:58:34 -0400] "POST /wp-admin/admin-ajax.php?action=async_litespeed&nonce=dyh4XZIo56K7h2mnz0fpZvrcclcvilQ8&litespeed_type=imgoptm HTTP/1.1" 200 0 "-" "WordPress/6.7.2; https://bakingsecurityin.com"
27.42.99.97 - - [16/Apr/2025:02:00:54 -0400] "GET /how-to-style-street-wear-for-men/ HTTP/1.1" 200 0 "https://bakingsecurityin.com" "Mozilla/5.0 (Windows NT 10.0; Win64; x64) AppleWebKit/537.36 (KHTML, like Gecko) Chrome/62.0.3202.94 Safari/537.36"
198.54.114.83 - - [16/Apr/2025:02:01:05 -0400] "POST /wp-cron.php?doing_wp_cron=1744783264.4855821132659912109375 HTTP/1.1" 200 0 "-" "WordPress/6.7.2; https://bakingsecurityin.com"
51.222.253.14 - - [16/Apr/2025:02:01:00 -0400] "GET /power-bi-training-course/ HTTP/1.1" 200 0 "-" "Mozilla/5.0 (compatible; AhrefsBot/7.0; +http://ahrefs.com/robot/)"
198.54.114.83 - - [16/Apr/2025:02:01:07 -0400] "POST /wp-admin/admin-ajax.php?action=async_litespeed&nonce=3wMg9YWQXQxo0uZKYnRP9TcDkwsU6ox2&litespeed_type=imgoptm HTTP/1.1" 200 0 "-" "WordPress/6.7.2; https://bakingsecurityin.com"
51.222.253.9 - - [16/Apr/2025:02:03:18 -0400] "GET /food-ingredients-first-natural-colors/ HTTP/1.1" 200 0 "-" "Mozilla/5.0 (compatible; AhrefsBot/7.0; +http://ahrefs.com/robot/)"
51.222.253.2 - - [16/Apr/2025:02:05:58 -0400] "GET /how-to-find-new-customers/ HTTP/1.1" 200 0 "-" "Mozilla/5.0 (compatible; AhrefsBot/7.0; +http://ahrefs.com/robot/)"
198.54.114.83 - - [16/Apr/2025:02:06:44 -0400] "POST /wp-admin/admin-ajax.php?action=async_litespeed&nonce=seBJAIgq5M9KGp3ngbNlRHKVruyjLL2P&litespeed_type=imgoptm HTTP/1.1" 200 0 "-" "WordPress/6.7.2; https://bakingsecurityin.com"
65.181.111.151 - - [16/Apr/2025:02:06:44 -0400] "GET /wp-login.php HTTP/1.1" 200 1737 "http://bakingsecurityin.com" "Mozilla/5.0 (Windows NT 10.0; Win64; x64) AppleWebKit/537.36 (KHTML, like Gecko) Chrome/113.0.5672.93 Safari/537.36"
198.54.114.83 - - [16/Apr/2025:02:08:37 -0400] "POST /wp-cron.php?doing_wp_cron=1744783716.5834031105041503906250 HTTP/1.1" 200 0 "-" "WordPress/6.7.2; https://bakingsecurityin.com"
51.222.253.2 - - [16/Apr/2025:02:08:34 -0400] "GET /wine-tours-willamette-valley/feed/ HTTP/1.1" 304 0 "-" "Mozilla/5.0 (compatible; AhrefsBot/7.0; +http://ahrefs.com/robot/)"
198.54.114.83 - - [16/Apr/2025:02:08:39 -0400] "POST /wp-admin/admin-ajax.php?action=async_litespeed&nonce=H9vYH1HChtpS2onleKLfIkEjDnGyV1lq&litespeed_type=imgoptm HTTP/1.1" 200 0 "-" "WordPress/6.7.2; https://bakingsecurityin.com"
198.54.114.83 - - [16/Apr/2025:02:11:08 -0400] "POST /wp-cron.php?doing_wp_cron=1744783867.0753331184387207031250 HTTP/1.1" 200 0 "-" "WordPress/6.7.2; https://bakingsecurityin.com"
51.222.253.1 - - [16/Apr/2025:02:11:03 -0400] "GET /a-silver-kiddush-cup-is-a-beautiful-piece-of-jewelry/feed/ HTTP/1.1" 200 429 "-" "Mozilla/5.0 (compatible; AhrefsBot/7.0; +http://ahrefs.com/robot/)"
198.54.114.83 - - [16/Apr/2025:02:11:09 -0400] "POST /wp-admin/admin-ajax.php?action=async_litespeed&nonce=AX8IstWmhGiXvwPkUFQY54lDJ9bEtzkk&litespeed_type=imgoptm HTTP/1.1" 200 0 "-" "WordPress/6.7.2; https://bakingsecurityin.com"
43.128.36.58 - - [16/Apr/2025:02:12:22 -0400] "GET /what-is-a-balance-sheet/ HTTP/1.1" 200 0 "-" "Python/3.10 aiohttp/3.10.5"
51.222.253.6 - - [16/Apr/2025:02:13:37 -0400] "GET /customized-socks-with-logo/feed/ HTTP/1.1" 200 392 "-" "Mozilla/5.0 (compatible; AhrefsBot/7.0; +http://ahrefs.com/robot/)"
198.54.114.83 - - [16/Apr/2025:02:13:42 -0400] "POST /wp-cron.php?doing_wp_cron=1744784020.6305959224700927734375 HTTP/1.1" 200 0 "-" "WordPress/6.7.2; https://bakingsecurityin.com"
198.54.114.83 - - [16/Apr/2025:02:15:20 -0400] "POST /wp-cron.php?doing_wp_cron=1744784119.4580440521240234375000 HTTP/1.1" 200 0 "-" "WordPress/6.7.2; https://bakingsecurityin.com"
129.226.52.30 - - [16/Apr/2025:02:15:15 -0400] "GET /how-to-choose-the-best-refrigeration-vacuum-pumps/ HTTP/1.1" 200 0 "-" "Python/3.10 aiohttp/3.10.5"
198.54.114.83 - - [16/Apr/2025:02:15:23 -0400] "POST /wp-admin/admin-ajax.php?action=async_litespeed&nonce=gDbJfEqmfrQwp8vDR6vlYj5NToEzTwCx&litespeed_type=imgoptm HTTP/1.1" 200 0 "-" "WordPress/6.7.2; https://bakingsecurityin.com"
51.222.253.10 - - [16/Apr/2025:02:15:49 -0400] "GET /buy-tiktok-saves-to-get-more-views-and-likes/feed/ HTTP/1.1" 304 0 "-" "Mozilla/5.0 (compatible; AhrefsBot/7.0; +http://ahrefs.com/robot/)"
198.54.114.83 - - [16/Apr/2025:02:17:22 -0400] "POST /wp-cron.php?doing_wp_cron=1744784241.7469599246978759765625 HTTP/1.1" 200 0 "-" "WordPress/6.7.2; https://bakingsecurityin.com"
185.191.171.7 - - [16/Apr/2025:02:17:18 -0400] "GET /2021/02/ HTTP/1.1" 200 0 "-" "Mozilla/5.0 (compatible; SemrushBot/7~bl; +http://www.semrush.com/bot.html)"
198.54.114.83 - - [16/Apr/2025:02:17:24 -0400] "POST /wp-admin/admin-ajax.php?action=async_litespeed&nonce=GdLRCcrNfUXgaLkZLWk2e9RmwnLHvazN&litespeed_type=imgoptm HTTP/1.1" 200 0 "-" "WordPress/6.7.2; https://bakingsecurityin.com"
198.54.114.83 - - [16/Apr/2025:02:18:08 -0400] "POST /wp-cron.php?doing_wp_cron=1744784287.3640830516815185546875 HTTP/1.1" 200 0 "-" "WordPress/6.7.2; https://bakingsecurityin.com"
51.222.253.11 - - [16/Apr/2025:02:18:07 -0400] "GET /dad-jokes-for-kids/feed/ HTTP/1.1" 304 0 "-" "Mozilla/5.0 (compatible; AhrefsBot/7.0; +http://ahrefs.com/robot/)"
198.54.114.83 - - [16/Apr/2025:02:18:11 -0400] "POST /wp-admin/admin-ajax.php?action=async_litespeed&nonce=GkMbtPRVeASezckBsKcAeGtXGxB9kEi7&litespeed_type=imgoptm HTTP/1.1" 200 0 "-" "WordPress/6.7.2; https://bakingsecurityin.com"
198.54.114.83 - - [16/Apr/2025:02:19:55 -0400] "POST /wp-admin/admin-ajax.php?action=async_litespeed&nonce=svvcCF9Phd4204ZY52r3OptIWK827jYl&litespeed_type=imgoptm HTTP/1.1" 200 0 "-" "WordPress/6.7.2; https://bakingsecurityin.com"
162.0.235.20 - - [16/Apr/2025:02:19:59 -0400] "GET /wp-login.php HTTP/1.1" 200 1737 "http://bakingsecurityin.com" "Mozilla/5.0 (Windows NT 11.0; Win64; x64) AppleWebKit/537.36 (KHTML, like Gecko) Chrome/126.0.0.0 Safari/537.36 Edg/126.0.0.0"
51.222.253.18 - - [16/Apr/2025:02:20:25 -0400] "GET /how-to-choose-the-best-office-desks/feed/ HTTP/1.1" 304 0 "-" "Mozilla/5.0 (compatible; AhrefsBot/7.0; +http://ahrefs.com/robot/)"
27.42.99.97 - - [16/Apr/2025:02:22:23 -0400] "GET /how-to-style-street-wear-for-men/ HTTP/1.1" 200 0 "https://bakingsecurityin.com" "Mozilla/5.0 (Windows NT 10.0; Win64; x64) AppleWebKit/537.36 (KHTML, like Gecko) Chrome/62.0.3202.94 Safari/537.36"
51.222.253.17 - - [16/Apr/2025:02:22:27 -0400] "GET /pantoufle-de-dinosaure/feed/ HTTP/1.1" 200 380 "-" "Mozilla/5.0 (compatible; AhrefsBot/7.0; +http://ahrefs.com/robot/)"
198.54.114.83 - - [16/Apr/2025:02:22:33 -0400] "POST /wp-cron.php?doing_wp_cron=1744784551.1901059150695800781250 HTTP/1.1" 200 0 "-" "WordPress/6.7.2; https://bakingsecurityin.com"
178.20.45.159 - - [16/Apr/2025:02:23:39 -0400] "GET /how-does-red-light-therapy-work/ HTTP/1.1" 200 0 "https://bakingsecurityin.com/how-does-red-light-therapy-work/#comment-11759/" "Mozilla/5.0 (Windows NT 10.0; Win64; x64) AppleWebKit/537.36 (KHTML, like Gecko) Chrome/130.0.0.0 Safari/537.36 CCleaner/130.0.0.0"
178.20.45.159 - - [16/Apr/2025:02:23:41 -0400] "GET / HTTP/1.1" 200 0 "https://bakingsecurityin.com/" "Mozilla/5.0 (Windows NT 10.0; Win64; x64) AppleWebKit/537.36 (KHTML, like Gecko) Chrome/130.0.0.0 Safari/537.36 CCleaner/130.0.0.0"
198.54.114.83 - - [16/Apr/2025:02:23:44 -0400] "POST /wp-cron.php?doing_wp_cron=1744784621.8222310543060302734375 HTTP/1.1" 200 0 "-" "WordPress/6.7.2; https://bakingsecurityin.com"
198.54.114.83 - - [16/Apr/2025:02:23:45 -0400] "POST /wp-admin/admin-ajax.php?action=async_litespeed&nonce=bBNve9aHZA8eM3WBuvR9AWja0vulGquG&litespeed_type=imgoptm HTTP/1.1" 200 0 "-" "WordPress/6.7.2; https://bakingsecurityin.com"
198.54.114.83 - - [16/Apr/2025:02:24:48 -0400] "POST /wp-cron.php?doing_wp_cron=1744784687.4313490390777587890625 HTTP/1.1" 200 0 "-" "WordPress/6.7.2; https://bakingsecurityin.com"
51.222.253.19 - - [16/Apr/2025:02:24:46 -0400] "GET /exploring-the-thrills-of-online-casinos/feed/ HTTP/1.1" 200 405 "-" "Mozilla/5.0 (compatible; AhrefsBot/7.0; +http://ahrefs.com/robot/)"
51.222.253.11 - - [16/Apr/2025:02:26:57 -0400] "GET /michael-kors-satchel-bag/feed/ HTTP/1.1" 304 0 "-" "Mozilla/5.0 (compatible; AhrefsBot/7.0; +http://ahrefs.com/robot/)"
198.54.114.83 - - [16/Apr/2025:02:27:04 -0400] "POST /wp-cron.php?doing_wp_cron=1744784822.4048309326171875000000 HTTP/1.1" 200 0 "-" "WordPress/6.7.2; https://bakingsecurityin.com"
43.135.9.110 - - [16/Apr/2025:02:29:16 -0400] "GET /industrial-duct-cleaning-service/ HTTP/1.1" 200 0 "-" "Python/3.10 aiohttp/3.10.5"
51.222.253.12 - - [16/Apr/2025:02:29:21 -0400] "GET /searching-people-by-business-name-144/ HTTP/1.1" 200 0 "-" "Mozilla/5.0 (compatible; AhrefsBot/7.0; +http://ahrefs.com/robot/)"
51.222.253.5 - - [16/Apr/2025:02:31:22 -0400] "GET /wichtige-dinge-die-sie-bei-der-beauftragung-eines-hochzeitsfotografen-beachten-sollten/feed/ HTTP/1.1" 304 0 "-" "Mozilla/5.0 (compatible; AhrefsBot/7.0; +http://ahrefs.com/robot/)"
198.54.114.83 - - [16/Apr/2025:02:31:28 -0400] "POST /wp-cron.php?doing_wp_cron=1744785085.5680189132690429687500 HTTP/1.1" 200 0 "-" "WordPress/6.7.2; https://bakingsecurityin.com"
136.243.228.193 - - [16/Apr/2025:02:31:32 -0400] "GET /cairnhill-16-an-urban-eden-in-the-heart-of-singapore/ HTTP/1.1" 200 0 "-" "Mozilla/5.0 (compatible; DataForSeoBot/1.0; +https://dataforseo.com/dataforseo-bot)"
198.54.114.83 - - [16/Apr/2025:02:32:51 -0400] "POST /wp-admin/admin-ajax.php?action=async_litespeed&nonce=pljN565fd2gGaOEp0WaA49mpAzWnFLvZ&litespeed_type=imgoptm HTTP/1.1" 200 0 "-" "WordPress/6.7.2; https://bakingsecurityin.com"
142.44.191.239 - - [16/Apr/2025:02:32:53 -0400] "GET /wp-login.php HTTP/1.1" 200 1737 "http://bakingsecurityin.com" "Mozilla/5.0 (Macintosh; Intel Mac OS X 10_15_7) AppleWebKit/537.36 (KHTML, like Gecko) Chrome/116.0.5845.96 Safari/537.36"
51.222.253.12 - - [16/Apr/2025:02:33:34 -0400] "GET /online-gambling/ HTTP/1.1" 200 0 "-" "Mozilla/5.0 (compatible; AhrefsBot/7.0; +http://ahrefs.com/robot/)"
198.54.114.83 - - [16/Apr/2025:02:33:36 -0400] "POST /wp-cron.php?doing_wp_cron=1744785215.2331209182739257812500 HTTP/1.1" 200 0 "-" "WordPress/6.7.2; https://bakingsecurityin.com"
51.222.253.7 - - [16/Apr/2025:02:35:48 -0400] "GET /how-to-embed-a-video-in-google-slides/feed/ HTTP/1.1" 200 441 "-" "Mozilla/5.0 (compatible; AhrefsBot/7.0; +http://ahrefs.com/robot/)"
198.54.114.83 - - [16/Apr/2025:02:35:56 -0400] "POST /wp-cron.php?doing_wp_cron=1744785352.9299280643463134765625 HTTP/1.1" 200 0 "-" "WordPress/6.7.2; https://bakingsecurityin.com"
185.191.171.19 - - [16/Apr/2025:02:37:55 -0400] "GET /jewellery-cleaner-solution/ HTTP/1.1" 200 0 "-" "Mozilla/5.0 (compatible; SemrushBot/7~bl; +http://www.semrush.com/bot.html)"
198.54.114.83 - - [16/Apr/2025:02:38:16 -0400] "POST /wp-cron.php?doing_wp_cron=1744785495.9407670497894287109375 HTTP/1.1" 200 0 "-" "WordPress/6.7.2; https://bakingsecurityin.com"
51.222.253.5 - - [16/Apr/2025:02:38:11 -0400] "GET /how-to-choose-the-best-soccer-grip-socks/feed/ HTTP/1.1" 200 415 "-" "Mozilla/5.0 (compatible; AhrefsBot/7.0; +http://ahrefs.com/robot/)"
198.54.114.83 - - [16/Apr/2025:02:38:20 -0400] "POST /wp-admin/admin-ajax.php?action=async_litespeed&nonce=EOD5Hff5iDZ1S08gLwBBCqm4JX0dR5Cl&litespeed_type=imgoptm HTTP/1.1" 200 0 "-" "WordPress/6.7.2; https://bakingsecurityin.com"
51.222.253.17 - - [16/Apr/2025:02:40:24 -0400] "GET /3-easy-ways-to-get-more-views-to-your-youtube-videos/feed/ HTTP/1.1" 200 434 "-" "Mozilla/5.0 (compatible; AhrefsBot/7.0; +http://ahrefs.com/robot/)"
198.54.114.83 - - [16/Apr/2025:02:40:33 -0400] "POST /wp-cron.php?doing_wp_cron=1744785627.6209719181060791015625 HTTP/1.1" 200 0 "-" "WordPress/6.7.2; https://bakingsecurityin.com"
198.54.114.83 - - [16/Apr/2025:02:41:47 -0400] "POST /wp-cron.php?doing_wp_cron=1744785706.0961709022521972656250 HTTP/1.1" 200 0 "-" "WordPress/6.7.2; https://bakingsecurityin.com"
47.79.215.6 - - [16/Apr/2025:02:41:36 -0400] "GET / HTTP/1.1" 508 829 "https://www.google.com/" "Mozilla/5.0 (Linux; Android 10; K) AppleWebKit/537.36 (KHTML, like Gecko) Chrome/133.0.0.0 Mobile Safari/537.36"
51.222.253.20 - - [16/Apr/2025:02:42:23 -0400] "GET /the-ultimate-guide-to-london-airport-taxis/feed/ HTTP/1.1" 304 0 "-" "Mozilla/5.0 (compatible; AhrefsBot/7.0; +http://ahrefs.com/robot/)"
51.222.253.6 - - [16/Apr/2025:02:44:22 -0400] "GET /revolutionizing-media-consumption/feed/ HTTP/1.1" 200 391 "-" "Mozilla/5.0 (compatible; AhrefsBot/7.0; +http://ahrefs.com/robot/)"
198.54.114.83 - - [16/Apr/2025:02:44:27 -0400] "POST /wp-cron.php?doing_wp_cron=1744785864.8677089214324951171875 HTTP/1.1" 200 0 "-" "WordPress/6.7.2; https://bakingsecurityin.com"
198.54.114.83 - - [16/Apr/2025:02:45:29 -0400] "POST /wp-cron.php?doing_wp_cron=1744785928.6622679233551025390625 HTTP/1.1" 200 0 "-" "WordPress/6.7.2; https://bakingsecurityin.com"
85.208.98.16 - - [16/Apr/2025:02:45:28 -0400] "GET /women-small-business-loans/ HTTP/1.1" 200 0 "-" "Mozilla/5.0 (compatible; SemrushBot-BA; +http://www.semrush.com/bot.html)"
198.54.114.83 - - [16/Apr/2025:02:45:30 -0400] "POST /wp-admin/admin-ajax.php?action=async_litespeed&nonce=8kcmbI0JZel16c3LYz00WRFIkfufGynq&litespeed_type=imgoptm HTTP/1.1" 200 0 "-" "WordPress/6.7.2; https://bakingsecurityin.com"
199.188.207.168 - - [16/Apr/2025:02:45:56 -0400] "GET /wp-login.php HTTP/1.1" 200 1737 "http://bakingsecurityin.com" "Mozilla/5.0 (Macintosh; Intel Mac OS X 14.3) AppleWebKit/614.31.14 (KHTML, like Gecko) Version/17.0.96 Safari/614.31.14"
198.54.114.83 - - [16/Apr/2025:02:46:23 -0400] "POST /wp-cron.php?doing_wp_cron=1744785982.1132340431213378906250 HTTP/1.1" 200 0 "-" "WordPress/6.7.2; https://bakingsecurityin.com"
119.28.56.126 - - [16/Apr/2025:02:46:21 -0400] "GET /how-to-get-more-youtube-subscribers-2/ HTTP/1.1" 200 0 "-" "Python/3.10 aiohttp/3.10.5"
198.54.114.83 - - [16/Apr/2025:02:46:24 -0400] "POST /wp-admin/admin-ajax.php?action=async_litespeed&nonce=Xz4mG1Ns2Fuw0vDVEp33r9J2KcSUZku5&litespeed_type=imgoptm HTTP/1.1" 200 0 "-" "WordPress/6.7.2; https://bakingsecurityin.com"
51.222.253.11 - - [16/Apr/2025:02:46:31 -0400] "GET /hillhaven-senior-living-in-bukit-batok/feed/ HTTP/1.1" 304 0 "-" "Mozilla/5.0 (compatible; AhrefsBot/7.0; +http://ahrefs.com/robot/)"
198.54.114.83 - - [16/Apr/2025:02:48:08 -0400] "POST /wp-cron.php?doing_wp_cron=1744786087.2333209514617919921875 HTTP/1.1" 200 0 "-" "WordPress/6.7.2; https://bakingsecurityin.com"
43.154.145.254 - - [16/Apr/2025:02:48:05 -0400] "GET /astm-d-903-test-standard-used-for-medical-packaging/ HTTP/1.1" 200 0 "-" "Python/3.10 aiohttp/3.10.5"
198.54.114.83 - - [16/Apr/2025:02:48:14 -0400] "POST /wp-admin/admin-ajax.php?action=async_litespeed&nonce=qbwTFAMvZ16Cw3waQMSzsY4RRFQJuJwM&litespeed_type=imgoptm HTTP/1.1" 200 0 "-" "WordPress/6.7.2; https://bakingsecurityin.com"
198.54.114.83 - - [16/Apr/2025:02:48:34 -0400] "POST /wp-cron.php?doing_wp_cron=1744786110.2978990077972412109375 HTTP/1.1" 200 0 "-" "WordPress/6.7.2; https://bakingsecurityin.com"
51.222.253.10 - - [16/Apr/2025:02:48:30 -0400] "GET /resolving-conflict-with-men-in-a-relationship/feed/ HTTP/1.1" 200 416 "-" "Mozilla/5.0 (compatible; AhrefsBot/7.0; +http://ahrefs.com/robot/)"
198.54.114.83 - - [16/Apr/2025:02:50:40 -0400] "POST /wp-cron.php?doing_wp_cron=1744786238.8996050357818603515625 HTTP/1.1" 200 0 "-" "WordPress/6.7.2; https://bakingsecurityin.com"
51.222.253.20 - - [16/Apr/2025:02:50:34 -0400] "GET /a-botany-showflat-experience/feed/ HTTP/1.1" 304 0 "-" "Mozilla/5.0 (compatible; AhrefsBot/7.0; +http://ahrefs.com/robot/)"
198.54.114.83 - - [16/Apr/2025:02:50:41 -0400] "POST /wp-admin/admin-ajax.php?action=async_litespeed&nonce=XVNlvPDmyIraGY3nyTdi6EJeBkC81EZA&litespeed_type=imgoptm HTTP/1.1" 200 0 "-" "WordPress/6.7.2; https://bakingsecurityin.com"
198.54.114.83 - - [16/Apr/2025:02:51:12 -0400] "POST /wp-cron.php?doing_wp_cron=1744786271.1903219223022460937500 HTTP/1.1" 200 0 "-" "WordPress/6.7.2; https://bakingsecurityin.com"
185.191.171.14 - - [16/Apr/2025:02:51:10 -0400] "GET /snapchat-group-chats/ HTTP/1.1" 200 0 "-" "Mozilla/5.0 (compatible; SemrushBot/7~bl; +http://www.semrush.com/bot.html)"
198.54.114.83 - - [16/Apr/2025:02:51:13 -0400] "POST /wp-admin/admin-ajax.php?action=async_litespeed&nonce=rNPBJoMzpg9YJXwzmeFIX39dD0pKQDkF&litespeed_type=imgoptm HTTP/1.1" 200 0 "-" "WordPress/6.7.2; https://bakingsecurityin.com"
2a02:598:64:8a00::3100:8 - - [16/Apr/2025:02:51:58 -0400] "GET /custom-fuzzy-socks-bulk/ HTTP/1.1" 200 0 "-" "Mozilla/5.0 (compatible; SeznamBot/4.0; +https://o-seznam.cz/napoveda/vyhledavani/en/seznambot-crawler/)"
198.54.114.83 - - [16/Apr/2025:02:52:00 -0400] "POST /wp-cron.php?doing_wp_cron=1744786318.7846651077270507812500 HTTP/1.1" 200 0 "-" "WordPress/6.7.2; https://bakingsecurityin.com"
51.222.253.18 - - [16/Apr/2025:02:52:39 -0400] "GET /nusa-penida-tour-highlights/ HTTP/1.1" 200 0 "-" "Mozilla/5.0 (compatible; AhrefsBot/7.0; +http://ahrefs.com/robot/)"
2a02:598:64:8a00::3100:8 - - [16/Apr/2025:02:53:59 -0400] "GET /reusable-iced-coffee-cups/ HTTP/1.1" 200 0 "-" "Mozilla/5.0 (compatible; SeznamBot/4.0; +https://o-seznam.cz/napoveda/vyhledavani/en/seznambot-crawler/)"
198.54.114.83 - - [16/Apr/2025:02:54:44 -0400] "POST /wp-cron.php?doing_wp_cron=1744786482.6804709434509277343750 HTTP/1.1" 200 0 "-" "WordPress/6.7.2; https://bakingsecurityin.com"
51.222.253.3 - - [16/Apr/2025:02:54:39 -0400] "GET /easiest-way-to-make-a-robot-in-little-alchemy/feed/ HTTP/1.1" 304 0 "-" "Mozilla/5.0 (compatible; AhrefsBot/7.0; +http://ahrefs.com/robot/)"
198.54.114.83 - - [16/Apr/2025:02:54:47 -0400] "POST /wp-admin/admin-ajax.php?action=async_litespeed&nonce=nSZ2EURHxPOcVEf5S9wpJL2FQNVZXRyN&litespeed_type=imgoptm HTTP/1.1" 200 0 "-" "WordPress/6.7.2; https://bakingsecurityin.com"
51.222.253.19 - - [16/Apr/2025:02:56:48 -0400] "GET /houston-drain-cleaning/ HTTP/1.1" 200 0 "-" "Mozilla/5.0 (compatible; AhrefsBot/7.0; +http://ahrefs.com/robot/)"
198.54.114.83 - - [16/Apr/2025:02:56:55 -0400] "POST /wp-cron.php?doing_wp_cron=1744786610.7790989875793457031250 HTTP/1.1" 200 0 "-" "WordPress/6.7.2; https://bakingsecurityin.com"
43.135.121.153 - - [16/Apr/2025:02:57:04 -0400] "GET /crazy-business-idea-youtube-theater/ HTTP/1.1" 200 0 "-" "Python/3.10 aiohttp/3.10.5"
51.222.253.5 - - [16/Apr/2025:02:58:47 -0400] "GET /how-to-register-a-business/feed/ HTTP/1.1" 200 385 "-" "Mozilla/5.0 (compatible; AhrefsBot/7.0; +http://ahrefs.com/robot/)"
198.54.114.83 - - [16/Apr/2025:02:58:52 -0400] "POST /wp-cron.php?doing_wp_cron=1744786730.5222001075744628906250 HTTP/1.1" 200 0 "-" "WordPress/6.7.2; https://bakingsecurityin.com"
162.214.124.144 - - [16/Apr/2025:02:59:33 -0400] "GET /wp-login.php HTTP/1.1" 200 1737 "http://bakingsecurityin.com" "Mozilla/5.0 (Macintosh; Intel Mac OS X 10_15_7) AppleWebKit/537.36 (KHTML, like Gecko) Chrome/113.0.5672.93 Safari/537.36"
172.177.12.150 - - [16/Apr/2025:02:59:58 -0400] "HEAD /new-mega-launch-condo-at-dunman-road/ HTTP/1.1" 200 0 "http://bakingsecurityin.com/new" "Mozilla/5.0 (Windows NT 10.0; Win64; x64) AppleWebKit/537.36 (KHTML, like Gecko) Chrome/74.0.3729.169 Safari/537.36"
51.222.253.1 - - [16/Apr/2025:03:00:47 -0400] "GET /tips-to-follow-when-betting-on-sports/feed/ HTTP/1.1" 200 406 "-" "Mozilla/5.0 (compatible; AhrefsBot/7.0; +http://ahrefs.com/robot/)"
119.28.176.145 - - [16/Apr/2025:03:01:40 -0400] "GET /norcold-refrigerator-parts/ HTTP/1.1" 200 0 "-" "Python/3.10 aiohttp/3.10.5"
185.191.171.18 - - [16/Apr/2025:03:02:26 -0400] "GET / HTTP/1.1" 200 0 "-" "Mozilla/5.0 (compatible; SemrushBot/7~bl; +http://www.semrush.com/bot.html)"
51.222.253.6 - - [16/Apr/2025:03:02:53 -0400] "GET /how-to-connect-an-apple-pencil/feed/ HTTP/1.1" 200 416 "-" "Mozilla/5.0 (compatible; AhrefsBot/7.0; +http://ahrefs.com/robot/)"
51.222.253.9 - - [16/Apr/2025:03:05:17 -0400] "GET /how-basement-finishing-can-increase-your-homes-value/ HTTP/1.1" 200 0 "-" "Mozilla/5.0 (compatible; AhrefsBot/7.0; +http://ahrefs.com/robot/)"
198.54.114.83 - - [16/Apr/2025:03:05:23 -0400] "POST /wp-cron.php?doing_wp_cron=1744787120.8993380069732666015625 HTTP/1.1" 200 0 "-" "WordPress/6.7.2; https://bakingsecurityin.com"
178.20.43.173 - - [16/Apr/2025:03:05:43 -0400] "GET /how-does-red-light-therapy-work/ HTTP/1.1" 200 0 "https://bakingsecurityin.com/how-does-red-light-therapy-work/#comment-10841/" "Mozilla/5.0 (Windows NT 10.0; Win64; x64) AppleWebKit/537.36 (KHTML, like Gecko) Chrome/130.0.0.0 Safari/537.36"
178.20.43.173 - - [16/Apr/2025:03:05:45 -0400] "GET / HTTP/1.1" 200 0 "https://bakingsecurityin.com/" "Mozilla/5.0 (Windows NT 10.0; Win64; x64) AppleWebKit/537.36 (KHTML, like Gecko) Chrome/130.0.0.0 Safari/537.36"
51.222.253.4 - - [16/Apr/2025:03:07:04 -0400] "GET /types-of-bb-guns/feed/ HTTP/1.1" 304 0 "-" "Mozilla/5.0 (compatible; AhrefsBot/7.0; +http://ahrefs.com/robot/)"
198.54.114.83 - - [16/Apr/2025:03:07:08 -0400] "POST /wp-cron.php?doing_wp_cron=1744787224.9984500408172607421875 HTTP/1.1" 200 0 "-" "WordPress/6.7.2; https://bakingsecurityin.com"
198.54.114.83 - - [16/Apr/2025:03:07:11 -0400] "POST /wp-admin/admin-ajax.php?action=async_litespeed&nonce=DPmqdPyIyPhpIkpeNk3jZtzuIk8YC7kl&litespeed_type=imgoptm HTTP/1.1" 200 0 "-" "WordPress/6.7.2; https://bakingsecurityin.com"
198.54.114.83 - - [16/Apr/2025:03:09:28 -0400] "POST /wp-cron.php?doing_wp_cron=1744787366.7181029319763183593750 HTTP/1.1" 200 0 "-" "WordPress/6.7.2; https://bakingsecurityin.com"
51.222.253.1 - - [16/Apr/2025:03:09:22 -0400] "GET /mediation-in-family-law-cases/feed/ HTTP/1.1" 304 0 "-" "Mozilla/5.0 (compatible; AhrefsBot/7.0; +http://ahrefs.com/robot/)"
198.54.114.83 - - [16/Apr/2025:03:09:32 -0400] "POST /wp-admin/admin-ajax.php?action=async_litespeed&nonce=Nwb54hLCdlInBfDkOCz5sK3ELpLCdTYY&litespeed_type=imgoptm HTTP/1.1" 200 0 "-" "WordPress/6.7.2; https://bakingsecurityin.com"
51.222.253.2 - - [16/Apr/2025:03:11:29 -0400] "GET /lilo-and-stitch-merchandise/feed/ HTTP/1.1" 200 391 "-" "Mozilla/5.0 (compatible; AhrefsBot/7.0; +http://ahrefs.com/robot/)"
198.54.114.83 - - [16/Apr/2025:03:11:35 -0400] "POST /wp-cron.php?doing_wp_cron=1744787492.3005840778350830078125 HTTP/1.1" 200 0 "-" "WordPress/6.7.2; https://bakingsecurityin.com"
136.243.228.193 - - [16/Apr/2025:03:11:54 -0400] "GET /the-artistry-of-planner-stickers/ HTTP/1.1" 200 0 "-" "Mozilla/5.0 (compatible; DataForSeoBot/1.0; +https://dataforseo.com/dataforseo-bot)"
51.222.253.3 - - [16/Apr/2025:03:13:43 -0400] "GET /how-to-trim-a-video-on-iphone/feed/ HTTP/1.1" 200 402 "-" "Mozilla/5.0 (compatible; AhrefsBot/7.0; +http://ahrefs.com/robot/)"
198.54.114.83 - - [16/Apr/2025:03:13:49 -0400] "POST /wp-cron.php?doing_wp_cron=1744787625.8812448978424072265625 HTTP/1.1" 200 0 "-" "WordPress/6.7.2; https://bakingsecurityin.com"
198.54.114.83 - - [16/Apr/2025:03:13:52 -0400] "POST /wp-admin/admin-ajax.php?action=async_litespeed&nonce=pZWsJEF4zlRNFJt8VKir47CfnTQDuTMQ&litespeed_type=imgoptm HTTP/1.1" 200 0 "-" "WordPress/6.7.2; https://bakingsecurityin.com"
51.222.253.3 - - [16/Apr/2025:03:15:58 -0400] "GET /what-episode-does-jon-snow-die/feed/ HTTP/1.1" 304 0 "-" "Mozilla/5.0 (compatible; AhrefsBot/7.0; +http://ahrefs.com/robot/)"
198.54.114.83 - - [16/Apr/2025:03:18:04 -0400] "POST /wp-cron.php?doing_wp_cron=1744787883.8632540702819824218750 HTTP/1.1" 200 0 "-" "WordPress/6.7.2; https://bakingsecurityin.com"
51.222.253.17 - - [16/Apr/2025:03:18:00 -0400] "GET /how-to-find-an-online-dating-photographer-near-me/ HTTP/1.1" 200 0 "-" "Mozilla/5.0 (compatible; AhrefsBot/7.0; +http://ahrefs.com/robot/)"
198.54.114.83 - - [16/Apr/2025:03:18:11 -0400] "POST /wp-admin/admin-ajax.php?action=async_litespeed&nonce=QO1U0STlF0vsQt8pb1vds90IAyCDASgs&litespeed_type=imgoptm HTTP/1.1" 200 0 "-" "WordPress/6.7.2; https://bakingsecurityin.com"
129.226.112.194 - - [16/Apr/2025:03:19:58 -0400] "GET /the-pros-and-cons-of-a-garden-apartment/ HTTP/1.1" 200 0 "-" "Python/3.10 aiohttp/3.10.5"
198.54.114.83 - - [16/Apr/2025:03:20:05 -0400] "POST /wp-cron.php?doing_wp_cron=1744788003.2395520210266113281250 HTTP/1.1" 200 0 "-" "WordPress/6.7.2; https://bakingsecurityin.com"
51.222.253.20 - - [16/Apr/2025:03:20:05 -0400] "GET /luxury-living-at-newport-residences-showflat/feed/ HTTP/1.1" 304 0 "-" "Mozilla/5.0 (compatible; AhrefsBot/7.0; +http://ahrefs.com/robot/)"
198.54.114.83 - - [16/Apr/2025:03:20:08 -0400] "POST /wp-admin/admin-ajax.php?action=async_litespeed&nonce=ZibHA4Kx0OU2XhPrBDqsFiJh5SjCFfgs&litespeed_type=imgoptm HTTP/1.1" 200 0 "-" "WordPress/6.7.2; https://bakingsecurityin.com"
198.54.114.83 - - [16/Apr/2025:03:22:09 -0400] "POST /wp-cron.php?doing_wp_cron=1744788127.7728979587554931640625 HTTP/1.1" 200 0 "-" "WordPress/6.7.2; https://bakingsecurityin.com"
51.222.253.7 - - [16/Apr/2025:03:22:05 -0400] "GET /dachdecker-hamburg-rahlstedt/feed/ HTTP/1.1" 200 391 "-" "Mozilla/5.0 (compatible; AhrefsBot/7.0; +http://ahrefs.com/robot/)"
198.54.114.83 - - [16/Apr/2025:03:22:11 -0400] "POST /wp-admin/admin-ajax.php?action=async_litespeed&nonce=QO8icxUfK0w8JmLGL88rI3W1by21O7SY&litespeed_type=imgoptm HTTP/1.1" 200 0 "-" "WordPress/6.7.2; https://bakingsecurityin.com"
2a03:2880:13ff:6:: - - [16/Apr/2025:03:22:37 -0400] "GET /robots.txt HTTP/1.1" 200 98 "-" "facebookexternalhit/1.1 (+http://www.facebook.com/externalhit_uatext.php)"
2a03:2880:32ff:6:: - - [16/Apr/2025:03:22:40 -0400] "GET /robots.txt HTTP/1.1" 200 98 "-" "facebookexternalhit/1.1 (+http://www.facebook.com/externalhit_uatext.php)"
198.54.114.83 - - [16/Apr/2025:03:23:24 -0400] "POST /wp-cron.php?doing_wp_cron=1744788203.1246581077575683593750 HTTP/1.1" 200 0 "-" "WordPress/6.7.2; https://bakingsecurityin.com"
150.109.118.157 - - [16/Apr/2025:03:23:22 -0400] "GET /personalised-online-tutoring/ HTTP/1.1" 404 0 "-" "Python/3.10 aiohttp/3.10.5"
198.54.114.83 - - [16/Apr/2025:03:23:27 -0400] "POST /wp-admin/admin-ajax.php?action=async_litespeed&nonce=UW1DGoTX3HkFRIkTuASEDgebANcRWf4n&litespeed_type=imgoptm HTTP/1.1" 200 0 "-" "WordPress/6.7.2; https://bakingsecurityin.com"
51.222.253.3 - - [16/Apr/2025:03:24:16 -0400] "GET /the-exquisite-elegance-of-the-reserve-residences-showroom/feed/ HTTP/1.1" 200 425 "-" "Mozilla/5.0 (compatible; AhrefsBot/7.0; +http://ahrefs.com/robot/)"
198.54.114.83 - - [16/Apr/2025:03:24:20 -0400] "POST /wp-cron.php?doing_wp_cron=1744788256.2307550907135009765625 HTTP/1.1" 200 0 "-" "WordPress/6.7.2; https://bakingsecurityin.com"
198.54.114.83 - - [16/Apr/2025:03:24:24 -0400] "POST /wp-admin/admin-ajax.php?action=async_litespeed&nonce=Yji7NE0ioFNNdJ3lnnQ2svTTtgQZL2A8&litespeed_type=imgoptm HTTP/1.1" 200 0 "-" "WordPress/6.7.2; https://bakingsecurityin.com"
51.222.253.4 - - [16/Apr/2025:03:26:33 -0400] "GET /resolving-party-wall-disputes-amicably/feed/ HTTP/1.1" 304 0 "-" "Mozilla/5.0 (compatible; AhrefsBot/7.0; +http://ahrefs.com/robot/)"
198.54.114.83 - - [16/Apr/2025:03:26:38 -0400] "POST /wp-cron.php?doing_wp_cron=1744788396.8473589420318603515625 HTTP/1.1" 200 0 "-" "WordPress/6.7.2; https://bakingsecurityin.com"
119.28.53.173 - - [16/Apr/2025:03:26:46 -0400] "GET /opt-to-gamble-via-the-internet-or-via-your-cellular-phone-or-even-offline/ HTTP/1.1" 200 0 "-" "Python/3.10 aiohttp/3.10.5"
54.226.143.137 - - [16/Apr/2025:03:27:14 -0400] "GET /how-to-write-an-attorney-bio/ HTTP/1.1" 200 0 "-" "Grammarly/1.0 (http://www.grammarly.com)"
51.222.253.12 - - [16/Apr/2025:03:28:32 -0400] "GET /addiction-aftercare-online-2/ HTTP/1.1" 200 0 "-" "Mozilla/5.0 (compatible; AhrefsBot/7.0; +http://ahrefs.com/robot/)"
198.54.114.83 - - [16/Apr/2025:03:30:31 -0400] "POST /wp-admin/admin-ajax.php?action=async_litespeed&nonce=Rs6dme8vCrcoGRsA3Aokti4wQHb4rU6j&litespeed_type=imgoptm HTTP/1.1" 200 0 "-" "WordPress/6.7.2; https://bakingsecurityin.com"
51.222.253.9 - - [16/Apr/2025:03:30:40 -0400] "GET /unveiling-rainbow-riches-casino-a-guide-to-its-features-and-benefits/feed/ HTTP/1.1" 304 0 "-" "Mozilla/5.0 (compatible; AhrefsBot/7.0; +http://ahrefs.com/robot/)"
85.208.96.206 - - [16/Apr/2025:03:30:56 -0400] "GET /from-words-to-meaning-exploring-semantic-analysis/ HTTP/1.1" 200 0 "-" "Mozilla/5.0 (compatible; SemrushBot/7~bl; +http://www.semrush.com/bot.html)"
198.54.114.83 - - [16/Apr/2025:03:31:01 -0400] "POST /wp-admin/admin-ajax.php?action=async_litespeed&nonce=K9HjYC6GRNnnNA7mZ1OvNTdjsdeEzZ4D&litespeed_type=imgoptm HTTP/1.1" 200 0 "-" "WordPress/6.7.2; https://bakingsecurityin.com"
198.54.114.83 - - [16/Apr/2025:03:32:00 -0400] "POST /wp-admin/admin-ajax.php?action=async_litespeed&nonce=wod1TqXy1peZpSCqExDjcjGX2Eu5fOGs&litespeed_type=imgoptm HTTP/1.1" 200 0 "-" "WordPress/6.7.2; https://bakingsecurityin.com"
198.54.114.83 - - [16/Apr/2025:03:33:01 -0400] "POST /wp-admin/admin-ajax.php?action=async_litespeed&nonce=40svXx3k7qUgdgUkLNIdmYSM9vNSW46K&litespeed_type=imgoptm HTTP/1.1" 200 0 "-" "WordPress/6.7.2; https://bakingsecurityin.com"
52.164.184.234 - - [16/Apr/2025:03:33:21 -0400] "GET /wp-admin/about.php HTTP/1.1" 302 0 "-" "-"
52.164.184.234 - - [16/Apr/2025:03:33:23 -0400] "GET /wp-login.php?redirect_to=https%3A%2F%2Fbakingsecurityin.com%2Fwp-admin%2Fabout.php&reauth=1 HTTP/1.1" 200 1743 "-" "-"
51.222.253.4 - - [16/Apr/2025:03:33:34 -0400] "GET /how-to-choose-an-led-screen-manufacturer/ HTTP/1.1" 200 0 "-" "Mozilla/5.0 (compatible; AhrefsBot/7.0; +http://ahrefs.com/robot/)"
198.54.114.83 - - [16/Apr/2025:03:33:58 -0400] "POST /wp-admin/admin-ajax.php?action=async_litespeed&nonce=xN3Y1zD8Gdg6SJ6Cqlhyq1vMuSSIud1T&litespeed_type=imgoptm HTTP/1.1" 200 0 "-" "WordPress/6.7.2; https://bakingsecurityin.com"
52.164.184.234 - - [16/Apr/2025:03:35:01 -0400] "GET /wp-admin/user/index.php HTTP/1.1" 302 0 "-" "-"
52.164.184.234 - - [16/Apr/2025:03:35:05 -0400] "GET /wp-login.php?redirect_to=https%3A%2F%2Fbakingsecurityin.com%2Fwp-admin%2Fuser%2Findex.php&reauth=1 HTTP/1.1" 200 1745 "-" "-"
129.226.64.249 - - [16/Apr/2025:03:36:01 -0400] "GET /why-buy-grip-socks-bulk/ HTTP/1.1" 200 0 "-" "Python/3.10 aiohttp/3.10.5"
198.54.114.83 - - [16/Apr/2025:03:36:01 -0400] "POST /wp-admin/admin-ajax.php?action=async_litespeed&nonce=etM53mjMKrnEK1FnG7NJA04kAJwRttJO&litespeed_type=imgoptm HTTP/1.1" 200 0 "-" "WordPress/6.7.2; https://bakingsecurityin.com"
198.54.114.83 - - [16/Apr/2025:03:37:08 -0400] "POST /wp-admin/admin-ajax.php?action=async_litespeed&nonce=Bu5Ynp8nvYeCtGrwnup97TaLhelbZ5n2&litespeed_type=imgoptm HTTP/1.1" 200 0 "-" "WordPress/6.7.2; https://bakingsecurityin.com"
51.222.253.7 - - [16/Apr/2025:03:37:10 -0400] "GET /where-luxury-living-meets-urban-convenience/ HTTP/1.1" 200 0 "-" "Mozilla/5.0 (compatible; AhrefsBot/7.0; +http://ahrefs.com/robot/)"
198.54.114.83 - - [16/Apr/2025:03:38:03 -0400] "POST /wp-admin/admin-ajax.php?action=async_litespeed&nonce=8XiYi8UkC5JHHBR4aHiDUK4KrSyaBnrE&litespeed_type=imgoptm HTTP/1.1" 200 0 "-" "WordPress/6.7.2; https://bakingsecurityin.com"
198.54.114.83 - - [16/Apr/2025:03:40:14 -0400] "POST /wp-admin/admin-ajax.php?action=async_litespeed&nonce=zfBAxjP32sxZZwUPPS6u8WITxbu6oGPB&litespeed_type=imgoptm HTTP/1.1" 200 0 "-" "WordPress/6.7.2; https://bakingsecurityin.com"
178.20.43.173 - - [16/Apr/2025:03:40:33 -0400] "GET /how-does-red-light-therapy-work/ HTTP/1.1" 200 0 "https://bakingsecurityin.com/how-does-red-light-therapy-work/#comment-10841/" "Mozilla/5.0 (Windows NT 10.0; Win64; x64) AppleWebKit/537.36 (KHTML, like Gecko) Chrome/130.0.0.0 Safari/537.36 CCleaner/130.0.0.0"
178.20.43.173 - - [16/Apr/2025:03:40:34 -0400] "GET / HTTP/1.1" 200 0 "https://bakingsecurityin.com/" "Mozilla/5.0 (Windows NT 10.0; Win64; x64) AppleWebKit/537.36 (KHTML, like Gecko) Chrome/130.0.0.0 Safari/537.36 CCleaner/130.0.0.0"
51.222.253.18 - - [16/Apr/2025:03:40:31 -0400] "GET /effektive-haushaltsauflosungen-in-luneburg/ HTTP/1.1" 200 0 "-" "Mozilla/5.0 (compatible; AhrefsBot/7.0; +http://ahrefs.com/robot/)"
52.164.184.234 - - [16/Apr/2025:03:40:55 -0400] "GET /wp-admin/themes.php HTTP/1.1" 302 0 "-" "-"
198.54.114.83 - - [16/Apr/2025:03:41:01 -0400] "POST /wp-cron.php?doing_wp_cron=1744789258.0763208866119384765625 HTTP/1.1" 200 0 "-" "WordPress/6.7.2; https://bakingsecurityin.com"
52.164.184.234 - - [16/Apr/2025:03:41:05 -0400] "GET /wp-login.php?redirect_to=https%3A%2F%2Fbakingsecurityin.com%2Fwp-admin%2Fthemes.php&reauth=1 HTTP/1.1" 200 1744 "-" "-"
43.154.120.205 - - [16/Apr/2025:03:42:01 -0400] "GET /how-to-choose-a-custom-socks-manufacturer/ HTTP/1.1" 200 0 "-" "Python/3.10 aiohttp/3.10.5"
198.54.114.83 - - [16/Apr/2025:03:42:24 -0400] "POST /wp-admin/admin-ajax.php?action=async_litespeed&nonce=3pSsosvsfmnvPqTh4PQA5EMUvIZDwJwJ&litespeed_type=imgoptm HTTP/1.1" 200 0 "-" "WordPress/6.7.2; https://bakingsecurityin.com"
185.231.154.128 - - [16/Apr/2025:03:42:45 -0400] "GET /how-does-red-light-therapy-work/ HTTP/1.1" 200 0 "https://bakingsecurityin.com/how-does-red-light-therapy-work/#comment-9557" "Mozilla/5.0 (Windows NT 10.0; Win64; x64) AppleWebKit/537.36 (KHTML, like Gecko) Chrome/129.0.0.0 Safari/537.36"
185.231.154.128 - - [16/Apr/2025:03:42:50 -0400] "GET / HTTP/1.1" 200 0 "https://bakingsecurityin.com/" "Mozilla/5.0 (Windows NT 10.0; Win64; x64) AppleWebKit/537.36 (KHTML, like Gecko) Chrome/129.0.0.0 Safari/537.36"
51.222.253.20 - - [16/Apr/2025:03:43:50 -0400] "GET /residential-roof-guarantee/ HTTP/1.1" 200 0 "-" "Mozilla/5.0 (compatible; AhrefsBot/7.0; +http://ahrefs.com/robot/)"
198.54.114.83 - - [16/Apr/2025:03:44:03 -0400] "POST /wp-admin/admin-ajax.php?action=async_litespeed&nonce=ylxsro9peTDmDNWaiZNNkUtOGBARA0fr&litespeed_type=imgoptm HTTP/1.1" 200 0 "-" "WordPress/6.7.2; https://bakingsecurityin.com"
52.164.184.234 - - [16/Apr/2025:03:44:47 -0400] "GET /wp-login.php?action=register HTTP/1.1" 302 0 "-" "-"
52.164.184.234 - - [16/Apr/2025:03:44:50 -0400] "GET /wp-login.php?registration=disabled HTTP/1.1" 200 1806 "-" "-"
52.164.184.234 - - [16/Apr/2025:03:46:48 -0400] "GET /wp-login.php HTTP/1.1" 200 1737 "-" "-"
129.226.77.215 - - [16/Apr/2025:03:47:01 -0400] "GET /can-a-dog-dewormer-cure-cancer/ HTTP/1.1" 200 0 "-" "Python/3.10 aiohttp/3.10.5"
198.54.114.83 - - [16/Apr/2025:03:47:03 -0400] "POST /wp-admin/admin-ajax.php?action=async_litespeed&nonce=sZouBdFAQsRb2YjPBVbENJ9jrpiGMvIi&litespeed_type=imgoptm HTTP/1.1" 200 0 "-" "WordPress/6.7.2; https://bakingsecurityin.com"
52.164.184.234 - - [16/Apr/2025:03:47:22 -0400] "GET /wp-admin/index.php HTTP/1.1" 302 0 "-" "-"
51.222.253.16 - - [16/Apr/2025:03:47:23 -0400] "GET /category/activity/page/9/ HTTP/1.1" 200 0 "-" "Mozilla/5.0 (compatible; AhrefsBot/7.0; +http://ahrefs.com/robot/)"
52.164.184.234 - - [16/Apr/2025:03:47:24 -0400] "GET /wp-login.php?redirect_to=https%3A%2F%2Fbakingsecurityin.com%2Fwp-admin%2Findex.php&reauth=1 HTTP/1.1" 200 1741 "-" "-"
52.164.184.234 - - [16/Apr/2025:03:47:37 -0400] "GET /wp-admin/user/about.php HTTP/1.1" 302 0 "-" "-"
52.164.184.234 - - [16/Apr/2025:03:47:38 -0400] "GET /wp-login.php?redirect_to=https%3A%2F%2Fbakingsecurityin.com%2Fwp-admin%2Fuser%2Fabout.php&reauth=1 HTTP/1.1" 200 1749 "-" "-"
198.54.114.83 - - [16/Apr/2025:03:48:01 -0400] "POST /wp-admin/admin-ajax.php?action=async_litespeed&nonce=aQdqPeugMVC7t3TxoX1jf65UvLpNZDBX&litespeed_type=imgoptm HTTP/1.1" 200 0 "-" "WordPress/6.7.2; https://bakingsecurityin.com"
136.243.228.193 - - [16/Apr/2025:03:48:38 -0400] "GET /pantoufle-de-dinosaure/ HTTP/1.1" 200 0 "-" "Mozilla/5.0 (compatible; DataForSeoBot/1.0; +https://dataforseo.com/dataforseo-bot)"
198.54.114.83 - - [16/Apr/2025:03:48:39 -0400] "POST /wp-cron.php?doing_wp_cron=1744789719.0285930633544921875000 HTTP/1.1" 200 0 "-" "WordPress/6.7.2; https://bakingsecurityin.com"
52.164.184.234 - - [16/Apr/2025:03:48:38 -0400] "GET /wp-login.php?action=register HTTP/1.1" 302 0 "-" "-"
52.164.184.234 - - [16/Apr/2025:03:48:42 -0400] "GET /wp-login.php?registration=disabled HTTP/1.1" 200 1806 "-" "-"
198.54.114.83 - - [16/Apr/2025:03:49:58 -0400] "POST /wp-admin/admin-ajax.php?action=async_litespeed&nonce=bDQm9CQfy9BON9FQo1FEM7ePszxXPlUw&litespeed_type=imgoptm HTTP/1.1" 200 0 "-" "WordPress/6.7.2; https://bakingsecurityin.com"
51.222.253.16 - - [16/Apr/2025:03:50:40 -0400] "GET /amethyst-to-ruby-silver-or-pewter-an-armor-ring-has-it-all-and-at-exceptionally-low-prices-too/ HTTP/1.1" 200 0 "-" "Mozilla/5.0 (compatible; AhrefsBot/7.0; +http://ahrefs.com/robot/)"
52.164.184.234 - - [16/Apr/2025:03:50:53 -0400] "GET /feed/atom/ HTTP/1.1" 200 423983 "-" "-"
198.54.114.83 - - [16/Apr/2025:03:50:58 -0400] "POST /wp-admin/admin-ajax.php?action=async_litespeed&nonce=m0pDOAzcb8Uaf1aEf3oeSd66T6Mu83vT&litespeed_type=imgoptm HTTP/1.1" 200 0 "-" "WordPress/6.7.2; https://bakingsecurityin.com"
52.164.184.234 - - [16/Apr/2025:03:51:07 -0400] "GET /wp-login.php?action=register HTTP/1.1" 302 0 "-" "-"
52.164.184.234 - - [16/Apr/2025:03:51:12 -0400] "GET /wp-login.php?registration=disabled HTTP/1.1" 200 1806 "-" "-"
52.164.184.234 - - [16/Apr/2025:03:51:28 -0400] "GET /wp-admin/network/index.php HTTP/1.1" 302 0 "-" "-"
52.164.184.234 - - [16/Apr/2025:03:51:30 -0400] "GET /wp-login.php?redirect_to=https%3A%2F%2Fbakingsecurityin.com%2Fwp-admin%2Fnetwork%2Findex.php&reauth=1 HTTP/1.1" 200 1741 "-" "-"
198.54.114.83 - - [16/Apr/2025:03:51:59 -0400] "POST /wp-admin/admin-ajax.php?action=async_litespeed&nonce=8NTzLvwvK2C7W4sI7eHcn3B7OubCqyMB&litespeed_type=imgoptm HTTP/1.1" 200 0 "-" "WordPress/6.7.2; https://bakingsecurityin.com"
198.54.114.83 - - [16/Apr/2025:03:52:58 -0400] "POST /wp-admin/admin-ajax.php?action=async_litespeed&nonce=RW0MfVzGWUPCEXmLDnPjemWzqTcH6f5g&litespeed_type=imgoptm HTTP/1.1" 200 0 "-" "WordPress/6.7.2; https://bakingsecurityin.com"
51.222.253.15 - - [16/Apr/2025:03:53:46 -0400] "GET /how-to-take-care-of-vintage-turkish-rugs/ HTTP/1.1" 200 0 "-" "Mozilla/5.0 (compatible; AhrefsBot/7.0; +http://ahrefs.com/robot/)"
198.54.114.83 - - [16/Apr/2025:03:53:58 -0400] "POST /wp-admin/admin-ajax.php?action=async_litespeed&nonce=NQFCZWDyX7FNgTjprMnwfD4u0n9VvXkQ&litespeed_type=imgoptm HTTP/1.1" 200 0 "-" "WordPress/6.7.2; https://bakingsecurityin.com"
51.222.253.13 - - [16/Apr/2025:03:56:47 -0400] "GET /tips-for-online-dating-photography/feed/ HTTP/1.1" 200 395 "-" "Mozilla/5.0 (compatible; AhrefsBot/7.0; +http://ahrefs.com/robot/)"
198.54.114.83 - - [16/Apr/2025:03:56:59 -0400] "POST /wp-cron.php?doing_wp_cron=1744790213.3037059307098388671875 HTTP/1.1" 200 0 "-" "WordPress/6.7.2; https://bakingsecurityin.com"
198.54.114.83 - - [16/Apr/2025:03:57:05 -0400] "POST /wp-admin/admin-ajax.php?action=async_litespeed&nonce=lhDhKDSZKGUR0FtYesLQfEX3f9IRwQ1r&litespeed_type=imgoptm HTTP/1.1" 200 0 "-" "WordPress/6.7.2; https://bakingsecurityin.com"
198.54.114.83 - - [16/Apr/2025:03:59:34 -0400] "POST /wp-cron.php?doing_wp_cron=1744790373.3684430122375488281250 HTTP/1.1" 200 0 "-" "WordPress/6.7.2; https://bakingsecurityin.com"
51.222.253.17 - - [16/Apr/2025:03:59:28 -0400] "GET /antique-adornments-boxes-coffins-knickknack-boxes/feed/ HTTP/1.1" 304 0 "-" "Mozilla/5.0 (compatible; AhrefsBot/7.0; +http://ahrefs.com/robot/)"
198.54.114.83 - - [16/Apr/2025:03:59:35 -0400] "POST /wp-admin/admin-ajax.php?action=async_litespeed&nonce=qTDgjKk9UC0UeJq8vnLpVrAbeddUlQgN&litespeed_type=imgoptm HTTP/1.1" 200 0 "-" "WordPress/6.7.2; https://bakingsecurityin.com"
198.54.114.83 - - [16/Apr/2025:04:02:01 -0400] "POST /wp-cron.php?doing_wp_cron=1744790521.4578840732574462890625 HTTP/1.1" 200 0 "-" "WordPress/6.7.2; https://bakingsecurityin.com"
51.222.253.12 - - [16/Apr/2025:04:01:57 -0400] "GET /what-to-look-for-in-an-online-casino/feed/ HTTP/1.1" 200 410 "-" "Mozilla/5.0 (compatible; AhrefsBot/7.0; +http://ahrefs.com/robot/)"
198.54.114.83 - - [16/Apr/2025:04:02:02 -0400] "POST /wp-admin/admin-ajax.php?action=async_litespeed&nonce=Hk9p15tZ09FUHIEVGtiDcik0dzVmJpxP&litespeed_type=imgoptm HTTP/1.1" 200 0 "-" "WordPress/6.7.2; https://bakingsecurityin.com"
124.156.164.49 - - [16/Apr/2025:04:03:03 -0400] "GET /how-to-get-the-best-home-care-in-toronto/ HTTP/1.1" 200 0 "-" "Python/3.10 aiohttp/3.10.5"
198.54.114.83 - - [16/Apr/2025:04:03:05 -0400] "POST /wp-cron.php?doing_wp_cron=1744790583.5551490783691406250000 HTTP/1.1" 200 0 "-" "WordPress/6.7.2; https://bakingsecurityin.com"
198.54.114.83 - - [16/Apr/2025:04:04:55 -0400] "POST /wp-cron.php?doing_wp_cron=1744790695.4819331169128417968750 HTTP/1.1" 200 0 "-" "WordPress/6.7.2; https://bakingsecurityin.com"
51.222.253.20 - - [16/Apr/2025:04:04:50 -0400] "GET /how-to-buy-cheap-tiktok-likes/ HTTP/1.1" 200 0 "-" "Mozilla/5.0 (compatible; AhrefsBot/7.0; +http://ahrefs.com/robot/)"
198.54.114.83 - - [16/Apr/2025:04:04:56 -0400] "POST /wp-admin/admin-ajax.php?action=async_litespeed&nonce=CmeapMg7VlD5zylXPo9AaPGdMeRHqqKY&litespeed_type=imgoptm HTTP/1.1" 200 0 "-" "WordPress/6.7.2; https://bakingsecurityin.com"
178.238.224.249 - - [16/Apr/2025:04:07:34 -0400] "HEAD /how-to-style-street-wear-for-men/ HTTP/1.1" 200 0 "https://bakingsecurityin.com" "Mozilla/5.0 (Windows NT 10.0; Win64; x64) AppleWebKit/537.36 (KHTML, like Gecko) Chrome/100.0.4896.127 Safari/537.36"
178.238.224.249 - - [16/Apr/2025:04:07:35 -0400] "GET /how-to-style-street-wear-for-men/ HTTP/1.1" 200 0 "https://bakingsecurityin.com" "Mozilla/5.0 (Windows NT 10.0; Win64; x64) AppleWebKit/537.36 (KHTML, like Gecko) Chrome/100.0.4896.127 Safari/537.36"
198.54.114.83 - - [16/Apr/2025:04:07:56 -0400] "POST /wp-cron.php?doing_wp_cron=1744790875.9479091167449951171875 HTTP/1.1" 200 0 "-" "WordPress/6.7.2; https://bakingsecurityin.com"
51.222.253.4 - - [16/Apr/2025:04:07:50 -0400] "GET /can-truck-a-verifiable-viewpoint/feed/ HTTP/1.1" 200 407 "-" "Mozilla/5.0 (compatible; AhrefsBot/7.0; +http://ahrefs.com/robot/)"
198.54.114.83 - - [16/Apr/2025:04:07:57 -0400] "POST /wp-admin/admin-ajax.php?action=async_litespeed&nonce=4bNrnxmGvnpMSTnfYGDY8vBfhQeIsQxy&litespeed_type=imgoptm HTTP/1.1" 200 0 "-" "WordPress/6.7.2; https://bakingsecurityin.com"
185.191.171.10 - - [16/Apr/2025:04:08:35 -0400] "GET /robots.txt HTTP/1.1" 304 0 "-" "Mozilla/5.0 (compatible; SemrushBot/7~bl; +http://www.semrush.com/bot.html)"
185.191.171.17 - - [16/Apr/2025:04:08:35 -0400] "GET /tax-return-hattingen/ HTTP/1.1" 200 0 "-" "Mozilla/5.0 (compatible; SemrushBot/7~bl; +http://www.semrush.com/bot.html)"
198.54.114.83 - - [16/Apr/2025:04:10:29 -0400] "POST /wp-cron.php?doing_wp_cron=1744791028.5285520553588867187500 HTTP/1.1" 200 0 "-" "WordPress/6.7.2; https://bakingsecurityin.com"
51.222.253.14 - - [16/Apr/2025:04:10:23 -0400] "GET /top-kitchen-cabinet-manufacturers-quality-and-innovation/feed/ HTTP/1.1" 304 0 "-" "Mozilla/5.0 (compatible; AhrefsBot/7.0; +http://ahrefs.com/robot/)"
198.54.114.83 - - [16/Apr/2025:04:10:31 -0400] "POST /wp-admin/admin-ajax.php?action=async_litespeed&nonce=ib9Y0lBOtGxzlE0XY5tSJE1tevhdpQtu&litespeed_type=imgoptm HTTP/1.1" 200 0 "-" "WordPress/6.7.2; https://bakingsecurityin.com"
185.231.154.128 - - [16/Apr/2025:04:11:30 -0400] "GET /how-does-red-light-therapy-work/ HTTP/1.1" 200 0 "https://bakingsecurityin.com/how-does-red-light-therapy-work/#comment-9557" "Mozilla/5.0 (Windows NT 10.0; Win64; x64) AppleWebKit/537.36 (KHTML, like Gecko) Chrome/130.0.0.0 Safari/537.36"
198.54.114.83 - - [16/Apr/2025:04:11:34 -0400] "POST /wp-cron.php?doing_wp_cron=1744791093.0572268962860107421875 HTTP/1.1" 200 0 "-" "WordPress/6.7.2; https://bakingsecurityin.com"
185.231.154.128 - - [16/Apr/2025:04:11:32 -0400] "GET / HTTP/1.1" 200 0 "https://bakingsecurityin.com/" "Mozilla/5.0 (Windows NT 10.0; Win64; x64) AppleWebKit/537.36 (KHTML, like Gecko) Chrome/130.0.0.0 Safari/537.36"
198.54.114.83 - - [16/Apr/2025:04:11:35 -0400] "POST /wp-admin/admin-ajax.php?action=async_litespeed&nonce=tkTyjfQAYCFsqIdi9nFt3AcTJYaMLAcd&litespeed_type=imgoptm HTTP/1.1" 200 0 "-" "WordPress/6.7.2; https://bakingsecurityin.com"
198.54.114.83 - - [16/Apr/2025:04:13:09 -0400] "POST /wp-cron.php?doing_wp_cron=1744791188.7100129127502441406250 HTTP/1.1" 200 0 "-" "WordPress/6.7.2; https://bakingsecurityin.com"
51.222.253.15 - - [16/Apr/2025:04:13:04 -0400] "GET /useful-tips-to-selecting-the-best-catering-counter-fridges/feed/ HTTP/1.1" 200 431 "-" "Mozilla/5.0 (compatible; AhrefsBot/7.0; +http://ahrefs.com/robot/)"
198.54.114.83 - - [16/Apr/2025:04:13:10 -0400] "POST /wp-admin/admin-ajax.php?action=async_litespeed&nonce=fj96ZhrL5ea0q0lMIRXnl9q9evn1pI4R&litespeed_type=imgoptm HTTP/1.1" 200 0 "-" "WordPress/6.7.2; https://bakingsecurityin.com"
51.222.253.5 - - [16/Apr/2025:04:15:38 -0400] "GET /comment-obtenir-une-voyance-serieuse-par-telephone/ HTTP/1.1" 200 0 "-" "Mozilla/5.0 (compatible; AhrefsBot/7.0; +http://ahrefs.com/robot/)"
31.7.58.218 - - [16/Apr/2025:04:16:59 -0400] "GET /.git/config HTTP/1.1" 403 1242 "-" "Mozilla/5.0 (compatible; Konqueror/3.5; SunOS) KHTML/3.5.1 (like Gecko)"
198.54.114.83 - - [16/Apr/2025:04:18:25 -0400] "POST /wp-cron.php?doing_wp_cron=1744791505.3420629501342773437500 HTTP/1.1" 200 0 "-" "WordPress/6.7.2; https://bakingsecurityin.com"
51.222.253.13 - - [16/Apr/2025:04:18:18 -0400] "GET /bijoux-de-lait-maternel/feed/ HTTP/1.1" 304 0 "-" "Mozilla/5.0 (compatible; AhrefsBot/7.0; +http://ahrefs.com/robot/)"
198.54.114.83 - - [16/Apr/2025:04:18:28 -0400] "POST /wp-admin/admin-ajax.php?action=async_litespeed&nonce=6WqHqx9stkDsQpsMmnwMmZXYpCn4jSqt&litespeed_type=imgoptm HTTP/1.1" 200 0 "-" "WordPress/6.7.2; https://bakingsecurityin.com"
