51.222.253.12 - - [16/Apr/2025:21:11:25 -0400] "GET /3-approaches-to-totally-make-use-of-your-conservatory-through-the-times-of-the-year/ HTTP/1.1" 200 0 "-" "Mozilla/5.0 (compatible; AhrefsBot/7.0; +http://ahrefs.com/robot/)"
198.54.114.83 - - [16/Apr/2025:21:15:43 -0400] "POST /wp-cron.php?doing_wp_cron=1744852542.4945929050445556640625 HTTP/1.1" 200 0 "-" "WordPress/6.8; https://bakingsecurityin.com"
51.222.253.4 - - [16/Apr/2025:21:15:37 -0400] "GET /opt-to-gamble-via-the-internet-or-via-your-cellular-phone-or-even-offline/ HTTP/1.1" 200 0 "-" "Mozilla/5.0 (compatible; AhrefsBot/7.0; +http://ahrefs.com/robot/)"
198.54.114.83 - - [16/Apr/2025:21:15:46 -0400] "POST /wp-admin/admin-ajax.php?action=async_litespeed&nonce=rhHN8w5sQ21vDLg4ZfOPLwwlwAY8kFS1&litespeed_type=imgoptm HTTP/1.1" 200 0 "-" "WordPress/6.8; https://bakingsecurityin.com"
52.167.144.160 - - [16/Apr/2025:21:16:00 -0400] "GET /wp-sitemap-posts-page-1.xml HTTP/1.1" 200 214 "-" "Mozilla/5.0 AppleWebKit/537.36 (KHTML, like Gecko; compatible; bingbot/2.0; +http://www.bing.com/bingbot.htm) Chrome/116.0.1938.76 Safari/537.36"
52.167.144.160 - - [16/Apr/2025:21:17:20 -0400] "GET /wp-sitemap-posts-post-1.xml HTTP/1.1" 200 32216 "-" "Mozilla/5.0 AppleWebKit/537.36 (KHTML, like Gecko; compatible; bingbot/2.0; +http://www.bing.com/bingbot.htm) Chrome/116.0.1938.76 Safari/537.36"
198.54.114.83 - - [16/Apr/2025:21:19:21 -0400] "POST /wp-cron.php?doing_wp_cron=1744852759.8719890117645263671875 HTTP/1.1" 200 0 "-" "WordPress/6.8; https://bakingsecurityin.com"
51.222.253.11 - - [16/Apr/2025:21:19:15 -0400] "GET /page/114/ HTTP/1.1" 200 0 "-" "Mozilla/5.0 (compatible; AhrefsBot/7.0; +http://ahrefs.com/robot/)"
198.54.114.83 - - [16/Apr/2025:21:19:23 -0400] "POST /wp-admin/admin-ajax.php?action=async_litespeed&nonce=sfA5Gw8dCWbgtcjdjsX2sPCUFfFanzBI&litespeed_type=imgoptm HTTP/1.1" 200 0 "-" "WordPress/6.8; https://bakingsecurityin.com"
157.55.39.204 - - [16/Apr/2025:21:19:40 -0400] "GET /wp-sitemap-taxonomies-category-1.xml HTTP/1.1" 200 206 "-" "Mozilla/5.0 AppleWebKit/537.36 (KHTML, like Gecko; compatible; bingbot/2.0; +http://www.bing.com/bingbot.htm) Chrome/116.0.1938.76 Safari/537.36"
198.54.114.83 - - [16/Apr/2025:21:21:14 -0400] "POST /wp-cron.php?doing_wp_cron=1744852873.8958539962768554687500 HTTP/1.1" 200 0 "-" "WordPress/6.8; https://bakingsecurityin.com"
77.240.187.64 - - [16/Apr/2025:21:21:10 -0400] "HEAD / HTTP/1.1" 200 0 "-" "curl/8.12.2-DEV"
198.54.114.83 - - [16/Apr/2025:21:21:16 -0400] "POST /wp-admin/admin-ajax.php?action=async_litespeed&nonce=u3XrNdomeKuYUqB1u74inv55mEgDszz1&litespeed_type=imgoptm HTTP/1.1" 200 0 "-" "WordPress/6.8; https://bakingsecurityin.com"
198.54.114.83 - - [16/Apr/2025:21:21:44 -0400] "POST /wp-cron.php?doing_wp_cron=1744852903.3829979896545410156250 HTTP/1.1" 200 0 "-" "WordPress/6.8; https://bakingsecurityin.com"
185.191.171.8 - - [16/Apr/2025:21:21:43 -0400] "GET /steps-to-obtain-fda-approval-for-cosmetics/ HTTP/1.1" 200 0 "-" "Mozilla/5.0 (compatible; SemrushBot/7~bl; +http://www.semrush.com/bot.html)"
198.54.114.83 - - [16/Apr/2025:21:21:45 -0400] "POST /wp-admin/admin-ajax.php?action=async_litespeed&nonce=5fMo52VmMAaKbvqMIvaQJTvbgFqex78R&litespeed_type=imgoptm HTTP/1.1" 200 0 "-" "WordPress/6.8; https://bakingsecurityin.com"
185.191.171.9 - - [16/Apr/2025:21:22:36 -0400] "GET /unlocking-the-power-of-residential-proxies/ HTTP/1.1" 200 0 "-" "Mozilla/5.0 (compatible; SemrushBot/7~bl; +http://www.semrush.com/bot.html)"
198.54.114.83 - - [16/Apr/2025:21:23:24 -0400] "POST /wp-cron.php?doing_wp_cron=1744853004.2429959774017333984375 HTTP/1.1" 200 0 "-" "WordPress/6.8; https://bakingsecurityin.com"
51.222.253.6 - - [16/Apr/2025:21:23:21 -0400] "GET /how-to-design-effective-business-cards/feed/ HTTP/1.1" 304 0 "-" "Mozilla/5.0 (compatible; AhrefsBot/7.0; +http://ahrefs.com/robot/)"
198.54.114.83 - - [16/Apr/2025:21:23:25 -0400] "POST /wp-admin/admin-ajax.php?action=async_litespeed&nonce=FykTDjsODWs4QhNpyTNlx8iInJWLb6Ft&litespeed_type=imgoptm HTTP/1.1" 200 0 "-" "WordPress/6.8; https://bakingsecurityin.com"
198.54.114.83 - - [16/Apr/2025:21:25:35 -0400] "POST /wp-cron.php?doing_wp_cron=1744853134.9002890586853027343750 HTTP/1.1" 200 0 "-" "WordPress/6.8; https://bakingsecurityin.com"
119.28.65.64 - - [16/Apr/2025:21:25:31 -0400] "GET /how-to-turn-apple-watch-off/ HTTP/1.1" 200 0 "-" "Python/3.10 aiohttp/3.10.5"
198.54.114.83 - - [16/Apr/2025:21:25:36 -0400] "POST /wp-admin/admin-ajax.php?action=async_litespeed&nonce=Lqs6uZFTFbhtJ7QNkrQQAhbJPe7jHAIq&litespeed_type=imgoptm HTTP/1.1" 200 5 "-" "WordPress/6.8; https://bakingsecurityin.com"
198.54.114.83 - - [16/Apr/2025:21:27:22 -0400] "POST /wp-cron.php?doing_wp_cron=1744853241.9742109775543212890625 HTTP/1.1" 200 0 "-" "WordPress/6.8; https://bakingsecurityin.com"
51.222.253.7 - - [16/Apr/2025:21:27:18 -0400] "GET /choosing-and-maintaining-a-gaming-setup/ HTTP/1.1" 200 0 "-" "Mozilla/5.0 (compatible; AhrefsBot/7.0; +http://ahrefs.com/robot/)"
198.54.114.83 - - [16/Apr/2025:21:27:23 -0400] "POST /wp-admin/admin-ajax.php?action=async_litespeed&nonce=pb7snhpgthpHt5DI76rFXwOfSJzPvOUe&litespeed_type=imgoptm HTTP/1.1" 200 5 "-" "WordPress/6.8; https://bakingsecurityin.com"
185.191.171.4 - - [16/Apr/2025:21:29:04 -0400] "GET /water-soluble-film-packaging-machine/ HTTP/1.1" 200 0 "-" "Mozilla/5.0 (compatible; SemrushBot/7~bl; +http://www.semrush.com/bot.html)"
51.222.253.11 - - [16/Apr/2025:21:31:09 -0400] "GET /fenbendazole-as-a-potential-cancer-treatment-in-the-netherlands/ HTTP/1.1" 200 0 "-" "Mozilla/5.0 (compatible; AhrefsBot/7.0; +http://ahrefs.com/robot/)"
198.54.114.83 - - [16/Apr/2025:21:31:14 -0400] "POST /wp-cron.php?doing_wp_cron=1744853473.0791609287261962890625 HTTP/1.1" 200 0 "-" "WordPress/6.8; https://bakingsecurityin.com"
198.54.114.83 - - [16/Apr/2025:21:31:15 -0400] "POST /wp-admin/admin-ajax.php?action=async_litespeed&nonce=fqZldxWBUoHxr4MAE4ReVROYwj3QopZA&litespeed_type=imgoptm HTTP/1.1" 200 0 "-" "WordPress/6.8; https://bakingsecurityin.com"
198.54.114.83 - - [16/Apr/2025:21:31:59 -0400] "POST /wp-cron.php?doing_wp_cron=1744853518.3152229785919189453125 HTTP/1.1" 200 0 "-" "WordPress/6.8; https://bakingsecurityin.com"
119.28.140.91 - - [16/Apr/2025:21:31:58 -0400] "GET /surviving-as-a-real-estate-agent/ HTTP/1.1" 200 0 "-" "Python/3.10 aiohttp/3.10.5"
198.54.114.83 - - [16/Apr/2025:21:32:00 -0400] "POST /wp-admin/admin-ajax.php?action=async_litespeed&nonce=pbKNKKekXedzG8vprANRU3ihLMHeY5B5&litespeed_type=imgoptm HTTP/1.1" 200 0 "-" "WordPress/6.8; https://bakingsecurityin.com"
198.54.114.83 - - [16/Apr/2025:21:35:11 -0400] "POST /wp-cron.php?doing_wp_cron=1744853711.1723289489746093750000 HTTP/1.1" 200 0 "-" "WordPress/6.8; https://bakingsecurityin.com"
51.222.253.7 - - [16/Apr/2025:21:35:07 -0400] "GET /how-to-grow-your-business-quickly-and-efficiently/ HTTP/1.1" 200 0 "-" "Mozilla/5.0 (compatible; AhrefsBot/7.0; +http://ahrefs.com/robot/)"
198.54.114.83 - - [16/Apr/2025:21:35:12 -0400] "POST /wp-admin/admin-ajax.php?action=async_litespeed&nonce=WYSFf4uQPMQxWlF8RyDw5nzTV5GfH03W&litespeed_type=imgoptm HTTP/1.1" 200 5 "-" "WordPress/6.8; https://bakingsecurityin.com"
198.54.114.83 - - [16/Apr/2025:21:35:51 -0400] "POST /wp-admin/admin-ajax.php?action=async_litespeed&nonce=DUg2aTe92AdoKip48C5xBFtSM18MkcYs&litespeed_type=imgoptm HTTP/1.1" 200 0 "-" "WordPress/6.8; https://bakingsecurityin.com"
172.177.12.150 - - [16/Apr/2025:21:36:00 -0400] "HEAD /new-mega-launch-condo-at-dunman-road/ HTTP/1.1" 200 0 "http://bakingsecurityin.com/new" "Mozilla/5.0 (Windows NT 10.0; Win64; x64) AppleWebKit/537.36 (KHTML, like Gecko) Chrome/74.0.3729.169 Safari/537.36"
198.54.114.83 - - [16/Apr/2025:21:38:27 -0400] "POST /wp-cron.php?doing_wp_cron=1744853905.7762339115142822265625 HTTP/1.1" 200 0 "-" "WordPress/6.8; https://bakingsecurityin.com"
51.222.253.2 - - [16/Apr/2025:21:38:21 -0400] "GET /category/general/feed/ HTTP/1.1" 304 0 "-" "Mozilla/5.0 (compatible; AhrefsBot/7.0; +http://ahrefs.com/robot/)"
198.54.114.83 - - [16/Apr/2025:21:38:29 -0400] "POST /wp-admin/admin-ajax.php?action=async_litespeed&nonce=ZFYdTXEC3sphnslqvmt8wPkyiUhSSqhE&litespeed_type=imgoptm HTTP/1.1" 200 0 "-" "WordPress/6.8; https://bakingsecurityin.com"
51.222.253.9 - - [16/Apr/2025:21:42:02 -0400] "GET /how-to-turn-apple-watch-off/ HTTP/1.1" 200 0 "-" "Mozilla/5.0 (compatible; AhrefsBot/7.0; +http://ahrefs.com/robot/)"
119.28.214.61 - - [16/Apr/2025:21:44:25 -0400] "GET /dallas-housekeepers/ HTTP/1.1" 200 0 "-" "Python/3.10 aiohttp/3.10.5"
51.222.253.8 - - [16/Apr/2025:21:45:42 -0400] "GET /how-to-turn-off-airpods/ HTTP/1.1" 200 0 "-" "Mozilla/5.0 (compatible; AhrefsBot/7.0; +http://ahrefs.com/robot/)"
198.54.114.83 - - [16/Apr/2025:21:45:44 -0400] "POST /wp-cron.php?doing_wp_cron=1744854343.0885589122772216796875 HTTP/1.1" 200 0 "-" "WordPress/6.8; https://bakingsecurityin.com"
51.222.253.8 - - [16/Apr/2025:21:49:20 -0400] "GET /where-to-buy-youtube-live-stream-views/ HTTP/1.1" 200 0 "-" "Mozilla/5.0 (compatible; AhrefsBot/7.0; +http://ahrefs.com/robot/)"
43.154.87.57 - - [16/Apr/2025:21:52:49 -0400] "GET /screen-mirror-iphone-to-firestick/ HTTP/1.1" 200 0 "-" "Python/3.10 aiohttp/3.10.5"
198.54.114.83 - - [16/Apr/2025:21:52:55 -0400] "POST /wp-cron.php?doing_wp_cron=1744854773.0217330455780029296875 HTTP/1.1" 200 0 "-" "WordPress/6.8; https://bakingsecurityin.com"
51.222.253.9 - - [16/Apr/2025:21:53:11 -0400] "GET /how-you-can-choose-the-best-bankruptcy-lawyer-nj-the-best-fee-agreement/feed/ HTTP/1.1" 200 453 "-" "Mozilla/5.0 (compatible; AhrefsBot/7.0; +http://ahrefs.com/robot/)"
198.54.114.83 - - [16/Apr/2025:21:56:34 -0400] "POST /wp-cron.php?doing_wp_cron=1744854993.4338469505310058593750 HTTP/1.1" 200 0 "-" "WordPress/6.8; https://bakingsecurityin.com"
43.130.91.95 - - [16/Apr/2025:21:56:30 -0400] "GET /buy-saves-tikik-to-boost-your-visibility-on-tiktok/ HTTP/1.1" 200 0 "-" "Mozilla/5.0 (iPhone; CPU iPhone OS 13_2_3 like Mac OS X) AppleWebKit/605.1.15 (KHTML, like Gecko) Version/13.0.3 Mobile/15E148 Safari/604.1"
198.54.114.83 - - [16/Apr/2025:21:56:36 -0400] "POST /wp-admin/admin-ajax.php?action=async_litespeed&nonce=eWtqfdo2GJ9I0x5NbaLDZjSmPJc84LKU&litespeed_type=imgoptm HTTP/1.1" 200 0 "-" "WordPress/6.8; https://bakingsecurityin.com"
109.236.93.77 - - [16/Apr/2025:21:57:03 -0400] "GET /review-of-the-relx-vape-pods HTTP/1.1" 301 0 "-" "Mozilla/5.0 (Windows NT 10.0; Win64; x64) AppleWebKit/537.36 (KHTML, like Gecko) Chrome/118.0.0.0 Safari/537.36"
109.236.93.77 - - [16/Apr/2025:21:57:05 -0400] "GET /review-of-the-relx-vape-pods/ HTTP/1.1" 200 0 "-" "Mozilla/5.0 (Windows NT 10.0; Win64; x64) AppleWebKit/537.36 (KHTML, like Gecko) Chrome/118.0.0.0 Safari/537.36"
51.222.253.13 - - [16/Apr/2025:21:57:11 -0400] "GET /the-benefits-of-using-an-australian-travel-agent/ HTTP/1.1" 200 0 "-" "Mozilla/5.0 (compatible; AhrefsBot/7.0; +http://ahrefs.com/robot/)"
20.171.207.203 - - [16/Apr/2025:21:57:41 -0400] "GET /the-benefits-of-an-air-cooler/ HTTP/1.1" 200 0 "-" "Mozilla/5.0 AppleWebKit/537.36 (KHTML, like Gecko; compatible; GPTBot/1.2; +https://openai.com/gptbot)"
198.54.114.83 - - [16/Apr/2025:21:58:23 -0400] "POST /wp-cron.php?doing_wp_cron=1744855103.6052129268646240234375 HTTP/1.1" 200 0 "-" "WordPress/6.8; https://bakingsecurityin.com"
119.28.53.173 - - [16/Apr/2025:21:58:23 -0400] "GET /redken-acidic-bonding-shampoo-review/ HTTP/1.1" 200 0 "-" "Python/3.10 aiohttp/3.10.5"
198.54.114.83 - - [16/Apr/2025:21:58:24 -0400] "POST /wp-admin/admin-ajax.php?action=async_litespeed&nonce=ejdgKVZJUXl2tiKg8BGPGR2yAtHcq6gR&litespeed_type=imgoptm HTTP/1.1" 200 5 "-" "WordPress/6.8; https://bakingsecurityin.com"
20.171.207.203 - - [16/Apr/2025:21:59:06 -0400] "GET /exploring-the-world-of-online-casinos HTTP/1.1" 301 0 "-" "Mozilla/5.0 AppleWebKit/537.36 (KHTML, like Gecko; compatible; GPTBot/1.2; +https://openai.com/gptbot)"
47.79.213.211 - - [16/Apr/2025:22:00:11 -0400] "GET / HTTP/1.1" 200 0 "https://www.google.com/" "Mozilla/5.0 (Windows NT 10.0; Win64; x64) AppleWebKit/537.36 (KHTML, like Gecko) Chrome/132.0.0.0 Safari/537.36"
198.54.114.83 - - [16/Apr/2025:22:00:15 -0400] "POST /wp-cron.php?doing_wp_cron=1744855212.3654639720916748046875 HTTP/1.1" 200 0 "-" "WordPress/6.8; https://bakingsecurityin.com"
20.171.207.203 - - [16/Apr/2025:22:00:29 -0400] "GET /exploring-the-world-of-online-casinos/ HTTP/1.1" 200 0 "-" "Mozilla/5.0 AppleWebKit/537.36 (KHTML, like Gecko; compatible; GPTBot/1.2; +https://openai.com/gptbot)"
51.222.253.4 - - [16/Apr/2025:22:00:37 -0400] "GET /the-convenience-of-gift-certificates/ HTTP/1.1" 200 0 "-" "Mozilla/5.0 (compatible; AhrefsBot/7.0; +http://ahrefs.com/robot/)"
198.54.114.83 - - [16/Apr/2025:22:01:38 -0400] "POST /wp-cron.php?doing_wp_cron=1744855298.4231500625610351562500 HTTP/1.1" 200 0 "-" "WordPress/6.8; https://bakingsecurityin.com"
20.171.207.203 - - [16/Apr/2025:22:01:37 -0400] "GET /the-benefits-of-part-time-jobs-for-students HTTP/1.1" 301 0 "-" "Mozilla/5.0 AppleWebKit/537.36 (KHTML, like Gecko; compatible; GPTBot/1.2; +https://openai.com/gptbot)"
198.54.114.83 - - [16/Apr/2025:22:01:40 -0400] "POST /wp-admin/admin-ajax.php?action=async_litespeed&nonce=2LJE3Nql06egdg2NTSLHpxl8pORxSOUu&litespeed_type=imgoptm HTTP/1.1" 200 0 "-" "WordPress/6.8; https://bakingsecurityin.com"
20.171.207.203 - - [16/Apr/2025:22:01:55 -0400] "GET /comment-nettoyer-largenterie/ HTTP/1.1" 200 0 "-" "Mozilla/5.0 AppleWebKit/537.36 (KHTML, like Gecko; compatible; GPTBot/1.2; +https://openai.com/gptbot)"
20.171.207.203 - - [16/Apr/2025:22:03:28 -0400] "GET /the-benefits-of-part-time-jobs-for-students/ HTTP/1.1" 200 0 "-" "Mozilla/5.0 AppleWebKit/537.36 (KHTML, like Gecko; compatible; GPTBot/1.2; +https://openai.com/gptbot)"
51.222.253.9 - - [16/Apr/2025:22:04:32 -0400] "GET /le-pouvoir-de-la-publicite-par-drapeau/ HTTP/1.1" 200 0 "-" "Mozilla/5.0 (compatible; AhrefsBot/7.0; +http://ahrefs.com/robot/)"
198.54.114.83 - - [16/Apr/2025:22:04:37 -0400] "POST /wp-cron.php?doing_wp_cron=1744855476.5948450565338134765625 HTTP/1.1" 200 0 "-" "WordPress/6.8; https://bakingsecurityin.com"
198.54.114.83 - - [16/Apr/2025:22:04:38 -0400] "POST /wp-admin/admin-ajax.php?action=async_litespeed&nonce=sbb56mLtyjlVqrwysCKODkKEJRJHDN8W&litespeed_type=imgoptm HTTP/1.1" 200 0 "-" "WordPress/6.8; https://bakingsecurityin.com"
185.191.171.3 - - [16/Apr/2025:22:08:19 -0400] "GET /the-art-of-cleaning-silverware/ HTTP/1.1" 200 0 "-" "Mozilla/5.0 (compatible; SemrushBot/7~bl; +http://www.semrush.com/bot.html)"
198.54.114.83 - - [16/Apr/2025:22:08:48 -0400] "POST /wp-cron.php?doing_wp_cron=1744855726.9129021167755126953125 HTTP/1.1" 200 0 "-" "WordPress/6.8; https://bakingsecurityin.com"
51.222.253.10 - - [16/Apr/2025:22:08:42 -0400] "GET /a-luxurious-haven-of-modern-living/ HTTP/1.1" 200 0 "-" "Mozilla/5.0 (compatible; AhrefsBot/7.0; +http://ahrefs.com/robot/)"
198.54.114.83 - - [16/Apr/2025:22:08:49 -0400] "POST /wp-admin/admin-ajax.php?action=async_litespeed&nonce=jVWvuKGzCrHuxp94EfreDOKpRltzaMR9&litespeed_type=imgoptm HTTP/1.1" 200 0 "-" "WordPress/6.8; https://bakingsecurityin.com"
85.208.96.212 - - [16/Apr/2025:22:09:57 -0400] "GET /top-5-coworking-spaces-in-singapore/ HTTP/1.1" 200 0 "-" "Mozilla/5.0 (compatible; SemrushBot/7~bl; +http://www.semrush.com/bot.html)"
198.54.114.83 - - [16/Apr/2025:22:11:25 -0400] "POST /wp-cron.php?doing_wp_cron=1744855883.4427831172943115234375 HTTP/1.1" 200 0 "-" "WordPress/6.8; https://bakingsecurityin.com"
43.154.87.57 - - [16/Apr/2025:22:11:17 -0400] "GET /how-to-improve-your-selling-skills-and-help-your-team-get-more-comfort-in-front-of-prospects/ HTTP/1.1" 200 0 "-" "Python/3.10 aiohttp/3.10.5"
198.54.114.83 - - [16/Apr/2025:22:11:28 -0400] "POST /wp-admin/admin-ajax.php?action=async_litespeed&nonce=2MjZ94Kw14GBErIDjYkFYo5BNpsRv3LR&litespeed_type=imgoptm HTTP/1.1" 200 0 "-" "WordPress/6.8; https://bakingsecurityin.com"
51.222.253.1 - - [16/Apr/2025:22:12:02 -0400] "GET /a-closer-look-at-a-michael-kors-womens-bag/ HTTP/1.1" 200 0 "-" "Mozilla/5.0 (compatible; AhrefsBot/7.0; +http://ahrefs.com/robot/)"
198.54.114.83 - - [16/Apr/2025:22:13:27 -0400] "POST /wp-cron.php?doing_wp_cron=1744856007.3361890316009521484375 HTTP/1.1" 200 0 "-" "WordPress/6.8; https://bakingsecurityin.com"
101.32.51.206 - - [16/Apr/2025:22:13:24 -0400] "GET /star-plus-electrical-services/ HTTP/1.1" 200 0 "-" "Python/3.10 aiohttp/3.10.5"
198.54.114.83 - - [16/Apr/2025:22:13:28 -0400] "POST /wp-admin/admin-ajax.php?action=async_litespeed&nonce=TfkBp0NFdoFWhp2qi2UmThiq0DeJlPKo&litespeed_type=imgoptm HTTP/1.1" 200 0 "-" "WordPress/6.8; https://bakingsecurityin.com"
129.226.112.194 - - [16/Apr/2025:22:13:41 -0400] "GET /facebook-agency-account-a-complete-solution-for-marketing-agencies/ HTTP/1.1" 200 0 "-" "Python/3.10 aiohttp/3.10.5"
198.54.114.83 - - [16/Apr/2025:22:14:33 -0400] "POST /wp-cron.php?doing_wp_cron=1744856072.6087660789489746093750 HTTP/1.1" 200 0 "-" "WordPress/6.8; https://bakingsecurityin.com"
119.28.140.91 - - [16/Apr/2025:22:14:31 -0400] "GET /free-online-employment-law-advice-for-employees-uk/ HTTP/1.1" 200 0 "-" "Python/3.10 aiohttp/3.10.5"
198.54.114.83 - - [16/Apr/2025:22:14:34 -0400] "POST /wp-admin/admin-ajax.php?action=async_litespeed&nonce=cjXwT7g1ObvSrV4hGvJ9oUwnaS3YKL2p&litespeed_type=imgoptm HTTP/1.1" 200 0 "-" "WordPress/6.8; https://bakingsecurityin.com"
129.226.133.55 - - [16/Apr/2025:22:14:44 -0400] "GET /how-to-earn-money-in-your-spare-time/ HTTP/1.1" 200 0 "-" "Python/3.10 aiohttp/3.10.5"
51.222.253.14 - - [16/Apr/2025:22:15:35 -0400] "GET /page/115/ HTTP/1.1" 200 0 "-" "Mozilla/5.0 (compatible; AhrefsBot/7.0; +http://ahrefs.com/robot/)"
198.54.114.83 - - [16/Apr/2025:22:15:39 -0400] "POST /wp-cron.php?doing_wp_cron=1744856136.4157929420471191406250 HTTP/1.1" 200 0 "-" "WordPress/6.8; https://bakingsecurityin.com"
198.54.114.83 - - [16/Apr/2025:22:15:42 -0400] "POST /wp-admin/admin-ajax.php?action=async_litespeed&nonce=xDpBd9C8d3X1oyAvTK6VvUusPMG2gdei&litespeed_type=imgoptm HTTP/1.1" 200 0 "-" "WordPress/6.8; https://bakingsecurityin.com"
43.135.121.153 - - [16/Apr/2025:22:18:17 -0400] "GET /photoshop-services-at-your-beck-and-call/ HTTP/1.1" 200 0 "-" "Python/3.10 aiohttp/3.10.5"
101.32.178.116 - - [16/Apr/2025:22:18:18 -0400] "GET /essential-skills-for-voice-over-artists/ HTTP/1.1" 200 0 "-" "Python/3.10 aiohttp/3.10.5"
198.54.114.83 - - [16/Apr/2025:22:18:22 -0400] "POST /wp-cron.php?doing_wp_cron=1744856300.0861771106719970703125 HTTP/1.1" 200 0 "-" "WordPress/6.8; https://bakingsecurityin.com"
51.222.253.16 - - [16/Apr/2025:22:19:31 -0400] "GET /buying-followers-on-tiktok/ HTTP/1.1" 200 0 "-" "Mozilla/5.0 (compatible; AhrefsBot/7.0; +http://ahrefs.com/robot/)"
198.54.114.83 - - [16/Apr/2025:22:19:34 -0400] "POST /wp-cron.php?doing_wp_cron=1744856371.7844738960266113281250 HTTP/1.1" 200 0 "-" "WordPress/6.8; https://bakingsecurityin.com"
119.28.214.61 - - [16/Apr/2025:22:21:42 -0400] "GET /how-to-read-a-screw-size-chart/ HTTP/1.1" 200 0 "-" "Python/3.10 aiohttp/3.10.5"
198.54.114.83 - - [16/Apr/2025:22:21:47 -0400] "POST /wp-cron.php?doing_wp_cron=1744856505.7681760787963867187500 HTTP/1.1" 200 0 "-" "WordPress/6.8; https://bakingsecurityin.com"
43.154.109.7 - - [16/Apr/2025:22:23:49 -0400] "GET /the-beginning-of-ice-and-the-convenience-of-ice-makers/ HTTP/1.1" 200 0 "-" "Python/3.10 aiohttp/3.10.5"
198.54.114.83 - - [16/Apr/2025:22:24:16 -0400] "POST /wp-cron.php?doing_wp_cron=1744856655.4620320796966552734375 HTTP/1.1" 200 0 "-" "WordPress/6.8; https://bakingsecurityin.com"
51.222.253.2 - - [16/Apr/2025:22:24:12 -0400] "GET /surviving-as-a-real-estate-agent/feed/ HTTP/1.1" 304 0 "-" "Mozilla/5.0 (compatible; AhrefsBot/7.0; +http://ahrefs.com/robot/)"
198.54.114.83 - - [16/Apr/2025:22:24:17 -0400] "POST /wp-admin/admin-ajax.php?action=async_litespeed&nonce=vW9Yc40XN5vgknCtimOLXkW8wGzFFJVM&litespeed_type=imgoptm HTTP/1.1" 200 0 "-" "WordPress/6.8; https://bakingsecurityin.com"
51.222.253.19 - - [16/Apr/2025:22:29:03 -0400] "GET /vacuum-parts-and-vacuum-spares-now-available-easily/ HTTP/1.1" 200 0 "-" "Mozilla/5.0 (compatible; AhrefsBot/7.0; +http://ahrefs.com/robot/)"
43.130.57.76 - - [16/Apr/2025:22:30:18 -0400] "GET /benefits-of-quantum-healing-systems/ HTTP/1.1" 200 0 "-" "Mozilla/5.0 (iPhone; CPU iPhone OS 13_2_3 like Mac OS X) AppleWebKit/605.1.15 (KHTML, like Gecko) Version/13.0.3 Mobile/15E148 Safari/604.1"
198.54.114.83 - - [16/Apr/2025:22:30:25 -0400] "POST /wp-cron.php?doing_wp_cron=1744857022.5759658813476562500000 HTTP/1.1" 200 0 "-" "WordPress/6.8; https://bakingsecurityin.com"
198.54.114.83 - - [16/Apr/2025:22:30:28 -0400] "POST /wp-admin/admin-ajax.php?action=async_litespeed&nonce=qgfgsI1QmaFGTMwKaGlwDip0ysNroNBj&litespeed_type=imgoptm HTTP/1.1" 200 0 "-" "WordPress/6.8; https://bakingsecurityin.com"
20.171.207.203 - - [16/Apr/2025:22:30:34 -0400] "GET /integrative-and-holistic-medicine/ HTTP/1.1" 200 0 "-" "Mozilla/5.0 AppleWebKit/537.36 (KHTML, like Gecko; compatible; GPTBot/1.2; +https://openai.com/gptbot)"
129.226.128.109 - - [16/Apr/2025:22:33:25 -0400] "GET /a-divorce-mediation-lawyer-can-help-you-work-out-a-settlement/ HTTP/1.1" 200 0 "-" "Python/3.10 aiohttp/3.10.5"
198.54.114.83 - - [16/Apr/2025:22:33:33 -0400] "POST /wp-cron.php?doing_wp_cron=1744857210.0350799560546875000000 HTTP/1.1" 200 0 "-" "WordPress/6.8; https://bakingsecurityin.com"
198.54.114.83 - - [16/Apr/2025:22:33:36 -0400] "POST /wp-admin/admin-ajax.php?action=async_litespeed&nonce=A5JhCTnxsP6nTFTW4UMUBX32OQAbwloX&litespeed_type=imgoptm HTTP/1.1" 200 0 "-" "WordPress/6.8; https://bakingsecurityin.com"
51.222.253.19 - - [16/Apr/2025:22:33:36 -0400] "GET /crazy-business-idea-youtube-theater/ HTTP/1.1" 200 0 "-" "Mozilla/5.0 (compatible; AhrefsBot/7.0; +http://ahrefs.com/robot/)"
124.156.103.176 - - [16/Apr/2025:22:37:57 -0400] "GET /using-nipple-protectors-for-breastfeeding/ HTTP/1.1" 200 0 "-" "Python/3.10 aiohttp/3.10.5"
198.54.114.83 - - [16/Apr/2025:22:38:31 -0400] "POST /wp-cron.php?doing_wp_cron=1744857510.5997219085693359375000 HTTP/1.1" 200 0 "-" "WordPress/6.8; https://bakingsecurityin.com"
51.222.253.6 - - [16/Apr/2025:22:38:25 -0400] "GET /the-atelier-apartments-in-hells-kitchen/feed/ HTTP/1.1" 200 414 "-" "Mozilla/5.0 (compatible; AhrefsBot/7.0; +http://ahrefs.com/robot/)"
198.54.114.83 - - [16/Apr/2025:22:38:41 -0400] "POST /wp-admin/admin-ajax.php?action=async_litespeed&nonce=O4zzAu8Cxh7PPxBKsehDtXQJnpi6Ho5Q&litespeed_type=imgoptm HTTP/1.1" 200 0 "-" "WordPress/6.8; https://bakingsecurityin.com"
85.208.96.211 - - [16/Apr/2025:22:38:59 -0400] "GET /tag-heuer-battery-replacement-how-much-does-it-cost-to-replace-a-tag-heuer-battery/ HTTP/1.1" 200 0 "-" "Mozilla/5.0 (compatible; SemrushBot/7~bl; +http://www.semrush.com/bot.html)"
198.54.114.83 - - [16/Apr/2025:22:39:35 -0400] "POST /wp-cron.php?doing_wp_cron=1744857574.1491870880126953125000 HTTP/1.1" 200 0 "-" "WordPress/6.8; https://bakingsecurityin.com"
129.226.63.212 - - [16/Apr/2025:22:39:33 -0400] "GET /financial-freedom-with-real-estate/ HTTP/1.1" 200 0 "-" "Python/3.10 aiohttp/3.10.5"
198.54.114.83 - - [16/Apr/2025:22:39:37 -0400] "POST /wp-admin/admin-ajax.php?action=async_litespeed&nonce=XtOf2uheYON7SlIvLDu0PIGOECcDkSFH&litespeed_type=imgoptm HTTP/1.1" 200 0 "-" "WordPress/6.8; https://bakingsecurityin.com"
129.226.133.55 - - [16/Apr/2025:22:40:53 -0400] "GET /how-to-zoom-on-tiktok/ HTTP/1.1" 200 0 "-" "Python/3.10 aiohttp/3.10.5"
198.54.114.83 - - [16/Apr/2025:22:42:58 -0400] "POST /wp-cron.php?doing_wp_cron=1744857776.7247989177703857421875 HTTP/1.1" 200 0 "-" "WordPress/6.8; https://bakingsecurityin.com"
51.222.253.19 - - [16/Apr/2025:22:42:52 -0400] "GET /effektive-entrumpelung-in-luneburg/ HTTP/1.1" 200 0 "-" "Mozilla/5.0 (compatible; AhrefsBot/7.0; +http://ahrefs.com/robot/)"
185.191.171.11 - - [16/Apr/2025:22:42:57 -0400] "GET /bring-your-lakeside-memories-home-with-lake-wall-art/ HTTP/1.1" 200 0 "-" "Mozilla/5.0 (compatible; SemrushBot/7~bl; +http://www.semrush.com/bot.html)"
198.54.114.83 - - [16/Apr/2025:22:43:04 -0400] "POST /wp-admin/admin-ajax.php?action=async_litespeed&nonce=22C11LqWp6QzgTAunbF0GHytVFb11Y1Y&litespeed_type=imgoptm HTTP/1.1" 200 0 "-" "WordPress/6.8; https://bakingsecurityin.com"
51.222.253.7 - - [16/Apr/2025:22:47:35 -0400] "GET /bolatangkas-agen-bola-online-sbobet-terpercaya/feed/ HTTP/1.1" 200 419 "-" "Mozilla/5.0 (compatible; AhrefsBot/7.0; +http://ahrefs.com/robot/)"
66.249.66.71 - - [16/Apr/2025:22:47:44 -0400] "GET /wp-content/uploads/2023/06/How-to-Lock-YouTube-Screen-on-iPad.jpg HTTP/1.1" 404 0 "-" "Googlebot-Image/1.0"
51.222.253.4 - - [16/Apr/2025:22:51:31 -0400] "GET /invest-with-teri-trade-and-travel-2-0-review/feed/ HTTP/1.1" 200 429 "-" "Mozilla/5.0 (compatible; AhrefsBot/7.0; +http://ahrefs.com/robot/)"
198.54.114.83 - - [16/Apr/2025:22:51:39 -0400] "POST /wp-cron.php?doing_wp_cron=1744858296.1046919822692871093750 HTTP/1.1" 200 0 "-" "WordPress/6.8; https://bakingsecurityin.com"
198.54.114.83 - - [16/Apr/2025:22:55:31 -0400] "POST /wp-cron.php?doing_wp_cron=1744858529.7127490043640136718750 HTTP/1.1" 200 0 "-" "WordPress/6.8; https://bakingsecurityin.com"
129.226.133.55 - - [16/Apr/2025:22:55:26 -0400] "GET /rv-refrigerator-cooling-fans/ HTTP/1.1" 200 0 "-" "Python/3.10 aiohttp/3.10.5"
51.222.253.7 - - [16/Apr/2025:22:55:28 -0400] "GET /page/117/ HTTP/1.1" 200 0 "-" "Mozilla/5.0 (compatible; AhrefsBot/7.0; +http://ahrefs.com/robot/)"
198.54.114.83 - - [16/Apr/2025:22:55:31 -0400] "POST /wp-cron.php?doing_wp_cron=1744858529.7114350795745849609375 HTTP/1.1" 200 0 "-" "WordPress/6.8; https://bakingsecurityin.com"
198.54.114.83 - - [16/Apr/2025:22:55:32 -0400] "POST /wp-admin/admin-ajax.php?action=async_litespeed&nonce=MQSYGk3RzBImSdPsTKzrHnSedtf4sQBA&litespeed_type=imgoptm HTTP/1.1" 200 0 "-" "WordPress/6.8; https://bakingsecurityin.com"
150.109.114.17 - - [16/Apr/2025:22:56:01 -0400] "GET /a-guide-to-buying-and-caring-for-designer-totes/ HTTP/1.1" 200 0 "-" "Python/3.10 aiohttp/3.10.5"
150.109.117.52 - - [16/Apr/2025:22:57:27 -0400] "GET /funko-pop-marvel-a-must-have-for-fans-of-the-marvel-franchise/ HTTP/1.1" 200 0 "-" "Python/3.10 aiohttp/3.10.5"
198.54.114.83 - - [16/Apr/2025:22:57:32 -0400] "POST /wp-cron.php?doing_wp_cron=1744858650.1730360984802246093750 HTTP/1.1" 200 0 "-" "WordPress/6.8; https://bakingsecurityin.com"
198.54.114.83 - - [16/Apr/2025:22:59:29 -0400] "POST /wp-cron.php?doing_wp_cron=1744858768.6054248809814453125000 HTTP/1.1" 200 0 "-" "WordPress/6.8; https://bakingsecurityin.com"
51.222.253.2 - - [16/Apr/2025:22:59:25 -0400] "GET /exquisite-design-and-architecture/ HTTP/1.1" 200 0 "-" "Mozilla/5.0 (compatible; AhrefsBot/7.0; +http://ahrefs.com/robot/)"
198.54.114.83 - - [16/Apr/2025:22:59:32 -0400] "POST /wp-admin/admin-ajax.php?action=async_litespeed&nonce=LmgzZIYBLpUr1UlKGKYbg36dJzhWyPlc&litespeed_type=imgoptm HTTP/1.1" 200 0 "-" "WordPress/6.8; https://bakingsecurityin.com"
20.171.207.203 - - [16/Apr/2025:22:59:48 -0400] "GET /how-to-use-a-youtube-live-stream-viewers-bot HTTP/1.1" 301 0 "-" "Mozilla/5.0 AppleWebKit/537.36 (KHTML, like Gecko; compatible; GPTBot/1.2; +https://openai.com/gptbot)"
192.3.198.134 - - [16/Apr/2025:23:00:40 -0400] "GET /a-journey-into-skincare/ HTTP/1.1" 200 0 "https://bakingsecurityin.com/a-journey-into-skincare/" "Mozilla/5.0 (Windows NT 10.0; Win64; x64) AppleWebKit/537.36 (KHTML, like Gecko) Chrome/130.0.0.0 Safari/537.36"
192.3.198.134 - - [16/Apr/2025:23:00:43 -0400] "GET / HTTP/1.1" 200 0 "https://bakingsecurityin.com/" "Mozilla/5.0 (Windows NT 10.0; Win64; x64) AppleWebKit/537.36 (KHTML, like Gecko) Chrome/130.0.0.0 Safari/537.36"
198.54.114.83 - - [16/Apr/2025:23:00:45 -0400] "POST /wp-cron.php?doing_wp_cron=1744858843.9513700008392333984375 HTTP/1.1" 200 0 "-" "WordPress/6.8; https://bakingsecurityin.com"
198.54.114.83 - - [16/Apr/2025:23:00:46 -0400] "POST /wp-admin/admin-ajax.php?action=async_litespeed&nonce=l3Ud79FLR6qxc3jAHbzCIqjfBgYVZ7ON&litespeed_type=imgoptm HTTP/1.1" 200 0 "-" "WordPress/6.8; https://bakingsecurityin.com"
198.54.114.83 - - [16/Apr/2025:23:03:14 -0400] "POST /wp-cron.php?doing_wp_cron=1744858993.0334448814392089843750 HTTP/1.1" 200 0 "-" "WordPress/6.8; https://bakingsecurityin.com"
51.222.253.19 - - [16/Apr/2025:23:03:09 -0400] "GET /onion-sites-registry/ HTTP/1.1" 200 0 "-" "Mozilla/5.0 (compatible; AhrefsBot/7.0; +http://ahrefs.com/robot/)"
198.54.114.83 - - [16/Apr/2025:23:03:16 -0400] "POST /wp-admin/admin-ajax.php?action=async_litespeed&nonce=oAp9IKQEYlV6iGo4mwnUeT43CuxY7ZlY&litespeed_type=imgoptm HTTP/1.1" 200 0 "-" "WordPress/6.8; https://bakingsecurityin.com"
51.222.253.5 - - [16/Apr/2025:23:07:13 -0400] "GET /the-illusion-of-success-the-temptation-to-buy-youtube-views/ HTTP/1.1" 200 0 "-" "Mozilla/5.0 (compatible; AhrefsBot/7.0; +http://ahrefs.com/robot/)"
5.102.173.71 - - [16/Apr/2025:23:10:14 -0400] "GET /robots.txt HTTP/1.1" 304 0 "-" "Mozilla/5.0 (compatible; MojeekBot/0.11; +https://www.mojeek.com/bot.html)"
5.102.173.71 - - [16/Apr/2025:23:10:16 -0400] "GET /leather-pants-with-leather-jackets-makes-for-a-great-pair/ HTTP/1.1" 200 0 "-" "Mozilla/5.0 (compatible; MojeekBot/0.11; +https://www.mojeek.com/bot.html)"
198.54.114.83 - - [16/Apr/2025:23:10:24 -0400] "POST /wp-cron.php?doing_wp_cron=1744859421.6328051090240478515625 HTTP/1.1" 200 0 "-" "WordPress/6.8; https://bakingsecurityin.com"
51.222.253.4 - - [16/Apr/2025:23:11:33 -0400] "GET /lampe-de-table-design/ HTTP/1.1" 200 0 "-" "Mozilla/5.0 (compatible; AhrefsBot/7.0; +http://ahrefs.com/robot/)"
198.54.114.83 - - [16/Apr/2025:23:11:35 -0400] "POST /wp-cron.php?doing_wp_cron=1744859493.5909581184387207031250 HTTP/1.1" 200 0 "-" "WordPress/6.8; https://bakingsecurityin.com"
51.222.253.18 - - [16/Apr/2025:23:16:01 -0400] "GET /page/118/ HTTP/1.1" 200 0 "-" "Mozilla/5.0 (compatible; AhrefsBot/7.0; +http://ahrefs.com/robot/)"
198.54.114.83 - - [16/Apr/2025:23:16:09 -0400] "POST /wp-cron.php?doing_wp_cron=1744859766.9385590553283691406250 HTTP/1.1" 200 0 "-" "WordPress/6.8; https://bakingsecurityin.com"
51.222.253.4 - - [16/Apr/2025:23:20:53 -0400] "GET /page/119/ HTTP/1.1" 200 0 "-" "Mozilla/5.0 (compatible; AhrefsBot/7.0; +http://ahrefs.com/robot/)"
198.54.114.83 - - [16/Apr/2025:23:20:59 -0400] "POST /wp-cron.php?doing_wp_cron=1744860058.0033299922943115234375 HTTP/1.1" 200 0 "-" "WordPress/6.8; https://bakingsecurityin.com"
198.54.114.83 - - [16/Apr/2025:23:22:47 -0400] "POST /wp-cron.php?doing_wp_cron=1744860165.8618569374084472656250 HTTP/1.1" 200 0 "-" "WordPress/6.8; https://bakingsecurityin.com"
91.124.117.41 - - [16/Apr/2025:23:22:42 -0400] "GET /category/iphone/ HTTP/1.1" 200 0 "-" "Mozilla/5.0 (Windows; U; Windows NT 5.1; en-US) AppleWebKit/532.1 (KHTML, like Gecko) Chrome/4.0.219.3 Safari/532.1"
198.54.114.83 - - [16/Apr/2025:23:22:48 -0400] "POST /wp-admin/admin-ajax.php?action=async_litespeed&nonce=kO6qdxzYOtTgOkOqq9CkDbTm7bf5jlMf&litespeed_type=imgoptm HTTP/1.1" 200 0 "-" "WordPress/6.8; https://bakingsecurityin.com"
85.208.96.205 - - [16/Apr/2025:23:23:22 -0400] "GET /benefits-of-buying-hgh-in-canada/ HTTP/1.1" 200 0 "-" "Mozilla/5.0 (compatible; SemrushBot/7~bl; +http://www.semrush.com/bot.html)"
198.54.114.83 - - [16/Apr/2025:23:23:24 -0400] "POST /wp-cron.php?doing_wp_cron=1744860203.0683269500732421875000 HTTP/1.1" 200 0 "-" "WordPress/6.8; https://bakingsecurityin.com"
91.201.113.132 - - [16/Apr/2025:23:23:34 -0400] "GET /the-growing-popularity-of-online-casinos/ HTTP/1.1" 200 0 "https://bakingsecurityin.com/the-growing-popularity-of-online-casinos/" "Mozilla/5.0 (Windows NT 10.0; Win64; x64) AppleWebKit/537.36 (KHTML, like Gecko) Chrome/131.0.0.0 Safari/537.36 Avast/131.0.0.0"
91.201.113.132 - - [16/Apr/2025:23:23:35 -0400] "GET / HTTP/1.1" 200 0 "https://bakingsecurityin.com/" "Mozilla/5.0 (Windows NT 10.0; Win64; x64) AppleWebKit/537.36 (KHTML, like Gecko) Chrome/131.0.0.0 Safari/537.36 Avast/131.0.0.0"
124.156.158.34 - - [16/Apr/2025:23:23:47 -0400] "GET /buy-cannabis-online/ HTTP/1.1" 200 0 "-" "Python/3.10 aiohttp/3.10.5"
198.54.114.83 - - [16/Apr/2025:23:25:35 -0400] "POST /wp-cron.php?doing_wp_cron=1744860333.8165259361267089843750 HTTP/1.1" 200 0 "-" "WordPress/6.8; https://bakingsecurityin.com"
51.222.253.15 - - [16/Apr/2025:23:25:29 -0400] "GET /page/116/ HTTP/1.1" 200 0 "-" "Mozilla/5.0 (compatible; AhrefsBot/7.0; +http://ahrefs.com/robot/)"
198.54.114.83 - - [16/Apr/2025:23:25:36 -0400] "POST /wp-admin/admin-ajax.php?action=async_litespeed&nonce=cK6LigJkUnxU0OgMqvRGoAOnnkfxNdIS&litespeed_type=imgoptm HTTP/1.1" 200 0 "-" "WordPress/6.8; https://bakingsecurityin.com"
20.171.207.203 - - [16/Apr/2025:23:26:28 -0400] "GET /revolutionizing-manufacturing-inside-the-brush-machine-factory/ HTTP/1.1" 200 0 "-" "Mozilla/5.0 AppleWebKit/537.36 (KHTML, like Gecko; compatible; GPTBot/1.2; +https://openai.com/gptbot)"
198.54.114.83 - - [16/Apr/2025:23:26:51 -0400] "POST /wp-cron.php?doing_wp_cron=1744860410.5453610420227050781250 HTTP/1.1" 200 0 "-" "WordPress/6.8; https://bakingsecurityin.com"
20.171.207.203 - - [16/Apr/2025:23:26:50 -0400] "GET /the-best-cannabis-coffeeshops-in-amsterdam HTTP/1.1" 301 0 "-" "Mozilla/5.0 AppleWebKit/537.36 (KHTML, like Gecko; compatible; GPTBot/1.2; +https://openai.com/gptbot)"
198.54.114.83 - - [16/Apr/2025:23:26:53 -0400] "POST /wp-admin/admin-ajax.php?action=async_litespeed&nonce=x6x809RJrrbeE0jy9saeHYZTKswAgZVP&litespeed_type=imgoptm HTTP/1.1" 200 0 "-" "WordPress/6.8; https://bakingsecurityin.com"
43.132.120.183 - - [16/Apr/2025:23:29:46 -0400] "GET /dad-jokes-for-kids/ HTTP/1.1" 200 0 "-" "Python/3.10 aiohttp/3.10.5"
198.54.114.83 - - [16/Apr/2025:23:29:55 -0400] "POST /wp-cron.php?doing_wp_cron=1744860594.7682468891143798828125 HTTP/1.1" 200 0 "-" "WordPress/6.8; https://bakingsecurityin.com"
51.222.253.13 - - [16/Apr/2025:23:29:51 -0400] "GET /ai-agent-redefining-intelligence-in-the-digital-age/feed/ HTTP/1.1" 200 419 "-" "Mozilla/5.0 (compatible; AhrefsBot/7.0; +http://ahrefs.com/robot/)"
198.54.114.83 - - [16/Apr/2025:23:29:56 -0400] "POST /wp-admin/admin-ajax.php?action=async_litespeed&nonce=utOjEiVAhfmlNx7wPvut0Bg1U3D8rbPA&litespeed_type=imgoptm HTTP/1.1" 200 0 "-" "WordPress/6.8; https://bakingsecurityin.com"
43.128.36.58 - - [16/Apr/2025:23:30:11 -0400] "GET /how-to-lower-the-cost-of-vyvanse-50-mg-price/ HTTP/1.1" 200 0 "-" "Python/3.10 aiohttp/3.10.5"

Youez - 2016 - github.com/yon3zu
LinuXploit