27.42.99.212 - - [16/Apr/2025:14:22:51 -0400] "GET /pantoufle-de-dinosaure/ HTTP/1.1" 200 0 "https://bakingsecurityin.com" "Mozilla/5.0 (Windows NT 10.0; Win64; x64) AppleWebKit/537.36 (KHTML, like Gecko) Chrome/62.0.3202.94 Safari/537.36"
5.102.173.71 - - [16/Apr/2025:14:23:21 -0400] "GET /robots.txt HTTP/1.1" 200 98 "-" "Mozilla/5.0 (compatible; MojeekBot/0.11; +https://www.mojeek.com/bot.html)"
5.102.173.71 - - [16/Apr/2025:14:23:23 -0400] "GET /the-advantages-of-a-virtual-telephone-answering-service/ HTTP/1.1" 200 0 "-" "Mozilla/5.0 (compatible; MojeekBot/0.11; +https://www.mojeek.com/bot.html)"
51.222.253.3 - - [16/Apr/2025:14:25:13 -0400] "GET /tembusu-grand-an-ideal-place-for-families/ HTTP/1.1" 200 0 "-" "Mozilla/5.0 (compatible; AhrefsBot/7.0; +http://ahrefs.com/robot/)"
198.54.114.83 - - [16/Apr/2025:14:25:21 -0400] "POST /wp-cron.php?doing_wp_cron=1744827917.7227880954742431640625 HTTP/1.1" 200 0 "-" "WordPress/6.8; https://bakingsecurityin.com"
185.191.171.3 - - [16/Apr/2025:14:25:28 -0400] "GET /wie-man-ein-japanisches-katana-herstellt/ HTTP/1.1" 200 0 "-" "Mozilla/5.0 (compatible; SemrushBot/7~bl; +http://www.semrush.com/bot.html)"
129.226.63.212 - - [16/Apr/2025:14:27:15 -0400] "GET /the-basics-of-a-hair-dryer/ HTTP/1.1" 200 0 "-" "Python/3.10 aiohttp/3.10.5"
13.59.182.74 - - [16/Apr/2025:14:28:19 -0400] "GET /how-to-use-a-bitcoin-mixer HTTP/1.1" 301 0 "-" "Mozilla/5.0 AppleWebKit/537.36 (KHTML, like Gecko; compatible; ClaudeBot/1.0; +claudebot@anthropic.com)"
185.191.171.3 - - [16/Apr/2025:14:28:25 -0400] "GET /pokemon-lego/ HTTP/1.1" 200 0 "-" "Mozilla/5.0 (compatible; SemrushBot/7~bl; +http://www.semrush.com/bot.html)"
198.54.114.83 - - [16/Apr/2025:14:28:28 -0400] "POST /wp-cron.php?doing_wp_cron=1744828103.0248610973358154296875 HTTP/1.1" 200 0 "-" "WordPress/6.8; https://bakingsecurityin.com"
198.54.114.83 - - [16/Apr/2025:14:28:33 -0400] "POST /wp-admin/admin-ajax.php?action=async_litespeed&nonce=RBWDoc9bBxX2BM12sHheKHBWnOYjOv4b&litespeed_type=imgoptm HTTP/1.1" 200 0 "-" "WordPress/6.8; https://bakingsecurityin.com"
51.222.253.9 - - [16/Apr/2025:14:28:47 -0400] "GET /exploring-the-concept-of-omnigenceam/ HTTP/1.1" 200 0 "-" "Mozilla/5.0 (compatible; AhrefsBot/7.0; +http://ahrefs.com/robot/)"
119.28.56.69 - - [16/Apr/2025:14:28:50 -0400] "GET /how-to-etiquette-in-a-poker-casino/ HTTP/1.1" 200 0 "-" "Python/3.10 aiohttp/3.10.5"
198.54.114.83 - - [16/Apr/2025:14:31:21 -0400] "POST /wp-cron.php?doing_wp_cron=1744828275.7432699203491210937500 HTTP/1.1" 200 0 "-" "WordPress/6.8; https://bakingsecurityin.com"
136.243.228.193 - - [16/Apr/2025:14:31:10 -0400] "GET /solid-conservatory-roof-panels/ HTTP/1.1" 200 0 "-" "Mozilla/5.0 (compatible; DataForSeoBot/1.0; +https://dataforseo.com/dataforseo-bot)"
51.222.253.19 - - [16/Apr/2025:14:32:07 -0400] "GET /kassia-show-flat-appointment/ HTTP/1.1" 200 0 "-" "Mozilla/5.0 (compatible; AhrefsBot/7.0; +http://ahrefs.com/robot/)"
154.38.167.39 - - [16/Apr/2025:14:32:45 -0400] "GET / HTTP/1.1" 200 0 "-" "Mozilla/5.0 (X11; Fedora; Linux x86_64; rv:114.0) Gecko/20100101 Firefox/114.0"
129.226.176.123 - - [16/Apr/2025:14:34:15 -0400] "GET /juro-explainer-what-is-an-attorney/ HTTP/1.1" 200 0 "-" "Python/3.10 aiohttp/3.10.5"
198.54.114.83 - - [16/Apr/2025:14:34:22 -0400] "POST /wp-cron.php?doing_wp_cron=1744828459.4976229667663574218750 HTTP/1.1" 200 0 "-" "WordPress/6.8; https://bakingsecurityin.com"
154.16.246.174 - - [16/Apr/2025:14:34:22 -0400] "GET /2024/06/ HTTP/1.1" 200 0 "-" "Mozilla/5.0 (Windows; U; Windows NT 6.0; en-US; rv:1.9.2.4) Gecko/20100513 Firefox/3.6.4 (.NET CLR 3.5.30729)"
198.54.114.83 - - [16/Apr/2025:14:34:26 -0400] "POST /wp-admin/admin-ajax.php?action=async_litespeed&nonce=eLZG7lB4UlxztPirihG31y1pH9R9EOdx&litespeed_type=imgoptm HTTP/1.1" 200 0 "-" "WordPress/6.8; https://bakingsecurityin.com"
51.222.253.13 - - [16/Apr/2025:14:35:26 -0400] "GET /painting-babys-room-creative-ideas-for-painting-a-baby-nursery/ HTTP/1.1" 200 0 "-" "Mozilla/5.0 (compatible; AhrefsBot/7.0; +http://ahrefs.com/robot/)"
198.54.114.83 - - [16/Apr/2025:14:35:33 -0400] "POST /wp-cron.php?doing_wp_cron=1744828526.9833209514617919921875 HTTP/1.1" 200 0 "-" "WordPress/6.8; https://bakingsecurityin.com"
198.54.114.83 - - [16/Apr/2025:14:35:37 -0400] "POST /wp-admin/admin-ajax.php?action=async_litespeed&nonce=wkmJ7vJ5sGGLZdr0wkZsmPKDajWU5qVQ&litespeed_type=imgoptm HTTP/1.1" 200 0 "-" "WordPress/6.8; https://bakingsecurityin.com"
85.208.96.210 - - [16/Apr/2025:14:36:22 -0400] "GET /robots.txt HTTP/1.1" 200 98 "-" "Mozilla/5.0 (compatible; SemrushBot/7~bl; +http://www.semrush.com/bot.html)"
85.208.96.205 - - [16/Apr/2025:14:36:26 -0400] "GET /top-rated-maid-service-in-phoenix/ HTTP/1.1" 200 0 "-" "Mozilla/5.0 (compatible; SemrushBot/7~bl; +http://www.semrush.com/bot.html)"
51.222.253.14 - - [16/Apr/2025:14:38:44 -0400] "GET /finding-kratom-near-me/ HTTP/1.1" 200 0 "-" "Mozilla/5.0 (compatible; AhrefsBot/7.0; +http://ahrefs.com/robot/)"
198.54.114.83 - - [16/Apr/2025:14:38:52 -0400] "POST /wp-cron.php?doing_wp_cron=1744828729.3345119953155517578125 HTTP/1.1" 200 0 "-" "WordPress/6.8; https://bakingsecurityin.com"
85.208.96.196 - - [16/Apr/2025:14:40:07 -0400] "GET /solid-conservatory-roof-panels/ HTTP/1.1" 200 0 "-" "Mozilla/5.0 (compatible; SemrushBot/7~bl; +http://www.semrush.com/bot.html)"
51.222.253.16 - - [16/Apr/2025:14:41:30 -0400] "GET /can-a-dog-dewormer-cure-cancer/ HTTP/1.1" 200 0 "-" "Mozilla/5.0 (compatible; AhrefsBot/7.0; +http://ahrefs.com/robot/)"
51.222.253.17 - - [16/Apr/2025:14:44:12 -0400] "GET /the-role-of-osteopath-in-dubai/ HTTP/1.1" 200 0 "-" "Mozilla/5.0 (compatible; AhrefsBot/7.0; +http://ahrefs.com/robot/)"
129.226.49.139 - - [16/Apr/2025:14:44:33 -0400] "GET /kayak-rental-near-me-in-new-york/ HTTP/1.1" 200 0 "-" "Python/3.10 aiohttp/3.10.5"
198.54.114.83 - - [16/Apr/2025:14:46:51 -0400] "POST /wp-cron.php?doing_wp_cron=1744829209.3740179538726806640625 HTTP/1.1" 200 0 "-" "WordPress/6.8; https://bakingsecurityin.com"
51.222.253.5 - - [16/Apr/2025:14:46:44 -0400] "GET /modern-interior-doors-florida/ HTTP/1.1" 200 0 "-" "Mozilla/5.0 (compatible; AhrefsBot/7.0; +http://ahrefs.com/robot/)"
198.54.114.83 - - [16/Apr/2025:14:46:53 -0400] "POST /wp-admin/admin-ajax.php?action=async_litespeed&nonce=RkzL33BmDZCMBEv8nmzOwOqClkABGKK3&litespeed_type=imgoptm HTTP/1.1" 200 0 "-" "WordPress/6.8; https://bakingsecurityin.com"
51.222.253.7 - - [16/Apr/2025:14:49:32 -0400] "GET /le-tazze-personalizzate-sono-un-ottimo-modo-per-mostrare-la-tua-personalita/ HTTP/1.1" 200 0 "-" "Mozilla/5.0 (compatible; AhrefsBot/7.0; +http://ahrefs.com/robot/)"
43.132.182.217 - - [16/Apr/2025:14:49:28 -0400] "GET /conservatory-versus-orangery-which-is-more-suited-to-your-home/ HTTP/1.1" 200 0 "-" "Python/3.10 aiohttp/3.10.5"
198.54.114.83 - - [16/Apr/2025:14:49:34 -0400] "POST /wp-cron.php?doing_wp_cron=1744829372.1713829040527343750000 HTTP/1.1" 200 0 "-" "WordPress/6.8; https://bakingsecurityin.com"
198.54.114.83 - - [16/Apr/2025:14:52:15 -0400] "POST /wp-cron.php?doing_wp_cron=1744829534.7438769340515136718750 HTTP/1.1" 200 0 "-" "WordPress/6.8; https://bakingsecurityin.com"
198.54.114.83 - - [16/Apr/2025:14:52:16 -0400] "POST /wp-admin/admin-ajax.php?action=async_litespeed&nonce=6TlrwkvJkXDcvNBCvpbJX1iDQ9KebZMs&litespeed_type=imgoptm HTTP/1.1" 200 0 "-" "WordPress/6.8; https://bakingsecurityin.com"
51.222.253.15 - - [16/Apr/2025:14:52:10 -0400] "GET /german-classes-in-london/ HTTP/1.1" 200 0 "-" "Mozilla/5.0 (compatible; AhrefsBot/7.0; +http://ahrefs.com/robot/)"
51.222.253.10 - - [16/Apr/2025:14:55:00 -0400] "GET /the-lifespan-of-a-baked-bar/ HTTP/1.1" 200 0 "-" "Mozilla/5.0 (compatible; AhrefsBot/7.0; +http://ahrefs.com/robot/)"
43.132.123.157 - - [16/Apr/2025:14:55:10 -0400] "GET /matter-residences-connecting-your-home-to-the-cloud/ HTTP/1.1" 200 0 "-" "Python/3.10 aiohttp/3.10.5"
136.243.228.193 - - [16/Apr/2025:14:56:43 -0400] "GET /vacuum-parts-and-vacuum-spares-now-available-easily/ HTTP/1.1" 200 0 "-" "Mozilla/5.0 (compatible; DataForSeoBot/1.0; +https://dataforseo.com/dataforseo-bot)"
51.222.253.9 - - [16/Apr/2025:14:57:23 -0400] "GET /the-advantages-of-an-instant-hot-water-tap/ HTTP/1.1" 200 0 "-" "Mozilla/5.0 (compatible; AhrefsBot/7.0; +http://ahrefs.com/robot/)"
51.222.253.12 - - [16/Apr/2025:14:59:56 -0400] "GET /the-impact-of-mrbeasts-gift-card-giveaway/ HTTP/1.1" 200 0 "-" "Mozilla/5.0 (compatible; AhrefsBot/7.0; +http://ahrefs.com/robot/)"
51.222.253.2 - - [16/Apr/2025:15:02:32 -0400] "GET /exploring-the-top-disposable-vape-brands/ HTTP/1.1" 200 0 "-" "Mozilla/5.0 (compatible; AhrefsBot/7.0; +http://ahrefs.com/robot/)"
198.54.114.83 - - [16/Apr/2025:15:02:38 -0400] "POST /wp-cron.php?doing_wp_cron=1744830156.1775479316711425781250 HTTP/1.1" 200 0 "-" "WordPress/6.8; https://bakingsecurityin.com"
51.222.253.13 - - [16/Apr/2025:15:05:04 -0400] "GET /how-are-youtube-views-counted/feed/ HTTP/1.1" 200 403 "-" "Mozilla/5.0 (compatible; AhrefsBot/7.0; +http://ahrefs.com/robot/)"
198.54.114.83 - - [16/Apr/2025:15:05:16 -0400] "POST /wp-cron.php?doing_wp_cron=1744830309.1950540542602539062500 HTTP/1.1" 200 0 "-" "WordPress/6.8; https://bakingsecurityin.com"
198.54.114.83 - - [16/Apr/2025:15:05:23 -0400] "POST /wp-admin/admin-ajax.php?action=async_litespeed&nonce=VAvw2rhj2UyVvYfp3hh1ytqdXc0FdLHE&litespeed_type=imgoptm HTTP/1.1" 200 0 "-" "WordPress/6.8; https://bakingsecurityin.com"
198.54.114.83 - - [16/Apr/2025:15:05:30 -0400] "POST /wp-cron.php?doing_wp_cron=1744830323.7069311141967773437500 HTTP/1.1" 200 0 "-" "WordPress/6.8; https://bakingsecurityin.com"
198.54.114.83 - - [16/Apr/2025:15:05:36 -0400] "POST /wp-admin/admin-ajax.php?action=async_litespeed&nonce=DFkdIITVHL3G1jPXggWlUS3REiOWEF2i&litespeed_type=imgoptm HTTP/1.1" 200 0 "-" "WordPress/6.8; https://bakingsecurityin.com"
47.238.13.14 - - [16/Apr/2025:15:07:05 -0400] "GET /page/2/ HTTP/1.1" 200 0 "-" "Mozilla/5.0 (Macintosh; Intel Mac OS X 10_15_7) AppleWebKit/537.36 (KHTML, like Gecko) Chrome/109.0.0.0 Safari/537.36"
198.54.114.83 - - [16/Apr/2025:15:07:12 -0400] "POST /wp-cron.php?doing_wp_cron=1744830428.9744169712066650390625 HTTP/1.1" 200 0 "-" "WordPress/6.8; https://bakingsecurityin.com"
101.32.12.10 - - [16/Apr/2025:15:07:30 -0400] "GET /budgeting-for-a-vietnam-trip/ HTTP/1.1" 200 0 "-" "Python/3.10 aiohttp/3.10.5"
51.222.253.1 - - [16/Apr/2025:15:07:39 -0400] "GET /lottery-gambling-101/ HTTP/1.1" 200 0 "-" "Mozilla/5.0 (compatible; AhrefsBot/7.0; +http://ahrefs.com/robot/)"
43.129.81.131 - - [16/Apr/2025:15:10:08 -0400] "GET /grainger-rockwell-hardness-tester-for-sale/ HTTP/1.1" 200 0 "-" "Python/3.10 aiohttp/3.10.5"
198.54.114.83 - - [16/Apr/2025:15:10:18 -0400] "POST /wp-cron.php?doing_wp_cron=1744830612.8519010543823242187500 HTTP/1.1" 200 0 "-" "WordPress/6.8; https://bakingsecurityin.com"
51.222.253.12 - - [16/Apr/2025:15:10:19 -0400] "GET /what-is-a-dentist-office/feed/ HTTP/1.1" 200 390 "-" "Mozilla/5.0 (compatible; AhrefsBot/7.0; +http://ahrefs.com/robot/)"
51.222.253.10 - - [16/Apr/2025:15:12:50 -0400] "GET /solid-conservatory-roof-panels/feed/ HTTP/1.1" 304 0 "-" "Mozilla/5.0 (compatible; AhrefsBot/7.0; +http://ahrefs.com/robot/)"
198.54.114.83 - - [16/Apr/2025:15:12:56 -0400] "POST /wp-cron.php?doing_wp_cron=1744830774.4995501041412353515625 HTTP/1.1" 200 0 "-" "WordPress/6.8; https://bakingsecurityin.com"
129.226.162.39 - - [16/Apr/2025:15:14:26 -0400] "GET /wednesday-addams-costume-shop/ HTTP/1.1" 200 0 "-" "Python/3.10 aiohttp/3.10.5"
135.181.138.50 - - [16/Apr/2025:15:15:15 -0400] "GET /.git/config HTTP/1.1" 403 1242 "-" "Go-http-client/1.1"
51.222.253.18 - - [16/Apr/2025:15:15:27 -0400] "GET /ivf-clinic-sharjah/ HTTP/1.1" 200 0 "-" "Mozilla/5.0 (compatible; AhrefsBot/7.0; +http://ahrefs.com/robot/)"
198.54.114.83 - - [16/Apr/2025:15:15:31 -0400] "POST /wp-cron.php?doing_wp_cron=1744830929.8956260681152343750000 HTTP/1.1" 200 0 "-" "WordPress/6.8; https://bakingsecurityin.com"
27.42.99.212 - - [16/Apr/2025:15:15:32 -0400] "GET /les-pantoufles-sont-populaires-partout-dans-le-monde/ HTTP/1.1" 301 0 "https://bakingsecurityin.com" "Mozilla/5.0 (Windows NT 10.0; Win64; x64) AppleWebKit/537.36 (KHTML, like Gecko) Chrome/62.0.3202.94 Safari/537.36"
27.42.99.212 - - [16/Apr/2025:15:15:34 -0400] "GET /pantoufle-de-dinosaure/ HTTP/1.1" 200 0 "https://bakingsecurityin.com" "Mozilla/5.0 (Windows NT 10.0; Win64; x64) AppleWebKit/537.36 (KHTML, like Gecko) Chrome/62.0.3202.94 Safari/537.36"
198.54.114.83 - - [16/Apr/2025:15:17:41 -0400] "POST /wp-cron.php?doing_wp_cron=1744831059.6424779891967773437500 HTTP/1.1" 200 0 "-" "WordPress/6.8; https://bakingsecurityin.com"
185.191.171.1 - - [16/Apr/2025:15:17:36 -0400] "GET /how-to-find-a-lost-car-key/ HTTP/1.1" 200 0 "-" "Mozilla/5.0 (compatible; SemrushBot/7~bl; +http://www.semrush.com/bot.html)"
198.54.114.83 - - [16/Apr/2025:15:17:43 -0400] "POST /wp-admin/admin-ajax.php?action=async_litespeed&nonce=3hz3MoRaEL7MHbPxVKnc5PC5d6VQR6yH&litespeed_type=imgoptm HTTP/1.1" 200 0 "-" "WordPress/6.8; https://bakingsecurityin.com"
101.32.32.171 - - [16/Apr/2025:15:17:55 -0400] "GET /utility-payment-solutions-must-be-secure-fast-and-easy-to-use/ HTTP/1.1" 200 0 "-" "Python/3.10 aiohttp/3.10.5"
51.222.253.18 - - [16/Apr/2025:15:18:05 -0400] "GET /insinkerator-disposers/feed/ HTTP/1.1" 200 377 "-" "Mozilla/5.0 (compatible; AhrefsBot/7.0; +http://ahrefs.com/robot/)"
129.226.188.6 - - [16/Apr/2025:15:18:14 -0400] "GET /hiking-boots-mens/ HTTP/1.1" 200 0 "-" "Python/3.10 aiohttp/3.10.5"
129.226.49.139 - - [16/Apr/2025:15:19:18 -0400] "GET /choosing-a-digital-marketing-company/ HTTP/1.1" 200 0 "-" "Python/3.10 aiohttp/3.10.5"
198.54.114.83 - - [16/Apr/2025:15:19:23 -0400] "POST /wp-cron.php?doing_wp_cron=1744831160.1788890361785888671875 HTTP/1.1" 200 0 "-" "WordPress/6.8; https://bakingsecurityin.com"
185.231.155.169 - - [16/Apr/2025:15:19:23 -0400] "GET /a-journey-into-skincare/ HTTP/1.1" 200 0 "https://bakingsecurityin.com/a-journey-into-skincare/" "Mozilla/5.0 (Windows NT 10.0; Win64; x64) AppleWebKit/537.36 (KHTML, like Gecko) Chrome/129.0.0.0 Safari/537.36"
185.231.155.169 - - [16/Apr/2025:15:19:27 -0400] "GET / HTTP/1.1" 200 0 "https://bakingsecurityin.com/" "Mozilla/5.0 (Windows NT 10.0; Win64; x64) AppleWebKit/537.36 (KHTML, like Gecko) Chrome/129.0.0.0 Safari/537.36"
150.109.108.171 - - [16/Apr/2025:15:19:34 -0400] "GET /top-rated-maid-service-in-phoenix/ HTTP/1.1" 200 0 "-" "Python/3.10 aiohttp/3.10.5"
198.54.114.83 - - [16/Apr/2025:15:20:30 -0400] "POST /wp-cron.php?doing_wp_cron=1744831229.2904179096221923828125 HTTP/1.1" 200 0 "-" "WordPress/6.8; https://bakingsecurityin.com"
51.222.253.5 - - [16/Apr/2025:15:20:28 -0400] "GET /die-zuverlassige-umzugsfirma-in-luneburg/feed/ HTTP/1.1" 200 413 "-" "Mozilla/5.0 (compatible; AhrefsBot/7.0; +http://ahrefs.com/robot/)"
198.54.114.83 - - [16/Apr/2025:15:20:32 -0400] "POST /wp-admin/admin-ajax.php?action=async_litespeed&nonce=911NQWYOQuJJMYAwjkkzuxCqNXSg9iXH&litespeed_type=imgoptm HTTP/1.1" 200 0 "-" "WordPress/6.8; https://bakingsecurityin.com"
124.156.103.176 - - [16/Apr/2025:15:20:43 -0400] "GET /a-review-of-siberia-snus/ HTTP/1.1" 200 0 "-" "Python/3.10 aiohttp/3.10.5"
198.54.114.83 - - [16/Apr/2025:15:22:32 -0400] "POST /wp-admin/admin-ajax.php?action=async_litespeed&nonce=khTwNIZSNoxolAEGW7GMgtypCWppgXrX&litespeed_type=imgoptm HTTP/1.1" 200 0 "-" "WordPress/6.8; https://bakingsecurityin.com"
51.222.253.11 - - [16/Apr/2025:15:22:56 -0400] "GET /german-classes-london/ HTTP/1.1" 200 0 "-" "Mozilla/5.0 (compatible; AhrefsBot/7.0; +http://ahrefs.com/robot/)"
136.243.228.193 - - [16/Apr/2025:15:23:18 -0400] "GET /how-to-trim-a-video-on-iphone/ HTTP/1.1" 200 0 "-" "Mozilla/5.0 (compatible; DataForSeoBot/1.0; +https://dataforseo.com/dataforseo-bot)"
185.39.17.147 - - [16/Apr/2025:15:24:25 -0400] "GET /wp-login.php HTTP/1.1" 200 1737 "-" "Mozilla/5.0 (Windows NT 10.0; Win64; x64) AppleWebKit/537.36 (KHTML, like Gecko) Chrome/115.0.0.0 Safari/537.36 Edg/115.0.1901.203"
185.39.17.147 - - [16/Apr/2025:15:24:27 -0400] "POST /wp-login.php HTTP/1.1" 200 1864 "https://bakingsecurityin.com/wp-login.php" "Mozilla/5.0 (Windows NT 10.0; Win64; x64) AppleWebKit/537.36 (KHTML, like Gecko) Chrome/115.0.0.0 Safari/537.36 Edg/115.0.1901.203"
198.54.114.83 - - [16/Apr/2025:15:25:04 -0400] "POST /wp-admin/admin-ajax.php?action=async_litespeed&nonce=dWdT0MM8iU5UZNvXEiCPoJI3b8DwCPUK&litespeed_type=imgoptm HTTP/1.1" 200 0 "-" "WordPress/6.8; https://bakingsecurityin.com"
51.222.253.10 - - [16/Apr/2025:15:25:16 -0400] "GET /choosing-a-cnc-milling-parts-supplier/ HTTP/1.1" 200 0 "-" "Mozilla/5.0 (compatible; AhrefsBot/7.0; +http://ahrefs.com/robot/)"
198.54.114.83 - - [16/Apr/2025:15:27:56 -0400] "POST /wp-cron.php?doing_wp_cron=1744831674.9006500244140625000000 HTTP/1.1" 200 0 "-" "WordPress/6.8; https://bakingsecurityin.com"
51.222.253.12 - - [16/Apr/2025:15:27:51 -0400] "GET /ma-prime-adapt-demande/feed/ HTTP/1.1" 200 384 "-" "Mozilla/5.0 (compatible; AhrefsBot/7.0; +http://ahrefs.com/robot/)"
198.54.114.83 - - [16/Apr/2025:15:27:58 -0400] "POST /wp-admin/admin-ajax.php?action=async_litespeed&nonce=0BWhXerYFa3yI1qR1PBZDq1vRhftdI7Z&litespeed_type=imgoptm HTTP/1.1" 200 0 "-" "WordPress/6.8; https://bakingsecurityin.com"
51.222.253.9 - - [16/Apr/2025:15:30:26 -0400] "GET /the-evolution-of-taxi-services/ HTTP/1.1" 200 0 "-" "Mozilla/5.0 (compatible; AhrefsBot/7.0; +http://ahrefs.com/robot/)"
185.191.171.11 - - [16/Apr/2025:15:31:44 -0400] "GET /matter-residences-connecting-your-home-to-the-cloud/ HTTP/1.1" 200 0 "-" "Mozilla/5.0 (compatible; SemrushBot/7~bl; +http://www.semrush.com/bot.html)"
198.54.114.83 - - [16/Apr/2025:15:32:52 -0400] "POST /wp-cron.php?doing_wp_cron=1744831972.3460381031036376953125 HTTP/1.1" 200 0 "-" "WordPress/6.8; https://bakingsecurityin.com"
51.222.253.4 - - [16/Apr/2025:15:32:48 -0400] "GET /screen-recording-on-netflix/ HTTP/1.1" 200 0 "-" "Mozilla/5.0 (compatible; AhrefsBot/7.0; +http://ahrefs.com/robot/)"
198.54.114.83 - - [16/Apr/2025:15:32:54 -0400] "POST /wp-admin/admin-ajax.php?action=async_litespeed&nonce=Oasa5dqfNhIYF9rlTEdNeZhFkx3XsZEU&litespeed_type=imgoptm HTTP/1.1" 200 0 "-" "WordPress/6.8; https://bakingsecurityin.com"
3.144.40.78 - - [16/Apr/2025:15:35:22 -0400] "GET /robots.txt HTTP/1.1" 304 0 "-" "Mozilla/5.0 AppleWebKit/537.36 (KHTML, like Gecko; compatible; ClaudeBot/1.0; +claudebot@anthropic.com)"
119.28.52.89 - - [16/Apr/2025:15:35:19 -0400] "GET /tag-heuer-battery-replacement-how-much-does-it-cost-to-replace-a-tag-heuer-battery/ HTTP/1.1" 200 0 "-" "Python/3.10 aiohttp/3.10.5"
198.54.114.83 - - [16/Apr/2025:15:35:27 -0400] "POST /wp-cron.php?doing_wp_cron=1744832122.4307188987731933593750 HTTP/1.1" 200 0 "-" "WordPress/6.8; https://bakingsecurityin.com"
51.222.253.1 - - [16/Apr/2025:15:35:27 -0400] "GET /gambling-and-online-roulette/ HTTP/1.1" 200 0 "-" "Mozilla/5.0 (compatible; AhrefsBot/7.0; +http://ahrefs.com/robot/)"
3.144.40.78 - - [16/Apr/2025:15:35:27 -0400] "GET /horloges-murales-a-lire-absolument-avant-de-les-acheter HTTP/1.1" 301 0 "-" "Mozilla/5.0 AppleWebKit/537.36 (KHTML, like Gecko; compatible; ClaudeBot/1.0; +claudebot@anthropic.com)"
198.54.114.83 - - [16/Apr/2025:15:35:32 -0400] "POST /wp-admin/admin-ajax.php?action=async_litespeed&nonce=2NvJBdCfIxpXmEQoM7B0nI6KwW6SkDv9&litespeed_type=imgoptm HTTP/1.1" 200 0 "-" "WordPress/6.8; https://bakingsecurityin.com"
3.144.40.78 - - [16/Apr/2025:15:35:32 -0400] "GET /crochets-muraux-decoratifs/ HTTP/1.1" 200 0 "https://bakingsecurityin.com/horloges-murales-a-lire-absolument-avant-de-les-acheter" "Mozilla/5.0 AppleWebKit/537.36 (KHTML, like Gecko; compatible; ClaudeBot/1.0; +claudebot@anthropic.com)"
129.226.130.181 - - [16/Apr/2025:15:36:09 -0400] "GET /how-to-properly-perform-an-exterior-house-wash/ HTTP/1.1" 200 0 "-" "Python/3.10 aiohttp/3.10.5"
51.222.253.14 - - [16/Apr/2025:15:38:14 -0400] "GET /understanding-sex-addiction/ HTTP/1.1" 200 0 "-" "Mozilla/5.0 (compatible; AhrefsBot/7.0; +http://ahrefs.com/robot/)"
51.222.253.6 - - [16/Apr/2025:15:40:38 -0400] "GET /what-health-conditions-can-cbd-gummies-help/ HTTP/1.1" 200 0 "-" "Mozilla/5.0 (compatible; AhrefsBot/7.0; +http://ahrefs.com/robot/)"
162.213.251.71 - - [16/Apr/2025:15:41:49 -0400] "GET / HTTP/1.1" 200 0 "-" "Mozilla/5.0 (Windows NT 10.0; Win64; x64; rv:122.0) Gecko/20100101 Firefox/122.0"
198.54.114.83 - - [16/Apr/2025:15:41:55 -0400] "POST /wp-cron.php?doing_wp_cron=1744832513.3360130786895751953125 HTTP/1.1" 200 0 "-" "WordPress/6.8; https://bakingsecurityin.com"
198.54.114.83 - - [16/Apr/2025:15:43:23 -0400] "POST /wp-cron.php?doing_wp_cron=1744832602.6173319816589355468750 HTTP/1.1" 200 0 "-" "WordPress/6.8; https://bakingsecurityin.com"
51.222.253.14 - - [16/Apr/2025:15:43:19 -0400] "GET /page/107/ HTTP/1.1" 200 0 "-" "Mozilla/5.0 (compatible; AhrefsBot/7.0; +http://ahrefs.com/robot/)"
129.226.130.64 - - [16/Apr/2025:15:43:19 -0400] "GET /photoshoot-santorini/ HTTP/1.1" 200 0 "-" "Python/3.10 aiohttp/3.10.5"
198.54.114.83 - - [16/Apr/2025:15:43:27 -0400] "POST /wp-cron.php?doing_wp_cron=1744832603.4466691017150878906250 HTTP/1.1" 200 0 "-" "WordPress/6.8; https://bakingsecurityin.com"
198.54.114.83 - - [16/Apr/2025:15:43:27 -0400] "POST /wp-admin/admin-ajax.php?action=async_litespeed&nonce=R4mtvwjc74VZfMc9BA9cmVWGOxCXIjI6&litespeed_type=imgoptm HTTP/1.1" 200 0 "-" "WordPress/6.8; https://bakingsecurityin.com"
51.222.253.6 - - [16/Apr/2025:15:45:52 -0400] "GET /los-angeles-and-its-weather/ HTTP/1.1" 200 0 "-" "Mozilla/5.0 (compatible; AhrefsBot/7.0; +http://ahrefs.com/robot/)"
198.54.114.83 - - [16/Apr/2025:15:45:58 -0400] "POST /wp-cron.php?doing_wp_cron=1744832756.4232540130615234375000 HTTP/1.1" 200 0 "-" "WordPress/6.8; https://bakingsecurityin.com"
198.54.114.83 - - [16/Apr/2025:15:48:20 -0400] "POST /wp-cron.php?doing_wp_cron=1744832898.8739020824432373046875 HTTP/1.1" 200 0 "-" "WordPress/6.8; https://bakingsecurityin.com"
198.54.114.83 - - [16/Apr/2025:15:48:20 -0400] "POST /wp-cron.php?doing_wp_cron=1744832898.8776628971099853515625 HTTP/1.1" 200 0 "-" "WordPress/6.8; https://bakingsecurityin.com"
43.135.121.153 - - [16/Apr/2025:15:48:15 -0400] "GET /ev-charging-modes/ HTTP/1.1" 200 0 "-" "Python/3.10 aiohttp/3.10.5"
43.135.121.153 - - [16/Apr/2025:15:48:16 -0400] "GET /secure-electronic-warrant-applications-with-berkones-ewi-ewarrant-software/ HTTP/1.1" 200 0 "-" "Python/3.10 aiohttp/3.10.5"
51.222.253.12 - - [16/Apr/2025:15:48:21 -0400] "GET /beat-the-sports-betting-numbers-with-these-simple-tips/ HTTP/1.1" 200 0 "-" "Mozilla/5.0 (compatible; AhrefsBot/7.0; +http://ahrefs.com/robot/)"
198.54.114.83 - - [16/Apr/2025:15:48:22 -0400] "POST /wp-admin/admin-ajax.php?action=async_litespeed&nonce=ZRcWctTeoRaC7IB81G08FjkMOpf3eDYh&litespeed_type=imgoptm HTTP/1.1" 200 0 "-" "WordPress/6.8; https://bakingsecurityin.com"
136.243.228.193 - - [16/Apr/2025:15:50:02 -0400] "GET /revolutionizing-manufacturing-inside-the-brush-machine-factory/ HTTP/1.1" 200 0 "-" "Mozilla/5.0 (compatible; DataForSeoBot/1.0; +https://dataforseo.com/dataforseo-bot)"
198.54.114.83 - - [16/Apr/2025:15:50:07 -0400] "POST /wp-cron.php?doing_wp_cron=1744833004.9151101112365722656250 HTTP/1.1" 200 0 "-" "WordPress/6.8; https://bakingsecurityin.com"
51.222.253.3 - - [16/Apr/2025:15:51:01 -0400] "GET /pilou-a-new-caledonian-cat/ HTTP/1.1" 200 0 "-" "Mozilla/5.0 (compatible; AhrefsBot/7.0; +http://ahrefs.com/robot/)"
51.222.253.2 - - [16/Apr/2025:15:54:06 -0400] "GET /mediation-costs-how-much-does-it-cost-to-mediate-a-case/feed/ HTTP/1.1" 200 434 "-" "Mozilla/5.0 (compatible; AhrefsBot/7.0; +http://ahrefs.com/robot/)"
198.54.114.83 - - [16/Apr/2025:15:54:13 -0400] "POST /wp-cron.php?doing_wp_cron=1744833250.6087620258331298828125 HTTP/1.1" 200 0 "-" "WordPress/6.8; https://bakingsecurityin.com"
198.54.114.83 - - [16/Apr/2025:15:55:21 -0400] "POST /wp-admin/admin-ajax.php?action=async_litespeed&nonce=Q0bMajDs7PgCgHFFhrxrfyppgjgDvtLB&litespeed_type=imgoptm HTTP/1.1" 200 0 "-" "WordPress/6.8; https://bakingsecurityin.com"
198.54.114.83 - - [16/Apr/2025:15:55:25 -0400] "POST /wp-cron.php?doing_wp_cron=1744833321.5979409217834472656250 HTTP/1.1" 200 0 "-" "WordPress/6.8; https://bakingsecurityin.com"
198.54.114.83 - - [16/Apr/2025:15:55:29 -0400] "POST /wp-admin/admin-ajax.php?action=async_litespeed&nonce=CddI4dmPTnOwPsga98wp1K7RlYzssu0c&litespeed_type=imgoptm HTTP/1.1" 200 0 "-" "WordPress/6.8; https://bakingsecurityin.com"
191.96.5.72 - - [16/Apr/2025:15:55:51 -0400] "POST /xmlrpc.php HTTP/1.1" 200 186 "-" "Mozilla/5.0 (X11; Linux x86_64) AppleWebKit/537.36 (KHTML, like Gecko) Chrome/80.0.3987.149 Safari/537.36"
191.96.5.72 - - [16/Apr/2025:15:55:58 -0400] "POST /xmlrpc.php HTTP/1.1" 200 186 "-" "Mozilla/5.0 (X11; Linux x86_64) AppleWebKit/537.36 (KHTML, like Gecko) Chrome/80.0.3987.149 Safari/537.36"
191.96.5.72 - - [16/Apr/2025:15:56:02 -0400] "POST /xmlrpc.php HTTP/1.1" 200 186 "-" "Mozilla/5.0 (X11; Linux x86_64) AppleWebKit/537.36 (KHTML, like Gecko) Chrome/80.0.3987.149 Safari/537.36"
191.96.5.72 - - [16/Apr/2025:15:56:09 -0400] "POST /xmlrpc.php HTTP/1.1" 200 186 "-" "Mozilla/5.0 (X11; Linux x86_64) AppleWebKit/537.36 (KHTML, like Gecko) Chrome/80.0.3987.149 Safari/537.36"
119.28.31.106 - - [16/Apr/2025:15:56:10 -0400] "GET /abu-dhabi-yacht-tours/ HTTP/1.1" 200 0 "-" "Python/3.10 aiohttp/3.10.5"
119.28.2.21 - - [16/Apr/2025:15:56:45 -0400] "GET /mba-master-of-business-administration/ HTTP/1.1" 200 0 "-" "Python/3.10 aiohttp/3.10.5"
198.54.114.83 - - [16/Apr/2025:15:56:50 -0400] "POST /wp-cron.php?doing_wp_cron=1744833407.0002140998840332031250 HTTP/1.1" 200 0 "-" "WordPress/6.8; https://bakingsecurityin.com"
51.222.253.11 - - [16/Apr/2025:15:56:50 -0400] "GET /cycling-gifts-to-show-your-loved-one-how-much-you-care/feed/ HTTP/1.1" 304 0 "-" "Mozilla/5.0 (compatible; AhrefsBot/7.0; +http://ahrefs.com/robot/)"
85.208.96.202 - - [16/Apr/2025:15:57:16 -0400] "GET /robots.txt HTTP/1.1" 200 98 "-" "Mozilla/5.0 (compatible; SemrushBot/7~bl; +http://www.semrush.com/bot.html)"
185.191.171.16 - - [16/Apr/2025:15:57:23 -0400] "GET /christchurch-property-video/ HTTP/1.1" 200 0 "-" "Mozilla/5.0 (compatible; SemrushBot/7~bl; +http://www.semrush.com/bot.html)"
134.17.14.122 - - [16/Apr/2025:15:59:30 -0400] "GET /goat.php HTTP/1.1" 404 0 "-" "Mozilla/4.0 (compatible; MSIE 6.0; Windows NT 5.1; SV1)"
198.54.114.83 - - [16/Apr/2025:15:59:35 -0400] "POST /wp-cron.php?doing_wp_cron=1744833574.3765110969543457031250 HTTP/1.1" 200 0 "-" "WordPress/6.8; https://bakingsecurityin.com"
51.222.253.1 - - [16/Apr/2025:16:00:12 -0400] "GET /wie-bereitet-man-eine-gute-tasse-kaffee-zu/ HTTP/1.1" 200 0 "-" "Mozilla/5.0 (compatible; AhrefsBot/7.0; +http://ahrefs.com/robot/)"
198.54.114.83 - - [16/Apr/2025:16:01:32 -0400] "POST /wp-cron.php?doing_wp_cron=1744833691.5302700996398925781250 HTTP/1.1" 200 0 "-" "WordPress/6.8; https://bakingsecurityin.com"
47.79.206.16 - - [16/Apr/2025:16:01:29 -0400] "GET / HTTP/1.1" 200 0 "https://www.google.com/" "Mozilla/5.0 (Windows NT 10.0; Win64; x64) AppleWebKit/537.36 (KHTML, like Gecko) Chrome/132.0.0.0 Safari/537.36 Edg/132.0.0.0"
198.54.114.83 - - [16/Apr/2025:16:01:34 -0400] "POST /wp-admin/admin-ajax.php?action=async_litespeed&nonce=tS1sA8q4QpeWzY0PhRcJ7cNiw1CXNfop&litespeed_type=imgoptm HTTP/1.1" 200 0 "-" "WordPress/6.8; https://bakingsecurityin.com"
198.54.114.83 - - [16/Apr/2025:16:03:42 -0400] "POST /wp-cron.php?doing_wp_cron=1744833821.7056739330291748046875 HTTP/1.1" 200 0 "-" "WordPress/6.8; https://bakingsecurityin.com"
198.54.114.83 - - [16/Apr/2025:16:03:44 -0400] "POST /wp-admin/admin-ajax.php?action=async_litespeed&nonce=NbQNWdbwLxZ9jdHOJsGHWT7eizMtpuRS&litespeed_type=imgoptm HTTP/1.1" 200 0 "-" "WordPress/6.8; https://bakingsecurityin.com"
51.222.253.12 - - [16/Apr/2025:16:03:36 -0400] "GET /boat-rental-cabo-where-to-rent-a-boat-in-cabo/feed/ HTTP/1.1" 304 0 "-" "Mozilla/5.0 (compatible; AhrefsBot/7.0; +http://ahrefs.com/robot/)"
43.154.120.205 - - [16/Apr/2025:16:04:50 -0400] "GET /what-can-a-virtual-receptionist-do-for-your-business/ HTTP/1.1" 200 0 "-" "Python/3.10 aiohttp/3.10.5"
51.222.253.6 - - [16/Apr/2025:16:06:24 -0400] "GET /page/108/ HTTP/1.1" 200 0 "-" "Mozilla/5.0 (compatible; AhrefsBot/7.0; +http://ahrefs.com/robot/)"
198.54.114.83 - - [16/Apr/2025:16:06:31 -0400] "POST /wp-cron.php?doing_wp_cron=1744833988.8026289939880371093750 HTTP/1.1" 200 0 "-" "WordPress/6.8; https://bakingsecurityin.com"
198.54.114.83 - - [16/Apr/2025:16:06:33 -0400] "POST /wp-admin/admin-ajax.php?action=async_litespeed&nonce=DHB0JYZdgBaAdMOnRkm5CVqPg2OrvHAu&litespeed_type=imgoptm HTTP/1.1" 200 0 "-" "WordPress/6.8; https://bakingsecurityin.com"
129.226.63.212 - - [16/Apr/2025:16:07:36 -0400] "GET /water-soluble-film-packaging-machine/ HTTP/1.1" 200 0 "-" "Python/3.10 aiohttp/3.10.5"
198.54.114.83 - - [16/Apr/2025:16:07:54 -0400] "POST /wp-cron.php?doing_wp_cron=1744834073.3227369785308837890625 HTTP/1.1" 200 0 "-" "WordPress/6.8; https://bakingsecurityin.com"
119.28.2.21 - - [16/Apr/2025:16:07:50 -0400] "GET /attraction-of-online-gambling-sites/ HTTP/1.1" 200 0 "-" "Python/3.10 aiohttp/3.10.5"
198.54.114.83 - - [16/Apr/2025:16:07:56 -0400] "POST /wp-admin/admin-ajax.php?action=async_litespeed&nonce=esYQ7iIaFH5FfK4RxJg8y4BZHbfUaA6h&litespeed_type=imgoptm HTTP/1.1" 200 0 "-" "WordPress/6.8; https://bakingsecurityin.com"
124.156.119.193 - - [16/Apr/2025:16:08:01 -0400] "GET /jden-capitaland-condos-in-singapore/ HTTP/1.1" 200 0 "-" "Python/3.10 aiohttp/3.10.5"
185.191.171.5 - - [16/Apr/2025:16:09:13 -0400] "GET /unveiling-the-power-of-youtube-views/ HTTP/1.1" 200 0 "-" "Mozilla/5.0 (compatible; SemrushBot/7~bl; +http://www.semrush.com/bot.html)"
51.222.253.3 - - [16/Apr/2025:16:09:34 -0400] "GET /league-of-legends-lecture/ HTTP/1.1" 200 0 "-" "Mozilla/5.0 (compatible; AhrefsBot/7.0; +http://ahrefs.com/robot/)"
198.54.114.83 - - [16/Apr/2025:16:09:39 -0400] "POST /wp-cron.php?doing_wp_cron=1744834177.6474819183349609375000 HTTP/1.1" 200 0 "-" "WordPress/6.8; https://bakingsecurityin.com"
3.145.27.22 - - [16/Apr/2025:16:10:26 -0400] "GET /screw-sizes-how-to-choose-the-right-size HTTP/1.1" 301 0 "-" "Mozilla/5.0 AppleWebKit/537.36 (KHTML, like Gecko; compatible; ClaudeBot/1.0; +claudebot@anthropic.com)"
43.154.237.110 - - [16/Apr/2025:16:10:26 -0400] "GET /creating-the-best-salon-menu-with-chatgpt/ HTTP/1.1" 200 0 "-" "Python/3.10 aiohttp/3.10.5"
3.145.27.22 - - [16/Apr/2025:16:10:29 -0400] "GET /screw-sizes-how-to-choose-the-right-size/ HTTP/1.1" 200 0 "https://bakingsecurityin.com/screw-sizes-how-to-choose-the-right-size" "Mozilla/5.0 AppleWebKit/537.36 (KHTML, like Gecko; compatible; ClaudeBot/1.0; +claudebot@anthropic.com)"
51.222.253.14 - - [16/Apr/2025:16:12:20 -0400] "GET /buy-tiktok-saves-to-get-more-views-and-likes/ HTTP/1.1" 200 0 "-" "Mozilla/5.0 (compatible; AhrefsBot/7.0; +http://ahrefs.com/robot/)"
198.54.114.83 - - [16/Apr/2025:16:12:24 -0400] "POST /wp-cron.php?doing_wp_cron=1744834342.7562489509582519531250 HTTP/1.1" 200 0 "-" "WordPress/6.8; https://bakingsecurityin.com"
198.54.114.83 - - [16/Apr/2025:16:12:26 -0400] "POST /wp-admin/admin-ajax.php?action=async_litespeed&nonce=cd7eUzd4LW6hez2F4JkvzvtSAdN4gkcc&litespeed_type=imgoptm HTTP/1.1" 200 0 "-" "WordPress/6.8; https://bakingsecurityin.com"
136.243.228.193 - - [16/Apr/2025:16:13:55 -0400] "GET /how-to-turn-safe-search-off-on-your-iphone/ HTTP/1.1" 200 0 "-" "Mozilla/5.0 (compatible; DataForSeoBot/1.0; +https://dataforseo.com/dataforseo-bot)"
198.54.114.83 - - [16/Apr/2025:16:14:00 -0400] "POST /wp-cron.php?doing_wp_cron=1744834437.9054219722747802734375 HTTP/1.1" 200 0 "-" "WordPress/6.8; https://bakingsecurityin.com"
51.222.253.6 - - [16/Apr/2025:16:15:14 -0400] "GET /what-is-a-thailand-privilege-visa/ HTTP/1.1" 200 0 "-" "Mozilla/5.0 (compatible; AhrefsBot/7.0; +http://ahrefs.com/robot/)"
51.222.253.1 - - [16/Apr/2025:16:18:00 -0400] "GET /the-art-of-cleaning-silverware/ HTTP/1.1" 200 0 "-" "Mozilla/5.0 (compatible; AhrefsBot/7.0; +http://ahrefs.com/robot/)"
202.69.38.12 - - [16/Apr/2025:16:18:22 -0400] "GET /wp-login.php HTTP/1.1" 200 1737 "-" "Mozilla/5.0 (X11; Linux x86_64; rv:121.0) Gecko/20100101 Firefox/121.0"
129.226.162.39 - - [16/Apr/2025:16:18:56 -0400] "GET /use-screen-record-on-iphone/ HTTP/1.1" 200 0 "-" "Python/3.10 aiohttp/3.10.5"
198.54.114.83 - - [16/Apr/2025:16:20:44 -0400] "POST /wp-cron.php?doing_wp_cron=1744834844.3455560207366943359375 HTTP/1.1" 200 0 "-" "WordPress/6.8; https://bakingsecurityin.com"
51.222.253.19 - - [16/Apr/2025:16:20:40 -0400] "GET /fertility-clinic-dubai/ HTTP/1.1" 200 0 "-" "Mozilla/5.0 (compatible; AhrefsBot/7.0; +http://ahrefs.com/robot/)"
198.54.114.83 - - [16/Apr/2025:16:20:45 -0400] "POST /wp-admin/admin-ajax.php?action=async_litespeed&nonce=93ns9cY8zkmqZYIDMXVKjOoCV6mGn2RS&litespeed_type=imgoptm HTTP/1.1" 200 0 "-" "WordPress/6.8; https://bakingsecurityin.com"
51.222.253.14 - - [16/Apr/2025:16:23:39 -0400] "GET /how-do-car-dealerships-make-money/ HTTP/1.1" 200 0 "-" "Mozilla/5.0 (compatible; AhrefsBot/7.0; +http://ahrefs.com/robot/)"
198.54.114.83 - - [16/Apr/2025:16:23:46 -0400] "POST /wp-cron.php?doing_wp_cron=1744835024.7278850078582763671875 HTTP/1.1" 200 0 "-" "WordPress/6.8; https://bakingsecurityin.com"
198.54.114.83 - - [16/Apr/2025:16:25:36 -0400] "POST /wp-admin/admin-ajax.php?action=async_litespeed&nonce=38oVQUp5yUNsdtJnnb0TmCybkK0UIHn5&litespeed_type=imgoptm HTTP/1.1" 200 0 "-" "WordPress/6.8; https://bakingsecurityin.com"
51.222.253.16 - - [16/Apr/2025:16:26:28 -0400] "GET /psilocybin-spore-syringe/ HTTP/1.1" 200 0 "-" "Mozilla/5.0 (compatible; AhrefsBot/7.0; +http://ahrefs.com/robot/)"
198.54.114.83 - - [16/Apr/2025:16:26:30 -0400] "POST /wp-cron.php?doing_wp_cron=1744835188.9025230407714843750000 HTTP/1.1" 200 0 "-" "WordPress/6.8; https://bakingsecurityin.com"
51.222.253.2 - - [16/Apr/2025:16:29:53 -0400] "GET /what-is-a-martial-art/ HTTP/1.1" 200 0 "-" "Mozilla/5.0 (compatible; AhrefsBot/7.0; +http://ahrefs.com/robot/)"
129.226.53.190 - - [16/Apr/2025:16:33:57 -0400] "GET /heat-pump-dehydrator/ HTTP/1.1" 200 0 "-" "Python/3.10 aiohttp/3.10.5"
198.54.114.83 - - [16/Apr/2025:16:34:04 -0400] "POST /wp-cron.php?doing_wp_cron=1744835641.3594110012054443359375 HTTP/1.1" 200 0 "-" "WordPress/6.8; https://bakingsecurityin.com"
85.208.96.209 - - [16/Apr/2025:16:35:47 -0400] "GET /the-japanese-katana-sword/ HTTP/1.1" 200 0 "-" "Mozilla/5.0 (compatible; SemrushBot/7~bl; +http://www.semrush.com/bot.html)"
51.222.253.13 - - [16/Apr/2025:16:35:38 -0400] "GET /low-cost-or-free-things-to-do-in-sydney/ HTTP/1.1" 200 0 "-" "Mozilla/5.0 (compatible; AhrefsBot/7.0; +http://ahrefs.com/robot/)"
136.243.228.193 - - [16/Apr/2025:16:36:55 -0400] "GET /understanding-the-job-responsibilities-of-funeral-directors-carshalton/ HTTP/1.1" 200 0 "-" "Mozilla/5.0 (compatible; DataForSeoBot/1.0; +https://dataforseo.com/dataforseo-bot)"
51.222.253.17 - - [16/Apr/2025:16:40:39 -0400] "GET /dad-jokes-for-kids/ HTTP/1.1" 200 0 "-" "Mozilla/5.0 (compatible; AhrefsBot/7.0; +http://ahrefs.com/robot/)"
51.222.253.13 - - [16/Apr/2025:16:45:24 -0400] "GET /the-overlooked-travel-essential-benefits-of-business-trip-massages/ HTTP/1.1" 200 0 "-" "Mozilla/5.0 (compatible; AhrefsBot/7.0; +http://ahrefs.com/robot/)"
27.42.99.97 - - [16/Apr/2025:16:46:55 -0400] "GET /how-to-style-street-wear-for-men/ HTTP/1.1" 200 0 "https://bakingsecurityin.com" "Mozilla/5.0 (Windows NT 10.0; Win64; x64) AppleWebKit/537.36 (KHTML, like Gecko) Chrome/62.0.3202.94 Safari/537.36"
198.54.114.83 - - [16/Apr/2025:16:47:02 -0400] "POST /wp-cron.php?doing_wp_cron=1744836420.4942328929901123046875 HTTP/1.1" 200 0 "-" "WordPress/6.8; https://bakingsecurityin.com"
124.156.164.49 - - [16/Apr/2025:16:49:19 -0400] "GET /what-is-a-talking-avatar/ HTTP/1.1" 200 0 "-" "Python/3.10 aiohttp/3.10.5"
124.156.164.49 - - [16/Apr/2025:16:49:19 -0400] "GET /finding-a-chiropractor-near-me/ HTTP/1.1" 200 0 "-" "Python/3.10 aiohttp/3.10.5"
198.54.114.83 - - [16/Apr/2025:16:49:24 -0400] "POST /wp-cron.php?doing_wp_cron=1744836563.3160469532012939453125 HTTP/1.1" 200 0 "-" "WordPress/6.8; https://bakingsecurityin.com"
51.222.253.18 - - [16/Apr/2025:16:49:45 -0400] "GET /5-fitness-coach-apps-for-busy-people/ HTTP/1.1" 200 0 "-" "Mozilla/5.0 (compatible; AhrefsBot/7.0; +http://ahrefs.com/robot/)"
101.32.51.206 - - [16/Apr/2025:16:50:56 -0400] "GET /where-to-buy-retin-a/ HTTP/1.1" 200 0 "-" "Python/3.10 aiohttp/3.10.5"
51.222.253.18 - - [16/Apr/2025:16:54:10 -0400] "GET /the-klimt-cairnhill-showflat-experience/ HTTP/1.1" 200 0 "-" "Mozilla/5.0 (compatible; AhrefsBot/7.0; +http://ahrefs.com/robot/)"
129.226.188.6 - - [16/Apr/2025:16:57:25 -0400] "GET /the-best-pickup-lines-to-make-her-think-of-you-again/ HTTP/1.1" 200 0 "-" "Python/3.10 aiohttp/3.10.5"
51.222.253.17 - - [16/Apr/2025:16:58:32 -0400] "GET /the-mediation-process/ HTTP/1.1" 200 0 "-" "Mozilla/5.0 (compatible; AhrefsBot/7.0; +http://ahrefs.com/robot/)"
185.191.171.15 - - [16/Apr/2025:17:00:07 -0400] "GET /robots.txt HTTP/1.1" 304 0 "-" "Mozilla/5.0 (compatible; SemrushBot/7~bl; +http://www.semrush.com/bot.html)"
185.191.171.12 - - [16/Apr/2025:17:00:10 -0400] "GET /finding-the-right-rv-fridge-for-your-needs-and-budget/ HTTP/1.1" 200 0 "-" "Mozilla/5.0 (compatible; SemrushBot/7~bl; +http://www.semrush.com/bot.html)"
198.54.114.83 - - [16/Apr/2025:17:00:17 -0400] "POST /wp-cron.php?doing_wp_cron=1744837215.8033070564270019531250 HTTP/1.1" 200 0 "-" "WordPress/6.8; https://bakingsecurityin.com"
114.10.47.97 - - [16/Apr/2025:17:01:09 -0400] "POST /wp-login.php/wp-login.php HTTP/1.1" 200 0 "-" "python-requests/2.32.3"
198.54.114.83 - - [16/Apr/2025:17:03:09 -0400] "POST /wp-cron.php?doing_wp_cron=1744837387.4210839271545410156250 HTTP/1.1" 200 0 "-" "WordPress/6.8; https://bakingsecurityin.com"
51.222.253.8 - - [16/Apr/2025:17:03:02 -0400] "GET /a-glimpse-into-the-midtown-modern-showflat/ HTTP/1.1" 200 0 "-" "Mozilla/5.0 (compatible; AhrefsBot/7.0; +http://ahrefs.com/robot/)"
198.54.114.83 - - [16/Apr/2025:17:04:08 -0400] "POST /wp-cron.php?doing_wp_cron=1744837447.6824879646301269531250 HTTP/1.1" 200 0 "-" "WordPress/6.8; https://bakingsecurityin.com"
85.208.96.198 - - [16/Apr/2025:17:04:07 -0400] "GET /beauty-and-travel-blog-glossary/ HTTP/1.1" 200 0 "-" "Mozilla/5.0 (compatible; SemrushBot/7~bl; +http://www.semrush.com/bot.html)"
198.54.114.83 - - [16/Apr/2025:17:04:11 -0400] "POST /wp-admin/admin-ajax.php?action=async_litespeed&nonce=LccIDeP29f2c0hACFBS3gChnFmaT2OT8&litespeed_type=imgoptm HTTP/1.1" 200 0 "-" "WordPress/6.8; https://bakingsecurityin.com"
198.54.114.83 - - [16/Apr/2025:17:07:06 -0400] "POST /wp-admin/admin-ajax.php?action=async_litespeed&nonce=KveBVkG49aRbXnNHOLygBL3BnBgcJagc&litespeed_type=imgoptm HTTP/1.1" 200 0 "-" "WordPress/6.8; https://bakingsecurityin.com"
129.226.71.177 - - [16/Apr/2025:17:07:06 -0400] "GET /is-there-only-one-north/ HTTP/1.1" 200 0 "-" "Python/3.10 aiohttp/3.10.5"
51.222.253.6 - - [16/Apr/2025:17:07:23 -0400] "GET /choosing-a-suitable-real-estate-agent-in-san-diego/ HTTP/1.1" 200 0 "-" "Mozilla/5.0 (compatible; AhrefsBot/7.0; +http://ahrefs.com/robot/)"
119.28.31.106 - - [16/Apr/2025:17:10:41 -0400] "GET /whipped-soap-uk-how-to-make-your-own-whipped-soap/ HTTP/1.1" 200 0 "-" "Python/3.10 aiohttp/3.10.5"
51.222.253.9 - - [16/Apr/2025:17:11:06 -0400] "GET /the-innovations-of-pharmalabglobal/ HTTP/1.1" 200 0 "-" "Mozilla/5.0 (compatible; AhrefsBot/7.0; +http://ahrefs.com/robot/)"
119.28.52.89 - - [16/Apr/2025:17:11:21 -0400] "GET /the-benefits-of-peptide-capsules/ HTTP/1.1" 200 0 "-" "Python/3.10 aiohttp/3.10.5"
198.54.114.83 - - [16/Apr/2025:17:13:03 -0400] "POST /wp-admin/admin-ajax.php?action=async_litespeed&nonce=in6H0aOFIdndZ0LkaPgIoH3yTPiq0ybA&litespeed_type=imgoptm HTTP/1.1" 200 0 "-" "WordPress/6.8; https://bakingsecurityin.com"
119.28.31.106 - - [16/Apr/2025:17:15:13 -0400] "GET /pert-pipe-manufacturer/ HTTP/1.1" 200 0 "-" "Python/3.10 aiohttp/3.10.5"
51.222.253.2 - - [16/Apr/2025:17:15:08 -0400] "GET /paradiso-al-lago-di-garda-scopri-il-resort-ideale/ HTTP/1.1" 200 0 "-" "Mozilla/5.0 (compatible; AhrefsBot/7.0; +http://ahrefs.com/robot/)"
198.54.114.83 - - [16/Apr/2025:17:15:16 -0400] "POST /wp-cron.php?doing_wp_cron=1744838112.9710071086883544921875 HTTP/1.1" 200 0 "-" "WordPress/6.8; https://bakingsecurityin.com"
198.54.114.83 - - [16/Apr/2025:17:15:20 -0400] "POST /wp-admin/admin-ajax.php?action=async_litespeed&nonce=6kucCCl6qK2h5fXxM6I4X5Akp9nT4EMT&litespeed_type=imgoptm HTTP/1.1" 200 0 "-" "WordPress/6.8; https://bakingsecurityin.com"
43.132.182.217 - - [16/Apr/2025:17:15:21 -0400] "GET /revitalizing-homes-the-excellence-of-tucson-maids/ HTTP/1.1" 200 0 "-" "Python/3.10 aiohttp/3.10.5"
198.54.114.83 - - [16/Apr/2025:17:15:23 -0400] "POST /wp-cron.php?doing_wp_cron=1744838121.5500900745391845703125 HTTP/1.1" 200 0 "-" "WordPress/6.8; https://bakingsecurityin.com"
176.124.205.21 - - [16/Apr/2025:17:15:29 -0400] "GET /wp-login.php HTTP/1.1" 200 1737 "-" "Mozilla/5.0 (Windows NT 10.0; Win64; x64) AppleWebKit/537.36 (KHTML, like Gecko) Chrome/115.0.0.0 Safari/537.36 Edg/115.0.1901.203"
176.124.205.21 - - [16/Apr/2025:17:15:32 -0400] "POST /wp-login.php HTTP/1.1" 200 0 "https://bakingsecurityin.com/wp-login.php" "Mozilla/5.0 (Windows NT 10.0; Win64; x64) AppleWebKit/537.36 (KHTML, like Gecko) Chrome/115.0.0.0 Safari/537.36 Edg/115.0.1901.203"
176.124.205.21 - - [16/Apr/2025:17:15:46 -0400] "GET /wp-login.php HTTP/1.1" 200 1737 "-" "Mozilla/5.0 (Windows NT 10.0; Win64; x64) AppleWebKit/537.36 (KHTML, like Gecko) Chrome/115.0.0.0 Safari/537.36 Edg/115.0.1901.203"
176.124.205.21 - - [16/Apr/2025:17:15:47 -0400] "POST /wp-login.php HTTP/1.1" 200 0 "https://bakingsecurityin.com/wp-login.php" "Mozilla/5.0 (Windows NT 10.0; Win64; x64) AppleWebKit/537.36 (KHTML, like Gecko) Chrome/115.0.0.0 Safari/537.36 Edg/115.0.1901.203"
51.222.253.5 - - [16/Apr/2025:17:18:57 -0400] "GET /things-to-consider-when-you-play-casino-slots-online/ HTTP/1.1" 200 0 "-" "Mozilla/5.0 (compatible; AhrefsBot/7.0; +http://ahrefs.com/robot/)"
85.208.98.18 - - [16/Apr/2025:17:20:56 -0400] "HEAD /smart-lighting-solutions/ HTTP/1.1" 200 0 "-" "Mozilla/5.0 (compatible; SemrushBot; +http://www.semrush.com/bot.html)"
85.208.98.18 - - [16/Apr/2025:17:20:56 -0400] "HEAD /smart-lighting-solutions/ HTTP/1.1" 200 0 "-" "Mozilla/5.0 (compatible; SemrushBot; +http://www.semrush.com/bot.html)"
85.208.98.18 - - [16/Apr/2025:17:20:55 -0400] "HEAD /find-a-curly-hair-salon-that-works-with-your-unique-ringlet-pattern/ HTTP/1.1" 200 0 "-" "Mozilla/5.0 (compatible; SemrushBot; +http://www.semrush.com/bot.html)"
198.54.114.83 - - [16/Apr/2025:17:21:01 -0400] "POST /wp-cron.php?doing_wp_cron=1744838460.4509260654449462890625 HTTP/1.1" 200 0 "-" "WordPress/6.8; https://bakingsecurityin.com"
85.208.98.18 - - [16/Apr/2025:17:22:14 -0400] "HEAD /find-a-curly-hair-salon-that-works-with-your-unique-ringlet-pattern/ HTTP/1.1" 200 0 "-" "Mozilla/5.0 (compatible; SemrushBot; +http://www.semrush.com/bot.html)"
198.54.114.83 - - [16/Apr/2025:17:22:16 -0400] "POST /wp-cron.php?doing_wp_cron=1744838534.4597339630126953125000 HTTP/1.1" 200 0 "-" "WordPress/6.8; https://bakingsecurityin.com"
198.54.114.83 - - [16/Apr/2025:17:22:17 -0400] "POST /wp-admin/admin-ajax.php?action=async_litespeed&nonce=LQn886u6k9NTKzYqtBNeeewGVqnjBc6A&litespeed_type=imgoptm HTTP/1.1" 200 0 "-" "WordPress/6.8; https://bakingsecurityin.com"
198.54.114.83 - - [16/Apr/2025:17:22:53 -0400] "POST /wp-cron.php?doing_wp_cron=1744838572.8133690357208251953125 HTTP/1.1" 200 0 "-" "WordPress/6.8; https://bakingsecurityin.com"
51.222.253.6 - - [16/Apr/2025:17:22:52 -0400] "GET /category/activity/page/118/ HTTP/1.1" 200 0 "-" "Mozilla/5.0 (compatible; AhrefsBot/7.0; +http://ahrefs.com/robot/)"
198.54.114.83 - - [16/Apr/2025:17:22:55 -0400] "POST /wp-admin/admin-ajax.php?action=async_litespeed&nonce=l7VRgpEIfWqJKxv2ksoydlZAMdfMEcIl&litespeed_type=imgoptm HTTP/1.1" 200 0 "-" "WordPress/6.8; https://bakingsecurityin.com"
198.54.114.83 - - [16/Apr/2025:17:26:59 -0400] "POST /wp-cron.php?doing_wp_cron=1744838819.3778579235076904296875 HTTP/1.1" 200 0 "-" "WordPress/6.8; https://bakingsecurityin.com"
51.222.253.1 - - [16/Apr/2025:17:26:55 -0400] "GET /how-to-buy-youtube-views-online/feed/ HTTP/1.1" 304 0 "-" "Mozilla/5.0 (compatible; AhrefsBot/7.0; +http://ahrefs.com/robot/)"
198.54.114.83 - - [16/Apr/2025:17:27:01 -0400] "POST /wp-admin/admin-ajax.php?action=async_litespeed&nonce=CssGtdIbObPrkb6irzcHhsZIBuVp0HdW&litespeed_type=imgoptm HTTP/1.1" 200 0 "-" "WordPress/6.8; https://bakingsecurityin.com"
129.226.162.20 - - [16/Apr/2025:17:28:14 -0400] "GET /choosing-a-cnc-milling-parts-supplier/ HTTP/1.1" 200 0 "-" "Python/3.10 aiohttp/3.10.5"
119.28.31.106 - - [16/Apr/2025:17:28:16 -0400] "GET /relx-pod-review/ HTTP/1.1" 200 0 "-" "Python/3.10 aiohttp/3.10.5"
198.54.114.83 - - [16/Apr/2025:17:28:19 -0400] "POST /wp-cron.php?doing_wp_cron=1744838896.8687930107116699218750 HTTP/1.1" 200 0 "-" "WordPress/6.8; https://bakingsecurityin.com"
198.54.114.83 - - [16/Apr/2025:17:30:39 -0400] "POST /wp-cron.php?doing_wp_cron=1744839038.3466858863830566406250 HTTP/1.1" 200 0 "-" "WordPress/6.8; https://bakingsecurityin.com"
51.222.253.15 - - [16/Apr/2025:17:30:33 -0400] "GET /steuerberatung/ HTTP/1.1" 200 0 "-" "Mozilla/5.0 (compatible; AhrefsBot/7.0; +http://ahrefs.com/robot/)"
198.54.114.83 - - [16/Apr/2025:17:30:44 -0400] "POST /wp-admin/admin-ajax.php?action=async_litespeed&nonce=PgJ66Fr1CpFVZuQUXV6s7NCpiWbpL5c0&litespeed_type=imgoptm HTTP/1.1" 200 0 "-" "WordPress/6.8; https://bakingsecurityin.com"
43.135.121.153 - - [16/Apr/2025:17:31:29 -0400] "GET /ice-breaker-questions-for-kids/ HTTP/1.1" 200 0 "-" "Python/3.10 aiohttp/3.10.5"
198.54.114.83 - - [16/Apr/2025:17:31:31 -0400] "POST /wp-cron.php?doing_wp_cron=1744839090.2362010478973388671875 HTTP/1.1" 200 0 "-" "WordPress/6.8; https://bakingsecurityin.com"
150.109.108.171 - - [16/Apr/2025:17:34:40 -0400] "GET /screw-sizes-how-to-choose-the-right-size/ HTTP/1.1" 200 0 "-" "Python/3.10 aiohttp/3.10.5"
51.222.253.19 - - [16/Apr/2025:17:34:54 -0400] "GET /kann-ein-hund-eineiige-zwillinge-riechen/feed/ HTTP/1.1" 304 0 "-" "Mozilla/5.0 (compatible; AhrefsBot/7.0; +http://ahrefs.com/robot/)"
198.54.114.83 - - [16/Apr/2025:17:35:12 -0400] "POST /wp-cron.php?doing_wp_cron=1744839308.3991129398345947265625 HTTP/1.1" 200 0 "-" "WordPress/6.8; https://bakingsecurityin.com"
85.208.96.200 - - [16/Apr/2025:17:37:09 -0400] "GET /ac-repair-services/ HTTP/1.1" 200 0 "-" "Mozilla/5.0 (compatible; SemrushBot/7~bl; +http://www.semrush.com/bot.html)"
198.54.114.83 - - [16/Apr/2025:17:37:23 -0400] "POST /wp-cron.php?doing_wp_cron=1744839438.6175320148468017578125 HTTP/1.1" 200 0 "-" "WordPress/6.8; https://bakingsecurityin.com"
143.137.165.73 - - [16/Apr/2025:17:38:33 -0400] "GET /solid-conservatory-roof-panels/ HTTP/1.1" 200 0 "-" "Mozilla/5.0 (Windows NT 10.0; Win64; x64) AppleWebKit/537.36 (KHTML, like Gecko) Chrome/114.0.0.0 Safari/537.36"
185.231.155.169 - - [16/Apr/2025:17:39:28 -0400] "GET /a-journey-into-skincare/ HTTP/1.1" 200 0 "https://bakingsecurityin.com/a-journey-into-skincare/" "Mozilla/5.0 (Windows NT 10.0; Win64; x64) AppleWebKit/537.36 (KHTML, like Gecko) Chrome/130.0.0.0 Safari/537.36 CCleaner/130.0.0.0"
51.222.253.11 - - [16/Apr/2025:17:39:30 -0400] "GET /pelvic-floor-repair/ HTTP/1.1" 200 0 "-" "Mozilla/5.0 (compatible; AhrefsBot/7.0; +http://ahrefs.com/robot/)"
185.231.155.169 - - [16/Apr/2025:17:39:30 -0400] "GET / HTTP/1.1" 200 0 "https://bakingsecurityin.com/" "Mozilla/5.0 (Windows NT 10.0; Win64; x64) AppleWebKit/537.36 (KHTML, like Gecko) Chrome/130.0.0.0 Safari/537.36 CCleaner/130.0.0.0"
198.54.114.83 - - [16/Apr/2025:17:39:36 -0400] "POST /wp-cron.php?doing_wp_cron=1744839574.6530389785766601562500 HTTP/1.1" 200 0 "-" "WordPress/6.8; https://bakingsecurityin.com"
119.28.56.126 - - [16/Apr/2025:17:40:24 -0400] "GET /the-different-types-of-voice-over-work-that-you-can-do/ HTTP/1.1" 200 0 "-" "Python/3.10 aiohttp/3.10.5"
198.54.114.83 - - [16/Apr/2025:17:43:29 -0400] "POST /wp-cron.php?doing_wp_cron=1744839808.8183279037475585937500 HTTP/1.1" 200 0 "-" "WordPress/6.8; https://bakingsecurityin.com"
51.222.253.5 - - [16/Apr/2025:17:43:24 -0400] "GET /best-gaming-keyboard/ HTTP/1.1" 200 0 "-" "Mozilla/5.0 (compatible; AhrefsBot/7.0; +http://ahrefs.com/robot/)"
198.54.114.83 - - [16/Apr/2025:17:43:30 -0400] "POST /wp-admin/admin-ajax.php?action=async_litespeed&nonce=TQ7jMjHH0KKwN44oCerh6RT8MlGvuCHd&litespeed_type=imgoptm HTTP/1.1" 200 0 "-" "WordPress/6.8; https://bakingsecurityin.com"
129.226.134.60 - - [16/Apr/2025:17:43:58 -0400] "GET /german-class-in-london/ HTTP/1.1" 200 0 "-" "Python/3.10 aiohttp/3.10.5"
185.191.171.5 - - [16/Apr/2025:17:45:48 -0400] "GET /finding-the-right-divorce-lawyer/ HTTP/1.1" 200 0 "-" "Mozilla/5.0 (compatible; SemrushBot/7~bl; +http://www.semrush.com/bot.html)"
198.54.114.83 - - [16/Apr/2025:17:45:52 -0400] "POST /wp-cron.php?doing_wp_cron=1744839951.4987580776214599609375 HTTP/1.1" 200 0 "-" "WordPress/6.8; https://bakingsecurityin.com"
27.42.99.212 - - [16/Apr/2025:17:45:59 -0400] "GET /les-pantoufles-sont-populaires-partout-dans-le-monde/ HTTP/1.1" 301 0 "https://bakingsecurityin.com" "Mozilla/5.0 (Windows NT 10.0; Win64; x64) AppleWebKit/537.36 (KHTML, like Gecko) Chrome/62.0.3202.94 Safari/537.36"
27.42.99.212 - - [16/Apr/2025:17:46:02 -0400] "GET /pantoufle-de-dinosaure/ HTTP/1.1" 200 0 "https://bakingsecurityin.com" "Mozilla/5.0 (Windows NT 10.0; Win64; x64) AppleWebKit/537.36 (KHTML, like Gecko) Chrome/62.0.3202.94 Safari/537.36"
198.54.114.83 - - [16/Apr/2025:17:47:11 -0400] "POST /wp-cron.php?doing_wp_cron=1744840030.3779270648956298828125 HTTP/1.1" 200 0 "-" "WordPress/6.8; https://bakingsecurityin.com"
51.222.253.5 - - [16/Apr/2025:17:47:10 -0400] "GET /ambulance-billing-how-consumers-can-help/ HTTP/1.1" 200 0 "-" "Mozilla/5.0 (compatible; AhrefsBot/7.0; +http://ahrefs.com/robot/)"
