65.21.113.246 - - [16/Apr/2025:10:05:00 -0400] "GET /the-lifespan-of-a-baked-bar/ HTTP/1.1" 200 0 "-" "Mozilla/5.0 (compatible; AwarioBot/1.0; +https://awario.com/bots.html)"
65.21.113.246 - - [16/Apr/2025:10:05:11 -0400] "GET /the-magic-of-animated-wedding-invitations/ HTTP/1.1" 200 0 "-" "Mozilla/5.0 (compatible; AwarioBot/1.0; +https://awario.com/bots.html)"
198.54.114.83 - - [16/Apr/2025:10:05:16 -0400] "POST /wp-cron.php?doing_wp_cron=1744812311.8244988918304443359375 HTTP/1.1" 200 0 "-" "WordPress/6.8; https://bakingsecurityin.com"
198.54.114.83 - - [16/Apr/2025:10:05:22 -0400] "POST /wp-admin/admin-ajax.php?action=async_litespeed&nonce=6as1x6HDdAcCo1ZAO49Nw0a37pbPF9wU&litespeed_type=imgoptm HTTP/1.1" 200 0 "-" "WordPress/6.8; https://bakingsecurityin.com"
65.21.113.246 - - [16/Apr/2025:10:05:32 -0400] "GET /the-magnificence-exploring-the-grand-dunman-showflat/ HTTP/1.1" 200 0 "-" "Mozilla/5.0 (compatible; AwarioBot/1.0; +https://awario.com/bots.html)"
198.54.114.83 - - [16/Apr/2025:10:05:37 -0400] "POST /wp-cron.php?doing_wp_cron=1744812332.3919050693511962890625 HTTP/1.1" 200 0 "-" "WordPress/6.8; https://bakingsecurityin.com"
65.21.113.246 - - [16/Apr/2025:10:05:42 -0400] "GET /the-mediation-process/ HTTP/1.1" 200 0 "-" "Mozilla/5.0 (compatible; AwarioBot/1.0; +https://awario.com/bots.html)"
65.21.113.246 - - [16/Apr/2025:10:05:49 -0400] "GET /the-metaverse-a-virtual-extension-of-our-digital-lives/ HTTP/1.1" 200 0 "-" "Mozilla/5.0 (compatible; AwarioBot/1.0; +https://awario.com/bots.html)"
65.21.113.246 - - [16/Apr/2025:10:05:58 -0400] "GET /the-michael-kors-jet-set-tote-in-brown-is-a-must-have/ HTTP/1.1" 200 0 "-" "Mozilla/5.0 (compatible; AwarioBot/1.0; +https://awario.com/bots.html)"
196.196.31.139 - - [16/Apr/2025:10:06:02 -0400] "POST /xmlrpc.php HTTP/1.1" 200 186 "-" "Mozilla/5.0 (Windows NT 10.0) AppleWebKit/537.36 (KHTML, like Gecko) Chrome/114.0.0.0 Safari/537.36"
65.21.113.246 - - [16/Apr/2025:10:06:06 -0400] "GET /the-most-effective-method-to-dress-in-india-apparel-tips-for-ladies/ HTTP/1.1" 200 0 "-" "Mozilla/5.0 (compatible; AwarioBot/1.0; +https://awario.com/bots.html)"
65.21.113.246 - - [16/Apr/2025:10:06:13 -0400] "GET /the-myst-by-cdl-developer/ HTTP/1.1" 200 0 "-" "Mozilla/5.0 (compatible; AwarioBot/1.0; +https://awario.com/bots.html)"
65.21.113.246 - - [16/Apr/2025:10:06:20 -0400] "GET /the-new-eldorado-video-streaming-and-streaming-video-content-production/ HTTP/1.1" 200 0 "-" "Mozilla/5.0 (compatible; AwarioBot/1.0; +https://awario.com/bots.html)"
65.21.113.246 - - [16/Apr/2025:10:06:31 -0400] "GET /the-omnivoid-xr/ HTTP/1.1" 200 0 "-" "Mozilla/5.0 (compatible; AwarioBot/1.0; +https://awario.com/bots.html)"
65.21.113.246 - - [16/Apr/2025:10:06:45 -0400] "GET /the-overlooked-travel-essential-benefits-of-business-trip-massages/ HTTP/1.1" 200 0 "-" "Mozilla/5.0 (compatible; AwarioBot/1.0; +https://awario.com/bots.html)"
198.54.114.83 - - [16/Apr/2025:10:06:48 -0400] "POST /wp-cron.php?doing_wp_cron=1744812405.7100470066070556640625 HTTP/1.1" 200 0 "-" "WordPress/6.8; https://bakingsecurityin.com"
65.21.113.246 - - [16/Apr/2025:10:06:54 -0400] "GET /the-pioneering-ivf-clinic-in-sharjah/ HTTP/1.1" 200 0 "-" "Mozilla/5.0 (compatible; AwarioBot/1.0; +https://awario.com/bots.html)"
65.21.113.246 - - [16/Apr/2025:10:07:02 -0400] "GET /the-plastic-injection-process/ HTTP/1.1" 200 0 "-" "Mozilla/5.0 (compatible; AwarioBot/1.0; +https://awario.com/bots.html)"
65.21.113.246 - - [16/Apr/2025:10:07:19 -0400] "GET /the-power-of-explainer-videos-in-captivating-audiences/ HTTP/1.1" 200 0 "-" "Mozilla/5.0 (compatible; AwarioBot/1.0; +https://awario.com/bots.html)"
65.21.113.246 - - [16/Apr/2025:10:07:25 -0400] "GET /the-power-of-residential-proxy-ips/ HTTP/1.1" 200 0 "-" "Mozilla/5.0 (compatible; AwarioBot/1.0; +https://awario.com/bots.html)"
65.21.113.246 - - [16/Apr/2025:10:07:32 -0400] "GET /the-power-of-voip-solutions/ HTTP/1.1" 200 0 "-" "Mozilla/5.0 (compatible; AwarioBot/1.0; +https://awario.com/bots.html)"
65.21.113.246 - - [16/Apr/2025:10:07:39 -0400] "GET /the-problem-of-the-continuum/ HTTP/1.1" 200 0 "-" "Mozilla/5.0 (compatible; AwarioBot/1.0; +https://awario.com/bots.html)"
65.21.113.246 - - [16/Apr/2025:10:07:46 -0400] "GET /the-pros-and-cons-of-a-garden-apartment/ HTTP/1.1" 200 0 "-" "Mozilla/5.0 (compatible; AwarioBot/1.0; +https://awario.com/bots.html)"
198.54.114.83 - - [16/Apr/2025:10:07:49 -0400] "POST /wp-cron.php?doing_wp_cron=1744812466.8433420658111572265625 HTTP/1.1" 200 0 "-" "WordPress/6.8; https://bakingsecurityin.com"
65.21.113.246 - - [16/Apr/2025:10:07:52 -0400] "GET /the-realm-of-money-lenders-in-singapore/ HTTP/1.1" 200 0 "-" "Mozilla/5.0 (compatible; AwarioBot/1.0; +https://awario.com/bots.html)"
65.21.113.246 - - [16/Apr/2025:10:07:58 -0400] "GET /the-rise-of-ai-companions-the-fascination-of-an-ai-girlfriend/ HTTP/1.1" 200 0 "-" "Mozilla/5.0 (compatible; AwarioBot/1.0; +https://awario.com/bots.html)"
65.21.113.246 - - [16/Apr/2025:10:08:12 -0400] "GET /the-rise-of-click-and-collect/ HTTP/1.1" 200 0 "-" "Mozilla/5.0 (compatible; AwarioBot/1.0; +https://awario.com/bots.html)"
65.21.113.246 - - [16/Apr/2025:10:08:19 -0400] "GET /the-rise-of-electronic-warrants/ HTTP/1.1" 200 0 "-" "Mozilla/5.0 (compatible; AwarioBot/1.0; +https://awario.com/bots.html)"
65.21.113.246 - - [16/Apr/2025:10:08:25 -0400] "GET /the-rise-of-graphene-battery-manufacturer/ HTTP/1.1" 200 0 "-" "Mozilla/5.0 (compatible; AwarioBot/1.0; +https://awario.com/bots.html)"
65.21.113.246 - - [16/Apr/2025:10:08:32 -0400] "GET /the-rise-of-omnivoid-xr/ HTTP/1.1" 200 0 "-" "Mozilla/5.0 (compatible; AwarioBot/1.0; +https://awario.com/bots.html)"
65.21.113.246 - - [16/Apr/2025:10:08:37 -0400] "GET /the-rise-of-online-betting-and-its-popularity/ HTTP/1.1" 200 0 "-" "Mozilla/5.0 (compatible; AwarioBot/1.0; +https://awario.com/bots.html)"
65.21.113.246 - - [16/Apr/2025:10:08:44 -0400] "GET /the-rise-of-stake-ator-revolutionizing-stakeholder-engagement/ HTTP/1.1" 200 0 "-" "Mozilla/5.0 (compatible; AwarioBot/1.0; +https://awario.com/bots.html)"
65.21.113.246 - - [16/Apr/2025:10:09:00 -0400] "GET /the-role-of-a-consensual-divorce-lawyer/ HTTP/1.1" 200 0 "-" "Mozilla/5.0 (compatible; AwarioBot/1.0; +https://awario.com/bots.html)"
51.222.253.9 - - [16/Apr/2025:10:09:04 -0400] "GET /comment-concevoir-un-interieur-vintage-dans-une-chambre/ HTTP/1.1" 200 0 "-" "Mozilla/5.0 (compatible; AhrefsBot/7.0; +http://ahrefs.com/robot/)"
198.54.114.83 - - [16/Apr/2025:10:09:05 -0400] "POST /wp-cron.php?doing_wp_cron=1744812540.8631479740142822265625 HTTP/1.1" 200 0 "-" "WordPress/6.8; https://bakingsecurityin.com"
65.21.113.246 - - [16/Apr/2025:10:09:09 -0400] "GET /the-role-of-osteopath-in-dubai/ HTTP/1.1" 200 0 "-" "Mozilla/5.0 (compatible; AwarioBot/1.0; +https://awario.com/bots.html)"
65.21.113.246 - - [16/Apr/2025:10:09:14 -0400] "GET /the-role-of-the-executor-in-estate-planning/ HTTP/1.1" 200 0 "-" "Mozilla/5.0 (compatible; AwarioBot/1.0; +https://awario.com/bots.html)"
65.21.113.246 - - [16/Apr/2025:10:09:33 -0400] "GET /the-three-types-of-residents-that-medical-students-will-encounter/ HTTP/1.1" 200 0 "-" "Mozilla/5.0 (compatible; AwarioBot/1.0; +https://awario.com/bots.html)"
65.21.113.246 - - [16/Apr/2025:10:09:40 -0400] "GET /the-thrills-of-online-casinos-a-gateway-to-entertainment-and-fortune/ HTTP/1.1" 200 0 "-" "Mozilla/5.0 (compatible; AwarioBot/1.0; +https://awario.com/bots.html)"
65.21.113.246 - - [16/Apr/2025:10:09:49 -0400] "GET /the-ultimate-guide-to-instant-hot-and-cold-water-dispensers/ HTTP/1.1" 200 0 "-" "Mozilla/5.0 (compatible; AwarioBot/1.0; +https://awario.com/bots.html)"
65.21.113.246 - - [16/Apr/2025:10:09:57 -0400] "GET /the-ultimate-guide-to-london-airport-taxis/ HTTP/1.1" 200 0 "-" "Mozilla/5.0 (compatible; AwarioBot/1.0; +https://awario.com/bots.html)"
65.21.113.246 - - [16/Apr/2025:10:10:06 -0400] "GET /the-use-of-steroids-in-canada/ HTTP/1.1" 200 0 "-" "Mozilla/5.0 (compatible; AwarioBot/1.0; +https://awario.com/bots.html)"
198.54.114.83 - - [16/Apr/2025:10:10:12 -0400] "POST /wp-cron.php?doing_wp_cron=1744812606.7774159908294677734375 HTTP/1.1" 200 0 "-" "WordPress/6.8; https://bakingsecurityin.com"
65.21.113.246 - - [16/Apr/2025:10:10:16 -0400] "GET /the-value-of-part-time-employment/ HTTP/1.1" 200 0 "-" "Mozilla/5.0 (compatible; AwarioBot/1.0; +https://awario.com/bots.html)"
65.21.113.246 - - [16/Apr/2025:10:10:25 -0400] "GET /the-versatility-and-efficiency-of-drywall-partitions/ HTTP/1.1" 200 0 "-" "Mozilla/5.0 (compatible; AwarioBot/1.0; +https://awario.com/bots.html)"
65.21.113.246 - - [16/Apr/2025:10:10:35 -0400] "GET /the-versatility-of-diamond-burrs/ HTTP/1.1" 200 0 "-" "Mozilla/5.0 (compatible; AwarioBot/1.0; +https://awario.com/bots.html)"
65.21.113.246 - - [16/Apr/2025:10:10:42 -0400] "GET /the-weighted-stuffed-animal/ HTTP/1.1" 200 0 "-" "Mozilla/5.0 (compatible; AwarioBot/1.0; +https://awario.com/bots.html)"
65.21.113.246 - - [16/Apr/2025:10:11:08 -0400] "GET /things-to-consider-when-you-play-casino-slots-online/ HTTP/1.1" 200 0 "-" "Mozilla/5.0 (compatible; AwarioBot/1.0; +https://awario.com/bots.html)"
198.54.114.83 - - [16/Apr/2025:10:11:13 -0400] "POST /wp-cron.php?doing_wp_cron=1744812668.5415980815887451171875 HTTP/1.1" 200 0 "-" "WordPress/6.8; https://bakingsecurityin.com"
198.54.114.83 - - [16/Apr/2025:10:11:17 -0400] "POST /wp-admin/admin-ajax.php?action=async_litespeed&nonce=SAIjwNtYa2Par1G57SWFfDTZs10MI9XP&litespeed_type=imgoptm HTTP/1.1" 200 0 "-" "WordPress/6.8; https://bakingsecurityin.com"
65.21.113.246 - - [16/Apr/2025:10:11:18 -0400] "GET /tiled-conservatory-roofs/ HTTP/1.1" 200 0 "-" "Mozilla/5.0 (compatible; AwarioBot/1.0; +https://awario.com/bots.html)"
65.21.113.246 - - [16/Apr/2025:10:11:23 -0400] "GET /tips-for-buying-a-porsche-for-sale/ HTTP/1.1" 200 0 "-" "Mozilla/5.0 (compatible; AwarioBot/1.0; +https://awario.com/bots.html)"
198.54.114.83 - - [16/Apr/2025:10:11:27 -0400] "POST /wp-cron.php?doing_wp_cron=1744812683.6535420417785644531250 HTTP/1.1" 200 0 "-" "WordPress/6.8; https://bakingsecurityin.com"
198.54.114.83 - - [16/Apr/2025:10:11:31 -0400] "POST /wp-admin/admin-ajax.php?action=async_litespeed&nonce=OTJLWPMQUnZRvZo5EvmpMSW76TRTAhYY&litespeed_type=imgoptm HTTP/1.1" 200 0 "-" "WordPress/6.8; https://bakingsecurityin.com"
65.21.113.246 - - [16/Apr/2025:10:11:42 -0400] "GET /tips-for-diamond-painting-own-picture/ HTTP/1.1" 200 0 "-" "Mozilla/5.0 (compatible; AwarioBot/1.0; +https://awario.com/bots.html)"
65.21.113.246 - - [16/Apr/2025:10:11:52 -0400] "GET /tips-for-online-dating-photography/ HTTP/1.1" 200 0 "-" "Mozilla/5.0 (compatible; AwarioBot/1.0; +https://awario.com/bots.html)"
65.21.113.246 - - [16/Apr/2025:10:12:04 -0400] "GET /tips-for-throwing-a-casino-royale-theme-party/ HTTP/1.1" 200 0 "-" "Mozilla/5.0 (compatible; AwarioBot/1.0; +https://awario.com/bots.html)"
65.21.113.246 - - [16/Apr/2025:10:12:14 -0400] "GET /tips-on-what-to-look-for-when-buying-a-sport-chronograph-watch/ HTTP/1.1" 200 0 "-" "Mozilla/5.0 (compatible; AwarioBot/1.0; +https://awario.com/bots.html)"
65.21.113.246 - - [16/Apr/2025:10:12:22 -0400] "GET /tips-to-follow-when-betting-on-sports/ HTTP/1.1" 200 0 "-" "Mozilla/5.0 (compatible; AwarioBot/1.0; +https://awario.com/bots.html)"
198.54.114.83 - - [16/Apr/2025:10:12:26 -0400] "POST /wp-cron.php?doing_wp_cron=1744812742.7076289653778076171875 HTTP/1.1" 200 0 "-" "WordPress/6.8; https://bakingsecurityin.com"
65.21.113.246 - - [16/Apr/2025:10:12:30 -0400] "GET /tips-to-help-you-get-started-when-creating-rap-music/ HTTP/1.1" 200 0 "-" "Mozilla/5.0 (compatible; AwarioBot/1.0; +https://awario.com/bots.html)"
65.21.113.246 - - [16/Apr/2025:10:12:37 -0400] "GET /tmx-maxwell-developer/ HTTP/1.1" 200 0 "-" "Mozilla/5.0 (compatible; AwarioBot/1.0; +https://awario.com/bots.html)"
65.21.113.246 - - [16/Apr/2025:10:12:41 -0400] "GET /toa-payoh-condo-showflat/ HTTP/1.1" 200 0 "-" "Mozilla/5.0 (compatible; AwarioBot/1.0; +https://awario.com/bots.html)"
65.21.113.246 - - [16/Apr/2025:10:12:47 -0400] "GET /top-10-cheapest-smm-panel/ HTTP/1.1" 200 0 "-" "Mozilla/5.0 (compatible; AwarioBot/1.0; +https://awario.com/bots.html)"
65.21.113.246 - - [16/Apr/2025:10:12:53 -0400] "GET /top-10-recovery-machines/ HTTP/1.1" 200 0 "-" "Mozilla/5.0 (compatible; AwarioBot/1.0; +https://awario.com/bots.html)"
65.21.113.246 - - [16/Apr/2025:10:12:59 -0400] "GET /top-5-coworking-spaces-in-singapore/ HTTP/1.1" 200 0 "-" "Mozilla/5.0 (compatible; AwarioBot/1.0; +https://awario.com/bots.html)"
65.21.113.246 - - [16/Apr/2025:10:13:05 -0400] "GET /top-5-employee-communication-apps/ HTTP/1.1" 200 0 "-" "Mozilla/5.0 (compatible; AwarioBot/1.0; +https://awario.com/bots.html)"
51.222.253.18 - - [16/Apr/2025:10:13:10 -0400] "GET /category/activity/page/2/ HTTP/1.1" 200 0 "-" "Mozilla/5.0 (compatible; AhrefsBot/7.0; +http://ahrefs.com/robot/)"
65.21.113.246 - - [16/Apr/2025:10:13:22 -0400] "GET /top-5-online-shops-for-custom-fuzzy-socks/ HTTP/1.1" 200 0 "-" "Mozilla/5.0 (compatible; AwarioBot/1.0; +https://awario.com/bots.html)"
65.21.113.246 - - [16/Apr/2025:10:13:28 -0400] "GET /top-5-retinol-creams/ HTTP/1.1" 200 0 "-" "Mozilla/5.0 (compatible; AwarioBot/1.0; +https://awario.com/bots.html)"
198.54.114.83 - - [16/Apr/2025:10:13:32 -0400] "POST /wp-cron.php?doing_wp_cron=1744812809.2453110218048095703125 HTTP/1.1" 200 0 "-" "WordPress/6.8; https://bakingsecurityin.com"
65.21.113.246 - - [16/Apr/2025:10:13:37 -0400] "GET /top-5-websites-to-buy-youtube-watch-time/ HTTP/1.1" 200 0 "-" "Mozilla/5.0 (compatible; AwarioBot/1.0; +https://awario.com/bots.html)"
65.21.113.246 - - [16/Apr/2025:10:13:45 -0400] "GET /top-factors-to-consider-when-choosing-a-dental-handpiece-supplier/ HTTP/1.1" 200 0 "-" "Mozilla/5.0 (compatible; AwarioBot/1.0; +https://awario.com/bots.html)"
65.21.113.246 - - [16/Apr/2025:10:13:52 -0400] "GET /top-free-webtoon-sites-for-manga-lovers/ HTTP/1.1" 200 0 "-" "Mozilla/5.0 (compatible; AwarioBot/1.0; +https://awario.com/bots.html)"
65.21.113.246 - - [16/Apr/2025:10:14:20 -0400] "GET /top-heroes-in-watcher-of-realms/ HTTP/1.1" 200 0 "-" "Mozilla/5.0 (compatible; AwarioBot/1.0; +https://awario.com/bots.html)"
43.135.121.251 - - [16/Apr/2025:10:14:40 -0400] "GET /real-estate-crm-and-marketing-software/ HTTP/1.1" 200 0 "-" "Python/3.10 aiohttp/3.10.5"
43.135.121.251 - - [16/Apr/2025:10:14:40 -0400] "GET /setting-up-ps5/ HTTP/1.1" 200 0 "-" "Python/3.10 aiohttp/3.10.5"
198.54.114.83 - - [16/Apr/2025:10:14:44 -0400] "POST /wp-cron.php?doing_wp_cron=1744812880.4365398883819580078125 HTTP/1.1" 200 0 "-" "WordPress/6.8; https://bakingsecurityin.com"
198.54.114.83 - - [16/Apr/2025:10:14:44 -0400] "POST /wp-cron.php?doing_wp_cron=1744812880.4429309368133544921875 HTTP/1.1" 200 0 "-" "WordPress/6.8; https://bakingsecurityin.com"
198.54.114.83 - - [16/Apr/2025:10:14:49 -0400] "POST /wp-admin/admin-ajax.php?action=async_litespeed&nonce=EIFxBSFmMvTms1IwqqHwyWHbUIsAf0us&litespeed_type=imgoptm HTTP/1.1" 200 0 "-" "WordPress/6.8; https://bakingsecurityin.com"
65.21.113.246 - - [16/Apr/2025:10:14:58 -0400] "GET /top-kitchen-cabinet-manufacturers-quality-and-innovation/ HTTP/1.1" 200 0 "-" "Mozilla/5.0 (compatible; AwarioBot/1.0; +https://awario.com/bots.html)"
65.21.113.246 - - [16/Apr/2025:10:15:07 -0400] "GET /top-rated-maid-service-in-phoenix/ HTTP/1.1" 200 0 "-" "Mozilla/5.0 (compatible; AwarioBot/1.0; +https://awario.com/bots.html)"
65.21.113.246 - - [16/Apr/2025:10:15:17 -0400] "GET /top-reasons-to-book-a-business-trip-massage-for-your-next-conference/ HTTP/1.1" 200 0 "-" "Mozilla/5.0 (compatible; AwarioBot/1.0; +https://awario.com/bots.html)"
65.21.113.246 - - [16/Apr/2025:10:15:26 -0400] "GET /robots.txt HTTP/1.1" 200 98 "-" "Mozilla/5.0 (compatible; AwarioBot/1.0; +https://awario.com/bots.html)"
198.54.114.83 - - [16/Apr/2025:10:15:30 -0400] "POST /wp-cron.php?doing_wp_cron=1744812926.8286840915679931640625 HTTP/1.1" 200 0 "-" "WordPress/6.8; https://bakingsecurityin.com"
65.21.113.246 - - [16/Apr/2025:10:15:32 -0400] "GET /top-reasons-to-buy-hgh-in-canada/ HTTP/1.1" 200 0 "-" "Mozilla/5.0 (compatible; AwarioBot/1.0; +https://awario.com/bots.html)"
65.21.113.246 - - [16/Apr/2025:10:15:43 -0400] "GET /top-unternehmen-die-gitarrenunterricht-in-los-angeles-anbieten/ HTTP/1.1" 200 0 "-" "Mozilla/5.0 (compatible; AwarioBot/1.0; +https://awario.com/bots.html)"
65.21.113.246 - - [16/Apr/2025:10:15:50 -0400] "GET /transforming-customer-support-with-ai-how-vercel/ HTTP/1.1" 200 0 "-" "Mozilla/5.0 (compatible; AwarioBot/1.0; +https://awario.com/bots.html)"
65.21.113.246 - - [16/Apr/2025:10:15:59 -0400] "GET /travel-with-style-using-airline-ticket-search-sites/ HTTP/1.1" 200 0 "-" "Mozilla/5.0 (compatible; AwarioBot/1.0; +https://awario.com/bots.html)"
65.21.113.246 - - [16/Apr/2025:10:16:06 -0400] "GET /troubles-de-lalimentation/ HTTP/1.1" 200 0 "-" "Mozilla/5.0 (compatible; AwarioBot/1.0; +https://awario.com/bots.html)"
65.21.113.246 - - [16/Apr/2025:10:16:14 -0400] "GET /tupperware-catalogue-how-to-sustain-the-environment-and-reuse-your-old-brochures/ HTTP/1.1" 200 0 "-" "Mozilla/5.0 (compatible; AwarioBot/1.0; +https://awario.com/bots.html)"
65.21.113.246 - - [16/Apr/2025:10:16:24 -0400] "GET /types-of-bb-guns/ HTTP/1.1" 200 0 "-" "Mozilla/5.0 (compatible; AwarioBot/1.0; +https://awario.com/bots.html)"
65.21.113.246 - - [16/Apr/2025:10:16:43 -0400] "GET /umzuge-buchholz/ HTTP/1.1" 200 0 "-" "Mozilla/5.0 (compatible; AwarioBot/1.0; +https://awario.com/bots.html)"
65.21.113.246 - - [16/Apr/2025:10:16:51 -0400] "GET /umzuge-luneburg/ HTTP/1.1" 200 0 "-" "Mozilla/5.0 (compatible; AwarioBot/1.0; +https://awario.com/bots.html)"
65.21.113.246 - - [16/Apr/2025:10:17:02 -0400] "GET /umzugsfirma-hamburg-ihr-partner-fur-stressfreie-umzuge/ HTTP/1.1" 200 0 "-" "Mozilla/5.0 (compatible; AwarioBot/1.0; +https://awario.com/bots.html)"
65.21.113.246 - - [16/Apr/2025:10:17:08 -0400] "GET /umzugsservice-in-hamburg-fur-einen-stressfreien-wohnungswechsel/ HTTP/1.1" 200 0 "-" "Mozilla/5.0 (compatible; AwarioBot/1.0; +https://awario.com/bots.html)"
51.222.253.10 - - [16/Apr/2025:10:17:12 -0400] "GET /five-tips-to-choosing-the-right-digital-agency-for-you/feed/ HTTP/1.1" 200 438 "-" "Mozilla/5.0 (compatible; AhrefsBot/7.0; +http://ahrefs.com/robot/)"
65.21.113.246 - - [16/Apr/2025:10:17:16 -0400] "GET /umzugsunternehmen-in-luneburg-ein-uberblick/ HTTP/1.1" 200 0 "-" "Mozilla/5.0 (compatible; AwarioBot/1.0; +https://awario.com/bots.html)"
65.21.113.246 - - [16/Apr/2025:10:17:22 -0400] "GET /umzugsunternehmen-in-luneburg-ihr-partner-fur-stressfreie-umzuge/ HTTP/1.1" 200 0 "-" "Mozilla/5.0 (compatible; AwarioBot/1.0; +https://awario.com/bots.html)"
85.208.96.206 - - [16/Apr/2025:10:17:25 -0400] "GET /how-to-get-likes-on-youtube-comment/ HTTP/1.1" 200 0 "-" "Mozilla/5.0 (compatible; SemrushBot/7~bl; +http://www.semrush.com/bot.html)"
65.21.113.246 - - [16/Apr/2025:10:17:30 -0400] "GET /umzugsunternehmen-in-luneburg-ihre-zuverlassige-wahl-fur-einen-stressfreien-umzug/ HTTP/1.1" 200 0 "-" "Mozilla/5.0 (compatible; AwarioBot/1.0; +https://awario.com/bots.html)"
65.21.113.246 - - [16/Apr/2025:10:17:37 -0400] "GET /umzugsunternehmen-in-luneburg-professionelle-unterstutzung-fur-ihren-umzug/ HTTP/1.1" 200 0 "-" "Mozilla/5.0 (compatible; AwarioBot/1.0; +https://awario.com/bots.html)"
65.21.113.246 - - [16/Apr/2025:10:17:46 -0400] "GET /un-compagnon-doux-et-reconfortant-lours-en-peluche/ HTTP/1.1" 200 0 "-" "Mozilla/5.0 (compatible; AwarioBot/1.0; +https://awario.com/bots.html)"
65.21.113.246 - - [16/Apr/2025:10:17:52 -0400] "GET /un-moment-de-detente-le-massage-huileux/ HTTP/1.1" 200 0 "-" "Mozilla/5.0 (compatible; AwarioBot/1.0; +https://awario.com/bots.html)"
198.54.114.83 - - [16/Apr/2025:10:17:56 -0400] "POST /wp-cron.php?doing_wp_cron=1744813073.0601439476013183593750 HTTP/1.1" 200 0 "-" "WordPress/6.8; https://bakingsecurityin.com"
198.54.114.83 - - [16/Apr/2025:10:18:00 -0400] "POST /wp-admin/admin-ajax.php?action=async_litespeed&nonce=rmj0zL5lpENZvfwR5agUE3vziqMAdZUb&litespeed_type=imgoptm HTTP/1.1" 200 0 "-" "WordPress/6.8; https://bakingsecurityin.com"
65.21.113.246 - - [16/Apr/2025:10:18:01 -0400] "GET /un-univers-de-joie-et-daventure/ HTTP/1.1" 200 0 "-" "Mozilla/5.0 (compatible; AwarioBot/1.0; +https://awario.com/bots.html)"
101.32.75.188 - - [16/Apr/2025:10:18:02 -0400] "GET /how-to-use-youtube-live-to-grow-your-business/ HTTP/1.1" 200 0 "-" "Python/3.10 aiohttp/3.10.5"
65.21.113.246 - - [16/Apr/2025:10:18:06 -0400] "GET /understanding-and-treating-sex-addiction/ HTTP/1.1" 200 0 "-" "Mozilla/5.0 (compatible; AwarioBot/1.0; +https://awario.com/bots.html)"
65.21.113.246 - - [16/Apr/2025:10:18:13 -0400] "GET /understanding-french-wine/ HTTP/1.1" 200 0 "-" "Mozilla/5.0 (compatible; AwarioBot/1.0; +https://awario.com/bots.html)"
65.21.113.246 - - [16/Apr/2025:10:18:18 -0400] "GET /understanding-sex-addiction/ HTTP/1.1" 200 0 "-" "Mozilla/5.0 (compatible; AwarioBot/1.0; +https://awario.com/bots.html)"
65.21.113.246 - - [16/Apr/2025:10:18:24 -0400] "GET /understanding-tax-obligations-across-borders/ HTTP/1.1" 200 0 "-" "Mozilla/5.0 (compatible; AwarioBot/1.0; +https://awario.com/bots.html)"
198.54.114.83 - - [16/Apr/2025:10:18:26 -0400] "POST /wp-cron.php?doing_wp_cron=1744813104.4249761104583740234375 HTTP/1.1" 200 0 "-" "WordPress/6.8; https://bakingsecurityin.com"
198.54.114.83 - - [16/Apr/2025:10:18:28 -0400] "POST /wp-admin/admin-ajax.php?action=async_litespeed&nonce=GCR8s8apWrILMbSgcGa7N40uRM8PfvCG&litespeed_type=imgoptm HTTP/1.1" 200 0 "-" "WordPress/6.8; https://bakingsecurityin.com"
65.21.113.246 - - [16/Apr/2025:10:18:41 -0400] "GET /understanding-the-job-responsibilities-of-funeral-directors-carshalton/ HTTP/1.1" 200 0 "-" "Mozilla/5.0 (compatible; AwarioBot/1.0; +https://awario.com/bots.html)"
65.21.113.246 - - [16/Apr/2025:10:18:48 -0400] "GET /une-evasion-detoxifiante/ HTTP/1.1" 200 0 "-" "Mozilla/5.0 (compatible; AwarioBot/1.0; +https://awario.com/bots.html)"
65.21.113.246 - - [16/Apr/2025:10:18:54 -0400] "GET /unleashing-wireless-freedom-the-evolution-of-bluetooth-headsets-for-phones/ HTTP/1.1" 200 0 "-" "Mozilla/5.0 (compatible; AwarioBot/1.0; +https://awario.com/bots.html)"
65.21.113.246 - - [16/Apr/2025:10:19:03 -0400] "GET /unlock-efficiency-with-raymond-reach-truck-rentals/ HTTP/1.1" 200 0 "-" "Mozilla/5.0 (compatible; AwarioBot/1.0; +https://awario.com/bots.html)"
65.21.113.246 - - [16/Apr/2025:10:19:09 -0400] "GET /unlocking-efficiency-with-the-anyone-protocol-staking-dashboard/ HTTP/1.1" 200 0 "-" "Mozilla/5.0 (compatible; AwarioBot/1.0; +https://awario.com/bots.html)"
65.21.113.246 - - [16/Apr/2025:10:19:29 -0400] "GET /unlocking-the-allure-exploring-the-fascination-of-car-badges/ HTTP/1.1" 200 0 "-" "Mozilla/5.0 (compatible; AwarioBot/1.0; +https://awario.com/bots.html)"
198.54.114.83 - - [16/Apr/2025:10:19:32 -0400] "POST /wp-cron.php?doing_wp_cron=1744813169.6879119873046875000000 HTTP/1.1" 200 0 "-" "WordPress/6.8; https://bakingsecurityin.com"
85.208.98.31 - - [16/Apr/2025:10:19:36 -0400] "GET /embaucher-un-comptable-en-restauration-pour-votre-entreprise-de-restauration/ HTTP/1.1" 200 0 "-" "Mozilla/5.0 (compatible; SemrushBot-BA; +http://www.semrush.com/bot.html)"
65.21.113.246 - - [16/Apr/2025:10:19:36 -0400] "GET /unlocking-the-potential-of-qr-codes/ HTTP/1.1" 200 0 "-" "Mozilla/5.0 (compatible; AwarioBot/1.0; +https://awario.com/bots.html)"
65.21.113.246 - - [16/Apr/2025:10:19:42 -0400] "GET /unlocking-the-power-of-qr-codes-the-best-free-qr-code-generators/ HTTP/1.1" 200 0 "-" "Mozilla/5.0 (compatible; AwarioBot/1.0; +https://awario.com/bots.html)"
65.21.113.246 - - [16/Apr/2025:10:19:47 -0400] "GET /unlocking-the-power-of-residential-proxies/ HTTP/1.1" 200 0 "-" "Mozilla/5.0 (compatible; AwarioBot/1.0; +https://awario.com/bots.html)"
65.21.113.246 - - [16/Apr/2025:10:19:53 -0400] "GET /unlocking-the-power-of-tiktok-the-truth-about-buying-views-and-followers/ HTTP/1.1" 200 0 "-" "Mozilla/5.0 (compatible; AwarioBot/1.0; +https://awario.com/bots.html)"
65.21.113.246 - - [16/Apr/2025:10:19:58 -0400] "GET /unlocking-the-power-of-youtube-buying-views-and-subscribers/ HTTP/1.1" 200 0 "-" "Mozilla/5.0 (compatible; AwarioBot/1.0; +https://awario.com/bots.html)"
65.21.113.246 - - [16/Apr/2025:10:20:06 -0400] "GET /unlocking-the-secrets-of-mushroom-cultivation-supplies/ HTTP/1.1" 200 0 "-" "Mozilla/5.0 (compatible; AwarioBot/1.0; +https://awario.com/bots.html)"
65.21.113.246 - - [16/Apr/2025:10:20:15 -0400] "GET /unlocking-the-secrets-to-skyrocket-your-youtube-subscriber-count/ HTTP/1.1" 200 0 "-" "Mozilla/5.0 (compatible; AwarioBot/1.0; +https://awario.com/bots.html)"
65.21.113.246 - - [16/Apr/2025:10:20:21 -0400] "GET /unlocking-wellness-dubai-osteopathy/ HTTP/1.1" 200 0 "-" "Mozilla/5.0 (compatible; AwarioBot/1.0; +https://awario.com/bots.html)"
65.21.113.246 - - [16/Apr/2025:10:20:28 -0400] "GET /unveiling-rainbow-riches-casino-a-guide-to-its-features-and-benefits/ HTTP/1.1" 200 0 "-" "Mozilla/5.0 (compatible; AwarioBot/1.0; +https://awario.com/bots.html)"
65.21.113.246 - - [16/Apr/2025:10:20:34 -0400] "GET /unveiling-the-allure-of-kassia-showflat-a-luxurious-haven/ HTTP/1.1" 200 0 "-" "Mozilla/5.0 (compatible; AwarioBot/1.0; +https://awario.com/bots.html)"
198.54.114.83 - - [16/Apr/2025:10:20:38 -0400] "POST /wp-cron.php?doing_wp_cron=1744813234.7962369918823242187500 HTTP/1.1" 200 0 "-" "WordPress/6.8; https://bakingsecurityin.com"
65.21.113.246 - - [16/Apr/2025:10:20:41 -0400] "GET /unveiling-the-allure-of-lentor-mansion-showflat/ HTTP/1.1" 200 0 "-" "Mozilla/5.0 (compatible; AwarioBot/1.0; +https://awario.com/bots.html)"
65.21.113.246 - - [16/Apr/2025:10:20:46 -0400] "GET /unveiling-the-best-legit-online-casino-in-the-philippines/ HTTP/1.1" 200 0 "-" "Mozilla/5.0 (compatible; AwarioBot/1.0; +https://awario.com/bots.html)"
65.21.113.246 - - [16/Apr/2025:10:20:52 -0400] "GET /unveiling-the-enigmatic-legacy-of-lentor-mansion/ HTTP/1.1" 200 0 "-" "Mozilla/5.0 (compatible; AwarioBot/1.0; +https://awario.com/bots.html)"
65.21.113.246 - - [16/Apr/2025:10:21:13 -0400] "GET /unveiling-the-exquisite-elegance-of-jansen-house-showflat/ HTTP/1.1" 200 0 "-" "Mozilla/5.0 (compatible; AwarioBot/1.0; +https://awario.com/bots.html)"
51.222.253.13 - - [16/Apr/2025:10:21:20 -0400] "GET /dunkin-donuts-coffee-cups-benefits-and-features/ HTTP/1.1" 200 0 "-" "Mozilla/5.0 (compatible; AhrefsBot/7.0; +http://ahrefs.com/robot/)"
65.21.113.246 - - [16/Apr/2025:10:21:20 -0400] "GET /unveiling-the-exquisite-toa-payoh-grand-showflat/ HTTP/1.1" 200 0 "-" "Mozilla/5.0 (compatible; AwarioBot/1.0; +https://awario.com/bots.html)"
65.21.113.246 - - [16/Apr/2025:10:21:26 -0400] "GET /unveiling-the-holistic-approach-of-osteopathy-in-dubai/ HTTP/1.1" 200 0 "-" "Mozilla/5.0 (compatible; AwarioBot/1.0; +https://awario.com/bots.html)"
65.21.113.246 - - [16/Apr/2025:10:21:34 -0400] "GET /unveiling-the-importance-of-corporate-event-entertainment/ HTTP/1.1" 200 0 "-" "Mozilla/5.0 (compatible; AwarioBot/1.0; +https://awario.com/bots.html)"
65.21.113.246 - - [16/Apr/2025:10:21:41 -0400] "GET /unveiling-the-power-of-youtube-views/ HTTP/1.1" 200 0 "-" "Mozilla/5.0 (compatible; AwarioBot/1.0; +https://awario.com/bots.html)"
198.54.114.83 - - [16/Apr/2025:10:21:45 -0400] "POST /wp-cron.php?doing_wp_cron=1744813302.0279669761657714843750 HTTP/1.1" 200 0 "-" "WordPress/6.8; https://bakingsecurityin.com"
65.21.113.246 - - [16/Apr/2025:10:21:50 -0400] "GET /unveiling-the-science-behind-bodybuilding-supplements/ HTTP/1.1" 200 0 "-" "Mozilla/5.0 (compatible; AwarioBot/1.0; +https://awario.com/bots.html)"
65.21.113.246 - - [16/Apr/2025:10:21:57 -0400] "GET /unveiling-the-secrets-how-to-cultivate-a-flourishing-instagram-following/ HTTP/1.1" 200 0 "-" "Mozilla/5.0 (compatible; AwarioBot/1.0; +https://awario.com/bots.html)"
65.21.113.246 - - [16/Apr/2025:10:22:03 -0400] "GET /unveiling-the-splendor-of-sotogrande-plots-where-luxury-meets-serenity/ HTTP/1.1" 200 0 "-" "Mozilla/5.0 (compatible; AwarioBot/1.0; +https://awario.com/bots.html)"
65.21.113.246 - - [16/Apr/2025:10:22:10 -0400] "GET /unveiling-the-thrills-of-online-casinos/ HTTP/1.1" 200 0 "-" "Mozilla/5.0 (compatible; AwarioBot/1.0; +https://awario.com/bots.html)"
65.21.113.246 - - [16/Apr/2025:10:22:16 -0400] "GET /unveiling-the-thrills-of-online-slots/ HTTP/1.1" 200 0 "-" "Mozilla/5.0 (compatible; AwarioBot/1.0; +https://awario.com/bots.html)"
65.21.113.246 - - [16/Apr/2025:10:22:21 -0400] "GET /unveiling-the-truth-should-you-buy-youtube-views/ HTTP/1.1" 200 0 "-" "Mozilla/5.0 (compatible; AwarioBot/1.0; +https://awario.com/bots.html)"
65.21.113.246 - - [16/Apr/2025:10:22:27 -0400] "GET /unveiling-the-ultimate-gold-cleaner/ HTTP/1.1" 200 0 "-" "Mozilla/5.0 (compatible; AwarioBot/1.0; +https://awario.com/bots.html)"
65.21.113.246 - - [16/Apr/2025:10:22:31 -0400] "GET /urgence-dentaire-geneve/ HTTP/1.1" 200 0 "-" "Mozilla/5.0 (compatible; AwarioBot/1.0; +https://awario.com/bots.html)"
65.21.113.246 - - [16/Apr/2025:10:22:36 -0400] "GET /use-of-gps-technology-by-moving-companies/ HTTP/1.1" 200 0 "-" "Mozilla/5.0 (compatible; AwarioBot/1.0; +https://awario.com/bots.html)"
65.21.113.246 - - [16/Apr/2025:10:22:42 -0400] "GET /use-screen-record-on-iphone/ HTTP/1.1" 200 0 "-" "Mozilla/5.0 (compatible; AwarioBot/1.0; +https://awario.com/bots.html)"
198.54.114.83 - - [16/Apr/2025:10:22:45 -0400] "POST /wp-cron.php?doing_wp_cron=1744813362.6681480407714843750000 HTTP/1.1" 200 0 "-" "WordPress/6.8; https://bakingsecurityin.com"
65.21.113.246 - - [16/Apr/2025:10:23:16 -0400] "GET /used-auto-parts-in-fort-myers/ HTTP/1.1" 200 0 "-" "Mozilla/5.0 (compatible; AwarioBot/1.0; +https://awario.com/bots.html)"
65.21.113.246 - - [16/Apr/2025:10:23:25 -0400] "GET /used-beauty-salon-equipment-what-the-customers-dont-know-wont-kill-em/ HTTP/1.1" 200 0 "-" "Mozilla/5.0 (compatible; AwarioBot/1.0; +https://awario.com/bots.html)"
65.21.113.246 - - [16/Apr/2025:10:23:31 -0400] "GET /useful-tips-to-selecting-the-best-catering-counter-fridges/ HTTP/1.1" 200 0 "-" "Mozilla/5.0 (compatible; AwarioBot/1.0; +https://awario.com/bots.html)"
65.21.113.246 - - [16/Apr/2025:10:23:50 -0400] "GET /using-nipple-protectors-for-breastfeeding/ HTTP/1.1" 200 0 "-" "Mozilla/5.0 (compatible; AwarioBot/1.0; +https://awario.com/bots.html)"
198.54.114.83 - - [16/Apr/2025:10:23:53 -0400] "POST /wp-cron.php?doing_wp_cron=1744813430.4372529983520507812500 HTTP/1.1" 200 0 "-" "WordPress/6.8; https://bakingsecurityin.com"
65.21.113.246 - - [16/Apr/2025:10:23:56 -0400] "GET /utiliser-des-pendules-dans-un-magasin-de-pendules/ HTTP/1.1" 200 0 "-" "Mozilla/5.0 (compatible; AwarioBot/1.0; +https://awario.com/bots.html)"
65.21.113.246 - - [16/Apr/2025:10:24:01 -0400] "GET /utility-payment-solutions-must-be-secure-fast-and-easy-to-use/ HTTP/1.1" 200 0 "-" "Mozilla/5.0 (compatible; AwarioBot/1.0; +https://awario.com/bots.html)"
65.21.113.246 - - [16/Apr/2025:10:24:19 -0400] "GET /vacuum-parts-and-vacuum-spares-now-available-easily/ HTTP/1.1" 200 0 "-" "Mozilla/5.0 (compatible; AwarioBot/1.0; +https://awario.com/bots.html)"
65.21.113.246 - - [16/Apr/2025:10:24:28 -0400] "GET /vases-decoratifs-en-ceramique/ HTTP/1.1" 200 0 "-" "Mozilla/5.0 (compatible; AwarioBot/1.0; +https://awario.com/bots.html)"
65.21.113.246 - - [16/Apr/2025:10:24:49 -0400] "GET /vintage-persian-rugs/ HTTP/1.1" 200 0 "-" "Mozilla/5.0 (compatible; AwarioBot/1.0; +https://awario.com/bots.html)"
65.21.113.246 - - [16/Apr/2025:10:24:57 -0400] "GET /vintage-turkish-rugs/ HTTP/1.1" 200 0 "-" "Mozilla/5.0 (compatible; AwarioBot/1.0; +https://awario.com/bots.html)"
198.54.114.83 - - [16/Apr/2025:10:25:02 -0400] "POST /wp-cron.php?doing_wp_cron=1744813497.4733550548553466796875 HTTP/1.1" 200 0 "-" "WordPress/6.8; https://bakingsecurityin.com"
65.21.113.246 - - [16/Apr/2025:10:25:19 -0400] "GET /virtual-telephone-answering-service-benefits-for-businesses/ HTTP/1.1" 200 0 "-" "Mozilla/5.0 (compatible; AwarioBot/1.0; +https://awario.com/bots.html)"
51.222.253.13 - - [16/Apr/2025:10:25:40 -0400] "GET /how-to-find-the-best-online-sports-betting-sites/feed/ HTTP/1.1" 200 420 "-" "Mozilla/5.0 (compatible; AhrefsBot/7.0; +http://ahrefs.com/robot/)"
65.21.113.246 - - [16/Apr/2025:10:25:53 -0400] "GET /vita-glow-cream-review/ HTTP/1.1" 200 0 "-" "Mozilla/5.0 (compatible; AwarioBot/1.0; +https://awario.com/bots.html)"
65.21.113.246 - - [16/Apr/2025:10:26:27 -0400] "GET /vita-glow-gold-and-vita-glow-skin-whitening-cream/ HTTP/1.1" 200 0 "-" "Mozilla/5.0 (compatible; AwarioBot/1.0; +https://awario.com/bots.html)"
198.54.114.83 - - [16/Apr/2025:10:26:33 -0400] "POST /wp-cron.php?doing_wp_cron=1744813587.9275190830230712890625 HTTP/1.1" 200 0 "-" "WordPress/6.8; https://bakingsecurityin.com"
65.21.113.246 - - [16/Apr/2025:10:26:52 -0400] "GET /voice-actor-training-getting-started-in-voice-overs/ HTTP/1.1" 200 0 "-" "Mozilla/5.0 (compatible; AwarioBot/1.0; +https://awario.com/bots.html)"
119.28.140.91 - - [16/Apr/2025:10:26:58 -0400] "GET /divorce-lawyer-in-kiryat-bialik/ HTTP/1.1" 200 0 "-" "Python/3.10 aiohttp/3.10.5"
34.132.180.149 - - [16/Apr/2025:10:27:38 -0400] "GET / HTTP/1.1" 200 0 "-" "Mozilla/5.0 (X11; Linux x86_64) AppleWebKit/537.36 (KHTML, like Gecko) Chrome/120.0.0.0 Safari/537.36"
65.21.113.246 - - [16/Apr/2025:10:27:41 -0400] "GET /voice-actor-training-things-you-should-know/ HTTP/1.1" 200 0 "-" "Mozilla/5.0 (compatible; AwarioBot/1.0; +https://awario.com/bots.html)"
198.54.114.83 - - [16/Apr/2025:10:27:43 -0400] "POST /wp-cron.php?doing_wp_cron=1744813658.9487740993499755859375 HTTP/1.1" 200 0 "-" "WordPress/6.8; https://bakingsecurityin.com"
43.134.216.64 - - [16/Apr/2025:10:28:13 -0400] "GET /can-fenbendazole-cure-cancer-2/ HTTP/1.1" 200 0 "-" "Python/3.10 aiohttp/3.10.5"
65.21.113.246 - - [16/Apr/2025:10:28:52 -0400] "GET /voice-over-artists-making-a-living-as-a-freelance-professional/ HTTP/1.1" 200 0 "-" "Mozilla/5.0 (compatible; AwarioBot/1.0; +https://awario.com/bots.html)"
136.243.228.193 - - [16/Apr/2025:10:28:53 -0400] "GET /customized-soccer-socks-for-your-team/ HTTP/1.1" 200 0 "-" "Mozilla/5.0 (compatible; DataForSeoBot/1.0; +https://dataforseo.com/dataforseo-bot)"
65.21.113.246 - - [16/Apr/2025:10:29:04 -0400] "GET /warum-sie-einen-spezialisten-fur-gartenpflege-beauftragen-sollten/ HTTP/1.1" 200 0 "-" "Mozilla/5.0 (compatible; AwarioBot/1.0; +https://awario.com/bots.html)"
65.21.113.246 - - [16/Apr/2025:10:29:12 -0400] "GET /water-soluble-bag-manufacturers/ HTTP/1.1" 200 0 "-" "Mozilla/5.0 (compatible; AwarioBot/1.0; +https://awario.com/bots.html)"
65.21.113.246 - - [16/Apr/2025:10:29:29 -0400] "GET /water-soluble-film-packaging-machine/ HTTP/1.1" 200 0 "-" "Mozilla/5.0 (compatible; AwarioBot/1.0; +https://awario.com/bots.html)"
65.21.113.246 - - [16/Apr/2025:10:29:44 -0400] "GET /water-tank-cleaners-near-me/ HTTP/1.1" 200 0 "-" "Mozilla/5.0 (compatible; AwarioBot/1.0; +https://awario.com/bots.html)"
51.222.253.19 - - [16/Apr/2025:10:29:45 -0400] "GET /the-versatility-of-diamond-burrs/feed/ HTTP/1.1" 200 399 "-" "Mozilla/5.0 (compatible; AhrefsBot/7.0; +http://ahrefs.com/robot/)"
65.21.113.246 - - [16/Apr/2025:10:29:53 -0400] "GET /watten-house-a-new-launch-condo-in-bukit-timah/ HTTP/1.1" 200 0 "-" "Mozilla/5.0 (compatible; AwarioBot/1.0; +https://awario.com/bots.html)"
198.54.114.83 - - [16/Apr/2025:10:29:58 -0400] "POST /wp-cron.php?doing_wp_cron=1744813793.4689850807189941406250 HTTP/1.1" 200 0 "-" "WordPress/6.8; https://bakingsecurityin.com"
101.32.75.188 - - [16/Apr/2025:10:29:58 -0400] "GET /how-to-borrow-money-in-singapore/ HTTP/1.1" 200 0 "-" "Python/3.10 aiohttp/3.10.5"
65.21.113.246 - - [16/Apr/2025:10:30:03 -0400] "GET /ways-to-say-cat-in-spanish/ HTTP/1.1" 200 0 "-" "Mozilla/5.0 (compatible; AwarioBot/1.0; +https://awario.com/bots.html)"
198.54.114.83 - - [16/Apr/2025:10:30:06 -0400] "POST /wp-admin/admin-ajax.php?action=async_litespeed&nonce=Ut6qCtcLqHAI5WdxZz07IL25ut55tvHy&litespeed_type=imgoptm HTTP/1.1" 200 0 "-" "WordPress/6.8; https://bakingsecurityin.com"
65.21.113.246 - - [16/Apr/2025:10:30:24 -0400] "GET /wealth-building-with-real-estate/ HTTP/1.1" 200 0 "-" "Mozilla/5.0 (compatible; AwarioBot/1.0; +https://awario.com/bots.html)"
65.21.113.246 - - [16/Apr/2025:10:30:34 -0400] "GET /wednesday-addams-costume-shop/ HTTP/1.1" 200 0 "-" "Mozilla/5.0 (compatible; AwarioBot/1.0; +https://awario.com/bots.html)"
65.21.113.246 - - [16/Apr/2025:10:30:42 -0400] "GET /weight-loss-benefits-of-black-cumin-seed-oil/ HTTP/1.1" 200 0 "-" "Mozilla/5.0 (compatible; AwarioBot/1.0; +https://awario.com/bots.html)"
65.21.113.246 - - [16/Apr/2025:10:30:51 -0400] "GET /weight-loss-food-recipes-for-healthy-dieting/ HTTP/1.1" 200 0 "-" "Mozilla/5.0 (compatible; AwarioBot/1.0; +https://awario.com/bots.html)"
65.21.113.246 - - [16/Apr/2025:10:31:00 -0400] "GET /welding-hose-manufacturers/ HTTP/1.1" 200 0 "-" "Mozilla/5.0 (compatible; AwarioBot/1.0; +https://awario.com/bots.html)"
65.21.113.246 - - [16/Apr/2025:10:32:10 -0400] "GET /wellness-im-schwarzwald/ HTTP/1.1" 200 0 "-" "Mozilla/5.0 (compatible; AwarioBot/1.0; +https://awario.com/bots.html)"
198.54.114.83 - - [16/Apr/2025:10:32:14 -0400] "POST /wp-cron.php?doing_wp_cron=1744813931.5313179492950439453125 HTTP/1.1" 200 0 "-" "WordPress/6.8; https://bakingsecurityin.com"
65.21.113.246 - - [16/Apr/2025:10:32:19 -0400] "GET /what-are-the-benefits-of-mindfulness/ HTTP/1.1" 200 0 "-" "Mozilla/5.0 (compatible; AwarioBot/1.0; +https://awario.com/bots.html)"
65.21.113.246 - - [16/Apr/2025:10:32:25 -0400] "GET /what-are-the-benefits-of-ordinary-floor-covering-cleaning/ HTTP/1.1" 200 0 "-" "Mozilla/5.0 (compatible; AwarioBot/1.0; +https://awario.com/bots.html)"
65.21.113.246 - - [16/Apr/2025:10:32:31 -0400] "GET /what-are-the-options-for-a-conservatory-roof-replacement/ HTTP/1.1" 200 0 "-" "Mozilla/5.0 (compatible; AwarioBot/1.0; +https://awario.com/bots.html)"
65.21.113.246 - - [16/Apr/2025:10:32:37 -0400] "GET /what-can-a-virtual-receptionist-do-for-your-business/ HTTP/1.1" 200 0 "-" "Mozilla/5.0 (compatible; AwarioBot/1.0; +https://awario.com/bots.html)"
65.21.113.246 - - [16/Apr/2025:10:32:42 -0400] "GET /what-can-cbd-oil-do-for-you/ HTTP/1.1" 200 0 "-" "Mozilla/5.0 (compatible; AwarioBot/1.0; +https://awario.com/bots.html)"
65.21.113.246 - - [16/Apr/2025:10:32:47 -0400] "GET /what-does-a-commercial-locksmith-do/ HTTP/1.1" 200 0 "-" "Mozilla/5.0 (compatible; AwarioBot/1.0; +https://awario.com/bots.html)"
65.21.113.246 - - [16/Apr/2025:10:32:52 -0400] "GET /what-does-a-social-media-agency-do/ HTTP/1.1" 200 0 "-" "Mozilla/5.0 (compatible; AwarioBot/1.0; +https://awario.com/bots.html)"
65.21.113.246 - - [16/Apr/2025:10:32:57 -0400] "GET /what-does-archive-mean-on-instagram/ HTTP/1.1" 200 0 "-" "Mozilla/5.0 (compatible; AwarioBot/1.0; +https://awario.com/bots.html)"
65.21.113.246 - - [16/Apr/2025:10:33:02 -0400] "GET /what-does-fwd-mean/ HTTP/1.1" 200 0 "-" "Mozilla/5.0 (compatible; AwarioBot/1.0; +https://awario.com/bots.html)"
65.21.113.246 - - [16/Apr/2025:10:33:25 -0400] "GET /what-does-op-mean-on-reddit/ HTTP/1.1" 200 0 "-" "Mozilla/5.0 (compatible; AwarioBot/1.0; +https://awario.com/bots.html)"
198.54.114.83 - - [16/Apr/2025:10:33:27 -0400] "POST /wp-cron.php?doing_wp_cron=1744814005.3666589260101318359375 HTTP/1.1" 200 0 "-" "WordPress/6.8; https://bakingsecurityin.com"
65.21.113.246 - - [16/Apr/2025:10:33:36 -0400] "GET /what-episode-does-jon-snow-die/ HTTP/1.1" 200 0 "-" "Mozilla/5.0 (compatible; AwarioBot/1.0; +https://awario.com/bots.html)"
51.222.253.17 - - [16/Apr/2025:10:33:38 -0400] "GET /integrative-and-holistic-medicine/feed/ HTTP/1.1" 200 395 "-" "Mozilla/5.0 (compatible; AhrefsBot/7.0; +http://ahrefs.com/robot/)"
65.21.113.246 - - [16/Apr/2025:10:33:51 -0400] "GET /what-goes-into-moving-quotes-on-movers/ HTTP/1.1" 200 0 "-" "Mozilla/5.0 (compatible; AwarioBot/1.0; +https://awario.com/bots.html)"
85.208.96.205 - - [16/Apr/2025:10:34:00 -0400] "GET /use-of-gps-technology-by-moving-companies/ HTTP/1.1" 200 0 "-" "Mozilla/5.0 (compatible; SemrushBot/7~bl; +http://www.semrush.com/bot.html)"
65.21.113.246 - - [16/Apr/2025:10:34:15 -0400] "GET /what-health-conditions-can-cbd-gummies-help/ HTTP/1.1" 200 0 "-" "Mozilla/5.0 (compatible; AwarioBot/1.0; +https://awario.com/bots.html)"
65.21.113.246 - - [16/Apr/2025:10:34:23 -0400] "GET /what-is-a-balance-sheet/ HTTP/1.1" 200 0 "-" "Mozilla/5.0 (compatible; AwarioBot/1.0; +https://awario.com/bots.html)"
65.21.113.246 - - [16/Apr/2025:10:34:29 -0400] "GET /what-is-a-bitcoin-tumbler-and-how-does-it-work/ HTTP/1.1" 200 0 "-" "Mozilla/5.0 (compatible; AwarioBot/1.0; +https://awario.com/bots.html)"
198.54.114.83 - - [16/Apr/2025:10:34:33 -0400] "POST /wp-cron.php?doing_wp_cron=1744814069.8801128864288330078125 HTTP/1.1" 200 0 "-" "WordPress/6.8; https://bakingsecurityin.com"
198.54.114.83 - - [16/Apr/2025:10:34:38 -0400] "POST /wp-admin/admin-ajax.php?action=async_litespeed&nonce=Sis2cmLXBwT0u9MOMHtaYgcB0IIV9JuU&litespeed_type=imgoptm HTTP/1.1" 200 0 "-" "WordPress/6.8; https://bakingsecurityin.com"
65.21.113.246 - - [16/Apr/2025:10:34:38 -0400] "GET /what-is-a-customised-cake/ HTTP/1.1" 200 0 "-" "Mozilla/5.0 (compatible; AwarioBot/1.0; +https://awario.com/bots.html)"
65.21.113.246 - - [16/Apr/2025:10:34:55 -0400] "GET /what-is-a-dentist-office/ HTTP/1.1" 200 0 "-" "Mozilla/5.0 (compatible; AwarioBot/1.0; +https://awario.com/bots.html)"
65.21.113.246 - - [16/Apr/2025:10:35:06 -0400] "GET /what-is-a-martial-art/ HTTP/1.1" 200 0 "-" "Mozilla/5.0 (compatible; AwarioBot/1.0; +https://awario.com/bots.html)"
65.21.113.246 - - [16/Apr/2025:10:35:16 -0400] "GET /what-is-a-talking-avatar/ HTTP/1.1" 200 0 "-" "Mozilla/5.0 (compatible; AwarioBot/1.0; +https://awario.com/bots.html)"
65.21.113.246 - - [16/Apr/2025:10:35:26 -0400] "GET /what-is-a-thailand-privilege-visa/ HTTP/1.1" 200 0 "-" "Mozilla/5.0 (compatible; AwarioBot/1.0; +https://awario.com/bots.html)"
65.21.113.246 - - [16/Apr/2025:10:35:36 -0400] "GET /what-is-counselling/ HTTP/1.1" 200 0 "-" "Mozilla/5.0 (compatible; AwarioBot/1.0; +https://awario.com/bots.html)"
65.21.113.246 - - [16/Apr/2025:10:35:43 -0400] "GET /what-is-dry-needling-canton/ HTTP/1.1" 200 0 "-" "Mozilla/5.0 (compatible; AwarioBot/1.0; +https://awario.com/bots.html)"
65.21.113.246 - - [16/Apr/2025:10:36:00 -0400] "GET /what-is-family-mediation/ HTTP/1.1" 200 0 "-" "Mozilla/5.0 (compatible; AwarioBot/1.0; +https://awario.com/bots.html)"
65.21.113.246 - - [16/Apr/2025:10:36:37 -0400] "GET /what-is-home-care-montreal/ HTTP/1.1" 200 0 "-" "Mozilla/5.0 (compatible; AwarioBot/1.0; +https://awario.com/bots.html)"
198.54.114.83 - - [16/Apr/2025:10:36:41 -0400] "POST /wp-cron.php?doing_wp_cron=1744814198.1629068851470947265625 HTTP/1.1" 200 0 "-" "WordPress/6.8; https://bakingsecurityin.com"
65.21.113.246 - - [16/Apr/2025:10:36:44 -0400] "GET /what-is-industrial-packaging/ HTTP/1.1" 200 0 "-" "Mozilla/5.0 (compatible; AwarioBot/1.0; +https://awario.com/bots.html)"
65.21.113.246 - - [16/Apr/2025:10:36:50 -0400] "GET /what-is-microsoft-azure-and-how-can-it-benefit-your-business/ HTTP/1.1" 200 0 "-" "Mozilla/5.0 (compatible; AwarioBot/1.0; +https://awario.com/bots.html)"
65.21.113.246 - - [16/Apr/2025:10:37:13 -0400] "GET /what-is-online-sports-betting/ HTTP/1.1" 200 0 "-" "Mozilla/5.0 (compatible; AwarioBot/1.0; +https://awario.com/bots.html)"
43.129.84.140 - - [16/Apr/2025:10:37:17 -0400] "GET /socks-with-logo-everything-you-need-to-know/ HTTP/1.1" 200 0 "-" "Python/3.10 aiohttp/3.10.5"
65.21.113.246 - - [16/Apr/2025:10:37:24 -0400] "GET /what-is-plumbing/ HTTP/1.1" 200 0 "-" "Mozilla/5.0 (compatible; AwarioBot/1.0; +https://awario.com/bots.html)"
65.21.113.246 - - [16/Apr/2025:10:37:38 -0400] "GET /what-is-profit-recovery/ HTTP/1.1" 200 0 "-" "Mozilla/5.0 (compatible; AwarioBot/1.0; +https://awario.com/bots.html)"
51.222.253.14 - - [16/Apr/2025:10:37:40 -0400] "GET /smb-marketing-secrets/ HTTP/1.1" 200 0 "-" "Mozilla/5.0 (compatible; AhrefsBot/7.0; +http://ahrefs.com/robot/)"
198.54.114.83 - - [16/Apr/2025:10:37:41 -0400] "POST /wp-cron.php?doing_wp_cron=1744814258.9014880657196044921875 HTTP/1.1" 200 0 "-" "WordPress/6.8; https://bakingsecurityin.com"
65.21.113.246 - - [16/Apr/2025:10:37:48 -0400] "GET /what-is-thermal-mastic/ HTTP/1.1" 200 0 "-" "Mozilla/5.0 (compatible; AwarioBot/1.0; +https://awario.com/bots.html)"
65.21.113.246 - - [16/Apr/2025:10:37:56 -0400] "GET /what-is-vyvanse/ HTTP/1.1" 200 0 "-" "Mozilla/5.0 (compatible; AwarioBot/1.0; +https://awario.com/bots.html)"
185.191.171.10 - - [16/Apr/2025:10:37:59 -0400] "GET /can-fenbendazole-cure-cancer/ HTTP/1.1" 200 0 "-" "Mozilla/5.0 (compatible; SemrushBot/7~bl; +http://www.semrush.com/bot.html)"
65.21.113.246 - - [16/Apr/2025:10:38:18 -0400] "GET /what-qualifications-do-you-need-to-become-a-health-coach/ HTTP/1.1" 200 0 "-" "Mozilla/5.0 (compatible; AwarioBot/1.0; +https://awario.com/bots.html)"
65.21.113.246 - - [16/Apr/2025:10:38:35 -0400] "GET /what-time-does-floyd-mayweather-fight-start/ HTTP/1.1" 200 0 "-" "Mozilla/5.0 (compatible; AwarioBot/1.0; +https://awario.com/bots.html)"
65.21.113.246 - - [16/Apr/2025:10:38:56 -0400] "GET /what-to-expect-from-a-professional-car-detailing-service/ HTTP/1.1" 200 0 "-" "Mozilla/5.0 (compatible; AwarioBot/1.0; +https://awario.com/bots.html)"
198.54.114.83 - - [16/Apr/2025:10:39:02 -0400] "POST /wp-cron.php?doing_wp_cron=1744814337.3902759552001953125000 HTTP/1.1" 200 0 "-" "WordPress/6.8; https://bakingsecurityin.com"
65.21.113.246 - - [16/Apr/2025:10:39:06 -0400] "GET /what-to-expect-from-a-spa-massage/ HTTP/1.1" 200 0 "-" "Mozilla/5.0 (compatible; AwarioBot/1.0; +https://awario.com/bots.html)"
65.21.113.246 - - [16/Apr/2025:10:39:13 -0400] "GET /what-to-look-for-in-a-ptfe-hose-manufacturer/ HTTP/1.1" 200 0 "-" "Mozilla/5.0 (compatible; AwarioBot/1.0; +https://awario.com/bots.html)"
65.21.113.246 - - [16/Apr/2025:10:39:23 -0400] "GET /what-to-look-for-in-an-online-casino/ HTTP/1.1" 200 0 "-" "Mozilla/5.0 (compatible; AwarioBot/1.0; +https://awario.com/bots.html)"
65.21.113.246 - - [16/Apr/2025:10:39:41 -0400] "GET /what-types-of-auto-warranties-are-available/ HTTP/1.1" 200 0 "-" "Mozilla/5.0 (compatible; AwarioBot/1.0; +https://awario.com/bots.html)"
65.21.113.246 - - [16/Apr/2025:10:39:52 -0400] "GET /what-you-need-to-know-about-tretinoin-cream/ HTTP/1.1" 200 0 "-" "Mozilla/5.0 (compatible; AwarioBot/1.0; +https://awario.com/bots.html)"
65.21.113.246 - - [16/Apr/2025:10:39:59 -0400] "GET /what-you-should-know-about-a-tummy-tuck/ HTTP/1.1" 200 0 "-" "Mozilla/5.0 (compatible; AwarioBot/1.0; +https://awario.com/bots.html)"
198.54.114.83 - - [16/Apr/2025:10:40:04 -0400] "POST /wp-cron.php?doing_wp_cron=1744814399.7820820808410644531250 HTTP/1.1" 200 0 "-" "WordPress/6.8; https://bakingsecurityin.com"
65.21.113.246 - - [16/Apr/2025:10:40:48 -0400] "GET /where-luxury-living-meets-urban-convenience/ HTTP/1.1" 200 0 "-" "Mozilla/5.0 (compatible; AwarioBot/1.0; +https://awario.com/bots.html)"
65.21.113.246 - - [16/Apr/2025:10:40:56 -0400] "GET /where-to-buy-retin-a/ HTTP/1.1" 200 0 "-" "Mozilla/5.0 (compatible; AwarioBot/1.0; +https://awario.com/bots.html)"
65.21.113.246 - - [16/Apr/2025:10:41:03 -0400] "GET /where-to-buy-roblox-gift-cards/ HTTP/1.1" 200 0 "-" "Mozilla/5.0 (compatible; AwarioBot/1.0; +https://awario.com/bots.html)"
198.54.114.83 - - [16/Apr/2025:10:41:06 -0400] "POST /wp-cron.php?doing_wp_cron=1744814463.9838190078735351562500 HTTP/1.1" 200 0 "-" "WordPress/6.8; https://bakingsecurityin.com"
198.54.114.83 - - [16/Apr/2025:10:41:10 -0400] "POST /wp-admin/admin-ajax.php?action=async_litespeed&nonce=NBTvxXRPuRJIYyYlR3adudTH4BFy6UxS&litespeed_type=imgoptm HTTP/1.1" 200 0 "-" "WordPress/6.8; https://bakingsecurityin.com"
65.21.113.246 - - [16/Apr/2025:10:41:10 -0400] "GET /where-to-buy-sarms/ HTTP/1.1" 200 0 "-" "Mozilla/5.0 (compatible; AwarioBot/1.0; +https://awario.com/bots.html)"
65.21.113.246 - - [16/Apr/2025:10:41:16 -0400] "GET /where-to-buy-semenax/ HTTP/1.1" 200 0 "-" "Mozilla/5.0 (compatible; AwarioBot/1.0; +https://awario.com/bots.html)"
65.21.113.246 - - [16/Apr/2025:10:41:21 -0400] "GET /where-to-buy-youtube-live-stream-views/ HTTP/1.1" 200 0 "-" "Mozilla/5.0 (compatible; AwarioBot/1.0; +https://awario.com/bots.html)"
198.54.114.83 - - [16/Apr/2025:10:41:24 -0400] "POST /wp-cron.php?doing_wp_cron=1744814481.9428761005401611328125 HTTP/1.1" 200 0 "-" "WordPress/6.8; https://bakingsecurityin.com"
198.54.114.83 - - [16/Apr/2025:10:41:27 -0400] "POST /wp-admin/admin-ajax.php?action=async_litespeed&nonce=7ppZNUyaP17jdBsMNHQ3DJRUkVOnGrVG&litespeed_type=imgoptm HTTP/1.1" 200 0 "-" "WordPress/6.8; https://bakingsecurityin.com"
65.21.113.246 - - [16/Apr/2025:10:41:27 -0400] "GET /where-to-buy-youtube-short-views/ HTTP/1.1" 200 0 "-" "Mozilla/5.0 (compatible; AwarioBot/1.0; +https://awario.com/bots.html)"
51.222.253.18 - - [16/Apr/2025:10:41:28 -0400] "GET /where-to-buy-retin-a/ HTTP/1.1" 200 0 "-" "Mozilla/5.0 (compatible; AhrefsBot/7.0; +http://ahrefs.com/robot/)"
65.21.113.246 - - [16/Apr/2025:10:41:34 -0400] "GET /where-to-find-womens-bamboo-pajamas/ HTTP/1.1" 200 0 "-" "Mozilla/5.0 (compatible; AwarioBot/1.0; +https://awario.com/bots.html)"
65.21.113.246 - - [16/Apr/2025:10:41:39 -0400] "GET /where-to-grab-the-cheapest-property-in-the-italian-lakes/ HTTP/1.1" 200 0 "-" "Mozilla/5.0 (compatible; AwarioBot/1.0; +https://awario.com/bots.html)"
65.21.113.246 - - [16/Apr/2025:10:41:44 -0400] "GET /where-to-place-runner-rugs/ HTTP/1.1" 200 0 "-" "Mozilla/5.0 (compatible; AwarioBot/1.0; +https://awario.com/bots.html)"
65.21.113.246 - - [16/Apr/2025:10:41:49 -0400] "GET /which-it-certifications-are-right-for-you/ HTTP/1.1" 200 0 "-" "Mozilla/5.0 (compatible; AwarioBot/1.0; +https://awario.com/bots.html)"
65.21.113.246 - - [16/Apr/2025:10:41:53 -0400] "GET /whipped-soap-uk-how-to-make-your-own-whipped-soap/ HTTP/1.1" 200 0 "-" "Mozilla/5.0 (compatible; AwarioBot/1.0; +https://awario.com/bots.html)"
