65.21.113.246 - - [16/Apr/2025:08:53:06 -0400] "GET /inspirational-jewellery-gifts/ HTTP/1.1" 200 0 "-" "Mozilla/5.0 (compatible; AwarioBot/1.0; +https://awario.com/bots.html)"
65.21.113.246 - - [16/Apr/2025:08:53:12 -0400] "GET /instant-boiling-water-tap/ HTTP/1.1" 200 0 "-" "Mozilla/5.0 (compatible; AwarioBot/1.0; +https://awario.com/bots.html)"
65.21.113.246 - - [16/Apr/2025:08:53:20 -0400] "GET /insurance-calculator-self-insured-person-2024/ HTTP/1.1" 200 0 "-" "Mozilla/5.0 (compatible; AwarioBot/1.0; +https://awario.com/bots.html)"
65.21.113.246 - - [16/Apr/2025:08:53:27 -0400] "GET /integrative-and-holistic-medicine/ HTTP/1.1" 200 0 "-" "Mozilla/5.0 (compatible; AwarioBot/1.0; +https://awario.com/bots.html)"
65.21.113.246 - - [16/Apr/2025:08:53:33 -0400] "GET /interior-design-services-yaletown/ HTTP/1.1" 200 0 "-" "Mozilla/5.0 (compatible; AwarioBot/1.0; +https://awario.com/bots.html)"
65.21.113.246 - - [16/Apr/2025:08:53:38 -0400] "GET /intranets-and-intranet-applications/ HTTP/1.1" 200 0 "-" "Mozilla/5.0 (compatible; AwarioBot/1.0; +https://awario.com/bots.html)"
65.21.113.246 - - [16/Apr/2025:08:53:45 -0400] "GET /introduction-to-fda-mocra/ HTTP/1.1" 200 0 "-" "Mozilla/5.0 (compatible; AwarioBot/1.0; +https://awario.com/bots.html)"
65.21.113.246 - - [16/Apr/2025:08:53:51 -0400] "GET /invest-with-teri-trade-and-travel-2-0-review/ HTTP/1.1" 200 0 "-" "Mozilla/5.0 (compatible; AwarioBot/1.0; +https://awario.com/bots.html)"
65.21.113.246 - - [16/Apr/2025:08:53:56 -0400] "GET /iptv-technology-simplified/ HTTP/1.1" 200 0 "-" "Mozilla/5.0 (compatible; AwarioBot/1.0; +https://awario.com/bots.html)"
198.54.114.83 - - [16/Apr/2025:08:53:59 -0400] "POST /wp-cron.php?doing_wp_cron=1744808036.7951819896697998046875 HTTP/1.1" 200 0 "-" "WordPress/6.7.2; https://bakingsecurityin.com"
65.21.113.246 - - [16/Apr/2025:08:54:13 -0400] "GET /is-it-legal-to-buy-cbd-in-the-uk/ HTTP/1.1" 200 0 "-" "Mozilla/5.0 (compatible; AwarioBot/1.0; +https://awario.com/bots.html)"
65.21.113.246 - - [16/Apr/2025:08:54:18 -0400] "GET /is-skin-tightening-right-for-you/ HTTP/1.1" 200 0 "-" "Mozilla/5.0 (compatible; AwarioBot/1.0; +https://awario.com/bots.html)"
65.21.113.246 - - [16/Apr/2025:08:54:22 -0400] "GET /is-there-only-one-north/ HTTP/1.1" 200 0 "-" "Mozilla/5.0 (compatible; AwarioBot/1.0; +https://awario.com/bots.html)"
51.222.253.14 - - [16/Apr/2025:08:54:25 -0400] "GET /types-of-bb-guns/ HTTP/1.1" 200 0 "-" "Mozilla/5.0 (compatible; AhrefsBot/7.0; +http://ahrefs.com/robot/)"
65.21.113.246 - - [16/Apr/2025:08:54:28 -0400] "GET /italian-leather-bags-wholesale-uk/ HTTP/1.1" 200 0 "-" "Mozilla/5.0 (compatible; AwarioBot/1.0; +https://awario.com/bots.html)"
65.21.113.246 - - [16/Apr/2025:08:54:32 -0400] "GET /ivf-clinic-in-barcelona/ HTTP/1.1" 200 0 "-" "Mozilla/5.0 (compatible; AwarioBot/1.0; +https://awario.com/bots.html)"
65.21.113.246 - - [16/Apr/2025:08:54:37 -0400] "GET /ivf-clinic-sharjah/ HTTP/1.1" 200 0 "-" "Mozilla/5.0 (compatible; AwarioBot/1.0; +https://awario.com/bots.html)"
65.21.113.246 - - [16/Apr/2025:08:54:42 -0400] "GET /ivf-clinics-sharjah/ HTTP/1.1" 200 0 "-" "Mozilla/5.0 (compatible; AwarioBot/1.0; +https://awario.com/bots.html)"
65.21.113.246 - - [16/Apr/2025:08:54:47 -0400] "GET /jden-capitaland-condos-in-singapore/ HTTP/1.1" 200 0 "-" "Mozilla/5.0 (compatible; AwarioBot/1.0; +https://awario.com/bots.html)"
65.21.113.246 - - [16/Apr/2025:08:54:51 -0400] "GET /jet-ski-also-known-as-water-skiing/ HTTP/1.1" 200 0 "-" "Mozilla/5.0 (compatible; AwarioBot/1.0; +https://awario.com/bots.html)"
65.21.113.246 - - [16/Apr/2025:08:54:57 -0400] "GET /jewellery-cleaner-solution/ HTTP/1.1" 200 0 "-" "Mozilla/5.0 (compatible; AwarioBot/1.0; +https://awario.com/bots.html)"
198.54.114.83 - - [16/Apr/2025:08:54:59 -0400] "POST /wp-cron.php?doing_wp_cron=1744808097.4223248958587646484375 HTTP/1.1" 200 0 "-" "WordPress/6.7.2; https://bakingsecurityin.com"
45.148.10.80 - - [16/Apr/2025:08:54:59 -0400] "GET /.git/config HTTP/1.1" 403 1242 "-" "Mozilla/5.0 (Macintosh; Intel Mac OS X 10_15_7) AppleWebKit/605.1.15 (KHTML, like Gecko) Version/16.5 Safari/605.1.15"
198.54.114.83 - - [16/Apr/2025:08:55:01 -0400] "POST /wp-admin/admin-ajax.php?action=async_litespeed&nonce=UYcOb6350x4rgCYDy7qNhFS0f924J9wF&litespeed_type=imgoptm HTTP/1.1" 200 0 "-" "WordPress/6.7.2; https://bakingsecurityin.com"
65.21.113.246 - - [16/Apr/2025:08:55:03 -0400] "GET /jewelry-photo-editing-service/ HTTP/1.1" 200 0 "-" "Mozilla/5.0 (compatible; AwarioBot/1.0; +https://awario.com/bots.html)"
65.21.113.246 - - [16/Apr/2025:08:55:09 -0400] "GET /joyaux-culinaires-pres-de-chez-vous-explorer-les-meilleurs-restaurants-de-votre-region/ HTTP/1.1" 200 0 "-" "Mozilla/5.0 (compatible; AwarioBot/1.0; +https://awario.com/bots.html)"
65.21.113.246 - - [16/Apr/2025:08:55:13 -0400] "GET /juro-explainer-what-is-an-attorney/ HTTP/1.1" 200 0 "-" "Mozilla/5.0 (compatible; AwarioBot/1.0; +https://awario.com/bots.html)"
65.21.113.246 - - [16/Apr/2025:08:55:19 -0400] "GET /kann-ein-hund-eineiige-zwillinge-riechen/ HTTP/1.1" 200 0 "-" "Mozilla/5.0 (compatible; AwarioBot/1.0; +https://awario.com/bots.html)"
65.21.113.246 - - [16/Apr/2025:08:55:26 -0400] "GET /kassia-condo-a-new-lifestyle-condominium/ HTTP/1.1" 200 0 "-" "Mozilla/5.0 (compatible; AwarioBot/1.0; +https://awario.com/bots.html)"
198.54.114.83 - - [16/Apr/2025:08:55:28 -0400] "POST /wp-cron.php?doing_wp_cron=1744808126.3471488952636718750000 HTTP/1.1" 200 0 "-" "WordPress/6.7.2; https://bakingsecurityin.com"
178.20.45.159 - - [16/Apr/2025:08:55:33 -0400] "GET /how-does-red-light-therapy-work/ HTTP/1.1" 200 0 "https://bakingsecurityin.com/how-does-red-light-therapy-work/#comment-11759/" "Mozilla/5.0 (Windows NT 10.0; Win64; x64) AppleWebKit/537.36 (KHTML, like Gecko) Chrome/131.0.0.0 Safari/537.36 Avast/131.0.0.0"
65.21.113.246 - - [16/Apr/2025:08:55:35 -0400] "GET /kassia-show-flat-appointment/ HTTP/1.1" 200 0 "-" "Mozilla/5.0 (compatible; AwarioBot/1.0; +https://awario.com/bots.html)"
178.20.45.159 - - [16/Apr/2025:08:55:36 -0400] "GET / HTTP/1.1" 200 0 "https://bakingsecurityin.com/" "Mozilla/5.0 (Windows NT 10.0; Win64; x64) AppleWebKit/537.36 (KHTML, like Gecko) Chrome/131.0.0.0 Safari/537.36 Avast/131.0.0.0"
65.21.113.246 - - [16/Apr/2025:08:55:46 -0400] "GET /kayak-rental-near-me-in-new-york/ HTTP/1.1" 200 0 "-" "Mozilla/5.0 (compatible; AwarioBot/1.0; +https://awario.com/bots.html)"
65.21.113.246 - - [16/Apr/2025:08:55:53 -0400] "GET /kinds-of-visas-for-indians-to-study-work-or-live-in-australia/ HTTP/1.1" 200 0 "-" "Mozilla/5.0 (compatible; AwarioBot/1.0; +https://awario.com/bots.html)"
65.21.113.246 - - [16/Apr/2025:08:55:59 -0400] "GET /kitchen-cabinet-suppliers/ HTTP/1.1" 200 0 "-" "Mozilla/5.0 (compatible; AwarioBot/1.0; +https://awario.com/bots.html)"
65.21.113.246 - - [16/Apr/2025:08:56:08 -0400] "GET /kitchen-remodeling-in-portland/ HTTP/1.1" 200 0 "-" "Mozilla/5.0 (compatible; AwarioBot/1.0; +https://awario.com/bots.html)"
65.21.113.246 - - [16/Apr/2025:08:56:19 -0400] "GET /knitting-as-a-tool-for-communication/ HTTP/1.1" 200 0 "-" "Mozilla/5.0 (compatible; AwarioBot/1.0; +https://awario.com/bots.html)"
65.21.113.246 - - [16/Apr/2025:08:56:26 -0400] "GET /korean-private-label-skincare/ HTTP/1.1" 200 0 "-" "Mozilla/5.0 (compatible; AwarioBot/1.0; +https://awario.com/bots.html)"
198.54.114.83 - - [16/Apr/2025:08:56:30 -0400] "POST /wp-cron.php?doing_wp_cron=1744808186.8531498908996582031250 HTTP/1.1" 200 0 "-" "WordPress/6.7.2; https://bakingsecurityin.com"
65.21.113.246 - - [16/Apr/2025:08:56:34 -0400] "GET /kraft-der-videoanimationen-eine-kreative-welt-zum-leben-erwecken/ HTTP/1.1" 200 0 "-" "Mozilla/5.0 (compatible; AwarioBot/1.0; +https://awario.com/bots.html)"
65.21.113.246 - - [16/Apr/2025:08:56:42 -0400] "GET /la-mode-feminine-elegance-et-polyvalence/ HTTP/1.1" 200 0 "-" "Mozilla/5.0 (compatible; AwarioBot/1.0; +https://awario.com/bots.html)"
65.21.113.246 - - [16/Apr/2025:08:56:48 -0400] "GET /la-realite-virtuelle-une-vision-davenir/ HTTP/1.1" 200 0 "-" "Mozilla/5.0 (compatible; AwarioBot/1.0; +https://awario.com/bots.html)"
65.21.113.246 - - [16/Apr/2025:08:56:54 -0400] "GET /la-revolution-du-jeu-en-ligne-lascension-de-1xbet/ HTTP/1.1" 200 0 "-" "Mozilla/5.0 (compatible; AwarioBot/1.0; +https://awario.com/bots.html)"
65.21.113.246 - - [16/Apr/2025:08:57:00 -0400] "GET /la-securite-maximale-avec-assurance-flotte/ HTTP/1.1" 200 0 "-" "Mozilla/5.0 (compatible; AwarioBot/1.0; +https://awario.com/bots.html)"
65.21.113.246 - - [16/Apr/2025:08:57:07 -0400] "GET /lakegarden-residences-eco-conscious-living-at-its-best/ HTTP/1.1" 200 0 "-" "Mozilla/5.0 (compatible; AwarioBot/1.0; +https://awario.com/bots.html)"
65.21.113.246 - - [16/Apr/2025:08:57:24 -0400] "GET /lampe-de-table-design/ HTTP/1.1" 200 0 "-" "Mozilla/5.0 (compatible; AwarioBot/1.0; +https://awario.com/bots.html)"
51.222.253.18 - - [16/Apr/2025:08:57:26 -0400] "GET /innovative-fitness-apparel-redefining-performance-and-style/ HTTP/1.1" 200 0 "-" "Mozilla/5.0 (compatible; AhrefsBot/7.0; +http://ahrefs.com/robot/)"
65.21.113.246 - - [16/Apr/2025:08:57:31 -0400] "GET /lart-de-la-rue-une-expression-creative-libre/ HTTP/1.1" 200 0 "-" "Mozilla/5.0 (compatible; AwarioBot/1.0; +https://awario.com/bots.html)"
198.54.114.83 - - [16/Apr/2025:08:57:34 -0400] "POST /wp-cron.php?doing_wp_cron=1744808251.9226169586181640625000 HTTP/1.1" 200 0 "-" "WordPress/6.7.2; https://bakingsecurityin.com"
65.21.113.246 - - [16/Apr/2025:08:57:38 -0400] "GET /law-tuition-the-sticker-price-of-law-school/ HTTP/1.1" 200 0 "-" "Mozilla/5.0 (compatible; AwarioBot/1.0; +https://awario.com/bots.html)"
65.21.113.246 - - [16/Apr/2025:08:57:45 -0400] "GET /lawyer-hattingen-2/ HTTP/1.1" 200 0 "-" "Mozilla/5.0 (compatible; AwarioBot/1.0; +https://awario.com/bots.html)"
65.21.113.246 - - [16/Apr/2025:08:57:51 -0400] "GET /lawyer-hattingen/ HTTP/1.1" 200 0 "-" "Mozilla/5.0 (compatible; AwarioBot/1.0; +https://awario.com/bots.html)"
65.21.113.246 - - [16/Apr/2025:08:57:58 -0400] "GET /le-katana-japonais/ HTTP/1.1" 200 0 "-" "Mozilla/5.0 (compatible; AwarioBot/1.0; +https://awario.com/bots.html)"
65.21.113.246 - - [16/Apr/2025:08:58:06 -0400] "GET /le-mystere-de-lenchanteur/ HTTP/1.1" 200 0 "-" "Mozilla/5.0 (compatible; AwarioBot/1.0; +https://awario.com/bots.html)"
65.21.113.246 - - [16/Apr/2025:08:58:14 -0400] "GET /le-poncho-de-surf-laccessoire-indispensable-pour-les-surfeurs/ HTTP/1.1" 200 0 "-" "Mozilla/5.0 (compatible; AwarioBot/1.0; +https://awario.com/bots.html)"
65.21.113.246 - - [16/Apr/2025:08:58:23 -0400] "GET /le-pouvoir-de-la-publicite-par-drapeau/ HTTP/1.1" 200 0 "-" "Mozilla/5.0 (compatible; AwarioBot/1.0; +https://awario.com/bots.html)"
65.21.113.246 - - [16/Apr/2025:08:58:41 -0400] "GET /le-pouvoir-enigmatique-de-la-maca-sur-la-libido/ HTTP/1.1" 200 0 "-" "Mozilla/5.0 (compatible; AwarioBot/1.0; +https://awario.com/bots.html)"
198.54.114.83 - - [16/Apr/2025:08:58:44 -0400] "POST /wp-cron.php?doing_wp_cron=1744808321.5476770401000976562500 HTTP/1.1" 200 0 "-" "WordPress/6.7.2; https://bakingsecurityin.com"
198.54.114.83 - - [16/Apr/2025:08:58:48 -0400] "POST /wp-admin/admin-ajax.php?action=async_litespeed&nonce=Jr8Y5eWilUnQzxXxrXwgMXtGxeIwKBAd&litespeed_type=imgoptm HTTP/1.1" 200 0 "-" "WordPress/6.7.2; https://bakingsecurityin.com"
65.21.113.246 - - [16/Apr/2025:08:59:16 -0400] "GET /le-sac-a-dos-militaire-lepine-dorsale-des-soldats/ HTTP/1.1" 200 0 "-" "Mozilla/5.0 (compatible; AwarioBot/1.0; +https://awario.com/bots.html)"
65.21.113.246 - - [16/Apr/2025:08:59:24 -0400] "GET /le-tazze-personalizzate-sono-un-ottimo-modo-per-mostrare-la-tua-personalita/ HTTP/1.1" 200 0 "-" "Mozilla/5.0 (compatible; AwarioBot/1.0; +https://awario.com/bots.html)"
198.54.114.83 - - [16/Apr/2025:08:59:30 -0400] "POST /wp-cron.php?doing_wp_cron=1744808366.1550168991088867187500 HTTP/1.1" 200 0 "-" "WordPress/6.7.2; https://bakingsecurityin.com"
65.21.113.246 - - [16/Apr/2025:08:59:36 -0400] "GET /league-of-legends-lecture/ HTTP/1.1" 200 0 "-" "Mozilla/5.0 (compatible; AwarioBot/1.0; +https://awario.com/bots.html)"
65.21.113.246 - - [16/Apr/2025:08:59:44 -0400] "GET /leather-bags-of-different-types/ HTTP/1.1" 200 0 "-" "Mozilla/5.0 (compatible; AwarioBot/1.0; +https://awario.com/bots.html)"
65.21.113.246 - - [16/Apr/2025:08:59:52 -0400] "GET /leather-pants-with-leather-jackets-makes-for-a-great-pair/ HTTP/1.1" 200 0 "-" "Mozilla/5.0 (compatible; AwarioBot/1.0; +https://awario.com/bots.html)"
65.21.113.246 - - [16/Apr/2025:09:00:01 -0400] "GET /robots.txt HTTP/1.1" 200 98 "-" "Mozilla/5.0 (compatible; AwarioBot/1.0; +https://awario.com/bots.html)"
65.21.113.246 - - [16/Apr/2025:09:00:05 -0400] "GET /led-dog-collar-light/ HTTP/1.1" 200 0 "-" "Mozilla/5.0 (compatible; AwarioBot/1.0; +https://awario.com/bots.html)"
65.21.113.246 - - [16/Apr/2025:09:00:17 -0400] "GET /legal-operations-with-professional-answering-services/ HTTP/1.1" 200 0 "-" "Mozilla/5.0 (compatible; AwarioBot/1.0; +https://awario.com/bots.html)"
65.21.113.246 - - [16/Apr/2025:09:00:28 -0400] "GET /lelegance-fonctionnelle-revolutionner-lamenagement-de-bureau/ HTTP/1.1" 200 0 "-" "Mozilla/5.0 (compatible; AwarioBot/1.0; +https://awario.com/bots.html)"
65.21.113.246 - - [16/Apr/2025:09:00:39 -0400] "GET /lelegance-intemporelle-du-quai-du-mont-blanc/ HTTP/1.1" 200 0 "-" "Mozilla/5.0 (compatible; AwarioBot/1.0; +https://awario.com/bots.html)"
65.21.113.246 - - [16/Apr/2025:09:00:50 -0400] "GET /lentor-hills-residences/ HTTP/1.1" 200 0 "-" "Mozilla/5.0 (compatible; AwarioBot/1.0; +https://awario.com/bots.html)"
65.21.113.246 - - [16/Apr/2025:09:00:54 -0400] "GET /lentor-mansion-where-nature-meets-modern-identity/ HTTP/1.1" 200 0 "-" "Mozilla/5.0 (compatible; AwarioBot/1.0; +https://awario.com/bots.html)"
65.21.113.246 - - [16/Apr/2025:09:01:06 -0400] "GET /lentoria-redefining-elegance-and-excellence/ HTTP/1.1" 200 0 "-" "Mozilla/5.0 (compatible; AwarioBot/1.0; +https://awario.com/bots.html)"
65.21.113.246 - - [16/Apr/2025:09:01:13 -0400] "GET /les-incontournables-spectacles-theatraux-a-paris-en-2025/ HTTP/1.1" 200 0 "-" "Mozilla/5.0 (compatible; AwarioBot/1.0; +https://awario.com/bots.html)"
65.21.113.246 - - [16/Apr/2025:09:01:38 -0400] "GET /les-plateaux-repas-en-entreprise-une-solution-pratique-et-gourmande/ HTTP/1.1" 200 0 "-" "Mozilla/5.0 (compatible; AwarioBot/1.0; +https://awario.com/bots.html)"
65.21.113.246 - - [16/Apr/2025:09:01:55 -0400] "GET /liability-insurance-for-small-businesses/ HTTP/1.1" 200 0 "-" "Mozilla/5.0 (compatible; AwarioBot/1.0; +https://awario.com/bots.html)"
65.21.113.246 - - [16/Apr/2025:09:02:10 -0400] "GET /lifeline-of-the-us-online-gambling-law/ HTTP/1.1" 200 0 "-" "Mozilla/5.0 (compatible; AwarioBot/1.0; +https://awario.com/bots.html)"
65.21.113.246 - - [16/Apr/2025:09:02:22 -0400] "GET /lilo-and-stitch-merchandise/ HTTP/1.1" 200 0 "-" "Mozilla/5.0 (compatible; AwarioBot/1.0; +https://awario.com/bots.html)"
51.222.253.9 - - [16/Apr/2025:09:02:41 -0400] "GET /moving-companies-helping-you-to-relocate/ HTTP/1.1" 200 0 "-" "Mozilla/5.0 (compatible; AhrefsBot/7.0; +http://ahrefs.com/robot/)"
65.21.113.246 - - [16/Apr/2025:09:02:40 -0400] "GET /liquid-metal-thermal-paste/ HTTP/1.1" 200 0 "-" "Mozilla/5.0 (compatible; AwarioBot/1.0; +https://awario.com/bots.html)"
198.54.114.83 - - [16/Apr/2025:09:02:44 -0400] "POST /wp-cron.php?doing_wp_cron=1744808561.1672599315643310546875 HTTP/1.1" 200 0 "-" "WordPress/6.7.2; https://bakingsecurityin.com"
65.21.113.246 - - [16/Apr/2025:09:02:50 -0400] "GET /live-dealer-casinos-a-fad-or-the-future-2/ HTTP/1.1" 200 0 "-" "Mozilla/5.0 (compatible; AwarioBot/1.0; +https://awario.com/bots.html)"
65.21.113.246 - - [16/Apr/2025:09:03:20 -0400] "GET /live-dealer-casinos-a-fad-or-the-future/ HTTP/1.1" 200 0 "-" "Mozilla/5.0 (compatible; AwarioBot/1.0; +https://awario.com/bots.html)"
198.54.114.83 - - [16/Apr/2025:09:03:23 -0400] "POST /wp-cron.php?doing_wp_cron=1744808601.1948530673980712890625 HTTP/1.1" 200 0 "-" "WordPress/6.7.2; https://bakingsecurityin.com"
65.21.113.246 - - [16/Apr/2025:09:03:40 -0400] "GET /live-football-scores-how-to-stay-up-to-date-on-the-latest-results/ HTTP/1.1" 200 0 "-" "Mozilla/5.0 (compatible; AwarioBot/1.0; +https://awario.com/bots.html)"
65.21.113.246 - - [16/Apr/2025:09:03:49 -0400] "GET /living-at-reserve-residences/ HTTP/1.1" 200 0 "-" "Mozilla/5.0 (compatible; AwarioBot/1.0; +https://awario.com/bots.html)"
65.21.113.246 - - [16/Apr/2025:09:04:05 -0400] "GET /los-angeles-and-its-weather/ HTTP/1.1" 200 0 "-" "Mozilla/5.0 (compatible; AwarioBot/1.0; +https://awario.com/bots.html)"
65.21.113.246 - - [16/Apr/2025:09:04:11 -0400] "GET /lose-fat-and-keep-it-off-for-good/ HTTP/1.1" 200 0 "-" "Mozilla/5.0 (compatible; AwarioBot/1.0; +https://awario.com/bots.html)"
65.21.113.246 - - [16/Apr/2025:09:04:16 -0400] "GET /lottery-gambling-101/ HTTP/1.1" 200 0 "-" "Mozilla/5.0 (compatible; AwarioBot/1.0; +https://awario.com/bots.html)"
65.21.113.246 - - [16/Apr/2025:09:04:21 -0400] "GET /low-cost-or-free-things-to-do-in-sydney/ HTTP/1.1" 200 0 "-" "Mozilla/5.0 (compatible; AwarioBot/1.0; +https://awario.com/bots.html)"
198.54.114.83 - - [16/Apr/2025:09:04:23 -0400] "POST /wp-cron.php?doing_wp_cron=1744808661.5427830219268798828125 HTTP/1.1" 200 0 "-" "WordPress/6.7.2; https://bakingsecurityin.com"
65.21.113.246 - - [16/Apr/2025:09:04:40 -0400] "GET /lowa-womens-hiking-boots/ HTTP/1.1" 200 0 "-" "Mozilla/5.0 (compatible; AwarioBot/1.0; +https://awario.com/bots.html)"
65.21.113.246 - - [16/Apr/2025:09:04:46 -0400] "GET /lumina-grand-showroom/ HTTP/1.1" 200 0 "-" "Mozilla/5.0 (compatible; AwarioBot/1.0; +https://awario.com/bots.html)"
65.21.113.246 - - [16/Apr/2025:09:05:04 -0400] "GET /luxe-living-unveiling-the-emerald-of-katong-condo/ HTTP/1.1" 200 0 "-" "Mozilla/5.0 (compatible; AwarioBot/1.0; +https://awario.com/bots.html)"
65.21.113.246 - - [16/Apr/2025:09:05:15 -0400] "GET /luxurious-living-at-arina-east-residences/ HTTP/1.1" 200 0 "-" "Mozilla/5.0 (compatible; AwarioBot/1.0; +https://awario.com/bots.html)"
65.21.113.246 - - [16/Apr/2025:09:05:21 -0400] "GET /luxurious-living-redefined/ HTTP/1.1" 200 0 "-" "Mozilla/5.0 (compatible; AwarioBot/1.0; +https://awario.com/bots.html)"
65.21.113.246 - - [16/Apr/2025:09:05:28 -0400] "GET /luxury-livery-service-at-your-doorstep/ HTTP/1.1" 200 0 "-" "Mozilla/5.0 (compatible; AwarioBot/1.0; +https://awario.com/bots.html)"
65.21.113.246 - - [16/Apr/2025:09:05:34 -0400] "GET /luxury-living-at-newport-residences-showflat/ HTTP/1.1" 200 0 "-" "Mozilla/5.0 (compatible; AwarioBot/1.0; +https://awario.com/bots.html)"
198.54.114.83 - - [16/Apr/2025:09:05:37 -0400] "POST /wp-cron.php?doing_wp_cron=1744808734.4748079776763916015625 HTTP/1.1" 200 0 "-" "WordPress/6.7.2; https://bakingsecurityin.com"
65.21.113.246 - - [16/Apr/2025:09:05:42 -0400] "GET /ma-prime-adapt-demande/ HTTP/1.1" 200 0 "-" "Mozilla/5.0 (compatible; AwarioBot/1.0; +https://awario.com/bots.html)"
65.21.113.246 - - [16/Apr/2025:09:05:48 -0400] "GET /mac-oil-cartridges/ HTTP/1.1" 200 0 "-" "Mozilla/5.0 (compatible; AwarioBot/1.0; +https://awario.com/bots.html)"
65.21.113.246 - - [16/Apr/2025:09:05:59 -0400] "GET /mairdi-headset-review/ HTTP/1.1" 200 0 "-" "Mozilla/5.0 (compatible; AwarioBot/1.0; +https://awario.com/bots.html)"
65.21.113.246 - - [16/Apr/2025:09:06:05 -0400] "GET /making-tax-regime-decisions-easy-with-taxbuddy/ HTTP/1.1" 200 0 "-" "Mozilla/5.0 (compatible; AwarioBot/1.0; +https://awario.com/bots.html)"
65.21.113.246 - - [16/Apr/2025:09:06:13 -0400] "GET /malignant-growth-extent-of-ayurvedic-natural-treatment/ HTTP/1.1" 200 0 "-" "Mozilla/5.0 (compatible; AwarioBot/1.0; +https://awario.com/bots.html)"
65.21.113.246 - - [16/Apr/2025:09:06:21 -0400] "GET /manicure-equipment-whats-included-in-a-manicure-set/ HTTP/1.1" 200 0 "-" "Mozilla/5.0 (compatible; AwarioBot/1.0; +https://awario.com/bots.html)"
65.21.113.246 - - [16/Apr/2025:09:06:29 -0400] "GET /manufacturing-loans-can-fulfill-a-variety-of-needs/ HTTP/1.1" 200 0 "-" "Mozilla/5.0 (compatible; AwarioBot/1.0; +https://awario.com/bots.html)"
65.21.113.246 - - [16/Apr/2025:09:06:35 -0400] "GET /mask-for-spider-man-cosplay/ HTTP/1.1" 200 0 "-" "Mozilla/5.0 (compatible; AwarioBot/1.0; +https://awario.com/bots.html)"
198.54.114.83 - - [16/Apr/2025:09:06:39 -0400] "POST /wp-cron.php?doing_wp_cron=1744808795.5406479835510253906250 HTTP/1.1" 200 0 "-" "WordPress/6.7.2; https://bakingsecurityin.com"
65.21.113.246 - - [16/Apr/2025:09:06:49 -0400] "GET /massage-a-geneve-un-voyage-vers-la-serenite/ HTTP/1.1" 200 0 "-" "Mozilla/5.0 (compatible; AwarioBot/1.0; +https://awario.com/bots.html)"
65.21.113.246 - - [16/Apr/2025:09:06:54 -0400] "GET /master-the-art-of-writing-with-an-author-course/ HTTP/1.1" 200 0 "-" "Mozilla/5.0 (compatible; AwarioBot/1.0; +https://awario.com/bots.html)"
65.21.113.246 - - [16/Apr/2025:09:06:59 -0400] "GET /mastering-basic-life-support-with-the-american-heart-association/ HTTP/1.1" 200 0 "-" "Mozilla/5.0 (compatible; AwarioBot/1.0; +https://awario.com/bots.html)"
51.222.253.6 - - [16/Apr/2025:09:07:02 -0400] "GET /exploring-wholesale-pool-supplies/ HTTP/1.1" 200 0 "-" "Mozilla/5.0 (compatible; AhrefsBot/7.0; +http://ahrefs.com/robot/)"
65.21.113.246 - - [16/Apr/2025:09:07:05 -0400] "GET /mastering-instagram-the-art-of-freezing-your-account/ HTTP/1.1" 200 0 "-" "Mozilla/5.0 (compatible; AwarioBot/1.0; +https://awario.com/bots.html)"
65.21.113.246 - - [16/Apr/2025:09:07:09 -0400] "GET /mastering-ragdoll-archers-unblocked-game/ HTTP/1.1" 200 0 "-" "Mozilla/5.0 (compatible; AwarioBot/1.0; +https://awario.com/bots.html)"
65.21.113.246 - - [16/Apr/2025:09:07:15 -0400] "GET /mastering-the-art-of-growing-your-youtube-subscribers/ HTTP/1.1" 200 0 "-" "Mozilla/5.0 (compatible; AwarioBot/1.0; +https://awario.com/bots.html)"
65.21.113.246 - - [16/Apr/2025:09:07:21 -0400] "GET /matter-residences-connecting-your-home-to-the-cloud/ HTTP/1.1" 200 0 "-" "Mozilla/5.0 (compatible; AwarioBot/1.0; +https://awario.com/bots.html)"
65.21.113.246 - - [16/Apr/2025:09:07:27 -0400] "GET /maximizing-productivity-through-business-trip-massage/ HTTP/1.1" 200 0 "-" "Mozilla/5.0 (compatible; AwarioBot/1.0; +https://awario.com/bots.html)"
65.21.113.246 - - [16/Apr/2025:09:07:44 -0400] "GET /maximizing-space-bathroom-renovations-for-small-spaces/ HTTP/1.1" 200 0 "-" "Mozilla/5.0 (compatible; AwarioBot/1.0; +https://awario.com/bots.html)"
198.54.114.83 - - [16/Apr/2025:09:07:45 -0400] "POST /wp-cron.php?doing_wp_cron=1744808864.4664480686187744140625 HTTP/1.1" 200 0 "-" "WordPress/6.7.2; https://bakingsecurityin.com"
198.54.114.83 - - [16/Apr/2025:09:07:47 -0400] "POST /wp-admin/admin-ajax.php?action=async_litespeed&nonce=fO6jTSivUeOuZ5UINg6JdPVFjwctZ7q6&litespeed_type=imgoptm HTTP/1.1" 200 0 "-" "WordPress/6.7.2; https://bakingsecurityin.com"
65.21.113.246 - - [16/Apr/2025:09:07:48 -0400] "GET /maximizing-your-rental-potential-the-benefits-of-vacation-rental-property-management-services/ HTTP/1.1" 200 0 "-" "Mozilla/5.0 (compatible; AwarioBot/1.0; +https://awario.com/bots.html)"
65.21.113.246 - - [16/Apr/2025:09:07:52 -0400] "GET /mba-master-of-business-administration/ HTTP/1.1" 200 0 "-" "Mozilla/5.0 (compatible; AwarioBot/1.0; +https://awario.com/bots.html)"
65.21.113.246 - - [16/Apr/2025:09:07:59 -0400] "GET /meals-delivered-to-your-door/ HTTP/1.1" 200 0 "-" "Mozilla/5.0 (compatible; AwarioBot/1.0; +https://awario.com/bots.html)"
65.21.113.246 - - [16/Apr/2025:09:08:04 -0400] "GET /mediation-costs-how-much-does-it-cost-to-mediate-a-case/ HTTP/1.1" 200 0 "-" "Mozilla/5.0 (compatible; AwarioBot/1.0; +https://awario.com/bots.html)"
65.21.113.246 - - [16/Apr/2025:09:08:08 -0400] "GET /mediation-in-family-law-cases/ HTTP/1.1" 200 0 "-" "Mozilla/5.0 (compatible; AwarioBot/1.0; +https://awario.com/bots.html)"
65.21.113.246 - - [16/Apr/2025:09:08:13 -0400] "GET /medical-beauty-enhance-skin-health-and-confidence/ HTTP/1.1" 200 0 "-" "Mozilla/5.0 (compatible; AwarioBot/1.0; +https://awario.com/bots.html)"
65.21.113.246 - - [16/Apr/2025:09:08:17 -0400] "GET /meilleure-mini-imprimante-portable/ HTTP/1.1" 200 0 "-" "Mozilla/5.0 (compatible; AwarioBot/1.0; +https://awario.com/bots.html)"
198.54.114.83 - - [16/Apr/2025:09:08:21 -0400] "POST /wp-cron.php?doing_wp_cron=1744808900.5408859252929687500000 HTTP/1.1" 200 0 "-" "WordPress/6.7.2; https://bakingsecurityin.com"
65.21.113.246 - - [16/Apr/2025:09:08:20 -0400] "GET /meilleures-idees-de-decoration-scientifique-pour-votre-salle-de-classe/ HTTP/1.1" 200 0 "-" "Mozilla/5.0 (compatible; AwarioBot/1.0; +https://awario.com/bots.html)"
198.54.114.83 - - [16/Apr/2025:09:08:22 -0400] "POST /wp-admin/admin-ajax.php?action=async_litespeed&nonce=sc0eC3WaXG4RYVEKPnN7TciYQuw1hNoV&litespeed_type=imgoptm HTTP/1.1" 200 5 "-" "WordPress/6.7.2; https://bakingsecurityin.com"
65.21.113.246 - - [16/Apr/2025:09:08:24 -0400] "GET /meilleurs-groupes-de-telegrammes-nus/ HTTP/1.1" 200 0 "-" "Mozilla/5.0 (compatible; AwarioBot/1.0; +https://awario.com/bots.html)"
65.21.113.246 - - [16/Apr/2025:09:08:28 -0400] "GET /melbet-india-review/ HTTP/1.1" 200 0 "-" "Mozilla/5.0 (compatible; AwarioBot/1.0; +https://awario.com/bots.html)"
65.21.113.246 - - [16/Apr/2025:09:08:32 -0400] "GET /meldonium-narcotic-effect/ HTTP/1.1" 200 0 "-" "Mozilla/5.0 (compatible; AwarioBot/1.0; +https://awario.com/bots.html)"
65.21.113.246 - - [16/Apr/2025:09:08:35 -0400] "GET /mens-blazer-versatility-at-its-best/ HTTP/1.1" 200 0 "-" "Mozilla/5.0 (compatible; AwarioBot/1.0; +https://awario.com/bots.html)"
65.21.113.246 - - [16/Apr/2025:09:08:38 -0400] "GET /mens-boxershorts/ HTTP/1.1" 200 0 "-" "Mozilla/5.0 (compatible; AwarioBot/1.0; +https://awario.com/bots.html)"
65.21.113.246 - - [16/Apr/2025:09:08:41 -0400] "GET /mens-hiking-boots-demystified/ HTTP/1.1" 200 0 "-" "Mozilla/5.0 (compatible; AwarioBot/1.0; +https://awario.com/bots.html)"
65.21.113.246 - - [16/Apr/2025:09:08:45 -0400] "GET /michael-kors-handbag-sales/ HTTP/1.1" 200 0 "-" "Mozilla/5.0 (compatible; AwarioBot/1.0; +https://awario.com/bots.html)"
65.21.113.246 - - [16/Apr/2025:09:08:49 -0400] "GET /michael-kors-sales-on-bags/ HTTP/1.1" 200 0 "-" "Mozilla/5.0 (compatible; AwarioBot/1.0; +https://awario.com/bots.html)"
65.21.113.246 - - [16/Apr/2025:09:08:54 -0400] "GET /michael-kors-satchel-bag/ HTTP/1.1" 200 0 "-" "Mozilla/5.0 (compatible; AwarioBot/1.0; +https://awario.com/bots.html)"
65.21.113.246 - - [16/Apr/2025:09:08:57 -0400] "GET /midtown-modern-a-lush-garden-oasis-in-the-heart-of-singapore/ HTTP/1.1" 200 0 "-" "Mozilla/5.0 (compatible; AwarioBot/1.0; +https://awario.com/bots.html)"
65.21.113.246 - - [16/Apr/2025:09:09:02 -0400] "GET /miles-morales-spider-man-mask/ HTTP/1.1" 200 0 "-" "Mozilla/5.0 (compatible; AwarioBot/1.0; +https://awario.com/bots.html)"
65.21.113.246 - - [16/Apr/2025:09:09:06 -0400] "GET /mk-bag-on-sale/ HTTP/1.1" 200 0 "-" "Mozilla/5.0 (compatible; AwarioBot/1.0; +https://awario.com/bots.html)"
65.21.113.246 - - [16/Apr/2025:09:09:10 -0400] "GET /mk-crossbody-bag/ HTTP/1.1" 200 0 "-" "Mozilla/5.0 (compatible; AwarioBot/1.0; +https://awario.com/bots.html)"
65.21.113.246 - - [16/Apr/2025:09:09:15 -0400] "GET /mk-shoulder-bag/ HTTP/1.1" 200 0 "-" "Mozilla/5.0 (compatible; AwarioBot/1.0; +https://awario.com/bots.html)"
198.54.114.83 - - [16/Apr/2025:09:09:35 -0400] "POST /wp-cron.php?doing_wp_cron=1744808974.7642021179199218750000 HTTP/1.1" 200 0 "-" "WordPress/6.7.2; https://bakingsecurityin.com"
185.191.171.14 - - [16/Apr/2025:09:09:34 -0400] "GET /the-advantages-of-an-instant-hot-water-tap/ HTTP/1.1" 200 0 "-" "Mozilla/5.0 (compatible; SemrushBot/7~bl; +http://www.semrush.com/bot.html)"
198.54.114.83 - - [16/Apr/2025:09:09:37 -0400] "POST /wp-admin/admin-ajax.php?action=async_litespeed&nonce=Sq2Sujc81KKEi8XUje8ICcdBoEqtjRIG&litespeed_type=imgoptm HTTP/1.1" 200 0 "-" "WordPress/6.7.2; https://bakingsecurityin.com"
65.21.113.246 - - [16/Apr/2025:09:10:02 -0400] "GET /mlb-relay/ HTTP/1.1" 200 0 "-" "Mozilla/5.0 (compatible; AwarioBot/1.0; +https://awario.com/bots.html)"
198.54.114.83 - - [16/Apr/2025:09:10:32 -0400] "POST /wp-cron.php?doing_wp_cron=1744809030.6006729602813720703125 HTTP/1.1" 200 0 "-" "WordPress/6.7.2; https://bakingsecurityin.com"
157.55.39.201 - - [16/Apr/2025:09:10:30 -0400] "GET /where-to-grab-the-cheapest-property-in-the-italian-lakes/feed/ HTTP/1.1" 200 434 "-" "Mozilla/5.0 AppleWebKit/537.36 (KHTML, like Gecko; compatible; bingbot/2.0; +http://www.bing.com/bingbot.htm) Chrome/116.0.1938.76 Safari/537.36"
198.54.114.83 - - [16/Apr/2025:09:10:33 -0400] "POST /wp-admin/admin-ajax.php?action=async_litespeed&nonce=AE3I0RS8RnTlpP3CaFnjJZFrbG3XOExh&litespeed_type=imgoptm HTTP/1.1" 200 0 "-" "WordPress/6.7.2; https://bakingsecurityin.com"
65.21.113.246 - - [16/Apr/2025:09:10:53 -0400] "GET /modern-bathroom-renovations-in-western-suburbs-melbourne/ HTTP/1.1" 200 0 "-" "Mozilla/5.0 (compatible; AwarioBot/1.0; +https://awario.com/bots.html)"
65.21.113.246 - - [16/Apr/2025:09:11:04 -0400] "GET /modern-interior-doors-florida/ HTTP/1.1" 200 0 "-" "Mozilla/5.0 (compatible; AwarioBot/1.0; +https://awario.com/bots.html)"
65.21.113.246 - - [16/Apr/2025:09:11:09 -0400] "GET /moderne-beleuchtung-fur-zeitgemases-ambiente/ HTTP/1.1" 200 0 "-" "Mozilla/5.0 (compatible; AwarioBot/1.0; +https://awario.com/bots.html)"
65.21.113.246 - - [16/Apr/2025:09:11:15 -0400] "GET /money-management-for-sports-betting-success-a-fundamental-strategy-to-grind-out-long-term-profits/ HTTP/1.1" 200 0 "-" "Mozilla/5.0 (compatible; AwarioBot/1.0; +https://awario.com/bots.html)"
65.21.113.246 - - [16/Apr/2025:09:11:29 -0400] "GET /moovit-legal-services-consultations-in-hattingen-germany/ HTTP/1.1" 200 0 "-" "Mozilla/5.0 (compatible; AwarioBot/1.0; +https://awario.com/bots.html)"
198.54.114.83 - - [16/Apr/2025:09:11:32 -0400] "POST /wp-cron.php?doing_wp_cron=1744809089.7798271179199218750000 HTTP/1.1" 200 0 "-" "WordPress/6.7.2; https://bakingsecurityin.com"
198.54.114.83 - - [16/Apr/2025:09:11:34 -0400] "POST /wp-admin/admin-ajax.php?action=async_litespeed&nonce=SPzUu9W6K5CxI3K0zFRdpIb4Ag3WBm2D&litespeed_type=imgoptm HTTP/1.1" 200 0 "-" "WordPress/6.7.2; https://bakingsecurityin.com"
51.222.253.2 - - [16/Apr/2025:09:11:33 -0400] "GET /the-art-of-cryptocurrency-trading/ HTTP/1.1" 200 0 "-" "Mozilla/5.0 (compatible; AhrefsBot/7.0; +http://ahrefs.com/robot/)"
65.21.113.246 - - [16/Apr/2025:09:12:14 -0400] "GET /moss-agate-ring/ HTTP/1.1" 200 0 "-" "Mozilla/5.0 (compatible; AwarioBot/1.0; +https://awario.com/bots.html)"
198.54.114.83 - - [16/Apr/2025:09:12:21 -0400] "POST /wp-cron.php?doing_wp_cron=1744809140.3523740768432617187500 HTTP/1.1" 200 0 "-" "WordPress/6.7.2; https://bakingsecurityin.com"
65.21.113.246 - - [16/Apr/2025:09:12:20 -0400] "GET /most-beautiful-flower-wallpapers/ HTTP/1.1" 200 0 "-" "Mozilla/5.0 (compatible; AwarioBot/1.0; +https://awario.com/bots.html)"
198.54.114.83 - - [16/Apr/2025:09:12:23 -0400] "POST /wp-admin/admin-ajax.php?action=async_litespeed&nonce=uoW3VHNrGyGMcdNvtsaztRVu7LNIjh0b&litespeed_type=imgoptm HTTP/1.1" 200 0 "-" "WordPress/6.7.2; https://bakingsecurityin.com"
65.21.113.246 - - [16/Apr/2025:09:13:27 -0400] "GET /movie-buffs-on-the-internet/ HTTP/1.1" 200 0 "-" "Mozilla/5.0 (compatible; AwarioBot/1.0; +https://awario.com/bots.html)"
198.54.114.83 - - [16/Apr/2025:09:13:30 -0400] "POST /wp-cron.php?doing_wp_cron=1744809208.5080270767211914062500 HTTP/1.1" 200 0 "-" "WordPress/6.7.2; https://bakingsecurityin.com"
37.139.53.195 - - [16/Apr/2025:09:14:36 -0400] "GET /a-journey-into-skincare/ HTTP/1.1" 200 0 "https://bakingsecurityin.com/a-journey-into-skincare/" "Mozilla/5.0 (Windows NT 10.0; Win64; x64) AppleWebKit/537.36 (KHTML, like Gecko) Chrome/129.0.0.0 Safari/537.36"
65.21.113.246 - - [16/Apr/2025:09:14:40 -0400] "GET /movieswood/ HTTP/1.1" 200 0 "-" "Mozilla/5.0 (compatible; AwarioBot/1.0; +https://awario.com/bots.html)"
37.139.53.195 - - [16/Apr/2025:09:14:41 -0400] "GET / HTTP/1.1" 200 0 "https://bakingsecurityin.com/" "Mozilla/5.0 (Windows NT 10.0; Win64; x64) AppleWebKit/537.36 (KHTML, like Gecko) Chrome/129.0.0.0 Safari/537.36"
198.54.114.83 - - [16/Apr/2025:09:14:45 -0400] "POST /wp-cron.php?doing_wp_cron=1744809281.7521059513092041015625 HTTP/1.1" 200 0 "-" "WordPress/6.7.2; https://bakingsecurityin.com"
124.156.108.107 - - [16/Apr/2025:09:15:29 -0400] "GET /real-estate-photography-selwyn/ HTTP/1.1" 200 0 "-" "Python/3.10 aiohttp/3.10.5"
65.21.113.246 - - [16/Apr/2025:09:15:48 -0400] "GET /moving-companies-helping-you-to-relocate/ HTTP/1.1" 200 0 "-" "Mozilla/5.0 (compatible; AwarioBot/1.0; +https://awario.com/bots.html)"
51.222.253.2 - - [16/Apr/2025:09:15:51 -0400] "GET /knitting-as-a-tool-for-communication/ HTTP/1.1" 200 0 "-" "Mozilla/5.0 (compatible; AhrefsBot/7.0; +http://ahrefs.com/robot/)"
65.21.113.246 - - [16/Apr/2025:09:15:55 -0400] "GET /mug-publicitaire-comment-concevoir-un-superbe-mug-publicitaire/ HTTP/1.1" 200 0 "-" "Mozilla/5.0 (compatible; AwarioBot/1.0; +https://awario.com/bots.html)"
198.54.114.83 - - [16/Apr/2025:09:15:58 -0400] "POST /wp-cron.php?doing_wp_cron=1744809355.6263270378112792968750 HTTP/1.1" 200 0 "-" "WordPress/6.7.2; https://bakingsecurityin.com"
65.21.113.246 - - [16/Apr/2025:09:16:01 -0400] "GET /navigating-ai-gpu-pricing-and-availability/ HTTP/1.1" 200 0 "-" "Mozilla/5.0 (compatible; AwarioBot/1.0; +https://awario.com/bots.html)"
65.21.113.246 - - [16/Apr/2025:09:16:08 -0400] "GET /navigating-fda-over-the-counter-otc-registration/ HTTP/1.1" 200 0 "-" "Mozilla/5.0 (compatible; AwarioBot/1.0; +https://awario.com/bots.html)"
198.54.114.83 - - [16/Apr/2025:09:17:15 -0400] "POST /wp-cron.php?doing_wp_cron=1744809434.2193241119384765625000 HTTP/1.1" 200 0 "-" "WordPress/6.7.2; https://bakingsecurityin.com"
65.21.113.246 - - [16/Apr/2025:09:17:13 -0400] "GET /navigating-the-digital-casino-landscape-a-journey-through-online-gaming/ HTTP/1.1" 200 0 "-" "Mozilla/5.0 (compatible; AwarioBot/1.0; +https://awario.com/bots.html)"
198.54.114.83 - - [16/Apr/2025:09:17:18 -0400] "POST /wp-admin/admin-ajax.php?action=async_litespeed&nonce=adJod9VUdhxC8f1mbecj6aanKybBpdKw&litespeed_type=imgoptm HTTP/1.1" 200 0 "-" "WordPress/6.7.2; https://bakingsecurityin.com"
65.21.113.246 - - [16/Apr/2025:09:18:13 -0400] "GET /ncfe-cache-level-3-courses/ HTTP/1.1" 200 0 "-" "Mozilla/5.0 (compatible; AwarioBot/1.0; +https://awario.com/bots.html)"
198.54.114.83 - - [16/Apr/2025:09:18:15 -0400] "POST /wp-cron.php?doing_wp_cron=1744809494.0896959304809570312500 HTTP/1.1" 200 0 "-" "WordPress/6.7.2; https://bakingsecurityin.com"
65.21.113.246 - - [16/Apr/2025:09:18:45 -0400] "GET /neurofibromatose-de-type-2/ HTTP/1.1" 200 0 "-" "Mozilla/5.0 (compatible; AwarioBot/1.0; +https://awario.com/bots.html)"
65.21.113.246 - - [16/Apr/2025:09:19:03 -0400] "GET /never-again-forget-to-buy-your-lottery-tickets/ HTTP/1.1" 200 0 "-" "Mozilla/5.0 (compatible; AwarioBot/1.0; +https://awario.com/bots.html)"
65.21.113.246 - - [16/Apr/2025:09:19:21 -0400] "GET /new-mega-launch-condo-at-dunman-road/ HTTP/1.1" 200 0 "-" "Mozilla/5.0 (compatible; AwarioBot/1.0; +https://awario.com/bots.html)"
198.54.114.83 - - [16/Apr/2025:09:19:23 -0400] "POST /wp-cron.php?doing_wp_cron=1744809561.5972399711608886718750 HTTP/1.1" 200 0 "-" "WordPress/6.7.2; https://bakingsecurityin.com"
65.21.113.246 - - [16/Apr/2025:09:19:29 -0400] "GET /new-star-wars-halloween-outfits/ HTTP/1.1" 200 0 "-" "Mozilla/5.0 (compatible; AwarioBot/1.0; +https://awario.com/bots.html)"
65.21.113.246 - - [16/Apr/2025:09:19:35 -0400] "GET /newport-residences-the-newest-development-in-tanjong-pagar/ HTTP/1.1" 200 0 "-" "Mozilla/5.0 (compatible; AwarioBot/1.0; +https://awario.com/bots.html)"
65.21.113.246 - - [16/Apr/2025:09:19:42 -0400] "GET /nf-cure-and-vital-m-40-capsules-review-by-ayurveda-expert/ HTTP/1.1" 200 0 "-" "Mozilla/5.0 (compatible; AwarioBot/1.0; +https://awario.com/bots.html)"
51.222.253.10 - - [16/Apr/2025:09:19:55 -0400] "GET /wie-man-ein-japanisches-katana-herstellt/ HTTP/1.1" 200 0 "-" "Mozilla/5.0 (compatible; AhrefsBot/7.0; +http://ahrefs.com/robot/)"
65.21.113.246 - - [16/Apr/2025:09:20:48 -0400] "GET /norcold-refrigerator-parts/ HTTP/1.1" 200 0 "-" "Mozilla/5.0 (compatible; AwarioBot/1.0; +https://awario.com/bots.html)"
198.54.114.83 - - [16/Apr/2025:09:20:50 -0400] "POST /wp-cron.php?doing_wp_cron=1744809648.7931671142578125000000 HTTP/1.1" 200 0 "-" "WordPress/6.7.2; https://bakingsecurityin.com"
65.21.113.246 - - [16/Apr/2025:09:21:17 -0400] "GET /north-face-hiking-boots/ HTTP/1.1" 200 0 "-" "Mozilla/5.0 (compatible; AwarioBot/1.0; +https://awario.com/bots.html)"
198.54.114.83 - - [16/Apr/2025:09:21:55 -0400] "POST /wp-cron.php?doing_wp_cron=1744809714.4234569072723388671875 HTTP/1.1" 200 0 "-" "WordPress/6.7.2; https://bakingsecurityin.com"
65.21.113.246 - - [16/Apr/2025:09:21:53 -0400] "GET /nova-nutrition-review/ HTTP/1.1" 200 0 "-" "Mozilla/5.0 (compatible; AwarioBot/1.0; +https://awario.com/bots.html)"
198.54.114.83 - - [16/Apr/2025:09:21:57 -0400] "POST /wp-admin/admin-ajax.php?action=async_litespeed&nonce=9g8UUtwUY2H669OyOY5JG6gQAvjLP9wW&litespeed_type=imgoptm HTTP/1.1" 200 0 "-" "WordPress/6.7.2; https://bakingsecurityin.com"
65.21.113.246 - - [16/Apr/2025:09:22:01 -0400] "GET /nude-photography-in-austin/ HTTP/1.1" 200 0 "-" "Mozilla/5.0 (compatible; AwarioBot/1.0; +https://awario.com/bots.html)"
198.54.114.83 - - [16/Apr/2025:09:23:07 -0400] "POST /wp-cron.php?doing_wp_cron=1744809786.6259579658508300781250 HTTP/1.1" 200 0 "-" "WordPress/6.7.2; https://bakingsecurityin.com"
65.21.113.246 - - [16/Apr/2025:09:23:06 -0400] "GET /nusa-penida-tour-highlights/ HTTP/1.1" 200 0 "-" "Mozilla/5.0 (compatible; AwarioBot/1.0; +https://awario.com/bots.html)"
198.54.114.83 - - [16/Apr/2025:09:23:09 -0400] "POST /wp-admin/admin-ajax.php?action=async_litespeed&nonce=A9iXfIQWfaNY7sRB9KhdXnyxCdA8IeZk&litespeed_type=imgoptm HTTP/1.1" 200 0 "-" "WordPress/6.7.2; https://bakingsecurityin.com"
65.21.113.246 - - [16/Apr/2025:09:23:14 -0400] "GET /nusa-penida-tour-package/ HTTP/1.1" 200 0 "-" "Mozilla/5.0 (compatible; AwarioBot/1.0; +https://awario.com/bots.html)"
51.222.253.14 - - [16/Apr/2025:09:23:35 -0400] "GET /mastering-instagram-the-art-of-freezing-your-account/ HTTP/1.1" 200 0 "-" "Mozilla/5.0 (compatible; AhrefsBot/7.0; +http://ahrefs.com/robot/)"
109.236.93.77 - - [16/Apr/2025:09:23:45 -0400] "GET /comment-les-diseurs-de-bonne-aventure-peuvent-vous-aider-a-comprendre-votre-passe-et-votre-present HTTP/1.1" 301 0 "-" "Mozilla/5.0 (Windows NT 10.0; Win64; x64) AppleWebKit/537.36 (KHTML, like Gecko) Chrome/118.0.0.0 Safari/537.36"
198.54.114.83 - - [16/Apr/2025:09:23:48 -0400] "POST /wp-cron.php?doing_wp_cron=1744809825.7111990451812744140625 HTTP/1.1" 200 0 "-" "WordPress/6.7.2; https://bakingsecurityin.com"
109.236.93.77 - - [16/Apr/2025:09:23:49 -0400] "GET /comment-les-diseurs-de-bonne-aventure-peuvent-vous-aider-a-comprendre-votre-passe-et-votre-present/ HTTP/1.1" 200 0 "-" "Mozilla/5.0 (Windows NT 10.0; Win64; x64) AppleWebKit/537.36 (KHTML, like Gecko) Chrome/118.0.0.0 Safari/537.36"
65.21.113.246 - - [16/Apr/2025:09:24:00 -0400] "GET /okroshka-a-cold-russian-summer-soup/ HTTP/1.1" 200 0 "-" "Mozilla/5.0 (compatible; AwarioBot/1.0; +https://awario.com/bots.html)"
65.21.113.246 - - [16/Apr/2025:09:24:16 -0400] "GET /one-bernam-tanjong-pagar/ HTTP/1.1" 200 0 "-" "Mozilla/5.0 (compatible; AwarioBot/1.0; +https://awario.com/bots.html)"
65.21.113.246 - - [16/Apr/2025:09:24:21 -0400] "GET /onion-sites-registry/ HTTP/1.1" 200 0 "-" "Mozilla/5.0 (compatible; AwarioBot/1.0; +https://awario.com/bots.html)"
65.21.113.246 - - [16/Apr/2025:09:24:25 -0400] "GET /online-casino-gamble/ HTTP/1.1" 200 0 "-" "Mozilla/5.0 (compatible; AwarioBot/1.0; +https://awario.com/bots.html)"
65.21.113.246 - - [16/Apr/2025:09:24:29 -0400] "GET /online-casino-games/ HTTP/1.1" 200 0 "-" "Mozilla/5.0 (compatible; AwarioBot/1.0; +https://awario.com/bots.html)"
65.21.113.246 - - [16/Apr/2025:09:25:12 -0400] "GET /online-gambling-terms-and-conditions/ HTTP/1.1" 200 0 "-" "Mozilla/5.0 (compatible; AwarioBot/1.0; +https://awario.com/bots.html)"
198.54.114.83 - - [16/Apr/2025:09:25:14 -0400] "POST /wp-cron.php?doing_wp_cron=1744809912.8971869945526123046875 HTTP/1.1" 200 0 "-" "WordPress/6.7.2; https://bakingsecurityin.com"
65.21.113.246 - - [16/Apr/2025:09:25:19 -0400] "GET /online-gambling-tips/ HTTP/1.1" 200 0 "-" "Mozilla/5.0 (compatible; AwarioBot/1.0; +https://awario.com/bots.html)"
65.21.113.246 - - [16/Apr/2025:09:25:23 -0400] "GET /online-gambling/ HTTP/1.1" 200 0 "-" "Mozilla/5.0 (compatible; AwarioBot/1.0; +https://awario.com/bots.html)"
65.21.113.246 - - [16/Apr/2025:09:25:28 -0400] "GET /online-job-advertising-in-the-uk/ HTTP/1.1" 200 0 "-" "Mozilla/5.0 (compatible; AwarioBot/1.0; +https://awario.com/bots.html)"
65.21.113.246 - - [16/Apr/2025:09:25:34 -0400] "GET /online-real-estate-schools/ HTTP/1.1" 200 0 "-" "Mozilla/5.0 (compatible; AwarioBot/1.0; +https://awario.com/bots.html)"
65.21.113.246 - - [16/Apr/2025:09:25:40 -0400] "GET /online-slot-games-justifying-the-purpose-of-slot-machines/ HTTP/1.1" 200 0 "-" "Mozilla/5.0 (compatible; AwarioBot/1.0; +https://awario.com/bots.html)"
65.21.113.246 - - [16/Apr/2025:09:25:44 -0400] "GET /online-webcams/ HTTP/1.1" 200 0 "-" "Mozilla/5.0 (compatible; AwarioBot/1.0; +https://awario.com/bots.html)"
65.21.113.246 - - [16/Apr/2025:09:25:49 -0400] "GET /opt-to-gamble-via-the-internet-or-via-your-cellular-phone-or-even-offline/ HTTP/1.1" 200 0 "-" "Mozilla/5.0 (compatible; AwarioBot/1.0; +https://awario.com/bots.html)"
65.21.113.246 - - [16/Apr/2025:09:25:55 -0400] "GET /optimisation-energetique-lisolation-thermique-au-coeur-des-batiments-modernes/ HTTP/1.1" 200 0 "-" "Mozilla/5.0 (compatible; AwarioBot/1.0; +https://awario.com/bots.html)"
65.21.113.246 - - [16/Apr/2025:09:26:00 -0400] "GET /optimizing-legal-support-with-attorney-answering-services/ HTTP/1.1" 200 0 "-" "Mozilla/5.0 (compatible; AwarioBot/1.0; +https://awario.com/bots.html)"
65.21.113.246 - - [16/Apr/2025:09:26:06 -0400] "GET /optimizing-performance-with-bitcoin-dedicated-servers/ HTTP/1.1" 200 0 "-" "Mozilla/5.0 (compatible; AwarioBot/1.0; +https://awario.com/bots.html)"
65.21.113.246 - - [16/Apr/2025:09:26:11 -0400] "GET /orchard-sophia-developer-profile/ HTTP/1.1" 200 0 "-" "Mozilla/5.0 (compatible; AwarioBot/1.0; +https://awario.com/bots.html)"
65.21.113.246 - - [16/Apr/2025:09:26:15 -0400] "GET /oribe-hair-products/ HTTP/1.1" 200 0 "-" "Mozilla/5.0 (compatible; AwarioBot/1.0; +https://awario.com/bots.html)"
198.54.114.83 - - [16/Apr/2025:09:26:19 -0400] "POST /wp-cron.php?doing_wp_cron=1744809976.0151059627532958984375 HTTP/1.1" 200 0 "-" "WordPress/6.7.2; https://bakingsecurityin.com"
65.21.113.246 - - [16/Apr/2025:09:26:22 -0400] "GET /osteopathie-was-ist-osteopathie/ HTTP/1.1" 200 0 "-" "Mozilla/5.0 (compatible; AwarioBot/1.0; +https://awario.com/bots.html)"
65.21.113.246 - - [16/Apr/2025:09:26:36 -0400] "GET /oui-lawyer-how-an-oui-lawyer-can-help-you-avoid-a-conviction/ HTTP/1.1" 200 0 "-" "Mozilla/5.0 (compatible; AwarioBot/1.0; +https://awario.com/bots.html)"
65.21.113.246 - - [16/Apr/2025:09:26:48 -0400] "GET /overview-of-fda-labeling-guidelines/ HTTP/1.1" 200 0 "-" "Mozilla/5.0 (compatible; AwarioBot/1.0; +https://awario.com/bots.html)"
65.21.113.246 - - [16/Apr/2025:09:26:55 -0400] "GET /ozark-trail-hiking-boots/ HTTP/1.1" 200 0 "-" "Mozilla/5.0 (compatible; AwarioBot/1.0; +https://awario.com/bots.html)"
65.21.113.246 - - [16/Apr/2025:09:26:59 -0400] "GET /padded-mma-gloves/ HTTP/1.1" 200 0 "-" "Mozilla/5.0 (compatible; AwarioBot/1.0; +https://awario.com/bots.html)"
65.21.113.246 - - [16/Apr/2025:09:27:04 -0400] "GET /painting-babys-room-creative-ideas-for-painting-a-baby-nursery/ HTTP/1.1" 200 0 "-" "Mozilla/5.0 (compatible; AwarioBot/1.0; +https://awario.com/bots.html)"
51.222.253.12 - - [16/Apr/2025:09:27:14 -0400] "GET /how-to-turn-airdrop-off-on-iphone/ HTTP/1.1" 200 0 "-" "Mozilla/5.0 (compatible; AhrefsBot/7.0; +http://ahrefs.com/robot/)"
65.21.113.246 - - [16/Apr/2025:09:27:23 -0400] "GET /painting-techniques-to-get-you-started/ HTTP/1.1" 200 0 "-" "Mozilla/5.0 (compatible; AwarioBot/1.0; +https://awario.com/bots.html)"
65.21.113.246 - - [16/Apr/2025:09:27:38 -0400] "GET /painting-your-house-can-make-it-a-home-the-homeowners-guide-checklist-to-hiring-a-painter/ HTTP/1.1" 200 0 "-" "Mozilla/5.0 (compatible; AwarioBot/1.0; +https://awario.com/bots.html)"
198.54.114.83 - - [16/Apr/2025:09:27:40 -0400] "POST /wp-cron.php?doing_wp_cron=1744810058.9241468906402587890625 HTTP/1.1" 200 0 "-" "WordPress/6.7.2; https://bakingsecurityin.com"
65.21.113.246 - - [16/Apr/2025:09:27:45 -0400] "GET /panneau-acoustique-bois/ HTTP/1.1" 200 0 "-" "Mozilla/5.0 (compatible; AwarioBot/1.0; +https://awario.com/bots.html)"
65.21.113.246 - - [16/Apr/2025:09:27:49 -0400] "GET /pantoufle-de-dinosaure/ HTTP/1.1" 200 0 "-" "Mozilla/5.0 (compatible; AwarioBot/1.0; +https://awario.com/bots.html)"
65.21.113.246 - - [16/Apr/2025:09:28:05 -0400] "GET /paradiso-al-lago-di-garda-scopri-il-resort-ideale/ HTTP/1.1" 200 0 "-" "Mozilla/5.0 (compatible; AwarioBot/1.0; +https://awario.com/bots.html)"
65.21.113.246 - - [16/Apr/2025:09:28:10 -0400] "GET /pedicure-chairs/ HTTP/1.1" 200 0 "-" "Mozilla/5.0 (compatible; AwarioBot/1.0; +https://awario.com/bots.html)"
65.21.113.246 - - [16/Apr/2025:09:28:13 -0400] "GET /pelvic-floor-repair/ HTTP/1.1" 200 0 "-" "Mozilla/5.0 (compatible; AwarioBot/1.0; +https://awario.com/bots.html)"
65.21.113.246 - - [16/Apr/2025:09:28:17 -0400] "GET /penile-atrophy-101-everything-a-man-should-know-about-penis-shrinkage/ HTTP/1.1" 200 0 "-" "Mozilla/5.0 (compatible; AwarioBot/1.0; +https://awario.com/bots.html)"
65.21.113.246 - - [16/Apr/2025:09:28:22 -0400] "GET /permanente-dentaire/ HTTP/1.1" 200 0 "-" "Mozilla/5.0 (compatible; AwarioBot/1.0; +https://awario.com/bots.html)"
65.21.113.246 - - [16/Apr/2025:09:28:26 -0400] "GET /personalized-fuzzy-socks/ HTTP/1.1" 200 0 "-" "Mozilla/5.0 (compatible; AwarioBot/1.0; +https://awario.com/bots.html)"
65.21.113.246 - - [16/Apr/2025:09:28:41 -0400] "GET /personnalisation-de-nappe-avec-logo-pour-salon-elegance-et-praticite/ HTTP/1.1" 200 0 "-" "Mozilla/5.0 (compatible; AwarioBot/1.0; +https://awario.com/bots.html)"
198.54.114.83 - - [16/Apr/2025:09:28:44 -0400] "POST /wp-cron.php?doing_wp_cron=1744810121.9126539230346679687500 HTTP/1.1" 200 0 "-" "WordPress/6.7.2; https://bakingsecurityin.com"
198.54.114.83 - - [16/Apr/2025:09:28:44 -0400] "POST /wp-admin/admin-ajax.php?action=async_litespeed&nonce=jUQ5Bnr9HGZBkX7bveb5xkawjXtWewFS&litespeed_type=imgoptm HTTP/1.1" 200 0 "-" "WordPress/6.7.2; https://bakingsecurityin.com"
65.21.113.246 - - [16/Apr/2025:09:28:48 -0400] "GET /pert-pipe-manufacturer-2/ HTTP/1.1" 200 0 "-" "Mozilla/5.0 (compatible; AwarioBot/1.0; +https://awario.com/bots.html)"
65.21.113.246 - - [16/Apr/2025:09:28:52 -0400] "GET /pert-pipe-manufacturer/ HTTP/1.1" 200 0 "-" "Mozilla/5.0 (compatible; AwarioBot/1.0; +https://awario.com/bots.html)"
65.21.113.246 - - [16/Apr/2025:09:29:08 -0400] "GET /petrol-fire-fighting-pump/ HTTP/1.1" 200 0 "-" "Mozilla/5.0 (compatible; AwarioBot/1.0; +https://awario.com/bots.html)"
198.54.114.83 - - [16/Apr/2025:09:29:12 -0400] "POST /wp-cron.php?doing_wp_cron=1744810148.8164570331573486328125 HTTP/1.1" 200 0 "-" "WordPress/6.7.2; https://bakingsecurityin.com"
65.21.113.246 - - [16/Apr/2025:09:29:18 -0400] "GET /photographe-geneve/ HTTP/1.1" 200 0 "-" "Mozilla/5.0 (compatible; AwarioBot/1.0; +https://awario.com/bots.html)"
65.21.113.246 - - [16/Apr/2025:09:29:25 -0400] "GET /photoshoot-santorini/ HTTP/1.1" 200 0 "-" "Mozilla/5.0 (compatible; AwarioBot/1.0; +https://awario.com/bots.html)"
198.54.114.83 - - [16/Apr/2025:09:29:28 -0400] "POST /wp-cron.php?doing_wp_cron=1744810165.2284030914306640625000 HTTP/1.1" 200 0 "-" "WordPress/6.7.2; https://bakingsecurityin.com"
65.21.113.246 - - [16/Apr/2025:09:29:34 -0400] "GET /photoshop-services-at-your-beck-and-call/ HTTP/1.1" 200 0 "-" "Mozilla/5.0 (compatible; AwarioBot/1.0; +https://awario.com/bots.html)"
65.21.113.246 - - [16/Apr/2025:09:30:00 -0400] "GET /piccadilly-grand-the-latest-launch-in-district-8/ HTTP/1.1" 200 0 "-" "Mozilla/5.0 (compatible; AwarioBot/1.0; +https://awario.com/bots.html)"
65.21.113.246 - - [16/Apr/2025:09:30:56 -0400] "GET /pilou-asbaek-danish-actor/ HTTP/1.1" 200 0 "-" "Mozilla/5.0 (compatible; AwarioBot/1.0; +https://awario.com/bots.html)"
51.222.253.15 - - [16/Apr/2025:09:31:06 -0400] "GET /sleeping-pokemon-plush/ HTTP/1.1" 200 0 "-" "Mozilla/5.0 (compatible; AhrefsBot/7.0; +http://ahrefs.com/robot/)"
65.21.113.246 - - [16/Apr/2025:09:31:07 -0400] "GET /pinetree-hill-real-estate/ HTTP/1.1" 200 0 "-" "Mozilla/5.0 (compatible; AwarioBot/1.0; +https://awario.com/bots.html)"
65.21.113.246 - - [16/Apr/2025:09:31:15 -0400] "GET /plaques-dimmatriculation-personnalisees-un-etat-desprit/ HTTP/1.1" 200 0 "-" "Mozilla/5.0 (compatible; AwarioBot/1.0; +https://awario.com/bots.html)"
65.21.113.246 - - [16/Apr/2025:09:31:34 -0400] "GET /plastic-recycling-machine-market/ HTTP/1.1" 200 0 "-" "Mozilla/5.0 (compatible; AwarioBot/1.0; +https://awario.com/bots.html)"
65.21.113.246 - - [16/Apr/2025:09:31:50 -0400] "GET /playing-casino-games-on-the-internet/ HTTP/1.1" 200 0 "-" "Mozilla/5.0 (compatible; AwarioBot/1.0; +https://awario.com/bots.html)"
198.54.114.83 - - [16/Apr/2025:09:31:55 -0400] "POST /wp-cron.php?doing_wp_cron=1744810311.0395269393920898437500 HTTP/1.1" 200 0 "-" "WordPress/6.7.2; https://bakingsecurityin.com"
65.21.113.246 - - [16/Apr/2025:09:32:05 -0400] "GET /pokemon-figures-uk/ HTTP/1.1" 200 0 "-" "Mozilla/5.0 (compatible; AwarioBot/1.0; +https://awario.com/bots.html)"
65.21.113.246 - - [16/Apr/2025:09:32:12 -0400] "GET /pokemon-lego/ HTTP/1.1" 200 0 "-" "Mozilla/5.0 (compatible; AwarioBot/1.0; +https://awario.com/bots.html)"
65.21.113.246 - - [16/Apr/2025:09:32:17 -0400] "GET /pokemon-trading-card-games/ HTTP/1.1" 200 0 "-" "Mozilla/5.0 (compatible; AwarioBot/1.0; +https://awario.com/bots.html)"
