198.54.114.83 - - [15/Apr/2025:02:48:55 -0400] "POST /wp-cron.php?doing_wp_cron=1744699732.5273020267486572265625 HTTP/1.1" 200 0 "-" "WordPress/6.7.2; https://bakingsecurityin.com"
198.54.114.83 - - [15/Apr/2025:02:49:04 -0400] "POST /wp-admin/admin-ajax.php?action=async_litespeed&nonce=Ph1PhGbPDZFwSPMfn5EnUQNc0cu1Dr7A&litespeed_type=imgoptm HTTP/1.1" 200 0 "-" "WordPress/6.7.2; https://bakingsecurityin.com"
124.156.119.193 - - [15/Apr/2025:02:49:34 -0400] "GET /the-metaverse-a-virtual-extension-of-our-digital-lives/ HTTP/1.1" 200 0 "-" "Python/3.10 aiohttp/3.10.5"
198.54.114.83 - - [15/Apr/2025:02:50:11 -0400] "POST /wp-admin/admin-ajax.php?action=async_litespeed&nonce=MmTOihnKw6kIC1EatccfdeZto6I3sjmY&litespeed_type=imgoptm HTTP/1.1" 200 0 "-" "WordPress/6.7.2; https://bakingsecurityin.com"
198.54.114.83 - - [15/Apr/2025:02:53:42 -0400] "POST /wp-cron.php?doing_wp_cron=1744700021.8224229812622070312500 HTTP/1.1" 200 0 "-" "WordPress/6.7.2; https://bakingsecurityin.com"
51.222.253.10 - - [15/Apr/2025:02:53:37 -0400] "GET /exploring-the-hidden-gems-nusa-penida-tour/feed/ HTTP/1.1" 200 418 "-" "Mozilla/5.0 (compatible; AhrefsBot/7.0; +http://ahrefs.com/robot/)"
198.54.114.83 - - [15/Apr/2025:02:53:42 -0400] "POST /wp-admin/admin-ajax.php?action=async_litespeed&nonce=6puoIBq91B7S3tMSfqHeZdbF76mK5MRw&litespeed_type=imgoptm HTTP/1.1" 200 5 "-" "WordPress/6.7.2; https://bakingsecurityin.com"
198.54.114.83 - - [15/Apr/2025:02:54:10 -0400] "POST /wp-cron.php?doing_wp_cron=1744700050.7554359436035156250000 HTTP/1.1" 200 0 "-" "WordPress/6.7.2; https://bakingsecurityin.com"
43.154.249.136 - - [15/Apr/2025:02:54:10 -0400] "GET /senior-mutual-insurance-tye-april-30-2013/ HTTP/1.1" 200 0 "-" "Python/3.10 aiohttp/3.10.5"
198.54.114.83 - - [15/Apr/2025:02:54:11 -0400] "POST /wp-admin/admin-ajax.php?action=async_litespeed&nonce=3BVariZQn3ZgbuQyDjCPJ85g4KaJNN6W&litespeed_type=imgoptm HTTP/1.1" 200 5 "-" "WordPress/6.7.2; https://bakingsecurityin.com"
85.208.96.193 - - [15/Apr/2025:02:54:33 -0400] "GET /explore-the-best-apartments/ HTTP/1.1" 200 0 "-" "Mozilla/5.0 (compatible; SemrushBot/7~bl; +http://www.semrush.com/bot.html)"
114.10.47.95 - - [15/Apr/2025:02:57:42 -0400] "POST /wp-login.php/wp-login.php HTTP/1.1" 200 0 "-" "python-requests/2.32.3"
198.54.114.83 - - [15/Apr/2025:02:58:11 -0400] "POST /wp-admin/admin-ajax.php?action=async_litespeed&nonce=aTFILVXcyQmox3hDYA82YSqmfJj3ESzi&litespeed_type=imgoptm HTTP/1.1" 200 5 "-" "WordPress/6.7.2; https://bakingsecurityin.com"
51.222.253.18 - - [15/Apr/2025:02:58:28 -0400] "GET /benefits-of-buying-hgh-in-canada/ HTTP/1.1" 200 0 "-" "Mozilla/5.0 (compatible; AhrefsBot/7.0; +http://ahrefs.com/robot/)"
85.208.98.18 - - [15/Apr/2025:03:00:58 -0400] "HEAD /star-plus-electrical-services/ HTTP/1.1" 200 0 "-" "Mozilla/5.0 (compatible; SemrushBot; +http://www.semrush.com/bot.html)"
85.208.98.18 - - [15/Apr/2025:03:00:58 -0400] "HEAD /tax-return-hattingen/ HTTP/1.1" 200 0 "-" "Mozilla/5.0 (compatible; SemrushBot; +http://www.semrush.com/bot.html)"
85.208.98.18 - - [15/Apr/2025:03:00:58 -0400] "HEAD /bijoux-de-lait-maternel/ HTTP/1.1" 200 0 "-" "Mozilla/5.0 (compatible; SemrushBot; +http://www.semrush.com/bot.html)"
198.54.114.83 - - [15/Apr/2025:03:01:06 -0400] "POST /wp-cron.php?doing_wp_cron=1744700465.4056820869445800781250 HTTP/1.1" 200 0 "-" "WordPress/6.7.2; https://bakingsecurityin.com"
198.54.114.83 - - [15/Apr/2025:03:01:08 -0400] "POST /wp-admin/admin-ajax.php?action=async_litespeed&nonce=rVbm7CoU32fCyQCwgIn9bp2tVcizhTb7&litespeed_type=imgoptm HTTP/1.1" 200 0 "-" "WordPress/6.7.2; https://bakingsecurityin.com"
85.208.98.18 - - [15/Apr/2025:03:01:28 -0400] "HEAD /bijoux-de-lait-maternel/ HTTP/1.1" 200 0 "-" "Mozilla/5.0 (compatible; SemrushBot; +http://www.semrush.com/bot.html)"
87.250.224.113 - - [15/Apr/2025:03:02:59 -0400] "GET /robots.txt HTTP/1.1" 304 0 "-" "Mozilla/5.0 (compatible; YandexBot/3.0; +http://yandex.com/bots)"
87.250.224.101 - - [15/Apr/2025:03:03:02 -0400] "GET /5-ways-to-earn-more-money-from-writing/ HTTP/1.1" 200 0 "-" "Mozilla/5.0 (compatible; YandexBot/3.0; +http://yandex.com/bots)"
198.54.114.83 - - [15/Apr/2025:03:03:44 -0400] "POST /wp-cron.php?doing_wp_cron=1744700623.5889589786529541015625 HTTP/1.1" 200 0 "-" "WordPress/6.7.2; https://bakingsecurityin.com"
51.222.253.11 - - [15/Apr/2025:03:03:43 -0400] "GET /page/44/ HTTP/1.1" 200 0 "-" "Mozilla/5.0 (compatible; AhrefsBot/7.0; +http://ahrefs.com/robot/)"
198.54.114.83 - - [15/Apr/2025:03:03:44 -0400] "POST /wp-admin/admin-ajax.php?action=async_litespeed&nonce=pfypfUx6JHQaPH1MTNTcqVncAHc7HHrx&litespeed_type=imgoptm HTTP/1.1" 200 5 "-" "WordPress/6.7.2; https://bakingsecurityin.com"
198.54.114.83 - - [15/Apr/2025:03:05:26 -0400] "POST /wp-cron.php?doing_wp_cron=1744700724.9791479110717773437500 HTTP/1.1" 200 0 "-" "WordPress/6.7.2; https://bakingsecurityin.com"
58.254.68.125 - - [15/Apr/2025:03:05:22 -0400] "GET /top-5-retinol-creams/ HTTP/1.1" 200 0 "https://bakingsecurityin.com" "Mozilla/5.0 (Windows NT 10.0; Win64; x64) AppleWebKit/537.36 (KHTML, like Gecko) Chrome/62.0.3202.94 Safari/537.36"
198.54.114.83 - - [15/Apr/2025:03:05:27 -0400] "POST /wp-admin/admin-ajax.php?action=async_litespeed&nonce=DfHmDmMnqkBVMlnR7go9pIwhwiG5GFLA&litespeed_type=imgoptm HTTP/1.1" 200 0 "-" "WordPress/6.7.2; https://bakingsecurityin.com"
43.135.121.251 - - [15/Apr/2025:03:08:17 -0400] "GET /the-arden-is-not-just-a-village-or-a-town/ HTTP/1.1" 200 0 "-" "Python/3.10 aiohttp/3.10.5"
198.54.114.83 - - [15/Apr/2025:03:08:24 -0400] "POST /wp-cron.php?doing_wp_cron=1744700900.0351850986480712890625 HTTP/1.1" 200 0 "-" "WordPress/6.7.2; https://bakingsecurityin.com"
51.222.253.5 - - [15/Apr/2025:03:08:34 -0400] "GET /page/53/ HTTP/1.1" 200 0 "-" "Mozilla/5.0 (compatible; AhrefsBot/7.0; +http://ahrefs.com/robot/)"
198.54.114.83 - - [15/Apr/2025:03:10:51 -0400] "POST /wp-admin/admin-ajax.php?action=async_litespeed&nonce=5up9I0RpdTcL9kCy3lWn67sCQhDg8HZy&litespeed_type=imgoptm HTTP/1.1" 200 0 "-" "WordPress/6.7.2; https://bakingsecurityin.com"
51.222.253.14 - - [15/Apr/2025:03:13:20 -0400] "GET /gambling-and-sociodemographic-factors/ HTTP/1.1" 200 0 "-" "Mozilla/5.0 (compatible; AhrefsBot/7.0; +http://ahrefs.com/robot/)"
198.54.114.83 - - [15/Apr/2025:03:13:24 -0400] "POST /wp-cron.php?doing_wp_cron=1744701203.3425750732421875000000 HTTP/1.1" 200 0 "-" "WordPress/6.7.2; https://bakingsecurityin.com"
151.106.162.30 - - [15/Apr/2025:03:13:24 -0400] "GET /wp-content/plugins/advanced-google-recaptcha/libs/captcha.php?wpcaptcha-generate-image=true&color=%23FFFFFF&noise=1&id=8841 HTTP/1.1" 404 0 "-" "Mozilla/5.0 (X11; Ubuntu; Linux x86_64; rv:72.0) Gecko/20100101 Firefox/72.0"
151.106.162.30 - - [15/Apr/2025:03:13:26 -0400] "GET /wp-content/plugins/advanced-google-recaptcha/libs/captcha.php?wpcaptcha-generate-image=true&color=%23FFFFFF&noise=1&id=8841 HTTP/1.1" 404 0 "-" "Mozilla/5.0 (X11; Ubuntu; Linux x86_64; rv:72.0) Gecko/20100101 Firefox/72.0"
198.54.114.83 - - [15/Apr/2025:03:13:25 -0400] "POST /wp-admin/admin-ajax.php?action=async_litespeed&nonce=oss6uJGPpAEJ0qNlTRnN3uXLLTkBh4c7&litespeed_type=imgoptm HTTP/1.1" 200 0 "-" "WordPress/6.7.2; https://bakingsecurityin.com"
151.106.162.30 - - [15/Apr/2025:03:13:27 -0400] "GET /wp-content/plugins/advanced-google-recaptcha/libs/captcha.php?wpcaptcha-generate-image=true&color=%23FFFFFF&noise=1&id=8841 HTTP/1.1" 404 0 "-" "Mozilla/5.0 (X11; Ubuntu; Linux x86_64; rv:72.0) Gecko/20100101 Firefox/72.0"
129.226.128.109 - - [15/Apr/2025:03:17:00 -0400] "GET /auto-body-shops-and-aluminum-fix/ HTTP/1.1" 200 0 "-" "Python/3.10 aiohttp/3.10.5"
138.121.181.193 - - [15/Apr/2025:03:17:58 -0400] "POST /xmlrpc.php HTTP/1.1" 200 0 "-" "Mozilla/5.0 (Windows NT 10.0; Win64; x64) AppleWebKit/537.36 (KHTML, like Gecko) Chrome/91.0.4472.124 Safari/537.36"
51.222.253.17 - - [15/Apr/2025:03:17:58 -0400] "GET /exploring-the-perfect-ten-showflat/ HTTP/1.1" 200 0 "-" "Mozilla/5.0 (compatible; AhrefsBot/7.0; +http://ahrefs.com/robot/)"
198.54.114.83 - - [15/Apr/2025:03:18:02 -0400] "POST /wp-cron.php?doing_wp_cron=1744701480.7596049308776855468750 HTTP/1.1" 200 0 "-" "WordPress/6.7.2; https://bakingsecurityin.com"
198.54.114.83 - - [15/Apr/2025:03:18:02 -0400] "POST /wp-cron.php?doing_wp_cron=1744701480.7546598911285400390625 HTTP/1.1" 200 0 "-" "WordPress/6.7.2; https://bakingsecurityin.com"
43.154.109.7 - - [15/Apr/2025:03:18:48 -0400] "GET /insinkerator-disposers/ HTTP/1.1" 200 0 "-" "Python/3.10 aiohttp/3.10.5"
2405:201:2009:58ac:acf5:8fa3:8572:9bdf - - [15/Apr/2025:03:18:53 -0400] "POST /xmlrpc.php HTTP/1.1" 200 186 "-" "Mozilla/5.0 (Windows NT 10.0; Win64; x64) AppleWebKit/537.36 (KHTML, like Gecko) Chrome/91.0.4472.124 Safari/537.36"
198.54.114.83 - - [15/Apr/2025:03:20:29 -0400] "POST /wp-cron.php?doing_wp_cron=1744701628.8577120304107666015625 HTTP/1.1" 200 0 "-" "WordPress/6.7.2; https://bakingsecurityin.com"
136.243.228.193 - - [15/Apr/2025:03:20:26 -0400] "GET /can-fenbendazole-cure-cancer/ HTTP/1.1" 200 0 "-" "Mozilla/5.0 (compatible; DataForSeoBot/1.0; +https://dataforseo.com/dataforseo-bot)"
198.54.114.83 - - [15/Apr/2025:03:20:30 -0400] "POST /wp-admin/admin-ajax.php?action=async_litespeed&nonce=HHltj9XQ7Qm6dRO7SHJ1D2uyZCAVBvR1&litespeed_type=imgoptm HTTP/1.1" 200 0 "-" "WordPress/6.7.2; https://bakingsecurityin.com"
198.54.114.83 - - [15/Apr/2025:03:22:53 -0400] "POST /wp-cron.php?doing_wp_cron=1744701772.6419210433959960937500 HTTP/1.1" 200 0 "-" "WordPress/6.7.2; https://bakingsecurityin.com"
51.222.253.7 - - [15/Apr/2025:03:22:50 -0400] "GET /page/46/ HTTP/1.1" 200 0 "-" "Mozilla/5.0 (compatible; AhrefsBot/7.0; +http://ahrefs.com/robot/)"
198.54.114.83 - - [15/Apr/2025:03:22:53 -0400] "POST /wp-admin/admin-ajax.php?action=async_litespeed&nonce=xb1shWdDyJxr3JKUUS5EA0E8Tg7g3GnP&litespeed_type=imgoptm HTTP/1.1" 200 5 "-" "WordPress/6.7.2; https://bakingsecurityin.com"
2405:201:2009:58ac:acf5:8fa3:8572:9bdf - - [15/Apr/2025:03:26:17 -0400] "GET /wp-json/wp/v2/users HTTP/1.1" 200 1292 "-" "Mozilla/4.0 (compatible; Win32; WinHttp.WinHttpRequest.5)"
198.54.114.83 - - [15/Apr/2025:03:26:22 -0400] "POST /wp-cron.php?doing_wp_cron=1744701979.6594529151916503906250 HTTP/1.1" 200 0 "-" "WordPress/6.7.2; https://bakingsecurityin.com"
185.191.171.18 - - [15/Apr/2025:03:26:56 -0400] "GET /robots.txt HTTP/1.1" 304 0 "-" "Mozilla/5.0 (compatible; SemrushBot/7~bl; +http://www.semrush.com/bot.html)"
85.208.96.201 - - [15/Apr/2025:03:26:59 -0400] "GET /exploring-the-allure-of-sora-condo/ HTTP/1.1" 200 0 "-" "Mozilla/5.0 (compatible; SemrushBot/7~bl; +http://www.semrush.com/bot.html)"
198.54.114.83 - - [15/Apr/2025:03:27:26 -0400] "POST /wp-cron.php?doing_wp_cron=1744702045.4685149192810058593750 HTTP/1.1" 200 0 "-" "WordPress/6.7.2; https://bakingsecurityin.com"
51.222.253.9 - - [15/Apr/2025:03:27:25 -0400] "GET /2020/11/ HTTP/1.1" 200 0 "-" "Mozilla/5.0 (compatible; AhrefsBot/7.0; +http://ahrefs.com/robot/)"
198.54.114.83 - - [15/Apr/2025:03:27:28 -0400] "POST /wp-admin/admin-ajax.php?action=async_litespeed&nonce=r6LuEwuOEYkVBaFJBn0lVvfgPAAjnHab&litespeed_type=imgoptm HTTP/1.1" 200 0 "-" "WordPress/6.7.2; https://bakingsecurityin.com"
2405:201:2009:58ac:acf5:8fa3:8572:9bdf - - [15/Apr/2025:03:27:34 -0400] "POST /xmlrpc.php HTTP/1.1" 200 186 "-" "Mozilla/5.0 (Windows NT 10.0; Win64; x64) AppleWebKit/537.36 (KHTML, like Gecko) Chrome/91.0.4472.124 Safari/537.36"
2405:201:2009:58ac:acf5:8fa3:8572:9bdf - - [15/Apr/2025:03:29:05 -0400] "POST /xmlrpc.php HTTP/1.1" 200 0 "-" "Mozilla/5.0 (Windows NT 10.0; Win64; x64) AppleWebKit/537.36 (KHTML, like Gecko) Chrome/91.0.4472.124 Safari/537.36"
198.54.114.83 - - [15/Apr/2025:03:29:09 -0400] "POST /wp-cron.php?doing_wp_cron=1744702148.3700098991394042968750 HTTP/1.1" 200 0 "-" "WordPress/6.7.2; https://bakingsecurityin.com"
198.54.114.83 - - [15/Apr/2025:03:29:09 -0400] "POST /wp-admin/admin-ajax.php?action=async_litespeed&nonce=lPBx7CInFnfcsawSi2Tqk36TOu3QXGhp&litespeed_type=imgoptm HTTP/1.1" 200 5 "-" "WordPress/6.7.2; https://bakingsecurityin.com"
129.226.49.42 - - [15/Apr/2025:03:29:11 -0400] "GET /lentor-hills-residences/ HTTP/1.1" 200 0 "-" "Python/3.10 aiohttp/3.10.5"
198.54.114.83 - - [15/Apr/2025:03:31:52 -0400] "POST /wp-cron.php?doing_wp_cron=1744702311.8358259201049804687500 HTTP/1.1" 200 0 "-" "WordPress/6.7.2; https://bakingsecurityin.com"
51.222.253.14 - - [15/Apr/2025:03:31:49 -0400] "GET /page/47/ HTTP/1.1" 200 0 "-" "Mozilla/5.0 (compatible; AhrefsBot/7.0; +http://ahrefs.com/robot/)"
198.54.114.83 - - [15/Apr/2025:03:31:54 -0400] "POST /wp-admin/admin-ajax.php?action=async_litespeed&nonce=VeIOQtZimEifsFl6qYVcY4zDXCP4i8D3&litespeed_type=imgoptm HTTP/1.1" 200 0 "-" "WordPress/6.7.2; https://bakingsecurityin.com"
198.54.114.83 - - [15/Apr/2025:03:33:55 -0400] "POST /wp-cron.php?doing_wp_cron=1744702435.4094500541687011718750 HTTP/1.1" 200 0 "-" "WordPress/6.7.2; https://bakingsecurityin.com"
58.254.68.125 - - [15/Apr/2025:03:33:52 -0400] "GET /les-pantoufles-sont-populaires-partout-dans-le-monde/ HTTP/1.1" 301 0 "https://bakingsecurityin.com" "Mozilla/5.0 (Windows NT 10.0; Win64; x64) AppleWebKit/537.36 (KHTML, like Gecko) Chrome/62.0.3202.94 Safari/537.36"
198.54.114.83 - - [15/Apr/2025:03:33:57 -0400] "POST /wp-admin/admin-ajax.php?action=async_litespeed&nonce=HEEpmx4x43F2tbWDpkyknLsrS41gbxxp&litespeed_type=imgoptm HTTP/1.1" 200 0 "-" "WordPress/6.7.2; https://bakingsecurityin.com"
58.254.68.125 - - [15/Apr/2025:03:33:58 -0400] "GET /pantoufle-de-dinosaure/ HTTP/1.1" 200 0 "https://bakingsecurityin.com" "Mozilla/5.0 (Windows NT 10.0; Win64; x64) AppleWebKit/537.36 (KHTML, like Gecko) Chrome/62.0.3202.94 Safari/537.36"
85.208.98.24 - - [15/Apr/2025:03:34:31 -0400] "GET /moss-agate-ring/ HTTP/1.1" 200 0 "-" "Mozilla/5.0 (compatible; SemrushBot-BA; +http://www.semrush.com/bot.html)"
198.54.114.83 - - [15/Apr/2025:03:35:18 -0400] "POST /wp-admin/admin-ajax.php?action=async_litespeed&nonce=yEIGqIDq3B2vOVGZp9N8y2zmvTQKXeuj&litespeed_type=imgoptm HTTP/1.1" 200 0 "-" "WordPress/6.7.2; https://bakingsecurityin.com"
198.54.114.83 - - [15/Apr/2025:03:36:21 -0400] "POST /wp-cron.php?doing_wp_cron=1744702580.3380119800567626953125 HTTP/1.1" 200 0 "-" "WordPress/6.7.2; https://bakingsecurityin.com"
51.222.253.2 - - [15/Apr/2025:03:36:19 -0400] "GET /category/activity/page/32/ HTTP/1.1" 200 0 "-" "Mozilla/5.0 (compatible; AhrefsBot/7.0; +http://ahrefs.com/robot/)"
198.54.114.83 - - [15/Apr/2025:03:36:22 -0400] "POST /wp-admin/admin-ajax.php?action=async_litespeed&nonce=QCxWrHCpSWl7UP5VfNXmfZAuQMLxaZY2&litespeed_type=imgoptm HTTP/1.1" 200 0 "-" "WordPress/6.7.2; https://bakingsecurityin.com"
198.54.114.83 - - [15/Apr/2025:03:39:30 -0400] "POST /wp-cron.php?doing_wp_cron=1744702769.6601309776306152343750 HTTP/1.1" 200 0 "-" "WordPress/6.7.2; https://bakingsecurityin.com"
129.226.131.246 - - [15/Apr/2025:03:39:28 -0400] "GET /send-receive-large-files-via-the-web-nothing-to-install-or-setup-using-clicknsync-com-portal/ HTTP/1.1" 200 0 "-" "Python/3.10 aiohttp/3.10.5"
198.54.114.83 - - [15/Apr/2025:03:39:32 -0400] "POST /wp-admin/admin-ajax.php?action=async_litespeed&nonce=twJrjD6RJxcHTetv6SRunJxXbGXDOkas&litespeed_type=imgoptm HTTP/1.1" 200 0 "-" "WordPress/6.7.2; https://bakingsecurityin.com"
198.54.114.83 - - [15/Apr/2025:03:40:53 -0400] "POST /wp-admin/admin-ajax.php?action=async_litespeed&nonce=o6TgzVvHpfABJjKfqVcLLhabBJ9NkGnW&litespeed_type=imgoptm HTTP/1.1" 200 5 "-" "WordPress/6.7.2; https://bakingsecurityin.com"
198.54.114.83 - - [15/Apr/2025:03:40:56 -0400] "POST /wp-admin/admin-ajax.php?action=async_litespeed&nonce=z24ElsSwpv1ncXEV0Fq4yN22DvQHJEUC&litespeed_type=imgoptm HTTP/1.1" 200 5 "-" "WordPress/6.7.2; https://bakingsecurityin.com"
51.222.253.20 - - [15/Apr/2025:03:41:05 -0400] "GET /modern-bathroom-renovations-in-western-suburbs-melbourne/ HTTP/1.1" 200 0 "-" "Mozilla/5.0 (compatible; AhrefsBot/7.0; +http://ahrefs.com/robot/)"
52.138.203.243 - - [15/Apr/2025:03:41:10 -0400] "GET /wp-admin/ HTTP/1.1" 302 0 "-" "-"
52.138.203.243 - - [15/Apr/2025:03:41:10 -0400] "GET /wp-login.php?redirect_to=https%3A%2F%2Fbakingsecurityin.com%2Fwp-admin%2F&reauth=1 HTTP/1.1" 200 1737 "-" "-"
52.138.203.243 - - [15/Apr/2025:03:41:26 -0400] "GET /shop-space-for-rent-in-qatar/ HTTP/1.1" 200 0 "-" "-"
198.54.114.83 - - [15/Apr/2025:03:41:56 -0400] "POST /wp-admin/admin-ajax.php?action=async_litespeed&nonce=D60MsIl7aM7xUMWjKmwXjS6e3GN8Bzh8&litespeed_type=imgoptm HTTP/1.1" 200 5 "-" "WordPress/6.7.2; https://bakingsecurityin.com"
52.138.203.243 - - [15/Apr/2025:03:42:07 -0400] "GET /wp-admin/network/ HTTP/1.1" 302 0 "-" "-"
52.138.203.243 - - [15/Apr/2025:03:42:07 -0400] "GET /wp-login.php?redirect_to=https%3A%2F%2Fbakingsecurityin.com%2Fwp-admin%2Fnetwork%2F&reauth=1 HTTP/1.1" 200 1742 "-" "-"
52.138.203.243 - - [15/Apr/2025:03:42:08 -0400] "GET /wp-admin/user/ HTTP/1.1" 302 0 "-" "-"
52.138.203.243 - - [15/Apr/2025:03:42:09 -0400] "GET /wp-login.php?redirect_to=https%3A%2F%2Fbakingsecurityin.com%2Fwp-admin%2Fuser%2F&reauth=1 HTTP/1.1" 200 1740 "-" "-"
52.138.203.243 - - [15/Apr/2025:03:42:13 -0400] "GET /wp-admin/ HTTP/1.1" 302 0 "-" "-"
52.138.203.243 - - [15/Apr/2025:03:42:14 -0400] "GET /wp-login.php?redirect_to=https%3A%2F%2Fbakingsecurityin.com%2Fwp-admin%2F&reauth=1 HTTP/1.1" 200 1737 "-" "-"
198.54.114.83 - - [15/Apr/2025:03:43:51 -0400] "POST /wp-admin/admin-ajax.php?action=async_litespeed&nonce=1zfvwufnyHL51Q7PFSsl2Y9bwfgFg4KO&litespeed_type=imgoptm HTTP/1.1" 200 5 "-" "WordPress/6.7.2; https://bakingsecurityin.com"
198.54.114.83 - - [15/Apr/2025:03:45:30 -0400] "POST /wp-cron.php?doing_wp_cron=1744703130.1240770816802978515625 HTTP/1.1" 200 0 "-" "WordPress/6.7.2; https://bakingsecurityin.com"
51.222.253.6 - - [15/Apr/2025:03:45:28 -0400] "GET /page/42/ HTTP/1.1" 200 0 "-" "Mozilla/5.0 (compatible; AhrefsBot/7.0; +http://ahrefs.com/robot/)"
198.54.114.83 - - [15/Apr/2025:03:45:31 -0400] "POST /wp-admin/admin-ajax.php?action=async_litespeed&nonce=5OL3TZNghishAEhezOrg7uv3H32Sb7VX&litespeed_type=imgoptm HTTP/1.1" 200 5 "-" "WordPress/6.7.2; https://bakingsecurityin.com"
119.28.5.18 - - [15/Apr/2025:03:48:23 -0400] "GET /why-you-should-outsource-image-masking-services/ HTTP/1.1" 200 0 "-" "Python/3.10 aiohttp/3.10.5"
101.32.207.250 - - [15/Apr/2025:03:49:15 -0400] "GET /tembusu-grand-the-first-green-and-smart-residential-area-in-singapore/ HTTP/1.1" 200 0 "-" "Python/3.10 aiohttp/3.10.5"
198.54.114.83 - - [15/Apr/2025:03:50:17 -0400] "POST /wp-cron.php?doing_wp_cron=1744703416.9993810653686523437500 HTTP/1.1" 200 0 "-" "WordPress/6.7.2; https://bakingsecurityin.com"
51.222.253.11 - - [15/Apr/2025:03:50:14 -0400] "GET /custom-gaming-pc-builder/feed/ HTTP/1.1" 304 0 "-" "Mozilla/5.0 (compatible; AhrefsBot/7.0; +http://ahrefs.com/robot/)"
198.54.114.83 - - [15/Apr/2025:03:50:18 -0400] "POST /wp-admin/admin-ajax.php?action=async_litespeed&nonce=S7uwu1VUkF5j6FgA5THJ0upVE0XU02Fl&litespeed_type=imgoptm HTTP/1.1" 200 5 "-" "WordPress/6.7.2; https://bakingsecurityin.com"
198.54.114.83 - - [15/Apr/2025:03:55:05 -0400] "POST /wp-cron.php?doing_wp_cron=1744703705.2734279632568359375000 HTTP/1.1" 200 0 "-" "WordPress/6.7.2; https://bakingsecurityin.com"
51.222.253.15 - - [15/Apr/2025:03:55:02 -0400] "GET /page/91/ HTTP/1.1" 200 0 "-" "Mozilla/5.0 (compatible; AhrefsBot/7.0; +http://ahrefs.com/robot/)"
198.54.114.83 - - [15/Apr/2025:03:55:07 -0400] "POST /wp-admin/admin-ajax.php?action=async_litespeed&nonce=6AtUHHdHv6ChARPuKPhi7YIpTWtH58By&litespeed_type=imgoptm HTTP/1.1" 200 0 "-" "WordPress/6.7.2; https://bakingsecurityin.com"
51.222.253.14 - - [15/Apr/2025:03:59:41 -0400] "GET /category/activity/page/34/ HTTP/1.1" 200 0 "-" "Mozilla/5.0 (compatible; AhrefsBot/7.0; +http://ahrefs.com/robot/)"
198.54.114.83 - - [15/Apr/2025:03:59:46 -0400] "POST /wp-cron.php?doing_wp_cron=1744703984.6825850009918212890625 HTTP/1.1" 200 0 "-" "WordPress/6.7.2; https://bakingsecurityin.com"
198.54.114.83 - - [15/Apr/2025:03:59:48 -0400] "POST /wp-admin/admin-ajax.php?action=async_litespeed&nonce=j4TzP1gPCDV3MLdc2gqZXnL42O7b0aw6&litespeed_type=imgoptm HTTP/1.1" 200 0 "-" "WordPress/6.7.2; https://bakingsecurityin.com"
198.54.114.83 - - [15/Apr/2025:04:01:38 -0400] "POST /wp-cron.php?doing_wp_cron=1744704097.9229130744934082031250 HTTP/1.1" 200 0 "-" "WordPress/6.7.2; https://bakingsecurityin.com"
162.55.94.175 - - [15/Apr/2025:04:01:36 -0400] "GET /gitarrenunterricht-in-essen-fur-anfanger-und-experten/ HTTP/1.1" 200 0 "-" "Mozilla/5.0 (Windows NT 10.0; Win64; x64) AppleWebKit/537.36 (KHTML, like Gecko) Chrome/107.0.0.0 Safari/537.36"
198.54.114.83 - - [15/Apr/2025:04:01:39 -0400] "POST /wp-admin/admin-ajax.php?action=async_litespeed&nonce=rAHlIIKB0LLUgrgPmRK5YJSkHk6Q48Sa&litespeed_type=imgoptm HTTP/1.1" 200 0 "-" "WordPress/6.7.2; https://bakingsecurityin.com"
198.54.114.83 - - [15/Apr/2025:04:02:58 -0400] "POST /wp-cron.php?doing_wp_cron=1744704178.0554239749908447265625 HTTP/1.1" 200 0 "-" "WordPress/6.7.2; https://bakingsecurityin.com"
46.1.0.48 - - [15/Apr/2025:04:02:57 -0400] "GET //wp-content/plugins/suretriggers/changelog.txt HTTP/1.1" 301 0 "-" "Mozilla/5.0 (Windows; U; Windows NT 5.1; fr; rv:1.9.1) Gecko/20090624 Firefox/3.5"
198.54.114.83 - - [15/Apr/2025:04:03:00 -0400] "POST /wp-admin/admin-ajax.php?action=async_litespeed&nonce=QHgrWByvP7wTOF6hpKrSfN2YTSXM3Sb8&litespeed_type=imgoptm HTTP/1.1" 200 0 "-" "WordPress/6.7.2; https://bakingsecurityin.com"
46.1.0.48 - - [15/Apr/2025:04:03:00 -0400] "GET /wp-content/plugins/suretriggers/changelog.txt HTTP/1.1" 404 0 "-" "Mozilla/5.0 (Windows; U; Windows NT 5.1; fr; rv:1.9.1) Gecko/20090624 Firefox/3.5"
129.226.112.194 - - [15/Apr/2025:04:03:52 -0400] "GET /8-prostate-cancer-treatment-with-home-remedies-that-work/ HTTP/1.1" 200 0 "-" "Python/3.10 aiohttp/3.10.5"
198.54.114.83 - - [15/Apr/2025:04:04:10 -0400] "POST /wp-cron.php?doing_wp_cron=1744704249.6730110645294189453125 HTTP/1.1" 200 0 "-" "WordPress/6.7.2; https://bakingsecurityin.com"
51.222.253.2 - - [15/Apr/2025:04:04:09 -0400] "GET /page/51/ HTTP/1.1" 200 0 "-" "Mozilla/5.0 (compatible; AhrefsBot/7.0; +http://ahrefs.com/robot/)"
198.54.114.83 - - [15/Apr/2025:04:04:10 -0400] "POST /wp-admin/admin-ajax.php?action=async_litespeed&nonce=jupkliLafDBHsJMck3PPTFiXyaUniITb&litespeed_type=imgoptm HTTP/1.1" 200 5 "-" "WordPress/6.7.2; https://bakingsecurityin.com"
198.54.114.83 - - [15/Apr/2025:04:08:45 -0400] "POST /wp-cron.php?doing_wp_cron=1744704525.3587949275970458984375 HTTP/1.1" 200 0 "-" "WordPress/6.7.2; https://bakingsecurityin.com"
185.191.171.17 - - [15/Apr/2025:04:08:43 -0400] "GET /expertenrat-fur-kandidaten-die-gitarrenunterricht-fur-anfanger-nehmen/ HTTP/1.1" 200 0 "-" "Mozilla/5.0 (compatible; SemrushBot/7~bl; +http://www.semrush.com/bot.html)"
198.54.114.83 - - [15/Apr/2025:04:08:45 -0400] "POST /wp-admin/admin-ajax.php?action=async_litespeed&nonce=BRBfWYp9TB7YAs9fpnTCapaQUSHXFler&litespeed_type=imgoptm HTTP/1.1" 200 5 "-" "WordPress/6.7.2; https://bakingsecurityin.com"
198.54.114.83 - - [15/Apr/2025:04:08:55 -0400] "POST /wp-cron.php?doing_wp_cron=1744704535.2668719291687011718750 HTTP/1.1" 200 0 "-" "WordPress/6.7.2; https://bakingsecurityin.com"
51.222.253.17 - - [15/Apr/2025:04:08:55 -0400] "GET /all-about-real-estate-developers/ HTTP/1.1" 200 0 "-" "Mozilla/5.0 (compatible; AhrefsBot/7.0; +http://ahrefs.com/robot/)"
198.54.114.83 - - [15/Apr/2025:04:08:55 -0400] "POST /wp-admin/admin-ajax.php?action=async_litespeed&nonce=dnqWmYJpZCz07ZaTTnfMoEPbOGm0RKFV&litespeed_type=imgoptm HTTP/1.1" 200 5 "-" "WordPress/6.7.2; https://bakingsecurityin.com"
198.54.114.83 - - [15/Apr/2025:04:10:42 -0400] "POST /wp-admin/admin-ajax.php?action=async_litespeed&nonce=lbvw20VkeLCsAQEKvqWSuTKyrB050VCt&litespeed_type=imgoptm HTTP/1.1" 200 5 "-" "WordPress/6.7.2; https://bakingsecurityin.com"
198.54.114.83 - - [15/Apr/2025:04:13:04 -0400] "POST /wp-cron.php?doing_wp_cron=1744704784.2554669380187988281250 HTTP/1.1" 200 0 "-" "WordPress/6.7.2; https://bakingsecurityin.com"
85.208.96.197 - - [15/Apr/2025:04:13:02 -0400] "GET /addiction-aftercare-online-2/ HTTP/1.1" 200 0 "-" "Mozilla/5.0 (compatible; SemrushBot/7~bl; +http://www.semrush.com/bot.html)"
198.54.114.83 - - [15/Apr/2025:04:13:05 -0400] "POST /wp-admin/admin-ajax.php?action=async_litespeed&nonce=qqBn2OlyvkiCLH87eWcpYVgJrZXROc4C&litespeed_type=imgoptm HTTP/1.1" 200 5 "-" "WordPress/6.7.2; https://bakingsecurityin.com"
198.54.114.83 - - [15/Apr/2025:04:13:59 -0400] "POST /wp-cron.php?doing_wp_cron=1744704838.5589380264282226562500 HTTP/1.1" 200 0 "-" "WordPress/6.7.2; https://bakingsecurityin.com"
51.222.253.1 - - [15/Apr/2025:04:13:58 -0400] "GET /2025/02/ HTTP/1.1" 200 0 "-" "Mozilla/5.0 (compatible; AhrefsBot/7.0; +http://ahrefs.com/robot/)"
198.54.114.83 - - [15/Apr/2025:04:14:00 -0400] "POST /wp-admin/admin-ajax.php?action=async_litespeed&nonce=I09atqHG4rGSRgHRsDVhrbo6JG98uptR&litespeed_type=imgoptm HTTP/1.1" 200 0 "-" "WordPress/6.7.2; https://bakingsecurityin.com"
198.54.114.83 - - [15/Apr/2025:04:16:04 -0400] "POST /wp-cron.php?doing_wp_cron=1744704964.1113419532775878906250 HTTP/1.1" 200 0 "-" "WordPress/6.7.2; https://bakingsecurityin.com"
43.135.121.251 - - [15/Apr/2025:04:16:00 -0400] "GET /can-fenbendazole-cure-cancer/ HTTP/1.1" 200 0 "-" "Python/3.10 aiohttp/3.10.5"
198.54.114.83 - - [15/Apr/2025:04:16:04 -0400] "POST /wp-admin/admin-ajax.php?action=async_litespeed&nonce=csUcuRA3rwTjA01cJHq6OHxINDagcPgI&litespeed_type=imgoptm HTTP/1.1" 200 5 "-" "WordPress/6.7.2; https://bakingsecurityin.com"
124.243.149.13 - - [15/Apr/2025:04:16:08 -0400] "GET /page/30/ HTTP/1.1" 200 0 "https://bakingsecurityin.com/page/30/" "Mozilla/5.0 (Macintosh; Intel Mac OS X 10_15_7) AppleWebKit/537.36 (KHTML, like Gecko) Chrome/123.0.0.0 Safari/537.36"
198.54.114.83 - - [15/Apr/2025:04:17:19 -0400] "POST /wp-cron.php?doing_wp_cron=1744705038.7741808891296386718750 HTTP/1.1" 200 0 "-" "WordPress/6.7.2; https://bakingsecurityin.com"
129.226.112.194 - - [15/Apr/2025:04:17:18 -0400] "GET /how-to-remix-a-snap/ HTTP/1.1" 200 0 "-" "Python/3.10 aiohttp/3.10.5"
198.54.114.83 - - [15/Apr/2025:04:17:20 -0400] "POST /wp-admin/admin-ajax.php?action=async_litespeed&nonce=t9ZiponC0riIEenx2aj2wb2bdsUf0FrG&litespeed_type=imgoptm HTTP/1.1" 200 5 "-" "WordPress/6.7.2; https://bakingsecurityin.com"
198.54.114.83 - - [15/Apr/2025:04:19:03 -0400] "POST /wp-cron.php?doing_wp_cron=1744705143.0144279003143310546875 HTTP/1.1" 200 0 "-" "WordPress/6.7.2; https://bakingsecurityin.com"
51.222.253.8 - - [15/Apr/2025:04:19:00 -0400] "GET /voice-actor-training-getting-started-in-voice-overs/ HTTP/1.1" 200 0 "-" "Mozilla/5.0 (compatible; AhrefsBot/7.0; +http://ahrefs.com/robot/)"
198.54.114.83 - - [15/Apr/2025:04:19:04 -0400] "POST /wp-admin/admin-ajax.php?action=async_litespeed&nonce=dUefhh0g5YXDtIeTtJen5zBrj3dLol48&litespeed_type=imgoptm HTTP/1.1" 200 0 "-" "WordPress/6.7.2; https://bakingsecurityin.com"
198.54.114.83 - - [15/Apr/2025:04:20:28 -0400] "POST /wp-cron.php?doing_wp_cron=1744705227.9552640914916992187500 HTTP/1.1" 200 0 "-" "WordPress/6.7.2; https://bakingsecurityin.com"
157.55.39.57 - - [15/Apr/2025:04:20:27 -0400] "GET /wp-sitemap.xml HTTP/1.1" 200 194 "-" "Mozilla/5.0 AppleWebKit/537.36 (KHTML, like Gecko; compatible; bingbot/2.0; +http://www.bing.com/bingbot.htm) Chrome/116.0.1938.76 Safari/537.36"
198.54.114.83 - - [15/Apr/2025:04:20:29 -0400] "POST /wp-admin/admin-ajax.php?action=async_litespeed&nonce=voEAfez6X53edDOG0E5cvfWrPApf3ulD&litespeed_type=imgoptm HTTP/1.1" 200 5 "-" "WordPress/6.7.2; https://bakingsecurityin.com"
52.167.144.204 - - [15/Apr/2025:04:20:44 -0400] "GET /wp-sitemap-posts-page-1.xml HTTP/1.1" 200 214 "-" "Mozilla/5.0 AppleWebKit/537.36 (KHTML, like Gecko; compatible; bingbot/2.0; +http://www.bing.com/bingbot.htm) Chrome/116.0.1938.76 Safari/537.36"
198.54.114.83 - - [15/Apr/2025:04:21:51 -0400] "POST /wp-cron.php?doing_wp_cron=1744705310.6494569778442382812500 HTTP/1.1" 200 0 "-" "WordPress/6.7.2; https://bakingsecurityin.com"
136.243.228.193 - - [15/Apr/2025:04:21:50 -0400] "GET /business-communication-with-3cx-pbx/ HTTP/1.1" 200 0 "-" "Mozilla/5.0 (compatible; DataForSeoBot/1.0; +https://dataforseo.com/dataforseo-bot)"
198.54.114.83 - - [15/Apr/2025:04:21:52 -0400] "POST /wp-admin/admin-ajax.php?action=async_litespeed&nonce=vfKYwJ7IMMHQQkgTK4JCvibhjMFfkQwg&litespeed_type=imgoptm HTTP/1.1" 200 0 "-" "WordPress/6.7.2; https://bakingsecurityin.com"
198.54.114.83 - - [15/Apr/2025:04:22:59 -0400] "POST /wp-cron.php?doing_wp_cron=1744705378.7646050453186035156250 HTTP/1.1" 200 0 "-" "WordPress/6.7.2; https://bakingsecurityin.com"
85.208.96.197 - - [15/Apr/2025:04:22:58 -0400] "GET /legal-operations-with-professional-answering-services/ HTTP/1.1" 200 0 "-" "Mozilla/5.0 (compatible; SemrushBot/7~bl; +http://www.semrush.com/bot.html)"
198.54.114.83 - - [15/Apr/2025:04:22:59 -0400] "POST /wp-admin/admin-ajax.php?action=async_litespeed&nonce=CIAQiqb94Iz4kiiyoO9Q4EdAl1xJifiY&litespeed_type=imgoptm HTTP/1.1" 200 5 "-" "WordPress/6.7.2; https://bakingsecurityin.com"
43.134.216.64 - - [15/Apr/2025:04:23:50 -0400] "GET /liability-insurance-for-small-businesses/ HTTP/1.1" 200 0 "-" "Python/3.10 aiohttp/3.10.5"
198.54.114.83 - - [15/Apr/2025:04:23:58 -0400] "POST /wp-cron.php?doing_wp_cron=1744705437.8496010303497314453125 HTTP/1.1" 200 0 "-" "WordPress/6.7.2; https://bakingsecurityin.com"
157.55.39.57 - - [15/Apr/2025:04:23:57 -0400] "GET /wp-sitemap-taxonomies-category-1.xml HTTP/1.1" 200 206 "-" "Mozilla/5.0 AppleWebKit/537.36 (KHTML, like Gecko; compatible; bingbot/2.0; +http://www.bing.com/bingbot.htm) Chrome/116.0.1938.76 Safari/537.36"
198.54.114.83 - - [15/Apr/2025:04:23:59 -0400] "POST /wp-admin/admin-ajax.php?action=async_litespeed&nonce=UG4vQs6bRbXp7b1bZk23vJGFxbBBLOTN&litespeed_type=imgoptm HTTP/1.1" 200 5 "-" "WordPress/6.7.2; https://bakingsecurityin.com"
157.55.39.57 - - [15/Apr/2025:04:23:59 -0400] "GET /wp-sitemap-users-1.xml HTTP/1.1" 200 170 "-" "Mozilla/5.0 AppleWebKit/537.36 (KHTML, like Gecko; compatible; bingbot/2.0; +http://www.bing.com/bingbot.htm) Chrome/116.0.1938.76 Safari/537.36"
51.222.253.13 - - [15/Apr/2025:04:24:20 -0400] "GET /what-are-the-benefits-of-ordinary-floor-covering-cleaning/ HTTP/1.1" 200 0 "-" "Mozilla/5.0 (compatible; AhrefsBot/7.0; +http://ahrefs.com/robot/)"
198.54.114.83 - - [15/Apr/2025:04:26:08 -0400] "POST /wp-cron.php?doing_wp_cron=1744705568.0007960796356201171875 HTTP/1.1" 200 0 "-" "WordPress/6.7.2; https://bakingsecurityin.com"
43.154.145.14 - - [15/Apr/2025:04:26:05 -0400] "GET /the-hidden-secrets-of-photography-marketing-with-youtube/ HTTP/1.1" 200 0 "-" "Python/3.10 aiohttp/3.10.5"
198.54.114.83 - - [15/Apr/2025:04:26:08 -0400] "POST /wp-admin/admin-ajax.php?action=async_litespeed&nonce=XmhHp5GVQU0tPyGD2iCS4QneBAeKH6F6&litespeed_type=imgoptm HTTP/1.1" 200 5 "-" "WordPress/6.7.2; https://bakingsecurityin.com"
198.54.114.83 - - [15/Apr/2025:04:27:55 -0400] "POST /wp-cron.php?doing_wp_cron=1744705675.1134839057922363281250 HTTP/1.1" 200 0 "-" "WordPress/6.7.2; https://bakingsecurityin.com"
150.109.40.196 - - [15/Apr/2025:04:27:53 -0400] "GET /10-things-you-should-know-before-shipping-your-car-overseas/ HTTP/1.1" 200 0 "-" "Python/3.10 aiohttp/3.10.5"
198.54.114.83 - - [15/Apr/2025:04:27:55 -0400] "POST /wp-admin/admin-ajax.php?action=async_litespeed&nonce=8NYiwFDnDW2wUAV4PWXdcbrrjnFvmbWX&litespeed_type=imgoptm HTTP/1.1" 200 5 "-" "WordPress/6.7.2; https://bakingsecurityin.com"
198.54.114.83 - - [15/Apr/2025:04:29:22 -0400] "POST /wp-cron.php?doing_wp_cron=1744705762.4153270721435546875000 HTTP/1.1" 200 0 "-" "WordPress/6.7.2; https://bakingsecurityin.com"
51.222.253.16 - - [15/Apr/2025:04:29:22 -0400] "GET /category/activity/page/8/ HTTP/1.1" 200 0 "-" "Mozilla/5.0 (compatible; AhrefsBot/7.0; +http://ahrefs.com/robot/)"
198.54.114.83 - - [15/Apr/2025:04:29:22 -0400] "POST /wp-admin/admin-ajax.php?action=async_litespeed&nonce=f8rgChwDy3jAgRCPJtafceI8QOtw5U3d&litespeed_type=imgoptm HTTP/1.1" 200 5 "-" "WordPress/6.7.2; https://bakingsecurityin.com"
198.54.114.83 - - [15/Apr/2025:04:33:57 -0400] "POST /wp-cron.php?doing_wp_cron=1744706037.4286398887634277343750 HTTP/1.1" 200 0 "-" "WordPress/6.7.2; https://bakingsecurityin.com"
43.129.84.140 - - [15/Apr/2025:04:33:52 -0400] "GET /how-to-get-the-best-voice-over-for-your-video/ HTTP/1.1" 200 0 "-" "Python/3.10 aiohttp/3.10.5"
198.54.114.83 - - [15/Apr/2025:04:33:59 -0400] "POST /wp-admin/admin-ajax.php?action=async_litespeed&nonce=QSUbVdnEdKUAigOOQzImTRLCByHopGdA&litespeed_type=imgoptm HTTP/1.1" 200 0 "-" "WordPress/6.7.2; https://bakingsecurityin.com"
51.222.253.2 - - [15/Apr/2025:04:34:41 -0400] "GET /ardor-residence-developer-an-exciting-new-launch-in-district-15/ HTTP/1.1" 200 0 "-" "Mozilla/5.0 (compatible; AhrefsBot/7.0; +http://ahrefs.com/robot/)"
198.54.114.83 - - [15/Apr/2025:04:37:06 -0400] "POST /wp-admin/admin-ajax.php?action=async_litespeed&nonce=FQf8wqLoWf42ld7IzxUu5HR6C42fnYiI&litespeed_type=imgoptm HTTP/1.1" 200 0 "-" "WordPress/6.7.2; https://bakingsecurityin.com"
198.54.114.83 - - [15/Apr/2025:04:38:29 -0400] "POST /wp-cron.php?doing_wp_cron=1744706309.1022260189056396484375 HTTP/1.1" 200 0 "-" "WordPress/6.7.2; https://bakingsecurityin.com"
185.191.171.7 - - [15/Apr/2025:04:38:28 -0400] "GET /umzuge-buchholz/ HTTP/1.1" 200 0 "-" "Mozilla/5.0 (compatible; SemrushBot/7~bl; +http://www.semrush.com/bot.html)"
198.54.114.83 - - [15/Apr/2025:04:38:30 -0400] "POST /wp-admin/admin-ajax.php?action=async_litespeed&nonce=lA95IQnqHvgQ6hTM0kRHbgyoegvgrWBj&litespeed_type=imgoptm HTTP/1.1" 200 5 "-" "WordPress/6.7.2; https://bakingsecurityin.com"
198.54.114.83 - - [15/Apr/2025:04:39:34 -0400] "POST /wp-cron.php?doing_wp_cron=1744706374.6912059783935546875000 HTTP/1.1" 200 0 "-" "WordPress/6.7.2; https://bakingsecurityin.com"
51.222.253.2 - - [15/Apr/2025:04:39:34 -0400] "GET /panneau-acoustique-bois/ HTTP/1.1" 200 0 "-" "Mozilla/5.0 (compatible; AhrefsBot/7.0; +http://ahrefs.com/robot/)"
198.54.114.83 - - [15/Apr/2025:04:39:35 -0400] "POST /wp-admin/admin-ajax.php?action=async_litespeed&nonce=vUBtU3sILeZ0IHLYafcx2WK1276RU5zx&litespeed_type=imgoptm HTTP/1.1" 200 0 "-" "WordPress/6.7.2; https://bakingsecurityin.com"
198.54.114.83 - - [15/Apr/2025:04:44:24 -0400] "POST /wp-cron.php?doing_wp_cron=1744706664.2408850193023681640625 HTTP/1.1" 200 0 "-" "WordPress/6.7.2; https://bakingsecurityin.com"
51.222.253.9 - - [15/Apr/2025:04:44:21 -0400] "GET /category/activity/page/39/ HTTP/1.1" 200 0 "-" "Mozilla/5.0 (compatible; AhrefsBot/7.0; +http://ahrefs.com/robot/)"
198.54.114.83 - - [15/Apr/2025:04:44:25 -0400] "POST /wp-admin/admin-ajax.php?action=async_litespeed&nonce=bgzERVRWrCs10HFAAT3wZaUbsMXFTh7b&litespeed_type=imgoptm HTTP/1.1" 200 0 "-" "WordPress/6.7.2; https://bakingsecurityin.com"
198.54.114.83 - - [15/Apr/2025:04:45:33 -0400] "POST /wp-cron.php?doing_wp_cron=1744706733.1423571109771728515625 HTTP/1.1" 200 0 "-" "WordPress/6.7.2; https://bakingsecurityin.com"
101.32.75.188 - - [15/Apr/2025:04:45:32 -0400] "GET /moss-agate-ring/ HTTP/1.1" 200 0 "-" "Python/3.10 aiohttp/3.10.5"
198.54.114.83 - - [15/Apr/2025:04:45:34 -0400] "POST /wp-admin/admin-ajax.php?action=async_litespeed&nonce=lD35LypOJu9Qb8i4hcMkssha4rv9E96C&litespeed_type=imgoptm HTTP/1.1" 200 5 "-" "WordPress/6.7.2; https://bakingsecurityin.com"
198.54.114.83 - - [15/Apr/2025:04:49:15 -0400] "POST /wp-cron.php?doing_wp_cron=1744706954.9509301185607910156250 HTTP/1.1" 200 0 "-" "WordPress/6.7.2; https://bakingsecurityin.com"
51.222.253.1 - - [15/Apr/2025:04:49:10 -0400] "GET /optimisation-energetique-lisolation-thermique-au-coeur-des-batiments-modernes/ HTTP/1.1" 200 0 "-" "Mozilla/5.0 (compatible; AhrefsBot/7.0; +http://ahrefs.com/robot/)"
198.54.114.83 - - [15/Apr/2025:04:49:17 -0400] "POST /wp-admin/admin-ajax.php?action=async_litespeed&nonce=FSi7OoYaJgZtE7YeGMVYrVw4RWq9pdhq&litespeed_type=imgoptm HTTP/1.1" 200 0 "-" "WordPress/6.7.2; https://bakingsecurityin.com"
198.54.114.83 - - [15/Apr/2025:04:50:03 -0400] "POST /wp-cron.php?doing_wp_cron=1744707002.5695910453796386718750 HTTP/1.1" 200 0 "-" "WordPress/6.7.2; https://bakingsecurityin.com"
119.28.2.21 - - [15/Apr/2025:04:50:01 -0400] "GET /a-firemans-arms-during-fire-accidents/ HTTP/1.1" 200 0 "-" "Python/3.10 aiohttp/3.10.5"
198.54.114.83 - - [15/Apr/2025:04:50:05 -0400] "POST /wp-admin/admin-ajax.php?action=async_litespeed&nonce=uW7EFyXXHZExlT9aOP3udlRy4EyPrmTL&litespeed_type=imgoptm HTTP/1.1" 200 0 "-" "WordPress/6.7.2; https://bakingsecurityin.com"
198.54.114.83 - - [15/Apr/2025:04:54:15 -0400] "POST /wp-cron.php?doing_wp_cron=1744707254.9798560142517089843750 HTTP/1.1" 200 0 "-" "WordPress/6.7.2; https://bakingsecurityin.com"
51.222.253.2 - - [15/Apr/2025:04:54:11 -0400] "GET /page/121/ HTTP/1.1" 200 0 "-" "Mozilla/5.0 (compatible; AhrefsBot/7.0; +http://ahrefs.com/robot/)"
198.54.114.83 - - [15/Apr/2025:04:54:15 -0400] "POST /wp-admin/admin-ajax.php?action=async_litespeed&nonce=BhihiLGDoJ7tgHF7JRG9tuuri2HCNsLt&litespeed_type=imgoptm HTTP/1.1" 200 5 "-" "WordPress/6.7.2; https://bakingsecurityin.com"
198.54.114.83 - - [15/Apr/2025:04:55:38 -0400] "POST /wp-cron.php?doing_wp_cron=1744707338.4487779140472412109375 HTTP/1.1" 200 0 "-" "WordPress/6.7.2; https://bakingsecurityin.com"
178.20.43.173 - - [15/Apr/2025:04:55:38 -0400] "GET /how-does-red-light-therapy-work/ HTTP/1.1" 200 0 "https://bakingsecurityin.com/how-does-red-light-therapy-work/#comment-10841/" "Mozilla/5.0 (Windows NT 10.0; Win64; x64) AppleWebKit/537.36 (KHTML, like Gecko) Chrome/130.0.0.0 Safari/537.36 CCleaner/130.0.0.0"
198.54.114.83 - - [15/Apr/2025:04:55:40 -0400] "POST /wp-admin/admin-ajax.php?action=async_litespeed&nonce=XUlTFxbCMNQgXkVog82KpdiOlsdoCl3r&litespeed_type=imgoptm HTTP/1.1" 200 0 "-" "WordPress/6.7.2; https://bakingsecurityin.com"
178.20.43.173 - - [15/Apr/2025:04:55:40 -0400] "GET / HTTP/1.1" 200 0 "https://bakingsecurityin.com/" "Mozilla/5.0 (Windows NT 10.0; Win64; x64) AppleWebKit/537.36 (KHTML, like Gecko) Chrome/130.0.0.0 Safari/537.36 CCleaner/130.0.0.0"
198.54.114.83 - - [15/Apr/2025:04:56:44 -0400] "POST /wp-cron.php?doing_wp_cron=1744707404.1570680141448974609375 HTTP/1.1" 200 0 "-" "WordPress/6.7.2; https://bakingsecurityin.com"
43.154.146.32 - - [15/Apr/2025:04:56:43 -0400] "GET /how-to-create-custom-logo-dress-socks/ HTTP/1.1" 200 0 "-" "Python/3.10 aiohttp/3.10.5"
198.54.114.83 - - [15/Apr/2025:04:56:45 -0400] "POST /wp-admin/admin-ajax.php?action=async_litespeed&nonce=YmmQHODzgaOagw2u2ZTFVvPmNJDYLGnp&litespeed_type=imgoptm HTTP/1.1" 200 0 "-" "WordPress/6.7.2; https://bakingsecurityin.com"
198.54.114.83 - - [15/Apr/2025:04:59:14 -0400] "POST /wp-cron.php?doing_wp_cron=1744707553.3444280624389648437500 HTTP/1.1" 200 0 "-" "WordPress/6.7.2; https://bakingsecurityin.com"
51.222.253.3 - - [15/Apr/2025:04:59:09 -0400] "GET /page/40/ HTTP/1.1" 200 0 "-" "Mozilla/5.0 (compatible; AhrefsBot/7.0; +http://ahrefs.com/robot/)"
47.79.195.29 - - [15/Apr/2025:04:59:38 -0400] "GET / HTTP/1.1" 200 0 "https://www.google.com/" "Mozilla/5.0 (Linux; Android 10; K) AppleWebKit/537.36 (KHTML, like Gecko) Chrome/133.0.0.0 Mobile Safari/537.36"
43.132.229.118 - - [15/Apr/2025:05:00:00 -0400] "GET /finding-kratom-near-me/ HTTP/1.1" 200 0 "-" "Python/3.10 aiohttp/3.10.5"
198.54.114.83 - - [15/Apr/2025:05:02:57 -0400] "POST /wp-admin/admin-ajax.php?action=async_litespeed&nonce=xT0IzgHtJNmhH8Ytvm8vmFhDI37TF1Un&litespeed_type=imgoptm HTTP/1.1" 200 5 "-" "WordPress/6.7.2; https://bakingsecurityin.com"
198.54.114.83 - - [15/Apr/2025:05:04:00 -0400] "POST /wp-cron.php?doing_wp_cron=1744707840.5576069355010986328125 HTTP/1.1" 200 0 "-" "WordPress/6.7.2; https://bakingsecurityin.com"
51.222.253.17 - - [15/Apr/2025:05:04:00 -0400] "GET /what-is-a-dentist-office/ HTTP/1.1" 200 0 "-" "Mozilla/5.0 (compatible; AhrefsBot/7.0; +http://ahrefs.com/robot/)"
198.54.114.83 - - [15/Apr/2025:05:04:01 -0400] "POST /wp-admin/admin-ajax.php?action=async_litespeed&nonce=ElGM3BXZiflPTvlFYHmLbeHwCulMQuka&litespeed_type=imgoptm HTTP/1.1" 200 5 "-" "WordPress/6.7.2; https://bakingsecurityin.com"
198.54.114.83 - - [15/Apr/2025:05:05:40 -0400] "POST /wp-cron.php?doing_wp_cron=1744707939.7304930686950683593750 HTTP/1.1" 200 0 "-" "WordPress/6.7.2; https://bakingsecurityin.com"
103.87.142.24 - - [15/Apr/2025:05:05:36 -0400] "GET /insinkerator-disposers/ HTTP/1.1" 200 0 "-" "Mozilla/5.0 (Macintosh; Intel Mac OS X 12.5; rv:114.0) Gecko/20100101 Firefox/114.0"
198.54.114.83 - - [15/Apr/2025:05:05:42 -0400] "POST /wp-admin/admin-ajax.php?action=async_litespeed&nonce=X5oBKMj9sqBXU1Dm19II25G4567tePDh&litespeed_type=imgoptm HTTP/1.1" 200 0 "-" "WordPress/6.7.2; https://bakingsecurityin.com"
198.54.114.83 - - [15/Apr/2025:05:09:02 -0400] "POST /wp-cron.php?doing_wp_cron=1744708141.8944060802459716796875 HTTP/1.1" 200 0 "-" "WordPress/6.7.2; https://bakingsecurityin.com"
51.222.253.10 - - [15/Apr/2025:05:08:56 -0400] "GET /category/activity/page/82/ HTTP/1.1" 200 0 "-" "Mozilla/5.0 (compatible; AhrefsBot/7.0; +http://ahrefs.com/robot/)"
198.54.114.83 - - [15/Apr/2025:05:09:03 -0400] "POST /wp-admin/admin-ajax.php?action=async_litespeed&nonce=AfK43veq9MWjtS4wczmA1YsRkWmhl9lS&litespeed_type=imgoptm HTTP/1.1" 200 0 "-" "WordPress/6.7.2; https://bakingsecurityin.com"
43.154.194.33 - - [15/Apr/2025:05:09:44 -0400] "GET /how-to-evaluate-an-smm-panel/ HTTP/1.1" 200 0 "-" "Python/3.10 aiohttp/3.10.5"
124.156.158.34 - - [15/Apr/2025:05:09:50 -0400] "GET /where-to-buy-youtube-live-stream-views/ HTTP/1.1" 200 0 "-" "Python/3.10 aiohttp/3.10.5"
198.54.114.83 - - [15/Apr/2025:05:11:23 -0400] "POST /wp-admin/admin-ajax.php?action=async_litespeed&nonce=mIcp2cefX7w8yDTtt4XhXx7uYuyJiwzr&litespeed_type=imgoptm HTTP/1.1" 200 0 "-" "WordPress/6.7.2; https://bakingsecurityin.com"
198.54.114.83 - - [15/Apr/2025:05:13:22 -0400] "POST /wp-cron.php?doing_wp_cron=1744708400.8025510311126708984375 HTTP/1.1" 200 0 "-" "WordPress/6.7.2; https://bakingsecurityin.com"
185.191.171.11 - - [15/Apr/2025:05:13:16 -0400] "GET /ivf-clinic-in-barcelona/ HTTP/1.1" 200 0 "-" "Mozilla/5.0 (compatible; SemrushBot/7~bl; +http://www.semrush.com/bot.html)"
198.54.114.83 - - [15/Apr/2025:05:13:23 -0400] "POST /wp-admin/admin-ajax.php?action=async_litespeed&nonce=MvjbrLh66m6DEtYBgO9JBEPEO9qlTjSX&litespeed_type=imgoptm HTTP/1.1" 200 0 "-" "WordPress/6.7.2; https://bakingsecurityin.com"
51.222.253.12 - - [15/Apr/2025:05:13:46 -0400] "GET /guerir-les-blessures-invisibles-avec-lemdr/ HTTP/1.1" 200 0 "-" "Mozilla/5.0 (compatible; AhrefsBot/7.0; +http://ahrefs.com/robot/)"
198.54.114.83 - - [15/Apr/2025:05:14:35 -0400] "POST /wp-cron.php?doing_wp_cron=1744708474.4336440563201904296875 HTTP/1.1" 200 0 "-" "WordPress/6.7.2; https://bakingsecurityin.com"
101.32.75.188 - - [15/Apr/2025:05:14:33 -0400] "GET /one-bernam-tanjong-pagar/ HTTP/1.1" 200 0 "-" "Python/3.10 aiohttp/3.10.5"
198.54.114.83 - - [15/Apr/2025:05:14:36 -0400] "POST /wp-cron.php?doing_wp_cron=1744708474.5873749256134033203125 HTTP/1.1" 200 0 "-" "WordPress/6.7.2; https://bakingsecurityin.com"
43.154.72.61 - - [15/Apr/2025:05:14:33 -0400] "GET /window-tinting-near-me/ HTTP/1.1" 200 0 "-" "Python/3.10 aiohttp/3.10.5"
198.54.114.83 - - [15/Apr/2025:05:14:37 -0400] "POST /wp-admin/admin-ajax.php?action=async_litespeed&nonce=Psh2xrtA6TkpiUhBp3kZxFRGCBWGJh9F&litespeed_type=imgoptm HTTP/1.1" 200 0 "-" "WordPress/6.7.2; https://bakingsecurityin.com"
185.191.171.1 - - [15/Apr/2025:05:15:05 -0400] "GET /elope-to-spain-for-a-dream-wedding-in-paradise/ HTTP/1.1" 200 0 "-" "Mozilla/5.0 (compatible; SemrushBot/7~bl; +http://www.semrush.com/bot.html)"
198.54.114.83 - - [15/Apr/2025:05:15:07 -0400] "POST /wp-cron.php?doing_wp_cron=1744708505.2836849689483642578125 HTTP/1.1" 200 0 "-" "WordPress/6.7.2; https://bakingsecurityin.com"
198.54.114.83 - - [15/Apr/2025:05:18:41 -0400] "POST /wp-cron.php?doing_wp_cron=1744708721.0420260429382324218750 HTTP/1.1" 200 0 "-" "WordPress/6.7.2; https://bakingsecurityin.com"
51.222.253.3 - - [15/Apr/2025:05:18:36 -0400] "GET /programmatic-ads-in-dubai/ HTTP/1.1" 200 0 "-" "Mozilla/5.0 (compatible; AhrefsBot/7.0; +http://ahrefs.com/robot/)"
198.54.114.83 - - [15/Apr/2025:05:18:43 -0400] "POST /wp-admin/admin-ajax.php?action=async_litespeed&nonce=JKYBBRnd1t7q3mZqTe7npHARnWxDbZwc&litespeed_type=imgoptm HTTP/1.1" 200 0 "-" "WordPress/6.7.2; https://bakingsecurityin.com"
198.54.114.83 - - [15/Apr/2025:05:19:48 -0400] "POST /wp-admin/admin-ajax.php?action=async_litespeed&nonce=iiMfzHiEoTGFoj8KELO90z3Uzb7dvFLi&litespeed_type=imgoptm HTTP/1.1" 200 5 "-" "WordPress/6.7.2; https://bakingsecurityin.com"
198.54.114.83 - - [15/Apr/2025:05:23:09 -0400] "POST /wp-cron.php?doing_wp_cron=1744708988.1870379447937011718750 HTTP/1.1" 200 0 "-" "WordPress/6.7.2; https://bakingsecurityin.com"
51.222.253.1 - - [15/Apr/2025:05:23:03 -0400] "GET /category/activity/page/80/ HTTP/1.1" 200 0 "-" "Mozilla/5.0 (compatible; AhrefsBot/7.0; +http://ahrefs.com/robot/)"
198.54.114.83 - - [15/Apr/2025:05:23:10 -0400] "POST /wp-admin/admin-ajax.php?action=async_litespeed&nonce=B73vky4guondq6nFwi85zAxli0pDbzW5&litespeed_type=imgoptm HTTP/1.1" 200 5 "-" "WordPress/6.7.2; https://bakingsecurityin.com"
136.243.228.193 - - [15/Apr/2025:05:23:20 -0400] "GET /buy-zaza-red/ HTTP/1.1" 200 0 "-" "Mozilla/5.0 (compatible; DataForSeoBot/1.0; +https://dataforseo.com/dataforseo-bot)"
198.54.114.83 - - [15/Apr/2025:05:27:40 -0400] "POST /wp-cron.php?doing_wp_cron=1744709260.7155859470367431640625 HTTP/1.1" 200 0 "-" "WordPress/6.7.2; https://bakingsecurityin.com"
51.222.253.1 - - [15/Apr/2025:05:27:37 -0400] "GET /category/activity/page/85/ HTTP/1.1" 200 0 "-" "Mozilla/5.0 (compatible; AhrefsBot/7.0; +http://ahrefs.com/robot/)"
198.54.114.83 - - [15/Apr/2025:05:27:41 -0400] "POST /wp-admin/admin-ajax.php?action=async_litespeed&nonce=VElT0MwKud4TCSLHPb33uzg3uo5CijNx&litespeed_type=imgoptm HTTP/1.1" 200 5 "-" "WordPress/6.7.2; https://bakingsecurityin.com"
198.54.114.83 - - [15/Apr/2025:05:28:11 -0400] "POST /wp-admin/admin-ajax.php?action=async_litespeed&nonce=geTkTSSwZdLRR0janI5t0dMx6Q9QYeSX&litespeed_type=imgoptm HTTP/1.1" 200 5 "-" "WordPress/6.7.2; https://bakingsecurityin.com"
198.54.114.83 - - [15/Apr/2025:05:32:27 -0400] "POST /wp-cron.php?doing_wp_cron=1744709546.0211830139160156250000 HTTP/1.1" 200 0 "-" "WordPress/6.7.2; https://bakingsecurityin.com"
51.222.253.9 - - [15/Apr/2025:05:32:21 -0400] "GET /gambling-and-poker/ HTTP/1.1" 200 0 "-" "Mozilla/5.0 (compatible; AhrefsBot/7.0; +http://ahrefs.com/robot/)"
198.54.114.83 - - [15/Apr/2025:05:32:28 -0400] "POST /wp-admin/admin-ajax.php?action=async_litespeed&nonce=GPtiJsRC9d3ixFDTVXU6TCANAkzDCNP0&litespeed_type=imgoptm HTTP/1.1" 200 0 "-" "WordPress/6.7.2; https://bakingsecurityin.com"
198.54.114.83 - - [15/Apr/2025:05:33:37 -0400] "POST /wp-cron.php?doing_wp_cron=1744709616.9142880439758300781250 HTTP/1.1" 200 0 "-" "WordPress/6.7.2; https://bakingsecurityin.com"
119.28.31.106 - - [15/Apr/2025:05:33:36 -0400] "GET /best-place-to-buy-youtube-comments/ HTTP/1.1" 200 0 "-" "Python/3.10 aiohttp/3.10.5"
198.54.114.83 - - [15/Apr/2025:05:33:38 -0400] "POST /wp-admin/admin-ajax.php?action=async_litespeed&nonce=NoGPpCn51MnXKzve0Vq9jmHJ6LYTOscv&litespeed_type=imgoptm HTTP/1.1" 200 0 "-" "WordPress/6.7.2; https://bakingsecurityin.com"
198.54.114.83 - - [15/Apr/2025:05:36:44 -0400] "POST /wp-admin/admin-ajax.php?action=async_litespeed&nonce=GT8nWJnYjGUSi0740qwYtB6Yz0V2y9wJ&litespeed_type=imgoptm HTTP/1.1" 200 0 "-" "WordPress/6.7.2; https://bakingsecurityin.com"
198.54.114.83 - - [15/Apr/2025:05:37:06 -0400] "POST /wp-cron.php?doing_wp_cron=1744709825.5705959796905517578125 HTTP/1.1" 200 0 "-" "WordPress/6.7.2; https://bakingsecurityin.com"
51.222.253.5 - - [15/Apr/2025:05:37:05 -0400] "GET /category/activity/page/87/ HTTP/1.1" 200 0 "-" "Mozilla/5.0 (compatible; AhrefsBot/7.0; +http://ahrefs.com/robot/)"
198.54.114.83 - - [15/Apr/2025:05:37:07 -0400] "POST /wp-admin/admin-ajax.php?action=async_litespeed&nonce=zlj4neNDdwl3ocjzB7BEcm884eYGA8Lw&litespeed_type=imgoptm HTTP/1.1" 200 0 "-" "WordPress/6.7.2; https://bakingsecurityin.com"
198.54.114.83 - - [15/Apr/2025:05:41:47 -0400] "POST /wp-cron.php?doing_wp_cron=1744710107.2326369285583496093750 HTTP/1.1" 200 0 "-" "WordPress/6.7.2; https://bakingsecurityin.com"
51.222.253.14 - - [15/Apr/2025:05:41:44 -0400] "GET /page/58/ HTTP/1.1" 200 0 "-" "Mozilla/5.0 (compatible; AhrefsBot/7.0; +http://ahrefs.com/robot/)"
198.54.114.83 - - [15/Apr/2025:05:41:48 -0400] "POST /wp-admin/admin-ajax.php?action=async_litespeed&nonce=aspVyA8Bouc2HCjQdT0Z4g9tgNlFtAKY&litespeed_type=imgoptm HTTP/1.1" 200 5 "-" "WordPress/6.7.2; https://bakingsecurityin.com"
198.54.114.83 - - [15/Apr/2025:05:44:35 -0400] "POST /wp-cron.php?doing_wp_cron=1744710275.4108040332794189453125 HTTP/1.1" 200 0 "-" "WordPress/6.7.2; https://bakingsecurityin.com"
119.28.52.89 - - [15/Apr/2025:05:44:32 -0400] "GET /mediation-in-family-law-cases/ HTTP/1.1" 200 0 "-" "Python/3.10 aiohttp/3.10.5"
198.54.114.83 - - [15/Apr/2025:05:44:37 -0400] "POST /wp-admin/admin-ajax.php?action=async_litespeed&nonce=o0eeeyydfTkvEI8PutuzehmMW6SUntnY&litespeed_type=imgoptm HTTP/1.1" 200 0 "-" "WordPress/6.7.2; https://bakingsecurityin.com"
198.54.114.83 - - [15/Apr/2025:05:45:18 -0400] "POST /wp-admin/admin-ajax.php?action=async_litespeed&nonce=AM3Onax0fzvPBTwqm01EHiTb9Y3NrBPt&litespeed_type=imgoptm HTTP/1.1" 200 0 "-" "WordPress/6.7.2; https://bakingsecurityin.com"
198.54.114.83 - - [15/Apr/2025:05:46:05 -0400] "POST /wp-cron.php?doing_wp_cron=1744710365.0701379776000976562500 HTTP/1.1" 200 0 "-" "WordPress/6.7.2; https://bakingsecurityin.com"
35.85.146.225 - - [15/Apr/2025:05:46:04 -0400] "GET /wp-content/uploads/2023/06/How-to-Get-Daily-Wire-on-Smart-TV.jpg HTTP/1.1" 404 0 "https://bakingsecurityin.com/" "Mozilla/5.0 (Linux; Android 10; SM-A505FN) AppleWebKit/537.36 (KHTML, like Gecko) Chrome/81.0.4044.111 Mobile Safari/537.36"
