198.54.114.83 - - [15/Apr/2025:15:28:13 -0400] "POST /wp-admin/admin-ajax.php?action=async_litespeed&nonce=4DWLcB445ZFWukiOKPdnJC4m10ZomycE&litespeed_type=imgoptm HTTP/1.1" 200 0 "-" "WordPress/6.7.2; https://bakingsecurityin.com"
2a02:598:64:8a00::3100:8 - - [15/Apr/2025:15:29:01 -0400] "GET /what-are-the-benefits-of-ordinary-floor-covering-cleaning/ HTTP/1.1" 200 0 "-" "Mozilla/5.0 (compatible; SeznamBot/4.0; +https://o-seznam.cz/napoveda/vyhledavani/en/seznambot-crawler/)"
51.222.253.8 - - [15/Apr/2025:15:30:30 -0400] "GET /category/activity/page/25/ HTTP/1.1" 200 0 "-" "Mozilla/5.0 (compatible; AhrefsBot/7.0; +http://ahrefs.com/robot/)"
198.54.114.83 - - [15/Apr/2025:15:30:36 -0400] "POST /wp-cron.php?doing_wp_cron=1744745434.0591299533843994140625 HTTP/1.1" 200 0 "-" "WordPress/6.7.2; https://bakingsecurityin.com"
51.222.253.13 - - [15/Apr/2025:15:32:40 -0400] "GET /live-dealer-casinos-a-fad-or-the-future-2/ HTTP/1.1" 200 0 "-" "Mozilla/5.0 (compatible; AhrefsBot/7.0; +http://ahrefs.com/robot/)"
198.54.114.83 - - [15/Apr/2025:15:32:48 -0400] "POST /wp-cron.php?doing_wp_cron=1744745565.5692028999328613281250 HTTP/1.1" 200 0 "-" "WordPress/6.7.2; https://bakingsecurityin.com"
51.222.253.13 - - [15/Apr/2025:15:34:49 -0400] "GET /decoding-the-dangers-of-buying-youtube-subscribers/feed/ HTTP/1.1" 200 419 "-" "Mozilla/5.0 (compatible; AhrefsBot/7.0; +http://ahrefs.com/robot/)"
198.54.114.83 - - [15/Apr/2025:15:34:56 -0400] "POST /wp-cron.php?doing_wp_cron=1744745693.3043940067291259765625 HTTP/1.1" 200 0 "-" "WordPress/6.7.2; https://bakingsecurityin.com"
2a0a:4cc0:c0:439b:2430:dfff:fe27:7696 - - [15/Apr/2025:15:35:32 -0400] "GET /wp-login.php HTTP/1.1" 200 1737 "http://bakingsecurityin.com" "Mozilla/5.0 (Windows NT 11.0; Win64; x64; rv:126.0) Gecko/20100101 Firefox/126.0"
23.22.107.123 - - [15/Apr/2025:15:35:36 -0400] "GET /the-use-of-steroids-in-canada/ HTTP/1.1" 200 0 "-" "Grammarly/1.0 (http://www.grammarly.com)"
198.54.114.83 - - [15/Apr/2025:15:37:17 -0400] "POST /wp-cron.php?doing_wp_cron=1744745835.6325800418853759765625 HTTP/1.1" 200 0 "-" "WordPress/6.7.2; https://bakingsecurityin.com"
51.222.253.13 - - [15/Apr/2025:15:37:11 -0400] "GET /amethyst-to-ruby-silver-or-pewter-an-armor-ring-has-it-all-and-at-exceptionally-low-prices-too/feed/ HTTP/1.1" 200 490 "-" "Mozilla/5.0 (compatible; AhrefsBot/7.0; +http://ahrefs.com/robot/)"
198.54.114.83 - - [15/Apr/2025:15:37:20 -0400] "POST /wp-admin/admin-ajax.php?action=async_litespeed&nonce=UhuyYP3U5mvSVrM9BZAOugD0lo0crsZt&litespeed_type=imgoptm HTTP/1.1" 200 0 "-" "WordPress/6.7.2; https://bakingsecurityin.com"
51.222.253.3 - - [15/Apr/2025:15:39:52 -0400] "GET /how-to-choose-the-best-cbd-products-uk/feed/ HTTP/1.1" 304 0 "-" "Mozilla/5.0 (compatible; AhrefsBot/7.0; +http://ahrefs.com/robot/)"
198.54.114.83 - - [15/Apr/2025:15:40:00 -0400] "POST /wp-cron.php?doing_wp_cron=1744745996.0619809627532958984375 HTTP/1.1" 200 0 "-" "WordPress/6.7.2; https://bakingsecurityin.com"
51.222.253.19 - - [15/Apr/2025:15:42:22 -0400] "GET /agriturismi-lago-di-garda-e-paesi-del-lago-di-garda/feed/ HTTP/1.1" 200 412 "-" "Mozilla/5.0 (compatible; AhrefsBot/7.0; +http://ahrefs.com/robot/)"
198.54.114.83 - - [15/Apr/2025:15:42:30 -0400] "POST /wp-cron.php?doing_wp_cron=1744746146.3369469642639160156250 HTTP/1.1" 200 0 "-" "WordPress/6.7.2; https://bakingsecurityin.com"
51.222.253.19 - - [15/Apr/2025:15:44:41 -0400] "GET /maximizing-space-bathroom-renovations-for-small-spaces/feed/ HTTP/1.1" 200 423 "-" "Mozilla/5.0 (compatible; AhrefsBot/7.0; +http://ahrefs.com/robot/)"
198.54.114.83 - - [15/Apr/2025:15:44:49 -0400] "POST /wp-cron.php?doing_wp_cron=1744746284.9695160388946533203125 HTTP/1.1" 200 0 "-" "WordPress/6.7.2; https://bakingsecurityin.com"
198.54.114.83 - - [15/Apr/2025:15:44:53 -0400] "POST /wp-admin/admin-ajax.php?action=async_litespeed&nonce=3O4EnUjFg9VGeNNw8LNfyRXAVNe05g5M&litespeed_type=imgoptm HTTP/1.1" 200 0 "-" "WordPress/6.7.2; https://bakingsecurityin.com"
51.222.253.9 - - [15/Apr/2025:15:46:54 -0400] "GET /agence-partenaire-google-ads-paris/ HTTP/1.1" 200 0 "-" "Mozilla/5.0 (compatible; AhrefsBot/7.0; +http://ahrefs.com/robot/)"
119.28.65.64 - - [15/Apr/2025:15:46:52 -0400] "GET /the-basics-of-online-gambling/ HTTP/1.1" 200 0 "-" "Python/3.10 aiohttp/3.10.5"
2a01:4f8:13a:2127::2 - - [15/Apr/2025:15:47:04 -0400] "GET /wp-login.php HTTP/1.1" 200 1737 "http://bakingsecurityin.com" "Mozilla/5.0 (Windows NT 10.0; Win64; x64; rv:129.0) Gecko/20100101 Firefox/129.0"
5.102.173.71 - - [15/Apr/2025:15:49:11 -0400] "GET /robots.txt HTTP/1.1" 304 0 "-" "Mozilla/5.0 (compatible; MojeekBot/0.11; +https://www.mojeek.com/bot.html)"
151.106.167.56 - - [15/Apr/2025:15:49:13 -0400] "GET /wp-content/plugins/advanced-google-recaptcha/libs/captcha.php?wpcaptcha-generate-image=true&color=%23FFFFFF&noise=1&id=9312 HTTP/1.1" 404 0 "-" "Mozilla/5.0 (X11; Ubuntu; Linux x86_64; rv:72.0) Gecko/20100101 Firefox/72.0"
5.102.173.71 - - [15/Apr/2025:15:49:14 -0400] "GET /gitarrenunterricht-in-dusseldorf-fur-alle-niveaus/ HTTP/1.1" 200 0 "-" "Mozilla/5.0 (compatible; MojeekBot/0.11; +https://www.mojeek.com/bot.html)"
198.54.114.83 - - [15/Apr/2025:15:49:20 -0400] "POST /wp-cron.php?doing_wp_cron=1744746557.6538739204406738281250 HTTP/1.1" 200 0 "-" "WordPress/6.7.2; https://bakingsecurityin.com"
198.54.114.83 - - [15/Apr/2025:15:49:21 -0400] "POST /wp-cron.php?doing_wp_cron=1744746557.6494579315185546875000 HTTP/1.1" 200 0 "-" "WordPress/6.7.2; https://bakingsecurityin.com"
151.106.167.56 - - [15/Apr/2025:15:49:21 -0400] "GET /wp-content/plugins/advanced-google-recaptcha/libs/captcha.php?wpcaptcha-generate-image=true&color=%23FFFFFF&noise=1&id=9312 HTTP/1.1" 404 0 "-" "Mozilla/5.0 (X11; Ubuntu; Linux x86_64; rv:72.0) Gecko/20100101 Firefox/72.0"
151.106.167.56 - - [15/Apr/2025:15:49:24 -0400] "GET /wp-content/plugins/advanced-google-recaptcha/libs/captcha.php?wpcaptcha-generate-image=true&color=%23FFFFFF&noise=1&id=9312 HTTP/1.1" 404 0 "-" "Mozilla/5.0 (X11; Ubuntu; Linux x86_64; rv:72.0) Gecko/20100101 Firefox/72.0"
51.222.253.6 - - [15/Apr/2025:15:49:26 -0400] "GET /jewelry-photo-editing-service/feed/ HTTP/1.1" 304 0 "-" "Mozilla/5.0 (compatible; AhrefsBot/7.0; +http://ahrefs.com/robot/)"
178.20.43.173 - - [15/Apr/2025:15:51:14 -0400] "GET /how-does-red-light-therapy-work/ HTTP/1.1" 200 0 "https://bakingsecurityin.com/how-does-red-light-therapy-work/#comment-10841/" "Mozilla/5.0 (Windows NT 10.0; Win64; x64) AppleWebKit/537.36 (KHTML, like Gecko) Chrome/129.0.0.0 Safari/537.36"
178.20.43.173 - - [15/Apr/2025:15:51:17 -0400] "GET / HTTP/1.1" 200 0 "https://bakingsecurityin.com/" "Mozilla/5.0 (Windows NT 10.0; Win64; x64) AppleWebKit/537.36 (KHTML, like Gecko) Chrome/129.0.0.0 Safari/537.36"
198.54.114.83 - - [15/Apr/2025:15:51:22 -0400] "POST /wp-cron.php?doing_wp_cron=1744746680.7038979530334472656250 HTTP/1.1" 200 0 "-" "WordPress/6.7.2; https://bakingsecurityin.com"
198.54.114.83 - - [15/Apr/2025:15:51:25 -0400] "POST /wp-admin/admin-ajax.php?action=async_litespeed&nonce=zPeNdxixPtASWl0uB1tFudajmZYEHKPK&litespeed_type=imgoptm HTTP/1.1" 200 0 "-" "WordPress/6.7.2; https://bakingsecurityin.com"
51.222.253.3 - - [15/Apr/2025:15:51:51 -0400] "GET /how-to-use-a-psilocybin-spore-syringe/feed/ HTTP/1.1" 304 0 "-" "Mozilla/5.0 (compatible; AhrefsBot/7.0; +http://ahrefs.com/robot/)"
51.222.253.10 - - [15/Apr/2025:15:54:01 -0400] "GET /how-to-promote-your-twitch/feed/ HTTP/1.1" 304 0 "-" "Mozilla/5.0 (compatible; AhrefsBot/7.0; +http://ahrefs.com/robot/)"
198.54.114.83 - - [15/Apr/2025:15:54:07 -0400] "POST /wp-cron.php?doing_wp_cron=1744746845.6753809452056884765625 HTTP/1.1" 200 0 "-" "WordPress/6.7.2; https://bakingsecurityin.com"
51.222.253.18 - - [15/Apr/2025:15:56:13 -0400] "GET /how-to-tell-if-someone-has-snapchat-plus/ HTTP/1.1" 200 0 "-" "Mozilla/5.0 (compatible; AhrefsBot/7.0; +http://ahrefs.com/robot/)"
198.54.114.83 - - [15/Apr/2025:15:56:20 -0400] "POST /wp-cron.php?doing_wp_cron=1744746978.9651188850402832031250 HTTP/1.1" 200 0 "-" "WordPress/6.7.2; https://bakingsecurityin.com"
34.205.176.207 - - [15/Apr/2025:15:56:32 -0400] "GET /how-to-etiquette-in-a-poker-casino/ HTTP/1.1" 200 0 "-" "Grammarly/1.0 (http://www.grammarly.com)"
51.222.253.9 - - [15/Apr/2025:15:58:33 -0400] "GET /lelegance-fonctionnelle-revolutionner-lamenagement-de-bureau/feed/ HTTP/1.1" 304 0 "-" "Mozilla/5.0 (compatible; AhrefsBot/7.0; +http://ahrefs.com/robot/)"
198.54.114.83 - - [15/Apr/2025:15:58:36 -0400] "POST /wp-cron.php?doing_wp_cron=1744747113.6138880252838134765625 HTTP/1.1" 200 0 "-" "WordPress/6.7.2; https://bakingsecurityin.com"
198.54.114.83 - - [15/Apr/2025:15:58:41 -0400] "POST /wp-admin/admin-ajax.php?action=async_litespeed&nonce=DPSd0Wf4u0dSb2L2apRHw3fSw0R6u47e&litespeed_type=imgoptm HTTP/1.1" 200 0 "-" "WordPress/6.7.2; https://bakingsecurityin.com"
47.79.200.209 - - [15/Apr/2025:16:00:12 -0400] "GET / HTTP/1.1" 200 0 "https://www.google.com/" "Mozilla/5.0 (Linux; Android 11; RMX3581 Build/RP1A.201005.001) AppleWebKit/537.36 (KHTML, like Gecko) Chrome/132.0.6834.163 Mobile Safari/537.36"
198.54.114.83 - - [15/Apr/2025:16:00:22 -0400] "POST /wp-cron.php?doing_wp_cron=1744747216.9278070926666259765625 HTTP/1.1" 200 0 "-" "WordPress/6.7.2; https://bakingsecurityin.com"
198.54.114.83 - - [15/Apr/2025:16:00:26 -0400] "POST /wp-admin/admin-ajax.php?action=async_litespeed&nonce=ZiLjwfuYblM3Hy1e8BXmY3YBh828tgFK&litespeed_type=imgoptm HTTP/1.1" 200 0 "-" "WordPress/6.7.2; https://bakingsecurityin.com"
136.243.228.193 - - [15/Apr/2025:16:00:59 -0400] "GET /exploring-the-elegance-of-lentoria-condo/ HTTP/1.1" 200 0 "-" "Mozilla/5.0 (compatible; DataForSeoBot/1.0; +https://dataforseo.com/dataforseo-bot)"
198.54.114.83 - - [15/Apr/2025:16:01:04 -0400] "POST /wp-cron.php?doing_wp_cron=1744747259.9027979373931884765625 HTTP/1.1" 200 0 "-" "WordPress/6.7.2; https://bakingsecurityin.com"
51.222.253.7 - - [15/Apr/2025:16:01:04 -0400] "GET /the-power-of-residential-proxy-ips/feed/ HTTP/1.1" 200 403 "-" "Mozilla/5.0 (compatible; AhrefsBot/7.0; +http://ahrefs.com/robot/)"
198.54.114.83 - - [15/Apr/2025:16:01:08 -0400] "POST /wp-admin/admin-ajax.php?action=async_litespeed&nonce=rCdFoOPVM0w8gWq51POJm7lr8pU72bK3&litespeed_type=imgoptm HTTP/1.1" 200 0 "-" "WordPress/6.7.2; https://bakingsecurityin.com"
51.222.253.8 - - [15/Apr/2025:16:03:41 -0400] "GET /how-to-use-a-youtube-live-stream-viewers-bot HTTP/1.1" 301 0 "-" "Mozilla/5.0 (compatible; AhrefsBot/7.0; +http://ahrefs.com/robot/)"
198.54.114.83 - - [15/Apr/2025:16:03:48 -0400] "POST /wp-cron.php?doing_wp_cron=1744747426.2040820121765136718750 HTTP/1.1" 200 0 "-" "WordPress/6.7.2; https://bakingsecurityin.com"
134.17.14.122 - - [15/Apr/2025:16:04:54 -0400] "GET /goat.php HTTP/1.1" 404 0 "-" "Mozilla/4.0 (compatible; MSIE 6.0; Windows NT 5.1; SV1)"
198.54.114.83 - - [15/Apr/2025:16:05:03 -0400] "POST /wp-cron.php?doing_wp_cron=1744747495.1911549568176269531250 HTTP/1.1" 200 0 "-" "WordPress/6.7.2; https://bakingsecurityin.com"
51.222.253.20 - - [15/Apr/2025:16:06:08 -0400] "GET /sport-betting-sites/feed/ HTTP/1.1" 200 381 "-" "Mozilla/5.0 (compatible; AhrefsBot/7.0; +http://ahrefs.com/robot/)"
198.54.114.83 - - [15/Apr/2025:16:06:15 -0400] "POST /wp-cron.php?doing_wp_cron=1744747569.3348081111907958984375 HTTP/1.1" 200 0 "-" "WordPress/6.7.2; https://bakingsecurityin.com"
43.154.145.14 - - [15/Apr/2025:16:06:21 -0400] "GET /kitchen-cabinet-suppliers/ HTTP/1.1" 200 0 "-" "Python/3.10 aiohttp/3.10.5"
51.222.253.14 - - [15/Apr/2025:16:08:56 -0400] "GET /financial-technology-and-its-role-in-empowering-emerging-markets/ HTTP/1.1" 200 0 "-" "Mozilla/5.0 (compatible; AhrefsBot/7.0; +http://ahrefs.com/robot/)"
198.54.114.83 - - [15/Apr/2025:16:09:04 -0400] "POST /wp-cron.php?doing_wp_cron=1744747740.3126239776611328125000 HTTP/1.1" 200 0 "-" "WordPress/6.7.2; https://bakingsecurityin.com"
85.208.98.19 - - [15/Apr/2025:16:09:12 -0400] "GET /how-to-select-the-right-dental-chair-for-your-practice/ HTTP/1.1" 200 0 "-" "Mozilla/5.0 (compatible; SemrushBot-BA; +http://www.semrush.com/bot.html)"
51.222.253.13 - - [15/Apr/2025:16:11:23 -0400] "GET /wp-sitemap.xml HTTP/1.1" 200 194 "-" "Mozilla/5.0 (compatible; AhrefsBot/7.0; +http://ahrefs.com/robot/)"
51.222.253.8 - - [15/Apr/2025:16:11:26 -0400] "GET /wp-sitemap-posts-post-1.xml HTTP/1.1" 200 32216 "-" "Mozilla/5.0 (compatible; AhrefsBot/7.0; +http://ahrefs.com/robot/)"
51.222.253.20 - - [15/Apr/2025:16:11:30 -0400] "GET /wp-sitemap-posts-page-1.xml HTTP/1.1" 200 214 "-" "Mozilla/5.0 (compatible; AhrefsBot/7.0; +http://ahrefs.com/robot/)"
51.222.253.8 - - [15/Apr/2025:16:11:32 -0400] "GET /wp-sitemap-taxonomies-category-1.xml HTTP/1.1" 200 206 "-" "Mozilla/5.0 (compatible; AhrefsBot/7.0; +http://ahrefs.com/robot/)"
51.222.253.9 - - [15/Apr/2025:16:11:35 -0400] "GET /wp-sitemap-users-1.xml HTTP/1.1" 200 170 "-" "Mozilla/5.0 (compatible; AhrefsBot/7.0; +http://ahrefs.com/robot/)"
51.222.253.20 - - [15/Apr/2025:16:14:45 -0400] "GET / HTTP/1.1" 200 0 "-" "Mozilla/5.0 (compatible; AhrefsBot/7.0; +http://ahrefs.com/robot/)"
198.54.114.83 - - [15/Apr/2025:16:14:55 -0400] "POST /wp-cron.php?doing_wp_cron=1744748090.7972199916839599609375 HTTP/1.1" 200 0 "-" "WordPress/6.7.2; https://bakingsecurityin.com"
198.54.114.83 - - [15/Apr/2025:16:14:59 -0400] "POST /wp-admin/admin-ajax.php?action=async_litespeed&nonce=Q77WGYTr6tJHw0gDBeKYYSMUk8gZpEgO&litespeed_type=imgoptm HTTP/1.1" 200 0 "-" "WordPress/6.7.2; https://bakingsecurityin.com"
51.222.253.9 - - [15/Apr/2025:16:18:23 -0400] "GET /schrottplatz-duisburg-ihr-anlaufpunkt-fur-altmetall-und-recycling/ HTTP/1.1" 200 0 "-" "Mozilla/5.0 (compatible; AhrefsBot/7.0; +http://ahrefs.com/robot/)"
198.54.114.83 - - [15/Apr/2025:16:18:29 -0400] "POST /wp-cron.php?doing_wp_cron=1744748307.4618470668792724609375 HTTP/1.1" 200 0 "-" "WordPress/6.7.2; https://bakingsecurityin.com"
198.54.114.83 - - [15/Apr/2025:16:18:30 -0400] "POST /wp-admin/admin-ajax.php?action=async_litespeed&nonce=aY1zfhJ7h7iAZuuw6Q0nJLFr97qu8563&litespeed_type=imgoptm HTTP/1.1" 200 0 "-" "WordPress/6.7.2; https://bakingsecurityin.com"
68.183.145.0 - - [15/Apr/2025:16:21:43 -0400] "GET /wp-login.php HTTP/1.1" 200 0 "http://bakingsecurityin.com" "Mozilla/5.0 (Windows NT 10.0; Win64; x64; rv:127.0) Gecko/20100101 Firefox/127.0"
51.222.253.1 - - [15/Apr/2025:16:22:04 -0400] "GET /die-bedeutung-einer-bilanz/ HTTP/1.1" 200 0 "-" "Mozilla/5.0 (compatible; AhrefsBot/7.0; +http://ahrefs.com/robot/)"
51.222.253.6 - - [15/Apr/2025:16:25:45 -0400] "GET /what-is-home-care-montreal/ HTTP/1.1" 200 0 "-" "Mozilla/5.0 (compatible; AhrefsBot/7.0; +http://ahrefs.com/robot/)"
51.222.253.18 - - [15/Apr/2025:16:29:05 -0400] "GET /where-to-buy-youtube-short-views/ HTTP/1.1" 200 0 "-" "Mozilla/5.0 (compatible; AhrefsBot/7.0; +http://ahrefs.com/robot/)"
124.156.158.34 - - [15/Apr/2025:16:30:48 -0400] "GET /tiled-conservatory-roofs/ HTTP/1.1" 200 0 "-" "Python/3.10 aiohttp/3.10.5"
198.54.114.83 - - [15/Apr/2025:16:30:53 -0400] "POST /wp-cron.php?doing_wp_cron=1744749051.1213200092315673828125 HTTP/1.1" 200 0 "-" "WordPress/6.7.2; https://bakingsecurityin.com"
198.54.114.83 - - [15/Apr/2025:16:32:39 -0400] "POST /wp-cron.php?doing_wp_cron=1744749158.3236250877380371093750 HTTP/1.1" 200 0 "-" "WordPress/6.7.2; https://bakingsecurityin.com"
51.222.253.2 - - [15/Apr/2025:16:32:35 -0400] "GET /the-most-effective-method-to-dress-in-india-apparel-tips-for-ladies/ HTTP/1.1" 200 0 "-" "Mozilla/5.0 (compatible; AhrefsBot/7.0; +http://ahrefs.com/robot/)"
198.54.114.83 - - [15/Apr/2025:16:32:41 -0400] "POST /wp-admin/admin-ajax.php?action=async_litespeed&nonce=iitBlVjMy8V55KkRE0vPsQH2y8A73iLu&litespeed_type=imgoptm HTTP/1.1" 200 0 "-" "WordPress/6.7.2; https://bakingsecurityin.com"
199.188.205.87 - - [15/Apr/2025:16:33:03 -0400] "GET /wp-login.php HTTP/1.1" 200 1737 "http://bakingsecurityin.com" "Mozilla/5.0 (Windows NT 10.0; Win64; x64) AppleWebKit/537.36 (KHTML, like Gecko) Chrome/113.0.5672.126 Safari/537.36 Edg/113.0.1774.50"
198.54.114.83 - - [15/Apr/2025:16:33:03 -0400] "POST /wp-admin/admin-ajax.php?action=async_litespeed&nonce=XhxpbjwcVQ1rOaAVwYaNktGkndfjkbLV&litespeed_type=imgoptm HTTP/1.1" 200 0 "-" "WordPress/6.7.2; https://bakingsecurityin.com"
198.54.114.83 - - [15/Apr/2025:16:35:49 -0400] "POST /wp-cron.php?doing_wp_cron=1744749348.8118228912353515625000 HTTP/1.1" 200 0 "-" "WordPress/6.7.2; https://bakingsecurityin.com"
51.222.253.2 - - [15/Apr/2025:16:35:44 -0400] "GET /hand-bags-for-every-person-by-fossils/ HTTP/1.1" 200 0 "-" "Mozilla/5.0 (compatible; AhrefsBot/7.0; +http://ahrefs.com/robot/)"
198.54.114.83 - - [15/Apr/2025:16:35:50 -0400] "POST /wp-admin/admin-ajax.php?action=async_litespeed&nonce=vF4gEG9Wi9FaOtAUwfDF7AzGTmVIFUVi&litespeed_type=imgoptm HTTP/1.1" 200 0 "-" "WordPress/6.7.2; https://bakingsecurityin.com"
51.222.253.1 - - [15/Apr/2025:16:38:46 -0400] "GET /elope-to-spain-for-a-dream-wedding-in-paradise/ HTTP/1.1" 200 0 "-" "Mozilla/5.0 (compatible; AhrefsBot/7.0; +http://ahrefs.com/robot/)"
198.54.114.83 - - [15/Apr/2025:16:38:59 -0400] "POST /wp-cron.php?doing_wp_cron=1744749538.6484251022338867187500 HTTP/1.1" 200 0 "-" "WordPress/6.7.2; https://bakingsecurityin.com"
43.154.120.205 - - [15/Apr/2025:16:38:54 -0400] "GET /what-time-does-floyd-mayweather-fight-start/ HTTP/1.1" 200 0 "-" "Python/3.10 aiohttp/3.10.5"
198.54.114.83 - - [15/Apr/2025:16:42:35 -0400] "POST /wp-cron.php?doing_wp_cron=1744749754.7974750995635986328125 HTTP/1.1" 200 0 "-" "WordPress/6.7.2; https://bakingsecurityin.com"
51.222.253.1 - - [15/Apr/2025:16:42:30 -0400] "GET /cant-repay-your-student-loans-5-ways-to-get-help/ HTTP/1.1" 200 0 "-" "Mozilla/5.0 (compatible; AhrefsBot/7.0; +http://ahrefs.com/robot/)"
198.54.114.83 - - [15/Apr/2025:16:42:37 -0400] "POST /wp-admin/admin-ajax.php?action=async_litespeed&nonce=GZPiwlD1p8onhFR98JgvWcuCbAqHHKTn&litespeed_type=imgoptm HTTP/1.1" 200 0 "-" "WordPress/6.7.2; https://bakingsecurityin.com"
64.20.37.170 - - [15/Apr/2025:16:43:15 -0400] "GET /category/activity/feed HTTP/1.1" 301 0 "-" "RSSingBot (http://www.rssing.com)"
129.226.53.190 - - [15/Apr/2025:16:43:41 -0400] "GET /socket-head-bolt/ HTTP/1.1" 200 0 "-" "Python/3.10 aiohttp/3.10.5"
80.94.97.38 - - [15/Apr/2025:16:44:28 -0400] "GET /wp-login.php HTTP/1.1" 200 1737 "http://bakingsecurityin.com" "Mozilla/5.0 (Windows NT 10.0; Win64; x64) AppleWebKit/537.36 (KHTML, like Gecko) Chrome/126.0.0.0 Safari/537.36 Edg/126.0.0.0"
136.243.228.193 - - [15/Apr/2025:16:45:17 -0400] "GET /ivf-clinic-sharjah/ HTTP/1.1" 200 0 "-" "Mozilla/5.0 (compatible; DataForSeoBot/1.0; +https://dataforseo.com/dataforseo-bot)"
51.222.253.3 - - [15/Apr/2025:16:45:24 -0400] "GET /umzugsunternehmen-in-luneburg-professionelle-unterstutzung-fur-ihren-umzug/ HTTP/1.1" 200 0 "-" "Mozilla/5.0 (compatible; AhrefsBot/7.0; +http://ahrefs.com/robot/)"
162.213.251.71 - - [15/Apr/2025:16:46:40 -0400] "GET / HTTP/1.1" 200 0 "-" "Mozilla/5.0 (Windows NT 10.0; Win64; x64; rv:122.0) Gecko/20100101 Firefox/122.0"
198.54.114.83 - - [15/Apr/2025:16:46:43 -0400] "POST /wp-cron.php?doing_wp_cron=1744750001.4658238887786865234375 HTTP/1.1" 200 0 "-" "WordPress/6.7.2; https://bakingsecurityin.com"
51.222.253.19 - - [15/Apr/2025:16:48:21 -0400] "GET /searching-people-by-business-name-144/feed/ HTTP/1.1" 304 0 "-" "Mozilla/5.0 (compatible; AhrefsBot/7.0; +http://ahrefs.com/robot/)"
198.54.114.83 - - [15/Apr/2025:16:48:27 -0400] "POST /wp-cron.php?doing_wp_cron=1744750105.9440898895263671875000 HTTP/1.1" 200 0 "-" "WordPress/6.7.2; https://bakingsecurityin.com"
198.54.114.83 - - [15/Apr/2025:16:48:30 -0400] "POST /wp-admin/admin-ajax.php?action=async_litespeed&nonce=ghtqXcKWb8sXLilIM5UBit5TdZmBmxUA&litespeed_type=imgoptm HTTP/1.1" 200 0 "-" "WordPress/6.7.2; https://bakingsecurityin.com"
198.54.114.83 - - [15/Apr/2025:16:51:24 -0400] "POST /wp-cron.php?doing_wp_cron=1744750284.5886530876159667968750 HTTP/1.1" 200 0 "-" "WordPress/6.7.2; https://bakingsecurityin.com"
51.222.253.10 - - [15/Apr/2025:16:51:21 -0400] "GET /best-treatments-for-teeth-sensitivity/feed/ HTTP/1.1" 304 0 "-" "Mozilla/5.0 (compatible; AhrefsBot/7.0; +http://ahrefs.com/robot/)"
198.54.114.83 - - [15/Apr/2025:16:51:26 -0400] "POST /wp-admin/admin-ajax.php?action=async_litespeed&nonce=PdyXs1PBOVptKhGezBrNAHCGtRpFfvNl&litespeed_type=imgoptm HTTP/1.1" 200 0 "-" "WordPress/6.7.2; https://bakingsecurityin.com"
51.222.253.10 - - [15/Apr/2025:16:54:27 -0400] "GET /finding-the-right-rv-fridge-for-your-needs-and-budget/feed/ HTTP/1.1" 200 437 "-" "Mozilla/5.0 (compatible; AhrefsBot/7.0; +http://ahrefs.com/robot/)"
198.186.130.214 - - [15/Apr/2025:16:55:49 -0400] "GET /wp-login.php HTTP/1.1" 200 1737 "http://bakingsecurityin.com" "Mozilla/5.0 (Macintosh; Intel Mac OS X 14.3) AppleWebKit/614.31.14 (KHTML, like Gecko) Version/17.0.96 Safari/614.31.14"
51.222.253.8 - - [15/Apr/2025:16:57:19 -0400] "GET /category/activity/page/23/ HTTP/1.1" 200 0 "-" "Mozilla/5.0 (compatible; AhrefsBot/7.0; +http://ahrefs.com/robot/)"
198.54.114.83 - - [15/Apr/2025:16:57:25 -0400] "POST /wp-cron.php?doing_wp_cron=1744750643.1588909626007080078125 HTTP/1.1" 200 0 "-" "WordPress/6.7.2; https://bakingsecurityin.com"
43.132.214.139 - - [15/Apr/2025:16:57:40 -0400] "GET /career-change-strategies/ HTTP/1.1" 200 0 "-" "Python/3.10 aiohttp/3.10.5"
198.54.114.83 - - [15/Apr/2025:17:00:30 -0400] "POST /wp-cron.php?doing_wp_cron=1744750829.3456120491027832031250 HTTP/1.1" 200 0 "-" "WordPress/6.7.2; https://bakingsecurityin.com"
51.222.253.9 - - [15/Apr/2025:17:00:25 -0400] "GET /category/activity/page/123/ HTTP/1.1" 200 0 "-" "Mozilla/5.0 (compatible; AhrefsBot/7.0; +http://ahrefs.com/robot/)"
198.54.114.83 - - [15/Apr/2025:17:00:31 -0400] "POST /wp-admin/admin-ajax.php?action=async_litespeed&nonce=EJppLtwhxWEONIXfMR1seIykkQ6rguEA&litespeed_type=imgoptm HTTP/1.1" 200 5 "-" "WordPress/6.7.2; https://bakingsecurityin.com"
198.54.114.83 - - [15/Apr/2025:17:03:14 -0400] "POST /wp-cron.php?doing_wp_cron=1744750994.1895420551300048828125 HTTP/1.1" 200 0 "-" "WordPress/6.7.2; https://bakingsecurityin.com"
51.222.253.20 - - [15/Apr/2025:17:03:10 -0400] "GET /new-mega-launch-condo-at-dunman-road/ HTTP/1.1" 200 0 "-" "Mozilla/5.0 (compatible; AhrefsBot/7.0; +http://ahrefs.com/robot/)"
198.54.114.83 - - [15/Apr/2025:17:03:15 -0400] "POST /wp-admin/admin-ajax.php?action=async_litespeed&nonce=KIu46EuEU4EtY7dqFA7LjL5DR3JV0AmA&litespeed_type=imgoptm HTTP/1.1" 200 0 "-" "WordPress/6.7.2; https://bakingsecurityin.com"
198.54.114.83 - - [15/Apr/2025:17:06:31 -0400] "POST /wp-cron.php?doing_wp_cron=1744751190.4020369052886962890625 HTTP/1.1" 200 0 "-" "WordPress/6.7.2; https://bakingsecurityin.com"
51.222.253.18 - - [15/Apr/2025:17:06:27 -0400] "GET /german-classes-for-every-learner/ HTTP/1.1" 200 0 "-" "Mozilla/5.0 (compatible; AhrefsBot/7.0; +http://ahrefs.com/robot/)"
198.54.114.83 - - [15/Apr/2025:17:06:32 -0400] "POST /wp-admin/admin-ajax.php?action=async_litespeed&nonce=LL393kCLJetBmaBFbPwdranebKra0T6u&litespeed_type=imgoptm HTTP/1.1" 200 0 "-" "WordPress/6.7.2; https://bakingsecurityin.com"
31.11.36.228 - - [15/Apr/2025:17:07:08 -0400] "GET /wp-login.php HTTP/1.1" 200 1737 "http://bakingsecurityin.com" "Mozilla/5.0 (Windows NT 10.0; Win64; x64) AppleWebKit/537.36 (KHTML, like Gecko) Chrome/116.0.5845.96 Safari/537.36 Edg/116.0.1938.62"
198.54.114.83 - - [15/Apr/2025:17:07:08 -0400] "POST /wp-admin/admin-ajax.php?action=async_litespeed&nonce=U4irpaLo6RZUgLyj3ybzg5NA7eX5b2mz&litespeed_type=imgoptm HTTP/1.1" 200 0 "-" "WordPress/6.7.2; https://bakingsecurityin.com"
198.54.114.83 - - [15/Apr/2025:17:09:44 -0400] "POST /wp-cron.php?doing_wp_cron=1744751383.4531240463256835937500 HTTP/1.1" 200 0 "-" "WordPress/6.7.2; https://bakingsecurityin.com"
51.222.253.4 - - [15/Apr/2025:17:09:38 -0400] "GET /how-to-borrow-money-singapore-easily-and-quickly/feed/ HTTP/1.1" 304 0 "-" "Mozilla/5.0 (compatible; AhrefsBot/7.0; +http://ahrefs.com/robot/)"
198.54.114.83 - - [15/Apr/2025:17:09:46 -0400] "POST /wp-admin/admin-ajax.php?action=async_litespeed&nonce=wm39whpVpgpYrWtyahqOziKdO0pP9GeR&litespeed_type=imgoptm HTTP/1.1" 200 0 "-" "WordPress/6.7.2; https://bakingsecurityin.com"
198.54.114.83 - - [15/Apr/2025:17:12:26 -0400] "POST /wp-cron.php?doing_wp_cron=1744751546.3547320365905761718750 HTTP/1.1" 200 0 "-" "WordPress/6.7.2; https://bakingsecurityin.com"
51.222.253.7 - - [15/Apr/2025:17:12:22 -0400] "GET /unveiling-the-holistic-approach-of-osteopathy-in-dubai/ HTTP/1.1" 200 0 "-" "Mozilla/5.0 (compatible; AhrefsBot/7.0; +http://ahrefs.com/robot/)"
198.54.114.83 - - [15/Apr/2025:17:12:27 -0400] "POST /wp-admin/admin-ajax.php?action=async_litespeed&nonce=d2Iq5f20WQdoVScittpZfLbEj6BvhMVJ&litespeed_type=imgoptm HTTP/1.1" 200 0 "-" "WordPress/6.7.2; https://bakingsecurityin.com"
51.222.253.13 - - [15/Apr/2025:17:15:05 -0400] "GET /agence-partenaire-google-ads-paris/feed/ HTTP/1.1" 200 399 "-" "Mozilla/5.0 (compatible; AhrefsBot/7.0; +http://ahrefs.com/robot/)"
198.54.114.83 - - [15/Apr/2025:17:15:11 -0400] "POST /wp-cron.php?doing_wp_cron=1744751709.5221500396728515625000 HTTP/1.1" 200 0 "-" "WordPress/6.7.2; https://bakingsecurityin.com"
198.54.114.83 - - [15/Apr/2025:17:18:20 -0400] "POST /wp-cron.php?doing_wp_cron=1744751899.9869809150695800781250 HTTP/1.1" 200 0 "-" "WordPress/6.7.2; https://bakingsecurityin.com"
51.222.253.5 - - [15/Apr/2025:17:18:16 -0400] "GET /page/21/ HTTP/1.1" 200 0 "-" "Mozilla/5.0 (compatible; AhrefsBot/7.0; +http://ahrefs.com/robot/)"
198.54.114.83 - - [15/Apr/2025:17:18:21 -0400] "POST /wp-admin/admin-ajax.php?action=async_litespeed&nonce=odOH17Cg7c2jZ19CmiFrqddDqfCofe3I&litespeed_type=imgoptm HTTP/1.1" 200 5 "-" "WordPress/6.7.2; https://bakingsecurityin.com"
68.65.122.90 - - [15/Apr/2025:17:18:27 -0400] "GET /wp-login.php HTTP/1.1" 200 1737 "http://bakingsecurityin.com" "Mozilla/5.0 (Macintosh; Intel Mac OS X 10_15_7; rv:126.0) Gecko/20100101 Firefox/126.0"
85.208.98.20 - - [15/Apr/2025:17:21:19 -0400] "GET /food-ingredients-first-natural-colors/ HTTP/1.1" 200 0 "-" "Mozilla/5.0 (compatible; SemrushBot-BA; +http://www.semrush.com/bot.html)"
51.222.253.4 - - [15/Apr/2025:17:21:18 -0400] "GET /financial-freedom-with-real-estate/feed/ HTTP/1.1" 200 401 "-" "Mozilla/5.0 (compatible; AhrefsBot/7.0; +http://ahrefs.com/robot/)"
198.54.114.83 - - [15/Apr/2025:17:21:24 -0400] "POST /wp-cron.php?doing_wp_cron=1744752081.4872109889984130859375 HTTP/1.1" 200 0 "-" "WordPress/6.7.2; https://bakingsecurityin.com"
198.54.114.83 - - [15/Apr/2025:17:24:01 -0400] "POST /wp-cron.php?doing_wp_cron=1744752240.6017270088195800781250 HTTP/1.1" 200 0 "-" "WordPress/6.7.2; https://bakingsecurityin.com"
198.54.114.83 - - [15/Apr/2025:17:24:02 -0400] "POST /wp-admin/admin-ajax.php?action=async_litespeed&nonce=QqhKuxsW5kfIhE7UUA0PL6cKZDr6y4jE&litespeed_type=imgoptm HTTP/1.1" 200 0 "-" "WordPress/6.7.2; https://bakingsecurityin.com"
51.222.253.2 - - [15/Apr/2025:17:23:56 -0400] "GET /virtual-telephone-answering-service-benefits-for-businesses/feed/ HTTP/1.1" 200 425 "-" "Mozilla/5.0 (compatible; AhrefsBot/7.0; +http://ahrefs.com/robot/)"
51.222.253.2 - - [15/Apr/2025:17:26:50 -0400] "GET /how-to-find-the-best-sarms-for-sale/ HTTP/1.1" 200 0 "-" "Mozilla/5.0 (compatible; AhrefsBot/7.0; +http://ahrefs.com/robot/)"
198.54.114.83 - - [15/Apr/2025:17:27:47 -0400] "POST /wp-cron.php?doing_wp_cron=1744752466.6344571113586425781250 HTTP/1.1" 200 0 "-" "WordPress/6.7.2; https://bakingsecurityin.com"
101.32.51.206 - - [15/Apr/2025:17:27:41 -0400] "GET /how-long-does-a-ring-doorbell-battery-last/ HTTP/1.1" 200 0 "-" "Python/3.10 aiohttp/3.10.5"
198.54.114.83 - - [15/Apr/2025:17:27:47 -0400] "POST /wp-admin/admin-ajax.php?action=async_litespeed&nonce=qyaLnwS3Uh8hriGDRBVo22VzCYGoQeRW&litespeed_type=imgoptm HTTP/1.1" 200 0 "-" "WordPress/6.7.2; https://bakingsecurityin.com"
198.54.114.83 - - [15/Apr/2025:17:28:42 -0400] "POST /wp-cron.php?doing_wp_cron=1744752522.2739539146423339843750 HTTP/1.1" 200 0 "-" "WordPress/6.7.2; https://bakingsecurityin.com"
136.243.228.193 - - [15/Apr/2025:17:28:41 -0400] "GET /a-divorce-mediation-lawyer-can-help-you-work-out-a-settlement/ HTTP/1.1" 200 0 "-" "Mozilla/5.0 (compatible; DataForSeoBot/1.0; +https://dataforseo.com/dataforseo-bot)"
198.54.114.83 - - [15/Apr/2025:17:28:43 -0400] "POST /wp-admin/admin-ajax.php?action=async_litespeed&nonce=3cGWHJSMzZpAjhib5GDHQ5GoUyTus5yn&litespeed_type=imgoptm HTTP/1.1" 200 5 "-" "WordPress/6.7.2; https://bakingsecurityin.com"
80.89.12.228 - - [15/Apr/2025:17:29:19 -0400] "GET /how-does-red-light-therapy-work/ HTTP/1.1" 200 0 "https://bakingsecurityin.com/how-does-red-light-therapy-work/#comment-11759/" "Mozilla/5.0 (Windows NT 10.0; Win64; x64) AppleWebKit/537.36 (KHTML, like Gecko) Chrome/130.0.0.0 Safari/537.36 CCleaner/130.0.0.0"
198.54.114.83 - - [15/Apr/2025:17:29:22 -0400] "POST /wp-cron.php?doing_wp_cron=1744752561.3201260566711425781250 HTTP/1.1" 200 0 "-" "WordPress/6.7.2; https://bakingsecurityin.com"
80.89.12.228 - - [15/Apr/2025:17:29:20 -0400] "GET / HTTP/1.1" 200 0 "https://bakingsecurityin.com/" "Mozilla/5.0 (Windows NT 10.0; Win64; x64) AppleWebKit/537.36 (KHTML, like Gecko) Chrome/130.0.0.0 Safari/537.36 CCleaner/130.0.0.0"
198.54.114.83 - - [15/Apr/2025:17:29:25 -0400] "POST /wp-admin/admin-ajax.php?action=async_litespeed&nonce=hwKomeZauMJUArtXFbuPTtJ2q5bEcovL&litespeed_type=imgoptm HTTP/1.1" 200 0 "-" "WordPress/6.7.2; https://bakingsecurityin.com"
198.54.120.17 - - [15/Apr/2025:17:29:42 -0400] "GET /wp-login.php HTTP/1.1" 200 1737 "http://bakingsecurityin.com" "Mozilla/5.0 (Macintosh; Intel Mac OS X 10_15_7; rv:128.0) Gecko/20100101 Firefox/128.0"
198.54.114.83 - - [15/Apr/2025:17:30:00 -0400] "POST /wp-cron.php?doing_wp_cron=1744752600.4409029483795166015625 HTTP/1.1" 200 0 "-" "WordPress/6.7.2; https://bakingsecurityin.com"
51.222.253.6 - - [15/Apr/2025:17:30:00 -0400] "GET /how-to-turn-off-firewall-on-iphone/ HTTP/1.1" 200 0 "-" "Mozilla/5.0 (compatible; AhrefsBot/7.0; +http://ahrefs.com/robot/)"
198.54.114.83 - - [15/Apr/2025:17:30:02 -0400] "POST /wp-admin/admin-ajax.php?action=async_litespeed&nonce=PEkE6EoBuz61o14qAeOXQ1aXKAVNOlCi&litespeed_type=imgoptm HTTP/1.1" 200 0 "-" "WordPress/6.7.2; https://bakingsecurityin.com"
198.54.114.83 - - [15/Apr/2025:17:33:41 -0400] "POST /wp-cron.php?doing_wp_cron=1744752821.0331659317016601562500 HTTP/1.1" 200 0 "-" "WordPress/6.7.2; https://bakingsecurityin.com"
51.222.253.12 - - [15/Apr/2025:17:33:37 -0400] "GET /how-to-select-the-best-it-infrastructure-services/feed/ HTTP/1.1" 200 410 "-" "Mozilla/5.0 (compatible; AhrefsBot/7.0; +http://ahrefs.com/robot/)"
198.54.114.83 - - [15/Apr/2025:17:33:42 -0400] "POST /wp-admin/admin-ajax.php?action=async_litespeed&nonce=8bMLYdYxkG53BuYAjVUoDG4lrhJ6Mxt5&litespeed_type=imgoptm HTTP/1.1" 200 5 "-" "WordPress/6.7.2; https://bakingsecurityin.com"
198.54.114.83 - - [15/Apr/2025:17:36:35 -0400] "POST /wp-admin/admin-ajax.php?action=async_litespeed&nonce=7YYjLcAPF0H8pcSGAzEidVN1WreIUoTq&litespeed_type=imgoptm HTTP/1.1" 200 0 "-" "WordPress/6.7.2; https://bakingsecurityin.com"
51.222.253.2 - - [15/Apr/2025:17:36:40 -0400] "GET /the-rise-of-stake-ator-revolutionizing-stakeholder-engagement/feed/ HTTP/1.1" 200 431 "-" "Mozilla/5.0 (compatible; AhrefsBot/7.0; +http://ahrefs.com/robot/)"
198.54.114.83 - - [15/Apr/2025:17:36:57 -0400] "POST /wp-admin/admin-ajax.php?action=async_litespeed&nonce=Naeot722SXijNOAnNNZ2h7hMdBZVD6El&litespeed_type=imgoptm HTTP/1.1" 200 0 "-" "WordPress/6.7.2; https://bakingsecurityin.com"
198.54.114.83 - - [15/Apr/2025:17:37:57 -0400] "POST /wp-admin/admin-ajax.php?action=async_litespeed&nonce=v4kbj3X2sgFpUx79BGGaYKR6ypjzvhCu&litespeed_type=imgoptm HTTP/1.1" 200 0 "-" "WordPress/6.7.2; https://bakingsecurityin.com"
124.156.103.176 - - [15/Apr/2025:17:38:03 -0400] "GET /silver-kiddush-cup-2/ HTTP/1.1" 200 0 "-" "Python/3.10 aiohttp/3.10.5"
198.54.114.83 - - [15/Apr/2025:17:38:57 -0400] "POST /wp-admin/admin-ajax.php?action=async_litespeed&nonce=fhtZ8LHGRXFiF5JBxE26R8vOInIuO6Iv&litespeed_type=imgoptm HTTP/1.1" 200 0 "-" "WordPress/6.7.2; https://bakingsecurityin.com"
198.54.114.83 - - [15/Apr/2025:17:40:01 -0400] "POST /wp-admin/admin-ajax.php?action=async_litespeed&nonce=Y04W7Y9hRI3T9pIgwpltKqJRoJzLGOI2&litespeed_type=imgoptm HTTP/1.1" 200 0 "-" "WordPress/6.7.2; https://bakingsecurityin.com"
51.222.253.1 - - [15/Apr/2025:17:40:23 -0400] "GET /decoding-the-dangers-of-buying-youtube-views/ HTTP/1.1" 200 0 "-" "Mozilla/5.0 (compatible; AhrefsBot/7.0; +http://ahrefs.com/robot/)"
48.217.90.135 - - [15/Apr/2025:17:40:55 -0400] "GET /wp-login.php HTTP/1.1" 200 1737 "http://bakingsecurityin.com" "Mozilla/5.0 (Macintosh; Intel Mac OS X 10_15_7; rv:125.0.1) Gecko/20100101 Firefox/125.0.1"
52.168.146.151 - - [15/Apr/2025:17:41:51 -0400] "GET /wp-admin/users.php HTTP/1.1" 302 0 "-" "-"
52.168.146.151 - - [15/Apr/2025:17:41:53 -0400] "GET /wp-login.php?redirect_to=https%3A%2F%2Fbakingsecurityin.com%2Fwp-admin%2Fusers.php&reauth=1 HTTP/1.1" 200 1746 "-" "-"
52.168.146.151 - - [15/Apr/2025:17:42:21 -0400] "GET /wp-admin/network/index.php HTTP/1.1" 302 0 "-" "-"
52.168.146.151 - - [15/Apr/2025:17:42:23 -0400] "GET /wp-login.php?redirect_to=https%3A%2F%2Fbakingsecurityin.com%2Fwp-admin%2Fnetwork%2Findex.php&reauth=1 HTTP/1.1" 200 1742 "-" "-"
198.54.114.83 - - [15/Apr/2025:17:43:01 -0400] "POST /wp-admin/admin-ajax.php?action=async_litespeed&nonce=e0OgGWhpHvfKvqChsv0NVRlpzlWqiSjz&litespeed_type=imgoptm HTTP/1.1" 200 0 "-" "WordPress/6.7.2; https://bakingsecurityin.com"
51.222.253.7 - - [15/Apr/2025:17:43:35 -0400] "GET /navigating-ai-gpu-pricing-and-availability/feed/ HTTP/1.1" 304 0 "-" "Mozilla/5.0 (compatible; AhrefsBot/7.0; +http://ahrefs.com/robot/)"
101.32.178.116 - - [15/Apr/2025:17:46:08 -0400] "GET /what-is-a-bitcoin-tumbler-and-how-does-it-work/ HTTP/1.1" 200 0 "-" "Python/3.10 aiohttp/3.10.5"
198.54.114.83 - - [15/Apr/2025:17:46:22 -0400] "POST /wp-admin/admin-ajax.php?action=async_litespeed&nonce=1lffGnzyxClr4GkEvfMXXg6bfyGelVdX&litespeed_type=imgoptm HTTP/1.1" 200 0 "-" "WordPress/6.7.2; https://bakingsecurityin.com"
185.231.155.169 - - [15/Apr/2025:17:47:29 -0400] "GET /a-journey-into-skincare/ HTTP/1.1" 200 0 "https://bakingsecurityin.com/a-journey-into-skincare/" "Mozilla/5.0 (Windows NT 10.0; Win64; x64) AppleWebKit/537.36 (KHTML, like Gecko) Chrome/129.0.0.0 Safari/537.36"
185.231.155.169 - - [15/Apr/2025:17:47:30 -0400] "GET / HTTP/1.1" 200 0 "https://bakingsecurityin.com/" "Mozilla/5.0 (Windows NT 10.0; Win64; x64) AppleWebKit/537.36 (KHTML, like Gecko) Chrome/129.0.0.0 Safari/537.36"
198.54.114.83 - - [15/Apr/2025:17:47:33 -0400] "POST /wp-cron.php?doing_wp_cron=1744753651.4452660083770751953125 HTTP/1.1" 200 0 "-" "WordPress/6.7.2; https://bakingsecurityin.com"
51.222.253.15 - - [15/Apr/2025:17:47:36 -0400] "GET /what-types-of-auto-warranties-are-available/ HTTP/1.1" 200 0 "-" "Mozilla/5.0 (compatible; AhrefsBot/7.0; +http://ahrefs.com/robot/)"
198.54.114.83 - - [15/Apr/2025:17:50:52 -0400] "POST /wp-cron.php?doing_wp_cron=1744753851.4819450378417968750000 HTTP/1.1" 200 0 "-" "WordPress/6.7.2; https://bakingsecurityin.com"
51.222.253.2 - - [15/Apr/2025:17:50:48 -0400] "GET /what-is-a-bitcoin-tumbler-and-how-does-it-work/ HTTP/1.1" 200 0 "-" "Mozilla/5.0 (compatible; AhrefsBot/7.0; +http://ahrefs.com/robot/)"
198.54.114.83 - - [15/Apr/2025:17:50:54 -0400] "POST /wp-admin/admin-ajax.php?action=async_litespeed&nonce=PsgPFEYGgeGpYIloNp0I9ajJ6XDwXFCK&litespeed_type=imgoptm HTTP/1.1" 200 0 "-" "WordPress/6.7.2; https://bakingsecurityin.com"
198.54.114.83 - - [15/Apr/2025:17:50:56 -0400] "POST /wp-cron.php?doing_wp_cron=1744753855.1611869335174560546875 HTTP/1.1" 200 0 "-" "WordPress/6.7.2; https://bakingsecurityin.com"
198.54.114.83 - - [15/Apr/2025:17:50:58 -0400] "POST /wp-admin/admin-ajax.php?action=async_litespeed&nonce=vBAUFSej6fZ8Mdq2uB2dsHqieqi3UeYB&litespeed_type=imgoptm HTTP/1.1" 200 0 "-" "WordPress/6.7.2; https://bakingsecurityin.com"
89.46.109.92 - - [15/Apr/2025:17:51:58 -0400] "GET /wp-login.php HTTP/1.1" 200 1737 "http://bakingsecurityin.com" "Mozilla/5.0 (Windows NT 10.0; Win64; x64) AppleWebKit/537.36 (KHTML, like Gecko) Chrome/126.0.0.0 Safari/537.36 Edg/126.0.0.0"
198.54.114.83 - - [15/Apr/2025:17:51:59 -0400] "POST /wp-admin/admin-ajax.php?action=async_litespeed&nonce=bGiohZquuORTSb9xcS6rujaVSZSqwn9N&litespeed_type=imgoptm HTTP/1.1" 200 5 "-" "WordPress/6.7.2; https://bakingsecurityin.com"
3.88.5.251 - - [15/Apr/2025:17:52:04 -0400] "GET /.git/config HTTP/1.1" 403 1242 "-" "Mozilla/5.0 (X11; Linux x86_64) AppleWebKit/537.36 (KHTML, like Gecko) Chrome/73.0.3683.103 Safari/537.36 OPR/60.0.3255.170"
198.54.114.83 - - [15/Apr/2025:17:53:55 -0400] "POST /wp-cron.php?doing_wp_cron=1744754034.2956829071044921875000 HTTP/1.1" 200 0 "-" "WordPress/6.7.2; https://bakingsecurityin.com"
51.222.253.9 - - [15/Apr/2025:17:53:51 -0400] "GET /dwi-lawyer-near-me/ HTTP/1.1" 200 0 "-" "Mozilla/5.0 (compatible; AhrefsBot/7.0; +http://ahrefs.com/robot/)"
198.54.114.83 - - [15/Apr/2025:17:53:56 -0400] "POST /wp-admin/admin-ajax.php?action=async_litespeed&nonce=XiHS7bJjB2tQRzJ61mx9JIXwWOJItGKh&litespeed_type=imgoptm HTTP/1.1" 200 0 "-" "WordPress/6.7.2; https://bakingsecurityin.com"
185.191.171.5 - - [15/Apr/2025:17:54:15 -0400] "GET /robots.txt HTTP/1.1" 304 0 "-" "Mozilla/5.0 (compatible; SemrushBot/7~bl; +http://www.semrush.com/bot.html)"
185.191.171.6 - - [15/Apr/2025:17:54:18 -0400] "GET /le-poncho-de-surf-laccessoire-indispensable-pour-les-surfeurs/ HTTP/1.1" 200 0 "-" "Mozilla/5.0 (compatible; SemrushBot/7~bl; +http://www.semrush.com/bot.html)"
172.177.12.150 - - [15/Apr/2025:17:54:28 -0400] "HEAD /new-mega-launch-condo-at-dunman-road/ HTTP/1.1" 200 0 "http://bakingsecurityin.com/new" "Mozilla/5.0 (Windows NT 10.0; Win64; x64) AppleWebKit/537.36 (KHTML, like Gecko) Chrome/74.0.3729.169 Safari/537.36"
198.54.114.83 - - [15/Apr/2025:17:57:31 -0400] "POST /wp-cron.php?doing_wp_cron=1744754250.6123070716857910156250 HTTP/1.1" 200 0 "-" "WordPress/6.7.2; https://bakingsecurityin.com"
51.222.253.18 - - [15/Apr/2025:17:57:27 -0400] "GET /a-quirky-pair-of-bamboo-socks-to-brighten-your-day/ HTTP/1.1" 200 0 "-" "Mozilla/5.0 (compatible; AhrefsBot/7.0; +http://ahrefs.com/robot/)"
198.54.114.83 - - [15/Apr/2025:17:57:31 -0400] "POST /wp-admin/admin-ajax.php?action=async_litespeed&nonce=QUDouCc5BvloBa4SlyPpdDX9aVFpJj6A&litespeed_type=imgoptm HTTP/1.1" 200 0 "-" "WordPress/6.7.2; https://bakingsecurityin.com"
196.251.88.108 - - [15/Apr/2025:17:59:02 -0400] "GET /.git/config HTTP/1.1" 403 1242 "-" "Mozilla/5.0 (X11; Linux x86_64) AppleWebKit/537.36 (KHTML, like Gecko) Chrome/73.0.3683.103 Safari/537.36 OPR/60.0.3255.170"
198.54.114.83 - - [15/Apr/2025:18:00:55 -0400] "POST /wp-cron.php?doing_wp_cron=1744754454.0354950428009033203125 HTTP/1.1" 200 0 "-" "WordPress/6.7.2; https://bakingsecurityin.com"
51.222.253.15 - - [15/Apr/2025:18:00:50 -0400] "GET /a-glimpse-into-luxury-livings/feed/ HTTP/1.1" 304 0 "-" "Mozilla/5.0 (compatible; AhrefsBot/7.0; +http://ahrefs.com/robot/)"
198.54.114.83 - - [15/Apr/2025:18:00:57 -0400] "POST /wp-admin/admin-ajax.php?action=async_litespeed&nonce=GqFJhWvCyxCyfdp6T0sRpDFU1g2I2ftC&litespeed_type=imgoptm HTTP/1.1" 200 0 "-" "WordPress/6.7.2; https://bakingsecurityin.com"
85.208.96.204 - - [15/Apr/2025:18:01:17 -0400] "GET /women-vasque-hiking-boots/ HTTP/1.1" 200 0 "-" "Mozilla/5.0 (compatible; SemrushBot/7~bl; +http://www.semrush.com/bot.html)"
47.79.212.112 - - [15/Apr/2025:18:01:27 -0400] "GET / HTTP/1.1" 200 0 "https://www.google.com/" "Mozilla/5.0 (Windows NT 10.0; Win64; x64) AppleWebKit/537.36 (KHTML, like Gecko) Chrome/133.0.0.0 Safari/537.36"
162.0.232.73 - - [15/Apr/2025:18:03:09 -0400] "GET /wp-login.php HTTP/1.1" 200 1737 "http://bakingsecurityin.com" "Mozilla/5.0 (Macintosh; Intel Mac OS X 10_15_7) AppleWebKit/537.36 (KHTML, like Gecko) Chrome/126.0.0.0 Safari/537.36"
198.54.114.83 - - [15/Apr/2025:18:03:09 -0400] "POST /wp-admin/admin-ajax.php?action=async_litespeed&nonce=9X470MTFcEAWO3qzmpoQQ9jr3fWDejZz&litespeed_type=imgoptm HTTP/1.1" 200 0 "-" "WordPress/6.7.2; https://bakingsecurityin.com"
198.54.114.83 - - [15/Apr/2025:18:04:05 -0400] "POST /wp-cron.php?doing_wp_cron=1744754645.1278989315032958984375 HTTP/1.1" 200 0 "-" "WordPress/6.7.2; https://bakingsecurityin.com"
51.222.253.1 - - [15/Apr/2025:18:04:04 -0400] "GET /conservatory-versus-orangery-which-is-more-suited-to-your-home/ HTTP/1.1" 200 0 "-" "Mozilla/5.0 (compatible; AhrefsBot/7.0; +http://ahrefs.com/robot/)"
198.54.114.83 - - [15/Apr/2025:18:04:06 -0400] "POST /wp-admin/admin-ajax.php?action=async_litespeed&nonce=75j6Q1ltknW76zEUUt8eu6a6GLeSa5kh&litespeed_type=imgoptm HTTP/1.1" 200 5 "-" "WordPress/6.7.2; https://bakingsecurityin.com"
101.32.207.250 - - [15/Apr/2025:18:04:10 -0400] "GET /how-to-make-your-own-jeweler-cleaner/ HTTP/1.1" 200 0 "-" "Python/3.10 aiohttp/3.10.5"
198.54.114.83 - - [15/Apr/2025:18:07:05 -0400] "POST /wp-cron.php?doing_wp_cron=1744754824.5611579418182373046875 HTTP/1.1" 200 0 "-" "WordPress/6.7.2; https://bakingsecurityin.com"
51.222.253.7 - - [15/Apr/2025:18:07:00 -0400] "GET /how-to-build-muscle/feed/ HTTP/1.1" 304 0 "-" "Mozilla/5.0 (compatible; AhrefsBot/7.0; +http://ahrefs.com/robot/)"
198.54.114.83 - - [15/Apr/2025:18:07:05 -0400] "POST /wp-admin/admin-ajax.php?action=async_litespeed&nonce=bQ8wt2vX31kmuonkGgW2QWNKNyNZX6ug&litespeed_type=imgoptm HTTP/1.1" 200 0 "-" "WordPress/6.7.2; https://bakingsecurityin.com"
198.54.114.83 - - [15/Apr/2025:18:10:31 -0400] "POST /wp-cron.php?doing_wp_cron=1744755030.5236859321594238281250 HTTP/1.1" 200 0 "-" "WordPress/6.7.2; https://bakingsecurityin.com"
51.222.253.10 - - [15/Apr/2025:18:10:26 -0400] "GET /page/10/ HTTP/1.1" 200 0 "-" "Mozilla/5.0 (compatible; AhrefsBot/7.0; +http://ahrefs.com/robot/)"
198.54.114.83 - - [15/Apr/2025:18:10:32 -0400] "POST /wp-admin/admin-ajax.php?action=async_litespeed&nonce=U3439FpNpwIDo1xKWSQtjq73uwYIIcow&litespeed_type=imgoptm HTTP/1.1" 200 0 "-" "WordPress/6.7.2; https://bakingsecurityin.com"
198.54.114.83 - - [15/Apr/2025:18:11:46 -0400] "POST /wp-cron.php?doing_wp_cron=1744755105.4720060825347900390625 HTTP/1.1" 200 0 "-" "WordPress/6.7.2; https://bakingsecurityin.com"
136.243.228.193 - - [15/Apr/2025:18:11:45 -0400] "GET /innovations-in-ppr-pipe-manufacturing/ HTTP/1.1" 200 0 "-" "Mozilla/5.0 (compatible; DataForSeoBot/1.0; +https://dataforseo.com/dataforseo-bot)"
198.54.114.83 - - [15/Apr/2025:18:11:47 -0400] "POST /wp-admin/admin-ajax.php?action=async_litespeed&nonce=7FNQj2vA8Tshn5L0rVAV12f84zFiSWFe&litespeed_type=imgoptm HTTP/1.1" 200 0 "-" "WordPress/6.7.2; https://bakingsecurityin.com"
198.54.114.83 - - [15/Apr/2025:18:14:35 -0400] "POST /wp-admin/admin-ajax.php?action=async_litespeed&nonce=y7vTqOBwmdqbdWNgWss6C4xZrx6VEFQ4&litespeed_type=imgoptm HTTP/1.1" 200 0 "-" "WordPress/6.7.2; https://bakingsecurityin.com"
51.222.253.6 - - [15/Apr/2025:18:14:50 -0400] "GET /unlocking-wellness-dubai-osteopathy/ HTTP/1.1" 200 0 "-" "Mozilla/5.0 (compatible; AhrefsBot/7.0; +http://ahrefs.com/robot/)"
51.222.253.4 - - [15/Apr/2025:18:19:08 -0400] "GET /entdecke-das-lebendige-viertel-dusseldorf-unterbilk/ HTTP/1.1" 200 0 "-" "Mozilla/5.0 (compatible; AhrefsBot/7.0; +http://ahrefs.com/robot/)"
198.54.114.83 - - [15/Apr/2025:18:19:13 -0400] "POST /wp-cron.php?doing_wp_cron=1744755551.4629418849945068359375 HTTP/1.1" 200 0 "-" "WordPress/6.7.2; https://bakingsecurityin.com"
198.54.114.83 - - [15/Apr/2025:18:21:20 -0400] "POST /wp-cron.php?doing_wp_cron=1744755680.5245709419250488281250 HTTP/1.1" 200 0 "-" "WordPress/6.7.2; https://bakingsecurityin.com"
119.28.56.126 - - [15/Apr/2025:18:21:16 -0400] "GET /caregiver-jobs-near-me-2/ HTTP/1.1" 200 0 "-" "Python/3.10 aiohttp/3.10.5"
198.54.114.83 - - [15/Apr/2025:18:21:21 -0400] "POST /wp-admin/admin-ajax.php?action=async_litespeed&nonce=D0onGUyAsmZelxZSQpn2pEhpGiVaoyTt&litespeed_type=imgoptm HTTP/1.1" 200 0 "-" "WordPress/6.7.2; https://bakingsecurityin.com"
198.54.114.83 - - [15/Apr/2025:18:23:10 -0400] "POST /wp-cron.php?doing_wp_cron=1744755789.4505031108856201171875 HTTP/1.1" 200 0 "-" "WordPress/6.7.2; https://bakingsecurityin.com"
51.222.253.11 - - [15/Apr/2025:18:23:07 -0400] "GET /que-rechercher-chez-un-excellent-serrurier/ HTTP/1.1" 200 0 "-" "Mozilla/5.0 (compatible; AhrefsBot/7.0; +http://ahrefs.com/robot/)"
198.54.114.83 - - [15/Apr/2025:18:23:11 -0400] "POST /wp-admin/admin-ajax.php?action=async_litespeed&nonce=T0bMVrEZCOCQbBe5vVJoXnr23Za7S5vQ&litespeed_type=imgoptm HTTP/1.1" 200 0 "-" "WordPress/6.7.2; https://bakingsecurityin.com"
85.208.96.212 - - [15/Apr/2025:18:23:46 -0400] "GET /a-natural-beauty-adorning-your-neck/ HTTP/1.1" 200 0 "-" "Mozilla/5.0 (compatible; SemrushBot/7~bl; +http://www.semrush.com/bot.html)"
198.54.114.83 - - [15/Apr/2025:18:24:09 -0400] "POST /wp-cron.php?doing_wp_cron=1744755849.2364470958709716796875 HTTP/1.1" 200 0 "-" "WordPress/6.7.2; https://bakingsecurityin.com"
185.191.171.14 - - [15/Apr/2025:18:24:08 -0400] "GET /gitarrenunterricht-fur-anfanger/ HTTP/1.1" 200 0 "-" "Mozilla/5.0 (compatible; SemrushBot/7~bl; +http://www.semrush.com/bot.html)"
198.54.114.83 - - [15/Apr/2025:18:24:10 -0400] "POST /wp-admin/admin-ajax.php?action=async_litespeed&nonce=zoSaC1JD6qMjAneaBC6igV9jAGia1mQg&litespeed_type=imgoptm HTTP/1.1" 200 5 "-" "WordPress/6.7.2; https://bakingsecurityin.com"
198.54.126.2 - - [15/Apr/2025:18:25:50 -0400] "GET /wp-login.php HTTP/1.1" 200 1737 "http://bakingsecurityin.com" "Mozilla/5.0 (Macintosh; Intel Mac OS X 10.15; rv:126.0) Gecko/20100101 Firefox/126.0"
198.54.114.83 - - [15/Apr/2025:18:25:50 -0400] "POST /wp-admin/admin-ajax.php?action=async_litespeed&nonce=huUUQuL9miKA8Sj8hyLodJ1t0hxaNDIX&litespeed_type=imgoptm HTTP/1.1" 200 0 "-" "WordPress/6.7.2; https://bakingsecurityin.com"
43.135.121.153 - - [15/Apr/2025:18:26:19 -0400] "GET /angel-figurine-manufacturers/ HTTP/1.1" 200 0 "-" "Python/3.10 aiohttp/3.10.5"
198.54.114.83 - - [15/Apr/2025:18:26:21 -0400] "POST /wp-cron.php?doing_wp_cron=1744755980.0311009883880615234375 HTTP/1.1" 200 0 "-" "WordPress/6.7.2; https://bakingsecurityin.com"
51.222.253.7 - - [15/Apr/2025:18:26:36 -0400] "GET /the-plastic-injection-process/ HTTP/1.1" 200 0 "-" "Mozilla/5.0 (compatible; AhrefsBot/7.0; +http://ahrefs.com/robot/)"
109.236.93.77 - - [15/Apr/2025:18:29:21 -0400] "GET /online-webcams HTTP/1.1" 301 0 "-" "Mozilla/5.0 (Windows NT 10.0; Win64; x64) AppleWebKit/537.36 (KHTML, like Gecko) Chrome/118.0.0.0 Safari/537.36"
198.54.114.83 - - [15/Apr/2025:18:29:28 -0400] "POST /wp-cron.php?doing_wp_cron=1744756166.5427429676055908203125 HTTP/1.1" 200 0 "-" "WordPress/6.7.2; https://bakingsecurityin.com"
109.236.93.77 - - [15/Apr/2025:18:29:30 -0400] "GET /online-webcams/ HTTP/1.1" 200 0 "-" "Mozilla/5.0 (Windows NT 10.0; Win64; x64) AppleWebKit/537.36 (KHTML, like Gecko) Chrome/118.0.0.0 Safari/537.36"
51.222.253.4 - - [15/Apr/2025:18:30:16 -0400] "GET /car-key-replacement-locksmith/ HTTP/1.1" 200 0 "-" "Mozilla/5.0 (compatible; AhrefsBot/7.0; +http://ahrefs.com/robot/)"
119.28.56.69 - - [15/Apr/2025:18:31:24 -0400] "GET /lose-fat-and-keep-it-off-for-good/ HTTP/1.1" 200 0 "-" "Python/3.10 aiohttp/3.10.5"
198.54.114.83 - - [15/Apr/2025:18:31:26 -0400] "POST /wp-cron.php?doing_wp_cron=1744756284.9893960952758789062500 HTTP/1.1" 200 0 "-" "WordPress/6.7.2; https://bakingsecurityin.com"
129.226.49.139 - - [15/Apr/2025:18:31:24 -0400] "GET /how-to-register-a-business/ HTTP/1.1" 200 0 "-" "Python/3.10 aiohttp/3.10.5"
198.54.114.83 - - [15/Apr/2025:18:31:27 -0400] "POST /wp-admin/admin-ajax.php?action=async_litespeed&nonce=59nzhVANRqpxDn3Y2CFfXIkwtAIwKOVB&litespeed_type=imgoptm HTTP/1.1" 200 0 "-" "WordPress/6.7.2; https://bakingsecurityin.com"
198.54.114.83 - - [15/Apr/2025:18:34:06 -0400] "POST /wp-cron.php?doing_wp_cron=1744756445.3766078948974609375000 HTTP/1.1" 200 0 "-" "WordPress/6.7.2; https://bakingsecurityin.com"
51.222.253.6 - - [15/Apr/2025:18:34:01 -0400] "GET /top-reasons-to-buy-hgh-in-canada/ HTTP/1.1" 200 0 "-" "Mozilla/5.0 (compatible; AhrefsBot/7.0; +http://ahrefs.com/robot/)"
198.54.114.83 - - [15/Apr/2025:18:34:09 -0400] "POST /wp-admin/admin-ajax.php?action=async_litespeed&nonce=oY2b1iuqrSzHztvKXyp9c16EkNLncPqA&litespeed_type=imgoptm HTTP/1.1" 200 0 "-" "WordPress/6.7.2; https://bakingsecurityin.com"
124.156.158.34 - - [15/Apr/2025:18:34:30 -0400] "GET /how-do-we-recognise-and-navigate-by-landmarks/ HTTP/1.1" 200 0 "-" "Python/3.10 aiohttp/3.10.5"
95.108.213.130 - - [15/Apr/2025:18:35:02 -0400] "GET /robots.txt HTTP/1.1" 200 98 "-" "Mozilla/5.0 (compatible; YandexBot/3.0; +http://yandex.com/bots)"
213.180.203.125 - - [15/Apr/2025:18:35:08 -0400] "GET /unveiling-the-secrets-how-to-cultivate-a-flourishing-instagram-following/ HTTP/1.1" 200 0 "-" "Mozilla/5.0 (compatible; YandexBot/3.0; +http://yandex.com/bots)"
198.54.114.83 - - [15/Apr/2025:18:35:10 -0400] "POST /wp-cron.php?doing_wp_cron=1744756508.9359960556030273437500 HTTP/1.1" 200 0 "-" "WordPress/6.7.2; https://bakingsecurityin.com"
51.222.253.3 - - [15/Apr/2025:18:37:41 -0400] "GET /buy-robocop/ HTTP/1.1" 200 0 "-" "Mozilla/5.0 (compatible; AhrefsBot/7.0; +http://ahrefs.com/robot/)"
198.54.114.83 - - [15/Apr/2025:18:39:24 -0400] "POST /wp-cron.php?doing_wp_cron=1744756763.9382009506225585937500 HTTP/1.1" 200 0 "-" "WordPress/6.7.2; https://bakingsecurityin.com"
129.226.160.68 - - [15/Apr/2025:18:39:19 -0400] "GET /the-lifespan-of-a-baked-bar/ HTTP/1.1" 200 0 "-" "Python/3.10 aiohttp/3.10.5"
198.54.114.83 - - [15/Apr/2025:18:39:25 -0400] "POST /wp-admin/admin-ajax.php?action=async_litespeed&nonce=4NIinV51SZuf0ZxDB4gJ6C5lpmVaRtQF&litespeed_type=imgoptm HTTP/1.1" 200 0 "-" "WordPress/6.7.2; https://bakingsecurityin.com"
51.222.253.20 - - [15/Apr/2025:18:41:10 -0400] "GET /umzuge-luneburg/ HTTP/1.1" 200 0 "-" "Mozilla/5.0 (compatible; AhrefsBot/7.0; +http://ahrefs.com/robot/)"
198.54.114.83 - - [15/Apr/2025:18:41:16 -0400] "POST /wp-cron.php?doing_wp_cron=1744756873.5441899299621582031250 HTTP/1.1" 200 0 "-" "WordPress/6.7.2; https://bakingsecurityin.com"
