198.54.114.83 - - [16/Apr/2025:04:21:08 -0400] "POST /wp-cron.php?doing_wp_cron=1744791667.4802460670471191406250 HTTP/1.1" 200 0 "-" "WordPress/6.7.2; https://bakingsecurityin.com"
51.222.253.13 - - [16/Apr/2025:04:21:03 -0400] "GET /elegant-design-and-contemporary-comforts/feed/ HTTP/1.1" 304 0 "-" "Mozilla/5.0 (compatible; AhrefsBot/7.0; +http://ahrefs.com/robot/)"
198.54.114.83 - - [16/Apr/2025:04:21:09 -0400] "POST /wp-admin/admin-ajax.php?action=async_litespeed&nonce=ng2dQigbdFmtxV0cLo0cEor1xiBGVipW&litespeed_type=imgoptm HTTP/1.1" 200 0 "-" "WordPress/6.7.2; https://bakingsecurityin.com"
198.54.114.83 - - [16/Apr/2025:04:23:38 -0400] "POST /wp-cron.php?doing_wp_cron=1744791817.4587140083312988281250 HTTP/1.1" 200 0 "-" "WordPress/6.7.2; https://bakingsecurityin.com"
51.222.253.9 - - [16/Apr/2025:04:23:33 -0400] "GET /decoding-the-dangers-of-buying-youtube-subscribers/ HTTP/1.1" 200 0 "-" "Mozilla/5.0 (compatible; AhrefsBot/7.0; +http://ahrefs.com/robot/)"
198.54.114.83 - - [16/Apr/2025:04:23:39 -0400] "POST /wp-admin/admin-ajax.php?action=async_litespeed&nonce=L3cslhSItn9k7RpnfALIgDKWXqotFrNt&litespeed_type=imgoptm HTTP/1.1" 200 5 "-" "WordPress/6.7.2; https://bakingsecurityin.com"
198.54.114.83 - - [16/Apr/2025:04:25:44 -0400] "POST /wp-admin/admin-ajax.php?action=async_litespeed&nonce=YhDpLCH00c0sU49nVbUp80MPewhY57Cz&litespeed_type=imgoptm HTTP/1.1" 200 0 "-" "WordPress/6.7.2; https://bakingsecurityin.com"
136.243.228.193 - - [16/Apr/2025:04:26:13 -0400] "GET /china-adhesive-manufacturers/ HTTP/1.1" 200 0 "-" "Mozilla/5.0 (compatible; DataForSeoBot/1.0; +https://dataforseo.com/dataforseo-bot)"
198.54.114.83 - - [16/Apr/2025:04:26:14 -0400] "POST /wp-cron.php?doing_wp_cron=1744791973.3067939281463623046875 HTTP/1.1" 200 0 "-" "WordPress/6.7.2; https://bakingsecurityin.com"
51.222.253.6 - - [16/Apr/2025:04:26:13 -0400] "GET /how-to-get-likes-on-youtube-comment/feed/ HTTP/1.1" 200 404 "-" "Mozilla/5.0 (compatible; AhrefsBot/7.0; +http://ahrefs.com/robot/)"
198.54.114.83 - - [16/Apr/2025:04:26:15 -0400] "POST /wp-admin/admin-ajax.php?action=async_litespeed&nonce=oq9UGZuiLVH1JqQveXn0D70sjBx6aouQ&litespeed_type=imgoptm HTTP/1.1" 200 0 "-" "WordPress/6.7.2; https://bakingsecurityin.com"
83.171.224.201 - - [16/Apr/2025:04:27:30 -0400] "GET /insinkerator-disposers/ HTTP/1.1" 200 0 "-" "Mozilla/5.0 (X11; Linux i686) AppleWebKit/537.36 (KHTML, like Gecko) Chrome/114.0.0.0 Safari/537.36 Vivaldi/5.3.2679.68"
198.54.114.83 - - [16/Apr/2025:04:29:26 -0400] "POST /wp-cron.php?doing_wp_cron=1744792164.8309381008148193359375 HTTP/1.1" 200 0 "-" "WordPress/6.7.2; https://bakingsecurityin.com"
51.222.253.18 - - [16/Apr/2025:04:29:20 -0400] "GET /how-to-rent-a-car-pishtina/feed/ HTTP/1.1" 304 0 "-" "Mozilla/5.0 (compatible; AhrefsBot/7.0; +http://ahrefs.com/robot/)"
198.54.114.83 - - [16/Apr/2025:04:29:30 -0400] "POST /wp-admin/admin-ajax.php?action=async_litespeed&nonce=czrHyr0GdEGpDM7ZSUZkoEV0RNVuL6ab&litespeed_type=imgoptm HTTP/1.1" 200 0 "-" "WordPress/6.7.2; https://bakingsecurityin.com"
198.54.114.83 - - [16/Apr/2025:04:31:55 -0400] "POST /wp-cron.php?doing_wp_cron=1744792312.9515891075134277343750 HTTP/1.1" 200 0 "-" "WordPress/6.7.2; https://bakingsecurityin.com"
51.222.253.10 - - [16/Apr/2025:04:31:48 -0400] "GET /secure-electronic-warrant-applications-with-berkones-ewi-ewarrant-software/feed/ HTTP/1.1" 200 447 "-" "Mozilla/5.0 (compatible; AhrefsBot/7.0; +http://ahrefs.com/robot/)"
198.54.114.83 - - [16/Apr/2025:04:31:59 -0400] "POST /wp-admin/admin-ajax.php?action=async_litespeed&nonce=SMSJfAn4rB0p5rs2fseRlI5coRMrhV9u&litespeed_type=imgoptm HTTP/1.1" 200 0 "-" "WordPress/6.7.2; https://bakingsecurityin.com"
51.222.253.2 - - [16/Apr/2025:04:34:27 -0400] "GET /how-to-keep-your-dental-costs-down/ HTTP/1.1" 200 0 "-" "Mozilla/5.0 (compatible; AhrefsBot/7.0; +http://ahrefs.com/robot/)"
202.69.38.12 - - [16/Apr/2025:04:36:08 -0400] "GET /wp-login.php HTTP/1.1" 200 1737 "-" "Mozilla/5.0 (X11; Linux x86_64; rv:121.0) Gecko/20100101 Firefox/121.0"
202.69.38.12 - - [16/Apr/2025:04:36:13 -0400] "POST /wp-login.php HTTP/1.1" 200 1861 "-" "Mozilla/5.0 (X11; Linux x86_64; rv:121.0) Gecko/20100101 Firefox/121.0"
202.69.38.12 - - [16/Apr/2025:04:36:18 -0400] "POST /wp-login.php HTTP/1.1" 200 1860 "-" "Mozilla/5.0 (X11; Linux x86_64; rv:121.0) Gecko/20100101 Firefox/121.0"
51.222.253.6 - - [16/Apr/2025:04:37:21 -0400] "GET /north-face-hiking-boots/feed/ HTTP/1.1" 200 417 "-" "Mozilla/5.0 (compatible; AhrefsBot/7.0; +http://ahrefs.com/robot/)"
43.154.249.136 - - [16/Apr/2025:04:38:08 -0400] "GET /why-you-should-hire-an-electrical-contractor/ HTTP/1.1" 200 0 "-" "Python/3.10 aiohttp/3.10.5"
51.222.253.3 - - [16/Apr/2025:04:39:43 -0400] "GET /choosing-a-cnc-milling-parts-supplier/feed/ HTTP/1.1" 200 406 "-" "Mozilla/5.0 (compatible; AhrefsBot/7.0; +http://ahrefs.com/robot/)"
51.222.253.12 - - [16/Apr/2025:04:42:31 -0400] "GET /grandes-visites-gratuites-et-bon-marche-de-la-ville-de-geneve/feed/ HTTP/1.1" 304 0 "-" "Mozilla/5.0 (compatible; AhrefsBot/7.0; +http://ahrefs.com/robot/)"
47.79.201.174 - - [16/Apr/2025:04:44:50 -0400] "GET / HTTP/1.1" 200 0 "https://www.google.com/" "Mozilla/5.0 (Linux; Android 10; K) AppleWebKit/537.36 (KHTML, like Gecko) Chrome/133.0.0.0 Safari/537.36"
101.32.32.171 - - [16/Apr/2025:04:45:15 -0400] "GET /youtube-secret-weapon-review/ HTTP/1.1" 200 0 "-" "Python/3.10 aiohttp/3.10.5"
51.222.253.3 - - [16/Apr/2025:04:45:20 -0400] "GET /a-modern-oasis-in-the-heart-of-the-city/feed/ HTTP/1.1" 200 412 "-" "Mozilla/5.0 (compatible; AhrefsBot/7.0; +http://ahrefs.com/robot/)"
175.100.76.83 - - [16/Apr/2025:04:46:51 -0400] "GET //xmlrpc.php HTTP/1.1" 405 46 "-" "Mozilla/5.0 (Windows NT 10.0; WOW64; rv:45.0) Gecko/20100101 Firefox/45.0"
175.100.76.83 - - [16/Apr/2025:04:46:58 -0400] "POST //xmlrpc.php HTTP/1.1" 200 186 "-" "Mozilla/5.0 (Windows NT 10.0; WOW64; rv:45.0) Gecko/20100101 Firefox/45.0"
101.32.59.43 - - [16/Apr/2025:04:47:31 -0400] "GET /mk-crossbody-bag/ HTTP/1.1" 200 0 "-" "Python/3.10 aiohttp/3.10.5"
85.208.96.196 - - [16/Apr/2025:04:48:04 -0400] "GET /law-tuition-the-sticker-price-of-law-school/ HTTP/1.1" 200 0 "-" "Mozilla/5.0 (compatible; SemrushBot/7~bl; +http://www.semrush.com/bot.html)"
51.222.253.16 - - [16/Apr/2025:04:48:17 -0400] "GET /a-michael-kors-womens-bag-will-elevate-any-look/feed/ HTTP/1.1" 304 0 "-" "Mozilla/5.0 (compatible; AhrefsBot/7.0; +http://ahrefs.com/robot/)"
51.222.253.6 - - [16/Apr/2025:04:50:53 -0400] "GET /how-to-use-a-psilocybin-spore-syringe/ HTTP/1.1" 200 0 "-" "Mozilla/5.0 (compatible; AhrefsBot/7.0; +http://ahrefs.com/robot/)"
43.132.219.33 - - [16/Apr/2025:04:52:38 -0400] "GET /be-aware-of-retinol-anti-wrinkle-face-creams/ HTTP/1.1" 200 0 "-" "Python/3.10 aiohttp/3.10.5"
198.54.114.83 - - [16/Apr/2025:04:52:44 -0400] "POST /wp-cron.php?doing_wp_cron=1744793562.4885768890380859375000 HTTP/1.1" 200 0 "-" "WordPress/6.7.2; https://bakingsecurityin.com"
185.191.171.18 - - [16/Apr/2025:04:52:44 -0400] "GET /category/general/ HTTP/1.1" 200 0 "-" "Mozilla/5.0 (compatible; SemrushBot/7~bl; +http://www.semrush.com/bot.html)"
43.132.120.183 - - [16/Apr/2025:04:53:34 -0400] "GET /diamond-painting-create-your-own-picture/ HTTP/1.1" 200 0 "-" "Python/3.10 aiohttp/3.10.5"
51.222.253.5 - - [16/Apr/2025:04:53:42 -0400] "GET /a-glorious-week-of-identity-theft/feed/ HTTP/1.1" 304 0 "-" "Mozilla/5.0 (compatible; AhrefsBot/7.0; +http://ahrefs.com/robot/)"
198.54.114.83 - - [16/Apr/2025:04:53:46 -0400] "POST /wp-cron.php?doing_wp_cron=1744793622.9779899120330810546875 HTTP/1.1" 200 0 "-" "WordPress/6.7.2; https://bakingsecurityin.com"
52.164.184.48 - - [16/Apr/2025:04:54:41 -0400] "GET /wp-login.php?action=register HTTP/1.1" 302 0 "-" "-"
52.164.184.48 - - [16/Apr/2025:04:54:45 -0400] "GET /wp-login.php?registration=disabled HTTP/1.1" 200 1806 "-" "-"
198.54.114.83 - - [16/Apr/2025:04:54:49 -0400] "POST /wp-cron.php?doing_wp_cron=1744793685.4429030418395996093750 HTTP/1.1" 200 0 "-" "WordPress/6.7.2; https://bakingsecurityin.com"
52.164.184.48 - - [16/Apr/2025:04:55:13 -0400] "GET /wp-login.php?action=register HTTP/1.1" 302 0 "-" "-"
52.164.184.48 - - [16/Apr/2025:04:55:17 -0400] "GET /wp-login.php?registration=disabled HTTP/1.1" 200 1806 "-" "-"
198.54.114.83 - - [16/Apr/2025:04:55:51 -0400] "POST /wp-admin/admin-ajax.php?action=async_litespeed&nonce=YzvCt8ZkVlSx9HXF6VyB7yzTulug3LZ7&litespeed_type=imgoptm HTTP/1.1" 200 0 "-" "WordPress/6.7.2; https://bakingsecurityin.com"
43.154.249.136 - - [16/Apr/2025:04:56:28 -0400] "GET /table-lamps-lighting-can-make-all-the-difference/ HTTP/1.1" 200 0 "-" "Python/3.10 aiohttp/3.10.5"
51.222.253.11 - - [16/Apr/2025:04:56:27 -0400] "GET /14-free-things-to-do-in-branson-missouri-and-still-have-fun/feed/ HTTP/1.1" 304 0 "-" "Mozilla/5.0 (compatible; AhrefsBot/7.0; +http://ahrefs.com/robot/)"
119.28.64.11 - - [16/Apr/2025:04:56:36 -0400] "GET /weight-loss-benefits-of-black-cumin-seed-oil/ HTTP/1.1" 200 0 "-" "Python/3.10 aiohttp/3.10.5"
185.191.171.19 - - [16/Apr/2025:04:56:46 -0400] "GET /how-to-find-the-best-online-sports-betting-sites/ HTTP/1.1" 200 0 "-" "Mozilla/5.0 (compatible; SemrushBot/7~bl; +http://www.semrush.com/bot.html)"
101.32.26.19 - - [16/Apr/2025:04:57:11 -0400] "GET /how-to-use-kratom/ HTTP/1.1" 200 0 "-" "Python/3.10 aiohttp/3.10.5"
27.42.99.97 - - [16/Apr/2025:04:57:30 -0400] "GET /how-to-style-street-wear-for-men/ HTTP/1.1" 200 0 "https://bakingsecurityin.com" "Mozilla/5.0 (Windows NT 10.0; Win64; x64) AppleWebKit/537.36 (KHTML, like Gecko) Chrome/62.0.3202.94 Safari/537.36"
52.164.184.48 - - [16/Apr/2025:04:57:48 -0400] "GET /wp-login.php HTTP/1.1" 200 1737 "-" "-"
51.222.253.7 - - [16/Apr/2025:04:59:08 -0400] "GET /redken-acidic-bonding-shampoo-review/feed/ HTTP/1.1" 200 403 "-" "Mozilla/5.0 (compatible; AhrefsBot/7.0; +http://ahrefs.com/robot/)"
198.54.114.83 - - [16/Apr/2025:04:59:11 -0400] "POST /wp-cron.php?doing_wp_cron=1744793948.9880669116973876953125 HTTP/1.1" 200 0 "-" "WordPress/6.7.2; https://bakingsecurityin.com"
198.54.114.83 - - [16/Apr/2025:05:01:59 -0400] "POST /wp-cron.php?doing_wp_cron=1744794118.2852499485015869140625 HTTP/1.1" 200 0 "-" "WordPress/6.7.2; https://bakingsecurityin.com"
51.222.253.10 - - [16/Apr/2025:05:01:53 -0400] "GET /plastic-recycling-machine-market/ HTTP/1.1" 200 0 "-" "Mozilla/5.0 (compatible; AhrefsBot/7.0; +http://ahrefs.com/robot/)"
198.54.114.83 - - [16/Apr/2025:05:02:01 -0400] "POST /wp-admin/admin-ajax.php?action=async_litespeed&nonce=KNcWWSJN3F8ERwMP2GvZeE6lfCXO06vl&litespeed_type=imgoptm HTTP/1.1" 200 0 "-" "WordPress/6.7.2; https://bakingsecurityin.com"
136.243.228.193 - - [16/Apr/2025:05:04:16 -0400] "GET /custom-football-socks/ HTTP/1.1" 200 0 "-" "Mozilla/5.0 (compatible; DataForSeoBot/1.0; +https://dataforseo.com/dataforseo-bot)"
198.54.114.83 - - [16/Apr/2025:05:04:21 -0400] "POST /wp-cron.php?doing_wp_cron=1744794259.4832379817962646484375 HTTP/1.1" 200 0 "-" "WordPress/6.7.2; https://bakingsecurityin.com"
51.222.253.17 - - [16/Apr/2025:05:04:40 -0400] "GET /praxisreinigung-luneburg/feed/ HTTP/1.1" 200 385 "-" "Mozilla/5.0 (compatible; AhrefsBot/7.0; +http://ahrefs.com/robot/)"
85.208.96.202 - - [16/Apr/2025:05:05:29 -0400] "GET /relieve-work-stress-with-an-effective-business-trip-massage/ HTTP/1.1" 200 0 "-" "Mozilla/5.0 (compatible; SemrushBot/7~bl; +http://www.semrush.com/bot.html)"
198.54.114.83 - - [16/Apr/2025:05:05:31 -0400] "POST /wp-cron.php?doing_wp_cron=1744794329.3331899642944335937500 HTTP/1.1" 200 0 "-" "WordPress/6.7.2; https://bakingsecurityin.com"
198.54.114.83 - - [16/Apr/2025:05:07:02 -0400] "POST /wp-cron.php?doing_wp_cron=1744794421.0252048969268798828125 HTTP/1.1" 200 0 "-" "WordPress/6.7.2; https://bakingsecurityin.com"
195.2.67.223 - - [16/Apr/2025:05:07:00 -0400] "GET /luxury-livery-service-at-your-doorstep/ HTTP/1.1" 200 0 "https://bakingsecurityin.com/luxury-livery-service-at-your-doorstep/" "Mozilla/5.0 (Windows NT 10.0; Win64; x64) AppleWebKit/537.36 (KHTML, like Gecko) Chrome/131.0.0.0 Safari/537.36 Avast/131.0.0.0"
198.54.114.83 - - [16/Apr/2025:05:07:03 -0400] "POST /wp-admin/admin-ajax.php?action=async_litespeed&nonce=SpBalPaM655xZnH6blcQYOYKHtxja6r7&litespeed_type=imgoptm HTTP/1.1" 200 0 "-" "WordPress/6.7.2; https://bakingsecurityin.com"
195.2.67.223 - - [16/Apr/2025:05:07:03 -0400] "GET / HTTP/1.1" 200 0 "https://bakingsecurityin.com/" "Mozilla/5.0 (Windows NT 10.0; Win64; x64) AppleWebKit/537.36 (KHTML, like Gecko) Chrome/131.0.0.0 Safari/537.36 Avast/131.0.0.0"
51.222.253.18 - - [16/Apr/2025:05:07:30 -0400] "GET /how-to-look-for-free-apk-files/ HTTP/1.1" 200 0 "-" "Mozilla/5.0 (compatible; AhrefsBot/7.0; +http://ahrefs.com/robot/)"
198.54.114.83 - - [16/Apr/2025:05:07:37 -0400] "POST /wp-cron.php?doing_wp_cron=1744794454.6729059219360351562500 HTTP/1.1" 200 0 "-" "WordPress/6.7.2; https://bakingsecurityin.com"
198.54.114.83 - - [16/Apr/2025:05:07:40 -0400] "POST /wp-admin/admin-ajax.php?action=async_litespeed&nonce=sw9tMh8g1JSw2PONzANvyUTA73TOuhcL&litespeed_type=imgoptm HTTP/1.1" 200 0 "-" "WordPress/6.7.2; https://bakingsecurityin.com"
51.222.253.15 - - [16/Apr/2025:05:10:17 -0400] "GET /how-to-properly-care-for-and-store-wine-to-maintain-taste-and-quality/ HTTP/1.1" 200 0 "-" "Mozilla/5.0 (compatible; AhrefsBot/7.0; +http://ahrefs.com/robot/)"
198.54.114.83 - - [16/Apr/2025:05:10:26 -0400] "POST /wp-cron.php?doing_wp_cron=1744794622.4390718936920166015625 HTTP/1.1" 200 0 "-" "WordPress/6.7.2; https://bakingsecurityin.com"
198.54.114.83 - - [16/Apr/2025:05:10:31 -0400] "POST /wp-admin/admin-ajax.php?action=async_litespeed&nonce=cyTbQxdfb88QKnl2h2G1s4yJPnsoa7VE&litespeed_type=imgoptm HTTP/1.1" 200 0 "-" "WordPress/6.7.2; https://bakingsecurityin.com"
185.68.185.132 - - [16/Apr/2025:05:10:31 -0400] "GET /how-to-style-street-wear-for-men/ HTTP/1.1" 200 0 "-" "Mozilla/5.0 (Windows NT 10.0; Win64; x64; Xbox; Xbox One) AppleWebKit/537.36 (KHTML, like Gecko) Chrome/114.0.0.0 Safari/537.36 Edge/44.18363.8131"
185.191.171.6 - - [16/Apr/2025:05:12:28 -0400] "GET /finding-legal-support-in-queens-for-domestic-violence-cases/ HTTP/1.1" 200 0 "-" "Mozilla/5.0 (compatible; SemrushBot/7~bl; +http://www.semrush.com/bot.html)"
198.54.114.83 - - [16/Apr/2025:05:12:34 -0400] "POST /wp-cron.php?doing_wp_cron=1744794752.0374369621276855468750 HTTP/1.1" 200 0 "-" "WordPress/6.7.2; https://bakingsecurityin.com"
198.54.114.83 - - [16/Apr/2025:05:12:36 -0400] "POST /wp-admin/admin-ajax.php?action=async_litespeed&nonce=m87vw0H8uzTggwdsVFEp4WAGs4p4PUDN&litespeed_type=imgoptm HTTP/1.1" 200 0 "-" "WordPress/6.7.2; https://bakingsecurityin.com"
51.222.253.19 - - [16/Apr/2025:05:13:05 -0400] "GET /explore-the-best-apartments/feed/ HTTP/1.1" 200 390 "-" "Mozilla/5.0 (compatible; AhrefsBot/7.0; +http://ahrefs.com/robot/)"
43.135.9.110 - - [16/Apr/2025:05:14:06 -0400] "GET /lottery-gambling-101/ HTTP/1.1" 200 0 "-" "Python/3.10 aiohttp/3.10.5"
198.54.114.83 - - [16/Apr/2025:05:14:11 -0400] "POST /wp-cron.php?doing_wp_cron=1744794846.7851700782775878906250 HTTP/1.1" 200 0 "-" "WordPress/6.7.2; https://bakingsecurityin.com"
198.54.114.83 - - [16/Apr/2025:05:15:19 -0400] "POST /wp-admin/admin-ajax.php?action=async_litespeed&nonce=2O2Nz3iVdcQR5bF1umxMpC68vXduM9Ko&litespeed_type=imgoptm HTTP/1.1" 200 0 "-" "WordPress/6.7.2; https://bakingsecurityin.com"
51.222.253.20 - - [16/Apr/2025:05:15:41 -0400] "GET /exploring-fenbendazole-potential-benefits-for-humans/ HTTP/1.1" 200 0 "-" "Mozilla/5.0 (compatible; AhrefsBot/7.0; +http://ahrefs.com/robot/)"
198.54.114.83 - - [16/Apr/2025:05:15:45 -0400] "POST /wp-cron.php?doing_wp_cron=1744794942.0138859748840332031250 HTTP/1.1" 200 0 "-" "WordPress/6.7.2; https://bakingsecurityin.com"
85.208.98.20 - - [16/Apr/2025:05:17:04 -0400] "GET /digital-marketing-agency-in-mumbai/ HTTP/1.1" 200 0 "-" "Mozilla/5.0 (compatible; SemrushBot-BA; +http://www.semrush.com/bot.html)"
198.54.114.83 - - [16/Apr/2025:05:17:08 -0400] "POST /wp-cron.php?doing_wp_cron=1744795025.1115388870239257812500 HTTP/1.1" 200 0 "-" "WordPress/6.7.2; https://bakingsecurityin.com"
51.222.253.12 - - [16/Apr/2025:05:19:11 -0400] "GET /exploring-the-reef-at-kings-dock-showflat/feed/ HTTP/1.1" 200 422 "-" "Mozilla/5.0 (compatible; AhrefsBot/7.0; +http://ahrefs.com/robot/)"
198.54.114.83 - - [16/Apr/2025:05:19:18 -0400] "POST /wp-cron.php?doing_wp_cron=1744795155.8350110054016113281250 HTTP/1.1" 200 0 "-" "WordPress/6.7.2; https://bakingsecurityin.com"
198.54.114.83 - - [16/Apr/2025:05:21:59 -0400] "POST /wp-cron.php?doing_wp_cron=1744795316.8148028850555419921875 HTTP/1.1" 200 0 "-" "WordPress/6.7.2; https://bakingsecurityin.com"
51.222.253.10 - - [16/Apr/2025:05:21:51 -0400] "GET /finding-a-chiropractor-near-me/feed/ HTTP/1.1" 200 394 "-" "Mozilla/5.0 (compatible; AhrefsBot/7.0; +http://ahrefs.com/robot/)"
198.54.114.83 - - [16/Apr/2025:05:22:01 -0400] "POST /wp-admin/admin-ajax.php?action=async_litespeed&nonce=noZFcLyQXSibQwheIkyQfPPTJNsEv5DV&litespeed_type=imgoptm HTTP/1.1" 200 0 "-" "WordPress/6.7.2; https://bakingsecurityin.com"
51.222.253.6 - - [16/Apr/2025:05:24:56 -0400] "GET /data-on-the-best-quality-space-radiators/feed/ HTTP/1.1" 200 409 "-" "Mozilla/5.0 (compatible; AhrefsBot/7.0; +http://ahrefs.com/robot/)"
198.54.114.83 - - [16/Apr/2025:05:25:03 -0400] "POST /wp-cron.php?doing_wp_cron=1744795500.5009789466857910156250 HTTP/1.1" 200 0 "-" "WordPress/6.7.2; https://bakingsecurityin.com"
27.42.99.97 - - [16/Apr/2025:05:27:38 -0400] "GET /les-pantoufles-sont-populaires-partout-dans-le-monde/ HTTP/1.1" 301 0 "https://bakingsecurityin.com" "Mozilla/5.0 (Windows NT 10.0; Win64; x64) AppleWebKit/537.36 (KHTML, like Gecko) Chrome/62.0.3202.94 Safari/537.36"
27.42.99.97 - - [16/Apr/2025:05:27:43 -0400] "GET /pantoufle-de-dinosaure/ HTTP/1.1" 200 0 "https://bakingsecurityin.com" "Mozilla/5.0 (Windows NT 10.0; Win64; x64) AppleWebKit/537.36 (KHTML, like Gecko) Chrome/62.0.3202.94 Safari/537.36"
43.132.230.109 - - [16/Apr/2025:05:28:13 -0400] "GET /how-to-use-the-national-insurance-website/ HTTP/1.1" 200 0 "-" "Python/3.10 aiohttp/3.10.5"
198.54.114.83 - - [16/Apr/2025:05:28:15 -0400] "POST /wp-cron.php?doing_wp_cron=1744795693.6390430927276611328125 HTTP/1.1" 200 0 "-" "WordPress/6.7.2; https://bakingsecurityin.com"
51.222.253.2 - - [16/Apr/2025:05:28:18 -0400] "GET /deciding-what-to-wear-to-travel-on-a-plane/feed/ HTTP/1.1" 304 0 "-" "Mozilla/5.0 (compatible; AhrefsBot/7.0; +http://ahrefs.com/robot/)"
27.42.99.97 - - [16/Apr/2025:05:28:34 -0400] "GET /les-pantoufles-sont-populaires-partout-dans-le-monde/ HTTP/1.1" 301 0 "https://bakingsecurityin.com" "Mozilla/5.0 (Windows NT 10.0; Win64; x64) AppleWebKit/537.36 (KHTML, like Gecko) Chrome/62.0.3202.94 Safari/537.36"
45.87.253.242 - - [16/Apr/2025:05:28:34 -0400] "GET /exploring-the-real-estate-market-in-sonoma-ca/ HTTP/1.1" 200 0 "https://bakingsecurityin.com/exploring-the-real-estate-market-in-sonoma-ca/#comment-688" "Mozilla/5.0 (Windows NT 6.1; Win64; x64) AppleWebKit/537.36 (KHTML, like Gecko) Chrome/103.0.5060.66 Safari/537.36"
27.42.99.97 - - [16/Apr/2025:05:28:35 -0400] "GET /pantoufle-de-dinosaure/ HTTP/1.1" 200 0 "https://bakingsecurityin.com" "Mozilla/5.0 (Windows NT 10.0; Win64; x64) AppleWebKit/537.36 (KHTML, like Gecko) Chrome/62.0.3202.94 Safari/537.36"
45.87.253.242 - - [16/Apr/2025:05:28:36 -0400] "GET / HTTP/1.1" 200 0 "https://bakingsecurityin.com/" "Mozilla/5.0 (Windows NT 6.1; Win64; x64) AppleWebKit/537.36 (KHTML, like Gecko) Chrome/103.0.5060.66 Safari/537.36"
51.222.253.9 - - [16/Apr/2025:05:31:34 -0400] "GET /screen-recording-on-netflix/feed/ HTTP/1.1" 200 390 "-" "Mozilla/5.0 (compatible; AhrefsBot/7.0; +http://ahrefs.com/robot/)"
198.54.114.83 - - [16/Apr/2025:05:31:42 -0400] "POST /wp-cron.php?doing_wp_cron=1744795898.6250140666961669921875 HTTP/1.1" 200 0 "-" "WordPress/6.7.2; https://bakingsecurityin.com"
198.54.114.83 - - [16/Apr/2025:05:31:45 -0400] "POST /wp-admin/admin-ajax.php?action=async_litespeed&nonce=WROlCMfp5NrhHRYBy8POhvWYzPbAykF4&litespeed_type=imgoptm HTTP/1.1" 200 0 "-" "WordPress/6.7.2; https://bakingsecurityin.com"
51.222.253.17 - - [16/Apr/2025:05:35:17 -0400] "GET /top-5-online-shops-for-custom-fuzzy-socks/ HTTP/1.1" 200 0 "-" "Mozilla/5.0 (compatible; AhrefsBot/7.0; +http://ahrefs.com/robot/)"
198.54.114.83 - - [16/Apr/2025:05:35:24 -0400] "POST /wp-cron.php?doing_wp_cron=1744796121.8212850093841552734375 HTTP/1.1" 200 0 "-" "WordPress/6.7.2; https://bakingsecurityin.com"
185.191.171.14 - - [16/Apr/2025:05:36:18 -0400] "GET /so-entwerfen-sie-einen-flaggendruck-der-sich-von-der-masse-abhebt/ HTTP/1.1" 200 0 "-" "Mozilla/5.0 (compatible; SemrushBot/7~bl; +http://www.semrush.com/bot.html)"
198.54.114.83 - - [16/Apr/2025:05:36:53 -0400] "POST /wp-admin/admin-ajax.php?action=async_litespeed&nonce=hiWg2H26MF4CVEntHDrrjTgOlyqb7diH&litespeed_type=imgoptm HTTP/1.1" 200 0 "-" "WordPress/6.7.2; https://bakingsecurityin.com"
198.54.114.83 - - [16/Apr/2025:05:38:30 -0400] "POST /wp-cron.php?doing_wp_cron=1744796309.3523139953613281250000 HTTP/1.1" 200 0 "-" "WordPress/6.7.2; https://bakingsecurityin.com"
51.222.253.20 - - [16/Apr/2025:05:38:24 -0400] "GET /review-of-hot-97/feed/ HTTP/1.1" 200 385 "-" "Mozilla/5.0 (compatible; AhrefsBot/7.0; +http://ahrefs.com/robot/)"
198.54.114.83 - - [16/Apr/2025:05:38:32 -0400] "POST /wp-admin/admin-ajax.php?action=async_litespeed&nonce=EyuvsE0eDUW3GaMWsshEd9C63x4Gyd4h&litespeed_type=imgoptm HTTP/1.1" 200 0 "-" "WordPress/6.7.2; https://bakingsecurityin.com"
198.54.114.83 - - [16/Apr/2025:05:39:24 -0400] "POST /wp-cron.php?doing_wp_cron=1744796363.4874920845031738281250 HTTP/1.1" 200 0 "-" "WordPress/6.7.2; https://bakingsecurityin.com"
85.208.96.198 - - [16/Apr/2025:05:39:23 -0400] "GET /unveiling-the-importance-of-corporate-event-entertainment/ HTTP/1.1" 200 0 "-" "Mozilla/5.0 (compatible; SemrushBot/7~bl; +http://www.semrush.com/bot.html)"
198.54.114.83 - - [16/Apr/2025:05:39:25 -0400] "POST /wp-admin/admin-ajax.php?action=async_litespeed&nonce=4oZcymbCFDtkNvaPSwvZSiTDCqoUegwd&litespeed_type=imgoptm HTTP/1.1" 200 0 "-" "WordPress/6.7.2; https://bakingsecurityin.com"
198.54.114.83 - - [16/Apr/2025:05:40:23 -0400] "POST /wp-cron.php?doing_wp_cron=1744796423.1519670486450195312500 HTTP/1.1" 200 0 "-" "WordPress/6.7.2; https://bakingsecurityin.com"
136.243.228.193 - - [16/Apr/2025:05:40:22 -0400] "GET /carport-entryways-roller-entryway-versus-over-top-entryway/ HTTP/1.1" 200 0 "-" "Mozilla/5.0 (compatible; DataForSeoBot/1.0; +https://dataforseo.com/dataforseo-bot)"
198.54.114.83 - - [16/Apr/2025:05:40:25 -0400] "POST /wp-admin/admin-ajax.php?action=async_litespeed&nonce=3Fjjyuq31Ia1x9QzVtV45p2homWqkppd&litespeed_type=imgoptm HTTP/1.1" 200 0 "-" "WordPress/6.7.2; https://bakingsecurityin.com"
51.222.253.15 - - [16/Apr/2025:05:41:46 -0400] "GET /how-to-choose-the-correct-absorbent/feed/ HTTP/1.1" 200 405 "-" "Mozilla/5.0 (compatible; AhrefsBot/7.0; +http://ahrefs.com/robot/)"
198.54.114.83 - - [16/Apr/2025:05:41:48 -0400] "POST /wp-cron.php?doing_wp_cron=1744796506.8383929729461669921875 HTTP/1.1" 200 0 "-" "WordPress/6.7.2; https://bakingsecurityin.com"
198.54.114.83 - - [16/Apr/2025:05:42:57 -0400] "POST /wp-cron.php?doing_wp_cron=1744796576.6524889469146728515625 HTTP/1.1" 200 0 "-" "WordPress/6.7.2; https://bakingsecurityin.com"
114.119.131.210 - - [16/Apr/2025:05:42:55 -0400] "GET /robots.txt HTTP/1.1" 200 98 "-" "Mozilla/5.0 (compatible;PetalBot;+https://webmaster.petalsearch.com/site/petalbot)"
198.54.114.83 - - [16/Apr/2025:05:42:58 -0400] "POST /wp-admin/admin-ajax.php?action=async_litespeed&nonce=4N5t8ZBQGiO12ejk200IGJNmFJT4usFT&litespeed_type=imgoptm HTTP/1.1" 200 0 "-" "WordPress/6.7.2; https://bakingsecurityin.com"
198.54.114.83 - - [16/Apr/2025:05:44:54 -0400] "POST /wp-cron.php?doing_wp_cron=1744796693.1230440139770507812500 HTTP/1.1" 200 0 "-" "WordPress/6.7.2; https://bakingsecurityin.com"
51.222.253.14 - - [16/Apr/2025:05:44:49 -0400] "GET /creative-solutions-for-small-bathroom-renovations/ HTTP/1.1" 200 0 "-" "Mozilla/5.0 (compatible; AhrefsBot/7.0; +http://ahrefs.com/robot/)"
198.54.114.83 - - [16/Apr/2025:05:44:56 -0400] "POST /wp-admin/admin-ajax.php?action=async_litespeed&nonce=Y7XtNKXMEtqlitop0Nu9jHn2RcGd81EO&litespeed_type=imgoptm HTTP/1.1" 200 0 "-" "WordPress/6.7.2; https://bakingsecurityin.com"
198.54.114.83 - - [16/Apr/2025:05:46:28 -0400] "POST /wp-cron.php?doing_wp_cron=1744796786.8245990276336669921875 HTTP/1.1" 200 0 "-" "WordPress/6.7.2; https://bakingsecurityin.com"
43.154.109.7 - - [16/Apr/2025:05:46:22 -0400] "GET /which-it-certifications-are-right-for-you/ HTTP/1.1" 200 0 "-" "Python/3.10 aiohttp/3.10.5"
198.54.114.83 - - [16/Apr/2025:05:46:29 -0400] "POST /wp-admin/admin-ajax.php?action=async_litespeed&nonce=u9XjhB54XseXXIHWw2Up6Ivf54jb0z5P&litespeed_type=imgoptm HTTP/1.1" 200 0 "-" "WordPress/6.7.2; https://bakingsecurityin.com"
51.222.253.3 - - [16/Apr/2025:05:47:36 -0400] "GET /essential-airsoft-gear/ HTTP/1.1" 200 0 "-" "Mozilla/5.0 (compatible; AhrefsBot/7.0; +http://ahrefs.com/robot/)"
198.54.114.83 - - [16/Apr/2025:05:47:39 -0400] "POST /wp-cron.php?doing_wp_cron=1744796856.9104149341583251953125 HTTP/1.1" 200 0 "-" "WordPress/6.7.2; https://bakingsecurityin.com"
51.222.253.10 - - [16/Apr/2025:05:50:21 -0400] "GET /a-diverse-array-of-games/feed/ HTTP/1.1" 304 0 "-" "Mozilla/5.0 (compatible; AhrefsBot/7.0; +http://ahrefs.com/robot/)"
198.54.114.83 - - [16/Apr/2025:05:50:27 -0400] "POST /wp-cron.php?doing_wp_cron=1744797025.2167060375213623046875 HTTP/1.1" 200 0 "-" "WordPress/6.7.2; https://bakingsecurityin.com"
198.54.114.83 - - [16/Apr/2025:05:53:00 -0400] "POST /wp-cron.php?doing_wp_cron=1744797180.2057569026947021484375 HTTP/1.1" 200 0 "-" "WordPress/6.7.2; https://bakingsecurityin.com"
51.222.253.20 - - [16/Apr/2025:05:52:55 -0400] "GET /cbd-oil-uk/feed/ HTTP/1.1" 304 0 "-" "Mozilla/5.0 (compatible; AhrefsBot/7.0; +http://ahrefs.com/robot/)"
198.54.114.83 - - [16/Apr/2025:05:53:02 -0400] "POST /wp-admin/admin-ajax.php?action=async_litespeed&nonce=NBP0U0RaBiuZ3xOoMdXIBgcsC75AFtVO&litespeed_type=imgoptm HTTP/1.1" 200 0 "-" "WordPress/6.7.2; https://bakingsecurityin.com"
198.54.114.83 - - [16/Apr/2025:05:54:11 -0400] "POST /wp-cron.php?doing_wp_cron=1744797250.6748979091644287109375 HTTP/1.1" 200 0 "-" "WordPress/6.7.2; https://bakingsecurityin.com"
43.132.120.183 - - [16/Apr/2025:05:54:10 -0400] "GET /getting-familiar-with-refrigerator-parts/ HTTP/1.1" 200 0 "-" "Python/3.10 aiohttp/3.10.5"
198.54.114.83 - - [16/Apr/2025:05:54:12 -0400] "POST /wp-admin/admin-ajax.php?action=async_litespeed&nonce=FgZMETqxVbWZrShhqM4a7C65ThBOvPqZ&litespeed_type=imgoptm HTTP/1.1" 200 0 "-" "WordPress/6.7.2; https://bakingsecurityin.com"
150.109.107.200 - - [16/Apr/2025:05:54:24 -0400] "GET /best-mothers-day-gifts-top-5-for-2011/ HTTP/1.1" 200 0 "-" "Python/3.10 aiohttp/3.10.5"
198.54.114.83 - - [16/Apr/2025:05:54:26 -0400] "POST /wp-cron.php?doing_wp_cron=1744797265.1084840297698974609375 HTTP/1.1" 200 0 "-" "WordPress/6.7.2; https://bakingsecurityin.com"
119.28.2.21 - - [16/Apr/2025:05:55:36 -0400] "GET /voice-over-artists-making-a-living-as-a-freelance-professional/ HTTP/1.1" 200 0 "-" "Python/3.10 aiohttp/3.10.5"
198.54.114.83 - - [16/Apr/2025:05:55:38 -0400] "POST /wp-cron.php?doing_wp_cron=1744797337.2804300785064697265625 HTTP/1.1" 200 0 "-" "WordPress/6.7.2; https://bakingsecurityin.com"
51.222.253.5 - - [16/Apr/2025:05:55:39 -0400] "GET /ways-to-say-cat-in-spanish/feed/ HTTP/1.1" 304 0 "-" "Mozilla/5.0 (compatible; AhrefsBot/7.0; +http://ahrefs.com/robot/)"
198.54.114.83 - - [16/Apr/2025:05:58:18 -0400] "POST /wp-cron.php?doing_wp_cron=1744797497.5258610248565673828125 HTTP/1.1" 200 0 "-" "WordPress/6.7.2; https://bakingsecurityin.com"
51.222.253.14 - - [16/Apr/2025:05:58:13 -0400] "GET /kraft-der-videoanimationen-eine-kreative-welt-zum-leben-erwecken/feed/ HTTP/1.1" 200 437 "-" "Mozilla/5.0 (compatible; AhrefsBot/7.0; +http://ahrefs.com/robot/)"
198.54.114.83 - - [16/Apr/2025:05:58:19 -0400] "POST /wp-admin/admin-ajax.php?action=async_litespeed&nonce=Jr5COqKxLTVkLYLHFf9sCCcOx4IEg3D1&litespeed_type=imgoptm HTTP/1.1" 200 0 "-" "WordPress/6.7.2; https://bakingsecurityin.com"
198.54.114.83 - - [16/Apr/2025:05:59:19 -0400] "POST /wp-cron.php?doing_wp_cron=1744797559.7225279808044433593750 HTTP/1.1" 200 0 "-" "WordPress/6.7.2; https://bakingsecurityin.com"
101.32.27.106 - - [16/Apr/2025:05:59:18 -0400] "GET /gutter-cleaning-winchester-why-you-should-get-your-gutters-cleaned/ HTTP/1.1" 200 0 "-" "Python/3.10 aiohttp/3.10.5"
198.54.114.83 - - [16/Apr/2025:05:59:22 -0400] "POST /wp-admin/admin-ajax.php?action=async_litespeed&nonce=D88sw339NE4dGrDR18IAMnQfLcBYdAsO&litespeed_type=imgoptm HTTP/1.1" 200 0 "-" "WordPress/6.7.2; https://bakingsecurityin.com"
43.132.219.33 - - [16/Apr/2025:06:00:24 -0400] "GET /does-battlefield-2042-have-a-campaign/ HTTP/1.1" 200 0 "-" "Python/3.10 aiohttp/3.10.5"
198.54.114.83 - - [16/Apr/2025:06:00:28 -0400] "POST /wp-cron.php?doing_wp_cron=1744797624.9351708889007568359375 HTTP/1.1" 200 0 "-" "WordPress/6.7.2; https://bakingsecurityin.com"
51.222.253.4 - - [16/Apr/2025:06:00:47 -0400] "GET /how-file-transfer-technology-is-evolving-to-meet-the-needs-of-todays-enterprises/ HTTP/1.1" 200 0 "-" "Mozilla/5.0 (compatible; AhrefsBot/7.0; +http://ahrefs.com/robot/)"
51.222.253.15 - - [16/Apr/2025:06:03:44 -0400] "GET /a-veterinarian-claims-that-fenbendazole-cures-cancer/feed/ HTTP/1.1" 200 422 "-" "Mozilla/5.0 (compatible; AhrefsBot/7.0; +http://ahrefs.com/robot/)"
198.54.114.83 - - [16/Apr/2025:06:03:53 -0400] "POST /wp-cron.php?doing_wp_cron=1744797827.9606869220733642578125 HTTP/1.1" 200 0 "-" "WordPress/6.7.2; https://bakingsecurityin.com"
198.54.114.83 - - [16/Apr/2025:06:03:58 -0400] "POST /wp-admin/admin-ajax.php?action=async_litespeed&nonce=FPfMY4q6ObnWW3mPOBNtIyBSxn3y64lW&litespeed_type=imgoptm HTTP/1.1" 200 0 "-" "WordPress/6.7.2; https://bakingsecurityin.com"
51.222.253.14 - - [16/Apr/2025:06:06:22 -0400] "GET /unveiling-the-holistic-approach-of-osteopathy-in-dubai/feed/ HTTP/1.1" 200 428 "-" "Mozilla/5.0 (compatible; AhrefsBot/7.0; +http://ahrefs.com/robot/)"
85.208.96.209 - - [16/Apr/2025:06:07:47 -0400] "GET /unveiling-the-thrills-of-online-slots/ HTTP/1.1" 200 0 "-" "Mozilla/5.0 (compatible; SemrushBot/7~bl; +http://www.semrush.com/bot.html)"
198.54.114.83 - - [16/Apr/2025:06:07:55 -0400] "POST /wp-cron.php?doing_wp_cron=1744798070.8236041069030761718750 HTTP/1.1" 200 0 "-" "WordPress/6.7.2; https://bakingsecurityin.com"
27.42.99.97 - - [16/Apr/2025:06:08:39 -0400] "GET /les-pantoufles-sont-populaires-partout-dans-le-monde/ HTTP/1.1" 301 0 "https://bakingsecurityin.com" "Mozilla/5.0 (Windows NT 10.0; Win64; x64) AppleWebKit/537.36 (KHTML, like Gecko) Chrome/62.0.3202.94 Safari/537.36"
27.42.99.97 - - [16/Apr/2025:06:08:47 -0400] "GET /pantoufle-de-dinosaure/ HTTP/1.1" 200 0 "https://bakingsecurityin.com" "Mozilla/5.0 (Windows NT 10.0; Win64; x64) AppleWebKit/537.36 (KHTML, like Gecko) Chrome/62.0.3202.94 Safari/537.36"
51.222.253.2 - - [16/Apr/2025:06:09:02 -0400] "GET /money-management-for-sports-betting-success-a-fundamental-strategy-to-grind-out-long-term-profits/feed/ HTTP/1.1" 200 466 "-" "Mozilla/5.0 (compatible; AhrefsBot/7.0; +http://ahrefs.com/robot/)"
198.54.114.83 - - [16/Apr/2025:06:09:08 -0400] "POST /wp-cron.php?doing_wp_cron=1744798142.6998879909515380859375 HTTP/1.1" 200 0 "-" "WordPress/6.7.2; https://bakingsecurityin.com"
198.54.114.83 - - [16/Apr/2025:06:09:13 -0400] "POST /wp-admin/admin-ajax.php?action=async_litespeed&nonce=WKe5ATDgUZEN7zgQgktvFuJIt5STNPgR&litespeed_type=imgoptm HTTP/1.1" 200 0 "-" "WordPress/6.7.2; https://bakingsecurityin.com"
129.226.53.190 - - [16/Apr/2025:06:11:20 -0400] "GET /the-atelier-apartments-in-hells-kitchen/ HTTP/1.1" 200 0 "-" "Python/3.10 aiohttp/3.10.5"
198.54.114.83 - - [16/Apr/2025:06:11:24 -0400] "POST /wp-cron.php?doing_wp_cron=1744798281.5586450099945068359375 HTTP/1.1" 200 0 "-" "WordPress/6.7.2; https://bakingsecurityin.com"
51.222.253.12 - - [16/Apr/2025:06:11:43 -0400] "GET /basketball-shooting-lead-up-drills/feed/ HTTP/1.1" 304 0 "-" "Mozilla/5.0 (compatible; AhrefsBot/7.0; +http://ahrefs.com/robot/)"
51.222.253.7 - - [16/Apr/2025:06:14:15 -0400] "GET /use-of-gps-technology-by-moving-companies/ HTTP/1.1" 200 0 "-" "Mozilla/5.0 (compatible; AhrefsBot/7.0; +http://ahrefs.com/robot/)"
198.54.114.83 - - [16/Apr/2025:06:14:23 -0400] "POST /wp-cron.php?doing_wp_cron=1744798459.0092709064483642578125 HTTP/1.1" 200 0 "-" "WordPress/6.7.2; https://bakingsecurityin.com"
85.208.96.196 - - [16/Apr/2025:06:14:52 -0400] "GET /robots.txt HTTP/1.1" 200 98 "-" "Mozilla/5.0 (compatible; SemrushBot/7~bl; +http://www.semrush.com/bot.html)"
85.208.96.201 - - [16/Apr/2025:06:14:56 -0400] "GET /genai-for-customer-support-explore-the-elastic/ HTTP/1.1" 200 0 "-" "Mozilla/5.0 (compatible; SemrushBot/7~bl; +http://www.semrush.com/bot.html)"
85.208.96.198 - - [16/Apr/2025:06:16:11 -0400] "GET /centrul-de-meditatie-si-dezvoltare-personala-ocupa-locul-orasului-bucuresti/ HTTP/1.1" 200 0 "-" "Mozilla/5.0 (compatible; SemrushBot/7~bl; +http://www.semrush.com/bot.html)"
198.54.114.83 - - [16/Apr/2025:06:16:13 -0400] "POST /wp-cron.php?doing_wp_cron=1744798571.7552781105041503906250 HTTP/1.1" 200 0 "-" "WordPress/6.7.2; https://bakingsecurityin.com"
51.222.253.8 - - [16/Apr/2025:06:16:49 -0400] "GET /the-benefits-of-gpu-cloud-services-for-modern-computing/ HTTP/1.1" 200 0 "-" "Mozilla/5.0 (compatible; AhrefsBot/7.0; +http://ahrefs.com/robot/)"
136.243.228.193 - - [16/Apr/2025:06:17:11 -0400] "GET /sleeping-pokemon-plush/ HTTP/1.1" 200 0 "-" "Mozilla/5.0 (compatible; DataForSeoBot/1.0; +https://dataforseo.com/dataforseo-bot)"
198.54.114.83 - - [16/Apr/2025:06:19:35 -0400] "POST /wp-cron.php?doing_wp_cron=1744798774.6884210109710693359375 HTTP/1.1" 200 0 "-" "WordPress/6.7.2; https://bakingsecurityin.com"
51.222.253.9 - - [16/Apr/2025:06:19:30 -0400] "GET /how-to-use-youtube-live-to-grow-your-business/feed/ HTTP/1.1" 200 421 "-" "Mozilla/5.0 (compatible; AhrefsBot/7.0; +http://ahrefs.com/robot/)"
198.54.114.83 - - [16/Apr/2025:06:19:38 -0400] "POST /wp-admin/admin-ajax.php?action=async_litespeed&nonce=tVppxH9NlpqE0amkLOHIgcmr6iwrUaHW&litespeed_type=imgoptm HTTP/1.1" 200 0 "-" "WordPress/6.7.2; https://bakingsecurityin.com"
43.135.121.251 - - [16/Apr/2025:06:20:15 -0400] "GET /where-to-buy-youtube-short-views/ HTTP/1.1" 200 0 "-" "Python/3.10 aiohttp/3.10.5"
198.54.114.83 - - [16/Apr/2025:06:22:15 -0400] "POST /wp-cron.php?doing_wp_cron=1744798934.0756399631500244140625 HTTP/1.1" 200 0 "-" "WordPress/6.7.2; https://bakingsecurityin.com"
51.222.253.7 - - [16/Apr/2025:06:22:10 -0400] "GET /moving-companies-helping-you-to-relocate/feed/ HTTP/1.1" 304 0 "-" "Mozilla/5.0 (compatible; AhrefsBot/7.0; +http://ahrefs.com/robot/)"
198.54.114.83 - - [16/Apr/2025:06:22:15 -0400] "POST /wp-admin/admin-ajax.php?action=async_litespeed&nonce=4xRhosuQv1jffXIR9N6LaYbjkRquRq4B&litespeed_type=imgoptm HTTP/1.1" 200 0 "-" "WordPress/6.7.2; https://bakingsecurityin.com"
51.222.253.4 - - [16/Apr/2025:06:24:42 -0400] "GET /top-5-websites-to-buy-youtube-watch-time/ HTTP/1.1" 200 0 "-" "Mozilla/5.0 (compatible; AhrefsBot/7.0; +http://ahrefs.com/robot/)"
198.54.114.83 - - [16/Apr/2025:06:24:46 -0400] "POST /wp-cron.php?doing_wp_cron=1744799084.7139360904693603515625 HTTP/1.1" 200 0 "-" "WordPress/6.7.2; https://bakingsecurityin.com"
198.54.114.83 - - [16/Apr/2025:06:24:47 -0400] "POST /wp-admin/admin-ajax.php?action=async_litespeed&nonce=se1ulADvP4Tf40BkF7MLZ0phpcWGpjOe&litespeed_type=imgoptm HTTP/1.1" 200 0 "-" "WordPress/6.7.2; https://bakingsecurityin.com"
85.208.96.199 - - [16/Apr/2025:06:26:12 -0400] "GET /online-gambling/ HTTP/1.1" 200 0 "-" "Mozilla/5.0 (compatible; SemrushBot/7~bl; +http://www.semrush.com/bot.html)"
198.54.114.83 - - [16/Apr/2025:06:26:17 -0400] "POST /wp-cron.php?doing_wp_cron=1744799175.9467749595642089843750 HTTP/1.1" 200 0 "-" "WordPress/6.7.2; https://bakingsecurityin.com"
198.54.114.83 - - [16/Apr/2025:06:26:20 -0400] "POST /wp-admin/admin-ajax.php?action=async_litespeed&nonce=6gvKoemsasVTyvYRuxqzsNg6FaQ3D8f3&litespeed_type=imgoptm HTTP/1.1" 200 0 "-" "WordPress/6.7.2; https://bakingsecurityin.com"
51.222.253.6 - - [16/Apr/2025:06:29:02 -0400] "GET /activites-dechauffement-partie-2/ HTTP/1.1" 200 0 "-" "Mozilla/5.0 (compatible; AhrefsBot/7.0; +http://ahrefs.com/robot/)"
198.54.114.83 - - [16/Apr/2025:06:29:08 -0400] "POST /wp-cron.php?doing_wp_cron=1744799345.8709700107574462890625 HTTP/1.1" 200 0 "-" "WordPress/6.7.2; https://bakingsecurityin.com"
198.54.114.83 - - [16/Apr/2025:06:29:11 -0400] "POST /wp-admin/admin-ajax.php?action=async_litespeed&nonce=zrFql8nzqSjjcdPvncLD828vDq5UqqIr&litespeed_type=imgoptm HTTP/1.1" 200 0 "-" "WordPress/6.7.2; https://bakingsecurityin.com"
51.222.253.7 - - [16/Apr/2025:06:32:22 -0400] "GET /seeing-a-specialist-in-a-back-clinic/ HTTP/1.1" 200 0 "-" "Mozilla/5.0 (compatible; AhrefsBot/7.0; +http://ahrefs.com/robot/)"
198.54.114.83 - - [16/Apr/2025:06:34:29 -0400] "POST /wp-admin/admin-ajax.php?action=async_litespeed&nonce=f0f3eyAb5UHoKkGtKmzkGEdUWagHsHJ4&litespeed_type=imgoptm HTTP/1.1" 200 0 "-" "WordPress/6.7.2; https://bakingsecurityin.com"
51.222.253.14 - - [16/Apr/2025:06:35:07 -0400] "GET /electrical-panel-clearwater-why-it-is-important-to-have-it-inspected/ HTTP/1.1" 200 0 "-" "Mozilla/5.0 (compatible; AhrefsBot/7.0; +http://ahrefs.com/robot/)"
129.226.130.181 - - [16/Apr/2025:06:37:27 -0400] "GET /voice-actor-training-things-you-should-know/ HTTP/1.1" 200 0 "-" "Python/3.10 aiohttp/3.10.5"
129.226.130.181 - - [16/Apr/2025:06:37:28 -0400] "GET /how-to-trim-video-on-iphone/ HTTP/1.1" 200 0 "-" "Python/3.10 aiohttp/3.10.5"
80.89.12.228 - - [16/Apr/2025:06:37:25 -0400] "GET /how-does-red-light-therapy-work/ HTTP/1.1" 200 0 "https://bakingsecurityin.com/how-does-red-light-therapy-work/#comment-9557/" "Mozilla/5.0 (Windows NT 10.0; Win64; x64) AppleWebKit/537.36 (KHTML, like Gecko) Chrome/131.0.0.0 Safari/537.36"
198.54.114.83 - - [16/Apr/2025:06:37:30 -0400] "POST /wp-cron.php?doing_wp_cron=1744799849.1677770614624023437500 HTTP/1.1" 200 0 "-" "WordPress/6.7.2; https://bakingsecurityin.com"
80.89.12.228 - - [16/Apr/2025:06:37:31 -0400] "GET / HTTP/1.1" 200 0 "https://bakingsecurityin.com/" "Mozilla/5.0 (Windows NT 10.0; Win64; x64) AppleWebKit/537.36 (KHTML, like Gecko) Chrome/131.0.0.0 Safari/537.36"
51.222.253.8 - - [16/Apr/2025:06:37:52 -0400] "GET /exploring-tranquility-the-chuan-park-experience/ HTTP/1.1" 200 0 "-" "Mozilla/5.0 (compatible; AhrefsBot/7.0; +http://ahrefs.com/robot/)"
51.222.253.4 - - [16/Apr/2025:06:40:57 -0400] "GET /online-slot-games-justifying-the-purpose-of-slot-machines/ HTTP/1.1" 200 0 "-" "Mozilla/5.0 (compatible; AhrefsBot/7.0; +http://ahrefs.com/robot/)"
198.54.114.83 - - [16/Apr/2025:06:41:02 -0400] "POST /wp-cron.php?doing_wp_cron=1744800060.8911869525909423828125 HTTP/1.1" 200 0 "-" "WordPress/6.7.2; https://bakingsecurityin.com"
51.222.253.4 - - [16/Apr/2025:06:44:03 -0400] "GET /the-convenience-of-buying-prescription-glasses-online/ HTTP/1.1" 200 0 "-" "Mozilla/5.0 (compatible; AhrefsBot/7.0; +http://ahrefs.com/robot/)"
47.79.193.182 - - [16/Apr/2025:06:44:18 -0400] "GET / HTTP/1.1" 200 0 "https://www.google.com/" "Mozilla/5.0 (Linux; Android 10; K) AppleWebKit/537.36 (KHTML, like Gecko) Chrome/133.0.0.0 Mobile Safari/537.36"
198.54.114.83 - - [16/Apr/2025:06:44:21 -0400] "POST /wp-cron.php?doing_wp_cron=1744800258.5270569324493408203125 HTTP/1.1" 200 0 "-" "WordPress/6.7.2; https://bakingsecurityin.com"
51.222.253.14 - - [16/Apr/2025:06:47:08 -0400] "GET /what-can-a-virtual-receptionist-do-for-your-business/ HTTP/1.1" 200 0 "-" "Mozilla/5.0 (compatible; AhrefsBot/7.0; +http://ahrefs.com/robot/)"
198.54.114.83 - - [16/Apr/2025:06:47:16 -0400] "POST /wp-cron.php?doing_wp_cron=1744800432.9474620819091796875000 HTTP/1.1" 200 0 "-" "WordPress/6.7.2; https://bakingsecurityin.com"
198.54.114.83 - - [16/Apr/2025:06:47:21 -0400] "POST /wp-admin/admin-ajax.php?action=async_litespeed&nonce=3ZLRXD2yLmY3ylh1AJjGZwQhWnGzs6Zc&litespeed_type=imgoptm HTTP/1.1" 200 0 "-" "WordPress/6.7.2; https://bakingsecurityin.com"
198.54.114.83 - - [16/Apr/2025:06:47:24 -0400] "POST /wp-cron.php?doing_wp_cron=1744800441.4198539257049560546875 HTTP/1.1" 200 0 "-" "WordPress/6.7.2; https://bakingsecurityin.com"
51.222.253.5 - - [16/Apr/2025:06:50:18 -0400] "GET /herbal-medicine-college-course-offerings/ HTTP/1.1" 200 0 "-" "Mozilla/5.0 (compatible; AhrefsBot/7.0; +http://ahrefs.com/robot/)"
198.54.114.83 - - [16/Apr/2025:06:50:26 -0400] "POST /wp-cron.php?doing_wp_cron=1744800623.8382871150970458984375 HTTP/1.1" 200 0 "-" "WordPress/6.7.2; https://bakingsecurityin.com"
185.191.171.4 - - [16/Apr/2025:06:52:33 -0400] "GET /que-rechercher-chez-un-excellent-serrurier/ HTTP/1.1" 200 0 "-" "Mozilla/5.0 (compatible; SemrushBot/7~bl; +http://www.semrush.com/bot.html)"
198.54.114.83 - - [16/Apr/2025:06:52:38 -0400] "POST /wp-cron.php?doing_wp_cron=1744800757.1963360309600830078125 HTTP/1.1" 200 0 "-" "WordPress/6.7.2; https://bakingsecurityin.com"
51.222.253.19 - - [16/Apr/2025:06:53:18 -0400] "GET /the-benefits-of-sports-grip-socks/ HTTP/1.1" 200 0 "-" "Mozilla/5.0 (compatible; AhrefsBot/7.0; +http://ahrefs.com/robot/)"
198.54.114.83 - - [16/Apr/2025:06:56:10 -0400] "POST /wp-cron.php?doing_wp_cron=1744800969.1233799457550048828125 HTTP/1.1" 200 0 "-" "WordPress/6.7.2; https://bakingsecurityin.com"
51.222.253.10 - - [16/Apr/2025:06:56:07 -0400] "GET /choisir-une-agence-web/ HTTP/1.1" 200 0 "-" "Mozilla/5.0 (compatible; AhrefsBot/7.0; +http://ahrefs.com/robot/)"
198.54.114.83 - - [16/Apr/2025:06:56:13 -0400] "POST /wp-admin/admin-ajax.php?action=async_litespeed&nonce=Ti5ifp4YPPPsEe8WlFVfj9SsbHswYnYW&litespeed_type=imgoptm HTTP/1.1" 200 0 "-" "WordPress/6.7.2; https://bakingsecurityin.com"
198.54.114.83 - - [16/Apr/2025:06:56:23 -0400] "POST /wp-cron.php?doing_wp_cron=1744800981.7690660953521728515625 HTTP/1.1" 200 0 "-" "WordPress/6.7.2; https://bakingsecurityin.com"
185.191.171.9 - - [16/Apr/2025:06:56:21 -0400] "GET /how-to-inject-peptides-into-living-organisms/ HTTP/1.1" 200 0 "-" "Mozilla/5.0 (compatible; SemrushBot/7~bl; +http://www.semrush.com/bot.html)"
198.54.114.83 - - [16/Apr/2025:06:56:24 -0400] "POST /wp-admin/admin-ajax.php?action=async_litespeed&nonce=rjoXz1Y73OjqUIeqYM8MLfFU02QNqHqK&litespeed_type=imgoptm HTTP/1.1" 200 0 "-" "WordPress/6.7.2; https://bakingsecurityin.com"
85.208.98.24 - - [16/Apr/2025:06:58:24 -0400] "GET /choosing-a-smart-dehumidifier-uk/ HTTP/1.1" 200 0 "-" "Mozilla/5.0 (compatible; SemrushBot-BA; +http://www.semrush.com/bot.html)"
198.54.114.83 - - [16/Apr/2025:06:58:30 -0400] "POST /wp-cron.php?doing_wp_cron=1744801107.7005939483642578125000 HTTP/1.1" 200 0 "-" "WordPress/6.7.2; https://bakingsecurityin.com"
198.54.114.83 - - [16/Apr/2025:07:00:05 -0400] "POST /wp-admin/admin-ajax.php?action=async_litespeed&nonce=0DqySfesKorSPzlttGtJl0XxDc0BVhMB&litespeed_type=imgoptm HTTP/1.1" 200 0 "-" "WordPress/6.7.2; https://bakingsecurityin.com"
198.54.114.83 - - [16/Apr/2025:07:07:24 -0400] "POST /wp-cron.php?doing_wp_cron=1744801643.1793279647827148437500 HTTP/1.1" 200 0 "-" "WordPress/6.7.2; https://bakingsecurityin.com"
51.222.253.13 - - [16/Apr/2025:07:07:19 -0400] "GET /bewertung-von-immobilien-eine-analyse/ HTTP/1.1" 200 0 "-" "Mozilla/5.0 (compatible; AhrefsBot/7.0; +http://ahrefs.com/robot/)"
198.54.114.83 - - [16/Apr/2025:07:07:28 -0400] "POST /wp-admin/admin-ajax.php?action=async_litespeed&nonce=j9rWDViOK42UjtaeLWogLQw5ShmerPVT&litespeed_type=imgoptm HTTP/1.1" 200 0 "-" "WordPress/6.7.2; https://bakingsecurityin.com"
51.222.253.12 - - [16/Apr/2025:07:09:47 -0400] "GET /la-securite-maximale-avec-assurance-flotte/feed/ HTTP/1.1" 200 416 "-" "Mozilla/5.0 (compatible; AhrefsBot/7.0; +http://ahrefs.com/robot/)"
198.54.114.83 - - [16/Apr/2025:07:09:55 -0400] "POST /wp-cron.php?doing_wp_cron=1744801791.7779819965362548828125 HTTP/1.1" 200 0 "-" "WordPress/6.7.2; https://bakingsecurityin.com"
198.54.114.83 - - [16/Apr/2025:07:09:58 -0400] "POST /wp-admin/admin-ajax.php?action=async_litespeed&nonce=xxm9bZ6Jvbo1AwcInqcjb6ehek3N0UWo&litespeed_type=imgoptm HTTP/1.1" 200 0 "-" "WordPress/6.7.2; https://bakingsecurityin.com"
85.208.96.194 - - [16/Apr/2025:07:10:37 -0400] "GET /movieswood/ HTTP/1.1" 200 0 "-" "Mozilla/5.0 (compatible; SemrushBot/7~bl; +http://www.semrush.com/bot.html)"
198.54.114.83 - - [16/Apr/2025:07:10:41 -0400] "POST /wp-cron.php?doing_wp_cron=1744801837.9125199317932128906250 HTTP/1.1" 200 0 "-" "WordPress/6.7.2; https://bakingsecurityin.com"
51.222.253.3 - - [16/Apr/2025:07:12:33 -0400] "GET /streamlining-communication-with-a-virtual-receptionist/ HTTP/1.1" 200 0 "-" "Mozilla/5.0 (compatible; AhrefsBot/7.0; +http://ahrefs.com/robot/)"
198.54.114.83 - - [16/Apr/2025:07:12:40 -0400] "POST /wp-cron.php?doing_wp_cron=1744801957.5772309303283691406250 HTTP/1.1" 200 0 "-" "WordPress/6.7.2; https://bakingsecurityin.com"
27.42.99.97 - - [16/Apr/2025:07:13:53 -0400] "GET /les-pantoufles-sont-populaires-partout-dans-le-monde/ HTTP/1.1" 301 0 "https://bakingsecurityin.com" "Mozilla/5.0 (Windows NT 10.0; Win64; x64) AppleWebKit/537.36 (KHTML, like Gecko) Chrome/62.0.3202.94 Safari/537.36"
198.54.114.83 - - [16/Apr/2025:07:13:56 -0400] "POST /wp-cron.php?doing_wp_cron=1744802034.1169068813323974609375 HTTP/1.1" 200 0 "-" "WordPress/6.7.2; https://bakingsecurityin.com"
27.42.99.97 - - [16/Apr/2025:07:13:59 -0400] "GET /pantoufle-de-dinosaure/ HTTP/1.1" 200 0 "https://bakingsecurityin.com" "Mozilla/5.0 (Windows NT 10.0; Win64; x64) AppleWebKit/537.36 (KHTML, like Gecko) Chrome/62.0.3202.94 Safari/537.36"
185.191.171.7 - - [16/Apr/2025:07:14:39 -0400] "GET /ardor-residence-developer-an-exciting-new-launch-in-district-15/ HTTP/1.1" 200 0 "-" "Mozilla/5.0 (compatible; SemrushBot/7~bl; +http://www.semrush.com/bot.html)"
51.222.253.9 - - [16/Apr/2025:07:15:21 -0400] "GET /vacuum-parts-and-vacuum-spares-now-available-easily/feed/ HTTP/1.1" 304 0 "-" "Mozilla/5.0 (compatible; AhrefsBot/7.0; +http://ahrefs.com/robot/)"
198.54.114.83 - - [16/Apr/2025:07:15:23 -0400] "POST /wp-cron.php?doing_wp_cron=1744802121.4193921089172363281250 HTTP/1.1" 200 0 "-" "WordPress/6.7.2; https://bakingsecurityin.com"
43.132.230.109 - - [16/Apr/2025:07:16:21 -0400] "GET /hand-bags-for-every-person-by-fossils/ HTTP/1.1" 200 0 "-" "Python/3.10 aiohttp/3.10.5"
198.54.114.83 - - [16/Apr/2025:07:16:24 -0400] "POST /wp-cron.php?doing_wp_cron=1744802182.6274600028991699218750 HTTP/1.1" 200 0 "-" "WordPress/6.7.2; https://bakingsecurityin.com"
85.208.96.206 - - [16/Apr/2025:07:16:24 -0400] "GET /record-my-screen-on-iphone/ HTTP/1.1" 200 0 "-" "Mozilla/5.0 (compatible; SemrushBot/7~bl; +http://www.semrush.com/bot.html)"
198.54.114.83 - - [16/Apr/2025:07:16:26 -0400] "POST /wp-admin/admin-ajax.php?action=async_litespeed&nonce=MN9GMTWubHuMEWGWVlFGY9tVgDk2iE3j&litespeed_type=imgoptm HTTP/1.1" 200 0 "-" "WordPress/6.7.2; https://bakingsecurityin.com"
51.222.253.11 - - [16/Apr/2025:07:18:17 -0400] "GET /the-versatility-of-diamond-burrs/ HTTP/1.1" 200 0 "-" "Mozilla/5.0 (compatible; AhrefsBot/7.0; +http://ahrefs.com/robot/)"
198.54.114.83 - - [16/Apr/2025:07:18:23 -0400] "POST /wp-cron.php?doing_wp_cron=1744802301.7422540187835693359375 HTTP/1.1" 200 0 "-" "WordPress/6.7.2; https://bakingsecurityin.com"
51.222.253.15 - - [16/Apr/2025:07:20:47 -0400] "GET /gitarrenunterricht/feed/ HTTP/1.1" 200 376 "-" "Mozilla/5.0 (compatible; AhrefsBot/7.0; +http://ahrefs.com/robot/)"
198.54.114.83 - - [16/Apr/2025:07:20:57 -0400] "POST /wp-cron.php?doing_wp_cron=1744802452.1908569335937500000000 HTTP/1.1" 200 0 "-" "WordPress/6.7.2; https://bakingsecurityin.com"
85.208.96.210 - - [16/Apr/2025:07:21:48 -0400] "GET /how-to-write-a-powerful-about-attorney-bio/ HTTP/1.1" 200 0 "-" "Mozilla/5.0 (compatible; SemrushBot/7~bl; +http://www.semrush.com/bot.html)"
150.109.107.200 - - [16/Apr/2025:07:22:28 -0400] "GET /black-seed-oil-uk/ HTTP/1.1" 200 0 "-" "Python/3.10 aiohttp/3.10.5"
51.222.253.2 - - [16/Apr/2025:07:23:10 -0400] "GET /juro-explainer-what-is-an-attorney/feed/ HTTP/1.1" 304 0 "-" "Mozilla/5.0 (compatible; AhrefsBot/7.0; +http://ahrefs.com/robot/)"
43.132.221.181 - - [16/Apr/2025:07:25:31 -0400] "GET /how-to-properly-care-for-and-store-wine-to-maintain-taste-and-quality/ HTTP/1.1" 200 0 "-" "Python/3.10 aiohttp/3.10.5"
51.222.253.9 - - [16/Apr/2025:07:25:33 -0400] "GET /gitarrenunterricht-in-essen-fur-anfanger-und-experten/feed/ HTTP/1.1" 304 0 "-" "Mozilla/5.0 (compatible; AhrefsBot/7.0; +http://ahrefs.com/robot/)"
51.222.253.8 - - [16/Apr/2025:07:27:56 -0400] "GET /comment-nettoyer-largenterie/feed/ HTTP/1.1" 304 0 "-" "Mozilla/5.0 (compatible; AhrefsBot/7.0; +http://ahrefs.com/robot/)"
198.54.114.83 - - [16/Apr/2025:07:28:06 -0400] "POST /wp-cron.php?doing_wp_cron=1744802881.6906690597534179687500 HTTP/1.1" 200 0 "-" "WordPress/6.7.2; https://bakingsecurityin.com"
119.28.3.194 - - [16/Apr/2025:07:28:20 -0400] "GET /how-to-delete-facebook-story/ HTTP/1.1" 200 0 "-" "Python/3.10 aiohttp/3.10.5"
35.173.38.202 - - [16/Apr/2025:07:29:58 -0400] "GET /gitarrenunterricht-in-dusseldorf-fur-alle-niveaus/ HTTP/1.1" 200 0 "-" "Mozilla/5.0 AppleWebKit/537.36 (KHTML, like Gecko; compatible; Amazonbot/0.1; +https://developer.amazon.com/support/amazonbot) Chrome/119.0.6045.214 Safari/537.36"
198.54.114.83 - - [16/Apr/2025:07:30:08 -0400] "POST /wp-cron.php?doing_wp_cron=1744803002.6554639339447021484375 HTTP/1.1" 200 0 "-" "WordPress/6.7.2; https://bakingsecurityin.com"
51.222.253.3 - - [16/Apr/2025:07:30:38 -0400] "GET /youtube-comment-likes-buy-what-you-should-know/feed/ HTTP/1.1" 200 433 "-" "Mozilla/5.0 (compatible; AhrefsBot/7.0; +http://ahrefs.com/robot/)"
51.222.253.15 - - [16/Apr/2025:07:33:04 -0400] "GET /painting-techniques-to-get-you-started/ HTTP/1.1" 200 0 "-" "Mozilla/5.0 (compatible; AhrefsBot/7.0; +http://ahrefs.com/robot/)"
