65.21.113.246 - - [16/Apr/2025:08:24:09 -0400] "GET /hallway-decorative-accent-with-rugs/ HTTP/1.1" 200 0 "-" "Mozilla/5.0 (compatible; AwarioBot/1.0; +https://awario.com/bots.html)"
65.21.113.246 - - [16/Apr/2025:08:24:11 -0400] "GET /exploring-the-mystique-of-meyer-blue-a-delight-to-the-senses/ HTTP/1.1" 200 0 "-" "Mozilla/5.0 (compatible; AwarioBot/1.0; +https://awario.com/bots.html)"
65.21.113.246 - - [16/Apr/2025:08:24:20 -0400] "GET /exploring-the-mystique-of-the-spire/ HTTP/1.1" 200 0 "-" "Mozilla/5.0 (compatible; AwarioBot/1.0; +https://awario.com/bots.html)"
65.21.113.246 - - [16/Apr/2025:08:24:21 -0400] "GET /hamburg-ihre-beste-wahl-fur-einen-stressfreien-umzug/ HTTP/1.1" 200 0 "-" "Mozilla/5.0 (compatible; AwarioBot/1.0; +https://awario.com/bots.html)"
198.54.114.83 - - [16/Apr/2025:08:24:23 -0400] "POST /wp-cron.php?doing_wp_cron=1744806260.8180370330810546875000 HTTP/1.1" 200 0 "-" "WordPress/6.7.2; https://bakingsecurityin.com"
65.21.113.246 - - [16/Apr/2025:08:24:28 -0400] "GET /hand-bags-for-every-person-by-fossils/ HTTP/1.1" 200 0 "-" "Mozilla/5.0 (compatible; AwarioBot/1.0; +https://awario.com/bots.html)"
65.21.113.246 - - [16/Apr/2025:08:24:30 -0400] "GET /exploring-the-perfect-ten-showflat/ HTTP/1.1" 200 0 "-" "Mozilla/5.0 (compatible; AwarioBot/1.0; +https://awario.com/bots.html)"
65.21.113.246 - - [16/Apr/2025:08:24:35 -0400] "GET /happiness-quote-the-secret-of-happiness/ HTTP/1.1" 200 0 "-" "Mozilla/5.0 (compatible; AwarioBot/1.0; +https://awario.com/bots.html)"
65.21.113.246 - - [16/Apr/2025:08:24:38 -0400] "GET /exploring-the-real-estate-market-in-sonoma-ca/ HTTP/1.1" 200 0 "-" "Mozilla/5.0 (compatible; AwarioBot/1.0; +https://awario.com/bots.html)"
65.21.113.246 - - [16/Apr/2025:08:24:44 -0400] "GET /harnessing-the-power-of-live-transfer-leads/ HTTP/1.1" 200 0 "-" "Mozilla/5.0 (compatible; AwarioBot/1.0; +https://awario.com/bots.html)"
65.21.113.246 - - [16/Apr/2025:08:24:47 -0400] "GET /exploring-the-reef-at-kings-dock-showflat/ HTTP/1.1" 200 0 "-" "Mozilla/5.0 (compatible; AwarioBot/1.0; +https://awario.com/bots.html)"
65.21.113.246 - - [16/Apr/2025:08:24:50 -0400] "GET /hattingen-deutschland-heimat-einer-vielzahl-historischer-wahrzeichen/ HTTP/1.1" 200 0 "-" "Mozilla/5.0 (compatible; AwarioBot/1.0; +https://awario.com/bots.html)"
65.21.113.246 - - [16/Apr/2025:08:24:55 -0400] "GET /exploring-the-thrill-of-online-casinos/ HTTP/1.1" 200 0 "-" "Mozilla/5.0 (compatible; AwarioBot/1.0; +https://awario.com/bots.html)"
65.21.113.246 - - [16/Apr/2025:08:24:58 -0400] "GET /haushaltsauflosung-in-luneburg-ihr-zuverlassiger-partner/ HTTP/1.1" 200 0 "-" "Mozilla/5.0 (compatible; AwarioBot/1.0; +https://awario.com/bots.html)"
65.21.113.246 - - [16/Apr/2025:08:25:06 -0400] "GET /exploring-the-thrills-of-online-casinos/ HTTP/1.1" 200 0 "-" "Mozilla/5.0 (compatible; AwarioBot/1.0; +https://awario.com/bots.html)"
65.21.113.246 - - [16/Apr/2025:08:25:08 -0400] "GET /heat-pump-dehydrator/ HTTP/1.1" 200 0 "-" "Mozilla/5.0 (compatible; AwarioBot/1.0; +https://awario.com/bots.html)"
65.21.113.246 - - [16/Apr/2025:08:25:18 -0400] "GET /exploring-the-top-disposable-vape-brands/ HTTP/1.1" 200 0 "-" "Mozilla/5.0 (compatible; AwarioBot/1.0; +https://awario.com/bots.html)"
65.21.113.246 - - [16/Apr/2025:08:25:20 -0400] "GET /herbal-medicine-college-course-offerings/ HTTP/1.1" 200 0 "-" "Mozilla/5.0 (compatible; AwarioBot/1.0; +https://awario.com/bots.html)"
51.222.253.20 - - [16/Apr/2025:08:25:21 -0400] "GET /dwi-lawyer-near-me/feed/ HTTP/1.1" 200 385 "-" "Mozilla/5.0 (compatible; AhrefsBot/7.0; +http://ahrefs.com/robot/)"
65.21.113.246 - - [16/Apr/2025:08:25:28 -0400] "GET /hhc-hash-gunstig-kaufen/ HTTP/1.1" 200 0 "-" "Mozilla/5.0 (compatible; AwarioBot/1.0; +https://awario.com/bots.html)"
65.21.113.246 - - [16/Apr/2025:08:25:29 -0400] "GET /exploring-the-world-of-lab-diamond-rings-in-toronto/ HTTP/1.1" 200 0 "-" "Mozilla/5.0 (compatible; AwarioBot/1.0; +https://awario.com/bots.html)"
65.21.113.246 - - [16/Apr/2025:08:25:37 -0400] "GET /hiking-at-pinetree-hill/ HTTP/1.1" 200 0 "-" "Mozilla/5.0 (compatible; AwarioBot/1.0; +https://awario.com/bots.html)"
65.21.113.246 - - [16/Apr/2025:08:25:38 -0400] "GET /exploring-the-world-of-online-casinos/ HTTP/1.1" 200 0 "-" "Mozilla/5.0 (compatible; AwarioBot/1.0; +https://awario.com/bots.html)"
65.21.113.246 - - [16/Apr/2025:08:25:45 -0400] "GET /hiking-boots-mens/ HTTP/1.1" 200 0 "-" "Mozilla/5.0 (compatible; AwarioBot/1.0; +https://awario.com/bots.html)"
65.21.113.246 - - [16/Apr/2025:08:25:46 -0400] "GET /exploring-tranquility-the-chuan-park-experience/ HTTP/1.1" 200 0 "-" "Mozilla/5.0 (compatible; AwarioBot/1.0; +https://awario.com/bots.html)"
65.21.113.246 - - [16/Apr/2025:08:25:51 -0400] "GET /hill-house-condo-singapores-newest-private-development/ HTTP/1.1" 200 0 "-" "Mozilla/5.0 (compatible; AwarioBot/1.0; +https://awario.com/bots.html)"
65.21.113.246 - - [16/Apr/2025:08:25:56 -0400] "GET /exploring-wholesale-pool-supplies/ HTTP/1.1" 200 0 "-" "Mozilla/5.0 (compatible; AwarioBot/1.0; +https://awario.com/bots.html)"
65.21.113.246 - - [16/Apr/2025:08:25:58 -0400] "GET /hillhaven-senior-living-in-bukit-batok/ HTTP/1.1" 200 0 "-" "Mozilla/5.0 (compatible; AwarioBot/1.0; +https://awario.com/bots.html)"
65.21.113.246 - - [16/Apr/2025:08:26:06 -0400] "GET /explosion-proof-electric-ball-valve/ HTTP/1.1" 200 0 "-" "Mozilla/5.0 (compatible; AwarioBot/1.0; +https://awario.com/bots.html)"
65.21.113.246 - - [16/Apr/2025:08:26:08 -0400] "GET /hillock-green-condominium/ HTTP/1.1" 200 0 "-" "Mozilla/5.0 (compatible; AwarioBot/1.0; +https://awario.com/bots.html)"
65.21.113.246 - - [16/Apr/2025:08:26:17 -0400] "GET /hin-und-wieder-zuruck-podcast/ HTTP/1.1" 200 0 "-" "Mozilla/5.0 (compatible; AwarioBot/1.0; +https://awario.com/bots.html)"
65.21.113.246 - - [16/Apr/2025:08:26:17 -0400] "GET /exquisite-design-and-architecture/ HTTP/1.1" 200 0 "-" "Mozilla/5.0 (compatible; AwarioBot/1.0; +https://awario.com/bots.html)"
65.21.113.246 - - [16/Apr/2025:08:26:27 -0400] "GET /exquisite-elegance-the-arcady-showflat/ HTTP/1.1" 200 0 "-" "Mozilla/5.0 (compatible; AwarioBot/1.0; +https://awario.com/bots.html)"
198.54.114.83 - - [16/Apr/2025:08:26:32 -0400] "POST /wp-cron.php?doing_wp_cron=1744806387.8623619079589843750000 HTTP/1.1" 200 0 "-" "WordPress/6.7.2; https://bakingsecurityin.com"
65.21.113.246 - - [16/Apr/2025:08:26:37 -0400] "GET /extended-warranties-for-cars-what-you-need-to-know/ HTTP/1.1" 200 0 "-" "Mozilla/5.0 (compatible; AwarioBot/1.0; +https://awario.com/bots.html)"
65.21.113.246 - - [16/Apr/2025:08:26:37 -0400] "GET /hotels-in-lago-di-garda/ HTTP/1.1" 200 0 "-" "Mozilla/5.0 (compatible; AwarioBot/1.0; +https://awario.com/bots.html)"
65.21.113.246 - - [16/Apr/2025:08:26:44 -0400] "GET /house-cleaning-services-in-bangalore/ HTTP/1.1" 200 0 "-" "Mozilla/5.0 (compatible; AwarioBot/1.0; +https://awario.com/bots.html)"
65.21.113.246 - - [16/Apr/2025:08:26:46 -0400] "GET /facebook-agency-account-a-complete-solution-for-marketing-agencies/ HTTP/1.1" 200 0 "-" "Mozilla/5.0 (compatible; AwarioBot/1.0; +https://awario.com/bots.html)"
65.21.113.246 - - [16/Apr/2025:08:26:52 -0400] "GET /houston-drain-cleaning/ HTTP/1.1" 200 0 "-" "Mozilla/5.0 (compatible; AwarioBot/1.0; +https://awario.com/bots.html)"
65.21.113.246 - - [16/Apr/2025:08:26:54 -0400] "GET /facettes-dentaires-geneve-comment-les-facettes-dentaires-geneve-peuvent-ameliorer-votre-sourire/ HTTP/1.1" 200 0 "-" "Mozilla/5.0 (compatible; AwarioBot/1.0; +https://awario.com/bots.html)"
65.21.113.246 - - [16/Apr/2025:08:26:57 -0400] "GET /how-a-property-management-agency-can-help-landlords-maximize-their-return-on-investment/ HTTP/1.1" 200 0 "-" "Mozilla/5.0 (compatible; AwarioBot/1.0; +https://awario.com/bots.html)"
65.21.113.246 - - [16/Apr/2025:08:27:02 -0400] "GET /factors-that-will-enable-you-to-promote-your-business-videos/ HTTP/1.1" 200 0 "-" "Mozilla/5.0 (compatible; AwarioBot/1.0; +https://awario.com/bots.html)"
65.21.113.246 - - [16/Apr/2025:08:27:06 -0400] "GET /how-a-solid-conservatory-roof-can-transform-your-conservatory/ HTTP/1.1" 200 0 "-" "Mozilla/5.0 (compatible; AwarioBot/1.0; +https://awario.com/bots.html)"
65.21.113.246 - - [16/Apr/2025:08:27:13 -0400] "GET /how-a-virtual-receptionist-can-help-small-businesses/ HTTP/1.1" 200 0 "-" "Mozilla/5.0 (compatible; AwarioBot/1.0; +https://awario.com/bots.html)"
65.21.113.246 - - [16/Apr/2025:08:27:16 -0400] "GET /faites-une-declaration-de-mode-avec-des-sacs-pour-ordinateur-portable-cool/ HTTP/1.1" 200 0 "-" "Mozilla/5.0 (compatible; AwarioBot/1.0; +https://awario.com/bots.html)"
65.21.113.246 - - [16/Apr/2025:08:27:20 -0400] "GET /how-are-youtube-views-counted/ HTTP/1.1" 200 0 "-" "Mozilla/5.0 (compatible; AwarioBot/1.0; +https://awario.com/bots.html)"
65.21.113.246 - - [16/Apr/2025:08:27:25 -0400] "GET /fashionable-camera-bags-for-your-feminine-side/ HTTP/1.1" 200 0 "-" "Mozilla/5.0 (compatible; AwarioBot/1.0; +https://awario.com/bots.html)"
65.21.113.246 - - [16/Apr/2025:08:27:26 -0400] "GET /how-basement-finishing-can-increase-your-homes-value/ HTTP/1.1" 200 0 "-" "Mozilla/5.0 (compatible; AwarioBot/1.0; +https://awario.com/bots.html)"
65.21.113.246 - - [16/Apr/2025:08:27:33 -0400] "GET /faszinierende-moderne-einblicke-in-die-welt-der-hangelampen/ HTTP/1.1" 200 0 "-" "Mozilla/5.0 (compatible; AwarioBot/1.0; +https://awario.com/bots.html)"
65.21.113.246 - - [16/Apr/2025:08:27:32 -0400] "GET /how-do-car-dealerships-make-money/ HTTP/1.1" 200 0 "-" "Mozilla/5.0 (compatible; AwarioBot/1.0; +https://awario.com/bots.html)"
198.54.114.83 - - [16/Apr/2025:08:27:34 -0400] "POST /wp-cron.php?doing_wp_cron=1744806452.7084820270538330078125 HTTP/1.1" 200 0 "-" "WordPress/6.7.2; https://bakingsecurityin.com"
198.54.114.83 - - [16/Apr/2025:08:27:36 -0400] "POST /wp-admin/admin-ajax.php?action=async_litespeed&nonce=sjWZILyMdETVW8w4XsxQ6wKxKjCkEz1f&litespeed_type=imgoptm HTTP/1.1" 200 0 "-" "WordPress/6.7.2; https://bakingsecurityin.com"
65.21.113.246 - - [16/Apr/2025:08:27:37 -0400] "GET /fda-otc-regulations-and-their-impact-on-the-market/ HTTP/1.1" 200 0 "-" "Mozilla/5.0 (compatible; AwarioBot/1.0; +https://awario.com/bots.html)"
65.21.113.246 - - [16/Apr/2025:08:27:38 -0400] "GET /how-do-i-know-im-a-real-estate-investor/ HTTP/1.1" 200 0 "-" "Mozilla/5.0 (compatible; AwarioBot/1.0; +https://awario.com/bots.html)"
65.21.113.246 - - [16/Apr/2025:08:27:41 -0400] "GET /fda-otc-regulations-key-guidelines-for-over-the-counter-products/ HTTP/1.1" 200 0 "-" "Mozilla/5.0 (compatible; AwarioBot/1.0; +https://awario.com/bots.html)"
65.21.113.246 - - [16/Apr/2025:08:27:42 -0400] "GET /how-do-we-recognise-and-navigate-by-landmarks/ HTTP/1.1" 200 0 "-" "Mozilla/5.0 (compatible; AwarioBot/1.0; +https://awario.com/bots.html)"
51.222.253.18 - - [16/Apr/2025:08:27:42 -0400] "GET /how-to-get-rid-of-the-hollow-arrow-on-your-iphone/ HTTP/1.1" 200 0 "-" "Mozilla/5.0 (compatible; AhrefsBot/7.0; +http://ahrefs.com/robot/)"
65.21.113.246 - - [16/Apr/2025:08:27:46 -0400] "GET /how-does-red-light-therapy-work/ HTTP/1.1" 200 0 "-" "Mozilla/5.0 (compatible; AwarioBot/1.0; +https://awario.com/bots.html)"
65.21.113.246 - - [16/Apr/2025:08:27:46 -0400] "GET /fenbendazole-and-its-use-for-cancer-treatment-in-the-netherlands/ HTTP/1.1" 200 0 "-" "Mozilla/5.0 (compatible; AwarioBot/1.0; +https://awario.com/bots.html)"
65.21.113.246 - - [16/Apr/2025:08:27:50 -0400] "GET /how-file-transfer-technology-is-evolving-to-meet-the-needs-of-todays-enterprises/ HTTP/1.1" 200 0 "-" "Mozilla/5.0 (compatible; AwarioBot/1.0; +https://awario.com/bots.html)"
65.21.113.246 - - [16/Apr/2025:08:27:51 -0400] "GET /fenbendazole-as-a-potential-cancer-treatment-in-the-netherlands/ HTTP/1.1" 200 0 "-" "Mozilla/5.0 (compatible; AwarioBot/1.0; +https://awario.com/bots.html)"
65.21.113.246 - - [16/Apr/2025:08:27:55 -0400] "GET /how-fire-remediation-companies-work/ HTTP/1.1" 200 0 "-" "Mozilla/5.0 (compatible; AwarioBot/1.0; +https://awario.com/bots.html)"
65.21.113.246 - - [16/Apr/2025:08:27:57 -0400] "GET /fertility-clinic-dubai/ HTTP/1.1" 200 0 "-" "Mozilla/5.0 (compatible; AwarioBot/1.0; +https://awario.com/bots.html)"
65.21.113.246 - - [16/Apr/2025:08:28:00 -0400] "GET /how-long-does-a-ring-doorbell-battery-last/ HTTP/1.1" 200 0 "-" "Mozilla/5.0 (compatible; AwarioBot/1.0; +https://awario.com/bots.html)"
65.21.113.246 - - [16/Apr/2025:08:28:02 -0400] "GET /financial-freedom-with-real-estate/ HTTP/1.1" 200 0 "-" "Mozilla/5.0 (compatible; AwarioBot/1.0; +https://awario.com/bots.html)"
65.21.113.246 - - [16/Apr/2025:08:28:16 -0400] "GET /how-moving-companies-calculate-their-quotes-online/ HTTP/1.1" 200 0 "-" "Mozilla/5.0 (compatible; AwarioBot/1.0; +https://awario.com/bots.html)"
65.21.113.246 - - [16/Apr/2025:08:28:22 -0400] "GET /how-much-does-a-bathroom-renovation-cost-in-melbourne/ HTTP/1.1" 200 0 "-" "Mozilla/5.0 (compatible; AwarioBot/1.0; +https://awario.com/bots.html)"
198.54.114.83 - - [16/Apr/2025:08:28:24 -0400] "POST /wp-cron.php?doing_wp_cron=1744806502.3595089912414550781250 HTTP/1.1" 200 0 "-" "WordPress/6.7.2; https://bakingsecurityin.com"
65.21.113.246 - - [16/Apr/2025:08:28:27 -0400] "GET /how-much-does-conservatory-roof-replacement-cost/ HTTP/1.1" 200 0 "-" "Mozilla/5.0 (compatible; AwarioBot/1.0; +https://awario.com/bots.html)"
65.21.113.246 - - [16/Apr/2025:08:28:34 -0400] "GET /how-much-does-john-madden-make-off-madden-nfl/ HTTP/1.1" 200 0 "-" "Mozilla/5.0 (compatible; AwarioBot/1.0; +https://awario.com/bots.html)"
65.21.113.246 - - [16/Apr/2025:08:28:40 -0400] "GET /how-the-katana-sword-is-made/ HTTP/1.1" 200 0 "-" "Mozilla/5.0 (compatible; AwarioBot/1.0; +https://awario.com/bots.html)"
65.21.113.246 - - [16/Apr/2025:08:28:49 -0400] "GET /how-to-become-a-celebrity-bodyguard/ HTTP/1.1" 200 0 "-" "Mozilla/5.0 (compatible; AwarioBot/1.0; +https://awario.com/bots.html)"
65.21.113.246 - - [16/Apr/2025:08:28:56 -0400] "GET /how-to-become-a-creative-director/ HTTP/1.1" 200 0 "-" "Mozilla/5.0 (compatible; AwarioBot/1.0; +https://awario.com/bots.html)"
65.21.113.246 - - [16/Apr/2025:08:29:04 -0400] "GET /how-to-borrow-money-in-singapore/ HTTP/1.1" 200 0 "-" "Mozilla/5.0 (compatible; AwarioBot/1.0; +https://awario.com/bots.html)"
65.21.113.246 - - [16/Apr/2025:08:29:09 -0400] "GET /how-to-borrow-money-singapore-easily-and-quickly/ HTTP/1.1" 200 0 "-" "Mozilla/5.0 (compatible; AwarioBot/1.0; +https://awario.com/bots.html)"
65.21.113.246 - - [16/Apr/2025:08:29:16 -0400] "GET /how-to-build-muscle/ HTTP/1.1" 200 0 "-" "Mozilla/5.0 (compatible; AwarioBot/1.0; +https://awario.com/bots.html)"
65.21.113.246 - - [16/Apr/2025:08:29:22 -0400] "GET /how-to-buy-cheap-tiktok-likes/ HTTP/1.1" 200 0 "-" "Mozilla/5.0 (compatible; AwarioBot/1.0; +https://awario.com/bots.html)"
198.54.114.83 - - [16/Apr/2025:08:29:27 -0400] "POST /wp-cron.php?doing_wp_cron=1744806563.0820639133453369140625 HTTP/1.1" 200 0 "-" "WordPress/6.7.2; https://bakingsecurityin.com"
65.21.113.246 - - [16/Apr/2025:08:29:30 -0400] "GET /how-to-buy-likes-for-instagram/ HTTP/1.1" 200 0 "-" "Mozilla/5.0 (compatible; AwarioBot/1.0; +https://awario.com/bots.html)"
65.21.113.246 - - [16/Apr/2025:08:29:36 -0400] "GET /how-to-buy-likes-for-youtube/ HTTP/1.1" 200 0 "-" "Mozilla/5.0 (compatible; AwarioBot/1.0; +https://awario.com/bots.html)"
65.21.113.246 - - [16/Apr/2025:08:29:55 -0400] "GET /how-to-buy-watch-hours-youtube/ HTTP/1.1" 200 0 "-" "Mozilla/5.0 (compatible; AwarioBot/1.0; +https://awario.com/bots.html)"
65.21.113.246 - - [16/Apr/2025:08:30:01 -0400] "GET /how-to-buy-youtube-views-easily/ HTTP/1.1" 200 0 "-" "Mozilla/5.0 (compatible; AwarioBot/1.0; +https://awario.com/bots.html)"
65.21.113.246 - - [16/Apr/2025:08:30:09 -0400] "GET /how-to-buy-youtube-views-online/ HTTP/1.1" 200 0 "-" "Mozilla/5.0 (compatible; AwarioBot/1.0; +https://awario.com/bots.html)"
65.21.113.246 - - [16/Apr/2025:08:30:16 -0400] "GET /how-to-buy-youtube-views-onlines/ HTTP/1.1" 200 0 "-" "Mozilla/5.0 (compatible; AwarioBot/1.0; +https://awario.com/bots.html)"
51.222.253.13 - - [16/Apr/2025:08:30:18 -0400] "GET /exploring-the-perfect-ten-showflat/feed/ HTTP/1.1" 200 401 "-" "Mozilla/5.0 (compatible; AhrefsBot/7.0; +http://ahrefs.com/robot/)"
65.21.113.246 - - [16/Apr/2025:08:30:25 -0400] "GET /how-to-choose-a-belt-cutting-machine/ HTTP/1.1" 200 0 "-" "Mozilla/5.0 (compatible; AwarioBot/1.0; +https://awario.com/bots.html)"
198.54.114.83 - - [16/Apr/2025:08:30:29 -0400] "POST /wp-cron.php?doing_wp_cron=1744806625.1526019573211669921875 HTTP/1.1" 200 0 "-" "WordPress/6.7.2; https://bakingsecurityin.com"
65.21.113.246 - - [16/Apr/2025:08:30:32 -0400] "GET /how-to-choose-a-custom-socks-manufacturer/ HTTP/1.1" 200 0 "-" "Mozilla/5.0 (compatible; AwarioBot/1.0; +https://awario.com/bots.html)"
65.21.113.246 - - [16/Apr/2025:08:30:51 -0400] "GET /how-to-choose-a-web-design-and-development-company/ HTTP/1.1" 200 0 "-" "Mozilla/5.0 (compatible; AwarioBot/1.0; +https://awario.com/bots.html)"
65.21.113.246 - - [16/Apr/2025:08:30:59 -0400] "GET /how-to-choose-an-led-screen-manufacturer/ HTTP/1.1" 200 0 "-" "Mozilla/5.0 (compatible; AwarioBot/1.0; +https://awario.com/bots.html)"
65.21.113.246 - - [16/Apr/2025:08:31:19 -0400] "GET /how-to-choose-table-lamps/ HTTP/1.1" 200 0 "-" "Mozilla/5.0 (compatible; AwarioBot/1.0; +https://awario.com/bots.html)"
65.21.113.246 - - [16/Apr/2025:08:31:26 -0400] "GET /how-to-choose-the-best-cbd-products-uk/ HTTP/1.1" 200 0 "-" "Mozilla/5.0 (compatible; AwarioBot/1.0; +https://awario.com/bots.html)"
198.54.114.83 - - [16/Apr/2025:08:31:30 -0400] "POST /wp-cron.php?doing_wp_cron=1744806687.1721220016479492187500 HTTP/1.1" 200 0 "-" "WordPress/6.7.2; https://bakingsecurityin.com"
65.21.113.246 - - [16/Apr/2025:08:31:34 -0400] "GET /how-to-choose-the-best-credit-repair-service/ HTTP/1.1" 200 0 "-" "Mozilla/5.0 (compatible; AwarioBot/1.0; +https://awario.com/bots.html)"
65.21.113.246 - - [16/Apr/2025:08:31:40 -0400] "GET /how-to-choose-the-best-office-desks/ HTTP/1.1" 200 0 "-" "Mozilla/5.0 (compatible; AwarioBot/1.0; +https://awario.com/bots.html)"
65.21.113.246 - - [16/Apr/2025:08:31:45 -0400] "GET /how-to-choose-the-best-refrigeration-vacuum-pumps/ HTTP/1.1" 200 0 "-" "Mozilla/5.0 (compatible; AwarioBot/1.0; +https://awario.com/bots.html)"
65.21.113.246 - - [16/Apr/2025:08:31:50 -0400] "GET /how-to-choose-the-best-soccer-grip-socks/ HTTP/1.1" 200 0 "-" "Mozilla/5.0 (compatible; AwarioBot/1.0; +https://awario.com/bots.html)"
65.21.113.246 - - [16/Apr/2025:08:31:57 -0400] "GET /how-to-choose-the-correct-absorbent/ HTTP/1.1" 200 0 "-" "Mozilla/5.0 (compatible; AwarioBot/1.0; +https://awario.com/bots.html)"
65.21.113.246 - - [16/Apr/2025:08:32:05 -0400] "GET /how-to-compare-moving-companies/ HTTP/1.1" 200 0 "-" "Mozilla/5.0 (compatible; AwarioBot/1.0; +https://awario.com/bots.html)"
65.21.113.246 - - [16/Apr/2025:08:32:09 -0400] "GET /how-to-connect-an-apple-pencil/ HTTP/1.1" 200 0 "-" "Mozilla/5.0 (compatible; AwarioBot/1.0; +https://awario.com/bots.html)"
65.21.113.246 - - [16/Apr/2025:08:32:15 -0400] "GET /how-to-convert-european-shoes-sizes-to-us/ HTTP/1.1" 200 0 "-" "Mozilla/5.0 (compatible; AwarioBot/1.0; +https://awario.com/bots.html)"
65.21.113.246 - - [16/Apr/2025:08:32:21 -0400] "GET /how-to-correct-your-posture-and-relieve-nerd-neck/ HTTP/1.1" 200 0 "-" "Mozilla/5.0 (compatible; AwarioBot/1.0; +https://awario.com/bots.html)"
65.21.113.246 - - [16/Apr/2025:08:32:26 -0400] "GET /how-to-create-custom-logo-dress-socks/ HTTP/1.1" 200 0 "-" "Mozilla/5.0 (compatible; AwarioBot/1.0; +https://awario.com/bots.html)"
65.21.113.246 - - [16/Apr/2025:08:32:32 -0400] "GET /how-to-create-stunning-custom-invitations/ HTTP/1.1" 200 0 "-" "Mozilla/5.0 (compatible; AwarioBot/1.0; +https://awario.com/bots.html)"
198.54.114.83 - - [16/Apr/2025:08:32:36 -0400] "POST /wp-cron.php?doing_wp_cron=1744806752.8797159194946289062500 HTTP/1.1" 200 0 "-" "WordPress/6.7.2; https://bakingsecurityin.com"
65.21.113.246 - - [16/Apr/2025:08:32:40 -0400] "GET /how-to-delete-a-course-on-duolingo/ HTTP/1.1" 200 0 "-" "Mozilla/5.0 (compatible; AwarioBot/1.0; +https://awario.com/bots.html)"
51.222.253.20 - - [16/Apr/2025:08:32:42 -0400] "GET /how-to-find-a-salesforce-recruiter/feed/ HTTP/1.1" 304 0 "-" "Mozilla/5.0 (compatible; AhrefsBot/7.0; +http://ahrefs.com/robot/)"
65.21.113.246 - - [16/Apr/2025:08:32:49 -0400] "GET /how-to-delete-facebook-dating/ HTTP/1.1" 200 0 "-" "Mozilla/5.0 (compatible; AwarioBot/1.0; +https://awario.com/bots.html)"
65.21.113.246 - - [16/Apr/2025:08:32:56 -0400] "GET /how-to-delete-facebook-story/ HTTP/1.1" 200 0 "-" "Mozilla/5.0 (compatible; AwarioBot/1.0; +https://awario.com/bots.html)"
185.191.171.7 - - [16/Apr/2025:08:32:56 -0400] "GET /the-benefits-of-part-time-jobs-for-students/ HTTP/1.1" 200 0 "-" "Mozilla/5.0 (compatible; SemrushBot/7~bl; +http://www.semrush.com/bot.html)"
65.21.113.246 - - [16/Apr/2025:08:33:03 -0400] "GET /how-to-design-effective-business-cards/ HTTP/1.1" 200 0 "-" "Mozilla/5.0 (compatible; AwarioBot/1.0; +https://awario.com/bots.html)"
65.21.113.246 - - [16/Apr/2025:08:33:09 -0400] "GET /how-to-develop-your-english-vocabulary/ HTTP/1.1" 200 0 "-" "Mozilla/5.0 (compatible; AwarioBot/1.0; +https://awario.com/bots.html)"
65.21.113.246 - - [16/Apr/2025:08:33:16 -0400] "GET /how-to-do-the-ai-trend/ HTTP/1.1" 200 0 "-" "Mozilla/5.0 (compatible; AwarioBot/1.0; +https://awario.com/bots.html)"
65.21.113.246 - - [16/Apr/2025:08:33:29 -0400] "GET /how-to-do-the-ask-me-anything-on-snapchat/ HTTP/1.1" 200 0 "-" "Mozilla/5.0 (compatible; AwarioBot/1.0; +https://awario.com/bots.html)"
65.21.113.246 - - [16/Apr/2025:08:33:35 -0400] "GET /how-to-download-spotify-on-mac/ HTTP/1.1" 200 0 "-" "Mozilla/5.0 (compatible; AwarioBot/1.0; +https://awario.com/bots.html)"
198.54.114.83 - - [16/Apr/2025:08:33:38 -0400] "POST /wp-cron.php?doing_wp_cron=1744806815.9974679946899414062500 HTTP/1.1" 200 0 "-" "WordPress/6.7.2; https://bakingsecurityin.com"
198.54.114.83 - - [16/Apr/2025:08:33:42 -0400] "POST /wp-admin/admin-ajax.php?action=async_litespeed&nonce=GpiPc5WCFjnRtMijpN6kbzgYjlKwQ89R&litespeed_type=imgoptm HTTP/1.1" 200 0 "-" "WordPress/6.7.2; https://bakingsecurityin.com"
65.21.113.246 - - [16/Apr/2025:08:33:43 -0400] "GET /how-to-drop-a-pin-on-iphone/ HTTP/1.1" 200 0 "-" "Mozilla/5.0 (compatible; AwarioBot/1.0; +https://awario.com/bots.html)"
65.21.113.246 - - [16/Apr/2025:08:33:51 -0400] "GET /how-to-earn-money-in-your-spare-time/ HTTP/1.1" 200 0 "-" "Mozilla/5.0 (compatible; AwarioBot/1.0; +https://awario.com/bots.html)"
65.21.113.246 - - [16/Apr/2025:08:33:57 -0400] "GET /how-to-eat-noodles-with-chopsticks/ HTTP/1.1" 200 0 "-" "Mozilla/5.0 (compatible; AwarioBot/1.0; +https://awario.com/bots.html)"
65.21.113.246 - - [16/Apr/2025:08:34:05 -0400] "GET /how-to-embed-a-video-in-google-slides/ HTTP/1.1" 200 0 "-" "Mozilla/5.0 (compatible; AwarioBot/1.0; +https://awario.com/bots.html)"
65.21.113.246 - - [16/Apr/2025:08:34:12 -0400] "GET /how-to-enlarge-penis-with-the-best-penis-enlargement-pills/ HTTP/1.1" 200 0 "-" "Mozilla/5.0 (compatible; AwarioBot/1.0; +https://awario.com/bots.html)"
65.21.113.246 - - [16/Apr/2025:08:34:20 -0400] "GET /how-to-equip-great-runes/ HTTP/1.1" 200 0 "-" "Mozilla/5.0 (compatible; AwarioBot/1.0; +https://awario.com/bots.html)"
198.54.114.83 - - [16/Apr/2025:08:34:25 -0400] "POST /wp-cron.php?doing_wp_cron=1744806860.5141708850860595703125 HTTP/1.1" 200 0 "-" "WordPress/6.7.2; https://bakingsecurityin.com"
65.21.113.246 - - [16/Apr/2025:08:34:28 -0400] "GET /how-to-etiquette-in-a-poker-casino/ HTTP/1.1" 200 0 "-" "Mozilla/5.0 (compatible; AwarioBot/1.0; +https://awario.com/bots.html)"
65.21.113.246 - - [16/Apr/2025:08:34:36 -0400] "GET /how-to-evaluate-an-smm-panel/ HTTP/1.1" 200 0 "-" "Mozilla/5.0 (compatible; AwarioBot/1.0; +https://awario.com/bots.html)"
65.21.113.246 - - [16/Apr/2025:08:34:44 -0400] "GET /how-to-find-a-caregiver/ HTTP/1.1" 200 0 "-" "Mozilla/5.0 (compatible; AwarioBot/1.0; +https://awario.com/bots.html)"
65.21.113.246 - - [16/Apr/2025:08:34:53 -0400] "GET /how-to-find-a-good-cbd-shop/ HTTP/1.1" 200 0 "-" "Mozilla/5.0 (compatible; AwarioBot/1.0; +https://awario.com/bots.html)"
51.222.253.15 - - [16/Apr/2025:08:34:59 -0400] "GET /rei-hiking-boots/feed/ HTTP/1.1" 200 399 "-" "Mozilla/5.0 (compatible; AhrefsBot/7.0; +http://ahrefs.com/robot/)"
65.21.113.246 - - [16/Apr/2025:08:34:59 -0400] "GET /how-to-find-a-lost-car-key/ HTTP/1.1" 200 0 "-" "Mozilla/5.0 (compatible; AwarioBot/1.0; +https://awario.com/bots.html)"
65.21.113.246 - - [16/Apr/2025:08:35:08 -0400] "GET /how-to-find-a-mediator-near-me/ HTTP/1.1" 200 0 "-" "Mozilla/5.0 (compatible; AwarioBot/1.0; +https://awario.com/bots.html)"
65.21.113.246 - - [16/Apr/2025:08:35:15 -0400] "GET /how-to-find-a-plumber-near-me/ HTTP/1.1" 200 0 "-" "Mozilla/5.0 (compatible; AwarioBot/1.0; +https://awario.com/bots.html)"
65.21.113.246 - - [16/Apr/2025:08:35:26 -0400] "GET /how-to-find-a-salesforce-recruiter/ HTTP/1.1" 200 0 "-" "Mozilla/5.0 (compatible; AwarioBot/1.0; +https://awario.com/bots.html)"
198.54.114.83 - - [16/Apr/2025:08:35:30 -0400] "POST /wp-cron.php?doing_wp_cron=1744806926.9252510070800781250000 HTTP/1.1" 200 0 "-" "WordPress/6.7.2; https://bakingsecurityin.com"
65.21.113.246 - - [16/Apr/2025:08:35:43 -0400] "GET /how-to-find-a-sex-therapist-san-diego/ HTTP/1.1" 200 0 "-" "Mozilla/5.0 (compatible; AwarioBot/1.0; +https://awario.com/bots.html)"
65.21.113.246 - - [16/Apr/2025:08:36:00 -0400] "GET /how-to-find-a-tax-advisor-for-mbh/ HTTP/1.1" 200 0 "-" "Mozilla/5.0 (compatible; AwarioBot/1.0; +https://awario.com/bots.html)"
65.21.113.246 - - [16/Apr/2025:08:36:07 -0400] "GET /how-to-find-a-trustworthy-long-distance-moving-company/ HTTP/1.1" 200 0 "-" "Mozilla/5.0 (compatible; AwarioBot/1.0; +https://awario.com/bots.html)"
65.21.113.246 - - [16/Apr/2025:08:36:14 -0400] "GET /how-to-find-an-online-dating-photographer-near-me/ HTTP/1.1" 200 0 "-" "Mozilla/5.0 (compatible; AwarioBot/1.0; +https://awario.com/bots.html)"
136.243.228.193 - - [16/Apr/2025:08:36:28 -0400] "GET /single-guy-party-arranging-giving-him-enough-evening/ HTTP/1.1" 200 0 "-" "Mozilla/5.0 (compatible; DataForSeoBot/1.0; +https://dataforseo.com/dataforseo-bot)"
198.54.114.83 - - [16/Apr/2025:08:36:31 -0400] "POST /wp-cron.php?doing_wp_cron=1744806988.7931730747222900390625 HTTP/1.1" 200 0 "-" "WordPress/6.7.2; https://bakingsecurityin.com"
65.21.113.246 - - [16/Apr/2025:08:36:32 -0400] "GET /how-to-find-german-lessons-near-me/ HTTP/1.1" 200 0 "-" "Mozilla/5.0 (compatible; AwarioBot/1.0; +https://awario.com/bots.html)"
65.21.113.246 - - [16/Apr/2025:08:36:36 -0400] "GET /how-to-find-new-customers/ HTTP/1.1" 200 0 "-" "Mozilla/5.0 (compatible; AwarioBot/1.0; +https://awario.com/bots.html)"
65.21.113.246 - - [16/Apr/2025:08:36:39 -0400] "GET /how-to-find-the-best-online-casinos/ HTTP/1.1" 200 0 "-" "Mozilla/5.0 (compatible; AwarioBot/1.0; +https://awario.com/bots.html)"
65.21.113.246 - - [16/Apr/2025:08:36:45 -0400] "GET /how-to-find-the-best-online-sports-betting-sites/ HTTP/1.1" 200 0 "-" "Mozilla/5.0 (compatible; AwarioBot/1.0; +https://awario.com/bots.html)"
65.21.113.246 - - [16/Apr/2025:08:36:48 -0400] "GET /how-to-find-the-best-peptides-uk/ HTTP/1.1" 200 0 "-" "Mozilla/5.0 (compatible; AwarioBot/1.0; +https://awario.com/bots.html)"
65.21.113.246 - - [16/Apr/2025:08:37:03 -0400] "GET /how-to-find-the-best-sarms-for-sale/ HTTP/1.1" 200 0 "-" "Mozilla/5.0 (compatible; AwarioBot/1.0; +https://awario.com/bots.html)"
65.21.113.246 - - [16/Apr/2025:08:37:09 -0400] "GET /how-to-find-tutors-near-me/ HTTP/1.1" 200 0 "-" "Mozilla/5.0 (compatible; AwarioBot/1.0; +https://awario.com/bots.html)"
65.21.113.246 - - [16/Apr/2025:08:37:23 -0400] "GET /how-to-get-a-cell-phone-that-works-in-canada/ HTTP/1.1" 200 0 "-" "Mozilla/5.0 (compatible; AwarioBot/1.0; +https://awario.com/bots.html)"
65.21.113.246 - - [16/Apr/2025:08:37:29 -0400] "GET /how-to-get-a-free-cavity-wall-insulation-grant/ HTTP/1.1" 200 0 "-" "Mozilla/5.0 (compatible; AwarioBot/1.0; +https://awario.com/bots.html)"
51.222.253.18 - - [16/Apr/2025:08:37:32 -0400] "GET /funko-pop-marvel-a-must-have-for-fans-of-the-marvel-franchise/feed/ HTTP/1.1" 304 0 "-" "Mozilla/5.0 (compatible; AhrefsBot/7.0; +http://ahrefs.com/robot/)"
198.54.114.83 - - [16/Apr/2025:08:37:35 -0400] "POST /wp-cron.php?doing_wp_cron=1744807052.6864380836486816406250 HTTP/1.1" 200 0 "-" "WordPress/6.7.2; https://bakingsecurityin.com"
65.21.113.246 - - [16/Apr/2025:08:37:54 -0400] "GET /how-to-get-daily-wire-on-smart-tv/ HTTP/1.1" 200 0 "-" "Mozilla/5.0 (compatible; AwarioBot/1.0; +https://awario.com/bots.html)"
65.21.113.246 - - [16/Apr/2025:08:38:00 -0400] "GET /how-to-get-likes-on-youtube-comment/ HTTP/1.1" 200 0 "-" "Mozilla/5.0 (compatible; AwarioBot/1.0; +https://awario.com/bots.html)"
65.21.113.246 - - [16/Apr/2025:08:38:05 -0400] "GET /how-to-get-more-hearts-on-musically/ HTTP/1.1" 200 0 "-" "Mozilla/5.0 (compatible; AwarioBot/1.0; +https://awario.com/bots.html)"
65.21.113.246 - - [16/Apr/2025:08:38:10 -0400] "GET /how-to-get-more-youtube-subscribers-2/ HTTP/1.1" 200 0 "-" "Mozilla/5.0 (compatible; AwarioBot/1.0; +https://awario.com/bots.html)"
65.21.113.246 - - [16/Apr/2025:08:38:16 -0400] "GET /how-to-get-more-youtube-subscribers/ HTTP/1.1" 200 0 "-" "Mozilla/5.0 (compatible; AwarioBot/1.0; +https://awario.com/bots.html)"
65.21.113.246 - - [16/Apr/2025:08:38:20 -0400] "GET /how-to-get-rid-of-the-hollow-arrow-on-your-iphone/ HTTP/1.1" 200 0 "-" "Mozilla/5.0 (compatible; AwarioBot/1.0; +https://awario.com/bots.html)"
65.21.113.246 - - [16/Apr/2025:08:38:25 -0400] "GET /how-to-get-shares-on-tiktok/ HTTP/1.1" 200 0 "-" "Mozilla/5.0 (compatible; AwarioBot/1.0; +https://awario.com/bots.html)"
65.21.113.246 - - [16/Apr/2025:08:38:30 -0400] "GET /how-to-get-the-best-home-care-in-toronto/ HTTP/1.1" 200 0 "-" "Mozilla/5.0 (compatible; AwarioBot/1.0; +https://awario.com/bots.html)"
65.21.113.246 - - [16/Apr/2025:08:38:35 -0400] "GET /how-to-get-the-best-voice-over-for-your-video/ HTTP/1.1" 200 0 "-" "Mozilla/5.0 (compatible; AwarioBot/1.0; +https://awario.com/bots.html)"
198.54.114.83 - - [16/Apr/2025:08:38:37 -0400] "POST /wp-cron.php?doing_wp_cron=1744807115.3830220699310302734375 HTTP/1.1" 200 0 "-" "WordPress/6.7.2; https://bakingsecurityin.com"
65.21.113.246 - - [16/Apr/2025:08:38:41 -0400] "GET /how-to-get-the-most-out-of-a-rental-led-screen/ HTTP/1.1" 200 0 "-" "Mozilla/5.0 (compatible; AwarioBot/1.0; +https://awario.com/bots.html)"
65.21.113.246 - - [16/Apr/2025:08:38:46 -0400] "GET /how-to-go-offline-on-instagram/ HTTP/1.1" 200 0 "-" "Mozilla/5.0 (compatible; AwarioBot/1.0; +https://awario.com/bots.html)"
65.21.113.246 - - [16/Apr/2025:08:38:51 -0400] "GET /how-to-grow-your-business-quickly-and-efficiently/ HTTP/1.1" 200 0 "-" "Mozilla/5.0 (compatible; AwarioBot/1.0; +https://awario.com/bots.html)"
65.21.113.246 - - [16/Apr/2025:08:38:56 -0400] "GET /how-to-hide-your-tv-without-looking-like-youre-hiding-it/ HTTP/1.1" 200 0 "-" "Mozilla/5.0 (compatible; AwarioBot/1.0; +https://awario.com/bots.html)"
65.21.113.246 - - [16/Apr/2025:08:39:00 -0400] "GET /how-to-improve-your-selling-skills-and-help-your-team-get-more-comfort-in-front-of-prospects/ HTTP/1.1" 200 0 "-" "Mozilla/5.0 (compatible; AwarioBot/1.0; +https://awario.com/bots.html)"
65.21.113.246 - - [16/Apr/2025:08:39:06 -0400] "GET /how-to-inject-peptides-into-living-organisms/ HTTP/1.1" 200 0 "-" "Mozilla/5.0 (compatible; AwarioBot/1.0; +https://awario.com/bots.html)"
65.21.113.246 - - [16/Apr/2025:08:39:10 -0400] "GET /how-to-keep-your-dental-costs-down/ HTTP/1.1" 200 0 "-" "Mozilla/5.0 (compatible; AwarioBot/1.0; +https://awario.com/bots.html)"
65.21.113.246 - - [16/Apr/2025:08:39:14 -0400] "GET /how-to-keep-your-online-store-costs-down/ HTTP/1.1" 200 0 "-" "Mozilla/5.0 (compatible; AwarioBot/1.0; +https://awario.com/bots.html)"
65.21.113.246 - - [16/Apr/2025:08:39:20 -0400] "GET /how-to-lock-youtube-screen-on-ipad/ HTTP/1.1" 200 0 "-" "Mozilla/5.0 (compatible; AwarioBot/1.0; +https://awario.com/bots.html)"
65.21.113.246 - - [16/Apr/2025:08:39:24 -0400] "GET /how-to-look-for-free-apk-files/ HTTP/1.1" 200 0 "-" "Mozilla/5.0 (compatible; AwarioBot/1.0; +https://awario.com/bots.html)"
65.21.113.246 - - [16/Apr/2025:08:39:39 -0400] "GET /how-to-lower-the-cost-of-vyvanse-50-mg-price/ HTTP/1.1" 200 0 "-" "Mozilla/5.0 (compatible; AwarioBot/1.0; +https://awario.com/bots.html)"
198.54.114.83 - - [16/Apr/2025:08:39:42 -0400] "POST /wp-cron.php?doing_wp_cron=1744807180.3004009723663330078125 HTTP/1.1" 200 0 "-" "WordPress/6.7.2; https://bakingsecurityin.com"
65.21.113.246 - - [16/Apr/2025:08:39:46 -0400] "GET /how-to-make-a-community-post-on-youtube/ HTTP/1.1" 200 0 "-" "Mozilla/5.0 (compatible; AwarioBot/1.0; +https://awario.com/bots.html)"
65.21.113.246 - - [16/Apr/2025:08:39:50 -0400] "GET /how-to-make-a-diamond-painting/ HTTP/1.1" 200 0 "-" "Mozilla/5.0 (compatible; AwarioBot/1.0; +https://awario.com/bots.html)"
65.21.113.246 - - [16/Apr/2025:08:39:55 -0400] "GET /how-to-make-a-homemade-vibrator/ HTTP/1.1" 200 0 "-" "Mozilla/5.0 (compatible; AwarioBot/1.0; +https://awario.com/bots.html)"
51.222.253.1 - - [16/Apr/2025:08:39:58 -0400] "GET /how-file-transfer-technology-is-evolving-to-meet-the-needs-of-todays-enterprises/feed/ HTTP/1.1" 200 468 "-" "Mozilla/5.0 (compatible; AhrefsBot/7.0; +http://ahrefs.com/robot/)"
65.21.113.246 - - [16/Apr/2025:08:40:05 -0400] "GET /how-to-make-a-mug-personnalise/ HTTP/1.1" 200 0 "-" "Mozilla/5.0 (compatible; AwarioBot/1.0; +https://awario.com/bots.html)"
65.21.113.246 - - [16/Apr/2025:08:40:13 -0400] "GET /how-to-make-schaumkusstorte/ HTTP/1.1" 200 0 "-" "Mozilla/5.0 (compatible; AwarioBot/1.0; +https://awario.com/bots.html)"
65.21.113.246 - - [16/Apr/2025:08:40:34 -0400] "GET /how-to-make-someone-obsessed-with-you-with-a-love-obsession-spell/ HTTP/1.1" 200 0 "-" "Mozilla/5.0 (compatible; AwarioBot/1.0; +https://awario.com/bots.html)"
65.21.113.246 - - [16/Apr/2025:08:40:39 -0400] "GET /how-to-make-your-own-jeweler-cleaner/ HTTP/1.1" 200 0 "-" "Mozilla/5.0 (compatible; AwarioBot/1.0; +https://awario.com/bots.html)"
65.21.113.246 - - [16/Apr/2025:08:40:46 -0400] "GET /how-to-pick-out-the-best-hvac-vacuum-pumps/ HTTP/1.1" 200 0 "-" "Mozilla/5.0 (compatible; AwarioBot/1.0; +https://awario.com/bots.html)"
198.54.114.83 - - [16/Apr/2025:08:40:49 -0400] "POST /wp-cron.php?doing_wp_cron=1744807246.8069300651550292968750 HTTP/1.1" 200 0 "-" "WordPress/6.7.2; https://bakingsecurityin.com"
65.21.113.246 - - [16/Apr/2025:08:40:52 -0400] "GET /how-to-prepare-for-a-type-test/ HTTP/1.1" 200 0 "-" "Mozilla/5.0 (compatible; AwarioBot/1.0; +https://awario.com/bots.html)"
65.21.113.246 - - [16/Apr/2025:08:40:55 -0400] "GET /how-to-prevent-thread-galling/ HTTP/1.1" 200 0 "-" "Mozilla/5.0 (compatible; AwarioBot/1.0; +https://awario.com/bots.html)"
65.21.113.246 - - [16/Apr/2025:08:41:00 -0400] "GET /how-to-promote-your-twitch/ HTTP/1.1" 200 0 "-" "Mozilla/5.0 (compatible; AwarioBot/1.0; +https://awario.com/bots.html)"
178.20.45.159 - - [16/Apr/2025:08:41:03 -0400] "GET /how-does-red-light-therapy-work/ HTTP/1.1" 200 0 "https://bakingsecurityin.com/how-does-red-light-therapy-work/#comment-11759/" "Mozilla/5.0 (Windows NT 10.0; Win64; x64) AppleWebKit/537.36 (KHTML, like Gecko) Chrome/130.0.0.0 Safari/537.36 CCleaner/130.0.0.0"
65.21.113.246 - - [16/Apr/2025:08:41:04 -0400] "GET /how-to-properly-care-for-and-store-wine-to-maintain-taste-and-quality/ HTTP/1.1" 200 0 "-" "Mozilla/5.0 (compatible; AwarioBot/1.0; +https://awario.com/bots.html)"
178.20.45.159 - - [16/Apr/2025:08:41:06 -0400] "GET / HTTP/1.1" 200 0 "https://bakingsecurityin.com/" "Mozilla/5.0 (Windows NT 10.0; Win64; x64) AppleWebKit/537.36 (KHTML, like Gecko) Chrome/130.0.0.0 Safari/537.36 CCleaner/130.0.0.0"
65.21.113.246 - - [16/Apr/2025:08:41:12 -0400] "GET /how-to-properly-perform-an-exterior-house-wash/ HTTP/1.1" 200 0 "-" "Mozilla/5.0 (compatible; AwarioBot/1.0; +https://awario.com/bots.html)"
65.21.113.246 - - [16/Apr/2025:08:41:18 -0400] "GET /how-to-read-a-screw-size-chart/ HTTP/1.1" 200 0 "-" "Mozilla/5.0 (compatible; AwarioBot/1.0; +https://awario.com/bots.html)"
65.21.113.246 - - [16/Apr/2025:08:41:22 -0400] "GET /how-to-register-a-business/ HTTP/1.1" 200 0 "-" "Mozilla/5.0 (compatible; AwarioBot/1.0; +https://awario.com/bots.html)"
65.21.113.246 - - [16/Apr/2025:08:41:26 -0400] "GET /how-to-remix-a-snap/ HTTP/1.1" 200 0 "-" "Mozilla/5.0 (compatible; AwarioBot/1.0; +https://awario.com/bots.html)"
65.21.113.246 - - [16/Apr/2025:08:41:30 -0400] "GET /how-to-rent-a-car-pishtina/ HTTP/1.1" 200 0 "-" "Mozilla/5.0 (compatible; AwarioBot/1.0; +https://awario.com/bots.html)"
65.21.113.246 - - [16/Apr/2025:08:41:34 -0400] "GET /how-to-select-a-weighted-stuffed-animal/ HTTP/1.1" 200 0 "-" "Mozilla/5.0 (compatible; AwarioBot/1.0; +https://awario.com/bots.html)"
65.21.113.246 - - [16/Apr/2025:08:41:38 -0400] "GET /how-to-select-the-best-it-infrastructure-services/ HTTP/1.1" 200 0 "-" "Mozilla/5.0 (compatible; AwarioBot/1.0; +https://awario.com/bots.html)"
65.21.113.246 - - [16/Apr/2025:08:41:41 -0400] "GET /how-to-select-the-right-dental-chair-for-your-practice/ HTTP/1.1" 200 0 "-" "Mozilla/5.0 (compatible; AwarioBot/1.0; +https://awario.com/bots.html)"
65.21.113.246 - - [16/Apr/2025:08:41:45 -0400] "GET /how-to-select-wool-ski-socks/ HTTP/1.1" 200 0 "-" "Mozilla/5.0 (compatible; AwarioBot/1.0; +https://awario.com/bots.html)"
65.21.113.246 - - [16/Apr/2025:08:41:50 -0400] "GET /how-to-send-large-files-with-ease/ HTTP/1.1" 200 0 "-" "Mozilla/5.0 (compatible; AwarioBot/1.0; +https://awario.com/bots.html)"
198.54.114.83 - - [16/Apr/2025:08:41:52 -0400] "POST /wp-cron.php?doing_wp_cron=1744807310.3025960922241210937500 HTTP/1.1" 200 0 "-" "WordPress/6.7.2; https://bakingsecurityin.com"
198.54.114.83 - - [16/Apr/2025:08:41:53 -0400] "POST /wp-admin/admin-ajax.php?action=async_litespeed&nonce=ixjTVnoERHUOyXlKViN1G1Wk0njlsI5h&litespeed_type=imgoptm HTTP/1.1" 200 0 "-" "WordPress/6.7.2; https://bakingsecurityin.com"
65.21.113.246 - - [16/Apr/2025:08:41:57 -0400] "GET /how-to-style-street-wear-for-men/ HTTP/1.1" 200 0 "-" "Mozilla/5.0 (compatible; AwarioBot/1.0; +https://awario.com/bots.html)"
65.21.113.246 - - [16/Apr/2025:08:42:12 -0400] "GET /how-to-take-care-of-vintage-turkish-rugs/ HTTP/1.1" 200 0 "-" "Mozilla/5.0 (compatible; AwarioBot/1.0; +https://awario.com/bots.html)"
65.21.113.246 - - [16/Apr/2025:08:42:21 -0400] "GET /how-to-tell-if-someone-has-snapchat-plus/ HTTP/1.1" 200 0 "-" "Mozilla/5.0 (compatible; AwarioBot/1.0; +https://awario.com/bots.html)"
65.21.113.246 - - [16/Apr/2025:08:42:26 -0400] "GET /how-to-tell-if-your-heat-pump-needs-repair/ HTTP/1.1" 200 0 "-" "Mozilla/5.0 (compatible; AwarioBot/1.0; +https://awario.com/bots.html)"
65.21.113.246 - - [16/Apr/2025:08:42:32 -0400] "GET /how-to-trim-a-video-on-iphone/ HTTP/1.1" 200 0 "-" "Mozilla/5.0 (compatible; AwarioBot/1.0; +https://awario.com/bots.html)"
65.21.113.246 - - [16/Apr/2025:08:42:36 -0400] "GET /how-to-trim-video-on-iphone/ HTTP/1.1" 200 0 "-" "Mozilla/5.0 (compatible; AwarioBot/1.0; +https://awario.com/bots.html)"
65.21.113.246 - - [16/Apr/2025:08:42:41 -0400] "GET /how-to-turn-airdrop-off-on-iphone/ HTTP/1.1" 200 0 "-" "Mozilla/5.0 (compatible; AwarioBot/1.0; +https://awario.com/bots.html)"
51.222.253.17 - - [16/Apr/2025:08:42:46 -0400] "GET /unveiling-the-thrills-of-online-casinos/ HTTP/1.1" 200 0 "-" "Mozilla/5.0 (compatible; AhrefsBot/7.0; +http://ahrefs.com/robot/)"
65.21.113.246 - - [16/Apr/2025:08:42:48 -0400] "GET /how-to-turn-apple-watch-off/ HTTP/1.1" 200 0 "-" "Mozilla/5.0 (compatible; AwarioBot/1.0; +https://awario.com/bots.html)"
65.21.113.246 - - [16/Apr/2025:08:42:53 -0400] "GET /how-to-turn-off-airpods/ HTTP/1.1" 200 0 "-" "Mozilla/5.0 (compatible; AwarioBot/1.0; +https://awario.com/bots.html)"
65.21.113.246 - - [16/Apr/2025:08:42:59 -0400] "GET /how-to-turn-off-firewall-on-iphone/ HTTP/1.1" 200 0 "-" "Mozilla/5.0 (compatible; AwarioBot/1.0; +https://awario.com/bots.html)"
65.21.113.246 - - [16/Apr/2025:08:43:05 -0400] "GET /how-to-turn-off-sos-on-iphone-14/ HTTP/1.1" 200 0 "-" "Mozilla/5.0 (compatible; AwarioBot/1.0; +https://awario.com/bots.html)"
65.21.113.246 - - [16/Apr/2025:08:43:10 -0400] "GET /how-to-turn-off-voice-control-when-your-iphone-is-locked/ HTTP/1.1" 200 0 "-" "Mozilla/5.0 (compatible; AwarioBot/1.0; +https://awario.com/bots.html)"
65.21.113.246 - - [16/Apr/2025:08:44:17 -0400] "GET /how-to-turn-safe-search-off-on-your-iphone/ HTTP/1.1" 200 0 "-" "Mozilla/5.0 (compatible; AwarioBot/1.0; +https://awario.com/bots.html)"
198.54.114.83 - - [16/Apr/2025:08:44:19 -0400] "POST /wp-cron.php?doing_wp_cron=1744807457.8254060745239257812500 HTTP/1.1" 200 0 "-" "WordPress/6.7.2; https://bakingsecurityin.com"
51.222.253.12 - - [16/Apr/2025:08:44:45 -0400] "GET /how-to-delete-facebook-dating/feed/ HTTP/1.1" 200 393 "-" "Mozilla/5.0 (compatible; AhrefsBot/7.0; +http://ahrefs.com/robot/)"
47.79.199.189 - - [16/Apr/2025:08:45:07 -0400] "GET / HTTP/1.1" 200 0 "https://www.google.com/" "Mozilla/5.0 (Linux; Android 10; K) AppleWebKit/537.36 (KHTML, like Gecko) Chrome/127.0.0.0 Mobile Safari/537.36"
198.54.114.83 - - [16/Apr/2025:08:45:27 -0400] "POST /wp-cron.php?doing_wp_cron=1744807526.5259399414062500000000 HTTP/1.1" 200 0 "-" "WordPress/6.7.2; https://bakingsecurityin.com"
65.21.113.246 - - [16/Apr/2025:08:45:26 -0400] "GET /how-to-understand-the-divine-message-of-the-quran/ HTTP/1.1" 200 0 "-" "Mozilla/5.0 (compatible; AwarioBot/1.0; +https://awario.com/bots.html)"
198.54.114.83 - - [16/Apr/2025:08:45:29 -0400] "POST /wp-admin/admin-ajax.php?action=async_litespeed&nonce=0XkGF8bsLcdmgw3ppNoJqxUlAvhsytxg&litespeed_type=imgoptm HTTP/1.1" 200 0 "-" "WordPress/6.7.2; https://bakingsecurityin.com"
65.21.113.246 - - [16/Apr/2025:08:45:47 -0400] "GET /how-to-use-a-bitcoin-mixer/ HTTP/1.1" 200 0 "-" "Mozilla/5.0 (compatible; AwarioBot/1.0; +https://awario.com/bots.html)"
65.21.113.246 - - [16/Apr/2025:08:45:53 -0400] "GET /how-to-use-a-psilocybin-spore-syringe/ HTTP/1.1" 200 0 "-" "Mozilla/5.0 (compatible; AwarioBot/1.0; +https://awario.com/bots.html)"
65.21.113.246 - - [16/Apr/2025:08:45:57 -0400] "GET /how-to-use-a-youtube-live-stream-viewers-bot/ HTTP/1.1" 200 0 "-" "Mozilla/5.0 (compatible; AwarioBot/1.0; +https://awario.com/bots.html)"
65.21.113.246 - - [16/Apr/2025:08:47:06 -0400] "GET /how-to-use-kratom/ HTTP/1.1" 200 0 "-" "Mozilla/5.0 (compatible; AwarioBot/1.0; +https://awario.com/bots.html)"
65.21.113.246 - - [16/Apr/2025:08:47:14 -0400] "GET /how-to-use-the-national-insurance-website/ HTTP/1.1" 200 0 "-" "Mozilla/5.0 (compatible; AwarioBot/1.0; +https://awario.com/bots.html)"
51.222.253.11 - - [16/Apr/2025:08:47:16 -0400] "GET /credence-cuisine-adhesive/feed/ HTTP/1.1" 304 0 "-" "Mozilla/5.0 (compatible; AhrefsBot/7.0; +http://ahrefs.com/robot/)"
198.54.114.83 - - [16/Apr/2025:08:47:19 -0400] "POST /wp-cron.php?doing_wp_cron=1744807636.7929019927978515625000 HTTP/1.1" 200 0 "-" "WordPress/6.7.2; https://bakingsecurityin.com"
65.21.113.246 - - [16/Apr/2025:08:47:20 -0400] "GET /how-to-use-the-proximity-properly/ HTTP/1.1" 200 0 "-" "Mozilla/5.0 (compatible; AwarioBot/1.0; +https://awario.com/bots.html)"
65.21.113.246 - - [16/Apr/2025:08:47:26 -0400] "GET /how-to-use-youtube-favorite-to-organize-your-videos-and-favorite-content/ HTTP/1.1" 200 0 "-" "Mozilla/5.0 (compatible; AwarioBot/1.0; +https://awario.com/bots.html)"
65.21.113.246 - - [16/Apr/2025:08:47:34 -0400] "GET /how-to-use-youtube-live-to-grow-your-business/ HTTP/1.1" 200 0 "-" "Mozilla/5.0 (compatible; AwarioBot/1.0; +https://awario.com/bots.html)"
65.21.113.246 - - [16/Apr/2025:08:47:40 -0400] "GET /how-to-win-wordle-today/ HTTP/1.1" 200 0 "-" "Mozilla/5.0 (compatible; AwarioBot/1.0; +https://awario.com/bots.html)"
65.21.113.246 - - [16/Apr/2025:08:47:47 -0400] "GET /how-to-write-a-powerful-about-attorney-bio/ HTTP/1.1" 200 0 "-" "Mozilla/5.0 (compatible; AwarioBot/1.0; +https://awario.com/bots.html)"
65.21.113.246 - - [16/Apr/2025:08:47:52 -0400] "GET /how-to-write-an-attorney-bio/ HTTP/1.1" 200 0 "-" "Mozilla/5.0 (compatible; AwarioBot/1.0; +https://awario.com/bots.html)"
136.243.228.193 - - [16/Apr/2025:08:49:01 -0400] "GET /facebook-agency-account-a-complete-solution-for-marketing-agencies/ HTTP/1.1" 200 0 "-" "Mozilla/5.0 (compatible; DataForSeoBot/1.0; +https://dataforseo.com/dataforseo-bot)"
65.21.113.246 - - [16/Apr/2025:08:49:00 -0400] "GET /how-to-zoom-on-tiktok/ HTTP/1.1" 200 0 "-" "Mozilla/5.0 (compatible; AwarioBot/1.0; +https://awario.com/bots.html)"
198.54.114.83 - - [16/Apr/2025:08:49:05 -0400] "POST /wp-cron.php?doing_wp_cron=1744807741.4826469421386718750000 HTTP/1.1" 200 0 "-" "WordPress/6.7.2; https://bakingsecurityin.com"
198.54.114.83 - - [16/Apr/2025:08:49:11 -0400] "POST /wp-admin/admin-ajax.php?action=async_litespeed&nonce=Dj4r3Fovyq6A7UtcDMAz1DvsTxOSZnlS&litespeed_type=imgoptm HTTP/1.1" 200 0 "-" "WordPress/6.7.2; https://bakingsecurityin.com"
65.21.113.246 - - [16/Apr/2025:08:49:11 -0400] "GET /how-will-voice-technology-change-the-gambling-industry/ HTTP/1.1" 200 0 "-" "Mozilla/5.0 (compatible; AwarioBot/1.0; +https://awario.com/bots.html)"
65.21.113.246 - - [16/Apr/2025:08:49:18 -0400] "GET /how-you-can-choose-the-best-bankruptcy-lawyer-nj-the-best-fee-agreement/ HTTP/1.1" 200 0 "-" "Mozilla/5.0 (compatible; AwarioBot/1.0; +https://awario.com/bots.html)"
65.21.113.246 - - [16/Apr/2025:08:49:23 -0400] "GET /hvad-er-et-armband/ HTTP/1.1" 200 0 "-" "Mozilla/5.0 (compatible; AwarioBot/1.0; +https://awario.com/bots.html)"
198.54.114.83 - - [16/Apr/2025:08:49:26 -0400] "POST /wp-cron.php?doing_wp_cron=1744807763.7478489875793457031250 HTTP/1.1" 200 0 "-" "WordPress/6.7.2; https://bakingsecurityin.com"
198.54.114.83 - - [16/Apr/2025:08:49:29 -0400] "POST /wp-admin/admin-ajax.php?action=async_litespeed&nonce=53YWlPxkBW3LC51orTl8iJ3SrW2uSubj&litespeed_type=imgoptm HTTP/1.1" 200 0 "-" "WordPress/6.7.2; https://bakingsecurityin.com"
51.222.253.11 - - [16/Apr/2025:08:49:35 -0400] "GET /how-to-choose-the-correct-absorbent/ HTTP/1.1" 200 0 "-" "Mozilla/5.0 (compatible; AhrefsBot/7.0; +http://ahrefs.com/robot/)"
129.226.52.30 - - [16/Apr/2025:08:49:39 -0400] "GET /ford-bronco-hard-tire-cover/ HTTP/1.1" 200 0 "-" "Python/3.10 aiohttp/3.10.5"
119.28.2.109 - - [16/Apr/2025:08:50:06 -0400] "GET /jewelry-photo-editing-service/ HTTP/1.1" 200 0 "-" "Python/3.10 aiohttp/3.10.5"
198.54.114.83 - - [16/Apr/2025:08:50:32 -0400] "POST /wp-cron.php?doing_wp_cron=1744807831.5530180931091308593750 HTTP/1.1" 200 0 "-" "WordPress/6.7.2; https://bakingsecurityin.com"
65.21.113.246 - - [16/Apr/2025:08:50:31 -0400] "GET /hydraulic-oil-coolers/ HTTP/1.1" 200 0 "-" "Mozilla/5.0 (compatible; AwarioBot/1.0; +https://awario.com/bots.html)"
65.21.113.246 - - [16/Apr/2025:08:50:39 -0400] "GET /ice-breaker-questions-for-kids-2/ HTTP/1.1" 200 0 "-" "Mozilla/5.0 (compatible; AwarioBot/1.0; +https://awario.com/bots.html)"
65.21.113.246 - - [16/Apr/2025:08:50:44 -0400] "GET /ice-breaker-questions-for-kids/ HTTP/1.1" 200 0 "-" "Mozilla/5.0 (compatible; AwarioBot/1.0; +https://awario.com/bots.html)"
65.21.113.246 - - [16/Apr/2025:08:50:48 -0400] "GET /ihr-umzugspartner-in-luneburg-professionelle-umzugsdienste/ HTTP/1.1" 200 0 "-" "Mozilla/5.0 (compatible; AwarioBot/1.0; +https://awario.com/bots.html)"
65.21.113.246 - - [16/Apr/2025:08:51:50 -0400] "GET /implants-dentaires-la-restauration-dentaire-simplifiee/ HTTP/1.1" 200 0 "-" "Mozilla/5.0 (compatible; AwarioBot/1.0; +https://awario.com/bots.html)"
198.54.114.83 - - [16/Apr/2025:08:51:54 -0400] "POST /wp-cron.php?doing_wp_cron=1744807911.2862689495086669921875 HTTP/1.1" 200 0 "-" "WordPress/6.7.2; https://bakingsecurityin.com"
65.21.113.246 - - [16/Apr/2025:08:51:58 -0400] "GET /increasing-youtube-subscribers/ HTTP/1.1" 200 0 "-" "Mozilla/5.0 (compatible; AwarioBot/1.0; +https://awario.com/bots.html)"
51.222.253.4 - - [16/Apr/2025:08:51:57 -0400] "GET /panneau-acoustique-bois/feed/ HTTP/1.1" 304 0 "-" "Mozilla/5.0 (compatible; AhrefsBot/7.0; +http://ahrefs.com/robot/)"
65.21.113.246 - - [16/Apr/2025:08:52:04 -0400] "GET /indianapolis-deep-cleaning-services/ HTTP/1.1" 200 0 "-" "Mozilla/5.0 (compatible; AwarioBot/1.0; +https://awario.com/bots.html)"
85.208.96.196 - - [16/Apr/2025:08:52:09 -0400] "GET /how-to-find-a-caregiver/ HTTP/1.1" 200 0 "-" "Mozilla/5.0 (compatible; SemrushBot/7~bl; +http://www.semrush.com/bot.html)"
65.21.113.246 - - [16/Apr/2025:08:52:09 -0400] "GET /indulge-your-palate-unveiling-the-culinary-gems-near-you/ HTTP/1.1" 200 0 "-" "Mozilla/5.0 (compatible; AwarioBot/1.0; +https://awario.com/bots.html)"
65.21.113.246 - - [16/Apr/2025:08:52:16 -0400] "GET /industrial-duct-cleaning-service/ HTTP/1.1" 200 0 "-" "Mozilla/5.0 (compatible; AwarioBot/1.0; +https://awario.com/bots.html)"
65.21.113.246 - - [16/Apr/2025:08:52:22 -0400] "GET /innovations-in-ppr-pipe-manufacturing/ HTTP/1.1" 200 0 "-" "Mozilla/5.0 (compatible; AwarioBot/1.0; +https://awario.com/bots.html)"
65.21.113.246 - - [16/Apr/2025:08:52:30 -0400] "GET /innovative-beleuchtung-moderne-hangelampen/ HTTP/1.1" 200 0 "-" "Mozilla/5.0 (compatible; AwarioBot/1.0; +https://awario.com/bots.html)"
65.21.113.246 - - [16/Apr/2025:08:52:37 -0400] "GET /innovative-strategies-for-casino-solution-distribution/ HTTP/1.1" 200 0 "-" "Mozilla/5.0 (compatible; AwarioBot/1.0; +https://awario.com/bots.html)"
65.21.113.246 - - [16/Apr/2025:08:52:45 -0400] "GET /inside-the-fertility-clinic-dubai/ HTTP/1.1" 200 0 "-" "Mozilla/5.0 (compatible; AwarioBot/1.0; +https://awario.com/bots.html)"
65.21.113.246 - - [16/Apr/2025:08:52:55 -0400] "GET /insinkerator-disposers/ HTTP/1.1" 200 0 "-" "Mozilla/5.0 (compatible; AwarioBot/1.0; +https://awario.com/bots.html)"
198.54.114.83 - - [16/Apr/2025:08:53:00 -0400] "POST /wp-cron.php?doing_wp_cron=1744807975.3625650405883789062500 HTTP/1.1" 200 0 "-" "WordPress/6.7.2; https://bakingsecurityin.com"
