65.21.113.246 - - [16/Apr/2025:09:32:25 -0400] "GET /potential-benefits-of-fenbendazole-in-human-cancer-treatment/ HTTP/1.1" 200 0 "-" "Mozilla/5.0 (compatible; AwarioBot/1.0; +https://awario.com/bots.html)"
65.21.113.246 - - [16/Apr/2025:09:32:30 -0400] "GET /poudre-de-masque-de-gelee/ HTTP/1.1" 200 0 "-" "Mozilla/5.0 (compatible; AwarioBot/1.0; +https://awario.com/bots.html)"
65.21.113.246 - - [16/Apr/2025:09:32:48 -0400] "GET /powerball-only-sites/ HTTP/1.1" 200 0 "-" "Mozilla/5.0 (compatible; AwarioBot/1.0; +https://awario.com/bots.html)"
181.41.206.149 - - [16/Apr/2025:09:32:50 -0400] "GET /a-buyers-guide-to-uk-cbd-gummies HTTP/1.1" 301 0 "-" "Mozilla/5.0 (X11; Fedora; Linux x86_64; rv:114.0) Gecko/20100101 Firefox/114.0"
198.54.114.83 - - [16/Apr/2025:09:32:53 -0400] "POST /wp-cron.php?doing_wp_cron=1744810371.2489790916442871093750 HTTP/1.1" 200 0 "-" "WordPress/6.7.2; https://bakingsecurityin.com"
65.21.113.246 - - [16/Apr/2025:09:32:55 -0400] "GET /praxisreinigung-luneburg/ HTTP/1.1" 200 0 "-" "Mozilla/5.0 (compatible; AwarioBot/1.0; +https://awario.com/bots.html)"
181.41.206.149 - - [16/Apr/2025:09:32:56 -0400] "GET /a-buyers-guide-to-uk-cbd-gummies/ HTTP/1.1" 200 0 "https://bakingsecurityin.com/a-buyers-guide-to-uk-cbd-gummies" "Mozilla/5.0 (X11; Fedora; Linux x86_64; rv:114.0) Gecko/20100101 Firefox/114.0"
65.21.113.246 - - [16/Apr/2025:09:33:01 -0400] "GET /preserving-heritage-amidst-modernity/ HTTP/1.1" 200 0 "-" "Mozilla/5.0 (compatible; AwarioBot/1.0; +https://awario.com/bots.html)"
65.21.113.246 - - [16/Apr/2025:09:33:06 -0400] "GET /printed-handbags-an-exemplary-promotion-thing-for-all-organizations-and-occasions/ HTTP/1.1" 200 0 "-" "Mozilla/5.0 (compatible; AwarioBot/1.0; +https://awario.com/bots.html)"
65.21.113.246 - - [16/Apr/2025:09:33:13 -0400] "GET /private-live-in-carers/ HTTP/1.1" 200 0 "-" "Mozilla/5.0 (compatible; AwarioBot/1.0; +https://awario.com/bots.html)"
65.21.113.246 - - [16/Apr/2025:09:33:20 -0400] "GET /private-party-in-cartagena-beaches/ HTTP/1.1" 200 0 "-" "Mozilla/5.0 (compatible; AwarioBot/1.0; +https://awario.com/bots.html)"
65.21.113.246 - - [16/Apr/2025:09:33:29 -0400] "GET /private-venture-thoughts-in-spirits-wines-and-brew/ HTTP/1.1" 200 0 "-" "Mozilla/5.0 (compatible; AwarioBot/1.0; +https://awario.com/bots.html)"
129.226.131.246 - - [16/Apr/2025:09:33:34 -0400] "GET /german-classes-in-london/ HTTP/1.1" 200 0 "-" "Python/3.10 aiohttp/3.10.5"
65.21.113.246 - - [16/Apr/2025:09:33:37 -0400] "GET /proficient-wedding-picture-takers-exhortation-on-picking/ HTTP/1.1" 200 0 "-" "Mozilla/5.0 (compatible; AwarioBot/1.0; +https://awario.com/bots.html)"
65.21.113.246 - - [16/Apr/2025:09:33:44 -0400] "GET /programmatic-ads-in-dubai/ HTTP/1.1" 200 0 "-" "Mozilla/5.0 (compatible; AwarioBot/1.0; +https://awario.com/bots.html)"
65.21.113.246 - - [16/Apr/2025:09:33:50 -0400] "GET /protection-professionnelle-garantie-de-securite-pour-votre-entreprise/ HTTP/1.1" 200 0 "-" "Mozilla/5.0 (compatible; AwarioBot/1.0; +https://awario.com/bots.html)"
65.21.113.246 - - [16/Apr/2025:09:33:58 -0400] "GET /protegez-et-embellissez-les-housse-de-canape/ HTTP/1.1" 200 0 "-" "Mozilla/5.0 (compatible; AwarioBot/1.0; +https://awario.com/bots.html)"
198.54.114.83 - - [16/Apr/2025:09:34:02 -0400] "POST /wp-cron.php?doing_wp_cron=1744810438.4221470355987548828125 HTTP/1.1" 200 0 "-" "WordPress/6.7.2; https://bakingsecurityin.com"
65.21.113.246 - - [16/Apr/2025:09:34:06 -0400] "GET /psilocybin-spore-syringe/ HTTP/1.1" 200 0 "-" "Mozilla/5.0 (compatible; AwarioBot/1.0; +https://awario.com/bots.html)"
65.21.113.246 - - [16/Apr/2025:09:34:15 -0400] "GET /puerto-aventuras-yachts/ HTTP/1.1" 200 0 "-" "Mozilla/5.0 (compatible; AwarioBot/1.0; +https://awario.com/bots.html)"
65.21.113.246 - - [16/Apr/2025:09:34:21 -0400] "GET /puff-pastry-with-curry/ HTTP/1.1" 200 0 "-" "Mozilla/5.0 (compatible; AwarioBot/1.0; +https://awario.com/bots.html)"
65.21.113.246 - - [16/Apr/2025:09:34:28 -0400] "GET /que-rechercher-chez-un-excellent-serrurier/ HTTP/1.1" 200 0 "-" "Mozilla/5.0 (compatible; AwarioBot/1.0; +https://awario.com/bots.html)"
65.21.113.246 - - [16/Apr/2025:09:34:34 -0400] "GET /real-estate-crm-and-marketing-software/ HTTP/1.1" 200 0 "-" "Mozilla/5.0 (compatible; AwarioBot/1.0; +https://awario.com/bots.html)"
51.222.253.3 - - [16/Apr/2025:09:34:38 -0400] "GET /disadvantages-of-using-a-bitcoin-mixer/ HTTP/1.1" 200 0 "-" "Mozilla/5.0 (compatible; AhrefsBot/7.0; +http://ahrefs.com/robot/)"
65.21.113.246 - - [16/Apr/2025:09:34:42 -0400] "GET /real-estate-investing-total-asset-protection-real-estate-investing-total-asset-protection-guide/ HTTP/1.1" 200 0 "-" "Mozilla/5.0 (compatible; AwarioBot/1.0; +https://awario.com/bots.html)"
65.21.113.246 - - [16/Apr/2025:09:34:47 -0400] "GET /real-estate-photography-selwyn/ HTTP/1.1" 200 0 "-" "Mozilla/5.0 (compatible; AwarioBot/1.0; +https://awario.com/bots.html)"
65.21.113.246 - - [16/Apr/2025:09:34:54 -0400] "GET /reasons-to-recycle/ HTTP/1.1" 200 0 "-" "Mozilla/5.0 (compatible; AwarioBot/1.0; +https://awario.com/bots.html)"
65.21.113.246 - - [16/Apr/2025:09:35:14 -0400] "GET /rechtsanwalt-in-hattingen-ihre-losung-fur-rechtliche-anliegen/ HTTP/1.1" 200 0 "-" "Mozilla/5.0 (compatible; AwarioBot/1.0; +https://awario.com/bots.html)"
198.54.114.83 - - [16/Apr/2025:09:35:20 -0400] "POST /wp-cron.php?doing_wp_cron=1744810514.4792549610137939453125 HTTP/1.1" 200 0 "-" "WordPress/6.7.2; https://bakingsecurityin.com"
124.156.104.122 - - [16/Apr/2025:09:35:22 -0400] "GET /online-gambling-tips/ HTTP/1.1" 200 0 "-" "Python/3.10 aiohttp/3.10.5"
65.21.113.246 - - [16/Apr/2025:09:35:23 -0400] "GET /record-my-screen-on-iphone/ HTTP/1.1" 200 0 "-" "Mozilla/5.0 (compatible; AwarioBot/1.0; +https://awario.com/bots.html)"
198.54.114.83 - - [16/Apr/2025:09:35:25 -0400] "POST /wp-admin/admin-ajax.php?action=async_litespeed&nonce=cogFTpWh6en4CXxNwpOTuxw736wbsGyd&litespeed_type=imgoptm HTTP/1.1" 200 0 "-" "WordPress/6.7.2; https://bakingsecurityin.com"
65.21.113.246 - - [16/Apr/2025:09:35:30 -0400] "GET /red-velvet-cake-more-than-just-a-pretty-color/ HTTP/1.1" 200 0 "-" "Mozilla/5.0 (compatible; AwarioBot/1.0; +https://awario.com/bots.html)"
65.21.113.246 - - [16/Apr/2025:09:35:39 -0400] "GET /redken-acidic-bonding-shampoo-review/ HTTP/1.1" 200 0 "-" "Mozilla/5.0 (compatible; AwarioBot/1.0; +https://awario.com/bots.html)"
65.21.113.246 - - [16/Apr/2025:09:35:45 -0400] "GET /reformer-pilates-classes/ HTTP/1.1" 200 0 "-" "Mozilla/5.0 (compatible; AwarioBot/1.0; +https://awario.com/bots.html)"
65.21.113.246 - - [16/Apr/2025:09:35:51 -0400] "GET /regime-facile/ HTTP/1.1" 200 0 "-" "Mozilla/5.0 (compatible; AwarioBot/1.0; +https://awario.com/bots.html)"
65.21.113.246 - - [16/Apr/2025:09:36:10 -0400] "GET /rei-hiking-boots/ HTTP/1.1" 200 0 "-" "Mozilla/5.0 (compatible; AwarioBot/1.0; +https://awario.com/bots.html)"
65.21.113.246 - - [16/Apr/2025:09:36:17 -0400] "GET /relaxation-on-the-go-the-business-trip-massage/ HTTP/1.1" 200 0 "-" "Mozilla/5.0 (compatible; AwarioBot/1.0; +https://awario.com/bots.html)"
65.21.113.246 - - [16/Apr/2025:09:36:35 -0400] "GET /relaxation-on-the-go/ HTTP/1.1" 200 0 "-" "Mozilla/5.0 (compatible; AwarioBot/1.0; +https://awario.com/bots.html)"
198.54.114.83 - - [16/Apr/2025:09:36:39 -0400] "POST /wp-cron.php?doing_wp_cron=1744810595.9283490180969238281250 HTTP/1.1" 200 0 "-" "WordPress/6.7.2; https://bakingsecurityin.com"
65.21.113.246 - - [16/Apr/2025:09:36:50 -0400] "GET /relieve-work-stress-with-an-effective-business-trip-massage/ HTTP/1.1" 200 0 "-" "Mozilla/5.0 (compatible; AwarioBot/1.0; +https://awario.com/bots.html)"
65.21.113.246 - - [16/Apr/2025:09:36:59 -0400] "GET /relx-pod-review/ HTTP/1.1" 200 0 "-" "Mozilla/5.0 (compatible; AwarioBot/1.0; +https://awario.com/bots.html)"
65.21.113.246 - - [16/Apr/2025:09:37:11 -0400] "GET /renovation-de-toit-a-nemours-un-investissement-crucial/ HTTP/1.1" 200 0 "-" "Mozilla/5.0 (compatible; AwarioBot/1.0; +https://awario.com/bots.html)"
65.21.113.246 - - [16/Apr/2025:09:37:26 -0400] "GET /rent-a-boat-in-bali/ HTTP/1.1" 200 0 "-" "Mozilla/5.0 (compatible; AwarioBot/1.0; +https://awario.com/bots.html)"
65.21.113.246 - - [16/Apr/2025:09:37:48 -0400] "GET /reparation-electromenager-gatineau/ HTTP/1.1" 200 0 "-" "Mozilla/5.0 (compatible; AwarioBot/1.0; +https://awario.com/bots.html)"
198.54.114.83 - - [16/Apr/2025:09:37:53 -0400] "POST /wp-cron.php?doing_wp_cron=1744810668.7534310817718505859375 HTTP/1.1" 200 0 "-" "WordPress/6.7.2; https://bakingsecurityin.com"
198.54.114.83 - - [16/Apr/2025:09:37:57 -0400] "POST /wp-admin/admin-ajax.php?action=async_litespeed&nonce=OGucfH1KmjgKkBJMtN4gEBRSsSiIVrR1&litespeed_type=imgoptm HTTP/1.1" 200 0 "-" "WordPress/6.7.2; https://bakingsecurityin.com"
65.21.113.246 - - [16/Apr/2025:09:37:59 -0400] "GET /requirements-for-a-russian-visa/ HTTP/1.1" 200 0 "-" "Mozilla/5.0 (compatible; AwarioBot/1.0; +https://awario.com/bots.html)"
65.21.113.246 - - [16/Apr/2025:09:38:06 -0400] "GET /residential-roof-guarantee/ HTTP/1.1" 200 0 "-" "Mozilla/5.0 (compatible; AwarioBot/1.0; +https://awario.com/bots.html)"
65.21.113.246 - - [16/Apr/2025:09:38:15 -0400] "GET /resolving-conflict-with-men-in-a-relationship/ HTTP/1.1" 200 0 "-" "Mozilla/5.0 (compatible; AwarioBot/1.0; +https://awario.com/bots.html)"
65.21.113.246 - - [16/Apr/2025:09:38:29 -0400] "GET /resolving-party-wall-disputes-amicably/ HTTP/1.1" 200 0 "-" "Mozilla/5.0 (compatible; AwarioBot/1.0; +https://awario.com/bots.html)"
198.54.114.83 - - [16/Apr/2025:09:38:35 -0400] "POST /wp-cron.php?doing_wp_cron=1744810709.9767770767211914062500 HTTP/1.1" 200 0 "-" "WordPress/6.7.2; https://bakingsecurityin.com"
51.222.253.3 - - [16/Apr/2025:09:38:36 -0400] "GET /category/activity/page/11/ HTTP/1.1" 200 0 "-" "Mozilla/5.0 (compatible; AhrefsBot/7.0; +http://ahrefs.com/robot/)"
65.21.113.246 - - [16/Apr/2025:09:38:49 -0400] "GET /respite-care-a-must-for-care-givers/ HTTP/1.1" 200 0 "-" "Mozilla/5.0 (compatible; AwarioBot/1.0; +https://awario.com/bots.html)"
65.21.113.246 - - [16/Apr/2025:09:38:59 -0400] "GET /reusable-iced-coffee-cups/ HTTP/1.1" 200 0 "-" "Mozilla/5.0 (compatible; AwarioBot/1.0; +https://awario.com/bots.html)"
65.21.113.246 - - [16/Apr/2025:09:39:16 -0400] "GET /revamp-your-space-with-expert-bathroom-renovations-in-melbournes-western-suburbs/ HTTP/1.1" 200 0 "-" "Mozilla/5.0 (compatible; AwarioBot/1.0; +https://awario.com/bots.html)"
65.21.113.246 - - [16/Apr/2025:09:39:24 -0400] "GET /review-of-hot-97/ HTTP/1.1" 200 0 "-" "Mozilla/5.0 (compatible; AwarioBot/1.0; +https://awario.com/bots.html)"
65.21.113.246 - - [16/Apr/2025:09:39:39 -0400] "GET /review-of-the-relx-vape-pods/ HTTP/1.1" 200 0 "-" "Mozilla/5.0 (compatible; AwarioBot/1.0; +https://awario.com/bots.html)"
198.54.114.83 - - [16/Apr/2025:09:39:45 -0400] "POST /wp-cron.php?doing_wp_cron=1744810779.9257669448852539062500 HTTP/1.1" 200 0 "-" "WordPress/6.7.2; https://bakingsecurityin.com"
198.54.114.83 - - [16/Apr/2025:09:39:50 -0400] "POST /wp-admin/admin-ajax.php?action=async_litespeed&nonce=m6yJUPpnXlmlRtAto0O19hNl1Kxjzwj9&litespeed_type=imgoptm HTTP/1.1" 200 0 "-" "WordPress/6.7.2; https://bakingsecurityin.com"
65.21.113.246 - - [16/Apr/2025:09:39:50 -0400] "GET /revitalizing-homes-the-excellence-of-tucson-maids/ HTTP/1.1" 200 0 "-" "Mozilla/5.0 (compatible; AwarioBot/1.0; +https://awario.com/bots.html)"
65.21.113.246 - - [16/Apr/2025:09:39:57 -0400] "GET /revolutionizing-kitchen-convenience-the-instant-hot-and-cold-water-tap/ HTTP/1.1" 200 0 "-" "Mozilla/5.0 (compatible; AwarioBot/1.0; +https://awario.com/bots.html)"
65.21.113.246 - - [16/Apr/2025:09:40:09 -0400] "GET /revolutionizing-manufacturing-inside-the-brush-machine-factory/ HTTP/1.1" 200 0 "-" "Mozilla/5.0 (compatible; AwarioBot/1.0; +https://awario.com/bots.html)"
65.21.113.246 - - [16/Apr/2025:09:40:17 -0400] "GET /revolutionizing-media-consumption/ HTTP/1.1" 200 0 "-" "Mozilla/5.0 (compatible; AwarioBot/1.0; +https://awario.com/bots.html)"
65.21.113.246 - - [16/Apr/2025:09:40:27 -0400] "GET /rhin-o-tuff-od4012-heavy-duty-interchangeable-die-modular-binding-punch-review/ HTTP/1.1" 200 0 "-" "Mozilla/5.0 (compatible; AwarioBot/1.0; +https://awario.com/bots.html)"
198.54.114.83 - - [16/Apr/2025:09:40:31 -0400] "POST /wp-cron.php?doing_wp_cron=1744810827.4476950168609619140625 HTTP/1.1" 200 0 "-" "WordPress/6.7.2; https://bakingsecurityin.com"
65.21.113.246 - - [16/Apr/2025:09:40:34 -0400] "GET /rjm-acq-llc/ HTTP/1.1" 200 0 "-" "Mozilla/5.0 (compatible; AwarioBot/1.0; +https://awario.com/bots.html)"
65.21.113.246 - - [16/Apr/2025:09:40:40 -0400] "GET /rolling-out-little-improvements-to-your-cross-fasten-example-or-cross-line-pack-for-a-major-contrast/ HTTP/1.1" 200 0 "-" "Mozilla/5.0 (compatible; AwarioBot/1.0; +https://awario.com/bots.html)"
65.21.113.246 - - [16/Apr/2025:09:40:53 -0400] "GET /rosacea-treatment-what-you-need-to-know/ HTTP/1.1" 200 0 "-" "Mozilla/5.0 (compatible; AwarioBot/1.0; +https://awario.com/bots.html)"
65.21.113.246 - - [16/Apr/2025:09:41:01 -0400] "GET /rosas-dominicana/ HTTP/1.1" 200 0 "-" "Mozilla/5.0 (compatible; AwarioBot/1.0; +https://awario.com/bots.html)"
65.21.113.246 - - [16/Apr/2025:09:41:18 -0400] "GET /runner-rugs/ HTTP/1.1" 200 0 "-" "Mozilla/5.0 (compatible; AwarioBot/1.0; +https://awario.com/bots.html)"
65.21.113.246 - - [16/Apr/2025:09:41:27 -0400] "GET /rv-refrigerator-cooling-fans/ HTTP/1.1" 200 0 "-" "Mozilla/5.0 (compatible; AwarioBot/1.0; +https://awario.com/bots.html)"
65.21.113.246 - - [16/Apr/2025:09:41:43 -0400] "GET /sac-a-langer-faits-saillants-a-publier-pour/ HTTP/1.1" 200 0 "-" "Mozilla/5.0 (compatible; AwarioBot/1.0; +https://awario.com/bots.html)"
198.54.114.83 - - [16/Apr/2025:09:41:47 -0400] "POST /wp-cron.php?doing_wp_cron=1744810903.8671770095825195312500 HTTP/1.1" 200 0 "-" "WordPress/6.7.2; https://bakingsecurityin.com"
198.54.114.83 - - [16/Apr/2025:09:41:49 -0400] "POST /wp-admin/admin-ajax.php?action=async_litespeed&nonce=oPAdY171vVBdfa4XfOdqjttJeBGDX9QQ&litespeed_type=imgoptm HTTP/1.1" 200 0 "-" "WordPress/6.7.2; https://bakingsecurityin.com"
65.21.113.246 - - [16/Apr/2025:09:41:50 -0400] "GET /sample-page/ HTTP/1.1" 200 0 "-" "Mozilla/5.0 (compatible; AwarioBot/1.0; +https://awario.com/bots.html)"
65.21.113.246 - - [16/Apr/2025:09:41:55 -0400] "GET /save-gas-and-produce-less-pollution-with-synthetic-lubricants/ HTTP/1.1" 200 0 "-" "Mozilla/5.0 (compatible; AwarioBot/1.0; +https://awario.com/bots.html)"
198.54.114.83 - - [16/Apr/2025:09:41:59 -0400] "POST /wp-cron.php?doing_wp_cron=1744810916.0948901176452636718750 HTTP/1.1" 200 0 "-" "WordPress/6.7.2; https://bakingsecurityin.com"
65.21.113.246 - - [16/Apr/2025:09:42:05 -0400] "GET /scheidungsanwalt-in-hattingen-expertise-und-unterstutzung-in-schwierigen-zeiten/ HTTP/1.1" 200 0 "-" "Mozilla/5.0 (compatible; AwarioBot/1.0; +https://awario.com/bots.html)"
65.21.113.246 - - [16/Apr/2025:09:42:11 -0400] "GET /schrottplatz-duisburg-ihr-anlaufpunkt-fur-altmetall-und-recycling/ HTTP/1.1" 200 0 "-" "Mozilla/5.0 (compatible; AwarioBot/1.0; +https://awario.com/bots.html)"
65.21.113.246 - - [16/Apr/2025:09:42:17 -0400] "GET /screen-mirror-iphone-to-firestick/ HTTP/1.1" 200 0 "-" "Mozilla/5.0 (compatible; AwarioBot/1.0; +https://awario.com/bots.html)"
65.21.113.246 - - [16/Apr/2025:09:42:21 -0400] "GET /screen-recording-on-netflix/ HTTP/1.1" 200 0 "-" "Mozilla/5.0 (compatible; AwarioBot/1.0; +https://awario.com/bots.html)"
65.21.113.246 - - [16/Apr/2025:09:42:25 -0400] "GET /screw-sizes-how-to-choose-the-right-size/ HTTP/1.1" 200 0 "-" "Mozilla/5.0 (compatible; AwarioBot/1.0; +https://awario.com/bots.html)"
65.21.113.246 - - [16/Apr/2025:09:42:30 -0400] "GET /screw-sizes-what-you-need-to-know/ HTTP/1.1" 200 0 "-" "Mozilla/5.0 (compatible; AwarioBot/1.0; +https://awario.com/bots.html)"
51.222.253.7 - - [16/Apr/2025:09:42:32 -0400] "GET /oui-lawyer-how-an-oui-lawyer-can-help-you-avoid-a-conviction/ HTTP/1.1" 200 0 "-" "Mozilla/5.0 (compatible; AhrefsBot/7.0; +http://ahrefs.com/robot/)"
65.21.113.246 - - [16/Apr/2025:09:42:33 -0400] "GET /searching-people-by-business-name-144/ HTTP/1.1" 200 0 "-" "Mozilla/5.0 (compatible; AwarioBot/1.0; +https://awario.com/bots.html)"
65.21.113.246 - - [16/Apr/2025:09:42:38 -0400] "GET /secure-electronic-warrant-applications-with-berkones-ewi-ewarrant-software/ HTTP/1.1" 200 0 "-" "Mozilla/5.0 (compatible; AwarioBot/1.0; +https://awario.com/bots.html)"
65.21.113.246 - - [16/Apr/2025:09:42:43 -0400] "GET /securite-des-informations-dentreprise-nos-informations-sont-elles-plus-securisees-depuis-le-11-septembre/ HTTP/1.1" 200 0 "-" "Mozilla/5.0 (compatible; AwarioBot/1.0; +https://awario.com/bots.html)"
65.21.113.246 - - [16/Apr/2025:09:42:49 -0400] "GET /security-guard-services-for-miami-beach-protection/ HTTP/1.1" 200 0 "-" "Mozilla/5.0 (compatible; AwarioBot/1.0; +https://awario.com/bots.html)"
65.21.113.246 - - [16/Apr/2025:09:42:57 -0400] "GET /security-of-usb-ports-and-blaze-drives-issues-and-arrangements/ HTTP/1.1" 200 0 "-" "Mozilla/5.0 (compatible; AwarioBot/1.0; +https://awario.com/bots.html)"
198.54.114.83 - - [16/Apr/2025:09:43:01 -0400] "POST /wp-cron.php?doing_wp_cron=1744810977.6092920303344726562500 HTTP/1.1" 200 0 "-" "WordPress/6.7.2; https://bakingsecurityin.com"
65.21.113.246 - - [16/Apr/2025:09:43:06 -0400] "GET /selecting-a-fire-pump-manufacturer/ HTTP/1.1" 200 0 "-" "Mozilla/5.0 (compatible; AwarioBot/1.0; +https://awario.com/bots.html)"
65.21.113.246 - - [16/Apr/2025:09:43:13 -0400] "GET /selfie-time/ HTTP/1.1" 200 0 "-" "Mozilla/5.0 (compatible; AwarioBot/1.0; +https://awario.com/bots.html)"
65.21.113.246 - - [16/Apr/2025:09:43:21 -0400] "GET /sell-my-car-for-cash-in-naples-without-having-to-deal-with-dealerships/ HTTP/1.1" 200 0 "-" "Mozilla/5.0 (compatible; AwarioBot/1.0; +https://awario.com/bots.html)"
65.21.113.246 - - [16/Apr/2025:09:43:29 -0400] "GET /send-a-voice-message-on-iphone/ HTTP/1.1" 200 0 "-" "Mozilla/5.0 (compatible; AwarioBot/1.0; +https://awario.com/bots.html)"
65.21.113.246 - - [16/Apr/2025:09:43:37 -0400] "GET /send-receive-large-files-via-the-web-nothing-to-install-or-setup-using-clicknsync-com-portal/ HTTP/1.1" 200 0 "-" "Mozilla/5.0 (compatible; AwarioBot/1.0; +https://awario.com/bots.html)"
65.21.113.246 - - [16/Apr/2025:09:43:43 -0400] "GET /sending-voice-messages-on-ios-16/ HTTP/1.1" 200 0 "-" "Mozilla/5.0 (compatible; AwarioBot/1.0; +https://awario.com/bots.html)"
136.243.228.193 - - [16/Apr/2025:09:43:48 -0400] "GET /grandes-visites-gratuites-et-bon-marche-de-la-ville-de-geneve/ HTTP/1.1" 200 0 "-" "Mozilla/5.0 (compatible; DataForSeoBot/1.0; +https://dataforseo.com/dataforseo-bot)"
65.21.113.246 - - [16/Apr/2025:09:43:51 -0400] "GET /senior-mutual-insurance-tye-april-30-2013/ HTTP/1.1" 200 0 "-" "Mozilla/5.0 (compatible; AwarioBot/1.0; +https://awario.com/bots.html)"
65.21.113.246 - - [16/Apr/2025:09:43:59 -0400] "GET /set-screen-timeout-on-iphone/ HTTP/1.1" 200 0 "-" "Mozilla/5.0 (compatible; AwarioBot/1.0; +https://awario.com/bots.html)"
65.21.113.246 - - [16/Apr/2025:09:44:07 -0400] "GET /setting-training-goals-for-effective-evaluation/ HTTP/1.1" 200 0 "-" "Mozilla/5.0 (compatible; AwarioBot/1.0; +https://awario.com/bots.html)"
65.21.113.246 - - [16/Apr/2025:09:44:24 -0400] "GET /setting-up-ps5/ HTTP/1.1" 200 0 "-" "Mozilla/5.0 (compatible; AwarioBot/1.0; +https://awario.com/bots.html)"
65.21.113.246 - - [16/Apr/2025:09:45:03 -0400] "GET /sex-addiction-therapy/ HTTP/1.1" 200 0 "-" "Mozilla/5.0 (compatible; AwarioBot/1.0; +https://awario.com/bots.html)"
198.54.114.83 - - [16/Apr/2025:09:45:10 -0400] "POST /wp-cron.php?doing_wp_cron=1744811103.8688769340515136718750 HTTP/1.1" 200 0 "-" "WordPress/6.7.2; https://bakingsecurityin.com"
65.21.113.246 - - [16/Apr/2025:09:45:14 -0400] "GET /shaping-the-future-of-sustainable-luxury-with-lab-grown-diamonds/ HTTP/1.1" 200 0 "-" "Mozilla/5.0 (compatible; AwarioBot/1.0; +https://awario.com/bots.html)"
65.21.113.246 - - [16/Apr/2025:09:45:22 -0400] "GET /share-iphone-screen/ HTTP/1.1" 200 0 "-" "Mozilla/5.0 (compatible; AwarioBot/1.0; +https://awario.com/bots.html)"
65.21.113.246 - - [16/Apr/2025:09:45:30 -0400] "GET /shell-pearl-necklace/ HTTP/1.1" 200 0 "-" "Mozilla/5.0 (compatible; AwarioBot/1.0; +https://awario.com/bots.html)"
65.21.113.246 - - [16/Apr/2025:09:45:37 -0400] "GET /shop-space-for-rent-in-qatar/ HTTP/1.1" 200 0 "-" "Mozilla/5.0 (compatible; AwarioBot/1.0; +https://awario.com/bots.html)"
65.21.113.246 - - [16/Apr/2025:09:45:43 -0400] "GET /shoulder-sacks-a-need/ HTTP/1.1" 200 0 "-" "Mozilla/5.0 (compatible; AwarioBot/1.0; +https://awario.com/bots.html)"
65.21.113.246 - - [16/Apr/2025:09:45:51 -0400] "GET /siberia-snus-review/ HTTP/1.1" 200 0 "-" "Mozilla/5.0 (compatible; AwarioBot/1.0; +https://awario.com/bots.html)"
150.109.117.52 - - [16/Apr/2025:09:45:51 -0400] "GET /the-three-types-of-residents-that-medical-students-will-encounter/ HTTP/1.1" 200 0 "-" "Python/3.10 aiohttp/3.10.5"
65.21.113.246 - - [16/Apr/2025:09:46:01 -0400] "GET /silencing-your-apple-watch/ HTTP/1.1" 200 0 "-" "Mozilla/5.0 (compatible; AwarioBot/1.0; +https://awario.com/bots.html)"
65.21.113.246 - - [16/Apr/2025:09:46:11 -0400] "GET /silver-kiddush-cup-2/ HTTP/1.1" 200 0 "-" "Mozilla/5.0 (compatible; AwarioBot/1.0; +https://awario.com/bots.html)"
51.222.253.14 - - [16/Apr/2025:09:46:13 -0400] "GET /silencing-your-apple-watch/ HTTP/1.1" 200 0 "-" "Mozilla/5.0 (compatible; AhrefsBot/7.0; +http://ahrefs.com/robot/)"
198.54.114.83 - - [16/Apr/2025:09:46:16 -0400] "POST /wp-cron.php?doing_wp_cron=1744811172.0154619216918945312500 HTTP/1.1" 200 0 "-" "WordPress/6.7.2; https://bakingsecurityin.com"
45.157.54.41 - - [16/Apr/2025:09:46:23 -0400] "GET /wp-content/plugins/drag-and-drop-multiple-file-upload-for-woocommerce/assets/js/codedropz-uploader-min.js HTTP/1.1" 404 0 "-" "Mozilla/5.0 (Windows NT 10.0; Win64; x64) AppleWebKit/537.36 (KHTML, like Gecko) Chrome/127.0.0.0 Safari/537.36"
65.21.113.246 - - [16/Apr/2025:09:46:33 -0400] "GET /silver-kiddush-cup/ HTTP/1.1" 200 0 "-" "Mozilla/5.0 (compatible; AwarioBot/1.0; +https://awario.com/bots.html)"
65.21.113.246 - - [16/Apr/2025:09:46:39 -0400] "GET /silver-menorahs-judaica-menorahs-for-every-occasion/ HTTP/1.1" 200 0 "-" "Mozilla/5.0 (compatible; AwarioBot/1.0; +https://awario.com/bots.html)"
65.21.113.246 - - [16/Apr/2025:09:46:45 -0400] "GET /simple-methods-to-stop-wet-dreams-or-nightfall/ HTTP/1.1" 200 0 "-" "Mozilla/5.0 (compatible; AwarioBot/1.0; +https://awario.com/bots.html)"
65.21.113.246 - - [16/Apr/2025:09:46:53 -0400] "GET /single-guy-party-arranging-giving-him-enough-evening/ HTTP/1.1" 200 0 "-" "Mozilla/5.0 (compatible; AwarioBot/1.0; +https://awario.com/bots.html)"
65.21.113.246 - - [16/Apr/2025:09:46:59 -0400] "GET /ski-accommodation-at-the-landmark-condo/ HTTP/1.1" 200 0 "-" "Mozilla/5.0 (compatible; AwarioBot/1.0; +https://awario.com/bots.html)"
65.21.113.246 - - [16/Apr/2025:09:47:06 -0400] "GET /skin-whitening-injection-and-glutathione/ HTTP/1.1" 200 0 "-" "Mozilla/5.0 (compatible; AwarioBot/1.0; +https://awario.com/bots.html)"
65.21.113.246 - - [16/Apr/2025:09:47:12 -0400] "GET /sleeping-pokemon-plush/ HTTP/1.1" 200 0 "-" "Mozilla/5.0 (compatible; AwarioBot/1.0; +https://awario.com/bots.html)"
65.21.113.246 - - [16/Apr/2025:09:47:19 -0400] "GET /slot-machines-at-gas-stations/ HTTP/1.1" 200 0 "-" "Mozilla/5.0 (compatible; AwarioBot/1.0; +https://awario.com/bots.html)"
198.54.114.83 - - [16/Apr/2025:09:47:24 -0400] "POST /wp-cron.php?doing_wp_cron=1744811239.7060909271240234375000 HTTP/1.1" 200 0 "-" "WordPress/6.7.2; https://bakingsecurityin.com"
65.21.113.246 - - [16/Apr/2025:09:47:26 -0400] "GET /small-business-loan-for-landscaping/ HTTP/1.1" 200 0 "-" "Mozilla/5.0 (compatible; AwarioBot/1.0; +https://awario.com/bots.html)"
65.21.113.246 - - [16/Apr/2025:09:47:32 -0400] "GET /small-business-loans-for-lawn-care-companies/ HTTP/1.1" 200 0 "-" "Mozilla/5.0 (compatible; AwarioBot/1.0; +https://awario.com/bots.html)"
119.28.5.18 - - [16/Apr/2025:09:47:35 -0400] "GET /nusa-penida-tour-highlights/ HTTP/1.1" 200 0 "-" "Python/3.10 aiohttp/3.10.5"
65.21.113.246 - - [16/Apr/2025:09:47:37 -0400] "GET /smart-lighting-solutions/ HTTP/1.1" 200 0 "-" "Mozilla/5.0 (compatible; AwarioBot/1.0; +https://awario.com/bots.html)"
65.21.113.246 - - [16/Apr/2025:09:47:53 -0400] "GET /smart-wallet-mit-munzfach/ HTTP/1.1" 200 0 "-" "Mozilla/5.0 (compatible; AwarioBot/1.0; +https://awario.com/bots.html)"
65.21.113.246 - - [16/Apr/2025:09:48:00 -0400] "GET /smb-marketing-secrets/ HTTP/1.1" 200 0 "-" "Mozilla/5.0 (compatible; AwarioBot/1.0; +https://awario.com/bots.html)"
65.21.113.246 - - [16/Apr/2025:09:48:05 -0400] "GET /snapchat-group-chats/ HTTP/1.1" 200 0 "-" "Mozilla/5.0 (compatible; AwarioBot/1.0; +https://awario.com/bots.html)"
65.21.113.246 - - [16/Apr/2025:09:48:14 -0400] "GET /so-entwerfen-sie-einen-flaggendruck-der-sich-von-der-masse-abhebt/ HTTP/1.1" 200 0 "-" "Mozilla/5.0 (compatible; AwarioBot/1.0; +https://awario.com/bots.html)"
65.21.113.246 - - [16/Apr/2025:09:48:21 -0400] "GET /so-reinigen-sie-eine-saubere-goldkette/ HTTP/1.1" 200 0 "-" "Mozilla/5.0 (compatible; AwarioBot/1.0; +https://awario.com/bots.html)"
198.54.114.83 - - [16/Apr/2025:09:48:24 -0400] "POST /wp-cron.php?doing_wp_cron=1744811301.2295629978179931640625 HTTP/1.1" 200 0 "-" "WordPress/6.7.2; https://bakingsecurityin.com"
65.21.113.246 - - [16/Apr/2025:09:48:27 -0400] "GET /socket-head-bolt/ HTTP/1.1" 200 0 "-" "Mozilla/5.0 (compatible; AwarioBot/1.0; +https://awario.com/bots.html)"
65.21.113.246 - - [16/Apr/2025:09:48:32 -0400] "GET /socks-with-logo-everything-you-need-to-know/ HTTP/1.1" 200 0 "-" "Mozilla/5.0 (compatible; AwarioBot/1.0; +https://awario.com/bots.html)"
65.21.113.246 - - [16/Apr/2025:09:48:37 -0400] "GET /socks-with-name-embroidered/ HTTP/1.1" 200 0 "-" "Mozilla/5.0 (compatible; AwarioBot/1.0; +https://awario.com/bots.html)"
65.21.113.246 - - [16/Apr/2025:09:48:44 -0400] "GET /solid-conservatory-roof-panels/ HTTP/1.1" 200 0 "-" "Mozilla/5.0 (compatible; AwarioBot/1.0; +https://awario.com/bots.html)"
65.21.113.246 - - [16/Apr/2025:09:48:49 -0400] "GET /sora-condo-the-perfect-balance-of-urban-convenience-and-lakeside-vibes/ HTTP/1.1" 200 0 "-" "Mozilla/5.0 (compatible; AwarioBot/1.0; +https://awario.com/bots.html)"
65.21.113.246 - - [16/Apr/2025:09:48:56 -0400] "GET /soyez-artistique-avec-vos-fonds-decran-conseils/ HTTP/1.1" 200 0 "-" "Mozilla/5.0 (compatible; AwarioBot/1.0; +https://awario.com/bots.html)"
65.21.113.246 - - [16/Apr/2025:09:49:01 -0400] "GET /speech-therapy-in-dubai/ HTTP/1.1" 200 0 "-" "Mozilla/5.0 (compatible; AwarioBot/1.0; +https://awario.com/bots.html)"
150.109.61.32 - - [16/Apr/2025:09:49:05 -0400] "GET /a-utility-payment-solution/ HTTP/1.1" 200 0 "-" "Python/3.10 aiohttp/3.10.5"
65.21.113.246 - - [16/Apr/2025:09:49:06 -0400] "GET /spider-gwen-realistic-mask/ HTTP/1.1" 200 0 "-" "Mozilla/5.0 (compatible; AwarioBot/1.0; +https://awario.com/bots.html)"
65.21.113.246 - - [16/Apr/2025:09:49:12 -0400] "GET /sport-betting-sites/ HTTP/1.1" 200 0 "-" "Mozilla/5.0 (compatible; AwarioBot/1.0; +https://awario.com/bots.html)"
65.21.113.246 - - [16/Apr/2025:09:49:19 -0400] "GET /sport-betting-systems-do-they-really-work-and-is-there-such-thing-as-a-free-sport-betting-system/ HTTP/1.1" 200 0 "-" "Mozilla/5.0 (compatible; AwarioBot/1.0; +https://awario.com/bots.html)"
65.21.113.246 - - [16/Apr/2025:09:49:38 -0400] "GET /star-plus-electrical-services/ HTTP/1.1" 200 0 "-" "Mozilla/5.0 (compatible; AwarioBot/1.0; +https://awario.com/bots.html)"
198.54.114.83 - - [16/Apr/2025:09:49:42 -0400] "POST /wp-cron.php?doing_wp_cron=1744811378.6748740673065185546875 HTTP/1.1" 200 0 "-" "WordPress/6.7.2; https://bakingsecurityin.com"
65.21.113.246 - - [16/Apr/2025:09:49:45 -0400] "GET /stay-safe-with-the-help-of-a-locksmith-in-alexandria/ HTTP/1.1" 200 0 "-" "Mozilla/5.0 (compatible; AwarioBot/1.0; +https://awario.com/bots.html)"
51.222.253.10 - - [16/Apr/2025:09:49:53 -0400] "GET /the-basics-of-pokemon-cards/ HTTP/1.1" 200 0 "-" "Mozilla/5.0 (compatible; AhrefsBot/7.0; +http://ahrefs.com/robot/)"
65.21.113.246 - - [16/Apr/2025:09:49:54 -0400] "GET /stellenbosch-wine-and-accommodation-go-hand-in-hand/ HTTP/1.1" 200 0 "-" "Mozilla/5.0 (compatible; AwarioBot/1.0; +https://awario.com/bots.html)"
65.21.113.246 - - [16/Apr/2025:09:50:01 -0400] "GET /steps-to-obtain-fda-approval-for-cosmetics/ HTTP/1.1" 200 0 "-" "Mozilla/5.0 (compatible; AwarioBot/1.0; +https://awario.com/bots.html)"
65.21.113.246 - - [16/Apr/2025:09:50:11 -0400] "GET /steroid-use-in-canada-and-its-impact-on-health/ HTTP/1.1" 200 0 "-" "Mozilla/5.0 (compatible; AwarioBot/1.0; +https://awario.com/bots.html)"
65.21.113.246 - - [16/Apr/2025:09:50:18 -0400] "GET /steroids-thailand/ HTTP/1.1" 200 0 "-" "Mozilla/5.0 (compatible; AwarioBot/1.0; +https://awario.com/bots.html)"
65.21.113.246 - - [16/Apr/2025:09:50:25 -0400] "GET /streamlining-communication-with-a-virtual-receptionist/ HTTP/1.1" 200 0 "-" "Mozilla/5.0 (compatible; AwarioBot/1.0; +https://awario.com/bots.html)"
65.21.113.246 - - [16/Apr/2025:09:50:31 -0400] "GET /surviving-as-a-real-estate-agent/ HTTP/1.1" 200 0 "-" "Mozilla/5.0 (compatible; AwarioBot/1.0; +https://awario.com/bots.html)"
65.21.113.246 - - [16/Apr/2025:09:50:42 -0400] "GET /sweat-a-capuche-pour-femme-restez-au-chaud-et-soyez-elegant/ HTTP/1.1" 200 0 "-" "Mozilla/5.0 (compatible; AwarioBot/1.0; +https://awario.com/bots.html)"
198.54.114.83 - - [16/Apr/2025:09:50:46 -0400] "POST /wp-cron.php?doing_wp_cron=1744811442.7080690860748291015625 HTTP/1.1" 200 0 "-" "WordPress/6.7.2; https://bakingsecurityin.com"
65.21.113.246 - - [16/Apr/2025:09:50:50 -0400] "GET /table-lamps-everything-you-need-to-know/ HTTP/1.1" 200 0 "-" "Mozilla/5.0 (compatible; AwarioBot/1.0; +https://awario.com/bots.html)"
65.21.113.246 - - [16/Apr/2025:09:50:57 -0400] "GET /table-lamps-lighting-can-make-all-the-difference/ HTTP/1.1" 200 0 "-" "Mozilla/5.0 (compatible; AwarioBot/1.0; +https://awario.com/bots.html)"
65.21.113.246 - - [16/Apr/2025:09:51:02 -0400] "GET /tag-heuer-battery-replacement-how-much-does-it-cost-to-replace-a-tag-heuer-battery/ HTTP/1.1" 200 0 "-" "Mozilla/5.0 (compatible; AwarioBot/1.0; +https://awario.com/bots.html)"
65.21.113.246 - - [16/Apr/2025:09:51:10 -0400] "GET /take-your-business-to-the-next-level-with-strategic-planning/ HTTP/1.1" 200 0 "-" "Mozilla/5.0 (compatible; AwarioBot/1.0; +https://awario.com/bots.html)"
65.21.113.246 - - [16/Apr/2025:09:51:23 -0400] "GET /tarification-des-services-dun-designer-graphique/ HTTP/1.1" 200 0 "-" "Mozilla/5.0 (compatible; AwarioBot/1.0; +https://awario.com/bots.html)"
65.21.113.246 - - [16/Apr/2025:09:51:45 -0400] "GET /tax-return-hattingen/ HTTP/1.1" 200 0 "-" "Mozilla/5.0 (compatible; AwarioBot/1.0; +https://awario.com/bots.html)"
198.54.114.83 - - [16/Apr/2025:09:51:51 -0400] "POST /wp-cron.php?doing_wp_cron=1744811506.0192260742187500000000 HTTP/1.1" 200 0 "-" "WordPress/6.7.2; https://bakingsecurityin.com"
65.21.113.246 - - [16/Apr/2025:09:51:56 -0400] "GET /tazarotene-cream-uk/ HTTP/1.1" 200 0 "-" "Mozilla/5.0 (compatible; AwarioBot/1.0; +https://awario.com/bots.html)"
65.21.113.246 - - [16/Apr/2025:09:52:03 -0400] "GET /tazorac-uk-acne-and-plaque-psoriasis/ HTTP/1.1" 200 0 "-" "Mozilla/5.0 (compatible; AwarioBot/1.0; +https://awario.com/bots.html)"
65.21.113.246 - - [16/Apr/2025:09:52:13 -0400] "GET /tb500-peptide/ HTTP/1.1" 200 0 "-" "Mozilla/5.0 (compatible; AwarioBot/1.0; +https://awario.com/bots.html)"
65.21.113.246 - - [16/Apr/2025:09:52:20 -0400] "GET /tee-shirt-printing-whether-to-make-your-own-custom-printed-t-shirts-or-have-them-printed-for-you/ HTTP/1.1" 200 0 "-" "Mozilla/5.0 (compatible; AwarioBot/1.0; +https://awario.com/bots.html)"
65.21.113.246 - - [16/Apr/2025:09:52:39 -0400] "GET /teens-vaping-the-dangers-of-vaping/ HTTP/1.1" 200 0 "-" "Mozilla/5.0 (compatible; AwarioBot/1.0; +https://awario.com/bots.html)"
65.21.113.246 - - [16/Apr/2025:09:52:59 -0400] "GET /tembusu-grand-an-ideal-place-for-families/ HTTP/1.1" 200 0 "-" "Mozilla/5.0 (compatible; AwarioBot/1.0; +https://awario.com/bots.html)"
198.54.114.83 - - [16/Apr/2025:09:53:02 -0400] "POST /wp-cron.php?doing_wp_cron=1744811579.5282459259033203125000 HTTP/1.1" 200 0 "-" "WordPress/6.7.2; https://bakingsecurityin.com"
185.213.83.247 - - [16/Apr/2025:09:53:07 -0400] "POST /wp-login.php/wp-login.php HTTP/1.1" 503 917 "-" "Mozilla"
65.21.113.246 - - [16/Apr/2025:09:53:07 -0400] "GET /tembusu-grand-the-first-green-and-smart-residential-area-in-singapore/ HTTP/1.1" 503 917 "-" "Mozilla/5.0 (compatible; AwarioBot/1.0; +https://awario.com/bots.html)"
51.222.253.20 - - [16/Apr/2025:09:53:23 -0400] "GET /custom-pc-builder-vs-pre-built-computer/ HTTP/1.1" 200 0 "-" "Mozilla/5.0 (compatible; AhrefsBot/7.0; +http://ahrefs.com/robot/)"
65.21.113.246 - - [16/Apr/2025:09:53:27 -0400] "GET /tennis-prediction/ HTTP/1.1" 200 0 "-" "Mozilla/5.0 (compatible; AwarioBot/1.0; +https://awario.com/bots.html)"
198.54.114.83 - - [16/Apr/2025:09:53:26 -0400] "POST /wp-admin/upgrade.php?step=upgrade_db HTTP/1.1" 200 5 "-" "WordPress/6.7.2; https://bakingsecurityin.com"
198.54.114.83 - - [16/Apr/2025:09:53:32 -0400] "POST /wp-cron.php?doing_wp_cron=1744811608.3467779159545898437500 HTTP/1.1" 200 0 "-" "WordPress/6.8; https://bakingsecurityin.com"
198.54.114.83 - - [16/Apr/2025:09:53:37 -0400] "POST /wp-admin/admin-ajax.php?action=async_litespeed&nonce=gQJy2sjbYhg0QslK41taETJX6rLaOjkH&litespeed_type=imgoptm HTTP/1.1" 200 0 "-" "WordPress/6.7.2; https://bakingsecurityin.com"
65.21.113.246 - - [16/Apr/2025:09:54:16 -0400] "GET /the-12-volt-20ah-battery/ HTTP/1.1" 200 0 "-" "Mozilla/5.0 (compatible; AwarioBot/1.0; +https://awario.com/bots.html)"
65.21.113.246 - - [16/Apr/2025:09:54:35 -0400] "GET /the-advantages-and-disadvantages-of-the-electronic-warrant/ HTTP/1.1" 200 0 "-" "Mozilla/5.0 (compatible; AwarioBot/1.0; +https://awario.com/bots.html)"
65.21.113.246 - - [16/Apr/2025:09:54:46 -0400] "GET /the-advantages-of-a-virtual-telephone-answering-service/ HTTP/1.1" 200 0 "-" "Mozilla/5.0 (compatible; AwarioBot/1.0; +https://awario.com/bots.html)"
65.21.113.246 - - [16/Apr/2025:09:54:54 -0400] "GET /the-advantages-of-an-instant-hot-water-tap/ HTTP/1.1" 200 0 "-" "Mozilla/5.0 (compatible; AwarioBot/1.0; +https://awario.com/bots.html)"
65.21.113.246 - - [16/Apr/2025:09:55:05 -0400] "GET /the-allure-of-ardor-residence/ HTTP/1.1" 200 0 "-" "Mozilla/5.0 (compatible; AwarioBot/1.0; +https://awario.com/bots.html)"
65.21.113.246 - - [16/Apr/2025:09:55:15 -0400] "GET /the-arcady-showflat/ HTTP/1.1" 200 0 "-" "Mozilla/5.0 (compatible; AwarioBot/1.0; +https://awario.com/bots.html)"
65.21.113.246 - - [16/Apr/2025:09:55:26 -0400] "GET /the-arden-is-not-just-a-village-or-a-town/ HTTP/1.1" 200 0 "-" "Mozilla/5.0 (compatible; AwarioBot/1.0; +https://awario.com/bots.html)"
65.21.113.246 - - [16/Apr/2025:09:55:36 -0400] "GET /the-art-of-balancing-work-and-wellness-on-a-business-trip/ HTTP/1.1" 200 0 "-" "Mozilla/5.0 (compatible; AwarioBot/1.0; +https://awario.com/bots.html)"
65.21.113.246 - - [16/Apr/2025:09:55:46 -0400] "GET /the-art-of-cleaning-silverware/ HTTP/1.1" 200 0 "-" "Mozilla/5.0 (compatible; AwarioBot/1.0; +https://awario.com/bots.html)"
65.21.113.246 - - [16/Apr/2025:09:55:53 -0400] "GET /the-art-of-cryptocurrency-trading/ HTTP/1.1" 200 0 "-" "Mozilla/5.0 (compatible; AwarioBot/1.0; +https://awario.com/bots.html)"
65.21.113.246 - - [16/Apr/2025:09:56:03 -0400] "GET /the-art-of-outright-tennis-betting-lesson-2-course-distance-form/ HTTP/1.1" 200 0 "-" "Mozilla/5.0 (compatible; AwarioBot/1.0; +https://awario.com/bots.html)"
18.97.9.97 - - [16/Apr/2025:09:56:10 -0400] "GET /so-entwerfen-sie-einen-flaggendruck-der-sich-von-der-masse-abhebt HTTP/1.1" 301 0 "-" "Mozilla/5.0 AppleWebKit/537.36 (KHTML, like Gecko; compatible; PerplexityBot/1.0; +https://perplexity.ai/perplexitybot)"
65.21.113.246 - - [16/Apr/2025:09:56:14 -0400] "GET /the-art-of-typing-speed-test/ HTTP/1.1" 200 0 "-" "Mozilla/5.0 (compatible; AwarioBot/1.0; +https://awario.com/bots.html)"
18.97.9.96 - - [16/Apr/2025:09:56:18 -0400] "GET /so-entwerfen-sie-einen-flaggendruck-der-sich-von-der-masse-abhebt/ HTTP/1.1" 200 0 "-" "Mozilla/5.0 AppleWebKit/537.36 (KHTML, like Gecko; compatible; PerplexityBot/1.0; +https://perplexity.ai/perplexitybot)"
65.21.113.246 - - [16/Apr/2025:09:56:25 -0400] "GET /the-artistry-of-planner-stickers/ HTTP/1.1" 200 0 "-" "Mozilla/5.0 (compatible; AwarioBot/1.0; +https://awario.com/bots.html)"
27.42.99.212 - - [16/Apr/2025:09:56:33 -0400] "GET /les-pantoufles-sont-populaires-partout-dans-le-monde/ HTTP/1.1" 301 0 "https://bakingsecurityin.com" "Mozilla/5.0 (Windows NT 10.0; Win64; x64) AppleWebKit/537.36 (KHTML, like Gecko) Chrome/62.0.3202.94 Safari/537.36"
65.21.113.246 - - [16/Apr/2025:09:56:34 -0400] "GET /the-atelier-apartments-in-hells-kitchen/ HTTP/1.1" 200 0 "-" "Mozilla/5.0 (compatible; AwarioBot/1.0; +https://awario.com/bots.html)"
136.243.228.193 - - [16/Apr/2025:09:56:39 -0400] "GET /gambling-and-sociodemographic-factors/ HTTP/1.1" 200 0 "-" "Mozilla/5.0 (compatible; DataForSeoBot/1.0; +https://dataforseo.com/dataforseo-bot)"
65.21.113.246 - - [16/Apr/2025:09:56:48 -0400] "GET /the-baseball-betting-odds-and-betting-lines/ HTTP/1.1" 200 0 "-" "Mozilla/5.0 (compatible; AwarioBot/1.0; +https://awario.com/bots.html)"
163.5.91.98 - - [16/Apr/2025:09:56:51 -0400] "GET /the-omnivoid-xr/ HTTP/1.1" 200 0 "-" "Mozilla/5.0 (Macintosh; Intel Mac OS X 12_5) AppleWebKit/605.1.15 (KHTML, like Gecko) Version/15.4 Safari/605.1.15"
65.21.113.246 - - [16/Apr/2025:09:56:58 -0400] "GET /the-basics-of-a-hair-dryer/ HTTP/1.1" 200 0 "-" "Mozilla/5.0 (compatible; AwarioBot/1.0; +https://awario.com/bots.html)"
65.21.113.246 - - [16/Apr/2025:09:57:10 -0400] "GET /the-basics-of-air-guns/ HTTP/1.1" 200 0 "-" "Mozilla/5.0 (compatible; AwarioBot/1.0; +https://awario.com/bots.html)"
51.222.253.18 - - [16/Apr/2025:09:57:13 -0400] "GET /un-univers-de-joie-et-daventure/feed/ HTTP/1.1" 304 0 "-" "Mozilla/5.0 (compatible; AhrefsBot/7.0; +http://ahrefs.com/robot/)"
65.21.113.246 - - [16/Apr/2025:09:57:21 -0400] "GET /the-basics-of-online-gambling/ HTTP/1.1" 200 0 "-" "Mozilla/5.0 (compatible; AwarioBot/1.0; +https://awario.com/bots.html)"
65.21.113.246 - - [16/Apr/2025:09:57:28 -0400] "GET /the-basics-of-pokemon-cards/ HTTP/1.1" 200 0 "-" "Mozilla/5.0 (compatible; AwarioBot/1.0; +https://awario.com/bots.html)"
65.21.113.246 - - [16/Apr/2025:09:57:42 -0400] "GET /the-beginning-of-ice-and-the-convenience-of-ice-makers/ HTTP/1.1" 200 0 "-" "Mozilla/5.0 (compatible; AwarioBot/1.0; +https://awario.com/bots.html)"
65.21.113.246 - - [16/Apr/2025:09:57:53 -0400] "GET /the-benefits-of-an-air-cooler/ HTTP/1.1" 200 0 "-" "Mozilla/5.0 (compatible; AwarioBot/1.0; +https://awario.com/bots.html)"
65.21.113.246 - - [16/Apr/2025:09:58:01 -0400] "GET /the-benefits-of-an-mba/ HTTP/1.1" 200 0 "-" "Mozilla/5.0 (compatible; AwarioBot/1.0; +https://awario.com/bots.html)"
65.21.113.246 - - [16/Apr/2025:09:58:09 -0400] "GET /the-benefits-of-double-glazing-bridgend/ HTTP/1.1" 200 0 "-" "Mozilla/5.0 (compatible; AwarioBot/1.0; +https://awario.com/bots.html)"
65.21.113.246 - - [16/Apr/2025:09:58:27 -0400] "GET /the-benefits-of-gpu-cloud-services-for-modern-computing/ HTTP/1.1" 200 0 "-" "Mozilla/5.0 (compatible; AwarioBot/1.0; +https://awario.com/bots.html)"
65.21.113.246 - - [16/Apr/2025:09:58:35 -0400] "GET /the-benefits-of-insulation-duct/ HTTP/1.1" 200 0 "-" "Mozilla/5.0 (compatible; AwarioBot/1.0; +https://awario.com/bots.html)"
65.21.113.246 - - [16/Apr/2025:09:58:41 -0400] "GET /the-benefits-of-part-time-jobs-for-students/ HTTP/1.1" 200 0 "-" "Mozilla/5.0 (compatible; AwarioBot/1.0; +https://awario.com/bots.html)"
65.21.113.246 - - [16/Apr/2025:09:58:49 -0400] "GET /the-benefits-of-peptide-capsules/ HTTP/1.1" 200 0 "-" "Mozilla/5.0 (compatible; AwarioBot/1.0; +https://awario.com/bots.html)"
198.54.114.83 - - [16/Apr/2025:09:58:53 -0400] "POST /wp-cron.php?doing_wp_cron=1744811929.7051529884338378906250 HTTP/1.1" 200 0 "-" "WordPress/6.8; https://bakingsecurityin.com"
65.21.113.246 - - [16/Apr/2025:09:58:56 -0400] "GET /the-benefits-of-sports-grip-socks/ HTTP/1.1" 200 0 "-" "Mozilla/5.0 (compatible; AwarioBot/1.0; +https://awario.com/bots.html)"
65.21.113.246 - - [16/Apr/2025:09:59:02 -0400] "GET /the-benefits-of-using-an-australian-travel-agent/ HTTP/1.1" 200 0 "-" "Mozilla/5.0 (compatible; AwarioBot/1.0; +https://awario.com/bots.html)"
65.21.113.246 - - [16/Apr/2025:09:59:09 -0400] "GET /the-benefits-of-vegan-skin-care/ HTTP/1.1" 200 0 "-" "Mozilla/5.0 (compatible; AwarioBot/1.0; +https://awario.com/bots.html)"
65.21.113.246 - - [16/Apr/2025:09:59:17 -0400] "GET /the-benefits-of-vegetables/ HTTP/1.1" 200 0 "-" "Mozilla/5.0 (compatible; AwarioBot/1.0; +https://awario.com/bots.html)"
65.21.113.246 - - [16/Apr/2025:09:59:23 -0400] "GET /the-benefits-of-wool-ski-socks/ HTTP/1.1" 200 0 "-" "Mozilla/5.0 (compatible; AwarioBot/1.0; +https://awario.com/bots.html)"
65.21.113.246 - - [16/Apr/2025:09:59:33 -0400] "GET /the-best-cannabis-coffeeshops-in-amsterdam/ HTTP/1.1" 200 0 "-" "Mozilla/5.0 (compatible; AwarioBot/1.0; +https://awario.com/bots.html)"
65.21.113.246 - - [16/Apr/2025:09:59:40 -0400] "GET /the-best-pickup-lines-to-make-her-think-of-you-again/ HTTP/1.1" 200 0 "-" "Mozilla/5.0 (compatible; AwarioBot/1.0; +https://awario.com/bots.html)"
65.21.113.246 - - [16/Apr/2025:09:59:48 -0400] "GET /the-best-sarms-for-building-muscle/ HTTP/1.1" 200 0 "-" "Mozilla/5.0 (compatible; AwarioBot/1.0; +https://awario.com/bots.html)"
65.21.113.246 - - [16/Apr/2025:09:59:55 -0400] "GET /the-best-soccer-grip-socks/ HTTP/1.1" 200 0 "-" "Mozilla/5.0 (compatible; AwarioBot/1.0; +https://awario.com/bots.html)"
198.54.114.83 - - [16/Apr/2025:09:59:59 -0400] "POST /wp-cron.php?doing_wp_cron=1744811995.7853779792785644531250 HTTP/1.1" 200 0 "-" "WordPress/6.8; https://bakingsecurityin.com"
65.21.113.246 - - [16/Apr/2025:10:00:16 -0400] "GET /the-best-url-shortener-for-your-needs/ HTTP/1.1" 200 0 "-" "Mozilla/5.0 (compatible; AwarioBot/1.0; +https://awario.com/bots.html)"
65.21.113.246 - - [16/Apr/2025:10:00:24 -0400] "GET /the-best-ways-to-promote-your-twitch-channel/ HTTP/1.1" 200 0 "-" "Mozilla/5.0 (compatible; AwarioBot/1.0; +https://awario.com/bots.html)"
65.21.113.246 - - [16/Apr/2025:10:00:36 -0400] "GET /the-best-yachts-to-rent-in-tulum/ HTTP/1.1" 200 0 "-" "Mozilla/5.0 (compatible; AwarioBot/1.0; +https://awario.com/bots.html)"
65.21.113.246 - - [16/Apr/2025:10:00:43 -0400] "GET /the-botany-at-dairy-farm-2/ HTTP/1.1" 200 0 "-" "Mozilla/5.0 (compatible; AwarioBot/1.0; +https://awario.com/bots.html)"
65.21.113.246 - - [16/Apr/2025:10:00:57 -0400] "GET /the-charm-of-cranford/ HTTP/1.1" 200 0 "-" "Mozilla/5.0 (compatible; AwarioBot/1.0; +https://awario.com/bots.html)"
51.222.253.7 - - [16/Apr/2025:10:00:59 -0400] "GET /umzuge-buchholz/ HTTP/1.1" 200 0 "-" "Mozilla/5.0 (compatible; AhrefsBot/7.0; +http://ahrefs.com/robot/)"
198.54.114.83 - - [16/Apr/2025:10:00:59 -0400] "POST /wp-cron.php?doing_wp_cron=1744812057.2469079494476318359375 HTTP/1.1" 200 0 "-" "WordPress/6.8; https://bakingsecurityin.com"
65.21.113.246 - - [16/Apr/2025:10:01:05 -0400] "GET /the-companies-behind-pokemon-merchandising/ HTTP/1.1" 200 0 "-" "Mozilla/5.0 (compatible; AwarioBot/1.0; +https://awario.com/bots.html)"
65.21.113.246 - - [16/Apr/2025:10:01:12 -0400] "GET /the-components-of-audiovisual-rental/ HTTP/1.1" 200 0 "-" "Mozilla/5.0 (compatible; AwarioBot/1.0; +https://awario.com/bots.html)"
65.21.113.246 - - [16/Apr/2025:10:01:17 -0400] "GET /the-continuum-at-thiam-siew/ HTTP/1.1" 200 0 "-" "Mozilla/5.0 (compatible; AwarioBot/1.0; +https://awario.com/bots.html)"
65.21.113.246 - - [16/Apr/2025:10:01:23 -0400] "GET /the-convenience-of-buying-prescription-glasses-online/ HTTP/1.1" 200 0 "-" "Mozilla/5.0 (compatible; AwarioBot/1.0; +https://awario.com/bots.html)"
65.21.113.246 - - [16/Apr/2025:10:01:30 -0400] "GET /the-convenience-of-gift-certificates/ HTTP/1.1" 200 0 "-" "Mozilla/5.0 (compatible; AwarioBot/1.0; +https://awario.com/bots.html)"
65.21.113.246 - - [16/Apr/2025:10:01:40 -0400] "GET /the-culinary-artistry-of-bento-a-feast-for-the-senses/ HTTP/1.1" 200 0 "-" "Mozilla/5.0 (compatible; AwarioBot/1.0; +https://awario.com/bots.html)"
65.21.113.246 - - [16/Apr/2025:10:01:48 -0400] "GET /the-dark-side-of-face-filters/ HTTP/1.1" 200 0 "-" "Mozilla/5.0 (compatible; AwarioBot/1.0; +https://awario.com/bots.html)"
65.21.113.246 - - [16/Apr/2025:10:01:58 -0400] "GET /the-different-types-of-voice-over-work-that-you-can-do/ HTTP/1.1" 200 0 "-" "Mozilla/5.0 (compatible; AwarioBot/1.0; +https://awario.com/bots.html)"
198.54.114.83 - - [16/Apr/2025:10:02:04 -0400] "POST /wp-cron.php?doing_wp_cron=1744812118.2471449375152587890625 HTTP/1.1" 200 0 "-" "WordPress/6.8; https://bakingsecurityin.com"
65.21.113.246 - - [16/Apr/2025:10:02:08 -0400] "GET /the-digital-revolution-of-gambling/ HTTP/1.1" 200 0 "-" "Mozilla/5.0 (compatible; AwarioBot/1.0; +https://awario.com/bots.html)"
65.21.113.246 - - [16/Apr/2025:10:02:17 -0400] "GET /the-epitome-of-urban-luxury-union-square-residences/ HTTP/1.1" 200 0 "-" "Mozilla/5.0 (compatible; AwarioBot/1.0; +https://awario.com/bots.html)"
65.21.113.246 - - [16/Apr/2025:10:02:23 -0400] "GET /the-evolution-of-interactive-games/ HTTP/1.1" 200 0 "-" "Mozilla/5.0 (compatible; AwarioBot/1.0; +https://awario.com/bots.html)"
65.21.113.246 - - [16/Apr/2025:10:02:31 -0400] "GET /the-evolution-of-online-casinos/ HTTP/1.1" 200 0 "-" "Mozilla/5.0 (compatible; AwarioBot/1.0; +https://awario.com/bots.html)"
65.21.113.246 - - [16/Apr/2025:10:02:36 -0400] "GET /the-evolution-of-taxi-services/ HTTP/1.1" 200 0 "-" "Mozilla/5.0 (compatible; AwarioBot/1.0; +https://awario.com/bots.html)"
65.21.113.246 - - [16/Apr/2025:10:02:40 -0400] "GET /the-exquisite-elegance-of-the-reserve-residences-showroom/ HTTP/1.1" 200 0 "-" "Mozilla/5.0 (compatible; AwarioBot/1.0; +https://awario.com/bots.html)"
65.21.113.246 - - [16/Apr/2025:10:02:47 -0400] "GET /the-forest-of-arden/ HTTP/1.1" 200 0 "-" "Mozilla/5.0 (compatible; AwarioBot/1.0; +https://awario.com/bots.html)"
65.21.113.246 - - [16/Apr/2025:10:02:56 -0400] "GET /the-growing-popularity-of-online-casinos/ HTTP/1.1" 200 0 "-" "Mozilla/5.0 (compatible; AwarioBot/1.0; +https://awario.com/bots.html)"
65.21.113.246 - - [16/Apr/2025:10:03:04 -0400] "GET /the-hidden-secrets-of-photography-marketing-with-youtube/ HTTP/1.1" 200 0 "-" "Mozilla/5.0 (compatible; AwarioBot/1.0; +https://awario.com/bots.html)"
198.54.114.83 - - [16/Apr/2025:10:03:08 -0400] "POST /wp-cron.php?doing_wp_cron=1744812184.6313290596008300781250 HTTP/1.1" 200 0 "-" "WordPress/6.8; https://bakingsecurityin.com"
65.21.113.246 - - [16/Apr/2025:10:03:12 -0400] "GET /the-hill-condo-in-nashua-new-hampshire/ HTTP/1.1" 200 0 "-" "Mozilla/5.0 (compatible; AwarioBot/1.0; +https://awario.com/bots.html)"
65.21.113.246 - - [16/Apr/2025:10:03:19 -0400] "GET /the-hill-condo-is-a-new-full-service-community-in-dekalb-county/ HTTP/1.1" 200 0 "-" "Mozilla/5.0 (compatible; AwarioBot/1.0; +https://awario.com/bots.html)"
65.21.113.246 - - [16/Apr/2025:10:03:26 -0400] "GET /the-hill-shore/ HTTP/1.1" 200 0 "-" "Mozilla/5.0 (compatible; AwarioBot/1.0; +https://awario.com/bots.html)"
65.21.113.246 - - [16/Apr/2025:10:03:35 -0400] "GET /the-illusion-of-success-the-temptation-to-buy-youtube-views/ HTTP/1.1" 200 0 "-" "Mozilla/5.0 (compatible; AwarioBot/1.0; +https://awario.com/bots.html)"
65.21.113.246 - - [16/Apr/2025:10:03:42 -0400] "GET /the-impact-of-mrbeasts-gift-card-giveaway/ HTTP/1.1" 200 0 "-" "Mozilla/5.0 (compatible; AwarioBot/1.0; +https://awario.com/bots.html)"
65.21.113.246 - - [16/Apr/2025:10:03:50 -0400] "GET /the-impact-of-personal-life-coaching/ HTTP/1.1" 200 0 "-" "Mozilla/5.0 (compatible; AwarioBot/1.0; +https://awario.com/bots.html)"
65.21.113.246 - - [16/Apr/2025:10:03:57 -0400] "GET /the-importance-of-material-handling-equipment/ HTTP/1.1" 200 0 "-" "Mozilla/5.0 (compatible; AwarioBot/1.0; +https://awario.com/bots.html)"
65.21.113.246 - - [16/Apr/2025:10:04:04 -0400] "GET /the-importance-of-proper-gutter-maintenance/ HTTP/1.1" 200 0 "-" "Mozilla/5.0 (compatible; AwarioBot/1.0; +https://awario.com/bots.html)"
65.21.113.246 - - [16/Apr/2025:10:04:08 -0400] "GET /the-importance-of-proteins/ HTTP/1.1" 200 0 "-" "Mozilla/5.0 (compatible; AwarioBot/1.0; +https://awario.com/bots.html)"
198.54.114.83 - - [16/Apr/2025:10:04:11 -0400] "POST /wp-cron.php?doing_wp_cron=1744812249.0440440177917480468750 HTTP/1.1" 200 0 "-" "WordPress/6.8; https://bakingsecurityin.com"
65.21.113.246 - - [16/Apr/2025:10:04:15 -0400] "GET /the-importance-of-soffits-and-guttering/ HTTP/1.1" 200 0 "-" "Mozilla/5.0 (compatible; AwarioBot/1.0; +https://awario.com/bots.html)"
85.208.98.20 - - [16/Apr/2025:10:04:20 -0400] "GET /embaucher-un-comptable-en-restauration-pour-votre-entreprise-de-restauration/ HTTP/1.1" 200 0 "-" "Mozilla/5.0 (compatible; SemrushBot-BA; +http://www.semrush.com/bot.html)"
65.21.113.246 - - [16/Apr/2025:10:04:20 -0400] "GET /the-innovations-of-pharmalabglobal/ HTTP/1.1" 200 0 "-" "Mozilla/5.0 (compatible; AwarioBot/1.0; +https://awario.com/bots.html)"
65.21.113.246 - - [16/Apr/2025:10:04:26 -0400] "GET /the-international-gaming-awards-2011/ HTTP/1.1" 200 0 "-" "Mozilla/5.0 (compatible; AwarioBot/1.0; +https://awario.com/bots.html)"
65.21.113.246 - - [16/Apr/2025:10:04:45 -0400] "GET /the-japanese-katana-sword/ HTTP/1.1" 200 0 "-" "Mozilla/5.0 (compatible; AwarioBot/1.0; +https://awario.com/bots.html)"
65.21.113.246 - - [16/Apr/2025:10:04:53 -0400] "GET /the-klimt-cairnhill-showflat-experience/ HTTP/1.1" 200 0 "-" "Mozilla/5.0 (compatible; AwarioBot/1.0; +https://awario.com/bots.html)"
51.222.253.16 - - [16/Apr/2025:10:05:00 -0400] "GET /innovative-strategies-for-casino-solution-distribution/feed/ HTTP/1.1" 304 0 "-" "Mozilla/5.0 (compatible; AhrefsBot/7.0; +http://ahrefs.com/robot/)"
