65.21.113.246 - - [16/Apr/2025:08:12:20 -0400] "GET /best-resume-help-near-me/ HTTP/1.1" 200 0 "-" "Mozilla/5.0 (compatible; AwarioBot/1.0; +https://awario.com/bots.html)"
198.54.114.83 - - [16/Apr/2025:08:12:21 -0400] "POST /wp-cron.php?doing_wp_cron=1744805540.3673379421234130859375 HTTP/1.1" 200 0 "-" "WordPress/6.7.2; https://bakingsecurityin.com"
65.21.113.246 - - [16/Apr/2025:08:12:25 -0400] "GET /best-tips-for-moving-and-transport-of-furniture/ HTTP/1.1" 200 0 "-" "Mozilla/5.0 (compatible; AwarioBot/1.0; +https://awario.com/bots.html)"
65.21.113.246 - - [16/Apr/2025:08:12:28 -0400] "GET /best-treatments-for-teeth-sensitivity/ HTTP/1.1" 200 0 "-" "Mozilla/5.0 (compatible; AwarioBot/1.0; +https://awario.com/bots.html)"
65.21.113.246 - - [16/Apr/2025:08:12:33 -0400] "GET /betting-money-sites/ HTTP/1.1" 200 0 "-" "Mozilla/5.0 (compatible; AwarioBot/1.0; +https://awario.com/bots.html)"
65.21.113.246 - - [16/Apr/2025:08:12:35 -0400] "GET /betting-shops-in-the-uk/ HTTP/1.1" 200 0 "-" "Mozilla/5.0 (compatible; AwarioBot/1.0; +https://awario.com/bots.html)"
65.21.113.246 - - [16/Apr/2025:08:12:37 -0400] "GET /betting-shops-open-nearest-to-me-now/ HTTP/1.1" 200 0 "-" "Mozilla/5.0 (compatible; AwarioBot/1.0; +https://awario.com/bots.html)"
65.21.113.246 - - [16/Apr/2025:08:12:41 -0400] "GET /bewertung-von-immobilien-eine-analyse/ HTTP/1.1" 200 0 "-" "Mozilla/5.0 (compatible; AwarioBot/1.0; +https://awario.com/bots.html)"
65.21.113.246 - - [16/Apr/2025:08:12:44 -0400] "GET /biblioteca-y-archivos-de-centro-un-tesoro-escondido-para-la-historia-de-puerto-rico/ HTTP/1.1" 200 0 "-" "Mozilla/5.0 (compatible; AwarioBot/1.0; +https://awario.com/bots.html)"
65.21.113.246 - - [16/Apr/2025:08:12:50 -0400] "GET /bijouterie-a-montreal/ HTTP/1.1" 200 0 "-" "Mozilla/5.0 (compatible; AwarioBot/1.0; +https://awario.com/bots.html)"
65.21.113.246 - - [16/Apr/2025:08:12:55 -0400] "GET /bijoux-de-lait-maternel/ HTTP/1.1" 200 0 "-" "Mozilla/5.0 (compatible; AwarioBot/1.0; +https://awario.com/bots.html)"
65.21.113.246 - - [16/Apr/2025:08:13:00 -0400] "GET /robots.txt HTTP/1.1" 200 98 "-" "Mozilla/5.0 (compatible; AwarioBot/1.0; +https://awario.com/bots.html)"
65.21.113.246 - - [16/Apr/2025:08:13:02 -0400] "GET /birdseye-cloth-diapers-cloth-diapering-simplicity/ HTTP/1.1" 200 0 "-" "Mozilla/5.0 (compatible; AwarioBot/1.0; +https://awario.com/bots.html)"
185.191.171.17 - - [16/Apr/2025:08:13:02 -0400] "GET /reusable-iced-coffee-cups/ HTTP/1.1" 200 0 "-" "Mozilla/5.0 (compatible; SemrushBot/7~bl; +http://www.semrush.com/bot.html)"
65.21.113.246 - - [16/Apr/2025:08:13:06 -0400] "GET /black-seed-oil-uk/ HTTP/1.1" 200 0 "-" "Mozilla/5.0 (compatible; AwarioBot/1.0; +https://awario.com/bots.html)"
65.21.113.246 - - [16/Apr/2025:08:13:08 -0400] "GET /blank-apparel-wholesale/ HTTP/1.1" 200 0 "-" "Mozilla/5.0 (compatible; AwarioBot/1.0; +https://awario.com/bots.html)"
65.21.113.246 - - [16/Apr/2025:08:13:12 -0400] "GET /blissful-living-amidst-the-sunshine/ HTTP/1.1" 200 0 "-" "Mozilla/5.0 (compatible; AwarioBot/1.0; +https://awario.com/bots.html)"
65.21.113.246 - - [16/Apr/2025:08:13:16 -0400] "GET /boat-rental-cabo-where-to-rent-a-boat-in-cabo/ HTTP/1.1" 200 0 "-" "Mozilla/5.0 (compatible; AwarioBot/1.0; +https://awario.com/bots.html)"
65.21.113.246 - - [16/Apr/2025:08:13:16 -0400] "GET /der-weg-das-herz-zu-beruhren/ HTTP/1.1" 200 0 "-" "Mozilla/5.0 (compatible; AwarioBot/1.0; +https://awario.com/bots.html)"
65.21.113.246 - - [16/Apr/2025:08:13:18 -0400] "GET /bolatangkas-agen-bola-online-sbobet-terpercaya/ HTTP/1.1" 200 0 "-" "Mozilla/5.0 (compatible; AwarioBot/1.0; +https://awario.com/bots.html)"
198.54.114.83 - - [16/Apr/2025:08:13:23 -0400] "POST /wp-cron.php?doing_wp_cron=1744805602.3184480667114257812500 HTTP/1.1" 200 0 "-" "WordPress/6.7.2; https://bakingsecurityin.com"
65.21.113.246 - - [16/Apr/2025:08:13:22 -0400] "GET /boosting-your-small-business-with-effective-online-marketing/ HTTP/1.1" 200 0 "-" "Mozilla/5.0 (compatible; AwarioBot/1.0; +https://awario.com/bots.html)"
198.54.114.83 - - [16/Apr/2025:08:13:24 -0400] "POST /wp-admin/admin-ajax.php?action=async_litespeed&nonce=y434NuK3OgHcUmI3SB51EUMWTYBBlfuW&litespeed_type=imgoptm HTTP/1.1" 200 0 "-" "WordPress/6.7.2; https://bakingsecurityin.com"
65.21.113.246 - - [16/Apr/2025:08:13:31 -0400] "GET /borderline-syndrom-was-sind-die-symptome-eines-borderline-syndroms/ HTTP/1.1" 200 0 "-" "Mozilla/5.0 (compatible; AwarioBot/1.0; +https://awario.com/bots.html)"
65.21.113.246 - - [16/Apr/2025:08:13:31 -0400] "GET /der-weg-zur-mentalen-gesundheit-mit-einem-psychologen/ HTTP/1.1" 200 0 "-" "Mozilla/5.0 (compatible; AwarioBot/1.0; +https://awario.com/bots.html)"
65.21.113.246 - - [16/Apr/2025:08:13:34 -0400] "GET /borracce-personalizzate/ HTTP/1.1" 200 0 "-" "Mozilla/5.0 (compatible; AwarioBot/1.0; +https://awario.com/bots.html)"
65.21.113.246 - - [16/Apr/2025:08:13:36 -0400] "GET /descubre-como-calcular-el-costo-de-peajes-en-mexico/ HTTP/1.1" 200 0 "-" "Mozilla/5.0 (compatible; AwarioBot/1.0; +https://awario.com/bots.html)"
136.243.228.193 - - [16/Apr/2025:08:13:38 -0400] "GET /anwalt-hattingen/ HTTP/1.1" 200 0 "-" "Mozilla/5.0 (compatible; DataForSeoBot/1.0; +https://dataforseo.com/dataforseo-bot)"
65.21.113.246 - - [16/Apr/2025:08:13:38 -0400] "GET /bridging-bonds-the-craftsmanship-of-a-double-sided-adhesive-tape-manufacturer/ HTTP/1.1" 200 0 "-" "Mozilla/5.0 (compatible; AwarioBot/1.0; +https://awario.com/bots.html)"
65.21.113.246 - - [16/Apr/2025:08:13:41 -0400] "GET /diamond-painting-create-your-own-picture/ HTTP/1.1" 200 0 "-" "Mozilla/5.0 (compatible; AwarioBot/1.0; +https://awario.com/bots.html)"
65.21.113.246 - - [16/Apr/2025:08:13:43 -0400] "GET /brillez-avec-un-pack-argent-electrisant/ HTTP/1.1" 200 0 "-" "Mozilla/5.0 (compatible; AwarioBot/1.0; +https://awario.com/bots.html)"
65.21.113.246 - - [16/Apr/2025:08:13:46 -0400] "GET /die-anzeichen-einer-toxischen-beziehung/ HTTP/1.1" 200 0 "-" "Mozilla/5.0 (compatible; AwarioBot/1.0; +https://awario.com/bots.html)"
65.21.113.246 - - [16/Apr/2025:08:13:47 -0400] "GET /bring-your-lakeside-memories-home-with-lake-wall-art/ HTTP/1.1" 200 0 "-" "Mozilla/5.0 (compatible; AwarioBot/1.0; +https://awario.com/bots.html)"
51.222.253.17 - - [16/Apr/2025:08:13:50 -0400] "GET /choisir-une-agence-web/feed/ HTTP/1.1" 304 0 "-" "Mozilla/5.0 (compatible; AhrefsBot/7.0; +http://ahrefs.com/robot/)"
65.21.113.246 - - [16/Apr/2025:08:13:52 -0400] "GET /brush-machinery-for-various-industries/ HTTP/1.1" 200 0 "-" "Mozilla/5.0 (compatible; AwarioBot/1.0; +https://awario.com/bots.html)"
65.21.113.246 - - [16/Apr/2025:08:13:54 -0400] "GET /die-bedeutung-einer-bilanz/ HTTP/1.1" 200 0 "-" "Mozilla/5.0 (compatible; AwarioBot/1.0; +https://awario.com/bots.html)"
65.21.113.246 - - [16/Apr/2025:08:13:56 -0400] "GET /budget-challenges-and-medical-solutions-for-rural-healthcare/ HTTP/1.1" 200 0 "-" "Mozilla/5.0 (compatible; AwarioBot/1.0; +https://awario.com/bots.html)"
65.21.113.246 - - [16/Apr/2025:08:13:58 -0400] "GET /die-bedeutung-von-telefondienstleistern-fur-unternehmen/ HTTP/1.1" 200 0 "-" "Mozilla/5.0 (compatible; AwarioBot/1.0; +https://awario.com/bots.html)"
65.21.113.246 - - [16/Apr/2025:08:14:01 -0400] "GET /budgeting-for-a-vietnam-trip/ HTTP/1.1" 200 0 "-" "Mozilla/5.0 (compatible; AwarioBot/1.0; +https://awario.com/bots.html)"
65.21.113.246 - - [16/Apr/2025:08:14:03 -0400] "GET /die-beste-umzugsfirma-in-luneburg/ HTTP/1.1" 200 0 "-" "Mozilla/5.0 (compatible; AwarioBot/1.0; +https://awario.com/bots.html)"
65.21.113.246 - - [16/Apr/2025:08:14:07 -0400] "GET /buroreinigung-hamburg/ HTTP/1.1" 200 0 "-" "Mozilla/5.0 (compatible; AwarioBot/1.0; +https://awario.com/bots.html)"
65.21.113.246 - - [16/Apr/2025:08:14:09 -0400] "GET /die-besten-hotels-am-gardasee-in-italien/ HTTP/1.1" 200 0 "-" "Mozilla/5.0 (compatible; AwarioBot/1.0; +https://awario.com/bots.html)"
65.21.113.246 - - [16/Apr/2025:08:14:12 -0400] "GET /business-communication-with-3cx-pbx/ HTTP/1.1" 200 0 "-" "Mozilla/5.0 (compatible; AwarioBot/1.0; +https://awario.com/bots.html)"
65.21.113.246 - - [16/Apr/2025:08:14:14 -0400] "GET /die-besten-orte-um-lampen-online-zu-kaufen/ HTTP/1.1" 200 0 "-" "Mozilla/5.0 (compatible; AwarioBot/1.0; +https://awario.com/bots.html)"
65.21.113.246 - - [16/Apr/2025:08:14:15 -0400] "GET /business-trips-massage/ HTTP/1.1" 200 0 "-" "Mozilla/5.0 (compatible; AwarioBot/1.0; +https://awario.com/bots.html)"
65.21.113.246 - - [16/Apr/2025:08:14:20 -0400] "GET /die-besten-umzugsdienste-in-luneburg/ HTTP/1.1" 200 0 "-" "Mozilla/5.0 (compatible; AwarioBot/1.0; +https://awario.com/bots.html)"
65.21.113.246 - - [16/Apr/2025:08:14:19 -0400] "GET /buy-cannabis-online/ HTTP/1.1" 200 0 "-" "Mozilla/5.0 (compatible; AwarioBot/1.0; +https://awario.com/bots.html)"
198.54.114.83 - - [16/Apr/2025:08:14:21 -0400] "POST /wp-cron.php?doing_wp_cron=1744805660.2755339145660400390625 HTTP/1.1" 200 0 "-" "WordPress/6.7.2; https://bakingsecurityin.com"
198.54.114.83 - - [16/Apr/2025:08:14:23 -0400] "POST /wp-admin/admin-ajax.php?action=async_litespeed&nonce=lLUYPbKbbRCw6xApK5F9qqCgYnFGRb5V&litespeed_type=imgoptm HTTP/1.1" 200 0 "-" "WordPress/6.7.2; https://bakingsecurityin.com"
65.21.113.246 - - [16/Apr/2025:08:14:24 -0400] "GET /die-eleganz-der-moderne-die-hangelampe-im-zeitgeist/ HTTP/1.1" 200 0 "-" "Mozilla/5.0 (compatible; AwarioBot/1.0; +https://awario.com/bots.html)"
65.21.113.246 - - [16/Apr/2025:08:14:25 -0400] "GET /buy-hgh-canada/ HTTP/1.1" 200 0 "-" "Mozilla/5.0 (compatible; AwarioBot/1.0; +https://awario.com/bots.html)"
65.21.113.246 - - [16/Apr/2025:08:14:28 -0400] "GET /buy-robocop/ HTTP/1.1" 200 0 "-" "Mozilla/5.0 (compatible; AwarioBot/1.0; +https://awario.com/bots.html)"
65.21.113.246 - - [16/Apr/2025:08:14:32 -0400] "GET /buy-saves-tikik-to-boost-your-visibility-on-tiktok/ HTTP/1.1" 200 0 "-" "Mozilla/5.0 (compatible; AwarioBot/1.0; +https://awario.com/bots.html)"
65.21.113.246 - - [16/Apr/2025:08:14:37 -0400] "GET /buy-tickok-views-and-likes/ HTTP/1.1" 200 0 "-" "Mozilla/5.0 (compatible; AwarioBot/1.0; +https://awario.com/bots.html)"
65.21.113.246 - - [16/Apr/2025:08:14:39 -0400] "GET /die-faszination-von-videoanimationen/ HTTP/1.1" 200 0 "-" "Mozilla/5.0 (compatible; AwarioBot/1.0; +https://awario.com/bots.html)"
65.21.113.246 - - [16/Apr/2025:08:14:40 -0400] "GET /buy-tiktok-saves-to-get-more-views-and-likes/ HTTP/1.1" 200 0 "-" "Mozilla/5.0 (compatible; AwarioBot/1.0; +https://awario.com/bots.html)"
65.21.113.246 - - [16/Apr/2025:08:14:44 -0400] "GET /buy-watch-hours-on-youtube-from-reputable-companies/ HTTP/1.1" 200 0 "-" "Mozilla/5.0 (compatible; AwarioBot/1.0; +https://awario.com/bots.html)"
65.21.113.246 - - [16/Apr/2025:08:14:45 -0400] "GET /die-grundlagen-des-gitarrespielens/ HTTP/1.1" 200 0 "-" "Mozilla/5.0 (compatible; AwarioBot/1.0; +https://awario.com/bots.html)"
65.21.113.246 - - [16/Apr/2025:08:14:49 -0400] "GET /buy-youtube-shares-to-get-more-views-likes-and-subscribers/ HTTP/1.1" 200 0 "-" "Mozilla/5.0 (compatible; AwarioBot/1.0; +https://awario.com/bots.html)"
65.21.113.246 - - [16/Apr/2025:08:14:52 -0400] "GET /buy-youtube-views-cheap-and-working/ HTTP/1.1" 200 0 "-" "Mozilla/5.0 (compatible; AwarioBot/1.0; +https://awario.com/bots.html)"
65.21.113.246 - - [16/Apr/2025:08:14:57 -0400] "GET /buy-youtube-views-how-to-buy-youtube-views-legitimately/ HTTP/1.1" 200 0 "-" "Mozilla/5.0 (compatible; AwarioBot/1.0; +https://awario.com/bots.html)"
65.21.113.246 - - [16/Apr/2025:08:15:01 -0400] "GET /die-kunst-der-buchfuhrung-ein-blick-auf-die-welt-der-rechnungslegung/ HTTP/1.1" 200 0 "-" "Mozilla/5.0 (compatible; AwarioBot/1.0; +https://awario.com/bots.html)"
65.21.113.246 - - [16/Apr/2025:08:15:04 -0400] "GET /buy-zaza-red/ HTTP/1.1" 200 0 "-" "Mozilla/5.0 (compatible; AwarioBot/1.0; +https://awario.com/bots.html)"
65.21.113.246 - - [16/Apr/2025:08:15:08 -0400] "GET /buying-a-backpack-with-portable-charger/ HTTP/1.1" 200 0 "-" "Mozilla/5.0 (compatible; AwarioBot/1.0; +https://awario.com/bots.html)"
65.21.113.246 - - [16/Apr/2025:08:15:08 -0400] "GET /die-schonheit-von-hangelampen-eine-ode-an-eleganz-und-funktionalitat/ HTTP/1.1" 200 0 "-" "Mozilla/5.0 (compatible; AwarioBot/1.0; +https://awario.com/bots.html)"
65.21.113.246 - - [16/Apr/2025:08:15:14 -0400] "GET /buying-a-home-in-the-united-states-with-a-foreigner-loan/ HTTP/1.1" 200 0 "-" "Mozilla/5.0 (compatible; AwarioBot/1.0; +https://awario.com/bots.html)"
65.21.113.246 - - [16/Apr/2025:08:15:21 -0400] "GET /buying-a-michael-kors-satchel-bag/ HTTP/1.1" 200 0 "-" "Mozilla/5.0 (compatible; AwarioBot/1.0; +https://awario.com/bots.html)"
198.54.114.83 - - [16/Apr/2025:08:15:22 -0400] "POST /wp-cron.php?doing_wp_cron=1744805721.3812201023101806640625 HTTP/1.1" 200 0 "-" "WordPress/6.7.2; https://bakingsecurityin.com"
65.21.113.246 - - [16/Apr/2025:08:15:21 -0400] "GET /die-transformative-kraft-von-uberwachungskameras/ HTTP/1.1" 200 0 "-" "Mozilla/5.0 (compatible; AwarioBot/1.0; +https://awario.com/bots.html)"
198.54.114.83 - - [16/Apr/2025:08:15:25 -0400] "POST /wp-admin/admin-ajax.php?action=async_litespeed&nonce=9KBmjSB8x9nVoe3tgYFZDH4xvuA4UBxt&litespeed_type=imgoptm HTTP/1.1" 200 0 "-" "WordPress/6.7.2; https://bakingsecurityin.com"
65.21.113.246 - - [16/Apr/2025:08:15:27 -0400] "GET /buying-a-mini-blender/ HTTP/1.1" 200 0 "-" "Mozilla/5.0 (compatible; AwarioBot/1.0; +https://awario.com/bots.html)"
65.21.113.246 - - [16/Apr/2025:08:15:28 -0400] "GET /die-unterschiede-zwischen-einem-baukredit-und-einer-hypothek/ HTTP/1.1" 200 0 "-" "Mozilla/5.0 (compatible; AwarioBot/1.0; +https://awario.com/bots.html)"
65.21.113.246 - - [16/Apr/2025:08:15:32 -0400] "GET /buying-followers-on-tiktok/ HTTP/1.1" 200 0 "-" "Mozilla/5.0 (compatible; AwarioBot/1.0; +https://awario.com/bots.html)"
65.21.113.246 - - [16/Apr/2025:08:15:33 -0400] "GET /die-zuverlassige-umzugsfirma-in-luneburg/ HTTP/1.1" 200 0 "-" "Mozilla/5.0 (compatible; AwarioBot/1.0; +https://awario.com/bots.html)"
65.21.113.246 - - [16/Apr/2025:08:15:37 -0400] "GET /buying-the-best-shotgun-for-your-deer-hunting-guns-collection/ HTTP/1.1" 200 0 "-" "Mozilla/5.0 (compatible; AwarioBot/1.0; +https://awario.com/bots.html)"
65.21.113.246 - - [16/Apr/2025:08:15:39 -0400] "GET /different-types-of-real-estate/ HTTP/1.1" 200 0 "-" "Mozilla/5.0 (compatible; AwarioBot/1.0; +https://awario.com/bots.html)"
65.21.113.246 - - [16/Apr/2025:08:15:41 -0400] "GET /buying-youtube-likes/ HTTP/1.1" 200 0 "-" "Mozilla/5.0 (compatible; AwarioBot/1.0; +https://awario.com/bots.html)"
65.21.113.246 - - [16/Apr/2025:08:15:42 -0400] "GET /digital-marketing-agency-in-mumbai/ HTTP/1.1" 200 0 "-" "Mozilla/5.0 (compatible; AwarioBot/1.0; +https://awario.com/bots.html)"
65.21.113.246 - - [16/Apr/2025:08:15:45 -0400] "GET /cache-level-3-courses/ HTTP/1.1" 200 0 "-" "Mozilla/5.0 (compatible; AwarioBot/1.0; +https://awario.com/bots.html)"
65.21.113.246 - - [16/Apr/2025:08:15:45 -0400] "GET /disadvantages-of-using-a-bitcoin-mixer/ HTTP/1.1" 200 0 "-" "Mozilla/5.0 (compatible; AwarioBot/1.0; +https://awario.com/bots.html)"
65.21.113.246 - - [16/Apr/2025:08:15:48 -0400] "GET /cairnhill-16-an-urban-eden-in-the-heart-of-singapore/ HTTP/1.1" 200 0 "-" "Mozilla/5.0 (compatible; AwarioBot/1.0; +https://awario.com/bots.html)"
65.21.113.246 - - [16/Apr/2025:08:15:48 -0400] "GET /disappearing-act-the-complete-guide-to-deleting-your-instagram-account/ HTTP/1.1" 200 0 "-" "Mozilla/5.0 (compatible; AwarioBot/1.0; +https://awario.com/bots.html)"
65.21.113.246 - - [16/Apr/2025:08:15:52 -0400] "GET /cake-delta-8-carts/ HTTP/1.1" 200 0 "-" "Mozilla/5.0 (compatible; AwarioBot/1.0; +https://awario.com/bots.html)"
65.21.113.246 - - [16/Apr/2025:08:15:53 -0400] "GET /financial-technology-and-its-role-in-empowering-emerging-markets/ HTTP/1.1" 200 0 "-" "Mozilla/5.0 (compatible; AwarioBot/1.0; +https://awario.com/bots.html)"
65.21.113.246 - - [16/Apr/2025:08:15:56 -0400] "GET /calisthenics-leg-exercises/ HTTP/1.1" 200 0 "-" "Mozilla/5.0 (compatible; AwarioBot/1.0; +https://awario.com/bots.html)"
65.21.113.246 - - [16/Apr/2025:08:16:05 -0400] "GET /can-a-dog-dewormer-cure-cancer/ HTTP/1.1" 200 0 "-" "Mozilla/5.0 (compatible; AwarioBot/1.0; +https://awario.com/bots.html)"
65.21.113.246 - - [16/Apr/2025:08:16:08 -0400] "GET /find-a-curly-hair-salon-that-works-with-your-unique-ringlet-pattern/ HTTP/1.1" 200 0 "-" "Mozilla/5.0 (compatible; AwarioBot/1.0; +https://awario.com/bots.html)"
65.21.113.246 - - [16/Apr/2025:08:16:12 -0400] "GET /finding-a-chicago-locksmith-near-me/ HTTP/1.1" 200 0 "-" "Mozilla/5.0 (compatible; AwarioBot/1.0; +https://awario.com/bots.html)"
65.21.113.246 - - [16/Apr/2025:08:16:16 -0400] "GET /finding-a-chiropractor-near-me/ HTTP/1.1" 200 0 "-" "Mozilla/5.0 (compatible; AwarioBot/1.0; +https://awario.com/bots.html)"
65.21.113.246 - - [16/Apr/2025:08:16:17 -0400] "GET /can-fenben-for-humans-cure-cancer/ HTTP/1.1" 200 0 "-" "Mozilla/5.0 (compatible; AwarioBot/1.0; +https://awario.com/bots.html)"
65.21.113.246 - - [16/Apr/2025:08:16:21 -0400] "GET /can-fenbendazole-be-used-as-a-cancer-treatment/ HTTP/1.1" 200 0 "-" "Mozilla/5.0 (compatible; AwarioBot/1.0; +https://awario.com/bots.html)"
65.21.113.246 - - [16/Apr/2025:08:16:22 -0400] "GET /finding-an-accredited-redken-beauty-school-in-san-jose-california/ HTTP/1.1" 200 0 "-" "Mozilla/5.0 (compatible; AwarioBot/1.0; +https://awario.com/bots.html)"
198.54.114.83 - - [16/Apr/2025:08:16:24 -0400] "POST /wp-cron.php?doing_wp_cron=1744805782.2846419811248779296875 HTTP/1.1" 200 0 "-" "WordPress/6.7.2; https://bakingsecurityin.com"
65.21.113.246 - - [16/Apr/2025:08:16:27 -0400] "GET /can-fenbendazole-cure-cancer-2/ HTTP/1.1" 200 0 "-" "Mozilla/5.0 (compatible; AwarioBot/1.0; +https://awario.com/bots.html)"
65.21.113.246 - - [16/Apr/2025:08:16:29 -0400] "GET /finding-kratom-near-me/ HTTP/1.1" 200 0 "-" "Mozilla/5.0 (compatible; AwarioBot/1.0; +https://awario.com/bots.html)"
51.222.253.4 - - [16/Apr/2025:08:16:31 -0400] "GET /what-to-expect-from-a-professional-car-detailing-service/feed/ HTTP/1.1" 200 420 "-" "Mozilla/5.0 (compatible; AhrefsBot/7.0; +http://ahrefs.com/robot/)"
65.21.113.246 - - [16/Apr/2025:08:16:32 -0400] "GET /can-fenbendazole-cure-cancer/ HTTP/1.1" 200 0 "-" "Mozilla/5.0 (compatible; AwarioBot/1.0; +https://awario.com/bots.html)"
65.21.113.246 - - [16/Apr/2025:08:16:34 -0400] "GET /finding-legal-support-in-queens-for-domestic-violence-cases/ HTTP/1.1" 200 0 "-" "Mozilla/5.0 (compatible; AwarioBot/1.0; +https://awario.com/bots.html)"
65.21.113.246 - - [16/Apr/2025:08:16:39 -0400] "GET /can-truck-a-verifiable-viewpoint/ HTTP/1.1" 200 0 "-" "Mozilla/5.0 (compatible; AwarioBot/1.0; +https://awario.com/bots.html)"
65.21.113.246 - - [16/Apr/2025:08:16:49 -0400] "GET /finding-the-right-curly-hairdresser/ HTTP/1.1" 200 0 "-" "Mozilla/5.0 (compatible; AwarioBot/1.0; +https://awario.com/bots.html)"
65.21.113.246 - - [16/Apr/2025:08:16:49 -0400] "GET /cant-repay-your-student-loans-5-ways-to-get-help/ HTTP/1.1" 200 0 "-" "Mozilla/5.0 (compatible; AwarioBot/1.0; +https://awario.com/bots.html)"
65.21.113.246 - - [16/Apr/2025:08:16:53 -0400] "GET /car-key-replacement-locksmith/ HTTP/1.1" 200 0 "-" "Mozilla/5.0 (compatible; AwarioBot/1.0; +https://awario.com/bots.html)"
65.21.113.246 - - [16/Apr/2025:08:16:54 -0400] "GET /finding-the-right-divorce-lawyer/ HTTP/1.1" 200 0 "-" "Mozilla/5.0 (compatible; AwarioBot/1.0; +https://awario.com/bots.html)"
65.21.113.246 - - [16/Apr/2025:08:16:58 -0400] "GET /finding-the-right-rv-fridge-for-your-needs-and-budget/ HTTP/1.1" 200 0 "-" "Mozilla/5.0 (compatible; AwarioBot/1.0; +https://awario.com/bots.html)"
65.21.113.246 - - [16/Apr/2025:08:16:59 -0400] "GET /carbon-monoxide-poisoning-from-gas-heaters-how-you-can-avoid/ HTTP/1.1" 200 0 "-" "Mozilla/5.0 (compatible; AwarioBot/1.0; +https://awario.com/bots.html)"
65.21.113.246 - - [16/Apr/2025:08:17:03 -0400] "GET /finding-top-speech-therapy-services-in-dubai/ HTTP/1.1" 200 0 "-" "Mozilla/5.0 (compatible; AwarioBot/1.0; +https://awario.com/bots.html)"
65.21.113.246 - - [16/Apr/2025:08:17:06 -0400] "GET /career-change-strategies/ HTTP/1.1" 200 0 "-" "Mozilla/5.0 (compatible; AwarioBot/1.0; +https://awario.com/bots.html)"
65.21.113.246 - - [16/Apr/2025:08:17:07 -0400] "GET /finding-where-to-donate-food-near-you/ HTTP/1.1" 200 0 "-" "Mozilla/5.0 (compatible; AwarioBot/1.0; +https://awario.com/bots.html)"
65.21.113.246 - - [16/Apr/2025:08:17:09 -0400] "GET /careers-in-cyber-security/ HTTP/1.1" 200 0 "-" "Mozilla/5.0 (compatible; AwarioBot/1.0; +https://awario.com/bots.html)"
65.21.113.246 - - [16/Apr/2025:08:17:11 -0400] "GET /fire-pump-manufacturer/ HTTP/1.1" 200 0 "-" "Mozilla/5.0 (compatible; AwarioBot/1.0; +https://awario.com/bots.html)"
65.21.113.246 - - [16/Apr/2025:08:17:12 -0400] "GET /caregiver-jobs-near-me-2/ HTTP/1.1" 200 0 "-" "Mozilla/5.0 (compatible; AwarioBot/1.0; +https://awario.com/bots.html)"
65.21.113.246 - - [16/Apr/2025:08:17:14 -0400] "GET /five-tips-to-choosing-the-right-digital-agency-for-you/ HTTP/1.1" 200 0 "-" "Mozilla/5.0 (compatible; AwarioBot/1.0; +https://awario.com/bots.html)"
65.21.113.246 - - [16/Apr/2025:08:17:16 -0400] "GET /caregiver-jobs-near-me/ HTTP/1.1" 200 0 "-" "Mozilla/5.0 (compatible; AwarioBot/1.0; +https://awario.com/bots.html)"
65.21.113.246 - - [16/Apr/2025:08:17:20 -0400] "GET /florida-fha-loan-application/ HTTP/1.1" 200 0 "-" "Mozilla/5.0 (compatible; AwarioBot/1.0; +https://awario.com/bots.html)"
65.21.113.246 - - [16/Apr/2025:08:17:22 -0400] "GET /caregiver-safety/ HTTP/1.1" 200 0 "-" "Mozilla/5.0 (compatible; AwarioBot/1.0; +https://awario.com/bots.html)"
198.54.114.83 - - [16/Apr/2025:08:17:24 -0400] "POST /wp-cron.php?doing_wp_cron=1744805842.4746270179748535156250 HTTP/1.1" 200 0 "-" "WordPress/6.7.2; https://bakingsecurityin.com"
65.21.113.246 - - [16/Apr/2025:08:17:24 -0400] "GET /food-ingredients-first-natural-colors/ HTTP/1.1" 200 0 "-" "Mozilla/5.0 (compatible; AwarioBot/1.0; +https://awario.com/bots.html)"
65.21.113.246 - - [16/Apr/2025:08:17:27 -0400] "GET /carport-entryways-roller-entryway-versus-over-top-entryway/ HTTP/1.1" 200 0 "-" "Mozilla/5.0 (compatible; AwarioBot/1.0; +https://awario.com/bots.html)"
65.21.113.246 - - [16/Apr/2025:08:17:28 -0400] "GET /football-betting-tips-how-to-increase-your-chances-of-winning/ HTTP/1.1" 200 0 "-" "Mozilla/5.0 (compatible; AwarioBot/1.0; +https://awario.com/bots.html)"
65.21.113.246 - - [16/Apr/2025:08:17:30 -0400] "GET /cartagena-colombia-a-hotspot-for-bachelor-parties/ HTTP/1.1" 200 0 "-" "Mozilla/5.0 (compatible; AwarioBot/1.0; +https://awario.com/bots.html)"
65.21.113.246 - - [16/Apr/2025:08:17:34 -0400] "GET /football-odds-explained/ HTTP/1.1" 200 0 "-" "Mozilla/5.0 (compatible; AwarioBot/1.0; +https://awario.com/bots.html)"
65.21.113.246 - - [16/Apr/2025:08:17:35 -0400] "GET /cartoon-wallpaper-iphone/ HTTP/1.1" 200 0 "-" "Mozilla/5.0 (compatible; AwarioBot/1.0; +https://awario.com/bots.html)"
65.21.113.246 - - [16/Apr/2025:08:17:37 -0400] "GET /category/about-us/ HTTP/1.1" 200 0 "-" "Mozilla/5.0 (compatible; AwarioBot/1.0; +https://awario.com/bots.html)"
65.21.113.246 - - [16/Apr/2025:08:17:37 -0400] "GET /ford-bronco-hard-tire-cover/ HTTP/1.1" 200 0 "-" "Mozilla/5.0 (compatible; AwarioBot/1.0; +https://awario.com/bots.html)"
65.21.113.246 - - [16/Apr/2025:08:17:41 -0400] "GET /category/activity/ HTTP/1.1" 200 0 "-" "Mozilla/5.0 (compatible; AwarioBot/1.0; +https://awario.com/bots.html)"
65.21.113.246 - - [16/Apr/2025:08:17:41 -0400] "GET /free-online-employment-law-advice-for-employees-uk/ HTTP/1.1" 200 0 "-" "Mozilla/5.0 (compatible; AwarioBot/1.0; +https://awario.com/bots.html)"
65.21.113.246 - - [16/Apr/2025:08:17:46 -0400] "GET /category/gaming/ HTTP/1.1" 200 0 "-" "Mozilla/5.0 (compatible; AwarioBot/1.0; +https://awario.com/bots.html)"
65.21.113.246 - - [16/Apr/2025:08:17:50 -0400] "GET /category/general/ HTTP/1.1" 200 0 "-" "Mozilla/5.0 (compatible; AwarioBot/1.0; +https://awario.com/bots.html)"
65.21.113.246 - - [16/Apr/2025:08:17:52 -0400] "GET /category/how-to/ HTTP/1.1" 200 0 "-" "Mozilla/5.0 (compatible; AwarioBot/1.0; +https://awario.com/bots.html)"
65.21.113.246 - - [16/Apr/2025:08:17:56 -0400] "GET /category/iphone/ HTTP/1.1" 200 0 "-" "Mozilla/5.0 (compatible; AwarioBot/1.0; +https://awario.com/bots.html)"
65.21.113.246 - - [16/Apr/2025:08:18:00 -0400] "GET /category/mobile/ HTTP/1.1" 200 0 "-" "Mozilla/5.0 (compatible; AwarioBot/1.0; +https://awario.com/bots.html)"
65.21.113.246 - - [16/Apr/2025:08:18:04 -0400] "GET /cbd-gummies-another-benefit-healthy-skin/ HTTP/1.1" 200 0 "-" "Mozilla/5.0 (compatible; AwarioBot/1.0; +https://awario.com/bots.html)"
65.21.113.246 - - [16/Apr/2025:08:18:10 -0400] "GET /cbd-oil-uk/ HTTP/1.1" 200 0 "-" "Mozilla/5.0 (compatible; AwarioBot/1.0; +https://awario.com/bots.html)"
65.21.113.246 - - [16/Apr/2025:08:18:14 -0400] "GET /cbrn-chemical-biological-radiological-and-nuclear-dangers/ HTTP/1.1" 200 0 "-" "Mozilla/5.0 (compatible; AwarioBot/1.0; +https://awario.com/bots.html)"
65.21.113.246 - - [16/Apr/2025:08:18:14 -0400] "GET /free-standing-fireplaces-are-designed-to-easily-fit-in-any-room/ HTTP/1.1" 200 0 "-" "Mozilla/5.0 (compatible; AwarioBot/1.0; +https://awario.com/bots.html)"
65.21.113.246 - - [16/Apr/2025:08:18:17 -0400] "GET /ce-que-vous-devez-savoir-sur-la-peinture-street-art/ HTTP/1.1" 200 0 "-" "Mozilla/5.0 (compatible; AwarioBot/1.0; +https://awario.com/bots.html)"
65.21.113.246 - - [16/Apr/2025:08:18:18 -0400] "GET /center-parcs-ostdeutschland/ HTTP/1.1" 200 0 "-" "Mozilla/5.0 (compatible; AwarioBot/1.0; +https://awario.com/bots.html)"
65.21.113.246 - - [16/Apr/2025:08:18:25 -0400] "GET /centrul-de-meditatie-si-dezvoltare-personala-ocupa-locul-orasului-bucuresti/ HTTP/1.1" 200 0 "-" "Mozilla/5.0 (compatible; AwarioBot/1.0; +https://awario.com/bots.html)"
198.54.114.83 - - [16/Apr/2025:08:18:30 -0400] "POST /wp-cron.php?doing_wp_cron=1744805909.1787090301513671875000 HTTP/1.1" 200 0 "-" "WordPress/6.7.2; https://bakingsecurityin.com"
65.21.113.246 - - [16/Apr/2025:08:18:28 -0400] "GET /disaster-recovery-in-the-cloud/ HTTP/1.1" 200 0 "-" "Mozilla/5.0 (compatible; AwarioBot/1.0; +https://awario.com/bots.html)"
198.54.114.83 - - [16/Apr/2025:08:18:31 -0400] "POST /wp-admin/admin-ajax.php?action=async_litespeed&nonce=4FDVoFaKet9XxtG1saLM8YBWCVlSsoMM&litespeed_type=imgoptm HTTP/1.1" 200 0 "-" "WordPress/6.7.2; https://bakingsecurityin.com"
65.21.113.246 - - [16/Apr/2025:08:18:33 -0400] "GET /discover-expert-hearing-care-in-auckland/ HTTP/1.1" 200 0 "-" "Mozilla/5.0 (compatible; AwarioBot/1.0; +https://awario.com/bots.html)"
65.21.113.246 - - [16/Apr/2025:08:18:38 -0400] "GET /discover-the-charm-of-resort-lake-garda/ HTTP/1.1" 200 0 "-" "Mozilla/5.0 (compatible; AwarioBot/1.0; +https://awario.com/bots.html)"
185.191.171.15 - - [16/Apr/2025:08:18:41 -0400] "GET /robots.txt HTTP/1.1" 304 0 "-" "Mozilla/5.0 (compatible; SemrushBot/7~bl; +http://www.semrush.com/bot.html)"
65.21.113.246 - - [16/Apr/2025:08:18:43 -0400] "GET /discovering-luxury-living-at-canninghill-piers-showflat/ HTTP/1.1" 200 0 "-" "Mozilla/5.0 (compatible; AwarioBot/1.0; +https://awario.com/bots.html)"
65.21.113.246 - - [16/Apr/2025:08:18:44 -0400] "GET /from-words-to-meaning-exploring-semantic-analysis/ HTTP/1.1" 200 0 "-" "Mozilla/5.0 (compatible; AwarioBot/1.0; +https://awario.com/bots.html)"
65.21.113.246 - - [16/Apr/2025:08:18:47 -0400] "GET /discovering-unblocked-games-6x-a-gateway-to-fun/ HTTP/1.1" 200 0 "-" "Mozilla/5.0 (compatible; AwarioBot/1.0; +https://awario.com/bots.html)"
65.21.113.246 - - [16/Apr/2025:08:18:51 -0400] "GET /divorce-lawyer-in-kiryat-bialik/ HTTP/1.1" 200 0 "-" "Mozilla/5.0 (compatible; AwarioBot/1.0; +https://awario.com/bots.html)"
65.21.113.246 - - [16/Apr/2025:08:18:56 -0400] "GET /does-battlefield-2042-have-a-campaign/ HTTP/1.1" 200 0 "-" "Mozilla/5.0 (compatible; AwarioBot/1.0; +https://awario.com/bots.html)"
65.21.113.246 - - [16/Apr/2025:08:18:56 -0400] "GET /funko-pop-marvel-a-must-have-for-fans-of-the-marvel-franchise/ HTTP/1.1" 200 0 "-" "Mozilla/5.0 (compatible; AwarioBot/1.0; +https://awario.com/bots.html)"
185.191.171.7 - - [16/Apr/2025:08:19:00 -0400] "GET /scheidungsanwalt-in-hattingen-expertise-und-unterstutzung-in-schwierigen-zeiten/ HTTP/1.1" 200 0 "-" "Mozilla/5.0 (compatible; SemrushBot/7~bl; +http://www.semrush.com/bot.html)"
65.21.113.246 - - [16/Apr/2025:08:19:01 -0400] "GET /does-fenbendazole-cure-cancer/ HTTP/1.1" 200 0 "-" "Mozilla/5.0 (compatible; AwarioBot/1.0; +https://awario.com/bots.html)"
65.21.113.246 - - [16/Apr/2025:08:19:05 -0400] "GET /does-fenbendazole-cure-cancr/ HTTP/1.1" 200 0 "-" "Mozilla/5.0 (compatible; AwarioBot/1.0; +https://awario.com/bots.html)"
65.21.113.246 - - [16/Apr/2025:08:19:10 -0400] "GET /douches-italiennes-la-nouvelle-tendance-salle-de-bain/ HTTP/1.1" 200 0 "-" "Mozilla/5.0 (compatible; AwarioBot/1.0; +https://awario.com/bots.html)"
65.21.113.246 - - [16/Apr/2025:08:19:13 -0400] "GET /du-jeu-en-ligne-1xbet/ HTTP/1.1" 200 0 "-" "Mozilla/5.0 (compatible; AwarioBot/1.0; +https://awario.com/bots.html)"
65.21.113.246 - - [16/Apr/2025:08:19:13 -0400] "GET /gambling-and-online-roulette/ HTTP/1.1" 200 0 "-" "Mozilla/5.0 (compatible; AwarioBot/1.0; +https://awario.com/bots.html)"
65.21.113.246 - - [16/Apr/2025:08:19:18 -0400] "GET /dubai-city-of-gold/ HTTP/1.1" 200 0 "-" "Mozilla/5.0 (compatible; AwarioBot/1.0; +https://awario.com/bots.html)"
65.21.113.246 - - [16/Apr/2025:08:19:18 -0400] "GET /gambling-and-poker/ HTTP/1.1" 200 0 "-" "Mozilla/5.0 (compatible; AwarioBot/1.0; +https://awario.com/bots.html)"
65.21.113.246 - - [16/Apr/2025:08:19:24 -0400] "GET /gambling-and-sociodemographic-factors/ HTTP/1.1" 200 0 "-" "Mozilla/5.0 (compatible; AwarioBot/1.0; +https://awario.com/bots.html)"
65.21.113.246 - - [16/Apr/2025:08:19:23 -0400] "GET /dunkin-donuts-coffee-cups-benefits-and-features/ HTTP/1.1" 200 0 "-" "Mozilla/5.0 (compatible; AwarioBot/1.0; +https://awario.com/bots.html)"
198.54.114.83 - - [16/Apr/2025:08:19:26 -0400] "POST /wp-cron.php?doing_wp_cron=1744805963.8709208965301513671875 HTTP/1.1" 200 0 "-" "WordPress/6.7.2; https://bakingsecurityin.com"
65.21.113.246 - - [16/Apr/2025:08:19:29 -0400] "GET /dwi-driving-while-impaired-intoxicated-and-implied-consent-in-north-carolina/ HTTP/1.1" 200 0 "-" "Mozilla/5.0 (compatible; AwarioBot/1.0; +https://awario.com/bots.html)"
65.21.113.246 - - [16/Apr/2025:08:19:29 -0400] "GET /gambling-sites-101/ HTTP/1.1" 200 0 "-" "Mozilla/5.0 (compatible; AwarioBot/1.0; +https://awario.com/bots.html)"
51.222.253.12 - - [16/Apr/2025:08:19:31 -0400] "GET /dunkin-donuts-coffee-cups-benefits-and-features/feed/ HTTP/1.1" 200 432 "-" "Mozilla/5.0 (compatible; AhrefsBot/7.0; +http://ahrefs.com/robot/)"
65.21.113.246 - - [16/Apr/2025:08:19:33 -0400] "GET /gambling-slots/ HTTP/1.1" 200 0 "-" "Mozilla/5.0 (compatible; AwarioBot/1.0; +https://awario.com/bots.html)"
65.21.113.246 - - [16/Apr/2025:08:19:36 -0400] "GET /dwi-lawyer-near-me/ HTTP/1.1" 200 0 "-" "Mozilla/5.0 (compatible; AwarioBot/1.0; +https://awario.com/bots.html)"
65.21.113.246 - - [16/Apr/2025:08:19:40 -0400] "GET /easiest-way-to-make-a-robot-in-little-alchemy/ HTTP/1.1" 200 0 "-" "Mozilla/5.0 (compatible; AwarioBot/1.0; +https://awario.com/bots.html)"
65.21.113.246 - - [16/Apr/2025:08:19:44 -0400] "GET /eco-imaginative-ideas-for-expanding-mechanized-truck-wash-volume/ HTTP/1.1" 200 0 "-" "Mozilla/5.0 (compatible; AwarioBot/1.0; +https://awario.com/bots.html)"
65.21.113.246 - - [16/Apr/2025:08:19:48 -0400] "GET /effective-solutions-for-forward-head-posture/ HTTP/1.1" 200 0 "-" "Mozilla/5.0 (compatible; AwarioBot/1.0; +https://awario.com/bots.html)"
65.21.113.246 - - [16/Apr/2025:08:19:48 -0400] "GET /game-on-unveiling-the-dynamic-landscape-of-mobile-game-downloads-in-2024/ HTTP/1.1" 200 0 "-" "Mozilla/5.0 (compatible; AwarioBot/1.0; +https://awario.com/bots.html)"
65.21.113.246 - - [16/Apr/2025:08:19:53 -0400] "GET /effektive-entrumpelung-in-luneburg/ HTTP/1.1" 200 0 "-" "Mozilla/5.0 (compatible; AwarioBot/1.0; +https://awario.com/bots.html)"
65.21.113.246 - - [16/Apr/2025:08:19:57 -0400] "GET /effektive-haushaltsauflosungen-in-luneburg/ HTTP/1.1" 200 0 "-" "Mozilla/5.0 (compatible; AwarioBot/1.0; +https://awario.com/bots.html)"
65.21.113.246 - - [16/Apr/2025:08:20:03 -0400] "GET /effektive-unternehmensraumung-in-luneburg/ HTTP/1.1" 200 0 "-" "Mozilla/5.0 (compatible; AwarioBot/1.0; +https://awario.com/bots.html)"
65.21.113.246 - - [16/Apr/2025:08:20:05 -0400] "GET /games-for-memorable-outdoor-events/ HTTP/1.1" 200 0 "-" "Mozilla/5.0 (compatible; AwarioBot/1.0; +https://awario.com/bots.html)"
65.21.113.246 - - [16/Apr/2025:08:20:12 -0400] "GET /genai-for-customer-support-explore-the-elastic/ HTTP/1.1" 200 0 "-" "Mozilla/5.0 (compatible; AwarioBot/1.0; +https://awario.com/bots.html)"
65.21.113.246 - - [16/Apr/2025:08:20:12 -0400] "GET /efficient-communication-for-realtors/ HTTP/1.1" 200 0 "-" "Mozilla/5.0 (compatible; AwarioBot/1.0; +https://awario.com/bots.html)"
65.21.113.246 - - [16/Apr/2025:08:20:16 -0400] "GET /efficient-virtual-telephone-answering-service-for-modern-business-needs/ HTTP/1.1" 200 0 "-" "Mozilla/5.0 (compatible; AwarioBot/1.0; +https://awario.com/bots.html)"
65.21.113.246 - - [16/Apr/2025:08:20:16 -0400] "GET /georgia-lawyers/ HTTP/1.1" 200 0 "-" "Mozilla/5.0 (compatible; AwarioBot/1.0; +https://awario.com/bots.html)"
65.21.113.246 - - [16/Apr/2025:08:20:19 -0400] "GET /effiziente-unternehmensauflosungen-in-luneburg/ HTTP/1.1" 200 0 "-" "Mozilla/5.0 (compatible; AwarioBot/1.0; +https://awario.com/bots.html)"
65.21.113.246 - - [16/Apr/2025:08:20:21 -0400] "GET /german-class-in-london/ HTTP/1.1" 200 0 "-" "Mozilla/5.0 (compatible; AwarioBot/1.0; +https://awario.com/bots.html)"
65.21.113.246 - - [16/Apr/2025:08:20:22 -0400] "GET /effiziente-wohnungsraumung-in-luneburg/ HTTP/1.1" 200 0 "-" "Mozilla/5.0 (compatible; AwarioBot/1.0; +https://awario.com/bots.html)"
198.54.114.83 - - [16/Apr/2025:08:20:28 -0400] "POST /wp-cron.php?doing_wp_cron=1744806026.9648680686950683593750 HTTP/1.1" 200 0 "-" "WordPress/6.7.2; https://bakingsecurityin.com"
65.21.113.246 - - [16/Apr/2025:08:20:27 -0400] "GET /effizienter-umzug-in-hamburg-mit-einem-professionellen-umzugsunternehmen/ HTTP/1.1" 200 0 "-" "Mozilla/5.0 (compatible; AwarioBot/1.0; +https://awario.com/bots.html)"
65.21.113.246 - - [16/Apr/2025:08:20:26 -0400] "GET /german-classes-for-every-learner/ HTTP/1.1" 200 0 "-" "Mozilla/5.0 (compatible; AwarioBot/1.0; +https://awario.com/bots.html)"
198.54.114.83 - - [16/Apr/2025:08:20:31 -0400] "POST /wp-admin/admin-ajax.php?action=async_litespeed&nonce=0Zp6ldUa1uLDEwg4myCqcgT5HTUuIXDI&litespeed_type=imgoptm HTTP/1.1" 200 0 "-" "WordPress/6.7.2; https://bakingsecurityin.com"
65.21.113.246 - - [16/Apr/2025:08:20:33 -0400] "GET /effizienter-umzug-in-hamburg/ HTTP/1.1" 200 0 "-" "Mozilla/5.0 (compatible; AwarioBot/1.0; +https://awario.com/bots.html)"
65.21.113.246 - - [16/Apr/2025:08:20:37 -0400] "GET /ein-schlussel-zum-erfolg/ HTTP/1.1" 200 0 "-" "Mozilla/5.0 (compatible; AwarioBot/1.0; +https://awario.com/bots.html)"
65.21.113.246 - - [16/Apr/2025:08:20:41 -0400] "GET /ekg-machines-whats-in-store-from-a-test/ HTTP/1.1" 200 0 "-" "Mozilla/5.0 (compatible; AwarioBot/1.0; +https://awario.com/bots.html)"
65.21.113.246 - - [16/Apr/2025:08:20:42 -0400] "GET /german-classes-in-london/ HTTP/1.1" 200 0 "-" "Mozilla/5.0 (compatible; AwarioBot/1.0; +https://awario.com/bots.html)"
65.21.113.246 - - [16/Apr/2025:08:20:46 -0400] "GET /electrical-panel-clearwater-why-it-is-important-to-have-it-inspected/ HTTP/1.1" 200 0 "-" "Mozilla/5.0 (compatible; AwarioBot/1.0; +https://awario.com/bots.html)"
65.21.113.246 - - [16/Apr/2025:08:20:49 -0400] "GET /german-classes-london/ HTTP/1.1" 200 0 "-" "Mozilla/5.0 (compatible; AwarioBot/1.0; +https://awario.com/bots.html)"
65.21.113.246 - - [16/Apr/2025:08:20:54 -0400] "GET /elegance-of-the-natural-shell-oval-pendant-necklace/ HTTP/1.1" 200 0 "-" "Mozilla/5.0 (compatible; AwarioBot/1.0; +https://awario.com/bots.html)"
65.21.113.246 - - [16/Apr/2025:08:20:55 -0400] "GET /get-the-most-out-of-conservatory-roofs-all-year-round/ HTTP/1.1" 200 0 "-" "Mozilla/5.0 (compatible; AwarioBot/1.0; +https://awario.com/bots.html)"
65.21.113.246 - - [16/Apr/2025:08:21:01 -0400] "GET /get-the-right-commercial-refrigerator-for-your-new-restaurant/ HTTP/1.1" 200 0 "-" "Mozilla/5.0 (compatible; AwarioBot/1.0; +https://awario.com/bots.html)"
65.21.113.246 - - [16/Apr/2025:08:21:01 -0400] "GET /elegant-design-and-contemporary-comforts/ HTTP/1.1" 200 0 "-" "Mozilla/5.0 (compatible; AwarioBot/1.0; +https://awario.com/bots.html)"
65.21.113.246 - - [16/Apr/2025:08:21:05 -0400] "GET /getting-familiar-with-refrigerator-parts/ HTTP/1.1" 200 0 "-" "Mozilla/5.0 (compatible; AwarioBot/1.0; +https://awario.com/bots.html)"
65.21.113.246 - - [16/Apr/2025:08:21:07 -0400] "GET /elevated-living-exploring-the-charms-of-park-hill-condo/ HTTP/1.1" 200 0 "-" "Mozilla/5.0 (compatible; AwarioBot/1.0; +https://awario.com/bots.html)"
65.21.113.246 - - [16/Apr/2025:08:21:09 -0400] "GET /getting-started-with-accessories/ HTTP/1.1" 200 0 "-" "Mozilla/5.0 (compatible; AwarioBot/1.0; +https://awario.com/bots.html)"
65.21.113.246 - - [16/Apr/2025:08:21:12 -0400] "GET /elevating-corporate-events-the-power-of-entertainment/ HTTP/1.1" 200 0 "-" "Mozilla/5.0 (compatible; AwarioBot/1.0; +https://awario.com/bots.html)"
65.21.113.246 - - [16/Apr/2025:08:21:14 -0400] "GET /gitarre-lernen-fur-anfanger/ HTTP/1.1" 200 0 "-" "Mozilla/5.0 (compatible; AwarioBot/1.0; +https://awario.com/bots.html)"
65.21.113.246 - - [16/Apr/2025:08:21:15 -0400] "GET /elevating-outdoor-comfort-exploring-the-best-in-outdoor-chairs/ HTTP/1.1" 200 0 "-" "Mozilla/5.0 (compatible; AwarioBot/1.0; +https://awario.com/bots.html)"
65.21.113.246 - - [16/Apr/2025:08:21:19 -0400] "GET /elope-to-spain-for-a-dream-wedding-in-paradise/ HTTP/1.1" 200 0 "-" "Mozilla/5.0 (compatible; AwarioBot/1.0; +https://awario.com/bots.html)"
198.54.114.83 - - [16/Apr/2025:08:21:21 -0400] "POST /wp-cron.php?doing_wp_cron=1744806080.2154181003570556640625 HTTP/1.1" 200 0 "-" "WordPress/6.7.2; https://bakingsecurityin.com"
65.21.113.246 - - [16/Apr/2025:08:21:25 -0400] "GET /embaucher-un-comptable-en-restauration-pour-votre-entreprise-de-restauration/ HTTP/1.1" 200 0 "-" "Mozilla/5.0 (compatible; AwarioBot/1.0; +https://awario.com/bots.html)"
65.21.113.246 - - [16/Apr/2025:08:21:29 -0400] "GET /en-quoi-les-boites-dhuile-de-chanvre-personnalisees-sont-elles-benefiques-pour-votre-entreprise/ HTTP/1.1" 200 0 "-" "Mozilla/5.0 (compatible; AwarioBot/1.0; +https://awario.com/bots.html)"
65.21.113.246 - - [16/Apr/2025:08:21:30 -0400] "GET /gitarre-lernen-in-dusseldorf-fur-anfanger-und-fortgeschrittene/ HTTP/1.1" 200 0 "-" "Mozilla/5.0 (compatible; AwarioBot/1.0; +https://awario.com/bots.html)"
65.21.113.246 - - [16/Apr/2025:08:21:33 -0400] "GET /enhancing-lives-through-occupational-therapy-in-dubai/ HTTP/1.1" 200 0 "-" "Mozilla/5.0 (compatible; AwarioBot/1.0; +https://awario.com/bots.html)"
65.21.113.246 - - [16/Apr/2025:08:21:36 -0400] "GET /gitarrenunterricht-fur-anfanger/ HTTP/1.1" 200 0 "-" "Mozilla/5.0 (compatible; AwarioBot/1.0; +https://awario.com/bots.html)"
65.21.113.246 - - [16/Apr/2025:08:21:37 -0400] "GET /enjoy-adelaides-cbd-during-your-stay/ HTTP/1.1" 200 0 "-" "Mozilla/5.0 (compatible; AwarioBot/1.0; +https://awario.com/bots.html)"
65.21.113.246 - - [16/Apr/2025:08:21:41 -0400] "GET /enjoy-online-games-without-downloads/ HTTP/1.1" 200 0 "-" "Mozilla/5.0 (compatible; AwarioBot/1.0; +https://awario.com/bots.html)"
65.21.113.246 - - [16/Apr/2025:08:21:45 -0400] "GET /enjoy-the-convenience-of-online-delivery-services/ HTTP/1.1" 200 0 "-" "Mozilla/5.0 (compatible; AwarioBot/1.0; +https://awario.com/bots.html)"
65.21.113.246 - - [16/Apr/2025:08:21:48 -0400] "GET /entdecke-das-lebendige-viertel-dusseldorf-unterbilk/ HTTP/1.1" 200 0 "-" "Mozilla/5.0 (compatible; AwarioBot/1.0; +https://awario.com/bots.html)"
65.21.113.246 - - [16/Apr/2025:08:21:51 -0400] "GET /gitarrenunterricht-in-dusseldorf-fur-alle-niveaus/ HTTP/1.1" 200 0 "-" "Mozilla/5.0 (compatible; AwarioBot/1.0; +https://awario.com/bots.html)"
65.21.113.246 - - [16/Apr/2025:08:21:51 -0400] "GET /entrance-and-living-spaces/ HTTP/1.1" 200 0 "-" "Mozilla/5.0 (compatible; AwarioBot/1.0; +https://awario.com/bots.html)"
65.21.113.246 - - [16/Apr/2025:08:21:59 -0400] "GET /entre-excitation-et-responsabilite/ HTTP/1.1" 200 0 "-" "Mozilla/5.0 (compatible; AwarioBot/1.0; +https://awario.com/bots.html)"
185.191.171.1 - - [16/Apr/2025:08:22:03 -0400] "GET /luxury-livery-service-at-your-doorstep/ HTTP/1.1" 200 0 "-" "Mozilla/5.0 (compatible; SemrushBot/7~bl; +http://www.semrush.com/bot.html)"
65.21.113.246 - - [16/Apr/2025:08:22:04 -0400] "GET /entspannung-und-abenteuer-im-resort-am-gardasee/ HTTP/1.1" 200 0 "-" "Mozilla/5.0 (compatible; AwarioBot/1.0; +https://awario.com/bots.html)"
65.21.113.246 - - [16/Apr/2025:08:22:06 -0400] "GET /gitarrenunterricht-in-essen-fur-anfanger-und-experten/ HTTP/1.1" 200 0 "-" "Mozilla/5.0 (compatible; AwarioBot/1.0; +https://awario.com/bots.html)"
65.21.113.246 - - [16/Apr/2025:08:22:09 -0400] "GET /epaviste-gratuit-91/ HTTP/1.1" 200 0 "-" "Mozilla/5.0 (compatible; AwarioBot/1.0; +https://awario.com/bots.html)"
65.21.113.246 - - [16/Apr/2025:08:22:13 -0400] "GET /epilation-au-laser-a-rouen/ HTTP/1.1" 200 0 "-" "Mozilla/5.0 (compatible; AwarioBot/1.0; +https://awario.com/bots.html)"
65.21.113.246 - - [16/Apr/2025:08:22:18 -0400] "GET /essential-airsoft-gear/ HTTP/1.1" 200 0 "-" "Mozilla/5.0 (compatible; AwarioBot/1.0; +https://awario.com/bots.html)"
65.21.113.246 - - [16/Apr/2025:08:22:22 -0400] "GET /essential-skills-for-voice-over-artists/ HTTP/1.1" 200 0 "-" "Mozilla/5.0 (compatible; AwarioBot/1.0; +https://awario.com/bots.html)"
65.21.113.246 - - [16/Apr/2025:08:22:22 -0400] "GET /gitarrenunterricht/ HTTP/1.1" 200 0 "-" "Mozilla/5.0 (compatible; AwarioBot/1.0; +https://awario.com/bots.html)"
198.54.114.83 - - [16/Apr/2025:08:22:23 -0400] "POST /wp-cron.php?doing_wp_cron=1744806142.4077959060668945312500 HTTP/1.1" 200 0 "-" "WordPress/6.7.2; https://bakingsecurityin.com"
198.54.114.83 - - [16/Apr/2025:08:22:23 -0400] "POST /wp-cron.php?doing_wp_cron=1744806142.5231559276580810546875 HTTP/1.1" 200 0 "-" "WordPress/6.7.2; https://bakingsecurityin.com"
198.54.114.83 - - [16/Apr/2025:08:22:25 -0400] "POST /wp-admin/admin-ajax.php?action=async_litespeed&nonce=drVFIeMtyBetn37Z6bfAnYuCLnNCPB7q&litespeed_type=imgoptm HTTP/1.1" 200 0 "-" "WordPress/6.7.2; https://bakingsecurityin.com"
65.21.113.246 - - [16/Apr/2025:08:22:26 -0400] "GET /essentially-the-best-gathering-halloween-ensembles/ HTTP/1.1" 200 0 "-" "Mozilla/5.0 (compatible; AwarioBot/1.0; +https://awario.com/bots.html)"
65.21.113.246 - - [16/Apr/2025:08:22:29 -0400] "GET /gold-shark-tooth-necklace/ HTTP/1.1" 200 0 "-" "Mozilla/5.0 (compatible; AwarioBot/1.0; +https://awario.com/bots.html)"
65.21.113.246 - - [16/Apr/2025:08:22:29 -0400] "GET /estepona-and-sotogrande-the-best-restaurants-in-estepona-and-sotogrande/ HTTP/1.1" 200 0 "-" "Mozilla/5.0 (compatible; AwarioBot/1.0; +https://awario.com/bots.html)"
65.21.113.246 - - [16/Apr/2025:08:22:34 -0400] "GET /golden-visa-lawyer-spain/ HTTP/1.1" 200 0 "-" "Mozilla/5.0 (compatible; AwarioBot/1.0; +https://awario.com/bots.html)"
51.222.253.12 - - [16/Apr/2025:08:22:34 -0400] "GET /golden-visa-lawyer-spain/feed/ HTTP/1.1" 200 392 "-" "Mozilla/5.0 (compatible; AhrefsBot/7.0; +http://ahrefs.com/robot/)"
65.21.113.246 - - [16/Apr/2025:08:22:36 -0400] "GET /ev-charging-modes/ HTTP/1.1" 200 0 "-" "Mozilla/5.0 (compatible; AwarioBot/1.0; +https://awario.com/bots.html)"
65.21.113.246 - - [16/Apr/2025:08:22:38 -0400] "GET /grainger-rockwell-hardness-tester-for-sale/ HTTP/1.1" 200 0 "-" "Mozilla/5.0 (compatible; AwarioBot/1.0; +https://awario.com/bots.html)"
65.21.113.246 - - [16/Apr/2025:08:22:40 -0400] "GET /expertenrat-fur-kandidaten-die-gitarrenunterricht-fur-anfanger-nehmen/ HTTP/1.1" 200 0 "-" "Mozilla/5.0 (compatible; AwarioBot/1.0; +https://awario.com/bots.html)"
65.21.113.246 - - [16/Apr/2025:08:22:42 -0400] "GET /grand-dunman-a-mega-project-with-a-luxury-feel/ HTTP/1.1" 200 0 "-" "Mozilla/5.0 (compatible; AwarioBot/1.0; +https://awario.com/bots.html)"
65.21.113.246 - - [16/Apr/2025:08:22:44 -0400] "GET /explore-the-best-apartments/ HTTP/1.1" 200 0 "-" "Mozilla/5.0 (compatible; AwarioBot/1.0; +https://awario.com/bots.html)"
65.21.113.246 - - [16/Apr/2025:08:22:47 -0400] "GET /grand-dunman-condominium-in-district-15/ HTTP/1.1" 200 0 "-" "Mozilla/5.0 (compatible; AwarioBot/1.0; +https://awario.com/bots.html)"
65.21.113.246 - - [16/Apr/2025:08:22:49 -0400] "GET /explore-unforgettable-2025-pesach-programs/ HTTP/1.1" 200 0 "-" "Mozilla/5.0 (compatible; AwarioBot/1.0; +https://awario.com/bots.html)"
65.21.113.246 - - [16/Apr/2025:08:22:53 -0400] "GET /grandes-visites-gratuites-et-bon-marche-de-la-ville-de-geneve/ HTTP/1.1" 200 0 "-" "Mozilla/5.0 (compatible; AwarioBot/1.0; +https://awario.com/bots.html)"
65.21.113.246 - - [16/Apr/2025:08:22:54 -0400] "GET /exploring-architectural-elegance/ HTTP/1.1" 200 0 "-" "Mozilla/5.0 (compatible; AwarioBot/1.0; +https://awario.com/bots.html)"
65.21.113.246 - - [16/Apr/2025:08:22:59 -0400] "GET /exploring-fenbendazole-potential-benefits-for-humans/ HTTP/1.1" 200 0 "-" "Mozilla/5.0 (compatible; AwarioBot/1.0; +https://awario.com/bots.html)"
65.21.113.246 - - [16/Apr/2025:08:23:00 -0400] "GET /grip-socks-for-soccer/ HTTP/1.1" 200 0 "-" "Mozilla/5.0 (compatible; AwarioBot/1.0; +https://awario.com/bots.html)"
65.21.113.246 - - [16/Apr/2025:08:23:05 -0400] "GET /exploring-fire-hose-nozzles/ HTTP/1.1" 200 0 "-" "Mozilla/5.0 (compatible; AwarioBot/1.0; +https://awario.com/bots.html)"
65.21.113.246 - - [16/Apr/2025:08:23:05 -0400] "GET /gucci-briefcases-for-women/ HTTP/1.1" 200 0 "-" "Mozilla/5.0 (compatible; AwarioBot/1.0; +https://awario.com/bots.html)"
65.21.113.246 - - [16/Apr/2025:08:23:12 -0400] "GET /exploring-living-at-the-chuan-park-condo/ HTTP/1.1" 200 0 "-" "Mozilla/5.0 (compatible; AwarioBot/1.0; +https://awario.com/bots.html)"
65.21.113.246 - - [16/Apr/2025:08:23:17 -0400] "GET /exploring-nusa-penida-a-hidden-gem-of-bali/ HTTP/1.1" 200 0 "-" "Mozilla/5.0 (compatible; AwarioBot/1.0; +https://awario.com/bots.html)"
65.21.113.246 - - [16/Apr/2025:08:23:19 -0400] "GET /guerir-les-blessures-invisibles-avec-lemdr/ HTTP/1.1" 200 0 "-" "Mozilla/5.0 (compatible; AwarioBot/1.0; +https://awario.com/bots.html)"
198.54.114.83 - - [16/Apr/2025:08:23:21 -0400] "POST /wp-cron.php?doing_wp_cron=1744806200.3332250118255615234375 HTTP/1.1" 200 0 "-" "WordPress/6.7.2; https://bakingsecurityin.com"
65.21.113.246 - - [16/Apr/2025:08:23:20 -0400] "GET /exploring-the-allure-of-sora-condo/ HTTP/1.1" 200 0 "-" "Mozilla/5.0 (compatible; AwarioBot/1.0; +https://awario.com/bots.html)"
198.54.114.83 - - [16/Apr/2025:08:23:22 -0400] "POST /wp-admin/admin-ajax.php?action=async_litespeed&nonce=TO0PrGgexmch7QHi2HOCxunuRxEoq3U0&litespeed_type=imgoptm HTTP/1.1" 200 0 "-" "WordPress/6.7.2; https://bakingsecurityin.com"
65.21.113.246 - - [16/Apr/2025:08:23:23 -0400] "GET /guida-completa-su-come-pulire-loro-bianco/ HTTP/1.1" 200 0 "-" "Mozilla/5.0 (compatible; AwarioBot/1.0; +https://awario.com/bots.html)"
65.21.113.246 - - [16/Apr/2025:08:23:25 -0400] "GET /exploring-the-ardor-residence-showflat/ HTTP/1.1" 200 0 "-" "Mozilla/5.0 (compatible; AwarioBot/1.0; +https://awario.com/bots.html)"
65.21.113.246 - - [16/Apr/2025:08:23:26 -0400] "GET /guide-du-debutant-et-introduction-au-marketing-video/ HTTP/1.1" 200 0 "-" "Mozilla/5.0 (compatible; AwarioBot/1.0; +https://awario.com/bots.html)"
65.21.113.246 - - [16/Apr/2025:08:23:28 -0400] "GET /exploring-the-chuan-park-showflat/ HTTP/1.1" 200 0 "-" "Mozilla/5.0 (compatible; AwarioBot/1.0; +https://awario.com/bots.html)"
65.21.113.246 - - [16/Apr/2025:08:23:31 -0400] "GET /gutter-cleaning-winchester-why-you-should-get-your-gutters-cleaned/ HTTP/1.1" 200 0 "-" "Mozilla/5.0 (compatible; AwarioBot/1.0; +https://awario.com/bots.html)"
65.21.113.246 - - [16/Apr/2025:08:23:32 -0400] "GET /exploring-the-concept-of-omnigenceam/ HTTP/1.1" 200 0 "-" "Mozilla/5.0 (compatible; AwarioBot/1.0; +https://awario.com/bots.html)"
65.21.113.246 - - [16/Apr/2025:08:23:36 -0400] "GET /exploring-the-elegance-of-lentoria-condo/ HTTP/1.1" 200 0 "-" "Mozilla/5.0 (compatible; AwarioBot/1.0; +https://awario.com/bots.html)"
65.21.113.246 - - [16/Apr/2025:08:23:36 -0400] "GET /gym-fitness-wordpress-theme/ HTTP/1.1" 200 0 "-" "Mozilla/5.0 (compatible; AwarioBot/1.0; +https://awario.com/bots.html)"
65.21.113.246 - - [16/Apr/2025:08:23:41 -0400] "GET /exploring-the-hidden-gems-nusa-penida-tour/ HTTP/1.1" 200 0 "-" "Mozilla/5.0 (compatible; AwarioBot/1.0; +https://awario.com/bots.html)"
65.21.113.246 - - [16/Apr/2025:08:23:44 -0400] "GET /exploring-the-hillhaven-showflat/ HTTP/1.1" 200 0 "-" "Mozilla/5.0 (compatible; AwarioBot/1.0; +https://awario.com/bots.html)"
65.21.113.246 - - [16/Apr/2025:08:23:48 -0400] "GET /exploring-the-hillock-green-showflat/ HTTP/1.1" 200 0 "-" "Mozilla/5.0 (compatible; AwarioBot/1.0; +https://awario.com/bots.html)"
65.21.113.246 - - [16/Apr/2025:08:23:51 -0400] "GET /hairdresser-for-curly-textured-or-wavy-hair/ HTTP/1.1" 200 0 "-" "Mozilla/5.0 (compatible; AwarioBot/1.0; +https://awario.com/bots.html)"
65.21.113.246 - - [16/Apr/2025:08:23:52 -0400] "GET /exploring-the-jervois-treasures-showflat/ HTTP/1.1" 200 0 "-" "Mozilla/5.0 (compatible; AwarioBot/1.0; +https://awario.com/bots.html)"
65.21.113.246 - - [16/Apr/2025:08:23:57 -0400] "GET /exploring-the-midtown-modern-showflat/ HTTP/1.1" 200 0 "-" "Mozilla/5.0 (compatible; AwarioBot/1.0; +https://awario.com/bots.html)"
65.21.113.246 - - [16/Apr/2025:08:24:03 -0400] "GET /exploring-the-multicanais-phenomenon/ HTTP/1.1" 200 0 "-" "Mozilla/5.0 (compatible; AwarioBot/1.0; +https://awario.com/bots.html)"
