51.222.253.8 - - [15/Apr/2025:11:53:01 -0400] "GET /regime-facile/feed/ HTTP/1.1" 304 0 "-" "Mozilla/5.0 (compatible; AhrefsBot/7.0; +http://ahrefs.com/robot/)"
198.54.114.83 - - [15/Apr/2025:11:53:08 -0400] "POST /wp-cron.php?doing_wp_cron=1744732384.6103188991546630859375 HTTP/1.1" 200 0 "-" "WordPress/6.7.2; https://bakingsecurityin.com"
3.147.47.108 - - [15/Apr/2025:11:55:14 -0400] "GET /fall-prevention-using-custom-non-slip-socks HTTP/1.1" 301 0 "-" "Mozilla/5.0 AppleWebKit/537.36 (KHTML, like Gecko; compatible; ClaudeBot/1.0; +claudebot@anthropic.com)"
198.54.114.83 - - [15/Apr/2025:11:55:21 -0400] "POST /wp-cron.php?doing_wp_cron=1744732518.5685899257659912109375 HTTP/1.1" 200 0 "-" "WordPress/6.7.2; https://bakingsecurityin.com"
51.222.253.12 - - [15/Apr/2025:11:55:19 -0400] "GET /ce-que-vous-devez-savoir-sur-la-peinture-street-art/feed/ HTTP/1.1" 200 425 "-" "Mozilla/5.0 (compatible; AhrefsBot/7.0; +http://ahrefs.com/robot/)"
3.147.47.108 - - [15/Apr/2025:11:55:23 -0400] "GET /fall-prevention-using-custom-non-slip-socks/ HTTP/1.1" 200 0 "https://bakingsecurityin.com/fall-prevention-using-custom-non-slip-socks" "Mozilla/5.0 AppleWebKit/537.36 (KHTML, like Gecko; compatible; ClaudeBot/1.0; +claudebot@anthropic.com)"
51.222.253.12 - - [15/Apr/2025:11:57:38 -0400] "GET /ice-breaker-questions-for-kids-2/feed/ HTTP/1.1" 200 399 "-" "Mozilla/5.0 (compatible; AhrefsBot/7.0; +http://ahrefs.com/robot/)"
198.54.114.83 - - [15/Apr/2025:11:57:44 -0400] "POST /wp-cron.php?doing_wp_cron=1744732661.5566298961639404296875 HTTP/1.1" 200 0 "-" "WordPress/6.7.2; https://bakingsecurityin.com"
114.119.174.226 - - [15/Apr/2025:11:59:54 -0400] "GET /wp-login.php HTTP/1.1" 200 1737 "http://bakingsecurityin.com" "Mozilla/5.0 (Windows NT 10.0; Win64; x64) AppleWebKit/537.36 (KHTML, like Gecko) Chrome/126.0.0.0 Safari/537.36 Edg/126.0.0.0"
51.222.253.15 - - [15/Apr/2025:12:00:12 -0400] "GET /category/activity/page/51/ HTTP/1.1" 200 0 "-" "Mozilla/5.0 (compatible; AhrefsBot/7.0; +http://ahrefs.com/robot/)"
47.79.198.7 - - [15/Apr/2025:12:00:16 -0400] "GET / HTTP/1.1" 200 0 "https://www.google.com/" "Mozilla/5.0 (Windows NT 10.0; Win64; x64) AppleWebKit/537.36 (KHTML, like Gecko) Chrome/132.0.0.0 Safari/537.36 Edg/132.0.0.0"
51.222.253.1 - - [15/Apr/2025:12:02:36 -0400] "GET /how-to-grow-your-business-quickly-and-efficiently/feed/ HTTP/1.1" 304 0 "-" "Mozilla/5.0 (compatible; AhrefsBot/7.0; +http://ahrefs.com/robot/)"
198.54.114.83 - - [15/Apr/2025:12:02:42 -0400] "POST /wp-cron.php?doing_wp_cron=1744732960.3138000965118408203125 HTTP/1.1" 200 0 "-" "WordPress/6.7.2; https://bakingsecurityin.com"
54.36.148.107 - - [15/Apr/2025:12:05:14 -0400] "GET /robots.txt HTTP/1.1" 200 98 "-" "Mozilla/5.0 (compatible; AhrefsBot/7.0; +http://ahrefs.com/robot/)"
51.222.253.3 - - [15/Apr/2025:12:05:22 -0400] "GET /category/activity/page/73/ HTTP/1.1" 200 0 "-" "Mozilla/5.0 (compatible; AhrefsBot/7.0; +http://ahrefs.com/robot/)"
198.54.114.83 - - [15/Apr/2025:12:05:29 -0400] "POST /wp-cron.php?doing_wp_cron=1744733125.0128650665283203125000 HTTP/1.1" 200 0 "-" "WordPress/6.7.2; https://bakingsecurityin.com"
119.28.225.114 - - [15/Apr/2025:12:06:23 -0400] "GET /tips-for-diamond-painting-own-picture/ HTTP/1.1" 200 0 "-" "Python/3.10 aiohttp/3.10.5"
198.54.114.83 - - [15/Apr/2025:12:07:43 -0400] "POST /wp-cron.php?doing_wp_cron=1744733262.5399489402770996093750 HTTP/1.1" 200 0 "-" "WordPress/6.7.2; https://bakingsecurityin.com"
51.222.253.6 - - [15/Apr/2025:12:07:42 -0400] "GET /exploring-nusa-penida-a-hidden-gem-of-bali/feed/ HTTP/1.1" 304 0 "-" "Mozilla/5.0 (compatible; AhrefsBot/7.0; +http://ahrefs.com/robot/)"
198.54.114.83 - - [15/Apr/2025:12:07:45 -0400] "POST /wp-admin/admin-ajax.php?action=async_litespeed&nonce=CfWRhGWEb1az6DVYoMQVZxCk7RVAygbO&litespeed_type=imgoptm HTTP/1.1" 200 0 "-" "WordPress/6.7.2; https://bakingsecurityin.com"
198.54.114.83 - - [15/Apr/2025:12:09:59 -0400] "POST /wp-cron.php?doing_wp_cron=1744733398.8457670211791992187500 HTTP/1.1" 200 0 "-" "WordPress/6.7.2; https://bakingsecurityin.com"
51.222.253.19 - - [15/Apr/2025:12:09:54 -0400] "GET /page/22/ HTTP/1.1" 200 0 "-" "Mozilla/5.0 (compatible; AhrefsBot/7.0; +http://ahrefs.com/robot/)"
198.54.114.83 - - [15/Apr/2025:12:10:01 -0400] "POST /wp-admin/admin-ajax.php?action=async_litespeed&nonce=Uf36OzjEDXzAMOUfsf7DVeXjLhwUITGe&litespeed_type=imgoptm HTTP/1.1" 200 0 "-" "WordPress/6.7.2; https://bakingsecurityin.com"
198.54.114.83 - - [15/Apr/2025:12:12:12 -0400] "POST /wp-cron.php?doing_wp_cron=1744733531.0047690868377685546875 HTTP/1.1" 200 0 "-" "WordPress/6.7.2; https://bakingsecurityin.com"
51.222.253.11 - - [15/Apr/2025:12:12:07 -0400] "GET /category/activity/page/27/ HTTP/1.1" 200 0 "-" "Mozilla/5.0 (compatible; AhrefsBot/7.0; +http://ahrefs.com/robot/)"
198.54.114.83 - - [15/Apr/2025:12:12:13 -0400] "POST /wp-admin/admin-ajax.php?action=async_litespeed&nonce=7a8vFL8ADZsr6HrcVQTH0FKcrb9IJnZB&litespeed_type=imgoptm HTTP/1.1" 200 0 "-" "WordPress/6.7.2; https://bakingsecurityin.com"
68.65.123.234 - - [15/Apr/2025:12:12:53 -0400] "GET /wp-login.php HTTP/1.1" 200 1737 "http://bakingsecurityin.com" "Mozilla/5.0 (Windows NT 11.0; Win64; x64) AppleWebKit/537.36 (KHTML, like Gecko) Chrome/126.0.0.0 Safari/537.36"
51.222.253.13 - - [15/Apr/2025:12:14:33 -0400] "GET /2020/06/ HTTP/1.1" 200 0 "-" "Mozilla/5.0 (compatible; AhrefsBot/7.0; +http://ahrefs.com/robot/)"
198.54.114.83 - - [15/Apr/2025:12:14:38 -0400] "POST /wp-cron.php?doing_wp_cron=1744733676.4343490600585937500000 HTTP/1.1" 200 0 "-" "WordPress/6.7.2; https://bakingsecurityin.com"
101.44.24.125 - - [15/Apr/2025:12:16:48 -0400] "GET /gitarre-lernen-fur-anfanger/ HTTP/1.1" 200 0 "https://bakingsecurityin.com/gitarre-lernen-fur-anfanger/" "Mozilla/5.0 (Windows NT 10.0; Win64; x64) AppleWebKit/537.36 (KHTML, like Gecko) Chrome/107.0.0.0 Safari/537.36"
51.222.253.15 - - [15/Apr/2025:12:16:48 -0400] "GET /page/79/ HTTP/1.1" 200 0 "-" "Mozilla/5.0 (compatible; AhrefsBot/7.0; +http://ahrefs.com/robot/)"
198.54.114.83 - - [15/Apr/2025:12:16:55 -0400] "POST /wp-cron.php?doing_wp_cron=1744733811.2127881050109863281250 HTTP/1.1" 200 0 "-" "WordPress/6.7.2; https://bakingsecurityin.com"
198.54.114.83 - - [15/Apr/2025:12:16:55 -0400] "POST /wp-cron.php?doing_wp_cron=1744733811.2019379138946533203125 HTTP/1.1" 200 0 "-" "WordPress/6.7.2; https://bakingsecurityin.com"
198.54.114.83 - - [15/Apr/2025:12:16:58 -0400] "POST /wp-admin/admin-ajax.php?action=async_litespeed&nonce=u1KXhucMhwjIlXIqkB5PF27Y3w4xC27H&litespeed_type=imgoptm HTTP/1.1" 200 0 "-" "WordPress/6.7.2; https://bakingsecurityin.com"
51.222.253.8 - - [15/Apr/2025:12:18:58 -0400] "GET /page/85/ HTTP/1.1" 200 0 "-" "Mozilla/5.0 (compatible; AhrefsBot/7.0; +http://ahrefs.com/robot/)"
198.54.114.83 - - [15/Apr/2025:12:19:04 -0400] "POST /wp-cron.php?doing_wp_cron=1744733941.2954440116882324218750 HTTP/1.1" 200 0 "-" "WordPress/6.7.2; https://bakingsecurityin.com"
51.222.253.19 - - [15/Apr/2025:12:21:17 -0400] "GET /kitchen-remodeling-in-portland/feed/ HTTP/1.1" 304 0 "-" "Mozilla/5.0 (compatible; AhrefsBot/7.0; +http://ahrefs.com/robot/)"
198.54.114.83 - - [15/Apr/2025:12:21:25 -0400] "POST /wp-cron.php?doing_wp_cron=1744734081.6448121070861816406250 HTTP/1.1" 200 0 "-" "WordPress/6.7.2; https://bakingsecurityin.com"
43.132.134.51 - - [15/Apr/2025:12:23:44 -0400] "GET /the-dark-side-of-face-filters/ HTTP/1.1" 200 0 "-" "Python/3.10 aiohttp/3.10.5"
51.222.253.18 - - [15/Apr/2025:12:23:39 -0400] "GET /inspirational-jewellery-gifts/feed/ HTTP/1.1" 304 0 "-" "Mozilla/5.0 (compatible; AhrefsBot/7.0; +http://ahrefs.com/robot/)"
198.54.114.83 - - [15/Apr/2025:12:23:47 -0400] "POST /wp-cron.php?doing_wp_cron=1744734223.4770119190216064453125 HTTP/1.1" 200 0 "-" "WordPress/6.7.2; https://bakingsecurityin.com"
150.109.107.200 - - [15/Apr/2025:12:25:24 -0400] "GET /indianapolis-deep-cleaning-services/ HTTP/1.1" 200 0 "-" "Python/3.10 aiohttp/3.10.5"
78.135.87.2 - - [15/Apr/2025:12:25:47 -0400] "GET /wp-login.php HTTP/1.1" 200 0 "http://bakingsecurityin.com" "Mozilla/5.0 (Macintosh; Intel Mac OS X 10_15_7) AppleWebKit/537.36 (KHTML, like Gecko) Chrome/112.0.5615.138 Safari/537.36"
51.222.253.2 - - [15/Apr/2025:12:25:49 -0400] "GET /how-to-find-the-best-sarms-for-sale/feed/ HTTP/1.1" 304 0 "-" "Mozilla/5.0 (compatible; AhrefsBot/7.0; +http://ahrefs.com/robot/)"
51.222.253.13 - - [15/Apr/2025:12:28:09 -0400] "GET /neurofibromatose-de-type-2/feed/ HTTP/1.1" 304 0 "-" "Mozilla/5.0 (compatible; AhrefsBot/7.0; +http://ahrefs.com/robot/)"
198.54.114.83 - - [15/Apr/2025:12:28:18 -0400] "POST /wp-cron.php?doing_wp_cron=1744734493.2255220413208007812500 HTTP/1.1" 200 0 "-" "WordPress/6.7.2; https://bakingsecurityin.com"
136.243.228.193 - - [15/Apr/2025:12:28:26 -0400] "GET /die-besten-umzugsdienste-in-luneburg/ HTTP/1.1" 200 0 "-" "Mozilla/5.0 (compatible; DataForSeoBot/1.0; +https://dataforseo.com/dataforseo-bot)"
43.128.36.137 - - [15/Apr/2025:12:29:03 -0400] "GET /how-to-keep-your-dental-costs-down/ HTTP/1.1" 200 0 "-" "Python/3.10 aiohttp/3.10.5"
51.222.253.3 - - [15/Apr/2025:12:30:24 -0400] "GET /unveiling-the-science-behind-bodybuilding-supplements/feed/ HTTP/1.1" 200 417 "-" "Mozilla/5.0 (compatible; AhrefsBot/7.0; +http://ahrefs.com/robot/)"
198.54.114.83 - - [15/Apr/2025:12:30:28 -0400] "POST /wp-cron.php?doing_wp_cron=1744734625.0806939601898193359375 HTTP/1.1" 200 0 "-" "WordPress/6.7.2; https://bakingsecurityin.com"
85.208.96.202 - - [15/Apr/2025:12:31:59 -0400] "GET /robots.txt HTTP/1.1" 304 0 "-" "Mozilla/5.0 (compatible; SemrushBot/7~bl; +http://www.semrush.com/bot.html)"
185.191.171.5 - - [15/Apr/2025:12:32:01 -0400] "GET /harnessing-the-power-of-live-transfer-leads/ HTTP/1.1" 200 0 "-" "Mozilla/5.0 (compatible; SemrushBot/7~bl; +http://www.semrush.com/bot.html)"
198.54.114.83 - - [15/Apr/2025:12:32:07 -0400] "POST /wp-cron.php?doing_wp_cron=1744734725.3356161117553710937500 HTTP/1.1" 200 0 "-" "WordPress/6.7.2; https://bakingsecurityin.com"
51.222.253.3 - - [15/Apr/2025:12:32:39 -0400] "GET /steroids-thailand/feed/ HTTP/1.1" 200 374 "-" "Mozilla/5.0 (compatible; AhrefsBot/7.0; +http://ahrefs.com/robot/)"
51.222.253.1 - - [15/Apr/2025:12:35:07 -0400] "GET /a-guide-to-buying-and-caring-for-designer-totes/feed/ HTTP/1.1" 200 424 "-" "Mozilla/5.0 (compatible; AhrefsBot/7.0; +http://ahrefs.com/robot/)"
198.54.114.83 - - [15/Apr/2025:12:35:17 -0400] "POST /wp-cron.php?doing_wp_cron=1744734912.6717350482940673828125 HTTP/1.1" 200 0 "-" "WordPress/6.7.2; https://bakingsecurityin.com"
51.222.253.6 - - [15/Apr/2025:12:37:20 -0400] "GET /betting-money-sites/feed/ HTTP/1.1" 200 383 "-" "Mozilla/5.0 (compatible; AhrefsBot/7.0; +http://ahrefs.com/robot/)"
198.54.114.83 - - [15/Apr/2025:12:37:27 -0400] "POST /wp-cron.php?doing_wp_cron=1744735045.1635360717773437500000 HTTP/1.1" 200 0 "-" "WordPress/6.7.2; https://bakingsecurityin.com"
20.198.224.111 - - [15/Apr/2025:12:38:09 -0400] "GET /wp-login.php HTTP/1.1" 200 1737 "http://bakingsecurityin.com" "Mozilla/5.0 (Windows NT 10.0; Win64; x64) AppleWebKit/537.36 (KHTML, like Gecko) Chrome/126.0.0.0 Safari/537.36"
84.54.44.204 - - [15/Apr/2025:12:38:31 -0400] "GET /a-journey-into-skincare/ HTTP/1.1" 200 0 "https://bakingsecurityin.com/a-journey-into-skincare/" "Mozilla/5.0 (Windows NT 10.0; Win64; x64) AppleWebKit/537.36 (KHTML, like Gecko) Chrome/131.0.0.0 Safari/537.36"
84.54.44.204 - - [15/Apr/2025:12:38:34 -0400] "GET / HTTP/1.1" 200 0 "https://bakingsecurityin.com/" "Mozilla/5.0 (Windows NT 10.0; Win64; x64) AppleWebKit/537.36 (KHTML, like Gecko) Chrome/131.0.0.0 Safari/537.36"
198.54.114.83 - - [15/Apr/2025:12:38:37 -0400] "POST /wp-cron.php?doing_wp_cron=1744735114.8461759090423583984375 HTTP/1.1" 200 0 "-" "WordPress/6.7.2; https://bakingsecurityin.com"
51.222.253.11 - - [15/Apr/2025:12:39:35 -0400] "GET /buy-youtube-views-cheap-and-working/feed/ HTTP/1.1" 200 412 "-" "Mozilla/5.0 (compatible; AhrefsBot/7.0; +http://ahrefs.com/robot/)"
198.54.114.83 - - [15/Apr/2025:12:39:41 -0400] "POST /wp-cron.php?doing_wp_cron=1744735176.3869800567626953125000 HTTP/1.1" 200 0 "-" "WordPress/6.7.2; https://bakingsecurityin.com"
198.54.114.83 - - [15/Apr/2025:12:39:47 -0400] "POST /wp-admin/admin-ajax.php?action=async_litespeed&nonce=nYSs6WAgTdkTmWZmhiXfVm88xlPdF7ys&litespeed_type=imgoptm HTTP/1.1" 200 0 "-" "WordPress/6.7.2; https://bakingsecurityin.com"
104.234.138.6 - - [15/Apr/2025:12:40:49 -0400] "GET /solid-conservatory-roof-panels/ HTTP/1.1" 200 0 "-" "Mozilla/5.0 (Windows NT 10.0; WOW64) AppleWebKit/537.36 (KHTML, like Gecko) Chrome/114.0.0.0 Safari/537.36 Vivaldi/5.3.2679.68"
198.54.114.83 - - [15/Apr/2025:12:40:56 -0400] "POST /wp-cron.php?doing_wp_cron=1744735251.0459659099578857421875 HTTP/1.1" 200 0 "-" "WordPress/6.7.2; https://bakingsecurityin.com"
198.54.114.83 - - [15/Apr/2025:12:41:01 -0400] "POST /wp-admin/admin-ajax.php?action=async_litespeed&nonce=2x3niMabLPUGvTtiFDWVCQkCUaU3NYvX&litespeed_type=imgoptm HTTP/1.1" 200 0 "-" "WordPress/6.7.2; https://bakingsecurityin.com"
51.222.253.10 - - [15/Apr/2025:12:41:44 -0400] "GET /german-class-in-london/feed/ HTTP/1.1" 304 0 "-" "Mozilla/5.0 (compatible; AhrefsBot/7.0; +http://ahrefs.com/robot/)"
51.222.253.17 - - [15/Apr/2025:12:44:04 -0400] "GET /how-to-find-a-caregiver/feed/ HTTP/1.1" 200 390 "-" "Mozilla/5.0 (compatible; AhrefsBot/7.0; +http://ahrefs.com/robot/)"
198.54.114.83 - - [15/Apr/2025:12:44:13 -0400] "POST /wp-cron.php?doing_wp_cron=1744735448.8109989166259765625000 HTTP/1.1" 200 0 "-" "WordPress/6.7.2; https://bakingsecurityin.com"
51.222.253.10 - - [15/Apr/2025:12:46:28 -0400] "GET /puerto-aventuras-yachts/feed/ HTTP/1.1" 304 0 "-" "Mozilla/5.0 (compatible; AhrefsBot/7.0; +http://ahrefs.com/robot/)"
51.222.253.1 - - [15/Apr/2025:12:48:43 -0400] "GET /maximizing-your-rental-potential-the-benefits-of-vacation-rental-property-management-services/feed/ HTTP/1.1" 304 0 "-" "Mozilla/5.0 (compatible; AhrefsBot/7.0; +http://ahrefs.com/robot/)"
31.11.36.228 - - [15/Apr/2025:12:50:24 -0400] "GET /wp-login.php HTTP/1.1" 200 1737 "http://bakingsecurityin.com" "Mozilla/5.0 (Macintosh; Intel Mac OS X 10_15_7) AppleWebKit/537.36 (KHTML, like Gecko) Chrome/112.0.5615.138 Safari/537.36"
51.222.253.2 - - [15/Apr/2025:12:51:01 -0400] "GET /scheidungsanwalt-in-hattingen-expertise-und-unterstutzung-in-schwierigen-zeiten/feed/ HTTP/1.1" 200 455 "-" "Mozilla/5.0 (compatible; AhrefsBot/7.0; +http://ahrefs.com/robot/)"
51.222.253.8 - - [15/Apr/2025:12:53:29 -0400] "GET /category/activity/page/49/ HTTP/1.1" 200 0 "-" "Mozilla/5.0 (compatible; AhrefsBot/7.0; +http://ahrefs.com/robot/)"
51.222.253.12 - - [15/Apr/2025:12:55:52 -0400] "GET /the-forest-of-arden/feed/ HTTP/1.1" 200 384 "-" "Mozilla/5.0 (compatible; AhrefsBot/7.0; +http://ahrefs.com/robot/)"
198.54.114.83 - - [15/Apr/2025:12:55:59 -0400] "POST /wp-cron.php?doing_wp_cron=1744736156.6895189285278320312500 HTTP/1.1" 200 0 "-" "WordPress/6.7.2; https://bakingsecurityin.com"
51.222.253.4 - - [15/Apr/2025:12:58:17 -0400] "GET /gourde-personnalisee-un-classique-en-matiere-de-cadeaux-publicitaires/feed/ HTTP/1.1" 200 446 "-" "Mozilla/5.0 (compatible; AhrefsBot/7.0; +http://ahrefs.com/robot/)"
198.54.114.83 - - [15/Apr/2025:12:58:24 -0400] "POST /wp-cron.php?doing_wp_cron=1744736301.3858330249786376953125 HTTP/1.1" 200 0 "-" "WordPress/6.7.2; https://bakingsecurityin.com"
51.222.253.15 - - [15/Apr/2025:13:00:38 -0400] "GET /artistry-beyond-time-the-legacy-of-italian-classic-furniture-manufacturers/feed/ HTTP/1.1" 304 0 "-" "Mozilla/5.0 (compatible; AhrefsBot/7.0; +http://ahrefs.com/robot/)"
198.54.114.83 - - [15/Apr/2025:13:00:45 -0400] "POST /wp-cron.php?doing_wp_cron=1744736442.1537079811096191406250 HTTP/1.1" 200 0 "-" "WordPress/6.7.2; https://bakingsecurityin.com"
198.54.114.83 - - [15/Apr/2025:13:02:21 -0400] "POST /wp-admin/admin-ajax.php?action=async_litespeed&nonce=MZWi17K7eaHYmrOR7pwkMLtZMspWoAx6&litespeed_type=imgoptm HTTP/1.1" 200 0 "-" "WordPress/6.7.2; https://bakingsecurityin.com"
51.222.253.17 - - [15/Apr/2025:13:03:19 -0400] "GET /page/48/ HTTP/1.1" 200 0 "-" "Mozilla/5.0 (compatible; AhrefsBot/7.0; +http://ahrefs.com/robot/)"
198.54.114.83 - - [15/Apr/2025:13:03:23 -0400] "POST /wp-cron.php?doing_wp_cron=1744736599.9573190212249755859375 HTTP/1.1" 200 0 "-" "WordPress/6.7.2; https://bakingsecurityin.com"
198.54.114.83 - - [15/Apr/2025:13:03:28 -0400] "POST /wp-admin/admin-ajax.php?action=async_litespeed&nonce=XWOqxMv570sqexPo1JPrtik0gzr54Okf&litespeed_type=imgoptm HTTP/1.1" 200 0 "-" "WordPress/6.7.2; https://bakingsecurityin.com"
51.222.253.6 - - [15/Apr/2025:13:05:39 -0400] "GET /relx-pod-review/feed/ HTTP/1.1" 200 376 "-" "Mozilla/5.0 (compatible; AhrefsBot/7.0; +http://ahrefs.com/robot/)"
198.54.114.83 - - [15/Apr/2025:13:05:49 -0400] "POST /wp-cron.php?doing_wp_cron=1744736743.6513719558715820312500 HTTP/1.1" 200 0 "-" "WordPress/6.7.2; https://bakingsecurityin.com"
51.222.253.18 - - [15/Apr/2025:13:08:09 -0400] "GET /never-again-forget-to-buy-your-lottery-tickets/ HTTP/1.1" 200 0 "-" "Mozilla/5.0 (compatible; AhrefsBot/7.0; +http://ahrefs.com/robot/)"
198.54.114.83 - - [15/Apr/2025:13:08:21 -0400] "POST /wp-cron.php?doing_wp_cron=1744736894.9313709735870361328125 HTTP/1.1" 200 0 "-" "WordPress/6.7.2; https://bakingsecurityin.com"
198.54.114.83 - - [15/Apr/2025:13:09:49 -0400] "POST /wp-admin/admin-ajax.php?action=async_litespeed&nonce=ujN4vWOAELYLE9I4XjgEI73t5iQKLNQO&litespeed_type=imgoptm HTTP/1.1" 200 0 "-" "WordPress/6.7.2; https://bakingsecurityin.com"
51.222.253.12 - - [15/Apr/2025:13:10:26 -0400] "GET /1st-anniversary-gifts/feed/ HTTP/1.1" 304 0 "-" "Mozilla/5.0 (compatible; AhrefsBot/7.0; +http://ahrefs.com/robot/)"
198.54.114.83 - - [15/Apr/2025:13:10:34 -0400] "POST /wp-cron.php?doing_wp_cron=1744737026.9865019321441650390625 HTTP/1.1" 200 0 "-" "WordPress/6.7.2; https://bakingsecurityin.com"
51.222.253.12 - - [15/Apr/2025:13:12:45 -0400] "GET /how-to-choose-table-lamps/feed/ HTTP/1.1" 304 0 "-" "Mozilla/5.0 (compatible; AhrefsBot/7.0; +http://ahrefs.com/robot/)"
198.54.114.83 - - [15/Apr/2025:13:12:55 -0400] "POST /wp-cron.php?doing_wp_cron=1744737169.2809920310974121093750 HTTP/1.1" 200 0 "-" "WordPress/6.7.2; https://bakingsecurityin.com"
50.6.155.60 - - [15/Apr/2025:13:14:06 -0400] "GET /wp-login.php HTTP/1.1" 200 0 "http://bakingsecurityin.com" "Mozilla/5.0 (Windows NT 10.0; Win64; x64) AppleWebKit/537.36 (KHTML, like Gecko) Chrome/116.0.5845.96 Safari/537.36 Edg/116.0.1938.62"
198.54.114.83 - - [15/Apr/2025:13:14:09 -0400] "POST /wp-admin/admin-ajax.php?action=async_litespeed&nonce=zrZ6TdotTva5BPh5x0bkFS2bfegcPNEV&litespeed_type=imgoptm HTTP/1.1" 200 0 "-" "WordPress/6.7.2; https://bakingsecurityin.com"
51.222.253.14 - - [15/Apr/2025:13:15:11 -0400] "GET /what-is-counselling/feed/ HTTP/1.1" 304 0 "-" "Mozilla/5.0 (compatible; AhrefsBot/7.0; +http://ahrefs.com/robot/)"
198.54.114.83 - - [15/Apr/2025:13:15:18 -0400] "POST /wp-cron.php?doing_wp_cron=1744737311.8041388988494873046875 HTTP/1.1" 200 0 "-" "WordPress/6.7.2; https://bakingsecurityin.com"
5.102.173.71 - - [15/Apr/2025:13:15:44 -0400] "GET /robots.txt HTTP/1.1" 200 98 "-" "Mozilla/5.0 (compatible; MojeekBot/0.11; +https://www.mojeek.com/bot.html)"
5.102.173.71 - - [15/Apr/2025:13:15:49 -0400] "GET /enjoy-adelaides-cbd-during-your-stay/ HTTP/1.1" 200 0 "-" "Mozilla/5.0 (compatible; MojeekBot/0.11; +https://www.mojeek.com/bot.html)"
136.243.228.193 - - [15/Apr/2025:13:15:52 -0400] "GET /optimisation-energetique-lisolation-thermique-au-coeur-des-batiments-modernes/ HTTP/1.1" 200 0 "-" "Mozilla/5.0 (compatible; DataForSeoBot/1.0; +https://dataforseo.com/dataforseo-bot)"
43.154.146.32 - - [15/Apr/2025:13:16:02 -0400] "GET /what-is-home-care-montreal/ HTTP/1.1" 200 0 "-" "Python/3.10 aiohttp/3.10.5"
198.54.114.83 - - [15/Apr/2025:13:16:09 -0400] "POST /wp-cron.php?doing_wp_cron=1744737363.2271580696105957031250 HTTP/1.1" 200 0 "-" "WordPress/6.7.2; https://bakingsecurityin.com"
51.222.253.19 - - [15/Apr/2025:13:17:18 -0400] "GET /page/28/ HTTP/1.1" 200 0 "-" "Mozilla/5.0 (compatible; AhrefsBot/7.0; +http://ahrefs.com/robot/)"
198.54.114.83 - - [15/Apr/2025:13:17:24 -0400] "POST /wp-cron.php?doing_wp_cron=1744737438.7148969173431396484375 HTTP/1.1" 200 0 "-" "WordPress/6.7.2; https://bakingsecurityin.com"
198.54.114.83 - - [15/Apr/2025:13:17:30 -0400] "POST /wp-admin/admin-ajax.php?action=async_litespeed&nonce=SdfrXrTMa1zuSBxAAho2gU1dHgRHbZZE&litespeed_type=imgoptm HTTP/1.1" 200 0 "-" "WordPress/6.7.2; https://bakingsecurityin.com"
51.222.253.5 - - [15/Apr/2025:13:19:32 -0400] "GET /smart-lighting-solutions/feed/ HTTP/1.1" 304 0 "-" "Mozilla/5.0 (compatible; AhrefsBot/7.0; +http://ahrefs.com/robot/)"
119.28.5.18 - - [15/Apr/2025:13:20:27 -0400] "GET /nf-cure-and-vital-m-40-capsules-review-by-ayurveda-expert/ HTTP/1.1" 200 0 "-" "Python/3.10 aiohttp/3.10.5"
51.222.253.13 - - [15/Apr/2025:13:21:47 -0400] "GET /inside-the-fertility-clinic-dubai/feed/ HTTP/1.1" 304 0 "-" "Mozilla/5.0 (compatible; AhrefsBot/7.0; +http://ahrefs.com/robot/)"
51.222.253.3 - - [15/Apr/2025:13:24:19 -0400] "GET /exploring-the-ardor-residence-showflat/feed/ HTTP/1.1" 200 402 "-" "Mozilla/5.0 (compatible; AhrefsBot/7.0; +http://ahrefs.com/robot/)"
47.128.121.94 - - [15/Apr/2025:13:24:25 -0400] "GET /deciding-what-to-wear-to-travel-on-a-plane/ HTTP/1.1" 200 0 "-" "Mozilla/5.0 (Linux; Android 5.0) AppleWebKit/537.36 (KHTML, like Gecko) Mobile Safari/537.36 (compatible; TikTokSpider; ttspider-feedback@tiktok.com)"
198.54.114.83 - - [15/Apr/2025:13:24:27 -0400] "POST /wp-cron.php?doing_wp_cron=1744737863.8432700634002685546875 HTTP/1.1" 200 0 "-" "WordPress/6.7.2; https://bakingsecurityin.com"
198.54.114.83 - - [15/Apr/2025:13:25:58 -0400] "POST /wp-admin/admin-ajax.php?action=async_litespeed&nonce=tAVAk5MBAbqGY4myrKvLsKeGXMAYvYt5&litespeed_type=imgoptm HTTP/1.1" 200 0 "-" "WordPress/6.7.2; https://bakingsecurityin.com"
8.218.212.177 - - [15/Apr/2025:13:26:00 -0400] "GET /wp-login.php HTTP/1.1" 200 1737 "http://bakingsecurityin.com" "Mozilla/5.0 (Windows NT 10.0; Win64; x64) AppleWebKit/537.36 (KHTML, like Gecko) Chrome/115.0.5790.102 Safari/537.36"
51.222.253.4 - - [15/Apr/2025:13:26:51 -0400] "GET /bring-your-lakeside-memories-home-with-lake-wall-art/feed/ HTTP/1.1" 304 0 "-" "Mozilla/5.0 (compatible; AhrefsBot/7.0; +http://ahrefs.com/robot/)"
185.231.154.128 - - [15/Apr/2025:13:27:36 -0400] "GET /how-does-red-light-therapy-work/ HTTP/1.1" 200 0 "https://bakingsecurityin.com/how-does-red-light-therapy-work/#comment-9557" "Mozilla/5.0 (Windows NT 10.0; Win64; x64) AppleWebKit/537.36 (KHTML, like Gecko) Chrome/129.0.0.0 Safari/537.36"
185.231.154.128 - - [15/Apr/2025:13:27:42 -0400] "GET / HTTP/1.1" 200 0 "https://bakingsecurityin.com/" "Mozilla/5.0 (Windows NT 10.0; Win64; x64) AppleWebKit/537.36 (KHTML, like Gecko) Chrome/129.0.0.0 Safari/537.36"
51.222.253.15 - - [15/Apr/2025:13:29:01 -0400] "GET /category/activity/page/79/ HTTP/1.1" 200 0 "-" "Mozilla/5.0 (compatible; AhrefsBot/7.0; +http://ahrefs.com/robot/)"
43.154.146.32 - - [15/Apr/2025:13:29:00 -0400] "GET /what-does-a-commercial-locksmith-do/ HTTP/1.1" 200 0 "-" "Python/3.10 aiohttp/3.10.5"
198.54.114.83 - - [15/Apr/2025:13:29:05 -0400] "POST /wp-cron.php?doing_wp_cron=1744738141.3970489501953125000000 HTTP/1.1" 200 0 "-" "WordPress/6.7.2; https://bakingsecurityin.com"
51.222.253.1 - - [15/Apr/2025:13:31:24 -0400] "GET /aba-therapy-near-me/feed/ HTTP/1.1" 304 0 "-" "Mozilla/5.0 (compatible; AhrefsBot/7.0; +http://ahrefs.com/robot/)"
51.222.253.1 - - [15/Apr/2025:13:33:44 -0400] "GET /lelegance-intemporelle-du-quai-du-mont-blanc/feed/ HTTP/1.1" 200 434 "-" "Mozilla/5.0 (compatible; AhrefsBot/7.0; +http://ahrefs.com/robot/)"
198.54.114.83 - - [15/Apr/2025:13:33:55 -0400] "POST /wp-cron.php?doing_wp_cron=1744738430.2775990962982177734375 HTTP/1.1" 200 0 "-" "WordPress/6.7.2; https://bakingsecurityin.com"
51.222.253.7 - - [15/Apr/2025:13:36:07 -0400] "GET /2023/06/ HTTP/1.1" 200 0 "-" "Mozilla/5.0 (compatible; AhrefsBot/7.0; +http://ahrefs.com/robot/)"
198.54.114.83 - - [15/Apr/2025:13:36:15 -0400] "POST /wp-cron.php?doing_wp_cron=1744738570.6338229179382324218750 HTTP/1.1" 200 0 "-" "WordPress/6.7.2; https://bakingsecurityin.com"
51.222.253.1 - - [15/Apr/2025:13:38:39 -0400] "GET /page/82/ HTTP/1.1" 200 0 "-" "Mozilla/5.0 (compatible; AhrefsBot/7.0; +http://ahrefs.com/robot/)"
185.231.154.128 - - [15/Apr/2025:13:38:44 -0400] "GET /how-does-red-light-therapy-work/ HTTP/1.1" 200 0 "https://bakingsecurityin.com/how-does-red-light-therapy-work/#comment-9557" "Mozilla/5.0 (Windows NT 10.0; Win64; x64) AppleWebKit/537.36 (KHTML, like Gecko) Chrome/129.0.0.0 Safari/537.36"
185.231.154.128 - - [15/Apr/2025:13:38:51 -0400] "GET / HTTP/1.1" 200 0 "https://bakingsecurityin.com/" "Mozilla/5.0 (Windows NT 10.0; Win64; x64) AppleWebKit/537.36 (KHTML, like Gecko) Chrome/129.0.0.0 Safari/537.36"
85.208.98.29 - - [15/Apr/2025:13:41:08 -0400] "GET /le-katana-japonais/ HTTP/1.1" 200 0 "-" "Mozilla/5.0 (compatible; SemrushBot-BA; +http://www.semrush.com/bot.html)"
51.222.253.8 - - [15/Apr/2025:13:41:10 -0400] "GET /mug-publicitaire-comment-concevoir-un-superbe-mug-publicitaire/feed/ HTTP/1.1" 200 422 "-" "Mozilla/5.0 (compatible; AhrefsBot/7.0; +http://ahrefs.com/robot/)"
198.54.114.83 - - [15/Apr/2025:13:41:20 -0400] "POST /wp-cron.php?doing_wp_cron=1744738873.8889479637145996093750 HTTP/1.1" 200 0 "-" "WordPress/6.7.2; https://bakingsecurityin.com"
51.222.253.19 - - [15/Apr/2025:13:44:00 -0400] "GET /protegez-et-embellissez-les-housse-de-canape/ HTTP/1.1" 200 0 "-" "Mozilla/5.0 (compatible; AhrefsBot/7.0; +http://ahrefs.com/robot/)"
198.54.114.83 - - [15/Apr/2025:13:44:10 -0400] "POST /wp-cron.php?doing_wp_cron=1744739044.8699901103973388671875 HTTP/1.1" 200 0 "-" "WordPress/6.7.2; https://bakingsecurityin.com"
101.32.27.106 - - [15/Apr/2025:13:45:53 -0400] "GET /the-best-ways-to-promote-your-twitch-channel/ HTTP/1.1" 200 0 "-" "Python/3.10 aiohttp/3.10.5"
51.222.253.15 - - [15/Apr/2025:13:47:34 -0400] "GET /comment-les-diseurs-de-bonne-aventure-peuvent-vous-aider-a-comprendre-votre-passe-et-votre-present/ HTTP/1.1" 200 0 "-" "Mozilla/5.0 (compatible; AhrefsBot/7.0; +http://ahrefs.com/robot/)"
51.222.253.1 - - [15/Apr/2025:13:50:55 -0400] "GET /finding-top-speech-therapy-services-in-dubai/ HTTP/1.1" 200 0 "-" "Mozilla/5.0 (compatible; AhrefsBot/7.0; +http://ahrefs.com/robot/)"
198.54.114.83 - - [15/Apr/2025:13:51:03 -0400] "POST /wp-cron.php?doing_wp_cron=1744739458.8985259532928466796875 HTTP/1.1" 200 0 "-" "WordPress/6.7.2; https://bakingsecurityin.com"
119.28.56.69 - - [15/Apr/2025:13:51:27 -0400] "GET /padded-mma-gloves/ HTTP/1.1" 200 0 "-" "Python/3.10 aiohttp/3.10.5"
51.222.253.6 - - [15/Apr/2025:13:54:04 -0400] "GET /2023/09/ HTTP/1.1" 200 0 "-" "Mozilla/5.0 (compatible; AhrefsBot/7.0; +http://ahrefs.com/robot/)"
198.54.114.83 - - [15/Apr/2025:13:54:14 -0400] "POST /wp-cron.php?doing_wp_cron=1744739648.0199270248413085937500 HTTP/1.1" 200 0 "-" "WordPress/6.7.2; https://bakingsecurityin.com"
85.208.98.24 - - [15/Apr/2025:13:56:45 -0400] "GET /food-ingredients-first-natural-colors/ HTTP/1.1" 200 0 "-" "Mozilla/5.0 (compatible; SemrushBot-BA; +http://www.semrush.com/bot.html)"
51.222.253.6 - - [15/Apr/2025:13:56:55 -0400] "GET /vita-glow-cream-review/ HTTP/1.1" 200 0 "-" "Mozilla/5.0 (compatible; AhrefsBot/7.0; +http://ahrefs.com/robot/)"
136.243.228.193 - - [15/Apr/2025:13:58:08 -0400] "GET /led-dog-collar-light/ HTTP/1.1" 200 0 "-" "Mozilla/5.0 (compatible; DataForSeoBot/1.0; +https://dataforseo.com/dataforseo-bot)"
198.54.114.83 - - [15/Apr/2025:13:58:13 -0400] "POST /wp-cron.php?doing_wp_cron=1744739888.6640100479125976562500 HTTP/1.1" 200 0 "-" "WordPress/6.7.2; https://bakingsecurityin.com"
51.89.68.103 - - [15/Apr/2025:13:58:37 -0400] "GET /wp-content/plugins/suretriggers/app/build/main.css HTTP/1.1" 404 0 "-" "Mozilla/5.0 (Windows NT 10.0; Win64; x64) AppleWebKit/537.36 (KHTML, like Gecko) Chrome/127.0.0.0 Safari/537.36"
34.57.171.131 - - [15/Apr/2025:13:59:34 -0400] "GET / HTTP/1.1" 200 0 "-" "Mozilla/5.0 (Windows NT 10.0; Win64; x64) AppleWebKit/537.36 (KHTML, like Gecko) Chrome/120.0.0.0 Safari/537.36"
51.222.253.14 - - [15/Apr/2025:13:59:48 -0400] "GET /lentor-hills-residences/ HTTP/1.1" 200 0 "-" "Mozilla/5.0 (compatible; AhrefsBot/7.0; +http://ahrefs.com/robot/)"
47.79.194.227 - - [15/Apr/2025:14:00:24 -0400] "GET / HTTP/1.1" 200 0 "https://www.google.com/" "Mozilla/5.0 (Windows NT 10.0; Win64; x64) AppleWebKit/537.36 (KHTML, like Gecko) Chrome/133.0.0.0 Safari/537.36"
51.222.253.14 - - [15/Apr/2025:14:02:37 -0400] "GET /sell-my-car-for-cash-in-naples-without-having-to-deal-with-dealerships/feed/ HTTP/1.1" 304 0 "-" "Mozilla/5.0 (compatible; AhrefsBot/7.0; +http://ahrefs.com/robot/)"
51.222.253.17 - - [15/Apr/2025:14:05:22 -0400] "GET /how-much-does-a-bathroom-renovation-cost-in-melbourne/ HTTP/1.1" 200 0 "-" "Mozilla/5.0 (compatible; AhrefsBot/7.0; +http://ahrefs.com/robot/)"
51.222.253.13 - - [15/Apr/2025:14:07:52 -0400] "GET /mens-hiking-boots-demystified/feed/ HTTP/1.1" 200 421 "-" "Mozilla/5.0 (compatible; AhrefsBot/7.0; +http://ahrefs.com/robot/)"
198.54.114.83 - - [15/Apr/2025:14:07:58 -0400] "POST /wp-cron.php?doing_wp_cron=1744740475.7336680889129638671875 HTTP/1.1" 200 0 "-" "WordPress/6.7.2; https://bakingsecurityin.com"
198.54.114.83 - - [15/Apr/2025:14:08:01 -0400] "POST /wp-admin/admin-ajax.php?action=async_litespeed&nonce=I01bxJimBQYyjqLOtUV0rPPXYcZjAaWM&litespeed_type=imgoptm HTTP/1.1" 200 0 "-" "WordPress/6.7.2; https://bakingsecurityin.com"
51.222.253.4 - - [15/Apr/2025:14:10:50 -0400] "GET /a-breakthrough-in-sports-and-blockchain-knnex-paves-the-way-with-innovative-experiences/ HTTP/1.1" 200 0 "-" "Mozilla/5.0 (compatible; AhrefsBot/7.0; +http://ahrefs.com/robot/)"
51.222.253.4 - - [15/Apr/2025:14:13:22 -0400] "GET /how-to-use-youtube-favorite-to-organize-your-videos-and-favorite-content/feed/ HTTP/1.1" 304 0 "-" "Mozilla/5.0 (compatible; AhrefsBot/7.0; +http://ahrefs.com/robot/)"
198.54.114.83 - - [15/Apr/2025:14:13:27 -0400] "POST /wp-cron.php?doing_wp_cron=1744740803.8694930076599121093750 HTTP/1.1" 200 0 "-" "WordPress/6.7.2; https://bakingsecurityin.com"
198.54.114.83 - - [15/Apr/2025:14:13:30 -0400] "POST /wp-admin/admin-ajax.php?action=async_litespeed&nonce=XoPlnD1LfYJH2XYuEAzLaiVGCe9LkDFG&litespeed_type=imgoptm HTTP/1.1" 200 0 "-" "WordPress/6.7.2; https://bakingsecurityin.com"
103.186.185.28 - - [15/Apr/2025:14:13:32 -0400] "GET /wp-login.php HTTP/1.1" 200 1737 "http://bakingsecurityin.com" "Mozilla/5.0 (Macintosh; Intel Mac OS X 10_15_7; rv:128.0) Gecko/20100101 Firefox/128.0"
47.128.16.114 - - [15/Apr/2025:14:13:46 -0400] "GET /robots.txt HTTP/1.1" 200 98 "-" "Go-http-client/2.0"
129.226.119.118 - - [15/Apr/2025:14:15:42 -0400] "GET /jewellery-cleaner-solution/ HTTP/1.1" 200 0 "-" "Python/3.10 aiohttp/3.10.5"
198.54.114.83 - - [15/Apr/2025:14:15:48 -0400] "POST /wp-cron.php?doing_wp_cron=1744740945.7109839916229248046875 HTTP/1.1" 200 0 "-" "WordPress/6.7.2; https://bakingsecurityin.com"
51.222.253.11 - - [15/Apr/2025:14:15:50 -0400] "GET /how-to-buy-likes-for-youtube/feed/ HTTP/1.1" 200 403 "-" "Mozilla/5.0 (compatible; AhrefsBot/7.0; +http://ahrefs.com/robot/)"
51.222.253.2 - - [15/Apr/2025:14:18:27 -0400] "GET /rhin-o-tuff-od4012-heavy-duty-interchangeable-die-modular-binding-punch-review/feed/ HTTP/1.1" 200 462 "-" "Mozilla/5.0 (compatible; AhrefsBot/7.0; +http://ahrefs.com/robot/)"
198.54.114.83 - - [15/Apr/2025:14:18:35 -0400] "POST /wp-cron.php?doing_wp_cron=1744741110.7970700263977050781250 HTTP/1.1" 200 0 "-" "WordPress/6.7.2; https://bakingsecurityin.com"
51.222.253.12 - - [15/Apr/2025:14:20:58 -0400] "GET /review-of-the-relx-vape-pods/feed/ HTTP/1.1" 304 0 "-" "Mozilla/5.0 (compatible; AhrefsBot/7.0; +http://ahrefs.com/robot/)"
198.54.114.83 - - [15/Apr/2025:14:21:06 -0400] "POST /wp-cron.php?doing_wp_cron=1744741261.0511729717254638671875 HTTP/1.1" 200 0 "-" "WordPress/6.7.2; https://bakingsecurityin.com"
51.222.253.19 - - [15/Apr/2025:14:23:22 -0400] "GET /page/87/ HTTP/1.1" 200 0 "-" "Mozilla/5.0 (compatible; AhrefsBot/7.0; +http://ahrefs.com/robot/)"
198.54.114.83 - - [15/Apr/2025:14:23:29 -0400] "POST /wp-cron.php?doing_wp_cron=1744741406.0238080024719238281250 HTTP/1.1" 200 0 "-" "WordPress/6.7.2; https://bakingsecurityin.com"
44.211.20.232 - - [15/Apr/2025:14:23:49 -0400] "GET /how-to-etiquette-in-a-poker-casino/ HTTP/1.1" 200 0 "-" "Grammarly/1.0 (http://www.grammarly.com)"
124.156.186.100 - - [15/Apr/2025:14:24:44 -0400] "GET /how-to-pick-out-the-best-hvac-vacuum-pumps/ HTTP/1.1" 200 0 "-" "Python/3.10 aiohttp/3.10.5"
198.54.114.83 - - [15/Apr/2025:14:24:50 -0400] "POST /wp-cron.php?doing_wp_cron=1744741485.2721700668334960937500 HTTP/1.1" 200 0 "-" "WordPress/6.7.2; https://bakingsecurityin.com"
68.183.145.0 - - [15/Apr/2025:14:25:17 -0400] "GET /wp-login.php HTTP/1.1" 200 0 "http://bakingsecurityin.com" "Mozilla/5.0 (Macintosh; Intel Mac OS X 14_4_1) AppleWebKit/605.1.15 (KHTML, like Gecko) Version/17.3.1 Safari/605.1.15"
51.222.253.17 - - [15/Apr/2025:14:25:38 -0400] "GET /tag-heuer-battery-replacement-how-much-does-it-cost-to-replace-a-tag-heuer-battery/feed/ HTTP/1.1" 304 0 "-" "Mozilla/5.0 (compatible; AhrefsBot/7.0; +http://ahrefs.com/robot/)"
136.243.228.193 - - [15/Apr/2025:14:26:56 -0400] "GET /wichtige-dinge-die-sie-bei-der-beauftragung-eines-hochzeitsfotografen-beachten-sollten/ HTTP/1.1" 200 0 "-" "Mozilla/5.0 (compatible; DataForSeoBot/1.0; +https://dataforseo.com/dataforseo-bot)"
198.54.114.83 - - [15/Apr/2025:14:26:59 -0400] "POST /wp-cron.php?doing_wp_cron=1744741617.1504449844360351562500 HTTP/1.1" 200 0 "-" "WordPress/6.7.2; https://bakingsecurityin.com"
51.222.253.17 - - [15/Apr/2025:14:28:15 -0400] "GET /category/activity/page/28/ HTTP/1.1" 200 0 "-" "Mozilla/5.0 (compatible; AhrefsBot/7.0; +http://ahrefs.com/robot/)"
198.54.114.83 - - [15/Apr/2025:14:28:21 -0400] "POST /wp-cron.php?doing_wp_cron=1744741695.5278871059417724609375 HTTP/1.1" 200 0 "-" "WordPress/6.7.2; https://bakingsecurityin.com"
198.54.114.83 - - [15/Apr/2025:14:28:26 -0400] "POST /wp-admin/admin-ajax.php?action=async_litespeed&nonce=waDgUxjV4WwswIvclGC92KgsMygCruG1&litespeed_type=imgoptm HTTP/1.1" 200 0 "-" "WordPress/6.7.2; https://bakingsecurityin.com"
51.222.253.20 - - [15/Apr/2025:14:30:26 -0400] "GET /the-botany-at-dairy-farm-2/feed/ HTTP/1.1" 304 0 "-" "Mozilla/5.0 (compatible; AhrefsBot/7.0; +http://ahrefs.com/robot/)"
198.54.114.83 - - [15/Apr/2025:14:30:34 -0400] "POST /wp-cron.php?doing_wp_cron=1744741830.0847189426422119140625 HTTP/1.1" 200 0 "-" "WordPress/6.7.2; https://bakingsecurityin.com"
85.208.98.20 - - [15/Apr/2025:14:33:18 -0400] "GET /finding-the-right-divorce-lawyer/ HTTP/1.1" 200 0 "-" "Mozilla/5.0 (compatible; SemrushBot-BA; +http://www.semrush.com/bot.html)"
51.222.253.20 - - [15/Apr/2025:14:33:22 -0400] "GET /anwalt-hattingen/ HTTP/1.1" 200 0 "-" "Mozilla/5.0 (compatible; AhrefsBot/7.0; +http://ahrefs.com/robot/)"
40.80.149.70 - - [15/Apr/2025:14:34:29 -0400] "GET /wp-admin/ HTTP/1.1" 302 0 "-" "-"
40.80.149.70 - - [15/Apr/2025:14:34:33 -0400] "GET /wp-login.php?redirect_to=https%3A%2F%2Fbakingsecurityin.com%2Fwp-admin%2F&reauth=1 HTTP/1.1" 200 1738 "-" "-"
40.80.149.70 - - [15/Apr/2025:14:35:17 -0400] "GET /wp-admin/network/ HTTP/1.1" 302 0 "-" "-"
40.80.149.70 - - [15/Apr/2025:14:35:22 -0400] "GET /wp-login.php?redirect_to=https%3A%2F%2Fbakingsecurityin.com%2Fwp-admin%2Fnetwork%2F&reauth=1 HTTP/1.1" 200 1743 "-" "-"
51.222.253.2 - - [15/Apr/2025:14:35:33 -0400] "GET /tips-for-buying-a-porsche-for-sale/feed/ HTTP/1.1" 200 405 "-" "Mozilla/5.0 (compatible; AhrefsBot/7.0; +http://ahrefs.com/robot/)"
40.80.149.70 - - [15/Apr/2025:14:36:11 -0400] "GET /wp-admin/ HTTP/1.1" 302 0 "-" "-"
101.32.49.9 - - [15/Apr/2025:14:36:14 -0400] "GET /5-key-features-to-look-for-in-a-womans-cosmetic-bag/ HTTP/1.1" 200 0 "-" "Python/3.10 aiohttp/3.10.5"
40.80.149.70 - - [15/Apr/2025:14:36:15 -0400] "GET /wp-login.php?redirect_to=https%3A%2F%2Fbakingsecurityin.com%2Fwp-admin%2F&reauth=1 HTTP/1.1" 200 1738 "-" "-"
68.65.120.227 - - [15/Apr/2025:14:36:58 -0400] "GET /wp-login.php HTTP/1.1" 200 0 "http://bakingsecurityin.com" "Mozilla/5.0 (Macintosh; Intel Mac OS X 10_15_7) AppleWebKit/537.36 (KHTML, like Gecko) Chrome/113.0.5672.93 Safari/537.36"
51.222.253.20 - - [15/Apr/2025:14:38:07 -0400] "GET /why-you-should-consider-a-job-at-a-ux-design-agency/feed/ HTTP/1.1" 304 0 "-" "Mozilla/5.0 (compatible; AhrefsBot/7.0; +http://ahrefs.com/robot/)"
198.54.114.83 - - [15/Apr/2025:14:38:10 -0400] "POST /wp-cron.php?doing_wp_cron=1744742287.3857369422912597656250 HTTP/1.1" 200 0 "-" "WordPress/6.7.2; https://bakingsecurityin.com"
198.54.114.83 - - [15/Apr/2025:14:39:18 -0400] "POST /wp-admin/admin-ajax.php?action=async_litespeed&nonce=XdiDbLxux3U7hFVzKrFr1mOEsMRuJ6d6&litespeed_type=imgoptm HTTP/1.1" 200 0 "-" "WordPress/6.7.2; https://bakingsecurityin.com"
198.54.114.83 - - [15/Apr/2025:14:40:17 -0400] "POST /wp-admin/admin-ajax.php?action=async_litespeed&nonce=zhvww8x3Qm4AVJtATIFsnYoHz3OuzjjK&litespeed_type=imgoptm HTTP/1.1" 200 0 "-" "WordPress/6.7.2; https://bakingsecurityin.com"
51.222.253.5 - - [15/Apr/2025:14:40:23 -0400] "GET /hairdresser-for-curly-textured-or-wavy-hair/feed/ HTTP/1.1" 200 413 "-" "Mozilla/5.0 (compatible; AhrefsBot/7.0; +http://ahrefs.com/robot/)"
198.54.114.83 - - [15/Apr/2025:14:42:31 -0400] "POST /wp-admin/admin-ajax.php?action=async_litespeed&nonce=1tkpQdxblE9G9S4BWj1VX2Pv4IZ465kP&litespeed_type=imgoptm HTTP/1.1" 200 0 "-" "WordPress/6.7.2; https://bakingsecurityin.com"
51.222.253.14 - - [15/Apr/2025:14:42:41 -0400] "GET /save-gas-and-produce-less-pollution-with-synthetic-lubricants/feed/ HTTP/1.1" 200 435 "-" "Mozilla/5.0 (compatible; AhrefsBot/7.0; +http://ahrefs.com/robot/)"
40.80.149.70 - - [15/Apr/2025:14:43:04 -0400] "GET /wp-admin/user/ HTTP/1.1" 302 0 "-" "-"
40.80.149.70 - - [15/Apr/2025:14:43:09 -0400] "GET /wp-login.php?redirect_to=https%3A%2F%2Fbakingsecurityin.com%2Fwp-admin%2Fuser%2F&reauth=1 HTTP/1.1" 200 1741 "-" "-"
43.132.219.33 - - [15/Apr/2025:14:44:06 -0400] "GET /ncfe-cache-level-3-courses/ HTTP/1.1" 200 0 "-" "Python/3.10 aiohttp/3.10.5"
43.132.219.33 - - [15/Apr/2025:14:44:06 -0400] "GET /how-to-trim-a-video-on-iphone/ HTTP/1.1" 200 0 "-" "Python/3.10 aiohttp/3.10.5"
51.222.253.14 - - [15/Apr/2025:14:45:05 -0400] "GET /5-ways-to-earn-more-money-from-writing/feed/ HTTP/1.1" 304 0 "-" "Mozilla/5.0 (compatible; AhrefsBot/7.0; +http://ahrefs.com/robot/)"
198.54.114.83 - - [15/Apr/2025:14:45:13 -0400] "POST /wp-cron.php?doing_wp_cron=1744742706.8278601169586181640625 HTTP/1.1" 200 0 "-" "WordPress/6.7.2; https://bakingsecurityin.com"
122.51.242.63 - - [15/Apr/2025:14:45:24 -0400] "GET / HTTP/1.1" 200 0 "-" "Mozilla/5.0 (Windows NT 10.0; Win64; x64) AppleWebKit/537.36 (KHTML, like Gecko) Chrome/55.0.2869.0 Safari/537.36"
51.222.253.13 - - [15/Apr/2025:14:47:31 -0400] "GET /the-rise-of-graphene-battery-manufacturer/feed/ HTTP/1.1" 200 413 "-" "Mozilla/5.0 (compatible; AhrefsBot/7.0; +http://ahrefs.com/robot/)"
188.165.54.175 - - [15/Apr/2025:14:48:38 -0400] "GET /wp-login.php HTTP/1.1" 200 1737 "http://bakingsecurityin.com" "Mozilla/5.0 (Macintosh; Intel Mac OS X 10_15_7) AppleWebKit/537.36 (KHTML, like Gecko) Chrome/114.0.5735.134 Safari/537.36"
198.54.114.83 - - [15/Apr/2025:14:49:26 -0400] "POST /wp-admin/admin-ajax.php?action=async_litespeed&nonce=yVcwxpWsEBZPmG93GD1DbOzNfFxk4caf&litespeed_type=imgoptm HTTP/1.1" 200 0 "-" "WordPress/6.7.2; https://bakingsecurityin.com"
40.80.149.70 - - [15/Apr/2025:14:49:31 -0400] "GET /wp-login.php HTTP/1.1" 200 1737 "-" "-"
51.222.253.17 - - [15/Apr/2025:14:49:43 -0400] "GET /single-guy-party-arranging-giving-him-enough-evening/ HTTP/1.1" 200 0 "-" "Mozilla/5.0 (compatible; AhrefsBot/7.0; +http://ahrefs.com/robot/)"
40.80.149.70 - - [15/Apr/2025:14:50:04 -0400] "GET /custom-brand-socks/ HTTP/1.1" 200 0 "-" "-"
198.54.114.83 - - [15/Apr/2025:14:51:09 -0400] "POST /wp-admin/admin-ajax.php?action=async_litespeed&nonce=7IbzBb8LogMidYTKzfaWUf6aVtCPPvtb&litespeed_type=imgoptm HTTP/1.1" 200 0 "-" "WordPress/6.7.2; https://bakingsecurityin.com"
40.80.149.70 - - [15/Apr/2025:14:51:21 -0400] "GET /wp-admin/ HTTP/1.1" 302 0 "-" "-"
40.80.149.70 - - [15/Apr/2025:14:51:24 -0400] "GET /wp-login.php?redirect_to=https%3A%2F%2Fbakingsecurityin.com%2Fwp-admin%2F&reauth=1 HTTP/1.1" 200 1738 "-" "-"
40.80.149.70 - - [15/Apr/2025:14:51:31 -0400] "GET /wp-admin/admin.php HTTP/1.1" 302 0 "-" "-"
40.80.149.70 - - [15/Apr/2025:14:51:35 -0400] "GET /wp-login.php?redirect_to=https%3A%2F%2Fbakingsecurityin.com%2Fwp-admin%2Fadmin.php&reauth=1 HTTP/1.1" 200 1743 "-" "-"
51.222.253.14 - - [15/Apr/2025:14:52:01 -0400] "GET /playing-casino-games-on-the-internet/ HTTP/1.1" 200 0 "-" "Mozilla/5.0 (compatible; AhrefsBot/7.0; +http://ahrefs.com/robot/)"
40.80.149.70 - - [15/Apr/2025:14:52:46 -0400] "GET /feed/atom/ HTTP/1.1" 200 423983 "-" "-"
51.222.253.2 - - [15/Apr/2025:14:54:13 -0400] "GET /what-you-need-to-know-about-tretinoin-cream/feed/ HTTP/1.1" 200 421 "-" "Mozilla/5.0 (compatible; AhrefsBot/7.0; +http://ahrefs.com/robot/)"
18.117.229.13 - - [15/Apr/2025:14:55:44 -0400] "GET /robots.txt HTTP/1.1" 304 0 "-" "Mozilla/5.0 AppleWebKit/537.36 (KHTML, like Gecko; compatible; ClaudeBot/1.0; +claudebot@anthropic.com)"
18.117.229.13 - - [15/Apr/2025:14:55:49 -0400] "GET /a-guide-to-buying-and-caring-for-designer-totes HTTP/1.1" 301 0 "-" "Mozilla/5.0 AppleWebKit/537.36 (KHTML, like Gecko; compatible; ClaudeBot/1.0; +claudebot@anthropic.com)"
198.54.114.83 - - [15/Apr/2025:14:55:53 -0400] "POST /wp-cron.php?doing_wp_cron=1744743349.4984369277954101562500 HTTP/1.1" 200 0 "-" "WordPress/6.7.2; https://bakingsecurityin.com"
18.117.229.13 - - [15/Apr/2025:14:55:54 -0400] "GET /a-guide-to-buying-and-caring-for-designer-totes/ HTTP/1.1" 200 0 "https://bakingsecurityin.com/a-guide-to-buying-and-caring-for-designer-totes" "Mozilla/5.0 AppleWebKit/537.36 (KHTML, like Gecko; compatible; ClaudeBot/1.0; +claudebot@anthropic.com)"
51.222.253.8 - - [15/Apr/2025:14:56:32 -0400] "GET /hiking-boots-mens/feed/ HTTP/1.1" 304 0 "-" "Mozilla/5.0 (compatible; AhrefsBot/7.0; +http://ahrefs.com/robot/)"
5.1.95.175 - - [15/Apr/2025:14:58:06 -0400] "GET /wp-json/wp/v2/users/ HTTP/1.1" 200 1292 "-" "Mozilla/5.0 (X11; Linux x86_64) AppleWebKit/537.36 (KHTML, like Gecko) Chrome/135.0.7049.42 Safari/537.36"
198.54.114.83 - - [15/Apr/2025:14:58:10 -0400] "POST /wp-cron.php?doing_wp_cron=1744743489.1669719219207763671875 HTTP/1.1" 200 0 "-" "WordPress/6.7.2; https://bakingsecurityin.com"
51.222.253.1 - - [15/Apr/2025:14:58:52 -0400] "GET /the-rise-of-ai-companions-the-fascination-of-an-ai-girlfriend/ HTTP/1.1" 200 0 "-" "Mozilla/5.0 (compatible; AhrefsBot/7.0; +http://ahrefs.com/robot/)"
37.46.117.90 - - [15/Apr/2025:14:59:56 -0400] "GET /wp-login.php HTTP/1.1" 200 1737 "https://bakingsecurityin.com" "Mozilla/5.0 (Windows NT 10.0; rv:78.0) Gecko/20100101 Firefox/78.0"
37.46.117.90 - - [15/Apr/2025:15:00:01 -0400] "POST /wp-login.php?wpe-login=true&hide_my_wp=1&hmwp_do=login&login=1 HTTP/1.1" 200 1871 "https://bakingsecurityin.com" "Mozilla/5.0 (Windows NT 10.0; rv:78.0) Gecko/20100101 Firefox/78.0"
198.54.114.83 - - [15/Apr/2025:15:00:07 -0400] "POST /wp-cron.php?doing_wp_cron=1744743601.7764520645141601562500 HTTP/1.1" 200 0 "-" "WordPress/6.7.2; https://bakingsecurityin.com"
103.169.35.190 - - [15/Apr/2025:15:00:30 -0400] "GET /wp-login.php HTTP/1.1" 200 1737 "http://bakingsecurityin.com" "Mozilla/5.0 (Windows NT 10.0; Win64; x64) AppleWebKit/537.36 (KHTML, like Gecko) Chrome/114.0.5735.199 Safari/537.36 Edg/114.0.1823.67"
51.222.253.18 - - [15/Apr/2025:15:01:23 -0400] "GET /wednesday-addams-costume-shop/feed/ HTTP/1.1" 304 0 "-" "Mozilla/5.0 (compatible; AhrefsBot/7.0; +http://ahrefs.com/robot/)"
129.226.176.117 - - [15/Apr/2025:15:03:53 -0400] "GET /asurion-customer-service-review/ HTTP/1.1" 200 0 "-" "Python/3.10 aiohttp/3.10.5"
198.54.114.83 - - [15/Apr/2025:15:03:59 -0400] "POST /wp-cron.php?doing_wp_cron=1744743836.5905790328979492187500 HTTP/1.1" 200 0 "-" "WordPress/6.7.2; https://bakingsecurityin.com"
198.54.114.83 - - [15/Apr/2025:15:03:59 -0400] "POST /wp-cron.php?doing_wp_cron=1744743836.5889170169830322265625 HTTP/1.1" 200 0 "-" "WordPress/6.7.2; https://bakingsecurityin.com"
51.222.253.7 - - [15/Apr/2025:15:03:54 -0400] "GET /the-culinary-artistry-of-bento-a-feast-for-the-senses/feed/ HTTP/1.1" 200 433 "-" "Mozilla/5.0 (compatible; AhrefsBot/7.0; +http://ahrefs.com/robot/)"
124.156.108.107 - - [15/Apr/2025:15:05:21 -0400] "GET /top-5-online-shops-for-custom-fuzzy-socks/ HTTP/1.1" 200 0 "-" "Python/3.10 aiohttp/3.10.5"
198.54.114.83 - - [15/Apr/2025:15:05:28 -0400] "POST /wp-cron.php?doing_wp_cron=1744743924.8866078853607177734375 HTTP/1.1" 200 0 "-" "WordPress/6.7.2; https://bakingsecurityin.com"
51.222.253.13 - - [15/Apr/2025:15:06:11 -0400] "GET /how-to-choose-the-best-cbd-products-uk/ HTTP/1.1" 200 0 "-" "Mozilla/5.0 (compatible; AhrefsBot/7.0; +http://ahrefs.com/robot/)"
51.222.253.4 - - [15/Apr/2025:15:08:39 -0400] "GET /revolutionizing-kitchen-convenience-the-instant-hot-and-cold-water-tap/feed/ HTTP/1.1" 200 444 "-" "Mozilla/5.0 (compatible; AhrefsBot/7.0; +http://ahrefs.com/robot/)"
198.54.114.83 - - [15/Apr/2025:15:08:47 -0400] "POST /wp-cron.php?doing_wp_cron=1744744124.0222220420837402343750 HTTP/1.1" 200 0 "-" "WordPress/6.7.2; https://bakingsecurityin.com"
198.54.114.83 - - [15/Apr/2025:15:08:51 -0400] "POST /wp-admin/admin-ajax.php?action=async_litespeed&nonce=a8DZ3zWO2iZgTFE5l8Y8UiqI3g3P8Bzp&litespeed_type=imgoptm HTTP/1.1" 200 0 "-" "WordPress/6.7.2; https://bakingsecurityin.com"
51.222.253.2 - - [15/Apr/2025:15:11:07 -0400] "GET /the-value-of-part-time-employment/feed/ HTTP/1.1" 200 404 "-" "Mozilla/5.0 (compatible; AhrefsBot/7.0; +http://ahrefs.com/robot/)"
198.54.114.83 - - [15/Apr/2025:15:11:14 -0400] "POST /wp-cron.php?doing_wp_cron=1744744271.1547329425811767578125 HTTP/1.1" 200 0 "-" "WordPress/6.7.2; https://bakingsecurityin.com"
162.0.235.20 - - [15/Apr/2025:15:12:06 -0400] "GET /wp-login.php HTTP/1.1" 200 1737 "http://bakingsecurityin.com" "Mozilla/5.0 (Windows NT 10.0; Win64; x64; rv:129.0) Gecko/20100101 Firefox/129.0"
198.54.114.83 - - [15/Apr/2025:15:13:38 -0400] "POST /wp-cron.php?doing_wp_cron=1744744417.5964369773864746093750 HTTP/1.1" 200 0 "-" "WordPress/6.7.2; https://bakingsecurityin.com"
51.222.253.17 - - [15/Apr/2025:15:13:35 -0400] "GET /essential-skills-for-voice-over-artists/feed/ HTTP/1.1" 200 404 "-" "Mozilla/5.0 (compatible; AhrefsBot/7.0; +http://ahrefs.com/robot/)"
198.54.114.83 - - [15/Apr/2025:15:13:40 -0400] "POST /wp-admin/admin-ajax.php?action=async_litespeed&nonce=JPD1rhqR8MrMDxz3N72KcwAB5RGzQLXY&litespeed_type=imgoptm HTTP/1.1" 200 5 "-" "WordPress/6.7.2; https://bakingsecurityin.com"
136.243.228.193 - - [15/Apr/2025:15:15:38 -0400] "GET /how-to-use-a-psilocybin-spore-syringe/ HTTP/1.1" 200 0 "-" "Mozilla/5.0 (compatible; DataForSeoBot/1.0; +https://dataforseo.com/dataforseo-bot)"
198.54.114.83 - - [15/Apr/2025:15:15:44 -0400] "POST /wp-cron.php?doing_wp_cron=1744744540.8084020614624023437500 HTTP/1.1" 200 0 "-" "WordPress/6.7.2; https://bakingsecurityin.com"
51.222.253.15 - - [15/Apr/2025:15:15:55 -0400] "GET /page/20/ HTTP/1.1" 200 0 "-" "Mozilla/5.0 (compatible; AhrefsBot/7.0; +http://ahrefs.com/robot/)"
119.28.56.126 - - [15/Apr/2025:15:16:39 -0400] "GET /useful-tips-to-selecting-the-best-catering-counter-fridges/ HTTP/1.1" 200 0 "-" "Python/3.10 aiohttp/3.10.5"
198.54.114.83 - - [15/Apr/2025:15:18:18 -0400] "POST /wp-cron.php?doing_wp_cron=1744744696.5593469142913818359375 HTTP/1.1" 200 0 "-" "WordPress/6.7.2; https://bakingsecurityin.com"
51.222.253.18 - - [15/Apr/2025:15:18:12 -0400] "GET /massage-a-geneve-un-voyage-vers-la-serenite/feed/ HTTP/1.1" 304 0 "-" "Mozilla/5.0 (compatible; AhrefsBot/7.0; +http://ahrefs.com/robot/)"
198.54.114.83 - - [15/Apr/2025:15:18:20 -0400] "POST /wp-admin/admin-ajax.php?action=async_litespeed&nonce=umqObDwv0wrI1rCUFxCQaGuty2mR8IAI&litespeed_type=imgoptm HTTP/1.1" 200 0 "-" "WordPress/6.7.2; https://bakingsecurityin.com"
51.222.253.16 - - [15/Apr/2025:15:20:48 -0400] "GET /the-baseball-betting-odds-and-betting-lines/ HTTP/1.1" 200 0 "-" "Mozilla/5.0 (compatible; AhrefsBot/7.0; +http://ahrefs.com/robot/)"
198.54.114.83 - - [15/Apr/2025:15:20:52 -0400] "POST /wp-cron.php?doing_wp_cron=1744744848.9539990425109863281250 HTTP/1.1" 200 0 "-" "WordPress/6.7.2; https://bakingsecurityin.com"
51.222.253.8 - - [15/Apr/2025:15:23:12 -0400] "GET /choosing-a-camper-refrigerator/feed/ HTTP/1.1" 200 393 "-" "Mozilla/5.0 (compatible; AhrefsBot/7.0; +http://ahrefs.com/robot/)"
198.54.114.83 - - [15/Apr/2025:15:23:19 -0400] "POST /wp-cron.php?doing_wp_cron=1744744996.1482400894165039062500 HTTP/1.1" 200 0 "-" "WordPress/6.7.2; https://bakingsecurityin.com"
2001:4c88:0:6b::100 - - [15/Apr/2025:15:23:41 -0400] "GET /wp-login.php HTTP/1.1" 200 1737 "http://bakingsecurityin.com" "Mozilla/5.0 (Macintosh; Intel Mac OS X 14.5) AppleWebKit/618.3.5 (KHTML, like Gecko) Version/17.4 Safari/618.3.5"
2a02:598:64:8a00::3100:8 - - [15/Apr/2025:15:24:52 -0400] "GET /how-to-find-the-best-online-casinos/ HTTP/1.1" 200 0 "-" "Mozilla/5.0 (compatible; SeznamBot/4.0; +https://o-seznam.cz/napoveda/vyhledavani/en/seznambot-crawler/)"
198.54.114.83 - - [15/Apr/2025:15:24:54 -0400] "POST /wp-cron.php?doing_wp_cron=1744745093.2944428920745849609375 HTTP/1.1" 200 0 "-" "WordPress/6.7.2; https://bakingsecurityin.com"
51.222.253.15 - - [15/Apr/2025:15:25:33 -0400] "GET /setting-up-ps5/feed/ HTTP/1.1" 200 377 "-" "Mozilla/5.0 (compatible; AhrefsBot/7.0; +http://ahrefs.com/robot/)"
198.54.114.83 - - [15/Apr/2025:15:28:09 -0400] "POST /wp-cron.php?doing_wp_cron=1744745288.1157310009002685546875 HTTP/1.1" 200 0 "-" "WordPress/6.7.2; https://bakingsecurityin.com"
51.222.253.3 - - [15/Apr/2025:15:28:03 -0400] "GET /can-truck-a-verifiable-viewpoint/ HTTP/1.1" 200 0 "-" "Mozilla/5.0 (compatible; AhrefsBot/7.0; +http://ahrefs.com/robot/)"
