222.73.130.30 - - [15/Apr/2025:21:03:43 -0400] "GET /?author=14 HTTP/1.1" 404 0 "-" "Apache-HttpClient/4.5.2 (Java/1.8.0_361)"
222.73.130.30 - - [15/Apr/2025:21:03:45 -0400] "GET /?author=15 HTTP/1.1" 404 0 "-" "Apache-HttpClient/4.5.2 (Java/1.8.0_361)"
222.73.130.30 - - [15/Apr/2025:21:03:47 -0400] "GET /?author=16 HTTP/1.1" 404 0 "-" "Apache-HttpClient/4.5.2 (Java/1.8.0_361)"
51.222.253.1 - - [15/Apr/2025:21:03:47 -0400] "GET /category/activity/page/10/ HTTP/1.1" 200 0 "-" "Mozilla/5.0 (compatible; AhrefsBot/7.0; +http://ahrefs.com/robot/)"
222.73.130.30 - - [15/Apr/2025:21:03:51 -0400] "GET /?author=17 HTTP/1.1" 404 0 "-" "Apache-HttpClient/4.5.2 (Java/1.8.0_361)"
222.73.130.30 - - [15/Apr/2025:21:03:53 -0400] "GET /?author=18 HTTP/1.1" 404 0 "-" "Apache-HttpClient/4.5.2 (Java/1.8.0_361)"
222.73.130.30 - - [15/Apr/2025:21:03:55 -0400] "GET /?author=19 HTTP/1.1" 404 0 "-" "Apache-HttpClient/4.5.2 (Java/1.8.0_361)"
222.73.130.30 - - [15/Apr/2025:21:03:56 -0400] "GET /?author=20 HTTP/1.1" 404 0 "-" "Apache-HttpClient/4.5.2 (Java/1.8.0_361)"
198.54.114.83 - - [15/Apr/2025:21:04:12 -0400] "POST /wp-admin/admin-ajax.php?action=async_litespeed&nonce=fXzJUc9NtAmpdGsgrznTc6Hs8RJkG6sR&litespeed_type=imgoptm HTTP/1.1" 200 0 "-" "WordPress/6.7.2; https://bakingsecurityin.com"
52.169.164.195 - - [15/Apr/2025:21:04:26 -0400] "GET /wp-login.php?action=register HTTP/1.1" 302 0 "-" "-"
52.169.164.195 - - [15/Apr/2025:21:04:28 -0400] "GET /wp-login.php?registration=disabled HTTP/1.1" 200 1806 "-" "-"
52.169.164.195 - - [15/Apr/2025:21:04:41 -0400] "GET /wp-admin/update.php HTTP/1.1" 302 0 "-" "-"
52.169.164.195 - - [15/Apr/2025:21:04:43 -0400] "GET /wp-login.php?redirect_to=https%3A%2F%2Fbakingsecurityin.com%2Fwp-admin%2Fupdate.php&reauth=1 HTTP/1.1" 200 1743 "-" "-"
198.54.114.83 - - [15/Apr/2025:21:04:57 -0400] "POST /wp-admin/admin-ajax.php?action=async_litespeed&nonce=rDQn87mecUtbKHBN6OuCqqrkJMFlc9qN&litespeed_type=imgoptm HTTP/1.1" 200 0 "-" "WordPress/6.7.2; https://bakingsecurityin.com"
119.28.52.89 - - [15/Apr/2025:21:06:17 -0400] "GET /jet-ski-also-known-as-water-skiing/ HTTP/1.1" 200 0 "-" "Python/3.10 aiohttp/3.10.5"
240e:350:8003:475c:4ecc:6a05:99f7:5ca9 - - [15/Apr/2025:21:08:37 -0400] "POST /wp-comments-post.php HTTP/1.1" 302 0 "-" "Mozilla/5.0 (Windows NT 10.0; Win64; x64) AppleWebKit/537.36 (KHTML, like Gecko) Chrome/108.0.0.0 Safari/537.36 Edg/108.0.1462.46"
240e:350:8003:475c:4ecc:6a05:99f7:5ca9 - - [15/Apr/2025:21:08:40 -0400] "GET /what-episode-does-jon-snow-die/?unapproved=5023&moderation-hash=f6efa17d7f7a3e4545cf31864f70ae6f HTTP/1.1" 200 0 "-" "Mozilla/5.0 (Windows NT 10.0; Win64; x64) AppleWebKit/537.36 (KHTML, like Gecko) Chrome/108.0.0.0 Safari/537.36 Edg/108.0.1462.46"
52.169.164.195 - - [15/Apr/2025:21:08:40 -0400] "GET /wp-admin/network/index.php HTTP/1.1" 302 0 "-" "-"
52.169.164.195 - - [15/Apr/2025:21:08:42 -0400] "GET /wp-login.php?redirect_to=https%3A%2F%2Fbakingsecurityin.com%2Fwp-admin%2Fnetwork%2Findex.php&reauth=1 HTTP/1.1" 200 1741 "-" "-"
52.169.164.195 - - [15/Apr/2025:21:08:51 -0400] "GET /wp-admin/index.php HTTP/1.1" 302 0 "-" "-"
52.169.164.195 - - [15/Apr/2025:21:08:52 -0400] "GET /wp-login.php?redirect_to=https%3A%2F%2Fbakingsecurityin.com%2Fwp-admin%2Findex.php&reauth=1 HTTP/1.1" 200 1741 "-" "-"
51.222.253.6 - - [15/Apr/2025:21:08:51 -0400] "GET /the-magic-of-animated-wedding-invitations/feed/ HTTP/1.1" 304 0 "-" "Mozilla/5.0 (compatible; AhrefsBot/7.0; +http://ahrefs.com/robot/)"
52.169.164.195 - - [15/Apr/2025:21:09:24 -0400] "GET /wp-login.php?action=register HTTP/1.1" 302 0 "-" "-"
52.169.164.195 - - [15/Apr/2025:21:09:25 -0400] "GET /wp-login.php?registration=disabled HTTP/1.1" 200 1806 "-" "-"
52.169.164.195 - - [15/Apr/2025:21:09:52 -0400] "GET /wp-login.php HTTP/1.1" 200 1737 "-" "-"
136.243.228.193 - - [15/Apr/2025:21:09:53 -0400] "GET /consejos-para-mantener-su-brillo/ HTTP/1.1" 200 0 "-" "Mozilla/5.0 (compatible; DataForSeoBot/1.0; +https://dataforseo.com/dataforseo-bot)"
51.161.7.9 - - [15/Apr/2025:21:11:10 -0400] "GET /wp-login.php HTTP/1.1" 200 1737 "http://bakingsecurityin.com" "Mozilla/5.0 (Macintosh; Intel Mac OS X 10_15_7; rv:129.0) Gecko/20100101 Firefox/129.0"
45.115.195.182 - - [15/Apr/2025:21:12:49 -0400] "GET /wp-login.php HTTP/1.1" 200 1737 "-" "Mozilla/5.0 (Windows NT 10.0; Win64; x64) AppleWebKit/537.36 (KHTML, like Gecko) Chrome/115.0.0.0 Safari/537.36 Edg/115.0.1901.203"
45.115.195.182 - - [15/Apr/2025:21:12:51 -0400] "POST /wp-login.php HTTP/1.1" 200 1867 "https://bakingsecurityin.com/wp-login.php" "Mozilla/5.0 (Windows NT 10.0; Win64; x64) AppleWebKit/537.36 (KHTML, like Gecko) Chrome/115.0.0.0 Safari/537.36 Edg/115.0.1901.203"
198.54.114.83 - - [15/Apr/2025:21:12:58 -0400] "POST /wp-cron.php?doing_wp_cron=1744765975.9642529487609863281250 HTTP/1.1" 200 0 "-" "WordPress/6.7.2; https://bakingsecurityin.com"
51.222.253.17 - - [15/Apr/2025:21:14:00 -0400] "GET /the-allure-of-ardor-residence/ HTTP/1.1" 200 0 "-" "Mozilla/5.0 (compatible; AhrefsBot/7.0; +http://ahrefs.com/robot/)"
198.54.114.83 - - [15/Apr/2025:21:14:02 -0400] "POST /wp-cron.php?doing_wp_cron=1744766040.9653310775756835937500 HTTP/1.1" 200 0 "-" "WordPress/6.7.2; https://bakingsecurityin.com"
134.122.59.190 - - [15/Apr/2025:21:17:09 -0400] "GET / HTTP/1.1" 200 0 "-" "Mozilla/5.0 (compatible)"
198.54.114.83 - - [15/Apr/2025:21:17:12 -0400] "POST /wp-admin/admin-ajax.php?action=async_litespeed&nonce=qIn7J7muhwkLUH39FY7DIls6RclYVzph&litespeed_type=imgoptm HTTP/1.1" 200 0 "-" "WordPress/6.7.2; https://bakingsecurityin.com"
185.191.171.14 - - [15/Apr/2025:21:17:31 -0400] "GET /the-innovations-of-pharmalabglobal/ HTTP/1.1" 200 0 "-" "Mozilla/5.0 (compatible; SemrushBot/7~bl; +http://www.semrush.com/bot.html)"
51.222.253.19 - - [15/Apr/2025:21:18:52 -0400] "GET /how-to-evaluate-an-smm-panel/ HTTP/1.1" 200 0 "-" "Mozilla/5.0 (compatible; AhrefsBot/7.0; +http://ahrefs.com/robot/)"
198.54.114.83 - - [15/Apr/2025:21:23:17 -0400] "POST /wp-admin/admin-ajax.php?action=async_litespeed&nonce=6NBVjoUzyp0g86XsTDTmse09Y7ITB31t&litespeed_type=imgoptm HTTP/1.1" 200 0 "-" "WordPress/6.7.2; https://bakingsecurityin.com"
35.187.250.253 - - [15/Apr/2025:21:23:18 -0400] "GET /wp-login.php HTTP/1.1" 200 1737 "http://bakingsecurityin.com" "Mozilla/5.0 (Macintosh; Intel Mac OS X 13.3; rv:126.0) Gecko/20100101 Firefox/126.0"
51.222.253.1 - - [15/Apr/2025:21:23:46 -0400] "GET /how-to-get-daily-wire-on-smart-tv/ HTTP/1.1" 200 0 "-" "Mozilla/5.0 (compatible; AhrefsBot/7.0; +http://ahrefs.com/robot/)"
198.54.114.83 - - [15/Apr/2025:21:28:41 -0400] "POST /wp-cron.php?doing_wp_cron=1744766920.1096119880676269531250 HTTP/1.1" 200 0 "-" "WordPress/6.7.2; https://bakingsecurityin.com"
51.222.253.17 - - [15/Apr/2025:21:28:34 -0400] "GET /extended-warranties-for-cars-what-you-need-to-know/feed/ HTTP/1.1" 200 433 "-" "Mozilla/5.0 (compatible; AhrefsBot/7.0; +http://ahrefs.com/robot/)"
198.54.114.83 - - [15/Apr/2025:21:28:43 -0400] "POST /wp-admin/admin-ajax.php?action=async_litespeed&nonce=Ky1B9plmda1diEC4rueLRr137FV7JDUf&litespeed_type=imgoptm HTTP/1.1" 200 0 "-" "WordPress/6.7.2; https://bakingsecurityin.com"
195.191.219.131 - - [15/Apr/2025:21:29:43 -0400] "GET /robots.txt HTTP/1.1" 200 98 "-" "Mozilla/5.0 (compatible; MJ12bot/v2.0.0; http://mj12bot.com/)"
195.191.219.131 - - [15/Apr/2025:21:29:45 -0400] "GET / HTTP/1.1" 200 0 "-" "Mozilla/5.0 (compatible; MJ12bot/v2.0.0; http://mj12bot.com/)"
198.54.114.83 - - [15/Apr/2025:21:29:48 -0400] "POST /wp-cron.php?doing_wp_cron=1744766985.7164049148559570312500 HTTP/1.1" 200 0 "-" "WordPress/6.7.2; https://bakingsecurityin.com"
101.32.32.171 - - [15/Apr/2025:21:30:52 -0400] "GET /vita-glow-cream-review/ HTTP/1.1" 200 0 "-" "Python/3.10 aiohttp/3.10.5"
35.240.128.90 - - [15/Apr/2025:21:31:31 -0400] "POST /wp-login.php HTTP/1.1" 200 1861 "-" "Mozlila/5.0 (Linux; Android 7.0; SM-G892A Bulid/NRD90M; wv) AppleWebKit/537.36 (KHTML, like Gecko) Version/4.0 Chrome/60.0.3112.107 Moblie Safari/537.36"
198.54.114.83 - - [15/Apr/2025:21:31:45 -0400] "POST /wp-cron.php?doing_wp_cron=1744767099.3595049381256103515625 HTTP/1.1" 200 0 "-" "WordPress/6.7.2; https://bakingsecurityin.com"
35.240.128.90 - - [15/Apr/2025:21:31:46 -0400] "GET /wp-admin/plugin-install.php?tab=upload HTTP/1.1" 302 0 "-" "Mozlila/5.0 (Linux; Android 7.0; SM-G892A Bulid/NRD90M; wv) AppleWebKit/537.36 (KHTML, like Gecko) Version/4.0 Chrome/60.0.3112.107 Moblie Safari/537.36"
35.240.128.90 - - [15/Apr/2025:21:31:50 -0400] "GET /wp-login.php?redirect_to=https%3A%2F%2Fbakingsecurityin.com%2Fwp-admin%2Fplugin-install.php%3Ftab%3Dupload&reauth=1 HTTP/1.1" 200 1755 "-" "Mozlila/5.0 (Linux; Android 7.0; SM-G892A Bulid/NRD90M; wv) AppleWebKit/537.36 (KHTML, like Gecko) Version/4.0 Chrome/60.0.3112.107 Moblie Safari/537.36"
198.54.114.83 - - [15/Apr/2025:21:32:49 -0400] "POST /wp-cron.php?doing_wp_cron=1744767168.4280469417572021484375 HTTP/1.1" 200 0 "-" "WordPress/6.7.2; https://bakingsecurityin.com"
85.208.96.209 - - [15/Apr/2025:21:32:47 -0400] "GET /unveiling-the-allure-of-lentor-mansion-showflat/ HTTP/1.1" 200 0 "-" "Mozilla/5.0 (compatible; SemrushBot/7~bl; +http://www.semrush.com/bot.html)"
198.54.114.83 - - [15/Apr/2025:21:32:52 -0400] "POST /wp-admin/admin-ajax.php?action=async_litespeed&nonce=F6D9mHnT6DOmnOnpMPPh8mvth8Lyx84R&litespeed_type=imgoptm HTTP/1.1" 200 0 "-" "WordPress/6.7.2; https://bakingsecurityin.com"
51.222.253.6 - - [15/Apr/2025:21:33:09 -0400] "GET /le-mystere-de-lenchanteur/ HTTP/1.1" 200 0 "-" "Mozilla/5.0 (compatible; AhrefsBot/7.0; +http://ahrefs.com/robot/)"
198.54.114.83 - - [15/Apr/2025:21:33:13 -0400] "POST /wp-cron.php?doing_wp_cron=1744767189.9908339977264404296875 HTTP/1.1" 200 0 "-" "WordPress/6.7.2; https://bakingsecurityin.com"
198.54.114.83 - - [15/Apr/2025:21:33:16 -0400] "POST /wp-admin/admin-ajax.php?action=async_litespeed&nonce=ymd8uBp36joUlI9DxVQy6MMT4iSiCj1g&litespeed_type=imgoptm HTTP/1.1" 200 0 "-" "WordPress/6.7.2; https://bakingsecurityin.com"
103.169.35.190 - - [15/Apr/2025:21:35:21 -0400] "GET /wp-login.php HTTP/1.1" 200 0 "http://bakingsecurityin.com" "Mozilla/5.0 (Windows NT 11.0; Win64; x64) AppleWebKit/537.36 (KHTML, like Gecko) Chrome/126.0.0.0 Safari/537.36 Edg/126.0.0.0"
198.54.114.83 - - [15/Apr/2025:21:37:57 -0400] "POST /wp-cron.php?doing_wp_cron=1744767476.0207829475402832031250 HTTP/1.1" 200 0 "-" "WordPress/6.7.2; https://bakingsecurityin.com"
51.222.253.15 - - [15/Apr/2025:21:37:52 -0400] "GET /descubre-como-calcular-el-costo-de-peajes-en-mexico/feed/ HTTP/1.1" 304 0 "-" "Mozilla/5.0 (compatible; AhrefsBot/7.0; +http://ahrefs.com/robot/)"
198.54.114.83 - - [15/Apr/2025:21:38:03 -0400] "POST /wp-admin/admin-ajax.php?action=async_litespeed&nonce=piSQo5anbm2lMYGu6s5yLGerW9op5bQ2&litespeed_type=imgoptm HTTP/1.1" 200 0 "-" "WordPress/6.7.2; https://bakingsecurityin.com"
198.54.114.83 - - [15/Apr/2025:21:42:48 -0400] "POST /wp-cron.php?doing_wp_cron=1744767767.5443840026855468750000 HTTP/1.1" 200 0 "-" "WordPress/6.7.2; https://bakingsecurityin.com"
51.222.253.1 - - [15/Apr/2025:21:42:43 -0400] "GET /custom-sports-team-socks/ HTTP/1.1" 200 0 "-" "Mozilla/5.0 (compatible; AhrefsBot/7.0; +http://ahrefs.com/robot/)"
198.54.114.83 - - [15/Apr/2025:21:42:49 -0400] "POST /wp-admin/admin-ajax.php?action=async_litespeed&nonce=IcfJFX0jJOOopozBtTEMhUdHwEPuIuFR&litespeed_type=imgoptm HTTP/1.1" 200 0 "-" "WordPress/6.7.2; https://bakingsecurityin.com"
110.249.202.88 - - [15/Apr/2025:21:46:51 -0400] "GET /robots.txt HTTP/1.1" 200 98 "-" "Mozilla/5.0 (Linux; Android 5.0) AppleWebKit/537.36 (KHTML, like Gecko) Mobile Safari/537.36 (compatible; Bytespider; https://zhanzhang.toutiao.com/)"
150.109.58.248 - - [15/Apr/2025:21:46:55 -0400] "GET /modern-interior-doors-florida/ HTTP/1.1" 200 0 "-" "Python/3.10 aiohttp/3.10.5"
150.109.58.248 - - [15/Apr/2025:21:46:54 -0400] "GET /how-to-find-a-salesforce-recruiter/ HTTP/1.1" 200 0 "-" "Python/3.10 aiohttp/3.10.5"
198.54.114.83 - - [15/Apr/2025:21:47:01 -0400] "POST /wp-cron.php?doing_wp_cron=1744768018.2238039970397949218750 HTTP/1.1" 200 0 "-" "WordPress/6.7.2; https://bakingsecurityin.com"
198.54.114.83 - - [15/Apr/2025:21:47:06 -0400] "POST /wp-admin/admin-ajax.php?action=async_litespeed&nonce=jCqyw6SqoD3bw1YkyIsBnPMWQjDKWRj0&litespeed_type=imgoptm HTTP/1.1" 200 0 "-" "WordPress/6.7.2; https://bakingsecurityin.com"
63.250.32.87 - - [15/Apr/2025:21:47:25 -0400] "GET /wp-login.php HTTP/1.1" 200 1737 "http://bakingsecurityin.com" "Mozilla/5.0 (Windows NT 10.0; Win64; x64) AppleWebKit/537.36 (KHTML, like Gecko) Chrome/113.0.5672.93 Safari/537.36"
51.222.253.3 - - [15/Apr/2025:21:47:50 -0400] "GET /how-to-lower-the-cost-of-vyvanse-50-mg-price/feed/ HTTP/1.1" 304 0 "-" "Mozilla/5.0 (compatible; AhrefsBot/7.0; +http://ahrefs.com/robot/)"
51.222.253.5 - - [15/Apr/2025:21:50:06 -0400] "GET /how-to-properly-perform-an-exterior-house-wash/feed/ HTTP/1.1" 200 419 "-" "Mozilla/5.0 (compatible; AhrefsBot/7.0; +http://ahrefs.com/robot/)"
198.54.114.83 - - [15/Apr/2025:21:50:14 -0400] "POST /wp-cron.php?doing_wp_cron=1744768212.2495980262756347656250 HTTP/1.1" 200 0 "-" "WordPress/6.7.2; https://bakingsecurityin.com"
198.54.114.83 - - [15/Apr/2025:21:51:19 -0400] "POST /wp-cron.php?doing_wp_cron=1744768277.8509929180145263671875 HTTP/1.1" 200 0 "-" "WordPress/6.7.2; https://bakingsecurityin.com"
52.167.144.200 - - [15/Apr/2025:21:51:17 -0400] "GET /residential-roof-guarantee/ HTTP/1.1" 200 0 "-" "Mozilla/5.0 AppleWebKit/537.36 (KHTML, like Gecko; compatible; bingbot/2.0; +http://www.bing.com/bingbot.htm) Chrome/116.0.1938.76 Safari/537.36"
198.54.114.83 - - [15/Apr/2025:21:51:22 -0400] "POST /wp-admin/admin-ajax.php?action=async_litespeed&nonce=p1XWTVG4u0l5iM8WxPVeJUYg4VKb0SQf&litespeed_type=imgoptm HTTP/1.1" 200 0 "-" "WordPress/6.7.2; https://bakingsecurityin.com"
85.208.98.19 - - [15/Apr/2025:21:51:23 -0400] "GET /the-convenience-of-buying-prescription-glasses-online/ HTTP/1.1" 200 0 "-" "Mozilla/5.0 (compatible; SemrushBot-BA; +http://www.semrush.com/bot.html)"
198.54.114.83 - - [15/Apr/2025:21:52:22 -0400] "POST /wp-cron.php?doing_wp_cron=1744768340.7544000148773193359375 HTTP/1.1" 200 0 "-" "WordPress/6.7.2; https://bakingsecurityin.com"
51.222.253.20 - - [15/Apr/2025:21:52:20 -0400] "GET /most-beautiful-flower-wallpapers/feed/ HTTP/1.1" 304 0 "-" "Mozilla/5.0 (compatible; AhrefsBot/7.0; +http://ahrefs.com/robot/)"
198.54.114.83 - - [15/Apr/2025:21:52:25 -0400] "POST /wp-admin/admin-ajax.php?action=async_litespeed&nonce=y7rFZt7EFucwS5nXDnQBEjzJeydAWwIO&litespeed_type=imgoptm HTTP/1.1" 200 0 "-" "WordPress/6.7.2; https://bakingsecurityin.com"
136.243.228.193 - - [15/Apr/2025:21:54:14 -0400] "GET /exploring-the-world-of-online-casinos/ HTTP/1.1" 200 0 "-" "Mozilla/5.0 (compatible; DataForSeoBot/1.0; +https://dataforseo.com/dataforseo-bot)"
198.54.114.83 - - [15/Apr/2025:21:54:21 -0400] "POST /wp-cron.php?doing_wp_cron=1744768459.2551090717315673828125 HTTP/1.1" 200 0 "-" "WordPress/6.7.2; https://bakingsecurityin.com"
198.54.114.83 - - [15/Apr/2025:21:54:24 -0400] "POST /wp-admin/admin-ajax.php?action=async_litespeed&nonce=FLISVhsAyoVGMu6fEiLA5bir8Yb9218U&litespeed_type=imgoptm HTTP/1.1" 200 0 "-" "WordPress/6.7.2; https://bakingsecurityin.com"
51.222.253.16 - - [15/Apr/2025:21:54:48 -0400] "GET /buy-tickok-views-and-likes/ HTTP/1.1" 200 0 "-" "Mozilla/5.0 (compatible; AhrefsBot/7.0; +http://ahrefs.com/robot/)"
51.222.253.14 - - [15/Apr/2025:21:57:08 -0400] "GET /vases-decoratifs-en-ceramique/feed/ HTTP/1.1" 200 398 "-" "Mozilla/5.0 (compatible; AhrefsBot/7.0; +http://ahrefs.com/robot/)"
198.54.114.83 - - [15/Apr/2025:21:57:15 -0400] "POST /wp-cron.php?doing_wp_cron=1744768632.3766310214996337890625 HTTP/1.1" 200 0 "-" "WordPress/6.7.2; https://bakingsecurityin.com"
198.54.114.83 - - [15/Apr/2025:21:57:17 -0400] "POST /wp-admin/admin-ajax.php?action=async_litespeed&nonce=QUvcQqGcOkX8Awg1cCqG30uB9DQQqhBn&litespeed_type=imgoptm HTTP/1.1" 200 0 "-" "WordPress/6.7.2; https://bakingsecurityin.com"
51.222.253.14 - - [15/Apr/2025:21:59:18 -0400] "GET /why-you-need-a-drunk-driving-defense-lawyer/feed/ HTTP/1.1" 304 0 "-" "Mozilla/5.0 (compatible; AhrefsBot/7.0; +http://ahrefs.com/robot/)"
198.54.114.83 - - [15/Apr/2025:21:59:28 -0400] "POST /wp-cron.php?doing_wp_cron=1744768763.7833030223846435546875 HTTP/1.1" 200 0 "-" "WordPress/6.7.2; https://bakingsecurityin.com"
198.54.114.83 - - [15/Apr/2025:21:59:31 -0400] "POST /wp-admin/admin-ajax.php?action=async_litespeed&nonce=NYgblAQHX1F49kPOnLxsONMP6XEayMZo&litespeed_type=imgoptm HTTP/1.1" 200 0 "-" "WordPress/6.7.2; https://bakingsecurityin.com"
2a02:c207:2022:7197::1 - - [15/Apr/2025:21:59:33 -0400] "GET /wp-login.php HTTP/1.1" 200 1737 "http://bakingsecurityin.com" "Mozilla/5.0 (Macintosh; Intel Mac OS X 13.3; rv:126.0) Gecko/20100101 Firefox/126.0"
129.226.176.117 - - [15/Apr/2025:22:00:59 -0400] "GET /the-best-yachts-to-rent-in-tulum/ HTTP/1.1" 200 0 "-" "Python/3.10 aiohttp/3.10.5"
198.54.114.83 - - [15/Apr/2025:22:01:03 -0400] "POST /wp-cron.php?doing_wp_cron=1744768860.9610559940338134765625 HTTP/1.1" 200 0 "-" "WordPress/6.7.2; https://bakingsecurityin.com"
185.191.171.6 - - [15/Apr/2025:22:01:27 -0400] "GET /how-to-tell-if-someone-has-snapchat-plus/ HTTP/1.1" 200 0 "-" "Mozilla/5.0 (compatible; SemrushBot/7~bl; +http://www.semrush.com/bot.html)"
47.79.199.141 - - [15/Apr/2025:22:01:27 -0400] "GET / HTTP/1.1" 200 0 "https://www.google.com/" "Mozilla/5.0 (Windows NT 10.0; Win64; x64) AppleWebKit/537.36 (KHTML, like Gecko) Chrome/133.0.0.0 Safari/537.36"
51.222.253.14 - - [15/Apr/2025:22:01:39 -0400] "GET /how-to-buy-watch-hours-youtube/feed/ HTTP/1.1" 200 400 "-" "Mozilla/5.0 (compatible; AhrefsBot/7.0; +http://ahrefs.com/robot/)"
51.222.253.1 - - [15/Apr/2025:22:04:11 -0400] "GET /the-power-of-voip-solutions/feed/ HTTP/1.1" 200 398 "-" "Mozilla/5.0 (compatible; AhrefsBot/7.0; +http://ahrefs.com/robot/)"
198.54.114.83 - - [15/Apr/2025:22:04:17 -0400] "POST /wp-cron.php?doing_wp_cron=1744769053.4880759716033935546875 HTTP/1.1" 200 0 "-" "WordPress/6.7.2; https://bakingsecurityin.com"
51.222.253.8 - - [15/Apr/2025:22:06:32 -0400] "GET /a-diverse-array-of-games/ HTTP/1.1" 200 0 "-" "Mozilla/5.0 (compatible; AhrefsBot/7.0; +http://ahrefs.com/robot/)"
198.54.114.83 - - [15/Apr/2025:22:06:37 -0400] "POST /wp-cron.php?doing_wp_cron=1744769194.3817338943481445312500 HTTP/1.1" 200 0 "-" "WordPress/6.7.2; https://bakingsecurityin.com"
198.54.114.83 - - [15/Apr/2025:22:06:39 -0400] "POST /wp-admin/admin-ajax.php?action=async_litespeed&nonce=K3NwiJzAVTf9xKetUjU7LPpi1tqHl3U5&litespeed_type=imgoptm HTTP/1.1" 200 0 "-" "WordPress/6.7.2; https://bakingsecurityin.com"
51.222.253.2 - - [15/Apr/2025:22:09:01 -0400] "GET /real-estate-investing-total-asset-protection-real-estate-investing-total-asset-protection-guide/feed/ HTTP/1.1" 200 435 "-" "Mozilla/5.0 (compatible; AhrefsBot/7.0; +http://ahrefs.com/robot/)"
198.54.114.83 - - [15/Apr/2025:22:09:04 -0400] "POST /wp-cron.php?doing_wp_cron=1744769343.0405509471893310546875 HTTP/1.1" 200 0 "-" "WordPress/6.7.2; https://bakingsecurityin.com"
198.54.114.83 - - [15/Apr/2025:22:10:28 -0400] "POST /wp-cron.php?doing_wp_cron=1744769427.6212129592895507812500 HTTP/1.1" 200 0 "-" "WordPress/6.7.2; https://bakingsecurityin.com"
119.28.52.89 - - [15/Apr/2025:22:10:25 -0400] "GET /benefits-of-quantum-healing-systems/ HTTP/1.1" 200 0 "-" "Python/3.10 aiohttp/3.10.5"
198.54.114.83 - - [15/Apr/2025:22:10:30 -0400] "POST /wp-admin/admin-ajax.php?action=async_litespeed&nonce=QuZY3EEqddeyFWpkCoXHzWWQIqS5offv&litespeed_type=imgoptm HTTP/1.1" 200 0 "-" "WordPress/6.7.2; https://bakingsecurityin.com"
198.54.114.83 - - [15/Apr/2025:22:11:32 -0400] "POST /wp-cron.php?doing_wp_cron=1744769491.1889050006866455078125 HTTP/1.1" 200 0 "-" "WordPress/6.7.2; https://bakingsecurityin.com"
51.222.253.11 - - [15/Apr/2025:22:11:25 -0400] "GET /de-bedste-solvoreringe-til-at-lofte-dit-look/ HTTP/1.1" 200 0 "-" "Mozilla/5.0 (compatible; AhrefsBot/7.0; +http://ahrefs.com/robot/)"
198.54.114.83 - - [15/Apr/2025:22:11:48 -0400] "POST /wp-admin/admin-ajax.php?action=async_litespeed&nonce=ZdKaE8OMezcwX9xiCvcvAavVdd1pvxxm&litespeed_type=imgoptm HTTP/1.1" 200 0 "-" "WordPress/6.7.2; https://bakingsecurityin.com"
2a01:4f8:13a:1f0a::2 - - [15/Apr/2025:22:11:59 -0400] "GET /robots.txt HTTP/1.1" 304 0 "-" "Mozilla/5.0 (compatible; MJ12bot/v1.4.8; http://mj12bot.com/)"
2a01:4f8:13a:1f0a::2 - - [15/Apr/2025:22:12:01 -0400] "GET /comment-choisir-une-agence-de-referencement-experimentee/ HTTP/1.1" 200 0 "-" "Mozilla/5.0 (compatible; MJ12bot/v1.4.8; http://mj12bot.com/)"
198.54.114.83 - - [15/Apr/2025:22:12:04 -0400] "POST /wp-cron.php?doing_wp_cron=1744769523.2508239746093750000000 HTTP/1.1" 200 0 "-" "WordPress/6.7.2; https://bakingsecurityin.com"
2604:a880:400:d0::8f4:f001 - - [15/Apr/2025:22:12:14 -0400] "GET /wp-login.php HTTP/1.1" 200 1737 "http://bakingsecurityin.com" "Mozilla/5.0 (Macintosh; Intel Mac OS X 10_15_7) AppleWebKit/537.36 (KHTML, like Gecko) Chrome/116.0.5845.96 Safari/537.36"
43.154.237.110 - - [15/Apr/2025:22:12:50 -0400] "GET /voice-actor-training-getting-started-in-voice-overs/ HTTP/1.1" 200 0 "-" "Python/3.10 aiohttp/3.10.5"
2a01:4f8:13a:1f0a::2 - - [15/Apr/2025:22:12:55 -0400] "GET /explosion-proof-electric-ball-valve/ HTTP/1.1" 200 0 "-" "Mozilla/5.0 (compatible; MJ12bot/v1.4.8; http://mj12bot.com/)"
2a01:4f8:13a:1f0a::2 - - [15/Apr/2025:22:12:58 -0400] "GET /feed/ HTTP/1.1" 200 264875 "-" "Mozilla/5.0 (compatible; MJ12bot/v1.4.8; http://mj12bot.com/)"
2a01:4f8:13a:1f0a::2 - - [15/Apr/2025:22:13:04 -0400] "GET /how-do-car-dealerships-make-money/ HTTP/1.1" 200 0 "-" "Mozilla/5.0 (compatible; MJ12bot/v1.4.8; http://mj12bot.com/)"
198.54.114.83 - - [15/Apr/2025:22:13:06 -0400] "POST /wp-cron.php?doing_wp_cron=1744769584.8654739856719970703125 HTTP/1.1" 200 0 "-" "WordPress/6.7.2; https://bakingsecurityin.com"
2a01:4f8:13a:1f0a::2 - - [15/Apr/2025:22:13:08 -0400] "GET /how-to-correct-your-posture-and-relieve-nerd-neck/ HTTP/1.1" 200 0 "-" "Mozilla/5.0 (compatible; MJ12bot/v1.4.8; http://mj12bot.com/)"
2a01:4f8:13a:1f0a::2 - - [15/Apr/2025:22:13:11 -0400] "GET /how-to-find-new-customers/ HTTP/1.1" 200 0 "-" "Mozilla/5.0 (compatible; MJ12bot/v1.4.8; http://mj12bot.com/)"
2a01:4f8:13a:1f0a::2 - - [15/Apr/2025:22:13:14 -0400] "GET /how-to-write-an-attorney-bio/feed/ HTTP/1.1" 200 398 "-" "Mozilla/5.0 (compatible; MJ12bot/v1.4.8; http://mj12bot.com/)"
2a01:4f8:13a:1f0a::2 - - [15/Apr/2025:22:13:18 -0400] "GET /lawyer-hattingen-2/ HTTP/1.1" 200 0 "-" "Mozilla/5.0 (compatible; MJ12bot/v1.4.8; http://mj12bot.com/)"
2a01:4f8:13a:1f0a::2 - - [15/Apr/2025:22:13:22 -0400] "GET /lawyer-hattingen-2/feed/ HTTP/1.1" 200 379 "-" "Mozilla/5.0 (compatible; MJ12bot/v1.4.8; http://mj12bot.com/)"
119.8.235.141 - - [15/Apr/2025:22:13:26 -0400] "GET /wp-content/uploads/2023/01/hi5-768x432.jpg?w=186 HTTP/1.1" 404 0 "https://pattern.udlvirtual.edu.pe/en/what-does-archive-mean-on-instagram.html" "Mozilla/5.0 (Macintosh; Intel Mac OS X 10_15_7) AppleWebKit/537.36 (KHTML, like Gecko) Chrome/123.0.0.0 Safari/537.36"
2a01:4f8:13a:1f0a::2 - - [15/Apr/2025:22:13:26 -0400] "GET /luxury-livery-service-at-your-doorstep/ HTTP/1.1" 200 0 "-" "Mozilla/5.0 (compatible; MJ12bot/v1.4.8; http://mj12bot.com/)"
2a01:4f8:13a:1f0a::2 - - [15/Apr/2025:22:13:30 -0400] "GET /shop-space-for-rent-in-qatar/ HTTP/1.1" 200 0 "-" "Mozilla/5.0 (compatible; MJ12bot/v1.4.8; http://mj12bot.com/)"
2a01:4f8:13a:1f0a::2 - - [15/Apr/2025:22:13:33 -0400] "GET /disaster-recovery-in-the-cloud/ HTTP/1.1" 200 0 "-" "Mozilla/5.0 (compatible; MJ12bot/v1.4.8; http://mj12bot.com/)"
51.222.253.12 - - [15/Apr/2025:22:14:01 -0400] "GET /understanding-french-wine/ HTTP/1.1" 200 0 "-" "Mozilla/5.0 (compatible; AhrefsBot/7.0; +http://ahrefs.com/robot/)"
51.222.253.6 - - [15/Apr/2025:22:16:43 -0400] "GET /how-to-use-kratom/ HTTP/1.1" 200 0 "-" "Mozilla/5.0 (compatible; AhrefsBot/7.0; +http://ahrefs.com/robot/)"
129.226.13.120 - - [15/Apr/2025:22:16:58 -0400] "GET /what-episode-does-jon-snow-die/ HTTP/1.1" 200 0 "-" "Python/3.10 aiohttp/3.10.5"
198.54.114.83 - - [15/Apr/2025:22:17:04 -0400] "POST /wp-cron.php?doing_wp_cron=1744769821.5064990520477294921875 HTTP/1.1" 200 0 "-" "WordPress/6.7.2; https://bakingsecurityin.com"
198.54.114.83 - - [15/Apr/2025:22:19:09 -0400] "POST /wp-cron.php?doing_wp_cron=1744769948.9412870407104492187500 HTTP/1.1" 200 0 "-" "WordPress/6.7.2; https://bakingsecurityin.com"
51.222.253.16 - - [15/Apr/2025:22:19:05 -0400] "GET /a-glimpse-into-the-midtown-modern-showflat/feed/ HTTP/1.1" 304 0 "-" "Mozilla/5.0 (compatible; AhrefsBot/7.0; +http://ahrefs.com/robot/)"
198.54.114.83 - - [15/Apr/2025:22:19:11 -0400] "POST /wp-admin/admin-ajax.php?action=async_litespeed&nonce=UFRHntjH8bfuJWx3fOocHfwgPHJ6mjBZ&litespeed_type=imgoptm HTTP/1.1" 200 0 "-" "WordPress/6.7.2; https://bakingsecurityin.com"
198.54.114.83 - - [15/Apr/2025:22:20:55 -0400] "POST /wp-cron.php?doing_wp_cron=1744770052.2965021133422851562500 HTTP/1.1" 200 0 "-" "WordPress/6.7.2; https://bakingsecurityin.com"
129.226.134.60 - - [15/Apr/2025:22:20:49 -0400] "GET /the-forest-of-arden/ HTTP/1.1" 200 0 "-" "Python/3.10 aiohttp/3.10.5"
51.222.253.15 - - [15/Apr/2025:22:21:37 -0400] "GET /industrial-duct-cleaning-service/ HTTP/1.1" 200 0 "-" "Mozilla/5.0 (compatible; AhrefsBot/7.0; +http://ahrefs.com/robot/)"
198.54.114.83 - - [15/Apr/2025:22:22:20 -0400] "POST /wp-cron.php?doing_wp_cron=1744770140.2398450374603271484375 HTTP/1.1" 200 0 "-" "WordPress/6.7.2; https://bakingsecurityin.com"
89.248.172.183 - - [15/Apr/2025:22:22:19 -0400] "GET /wp-content/plugins/instant-appointment/assets/css/bootstrap-icons.min.css HTTP/1.1" 404 0 "-" "Mozilla/5.0 (iPad; CPU OS 17_0_2 like Mac OS X) AppleWebKit/605.1.15 (KHTML, like Gecko) Version/17.0 Mobile/15E148 Safari/604.1"
198.54.114.83 - - [15/Apr/2025:22:22:21 -0400] "POST /wp-admin/admin-ajax.php?action=async_litespeed&nonce=jtwQnIQ0N1Z9CJkICDdPrfm4se3IGddN&litespeed_type=imgoptm HTTP/1.1" 200 0 "-" "WordPress/6.7.2; https://bakingsecurityin.com"
51.222.253.3 - - [15/Apr/2025:22:24:20 -0400] "GET /how-to-create-custom-logo-dress-socks/ HTTP/1.1" 200 0 "-" "Mozilla/5.0 (compatible; AhrefsBot/7.0; +http://ahrefs.com/robot/)"
198.54.114.83 - - [15/Apr/2025:22:25:22 -0400] "POST /wp-admin/admin-ajax.php?action=async_litespeed&nonce=VDdnhOA5Hw8dXQDrNiUoeystTQV2O9tN&litespeed_type=imgoptm HTTP/1.1" 200 0 "-" "WordPress/6.7.2; https://bakingsecurityin.com"
51.222.253.1 - - [15/Apr/2025:22:26:45 -0400] "GET /author/ashdev/ HTTP/1.1" 200 0 "-" "Mozilla/5.0 (compatible; AhrefsBot/7.0; +http://ahrefs.com/robot/)"
51.222.253.13 - - [15/Apr/2025:22:29:16 -0400] "GET /fda-otc-regulations-and-their-impact-on-the-market/feed/ HTTP/1.1" 200 427 "-" "Mozilla/5.0 (compatible; AhrefsBot/7.0; +http://ahrefs.com/robot/)"
198.54.114.83 - - [15/Apr/2025:22:29:22 -0400] "POST /wp-cron.php?doing_wp_cron=1744770560.1774508953094482421875 HTTP/1.1" 200 0 "-" "WordPress/6.7.2; https://bakingsecurityin.com"
198.54.114.83 - - [15/Apr/2025:22:29:24 -0400] "POST /wp-admin/admin-ajax.php?action=async_litespeed&nonce=vohaIhC0vTfkXwdDfDMfhfETklbFIbM2&litespeed_type=imgoptm HTTP/1.1" 200 0 "-" "WordPress/6.7.2; https://bakingsecurityin.com"
51.222.253.10 - - [15/Apr/2025:22:31:50 -0400] "GET /ncfe-cache-level-3-courses/ HTTP/1.1" 200 0 "-" "Mozilla/5.0 (compatible; AhrefsBot/7.0; +http://ahrefs.com/robot/)"
198.54.114.83 - - [15/Apr/2025:22:34:18 -0400] "POST /wp-cron.php?doing_wp_cron=1744770857.6406519412994384765625 HTTP/1.1" 200 0 "-" "WordPress/6.7.2; https://bakingsecurityin.com"
51.222.253.14 - - [15/Apr/2025:22:34:13 -0400] "GET /unveiling-the-ultimate-gold-cleaner/ HTTP/1.1" 200 0 "-" "Mozilla/5.0 (compatible; AhrefsBot/7.0; +http://ahrefs.com/robot/)"
198.54.114.83 - - [15/Apr/2025:22:34:25 -0400] "POST /wp-admin/admin-ajax.php?action=async_litespeed&nonce=84XF3ScGxY5EDi4bDrrRmaEYoYbsQCLZ&litespeed_type=imgoptm HTTP/1.1" 200 0 "-" "WordPress/6.7.2; https://bakingsecurityin.com"
216.73.160.249 - - [15/Apr/2025:22:34:55 -0400] "GET /how-does-red-light-therapy-work/ HTTP/1.1" 200 0 "https://bakingsecurityin.com/how-does-red-light-therapy-work/" "Mozilla/5.0 (Windows NT 10.0; Win64; x64) AppleWebKit/537.36 (KHTML, like Gecko) Chrome/129.0.0.0 Safari/537.36"
198.54.114.83 - - [15/Apr/2025:22:34:58 -0400] "POST /wp-cron.php?doing_wp_cron=1744770897.3693549633026123046875 HTTP/1.1" 200 0 "-" "WordPress/6.7.2; https://bakingsecurityin.com"
216.73.160.108 - - [15/Apr/2025:22:34:56 -0400] "GET / HTTP/1.1" 200 0 "https://bakingsecurityin.com/" "Mozilla/5.0 (Windows NT 10.0; Win64; x64) AppleWebKit/537.36 (KHTML, like Gecko) Chrome/129.0.0.0 Safari/537.36"
198.54.114.83 - - [15/Apr/2025:22:34:59 -0400] "POST /wp-admin/admin-ajax.php?action=async_litespeed&nonce=HHMupZ4D1SsIACDdFccRDZt4kUGsUawR&litespeed_type=imgoptm HTTP/1.1" 200 0 "-" "WordPress/6.7.2; https://bakingsecurityin.com"
136.243.228.193 - - [15/Apr/2025:22:35:26 -0400] "GET /die-transformative-kraft-von-uberwachungskameras/ HTTP/1.1" 200 0 "-" "Mozilla/5.0 (compatible; DataForSeoBot/1.0; +https://dataforseo.com/dataforseo-bot)"
43.154.72.61 - - [15/Apr/2025:22:36:55 -0400] "GET /how-to-promote-your-twitch/ HTTP/1.1" 200 0 "-" "Python/3.10 aiohttp/3.10.5"
198.54.114.83 - - [15/Apr/2025:22:37:20 -0400] "POST /wp-cron.php?doing_wp_cron=1744771040.1148090362548828125000 HTTP/1.1" 200 0 "-" "WordPress/6.7.2; https://bakingsecurityin.com"
51.222.253.15 - - [15/Apr/2025:22:37:17 -0400] "GET /understanding-the-job-responsibilities-of-funeral-directors-carshalton/feed/ HTTP/1.1" 200 439 "-" "Mozilla/5.0 (compatible; AhrefsBot/7.0; +http://ahrefs.com/robot/)"
198.54.114.83 - - [15/Apr/2025:22:37:21 -0400] "POST /wp-admin/admin-ajax.php?action=async_litespeed&nonce=OqFp3GOW9ZUnEFfr8iZofj1pbJpXqMYE&litespeed_type=imgoptm HTTP/1.1" 200 0 "-" "WordPress/6.7.2; https://bakingsecurityin.com"
198.54.114.83 - - [15/Apr/2025:22:37:58 -0400] "POST /wp-admin/admin-ajax.php?action=async_litespeed&nonce=dWqylQOwk8MmeeAzPkphQEbtBvkr2NHR&litespeed_type=imgoptm HTTP/1.1" 200 5 "-" "WordPress/6.7.2; https://bakingsecurityin.com"
198.54.126.98 - - [15/Apr/2025:22:38:00 -0400] "GET /wp-login.php HTTP/1.1" 200 1737 "http://bakingsecurityin.com" "Mozilla/5.0 (Macintosh; Intel Mac OS X 10_15_7) AppleWebKit/537.36 (KHTML, like Gecko) Chrome/113.0.5672.93 Safari/537.36"
198.54.114.83 - - [15/Apr/2025:22:38:03 -0400] "POST /wp-cron.php?doing_wp_cron=1744771082.1903800964355468750000 HTTP/1.1" 200 0 "-" "WordPress/6.7.2; https://bakingsecurityin.com"
27.42.99.97 - - [15/Apr/2025:22:38:01 -0400] "GET /les-pantoufles-sont-populaires-partout-dans-le-monde/ HTTP/1.1" 301 0 "https://bakingsecurityin.com" "Mozilla/5.0 (Windows NT 10.0; Win64; x64) AppleWebKit/537.36 (KHTML, like Gecko) Chrome/62.0.3202.94 Safari/537.36"
27.42.99.97 - - [15/Apr/2025:22:38:04 -0400] "GET /pantoufle-de-dinosaure/ HTTP/1.1" 200 0 "https://bakingsecurityin.com" "Mozilla/5.0 (Windows NT 10.0; Win64; x64) AppleWebKit/537.36 (KHTML, like Gecko) Chrome/62.0.3202.94 Safari/537.36"
43.135.121.153 - - [15/Apr/2025:22:38:22 -0400] "GET /single-guy-party-arranging-giving-him-enough-evening/ HTTP/1.1" 200 0 "-" "Python/3.10 aiohttp/3.10.5"
51.222.253.1 - - [15/Apr/2025:22:39:50 -0400] "GET /unlocking-the-power-of-tiktok-the-truth-about-buying-views-and-followers/feed/ HTTP/1.1" 304 0 "-" "Mozilla/5.0 (compatible; AhrefsBot/7.0; +http://ahrefs.com/robot/)"
198.54.114.83 - - [15/Apr/2025:22:39:55 -0400] "POST /wp-cron.php?doing_wp_cron=1744771194.0795679092407226562500 HTTP/1.1" 200 0 "-" "WordPress/6.7.2; https://bakingsecurityin.com"
129.226.64.249 - - [15/Apr/2025:22:40:30 -0400] "GET /gambling-and-poker/ HTTP/1.1" 200 0 "-" "Python/3.10 aiohttp/3.10.5"
119.28.27.236 - - [15/Apr/2025:22:42:09 -0400] "GET /choosing-a-fire-pump-manufacturer/ HTTP/1.1" 200 0 "-" "Python/3.10 aiohttp/3.10.5"
198.54.114.83 - - [15/Apr/2025:22:42:14 -0400] "POST /wp-cron.php?doing_wp_cron=1744771333.3597040176391601562500 HTTP/1.1" 200 0 "-" "WordPress/6.7.2; https://bakingsecurityin.com"
129.226.112.194 - - [15/Apr/2025:22:42:28 -0400] "GET /online-gambling-terms-and-conditions/ HTTP/1.1" 200 0 "-" "Python/3.10 aiohttp/3.10.5"
51.222.253.16 - - [15/Apr/2025:22:42:40 -0400] "GET /careers-in-cyber-security/ HTTP/1.1" 200 0 "-" "Mozilla/5.0 (compatible; AhrefsBot/7.0; +http://ahrefs.com/robot/)"
198.54.114.83 - - [15/Apr/2025:22:45:26 -0400] "POST /wp-cron.php?doing_wp_cron=1744771525.5926918983459472656250 HTTP/1.1" 200 0 "-" "WordPress/6.7.2; https://bakingsecurityin.com"
51.222.253.9 - - [15/Apr/2025:22:45:23 -0400] "GET /how-to-make-someone-obsessed-with-you-with-a-love-obsession-spell/ HTTP/1.1" 200 0 "-" "Mozilla/5.0 (compatible; AhrefsBot/7.0; +http://ahrefs.com/robot/)"
198.54.114.83 - - [15/Apr/2025:22:45:28 -0400] "POST /wp-admin/admin-ajax.php?action=async_litespeed&nonce=TpMY2wrSiWdJelklxdMlOWNVkAWg3nW1&litespeed_type=imgoptm HTTP/1.1" 200 5 "-" "WordPress/6.7.2; https://bakingsecurityin.com"
85.208.96.209 - - [15/Apr/2025:22:46:31 -0400] "GET /robots.txt HTTP/1.1" 304 0 "-" "Mozilla/5.0 (compatible; SemrushBot/7~bl; +http://www.semrush.com/bot.html)"
85.208.96.196 - - [15/Apr/2025:22:46:32 -0400] "GET /how-long-does-a-ring-doorbell-battery-last/ HTTP/1.1" 200 0 "-" "Mozilla/5.0 (compatible; SemrushBot/7~bl; +http://www.semrush.com/bot.html)"
198.54.114.83 - - [15/Apr/2025:22:48:26 -0400] "POST /wp-cron.php?doing_wp_cron=1744771706.2105629444122314453125 HTTP/1.1" 200 0 "-" "WordPress/6.7.2; https://bakingsecurityin.com"
51.222.253.20 - - [15/Apr/2025:22:48:23 -0400] "GET /emerald-taxi-service/feed/ HTTP/1.1" 304 0 "-" "Mozilla/5.0 (compatible; AhrefsBot/7.0; +http://ahrefs.com/robot/)"
198.54.114.83 - - [15/Apr/2025:22:48:27 -0400] "POST /wp-admin/admin-ajax.php?action=async_litespeed&nonce=Y0U6Ppsdmhir2py3dFrZBv1RJgpPmcBf&litespeed_type=imgoptm HTTP/1.1" 200 0 "-" "WordPress/6.7.2; https://bakingsecurityin.com"
85.208.96.202 - - [15/Apr/2025:22:49:51 -0400] "GET /7-days-to-die-servers/ HTTP/1.1" 200 0 "-" "Mozilla/5.0 (compatible; SemrushBot/7~bl; +http://www.semrush.com/bot.html)"
31.193.2.236 - - [15/Apr/2025:22:51:04 -0400] "GET /wp-login.php HTTP/1.1" 200 1737 "http://bakingsecurityin.com" "Mozilla/5.0 (Windows NT 10.0; Win64; x64) AppleWebKit/537.36 (KHTML, like Gecko) Chrome/112.0.5615.138 Safari/537.36"
198.54.114.83 - - [15/Apr/2025:22:51:04 -0400] "POST /wp-admin/admin-ajax.php?action=async_litespeed&nonce=01JSD1GVRYVk5wkqURPjmxZiMxcgQjuJ&litespeed_type=imgoptm HTTP/1.1" 200 0 "-" "WordPress/6.7.2; https://bakingsecurityin.com"
51.222.253.20 - - [15/Apr/2025:22:51:10 -0400] "GET /movieswood/ HTTP/1.1" 200 0 "-" "Mozilla/5.0 (compatible; AhrefsBot/7.0; +http://ahrefs.com/robot/)"
18.191.234.43 - - [15/Apr/2025:22:52:33 -0400] "GET /robots.txt HTTP/1.1" 304 0 "-" "Mozilla/5.0 AppleWebKit/537.36 (KHTML, like Gecko; compatible; ClaudeBot/1.0; +claudebot@anthropic.com)"
198.54.114.83 - - [15/Apr/2025:22:52:38 -0400] "POST /wp-cron.php?doing_wp_cron=1744771957.6593270301818847656250 HTTP/1.1" 200 0 "-" "WordPress/6.7.2; https://bakingsecurityin.com"
18.191.234.43 - - [15/Apr/2025:22:52:34 -0400] "GET /comment-les-diseurs-de-bonne-aventure-peuvent-vous-aider-a-comprendre-votre-passe-et-votre-present HTTP/1.1" 301 0 "-" "Mozilla/5.0 AppleWebKit/537.36 (KHTML, like Gecko; compatible; ClaudeBot/1.0; +claudebot@anthropic.com)"
18.191.234.43 - - [15/Apr/2025:22:52:40 -0400] "GET /comment-les-diseurs-de-bonne-aventure-peuvent-vous-aider-a-comprendre-votre-passe-et-votre-present/ HTTP/1.1" 200 0 "https://bakingsecurityin.com/comment-les-diseurs-de-bonne-aventure-peuvent-vous-aider-a-comprendre-votre-passe-et-votre-present" "Mozilla/5.0 AppleWebKit/537.36 (KHTML, like Gecko; compatible; ClaudeBot/1.0; +claudebot@anthropic.com)"
198.54.114.83 - - [15/Apr/2025:22:52:40 -0400] "POST /wp-admin/admin-ajax.php?action=async_litespeed&nonce=IEGQQoF9a9CmdklgAO6gZBCzHdMTgsYf&litespeed_type=imgoptm HTTP/1.1" 200 0 "-" "WordPress/6.7.2; https://bakingsecurityin.com"
198.54.114.83 - - [15/Apr/2025:22:53:56 -0400] "POST /wp-cron.php?doing_wp_cron=1744772035.7704229354858398437500 HTTP/1.1" 200 0 "-" "WordPress/6.7.2; https://bakingsecurityin.com"
51.222.253.17 - - [15/Apr/2025:22:53:55 -0400] "GET /pedicure-chairs/feed/ HTTP/1.1" 304 0 "-" "Mozilla/5.0 (compatible; AhrefsBot/7.0; +http://ahrefs.com/robot/)"
198.54.114.83 - - [15/Apr/2025:22:53:56 -0400] "POST /wp-admin/admin-ajax.php?action=async_litespeed&nonce=ACwmBQXvJPj8V0mfca6vipa43raJlMhB&litespeed_type=imgoptm HTTP/1.1" 200 5 "-" "WordPress/6.7.2; https://bakingsecurityin.com"
198.54.114.83 - - [15/Apr/2025:22:55:58 -0400] "POST /wp-cron.php?doing_wp_cron=1744772158.1654911041259765625000 HTTP/1.1" 200 0 "-" "WordPress/6.7.2; https://bakingsecurityin.com"
64.20.37.170 - - [15/Apr/2025:22:55:54 -0400] "GET /feed HTTP/1.1" 301 0 "-" "RSSingBot (http://www.rssing.com)"
198.54.114.83 - - [15/Apr/2025:22:56:00 -0400] "POST /wp-admin/admin-ajax.php?action=async_litespeed&nonce=wC3NAbpg0e9DPIXcEHFaKnjjzn31AbB6&litespeed_type=imgoptm HTTP/1.1" 200 0 "-" "WordPress/6.7.2; https://bakingsecurityin.com"
51.222.253.7 - - [15/Apr/2025:22:56:19 -0400] "GET /a-modern-oasis-in-the-heart-of-the-city/ HTTP/1.1" 200 0 "-" "Mozilla/5.0 (compatible; AhrefsBot/7.0; +http://ahrefs.com/robot/)"
198.54.114.83 - - [15/Apr/2025:22:57:35 -0400] "POST /wp-cron.php?doing_wp_cron=1744772255.0273759365081787109375 HTTP/1.1" 200 0 "-" "WordPress/6.7.2; https://bakingsecurityin.com"
54.90.201.124 - - [15/Apr/2025:22:57:34 -0400] "GET /aba-therapy-near-me/ HTTP/1.1" 200 0 "-" "Grammarly/1.0 (http://www.grammarly.com)"
198.54.114.83 - - [15/Apr/2025:22:57:36 -0400] "POST /wp-admin/admin-ajax.php?action=async_litespeed&nonce=eu0OAaqYIPhzYgmVoeOPNc9tkMykT0TN&litespeed_type=imgoptm HTTP/1.1" 200 5 "-" "WordPress/6.7.2; https://bakingsecurityin.com"
198.54.114.83 - - [15/Apr/2025:22:59:09 -0400] "POST /wp-admin/admin-ajax.php?action=async_litespeed&nonce=ioghh5enHlqlkCOwRm8WnXhtYXIXGP1A&litespeed_type=imgoptm HTTP/1.1" 200 0 "-" "WordPress/6.7.2; https://bakingsecurityin.com"
51.222.253.2 - - [15/Apr/2025:22:59:24 -0400] "GET /how-to-pick-out-the-best-hvac-vacuum-pumps/ HTTP/1.1" 200 0 "-" "Mozilla/5.0 (compatible; AhrefsBot/7.0; +http://ahrefs.com/robot/)"
198.54.114.83 - - [15/Apr/2025:23:02:39 -0400] "POST /wp-cron.php?doing_wp_cron=1744772558.7208518981933593750000 HTTP/1.1" 200 0 "-" "WordPress/6.7.2; https://bakingsecurityin.com"
51.222.253.10 - - [15/Apr/2025:23:02:35 -0400] "GET /the-advantages-and-disadvantages-of-the-electronic-warrant/ HTTP/1.1" 200 0 "-" "Mozilla/5.0 (compatible; AhrefsBot/7.0; +http://ahrefs.com/robot/)"
198.54.114.83 - - [15/Apr/2025:23:02:41 -0400] "POST /wp-admin/admin-ajax.php?action=async_litespeed&nonce=y1swcdvg3kxwXHfp6mqwLqYFQ0pX1xVi&litespeed_type=imgoptm HTTP/1.1" 200 0 "-" "WordPress/6.7.2; https://bakingsecurityin.com"
80.248.226.94 - - [15/Apr/2025:23:03:58 -0400] "GET /wp-login.php HTTP/1.1" 200 1737 "http://bakingsecurityin.com" "Mozilla/5.0 (Windows NT 10.0; Win64; x64) AppleWebKit/537.36 (KHTML, like Gecko) Chrome/116.0.5845.96 Safari/537.36 Edg/116.0.1938.62"
198.54.114.83 - - [15/Apr/2025:23:03:58 -0400] "POST /wp-admin/admin-ajax.php?action=async_litespeed&nonce=2hBpnQvmsyheluAbR8qV5vFzgad97U41&litespeed_type=imgoptm HTTP/1.1" 200 5 "-" "WordPress/6.7.2; https://bakingsecurityin.com"
51.222.253.6 - - [15/Apr/2025:23:05:19 -0400] "GET /disaster-recovery-in-the-cloud/ HTTP/1.1" 200 0 "-" "Mozilla/5.0 (compatible; AhrefsBot/7.0; +http://ahrefs.com/robot/)"
51.222.253.2 - - [15/Apr/2025:23:07:46 -0400] "GET /happiness-quote-the-secret-of-happiness/ HTTP/1.1" 200 0 "-" "Mozilla/5.0 (compatible; AhrefsBot/7.0; +http://ahrefs.com/robot/)"
198.54.114.83 - - [15/Apr/2025:23:07:52 -0400] "POST /wp-cron.php?doing_wp_cron=1744772869.8448710441589355468750 HTTP/1.1" 200 0 "-" "WordPress/6.7.2; https://bakingsecurityin.com"
23.22.107.123 - - [15/Apr/2025:23:09:22 -0400] "GET /aba-therapy-near-me/ HTTP/1.1" 200 0 "-" "Grammarly/1.0 (http://www.grammarly.com)"
198.54.114.83 - - [15/Apr/2025:23:09:59 -0400] "POST /wp-cron.php?doing_wp_cron=1744772998.7904460430145263671875 HTTP/1.1" 200 0 "-" "WordPress/6.7.2; https://bakingsecurityin.com"
51.222.253.6 - - [15/Apr/2025:23:09:54 -0400] "GET /effective-solutions-for-forward-head-posture/ HTTP/1.1" 200 0 "-" "Mozilla/5.0 (compatible; AhrefsBot/7.0; +http://ahrefs.com/robot/)"
198.54.114.83 - - [15/Apr/2025:23:10:01 -0400] "POST /wp-admin/admin-ajax.php?action=async_litespeed&nonce=RcyF1SX3MWNbMuXApAdVoyy9Gcr7P4UE&litespeed_type=imgoptm HTTP/1.1" 200 0 "-" "WordPress/6.7.2; https://bakingsecurityin.com"
198.54.114.83 - - [15/Apr/2025:23:12:21 -0400] "POST /wp-cron.php?doing_wp_cron=1744773140.5315198898315429687500 HTTP/1.1" 200 0 "-" "WordPress/6.7.2; https://bakingsecurityin.com"
51.222.253.8 - - [15/Apr/2025:23:12:16 -0400] "GET /hamburg-ihre-beste-wahl-fur-einen-stressfreien-umzug/ HTTP/1.1" 200 0 "-" "Mozilla/5.0 (compatible; AhrefsBot/7.0; +http://ahrefs.com/robot/)"
198.54.114.83 - - [15/Apr/2025:23:12:23 -0400] "POST /wp-admin/admin-ajax.php?action=async_litespeed&nonce=frHhRkB3z9UWpHYhjOeUkD2dItb7BUN9&litespeed_type=imgoptm HTTP/1.1" 200 0 "-" "WordPress/6.7.2; https://bakingsecurityin.com"
51.222.253.7 - - [15/Apr/2025:23:14:32 -0400] "GET /finding-the-right-rv-fridge-for-your-needs-and-budget/ HTTP/1.1" 200 0 "-" "Mozilla/5.0 (compatible; AhrefsBot/7.0; +http://ahrefs.com/robot/)"
198.54.114.83 - - [15/Apr/2025:23:14:36 -0400] "POST /wp-cron.php?doing_wp_cron=1744773275.8047299385070800781250 HTTP/1.1" 200 0 "-" "WordPress/6.7.2; https://bakingsecurityin.com"
185.191.171.15 - - [15/Apr/2025:23:14:35 -0400] "GET /amethyst-to-ruby-silver-or-pewter-an-armor-ring-has-it-all-and-at-exceptionally-low-prices-too/ HTTP/1.1" 200 0 "-" "Mozilla/5.0 (compatible; SemrushBot/7~bl; +http://www.semrush.com/bot.html)"
198.54.114.83 - - [15/Apr/2025:23:14:37 -0400] "POST /wp-admin/admin-ajax.php?action=async_litespeed&nonce=k1zZFFBYzcbYlhQ3Qa8irMIJZQ1y85CQ&litespeed_type=imgoptm HTTP/1.1" 200 0 "-" "WordPress/6.7.2; https://bakingsecurityin.com"
198.54.114.83 - - [15/Apr/2025:23:17:03 -0400] "POST /wp-cron.php?doing_wp_cron=1744773422.4374480247497558593750 HTTP/1.1" 200 0 "-" "WordPress/6.7.2; https://bakingsecurityin.com"
51.222.253.12 - - [15/Apr/2025:23:17:01 -0400] "GET /the-benefits-of-double-glazing-bridgend/ HTTP/1.1" 200 0 "-" "Mozilla/5.0 (compatible; AhrefsBot/7.0; +http://ahrefs.com/robot/)"
217.156.65.24 - - [15/Apr/2025:23:17:04 -0400] "GET /wp-login.php HTTP/1.1" 200 1737 "http://bakingsecurityin.com" "Mozilla/5.0 (Windows NT 10.0; Win64; x64; rv:128.0) Gecko/20100101 Firefox/128.0"
198.54.114.83 - - [15/Apr/2025:23:17:05 -0400] "POST /wp-admin/admin-ajax.php?action=async_litespeed&nonce=keG08LpF6Aqf0vKHsCV2PHsn2RxH9bBn&litespeed_type=imgoptm HTTP/1.1" 200 0 "-" "WordPress/6.7.2; https://bakingsecurityin.com"
198.54.114.83 - - [15/Apr/2025:23:19:27 -0400] "POST /wp-cron.php?doing_wp_cron=1744773564.6103370189666748046875 HTTP/1.1" 200 0 "-" "WordPress/6.7.2; https://bakingsecurityin.com"
136.243.228.193 - - [15/Apr/2025:23:19:21 -0400] "GET /navigating-fda-over-the-counter-otc-registration/ HTTP/1.1" 200 0 "-" "Mozilla/5.0 (compatible; DataForSeoBot/1.0; +https://dataforseo.com/dataforseo-bot)"
51.222.253.19 - - [15/Apr/2025:23:19:29 -0400] "GET /whipped-soap-uk-how-to-make-your-own-whipped-soap/ HTTP/1.1" 200 0 "-" "Mozilla/5.0 (compatible; AhrefsBot/7.0; +http://ahrefs.com/robot/)"
198.54.114.83 - - [15/Apr/2025:23:19:30 -0400] "POST /wp-admin/admin-ajax.php?action=async_litespeed&nonce=kSi4oFt8Wt7C4AoXUZOLEYOi1oZvb9fn&litespeed_type=imgoptm HTTP/1.1" 200 0 "-" "WordPress/6.7.2; https://bakingsecurityin.com"
198.54.114.83 - - [15/Apr/2025:23:21:45 -0400] "POST /wp-cron.php?doing_wp_cron=1744773703.7191810607910156250000 HTTP/1.1" 200 0 "-" "WordPress/6.7.2; https://bakingsecurityin.com"
51.222.253.16 - - [15/Apr/2025:23:21:40 -0400] "GET /the-rise-of-click-and-collect/ HTTP/1.1" 200 0 "-" "Mozilla/5.0 (compatible; AhrefsBot/7.0; +http://ahrefs.com/robot/)"
198.54.114.83 - - [15/Apr/2025:23:21:47 -0400] "POST /wp-admin/admin-ajax.php?action=async_litespeed&nonce=hLjjDXVWZjM0FDchurdJAQjuliy0AG3n&litespeed_type=imgoptm HTTP/1.1" 200 0 "-" "WordPress/6.7.2; https://bakingsecurityin.com"
198.54.114.83 - - [15/Apr/2025:23:24:05 -0400] "POST /wp-cron.php?doing_wp_cron=1744773845.1324648857116699218750 HTTP/1.1" 200 0 "-" "WordPress/6.7.2; https://bakingsecurityin.com"
51.222.253.1 - - [15/Apr/2025:23:24:02 -0400] "GET /meilleure-mini-imprimante-portable/feed/ HTTP/1.1" 200 391 "-" "Mozilla/5.0 (compatible; AhrefsBot/7.0; +http://ahrefs.com/robot/)"
198.54.114.83 - - [15/Apr/2025:23:24:06 -0400] "POST /wp-admin/admin-ajax.php?action=async_litespeed&nonce=JzNK2w49Eag6TY3rNd10ElGRgbEJsaA0&litespeed_type=imgoptm HTTP/1.1" 200 0 "-" "WordPress/6.7.2; https://bakingsecurityin.com"
5.255.231.142 - - [15/Apr/2025:23:25:18 -0400] "GET /robots.txt HTTP/1.1" 200 98 "-" "Mozilla/5.0 (compatible; YandexBot/3.0; +http://yandex.com/bots)"
87.250.224.211 - - [15/Apr/2025:23:25:19 -0400] "GET /how-to-turn-safe-search-off-on-your-iphone/ HTTP/1.1" 200 0 "-" "Mozilla/5.0 (compatible; YandexBot/3.0; +http://yandex.com/bots)"
198.54.114.83 - - [15/Apr/2025:23:25:22 -0400] "POST /wp-cron.php?doing_wp_cron=1744773920.0284450054168701171875 HTTP/1.1" 200 0 "-" "WordPress/6.7.2; https://bakingsecurityin.com"
198.54.114.83 - - [15/Apr/2025:23:25:24 -0400] "POST /wp-admin/admin-ajax.php?action=async_litespeed&nonce=cEAQ9e7VIQr83VAGJlz6ar1Z65cK4CJt&litespeed_type=imgoptm HTTP/1.1" 200 0 "-" "WordPress/6.7.2; https://bakingsecurityin.com"
198.54.114.83 - - [15/Apr/2025:23:26:11 -0400] "POST /wp-cron.php?doing_wp_cron=1744773970.2599289417266845703125 HTTP/1.1" 200 0 "-" "WordPress/6.7.2; https://bakingsecurityin.com"
51.222.253.18 - - [15/Apr/2025:23:26:10 -0400] "GET /iptv-technology-simplified/ HTTP/1.1" 200 0 "-" "Mozilla/5.0 (compatible; AhrefsBot/7.0; +http://ahrefs.com/robot/)"
198.54.114.83 - - [15/Apr/2025:23:26:13 -0400] "POST /wp-admin/admin-ajax.php?action=async_litespeed&nonce=7prStLwl6eeYq71uzmLF1OqyctlJ5dPO&litespeed_type=imgoptm HTTP/1.1" 200 0 "-" "WordPress/6.7.2; https://bakingsecurityin.com"
198.54.114.83 - - [15/Apr/2025:23:28:24 -0400] "POST /wp-cron.php?doing_wp_cron=1744774103.5356130599975585937500 HTTP/1.1" 200 0 "-" "WordPress/6.7.2; https://bakingsecurityin.com"
51.222.253.7 - - [15/Apr/2025:23:28:20 -0400] "GET /selecting-a-fire-pump-manufacturer/feed/ HTTP/1.1" 304 0 "-" "Mozilla/5.0 (compatible; AhrefsBot/7.0; +http://ahrefs.com/robot/)"
198.54.114.83 - - [15/Apr/2025:23:28:25 -0400] "POST /wp-admin/admin-ajax.php?action=async_litespeed&nonce=HKIZKFp0MqCfHxTV07DdHSvQrCpxbDxv&litespeed_type=imgoptm HTTP/1.1" 200 0 "-" "WordPress/6.7.2; https://bakingsecurityin.com"
135.148.137.109 - - [15/Apr/2025:23:30:06 -0400] "GET /wp-login.php HTTP/1.1" 200 1737 "http://bakingsecurityin.com" "Mozilla/5.0 (Macintosh; Intel Mac OS X 14.3) AppleWebKit/614.31.14 (KHTML, like Gecko) Version/17.0.96 Safari/614.31.14"
198.54.114.83 - - [15/Apr/2025:23:30:06 -0400] "POST /wp-admin/admin-ajax.php?action=async_litespeed&nonce=onjihHfScEz330885Crjjx4sxjMjM9Mw&litespeed_type=imgoptm HTTP/1.1" 200 0 "-" "WordPress/6.7.2; https://bakingsecurityin.com"
51.222.253.7 - - [15/Apr/2025:23:30:29 -0400] "GET /le-coussin-de-lecture-ideal-pour-le-lit/ HTTP/1.1" 200 0 "-" "Mozilla/5.0 (compatible; AhrefsBot/7.0; +http://ahrefs.com/robot/)"
51.222.253.8 - - [15/Apr/2025:23:32:48 -0400] "GET /pilou-asbaek-danish-actor/feed/ HTTP/1.1" 200 398 "-" "Mozilla/5.0 (compatible; AhrefsBot/7.0; +http://ahrefs.com/robot/)"
198.54.114.83 - - [15/Apr/2025:23:32:56 -0400] "POST /wp-cron.php?doing_wp_cron=1744774374.2122149467468261718750 HTTP/1.1" 200 0 "-" "WordPress/6.7.2; https://bakingsecurityin.com"
198.54.114.83 - - [15/Apr/2025:23:33:56 -0400] "POST /wp-admin/admin-ajax.php?action=async_litespeed&nonce=gJkUmlg606Als16GXn0mXqomkwt1DGki&litespeed_type=imgoptm HTTP/1.1" 200 0 "-" "WordPress/6.7.2; https://bakingsecurityin.com"
52.169.221.95 - - [15/Apr/2025:23:34:45 -0400] "GET /wp-admin/about.php HTTP/1.1" 302 0 "-" "-"
52.169.221.95 - - [15/Apr/2025:23:34:46 -0400] "GET /wp-login.php?redirect_to=https%3A%2F%2Fbakingsecurityin.com%2Fwp-admin%2Fabout.php&reauth=1 HTTP/1.1" 200 1743 "-" "-"
51.222.253.6 - - [15/Apr/2025:23:34:49 -0400] "GET /best-indian-youtubers-to-follow-in-2021-most-updated-list/ HTTP/1.1" 200 0 "-" "Mozilla/5.0 (compatible; AhrefsBot/7.0; +http://ahrefs.com/robot/)"
52.169.221.95 - - [15/Apr/2025:23:34:50 -0400] "GET /wp-admin/index.php HTTP/1.1" 302 0 "-" "-"
52.169.221.95 - - [15/Apr/2025:23:34:53 -0400] "GET /wp-login.php?redirect_to=https%3A%2F%2Fbakingsecurityin.com%2Fwp-admin%2Findex.php&reauth=1 HTTP/1.1" 200 1741 "-" "-"
198.54.114.83 - - [15/Apr/2025:23:34:57 -0400] "POST /wp-admin/admin-ajax.php?action=async_litespeed&nonce=bRkHfk3wCEuOCuWS79vXo9I7kGAxe4ct&litespeed_type=imgoptm HTTP/1.1" 200 0 "-" "WordPress/6.7.2; https://bakingsecurityin.com"
43.135.121.153 - - [15/Apr/2025:23:35:53 -0400] "GET /the-companies-behind-pokemon-merchandising/ HTTP/1.1" 200 0 "-" "Python/3.10 aiohttp/3.10.5"
52.169.221.95 - - [15/Apr/2025:23:36:03 -0400] "GET /wp-admin/themes.php HTTP/1.1" 302 0 "-" "-"
52.169.221.95 - - [15/Apr/2025:23:36:05 -0400] "GET /wp-login.php?redirect_to=https%3A%2F%2Fbakingsecurityin.com%2Fwp-admin%2Fthemes.php&reauth=1 HTTP/1.1" 200 1744 "-" "-"
52.169.221.95 - - [15/Apr/2025:23:36:39 -0400] "GET /wp-admin/user/index.php HTTP/1.1" 302 0 "-" "-"
52.169.221.95 - - [15/Apr/2025:23:36:40 -0400] "GET /wp-login.php?redirect_to=https%3A%2F%2Fbakingsecurityin.com%2Fwp-admin%2Fuser%2Findex.php&reauth=1 HTTP/1.1" 200 1745 "-" "-"
51.222.253.5 - - [15/Apr/2025:23:37:02 -0400] "GET /meals-delivered-to-your-door/ HTTP/1.1" 200 0 "-" "Mozilla/5.0 (compatible; AhrefsBot/7.0; +http://ahrefs.com/robot/)"
52.169.221.95 - - [15/Apr/2025:23:37:38 -0400] "GET /wp-login.php?action=register HTTP/1.1" 302 0 "-" "-"
