198.54.114.83 - - [15/Apr/2025:16:58:47 -0400] "POST /wp-cron.php?doing_wp_cron=1744750721.1866619586944580078125 HTTP/1.1" 200 0 "-" "WordPress/6.7.2; https://buymedicineonlineusa.com"
52.164.245.231 - - [15/Apr/2025:16:58:49 -0400] "GET /web.php HTTP/1.1" 404 10292 "-" "-"
52.164.245.231 - - [15/Apr/2025:16:58:58 -0400] "GET /webadmin.php HTTP/1.1" 404 10292 "-" "-"
52.164.245.231 - - [15/Apr/2025:16:59:05 -0400] "GET /wi.php HTTP/1.1" 404 10292 "-" "-"
52.164.245.231 - - [15/Apr/2025:16:59:10 -0400] "GET /wikindex.php HTTP/1.1" 404 10292 "-" "-"
52.164.245.231 - - [15/Apr/2025:16:59:15 -0400] "GET /winamp/index.php HTTP/1.1" 301 0 "-" "-"
3.232.82.72 - - [15/Apr/2025:16:59:15 -0400] "GET /buy-trecator-sc-online-safely-buymedicineonlineusa-com/ HTTP/1.1" 404 10292 "-" "Mozilla/5.0 AppleWebKit/537.36 (KHTML, like Gecko; compatible; Amazonbot/0.1; +https://developer.amazon.com/support/amazonbot) Chrome/119.0.6045.214 Safari/537.36"
52.164.245.231 - - [15/Apr/2025:16:59:18 -0400] "GET /winamp/ HTTP/1.1" 404 10292 "-" "-"
52.164.245.231 - - [15/Apr/2025:16:59:23 -0400] "GET /wkG.php HTTP/1.1" 404 10292 "-" "-"
52.164.245.231 - - [15/Apr/2025:16:59:26 -0400] "GET /woh.php HTTP/1.1" 404 10292 "-" "-"
52.164.245.231 - - [15/Apr/2025:16:59:28 -0400] "GET /wordpress/wp-includes/IXR/allez.php HTTP/1.1" 404 12793 "-" "-"
52.164.245.231 - - [15/Apr/2025:16:59:32 -0400] "GET /wordpress/wp-includes/wp-config-sample.php HTTP/1.1" 404 12794 "-" "-"
52.164.245.231 - - [15/Apr/2025:16:59:33 -0400] "GET /worm0.PhP7 HTTP/1.1" 404 10292 "-" "-"
52.164.245.231 - - [15/Apr/2025:16:59:35 -0400] "GET /wp-2019.php HTTP/1.1" 404 10292 "-" "-"
52.164.245.231 - - [15/Apr/2025:16:59:37 -0400] "GET /wp-Owl.php HTTP/1.1" 404 10292 "-" "-"
52.164.245.231 - - [15/Apr/2025:16:59:37 -0400] "GET /wp-add-admin.php HTTP/1.1" 404 10292 "-" "-"
52.164.245.231 - - [15/Apr/2025:16:59:38 -0400] "GET /wp-admin.php HTTP/1.1" 404 10292 "-" "-"
52.164.245.231 - - [15/Apr/2025:16:59:39 -0400] "GET /wp-admin.phphttps://diegun.com/autoload_classmap.php HTTP/1.1" 301 0 "-" "-"
52.164.245.231 - - [15/Apr/2025:16:59:39 -0400] "GET /wp-admin.phphttps:/diegun.com/autoload_classmap.php HTTP/1.1" 404 12802 "-" "-"
198.54.114.83 - - [15/Apr/2025:16:59:41 -0400] "POST /wp-cron.php?doing_wp_cron=1744750781.6796140670776367187500 HTTP/1.1" 200 0 "-" "WordPress/6.7.2; https://buymedicineonlineusa.com"
52.164.245.231 - - [15/Apr/2025:16:59:41 -0400] "GET /wp-admin/ HTTP/1.1" 302 0 "-" "-"
52.164.245.231 - - [15/Apr/2025:16:59:44 -0400] "GET /wp-admin//fmadmin.php HTTP/1.1" 301 0 "-" "-"
52.164.245.231 - - [15/Apr/2025:16:59:45 -0400] "GET /wp-admin/fmadmin.php HTTP/1.1" 404 10292 "-" "-"
52.164.245.231 - - [15/Apr/2025:16:59:46 -0400] "GET /wp-admin/31eqRsJgQ6n.php HTTP/1.1" 404 10292 "-" "-"
52.164.245.231 - - [15/Apr/2025:16:59:47 -0400] "GET /wp-admin/404.php HTTP/1.1" 404 10292 "-" "-"
52.164.245.231 - - [15/Apr/2025:16:59:48 -0400] "GET /wp-admin/5gTfXRhIqkW.php HTTP/1.1" 404 10292 "-" "-"
52.164.245.231 - - [15/Apr/2025:16:59:49 -0400] "GET /wp-admin/7EPezNYMy84.php HTTP/1.1" 404 10292 "-" "-"
198.54.114.83 - - [15/Apr/2025:16:59:52 -0400] "POST /wp-cron.php?doing_wp_cron=1744750791.7334849834442138671875 HTTP/1.1" 200 0 "-" "WordPress/6.7.2; https://buymedicineonlineusa.com"
52.164.245.231 - - [15/Apr/2025:16:59:51 -0400] "GET /wp-admin/8h4AoSFJCLO.php HTTP/1.1" 404 10292 "-" "-"
52.164.245.231 - - [15/Apr/2025:16:59:53 -0400] "GET /wp-admin/9pX1s4oMLtC.php HTTP/1.1" 404 10292 "-" "-"
52.164.245.231 - - [15/Apr/2025:16:59:53 -0400] "GET /wp-admin/AhqPecJ6oky.php HTTP/1.1" 404 10292 "-" "-"
52.164.245.231 - - [15/Apr/2025:16:59:55 -0400] "GET /wp-admin/FriUsGzT5d7.php HTTP/1.1" 404 10292 "-" "-"
52.164.245.231 - - [15/Apr/2025:16:59:57 -0400] "GET /wp-admin/GkXRTpxowKQ.php HTTP/1.1" 404 10292 "-" "-"
52.164.245.231 - - [15/Apr/2025:16:59:58 -0400] "GET /wp-admin/ILNqJhgUpAG.php HTTP/1.1" 404 10291 "-" "-"
52.164.245.231 - - [15/Apr/2025:17:00:00 -0400] "GET /wp-admin/LaAkNhWMyOQ.php HTTP/1.1" 404 10293 "-" "-"
52.164.245.231 - - [15/Apr/2025:17:00:02 -0400] "GET /wp-admin/MDO8adG9euX.php HTTP/1.1" 404 10293 "-" "-"
52.164.245.231 - - [15/Apr/2025:17:00:05 -0400] "GET /wp-admin/NFBqIyOZcQL.php HTTP/1.1" 404 10293 "-" "-"
52.164.245.231 - - [15/Apr/2025:17:00:06 -0400] "GET /wp-admin/O5pANR6rDXx.php HTTP/1.1" 404 10293 "-" "-"
52.164.245.231 - - [15/Apr/2025:17:00:10 -0400] "GET /wp-admin/RqdXEex3Jfb.php HTTP/1.1" 404 10293 "-" "-"
52.164.245.231 - - [15/Apr/2025:17:00:13 -0400] "GET /wp-admin/UmpVR1Ersn8.php HTTP/1.1" 404 10293 "-" "-"
52.164.245.231 - - [15/Apr/2025:17:00:15 -0400] "GET /wp-admin/WvASxq1D2c8.php HTTP/1.1" 404 10293 "-" "-"
52.164.245.231 - - [15/Apr/2025:17:00:19 -0400] "GET /wp-admin/about.php HTTP/1.1" 302 0 "-" "-"
52.164.245.231 - - [15/Apr/2025:17:00:26 -0400] "GET /wp-admin/admiin.php HTTP/1.1" 404 10293 "-" "-"
52.164.245.231 - - [15/Apr/2025:17:00:29 -0400] "GET /wp-admin/admin.php HTTP/1.1" 302 0 "-" "-"
52.164.245.231 - - [15/Apr/2025:17:00:33 -0400] "GET /wp-admin/alfa.php HTTP/1.1" 404 10293 "-" "-"
198.54.114.83 - - [15/Apr/2025:17:00:35 -0400] "POST /wp-cron.php?doing_wp_cron=1744750835.0145080089569091796875 HTTP/1.1" 200 0 "-" "WordPress/6.7.2; https://buymedicineonlineusa.com"
52.164.245.231 - - [15/Apr/2025:17:00:34 -0400] "GET /wp-admin/atomlib.php HTTP/1.1" 404 10292 "-" "-"
52.164.245.231 - - [15/Apr/2025:17:00:37 -0400] "GET /wp-admin/autoload_classmap.php HTTP/1.1" 404 10293 "-" "-"
52.164.245.231 - - [15/Apr/2025:17:00:39 -0400] "GET /wp-admin/ccx/ HTTP/1.1" 404 10293 "-" "-"
52.164.245.231 - - [15/Apr/2025:17:00:40 -0400] "GET /wp-admin/chosen.php HTTP/1.1" 404 10293 "-" "-"
52.164.245.231 - - [15/Apr/2025:17:00:41 -0400] "GET /wp-admin/classwithtostring.php HTTP/1.1" 404 10293 "-" "-"
52.164.245.231 - - [15/Apr/2025:17:00:43 -0400] "GET /wp-admin/cong.php HTTP/1.1" 404 10293 "-" "-"
52.164.245.231 - - [15/Apr/2025:17:00:44 -0400] "GET /wp-admin/css/ HTTP/1.1" 403 1242 "-" "-"
52.164.245.231 - - [15/Apr/2025:17:00:45 -0400] "GET /wp-admin/css//about.php HTTP/1.1" 301 0 "-" "-"
3.137.153.39 - - [15/Apr/2025:17:08:05 -0400] "GET /robots.txt HTTP/1.1" 304 0 "-" "Mozilla/5.0 AppleWebKit/537.36 (KHTML, like Gecko; compatible; ClaudeBot/1.0; +claudebot@anthropic.com)"
198.54.114.83 - - [15/Apr/2025:17:08:07 -0400] "POST /wp-cron.php?doing_wp_cron=1744751286.4102799892425537109375 HTTP/1.1" 200 0 "-" "WordPress/6.7.2; https://buymedicineonlineusa.com"
3.137.153.39 - - [15/Apr/2025:17:08:05 -0400] "GET /cheapest-pharmacy-for-benicar-no-script-online-pharmacy HTTP/1.1" 404 10293 "-" "Mozilla/5.0 AppleWebKit/537.36 (KHTML, like Gecko; compatible; ClaudeBot/1.0; +claudebot@anthropic.com)"
3.137.153.39 - - [15/Apr/2025:17:08:09 -0400] "GET /wp-includes/js/jquery/jquery.min.js?ver=3.7.1 HTTP/1.1" 200 35438 "http://buymedicineonlineusa.com/cheapest-pharmacy-for-benicar-no-script-online-pharmacy" "Mozilla/5.0 AppleWebKit/537.36 (KHTML, like Gecko; compatible; ClaudeBot/1.0; +claudebot@anthropic.com)"
3.137.153.39 - - [15/Apr/2025:17:08:09 -0400] "GET /wp-content/themes/newsup/js/jquery.smartmenus.js?ver=6.7.2 HTTP/1.1" 200 14322 "http://buymedicineonlineusa.com/cheapest-pharmacy-for-benicar-no-script-online-pharmacy" "Mozilla/5.0 AppleWebKit/537.36 (KHTML, like Gecko; compatible; ClaudeBot/1.0; +claudebot@anthropic.com)"
3.137.153.39 - - [15/Apr/2025:17:08:09 -0400] "GET /wp-includes/js/jquery/jquery-migrate.min.js?ver=3.4.1 HTTP/1.1" 200 5342 "http://buymedicineonlineusa.com/cheapest-pharmacy-for-benicar-no-script-online-pharmacy" "Mozilla/5.0 AppleWebKit/537.36 (KHTML, like Gecko; compatible; ClaudeBot/1.0; +claudebot@anthropic.com)"
3.137.153.39 - - [15/Apr/2025:17:08:09 -0400] "GET /wp-content/themes/newsup/js/navigation.js?ver=6.7.2 HTTP/1.1" 200 945 "http://buymedicineonlineusa.com/cheapest-pharmacy-for-benicar-no-script-online-pharmacy" "Mozilla/5.0 AppleWebKit/537.36 (KHTML, like Gecko; compatible; ClaudeBot/1.0; +claudebot@anthropic.com)"
3.137.153.39 - - [15/Apr/2025:17:08:09 -0400] "GET /wp-content/themes/newsup/js/bootstrap.js?ver=6.7.2 HTTP/1.1" 200 34341 "http://buymedicineonlineusa.com/cheapest-pharmacy-for-benicar-no-script-online-pharmacy" "Mozilla/5.0 AppleWebKit/537.36 (KHTML, like Gecko; compatible; ClaudeBot/1.0; +claudebot@anthropic.com)"
3.137.153.39 - - [15/Apr/2025:17:08:09 -0400] "GET /wp-content/themes/newsup/js/owl.carousel.min.js?ver=6.7.2 HTTP/1.1" 200 7629 "http://buymedicineonlineusa.com/cheapest-pharmacy-for-benicar-no-script-online-pharmacy" "Mozilla/5.0 AppleWebKit/537.36 (KHTML, like Gecko; compatible; ClaudeBot/1.0; +claudebot@anthropic.com)"
3.137.153.39 - - [15/Apr/2025:17:08:10 -0400] "GET /wp-content/themes/newsup/js/jquery.marquee.js?ver=6.7.2 HTTP/1.1" 200 5658 "http://buymedicineonlineusa.com/cheapest-pharmacy-for-benicar-no-script-online-pharmacy" "Mozilla/5.0 AppleWebKit/537.36 (KHTML, like Gecko; compatible; ClaudeBot/1.0; +claudebot@anthropic.com)"
3.137.153.39 - - [15/Apr/2025:17:08:10 -0400] "GET /wp-content/themes/newsup/js/jquery.smartmenus.bootstrap.js?ver=6.7.2 HTTP/1.1" 200 2215 "http://buymedicineonlineusa.com/cheapest-pharmacy-for-benicar-no-script-online-pharmacy" "Mozilla/5.0 AppleWebKit/537.36 (KHTML, like Gecko; compatible; ClaudeBot/1.0; +claudebot@anthropic.com)"
3.137.153.39 - - [15/Apr/2025:17:08:10 -0400] "GET /wp-content/themes/newsup/js/main.js?ver=6.7.2 HTTP/1.1" 200 272 "http://buymedicineonlineusa.com/cheapest-pharmacy-for-benicar-no-script-online-pharmacy" "Mozilla/5.0 AppleWebKit/537.36 (KHTML, like Gecko; compatible; ClaudeBot/1.0; +claudebot@anthropic.com)"
3.137.153.39 - - [15/Apr/2025:17:08:10 -0400] "GET /wp-content/themes/newsup/js/custom-time.js?ver=6.7.2 HTTP/1.1" 200 249 "http://buymedicineonlineusa.com/cheapest-pharmacy-for-benicar-no-script-online-pharmacy" "Mozilla/5.0 AppleWebKit/537.36 (KHTML, like Gecko; compatible; ClaudeBot/1.0; +claudebot@anthropic.com)"
3.137.153.39 - - [15/Apr/2025:17:08:10 -0400] "GET /wp-content/themes/newsup/js/custom.js?ver=6.7.2 HTTP/1.1" 200 915 "http://buymedicineonlineusa.com/cheapest-pharmacy-for-benicar-no-script-online-pharmacy" "Mozilla/5.0 AppleWebKit/537.36 (KHTML, like Gecko; compatible; ClaudeBot/1.0; +claudebot@anthropic.com)"
3.137.153.39 - - [15/Apr/2025:17:08:10 -0400] "GET /wp-includes/js/wp-emoji-release.min.js?ver=6.7.2 HTTP/1.1" 200 5857 "http://buymedicineonlineusa.com/cheapest-pharmacy-for-benicar-no-script-online-pharmacy" "Mozilla/5.0 AppleWebKit/537.36 (KHTML, like Gecko; compatible; ClaudeBot/1.0; +claudebot@anthropic.com)"
40.77.167.243 - - [15/Apr/2025:17:08:57 -0400] "GET / HTTP/1.1" 200 97601 "-" "Mozilla/5.0 AppleWebKit/537.36 (KHTML, like Gecko; compatible; bingbot/2.0; +http://www.bing.com/bingbot.htm) Chrome/116.0.1938.76 Safari/537.36"
198.54.114.83 - - [15/Apr/2025:17:09:46 -0400] "POST /wp-cron.php?doing_wp_cron=1744751386.5011179447174072265625 HTTP/1.1" 200 0 "-" "WordPress/6.7.2; https://buymedicineonlineusa.com"
52.47.198.241 - - [15/Apr/2025:17:09:41 -0400] "GET /sftp-config.json HTTP/1.1" 404 10293 "-" "Mozilla/5.0 (Macintosh; Intel Mac OS X 10.15; rv:77.0) Gecko/20100101 Firefox/77.0"
52.47.198.241 - - [15/Apr/2025:17:09:47 -0400] "GET /.vscode/sftp.json HTTP/1.1" 404 10293 "-" "Mozilla/5.0 (Macintosh; Intel Mac OS X 10.15; rv:77.0) Gecko/20100101 Firefox/77.0"
197.11.70.170 - - [15/Apr/2025:17:46:24 -0400] "GET / HTTP/1.1" 200 97601 "-" "Mozilla/5.0 (Windows NT 10.0; Win64; x64) AppleWebKit/537.36 (KHTML, like Gecko) Chrome/134.0.0.0 Safari/537.36"
198.54.114.83 - - [15/Apr/2025:17:46:31 -0400] "POST /wp-cron.php?doing_wp_cron=1744753590.8117949962615966796875 HTTP/1.1" 200 0 "-" "WordPress/6.7.2; https://buymedicineonlineusa.com"
197.11.70.170 - - [15/Apr/2025:17:46:29 -0400] "GET /blog/robots.txt HTTP/1.1" 404 10293 "-" "Mozilla/5.0 (Windows NT 10.0; Win64; x64) AppleWebKit/537.36 (KHTML, like Gecko) Chrome/134.0.0.0 Safari/537.36"
197.11.70.170 - - [15/Apr/2025:17:46:36 -0400] "GET /blog//wp-json/wp/v2/users/ HTTP/1.1" 301 0 "-" "Mozilla/5.0 (Windows NT 10.0; Win64; x64) AppleWebKit/537.36 (KHTML, like Gecko) Chrome/134.0.0.0 Safari/537.36"
198.54.114.83 - - [15/Apr/2025:17:46:41 -0400] "POST /wp-cron.php?doing_wp_cron=1744753600.1342449188232421875000 HTTP/1.1" 200 0 "-" "WordPress/6.7.2; https://buymedicineonlineusa.com"
197.11.70.170 - - [15/Apr/2025:17:46:39 -0400] "GET /blog//?author=1 HTTP/1.1" 301 0 "-" "Mozilla/5.0 (Windows NT 10.0; Win64; x64) AppleWebKit/537.36 (KHTML, like Gecko) Chrome/134.0.0.0 Safari/537.36"
197.11.70.170 - - [15/Apr/2025:17:46:43 -0400] "GET /blog//wp-json/oembed/1.0/embed?url=http://buymedicineonlineusa.com/blog/ HTTP/1.1" 301 0 "-" "Mozilla/5.0 (Windows NT 10.0; Win64; x64) AppleWebKit/537.36 (KHTML, like Gecko) Chrome/134.0.0.0 Safari/537.36"
197.11.70.170 - - [15/Apr/2025:17:46:45 -0400] "POST /blog//xmlrpc.php HTTP/1.1" 404 12720 "-" "Mozilla/5.0 (Windows NT 10.0; Win64; x64) AppleWebKit/537.36 (KHTML, like Gecko) Chrome/134.0.0.0 Safari/537.36"
197.11.70.170 - - [15/Apr/2025:17:46:48 -0400] "POST /blog//wp-login.php HTTP/1.1" 404 12725 "http://buymedicineonlineusa.com/blog//wp-login.php" "Mozilla/5.0 (Windows NT 10.0; Win64; x64) AppleWebKit/537.36 (KHTML, like Gecko) Chrome/134.0.0.0 Safari/537.36"
198.54.114.83 - - [15/Apr/2025:18:01:54 -0400] "POST /wp-cron.php?doing_wp_cron=1744754514.4483571052551269531250 HTTP/1.1" 200 0 "-" "WordPress/6.7.2; https://buymedicineonlineusa.com"
89.248.172.183 - - [15/Apr/2025:18:01:53 -0400] "GET /wp-content/plugins/instant-appointment/assets/css/bootstrap-icons.min.css HTTP/1.1" 404 12804 "-" "Mozilla/5.0 (Windows NT 10.0; Win64; x64) AppleWebKit/537.36 (KHTML, like Gecko) Chrome/121.0.0.0 Safari/537.36 Edg/121.0.0.0"
185.12.251.124 - - [15/Apr/2025:18:14:26 -0400] "GET /robots.txt HTTP/1.1" 200 134 "-" "Mozilla/5.0 (Windows NT 6.3; Win64; x64; rv:109.0) Gecko/20100101 Firefox/115"
5.133.192.212 - - [15/Apr/2025:18:14:28 -0400] "GET / HTTP/1.1" 200 97601 "-" "Mozilla/5.0 (Windows NT 6.3; Win64; x64; rv:109.0) Gecko/20100101 Firefox/115"
198.54.114.83 - - [15/Apr/2025:18:26:50 -0400] "POST /wp-cron.php?doing_wp_cron=1744756009.0419499874114990234375 HTTP/1.1" 200 0 "-" "WordPress/6.7.2; https://buymedicineonlineusa.com"
14.128.63.11 - - [15/Apr/2025:18:26:42 -0400] "GET /statics/img/login_bg.jpg HTTP/1.1" 404 12783 "http://buymedicineonlineusa.com" "(compatible; Baiduspider/2.0; +http://www.baidu.com/search/spider.html\xa3\xa9"
180.102.134.69 - - [15/Apr/2025:18:28:49 -0400] "GET / HTTP/1.1" 200 97601 "-" "Mozilla/5.0 (iPhone; CPU iPhone OS 13_2_3 like Mac OS X) AppleWebKit/605.1.15 (KHTML, like Gecko) Version/13.0.3 Mobile/15E148 Safari/604.1"
135.119.137.26 - - [15/Apr/2025:18:34:06 -0400] "HEAD /wordpress HTTP/1.1" 404 0 "-" "Mozilla/5.0 (Windows NT 10.0; Win64; x64) AppleWebKit/537.36 (KHTML, like Gecko) Chrome/74.0.3729.169 Safari/537.36"
135.119.137.26 - - [15/Apr/2025:18:34:08 -0400] "HEAD / HTTP/1.1" 200 0 "-" "Mozilla/5.0 (Windows NT 10.0; Win64; x64) AppleWebKit/537.36 (KHTML, like Gecko) Chrome/74.0.3729.169 Safari/537.36"
135.119.137.26 - - [15/Apr/2025:18:34:10 -0400] "HEAD /wp HTTP/1.1" 301 0 "-" "Mozilla/5.0 (Windows NT 10.0; Win64; x64) AppleWebKit/537.36 (KHTML, like Gecko) Chrome/74.0.3729.169 Safari/537.36"
135.119.137.26 - - [15/Apr/2025:18:34:14 -0400] "HEAD /bc HTTP/1.1" 404 0 "-" "Mozilla/5.0 (Windows NT 10.0; Win64; x64) AppleWebKit/537.36 (KHTML, like Gecko) Chrome/74.0.3729.169 Safari/537.36"
135.119.137.26 - - [15/Apr/2025:18:34:15 -0400] "HEAD /bk HTTP/1.1" 404 0 "-" "Mozilla/5.0 (Windows NT 10.0; Win64; x64) AppleWebKit/537.36 (KHTML, like Gecko) Chrome/74.0.3729.169 Safari/537.36"
135.119.137.26 - - [15/Apr/2025:18:34:18 -0400] "HEAD /backup HTTP/1.1" 404 0 "-" "Mozilla/5.0 (Windows NT 10.0; Win64; x64) AppleWebKit/537.36 (KHTML, like Gecko) Chrome/74.0.3729.169 Safari/537.36"
135.119.137.26 - - [15/Apr/2025:18:34:19 -0400] "HEAD /old HTTP/1.1" 404 0 "-" "Mozilla/5.0 (Windows NT 10.0; Win64; x64) AppleWebKit/537.36 (KHTML, like Gecko) Chrome/74.0.3729.169 Safari/537.36"
135.119.137.26 - - [15/Apr/2025:18:34:20 -0400] "HEAD /new HTTP/1.1" 301 0 "-" "Mozilla/5.0 (Windows NT 10.0; Win64; x64) AppleWebKit/537.36 (KHTML, like Gecko) Chrome/74.0.3729.169 Safari/537.36"
135.119.137.26 - - [15/Apr/2025:18:34:28 -0400] "HEAD /main HTTP/1.1" 301 0 "-" "Mozilla/5.0 (Windows NT 10.0; Win64; x64) AppleWebKit/537.36 (KHTML, like Gecko) Chrome/74.0.3729.169 Safari/537.36"
135.119.137.26 - - [15/Apr/2025:18:34:32 -0400] "HEAD /home HTTP/1.1" 301 0 "-" "Mozilla/5.0 (Windows NT 10.0; Win64; x64) AppleWebKit/537.36 (KHTML, like Gecko) Chrome/74.0.3729.169 Safari/537.36"
135.181.213.220 - - [15/Apr/2025:18:44:11 -0400] "GET /Fournitures-de-bureau-m-x-mm-Marron-BQLZR-Rouleau-adh%C3%A9sif-conducteur-93016-Petites-fournitures/ HTTP/1.1" 404 10293 "-" "Mozilla/5.0 (compatible; MJ12bot/v1.4.8; http://mj12bot.com/)"
198.54.114.83 - - [15/Apr/2025:18:44:13 -0400] "POST /wp-cron.php?doing_wp_cron=1744757051.3280270099639892578125 HTTP/1.1" 200 0 "-" "WordPress/6.7.2; https://buymedicineonlineusa.com"
135.181.213.220 - - [15/Apr/2025:18:44:19 -0400] "GET /Fournitures-de-bureau-mm-x-m-DYMO-D1-827668-%C3%89tiquettes-et-autocollants/ HTTP/1.1" 404 10293 "-" "Mozilla/5.0 (compatible; MJ12bot/v1.4.8; http://mj12bot.com/)"
135.181.213.220 - - [15/Apr/2025:18:44:24 -0400] "GET /Fournitures-de-bureau-noire-HP-pour-imprimante-HP-257436-Fournitures-%C3%A9lectroniques/ HTTP/1.1" 404 10293 "-" "Mozilla/5.0 (compatible; MJ12bot/v1.4.8; http://mj12bot.com/)"
135.181.213.220 - - [15/Apr/2025:18:44:28 -0400] "GET /Fournitures-de-bureau-pour-Chaise-Si%C3%A8ge-Travail-YISUN-pcs-Roulette-de-Fauteuil-Bureau-mm-727137-Ameublements-et-fournitures-de-bureau/ HTTP/1.1" 404 10293 "-" "Mozilla/5.0 (compatible; MJ12bot/v1.4.8; http://mj12bot.com/)"
135.181.213.220 - - [15/Apr/2025:18:44:33 -0400] "GET /Fournitures-de-bureau-pour-d%C3%A9veloppement-de-module-WiFi-sans-fil-USB-vers-s%C3%A9rie-ESP-pour-Arduino-634321-Fournitures-%C3%A9lectroniques/ HTTP/1.1" 404 10293 "-" "Mozilla/5.0 (compatible; MJ12bot/v1.4.8; http://mj12bot.com/)"
135.181.213.220 - - [15/Apr/2025:18:44:38 -0400] "GET /Fournitures-de-bureau-%C3%A9paisse-pour-bocaux-f%C3%AAtes-mariages-facile-%C3%A0-coller-Robeam-Lot-de-%C3%A9tiquettes-93423-%C3%89tiquettes-et-autocollants/ HTTP/1.1" 404 10293 "-" "Mozilla/5.0 (compatible; MJ12bot/v1.4.8; http://mj12bot.com/)"
135.181.213.220 - - [15/Apr/2025:18:44:45 -0400] "GET /Graines-Orchid%C3%A9e-Tourterelle-Masoke-Graines-Plantes-de-Balcon-de-Jardin-Pcs-307512-Fleurs/ HTTP/1.1" 404 10292 "-" "Mozilla/5.0 (compatible; MJ12bot/v1.4.8; http://mj12bot.com/)"
135.181.213.220 - - [15/Apr/2025:18:44:51 -0400] "GET /Graines-maison-balcon-ferme-d%C3%A9coration-de-jardin-Graines-de-palmier-Ukallaite-Lot-737681-Arbres/ HTTP/1.1" 404 10293 "-" "Mozilla/5.0 (compatible; MJ12bot/v1.4.8; http://mj12bot.com/)"
135.181.213.220 - - [15/Apr/2025:18:44:56 -0400] "GET /Gros-%C3%A9lectrom%C3%A9nager-%C3%A0-r%C3%B4tir-Four-Compact-avec-Grille-et-Plaque-de-Cuisson-61043-Cuisine-&-Maison/ HTTP/1.1" 404 10293 "-" "Mozilla/5.0 (compatible; MJ12bot/v1.4.8; http://mj12bot.com/)"
135.181.213.220 - - [15/Apr/2025:18:45:00 -0400] "GET /Guidons-contr%C3%B4les-et-grips-dacc%C3%A9l%C3%A9rateur-Teknix-pour-Scooter-Keeway-723457-C%C3%A2bles-d%E2%80%99acc%C3%A9l%C3%A9rateur/ HTTP/1.1" 404 10293 "-" "Mozilla/5.0 (compatible; MJ12bot/v1.4.8; http://mj12bot.com/)"
135.181.213.220 - - [15/Apr/2025:18:45:06 -0400] "GET /Guidons-contr%C3%B4les-et-grips-poign%C3%A9e-de-hayon-de-voiture-JD20H-forme-accessoires-de-remplacement-de-voiture-de-poign%C3%A9e-de-porte-de-coffre-317271-Motos-accessoires-et-pi%C3%A8ces/ HTTP/1.1" 404 10293 "-" "Mozilla/5.0 (compatible; MJ12bot/v1.4.8; http://mj12bot.com/)"
135.181.213.220 - - [15/Apr/2025:18:45:17 -0400] "GET /Hamacs-balancelles-et-accessoires-suspendu-Coussin-pour-fauteuil-suspendu-Coussin-pour-fauteuil-en-rotin-synth%C3%A9tique-Coussin-de-dossier-10-Jardin/ HTTP/1.1" 404 10293 "-" "Mozilla/5.0 (compatible; MJ12bot/v1.4.8; http://mj12bot.com/)"
198.54.114.83 - - [15/Apr/2025:18:45:20 -0400] "POST /wp-cron.php?doing_wp_cron=1744757118.0644509792327880859375 HTTP/1.1" 200 0 "-" "WordPress/6.7.2; https://buymedicineonlineusa.com"
135.181.213.220 - - [15/Apr/2025:18:45:25 -0400] "GET /Hauts-et-tshirts-COOrun-Tshirt-de-sport-%C3%A0-manches-courtes-pour-femme-Respirant-Pour-le-yoga-226818-TShirts/ HTTP/1.1" 404 10293 "-" "Mozilla/5.0 (compatible; MJ12bot/v1.4.8; http://mj12bot.com/)"
135.181.213.220 - - [15/Apr/2025:18:45:31 -0400] "GET /HighTech-1m-m%C3%A2leFemelle-PlugSocket-pour-pour-iPhone-m-Casque-iPad-ou-141705-Univers-HiFi/ HTTP/1.1" 404 10293 "-" "Mozilla/5.0 (compatible; MJ12bot/v1.4.8; http://mj12bot.com/)"
135.181.213.220 - - [15/Apr/2025:18:45:42 -0400] "GET /HighTech-8R0063827F-Carte-SD-309295-Photo-et-cam%C3%A9scopes/ HTTP/1.1" 404 10293 "-" "Mozilla/5.0 (compatible; MJ12bot/v1.4.8; http://mj12bot.com/)"
135.181.213.220 - - [15/Apr/2025:18:45:45 -0400] "GET /HighTech-Airpods-Casque-%C3%A9tui-de-Chargement-Teyomi-Airpod-Protection-Housse-Airpods-Protection-Airpods-TYACGlitter-Green-395863-Accessoires-pour-casques/ HTTP/1.1" 404 10292 "-" "Mozilla/5.0 (compatible; MJ12bot/v1.4.8; http://mj12bot.com/)"
135.181.213.220 - - [15/Apr/2025:18:45:53 -0400] "GET /HighTech-Lion-King-Qui-tu-ES-Hakuna-Nala-Mufasa-Case-Stylet-Lingette-de-Nettoyage-Ecran-103099-Housse-et-%C3%A9tuis/ HTTP/1.1" 404 10293 "-" "Mozilla/5.0 (compatible; MJ12bot/v1.4.8; http://mj12bot.com/)"
135.181.213.220 - - [15/Apr/2025:18:45:57 -0400] "GET /HighTech-Noir-Connecteur-banane-rouge-Senven-Pcs-Profession-Banana-Connector4mm-275113-Casques-%C3%A9couteurs-et-accessoires/ HTTP/1.1" 404 10293 "-" "Mozilla/5.0 (compatible; MJ12bot/v1.4.8; http://mj12bot.com/)"
135.181.213.220 - - [15/Apr/2025:18:46:01 -0400] "GET /HighTech-Noir-avec-poign%C3%A9e-int%C3%A9rieure-Snap-on-pour-Panasonic-Lumix-G-mm-F-Panasonic-Lumix-173873-Accessoires-pour-objectifs/ HTTP/1.1" 404 10293 "-" "Mozilla/5.0 (compatible; MJ12bot/v1.4.8; http://mj12bot.com/)"
198.54.114.83 - - [15/Apr/2025:18:46:19 -0400] "POST /wp-cron.php?doing_wp_cron=1744757178.4120199680328369140625 HTTP/1.1" 200 0 "-" "WordPress/6.7.2; https://buymedicineonlineusa.com"
135.181.213.220 - - [15/Apr/2025:18:46:17 -0400] "GET /HighTech-Secteur-d%C2%B4origine-Samsung-ATADS30EBE-pour-666555-Consommables-et-accessoires/ HTTP/1.1" 404 10293 "-" "Mozilla/5.0 (compatible; MJ12bot/v1.4.8; http://mj12bot.com/)"
135.181.213.220 - - [15/Apr/2025:18:46:22 -0400] "GET /HighTech-TicWatch-Mobvoi-S-et-TicWatch-Mobvoi-E-Lokeke-115123-Accessoires-pour-montres-connect%C3%A9es/ HTTP/1.1" 404 10293 "-" "Mozilla/5.0 (compatible; MJ12bot/v1.4.8; http://mj12bot.com/)"
135.181.213.220 - - [15/Apr/2025:18:46:26 -0400] "GET /HighTech-UHC-de-T%C3%A9lescope-Datyson-Filtre-UHC-Deep-Sky-Filtre-285909-Ensemble-de-filtres/ HTTP/1.1" 404 10293 "-" "Mozilla/5.0 (compatible; MJ12bot/v1.4.8; http://mj12bot.com/)"
135.181.213.220 - - [15/Apr/2025:18:46:29 -0400] "GET /HighTech-USB-V-A-Con-C%C3%A2ble-USB-C-pour-Huawei-Mate-P-ProBlanc-P-Mate-445357-Accessoires-t%C3%A9l%C3%A9phones-portables/ HTTP/1.1" 404 10293 "-" "Mozilla/5.0 (compatible; MJ12bot/v1.4.8; http://mj12bot.com/)"
135.181.213.220 - - [15/Apr/2025:18:46:34 -0400] "GET /HighTech-VMC15MR-C%C3%A2ble-AV-152545-Univers-HiFi/ HTTP/1.1" 404 10293 "-" "Mozilla/5.0 (compatible; MJ12bot/v1.4.8; http://mj12bot.com/)"
198.54.114.83 - - [15/Apr/2025:18:46:47 -0400] "POST /wp-cron.php?doing_wp_cron=1744757207.7243850231170654296875 HTTP/1.1" 200 0 "-" "WordPress/6.7.2; https://buymedicineonlineusa.com"
135.181.213.220 - - [15/Apr/2025:18:46:47 -0400] "GET /HighTech-avec-Bague-dengrenage-HDV-DV-Gris-cam%C3%A9ra-HD-Levier-de-poign%C3%A9e-de-Mise-au-Point-%C3%A0-Zoom-r%C3%A9glable-en-523526-Photo-et-cam%C3%A9scopes/ HTTP/1.1" 404 10293 "-" "Mozilla/5.0 (compatible; MJ12bot/v1.4.8; http://mj12bot.com/)"
198.54.114.83 - - [15/Apr/2025:18:46:51 -0400] "POST /wp-cron.php?doing_wp_cron=1744757211.6748249530792236328125 HTTP/1.1" 200 0 "-" "WordPress/6.7.2; https://buymedicineonlineusa.com"
135.181.213.220 - - [15/Apr/2025:18:46:51 -0400] "GET /HighTech-avec-Batterie-Olympus-BLN-plus-de-flexibilit%C3%A9-entr%C3%A9e-MicroUSB-sortie-USB-pour-Smartphones-Olympus-OMD-615189-Chargeurs-de-batteries/ HTTP/1.1" 404 10293 "-" "Mozilla/5.0 (compatible; MJ12bot/v1.4.8; http://mj12bot.com/)"
135.181.213.220 - - [15/Apr/2025:18:46:56 -0400] "GET /HighTech-avec-Leica-ApoSummicronM-%C3%98-mm-CELLONIC-Capuchon-dobjectif-ElmaritTL-Avant-ElmaritM-361536-Photo-et-cam%C3%A9scopes/ HTTP/1.1" 404 10293 "-" "Mozilla/5.0 (compatible; MJ12bot/v1.4.8; http://mj12bot.com/)"
216.244.66.232 - - [15/Apr/2025:18:42:18 -0400] "GET /robots.txt HTTP/1.1" 304 0 "-" "Mozilla/5.0 (compatible; DotBot/1.2; +https://opensiteexplorer.org/dotbot; help@moz.com)"
135.181.213.220 - - [15/Apr/2025:18:43:05 -0400] "GET /robots.txt HTTP/1.1" 200 134 "-" "Mozilla/5.0 (compatible; MJ12bot/v1.4.8; http://mj12bot.com/)"
135.181.213.220 - - [15/Apr/2025:18:43:08 -0400] "GET /Fournitures-de-bureau-Surf-Hans-Tiessen-Classeur-%C3%A0-%20anneaux-avec-fermeture-en-413781-Petites-fournitures/ HTTP/1.1" 404 10293 "-" "Mozilla/5.0 (compatible; MJ12bot/v1.4.8; http://mj12bot.com/)"
135.181.213.220 - - [15/Apr/2025:18:43:12 -0400] "GET /Fournitures-de-bureau-au-laser-Transparent-sur-DIN-A-Lot-de-%C3%A9tiquettes-x-mm-autocollantes-pour-imprimante-laser-Transparentes-358420-Petites-fournitures/ HTTP/1.1" 404 10293 "-" "Mozilla/5.0 (compatible; MJ12bot/v1.4.8; http://mj12bot.com/)"
135.181.213.220 - - [15/Apr/2025:18:43:17 -0400] "GET /Fournitures-de-bureau-bo%C3%AEte-de-feuilles-%C3%A9tiquettes-Par-Page-Qualit%C3%A9-dimpression-282500-Petites-fournitures/ HTTP/1.1" 404 10293 "-" "Mozilla/5.0 (compatible; MJ12bot/v1.4.8; http://mj12bot.com/)"
135.181.213.220 - - [15/Apr/2025:18:43:37 -0400] "GET /Fournitures-de-bureau-bureau-r%C3%A9glable-Prix-Nombre-Comptoir-affichage-653356-Petites-fournitures/ HTTP/1.1" 404 10293 "-" "Mozilla/5.0 (compatible; MJ12bot/v1.4.8; http://mj12bot.com/)"
135.181.213.220 - - [15/Apr/2025:18:43:43 -0400] "GET /Fournitures-de-bureau-chaleur-TQ-Coque-iPhone-SManyip-Coque-Structure-de-mailleAnti-empreinte-digitaleAntid%C3%A9rapantMince-Protection-Compl%C3%A8te-Mat-476815-Fournitures-%C3%A9lectroniques/ HTTP/1.1" 404 10293 "-" "Mozilla/5.0 (compatible; MJ12bot/v1.4.8; http://mj12bot.com/)"
135.181.213.220 - - [15/Apr/2025:18:43:47 -0400] "GET /Fournitures-de-bureau-clubs-Organiseur-de-Bureau-en-M%C3%A9tal-avec-Tiroir-Maison-Papeterie-261667-Rangements-pour-le-bureau/ HTTP/1.1" 404 10293 "-" "Mozilla/5.0 (compatible; MJ12bot/v1.4.8; http://mj12bot.com/)"
135.181.213.220 - - [15/Apr/2025:18:43:50 -0400] "GET /Fournitures-de-bureau-cm-Marron-cm-But%C3%A9e-de-663027-Ameublements-et-fournitures-de-bureau/ HTTP/1.1" 404 10293 "-" "Mozilla/5.0 (compatible; MJ12bot/v1.4.8; http://mj12bot.com/)"
135.181.213.220 - - [15/Apr/2025:18:43:53 -0400] "GET /Fournitures-de-bureau-cm-Original-Cadeau-Familial-Fabriqu%C3%A9-en-EU-Maps-Carte-du-Monde-%C3%A0-Gratter-avec-Cadre-Carte-de-Voyage-548345-Fournitures-d%C3%A9cole/ HTTP/1.1" 404 10293 "-" "Mozilla/5.0 (compatible; MJ12bot/v1.4.8; http://mj12bot.com/)"
135.181.213.220 - - [15/Apr/2025:18:43:57 -0400] "GET /Fournitures-de-bureau-c%C3%A2ble-H07RNF-G-IP-m-Multicolore-584905-Petites-fournitures/ HTTP/1.1" 404 10293 "-" "Mozilla/5.0 (compatible; MJ12bot/v1.4.8; http://mj12bot.com/)"
135.181.213.220 - - [15/Apr/2025:18:44:02 -0400] "GET /Fournitures-de-bureau-de-Cadeau-de-No%C3%ABl-Pi%C3%A8ces-%C3%89tiquettes-Autocollant-de-Cadeaux-No%C3%ABl-652128-%C3%89tiquettes-et-autocollants/ HTTP/1.1" 404 10293 "-" "Mozilla/5.0 (compatible; MJ12bot/v1.4.8; http://mj12bot.com/)"
135.181.213.220 - - [15/Apr/2025:18:44:06 -0400] "GET /Fournitures-de-bureau-imprim%C3%A9e-et-%C3%A0-gratter-Travel-Scratch-Print-with-black-wooden-291716-Fournitures-d%C3%A9cole/ HTTP/1.1" 404 10292 "-" "Mozilla/5.0 (compatible; MJ12bot/v1.4.8; http://mj12bot.com/)"
135.181.213.220 - - [15/Apr/2025:18:47:00 -0400] "GET /HighTech-capitonn%C3%A9-textur%C3%A9-Fond-de-Studio-Photo-D%C3%A9cors-de-f%C3%AAte-photobooth-Photographie-Fond-Accessoires-YongFoto-x1m-599973-Studio-photo-et-%C3%A9clairage/ HTTP/1.1" 404 10293 "-" "Mozilla/5.0 (compatible; MJ12bot/v1.4.8; http://mj12bot.com/)"
135.181.213.220 - - [15/Apr/2025:18:47:05 -0400] "GET /HighTech-de-%20fiches-de-raccord-m%C3%A2le-788257-Accessoires-et-consommables-audio/ HTTP/1.1" 404 10292 "-" "Mozilla/5.0 (compatible; MJ12bot/v1.4.8; http://mj12bot.com/)"
135.181.213.220 - - [15/Apr/2025:18:47:13 -0400] "GET /HighTech-de-Protection-en-Silicone-avec-Collier-pour-T%C3%A9l%C3%A9phone-Portable-kwmobile-80750-T%C3%A9l%C3%A9phones-portables-et-accessoires/ HTTP/1.1" 404 10293 "-" "Mozilla/5.0 (compatible; MJ12bot/v1.4.8; http://mj12bot.com/)"
135.181.213.220 - - [15/Apr/2025:18:47:16 -0400] "GET /HighTech-de-Ultra-Slim-en-TPU-Silicone-Souple-Coque-pour-Samsung-Galaxy-A-BENTOBEN-Coque-Samsung-142238-Coques-housses-et-%C3%A9tuis/ HTTP/1.1" 404 10293 "-" "Mozilla/5.0 (compatible; MJ12bot/v1.4.8; http://mj12bot.com/)"
135.181.213.220 - - [15/Apr/2025:18:47:21 -0400] "GET /Impression-et-num%C3%A9risation-D-Vitesse-dimpression-Rapide-avec-Couvercle-sup%C3%A9rieur-bloquant-Les-UV-Grand-Volume-de-Construction-Imprimante-D-828836-Commerce-Industrie-et-Science/ HTTP/1.1" 404 10293 "-" "Mozilla/5.0 (compatible; MJ12bot/v1.4.8; http://mj12bot.com/)"
135.181.213.220 - - [15/Apr/2025:18:47:27 -0400] "GET /Instruments-de-percussion-%C3%A0-main-Festnight-Tambourin-%C3%A0-Pied-Instrument-de-Musique-185692-Tambourins/ HTTP/1.1" 404 10293 "-" "Mozilla/5.0 (compatible; MJ12bot/v1.4.8; http://mj12bot.com/)"
135.181.213.220 - - [15/Apr/2025:18:47:34 -0400] "GET /Instruments-moto-Refit-Accessoire-en-m%C3%A8tre-%C3%A9lectronique-pour-moto-accessoires-d%C3%A9quipement-539749-Horloges/ HTTP/1.1" 404 10292 "-" "Mozilla/5.0 (compatible; MJ12bot/v1.4.8; http://mj12bot.com/)"
198.54.114.83 - - [15/Apr/2025:18:47:37 -0400] "POST /wp-cron.php?doing_wp_cron=1744757255.0333600044250488281250 HTTP/1.1" 200 0 "-" "WordPress/6.7.2; https://buymedicineonlineusa.com"
135.181.213.220 - - [15/Apr/2025:18:47:40 -0400] "GET /Instruments-%C3%A0-cordes-Pouces-Professionnel-Avec-D%C3%A9butant-Kit-241469-Instruments-de-musique-et-Sono/ HTTP/1.1" 404 10293 "-" "Mozilla/5.0 (compatible; MJ12bot/v1.4.8; http://mj12bot.com/)"
135.181.213.220 - - [15/Apr/2025:18:47:43 -0400] "GET /Jardin-AquaStop-diam-mm-%C3%A0-mm-21463-Tuyaux-et-accessoires/ HTTP/1.1" 404 10293 "-" "Mozilla/5.0 (compatible; MJ12bot/v1.4.8; http://mj12bot.com/)"
135.181.213.220 - - [15/Apr/2025:18:47:47 -0400] "GET /Jardin-Delta-Narrow-%C3%A9troit-Courroie-trap%C3%A9zo%C3%AFdale-Courroie-Profil-235152-Pi%C3%A8ces-et-accessoires-pour-tondeuses/ HTTP/1.1" 404 10293 "-" "Mozilla/5.0 (compatible; MJ12bot/v1.4.8; http://mj12bot.com/)"
135.181.213.220 - - [15/Apr/2025:18:47:51 -0400] "GET /Jardin-Jardinbac-%C3%A0-Sable-Noir-GARDENIX-TerraPEG-XL-Lot-de-Ancres-13509-Toiles-de-paillage/ HTTP/1.1" 404 10293 "-" "Mozilla/5.0 (compatible; MJ12bot/v1.4.8; http://mj12bot.com/)"
135.181.213.220 - - [15/Apr/2025:18:47:55 -0400] "GET /Jardin-KDJAMI-Syst%C3%A8me-dirrigation-automatique-pi%C3%A8ces-les-vacances-les-plantes-dint%C3%A9rieur-les-276657-Mat%C3%A9riel-darrosage/ HTTP/1.1" 404 10293 "-" "Mozilla/5.0 (compatible; MJ12bot/v1.4.8; http://mj12bot.com/)"
135.181.213.220 - - [15/Apr/2025:18:48:00 -0400] "GET /Jardin-LED-Lampe-de-Plante-Lampe-de-Croissance-%C3%A0-T%C3%AAtes-LEDs-Lampe-Horticole-Spectre-Complet-avec-635685-Jardinage/ HTTP/1.1" 404 10293 "-" "Mozilla/5.0 (compatible; MJ12bot/v1.4.8; http://mj12bot.com/)"
135.181.213.220 - - [15/Apr/2025:18:48:04 -0400] "GET /Jardin-Rond-Cr%C3%A9atif-Supports-de-Pots-Plant-en-M%C3%A9tal-Fer-Simple-Cr%C3%A9atif-D%C3%A9coration-pour-Jardin-Balcon-Salon-bulrusely-615547-Contenants-et-accessoires-pour-plantes/ HTTP/1.1" 404 10293 "-" "Mozilla/5.0 (compatible; MJ12bot/v1.4.8; http://mj12bot.com/)"
135.181.213.220 - - [15/Apr/2025:18:45:37 -0400] "GET /HighTech-68inch-Noir-Support-de-Tablette-Sharplace-en-El%C3%A9gant-Etui-Bo%C3%AEte-de-173771-Informatique/ HTTP/1.1" 404 10293 "-" "Mozilla/5.0 (compatible; MJ12bot/v1.4.8; http://mj12bot.com/)"
135.181.213.220 - - [15/Apr/2025:18:48:24 -0400] "GET /Jardin-huile-remplacement-de-kit-dengrenage-%C3%A0-vis-sans-fin-de-pompe-%C3%A0-huile-21725-Tondeuses-et-outillage-de-jardin-motoris%C3%A9/ HTTP/1.1" 404 10293 "-" "Mozilla/5.0 (compatible; MJ12bot/v1.4.8; http://mj12bot.com/)"
135.181.213.220 - - [15/Apr/2025:18:48:30 -0400] "GET /Jardin-r-en-Sachet-de-Rifix-TH6380R16-361841-Terrasses-en-bois-et-cl%C3%B4tures/ HTTP/1.1" 404 10293 "-" "Mozilla/5.0 (compatible; MJ12bot/v1.4.8; http://mj12bot.com/)"
2001:41d0:203:2611::1 - - [15/Apr/2025:18:48:31 -0400] "GET /robots.txt HTTP/1.1" 200 134 "-" "Mozilla/5.0 (compatible; MJ12bot/v1.4.8; http://mj12bot.com/)"
198.54.114.83 - - [15/Apr/2025:18:48:36 -0400] "POST /wp-cron.php?doing_wp_cron=1744757315.6704399585723876953125 HTTP/1.1" 200 0 "-" "WordPress/6.7.2; https://buymedicineonlineusa.com"
2001:41d0:203:2611::1 - - [15/Apr/2025:18:48:36 -0400] "GET /V%C3%AAtements-Lina-&-Lily-%C3%89charpe-Ch%C3%A2le-Foulard-Femme-513594-Echarpes/ HTTP/1.1" 404 10293 "-" "Mozilla/5.0 (compatible; MJ12bot/v1.4.8; http://mj12bot.com/)"
135.181.213.220 - - [15/Apr/2025:18:48:35 -0400] "GET /Jeux-de-plein-air-et-sports-Maison-de-Jeux-Tente-pour-Toutpetits-Gar%C3%A7ons-Filles-B%C3%A9b%C3%A9s-Int%C3%A9rieur-Polyester-Gris-341328-Tentes-de-jardin/ HTTP/1.1" 404 10293 "-" "Mozilla/5.0 (compatible; MJ12bot/v1.4.8; http://mj12bot.com/)"
2001:41d0:203:2611::1 - - [15/Apr/2025:18:48:41 -0400] "GET /V%C3%AAtements-Lorenzo-Casquette-noire-789167-Cadeaux-et-produits-d%C3%A9riv%C3%A9s/ HTTP/1.1" 404 10293 "-" "Mozilla/5.0 (compatible; MJ12bot/v1.4.8; http://mj12bot.com/)"
135.181.213.220 - - [15/Apr/2025:18:48:45 -0400] "GET /Jeux-deau-et-de-plage-Plage-Piscine-Jouet-Pistolet-%C3%80-Eau-Filles-Gar%C3%A7ons-Cadeaux-Requin-837551-Jeux-de-plein-air-et-sports/ HTTP/1.1" 404 10293 "-" "Mozilla/5.0 (compatible; MJ12bot/v1.4.8; http://mj12bot.com/)"
2001:41d0:203:2611::1 - - [15/Apr/2025:18:48:45 -0400] "GET /V%C3%AAtements-Los-Angeles-Hat-198073-Casquettes-bonnets-et-chapeaux/ HTTP/1.1" 404 10293 "-" "Mozilla/5.0 (compatible; MJ12bot/v1.4.8; http://mj12bot.com/)"
135.181.213.220 - - [15/Apr/2025:18:48:48 -0400] "GET /Jeux-deau-et-de-plage-Ronde-pour-Les-Enfants-Surprise-Akemaio-B%C3%A9b%C3%A9-Pataugeoire-int%C3%A9rieure-Piscine-ext%C3%A9rieure-63008-Piscines-et-bassins-pour-enfants/ HTTP/1.1" 404 10293 "-" "Mozilla/5.0 (compatible; MJ12bot/v1.4.8; http://mj12bot.com/)"
216.244.66.232 - - [15/Apr/2025:18:48:51 -0400] "GET /effiziente-haushaltsauflosungen-in-luneburg/feed/ HTTP/1.1" 200 455 "-" "Mozilla/5.0 (compatible; DotBot/1.2; +https://opensiteexplorer.org/dotbot; help@moz.com)"
2001:41d0:203:2611::1 - - [15/Apr/2025:18:48:51 -0400] "GET /V%C3%AAtements-Lot-DE-SoutienGorge-de-Sport-avec-Dos-Ruban-Crois%C3%A9-152328-Sousv%C3%AAtements-de-sport/ HTTP/1.1" 404 10293 "-" "Mozilla/5.0 (compatible; MJ12bot/v1.4.8; http://mj12bot.com/)"
198.54.114.83 - - [15/Apr/2025:18:48:53 -0400] "POST /wp-cron.php?doing_wp_cron=1744757331.5424048900604248046875 HTTP/1.1" 200 0 "-" "WordPress/6.7.2; https://buymedicineonlineusa.com"
135.181.213.220 - - [15/Apr/2025:18:48:53 -0400] "GET /Jeux-deau-et-de-plage-Seat-avec-Sun-Canopy-pour-Les-Enfants-d%C3%A2ge-Ans-hSport-Bebes-271944-Flotteurs-b%C3%A9b%C3%A9/ HTTP/1.1" 404 10293 "-" "Mozilla/5.0 (compatible; MJ12bot/v1.4.8; http://mj12bot.com/)"
2001:41d0:203:2611::1 - - [15/Apr/2025:18:48:56 -0400] "GET /V%C3%AAtements-Lot-de-Chaussettes-en-189610-B%C3%A9b%C3%A9/ HTTP/1.1" 404 10293 "-" "Mozilla/5.0 (compatible; MJ12bot/v1.4.8; http://mj12bot.com/)"
135.181.213.220 - - [15/Apr/2025:18:48:57 -0400] "GET /Jeux-dimitation-sharprepublic-Jeu-Dimitation-%C3%89lectrique-Pi%C3%A8ces-Tron%C3%A7onneuse-571861-Outils-et-%C3%A9tablis/ HTTP/1.1" 404 10293 "-" "Mozilla/5.0 (compatible; MJ12bot/v1.4.8; http://mj12bot.com/)"
2001:41d0:203:2611::1 - - [15/Apr/2025:18:49:01 -0400] "GET /V%C3%AAtements-Lot-de-Lunettes-de-Soleil-R%C3%A9tro-Rectangle-Couleur-461875-Femme/ HTTP/1.1" 404 10293 "-" "Mozilla/5.0 (compatible; MJ12bot/v1.4.8; http://mj12bot.com/)"
135.181.213.220 - - [15/Apr/2025:18:49:03 -0400] "GET /Jeux-et-Jouets-Carte-R%C3%A9cepteur-de-Voiture-RC-pour-Remplacement-de-172691-V%C3%A9hicules/ HTTP/1.1" 404 10293 "-" "Mozilla/5.0 (compatible; MJ12bot/v1.4.8; http://mj12bot.com/)"
2001:41d0:203:2611::1 - - [15/Apr/2025:18:49:05 -0400] "GET /V%C3%AAtements-Lot-de-paires-de-chaussettes-Minnie-Mouse-Disney-677421-Fille/ HTTP/1.1" 404 10292 "-" "Mozilla/5.0 (compatible; MJ12bot/v1.4.8; http://mj12bot.com/)"
135.181.213.220 - - [15/Apr/2025:18:49:08 -0400] "GET /Jeux-et-Jouets-Double-Pack-Cast-Voiture-Disney-Cars-Cars-DoppelpacksBrent-189145-Figurines-et-v%C3%A9hicules/ HTTP/1.1" 404 10293 "-" "Mozilla/5.0 (compatible; MJ12bot/v1.4.8; http://mj12bot.com/)"
2001:41d0:203:2611::1 - - [15/Apr/2025:18:49:09 -0400] "GET /V%C3%AAtements-Lunettes-de-Soleil-Portant-Le-Cou-Tenant-Cordon-de-lani%C3%A8re-perl%C3%A9-pour-Lunettes-117161-Femme/ HTTP/1.1" 404 10293 "-" "Mozilla/5.0 (compatible; MJ12bot/v1.4.8; http://mj12bot.com/)"
135.181.213.220 - - [15/Apr/2025:18:49:12 -0400] "GET /Jeux-et-Jouets-Femme-Perruque-Chignon-de-GrandM%C3%A8re-Taille-93656-D%C3%A9guisements-et-accessoires/ HTTP/1.1" 404 10293 "-" "Mozilla/5.0 (compatible; MJ12bot/v1.4.8; http://mj12bot.com/)"
2001:41d0:203:2611::1 - - [15/Apr/2025:18:49:13 -0400] "GET /V%C3%AAtements-Lunettes-de-soleil-polaris%C3%A9es-pour-15865-Homme/ HTTP/1.1" 404 10293 "-" "Mozilla/5.0 (compatible; MJ12bot/v1.4.8; http://mj12bot.com/)"
2001:41d0:203:2611::1 - - [15/Apr/2025:18:49:16 -0400] "GET /V%C3%AAtements-MASOCIO-Chapeau-Soleil-B%C3%A9b%C3%A9-Enfants-R%C3%A9versible-Bob-86941-B%C3%A9b%C3%A9/ HTTP/1.1" 404 10293 "-" "Mozilla/5.0 (compatible; MJ12bot/v1.4.8; http://mj12bot.com/)"
135.181.213.220 - - [15/Apr/2025:18:49:17 -0400] "GET /Jeux-et-Jouets-Mod%C3%A8les-%C3%80-L%C3%A9chelle-Echelle-V%C3%A9hicule-Miniature-New-123146-Maquettes-et-mod%C3%A9lisme/ HTTP/1.1" 404 10293 "-" "Mozilla/5.0 (compatible; MJ12bot/v1.4.8; http://mj12bot.com/)"
204.77.8.8 - - [15/Apr/2025:18:49:18 -0400] "GET /.env HTTP/1.1" 404 10293 "-" "Mozilla/5.0 (Macintosh; Intel Mac OS X 10.15; rv:77.0) Gecko/20100101 Firefox/77.0"
2001:41d0:203:2611::1 - - [15/Apr/2025:18:49:20 -0400] "GET /V%C3%AAtements-MINERAI-Pantalon-Tissu-Canvas-139540-Fantaisie-et-Specialty/ HTTP/1.1" 404 10293 "-" "Mozilla/5.0 (compatible; MJ12bot/v1.4.8; http://mj12bot.com/)"
135.181.213.220 - - [15/Apr/2025:18:49:23 -0400] "GET /Jeux-et-Jouets-Mod%C3%A9lisme-Ferroviaire-Preiser-422109-Figurines/ HTTP/1.1" 404 10293 "-" "Mozilla/5.0 (compatible; MJ12bot/v1.4.8; http://mj12bot.com/)"
2001:41d0:203:2611::1 - - [15/Apr/2025:18:49:23 -0400] "GET /V%C3%AAtements-MOON-Napo-Chinka-Haut-de-Maillot-598145-Femme/ HTTP/1.1" 404 10293 "-" "Mozilla/5.0 (compatible; MJ12bot/v1.4.8; http://mj12bot.com/)"
135.181.213.220 - - [15/Apr/2025:18:49:27 -0400] "GET /Jeux-et-Jouets-Plong%C3%A9e-sous-leau-Cadeau-pour-Paques-Enfant-Ans-jerryvon-Jeux-Piscine-Mini-Jeu-de-Plongee-Set-189421-Jeux-de-plein-air-et-sports/ HTTP/1.1" 404 10293 "-" "Mozilla/5.0 (compatible; MJ12bot/v1.4.8; http://mj12bot.com/)"
2001:41d0:203:2611::1 - - [15/Apr/2025:18:49:28 -0400] "GET /V%C3%AAtements-Madame-Enterrement-de-Vie-de-Jeune-13806-Fantaisie-et-Specialty/ HTTP/1.1" 404 10293 "-" "Mozilla/5.0 (compatible; MJ12bot/v1.4.8; http://mj12bot.com/)"
135.181.213.220 - - [15/Apr/2025:18:49:32 -0400] "GET /Jeux-et-Jouets-The-Free-Willy-514060-Maquettes-et-mod%C3%A9lisme/ HTTP/1.1" 404 10293 "-" "Mozilla/5.0 (compatible; MJ12bot/v1.4.8; http://mj12bot.com/)"
2001:41d0:203:2611::1 - - [15/Apr/2025:18:49:32 -0400] "GET /V%C3%AAtements-Maillots-de-Bain-Femme-Deux-Pi%C3%A8ces-PushUp-Feuilles-dimpression-199483-Maillots-deux-pi%C3%A8ces/ HTTP/1.1" 404 10293 "-" "Mozilla/5.0 (compatible; MJ12bot/v1.4.8; http://mj12bot.com/)"
135.181.213.220 - - [15/Apr/2025:18:49:35 -0400] "GET /Kits-de-loisirs-cr%C3%A9atifs-Lot-de-Lettres-Autocollantes-en-Feutre-pour-Enfants-pour-239050-Jeux-et-Jouets/ HTTP/1.1" 404 10292 "-" "Mozilla/5.0 (compatible; MJ12bot/v1.4.8; http://mj12bot.com/)"
2001:41d0:203:2611::1 - - [15/Apr/2025:18:49:37 -0400] "GET /V%C3%AAtements-Marche-Mountain-Warehouse-Chemise-Holiday-pour-Femmes-l%C3%A9ger-et-Respirant-pour-Les-Voyages-94573-Tshirts-et-tops/ HTTP/1.1" 404 10293 "-" "Mozilla/5.0 (compatible; MJ12bot/v1.4.8; http://mj12bot.com/)"
135.181.213.220 - - [15/Apr/2025:18:49:39 -0400] "GET /Kits-de-loisirs-cr%C3%A9atifs-Radierbare-Stifte-mit-Beidseitig-Seiten-zum-Schreiben-und-Zeichnen-Tragbares-L%C3%B6schbares-Doodle-624541-Kits-de-peinture/ HTTP/1.1" 404 10293 "-" "Mozilla/5.0 (compatible; MJ12bot/v1.4.8; http://mj12bot.com/)"
2001:41d0:203:2611::1 - - [15/Apr/2025:18:49:41 -0400] "GET /V%C3%AAtements-Maternit%C3%A9-Ray%C3%A9-Chemise-Nuit-Devant-Ouvert-422614-Chemises-de-nuit/ HTTP/1.1" 404 10293 "-" "Mozilla/5.0 (compatible; MJ12bot/v1.4.8; http://mj12bot.com/)"
2001:41d0:203:2611::1 - - [15/Apr/2025:18:49:44 -0400] "GET /V%C3%AAtements-MedicalPrestige-Medical-Top-bleu-cobalt-788950-Fantaisie-et-Specialty/ HTTP/1.1" 404 10293 "-" "Mozilla/5.0 (compatible; MJ12bot/v1.4.8; http://mj12bot.com/)"
135.181.213.220 - - [15/Apr/2025:18:49:44 -0400] "GET /Kits-de-loisirs-cr%C3%A9atifs-%C3%80-partir-des-Ans-Educa-Miraculous-Ladybug-Ref-233137-Jouets-%C3%A0-clipser/ HTTP/1.1" 404 10293 "-" "Mozilla/5.0 (compatible; MJ12bot/v1.4.8; http://mj12bot.com/)"
135.181.213.220 - - [15/Apr/2025:18:49:48 -0400] "GET /Kits-de-loisirs-cr%C3%A9atifs-%C3%A0-lhuile-bricolage-by-Numbers-Num%C3%A9rique-Peinture-%C3%A0-lhuile-Toile-Mur-Art-Cr%C3%A9ation-Paysage-Peintures-pour-Accueil-Vie-308503-Loisirs-cr%C3%A9atifs/ HTTP/1.1" 404 10292 "-" "Mozilla/5.0 (compatible; MJ12bot/v1.4.8; http://mj12bot.com/)"
2001:41d0:203:2611::1 - - [15/Apr/2025:18:49:48 -0400] "GET /V%C3%AAtements-Mellice-Body-Femme-String-Col-376597-Tenues-de-nuit-lingerie-et-sousv%C3%AAtements/ HTTP/1.1" 404 10292 "-" "Mozilla/5.0 (compatible; MJ12bot/v1.4.8; http://mj12bot.com/)"
198.54.114.83 - - [15/Apr/2025:18:49:52 -0400] "POST /wp-cron.php?doing_wp_cron=1744757392.0940849781036376953125 HTTP/1.1" 200 0 "-" "WordPress/6.7.2; https://buymedicineonlineusa.com"
135.181.213.220 - - [15/Apr/2025:18:49:51 -0400] "GET /Lampes-abatsjour-et-pieds-de-lampes-AbatJour-carr%C3%A9-en-Lin-Couleur-Taupe-38446-Luminaires-&-Eclairage/ HTTP/1.1" 404 10293 "-" "Mozilla/5.0 (compatible; MJ12bot/v1.4.8; http://mj12bot.com/)"
135.181.213.220 - - [15/Apr/2025:18:49:56 -0400] "GET /Le-bain-Baignoire-R%C3%A9seau-Bath-Si%C3%A8ge-BainRose-ne-Comprend-Pas-la-176473-Baignoires-et-si%C3%A8ges-de-bain/ HTTP/1.1" 404 10293 "-" "Mozilla/5.0 (compatible; MJ12bot/v1.4.8; http://mj12bot.com/)"
135.181.213.220 - - [15/Apr/2025:18:50:00 -0400] "GET /Leurres-Crochets-Lien-Rapide-Rapide-pour-p%C3%AAche-Taille-SML-only-y-pi%C3%A8ces-Anneaux-38781-Accessoires-leurres/ HTTP/1.1" 404 10293 "-" "Mozilla/5.0 (compatible; MJ12bot/v1.4.8; http://mj12bot.com/)"
135.181.213.220 - - [15/Apr/2025:18:50:05 -0400] "GET /Leurres-p%C3%AAche-en-Eau-sal%C3%A9e-en-Eau-Douce-mat%C3%A9riel-de-p%C3%AAche-%C3%A9lectrique-Autopropuls%C3%A9-Multiarticul%C3%A9-Leurres-%C3%A9lectriques-348889-Accessoires-leurres/ HTTP/1.1" 404 10292 "-" "Mozilla/5.0 (compatible; MJ12bot/v1.4.8; http://mj12bot.com/)"
135.181.213.220 - - [15/Apr/2025:18:50:11 -0400] "GET /Leviers-Levers-Color-Black-Black-MUJUN-R%C3%A9serve-Accessoires-Moto-for-Kawasaki-NINJA-Ninja-240897-Kit-Levier-dembrayage-et-levier-de-frein/ HTTP/1.1" 404 10293 "-" "Mozilla/5.0 (compatible; MJ12bot/v1.4.8; http://mj12bot.com/)"
135.181.213.220 - - [15/Apr/2025:18:50:15 -0400] "GET /Leviers-Pompe-de-frein-hydraulique-M-x-272467-Motos-accessoires-et-pi%C3%A8ces/ HTTP/1.1" 404 10292 "-" "Mozilla/5.0 (compatible; MJ12bot/v1.4.8; http://mj12bot.com/)"
135.181.213.220 - - [15/Apr/2025:18:50:18 -0400] "GET /Leviers-%C3%A0-G-Neuf-Levier-d-embrayage-Sifam-855556-Leviers-dembrayage/ HTTP/1.1" 404 10293 "-" "Mozilla/5.0 (compatible; MJ12bot/v1.4.8; http://mj12bot.com/)"
135.181.213.220 - - [15/Apr/2025:18:48:09 -0400] "GET /Jardin-Set-Filtre-de-Bassin-19391-D%C3%A9coration-dext%C3%A9rieur/ HTTP/1.1" 404 10293 "-" "Mozilla/5.0 (compatible; MJ12bot/v1.4.8; http://mj12bot.com/)"
135.181.213.220 - - [15/Apr/2025:18:48:13 -0400] "GET /Jardin-Tracteur-de-pelouse-r%C3%A9sistante-en-Tissu-Oxford-imperm%C3%A9able-AntiUV-D-%C3%A0-la-poussi%C3%A8re-pour-Jardin-699225-Tondeuses-et-outillage-de-jardin-motoris%C3%A9/ HTTP/1.1" 404 10293 "-" "Mozilla/5.0 (compatible; MJ12bot/v1.4.8; http://mj12bot.com/)"
135.181.213.220 - - [15/Apr/2025:18:48:17 -0400] "GET /Jardin-adultes-Bambou-Gants-de-lecz%C3%A9ma-459393-Gants/ HTTP/1.1" 404 10293 "-" "Mozilla/5.0 (compatible; MJ12bot/v1.4.8; http://mj12bot.com/)"
135.181.213.220 - - [15/Apr/2025:18:48:21 -0400] "GET /Jardin-balcon-Balcon-Tuile-de-terrasse-en-bois-de-m%C3%A9l%C3%A8ze-x50cm-Tuile-de-terrasse-Tuile-en-bois-Tuile-de-440623-Structures-pour-bassins-dagr%C3%A9ment/ HTTP/1.1" 404 10293 "-" "Mozilla/5.0 (compatible; MJ12bot/v1.4.8; http://mj12bot.com/)"
135.181.213.220 - - [15/Apr/2025:18:50:22 -0400] "GET /Lhygi%C3%A8ne-de-b%C3%A9b%C3%A9-d%E2%80%99Hygi%C3%A8ne-Avec-Accessoires-Inclus-Trousse-de-Soin-Pour-B%C3%A9b%C3%A9-Sans-Nickel-Mouche-B%C3%A9b%C3%A9-Kit-de-Premiers-504349-Sets-et-trousses-de-toilette/ HTTP/1.1" 404 10293 "-" "Mozilla/5.0 (compatible; MJ12bot/v1.4.8; http://mj12bot.com/)"
135.181.213.220 - - [15/Apr/2025:18:50:26 -0400] "GET /Lingerie-WearAll-Tailles-%C3%A0-Combinaisons-Femmes-Body-323307-Femme/ HTTP/1.1" 404 10292 "-" "Mozilla/5.0 (compatible; MJ12bot/v1.4.8; http://mj12bot.com/)"
135.181.213.220 - - [15/Apr/2025:18:50:30 -0400] "GET /Lingerie-sculptante-Invisible-Ventre-Plat-Minceur-D%C3%A9bardeur-Femme-Ceinture-Post-Accouchement-Ventre-259783-Serrestaille/ HTTP/1.1" 404 10293 "-" "Mozilla/5.0 (compatible; MJ12bot/v1.4.8; http://mj12bot.com/)"
135.181.213.220 - - [15/Apr/2025:18:50:34 -0400] "GET /Literie-et-linge-de-maison-42%20cm-Babywise-Deluxe-Matelas-matelass%C3%A9-485696-Couvrematelas/ HTTP/1.1" 404 10292 "-" "Mozilla/5.0 (compatible; MJ12bot/v1.4.8; http://mj12bot.com/)"
198.54.114.83 - - [15/Apr/2025:18:50:37 -0400] "POST /wp-cron.php?doing_wp_cron=1744757435.3627269268035888671875 HTTP/1.1" 200 0 "-" "WordPress/6.7.2; https://buymedicineonlineusa.com"
135.181.213.220 - - [15/Apr/2025:18:50:40 -0400] "GET /Literie-et-linge-de-maison-de-x-x-cm-avec-Oreiller-KOPEKS-M-Gris-Lit-pour-13563-Ameublement-et-d%C3%A9coration/ HTTP/1.1" 404 10293 "-" "Mozilla/5.0 (compatible; MJ12bot/v1.4.8; http://mj12bot.com/)"
135.181.213.220 - - [15/Apr/2025:18:50:44 -0400] "GET /Literie-et-linge-de-maison-%C3%A0-trou-facial-couverture-de-Table-de-salon-de-beaut%C3%A9-en-coton-doux-Drap-de-lit-de-massage-spa-drap-283055-Ameublement-et-d%C3%A9coration/ HTTP/1.1" 404 10293 "-" "Mozilla/5.0 (compatible; MJ12bot/v1.4.8; http://mj12bot.com/)"
135.181.213.220 - - [15/Apr/2025:18:50:49 -0400] "GET /Lits-et-cadres-de-lit-Facile-%C3%A0-Nettoyer-AntiAllergique-Blanc-cmx190200cm-Bedecor-Matelas-en-246221-Chambre-%C3%A0-coucher/ HTTP/1.1" 404 10292 "-" "Mozilla/5.0 (compatible; MJ12bot/v1.4.8; http://mj12bot.com/)"
135.181.213.220 - - [15/Apr/2025:18:50:55 -0400] "GET /Lits-et-cadres-de-lit-de-lit-Kron-Blanc-x-cm-en-Fibres-de-Noix-de-294529-T%C3%AAtes-de-lit/ HTTP/1.1" 404 10293 "-" "Mozilla/5.0 (compatible; MJ12bot/v1.4.8; http://mj12bot.com/)"
135.181.213.220 - - [15/Apr/2025:18:51:00 -0400] "GET /Loisirs-cr%C3%A9atifs-%C3%A0-Coudre-Acier-soud%C3%A9-Couleur-Noir-Mat-Ganzoo-Lot-de-Anneaux-D-en-Acier-Inoxydable-mm-91991-Cuisine-&-Maison/ HTTP/1.1" 404 10293 "-" "Mozilla/5.0 (compatible; MJ12bot/v1.4.8; http://mj12bot.com/)"
135.181.213.220 - - [15/Apr/2025:18:51:04 -0400] "GET /Luge-Luge-Descente-Toboggan-Curseur-Bateau-Planche-de-Ski-pour-Ext%C3%A9rieur-Herbe-Jeu-de-525649-Luges-tra%C3%AEneaux/ HTTP/1.1" 404 10293 "-" "Mozilla/5.0 (compatible; MJ12bot/v1.4.8; http://mj12bot.com/)"
135.181.213.220 - - [15/Apr/2025:18:51:07 -0400] "GET /Luminaires-ext%C3%A9rieur-E-A-de-Lampenwelt-eclairage-exterieur-Luminaire-ext%C3%A9rieur-Corentina-borne-lumineuse-exterieur-Moderne-borne-505888-%C3%89clairage-pour-chemins/ HTTP/1.1" 404 10293 "-" "Mozilla/5.0 (compatible; MJ12bot/v1.4.8; http://mj12bot.com/)"
135.181.213.220 - - [15/Apr/2025:18:51:12 -0400] "GET /Luminaires-ext%C3%A9rieur-LED-Sans-Fil-Avec-D%C3%A9tecteur-De-Mouvement-R%C3%A9sistant-%C3%80-La-Corrosion-Fonctionnement-283159-Projecteurs-et-lampadaires/ HTTP/1.1" 404 10293 "-" "Mozilla/5.0 (compatible; MJ12bot/v1.4.8; http://mj12bot.com/)"
135.181.213.220 - - [15/Apr/2025:18:51:16 -0400] "GET /Luminaires-ext%C3%A9rieur-en-r%C3%A9sine-Couleur-Blanc-cm-38017-%C3%89clairage-mural/ HTTP/1.1" 404 10293 "-" "Mozilla/5.0 (compatible; MJ12bot/v1.4.8; http://mj12bot.com/)"
135.181.213.220 - - [15/Apr/2025:18:51:21 -0400] "GET /Luminaires-ext%C3%A9rieur-pour-Jardin-Terrasse-Patio-Onerbuy-Solaire-Aliment%C3%A9-Capteur-de-Mouvement-Mur-380889-%C3%89clairage-mural/ HTTP/1.1" 404 10293 "-" "Mozilla/5.0 (compatible; MJ12bot/v1.4.8; http://mj12bot.com/)"
135.181.213.220 - - [15/Apr/2025:18:52:11 -0400] "GET /Mat%C3%A9riel-de-construction-D-Corniche-en-stuc-%20m-46843-Construction/ HTTP/1.1" 404 10293 "-" "Mozilla/5.0 (compatible; MJ12bot/v1.4.8; http://mj12bot.com/)"
135.181.213.220 - - [15/Apr/2025:18:52:16 -0400] "GET /Microphones-et-packs-Cardio%C3%AFdes-Voix-Off-Diffusion-en-Continu-et-Vid%C3%A9os-Youtube-LTLJX-Professionnel-Microphone-%C3%A0-39950-Instruments-de-musique-et-Sono/ HTTP/1.1" 404 10293 "-" "Mozilla/5.0 (compatible; MJ12bot/v1.4.8; http://mj12bot.com/)"
135.181.213.220 - - [15/Apr/2025:18:52:21 -0400] "GET /Minipoup%C3%A9es-et-accessoires-Miniature-de-Maisons-de-poup%C3%A9es-La-Boite-203227-Poup%C3%A9es-et-accessoires/ HTTP/1.1" 404 10293 "-" "Mozilla/5.0 (compatible; MJ12bot/v1.4.8; http://mj12bot.com/)"
