154.83.103.202 - - [15/Apr/2025:04:16:54 -0400] "GET /.idea/ HTTP/1.1" 301 0 "-" "Mozilla/5.0 (Windows NT 10.0; Win64; x64) AppleWebKit/537.36 (KHTML, like Gecko) Chrome/91.0.4472.124 Safari/537.36"
47.82.11.227 - - [15/Apr/2025:04:18:26 -0400] "GET /?p=90896 HTTP/1.1" 200 97601 "http://buymedicineonlineusa.com/?p=90896" "Mozilla/5.0 (Windows NT 10.0; Win64; x64) AppleWebKit/537.36 (KHTML, like Gecko) Chrome/114.0.0.0 Safari/537.36 Edg/114.0.1823.43"
47.79.6.175 - - [15/Apr/2025:04:19:04 -0400] "GET /?p=103316 HTTP/1.1" 200 97601 "http://buymedicineonlineusa.com/?p=103316" "Mozilla/5.0 (Windows NT 10.0; Win64; x64) AppleWebKit/537.36 (KHTML, like Gecko) Chrome/114.0.0.0 Safari/537.36 Edg/114.0.1823.43"
3.138.118.56 - - [15/Apr/2025:04:21:58 -0400] "GET /robots.txt HTTP/1.1" 200 134 "-" "Mozilla/5.0 AppleWebKit/537.36 (KHTML, like Gecko; compatible; ClaudeBot/1.0; +claudebot@anthropic.com)"
3.138.118.56 - - [15/Apr/2025:04:21:59 -0400] "GET /buy-trecator-sc-online-safely-buymedicineonlineusa-com HTTP/1.1" 404 10293 "-" "Mozilla/5.0 AppleWebKit/537.36 (KHTML, like Gecko; compatible; ClaudeBot/1.0; +claudebot@anthropic.com)"
47.79.5.178 - - [15/Apr/2025:04:22:04 -0400] "GET /?p=111248 HTTP/1.1" 200 97601 "http://buymedicineonlineusa.com/?p=111248" "Mozilla/5.0 (Windows NT 10.0; Win64; x64) AppleWebKit/537.36 (KHTML, like Gecko) Chrome/114.0.0.0 Safari/537.36 Edg/114.0.1823.43"
47.82.11.64 - - [15/Apr/2025:04:22:20 -0400] "GET /?p=90152 HTTP/1.1" 200 97601 "http://buymedicineonlineusa.com/?p=90152" "Mozilla/5.0 (Windows NT 10.0; Win64; x64) AppleWebKit/537.36 (KHTML, like Gecko) Chrome/114.0.0.0 Safari/537.36 Edg/114.0.1823.43"
47.79.98.168 - - [15/Apr/2025:04:25:54 -0400] "GET /?p=90476 HTTP/1.1" 200 97601 "http://buymedicineonlineusa.com/?p=90476" "Mozilla/5.0 (Windows NT 10.0; Win64; x64) AppleWebKit/537.36 (KHTML, like Gecko) Chrome/114.0.0.0 Safari/537.36 Edg/114.0.1823.43"
47.79.6.193 - - [15/Apr/2025:04:28:10 -0400] "GET /?p=109476 HTTP/1.1" 200 97601 "http://buymedicineonlineusa.com/?p=109476" "Mozilla/5.0 (Windows NT 10.0; Win64; x64) AppleWebKit/537.36 (KHTML, like Gecko) Chrome/114.0.0.0 Safari/537.36 Edg/114.0.1823.43"
47.82.11.213 - - [15/Apr/2025:04:29:29 -0400] "GET /?p=90150 HTTP/1.1" 200 97601 "http://buymedicineonlineusa.com/?p=90150" "Mozilla/5.0 (Windows NT 10.0; Win64; x64) AppleWebKit/537.36 (KHTML, like Gecko) Chrome/114.0.0.0 Safari/537.36 Edg/114.0.1823.43"
216.244.66.232 - - [15/Apr/2025:04:29:55 -0400] "GET /robots.txt HTTP/1.1" 200 134 "-" "Mozilla/5.0 (compatible; DotBot/1.2; +https://opensiteexplorer.org/dotbot; help@moz.com)"
47.82.11.175 - - [15/Apr/2025:04:31:40 -0400] "GET /?p=91683 HTTP/1.1" 200 97601 "http://buymedicineonlineusa.com/?p=91683" "Mozilla/5.0 (Windows NT 10.0; Win64; x64) AppleWebKit/537.36 (KHTML, like Gecko) Chrome/114.0.0.0 Safari/537.36 Edg/114.0.1823.43"
47.79.7.116 - - [15/Apr/2025:04:32:58 -0400] "GET /?p=109474 HTTP/1.1" 200 97601 "http://buymedicineonlineusa.com/?p=109474" "Mozilla/5.0 (Windows NT 10.0; Win64; x64) AppleWebKit/537.36 (KHTML, like Gecko) Chrome/114.0.0.0 Safari/537.36 Edg/114.0.1823.43"
47.82.11.21 - - [15/Apr/2025:04:33:22 -0400] "GET /?p=104685 HTTP/1.1" 200 97601 "http://buymedicineonlineusa.com/?p=104685" "Mozilla/5.0 (Windows NT 10.0; Win64; x64) AppleWebKit/537.36 (KHTML, like Gecko) Chrome/114.0.0.0 Safari/537.36 Edg/114.0.1823.43"
47.82.11.114 - - [15/Apr/2025:04:35:33 -0400] "GET /?p=88332 HTTP/1.1" 200 97601 "http://buymedicineonlineusa.com/?p=88332" "Mozilla/5.0 (Windows NT 10.0; Win64; x64) AppleWebKit/537.36 (KHTML, like Gecko) Chrome/114.0.0.0 Safari/537.36 Edg/114.0.1823.43"
47.82.11.121 - - [15/Apr/2025:04:38:09 -0400] "GET /?p=94779 HTTP/1.1" 200 97601 "http://buymedicineonlineusa.com/?p=94779" "Mozilla/5.0 (Windows NT 10.0; Win64; x64) AppleWebKit/537.36 (KHTML, like Gecko) Chrome/114.0.0.0 Safari/537.36 Edg/114.0.1823.43"
198.54.114.83 - - [15/Apr/2025:04:44:40 -0400] "POST /wp-cron.php?doing_wp_cron=1744706680.1121289730072021484375 HTTP/1.1" 200 0 "-" "WordPress/6.7.2; https://buymedicineonlineusa.com"
216.244.66.232 - - [15/Apr/2025:04:44:39 -0400] "GET /how-to-get-a-girl-thinking-about-you-what-women-of-all-ages-look-for-in-men/feed/ HTTP/1.1" 404 10293 "-" "Mozilla/5.0 (compatible; DotBot/1.2; +https://opensiteexplorer.org/dotbot; help@moz.com)"
198.54.114.83 - - [15/Apr/2025:04:46:13 -0400] "POST /wp-cron.php?doing_wp_cron=1744706773.3640971183776855468750 HTTP/1.1" 200 0 "-" "WordPress/6.7.2; https://buymedicineonlineusa.com"
216.244.66.232 - - [15/Apr/2025:04:46:12 -0400] "GET /category/finnish-dating-dating-2/feed/ HTTP/1.1" 404 10293 "-" "Mozilla/5.0 (compatible; DotBot/1.2; +https://opensiteexplorer.org/dotbot; help@moz.com)"
216.244.66.232 - - [15/Apr/2025:04:46:31 -0400] "GET /category/safe-payday-loans-2/feed/ HTTP/1.1" 404 10293 "-" "Mozilla/5.0 (compatible; DotBot/1.2; +https://opensiteexplorer.org/dotbot; help@moz.com)"
47.79.6.241 - - [15/Apr/2025:04:46:42 -0400] "GET /?p=94769 HTTP/1.1" 200 97601 "http://buymedicineonlineusa.com/?p=94769" "Mozilla/5.0 (Windows NT 10.0; Win64; x64) AppleWebKit/537.36 (KHTML, like Gecko) Chrome/114.0.0.0 Safari/537.36 Edg/114.0.1823.43"
47.79.122.252 - - [15/Apr/2025:04:47:06 -0400] "GET /?p=101886 HTTP/1.1" 200 97601 "http://buymedicineonlineusa.com/?p=101886" "Mozilla/5.0 (Windows NT 10.0; Win64; x64) AppleWebKit/537.36 (KHTML, like Gecko) Chrome/114.0.0.0 Safari/537.36 Edg/114.0.1823.43"
47.79.5.247 - - [15/Apr/2025:04:47:53 -0400] "GET /?p=96322 HTTP/1.1" 200 97601 "http://buymedicineonlineusa.com/?p=96322" "Mozilla/5.0 (Windows NT 10.0; Win64; x64) AppleWebKit/537.36 (KHTML, like Gecko) Chrome/114.0.0.0 Safari/537.36 Edg/114.0.1823.43"
198.54.114.83 - - [15/Apr/2025:04:49:04 -0400] "POST /wp-cron.php?doing_wp_cron=1744706943.8010890483856201171875 HTTP/1.1" 200 0 "-" "WordPress/6.7.2; https://buymedicineonlineusa.com"
216.244.66.232 - - [15/Apr/2025:04:48:58 -0400] "GET /navigating-the-virtual-thrill-the-world-of-online-casinos/ HTTP/1.1" 200 15424 "-" "Mozilla/5.0 (compatible; DotBot/1.2; +https://opensiteexplorer.org/dotbot; help@moz.com)"
47.82.10.61 - - [15/Apr/2025:04:52:56 -0400] "GET /?p=101888 HTTP/1.1" 200 97601 "http://buymedicineonlineusa.com/?p=101888" "Mozilla/5.0 (Windows NT 10.0; Win64; x64) AppleWebKit/537.36 (KHTML, like Gecko) Chrome/114.0.0.0 Safari/537.36 Edg/114.0.1823.43"
47.82.11.125 - - [15/Apr/2025:04:54:32 -0400] "GET /?p=96318 HTTP/1.1" 200 97601 "http://buymedicineonlineusa.com/?p=96318" "Mozilla/5.0 (Windows NT 10.0; Win64; x64) AppleWebKit/537.36 (KHTML, like Gecko) Chrome/114.0.0.0 Safari/537.36 Edg/114.0.1823.43"
47.79.6.175 - - [15/Apr/2025:04:54:33 -0400] "GET /?p=98236 HTTP/1.1" 200 97601 "http://buymedicineonlineusa.com/?p=98236" "Mozilla/5.0 (Windows NT 10.0; Win64; x64) AppleWebKit/537.36 (KHTML, like Gecko) Chrome/114.0.0.0 Safari/537.36 Edg/114.0.1823.43"
47.79.121.170 - - [15/Apr/2025:04:55:09 -0400] "GET /?p=111252 HTTP/1.1" 200 97601 "http://buymedicineonlineusa.com/?p=111252" "Mozilla/5.0 (Windows NT 10.0; Win64; x64) AppleWebKit/537.36 (KHTML, like Gecko) Chrome/114.0.0.0 Safari/537.36 Edg/114.0.1823.43"
47.82.10.120 - - [15/Apr/2025:04:55:21 -0400] "GET /?p=89292 HTTP/1.1" 200 97601 "http://buymedicineonlineusa.com/?p=89292" "Mozilla/5.0 (Windows NT 10.0; Win64; x64) AppleWebKit/537.36 (KHTML, like Gecko) Chrome/114.0.0.0 Safari/537.36 Edg/114.0.1823.43"
47.79.121.170 - - [15/Apr/2025:04:59:35 -0400] "GET /?p=106043 HTTP/1.1" 200 97601 "http://buymedicineonlineusa.com/?p=106043" "Mozilla/5.0 (Windows NT 10.0; Win64; x64) AppleWebKit/537.36 (KHTML, like Gecko) Chrome/114.0.0.0 Safari/537.36 Edg/114.0.1823.43"
43.166.250.187 - - [15/Apr/2025:04:59:56 -0400] "GET / HTTP/1.1" 200 97601 "-" "Mozilla/5.0 (iPhone; CPU iPhone OS 13_2_3 like Mac OS X) AppleWebKit/605.1.15 (KHTML, like Gecko) Version/13.0.3 Mobile/15E148 Safari/604.1"
47.82.10.6 - - [15/Apr/2025:05:01:30 -0400] "GET /?p=111246 HTTP/1.1" 200 97601 "http://buymedicineonlineusa.com/?p=111246" "Mozilla/5.0 (Windows NT 10.0; Win64; x64) AppleWebKit/537.36 (KHTML, like Gecko) Chrome/114.0.0.0 Safari/537.36 Edg/114.0.1823.43"
47.79.123.158 - - [15/Apr/2025:05:03:56 -0400] "GET /?p=90888 HTTP/1.1" 200 97601 "http://buymedicineonlineusa.com/?p=90888" "Mozilla/5.0 (Windows NT 10.0; Win64; x64) AppleWebKit/537.36 (KHTML, like Gecko) Chrome/114.0.0.0 Safari/537.36 Edg/114.0.1823.43"
198.54.114.83 - - [15/Apr/2025:05:12:11 -0400] "POST /wp-cron.php?doing_wp_cron=1744708330.2254309654235839843750 HTTP/1.1" 200 0 "-" "WordPress/6.7.2; https://buymedicineonlineusa.com"
121.62.29.210 - - [15/Apr/2025:05:12:04 -0400] "GET /statics/img/login_bg.jpg HTTP/1.1" 404 12781 "http://buymedicineonlineusa.com" "Mozilla/5.0 (compatible; Yahoo! Slurp; http://help.yahoo.com/help/us/ysearch/slurp\xa1\xb1)"
5.23.50.61 - - [15/Apr/2025:05:13:55 -0400] "GET / HTTP/1.1" 200 97601 "-" "Mozilla/5.0 (Windows NT 6.3; Win64; x64) AppleWebKit/537.36 (KHTML, like Gecko) Chrome/101.0.4951.54 Safari/537.36"
5.23.50.61 - - [15/Apr/2025:05:14:06 -0400] "POST /xmlrpc.php HTTP/1.1" 200 212 "-" "Mozilla/5.0 (Windows NT 6.3; Win64; x64) AppleWebKit/537.36 (KHTML, like Gecko) Chrome/101.0.4951.54 Safari/537.36"
5.23.50.61 - - [15/Apr/2025:05:14:21 -0400] "POST /wp-login.php HTTP/1.1" 302 0 "-" "Mozilla/5.0 (Windows NT 6.3; Win64; x64) AppleWebKit/537.36 (KHTML, like Gecko) Chrome/101.0.4951.54 Safari/537.36"
198.54.114.83 - - [15/Apr/2025:05:14:57 -0400] "POST /wp-cron.php?doing_wp_cron=1744708497.0351679325103759765625 HTTP/1.1" 200 0 "-" "WordPress/6.7.2; https://buymedicineonlineusa.com"
5.23.50.61 - - [15/Apr/2025:05:14:56 -0400] "POST /wp-login.php HTTP/1.1" 302 0 "-" "Mozilla/5.0 (Windows NT 6.3; Win64; x64) AppleWebKit/537.36 (KHTML, like Gecko) Chrome/101.0.4951.54 Safari/537.36"
34.13.161.181 - - [15/Apr/2025:05:23:24 -0400] "GET / HTTP/1.1" 200 97601 "-" "Mozilla/5.0 (Windows NT 10.0; Win64; x64) AppleWebKit/537.36 (KHTML, like Gecko) Chrome/78.0.3904.108 Safari/537.36"
34.13.161.181 - - [15/Apr/2025:05:23:26 -0400] "GET / HTTP/1.1" 200 97601 "-" "Mozilla/5.0 (Windows NT 10.0; Win64; x64) AppleWebKit/537.36 (KHTML, like Gecko) Chrome/78.0.3904.108 Safari/537.36"
198.54.114.83 - - [15/Apr/2025:05:23:32 -0400] "POST /wp-cron.php?doing_wp_cron=1744709012.1471838951110839843750 HTTP/1.1" 200 0 "-" "WordPress/6.7.2; https://buymedicineonlineusa.com"
34.13.161.181 - - [15/Apr/2025:05:23:28 -0400] "GET /wp-includes/wlwmanifest.xml HTTP/1.1" 404 10293 "-" "Mozilla/5.0 (Windows NT 10.0; Win64; x64) AppleWebKit/537.36 (KHTML, like Gecko) Chrome/78.0.3904.108 Safari/537.36"
34.13.161.181 - - [15/Apr/2025:05:23:35 -0400] "GET /?author=1 HTTP/1.1" 200 97601 "-" "Mozilla/5.0 (Windows NT 10.0; Win64; x64) AppleWebKit/537.36 (KHTML, like Gecko) Chrome/78.0.3904.108 Safari/537.36"
34.13.161.181 - - [15/Apr/2025:05:23:37 -0400] "GET /?author=2 HTTP/1.1" 200 97601 "-" "Mozilla/5.0 (Windows NT 10.0; Win64; x64) AppleWebKit/537.36 (KHTML, like Gecko) Chrome/78.0.3904.108 Safari/537.36"
34.13.161.181 - - [15/Apr/2025:05:23:39 -0400] "GET /wp-json/wp/v2/users/ HTTP/1.1" 200 18210 "-" "Mozilla/5.0 (Windows NT 10.0; Win64; x64) AppleWebKit/537.36 (KHTML, like Gecko) Chrome/78.0.3904.108 Safari/537.36"
198.54.114.83 - - [15/Apr/2025:05:23:44 -0400] "POST /wp-cron.php?doing_wp_cron=1744709024.0987040996551513671875 HTTP/1.1" 200 0 "-" "WordPress/6.7.2; https://buymedicineonlineusa.com"
34.13.161.181 - - [15/Apr/2025:05:23:43 -0400] "GET /wp-json/oembed/1.0/embed?url=http://buymedicineonlineusa.com HTTP/1.1" 404 73 "-" "Mozilla/5.0 (Windows NT 10.0; Win64; x64) AppleWebKit/537.36 (KHTML, like Gecko) Chrome/78.0.3904.108 Safari/537.36"
34.13.161.181 - - [15/Apr/2025:05:23:46 -0400] "POST /xmlrpc.php HTTP/1.1" 200 236 "-" "Mozilla/5.0 (Windows NT 10.0; Win64; x64) AppleWebKit/537.36 (KHTML, like Gecko) Chrome/78.0.3904.108 Safari/537.36"
34.13.161.181 - - [15/Apr/2025:05:23:48 -0400] "POST /xmlrpc.php HTTP/1.1" 200 236 "-" "Mozilla/5.0 (Windows NT 10.0; Win64; x64) AppleWebKit/537.36 (KHTML, like Gecko) Chrome/78.0.3904.108 Safari/537.36"
34.13.161.181 - - [15/Apr/2025:05:23:50 -0400] "POST /xmlrpc.php HTTP/1.1" 200 236 "-" "Mozilla/5.0 (Windows NT 10.0; Win64; x64) AppleWebKit/537.36 (KHTML, like Gecko) Chrome/78.0.3904.108 Safari/537.36"
198.54.114.83 - - [15/Apr/2025:05:23:54 -0400] "POST /wp-cron.php?doing_wp_cron=1744709033.2113180160522460937500 HTTP/1.1" 200 0 "-" "WordPress/6.7.2; https://buymedicineonlineusa.com"
34.13.161.181 - - [15/Apr/2025:05:23:53 -0400] "POST /xmlrpc.php HTTP/1.1" 200 236 "-" "Mozilla/5.0 (Windows NT 10.0; Win64; x64) AppleWebKit/537.36 (KHTML, like Gecko) Chrome/78.0.3904.108 Safari/537.36"
34.13.161.181 - - [15/Apr/2025:05:23:55 -0400] "POST /xmlrpc.php HTTP/1.1" 200 236 "-" "Mozilla/5.0 (Windows NT 10.0; Win64; x64) AppleWebKit/537.36 (KHTML, like Gecko) Chrome/78.0.3904.108 Safari/537.36"
34.13.161.181 - - [15/Apr/2025:05:23:56 -0400] "POST /xmlrpc.php HTTP/1.1" 200 236 "-" "Mozilla/5.0 (Windows NT 10.0; Win64; x64) AppleWebKit/537.36 (KHTML, like Gecko) Chrome/78.0.3904.108 Safari/537.36"
198.54.114.83 - - [15/Apr/2025:05:25:41 -0400] "POST /wp-cron.php?doing_wp_cron=1744709141.3015251159667968750000 HTTP/1.1" 200 0 "-" "WordPress/6.7.2; https://buymedicineonlineusa.com"
216.244.66.232 - - [15/Apr/2025:05:25:40 -0400] "GET /italian-leather-bags-wholesale-uk/ HTTP/1.1" 200 14681 "-" "Mozilla/5.0 (compatible; DotBot/1.2; +https://opensiteexplorer.org/dotbot; help@moz.com)"
198.54.114.83 - - [15/Apr/2025:05:30:31 -0400] "POST /wp-cron.php?doing_wp_cron=1744709430.2480690479278564453125 HTTP/1.1" 200 0 "-" "WordPress/6.7.2; https://buymedicineonlineusa.com"
216.244.66.232 - - [15/Apr/2025:05:30:29 -0400] "GET /category/blued-de-reviews-2/feed/ HTTP/1.1" 404 10293 "-" "Mozilla/5.0 (compatible; DotBot/1.2; +https://opensiteexplorer.org/dotbot; help@moz.com)"
216.244.66.232 - - [15/Apr/2025:06:00:19 -0400] "GET /robots.txt HTTP/1.1" 200 134 "-" "Mozilla/5.0 (compatible; DotBot/1.2; +https://opensiteexplorer.org/dotbot; help@moz.com)"
4.227.36.17 - - [15/Apr/2025:06:01:08 -0400] "GET /robots.txt HTTP/1.1" 200 134 "-" "Mozilla/5.0 AppleWebKit/537.36 (KHTML, like Gecko; compatible; GPTBot/1.2; +https://openai.com/gptbot)"
198.54.114.83 - - [15/Apr/2025:06:01:15 -0400] "POST /wp-cron.php?doing_wp_cron=1744711274.7101569175720214843750 HTTP/1.1" 200 0 "-" "WordPress/6.7.2; https://buymedicineonlineusa.com"
20.171.207.70 - - [15/Apr/2025:06:01:08 -0400] "GET /buy-generic-orlistat-online-safely-buymedicineonlineusa-com/ HTTP/1.1" 404 10292 "-" "Mozilla/5.0 AppleWebKit/537.36 (KHTML, like Gecko; compatible; GPTBot/1.2; +https://openai.com/gptbot)"
216.244.66.232 - - [15/Apr/2025:06:08:41 -0400] "GET /solar-energy-solutions-how-to-lower-the-cost-of-a-solar-energy-system/ HTTP/1.1" 200 14772 "-" "Mozilla/5.0 (compatible; DotBot/1.2; +https://opensiteexplorer.org/dotbot; help@moz.com)"
198.54.114.83 - - [15/Apr/2025:06:08:53 -0400] "POST /wp-cron.php?doing_wp_cron=1744711733.6917769908905029296875 HTTP/1.1" 200 0 "-" "WordPress/6.7.2; https://buymedicineonlineusa.com"
216.244.66.232 - - [15/Apr/2025:06:08:53 -0400] "GET /the-importance-of-water-tank-cleaners/ HTTP/1.1" 200 14930 "-" "Mozilla/5.0 (compatible; DotBot/1.2; +https://opensiteexplorer.org/dotbot; help@moz.com)"
212.30.33.94 - - [15/Apr/2025:06:09:41 -0400] "POST /xmlrpc.php HTTP/1.1" 200 212 "-" "Mozilla/5.0 (Windows NT 10.0; WOW64) AppleWebKit/537.36 (KHTML, like Gecko) Chrome/114.0.0.0 Safari/537.36"
198.54.114.83 - - [15/Apr/2025:06:09:43 -0400] "POST /wp-cron.php?doing_wp_cron=1744711781.6681859493255615234375 HTTP/1.1" 200 0 "-" "WordPress/6.7.2; https://buymedicineonlineusa.com"
86.54.42.21 - - [15/Apr/2025:06:09:50 -0400] "GET /installer-backup.php HTTP/1.1" 404 10293 "-" "Mozilla/5.0 (X11; Linux x86_64) AppleWebKit/537.36 (KHTML, like Gecko) Chrome/132.0.6834.84 Safari/537.36"
86.54.42.21 - - [15/Apr/2025:06:09:50 -0400] "GET /installer.php HTTP/1.1" 404 10293 "-" "Mozilla/5.0 (X11; Linux x86_64) AppleWebKit/537.36 (KHTML, like Gecko) Chrome/132.0.6834.84 Safari/537.36"
212.30.33.94 - - [15/Apr/2025:06:10:01 -0400] "POST /xmlrpc.php HTTP/1.1" 200 212 "-" "Mozilla/5.0 (Windows NT 10.0; WOW64) AppleWebKit/537.36 (KHTML, like Gecko) Chrome/114.0.0.0 Safari/537.36"
212.30.33.94 - - [15/Apr/2025:06:10:23 -0400] "POST /xmlrpc.php HTTP/1.1" 200 212 "-" "Mozilla/5.0 (Windows NT 10.0; WOW64) AppleWebKit/537.36 (KHTML, like Gecko) Chrome/114.0.0.0 Safari/537.36"
212.30.33.94 - - [15/Apr/2025:06:10:26 -0400] "POST /xmlrpc.php HTTP/1.1" 200 212 "-" "Mozilla/5.0 (Windows NT 10.0; WOW64) AppleWebKit/537.36 (KHTML, like Gecko) Chrome/114.0.0.0 Safari/537.36"
198.54.114.83 - - [15/Apr/2025:06:11:05 -0400] "POST /wp-cron.php?doing_wp_cron=1744711864.8727219104766845703125 HTTP/1.1" 200 0 "-" "WordPress/6.7.2; https://buymedicineonlineusa.com"
20.171.207.70 - - [15/Apr/2025:06:11:04 -0400] "GET /generic-caverta-tablets-canadian-online-pharmacy/ HTTP/1.1" 404 10293 "-" "Mozilla/5.0 AppleWebKit/537.36 (KHTML, like Gecko; compatible; GPTBot/1.2; +https://openai.com/gptbot)"
198.54.114.83 - - [15/Apr/2025:06:13:25 -0400] "POST /wp-cron.php?doing_wp_cron=1744712005.0688159465789794921875 HTTP/1.1" 200 0 "-" "WordPress/6.7.2; https://buymedicineonlineusa.com"
216.244.66.232 - - [15/Apr/2025:06:13:20 -0400] "GET /how-to-create-a-youtube-playlist/feed/ HTTP/1.1" 200 442 "-" "Mozilla/5.0 (compatible; DotBot/1.2; +https://opensiteexplorer.org/dotbot; help@moz.com)"
198.54.114.83 - - [15/Apr/2025:06:15:18 -0400] "POST /wp-cron.php?doing_wp_cron=1744712117.7361090183258056640625 HTTP/1.1" 200 0 "-" "WordPress/6.7.2; https://buymedicineonlineusa.com"
216.244.66.232 - - [15/Apr/2025:06:15:14 -0400] "GET /category/android-it-prova-gratuita-2/feed/ HTTP/1.1" 404 10293 "-" "Mozilla/5.0 (compatible; DotBot/1.2; +https://opensiteexplorer.org/dotbot; help@moz.com)"
216.244.66.232 - - [15/Apr/2025:06:17:51 -0400] "GET /cbd-capsules-a-convenient-and-effective-way-to-supplement-your-wellness-routine/feed/ HTTP/1.1" 200 505 "-" "Mozilla/5.0 (compatible; DotBot/1.2; +https://opensiteexplorer.org/dotbot; help@moz.com)"
198.54.114.83 - - [15/Apr/2025:06:17:54 -0400] "POST /wp-cron.php?doing_wp_cron=1744712272.5372960567474365234375 HTTP/1.1" 200 0 "-" "WordPress/6.7.2; https://buymedicineonlineusa.com"
85.208.98.23 - - [15/Apr/2025:06:51:13 -0400] "GET /robots.txt HTTP/1.1" 200 134 "-" "Mozilla/5.0 (compatible; SemrushBot-BA; +http://www.semrush.com/bot.html)"
198.54.114.83 - - [15/Apr/2025:06:59:07 -0400] "POST /wp-cron.php?doing_wp_cron=1744714747.1512320041656494140625 HTTP/1.1" 200 0 "-" "WordPress/6.7.2; https://buymedicineonlineusa.com"
216.244.66.232 - - [15/Apr/2025:06:59:06 -0400] "GET /category/amor-en-linea-suggerimenti-2/feed/ HTTP/1.1" 404 10293 "-" "Mozilla/5.0 (compatible; DotBot/1.2; +https://opensiteexplorer.org/dotbot; help@moz.com)"
216.244.66.232 - - [15/Apr/2025:06:59:14 -0400] "GET /category/bbwcupid-review/feed/ HTTP/1.1" 404 10292 "-" "Mozilla/5.0 (compatible; DotBot/1.2; +https://opensiteexplorer.org/dotbot; help@moz.com)"
216.244.66.232 - - [15/Apr/2025:06:59:22 -0400] "GET /category/bumble-vs-coffee-meets-bagel-best-sites-2/feed/ HTTP/1.1" 404 10293 "-" "Mozilla/5.0 (compatible; DotBot/1.2; +https://opensiteexplorer.org/dotbot; help@moz.com)"
198.54.114.83 - - [15/Apr/2025:07:11:18 -0400] "POST /wp-cron.php?doing_wp_cron=1744715477.4372460842132568359375 HTTP/1.1" 200 0 "-" "WordPress/6.7.2; https://buymedicineonlineusa.com"
86.127.224.175 - - [15/Apr/2025:07:11:16 -0400] "POST /xmlrpc.php HTTP/1.1" 200 212 "-" "Mozilla/5.0 (Windows NT 6.3; Win64; x64) AppleWebKit/537.36 (KHTML, like Gecko) Chrome/101.0.4951.54 Safari/537.36"
179.125.161.16 - - [15/Apr/2025:07:11:27 -0400] "POST /wp-login.php HTTP/1.1" 302 0 "-" "Mozilla/5.0 (Windows NT 6.3; Win64; x64) AppleWebKit/537.36 (KHTML, like Gecko) Chrome/101.0.4951.54 Safari/537.36"
207.174.7.210 - - [15/Apr/2025:07:16:29 -0400] "GET /wp-login.php HTTP/1.1" 302 0 "-" "Mozilla/5.0 (Windows NT 10.0; Win64; x64) AppleWebKit/537.36 (KHTML, like Gecko) Chrome/87.0.4280.141 Safari/537.36"
216.244.66.232 - - [15/Apr/2025:07:16:30 -0400] "GET /exploring-fire-hose-nozzles/feed/ HTTP/1.1" 200 434 "-" "Mozilla/5.0 (compatible; DotBot/1.2; +https://opensiteexplorer.org/dotbot; help@moz.com)"
207.174.7.209 - - [15/Apr/2025:07:16:32 -0400] "POST /wp-login.php HTTP/1.1" 302 0 "-" "Mozilla/5.0 (Windows NT 10.0; Win64; x64) AppleWebKit/537.36 (KHTML, like Gecko) Chrome/87.0.4280.141 Safari/537.36"
185.220.101.129 - - [15/Apr/2025:07:27:11 -0400] "POST /xmlrpc.php HTTP/1.1" 200 212 "https://www.google.com/" "Mozilla/5.0 (X11; Linux x86_64; rv:52.0) Gecko/20100101 Firefox/52.0"
216.244.66.232 - - [15/Apr/2025:07:30:19 -0400] "GET /robots.txt HTTP/1.1" 200 134 "-" "Mozilla/5.0 (compatible; DotBot/1.2; +https://opensiteexplorer.org/dotbot; help@moz.com)"
198.54.114.83 - - [15/Apr/2025:07:41:23 -0400] "POST /wp-cron.php?doing_wp_cron=1744717283.1633839607238769531250 HTTP/1.1" 200 0 "-" "WordPress/6.7.2; https://buymedicineonlineusa.com"
43.130.12.103 - - [15/Apr/2025:07:41:22 -0400] "GET /krasnodar-dynamo-forecast-and-bets-by-evgeny/ HTTP/1.1" 404 10293 "http://buymedicineonlineusa.com/krasnodar-dynamo-forecast-and-bets-by-evgeny/" "Mozilla/5.0 (Windows NT 6.3; WOW64) AppleWebKit/537.36 (KHTML, like Gecko) Chrome/103.0.5060.114 Safari/537.36"
43.130.12.103 - - [15/Apr/2025:07:41:24 -0400] "GET / HTTP/1.1" 200 97601 "http://buymedicineonlineusa.com/" "Mozilla/5.0 (Windows NT 6.3; WOW64) AppleWebKit/537.36 (KHTML, like Gecko) Chrome/103.0.5060.114 Safari/537.36"
216.244.66.232 - - [15/Apr/2025:07:42:24 -0400] "GET /les-grands-sites-en-compagnie-de-accomplis-trans-3/feed/ HTTP/1.1" 404 10293 "-" "Mozilla/5.0 (compatible; DotBot/1.2; +https://opensiteexplorer.org/dotbot; help@moz.com)"
216.244.66.232 - - [15/Apr/2025:07:42:31 -0400] "GET /payday-loan-commitment-definitely-instant-to-own/feed/ HTTP/1.1" 404 10293 "-" "Mozilla/5.0 (compatible; DotBot/1.2; +https://opensiteexplorer.org/dotbot; help@moz.com)"
216.244.66.232 - - [15/Apr/2025:07:42:40 -0400] "GET /simple-tips-to-abandon-the-apps-that-are-dating-5/feed/ HTTP/1.1" 404 10293 "-" "Mozilla/5.0 (compatible; DotBot/1.2; +https://opensiteexplorer.org/dotbot; help@moz.com)"
198.54.114.83 - - [15/Apr/2025:07:44:10 -0400] "POST /wp-cron.php?doing_wp_cron=1744717450.3800909519195556640625 HTTP/1.1" 200 0 "-" "WordPress/6.7.2; https://buymedicineonlineusa.com"
216.244.66.232 - - [15/Apr/2025:07:44:05 -0400] "GET /category/afroromance-web/feed/ HTTP/1.1" 404 10293 "-" "Mozilla/5.0 (compatible; DotBot/1.2; +https://opensiteexplorer.org/dotbot; help@moz.com)"
198.54.114.83 - - [15/Apr/2025:07:44:46 -0400] "POST /wp-cron.php?doing_wp_cron=1744717485.3798499107360839843750 HTTP/1.1" 200 0 "-" "WordPress/6.7.2; https://buymedicineonlineusa.com"
216.244.66.232 - - [15/Apr/2025:07:44:45 -0400] "GET /category/alexandria-escort-service-near-me-2/feed/ HTTP/1.1" 404 10292 "-" "Mozilla/5.0 (compatible; DotBot/1.2; +https://opensiteexplorer.org/dotbot; help@moz.com)"
198.54.114.83 - - [15/Apr/2025:07:45:19 -0400] "POST /wp-cron.php?doing_wp_cron=1744717519.0285539627075195312500 HTTP/1.1" 200 0 "-" "WordPress/6.7.2; https://buymedicineonlineusa.com"
216.244.66.232 - - [15/Apr/2025:07:45:17 -0400] "GET /category/bart-dating-preis-2/feed/ HTTP/1.1" 404 10293 "-" "Mozilla/5.0 (compatible; DotBot/1.2; +https://opensiteexplorer.org/dotbot; help@moz.com)"
198.54.114.83 - - [15/Apr/2025:07:45:49 -0400] "POST /wp-cron.php?doing_wp_cron=1744717549.3155369758605957031250 HTTP/1.1" 200 0 "-" "WordPress/6.7.2; https://buymedicineonlineusa.com"
216.244.66.232 - - [15/Apr/2025:07:45:49 -0400] "GET /category/biker-dating-sites-username/feed/ HTTP/1.1" 404 10293 "-" "Mozilla/5.0 (compatible; DotBot/1.2; +https://opensiteexplorer.org/dotbot; help@moz.com)"
198.54.114.83 - - [15/Apr/2025:07:46:20 -0400] "POST /wp-cron.php?doing_wp_cron=1744717579.8203999996185302734375 HTTP/1.1" 200 0 "-" "WordPress/6.7.2; https://buymedicineonlineusa.com"
40.87.59.98 - - [15/Apr/2025:08:13:41 -0400] "GET /wp-includes/block-bindings/ HTTP/1.1" 403 1242 "-" "-"
167.71.19.15 - - [15/Apr/2025:08:13:42 -0400] "GET / HTTP/1.1" 200 97601 "-" "Mozilla/5.0 (compatible)"
198.54.114.83 - - [15/Apr/2025:08:13:44 -0400] "POST /wp-cron.php?doing_wp_cron=1744719223.2730469703674316406250 HTTP/1.1" 200 0 "-" "WordPress/6.7.2; https://buymedicineonlineusa.com"
40.87.59.98 - - [15/Apr/2025:08:13:42 -0400] "GET /wp-content/themes/pridmag/ HTTP/1.1" 404 12773 "-" "-"
40.87.59.98 - - [15/Apr/2025:08:13:45 -0400] "GET /wp-setting.php HTTP/1.1" 404 10292 "-" "-"
40.87.59.98 - - [15/Apr/2025:08:13:48 -0400] "GET /wp-content/themes/alera/ HTTP/1.1" 404 12773 "-" "-"
40.87.59.98 - - [15/Apr/2025:08:13:49 -0400] "GET /wp-content/plugins/elementor/assets/images/app/ HTTP/1.1" 404 12789 "-" "-"
198.54.114.83 - - [15/Apr/2025:08:13:54 -0400] "POST /wp-cron.php?doing_wp_cron=1744719233.8465049266815185546875 HTTP/1.1" 200 0 "-" "WordPress/6.7.2; https://buymedicineonlineusa.com"
40.87.59.98 - - [15/Apr/2025:08:13:53 -0400] "GET /wp-comments-pos.php HTTP/1.1" 404 10293 "-" "-"
40.87.59.98 - - [15/Apr/2025:08:13:57 -0400] "GET /wp-content/themes/ripro/inc/admin/ HTTP/1.1" 404 12785 "-" "-"
40.87.59.98 - - [15/Apr/2025:08:13:59 -0400] "GET /wp-includes/l10n/ HTTP/1.1" 403 1242 "-" "-"
40.87.59.98 - - [15/Apr/2025:08:14:00 -0400] "GET /index/b/home/h213348220/fundlead.ru/docs/wp-admin/includes/ HTTP/1.1" 404 12813 "-" "-"
40.87.59.98 - - [15/Apr/2025:08:14:02 -0400] "GET /wp-includes/blocks/archives/ HTTP/1.1" 403 1242 "-" "-"
40.87.59.98 - - [15/Apr/2025:08:14:03 -0400] "GET /wp-includes/sodium_compat/namespaced/ HTTP/1.1" 403 1242 "-" "-"
40.87.59.98 - - [15/Apr/2025:08:14:04 -0400] "GET /wp-includes/blocks/latest-comments/ HTTP/1.1" 403 1242 "-" "-"
40.87.59.98 - - [15/Apr/2025:08:14:05 -0400] "GET /wp-content/plugins/woocommerce/assets/client/blocks/products-by-attribute/ HTTP/1.1" 404 12813 "-" "-"
40.87.59.98 - - [15/Apr/2025:08:14:07 -0400] "GET /wp-content/uploads/2023/03/ HTTP/1.1" 403 1242 "-" "-"
40.87.59.98 - - [15/Apr/2025:08:14:08 -0400] "GET /wp-content/themes/seotheme/ HTTP/1.1" 404 12774 "-" "-"
40.87.59.98 - - [15/Apr/2025:08:14:09 -0400] "GET /Content/UserFiles/News/Orjinal/ HTTP/1.1" 404 12789 "-" "-"
40.87.59.98 - - [15/Apr/2025:08:14:11 -0400] "GET /wp-content/themes/sketch/ HTTP/1.1" 404 12775 "-" "-"
40.87.59.98 - - [15/Apr/2025:08:14:13 -0400] "GET /wp-includes/images/wlw/ HTTP/1.1" 404 12781 "-" "-"
40.87.59.98 - - [15/Apr/2025:08:14:15 -0400] "GET /templates/p/snippets/g8ofh3h3db/raw/ HTTP/1.1" 404 12792 "-" "-"
40.87.59.98 - - [15/Apr/2025:08:14:19 -0400] "GET /wp-content/ HTTP/1.1" 200 0 "-" "-"
40.87.59.98 - - [15/Apr/2025:08:14:20 -0400] "GET /wp-content/plugins/elementor/assets/images/ HTTP/1.1" 404 12785 "-" "-"
40.87.59.98 - - [15/Apr/2025:08:14:23 -0400] "GET /wp-includes/images/ HTTP/1.1" 403 1242 "-" "-"
40.87.59.98 - - [15/Apr/2025:08:14:25 -0400] "GET /wp-link.php/wp-content/plugins/wp-content/uploads/wp_live_chat/ HTTP/1.1" 404 12798 "-" "-"
40.87.59.98 - - [15/Apr/2025:08:14:30 -0400] "GET /wp-cro.php/ HTTP/1.1" 404 10293 "-" "-"
40.87.59.98 - - [15/Apr/2025:08:14:33 -0400] "GET /wp-includes/Requests/abou.php/ HTTP/1.1" 404 12790 "-" "-"
198.54.114.83 - - [15/Apr/2025:08:14:38 -0400] "POST /wp-cron.php?doing_wp_cron=1744719277.0400009155273437500000 HTTP/1.1" 200 0 "-" "WordPress/6.7.2; https://buymedicineonlineusa.com"
40.87.59.98 - - [15/Apr/2025:08:14:36 -0400] "GET /wordpress/wp-includes/js/mediaelement/renderers/ HTTP/1.1" 404 12800 "-" "-"
40.87.59.98 - - [15/Apr/2025:08:14:40 -0400] "GET /wp-content/plugins/oxygen/component-framework/components/classes/gallery/photoswipe/ HTTP/1.1" 404 12817 "-" "-"
40.87.59.98 - - [15/Apr/2025:08:14:42 -0400] "GET /map.php HTTP/1.1" 404 10293 "-" "-"
40.87.59.98 - - [15/Apr/2025:08:14:44 -0400] "GET /wp-includes/block-patterns/ HTTP/1.1" 403 1242 "-" "-"
40.87.59.98 - - [15/Apr/2025:08:14:45 -0400] "GET /wp-content/plugins/elementor-pro/modules/woocommerce/skins/ HTTP/1.1" 404 12798 "-" "-"
40.87.59.98 - - [15/Apr/2025:08:14:49 -0400] "GET /wp-content/plugins/seo-by-rank-math/vendor/woocommerce/ HTTP/1.1" 404 12800 "-" "-"
40.87.59.98 - - [15/Apr/2025:08:14:50 -0400] "GET /wp-admin/css/colors/sunrise/ HTTP/1.1" 403 1242 "-" "-"
40.87.59.98 - - [15/Apr/2025:08:14:51 -0400] "GET /wp-content/plugins/ultimate-addons-for-gutenberg/blocks-config/uagb-controls/ HTTP/1.1" 404 12815 "-" "-"
198.54.114.83 - - [15/Apr/2025:08:14:53 -0400] "POST /wp-cron.php?doing_wp_cron=1744719292.1757719516754150390625 HTTP/1.1" 200 0 "-" "WordPress/6.7.2; https://buymedicineonlineusa.com"
40.87.59.98 - - [15/Apr/2025:08:14:54 -0400] "GET /wp-includes/rest-api/ HTTP/1.1" 403 1242 "-" "-"
40.87.59.98 - - [15/Apr/2025:08:14:55 -0400] "GET /wp-content/themes/twenty/ HTTP/1.1" 404 12774 "-" "-"
40.87.59.98 - - [15/Apr/2025:08:14:58 -0400] "GET /wp-includes/js/tinymce/themes/inlite/ HTTP/1.1" 403 1242 "-" "-"
40.87.59.98 - - [15/Apr/2025:08:14:59 -0400] "GET /wp-includes/blocks/ HTTP/1.1" 200 22 "-" "-"
40.87.59.98 - - [15/Apr/2025:08:15:00 -0400] "GET /wp-content/themes/ HTTP/1.1" 200 0 "-" "-"
40.87.59.98 - - [15/Apr/2025:08:15:01 -0400] "GET /newlms/assets/frontend/ HTTP/1.1" 404 12779 "-" "-"
40.87.59.98 - - [15/Apr/2025:08:15:04 -0400] "GET /wp-includes/theme-compat/ HTTP/1.1" 403 1242 "-" "-"
40.87.59.98 - - [15/Apr/2025:08:15:05 -0400] "GET /wp-content/plugins/shell/ HTTP/1.1" 404 12775 "-" "-"
40.87.59.98 - - [15/Apr/2025:08:15:09 -0400] "GET /wp-content/themes/blocksy/static/sass/frontend/6-layout/entries/ HTTP/1.1" 404 12799 "-" "-"
40.87.59.98 - - [15/Apr/2025:08:15:11 -0400] "GET /wp-admin/images/ HTTP/1.1" 403 1242 "-" "-"
40.87.59.98 - - [15/Apr/2025:08:15:12 -0400] "GET /wp-includes/Requests/abou.php/ HTTP/1.1" 404 12790 "-" "-"
40.87.59.98 - - [15/Apr/2025:08:15:13 -0400] "GET /wp/wp-content/themes/twentytwenty/template-parts/ HTTP/1.1" 404 12792 "-" "-"
40.87.59.98 - - [15/Apr/2025:08:15:16 -0400] "GET /wp-includes/js/dist/ HTTP/1.1" 403 1242 "-" "-"
40.87.59.98 - - [15/Apr/2025:08:15:17 -0400] "GET /wp-includes/ID3/ HTTP/1.1" 403 1242 "-" "-"
40.87.59.98 - - [15/Apr/2025:08:15:18 -0400] "GET /wp-content/plugins/erinyani/ HTTP/1.1" 404 12779 "-" "-"
216.244.66.232 - - [15/Apr/2025:08:15:19 -0400] "GET /robots.txt HTTP/1.1" 200 134 "-" "Mozilla/5.0 (compatible; DotBot/1.2; +https://opensiteexplorer.org/dotbot; help@moz.com)"
40.87.59.98 - - [15/Apr/2025:08:15:20 -0400] "GET /wp-content/plugins/wordpress-seo/vendor_prefixed/symfony/ HTTP/1.1" 403 1242 "-" "-"
40.87.59.98 - - [15/Apr/2025:08:15:22 -0400] "GET /admin/ HTTP/1.1" 302 0 "-" "-"
40.87.59.98 - - [15/Apr/2025:08:15:26 -0400] "GET /.well-known/acme-challenge/action=./ HTTP/1.1" 404 12792 "-" "-"
40.87.59.98 - - [15/Apr/2025:08:15:27 -0400] "GET /wp-includes/images/smilies/ HTTP/1.1" 403 1242 "-" "-"
40.87.59.98 - - [15/Apr/2025:08:15:29 -0400] "GET /vendor/symfony/serializer/Mapping/ HTTP/1.1" 404 12790 "-" "-"
40.87.59.98 - - [15/Apr/2025:08:15:30 -0400] "GET /wp-content/themes/blocksy/ HTTP/1.1" 404 12773 "-" "-"
40.87.59.98 - - [15/Apr/2025:08:15:32 -0400] "GET /wp-includes/sodium_compat/ HTTP/1.1" 403 1242 "-" "-"
40.87.59.98 - - [15/Apr/2025:08:15:33 -0400] "GET /assets/admin/plugins/ckeditor/plugins/scayt/dialogs/dialogs/ HTTP/1.1" 404 12809 "-" "-"
40.87.59.98 - - [15/Apr/2025:08:15:34 -0400] "GET /wp-includes/interactivity-api/ HTTP/1.1" 403 1242 "-" "-"
40.87.59.98 - - [15/Apr/2025:08:15:36 -0400] "GET /wp-admin/network/ HTTP/1.1" 302 0 "-" "-"
40.87.59.98 - - [15/Apr/2025:08:15:40 -0400] "GET /wp-includes/js/tinymce/plugins/image/ HTTP/1.1" 403 1242 "-" "-"
40.87.59.98 - - [15/Apr/2025:08:15:41 -0400] "GET /wp-includes/Requests/Response/ HTTP/1.1" 404 12787 "-" "-"
40.87.59.98 - - [15/Apr/2025:08:15:43 -0400] "GET /wp-includes/SimplePie/ HTTP/1.1" 403 1242 "-" "-"
40.87.59.98 - - [15/Apr/2025:08:15:44 -0400] "GET /files/ HTTP/1.1" 404 10293 "-" "-"
40.87.59.98 - - [15/Apr/2025:08:15:46 -0400] "GET /wp-includes/Text/Diff/Engine/ HTTP/1.1" 403 1242 "-" "-"
216.244.66.232 - - [15/Apr/2025:07:46:19 -0400] "GET /category/boulder-best-escort-sites-2/feed/ HTTP/1.1" 404 10293 "-" "Mozilla/5.0 (compatible; DotBot/1.2; +https://opensiteexplorer.org/dotbot; help@moz.com)"
216.244.66.232 - - [15/Apr/2025:08:00:13 -0400] "GET /the-revolution-of-stake-ator/feed/ HTTP/1.1" 200 432 "-" "Mozilla/5.0 (compatible; DotBot/1.2; +https://opensiteexplorer.org/dotbot; help@moz.com)"
198.54.114.83 - - [15/Apr/2025:08:00:16 -0400] "POST /wp-cron.php?doing_wp_cron=1744718413.6222300529479980468750 HTTP/1.1" 200 0 "-" "WordPress/6.7.2; https://buymedicineonlineusa.com"
40.87.59.98 - - [15/Apr/2025:08:15:47 -0400] "GET /wp-includes/SimplePie/HTTP/ HTTP/1.1" 404 12789 "-" "-"
40.87.59.98 - - [15/Apr/2025:08:15:50 -0400] "GET /wp-content/uploads/2023/ HTTP/1.1" 403 1242 "-" "-"
198.54.114.83 - - [15/Apr/2025:08:15:53 -0400] "POST /wp-cron.php?doing_wp_cron=1744719352.1760599613189697265625 HTTP/1.1" 200 0 "-" "WordPress/6.7.2; https://buymedicineonlineusa.com"
40.87.59.98 - - [15/Apr/2025:08:15:51 -0400] "GET /wp-content/plugins/woocommerce/includes/gateways/ HTTP/1.1" 404 12797 "-" "-"
40.87.59.98 - - [15/Apr/2025:08:15:54 -0400] "GET /wp-admin/ HTTP/1.1" 302 0 "-" "-"
40.87.59.98 - - [15/Apr/2025:08:16:00 -0400] "GET /wp-content/fonts//wp-content/fonts/ HTTP/1.1" 301 0 "-" "-"
40.87.59.98 - - [15/Apr/2025:08:16:01 -0400] "GET /wp-content/fonts/wp-content/fonts/ HTTP/1.1" 404 12775 "-" "-"
40.87.59.98 - - [15/Apr/2025:08:16:05 -0400] "GET /images/icons/rouyg/hppd/ HTTP/1.1" 404 12779 "-" "-"
40.87.59.98 - - [15/Apr/2025:08:16:07 -0400] "GET /wp-includes/blocks/freeform/ HTTP/1.1" 403 1242 "-" "-"
40.87.59.98 - - [15/Apr/2025:08:16:09 -0400] "GET /wp-content/plugins/insert-headers-and-footers/includes/auto-insert/ HTTP/1.1" 404 12808 "-" "-"
40.87.59.98 - - [15/Apr/2025:08:16:11 -0400] "GET /wp-content/upgrade/ HTTP/1.1" 403 1242 "-" "-"
40.87.59.98 - - [15/Apr/2025:08:16:13 -0400] "GET /wp-content/themes/twentytwenty/ HTTP/1.1" 404 12776 "-" "-"
40.87.59.98 - - [15/Apr/2025:08:16:17 -0400] "GET /wp-content/plugins/ HTTP/1.1" 200 0 "-" "-"
40.87.59.98 - - [15/Apr/2025:08:16:18 -0400] "GET /wp-includesmaps/p/snippets/g8ofh3h3db/raw/ HTTP/1.1" 404 12801 "-" "-"
40.87.59.98 - - [15/Apr/2025:08:16:21 -0400] "GET /wp-content/plugins/file-manager-advanced/application/library/codemirror/mode/jsx/ HTTP/1.1" 200 1080 "-" "-"
40.87.59.98 - - [15/Apr/2025:08:16:23 -0400] "GET /templates/ja_purity/ HTTP/1.1" 404 10293 "-" "-"
40.87.59.98 - - [15/Apr/2025:08:16:25 -0400] "GET /wp-admin/css/colors/light/ HTTP/1.1" 403 1242 "-" "-"
40.87.59.98 - - [15/Apr/2025:08:16:27 -0400] "GET /cgi-bin/ HTTP/1.1" 500 111 "-" "-"
40.87.59.98 - - [15/Apr/2025:08:16:28 -0400] "GET /wp-includes/assets/ HTTP/1.1" 403 1242 "-" "-"
40.87.59.98 - - [15/Apr/2025:08:16:30 -0400] "GET /wp-admin/css/colors/ HTTP/1.1" 403 1242 "-" "-"
40.87.59.98 - - [15/Apr/2025:08:16:31 -0400] "GET /wp-content/plugins/generateblocks/src/components/unit-picker/ HTTP/1.1" 404 12799 "-" "-"
40.87.59.98 - - [15/Apr/2025:08:16:33 -0400] "GET /wp-includesmaps/ HTTP/1.1" 404 10293 "-" "-"
198.54.114.83 - - [15/Apr/2025:08:16:36 -0400] "POST /wp-cron.php?doing_wp_cron=1744719395.0953660011291503906250 HTTP/1.1" 200 0 "-" "WordPress/6.7.2; https://buymedicineonlineusa.com"
40.87.59.98 - - [15/Apr/2025:08:16:34 -0400] "GET /wp-include.php HTTP/1.1" 404 10292 "-" "-"
40.87.59.98 - - [15/Apr/2025:08:16:37 -0400] "GET /wp-includes/css/ HTTP/1.1" 403 1242 "-" "-"
40.87.59.98 - - [15/Apr/2025:08:16:38 -0400] "GET /sos/NewTheme/images/VillagesPictures/Dhodial/Dhodial/ HTTP/1.1" 404 12799 "-" "-"
40.87.59.98 - - [15/Apr/2025:08:16:41 -0400] "GET /wp-includes/css/dist/block-library/ HTTP/1.1" 403 1242 "-" "-"
40.87.59.98 - - [15/Apr/2025:08:16:42 -0400] "GET /wp-admin/css/ HTTP/1.1" 403 1242 "-" "-"
40.87.59.98 - - [15/Apr/2025:08:16:44 -0400] "GET /wp-includes/block-supports/ HTTP/1.1" 403 1242 "-" "-"
40.87.59.98 - - [15/Apr/2025:08:16:46 -0400] "GET /wp-includes/certificates/ HTTP/1.1" 403 1242 "-" "-"
40.87.59.98 - - [15/Apr/2025:08:16:47 -0400] "GET /wp-content/plugins/bdthemes-element-pack/modules/review-card/ HTTP/1.1" 404 12804 "-" "-"
40.87.59.98 - - [15/Apr/2025:08:16:51 -0400] "GET /wp-content/plugins/w3-total-cache/lib/Aws/Aws/Api/Parser/ HTTP/1.1" 404 12801 "-" "-"
198.54.114.83 - - [15/Apr/2025:08:16:53 -0400] "POST /wp-cron.php?doing_wp_cron=1744719411.7796800136566162109375 HTTP/1.1" 200 0 "-" "WordPress/6.7.2; https://buymedicineonlineusa.com"
40.87.59.98 - - [15/Apr/2025:08:16:53 -0400] "GET /assets/css/ HTTP/1.1" 404 10293 "-" "-"
40.87.59.98 - - [15/Apr/2025:08:16:56 -0400] "GET /wp-content/themes/twentytwentyfive/styles/sections/ HTTP/1.1" 404 12789 "-" "-"
40.87.59.98 - - [15/Apr/2025:08:16:58 -0400] "GET /wp-includes/js/tinymce/utils/ HTTP/1.1" 403 1242 "-" "-"
40.87.59.98 - - [15/Apr/2025:08:16:59 -0400] "GET /wp-includes/blocks/file/ HTTP/1.1" 403 1242 "-" "-"
40.87.59.98 - - [15/Apr/2025:08:17:00 -0400] "GET /wp-content/themes/astra/inc/modules/ HTTP/1.1" 404 12783 "-" "-"
40.87.59.98 - - [15/Apr/2025:08:17:02 -0400] "GET /wp-mai.php HTTP/1.1" 404 10293 "-" "-"
40.87.59.98 - - [15/Apr/2025:08:17:05 -0400] "GET /wp-taglin.php HTTP/1.1" 404 10292 "-" "-"
40.87.59.98 - - [15/Apr/2025:08:17:07 -0400] "GET /wp-editor.php HTTP/1.1" 404 10293 "-" "-"
40.87.59.98 - - [15/Apr/2025:08:17:08 -0400] "GET /wp-content/themes/twentytwentyfour/ HTTP/1.1" 404 12779 "-" "-"
40.87.59.98 - - [15/Apr/2025:08:17:10 -0400] "GET /wp-includes/js/tinymce/plugins/wpeditimage/wpeditimage/ HTTP/1.1" 404 12800 "-" "-"
40.87.59.98 - - [15/Apr/2025:08:17:12 -0400] "GET /wp-content/plugins/wp-table-builder/inc/core/freemius/assets/img/ HTTP/1.1" 404 12810 "-" "-"
40.87.59.98 - - [15/Apr/2025:08:17:15 -0400] "GET /wp-activat.php HTTP/1.1" 404 10292 "-" "-"
40.87.59.98 - - [15/Apr/2025:08:17:16 -0400] "GET /wp-includes/blocks/embed/ HTTP/1.1" 403 1242 "-" "-"
40.87.59.98 - - [15/Apr/2025:08:17:18 -0400] "GET /wp-content/plugins/revslider/public/assets/js/libs/ HTTP/1.1" 404 12796 "-" "-"
40.87.59.98 - - [15/Apr/2025:08:17:19 -0400] "GET /wp-includes/css/dist/customize-widgets/ HTTP/1.1" 403 1242 "-" "-"
40.87.59.98 - - [15/Apr/2025:08:17:20 -0400] "GET /.well-known/pki-validation/ HTTP/1.1" 404 1251 "-" "-"
40.87.59.98 - - [15/Apr/2025:08:17:21 -0400] "GET /wp-content/plugins/pro-elements/modules/notes/database/query/ HTTP/1.1" 404 12803 "-" "-"
40.87.59.98 - - [15/Apr/2025:08:17:23 -0400] "GET /wp-content/languages/themes//wp-content/languages/themes/ HTTP/1.1" 301 0 "-" "-"
40.87.59.98 - - [15/Apr/2025:08:17:25 -0400] "GET /wp-content/languages/themes/wp-content/languages/themes/ HTTP/1.1" 404 12776 "-" "-"
40.87.59.98 - - [15/Apr/2025:08:17:29 -0400] "GET /wp-content/plugins/elementor/ HTTP/1.1" 404 12777 "-" "-"
40.87.59.98 - - [15/Apr/2025:08:17:31 -0400] "GET /templates/ HTTP/1.1" 404 10293 "-" "-"
40.87.59.98 - - [15/Apr/2025:08:17:34 -0400] "GET /wp-content/plugins/js_composer/include/params/options/ HTTP/1.1" 404 12798 "-" "-"
40.87.59.98 - - [15/Apr/2025:08:17:36 -0400] "GET /wp-content/plugins/woocommerce/packages/ HTTP/1.1" 404 12787 "-" "-"
40.87.59.98 - - [15/Apr/2025:08:17:38 -0400] "GET /backup/wp-content/themes/ HTTP/1.1" 404 12774 "-" "-"
40.87.59.98 - - [15/Apr/2025:08:17:41 -0400] "GET /images/headers/ HTTP/1.1" 404 10293 "-" "-"
40.87.59.98 - - [15/Apr/2025:08:17:44 -0400] "GET /wp-content/themes/twentytwentythree/parts/ HTTP/1.1" 404 12785 "-" "-"
40.87.59.98 - - [15/Apr/2025:08:17:47 -0400] "GET /wp-content/uploads/ HTTP/1.1" 403 1242 "-" "-"
40.87.59.98 - - [15/Apr/2025:08:17:48 -0400] "GET /wp-includes/css/dist/block-library/action/ HTTP/1.1" 404 12794 "-" "-"
198.54.114.83 - - [15/Apr/2025:08:17:55 -0400] "POST /wp-cron.php?doing_wp_cron=1744719473.9325809478759765625000 HTTP/1.1" 200 0 "-" "WordPress/6.7.2; https://buymedicineonlineusa.com"
40.87.59.98 - - [15/Apr/2025:08:17:53 -0400] "GET /wp-includes/SimplePie/Content/ HTTP/1.1" 404 12789 "-" "-"
40.87.59.98 - - [15/Apr/2025:08:17:58 -0400] "GET /wp-includes/js/imgareaselect/ HTTP/1.1" 403 1242 "-" "-"
40.87.59.98 - - [15/Apr/2025:08:18:00 -0400] "GET /wp-content/plugins/not/includes/ HTTP/1.1" 404 12785 "-" "-"
40.87.59.98 - - [15/Apr/2025:08:18:03 -0400] "GET /wp-admin/plugins/ HTTP/1.1" 404 10293 "-" "-"
40.87.59.98 - - [15/Apr/2025:08:18:05 -0400] "GET /about/ HTTP/1.1" 301 0 "-" "-"
40.87.59.98 - - [15/Apr/2025:08:18:10 -0400] "GET /wp-includes/js/tinymce/plugins/hr/ HTTP/1.1" 403 1242 "-" "-"
40.87.59.98 - - [15/Apr/2025:08:18:12 -0400] "GET /wordpress/wp-includes/sodium_compat/src/Core32/ HTTP/1.1" 404 12806 "-" "-"
40.87.59.98 - - [15/Apr/2025:08:18:16 -0400] "GET /wp-content/td/ HTTP/1.1" 404 10293 "-" "-"
40.87.59.98 - - [15/Apr/2025:08:18:19 -0400] "GET /about/b/home/iune/www/about/ HTTP/1.1" 404 12782 "-" "-"
40.87.59.98 - - [15/Apr/2025:08:18:21 -0400] "GET /wp-includes/js/tinymce/skins/lightgray/ HTTP/1.1" 403 1242 "-" "-"
40.87.59.98 - - [15/Apr/2025:08:18:22 -0400] "GET /wp-content/plugins/revslider/admin/assets/images/navigationeditor/ HTTP/1.1" 404 12807 "-" "-"
40.87.59.98 - - [15/Apr/2025:08:18:24 -0400] "GET /classwithtostrin.php/rbzccnn.php/ HTTP/1.1" 404 10293 "-" "-"
40.87.59.98 - - [15/Apr/2025:08:18:27 -0400] "GET /wp-content/upgrade-temp-backup/ HTTP/1.1" 404 10293 "-" "-"
40.87.59.98 - - [15/Apr/2025:08:18:30 -0400] "GET /wp-content/plugins/wpforms-lite/templates/admin/empty-states/payments/ HTTP/1.1" 404 12812 "-" "-"
40.87.59.98 - - [15/Apr/2025:08:18:33 -0400] "GET /wp-includes/js/tinymce/plugins/ HTTP/1.1" 403 1242 "-" "-"
40.87.59.98 - - [15/Apr/2025:08:18:35 -0400] "GET /wp-includes/ HTTP/1.1" 403 1242 "-" "-"
40.87.59.98 - - [15/Apr/2025:08:18:36 -0400] "GET /wp-includes/blocks/comment-template/ HTTP/1.1" 403 1242 "-" "-"
40.87.59.98 - - [15/Apr/2025:08:18:38 -0400] "GET /wp-includes/css/dist/ HTTP/1.1" 403 1242 "-" "-"
40.87.59.98 - - [15/Apr/2025:08:18:40 -0400] "GET /wp-content/themes/twentytwentytwo/styles/ HTTP/1.1" 404 12780 "-" "-"
198.54.114.83 - - [15/Apr/2025:08:18:43 -0400] "POST /wp-cron.php?doing_wp_cron=1744719520.9601700305938720703125 HTTP/1.1" 200 0 "-" "WordPress/6.7.2; https://buymedicineonlineusa.com"
40.87.59.98 - - [15/Apr/2025:08:18:43 -0400] "GET /wp-content/plugins/ioxi/ioxi/ HTTP/1.1" 404 12777 "-" "-"
40.87.59.98 - - [15/Apr/2025:08:18:46 -0400] "GET /wp-includes/images/media/ HTTP/1.1" 403 1242 "-" "-"
40.87.59.98 - - [15/Apr/2025:08:18:48 -0400] "GET /wp-content/themes/listdo/inc/ HTTP/1.1" 404 12776 "-" "-"
40.87.59.98 - - [15/Apr/2025:08:18:50 -0400] "GET /.well-known/acme-challenge/ HTTP/1.1" 404 10293 "-" "-"
40.87.59.98 - - [15/Apr/2025:08:18:53 -0400] "GET /wp-includes/rest-api/endpoints/ HTTP/1.1" 403 1242 "-" "-"
40.87.59.98 - - [15/Apr/2025:08:18:55 -0400] "GET /wp-includes/Requests/library/ HTTP/1.1" 403 1242 "-" "-"
40.87.59.98 - - [15/Apr/2025:08:18:57 -0400] "GET /http:/gracecommunications.church/ HTTP/1.1" 404 10293 "-" "-"
40.87.59.98 - - [15/Apr/2025:08:19:00 -0400] "GET /wp-includes/IXR/ HTTP/1.1" 403 1242 "-" "-"
40.87.59.98 - - [15/Apr/2025:08:19:01 -0400] "GET /wp-includes/style-engine/ HTTP/1.1" 403 1242 "-" "-"
40.87.59.98 - - [15/Apr/2025:08:19:03 -0400] "GET /wp-content/plugins/wp-rocket/inc/admin/ui/ HTTP/1.1" 404 12793 "-" "-"
40.87.59.98 - - [15/Apr/2025:08:19:05 -0400] "GET /wp-admin/css/colors/blue/ HTTP/1.1" 403 1242 "-" "-"
40.87.59.98 - - [15/Apr/2025:08:19:07 -0400] "GET /wp-includes/blocks/calendar/ HTTP/1.1" 403 1242 "-" "-"
40.87.59.98 - - [15/Apr/2025:08:19:08 -0400] "GET /wp-includes/ID3/ HTTP/1.1" 403 1242 "-" "-"
40.87.59.98 - - [15/Apr/2025:08:19:08 -0400] "GET /wp-includes/js/tinymce/ HTTP/1.1" 403 1242 "-" "-"
40.87.59.98 - - [15/Apr/2025:08:19:09 -0400] "GET /wp-admin/user/ HTTP/1.1" 302 0 "-" "-"
40.87.59.98 - - [15/Apr/2025:08:19:13 -0400] "GET /wp-content/x/ HTTP/1.1" 404 10293 "-" "-"
40.87.59.98 - - [15/Apr/2025:08:19:15 -0400] "GET /wp-includes/blocks/block/ HTTP/1.1" 403 1242 "-" "-"
40.87.59.98 - - [15/Apr/2025:08:19:15 -0400] "GET /wp-admin/js/ HTTP/1.1" 403 1242 "-" "-"
40.87.59.98 - - [15/Apr/2025:08:19:15 -0400] "GET /wp-admin/sr/ HTTP/1.1" 404 10292 "-" "-"
40.87.59.98 - - [15/Apr/2025:08:19:17 -0400] "GET /wp-includes/Text/Diff/Engine/require/ HTTP/1.1" 404 12793 "-" "-"
40.87.59.98 - - [15/Apr/2025:08:19:18 -0400] "GET /.well-known/pki-validation/wp-admin/ HTTP/1.1" 404 1251 "-" "-"
40.87.59.98 - - [15/Apr/2025:08:19:19 -0400] "GET /index/sr HTTP/1.1" 404 10292 "-" "-"
40.87.59.98 - - [15/Apr/2025:08:19:20 -0400] "GET /wp-content/updraft/ HTTP/1.1" 404 10293 "-" "-"
40.87.59.98 - - [15/Apr/2025:08:19:21 -0400] "GET /wp-content/plugins/Duplicatepost/src/ui/ HTTP/1.1" 404 12791 "-" "-"
40.87.59.98 - - [15/Apr/2025:08:19:23 -0400] "GET /wp-includes/css/dist/list-reusable-blocks/ HTTP/1.1" 403 1242 "-" "-"
40.87.59.98 - - [15/Apr/2025:08:19:24 -0400] "GET /wp-content/uploads//wp-content/uploads/ HTTP/1.1" 301 0 "-" "-"
40.87.59.98 - - [15/Apr/2025:08:19:25 -0400] "GET /wp-content/uploads/wp-content/uploads/ HTTP/1.1" 404 12777 "-" "-"
40.87.59.98 - - [15/Apr/2025:08:19:27 -0400] "GET /wp-includes/Text/Diff/Engine/Engine/ HTTP/1.1" 404 12790 "-" "-"
40.87.59.98 - - [15/Apr/2025:08:19:29 -0400] "GET /wp-content/plugins/smartmag-core/ HTTP/1.1" 404 12782 "-" "-"
40.87.59.98 - - [15/Apr/2025:08:19:31 -0400] "GET /wp-admin/css/colors/ectoplasm/ HTTP/1.1" 403 1242 "-" "-"
40.87.59.98 - - [15/Apr/2025:08:19:31 -0400] "GET /wp-includes/customize/ HTTP/1.1" 403 1242 "-" "-"
40.87.59.98 - - [15/Apr/2025:08:19:33 -0400] "GET /wp-content/plugins/jetpack/_inc/build/shortcodes/js/ HTTP/1.1" 404 12801 "-" "-"
40.87.59.98 - - [15/Apr/2025:08:19:34 -0400] "GET /wp-includes/Text/Diff/ HTTP/1.1" 403 1242 "-" "-"
40.87.59.98 - - [15/Apr/2025:08:19:35 -0400] "GET /wp-content/uploads/2022/07/ HTTP/1.1" 404 12782 "-" "-"
40.87.59.98 - - [15/Apr/2025:08:19:36 -0400] "GET /wp-admin/includes/ HTTP/1.1" 403 1242 "-" "-"
40.87.59.98 - - [15/Apr/2025:08:19:37 -0400] "GET /wp-includes/css/dist/components/ HTTP/1.1" 403 1242 "-" "-"
40.87.59.98 - - [15/Apr/2025:08:19:39 -0400] "GET /wp-includes/js/tinymce/plugins/wpview/wp/ HTTP/1.1" 404 12798 "-" "-"
198.54.114.83 - - [15/Apr/2025:08:19:42 -0400] "POST /wp-cron.php?doing_wp_cron=1744719581.4626610279083251953125 HTTP/1.1" 200 0 "-" "WordPress/6.7.2; https://buymedicineonlineusa.com"
40.87.59.98 - - [15/Apr/2025:08:19:41 -0400] "GET /assets/ HTTP/1.1" 404 10293 "-" "-"
40.87.59.98 - - [15/Apr/2025:08:19:44 -0400] "GET /wp-content/fonts/ HTTP/1.1" 404 10293 "-" "-"
40.87.59.98 - - [15/Apr/2025:08:19:47 -0400] "GET /wp-includes/js/tinymce/skins/ HTTP/1.1" 403 1242 "-" "-"
40.87.59.98 - - [15/Apr/2025:08:19:51 -0400] "GET /wp-content/languages/ HTTP/1.1" 404 10293 "-" "-"
198.54.114.83 - - [15/Apr/2025:08:19:53 -0400] "POST /wp-cron.php?doing_wp_cron=1744719591.3165719509124755859375 HTTP/1.1" 200 0 "-" "WordPress/6.7.2; https://buymedicineonlineusa.com"
40.87.59.98 - - [15/Apr/2025:08:19:55 -0400] "GET /wp-includes/blocks/group/ HTTP/1.1" 403 1242 "-" "-"
40.87.59.98 - - [15/Apr/2025:08:19:56 -0400] "GET /wp-includes/Requests/Proxy/ HTTP/1.1" 404 12788 "-" "-"
40.87.59.98 - - [15/Apr/2025:08:20:00 -0400] "GET /wp-includes/SimplePie/Cache/ HTTP/1.1" 404 12788 "-" "-"
40.87.59.98 - - [15/Apr/2025:08:20:04 -0400] "GET /sec/core/tests/Drupal/FunctionalTests/Hal/ HTTP/1.1" 404 12793 "-" "-"
40.87.59.98 - - [15/Apr/2025:08:20:07 -0400] "GET /.well-known/ HTTP/1.1" 404 10293 "-" "-"
40.87.59.98 - - [15/Apr/2025:08:20:11 -0400] "GET /wp-admin/js/widgets/ HTTP/1.1" 403 1242 "-" "-"
40.87.59.98 - - [15/Apr/2025:08:20:13 -0400] "GET /wp-content/plugins/jet-engine/includes/components/glossaries/assets/css/admin/ HTTP/1.1" 404 12820 "-" "-"
40.87.59.98 - - [15/Apr/2025:08:20:17 -0400] "GET /wp-content/plugins/all-in-one-seo-pack/vendor_prefixed/psr/log/Psr/ HTTP/1.1" 404 12816 "-" "-"
40.87.59.98 - - [15/Apr/2025:08:20:20 -0400] "GET /wp-includes/Text/ HTTP/1.1" 403 1242 "-" "-"
40.87.59.98 - - [15/Apr/2025:08:20:21 -0400] "GET /wp-admin/maint/ HTTP/1.1" 403 1242 "-" "-"
40.87.59.98 - - [15/Apr/2025:08:20:22 -0400] "GET /wp-content/plugins/elementor/core/admin/ui/components/ HTTP/1.1" 404 12791 "-" "-"
40.87.59.98 - - [15/Apr/2025:08:20:25 -0400] "GET /wp-content/uploads/2023/05/ HTTP/1.1" 403 1242 "-" "-"
40.87.59.98 - - [15/Apr/2025:08:20:27 -0400] "GET /wp-content/languages/themes/ HTTP/1.1" 404 12773 "-" "-"
40.87.59.98 - - [15/Apr/2025:08:20:29 -0400] "GET /.well-known HTTP/1.1" 404 10293 "-" "-"
40.87.59.98 - - [15/Apr/2025:08:20:31 -0400] "GET /.well-known/autoload_classmap.php HTTP/1.1" 404 10293 "-" "-"
40.87.59.98 - - [15/Apr/2025:08:20:35 -0400] "GET /.well-known/config HTTP/1.1" 404 10293 "-" "-"
40.87.59.98 - - [15/Apr/2025:08:20:36 -0400] "GET /.well-known/pki-validation/file.php HTTP/1.1" 404 1251 "-" "-"
40.87.59.98 - - [15/Apr/2025:08:20:36 -0400] "GET /.well-known/pki-validation/top.php HTTP/1.1" 404 1251 "-" "-"
40.87.59.98 - - [15/Apr/2025:08:20:37 -0400] "GET /12.php HTTP/1.1" 404 10293 "-" "-"
40.87.59.98 - - [15/Apr/2025:08:20:39 -0400] "GET /NewFile.php HTTP/1.1" 404 10293 "-" "-"
40.87.59.98 - - [15/Apr/2025:08:20:40 -0400] "GET /Public/ HTTP/1.1" 404 10293 "-" "-"
40.87.59.98 - - [15/Apr/2025:08:20:42 -0400] "GET /a.php HTTP/1.1" 404 10293 "-" "-"
40.87.59.98 - - [15/Apr/2025:08:20:45 -0400] "GET /about/function.php HTTP/1.1" 404 10292 "-" "-"
40.87.59.98 - - [15/Apr/2025:08:20:47 -0400] "GET /admin.php HTTP/1.1" 404 10293 "-" "-"
40.87.59.98 - - [15/Apr/2025:08:20:49 -0400] "GET /admin/editor/ HTTP/1.1" 404 10293 "-" "-"
40.87.59.98 - - [15/Apr/2025:08:20:50 -0400] "GET /api.php HTTP/1.1" 404 10293 "-" "-"
198.54.114.83 - - [15/Apr/2025:08:20:53 -0400] "POST /wp-cron.php?doing_wp_cron=1744719652.1897780895233154296875 HTTP/1.1" 200 0 "-" "WordPress/6.7.2; https://buymedicineonlineusa.com"
40.87.59.98 - - [15/Apr/2025:08:20:52 -0400] "GET /app/wp-content/plugins/fix/ HTTP/1.1" 404 12779 "-" "-"
