52.169.80.32 - - [14/Apr/2025:18:10:41 -0400] "GET /admin.php?attempt=1 HTTP/1.1" 404 10296 "-" "-"
52.169.80.32 - - [14/Apr/2025:18:10:43 -0400] "GET /wp-content/themes/pridmag/db.php?u HTTP/1.1" 404 12781 "-" "-"
52.169.80.32 - - [14/Apr/2025:18:10:44 -0400] "GET /as.php HTTP/1.1" 404 10296 "-" "-"
52.169.80.32 - - [14/Apr/2025:18:10:44 -0400] "GET /nav-menus.php HTTP/1.1" 404 10296 "-" "-"
52.169.80.32 - - [14/Apr/2025:18:10:46 -0400] "GET /doc.php HTTP/1.1" 404 10295 "-" "-"
52.169.80.32 - - [14/Apr/2025:18:10:46 -0400] "GET /wp-trackback.php HTTP/1.1" 404 130 "-" "-"
52.169.80.32 - - [14/Apr/2025:18:10:46 -0400] "GET /wp-load.php HTTP/1.1" 200 0 "-" "-"
52.169.80.32 - - [14/Apr/2025:18:10:47 -0400] "GET /.well-known/pki-validation/wp-login.php HTTP/1.1" 404 1251 "-" "-"
52.169.80.32 - - [14/Apr/2025:18:10:47 -0400] "GET /wp-includes/index.php HTTP/1.1" 301 0 "-" "-"
52.169.80.32 - - [14/Apr/2025:18:10:48 -0400] "GET /wp-includes/ HTTP/1.1" 403 1242 "-" "-"
52.169.80.32 - - [14/Apr/2025:18:10:48 -0400] "GET /cache.php HTTP/1.1" 404 10296 "-" "-"
52.169.80.32 - - [14/Apr/2025:18:10:50 -0400] "GET /cgi-bin/cgi-bin/about.php HTTP/1.1" 404 12778 "-" "-"
52.169.80.32 - - [14/Apr/2025:18:10:51 -0400] "GET /uploads/autoload_classmap.php HTTP/1.1" 404 10296 "-" "-"
52.169.80.32 - - [14/Apr/2025:18:10:52 -0400] "GET /wp-admin/images/dropdown.php HTTP/1.1" 404 12779 "-" "-"
52.169.80.32 - - [14/Apr/2025:18:10:53 -0400] "GET /wp-admin/includes/about.php HTTP/1.1" 404 12786 "-" "-"
52.169.80.32 - - [14/Apr/2025:18:10:53 -0400] "GET /shell.php HTTP/1.1" 404 10296 "-" "-"
52.169.80.32 - - [14/Apr/2025:18:10:54 -0400] "GET /0x.php HTTP/1.1" 404 10296 "-" "-"
52.169.80.32 - - [14/Apr/2025:18:10:55 -0400] "GET /wp.php?p= HTTP/1.1" 301 0 "-" "-"
52.169.80.32 - - [14/Apr/2025:18:10:56 -0400] "GET /wp.php HTTP/1.1" 404 10296 "-" "-"
52.169.80.32 - - [14/Apr/2025:18:10:56 -0400] "GET /docs/cc.php HTTP/1.1" 404 10296 "-" "-"
52.169.80.32 - - [14/Apr/2025:18:10:57 -0400] "GET /cgi-bin/xmrlpc.php?p= HTTP/1.1" 301 0 "-" "-"
52.169.80.32 - - [14/Apr/2025:18:10:58 -0400] "GET /cgi-bin/xmrlpc.php HTTP/1.1" 404 10296 "-" "-"
52.169.80.32 - - [14/Apr/2025:18:10:58 -0400] "GET /wp-content/languages/index.php HTTP/1.1" 301 0 "-" "-"
52.169.80.32 - - [14/Apr/2025:18:10:59 -0400] "GET /wp-content/languages/ HTTP/1.1" 404 10296 "-" "-"
52.169.80.32 - - [14/Apr/2025:18:10:59 -0400] "GET /database.php HTTP/1.1" 404 10296 "-" "-"
52.169.80.32 - - [14/Apr/2025:18:11:00 -0400] "GET /goat1.php HTTP/1.1" 404 10296 "-" "-"
52.169.80.32 - - [14/Apr/2025:18:11:02 -0400] "GET /autoload_classmap.php HTTP/1.1" 404 10296 "-" "-"
52.169.80.32 - - [14/Apr/2025:18:11:03 -0400] "GET /makeasmtp.php HTTP/1.1" 404 10296 "-" "-"
52.169.80.32 - - [14/Apr/2025:18:11:03 -0400] "GET /.well-known/pki-validation/afnew.php HTTP/1.1" 404 1251 "-" "-"
52.169.80.32 - - [14/Apr/2025:18:11:03 -0400] "GET /wp-includes/widgets/about.php HTTP/1.1" 404 12786 "-" "-"
52.169.80.32 - - [14/Apr/2025:18:11:04 -0400] "GET /wp-includes/rest-api/alfa-rex.php7 HTTP/1.1" 404 12794 "-" "-"
52.169.80.32 - - [14/Apr/2025:18:11:05 -0400] "GET /wp-includes/images/about.php HTTP/1.1" 404 12785 "-" "-"
52.169.80.32 - - [14/Apr/2025:18:11:05 -0400] "GET /db.php HTTP/1.1" 404 10296 "-" "-"
52.169.80.32 - - [14/Apr/2025:18:11:05 -0400] "GET /index_.php HTTP/1.1" 404 10296 "-" "-"
52.169.80.32 - - [14/Apr/2025:18:11:06 -0400] "GET /wp-admin/css/wp-login.php HTTP/1.1" 404 12786 "-" "-"
52.169.80.32 - - [14/Apr/2025:18:11:07 -0400] "GET /wp-content/index.php HTTP/1.1" 200 0 "-" "-"
52.169.80.32 - - [14/Apr/2025:18:11:07 -0400] "GET /js/atomlib.php HTTP/1.1" 404 10296 "-" "-"
52.169.80.32 - - [14/Apr/2025:18:11:08 -0400] "GET /post.php HTTP/1.1" 404 10296 "-" "-"
52.169.80.32 - - [14/Apr/2025:18:11:09 -0400] "GET /.well-known/about.php HTTP/1.1" 404 10296 "-" "-"
52.169.80.32 - - [14/Apr/2025:18:11:10 -0400] "GET /engine.php HTTP/1.1" 404 10295 "-" "-"
52.169.80.32 - - [14/Apr/2025:18:11:11 -0400] "GET /alfanew.php HTTP/1.1" 404 10296 "-" "-"
52.169.80.32 - - [14/Apr/2025:18:11:12 -0400] "GET /wp-admin/404.php HTTP/1.1" 404 10296 "-" "-"
52.169.80.32 - - [14/Apr/2025:18:11:13 -0400] "GET /class.php HTTP/1.1" 404 10295 "-" "-"
52.169.80.32 - - [14/Apr/2025:18:11:14 -0400] "GET /wp-admin/about.php HTTP/1.1" 302 0 "-" "-"
52.169.80.32 - - [14/Apr/2025:18:11:17 -0400] "GET /.well-known/acme-challenge/wso112233.php HTTP/1.1" 404 12794 "-" "-"
52.169.80.32 - - [14/Apr/2025:18:11:18 -0400] "GET /adminer.php HTTP/1.1" 404 10296 "-" "-"
52.169.80.32 - - [14/Apr/2025:18:11:19 -0400] "GET /wp-content/plugins/pwnd/pwnd.php HTTP/1.1" 404 12781 "-" "-"
52.169.80.32 - - [14/Apr/2025:18:11:20 -0400] "GET /system.php HTTP/1.1" 404 10294 "-" "-"
52.169.80.32 - - [14/Apr/2025:18:11:20 -0400] "GET /m.php HTTP/1.1" 404 10296 "-" "-"
52.169.80.32 - - [14/Apr/2025:18:11:21 -0400] "GET /.well-known/radio.php HTTP/1.1" 404 10296 "-" "-"
52.169.80.32 - - [14/Apr/2025:18:11:22 -0400] "GET /wp-includes/SimplePie/wp-login.php HTTP/1.1" 404 12793 "-" "-"
52.169.80.32 - - [14/Apr/2025:18:11:23 -0400] "GET /wp-admin/css/colors/index.php HTTP/1.1" 301 0 "-" "-"
52.169.80.32 - - [14/Apr/2025:18:11:23 -0400] "GET /wp-admin/css/colors/ HTTP/1.1" 403 1242 "-" "-"
52.169.80.32 - - [14/Apr/2025:18:11:23 -0400] "GET /.well-known/acme-challenge/radio.php HTTP/1.1" 404 12790 "-" "-"
52.169.80.32 - - [14/Apr/2025:18:11:25 -0400] "GET /xp.php HTTP/1.1" 404 10296 "-" "-"
52.169.80.32 - - [14/Apr/2025:18:11:26 -0400] "GET /wp-includes/style-engine/about.php HTTP/1.1" 404 12789 "-" "-"
52.169.80.32 - - [14/Apr/2025:18:11:27 -0400] "GET /ccx/index.php HTTP/1.1" 301 0 "-" "-"
52.169.80.32 - - [14/Apr/2025:18:11:27 -0400] "GET /ccx/ HTTP/1.1" 404 10296 "-" "-"
52.169.80.32 - - [14/Apr/2025:18:11:28 -0400] "GET /wp-content/themes/pridmag/db.php HTTP/1.1" 404 12779 "-" "-"
52.169.80.32 - - [14/Apr/2025:18:11:29 -0400] "GET /.well-known/pki-validation/index.php HTTP/1.1" 404 1251 "-" "-"
52.169.80.32 - - [14/Apr/2025:18:11:29 -0400] "GET /uploads/upload.php HTTP/1.1" 404 10296 "-" "-"
52.169.80.32 - - [14/Apr/2025:18:11:30 -0400] "GET /vv.php HTTP/1.1" 404 10296 "-" "-"
52.169.80.32 - - [14/Apr/2025:18:11:31 -0400] "GET /upfile.php HTTP/1.1" 404 10296 "-" "-"
52.169.80.32 - - [14/Apr/2025:18:11:32 -0400] "GET /wp-configs.php HTTP/1.1" 404 10295 "-" "-"
52.169.80.32 - - [14/Apr/2025:18:11:33 -0400] "GET /content.php HTTP/1.1" 404 10296 "-" "-"
52.169.80.32 - - [14/Apr/2025:18:11:33 -0400] "GET /randkeyword.php HTTP/1.1" 404 10296 "-" "-"
52.169.80.32 - - [14/Apr/2025:18:11:34 -0400] "GET /upload/duck.php HTTP/1.1" 404 10296 "-" "-"
52.169.80.32 - - [14/Apr/2025:18:11:35 -0400] "GET /wp-content/plugins/seoo/wsoyanz.php HTTP/1.1" 404 12786 "-" "-"
52.169.80.32 - - [14/Apr/2025:18:11:36 -0400] "GET /wp-content/themes/index.php HTTP/1.1" 200 0 "-" "-"
52.169.80.32 - - [14/Apr/2025:18:11:37 -0400] "GET /wp-activate.php HTTP/1.1" 302 0 "-" "-"
52.169.80.32 - - [14/Apr/2025:18:11:39 -0400] "GET /.well-known/acme-challenge/shimo.php HTTP/1.1" 404 12791 "-" "-"
52.169.80.32 - - [14/Apr/2025:18:11:41 -0400] "GET /.well-known/fierzashell.php HTTP/1.1" 404 10296 "-" "-"
52.169.80.32 - - [14/Apr/2025:18:11:42 -0400] "GET /wp-content/about.php HTTP/1.1" 404 10296 "-" "-"
52.169.80.32 - - [14/Apr/2025:18:11:42 -0400] "GET /tiny.php HTTP/1.1" 404 10296 "-" "-"
52.169.80.32 - - [14/Apr/2025:18:11:42 -0400] "GET /wp-admin/css/colors/blue/admin.php HTTP/1.1" 404 12789 "-" "-"
52.169.80.32 - - [14/Apr/2025:18:11:43 -0400] "GET /ty.php HTTP/1.1" 404 10296 "-" "-"
52.169.80.32 - - [14/Apr/2025:18:11:43 -0400] "GET /class-bulk-skin.php HTTP/1.1" 404 10296 "-" "-"
52.169.80.32 - - [14/Apr/2025:18:11:44 -0400] "GET /item.php HTTP/1.1" 404 10295 "-" "-"
52.169.80.32 - - [14/Apr/2025:18:11:45 -0400] "GET /tinyfilemanager.php HTTP/1.1" 404 10296 "-" "-"
52.169.80.32 - - [14/Apr/2025:18:11:46 -0400] "GET /.well-known/file.php HTTP/1.1" 404 10296 "-" "-"
52.169.80.32 - - [14/Apr/2025:18:11:47 -0400] "GET /dirs.php HTTP/1.1" 404 10296 "-" "-"
52.169.80.32 - - [14/Apr/2025:18:11:48 -0400] "GET /themes.php HTTP/1.1" 404 10296 "-" "-"
52.169.80.32 - - [14/Apr/2025:18:11:48 -0400] "GET /wp-admin/autoload_classmap.php HTTP/1.1" 404 10296 "-" "-"
52.169.80.32 - - [14/Apr/2025:18:11:48 -0400] "GET /wp-admin/network/index.php HTTP/1.1" 302 0 "-" "-"
52.169.80.32 - - [14/Apr/2025:18:11:50 -0400] "GET /cong.php HTTP/1.1" 404 10296 "-" "-"
52.169.80.32 - - [14/Apr/2025:18:11:50 -0400] "GET /wp-config-sample.php HTTP/1.1" 500 1083 "-" "-"
52.169.80.32 - - [14/Apr/2025:18:11:51 -0400] "GET /home.php?xsec=team HTTP/1.1" 404 10296 "-" "-"
52.169.80.32 - - [14/Apr/2025:18:11:51 -0400] "GET /wp-admin/user/index.php HTTP/1.1" 302 0 "-" "-"
52.169.80.32 - - [14/Apr/2025:18:11:54 -0400] "GET /alfanew2.php7 HTTP/1.1" 404 10296 "-" "-"
52.169.80.32 - - [14/Apr/2025:18:11:55 -0400] "GET /wp-content/plugins/seoo/alfa-ioxi.php HTTP/1.1" 404 12787 "-" "-"
52.169.80.32 - - [14/Apr/2025:18:11:56 -0400] "GET /404.php HTTP/1.1" 404 10296 "-" "-"
52.169.80.32 - - [14/Apr/2025:18:11:58 -0400] "GET /.well-known/admin.php HTTP/1.1" 404 10296 "-" "-"
52.169.80.32 - - [14/Apr/2025:18:11:58 -0400] "GET /max.php HTTP/1.1" 404 10296 "-" "-"
52.169.80.32 - - [14/Apr/2025:18:12:00 -0400] "GET /wp-atom.php HTTP/1.1" 301 0 "-" "-"
52.169.80.32 - - [14/Apr/2025:18:12:01 -0400] "GET /wp.php HTTP/1.1" 404 10296 "-" "-"
52.169.80.32 - - [14/Apr/2025:18:12:01 -0400] "GET /tinyfilemanager/tinyfilemanager.php HTTP/1.1" 404 10296 "-" "-"
52.169.80.32 - - [14/Apr/2025:18:12:03 -0400] "GET /edit-tags.php HTTP/1.1" 404 10296 "-" "-"
52.169.80.32 - - [14/Apr/2025:18:12:03 -0400] "GET /wp-includes/customize/about.php HTTP/1.1" 404 12786 "-" "-"
52.169.80.32 - - [14/Apr/2025:18:12:04 -0400] "GET /wp-admin/index.php HTTP/1.1" 302 0 "-" "-"
52.169.80.32 - - [14/Apr/2025:18:12:07 -0400] "GET /wp-logout.php HTTP/1.1" 404 10296 "-" "-"
52.169.80.32 - - [14/Apr/2025:18:12:08 -0400] "GET /wp-includes/SimplePie/index.php HTTP/1.1" 301 0 "-" "-"
52.169.80.32 - - [14/Apr/2025:18:12:09 -0400] "GET /wp-includes/SimplePie/ HTTP/1.1" 403 1242 "-" "-"
52.169.80.32 - - [14/Apr/2025:18:12:09 -0400] "GET /media.php HTTP/1.1" 404 10296 "-" "-"
52.169.80.32 - - [14/Apr/2025:18:12:10 -0400] "GET /wp-includes/bak.php HTTP/1.1" 404 10295 "-" "-"
52.169.80.32 - - [14/Apr/2025:18:12:11 -0400] "GET /wp-signup.php?FoX=sQFLZ HTTP/1.1" 302 0 "-" "-"
52.169.80.32 - - [14/Apr/2025:18:12:14 -0400] "GET /wp-content/plugins/seoplugins/mar.php HTTP/1.1" 404 12783 "-" "-"
52.169.80.32 - - [14/Apr/2025:18:12:15 -0400] "GET /wp-content/item.php HTTP/1.1" 404 10294 "-" "-"
52.169.80.32 - - [14/Apr/2025:18:12:16 -0400] "GET /about/function.php HTTP/1.1" 404 10295 "-" "-"
52.169.80.32 - - [14/Apr/2025:18:12:16 -0400] "GET /link.php HTTP/1.1" 404 10296 "-" "-"
52.169.80.32 - - [14/Apr/2025:18:12:17 -0400] "GET /.well-known/pki-validation/parx.php HTTP/1.1" 404 1251 "-" "-"
52.169.80.32 - - [14/Apr/2025:18:12:18 -0400] "GET /.well-known/pki-validation/xmrlpc.php?p= HTTP/1.1" 404 1251 "-" "-"
52.169.80.32 - - [14/Apr/2025:18:12:18 -0400] "GET /app.php HTTP/1.1" 404 10295 "-" "-"
52.169.80.32 - - [14/Apr/2025:18:12:19 -0400] "GET /login.php HTTP/1.1" 302 0 "-" "-"
52.169.80.32 - - [14/Apr/2025:18:12:20 -0400] "GET /randkeyword.PhP8 HTTP/1.1" 404 10296 "-" "-"
52.169.80.32 - - [14/Apr/2025:18:12:22 -0400] "GET /wp-content/uploads/2023/05/404.php HTTP/1.1" 404 12788 "-" "-"
52.169.80.32 - - [14/Apr/2025:18:12:23 -0400] "GET /css.php HTTP/1.1" 404 10296 "-" "-"
52.169.80.32 - - [14/Apr/2025:18:12:24 -0400] "GET /img/img.php HTTP/1.1" 404 10296 "-" "-"
52.169.80.32 - - [14/Apr/2025:18:12:26 -0400] "GET /f.php HTTP/1.1" 404 10295 "-" "-"
52.169.80.32 - - [14/Apr/2025:18:12:27 -0400] "GET /wp-includes/customize/123.php HTTP/1.1" 404 12785 "-" "-"
52.169.80.32 - - [14/Apr/2025:18:12:29 -0400] "GET /priv.php HTTP/1.1" 404 10296 "-" "-"
52.169.80.32 - - [14/Apr/2025:18:12:30 -0400] "GET /.well-known/options.php HTTP/1.1" 404 10296 "-" "-"
52.169.80.32 - - [14/Apr/2025:18:12:32 -0400] "GET /wp-content/plugins/linkpreview/db.php?u HTTP/1.1" 404 12790 "-" "-"
52.169.80.32 - - [14/Apr/2025:18:12:33 -0400] "GET /text.php HTTP/1.1" 404 10296 "-" "-"
52.169.80.32 - - [14/Apr/2025:18:12:33 -0400] "GET /wp-includes/install.php HTTP/1.1" 404 10296 "-" "-"
52.169.80.32 - - [14/Apr/2025:18:12:34 -0400] "GET /index.php?3x=3x HTTP/1.1" 301 0 "-" "-"
52.169.80.32 - - [14/Apr/2025:18:12:35 -0400] "GET /?3x=3x HTTP/1.1" 200 97601 "-" "-"
52.169.80.32 - - [14/Apr/2025:18:12:36 -0400] "GET /edit.php HTTP/1.1" 404 10296 "-" "-"
52.169.80.32 - - [14/Apr/2025:18:12:36 -0400] "GET /install.php HTTP/1.1" 404 10295 "-" "-"
52.169.80.32 - - [14/Apr/2025:18:12:37 -0400] "GET /wp-content/uploads/2014/was-wp.php HTTP/1.1" 404 12789 "-" "-"
52.169.80.32 - - [14/Apr/2025:18:12:38 -0400] "GET /wp-admin/xmrlpc.php?p= HTTP/1.1" 301 0 "-" "-"
52.169.80.32 - - [14/Apr/2025:18:12:38 -0400] "GET /wp-admin/xmrlpc.php HTTP/1.1" 404 10296 "-" "-"
52.169.80.32 - - [14/Apr/2025:18:12:39 -0400] "GET /wp-admin/js/widgets/xmrlpc.php?p= HTTP/1.1" 301 0 "-" "-"
52.169.80.32 - - [14/Apr/2025:18:12:39 -0400] "GET /wp-admin/js/widgets/xmrlpc.php HTTP/1.1" 404 12788 "-" "-"
52.169.80.32 - - [14/Apr/2025:18:12:40 -0400] "GET /wp-admin/images/index.php HTTP/1.1" 301 0 "-" "-"
52.169.80.32 - - [14/Apr/2025:18:12:40 -0400] "GET /wp-admin/images/ HTTP/1.1" 403 1242 "-" "-"
52.169.80.32 - - [14/Apr/2025:18:12:41 -0400] "GET /wp-includes/makeasmtp.php HTTP/1.1" 404 10296 "-" "-"
52.169.80.32 - - [14/Apr/2025:18:12:42 -0400] "GET /packed.php HTTP/1.1" 404 10296 "-" "-"
52.169.80.32 - - [14/Apr/2025:18:12:43 -0400] "GET /wp-content/plugins/admin.php HTTP/1.1" 404 12784 "-" "-"
52.169.80.32 - - [14/Apr/2025:18:12:44 -0400] "GET /mail.php HTTP/1.1" 404 10296 "-" "-"
52.169.80.32 - - [14/Apr/2025:18:12:45 -0400] "GET /wp-content/themes/astra/inc/ki1k.php HTTP/1.1" 404 12785 "-" "-"
52.169.80.32 - - [14/Apr/2025:18:12:46 -0400] "GET /wp-includes/qqzqflcv.php HTTP/1.1" 404 10295 "-" "-"
52.169.80.32 - - [14/Apr/2025:18:12:47 -0400] "GET /function.php HTTP/1.1" 404 10296 "-" "-"
52.169.80.32 - - [14/Apr/2025:18:12:47 -0400] "GET /wp-includes/fonts/wp-login.php HTTP/1.1" 404 12790 "-" "-"
52.169.80.32 - - [14/Apr/2025:18:12:47 -0400] "GET /wp-cache.php HTTP/1.1" 404 10296 "-" "-"
52.169.80.32 - - [14/Apr/2025:18:12:48 -0400] "GET /yanz.php/wp-admin/user/cloud.php HTTP/1.1" 404 12789 "-" "-"
52.169.80.32 - - [14/Apr/2025:18:12:49 -0400] "GET /fm.php HTTP/1.1" 404 10296 "-" "-"
52.169.80.32 - - [14/Apr/2025:18:12:49 -0400] "GET /payment.php HTTP/1.1" 404 10296 "-" "-"
52.169.80.32 - - [14/Apr/2025:18:12:50 -0400] "GET /log.php HTTP/1.1" 404 10295 "-" "-"
216.244.66.232 - - [14/Apr/2025:18:20:32 -0400] "GET /author/jorge/page/71/ HTTP/1.1" 200 13523 "-" "Mozilla/5.0 (compatible; DotBot/1.2; +https://opensiteexplorer.org/dotbot; help@moz.com)"
216.244.66.232 - - [14/Apr/2025:18:58:18 -0400] "GET /category/adventist-dating-try-here-2/feed/ HTTP/1.1" 404 10296 "-" "Mozilla/5.0 (compatible; DotBot/1.2; +https://opensiteexplorer.org/dotbot; help@moz.com)"
216.244.66.232 - - [14/Apr/2025:18:58:24 -0400] "GET /category/amateurmatch-web-2/feed/ HTTP/1.1" 404 10296 "-" "Mozilla/5.0 (compatible; DotBot/1.2; +https://opensiteexplorer.org/dotbot; help@moz.com)"
216.244.66.232 - - [14/Apr/2025:18:58:29 -0400] "GET /category/cougar-life-review-2/feed/ HTTP/1.1" 404 10296 "-" "Mozilla/5.0 (compatible; DotBot/1.2; +https://opensiteexplorer.org/dotbot; help@moz.com)"
216.244.66.232 - - [14/Apr/2025:18:58:33 -0400] "GET /category/nejlepsi-seznamovaci-weby-crossdresser-seznamovaci-2/feed/ HTTP/1.1" 404 10296 "-" "Mozilla/5.0 (compatible; DotBot/1.2; +https://opensiteexplorer.org/dotbot; help@moz.com)"
216.244.66.232 - - [14/Apr/2025:19:01:18 -0400] "GET /page/72/ HTTP/1.1" 200 15545 "-" "Mozilla/5.0 (compatible; DotBot/1.2; +https://opensiteexplorer.org/dotbot; help@moz.com)"
47.82.11.10 - - [14/Apr/2025:19:03:35 -0400] "GET /?p=94121 HTTP/1.1" 200 97601 "http://buymedicineonlineusa.com/?p=94121" "Mozilla/5.0 (Windows NT 10.0; Win64; x64) AppleWebKit/537.36 (KHTML, like Gecko) Chrome/114.0.0.0 Safari/537.36 Edg/114.0.1823.43"
47.82.11.226 - - [14/Apr/2025:19:08:20 -0400] "GET /?p=101884 HTTP/1.1" 200 97601 "http://buymedicineonlineusa.com/?p=101884" "Mozilla/5.0 (Windows NT 10.0; Win64; x64) AppleWebKit/537.36 (KHTML, like Gecko) Chrome/114.0.0.0 Safari/537.36 Edg/114.0.1823.43"
216.244.66.232 - - [14/Apr/2025:19:16:12 -0400] "GET /robots.txt HTTP/1.1" 304 0 "-" "Mozilla/5.0 (compatible; DotBot/1.2; +https://opensiteexplorer.org/dotbot; help@moz.com)"
47.82.11.216 - - [14/Apr/2025:19:24:25 -0400] "GET /?p=88334 HTTP/1.1" 200 97601 "http://buymedicineonlineusa.com/?p=88334" "Mozilla/5.0 (Windows NT 10.0; Win64; x64) AppleWebKit/537.36 (KHTML, like Gecko) Chrome/114.0.0.0 Safari/537.36 Edg/114.0.1823.43"
47.82.11.217 - - [14/Apr/2025:19:28:33 -0400] "GET /?p=94119 HTTP/1.1" 200 97601 "http://buymedicineonlineusa.com/?p=94119" "Mozilla/5.0 (Windows NT 10.0; Win64; x64) AppleWebKit/537.36 (KHTML, like Gecko) Chrome/114.0.0.0 Safari/537.36 Edg/114.0.1823.43"
205.210.31.155 - - [14/Apr/2025:19:29:44 -0400] "GET / HTTP/1.1" 200 97601 "-" "Expanse, a Palo Alto Networks company, searches across the global IPv4 space multiple times per day to identify customers&#39; presences on the Internet. If you would like to be excluded from our scans, please send IP addresses/domains to: scaninfo@paloaltonetworks.com"
216.244.66.232 - - [14/Apr/2025:19:32:14 -0400] "GET /de-que-o-sobre-quien-estas-enamorado-2/feed/ HTTP/1.1" 404 10295 "-" "Mozilla/5.0 (compatible; DotBot/1.2; +https://opensiteexplorer.org/dotbot; help@moz.com)"
216.244.66.232 - - [14/Apr/2025:19:32:21 -0400] "GET /er-sucht-eltern-singles-eschwege-mannlicher-mensch/feed/ HTTP/1.1" 404 10296 "-" "Mozilla/5.0 (compatible; DotBot/1.2; +https://opensiteexplorer.org/dotbot; help@moz.com)"
216.244.66.232 - - [14/Apr/2025:19:32:26 -0400] "GET /learn-union-pointers-that-actually-works-to/feed/ HTTP/1.1" 404 10296 "-" "Mozilla/5.0 (compatible; DotBot/1.2; +https://opensiteexplorer.org/dotbot; help@moz.com)"
216.244.66.232 - - [14/Apr/2025:19:34:35 -0400] "GET /category/angelreturn-adult-dating/feed/ HTTP/1.1" 404 10296 "-" "Mozilla/5.0 (compatible; DotBot/1.2; +https://opensiteexplorer.org/dotbot; help@moz.com)"
216.244.66.232 - - [14/Apr/2025:19:34:42 -0400] "GET /category/bicupid-de-reviews-2/feed/ HTTP/1.1" 404 10296 "-" "Mozilla/5.0 (compatible; DotBot/1.2; +https://opensiteexplorer.org/dotbot; help@moz.com)"
216.244.66.232 - - [14/Apr/2025:19:34:46 -0400] "GET /category/cambodian-chat-rooms-mobile-site-2/feed/ HTTP/1.1" 404 10296 "-" "Mozilla/5.0 (compatible; DotBot/1.2; +https://opensiteexplorer.org/dotbot; help@moz.com)"
216.244.66.232 - - [14/Apr/2025:19:34:51 -0400] "GET /category/nebraska-instant-payday-loans/feed/ HTTP/1.1" 404 10296 "-" "Mozilla/5.0 (compatible; DotBot/1.2; +https://opensiteexplorer.org/dotbot; help@moz.com)"
216.244.66.232 - - [14/Apr/2025:19:34:56 -0400] "GET /category/paydayloan4less-com-instant-payday-loans-2/feed/ HTTP/1.1" 404 10296 "-" "Mozilla/5.0 (compatible; DotBot/1.2; +https://opensiteexplorer.org/dotbot; help@moz.com)"
216.244.66.232 - - [14/Apr/2025:19:35:11 -0400] "GET /custom-grip-socks HTTP/1.1" 301 0 "-" "Mozilla/5.0 (compatible; DotBot/1.2; +https://opensiteexplorer.org/dotbot; help@moz.com)"
216.244.66.232 - - [14/Apr/2025:19:37:40 -0400] "GET /brand-levitra-soft-buy-levitra-soft-next-day-delivery/ HTTP/1.1" 404 10296 "-" "Mozilla/5.0 (compatible; DotBot/1.2; +https://opensiteexplorer.org/dotbot; help@moz.com)"
20.36.182.191 - - [14/Apr/2025:19:49:57 -0400] "HEAD /wordpress HTTP/1.1" 404 0 "-" "Mozilla/5.0 (Windows NT 10.0; Win64; x64) AppleWebKit/537.36 (KHTML, like Gecko) Chrome/74.0.3729.169 Safari/537.36"
20.36.182.191 - - [14/Apr/2025:19:50:00 -0400] "HEAD / HTTP/1.1" 200 0 "-" "Mozilla/5.0 (Windows NT 10.0; Win64; x64) AppleWebKit/537.36 (KHTML, like Gecko) Chrome/74.0.3729.169 Safari/537.36"
20.36.182.191 - - [14/Apr/2025:19:50:00 -0400] "HEAD /wp HTTP/1.1" 301 0 "-" "Mozilla/5.0 (Windows NT 10.0; Win64; x64) AppleWebKit/537.36 (KHTML, like Gecko) Chrome/74.0.3729.169 Safari/537.36"
20.36.182.191 - - [14/Apr/2025:19:50:02 -0400] "HEAD /bc HTTP/1.1" 404 0 "-" "Mozilla/5.0 (Windows NT 10.0; Win64; x64) AppleWebKit/537.36 (KHTML, like Gecko) Chrome/74.0.3729.169 Safari/537.36"
20.36.182.191 - - [14/Apr/2025:19:50:04 -0400] "HEAD /bk HTTP/1.1" 404 0 "-" "Mozilla/5.0 (Windows NT 10.0; Win64; x64) AppleWebKit/537.36 (KHTML, like Gecko) Chrome/74.0.3729.169 Safari/537.36"
20.36.182.191 - - [14/Apr/2025:19:50:04 -0400] "HEAD /backup HTTP/1.1" 404 0 "-" "Mozilla/5.0 (Windows NT 10.0; Win64; x64) AppleWebKit/537.36 (KHTML, like Gecko) Chrome/74.0.3729.169 Safari/537.36"
20.36.182.191 - - [14/Apr/2025:19:50:05 -0400] "HEAD /old HTTP/1.1" 404 0 "-" "Mozilla/5.0 (Windows NT 10.0; Win64; x64) AppleWebKit/537.36 (KHTML, like Gecko) Chrome/74.0.3729.169 Safari/537.36"
20.36.182.191 - - [14/Apr/2025:19:50:06 -0400] "HEAD /new HTTP/1.1" 301 0 "-" "Mozilla/5.0 (Windows NT 10.0; Win64; x64) AppleWebKit/537.36 (KHTML, like Gecko) Chrome/74.0.3729.169 Safari/537.36"
20.36.182.191 - - [14/Apr/2025:19:50:06 -0400] "HEAD /main HTTP/1.1" 301 0 "-" "Mozilla/5.0 (Windows NT 10.0; Win64; x64) AppleWebKit/537.36 (KHTML, like Gecko) Chrome/74.0.3729.169 Safari/537.36"
20.36.182.191 - - [14/Apr/2025:19:50:08 -0400] "HEAD /home HTTP/1.1" 301 0 "-" "Mozilla/5.0 (Windows NT 10.0; Win64; x64) AppleWebKit/537.36 (KHTML, like Gecko) Chrome/74.0.3729.169 Safari/537.36"
216.244.66.232 - - [14/Apr/2025:20:02:40 -0400] "GET /robots.txt HTTP/1.1" 304 0 "-" "Mozilla/5.0 (compatible; DotBot/1.2; +https://opensiteexplorer.org/dotbot; help@moz.com)"
47.79.118.217 - - [14/Apr/2025:20:12:48 -0400] "GET /?p=96316 HTTP/1.1" 200 97601 "http://buymedicineonlineusa.com/?p=96316" "Mozilla/5.0 (Windows NT 10.0; Win64; x64) AppleWebKit/537.36 (KHTML, like Gecko) Chrome/114.0.0.0 Safari/537.36 Edg/114.0.1823.43"
198.54.114.83 - - [14/Apr/2025:20:21:47 -0400] "POST /wp-cron.php?doing_wp_cron=1744676506.5543420314788818359375 HTTP/1.1" 200 0 "-" "WordPress/6.7.2; https://buymedicineonlineusa.com"
216.244.66.232 - - [14/Apr/2025:20:21:46 -0400] "GET /category/200-pound-loan-now-2/feed/ HTTP/1.1" 404 10293 "-" "Mozilla/5.0 (compatible; DotBot/1.2; +https://opensiteexplorer.org/dotbot; help@moz.com)"
198.54.114.83 - - [14/Apr/2025:20:21:58 -0400] "POST /wp-cron.php?doing_wp_cron=1744676518.4341280460357666015625 HTTP/1.1" 200 0 "-" "WordPress/6.7.2; https://buymedicineonlineusa.com"
216.244.66.232 - - [14/Apr/2025:20:21:58 -0400] "GET /category/asiame-elite-rencontre/feed/ HTTP/1.1" 404 10293 "-" "Mozilla/5.0 (compatible; DotBot/1.2; +https://opensiteexplorer.org/dotbot; help@moz.com)"
216.244.66.232 - - [14/Apr/2025:20:22:07 -0400] "GET /category/bildkontakte-org-top-dating-seiten-2/feed/ HTTP/1.1" 404 10293 "-" "Mozilla/5.0 (compatible; DotBot/1.2; +https://opensiteexplorer.org/dotbot; help@moz.com)"
216.244.66.232 - - [14/Apr/2025:20:22:15 -0400] "GET /category/blackchristianpeoplemeet-come-funziona-2/feed/ HTTP/1.1" 404 10292 "-" "Mozilla/5.0 (compatible; DotBot/1.2; +https://opensiteexplorer.org/dotbot; help@moz.com)"
216.244.66.232 - - [14/Apr/2025:20:22:21 -0400] "GET /category/blackpeoplemeet-inceleme-bu-siteye-bak-2/feed/ HTTP/1.1" 404 10292 "-" "Mozilla/5.0 (compatible; DotBot/1.2; +https://opensiteexplorer.org/dotbot; help@moz.com)"
216.244.66.232 - - [14/Apr/2025:20:22:29 -0400] "GET /category/boulder-escort-services-2/feed/ HTTP/1.1" 404 10293 "-" "Mozilla/5.0 (compatible; DotBot/1.2; +https://opensiteexplorer.org/dotbot; help@moz.com)"
216.244.66.232 - - [14/Apr/2025:20:22:34 -0400] "GET /category/buddhist-dating-dating-2/feed/ HTTP/1.1" 404 10293 "-" "Mozilla/5.0 (compatible; DotBot/1.2; +https://opensiteexplorer.org/dotbot; help@moz.com)"
198.54.114.83 - - [14/Apr/2025:20:22:38 -0400] "POST /wp-cron.php?doing_wp_cron=1744676558.7390561103820800781250 HTTP/1.1" 200 0 "-" "WordPress/6.7.2; https://buymedicineonlineusa.com"
216.244.66.232 - - [14/Apr/2025:20:22:38 -0400] "GET /category/cash-direct-express-payday-loans/feed/ HTTP/1.1" 404 10293 "-" "Mozilla/5.0 (compatible; DotBot/1.2; +https://opensiteexplorer.org/dotbot; help@moz.com)"
216.244.66.232 - - [14/Apr/2025:20:22:42 -0400] "GET /category/dating-apps-review-2/feed/ HTTP/1.1" 404 10293 "-" "Mozilla/5.0 (compatible; DotBot/1.2; +https://opensiteexplorer.org/dotbot; help@moz.com)"
216.244.66.232 - - [14/Apr/2025:20:22:46 -0400] "GET /category/escort-escort-review/feed/ HTTP/1.1" 404 10293 "-" "Mozilla/5.0 (compatible; DotBot/1.2; +https://opensiteexplorer.org/dotbot; help@moz.com)"
216.244.66.232 - - [14/Apr/2025:20:22:50 -0400] "GET /category/gay-dating-review-2/feed/ HTTP/1.1" 404 10293 "-" "Mozilla/5.0 (compatible; DotBot/1.2; +https://opensiteexplorer.org/dotbot; help@moz.com)"
198.54.114.83 - - [14/Apr/2025:20:22:53 -0400] "POST /wp-cron.php?doing_wp_cron=1744676573.8227601051330566406250 HTTP/1.1" 200 0 "-" "WordPress/6.7.2; https://buymedicineonlineusa.com"
216.244.66.232 - - [14/Apr/2025:20:22:53 -0400] "GET /category/milfaholic-reviews-2/feed/ HTTP/1.1" 404 10293 "-" "Mozilla/5.0 (compatible; DotBot/1.2; +https://opensiteexplorer.org/dotbot; help@moz.com)"
216.244.66.232 - - [14/Apr/2025:20:22:57 -0400] "GET /category/selfiebbws-com-click-to-find-out-more-2/feed/ HTTP/1.1" 404 10293 "-" "Mozilla/5.0 (compatible; DotBot/1.2; +https://opensiteexplorer.org/dotbot; help@moz.com)"
216.244.66.232 - - [14/Apr/2025:20:23:00 -0400] "GET /category/sugar-daddies-usa-il-chicago-review/feed/ HTTP/1.1" 404 10293 "-" "Mozilla/5.0 (compatible; DotBot/1.2; +https://opensiteexplorer.org/dotbot; help@moz.com)"
216.244.66.232 - - [14/Apr/2025:20:23:02 -0400] "GET /category/sugardaddymatch-net-sugar-babies-sugar-daddy-2/feed/ HTTP/1.1" 404 10293 "-" "Mozilla/5.0 (compatible; DotBot/1.2; +https://opensiteexplorer.org/dotbot; help@moz.com)"
47.79.3.84 - - [14/Apr/2025:20:24:31 -0400] "GET /?p=116735 HTTP/1.1" 200 97601 "http://buymedicineonlineusa.com/?p=116735" "Mozilla/5.0 (Windows NT 10.0; Win64; x64) AppleWebKit/537.36 (KHTML, like Gecko) Chrome/114.0.0.0 Safari/537.36 Edg/114.0.1823.43"
198.54.114.83 - - [14/Apr/2025:20:29:52 -0400] "POST /wp-cron.php?doing_wp_cron=1744676992.3908269405364990234375 HTTP/1.1" 200 0 "-" "WordPress/6.7.2; https://buymedicineonlineusa.com"
216.244.66.232 - - [14/Apr/2025:20:29:52 -0400] "GET /professionelle-haushaltsauflosung-in-luneburg-stressfrei-und-effizient/feed/ HTTP/1.1" 200 485 "-" "Mozilla/5.0 (compatible; DotBot/1.2; +https://opensiteexplorer.org/dotbot; help@moz.com)"
198.54.114.83 - - [14/Apr/2025:20:45:51 -0400] "POST /wp-cron.php?doing_wp_cron=1744677951.5163459777832031250000 HTTP/1.1" 200 0 "-" "WordPress/6.7.2; https://buymedicineonlineusa.com"
13.68.75.117 - - [14/Apr/2025:20:45:51 -0400] "GET /autoload_classmap.php HTTP/1.1" 404 10293 "-" "-"
13.68.75.117 - - [14/Apr/2025:20:45:52 -0400] "GET /post.php HTTP/1.1" 404 10293 "-" "-"
13.68.75.117 - - [14/Apr/2025:20:45:53 -0400] "GET /1.php HTTP/1.1" 404 10293 "-" "-"
13.68.75.117 - - [14/Apr/2025:20:45:54 -0400] "GET /flower.php HTTP/1.1" 404 10293 "-" "-"
13.68.75.117 - - [14/Apr/2025:20:45:54 -0400] "GET /admin.php HTTP/1.1" 404 10293 "-" "-"
13.68.75.117 - - [14/Apr/2025:20:45:55 -0400] "GET /file.php HTTP/1.1" 404 10293 "-" "-"
13.68.75.117 - - [14/Apr/2025:20:45:56 -0400] "GET /meta.php HTTP/1.1" 404 10293 "-" "-"
13.68.75.117 - - [14/Apr/2025:20:45:57 -0400] "GET /index.php HTTP/1.1" 301 0 "-" "-"
13.68.75.117 - - [14/Apr/2025:20:45:57 -0400] "GET / HTTP/1.1" 200 97601 "-" "-"
13.68.75.117 - - [14/Apr/2025:20:45:58 -0400] "GET /about.php HTTP/1.1" 404 10293 "-" "-"
13.68.75.117 - - [14/Apr/2025:20:45:58 -0400] "GET /randkeyword.php HTTP/1.1" 404 10293 "-" "-"
13.68.75.117 - - [14/Apr/2025:20:45:59 -0400] "GET /goods.php HTTP/1.1" 404 10293 "-" "-"
13.68.75.117 - - [14/Apr/2025:20:45:59 -0400] "GET /hehe.php HTTP/1.1" 404 10293 "-" "-"
13.68.75.117 - - [14/Apr/2025:20:46:00 -0400] "GET /yindu.php HTTP/1.1" 404 10293 "-" "-"
13.68.75.117 - - [14/Apr/2025:20:46:00 -0400] "GET /wp-admin/class-db.php HTTP/1.1" 404 10293 "-" "-"
13.68.75.117 - - [14/Apr/2025:20:46:01 -0400] "GET /baxa1.phP8 HTTP/1.1" 404 10293 "-" "-"
13.68.75.117 - - [14/Apr/2025:20:46:02 -0400] "GET /baxa1.php HTTP/1.1" 404 10293 "-" "-"
13.68.75.117 - - [14/Apr/2025:20:46:03 -0400] "GET /.well-known//index.php HTTP/1.1" 301 0 "-" "-"
13.68.75.117 - - [14/Apr/2025:20:46:03 -0400] "GET /.well-known/ HTTP/1.1" 404 10293 "-" "-"
13.68.75.117 - - [14/Apr/2025:20:46:04 -0400] "GET /libraries/phpmailer//index.php HTTP/1.1" 301 0 "-" "-"
13.68.75.117 - - [14/Apr/2025:20:46:05 -0400] "GET /libraries/phpmailer/ HTTP/1.1" 404 10293 "-" "-"
13.68.75.117 - - [14/Apr/2025:20:46:06 -0400] "GET /wp-admin/autoload_classmap.php HTTP/1.1" 404 10292 "-" "-"
13.68.75.117 - - [14/Apr/2025:20:46:06 -0400] "GET /wp-admin/css/colors/blue//1.php HTTP/1.1" 301 0 "-" "-"
13.68.75.117 - - [14/Apr/2025:20:46:07 -0400] "GET /wp-admin/css/colors/blue/1.php HTTP/1.1" 404 12788 "-" "-"
13.68.75.117 - - [14/Apr/2025:20:46:08 -0400] "GET /wp-content/plugins//about.php HTTP/1.1" 301 0 "-" "-"
13.68.75.117 - - [14/Apr/2025:20:46:08 -0400] "GET /wp-content/plugins/about.php HTTP/1.1" 404 12779 "-" "-"
13.68.75.117 - - [14/Apr/2025:20:46:09 -0400] "GET /wp-content/plugins//index.php HTTP/1.1" 200 0 "-" "-"
13.68.75.117 - - [14/Apr/2025:20:46:09 -0400] "GET /wp-content/plugins/about.php HTTP/1.1" 404 12779 "-" "-"
13.68.75.117 - - [14/Apr/2025:20:46:10 -0400] "GET /wp-content/uploads/BbUMY/flower.php HTTP/1.1" 404 12790 "-" "-"
13.68.75.117 - - [14/Apr/2025:20:46:10 -0400] "GET /wp-includes/ID3//file.php HTTP/1.1" 301 0 "-" "-"
13.68.75.117 - - [14/Apr/2025:20:46:11 -0400] "GET /wp-includes/ID3/file.php HTTP/1.1" 404 12786 "-" "-"
13.68.75.117 - - [14/Apr/2025:20:46:11 -0400] "GET /wp-includes/Text/Diff/Engine//about.php HTTP/1.1" 301 0 "-" "-"
13.68.75.117 - - [14/Apr/2025:20:46:12 -0400] "GET /wp-includes/Text/Diff/Engine/about.php HTTP/1.1" 404 12796 "-" "-"
13.68.75.117 - - [14/Apr/2025:20:46:13 -0400] "GET /wp-includes/Text/Diff/Engine//index.php HTTP/1.1" 301 0 "-" "-"
13.68.75.117 - - [14/Apr/2025:20:46:13 -0400] "GET /wp-includes/Text/Diff/Engine/ HTTP/1.1" 403 1242 "-" "-"
13.68.75.117 - - [14/Apr/2025:20:46:13 -0400] "GET /wp-includes/css//index.php HTTP/1.1" 301 0 "-" "-"
13.68.75.117 - - [14/Apr/2025:20:46:14 -0400] "GET /wp-includes/css/ HTTP/1.1" 403 1242 "-" "-"
13.68.75.117 - - [14/Apr/2025:20:46:14 -0400] "GET /wp-includes/css//xc.php HTTP/1.1" 301 0 "-" "-"
13.68.75.117 - - [14/Apr/2025:20:46:14 -0400] "GET /wp-includes/css/xc.php HTTP/1.1" 404 12783 "-" "-"
13.68.75.117 - - [14/Apr/2025:20:46:15 -0400] "GET /wp-includes/images//about.php HTTP/1.1" 301 0 "-" "-"
13.68.75.117 - - [14/Apr/2025:20:46:16 -0400] "GET /wp-includes/images/about.php HTTP/1.1" 404 12785 "-" "-"
13.68.75.117 - - [14/Apr/2025:20:46:17 -0400] "GET /wp-includes/images/crystal//index.php HTTP/1.1" 301 0 "-" "-"
13.68.75.117 - - [14/Apr/2025:20:46:18 -0400] "GET /wp-includes/images/crystal/ HTTP/1.1" 403 1242 "-" "-"
13.68.75.117 - - [14/Apr/2025:20:46:18 -0400] "GET /wp//index.php HTTP/1.1" 301 0 "-" "-"
13.68.75.117 - - [14/Apr/2025:20:46:18 -0400] "GET /wp/ HTTP/1.1" 301 0 "-" "-"
13.68.75.117 - - [14/Apr/2025:20:46:20 -0400] "GET /user.php HTTP/1.1" 404 10293 "-" "-"
13.68.75.117 - - [14/Apr/2025:20:46:21 -0400] "GET /wp-2019.php HTTP/1.1" 404 10293 "-" "-"
13.68.75.117 - - [14/Apr/2025:20:46:21 -0400] "GET /chosen.php HTTP/1.1" 404 10293 "-" "-"
13.68.75.117 - - [14/Apr/2025:20:46:22 -0400] "GET /functions.php HTTP/1.1" 404 10293 "-" "-"
13.68.75.117 - - [14/Apr/2025:20:46:23 -0400] "GET /cron.php HTTP/1.1" 404 10293 "-" "-"
13.68.75.117 - - [14/Apr/2025:20:46:24 -0400] "GET /edit.php HTTP/1.1" 404 10293 "-" "-"
13.68.75.117 - - [14/Apr/2025:20:46:25 -0400] "GET /gecko-new.php HTTP/1.1" 404 10292 "-" "-"
13.68.75.117 - - [14/Apr/2025:20:46:26 -0400] "GET /cookie.php HTTP/1.1" 404 10293 "-" "-"
13.68.75.117 - - [14/Apr/2025:20:46:27 -0400] "GET /xleet.php HTTP/1.1" 404 10293 "-" "-"
13.68.75.117 - - [14/Apr/2025:20:46:27 -0400] "GET /spip.php HTTP/1.1" 404 10293 "-" "-"
13.68.75.117 - - [14/Apr/2025:20:46:29 -0400] "GET /22.php HTTP/1.1" 404 10293 "-" "-"
13.68.75.117 - - [14/Apr/2025:20:46:30 -0400] "GET /room.php HTTP/1.1" 404 10293 "-" "-"
13.68.75.117 - - [14/Apr/2025:20:46:31 -0400] "GET /disagreed.php HTTP/1.1" 404 10293 "-" "-"
13.68.75.117 - - [14/Apr/2025:20:46:33 -0400] "GET /text.php HTTP/1.1" 404 10293 "-" "-"
13.68.75.117 - - [14/Apr/2025:20:46:34 -0400] "GET /alfa-rex.php HTTP/1.1" 404 10293 "-" "-"
13.68.75.117 - - [14/Apr/2025:20:46:34 -0400] "GET /alfa-rex.php7 HTTP/1.1" 404 10293 "-" "-"
198.54.114.83 - - [14/Apr/2025:20:46:35 -0400] "POST /wp-cron.php?doing_wp_cron=1744677995.2050650119781494140625 HTTP/1.1" 200 0 "-" "WordPress/6.7.2; https://buymedicineonlineusa.com"
13.68.75.117 - - [14/Apr/2025:20:46:34 -0400] "GET /feeds.php HTTP/1.1" 404 10293 "-" "-"
13.68.75.117 - - [14/Apr/2025:20:46:35 -0400] "GET /radio.php HTTP/1.1" 404 10292 "-" "-"
13.68.75.117 - - [14/Apr/2025:20:46:36 -0400] "GET /dropdown.php HTTP/1.1" 404 10292 "-" "-"
13.68.75.117 - - [14/Apr/2025:20:46:36 -0400] "GET /defaults.php HTTP/1.1" 404 10293 "-" "-"
13.68.75.117 - - [14/Apr/2025:20:46:37 -0400] "GET /system.php HTTP/1.1" 404 10293 "-" "-"
13.68.75.117 - - [14/Apr/2025:20:46:38 -0400] "GET /xmlrpc.php HTTP/1.1" 405 60 "-" "-"
13.68.75.117 - - [14/Apr/2025:20:46:39 -0400] "GET /xmlrpc.php0 HTTP/1.1" 404 10293 "-" "-"
13.68.75.117 - - [14/Apr/2025:20:46:39 -0400] "GET /colors.php HTTP/1.1" 404 10293 "-" "-"
13.68.75.117 - - [14/Apr/2025:20:46:40 -0400] "GET /updates.php HTTP/1.1" 404 10293 "-" "-"
13.68.75.117 - - [14/Apr/2025:20:46:41 -0400] "GET /alfa-rex1.php HTTP/1.1" 404 10293 "-" "-"
13.68.75.117 - - [14/Apr/2025:20:46:42 -0400] "GET /wp-index.php HTTP/1.1" 404 10293 "-" "-"
13.68.75.117 - - [14/Apr/2025:20:46:43 -0400] "GET /wp-admin.php HTTP/1.1" 404 10293 "-" "-"
13.68.75.117 - - [14/Apr/2025:20:46:43 -0400] "GET /alfa.php HTTP/1.1" 404 10293 "-" "-"
13.68.75.117 - - [14/Apr/2025:20:46:44 -0400] "GET /alfanew.php7 HTTP/1.1" 404 10293 "-" "-"
13.68.75.117 - - [14/Apr/2025:20:46:45 -0400] "GET /locale.php HTTP/1.1" 404 10292 "-" "-"
13.68.75.117 - - [14/Apr/2025:20:46:46 -0400] "GET /wxo.php HTTP/1.1" 404 10292 "-" "-"
13.68.75.117 - - [14/Apr/2025:20:46:46 -0400] "GET /colour.php HTTP/1.1" 404 10293 "-" "-"
13.68.75.117 - - [14/Apr/2025:20:46:47 -0400] "GET /files.php HTTP/1.1" 404 10293 "-" "-"
13.68.75.117 - - [14/Apr/2025:20:46:48 -0400] "GET /install.php HTTP/1.1" 404 10293 "-" "-"
13.68.75.117 - - [14/Apr/2025:20:46:49 -0400] "GET /wp-contentt.php HTTP/1.1" 404 10293 "-" "-"
13.68.75.117 - - [14/Apr/2025:20:46:50 -0400] "GET /config.php7 HTTP/1.1" 404 10293 "-" "-"
198.54.114.83 - - [14/Apr/2025:20:46:51 -0400] "POST /wp-cron.php?doing_wp_cron=1744678011.3144679069519042968750 HTTP/1.1" 200 0 "-" "WordPress/6.7.2; https://buymedicineonlineusa.com"
13.68.75.117 - - [14/Apr/2025:20:46:50 -0400] "GET /config.php HTTP/1.1" 404 10293 "-" "-"
13.68.75.117 - - [14/Apr/2025:20:46:52 -0400] "GET /theme.php HTTP/1.1" 404 10293 "-" "-"
13.68.75.117 - - [14/Apr/2025:20:46:52 -0400] "GET /block-bindings.php HTTP/1.1" 404 10293 "-" "-"
13.68.75.117 - - [14/Apr/2025:20:46:53 -0400] "GET /class_api.php HTTP/1.1" 404 10293 "-" "-"
13.68.75.117 - - [14/Apr/2025:20:46:54 -0400] "GET /inputs.php HTTP/1.1" 404 10293 "-" "-"
13.68.75.117 - - [14/Apr/2025:20:46:55 -0400] "GET /root.php HTTP/1.1" 404 10293 "-" "-"
13.68.75.117 - - [14/Apr/2025:20:46:56 -0400] "GET /menu.php HTTP/1.1" 404 10293 "-" "-"
13.68.75.117 - - [14/Apr/2025:20:46:57 -0400] "GET /plugin.php HTTP/1.1" 404 10293 "-" "-"
13.68.75.117 - - [14/Apr/2025:20:46:57 -0400] "GET /cloud.php HTTP/1.1" 404 10293 "-" "-"
13.68.75.117 - - [14/Apr/2025:20:46:58 -0400] "GET /configs.php HTTP/1.1" 404 10293 "-" "-"
13.68.75.117 - - [14/Apr/2025:20:46:59 -0400] "GET /wp-configs.php HTTP/1.1" 404 10293 "-" "-"
13.68.75.117 - - [14/Apr/2025:20:46:59 -0400] "GET /update.php HTTP/1.1" 404 10293 "-" "-"
13.68.75.117 - - [14/Apr/2025:20:47:00 -0400] "GET /2.php HTTP/1.1" 404 10293 "-" "-"
13.68.75.117 - - [14/Apr/2025:20:47:00 -0400] "GET /input.php HTTP/1.1" 404 10293 "-" "-"
13.68.75.117 - - [14/Apr/2025:20:47:01 -0400] "GET /aaa.php HTTP/1.1" 404 10293 "-" "-"
216.244.66.232 - - [14/Apr/2025:20:49:52 -0400] "GET /robots.txt HTTP/1.1" 304 0 "-" "Mozilla/5.0 (compatible; DotBot/1.2; +https://opensiteexplorer.org/dotbot; help@moz.com)"
198.54.114.83 - - [14/Apr/2025:21:08:57 -0400] "POST /wp-cron.php?doing_wp_cron=1744679335.8694980144500732421875 HTTP/1.1" 200 0 "-" "WordPress/6.7.2; https://buymedicineonlineusa.com"
216.244.66.232 - - [14/Apr/2025:21:08:55 -0400] "GET /just-to-save-you-against-this-type-of-situations/feed/ HTTP/1.1" 404 10293 "-" "Mozilla/5.0 (compatible; DotBot/1.2; +https://opensiteexplorer.org/dotbot; help@moz.com)"
216.244.66.232 - - [14/Apr/2025:21:09:07 -0400] "GET /wie-kann-man-zigeunern-sogar-besser-kennen/feed/ HTTP/1.1" 404 10293 "-" "Mozilla/5.0 (compatible; DotBot/1.2; +https://opensiteexplorer.org/dotbot; help@moz.com)"
216.244.66.232 - - [14/Apr/2025:21:17:03 -0400] "GET /category/400-bonus-best-canadian-gambling-2/feed/ HTTP/1.1" 404 10292 "-" "Mozilla/5.0 (compatible; DotBot/1.2; +https://opensiteexplorer.org/dotbot; help@moz.com)"
216.244.66.232 - - [14/Apr/2025:21:17:14 -0400] "GET /category/afroromance-recensioni/feed/ HTTP/1.1" 404 10293 "-" "Mozilla/5.0 (compatible; DotBot/1.2; +https://opensiteexplorer.org/dotbot; help@moz.com)"
216.244.66.232 - - [14/Apr/2025:21:17:21 -0400] "GET /category/amino-de-review-2/feed/ HTTP/1.1" 404 10293 "-" "Mozilla/5.0 (compatible; DotBot/1.2; +https://opensiteexplorer.org/dotbot; help@moz.com)"
216.244.66.232 - - [14/Apr/2025:21:17:28 -0400] "GET /category/asian-dating-sign-in-2/feed/ HTTP/1.1" 404 10293 "-" "Mozilla/5.0 (compatible; DotBot/1.2; +https://opensiteexplorer.org/dotbot; help@moz.com)"
216.244.66.232 - - [14/Apr/2025:21:17:33 -0400] "GET /category/aussie-flirt-matches-review-2/feed/ HTTP/1.1" 404 10293 "-" "Mozilla/5.0 (compatible; DotBot/1.2; +https://opensiteexplorer.org/dotbot; help@moz.com)"
198.54.114.83 - - [14/Apr/2025:21:17:39 -0400] "POST /wp-cron.php?doing_wp_cron=1744679859.3111989498138427734375 HTTP/1.1" 200 0 "-" "WordPress/6.7.2; https://buymedicineonlineusa.com"
216.244.66.232 - - [14/Apr/2025:21:17:39 -0400] "GET /category/bicupid-empathieverlust-2/feed/ HTTP/1.1" 404 10293 "-" "Mozilla/5.0 (compatible; DotBot/1.2; +https://opensiteexplorer.org/dotbot; help@moz.com)"
216.244.66.232 - - [14/Apr/2025:21:17:43 -0400] "GET /category/biracial-dating-sign-in/feed/ HTTP/1.1" 404 10293 "-" "Mozilla/5.0 (compatible; DotBot/1.2; +https://opensiteexplorer.org/dotbot; help@moz.com)"
216.244.66.232 - - [14/Apr/2025:21:17:47 -0400] "GET /category/clarksville-girls-escort-2/feed/ HTTP/1.1" 404 10293 "-" "Mozilla/5.0 (compatible; DotBot/1.2; +https://opensiteexplorer.org/dotbot; help@moz.com)"
216.244.66.232 - - [14/Apr/2025:21:17:50 -0400] "GET /category/dallas-usa-reviews/feed/ HTTP/1.1" 404 10293 "-" "Mozilla/5.0 (compatible; DotBot/1.2; +https://opensiteexplorer.org/dotbot; help@moz.com)"
198.54.114.83 - - [14/Apr/2025:21:17:53 -0400] "POST /wp-cron.php?doing_wp_cron=1744679872.8954930305480957031250 HTTP/1.1" 200 0 "-" "WordPress/6.7.2; https://buymedicineonlineusa.com"
216.244.66.232 - - [14/Apr/2025:21:17:52 -0400] "GET /category/fast-payday-loan-2/feed/ HTTP/1.1" 404 10293 "-" "Mozilla/5.0 (compatible; DotBot/1.2; +https://opensiteexplorer.org/dotbot; help@moz.com)"
216.244.66.232 - - [14/Apr/2025:21:17:55 -0400] "GET /category/find-a-payday-loan-2/feed/ HTTP/1.1" 404 10293 "-" "Mozilla/5.0 (compatible; DotBot/1.2; +https://opensiteexplorer.org/dotbot; help@moz.com)"
216.244.66.232 - - [14/Apr/2025:21:17:59 -0400] "GET /category/heated-affairs-app-2/feed/ HTTP/1.1" 404 10293 "-" "Mozilla/5.0 (compatible; DotBot/1.2; +https://opensiteexplorer.org/dotbot; help@moz.com)"
216.244.66.232 - - [14/Apr/2025:21:18:03 -0400] "GET /category/little-people-meet-italia/feed/ HTTP/1.1" 404 10293 "-" "Mozilla/5.0 (compatible; DotBot/1.2; +https://opensiteexplorer.org/dotbot; help@moz.com)"
216.244.66.232 - - [14/Apr/2025:21:18:07 -0400] "GET /category/sites-de-rencontre-std-visitors-2/feed/ HTTP/1.1" 404 10293 "-" "Mozilla/5.0 (compatible; DotBot/1.2; +https://opensiteexplorer.org/dotbot; help@moz.com)"
216.244.66.232 - - [14/Apr/2025:21:18:11 -0400] "GET /category/sitios-sugar-momma-web-2/feed/ HTTP/1.1" 404 10293 "-" "Mozilla/5.0 (compatible; DotBot/1.2; +https://opensiteexplorer.org/dotbot; help@moz.com)"
216.244.66.232 - - [14/Apr/2025:21:18:14 -0400] "GET /category/std-dating-tylko-2/feed/ HTTP/1.1" 404 10293 "-" "Mozilla/5.0 (compatible; DotBot/1.2; +https://opensiteexplorer.org/dotbot; help@moz.com)"
195.191.219.131 - - [14/Apr/2025:21:43:27 -0400] "GET /robots.txt HTTP/1.1" 304 0 "-" "Mozilla/5.0 (compatible; MJ12bot/v2.0.0; http://mj12bot.com/)"
195.191.219.131 - - [14/Apr/2025:21:43:29 -0400] "GET / HTTP/1.1" 200 97601 "-" "Mozilla/5.0 (compatible; MJ12bot/v2.0.0; http://mj12bot.com/)"
85.208.98.23 - - [14/Apr/2025:21:49:21 -0400] "GET /robots.txt HTTP/1.1" 304 0 "-" "Mozilla/5.0 (compatible; SemrushBot-BA; +http://www.semrush.com/bot.html)"
216.244.66.232 - - [14/Apr/2025:21:49:59 -0400] "GET /best-places-to-retire-in-the-world/ HTTP/1.1" 200 15565 "-" "Mozilla/5.0 (compatible; DotBot/1.2; +https://opensiteexplorer.org/dotbot; help@moz.com)"
216.244.66.232 - - [14/Apr/2025:21:50:30 -0400] "GET /the-amazing-power-of-a-stun-gun-even-from-just-an-ordinary-9-volt-battery/ HTTP/1.1" 200 15460 "-" "Mozilla/5.0 (compatible; DotBot/1.2; +https://opensiteexplorer.org/dotbot; help@moz.com)"
198.54.114.83 - - [14/Apr/2025:22:02:58 -0400] "POST /wp-cron.php?doing_wp_cron=1744682577.8200750350952148437500 HTTP/1.1" 200 0 "-" "WordPress/6.7.2; https://buymedicineonlineusa.com"
216.244.66.232 - - [14/Apr/2025:22:02:57 -0400] "GET /7-veshchey-kotorye-ya-by-sdelal-esli-by-nachal-snova-demo-igrovye-avtomaty/feed/ HTTP/1.1" 404 10292 "-" "Mozilla/5.0 (compatible; DotBot/1.2; +https://opensiteexplorer.org/dotbot; help@moz.com)"
85.208.98.23 - - [14/Apr/2025:22:04:43 -0400] "GET /robots.txt HTTP/1.1" 304 0 "-" "Mozilla/5.0 (compatible; SemrushBot-BA; +http://www.semrush.com/bot.html)"
216.244.66.232 - - [14/Apr/2025:22:05:09 -0400] "GET /category/reviews-2/feed/ HTTP/1.1" 404 10293 "-" "Mozilla/5.0 (compatible; DotBot/1.2; +https://opensiteexplorer.org/dotbot; help@moz.com)"
198.54.114.83 - - [14/Apr/2025:22:05:42 -0400] "POST /wp-cron.php?doing_wp_cron=1744682741.1120278835296630859375 HTTP/1.1" 200 0 "-" "WordPress/6.7.2; https://buymedicineonlineusa.com"
216.244.66.232 - - [14/Apr/2025:22:05:40 -0400] "GET /category/abdlmatch-come-funziona-2/feed/ HTTP/1.1" 404 10293 "-" "Mozilla/5.0 (compatible; DotBot/1.2; +https://opensiteexplorer.org/dotbot; help@moz.com)"
198.54.114.83 - - [14/Apr/2025:22:05:52 -0400] "POST /wp-cron.php?doing_wp_cron=1744682751.8849139213562011718750 HTTP/1.1" 200 0 "-" "WordPress/6.7.2; https://buymedicineonlineusa.com"
216.244.66.232 - - [14/Apr/2025:22:05:51 -0400] "GET /category/adultspace-chat-2/feed/ HTTP/1.1" 404 10293 "-" "Mozilla/5.0 (compatible; DotBot/1.2; +https://opensiteexplorer.org/dotbot; help@moz.com)"
216.244.66.232 - - [14/Apr/2025:22:06:01 -0400] "GET /category/america-cash-pay-day-loan/feed/ HTTP/1.1" 404 10293 "-" "Mozilla/5.0 (compatible; DotBot/1.2; +https://opensiteexplorer.org/dotbot; help@moz.com)"
216.244.66.232 - - [14/Apr/2025:22:06:10 -0400] "GET /category/amor-en-linea-customer-service-2/feed/ HTTP/1.1" 404 10293 "-" "Mozilla/5.0 (compatible; DotBot/1.2; +https://opensiteexplorer.org/dotbot; help@moz.com)"
216.244.66.232 - - [14/Apr/2025:22:06:16 -0400] "GET /category/android-singles-2/feed/ HTTP/1.1" 404 10293 "-" "Mozilla/5.0 (compatible; DotBot/1.2; +https://opensiteexplorer.org/dotbot; help@moz.com)"
216.244.66.232 - - [14/Apr/2025:22:06:24 -0400] "GET /category/argentina-dating-reviews-2/feed/ HTTP/1.1" 404 10293 "-" "Mozilla/5.0 (compatible; DotBot/1.2; +https://opensiteexplorer.org/dotbot; help@moz.com)"
216.244.66.232 - - [14/Apr/2025:22:06:33 -0400] "GET /category/arizona-chandler-dating-sign-in-2/feed/ HTTP/1.1" 404 10293 "-" "Mozilla/5.0 (compatible; DotBot/1.2; +https://opensiteexplorer.org/dotbot; help@moz.com)"
198.54.114.83 - - [14/Apr/2025:22:06:42 -0400] "POST /wp-cron.php?doing_wp_cron=1744682801.4961960315704345703125 HTTP/1.1" 200 0 "-" "WordPress/6.7.2; https://buymedicineonlineusa.com"
216.244.66.232 - - [14/Apr/2025:22:06:41 -0400] "GET /category/bdsm-sites-real-singles-site-2/feed/ HTTP/1.1" 404 10293 "-" "Mozilla/5.0 (compatible; DotBot/1.2; +https://opensiteexplorer.org/dotbot; help@moz.com)"
198.54.114.83 - - [14/Apr/2025:22:06:55 -0400] "POST /wp-cron.php?doing_wp_cron=1744682814.6591811180114746093750 HTTP/1.1" 200 0 "-" "WordPress/6.7.2; https://buymedicineonlineusa.com"
216.244.66.232 - - [14/Apr/2025:22:06:54 -0400] "GET /category/be2-rencontre/feed/ HTTP/1.1" 404 10293 "-" "Mozilla/5.0 (compatible; DotBot/1.2; +https://opensiteexplorer.org/dotbot; help@moz.com)"
216.244.66.232 - - [14/Apr/2025:22:07:04 -0400] "GET /category/bisexual-dating-reviews-2/feed/ HTTP/1.1" 404 10293 "-" "Mozilla/5.0 (compatible; DotBot/1.2; +https://opensiteexplorer.org/dotbot; help@moz.com)"
216.244.66.232 - - [14/Apr/2025:22:07:13 -0400] "GET /category/clinton-escort-2/feed/ HTTP/1.1" 404 10293 "-" "Mozilla/5.0 (compatible; DotBot/1.2; +https://opensiteexplorer.org/dotbot; help@moz.com)"
216.244.66.232 - - [14/Apr/2025:22:07:21 -0400] "GET /category/colarspace-dating/feed/ HTTP/1.1" 404 10293 "-" "Mozilla/5.0 (compatible; DotBot/1.2; +https://opensiteexplorer.org/dotbot; help@moz.com)"
216.244.66.232 - - [14/Apr/2025:22:07:28 -0400] "GET /category/dabble-cuanto-cuesta-2/feed/ HTTP/1.1" 404 10293 "-" "Mozilla/5.0 (compatible; DotBot/1.2; +https://opensiteexplorer.org/dotbot; help@moz.com)"
198.54.114.83 - - [14/Apr/2025:22:07:36 -0400] "POST /wp-cron.php?doing_wp_cron=1744682855.7853100299835205078125 HTTP/1.1" 200 0 "-" "WordPress/6.7.2; https://buymedicineonlineusa.com"
216.244.66.232 - - [14/Apr/2025:22:07:35 -0400] "GET /category/datemyage-mobile-site-2/feed/ HTTP/1.1" 404 10293 "-" "Mozilla/5.0 (compatible; DotBot/1.2; +https://opensiteexplorer.org/dotbot; help@moz.com)"
198.54.114.83 - - [14/Apr/2025:22:07:53 -0400] "POST /wp-cron.php?doing_wp_cron=1744682872.4445910453796386718750 HTTP/1.1" 200 0 "-" "WordPress/6.7.2; https://buymedicineonlineusa.com"
216.244.66.232 - - [14/Apr/2025:22:07:52 -0400] "GET /category/fdating-dating-apps-2/feed/ HTTP/1.1" 404 10293 "-" "Mozilla/5.0 (compatible; DotBot/1.2; +https://opensiteexplorer.org/dotbot; help@moz.com)"
216.244.66.232 - - [14/Apr/2025:22:08:07 -0400] "GET /category/internationalcupid-canta-en-2/feed/ HTTP/1.1" 404 10293 "-" "Mozilla/5.0 (compatible; DotBot/1.2; +https://opensiteexplorer.org/dotbot; help@moz.com)"
216.244.66.232 - - [14/Apr/2025:22:08:21 -0400] "GET /category/island-dating-review-2/feed/ HTTP/1.1" 404 10293 "-" "Mozilla/5.0 (compatible; DotBot/1.2; +https://opensiteexplorer.org/dotbot; help@moz.com)"
216.244.66.232 - - [14/Apr/2025:22:08:33 -0400] "GET /category/ldssingles-it-review-2/feed/ HTTP/1.1" 404 10293 "-" "Mozilla/5.0 (compatible; DotBot/1.2; +https://opensiteexplorer.org/dotbot; help@moz.com)"
198.54.114.83 - - [14/Apr/2025:22:08:45 -0400] "POST /wp-cron.php?doing_wp_cron=1744682924.4882330894470214843750 HTTP/1.1" 200 0 "-" "WordPress/6.7.2; https://buymedicineonlineusa.com"
216.244.66.232 - - [14/Apr/2025:22:08:44 -0400] "GET /category/sites-de-rencontre-des-agriculteurs-avis-2/feed/ HTTP/1.1" 404 10293 "-" "Mozilla/5.0 (compatible; DotBot/1.2; +https://opensiteexplorer.org/dotbot; help@moz.com)"
198.54.114.83 - - [14/Apr/2025:22:08:55 -0400] "POST /wp-cron.php?doing_wp_cron=1744682934.7971980571746826171875 HTTP/1.1" 200 0 "-" "WordPress/6.7.2; https://buymedicineonlineusa.com"
216.244.66.232 - - [14/Apr/2025:22:08:54 -0400] "GET /category/siti-di-incontri-spirituali-visitors-2/feed/ HTTP/1.1" 404 10293 "-" "Mozilla/5.0 (compatible; DotBot/1.2; +https://opensiteexplorer.org/dotbot; help@moz.com)"
52.169.85.31 - - [14/Apr/2025:22:18:09 -0400] "GET /sts.php HTTP/1.1" 404 10293 "-" "-"
198.54.114.83 - - [14/Apr/2025:22:18:12 -0400] "POST /wp-cron.php?doing_wp_cron=1744683490.5195078849792480468750 HTTP/1.1" 200 0 "-" "WordPress/6.7.2; https://buymedicineonlineusa.com"
52.169.85.31 - - [14/Apr/2025:22:18:14 -0400] "GET /wp-hoard.php HTTP/1.1" 404 10293 "-" "-"
52.169.85.31 - - [14/Apr/2025:22:18:17 -0400] "GET /wp-l0gin.php HTTP/1.1" 404 10292 "-" "-"
52.169.85.31 - - [14/Apr/2025:22:18:20 -0400] "GET /priv8.php HTTP/1.1" 404 10293 "-" "-"
52.169.85.31 - - [14/Apr/2025:22:18:23 -0400] "GET /wp-post-editor.php HTTP/1.1" 404 10293 "-" "-"
52.169.85.31 - - [14/Apr/2025:22:18:25 -0400] "GET /404.php HTTP/1.1" 404 10292 "-" "-"
52.169.85.31 - - [14/Apr/2025:22:18:27 -0400] "GET /users.php HTTP/1.1" 404 10293 "-" "-"
52.169.85.31 - - [14/Apr/2025:22:18:31 -0400] "GET /classwithtostring.php HTTP/1.1" 404 10293 "-" "-"
52.169.85.31 - - [14/Apr/2025:22:18:35 -0400] "GET /wp-head.php HTTP/1.1" 404 10293 "-" "-"
52.169.85.31 - - [14/Apr/2025:22:18:38 -0400] "GET /admin.php HTTP/1.1" 404 10293 "-" "-"
52.169.85.31 - - [14/Apr/2025:22:18:40 -0400] "GET /about.php HTTP/1.1" 404 10293 "-" "-"
52.169.85.31 - - [14/Apr/2025:22:18:43 -0400] "GET /dropdown.php HTTP/1.1" 404 10293 "-" "-"
52.169.85.31 - - [14/Apr/2025:22:18:45 -0400] "GET /wp-header.php HTTP/1.1" 404 10292 "-" "-"
52.169.85.31 - - [14/Apr/2025:22:18:47 -0400] "GET /radio.php HTTP/1.1" 404 10293 "-" "-"
52.169.85.31 - - [14/Apr/2025:22:18:49 -0400] "GET /simple.php HTTP/1.1" 404 10293 "-" "-"
52.169.85.31 - - [14/Apr/2025:22:18:52 -0400] "GET /cong.php HTTP/1.1" 404 10293 "-" "-"
