52.168.146.151 - - [15/Apr/2025:19:43:30 -0400] "GET /rendixd.php HTTP/1.1" 404 10293 "-" "-"
52.168.146.151 - - [15/Apr/2025:19:43:31 -0400] "GET /wp-admin/css/admin.php HTTP/1.1" 404 12781 "-" "-"
52.168.146.151 - - [15/Apr/2025:19:43:33 -0400] "GET /filefuns.php HTTP/1.1" 404 10293 "-" "-"
198.54.114.83 - - [15/Apr/2025:19:43:36 -0400] "POST /wp-cron.php?doing_wp_cron=1744760615.3296329975128173828125 HTTP/1.1" 200 0 "-" "WordPress/6.7.2; https://buymedicineonlineusa.com"
52.168.146.151 - - [15/Apr/2025:19:43:34 -0400] "GET /options.php HTTP/1.1" 404 10292 "-" "-"
52.168.146.151 - - [15/Apr/2025:19:43:37 -0400] "GET /wp-includes/js/tinymce/skins/lightgray/img/index.php HTTP/1.1" 301 0 "-" "-"
52.168.146.151 - - [15/Apr/2025:19:43:38 -0400] "GET /wp-includes/js/tinymce/skins/lightgray/img/ HTTP/1.1" 403 1242 "-" "-"
52.168.146.151 - - [15/Apr/2025:19:43:39 -0400] "GET /edit.php HTTP/1.1" 404 10293 "-" "-"
52.168.146.151 - - [15/Apr/2025:19:43:40 -0400] "GET /user.php HTTP/1.1" 404 10292 "-" "-"
52.168.146.151 - - [15/Apr/2025:19:43:43 -0400] "GET /worm0.PhP7 HTTP/1.1" 404 10291 "-" "-"
52.168.146.151 - - [15/Apr/2025:19:43:44 -0400] "GET /wp-includes/js/tinymce/skins/wordpress/images/index.php HTTP/1.1" 301 0 "-" "-"
52.168.146.151 - - [15/Apr/2025:19:43:46 -0400] "GET /wp-includes/js/tinymce/skins/wordpress/images/ HTTP/1.1" 403 1242 "-" "-"
52.168.146.151 - - [15/Apr/2025:19:43:46 -0400] "GET /.well-known//.well-known/owlmailer.php HTTP/1.1" 301 0 "-" "-"
52.168.146.151 - - [15/Apr/2025:19:43:47 -0400] "GET /.well-known/.well-known/owlmailer.php HTTP/1.1" 404 12783 "-" "-"
52.168.146.151 - - [15/Apr/2025:19:43:49 -0400] "GET /wp-content/uploads/cong.php HTTP/1.1" 404 12779 "-" "-"
52.168.146.151 - - [15/Apr/2025:19:43:51 -0400] "GET /01.php HTTP/1.1" 404 10293 "-" "-"
52.168.146.151 - - [15/Apr/2025:19:43:54 -0400] "GET /wp-content/uploads/wp-login.php.suspected HTTP/1.1" 404 12792 "-" "-"
52.168.146.151 - - [15/Apr/2025:19:43:55 -0400] "GET /wp-includes/rest-api/endpoints/html.php HTTP/1.1" 404 12799 "-" "-"
52.168.146.151 - - [15/Apr/2025:19:43:57 -0400] "GET /wp-admin/js/widgets/cong.php HTTP/1.1" 404 12784 "-" "-"
52.168.146.151 - - [15/Apr/2025:19:43:59 -0400] "GET /doc.php HTTP/1.1" 404 10293 "-" "-"
52.168.146.151 - - [15/Apr/2025:19:44:00 -0400] "GET /link.php HTTP/1.1" 404 10293 "-" "-"
52.168.146.151 - - [15/Apr/2025:19:44:03 -0400] "GET /autoload_classmap.php HTTP/1.1" 404 10293 "-" "-"
52.168.146.151 - - [15/Apr/2025:19:44:05 -0400] "GET /wp-admin/js/privacy-tools.min.php HTTP/1.1" 404 12790 "-" "-"
52.168.146.151 - - [15/Apr/2025:19:44:06 -0400] "GET /wp-includes/pomo/wp-login.php HTTP/1.1" 404 12790 "-" "-"
52.168.146.151 - - [15/Apr/2025:19:44:08 -0400] "GET /db.php HTTP/1.1" 404 10293 "-" "-"
52.168.146.151 - - [15/Apr/2025:19:44:09 -0400] "GET /wp-content/uploads/error_log.php HTTP/1.1" 404 12785 "-" "-"
52.168.146.151 - - [15/Apr/2025:19:44:13 -0400] "GET /google.php HTTP/1.1" 404 10293 "-" "-"
52.168.146.151 - - [15/Apr/2025:19:44:15 -0400] "GET /wp-includes/pomo/fgertreyersd.php.suspected HTTP/1.1" 404 12799 "-" "-"
52.168.146.151 - - [15/Apr/2025:19:44:18 -0400] "GET /wp-includes/Requests/dropdown.php HTTP/1.1" 404 12786 "-" "-"
52.168.146.151 - - [15/Apr/2025:19:44:20 -0400] "GET /wp-content/install.php HTTP/1.1" 404 10293 "-" "-"
52.168.146.151 - - [15/Apr/2025:19:44:22 -0400] "GET /.well-known/admin.php HTTP/1.1" 404 10293 "-" "-"
52.168.146.151 - - [15/Apr/2025:19:44:25 -0400] "GET /revision.php HTTP/1.1" 404 10292 "-" "-"
52.168.146.151 - - [15/Apr/2025:19:44:27 -0400] "GET /css/sgd.php HTTP/1.1" 404 10293 "-" "-"
52.168.146.151 - - [15/Apr/2025:19:44:31 -0400] "GET /wp-content/plugins/index.php HTTP/1.1" 200 0 "-" "-"
114.119.137.103 - - [15/Apr/2025:19:52:40 -0400] "GET /robots.txt HTTP/1.1" 200 134 "-" "Mozilla/5.0 (compatible;PetalBot;+https://webmaster.petalsearch.com/site/petalbot)"
216.244.66.232 - - [15/Apr/2025:20:11:19 -0400] "GET /robots.txt HTTP/1.1" 304 0 "-" "Mozilla/5.0 (compatible; DotBot/1.2; +https://opensiteexplorer.org/dotbot; help@moz.com)"
198.54.114.83 - - [15/Apr/2025:20:17:59 -0400] "POST /wp-cron.php?doing_wp_cron=1744762678.8586580753326416015625 HTTP/1.1" 200 0 "-" "WordPress/6.7.2; https://buymedicineonlineusa.com"
216.244.66.232 - - [15/Apr/2025:20:17:58 -0400] "GET /mk-bags-on-sale/feed/ HTTP/1.1" 200 422 "-" "Mozilla/5.0 (compatible; DotBot/1.2; +https://opensiteexplorer.org/dotbot; help@moz.com)"
198.54.114.83 - - [15/Apr/2025:20:29:05 -0400] "POST /wp-cron.php?doing_wp_cron=1744763345.4378859996795654296875 HTTP/1.1" 200 0 "-" "WordPress/6.7.2; https://buymedicineonlineusa.com"
216.244.66.232 - - [15/Apr/2025:20:28:59 -0400] "GET /sports-handicapping-explained/feed/ HTTP/1.1" 200 430 "-" "Mozilla/5.0 (compatible; DotBot/1.2; +https://opensiteexplorer.org/dotbot; help@moz.com)"
192.42.116.198 - - [15/Apr/2025:20:34:28 -0400] "GET / HTTP/1.1" 200 97601 "buymedicineonlineusa.com" "Mozilla/5.0 (Windows NT 6.1; WOW64) AppleWebKit/534.30 (KHTML, like Gecko) Chrome/12.0.742.100 Safari/534.30"
45.84.107.198 - - [15/Apr/2025:20:35:03 -0400] "GET / HTTP/1.1" 200 97601 "http://buymedicineonlineusa.com" "Mozilla/5.0 (Windows NT 6.1; WOW64) AppleWebKit/534.30 (KHTML, like Gecko) Chrome/12.0.742.100 Safari/534.30"
196.251.80.141 - - [15/Apr/2025:20:50:18 -0400] "GET / HTTP/1.1" 200 97601 "-" "Mozilla/5.0 (Windows NT 10.0; Win64; x64) AppleWebKit/537.36 (KHTML, like Gecko) Chrome/89.0.4389.114 Safari/537.36"
196.251.80.141 - - [15/Apr/2025:20:50:19 -0400] "GET / HTTP/1.1" 200 97601 "-" "Mozilla/5.0 (Windows NT 10.0; Win64; x64) AppleWebKit/537.36 (KHTML, like Gecko) Chrome/89.0.4389.114 Safari/537.36"
198.54.114.83 - - [15/Apr/2025:20:50:25 -0400] "POST /wp-cron.php?doing_wp_cron=1744764624.5921199321746826171875 HTTP/1.1" 200 0 "-" "WordPress/6.7.2; https://buymedicineonlineusa.com"
196.251.80.141 - - [15/Apr/2025:20:50:24 -0400] "GET /wp-includes/wlwmanifest.xml HTTP/1.1" 404 10293 "-" "Mozilla/5.0 (Windows NT 10.0; Win64; x64) AppleWebKit/537.36 (KHTML, like Gecko) Chrome/89.0.4389.114 Safari/537.36"
196.251.80.141 - - [15/Apr/2025:20:50:29 -0400] "GET /?author=1 HTTP/1.1" 200 97601 "-" "Mozilla/5.0 (Windows NT 10.0; Win64; x64) AppleWebKit/537.36 (KHTML, like Gecko) Chrome/89.0.4389.114 Safari/537.36"
196.251.80.141 - - [15/Apr/2025:20:50:35 -0400] "GET /?author=2 HTTP/1.1" 200 97601 "-" "Mozilla/5.0 (Windows NT 10.0; Win64; x64) AppleWebKit/537.36 (KHTML, like Gecko) Chrome/89.0.4389.114 Safari/537.36"
196.251.80.141 - - [15/Apr/2025:20:50:37 -0400] "GET /?author=3 HTTP/1.1" 200 97601 "-" "Mozilla/5.0 (Windows NT 10.0; Win64; x64) AppleWebKit/537.36 (KHTML, like Gecko) Chrome/89.0.4389.114 Safari/537.36"
198.54.114.83 - - [15/Apr/2025:20:50:42 -0400] "POST /wp-cron.php?doing_wp_cron=1744764640.9071750640869140625000 HTTP/1.1" 200 0 "-" "WordPress/6.7.2; https://buymedicineonlineusa.com"
196.251.80.141 - - [15/Apr/2025:20:50:40 -0400] "GET /wp-json/wp/v2/users/ HTTP/1.1" 200 18210 "-" "Mozilla/5.0 (Windows NT 10.0; Win64; x64) AppleWebKit/537.36 (KHTML, like Gecko) Chrome/89.0.4389.114 Safari/537.36"
196.251.80.141 - - [15/Apr/2025:20:50:46 -0400] "GET /wp-json/oembed/1.0/embed?url=http://buymedicineonlineusa.com HTTP/1.1" 404 73 "-" "Mozilla/5.0 (Windows NT 10.0; Win64; x64) AppleWebKit/537.36 (KHTML, like Gecko) Chrome/89.0.4389.114 Safari/537.36"
135.181.180.59 - - [15/Apr/2025:20:58:15 -0400] "GET /robots.txt HTTP/1.1" 304 0 "-" "Mozilla/5.0 (compatible; MJ12bot/v1.4.8; http://mj12bot.com/)"
135.181.180.59 - - [15/Apr/2025:20:58:18 -0400] "GET /Accessoires-GPS-Portegobelet-Voiture-LMT-u-LMT-Base-Ajustable-pour-409476-Syst%C3%A8mes-de-fixation/ HTTP/1.1" 404 10293 "-" "Mozilla/5.0 (compatible; MJ12bot/v1.4.8; http://mj12bot.com/)"
135.181.180.59 - - [15/Apr/2025:20:58:21 -0400] "GET /Accessoires-GPS-RMED-T%C3%A9l%C3%A9commande-76875-GPS-et-accessoires/ HTTP/1.1" 404 10293 "-" "Mozilla/5.0 (compatible; MJ12bot/v1.4.8; http://mj12bot.com/)"
135.181.180.59 - - [15/Apr/2025:20:58:24 -0400] "GET /Accessoires-GPS-Support-pour-Guitare-Street-Singing-Paroles-Chanson-Ventouse-ventouses-Musiciens-Support-de-Guitare-836569-Syst%C3%A8mes-de-fixation/ HTTP/1.1" 404 10294 "-" "Mozilla/5.0 (compatible; MJ12bot/v1.4.8; http://mj12bot.com/)"
135.181.180.59 - - [15/Apr/2025:20:58:28 -0400] "GET /Accessoires-Gar%C3%A7on-Joules-46712-Casquettes-bonnets-et-chapeaux/ HTTP/1.1" 404 10293 "-" "Mozilla/5.0 (compatible; MJ12bot/v1.4.8; http://mj12bot.com/)"
135.181.180.59 - - [15/Apr/2025:20:58:31 -0400] "GET /Accessoires-Housse-Portefeuille-Beaulife-Peint-Flip-Coque-en-Cuir-PU-Antichoc-avec-Fonction-de-Support-Coque-de-Protection-27035-Si%C3%A8ges-auto-et-accessoires/ HTTP/1.1" 404 10293 "-" "Mozilla/5.0 (compatible; MJ12bot/v1.4.8; http://mj12bot.com/)"
135.181.180.59 - - [15/Apr/2025:20:58:33 -0400] "GET /Accessoires-Image-et-Son-Aircraft-Plug-Adaptateur-Audio-Avion-Adaptateur-pour-Prise-Jack-st%C3%A9r%C3%A9o-682443-Consommables-et-accessoires/ HTTP/1.1" 404 10293 "-" "Mozilla/5.0 (compatible; MJ12bot/v1.4.8; http://mj12bot.com/)"
198.54.114.83 - - [15/Apr/2025:20:58:39 -0400] "POST /wp-cron.php?doing_wp_cron=1744765118.6875839233398437500000 HTTP/1.1" 200 0 "-" "WordPress/6.7.2; https://buymedicineonlineusa.com"
135.181.180.59 - - [15/Apr/2025:20:58:38 -0400] "GET /Accessoires-Instax-Mini-D%C3%A9veloppement-instantan%C3%A9-Monochrome-&-Fujifilm-Instax-111526-HighTech/ HTTP/1.1" 404 10293 "-" "Mozilla/5.0 (compatible; MJ12bot/v1.4.8; http://mj12bot.com/)"
135.181.180.59 - - [15/Apr/2025:20:58:41 -0400] "GET /Accessoires-Kaporal-Gar%C3%A7on-Uni-Ensemble-422194-V%C3%AAtements/ HTTP/1.1" 404 10293 "-" "Mozilla/5.0 (compatible; MJ12bot/v1.4.8; http://mj12bot.com/)"
135.181.180.59 - - [15/Apr/2025:20:58:44 -0400] "GET /Accessoires-King-Kerosin-356473-D%C3%A9calcos-autocollants-et-aimants/ HTTP/1.1" 404 10293 "-" "Mozilla/5.0 (compatible; MJ12bot/v1.4.8; http://mj12bot.com/)"
135.181.180.59 - - [15/Apr/2025:20:58:47 -0400] "GET /Accessoires-No%C3%ABl-Famille-Casquettes-de-F%C3%AAte-Jamron-Femmes-Unisexe-Fille-176578-V%C3%AAtements/ HTTP/1.1" 404 10293 "-" "Mozilla/5.0 (compatible; MJ12bot/v1.4.8; http://mj12bot.com/)"
135.181.180.59 - - [15/Apr/2025:20:58:50 -0400] "GET /Accessoires-OUNONA-Plaque-%C3%A0-Gaz-Protection-Gas-Hob-416215-Gros-%C3%A9lectrom%C3%A9nager/ HTTP/1.1" 404 10293 "-" "Mozilla/5.0 (compatible; MJ12bot/v1.4.8; http://mj12bot.com/)"
198.54.114.83 - - [15/Apr/2025:20:58:53 -0400] "POST /wp-cron.php?doing_wp_cron=1744765133.5879349708557128906250 HTTP/1.1" 200 0 "-" "WordPress/6.7.2; https://buymedicineonlineusa.com"
135.181.180.59 - - [15/Apr/2025:20:58:53 -0400] "GET /Accessoires-Organisateur-De-Soute-Arri%C3%A8re-Banquette-en-Maille-Pcs-Konesky-Voiture-493462-B%C3%A9b%C3%A9-&-Pu%C3%A9riculture/ HTTP/1.1" 404 10293 "-" "Mozilla/5.0 (compatible; MJ12bot/v1.4.8; http://mj12bot.com/)"
135.181.180.59 - - [15/Apr/2025:20:58:56 -0400] "GET /Accessoires-Plaies-Premiers-Secours-Fournitures-HEALLILY-Pcs-Tampons-de-Gaze-M%C3%A9dicale-%C3%89ponge-350722-Sports-et-Loisirs/ HTTP/1.1" 404 10293 "-" "Mozilla/5.0 (compatible; MJ12bot/v1.4.8; http://mj12bot.com/)"
135.181.180.59 - - [15/Apr/2025:20:58:58 -0400] "GET /Accessoires-Pot-FLAMEER-Panier-%C3%A0-Vapeur-pour-Accessoires-Instant-Pot-Panier-Accessoires-pour-Cocottes-sous-84168-Paniers-cuitvapeur/ HTTP/1.1" 404 10293 "-" "Mozilla/5.0 (compatible; MJ12bot/v1.4.8; http://mj12bot.com/)"
135.181.180.59 - - [15/Apr/2025:20:59:01 -0400] "GET /Accessoires-Pro-M%C3%A9caniques-%C3%97-bouton-plaqu%C3%A9-de-chrome-pour-Guitare-454541-Pi%C3%A8ces-pour-guitare-classique-et-acoustique/ HTTP/1.1" 404 10293 "-" "Mozilla/5.0 (compatible; MJ12bot/v1.4.8; http://mj12bot.com/)"
135.181.180.59 - - [15/Apr/2025:20:59:04 -0400] "GET /Accessoires-Protecteur-%C3%A9tanche-%C3%A0-la-poussi%C3%A8re-pour-remorque-SUV-et-de-Nombreux-v%C3%A9hiculesdiam%C3%A8tre-Balle-de-Tennis-10411-Pneus-et-jantes/ HTTP/1.1" 404 10294 "-" "Mozilla/5.0 (compatible; MJ12bot/v1.4.8; http://mj12bot.com/)"
135.181.180.59 - - [15/Apr/2025:20:59:07 -0400] "GET /Accessoires-Rouge-v%C3%A9ritable-Vintage-Avec-Boucle-en-Relief-990-V%C3%AAtements/ HTTP/1.1" 404 10293 "-" "Mozilla/5.0 (compatible; MJ12bot/v1.4.8; http://mj12bot.com/)"
135.181.180.59 - - [15/Apr/2025:20:59:11 -0400] "GET /Accessoires-Sac-de-Rangement-Imperm%C3%A9able-Multifonction-C%C3%A2ble-117153-Sacs-dagencement-de-c%C3%A2bles/ HTTP/1.1" 404 10293 "-" "Mozilla/5.0 (compatible; MJ12bot/v1.4.8; http://mj12bot.com/)"
135.181.180.59 - - [15/Apr/2025:20:59:14 -0400] "GET /Accessoires-Ski-Genuine-mm-Diam%C3%A8tre-Yamaha-Diapason-D%C3%A9calcomanie-AutoAdh%C3%A9sive-Embl%C3%A8me-Logo-Noir-Atv-661950-Auto-et-Moto/ HTTP/1.1" 404 10293 "-" "Mozilla/5.0 (compatible; MJ12bot/v1.4.8; http://mj12bot.com/)"
135.181.180.59 - - [15/Apr/2025:20:59:17 -0400] "GET /Accessoires-SoutienGorge-Avec-Crochets-SoutienGorge-Extender-Strap-Pour-Femmes-Rang%C3%A9es-Crochets-Sangle-72054-Extensions-pour-soutiengorge/ HTTP/1.1" 404 10293 "-" "Mozilla/5.0 (compatible; MJ12bot/v1.4.8; http://mj12bot.com/)"
135.181.180.59 - - [15/Apr/2025:20:59:22 -0400] "GET /Accessoires-WC-Accessoires-De-Salle-De-Bains-YHSGY-PortePapier-110733-Ameublement-et-d%C3%A9coration/ HTTP/1.1" 404 10293 "-" "Mozilla/5.0 (compatible; MJ12bot/v1.4.8; http://mj12bot.com/)"
135.181.180.59 - - [15/Apr/2025:20:59:26 -0400] "GET /Accessoires-WC-Bain-en-Acier-Inoxydable-Ensemble-de-Brosse-de-Toilette-Or-poign%C3%A9e-Brosse-de-Toilette-Brosse-131864-Cuisine-&-Maison/ HTTP/1.1" 404 10293 "-" "Mozilla/5.0 (compatible; MJ12bot/v1.4.8; http://mj12bot.com/)"
2001:41d0:303:88a4::1 - - [15/Apr/2025:20:59:28 -0400] "GET /robots.txt HTTP/1.1" 304 0 "-" "Mozilla/5.0 (compatible; MJ12bot/v1.4.8; http://mj12bot.com/)"
135.181.180.59 - - [15/Apr/2025:20:59:29 -0400] "GET /Accessoires-WC-Bo%C3%AEte-de-Rangement-pour-Papier-Toilette-en-Bambou-Id%C3%A9al-pour-11737-Portepapier-toilette/ HTTP/1.1" 404 10293 "-" "Mozilla/5.0 (compatible; MJ12bot/v1.4.8; http://mj12bot.com/)"
2001:41d0:303:88a4::1 - - [15/Apr/2025:20:59:31 -0400] "GET /Papier-%C3%A0-lettre-kartos-219096-Papier-de-correspondance/ HTTP/1.1" 404 10293 "-" "Mozilla/5.0 (compatible; MJ12bot/v1.4.8; http://mj12bot.com/)"
135.181.180.59 - - [15/Apr/2025:20:59:32 -0400] "GET /Accessoires-WC-Souple-et-R%C3%A9sistante-Taille-r%C3%A9guli%C3%A8re-SupportBlanc-Joseph-848761-Brosses-WC-et-supports/ HTTP/1.1" 404 10293 "-" "Mozilla/5.0 (compatible; MJ12bot/v1.4.8; http://mj12bot.com/)"
2001:41d0:303:88a4::1 - - [15/Apr/2025:20:59:33 -0400] "GET /Papiers-et-papeterie-D%C3%A9copatch-Pochette-de-Feuilles-Identiques-133086-Cuisine-&-Maison/ HTTP/1.1" 404 10293 "-" "Mozilla/5.0 (compatible; MJ12bot/v1.4.8; http://mj12bot.com/)"
198.54.114.83 - - [15/Apr/2025:20:59:36 -0400] "POST /wp-cron.php?doing_wp_cron=1744765175.6075620651245117187500 HTTP/1.1" 200 0 "-" "WordPress/6.7.2; https://buymedicineonlineusa.com"
135.181.180.59 - - [15/Apr/2025:20:59:35 -0400] "GET /Accessoires-WC-pour-Mur-Table-Salle-de-Bain-Cuisine-H%C3%B4tel-Argent-Portepapier-Toilette-Mural-Support-Distributeur-73438-Salle-de-bain-et-WC/ HTTP/1.1" 404 10293 "-" "Mozilla/5.0 (compatible; MJ12bot/v1.4.8; http://mj12bot.com/)"
2001:41d0:303:88a4::1 - - [15/Apr/2025:20:59:36 -0400] "GET /Papiers-et-papeterie-Little-Girl-Ballon-Mylar-Airbrush-Peinture-murale-Art-Pochoir-119599-Loisirs-cr%C3%A9atifs/ HTTP/1.1" 404 10293 "-" "Mozilla/5.0 (compatible; MJ12bot/v1.4.8; http://mj12bot.com/)"
135.181.180.59 - - [15/Apr/2025:20:59:38 -0400] "GET /Accessoires-Yamaha-Yzf-R-YzfR-Ornoir-Tankpad-tank-pad-d-sticker-protection-544763-Motos-accessoires-et-pi%C3%A8ces/ HTTP/1.1" 404 10293 "-" "Mozilla/5.0 (compatible; MJ12bot/v1.4.8; http://mj12bot.com/)"
2001:41d0:303:88a4::1 - - [15/Apr/2025:20:59:39 -0400] "GET /Pi%C3%A8ces-de-rechange-pour-cordon-dalimentation-en-Acier-Inoxydable-IP-Colonne-d%C3%A9nergie-dext%C3%A9rieur-Jusqu%C3%A0-W-Carr%C3%A9-x-x-cm-327949-Fiches-de-rechange/ HTTP/1.1" 404 10293 "-" "Mozilla/5.0 (compatible; MJ12bot/v1.4.8; http://mj12bot.com/)"
135.181.180.59 - - [15/Apr/2025:20:59:40 -0400] "GET /Accessoires-Yzf-R-YzfR-Argent-Tankpad-tank-pad-d-sticker-protection-de-272725-D%C3%A9calcos-autocollants-et-aimants/ HTTP/1.1" 404 10293 "-" "Mozilla/5.0 (compatible; MJ12bot/v1.4.8; http://mj12bot.com/)"
2001:41d0:303:88a4::1 - - [15/Apr/2025:20:59:41 -0400] "GET /Pi%C3%A8ces-de-robinets-Mm-Diam%C3%A8Tre-Ext%C3%A9Rieur-Mm-Haude-Joints-Toriques-270561-Joints-toriques/ HTTP/1.1" 404 10293 "-" "Mozilla/5.0 (compatible; MJ12bot/v1.4.8; http://mj12bot.com/)"
135.181.180.59 - - [15/Apr/2025:20:59:43 -0400] "GET /Accessoires-auto-Diam%C3%A8tre-cm-Color-Blue-Convient-for-Volkswagen-D%C3%A9coration-de-bouton-de-d%C3%A9marrage-280719-Caches-de-volant/ HTTP/1.1" 404 10293 "-" "Mozilla/5.0 (compatible; MJ12bot/v1.4.8; http://mj12bot.com/)"
2001:41d0:303:88a4::1 - - [15/Apr/2025:20:59:43 -0400] "GET /Pi%C3%A8ces-de-robinets-Universel-Robinet-Remplacement-Pi%C3%A8ce-pour-Salle-Bain-sourcing-46925-A%C3%A9rateurs/ HTTP/1.1" 404 10293 "-" "Mozilla/5.0 (compatible; MJ12bot/v1.4.8; http://mj12bot.com/)"
135.181.180.59 - - [15/Apr/2025:20:59:45 -0400] "GET /Accessoires-auto-Distill%C3%A9e%20-%202%20L-200-Auto-et-Moto/ HTTP/1.1" 404 10293 "-" "Mozilla/5.0 (compatible; MJ12bot/v1.4.8; http://mj12bot.com/)"
2001:41d0:303:88a4::1 - - [15/Apr/2025:20:59:45 -0400] "GET /Pi%C3%A8ces-de-robinets-antiretour-Grohe-332189-Tiges/ HTTP/1.1" 404 10293 "-" "Mozilla/5.0 (compatible; MJ12bot/v1.4.8; http://mj12bot.com/)"
135.181.180.59 - - [15/Apr/2025:20:59:47 -0400] "GET /Accessoires-auto-convertisseur-de-tension-de-voiture-R%C3%A9gulateur-de-tension-CC-meilleure-dissipation-thermique-r%C3%A9gulateur-de-667401-Convertisseurs-%C3%A9lectriques/ HTTP/1.1" 404 10293 "-" "Mozilla/5.0 (compatible; MJ12bot/v1.4.8; http://mj12bot.com/)"
2001:41d0:303:88a4::1 - - [15/Apr/2025:20:59:47 -0400] "GET /Pi%C3%A8ces-de-robinets-d%C3%A9tanch%C3%A9it%C3%A9-Bagues-d%C3%A9tanch%C3%A9it%C3%A9-joints-mmx45mmx2mm-uxcell-joints-toriques-en-39680-Joints-toriques/ HTTP/1.1" 404 10293 "-" "Mozilla/5.0 (compatible; MJ12bot/v1.4.8; http://mj12bot.com/)"
135.181.180.59 - - [15/Apr/2025:20:59:50 -0400] "GET /Accessoires-auto-en-Affichage-num%C3%A9rique-amp%C3%A8rem%C3%A8tre-voltm%C3%A8tre-Thermom%C3%A8tre-V-708521-Auto-et-Moto/ HTTP/1.1" 404 10293 "-" "Mozilla/5.0 (compatible; MJ12bot/v1.4.8; http://mj12bot.com/)"
198.54.114.83 - - [15/Apr/2025:20:59:51 -0400] "POST /wp-cron.php?doing_wp_cron=1744765191.2829051017761230468750 HTTP/1.1" 200 0 "-" "WordPress/6.7.2; https://buymedicineonlineusa.com"
2001:41d0:303:88a4::1 - - [15/Apr/2025:20:59:50 -0400] "GET /Pi%C3%A8ces-de-robinets-mm-x-mm-mm-OD-duret%C3%A9-de-rivage-646939-Plomberie/ HTTP/1.1" 404 10293 "-" "Mozilla/5.0 (compatible; MJ12bot/v1.4.8; http://mj12bot.com/)"
135.181.180.59 - - [15/Apr/2025:20:59:52 -0400] "GET /Accessoires-auto-teint%C3%A9-pr%C3%A9d%C3%A9coup%C3%A9-pour-fen%C3%AAtre-Opel-Astra-H-Portes-Hatch-378197-Auto-et-Moto/ HTTP/1.1" 404 10293 "-" "Mozilla/5.0 (compatible; MJ12bot/v1.4.8; http://mj12bot.com/)"
2001:41d0:303:88a4::1 - - [15/Apr/2025:20:59:53 -0400] "GET /Pi%C3%A8ces-de-robinets-mural-de-douche-pour-barre-477009-Si%C3%A8ges-et-ressorts/ HTTP/1.1" 404 10293 "-" "Mozilla/5.0 (compatible; MJ12bot/v1.4.8; http://mj12bot.com/)"
135.181.180.59 - - [15/Apr/2025:20:59:56 -0400] "GET /Accessoires-avec-Support-de-T%C3%AAte-%C3%A0-Couche-1-Assises-si%C3%A8ges-auto/ HTTP/1.1" 404 10293 "-" "Mozilla/5.0 (compatible; MJ12bot/v1.4.8; http://mj12bot.com/)"
2001:41d0:303:88a4::1 - - [15/Apr/2025:20:59:57 -0400] "GET /Pi%C3%A8ces-de-robinets-tour-Soutiengorge-de-rechange-en-c%C3%A9ramique-843169-Cartouches/ HTTP/1.1" 404 10293 "-" "Mozilla/5.0 (compatible; MJ12bot/v1.4.8; http://mj12bot.com/)"
135.181.180.59 - - [15/Apr/2025:20:59:58 -0400] "GET /Accessoires-avec-boucle-en-m%C3%A9tal-Tactical-Heavy-Duty-Ceinture-FEIKCOR-Ceinture-162085-Ceintures/ HTTP/1.1" 404 10292 "-" "Mozilla/5.0 (compatible; MJ12bot/v1.4.8; http://mj12bot.com/)"
2001:41d0:303:88a4::1 - - [15/Apr/2025:21:00:00 -0400] "GET /Pi%C3%A8ces-d%C3%A9tach%C3%A9es-2%20reposepieds-pour-v%C3%A9lo-BMX-%20mm-373612-Pegs/ HTTP/1.1" 404 10293 "-" "Mozilla/5.0 (compatible; MJ12bot/v1.4.8; http://mj12bot.com/)"
135.181.180.59 - - [15/Apr/2025:21:00:03 -0400] "GET /Accessoires-avec-maille-caoutchout%C3%A9e-pi%C3%A8ces-m-pliable-557074-Sports-et-Loisirs/ HTTP/1.1" 404 10293 "-" "Mozilla/5.0 (compatible; MJ12bot/v1.4.8; http://mj12bot.com/)"
2001:41d0:303:88a4::1 - - [15/Apr/2025:21:00:04 -0400] "GET /Pi%C3%A8ces-d%C3%A9tach%C3%A9es-68062RS-Roulement-en-acier-inoxydable-x-x-mm-ABEC-RS-pour-v%C3%A9lo-BB30-147327-Cyclisme/ HTTP/1.1" 404 10293 "-" "Mozilla/5.0 (compatible; MJ12bot/v1.4.8; http://mj12bot.com/)"
135.181.180.59 - - [15/Apr/2025:21:00:07 -0400] "GET /Accessoires-chasseur-Calibre-mm-mm-H-HILABEE-pcs-Kit-de-Nettoyage-Portable-585673-Entretien-et-r%C3%A9paration/ HTTP/1.1" 404 10293 "-" "Mozilla/5.0 (compatible; MJ12bot/v1.4.8; http://mj12bot.com/)"
2001:41d0:303:88a4::1 - - [15/Apr/2025:21:00:08 -0400] "GET /Pi%C3%A8ces-d%C3%A9tach%C3%A9es-Accessoire-Tige-de-Tube-de-v%C3%A9lo-en-Alliage-Aluminium-Alunimium-93105-Potences/ HTTP/1.1" 404 10293 "-" "Mozilla/5.0 (compatible; MJ12bot/v1.4.8; http://mj12bot.com/)"
135.181.180.59 - - [15/Apr/2025:21:00:11 -0400] "GET /Accessoires-chaussures-et-entretien-Chaussures-Chaussures-De-Couvertures-De-Pluie-V%C3%A9lo-pour-Tous-Les-Surchaussures-Cyclisme-Leggings-138739-Couvrechaussures/ HTTP/1.1" 404 10293 "-" "Mozilla/5.0 (compatible; MJ12bot/v1.4.8; http://mj12bot.com/)"
2001:41d0:303:88a4::1 - - [15/Apr/2025:21:00:11 -0400] "GET /Pi%C3%A8ces-d%C3%A9tach%C3%A9es-Adulte-Multicolore-%20mm-x-%20mm-118825-Roues/ HTTP/1.1" 404 10293 "-" "Mozilla/5.0 (compatible; MJ12bot/v1.4.8; http://mj12bot.com/)"
135.181.180.59 - - [15/Apr/2025:21:00:15 -0400] "GET /Accessoires-chaussures-et-entretien-Hommes-et-Les-Femmes-Adultes-RetroFun-Lazy-Shoe-Helper-pi%C3%A8ces-Portable-Sock-Slider-160005-Chaussepieds/ HTTP/1.1" 404 10292 "-" "Mozilla/5.0 (compatible; MJ12bot/v1.4.8; http://mj12bot.com/)"
2001:41d0:303:88a4::1 - - [15/Apr/2025:21:00:16 -0400] "GET /Pi%C3%A8ces-d%C3%A9tach%C3%A9es-Boulons-M-x-mm-Vis-%C3%A0-t%C3%AAte-Creuse-%C3%A0-Six-pans-Creux-pour-la-Montagne-de-222944-Vis/ HTTP/1.1" 404 10292 "-" "Mozilla/5.0 (compatible; MJ12bot/v1.4.8; http://mj12bot.com/)"
2001:41d0:303:88a4::1 - - [15/Apr/2025:21:00:18 -0400] "GET /Pi%C3%A8ces-d%C3%A9tach%C3%A9es-Buying-attractively-Welcometo-Pneu-Solide-Pneu-Antid%C3%A9flagrant-de-Rechange-de-Roue-de-p%C3%A9dale-de-403781-Roues/ HTTP/1.1" 404 10293 "-" "Mozilla/5.0 (compatible; MJ12bot/v1.4.8; http://mj12bot.com/)"
135.181.180.59 - - [15/Apr/2025:21:00:19 -0400] "GET /Accessoires-chaussures-et-entretien-Imperm%C3%A9able-Nylon-pour-Voyage-Multioclore-x-Chytaii-Sac-Pochette-22619-Chaussures-et-Sacs/ HTTP/1.1" 404 10293 "-" "Mozilla/5.0 (compatible; MJ12bot/v1.4.8; http://mj12bot.com/)"
2001:41d0:303:88a4::1 - - [15/Apr/2025:21:00:22 -0400] "GET /Pi%C3%A8ces-d%C3%A9tach%C3%A9es-C%C3%B4t%C3%A9-Support-antid%C3%A9rapant-Taille-%20-%20cm-Extrbici-V%C3%A9lo-VTT-Recharge-%C3%A9paisse-Solide-Pieds-Support-99345-B%C3%A9quilles/ HTTP/1.1" 404 10293 "-" "Mozilla/5.0 (compatible; MJ12bot/v1.4.8; http://mj12bot.com/)"
135.181.180.59 - - [15/Apr/2025:21:00:23 -0400] "GET /Accessoires-chaussures-et-entretien-Perfetto-Daim-Chaussures-Brosse-%C3%A0-38565-Brosses-%C3%A0-chaussures/ HTTP/1.1" 404 10293 "-" "Mozilla/5.0 (compatible; MJ12bot/v1.4.8; http://mj12bot.com/)"
2001:41d0:303:88a4::1 - - [15/Apr/2025:21:00:25 -0400] "GET /Pi%C3%A8ces-d%C3%A9tach%C3%A9es-Death-Poign%C3%A9e-112651-Cyclisme/ HTTP/1.1" 404 10293 "-" "Mozilla/5.0 (compatible; MJ12bot/v1.4.8; http://mj12bot.com/)"
135.181.180.59 - - [15/Apr/2025:21:00:27 -0400] "GET /Accessoires-chaussures-et-entretien-Sadapte-%C3%80-Votre-Talon-Ne-D%C3%A9truit-Plus-Le-Talon-De-La-36045-Chaussepieds/ HTTP/1.1" 404 10293 "-" "Mozilla/5.0 (compatible; MJ12bot/v1.4.8; http://mj12bot.com/)"
2001:41d0:303:88a4::1 - - [15/Apr/2025:21:00:28 -0400] "GET /Pi%C3%A8ces-d%C3%A9tach%C3%A9es-Extr%C3%A9mit%C3%A9-V%C3%A9lo-de-Route-Alliage-Daluminium-Bouchons-End-Caps-pour-V%C3%A9lo-de-Montagne-VTT-BMX-344671-Cyclisme/ HTTP/1.1" 404 10293 "-" "Mozilla/5.0 (compatible; MJ12bot/v1.4.8; http://mj12bot.com/)"
135.181.180.59 - - [15/Apr/2025:21:00:30 -0400] "GET /Accessoires-claviers-et-souris-Tactile-MacBook-Pro-num%C3%A9ro-de-mod%C3%A8le-A-UPPERCASE-GhostCover-Housse-de-210785-Housses-de-protection/ HTTP/1.1" 404 10293 "-" "Mozilla/5.0 (compatible; MJ12bot/v1.4.8; http://mj12bot.com/)"
2001:41d0:303:88a4::1 - - [15/Apr/2025:21:00:31 -0400] "GET /Pi%C3%A8ces-d%C3%A9tach%C3%A9es-Femmes-poign%C3%A9es-Confortables-de-T-SHOWGG-LampeTorche-de-b%C3%A2ton-de-la-Jeunesse-LED-Canne-r%C3%A9glable-243279-Cyclisme/ HTTP/1.1" 404 10293 "-" "Mozilla/5.0 (compatible; MJ12bot/v1.4.8; http://mj12bot.com/)"
135.181.180.59 - - [15/Apr/2025:21:00:34 -0400] "GET /Accessoires-de-Coupe-ajust%C3%A9e-Prise-Confortable-Plus-S-Plus-Roi-Housse-antid%C3%A9rapante-Wellcoda-584641-Etuis/ HTTP/1.1" 404 10293 "-" "Mozilla/5.0 (compatible; MJ12bot/v1.4.8; http://mj12bot.com/)"
198.54.114.83 - - [15/Apr/2025:21:00:36 -0400] "POST /wp-cron.php?doing_wp_cron=1744765235.1841349601745605468750 HTTP/1.1" 200 0 "-" "WordPress/6.7.2; https://buymedicineonlineusa.com"
2001:41d0:303:88a4::1 - - [15/Apr/2025:21:00:34 -0400] "GET /Pi%C3%A8ces-d%C3%A9tach%C3%A9es-GPDOTWMVBP-Stickers-Fork-Rock-Shox-Boxxer-World-Cup-78926-Sports-et-Loisirs/ HTTP/1.1" 404 10293 "-" "Mozilla/5.0 (compatible; MJ12bot/v1.4.8; http://mj12bot.com/)"
135.181.180.59 - - [15/Apr/2025:21:00:37 -0400] "GET /Accessoires-de-baignoire-Ultra-Doux-antid%C3%A9rapant-en-Microfibre-%20x-%20x-%20cm-Blanc-105493-Tapis-de-baignoire/ HTTP/1.1" 404 10293 "-" "Mozilla/5.0 (compatible; MJ12bot/v1.4.8; http://mj12bot.com/)"
2001:41d0:303:88a4::1 - - [15/Apr/2025:21:00:39 -0400] "GET /Pi%C3%A8ces-d%C3%A9tach%C3%A9es-Guitare-Folk-pour-Enfants-t%C3%AAtes-de-Machine-Droite-Denkerm-92137-Pi%C3%A8ces-pour-guitare-classique-et-acoustique/ HTTP/1.1" 404 10293 "-" "Mozilla/5.0 (compatible; MJ12bot/v1.4.8; http://mj12bot.com/)"
2001:41d0:303:88a4::1 - - [15/Apr/2025:21:00:42 -0400] "GET /Pi%C3%A8ces-d%C3%A9tach%C3%A9es-Mini-Lomo-cartes-Cadeau-Parfait-pour-les-Fans-NA-NA-901905-Pi%C3%A8ces-d%C3%A9tach%C3%A9es-pour-guitare-%C3%A9lectrique/ HTTP/1.1" 404 10293 "-" "Mozilla/5.0 (compatible; MJ12bot/v1.4.8; http://mj12bot.com/)"
135.181.180.59 - - [15/Apr/2025:21:00:41 -0400] "GET /Accessoires-de-poussettes-CLAN-Parasol-pour-Poussette-OrientableD%C3%A9tachable-702541-Paresoleils-et-ombrelles/ HTTP/1.1" 404 10293 "-" "Mozilla/5.0 (compatible; MJ12bot/v1.4.8; http://mj12bot.com/)"
2001:41d0:303:88a4::1 - - [15/Apr/2025:21:00:45 -0400] "GET /Pi%C3%A8ces-d%C3%A9tach%C3%A9es-Motodak-Pneu-Cyclo-x-103477-Pneus/ HTTP/1.1" 404 10293 "-" "Mozilla/5.0 (compatible; MJ12bot/v1.4.8; http://mj12bot.com/)"
135.181.180.59 - - [15/Apr/2025:21:00:45 -0400] "GET /Accessoires-de-poussettes-ForyourLittleOne-Parasol-Compatible-avec-Easywalker-142506-B%C3%A9b%C3%A9-&-Pu%C3%A9riculture/ HTTP/1.1" 404 10293 "-" "Mozilla/5.0 (compatible; MJ12bot/v1.4.8; http://mj12bot.com/)"
135.181.180.59 - - [15/Apr/2025:21:00:49 -0400] "GET /Accessoires-de-poussettes-universel-pour-poussette-et-poussette-Lascal-BB11077-470122-B%C3%A9b%C3%A9-&-Pu%C3%A9riculture/ HTTP/1.1" 404 10293 "-" "Mozilla/5.0 (compatible; MJ12bot/v1.4.8; http://mj12bot.com/)"
2001:41d0:303:88a4::1 - - [15/Apr/2025:21:00:49 -0400] "GET /Pi%C3%A8ces-d%C3%A9tach%C3%A9es-Noir-Shsyue-Pcs-Moyeu-Arri%C3%A8re-en-Alliage-daluminium-pour-VTT-Trou-184402-Sports-et-Loisirs/ HTTP/1.1" 404 10293 "-" "Mozilla/5.0 (compatible; MJ12bot/v1.4.8; http://mj12bot.com/)"
135.181.180.59 - - [15/Apr/2025:21:00:53 -0400] "GET /Accessoires-de-voyage-Sacs-%C3%A0-cosm%C3%A9tiques-pour-Le-Maquillage-Cosm%C3%A9tique-Organisateur-Multifonction-Kit-%C3%A0-glissi%C3%A8re-%C3%A9tui-%C3%A0-Crayons-159559-Accessoires/ HTTP/1.1" 404 10293 "-" "Mozilla/5.0 (compatible; MJ12bot/v1.4.8; http://mj12bot.com/)"
198.54.114.83 - - [15/Apr/2025:21:00:54 -0400] "POST /wp-cron.php?doing_wp_cron=1744765253.8059659004211425781250 HTTP/1.1" 200 0 "-" "WordPress/6.7.2; https://buymedicineonlineusa.com"
2001:41d0:303:88a4::1 - - [15/Apr/2025:21:00:53 -0400] "GET /Pi%C3%A8ces-d%C3%A9tach%C3%A9es-Paires-dhalt%C3%A8res-de-v%C3%A9lo-pour-657805-Guidolines/ HTTP/1.1" 404 10293 "-" "Mozilla/5.0 (compatible; MJ12bot/v1.4.8; http://mj12bot.com/)"
135.181.180.59 - - [15/Apr/2025:21:00:57 -0400] "GET /Accessoires-de-voyage-de-Cube-Voyage-Ensemble-Complet-de-diff%C3%A9rents-Sacs-Set-Voyage-Id%C3%A9al-pour-V%C3%AAtements-Bteng-Organisateur-de-Bagage-71406-Bagages/ HTTP/1.1" 404 10293 "-" "Mozilla/5.0 (compatible; MJ12bot/v1.4.8; http://mj12bot.com/)"
2001:41d0:303:88a4::1 - - [15/Apr/2025:21:00:58 -0400] "GET /Pi%C3%A8ces-d%C3%A9tach%C3%A9es-Pedale-abnehmbar-908527-Cyclisme/ HTTP/1.1" 404 10293 "-" "Mozilla/5.0 (compatible; MJ12bot/v1.4.8; http://mj12bot.com/)"
135.181.180.59 - - [15/Apr/2025:21:01:00 -0400] "GET /Accessoires-de-voyage-de-Frais-P%C3%A8se-Bagage-Poche-422010-Bagages/ HTTP/1.1" 404 10290 "-" "Mozilla/5.0 (compatible; MJ12bot/v1.4.8; http://mj12bot.com/)"
2001:41d0:303:88a4::1 - - [15/Apr/2025:21:01:02 -0400] "GET /Pi%C3%A8ces-d%C3%A9tach%C3%A9es-Plus-Cork-de-Fixation-Tape-584536-Guidolines/ HTTP/1.1" 404 10291 "-" "Mozilla/5.0 (compatible; MJ12bot/v1.4.8; http://mj12bot.com/)"
135.181.180.59 - - [15/Apr/2025:21:01:05 -0400] "GET /Accessoires-d%C3%A9dicac%C3%A9e-de-Cristiano-Ronaldo-The-Freekick-Real-Madrid-Format-666181-Echarpes/ HTTP/1.1" 404 10291 "-" "Mozilla/5.0 (compatible; MJ12bot/v1.4.8; http://mj12bot.com/)"
2001:41d0:303:88a4::1 - - [15/Apr/2025:21:01:06 -0400] "GET /Pi%C3%A8ces-d%C3%A9tach%C3%A9es-Poign%C3%A9e-Mousse-Nano-99786-Sports-et-Loisirs/ HTTP/1.1" 404 10291 "-" "Mozilla/5.0 (compatible; MJ12bot/v1.4.8; http://mj12bot.com/)"
135.181.180.59 - - [15/Apr/2025:21:01:08 -0400] "GET /Accessoires-et-protections-pour-le-jardinage-Plante-Graines-de-haricots-longs-pcs-Graines-De-Haricots-684445-Bo%C3%AEtes-%C3%A0-graines-et-organiseurs/ HTTP/1.1" 404 10291 "-" "Mozilla/5.0 (compatible; MJ12bot/v1.4.8; http://mj12bot.com/)"
2001:41d0:303:88a4::1 - - [15/Apr/2025:21:01:10 -0400] "GET /Pi%C3%A8ces-d%C3%A9tach%C3%A9es-Poign%C3%A9es-de-Guidon-de-v%C3%A9lo-CarbonEnmy-VTT-antid%C3%A9rapante-180921-Guidolines/ HTTP/1.1" 404 10292 "-" "Mozilla/5.0 (compatible; MJ12bot/v1.4.8; http://mj12bot.com/)"
135.181.180.59 - - [15/Apr/2025:21:01:13 -0400] "GET /Accessoires-et-protections-pour-le-jardinage-de-Cuisine-Luerme-Tablier-de-Travail-de-Famille-de-Tablier-de-Denim-r%C3%A9sistant-Unisexe-%C3%A0-la-Mode-des-521275-Jardinage/ HTTP/1.1" 404 10292 "-" "Mozilla/5.0 (compatible; MJ12bot/v1.4.8; http://mj12bot.com/)"
2001:41d0:303:88a4::1 - - [15/Apr/2025:21:01:14 -0400] "GET /Pi%C3%A8ces-d%C3%A9tach%C3%A9es-Porte-Plaque-de-Num%C3%A9ro-Accessoire-pour-V%C3%A9lo-de-Course-Homyl-pcs-777259-Cyclisme/ HTTP/1.1" 404 10291 "-" "Mozilla/5.0 (compatible; MJ12bot/v1.4.8; http://mj12bot.com/)"
135.181.180.59 - - [15/Apr/2025:21:01:17 -0400] "GET /Accessoires-g%C3%A9n%C3%A9riques-406%20cm-dorchestre-%C3%A0-65173-Baguettes-de-chef-dorchestre/ HTTP/1.1" 404 10292 "-" "Mozilla/5.0 (compatible; MJ12bot/v1.4.8; http://mj12bot.com/)"
2001:41d0:303:88a4::1 - - [15/Apr/2025:21:01:19 -0400] "GET /Pi%C3%A8ces-d%C3%A9tach%C3%A9es-Pouces-CST-pour-Trottinette-%C3%A9lectrique-Xiaomi-M-S-Essential-Pro-793116-Roues/ HTTP/1.1" 404 10292 "-" "Mozilla/5.0 (compatible; MJ12bot/v1.4.8; http://mj12bot.com/)"
135.181.180.59 - - [15/Apr/2025:21:01:20 -0400] "GET /Accessoires-hiver-chaud-polaire-gants-in-135443-Gar%C3%A7on/ HTTP/1.1" 404 10292 "-" "Mozilla/5.0 (compatible; MJ12bot/v1.4.8; http://mj12bot.com/)"
2001:41d0:303:88a4::1 - - [15/Apr/2025:21:01:22 -0400] "GET /Pi%C3%A8ces-d%C3%A9tach%C3%A9es-P%C3%A9dales-VTT-P%C3%A9dale-VTT-Cyclisme-sur-Route-d%C3%A9quitation-en-Alliage-Wellgo-P%C3%A9dale-822925-P%C3%A9dales/ HTTP/1.1" 404 10292 "-" "Mozilla/5.0 (compatible; MJ12bot/v1.4.8; http://mj12bot.com/)"
135.181.180.59 - - [15/Apr/2025:21:01:23 -0400] "GET /Accessoires-instantan%C3%A9-en-n%C3%A9opr%C3%A8ne-Noir-DURAGADGET-Tour-de-Cou-pour-Fujifilm-Instax-673830-HighTech/ HTTP/1.1" 404 10292 "-" "Mozilla/5.0 (compatible; MJ12bot/v1.4.8; http://mj12bot.com/)"
2001:41d0:303:88a4::1 - - [15/Apr/2025:21:01:26 -0400] "GET /Pi%C3%A8ces-d%C3%A9tach%C3%A9es-SHIMANO-CNHG-fach-Chain-173881-D%C3%A9railleurs/ HTTP/1.1" 404 10292 "-" "Mozilla/5.0 (compatible; MJ12bot/v1.4.8; http://mj12bot.com/)"
135.181.180.59 - - [15/Apr/2025:21:01:27 -0400] "GET /Accessoires-noir-K-&-M-31525-Tabourets-banquettes-et-si%C3%A8ges/ HTTP/1.1" 404 10292 "-" "Mozilla/5.0 (compatible; MJ12bot/v1.4.8; http://mj12bot.com/)"
135.181.180.59 - - [15/Apr/2025:21:01:29 -0400] "GET /Accessoires-paire-de-gant-PAT-PATROUILLE-3-Gar%C3%A7on/ HTTP/1.1" 404 10292 "-" "Mozilla/5.0 (compatible; MJ12bot/v1.4.8; http://mj12bot.com/)"
2001:41d0:303:88a4::1 - - [15/Apr/2025:21:01:29 -0400] "GET /Pi%C3%A8ces-d%C3%A9tach%C3%A9es-STEF-Levier-de-frein-de-vitesse-56647-Cyclisme/ HTTP/1.1" 404 10292 "-" "Mozilla/5.0 (compatible; MJ12bot/v1.4.8; http://mj12bot.com/)"
135.181.180.59 - - [15/Apr/2025:21:01:32 -0400] "GET /Accessoires-pi%C3%A8ces-Extension-de-Valve-Dangle-degr%C3%A9s-pour-Moto-Moto-Scooter-Extension-de-Valve-de-Pneu-Valve-Dangle-309801-Extensions-de-valve/ HTTP/1.1" 404 10292 "-" "Mozilla/5.0 (compatible; MJ12bot/v1.4.8; http://mj12bot.com/)"
2001:41d0:303:88a4::1 - - [15/Apr/2025:21:01:33 -0400] "GET /Pi%C3%A8ces-d%C3%A9tach%C3%A9es-Skate-Low-Soft-A-Rouge-784999-Skateboard/ HTTP/1.1" 404 10292 "-" "Mozilla/5.0 (compatible; MJ12bot/v1.4.8; http://mj12bot.com/)"
198.54.114.83 - - [15/Apr/2025:21:01:40 -0400] "POST /wp-cron.php?doing_wp_cron=1744765297.8828909397125244140625 HTTP/1.1" 200 0 "-" "WordPress/6.7.2; https://buymedicineonlineusa.com"
2001:41d0:303:88a4::1 - - [15/Apr/2025:21:01:36 -0400] "GET /Pi%C3%A8ces-d%C3%A9tach%C3%A9es-St%C3%BCck-Sram-MTB-164488-Cintres/ HTTP/1.1" 404 10292 "-" "Mozilla/5.0 (compatible; MJ12bot/v1.4.8; http://mj12bot.com/)"
198.54.114.83 - - [15/Apr/2025:21:01:40 -0400] "POST /wp-cron.php?doing_wp_cron=1744765297.6203889846801757812500 HTTP/1.1" 200 0 "-" "WordPress/6.7.2; https://buymedicineonlineusa.com"
135.181.180.59 - - [15/Apr/2025:21:01:35 -0400] "GET /Accessoires-pour-Les-Entreprises-en-d%C3%A9placement-Noir-WiFi-Diyeeni-Traducteur-multilingue-Hors-Ligne-Intelligent-traducteur-89221-Accessoires-de-dictionnaires-th%C3%A9saurus-et-traducteurs-%C3%A9lectroniques/ HTTP/1.1" 404 10292 "-" "Mozilla/5.0 (compatible; MJ12bot/v1.4.8; http://mj12bot.com/)"
2001:41d0:303:88a4::1 - - [15/Apr/2025:21:01:43 -0400] "GET /Pi%C3%A8ces-d%C3%A9tach%C3%A9es-SunRace-BBS-VierkantInnenlager-310301-Axes-de-p%C3%A9dalier/ HTTP/1.1" 404 10292 "-" "Mozilla/5.0 (compatible; MJ12bot/v1.4.8; http://mj12bot.com/)"
135.181.180.59 - - [15/Apr/2025:21:01:45 -0400] "GET /Accessoires-pour-b%C3%A9b%C3%A9-adultes-Animal-R%C3%A9troviseur-s%C3%A9curitaire-d%C3%A9formable-clair-Babyinview-suspendu-si%C3%A8ges-89849-Miroirs-auto-b%C3%A9b%C3%A9s/ HTTP/1.1" 404 10292 "-" "Mozilla/5.0 (compatible; MJ12bot/v1.4.8; http://mj12bot.com/)"
135.181.180.59 - - [15/Apr/2025:21:01:48 -0400] "GET /Accessoires-pour-le-repassage-manchons-x-cm-housse-en-coton-fleur-verte-blanche-AUTUUCKEE-Table-%C3%A0-478675-Fers-centrales-vapeur-et-accessoires/ HTTP/1.1" 404 10292 "-" "Mozilla/5.0 (compatible; MJ12bot/v1.4.8; http://mj12bot.com/)"
2001:41d0:303:88a4::1 - - [15/Apr/2025:21:01:48 -0400] "GET /Pi%C3%A8ces-d%C3%A9tach%C3%A9es-Trottinette-Freestyle-Poign%C3%A9e-Aqua-Purple-234342-Sports-et-Loisirs/ HTTP/1.1" 404 10292 "-" "Mozilla/5.0 (compatible; MJ12bot/v1.4.8; http://mj12bot.com/)"
198.54.114.83 - - [15/Apr/2025:21:01:56 -0400] "POST /wp-cron.php?doing_wp_cron=1744765314.7438600063323974609375 HTTP/1.1" 200 0 "-" "WordPress/6.7.2; https://buymedicineonlineusa.com"
198.54.114.83 - - [15/Apr/2025:21:01:56 -0400] "POST /wp-cron.php?doing_wp_cron=1744765314.7413079738616943359375 HTTP/1.1" 200 0 "-" "WordPress/6.7.2; https://buymedicineonlineusa.com"
135.181.180.59 - - [15/Apr/2025:21:01:54 -0400] "GET /Accessoires-pour-outillage-%C3%A9lectroportatif-20PCS-de-remplacement-universel-Lames-Fit-Fein-Multimaster-Milwaukee-Makita-Rockwell-et-plus-Bosch-27089-Accessoires-pour-outils-oscillants/ HTTP/1.1" 404 10292 "-" "Mozilla/5.0 (compatible; MJ12bot/v1.4.8; http://mj12bot.com/)"
2001:41d0:303:88a4::1 - - [15/Apr/2025:21:01:54 -0400] "GET /Pi%C3%A8ces-d%C3%A9tach%C3%A9es-VTT-SRAM-GX-V-TYPE-146065-D%C3%A9railleurs/ HTTP/1.1" 404 10292 "-" "Mozilla/5.0 (compatible; MJ12bot/v1.4.8; http://mj12bot.com/)"
135.181.180.59 - - [15/Apr/2025:21:01:59 -0400] "GET /Accessoires-pour-outillage-%C3%A9lectroportatif-Expert-%20mm-Sciecloche-avec-pointe-en-69205-Sciescloches/ HTTP/1.1" 404 10292 "-" "Mozilla/5.0 (compatible; MJ12bot/v1.4.8; http://mj12bot.com/)"
2001:41d0:303:88a4::1 - - [15/Apr/2025:21:01:59 -0400] "GET /Pi%C3%A8ces-d%C3%A9tach%C3%A9es-XT-RD-de-%20sgsl-%20Vitesses-195928-D%C3%A9railleurs/ HTTP/1.1" 404 10293 "-" "Mozilla/5.0 (compatible; MJ12bot/v1.4.8; http://mj12bot.com/)"
2001:41d0:303:88a4::1 - - [15/Apr/2025:21:02:03 -0400] "GET /Pi%C3%A8ces-d%C3%A9tach%C3%A9es-auto-pr%C3%A9chauffage-Bosch-458553-D%C3%A9marreurs/ HTTP/1.1" 404 10294 "-" "Mozilla/5.0 (compatible; MJ12bot/v1.4.8; http://mj12bot.com/)"
135.181.180.59 - - [15/Apr/2025:21:02:03 -0400] "GET /Accessoires-pour-portes-et-loquets-5M-AutoAdh%C3%A9sif-Type-D-Portes-&-Fen%C3%AAtres-Bandes-d%C3%A9tanch%C3%A9it%C3%A9-en-104076-Boudins-de-portes-et-isolation/ HTTP/1.1" 404 10293 "-" "Mozilla/5.0 (compatible; MJ12bot/v1.4.8; http://mj12bot.com/)"
135.181.180.59 - - [15/Apr/2025:21:02:07 -0400] "GET /Accessoires-pour-portes-et-loquets-AUA-SIGNALETIQUE-x-mm-Plaque-de-porte-Aluminium-bross%C3%A9-imprim%C3%A9-161301-Plaques-de-portes/ HTTP/1.1" 404 10293 "-" "Mozilla/5.0 (compatible; MJ12bot/v1.4.8; http://mj12bot.com/)"
2001:41d0:303:88a4::1 - - [15/Apr/2025:21:02:07 -0400] "GET /Pi%C3%A8ces-d%C3%A9tach%C3%A9es-jeu-de-direction-179553-Roulements/ HTTP/1.1" 404 10293 "-" "Mozilla/5.0 (compatible; MJ12bot/v1.4.8; http://mj12bot.com/)"
135.181.180.59 - - [15/Apr/2025:21:02:10 -0400] "GET /Accessoires-pour-portes-et-loquets-de-porte-Cam%C3%A9ra-Sonnette-avec-vision-nocturne-Grand-Angle-enregistrement-vid%C3%A9o-de-Photo-VBESTLIFE-433721-Judas/ HTTP/1.1" 404 10293 "-" "Mozilla/5.0 (compatible; MJ12bot/v1.4.8; http://mj12bot.com/)"
2001:41d0:303:88a4::1 - - [15/Apr/2025:21:02:11 -0400] "GET /Pi%C3%A8ces-et-accessoires-de-hotte-Bouteilles-et-raisins-255200-Gros-%C3%A9lectrom%C3%A9nager/ HTTP/1.1" 404 10293 "-" "Mozilla/5.0 (compatible; MJ12bot/v1.4.8; http://mj12bot.com/)"
135.181.180.59 - - [15/Apr/2025:21:02:14 -0400] "GET /Accessoires-pour-tente-B%C3%A2che-Serrure-Poign%C3%A9e-Attache-Fournitures-de-Plein-Air-Pratiques-Pi%C3%A8ces-Clips-de-Tente-328469-Piquets-de-tente/ HTTP/1.1" 404 10293 "-" "Mozilla/5.0 (compatible; MJ12bot/v1.4.8; http://mj12bot.com/)"
2001:41d0:303:88a4::1 - - [15/Apr/2025:21:02:14 -0400] "GET /Pi%C3%A8ces-et-accessoires-des-m%C3%A9nages-Filtres-R%C3%A9frig%C3%A9rateur-Filtre-%C3%A0-Eau-de-Rechange-pour-LT-Charbon-Actif-58267-Pi%C3%A8ces-et-accessoires-pour-r%C3%A9frig%C3%A9rateurs/ HTTP/1.1" 404 10293 "-" "Mozilla/5.0 (compatible; MJ12bot/v1.4.8; http://mj12bot.com/)"
2001:41d0:303:88a4::1 - - [15/Apr/2025:21:02:18 -0400] "GET /Pi%C3%A8ces-et-accessoires-ensemble-batteur-robot-KENWOOD-556013-Pi%C3%A8ces-de-rechange-pour-robots/ HTTP/1.1" 404 10293 "-" "Mozilla/5.0 (compatible; MJ12bot/v1.4.8; http://mj12bot.com/)"
135.181.180.59 - - [15/Apr/2025:21:02:18 -0400] "GET /Accessoires-pour-tente-Secours-en-Montagne-LYMRope-Corde-descalade-Mm-De-Diam%C3%A8tre-Taille-m-M%C3%A8tres-9002-Sports-et-Loisirs/ HTTP/1.1" 404 10293 "-" "Mozilla/5.0 (compatible; MJ12bot/v1.4.8; http://mj12bot.com/)"
2001:41d0:303:88a4::1 - - [15/Apr/2025:21:02:22 -0400] "GET /Pi%C3%A8ces-et-accessoires-joint-pour-friteuse-Actifry-Tefal-%C3%A9quivalent-%C3%A0%20-123462-Cuisine-&-Maison/ HTTP/1.1" 404 10293 "-" "Mozilla/5.0 (compatible; MJ12bot/v1.4.8; http://mj12bot.com/)"
135.181.180.59 - - [15/Apr/2025:21:02:23 -0400] "GET /Accessoires-sacs-%C3%A0-dos-Adapt%C3%A9-%C3%80-L%C3%A9cole-De-Randonn%C3%A9e-Ordinateur-Portable-Vintage-Sac-%C3%80-Dos-en-Plein-Air-De-Voyage-%C3%89tanche-Toile-68779-Camping-et-randonn%C3%A9e/ HTTP/1.1" 404 10293 "-" "Mozilla/5.0 (compatible; MJ12bot/v1.4.8; http://mj12bot.com/)"
2001:41d0:303:88a4::1 - - [15/Apr/2025:21:02:27 -0400] "GET /Pi%C3%A8ces-et-accessoires-pour-campingcar-Bienvenue-Projecteur-Logo-Fant%C3%B4me-Ombre-Lumi%C3%A8re-for-Renault-Logo-Car-Car-Styling-Accessoires-SHIYMYBD-Emitting-57391-%C3%89clairage/ HTTP/1.1" 404 10293 "-" "Mozilla/5.0 (compatible; MJ12bot/v1.4.8; http://mj12bot.com/)"
135.181.180.59 - - [15/Apr/2025:21:02:27 -0400] "GET /Accessoires-sacs-%C3%A0-dos-Voyage-Camping-avec-Sangle-r%C3%A9glable-antid%C3%A9rapante-et-Bande-r%C3%A9fl%C3%A9chissante-pour-randonn%C3%A9e-Cyclisme-Azarxis-93849-Housses-de-sac-%C3%A0-dos/ HTTP/1.1" 404 10293 "-" "Mozilla/5.0 (compatible; MJ12bot/v1.4.8; http://mj12bot.com/)"
2001:41d0:303:88a4::1 - - [15/Apr/2025:21:02:30 -0400] "GET /Pi%C3%A8ces-et-accessoires-pour-campingcar-rabattable-PANO-Boxer-Ducato-X2502902006-131596-Housses-pour-campingcar-et-caravane/ HTTP/1.1" 404 10293 "-" "Mozilla/5.0 (compatible; MJ12bot/v1.4.8; http://mj12bot.com/)"
135.181.180.59 - - [15/Apr/2025:21:02:30 -0400] "GET /Accessoires-sacs-%C3%A0-dos-antid%C3%A9rapants-pour-Fitness-avec-halt%C3%A9rophilie-Orange-XL-YGQersh-633163-Camping-et-randonn%C3%A9e/ HTTP/1.1" 404 10293 "-" "Mozilla/5.0 (compatible; MJ12bot/v1.4.8; http://mj12bot.com/)"
135.181.180.59 - - [15/Apr/2025:21:02:36 -0400] "GET /Accessoires-t%C3%A9l%C3%A9phones-portables-SmartphoneTablette-avec-un-Top-Interchangeable-Carte-du-Monde-sur-40979-T%C3%A9l%C3%A9phones-portables-et-accessoires/ HTTP/1.1" 404 10293 "-" "Mozilla/5.0 (compatible; MJ12bot/v1.4.8; http://mj12bot.com/)"
2001:41d0:303:88a4::1 - - [15/Apr/2025:21:02:35 -0400] "GET /Pi%C3%A8ces-et-accessoires-pour-s%C3%A8chelinge-Hotpoint-Ariston-Kit-original-749656-Pi%C3%A8ces-et-accessoires-pour-s%C3%A8chelinges/ HTTP/1.1" 404 10293 "-" "Mozilla/5.0 (compatible; MJ12bot/v1.4.8; http://mj12bot.com/)"
198.54.114.83 - - [15/Apr/2025:21:02:37 -0400] "POST /wp-cron.php?doing_wp_cron=1744765355.5362219810485839843750 HTTP/1.1" 200 0 "-" "WordPress/6.7.2; https://buymedicineonlineusa.com"
135.181.180.59 - - [15/Apr/2025:21:02:38 -0400] "GET /Accessoires-t%C3%A9l%C3%A9phones-portables-Transparent-pour-Design-Phrase-damour-Samsung-Galaxy-Note-Coque-en-Silicone-125311-T%C3%A9l%C3%A9phones-portables-et-accessoires/ HTTP/1.1" 404 10293 "-" "Mozilla/5.0 (compatible; MJ12bot/v1.4.8; http://mj12bot.com/)"
2001:41d0:303:88a4::1 - - [15/Apr/2025:21:02:38 -0400] "GET /Pi%C3%A8ces-et-accessoires-%C3%89ponges-Recharge-Diffuseur-Coton-B%C3%A2tons-Pcs-x-mm-Zerodis-B%C3%A2tons-619906-Cuisine-&-Maison/ HTTP/1.1" 404 10293 "-" "Mozilla/5.0 (compatible; MJ12bot/v1.4.8; http://mj12bot.com/)"
135.181.180.59 - - [15/Apr/2025:21:02:43 -0400] "GET /Accessoires-t%C3%A9l%C3%A9phones-portables-Votre-Cou-Cordon-de-Suspension-Coque-Lanyard-Sangle-Cha%C3%AEne-Knok-Coque-Collier-Tour-de-45231-T%C3%A9l%C3%A9phones-portables-et-accessoires/ HTTP/1.1" 404 10293 "-" "Mozilla/5.0 (compatible; MJ12bot/v1.4.8; http://mj12bot.com/)"
2001:41d0:303:88a4::1 - - [15/Apr/2025:21:02:45 -0400] "GET /Pi%C3%A8ces-et-accessoires-%C3%A0-charbon-actif-pour-hotte-PKM-CF-Respekta-MIZ-KlarsteinLorea-Baumatic-278455-Pi%C3%A8ces-et-accessoires-pour-hottes-aspirantes/ HTTP/1.1" 404 10293 "-" "Mozilla/5.0 (compatible; MJ12bot/v1.4.8; http://mj12bot.com/)"
135.181.180.59 - - [15/Apr/2025:21:02:48 -0400] "GET /Accessoires-t%C3%A9l%C3%A9phones-portables-Wired-Perches-Selfie-183466-HighTech/ HTTP/1.1" 404 10293 "-" "Mozilla/5.0 (compatible; MJ12bot/v1.4.8; http://mj12bot.com/)"
2001:41d0:303:88a4::1 - - [15/Apr/2025:21:02:49 -0400] "GET /Pi%C3%A8ces-et-%C3%A9quipements-pour-v%C3%A9hicules-agricoles-GD-GX-Rampe-Fermeture-Poign%C3%A9e-%C3%A0-levier%20-%20non-OEM%20-GP-et-241273-Pneus-et-roues/ HTTP/1.1" 404 10293 "-" "Mozilla/5.0 (compatible; MJ12bot/v1.4.8; http://mj12bot.com/)"
135.181.180.59 - - [15/Apr/2025:21:02:51 -0400] "GET /Accessoires-%C3%A9tanche-%C3%A0-la-poussi%C3%A8re-V-X-Grossissement-Loupe-Extender-Capuchon-Optique-Angle-de-253817-Viseurs/ HTTP/1.1" 404 10293 "-" "Mozilla/5.0 (compatible; MJ12bot/v1.4.8; http://mj12bot.com/)"
2001:41d0:303:88a4::1 - - [15/Apr/2025:21:02:51 -0400] "GET /Planche-%C3%A0-voile-de-Chaise-Longue-de-Flotteur-de-Fauteuil-de-lit-de-hamac-Gonflable-764065-Flotteurs/ HTTP/1.1" 404 10293 "-" "Mozilla/5.0 (compatible; MJ12bot/v1.4.8; http://mj12bot.com/)"
135.181.180.59 - - [15/Apr/2025:21:02:54 -0400] "GET /Adh%C3%A9sifs-libre-adh%C3%A9sif-patches-305002-Fournitures-de-bureau/ HTTP/1.1" 404 10293 "-" "Mozilla/5.0 (compatible; MJ12bot/v1.4.8; http://mj12bot.com/)"
2001:41d0:303:88a4::1 - - [15/Apr/2025:21:02:55 -0400] "GET /Planches-%C3%A0-d%C3%A9couper-en-Bois-de-Bamboo-Planche-en-Bois-%C3%89paisse-Multifonction-pour-Viande-Pain-Fromage-L%C3%A9gumes-x31cm-Billot-de-511681-Planches-%C3%A0-d%C3%A9couper-%C3%A9paisses/ HTTP/1.1" 404 10293 "-" "Mozilla/5.0 (compatible; MJ12bot/v1.4.8; http://mj12bot.com/)"
135.181.180.59 - - [15/Apr/2025:21:02:58 -0400] "GET /Adultes-Danse-du-Ventre-Dance-Fairy-Pixie-Halloween-No%C3%ABl-Cosplay-WUPYI-LED-Isis-Ailes-dIsis-400905-Fantaisie-et-Specialty/ HTTP/1.1" 404 10293 "-" "Mozilla/5.0 (compatible; MJ12bot/v1.4.8; http://mj12bot.com/)"
2001:41d0:303:88a4::1 - - [15/Apr/2025:21:02:59 -0400] "GET /Plantes-dext%C3%A9rieur-50Pcs-Begonia-Seeds-Double-Color-Blue-Coleus-Begonia-Flower-Seeds-Bonsai-Plants-Balcony-199949-Fleurs/ HTTP/1.1" 404 10293 "-" "Mozilla/5.0 (compatible; MJ12bot/v1.4.8; http://mj12bot.com/)"
135.181.180.59 - - [15/Apr/2025:21:03:03 -0400] "GET /Adultes-Mode-Charme-Color%C3%A9-Belle-Longue-Cosplay-Full-Lace-Front-507350-V%C3%AAtements/ HTTP/1.1" 404 10292 "-" "Mozilla/5.0 (compatible; MJ12bot/v1.4.8; http://mj12bot.com/)"
2001:41d0:303:88a4::1 - - [15/Apr/2025:21:03:03 -0400] "GET /Plantes-dext%C3%A9rieur-Hauteur-cm-Plante-d%E2%80%99ext%C3%A9rieur-Olea-EuropeanaCipressino-Olivier-Arbre-457112-Fruits/ HTTP/1.1" 404 10293 "-" "Mozilla/5.0 (compatible; MJ12bot/v1.4.8; http://mj12bot.com/)"
135.181.180.59 - - [15/Apr/2025:21:03:06 -0400] "GET /Adultes-Unisex-Fancy-Dress-Hat-BlueWhite-Men%E2%80%99s-Ladies-836756-V%C3%AAtements/ HTTP/1.1" 404 10293 "-" "Mozilla/5.0 (compatible; MJ12bot/v1.4.8; http://mj12bot.com/)"
2001:41d0:303:88a4::1 - - [15/Apr/2025:21:03:10 -0400] "GET /Plantes-dext%C3%A9rieur-Plantes-vivaces-r%C3%A9sistante-au-froid-en-rocailles-en-bordures-Risitar-Graines-sur-murets-Rare-36043-Plantes-graines-et-bulbes/ HTTP/1.1" 404 10293 "-" "Mozilla/5.0 (compatible; MJ12bot/v1.4.8; http://mj12bot.com/)"
135.181.180.59 - - [15/Apr/2025:21:03:11 -0400] "GET /Adultes-avec-PomponD%C3%A9guisement-D%C3%A9coration-de-No%C3%ABl-Costume-Cosplay-Bonnet-Nouveaut%C3%A9-en-Rayure-Rouge-et-Blanc-Bonnet-de-P%C3%A8re-286060-D%C3%A9guisements-et-accessoires/ HTTP/1.1" 404 10293 "-" "Mozilla/5.0 (compatible; MJ12bot/v1.4.8; http://mj12bot.com/)"
2001:41d0:303:88a4::1 - - [15/Apr/2025:21:03:15 -0400] "GET /Plantes-dext%C3%A9rieur-basilic-cannelle-g-bio-graines-73664-L%C3%A9gumes/ HTTP/1.1" 404 10293 "-" "Mozilla/5.0 (compatible; MJ12bot/v1.4.8; http://mj12bot.com/)"
135.181.180.59 - - [15/Apr/2025:21:03:16 -0400] "GET /Alimentation-en-carburant-de-Moteur-%C3%A0-Temps-avec-C%C3%A2ble-Dacc%C3%A9l%C3%A9rateur-de-Filtre-60281-Carburateurs/ HTTP/1.1" 404 10293 "-" "Mozilla/5.0 (compatible; MJ12bot/v1.4.8; http://mj12bot.com/)"
2001:41d0:303:88a4::1 - - [15/Apr/2025:21:03:18 -0400] "GET /Plantes-dext%C3%A9rieur-doux-nain-Acacia-174336-Haies-et-arbustes/ HTTP/1.1" 404 10293 "-" "Mozilla/5.0 (compatible; MJ12bot/v1.4.8; http://mj12bot.com/)"
135.181.180.59 - - [15/Apr/2025:21:03:19 -0400] "GET /Alimentation-et-accessoires-suppl%C3%A9mentaire-avec-produits-C%C3%A9liane-with-Netatmo-avec-Plaque-M%C3%A9tal-499059-Consommables-et-accessoires/ HTTP/1.1" 404 10293 "-" "Mozilla/5.0 (compatible; MJ12bot/v1.4.8; http://mj12bot.com/)"
2001:41d0:303:88a4::1 - - [15/Apr/2025:21:03:22 -0400] "GET /Plantes-dint%C3%A9rieur-Fen%C3%AAtre-Graines-d%C3%A9pinards-deau-pcs-Benoon-Graines-D%C3%A9pinards-Deau-Sac-De-22981-Bonsa%C3%AFs/ HTTP/1.1" 404 10293 "-" "Mozilla/5.0 (compatible; MJ12bot/v1.4.8; http://mj12bot.com/)"
135.181.180.59 - - [15/Apr/2025:21:03:23 -0400] "GET /Ampoules-DIrradiation-Jusqu%C3%A0-M%C2%B2-Cikonielf-Lampe-Germicide-UV-St%C3%A9Rilisation-D%C3%A9Sinfection-Assainissement-avec-Bo%C3%AETier-11709-Ampoules-UV/ HTTP/1.1" 404 10293 "-" "Mozilla/5.0 (compatible; MJ12bot/v1.4.8; http://mj12bot.com/)"
2001:41d0:303:88a4::1 - - [15/Apr/2025:21:03:26 -0400] "GET /Plantes-dint%C3%A9rieur-Graines-De-Phyllostachys-Graines-Vertes-Naturelles-Fra%C3%AEches-Sans-Odeur-Graines-De-Poac%C3%A9es-Vertes-67801-Bonsa%C3%AFs/ HTTP/1.1" 404 10293 "-" "Mozilla/5.0 (compatible; MJ12bot/v1.4.8; http://mj12bot.com/)"
135.181.180.59 - - [15/Apr/2025:21:03:27 -0400] "GET /Am%C3%A9nagements-int%C3%A9rieurs-Amovible-Topist-paire-Voiture-Rembourrage-De-Ceinture-De-S%C3%A9curit%C3%A9-Coussinets-dEpaule-Prot%C3%A8geceintures-12121-Rembourrage-de-ceinture-de-s%C3%A9curit%C3%A9/ HTTP/1.1" 404 10293 "-" "Mozilla/5.0 (compatible; MJ12bot/v1.4.8; http://mj12bot.com/)"
2001:41d0:303:88a4::1 - - [15/Apr/2025:21:03:30 -0400] "GET /Plantes-dint%C3%A9rieur-Parfum%C3%A9-Jardin-Plante-Multiflora-Fleur-Graines-Rouge-Guajave-496001-Fleurs/ HTTP/1.1" 404 10293 "-" "Mozilla/5.0 (compatible; MJ12bot/v1.4.8; http://mj12bot.com/)"
135.181.180.59 - - [15/Apr/2025:21:03:31 -0400] "GET /Am%C3%A9nagements-int%C3%A9rieurs-Auto-vis-%C3%A9crous-Fixation-Panneau-garnissage-Porte-sourcing-58545-%C3%89crous-et-boulons/ HTTP/1.1" 404 10293 "-" "Mozilla/5.0 (compatible; MJ12bot/v1.4.8; http://mj12bot.com/)"
