52.164.184.234 - - [15/Apr/2025:09:48:23 -0400] "GET /server.php HTTP/1.1" 404 10293 "-" "-"
52.164.184.234 - - [15/Apr/2025:09:48:26 -0400] "GET /wp-includes/fw.php HTTP/1.1" 404 10292 "-" "-"
52.164.184.234 - - [15/Apr/2025:09:48:29 -0400] "GET /4.php HTTP/1.1" 404 10293 "-" "-"
52.164.184.234 - - [15/Apr/2025:09:48:34 -0400] "GET /5.php HTTP/1.1" 404 10293 "-" "-"
52.164.184.234 - - [15/Apr/2025:09:48:39 -0400] "GET /images/about.php HTTP/1.1" 404 10293 "-" "-"
52.164.184.234 - - [15/Apr/2025:09:48:43 -0400] "GET /xmlrpc.php HTTP/1.1" 405 60 "-" "-"
198.54.114.83 - - [15/Apr/2025:09:48:46 -0400] "POST /wp-cron.php?doing_wp_cron=1744724923.9686210155487060546875 HTTP/1.1" 200 0 "-" "WordPress/6.7.2; https://buymedicineonlineusa.com"
52.164.184.234 - - [15/Apr/2025:09:48:47 -0400] "GET /wp-load.php HTTP/1.1" 200 0 "-" "-"
52.164.184.234 - - [15/Apr/2025:09:48:50 -0400] "GET /wp-login.php HTTP/1.1" 302 0 "-" "-"
52.164.184.234 - - [15/Apr/2025:09:48:56 -0400] "GET /wp-admin/fw.php HTTP/1.1" 404 10293 "-" "-"
52.164.184.234 - - [15/Apr/2025:09:49:00 -0400] "GET /mari.php HTTP/1.1" 404 10293 "-" "-"
52.164.184.234 - - [15/Apr/2025:09:49:03 -0400] "GET /swm.php HTTP/1.1" 404 10293 "-" "-"
52.164.184.234 - - [15/Apr/2025:09:49:07 -0400] "GET /wp-admin/radio.php HTTP/1.1" 404 10293 "-" "-"
52.164.184.234 - - [15/Apr/2025:09:49:10 -0400] "GET /wp-includes/about.php HTTP/1.1" 404 10293 "-" "-"
52.164.184.234 - - [15/Apr/2025:09:49:12 -0400] "GET /wp-content/wso.php HTTP/1.1" 404 10293 "-" "-"
52.164.184.234 - - [15/Apr/2025:09:49:16 -0400] "GET /wp-admin/wso.php HTTP/1.1" 404 10293 "-" "-"
52.164.184.234 - - [15/Apr/2025:09:49:19 -0400] "GET /w3llstore.php HTTP/1.1" 404 10293 "-" "-"
52.164.184.234 - - [15/Apr/2025:09:49:22 -0400] "GET /wp-content/fx.php HTTP/1.1" 404 10293 "-" "-"
52.164.184.234 - - [15/Apr/2025:09:49:23 -0400] "GET /wp-content/x.php HTTP/1.1" 404 10293 "-" "-"
52.164.184.234 - - [15/Apr/2025:09:49:26 -0400] "GET /wp-admin/alfa.php HTTP/1.1" 404 10293 "-" "-"
52.164.184.234 - - [15/Apr/2025:09:49:29 -0400] "GET /gank.php HTTP/1.1" 404 10293 "-" "-"
52.164.184.234 - - [15/Apr/2025:09:49:32 -0400] "GET /style.php HTTP/1.1" 404 10293 "-" "-"
52.164.184.234 - - [15/Apr/2025:09:49:35 -0400] "GET /s_e.php HTTP/1.1" 404 10293 "-" "-"
52.164.184.234 - - [15/Apr/2025:09:49:38 -0400] "GET /s_ne.php HTTP/1.1" 404 10293 "-" "-"
52.164.184.234 - - [15/Apr/2025:09:49:42 -0400] "GET /beence.php HTTP/1.1" 404 10293 "-" "-"
52.164.184.234 - - [15/Apr/2025:09:49:45 -0400] "GET /wp-signin.php HTTP/1.1" 404 10292 "-" "-"
198.54.114.83 - - [15/Apr/2025:09:49:47 -0400] "POST /wp-cron.php?doing_wp_cron=1744724985.1618950366973876953125 HTTP/1.1" 200 0 "-" "WordPress/6.7.2; https://buymedicineonlineusa.com"
52.164.184.234 - - [15/Apr/2025:09:49:48 -0400] "GET /moduless.php HTTP/1.1" 404 10292 "-" "-"
52.164.184.234 - - [15/Apr/2025:09:49:52 -0400] "GET /export.php HTTP/1.1" 404 10293 "-" "-"
52.164.184.234 - - [15/Apr/2025:09:49:54 -0400] "GET /legion.php HTTP/1.1" 404 10293 "-" "-"
52.164.184.234 - - [15/Apr/2025:09:49:56 -0400] "GET /system_log.php HTTP/1.1" 404 10293 "-" "-"
52.164.184.234 - - [15/Apr/2025:09:49:58 -0400] "GET /shells.php HTTP/1.1" 404 10293 "-" "-"
52.164.184.234 - - [15/Apr/2025:09:50:02 -0400] "GET /wp-includes/wp-atom.php HTTP/1.1" 301 0 "-" "-"
52.164.184.234 - - [15/Apr/2025:09:50:10 -0400] "GET /wp-content/plugins/ubh/up.php HTTP/1.1" 404 12781 "-" "-"
52.164.184.234 - - [15/Apr/2025:09:50:14 -0400] "GET /wp-content/mu-plugins/db-safe-mode.php HTTP/1.1" 404 12788 "-" "-"
52.164.184.234 - - [15/Apr/2025:09:50:17 -0400] "GET /wp-content/db-cache.php HTTP/1.1" 404 10293 "-" "-"
52.164.184.234 - - [15/Apr/2025:09:50:21 -0400] "GET /wp-content/plugins/backup_index.php HTTP/1.1" 404 12785 "-" "-"
52.164.184.234 - - [15/Apr/2025:09:50:25 -0400] "GET /wp-content/themes/config.bak.php HTTP/1.1" 404 12780 "-" "-"
52.164.184.234 - - [15/Apr/2025:09:50:28 -0400] "GET /wp-includes/images/css.php HTTP/1.1" 404 12785 "-" "-"
52.164.184.234 - - [15/Apr/2025:09:50:31 -0400] "GET /wp-includes/css/css.php HTTP/1.1" 404 12785 "-" "-"
52.164.184.234 - - [15/Apr/2025:09:50:34 -0400] "GET /wp-content/uploads/wp-stream.php HTTP/1.1" 404 12785 "-" "-"
52.164.184.234 - - [15/Apr/2025:09:50:36 -0400] "GET /wp-beckup.php HTTP/1.1" 404 10292 "-" "-"
52.164.184.234 - - [15/Apr/2025:09:50:38 -0400] "GET /wp-blog-post.php HTTP/1.1" 404 10293 "-" "-"
52.164.184.234 - - [15/Apr/2025:09:50:41 -0400] "GET /wp-content/uploads/wp-blockdown.php HTTP/1.1" 404 12782 "-" "-"
52.164.184.234 - - [15/Apr/2025:09:50:44 -0400] "GET /wp-admin/includes/class-wp-media-list-data.php HTTP/1.1" 404 12796 "-" "-"
52.164.184.234 - - [15/Apr/2025:09:50:46 -0400] "GET /wp-admin/style.php HTTP/1.1" 404 10293 "-" "-"
198.54.114.83 - - [15/Apr/2025:09:50:49 -0400] "POST /wp-cron.php?doing_wp_cron=1744725046.7399530410766601562500 HTTP/1.1" 200 0 "-" "WordPress/6.7.2; https://buymedicineonlineusa.com"
52.164.184.234 - - [15/Apr/2025:09:50:50 -0400] "GET /6.php HTTP/1.1" 404 10293 "-" "-"
52.164.184.234 - - [15/Apr/2025:09:50:52 -0400] "GET /7.php HTTP/1.1" 404 10293 "-" "-"
52.164.184.234 - - [15/Apr/2025:09:50:55 -0400] "GET /8.php HTTP/1.1" 404 10293 "-" "-"
52.164.184.234 - - [15/Apr/2025:09:50:57 -0400] "GET /9.php HTTP/1.1" 404 10293 "-" "-"
52.164.184.234 - - [15/Apr/2025:09:50:59 -0400] "GET /10.php HTTP/1.1" 404 10293 "-" "-"
52.164.184.234 - - [15/Apr/2025:09:51:02 -0400] "GET /wp_class_datalib.php HTTP/1.1" 404 10293 "-" "-"
52.164.184.234 - - [15/Apr/2025:09:51:04 -0400] "GET /wp-includes/wp_class_datlib.php HTTP/1.1" 404 10293 "-" "-"
52.164.184.234 - - [15/Apr/2025:09:51:06 -0400] "GET /wp-includes/pomo/wp_class_datalib.php HTTP/1.1" 404 12795 "-" "-"
52.164.184.234 - - [15/Apr/2025:09:51:08 -0400] "GET /01.php HTTP/1.1" 404 10293 "-" "-"
52.164.184.234 - - [15/Apr/2025:09:51:10 -0400] "GET /1xleet.php HTTP/1.1" 404 10293 "-" "-"
52.164.184.234 - - [15/Apr/2025:09:51:13 -0400] "GET /wp-content/shell.php HTTP/1.1" 404 10293 "-" "-"
52.164.184.234 - - [15/Apr/2025:09:51:15 -0400] "GET /wp-admin/shell.php HTTP/1.1" 404 10292 "-" "-"
52.164.184.234 - - [15/Apr/2025:09:51:16 -0400] "GET /wp-admin/wp.php HTTP/1.1" 404 10293 "-" "-"
52.164.184.234 - - [15/Apr/2025:09:51:18 -0400] "GET /4index.php HTTP/1.1" 404 10293 "-" "-"
52.164.184.234 - - [15/Apr/2025:09:51:20 -0400] "GET /5index.php HTTP/1.1" 404 10293 "-" "-"
52.164.184.234 - - [15/Apr/2025:09:51:23 -0400] "GET /6index.php HTTP/1.1" 404 10293 "-" "-"
52.164.184.234 - - [15/Apr/2025:09:51:25 -0400] "GET /7index.php HTTP/1.1" 404 10292 "-" "-"
52.164.184.234 - - [15/Apr/2025:09:51:28 -0400] "GET /8index.php HTTP/1.1" 404 10293 "-" "-"
52.164.184.234 - - [15/Apr/2025:09:51:31 -0400] "GET /9index.php HTTP/1.1" 404 10293 "-" "-"
52.164.184.234 - - [15/Apr/2025:09:51:34 -0400] "GET /Leaf.php HTTP/1.1" 404 10293 "-" "-"
52.164.184.234 - - [15/Apr/2025:09:51:36 -0400] "GET /Uploader.php HTTP/1.1" 404 10292 "-" "-"
52.164.184.234 - - [15/Apr/2025:09:51:39 -0400] "GET /wp-includes/wp-red.php HTTP/1.1" 404 10293 "-" "-"
52.164.184.234 - - [15/Apr/2025:09:51:42 -0400] "GET /.well-known/radio.php HTTP/1.1" 404 10293 "-" "-"
52.164.184.234 - - [15/Apr/2025:09:51:45 -0400] "GET /alfashell.php HTTP/1.1" 404 10293 "-" "-"
52.164.184.234 - - [15/Apr/2025:09:51:48 -0400] "GET /am.php HTTP/1.1" 404 10293 "-" "-"
198.54.114.83 - - [15/Apr/2025:09:51:51 -0400] "POST /wp-cron.php?doing_wp_cron=1744725108.7177200317382812500000 HTTP/1.1" 200 0 "-" "WordPress/6.7.2; https://buymedicineonlineusa.com"
52.164.184.234 - - [15/Apr/2025:09:51:52 -0400] "GET /blog/fw.php HTTP/1.1" 404 10293 "-" "-"
52.164.184.234 - - [15/Apr/2025:09:51:55 -0400] "GET /contacts.php HTTP/1.1" 404 10293 "-" "-"
52.164.184.234 - - [15/Apr/2025:09:51:58 -0400] "GET /demo328/fw.php HTTP/1.1" 404 10293 "-" "-"
52.164.184.234 - - [15/Apr/2025:09:52:00 -0400] "GET /gif.php HTTP/1.1" 404 10293 "-" "-"
52.164.184.234 - - [15/Apr/2025:09:52:02 -0400] "GET /goods.php HTTP/1.1" 404 10293 "-" "-"
52.164.184.234 - - [15/Apr/2025:09:52:04 -0400] "GET /images/sym.php HTTP/1.1" 404 10293 "-" "-"
52.164.184.234 - - [15/Apr/2025:09:52:06 -0400] "GET /lab.php HTTP/1.1" 404 10292 "-" "-"
52.164.184.234 - - [15/Apr/2025:09:52:08 -0400] "GET /leaf_mailer.php HTTP/1.1" 404 10293 "-" "-"
52.164.184.234 - - [15/Apr/2025:09:52:10 -0400] "GET /leaf_php.php HTTP/1.1" 404 10293 "-" "-"
52.164.184.234 - - [15/Apr/2025:09:52:12 -0400] "GET /libraries/joomla/jmail.php HTTP/1.1" 404 12789 "-" "-"
52.164.184.234 - - [15/Apr/2025:09:52:14 -0400] "GET /libraries/joomla/jmails.php HTTP/1.1" 404 12789 "-" "-"
52.164.184.234 - - [15/Apr/2025:09:52:15 -0400] "GET /mailer1.php HTTP/1.1" 404 10292 "-" "-"
52.164.184.234 - - [15/Apr/2025:09:52:18 -0400] "GET /ms.php HTTP/1.1" 404 10293 "-" "-"
52.164.184.234 - - [15/Apr/2025:09:52:21 -0400] "GET /rxr.php HTTP/1.1" 404 10293 "-" "-"
52.164.184.234 - - [15/Apr/2025:09:52:23 -0400] "GET /srx.php HTTP/1.1" 404 10293 "-" "-"
52.164.184.234 - - [15/Apr/2025:09:52:26 -0400] "GET /tuco.php HTTP/1.1" 404 10292 "-" "-"
52.164.184.234 - - [15/Apr/2025:09:52:29 -0400] "GET /unix.php HTTP/1.1" 404 10293 "-" "-"
52.164.184.234 - - [15/Apr/2025:09:52:32 -0400] "GET /uploads/up.php HTTP/1.1" 404 10293 "-" "-"
52.164.184.234 - - [15/Apr/2025:09:52:36 -0400] "GET /wp-admin/css/colors/coffee/fw.php HTTP/1.1" 404 12791 "-" "-"
52.164.184.234 - - [15/Apr/2025:09:52:40 -0400] "GET /wp-admin/css/fw.php HTTP/1.1" 404 12781 "-" "-"
52.164.184.234 - - [15/Apr/2025:09:52:45 -0400] "GET /wp-admin/includes/fw.php HTTP/1.1" 404 12786 "-" "-"
52.164.184.234 - - [15/Apr/2025:09:52:50 -0400] "GET /wp-admin/maint/fw.php HTTP/1.1" 404 12783 "-" "-"
198.54.114.83 - - [15/Apr/2025:09:52:54 -0400] "POST /wp-cron.php?doing_wp_cron=1744725170.4294068813323974609375 HTTP/1.1" 200 0 "-" "WordPress/6.7.2; https://buymedicineonlineusa.com"
52.164.184.234 - - [15/Apr/2025:09:52:56 -0400] "GET /wp-admin/setup-config.php HTTP/1.1" 409 1222 "-" "-"
52.164.184.234 - - [15/Apr/2025:09:53:00 -0400] "GET /wp-content/plugins/vwcleanerplugin/bump.php HTTP/1.1" 404 12791 "-" "-"
52.164.184.234 - - [15/Apr/2025:09:53:05 -0400] "GET /wp-content/plugins/xichang/x.php HTTP/1.1" 404 12782 "-" "-"
52.164.184.234 - - [15/Apr/2025:09:53:08 -0400] "GET /wp-content/plugins/zedd/1.php HTTP/1.1" 404 12781 "-" "-"
52.164.184.234 - - [15/Apr/2025:09:53:11 -0400] "GET /wp-content/up.php HTTP/1.1" 404 10293 "-" "-"
52.164.184.234 - - [15/Apr/2025:09:53:14 -0400] "GET /wp-content/wp.php HTTP/1.1" 404 10292 "-" "-"
52.164.184.234 - - [15/Apr/2025:09:53:17 -0400] "GET /wp-mna.php HTTP/1.1" 404 10293 "-" "-"
52.164.184.234 - - [15/Apr/2025:09:53:21 -0400] "GET /uploads/upload.php HTTP/1.1" 404 10293 "-" "-"
52.164.184.234 - - [15/Apr/2025:09:53:24 -0400] "GET /wpx.php HTTP/1.1" 404 10293 "-" "-"
52.164.184.234 - - [15/Apr/2025:09:53:28 -0400] "GET /images/c99.php HTTP/1.1" 404 10293 "-" "-"
52.164.184.234 - - [15/Apr/2025:09:53:31 -0400] "GET /xhell.php HTTP/1.1" 404 10293 "-" "-"
52.164.184.234 - - [15/Apr/2025:09:53:35 -0400] "GET /xmrlpc.php HTTP/1.1" 404 10292 "-" "-"
52.164.184.234 - - [15/Apr/2025:09:53:39 -0400] "GET /xz.php HTTP/1.1" 404 10293 "-" "-"
52.164.184.234 - - [15/Apr/2025:09:53:42 -0400] "GET /yuuki.php HTTP/1.1" 404 10293 "-" "-"
52.164.184.234 - - [15/Apr/2025:09:53:45 -0400] "GET /wp-admin/shapes.php HTTP/1.1" 404 10292 "-" "-"
52.164.184.234 - - [15/Apr/2025:09:53:49 -0400] "GET /wp-content/plugins/upspy/con.php HTTP/1.1" 404 12784 "-" "-"
52.164.184.234 - - [15/Apr/2025:09:53:52 -0400] "GET /wp-content/plugins/upspy/up.php HTTP/1.1" 404 12781 "-" "-"
198.54.114.83 - - [15/Apr/2025:09:53:55 -0400] "POST /wp-cron.php?doing_wp_cron=1744725232.8003029823303222656250 HTTP/1.1" 200 0 "-" "WordPress/6.7.2; https://buymedicineonlineusa.com"
52.164.184.234 - - [15/Apr/2025:09:53:57 -0400] "GET /wp-content/plugins/upspy/sllolx.php HTTP/1.1" 404 12785 "-" "-"
52.164.184.234 - - [15/Apr/2025:09:54:00 -0400] "GET /database.php HTTP/1.1" 404 10293 "-" "-"
52.164.184.234 - - [15/Apr/2025:09:54:03 -0400] "GET /wp-includes/js/tinymce/plugins/compat3x/css/index.php HTTP/1.1" 301 0 "-" "-"
52.164.184.234 - - [15/Apr/2025:09:54:06 -0400] "GET /wp-includes/js/tinymce/plugins/compat3x/css/ HTTP/1.1" 403 1242 "-" "-"
52.164.184.234 - - [15/Apr/2025:09:54:07 -0400] "GET /shell20211028.php HTTP/1.1" 404 10293 "-" "-"
52.164.184.234 - - [15/Apr/2025:09:54:10 -0400] "GET /repeater.php HTTP/1.1" 404 10293 "-" "-"
52.164.184.234 - - [15/Apr/2025:09:54:13 -0400] "GET /wp-content/themes/seotheme/db.php?u HTTP/1.1" 404 12782 "-" "-"
103.116.86.250 - - [15/Apr/2025:10:01:31 -0400] "GET / HTTP/1.1" 200 97601 "-" "Mozilla/5.0 (Windows NT 6.3; Win64; x64) AppleWebKit/537.36 (KHTML, like Gecko) Chrome/101.0.4951.54 Safari/537.36"
198.54.114.83 - - [15/Apr/2025:10:01:37 -0400] "POST /wp-cron.php?doing_wp_cron=1744725696.3288249969482421875000 HTTP/1.1" 200 0 "-" "WordPress/6.7.2; https://buymedicineonlineusa.com"
103.116.86.250 - - [15/Apr/2025:10:01:35 -0400] "POST /xmlrpc.php HTTP/1.1" 200 212 "-" "Mozilla/5.0 (Windows NT 6.3; Win64; x64) AppleWebKit/537.36 (KHTML, like Gecko) Chrome/101.0.4951.54 Safari/537.36"
103.116.86.250 - - [15/Apr/2025:10:01:40 -0400] "POST /wp-login.php HTTP/1.1" 302 0 "-" "Mozilla/5.0 (Windows NT 6.3; Win64; x64) AppleWebKit/537.36 (KHTML, like Gecko) Chrome/101.0.4951.54 Safari/537.36"
103.116.86.250 - - [15/Apr/2025:10:01:51 -0400] "POST /wp-login.php HTTP/1.1" 302 0 "-" "Mozilla/5.0 (Windows NT 6.3; Win64; x64) AppleWebKit/537.36 (KHTML, like Gecko) Chrome/101.0.4951.54 Safari/537.36"
198.54.114.83 - - [15/Apr/2025:10:01:55 -0400] "POST /wp-cron.php?doing_wp_cron=1744725712.3403189182281494140625 HTTP/1.1" 200 0 "-" "WordPress/6.7.2; https://buymedicineonlineusa.com"
43.130.16.140 - - [15/Apr/2025:10:15:19 -0400] "GET / HTTP/1.1" 200 97601 "-" "Mozilla/5.0 (iPhone; CPU iPhone OS 13_2_3 like Mac OS X) AppleWebKit/605.1.15 (KHTML, like Gecko) Version/13.0.3 Mobile/15E148 Safari/604.1"
185.40.4.132 - - [15/Apr/2025:10:24:06 -0400] "POST /xmlrpc.php HTTP/1.1" 200 212 "https://www.google.com/" "Mozilla/5.0 (Windows NT 10.0; Win64; x64) AppleWebKit/537.36 (KHTML, like Gecko) Chrome/85.0.4183.121 Safari/537.36"
198.54.114.83 - - [15/Apr/2025:10:24:15 -0400] "POST /wp-cron.php?doing_wp_cron=1744727050.8468530178070068359375 HTTP/1.1" 200 0 "-" "WordPress/6.7.2; https://buymedicineonlineusa.com"
198.54.114.83 - - [15/Apr/2025:11:02:40 -0400] "POST /wp-cron.php?doing_wp_cron=1744729359.1786398887634277343750 HTTP/1.1" 200 0 "-" "WordPress/6.7.2; https://buymedicineonlineusa.com"
107.20.25.33 - - [15/Apr/2025:11:02:33 -0400] "GET /buy-generic-medications-viagra-oral-jelly-overnight-delivery-worldwide-delivery-3-7-days/ HTTP/1.1" 404 0 "-" "Mozilla/5.0 AppleWebKit/537.36 (KHTML, like Gecko; compatible; Amazonbot/0.1; +https://developer.amazon.com/support/amazonbot) Chrome/119.0.6045.214 Safari/537.36"
216.244.66.232 - - [15/Apr/2025:11:14:08 -0400] "GET /robots.txt HTTP/1.1" 200 134 "-" "Mozilla/5.0 (compatible; DotBot/1.2; +https://opensiteexplorer.org/dotbot; help@moz.com)"
216.244.66.232 - - [15/Apr/2025:11:29:55 -0400] "GET /page/76/ HTTP/1.1" 200 15646 "-" "Mozilla/5.0 (compatible; DotBot/1.2; +https://opensiteexplorer.org/dotbot; help@moz.com)"
198.54.114.83 - - [15/Apr/2025:11:29:59 -0400] "POST /wp-cron.php?doing_wp_cron=1744730995.3586580753326416015625 HTTP/1.1" 200 0 "-" "WordPress/6.7.2; https://buymedicineonlineusa.com"
192.42.116.13 - - [15/Apr/2025:11:39:59 -0400] "POST /xmlrpc.php HTTP/1.1" 200 212 "https://www.google.com/" "Mozilla/5.0 (Windows NT 10.0; Win64; x64) AppleWebKit/537.36 (KHTML, like Gecko) Chrome/74.0.3729.169 Safari/537.36"
198.54.114.83 - - [15/Apr/2025:11:40:06 -0400] "POST /wp-cron.php?doing_wp_cron=1744731603.3876030445098876953125 HTTP/1.1" 200 0 "-" "WordPress/6.7.2; https://buymedicineonlineusa.com"
198.54.114.83 - - [15/Apr/2025:11:49:42 -0400] "POST /wp-cron.php?doing_wp_cron=1744732180.9223248958587646484375 HTTP/1.1" 200 0 "-" "WordPress/6.7.2; https://buymedicineonlineusa.com"
54.36.148.217 - - [15/Apr/2025:11:49:36 -0400] "GET /where-can-you-buy-finpecia-cheap-finpecia-for-sale/ HTTP/1.1" 404 10293 "-" "Mozilla/5.0 (compatible; AhrefsBot/7.0; +http://ahrefs.com/robot/)"
216.244.66.232 - - [15/Apr/2025:11:57:37 -0400] "GET /robots.txt HTTP/1.1" 200 134 "-" "Mozilla/5.0 (compatible; DotBot/1.2; +https://opensiteexplorer.org/dotbot; help@moz.com)"
222.186.134.234 - - [15/Apr/2025:12:02:49 -0400] "GET /?rest_route=/wp/v2/users/ HTTP/1.1" 200 97601 "http://buymedicineonlineusa.com" "Mozilla/5.0 (compatible; Googlebot/2.1; +http://www.google.com/bot.html)"
134.209.158.42 - - [15/Apr/2025:12:04:58 -0400] "GET /wp-admin/css/ HTTP/1.1" 403 1242 "binance.com" "Mozilla/5.0 (Windows NT 10.0; Win64; x64) AppleWebKit/537.36 (KHTML, like Gecko) Chrome/90.0.4430.85 Safari/537.36"
198.54.114.83 - - [15/Apr/2025:12:06:02 -0400] "POST /wp-cron.php?doing_wp_cron=1744733161.6195220947265625000000 HTTP/1.1" 200 0 "-" "WordPress/6.7.2; https://buymedicineonlineusa.com"
69.165.76.144 - - [15/Apr/2025:12:06:01 -0400] "GET /wp-content/plugins/shell/about.php HTTP/1.1" 404 12781 "www.google.com" "Mozlila/5.0 (Linux; Android 7.0; SM-G892A Bulid/NRD90M; wv) AppleWebKit/537.36 (KHTML, like Gecko) Version/4.0 Chrome/60.0.3112.107 Moblie Safari/537.36"
69.165.76.144 - - [15/Apr/2025:12:06:14 -0400] "GET /wp-content/plugins/fix/up.php HTTP/1.1" 404 12781 "www.google.com" "Mozlila/5.0 (Linux; Android 7.0; SM-G892A Bulid/NRD90M; wv) AppleWebKit/537.36 (KHTML, like Gecko) Version/4.0 Chrome/60.0.3112.107 Moblie Safari/537.36"
69.165.76.144 - - [15/Apr/2025:12:06:32 -0400] "GET /wp-content/plugins/wp-help/mini.php HTTP/1.1" 404 12789 "www.google.com" "Mozlila/5.0 (Linux; Android 7.0; SM-G892A Bulid/NRD90M; wv) AppleWebKit/537.36 (KHTML, like Gecko) Version/4.0 Chrome/60.0.3112.107 Moblie Safari/537.36"
54.36.148.210 - - [15/Apr/2025:12:07:53 -0400] "GET /?p=94769 HTTP/1.1" 200 97601 "-" "Mozilla/5.0 (compatible; AhrefsBot/7.0; +http://ahrefs.com/robot/)"
202.8.40.146 - - [15/Apr/2025:12:08:00 -0400] "GET /react.js HTTP/1.1" 404 10293 "http://buymedicineonlineusa.com/?p=94769" "Mozilla/5.0 (compatible; AhrefsBot/7.0; +http://ahrefs.com/robot/)"
202.8.40.146 - - [15/Apr/2025:12:08:00 -0400] "GET /react-dom.js HTTP/1.1" 404 10293 "http://buymedicineonlineusa.com/?p=94769" "Mozilla/5.0 (compatible; AhrefsBot/7.0; +http://ahrefs.com/robot/)"
198.54.114.83 - - [15/Apr/2025:12:08:02 -0400] "POST /wp-cron.php?doing_wp_cron=1744733280.6282699108123779296875 HTTP/1.1" 200 0 "-" "WordPress/6.7.2; https://buymedicineonlineusa.com"
216.244.66.232 - - [15/Apr/2025:12:08:47 -0400] "GET /page/8/ HTTP/1.1" 200 15064 "-" "Mozilla/5.0 (compatible; DotBot/1.2; +https://opensiteexplorer.org/dotbot; help@moz.com)"
212.95.54.78 - - [15/Apr/2025:12:10:08 -0400] "POST /xmlrpc.php HTTP/1.1" 200 212 "https://www.google.com/" "Mozilla/5.0 (Macintosh; Intel Mac OS X 10_7_5) AppleWebKit/537.78.2 (KHTML, like Gecko) Version/6.1.6 Safari/537.78.2"
198.54.114.83 - - [15/Apr/2025:12:10:10 -0400] "POST /wp-cron.php?doing_wp_cron=1744733408.7615489959716796875000 HTTP/1.1" 200 0 "-" "WordPress/6.7.2; https://buymedicineonlineusa.com"
183.56.236.152 - - [15/Apr/2025:12:28:50 -0400] "GET /wp-login.php HTTP/1.1" 302 0 "-" "Apache-HttpClient/4.5.2 (Java/1.8.0_161)"
183.56.236.152 - - [15/Apr/2025:12:28:58 -0400] "GET /?author=1 HTTP/1.1" 200 97601 "-" "Apache-HttpClient/4.5.2 (Java/1.8.0_161)"
183.56.236.152 - - [15/Apr/2025:12:29:01 -0400] "GET /?author=2 HTTP/1.1" 200 97601 "-" "Apache-HttpClient/4.5.2 (Java/1.8.0_161)"
183.56.236.152 - - [15/Apr/2025:12:29:05 -0400] "GET /?author=3 HTTP/1.1" 200 97601 "-" "Apache-HttpClient/4.5.2 (Java/1.8.0_161)"
183.56.236.152 - - [15/Apr/2025:12:29:09 -0400] "GET /?author=4 HTTP/1.1" 200 97601 "-" "Apache-HttpClient/4.5.2 (Java/1.8.0_161)"
183.56.236.152 - - [15/Apr/2025:12:29:11 -0400] "GET /?author=5 HTTP/1.1" 200 97601 "-" "Apache-HttpClient/4.5.2 (Java/1.8.0_161)"
183.56.236.152 - - [15/Apr/2025:12:29:14 -0400] "GET /?author=6 HTTP/1.1" 200 97601 "-" "Apache-HttpClient/4.5.2 (Java/1.8.0_161)"
183.56.236.152 - - [15/Apr/2025:12:29:17 -0400] "GET /?author=7 HTTP/1.1" 200 97601 "-" "Apache-HttpClient/4.5.2 (Java/1.8.0_161)"
183.56.236.152 - - [15/Apr/2025:12:29:21 -0400] "GET /?author=8 HTTP/1.1" 200 97601 "-" "Apache-HttpClient/4.5.2 (Java/1.8.0_161)"
183.56.236.152 - - [15/Apr/2025:12:29:25 -0400] "GET /?author=9 HTTP/1.1" 200 97601 "-" "Apache-HttpClient/4.5.2 (Java/1.8.0_161)"
183.56.236.152 - - [15/Apr/2025:12:29:30 -0400] "GET /?author=10 HTTP/1.1" 200 97601 "-" "Apache-HttpClient/4.5.2 (Java/1.8.0_161)"
183.56.236.152 - - [15/Apr/2025:12:29:34 -0400] "GET /?author=11 HTTP/1.1" 200 97601 "-" "Apache-HttpClient/4.5.2 (Java/1.8.0_161)"
183.56.236.152 - - [15/Apr/2025:12:29:39 -0400] "GET /?author=12 HTTP/1.1" 200 97601 "-" "Apache-HttpClient/4.5.2 (Java/1.8.0_161)"
183.56.236.152 - - [15/Apr/2025:12:29:42 -0400] "GET /?author=13 HTTP/1.1" 200 97601 "-" "Apache-HttpClient/4.5.2 (Java/1.8.0_161)"
183.56.236.152 - - [15/Apr/2025:12:29:48 -0400] "GET /?author=14 HTTP/1.1" 200 97601 "-" "Apache-HttpClient/4.5.2 (Java/1.8.0_161)"
183.56.236.152 - - [15/Apr/2025:12:29:51 -0400] "GET /?author=15 HTTP/1.1" 200 97601 "-" "Apache-HttpClient/4.5.2 (Java/1.8.0_161)"
183.56.236.152 - - [15/Apr/2025:12:29:54 -0400] "GET /?author=16 HTTP/1.1" 200 97601 "-" "Apache-HttpClient/4.5.2 (Java/1.8.0_161)"
183.56.236.152 - - [15/Apr/2025:12:29:56 -0400] "GET /?author=17 HTTP/1.1" 200 97601 "-" "Apache-HttpClient/4.5.2 (Java/1.8.0_161)"
183.56.236.152 - - [15/Apr/2025:12:29:58 -0400] "GET /?author=18 HTTP/1.1" 200 97601 "-" "Apache-HttpClient/4.5.2 (Java/1.8.0_161)"
183.56.236.152 - - [15/Apr/2025:12:30:00 -0400] "GET /?author=19 HTTP/1.1" 200 97601 "-" "Apache-HttpClient/4.5.2 (Java/1.8.0_161)"
183.56.236.152 - - [15/Apr/2025:12:30:06 -0400] "GET /?author=20 HTTP/1.1" 200 97601 "-" "Apache-HttpClient/4.5.2 (Java/1.8.0_161)"
45.84.107.172 - - [15/Apr/2025:12:30:04 -0400] "POST /xmlrpc.php HTTP/1.1" 200 212 "https://www.google.com/" "Mozilla/5.0 (X11; Fedora;Linux x86; rv:60.0) Gecko/20100101 Firefox/60.0"
198.54.114.83 - - [15/Apr/2025:12:30:09 -0400] "POST /wp-cron.php?doing_wp_cron=1744734604.9894549846649169921875 HTTP/1.1" 200 0 "-" "WordPress/6.7.2; https://buymedicineonlineusa.com"
45.84.107.54 - - [15/Apr/2025:12:33:09 -0400] "POST /xmlrpc.php HTTP/1.1" 200 212 "https://www.google.com/" "Mozilla/5.0 (Windows NT 10.0; Win64; x64) AppleWebKit/537.36 (KHTML, like Gecko) Chrome/83.0.4103.116 Safari/537.36"
3.238.147.168 - - [15/Apr/2025:13:10:08 -0400] "GET / HTTP/1.1" 200 97601 "-" "Mozilla/5.0 (Windows NT 10.0; Win64; x64) AppleWebKit/537.36 (KHTML, like Gecko) Chrome/104.0.0.0 Safari/537.36"
85.208.98.18 - - [15/Apr/2025:13:10:51 -0400] "GET /robots.txt HTTP/1.1" 200 134 "-" "Mozilla/5.0 (compatible; SemrushBot; +http://www.semrush.com/bot.html)"
85.208.98.18 - - [15/Apr/2025:13:10:57 -0400] "GET /robots.txt HTTP/1.1" 304 0 "-" "Mozilla/5.0 (compatible; SemrushBot; +http://www.semrush.com/bot.html)"
40.80.149.70 - - [15/Apr/2025:13:11:05 -0400] "GET /wp-includes/block-bindings/ HTTP/1.1" 403 1242 "-" "-"
40.80.149.70 - - [15/Apr/2025:13:11:10 -0400] "GET /wp-content/themes/pridmag/ HTTP/1.1" 404 12774 "-" "-"
40.80.149.70 - - [15/Apr/2025:13:11:19 -0400] "GET /wp-setting.php HTTP/1.1" 404 10293 "-" "-"
40.80.149.70 - - [15/Apr/2025:13:11:24 -0400] "GET /wp-content/themes/alera/ HTTP/1.1" 404 12773 "-" "-"
40.80.149.70 - - [15/Apr/2025:13:11:30 -0400] "GET /wp-content/plugins/elementor/assets/images/app/ HTTP/1.1" 404 12789 "-" "-"
40.80.149.70 - - [15/Apr/2025:13:11:35 -0400] "GET /wp-comments-pos.php HTTP/1.1" 404 10292 "-" "-"
40.80.149.70 - - [15/Apr/2025:13:11:41 -0400] "GET /wp-content/themes/ripro/inc/admin/ HTTP/1.1" 404 12784 "-" "-"
40.80.149.70 - - [15/Apr/2025:13:11:48 -0400] "GET /wp-includes/l10n/ HTTP/1.1" 403 1242 "-" "-"
40.80.149.70 - - [15/Apr/2025:13:11:53 -0400] "GET /index/b/home/h213348220/fundlead.ru/docs/wp-admin/includes/ HTTP/1.1" 404 12814 "-" "-"
40.80.149.70 - - [15/Apr/2025:13:11:57 -0400] "GET /wp-includes/blocks/archives/ HTTP/1.1" 403 1242 "-" "-"
40.80.149.70 - - [15/Apr/2025:13:12:01 -0400] "GET /wp-includes/sodium_compat/namespaced/ HTTP/1.1" 403 1242 "-" "-"
40.80.149.70 - - [15/Apr/2025:13:12:07 -0400] "GET /wp-includes/blocks/latest-comments/ HTTP/1.1" 403 1242 "-" "-"
40.80.149.70 - - [15/Apr/2025:13:12:12 -0400] "GET /wp-content/plugins/woocommerce/assets/client/blocks/products-by-attribute/ HTTP/1.1" 404 12812 "-" "-"
40.80.149.70 - - [15/Apr/2025:13:12:18 -0400] "GET /wp-content/uploads/2023/03/ HTTP/1.1" 403 1242 "-" "-"
40.80.149.70 - - [15/Apr/2025:13:12:24 -0400] "GET /wp-content/themes/seotheme/ HTTP/1.1" 404 12774 "-" "-"
198.54.114.83 - - [15/Apr/2025:13:12:30 -0400] "POST /wp-cron.php?doing_wp_cron=1744737144.6326379776000976562500 HTTP/1.1" 200 0 "-" "WordPress/6.7.2; https://buymedicineonlineusa.com"
40.80.149.70 - - [15/Apr/2025:13:12:32 -0400] "GET /Content/UserFiles/News/Orjinal/ HTTP/1.1" 404 12790 "-" "-"
40.80.149.70 - - [15/Apr/2025:13:12:39 -0400] "GET /wp-content/themes/sketch/ HTTP/1.1" 404 12774 "-" "-"
198.54.114.83 - - [15/Apr/2025:13:12:46 -0400] "POST /wp-cron.php?doing_wp_cron=1744737160.2280819416046142578125 HTTP/1.1" 200 0 "-" "WordPress/6.7.2; https://buymedicineonlineusa.com"
40.80.149.70 - - [15/Apr/2025:13:12:47 -0400] "GET /wp-includes/images/wlw/ HTTP/1.1" 404 12782 "-" "-"
40.80.149.70 - - [15/Apr/2025:13:12:54 -0400] "GET /templates/p/snippets/g8ofh3h3db/raw/ HTTP/1.1" 404 12792 "-" "-"
40.80.149.70 - - [15/Apr/2025:13:13:02 -0400] "GET /wp-content/ HTTP/1.1" 200 0 "-" "-"
40.80.149.70 - - [15/Apr/2025:13:13:09 -0400] "GET /wp-content/plugins/elementor/assets/images/ HTTP/1.1" 404 12785 "-" "-"
40.80.149.70 - - [15/Apr/2025:13:13:17 -0400] "GET /wp-includes/images/ HTTP/1.1" 403 1242 "-" "-"
40.80.149.70 - - [15/Apr/2025:13:13:22 -0400] "GET /wp-link.php/wp-content/plugins/wp-content/uploads/wp_live_chat/ HTTP/1.1" 404 12799 "-" "-"
40.80.149.70 - - [15/Apr/2025:13:13:26 -0400] "GET /wp-cro.php/ HTTP/1.1" 404 10293 "-" "-"
40.80.149.70 - - [15/Apr/2025:13:13:32 -0400] "GET /wp-includes/Requests/abou.php/ HTTP/1.1" 404 12790 "-" "-"
65.21.113.244 - - [15/Apr/2025:13:13:33 -0400] "GET /robots.txt HTTP/1.1" 200 134 "-" "Mozilla/5.0 (compatible; AwarioBot/1.0; +https://awario.com/bots.html)"
40.80.149.70 - - [15/Apr/2025:13:13:38 -0400] "GET /wordpress/wp-includes/js/mediaelement/renderers/ HTTP/1.1" 404 12800 "-" "-"
65.21.113.244 - - [15/Apr/2025:13:13:38 -0400] "GET /where-can-you-buy-finpecia-cheap-finpecia-for-sale/ HTTP/1.1" 404 10293 "-" "Mozilla/5.0 (compatible; AwarioBot/1.0; +https://awario.com/bots.html)"
40.80.149.70 - - [15/Apr/2025:13:13:41 -0400] "GET /wp-content/plugins/oxygen/component-framework/components/classes/gallery/photoswipe/ HTTP/1.1" 404 12818 "-" "-"
65.21.113.244 - - [15/Apr/2025:13:13:45 -0400] "GET /strattera-by-mail-buymedicineonlineusa-com/ HTTP/1.1" 404 10292 "-" "Mozilla/5.0 (compatible; AwarioBot/1.0; +https://awario.com/bots.html)"
40.80.149.70 - - [15/Apr/2025:13:13:46 -0400] "GET /map.php HTTP/1.1" 404 10293 "-" "-"
40.80.149.70 - - [15/Apr/2025:13:13:52 -0400] "GET /wp-includes/block-patterns/ HTTP/1.1" 403 1242 "-" "-"
40.80.149.70 - - [15/Apr/2025:13:13:57 -0400] "GET /wp-content/plugins/elementor-pro/modules/woocommerce/skins/ HTTP/1.1" 404 12798 "-" "-"
198.54.114.83 - - [15/Apr/2025:13:14:02 -0400] "POST /wp-cron.php?doing_wp_cron=1744737238.0119900703430175781250 HTTP/1.1" 200 0 "-" "WordPress/6.7.2; https://buymedicineonlineusa.com"
40.80.149.70 - - [15/Apr/2025:13:14:04 -0400] "GET /wp-content/plugins/seo-by-rank-math/vendor/woocommerce/ HTTP/1.1" 404 12800 "-" "-"
40.80.149.70 - - [15/Apr/2025:13:14:08 -0400] "GET /wp-admin/css/colors/sunrise/ HTTP/1.1" 403 1242 "-" "-"
40.80.149.70 - - [15/Apr/2025:13:14:13 -0400] "GET /wp-content/plugins/ultimate-addons-for-gutenberg/blocks-config/uagb-controls/ HTTP/1.1" 404 12813 "-" "-"
40.80.149.70 - - [15/Apr/2025:13:14:18 -0400] "GET /wp-includes/rest-api/ HTTP/1.1" 403 1242 "-" "-"
40.80.149.70 - - [15/Apr/2025:13:14:22 -0400] "GET /wp-content/themes/twenty/ HTTP/1.1" 404 12774 "-" "-"
40.80.149.70 - - [15/Apr/2025:13:14:26 -0400] "GET /wp-includes/js/tinymce/themes/inlite/ HTTP/1.1" 403 1242 "-" "-"
40.80.149.70 - - [15/Apr/2025:13:14:30 -0400] "GET /wp-includes/blocks/ HTTP/1.1" 200 22 "-" "-"
40.80.149.70 - - [15/Apr/2025:13:14:33 -0400] "GET /wp-content/themes/ HTTP/1.1" 200 0 "-" "-"
40.80.149.70 - - [15/Apr/2025:13:14:38 -0400] "GET /newlms/assets/frontend/ HTTP/1.1" 404 12780 "-" "-"
198.54.114.83 - - [15/Apr/2025:13:14:44 -0400] "POST /wp-cron.php?doing_wp_cron=1744737278.8973588943481445312500 HTTP/1.1" 200 0 "-" "WordPress/6.7.2; https://buymedicineonlineusa.com"
40.80.149.70 - - [15/Apr/2025:13:14:45 -0400] "GET /wp-includes/theme-compat/ HTTP/1.1" 403 1242 "-" "-"
40.80.149.70 - - [15/Apr/2025:13:14:51 -0400] "GET /wp-content/plugins/shell/ HTTP/1.1" 404 12776 "-" "-"
40.80.149.70 - - [15/Apr/2025:13:14:58 -0400] "GET /wp-content/themes/blocksy/static/sass/frontend/6-layout/entries/ HTTP/1.1" 404 12799 "-" "-"
40.80.149.70 - - [15/Apr/2025:13:15:04 -0400] "GET /wp-admin/images/ HTTP/1.1" 403 1242 "-" "-"
40.80.149.70 - - [15/Apr/2025:13:15:10 -0400] "GET /wp-includes/Requests/abou.php/ HTTP/1.1" 404 12790 "-" "-"
40.80.149.70 - - [15/Apr/2025:13:15:16 -0400] "GET /wp/wp-content/themes/twentytwenty/template-parts/ HTTP/1.1" 404 12792 "-" "-"
40.80.149.70 - - [15/Apr/2025:13:15:23 -0400] "GET /wp-includes/js/dist/ HTTP/1.1" 403 1242 "-" "-"
40.80.149.70 - - [15/Apr/2025:13:15:28 -0400] "GET /wp-includes/ID3/ HTTP/1.1" 403 1242 "-" "-"
40.80.149.70 - - [15/Apr/2025:13:15:33 -0400] "GET /wp-content/plugins/erinyani/ HTTP/1.1" 404 12779 "-" "-"
40.80.149.70 - - [15/Apr/2025:13:15:38 -0400] "GET /wp-content/plugins/wordpress-seo/vendor_prefixed/symfony/ HTTP/1.1" 403 1242 "-" "-"
40.80.149.70 - - [15/Apr/2025:13:15:44 -0400] "GET /admin/ HTTP/1.1" 302 0 "-" "-"
40.80.149.70 - - [15/Apr/2025:13:16:04 -0400] "GET /.well-known/acme-challenge/action=./ HTTP/1.1" 404 12792 "-" "-"
40.80.149.70 - - [15/Apr/2025:13:16:10 -0400] "GET /wp-includes/images/smilies/ HTTP/1.1" 403 1242 "-" "-"
40.80.149.70 - - [15/Apr/2025:13:16:15 -0400] "GET /vendor/symfony/serializer/Mapping/ HTTP/1.1" 404 12789 "-" "-"
40.80.149.70 - - [15/Apr/2025:13:16:21 -0400] "GET /wp-content/themes/blocksy/ HTTP/1.1" 404 12773 "-" "-"
40.80.149.70 - - [15/Apr/2025:13:16:26 -0400] "GET /wp-includes/sodium_compat/ HTTP/1.1" 403 1242 "-" "-"
40.80.149.70 - - [15/Apr/2025:13:16:30 -0400] "GET /assets/admin/plugins/ckeditor/plugins/scayt/dialogs/dialogs/ HTTP/1.1" 404 12809 "-" "-"
40.80.149.70 - - [15/Apr/2025:13:16:34 -0400] "GET /wp-includes/interactivity-api/ HTTP/1.1" 403 1242 "-" "-"
40.80.149.70 - - [15/Apr/2025:13:16:39 -0400] "GET /wp-admin/network/ HTTP/1.1" 302 0 "-" "-"
40.80.149.70 - - [15/Apr/2025:13:16:56 -0400] "GET /wp-includes/js/tinymce/plugins/image/ HTTP/1.1" 403 1242 "-" "-"
40.80.149.70 - - [15/Apr/2025:13:17:00 -0400] "GET /wp-includes/Requests/Response/ HTTP/1.1" 404 12786 "-" "-"
198.54.114.83 - - [15/Apr/2025:13:17:05 -0400] "POST /wp-cron.php?doing_wp_cron=1744737420.8521919250488281250000 HTTP/1.1" 200 0 "-" "WordPress/6.7.2; https://buymedicineonlineusa.com"
40.80.149.70 - - [15/Apr/2025:13:17:08 -0400] "GET /wp-includes/SimplePie/ HTTP/1.1" 403 1242 "-" "-"
40.80.149.70 - - [15/Apr/2025:13:17:12 -0400] "GET /files/ HTTP/1.1" 404 10291 "-" "-"
40.80.149.70 - - [15/Apr/2025:13:17:19 -0400] "GET /wp-includes/Text/Diff/Engine/ HTTP/1.1" 403 1242 "-" "-"
40.80.149.70 - - [15/Apr/2025:13:17:24 -0400] "GET /wp-includes/SimplePie/HTTP/ HTTP/1.1" 404 12788 "-" "-"
40.80.149.70 - - [15/Apr/2025:13:17:31 -0400] "GET /wp-content/uploads/2023/ HTTP/1.1" 403 1242 "-" "-"
40.80.149.70 - - [15/Apr/2025:13:17:37 -0400] "GET /wp-content/plugins/woocommerce/includes/gateways/ HTTP/1.1" 404 12796 "-" "-"
40.80.149.70 - - [15/Apr/2025:13:17:41 -0400] "GET /wp-admin/ HTTP/1.1" 302 0 "-" "-"
40.80.149.70 - - [15/Apr/2025:13:17:59 -0400] "GET /wp-content/fonts//wp-content/fonts/ HTTP/1.1" 301 0 "-" "-"
40.80.149.70 - - [15/Apr/2025:13:18:05 -0400] "GET /wp-content/fonts/wp-content/fonts/ HTTP/1.1" 404 12776 "-" "-"
40.80.149.70 - - [15/Apr/2025:13:18:10 -0400] "GET /images/icons/rouyg/hppd/ HTTP/1.1" 404 12779 "-" "-"
40.80.149.70 - - [15/Apr/2025:13:18:16 -0400] "GET /wp-includes/blocks/freeform/ HTTP/1.1" 403 1242 "-" "-"
40.80.149.70 - - [15/Apr/2025:13:18:20 -0400] "GET /wp-content/plugins/insert-headers-and-footers/includes/auto-insert/ HTTP/1.1" 404 12808 "-" "-"
40.80.149.70 - - [15/Apr/2025:13:18:26 -0400] "GET /wp-content/upgrade/ HTTP/1.1" 403 1242 "-" "-"
40.80.149.70 - - [15/Apr/2025:13:18:31 -0400] "GET /wp-content/themes/twentytwenty/ HTTP/1.1" 404 12776 "-" "-"
40.80.149.70 - - [15/Apr/2025:13:18:38 -0400] "GET /wp-content/plugins/ HTTP/1.1" 200 0 "-" "-"
40.80.149.70 - - [15/Apr/2025:13:18:46 -0400] "GET /wp-includesmaps/p/snippets/g8ofh3h3db/raw/ HTTP/1.1" 404 12801 "-" "-"
40.80.149.70 - - [15/Apr/2025:13:18:54 -0400] "GET /wp-content/plugins/file-manager-advanced/application/library/codemirror/mode/jsx/ HTTP/1.1" 200 1080 "-" "-"
40.80.149.70 - - [15/Apr/2025:13:19:01 -0400] "GET /templates/ja_purity/ HTTP/1.1" 404 10293 "-" "-"
40.80.149.70 - - [15/Apr/2025:13:19:09 -0400] "GET /wp-admin/css/colors/light/ HTTP/1.1" 403 1242 "-" "-"
40.80.149.70 - - [15/Apr/2025:13:19:15 -0400] "GET /cgi-bin/ HTTP/1.1" 500 111 "-" "-"
40.80.149.70 - - [15/Apr/2025:13:19:22 -0400] "GET /wp-includes/assets/ HTTP/1.1" 403 1242 "-" "-"
40.80.149.70 - - [15/Apr/2025:13:19:31 -0400] "GET /wp-admin/css/colors/ HTTP/1.1" 403 1242 "-" "-"
40.80.149.70 - - [15/Apr/2025:13:19:37 -0400] "GET /wp-content/plugins/generateblocks/src/components/unit-picker/ HTTP/1.1" 404 12800 "-" "-"
40.80.149.70 - - [15/Apr/2025:13:19:50 -0400] "GET /wp-includesmaps/ HTTP/1.1" 404 10293 "-" "-"
40.80.149.70 - - [15/Apr/2025:13:20:02 -0400] "GET /wp-include.php HTTP/1.1" 404 10293 "-" "-"
40.80.149.70 - - [15/Apr/2025:13:20:12 -0400] "GET /wp-includes/css/ HTTP/1.1" 403 1242 "-" "-"
40.80.149.70 - - [15/Apr/2025:13:20:21 -0400] "GET /sos/NewTheme/images/VillagesPictures/Dhodial/Dhodial/ HTTP/1.1" 404 12799 "-" "-"
40.80.149.70 - - [15/Apr/2025:13:20:28 -0400] "GET /wp-includes/css/dist/block-library/ HTTP/1.1" 403 1242 "-" "-"
40.80.149.70 - - [15/Apr/2025:13:20:30 -0400] "GET /wp-admin/css/ HTTP/1.1" 403 1242 "-" "-"
40.80.149.70 - - [15/Apr/2025:13:20:34 -0400] "GET /wp-includes/block-supports/ HTTP/1.1" 403 1242 "-" "-"
40.80.149.70 - - [15/Apr/2025:13:20:36 -0400] "GET /wp-includes/certificates/ HTTP/1.1" 403 1242 "-" "-"
40.80.149.70 - - [15/Apr/2025:13:20:38 -0400] "GET /wp-content/plugins/bdthemes-element-pack/modules/review-card/ HTTP/1.1" 404 12804 "-" "-"
178.62.200.135 - - [15/Apr/2025:13:21:05 -0400] "GET /wp-json/wp/v2/tags?per_page=50&page=1&orderby=count&order=desc HTTP/1.1" 200 2 "-" "axios/1.7.7"
40.80.149.70 - - [15/Apr/2025:13:20:51 -0400] "GET /wp-content/plugins/w3-total-cache/lib/Aws/Aws/Api/Parser/ HTTP/1.1" 200 0 "-" "-"
178.62.200.135 - - [15/Apr/2025:13:21:18 -0400] "GET /wp-json/wp/v2/categories?per_page=50&page=1&orderby=count&order=desc HTTP/1.1" 200 21994 "-" "axios/1.7.7"
52.169.150.55 - - [15/Apr/2025:13:25:58 -0400] "GET /.alf.php HTTP/1.1" 404 10293 "-" "-"
52.169.150.55 - - [15/Apr/2025:13:26:15 -0400] "GET /.tmb/ HTTP/1.1" 404 10293 "-" "-"
52.169.150.55 - - [15/Apr/2025:13:26:21 -0400] "GET /.tmb/mariju.php HTTP/1.1" 404 10293 "-" "-"
52.169.150.55 - - [15/Apr/2025:13:26:27 -0400] "GET /.tmb/wp-login.php HTTP/1.1" 404 10293 "-" "-"
198.54.114.83 - - [15/Apr/2025:13:26:30 -0400] "POST /wp-cron.php?doing_wp_cron=1744737987.8180570602416992187500 HTTP/1.1" 200 0 "-" "WordPress/6.7.2; https://buymedicineonlineusa.com"
52.169.150.55 - - [15/Apr/2025:13:26:34 -0400] "GET /.well-known/ HTTP/1.1" 404 10293 "-" "-"
52.169.150.55 - - [15/Apr/2025:13:26:39 -0400] "GET /.well-known//about.php HTTP/1.1" 301 0 "-" "-"
52.169.150.55 - - [15/Apr/2025:13:26:44 -0400] "GET /.well-known/about.php HTTP/1.1" 404 10293 "-" "-"
52.169.150.55 - - [15/Apr/2025:13:26:54 -0400] "GET /.well-known/ALFA_DATA/alfacgiapi/perl.alfa.php HTTP/1.1" 404 12802 "-" "-"
52.169.150.55 - - [15/Apr/2025:13:27:02 -0400] "GET /.well-known/about.php HTTP/1.1" 404 10293 "-" "-"
52.169.150.55 - - [15/Apr/2025:13:27:10 -0400] "GET /.well-known/acme-challenge/ HTTP/1.1" 404 10293 "-" "-"
52.169.150.55 - - [15/Apr/2025:13:27:19 -0400] "GET /.well-known/acme-challenge//.info.php HTTP/1.1" 301 0 "-" "-"
52.169.150.55 - - [15/Apr/2025:13:27:26 -0400] "GET /.well-known/acme-challenge/.info.php HTTP/1.1" 404 12787 "-" "-"
52.169.150.55 - - [15/Apr/2025:13:27:34 -0400] "GET /.well-known/acme-challenge//muse.php HTTP/1.1" 301 0 "-" "-"
198.54.114.83 - - [15/Apr/2025:13:27:40 -0400] "POST /wp-cron.php?doing_wp_cron=1744738054.9312698841094970703125 HTTP/1.1" 200 0 "-" "WordPress/6.7.2; https://buymedicineonlineusa.com"
52.169.150.55 - - [15/Apr/2025:13:27:41 -0400] "GET /.well-known/acme-challenge/muse.php HTTP/1.1" 404 12790 "-" "-"
216.244.66.232 - - [15/Apr/2025:13:28:48 -0400] "GET /robots.txt HTTP/1.1" 200 134 "-" "Mozilla/5.0 (compatible; DotBot/1.2; +https://opensiteexplorer.org/dotbot; help@moz.com)"
47.238.13.16 - - [15/Apr/2025:13:30:52 -0400] "GET / HTTP/1.1" 200 97601 "-" "Mozilla/5.0 (Macintosh; Intel Mac OS X 10_15_7) AppleWebKit/537.36 (KHTML, like Gecko) Chrome/109.0.0.0 Safari/537.36"
222.186.134.234 - - [15/Apr/2025:13:35:49 -0400] "GET /?rest_route=/wp/v2/users/ HTTP/1.1" 200 97601 "http://buymedicineonlineusa.com" "Mozilla/5.0 (compatible; Yahoo! Slurp China; http://misc.yahoo.com.cn/help.html\xa1\xb1)"
216.244.66.232 - - [15/Apr/2025:13:39:51 -0400] "GET /achieving-dream-bathroom-spaces-in-western-suburbs-melbourne/ HTTP/1.1" 200 15262 "-" "Mozilla/5.0 (compatible; DotBot/1.2; +https://opensiteexplorer.org/dotbot; help@moz.com)"
198.54.114.83 - - [15/Apr/2025:13:40:00 -0400] "POST /wp-cron.php?doing_wp_cron=1744738795.9779899120330810546875 HTTP/1.1" 200 0 "-" "WordPress/6.7.2; https://buymedicineonlineusa.com"
40.77.167.55 - - [15/Apr/2025:13:57:26 -0400] "GET / HTTP/1.1" 200 97601 "-" "Mozilla/5.0 AppleWebKit/537.36 (KHTML, like Gecko; compatible; bingbot/2.0; +http://www.bing.com/bingbot.htm) Chrome/116.0.1938.76 Safari/537.36"
192.159.99.75 - - [15/Apr/2025:14:02:16 -0400] "GET /.env HTTP/1.1" 200 0 "-" "Mozilla/5.0 (Macintosh; Intel Mac OS X 10.15; rv:77.0) Gecko/20100101 Firefox/77.0"
216.244.66.232 - - [15/Apr/2025:14:13:54 -0400] "GET /robots.txt HTTP/1.1" 304 0 "-" "Mozilla/5.0 (compatible; DotBot/1.2; +https://opensiteexplorer.org/dotbot; help@moz.com)"
216.244.66.232 - - [15/Apr/2025:14:26:06 -0400] "GET /the-cheapest-locksmiths-service-for-vehicles/ HTTP/1.1" 200 15469 "-" "Mozilla/5.0 (compatible; DotBot/1.2; +https://opensiteexplorer.org/dotbot; help@moz.com)"
198.54.114.83 - - [15/Apr/2025:14:26:10 -0400] "POST /wp-cron.php?doing_wp_cron=1744741567.4750878810882568359375 HTTP/1.1" 200 0 "-" "WordPress/6.7.2; https://buymedicineonlineusa.com"
216.244.66.232 - - [15/Apr/2025:14:26:33 -0400] "GET /umzugsunternehmen-hamburg-ihr-partner-fur-einen-stressfreien-umzug/feed/ HTTP/1.1" 200 484 "-" "Mozilla/5.0 (compatible; DotBot/1.2; +https://opensiteexplorer.org/dotbot; help@moz.com)"
51.222.253.6 - - [15/Apr/2025:14:31:05 -0400] "GET /robots.txt HTTP/1.1" 200 134 "-" "Mozilla/5.0 (compatible; AhrefsBot/7.0; +http://ahrefs.com/robot/)"
216.244.66.232 - - [15/Apr/2025:14:31:54 -0400] "GET /category/best-dating-site-com/feed/ HTTP/1.1" 404 10293 "-" "Mozilla/5.0 (compatible; DotBot/1.2; +https://opensiteexplorer.org/dotbot; help@moz.com)"
198.54.114.83 - - [15/Apr/2025:14:32:02 -0400] "POST /wp-cron.php?doing_wp_cron=1744741918.8768689632415771484375 HTTP/1.1" 200 0 "-" "WordPress/6.7.2; https://buymedicineonlineusa.com"
216.244.66.232 - - [15/Apr/2025:14:32:34 -0400] "GET /category/bondagecom-asian-rencontre-2/feed/ HTTP/1.1" 404 10293 "-" "Mozilla/5.0 (compatible; DotBot/1.2; +https://opensiteexplorer.org/dotbot; help@moz.com)"
198.54.114.83 - - [15/Apr/2025:14:33:11 -0400] "POST /wp-cron.php?doing_wp_cron=1744741989.1797430515289306640625 HTTP/1.1" 200 0 "-" "WordPress/6.7.2; https://buymedicineonlineusa.com"
216.244.66.232 - - [15/Apr/2025:14:33:08 -0400] "GET /category/bridgeport-escort-index-2/feed/ HTTP/1.1" 404 10293 "-" "Mozilla/5.0 (compatible; DotBot/1.2; +https://opensiteexplorer.org/dotbot; help@moz.com)"
109.199.117.176 - - [15/Apr/2025:14:47:56 -0400] "GET / HTTP/1.1" 200 97601 "-" "Mozilla/5.0 (Windows NT 6.3; Win64; x64) AppleWebKit/537.36 (KHTML, like Gecko) Chrome/101.0.4951.54 Safari/537.36"
109.199.117.176 - - [15/Apr/2025:14:49:08 -0400] "POST /xmlrpc.php HTTP/1.1" 200 212 "-" "Mozilla/5.0 (Windows NT 6.3; Win64; x64) AppleWebKit/537.36 (KHTML, like Gecko) Chrome/101.0.4951.54 Safari/537.36"
198.54.114.83 - - [15/Apr/2025:14:49:15 -0400] "POST /wp-cron.php?doing_wp_cron=1744742952.6947269439697265625000 HTTP/1.1" 200 0 "-" "WordPress/6.7.2; https://buymedicineonlineusa.com"
109.199.117.176 - - [15/Apr/2025:14:49:19 -0400] "POST /wp-login.php HTTP/1.1" 302 0 "-" "Mozilla/5.0 (Windows NT 6.3; Win64; x64) AppleWebKit/537.36 (KHTML, like Gecko) Chrome/101.0.4951.54 Safari/537.36"
109.199.117.176 - - [15/Apr/2025:14:49:30 -0400] "POST /wp-login.php HTTP/1.1" 302 0 "-" "Mozilla/5.0 (Windows NT 6.3; Win64; x64) AppleWebKit/537.36 (KHTML, like Gecko) Chrome/101.0.4951.54 Safari/537.36"
216.244.66.232 - - [15/Apr/2025:14:58:14 -0400] "GET /robots.txt HTTP/1.1" 200 134 "-" "Mozilla/5.0 (compatible; DotBot/1.2; +https://opensiteexplorer.org/dotbot; help@moz.com)"
164.90.188.101 - - [15/Apr/2025:14:59:37 -0400] "GET /krasnodar-dynamo-forecast-and-bets-by-evgeny/ HTTP/1.1" 404 10293 "http://buymedicineonlineusa.com/krasnodar-dynamo-forecast-and-bets-by-evgeny/" "Mozilla/5.0 (Windows NT 10.0; Win64; x64) AppleWebKit/537.36 (KHTML, like Gecko) Chrome/130.0.0.0 Safari/537.36 CCleaner/130.0.0.0"
198.54.114.83 - - [15/Apr/2025:14:59:41 -0400] "POST /wp-cron.php?doing_wp_cron=1744743577.8462789058685302734375 HTTP/1.1" 200 0 "-" "WordPress/6.7.2; https://buymedicineonlineusa.com"
77.246.102.42 - - [15/Apr/2025:15:03:57 -0400] "GET /schmuckindustrie-heute-rolle-von-alternativem-metallschmuck/ HTTP/1.1" 200 15609 "http://buymedicineonlineusa.com/schmuckindustrie-heute-rolle-von-alternativem-metallschmuck/" "Mozilla/5.0 (Windows NT 10.0; Win64; x64) AppleWebKit/537.36 (KHTML, like Gecko) Chrome/130.0.0.0 Safari/537.36"
77.246.102.42 - - [15/Apr/2025:15:04:12 -0400] "POST /wp-comments-post.php HTTP/1.1" 302 0 "http://buymedicineonlineusa.com/schmuckindustrie-heute-rolle-von-alternativem-metallschmuck/" "Mozilla/5.0 (Windows NT 10.0; Win64; x64) AppleWebKit/537.36 (KHTML, like Gecko) Chrome/130.0.0.0 Safari/537.36"
216.244.66.232 - - [15/Apr/2025:15:20:22 -0400] "GET /things-you-need-to-know-about-a-conservatory-roof/feed/ HTTP/1.1" 200 462 "-" "Mozilla/5.0 (compatible; DotBot/1.2; +https://opensiteexplorer.org/dotbot; help@moz.com)"
198.54.114.83 - - [15/Apr/2025:15:20:25 -0400] "POST /wp-cron.php?doing_wp_cron=1744744823.0115079879760742187500 HTTP/1.1" 200 0 "-" "WordPress/6.7.2; https://buymedicineonlineusa.com"
198.54.114.83 - - [15/Apr/2025:15:24:04 -0400] "POST /wp-cron.php?doing_wp_cron=1744745043.4075689315795898437500 HTTP/1.1" 200 0 "-" "WordPress/6.7.2; https://buymedicineonlineusa.com"
54.36.148.238 - - [15/Apr/2025:15:23:58 -0400] "GET /how-can-i-get-conjugated-estrogens-fast-delivery/ HTTP/1.1" 404 10293 "-" "Mozilla/5.0 (compatible; AhrefsBot/7.0; +http://ahrefs.com/robot/)"
46.8.106.52 - - [15/Apr/2025:15:38:01 -0400] "GET /krasnodar-dynamo-forecast-and-bets-by-evgeny/ HTTP/1.1" 404 10293 "http://buymedicineonlineusa.com/krasnodar-dynamo-forecast-and-bets-by-evgeny/" "Mozilla/5.0 (Windows NT 6.3; Win64; x64) AppleWebKit/537.36 (KHTML, like Gecko) Chrome/103.0.5060.53 Safari/537.36"
46.8.106.52 - - [15/Apr/2025:15:38:05 -0400] "GET / HTTP/1.1" 200 97601 "http://buymedicineonlineusa.com/" "Mozilla/5.0 (Windows NT 6.3; Win64; x64) AppleWebKit/537.36 (KHTML, like Gecko) Chrome/103.0.5060.53 Safari/537.36"
52.138.203.243 - - [15/Apr/2025:15:45:58 -0400] "GET /403.php HTTP/1.1" 404 10293 "-" "-"
52.138.203.243 - - [15/Apr/2025:15:46:02 -0400] "GET /content.php HTTP/1.1" 404 10293 "-" "-"
52.138.203.243 - - [15/Apr/2025:15:46:05 -0400] "GET /wp-content/plugins/not/includes/about.php HTTP/1.1" 404 12792 "-" "-"
52.138.203.243 - - [15/Apr/2025:15:46:08 -0400] "GET /wp-content/plugins/simple/simple.php HTTP/1.1" 404 12782 "-" "-"
198.54.114.83 - - [15/Apr/2025:15:46:12 -0400] "POST /wp-cron.php?doing_wp_cron=1744746371.2210559844970703125000 HTTP/1.1" 200 0 "-" "WordPress/6.7.2; https://buymedicineonlineusa.com"
52.138.203.243 - - [15/Apr/2025:15:46:11 -0400] "GET /wp-content/plugins/wp-theme-editor/include.php HTTP/1.1" 404 12793 "-" "-"
52.138.203.243 - - [15/Apr/2025:15:46:14 -0400] "GET /wp-content/themes/aahana/json.php HTTP/1.1" 404 12779 "-" "-"
52.138.203.243 - - [15/Apr/2025:15:46:17 -0400] "GET /admin.php HTTP/1.1" 404 10293 "-" "-"
52.138.203.243 - - [15/Apr/2025:15:46:19 -0400] "GET /wp-content/plugins/awesome-coming-soon/come.php HTTP/1.1" 404 12799 "-" "-"
52.138.203.243 - - [15/Apr/2025:15:46:20 -0400] "GET /wp-content/plugins/wp-conflg.php HTTP/1.1" 404 12781 "-" "-"
52.138.203.243 - - [15/Apr/2025:15:46:23 -0400] "GET /berlin.php HTTP/1.1" 404 10293 "-" "-"
52.138.203.243 - - [15/Apr/2025:15:46:26 -0400] "GET /wp-includes/Requests/about.php HTTP/1.1" 404 12789 "-" "-"
52.138.203.243 - - [15/Apr/2025:15:46:28 -0400] "GET /wp-includes/style-engine/about.php HTTP/1.1" 404 12790 "-" "-"
52.138.203.243 - - [15/Apr/2025:15:46:30 -0400] "GET /wp-includes/rest-api/about.php HTTP/1.1" 404 12790 "-" "-"
52.138.203.243 - - [15/Apr/2025:15:46:33 -0400] "GET /wp-includes/SimplePie/about.php HTTP/1.1" 404 12792 "-" "-"
52.138.203.243 - - [15/Apr/2025:15:46:37 -0400] "GET /wp-content/banners/about.php HTTP/1.1" 404 12781 "-" "-"
198.54.114.83 - - [15/Apr/2025:15:46:40 -0400] "POST /wp-cron.php?doing_wp_cron=1744746398.0561800003051757812500 HTTP/1.1" 200 0 "-" "WordPress/6.7.2; https://buymedicineonlineusa.com"
52.138.203.243 - - [15/Apr/2025:15:46:42 -0400] "GET /wp-content/about.php HTTP/1.1" 404 10293 "-" "-"
52.138.203.243 - - [15/Apr/2025:15:46:44 -0400] "GET /.well-known/about.php HTTP/1.1" 404 10293 "-" "-"
52.138.203.243 - - [15/Apr/2025:15:46:47 -0400] "GET /wp-includes/Text/about.php HTTP/1.1" 404 12786 "-" "-"
52.138.203.243 - - [15/Apr/2025:15:46:49 -0400] "GET /wp-includes/ID3/about.php HTTP/1.1" 404 12788 "-" "-"
52.138.203.243 - - [15/Apr/2025:15:46:52 -0400] "GET /img/about.php HTTP/1.1" 404 10293 "-" "-"
52.138.203.243 - - [15/Apr/2025:15:46:54 -0400] "GET /wp-content/languages/about.php HTTP/1.1" 404 12780 "-" "-"
52.138.203.243 - - [15/Apr/2025:15:46:57 -0400] "GET /wp-includes/customize/about.php HTTP/1.1" 404 12787 "-" "-"
52.138.203.243 - - [15/Apr/2025:15:47:00 -0400] "GET /wp-includes.bak/html-api/about.php HTTP/1.1" 404 12794 "-" "-"
52.138.203.243 - - [15/Apr/2025:15:47:03 -0400] "GET /wp-includes/widgets/about.php HTTP/1.1" 404 12787 "-" "-"
52.138.203.243 - - [15/Apr/2025:15:47:06 -0400] "GET /wp-includes/IXR/about.php HTTP/1.1" 404 12789 "-" "-"
52.138.203.243 - - [15/Apr/2025:15:47:09 -0400] "GET /wp-admin/js/about.php HTTP/1.1" 404 12783 "-" "-"
52.138.203.243 - - [15/Apr/2025:15:47:15 -0400] "GET /.well-known/pki-validation/about.php HTTP/1.1" 404 1251 "-" "-"
85.208.98.23 - - [15/Apr/2025:16:01:21 -0400] "GET /robots.txt HTTP/1.1" 304 0 "-" "Mozilla/5.0 (compatible; SemrushBot-BA; +http://www.semrush.com/bot.html)"
107.151.208.210 - - [15/Apr/2025:16:05:22 -0400] "GET /?rest_route=/wp/v2/users HTTP/1.1" 200 97601 "www.google.com" "Mozlila/5.0 (Linux; Android 7.0; SM-G892A Bulid/NRD90M; wv) AppleWebKit/537.36 (KHTML, like Gecko) Version/4.0 Chrome/60.0.3112.107 Moblie Safari/537.36"
65.21.113.244 - - [15/Apr/2025:16:12:39 -0400] "GET /robots.txt HTTP/1.1" 304 0 "-" "Mozilla/5.0 (compatible; AwarioBot/1.0; +https://awario.com/bots.html)"
198.54.114.83 - - [15/Apr/2025:16:12:42 -0400] "POST /wp-cron.php?doing_wp_cron=1744747960.8475489616394042968750 HTTP/1.1" 200 0 "-" "WordPress/6.7.2; https://buymedicineonlineusa.com"
65.21.113.244 - - [15/Apr/2025:16:12:40 -0400] "GET /where-can-you-buy-finpecia-cheap-finpecia-for-sale/ HTTP/1.1" 404 10292 "-" "Mozilla/5.0 (compatible; AwarioBot/1.0; +https://awario.com/bots.html)"
65.21.113.244 - - [15/Apr/2025:16:12:48 -0400] "GET /strattera-by-mail-buymedicineonlineusa-com/ HTTP/1.1" 404 10292 "-" "Mozilla/5.0 (compatible; AwarioBot/1.0; +https://awario.com/bots.html)"
103.131.71.65 - - [15/Apr/2025:16:21:02 -0400] "GET /robots.txt HTTP/1.1" 200 134 "-" "Mozilla/5.0 (compatible; coccocbot-web/1.0; +http://help.coccoc.com/searchengine)"
198.54.114.83 - - [15/Apr/2025:16:28:04 -0400] "POST /wp-cron.php?doing_wp_cron=1744748883.8421449661254882812500 HTTP/1.1" 200 0 "-" "WordPress/6.7.2; https://buymedicineonlineusa.com"
52.164.245.231 - - [15/Apr/2025:16:27:58 -0400] "GET /.alf.php HTTP/1.1" 404 10292 "-" "-"
52.164.245.231 - - [15/Apr/2025:16:28:06 -0400] "GET /.tmb/ HTTP/1.1" 404 10292 "-" "-"
52.164.245.231 - - [15/Apr/2025:16:28:07 -0400] "GET /.tmb/mariju.php HTTP/1.1" 404 10292 "-" "-"
52.164.245.231 - - [15/Apr/2025:16:28:09 -0400] "GET /.tmb/wp-login.php HTTP/1.1" 404 10292 "-" "-"
52.164.245.231 - - [15/Apr/2025:16:28:10 -0400] "GET /.well-known/ HTTP/1.1" 404 10292 "-" "-"
52.164.245.231 - - [15/Apr/2025:16:28:12 -0400] "GET /.well-known//about.php HTTP/1.1" 301 0 "-" "-"
52.164.245.231 - - [15/Apr/2025:16:28:14 -0400] "GET /.well-known/about.php HTTP/1.1" 404 10293 "-" "-"
52.164.245.231 - - [15/Apr/2025:16:28:15 -0400] "GET /.well-known/ALFA_DATA/alfacgiapi/perl.alfa.php HTTP/1.1" 404 12800 "-" "-"
52.164.245.231 - - [15/Apr/2025:16:28:17 -0400] "GET /.well-known/about.php HTTP/1.1" 404 10293 "-" "-"
