2001:41d0:303:363::1 - - [16/Apr/2025:03:01:09 -0400] "GET /V%C3%AAtements-Body-b%C3%A9b%C3%A9-Coton-TRS-509377-B%C3%A9b%C3%A9-fille-m/ HTTP/1.1" 404 10293 "-" "Mozilla/5.0 (compatible; MJ12bot/v1.4.8; http://mj12bot.com/)"
2001:41d0:303:363::1 - - [16/Apr/2025:03:01:14 -0400] "GET /V%C3%AAtements-Bonnet-Unisexe-en-Coton-Doux-Corona-Extra-Beer-Seau-19156-Homme/ HTTP/1.1" 404 10293 "-" "Mozilla/5.0 (compatible; MJ12bot/v1.4.8; http://mj12bot.com/)"
2001:41d0:303:363::1 - - [16/Apr/2025:03:01:17 -0400] "GET /V%C3%AAtements-Bonnet-tombant-Trend-Femme-Homme-32141-Femme/ HTTP/1.1" 404 10293 "-" "Mozilla/5.0 (compatible; MJ12bot/v1.4.8; http://mj12bot.com/)"
2001:41d0:303:363::1 - - [16/Apr/2025:03:01:23 -0400] "GET /V%C3%AAtements-Bord-Protection-Solaire-Chapeau-de-Paille-Bowknot-Couleur-Pur-Seau-231945-Femme/ HTTP/1.1" 404 10293 "-" "Mozilla/5.0 (compatible; MJ12bot/v1.4.8; http://mj12bot.com/)"
2001:41d0:303:363::1 - - [16/Apr/2025:03:01:27 -0400] "GET /V%C3%AAtements-Boucle-de-ceinture-de-kilt-371383-Accessoires/ HTTP/1.1" 404 10293 "-" "Mozilla/5.0 (compatible; MJ12bot/v1.4.8; http://mj12bot.com/)"
2001:41d0:303:363::1 - - [16/Apr/2025:03:01:32 -0400] "GET /V%C3%AAtements-Business-Homme-SELECTED-FEMME-ShdonepenRick-226592-Tshirts-polos-et-chemises/ HTTP/1.1" 404 10293 "-" "Mozilla/5.0 (compatible; MJ12bot/v1.4.8; http://mj12bot.com/)"
2001:41d0:303:363::1 - - [16/Apr/2025:03:01:37 -0400] "GET /V%C3%AAtements-Business-find-Pd000602-354737-Tshirts-polos-et-chemises/ HTTP/1.1" 404 10293 "-" "Mozilla/5.0 (compatible; MJ12bot/v1.4.8; http://mj12bot.com/)"
198.54.114.83 - - [16/Apr/2025:03:01:40 -0400] "POST /wp-cron.php?doing_wp_cron=1744786898.1900629997253417968750 HTTP/1.1" 200 0 "-" "WordPress/6.7.2; https://buymedicineonlineusa.com"
2001:41d0:303:363::1 - - [16/Apr/2025:03:01:43 -0400] "GET /V%C3%AAtements-B%C3%A9b%C3%A9-Fille-Barboteuse-Bodysuit-en-Coton-my-little-Black-196797-B%C3%A9b%C3%A9-fille-m/ HTTP/1.1" 404 10293 "-" "Mozilla/5.0 (compatible; MJ12bot/v1.4.8; http://mj12bot.com/)"
2001:41d0:303:363::1 - - [16/Apr/2025:03:01:47 -0400] "GET /V%C3%AAtements-B%C3%A9b%C3%A9-Unisexe-%C3%A0-Monture-Ronde-Multicolore-%C3%A0-La-Mode-243088-Accessoires/ HTTP/1.1" 404 10293 "-" "Mozilla/5.0 (compatible; MJ12bot/v1.4.8; http://mj12bot.com/)"
2001:41d0:303:363::1 - - [16/Apr/2025:03:01:53 -0400] "GET /V%C3%AAtements-Cap-BILLABONG-895751-Homme/ HTTP/1.1" 404 10293 "-" "Mozilla/5.0 (compatible; MJ12bot/v1.4.8; http://mj12bot.com/)"
2001:41d0:303:363::1 - - [16/Apr/2025:03:01:59 -0400] "GET /V%C3%AAtements-Capeline-de-Paille-Femme-Pliable-Solaire-MainTiss%C3%A9-Chapeau-Plage-Panama-589356-Femme/ HTTP/1.1" 404 10293 "-" "Mozilla/5.0 (compatible; MJ12bot/v1.4.8; http://mj12bot.com/)"
2001:41d0:303:363::1 - - [16/Apr/2025:03:02:07 -0400] "GET /V%C3%AAtements-Capuche-Fausse-Fourrure-Amovible-Parka-Chic-Vibe-126049-Echarpes/ HTTP/1.1" 404 10293 "-" "Mozilla/5.0 (compatible; MJ12bot/v1.4.8; http://mj12bot.com/)"
2001:41d0:303:363::1 - - [16/Apr/2025:03:02:12 -0400] "GET /V%C3%AAtements-Carbonn-Pantalon-de-Cuisine-477711-Fantaisie-et-Specialty/ HTTP/1.1" 404 10294 "-" "Mozilla/5.0 (compatible; MJ12bot/v1.4.8; http://mj12bot.com/)"
2001:41d0:303:363::1 - - [16/Apr/2025:03:02:16 -0400] "GET /V%C3%AAtements-Chapeau-B%C3%A9b%C3%A9-%C3%A0-mois-405753-Accessoires/ HTTP/1.1" 404 10293 "-" "Mozilla/5.0 (compatible; MJ12bot/v1.4.8; http://mj12bot.com/)"
2001:41d0:303:363::1 - - [16/Apr/2025:03:02:21 -0400] "GET /V%C3%AAtements-Chapeau-Casquette-B%C3%A9b%C3%A9-4093-Accessoires/ HTTP/1.1" 404 10293 "-" "Mozilla/5.0 (compatible; MJ12bot/v1.4.8; http://mj12bot.com/)"
2001:41d0:303:363::1 - - [16/Apr/2025:03:02:25 -0400] "GET /V%C3%AAtements-Chapeau-Chapeau-Cloche-Caps-Solide-Couleur-Femmes-Lady-Laine-Feutre-Court-353155-Femme/ HTTP/1.1" 404 10293 "-" "Mozilla/5.0 (compatible; MJ12bot/v1.4.8; http://mj12bot.com/)"
2001:41d0:303:363::1 - - [16/Apr/2025:03:02:28 -0400] "GET /V%C3%AAtements-Chapeau-Traditionnel-Boutons-Decoratifs-Chapeau-238436-Homme/ HTTP/1.1" 404 10293 "-" "Mozilla/5.0 (compatible; MJ12bot/v1.4.8; http://mj12bot.com/)"
2001:41d0:303:363::1 - - [16/Apr/2025:03:02:32 -0400] "GET /V%C3%AAtements-Chapeau-Tricot%C3%A9-Unicolore-Taille-R%C3%A9glable-iShine-Elastique-Bonnet-en-Maille-Tr%C3%A8s-Chaud-Hiver-Automne-677273-Casquettes-bonnets-et-chapeaux/ HTTP/1.1" 404 10293 "-" "Mozilla/5.0 (compatible; MJ12bot/v1.4.8; http://mj12bot.com/)"
2001:41d0:303:363::1 - - [16/Apr/2025:03:02:36 -0400] "GET /V%C3%AAtements-Chapeau-p%C3%AAcheur-en-Toile-imprim%C3%A9e-Formes-69025-Femme/ HTTP/1.1" 404 10293 "-" "Mozilla/5.0 (compatible; MJ12bot/v1.4.8; http://mj12bot.com/)"
2001:41d0:303:363::1 - - [16/Apr/2025:03:02:40 -0400] "GET /V%C3%AAtements-Chapeau-%C3%A0-tarte-de-porc-avec-417011-Homme/ HTTP/1.1" 404 10293 "-" "Mozilla/5.0 (compatible; MJ12bot/v1.4.8; http://mj12bot.com/)"
198.54.114.83 - - [16/Apr/2025:03:02:43 -0400] "POST /wp-cron.php?doing_wp_cron=1744786960.7625820636749267578125 HTTP/1.1" 200 0 "-" "WordPress/6.7.2; https://buymedicineonlineusa.com"
2001:41d0:303:363::1 - - [16/Apr/2025:03:02:45 -0400] "GET /V%C3%AAtements-Chapeaux-de-Paille-Sunhats-Pliables-des-Femmes-avec-Le-Bord-777757-Accessoires/ HTTP/1.1" 404 10293 "-" "Mozilla/5.0 (compatible; MJ12bot/v1.4.8; http://mj12bot.com/)"
2001:41d0:303:363::1 - - [16/Apr/2025:03:02:49 -0400] "GET /V%C3%AAtements-Chapka-Russe-Fourrure-Chapeau-de-Trappeur-Bonnet-avec-Oreilles-Bonnet-327325-Homme/ HTTP/1.1" 404 10293 "-" "Mozilla/5.0 (compatible; MJ12bot/v1.4.8; http://mj12bot.com/)"
2001:41d0:303:363::1 - - [16/Apr/2025:03:02:54 -0400] "GET /V%C3%AAtements-Charmes-Bijoux-Accessoires-Anniversaire-Thanksgiving-Day-Cadeau-de-No%C3%ABl-Cl%C3%A9-PorteBoucle-Sac-%C3%A0-Main-D%C3%A9cor-176551-Fantaisie-et-Specialty/ HTTP/1.1" 404 10293 "-" "Mozilla/5.0 (compatible; MJ12bot/v1.4.8; http://mj12bot.com/)"
2001:41d0:303:363::1 - - [16/Apr/2025:03:02:57 -0400] "GET /V%C3%AAtements-Chaussettes-Coton-ans-Libella-Lot-423333-Chaussettes-et-collants/ HTTP/1.1" 404 10293 "-" "Mozilla/5.0 (compatible; MJ12bot/v1.4.8; http://mj12bot.com/)"
2001:41d0:303:363::1 - - [16/Apr/2025:03:03:03 -0400] "GET /V%C3%AAtements-Pont-souple-verres-ambres-Bronze-Reduction-lumiere-bleu-UV-866440-Femme/ HTTP/1.1" 404 10292 "-" "Mozilla/5.0 (compatible; MJ12bot/v1.4.8; http://mj12bot.com/)"
2001:41d0:303:363::1 - - [16/Apr/2025:03:03:07 -0400] "GET /V%C3%AAtements-Pour-Moi-Castaway-Removable-Straps-Padded-400189-Hauts-de-maillots/ HTTP/1.1" 404 10293 "-" "Mozilla/5.0 (compatible; MJ12bot/v1.4.8; http://mj12bot.com/)"
2001:41d0:303:363::1 - - [16/Apr/2025:03:03:10 -0400] "GET /V%C3%AAtements-Prettyia-x-Ceintures-%C3%89lastique-Maternit%C3%A9-Ajustable-Ceintures-dAjustement-pour-Pantalon-798520-Femme/ HTTP/1.1" 404 10293 "-" "Mozilla/5.0 (compatible; MJ12bot/v1.4.8; http://mj12bot.com/)"
2001:41d0:303:363::1 - - [16/Apr/2025:03:03:17 -0400] "GET /V%C3%AAtements-Protections-UV-Cat-Monture-en-plastique-%C3%A0-paillettes-Fenside-Country-818287-Accessoires/ HTTP/1.1" 404 10293 "-" "Mozilla/5.0 (compatible; MJ12bot/v1.4.8; http://mj12bot.com/)"
2001:41d0:303:363::1 - - [16/Apr/2025:03:03:21 -0400] "GET /V%C3%AAtements-Pyjama-Femme-Hiver-Coton-Pyjama-Femmes-en-Flanelle-Doux-et-168030-Femme/ HTTP/1.1" 404 10293 "-" "Mozilla/5.0 (compatible; MJ12bot/v1.4.8; http://mj12bot.com/)"
2001:41d0:303:363::1 - - [16/Apr/2025:03:03:26 -0400] "GET /V%C3%AAtements-Pyjamas-Gar%C3%A7ons-Filles-sousV%C3%AAtements-Enfants-PCs-Manches-Longues-Chemise-Pantalons-Sleepwear-Chaud-Pjs-%C3%A0-430075-B%C3%A9b%C3%A9/ HTTP/1.1" 404 10293 "-" "Mozilla/5.0 (compatible; MJ12bot/v1.4.8; http://mj12bot.com/)"
2001:41d0:303:363::1 - - [16/Apr/2025:03:03:29 -0400] "GET /V%C3%AAtements-ROUGEGORGE-LINGERIE-Femme-Body-99497-Tenues-de-nuit-lingerie-et-sousv%C3%AAtements/ HTTP/1.1" 404 10293 "-" "Mozilla/5.0 (compatible; MJ12bot/v1.4.8; http://mj12bot.com/)"
2001:41d0:303:363::1 - - [16/Apr/2025:03:03:33 -0400] "GET /V%C3%AAtements-Solide-Vestes-Chaudes-Hiver-Ch%C3%A2le-B%C3%A9b%C3%A9-Enfants-Beige-Gris-Rose-Bleu-411517-B%C3%A9b%C3%A9-fille-m/ HTTP/1.1" 404 10293 "-" "Mozilla/5.0 (compatible; MJ12bot/v1.4.8; http://mj12bot.com/)"
2001:41d0:303:363::1 - - [16/Apr/2025:03:03:37 -0400] "GET /V%C3%AAtements-SoutienGorge-Bonnets-Profonds-531286-Femme/ HTTP/1.1" 404 10293 "-" "Mozilla/5.0 (compatible; MJ12bot/v1.4.8; http://mj12bot.com/)"
2001:41d0:303:363::1 - - [16/Apr/2025:03:03:42 -0400] "GET /V%C3%AAtements-Syndicate-Silver-Symbol-gris-Portefeuille-432898-Homme/ HTTP/1.1" 404 10293 "-" "Mozilla/5.0 (compatible; MJ12bot/v1.4.8; http://mj12bot.com/)"
2001:41d0:303:363::1 - - [16/Apr/2025:03:03:46 -0400] "GET /V%C3%AAtements-TShirt-Col-V-Adulte-Ile-212367-Fantaisie/ HTTP/1.1" 404 10293 "-" "Mozilla/5.0 (compatible; MJ12bot/v1.4.8; http://mj12bot.com/)"
2001:41d0:303:363::1 - - [16/Apr/2025:03:03:51 -0400] "GET /V%C3%AAtements-Taille-Non-rembourr%C3%A9-frugue-SoutienGorge-16078-Soutiensgorge/ HTTP/1.1" 404 10293 "-" "Mozilla/5.0 (compatible; MJ12bot/v1.4.8; http://mj12bot.com/)"
198.54.114.83 - - [16/Apr/2025:03:03:56 -0400] "POST /wp-cron.php?doing_wp_cron=1744787035.5979070663452148437500 HTTP/1.1" 200 0 "-" "WordPress/6.7.2; https://buymedicineonlineusa.com"
2001:41d0:303:363::1 - - [16/Apr/2025:03:03:55 -0400] "GET /V%C3%AAtements-Taille-XL-Cofra-V081003Z7-313253-V%C3%AAtements-de-s%C3%A9curit%C3%A9/ HTTP/1.1" 404 10293 "-" "Mozilla/5.0 (compatible; MJ12bot/v1.4.8; http://mj12bot.com/)"
2001:41d0:303:363::1 - - [16/Apr/2025:03:04:01 -0400] "GET /V%C3%AAtements-Tanga-Dentelle-Perle-Bow-sousv%C3%AAtements-VString-Noir-Joeyer-161755-Femme/ HTTP/1.1" 404 10293 "-" "Mozilla/5.0 (compatible; MJ12bot/v1.4.8; http://mj12bot.com/)"
2001:41d0:303:363::1 - - [16/Apr/2025:03:04:05 -0400] "GET /V%C3%AAtements-Team-%20chibul-xptsca-OSFA-sans-Sexe-624633-Casquettes-bonnets-et-chapeaux/ HTTP/1.1" 404 10293 "-" "Mozilla/5.0 (compatible; MJ12bot/v1.4.8; http://mj12bot.com/)"
2001:41d0:303:363::1 - - [16/Apr/2025:03:04:09 -0400] "GET /V%C3%AAtements-Thermal-Underwear-Thermal-Sets-Seamless-Elastic-Thermal-Inner-Wear-Underwear-SetVNeck-Mens-Thermal-SetsLong-331461-Homme/ HTTP/1.1" 404 10293 "-" "Mozilla/5.0 (compatible; MJ12bot/v1.4.8; http://mj12bot.com/)"
2001:41d0:303:363::1 - - [16/Apr/2025:03:04:13 -0400] "GET /V%C3%AAtements-Thinking-Cat-Aprons-Printed-Apron-for-Women-Men-Gardening-Waiter-154431-Fantaisie-et-Specialty/ HTTP/1.1" 404 10293 "-" "Mozilla/5.0 (compatible; MJ12bot/v1.4.8; http://mj12bot.com/)"
2001:41d0:303:363::1 - - [16/Apr/2025:03:04:18 -0400] "GET /V%C3%AAtements-Tiefe-cm-Portemonnaie-femme-L%C3%A4nge-713281-Femme/ HTTP/1.1" 404 10293 "-" "Mozilla/5.0 (compatible; MJ12bot/v1.4.8; http://mj12bot.com/)"
2001:41d0:303:363::1 - - [16/Apr/2025:03:04:23 -0400] "GET /V%C3%AAtements-Tock-Collants-pour-b%C3%A9b%C3%A9-fille-Coton-138714-Collants/ HTTP/1.1" 404 10293 "-" "Mozilla/5.0 (compatible; MJ12bot/v1.4.8; http://mj12bot.com/)"
2001:41d0:303:363::1 - - [16/Apr/2025:03:04:29 -0400] "GET /V%C3%AAtements-Toile-De-Chef-Tablier-Dos-Crois%C3%A9-pour-Adulte-avec-Bretelles-Et-Poches-R%C3%A9glables-XIAOSHA-904711-Fantaisie-et-Specialty/ HTTP/1.1" 404 10293 "-" "Mozilla/5.0 (compatible; MJ12bot/v1.4.8; http://mj12bot.com/)"
2001:41d0:303:363::1 - - [16/Apr/2025:03:04:35 -0400] "GET /V%C3%AAtements-Top-Nursing-Caraco-L-Femme-Bleu-Ciel-469659-D%C3%A9bardeurs/ HTTP/1.1" 404 10293 "-" "Mozilla/5.0 (compatible; MJ12bot/v1.4.8; http://mj12bot.com/)"
198.54.114.83 - - [16/Apr/2025:03:04:39 -0400] "POST /wp-cron.php?doing_wp_cron=1744787075.5804119110107421875000 HTTP/1.1" 200 0 "-" "WordPress/6.7.2; https://buymedicineonlineusa.com"
2001:41d0:303:363::1 - - [16/Apr/2025:03:04:41 -0400] "GET /V%C3%AAtements-Trous-tricot%C3%A9-Couverture-compl%C3%A8te-Ski-Hiver-Chaud-Cyclisme-n%C3%A9on-Couleur-Unie-Cagoule-876031-Femme/ HTTP/1.1" 404 10293 "-" "Mozilla/5.0 (compatible; MJ12bot/v1.4.8; http://mj12bot.com/)"
2001:41d0:303:363::1 - - [16/Apr/2025:03:04:45 -0400] "GET /V%C3%AAtements-Tshirt-Top-Maillot-Anti-UV-Manches-340015-B%C3%A9b%C3%A9/ HTTP/1.1" 404 10293 "-" "Mozilla/5.0 (compatible; MJ12bot/v1.4.8; http://mj12bot.com/)"
2001:41d0:303:363::1 - - [16/Apr/2025:03:04:49 -0400] "GET /V%C3%AAtements-Tshirt-r%C3%A9tro-pour-homme-Motif-van-864785-Fantaisie-et-Specialty/ HTTP/1.1" 404 10293 "-" "Mozilla/5.0 (compatible; MJ12bot/v1.4.8; http://mj12bot.com/)"
2001:41d0:303:363::1 - - [16/Apr/2025:03:04:53 -0400] "GET /V%C3%AAtements-TupTam-Grenouill%C3%A8res-pour-B%C3%A9b%C3%A9-143417-B%C3%A9b%C3%A9-fille-m/ HTTP/1.1" 404 10293 "-" "Mozilla/5.0 (compatible; MJ12bot/v1.4.8; http://mj12bot.com/)"
198.54.114.83 - - [16/Apr/2025:03:04:56 -0400] "POST /wp-cron.php?doing_wp_cron=1744787094.2278048992156982421875 HTTP/1.1" 200 0 "-" "WordPress/6.7.2; https://buymedicineonlineusa.com"
2001:41d0:303:363::1 - - [16/Apr/2025:03:04:58 -0400] "GET /V%C3%AAtements-Underwire-Nursing-Bra-SoutienGorge-de-69236-Femme/ HTTP/1.1" 404 10293 "-" "Mozilla/5.0 (compatible; MJ12bot/v1.4.8; http://mj12bot.com/)"
2001:41d0:303:363::1 - - [16/Apr/2025:03:05:02 -0400] "GET /V%C3%AAtements-Uni-Business-Cravate-env-Slim-Cravate-292486-Homme/ HTTP/1.1" 404 10293 "-" "Mozilla/5.0 (compatible; MJ12bot/v1.4.8; http://mj12bot.com/)"
2001:41d0:303:363::1 - - [16/Apr/2025:03:05:07 -0400] "GET /V%C3%AAtements-VALENTINO-ROSSI-Sweat-%C3%A0-Capuche-Femme-VR46-263381-Pulls-%C3%A0-capuches-et-sweatshirts/ HTTP/1.1" 404 10293 "-" "Mozilla/5.0 (compatible; MJ12bot/v1.4.8; http://mj12bot.com/)"
2001:41d0:303:363::1 - - [16/Apr/2025:03:05:12 -0400] "GET /V%C3%AAtements-VWH-Femmes-Longs-Portefeuilles-Bourse-Paillettes-Portefeuilles-Embrayage-Sac-Titulaire-22519-Portemonnaie/ HTTP/1.1" 404 10293 "-" "Mozilla/5.0 (compatible; MJ12bot/v1.4.8; http://mj12bot.com/)"
2001:41d0:303:363::1 - - [16/Apr/2025:03:05:16 -0400] "GET /V%C3%AAtements-Veste-Softshell-Sportive-en-642877-V%C3%AAtements/ HTTP/1.1" 404 10293 "-" "Mozilla/5.0 (compatible; MJ12bot/v1.4.8; http://mj12bot.com/)"
2001:41d0:303:363::1 - - [16/Apr/2025:03:05:20 -0400] "GET /V%C3%AAtements-Veste-sans-Manches-B%C3%A9b%C3%A9-Fille-360079-Manteaux-sans-manche/ HTTP/1.1" 404 10293 "-" "Mozilla/5.0 (compatible; MJ12bot/v1.4.8; http://mj12bot.com/)"
2001:41d0:303:363::1 - - [16/Apr/2025:03:05:26 -0400] "GET /V%C3%AAtements-Vintage-Sandownporkpie-526851-Femme/ HTTP/1.1" 404 10293 "-" "Mozilla/5.0 (compatible; MJ12bot/v1.4.8; http://mj12bot.com/)"
2001:41d0:303:363::1 - - [16/Apr/2025:03:05:30 -0400] "GET /V%C3%AAtements-Vintage-pour-Automne-Hiver-GEMVIE-Casquette-de-Marin-Femme-Casquette-Gavroche-269949-B%C3%A9rets/ HTTP/1.1" 404 10293 "-" "Mozilla/5.0 (compatible; MJ12bot/v1.4.8; http://mj12bot.com/)"
2001:41d0:303:363::1 - - [16/Apr/2025:03:05:34 -0400] "GET /V%C3%AAtements-Voies-Gants-Chauffants-%C3%A9lectriques-Gants-Chauffants-%C3%A0-Cinq-Doigts-Gants-%C3%A9lectriques-Doublures-de-Gants-Chauffants-Batterie-Gants-586753-Gants/ HTTP/1.1" 404 10293 "-" "Mozilla/5.0 (compatible; MJ12bot/v1.4.8; http://mj12bot.com/)"
2001:41d0:303:363::1 - - [16/Apr/2025:03:05:40 -0400] "GET /V%C3%AAtements-V%C3%AAtements-de-Nuit-pour-Les-Femmes-&-HommesCadeau-Parfait-Westkun-Unisexe-Peignoir-Long-Robe-362468-V%C3%AAtements-de-nuit/ HTTP/1.1" 404 10294 "-" "Mozilla/5.0 (compatible; MJ12bot/v1.4.8; http://mj12bot.com/)"
2001:41d0:303:363::1 - - [16/Apr/2025:03:05:44 -0400] "GET /V%C3%AAtements-WETOO-Homme-Coton-Casquette-Gavroche-Casquette-Gatsby-114726-Homme/ HTTP/1.1" 404 10293 "-" "Mozilla/5.0 (compatible; MJ12bot/v1.4.8; http://mj12bot.com/)"
2001:41d0:303:363::1 - - [16/Apr/2025:03:05:48 -0400] "GET /V%C3%AAtements-WangsCanis-M%C3%A8res-et-B%C3%A9b%C3%A9-Filles-Maillot-de-Bain-Deux-325965-Femme/ HTTP/1.1" 404 10293 "-" "Mozilla/5.0 (compatible; MJ12bot/v1.4.8; http://mj12bot.com/)"
2001:41d0:303:363::1 - - [16/Apr/2025:03:05:52 -0400] "GET /V%C3%AAtements-cm-noire-747041-Fantaisie-et-Specialty/ HTTP/1.1" 404 10293 "-" "Mozilla/5.0 (compatible; MJ12bot/v1.4.8; http://mj12bot.com/)"
198.54.114.83 - - [16/Apr/2025:03:05:58 -0400] "POST /wp-cron.php?doing_wp_cron=1744787157.4748129844665527343750 HTTP/1.1" 200 0 "-" "WordPress/6.7.2; https://buymedicineonlineusa.com"
2001:41d0:303:363::1 - - [16/Apr/2025:03:05:57 -0400] "GET /V%C3%AAtements-coton-paillettes-de-Protection-Bandeau-Foulard-Cache-Cou-Sport-Moto-Cachez-Nez-Visage-Homme-Femme-390609-Foulards/ HTTP/1.1" 404 10293 "-" "Mozilla/5.0 (compatible; MJ12bot/v1.4.8; http://mj12bot.com/)"
2001:41d0:303:363::1 - - [16/Apr/2025:03:06:03 -0400] "GET /V%C3%AAtements-cravate-ray%C3%A9e-pour-enfants-en-328171-Gar%C3%A7on/ HTTP/1.1" 404 10293 "-" "Mozilla/5.0 (compatible; MJ12bot/v1.4.8; http://mj12bot.com/)"
2001:41d0:303:363::1 - - [16/Apr/2025:03:06:07 -0400] "GET /V%C3%AAtements-cuir-m%C3%A9tal-H-Johnny-Hallyday-880377-Fantaisie/ HTTP/1.1" 404 10294 "-" "Mozilla/5.0 (compatible; MJ12bot/v1.4.8; http://mj12bot.com/)"
2001:41d0:303:363::1 - - [16/Apr/2025:03:06:13 -0400] "GET /V%C3%AAtements-culottes-slips-pour-sousv%C3%AAtements-de-maternit%C3%A9-h%C3%B4pital-postpartum-massage-voyage-Culottes-de-coton-jetables-323865-Femme/ HTTP/1.1" 404 10293 "-" "Mozilla/5.0 (compatible; MJ12bot/v1.4.8; http://mj12bot.com/)"
2001:41d0:303:363::1 - - [16/Apr/2025:03:06:18 -0400] "GET /V%C3%AAtements-dallaitement-PostAccouchement-avec-Bande-Amovible-176614-Soutiensgorge-maternit%C3%A9/ HTTP/1.1" 404 10294 "-" "Mozilla/5.0 (compatible; MJ12bot/v1.4.8; http://mj12bot.com/)"
2001:41d0:303:363::1 - - [16/Apr/2025:03:06:25 -0400] "GET /V%C3%AAtements-dans-le-design-des-jeans-pour-hommes-de-couleur-assortie-et-%C3%A0-16868-Cravates-ceintures-de-smoking-et-mouchoirs-de-poche/ HTTP/1.1" 404 10293 "-" "Mozilla/5.0 (compatible; MJ12bot/v1.4.8; http://mj12bot.com/)"
2001:41d0:303:363::1 - - [16/Apr/2025:03:06:31 -0400] "GET /V%C3%AAtements-de-Bain-Maternit%C3%A9-Pi%C3%A8ces-Tankini-127397-V%C3%AAtements-grossesse-et-maternit%C3%A9/ HTTP/1.1" 404 10293 "-" "Mozilla/5.0 (compatible; MJ12bot/v1.4.8; http://mj12bot.com/)"
198.54.114.83 - - [16/Apr/2025:03:06:38 -0400] "POST /wp-cron.php?doing_wp_cron=1744787196.3580579757690429687500 HTTP/1.1" 200 0 "-" "WordPress/6.7.2; https://buymedicineonlineusa.com"
2001:41d0:303:363::1 - - [16/Apr/2025:03:06:35 -0400] "GET /V%C3%AAtements-de-Bikini-Triangle-399036-Femme/ HTTP/1.1" 404 10294 "-" "Mozilla/5.0 (compatible; MJ12bot/v1.4.8; http://mj12bot.com/)"
2001:41d0:303:363::1 - - [16/Apr/2025:03:06:41 -0400] "GET /V%C3%AAtements-de-Coupe-Peu-Profonde-Doublure-de-Cheville-pour-L%C3%A9t%C3%A9-Artibetter-Paires-de-Chaussettes-338825-Femme/ HTTP/1.1" 404 10293 "-" "Mozilla/5.0 (compatible; MJ12bot/v1.4.8; http://mj12bot.com/)"
2001:41d0:303:363::1 - - [16/Apr/2025:03:06:45 -0400] "GET /V%C3%AAtements-de-Grossesse-en-Deux-Parties-Noir-Maillot-de-Bain-pour-Femmes-Enceintes-Protection-379096-Femme/ HTTP/1.1" 404 10293 "-" "Mozilla/5.0 (compatible; MJ12bot/v1.4.8; http://mj12bot.com/)"
2001:41d0:303:363::1 - - [16/Apr/2025:03:06:51 -0400] "GET /V%C3%AAtements-de-Soleil-Unisexe-P%C3%AAcheur-Randonn%C3%A9e-Outdoor-Casual-AntiUV-Voyage-Vintage-610917-Accessoires/ HTTP/1.1" 404 10294 "-" "Mozilla/5.0 (compatible; MJ12bot/v1.4.8; http://mj12bot.com/)"
198.54.114.83 - - [16/Apr/2025:03:06:53 -0400] "POST /wp-cron.php?doing_wp_cron=1744787211.3366589546203613281250 HTTP/1.1" 200 0 "-" "WordPress/6.7.2; https://buymedicineonlineusa.com"
2001:41d0:303:363::1 - - [16/Apr/2025:03:06:56 -0400] "GET /V%C3%AAtements-de-compression-%C3%A0-manches-longues-pour-homme-94618-V%C3%AAtements/ HTTP/1.1" 404 10293 "-" "Mozilla/5.0 (compatible; MJ12bot/v1.4.8; http://mj12bot.com/)"
2001:41d0:303:363::1 - - [16/Apr/2025:03:07:02 -0400] "GET /V%C3%AAtements-de-grossesse-Maillot-de-bain-Bonnet-828931-Femme/ HTTP/1.1" 404 10291 "-" "Mozilla/5.0 (compatible; MJ12bot/v1.4.8; http://mj12bot.com/)"
2001:41d0:303:363::1 - - [16/Apr/2025:03:07:08 -0400] "GET /V%C3%AAtements-de-la-Maison-de-Poufsouffle-%C3%89pinglette-287352-Fantaisie/ HTTP/1.1" 404 10291 "-" "Mozilla/5.0 (compatible; MJ12bot/v1.4.8; http://mj12bot.com/)"
2001:41d0:303:363::1 - - [16/Apr/2025:03:07:11 -0400] "GET /V%C3%AAtements-de-mariage-Lianshi-Mariage-Voile-De-Mari%C3%A9e-Double-Tiers-91645-Robes-de-mariage/ HTTP/1.1" 404 10293 "-" "Mozilla/5.0 (compatible; MJ12bot/v1.4.8; http://mj12bot.com/)"
2001:41d0:303:363::1 - - [16/Apr/2025:03:07:16 -0400] "GET /V%C3%AAtements-de-nuit-Aibrou-Pyjama-Homme-Coton-Hiver-Ensemble-Pyjamas-430857-Ensembles-de-pyjama/ HTTP/1.1" 404 10292 "-" "Mozilla/5.0 (compatible; MJ12bot/v1.4.8; http://mj12bot.com/)"
2001:41d0:303:363::1 - - [16/Apr/2025:03:07:23 -0400] "GET /V%C3%AAtements-de-nuit-Aivtalk-Ensemble-Pi%C3%A8ce-Chemise-de-Nuit-Femme-en-Soie-Artificielle-Robe-176621-Chemises-de-nuit/ HTTP/1.1" 404 10292 "-" "Mozilla/5.0 (compatible; MJ12bot/v1.4.8; http://mj12bot.com/)"
2001:41d0:303:363::1 - - [16/Apr/2025:03:07:29 -0400] "GET /V%C3%AAtements-de-nuit-BOSS-Hommes-Urban-TShirt-RN-TShirt-de-530855-Homme/ HTTP/1.1" 404 10292 "-" "Mozilla/5.0 (compatible; MJ12bot/v1.4.8; http://mj12bot.com/)"
2001:41d0:303:363::1 - - [16/Apr/2025:03:07:33 -0400] "GET /V%C3%AAtements-de-nuit-CALIDA-Pyjama-court-pour-738386-V%C3%AAtements/ HTTP/1.1" 404 10292 "-" "Mozilla/5.0 (compatible; MJ12bot/v1.4.8; http://mj12bot.com/)"
2001:41d0:303:363::1 - - [16/Apr/2025:03:07:38 -0400] "GET /V%C3%AAtements-de-nuit-CALIDA-Relax-Imprint-Ensemble-474161-Ensembles-de-pyjama/ HTTP/1.1" 404 10292 "-" "Mozilla/5.0 (compatible; MJ12bot/v1.4.8; http://mj12bot.com/)"
198.54.114.83 - - [16/Apr/2025:03:07:41 -0400] "POST /wp-cron.php?doing_wp_cron=1744787258.8434069156646728515625 HTTP/1.1" 200 0 "-" "WordPress/6.7.2; https://buymedicineonlineusa.com"
2001:41d0:303:363::1 - - [16/Apr/2025:03:07:44 -0400] "GET /V%C3%AAtements-de-nuit-Pyjama-Jersey-Manches-Longues-Ensemble-593200-Ensembles-de-pyjama/ HTTP/1.1" 404 10292 "-" "Mozilla/5.0 (compatible; MJ12bot/v1.4.8; http://mj12bot.com/)"
2001:41d0:303:363::1 - - [16/Apr/2025:03:07:49 -0400] "GET /V%C3%AAtements-de-nuit-Pyjama-v%C3%AAtement-de-Loisirs-soi-Get-The-Trend-Hommes-299411-Homme/ HTTP/1.1" 404 10292 "-" "Mozilla/5.0 (compatible; MJ12bot/v1.4.8; http://mj12bot.com/)"
2001:41d0:303:363::1 - - [16/Apr/2025:03:07:55 -0400] "GET /V%C3%AAtements-de-nuit-Robe-de-Chambre-Longue-Imprim%C3%A9-Beaucoup-de-Couleurs-Chemise-181399-Femme/ HTTP/1.1" 404 10292 "-" "Mozilla/5.0 (compatible; MJ12bot/v1.4.8; http://mj12bot.com/)"
198.54.114.83 - - [16/Apr/2025:03:07:58 -0400] "POST /wp-cron.php?doing_wp_cron=1744787275.9143090248107910156250 HTTP/1.1" 200 0 "-" "WordPress/6.7.2; https://buymedicineonlineusa.com"
2001:41d0:303:363::1 - - [16/Apr/2025:03:08:01 -0400] "GET /V%C3%AAtements-de-nuit-Shore-Aspen-Green-CALIDA-503066-V%C3%AAtements/ HTTP/1.1" 404 10293 "-" "Mozilla/5.0 (compatible; MJ12bot/v1.4.8; http://mj12bot.com/)"
2001:41d0:303:363::1 - - [16/Apr/2025:03:08:05 -0400] "GET /V%C3%AAtements-de-sport-Brod%C3%A9s-Maillot-de-D%C3%A9bardeur-Gofei-Maillots-De-Basketball-Hommes-Femme-Basket-494191-Fantaisie-et-Specialty/ HTTP/1.1" 404 10293 "-" "Mozilla/5.0 (compatible; MJ12bot/v1.4.8; http://mj12bot.com/)"
2001:41d0:303:363::1 - - [16/Apr/2025:03:08:10 -0400] "GET /V%C3%AAtements-de-sport-Cleveland-Cavaliers-Lebron-James-Short-de-BasketBall-Maillots-475870-V%C3%AAtements/ HTTP/1.1" 404 10293 "-" "Mozilla/5.0 (compatible; MJ12bot/v1.4.8; http://mj12bot.com/)"
2001:41d0:303:363::1 - - [16/Apr/2025:03:08:15 -0400] "GET /V%C3%AAtements-de-sport-Courir-Shorts-Femmes-en-Shorts-de-Sport-Fitness-Exercice-Chaud-Double-845749-Boxe/ HTTP/1.1" 404 10293 "-" "Mozilla/5.0 (compatible; MJ12bot/v1.4.8; http://mj12bot.com/)"
2001:41d0:303:363::1 - - [16/Apr/2025:03:08:20 -0400] "GET /V%C3%AAtements-de-sport-Femme-Bleu-fonc%C3%A9-Taille-HKM-by-454061-Equitation/ HTTP/1.1" 404 10293 "-" "Mozilla/5.0 (compatible; MJ12bot/v1.4.8; http://mj12bot.com/)"
2001:41d0:303:363::1 - - [16/Apr/2025:03:08:24 -0400] "GET /V%C3%AAtements-de-sport-Film-Protection-%C3%89cran-pour-iPhone-PlusiPhone-Plus-Anti-Rayures-NBKASE-Verre-Tremp%C3%A9-484537-Volleyball/ HTTP/1.1" 404 10293 "-" "Mozilla/5.0 (compatible; MJ12bot/v1.4.8; http://mj12bot.com/)"
2001:41d0:303:363::1 - - [16/Apr/2025:03:08:29 -0400] "GET /V%C3%AAtements-de-sport-Luxury-Fashion-Homme-FA55AC201F-Noir-Polyamide-538201-Baseball/ HTTP/1.1" 404 10293 "-" "Mozilla/5.0 (compatible; MJ12bot/v1.4.8; http://mj12bot.com/)"
2001:41d0:303:363::1 - - [16/Apr/2025:03:08:33 -0400] "GET /V%C3%AAtements-de-sport-dhiver-en-Plein-Air-Unigear-Gants-de-Ski-Enfant-Moufles-de-Ski-Fille-Gar%C3%A7on-124885-Ski-et-snowboard/ HTTP/1.1" 404 10293 "-" "Mozilla/5.0 (compatible; MJ12bot/v1.4.8; http://mj12bot.com/)"
2001:41d0:303:363::1 - - [16/Apr/2025:03:08:37 -0400] "GET /V%C3%AAtements-de-sport-vers-Le-Haut-Force-Exercice-Anneau-Suspension-Formateur-%C3%89quipement-de-Musculation-Domestique-pour-Gar%C3%A7ons-Fille-Poign%C3%A9es-180825-Gymnastique/ HTTP/1.1" 404 10293 "-" "Mozilla/5.0 (compatible; MJ12bot/v1.4.8; http://mj12bot.com/)"
2001:41d0:303:363::1 - - [16/Apr/2025:03:08:43 -0400] "GET /V%C3%AAtements-en-Hiver-Camping-Le-Ski-Veste-Chauffante-Gar%C3%A7On-Fille-USB-Chauffant-Manteau-pour-Enfants-1215-Femme/ HTTP/1.1" 404 10293 "-" "Mozilla/5.0 (compatible; MJ12bot/v1.4.8; http://mj12bot.com/)"
2001:41d0:303:363::1 - - [16/Apr/2025:03:08:49 -0400] "GET /V%C3%AAtements-parfait-pour-lautomne-et-lhiver-id%C3%A9e-cadeau-ManuMar-Foulard-%C3%A0-boucle-pour-femme-tube-foulard-118281-Femme/ HTTP/1.1" 404 10293 "-" "Mozilla/5.0 (compatible; MJ12bot/v1.4.8; http://mj12bot.com/)"
2001:41d0:303:363::1 - - [16/Apr/2025:03:08:55 -0400] "GET /V%C3%AAtements-pour-Lecteurs-dOrdinateur-T%C3%A9l%C3%A9phone-Portable-PC-etc-KS-kimorn-Lentilles-photochromiques-Lunettes-Antilumi%C3%A8re-112669-Montures-de-lunettes/ HTTP/1.1" 404 10293 "-" "Mozilla/5.0 (compatible; MJ12bot/v1.4.8; http://mj12bot.com/)"
2001:41d0:303:363::1 - - [16/Apr/2025:03:09:00 -0400] "GET /Sports-et-Loisirs-Batterie-USB-R%C3%A9glable-Chauds-Gilet-%C3%89lectrique-Chauff%C3%A9-pour-Randonn%C3%A9e-P%C3%AAche-285196-Camping-et-randonn%C3%A9e/ HTTP/1.1" 404 10293 "-" "Mozilla/5.0 (compatible; MJ12bot/v1.4.8; http://mj12bot.com/)"
198.54.114.83 - - [16/Apr/2025:03:09:04 -0400] "POST /wp-cron.php?doing_wp_cron=1744787340.6111779212951660156250 HTTP/1.1" 200 0 "-" "WordPress/6.7.2; https://buymedicineonlineusa.com"
2001:41d0:303:363::1 - - [16/Apr/2025:03:09:06 -0400] "GET /V%C3%AAtements-Bonnets-Nouveaun%C3%A9-Coton-Chapeau-Turban-Naissance-Headwear-Bonnet-Carnaval-440493-Accessoires/ HTTP/1.1" 404 10293 "-" "Mozilla/5.0 (compatible; MJ12bot/v1.4.8; http://mj12bot.com/)"
184.178.172.28 - - [16/Apr/2025:03:15:00 -0400] "GET /schmuckindustrie-heute-rolle-von-alternativem-metallschmuck/ HTTP/1.1" 200 15609 "-" "Mozilla/5.0 (Windows NT 10.0; Win64; x64) AppleWebKit/537.36 (KHTML, like Gecko) Chrome/114.0.0.0 Safari/537.36 Vivaldi/5.3.2679.68"
184.178.172.28 - - [16/Apr/2025:03:15:18 -0400] "GET /schmuckindustrie-heute-rolle-von-alternativem-metallschmuck/ HTTP/1.1" 200 15609 "http://buymedicineonlineusa.com/schmuckindustrie-heute-rolle-von-alternativem-metallschmuck/" "Mozilla/5.0 (Windows NT 6.3; Win64; x64) AppleWebKit/537.36 (KHTML, like Gecko) Chrome/103.0.0.0 Safari/537.36"
198.54.114.83 - - [16/Apr/2025:03:15:30 -0400] "POST /wp-cron.php?doing_wp_cron=1744787727.8626089096069335937500 HTTP/1.1" 200 0 "-" "WordPress/6.7.2; https://buymedicineonlineusa.com"
184.178.172.28 - - [16/Apr/2025:03:15:22 -0400] "POST /wp-comments-post.php HTTP/1.1" 302 0 "http://buymedicineonlineusa.com/schmuckindustrie-heute-rolle-von-alternativem-metallschmuck/" "Mozilla/5.0 (Windows NT 6.3; Win64; x64) AppleWebKit/537.36 (KHTML, like Gecko) Chrome/103.0.0.0 Safari/537.36"
184.178.172.28 - - [16/Apr/2025:03:15:42 -0400] "GET /schmuckindustrie-heute-rolle-von-alternativem-metallschmuck/ HTTP/1.1" 200 15609 "-" "Mozilla/5.0 (Windows NT 6.3; Win64; x64) AppleWebKit/537.36 (KHTML, like Gecko) Chrome/103.0.0.0 Safari/537.36"
135.119.137.26 - - [16/Apr/2025:03:21:03 -0400] "HEAD /wordpress HTTP/1.1" 404 0 "-" "Mozilla/5.0 (Windows NT 10.0; Win64; x64) AppleWebKit/537.36 (KHTML, like Gecko) Chrome/74.0.3729.169 Safari/537.36"
198.54.114.83 - - [16/Apr/2025:03:21:06 -0400] "POST /wp-cron.php?doing_wp_cron=1744788063.6296319961547851562500 HTTP/1.1" 200 0 "-" "WordPress/6.7.2; https://buymedicineonlineusa.com"
135.119.137.26 - - [16/Apr/2025:03:21:08 -0400] "HEAD / HTTP/1.1" 200 0 "-" "Mozilla/5.0 (Windows NT 10.0; Win64; x64) AppleWebKit/537.36 (KHTML, like Gecko) Chrome/74.0.3729.169 Safari/537.36"
135.119.137.26 - - [16/Apr/2025:03:21:10 -0400] "HEAD /wp HTTP/1.1" 301 0 "-" "Mozilla/5.0 (Windows NT 10.0; Win64; x64) AppleWebKit/537.36 (KHTML, like Gecko) Chrome/74.0.3729.169 Safari/537.36"
135.119.137.26 - - [16/Apr/2025:03:21:15 -0400] "HEAD /bc HTTP/1.1" 404 0 "-" "Mozilla/5.0 (Windows NT 10.0; Win64; x64) AppleWebKit/537.36 (KHTML, like Gecko) Chrome/74.0.3729.169 Safari/537.36"
135.119.137.26 - - [16/Apr/2025:03:21:19 -0400] "HEAD /bk HTTP/1.1" 404 0 "-" "Mozilla/5.0 (Windows NT 10.0; Win64; x64) AppleWebKit/537.36 (KHTML, like Gecko) Chrome/74.0.3729.169 Safari/537.36"
135.119.137.26 - - [16/Apr/2025:03:21:22 -0400] "HEAD /backup HTTP/1.1" 404 0 "-" "Mozilla/5.0 (Windows NT 10.0; Win64; x64) AppleWebKit/537.36 (KHTML, like Gecko) Chrome/74.0.3729.169 Safari/537.36"
135.119.137.26 - - [16/Apr/2025:03:21:24 -0400] "HEAD /old HTTP/1.1" 404 0 "-" "Mozilla/5.0 (Windows NT 10.0; Win64; x64) AppleWebKit/537.36 (KHTML, like Gecko) Chrome/74.0.3729.169 Safari/537.36"
135.119.137.26 - - [16/Apr/2025:03:21:27 -0400] "HEAD /new HTTP/1.1" 301 0 "-" "Mozilla/5.0 (Windows NT 10.0; Win64; x64) AppleWebKit/537.36 (KHTML, like Gecko) Chrome/74.0.3729.169 Safari/537.36"
135.119.137.26 - - [16/Apr/2025:03:21:32 -0400] "HEAD /main HTTP/1.1" 301 0 "-" "Mozilla/5.0 (Windows NT 10.0; Win64; x64) AppleWebKit/537.36 (KHTML, like Gecko) Chrome/74.0.3729.169 Safari/537.36"
135.119.137.26 - - [16/Apr/2025:03:21:36 -0400] "HEAD /home HTTP/1.1" 301 0 "-" "Mozilla/5.0 (Windows NT 10.0; Win64; x64) AppleWebKit/537.36 (KHTML, like Gecko) Chrome/74.0.3729.169 Safari/537.36"
198.54.114.83 - - [16/Apr/2025:03:21:38 -0400] "POST /wp-cron.php?doing_wp_cron=1744788096.7824120521545410156250 HTTP/1.1" 200 0 "-" "WordPress/6.7.2; https://buymedicineonlineusa.com"
198.54.114.83 - - [16/Apr/2025:03:21:52 -0400] "POST /wp-cron.php?doing_wp_cron=1744788111.3100230693817138671875 HTTP/1.1" 200 0 "-" "WordPress/6.7.2; https://buymedicineonlineusa.com"
46.148.206.226 - - [16/Apr/2025:03:21:51 -0400] "GET /krasnodar-dynamo-forecast-and-bets-by-evgeny/ HTTP/1.1" 404 10293 "http://buymedicineonlineusa.com/krasnodar-dynamo-forecast-and-bets-by-evgeny/" "Mozilla/5.0 (Windows NT 10.0; Win64; x64) AppleWebKit/537.36 (KHTML, like Gecko) Chrome/130.0.0.0 Safari/537.36"
198.54.114.83 - - [16/Apr/2025:03:53:37 -0400] "POST /wp-cron.php?doing_wp_cron=1744790017.0497639179229736328125 HTTP/1.1" 200 0 "-" "WordPress/6.7.2; https://buymedicineonlineusa.com"
2001:67c:2660:425:26::3c4 - - [16/Apr/2025:03:53:36 -0400] "GET /__media__/js/netsoltrademark.php?d=example.com HTTP/1.1" 404 12799 "-" "Mozilla/5.0 (Macintosh; Intel Mac OS X 10_15_7) AppleWebKit/537.36 (KHTML, like Gecko) Chrome/134.0.0.0 Safari/537.36"
216.244.66.232 - - [16/Apr/2025:04:25:29 -0400] "GET /robots.txt HTTP/1.1" 304 0 "-" "Mozilla/5.0 (compatible; DotBot/1.2; +https://opensiteexplorer.org/dotbot; help@moz.com)"
195.191.219.131 - - [16/Apr/2025:04:28:00 -0400] "GET /robots.txt HTTP/1.1" 200 134 "-" "Mozilla/5.0 (compatible; MJ12bot/v2.0.0; http://mj12bot.com/)"
195.191.219.131 - - [16/Apr/2025:04:28:01 -0400] "GET /discount-on-reorders-brand-norethindrone-for-sale-fast-worldwide-shipping/ HTTP/1.1" 404 10294 "-" "Mozilla/5.0 (compatible; MJ12bot/v2.0.0; http://mj12bot.com/)"
198.54.114.83 - - [16/Apr/2025:04:28:04 -0400] "POST /wp-cron.php?doing_wp_cron=1744792082.9684579372406005859375 HTTP/1.1" 200 0 "-" "WordPress/6.7.2; https://buymedicineonlineusa.com"
4.227.36.53 - - [16/Apr/2025:04:29:35 -0400] "GET /robots.txt HTTP/1.1" 200 134 "-" "Mozilla/5.0 AppleWebKit/537.36 (KHTML, like Gecko; compatible; GPTBot/1.2; +https://openai.com/gptbot)"
198.54.114.83 - - [16/Apr/2025:04:29:44 -0400] "POST /wp-cron.php?doing_wp_cron=1744792182.2449119091033935546875 HTTP/1.1" 200 0 "-" "WordPress/6.7.2; https://buymedicineonlineusa.com"
20.171.207.204 - - [16/Apr/2025:04:29:36 -0400] "GET /buy-finasteride-generic-online-buymedicineonlineusa-com/ HTTP/1.1" 404 10293 "-" "Mozilla/5.0 AppleWebKit/537.36 (KHTML, like Gecko; compatible; GPTBot/1.2; +https://openai.com/gptbot)"
23.102.62.47 - - [16/Apr/2025:04:31:35 -0400] "GET /wp-admin/css/fw.php HTTP/1.1" 404 12779 "-" "-"
198.54.114.83 - - [16/Apr/2025:04:31:44 -0400] "POST /wp-cron.php?doing_wp_cron=1744792300.7609250545501708984375 HTTP/1.1" 200 0 "-" "WordPress/6.7.2; https://buymedicineonlineusa.com"
23.102.62.47 - - [16/Apr/2025:04:31:46 -0400] "GET /wp-content/uploads/2014/03/smile.php HTTP/1.1" 404 12791 "-" "-"
23.102.62.47 - - [16/Apr/2025:04:31:49 -0400] "GET /wp-includes/SimplePie/gzdecodes.php.suspected HTTP/1.1" 404 12803 "-" "-"
23.102.62.47 - - [16/Apr/2025:04:31:55 -0400] "GET /admin-header.php HTTP/1.1" 404 10293 "-" "-"
23.102.62.47 - - [16/Apr/2025:04:32:00 -0400] "GET /wp-includes/PHPMailer/about.php HTTP/1.1" 404 12793 "-" "-"
23.102.62.47 - - [16/Apr/2025:04:32:05 -0400] "GET /images/resumes/ HTTP/1.1" 404 10293 "-" "-"
23.102.62.47 - - [16/Apr/2025:04:32:08 -0400] "GET /wso.php HTTP/1.1" 404 10293 "-" "-"
23.102.62.47 - - [16/Apr/2025:04:32:11 -0400] "GET /.well-known/pki-validation/file.php HTTP/1.1" 404 1251 "-" "-"
23.102.62.47 - - [16/Apr/2025:04:32:13 -0400] "GET /radio.php HTTP/1.1" 404 10293 "-" "-"
23.102.62.47 - - [16/Apr/2025:04:32:14 -0400] "GET /class-php HTTP/1.1" 404 10293 "-" "-"
23.102.62.47 - - [16/Apr/2025:04:32:16 -0400] "GET /wp-includes/Requests/library/ HTTP/1.1" 403 1242 "-" "-"
23.102.62.47 - - [16/Apr/2025:04:32:17 -0400] "GET /plugin.php HTTP/1.1" 404 10293 "-" "-"
23.102.62.47 - - [16/Apr/2025:04:32:18 -0400] "GET /class.api.php HTTP/1.1" 404 10293 "-" "-"
23.102.62.47 - - [16/Apr/2025:04:32:20 -0400] "GET /forum.php HTTP/1.1" 404 10293 "-" "-"
23.102.62.47 - - [16/Apr/2025:04:32:24 -0400] "GET /wp-content/uploads/autoload_classmap.php HTTP/1.1" 404 12791 "-" "-"
23.102.62.47 - - [16/Apr/2025:04:32:26 -0400] "GET /includes/1975Team.php HTTP/1.1" 404 10293 "-" "-"
23.102.62.47 - - [16/Apr/2025:04:32:28 -0400] "GET /test.php7 HTTP/1.1" 404 10293 "-" "-"
23.102.62.47 - - [16/Apr/2025:04:32:31 -0400] "GET /send.php HTTP/1.1" 404 10293 "-" "-"
23.102.62.47 - - [16/Apr/2025:04:32:35 -0400] "GET /wp-content/uploads/option.php HTTP/1.1" 404 12781 "-" "-"
23.102.62.47 - - [16/Apr/2025:04:32:37 -0400] "GET /link.php HTTP/1.1" 404 10293 "-" "-"
23.102.62.47 - - [16/Apr/2025:04:32:39 -0400] "GET /w3llstore.php HTTP/1.1" 404 10293 "-" "-"
198.54.114.83 - - [16/Apr/2025:04:32:42 -0400] "POST /wp-cron.php?doing_wp_cron=1744792361.5896511077880859375000 HTTP/1.1" 200 0 "-" "WordPress/6.7.2; https://buymedicineonlineusa.com"
23.102.62.47 - - [16/Apr/2025:04:32:41 -0400] "GET /ALFA_DATA/alfacgiapi/perl.alfa.php HTTP/1.1" 404 12793 "-" "-"
23.102.62.47 - - [16/Apr/2025:04:32:43 -0400] "GET /yanz.php/wp-admin/user/ HTTP/1.1" 404 12785 "-" "-"
23.102.62.47 - - [16/Apr/2025:04:32:46 -0400] "GET /w.php HTTP/1.1" 404 10293 "-" "-"
23.102.62.47 - - [16/Apr/2025:04:32:48 -0400] "GET /wp-content/user/ HTTP/1.1" 404 10293 "-" "-"
198.54.114.83 - - [16/Apr/2025:04:32:52 -0400] "POST /wp-cron.php?doing_wp_cron=1744792371.0326559543609619140625 HTTP/1.1" 200 0 "-" "WordPress/6.7.2; https://buymedicineonlineusa.com"
23.102.62.47 - - [16/Apr/2025:04:32:50 -0400] "GET /q.php HTTP/1.1" 404 10293 "-" "-"
23.102.62.47 - - [16/Apr/2025:04:32:53 -0400] "GET /allez.php HTTP/1.1" 404 10293 "-" "-"
23.102.62.47 - - [16/Apr/2025:04:32:55 -0400] "GET /wp-content/plugins/dummyyummy/wp-signup.php HTTP/1.1" 404 12790 "-" "-"
23.102.62.47 - - [16/Apr/2025:04:32:58 -0400] "GET /wp-content/plugins/Core-Econ/1.php HTTP/1.1" 404 12785 "-" "-"
198.54.114.83 - - [16/Apr/2025:04:33:02 -0400] "POST /wp-cron.php?doing_wp_cron=1744792381.3903150558471679687500 HTTP/1.1" 200 0 "-" "WordPress/6.7.2; https://buymedicineonlineusa.com"
23.102.62.47 - - [16/Apr/2025:04:33:00 -0400] "GET /wp-includes/wp-class.php HTTP/1.1" 404 10293 "-" "-"
23.102.62.47 - - [16/Apr/2025:04:33:04 -0400] "GET /uploads/upload.php HTTP/1.1" 404 10262 "-" "-"
23.102.62.47 - - [16/Apr/2025:04:33:05 -0400] "GET /system_log.php HTTP/1.1" 404 10260 "-" "-"
23.102.62.47 - - [16/Apr/2025:04:33:07 -0400] "GET /configuracion.php HTTP/1.1" 404 10228 "-" "-"
23.102.62.47 - - [16/Apr/2025:04:33:10 -0400] "GET /wp-content/plugins/sxo.php HTTP/1.1" 404 12735 "-" "-"
23.102.62.47 - - [16/Apr/2025:04:33:13 -0400] "GET /upgrade.php HTTP/1.1" 404 10244 "-" "-"
23.102.62.47 - - [16/Apr/2025:04:33:15 -0400] "GET /wp-admin/maint/atomlib.php HTTP/1.1" 404 12742 "-" "-"
23.102.62.47 - - [16/Apr/2025:04:33:18 -0400] "GET /wp-includes/IXR/about.php HTTP/1.1" 404 12726 "-" "-"
23.102.62.47 - - [16/Apr/2025:04:33:21 -0400] "GET /chosen.php?p= HTTP/1.1" 301 0 "-" "-"
23.102.62.47 - - [16/Apr/2025:04:33:23 -0400] "GET /chosen.php HTTP/1.1" 404 10228 "-" "-"
23.102.62.47 - - [16/Apr/2025:04:33:26 -0400] "GET /templates/+theme+/index.php HTTP/1.1" 301 0 "-" "-"
23.102.62.47 - - [16/Apr/2025:04:33:29 -0400] "GET /templates/+theme+/ HTTP/1.1" 404 10244 "-" "-"
23.102.62.47 - - [16/Apr/2025:04:33:32 -0400] "GET /.well-known/nzhlgkwk.php HTTP/1.1" 404 10228 "-" "-"
23.102.62.47 - - [16/Apr/2025:04:33:34 -0400] "GET /daddy.php HTTP/1.1" 404 10228 "-" "-"
23.102.62.47 - - [16/Apr/2025:04:33:38 -0400] "GET /wp-includes/wp-includes_function.php HTTP/1.1" 404 10260 "-" "-"
23.102.62.47 - - [16/Apr/2025:04:33:42 -0400] "GET /wp-content/alfacgiapi/perl.alfa.php HTTP/1.1" 404 12750 "-" "-"
23.102.62.47 - - [16/Apr/2025:04:33:44 -0400] "GET /contact_tpl.php HTTP/1.1" 404 10244 "-" "-"
23.102.62.47 - - [16/Apr/2025:04:33:47 -0400] "GET /wp-includes/blocks/about.php HTTP/1.1" 404 12786 "-" "-"
23.102.62.47 - - [16/Apr/2025:04:33:49 -0400] "GET /nasgor.php HTTP/1.1" 404 10244 "-" "-"
23.102.62.47 - - [16/Apr/2025:04:33:51 -0400] "GET /e.php HTTP/1.1" 404 10244 "-" "-"
23.102.62.47 - - [16/Apr/2025:04:33:53 -0400] "GET /meta.php HTTP/1.1" 404 10228 "-" "-"
23.102.62.47 - - [16/Apr/2025:04:33:55 -0400] "GET /css/admin.php HTTP/1.1" 404 10228 "-" "-"
23.102.62.47 - - [16/Apr/2025:04:33:57 -0400] "GET /wp-class.php HTTP/1.1" 404 10244 "-" "-"
23.102.62.47 - - [16/Apr/2025:04:33:59 -0400] "GET /wp-admin/wp-login.php HTTP/1.1" 404 10228 "-" "-"
198.54.114.83 - - [16/Apr/2025:04:34:03 -0400] "POST /wp-cron.php?doing_wp_cron=1744792442.1460669040679931640625 HTTP/1.1" 200 0 "-" "WordPress/6.7.2; https://buymedicineonlineusa.com"
23.102.62.47 - - [16/Apr/2025:04:34:01 -0400] "GET /wp-includes/Text/autoload_classmap.php HTTP/1.1" 404 12796 "-" "-"
23.102.62.47 - - [16/Apr/2025:04:34:04 -0400] "GET /wp-content/themes/twentyfive/ HTTP/1.1" 404 12753 "-" "-"
23.102.62.47 - - [16/Apr/2025:04:34:06 -0400] "GET /alfanew.php7 HTTP/1.1" 404 10260 "-" "-"
23.102.62.47 - - [16/Apr/2025:04:34:08 -0400] "GET /css/flower.php HTTP/1.1" 404 10262 "-" "-"
23.102.62.47 - - [16/Apr/2025:04:34:09 -0400] "GET /download.php HTTP/1.1" 404 10244 "-" "-"
23.102.62.47 - - [16/Apr/2025:04:34:12 -0400] "GET /wp-admin/css/colors/about.php HTTP/1.1" 404 12692 "-" "-"
23.102.62.47 - - [16/Apr/2025:04:34:13 -0400] "GET /wp-sigunq.php HTTP/1.1" 404 10244 "-" "-"
23.102.62.47 - - [16/Apr/2025:04:34:15 -0400] "GET /network.php HTTP/1.1" 404 10244 "-" "-"
23.102.62.47 - - [16/Apr/2025:04:34:17 -0400] "GET /fw.php HTTP/1.1" 404 10248 "-" "-"
23.102.62.47 - - [16/Apr/2025:04:34:20 -0400] "GET /wp-content/plugins/google-seo-rank/module.php HTTP/1.1" 404 12770 "-" "-"
23.102.62.47 - - [16/Apr/2025:04:34:23 -0400] "GET /sleepster/ HTTP/1.1" 404 10244 "-" "-"
23.102.62.47 - - [16/Apr/2025:04:34:25 -0400] "GET /edit-tags.php HTTP/1.1" 404 10244 "-" "-"
23.102.62.47 - - [16/Apr/2025:04:34:27 -0400] "GET /stindex.php HTTP/1.1" 404 10262 "-" "-"
23.102.62.47 - - [16/Apr/2025:04:34:28 -0400] "GET /wp-includes/Text/index.php HTTP/1.1" 301 0 "-" "-"
23.102.62.47 - - [16/Apr/2025:04:34:30 -0400] "GET /wp-includes/Text/ HTTP/1.1" 403 1242 "-" "-"
23.102.62.47 - - [16/Apr/2025:04:34:33 -0400] "GET /wp-admin/network/about.php HTTP/1.1" 302 0 "-" "-"
157.245.108.13 - - [16/Apr/2025:04:34:42 -0400] "GET /wp-admin/css/ HTTP/1.1" 403 1242 "binance.com" "Mozilla/5.0 (Windows NT 10.0; Win64; x64) AppleWebKit/537.36 (KHTML, like Gecko) Chrome/90.0.4430.85 Safari/537.36"
23.102.62.47 - - [16/Apr/2025:04:34:44 -0400] "GET /media-admin.php HTTP/1.1" 404 10262 "-" "-"
23.102.62.47 - - [16/Apr/2025:04:34:47 -0400] "GET /gawean.PhP7 HTTP/1.1" 404 10244 "-" "-"
23.102.62.47 - - [16/Apr/2025:04:34:51 -0400] "GET /bypass.php7 HTTP/1.1" 404 10262 "-" "-"
198.54.114.83 - - [16/Apr/2025:04:34:55 -0400] "POST /wp-cron.php?doing_wp_cron=1744792492.1267900466918945312500 HTTP/1.1" 200 0 "-" "WordPress/6.7.2; https://buymedicineonlineusa.com"
23.102.62.47 - - [16/Apr/2025:04:34:57 -0400] "GET /wp-content/plugins/wp-db-ajax-made/wp-ajax.php HTTP/1.1" 404 12768 "-" "-"
23.102.62.47 - - [16/Apr/2025:04:35:00 -0400] "GET /cnzcsfwm.php HTTP/1.1" 404 10244 "-" "-"
23.102.62.47 - - [16/Apr/2025:04:35:05 -0400] "GET /wp-content/plugins/pwnd/pwnd.php HTTP/1.1" 404 12689 "-" "-"
23.102.62.47 - - [16/Apr/2025:04:35:09 -0400] "GET /.well-known/acme-challenge/shop.php HTTP/1.1" 404 12768 "-" "-"
23.102.62.47 - - [16/Apr/2025:04:35:13 -0400] "GET /wp-includes/ID3/berlin.php HTTP/1.1" 404 12714 "-" "-"
23.102.62.47 - - [16/Apr/2025:04:35:18 -0400] "GET /wp-content/themes/pridmag/db.php HTTP/1.1" 404 12742 "-" "-"
23.102.62.47 - - [16/Apr/2025:04:35:23 -0400] "GET /randkeyword.PhP7 HTTP/1.1" 404 10228 "-" "-"
23.102.62.47 - - [16/Apr/2025:04:35:26 -0400] "GET /wp-admin/includes/xmrlpc.php HTTP/1.1" 404 12743 "-" "-"
23.102.62.47 - - [16/Apr/2025:04:35:30 -0400] "GET /acp.php HTTP/1.1" 404 10244 "-" "-"
23.102.62.47 - - [16/Apr/2025:04:35:36 -0400] "GET /baxa1.phP8 HTTP/1.1" 404 10260 "-" "-"
23.102.62.47 - - [16/Apr/2025:04:35:40 -0400] "GET /wp-content/uploads/2023/03/z.php HTTP/1.1" 404 12743 "-" "-"
23.102.62.47 - - [16/Apr/2025:04:35:45 -0400] "GET /services.php HTTP/1.1" 404 10244 "-" "-"
23.102.62.47 - - [16/Apr/2025:04:35:51 -0400] "GET /alfaindex.php HTTP/1.1" 404 10228 "-" "-"
198.54.114.83 - - [16/Apr/2025:04:35:56 -0400] "POST /wp-cron.php?doing_wp_cron=1744792551.4433989524841308593750 HTTP/1.1" 200 0 "-" "WordPress/6.7.2; https://buymedicineonlineusa.com"
23.102.62.47 - - [16/Apr/2025:04:35:58 -0400] "GET /wp-content/plugins/vheezid/ HTTP/1.1" 404 12758 "-" "-"
23.102.62.47 - - [16/Apr/2025:04:36:02 -0400] "GET /map.php HTTP/1.1" 404 10262 "-" "-"
23.102.62.47 - - [16/Apr/2025:04:36:07 -0400] "GET /test/essexec.php HTTP/1.1" 404 10244 "-" "-"
23.102.62.47 - - [16/Apr/2025:04:36:12 -0400] "GET /css/nqfvanbd.php HTTP/1.1" 404 10244 "-" "-"
23.102.62.47 - - [16/Apr/2025:04:36:16 -0400] "GET /upload/upload.php HTTP/1.1" 404 10262 "-" "-"
23.102.62.47 - - [16/Apr/2025:04:36:22 -0400] "GET /upload.php HTTP/1.1" 404 10248 "-" "-"
23.102.62.47 - - [16/Apr/2025:04:36:25 -0400] "GET /used.php HTTP/1.1" 404 10228 "-" "-"
23.102.62.47 - - [16/Apr/2025:04:36:30 -0400] "GET /wp-confiig.php HTTP/1.1" 404 10260 "-" "-"
23.102.62.47 - - [16/Apr/2025:04:36:34 -0400] "GET /buy.php HTTP/1.1" 404 10228 "-" "-"
23.102.62.47 - - [16/Apr/2025:04:36:37 -0400] "GET /2.php HTTP/1.1" 404 10260 "-" "-"
23.102.62.47 - - [16/Apr/2025:04:36:41 -0400] "GET /wp-admin/block-support.php HTTP/1.1" 404 10244 "-" "-"
23.102.62.47 - - [16/Apr/2025:04:36:44 -0400] "GET /libraries/joomla/jmail.php?u HTTP/1.1" 404 12771 "-" "-"
23.102.62.47 - - [16/Apr/2025:04:36:47 -0400] "GET /wp-content/plugins/revslider/includes/external/page/index.php HTTP/1.1" 301 0 "-" "-"
23.102.62.47 - - [16/Apr/2025:04:36:50 -0400] "GET /wp-content/plugins/revslider/includes/external/page/ HTTP/1.1" 404 12749 "-" "-"
23.102.62.47 - - [16/Apr/2025:04:36:54 -0400] "GET /wp-includes/Requests/library/don.php HTTP/1.1" 404 12724 "-" "-"
198.54.114.83 - - [16/Apr/2025:04:36:56 -0400] "POST /wp-cron.php?doing_wp_cron=1744792614.3867421150207519531250 HTTP/1.1" 200 0 "-" "WordPress/6.7.2; https://buymedicineonlineusa.com"
23.102.62.47 - - [16/Apr/2025:04:36:58 -0400] "GET /wp-tinymce.php HTTP/1.1" 404 10262 "-" "-"
23.102.62.47 - - [16/Apr/2025:04:37:02 -0400] "GET /if.php HTTP/1.1" 404 10244 "-" "-"
23.102.62.47 - - [16/Apr/2025:04:37:05 -0400] "GET /wp-links.php HTTP/1.1" 404 10262 "-" "-"
23.102.62.47 - - [16/Apr/2025:04:37:10 -0400] "GET /wp-content/uploads/about.php HTTP/1.1" 404 12758 "-" "-"
23.102.62.47 - - [16/Apr/2025:04:37:14 -0400] "GET /wp-content/plugins/elementor/elementor-merge.php HTTP/1.1" 404 12750 "-" "-"
23.102.62.47 - - [16/Apr/2025:04:37:18 -0400] "GET /wp-content/uploads/wp-login.php HTTP/1.1" 404 12741 "-" "-"
23.102.62.47 - - [16/Apr/2025:04:37:21 -0400] "GET /text.php HTTP/1.1" 404 10244 "-" "-"
23.102.62.47 - - [16/Apr/2025:04:37:23 -0400] "GET /gank.php HTTP/1.1" 404 10276 "-" "-"
23.102.62.47 - - [16/Apr/2025:04:37:26 -0400] "GET /wp-includes/js/plupload/wp-admin.php HTTP/1.1" 404 12730 "-" "-"
23.102.62.47 - - [16/Apr/2025:04:37:28 -0400] "GET /wp-content/uploads/classwithtostring.php HTTP/1.1" 404 12722 "-" "-"
23.102.62.47 - - [16/Apr/2025:04:37:31 -0400] "GET /.well-known/classwithtostring.php HTTP/1.1" 404 10244 "-" "-"
23.102.62.47 - - [16/Apr/2025:04:37:33 -0400] "GET /uploads/up.php HTTP/1.1" 404 10248 "-" "-"
23.102.62.47 - - [16/Apr/2025:04:37:37 -0400] "GET /wp-content/upgrade/edit-links.php HTTP/1.1" 404 12747 "-" "-"
23.102.62.47 - - [16/Apr/2025:04:37:39 -0400] "GET /wp-content/themes/seotheme/mar.php HTTP/1.1" 404 12718 "-" "-"
23.102.62.47 - - [16/Apr/2025:04:37:41 -0400] "GET /wp-admin/options.php HTTP/1.1" 302 0 "-" "-"
23.102.62.47 - - [16/Apr/2025:04:37:47 -0400] "GET /wp-admin/includes/fw.php HTTP/1.1" 404 12739 "-" "-"
23.102.62.47 - - [16/Apr/2025:04:37:51 -0400] "GET /docs/ HTTP/1.1" 404 10289 "-" "-"
198.54.114.83 - - [16/Apr/2025:04:37:59 -0400] "POST /wp-cron.php?doing_wp_cron=1744792676.1681849956512451171875 HTTP/1.1" 200 0 "-" "WordPress/6.7.2; https://buymedicineonlineusa.com"
23.102.62.47 - - [16/Apr/2025:04:37:53 -0400] "GET /Uploader.php HTTP/1.1" 404 10228 "-" "-"
23.102.62.47 - - [16/Apr/2025:04:38:03 -0400] "GET /editor.php HTTP/1.1" 404 10228 "-" "-"
23.102.62.47 - - [16/Apr/2025:04:38:05 -0400] "GET /.well-known/pki-validation/xmrlpc.php HTTP/1.1" 404 1251 "-" "-"
23.102.62.47 - - [16/Apr/2025:04:38:07 -0400] "GET /css/ALFA_DATA/alfacgiapi/perl.alfa.php HTTP/1.1" 404 12794 "-" "-"
23.102.62.47 - - [16/Apr/2025:04:38:09 -0400] "GET /alfanew2.php7 HTTP/1.1" 404 10228 "-" "-"
23.102.62.47 - - [16/Apr/2025:04:38:14 -0400] "GET /wp-includes/Text/autoload_classmap.php HTTP/1.1" 404 12752 "-" "-"
23.102.62.47 - - [16/Apr/2025:04:38:17 -0400] "GET /themes.php HTTP/1.1" 404 10228 "-" "-"
23.102.62.47 - - [16/Apr/2025:04:38:20 -0400] "GET /wp-admin/css/colors/fridSiB.php HTTP/1.1" 404 12745 "-" "-"
23.102.62.47 - - [16/Apr/2025:04:38:22 -0400] "GET /blog.php HTTP/1.1" 404 10228 "-" "-"
23.102.62.47 - - [16/Apr/2025:04:38:26 -0400] "GET /xxx.php HTTP/1.1" 404 10244 "-" "-"
23.102.62.47 - - [16/Apr/2025:04:38:29 -0400] "GET /templates/beez5/index.php HTTP/1.1" 301 0 "-" "-"
23.102.62.47 - - [16/Apr/2025:04:38:31 -0400] "GET /templates/beez5/ HTTP/1.1" 404 10244 "-" "-"
23.102.62.47 - - [16/Apr/2025:04:38:33 -0400] "GET /moon.php HTTP/1.1" 404 10228 "-" "-"
23.102.62.47 - - [16/Apr/2025:04:38:36 -0400] "GET /wso1337.php HTTP/1.1" 404 10228 "-" "-"
23.102.62.47 - - [16/Apr/2025:04:38:39 -0400] "GET /wp-load.php HTTP/1.1" 200 0 "-" "-"
23.102.62.47 - - [16/Apr/2025:04:38:42 -0400] "GET /wp-content/blogs.dir/ HTTP/1.1" 404 10228 "-" "-"
23.102.62.47 - - [16/Apr/2025:04:38:45 -0400] "GET /wp-content/themes/autoload_classmap.php HTTP/1.1" 404 12747 "-" "-"
23.102.62.47 - - [16/Apr/2025:04:38:48 -0400] "GET /wp-includes/autoload_classmap.php HTTP/1.1" 404 10244 "-" "-"
23.102.62.47 - - [16/Apr/2025:04:38:53 -0400] "GET /about.php?525 HTTP/1.1" 404 10228 "-" "-"
198.54.114.83 - - [16/Apr/2025:04:38:55 -0400] "POST /wp-cron.php?doing_wp_cron=1744792733.8316109180450439453125 HTTP/1.1" 200 0 "-" "WordPress/6.7.2; https://buymedicineonlineusa.com"
23.102.62.47 - - [16/Apr/2025:04:38:57 -0400] "GET /menu.php HTTP/1.1" 404 10197 "-" "-"
23.102.62.47 - - [16/Apr/2025:04:39:00 -0400] "GET /bala.php HTTP/1.1" 404 10262 "-" "-"
23.102.62.47 - - [16/Apr/2025:04:39:02 -0400] "GET /readme.php HTTP/1.1" 404 10276 "-" "-"
23.102.62.47 - - [16/Apr/2025:04:39:04 -0400] "GET /ccx/index.php HTTP/1.1" 301 0 "-" "-"
23.102.62.47 - - [16/Apr/2025:04:39:06 -0400] "GET /ccx/ HTTP/1.1" 404 10244 "-" "-"
23.102.62.47 - - [16/Apr/2025:04:39:08 -0400] "GET /cadastro-2.php HTTP/1.1" 404 10244 "-" "-"
23.102.62.47 - - [16/Apr/2025:04:39:10 -0400] "GET /cache-base.php HTTP/1.1" 404 10244 "-" "-"
23.102.62.47 - - [16/Apr/2025:04:39:11 -0400] "GET /jquery.php HTTP/1.1" 404 10228 "-" "-"
23.102.62.47 - - [16/Apr/2025:04:39:12 -0400] "GET /favicon.php HTTP/1.1" 404 10276 "-" "-"
23.102.62.47 - - [16/Apr/2025:04:39:15 -0400] "GET /b0.php HTTP/1.1" 404 10262 "-" "-"
23.102.62.47 - - [16/Apr/2025:04:39:17 -0400] "GET /wp-includes/images/smilies/about.php HTTP/1.1" 404 12748 "-" "-"
23.102.62.47 - - [16/Apr/2025:04:39:19 -0400] "GET /updates.php HTTP/1.1" 404 10276 "-" "-"
23.102.62.47 - - [16/Apr/2025:04:39:22 -0400] "GET /moduless.php HTTP/1.1" 404 10228 "-" "-"
23.102.62.47 - - [16/Apr/2025:04:39:24 -0400] "GET /wp-content/themes/sky-pro/js.php HTTP/1.1" 404 12736 "-" "-"
23.102.62.47 - - [16/Apr/2025:04:39:28 -0400] "GET /wp-includes/wp-class.php/wp-content/uploads/wp_live_chat/ HTTP/1.1" 404 12770 "-" "-"
23.102.62.47 - - [16/Apr/2025:04:39:31 -0400] "GET /wso112233.php HTTP/1.1" 404 10244 "-" "-"
23.102.62.47 - - [16/Apr/2025:04:39:34 -0400] "GET /wp-content/plugins/seooyanz/ HTTP/1.1" 404 12782 "-" "-"
