2a12:8101:b6da:95fe:4b45:95ee:33f3:91ad - - [15/Apr/2025:21:47:51 -0400] "GET /cbd-shop-uk-review/ HTTP/1.1" 200 40482 "http://economiciorologi.com/cbd-shop-uk-review/" "Mozilla/5.0 (Windows NT 10.0; Win64; x64) AppleWebKit/537.36 (KHTML, like Gecko) Chrome/130.0.0.0 Safari/537.36 CCleaner/130.0.0.0"
2a12:5a01:58ff:98d0:adec:6ed6:5876:62b9 - - [15/Apr/2025:21:47:54 -0400] "POST /wp-comments-post.php HTTP/1.1" 302 0 "http://economiciorologi.com/cbd-shop-uk-review/" "Mozilla/5.0 (Windows NT 10.0; Win64; x64) AppleWebKit/537.36 (KHTML, like Gecko) Chrome/130.0.0.0 Safari/537.36 CCleaner/130.0.0.0"
198.54.114.83 - - [15/Apr/2025:21:48:04 -0400] "POST /wp-cron.php?doing_wp_cron=1744768080.6965761184692382812500 HTTP/1.1" 200 0 "-" "WordPress/6.8; https://economiciorologi.com"
2a12:5a04:6321:fa7:9c01:1b03:59e9:fc6e - - [15/Apr/2025:21:51:31 -0400] "GET /mk-bags-in-uk-free-michael-kors-in-fragrance-shop/ HTTP/1.1" 200 39600 "http://economiciorologi.com/mk-bags-in-uk-free-michael-kors-in-fragrance-shop/" "Mozilla/5.0 (Windows NT 10.0; Win64; x64) AppleWebKit/537.36 (KHTML, like Gecko) Chrome/130.0.0.0 Safari/537.36"
198.54.114.83 - - [15/Apr/2025:21:51:34 -0400] "POST /wp-cron.php?doing_wp_cron=1744768294.2470688819885253906250 HTTP/1.1" 200 0 "-" "WordPress/6.8; https://economiciorologi.com"
2a12:5a04:6321:fa7:9c01:1b03:59e9:fc6e - - [15/Apr/2025:21:51:33 -0400] "POST /wp-comments-post.php HTTP/1.1" 302 0 "http://economiciorologi.com/mk-bags-in-uk-free-michael-kors-in-fragrance-shop/" "Mozilla/5.0 (Windows NT 10.0; Win64; x64) AppleWebKit/537.36 (KHTML, like Gecko) Chrome/130.0.0.0 Safari/537.36"
135.119.138.185 - - [15/Apr/2025:21:55:18 -0400] "HEAD /wordpress HTTP/1.1" 404 0 "-" "Mozilla/5.0 (Windows NT 10.0; Win64; x64) AppleWebKit/537.36 (KHTML, like Gecko) Chrome/74.0.3729.169 Safari/537.36"
198.54.114.83 - - [15/Apr/2025:21:55:23 -0400] "POST /wp-cron.php?doing_wp_cron=1744768521.7011740207672119140625 HTTP/1.1" 200 0 "-" "WordPress/6.8; https://economiciorologi.com"
135.119.138.185 - - [15/Apr/2025:21:55:24 -0400] "HEAD / HTTP/1.1" 200 0 "-" "Mozilla/5.0 (Windows NT 10.0; Win64; x64) AppleWebKit/537.36 (KHTML, like Gecko) Chrome/74.0.3729.169 Safari/537.36"
135.119.138.185 - - [15/Apr/2025:21:55:25 -0400] "HEAD /wp HTTP/1.1" 404 0 "-" "Mozilla/5.0 (Windows NT 10.0; Win64; x64) AppleWebKit/537.36 (KHTML, like Gecko) Chrome/74.0.3729.169 Safari/537.36"
135.119.138.185 - - [15/Apr/2025:21:55:28 -0400] "HEAD /bc HTTP/1.1" 404 0 "-" "Mozilla/5.0 (Windows NT 10.0; Win64; x64) AppleWebKit/537.36 (KHTML, like Gecko) Chrome/74.0.3729.169 Safari/537.36"
135.119.138.185 - - [15/Apr/2025:21:55:29 -0400] "HEAD /bk HTTP/1.1" 404 0 "-" "Mozilla/5.0 (Windows NT 10.0; Win64; x64) AppleWebKit/537.36 (KHTML, like Gecko) Chrome/74.0.3729.169 Safari/537.36"
135.119.138.185 - - [15/Apr/2025:21:55:32 -0400] "HEAD /backup HTTP/1.1" 404 0 "-" "Mozilla/5.0 (Windows NT 10.0; Win64; x64) AppleWebKit/537.36 (KHTML, like Gecko) Chrome/74.0.3729.169 Safari/537.36"
135.119.138.185 - - [15/Apr/2025:21:55:34 -0400] "HEAD /old HTTP/1.1" 404 0 "-" "Mozilla/5.0 (Windows NT 10.0; Win64; x64) AppleWebKit/537.36 (KHTML, like Gecko) Chrome/74.0.3729.169 Safari/537.36"
135.119.138.185 - - [15/Apr/2025:21:55:36 -0400] "HEAD /new HTTP/1.1" 301 0 "-" "Mozilla/5.0 (Windows NT 10.0; Win64; x64) AppleWebKit/537.36 (KHTML, like Gecko) Chrome/74.0.3729.169 Safari/537.36"
135.119.138.185 - - [15/Apr/2025:21:55:40 -0400] "HEAD /main HTTP/1.1" 404 0 "-" "Mozilla/5.0 (Windows NT 10.0; Win64; x64) AppleWebKit/537.36 (KHTML, like Gecko) Chrome/74.0.3729.169 Safari/537.36"
135.119.138.185 - - [15/Apr/2025:21:55:42 -0400] "HEAD /home HTTP/1.1" 301 0 "-" "Mozilla/5.0 (Windows NT 10.0; Win64; x64) AppleWebKit/537.36 (KHTML, like Gecko) Chrome/74.0.3729.169 Safari/537.36"
2a12:8105:f795:7ab:a206:36ac:8fd1:1bd8 - - [15/Apr/2025:21:55:47 -0400] "GET /umzugsunternehmen-in-hamburg/ HTTP/1.1" 200 40217 "http://economiciorologi.com/umzugsunternehmen-in-hamburg/" "Mozilla/5.0 (Windows NT 10.0; Win64; x64) AppleWebKit/537.36 (KHTML, like Gecko) Chrome/130.0.0.0 Safari/537.36 CCleaner/130.0.0.0"
2a12:5a07:1276:e6d1:6dad:f6ed:bd5e:f660 - - [15/Apr/2025:21:55:49 -0400] "POST /wp-comments-post.php HTTP/1.1" 302 0 "http://economiciorologi.com/umzugsunternehmen-in-hamburg/" "Mozilla/5.0 (Windows NT 10.0; Win64; x64) AppleWebKit/537.36 (KHTML, like Gecko) Chrome/130.0.0.0 Safari/537.36 CCleaner/130.0.0.0"
2a12:8100:575f:2fe8:7c7:de20:b847:9514 - - [15/Apr/2025:22:07:47 -0400] "GET /cbd-shop-uk-review/ HTTP/1.1" 200 40482 "http://economiciorologi.com/cbd-shop-uk-review/" "Mozilla/5.0 (Windows NT 10.0; Win64; x64) AppleWebKit/537.36 (KHTML, like Gecko) Chrome/129.0.0.0 Safari/537.36"
2a11:5784:5c15:d328:e1f9:21dc:4408:453e - - [15/Apr/2025:22:07:49 -0400] "POST /wp-comments-post.php HTTP/1.1" 302 0 "http://economiciorologi.com/cbd-shop-uk-review/" "Mozilla/5.0 (Windows NT 10.0; Win64; x64) AppleWebKit/537.36 (KHTML, like Gecko) Chrome/129.0.0.0 Safari/537.36"
2a12:5a07:3ec2:f4b:af01:2ff3:f2c3:9a8d - - [15/Apr/2025:22:11:36 -0400] "GET /mk-bags-in-uk-free-michael-kors-in-fragrance-shop/ HTTP/1.1" 200 39600 "http://economiciorologi.com/mk-bags-in-uk-free-michael-kors-in-fragrance-shop/" "Mozilla/5.0 (Windows NT 10.0; Win64; x64) AppleWebKit/537.36 (KHTML, like Gecko) Chrome/131.0.0.0 Safari/537.36 Avast/131.0.0.0"
2a12:5a07:3ec2:f4b:af01:2ff3:f2c3:9a8d - - [15/Apr/2025:22:11:40 -0400] "POST /wp-comments-post.php HTTP/1.1" 302 0 "http://economiciorologi.com/mk-bags-in-uk-free-michael-kors-in-fragrance-shop/" "Mozilla/5.0 (Windows NT 10.0; Win64; x64) AppleWebKit/537.36 (KHTML, like Gecko) Chrome/131.0.0.0 Safari/537.36 Avast/131.0.0.0"
198.54.114.83 - - [15/Apr/2025:22:11:48 -0400] "POST /wp-cron.php?doing_wp_cron=1744769502.2124791145324707031250 HTTP/1.1" 200 0 "-" "WordPress/6.8; https://economiciorologi.com"
2a11:5782:75ae:4502:1d25:beeb:a29:95c8 - - [15/Apr/2025:22:15:46 -0400] "GET /umzugsunternehmen-in-hamburg/ HTTP/1.1" 200 40217 "http://economiciorologi.com/umzugsunternehmen-in-hamburg/" "Mozilla/5.0 (Windows NT 10.0; Win64; x64) AppleWebKit/537.36 (KHTML, like Gecko) Chrome/131.0.0.0 Safari/537.36"
198.54.114.83 - - [15/Apr/2025:22:15:52 -0400] "POST /wp-cron.php?doing_wp_cron=1744769751.1965808868408203125000 HTTP/1.1" 200 0 "-" "WordPress/6.8; https://economiciorologi.com"
2a12:8107:bcc4:7f41:4a0c:22c6:d955:b264 - - [15/Apr/2025:22:15:48 -0400] "POST /wp-comments-post.php HTTP/1.1" 302 0 "http://economiciorologi.com/umzugsunternehmen-in-hamburg/" "Mozilla/5.0 (Windows NT 10.0; Win64; x64) AppleWebKit/537.36 (KHTML, like Gecko) Chrome/131.0.0.0 Safari/537.36"
2a01:239:3bb:8a00::1 - - [15/Apr/2025:22:22:36 -0400] "GET /wp-content/plugins/WordPressCore/include.php HTTP/1.1" 404 35605 "www.google.com" "Mozilla/5.0 (Linux; Android 7.0; SM-G892A Build/NRD90M; wv) AppleWebKit/537.36 (KHTML, like Gecko) Version/4.0 Chrome/60.0.3112.107 Mobile Safari/537.36"
198.54.114.83 - - [15/Apr/2025:22:22:41 -0400] "POST /wp-cron.php?doing_wp_cron=1744770159.2120459079742431640625 HTTP/1.1" 200 0 "-" "WordPress/6.8; https://economiciorologi.com"
2a01:239:3bb:8a00::1 - - [15/Apr/2025:22:23:08 -0400] "GET /simple.php HTTP/1.1" 404 35605 "www.google.com" "Mozilla/5.0 (Linux; Android 7.0; SM-G892A Build/NRD90M; wv) AppleWebKit/537.36 (KHTML, like Gecko) Version/4.0 Chrome/60.0.3112.107 Mobile Safari/537.36"
2a11:5781:c9dd:4d2e:3168:d56c:84e9:54fa - - [15/Apr/2025:22:27:59 -0400] "GET /cbd-shop-uk-review/ HTTP/1.1" 200 40482 "http://economiciorologi.com/cbd-shop-uk-review/" "Mozilla/5.0 (Windows NT 10.0; Win64; x64) AppleWebKit/537.36 (KHTML, like Gecko) Chrome/131.0.0.0 Safari/537.36 Avast/131.0.0.0"
2a12:d3c6:b103:bdb:4be8:fad1:7674:71c1 - - [15/Apr/2025:22:28:01 -0400] "POST /wp-comments-post.php HTTP/1.1" 302 0 "http://economiciorologi.com/cbd-shop-uk-review/" "Mozilla/5.0 (Windows NT 10.0; Win64; x64) AppleWebKit/537.36 (KHTML, like Gecko) Chrome/131.0.0.0 Safari/537.36 Avast/131.0.0.0"
2a11:5782:c075:875a:bef6:c8ef:3b62:824c - - [15/Apr/2025:22:31:54 -0400] "GET /mk-bags-in-uk-free-michael-kors-in-fragrance-shop/ HTTP/1.1" 200 39600 "http://economiciorologi.com/mk-bags-in-uk-free-michael-kors-in-fragrance-shop/" "Mozilla/5.0 (Windows NT 10.0; Win64; x64) AppleWebKit/537.36 (KHTML, like Gecko) Chrome/130.0.0.0 Safari/537.36"
198.54.114.83 - - [15/Apr/2025:22:31:57 -0400] "POST /wp-cron.php?doing_wp_cron=1744770716.8603940010070800781250 HTTP/1.1" 200 0 "-" "WordPress/6.8; https://economiciorologi.com"
2a12:8106:1672:afa9:823a:aa3:f0fb:8c67 - - [15/Apr/2025:22:31:55 -0400] "POST /wp-comments-post.php HTTP/1.1" 302 0 "http://economiciorologi.com/mk-bags-in-uk-free-michael-kors-in-fragrance-shop/" "Mozilla/5.0 (Windows NT 10.0; Win64; x64) AppleWebKit/537.36 (KHTML, like Gecko) Chrome/130.0.0.0 Safari/537.36"
2a11:5780:8211:c27e:44d2:d8e5:ea52:45a - - [15/Apr/2025:22:36:01 -0400] "GET /umzugsunternehmen-in-hamburg/ HTTP/1.1" 200 40217 "http://economiciorologi.com/umzugsunternehmen-in-hamburg/" "Mozilla/5.0 (Windows NT 10.0; Win64; x64) AppleWebKit/537.36 (KHTML, like Gecko) Chrome/131.0.0.0 Safari/537.36"
2a12:ccc4:7e79:5f61:56a5:c86:7f7e:d50e - - [15/Apr/2025:22:36:03 -0400] "POST /wp-comments-post.php HTTP/1.1" 302 0 "http://economiciorologi.com/umzugsunternehmen-in-hamburg/" "Mozilla/5.0 (Windows NT 10.0; Win64; x64) AppleWebKit/537.36 (KHTML, like Gecko) Chrome/131.0.0.0 Safari/537.36"
2a12:8ec2:e5fd:9411:ed39:e770:fb94:def9 - - [15/Apr/2025:22:47:54 -0400] "GET /cbd-shop-uk-review/ HTTP/1.1" 200 40482 "http://economiciorologi.com/cbd-shop-uk-review/" "Mozilla/5.0 (Windows NT 10.0; Win64; x64) AppleWebKit/537.36 (KHTML, like Gecko) Chrome/129.0.0.0 Safari/537.36"
198.54.114.83 - - [15/Apr/2025:22:47:57 -0400] "POST /wp-cron.php?doing_wp_cron=1744771676.1494469642639160156250 HTTP/1.1" 200 0 "-" "WordPress/6.8; https://economiciorologi.com"
2a11:5782:c800:7a0e:6bfe:b4b6:c863:2efe - - [15/Apr/2025:22:47:55 -0400] "POST /wp-comments-post.php HTTP/1.1" 302 0 "http://economiciorologi.com/cbd-shop-uk-review/" "Mozilla/5.0 (Windows NT 10.0; Win64; x64) AppleWebKit/537.36 (KHTML, like Gecko) Chrome/129.0.0.0 Safari/537.36"
2a11:5781:2cd1:6595:e9d5:90d6:d340:70f0 - - [15/Apr/2025:22:51:39 -0400] "GET /mk-bags-in-uk-free-michael-kors-in-fragrance-shop/ HTTP/1.1" 200 39600 "http://economiciorologi.com/mk-bags-in-uk-free-michael-kors-in-fragrance-shop/" "Mozilla/5.0 (Windows NT 10.0; Win64; x64) AppleWebKit/537.36 (KHTML, like Gecko) Chrome/130.0.0.0 Safari/537.36"
198.54.114.83 - - [15/Apr/2025:22:51:45 -0400] "POST /wp-cron.php?doing_wp_cron=1744771905.3124029636383056640625 HTTP/1.1" 200 0 "-" "WordPress/6.8; https://economiciorologi.com"
2a12:8100:e278:1e41:e75b:b61:eb66:fa80 - - [15/Apr/2025:22:51:42 -0400] "POST /wp-comments-post.php HTTP/1.1" 302 0 "http://economiciorologi.com/mk-bags-in-uk-free-michael-kors-in-fragrance-shop/" "Mozilla/5.0 (Windows NT 10.0; Win64; x64) AppleWebKit/537.36 (KHTML, like Gecko) Chrome/130.0.0.0 Safari/537.36"
2a12:8106:d742:58e5:224e:b3ae:7512:b0d1 - - [15/Apr/2025:22:55:53 -0400] "GET /umzugsunternehmen-in-hamburg/ HTTP/1.1" 200 40217 "http://economiciorologi.com/umzugsunternehmen-in-hamburg/" "Mozilla/5.0 (Windows NT 10.0; Win64; x64) AppleWebKit/537.36 (KHTML, like Gecko) Chrome/130.0.0.0 Safari/537.36"
198.54.114.83 - - [15/Apr/2025:22:55:56 -0400] "POST /wp-cron.php?doing_wp_cron=1744772155.8364911079406738281250 HTTP/1.1" 200 0 "-" "WordPress/6.8; https://economiciorologi.com"
2a12:e247:6277:73cb:b0c:594:1d4f:8d4a - - [15/Apr/2025:22:55:54 -0400] "POST /wp-comments-post.php HTTP/1.1" 302 0 "http://economiciorologi.com/umzugsunternehmen-in-hamburg/" "Mozilla/5.0 (Windows NT 10.0; Win64; x64) AppleWebKit/537.36 (KHTML, like Gecko) Chrome/130.0.0.0 Safari/537.36"
2a11:fc82:9dd2:bc0c:192b:16bf:fd81:49de - - [15/Apr/2025:23:07:47 -0400] "GET /cbd-shop-uk-review/ HTTP/1.1" 200 40482 "http://economiciorologi.com/cbd-shop-uk-review/" "Mozilla/5.0 (Windows NT 10.0; Win64; x64) AppleWebKit/537.36 (KHTML, like Gecko) Chrome/131.0.0.0 Safari/537.36 Avast/131.0.0.0"
198.54.114.83 - - [15/Apr/2025:23:07:54 -0400] "POST /wp-cron.php?doing_wp_cron=1744772872.1703670024871826171875 HTTP/1.1" 200 0 "-" "WordPress/6.8; https://economiciorologi.com"
2a11:fc82:9dd2:bc0c:192b:16bf:fd81:49de - - [15/Apr/2025:23:07:51 -0400] "POST /wp-comments-post.php HTTP/1.1" 302 0 "http://economiciorologi.com/cbd-shop-uk-review/" "Mozilla/5.0 (Windows NT 10.0; Win64; x64) AppleWebKit/537.36 (KHTML, like Gecko) Chrome/131.0.0.0 Safari/537.36 Avast/131.0.0.0"
216.244.66.226 - - [15/Apr/2025:23:09:58 -0400] "GET /robots.txt HTTP/1.1" 200 23 "-" "Mozilla/5.0 (compatible; DotBot/1.2; +https://opensiteexplorer.org/dotbot; help@moz.com)"
2a12:ccc2:5da1:9e0:9cc7:4782:1aa5:7919 - - [15/Apr/2025:23:12:29 -0400] "GET /mk-bags-in-uk-free-michael-kors-in-fragrance-shop/ HTTP/1.1" 200 39600 "http://economiciorologi.com/mk-bags-in-uk-free-michael-kors-in-fragrance-shop/" "Mozilla/5.0 (Windows NT 10.0; Win64; x64) AppleWebKit/537.36 (KHTML, like Gecko) Chrome/130.0.0.0 Safari/537.36"
198.54.114.83 - - [15/Apr/2025:23:12:31 -0400] "POST /wp-cron.php?doing_wp_cron=1744773150.9868690967559814453125 HTTP/1.1" 200 0 "-" "WordPress/6.8; https://economiciorologi.com"
2a11:5787:b263:3600:c24d:2375:c4ff:8c84 - - [15/Apr/2025:23:12:30 -0400] "POST /wp-comments-post.php HTTP/1.1" 302 0 "http://economiciorologi.com/mk-bags-in-uk-free-michael-kors-in-fragrance-shop/" "Mozilla/5.0 (Windows NT 10.0; Win64; x64) AppleWebKit/537.36 (KHTML, like Gecko) Chrome/130.0.0.0 Safari/537.36"
216.244.66.226 - - [15/Apr/2025:23:16:28 -0400] "GET /steuererklarungss/feed/ HTTP/1.1" 200 418 "-" "Mozilla/5.0 (compatible; DotBot/1.2; +https://opensiteexplorer.org/dotbot; help@moz.com)"
2a11:5783:5437:738:c354:29ba:2891:bb5f - - [15/Apr/2025:23:16:40 -0400] "GET /umzugsunternehmen-in-hamburg/ HTTP/1.1" 200 40217 "http://economiciorologi.com/umzugsunternehmen-in-hamburg/" "Mozilla/5.0 (Windows NT 10.0; Win64; x64) AppleWebKit/537.36 (KHTML, like Gecko) Chrome/130.0.0.0 Safari/537.36"
2a12:8107:5959:615b:9ead:fd91:90a0:3507 - - [15/Apr/2025:23:16:44 -0400] "POST /wp-comments-post.php HTTP/1.1" 302 0 "http://economiciorologi.com/umzugsunternehmen-in-hamburg/" "Mozilla/5.0 (Windows NT 10.0; Win64; x64) AppleWebKit/537.36 (KHTML, like Gecko) Chrome/130.0.0.0 Safari/537.36"
2a11:5780:9f17:5c6e:fe44:6464:2b63:62ae - - [15/Apr/2025:23:28:06 -0400] "GET /cbd-shop-uk-review/ HTTP/1.1" 200 40482 "http://economiciorologi.com/cbd-shop-uk-review/" "Mozilla/5.0 (Windows NT 10.0; Win64; x64) AppleWebKit/537.36 (KHTML, like Gecko) Chrome/130.0.0.0 Safari/537.36 CCleaner/130.0.0.0"
198.54.114.83 - - [15/Apr/2025:23:28:10 -0400] "POST /wp-cron.php?doing_wp_cron=1744774089.3001189231872558593750 HTTP/1.1" 200 0 "-" "WordPress/6.8; https://economiciorologi.com"
2a11:5783:4d79:cdd3:90f:df73:ee01:8f2f - - [15/Apr/2025:23:28:08 -0400] "POST /wp-comments-post.php HTTP/1.1" 302 0 "http://economiciorologi.com/cbd-shop-uk-review/" "Mozilla/5.0 (Windows NT 10.0; Win64; x64) AppleWebKit/537.36 (KHTML, like Gecko) Chrome/130.0.0.0 Safari/537.36 CCleaner/130.0.0.0"
2a12:5a04:c925:9fcf:d730:fdb7:8ea6:78ef - - [15/Apr/2025:23:31:55 -0400] "GET /mk-bags-in-uk-free-michael-kors-in-fragrance-shop/ HTTP/1.1" 200 39600 "http://economiciorologi.com/mk-bags-in-uk-free-michael-kors-in-fragrance-shop/" "Mozilla/5.0 (Windows NT 10.0; Win64; x64) AppleWebKit/537.36 (KHTML, like Gecko) Chrome/130.0.0.0 Safari/537.36"
198.54.114.83 - - [15/Apr/2025:23:32:00 -0400] "POST /wp-cron.php?doing_wp_cron=1744774318.3734679222106933593750 HTTP/1.1" 200 0 "-" "WordPress/6.8; https://economiciorologi.com"
2a12:5a04:c925:9fcf:d730:fdb7:8ea6:78ef - - [15/Apr/2025:23:31:57 -0400] "POST /wp-comments-post.php HTTP/1.1" 302 0 "http://economiciorologi.com/mk-bags-in-uk-free-michael-kors-in-fragrance-shop/" "Mozilla/5.0 (Windows NT 10.0; Win64; x64) AppleWebKit/537.36 (KHTML, like Gecko) Chrome/130.0.0.0 Safari/537.36"
2a12:8104:6060:ef9:cbfa:b8b:dac0:39d4 - - [15/Apr/2025:23:36:17 -0400] "GET /umzugsunternehmen-in-hamburg/ HTTP/1.1" 200 40217 "http://economiciorologi.com/umzugsunternehmen-in-hamburg/" "Mozilla/5.0 (Windows NT 10.0; Win64; x64) AppleWebKit/537.36 (KHTML, like Gecko) Chrome/130.0.0.0 Safari/537.36 CCleaner/130.0.0.0"
2a12:8100:64c2:2748:889d:6298:6fa2:e33f - - [15/Apr/2025:23:36:19 -0400] "POST /wp-comments-post.php HTTP/1.1" 302 0 "http://economiciorologi.com/umzugsunternehmen-in-hamburg/" "Mozilla/5.0 (Windows NT 10.0; Win64; x64) AppleWebKit/537.36 (KHTML, like Gecko) Chrome/130.0.0.0 Safari/537.36 CCleaner/130.0.0.0"
216.244.66.226 - - [15/Apr/2025:23:55:06 -0400] "GET /robots.txt HTTP/1.1" 304 0 "-" "Mozilla/5.0 (compatible; DotBot/1.2; +https://opensiteexplorer.org/dotbot; help@moz.com)"
216.244.66.226 - - [16/Apr/2025:00:05:11 -0400] "GET /die-besten-umzugsunternehmen-in-hamburg-fur-einen-stressfreien-umzug/feed/ HTTP/1.1" 200 473 "-" "Mozilla/5.0 (compatible; DotBot/1.2; +https://opensiteexplorer.org/dotbot; help@moz.com)"
198.54.114.83 - - [16/Apr/2025:00:05:19 -0400] "POST /wp-cron.php?doing_wp_cron=1744776315.4909949302673339843750 HTTP/1.1" 200 0 "-" "WordPress/6.8; https://economiciorologi.com"
142.93.129.190 - - [16/Apr/2025:00:16:46 -0400] "GET / HTTP/1.1" 200 0 "-" "-"
192.42.116.178 - - [16/Apr/2025:00:28:19 -0400] "GET / HTTP/1.1" 200 211453 "economiciorologi.com" "Mozilla/5.0 (Windows NT 5.1) AppleWebKit/537.36 (KHTML, like Gecko) Chrome/44.0.2403.157 UBrowser/5.5.7608.1012 Safari/537.36"
192.42.116.178 - - [16/Apr/2025:00:28:23 -0400] "GET / HTTP/1.1" 200 211453 "http://economiciorologi.com" "Mozilla/5.0 (Windows NT 5.1) AppleWebKit/537.36 (KHTML, like Gecko) Chrome/44.0.2403.157 UBrowser/5.5.7608.1012 Safari/537.36"
185.220.101.32 - - [16/Apr/2025:00:28:27 -0400] "GET /Amazon/b/ref=bl_dp_s_web_7940963051?ie=UTF8&node=7940963051&field-lbr_brands_browse-bin=Amazon HTTP/1.1" 404 35604 "http://economiciorologi.com/Amazon/b/ref=bl_dp_s_web_7940963051?ie=UTF8&node=7940963051&field-lbr_brands_browse-bin=Amazon" "Mozilla/5.0 (Windows NT 5.1) AppleWebKit/537.36 (KHTML, like Gecko) Chrome/44.0.2403.157 UBrowser/5.5.7608.1012 Safari/537.36"
185.220.101.32 - - [16/Apr/2025:00:28:33 -0400] "GET /amazonfresh HTTP/1.1" 404 35606 "http://economiciorologi.com/amazonfresh" "Mozilla/5.0 (Windows NT 5.1) AppleWebKit/537.36 (KHTML, like Gecko) Chrome/44.0.2403.157 UBrowser/5.5.7608.1012 Safari/537.36"
185.220.101.32 - - [16/Apr/2025:00:28:36 -0400] "GET /auto-deliveries?ref_=nav_AccountFlyout_sns HTTP/1.1" 404 35605 "http://economiciorologi.com/auto-deliveries?ref_=nav_AccountFlyout_sns" "Mozilla/5.0 (Windows NT 5.1) AppleWebKit/537.36 (KHTML, like Gecko) Chrome/44.0.2403.157 UBrowser/5.5.7608.1012 Safari/537.36"
45.84.107.198 - - [16/Apr/2025:00:28:40 -0400] "GET /baby-reg?ref_=nav_ListFlyout_gno_bw HTTP/1.1" 404 35605 "http://economiciorologi.com/baby-reg?ref_=nav_ListFlyout_gno_bw" "Mozilla/5.0 (Windows NT 5.1) AppleWebKit/537.36 (KHTML, like Gecko) Chrome/44.0.2403.157 UBrowser/5.5.7608.1012 Safari/537.36"
45.84.107.198 - - [16/Apr/2025:00:28:44 -0400] "GET /dp/B076JKHDQT?ref=MarsFS_VICC_Ring+Rechargeable+Battery+Pack HTTP/1.1" 404 35606 "http://economiciorologi.com/dp/B076JKHDQT?ref=MarsFS_VICC_Ring+Rechargeable+Battery+Pack" "Mozilla/5.0 (Windows NT 5.1) AppleWebKit/537.36 (KHTML, like Gecko) Chrome/44.0.2403.157 UBrowser/5.5.7608.1012 Safari/537.36"
185.220.101.3 - - [16/Apr/2025:00:28:47 -0400] "GET /dp/B07NQ7HNHY?ref=MarsFS_AUCC_oe HTTP/1.1" 404 35606 "http://economiciorologi.com/dp/B07NQ7HNHY?ref=MarsFS_AUCC_oe" "Mozilla/5.0 (Windows NT 5.1) AppleWebKit/537.36 (KHTML, like Gecko) Chrome/44.0.2403.157 UBrowser/5.5.7608.1012 Safari/537.36"
185.220.101.3 - - [16/Apr/2025:00:28:50 -0400] "GET /dp/B084NTF5ZY?ref=MarsFS_AUCC_ta HTTP/1.1" 404 35606 "http://economiciorologi.com/dp/B084NTF5ZY?ref=MarsFS_AUCC_ta" "Mozilla/5.0 (Windows NT 5.1) AppleWebKit/537.36 (KHTML, like Gecko) Chrome/44.0.2403.157 UBrowser/5.5.7608.1012 Safari/537.36"
185.220.101.3 - - [16/Apr/2025:00:28:53 -0400] "GET /dp/B085G63QHT?ref=MarsFS_AUCC_lr HTTP/1.1" 404 35606 "http://economiciorologi.com/dp/B085G63QHT?ref=MarsFS_AUCC_lr" "Mozilla/5.0 (Windows NT 5.1) AppleWebKit/537.36 (KHTML, like Gecko) Chrome/44.0.2403.157 UBrowser/5.5.7608.1012 Safari/537.36"
185.220.101.3 - - [16/Apr/2025:00:28:55 -0400] "GET /dp/B085PVB5BP?ref=MarsFS_eero_c HTTP/1.1" 404 35605 "http://economiciorologi.com/dp/B085PVB5BP?ref=MarsFS_eero_c" "Mozilla/5.0 (Windows NT 5.1) AppleWebKit/537.36 (KHTML, like Gecko) Chrome/44.0.2403.157 UBrowser/5.5.7608.1012 Safari/537.36"
185.220.101.131 - - [16/Apr/2025:00:28:58 -0400] "GET /dp/B085Q2ZF1X?ref=MarsFS_eero_ccc HTTP/1.1" 404 35606 "http://economiciorologi.com/dp/B085Q2ZF1X?ref=MarsFS_eero_ccc" "Mozilla/5.0 (Windows NT 5.1) AppleWebKit/537.36 (KHTML, like Gecko) Chrome/44.0.2403.157 UBrowser/5.5.7608.1012 Safari/537.36"
185.246.188.74 - - [16/Apr/2025:00:29:05 -0400] "GET /dp/B086PFKYVH?ref=MarsFS_eero_AG HTTP/1.1" 404 35605 "http://economiciorologi.com/dp/B086PFKYVH?ref=MarsFS_eero_AG" "Mozilla/5.0 (Windows NT 5.1) AppleWebKit/537.36 (KHTML, like Gecko) Chrome/44.0.2403.157 UBrowser/5.5.7608.1012 Safari/537.36"
89.58.26.216 - - [16/Apr/2025:00:29:10 -0400] "GET /dp/B086PGZRGK?ref=MarsFS_eero_AGALAL HTTP/1.1" 404 35606 "http://economiciorologi.com/dp/B086PGZRGK?ref=MarsFS_eero_AGALAL" "Mozilla/5.0 (Windows NT 5.1) AppleWebKit/537.36 (KHTML, like Gecko) Chrome/44.0.2403.157 UBrowser/5.5.7608.1012 Safari/537.36"
198.54.114.83 - - [16/Apr/2025:00:29:15 -0400] "POST /wp-cron.php?doing_wp_cron=1744777751.2458100318908691406250 HTTP/1.1" 200 0 "-" "WordPress/6.8; https://economiciorologi.com"
195.47.238.87 - - [16/Apr/2025:00:29:20 -0400] "GET /dp/B08DJC1KMJ?ref=MarsFS_VICC_rvdpro2_faceplate HTTP/1.1" 404 35606 "http://economiciorologi.com/dp/B08DJC1KMJ?ref=MarsFS_VICC_rvdpro2_faceplate" "Mozilla/5.0 (Windows NT 5.1) AppleWebKit/537.36 (KHTML, like Gecko) Chrome/44.0.2403.157 UBrowser/5.5.7608.1012 Safari/537.36"
195.47.238.87 - - [16/Apr/2025:00:29:27 -0400] "GET /dp/B08LZ3LTFV?ref=MarsFS_VICC_rvdwired_cornerkit HTTP/1.1" 404 35606 "http://economiciorologi.com/dp/B08LZ3LTFV?ref=MarsFS_VICC_rvdwired_cornerkit" "Mozilla/5.0 (Windows NT 5.1) AppleWebKit/537.36 (KHTML, like Gecko) Chrome/44.0.2403.157 UBrowser/5.5.7608.1012 Safari/537.36"
195.47.238.88 - - [16/Apr/2025:00:29:35 -0400] "GET /dp/B08MQNGX3W?ref=MarsFS_AUCC_B08MQNGX3W HTTP/1.1" 404 35606 "http://economiciorologi.com/dp/B08MQNGX3W?ref=MarsFS_AUCC_B08MQNGX3W" "Mozilla/5.0 (Windows NT 5.1) AppleWebKit/537.36 (KHTML, like Gecko) Chrome/44.0.2403.157 UBrowser/5.5.7608.1012 Safari/537.36"
45.84.107.101 - - [16/Apr/2025:00:29:40 -0400] "GET /dp/B08ZJVVMT4?ref=MarsFS_eero_en HTTP/1.1" 404 35605 "http://economiciorologi.com/dp/B08ZJVVMT4?ref=MarsFS_eero_en" "Mozilla/5.0 (Windows NT 5.1) AppleWebKit/537.36 (KHTML, like Gecko) Chrome/44.0.2403.157 UBrowser/5.5.7608.1012 Safari/537.36"
45.84.107.101 - - [16/Apr/2025:00:29:44 -0400] "GET /dp/B091D9R5XX?ref=MarsFS_VICC_rvdwired HTTP/1.1" 404 35606 "http://economiciorologi.com/dp/B091D9R5XX?ref=MarsFS_VICC_rvdwired" "Mozilla/5.0 (Windows NT 5.1) AppleWebKit/537.36 (KHTML, like Gecko) Chrome/44.0.2403.157 UBrowser/5.5.7608.1012 Safari/537.36"
185.220.101.89 - - [16/Apr/2025:00:29:50 -0400] "GET /dp/B091G4D95D?ref=MarsFS_eero_en HTTP/1.1" 404 35606 "http://economiciorologi.com/dp/B091G4D95D?ref=MarsFS_eero_en" "Mozilla/5.0 (Windows NT 5.1) AppleWebKit/537.36 (KHTML, like Gecko) Chrome/44.0.2403.157 UBrowser/5.5.7608.1012 Safari/537.36"
185.220.101.89 - - [16/Apr/2025:00:29:59 -0400] "GET /dp/B091G668JP?ref=MarsFS_eero_en HTTP/1.1" 404 35605 "http://economiciorologi.com/dp/B091G668JP?ref=MarsFS_eero_en" "Mozilla/5.0 (Windows NT 5.1) AppleWebKit/537.36 (KHTML, like Gecko) Chrome/44.0.2403.157 UBrowser/5.5.7608.1012 Safari/537.36"
185.220.101.35 - - [16/Apr/2025:00:30:09 -0400] "GET /dp/B09B2RL8CG?ref=MarsFS_AUCC_hyp HTTP/1.1" 404 35605 "http://economiciorologi.com/dp/B09B2RL8CG?ref=MarsFS_AUCC_hyp" "Mozilla/5.0 (Windows NT 5.1) AppleWebKit/537.36 (KHTML, like Gecko) Chrome/44.0.2403.157 UBrowser/5.5.7608.1012 Safari/537.36"
45.84.107.172 - - [16/Apr/2025:00:30:18 -0400] "GET /dp/B09B8YP8KY?ref=MarsFS_AUCC_cann HTTP/1.1" 404 35605 "http://economiciorologi.com/dp/B09B8YP8KY?ref=MarsFS_AUCC_cann" "Mozilla/5.0 (Windows NT 5.1) AppleWebKit/537.36 (KHTML, like Gecko) Chrome/44.0.2403.157 UBrowser/5.5.7608.1012 Safari/537.36"
198.54.114.83 - - [16/Apr/2025:00:30:24 -0400] "POST /wp-cron.php?doing_wp_cron=1744777818.6969020366668701171875 HTTP/1.1" 200 0 "-" "WordPress/6.8; https://economiciorologi.com"
45.84.107.97 - - [16/Apr/2025:00:30:28 -0400] "GET /dp/B09BS5XWNS?ref=MarsFS_KINDLE_br HTTP/1.1" 404 35605 "http://economiciorologi.com/dp/B09BS5XWNS?ref=MarsFS_KINDLE_br" "Mozilla/5.0 (Windows NT 5.1) AppleWebKit/537.36 (KHTML, like Gecko) Chrome/44.0.2403.157 UBrowser/5.5.7608.1012 Safari/537.36"
78.159.131.96 - - [16/Apr/2025:00:30:36 -0400] "GET /dp/B09DRX62ZV?ref=MarsFS_VICC_spotlight HTTP/1.1" 404 35606 "http://economiciorologi.com/dp/B09DRX62ZV?ref=MarsFS_VICC_spotlight" "Mozilla/5.0 (Windows NT 5.1) AppleWebKit/537.36 (KHTML, like Gecko) Chrome/44.0.2403.157 UBrowser/5.5.7608.1012 Safari/537.36"
192.42.116.216 - - [16/Apr/2025:00:30:42 -0400] "GET /dp/B09L462YVZ?ref=MarsFS_VICC_CHIME HTTP/1.1" 404 35605 "http://economiciorologi.com/dp/B09L462YVZ?ref=MarsFS_VICC_CHIME" "Mozilla/5.0 (Windows NT 5.1) AppleWebKit/537.36 (KHTML, like Gecko) Chrome/44.0.2403.157 UBrowser/5.5.7608.1012 Safari/537.36"
192.42.116.216 - - [16/Apr/2025:00:30:47 -0400] "GET /dp/B09TDTJKF1?ref=MarsFS_SMP_B09TDTJKF1 HTTP/1.1" 404 35606 "http://economiciorologi.com/dp/B09TDTJKF1?ref=MarsFS_SMP_B09TDTJKF1" "Mozilla/5.0 (Windows NT 5.1) AppleWebKit/537.36 (KHTML, like Gecko) Chrome/44.0.2403.157 UBrowser/5.5.7608.1012 Safari/537.36"
45.84.107.33 - - [16/Apr/2025:00:30:52 -0400] "GET /dp/B09WXH9BH7?ref=MarsFS_AUCC_ch HTTP/1.1" 404 35605 "http://economiciorologi.com/dp/B09WXH9BH7?ref=MarsFS_AUCC_ch" "Mozilla/5.0 (Windows NT 5.1) AppleWebKit/537.36 (KHTML, like Gecko) Chrome/44.0.2403.157 UBrowser/5.5.7608.1012 Safari/537.36"
45.84.107.33 - - [16/Apr/2025:00:30:55 -0400] "GET /dp/B09WZBPX7K?ref=MarsFS_VICC_rvdw HTTP/1.1" 404 35605 "http://economiciorologi.com/dp/B09WZBPX7K?ref=MarsFS_VICC_rvdw" "Mozilla/5.0 (Windows NT 5.1) AppleWebKit/537.36 (KHTML, like Gecko) Chrome/44.0.2403.157 UBrowser/5.5.7608.1012 Safari/537.36"
176.97.114.202 - - [16/Apr/2025:00:31:00 -0400] "GET /dp/B09Y1GZR7T?ref=MarsFS_AUCC_gw HTTP/1.1" 404 35605 "http://economiciorologi.com/dp/B09Y1GZR7T?ref=MarsFS_AUCC_gw" "Mozilla/5.0 (Windows NT 5.1) AppleWebKit/537.36 (KHTML, like Gecko) Chrome/44.0.2403.157 UBrowser/5.5.7608.1012 Safari/537.36"
176.97.114.202 - - [16/Apr/2025:00:31:04 -0400] "GET /dp/B0B2BY4ZG7?ref=MarsFS_VICC_rvdw HTTP/1.1" 404 35606 "http://economiciorologi.com/dp/B0B2BY4ZG7?ref=MarsFS_VICC_rvdw" "Mozilla/5.0 (Windows NT 5.1) AppleWebKit/537.36 (KHTML, like Gecko) Chrome/44.0.2403.157 UBrowser/5.5.7608.1012 Safari/537.36"
176.97.114.202 - - [16/Apr/2025:00:31:07 -0400] "GET /dp/B0B6GK4VTC?ref=MarsFS_VICC_RINGINDC HTTP/1.1" 404 35606 "http://economiciorologi.com/dp/B0B6GK4VTC?ref=MarsFS_VICC_RINGINDC" "Mozilla/5.0 (Windows NT 5.1) AppleWebKit/537.36 (KHTML, like Gecko) Chrome/44.0.2403.157 UBrowser/5.5.7608.1012 Safari/537.36"
45.84.107.55 - - [16/Apr/2025:00:31:10 -0400] "GET /dp/B0BCR4YW51?ref=MarsFS_AUCC_eh HTTP/1.1" 404 35605 "http://economiciorologi.com/dp/B0BCR4YW51?ref=MarsFS_AUCC_eh" "Mozilla/5.0 (Windows NT 5.1) AppleWebKit/537.36 (KHTML, like Gecko) Chrome/44.0.2403.157 UBrowser/5.5.7608.1012 Safari/537.36"
45.84.107.55 - - [16/Apr/2025:00:31:14 -0400] "GET /dp/B0BLS3H65Z?ref=MarsFS_AUCC_ath HTTP/1.1" 404 35606 "http://economiciorologi.com/dp/B0BLS3H65Z?ref=MarsFS_AUCC_ath" "Mozilla/5.0 (Windows NT 5.1) AppleWebKit/537.36 (KHTML, like Gecko) Chrome/44.0.2403.157 UBrowser/5.5.7608.1012 Safari/537.36"
185.130.47.58 - - [16/Apr/2025:00:31:17 -0400] "GET /dp/B0BTG4S29L?ref=MarsFS_SMP_B0BTG4S29L HTTP/1.1" 404 35606 "http://economiciorologi.com/dp/B0BTG4S29L?ref=MarsFS_SMP_B0BTG4S29L" "Mozilla/5.0 (Windows NT 5.1) AppleWebKit/537.36 (KHTML, like Gecko) Chrome/44.0.2403.157 UBrowser/5.5.7608.1012 Safari/537.36"
198.54.114.83 - - [16/Apr/2025:00:31:21 -0400] "POST /wp-cron.php?doing_wp_cron=1744777880.8148300647735595703125 HTTP/1.1" 200 0 "-" "WordPress/6.8; https://economiciorologi.com"
185.130.47.58 - - [16/Apr/2025:00:31:20 -0400] "GET /dp/B0BZWRSRWV?ref=MarsFS_VICC_rvd HTTP/1.1" 404 35606 "http://economiciorologi.com/dp/B0BZWRSRWV?ref=MarsFS_VICC_rvd" "Mozilla/5.0 (Windows NT 5.1) AppleWebKit/537.36 (KHTML, like Gecko) Chrome/44.0.2403.157 UBrowser/5.5.7608.1012 Safari/537.36"
178.20.55.182 - - [16/Apr/2025:00:31:26 -0400] "GET /dp/B0C2RXN77R?ref=MarsFS_AUCC_es HTTP/1.1" 404 35606 "http://economiciorologi.com/dp/B0C2RXN77R?ref=MarsFS_AUCC_es" "Mozilla/5.0 (Windows NT 5.1) AppleWebKit/537.36 (KHTML, like Gecko) Chrome/44.0.2403.157 UBrowser/5.5.7608.1012 Safari/537.36"
178.20.55.182 - - [16/Apr/2025:00:31:29 -0400] "GET /dp/B0C5QRZ47P?ref=MarsFS_VICC_STUC HTTP/1.1" 404 35606 "http://economiciorologi.com/dp/B0C5QRZ47P?ref=MarsFS_VICC_STUC" "Mozilla/5.0 (Windows NT 5.1) AppleWebKit/537.36 (KHTML, like Gecko) Chrome/44.0.2403.157 UBrowser/5.5.7608.1012 Safari/537.36"
178.20.55.182 - - [16/Apr/2025:00:31:32 -0400] "GET /dp/B0CFPHSTDD?ref=MarsFS_KINDLE_sgse HTTP/1.1" 404 35606 "http://economiciorologi.com/dp/B0CFPHSTDD?ref=MarsFS_KINDLE_sgse" "Mozilla/5.0 (Windows NT 5.1) AppleWebKit/537.36 (KHTML, like Gecko) Chrome/44.0.2403.157 UBrowser/5.5.7608.1012 Safari/537.36"
178.20.55.182 - - [16/Apr/2025:00:31:34 -0400] "GET /dp/B0CFPL6CFY?ref=MarsFS_KINDLE_B0CFPL6CFY HTTP/1.1" 404 35606 "http://economiciorologi.com/dp/B0CFPL6CFY?ref=MarsFS_KINDLE_B0CFPL6CFY" "Mozilla/5.0 (Windows NT 5.1) AppleWebKit/537.36 (KHTML, like Gecko) Chrome/44.0.2403.157 UBrowser/5.5.7608.1012 Safari/537.36"
176.65.149.100 - - [16/Apr/2025:00:31:38 -0400] "GET /dp/B0CG2TPLJV?ref=MarsFS_VICC_PNTC HTTP/1.1" 404 35606 "http://economiciorologi.com/dp/B0CG2TPLJV?ref=MarsFS_VICC_PNTC" "Mozilla/5.0 (Windows NT 5.1) AppleWebKit/537.36 (KHTML, like Gecko) Chrome/44.0.2403.157 UBrowser/5.5.7608.1012 Safari/537.36"
198.54.114.83 - - [16/Apr/2025:00:31:43 -0400] "POST /wp-cron.php?doing_wp_cron=1744777902.4612929821014404296875 HTTP/1.1" 200 0 "-" "WordPress/6.8; https://economiciorologi.com"
176.65.149.100 - - [16/Apr/2025:00:31:42 -0400] "GET /dp/B0CJKV1J9N?ref=MarsFS_SMP_B0CJKV1J9N HTTP/1.1" 404 35606 "http://economiciorologi.com/dp/B0CJKV1J9N?ref=MarsFS_SMP_B0CJKV1J9N" "Mozilla/5.0 (Windows NT 5.1) AppleWebKit/537.36 (KHTML, like Gecko) Chrome/44.0.2403.157 UBrowser/5.5.7608.1012 Safari/537.36"
185.220.101.35 - - [16/Apr/2025:00:31:46 -0400] "GET /dp/B0CP31QS6R?ref=MarsFS_KINDLE_rs HTTP/1.1" 404 35606 "http://economiciorologi.com/dp/B0CP31QS6R?ref=MarsFS_KINDLE_rs" "Mozilla/5.0 (Windows NT 5.1) AppleWebKit/537.36 (KHTML, like Gecko) Chrome/44.0.2403.157 UBrowser/5.5.7608.1012 Safari/537.36"
185.220.101.35 - - [16/Apr/2025:00:31:51 -0400] "GET /dp/B0CPKX85TD?ref=MarsFS_eero_JU HTTP/1.1" 404 35606 "http://economiciorologi.com/dp/B0CPKX85TD?ref=MarsFS_eero_JU" "Mozilla/5.0 (Windows NT 5.1) AppleWebKit/537.36 (KHTML, like Gecko) Chrome/44.0.2403.157 UBrowser/5.5.7608.1012 Safari/537.36"
192.42.116.198 - - [16/Apr/2025:00:31:55 -0400] "GET /dp/B0CQMZ24LR?ref=MarsFS_SMP_B0CQMZ24LR HTTP/1.1" 404 35605 "http://economiciorologi.com/dp/B0CQMZ24LR?ref=MarsFS_SMP_B0CQMZ24LR" "Mozilla/5.0 (Windows NT 5.1) AppleWebKit/537.36 (KHTML, like Gecko) Chrome/44.0.2403.157 UBrowser/5.5.7608.1012 Safari/537.36"
192.42.116.198 - - [16/Apr/2025:00:31:59 -0400] "GET /dp/B0CZB5RHWX?ref=MarsFS_KINDLE_pc HTTP/1.1" 404 35605 "http://economiciorologi.com/dp/B0CZB5RHWX?ref=MarsFS_KINDLE_pc" "Mozilla/5.0 (Windows NT 5.1) AppleWebKit/537.36 (KHTML, like Gecko) Chrome/44.0.2403.157 UBrowser/5.5.7608.1012 Safari/537.36"
192.42.116.198 - - [16/Apr/2025:00:32:02 -0400] "GET /dp/B0D3RN5W37?ref=MarsFS_VICC_blinksqm HTTP/1.1" 404 35606 "http://economiciorologi.com/dp/B0D3RN5W37?ref=MarsFS_VICC_blinksqm" "Mozilla/5.0 (Windows NT 5.1) AppleWebKit/537.36 (KHTML, like Gecko) Chrome/44.0.2403.157 UBrowser/5.5.7608.1012 Safari/537.36"
192.42.116.198 - - [16/Apr/2025:00:32:04 -0400] "GET /dp/B0D47Z1SB9?ref=MarsFS_VICC_blinkvin HTTP/1.1" 404 35606 "http://economiciorologi.com/dp/B0D47Z1SB9?ref=MarsFS_VICC_blinkvin" "Mozilla/5.0 (Windows NT 5.1) AppleWebKit/537.36 (KHTML, like Gecko) Chrome/44.0.2403.157 UBrowser/5.5.7608.1012 Safari/537.36"
185.129.62.63 - - [16/Apr/2025:00:32:08 -0400] "GET /dp/B0D483WX7X?ref=MarsFS_VICC_blinksed HTTP/1.1" 404 35606 "http://economiciorologi.com/dp/B0D483WX7X?ref=MarsFS_VICC_blinksed" "Mozilla/5.0 (Windows NT 5.1) AppleWebKit/537.36 (KHTML, like Gecko) Chrome/44.0.2403.157 UBrowser/5.5.7608.1012 Safari/537.36"
185.129.62.63 - - [16/Apr/2025:00:32:10 -0400] "GET /dp/B0D484S271?ref=MarsFS_VICC_blinkhk HTTP/1.1" 404 35606 "http://economiciorologi.com/dp/B0D484S271?ref=MarsFS_VICC_blinkhk" "Mozilla/5.0 (Windows NT 5.1) AppleWebKit/537.36 (KHTML, like Gecko) Chrome/44.0.2403.157 UBrowser/5.5.7608.1012 Safari/537.36"
185.129.62.63 - - [16/Apr/2025:00:32:14 -0400] "GET /gp/css/homepage.html?ref_=nav_AccountFlyout_ya HTTP/1.1" 404 35606 "http://economiciorologi.com/gp/css/homepage.html?ref_=nav_AccountFlyout_ya" "Mozilla/5.0 (Windows NT 5.1) AppleWebKit/537.36 (KHTML, like Gecko) Chrome/44.0.2403.157 UBrowser/5.5.7608.1012 Safari/537.36"
45.84.107.76 - - [16/Apr/2025:00:32:19 -0400] "GET /gp/css/order-history?ref_=nav_AccountFlyout_orders HTTP/1.1" 404 35606 "http://economiciorologi.com/gp/css/order-history?ref_=nav_AccountFlyout_orders" "Mozilla/5.0 (Windows NT 5.1) AppleWebKit/537.36 (KHTML, like Gecko) Chrome/44.0.2403.157 UBrowser/5.5.7608.1012 Safari/537.36"
45.84.107.76 - - [16/Apr/2025:00:32:22 -0400] "GET /gp/customer-reviews/R1PEI6HEVK2UIC/ref=cm_cr_dp_d_rvw_ttl?ie=UTF8&ASIN=B0DG4WZZPV HTTP/1.1" 404 35606 "http://economiciorologi.com/gp/customer-reviews/R1PEI6HEVK2UIC/ref=cm_cr_dp_d_rvw_ttl?ie=UTF8&ASIN=B0DG4WZZPV" "Mozilla/5.0 (Windows NT 5.1) AppleWebKit/537.36 (KHTML, like Gecko) Chrome/44.0.2403.157 UBrowser/5.5.7608.1012 Safari/537.36"
45.84.107.76 - - [16/Apr/2025:00:32:27 -0400] "GET /gp/customer-reviews/R2DVCU4L2UJJBX/ref=cm_cr_dp_d_rvw_ttl?ie=UTF8&ASIN=B0DG4WZZPV HTTP/1.1" 404 35606 "http://economiciorologi.com/gp/customer-reviews/R2DVCU4L2UJJBX/ref=cm_cr_dp_d_rvw_ttl?ie=UTF8&ASIN=B0DG4WZZPV" "Mozilla/5.0 (Windows NT 5.1) AppleWebKit/537.36 (KHTML, like Gecko) Chrome/44.0.2403.157 UBrowser/5.5.7608.1012 Safari/537.36"
192.42.116.19 - - [16/Apr/2025:00:32:31 -0400] "GET /gp/customer-reviews/RSOLMCOFAZGYC/ref=cm_cr_dp_d_rvw_ttl?ie=UTF8&ASIN=B0DG4WZZPV HTTP/1.1" 404 35606 "http://economiciorologi.com/gp/customer-reviews/RSOLMCOFAZGYC/ref=cm_cr_dp_d_rvw_ttl?ie=UTF8&ASIN=B0DG4WZZPV" "Mozilla/5.0 (Windows NT 5.1) AppleWebKit/537.36 (KHTML, like Gecko) Chrome/44.0.2403.157 UBrowser/5.5.7608.1012 Safari/537.36"
192.42.116.19 - - [16/Apr/2025:00:32:36 -0400] "GET /gp/mas/your-account/myapps?ref_=nav_AccountFlyout_aad HTTP/1.1" 404 35605 "http://economiciorologi.com/gp/mas/your-account/myapps?ref_=nav_AccountFlyout_aad" "Mozilla/5.0 (Windows NT 5.1) AppleWebKit/537.36 (KHTML, like Gecko) Chrome/44.0.2403.157 UBrowser/5.5.7608.1012 Safari/537.36"
45.84.107.33 - - [16/Apr/2025:00:32:41 -0400] "GET /gp/prime?ref_=nav_prime_btn_fb HTTP/1.1" 404 35606 "http://economiciorologi.com/gp/prime?ref_=nav_prime_btn_fb" "Mozilla/5.0 (Windows NT 5.1) AppleWebKit/537.36 (KHTML, like Gecko) Chrome/44.0.2403.157 UBrowser/5.5.7608.1012 Safari/537.36"
198.54.114.83 - - [16/Apr/2025:00:32:45 -0400] "POST /wp-cron.php?doing_wp_cron=1744777964.1977291107177734375000 HTTP/1.1" 200 0 "-" "WordPress/6.8; https://economiciorologi.com"
45.84.107.33 - - [16/Apr/2025:00:32:43 -0400] "GET /gp/profile/amzn1.account.AEI6M6PK7YTYMMDYHFCY44VLPMYQ/ref=cm_cr_dp_d_gw_tr?ie=UTF8 HTTP/1.1" 404 35606 "http://economiciorologi.com/gp/profile/amzn1.account.AEI6M6PK7YTYMMDYHFCY44VLPMYQ/ref=cm_cr_dp_d_gw_tr?ie=UTF8" "Mozilla/5.0 (Windows NT 5.1) AppleWebKit/537.36 (KHTML, like Gecko) Chrome/44.0.2403.157 UBrowser/5.5.7608.1012 Safari/537.36"
45.84.107.33 - - [16/Apr/2025:00:32:49 -0400] "GET /gp/profile/amzn1.account.AF5FRYZXCS7TKUJBS42LJ5SIYFCQ/ref=cm_cr_dp_d_gw_tr?ie=UTF8 HTTP/1.1" 404 35606 "http://economiciorologi.com/gp/profile/amzn1.account.AF5FRYZXCS7TKUJBS42LJ5SIYFCQ/ref=cm_cr_dp_d_gw_tr?ie=UTF8" "Mozilla/5.0 (Windows NT 5.1) AppleWebKit/537.36 (KHTML, like Gecko) Chrome/44.0.2403.157 UBrowser/5.5.7608.1012 Safari/537.36"
88.80.26.4 - - [16/Apr/2025:00:32:52 -0400] "GET /gp/profile/amzn1.account.AFXQP46YJ2XUKR4MYZFNG3H2CXBQ/ref=cm_cr_dp_d_gw_tr?ie=UTF8 HTTP/1.1" 404 35606 "http://economiciorologi.com/gp/profile/amzn1.account.AFXQP46YJ2XUKR4MYZFNG3H2CXBQ/ref=cm_cr_dp_d_gw_tr?ie=UTF8" "Mozilla/5.0 (Windows NT 5.1) AppleWebKit/537.36 (KHTML, like Gecko) Chrome/44.0.2403.157 UBrowser/5.5.7608.1012 Safari/537.36"
88.80.26.4 - - [16/Apr/2025:00:32:55 -0400] "GET /gp/registry/wishlist HTTP/1.1" 404 35605 "http://economiciorologi.com/gp/registry/wishlist" "Mozilla/5.0 (Windows NT 5.1) AppleWebKit/537.36 (KHTML, like Gecko) Chrome/44.0.2403.157 UBrowser/5.5.7608.1012 Safari/537.36"
88.80.26.4 - - [16/Apr/2025:00:32:57 -0400] "GET /gp/subs/primeclub/account/homepage.html?ref_=nav_youraccount_prime HTTP/1.1" 404 35606 "http://economiciorologi.com/gp/subs/primeclub/account/homepage.html?ref_=nav_youraccount_prime" "Mozilla/5.0 (Windows NT 5.1) AppleWebKit/537.36 (KHTML, like Gecko) Chrome/44.0.2403.157 UBrowser/5.5.7608.1012 Safari/537.36"
88.80.26.4 - - [16/Apr/2025:00:33:01 -0400] "GET /gp/video/ssoredirect?pvp=/ref%3D_apv&ref_=nav_AccountFlyout__apv HTTP/1.1" 404 35605 "http://economiciorologi.com/gp/video/ssoredirect?pvp=/ref%3D_apv&ref_=nav_AccountFlyout__apv" "Mozilla/5.0 (Windows NT 5.1) AppleWebKit/537.36 (KHTML, like Gecko) Chrome/44.0.2403.157 UBrowser/5.5.7608.1012 Safari/537.36"
185.220.101.25 - - [16/Apr/2025:00:33:04 -0400] "GET /gp/yourstore?ref_=nav_AccountFlyout_recs HTTP/1.1" 404 35606 "http://economiciorologi.com/gp/yourstore?ref_=nav_AccountFlyout_recs" "Mozilla/5.0 (Windows NT 5.1) AppleWebKit/537.36 (KHTML, like Gecko) Chrome/44.0.2403.157 UBrowser/5.5.7608.1012 Safari/537.36"
198.54.114.83 - - [16/Apr/2025:00:33:08 -0400] "POST /wp-cron.php?doing_wp_cron=1744777987.4930980205535888671875 HTTP/1.1" 200 0 "-" "WordPress/6.8; https://economiciorologi.com"
185.220.101.25 - - [16/Apr/2025:00:33:06 -0400] "GET /hz/mycd/myx?pageType=content&ref_=nav_AccountFlyout_myk HTTP/1.1" 404 0 "http://economiciorologi.com/hz/mycd/myx?pageType=content&ref_=nav_AccountFlyout_myk" "Mozilla/5.0 (Windows NT 5.1) AppleWebKit/537.36 (KHTML, like Gecko) Chrome/44.0.2403.157 UBrowser/5.5.7608.1012 Safari/537.36"
45.141.215.61 - - [16/Apr/2025:00:35:14 -0400] "GET / HTTP/1.1" 200 211453 "economiciorologi.com" "Mozilla/5.0 (Windows NT 10.0; Win64; x64) AppleWebKit/537.36 (KHTML, like Gecko) Chrome/125.0.0.0 Safari/537.36"
45.141.215.61 - - [16/Apr/2025:00:35:19 -0400] "GET /amazonfresh HTTP/1.1" 404 35606 "http://economiciorologi.com/amazonfresh" "Mozilla/5.0 (Windows NT 10.0; Win64; x64) AppleWebKit/537.36 (KHTML, like Gecko) Chrome/125.0.0.0 Safari/537.36"
45.141.215.61 - - [16/Apr/2025:00:35:21 -0400] "GET /gp/registry/wishlist HTTP/1.1" 404 35605 "http://economiciorologi.com/gp/registry/wishlist" "Mozilla/5.0 (Windows NT 10.0; Win64; x64) AppleWebKit/537.36 (KHTML, like Gecko) Chrome/125.0.0.0 Safari/537.36"
185.220.101.34 - - [16/Apr/2025:00:35:24 -0400] "GET /gp/prime?ref_=nav_prime_btn_fb HTTP/1.1" 404 35606 "http://economiciorologi.com/gp/prime?ref_=nav_prime_btn_fb" "Mozilla/5.0 (Windows NT 10.0; Win64; x64) AppleWebKit/537.36 (KHTML, like Gecko) Chrome/125.0.0.0 Safari/537.36"
185.220.101.34 - - [16/Apr/2025:00:35:27 -0400] "GET /dp/B085PVB5BP?ref=MarsFS_eero_c HTTP/1.1" 404 35605 "http://economiciorologi.com/dp/B085PVB5BP?ref=MarsFS_eero_c" "Mozilla/5.0 (Windows NT 10.0; Win64; x64) AppleWebKit/537.36 (KHTML, like Gecko) Chrome/125.0.0.0 Safari/537.36"
185.220.101.34 - - [16/Apr/2025:00:35:28 -0400] "GET /dp/B07NQ7HNHY?ref=MarsFS_AUCC_oe HTTP/1.1" 404 35606 "http://economiciorologi.com/dp/B07NQ7HNHY?ref=MarsFS_AUCC_oe" "Mozilla/5.0 (Windows NT 10.0; Win64; x64) AppleWebKit/537.36 (KHTML, like Gecko) Chrome/125.0.0.0 Safari/537.36"
185.220.101.34 - - [16/Apr/2025:00:35:31 -0400] "GET /dp/B084NTF5ZY?ref=MarsFS_AUCC_ta HTTP/1.1" 404 35606 "http://economiciorologi.com/dp/B084NTF5ZY?ref=MarsFS_AUCC_ta" "Mozilla/5.0 (Windows NT 10.0; Win64; x64) AppleWebKit/537.36 (KHTML, like Gecko) Chrome/125.0.0.0 Safari/537.36"
45.84.107.47 - - [16/Apr/2025:00:35:35 -0400] "GET /dp/B085G63QHT?ref=MarsFS_AUCC_lr HTTP/1.1" 404 35606 "http://economiciorologi.com/dp/B085G63QHT?ref=MarsFS_AUCC_lr" "Mozilla/5.0 (Windows NT 10.0; Win64; x64) AppleWebKit/537.36 (KHTML, like Gecko) Chrome/125.0.0.0 Safari/537.36"
45.84.107.47 - - [16/Apr/2025:00:35:38 -0400] "GET /dp/B086PFKYVH?ref=MarsFS_eero_AG HTTP/1.1" 404 35605 "http://economiciorologi.com/dp/B086PFKYVH?ref=MarsFS_eero_AG" "Mozilla/5.0 (Windows NT 10.0; Win64; x64) AppleWebKit/537.36 (KHTML, like Gecko) Chrome/125.0.0.0 Safari/537.36"
45.84.107.47 - - [16/Apr/2025:00:35:46 -0400] "GET /dp/B08ZJVVMT4?ref=MarsFS_eero_en HTTP/1.1" 404 35605 "http://economiciorologi.com/dp/B08ZJVVMT4?ref=MarsFS_eero_en" "Mozilla/5.0 (Windows NT 10.0; Win64; x64) AppleWebKit/537.36 (KHTML, like Gecko) Chrome/125.0.0.0 Safari/537.36"
198.54.114.83 - - [16/Apr/2025:01:37:27 -0400] "POST /wp-cron.php?doing_wp_cron=1744781846.4859390258789062500000 HTTP/1.1" 200 0 "-" "WordPress/6.8; https://economiciorologi.com"
223.178.212.23 - - [16/Apr/2025:01:37:21 -0400] "GET /gippro-bloko-review/ HTTP/1.1" 200 39961 "http://economiciorologi.com/gippro-bloko-review/" "Mozilla/5.0 (Windows NT 10.0; Win64; x64) AppleWebKit/537.36 (KHTML, like Gecko) Chrome/131.0.0.0 Safari/537.36 Avast/131.0.0.0"
223.178.212.23 - - [16/Apr/2025:01:37:39 -0400] "POST /wp-comments-post.php HTTP/1.1" 302 0 "http://economiciorologi.com/gippro-bloko-review/" "Mozilla/5.0 (Windows NT 10.0; Win64; x64) AppleWebKit/537.36 (KHTML, like Gecko) Chrome/131.0.0.0 Safari/537.36 Avast/131.0.0.0"
74.235.106.51 - - [16/Apr/2025:01:41:57 -0400] "GET /test.php HTTP/1.1" 200 0 "-" "Go-http-client/1.1"
198.54.114.83 - - [16/Apr/2025:01:42:04 -0400] "POST /wp-cron.php?doing_wp_cron=1744782124.5735909938812255859375 HTTP/1.1" 200 0 "-" "WordPress/6.8; https://economiciorologi.com"
198.54.114.83 - - [16/Apr/2025:01:52:49 -0400] "POST /wp-cron.php?doing_wp_cron=1744782768.7777249813079833984375 HTTP/1.1" 200 0 "-" "WordPress/6.8; https://economiciorologi.com"
213.176.73.78 - - [16/Apr/2025:01:52:44 -0400] "GET /wp-content/plugins/suretriggers/assets/images/STLogo.svg HTTP/1.1" 404 35605 "-" "Mozilla/5.0 (X11; Linux x86_64) AppleWebKit/537.36 (KHTML, like Gecko) Chrome/51.0.2721.41 Safari/537.36"
198.54.114.83 - - [16/Apr/2025:01:58:27 -0400] "POST /wp-cron.php?doing_wp_cron=1744783106.7185940742492675781250 HTTP/1.1" 200 0 "-" "WordPress/6.8; https://economiciorologi.com"
52.170.42.87 - - [16/Apr/2025:01:58:23 -0400] "GET /lv.php HTTP/1.1" 404 35606 "-" "-"
52.170.42.87 - - [16/Apr/2025:01:58:28 -0400] "GET /wp-content/plugins/pwnd/pwnd.php HTTP/1.1" 404 35606 "-" "-"
52.170.42.87 - - [16/Apr/2025:01:58:30 -0400] "GET /wp-content/plugins/pwnd-1/pwnd.php HTTP/1.1" 404 35606 "-" "-"
52.170.42.87 - - [16/Apr/2025:01:58:31 -0400] "GET /wp-includes/Requests/about.php HTTP/1.1" 404 35606 "-" "-"
52.170.42.87 - - [16/Apr/2025:01:58:32 -0400] "GET /wp-includes/style-engine/about.php HTTP/1.1" 404 35606 "-" "-"
52.170.42.87 - - [16/Apr/2025:01:58:33 -0400] "GET /wp-includes/rest-api/about.php HTTP/1.1" 404 35606 "-" "-"
52.170.42.87 - - [16/Apr/2025:01:58:34 -0400] "GET /wp-includes/SimplePie/about.php HTTP/1.1" 404 35606 "-" "-"
52.170.42.87 - - [16/Apr/2025:01:58:36 -0400] "GET /wp-content/banners/about.php HTTP/1.1" 404 35606 "-" "-"
52.170.42.87 - - [16/Apr/2025:01:58:39 -0400] "GET /wp-content/about.php HTTP/1.1" 404 35606 "-" "-"
52.170.42.87 - - [16/Apr/2025:01:58:40 -0400] "GET /.well-known/about.php HTTP/1.1" 404 35605 "-" "-"
52.170.42.87 - - [16/Apr/2025:01:58:41 -0400] "GET /wp-includes/Text/about.php HTTP/1.1" 404 35606 "-" "-"
198.54.114.83 - - [16/Apr/2025:01:58:42 -0400] "POST /wp-cron.php?doing_wp_cron=1744783122.2885839939117431640625 HTTP/1.1" 200 0 "-" "WordPress/6.8; https://economiciorologi.com"
52.170.42.87 - - [16/Apr/2025:01:58:42 -0400] "GET /wp-includes/ID3/about.php HTTP/1.1" 404 35606 "-" "-"
198.54.114.83 - - [16/Apr/2025:01:58:43 -0400] "POST /wp-cron.php?doing_wp_cron=1744783123.6432569026947021484375 HTTP/1.1" 200 0 "-" "WordPress/6.8; https://economiciorologi.com"
52.170.42.87 - - [16/Apr/2025:01:58:43 -0400] "GET /img/about.php HTTP/1.1" 404 35606 "-" "-"
52.170.42.87 - - [16/Apr/2025:01:58:44 -0400] "GET /wp-content/languages/about.php HTTP/1.1" 404 35606 "-" "-"
52.170.42.87 - - [16/Apr/2025:01:58:45 -0400] "GET /wp-includes/customize/about.php HTTP/1.1" 404 35606 "-" "-"
52.170.42.87 - - [16/Apr/2025:01:58:46 -0400] "GET /wp-includes.bak/html-api/about.php HTTP/1.1" 404 35606 "-" "-"
52.170.42.87 - - [16/Apr/2025:01:58:48 -0400] "GET /wp-includes/widgets/about.php HTTP/1.1" 404 35606 "-" "-"
52.170.42.87 - - [16/Apr/2025:01:58:50 -0400] "GET /wp-includes/IXR/about.php HTTP/1.1" 404 35606 "-" "-"
52.170.42.87 - - [16/Apr/2025:01:58:53 -0400] "GET /wp-admin/js/about.php HTTP/1.1" 404 35606 "-" "-"
52.170.42.87 - - [16/Apr/2025:01:58:57 -0400] "GET /.well-known/pki-validation/about.php HTTP/1.1" 404 1251 "-" "-"
52.170.42.87 - - [16/Apr/2025:01:58:58 -0400] "GET /wp-includes/pomo/about.php HTTP/1.1" 404 35606 "-" "-"
52.170.42.87 - - [16/Apr/2025:01:58:59 -0400] "GET /wp-includes/block-patterns/about.php HTTP/1.1" 404 35605 "-" "-"
52.170.42.87 - - [16/Apr/2025:01:59:00 -0400] "GET /wp-content/updraft/about.php HTTP/1.1" 404 35605 "-" "-"
52.170.42.87 - - [16/Apr/2025:01:59:04 -0400] "GET /wp-content/upgrade-temp-backup/about.php HTTP/1.1" 404 35605 "-" "-"
198.54.114.83 - - [16/Apr/2025:01:59:07 -0400] "POST /wp-cron.php?doing_wp_cron=1744783147.0782868862152099609375 HTTP/1.1" 200 0 "-" "WordPress/6.8; https://economiciorologi.com"
52.170.42.87 - - [16/Apr/2025:01:59:06 -0400] "GET /wp-content/themes/about.php HTTP/1.1" 404 35606 "-" "-"
52.170.42.87 - - [16/Apr/2025:01:59:08 -0400] "GET /wp-admin/includes/about.php HTTP/1.1" 404 35605 "-" "-"
52.170.42.87 - - [16/Apr/2025:01:59:10 -0400] "GET /images/about.php HTTP/1.1" 404 35605 "-" "-"
52.170.42.87 - - [16/Apr/2025:01:59:11 -0400] "GET /wp-content/blogs.dir/about.php HTTP/1.1" 404 35606 "-" "-"
52.170.42.87 - - [16/Apr/2025:01:59:13 -0400] "GET /wp-includes/images/about.php HTTP/1.1" 404 35606 "-" "-"
52.170.42.87 - - [16/Apr/2025:01:59:14 -0400] "GET /cgi-bin/about.php HTTP/1.1" 404 35606 "-" "-"
52.170.42.87 - - [16/Apr/2025:01:59:15 -0400] "GET /wp-content/gallery/about.php HTTP/1.1" 404 35606 "-" "-"
52.170.42.87 - - [16/Apr/2025:01:59:16 -0400] "GET /wp-includes/blocks/about.php HTTP/1.1" 404 35606 "-" "-"
52.170.42.87 - - [16/Apr/2025:01:59:17 -0400] "GET /wp-admin/css/about.php HTTP/1.1" 404 35606 "-" "-"
52.170.42.87 - - [16/Apr/2025:01:59:18 -0400] "GET /wp-admin/images/about.php HTTP/1.1" 404 35606 "-" "-"
52.170.42.87 - - [16/Apr/2025:01:59:19 -0400] "GET /.well-known/pki-validation/cloud.php HTTP/1.1" 404 1251 "-" "-"
52.170.42.87 - - [16/Apr/2025:01:59:19 -0400] "GET /.well-known/acme-challenge/cloud.php HTTP/1.1" 404 35606 "-" "-"
52.170.42.87 - - [16/Apr/2025:01:59:20 -0400] "GET /wp-admin/network/cloud.php HTTP/1.1" 404 35606 "-" "-"
52.170.42.87 - - [16/Apr/2025:01:59:21 -0400] "GET /cloud.php HTTP/1.1" 404 35606 "-" "-"
52.170.42.87 - - [16/Apr/2025:01:59:21 -0400] "GET /cgi-bin/cloud.php HTTP/1.1" 404 35606 "-" "-"
52.170.42.87 - - [16/Apr/2025:01:59:22 -0400] "GET /wp-content/updates.php HTTP/1.1" 404 35606 "-" "-"
52.170.42.87 - - [16/Apr/2025:01:59:24 -0400] "GET /css/cloud.php HTTP/1.1" 404 35606 "-" "-"
52.170.42.87 - - [16/Apr/2025:01:59:25 -0400] "GET /wp-admin/user/cloud.php HTTP/1.1" 404 35606 "-" "-"
52.170.42.87 - - [16/Apr/2025:01:59:27 -0400] "GET /img/cloud.php HTTP/1.1" 404 35606 "-" "-"
52.170.42.87 - - [16/Apr/2025:01:59:28 -0400] "GET /wp-admin/css/colors/coffee/cloud.php HTTP/1.1" 404 35606 "-" "-"
52.170.42.87 - - [16/Apr/2025:01:59:29 -0400] "GET /wp-admin/images/cloud.php HTTP/1.1" 404 35606 "-" "-"
52.170.42.87 - - [16/Apr/2025:01:59:31 -0400] "GET /avaa.php HTTP/1.1" 404 35606 "-" "-"
52.170.42.87 - - [16/Apr/2025:01:59:31 -0400] "GET /images/cloud.php HTTP/1.1" 404 35606 "-" "-"
52.170.42.87 - - [16/Apr/2025:01:59:34 -0400] "GET /wp-admin/js/widgets/cloud.php HTTP/1.1" 404 35606 "-" "-"
52.170.42.87 - - [16/Apr/2025:01:59:35 -0400] "GET /wp-includes/Requests/Text/admin.php HTTP/1.1" 404 35606 "-" "-"
52.170.42.87 - - [16/Apr/2025:01:59:37 -0400] "GET /wp-admin/css/colors/cloud.php HTTP/1.1" 404 35606 "-" "-"
52.170.42.87 - - [16/Apr/2025:01:59:39 -0400] "GET /wp-admin/includes/cloud.php HTTP/1.1" 404 35606 "-" "-"
52.170.42.87 - - [16/Apr/2025:01:59:40 -0400] "GET /wp-admin/css/colors/blue/cloud.php HTTP/1.1" 404 35605 "-" "-"
198.54.114.83 - - [16/Apr/2025:01:59:42 -0400] "POST /wp-cron.php?doing_wp_cron=1744783182.2701940536499023437500 HTTP/1.1" 200 0 "-" "WordPress/6.8; https://economiciorologi.com"
52.170.42.87 - - [16/Apr/2025:01:59:42 -0400] "GET /wp-admin/cloud.php HTTP/1.1" 404 35606 "-" "-"
52.170.42.87 - - [16/Apr/2025:01:59:44 -0400] "GET /updates.php HTTP/1.1" 404 35606 "-" "-"
52.170.42.87 - - [16/Apr/2025:01:59:44 -0400] "GET /libraries/legacy/updates.php HTTP/1.1" 404 35606 "-" "-"
52.170.42.87 - - [16/Apr/2025:01:59:45 -0400] "GET /libraries/phpmailer/updates.php HTTP/1.1" 404 35606 "-" "-"
52.170.42.87 - - [16/Apr/2025:01:59:47 -0400] "GET /libraries/vendor/updates.php HTTP/1.1" 404 35606 "-" "-"
52.170.42.87 - - [16/Apr/2025:01:59:48 -0400] "GET /alfa-rex.php7 HTTP/1.1" 404 35606 "-" "-"
