114.119.132.228 - - [30/Mar/2025:02:06:04 -0400] "GET /the-rise-of-modular-homes/ HTTP/1.1" 200 11531 "https://fileluna.com/author/admin/page/40/" "Mozilla/5.0 (Linux; Android 7.0;) AppleWebKit/537.36 (KHTML, like Gecko) Mobile Safari/537.36 (compatible; PetalBot;+https://webmaster.petalsearch.com/site/petalbot)"
198.54.114.83 - - [30/Mar/2025:02:06:07 -0400] "POST /wp-admin/admin-ajax.php?action=async_litespeed&nonce=q5issrEvdgbEOHlAJC7TcRoVssQP2Wm9&litespeed_type=imgoptm HTTP/1.1" 200 5 "-" "WordPress/6.7.2; https://fileluna.com"
198.54.114.83 - - [30/Mar/2025:02:07:34 -0400] "POST /wp-cron.php?doing_wp_cron=1743314854.5476219654083251953125 HTTP/1.1" 200 0 "-" "WordPress/6.7.2; https://fileluna.com"
114.119.148.27 - - [30/Mar/2025:02:07:33 -0400] "GET /the-potential-of-fenbendazole-in-human-cancer-treatment/ HTTP/1.1" 200 12107 "https://fileluna.com/category/arts-entertainments/page/16/" "Mozilla/5.0 (Linux; Android 7.0;) AppleWebKit/537.36 (KHTML, like Gecko) Mobile Safari/537.36 (compatible; PetalBot;+https://webmaster.petalsearch.com/site/petalbot)"
198.54.114.83 - - [30/Mar/2025:02:07:34 -0400] "POST /wp-admin/admin-ajax.php?action=async_litespeed&nonce=gS41U5Ww9jre2oa6qIQZMAtjSxM70dzo&litespeed_type=imgoptm HTTP/1.1" 200 5 "-" "WordPress/6.7.2; https://fileluna.com"
198.54.114.83 - - [30/Mar/2025:02:08:46 -0400] "POST /wp-cron.php?doing_wp_cron=1743314926.4975581169128417968750 HTTP/1.1" 200 0 "-" "WordPress/6.7.2; https://fileluna.com"
114.119.137.80 - - [30/Mar/2025:02:08:46 -0400] "GET /the-art-and-science-of-massage-therapy/ HTTP/1.1" 200 11536 "https://fileluna.com/author/admin/page/39/" "Mozilla/5.0 (Linux; Android 7.0;) AppleWebKit/537.36 (KHTML, like Gecko) Mobile Safari/537.36 (compatible; PetalBot;+https://webmaster.petalsearch.com/site/petalbot)"
198.54.114.83 - - [30/Mar/2025:02:08:46 -0400] "POST /wp-admin/admin-ajax.php?action=async_litespeed&nonce=1ClDlzU16YGxqZXcXA2bDuCUEJm6TDMU&litespeed_type=imgoptm HTTP/1.1" 200 5 "-" "WordPress/6.7.2; https://fileluna.com"
114.119.129.34 - - [30/Mar/2025:02:10:10 -0400] "GET /page/17/ HTTP/1.1" 200 12731 "https://fileluna.com/page/14/" "Mozilla/5.0 (Linux; Android 7.0;) AppleWebKit/537.36 (KHTML, like Gecko) Mobile Safari/537.36 (compatible; PetalBot;+https://webmaster.petalsearch.com/site/petalbot)"
198.54.114.83 - - [30/Mar/2025:02:11:35 -0400] "POST /wp-cron.php?doing_wp_cron=1743315095.7471859455108642578125 HTTP/1.1" 200 0 "-" "WordPress/6.7.2; https://fileluna.com"
114.119.148.27 - - [30/Mar/2025:02:11:33 -0400] "GET /fachanwalt-in-hattingen-fur-ihre-rechtlichen-anliegen/ HTTP/1.1" 200 11772 "https://fileluna.com/author/admin/page/3/" "Mozilla/5.0 (Linux; Android 7.0;) AppleWebKit/537.36 (KHTML, like Gecko) Mobile Safari/537.36 (compatible; PetalBot;+https://webmaster.petalsearch.com/site/petalbot)"
198.54.114.83 - - [30/Mar/2025:02:11:36 -0400] "POST /wp-admin/admin-ajax.php?action=async_litespeed&nonce=JpZOxVjYbyCuYTl6YzTVAPIvcF27PeTA&litespeed_type=imgoptm HTTP/1.1" 200 5 "-" "WordPress/6.7.2; https://fileluna.com"
114.119.149.81 - - [30/Mar/2025:02:12:57 -0400] "GET /category/pets/ HTTP/1.1" 200 9427 "https://fileluna.com/the-importance-of-business-trip-massage-3/" "Mozilla/5.0 (Linux; Android 7.0;) AppleWebKit/537.36 (KHTML, like Gecko) Mobile Safari/537.36 (compatible; PetalBot;+https://webmaster.petalsearch.com/site/petalbot)"
34.83.78.50 - - [30/Mar/2025:02:13:43 -0400] "GET /2024/11 HTTP/1.1" 301 0 "-" "Mozilla/5.0 (Macintosh; Intel Mac OS X 10_15_7) AppleWebKit/537.36 (KHTML, like Gecko) Chrome/124.0.0.0 Safari/537.36"
34.83.78.50 - - [30/Mar/2025:02:13:43 -0400] "GET /2024/11/ HTTP/1.1" 200 11374 "https://fileluna.com/2024/11" "Mozilla/5.0 (Macintosh; Intel Mac OS X 10_15_7) AppleWebKit/537.36 (KHTML, like Gecko) Chrome/124.0.0.0 Safari/537.36"
34.168.170.105 - - [30/Mar/2025:02:14:23 -0400] "GET /page/2 HTTP/1.1" 301 0 "-" "Mozilla/5.0 (Windows NT 10.0; Win64; x64; rv:125.0) Gecko/20100101 Firefox/125.0"
34.168.170.105 - - [30/Mar/2025:02:14:23 -0400] "GET /page/2/ HTTP/1.1" 200 12740 "https://fileluna.com/page/2" "Mozilla/5.0 (Windows NT 10.0; Win64; x64; rv:125.0) Gecko/20100101 Firefox/125.0"
198.54.114.83 - - [30/Mar/2025:02:14:25 -0400] "POST /wp-cron.php?doing_wp_cron=1743315265.4978449344635009765625 HTTP/1.1" 200 0 "-" "WordPress/6.7.2; https://fileluna.com"
114.119.129.198 - - [30/Mar/2025:02:14:23 -0400] "GET /category/arts-entertainments/page/34/ HTTP/1.1" 200 11262 "https://fileluna.com/category/arts-entertainments/page/32/" "Mozilla/5.0 (Linux; Android 7.0;) AppleWebKit/537.36 (KHTML, like Gecko) Mobile Safari/537.36 (compatible; PetalBot;+https://webmaster.petalsearch.com/site/petalbot)"
198.54.114.83 - - [30/Mar/2025:02:14:25 -0400] "POST /wp-admin/admin-ajax.php?action=async_litespeed&nonce=oUlzoBNIgeqYmOtjlKwJ08GuHZWwDpVY&litespeed_type=imgoptm HTTP/1.1" 200 5 "-" "WordPress/6.7.2; https://fileluna.com"
198.54.114.83 - - [30/Mar/2025:02:15:54 -0400] "POST /wp-cron.php?doing_wp_cron=1743315354.0286920070648193359375 HTTP/1.1" 200 0 "-" "WordPress/6.7.2; https://fileluna.com"
198.54.114.83 - - [30/Mar/2025:02:15:54 -0400] "POST /wp-admin/admin-ajax.php?action=async_litespeed&nonce=3S3A1dZcjYuCfkhWLTrgdr8LuLsgn5tP&litespeed_type=imgoptm HTTP/1.1" 200 5 "-" "WordPress/6.7.2; https://fileluna.com"
114.119.132.228 - - [30/Mar/2025:02:15:52 -0400] "GET /author/admin/page/12/ HTTP/1.1" 200 11049 "https://fileluna.com/author/admin/page/10/" "Mozilla/5.0 (Linux; Android 7.0;) AppleWebKit/537.36 (KHTML, like Gecko) Mobile Safari/537.36 (compatible; PetalBot;+https://webmaster.petalsearch.com/site/petalbot)"
198.54.114.83 - - [30/Mar/2025:02:17:13 -0400] "POST /wp-cron.php?doing_wp_cron=1743315433.0190000534057617187500 HTTP/1.1" 200 0 "-" "WordPress/6.7.2; https://fileluna.com"
104.196.251.125 - - [30/Mar/2025:02:17:12 -0400] "GET /2024/10 HTTP/1.1" 301 0 "-" "Mozilla/5.0 (Macintosh; Intel Mac OS X 10_15_7) AppleWebKit/605.1.15 (KHTML, like Gecko) Version/17.0 Safari/605.1.15"
104.196.251.125 - - [30/Mar/2025:02:17:13 -0400] "GET /2024/10/ HTTP/1.1" 200 11048 "https://fileluna.com/2024/10" "Mozilla/5.0 (Macintosh; Intel Mac OS X 10_15_7) AppleWebKit/605.1.15 (KHTML, like Gecko) Version/17.0 Safari/605.1.15"
198.54.114.83 - - [30/Mar/2025:02:17:13 -0400] "POST /wp-admin/admin-ajax.php?action=async_litespeed&nonce=bfwZXfzkk404CGzRN1qmrKfDsN5QHqM4&litespeed_type=imgoptm HTTP/1.1" 200 0 "-" "WordPress/6.7.2; https://fileluna.com"
114.119.154.229 - - [30/Mar/2025:02:17:17 -0400] "GET /a-fresh-look-at-bathroom-renovations-in-melbournes-western-suburbs/ HTTP/1.1" 200 11864 "https://fileluna.com/the-importance-of-business-trip-massage-3/" "Mozilla/5.0 (Linux; Android 7.0;) AppleWebKit/537.36 (KHTML, like Gecko) Mobile Safari/537.36 (compatible; PetalBot;+https://webmaster.petalsearch.com/site/petalbot)"
198.54.114.83 - - [30/Mar/2025:02:18:30 -0400] "POST /wp-cron.php?doing_wp_cron=1743315510.0608570575714111328125 HTTP/1.1" 200 0 "-" "WordPress/6.7.2; https://fileluna.com"
34.83.184.238 - - [30/Mar/2025:02:18:29 -0400] "GET /category/travel-tours HTTP/1.1" 301 0 "-" "Mozilla/5.0 (Windows NT 10.0; Win64; x64) AppleWebKit/537.36 (KHTML, like Gecko) Chrome/117.0.0.0 Safari/537.36"
34.83.184.238 - - [30/Mar/2025:02:18:30 -0400] "GET /category/travel-tours/ HTTP/1.1" 200 9437 "https://fileluna.com/category/travel-tours" "Mozilla/5.0 (Windows NT 10.0; Win64; x64) AppleWebKit/537.36 (KHTML, like Gecko) Chrome/117.0.0.0 Safari/537.36"
198.54.114.83 - - [30/Mar/2025:02:18:30 -0400] "POST /wp-admin/admin-ajax.php?action=async_litespeed&nonce=0iO13lakpkjt3Ohp0lo0fsqBPTI7cSmj&litespeed_type=imgoptm HTTP/1.1" 200 5 "-" "WordPress/6.7.2; https://fileluna.com"
114.119.154.229 - - [30/Mar/2025:02:18:36 -0400] "GET /2024/page/25/ HTTP/1.1" 200 11124 "https://fileluna.com/2024/page/24/" "Mozilla/5.0 (Linux; Android 7.0;) AppleWebKit/537.36 (KHTML, like Gecko) Mobile Safari/537.36 (compatible; PetalBot;+https://webmaster.petalsearch.com/site/petalbot)"
34.168.70.74 - - [30/Mar/2025:02:18:46 -0400] "GET /category/travel-tours HTTP/1.1" 301 0 "-" "Mozilla/5.0 (Windows NT 10.0; Win64; x64; rv:109.0) Gecko/20100101 Firefox/115.0"
34.168.70.74 - - [30/Mar/2025:02:18:47 -0400] "GET /category/travel-tours/ HTTP/1.1" 200 9437 "https://fileluna.com/category/travel-tours" "Mozilla/5.0 (Windows NT 10.0; Win64; x64; rv:109.0) Gecko/20100101 Firefox/115.0"
198.54.114.83 - - [30/Mar/2025:02:20:06 -0400] "POST /wp-cron.php?doing_wp_cron=1743315605.8737840652465820312500 HTTP/1.1" 200 0 "-" "WordPress/6.7.2; https://fileluna.com"
114.119.129.34 - - [30/Mar/2025:02:20:03 -0400] "GET /2024/09/page/6/ HTTP/1.1" 200 11150 "https://fileluna.com/2024/09/page/7/" "Mozilla/5.0 (Linux; Android 7.0;) AppleWebKit/537.36 (KHTML, like Gecko) Mobile Safari/537.36 (compatible; PetalBot;+https://webmaster.petalsearch.com/site/petalbot)"
198.54.114.83 - - [30/Mar/2025:02:20:07 -0400] "POST /wp-admin/admin-ajax.php?action=async_litespeed&nonce=z6qolQMBDtP7ID1B1NYDclbjBD3ZyqoK&litespeed_type=imgoptm HTTP/1.1" 200 0 "-" "WordPress/6.7.2; https://fileluna.com"
35.233.168.216 - - [30/Mar/2025:02:20:27 -0400] "GET /category/beauty HTTP/1.1" 301 0 "-" "Mozilla/5.0 (Windows NT 10.0; Win64; x64) AppleWebKit/537.36 (KHTML, like Gecko) Chrome/124.0.0.0 Safari/537.36 Edg/124.0.0.0"
35.233.168.216 - - [30/Mar/2025:02:20:27 -0400] "GET /category/beauty/ HTTP/1.1" 200 9433 "https://fileluna.com/category/beauty" "Mozilla/5.0 (Windows NT 10.0; Win64; x64) AppleWebKit/537.36 (KHTML, like Gecko) Chrome/124.0.0.0 Safari/537.36 Edg/124.0.0.0"
34.82.62.246 - - [30/Mar/2025:02:20:55 -0400] "GET /category/others HTTP/1.1" 301 0 "-" "Mozilla/5.0 (X11; Linux x86_64) AppleWebKit/537.36 (KHTML, like Gecko) Chrome/121.0.0.0 Safari/537.36"
34.82.62.246 - - [30/Mar/2025:02:20:55 -0400] "GET /category/others/ HTTP/1.1" 200 9432 "https://fileluna.com/category/others" "Mozilla/5.0 (X11; Linux x86_64) AppleWebKit/537.36 (KHTML, like Gecko) Chrome/121.0.0.0 Safari/537.36"
34.127.38.121 - - [30/Mar/2025:02:26:30 -0400] "GET /2024/11 HTTP/1.1" 301 0 "-" "Mozilla/5.0 (Windows NT 10.0; Win64; x64) AppleWebKit/537.36 (KHTML, like Gecko) Chrome/51.0.2704.79 Safari/537.36 Edge/14.14393"
34.127.38.121 - - [30/Mar/2025:02:26:30 -0400] "GET /2024/11/ HTTP/1.1" 200 11374 "https://fileluna.com/2024/11" "Mozilla/5.0 (Windows NT 10.0; Win64; x64) AppleWebKit/537.36 (KHTML, like Gecko) Chrome/51.0.2704.79 Safari/537.36 Edge/14.14393"
35.230.64.77 - - [30/Mar/2025:02:32:19 -0400] "GET /2024/11 HTTP/1.1" 301 0 "-" "Mozilla/5.0 (Macintosh; Intel Mac OS X 10.15; rv:125.0) Gecko/20100101 Firefox/125.0"
35.230.64.77 - - [30/Mar/2025:02:32:19 -0400] "GET /2024/11/ HTTP/1.1" 200 11374 "https://fileluna.com/2024/11" "Mozilla/5.0 (Macintosh; Intel Mac OS X 10.15; rv:125.0) Gecko/20100101 Firefox/125.0"
141.98.10.188 - - [30/Mar/2025:02:35:34 -0400] "GET /.env HTTP/1.1" 403 1242 "-" "Mozilla/5.0 (Macintosh; Intel Mac OS X 10.15; rv:77.0) Gecko/20100101 Firefox/77.0"
134.209.67.203 - - [30/Mar/2025:02:37:20 -0400] "GET / HTTP/1.1" 200 12526 "-" "Mozilla/5.0 (compatible)"
134.209.67.203 - - [30/Mar/2025:02:37:23 -0400] "GET /favicon.ico HTTP/1.1" 404 1251 "https://fileluna.com/" "Mozilla/5.0 (compatible)"
35.233.168.216 - - [30/Mar/2025:02:37:55 -0400] "GET /category/arts-entertainments HTTP/1.1" 301 0 "-" "Mozilla/5.0 (Macintosh; Intel Mac OS X 10.15; rv:124.0) Gecko/20100101 Firefox/124.0"
35.233.168.216 - - [30/Mar/2025:02:37:55 -0400] "GET /category/arts-entertainments/ HTTP/1.1" 200 11038 "https://fileluna.com/category/arts-entertainments" "Mozilla/5.0 (Macintosh; Intel Mac OS X 10.15; rv:124.0) Gecko/20100101 Firefox/124.0"
34.53.64.62 - - [30/Mar/2025:02:41:33 -0400] "GET /category/gaming HTTP/1.1" 301 0 "-" "Mozilla/5.0 (Windows NT 10.0; Win64; x64) AppleWebKit/537.36 (KHTML, like Gecko) Chrome/120.0.0.0 Safari/537.36"
34.53.64.62 - - [30/Mar/2025:02:41:33 -0400] "GET /category/gaming/ HTTP/1.1" 200 9428 "https://fileluna.com/category/gaming" "Mozilla/5.0 (Windows NT 10.0; Win64; x64) AppleWebKit/537.36 (KHTML, like Gecko) Chrome/120.0.0.0 Safari/537.36"
34.169.159.28 - - [30/Mar/2025:02:42:14 -0400] "GET /page/2 HTTP/1.1" 301 0 "-" "Mozilla/5.0 (Macintosh; Intel Mac OS X 10_15_7) AppleWebKit/605.1.15 (KHTML, like Gecko) Version/17.4 Safari/605.1.15"
34.169.159.28 - - [30/Mar/2025:02:42:15 -0400] "GET /page/2/ HTTP/1.1" 200 12740 "https://fileluna.com/page/2" "Mozilla/5.0 (Macintosh; Intel Mac OS X 10_15_7) AppleWebKit/605.1.15 (KHTML, like Gecko) Version/17.4 Safari/605.1.15"
34.168.121.176 - - [30/Mar/2025:02:43:04 -0400] "GET /category/travel-tours HTTP/1.1" 301 0 "-" "Mozilla/5.0 (Macintosh; Intel Mac OS X 10.15; rv:125.0) Gecko/20100101 Firefox/125.0"
34.168.121.176 - - [30/Mar/2025:02:43:04 -0400] "GET /category/travel-tours/ HTTP/1.1" 200 9437 "https://fileluna.com/category/travel-tours" "Mozilla/5.0 (Macintosh; Intel Mac OS X 10.15; rv:125.0) Gecko/20100101 Firefox/125.0"
198.54.114.83 - - [30/Mar/2025:02:48:06 -0400] "POST /wp-cron.php?doing_wp_cron=1743317286.3601620197296142578125 HTTP/1.1" 200 0 "-" "WordPress/6.7.2; https://fileluna.com"
198.54.114.83 - - [30/Mar/2025:02:48:07 -0400] "POST /wp-admin/admin-ajax.php?action=async_litespeed&nonce=lnJSyoBRbPniXikbjqbDaTwzWco0cXvJ&litespeed_type=imgoptm HTTP/1.1" 200 5 "-" "WordPress/6.7.2; https://fileluna.com"
114.119.148.27 - - [30/Mar/2025:02:48:02 -0400] "GET /relax-and-recharge-the-ultimate-business-trip-massage-experience/ HTTP/1.1" 200 11810 "https://fileluna.com/category/arts-entertainments/page/11/" "Mozilla/5.0 (Linux; Android 7.0;) AppleWebKit/537.36 (KHTML, like Gecko) Mobile Safari/537.36 (compatible; PetalBot;+https://webmaster.petalsearch.com/site/petalbot)"
114.119.132.228 - - [30/Mar/2025:02:49:25 -0400] "GET /2024/page/43/ HTTP/1.1" 200 11212 "https://fileluna.com/2024/page/40/" "Mozilla/5.0 (Linux; Android 7.0;) AppleWebKit/537.36 (KHTML, like Gecko) Mobile Safari/537.36 (compatible; PetalBot;+https://webmaster.petalsearch.com/site/petalbot)"
35.199.146.22 - - [30/Mar/2025:02:49:26 -0400] "GET /category/health-fitness HTTP/1.1" 301 0 "-" "Mozilla/5.0 (Windows NT 10.0; Win64; x64) AppleWebKit/537.36 (KHTML, like Gecko) Chrome/58.0.3029.110 Safari/537.36"
35.199.146.22 - - [30/Mar/2025:02:49:26 -0400] "GET /category/health-fitness/ HTTP/1.1" 200 10672 "https://fileluna.com/category/health-fitness" "Mozilla/5.0 (Windows NT 10.0; Win64; x64) AppleWebKit/537.36 (KHTML, like Gecko) Chrome/58.0.3029.110 Safari/537.36"
198.54.114.83 - - [30/Mar/2025:02:50:17 -0400] "POST /wp-cron.php?doing_wp_cron=1743317417.5369169712066650390625 HTTP/1.1" 200 0 "-" "WordPress/6.7.2; https://fileluna.com"
34.82.82.120 - - [30/Mar/2025:02:50:14 -0400] "GET /category/food-dring HTTP/1.1" 301 0 "-" "Mozilla/5.0 (Macintosh; Intel Mac OS X 11.6; rv:92.0) Gecko/20100101 Firefox/92.0"
34.82.82.120 - - [30/Mar/2025:02:50:18 -0400] "GET /category/food-dring/ HTTP/1.1" 200 9435 "https://fileluna.com/category/food-dring" "Mozilla/5.0 (Macintosh; Intel Mac OS X 11.6; rv:92.0) Gecko/20100101 Firefox/92.0"
198.54.114.83 - - [30/Mar/2025:02:50:18 -0400] "POST /wp-admin/admin-ajax.php?action=async_litespeed&nonce=y3mV5gsQFH45Oyx3RoO2UgEAclgvH2ZV&litespeed_type=imgoptm HTTP/1.1" 200 5 "-" "WordPress/6.7.2; https://fileluna.com"
34.168.170.105 - - [30/Mar/2025:02:50:46 -0400] "GET /category/beauty HTTP/1.1" 301 0 "-" "Mozilla/5.0 (Macintosh; Intel Mac OS X 10_15_7) AppleWebKit/605.1.15 (KHTML, like Gecko) Version/16.3 Safari/605.1.15"
34.168.170.105 - - [30/Mar/2025:02:50:46 -0400] "GET /category/beauty/ HTTP/1.1" 200 9433 "https://fileluna.com/category/beauty" "Mozilla/5.0 (Macintosh; Intel Mac OS X 10_15_7) AppleWebKit/605.1.15 (KHTML, like Gecko) Version/16.3 Safari/605.1.15"
114.119.148.27 - - [30/Mar/2025:02:50:49 -0400] "GET /navigating-the-digital-dice-the-landscape-of-online-gambling/ HTTP/1.1" 200 12162 "https://fileluna.com/page/51/" "Mozilla/5.0 (Linux; Android 7.0;) AppleWebKit/537.36 (KHTML, like Gecko) Mobile Safari/537.36 (compatible; PetalBot;+https://webmaster.petalsearch.com/site/petalbot)"
34.169.233.87 - - [30/Mar/2025:02:50:57 -0400] "GET /2024/08 HTTP/1.1" 301 0 "-" "Mozilla/5.0 (Macintosh; Intel Mac OS X 10_15_7) AppleWebKit/605.1.15 (KHTML, like Gecko) Version/17.3.1 Safari/605.1.15"
34.169.233.87 - - [30/Mar/2025:02:50:57 -0400] "GET /2024/08/ HTTP/1.1" 200 11036 "https://fileluna.com/2024/08" "Mozilla/5.0 (Macintosh; Intel Mac OS X 10_15_7) AppleWebKit/605.1.15 (KHTML, like Gecko) Version/17.3.1 Safari/605.1.15"
216.244.66.246 - - [30/Mar/2025:02:53:14 -0400] "GET /robots.txt HTTP/1.1" 304 0 "-" "Mozilla/5.0 (compatible; DotBot/1.2; +https://opensiteexplorer.org/dotbot; help@moz.com)"
198.54.114.83 - - [30/Mar/2025:02:58:44 -0400] "POST /wp-cron.php?doing_wp_cron=1743317923.8863940238952636718750 HTTP/1.1" 200 0 "-" "WordPress/6.7.2; https://fileluna.com"
195.20.18.175 - - [30/Mar/2025:02:58:41 -0400] "GET /admin/assets/jquery-file-upload/server/php/index.php?file=tf2rghf.jpg HTTP/1.1" 301 0 "-" "ALittle Client"
198.54.114.83 - - [30/Mar/2025:02:58:44 -0400] "POST /wp-admin/admin-ajax.php?action=async_litespeed&nonce=qQesCgePuYwfpEkAe4gCxgotxsW5yEUl&litespeed_type=imgoptm HTTP/1.1" 200 5 "-" "WordPress/6.7.2; https://fileluna.com"
198.54.114.83 - - [30/Mar/2025:02:59:52 -0400] "POST /wp-cron.php?doing_wp_cron=1743317992.4754109382629394531250 HTTP/1.1" 200 0 "-" "WordPress/6.7.2; https://fileluna.com"
195.20.18.175 - - [30/Mar/2025:02:59:52 -0400] "GET /admin/assets/jquery-file-upload/server/php/?file=tf2rghf.jpg HTTP/1.1" 404 8711 "-" "ALittle Client"
198.54.114.83 - - [30/Mar/2025:02:59:53 -0400] "POST /wp-admin/admin-ajax.php?action=async_litespeed&nonce=itWOyhgfl5vJmkr3TOloDunO9UVpI4IR&litespeed_type=imgoptm HTTP/1.1" 200 0 "-" "WordPress/6.7.2; https://fileluna.com"
198.54.114.83 - - [30/Mar/2025:03:02:21 -0400] "POST /wp-cron.php?doing_wp_cron=1743318140.9430921077728271484375 HTTP/1.1" 200 0 "-" "WordPress/6.7.2; https://fileluna.com"
35.233.168.216 - - [30/Mar/2025:03:02:18 -0400] "GET /category/automotive HTTP/1.1" 301 0 "-" "Mozilla/5.0 (Windows NT 10.0; Win64; x64) AppleWebKit/537.36 (KHTML, like Gecko) Chrome/124.0.0.0 Safari/537.36"
35.233.168.216 - - [30/Mar/2025:03:02:21 -0400] "GET /category/automotive/ HTTP/1.1" 200 9425 "https://fileluna.com/category/automotive" "Mozilla/5.0 (Windows NT 10.0; Win64; x64) AppleWebKit/537.36 (KHTML, like Gecko) Chrome/124.0.0.0 Safari/537.36"
198.54.114.83 - - [30/Mar/2025:03:02:21 -0400] "POST /wp-admin/admin-ajax.php?action=async_litespeed&nonce=xdIyEBdJnPq5oCDwi9ZUrr9XdaBhCzMt&litespeed_type=imgoptm HTTP/1.1" 200 5 "-" "WordPress/6.7.2; https://fileluna.com"
34.169.233.87 - - [30/Mar/2025:03:04:04 -0400] "GET /category/beauty HTTP/1.1" 301 0 "-" "Mozilla/5.0 (Windows NT 10.0; Win64; x64) AppleWebKit/537.36 (KHTML, like Gecko) Chrome/124.0.0.0 Safari/537.36 Edg/124.0.0.0"
34.169.233.87 - - [30/Mar/2025:03:04:04 -0400] "GET /category/beauty/ HTTP/1.1" 200 9433 "https://fileluna.com/category/beauty" "Mozilla/5.0 (Windows NT 10.0; Win64; x64) AppleWebKit/537.36 (KHTML, like Gecko) Chrome/124.0.0.0 Safari/537.36 Edg/124.0.0.0"
34.82.53.145 - - [30/Mar/2025:03:05:08 -0400] "GET /category/health-fitness HTTP/1.1" 301 0 "-" "Mozilla/5.0 (X11; Linux x86_64) AppleWebKit/537.36 (KHTML, like Gecko) Chrome/120.0.0.0 Safari/537.36"
34.82.53.145 - - [30/Mar/2025:03:05:09 -0400] "GET /category/health-fitness/ HTTP/1.1" 200 10672 "https://fileluna.com/category/health-fitness" "Mozilla/5.0 (X11; Linux x86_64) AppleWebKit/537.36 (KHTML, like Gecko) Chrome/120.0.0.0 Safari/537.36"
198.54.114.83 - - [30/Mar/2025:03:06:23 -0400] "GET / HTTP/1.1" 200 12526 "-" "Mozilla/5.0 (Windows NT 10.0; Win64; x64; rv:122.0) Gecko/20100101 Firefox/122.0"
198.54.114.83 - - [30/Mar/2025:03:06:35 -0400] "GET / HTTP/1.1" 200 12526 "-" "Softaculous"
198.54.114.83 - - [30/Mar/2025:03:06:35 -0400] "GET / HTTP/1.1" 200 12526 "-" "Mozilla/5.0 (Windows NT 10.0; Win64; x64; rv:122.0) Gecko/20100101 Firefox/122.0"
114.119.132.163 - - [30/Mar/2025:03:09:15 -0400] "GET /the-benefits-of-speed-typing-tests/ HTTP/1.1" 200 11521 "https://fileluna.com/page/27/" "Mozilla/5.0 (Linux; Android 7.0;) AppleWebKit/537.36 (KHTML, like Gecko) Mobile Safari/537.36 (compatible; PetalBot;+https://webmaster.petalsearch.com/site/petalbot)"
103.253.14.90 - - [30/Mar/2025:03:11:56 -0400] "POST /xmlrpc.php HTTP/1.1" 200 205 "-" "Mozilla/5.0 (X11; Fedora; Linux x86_64; rv:94.0) Gecko/20100101 Firefox/95.0"
198.54.114.83 - - [30/Mar/2025:03:12:01 -0400] "POST /wp-cron.php?doing_wp_cron=1743318719.6071090698242187500000 HTTP/1.1" 200 0 "-" "WordPress/6.7.2; https://fileluna.com"
198.54.114.83 - - [30/Mar/2025:03:15:25 -0400] "POST /wp-cron.php?doing_wp_cron=1743318925.2813200950622558593750 HTTP/1.1" 200 0 "-" "WordPress/6.7.2; https://fileluna.com"
144.76.97.27 - - [30/Mar/2025:03:15:20 -0400] "POST /xmlrpc.php HTTP/1.1" 200 186 "https://fileluna.com" "Mozilla/5.0 (Macintosh; Intel Mac OS X 10_15_7; rv:129.0) Gecko/20100101 Firefox/129.0"
198.54.114.83 - - [30/Mar/2025:03:15:27 -0400] "POST /wp-admin/admin-ajax.php?action=async_litespeed&nonce=juvtCeSPFF5bYYgYxynLc6sEDdvWGPLH&litespeed_type=imgoptm HTTP/1.1" 200 0 "-" "WordPress/6.7.2; https://fileluna.com"
198.54.114.83 - - [30/Mar/2025:03:16:55 -0400] "POST /wp-cron.php?doing_wp_cron=1743319015.5435440540313720703125 HTTP/1.1" 200 0 "-" "WordPress/6.7.2; https://fileluna.com"
5.35.69.6 - - [30/Mar/2025:03:16:52 -0400] "GET / HTTP/1.1" 200 12526 "-" "Mozilla/5.0 (Macintosh; Intel Mac OS X 10_15_7) AppleWebKit/537.36 (KHTML, like Gecko) Chrome/133.0.0.0 Safari/537.36"
198.54.114.83 - - [30/Mar/2025:03:16:56 -0400] "POST /wp-admin/admin-ajax.php?action=async_litespeed&nonce=sOIRznIOgIs4EgZaFlroKqSuy4GKI3t1&litespeed_type=imgoptm HTTP/1.1" 200 0 "-" "WordPress/6.7.2; https://fileluna.com"
5.35.69.6 - - [30/Mar/2025:03:16:57 -0400] "GET /comments/feed/ HTTP/1.1" 200 363 "-" "Mozilla/5.0 (Macintosh; Intel Mac OS X 10_15_7) AppleWebKit/537.36 (KHTML, like Gecko) Chrome/133.0.0.0 Safari/537.36"
5.35.69.6 - - [30/Mar/2025:03:16:58 -0400] "GET /category/shopping-product-reviews/ HTTP/1.1" 200 9444 "-" "Mozilla/5.0 (Macintosh; Intel Mac OS X 10_15_7) AppleWebKit/537.36 (KHTML, like Gecko) Chrome/133.0.0.0 Safari/537.36"
5.35.69.6 - - [30/Mar/2025:03:17:01 -0400] "GET /category/shopping-product-reviews/feed/ HTTP/1.1" 200 457 "-" "Mozilla/5.0 (Macintosh; Intel Mac OS X 10_15_7) AppleWebKit/537.36 (KHTML, like Gecko) Chrome/133.0.0.0 Safari/537.36"
198.54.114.83 - - [30/Mar/2025:03:17:02 -0400] "POST /wp-cron.php?doing_wp_cron=1743319022.7739279270172119140625 HTTP/1.1" 200 0 "-" "WordPress/6.7.2; https://fileluna.com"
198.54.114.83 - - [30/Mar/2025:03:17:03 -0400] "POST /wp-admin/admin-ajax.php?action=async_litespeed&nonce=6AYJ6I8AyfYftuo8IkJPaLP9EzYZxCSm&litespeed_type=imgoptm HTTP/1.1" 200 0 "-" "WordPress/6.7.2; https://fileluna.com"
5.35.69.6 - - [30/Mar/2025:03:17:02 -0400] "GET /category/technology/ HTTP/1.1" 200 9422 "-" "Mozilla/5.0 (Macintosh; Intel Mac OS X 10_15_7) AppleWebKit/537.36 (KHTML, like Gecko) Chrome/133.0.0.0 Safari/537.36"
5.35.69.6 - - [30/Mar/2025:03:17:05 -0400] "GET /category/technology/feed/ HTTP/1.1" 200 430 "-" "Mozilla/5.0 (Macintosh; Intel Mac OS X 10_15_7) AppleWebKit/537.36 (KHTML, like Gecko) Chrome/133.0.0.0 Safari/537.36"
198.54.114.83 - - [30/Mar/2025:03:17:55 -0400] "POST /wp-cron.php?doing_wp_cron=1743319074.9383630752563476562500 HTTP/1.1" 200 0 "-" "WordPress/6.7.2; https://fileluna.com"
196.251.86.53 - - [30/Mar/2025:03:17:54 -0400] "GET /wp-content/plugins/WordPressCore/include.php HTTP/1.1" 404 8712 "-" "Mozlila/5.0 (Linux; Android 7.0; SM-G892A Bulid/NRD90M; wv) AppleWebKit/537.36 (KHTML, like Gecko) Version/4.0 Chrome/60.0.3112.107 Moblie Safari/537.36"
196.251.86.53 - - [30/Mar/2025:03:18:08 -0400] "GET /wp-content/plugins/WordPressCore/include.php HTTP/1.1" 404 8712 "-" "Mozlila/5.0 (Linux; Android 7.0; SM-G892A Bulid/NRD90M; wv) AppleWebKit/537.36 (KHTML, like Gecko) Version/4.0 Chrome/60.0.3112.107 Moblie Safari/537.36"
198.54.114.83 - - [30/Mar/2025:03:18:14 -0400] "POST /wp-cron.php?doing_wp_cron=1743319093.7032461166381835937500 HTTP/1.1" 200 0 "-" "WordPress/6.7.2; https://fileluna.com"
34.127.58.132 - - [30/Mar/2025:03:18:13 -0400] "GET /2024/08 HTTP/1.1" 301 0 "-" "Mozilla/5.0 (Windows NT 10.0; Win64; x64) AppleWebKit/537.36 (KHTML, like Gecko) Chrome/123.0.0.0 Safari/537.36"
198.54.114.83 - - [30/Mar/2025:03:18:15 -0400] "POST /wp-admin/admin-ajax.php?action=async_litespeed&nonce=0ix2Bgg69byfhV870IPaLqYebAvnf79i&litespeed_type=imgoptm HTTP/1.1" 200 0 "-" "WordPress/6.7.2; https://fileluna.com"
34.127.58.132 - - [30/Mar/2025:03:18:15 -0400] "GET /2024/08/ HTTP/1.1" 200 11039 "https://fileluna.com/2024/08" "Mozilla/5.0 (Windows NT 10.0; Win64; x64) AppleWebKit/537.36 (KHTML, like Gecko) Chrome/123.0.0.0 Safari/537.36"
198.54.114.83 - - [30/Mar/2025:03:25:07 -0400] "POST /wp-cron.php?doing_wp_cron=1743319506.7649929523468017578125 HTTP/1.1" 200 0 "-" "WordPress/6.7.2; https://fileluna.com"
66.85.157.26 - - [30/Mar/2025:03:25:02 -0400] "POST /xmlrpc.php HTTP/1.1" 200 186 "https://fileluna.com" "Mozilla/5.0 (Macintosh; Intel Mac OS X 10_15_7; rv:125.0.1) Gecko/20100101 Firefox/125.0.1"
198.54.114.83 - - [30/Mar/2025:03:25:08 -0400] "POST /wp-admin/admin-ajax.php?action=async_litespeed&nonce=OjSfJVPXvSKOd52lEnswhVwGD7FADTeq&litespeed_type=imgoptm HTTP/1.1" 200 0 "-" "WordPress/6.7.2; https://fileluna.com"
198.54.114.83 - - [30/Mar/2025:03:30:32 -0400] "POST /wp-cron.php?doing_wp_cron=1743319832.3780651092529296875000 HTTP/1.1" 200 0 "-" "WordPress/6.7.2; https://fileluna.com"
35.197.78.148 - - [30/Mar/2025:03:30:30 -0400] "GET /category/health-fitness HTTP/1.1" 301 0 "-" "Mozilla/5.0 (Windows NT 10.0; Win64; x64) AppleWebKit/537.36 (KHTML, like Gecko) Chrome/123.0.0.0 Safari/537.36"
198.54.114.83 - - [30/Mar/2025:03:30:32 -0400] "POST /wp-admin/admin-ajax.php?action=async_litespeed&nonce=i4XQR54v0w4vkvBc87vSUm8tAplz18N6&litespeed_type=imgoptm HTTP/1.1" 200 5 "-" "WordPress/6.7.2; https://fileluna.com"
35.197.78.148 - - [30/Mar/2025:03:30:33 -0400] "GET /category/health-fitness/ HTTP/1.1" 200 10673 "https://fileluna.com/category/health-fitness" "Mozilla/5.0 (Windows NT 10.0; Win64; x64) AppleWebKit/537.36 (KHTML, like Gecko) Chrome/123.0.0.0 Safari/537.36"
198.54.114.83 - - [30/Mar/2025:03:31:27 -0400] "POST /wp-cron.php?doing_wp_cron=1743319887.0305359363555908203125 HTTP/1.1" 200 0 "-" "WordPress/6.7.2; https://fileluna.com"
114.119.137.80 - - [30/Mar/2025:03:31:26 -0400] "GET /2024/page/22/ HTTP/1.1" 200 11075 "https://fileluna.com/2024/page/24/" "Mozilla/5.0 (Linux; Android 7.0;) AppleWebKit/537.36 (KHTML, like Gecko) Mobile Safari/537.36 (compatible; PetalBot;+https://webmaster.petalsearch.com/site/petalbot)"
198.54.114.83 - - [30/Mar/2025:03:31:27 -0400] "POST /wp-admin/admin-ajax.php?action=async_litespeed&nonce=bbfSk0N8Md6T5xtwEVBau6BPhAt9S4uZ&litespeed_type=imgoptm HTTP/1.1" 200 5 "-" "WordPress/6.7.2; https://fileluna.com"
198.54.114.83 - - [30/Mar/2025:03:34:41 -0400] "POST /wp-cron.php?doing_wp_cron=1743320080.4168589115142822265625 HTTP/1.1" 200 0 "-" "WordPress/6.7.2; https://fileluna.com"
103.159.37.228 - - [30/Mar/2025:03:34:36 -0400] "POST /xmlrpc.php HTTP/1.1" 200 186 "https://fileluna.com" "Mozilla/5.0 (Windows NT 10.0; Win64; x64) AppleWebKit/537.36 (KHTML, like Gecko) Chrome/116.0.5845.96 Safari/537.36"
198.54.114.83 - - [30/Mar/2025:03:34:42 -0400] "POST /wp-admin/admin-ajax.php?action=async_litespeed&nonce=WDT6ujknrXVn4GykjEDSRGZCpSDvaKsV&litespeed_type=imgoptm HTTP/1.1" 200 0 "-" "WordPress/6.7.2; https://fileluna.com"
2607:f298:5:114b::f43:417a - - [30/Mar/2025:03:38:09 -0400] "POST /xmlrpc.php HTTP/1.1" 200 205 "-" "Mozilla/5.0 (X11; Fedora; Linux x86_64; rv:94.0) Gecko/20100101 Firefox/95.0"
198.54.114.83 - - [30/Mar/2025:03:38:19 -0400] "POST /wp-cron.php?doing_wp_cron=1743320297.3341310024261474609375 HTTP/1.1" 200 0 "-" "WordPress/6.7.2; https://fileluna.com"
2001:41d0:1004:be::1 - - [30/Mar/2025:03:38:21 -0400] "GET /robots.txt HTTP/1.1" 200 61 "-" "Mozilla/5.0 (compatible; MJ12bot/v1.4.8; http://mj12bot.com/)"
2001:41d0:1004:be::1 - - [30/Mar/2025:03:38:25 -0400] "GET /a-fresh-look-at-bathroom-renovations-in-melbournes-western-suburbs/feed/ HTTP/1.1" 200 443 "-" "Mozilla/5.0 (compatible; MJ12bot/v1.4.8; http://mj12bot.com/)"
2001:41d0:1004:be::1 - - [30/Mar/2025:03:38:34 -0400] "GET /effiziente-wohnungsauflosung-in-luneburg/feed/ HTTP/1.1" 200 410 "-" "Mozilla/5.0 (compatible; MJ12bot/v1.4.8; http://mj12bot.com/)"
2001:41d0:1004:be::1 - - [30/Mar/2025:03:38:39 -0400] "GET /ihr-umzugsprofi-in-luneburg/feed/ HTTP/1.1" 200 394 "-" "Mozilla/5.0 (compatible; MJ12bot/v1.4.8; http://mj12bot.com/)"
2001:41d0:1004:be::1 - - [30/Mar/2025:03:38:45 -0400] "GET /umzugsunternehmen-in-luneburg-ihr-partner-fur-einen-reibungslosen-umzug-2/feed/ HTTP/1.1" 200 446 "-" "Mozilla/5.0 (compatible; MJ12bot/v1.4.8; http://mj12bot.com/)"
2001:41d0:1004:be::1 - - [30/Mar/2025:03:38:50 -0400] "GET /umzugsunternehmen-in-luneburg-ihre-perfekte-wahl/feed/ HTTP/1.1" 200 417 "-" "Mozilla/5.0 (compatible; MJ12bot/v1.4.8; http://mj12bot.com/)"
2001:41d0:1004:be::1 - - [30/Mar/2025:03:38:55 -0400] "GET /umzugsunternehmen-in-luneburg/feed/ HTTP/1.1" 200 392 "-" "Mozilla/5.0 (compatible; MJ12bot/v1.4.8; http://mj12bot.com/)"
34.127.101.215 - - [30/Mar/2025:03:39:08 -0400] "GET /category/health-fitness HTTP/1.1" 301 0 "-" "Mozilla/5.0 (Macintosh; Intel Mac OS X 10_15_7) AppleWebKit/537.36 (KHTML, like Gecko) Chrome/119.0.0.0 Safari/537.36"
34.127.101.215 - - [30/Mar/2025:03:39:11 -0400] "GET /category/health-fitness/ HTTP/1.1" 200 10673 "https://fileluna.com/category/health-fitness" "Mozilla/5.0 (Macintosh; Intel Mac OS X 10_15_7) AppleWebKit/537.36 (KHTML, like Gecko) Chrome/119.0.0.0 Safari/537.36"
54.36.148.78 - - [30/Mar/2025:03:40:54 -0400] "GET / HTTP/1.1" 200 12526 "-" "Mozilla/5.0 (compatible; AhrefsBot/7.0; +http://ahrefs.com/robot/)"
198.54.114.83 - - [30/Mar/2025:03:41:04 -0400] "POST /wp-cron.php?doing_wp_cron=1743320461.0894060134887695312500 HTTP/1.1" 200 0 "-" "WordPress/6.7.2; https://fileluna.com"
198.54.114.83 - - [30/Mar/2025:03:44:40 -0400] "POST /wp-cron.php?doing_wp_cron=1743320680.5337240695953369140625 HTTP/1.1" 200 0 "-" "WordPress/6.7.2; https://fileluna.com"
198.54.114.37 - - [30/Mar/2025:03:44:37 -0400] "POST /xmlrpc.php HTTP/1.1" 200 186 "https://fileluna.com" "Mozilla/5.0 (Windows NT 10.0; Win64; x64; rv:126.0) Gecko/20100101 Firefox/126.0"
198.54.114.83 - - [30/Mar/2025:03:44:41 -0400] "POST /wp-admin/admin-ajax.php?action=async_litespeed&nonce=FRPXbkjYHvUFOuuBbHB8YLq2zKt3M7dy&litespeed_type=imgoptm HTTP/1.1" 200 5 "-" "WordPress/6.7.2; https://fileluna.com"
198.54.114.83 - - [30/Mar/2025:03:46:33 -0400] "POST /wp-cron.php?doing_wp_cron=1743320793.4411990642547607421875 HTTP/1.1" 200 0 "-" "WordPress/6.7.2; https://fileluna.com"
34.169.30.208 - - [30/Mar/2025:03:46:30 -0400] "GET /category/shopping-product-reviews HTTP/1.1" 301 0 "-" "Mozilla/5.0 (X11; Linux x86_64; rv:124.0) Gecko/20100101 Firefox/124.0"
198.54.114.83 - - [30/Mar/2025:03:46:34 -0400] "POST /wp-admin/admin-ajax.php?action=async_litespeed&nonce=01xaYDna7T5Oa7XXir7sq3Q9UJVTC1uV&litespeed_type=imgoptm HTTP/1.1" 200 5 "-" "WordPress/6.7.2; https://fileluna.com"
34.169.30.208 - - [30/Mar/2025:03:46:33 -0400] "GET /category/shopping-product-reviews/ HTTP/1.1" 200 9444 "https://fileluna.com/category/shopping-product-reviews" "Mozilla/5.0 (X11; Linux x86_64; rv:124.0) Gecko/20100101 Firefox/124.0"
198.54.114.83 - - [30/Mar/2025:03:54:46 -0400] "POST /wp-cron.php?doing_wp_cron=1743321285.4928729534149169921875 HTTP/1.1" 200 0 "-" "WordPress/6.7.2; https://fileluna.com"
111.225.148.220 - - [30/Mar/2025:03:54:40 -0400] "GET /2024/11/page/3/ HTTP/1.1" 200 11170 "-" "Mozilla/5.0 (Linux; Android 5.0) AppleWebKit/537.36 (KHTML, like Gecko) Mobile Safari/537.36 (compatible; Bytespider; https://zhanzhang.toutiao.com/)"
198.54.114.83 - - [30/Mar/2025:03:54:48 -0400] "POST /wp-admin/admin-ajax.php?action=async_litespeed&nonce=OXntnXDAOievxq12bA0SOQLPTUbzczzO&litespeed_type=imgoptm HTTP/1.1" 200 0 "-" "WordPress/6.7.2; https://fileluna.com"
111.225.148.220 - - [30/Mar/2025:03:54:50 -0400] "GET /wp-includes/js/jquery/jquery-migrate.min.js?ver=3.4.1 HTTP/1.1" 304 0 "https://fileluna.com/2024/11/page/3/" "Mozilla/5.0 (Linux; Android 5.0) AppleWebKit/537.36 (KHTML, like Gecko) Mobile Safari/537.36 (compatible; Bytespider; https://zhanzhang.toutiao.com/)"
111.225.148.220 - - [30/Mar/2025:03:54:50 -0400] "GET /wp-includes/js/jquery/jquery.min.js?ver=3.7.1 HTTP/1.1" 304 0 "https://fileluna.com/2024/11/page/3/" "Mozilla/5.0 (Linux; Android 5.0) AppleWebKit/537.36 (KHTML, like Gecko) Mobile Safari/537.36 (compatible; Bytespider; https://zhanzhang.toutiao.com/)"
111.225.148.220 - - [30/Mar/2025:03:54:51 -0400] "GET /wp-content/themes/newsphere/assets/marquee/jquery.marquee.js?ver=6.7.2 HTTP/1.1" 304 0 "https://fileluna.com/2024/11/page/3/" "Mozilla/5.0 (Linux; Android 5.0) AppleWebKit/537.36 (KHTML, like Gecko) Mobile Safari/537.36 (compatible; Bytespider; https://zhanzhang.toutiao.com/)"
111.225.148.220 - - [30/Mar/2025:03:54:51 -0400] "GET /wp-content/themes/newsphere/assets/pagination-script.js?ver=6.7.2 HTTP/1.1" 304 0 "https://fileluna.com/2024/11/page/3/" "Mozilla/5.0 (Linux; Android 5.0) AppleWebKit/537.36 (KHTML, like Gecko) Mobile Safari/537.36 (compatible; Bytespider; https://zhanzhang.toutiao.com/)"
111.225.148.220 - - [30/Mar/2025:03:54:51 -0400] "GET /wp-content/themes/newsphere/assets/jquery-match-height/jquery.matchHeight.min.js?ver=6.7.2 HTTP/1.1" 304 0 "https://fileluna.com/2024/11/page/3/" "Mozilla/5.0 (Linux; Android 5.0) AppleWebKit/537.36 (KHTML, like Gecko) Mobile Safari/537.36 (compatible; Bytespider; https://zhanzhang.toutiao.com/)"
111.225.148.220 - - [30/Mar/2025:03:54:51 -0400] "GET /wp-content/themes/newsphere/js/navigation.js?ver=20151215 HTTP/1.1" 304 0 "https://fileluna.com/2024/11/page/3/" "Mozilla/5.0 (Linux; Android 5.0) AppleWebKit/537.36 (KHTML, like Gecko) Mobile Safari/537.36 (compatible; Bytespider; https://zhanzhang.toutiao.com/)"
111.225.148.220 - - [30/Mar/2025:03:54:51 -0400] "GET /wp-content/themes/newsphere/assets/bootstrap/js/bootstrap.min.js?ver=6.7.2 HTTP/1.1" 304 0 "https://fileluna.com/2024/11/page/3/" "Mozilla/5.0 (Linux; Android 5.0) AppleWebKit/537.36 (KHTML, like Gecko) Mobile Safari/537.36 (compatible; Bytespider; https://zhanzhang.toutiao.com/)"
111.225.148.220 - - [30/Mar/2025:03:54:51 -0400] "GET /wp-content/themes/newsphere/assets/magnific-popup/jquery.magnific-popup.min.js?ver=6.7.2 HTTP/1.1" 304 0 "https://fileluna.com/2024/11/page/3/" "Mozilla/5.0 (Linux; Android 5.0) AppleWebKit/537.36 (KHTML, like Gecko) Mobile Safari/537.36 (compatible; Bytespider; https://zhanzhang.toutiao.com/)"
111.225.148.220 - - [30/Mar/2025:03:54:51 -0400] "GET /wp-content/themes/newsphere/assets/theiaStickySidebar/theia-sticky-sidebar.min.js?ver=6.7.2 HTTP/1.1" 304 0 "https://fileluna.com/2024/11/page/3/" "Mozilla/5.0 (Linux; Android 5.0) AppleWebKit/537.36 (KHTML, like Gecko) Mobile Safari/537.36 (compatible; Bytespider; https://zhanzhang.toutiao.com/)"
111.225.148.220 - - [30/Mar/2025:03:54:51 -0400] "GET /wp-content/themes/newsphere/assets/sidr/js/jquery.sidr.min.js?ver=6.7.2 HTTP/1.1" 304 0 "https://fileluna.com/2024/11/page/3/" "Mozilla/5.0 (Linux; Android 5.0) AppleWebKit/537.36 (KHTML, like Gecko) Mobile Safari/537.36 (compatible; Bytespider; https://zhanzhang.toutiao.com/)"
111.225.148.220 - - [30/Mar/2025:03:54:51 -0400] "GET /wp-content/themes/newsphere/assets/swiper/js/swiper-bundle.min.js?ver=6.7.2 HTTP/1.1" 304 0 "https://fileluna.com/2024/11/page/3/" "Mozilla/5.0 (Linux; Android 5.0) AppleWebKit/537.36 (KHTML, like Gecko) Mobile Safari/537.36 (compatible; Bytespider; https://zhanzhang.toutiao.com/)"
111.225.148.220 - - [30/Mar/2025:03:54:51 -0400] "GET /wp-content/themes/newsphere/admin-dashboard/dist/newsphere_scripts.build.js?ver=6.7.2 HTTP/1.1" 304 0 "https://fileluna.com/2024/11/page/3/" "Mozilla/5.0 (Linux; Android 5.0) AppleWebKit/537.36 (KHTML, like Gecko) Mobile Safari/537.36 (compatible; Bytespider; https://zhanzhang.toutiao.com/)"
111.225.148.220 - - [30/Mar/2025:03:54:51 -0400] "GET /wp-content/themes/newsphere/js/skip-link-focus-fix.js?ver=20151215 HTTP/1.1" 304 0 "https://fileluna.com/2024/11/page/3/" "Mozilla/5.0 (Linux; Android 5.0) AppleWebKit/537.36 (KHTML, like Gecko) Mobile Safari/537.36 (compatible; Bytespider; https://zhanzhang.toutiao.com/)"
111.225.148.220 - - [30/Mar/2025:03:54:53 -0400] "GET /wp-includes/js/wp-emoji-release.min.js?ver=6.7.2 HTTP/1.1" 304 0 "https://fileluna.com/2024/11/page/3/" "Mozilla/5.0 (Linux; Android 5.0) AppleWebKit/537.36 (KHTML, like Gecko) Mobile Safari/537.36 (compatible; Bytespider; https://zhanzhang.toutiao.com/)"
66.29.146.47 - - [30/Mar/2025:03:55:10 -0400] "POST /xmlrpc.php HTTP/1.1" 200 186 "https://fileluna.com" "Mozilla/5.0 (Windows NT 11.0; Win64; x64) AppleWebKit/537.36 (KHTML, like Gecko) Chrome/126.0.0.0 Safari/537.36"
198.54.114.83 - - [30/Mar/2025:03:55:13 -0400] "POST /wp-cron.php?doing_wp_cron=1743321310.7274050712585449218750 HTTP/1.1" 200 0 "-" "WordPress/6.7.2; https://fileluna.com"
216.244.66.246 - - [30/Mar/2025:03:55:51 -0400] "GET /category/shopping-product-reviews/ HTTP/1.1" 200 9444 "-" "Mozilla/5.0 (compatible; DotBot/1.2; +https://opensiteexplorer.org/dotbot; help@moz.com)"
114.119.129.198 - - [30/Mar/2025:04:01:22 -0400] "GET /qualitat-und-vertrauen-vereint/ HTTP/1.1" 200 11832 "https://fileluna.com/category/arts-entertainments/page/31/" "Mozilla/5.0 (Linux; Android 7.0;) AppleWebKit/537.36 (KHTML, like Gecko) Mobile Safari/537.36 (compatible; PetalBot;+https://webmaster.petalsearch.com/site/petalbot)"
198.54.114.83 - - [30/Mar/2025:04:01:28 -0400] "POST /wp-cron.php?doing_wp_cron=1743321686.2915649414062500000000 HTTP/1.1" 200 0 "-" "WordPress/6.7.2; https://fileluna.com"
198.54.114.83 - - [30/Mar/2025:04:02:34 -0400] "POST /wp-cron.php?doing_wp_cron=1743321754.3255760669708251953125 HTTP/1.1" 200 0 "-" "WordPress/6.7.2; https://fileluna.com"
114.119.154.229 - - [30/Mar/2025:04:02:33 -0400] "GET /passover-hotels-2025/ HTTP/1.1" 200 11209 "https://fileluna.com/2024/09/page/3/" "Mozilla/5.0 (Linux; Android 7.0;) AppleWebKit/537.36 (KHTML, like Gecko) Mobile Safari/537.36 (compatible; PetalBot;+https://webmaster.petalsearch.com/site/petalbot)"
198.54.114.83 - - [30/Mar/2025:04:02:35 -0400] "POST /wp-admin/admin-ajax.php?action=async_litespeed&nonce=c0HN13SWyh00njKcFq6OiliiRMN8gMVV&litespeed_type=imgoptm HTTP/1.1" 200 0 "-" "WordPress/6.7.2; https://fileluna.com"
198.54.114.83 - - [30/Mar/2025:04:03:28 -0400] "POST /wp-cron.php?doing_wp_cron=1743321808.0955231189727783203125 HTTP/1.1" 200 0 "-" "WordPress/6.7.2; https://fileluna.com"
34.169.76.14 - - [30/Mar/2025:04:03:27 -0400] "GET /gitarrenunterricht-in-dusseldorf-entdecken-sie-ihre-leidenschaft-fur-musik HTTP/1.1" 301 0 "-" "Mozilla/5.0 (Windows NT 10.0; Win64; x64) AppleWebKit/537.36 (KHTML, like Gecko) Chrome/51.0.2704.79 Safari/537.36 Edge/14.14393"
198.54.114.83 - - [30/Mar/2025:04:03:29 -0400] "POST /wp-admin/admin-ajax.php?action=async_litespeed&nonce=3PtLsfn4kH45lzNXBdINWK9EoWfYTBhV&litespeed_type=imgoptm HTTP/1.1" 200 0 "-" "WordPress/6.7.2; https://fileluna.com"
34.169.76.14 - - [30/Mar/2025:04:03:30 -0400] "GET /gitarrenunterricht-in-dusseldorf-entdecken-sie-ihre-leidenschaft-fur-musik/ HTTP/1.1" 200 11670 "https://fileluna.com/gitarrenunterricht-in-dusseldorf-entdecken-sie-ihre-leidenschaft-fur-musik" "Mozilla/5.0 (Windows NT 10.0; Win64; x64) AppleWebKit/537.36 (KHTML, like Gecko) Chrome/51.0.2704.79 Safari/537.36 Edge/14.14393"
114.119.149.81 - - [30/Mar/2025:04:03:58 -0400] "GET /category/others/ HTTP/1.1" 200 9428 "https://fileluna.com/the-importance-of-business-trip-massage-3/" "Mozilla/5.0 (Linux; Android 7.0;) AppleWebKit/537.36 (KHTML, like Gecko) Mobile Safari/537.36 (compatible; PetalBot;+https://webmaster.petalsearch.com/site/petalbot)"
198.54.114.83 - - [30/Mar/2025:04:04:15 -0400] "POST /wp-cron.php?doing_wp_cron=1743321854.6460330486297607421875 HTTP/1.1" 200 0 "-" "WordPress/6.7.2; https://fileluna.com"
198.54.114.83 - - [30/Mar/2025:04:04:16 -0400] "POST /wp-admin/admin-ajax.php?action=async_litespeed&nonce=DydnO03nshp3wVc0wh4eOqb9bNIrcvdc&litespeed_type=imgoptm HTTP/1.1" 200 0 "-" "WordPress/6.7.2; https://fileluna.com"
111.225.149.174 - - [30/Mar/2025:04:04:14 -0400] "GET /nourishing-your-body-a-healthy-meal-plan-for-everyone/ HTTP/1.1" 200 11835 "-" "Mozilla/5.0 (Linux; Android 5.0) AppleWebKit/537.36 (KHTML, like Gecko) Mobile Safari/537.36 (compatible; Bytespider; https://zhanzhang.toutiao.com/)"
111.225.149.174 - - [30/Mar/2025:04:04:18 -0400] "GET /wp-includes/js/comment-reply.min.js?ver=6.7.2 HTTP/1.1" 304 0 "https://fileluna.com/nourishing-your-body-a-healthy-meal-plan-for-everyone/" "Mozilla/5.0 (Linux; Android 5.0) AppleWebKit/537.36 (KHTML, like Gecko) Mobile Safari/537.36 (compatible; Bytespider; https://zhanzhang.toutiao.com/)"
161.97.121.145 - - [30/Mar/2025:04:05:36 -0400] "POST /xmlrpc.php HTTP/1.1" 200 205 "-" "Mozilla/5.0 (X11; Fedora; Linux x86_64; rv:94.0) Gecko/20100101 Firefox/95.0"
198.54.114.83 - - [30/Mar/2025:04:05:39 -0400] "POST /wp-cron.php?doing_wp_cron=1743321937.1708900928497314453125 HTTP/1.1" 200 0 "-" "WordPress/6.7.2; https://fileluna.com"
160.16.215.164 - - [30/Mar/2025:04:05:46 -0400] "POST /xmlrpc.php HTTP/1.1" 200 186 "https://fileluna.com" "Mozilla/5.0 (Windows NT 10.0; Win64; x64) AppleWebKit/537.36 (KHTML, like Gecko) Chrome/126.0.0.0 Safari/537.36 Edg/126.0.0.0"
198.54.114.83 - - [30/Mar/2025:04:13:21 -0400] "POST /wp-cron.php?doing_wp_cron=1743322401.1595489978790283203125 HTTP/1.1" 200 0 "-" "WordPress/6.7.2; https://fileluna.com"
114.119.148.27 - - [30/Mar/2025:04:13:17 -0400] "GET /author/ashdev/page/4/ HTTP/1.1" 200 10004 "https://fileluna.com/author/ashdev/page/3/" "Mozilla/5.0 (Linux; Android 7.0;) AppleWebKit/537.36 (KHTML, like Gecko) Mobile Safari/537.36 (compatible; PetalBot;+https://webmaster.petalsearch.com/site/petalbot)"
198.54.114.83 - - [30/Mar/2025:04:13:22 -0400] "POST /wp-admin/admin-ajax.php?action=async_litespeed&nonce=2uztLuq46Od3CJcjoLaVfPF5Mio3Hky5&litespeed_type=imgoptm HTTP/1.1" 200 5 "-" "WordPress/6.7.2; https://fileluna.com"
198.54.114.83 - - [30/Mar/2025:04:14:52 -0400] "POST /wp-cron.php?doing_wp_cron=1743322491.7265400886535644531250 HTTP/1.1" 200 0 "-" "WordPress/6.7.2; https://fileluna.com"
198.54.114.83 - - [30/Mar/2025:04:14:53 -0400] "POST /wp-admin/admin-ajax.php?action=async_litespeed&nonce=BXejA0yTChZUIxZ5DinX0LD7EOFOwNdI&litespeed_type=imgoptm HTTP/1.1" 200 0 "-" "WordPress/6.7.2; https://fileluna.com"
114.119.148.27 - - [30/Mar/2025:04:14:48 -0400] "GET /%EC%B6%9C%EC%9E%A5%EC%95%88%EB%A7%88/ HTTP/1.1" 200 11388 "https://fileluna.com/%ec%b6%9c%ec%9e%a5%ec%95%88%eb%a7%88/" "Mozilla/5.0 (Linux; Android 7.0;) AppleWebKit/537.36 (KHTML, like Gecko) Mobile Safari/537.36 (compatible; PetalBot;+https://webmaster.petalsearch.com/site/petalbot)"
198.54.114.83 - - [30/Mar/2025:04:16:07 -0400] "POST /wp-cron.php?doing_wp_cron=1743322566.5393059253692626953125 HTTP/1.1" 200 0 "-" "WordPress/6.7.2; https://fileluna.com"
198.54.114.83 - - [30/Mar/2025:04:16:08 -0400] "POST /wp-admin/admin-ajax.php?action=async_litespeed&nonce=z0DnB4I2DJLMKfiAOAYTRmBAGOhpq4EE&litespeed_type=imgoptm HTTP/1.1" 200 0 "-" "WordPress/6.7.2; https://fileluna.com"
114.119.129.34 - - [30/Mar/2025:04:16:06 -0400] "GET /le-bienfait-du-massage-pour-le-corps-et-lesprit-2/ HTTP/1.1" 200 12207 "https://fileluna.com/2024/11/page/9/" "Mozilla/5.0 (Linux; Android 7.0;) AppleWebKit/537.36 (KHTML, like Gecko) Mobile Safari/537.36 (compatible; PetalBot;+https://webmaster.petalsearch.com/site/petalbot)"
113.36.242.229 - - [30/Mar/2025:04:16:26 -0400] "POST /xmlrpc.php HTTP/1.1" 200 186 "https://fileluna.com" "Mozilla/5.0 (Windows NT 11.0; Win64; x64) AppleWebKit/537.36 (KHTML, like Gecko) Chrome/126.0.0.0 Safari/537.36 Edg/126.0.0.0"
216.244.66.246 - - [30/Mar/2025:04:25:34 -0400] "GET /robots.txt HTTP/1.1" 200 61 "-" "Mozilla/5.0 (compatible; DotBot/1.2; +https://opensiteexplorer.org/dotbot; help@moz.com)"
198.54.114.83 - - [30/Mar/2025:04:25:57 -0400] "POST /wp-cron.php?doing_wp_cron=1743323157.4985260963439941406250 HTTP/1.1" 200 0 "-" "WordPress/6.7.2; https://fileluna.com"
35.197.78.148 - - [30/Mar/2025:04:25:54 -0400] "GET /category/stock-trading HTTP/1.1" 301 0 "-" "Mozilla/5.0 (Macintosh; Intel Mac OS X 10.15; rv:125.0) Gecko/20100101 Firefox/125.0"
198.54.114.83 - - [30/Mar/2025:04:25:58 -0400] "POST /wp-admin/admin-ajax.php?action=async_litespeed&nonce=sQoC6gmjZcT7A4uzxi3Sozgm2S9n977y&litespeed_type=imgoptm HTTP/1.1" 200 5 "-" "WordPress/6.7.2; https://fileluna.com"
35.197.78.148 - - [30/Mar/2025:04:25:58 -0400] "GET /category/stock-trading/ HTTP/1.1" 200 9413 "https://fileluna.com/category/stock-trading" "Mozilla/5.0 (Macintosh; Intel Mac OS X 10.15; rv:125.0) Gecko/20100101 Firefox/125.0"
148.230.217.6 - - [30/Mar/2025:04:25:58 -0400] "GET /wp-login.php HTTP/1.1" 200 1760 "-" "GRequests/0.10"
189.148.125.82 - - [30/Mar/2025:04:26:00 -0400] "POST /wp-login.php HTTP/1.1" 200 1901 "-" "GRequests/0.10"
198.54.114.83 - - [30/Mar/2025:04:27:07 -0400] "POST /wp-cron.php?doing_wp_cron=1743323226.9634299278259277343750 HTTP/1.1" 200 0 "-" "WordPress/6.7.2; https://fileluna.com"
122.201.125.186 - - [30/Mar/2025:04:27:06 -0400] "POST /xmlrpc.php HTTP/1.1" 200 186 "https://fileluna.com" "Mozilla/5.0 (Windows NT 10.0; Win64; x64; rv:126.0) Gecko/20100101 Firefox/126.0"
198.54.114.83 - - [30/Mar/2025:04:27:08 -0400] "POST /wp-admin/admin-ajax.php?action=async_litespeed&nonce=ZPmg6gVENrzmgGmyNoxz87JdvJ8etW7l&litespeed_type=imgoptm HTTP/1.1" 200 5 "-" "WordPress/6.7.2; https://fileluna.com"
198.54.114.83 - - [30/Mar/2025:04:32:26 -0400] "POST /wp-cron.php?doing_wp_cron=1743323545.4924149513244628906250 HTTP/1.1" 200 0 "-" "WordPress/6.7.2; https://fileluna.com"
172.172.4.214 - - [30/Mar/2025:04:32:20 -0400] "HEAD /wordpress HTTP/1.1" 404 0 "http://fileluna.com/wordpress" "Mozilla/5.0 (Windows NT 10.0; Win64; x64) AppleWebKit/537.36 (KHTML, like Gecko) Chrome/74.0.3729.169 Safari/537.36"
198.54.114.83 - - [30/Mar/2025:04:32:27 -0400] "POST /wp-admin/admin-ajax.php?action=async_litespeed&nonce=DocwN9h1J2HfhGIFiUUvdRAxt6LS73fr&litespeed_type=imgoptm HTTP/1.1" 200 0 "-" "WordPress/6.7.2; https://fileluna.com"
172.172.4.214 - - [30/Mar/2025:04:32:28 -0400] "HEAD / HTTP/1.1" 200 0 "http://fileluna.com/" "Mozilla/5.0 (Windows NT 10.0; Win64; x64) AppleWebKit/537.36 (KHTML, like Gecko) Chrome/74.0.3729.169 Safari/537.36"
172.172.4.214 - - [30/Mar/2025:04:32:29 -0400] "HEAD /wp HTTP/1.1" 404 0 "http://fileluna.com/wp" "Mozilla/5.0 (Windows NT 10.0; Win64; x64) AppleWebKit/537.36 (KHTML, like Gecko) Chrome/74.0.3729.169 Safari/537.36"
172.172.4.214 - - [30/Mar/2025:04:32:30 -0400] "HEAD /bc HTTP/1.1" 404 0 "http://fileluna.com/bc" "Mozilla/5.0 (Windows NT 10.0; Win64; x64) AppleWebKit/537.36 (KHTML, like Gecko) Chrome/74.0.3729.169 Safari/537.36"
172.172.4.214 - - [30/Mar/2025:04:32:31 -0400] "HEAD /bk HTTP/1.1" 404 0 "http://fileluna.com/bk" "Mozilla/5.0 (Windows NT 10.0; Win64; x64) AppleWebKit/537.36 (KHTML, like Gecko) Chrome/74.0.3729.169 Safari/537.36"
172.172.4.214 - - [30/Mar/2025:04:32:32 -0400] "HEAD /backup HTTP/1.1" 404 0 "http://fileluna.com/backup" "Mozilla/5.0 (Windows NT 10.0; Win64; x64) AppleWebKit/537.36 (KHTML, like Gecko) Chrome/74.0.3729.169 Safari/537.36"
172.172.4.214 - - [30/Mar/2025:04:32:33 -0400] "HEAD /old HTTP/1.1" 404 0 "http://fileluna.com/old" "Mozilla/5.0 (Windows NT 10.0; Win64; x64) AppleWebKit/537.36 (KHTML, like Gecko) Chrome/74.0.3729.169 Safari/537.36"
172.172.4.214 - - [30/Mar/2025:04:32:34 -0400] "HEAD /new HTTP/1.1" 404 0 "http://fileluna.com/new" "Mozilla/5.0 (Windows NT 10.0; Win64; x64) AppleWebKit/537.36 (KHTML, like Gecko) Chrome/74.0.3729.169 Safari/537.36"
172.172.4.214 - - [30/Mar/2025:04:32:36 -0400] "HEAD /main HTTP/1.1" 404 0 "http://fileluna.com/main" "Mozilla/5.0 (Windows NT 10.0; Win64; x64) AppleWebKit/537.36 (KHTML, like Gecko) Chrome/74.0.3729.169 Safari/537.36"
172.172.4.214 - - [30/Mar/2025:04:32:36 -0400] "HEAD /home HTTP/1.1" 404 0 "http://fileluna.com/home" "Mozilla/5.0 (Windows NT 10.0; Win64; x64) AppleWebKit/537.36 (KHTML, like Gecko) Chrome/74.0.3729.169 Safari/537.36"
198.54.114.83 - - [30/Mar/2025:04:35:18 -0400] "POST /wp-cron.php?doing_wp_cron=1743323717.9345290660858154296875 HTTP/1.1" 200 0 "-" "WordPress/6.7.2; https://fileluna.com"
175.178.54.250 - - [30/Mar/2025:04:35:14 -0400] "POST /xmlrpc.php HTTP/1.1" 200 205 "-" "Mozilla/5.0 (X11; Gentoo; Linux x86_64; rv:91.0) Gecko/20100101 Firefox/91.0"
198.54.114.83 - - [30/Mar/2025:04:35:21 -0400] "POST /wp-admin/admin-ajax.php?action=async_litespeed&nonce=CNH9PrCDHcBHh7kxaOhAJiffjSZTpf5i&litespeed_type=imgoptm HTTP/1.1" 200 0 "-" "WordPress/6.7.2; https://fileluna.com"
34.53.26.151 - - [30/Mar/2025:04:37:32 -0400] "GET /category/health-fitness HTTP/1.1" 301 0 "-" "Mozilla/5.0 (Windows NT 10.0; Win64; x64) AppleWebKit/537.36 (KHTML, like Gecko) Chrome/58.0.3029.110 Safari/537.36"
34.53.26.151 - - [30/Mar/2025:04:37:32 -0400] "GET /category/health-fitness/ HTTP/1.1" 200 10673 "https://fileluna.com/category/health-fitness" "Mozilla/5.0 (Windows NT 10.0; Win64; x64) AppleWebKit/537.36 (KHTML, like Gecko) Chrome/58.0.3029.110 Safari/537.36"
198.54.114.83 - - [30/Mar/2025:04:37:49 -0400] "POST /wp-cron.php?doing_wp_cron=1743323868.9475479125976562500000 HTTP/1.1" 200 0 "-" "WordPress/6.7.2; https://fileluna.com"
198.54.114.91 - - [30/Mar/2025:04:37:46 -0400] "POST /xmlrpc.php HTTP/1.1" 200 186 "https://fileluna.com" "Mozilla/5.0 (Windows NT 10.0; Win64; x64) AppleWebKit/537.36 (KHTML, like Gecko) Chrome/116.0.5845.96 Safari/537.36"
