198.54.114.83 - - [30/Mar/2025:04:37:49 -0400] "POST /wp-admin/admin-ajax.php?action=async_litespeed&nonce=pNFpN1mXHVsIxQ2Iifc5Rdnfy81eIWa8&litespeed_type=imgoptm HTTP/1.1" 200 5 "-" "WordPress/6.7.2; https://fileluna.com"
114.119.132.228 - - [30/Mar/2025:04:37:54 -0400] "GET /category/travel-tours/ HTTP/1.1" 200 9436 "https://fileluna.com/the-importance-of-business-trip-massage-3/" "Mozilla/5.0 (Linux; Android 7.0;) AppleWebKit/537.36 (KHTML, like Gecko) Mobile Safari/537.36 (compatible; PetalBot;+https://webmaster.petalsearch.com/site/petalbot)"
198.54.114.83 - - [30/Mar/2025:04:39:16 -0400] "POST /wp-cron.php?doing_wp_cron=1743323956.4004020690917968750000 HTTP/1.1" 200 0 "-" "WordPress/6.7.2; https://fileluna.com"
198.54.114.83 - - [30/Mar/2025:04:39:16 -0400] "POST /wp-admin/admin-ajax.php?action=async_litespeed&nonce=vBb4tE2pZSmmHziD035JA9Gy2UoCy9Tr&litespeed_type=imgoptm HTTP/1.1" 200 5 "-" "WordPress/6.7.2; https://fileluna.com"
114.119.149.81 - - [30/Mar/2025:04:39:16 -0400] "GET /category/arts-entertainments/page/50/ HTTP/1.1" 200 11342 "https://fileluna.com/category/arts-entertainments/page/47/" "Mozilla/5.0 (Linux; Android 7.0;) AppleWebKit/537.36 (KHTML, like Gecko) Mobile Safari/537.36 (compatible; PetalBot;+https://webmaster.petalsearch.com/site/petalbot)"
198.54.114.83 - - [30/Mar/2025:04:41:24 -0400] "POST /wp-cron.php?doing_wp_cron=1743324084.6501860618591308593750 HTTP/1.1" 200 0 "-" "WordPress/6.7.2; https://fileluna.com"
35.230.32.71 - - [30/Mar/2025:04:41:22 -0400] "GET /category/food-dring HTTP/1.1" 301 0 "-" "Mozilla/5.0 (Macintosh; Intel Mac OS X 10_15_7) AppleWebKit/605.1.15 (KHTML, like Gecko) Version/17.3 Safari/605.1.15"
198.54.114.83 - - [30/Mar/2025:04:41:24 -0400] "POST /wp-admin/admin-ajax.php?action=async_litespeed&nonce=C80hPrS2kvAJeQ5Vgep73vUP3cqlq3Kr&litespeed_type=imgoptm HTTP/1.1" 200 5 "-" "WordPress/6.7.2; https://fileluna.com"
35.230.32.71 - - [30/Mar/2025:04:41:24 -0400] "GET /category/food-dring/ HTTP/1.1" 200 9435 "https://fileluna.com/category/food-dring" "Mozilla/5.0 (Macintosh; Intel Mac OS X 10_15_7) AppleWebKit/605.1.15 (KHTML, like Gecko) Version/17.3 Safari/605.1.15"
34.169.76.14 - - [30/Mar/2025:04:47:12 -0400] "GET /category/health-fitness HTTP/1.1" 301 0 "-" "Mozilla/5.0 (Macintosh; Intel Mac OS X 10_15_7) AppleWebKit/537.36 (KHTML, like Gecko) Chrome/119.0.0.0 Safari/537.36"
34.169.76.14 - - [30/Mar/2025:04:47:13 -0400] "GET /category/health-fitness/ HTTP/1.1" 200 10673 "https://fileluna.com/category/health-fitness" "Mozilla/5.0 (Macintosh; Intel Mac OS X 10_15_7) AppleWebKit/537.36 (KHTML, like Gecko) Chrome/119.0.0.0 Safari/537.36"
198.54.114.83 - - [30/Mar/2025:04:48:35 -0400] "POST /wp-cron.php?doing_wp_cron=1743324514.9283680915832519531250 HTTP/1.1" 200 0 "-" "WordPress/6.7.2; https://fileluna.com"
120.24.23.234 - - [30/Mar/2025:04:48:32 -0400] "POST /xmlrpc.php HTTP/1.1" 200 186 "https://fileluna.com" "Mozilla/5.0 (Windows NT 11.0; Win64; x64) AppleWebKit/537.36 (KHTML, like Gecko) Chrome/126.0.0.0 Safari/537.36"
198.54.114.83 - - [30/Mar/2025:04:57:27 -0400] "POST /wp-cron.php?doing_wp_cron=1743325047.3016829490661621093750 HTTP/1.1" 200 0 "-" "WordPress/6.7.2; https://fileluna.com"
198.54.114.83 - - [30/Mar/2025:04:57:27 -0400] "POST /wp-admin/admin-ajax.php?action=async_litespeed&nonce=LBs15CDqQ6VfW7kG7b1Stf0Li8gH8RGh&litespeed_type=imgoptm HTTP/1.1" 200 0 "-" "WordPress/6.7.2; https://fileluna.com"
114.119.137.80 - - [30/Mar/2025:04:57:24 -0400] "GET /why-legal-expertise-matters/ HTTP/1.1" 200 11689 "https://fileluna.com/category/arts-entertainments/page/43/" "Mozilla/5.0 (Linux; Android 7.0;) AppleWebKit/537.36 (KHTML, like Gecko) Mobile Safari/537.36 (compatible; PetalBot;+https://webmaster.petalsearch.com/site/petalbot)"
198.54.114.83 - - [30/Mar/2025:04:58:43 -0400] "POST /wp-cron.php?doing_wp_cron=1743325123.0950660705566406250000 HTTP/1.1" 200 0 "-" "WordPress/6.7.2; https://fileluna.com"
114.119.149.81 - - [30/Mar/2025:04:58:42 -0400] "GET /versatile-2-in-1-stroller-carrycot-for-modern-parents/ HTTP/1.1" 200 11662 "https://fileluna.com/the-importance-of-business-trip-massage-3/" "Mozilla/5.0 (Linux; Android 7.0;) AppleWebKit/537.36 (KHTML, like Gecko) Mobile Safari/537.36 (compatible; PetalBot;+https://webmaster.petalsearch.com/site/petalbot)"
198.54.114.83 - - [30/Mar/2025:04:58:43 -0400] "POST /wp-admin/admin-ajax.php?action=async_litespeed&nonce=8q1KkKaBsbGnY5jdloArIHfuB9XzYmHi&litespeed_type=imgoptm HTTP/1.1" 200 5 "-" "WordPress/6.7.2; https://fileluna.com"
198.54.114.83 - - [30/Mar/2025:04:59:07 -0400] "POST /wp-cron.php?doing_wp_cron=1743325147.3955559730529785156250 HTTP/1.1" 200 0 "-" "WordPress/6.7.2; https://fileluna.com"
199.188.207.168 - - [30/Mar/2025:04:59:07 -0400] "POST /xmlrpc.php HTTP/1.1" 200 186 "https://fileluna.com" "Mozilla/5.0 (Macintosh; Intel Mac OS X 10_15_7; rv:126.0) Gecko/20100101 Firefox/126.0"
198.54.114.83 - - [30/Mar/2025:04:59:07 -0400] "POST /wp-admin/admin-ajax.php?action=async_litespeed&nonce=CscT9XZHQ7XSSuKiWmAriXTH467mY6Og&litespeed_type=imgoptm HTTP/1.1" 200 5 "-" "WordPress/6.7.2; https://fileluna.com"
4.227.36.81 - - [30/Mar/2025:04:59:16 -0400] "GET /robots.txt HTTP/1.1" 200 61 "-" "Mozilla/5.0 AppleWebKit/537.36 (KHTML, like Gecko; compatible; GPTBot/1.2; +https://openai.com/gptbot)"
198.54.114.83 - - [30/Mar/2025:05:02:17 -0400] "POST /wp-cron.php?doing_wp_cron=1743325337.5519859790802001953125 HTTP/1.1" 200 0 "-" "WordPress/6.7.2; https://fileluna.com"
34.53.6.96 - - [30/Mar/2025:05:02:15 -0400] "GET /ihr-umzugsprofi-in-luneburg HTTP/1.1" 301 0 "-" "Mozilla/5.0 (Windows NT 10.0; Win64; x64) AppleWebKit/537.36 (KHTML, like Gecko) Chrome/51.0.2704.79 Safari/537.36 Edge/14.14393"
198.54.114.83 - - [30/Mar/2025:05:02:18 -0400] "POST /wp-admin/admin-ajax.php?action=async_litespeed&nonce=1TJSIElkZkd6UEm0QqiBYFYt8IPYro8c&litespeed_type=imgoptm HTTP/1.1" 200 5 "-" "WordPress/6.7.2; https://fileluna.com"
34.53.6.96 - - [30/Mar/2025:05:02:18 -0400] "GET /ihr-umzugsprofi-in-luneburg/ HTTP/1.1" 200 11878 "https://fileluna.com/ihr-umzugsprofi-in-luneburg" "Mozilla/5.0 (Windows NT 10.0; Win64; x64) AppleWebKit/537.36 (KHTML, like Gecko) Chrome/51.0.2704.79 Safari/537.36 Edge/14.14393"
34.82.90.121 - - [30/Mar/2025:05:05:18 -0400] "GET /category/health-fitness HTTP/1.1" 301 0 "-" "Mozilla/5.0 (Windows NT 10.0; Win64; x64) AppleWebKit/537.36 (KHTML, like Gecko) Chrome/122.0.0.0 Safari/537.36 Edg/122.0.0.0"
34.82.90.121 - - [30/Mar/2025:05:05:18 -0400] "GET /category/health-fitness/ HTTP/1.1" 200 10673 "https://fileluna.com/category/health-fitness" "Mozilla/5.0 (Windows NT 10.0; Win64; x64) AppleWebKit/537.36 (KHTML, like Gecko) Chrome/122.0.0.0 Safari/537.36 Edg/122.0.0.0"
198.54.114.83 - - [30/Mar/2025:05:08:13 -0400] "POST /wp-cron.php?doing_wp_cron=1743325693.0342938899993896484375 HTTP/1.1" 200 0 "-" "WordPress/6.7.2; https://fileluna.com"
138.128.245.84 - - [30/Mar/2025:05:08:09 -0400] "POST /xmlrpc.php HTTP/1.1" 200 205 "-" "Mozilla/5.0 (X11; Fedora; Linux x86_64; rv:94.0) Gecko/20100101 Firefox/95.0"
198.54.114.83 - - [30/Mar/2025:05:08:14 -0400] "POST /wp-admin/admin-ajax.php?action=async_litespeed&nonce=hbhRYBtZGMnffJrp8zpYIhdObm0mIKZL&litespeed_type=imgoptm HTTP/1.1" 200 0 "-" "WordPress/6.7.2; https://fileluna.com"
198.54.114.83 - - [30/Mar/2025:05:09:51 -0400] "POST /wp-cron.php?doing_wp_cron=1743325790.8890728950500488281250 HTTP/1.1" 200 0 "-" "WordPress/6.7.2; https://fileluna.com"
198.54.120.17 - - [30/Mar/2025:05:09:49 -0400] "POST /xmlrpc.php HTTP/1.1" 200 186 "https://fileluna.com" "Mozilla/5.0 (Macintosh; Intel Mac OS X 10_15_7; rv:125.0.1) Gecko/20100101 Firefox/125.0.1"
198.54.114.83 - - [30/Mar/2025:05:09:51 -0400] "POST /wp-admin/admin-ajax.php?action=async_litespeed&nonce=3DQPL7iJsoBFCgC8kQvJwzjaPCKw93JC&litespeed_type=imgoptm HTTP/1.1" 200 5 "-" "WordPress/6.7.2; https://fileluna.com"
74.208.251.141 - - [30/Mar/2025:05:10:01 -0400] "GET /wp-login.php HTTP/1.1" 200 1760 "-" "GRequests/0.10"
198.54.114.83 - - [30/Mar/2025:05:10:03 -0400] "POST /wp-cron.php?doing_wp_cron=1743325802.8699059486389160156250 HTTP/1.1" 200 0 "-" "WordPress/6.7.2; https://fileluna.com"
74.208.251.141 - - [30/Mar/2025:05:10:02 -0400] "POST /wp-login.php HTTP/1.1" 200 1899 "-" "GRequests/0.10"
198.54.114.83 - - [30/Mar/2025:05:10:04 -0400] "POST /wp-admin/admin-ajax.php?action=async_litespeed&nonce=m9JWJi34snuv7KB96HMEJ3V4ZNR7mKJj&litespeed_type=imgoptm HTTP/1.1" 200 5 "-" "WordPress/6.7.2; https://fileluna.com"
34.82.207.61 - - [30/Mar/2025:05:10:43 -0400] "GET /gitarrenunterricht-in-dusseldorf-entdecken-sie-ihre-leidenschaft-fur-musik HTTP/1.1" 301 0 "-" "Mozilla/5.0 (Macintosh; Intel Mac OS X 10_15_7) AppleWebKit/537.36 (KHTML, like Gecko) Chrome/123.0.0.0 Safari/537.36 Edg/123.0.0.0"
34.82.207.61 - - [30/Mar/2025:05:10:43 -0400] "GET /gitarrenunterricht-in-dusseldorf-entdecken-sie-ihre-leidenschaft-fur-musik/ HTTP/1.1" 200 11670 "https://fileluna.com/gitarrenunterricht-in-dusseldorf-entdecken-sie-ihre-leidenschaft-fur-musik" "Mozilla/5.0 (Macintosh; Intel Mac OS X 10_15_7) AppleWebKit/537.36 (KHTML, like Gecko) Chrome/123.0.0.0 Safari/537.36 Edg/123.0.0.0"
212.34.146.152 - - [30/Mar/2025:05:12:29 -0400] "GET / HTTP/1.1" 200 12526 "-" "Mozilla/5.0 (Macintosh; Intel Mac OS X 10_15_7) AppleWebKit/537.36 (KHTML, like Gecko) Chrome/133.0.0.0 Safari/537.36"
198.54.114.83 - - [30/Mar/2025:05:12:34 -0400] "POST /wp-cron.php?doing_wp_cron=1743325954.5862441062927246093750 HTTP/1.1" 200 0 "-" "WordPress/6.7.2; https://fileluna.com"
212.34.146.152 - - [30/Mar/2025:05:12:30 -0400] "GET /comments/feed/ HTTP/1.1" 200 363 "-" "Mozilla/5.0 (Macintosh; Intel Mac OS X 10_15_7) AppleWebKit/537.36 (KHTML, like Gecko) Chrome/133.0.0.0 Safari/537.36"
198.54.114.83 - - [30/Mar/2025:05:12:35 -0400] "POST /wp-admin/admin-ajax.php?action=async_litespeed&nonce=qm7gC3dzPNfxyKZpHkcKhuD6BIfKRPiQ&litespeed_type=imgoptm HTTP/1.1" 200 5 "-" "WordPress/6.7.2; https://fileluna.com"
212.34.146.152 - - [30/Mar/2025:05:12:38 -0400] "GET /category/shopping-product-reviews/ HTTP/1.1" 200 9444 "-" "Mozilla/5.0 (Macintosh; Intel Mac OS X 10_15_7) AppleWebKit/537.36 (KHTML, like Gecko) Chrome/133.0.0.0 Safari/537.36"
212.34.146.152 - - [30/Mar/2025:05:12:39 -0400] "GET /category/shopping-product-reviews/feed/ HTTP/1.1" 200 457 "-" "Mozilla/5.0 (Macintosh; Intel Mac OS X 10_15_7) AppleWebKit/537.36 (KHTML, like Gecko) Chrome/133.0.0.0 Safari/537.36"
212.34.146.152 - - [30/Mar/2025:05:12:40 -0400] "GET /category/technology/ HTTP/1.1" 200 9423 "-" "Mozilla/5.0 (Macintosh; Intel Mac OS X 10_15_7) AppleWebKit/537.36 (KHTML, like Gecko) Chrome/133.0.0.0 Safari/537.36"
212.34.146.152 - - [30/Mar/2025:05:12:42 -0400] "GET /category/technology/feed/ HTTP/1.1" 200 430 "-" "Mozilla/5.0 (Macintosh; Intel Mac OS X 10_15_7) AppleWebKit/537.36 (KHTML, like Gecko) Chrome/133.0.0.0 Safari/537.36"
216.244.66.246 - - [30/Mar/2025:05:13:55 -0400] "GET /robots.txt HTTP/1.1" 200 61 "-" "Mozilla/5.0 (compatible; DotBot/1.2; +https://opensiteexplorer.org/dotbot; help@moz.com)"
198.54.114.83 - - [30/Mar/2025:05:16:24 -0400] "POST /wp-cron.php?doing_wp_cron=1743326184.4189770221710205078125 HTTP/1.1" 200 0 "-" "WordPress/6.7.2; https://fileluna.com"
198.54.114.83 - - [30/Mar/2025:05:16:25 -0400] "POST /wp-admin/admin-ajax.php?action=async_litespeed&nonce=Kzh1vhXXKIlXNQIwKBAGvH3VqLbDWS0Z&litespeed_type=imgoptm HTTP/1.1" 200 5 "-" "WordPress/6.7.2; https://fileluna.com"
114.119.132.228 - - [30/Mar/2025:05:16:21 -0400] "GET /les-chateaux-gonflables-un-monde-magique-pour-les-enfants/ HTTP/1.1" 200 11888 "https://fileluna.com/category/arts-entertainments/page/15/" "Mozilla/5.0 (Linux; Android 7.0;) AppleWebKit/537.36 (KHTML, like Gecko) Mobile Safari/537.36 (compatible; PetalBot;+https://webmaster.petalsearch.com/site/petalbot)"
198.54.114.83 - - [30/Mar/2025:05:20:48 -0400] "POST /wp-cron.php?doing_wp_cron=1743326447.9007639884948730468750 HTTP/1.1" 200 0 "-" "WordPress/6.7.2; https://fileluna.com"
34.53.64.62 - - [30/Mar/2025:05:20:44 -0400] "GET /2024/08 HTTP/1.1" 301 0 "-" "Mozilla/5.0 (Windows NT 10.0; Win64; x64; rv:123.0) Gecko/20100101 Firefox/123.0"
198.54.114.83 - - [30/Mar/2025:05:20:48 -0400] "POST /wp-admin/admin-ajax.php?action=async_litespeed&nonce=Kbu4nINrID1r52OJJBxfHANhKSKLwnI8&litespeed_type=imgoptm HTTP/1.1" 200 5 "-" "WordPress/6.7.2; https://fileluna.com"
34.53.64.62 - - [30/Mar/2025:05:20:48 -0400] "GET /2024/08/ HTTP/1.1" 200 11038 "https://fileluna.com/2024/08" "Mozilla/5.0 (Windows NT 10.0; Win64; x64; rv:123.0) Gecko/20100101 Firefox/123.0"
198.54.114.83 - - [30/Mar/2025:05:22:43 -0400] "POST /wp-cron.php?doing_wp_cron=1743326563.3880939483642578125000 HTTP/1.1" 200 0 "-" "WordPress/6.7.2; https://fileluna.com"
34.169.145.69 - - [30/Mar/2025:05:22:41 -0400] "GET /2024/03 HTTP/1.1" 301 0 "-" "Mozilla/5.0 (Windows NT 6.1; Win64; x64; rv:109.0) Gecko/20100101 Firefox/115.0"
198.54.114.83 - - [30/Mar/2025:05:22:43 -0400] "POST /wp-admin/admin-ajax.php?action=async_litespeed&nonce=PnDvu3OFhKlASt96mHeFQz2rPioVH9fG&litespeed_type=imgoptm HTTP/1.1" 200 5 "-" "WordPress/6.7.2; https://fileluna.com"
34.169.145.69 - - [30/Mar/2025:05:22:43 -0400] "GET /2024/03/ HTTP/1.1" 200 11255 "https://fileluna.com/2024/03" "Mozilla/5.0 (Windows NT 6.1; Win64; x64; rv:109.0) Gecko/20100101 Firefox/115.0"
34.19.86.2 - - [30/Mar/2025:05:23:19 -0400] "GET /category/shopping-product-reviews HTTP/1.1" 301 0 "-" "Mozilla/5.0 (Windows NT 10.0; Win64; x64) AppleWebKit/537.36 (KHTML, like Gecko) Chrome/109.0.0.0 Safari/537.36"
34.19.86.2 - - [30/Mar/2025:05:23:20 -0400] "GET /category/shopping-product-reviews/ HTTP/1.1" 200 9444 "https://fileluna.com/category/shopping-product-reviews" "Mozilla/5.0 (Windows NT 10.0; Win64; x64) AppleWebKit/537.36 (KHTML, like Gecko) Chrome/109.0.0.0 Safari/537.36"
45.61.187.191 - - [30/Mar/2025:05:26:57 -0400] "GET /wp-login.php HTTP/1.1" 200 1760 "-" "Mozilla/5.0 (X11; Linux x86_64; rv:31.0) Gecko/20100101 Firefox/31.0"
198.54.114.83 - - [30/Mar/2025:05:27:00 -0400] "POST /wp-cron.php?doing_wp_cron=1743326820.5761449337005615234375 HTTP/1.1" 200 0 "-" "WordPress/6.7.2; https://fileluna.com"
45.61.187.191 - - [30/Mar/2025:05:26:57 -0400] "POST /wp-login.php HTTP/1.1" 200 1899 "-" "Mozilla/5.0 (X11; Linux x86_64; rv:31.0) Gecko/20100101 Firefox/31.0"
198.54.114.83 - - [30/Mar/2025:05:27:01 -0400] "POST /wp-admin/admin-ajax.php?action=async_litespeed&nonce=0Kn2kQETmwAbhrc01lPUAZb75PriH0cz&litespeed_type=imgoptm HTTP/1.1" 200 0 "-" "WordPress/6.7.2; https://fileluna.com"
198.54.114.83 - - [30/Mar/2025:05:28:47 -0400] "POST /wp-cron.php?doing_wp_cron=1743326927.7463970184326171875000 HTTP/1.1" 200 0 "-" "WordPress/6.7.2; https://fileluna.com"
34.168.253.8 - - [30/Mar/2025:05:28:45 -0400] "GET /category/bitcoin HTTP/1.1" 301 0 "-" "Mozilla/5.0 (Windows NT 10.0; Win64; x64) AppleWebKit/537.36 (KHTML, like Gecko) Chrome/118.0.0.0 Safari/537.36"
198.54.114.83 - - [30/Mar/2025:05:28:48 -0400] "POST /wp-admin/admin-ajax.php?action=async_litespeed&nonce=rixVGX1lWTnltXDzwaNIT93DfisMZDZ9&litespeed_type=imgoptm HTTP/1.1" 200 5 "-" "WordPress/6.7.2; https://fileluna.com"
34.168.253.8 - - [30/Mar/2025:05:28:48 -0400] "GET /category/bitcoin/ HTTP/1.1" 200 9411 "https://fileluna.com/category/bitcoin" "Mozilla/5.0 (Windows NT 10.0; Win64; x64) AppleWebKit/537.36 (KHTML, like Gecko) Chrome/118.0.0.0 Safari/537.36"
34.168.70.74 - - [30/Mar/2025:05:31:15 -0400] "GET /2024/08 HTTP/1.1" 301 0 "-" "Mozilla/5.0 (Macintosh; Intel Mac OS X 10_15_7) AppleWebKit/537.36 (KHTML, like Gecko) Chrome/119.0.0.0 Safari/537.36"
34.168.70.74 - - [30/Mar/2025:05:31:15 -0400] "GET /2024/08/ HTTP/1.1" 200 11038 "https://fileluna.com/2024/08" "Mozilla/5.0 (Macintosh; Intel Mac OS X 10_15_7) AppleWebKit/537.36 (KHTML, like Gecko) Chrome/119.0.0.0 Safari/537.36"
34.127.94.162 - - [30/Mar/2025:05:35:12 -0400] "GET /gitarrenunterricht-in-dusseldorf-entdecken-sie-ihre-leidenschaft-fur-musik HTTP/1.1" 301 0 "-" "Mozilla/5.0 (Macintosh; Intel Mac OS X 10_15_7) AppleWebKit/537.36 (KHTML, like Gecko) Chrome/116.0.0.0 Safari/537.36"
34.127.94.162 - - [30/Mar/2025:05:35:12 -0400] "GET /gitarrenunterricht-in-dusseldorf-entdecken-sie-ihre-leidenschaft-fur-musik/ HTTP/1.1" 200 11670 "https://fileluna.com/gitarrenunterricht-in-dusseldorf-entdecken-sie-ihre-leidenschaft-fur-musik" "Mozilla/5.0 (Macintosh; Intel Mac OS X 10_15_7) AppleWebKit/537.36 (KHTML, like Gecko) Chrome/116.0.0.0 Safari/537.36"
110.249.201.67 - - [30/Mar/2025:05:35:26 -0400] "GET /category/health-fitness/ HTTP/1.1" 200 10673 "-" "Mozilla/5.0 (Linux; Android 5.0) AppleWebKit/537.36 (KHTML, like Gecko) Mobile Safari/537.36 (compatible; Bytespider; https://zhanzhang.toutiao.com/)"
198.54.114.83 - - [30/Mar/2025:05:42:53 -0400] "POST /wp-cron.php?doing_wp_cron=1743327773.8181478977203369140625 HTTP/1.1" 200 0 "-" "WordPress/6.7.2; https://fileluna.com"
114.119.132.228 - - [30/Mar/2025:05:42:51 -0400] "GET /rejuvenate-on-the-road-the-benefits-of-business-trip-massage/ HTTP/1.1" 200 11566 "https://fileluna.com/2024/09/page/4/" "Mozilla/5.0 (Linux; Android 7.0;) AppleWebKit/537.36 (KHTML, like Gecko) Mobile Safari/537.36 (compatible; PetalBot;+https://webmaster.petalsearch.com/site/petalbot)"
198.54.114.83 - - [30/Mar/2025:05:42:54 -0400] "POST /wp-admin/admin-ajax.php?action=async_litespeed&nonce=B505sJsYoivmxzxlrlipwzYwpgukinFl&litespeed_type=imgoptm HTTP/1.1" 200 5 "-" "WordPress/6.7.2; https://fileluna.com"
198.54.114.83 - - [30/Mar/2025:05:43:22 -0400] "POST /wp-cron.php?doing_wp_cron=1743327802.5519669055938720703125 HTTP/1.1" 200 0 "-" "WordPress/6.7.2; https://fileluna.com"
139.9.216.3 - - [30/Mar/2025:05:43:22 -0400] "POST /xmlrpc.php HTTP/1.1" 200 205 "-" "Mozilla/5.0 (X11; Fedora; Linux x86_64; rv:94.0) Gecko/20100101 Firefox/95.0"
198.54.114.83 - - [30/Mar/2025:05:43:23 -0400] "POST /wp-admin/admin-ajax.php?action=async_litespeed&nonce=SOD2qMS2ua6wmGmTVTY9JKZ3RH12wxP0&litespeed_type=imgoptm HTTP/1.1" 200 5 "-" "WordPress/6.7.2; https://fileluna.com"
198.54.114.83 - - [30/Mar/2025:05:45:42 -0400] "POST /wp-cron.php?doing_wp_cron=1743327942.7901959419250488281250 HTTP/1.1" 200 0 "-" "WordPress/6.7.2; https://fileluna.com"
111.225.148.40 - - [30/Mar/2025:05:45:40 -0400] "GET /step-into-style-the-trend-of-personalized-printed-socks/ HTTP/1.1" 200 12131 "-" "Mozilla/5.0 (Linux; Android 5.0) AppleWebKit/537.36 (KHTML, like Gecko) Mobile Safari/537.36 (compatible; Bytespider; https://zhanzhang.toutiao.com/)"
198.54.114.83 - - [30/Mar/2025:05:45:43 -0400] "POST /wp-admin/admin-ajax.php?action=async_litespeed&nonce=hIr9fInckaDdg6mWbzzTUwlqmeuP6awy&litespeed_type=imgoptm HTTP/1.1" 200 0 "-" "WordPress/6.7.2; https://fileluna.com"
34.19.86.2 - - [30/Mar/2025:05:45:49 -0400] "GET /category/gaming HTTP/1.1" 301 0 "-" "Mozilla/5.0 (Windows NT 10.0; Win64; x64) AppleWebKit/537.36 (KHTML, like Gecko) Chrome/120.0.0.0 Safari/537.36"
34.19.86.2 - - [30/Mar/2025:05:45:50 -0400] "GET /category/gaming/ HTTP/1.1" 200 9429 "https://fileluna.com/category/gaming" "Mozilla/5.0 (Windows NT 10.0; Win64; x64) AppleWebKit/537.36 (KHTML, like Gecko) Chrome/120.0.0.0 Safari/537.36"
198.54.114.83 - - [30/Mar/2025:05:51:13 -0400] "POST /wp-cron.php?doing_wp_cron=1743328273.3598868846893310546875 HTTP/1.1" 200 0 "-" "WordPress/6.7.2; https://fileluna.com"
34.168.239.122 - - [30/Mar/2025:05:51:11 -0400] "GET /category/arts-entertainments HTTP/1.1" 301 0 "-" "Mozilla/5.0 (Windows NT 10.0; Win64; x64) AppleWebKit/537.36 (KHTML, like Gecko) Chrome/109.0.0.0 Safari/537.36"
198.54.114.83 - - [30/Mar/2025:05:51:13 -0400] "POST /wp-admin/admin-ajax.php?action=async_litespeed&nonce=wEYJJmMcEaMeOETiYDQ7LsYT82wDKa3S&litespeed_type=imgoptm HTTP/1.1" 200 5 "-" "WordPress/6.7.2; https://fileluna.com"
34.168.239.122 - - [30/Mar/2025:05:51:13 -0400] "GET /category/arts-entertainments/ HTTP/1.1" 200 11053 "https://fileluna.com/category/arts-entertainments" "Mozilla/5.0 (Windows NT 10.0; Win64; x64) AppleWebKit/537.36 (KHTML, like Gecko) Chrome/109.0.0.0 Safari/537.36"
198.54.114.83 - - [30/Mar/2025:05:56:00 -0400] "POST /wp-cron.php?doing_wp_cron=1743328560.6800110340118408203125 HTTP/1.1" 200 0 "-" "WordPress/6.7.2; https://fileluna.com"
110.249.202.157 - - [30/Mar/2025:05:55:58 -0400] "GET /the-essentials-of-werkplekbeheer-for-modern-work-environments/ HTTP/1.1" 200 12075 "-" "Mozilla/5.0 (Linux; Android 5.0) AppleWebKit/537.36 (KHTML, like Gecko) Mobile Safari/537.36 (compatible; Bytespider; https://zhanzhang.toutiao.com/)"
198.54.114.83 - - [30/Mar/2025:05:56:01 -0400] "POST /wp-admin/admin-ajax.php?action=async_litespeed&nonce=bGdl3KRDctg7GyJw2iZbCQ59LP9Lq5Q3&litespeed_type=imgoptm HTTP/1.1" 200 5 "-" "WordPress/6.7.2; https://fileluna.com"
198.54.114.83 - - [30/Mar/2025:06:00:38 -0400] "POST /wp-cron.php?doing_wp_cron=1743328838.0092990398406982421875 HTTP/1.1" 200 0 "-" "WordPress/6.7.2; https://fileluna.com"
198.54.114.83 - - [30/Mar/2025:06:00:39 -0400] "POST /wp-admin/admin-ajax.php?action=async_litespeed&nonce=o9CyicK0TY9nhz0sxNdLhhCinaOoN7eT&litespeed_type=imgoptm HTTP/1.1" 200 0 "-" "WordPress/6.7.2; https://fileluna.com"
114.119.154.229 - - [30/Mar/2025:06:00:33 -0400] "GET /page/23/ HTTP/1.1" 200 12650 "https://fileluna.com/page/22/" "Mozilla/5.0 (Linux; Android 7.0;) AppleWebKit/537.36 (KHTML, like Gecko) Mobile Safari/537.36 (compatible; PetalBot;+https://webmaster.petalsearch.com/site/petalbot)"
198.54.114.83 - - [30/Mar/2025:06:07:46 -0400] "POST /wp-cron.php?doing_wp_cron=1743329265.9970149993896484375000 HTTP/1.1" 200 0 "-" "WordPress/6.7.2; https://fileluna.com"
198.54.114.83 - - [30/Mar/2025:06:07:47 -0400] "POST /wp-admin/admin-ajax.php?action=async_litespeed&nonce=GY4hnAOG0Rbxw1S8snsHus7kjyyQLYjR&litespeed_type=imgoptm HTTP/1.1" 200 0 "-" "WordPress/6.7.2; https://fileluna.com"
54.91.122.193 - - [30/Mar/2025:06:07:41 -0400] "GET /page/12/ HTTP/1.1" 200 12840 "-" "Mozilla/5.0 AppleWebKit/537.36 (KHTML, like Gecko; compatible; Amazonbot/0.1; +https://developer.amazon.com/support/amazonbot) Chrome/119.0.6045.214 Safari/537.36"
198.54.114.83 - - [30/Mar/2025:06:12:31 -0400] "POST /wp-cron.php?doing_wp_cron=1743329551.2407920360565185546875 HTTP/1.1" 200 0 "-" "WordPress/6.7.2; https://fileluna.com"
45.126.43.35 - - [30/Mar/2025:06:12:26 -0400] "GET /wp-content/uploads/wpr-addons/forms/b1ack.php HTTP/1.1" 404 8712 "-" "Mozilla/5.0 (Windows NT 10.0; Win64; x64) AppleWebKit/537.36 (KHTML, like Gecko) Chrome/85.0.4183.102 Safari/537.36"
198.54.114.83 - - [30/Mar/2025:06:12:33 -0400] "POST /wp-admin/admin-ajax.php?action=async_litespeed&nonce=cvFjQ97YuGDRhO2VjmFpSOb77Cp14pna&litespeed_type=imgoptm HTTP/1.1" 200 0 "-" "WordPress/6.7.2; https://fileluna.com"
45.126.43.35 - - [30/Mar/2025:06:12:36 -0400] "GET /wp-content/plugins/fix/up.php HTTP/1.1" 404 8712 "-" "Mozilla/5.0 (Windows NT 10.0; Win64; x64) AppleWebKit/537.36 (KHTML, like Gecko) Chrome/85.0.4183.102 Safari/537.36"
45.126.43.35 - - [30/Mar/2025:06:12:43 -0400] "GET /defaults.php HTTP/1.1" 404 8712 "-" "Mozilla/5.0 (Windows NT 10.0; Win64; x64) AppleWebKit/537.36 (KHTML, like Gecko) Chrome/85.0.4183.102 Safari/537.36"
45.126.43.35 - - [30/Mar/2025:06:12:47 -0400] "GET /dropdown.php HTTP/1.1" 404 8712 "-" "Mozilla/5.0 (Windows NT 10.0; Win64; x64) AppleWebKit/537.36 (KHTML, like Gecko) Chrome/85.0.4183.102 Safari/537.36"
45.126.43.35 - - [30/Mar/2025:06:12:57 -0400] "GET /wp-admin/user/about.php HTTP/1.1" 302 0 "-" "Mozilla/5.0 (Windows NT 10.0; Win64; x64) AppleWebKit/537.36 (KHTML, like Gecko) Chrome/85.0.4183.102 Safari/537.36"
45.126.43.35 - - [30/Mar/2025:06:12:58 -0400] "GET /wp-login.php?redirect_to=https%3A%2F%2Ffileluna.com%2Fwp-admin%2Fuser%2Fabout.php&reauth=1 HTTP/1.1" 200 1772 "-" "Mozilla/5.0 (Windows NT 10.0; Win64; x64) AppleWebKit/537.36 (KHTML, like Gecko) Chrome/85.0.4183.102 Safari/537.36"
198.54.114.83 - - [30/Mar/2025:06:13:05 -0400] "POST /wp-cron.php?doing_wp_cron=1743329585.3524999618530273437500 HTTP/1.1" 200 0 "-" "WordPress/6.7.2; https://fileluna.com"
45.126.43.35 - - [30/Mar/2025:06:13:05 -0400] "GET /simple.php HTTP/1.1" 404 8712 "-" "Mozilla/5.0 (Windows NT 10.0; Win64; x64) AppleWebKit/537.36 (KHTML, like Gecko) Chrome/85.0.4183.102 Safari/537.36"
198.54.114.83 - - [30/Mar/2025:06:13:06 -0400] "POST /wp-admin/admin-ajax.php?action=async_litespeed&nonce=QxubBbXUKGwIv6AC1D4JpHzdLj9708Kg&litespeed_type=imgoptm HTTP/1.1" 200 5 "-" "WordPress/6.7.2; https://fileluna.com"
45.126.43.35 - - [30/Mar/2025:06:13:11 -0400] "GET /wp-includes/install.php HTTP/1.1" 404 8712 "-" "Mozilla/5.0 (Windows NT 10.0; Win64; x64) AppleWebKit/537.36 (KHTML, like Gecko) Chrome/85.0.4183.102 Safari/537.36"
45.126.43.35 - - [30/Mar/2025:06:13:23 -0400] "GET /wp-content/themes/twentyfive/include.php HTTP/1.1" 404 8712 "-" "Mozilla/5.0 (Windows NT 10.0; Win64; x64) AppleWebKit/537.36 (KHTML, like Gecko) Chrome/85.0.4183.102 Safari/537.36"
45.126.43.35 - - [30/Mar/2025:06:13:34 -0400] "GET /install.php HTTP/1.1" 404 8712 "-" "Mozilla/5.0 (Windows NT 10.0; Win64; x64) AppleWebKit/537.36 (KHTML, like Gecko) Chrome/85.0.4183.102 Safari/537.36"
45.126.43.35 - - [30/Mar/2025:06:13:37 -0400] "GET /wp-content/uploads/wp-login.php HTTP/1.1" 404 8712 "-" "Mozilla/5.0 (Windows NT 10.0; Win64; x64) AppleWebKit/537.36 (KHTML, like Gecko) Chrome/85.0.4183.102 Safari/537.36"
45.126.43.35 - - [30/Mar/2025:06:13:42 -0400] "GET /wp-admin/install.php HTTP/1.1" 200 435 "-" "Mozilla/5.0 (Windows NT 10.0; Win64; x64) AppleWebKit/537.36 (KHTML, like Gecko) Chrome/85.0.4183.102 Safari/537.36"
45.126.43.35 - - [30/Mar/2025:06:13:49 -0400] "GET /about.php HTTP/1.1" 404 8712 "-" "Mozilla/5.0 (Windows NT 10.0; Win64; x64) AppleWebKit/537.36 (KHTML, like Gecko) Chrome/85.0.4183.102 Safari/537.36"
45.126.43.35 - - [30/Mar/2025:06:14:01 -0400] "GET /simple.php HTTP/1.1" 404 8712 "-" "Mozilla/5.0 (Windows NT 10.0; Win64; x64) AppleWebKit/537.36 (KHTML, like Gecko) Chrome/85.0.4183.102 Safari/537.36"
45.126.43.35 - - [30/Mar/2025:06:14:04 -0400] "GET /dropdown.php HTTP/1.1" 404 8712 "-" "Mozilla/5.0 (Windows NT 10.0; Win64; x64) AppleWebKit/537.36 (KHTML, like Gecko) Chrome/85.0.4183.102 Safari/537.36"
52.167.144.65 - - [30/Mar/2025:06:15:01 -0400] "GET /robots.txt HTTP/1.1" 200 61 "-" "Mozilla/5.0 AppleWebKit/537.36 (KHTML, like Gecko; compatible; bingbot/2.0; +http://www.bing.com/bingbot.htm) Chrome/116.0.1938.76 Safari/537.36"
34.82.53.129 - - [30/Mar/2025:06:15:11 -0400] "GET /2024/03 HTTP/1.1" 301 0 "-" "Mozilla/5.0 (Macintosh; Intel Mac OS X 10.15; rv:124.0) Gecko/20100101 Firefox/124.0"
34.82.53.129 - - [30/Mar/2025:06:15:11 -0400] "GET /2024/03/ HTTP/1.1" 200 11255 "https://fileluna.com/2024/03" "Mozilla/5.0 (Macintosh; Intel Mac OS X 10.15; rv:124.0) Gecko/20100101 Firefox/124.0"
34.169.14.46 - - [30/Mar/2025:06:18:59 -0400] "GET /category/bitcoin HTTP/1.1" 301 0 "-" "Mozilla/5.0 (Macintosh; Intel Mac OS X 10_15_7) AppleWebKit/537.36 (KHTML, like Gecko) Chrome/119.0.0.0 Safari/537.36"
34.169.14.46 - - [30/Mar/2025:06:18:59 -0400] "GET /category/bitcoin/ HTTP/1.1" 200 9411 "https://fileluna.com/category/bitcoin" "Mozilla/5.0 (Macintosh; Intel Mac OS X 10_15_7) AppleWebKit/537.36 (KHTML, like Gecko) Chrome/119.0.0.0 Safari/537.36"
198.54.114.83 - - [30/Mar/2025:06:19:19 -0400] "POST /wp-cron.php?doing_wp_cron=1743329958.7774260044097900390625 HTTP/1.1" 200 0 "-" "WordPress/6.7.2; https://fileluna.com"
52.167.144.172 - - [30/Mar/2025:06:19:15 -0400] "GET /2023/12/ HTTP/1.1" 200 10801 "-" "Mozilla/5.0 AppleWebKit/537.36 (KHTML, like Gecko; compatible; bingbot/2.0; +http://www.bing.com/bingbot.htm) Chrome/116.0.1938.76 Safari/537.36"
198.54.114.83 - - [30/Mar/2025:06:19:20 -0400] "POST /wp-admin/admin-ajax.php?action=async_litespeed&nonce=j2f3UV6FeUfBD4CccWC6tZJPNIXbExjt&litespeed_type=imgoptm HTTP/1.1" 200 0 "-" "WordPress/6.7.2; https://fileluna.com"
198.54.114.83 - - [30/Mar/2025:06:19:54 -0400] "POST /wp-cron.php?doing_wp_cron=1743329994.1003179550170898437500 HTTP/1.1" 200 0 "-" "WordPress/6.7.2; https://fileluna.com"
34.168.170.105 - - [30/Mar/2025:06:19:53 -0400] "GET /category/media-music HTTP/1.1" 301 0 "-" "Mozilla/5.0 (Windows NT 10.0; Win64; x64) AppleWebKit/537.36 (KHTML, like Gecko) Chrome/123.0.0.0 Safari/537.36"
34.168.170.105 - - [30/Mar/2025:06:19:54 -0400] "GET /category/media-music/ HTTP/1.1" 200 9412 "https://fileluna.com/category/media-music" "Mozilla/5.0 (Windows NT 10.0; Win64; x64) AppleWebKit/537.36 (KHTML, like Gecko) Chrome/123.0.0.0 Safari/537.36"
198.54.114.83 - - [30/Mar/2025:06:21:29 -0400] "POST /wp-cron.php?doing_wp_cron=1743330089.1257081031799316406250 HTTP/1.1" 200 0 "-" "WordPress/6.7.2; https://fileluna.com"
120.77.84.25 - - [30/Mar/2025:06:21:25 -0400] "POST /xmlrpc.php HTTP/1.1" 200 205 "-" "Mozilla/5.0 (X11; Fedora; Linux x86_64; rv:94.0) Gecko/20100101 Firefox/95.0"
198.54.114.83 - - [30/Mar/2025:06:21:30 -0400] "POST /wp-admin/admin-ajax.php?action=async_litespeed&nonce=OfszzBDDzLbfNJOQ9juN8uHmE2N0vRGN&litespeed_type=imgoptm HTTP/1.1" 200 5 "-" "WordPress/6.7.2; https://fileluna.com"
2401:4900:1c8e:daa4:5c48:5178:3ae1:615f - - [30/Mar/2025:06:25:42 -0400] "HEAD /contact-us/ HTTP/1.1" 200 0 "-" "python-requests/2.32.3"
198.54.114.83 - - [30/Mar/2025:06:25:46 -0400] "POST /wp-cron.php?doing_wp_cron=1743330345.5211410522460937500000 HTTP/1.1" 200 0 "-" "WordPress/6.7.2; https://fileluna.com"
198.54.114.83 - - [30/Mar/2025:06:25:46 -0400] "POST /wp-admin/admin-ajax.php?action=async_litespeed&nonce=R7oxZLOOVQeZ0LRthiDOGaqpGS48zCeE&litespeed_type=imgoptm HTTP/1.1" 200 0 "-" "WordPress/6.7.2; https://fileluna.com"
198.54.114.83 - - [30/Mar/2025:06:35:23 -0400] "POST /wp-cron.php?doing_wp_cron=1743330923.1753160953521728515625 HTTP/1.1" 200 0 "-" "WordPress/6.7.2; https://fileluna.com"
198.54.114.83 - - [30/Mar/2025:06:35:24 -0400] "POST /wp-admin/admin-ajax.php?action=async_litespeed&nonce=llmCdRXeWQXaUBYievCjcLC7gNy0bDwJ&litespeed_type=imgoptm HTTP/1.1" 200 0 "-" "WordPress/6.7.2; https://fileluna.com"
114.119.149.81 - - [30/Mar/2025:06:35:18 -0400] "GET /exploring-the-allure-of-rainbow-riches-casinos/ HTTP/1.1" 200 11724 "https://fileluna.com/category/arts-entertainments/page/29/" "Mozilla/5.0 (Linux; Android 7.0;) AppleWebKit/537.36 (KHTML, like Gecko) Mobile Safari/537.36 (compatible; PetalBot;+https://webmaster.petalsearch.com/site/petalbot)"
185.245.105.171 - - [30/Mar/2025:06:44:41 -0400] "GET / HTTP/1.1" 200 12526 "https://fileluna.com/" "Mozilla/5.0 (Windows NT 10.0; Win64; x64) AppleWebKit/537.36 (KHTML, like Gecko) Chrome/130.0.0.0 Safari/537.36 CCleaner/130.0.0.0"
34.169.145.69 - - [30/Mar/2025:06:45:33 -0400] "GET /ihr-umzugsprofi-in-luneburg HTTP/1.1" 301 0 "-" "Mozilla/5.0 (Windows NT 10.0; Win64; x64; rv:124.0) Gecko/20100101 Firefox/124.0"
34.169.145.69 - - [30/Mar/2025:06:45:33 -0400] "GET /ihr-umzugsprofi-in-luneburg/ HTTP/1.1" 200 11878 "https://fileluna.com/ihr-umzugsprofi-in-luneburg" "Mozilla/5.0 (Windows NT 10.0; Win64; x64; rv:124.0) Gecko/20100101 Firefox/124.0"
104.196.239.51 - - [30/Mar/2025:06:45:47 -0400] "GET /category/shopping-product-reviews HTTP/1.1" 301 0 "-" "Mozilla/5.0 (Macintosh; Intel Mac OS X 10_15_7) AppleWebKit/537.36 (KHTML, like Gecko) Chrome/124.0.0.0 Safari/537.36"
104.196.239.51 - - [30/Mar/2025:06:45:48 -0400] "GET /category/shopping-product-reviews/ HTTP/1.1" 200 9444 "https://fileluna.com/category/shopping-product-reviews" "Mozilla/5.0 (Macintosh; Intel Mac OS X 10_15_7) AppleWebKit/537.36 (KHTML, like Gecko) Chrome/124.0.0.0 Safari/537.36"
216.244.66.246 - - [30/Mar/2025:06:50:30 -0400] "GET /robots.txt HTTP/1.1" 200 61 "-" "Mozilla/5.0 (compatible; DotBot/1.2; +https://opensiteexplorer.org/dotbot; help@moz.com)"
198.54.114.83 - - [30/Mar/2025:06:50:55 -0400] "POST /wp-cron.php?doing_wp_cron=1743331854.9951701164245605468750 HTTP/1.1" 200 0 "-" "WordPress/6.7.2; https://fileluna.com"
35.197.44.210 - - [30/Mar/2025:06:50:50 -0400] "GET /category/beauty HTTP/1.1" 301 0 "-" "Mozilla/5.0 (Windows NT 10.0; Win64; x64) AppleWebKit/537.36 (KHTML, like Gecko) Chrome/124.0.0.0 Safari/537.36"
198.54.114.83 - - [30/Mar/2025:06:50:55 -0400] "POST /wp-admin/admin-ajax.php?action=async_litespeed&nonce=BvPXS7NGXEJtYeuKO7tR7aHOI2J5Cc0K&litespeed_type=imgoptm HTTP/1.1" 200 5 "-" "WordPress/6.7.2; https://fileluna.com"
35.197.44.210 - - [30/Mar/2025:06:50:55 -0400] "GET /category/beauty/ HTTP/1.1" 200 9432 "https://fileluna.com/category/beauty" "Mozilla/5.0 (Windows NT 10.0; Win64; x64) AppleWebKit/537.36 (KHTML, like Gecko) Chrome/124.0.0.0 Safari/537.36"
34.82.71.152 - - [30/Mar/2025:06:58:14 -0400] "GET /category/beauty HTTP/1.1" 301 0 "-" "Mozilla/5.0 (Windows NT 10.0; Win64; x64) AppleWebKit/537.36 (KHTML, like Gecko) Chrome/123.0.0.0 Safari/537.36 Edg/123.0.2420.81"
34.82.71.152 - - [30/Mar/2025:06:58:14 -0400] "GET /category/beauty/ HTTP/1.1" 200 9432 "https://fileluna.com/category/beauty" "Mozilla/5.0 (Windows NT 10.0; Win64; x64) AppleWebKit/537.36 (KHTML, like Gecko) Chrome/123.0.0.0 Safari/537.36 Edg/123.0.2420.81"
43.135.145.117 - - [30/Mar/2025:06:58:45 -0400] "GET / HTTP/1.1" 200 12526 "http://fileluna.com" "Mozilla/5.0 (iPhone; CPU iPhone OS 13_2_3 like Mac OS X) AppleWebKit/605.1.15 (KHTML, like Gecko) Version/13.0.3 Mobile/15E148 Safari/604.1"
198.54.114.83 - - [30/Mar/2025:07:00:35 -0400] "POST /wp-cron.php?doing_wp_cron=1743332435.6721730232238769531250 HTTP/1.1" 200 0 "-" "WordPress/6.7.2; https://fileluna.com"
198.54.114.83 - - [30/Mar/2025:07:00:36 -0400] "POST /wp-admin/admin-ajax.php?action=async_litespeed&nonce=VuXZibuMuDVc0PCHcH6cf27y0xmCU4Ot&litespeed_type=imgoptm HTTP/1.1" 200 5 "-" "WordPress/6.7.2; https://fileluna.com"
114.119.137.80 - - [30/Mar/2025:07:00:31 -0400] "GET /capturing-your-pets-unique-personality-custom-pet-portraits/ HTTP/1.1" 200 11490 "https://fileluna.com/navigating-the-world-the-essentials-of-international-shipping/" "Mozilla/5.0 (Linux; Android 7.0;) AppleWebKit/537.36 (KHTML, like Gecko) Mobile Safari/537.36 (compatible; PetalBot;+https://webmaster.petalsearch.com/site/petalbot)"
34.19.86.2 - - [30/Mar/2025:07:01:23 -0400] "GET /ihr-umzugsprofi-in-luneburg HTTP/1.1" 301 0 "-" "Mozilla/5.0 (Windows NT 10.0; Win64; x64) AppleWebKit/537.36 (KHTML, like Gecko) Chrome/123.0.0.0 Safari/537.36 Edg/123.0.0.0"
34.19.86.2 - - [30/Mar/2025:07:01:23 -0400] "GET /ihr-umzugsprofi-in-luneburg/ HTTP/1.1" 200 11878 "https://fileluna.com/ihr-umzugsprofi-in-luneburg" "Mozilla/5.0 (Windows NT 10.0; Win64; x64) AppleWebKit/537.36 (KHTML, like Gecko) Chrome/123.0.0.0 Safari/537.36 Edg/123.0.0.0"
198.54.114.83 - - [30/Mar/2025:07:03:47 -0400] "POST /wp-cron.php?doing_wp_cron=1743332627.7511179447174072265625 HTTP/1.1" 200 0 "-" "WordPress/6.7.2; https://fileluna.com"
15.235.167.214 - - [30/Mar/2025:07:03:44 -0400] "POST /xmlrpc.php HTTP/1.1" 200 205 "-" "Mozilla/5.0 (X11; Fedora; Linux x86_64; rv:94.0) Gecko/20100101 Firefox/95.0"
198.54.114.83 - - [30/Mar/2025:07:03:48 -0400] "POST /wp-admin/admin-ajax.php?action=async_litespeed&nonce=hTyi8TpElCTHJzOOlbYKsVmQseF79uX9&litespeed_type=imgoptm HTTP/1.1" 200 5 "-" "WordPress/6.7.2; https://fileluna.com"
198.54.114.83 - - [30/Mar/2025:07:04:55 -0400] "POST /wp-cron.php?doing_wp_cron=1743332695.3099510669708251953125 HTTP/1.1" 200 0 "-" "WordPress/6.7.2; https://fileluna.com"
196.251.73.13 - - [30/Mar/2025:07:04:55 -0400] "GET /wp-content/plugins/WordPressCore/include.php HTTP/1.1" 404 8712 "-" "Mozlila/5.0 (Linux; Android 7.0; SM-G892A Bulid/NRD90M; wv) AppleWebKit/537.36 (KHTML, like Gecko) Version/4.0 Chrome/60.0.3112.107 Moblie Safari/537.36"
198.54.114.83 - - [30/Mar/2025:07:04:55 -0400] "POST /wp-admin/admin-ajax.php?action=async_litespeed&nonce=drgUuNRZQfQJ0AnYXtHKbHtCKRFPvS4H&litespeed_type=imgoptm HTTP/1.1" 200 5 "-" "WordPress/6.7.2; https://fileluna.com"
196.251.73.13 - - [30/Mar/2025:07:05:00 -0400] "GET /wp-content/plugins/WordPressCore/include.php HTTP/1.1" 404 8712 "-" "Mozlila/5.0 (Linux; Android 7.0; SM-G892A Bulid/NRD90M; wv) AppleWebKit/537.36 (KHTML, like Gecko) Version/4.0 Chrome/60.0.3112.107 Moblie Safari/537.36"
138.199.59.149 - - [30/Mar/2025:07:06:21 -0400] "GET /wp-login.php HTTP/1.1" 200 1760 "https://fileluna.com" "Mozilla/5.0 (Windows NT 6.1; Win64; x64; rv:94.0) Gecko/20100101 Firefox/94.0"
198.54.114.83 - - [30/Mar/2025:07:06:26 -0400] "POST /wp-cron.php?doing_wp_cron=1743332785.9891560077667236328125 HTTP/1.1" 200 0 "-" "WordPress/6.7.2; https://fileluna.com"
138.199.59.149 - - [30/Mar/2025:07:06:24 -0400] "POST /wp-login.php?wpe-login=true&hide_my_wp=1&hmwp_do=login&login=1 HTTP/1.1" 200 1901 "https://fileluna.com" "Mozilla/5.0 (Windows NT 6.1; Win64; x64; rv:94.0) Gecko/20100101 Firefox/94.0"
198.54.114.83 - - [30/Mar/2025:07:06:26 -0400] "POST /wp-admin/admin-ajax.php?action=async_litespeed&nonce=9UKtYsO3gQ6zbQ5xh7di7ehqe6VJcfcd&litespeed_type=imgoptm HTTP/1.1" 200 5 "-" "WordPress/6.7.2; https://fileluna.com"
198.54.114.83 - - [30/Mar/2025:07:10:07 -0400] "POST /wp-cron.php?doing_wp_cron=1743333007.1828589439392089843750 HTTP/1.1" 200 0 "-" "WordPress/6.7.2; https://fileluna.com"
35.230.63.59 - - [30/Mar/2025:07:10:03 -0400] "GET /effiziente-wohnungsauflosung-in-luneburg HTTP/1.1" 301 0 "-" "Mozilla/5.0 (Windows NT 10.0; Win64; x64) AppleWebKit/537.36 (KHTML, like Gecko) Chrome/118.0.0.0 Safari/537.36"
35.230.63.59 - - [30/Mar/2025:07:10:07 -0400] "GET /effiziente-wohnungsauflosung-in-luneburg/ HTTP/1.1" 200 11796 "https://fileluna.com/effiziente-wohnungsauflosung-in-luneburg" "Mozilla/5.0 (Windows NT 10.0; Win64; x64) AppleWebKit/537.36 (KHTML, like Gecko) Chrome/118.0.0.0 Safari/537.36"
198.54.114.83 - - [30/Mar/2025:07:10:07 -0400] "POST /wp-admin/admin-ajax.php?action=async_litespeed&nonce=avUCRK0edZolzw2eLC72CuF7KcgPXV0I&litespeed_type=imgoptm HTTP/1.1" 200 5 "-" "WordPress/6.7.2; https://fileluna.com"
34.169.243.126 - - [30/Mar/2025:07:10:36 -0400] "GET /2024/07 HTTP/1.1" 301 0 "-" "Mozilla/5.0 (Macintosh; Intel Mac OS X 10_15_7) AppleWebKit/605.1.15 (KHTML, like Gecko) Version/17.1.2 Safari/605.1.15"
34.169.243.126 - - [30/Mar/2025:07:10:36 -0400] "GET /2024/07/ HTTP/1.1" 200 9730 "https://fileluna.com/2024/07" "Mozilla/5.0 (Macintosh; Intel Mac OS X 10_15_7) AppleWebKit/605.1.15 (KHTML, like Gecko) Version/17.1.2 Safari/605.1.15"
198.54.114.83 - - [30/Mar/2025:07:20:23 -0400] "POST /wp-cron.php?doing_wp_cron=1743333622.8368589878082275390625 HTTP/1.1" 200 0 "-" "WordPress/6.7.2; https://fileluna.com"
114.119.148.27 - - [30/Mar/2025:07:20:21 -0400] "GET /the-excitement-of-online-casino-gaming-experience/ HTTP/1.1" 200 12153 "https://fileluna.com/page/13/" "Mozilla/5.0 (Linux; Android 7.0;) AppleWebKit/537.36 (KHTML, like Gecko) Mobile Safari/537.36 (compatible; PetalBot;+https://webmaster.petalsearch.com/site/petalbot)"
198.54.114.83 - - [30/Mar/2025:07:20:23 -0400] "POST /wp-admin/admin-ajax.php?action=async_litespeed&nonce=Ckho3bmjpzL6qMYRzv1ysNEiLYRkXFG8&litespeed_type=imgoptm HTTP/1.1" 200 5 "-" "WordPress/6.7.2; https://fileluna.com"
198.54.114.83 - - [30/Mar/2025:07:21:43 -0400] "POST /wp-cron.php?doing_wp_cron=1743333703.4461579322814941406250 HTTP/1.1" 200 0 "-" "WordPress/6.7.2; https://fileluna.com"
198.54.114.83 - - [30/Mar/2025:07:21:43 -0400] "POST /wp-admin/admin-ajax.php?action=async_litespeed&nonce=LPkw9dT4kqTeqNs1SYyu4QGkcdHEws6S&litespeed_type=imgoptm HTTP/1.1" 200 5 "-" "WordPress/6.7.2; https://fileluna.com"
114.119.137.80 - - [30/Mar/2025:07:21:43 -0400] "GET /the-cultureland-card-payment-experience/ HTTP/1.1" 200 11604 "https://fileluna.com/unlocking-the-joy-of-experiences-with-culture-gift-certificates/" "Mozilla/5.0 (Linux; Android 7.0;) AppleWebKit/537.36 (KHTML, like Gecko) Mobile Safari/537.36 (compatible; PetalBot;+https://webmaster.petalsearch.com/site/petalbot)"
198.54.114.83 - - [30/Mar/2025:07:22:57 -0400] "POST /wp-cron.php?doing_wp_cron=1743333777.1078789234161376953125 HTTP/1.1" 200 0 "-" "WordPress/6.7.2; https://fileluna.com"
198.54.114.83 - - [30/Mar/2025:07:22:57 -0400] "POST /wp-admin/admin-ajax.php?action=async_litespeed&nonce=NFPjt7m4geBE3sk0EMv7V0ae057Cd44G&litespeed_type=imgoptm HTTP/1.1" 200 5 "-" "WordPress/6.7.2; https://fileluna.com"
110.249.202.151 - - [30/Mar/2025:07:22:56 -0400] "GET /unraveling-the-mystery-of-buy-youtube-views-non-drop-services/ HTTP/1.1" 200 11935 "-" "Mozilla/5.0 (Linux; Android 5.0) AppleWebKit/537.36 (KHTML, like Gecko) Mobile Safari/537.36 (compatible; Bytespider; https://zhanzhang.toutiao.com/)"
198.54.114.83 - - [30/Mar/2025:07:23:06 -0400] "POST /wp-cron.php?doing_wp_cron=1743333786.7939660549163818359375 HTTP/1.1" 200 0 "-" "WordPress/6.7.2; https://fileluna.com"
114.119.148.27 - - [30/Mar/2025:07:23:06 -0400] "GET /rechtsanwalt-hattingen-ihre-vertrauensvolle-rechtliche-unterstutzung/ HTTP/1.1" 200 12384 "https://fileluna.com/page/3/" "Mozilla/5.0 (Linux; Android 7.0;) AppleWebKit/537.36 (KHTML, like Gecko) Mobile Safari/537.36 (compatible; PetalBot;+https://webmaster.petalsearch.com/site/petalbot)"
198.54.114.83 - - [30/Mar/2025:07:23:07 -0400] "POST /wp-admin/admin-ajax.php?action=async_litespeed&nonce=JuIN6HMCYVYjYeW1EJ9ZEulggT5HUvcO&litespeed_type=imgoptm HTTP/1.1" 200 5 "-" "WordPress/6.7.2; https://fileluna.com"
35.199.160.53 - - [30/Mar/2025:07:23:32 -0400] "GET /category/beauty HTTP/1.1" 301 0 "-" "Mozilla/5.0 (X11; Linux x86_64) AppleWebKit/537.36 (KHTML, like Gecko) Chrome/124.0.0.0 Safari/537.36"
35.199.160.53 - - [30/Mar/2025:07:23:32 -0400] "GET /category/beauty/ HTTP/1.1" 200 9432 "https://fileluna.com/category/beauty" "Mozilla/5.0 (X11; Linux x86_64) AppleWebKit/537.36 (KHTML, like Gecko) Chrome/124.0.0.0 Safari/537.36"
198.54.114.83 - - [30/Mar/2025:07:24:34 -0400] "POST /wp-cron.php?doing_wp_cron=1743333874.1570351123809814453125 HTTP/1.1" 200 0 "-" "WordPress/6.7.2; https://fileluna.com"
114.119.132.228 - - [30/Mar/2025:07:24:31 -0400] "GET /category/arts-entertainments/page/17/ HTTP/1.1" 200 11179 "https://fileluna.com/category/arts-entertainments/page/16/" "Mozilla/5.0 (Linux; Android 7.0;) AppleWebKit/537.36 (KHTML, like Gecko) Mobile Safari/537.36 (compatible; PetalBot;+https://webmaster.petalsearch.com/site/petalbot)"
198.54.114.83 - - [30/Mar/2025:07:24:34 -0400] "POST /wp-admin/admin-ajax.php?action=async_litespeed&nonce=DelZaKteez88YVNulBHo4rDSOAV2kLga&litespeed_type=imgoptm HTTP/1.1" 200 5 "-" "WordPress/6.7.2; https://fileluna.com"
50.17.193.48 - - [30/Mar/2025:07:24:49 -0400] "GET /author/admin/page/24/ HTTP/1.1" 200 11226 "-" "Mozilla/5.0 AppleWebKit/537.36 (KHTML, like Gecko; compatible; Amazonbot/0.1; +https://developer.amazon.com/support/amazonbot) Chrome/119.0.6045.214 Safari/537.36"
107.20.25.33 - - [30/Mar/2025:07:24:53 -0400] "GET /author/admin/page/29/ HTTP/1.1" 200 11352 "-" "Mozilla/5.0 AppleWebKit/537.36 (KHTML, like Gecko; compatible; Amazonbot/0.1; +https://developer.amazon.com/support/amazonbot) Chrome/119.0.6045.214 Safari/537.36"
198.54.114.83 - - [30/Mar/2025:07:25:53 -0400] "POST /wp-cron.php?doing_wp_cron=1743333953.1491770744323730468750 HTTP/1.1" 200 0 "-" "WordPress/6.7.2; https://fileluna.com"
198.54.114.83 - - [30/Mar/2025:07:25:53 -0400] "POST /wp-admin/admin-ajax.php?action=async_litespeed&nonce=Qd7D88pVsyAgrE1CGTTXTE2FqdK9e9eN&litespeed_type=imgoptm HTTP/1.1" 200 5 "-" "WordPress/6.7.2; https://fileluna.com"
114.119.154.229 - - [30/Mar/2025:07:25:52 -0400] "GET /2024/page/14/ HTTP/1.1" 200 11291 "https://fileluna.com/2024/page/15/" "Mozilla/5.0 (Linux; Android 7.0;) AppleWebKit/537.36 (KHTML, like Gecko) Mobile Safari/537.36 (compatible; PetalBot;+https://webmaster.petalsearch.com/site/petalbot)"
198.54.114.83 - - [30/Mar/2025:07:27:16 -0400] "POST /wp-cron.php?doing_wp_cron=1743334036.5965731143951416015625 HTTP/1.1" 200 0 "-" "WordPress/6.7.2; https://fileluna.com"
198.54.114.83 - - [30/Mar/2025:07:27:16 -0400] "POST /wp-admin/admin-ajax.php?action=async_litespeed&nonce=afUqNdoNozWV58n56Ig94DT8v8PzOuQg&litespeed_type=imgoptm HTTP/1.1" 200 5 "-" "WordPress/6.7.2; https://fileluna.com"
114.119.129.34 - - [30/Mar/2025:07:27:16 -0400] "GET /2024/11/page/6/ HTTP/1.1" 200 11417 "https://fileluna.com/2024/11/page/3/" "Mozilla/5.0 (Linux; Android 7.0;) AppleWebKit/537.36 (KHTML, like Gecko) Mobile Safari/537.36 (compatible; PetalBot;+https://webmaster.petalsearch.com/site/petalbot)"
198.54.114.83 - - [30/Mar/2025:07:28:43 -0400] "POST /wp-cron.php?doing_wp_cron=1743334123.6714839935302734375000 HTTP/1.1" 200 0 "-" "WordPress/6.7.2; https://fileluna.com"
114.119.132.163 - - [30/Mar/2025:07:28:41 -0400] "GET /2024/10/page/9/ HTTP/1.1" 200 10530 "https://fileluna.com/2024/10/page/3/" "Mozilla/5.0 (Linux; Android 7.0;) AppleWebKit/537.36 (KHTML, like Gecko) Mobile Safari/537.36 (compatible; PetalBot;+https://webmaster.petalsearch.com/site/petalbot)"
198.54.114.83 - - [30/Mar/2025:07:28:43 -0400] "POST /wp-admin/admin-ajax.php?action=async_litespeed&nonce=KcmAWqh74tLjaIYNGW64apOd1mxI6JZL&litespeed_type=imgoptm HTTP/1.1" 200 5 "-" "WordPress/6.7.2; https://fileluna.com"
104.198.104.238 - - [30/Mar/2025:07:45:11 -0400] "GET /2024/07 HTTP/1.1" 301 0 "-" "Mozilla/5.0 (Macintosh; Intel Mac OS X 10_15_7) AppleWebKit/537.36 (KHTML, like Gecko) Chrome/121.0.0.0 Safari/537.36"
104.198.104.238 - - [30/Mar/2025:07:45:12 -0400] "GET /2024/07/ HTTP/1.1" 200 9730 "https://fileluna.com/2024/07" "Mozilla/5.0 (Macintosh; Intel Mac OS X 10_15_7) AppleWebKit/537.36 (KHTML, like Gecko) Chrome/121.0.0.0 Safari/537.36"
198.54.114.83 - - [30/Mar/2025:07:47:48 -0400] "POST /wp-cron.php?doing_wp_cron=1743335268.7274899482727050781250 HTTP/1.1" 200 0 "-" "WordPress/6.7.2; https://fileluna.com"
34.127.115.188 - - [30/Mar/2025:07:47:47 -0400] "GET /gitarre-lernen-in-dusseldorf HTTP/1.1" 301 0 "-" "Mozilla/5.0 (Macintosh; Intel Mac OS X 10_15_7) AppleWebKit/605.1.15 (KHTML, like Gecko) Version/15.6.1 Safari/605.1.15"
34.127.115.188 - - [30/Mar/2025:07:47:49 -0400] "GET /gitarre-lernen-in-dusseldorf/ HTTP/1.1" 200 11816 "https://fileluna.com/gitarre-lernen-in-dusseldorf" "Mozilla/5.0 (Macintosh; Intel Mac OS X 10_15_7) AppleWebKit/605.1.15 (KHTML, like Gecko) Version/15.6.1 Safari/605.1.15"
198.54.114.83 - - [30/Mar/2025:07:47:49 -0400] "POST /wp-admin/admin-ajax.php?action=async_litespeed&nonce=8NIYrgrDoruGotHxtNeYbEYJOetWf8kE&litespeed_type=imgoptm HTTP/1.1" 200 5 "-" "WordPress/6.7.2; https://fileluna.com"
198.54.114.83 - - [30/Mar/2025:07:48:53 -0400] "POST /wp-cron.php?doing_wp_cron=1743335333.2718598842620849609375 HTTP/1.1" 200 0 "-" "WordPress/6.7.2; https://fileluna.com"
103.253.14.90 - - [30/Mar/2025:07:48:52 -0400] "POST /xmlrpc.php HTTP/1.1" 200 205 "-" "Mozilla/5.0 (X11; Fedora; Linux x86_64; rv:94.0) Gecko/20100101 Firefox/95.0"
198.54.114.83 - - [30/Mar/2025:07:48:53 -0400] "POST /wp-admin/admin-ajax.php?action=async_litespeed&nonce=ok7OBbLYDUj75tZvycL0gigobPzSxR1h&litespeed_type=imgoptm HTTP/1.1" 200 5 "-" "WordPress/6.7.2; https://fileluna.com"
198.54.114.83 - - [30/Mar/2025:07:49:28 -0400] "POST /wp-cron.php?doing_wp_cron=1743335367.8184421062469482421875 HTTP/1.1" 200 0 "-" "WordPress/6.7.2; https://fileluna.com"
114.119.132.228 - - [30/Mar/2025:07:49:27 -0400] "GET /aba-therapy-and-its-benefits/ HTTP/1.1" 200 11604 "https://fileluna.com/category/arts-entertainments/page/19/" "Mozilla/5.0 (Linux; Android 7.0;) AppleWebKit/537.36 (KHTML, like Gecko) Mobile Safari/537.36 (compatible; PetalBot;+https://webmaster.petalsearch.com/site/petalbot)"
198.54.114.83 - - [30/Mar/2025:07:49:28 -0400] "POST /wp-admin/admin-ajax.php?action=async_litespeed&nonce=jXgQIEC4JCmU8BLqOJx0VzrUGrAzdky5&litespeed_type=imgoptm HTTP/1.1" 200 5 "-" "WordPress/6.7.2; https://fileluna.com"
216.244.66.246 - - [30/Mar/2025:07:50:46 -0400] "GET /robots.txt HTTP/1.1" 200 61 "-" "Mozilla/5.0 (compatible; DotBot/1.2; +https://opensiteexplorer.org/dotbot; help@moz.com)"
198.54.114.83 - - [30/Mar/2025:07:51:24 -0400] "POST /wp-cron.php?doing_wp_cron=1743335483.9621438980102539062500 HTTP/1.1" 200 0 "-" "WordPress/6.7.2; https://fileluna.com"
111.225.149.88 - - [30/Mar/2025:07:51:22 -0400] "GET /2024/02/page/2/ HTTP/1.1" 200 10847 "-" "Mozilla/5.0 (Linux; Android 5.0) AppleWebKit/537.36 (KHTML, like Gecko) Mobile Safari/537.36 (compatible; Bytespider; https://zhanzhang.toutiao.com/)"
198.54.114.83 - - [30/Mar/2025:07:51:24 -0400] "POST /wp-admin/admin-ajax.php?action=async_litespeed&nonce=VNA0zoTdG741azxetTu9yPbWU8WHN78G&litespeed_type=imgoptm HTTP/1.1" 200 5 "-" "WordPress/6.7.2; https://fileluna.com"
198.54.114.83 - - [30/Mar/2025:07:55:26 -0400] "POST /wp-cron.php?doing_wp_cron=1743335726.6884651184082031250000 HTTP/1.1" 200 0 "-" "WordPress/6.7.2; https://fileluna.com"
110.249.201.117 - - [30/Mar/2025:07:55:23 -0400] "GET /die-beste-umzugsfirma-in-hamburg-fur-einen-stressfreien-umzug/ HTTP/1.1" 200 11843 "-" "Mozilla/5.0 (Linux; Android 5.0) AppleWebKit/537.36 (KHTML, like Gecko) Mobile Safari/537.36 (compatible; Bytespider; https://zhanzhang.toutiao.com/)"
198.54.114.83 - - [30/Mar/2025:07:55:27 -0400] "POST /wp-admin/admin-ajax.php?action=async_litespeed&nonce=ntshAj0qJR7D9sKtKUinETdB2RCLK8rf&litespeed_type=imgoptm HTTP/1.1" 200 0 "-" "WordPress/6.7.2; https://fileluna.com"
110.249.201.117 - - [30/Mar/2025:07:55:28 -0400] "GET /wp-content/themes/newsphere/assets/jquery-match-height/jquery.matchHeight.min.js?ver=6.7.2 HTTP/1.1" 200 1264 "https://fileluna.com/die-beste-umzugsfirma-in-hamburg-fur-einen-stressfreien-umzug/" "Mozilla/5.0 (Linux; Android 5.0) AppleWebKit/537.36 (KHTML, like Gecko) Mobile Safari/537.36 (compatible; Bytespider; https://zhanzhang.toutiao.com/)"
110.249.201.117 - - [30/Mar/2025:07:55:28 -0400] "GET /wp-content/themes/newsphere/js/navigation.js?ver=20151215 HTTP/1.1" 200 953 "https://fileluna.com/die-beste-umzugsfirma-in-hamburg-fur-einen-stressfreien-umzug/" "Mozilla/5.0 (Linux; Android 5.0) AppleWebKit/537.36 (KHTML, like Gecko) Mobile Safari/537.36 (compatible; Bytespider; https://zhanzhang.toutiao.com/)"
