34.83.232.94 - - [29/Mar/2025:22:04:56 -0400] "GET /category/gaming HTTP/1.1" 301 0 "-" "Mozilla/5.0 (Windows NT 10.0; Win64; x64; rv:123.0) Gecko/20100101 Firefox/123.0"
34.83.232.94 - - [29/Mar/2025:22:04:56 -0400] "GET /category/gaming/ HTTP/1.1" 200 9428 "https://fileluna.com/category/gaming" "Mozilla/5.0 (Windows NT 10.0; Win64; x64; rv:123.0) Gecko/20100101 Firefox/123.0"
198.54.114.83 - - [29/Mar/2025:22:06:40 -0400] "POST /wp-cron.php?doing_wp_cron=1743300400.0293469429016113281250 HTTP/1.1" 200 0 "-" "WordPress/6.7.2; https://fileluna.com"
34.118.195.204 - - [29/Mar/2025:22:06:37 -0400] "GET /category/home-improvement HTTP/1.1" 301 0 "-" "Mozilla/5.0 (Windows NT 10.0; Win64; x64) AppleWebKit/537.36 (KHTML, like Gecko) Chrome/122.0.0.0 Safari/537.36"
34.118.195.204 - - [29/Mar/2025:22:06:40 -0400] "GET /category/home-improvement/ HTTP/1.1" 200 9427 "https://fileluna.com/category/home-improvement" "Mozilla/5.0 (Windows NT 10.0; Win64; x64) AppleWebKit/537.36 (KHTML, like Gecko) Chrome/122.0.0.0 Safari/537.36"
198.54.114.83 - - [29/Mar/2025:22:06:40 -0400] "POST /wp-admin/admin-ajax.php?action=async_litespeed&nonce=SqW70ygCjuYHhDKuStS3DnRTClCzP7eI&litespeed_type=imgoptm HTTP/1.1" 200 5 "-" "WordPress/6.7.2; https://fileluna.com"
198.54.114.83 - - [29/Mar/2025:22:07:04 -0400] "POST /wp-cron.php?doing_wp_cron=1743300424.2053320407867431640625 HTTP/1.1" 200 0 "-" "WordPress/6.7.2; https://fileluna.com"
34.168.239.122 - - [29/Mar/2025:22:07:03 -0400] "GET /category/education HTTP/1.1" 301 0 "-" "Mozilla/5.0 (Windows NT 10.0; Win64; x64) AppleWebKit/537.36 (KHTML, like Gecko) Chrome/121.0.0.0 Safari/537.36 Edg/121.0.0.0"
34.168.239.122 - - [29/Mar/2025:22:07:05 -0400] "GET /category/education/ HTTP/1.1" 200 9422 "https://fileluna.com/category/education" "Mozilla/5.0 (Windows NT 10.0; Win64; x64) AppleWebKit/537.36 (KHTML, like Gecko) Chrome/121.0.0.0 Safari/537.36 Edg/121.0.0.0"
198.54.114.83 - - [29/Mar/2025:22:07:05 -0400] "POST /wp-admin/admin-ajax.php?action=async_litespeed&nonce=a8Y7Ke3lzQEzIsfYWxxqxdYYstJcLPXW&litespeed_type=imgoptm HTTP/1.1" 200 5 "-" "WordPress/6.7.2; https://fileluna.com"
216.244.66.246 - - [29/Mar/2025:22:17:27 -0400] "GET /robots.txt HTTP/1.1" 200 61 "-" "Mozilla/5.0 (compatible; DotBot/1.2; +https://opensiteexplorer.org/dotbot; help@moz.com)"
198.98.61.49 - - [29/Mar/2025:22:20:22 -0400] "GET /wp-login.php HTTP/1.1" 200 1761 "-" "Mozilla/5.0 (X11; Linux x86_64) AppleWebKit/537.36 (KHTML, like Gecko) Chrome/35.0.1916.153 Safari/537.36"
198.54.114.83 - - [29/Mar/2025:22:20:24 -0400] "POST /wp-cron.php?doing_wp_cron=1743301224.6673328876495361328125 HTTP/1.1" 200 0 "-" "WordPress/6.7.2; https://fileluna.com"
198.98.61.49 - - [29/Mar/2025:22:20:22 -0400] "POST /wp-login.php HTTP/1.1" 200 1901 "-" "Mozilla/5.0 (X11; Linux x86_64) AppleWebKit/537.36 (KHTML, like Gecko) Chrome/35.0.1916.153 Safari/537.36"
198.54.114.83 - - [29/Mar/2025:22:20:25 -0400] "POST /wp-admin/admin-ajax.php?action=async_litespeed&nonce=YlRbVLPtjQ5eBcW6P5KNWJiXlN6lyFwR&litespeed_type=imgoptm HTTP/1.1" 200 5 "-" "WordPress/6.7.2; https://fileluna.com"
34.168.253.8 - - [29/Mar/2025:22:20:50 -0400] "GET /page/3 HTTP/1.1" 301 0 "-" "Mozilla/5.0 (Windows NT 10.0; Win64; x64) AppleWebKit/537.36 (KHTML, like Gecko) Chrome/123.0.0.0 Safari/537.36 OPR/109.0.0.0"
34.168.253.8 - - [29/Mar/2025:22:20:51 -0400] "GET /page/3/ HTTP/1.1" 200 12862 "https://fileluna.com/page/3" "Mozilla/5.0 (Windows NT 10.0; Win64; x64) AppleWebKit/537.36 (KHTML, like Gecko) Chrome/123.0.0.0 Safari/537.36 OPR/109.0.0.0"
198.54.114.83 - - [29/Mar/2025:22:21:26 -0400] "POST /wp-cron.php?doing_wp_cron=1743301286.4872539043426513671875 HTTP/1.1" 200 0 "-" "WordPress/6.7.2; https://fileluna.com"
34.82.82.120 - - [29/Mar/2025:22:21:26 -0400] "GET /page/2 HTTP/1.1" 301 0 "-" "Mozilla/5.0 (Macintosh; Intel Mac OS X 10_15_7) AppleWebKit/537.36 (KHTML, like Gecko) Chrome/124.0.0.0 Safari/537.36 Edg/124.0.0.0"
34.82.82.120 - - [29/Mar/2025:22:21:26 -0400] "GET /page/2/ HTTP/1.1" 200 12740 "https://fileluna.com/page/2" "Mozilla/5.0 (Macintosh; Intel Mac OS X 10_15_7) AppleWebKit/537.36 (KHTML, like Gecko) Chrome/124.0.0.0 Safari/537.36 Edg/124.0.0.0"
198.54.114.83 - - [29/Mar/2025:22:21:27 -0400] "POST /wp-admin/admin-ajax.php?action=async_litespeed&nonce=gkUpufB2mJvgg6JeSpzu5446UelGeNiT&litespeed_type=imgoptm HTTP/1.1" 200 5 "-" "WordPress/6.7.2; https://fileluna.com"
111.225.148.226 - - [29/Mar/2025:22:28:54 -0400] "GET /a-modern-gaming-revolution/ HTTP/1.1" 200 11735 "-" "Mozilla/5.0 (Linux; Android 5.0) AppleWebKit/537.36 (KHTML, like Gecko) Mobile Safari/537.36 (compatible; Bytespider; https://zhanzhang.toutiao.com/)"
111.225.148.226 - - [29/Mar/2025:22:28:55 -0400] "GET /wp-includes/js/jquery/jquery.min.js?ver=3.7.1 HTTP/1.1" 304 0 "https://fileluna.com/a-modern-gaming-revolution/" "Mozilla/5.0 (Linux; Android 5.0) AppleWebKit/537.36 (KHTML, like Gecko) Mobile Safari/537.36 (compatible; Bytespider; https://zhanzhang.toutiao.com/)"
111.225.148.226 - - [29/Mar/2025:22:28:55 -0400] "GET /wp-includes/js/jquery/jquery-migrate.min.js?ver=3.4.1 HTTP/1.1" 200 4678 "https://fileluna.com/a-modern-gaming-revolution/" "Mozilla/5.0 (Linux; Android 5.0) AppleWebKit/537.36 (KHTML, like Gecko) Mobile Safari/537.36 (compatible; Bytespider; https://zhanzhang.toutiao.com/)"
111.225.148.226 - - [29/Mar/2025:22:28:55 -0400] "GET /wp-content/themes/newsphere/assets/bootstrap/js/bootstrap.min.js?ver=6.7.2 HTTP/1.1" 304 0 "https://fileluna.com/a-modern-gaming-revolution/" "Mozilla/5.0 (Linux; Android 5.0) AppleWebKit/537.36 (KHTML, like Gecko) Mobile Safari/537.36 (compatible; Bytespider; https://zhanzhang.toutiao.com/)"
111.225.148.226 - - [29/Mar/2025:22:28:55 -0400] "GET /wp-content/themes/newsphere/assets/swiper/js/swiper-bundle.min.js?ver=6.7.2 HTTP/1.1" 304 0 "https://fileluna.com/a-modern-gaming-revolution/" "Mozilla/5.0 (Linux; Android 5.0) AppleWebKit/537.36 (KHTML, like Gecko) Mobile Safari/537.36 (compatible; Bytespider; https://zhanzhang.toutiao.com/)"
111.225.148.226 - - [29/Mar/2025:22:28:55 -0400] "GET /wp-content/themes/newsphere/assets/jquery-match-height/jquery.matchHeight.min.js?ver=6.7.2 HTTP/1.1" 304 0 "https://fileluna.com/a-modern-gaming-revolution/" "Mozilla/5.0 (Linux; Android 5.0) AppleWebKit/537.36 (KHTML, like Gecko) Mobile Safari/537.36 (compatible; Bytespider; https://zhanzhang.toutiao.com/)"
111.225.148.226 - - [29/Mar/2025:22:28:55 -0400] "GET /wp-content/themes/newsphere/js/skip-link-focus-fix.js?ver=20151215 HTTP/1.1" 304 0 "https://fileluna.com/a-modern-gaming-revolution/" "Mozilla/5.0 (Linux; Android 5.0) AppleWebKit/537.36 (KHTML, like Gecko) Mobile Safari/537.36 (compatible; Bytespider; https://zhanzhang.toutiao.com/)"
111.225.148.226 - - [29/Mar/2025:22:28:55 -0400] "GET /wp-content/themes/newsphere/js/navigation.js?ver=20151215 HTTP/1.1" 304 0 "https://fileluna.com/a-modern-gaming-revolution/" "Mozilla/5.0 (Linux; Android 5.0) AppleWebKit/537.36 (KHTML, like Gecko) Mobile Safari/537.36 (compatible; Bytespider; https://zhanzhang.toutiao.com/)"
111.225.148.226 - - [29/Mar/2025:22:28:55 -0400] "GET /wp-content/themes/newsphere/assets/sidr/js/jquery.sidr.min.js?ver=6.7.2 HTTP/1.1" 200 2937 "https://fileluna.com/a-modern-gaming-revolution/" "Mozilla/5.0 (Linux; Android 5.0) AppleWebKit/537.36 (KHTML, like Gecko) Mobile Safari/537.36 (compatible; Bytespider; https://zhanzhang.toutiao.com/)"
111.225.148.226 - - [29/Mar/2025:22:28:55 -0400] "GET /wp-content/themes/newsphere/assets/magnific-popup/jquery.magnific-popup.min.js?ver=6.7.2 HTTP/1.1" 304 0 "https://fileluna.com/a-modern-gaming-revolution/" "Mozilla/5.0 (Linux; Android 5.0) AppleWebKit/537.36 (KHTML, like Gecko) Mobile Safari/537.36 (compatible; Bytespider; https://zhanzhang.toutiao.com/)"
111.225.148.226 - - [29/Mar/2025:22:28:56 -0400] "GET /wp-content/themes/newsphere/assets/theiaStickySidebar/theia-sticky-sidebar.min.js?ver=6.7.2 HTTP/1.1" 304 0 "https://fileluna.com/a-modern-gaming-revolution/" "Mozilla/5.0 (Linux; Android 5.0) AppleWebKit/537.36 (KHTML, like Gecko) Mobile Safari/537.36 (compatible; Bytespider; https://zhanzhang.toutiao.com/)"
111.225.148.226 - - [29/Mar/2025:22:28:56 -0400] "GET /wp-content/themes/newsphere/assets/marquee/jquery.marquee.js?ver=6.7.2 HTTP/1.1" 304 0 "https://fileluna.com/a-modern-gaming-revolution/" "Mozilla/5.0 (Linux; Android 5.0) AppleWebKit/537.36 (KHTML, like Gecko) Mobile Safari/537.36 (compatible; Bytespider; https://zhanzhang.toutiao.com/)"
111.225.148.226 - - [29/Mar/2025:22:28:56 -0400] "GET /wp-content/themes/newsphere/assets/pagination-script.js?ver=6.7.2 HTTP/1.1" 304 0 "https://fileluna.com/a-modern-gaming-revolution/" "Mozilla/5.0 (Linux; Android 5.0) AppleWebKit/537.36 (KHTML, like Gecko) Mobile Safari/537.36 (compatible; Bytespider; https://zhanzhang.toutiao.com/)"
111.225.148.226 - - [29/Mar/2025:22:28:56 -0400] "GET /wp-content/themes/newsphere/admin-dashboard/dist/newsphere_scripts.build.js?ver=6.7.2 HTTP/1.1" 304 0 "https://fileluna.com/a-modern-gaming-revolution/" "Mozilla/5.0 (Linux; Android 5.0) AppleWebKit/537.36 (KHTML, like Gecko) Mobile Safari/537.36 (compatible; Bytespider; https://zhanzhang.toutiao.com/)"
111.225.148.226 - - [29/Mar/2025:22:28:56 -0400] "GET /wp-includes/js/comment-reply.min.js?ver=6.7.2 HTTP/1.1" 304 0 "https://fileluna.com/a-modern-gaming-revolution/" "Mozilla/5.0 (Linux; Android 5.0) AppleWebKit/537.36 (KHTML, like Gecko) Mobile Safari/537.36 (compatible; Bytespider; https://zhanzhang.toutiao.com/)"
111.225.148.226 - - [29/Mar/2025:22:28:56 -0400] "GET /wp-includes/js/wp-emoji-release.min.js?ver=6.7.2 HTTP/1.1" 304 0 "https://fileluna.com/a-modern-gaming-revolution/" "Mozilla/5.0 (Linux; Android 5.0) AppleWebKit/537.36 (KHTML, like Gecko) Mobile Safari/537.36 (compatible; Bytespider; https://zhanzhang.toutiao.com/)"
198.54.114.83 - - [29/Mar/2025:22:32:31 -0400] "POST /wp-cron.php?doing_wp_cron=1743301951.4948940277099609375000 HTTP/1.1" 200 0 "-" "WordPress/6.7.2; https://fileluna.com"
34.19.23.216 - - [29/Mar/2025:22:32:28 -0400] "GET /category/how-to HTTP/1.1" 301 0 "-" "Mozilla/5.0 (Windows NT 10.0; Win64; x64) AppleWebKit/537.36 (KHTML, like Gecko) Chrome/121.0.0.0 Safari/537.36"
34.19.23.216 - - [29/Mar/2025:22:32:31 -0400] "GET /category/how-to/ HTTP/1.1" 200 10097 "https://fileluna.com/category/how-to" "Mozilla/5.0 (Windows NT 10.0; Win64; x64) AppleWebKit/537.36 (KHTML, like Gecko) Chrome/121.0.0.0 Safari/537.36"
198.54.114.83 - - [29/Mar/2025:22:32:32 -0400] "POST /wp-admin/admin-ajax.php?action=async_litespeed&nonce=OMaThMqOITzX98H7ed0bjheSmvEil0kp&litespeed_type=imgoptm HTTP/1.1" 200 5 "-" "WordPress/6.7.2; https://fileluna.com"
121.229.185.160 - - [29/Mar/2025:22:33:15 -0400] "GET / HTTP/1.1" 200 12526 "http://fileluna.com" "Mozilla/5.0 (iPhone; CPU iPhone OS 13_2_3 like Mac OS X) AppleWebKit/605.1.15 (KHTML, like Gecko) Version/13.0.3 Mobile/15E148 Safari/604.1"
198.54.114.83 - - [29/Mar/2025:22:34:25 -0400] "POST /wp-cron.php?doing_wp_cron=1743302065.6996009349822998046875 HTTP/1.1" 200 0 "-" "WordPress/6.7.2; https://fileluna.com"
34.118.197.189 - - [29/Mar/2025:22:34:23 -0400] "GET /2023/11 HTTP/1.1" 301 0 "-" "Mozilla/4.0 (compatible; MSIE 6.0; Windows NT 5.1; SV1)"
34.118.197.189 - - [29/Mar/2025:22:34:26 -0400] "GET /2023/11/ HTTP/1.1" 200 10285 "https://fileluna.com/2023/11" "Mozilla/4.0 (compatible; MSIE 6.0; Windows NT 5.1; SV1)"
198.54.114.83 - - [29/Mar/2025:22:34:26 -0400] "POST /wp-admin/admin-ajax.php?action=async_litespeed&nonce=s8lmUxr4xVuggwDoIfIhPrzn2xYHYg28&litespeed_type=imgoptm HTTP/1.1" 200 5 "-" "WordPress/6.7.2; https://fileluna.com"
195.191.219.132 - - [29/Mar/2025:22:34:38 -0400] "GET /robots.txt HTTP/1.1" 200 61 "-" "Mozilla/5.0 (compatible; MJ12bot/v2.0.0; http://mj12bot.com/)"
195.191.219.132 - - [29/Mar/2025:22:34:38 -0400] "GET / HTTP/1.1" 200 12526 "-" "Mozilla/5.0 (compatible; MJ12bot/v2.0.0; http://mj12bot.com/)"
198.54.114.83 - - [29/Mar/2025:22:40:51 -0400] "POST /wp-cron.php?doing_wp_cron=1743302450.7028980255126953125000 HTTP/1.1" 200 0 "-" "WordPress/6.7.2; https://fileluna.com"
35.247.95.74 - - [29/Mar/2025:22:40:47 -0400] "GET /dream-homes-await-in-southern-spain HTTP/1.1" 301 0 "-" "Mozilla/5.0 (Macintosh; Intel Mac OS X 10_15_7) AppleWebKit/605.1.15 (KHTML, like Gecko) Version/17.3.1 Safari/605.1.15"
35.247.95.74 - - [29/Mar/2025:22:40:51 -0400] "GET /dream-homes-await-in-southern-spain/ HTTP/1.1" 200 12152 "https://fileluna.com/dream-homes-await-in-southern-spain" "Mozilla/5.0 (Macintosh; Intel Mac OS X 10_15_7) AppleWebKit/605.1.15 (KHTML, like Gecko) Version/17.3.1 Safari/605.1.15"
198.54.114.83 - - [29/Mar/2025:22:40:51 -0400] "POST /wp-admin/admin-ajax.php?action=async_litespeed&nonce=MPHmqh0rkPUDg11QBCQXOgTnfQjpnzl4&litespeed_type=imgoptm HTTP/1.1" 200 5 "-" "WordPress/6.7.2; https://fileluna.com"
198.54.114.83 - - [29/Mar/2025:22:41:17 -0400] "POST /wp-cron.php?doing_wp_cron=1743302477.5283739566802978515625 HTTP/1.1" 200 0 "-" "WordPress/6.7.2; https://fileluna.com"
198.54.114.83 - - [29/Mar/2025:22:41:18 -0400] "POST /wp-admin/admin-ajax.php?action=async_litespeed&nonce=L2vJQYG4hRxj4BfnDPZOa1ErzuIAPQqL&litespeed_type=imgoptm HTTP/1.1" 200 5 "-" "WordPress/6.7.2; https://fileluna.com"
196.251.81.244 - - [29/Mar/2025:22:41:17 -0400] "GET /wp-content/plugins/WordPressCore/include.php HTTP/1.1" 404 8710 "-" "Mozlila/5.0 (Linux; Android 7.0; SM-G892A Bulid/NRD90M; wv) AppleWebKit/537.36 (KHTML, like Gecko) Version/4.0 Chrome/60.0.3112.107 Moblie Safari/537.36"
196.251.81.244 - - [29/Mar/2025:22:41:26 -0400] "GET /wp-content/plugins/WordPressCore/include.php HTTP/1.1" 404 8710 "-" "Mozlila/5.0 (Linux; Android 7.0; SM-G892A Bulid/NRD90M; wv) AppleWebKit/537.36 (KHTML, like Gecko) Version/4.0 Chrome/60.0.3112.107 Moblie Safari/537.36"
198.54.114.83 - - [29/Mar/2025:22:44:50 -0400] "POST /wp-cron.php?doing_wp_cron=1743302690.6620891094207763671875 HTTP/1.1" 200 0 "-" "WordPress/6.7.2; https://fileluna.com"
34.169.76.14 - - [29/Mar/2025:22:44:49 -0400] "GET /gitarrenunterricht-in-dusseldorf-entdecken-sie-ihre-leidenschaft-fur-musik HTTP/1.1" 301 0 "-" "Mozilla/5.0 (Macintosh; Intel Mac OS X 10_15_7) AppleWebKit/605.1.15 (KHTML, like Gecko) Version/16.5 Safari/605.1.15"
34.169.76.14 - - [29/Mar/2025:22:44:51 -0400] "GET /gitarrenunterricht-in-dusseldorf-entdecken-sie-ihre-leidenschaft-fur-musik/ HTTP/1.1" 200 11673 "https://fileluna.com/gitarrenunterricht-in-dusseldorf-entdecken-sie-ihre-leidenschaft-fur-musik" "Mozilla/5.0 (Macintosh; Intel Mac OS X 10_15_7) AppleWebKit/605.1.15 (KHTML, like Gecko) Version/16.5 Safari/605.1.15"
198.54.114.83 - - [29/Mar/2025:22:44:51 -0400] "POST /wp-admin/admin-ajax.php?action=async_litespeed&nonce=i5NSiMMPjV1YxLm3TEy7PSGTOPmct0CB&litespeed_type=imgoptm HTTP/1.1" 200 5 "-" "WordPress/6.7.2; https://fileluna.com"
198.54.114.83 - - [29/Mar/2025:22:46:12 -0400] "POST /wp-cron.php?doing_wp_cron=1743302772.7997069358825683593750 HTTP/1.1" 200 0 "-" "WordPress/6.7.2; https://fileluna.com"
34.82.53.129 - - [29/Mar/2025:22:46:12 -0400] "GET /2024/12 HTTP/1.1" 301 0 "-" "Mozilla/5.0 (Macintosh; Intel Mac OS X 10.15; rv:124.0) Gecko/20100101 Firefox/124.0"
34.82.53.129 - - [29/Mar/2025:22:46:13 -0400] "GET /2024/12/ HTTP/1.1" 200 11243 "https://fileluna.com/2024/12" "Mozilla/5.0 (Macintosh; Intel Mac OS X 10.15; rv:124.0) Gecko/20100101 Firefox/124.0"
198.54.114.83 - - [29/Mar/2025:22:46:13 -0400] "POST /wp-admin/admin-ajax.php?action=async_litespeed&nonce=msN5Na8vsbm4zNJGnlKHXi5jDisLjSH0&litespeed_type=imgoptm HTTP/1.1" 200 5 "-" "WordPress/6.7.2; https://fileluna.com"
198.54.114.83 - - [29/Mar/2025:22:52:07 -0400] "POST /wp-cron.php?doing_wp_cron=1743303127.2158110141754150390625 HTTP/1.1" 200 0 "-" "WordPress/6.7.2; https://fileluna.com"
34.169.110.216 - - [29/Mar/2025:22:52:04 -0400] "GET /the-role-of-metabolic-labs-in-modern-health-care HTTP/1.1" 301 0 "-" "Mozilla/5.0 (X11; Linux x86_64) AppleWebKit/537.36 (KHTML, like Gecko) Chrome/120.0.0.0 Safari/537.36"
34.169.110.216 - - [29/Mar/2025:22:52:07 -0400] "GET /the-role-of-metabolic-labs-in-modern-health-care/ HTTP/1.1" 200 12278 "https://fileluna.com/the-role-of-metabolic-labs-in-modern-health-care" "Mozilla/5.0 (X11; Linux x86_64) AppleWebKit/537.36 (KHTML, like Gecko) Chrome/120.0.0.0 Safari/537.36"
198.54.114.83 - - [29/Mar/2025:22:52:08 -0400] "POST /wp-admin/admin-ajax.php?action=async_litespeed&nonce=ShiiTdSCYj7RrEr8yn3c5ZAphzR9WrDk&litespeed_type=imgoptm HTTP/1.1" 200 5 "-" "WordPress/6.7.2; https://fileluna.com"
199.195.249.51 - - [29/Mar/2025:22:55:34 -0400] "GET /wp-login.php HTTP/1.1" 200 1761 "-" "Mozilla/5.0 (X11; Linux x86_64) AppleWebKit/537.36 (KHTML, like Gecko) Ubuntu Chromium/34.0.1847.116 Chrome/34.0.1847.116 Safari/537.36"
198.54.114.83 - - [29/Mar/2025:22:55:38 -0400] "POST /wp-cron.php?doing_wp_cron=1743303338.3883121013641357421875 HTTP/1.1" 200 0 "-" "WordPress/6.7.2; https://fileluna.com"
199.195.249.51 - - [29/Mar/2025:22:55:34 -0400] "POST /wp-login.php HTTP/1.1" 200 1899 "-" "Mozilla/5.0 (X11; Linux x86_64) AppleWebKit/537.36 (KHTML, like Gecko) Ubuntu Chromium/34.0.1847.116 Chrome/34.0.1847.116 Safari/537.36"
198.54.114.83 - - [29/Mar/2025:22:55:39 -0400] "POST /wp-admin/admin-ajax.php?action=async_litespeed&nonce=TmIlCuDZv27qHfFkh2kr5j39wHBgZesX&litespeed_type=imgoptm HTTP/1.1" 200 0 "-" "WordPress/6.7.2; https://fileluna.com"
198.54.114.83 - - [29/Mar/2025:22:59:27 -0400] "POST /wp-cron.php?doing_wp_cron=1743303567.5221951007843017578125 HTTP/1.1" 200 0 "-" "WordPress/6.7.2; https://fileluna.com"
34.169.30.208 - - [29/Mar/2025:22:59:26 -0400] "GET /category/home-kitchen HTTP/1.1" 301 0 "-" "Mozilla/5.0 (Macintosh; Intel Mac OS X 10_15_7) AppleWebKit/605.1.15 (KHTML, like Gecko) Version/17.3 Safari/605.1.15"
34.169.30.208 - - [29/Mar/2025:22:59:27 -0400] "GET /category/home-kitchen/ HTTP/1.1" 200 9425 "https://fileluna.com/category/home-kitchen" "Mozilla/5.0 (Macintosh; Intel Mac OS X 10_15_7) AppleWebKit/605.1.15 (KHTML, like Gecko) Version/17.3 Safari/605.1.15"
198.54.114.83 - - [29/Mar/2025:22:59:27 -0400] "POST /wp-admin/admin-ajax.php?action=async_litespeed&nonce=ygixv51j8TbnCzmpXTBTkvkOqQmpTHiK&litespeed_type=imgoptm HTTP/1.1" 200 5 "-" "WordPress/6.7.2; https://fileluna.com"
160.187.22.25 - - [29/Mar/2025:23:06:04 -0400] "GET /wp-login.php HTTP/1.1" 200 1761 "-" "GRequests/0.10"
198.54.114.83 - - [29/Mar/2025:23:06:11 -0400] "POST /wp-cron.php?doing_wp_cron=1743303970.3711469173431396484375 HTTP/1.1" 200 0 "-" "WordPress/6.7.2; https://fileluna.com"
160.187.22.25 - - [29/Mar/2025:23:06:05 -0400] "POST /wp-login.php HTTP/1.1" 200 1901 "-" "GRequests/0.10"
138.199.59.149 - - [29/Mar/2025:23:11:04 -0400] "GET /wp-login.php HTTP/1.1" 200 1761 "https://fileluna.com" "Mozilla/5.0 (Windows NT 10.0; rv:91.0) Gecko/20100101 Firefox/91.0"
198.54.114.83 - - [29/Mar/2025:23:11:10 -0400] "POST /wp-cron.php?doing_wp_cron=1743304269.7378149032592773437500 HTTP/1.1" 200 0 "-" "WordPress/6.7.2; https://fileluna.com"
138.199.59.149 - - [29/Mar/2025:23:11:05 -0400] "POST /wp-login.php?wpe-login=true&hide_my_wp=1&hmwp_do=login&login=1 HTTP/1.1" 200 1899 "https://fileluna.com" "Mozilla/5.0 (Windows NT 10.0; rv:91.0) Gecko/20100101 Firefox/91.0"
198.54.114.83 - - [29/Mar/2025:23:11:11 -0400] "POST /wp-admin/admin-ajax.php?action=async_litespeed&nonce=t7sunIUEGoXZm0YcKIrk1fzHJi6hl2mB&litespeed_type=imgoptm HTTP/1.1" 200 0 "-" "WordPress/6.7.2; https://fileluna.com"
2602:80d:1000::12 - - [29/Mar/2025:23:19:03 -0400] "GET /favicon.ico HTTP/1.1" 404 1251 "http://fileluna.com/favicon.ico" "Mozilla/5.0 (compatible; CensysInspect/1.1; +https://about.censys.io/)"
111.225.149.179 - - [29/Mar/2025:23:24:21 -0400] "GET /the-digital-business-card/ HTTP/1.1" 200 11571 "-" "Mozilla/5.0 (Linux; Android 5.0) AppleWebKit/537.36 (KHTML, like Gecko) Mobile Safari/537.36 (compatible; Bytespider; https://zhanzhang.toutiao.com/)"
35.230.64.77 - - [29/Mar/2025:23:25:39 -0400] "GET /the-role-of-metabolic-labs-in-modern-health-care HTTP/1.1" 301 0 "-" "Mozilla/5.0 (Windows NT 10.0; Win64; x64) AppleWebKit/537.36 (KHTML, like Gecko) Chrome/120.0.0.0 Safari/537.36 Edg/120.0.0.0"
35.230.64.77 - - [29/Mar/2025:23:25:39 -0400] "GET /the-role-of-metabolic-labs-in-modern-health-care/ HTTP/1.1" 200 12278 "https://fileluna.com/the-role-of-metabolic-labs-in-modern-health-care" "Mozilla/5.0 (Windows NT 10.0; Win64; x64) AppleWebKit/537.36 (KHTML, like Gecko) Chrome/120.0.0.0 Safari/537.36 Edg/120.0.0.0"
198.54.114.83 - - [29/Mar/2025:23:26:52 -0400] "POST /wp-cron.php?doing_wp_cron=1743305211.9453809261322021484375 HTTP/1.1" 200 0 "-" "WordPress/6.7.2; https://fileluna.com"
34.127.101.215 - - [29/Mar/2025:23:26:49 -0400] "GET /2025/01 HTTP/1.1" 301 0 "-" "Mozilla/5.0 (Windows NT 10.0; Win64; x64) AppleWebKit/537.36 (KHTML, like Gecko) Chrome/124.0.0.0 Safari/537.36 Edg/124.0.0.0"
34.127.101.215 - - [29/Mar/2025:23:26:53 -0400] "GET /2025/01/ HTTP/1.1" 200 10982 "https://fileluna.com/2025/01" "Mozilla/5.0 (Windows NT 10.0; Win64; x64) AppleWebKit/537.36 (KHTML, like Gecko) Chrome/124.0.0.0 Safari/537.36 Edg/124.0.0.0"
198.54.114.83 - - [29/Mar/2025:23:26:53 -0400] "POST /wp-admin/admin-ajax.php?action=async_litespeed&nonce=eYxuku6vHKjthBIugjIDNwffgqNREm98&litespeed_type=imgoptm HTTP/1.1" 200 0 "-" "WordPress/6.7.2; https://fileluna.com"
198.98.53.147 - - [29/Mar/2025:23:32:06 -0400] "GET / HTTP/1.1" 200 12526 "https://fileluna.com" "Mozilla/5.0 (Windows NT 10.0; Win64; x64) AppleWebKit/537.36 (KHTML, like Gecko) Chrome/58.0.3029.110 Safari/537.36"
198.98.53.147 - - [29/Mar/2025:23:32:08 -0400] "GET /wp-login.php HTTP/1.1" 200 1761 "https://fileluna.com" "Mozilla/5.0 (Windows NT 10.0; Win64; x64) AppleWebKit/537.36 (KHTML, like Gecko) Chrome/58.0.3029.110 Safari/537.36"
34.82.77.26 - - [29/Mar/2025:23:41:32 -0400] "GET /category/health-fitness HTTP/1.1" 301 0 "-" "Mozilla/5.0 (Macintosh; Intel Mac OS X 14_4_1) AppleWebKit/537.36 (KHTML, like Gecko) Chrome/123.0.0.0 Safari/537.36 OPR/109.0.0.0"
34.82.77.26 - - [29/Mar/2025:23:41:33 -0400] "GET /category/health-fitness/ HTTP/1.1" 200 10672 "https://fileluna.com/category/health-fitness" "Mozilla/5.0 (Macintosh; Intel Mac OS X 14_4_1) AppleWebKit/537.36 (KHTML, like Gecko) Chrome/123.0.0.0 Safari/537.36 OPR/109.0.0.0"
198.54.114.83 - - [29/Mar/2025:23:43:42 -0400] "POST /wp-cron.php?doing_wp_cron=1743306221.8593559265136718750000 HTTP/1.1" 200 0 "-" "WordPress/6.7.2; https://fileluna.com"
111.225.149.174 - - [29/Mar/2025:23:43:39 -0400] "GET /a-perfect-blend-of-luxury-and-serenity/ HTTP/1.1" 200 12010 "-" "Mozilla/5.0 (Linux; Android 5.0) AppleWebKit/537.36 (KHTML, like Gecko) Mobile Safari/537.36 (compatible; Bytespider; https://zhanzhang.toutiao.com/)"
198.54.114.83 - - [29/Mar/2025:23:43:42 -0400] "POST /wp-admin/admin-ajax.php?action=async_litespeed&nonce=cGXhBbNEhGSdIF1apqzpYjS7gVhGkLAh&litespeed_type=imgoptm HTTP/1.1" 200 5 "-" "WordPress/6.7.2; https://fileluna.com"
34.168.170.105 - - [29/Mar/2025:23:48:20 -0400] "GET /gitarrenunterricht-in-dusseldorf-entdecken-sie-ihre-leidenschaft-fur-musik HTTP/1.1" 301 0 "-" "Mozilla/5.0 (Macintosh; Intel Mac OS X 10_15_7) AppleWebKit/537.36 (KHTML, like Gecko) Chrome/116.0.0.0 Safari/537.36"
34.168.170.105 - - [29/Mar/2025:23:48:20 -0400] "GET /gitarrenunterricht-in-dusseldorf-entdecken-sie-ihre-leidenschaft-fur-musik/ HTTP/1.1" 200 11673 "https://fileluna.com/gitarrenunterricht-in-dusseldorf-entdecken-sie-ihre-leidenschaft-fur-musik" "Mozilla/5.0 (Macintosh; Intel Mac OS X 10_15_7) AppleWebKit/537.36 (KHTML, like Gecko) Chrome/116.0.0.0 Safari/537.36"
196.251.73.13 - - [29/Mar/2025:23:55:51 -0400] "GET / HTTP/1.1" 200 12526 "-" "-"
198.54.114.83 - - [29/Mar/2025:23:55:54 -0400] "POST /wp-cron.php?doing_wp_cron=1743306954.3127620220184326171875 HTTP/1.1" 200 0 "-" "WordPress/6.7.2; https://fileluna.com"
196.251.73.13 - - [29/Mar/2025:23:55:51 -0400] "GET /wp-admin/install.php HTTP/1.1" 200 435 "-" "-"
196.251.73.13 - - [29/Mar/2025:23:55:55 -0400] "GET /wp-admin/setup-config.php HTTP/1.1" 409 1041 "-" "-"
198.54.114.83 - - [29/Mar/2025:23:57:50 -0400] "POST /wp-cron.php?doing_wp_cron=1743307070.3653349876403808593750 HTTP/1.1" 200 0 "-" "WordPress/6.7.2; https://fileluna.com"
34.169.54.31 - - [29/Mar/2025:23:57:49 -0400] "GET /2024/03 HTTP/1.1" 301 0 "-" "Mozilla/5.0 (Macintosh; Intel Mac OS X 10_15_7) AppleWebKit/537.36 (KHTML, like Gecko) Chrome/124.0.0.0 Safari/537.36 Edg/124.0.0.0"
34.169.54.31 - - [29/Mar/2025:23:57:51 -0400] "GET /2024/03/ HTTP/1.1" 200 11253 "https://fileluna.com/2024/03" "Mozilla/5.0 (Macintosh; Intel Mac OS X 10_15_7) AppleWebKit/537.36 (KHTML, like Gecko) Chrome/124.0.0.0 Safari/537.36 Edg/124.0.0.0"
198.54.114.83 - - [29/Mar/2025:23:57:51 -0400] "POST /wp-admin/admin-ajax.php?action=async_litespeed&nonce=j2z8cHP0a61h3M5kLsiMxkxDv13ADGkp&litespeed_type=imgoptm HTTP/1.1" 200 5 "-" "WordPress/6.7.2; https://fileluna.com"
198.54.114.83 - - [30/Mar/2025:00:03:03 -0400] "POST /wp-cron.php?doing_wp_cron=1743307383.6318271160125732421875 HTTP/1.1" 200 0 "-" "WordPress/6.7.2; https://fileluna.com"
111.225.149.84 - - [30/Mar/2025:00:03:01 -0400] "GET /2024/09/page/4/ HTTP/1.1" 200 11183 "-" "Mozilla/5.0 (Linux; Android 5.0) AppleWebKit/537.36 (KHTML, like Gecko) Mobile Safari/537.36 (compatible; Bytespider; https://zhanzhang.toutiao.com/)"
198.54.114.83 - - [30/Mar/2025:00:03:04 -0400] "POST /wp-admin/admin-ajax.php?action=async_litespeed&nonce=0PiaDSxLaoSCU9OjHKuXqpzZNNtAVoUo&litespeed_type=imgoptm HTTP/1.1" 200 5 "-" "WordPress/6.7.2; https://fileluna.com"
35.197.78.148 - - [30/Mar/2025:00:04:13 -0400] "GET /the-role-of-metabolic-labs-in-modern-health-care HTTP/1.1" 301 0 "-" "Mozilla/5.0 (Macintosh; Intel Mac OS X 10_15_7) AppleWebKit/605.1.15 (KHTML, like Gecko) Version/17.1 Safari/605.1.15"
35.197.78.148 - - [30/Mar/2025:00:04:14 -0400] "GET /the-role-of-metabolic-labs-in-modern-health-care/ HTTP/1.1" 200 12278 "https://fileluna.com/the-role-of-metabolic-labs-in-modern-health-care" "Mozilla/5.0 (Macintosh; Intel Mac OS X 10_15_7) AppleWebKit/605.1.15 (KHTML, like Gecko) Version/17.1 Safari/605.1.15"
34.127.58.132 - - [30/Mar/2025:00:07:35 -0400] "GET /dream-homes-await-in-southern-spain HTTP/1.1" 301 0 "-" "Mozilla/5.0 (X11; Linux x86_64) AppleWebKit/537.36 (KHTML, like Gecko) Chrome/123.0.0.0 Safari/537.36"
34.127.58.132 - - [30/Mar/2025:00:07:35 -0400] "GET /dream-homes-await-in-southern-spain/ HTTP/1.1" 200 12152 "https://fileluna.com/dream-homes-await-in-southern-spain" "Mozilla/5.0 (X11; Linux x86_64) AppleWebKit/537.36 (KHTML, like Gecko) Chrome/123.0.0.0 Safari/537.36"
197.243.16.120 - - [30/Mar/2025:00:13:30 -0400] "GET /wp-login.php HTTP/1.1" 200 1761 "-" "GRequests/0.10"
198.54.114.83 - - [30/Mar/2025:00:13:34 -0400] "POST /wp-cron.php?doing_wp_cron=1743308014.3393449783325195312500 HTTP/1.1" 200 0 "-" "WordPress/6.7.2; https://fileluna.com"
197.243.16.120 - - [30/Mar/2025:00:13:31 -0400] "POST /wp-login.php HTTP/1.1" 200 1899 "-" "GRequests/0.10"
198.54.114.83 - - [30/Mar/2025:00:13:34 -0400] "POST /wp-admin/admin-ajax.php?action=async_litespeed&nonce=vSGfozcLeIY2YNXXhE9uqgBKR7xl9EtR&litespeed_type=imgoptm HTTP/1.1" 200 5 "-" "WordPress/6.7.2; https://fileluna.com"
198.54.114.83 - - [30/Mar/2025:00:14:37 -0400] "POST /wp-cron.php?doing_wp_cron=1743308076.9696850776672363281250 HTTP/1.1" 200 0 "-" "WordPress/6.7.2; https://fileluna.com"
34.127.35.120 - - [30/Mar/2025:00:14:36 -0400] "GET /author/admin HTTP/1.1" 301 0 "-" "Mozilla/5.0 (Macintosh; Intel Mac OS X 10_15_7) AppleWebKit/605.1.15 (KHTML, like Gecko) Version/16.3 Safari/605.1.15"
34.127.35.120 - - [30/Mar/2025:00:14:37 -0400] "GET /author/admin/ HTTP/1.1" 200 11030 "https://fileluna.com/author/admin" "Mozilla/5.0 (Macintosh; Intel Mac OS X 10_15_7) AppleWebKit/605.1.15 (KHTML, like Gecko) Version/16.3 Safari/605.1.15"
198.54.114.83 - - [30/Mar/2025:00:14:37 -0400] "POST /wp-admin/admin-ajax.php?action=async_litespeed&nonce=p5LbkaEJK6lLquzScsiDnEVw9vVGkPA4&litespeed_type=imgoptm HTTP/1.1" 200 5 "-" "WordPress/6.7.2; https://fileluna.com"
54.36.148.100 - - [30/Mar/2025:00:15:04 -0400] "GET /robots.txt HTTP/1.1" 200 61 "-" "Mozilla/5.0 (compatible; AhrefsBot/7.0; +http://ahrefs.com/robot/)"
104.196.228.125 - - [30/Mar/2025:00:18:19 -0400] "GET /category/home-kitchen HTTP/1.1" 301 0 "-" "Mozilla/5.0 (Windows NT 10.0; Win64; x64) AppleWebKit/537.36 (KHTML, like Gecko) Chrome/122.0.0.0 Safari/537.36 Edg/122.0.0.0"
104.196.228.125 - - [30/Mar/2025:00:18:20 -0400] "GET /category/home-kitchen/ HTTP/1.1" 200 9425 "https://fileluna.com/category/home-kitchen" "Mozilla/5.0 (Windows NT 10.0; Win64; x64) AppleWebKit/537.36 (KHTML, like Gecko) Chrome/122.0.0.0 Safari/537.36 Edg/122.0.0.0"
114.119.132.228 - - [30/Mar/2025:00:21:57 -0400] "GET /relax-and-recharge/ HTTP/1.1" 200 11538 "https://fileluna.com/2024/11/page/14/" "Mozilla/5.0 (Linux; Android 7.0;) AppleWebKit/537.36 (KHTML, like Gecko) Mobile Safari/537.36 (compatible; PetalBot;+https://webmaster.petalsearch.com/site/petalbot)"
216.244.66.246 - - [30/Mar/2025:00:39:05 -0400] "GET /robots.txt HTTP/1.1" 200 61 "-" "Mozilla/5.0 (compatible; DotBot/1.2; +https://opensiteexplorer.org/dotbot; help@moz.com)"
198.54.114.83 - - [30/Mar/2025:00:45:55 -0400] "POST /wp-cron.php?doing_wp_cron=1743309955.2015960216522216796875 HTTP/1.1" 200 0 "-" "WordPress/6.7.2; https://fileluna.com"
35.169.119.108 - - [30/Mar/2025:00:45:53 -0400] "GET /page/11/ HTTP/1.1" 200 12926 "-" "Mozilla/5.0 AppleWebKit/537.36 (KHTML, like Gecko; compatible; Amazonbot/0.1; +https://developer.amazon.com/support/amazonbot) Chrome/119.0.6045.214 Safari/537.36"
198.54.114.83 - - [30/Mar/2025:00:45:55 -0400] "POST /wp-admin/admin-ajax.php?action=async_litespeed&nonce=z2QaXZ8vUvgNRFFqk1XtVoC91tZyRUrG&litespeed_type=imgoptm HTTP/1.1" 200 5 "-" "WordPress/6.7.2; https://fileluna.com"
198.54.114.83 - - [30/Mar/2025:00:49:34 -0400] "POST /wp-cron.php?doing_wp_cron=1743310173.8499100208282470703125 HTTP/1.1" 200 0 "-" "WordPress/6.7.2; https://fileluna.com"
104.196.251.125 - - [30/Mar/2025:00:49:30 -0400] "GET /category/real-estate HTTP/1.1" 301 0 "-" "Mozilla/5.0 (Macintosh; Intel Mac OS X 10_15_7) AppleWebKit/605.1.15 (KHTML, like Gecko) Version/17.4 Safari/605.1.15"
104.196.251.125 - - [30/Mar/2025:00:49:34 -0400] "GET /category/real-estate/ HTTP/1.1" 200 9458 "https://fileluna.com/category/real-estate" "Mozilla/5.0 (Macintosh; Intel Mac OS X 10_15_7) AppleWebKit/605.1.15 (KHTML, like Gecko) Version/17.4 Safari/605.1.15"
198.54.114.83 - - [30/Mar/2025:00:49:34 -0400] "POST /wp-admin/admin-ajax.php?action=async_litespeed&nonce=ZxgyeOQ9aF0gyx0FuzWHwWkwVaih5YYm&litespeed_type=imgoptm HTTP/1.1" 200 5 "-" "WordPress/6.7.2; https://fileluna.com"
114.119.129.198 - - [30/Mar/2025:00:49:44 -0400] "GET /category/lifestyle-fashion/ HTTP/1.1" 200 9445 "https://fileluna.com/the-importance-of-business-trip-massage-3/" "Mozilla/5.0 (Linux; Android 7.0;) AppleWebKit/537.36 (KHTML, like Gecko) Mobile Safari/537.36 (compatible; PetalBot;+https://webmaster.petalsearch.com/site/petalbot)"
198.54.114.83 - - [30/Mar/2025:00:52:27 -0400] "POST /wp-cron.php?doing_wp_cron=1743310347.1752738952636718750000 HTTP/1.1" 200 0 "-" "WordPress/6.7.2; https://fileluna.com"
114.119.154.229 - - [30/Mar/2025:00:52:25 -0400] "GET /professionelle-umzugsfirma-in-hamburg-fur-einen-stressfreien-umzug/ HTTP/1.1" 200 12089 "https://fileluna.com/author/admin/page/7/" "Mozilla/5.0 (Linux; Android 7.0;) AppleWebKit/537.36 (KHTML, like Gecko) Mobile Safari/537.36 (compatible; PetalBot;+https://webmaster.petalsearch.com/site/petalbot)"
198.54.114.83 - - [30/Mar/2025:00:52:27 -0400] "POST /wp-admin/admin-ajax.php?action=async_litespeed&nonce=4X5FpeQVEWn1weJT0ZxpFijcBw5ADR8J&litespeed_type=imgoptm HTTP/1.1" 200 5 "-" "WordPress/6.7.2; https://fileluna.com"
198.54.114.83 - - [30/Mar/2025:00:53:53 -0400] "POST /wp-cron.php?doing_wp_cron=1743310433.2772789001464843750000 HTTP/1.1" 200 0 "-" "WordPress/6.7.2; https://fileluna.com"
198.54.114.83 - - [30/Mar/2025:00:53:53 -0400] "POST /wp-admin/admin-ajax.php?action=async_litespeed&nonce=vNRZJEI8wzWD9BqsxGFF22zI3dE5eoLO&litespeed_type=imgoptm HTTP/1.1" 200 5 "-" "WordPress/6.7.2; https://fileluna.com"
114.119.132.228 - - [30/Mar/2025:00:53:52 -0400] "GET /truth-about-steroids/ HTTP/1.1" 200 11767 "https://fileluna.com/2024/11/page/5/" "Mozilla/5.0 (Linux; Android 7.0;) AppleWebKit/537.36 (KHTML, like Gecko) Mobile Safari/537.36 (compatible; PetalBot;+https://webmaster.petalsearch.com/site/petalbot)"
198.54.114.83 - - [30/Mar/2025:00:54:26 -0400] "POST /wp-cron.php?doing_wp_cron=1743310466.1844530105590820312500 HTTP/1.1" 200 0 "-" "WordPress/6.7.2; https://fileluna.com"
114.119.148.27 - - [30/Mar/2025:00:54:26 -0400] "GET /2024/page/10/ HTTP/1.1" 200 11399 "https://fileluna.com/2024/page/9/" "Mozilla/5.0 (Linux; Android 7.0;) AppleWebKit/537.36 (KHTML, like Gecko) Mobile Safari/537.36 (compatible; PetalBot;+https://webmaster.petalsearch.com/site/petalbot)"
198.54.114.83 - - [30/Mar/2025:00:54:26 -0400] "POST /wp-admin/admin-ajax.php?action=async_litespeed&nonce=dxs7Wg8cSruCiL5U0fonA62laCOn0tLI&litespeed_type=imgoptm HTTP/1.1" 200 5 "-" "WordPress/6.7.2; https://fileluna.com"
107.20.255.194 - - [30/Mar/2025:00:54:37 -0400] "GET /author/admin/page/27/ HTTP/1.1" 200 11158 "-" "Mozilla/5.0 AppleWebKit/537.36 (KHTML, like Gecko; compatible; Amazonbot/0.1; +https://developer.amazon.com/support/amazonbot) Chrome/119.0.6045.214 Safari/537.36"
2a02:1778::113:254 - - [30/Mar/2025:00:54:47 -0400] "GET /wp-login.php HTTP/1.1" 200 1761 "-" "GRequests/0.10"
2a02:1778::113:254 - - [30/Mar/2025:00:54:48 -0400] "POST /wp-login.php HTTP/1.1" 200 1901 "-" "GRequests/0.10"
196.251.69.33 - - [30/Mar/2025:00:55:18 -0400] "GET / HTTP/1.1" 200 12526 "-" "-"
198.54.114.83 - - [30/Mar/2025:00:55:19 -0400] "POST /wp-cron.php?doing_wp_cron=1743310519.5135989189147949218750 HTTP/1.1" 200 0 "-" "WordPress/6.7.2; https://fileluna.com"
196.251.69.33 - - [30/Mar/2025:00:55:18 -0400] "GET /wp-admin/install.php HTTP/1.1" 200 435 "-" "-"
196.251.69.33 - - [30/Mar/2025:00:55:20 -0400] "GET /wp-admin/setup-config.php HTTP/1.1" 409 1041 "-" "-"
34.127.115.188 - - [30/Mar/2025:00:55:25 -0400] "GET /2024/12 HTTP/1.1" 301 0 "-" "Mozilla/5.0 (Windows NT 10.0; Win64; x64) AppleWebKit/537.36 (KHTML, like Gecko) Chrome/58.0.3029.110 Safari/537.36"
34.127.115.188 - - [30/Mar/2025:00:55:25 -0400] "GET /2024/12/ HTTP/1.1" 200 11243 "https://fileluna.com/2024/12" "Mozilla/5.0 (Windows NT 10.0; Win64; x64) AppleWebKit/537.36 (KHTML, like Gecko) Chrome/58.0.3029.110 Safari/537.36"
34.82.207.61 - - [30/Mar/2025:00:56:14 -0400] "GET /author/admin HTTP/1.1" 301 0 "-" "Mozilla/5.0 (Macintosh; Intel Mac OS X 14_4_1) AppleWebKit/537.36 (KHTML, like Gecko) Chrome/123.0.0.0 Safari/537.36 OPR/109.0.0.0"
34.82.207.61 - - [30/Mar/2025:00:56:14 -0400] "GET /author/admin/ HTTP/1.1" 200 11030 "https://fileluna.com/author/admin" "Mozilla/5.0 (Macintosh; Intel Mac OS X 14_4_1) AppleWebKit/537.36 (KHTML, like Gecko) Chrome/123.0.0.0 Safari/537.36 OPR/109.0.0.0"
198.54.114.83 - - [30/Mar/2025:00:57:49 -0400] "POST /wp-cron.php?doing_wp_cron=1743310669.4010970592498779296875 HTTP/1.1" 200 0 "-" "WordPress/6.7.2; https://fileluna.com"
110.249.202.141 - - [30/Mar/2025:00:57:48 -0400] "GET /the-need-for-professional-bodyguards-in-london/ HTTP/1.1" 200 12143 "-" "Mozilla/5.0 (Linux; Android 5.0) AppleWebKit/537.36 (KHTML, like Gecko) Mobile Safari/537.36 (compatible; Bytespider; https://zhanzhang.toutiao.com/)"
198.54.114.83 - - [30/Mar/2025:00:57:49 -0400] "POST /wp-admin/admin-ajax.php?action=async_litespeed&nonce=sR0IXcCYRMPc855TTSlUq50ujtIi8E7b&litespeed_type=imgoptm HTTP/1.1" 200 5 "-" "WordPress/6.7.2; https://fileluna.com"
162.55.94.175 - - [30/Mar/2025:01:00:56 -0400] "GET /der-beste-gitarrenlehrer-in-essen-eine-klangvolle-reise-durch-die-welt-der-musik/ HTTP/1.1" 200 11791 "-" "Mozilla/5.0 (Windows NT 10.0; Win64; x64) AppleWebKit/537.36 (KHTML, like Gecko) Chrome/107.0.0.0 Safari/537.36"
34.105.86.196 - - [30/Mar/2025:01:08:18 -0400] "GET /2024/11 HTTP/1.1" 301 0 "-" "Mozilla/5.0 (Windows NT 10.0; Win64; x64) AppleWebKit/537.36 (KHTML, like Gecko) Chrome/120.0.0.0 Safari/537.36"
34.105.86.196 - - [30/Mar/2025:01:08:18 -0400] "GET /2024/11/ HTTP/1.1" 200 11374 "https://fileluna.com/2024/11" "Mozilla/5.0 (Windows NT 10.0; Win64; x64) AppleWebKit/537.36 (KHTML, like Gecko) Chrome/120.0.0.0 Safari/537.36"
198.54.114.83 - - [30/Mar/2025:01:09:06 -0400] "POST /wp-cron.php?doing_wp_cron=1743311346.2026109695434570312500 HTTP/1.1" 200 0 "-" "WordPress/6.7.2; https://fileluna.com"
34.127.101.215 - - [30/Mar/2025:01:09:02 -0400] "GET /category/digital-marketing HTTP/1.1" 301 0 "-" "Mozilla/5.0 (Macintosh; Intel Mac OS X 10_15_7) AppleWebKit/537.36 (KHTML, like Gecko) Chrome/119.0.0.0 Safari/537.36"
34.127.101.215 - - [30/Mar/2025:01:09:06 -0400] "GET /category/digital-marketing/ HTTP/1.1" 200 9419 "https://fileluna.com/category/digital-marketing" "Mozilla/5.0 (Macintosh; Intel Mac OS X 10_15_7) AppleWebKit/537.36 (KHTML, like Gecko) Chrome/119.0.0.0 Safari/537.36"
198.54.114.83 - - [30/Mar/2025:01:09:06 -0400] "POST /wp-admin/admin-ajax.php?action=async_litespeed&nonce=EHY5zrBszm9JklILU01GcbY9Wm0HZ4Ko&litespeed_type=imgoptm HTTP/1.1" 200 5 "-" "WordPress/6.7.2; https://fileluna.com"
198.54.114.83 - - [30/Mar/2025:01:13:37 -0400] "POST /wp-cron.php?doing_wp_cron=1743311617.4154880046844482421875 HTTP/1.1" 200 0 "-" "WordPress/6.7.2; https://fileluna.com"
104.196.239.51 - - [30/Mar/2025:01:13:34 -0400] "GET /a-fresh-look-at-bathroom-renovations-in-melbournes-western-suburbs HTTP/1.1" 301 0 "-" "Mozilla/5.0 (Macintosh; Intel Mac OS X 10_15_7) AppleWebKit/605.1.15 (KHTML, like Gecko) Version/17.2.1 Safari/605.1.15"
104.196.239.51 - - [30/Mar/2025:01:13:37 -0400] "GET /a-fresh-look-at-bathroom-renovations-in-melbournes-western-suburbs/ HTTP/1.1" 200 11864 "https://fileluna.com/a-fresh-look-at-bathroom-renovations-in-melbournes-western-suburbs" "Mozilla/5.0 (Macintosh; Intel Mac OS X 10_15_7) AppleWebKit/605.1.15 (KHTML, like Gecko) Version/17.2.1 Safari/605.1.15"
198.54.114.83 - - [30/Mar/2025:01:13:37 -0400] "POST /wp-admin/admin-ajax.php?action=async_litespeed&nonce=5ktqGi2GlneOGdg55VgpgUh4nOoOpCde&litespeed_type=imgoptm HTTP/1.1" 200 5 "-" "WordPress/6.7.2; https://fileluna.com"
198.54.114.83 - - [30/Mar/2025:01:15:41 -0400] "POST /wp-cron.php?doing_wp_cron=1743311741.6850481033325195312500 HTTP/1.1" 200 0 "-" "WordPress/6.7.2; https://fileluna.com"
34.195.60.66 - - [30/Mar/2025:01:15:40 -0400] "GET /page/46/ HTTP/1.1" 200 12884 "-" "Mozilla/5.0 AppleWebKit/537.36 (KHTML, like Gecko; compatible; Amazonbot/0.1; +https://developer.amazon.com/support/amazonbot) Chrome/119.0.6045.214 Safari/537.36"
198.54.114.83 - - [30/Mar/2025:01:15:42 -0400] "POST /wp-admin/admin-ajax.php?action=async_litespeed&nonce=w1oJCpvXwQiQ1ADpvDfYzn2EwuSkVfQs&litespeed_type=imgoptm HTTP/1.1" 200 5 "-" "WordPress/6.7.2; https://fileluna.com"
110.249.202.74 - - [30/Mar/2025:01:18:38 -0400] "GET /explore-celebrate-and-rejuvenate/ HTTP/1.1" 200 11561 "-" "Mozilla/5.0 (Linux; Android 5.0) AppleWebKit/537.36 (KHTML, like Gecko) Mobile Safari/537.36 (compatible; Bytespider; https://zhanzhang.toutiao.com/)"
34.145.79.145 - - [30/Mar/2025:01:20:03 -0400] "GET /2023/11 HTTP/1.1" 301 0 "-" "Mozilla/5.0 (Macintosh; Intel Mac OS X 10_15_7) AppleWebKit/605.1.15 (KHTML, like Gecko) Version/17.3 Safari/605.1.15"
34.145.79.145 - - [30/Mar/2025:01:20:04 -0400] "GET /2023/11/ HTTP/1.1" 200 10285 "https://fileluna.com/2023/11" "Mozilla/5.0 (Macintosh; Intel Mac OS X 10_15_7) AppleWebKit/605.1.15 (KHTML, like Gecko) Version/17.3 Safari/605.1.15"
34.83.245.210 - - [30/Mar/2025:01:22:27 -0400] "GET /2024/12 HTTP/1.1" 301 0 "-" "Mozilla/5.0 (Windows NT 10.0; Win64; x64) AppleWebKit/537.36 (KHTML, like Gecko) Chrome/123.0.0.0 Safari/537.36 OPR/109.0.0.0"
34.83.245.210 - - [30/Mar/2025:01:22:28 -0400] "GET /2024/12/ HTTP/1.1" 200 11243 "https://fileluna.com/2024/12" "Mozilla/5.0 (Windows NT 10.0; Win64; x64) AppleWebKit/537.36 (KHTML, like Gecko) Chrome/123.0.0.0 Safari/537.36 OPR/109.0.0.0"
216.244.66.246 - - [30/Mar/2025:01:25:22 -0400] "GET /robots.txt HTTP/1.1" 200 61 "-" "Mozilla/5.0 (compatible; DotBot/1.2; +https://opensiteexplorer.org/dotbot; help@moz.com)"
198.54.114.83 - - [30/Mar/2025:01:28:53 -0400] "POST /wp-cron.php?doing_wp_cron=1743312533.5960729122161865234375 HTTP/1.1" 200 0 "-" "WordPress/6.7.2; https://fileluna.com"
114.119.132.228 - - [30/Mar/2025:01:28:51 -0400] "GET /innovative-living-californias-prefab-homes/ HTTP/1.1" 200 11428 "https://fileluna.com/author/admin/page/39/" "Mozilla/5.0 (Linux; Android 7.0;) AppleWebKit/537.36 (KHTML, like Gecko) Mobile Safari/537.36 (compatible; PetalBot;+https://webmaster.petalsearch.com/site/petalbot)"
198.54.114.83 - - [30/Mar/2025:01:28:54 -0400] "POST /wp-admin/admin-ajax.php?action=async_litespeed&nonce=hp4Rng1GyVBeUd5wBkNBw1ghJaCfYxM2&litespeed_type=imgoptm HTTP/1.1" 200 5 "-" "WordPress/6.7.2; https://fileluna.com"
52.167.144.55 - - [30/Mar/2025:01:31:06 -0400] "GET /robots.txt HTTP/1.1" 304 0 "-" "Mozilla/5.0 AppleWebKit/537.36 (KHTML, like Gecko; compatible; bingbot/2.0; +http://www.bing.com/bingbot.htm) Chrome/116.0.1938.76 Safari/537.36"
2001:41d0:203:83e2:: - - [30/Mar/2025:01:33:17 -0400] "GET /wp-login.php HTTP/1.1" 200 1761 "-" "GRequests/0.10"
198.54.114.83 - - [30/Mar/2025:01:33:21 -0400] "POST /wp-cron.php?doing_wp_cron=1743312800.7385630607604980468750 HTTP/1.1" 200 0 "-" "WordPress/6.7.2; https://fileluna.com"
2001:41d0:203:83e2:: - - [30/Mar/2025:01:33:17 -0400] "POST /wp-login.php HTTP/1.1" 200 1901 "-" "GRequests/0.10"
198.54.114.83 - - [30/Mar/2025:01:33:21 -0400] "POST /wp-admin/admin-ajax.php?action=async_litespeed&nonce=CNbXdGVpZ4Tilap60umAZkDt0GapoHDL&litespeed_type=imgoptm HTTP/1.1" 200 5 "-" "WordPress/6.7.2; https://fileluna.com"
78.153.140.218 - - [30/Mar/2025:01:34:21 -0400] "GET /.env HTTP/1.1" 403 1242 "-" "Mozilla/5.0 (Macintosh; Intel Mac OS X 10.8; rv:42.0) Gecko/20100101 Firefox/42.0"
198.54.114.83 - - [30/Mar/2025:01:34:31 -0400] "POST /wp-cron.php?doing_wp_cron=1743312871.6646389961242675781250 HTTP/1.1" 200 0 "-" "WordPress/6.7.2; https://fileluna.com"
198.54.114.83 - - [30/Mar/2025:01:34:32 -0400] "POST /wp-admin/admin-ajax.php?action=async_litespeed&nonce=qcvQNNYrYflxf9DDPiKwtDWWpFfYm7PQ&litespeed_type=imgoptm HTTP/1.1" 200 5 "-" "WordPress/6.7.2; https://fileluna.com"
78.153.140.218 - - [30/Mar/2025:01:34:31 -0400] "GET /.aws/credentials HTTP/1.1" 404 8712 "-" "Mozilla/5.0 (X11; Linux i686; rv:2.0b10) Gecko/20100101 Firefox/4.0b10"
78.153.140.218 - - [30/Mar/2025:01:34:38 -0400] "GET /.env.example HTTP/1.1" 403 1242 "-" "Mozilla/5.0 (Windows; U; Windows NT 6.1; en-US; rv:1.9.0.13) Gecko/2009073022 Firefox/3.0.13 (.NET CLR 3.5.30729)"
78.153.140.218 - - [30/Mar/2025:01:34:39 -0400] "GET /.env.production HTTP/1.1" 403 1242 "-" "Mozilla/4.0 (compatible; MSIE 7.0; Windows NT 6.1; Win64; x64; Trident/7.0; .NET CLR 2.0.50727; SLCC2; .NET CLR 3.5.30729; .NET CLR 3.0.30729; Media Center PC 6.0; .NET4.0C; .NET4.0E; InfoPath.3; Tablet PC 2.0)"
78.153.140.218 - - [30/Mar/2025:01:34:40 -0400] "GET /admin/.env HTTP/1.1" 403 1242 "-" "Mozilla/5.0 (Linux; Android 6.0.1; SM-J327P Build/MMB29M) AppleWebKit/537.36 (KHTML, like Gecko) Chrome/62.0.3202.84 Mobile Safari/537.36"
43.135.182.95 - - [30/Mar/2025:01:37:28 -0400] "GET / HTTP/1.1" 200 12526 "http://fileluna.com" "Mozilla/5.0 (iPhone; CPU iPhone OS 13_2_3 like Mac OS X) AppleWebKit/605.1.15 (KHTML, like Gecko) Version/13.0.3 Mobile/15E148 Safari/604.1"
104.196.228.125 - - [30/Mar/2025:01:37:58 -0400] "GET /category/education HTTP/1.1" 301 0 "-" "Mozilla/5.0 (Macintosh; Intel Mac OS X 10_15_7) AppleWebKit/605.1.15 (KHTML, like Gecko) Version/16.6 Safari/605.1.15"
104.196.228.125 - - [30/Mar/2025:01:37:58 -0400] "GET /category/education/ HTTP/1.1" 200 9422 "https://fileluna.com/category/education" "Mozilla/5.0 (Macintosh; Intel Mac OS X 10_15_7) AppleWebKit/605.1.15 (KHTML, like Gecko) Version/16.6 Safari/605.1.15"
45.61.188.33 - - [30/Mar/2025:01:48:14 -0400] "GET / HTTP/1.1" 200 12526 "https://fileluna.com" "Mozilla/5.0 (Windows NT 10.0; Win64; x64) AppleWebKit/537.36 (KHTML, like Gecko) Chrome/58.0.3029.110 Safari/537.36"
45.61.188.33 - - [30/Mar/2025:01:48:15 -0400] "GET /wp-login.php HTTP/1.1" 200 1761 "https://fileluna.com" "Mozilla/5.0 (Windows NT 10.0; Win64; x64) AppleWebKit/537.36 (KHTML, like Gecko) Chrome/58.0.3029.110 Safari/537.36"
165.227.84.75 - - [30/Mar/2025:01:48:47 -0400] "GET /wp-login.php HTTP/1.1" 200 1761 "-" "GRequests/0.10"
198.54.114.83 - - [30/Mar/2025:01:48:49 -0400] "POST /wp-cron.php?doing_wp_cron=1743313729.6008019447326660156250 HTTP/1.1" 200 0 "-" "WordPress/6.7.2; https://fileluna.com"
165.227.84.75 - - [30/Mar/2025:01:48:47 -0400] "POST /wp-login.php HTTP/1.1" 200 1899 "-" "GRequests/0.10"
198.54.114.83 - - [30/Mar/2025:01:48:50 -0400] "POST /wp-admin/admin-ajax.php?action=async_litespeed&nonce=jorcEP24QMnTREfhe0QIlWWPDIWHMkDE&litespeed_type=imgoptm HTTP/1.1" 200 5 "-" "WordPress/6.7.2; https://fileluna.com"
34.53.64.62 - - [30/Mar/2025:01:51:44 -0400] "GET /2023/11 HTTP/1.1" 301 0 "-" "Mozilla/5.0 (X11; Linux x86_64) AppleWebKit/537.36 (KHTML, like Gecko) Chrome/120.0.0.0 Safari/537.36"
34.53.64.62 - - [30/Mar/2025:01:51:44 -0400] "GET /2023/11/ HTTP/1.1" 200 10285 "https://fileluna.com/2023/11" "Mozilla/5.0 (X11; Linux x86_64) AppleWebKit/537.36 (KHTML, like Gecko) Chrome/120.0.0.0 Safari/537.36"
198.54.114.83 - - [30/Mar/2025:01:52:39 -0400] "POST /wp-cron.php?doing_wp_cron=1743313959.5160889625549316406250 HTTP/1.1" 200 0 "-" "WordPress/6.7.2; https://fileluna.com"
34.82.90.121 - - [30/Mar/2025:01:52:37 -0400] "GET /category/arts-entertainments HTTP/1.1" 301 0 "-" "Mozilla/5.0 (Windows NT 10.0; Win64; x64) AppleWebKit/537.36 (KHTML, like Gecko) Chrome/119.0.0.0 Safari/537.36"
34.82.90.121 - - [30/Mar/2025:01:52:39 -0400] "GET /category/arts-entertainments/ HTTP/1.1" 200 11038 "https://fileluna.com/category/arts-entertainments" "Mozilla/5.0 (Windows NT 10.0; Win64; x64) AppleWebKit/537.36 (KHTML, like Gecko) Chrome/119.0.0.0 Safari/537.36"
198.54.114.83 - - [30/Mar/2025:01:52:40 -0400] "POST /wp-admin/admin-ajax.php?action=async_litespeed&nonce=s6N84VJSq8v3ZIBG1ky2s0I5K9G0ABWA&litespeed_type=imgoptm HTTP/1.1" 200 5 "-" "WordPress/6.7.2; https://fileluna.com"
198.54.114.83 - - [30/Mar/2025:01:53:16 -0400] "POST /wp-cron.php?doing_wp_cron=1743313996.7873969078063964843750 HTTP/1.1" 200 0 "-" "WordPress/6.7.2; https://fileluna.com"
196.251.73.83 - - [30/Mar/2025:01:53:16 -0400] "GET /wp-content/plugins/WordPressCore/include.php HTTP/1.1" 404 8710 "-" "Mozlila/5.0 (Linux; Android 7.0; SM-G892A Bulid/NRD90M; wv) AppleWebKit/537.36 (KHTML, like Gecko) Version/4.0 Chrome/60.0.3112.107 Moblie Safari/537.36"
198.54.114.83 - - [30/Mar/2025:01:53:17 -0400] "POST /wp-admin/admin-ajax.php?action=async_litespeed&nonce=Yrdxy6vuoBuNZWZBAjbacyLXnAxdaHCH&litespeed_type=imgoptm HTTP/1.1" 200 5 "-" "WordPress/6.7.2; https://fileluna.com"
196.251.73.83 - - [30/Mar/2025:01:53:23 -0400] "GET /wp-content/plugins/WordPressCore/include.php HTTP/1.1" 404 8710 "-" "Mozlila/5.0 (Linux; Android 7.0; SM-G892A Bulid/NRD90M; wv) AppleWebKit/537.36 (KHTML, like Gecko) Version/4.0 Chrome/60.0.3112.107 Moblie Safari/537.36"
198.54.114.83 - - [30/Mar/2025:01:54:36 -0400] "POST /wp-cron.php?doing_wp_cron=1743314076.7062549591064453125000 HTTP/1.1" 200 0 "-" "WordPress/6.7.2; https://fileluna.com"
34.168.123.140 - - [30/Mar/2025:01:54:36 -0400] "GET /2024/02 HTTP/1.1" 301 0 "-" "Mozilla/5.0 (Windows NT 10.0; Win64; x64) AppleWebKit/537.36 (KHTML, like Gecko) Chrome/120.0.0.0 Safari/537.36 Edg/120.0.0.0"
34.168.123.140 - - [30/Mar/2025:01:54:37 -0400] "GET /2024/02/ HTTP/1.1" 200 11360 "https://fileluna.com/2024/02" "Mozilla/5.0 (Windows NT 10.0; Win64; x64) AppleWebKit/537.36 (KHTML, like Gecko) Chrome/120.0.0.0 Safari/537.36 Edg/120.0.0.0"
198.54.114.83 - - [30/Mar/2025:01:54:37 -0400] "POST /wp-admin/admin-ajax.php?action=async_litespeed&nonce=gUsCrfWKBc8F6H3cRLYALVT6xvrUtRzX&litespeed_type=imgoptm HTTP/1.1" 200 5 "-" "WordPress/6.7.2; https://fileluna.com"
198.54.114.83 - - [30/Mar/2025:01:57:24 -0400] "POST /wp-cron.php?doing_wp_cron=1743314244.3215100765228271484375 HTTP/1.1" 200 0 "-" "WordPress/6.7.2; https://fileluna.com"
110.40.78.19 - - [30/Mar/2025:01:57:22 -0400] "GET /README.md HTTP/1.1" 404 8710 "http://fileluna.com/README.md" "Mozilla/5.0 (Windows NT 10.0; Win64; x64) AppleWebKit/537.36 (KHTML, like Gecko) Chrome/83.0.4103.61 Safari/537.36"
198.54.114.83 - - [30/Mar/2025:01:57:24 -0400] "POST /wp-admin/admin-ajax.php?action=async_litespeed&nonce=RVXFvddquNrdL7OPugwXTySlZtLykJP3&litespeed_type=imgoptm HTTP/1.1" 200 5 "-" "WordPress/6.7.2; https://fileluna.com"
110.40.78.19 - - [30/Mar/2025:01:57:42 -0400] "GET /apps/admin/view/default/layui/images/face/11.gif HTTP/1.1" 404 8710 "http://fileluna.com/apps/admin/view/default/layui/images/face/11.gif" "Mozilla/5.0 (Windows NT 10.0; Win64; x64) AppleWebKit/537.36 (KHTML, like Gecko) Chrome/83.0.4103.61 Safari/537.36"
114.119.129.34 - - [30/Mar/2025:02:03:30 -0400] "GET /understanding-blood-sugar-support-supplements/ HTTP/1.1" 200 11504 "https://fileluna.com/understanding-classroom-6x-dynamics/" "Mozilla/5.0 (Linux; Android 7.0;) AppleWebKit/537.36 (KHTML, like Gecko) Mobile Safari/537.36 (compatible; PetalBot;+https://webmaster.petalsearch.com/site/petalbot)"
114.119.154.229 - - [30/Mar/2025:02:04:56 -0400] "GET /top-moving-services-in-luneburg-for-a-smooth-relocation/ HTTP/1.1" 200 11664 "https://fileluna.com/category/arts-entertainments/page/6/" "Mozilla/5.0 (Linux; Android 7.0;) AppleWebKit/537.36 (KHTML, like Gecko) Mobile Safari/537.36 (compatible; PetalBot;+https://webmaster.petalsearch.com/site/petalbot)"
198.54.114.83 - - [30/Mar/2025:02:06:07 -0400] "POST /wp-cron.php?doing_wp_cron=1743314767.3578360080718994140625 HTTP/1.1" 200 0 "-" "WordPress/6.7.2; https://fileluna.com"
