51.222.253.5 - - [31/Mar/2025:02:09:56 -0400] "GET /discovering-paradise-navigating-the-beauty-of-nusa-penida/ HTTP/1.1" 404 1251 "-" "Mozilla/5.0 (compatible; AhrefsBot/7.0; +http://ahrefs.com/robot/)"
51.222.253.19 - - [31/Mar/2025:02:10:52 -0400] "GET /renovation-salle-de-bain-transformez-votre-espace-avec-style/ HTTP/1.1" 404 1251 "-" "Mozilla/5.0 (compatible; AhrefsBot/7.0; +http://ahrefs.com/robot/)"
47.79.61.159 - - [31/Mar/2025:02:11:33 -0400] "GET / HTTP/1.1" 403 1242 "https://www.google.com/" "Mozilla/5.0 (Linux; Android 10; K) AppleWebKit/537.36 (KHTML, like Gecko) Chrome/132.0.0.0 Mobile Safari/537.36"
51.222.253.16 - - [31/Mar/2025:02:11:48 -0400] "GET /a-beacon-of-elegance-and-sophistication/ HTTP/1.1" 404 1251 "-" "Mozilla/5.0 (compatible; AhrefsBot/7.0; +http://ahrefs.com/robot/)"
85.208.96.198 - - [31/Mar/2025:02:12:42 -0400] "GET /decouverte-du-quai-des-bergues/ HTTP/1.1" 404 1251 "-" "Mozilla/5.0 (compatible; SemrushBot/7~bl; +http://www.semrush.com/bot.html)"
51.222.253.6 - - [31/Mar/2025:02:12:44 -0400] "GET /best-homes-for-sale-in-portland-oregon/ HTTP/1.1" 404 1251 "-" "Mozilla/5.0 (compatible; AhrefsBot/7.0; +http://ahrefs.com/robot/)"
51.222.253.9 - - [31/Mar/2025:02:13:39 -0400] "GET /investing-in-real-tiktok-shares/ HTTP/1.1" 404 1251 "-" "Mozilla/5.0 (compatible; AhrefsBot/7.0; +http://ahrefs.com/robot/)"
51.222.253.17 - - [31/Mar/2025:02:14:54 -0400] "GET /what-does-hide-alerts-mean-on-iphone-text-messages/ HTTP/1.1" 404 1251 "-" "Mozilla/5.0 (compatible; AhrefsBot/7.0; +http://ahrefs.com/robot/)"
51.222.253.18 - - [31/Mar/2025:02:16:14 -0400] "GET /the-concept-behind-rolodoc/ HTTP/1.1" 404 1251 "-" "Mozilla/5.0 (compatible; AhrefsBot/7.0; +http://ahrefs.com/robot/)"
51.222.253.9 - - [31/Mar/2025:02:17:46 -0400] "GET /buy-amazon-gift-card/ HTTP/1.1" 404 1251 "-" "Mozilla/5.0 (compatible; AhrefsBot/7.0; +http://ahrefs.com/robot/)"
51.222.253.16 - - [31/Mar/2025:02:19:01 -0400] "GET /buy-youtube-views-online-non-drop/ HTTP/1.1" 404 1251 "-" "Mozilla/5.0 (compatible; AhrefsBot/7.0; +http://ahrefs.com/robot/)"
51.222.253.3 - - [31/Mar/2025:02:20:14 -0400] "GET /the-evolution-of-fast-checkout/ HTTP/1.1" 404 1251 "-" "Mozilla/5.0 (compatible; AhrefsBot/7.0; +http://ahrefs.com/robot/)"
51.222.253.14 - - [31/Mar/2025:02:21:32 -0400] "GET /unlocking-success-a-comprehensive-guide-on-how-to-grow-your-youtube-subscribers/ HTTP/1.1" 404 1251 "-" "Mozilla/5.0 (compatible; AhrefsBot/7.0; +http://ahrefs.com/robot/)"
51.222.253.18 - - [31/Mar/2025:02:22:46 -0400] "GET /optimal-oral-health-at-clinique-dentaire-geneve/ HTTP/1.1" 404 1251 "-" "Mozilla/5.0 (compatible; AhrefsBot/7.0; +http://ahrefs.com/robot/)"
185.191.171.12 - - [31/Mar/2025:02:23:59 -0400] "GET /youtube-views/ HTTP/1.1" 404 1251 "-" "Mozilla/5.0 (compatible; SemrushBot/7~bl; +http://www.semrush.com/bot.html)"
51.222.253.3 - - [31/Mar/2025:02:24:06 -0400] "GET /navigating-the-complexities-the-role-of-a-divorce-lawyer-in-kiryat/ HTTP/1.1" 404 1251 "-" "Mozilla/5.0 (compatible; AhrefsBot/7.0; +http://ahrefs.com/robot/)"
85.208.96.211 - - [31/Mar/2025:02:24:57 -0400] "GET /efficiency-at-your-fingertips-the-instant-hot-water-tap/ HTTP/1.1" 404 1251 "-" "Mozilla/5.0 (compatible; SemrushBot/7~bl; +http://www.semrush.com/bot.html)"
51.222.253.10 - - [31/Mar/2025:02:25:17 -0400] "GET /lamisil-once/ HTTP/1.1" 404 1251 "-" "Mozilla/5.0 (compatible; AhrefsBot/7.0; +http://ahrefs.com/robot/)"
51.222.253.20 - - [31/Mar/2025:02:26:21 -0400] "GET /revitalizing-surfaces-the-power-of-high-pressure-cleaning-on-the-gold-coast/ HTTP/1.1" 404 1251 "-" "Mozilla/5.0 (compatible; AhrefsBot/7.0; +http://ahrefs.com/robot/)"
51.222.253.3 - - [31/Mar/2025:02:27:17 -0400] "GET /luxurious-living-at-ardor-residence-showflat/ HTTP/1.1" 404 1251 "-" "Mozilla/5.0 (compatible; AhrefsBot/7.0; +http://ahrefs.com/robot/)"
51.222.253.5 - - [31/Mar/2025:02:28:10 -0400] "GET /robots.txt HTTP/1.1" 404 1251 "-" "Mozilla/5.0 (compatible; AhrefsBot/7.0; +http://ahrefs.com/robot/)"
51.222.253.2 - - [31/Mar/2025:02:28:12 -0400] "GET /caregiver-agencies/ HTTP/1.1" 404 1251 "-" "Mozilla/5.0 (compatible; AhrefsBot/7.0; +http://ahrefs.com/robot/)"
114.119.153.50 - - [31/Mar/2025:02:28:39 -0400] "GET /understanding-the-stomach-tuck-procedure/ HTTP/1.1" 404 1251 "https://freelancingclients.com/page/60/" "Mozilla/5.0 (Linux; Android 7.0;) AppleWebKit/537.36 (KHTML, like Gecko) Mobile Safari/537.36 (compatible; PetalBot;+https://webmaster.petalsearch.com/site/petalbot)"
51.222.253.1 - - [31/Mar/2025:02:29:06 -0400] "GET /unlocking-the-thrills-exploring-the-world-of-online-casinos/ HTTP/1.1" 404 1251 "-" "Mozilla/5.0 (compatible; AhrefsBot/7.0; +http://ahrefs.com/robot/)"
114.119.136.245 - - [31/Mar/2025:02:29:47 -0400] "GET /osteopathy/ HTTP/1.1" 404 1251 "https://freelancingclients.com/osteopathy/" "Mozilla/5.0 (Linux; Android 7.0;) AppleWebKit/537.36 (KHTML, like Gecko) Mobile Safari/537.36 (compatible; PetalBot;+https://webmaster.petalsearch.com/site/petalbot)"
51.222.253.10 - - [31/Mar/2025:02:30:00 -0400] "GET /navigating-the-complexity-of-tax-returns-a-guide-to-steuererklarung-hattingen/ HTTP/1.1" 404 1251 "-" "Mozilla/5.0 (compatible; AhrefsBot/7.0; +http://ahrefs.com/robot/)"
51.222.253.16 - - [31/Mar/2025:02:30:53 -0400] "GET /cpu-cooling/ HTTP/1.1" 404 1251 "-" "Mozilla/5.0 (compatible; AhrefsBot/7.0; +http://ahrefs.com/robot/)"
114.119.163.52 - - [31/Mar/2025:02:31:10 -0400] "GET /page/75/ HTTP/1.1" 404 1251 "https://freelancingclients.com/page/75/" "Mozilla/5.0 (Linux; Android 7.0;) AppleWebKit/537.36 (KHTML, like Gecko) Mobile Safari/537.36 (compatible; PetalBot;+https://webmaster.petalsearch.com/site/petalbot)"
51.222.253.9 - - [31/Mar/2025:02:32:04 -0400] "GET /the-pitfalls-of-tiktok-follower-purchase/ HTTP/1.1" 404 1251 "-" "Mozilla/5.0 (compatible; AhrefsBot/7.0; +http://ahrefs.com/robot/)"
114.119.131.163 - - [31/Mar/2025:02:32:36 -0400] "GET /buy-youtube-views/ HTTP/1.1" 404 1251 "https://freelancingclients.com/category/activity/page/82/" "Mozilla/5.0 (Linux; Android 7.0;) AppleWebKit/537.36 (KHTML, like Gecko) Mobile Safari/537.36 (compatible; PetalBot;+https://webmaster.petalsearch.com/site/petalbot)"
2a03:2880:f800:14:: - - [31/Mar/2025:02:32:51 -0400] "GET /thermal-compound/ HTTP/1.1" 404 1251 "-" "meta-externalagent/1.1 (+https://developers.facebook.com/docs/sharing/webmasters/crawler)"
51.222.253.17 - - [31/Mar/2025:02:33:15 -0400] "GET /the-five-cooling-phases-of-industrial-childers/ HTTP/1.1" 404 1251 "-" "Mozilla/5.0 (compatible; AhrefsBot/7.0; +http://ahrefs.com/robot/)"
114.119.153.191 - - [31/Mar/2025:02:33:54 -0400] "GET /gitarrenkurs-online/ HTTP/1.1" 404 1251 "https://freelancingclients.com/page/121/" "Mozilla/5.0 (Linux; Android 7.0;) AppleWebKit/537.36 (KHTML, like Gecko) Mobile Safari/537.36 (compatible; PetalBot;+https://webmaster.petalsearch.com/site/petalbot)"
51.222.253.6 - - [31/Mar/2025:02:34:16 -0400] "GET /revolutionizing-office-communication-the-virtual-receptionist-advantage/ HTTP/1.1" 404 1251 "-" "Mozilla/5.0 (compatible; AhrefsBot/7.0; +http://ahrefs.com/robot/)"
51.222.253.13 - - [31/Mar/2025:02:35:10 -0400] "GET /a-gateway-to-virtual-excitement/ HTTP/1.1" 404 1251 "-" "Mozilla/5.0 (compatible; AhrefsBot/7.0; +http://ahrefs.com/robot/)"
114.119.138.170 - - [31/Mar/2025:02:35:20 -0400] "GET /a-gateway-to-virtual-excitement/ HTTP/1.1" 404 1251 "https://freelancingclients.com/a-gateway-to-virtual-excitement/" "Mozilla/5.0 (Linux; Android 7.0;) AppleWebKit/537.36 (KHTML, like Gecko) Mobile Safari/537.36 (compatible; PetalBot;+https://webmaster.petalsearch.com/site/petalbot)"
51.222.253.2 - - [31/Mar/2025:02:36:01 -0400] "GET /enhancing-workplace-efficiency-with-employee-communication-apps/ HTTP/1.1" 404 1251 "-" "Mozilla/5.0 (compatible; AhrefsBot/7.0; +http://ahrefs.com/robot/)"
51.222.253.17 - - [31/Mar/2025:02:36:50 -0400] "GET /how-to-use-a-compost-tumbler/ HTTP/1.1" 404 1251 "-" "Mozilla/5.0 (compatible; AhrefsBot/7.0; +http://ahrefs.com/robot/)"
51.222.253.12 - - [31/Mar/2025:02:38:24 -0400] "GET /the-evolution-of-door-manufacturers/ HTTP/1.1" 404 1251 "-" "Mozilla/5.0 (compatible; AhrefsBot/7.0; +http://ahrefs.com/robot/)"
85.208.96.196 - - [31/Mar/2025:02:38:29 -0400] "GET /guerlain-mon-guerlain-rezension/ HTTP/1.1" 404 1251 "-" "Mozilla/5.0 (compatible; SemrushBot/7~bl; +http://www.semrush.com/bot.html)"
51.222.253.13 - - [31/Mar/2025:02:40:00 -0400] "GET /instant-hot-and-cold-water-dispensers/ HTTP/1.1" 404 1251 "-" "Mozilla/5.0 (compatible; AhrefsBot/7.0; +http://ahrefs.com/robot/)"
110.249.202.87 - - [31/Mar/2025:02:40:16 -0400] "GET /category/activity/ HTTP/1.1" 404 1251 "-" "Mozilla/5.0 (Linux; Android 5.0) AppleWebKit/537.36 (KHTML, like Gecko) Mobile Safari/537.36 (compatible; Bytespider; https://zhanzhang.toutiao.com/)"
51.222.253.2 - - [31/Mar/2025:02:40:52 -0400] "GET /silver-kiddush-cup/ HTTP/1.1" 404 1251 "-" "Mozilla/5.0 (compatible; AhrefsBot/7.0; +http://ahrefs.com/robot/)"
51.222.253.15 - - [31/Mar/2025:02:41:47 -0400] "GET /personlig-tranare-online/ HTTP/1.1" 404 1251 "-" "Mozilla/5.0 (compatible; AhrefsBot/7.0; +http://ahrefs.com/robot/)"
217.113.194.60 - - [31/Mar/2025:02:41:49 -0400] "GET /robots.txt HTTP/1.1" 404 1251 "-" "Mozilla/5.0 (compatible; Barkrowler/0.9; +https://babbar.tech/crawler)"
217.113.194.56 - - [31/Mar/2025:02:42:04 -0400] "GET / HTTP/1.1" 403 1242 "-" "Mozilla/5.0 (compatible; Barkrowler/0.9; +https://babbar.tech/crawler)"
185.191.171.2 - - [31/Mar/2025:02:42:33 -0400] "GET /smart-shopping-tips-to-save-on-tires/ HTTP/1.1" 404 1251 "-" "Mozilla/5.0 (compatible; SemrushBot/7~bl; +http://www.semrush.com/bot.html)"
51.222.253.16 - - [31/Mar/2025:02:42:54 -0400] "GET /what-does-2nd-generation-iphone-mean/ HTTP/1.1" 404 1251 "-" "Mozilla/5.0 (compatible; AhrefsBot/7.0; +http://ahrefs.com/robot/)"
85.208.96.195 - - [31/Mar/2025:02:43:02 -0400] "GET /%E0%B8%AA%E0%B8%B9%E0%B8%95%E0%B8%A3%E0%B8%AA%E0%B8%A5%E0%B9%87%E0%B8%AD%E0%B8%95-%E0%B9%83%E0%B8%8A%E0%B9%89%E0%B9%84%E0%B8%94%E0%B9%89-%E0%B8%97%E0%B8%B8%E0%B8%81%E0%B8%84%E0%B9%88%E0%B8%B2%E0%B8%A2/ HTTP/1.1" 404 1251 "-" "Mozilla/5.0 (compatible; SemrushBot/7~bl; +http://www.semrush.com/bot.html)"
51.222.253.2 - - [31/Mar/2025:02:44:03 -0400] "GET /what-does-no-location-found-mean-on-find-my-iphone/ HTTP/1.1" 404 1251 "-" "Mozilla/5.0 (compatible; AhrefsBot/7.0; +http://ahrefs.com/robot/)"
217.113.194.59 - - [31/Mar/2025:02:44:42 -0400] "GET /vetements/ HTTP/1.1" 404 1251 "-" "Mozilla/5.0 (compatible; Barkrowler/0.9; +https://babbar.tech/crawler)"
51.222.253.20 - - [31/Mar/2025:02:44:52 -0400] "GET /best-employee-communication-app/ HTTP/1.1" 404 1251 "-" "Mozilla/5.0 (compatible; AhrefsBot/7.0; +http://ahrefs.com/robot/)"
217.113.194.55 - - [31/Mar/2025:02:45:17 -0400] "GET /page/40/ HTTP/1.1" 404 1251 "-" "Mozilla/5.0 (compatible; Barkrowler/0.9; +https://babbar.tech/crawler)"
217.113.194.58 - - [31/Mar/2025:02:45:33 -0400] "GET /page/21/ HTTP/1.1" 404 1251 "-" "Mozilla/5.0 (compatible; Barkrowler/0.9; +https://babbar.tech/crawler)"
51.222.253.20 - - [31/Mar/2025:02:45:46 -0400] "GET /personal-trainer-online-how-to-find-a-good-one/ HTTP/1.1" 404 1251 "-" "Mozilla/5.0 (compatible; AhrefsBot/7.0; +http://ahrefs.com/robot/)"
217.113.194.56 - - [31/Mar/2025:02:45:51 -0400] "GET /page/24/ HTTP/1.1" 404 1251 "-" "Mozilla/5.0 (compatible; Barkrowler/0.9; +https://babbar.tech/crawler)"
217.113.194.58 - - [31/Mar/2025:02:46:06 -0400] "GET /page/22/ HTTP/1.1" 404 1251 "-" "Mozilla/5.0 (compatible; Barkrowler/0.9; +https://babbar.tech/crawler)"
217.113.194.53 - - [31/Mar/2025:02:46:22 -0400] "GET /page/14/ HTTP/1.1" 404 1251 "-" "Mozilla/5.0 (compatible; Barkrowler/0.9; +https://babbar.tech/crawler)"
217.113.194.52 - - [31/Mar/2025:02:46:37 -0400] "GET /page/18/ HTTP/1.1" 404 1251 "-" "Mozilla/5.0 (compatible; Barkrowler/0.9; +https://babbar.tech/crawler)"
51.222.253.4 - - [31/Mar/2025:02:46:41 -0400] "GET /the-convenience-of-small-payment-gift-certificates/ HTTP/1.1" 404 1251 "-" "Mozilla/5.0 (compatible; AhrefsBot/7.0; +http://ahrefs.com/robot/)"
217.113.194.58 - - [31/Mar/2025:02:46:53 -0400] "GET /page/12/ HTTP/1.1" 404 1251 "-" "Mozilla/5.0 (compatible; Barkrowler/0.9; +https://babbar.tech/crawler)"
217.113.194.61 - - [31/Mar/2025:02:47:09 -0400] "GET /page/17/ HTTP/1.1" 404 1251 "-" "Mozilla/5.0 (compatible; Barkrowler/0.9; +https://babbar.tech/crawler)"
47.94.150.2 - - [31/Mar/2025:02:47:18 -0400] "GET /wp-content/themes/daily-newspaper/style.css?ver=1.0 HTTP/1.1" 200 10155 "-" "Mozilla/5.0 (Macintosh; Intel Mac OS X 10_15_7) AppleWebKit/605.1.15 (KHTML, like Gecko) Version/18.4 Safari/605.1.15"
47.94.150.2 - - [31/Mar/2025:02:47:18 -0400] "GET /wp-content/themes/newspaperly/css/font-awesome.min.css?ver=6.6.2 HTTP/1.1" 200 6658 "-" "Mozilla/5.0 (Macintosh; Intel Mac OS X 10_15_7) AppleWebKit/605.1.15 (KHTML, like Gecko) Version/18.4 Safari/605.1.15"
47.94.150.2 - - [31/Mar/2025:02:47:18 -0400] "GET /wp-content/themes/daily-newspaper/style.css?ver=6.6.2 HTTP/1.1" 200 10155 "-" "Mozilla/5.0 (Macintosh; Intel Mac OS X 10_15_7) AppleWebKit/605.1.15 (KHTML, like Gecko) Version/18.4 Safari/605.1.15"
47.94.150.2 - - [31/Mar/2025:02:47:18 -0400] "GET /wp-includes/js/comment-reply.min.js?ver=6.6.2 HTTP/1.1" 200 1247 "-" "Mozilla/5.0 (Macintosh; Intel Mac OS X 10_15_7) AppleWebKit/605.1.15 (KHTML, like Gecko) Version/18.4 Safari/605.1.15"
47.94.150.2 - - [31/Mar/2025:02:47:18 -0400] "GET /wp-includes/js/jquery/jquery.min.js?ver=3.7.1 HTTP/1.1" 200 29744 "-" "Mozilla/5.0 (Macintosh; Intel Mac OS X 10_15_7) AppleWebKit/605.1.15 (KHTML, like Gecko) Version/18.4 Safari/605.1.15"
47.94.150.2 - - [31/Mar/2025:02:47:18 -0400] "GET /wp-content/themes/newspaperly/js/skip-link-focus-fix.js?ver=20170823 HTTP/1.1" 200 332 "-" "Mozilla/5.0 (Macintosh; Intel Mac OS X 10_15_7) AppleWebKit/605.1.15 (KHTML, like Gecko) Version/18.4 Safari/605.1.15"
47.94.150.2 - - [31/Mar/2025:02:47:18 -0400] "GET /wp-includes/css/dist/block-library/style.min.css?ver=6.6.2 HTTP/1.1" 200 14225 "-" "Mozilla/5.0 (Macintosh; Intel Mac OS X 10_15_7) AppleWebKit/605.1.15 (KHTML, like Gecko) Version/18.4 Safari/605.1.15"
47.94.150.2 - - [31/Mar/2025:02:47:18 -0400] "GET /wp-content/themes/newspaperly/js/accessibility.js?ver=20160720 HTTP/1.1" 200 430 "-" "Mozilla/5.0 (Macintosh; Intel Mac OS X 10_15_7) AppleWebKit/605.1.15 (KHTML, like Gecko) Version/18.4 Safari/605.1.15"
47.94.150.2 - - [31/Mar/2025:02:47:19 -0400] "GET /wp-content/themes/newspaperly/js/script.js?ver=20160720 HTTP/1.1" 200 996 "-" "Mozilla/5.0 (Macintosh; Intel Mac OS X 10_15_7) AppleWebKit/605.1.15 (KHTML, like Gecko) Version/18.4 Safari/605.1.15"
47.94.150.2 - - [31/Mar/2025:02:47:19 -0400] "GET /wp-includes/js/jquery/jquery-migrate.min.js?ver=3.4.1 HTTP/1.1" 304 0 "-" "Mozilla/5.0 (Macintosh; Intel Mac OS X 10_15_7) AppleWebKit/605.1.15 (KHTML, like Gecko) Version/18.4 Safari/605.1.15"
47.94.150.2 - - [31/Mar/2025:02:47:19 -0400] "GET /wp-content/themes/newspaperly/js/jquery.flexslider.js?ver=20150423 HTTP/1.1" 200 11140 "-" "Mozilla/5.0 (Macintosh; Intel Mac OS X 10_15_7) AppleWebKit/605.1.15 (KHTML, like Gecko) Version/18.4 Safari/605.1.15"
47.94.150.2 - - [31/Mar/2025:02:47:19 -0400] "GET /wp-content/fonts/c72f40e02a47fae3159b9d954e6201db.css?ver=1.0 HTTP/1.1" 200 580 "-" "Mozilla/5.0 (Macintosh; Intel Mac OS X 10_15_7) AppleWebKit/605.1.15 (KHTML, like Gecko) Version/18.4 Safari/605.1.15"
47.94.150.2 - - [31/Mar/2025:02:47:19 -0400] "GET /wp-content/themes/newspaperly/js/navigation.js?ver=20170823 HTTP/1.1" 200 951 "-" "Mozilla/5.0 (Macintosh; Intel Mac OS X 10_15_7) AppleWebKit/605.1.15 (KHTML, like Gecko) Version/18.4 Safari/605.1.15"
47.94.150.2 - - [31/Mar/2025:02:47:20 -0400] "GET /wp-includes/js/wp-emoji-release.min.js?ver=6.6.2 HTTP/1.1" 200 4676 "-" "Mozilla/5.0 (Macintosh; Intel Mac OS X 10_15_7) AppleWebKit/605.1.15 (KHTML, like Gecko) Version/18.4 Safari/605.1.15"
47.94.150.2 - - [31/Mar/2025:02:47:20 -0400] "GET /wp-content/fonts/inter/UcC73FwrK3iLTeHuS_nVMrMxCp50SjIa1ZL7.woff2 HTTP/1.1" 200 48444 "-" "Mozilla/5.0 (Macintosh; Intel Mac OS X 10_15_7) AppleWebKit/605.1.15 (KHTML, like Gecko) Version/18.4 Safari/605.1.15"
154.54.249.198 - - [31/Mar/2025:02:47:25 -0400] "GET /page/13/ HTTP/1.1" 404 1251 "-" "Mozilla/5.0 (compatible; Barkrowler/0.9; +https://babbar.tech/crawler)"
51.222.253.3 - - [31/Mar/2025:02:47:33 -0400] "GET /what-does-it-mean-to-hide-alerts-on-iphone/ HTTP/1.1" 404 1251 "-" "Mozilla/5.0 (compatible; AhrefsBot/7.0; +http://ahrefs.com/robot/)"
154.54.249.198 - - [31/Mar/2025:02:47:40 -0400] "GET /page/11/ HTTP/1.1" 404 1251 "-" "Mozilla/5.0 (compatible; Barkrowler/0.9; +https://babbar.tech/crawler)"
111.225.149.34 - - [31/Mar/2025:02:47:52 -0400] "GET /page/52/ HTTP/1.1" 404 1251 "-" "Mozilla/5.0 (Linux; Android 5.0) AppleWebKit/537.36 (KHTML, like Gecko) Mobile Safari/537.36 (compatible; Bytespider; https://zhanzhang.toutiao.com/)"
217.113.194.54 - - [31/Mar/2025:02:47:56 -0400] "GET /page/10/ HTTP/1.1" 404 1251 "-" "Mozilla/5.0 (compatible; Barkrowler/0.9; +https://babbar.tech/crawler)"
51.222.253.14 - - [31/Mar/2025:02:48:28 -0400] "GET /steuerberater/ HTTP/1.1" 404 1251 "-" "Mozilla/5.0 (compatible; AhrefsBot/7.0; +http://ahrefs.com/robot/)"
217.113.194.54 - - [31/Mar/2025:02:48:30 -0400] "GET /page/5/ HTTP/1.1" 404 1251 "-" "Mozilla/5.0 (compatible; Barkrowler/0.9; +https://babbar.tech/crawler)"
154.54.249.198 - - [31/Mar/2025:02:48:47 -0400] "GET /page/7/ HTTP/1.1" 404 1251 "-" "Mozilla/5.0 (compatible; Barkrowler/0.9; +https://babbar.tech/crawler)"
51.222.253.20 - - [31/Mar/2025:02:49:21 -0400] "GET /the-potential-of-fenbendazole-for-human-use/ HTTP/1.1" 404 1251 "-" "Mozilla/5.0 (compatible; AhrefsBot/7.0; +http://ahrefs.com/robot/)"
217.113.194.58 - - [31/Mar/2025:02:49:37 -0400] "GET /page/3/ HTTP/1.1" 404 1251 "-" "Mozilla/5.0 (compatible; Barkrowler/0.9; +https://babbar.tech/crawler)"
217.113.194.61 - - [31/Mar/2025:02:49:52 -0400] "GET /page/9/ HTTP/1.1" 404 1251 "-" "Mozilla/5.0 (compatible; Barkrowler/0.9; +https://babbar.tech/crawler)"
217.113.194.57 - - [31/Mar/2025:02:50:08 -0400] "GET /page/6/ HTTP/1.1" 404 1251 "-" "Mozilla/5.0 (compatible; Barkrowler/0.9; +https://babbar.tech/crawler)"
51.222.253.8 - - [31/Mar/2025:02:50:11 -0400] "GET /fachkundige-rechtsberatung-in-hattingen/ HTTP/1.1" 404 1251 "-" "Mozilla/5.0 (compatible; AhrefsBot/7.0; +http://ahrefs.com/robot/)"
217.113.194.53 - - [31/Mar/2025:02:50:24 -0400] "GET /page/8/ HTTP/1.1" 404 1251 "-" "Mozilla/5.0 (compatible; Barkrowler/0.9; +https://babbar.tech/crawler)"
217.113.194.54 - - [31/Mar/2025:02:50:39 -0400] "GET /page/50/ HTTP/1.1" 404 1251 "-" "Mozilla/5.0 (compatible; Barkrowler/0.9; +https://babbar.tech/crawler)"
154.54.249.198 - - [31/Mar/2025:02:50:55 -0400] "GET /page/43/ HTTP/1.1" 404 1251 "-" "Mozilla/5.0 (compatible; Barkrowler/0.9; +https://babbar.tech/crawler)"
51.222.253.8 - - [31/Mar/2025:02:51:02 -0400] "GET /understanding-the-freeze-feature/ HTTP/1.1" 404 1251 "-" "Mozilla/5.0 (compatible; AhrefsBot/7.0; +http://ahrefs.com/robot/)"
217.113.194.59 - - [31/Mar/2025:02:51:10 -0400] "GET /page/35/ HTTP/1.1" 404 1251 "-" "Mozilla/5.0 (compatible; Barkrowler/0.9; +https://babbar.tech/crawler)"
85.208.96.210 - - [31/Mar/2025:02:51:22 -0400] "GET /category/activity/page/43/ HTTP/1.1" 404 1251 "-" "Mozilla/5.0 (compatible; SemrushBot/7~bl; +http://www.semrush.com/bot.html)"
217.113.194.56 - - [31/Mar/2025:02:51:26 -0400] "GET /page/82/ HTTP/1.1" 404 1251 "-" "Mozilla/5.0 (compatible; Barkrowler/0.9; +https://babbar.tech/crawler)"
114.119.153.50 - - [31/Mar/2025:02:51:28 -0400] "GET /tennis-predicts/ HTTP/1.1" 404 1251 "https://freelancingclients.com/page/143/" "Mozilla/5.0 (Linux; Android 7.0;) AppleWebKit/537.36 (KHTML, like Gecko) Mobile Safari/537.36 (compatible; PetalBot;+https://webmaster.petalsearch.com/site/petalbot)"
217.113.194.55 - - [31/Mar/2025:02:51:42 -0400] "GET /page/26/ HTTP/1.1" 404 1251 "-" "Mozilla/5.0 (compatible; Barkrowler/0.9; +https://babbar.tech/crawler)"
51.222.253.16 - - [31/Mar/2025:02:51:54 -0400] "GET /what-does-no-sim-mean/ HTTP/1.1" 404 1251 "-" "Mozilla/5.0 (compatible; AhrefsBot/7.0; +http://ahrefs.com/robot/)"
217.113.194.52 - - [31/Mar/2025:02:51:58 -0400] "GET /page/90/ HTTP/1.1" 404 1251 "-" "Mozilla/5.0 (compatible; Barkrowler/0.9; +https://babbar.tech/crawler)"
154.54.249.198 - - [31/Mar/2025:02:52:14 -0400] "GET /page/33/ HTTP/1.1" 404 1251 "-" "Mozilla/5.0 (compatible; Barkrowler/0.9; +https://babbar.tech/crawler)"
217.113.194.53 - - [31/Mar/2025:02:52:29 -0400] "GET /page/60/ HTTP/1.1" 404 1251 "-" "Mozilla/5.0 (compatible; Barkrowler/0.9; +https://babbar.tech/crawler)"
217.113.194.61 - - [31/Mar/2025:02:52:45 -0400] "GET /page/32/ HTTP/1.1" 404 1251 "-" "Mozilla/5.0 (compatible; Barkrowler/0.9; +https://babbar.tech/crawler)"
51.222.253.20 - - [31/Mar/2025:02:52:46 -0400] "GET /buying-youtube-likes/ HTTP/1.1" 404 1251 "-" "Mozilla/5.0 (compatible; AhrefsBot/7.0; +http://ahrefs.com/robot/)"
217.113.194.55 - - [31/Mar/2025:02:53:00 -0400] "GET /page/23/ HTTP/1.1" 404 1251 "-" "Mozilla/5.0 (compatible; Barkrowler/0.9; +https://babbar.tech/crawler)"
217.113.194.52 - - [31/Mar/2025:02:53:16 -0400] "GET /youtube-views/ HTTP/1.1" 404 1251 "-" "Mozilla/5.0 (compatible; Barkrowler/0.9; +https://babbar.tech/crawler)"
217.113.194.58 - - [31/Mar/2025:02:53:32 -0400] "GET /leather-gifts/ HTTP/1.1" 404 1251 "-" "Mozilla/5.0 (compatible; Barkrowler/0.9; +https://babbar.tech/crawler)"
51.222.253.12 - - [31/Mar/2025:02:53:32 -0400] "GET /building-your-tiktok-follower-base/ HTTP/1.1" 404 1251 "-" "Mozilla/5.0 (compatible; AhrefsBot/7.0; +http://ahrefs.com/robot/)"
217.113.194.57 - - [31/Mar/2025:02:53:47 -0400] "GET /nfts/ HTTP/1.1" 404 1251 "-" "Mozilla/5.0 (compatible; Barkrowler/0.9; +https://babbar.tech/crawler)"
217.113.194.55 - - [31/Mar/2025:02:54:03 -0400] "GET /street-wear/ HTTP/1.1" 404 1251 "-" "Mozilla/5.0 (compatible; Barkrowler/0.9; +https://babbar.tech/crawler)"
217.113.194.58 - - [31/Mar/2025:02:54:19 -0400] "GET /jili/ HTTP/1.1" 404 1251 "-" "Mozilla/5.0 (compatible; Barkrowler/0.9; +https://babbar.tech/crawler)"
51.222.253.7 - - [31/Mar/2025:02:54:26 -0400] "GET /exploring-the-tembusu-grand-showroom/ HTTP/1.1" 404 1251 "-" "Mozilla/5.0 (compatible; AhrefsBot/7.0; +http://ahrefs.com/robot/)"
217.113.194.55 - - [31/Mar/2025:02:54:35 -0400] "GET /weed/ HTTP/1.1" 404 1251 "-" "Mozilla/5.0 (compatible; Barkrowler/0.9; +https://babbar.tech/crawler)"
217.113.194.59 - - [31/Mar/2025:02:54:50 -0400] "GET /page/81/ HTTP/1.1" 404 1251 "-" "Mozilla/5.0 (compatible; Barkrowler/0.9; +https://babbar.tech/crawler)"
217.113.194.61 - - [31/Mar/2025:02:55:07 -0400] "GET /page/86/ HTTP/1.1" 404 1251 "-" "Mozilla/5.0 (compatible; Barkrowler/0.9; +https://babbar.tech/crawler)"
51.222.253.9 - - [31/Mar/2025:02:55:19 -0400] "GET /the-perils-and-pitfalls-of-buying-youtube-subscribers/ HTTP/1.1" 404 1251 "-" "Mozilla/5.0 (compatible; AhrefsBot/7.0; +http://ahrefs.com/robot/)"
217.113.194.58 - - [31/Mar/2025:02:55:25 -0400] "GET /page/75/ HTTP/1.1" 404 1251 "-" "Mozilla/5.0 (compatible; Barkrowler/0.9; +https://babbar.tech/crawler)"
217.113.194.56 - - [31/Mar/2025:02:55:42 -0400] "GET /page/101/ HTTP/1.1" 404 1251 "-" "Mozilla/5.0 (compatible; Barkrowler/0.9; +https://babbar.tech/crawler)"
217.113.194.52 - - [31/Mar/2025:02:55:58 -0400] "GET /page/100/ HTTP/1.1" 404 1251 "-" "Mozilla/5.0 (compatible; Barkrowler/0.9; +https://babbar.tech/crawler)"
51.222.253.17 - - [31/Mar/2025:02:56:15 -0400] "GET /handbags-from-italy-online/ HTTP/1.1" 404 1251 "-" "Mozilla/5.0 (compatible; AhrefsBot/7.0; +http://ahrefs.com/robot/)"
217.113.194.56 - - [31/Mar/2025:02:56:16 -0400] "GET /page/67/ HTTP/1.1" 404 1251 "-" "Mozilla/5.0 (compatible; Barkrowler/0.9; +https://babbar.tech/crawler)"
217.113.194.58 - - [31/Mar/2025:02:56:32 -0400] "GET /page/134/ HTTP/1.1" 404 1251 "-" "Mozilla/5.0 (compatible; Barkrowler/0.9; +https://babbar.tech/crawler)"
154.54.249.198 - - [31/Mar/2025:02:56:48 -0400] "GET /page/132/ HTTP/1.1" 404 1251 "-" "Mozilla/5.0 (compatible; Barkrowler/0.9; +https://babbar.tech/crawler)"
51.222.253.12 - - [31/Mar/2025:02:57:04 -0400] "GET /car-dealers-in-hamilton/ HTTP/1.1" 404 1251 "-" "Mozilla/5.0 (compatible; AhrefsBot/7.0; +http://ahrefs.com/robot/)"
217.113.194.52 - - [31/Mar/2025:02:57:04 -0400] "GET /page/156/ HTTP/1.1" 404 1251 "-" "Mozilla/5.0 (compatible; Barkrowler/0.9; +https://babbar.tech/crawler)"
85.208.98.19 - - [31/Mar/2025:02:57:10 -0400] "GET /how-to-find-the-best-instagram-buy-likes/ HTTP/1.1" 404 1251 "-" "Mozilla/5.0 (compatible; SemrushBot-BA; +http://www.semrush.com/bot.html)"
154.54.249.198 - - [31/Mar/2025:02:57:21 -0400] "GET /page/131/ HTTP/1.1" 404 1251 "-" "Mozilla/5.0 (compatible; Barkrowler/0.9; +https://babbar.tech/crawler)"
154.54.249.198 - - [31/Mar/2025:02:57:38 -0400] "GET /page/144/ HTTP/1.1" 404 1251 "-" "Mozilla/5.0 (compatible; Barkrowler/0.9; +https://babbar.tech/crawler)"
51.222.253.4 - - [31/Mar/2025:02:57:52 -0400] "GET /navigating-the-allure-of-online-betting-a-closer-look-at-the-risks-and-rewards/ HTTP/1.1" 404 1251 "-" "Mozilla/5.0 (compatible; AhrefsBot/7.0; +http://ahrefs.com/robot/)"
154.54.249.198 - - [31/Mar/2025:02:57:54 -0400] "GET /page/153/ HTTP/1.1" 404 1251 "-" "Mozilla/5.0 (compatible; Barkrowler/0.9; +https://babbar.tech/crawler)"
85.208.96.196 - - [31/Mar/2025:02:57:54 -0400] "GET /category/activity/page/140/ HTTP/1.1" 404 1251 "-" "Mozilla/5.0 (compatible; SemrushBot/7~bl; +http://www.semrush.com/bot.html)"
85.208.98.20 - - [31/Mar/2025:02:58:03 -0400] "GET /url-shorteners/ HTTP/1.1" 404 1251 "-" "Mozilla/5.0 (compatible; SemrushBot-BA; +http://www.semrush.com/bot.html)"
217.113.194.58 - - [31/Mar/2025:02:58:10 -0400] "GET /page/146/ HTTP/1.1" 404 1251 "-" "Mozilla/5.0 (compatible; Barkrowler/0.9; +https://babbar.tech/crawler)"
85.208.98.24 - - [31/Mar/2025:02:58:27 -0400] "GET /mastering-youtube-seo-elevate-your-channels-visibility/ HTTP/1.1" 404 1251 "-" "Mozilla/5.0 (compatible; SemrushBot-BA; +http://www.semrush.com/bot.html)"
217.113.194.60 - - [31/Mar/2025:02:58:46 -0400] "GET /page/126/ HTTP/1.1" 404 0 "-" "Mozilla/5.0 (compatible; Barkrowler/0.9; +https://babbar.tech/crawler)"
51.222.253.13 - - [31/Mar/2025:02:58:46 -0400] "GET /efficiency-in-connectivity/ HTTP/1.1" 404 1251 "-" "Mozilla/5.0 (compatible; AhrefsBot/7.0; +http://ahrefs.com/robot/)"
85.208.98.22 - - [31/Mar/2025:02:59:03 -0400] "GET /buy-50-tiktok-likes/ HTTP/1.1" 404 1251 "-" "Mozilla/5.0 (compatible; SemrushBot-BA; +http://www.semrush.com/bot.html)"
85.208.98.22 - - [31/Mar/2025:02:59:15 -0400] "GET /how-to-buy-tiktok-likes/ HTTP/1.1" 404 1251 "-" "Mozilla/5.0 (compatible; SemrushBot-BA; +http://www.semrush.com/bot.html)"
85.208.98.22 - - [31/Mar/2025:02:59:22 -0400] "GET /unleashing-the-power-of-qr-code-generators/ HTTP/1.1" 404 1251 "-" "Mozilla/5.0 (compatible; SemrushBot-BA; +http://www.semrush.com/bot.html)"
51.222.253.5 - - [31/Mar/2025:02:59:29 -0400] "GET /mastering-league-of-legends-unraveling-the-complexity/ HTTP/1.1" 404 1251 "-" "Mozilla/5.0 (compatible; AhrefsBot/7.0; +http://ahrefs.com/robot/)"
85.208.98.31 - - [31/Mar/2025:03:00:07 -0400] "GET /buy-followers-ticktok-from-a-legitimate-provider/ HTTP/1.1" 404 1251 "-" "Mozilla/5.0 (compatible; SemrushBot-BA; +http://www.semrush.com/bot.html)"
51.222.253.15 - - [31/Mar/2025:03:00:18 -0400] "GET /exploring-the-wonders-of-wool-hiking-socks/ HTTP/1.1" 404 1251 "-" "Mozilla/5.0 (compatible; AhrefsBot/7.0; +http://ahrefs.com/robot/)"
85.208.98.29 - - [31/Mar/2025:03:00:23 -0400] "GET /buy-view-tiktok/ HTTP/1.1" 404 1251 "-" "Mozilla/5.0 (compatible; SemrushBot-BA; +http://www.semrush.com/bot.html)"
85.208.98.31 - - [31/Mar/2025:03:00:46 -0400] "GET /buy-tiktok-saves-to-boost-your-visibility/ HTTP/1.1" 404 1251 "-" "Mozilla/5.0 (compatible; SemrushBot-BA; +http://www.semrush.com/bot.html)"
85.208.98.29 - - [31/Mar/2025:03:00:56 -0400] "GET /can-i-buy-shares-in-tiktok/ HTTP/1.1" 404 1251 "-" "Mozilla/5.0 (compatible; SemrushBot-BA; +http://www.semrush.com/bot.html)"
51.222.253.1 - - [31/Mar/2025:03:01:09 -0400] "GET /the-rise-of-tiktok/ HTTP/1.1" 404 1251 "-" "Mozilla/5.0 (compatible; AhrefsBot/7.0; +http://ahrefs.com/robot/)"
85.208.98.16 - - [31/Mar/2025:03:01:11 -0400] "GET /buy-tiktok-saves-and-shares/ HTTP/1.1" 404 1251 "-" "Mozilla/5.0 (compatible; SemrushBot-BA; +http://www.semrush.com/bot.html)"
47.94.150.2 - - [31/Mar/2025:03:01:11 -0400] "GET /wp-includes/css/dist/block-library/style.min.css?ver=6.6.2 HTTP/1.1" 200 14225 "-" "Mozilla/5.0 (Macintosh; Intel Mac OS X 10_15_7) AppleWebKit/605.1.15 (KHTML, like Gecko) Version/18.4 Safari/605.1.15"
47.94.150.2 - - [31/Mar/2025:03:01:11 -0400] "GET /wp-content/themes/daily-newspaper/style.css?ver=6.6.2 HTTP/1.1" 200 10155 "-" "Mozilla/5.0 (Macintosh; Intel Mac OS X 10_15_7) AppleWebKit/605.1.15 (KHTML, like Gecko) Version/18.4 Safari/605.1.15"
47.94.150.2 - - [31/Mar/2025:03:01:11 -0400] "GET /wp-content/themes/newspaperly/style.css?ver=6.6.2 HTTP/1.1" 200 10093 "-" "Mozilla/5.0 (Macintosh; Intel Mac OS X 10_15_7) AppleWebKit/605.1.15 (KHTML, like Gecko) Version/18.4 Safari/605.1.15"
47.94.150.2 - - [31/Mar/2025:03:01:11 -0400] "GET /wp-content/fonts/c72f40e02a47fae3159b9d954e6201db.css?ver=1.0 HTTP/1.1" 200 580 "-" "Mozilla/5.0 (Macintosh; Intel Mac OS X 10_15_7) AppleWebKit/605.1.15 (KHTML, like Gecko) Version/18.4 Safari/605.1.15"
47.94.150.2 - - [31/Mar/2025:03:01:11 -0400] "GET /wp-includes/js/jquery/jquery.min.js?ver=3.7.1 HTTP/1.1" 200 29744 "-" "Mozilla/5.0 (Macintosh; Intel Mac OS X 10_15_7) AppleWebKit/605.1.15 (KHTML, like Gecko) Version/18.4 Safari/605.1.15"
47.94.150.2 - - [31/Mar/2025:03:01:11 -0400] "GET /wp-content/themes/newspaperly/css/font-awesome.min.css?ver=6.6.2 HTTP/1.1" 200 6658 "-" "Mozilla/5.0 (Macintosh; Intel Mac OS X 10_15_7) AppleWebKit/605.1.15 (KHTML, like Gecko) Version/18.4 Safari/605.1.15"
47.94.150.2 - - [31/Mar/2025:03:01:11 -0400] "GET /wp-content/themes/daily-newspaper/style.css?ver=1.0 HTTP/1.1" 200 10155 "-" "Mozilla/5.0 (Macintosh; Intel Mac OS X 10_15_7) AppleWebKit/605.1.15 (KHTML, like Gecko) Version/18.4 Safari/605.1.15"
47.94.150.2 - - [31/Mar/2025:03:01:11 -0400] "GET /wp-includes/js/comment-reply.min.js?ver=6.6.2 HTTP/1.1" 200 1247 "-" "Mozilla/5.0 (Macintosh; Intel Mac OS X 10_15_7) AppleWebKit/605.1.15 (KHTML, like Gecko) Version/18.4 Safari/605.1.15"
47.94.150.2 - - [31/Mar/2025:03:01:11 -0400] "GET /wp-content/themes/newspaperly/js/script.js?ver=20160720 HTTP/1.1" 200 996 "-" "Mozilla/5.0 (Macintosh; Intel Mac OS X 10_15_7) AppleWebKit/605.1.15 (KHTML, like Gecko) Version/18.4 Safari/605.1.15"
47.94.150.2 - - [31/Mar/2025:03:01:11 -0400] "GET /wp-includes/js/jquery/jquery-migrate.min.js?ver=3.4.1 HTTP/1.1" 200 4678 "-" "Mozilla/5.0 (Macintosh; Intel Mac OS X 10_15_7) AppleWebKit/605.1.15 (KHTML, like Gecko) Version/18.4 Safari/605.1.15"
47.94.150.2 - - [31/Mar/2025:03:01:11 -0400] "GET /wp-content/themes/newspaperly/js/accessibility.js?ver=20160720 HTTP/1.1" 200 430 "-" "Mozilla/5.0 (Macintosh; Intel Mac OS X 10_15_7) AppleWebKit/605.1.15 (KHTML, like Gecko) Version/18.4 Safari/605.1.15"
47.94.150.2 - - [31/Mar/2025:03:01:11 -0400] "GET /wp-content/themes/newspaperly/js/skip-link-focus-fix.js?ver=20170823 HTTP/1.1" 200 332 "-" "Mozilla/5.0 (Macintosh; Intel Mac OS X 10_15_7) AppleWebKit/605.1.15 (KHTML, like Gecko) Version/18.4 Safari/605.1.15"
47.94.150.2 - - [31/Mar/2025:03:01:11 -0400] "GET /wp-content/themes/newspaperly/js/navigation.js?ver=20170823 HTTP/1.1" 200 951 "-" "Mozilla/5.0 (Macintosh; Intel Mac OS X 10_15_7) AppleWebKit/605.1.15 (KHTML, like Gecko) Version/18.4 Safari/605.1.15"
47.94.150.2 - - [31/Mar/2025:03:01:11 -0400] "GET /wp-content/themes/newspaperly/js/jquery.flexslider.js?ver=20150423 HTTP/1.1" 200 11140 "-" "Mozilla/5.0 (Macintosh; Intel Mac OS X 10_15_7) AppleWebKit/605.1.15 (KHTML, like Gecko) Version/18.4 Safari/605.1.15"
47.94.150.2 - - [31/Mar/2025:03:01:13 -0400] "GET /wp-content/fonts/inter/UcC73FwrK3iLTeHuS_nVMrMxCp50SjIa1ZL7.woff2 HTTP/1.1" 200 48444 "-" "Mozilla/5.0 (Macintosh; Intel Mac OS X 10_15_7) AppleWebKit/605.1.15 (KHTML, like Gecko) Version/18.4 Safari/605.1.15"
47.94.150.2 - - [31/Mar/2025:03:01:13 -0400] "GET /wp-includes/js/wp-emoji-release.min.js?ver=6.6.2 HTTP/1.1" 200 4676 "-" "Mozilla/5.0 (Macintosh; Intel Mac OS X 10_15_7) AppleWebKit/605.1.15 (KHTML, like Gecko) Version/18.4 Safari/605.1.15"
85.208.98.20 - - [31/Mar/2025:03:01:27 -0400] "GET /best-free-qr-code-generator-tools/ HTTP/1.1" 404 1251 "-" "Mozilla/5.0 (compatible; SemrushBot-BA; +http://www.semrush.com/bot.html)"
85.208.98.22 - - [31/Mar/2025:03:01:52 -0400] "GET /where-to-buy-real-tiktok-likes-and-views/ HTTP/1.1" 404 1251 "-" "Mozilla/5.0 (compatible; SemrushBot-BA; +http://www.semrush.com/bot.html)"
51.222.253.17 - - [31/Mar/2025:03:01:55 -0400] "GET /revolutionizing-consumerism-the-tiktok-approach-to-shopping/ HTTP/1.1" 404 1251 "-" "Mozilla/5.0 (compatible; AhrefsBot/7.0; +http://ahrefs.com/robot/)"
85.208.98.16 - - [31/Mar/2025:03:01:57 -0400] "GET /buy-tiktok-follows/ HTTP/1.1" 404 1251 "-" "Mozilla/5.0 (compatible; SemrushBot-BA; +http://www.semrush.com/bot.html)"
85.208.98.16 - - [31/Mar/2025:03:02:07 -0400] "GET /mastering-the-art-of-instagram-freeze-a-step-by-step-guide/ HTTP/1.1" 404 1251 "-" "Mozilla/5.0 (compatible; SemrushBot-BA; +http://www.semrush.com/bot.html)"
51.222.253.3 - - [31/Mar/2025:03:02:48 -0400] "GET /healing-beyond-the-physical-the-transformative-power-of-energy-medicine/ HTTP/1.1" 404 1251 "-" "Mozilla/5.0 (compatible; AhrefsBot/7.0; +http://ahrefs.com/robot/)"
85.208.96.196 - - [31/Mar/2025:03:02:49 -0400] "GET /robots.txt HTTP/1.1" 404 1251 "-" "Mozilla/5.0 (compatible; SemrushBot/7~bl; +http://www.semrush.com/bot.html)"
185.191.171.3 - - [31/Mar/2025:03:02:50 -0400] "GET /the-watcher-of-realms-guardians-of-the-multiverse/ HTTP/1.1" 404 1251 "-" "Mozilla/5.0 (compatible; SemrushBot/7~bl; +http://www.semrush.com/bot.html)"
51.222.253.16 - - [31/Mar/2025:03:03:41 -0400] "GET /le-monde-des-paris-en-ligne-decouverte-de-1xbet/ HTTP/1.1" 404 1251 "-" "Mozilla/5.0 (compatible; AhrefsBot/7.0; +http://ahrefs.com/robot/)"
51.222.253.3 - - [31/Mar/2025:03:04:29 -0400] "GET /1-win-apk/ HTTP/1.1" 404 1251 "-" "Mozilla/5.0 (compatible; AhrefsBot/7.0; +http://ahrefs.com/robot/)"
195.2.75.216 - - [31/Mar/2025:03:04:30 -0400] "GET /osteopathy/ HTTP/1.1" 404 1251 "https://freelancingclients.com/osteopathy/" "Mozilla/5.0 (Windows NT 10.0; Win64; x64) AppleWebKit/537.36 (KHTML, like Gecko) Chrome/130.0.0.0 Safari/537.36"
195.2.75.216 - - [31/Mar/2025:03:04:31 -0400] "GET / HTTP/1.1" 403 1242 "https://freelancingclients.com/" "Mozilla/5.0 (Windows NT 10.0; Win64; x64) AppleWebKit/537.36 (KHTML, like Gecko) Chrome/130.0.0.0 Safari/537.36"
195.2.75.216 - - [31/Mar/2025:03:04:32 -0400] "GET / HTTP/1.1" 403 1242 "https://freelancingclients.com/" "Mozilla/5.0 (Windows NT 10.0; Win64; x64) AppleWebKit/537.36 (KHTML, like Gecko) Chrome/130.0.0.0 Safari/537.36"
51.222.253.6 - - [31/Mar/2025:03:05:20 -0400] "GET /heathrow-to-gatwick-made-easy/ HTTP/1.1" 404 1251 "-" "Mozilla/5.0 (compatible; AhrefsBot/7.0; +http://ahrefs.com/robot/)"
51.222.253.9 - - [31/Mar/2025:03:06:14 -0400] "GET /le-monde-du-jeu-en-ligne-decouvrez-1xbet/ HTTP/1.1" 404 1251 "-" "Mozilla/5.0 (compatible; AhrefsBot/7.0; +http://ahrefs.com/robot/)"
51.222.253.13 - - [31/Mar/2025:03:07:06 -0400] "GET /unveiling-the-hidden-gems-of-nusa-penida-with-nusapenida-one/ HTTP/1.1" 404 1251 "-" "Mozilla/5.0 (compatible; AhrefsBot/7.0; +http://ahrefs.com/robot/)"
51.222.253.19 - - [31/Mar/2025:03:07:55 -0400] "GET /can-i-buy-shares-in-tiktok/ HTTP/1.1" 404 1251 "-" "Mozilla/5.0 (compatible; AhrefsBot/7.0; +http://ahrefs.com/robot/)"
51.222.253.8 - - [31/Mar/2025:03:08:47 -0400] "GET /choosing-a-licensed-moneylender/ HTTP/1.1" 404 1251 "-" "Mozilla/5.0 (compatible; AhrefsBot/7.0; +http://ahrefs.com/robot/)"
51.222.253.12 - - [31/Mar/2025:03:09:43 -0400] "GET /costo-de-peaje-en-mexico/ HTTP/1.1" 404 1251 "-" "Mozilla/5.0 (compatible; AhrefsBot/7.0; +http://ahrefs.com/robot/)"
51.222.253.16 - - [31/Mar/2025:03:10:42 -0400] "GET /mastering-the-art-of-instagram-freeze-a-step-by-step-guide/ HTTP/1.1" 404 1251 "-" "Mozilla/5.0 (compatible; AhrefsBot/7.0; +http://ahrefs.com/robot/)"
205.210.31.46 - - [31/Mar/2025:03:10:59 -0400] "GET / HTTP/1.1" 403 1242 "-" "-"
51.222.253.19 - - [31/Mar/2025:03:11:27 -0400] "GET /western-bathroom-renovations/ HTTP/1.1" 404 1251 "-" "Mozilla/5.0 (compatible; AhrefsBot/7.0; +http://ahrefs.com/robot/)"
185.191.171.13 - - [31/Mar/2025:03:11:30 -0400] "GET /unveiling-the-cabinets-manufacturer/ HTTP/1.1" 404 1251 "-" "Mozilla/5.0 (compatible; SemrushBot/7~bl; +http://www.semrush.com/bot.html)"
51.222.253.6 - - [31/Mar/2025:03:12:17 -0400] "GET /automatisez-larrosage-de-votre-jardin-avec-un-minuterie/ HTTP/1.1" 404 1251 "-" "Mozilla/5.0 (compatible; AhrefsBot/7.0; +http://ahrefs.com/robot/)"
51.222.253.10 - - [31/Mar/2025:03:13:06 -0400] "GET /eine-manipulation-der-realitat/ HTTP/1.1" 404 1251 "-" "Mozilla/5.0 (compatible; AhrefsBot/7.0; +http://ahrefs.com/robot/)"
51.222.253.14 - - [31/Mar/2025:03:13:54 -0400] "GET /revolutionner-lentretien-des-pelouses-avec-les-tondeuses-a-gazon-robotisees-sans-fil/ HTTP/1.1" 404 1251 "-" "Mozilla/5.0 (compatible; AhrefsBot/7.0; +http://ahrefs.com/robot/)"
51.222.253.12 - - [31/Mar/2025:03:14:45 -0400] "GET /category/activity/page/2/ HTTP/1.1" 404 1251 "-" "Mozilla/5.0 (compatible; AhrefsBot/7.0; +http://ahrefs.com/robot/)"
51.222.253.12 - - [31/Mar/2025:03:15:38 -0400] "GET /the-pitfalls-of-buying-1000-tiktok-followers/ HTTP/1.1" 404 1251 "-" "Mozilla/5.0 (compatible; AhrefsBot/7.0; +http://ahrefs.com/robot/)"
51.222.253.5 - - [31/Mar/2025:03:16:36 -0400] "GET /hangelampen-modern/ HTTP/1.1" 404 1251 "-" "Mozilla/5.0 (compatible; AhrefsBot/7.0; +http://ahrefs.com/robot/)"
195.2.75.216 - - [31/Mar/2025:03:17:15 -0400] "GET /osteopathy/ HTTP/1.1" 404 1251 "https://freelancingclients.com/osteopathy/" "Mozilla/5.0 (Windows NT 10.0; Win64; x64) AppleWebKit/537.36 (KHTML, like Gecko) Chrome/130.0.0.0 Safari/537.36 CCleaner/130.0.0.0"
195.2.75.216 - - [31/Mar/2025:03:17:16 -0400] "GET / HTTP/1.1" 403 1242 "https://freelancingclients.com/" "Mozilla/5.0 (Windows NT 10.0; Win64; x64) AppleWebKit/537.36 (KHTML, like Gecko) Chrome/130.0.0.0 Safari/537.36 CCleaner/130.0.0.0"
195.2.75.216 - - [31/Mar/2025:03:17:17 -0400] "GET / HTTP/1.1" 403 1242 "https://freelancingclients.com/" "Mozilla/5.0 (Windows NT 10.0; Win64; x64) AppleWebKit/537.36 (KHTML, like Gecko) Chrome/130.0.0.0 Safari/537.36 CCleaner/130.0.0.0"
51.222.253.14 - - [31/Mar/2025:03:17:24 -0400] "GET /disaster-recovery-connecticut/ HTTP/1.1" 404 1251 "-" "Mozilla/5.0 (compatible; AhrefsBot/7.0; +http://ahrefs.com/robot/)"
51.222.253.11 - - [31/Mar/2025:03:18:13 -0400] "GET /decoration-innovante-les-autocollants-de-sol/ HTTP/1.1" 404 1251 "-" "Mozilla/5.0 (compatible; AhrefsBot/7.0; +http://ahrefs.com/robot/)"
51.222.253.6 - - [31/Mar/2025:03:19:06 -0400] "GET /store-bamser-til-born-og-voksne/ HTTP/1.1" 404 1251 "-" "Mozilla/5.0 (compatible; AhrefsBot/7.0; +http://ahrefs.com/robot/)"
51.222.253.12 - - [31/Mar/2025:03:19:53 -0400] "GET /la-tradition-du-metier/ HTTP/1.1" 404 1251 "-" "Mozilla/5.0 (compatible; AhrefsBot/7.0; +http://ahrefs.com/robot/)"
51.222.253.5 - - [31/Mar/2025:03:20:40 -0400] "GET /windows-south-wales-2/ HTTP/1.1" 404 1251 "-" "Mozilla/5.0 (compatible; AhrefsBot/7.0; +http://ahrefs.com/robot/)"
114.119.138.170 - - [31/Mar/2025:03:21:21 -0400] "GET /union-square-residences/ HTTP/1.1" 404 1251 "https://freelancingclients.com/category/activity/page/54/" "Mozilla/5.0 (Linux; Android 7.0;) AppleWebKit/537.36 (KHTML, like Gecko) Mobile Safari/537.36 (compatible; PetalBot;+https://webmaster.petalsearch.com/site/petalbot)"
51.222.253.18 - - [31/Mar/2025:03:21:23 -0400] "GET /une-tradition-ancree-dans-les-collines-parfumees/ HTTP/1.1" 404 1251 "-" "Mozilla/5.0 (compatible; AhrefsBot/7.0; +http://ahrefs.com/robot/)"
51.222.253.15 - - [31/Mar/2025:03:22:08 -0400] "GET /michael-kors-handbags-affordable-handbags-from-a-modern-day-designer/ HTTP/1.1" 404 1251 "-" "Mozilla/5.0 (compatible; AhrefsBot/7.0; +http://ahrefs.com/robot/)"
51.222.253.10 - - [31/Mar/2025:03:22:54 -0400] "GET /nurturing-authentic-engagement-the-essence-of-tiktok-followers/ HTTP/1.1" 404 1251 "-" "Mozilla/5.0 (compatible; AhrefsBot/7.0; +http://ahrefs.com/robot/)"
114.119.144.127 - - [31/Mar/2025:03:23:00 -0400] "GET /understanding-aba-therapy-for-kids-in-dubai-2/ HTTP/1.1" 404 1251 "https://freelancingclients.com/understanding-aba-therapy-for-kids-in-dubai-2/" "Mozilla/5.0 (Linux; Android 7.0;) AppleWebKit/537.36 (KHTML, like Gecko) Mobile Safari/537.36 (compatible; PetalBot;+https://webmaster.petalsearch.com/site/petalbot)"
51.222.253.10 - - [31/Mar/2025:03:23:42 -0400] "GET /finding-the-best-local-chiropractor-for-your-needs/ HTTP/1.1" 404 1251 "-" "Mozilla/5.0 (compatible; AhrefsBot/7.0; +http://ahrefs.com/robot/)"
114.119.153.191 - - [31/Mar/2025:03:24:06 -0400] "GET /exploring-the-tapestry-of-family-circus/ HTTP/1.1" 404 1251 "https://addviewer.com/the-spectacular-showmanship-of-circus-2024-performers/" "Mozilla/5.0 (Linux; Android 7.0;) AppleWebKit/537.36 (KHTML, like Gecko) Mobile Safari/537.36 (compatible; PetalBot;+https://webmaster.petalsearch.com/site/petalbot)"
51.222.253.7 - - [31/Mar/2025:03:24:28 -0400] "GET /strategies-to-boost-your-follower-count/ HTTP/1.1" 404 1251 "-" "Mozilla/5.0 (compatible; AhrefsBot/7.0; +http://ahrefs.com/robot/)"
143.110.154.101 - - [31/Mar/2025:03:24:52 -0400] "GET / HTTP/1.1" 403 1242 "-" "Mozilla/5.0 (compatible)"
143.110.154.101 - - [31/Mar/2025:03:24:53 -0400] "GET /favicon.ico HTTP/1.1" 404 1251 "https://freelancingclients.com/" "Mozilla/5.0 (compatible)"
51.222.253.14 - - [31/Mar/2025:03:25:23 -0400] "GET /un-ode-aux-pantoufles/ HTTP/1.1" 404 1251 "-" "Mozilla/5.0 (compatible; AhrefsBot/7.0; +http://ahrefs.com/robot/)"
114.119.144.176 - - [31/Mar/2025:03:25:31 -0400] "GET /robots.txt HTTP/1.1" 404 1251 "-" "Mozilla/5.0 (compatible;PetalBot;+https://webmaster.petalsearch.com/site/petalbot)"
114.119.153.191 - - [31/Mar/2025:03:25:47 -0400] "GET /category/activity/page/39/ HTTP/1.1" 404 1251 "https://freelancingclients.com/category/activity/page/40/" "Mozilla/5.0 (Linux; Android 7.0;) AppleWebKit/537.36 (KHTML, like Gecko) Mobile Safari/537.36 (compatible; PetalBot;+https://webmaster.petalsearch.com/site/petalbot)"
195.2.85.173 - - [31/Mar/2025:03:26:00 -0400] "GET /osteopathy/ HTTP/1.1" 404 1251 "https://freelancingclients.com/osteopathy/" "Mozilla/5.0 (Windows NT 6.1; Win64; x64) AppleWebKit/537.36 (KHTML, like Gecko) Chrome/103.0.0.0 Safari/537.36"
195.2.85.173 - - [31/Mar/2025:03:26:01 -0400] "GET / HTTP/1.1" 403 1242 "https://freelancingclients.com/" "Mozilla/5.0 (Windows NT 6.1; Win64; x64) AppleWebKit/537.36 (KHTML, like Gecko) Chrome/103.0.0.0 Safari/537.36"
195.2.85.173 - - [31/Mar/2025:03:26:02 -0400] "GET / HTTP/1.1" 403 1242 "https://freelancingclients.com/" "Mozilla/5.0 (Windows NT 6.1; Win64; x64) AppleWebKit/537.36 (KHTML, like Gecko) Chrome/103.0.0.0 Safari/537.36"
51.222.253.20 - - [31/Mar/2025:03:26:07 -0400] "GET /decoding-the-dynamics-of-instagram-followers/ HTTP/1.1" 404 1251 "-" "Mozilla/5.0 (compatible; AhrefsBot/7.0; +http://ahrefs.com/robot/)"
44.211.20.232 - - [31/Mar/2025:03:26:15 -0400] "GET /discovering-the-elegance-of-sora-showflat/ HTTP/1.1" 404 1251 "-" "Grammarly/1.0 (http://www.grammarly.com)"
44.211.20.232 - - [31/Mar/2025:03:26:16 -0400] "GET /exploring-the-midtown-modern-showflat-a-contemporary-gem/ HTTP/1.1" 404 1251 "-" "Grammarly/1.0 (http://www.grammarly.com)"
51.222.253.8 - - [31/Mar/2025:03:26:50 -0400] "GET /vita-glow-cream-achieve-a-fair-and-glowing-complexion/ HTTP/1.1" 404 1251 "-" "Mozilla/5.0 (compatible; AhrefsBot/7.0; +http://ahrefs.com/robot/)"
114.119.136.245 - - [31/Mar/2025:03:27:13 -0400] "GET /immobiliensachverstandiger/ HTTP/1.1" 404 1251 "https://freelancingclients.com/category/activity/page/59/" "Mozilla/5.0 (Linux; Android 7.0;) AppleWebKit/537.36 (KHTML, like Gecko) Mobile Safari/537.36 (compatible; PetalBot;+https://webmaster.petalsearch.com/site/petalbot)"
51.222.253.10 - - [31/Mar/2025:03:27:38 -0400] "GET /assurance-professionnelle-protegez-votre-entreprise-avec-confiance/ HTTP/1.1" 404 1251 "-" "Mozilla/5.0 (compatible; AhrefsBot/7.0; +http://ahrefs.com/robot/)"
51.222.253.20 - - [31/Mar/2025:03:28:31 -0400] "GET /a-shoppers-guide/ HTTP/1.1" 404 1251 "-" "Mozilla/5.0 (compatible; AhrefsBot/7.0; +http://ahrefs.com/robot/)"
93.183.93.32 - - [31/Mar/2025:03:28:31 -0400] "GET /osteopathy/ HTTP/1.1" 404 1251 "https://freelancingclients.com/osteopathy/" "Mozilla/5.0 (Windows NT 10.0; Win64; x64) AppleWebKit/537.36 (KHTML, like Gecko) Chrome/130.0.0.0 Safari/537.36 CCleaner/130.0.0.0"
178.20.46.206 - - [31/Mar/2025:03:28:32 -0400] "GET /osteopathy/ HTTP/1.1" 404 1251 "https://freelancingclients.com/osteopathy/" "Mozilla/5.0 (Windows NT 10.0; Win64; x64) AppleWebKit/537.36 (KHTML, like Gecko) Chrome/130.0.0.0 Safari/537.36 CCleaner/130.0.0.0"
93.183.93.32 - - [31/Mar/2025:03:28:33 -0400] "GET / HTTP/1.1" 403 1242 "https://freelancingclients.com/" "Mozilla/5.0 (Windows NT 10.0; Win64; x64) AppleWebKit/537.36 (KHTML, like Gecko) Chrome/130.0.0.0 Safari/537.36 CCleaner/130.0.0.0"
178.20.46.206 - - [31/Mar/2025:03:28:33 -0400] "GET / HTTP/1.1" 403 1242 "https://freelancingclients.com/" "Mozilla/5.0 (Windows NT 10.0; Win64; x64) AppleWebKit/537.36 (KHTML, like Gecko) Chrome/130.0.0.0 Safari/537.36 CCleaner/130.0.0.0"
93.183.93.32 - - [31/Mar/2025:03:28:34 -0400] "GET / HTTP/1.1" 403 1242 "https://freelancingclients.com/" "Mozilla/5.0 (Windows NT 10.0; Win64; x64) AppleWebKit/537.36 (KHTML, like Gecko) Chrome/130.0.0.0 Safari/537.36 CCleaner/130.0.0.0"
178.20.46.206 - - [31/Mar/2025:03:28:38 -0400] "GET / HTTP/1.1" 403 1242 "https://freelancingclients.com/" "Mozilla/5.0 (Windows NT 10.0; Win64; x64) AppleWebKit/537.36 (KHTML, like Gecko) Chrome/130.0.0.0 Safari/537.36 CCleaner/130.0.0.0"
51.222.253.18 - - [31/Mar/2025:03:29:13 -0400] "GET /ein-leitfaden-fur-kreativitat-und-effektivitat/ HTTP/1.1" 404 1251 "-" "Mozilla/5.0 (compatible; AhrefsBot/7.0; +http://ahrefs.com/robot/)"
40.77.167.56 - - [31/Mar/2025:03:29:29 -0400] "GET /you-can-heal-anything-you-are-the-new-medicine/ HTTP/1.1" 404 1251 "-" "Mozilla/5.0 AppleWebKit/537.36 (KHTML, like Gecko; compatible; bingbot/2.0; +http://www.bing.com/bingbot.htm) Chrome/116.0.1938.76 Safari/537.36"
51.222.253.8 - - [31/Mar/2025:03:30:02 -0400] "GET /eine-reise-durch-die-welt-der-bewegtbilder/ HTTP/1.1" 404 1251 "-" "Mozilla/5.0 (compatible; AhrefsBot/7.0; +http://ahrefs.com/robot/)"
51.222.253.11 - - [31/Mar/2025:03:30:49 -0400] "GET /rifugio-tranquillo-al-lake-garda-relais/ HTTP/1.1" 404 1251 "-" "Mozilla/5.0 (compatible; AhrefsBot/7.0; +http://ahrefs.com/robot/)"
217.113.194.53 - - [31/Mar/2025:03:31:02 -0400] "GET /page/143/ HTTP/1.1" 404 1251 "-" "Mozilla/5.0 (compatible; Barkrowler/0.9; +https://babbar.tech/crawler)"
217.113.194.56 - - [31/Mar/2025:03:31:18 -0400] "GET /page/149/ HTTP/1.1" 404 1251 "-" "Mozilla/5.0 (compatible; Barkrowler/0.9; +https://babbar.tech/crawler)"
51.222.253.10 - - [31/Mar/2025:03:31:30 -0400] "GET /navigating-the-risks-and-rewards-of-online-gambling/ HTTP/1.1" 404 1251 "-" "Mozilla/5.0 (compatible; AhrefsBot/7.0; +http://ahrefs.com/robot/)"
217.113.194.59 - - [31/Mar/2025:03:31:35 -0400] "GET /page/129/ HTTP/1.1" 404 1251 "-" "Mozilla/5.0 (compatible; Barkrowler/0.9; +https://babbar.tech/crawler)"
114.119.163.52 - - [31/Mar/2025:03:31:45 -0400] "GET /revolutionizing-consumerism-the-tiktok-approach-to-shopping/ HTTP/1.1" 404 1251 "https://freelancingclients.com/category/activity/page/74/" "Mozilla/5.0 (Linux; Android 7.0;) AppleWebKit/537.36 (KHTML, like Gecko) Mobile Safari/537.36 (compatible; PetalBot;+https://webmaster.petalsearch.com/site/petalbot)"
217.113.194.60 - - [31/Mar/2025:03:31:53 -0400] "GET /page/158/ HTTP/1.1" 404 1251 "-" "Mozilla/5.0 (compatible; Barkrowler/0.9; +https://babbar.tech/crawler)"
217.113.194.59 - - [31/Mar/2025:03:32:10 -0400] "GET /page/137/ HTTP/1.1" 404 1251 "-" "Mozilla/5.0 (compatible; Barkrowler/0.9; +https://babbar.tech/crawler)"
51.222.253.1 - - [31/Mar/2025:03:32:17 -0400] "GET /how-to-find-the-best-instagram-buy-likes/ HTTP/1.1" 404 1251 "-" "Mozilla/5.0 (compatible; AhrefsBot/7.0; +http://ahrefs.com/robot/)"
217.113.194.57 - - [31/Mar/2025:03:32:25 -0400] "GET /page/133/ HTTP/1.1" 404 1251 "-" "Mozilla/5.0 (compatible; Barkrowler/0.9; +https://babbar.tech/crawler)"
51.222.253.11 - - [31/Mar/2025:03:33:01 -0400] "GET /how-small-businesses-use-azure-to-speed-up-processes-and-reach-customers-faster/ HTTP/1.1" 404 1251 "-" "Mozilla/5.0 (compatible; AhrefsBot/7.0; +http://ahrefs.com/robot/)"
154.54.249.198 - - [31/Mar/2025:03:33:23 -0400] "GET /page/154/ HTTP/1.1" 404 1251 "-" "Mozilla/5.0 (compatible; Barkrowler/0.9; +https://babbar.tech/crawler)"
217.113.194.60 - - [31/Mar/2025:03:33:40 -0400] "GET /page/142/ HTTP/1.1" 404 1251 "-" "Mozilla/5.0 (compatible; Barkrowler/0.9; +https://babbar.tech/crawler)"
51.222.253.13 - - [31/Mar/2025:03:33:42 -0400] "GET /the-science-of-getting-likes/ HTTP/1.1" 404 1251 "-" "Mozilla/5.0 (compatible; AhrefsBot/7.0; +http://ahrefs.com/robot/)"
217.113.194.53 - - [31/Mar/2025:03:33:58 -0400] "GET /page/159/ HTTP/1.1" 404 1251 "-" "Mozilla/5.0 (compatible; Barkrowler/0.9; +https://babbar.tech/crawler)"
217.113.194.52 - - [31/Mar/2025:03:34:14 -0400] "GET /page/152/ HTTP/1.1" 404 1251 "-" "Mozilla/5.0 (compatible; Barkrowler/0.9; +https://babbar.tech/crawler)"
51.222.253.17 - - [31/Mar/2025:03:34:22 -0400] "GET /big77-alternatif/ HTTP/1.1" 404 1251 "-" "Mozilla/5.0 (compatible; AhrefsBot/7.0; +http://ahrefs.com/robot/)"
217.113.194.52 - - [31/Mar/2025:03:34:30 -0400] "GET /page/136/ HTTP/1.1" 404 1251 "-" "Mozilla/5.0 (compatible; Barkrowler/0.9; +https://babbar.tech/crawler)"
