112.92.70.120 - - [31/Mar/2025:16:16:12 -0400] "GET /dominos-pizza-in-meadville-pa/ HTTP/1.1" 404 1251 "https://freelancingclients.com" "Mozilla/5.0 (Windows NT 10.0; Win64; x64) AppleWebKit/537.36 (KHTML, like Gecko) Chrome/62.0.3202.94 Safari/537.36"
112.92.70.120 - - [31/Mar/2025:16:16:14 -0400] "GET /dominos-pizza-in-meadville-pa/ HTTP/1.1" 404 1251 "https://freelancingclients.com" "Mozilla/5.0 (Windows NT 10.0; Win64; x64) AppleWebKit/537.36 (KHTML, like Gecko) Chrome/62.0.3202.94 Safari/537.36"
51.222.253.3 - - [31/Mar/2025:16:16:29 -0400] "GET /category/activity/page/58/ HTTP/1.1" 404 1251 "-" "Mozilla/5.0 (compatible; AhrefsBot/7.0; +http://ahrefs.com/robot/)"
51.222.253.12 - - [31/Mar/2025:16:17:20 -0400] "GET /category/activity/page/22/ HTTP/1.1" 404 1251 "-" "Mozilla/5.0 (compatible; AhrefsBot/7.0; +http://ahrefs.com/robot/)"
51.222.253.10 - - [31/Mar/2025:16:18:13 -0400] "GET /category/activity/page/60/ HTTP/1.1" 404 1251 "-" "Mozilla/5.0 (compatible; AhrefsBot/7.0; +http://ahrefs.com/robot/)"
85.208.96.197 - - [31/Mar/2025:16:19:02 -0400] "GET /the-thriving-world-of-online-casinos-a-virtual-playground-for-gamblers/ HTTP/1.1" 404 1251 "-" "Mozilla/5.0 (compatible; SemrushBot/7~bl; +http://www.semrush.com/bot.html)"
51.222.253.3 - - [31/Mar/2025:16:19:09 -0400] "GET /the-reasons-that-will-make-you-to-love-bamboo-bikes/ HTTP/1.1" 404 1251 "-" "Mozilla/5.0 (compatible; AhrefsBot/7.0; +http://ahrefs.com/robot/)"
51.222.253.8 - - [31/Mar/2025:16:20:14 -0400] "GET /the-ardor-residence-showflat/ HTTP/1.1" 404 1251 "-" "Mozilla/5.0 (compatible; AhrefsBot/7.0; +http://ahrefs.com/robot/)"
51.222.253.12 - - [31/Mar/2025:16:21:19 -0400] "GET /page/44/ HTTP/1.1" 404 1251 "-" "Mozilla/5.0 (compatible; AhrefsBot/7.0; +http://ahrefs.com/robot/)"
51.222.253.7 - - [31/Mar/2025:16:22:08 -0400] "GET /the-well-known-luxury-hotels-in-bombay/ HTTP/1.1" 404 1251 "-" "Mozilla/5.0 (compatible; AhrefsBot/7.0; +http://ahrefs.com/robot/)"
64.62.202.81 - - [31/Mar/2025:16:22:20 -0400] "GET / HTTP/1.1" 403 1242 "-" "Mozilla/5.0 AppleWebKit/537.36 (KHTML, like Gecko; compatible; Centurybot/1.0; +http://www.rightdao.com/bot.html) Chrome/131.0.0.0 Safari/537.36"
51.222.253.2 - - [31/Mar/2025:16:22:51 -0400] "GET /different-types-of-mens-socks/ HTTP/1.1" 404 1251 "-" "Mozilla/5.0 (compatible; AhrefsBot/7.0; +http://ahrefs.com/robot/)"
51.222.253.4 - - [31/Mar/2025:16:23:37 -0400] "GET /detente-et-bien-etre-a-geneve-le-massage-thailandais/ HTTP/1.1" 404 1251 "-" "Mozilla/5.0 (compatible; AhrefsBot/7.0; +http://ahrefs.com/robot/)"
51.222.253.20 - - [31/Mar/2025:16:24:28 -0400] "GET /page/81/ HTTP/1.1" 404 1251 "-" "Mozilla/5.0 (compatible; AhrefsBot/7.0; +http://ahrefs.com/robot/)"
51.222.253.9 - - [31/Mar/2025:16:25:17 -0400] "GET /un-mondo-di-avventure-e-strategia/ HTTP/1.1" 404 1251 "-" "Mozilla/5.0 (compatible; AhrefsBot/7.0; +http://ahrefs.com/robot/)"
51.222.253.20 - - [31/Mar/2025:16:26:05 -0400] "GET /the-best-free-qr-code-generators/ HTTP/1.1" 404 1251 "-" "Mozilla/5.0 (compatible; AhrefsBot/7.0; +http://ahrefs.com/robot/)"
51.222.253.8 - - [31/Mar/2025:16:26:55 -0400] "GET /diamond-painting-accessories/ HTTP/1.1" 404 1251 "-" "Mozilla/5.0 (compatible; AhrefsBot/7.0; +http://ahrefs.com/robot/)"
51.222.253.15 - - [31/Mar/2025:16:27:42 -0400] "GET /tips-and-tricks-for-car-detailing/ HTTP/1.1" 404 1251 "-" "Mozilla/5.0 (compatible; AhrefsBot/7.0; +http://ahrefs.com/robot/)"
51.222.253.19 - - [31/Mar/2025:16:28:32 -0400] "GET /page/112/ HTTP/1.1" 404 1251 "-" "Mozilla/5.0 (compatible; AhrefsBot/7.0; +http://ahrefs.com/robot/)"
51.222.253.6 - - [31/Mar/2025:16:29:23 -0400] "GET /page/144/ HTTP/1.1" 404 1251 "-" "Mozilla/5.0 (compatible; AhrefsBot/7.0; +http://ahrefs.com/robot/)"
51.222.253.6 - - [31/Mar/2025:16:30:13 -0400] "GET /category/activity/page/61/ HTTP/1.1" 404 1251 "-" "Mozilla/5.0 (compatible; AhrefsBot/7.0; +http://ahrefs.com/robot/)"
51.222.253.20 - - [31/Mar/2025:16:31:04 -0400] "GET /michael-kors-hand-bag/ HTTP/1.1" 404 1251 "-" "Mozilla/5.0 (compatible; AhrefsBot/7.0; +http://ahrefs.com/robot/)"
51.222.253.4 - - [31/Mar/2025:16:31:53 -0400] "GET /category/activity/page/67/ HTTP/1.1" 404 1251 "-" "Mozilla/5.0 (compatible; AhrefsBot/7.0; +http://ahrefs.com/robot/)"
51.222.253.15 - - [31/Mar/2025:16:32:40 -0400] "GET /fine-pitch-led-display/ HTTP/1.1" 404 1251 "-" "Mozilla/5.0 (compatible; AhrefsBot/7.0; +http://ahrefs.com/robot/)"
51.222.253.16 - - [31/Mar/2025:16:33:27 -0400] "GET /weed/ HTTP/1.1" 404 1251 "-" "Mozilla/5.0 (compatible; AhrefsBot/7.0; +http://ahrefs.com/robot/)"
51.222.253.17 - - [31/Mar/2025:16:34:11 -0400] "GET /category/activity/page/129/ HTTP/1.1" 404 1251 "-" "Mozilla/5.0 (compatible; AhrefsBot/7.0; +http://ahrefs.com/robot/)"
51.222.253.1 - - [31/Mar/2025:16:34:57 -0400] "GET /the-essential-guide-to-breast-pumps/ HTTP/1.1" 404 1251 "-" "Mozilla/5.0 (compatible; AhrefsBot/7.0; +http://ahrefs.com/robot/)"
180.102.110.149 - - [31/Mar/2025:16:35:17 -0400] "GET / HTTP/1.1" 403 1242 "-" "Sogou web spider/4.0(+http://www.sogou.com/docs/help/webmasters.htm#07)"
51.222.253.9 - - [31/Mar/2025:16:35:45 -0400] "GET /a-gateway-to-knowledge-and-imagination/ HTTP/1.1" 404 1251 "-" "Mozilla/5.0 (compatible; AhrefsBot/7.0; +http://ahrefs.com/robot/)"
51.222.253.4 - - [31/Mar/2025:16:36:33 -0400] "GET /category/activity/page/20/ HTTP/1.1" 404 1251 "-" "Mozilla/5.0 (compatible; AhrefsBot/7.0; +http://ahrefs.com/robot/)"
51.222.253.17 - - [31/Mar/2025:16:37:21 -0400] "GET /page/142/ HTTP/1.1" 404 1251 "-" "Mozilla/5.0 (compatible; AhrefsBot/7.0; +http://ahrefs.com/robot/)"
51.222.253.8 - - [31/Mar/2025:16:38:03 -0400] "GET /tapisserie-papier-peint-bureau-xxl/ HTTP/1.1" 404 1251 "-" "Mozilla/5.0 (compatible; AhrefsBot/7.0; +http://ahrefs.com/robot/)"
51.222.253.17 - - [31/Mar/2025:16:38:53 -0400] "GET /alternative-medicine-austin/ HTTP/1.1" 404 1251 "-" "Mozilla/5.0 (compatible; AhrefsBot/7.0; +http://ahrefs.com/robot/)"
51.222.253.3 - - [31/Mar/2025:16:39:44 -0400] "GET /plastic-bags/ HTTP/1.1" 404 1251 "-" "Mozilla/5.0 (compatible; AhrefsBot/7.0; +http://ahrefs.com/robot/)"
51.222.253.17 - - [31/Mar/2025:16:40:40 -0400] "GET /the-convenience-of-buying-prescription-glasses-online/ HTTP/1.1" 404 1251 "-" "Mozilla/5.0 (compatible; AhrefsBot/7.0; +http://ahrefs.com/robot/)"
51.222.253.3 - - [31/Mar/2025:16:41:29 -0400] "GET /category/activity/page/21/ HTTP/1.1" 404 1251 "-" "Mozilla/5.0 (compatible; AhrefsBot/7.0; +http://ahrefs.com/robot/)"
51.222.253.8 - - [31/Mar/2025:16:42:14 -0400] "GET /convenience-and-efficiency-in-your-kitchen/ HTTP/1.1" 404 1251 "-" "Mozilla/5.0 (compatible; AhrefsBot/7.0; +http://ahrefs.com/robot/)"
185.191.171.16 - - [31/Mar/2025:16:42:51 -0400] "GET /category/activity/page/135/ HTTP/1.1" 404 1251 "-" "Mozilla/5.0 (compatible; SemrushBot/7~bl; +http://www.semrush.com/bot.html)"
51.222.253.8 - - [31/Mar/2025:16:42:58 -0400] "GET /restoring-balance-the-art-of-fire-and-water-restoration/ HTTP/1.1" 404 1251 "-" "Mozilla/5.0 (compatible; AhrefsBot/7.0; +http://ahrefs.com/robot/)"
51.222.253.14 - - [31/Mar/2025:16:43:48 -0400] "GET /category/activity/page/126/ HTTP/1.1" 404 1251 "-" "Mozilla/5.0 (compatible; AhrefsBot/7.0; +http://ahrefs.com/robot/)"
51.222.253.4 - - [31/Mar/2025:16:44:29 -0400] "GET /vyvanse-lisdexamfetamine-dimesylate/ HTTP/1.1" 404 1251 "-" "Mozilla/5.0 (compatible; AhrefsBot/7.0; +http://ahrefs.com/robot/)"
51.222.253.10 - - [31/Mar/2025:16:45:10 -0400] "GET /mastering-efficiency-the-significance-of-typing-speed-tests/ HTTP/1.1" 404 1251 "-" "Mozilla/5.0 (compatible; AhrefsBot/7.0; +http://ahrefs.com/robot/)"
51.222.253.12 - - [31/Mar/2025:16:45:51 -0400] "GET /fenbendazole-cancer-treatment/ HTTP/1.1" 404 1251 "-" "Mozilla/5.0 (compatible; AhrefsBot/7.0; +http://ahrefs.com/robot/)"
51.222.253.9 - - [31/Mar/2025:16:46:38 -0400] "GET /the-convenience-of-boiling-chilled-water-taps/ HTTP/1.1" 404 1251 "-" "Mozilla/5.0 (compatible; AhrefsBot/7.0; +http://ahrefs.com/robot/)"
51.222.253.10 - - [31/Mar/2025:16:47:22 -0400] "GET /betting-money-site/ HTTP/1.1" 404 1251 "-" "Mozilla/5.0 (compatible; AhrefsBot/7.0; +http://ahrefs.com/robot/)"
51.222.253.6 - - [31/Mar/2025:16:48:06 -0400] "GET /an-island-escape/ HTTP/1.1" 404 1251 "-" "Mozilla/5.0 (compatible; AhrefsBot/7.0; +http://ahrefs.com/robot/)"
51.222.253.14 - - [31/Mar/2025:16:49:01 -0400] "GET /category/activity/page/128/ HTTP/1.1" 404 1251 "-" "Mozilla/5.0 (compatible; AhrefsBot/7.0; +http://ahrefs.com/robot/)"
51.222.253.18 - - [31/Mar/2025:16:49:49 -0400] "GET /fertility-centre-dubai/ HTTP/1.1" 404 1251 "-" "Mozilla/5.0 (compatible; AhrefsBot/7.0; +http://ahrefs.com/robot/)"
51.222.253.20 - - [31/Mar/2025:16:50:38 -0400] "GET /vetements/ HTTP/1.1" 404 1251 "-" "Mozilla/5.0 (compatible; AhrefsBot/7.0; +http://ahrefs.com/robot/)"
58.221.37.82 - - [31/Mar/2025:16:51:27 -0400] "GET / HTTP/1.1" 403 1242 "https://www.google.com/" "Mozilla/5.0 (Linux; Android 10; K) AppleWebKit/537.36 (KHTML, like Gecko) Chrome/132.0.0.0 Mobile Safari/537.36"
51.222.253.1 - - [31/Mar/2025:16:51:28 -0400] "GET /revolutionizing-trading-the-rise-of-forex-robots/ HTTP/1.1" 404 1251 "-" "Mozilla/5.0 (compatible; AhrefsBot/7.0; +http://ahrefs.com/robot/)"
51.222.253.6 - - [31/Mar/2025:16:52:12 -0400] "GET /category/activity/page/145/ HTTP/1.1" 404 1251 "-" "Mozilla/5.0 (compatible; AhrefsBot/7.0; +http://ahrefs.com/robot/)"
51.222.253.11 - - [31/Mar/2025:16:52:57 -0400] "GET /commercial-cleaning-services-useful-guidelines-to-select-the-best-services/ HTTP/1.1" 404 1251 "-" "Mozilla/5.0 (compatible; AhrefsBot/7.0; +http://ahrefs.com/robot/)"
51.222.253.5 - - [31/Mar/2025:16:53:41 -0400] "GET /category/activity/page/130/ HTTP/1.1" 404 1251 "-" "Mozilla/5.0 (compatible; AhrefsBot/7.0; +http://ahrefs.com/robot/)"
51.222.253.5 - - [31/Mar/2025:16:54:41 -0400] "GET /category/activity/page/23/ HTTP/1.1" 404 1251 "-" "Mozilla/5.0 (compatible; AhrefsBot/7.0; +http://ahrefs.com/robot/)"
51.222.253.17 - - [31/Mar/2025:16:55:29 -0400] "GET /gadget-personalizzati/ HTTP/1.1" 404 1251 "-" "Mozilla/5.0 (compatible; AhrefsBot/7.0; +http://ahrefs.com/robot/)"
51.222.253.5 - - [31/Mar/2025:16:56:14 -0400] "GET /col-du-tourmalet/ HTTP/1.1" 404 1251 "-" "Mozilla/5.0 (compatible; AhrefsBot/7.0; +http://ahrefs.com/robot/)"
51.222.253.2 - - [31/Mar/2025:16:57:01 -0400] "GET /page/7/ HTTP/1.1" 404 1251 "-" "Mozilla/5.0 (compatible; AhrefsBot/7.0; +http://ahrefs.com/robot/)"
112.92.70.120 - - [31/Mar/2025:16:57:34 -0400] "GET /how-to-select-a-custom-socks-manufacturer/ HTTP/1.1" 404 1251 "https://freelancingclients.com" "Mozilla/5.0 (Windows NT 10.0; Win64; x64) AppleWebKit/537.36 (KHTML, like Gecko) Chrome/62.0.3202.94 Safari/537.36"
112.92.70.120 - - [31/Mar/2025:16:57:36 -0400] "GET /how-to-select-a-custom-socks-manufacturer/ HTTP/1.1" 404 1251 "https://freelancingclients.com" "Mozilla/5.0 (Windows NT 10.0; Win64; x64) AppleWebKit/537.36 (KHTML, like Gecko) Chrome/62.0.3202.94 Safari/537.36"
112.92.70.120 - - [31/Mar/2025:16:57:37 -0400] "GET /how-to-select-a-custom-socks-manufacturer/ HTTP/1.1" 404 1251 "https://freelancingclients.com" "Mozilla/5.0 (Windows NT 10.0; Win64; x64) AppleWebKit/537.36 (KHTML, like Gecko) Chrome/62.0.3202.94 Safari/537.36"
112.92.70.120 - - [31/Mar/2025:16:57:40 -0400] "GET /how-to-select-a-custom-socks-manufacturer/ HTTP/1.1" 404 1251 "https://freelancingclients.com" "Mozilla/5.0 (Windows NT 10.0; Win64; x64) AppleWebKit/537.36 (KHTML, like Gecko) Chrome/62.0.3202.94 Safari/537.36"
51.222.253.3 - - [31/Mar/2025:16:57:47 -0400] "GET /osteopathy/ HTTP/1.1" 404 1251 "-" "Mozilla/5.0 (compatible; AhrefsBot/7.0; +http://ahrefs.com/robot/)"
51.222.253.14 - - [31/Mar/2025:16:58:35 -0400] "GET /gaslighten/ HTTP/1.1" 404 1251 "-" "Mozilla/5.0 (compatible; AhrefsBot/7.0; +http://ahrefs.com/robot/)"
51.222.253.3 - - [31/Mar/2025:16:59:24 -0400] "GET /page/57/ HTTP/1.1" 404 1251 "-" "Mozilla/5.0 (compatible; AhrefsBot/7.0; +http://ahrefs.com/robot/)"
51.222.253.6 - - [31/Mar/2025:17:00:16 -0400] "GET /category/activity/page/24/ HTTP/1.1" 404 1251 "-" "Mozilla/5.0 (compatible; AhrefsBot/7.0; +http://ahrefs.com/robot/)"
51.222.253.17 - - [31/Mar/2025:17:01:02 -0400] "GET /state-of-the-art-facilities-and-expertise/ HTTP/1.1" 404 1251 "-" "Mozilla/5.0 (compatible; AhrefsBot/7.0; +http://ahrefs.com/robot/)"
51.222.253.17 - - [31/Mar/2025:17:01:43 -0400] "GET /exploring-the-toa-payoh-grand-showflat/ HTTP/1.1" 404 1251 "-" "Mozilla/5.0 (compatible; AhrefsBot/7.0; +http://ahrefs.com/robot/)"
51.222.253.5 - - [31/Mar/2025:17:02:38 -0400] "GET /sport-jacket/ HTTP/1.1" 404 1251 "-" "Mozilla/5.0 (compatible; AhrefsBot/7.0; +http://ahrefs.com/robot/)"
51.222.253.11 - - [31/Mar/2025:17:03:35 -0400] "GET /answering-service-for-small-business/ HTTP/1.1" 404 1251 "-" "Mozilla/5.0 (compatible; AhrefsBot/7.0; +http://ahrefs.com/robot/)"
51.222.253.10 - - [31/Mar/2025:17:04:22 -0400] "GET /how-to-send-large-files-with-ease/ HTTP/1.1" 404 1251 "-" "Mozilla/5.0 (compatible; AhrefsBot/7.0; +http://ahrefs.com/robot/)"
51.222.253.6 - - [31/Mar/2025:17:05:12 -0400] "GET /stilvolles-ambiente-mit-modernen-hangelampen/ HTTP/1.1" 404 1251 "-" "Mozilla/5.0 (compatible; AhrefsBot/7.0; +http://ahrefs.com/robot/)"
51.222.253.7 - - [31/Mar/2025:17:06:01 -0400] "GET /live-webcams-an-exquisite-tapestry-of-destinations-near-and-far/ HTTP/1.1" 404 1251 "-" "Mozilla/5.0 (compatible; AhrefsBot/7.0; +http://ahrefs.com/robot/)"
51.222.253.6 - - [31/Mar/2025:17:06:53 -0400] "GET /german-classes-london/ HTTP/1.1" 404 1251 "-" "Mozilla/5.0 (compatible; AhrefsBot/7.0; +http://ahrefs.com/robot/)"
51.222.253.5 - - [31/Mar/2025:17:07:41 -0400] "GET /galling/ HTTP/1.1" 404 1251 "-" "Mozilla/5.0 (compatible; AhrefsBot/7.0; +http://ahrefs.com/robot/)"
51.222.253.18 - - [31/Mar/2025:17:08:28 -0400] "GET /send-big-files/ HTTP/1.1" 404 1251 "-" "Mozilla/5.0 (compatible; AhrefsBot/7.0; +http://ahrefs.com/robot/)"
193.233.113.171 - - [31/Mar/2025:17:09:02 -0400] "GET /wp-login.php HTTP/1.1" 200 1725 "https://freelancingclients.com" "Mozilla/5.0 (Windows NT 10.0; Win64; x64; rv:94.0) Gecko/20100101 Firefox/94.0"
193.233.113.171 - - [31/Mar/2025:17:09:03 -0400] "POST /wp-login.php HTTP/1.1" 200 1841 "https://freelancingclients.com/wp-login.php" "Mozilla/5.0 (Windows NT 10.0; Win64; x64; rv:94.0) Gecko/20100101 Firefox/94.0"
193.233.113.171 - - [31/Mar/2025:17:09:08 -0400] "GET /wp-admin/profile.php HTTP/1.1" 302 0 "https://freelancingclients.com/wp-login.php" "Mozilla/5.0 (Windows NT 10.0; Win64; x64; rv:94.0) Gecko/20100101 Firefox/94.0"
193.233.113.171 - - [31/Mar/2025:17:09:08 -0400] "GET /wp-login.php?redirect_to=https%3A%2F%2Ffreelancingclients.com%2Fwp-admin%2Fprofile.php&reauth=1 HTTP/1.1" 200 1725 "https://freelancingclients.com/wp-login.php" "Mozilla/5.0 (Windows NT 10.0; Win64; x64; rv:94.0) Gecko/20100101 Firefox/94.0"
193.233.113.171 - - [31/Mar/2025:17:09:14 -0400] "GET /wp-login.php HTTP/1.1" 200 1725 "https://freelancingclients.com" "Mozilla/5.0 (Macintosh; Intel Mac OS X 10_10_1) AppleWebKit/537.36 (KHTML, like Gecko) Chrome/39.0.2171.95 Safari/537.36"
193.233.113.171 - - [31/Mar/2025:17:09:15 -0400] "POST /wp-login.php HTTP/1.1" 200 1841 "https://freelancingclients.com/wp-login.php" "Mozilla/5.0 (Macintosh; Intel Mac OS X 10_10_1) AppleWebKit/537.36 (KHTML, like Gecko) Chrome/39.0.2171.95 Safari/537.36"
51.222.253.18 - - [31/Mar/2025:17:09:19 -0400] "GET /page/30/ HTTP/1.1" 404 1251 "-" "Mozilla/5.0 (compatible; AhrefsBot/7.0; +http://ahrefs.com/robot/)"
193.233.113.171 - - [31/Mar/2025:17:09:21 -0400] "GET /wp-admin/profile.php HTTP/1.1" 302 0 "https://freelancingclients.com/wp-login.php" "Mozilla/5.0 (Macintosh; Intel Mac OS X 10_10_1) AppleWebKit/537.36 (KHTML, like Gecko) Chrome/39.0.2171.95 Safari/537.36"
193.233.113.171 - - [31/Mar/2025:17:09:22 -0400] "GET /wp-login.php?redirect_to=https%3A%2F%2Ffreelancingclients.com%2Fwp-admin%2Fprofile.php&reauth=1 HTTP/1.1" 200 1725 "https://freelancingclients.com/wp-login.php" "Mozilla/5.0 (Macintosh; Intel Mac OS X 10_10_1) AppleWebKit/537.36 (KHTML, like Gecko) Chrome/39.0.2171.95 Safari/537.36"
51.222.253.1 - - [31/Mar/2025:17:10:17 -0400] "GET /how-to-get-business-loans-for-women/ HTTP/1.1" 404 1251 "-" "Mozilla/5.0 (compatible; AhrefsBot/7.0; +http://ahrefs.com/robot/)"
51.222.253.20 - - [31/Mar/2025:17:11:06 -0400] "GET /ce-que-vous-devriez-et-ne-devriez-pas-faire-avec-une-couverture-chauffante/ HTTP/1.1" 404 1251 "-" "Mozilla/5.0 (compatible; AhrefsBot/7.0; +http://ahrefs.com/robot/)"
51.222.253.3 - - [31/Mar/2025:17:11:59 -0400] "GET /what-we-know-about-pachislo-slot-machines/ HTTP/1.1" 404 1251 "-" "Mozilla/5.0 (compatible; AhrefsBot/7.0; +http://ahrefs.com/robot/)"
51.222.253.8 - - [31/Mar/2025:17:12:48 -0400] "GET /the-thrilling-world-of-online-casinos/ HTTP/1.1" 404 1251 "-" "Mozilla/5.0 (compatible; AhrefsBot/7.0; +http://ahrefs.com/robot/)"
51.222.253.8 - - [31/Mar/2025:17:13:34 -0400] "GET /discover-the-allure-of-resort-lake-garda/ HTTP/1.1" 404 1251 "-" "Mozilla/5.0 (compatible; AhrefsBot/7.0; +http://ahrefs.com/robot/)"
51.222.253.1 - - [31/Mar/2025:17:14:22 -0400] "GET /navigating-the-realm-of-instagram-followers/ HTTP/1.1" 404 1251 "-" "Mozilla/5.0 (compatible; AhrefsBot/7.0; +http://ahrefs.com/robot/)"
51.222.253.19 - - [31/Mar/2025:17:15:09 -0400] "GET /page/51/ HTTP/1.1" 404 1251 "-" "Mozilla/5.0 (compatible; AhrefsBot/7.0; +http://ahrefs.com/robot/)"
51.222.253.15 - - [31/Mar/2025:17:15:56 -0400] "GET /effektives-marketing/ HTTP/1.1" 404 1251 "-" "Mozilla/5.0 (compatible; AhrefsBot/7.0; +http://ahrefs.com/robot/)"
85.208.96.204 - - [31/Mar/2025:17:16:02 -0400] "GET /robots.txt HTTP/1.1" 404 1251 "-" "Mozilla/5.0 (compatible; SemrushBot/7~bl; +http://www.semrush.com/bot.html)"
85.208.96.198 - - [31/Mar/2025:17:16:02 -0400] "GET /naviguer-dans-le-monde-du-marketing-digital-strategies-et-tendances/ HTTP/1.1" 404 1251 "-" "Mozilla/5.0 (compatible; SemrushBot/7~bl; +http://www.semrush.com/bot.html)"
51.222.253.2 - - [31/Mar/2025:17:16:45 -0400] "GET /plaid-canape/ HTTP/1.1" 404 1251 "-" "Mozilla/5.0 (compatible; AhrefsBot/7.0; +http://ahrefs.com/robot/)"
51.222.253.11 - - [31/Mar/2025:17:17:32 -0400] "GET /top-five-things-to-explore-in-melbourne/ HTTP/1.1" 404 1251 "-" "Mozilla/5.0 (compatible; AhrefsBot/7.0; +http://ahrefs.com/robot/)"
51.222.253.11 - - [31/Mar/2025:17:18:11 -0400] "GET /choisissez-les-bonnes-couvertures-pour-bebe-pour-votre-bebe/ HTTP/1.1" 404 1251 "-" "Mozilla/5.0 (compatible; AhrefsBot/7.0; +http://ahrefs.com/robot/)"
51.222.253.4 - - [31/Mar/2025:17:18:45 -0400] "GET /page/45/ HTTP/1.1" 404 1251 "-" "Mozilla/5.0 (compatible; AhrefsBot/7.0; +http://ahrefs.com/robot/)"
51.222.253.12 - - [31/Mar/2025:17:19:28 -0400] "GET /a-modern-necessity-for-nursing-mothers/ HTTP/1.1" 404 1251 "-" "Mozilla/5.0 (compatible; AhrefsBot/7.0; +http://ahrefs.com/robot/)"
51.222.253.19 - - [31/Mar/2025:17:20:19 -0400] "GET /exploring-the-natural-marvels-of-nusa-penida/ HTTP/1.1" 404 1251 "-" "Mozilla/5.0 (compatible; AhrefsBot/7.0; +http://ahrefs.com/robot/)"
51.222.253.17 - - [31/Mar/2025:17:21:06 -0400] "GET /erholung-und-inspiration/ HTTP/1.1" 404 1251 "-" "Mozilla/5.0 (compatible; AhrefsBot/7.0; +http://ahrefs.com/robot/)"
51.222.253.7 - - [31/Mar/2025:17:21:53 -0400] "GET /unlocking-your-workout-potential-with-pre-workout-supplements/ HTTP/1.1" 404 1251 "-" "Mozilla/5.0 (compatible; AhrefsBot/7.0; +http://ahrefs.com/robot/)"
51.222.253.2 - - [31/Mar/2025:17:22:36 -0400] "GET /exploring-nusa-penida-balis-hidden-gem/ HTTP/1.1" 404 1251 "-" "Mozilla/5.0 (compatible; AhrefsBot/7.0; +http://ahrefs.com/robot/)"
51.222.253.6 - - [31/Mar/2025:17:23:19 -0400] "GET /unveiling-the-dynamics-of-youtube-subscribers/ HTTP/1.1" 404 1251 "-" "Mozilla/5.0 (compatible; AhrefsBot/7.0; +http://ahrefs.com/robot/)"
103.230.122.183 - - [31/Mar/2025:17:23:57 -0400] "GET /wp-login.php HTTP/1.1" 200 1725 "-" "python-requests/2.32.3"
103.230.122.183 - - [31/Mar/2025:17:23:57 -0400] "POST /wp-login.php HTTP/1.1" 200 1841 "-" "Mozilla/5.0 (X11; Linux x86_64) AppleWebKit/537.36 (KHTML, like Gecko) Chrome/83.0.4103.101 Safari/537.36"
51.222.253.1 - - [31/Mar/2025:17:24:04 -0400] "GET /conception-robuste-et-fonctionnalites-avancees/ HTTP/1.1" 404 1251 "-" "Mozilla/5.0 (compatible; AhrefsBot/7.0; +http://ahrefs.com/robot/)"
51.222.253.12 - - [31/Mar/2025:17:24:45 -0400] "GET /transform-your-space-with-expert-bathroom-renovations/ HTTP/1.1" 404 1251 "-" "Mozilla/5.0 (compatible; AhrefsBot/7.0; +http://ahrefs.com/robot/)"
2a02:598:64:8a00::3100:4 - - [31/Mar/2025:17:24:56 -0400] "GET /robots.txt HTTP/1.1" 404 1251 "-" "Mozilla/5.0 (compatible; SeznamBot/4.0; +https://o-seznam.cz/napoveda/vyhledavani/en/seznambot-crawler/)"
2a02:598:64:8a00::3100:4 - - [31/Mar/2025:17:24:56 -0400] "GET /post-sitemap2.xml HTTP/1.1" 404 1251 "-" "Mozilla/5.0 (compatible; SeznamBot/4.0; +https://o-seznam.cz/napoveda/vyhledavani/en/seznambot-crawler/)"
51.222.253.5 - - [31/Mar/2025:17:25:37 -0400] "GET /best-free-qr-code-generator-tools/ HTTP/1.1" 404 1251 "-" "Mozilla/5.0 (compatible; AhrefsBot/7.0; +http://ahrefs.com/robot/)"
51.222.253.8 - - [31/Mar/2025:17:26:20 -0400] "GET /%E0%B8%AA%E0%B8%B9%E0%B8%95%E0%B8%A3%E0%B8%AA%E0%B8%A5%E0%B9%87%E0%B8%AD%E0%B8%95-%E0%B9%83%E0%B8%8A%E0%B9%89%E0%B9%84%E0%B8%94%E0%B9%89-%E0%B8%97%E0%B8%B8%E0%B8%81%E0%B8%84%E0%B9%88%E0%B8%B2%E0%B8%A2/ HTTP/1.1" 404 1251 "-" "Mozilla/5.0 (compatible; AhrefsBot/7.0; +http://ahrefs.com/robot/)"
51.222.253.7 - - [31/Mar/2025:17:27:10 -0400] "GET /page/36/ HTTP/1.1" 404 1251 "-" "Mozilla/5.0 (compatible; AhrefsBot/7.0; +http://ahrefs.com/robot/)"
51.222.253.2 - - [31/Mar/2025:17:27:59 -0400] "GET /illuminating-safety-the-role-of-an-hdb-licensed-electrician/ HTTP/1.1" 404 1251 "-" "Mozilla/5.0 (compatible; AhrefsBot/7.0; +http://ahrefs.com/robot/)"
51.222.253.17 - - [31/Mar/2025:17:28:51 -0400] "GET /the-evolution-of-online-casino/ HTTP/1.1" 404 1251 "-" "Mozilla/5.0 (compatible; AhrefsBot/7.0; +http://ahrefs.com/robot/)"
51.222.253.7 - - [31/Mar/2025:17:29:41 -0400] "GET /the-evolution-of-football-betting-platforms/ HTTP/1.1" 404 1251 "-" "Mozilla/5.0 (compatible; AhrefsBot/7.0; +http://ahrefs.com/robot/)"
51.222.253.16 - - [31/Mar/2025:17:30:35 -0400] "GET /the-watcher-of-realms-guardians-of-the-multiverse/ HTTP/1.1" 404 1251 "-" "Mozilla/5.0 (compatible; AhrefsBot/7.0; +http://ahrefs.com/robot/)"
51.222.253.6 - - [31/Mar/2025:17:31:24 -0400] "GET /the-essential-role-of-hvac-services/ HTTP/1.1" 404 1251 "-" "Mozilla/5.0 (compatible; AhrefsBot/7.0; +http://ahrefs.com/robot/)"
51.222.253.5 - - [31/Mar/2025:17:32:11 -0400] "GET /smart-shopping-tips-to-save-on-tires/ HTTP/1.1" 404 1251 "-" "Mozilla/5.0 (compatible; AhrefsBot/7.0; +http://ahrefs.com/robot/)"
5.196.78.175 - - [31/Mar/2025:17:32:47 -0400] "GET /dominos-pizza-in-meadville-pa/ HTTP/1.1" 404 1251 "https://freelancingclients.com/" "Mozilla/5.0 (Windows NT 10.0; Win64; x64) AppleWebKit/537.36 (KHTML, like Gecko) Chrome/114.0.0.0 Safari/537.36 OPR/89.0.4447.51"
5.196.78.175 - - [31/Mar/2025:17:32:49 -0400] "GET / HTTP/1.1" 403 1242 "https://freelancingclients.com" "Mozilla/5.0 (Windows NT 10.0; Win64; x64) AppleWebKit/537.36 (KHTML, like Gecko) Chrome/114.0.0.0 Safari/537.36 OPR/89.0.4447.51"
51.222.253.2 - - [31/Mar/2025:17:32:52 -0400] "GET /what-is-mixed-martial-arts-mma/ HTTP/1.1" 404 1251 "-" "Mozilla/5.0 (compatible; AhrefsBot/7.0; +http://ahrefs.com/robot/)"
51.222.253.4 - - [31/Mar/2025:17:33:35 -0400] "GET /the-essential-role-of-hvac-service/ HTTP/1.1" 404 1251 "-" "Mozilla/5.0 (compatible; AhrefsBot/7.0; +http://ahrefs.com/robot/)"
65.21.113.198 - - [31/Mar/2025:17:33:41 -0400] "GET / HTTP/1.1" 403 1242 "-" "Mozilla/5.0 (compatible; AwarioBot/1.0; +https://awario.com/bots.html)"
51.222.253.10 - - [31/Mar/2025:17:34:41 -0400] "GET /la-chiave-per-meeting-produttivi/ HTTP/1.1" 404 1251 "-" "Mozilla/5.0 (compatible; AhrefsBot/7.0; +http://ahrefs.com/robot/)"
77.105.136.89 - - [31/Mar/2025:17:34:47 -0400] "POST /wp-login.php HTTP/1.1" 200 1841 "https://freelancingclients.com/wp-login.php" "Mozilla/5.0 (Windows NT 10.0; Win64; x64) AppleWebKit/537.36 (KHTML, like Gecko) Chrome/123.0.0.0 Safari/537.36"
77.105.136.89 - - [31/Mar/2025:17:34:51 -0400] "POST /wp-login.php HTTP/1.1" 200 1841 "https://freelancingclients.com/wp-login.php" "Mozilla/5.0 (Windows NT 10.0; Win64; x64) AppleWebKit/537.36 (KHTML, like Gecko) Chrome/123.0.0.0 Safari/537.36"
157.55.39.11 - - [31/Mar/2025:17:35:18 -0400] "GET /insulated-conservatory-roof-panels/ HTTP/1.1" 404 1251 "-" "Mozilla/5.0 AppleWebKit/537.36 (KHTML, like Gecko; compatible; bingbot/2.0; +http://www.bing.com/bingbot.htm) Chrome/116.0.1938.76 Safari/537.36"
51.222.253.5 - - [31/Mar/2025:17:35:28 -0400] "GET /a-comprehensive-guide/ HTTP/1.1" 404 1251 "-" "Mozilla/5.0 (compatible; AhrefsBot/7.0; +http://ahrefs.com/robot/)"
51.222.253.4 - - [31/Mar/2025:17:36:09 -0400] "GET /employment-law-advice-for-employers-and-employees/ HTTP/1.1" 404 1251 "-" "Mozilla/5.0 (compatible; AhrefsBot/7.0; +http://ahrefs.com/robot/)"
51.222.253.3 - - [31/Mar/2025:17:36:57 -0400] "GET /une-experience-culinaire-raffinee/ HTTP/1.1" 404 1251 "-" "Mozilla/5.0 (compatible; AhrefsBot/7.0; +http://ahrefs.com/robot/)"
51.222.253.6 - - [31/Mar/2025:17:37:43 -0400] "GET /papier-peint-deco-hotel/ HTTP/1.1" 404 1251 "-" "Mozilla/5.0 (compatible; AhrefsBot/7.0; +http://ahrefs.com/robot/)"
51.222.253.17 - - [31/Mar/2025:17:38:31 -0400] "GET /navigating-the-risks-and-rewards-of-online-betting/ HTTP/1.1" 404 1251 "-" "Mozilla/5.0 (compatible; AhrefsBot/7.0; +http://ahrefs.com/robot/)"
51.222.253.13 - - [31/Mar/2025:17:39:18 -0400] "GET /swinging-through-splendor-exploring-vietnams-golfing-paradise/ HTTP/1.1" 404 1251 "-" "Mozilla/5.0 (compatible; AhrefsBot/7.0; +http://ahrefs.com/robot/)"
51.222.253.6 - - [31/Mar/2025:17:40:15 -0400] "GET /step-into-style-the-allure-of-personalized-printed-socks/ HTTP/1.1" 404 1251 "-" "Mozilla/5.0 (compatible; AhrefsBot/7.0; +http://ahrefs.com/robot/)"
51.222.253.10 - - [31/Mar/2025:17:41:14 -0400] "GET /tzatziki-recipe/ HTTP/1.1" 404 1251 "-" "Mozilla/5.0 (compatible; AhrefsBot/7.0; +http://ahrefs.com/robot/)"
51.222.253.4 - - [31/Mar/2025:17:42:20 -0400] "GET /youtube-converter-mp4-how-to-convert-youtube-videos-to-mp4/ HTTP/1.1" 404 1251 "-" "Mozilla/5.0 (compatible; AhrefsBot/7.0; +http://ahrefs.com/robot/)"
51.222.253.2 - - [31/Mar/2025:17:43:20 -0400] "GET /learn-how-to-make-your-money-work-for-you/ HTTP/1.1" 404 1251 "-" "Mozilla/5.0 (compatible; AhrefsBot/7.0; +http://ahrefs.com/robot/)"
51.222.253.19 - - [31/Mar/2025:17:44:21 -0400] "GET /maximizing-reach-with-digital-marketing-services-for-small-businesses/ HTTP/1.1" 404 1251 "-" "Mozilla/5.0 (compatible; AhrefsBot/7.0; +http://ahrefs.com/robot/)"
51.222.253.13 - - [31/Mar/2025:17:45:24 -0400] "GET /brad-pitts-astonishing-net-worth-a-testament-to-success/ HTTP/1.1" 404 1251 "-" "Mozilla/5.0 (compatible; AhrefsBot/7.0; +http://ahrefs.com/robot/)"
51.222.253.2 - - [31/Mar/2025:17:46:22 -0400] "GET /do-you-know-how-to-ditch-the-diet/ HTTP/1.1" 404 1251 "-" "Mozilla/5.0 (compatible; AhrefsBot/7.0; +http://ahrefs.com/robot/)"
51.222.253.18 - - [31/Mar/2025:17:47:16 -0400] "GET /cache-courses-in-dubai/ HTTP/1.1" 404 1251 "-" "Mozilla/5.0 (compatible; AhrefsBot/7.0; +http://ahrefs.com/robot/)"
51.222.253.14 - - [31/Mar/2025:17:48:08 -0400] "GET /diamond-painting-a-beginners-guide/ HTTP/1.1" 404 1251 "-" "Mozilla/5.0 (compatible; AhrefsBot/7.0; +http://ahrefs.com/robot/)"
51.222.253.12 - - [31/Mar/2025:17:48:58 -0400] "GET /columbus-window-tint/ HTTP/1.1" 404 1251 "-" "Mozilla/5.0 (compatible; AhrefsBot/7.0; +http://ahrefs.com/robot/)"
51.89.68.103 - - [31/Mar/2025:17:49:38 -0400] "GET /wp-content/plugins/WordPressCore/include.php HTTP/1.1" 404 1251 "-" "Mozilla/5.0 (Windows NT 10.0; Win64; x64) AppleWebKit/537.36 (KHTML, like Gecko) Chrome/127.0.0.0 Safari/537.36"
51.222.253.17 - - [31/Mar/2025:17:49:49 -0400] "GET /picking-the-right-natural-hair-products/ HTTP/1.1" 404 1251 "-" "Mozilla/5.0 (compatible; AhrefsBot/7.0; +http://ahrefs.com/robot/)"
51.222.253.19 - - [31/Mar/2025:17:50:43 -0400] "GET /buy-itunes-gift-card-with-bitcoin/ HTTP/1.1" 404 1251 "-" "Mozilla/5.0 (compatible; AhrefsBot/7.0; +http://ahrefs.com/robot/)"
51.222.253.19 - - [31/Mar/2025:17:51:33 -0400] "GET /bilanz/ HTTP/1.1" 404 1251 "-" "Mozilla/5.0 (compatible; AhrefsBot/7.0; +http://ahrefs.com/robot/)"
51.222.253.13 - - [31/Mar/2025:17:52:26 -0400] "GET /online-gaming-stressed-or-distressed/ HTTP/1.1" 404 1251 "-" "Mozilla/5.0 (compatible; AhrefsBot/7.0; +http://ahrefs.com/robot/)"
85.208.98.31 - - [31/Mar/2025:17:52:33 -0400] "GET /how-to-increase-youtube-subscribers/ HTTP/1.1" 404 1251 "-" "Mozilla/5.0 (compatible; SemrushBot-BA; +http://www.semrush.com/bot.html)"
51.222.253.9 - - [31/Mar/2025:17:53:18 -0400] "GET /elegantes-design-und-vielseitigkeit/ HTTP/1.1" 404 1251 "-" "Mozilla/5.0 (compatible; AhrefsBot/7.0; +http://ahrefs.com/robot/)"
51.222.253.3 - - [31/Mar/2025:17:54:25 -0400] "GET /navigating-the-excitement-exploring-the-world-of-online-casinos/ HTTP/1.1" 404 1251 "-" "Mozilla/5.0 (compatible; AhrefsBot/7.0; +http://ahrefs.com/robot/)"
51.222.253.19 - - [31/Mar/2025:17:55:25 -0400] "GET /unleashing-performance-the-power-of-sports-grip-socks/ HTTP/1.1" 404 1251 "-" "Mozilla/5.0 (compatible; AhrefsBot/7.0; +http://ahrefs.com/robot/)"
51.222.253.2 - - [31/Mar/2025:17:56:20 -0400] "GET /screw-sizes/ HTTP/1.1" 404 1251 "-" "Mozilla/5.0 (compatible; AhrefsBot/7.0; +http://ahrefs.com/robot/)"
51.222.253.15 - - [31/Mar/2025:17:57:12 -0400] "GET /unveiling-the-precision-the-button-head-cap-screw/ HTTP/1.1" 404 1251 "-" "Mozilla/5.0 (compatible; AhrefsBot/7.0; +http://ahrefs.com/robot/)"
51.222.253.5 - - [31/Mar/2025:17:57:56 -0400] "GET /sport-wool-socks/ HTTP/1.1" 404 1251 "-" "Mozilla/5.0 (compatible; AhrefsBot/7.0; +http://ahrefs.com/robot/)"
51.222.253.6 - - [31/Mar/2025:17:58:45 -0400] "GET /know-how-youtube-organic-promotion-can-benefit-your-promotion-online/ HTTP/1.1" 404 1251 "-" "Mozilla/5.0 (compatible; AhrefsBot/7.0; +http://ahrefs.com/robot/)"
51.222.253.5 - - [31/Mar/2025:17:59:43 -0400] "GET /functioning-of-ball-screws/ HTTP/1.1" 404 1251 "-" "Mozilla/5.0 (compatible; AhrefsBot/7.0; +http://ahrefs.com/robot/)"
51.222.253.1 - - [31/Mar/2025:18:00:47 -0400] "GET /fenbendazole-for-cancer/ HTTP/1.1" 404 1251 "-" "Mozilla/5.0 (compatible; AhrefsBot/7.0; +http://ahrefs.com/robot/)"
156.231.84.139 - - [31/Mar/2025:18:00:50 -0400] "GET /is-online-slot-rigged/ HTTP/1.1" 404 1251 "-" "Mozilla/5.0 (Macintosh; Intel Mac OS X 10_15_7) AppleWebKit/537.36 (KHTML, like Gecko) Chrome/125.0.0.0 Safari/537.36"
51.222.253.17 - - [31/Mar/2025:18:01:36 -0400] "GET /spider-gwen-mask/ HTTP/1.1" 404 1251 "-" "Mozilla/5.0 (compatible; AhrefsBot/7.0; +http://ahrefs.com/robot/)"
51.222.253.4 - - [31/Mar/2025:18:02:24 -0400] "GET /die-schonheit-moderner-hangelampen/ HTTP/1.1" 404 1251 "-" "Mozilla/5.0 (compatible; AhrefsBot/7.0; +http://ahrefs.com/robot/)"
51.222.253.8 - - [31/Mar/2025:18:03:12 -0400] "GET /business-loans-no-credit-check/ HTTP/1.1" 404 1251 "-" "Mozilla/5.0 (compatible; AhrefsBot/7.0; +http://ahrefs.com/robot/)"
51.222.253.2 - - [31/Mar/2025:18:04:02 -0400] "GET /gitarrenkurs-online-2/ HTTP/1.1" 404 1251 "-" "Mozilla/5.0 (compatible; AhrefsBot/7.0; +http://ahrefs.com/robot/)"
51.222.253.20 - - [31/Mar/2025:18:05:23 -0400] "GET /stealthy-style-unveiling-the-ghost-spider-hoodie/ HTTP/1.1" 404 1251 "-" "Mozilla/5.0 (compatible; AhrefsBot/7.0; +http://ahrefs.com/robot/)"
51.222.253.12 - - [31/Mar/2025:18:06:16 -0400] "GET /the-importance-of-practice-typing/ HTTP/1.1" 404 1251 "-" "Mozilla/5.0 (compatible; AhrefsBot/7.0; +http://ahrefs.com/robot/)"
51.222.253.11 - - [31/Mar/2025:18:07:09 -0400] "GET /advancing-plumbing-technology-with-ppr-pipes/ HTTP/1.1" 404 1251 "-" "Mozilla/5.0 (compatible; AhrefsBot/7.0; +http://ahrefs.com/robot/)"
51.222.253.18 - - [31/Mar/2025:18:07:59 -0400] "GET /benefits-of-custom-cnc-machining/ HTTP/1.1" 404 1251 "-" "Mozilla/5.0 (compatible; AhrefsBot/7.0; +http://ahrefs.com/robot/)"
51.222.253.12 - - [31/Mar/2025:18:08:50 -0400] "GET /a-serene-escape-amidst-urban-bustle/ HTTP/1.1" 404 1251 "-" "Mozilla/5.0 (compatible; AhrefsBot/7.0; +http://ahrefs.com/robot/)"
51.222.253.9 - - [31/Mar/2025:18:09:45 -0400] "GET /melbourne-chauffeur-service/ HTTP/1.1" 404 1251 "-" "Mozilla/5.0 (compatible; AhrefsBot/7.0; +http://ahrefs.com/robot/)"
2a02:598:96:8a00::1200:13b - - [31/Mar/2025:18:10:22 -0400] "GET /heathrow-airport-transfers/ HTTP/1.1" 404 1251 "-" "Mozilla/5.0 (compatible; SeznamBot/4.0; +https://o-seznam.cz/napoveda/vyhledavani/en/seznambot-crawler/)"
51.222.253.15 - - [31/Mar/2025:18:10:38 -0400] "GET /entry-level-accountant-pay/ HTTP/1.1" 404 1251 "-" "Mozilla/5.0 (compatible; AhrefsBot/7.0; +http://ahrefs.com/robot/)"
51.222.253.5 - - [31/Mar/2025:18:11:27 -0400] "GET /unlocking-the-benefits-of-a-part-time-job/ HTTP/1.1" 404 1251 "-" "Mozilla/5.0 (compatible; AhrefsBot/7.0; +http://ahrefs.com/robot/)"
51.222.253.4 - - [31/Mar/2025:18:12:19 -0400] "GET /2-in-to-mm/ HTTP/1.1" 404 1251 "-" "Mozilla/5.0 (compatible; AhrefsBot/7.0; +http://ahrefs.com/robot/)"
51.222.253.15 - - [31/Mar/2025:18:13:12 -0400] "GET /comment-utiliser-un-pendule-de-radiesthesie/ HTTP/1.1" 404 1251 "-" "Mozilla/5.0 (compatible; AhrefsBot/7.0; +http://ahrefs.com/robot/)"
51.222.253.14 - - [31/Mar/2025:18:14:02 -0400] "GET /8-ways-of-get-youtube-movies/ HTTP/1.1" 404 1251 "-" "Mozilla/5.0 (compatible; AhrefsBot/7.0; +http://ahrefs.com/robot/)"
51.222.253.3 - - [31/Mar/2025:18:14:52 -0400] "GET /mindfulness-exercises/ HTTP/1.1" 404 1251 "-" "Mozilla/5.0 (compatible; AhrefsBot/7.0; +http://ahrefs.com/robot/)"
51.222.253.16 - - [31/Mar/2025:18:15:51 -0400] "GET /die-kunst-goldketten-zu-reinigen-goldkette-reinigen/ HTTP/1.1" 404 1251 "-" "Mozilla/5.0 (compatible; AhrefsBot/7.0; +http://ahrefs.com/robot/)"
51.222.253.11 - - [31/Mar/2025:18:16:38 -0400] "GET /unveiling-the-thrills-and-risks-of-online-casinos/ HTTP/1.1" 404 1251 "-" "Mozilla/5.0 (compatible; AhrefsBot/7.0; +http://ahrefs.com/robot/)"
157.55.39.9 - - [31/Mar/2025:18:17:24 -0400] "GET /unlocking-the-secrets-of-instagram-growth-buying-followers-and-likes/feed/ HTTP/1.1" 404 1251 "-" "Mozilla/5.0 AppleWebKit/537.36 (KHTML, like Gecko; compatible; bingbot/2.0; +http://www.bing.com/bingbot.htm) Chrome/116.0.1938.76 Safari/537.36"
51.222.253.18 - - [31/Mar/2025:18:17:33 -0400] "GET /gitarrenkurs-online/ HTTP/1.1" 404 1251 "-" "Mozilla/5.0 (compatible; AhrefsBot/7.0; +http://ahrefs.com/robot/)"
51.222.253.18 - - [31/Mar/2025:18:18:38 -0400] "GET /the-essential-guide-to-london-airport-taxi-services/ HTTP/1.1" 404 1251 "-" "Mozilla/5.0 (compatible; AhrefsBot/7.0; +http://ahrefs.com/robot/)"
51.222.253.18 - - [31/Mar/2025:18:19:37 -0400] "GET /skin-whitening-injections/ HTTP/1.1" 404 1251 "-" "Mozilla/5.0 (compatible; AhrefsBot/7.0; +http://ahrefs.com/robot/)"
51.222.253.1 - - [31/Mar/2025:18:20:35 -0400] "GET /category/activity/page/153/ HTTP/1.1" 404 1251 "-" "Mozilla/5.0 (compatible; AhrefsBot/7.0; +http://ahrefs.com/robot/)"
51.222.253.3 - - [31/Mar/2025:18:21:34 -0400] "GET /die-faszination-moderner-hangeleuchten-2/ HTTP/1.1" 404 1251 "-" "Mozilla/5.0 (compatible; AhrefsBot/7.0; +http://ahrefs.com/robot/)"
2a03:2880:f800:7:: - - [31/Mar/2025:18:22:01 -0400] "GET /the-green-bath-rugs-guide-choosing-eco-friendly-bath-rugs/ HTTP/1.1" 404 1251 "-" "meta-externalagent/1.1 (+https://developers.facebook.com/docs/sharing/webmasters/crawler)"
51.222.253.11 - - [31/Mar/2025:18:22:26 -0400] "GET /category/activity/page/131/ HTTP/1.1" 404 1251 "-" "Mozilla/5.0 (compatible; AhrefsBot/7.0; +http://ahrefs.com/robot/)"
51.222.253.5 - - [31/Mar/2025:18:23:14 -0400] "GET /unlocking-the-thrills-the-rise-of-online-casinos-2/ HTTP/1.1" 404 1251 "-" "Mozilla/5.0 (compatible; AhrefsBot/7.0; +http://ahrefs.com/robot/)"
51.222.253.13 - - [31/Mar/2025:18:24:09 -0400] "GET /unveiling-tranquil-luxury/ HTTP/1.1" 404 1251 "-" "Mozilla/5.0 (compatible; AhrefsBot/7.0; +http://ahrefs.com/robot/)"
51.222.253.4 - - [31/Mar/2025:18:25:24 -0400] "GET /discover-the-elegance-of-ardor-residence-showflat/ HTTP/1.1" 404 1251 "-" "Mozilla/5.0 (compatible; AhrefsBot/7.0; +http://ahrefs.com/robot/)"
51.222.253.4 - - [31/Mar/2025:18:26:26 -0400] "GET /best-ten-factors-to-decide-on-valiant-recovery-for-the-rehab-alberta-substance-abuse-program/ HTTP/1.1" 404 1251 "-" "Mozilla/5.0 (compatible; AhrefsBot/7.0; +http://ahrefs.com/robot/)"
51.222.253.4 - - [31/Mar/2025:18:27:19 -0400] "GET /proteger-votre-entreprise-avec-une-assurance-professionnelle/ HTTP/1.1" 404 1251 "-" "Mozilla/5.0 (compatible; AhrefsBot/7.0; +http://ahrefs.com/robot/)"
85.208.98.29 - - [31/Mar/2025:18:27:30 -0400] "GET /when-to-use-an-ad-agency/ HTTP/1.1" 404 1251 "-" "Mozilla/5.0 (compatible; SemrushBot-BA; +http://www.semrush.com/bot.html)"
51.222.253.1 - - [31/Mar/2025:18:28:12 -0400] "GET /the-art-of-bathroom-renovation/ HTTP/1.1" 404 1251 "-" "Mozilla/5.0 (compatible; AhrefsBot/7.0; +http://ahrefs.com/robot/)"
51.222.253.5 - - [31/Mar/2025:18:29:00 -0400] "GET /calcular-el-costo-de-peaje-en-mexico/ HTTP/1.1" 404 1251 "-" "Mozilla/5.0 (compatible; AhrefsBot/7.0; +http://ahrefs.com/robot/)"
51.222.253.19 - - [31/Mar/2025:18:29:51 -0400] "GET /category/activity/page/133/ HTTP/1.1" 404 1251 "-" "Mozilla/5.0 (compatible; AhrefsBot/7.0; +http://ahrefs.com/robot/)"
51.222.253.11 - - [31/Mar/2025:18:30:49 -0400] "GET /la-beaute-intemporelle-des-vetements-pour-femmes/ HTTP/1.1" 404 1251 "-" "Mozilla/5.0 (compatible; AhrefsBot/7.0; +http://ahrefs.com/robot/)"
51.222.253.5 - - [31/Mar/2025:18:31:40 -0400] "GET /reasons-it-is-vital-to-obtain-moving-quotes-from-numerous-companies/ HTTP/1.1" 404 1251 "-" "Mozilla/5.0 (compatible; AhrefsBot/7.0; +http://ahrefs.com/robot/)"
51.222.253.9 - - [31/Mar/2025:18:32:29 -0400] "GET /die-mordren-pendelleuchte/ HTTP/1.1" 404 1251 "-" "Mozilla/5.0 (compatible; AhrefsBot/7.0; +http://ahrefs.com/robot/)"
51.222.253.4 - - [31/Mar/2025:18:33:17 -0400] "GET /the-complexities-of-instagram-likes/ HTTP/1.1" 404 1251 "-" "Mozilla/5.0 (compatible; AhrefsBot/7.0; +http://ahrefs.com/robot/)"
51.222.253.12 - - [31/Mar/2025:18:34:02 -0400] "GET /newborn-photo-editing-services/ HTTP/1.1" 404 1251 "-" "Mozilla/5.0 (compatible; AhrefsBot/7.0; +http://ahrefs.com/robot/)"
178.32.106.223 - - [31/Mar/2025:18:34:37 -0400] "GET /the-world-of-satta-king-a-deep-dive/ HTTP/1.1" 404 1251 "https://freelancingclients.com/" "Mozilla/5.0 (Windows NT 10.0; Win64; x64) AppleWebKit/537.36 (KHTML, like Gecko) Chrome/103.0.0.0 Safari/537.36 Vivaldi/5.3.2679.68"
178.32.106.223 - - [31/Mar/2025:18:34:37 -0400] "GET / HTTP/1.1" 403 1242 "https://freelancingclients.com" "Mozilla/5.0 (Windows NT 10.0; Win64; x64) AppleWebKit/537.36 (KHTML, like Gecko) Chrome/103.0.0.0 Safari/537.36 Vivaldi/5.3.2679.68"
51.222.253.9 - - [31/Mar/2025:18:34:54 -0400] "GET /innovative-bathroom-renovations-for-small-spaces/ HTTP/1.1" 404 1251 "-" "Mozilla/5.0 (compatible; AhrefsBot/7.0; +http://ahrefs.com/robot/)"
51.222.253.1 - - [31/Mar/2025:18:35:37 -0400] "GET /a-gateway-to-entertainment-and-rewards/ HTTP/1.1" 404 1251 "-" "Mozilla/5.0 (compatible; AhrefsBot/7.0; +http://ahrefs.com/robot/)"
51.222.253.10 - - [31/Mar/2025:18:36:26 -0400] "GET /navigating-the-current-ai-gpu-market-pricing-and-availability/ HTTP/1.1" 404 1251 "-" "Mozilla/5.0 (compatible; AhrefsBot/7.0; +http://ahrefs.com/robot/)"
51.222.253.2 - - [31/Mar/2025:18:37:22 -0400] "GET /the-art-of-interior-design/ HTTP/1.1" 404 1251 "-" "Mozilla/5.0 (compatible; AhrefsBot/7.0; +http://ahrefs.com/robot/)"
51.222.253.8 - - [31/Mar/2025:18:38:09 -0400] "GET /a-modern-twist-on-traditional-gaming/ HTTP/1.1" 404 1251 "-" "Mozilla/5.0 (compatible; AhrefsBot/7.0; +http://ahrefs.com/robot/)"
51.222.253.4 - - [31/Mar/2025:18:39:01 -0400] "GET /youtube-playlist/ HTTP/1.1" 404 1251 "-" "Mozilla/5.0 (compatible; AhrefsBot/7.0; +http://ahrefs.com/robot/)"
51.222.253.10 - - [31/Mar/2025:18:39:53 -0400] "GET /top-fertility-clinics-in-dubai-a-comprehensive-guide/ HTTP/1.1" 404 1251 "-" "Mozilla/5.0 (compatible; AhrefsBot/7.0; +http://ahrefs.com/robot/)"
51.222.253.9 - - [31/Mar/2025:18:40:48 -0400] "GET /how-to-buy-youtube-subscribers/ HTTP/1.1" 404 1251 "-" "Mozilla/5.0 (compatible; AhrefsBot/7.0; +http://ahrefs.com/robot/)"
51.222.253.3 - - [31/Mar/2025:18:41:35 -0400] "GET /explorez-la-france-avec-emerveillement/ HTTP/1.1" 404 1251 "-" "Mozilla/5.0 (compatible; AhrefsBot/7.0; +http://ahrefs.com/robot/)"
51.222.253.6 - - [31/Mar/2025:18:42:18 -0400] "GET /boiling-chilled-water-tap/ HTTP/1.1" 404 1251 "-" "Mozilla/5.0 (compatible; AhrefsBot/7.0; +http://ahrefs.com/robot/)"
51.222.253.6 - - [31/Mar/2025:18:43:03 -0400] "GET /bathroom-renovations/ HTTP/1.1" 404 1251 "-" "Mozilla/5.0 (compatible; AhrefsBot/7.0; +http://ahrefs.com/robot/)"
185.208.158.101 - - [31/Mar/2025:18:43:29 -0400] "GET /wp-json/wp/v2/users HTTP/1.1" 404 1251 "https://www.google.com" "Mozilla/5.0 (X11; Linux x86_64) AppleWebKit/537.36 (KHTML, like Gecko) Chrome/119.0.0.0 Safari/537.36"
185.208.158.101 - - [31/Mar/2025:18:43:31 -0400] "GET /?author=1 HTTP/1.1" 403 1242 "https://www.google.com" "Mozilla/5.0 (X11; Linux x86_64) AppleWebKit/537.36 (KHTML, like Gecko) Chrome/119.0.0.0 Safari/537.36"
185.208.158.101 - - [31/Mar/2025:18:43:32 -0400] "GET /wp-login.php HTTP/1.1" 200 1725 "https://www.google.com" "Mozilla/5.0 (X11; Linux x86_64) AppleWebKit/537.36 (KHTML, like Gecko) Chrome/119.0.0.0 Safari/537.36"
85.208.98.31 - - [31/Mar/2025:18:43:32 -0400] "GET /advertising-agencies-in-mumbai/ HTTP/1.1" 404 1251 "-" "Mozilla/5.0 (compatible; SemrushBot-BA; +http://www.semrush.com/bot.html)"
185.208.158.101 - - [31/Mar/2025:18:43:33 -0400] "POST /wp-login.php HTTP/1.1" 200 0 "https://freelancingclients.com/wp-login.php" "Mozilla/5.0 (X11; Linux x86_64) AppleWebKit/537.36 (KHTML, like Gecko) Chrome/119.0.0.0 Safari/537.36"
185.208.158.101 - - [31/Mar/2025:18:43:38 -0400] "POST /wp-login.php HTTP/1.1" 200 1841 "https://freelancingclients.com/wp-login.php" "Mozilla/5.0 (X11; Linux x86_64) AppleWebKit/537.36 (KHTML, like Gecko) Chrome/119.0.0.0 Safari/537.36"
198.54.114.83 - - [31/Mar/2025:18:43:39 -0400] "POST /wp-cron.php?doing_wp_cron=1743461018.3466780185699462890625 HTTP/1.1" 200 0 "-" "WordPress/6.7.1; https://freelancingclients.com"
185.208.158.101 - - [31/Mar/2025:18:43:40 -0400] "GET /wp-admin/ HTTP/1.1" 302 0 "https://freelancingclients.com/wp-login.php" "Mozilla/5.0 (X11; Linux x86_64) AppleWebKit/537.36 (KHTML, like Gecko) Chrome/119.0.0.0 Safari/537.36"
185.208.158.101 - - [31/Mar/2025:18:43:42 -0400] "GET /wp-login.php?redirect_to=https%3A%2F%2Ffreelancingclients.com%2Fwp-admin%2F&reauth=1 HTTP/1.1" 200 1725 "https://freelancingclients.com/wp-login.php" "Mozilla/5.0 (X11; Linux x86_64) AppleWebKit/537.36 (KHTML, like Gecko) Chrome/119.0.0.0 Safari/537.36"
185.208.158.101 - - [31/Mar/2025:18:43:43 -0400] "GET /wp-login.php HTTP/1.1" 200 1725 "https://www.google.com" "Mozilla/5.0 (X11; Linux x86_64) AppleWebKit/537.36 (KHTML, like Gecko) Chrome/119.0.0.0 Safari/537.36"
185.208.158.101 - - [31/Mar/2025:18:43:43 -0400] "GET /admin HTTP/1.1" 404 1251 "https://www.google.com" "Mozilla/5.0 (X11; Linux x86_64) AppleWebKit/537.36 (KHTML, like Gecko) Chrome/119.0.0.0 Safari/537.36"
185.208.158.101 - - [31/Mar/2025:18:43:43 -0400] "GET /wp-login.php/ HTTP/1.1" 200 1725 "https://www.google.com" "Mozilla/5.0 (X11; Linux x86_64) AppleWebKit/537.36 (KHTML, like Gecko) Chrome/119.0.0.0 Safari/537.36"
185.208.158.101 - - [31/Mar/2025:18:43:44 -0400] "GET /admin/ HTTP/1.1" 404 1251 "https://www.google.com" "Mozilla/5.0 (X11; Linux x86_64) AppleWebKit/537.36 (KHTML, like Gecko) Chrome/119.0.0.0 Safari/537.36"
185.208.158.101 - - [31/Mar/2025:18:43:45 -0400] "GET /wp-login.php HTTP/1.1" 200 1725 "https://www.google.com" "Mozilla/5.0 (X11; Linux x86_64) AppleWebKit/537.36 (KHTML, like Gecko) Chrome/119.0.0.0 Safari/537.36"
185.208.158.101 - - [31/Mar/2025:18:43:45 -0400] "GET /admin HTTP/1.1" 404 1251 "https://www.google.com" "Mozilla/5.0 (X11; Linux x86_64) AppleWebKit/537.36 (KHTML, like Gecko) Chrome/119.0.0.0 Safari/537.36"
198.54.114.83 - - [31/Mar/2025:18:43:45 -0400] "POST /wp-admin/admin-ajax.php?action=async_litespeed&nonce=Ah55vdwpwh9M2SySKneQw9aKTtCoAifq&litespeed_type=imgoptm HTTP/1.1" 200 5 "-" "WordPress/6.7.1; https://freelancingclients.com"
51.222.253.18 - - [31/Mar/2025:18:43:49 -0400] "GET /page/140/ HTTP/1.1" 404 1251 "-" "Mozilla/5.0 (compatible; AhrefsBot/7.0; +http://ahrefs.com/robot/)"
51.222.253.3 - - [31/Mar/2025:18:44:32 -0400] "GET /une-touche-unique/ HTTP/1.1" 404 1251 "-" "Mozilla/5.0 (compatible; AhrefsBot/7.0; +http://ahrefs.com/robot/)"
51.222.253.7 - - [31/Mar/2025:18:45:21 -0400] "GET /exploring-terrahill-showflat-a-glimpse-into-luxury-living/ HTTP/1.1" 404 1251 "-" "Mozilla/5.0 (compatible; AhrefsBot/7.0; +http://ahrefs.com/robot/)"
51.222.253.1 - - [31/Mar/2025:18:46:11 -0400] "GET /understanding-the-importance-of-breast-pumps/ HTTP/1.1" 404 1251 "-" "Mozilla/5.0 (compatible; AhrefsBot/7.0; +http://ahrefs.com/robot/)"
51.222.253.14 - - [31/Mar/2025:18:46:59 -0400] "GET /unlock-endless-fun-with-unblocked-games-6x/ HTTP/1.1" 404 1251 "-" "Mozilla/5.0 (compatible; AhrefsBot/7.0; +http://ahrefs.com/robot/)"
51.222.253.20 - - [31/Mar/2025:18:47:45 -0400] "GET /best-family-restaurants-near-me/ HTTP/1.1" 404 1251 "-" "Mozilla/5.0 (compatible; AhrefsBot/7.0; +http://ahrefs.com/robot/)"
51.222.253.14 - - [31/Mar/2025:18:48:38 -0400] "GET /decouvrez-les-meilleurs-restaurants-autour-de-vous/ HTTP/1.1" 404 1251 "-" "Mozilla/5.0 (compatible; AhrefsBot/7.0; +http://ahrefs.com/robot/)"
51.222.253.1 - - [31/Mar/2025:18:49:39 -0400] "GET /assurance-professionnelle-proteger-votre-entreprise-avec-sagesse/ HTTP/1.1" 404 1251 "-" "Mozilla/5.0 (compatible; AhrefsBot/7.0; +http://ahrefs.com/robot/)"
51.222.253.9 - - [31/Mar/2025:18:50:39 -0400] "GET /exploring-the-charms-of-manilva-the-allure-of-casas-en-manilva/ HTTP/1.1" 404 1251 "-" "Mozilla/5.0 (compatible; AhrefsBot/7.0; +http://ahrefs.com/robot/)"
51.222.253.10 - - [31/Mar/2025:18:51:34 -0400] "GET /the-essential-guide-to-choosing-the-right-breast-pump/ HTTP/1.1" 404 1251 "-" "Mozilla/5.0 (compatible; AhrefsBot/7.0; +http://ahrefs.com/robot/)"
51.222.253.16 - - [31/Mar/2025:18:52:32 -0400] "GET /introduction-to-google-url-shortener/ HTTP/1.1" 404 1251 "-" "Mozilla/5.0 (compatible; AhrefsBot/7.0; +http://ahrefs.com/robot/)"
3.230.114.103 - - [31/Mar/2025:18:53:16 -0400] "GET /how-to-find-a-caregiver-near-me/ HTTP/1.1" 404 1251 "-" "Grammarly/1.0 (http://www.grammarly.com)"
2a03:2880:f800:5:: - - [31/Mar/2025:18:53:17 -0400] "GET /boudoir-photography-round-rock/ HTTP/1.1" 404 1251 "-" "meta-externalagent/1.1 (+https://developers.facebook.com/docs/sharing/webmasters/crawler)"
58.221.37.82 - - [31/Mar/2025:18:53:32 -0400] "GET / HTTP/1.1" 403 1242 "https://www.google.com/" "Mozilla/5.0 (Linux; Android 10; K) AppleWebKit/537.36 (KHTML, like Gecko) Chrome/132.0.0.0 Mobile Safari/537.36"
58.221.37.82 - - [31/Mar/2025:18:53:32 -0400] "GET / HTTP/1.1" 403 1242 "https://www.google.com/" "Mozilla/5.0 (Linux; Android 11; RMX3581 Build/RP1A.201005.001) AppleWebKit/537.36 (KHTML, like Gecko) Chrome/132.0.6834.163 Mobile Safari/537.36"
51.222.253.3 - - [31/Mar/2025:18:53:32 -0400] "GET /embracing-the-era-of-free-access/ HTTP/1.1" 404 1251 "-" "Mozilla/5.0 (compatible; AhrefsBot/7.0; +http://ahrefs.com/robot/)"
157.55.39.12 - - [31/Mar/2025:18:53:46 -0400] "GET /how-to-succeed-on-upwork-as-a-beginner-in-201933935745 HTTP/1.1" 404 1251 "-" "Mozilla/5.0 AppleWebKit/537.36 (KHTML, like Gecko; compatible; bingbot/2.0; +http://www.bing.com/bingbot.htm) Chrome/116.0.1938.76 Safari/537.36"
51.222.253.16 - - [31/Mar/2025:18:54:31 -0400] "GET /the-modern-cabinet-manufacturer/ HTTP/1.1" 404 1251 "-" "Mozilla/5.0 (compatible; AhrefsBot/7.0; +http://ahrefs.com/robot/)"
51.222.253.3 - - [31/Mar/2025:18:55:21 -0400] "GET /how-to-select-a-btc-mixer/ HTTP/1.1" 404 1251 "-" "Mozilla/5.0 (compatible; AhrefsBot/7.0; +http://ahrefs.com/robot/)"
2a02:598:96:8a00::1200:13b - - [31/Mar/2025:18:55:58 -0400] "GET /the-significance-of-youtube-views/ HTTP/1.1" 404 1251 "-" "Mozilla/5.0 (compatible; SeznamBot/4.0; +https://o-seznam.cz/napoveda/vyhledavani/en/seznambot-crawler/)"
51.222.253.1 - - [31/Mar/2025:18:56:07 -0400] "GET /proteger-votre-entreprise-et-vos-conducteurs/ HTTP/1.1" 404 1251 "-" "Mozilla/5.0 (compatible; AhrefsBot/7.0; +http://ahrefs.com/robot/)"
51.222.253.11 - - [31/Mar/2025:18:57:02 -0400] "GET /moneylenders-in-singapore/ HTTP/1.1" 404 1251 "-" "Mozilla/5.0 (compatible; AhrefsBot/7.0; +http://ahrefs.com/robot/)"
51.222.253.4 - - [31/Mar/2025:18:57:57 -0400] "GET /a-gateway-to-entertainment/ HTTP/1.1" 404 1251 "-" "Mozilla/5.0 (compatible; AhrefsBot/7.0; +http://ahrefs.com/robot/)"
51.222.253.13 - - [31/Mar/2025:18:58:42 -0400] "GET /exploring-the-serenity-of-the-chuan-park/ HTTP/1.1" 404 1251 "-" "Mozilla/5.0 (compatible; AhrefsBot/7.0; +http://ahrefs.com/robot/)"
51.222.253.15 - - [31/Mar/2025:18:59:34 -0400] "GET /an-introduction-to-woori-casino-domain/ HTTP/1.1" 404 1251 "-" "Mozilla/5.0 (compatible; AhrefsBot/7.0; +http://ahrefs.com/robot/)"
51.222.253.1 - - [31/Mar/2025:19:00:35 -0400] "GET /calcula-el-costo-de-peaje-en-mexico/ HTTP/1.1" 404 1251 "-" "Mozilla/5.0 (compatible; AhrefsBot/7.0; +http://ahrefs.com/robot/)"
51.222.253.2 - - [31/Mar/2025:19:01:35 -0400] "GET /revolutionizing-access-with-qr-technology/ HTTP/1.1" 404 1251 "-" "Mozilla/5.0 (compatible; AhrefsBot/7.0; +http://ahrefs.com/robot/)"
51.222.253.3 - - [31/Mar/2025:19:02:35 -0400] "GET /the-ultimate-guide-to-choosing-a-breast-pump/ HTTP/1.1" 404 1251 "-" "Mozilla/5.0 (compatible; AhrefsBot/7.0; +http://ahrefs.com/robot/)"
51.222.253.15 - - [31/Mar/2025:19:03:33 -0400] "GET /the-role-of-chiropractors-in-dubai/ HTTP/1.1" 404 1251 "-" "Mozilla/5.0 (compatible; AhrefsBot/7.0; +http://ahrefs.com/robot/)"
