51.222.253.17 - - [31/Mar/2025:08:16:58 -0400] "GET /betting-money-sites/ HTTP/1.1" 404 1251 "-" "Mozilla/5.0 (compatible; AhrefsBot/7.0; +http://ahrefs.com/robot/)"
217.113.194.61 - - [31/Mar/2025:08:16:59 -0400] "GET /tips-and-tricks-for-car-detailing/ HTTP/1.1" 404 1251 "-" "Mozilla/5.0 (compatible; Barkrowler/0.9; +https://babbar.tech/crawler)"
217.113.194.60 - - [31/Mar/2025:08:17:15 -0400] "GET /custom-baseball-stirrup-socks/ HTTP/1.1" 404 1251 "-" "Mozilla/5.0 (compatible; Barkrowler/0.9; +https://babbar.tech/crawler)"
217.113.194.61 - - [31/Mar/2025:08:17:31 -0400] "GET /woodland-hills-orthodontics/ HTTP/1.1" 404 1251 "-" "Mozilla/5.0 (compatible; Barkrowler/0.9; +https://babbar.tech/crawler)"
217.113.194.58 - - [31/Mar/2025:08:17:46 -0400] "GET /gitarrenunterricht-essen/ HTTP/1.1" 404 1251 "-" "Mozilla/5.0 (compatible; Barkrowler/0.9; +https://babbar.tech/crawler)"
51.222.253.19 - - [31/Mar/2025:08:17:48 -0400] "GET /leather-handbags/ HTTP/1.1" 404 1251 "-" "Mozilla/5.0 (compatible; AhrefsBot/7.0; +http://ahrefs.com/robot/)"
217.113.194.53 - - [31/Mar/2025:08:18:02 -0400] "GET /top-10-refrigerant-recovery-machines/feed/ HTTP/1.1" 404 1251 "-" "Mozilla/5.0 (compatible; Barkrowler/0.9; +https://babbar.tech/crawler)"
217.113.194.54 - - [31/Mar/2025:08:18:17 -0400] "GET /types-and-styles-of-conservatory/ HTTP/1.1" 404 1251 "-" "Mozilla/5.0 (compatible; Barkrowler/0.9; +https://babbar.tech/crawler)"
217.113.194.52 - - [31/Mar/2025:08:18:33 -0400] "GET /when-to-use-an-ad-agency/ HTTP/1.1" 404 1251 "-" "Mozilla/5.0 (compatible; Barkrowler/0.9; +https://babbar.tech/crawler)"
2a02:598:96:8a00::1200:13b - - [31/Mar/2025:08:18:41 -0400] "GET /fine-pitch-led-display/ HTTP/1.1" 404 1251 "-" "Mozilla/5.0 (compatible; SeznamBot/4.0; +https://o-seznam.cz/napoveda/vyhledavani/en/seznambot-crawler/)"
51.222.253.15 - - [31/Mar/2025:08:18:42 -0400] "GET /learn-all-about-poker-tips-and-strategies-for-beginners/ HTTP/1.1" 404 1251 "-" "Mozilla/5.0 (compatible; AhrefsBot/7.0; +http://ahrefs.com/robot/)"
217.113.194.61 - - [31/Mar/2025:08:18:48 -0400] "GET /breast-milk-leak-catcher/ HTTP/1.1" 404 1251 "-" "Mozilla/5.0 (compatible; Barkrowler/0.9; +https://babbar.tech/crawler)"
217.113.194.57 - - [31/Mar/2025:08:19:04 -0400] "GET /youtube-live-stream-viewers-bot/ HTTP/1.1" 404 1251 "-" "Mozilla/5.0 (compatible; Barkrowler/0.9; +https://babbar.tech/crawler)"
47.79.63.235 - - [31/Mar/2025:08:19:19 -0400] "GET / HTTP/1.1" 403 1242 "https://www.google.com/" "Mozilla/5.0 (Linux; Android 10; K) AppleWebKit/537.36 (KHTML, like Gecko) Chrome/132.0.0.0 Mobile Safari/537.36"
217.113.194.59 - - [31/Mar/2025:08:19:20 -0400] "GET /nusa-penida-island-tour/ HTTP/1.1" 404 1251 "-" "Mozilla/5.0 (compatible; Barkrowler/0.9; +https://babbar.tech/crawler)"
51.222.253.10 - - [31/Mar/2025:08:19:27 -0400] "GET /exploring-unblocked-games-6x-a-gateway-to-endless-fun/ HTTP/1.1" 404 1251 "-" "Mozilla/5.0 (compatible; AhrefsBot/7.0; +http://ahrefs.com/robot/)"
217.113.194.54 - - [31/Mar/2025:08:19:35 -0400] "GET /how-to-avoid-youtube-viewers-bots/ HTTP/1.1" 404 1251 "-" "Mozilla/5.0 (compatible; Barkrowler/0.9; +https://babbar.tech/crawler)"
217.113.194.52 - - [31/Mar/2025:08:19:51 -0400] "GET /how-to-choose-the-best-online-poker-room/ HTTP/1.1" 404 1251 "-" "Mozilla/5.0 (compatible; Barkrowler/0.9; +https://babbar.tech/crawler)"
217.113.194.52 - - [31/Mar/2025:08:20:06 -0400] "GET /how-to-increase-youtube-comment-likes/ HTTP/1.1" 404 1251 "-" "Mozilla/5.0 (compatible; Barkrowler/0.9; +https://babbar.tech/crawler)"
51.222.253.5 - - [31/Mar/2025:08:20:10 -0400] "GET /understanding-international-cargo-shipping/ HTTP/1.1" 404 1251 "-" "Mozilla/5.0 (compatible; AhrefsBot/7.0; +http://ahrefs.com/robot/)"
217.113.194.54 - - [31/Mar/2025:08:20:22 -0400] "GET /how-to-find-a-caregiver-near-me/ HTTP/1.1" 404 1251 "-" "Mozilla/5.0 (compatible; Barkrowler/0.9; +https://babbar.tech/crawler)"
217.113.194.55 - - [31/Mar/2025:08:20:37 -0400] "GET /how-to-send-large-files-with-ease/ HTTP/1.1" 404 1251 "-" "Mozilla/5.0 (compatible; Barkrowler/0.9; +https://babbar.tech/crawler)"
217.113.194.54 - - [31/Mar/2025:08:20:53 -0400] "GET /how-to-determine-screw-sizes/ HTTP/1.1" 404 1251 "-" "Mozilla/5.0 (compatible; Barkrowler/0.9; +https://babbar.tech/crawler)"
217.113.194.56 - - [31/Mar/2025:08:21:09 -0400] "GET /how-to-buy-youtube-subscribers-2/ HTTP/1.1" 404 1251 "-" "Mozilla/5.0 (compatible; Barkrowler/0.9; +https://babbar.tech/crawler)"
51.222.253.11 - - [31/Mar/2025:08:21:14 -0400] "GET /deckenlampen-wohnzimmer/ HTTP/1.1" 404 1251 "-" "Mozilla/5.0 (compatible; AhrefsBot/7.0; +http://ahrefs.com/robot/)"
217.113.194.60 - - [31/Mar/2025:08:21:24 -0400] "GET /how-to-find-private-caregiver-jobs/ HTTP/1.1" 404 1251 "-" "Mozilla/5.0 (compatible; Barkrowler/0.9; +https://babbar.tech/crawler)"
154.54.249.198 - - [31/Mar/2025:08:21:40 -0400] "GET /how-to-find-the-best-sport-betting-sites/ HTTP/1.1" 404 1251 "-" "Mozilla/5.0 (compatible; Barkrowler/0.9; +https://babbar.tech/crawler)"
217.113.194.53 - - [31/Mar/2025:08:21:55 -0400] "GET /secrets-to-successful-online-gambling/ HTTP/1.1" 404 1251 "-" "Mozilla/5.0 (compatible; Barkrowler/0.9; +https://babbar.tech/crawler)"
217.113.194.61 - - [31/Mar/2025:08:22:11 -0400] "GET /ai-video-generator-2/feed/ HTTP/1.1" 404 1251 "-" "Mozilla/5.0 (compatible; Barkrowler/0.9; +https://babbar.tech/crawler)"
51.222.253.9 - - [31/Mar/2025:08:22:15 -0400] "GET /bathroom-renovations-melton/ HTTP/1.1" 404 1251 "-" "Mozilla/5.0 (compatible; AhrefsBot/7.0; +http://ahrefs.com/robot/)"
217.113.194.60 - - [31/Mar/2025:08:22:26 -0400] "GET /a-journey-through-enchantment/feed/ HTTP/1.1" 404 1251 "-" "Mozilla/5.0 (compatible; Barkrowler/0.9; +https://babbar.tech/crawler)"
217.113.194.54 - - [31/Mar/2025:08:22:42 -0400] "GET /a-journey-through-language-and-culture/ HTTP/1.1" 404 1251 "-" "Mozilla/5.0 (compatible; Barkrowler/0.9; +https://babbar.tech/crawler)"
217.113.194.55 - - [31/Mar/2025:08:22:57 -0400] "GET /a-haven-for-artistic-expression/ HTTP/1.1" 404 1251 "-" "Mozilla/5.0 (compatible; Barkrowler/0.9; +https://babbar.tech/crawler)"
51.222.253.2 - - [31/Mar/2025:08:23:08 -0400] "GET /the-timeless-beauty-of-cowrie-shell-bracelets/ HTTP/1.1" 404 1251 "-" "Mozilla/5.0 (compatible; AhrefsBot/7.0; +http://ahrefs.com/robot/)"
154.54.249.198 - - [31/Mar/2025:08:23:13 -0400] "GET /a-haven-of-luxury-and-style/ HTTP/1.1" 404 1251 "-" "Mozilla/5.0 (compatible; Barkrowler/0.9; +https://babbar.tech/crawler)"
217.113.194.55 - - [31/Mar/2025:08:23:28 -0400] "GET /lemergence-de-la-realite-virtuelle/ HTTP/1.1" 404 1251 "-" "Mozilla/5.0 (compatible; Barkrowler/0.9; +https://babbar.tech/crawler)"
217.113.194.54 - - [31/Mar/2025:08:23:44 -0400] "GET /the-modern-cabinet-manufacturer/feed/ HTTP/1.1" 404 1251 "-" "Mozilla/5.0 (compatible; Barkrowler/0.9; +https://babbar.tech/crawler)"
51.222.253.1 - - [31/Mar/2025:08:23:53 -0400] "GET /source-soft-solutions-ux-and-ui-design-services/ HTTP/1.1" 404 1251 "-" "Mozilla/5.0 (compatible; AhrefsBot/7.0; +http://ahrefs.com/robot/)"
217.113.194.57 - - [31/Mar/2025:08:23:59 -0400] "GET /entrumpelungen-luneburg/ HTTP/1.1" 404 1251 "-" "Mozilla/5.0 (compatible; Barkrowler/0.9; +https://babbar.tech/crawler)"
154.54.249.198 - - [31/Mar/2025:08:24:16 -0400] "GET /choosing-a-portable-water-pump/ HTTP/1.1" 404 1251 "-" "Mozilla/5.0 (compatible; Barkrowler/0.9; +https://babbar.tech/crawler)"
51.222.253.9 - - [31/Mar/2025:08:24:31 -0400] "GET /gpm-to-lpm-converter/ HTTP/1.1" 404 1251 "-" "Mozilla/5.0 (compatible; AhrefsBot/7.0; +http://ahrefs.com/robot/)"
217.113.194.58 - - [31/Mar/2025:08:24:31 -0400] "GET /choosing-a-licensed-moneylender/ HTTP/1.1" 404 1251 "-" "Mozilla/5.0 (compatible; Barkrowler/0.9; +https://babbar.tech/crawler)"
217.113.194.58 - - [31/Mar/2025:08:24:47 -0400] "GET /choosing-the-right-air-cooler/ HTTP/1.1" 404 1251 "-" "Mozilla/5.0 (compatible; Barkrowler/0.9; +https://babbar.tech/crawler)"
217.113.194.54 - - [31/Mar/2025:08:25:04 -0400] "GET /choosing-the-right-air-cooler HTTP/1.1" 404 1251 "-" "Mozilla/5.0 (compatible; Barkrowler/0.9; +https://babbar.tech/crawler)"
51.222.253.4 - - [31/Mar/2025:08:25:13 -0400] "GET /flathead-lake-boat-tours-2/ HTTP/1.1" 404 1251 "-" "Mozilla/5.0 (compatible; AhrefsBot/7.0; +http://ahrefs.com/robot/)"
154.54.249.198 - - [31/Mar/2025:08:25:19 -0400] "GET /choosing-the-right-tax-advisor/ HTTP/1.1" 404 1251 "-" "Mozilla/5.0 (compatible; Barkrowler/0.9; +https://babbar.tech/crawler)"
217.113.194.59 - - [31/Mar/2025:08:25:35 -0400] "GET /rubiks-cube-personnalise/ HTTP/1.1" 404 1251 "-" "Mozilla/5.0 (compatible; Barkrowler/0.9; +https://babbar.tech/crawler)"
51.222.253.19 - - [31/Mar/2025:08:25:50 -0400] "GET /change-the-decor-of-your-home-with-beautiful-window-shutters/ HTTP/1.1" 404 1251 "-" "Mozilla/5.0 (compatible; AhrefsBot/7.0; +http://ahrefs.com/robot/)"
217.113.194.52 - - [31/Mar/2025:08:25:51 -0400] "GET /the-concept-behind-rolodoc/ HTTP/1.1" 404 1251 "-" "Mozilla/5.0 (compatible; Barkrowler/0.9; +https://babbar.tech/crawler)"
217.113.194.56 - - [31/Mar/2025:08:26:06 -0400] "GET /manicure-and-pedicure-equipment/ HTTP/1.1" 404 1251 "-" "Mozilla/5.0 (compatible; Barkrowler/0.9; +https://babbar.tech/crawler)"
217.113.194.56 - - [31/Mar/2025:08:26:22 -0400] "GET /the-role-of-bodybuilding-coaching/ HTTP/1.1" 404 1251 "-" "Mozilla/5.0 (compatible; Barkrowler/0.9; +https://babbar.tech/crawler)"
51.222.253.13 - - [31/Mar/2025:08:26:31 -0400] "GET /how-to-choose-a-replacement-conservatory-roof/ HTTP/1.1" 404 1251 "-" "Mozilla/5.0 (compatible; AhrefsBot/7.0; +http://ahrefs.com/robot/)"
154.54.249.198 - - [31/Mar/2025:08:26:37 -0400] "GET /maximizing-your-search-on-google/ HTTP/1.1" 404 1251 "-" "Mozilla/5.0 (compatible; Barkrowler/0.9; +https://babbar.tech/crawler)"
217.113.194.55 - - [31/Mar/2025:08:26:53 -0400] "GET /a-new-meme-coin-sensation/feed/ HTTP/1.1" 404 1251 "-" "Mozilla/5.0 (compatible; Barkrowler/0.9; +https://babbar.tech/crawler)"
217.113.194.53 - - [31/Mar/2025:08:27:08 -0400] "GET /isolation-professionnelle-a-geneve/ HTTP/1.1" 404 1251 "-" "Mozilla/5.0 (compatible; Barkrowler/0.9; +https://babbar.tech/crawler)"
51.222.253.4 - - [31/Mar/2025:08:27:14 -0400] "GET /quality-products-at-wholesale-prices/ HTTP/1.1" 404 1251 "-" "Mozilla/5.0 (compatible; AhrefsBot/7.0; +http://ahrefs.com/robot/)"
217.113.194.54 - - [31/Mar/2025:08:27:24 -0400] "GET /nearest-hotels-to-disneyland-paris/ HTTP/1.1" 404 1251 "-" "Mozilla/5.0 (compatible; Barkrowler/0.9; +https://babbar.tech/crawler)"
154.54.249.198 - - [31/Mar/2025:08:27:39 -0400] "GET /agence-partenaire-meta-ads-paris/ HTTP/1.1" 404 1251 "-" "Mozilla/5.0 (compatible; Barkrowler/0.9; +https://babbar.tech/crawler)"
217.113.194.59 - - [31/Mar/2025:08:27:55 -0400] "GET /the-reality-of-buying-youtube-views/ HTTP/1.1" 404 1251 "-" "Mozilla/5.0 (compatible; Barkrowler/0.9; +https://babbar.tech/crawler)"
51.222.253.5 - - [31/Mar/2025:08:27:59 -0400] "GET /le-surf-poncho-un-accessoire-indispensable-pour-les-surfeurs/ HTTP/1.1" 404 1251 "-" "Mozilla/5.0 (compatible; AhrefsBot/7.0; +http://ahrefs.com/robot/)"
217.113.194.54 - - [31/Mar/2025:08:28:10 -0400] "GET /voyance-par-telephone-avec-cb/ HTTP/1.1" 404 1251 "-" "Mozilla/5.0 (compatible; Barkrowler/0.9; +https://babbar.tech/crawler)"
217.113.194.57 - - [31/Mar/2025:08:28:27 -0400] "GET /bathroom-renovations-melton/ HTTP/1.1" 404 1251 "-" "Mozilla/5.0 (compatible; Barkrowler/0.9; +https://babbar.tech/crawler)"
51.222.253.8 - - [31/Mar/2025:08:28:35 -0400] "GET /choosing-the-best-roofing-contractors-in-portland/ HTTP/1.1" 404 1251 "-" "Mozilla/5.0 (compatible; AhrefsBot/7.0; +http://ahrefs.com/robot/)"
217.113.194.56 - - [31/Mar/2025:08:28:42 -0400] "GET /the-advent-of-digital-gambling/ HTTP/1.1" 404 1251 "-" "Mozilla/5.0 (compatible; Barkrowler/0.9; +https://babbar.tech/crawler)"
217.113.194.58 - - [31/Mar/2025:08:28:58 -0400] "GET /the-rising-trend-of-games-hire/ HTTP/1.1" 404 1251 "-" "Mozilla/5.0 (compatible; Barkrowler/0.9; +https://babbar.tech/crawler)"
51.222.253.19 - - [31/Mar/2025:08:29:11 -0400] "GET /beste-steuerberatung-fur-ihre-finanzen/ HTTP/1.1" 404 1251 "-" "Mozilla/5.0 (compatible; AhrefsBot/7.0; +http://ahrefs.com/robot/)"
217.113.194.54 - - [31/Mar/2025:08:29:13 -0400] "GET /the-allure-of-lake-garda/ HTTP/1.1" 404 1251 "-" "Mozilla/5.0 (compatible; Barkrowler/0.9; +https://babbar.tech/crawler)"
217.113.194.53 - - [31/Mar/2025:08:29:29 -0400] "GET /the-allure-of-lake-garda/feed/ HTTP/1.1" 404 1251 "-" "Mozilla/5.0 (compatible; Barkrowler/0.9; +https://babbar.tech/crawler)"
217.113.194.54 - - [31/Mar/2025:08:29:44 -0400] "GET /the-future-of-eyewear-shopping/ HTTP/1.1" 404 1251 "-" "Mozilla/5.0 (compatible; Barkrowler/0.9; +https://babbar.tech/crawler)"
51.222.253.1 - - [31/Mar/2025:08:29:54 -0400] "GET /heuking-kuhn-luer-wojtek/ HTTP/1.1" 404 1251 "-" "Mozilla/5.0 (compatible; AhrefsBot/7.0; +http://ahrefs.com/robot/)"
217.113.194.52 - - [31/Mar/2025:08:30:00 -0400] "GET /the-science-of-getting-likes/feed/ HTTP/1.1" 404 1251 "-" "Mozilla/5.0 (compatible; Barkrowler/0.9; +https://babbar.tech/crawler)"
154.54.249.198 - - [31/Mar/2025:08:30:16 -0400] "GET /the-ardor-residence-showflat/ HTTP/1.1" 404 1251 "-" "Mozilla/5.0 (compatible; Barkrowler/0.9; +https://babbar.tech/crawler)"
217.113.194.59 - - [31/Mar/2025:08:30:32 -0400] "GET /the-evolution-of-door-manufacturers/ HTTP/1.1" 404 1251 "-" "Mozilla/5.0 (compatible; Barkrowler/0.9; +https://babbar.tech/crawler)"
51.222.253.14 - - [31/Mar/2025:08:30:34 -0400] "GET /navigating-the-world-of-online-betting-choosing-the-best-betting-money-sites/ HTTP/1.1" 404 1251 "-" "Mozilla/5.0 (compatible; AhrefsBot/7.0; +http://ahrefs.com/robot/)"
217.113.194.61 - - [31/Mar/2025:08:30:48 -0400] "GET /the-evolution-of-online-casinos/feed/ HTTP/1.1" 404 1251 "-" "Mozilla/5.0 (compatible; Barkrowler/0.9; +https://babbar.tech/crawler)"
154.54.249.198 - - [31/Mar/2025:08:31:03 -0400] "GET /the-temptation-of-instant-fame/ HTTP/1.1" 404 1251 "-" "Mozilla/5.0 (compatible; Barkrowler/0.9; +https://babbar.tech/crawler)"
51.222.253.8 - - [31/Mar/2025:08:31:12 -0400] "GET /auswahl-eines-scheidungsanwalts/ HTTP/1.1" 404 1251 "-" "Mozilla/5.0 (compatible; AhrefsBot/7.0; +http://ahrefs.com/robot/)"
217.113.194.54 - - [31/Mar/2025:08:31:19 -0400] "GET /the-versatility-of-liquid-silicone/ HTTP/1.1" 404 1251 "-" "Mozilla/5.0 (compatible; Barkrowler/0.9; +https://babbar.tech/crawler)"
154.54.249.198 - - [31/Mar/2025:08:31:34 -0400] "GET /what-is-galling-and-how-to-prevent-it/ HTTP/1.1" 404 1251 "-" "Mozilla/5.0 (compatible; Barkrowler/0.9; +https://babbar.tech/crawler)"
217.113.194.61 - - [31/Mar/2025:08:31:50 -0400] "GET /what-is-mixed-martial-arts-mma/ HTTP/1.1" 404 1251 "-" "Mozilla/5.0 (compatible; Barkrowler/0.9; +https://babbar.tech/crawler)"
114.119.144.127 - - [31/Mar/2025:08:31:52 -0400] "GET /how-to-use-a-youtube-playlist/ HTTP/1.1" 404 1251 "https://freelancingclients.com/how-to-use-a-youtube-playlist/" "Mozilla/5.0 (Linux; Android 7.0;) AppleWebKit/537.36 (KHTML, like Gecko) Mobile Safari/537.36 (compatible; PetalBot;+https://webmaster.petalsearch.com/site/petalbot)"
51.222.253.20 - - [31/Mar/2025:08:31:56 -0400] "GET /navigating-probate-in-ontario/ HTTP/1.1" 404 1251 "-" "Mozilla/5.0 (compatible; AhrefsBot/7.0; +http://ahrefs.com/robot/)"
217.113.194.61 - - [31/Mar/2025:08:32:06 -0400] "GET /buy-youtube-subscribers-cheap/ HTTP/1.1" 404 1251 "-" "Mozilla/5.0 (compatible; Barkrowler/0.9; +https://babbar.tech/crawler)"
217.113.194.55 - - [31/Mar/2025:08:32:22 -0400] "GET /buy-50-tiktok-likes/feed/ HTTP/1.1" 404 1251 "-" "Mozilla/5.0 (compatible; Barkrowler/0.9; +https://babbar.tech/crawler)"
2a02:598:96:8a00::1200:13b - - [31/Mar/2025:08:32:35 -0400] "GET /harnessing-the-power-of-gpu-cloud-services/ HTTP/1.1" 404 1251 "-" "Mozilla/5.0 (compatible; SeznamBot/4.0; +https://o-seznam.cz/napoveda/vyhledavani/en/seznambot-crawler/)"
51.222.253.12 - - [31/Mar/2025:08:32:35 -0400] "GET /the-phenomenon-of-youtube-views/ HTTP/1.1" 404 1251 "-" "Mozilla/5.0 (compatible; AhrefsBot/7.0; +http://ahrefs.com/robot/)"
154.54.249.198 - - [31/Mar/2025:08:32:39 -0400] "GET /a-modern-computing-revolution/ HTTP/1.1" 404 1251 "-" "Mozilla/5.0 (compatible; Barkrowler/0.9; +https://babbar.tech/crawler)"
217.113.194.55 - - [31/Mar/2025:08:32:54 -0400] "GET /paypal-a-pal-for-money-safety/feed/ HTTP/1.1" 404 1251 "-" "Mozilla/5.0 (compatible; Barkrowler/0.9; +https://babbar.tech/crawler)"
217.113.194.54 - - [31/Mar/2025:08:33:10 -0400] "GET /future-trends-in-cosmetic-regulation/ HTTP/1.1" 404 1251 "-" "Mozilla/5.0 (compatible; Barkrowler/0.9; +https://babbar.tech/crawler)"
51.222.253.14 - - [31/Mar/2025:08:33:20 -0400] "GET /ein-uberblick/ HTTP/1.1" 404 1251 "-" "Mozilla/5.0 (compatible; AhrefsBot/7.0; +http://ahrefs.com/robot/)"
217.113.194.61 - - [31/Mar/2025:08:33:26 -0400] "GET /navigating-probate-in-ontario/ HTTP/1.1" 404 1251 "-" "Mozilla/5.0 (compatible; Barkrowler/0.9; +https://babbar.tech/crawler)"
217.113.194.52 - - [31/Mar/2025:08:33:42 -0400] "GET /deckenlampen-wohnzimmer/ HTTP/1.1" 404 1251 "-" "Mozilla/5.0 (compatible; Barkrowler/0.9; +https://babbar.tech/crawler)"
51.222.253.4 - - [31/Mar/2025:08:33:58 -0400] "GET /unlocking-the-power-of-healing-frequencies-a-journey-to-wellness/ HTTP/1.1" 404 1251 "-" "Mozilla/5.0 (compatible; AhrefsBot/7.0; +http://ahrefs.com/robot/)"
217.113.194.59 - - [31/Mar/2025:08:33:58 -0400] "GET /the-best-gaming-pc-build/ HTTP/1.1" 404 1251 "-" "Mozilla/5.0 (compatible; Barkrowler/0.9; +https://babbar.tech/crawler)"
154.54.249.198 - - [31/Mar/2025:08:34:15 -0400] "GET /what-does-edge-mean-on-iphone/ HTTP/1.1" 404 1251 "-" "Mozilla/5.0 (compatible; Barkrowler/0.9; +https://babbar.tech/crawler)"
149.57.176.239 - - [31/Mar/2025:08:34:24 -0400] "GET /category/sign-in HTTP/1.1" 404 1251 "-" "Mozilla/5.0 (X11; Linux x86_64) AppleWebKit/537.36 (KHTML, like Gecko) Chrome/133.0.0.0 Safari/537.36"
149.57.176.239 - - [31/Mar/2025:08:34:25 -0400] "GET /favicon.ico HTTP/1.1" 404 1251 "https://freelancingclients.com/category/sign-in" "Mozilla/5.0 (X11; Linux x86_64) AppleWebKit/537.36 (KHTML, like Gecko) Chrome/133.0.0.0 Safari/537.36"
217.113.194.60 - - [31/Mar/2025:08:34:31 -0400] "GET /pokemon-kuscheltier-xxl/ HTTP/1.1" 404 1251 "-" "Mozilla/5.0 (compatible; Barkrowler/0.9; +https://babbar.tech/crawler)"
51.222.253.14 - - [31/Mar/2025:08:34:36 -0400] "GET /fenbendazole-in-the-lab/ HTTP/1.1" 404 1251 "-" "Mozilla/5.0 (compatible; AhrefsBot/7.0; +http://ahrefs.com/robot/)"
217.113.194.58 - - [31/Mar/2025:08:34:47 -0400] "GET /immobiliensachverstandiger/feed/ HTTP/1.1" 404 1251 "-" "Mozilla/5.0 (compatible; Barkrowler/0.9; +https://babbar.tech/crawler)"
217.113.194.53 - - [31/Mar/2025:08:35:05 -0400] "GET /immobiliensachverstandiger/ HTTP/1.1" 404 1251 "-" "Mozilla/5.0 (compatible; Barkrowler/0.9; +https://babbar.tech/crawler)"
51.222.253.5 - - [31/Mar/2025:08:35:12 -0400] "GET /pokemon-kuscheltier-xxl/ HTTP/1.1" 404 1251 "-" "Mozilla/5.0 (compatible; AhrefsBot/7.0; +http://ahrefs.com/robot/)"
217.113.194.52 - - [31/Mar/2025:08:35:21 -0400] "GET /retin-a-cream-uk/feed/ HTTP/1.1" 404 1251 "-" "Mozilla/5.0 (compatible; Barkrowler/0.9; +https://babbar.tech/crawler)"
217.113.194.54 - - [31/Mar/2025:08:35:36 -0400] "GET /handwerkskunst-und-design/feed/ HTTP/1.1" 404 1251 "-" "Mozilla/5.0 (compatible; Barkrowler/0.9; +https://babbar.tech/crawler)"
94.181.156.210 - - [31/Mar/2025:08:35:47 -0400] "GET /your-guide-to-preventive-healthcare/ HTTP/1.1" 404 1251 "-" "Mozilla/5.0 (Windows NT 6.3; Win64; x64) AppleWebKit/537.36 (KHTML, like Gecko) Chrome/75.0.3770.100 Safari/537.36"
51.222.253.12 - - [31/Mar/2025:08:35:49 -0400] "GET /the-importance-of-regular-water-tank-cleaning/ HTTP/1.1" 404 1251 "-" "Mozilla/5.0 (compatible; AhrefsBot/7.0; +http://ahrefs.com/robot/)"
217.113.194.58 - - [31/Mar/2025:08:35:52 -0400] "GET /benefits-of-custom-cnc-machining/ HTTP/1.1" 404 1251 "-" "Mozilla/5.0 (compatible; Barkrowler/0.9; +https://babbar.tech/crawler)"
217.113.194.59 - - [31/Mar/2025:08:36:08 -0400] "GET /top-three-football-teams-in-london/ HTTP/1.1" 404 1251 "-" "Mozilla/5.0 (compatible; Barkrowler/0.9; +https://babbar.tech/crawler)"
217.113.194.54 - - [31/Mar/2025:08:36:23 -0400] "GET /la-planification-strategique/ HTTP/1.1" 404 1251 "-" "Mozilla/5.0 (compatible; Barkrowler/0.9; +https://babbar.tech/crawler)"
51.222.253.2 - - [31/Mar/2025:08:36:33 -0400] "GET /exploring-the-myst-showflat/ HTTP/1.1" 404 1251 "-" "Mozilla/5.0 (compatible; AhrefsBot/7.0; +http://ahrefs.com/robot/)"
217.113.194.61 - - [31/Mar/2025:08:36:39 -0400] "GET /dachdecker-hamburg-niendorf/ HTTP/1.1" 404 1251 "-" "Mozilla/5.0 (compatible; Barkrowler/0.9; +https://babbar.tech/crawler)"
217.113.194.54 - - [31/Mar/2025:08:37:06 -0400] "GET /flathead-lake-boat-tours-2/ HTTP/1.1" 404 1251 "-" "Mozilla/5.0 (compatible; Barkrowler/0.9; +https://babbar.tech/crawler)"
51.222.253.2 - - [31/Mar/2025:08:37:18 -0400] "GET /proteger-votre-canape-avec-style/ HTTP/1.1" 404 1251 "-" "Mozilla/5.0 (compatible; AhrefsBot/7.0; +http://ahrefs.com/robot/)"
217.113.194.55 - - [31/Mar/2025:08:37:40 -0400] "GET /understanding-the-freeze-feature/ HTTP/1.1" 404 1251 "-" "Mozilla/5.0 (compatible; Barkrowler/0.9; +https://babbar.tech/crawler)"
51.222.253.14 - - [31/Mar/2025:08:38:08 -0400] "GET /chamoisine-bijoux/ HTTP/1.1" 404 1251 "-" "Mozilla/5.0 (compatible; AhrefsBot/7.0; +http://ahrefs.com/robot/)"
217.113.194.58 - - [31/Mar/2025:08:38:15 -0400] "GET /buying-bulk-blank-apparel-online/ HTTP/1.1" 404 1251 "-" "Mozilla/5.0 (compatible; Barkrowler/0.9; +https://babbar.tech/crawler)"
217.113.194.52 - - [31/Mar/2025:08:38:50 -0400] "GET /embracing-gpu-as-a-service/ HTTP/1.1" 404 1251 "-" "Mozilla/5.0 (compatible; Barkrowler/0.9; +https://babbar.tech/crawler)"
51.222.253.17 - - [31/Mar/2025:08:38:53 -0400] "GET /plantation-shutters-gateshead/ HTTP/1.1" 404 1251 "-" "Mozilla/5.0 (compatible; AhrefsBot/7.0; +http://ahrefs.com/robot/)"
91.84.98.84 - - [31/Mar/2025:08:38:58 -0400] "GET /osteopathy/ HTTP/1.1" 404 1251 "https://freelancingclients.com/osteopathy/" "Mozilla/5.0 (Windows NT 6.3; WOW64) AppleWebKit/537.36 (KHTML, like Gecko) Chrome/103.0.5060.114 Safari/537.36"
91.84.98.84 - - [31/Mar/2025:08:39:03 -0400] "GET / HTTP/1.1" 403 1242 "https://freelancingclients.com/" "Mozilla/5.0 (Windows NT 6.3; WOW64) AppleWebKit/537.36 (KHTML, like Gecko) Chrome/103.0.5060.114 Safari/537.36"
91.84.98.84 - - [31/Mar/2025:08:39:23 -0400] "GET / HTTP/1.1" 403 1242 "https://freelancingclients.com/" "Mozilla/5.0 (Windows NT 6.3; WOW64) AppleWebKit/537.36 (KHTML, like Gecko) Chrome/103.0.5060.114 Safari/537.36"
217.113.194.56 - - [31/Mar/2025:08:39:24 -0400] "GET /prime-locations-in-san-rafael/ HTTP/1.1" 404 1251 "-" "Mozilla/5.0 (compatible; Barkrowler/0.9; +https://babbar.tech/crawler)"
51.222.253.1 - - [31/Mar/2025:08:39:33 -0400] "GET /un-univers-en-pleine-expansion/ HTTP/1.1" 404 1251 "-" "Mozilla/5.0 (compatible; AhrefsBot/7.0; +http://ahrefs.com/robot/)"
2a02:598:128:8a00::b00:2 - - [31/Mar/2025:08:39:43 -0400] "GET /advantages-of-a-digital-business-card/ HTTP/1.1" 404 1251 "-" "Mozilla/5.0 (compatible; SeznamBot/4.0; +https://o-seznam.cz/napoveda/vyhledavani/en/seznambot-crawler/)"
217.113.194.53 - - [31/Mar/2025:08:39:44 -0400] "GET /eine-manipulation-der-realitat/ HTTP/1.1" 404 1251 "-" "Mozilla/5.0 (compatible; Barkrowler/0.9; +https://babbar.tech/crawler)"
217.113.194.54 - - [31/Mar/2025:08:40:01 -0400] "GET /best-cbd-products-uk/feed/ HTTP/1.1" 404 1251 "-" "Mozilla/5.0 (compatible; Barkrowler/0.9; +https://babbar.tech/crawler)"
51.222.253.10 - - [31/Mar/2025:08:40:17 -0400] "GET /cash-for-junk-car-fort-myers-turning-clunkers-into-cash/ HTTP/1.1" 404 1251 "-" "Mozilla/5.0 (compatible; AhrefsBot/7.0; +http://ahrefs.com/robot/)"
217.113.194.60 - - [31/Mar/2025:08:40:17 -0400] "GET /rhinoplasty-a-nose-job/ HTTP/1.1" 404 1251 "-" "Mozilla/5.0 (compatible; Barkrowler/0.9; +https://babbar.tech/crawler)"
217.113.194.61 - - [31/Mar/2025:08:40:41 -0400] "GET /cbd-gummies-uk-review/ HTTP/1.1" 404 1251 "-" "Mozilla/5.0 (compatible; Barkrowler/0.9; +https://babbar.tech/crawler)"
51.222.253.12 - - [31/Mar/2025:08:40:52 -0400] "GET /comment-fabriquer-un-tour-de-lit-tresse/ HTTP/1.1" 404 1251 "-" "Mozilla/5.0 (compatible; AhrefsBot/7.0; +http://ahrefs.com/robot/)"
217.113.194.61 - - [31/Mar/2025:08:41:15 -0400] "GET /different-types-of-mens-socks/ HTTP/1.1" 404 1251 "-" "Mozilla/5.0 (compatible; Barkrowler/0.9; +https://babbar.tech/crawler)"
213.230.92.28 - - [31/Mar/2025:08:41:28 -0400] "GET /is-online-slot-rigged/ HTTP/1.1" 404 1251 "-" "Mozilla/5.0 (Macintosh; Intel Mac OS X 10_15_7) AppleWebKit/537.36 (KHTML, like Gecko) Chrome/125.0.0.0 Safari/537.36"
51.222.253.14 - - [31/Mar/2025:08:41:31 -0400] "GET /unleashing-the-power-of-salesforce-recruiting-companies/ HTTP/1.1" 404 1251 "-" "Mozilla/5.0 (compatible; AhrefsBot/7.0; +http://ahrefs.com/robot/)"
217.113.194.56 - - [31/Mar/2025:08:41:33 -0400] "GET /les-sept-lois-de-lunivers/ HTTP/1.1" 404 1251 "-" "Mozilla/5.0 (compatible; Barkrowler/0.9; +https://babbar.tech/crawler)"
51.222.253.20 - - [31/Mar/2025:08:42:16 -0400] "GET /buy-youtube-views-for-less/ HTTP/1.1" 404 1251 "-" "Mozilla/5.0 (compatible; AhrefsBot/7.0; +http://ahrefs.com/robot/)"
217.113.194.60 - - [31/Mar/2025:08:42:42 -0400] "GET /dog-dewormer-for-cancers/ HTTP/1.1" 404 1251 "-" "Mozilla/5.0 (compatible; Barkrowler/0.9; +https://babbar.tech/crawler)"
51.222.253.4 - - [31/Mar/2025:08:42:56 -0400] "GET /un-itineraire-de-voyage-inoubliable/ HTTP/1.1" 404 1251 "-" "Mozilla/5.0 (compatible; AhrefsBot/7.0; +http://ahrefs.com/robot/)"
51.222.253.12 - - [31/Mar/2025:08:43:32 -0400] "GET /wein-gardasee/ HTTP/1.1" 404 1251 "-" "Mozilla/5.0 (compatible; AhrefsBot/7.0; +http://ahrefs.com/robot/)"
154.54.249.198 - - [31/Mar/2025:08:43:32 -0400] "GET /10-tips-for-being-more-healthy/ HTTP/1.1" 404 1251 "-" "Mozilla/5.0 (compatible; Barkrowler/0.9; +https://babbar.tech/crawler)"
110.249.201.103 - - [31/Mar/2025:08:44:04 -0400] "GET /what-is-mixed-martial-arts-mma/ HTTP/1.1" 404 1251 "-" "Mozilla/5.0 (Linux; Android 5.0) AppleWebKit/537.36 (KHTML, like Gecko) Mobile Safari/537.36 (compatible; Bytespider; https://zhanzhang.toutiao.com/)"
217.113.194.53 - - [31/Mar/2025:08:44:07 -0400] "GET /matter-residences-what-is-matter/ HTTP/1.1" 404 1251 "-" "Mozilla/5.0 (compatible; Barkrowler/0.9; +https://babbar.tech/crawler)"
51.222.253.14 - - [31/Mar/2025:08:44:09 -0400] "GET /navigating-the-german-tax-landscape-a-closer-look-at-steuererklarung-hattingen/ HTTP/1.1" 404 1251 "-" "Mozilla/5.0 (compatible; AhrefsBot/7.0; +http://ahrefs.com/robot/)"
217.113.194.55 - - [31/Mar/2025:08:44:42 -0400] "GET /tag-heuer-battery-replacement/ HTTP/1.1" 404 1251 "-" "Mozilla/5.0 (compatible; Barkrowler/0.9; +https://babbar.tech/crawler)"
51.222.253.18 - - [31/Mar/2025:08:44:49 -0400] "GET /understanding-steroid-use-in-thailand/ HTTP/1.1" 404 1251 "-" "Mozilla/5.0 (compatible; AhrefsBot/7.0; +http://ahrefs.com/robot/)"
51.222.253.17 - - [31/Mar/2025:08:45:30 -0400] "GET /the-evolution-and-impact-of-online-casinos/ HTTP/1.1" 404 1251 "-" "Mozilla/5.0 (compatible; AhrefsBot/7.0; +http://ahrefs.com/robot/)"
51.222.253.4 - - [31/Mar/2025:08:46:08 -0400] "GET /understanding-american-heart-association-bls/ HTTP/1.1" 404 1251 "-" "Mozilla/5.0 (compatible; AhrefsBot/7.0; +http://ahrefs.com/robot/)"
51.222.253.10 - - [31/Mar/2025:08:46:48 -0400] "GET /discover-hanoi-vietnam-on-travelers-eyes/ HTTP/1.1" 404 1251 "-" "Mozilla/5.0 (compatible; AhrefsBot/7.0; +http://ahrefs.com/robot/)"
185.191.171.18 - - [31/Mar/2025:08:47:03 -0400] "GET /robots.txt HTTP/1.1" 404 1251 "-" "Mozilla/5.0 (compatible; SemrushBot/7~bl; +http://www.semrush.com/bot.html)"
85.208.96.195 - - [31/Mar/2025:08:47:03 -0400] "GET /le-meilleur-emplacement-google-adsense/ HTTP/1.1" 404 1251 "-" "Mozilla/5.0 (compatible; SemrushBot/7~bl; +http://www.semrush.com/bot.html)"
51.222.253.14 - - [31/Mar/2025:08:47:32 -0400] "GET /best-grip-socks-for-soccer/ HTTP/1.1" 404 1251 "-" "Mozilla/5.0 (compatible; AhrefsBot/7.0; +http://ahrefs.com/robot/)"
51.8.102.230 - - [31/Mar/2025:08:48:09 -0400] "GET /robots.txt HTTP/1.1" 404 1251 "-" "Mozilla/5.0 (Macintosh; Intel Mac OS X 10_15_7) AppleWebKit/537.36 (KHTML, like Gecko) Chrome/131.0.0.0 Safari/537.36; compatible; OAI-SearchBot/1.0; +https://openai.com/searchbot"
51.222.253.20 - - [31/Mar/2025:08:48:21 -0400] "GET /unlocking-entertainment-exploring-the-affordability-of-iptv-pas-cher/ HTTP/1.1" 404 1251 "-" "Mozilla/5.0 (compatible; AhrefsBot/7.0; +http://ahrefs.com/robot/)"
51.222.253.8 - - [31/Mar/2025:08:49:04 -0400] "GET /what-is-seo-and-why-is-it-important/ HTTP/1.1" 404 1251 "-" "Mozilla/5.0 (compatible; AhrefsBot/7.0; +http://ahrefs.com/robot/)"
51.222.253.10 - - [31/Mar/2025:08:49:45 -0400] "GET /the-best-2-player-games-unblocked/ HTTP/1.1" 404 1251 "-" "Mozilla/5.0 (compatible; AhrefsBot/7.0; +http://ahrefs.com/robot/)"
114.119.163.52 - - [31/Mar/2025:08:49:47 -0400] "GET /entry-level-accountant-pay/ HTTP/1.1" 404 1251 "https://freelancingclients.com/entry-level-accountant-pay/" "Mozilla/5.0 (Linux; Android 7.0;) AppleWebKit/537.36 (KHTML, like Gecko) Mobile Safari/537.36 (compatible; PetalBot;+https://webmaster.petalsearch.com/site/petalbot)"
51.222.253.17 - - [31/Mar/2025:08:50:27 -0400] "GET /space-heater/ HTTP/1.1" 404 1251 "-" "Mozilla/5.0 (compatible; AhrefsBot/7.0; +http://ahrefs.com/robot/)"
51.222.253.3 - - [31/Mar/2025:08:51:06 -0400] "GET /discovering-the-charm-of-vietnam-a-korean-adventure/ HTTP/1.1" 404 1251 "-" "Mozilla/5.0 (compatible; AhrefsBot/7.0; +http://ahrefs.com/robot/)"
51.222.253.3 - - [31/Mar/2025:08:51:47 -0400] "GET /unveiling-the-thrills-of-dewapoker-a-dive-into-the-world-of-online-poker/ HTTP/1.1" 404 1251 "-" "Mozilla/5.0 (compatible; AhrefsBot/7.0; +http://ahrefs.com/robot/)"
51.222.253.15 - - [31/Mar/2025:08:52:24 -0400] "GET /decadence-within-reach-unveiling-the-allure-of-designer-bags-on-sale/ HTTP/1.1" 404 1251 "-" "Mozilla/5.0 (compatible; AhrefsBot/7.0; +http://ahrefs.com/robot/)"
51.222.253.4 - - [31/Mar/2025:08:53:06 -0400] "GET /dog-dewormer-for-cancers/ HTTP/1.1" 404 1251 "-" "Mozilla/5.0 (compatible; AhrefsBot/7.0; +http://ahrefs.com/robot/)"
51.222.253.10 - - [31/Mar/2025:08:53:51 -0400] "GET /unlocking-the-secrets-of-instagram-growth-buying-followers-and-likes/ HTTP/1.1" 404 1251 "-" "Mozilla/5.0 (compatible; AhrefsBot/7.0; +http://ahrefs.com/robot/)"
51.222.253.2 - - [31/Mar/2025:08:54:32 -0400] "GET /the-advantages-of-getting-custom-socks/ HTTP/1.1" 404 1251 "-" "Mozilla/5.0 (compatible; AhrefsBot/7.0; +http://ahrefs.com/robot/)"
51.222.253.2 - - [31/Mar/2025:08:55:10 -0400] "GET /vanillekiste/ HTTP/1.1" 404 1251 "-" "Mozilla/5.0 (compatible; AhrefsBot/7.0; +http://ahrefs.com/robot/)"
51.222.253.10 - - [31/Mar/2025:08:55:49 -0400] "GET /the-power-of-twitter-link-shorteners/ HTTP/1.1" 404 1251 "-" "Mozilla/5.0 (compatible; AhrefsBot/7.0; +http://ahrefs.com/robot/)"
51.222.253.17 - - [31/Mar/2025:08:56:33 -0400] "GET /fenbendazole-in-stage-4-cancer-treatment/ HTTP/1.1" 404 1251 "-" "Mozilla/5.0 (compatible; AhrefsBot/7.0; +http://ahrefs.com/robot/)"
51.222.253.16 - - [31/Mar/2025:08:57:14 -0400] "GET /refrigerator-repair-service/ HTTP/1.1" 404 1251 "-" "Mozilla/5.0 (compatible; AhrefsBot/7.0; +http://ahrefs.com/robot/)"
51.222.253.9 - - [31/Mar/2025:08:57:52 -0400] "GET /personalized-mens-socks/ HTTP/1.1" 404 1251 "-" "Mozilla/5.0 (compatible; AhrefsBot/7.0; +http://ahrefs.com/robot/)"
51.222.253.14 - - [31/Mar/2025:08:58:28 -0400] "GET /fascino-rustico-del-relais-di-campagna/ HTTP/1.1" 404 1251 "-" "Mozilla/5.0 (compatible; AhrefsBot/7.0; +http://ahrefs.com/robot/)"
51.222.253.18 - - [31/Mar/2025:08:59:07 -0400] "GET /michael-kors-handbag-sales/ HTTP/1.1" 404 1251 "-" "Mozilla/5.0 (compatible; AhrefsBot/7.0; +http://ahrefs.com/robot/)"
51.222.253.9 - - [31/Mar/2025:08:59:42 -0400] "GET /ai-girlfriend/ HTTP/1.1" 404 1251 "-" "Mozilla/5.0 (compatible; AhrefsBot/7.0; +http://ahrefs.com/robot/)"
51.222.253.10 - - [31/Mar/2025:09:00:25 -0400] "GET /elegance-et-luxe-lattrait-du-produit-argenterie/ HTTP/1.1" 404 1251 "-" "Mozilla/5.0 (compatible; AhrefsBot/7.0; +http://ahrefs.com/robot/)"
51.222.253.12 - - [31/Mar/2025:09:00:58 -0400] "GET /the-evolution-of-online-gambling-balancing-entertainment-and-responsibility/ HTTP/1.1" 404 1251 "-" "Mozilla/5.0 (compatible; AhrefsBot/7.0; +http://ahrefs.com/robot/)"
51.222.253.15 - - [31/Mar/2025:09:01:39 -0400] "GET /marijuana-use-and-health-care/ HTTP/1.1" 404 1251 "-" "Mozilla/5.0 (compatible; AhrefsBot/7.0; +http://ahrefs.com/robot/)"
51.222.253.1 - - [31/Mar/2025:09:02:19 -0400] "GET /a-modern-gambling-frontier/ HTTP/1.1" 404 1251 "-" "Mozilla/5.0 (compatible; AhrefsBot/7.0; +http://ahrefs.com/robot/)"
51.222.253.17 - - [31/Mar/2025:09:02:56 -0400] "GET /erweitern-sie-ihre-sammlung-mit-pokemon-pluschtieren-um-etwas-laune/ HTTP/1.1" 404 1251 "-" "Mozilla/5.0 (compatible; AhrefsBot/7.0; +http://ahrefs.com/robot/)"
51.222.253.10 - - [31/Mar/2025:09:03:35 -0400] "GET /buy-tiktok-saves-and-shares/ HTTP/1.1" 404 1251 "-" "Mozilla/5.0 (compatible; AhrefsBot/7.0; +http://ahrefs.com/robot/)"
51.222.253.2 - - [31/Mar/2025:09:04:11 -0400] "GET /revolutionizing-printing-limprimante-sans-encre/ HTTP/1.1" 404 1251 "-" "Mozilla/5.0 (compatible; AhrefsBot/7.0; +http://ahrefs.com/robot/)"
51.222.253.3 - - [31/Mar/2025:09:04:46 -0400] "GET /free-job-posting-uk/ HTTP/1.1" 404 1251 "-" "Mozilla/5.0 (compatible; AhrefsBot/7.0; +http://ahrefs.com/robot/)"
51.222.253.12 - - [31/Mar/2025:09:05:24 -0400] "GET /orchard-sophia-developer-a-new-urban-sanctuary/ HTTP/1.1" 404 1251 "-" "Mozilla/5.0 (compatible; AhrefsBot/7.0; +http://ahrefs.com/robot/)"
51.222.253.12 - - [31/Mar/2025:09:06:02 -0400] "GET /essential-travel-tips/ HTTP/1.1" 404 1251 "-" "Mozilla/5.0 (compatible; AhrefsBot/7.0; +http://ahrefs.com/robot/)"
98.85.82.111 - - [31/Mar/2025:09:06:17 -0400] "GET /crafting-compelling-animated-videos/ HTTP/1.1" 404 1251 "-" "Grammarly/1.0 (http://www.grammarly.com)"
51.222.253.7 - - [31/Mar/2025:09:06:39 -0400] "GET /interactive-elearning-e-for-empower/ HTTP/1.1" 404 1251 "-" "Mozilla/5.0 (compatible; AhrefsBot/7.0; +http://ahrefs.com/robot/)"
51.222.253.15 - - [31/Mar/2025:09:07:21 -0400] "GET /telecharger-1xbet-ios-sans-app-store/ HTTP/1.1" 404 1251 "-" "Mozilla/5.0 (compatible; AhrefsBot/7.0; +http://ahrefs.com/robot/)"
51.222.253.4 - - [31/Mar/2025:09:08:04 -0400] "GET /unlock-efficiency-with-toyota-forklift-rentals/ HTTP/1.1" 404 1251 "-" "Mozilla/5.0 (compatible; AhrefsBot/7.0; +http://ahrefs.com/robot/)"
51.222.253.18 - - [31/Mar/2025:09:08:43 -0400] "GET /how-photo-clipping-services-can-help-you-stay-organized/ HTTP/1.1" 404 1251 "-" "Mozilla/5.0 (compatible; AhrefsBot/7.0; +http://ahrefs.com/robot/)"
51.222.253.9 - - [31/Mar/2025:09:09:16 -0400] "GET /exploring-the-enchanting-beauty-of-nusa-penida/ HTTP/1.1" 404 1251 "-" "Mozilla/5.0 (compatible; AhrefsBot/7.0; +http://ahrefs.com/robot/)"
40.77.167.23 - - [31/Mar/2025:09:09:49 -0400] "GET /how-to-find-a-caregiver-for-elderly-loved-ones/ HTTP/1.1" 404 1251 "-" "Mozilla/5.0 AppleWebKit/537.36 (KHTML, like Gecko; compatible; bingbot/2.0; +http://www.bing.com/bingbot.htm) Chrome/116.0.1938.76 Safari/537.36"
51.222.253.14 - - [31/Mar/2025:09:09:56 -0400] "GET /buy-view-tiktok/ HTTP/1.1" 404 1251 "-" "Mozilla/5.0 (compatible; AhrefsBot/7.0; +http://ahrefs.com/robot/)"
51.222.253.18 - - [31/Mar/2025:09:10:32 -0400] "GET /what-to-expect-from-an-seo-audit/ HTTP/1.1" 404 1251 "-" "Mozilla/5.0 (compatible; AhrefsBot/7.0; +http://ahrefs.com/robot/)"
51.222.253.6 - - [31/Mar/2025:09:11:17 -0400] "GET /what-accessories-can-we-expect-for-the-ps4/ HTTP/1.1" 404 1251 "-" "Mozilla/5.0 (compatible; AhrefsBot/7.0; +http://ahrefs.com/robot/)"
51.222.253.12 - - [31/Mar/2025:09:11:56 -0400] "GET /url-shorteners/ HTTP/1.1" 404 1251 "-" "Mozilla/5.0 (compatible; AhrefsBot/7.0; +http://ahrefs.com/robot/)"
51.222.253.1 - - [31/Mar/2025:09:12:36 -0400] "GET /maximizing-financial-efficiency-a-consultation-with-an-accountant/ HTTP/1.1" 404 1251 "-" "Mozilla/5.0 (compatible; AhrefsBot/7.0; +http://ahrefs.com/robot/)"
51.222.253.20 - - [31/Mar/2025:09:13:14 -0400] "GET /magicien-nancy/ HTTP/1.1" 404 1251 "-" "Mozilla/5.0 (compatible; AhrefsBot/7.0; +http://ahrefs.com/robot/)"
51.222.253.2 - - [31/Mar/2025:09:13:48 -0400] "GET /prices-of-accounting-services-2024/ HTTP/1.1" 404 1251 "-" "Mozilla/5.0 (compatible; AhrefsBot/7.0; +http://ahrefs.com/robot/)"
51.222.253.7 - - [31/Mar/2025:09:14:23 -0400] "GET /tesla-coil/ HTTP/1.1" 404 1251 "-" "Mozilla/5.0 (compatible; AhrefsBot/7.0; +http://ahrefs.com/robot/)"
51.222.253.8 - - [31/Mar/2025:09:15:03 -0400] "GET /boudoir-photography-round-rock/ HTTP/1.1" 404 1251 "-" "Mozilla/5.0 (compatible; AhrefsBot/7.0; +http://ahrefs.com/robot/)"
51.222.253.2 - - [31/Mar/2025:09:15:41 -0400] "GET /key-duplication/ HTTP/1.1" 404 1251 "-" "Mozilla/5.0 (compatible; AhrefsBot/7.0; +http://ahrefs.com/robot/)"
185.191.171.3 - - [31/Mar/2025:09:15:48 -0400] "GET /the-transformative-benefits-of-massage-therapy/ HTTP/1.1" 404 1251 "-" "Mozilla/5.0 (compatible; SemrushBot/7~bl; +http://www.semrush.com/bot.html)"
51.222.253.10 - - [31/Mar/2025:09:16:18 -0400] "GET /tableau-street-art/ HTTP/1.1" 404 1251 "-" "Mozilla/5.0 (compatible; AhrefsBot/7.0; +http://ahrefs.com/robot/)"
85.208.96.193 - - [31/Mar/2025:09:16:35 -0400] "GET /polson-boat-rentals-2/ HTTP/1.1" 404 1251 "-" "Mozilla/5.0 (compatible; SemrushBot/7~bl; +http://www.semrush.com/bot.html)"
51.222.253.15 - - [31/Mar/2025:09:17:03 -0400] "GET /navigating-the-digital-realm-converting-bitcoin-to-paypal/ HTTP/1.1" 404 1251 "-" "Mozilla/5.0 (compatible; AhrefsBot/7.0; +http://ahrefs.com/robot/)"
51.222.253.16 - - [31/Mar/2025:09:17:40 -0400] "GET /navigating-the-digital-marketplace-where-to-buy-roblox-gift-cards/ HTTP/1.1" 404 1251 "-" "Mozilla/5.0 (compatible; AhrefsBot/7.0; +http://ahrefs.com/robot/)"
101.35.239.216 - - [31/Mar/2025:09:18:06 -0400] "GET / HTTP/1.1" 403 1242 "-" "Mozilla/5.0 (Linux; Android 10; LIO-AN00 Build/HUAWEILIO-AN00; wv) MicroMessenger Weixin QQ AppleWebKit/537.36 (KHTML, like Gecko) Version/4.0 Chrome/78.0.3904.62 XWEB/2692 MMWEBSDK/200901 Mobile Safari/537.36"
51.222.253.9 - - [31/Mar/2025:09:18:23 -0400] "GET /cbd-uk/ HTTP/1.1" 404 1251 "-" "Mozilla/5.0 (compatible; AhrefsBot/7.0; +http://ahrefs.com/robot/)"
198.54.114.83 - - [31/Mar/2025:09:18:41 -0400] "POST /wp-admin/admin-ajax.php?action=async_litespeed&nonce=JexIekt51pbky60sNaIzDEUxEe4vfBlQ&litespeed_type=imgoptm HTTP/1.1" 200 5 "-" "WordPress/6.7.1; https://freelancingclients.com"
51.222.253.13 - - [31/Mar/2025:09:19:03 -0400] "GET /polson-boat-rentals/ HTTP/1.1" 404 1251 "-" "Mozilla/5.0 (compatible; AhrefsBot/7.0; +http://ahrefs.com/robot/)"
51.222.253.17 - - [31/Mar/2025:09:19:44 -0400] "GET /exploring-the-hillshore-showflat/ HTTP/1.1" 404 1251 "-" "Mozilla/5.0 (compatible; AhrefsBot/7.0; +http://ahrefs.com/robot/)"
51.222.253.5 - - [31/Mar/2025:09:20:19 -0400] "GET /bilanzs/ HTTP/1.1" 404 1251 "-" "Mozilla/5.0 (compatible; AhrefsBot/7.0; +http://ahrefs.com/robot/)"
51.222.253.9 - - [31/Mar/2025:09:20:56 -0400] "GET /crafting-compelling-animated-videos/ HTTP/1.1" 404 1251 "-" "Mozilla/5.0 (compatible; AhrefsBot/7.0; +http://ahrefs.com/robot/)"
51.222.253.16 - - [31/Mar/2025:09:21:36 -0400] "GET /an-all-encompassing-world-of-excitement/ HTTP/1.1" 404 1251 "-" "Mozilla/5.0 (compatible; AhrefsBot/7.0; +http://ahrefs.com/robot/)"
217.113.194.61 - - [31/Mar/2025:09:21:38 -0400] "GET /marijuana-use-and-health-care/feed/ HTTP/1.1" 404 1251 "-" "Mozilla/5.0 (compatible; Barkrowler/0.9; +https://babbar.tech/crawler)"
217.113.194.53 - - [31/Mar/2025:09:22:13 -0400] "GET /le-monde-colore-du-street-art/ HTTP/1.1" 404 1251 "-" "Mozilla/5.0 (compatible; Barkrowler/0.9; +https://babbar.tech/crawler)"
51.222.253.17 - - [31/Mar/2025:09:22:14 -0400] "GET /unveiling-the-world-of-custom-youtube-comments/ HTTP/1.1" 404 1251 "-" "Mozilla/5.0 (compatible; AhrefsBot/7.0; +http://ahrefs.com/robot/)"
217.113.194.59 - - [31/Mar/2025:09:22:47 -0400] "GET /pg-slot-gaming-center/ HTTP/1.1" 404 1251 "-" "Mozilla/5.0 (compatible; Barkrowler/0.9; +https://babbar.tech/crawler)"
51.222.253.11 - - [31/Mar/2025:09:22:52 -0400] "GET /the-thriving-world-of-online-casinos/ HTTP/1.1" 404 1251 "-" "Mozilla/5.0 (compatible; AhrefsBot/7.0; +http://ahrefs.com/robot/)"
51.222.253.20 - - [31/Mar/2025:09:23:27 -0400] "GET /gourde-personnalisee/ HTTP/1.1" 404 1251 "-" "Mozilla/5.0 (compatible; AhrefsBot/7.0; +http://ahrefs.com/robot/)"
51.222.253.5 - - [31/Mar/2025:09:24:04 -0400] "GET /leuchtende-eleganz-lampen-verwandeln-ihr-wohnzimmer/ HTTP/1.1" 404 1251 "-" "Mozilla/5.0 (compatible; AhrefsBot/7.0; +http://ahrefs.com/robot/)"
51.222.253.3 - - [31/Mar/2025:09:24:42 -0400] "GET /custom-youtube-comments/ HTTP/1.1" 404 1251 "-" "Mozilla/5.0 (compatible; AhrefsBot/7.0; +http://ahrefs.com/robot/)"
51.222.253.14 - - [31/Mar/2025:09:25:15 -0400] "GET /poncho-pluie-enfant/ HTTP/1.1" 404 1251 "-" "Mozilla/5.0 (compatible; AhrefsBot/7.0; +http://ahrefs.com/robot/)"
51.222.253.11 - - [31/Mar/2025:09:25:51 -0400] "GET /werbevideo-erstellen/ HTTP/1.1" 404 1251 "-" "Mozilla/5.0 (compatible; AhrefsBot/7.0; +http://ahrefs.com/robot/)"
51.222.253.20 - - [31/Mar/2025:09:26:25 -0400] "GET /mois-du-soin-des-gencives-pourquoi-il-est-important-de-garder-vos-gencives-en-bonne-sante/ HTTP/1.1" 404 1251 "-" "Mozilla/5.0 (compatible; AhrefsBot/7.0; +http://ahrefs.com/robot/)"
114.119.163.52 - - [31/Mar/2025:09:26:47 -0400] "GET /unlocking-entertainment-the-rise-of-games-hire/ HTTP/1.1" 404 1251 "https://freelancingclients.com/unlocking-entertainment-the-rise-of-games-hire/" "Mozilla/5.0 (Linux; Android 7.0;) AppleWebKit/537.36 (KHTML, like Gecko) Mobile Safari/537.36 (compatible; PetalBot;+https://webmaster.petalsearch.com/site/petalbot)"
51.222.253.2 - - [31/Mar/2025:09:27:02 -0400] "GET /understanding-the-metrics/ HTTP/1.1" 404 1251 "-" "Mozilla/5.0 (compatible; AhrefsBot/7.0; +http://ahrefs.com/robot/)"
51.222.253.10 - - [31/Mar/2025:09:27:42 -0400] "GET /buy-views-on-youtube/ HTTP/1.1" 404 1251 "-" "Mozilla/5.0 (compatible; AhrefsBot/7.0; +http://ahrefs.com/robot/)"
157.55.39.14 - - [31/Mar/2025:09:27:55 -0400] "GET /efficient-file-transfer-solutions-streamlining-data-movement/feed/ HTTP/1.1" 404 1251 "-" "Mozilla/5.0 AppleWebKit/537.36 (KHTML, like Gecko; compatible; bingbot/2.0; +http://www.bing.com/bingbot.htm) Chrome/116.0.1938.76 Safari/537.36"
114.119.131.163 - - [31/Mar/2025:09:28:11 -0400] "GET /category/activity/page/20/ HTTP/1.1" 404 1251 "https://freelancingclients.com/category/activity/page/21/" "Mozilla/5.0 (Linux; Android 7.0;) AppleWebKit/537.36 (KHTML, like Gecko) Mobile Safari/537.36 (compatible; PetalBot;+https://webmaster.petalsearch.com/site/petalbot)"
185.191.171.2 - - [31/Mar/2025:09:28:14 -0400] "GET /how-to-make-a-katana-sword/ HTTP/1.1" 404 1251 "-" "Mozilla/5.0 (compatible; SemrushBot/7~bl; +http://www.semrush.com/bot.html)"
51.222.253.13 - - [31/Mar/2025:09:28:22 -0400] "GET /flathead-lake-boat-tours/ HTTP/1.1" 404 1251 "-" "Mozilla/5.0 (compatible; AhrefsBot/7.0; +http://ahrefs.com/robot/)"
51.222.253.14 - - [31/Mar/2025:09:28:55 -0400] "GET /the-role-of-floor-heating-pipe-suppliers/ HTTP/1.1" 404 1251 "-" "Mozilla/5.0 (compatible; AhrefsBot/7.0; +http://ahrefs.com/robot/)"
51.222.253.3 - - [31/Mar/2025:09:29:33 -0400] "GET /understanding-fda-otc-registration/ HTTP/1.1" 404 1251 "-" "Mozilla/5.0 (compatible; AhrefsBot/7.0; +http://ahrefs.com/robot/)"
51.222.253.19 - - [31/Mar/2025:09:30:07 -0400] "GET /navigating-the-nuances-of-consensual-divorce-in-tehran/ HTTP/1.1" 404 1251 "-" "Mozilla/5.0 (compatible; AhrefsBot/7.0; +http://ahrefs.com/robot/)"
51.222.253.12 - - [31/Mar/2025:09:30:38 -0400] "GET /tretinoin-buy-online-uk/ HTTP/1.1" 404 1251 "-" "Mozilla/5.0 (compatible; AhrefsBot/7.0; +http://ahrefs.com/robot/)"
51.222.253.20 - - [31/Mar/2025:09:31:17 -0400] "GET /tennis-predicts/ HTTP/1.1" 404 1251 "-" "Mozilla/5.0 (compatible; AhrefsBot/7.0; +http://ahrefs.com/robot/)"
51.222.253.16 - - [31/Mar/2025:09:31:52 -0400] "GET /navigating-the-digital-realm-mastering-the-art-of-online-job-searches/ HTTP/1.1" 404 1251 "-" "Mozilla/5.0 (compatible; AhrefsBot/7.0; +http://ahrefs.com/robot/)"
194.99.24.150 - - [31/Mar/2025:09:32:09 -0400] "GET /wp-login.php HTTP/1.1" 200 1725 "-" "Mozilla/5.0 (Windows NT 10.0; Win64; x64) AppleWebKit/537.36 (KHTML, like Gecko) Chrome/130.0.0.0 YaBrowser/24.12.0.0 Safari/537.36"
194.99.24.150 - - [31/Mar/2025:09:32:10 -0400] "GET /wp-login.php HTTP/1.1" 200 1725 "-" "Mozilla/5.0 (Windows NT 10.0; Win64; x64) AppleWebKit/537.36 (KHTML, like Gecko) Chrome/130.0.0.0 YaBrowser/24.12.0.0 Safari/537.36"
194.99.24.150 - - [31/Mar/2025:09:32:10 -0400] "GET /wp-login.php HTTP/1.1" 200 1725 "-" "Mozilla/5.0 (Windows NT 10.0; Win64; x64) AppleWebKit/537.36 (KHTML, like Gecko) Chrome/130.0.0.0 YaBrowser/24.12.0.0 Safari/537.36"
194.99.24.150 - - [31/Mar/2025:09:32:11 -0400] "GET /wp-login.php HTTP/1.1" 200 1725 "-" "Mozilla/5.0 (Windows NT 10.0; Win64; x64) AppleWebKit/537.36 (KHTML, like Gecko) Chrome/130.0.0.0 YaBrowser/24.12.0.0 Safari/537.36"
198.54.114.83 - - [31/Mar/2025:09:32:13 -0400] "POST /wp-cron.php?doing_wp_cron=1743427933.7806050777435302734375 HTTP/1.1" 200 0 "-" "WordPress/6.7.1; https://freelancingclients.com"
194.99.24.150 - - [31/Mar/2025:09:32:11 -0400] "POST /wp-login.php HTTP/1.1" 200 1841 "-" "Mozilla/5.0 (Windows NT 10.0; Win64; x64) AppleWebKit/537.36 (KHTML, like Gecko) Chrome/130.0.0.0 YaBrowser/24.12.0.0 Safari/537.36"
198.54.114.83 - - [31/Mar/2025:09:32:19 -0400] "POST /wp-admin/admin-ajax.php?action=async_litespeed&nonce=kNgVAAY6HylW4EMlFvJtUJylkXpUycGm&litespeed_type=imgoptm HTTP/1.1" 200 5 "-" "WordPress/6.7.1; https://freelancingclients.com"
51.222.253.13 - - [31/Mar/2025:09:32:32 -0400] "GET /the-growing-popularity-of-internet-sports-gambling/ HTTP/1.1" 404 1251 "-" "Mozilla/5.0 (compatible; AhrefsBot/7.0; +http://ahrefs.com/robot/)"
51.222.253.16 - - [31/Mar/2025:09:33:10 -0400] "GET /benefits-of-a-tiled-conservatory-roof-2/ HTTP/1.1" 404 1251 "-" "Mozilla/5.0 (compatible; AhrefsBot/7.0; +http://ahrefs.com/robot/)"
51.222.253.10 - - [31/Mar/2025:09:33:49 -0400] "GET /choosing-the-right-conservatory-roof/ HTTP/1.1" 404 1251 "-" "Mozilla/5.0 (compatible; AhrefsBot/7.0; +http://ahrefs.com/robot/)"
51.222.253.2 - - [31/Mar/2025:09:34:27 -0400] "GET /explosion-proof-high-performance-butterfly-valves/ HTTP/1.1" 404 1251 "-" "Mozilla/5.0 (compatible; AhrefsBot/7.0; +http://ahrefs.com/robot/)"
51.222.253.11 - - [31/Mar/2025:09:35:05 -0400] "GET /choosing-a-camper-refrigerator/ HTTP/1.1" 404 1251 "-" "Mozilla/5.0 (compatible; AhrefsBot/7.0; +http://ahrefs.com/robot/)"
51.222.253.20 - - [31/Mar/2025:09:35:42 -0400] "GET /low-cost-or-free-things-to-do-in-sydney/ HTTP/1.1" 404 1251 "-" "Mozilla/5.0 (compatible; AhrefsBot/7.0; +http://ahrefs.com/robot/)"
51.222.253.12 - - [31/Mar/2025:09:36:21 -0400] "GET /the-evolution-of-game-hire-bringing-entertainment-home/ HTTP/1.1" 404 1251 "-" "Mozilla/5.0 (compatible; AhrefsBot/7.0; +http://ahrefs.com/robot/)"
51.222.253.12 - - [31/Mar/2025:09:37:00 -0400] "GET /street-wear/ HTTP/1.1" 404 1251 "-" "Mozilla/5.0 (compatible; AhrefsBot/7.0; +http://ahrefs.com/robot/)"
51.222.253.9 - - [31/Mar/2025:09:37:42 -0400] "GET /catering-to-diverse-lifestyles/ HTTP/1.1" 404 1251 "-" "Mozilla/5.0 (compatible; AhrefsBot/7.0; +http://ahrefs.com/robot/)"
51.222.253.12 - - [31/Mar/2025:09:38:21 -0400] "GET /solid-conservatory-roof/ HTTP/1.1" 404 1251 "-" "Mozilla/5.0 (compatible; AhrefsBot/7.0; +http://ahrefs.com/robot/)"
51.222.253.19 - - [31/Mar/2025:09:38:59 -0400] "GET /best-cbd-products-uk/ HTTP/1.1" 404 1251 "-" "Mozilla/5.0 (compatible; AhrefsBot/7.0; +http://ahrefs.com/robot/)"
2603:8080:74f0:3ba0:7d9f:1f12:5379:ea1c - - [31/Mar/2025:09:39:31 -0400] "GET /apple-touch-icon.png HTTP/1.1" 404 1251 "-" "-"
2603:8080:74f0:3ba0:7d9f:1f12:5379:ea1c - - [31/Mar/2025:09:39:31 -0400] "HEAD /manifest.json HTTP/1.1" 404 0 "-" "-"
2603:8080:74f0:3ba0:7d9f:1f12:5379:ea1c - - [31/Mar/2025:09:39:31 -0400] "GET / HTTP/1.1" 403 1242 "-" "Mozilla/5.0 (Windows; U; Windows NT 5.1; en-US; rv:x.x.x) Gecko/20041107 Firefox/x.x"
2603:8080:74f0:3ba0:7d9f:1f12:5379:ea1c - - [31/Mar/2025:09:39:32 -0400] "GET / HTTP/1.1" 403 1242 "-" "Mozilla/5.0 (Windows; U; Windows NT 5.1; en-US; rv:x.x.x) Gecko/20041107 Firefox/x.x"
2603:8080:74f0:3ba0:7d9f:1f12:5379:ea1c - - [31/Mar/2025:09:39:32 -0400] "GET / HTTP/1.1" 403 1242 "-" "Mozilla/5.0 (Windows; U; Windows NT 5.1; en-US; rv:x.x.x) Gecko/20041107 Firefox/x.x"
2603:8080:74f0:3ba0:7d9f:1f12:5379:ea1c - - [31/Mar/2025:09:39:32 -0400] "GET /favicon.ico HTTP/1.1" 404 1251 "-" "-"
51.222.253.18 - - [31/Mar/2025:09:39:37 -0400] "GET /heathrow-airport-transfers/ HTTP/1.1" 404 1251 "-" "Mozilla/5.0 (compatible; AhrefsBot/7.0; +http://ahrefs.com/robot/)"
51.222.253.9 - - [31/Mar/2025:09:40:16 -0400] "GET /programmatic-ads-dubai/ HTTP/1.1" 404 1251 "-" "Mozilla/5.0 (compatible; AhrefsBot/7.0; +http://ahrefs.com/robot/)"
51.222.253.3 - - [31/Mar/2025:09:40:57 -0400] "GET /what-is-a-tax-declaration-and-why-is-it-necessary/ HTTP/1.1" 404 1251 "-" "Mozilla/5.0 (compatible; AhrefsBot/7.0; +http://ahrefs.com/robot/)"
51.222.253.3 - - [31/Mar/2025:09:41:41 -0400] "GET /the-importance-of-performance-surety-bonds/ HTTP/1.1" 404 1251 "-" "Mozilla/5.0 (compatible; AhrefsBot/7.0; +http://ahrefs.com/robot/)"
51.222.253.2 - - [31/Mar/2025:09:42:25 -0400] "GET /une-tendance-innovante-pour-lamenagement-et-la-securite/ HTTP/1.1" 404 1251 "-" "Mozilla/5.0 (compatible; AhrefsBot/7.0; +http://ahrefs.com/robot/)"
51.222.253.19 - - [31/Mar/2025:09:43:00 -0400] "GET /enthullung-des-juristischen-maestro-die-rolle-und-bedeutung-eines-anwalts/ HTTP/1.1" 404 1251 "-" "Mozilla/5.0 (compatible; AhrefsBot/7.0; +http://ahrefs.com/robot/)"
