RIFF¤ WEBPVP8 ˜ ðÑ *ôô>‘HŸK¥¤"§£±¨àð ....................................../////.===Shadow-Here===./////................................................ > < > < > < > < > < > < > < > < > < > < > < > < > < > < > < > < > < > < > < > < > < > < > < > < > < > < > < > < > < ------------------------------------------------------------------------------------------------------------------- /////////////////////////////////////////////////////////////////////////////////////////////////////////////////// RIFF¤ WEBPVP8 ˜ ðÑ *ôô>‘HŸK¥¤"§£±¨àð enü¹%½_F‘åè¿2ºQú³íªú`N¿­3ÿƒügµJžaÿ¯ÿ°~¼ÎùnúîÞÖô•òíôÁÉß®Sm¥Ü/ ‡ó˜f£Ùà<˜„xëJ¢Ù€SO3x<ªÔ©4¿+ç¶A`q@Ì“Úñè™ÍÿJÌ´ª-˜ÆtÊÛL]Ïq*‘Ý”ì#ŸÌÏãY]@ê`¿ /ªfkØB4·®£ó z—Üw¥Pxù–ÞLШKÇN¾AkÙTf½è'‰g gÆv›Øuh~ a˜Z— ïj*á¥t d£“uÒ ¨`K˜¹ßþ]b>˜]_ÏÔ6W—è2r4x•íÖ…"ƒÖNîä!¦å Ú}ýxGøÌ —@ ;ÆÚŠ=ɾ1ý8lªË¥ô ^yf®Œ¢u&2©nÙÇ›ñÂñŒ³ aPo['½»øFùà­+4ê“$!lövlüÞ=;N®3ð‚õ›DÉKòÞ>ÄÍ ¥ˆuߤ#ˆ$6ù™¥îŠ‡y’ÍB¼ çxÛ;X"WL£R÷͝*ó-¶Zu}º.s¸sšXqù–DþÿvªhüïwyŸ ¯é³lÀ:KCûÄ£Ëá\…­ ~—ýóî ¼ûûÜTÓüÇy…ŽÆvc»¾×U ñ¸žþоP÷¦ó:Ò¨¨5;Ð#&#ÖúñläÿÁœ GxÉ­/ñ‡áQðìYÉtÒwŽ¼GÔ´zàÒò ð*ëzƒ•4~H]Ø‹f ñÓÈñ`NåWçs'ÆÏW^ø¹!XžµmQ5ÃËoLœÎ: ÞËÍ¥J ù…î èo£ßPÎñ¶ž8.Œ]ʵ~5›ÙË-ù*8ÙÖß±~ ©¹rÓê‚j¶d¸{^Q'˜±Crß ÚH—#¥¥QlÀ×ëã‡DÜ«èî þ&Çæžî;ŽÏºò6ÒLÃXy&ZŒ'j‚¢Ù€IßÚù+–MGi‰*jE€‘JcÜ ÓÌ EÏÚj]o˜ Þr <¾U ûŪæÍ/šÝH¥˜b”¼ ÁñßX GP›ï2›4WŠÏà×£…íÓk†¦H·ÅíMh–*nó÷à]ÁjCº€b7<ب‹¨5車bp2:Á[UªM„QŒçiNMa#<5›áËó¸HýÊ"…×Éw¹¦ì2º–x<›»a±¸3Weü®FÝ⑱ö–î–³|LPÈ~çð~Çå‡|º kD¢µÏàÆAI %1À% ¹Ò – ”ϝS¦‰4&¶£°à Öý”û_Ò Áw°A«Å€?mÇÛgHÉ/8)á¾ÛìáöŽP í¨PŸNÙµº¦‡§Ùš"ÿ«>+ªÕ`Ê÷‡‚ß Õû˜þãÇ-PÍ.¾XV‘€ dÜ"þ4¹ ±Oú‘©t¥¦FªÄÃÄ•b‚znýu½—#cDs˜ÃiÑOˆñ×QO=*IAÊ,¶ŽZƒ;‡wøXè%EÐk:F±Ú” .Ѽ+Áu&Ç`."pÈÉw o&¿dE6‘’EqTuK@Ì¥ã™À(Êk(h‰,H}RÀIXÛš3µ1©_OqÚÒJAñ$ÊÙÜ;D3çŒ[þùœh¬Ã³™ö6ç†NY".Ú‰ï[ªŸŒ '²Ð öø_¨ÂÉ9u鶳ÒŠõTàîMØ#û¯gN‡bÙ놚X„ö …ÉeüÌ^J ‹€.œ$Æ)βÄeæW#óüßĺŸ€ ÀzwV 9oä»f4V*uB «Ë†¹ì¯žR霓æHXa=&“I4K;¯ç‹h×·"UŠ~<•â•ªVêª&ÍSÃÆÅ?ÔqÎ*mTM ˜›µwêd#[C¡©§‘D<©àb†–ÁœøvH/,í:¯( ²£|4-„Æövv„Yͼ™^Á$ˆ„¢Û[6yB.åH*V¨æ?$=˜Ñ€•î¦ñ·­(VlŸ‘ nÀt8W÷´Bûba?q9ú¶Xƒl«ÿ\ù¶’þòUÐj/õ¢Ìµ³g$ƒÎR!¸»|Oߍë’BhîÚÑ¢ñåŒJ„®„£2Ð3•ô02Nt…!£Í]Ïc½Qÿ?ˆ<&ÃA¾Ú,JˆijÌ#5yz„‰Î|ÊŽ5QÏ:‹ÐaóVÔxW—CpeÏzÐïíçôÿÅ_[hãsÐ_/ŽTÝ?BîˆííV$<¿i>²F¬_Eß¿ †bÊŒº­ÿ®Z H“C}”¬,Mp ý/Bá£w>˜YV°aƒúh+cŠ- r/[%|üUMHäQ°X»|û/@|°¥Ð !BÔ Ç¢Ä©š+Õì D«7ìN¶ŽðÔ " ƶ’ÖçtA‰Û×}{tþz­¾GÍ›k¹OEJR$ Â׃ «ëÁ"oÉôž$oUK(Ä)Ãz³Ê-‹êN[Ò3Œñbï8P 4ƒ×q¢bo|?<ÛX¬òÄÍ°L–±›(™ûG?ýË©ÚÄ–ÂDØÐ_Ç¡ô ¾–ÄÏø ×e8Ë©$ÄF¹Å‹ì[©óìl:F¾f´‹‹Xì²ï®\¬ôùƒ ÿat¥óèÒùHß0äe‚;ü×h:ÆWðHž=Ã8骣"kœ'Y?³}Tûè€>?0l›e1Lòñ„aæKÆw…hÖŠùW…ÈÆÄ0ši·›[pcwËþñiêíY/~-Á5˜!¿†A›™Mÿþ(±“t@â“ö2­´TG5yé]çå僳 .·ÍïçÝ7UÚ±Ð/Nè»,_Ï ùdj7\ï Wì4›„»c¸àešg#ÒÊ⥭áØo5‘?ÌdÝô¯ ¹kzsƒ=´#ëÉK›Ø´±-¥eW?‡çßtòTã…$Ý+qÿ±ƒ÷_3Ô¥í÷:æ–ž<·Ö‡‰Å¢ š‡%Ô—utÌÈìðžgÖÀz²À—ï÷Óîäõ{K'´È÷³yaÏÁjƒô}ž§®æÊydÕÈë5¯èˆõvÕ©ã*çD„ “z„Ó‡^^xÂ3M§A´JG‚öï 3W'ˆ.OvXè¡ÊÕª?5º7†˜(˜Ç¶#çê’¶!ÌdZK§æ 0fãaN]òY³RV ™î$®K2R¨`W!1Ôó\;Ý ýB%qæK•&ÓÈe9È0êI±žeŸß -ú@žQr¦ ö4»M¼Áè¹µmw 9 EÆE_°2ó„ŸXKWÁ×Hóì^´²GѝF©óäR†¦‰ç"V»eØ<3ùd3ÿÚ¤Žú“Gi" —‘_ÙËÎ~Üö¯¥½Î»üŸEÚŽåmÞþí ;ÞólËΦMzA"Âf(´òá;Éï(/7½ûñÌ­cïÕçлþÝz¾-ÍvÑ“pH­–ðÓj$¸Äû¤‚‘ãUBË-n“2åPkS5&‹Â|+g^œ®Ì͆d!OïäîU«c;{Û!ÅŽ«ëZ9Ókóˆ]¯ƒ›né `ÇÒ+tÆš (ØKá¾—=3œ®•vuMñg²\ï Ec€ 05±d™‡×iÇ×›UúvÌ¢£Èþ¡ÕØô¶ßÎA"ß±#Ö²ˆÊŸ¦*Ä~ij|àø.-¼'»Ú¥£h ofº¦‡VsR=N½„Î v˜Z*SÌ{=jÑB‹tê…;’HžH¯8–îDù8ñ¢|Q•bÛçš–‹m³“ê¨ åÏ^m¬Žãþ©ïêO‡½6] µÆ„Ooòü ²x}N¦Ë3ïé¿»€›HA˜m%çÞ/¿í7Fø“‹léUk)É°Œµ8Q8›:ÀŠeT*šõ~ôڝG6 ¢}`ùH­–”¡k ‰P1>š†®9z11!X wKfmÁ¦xÑ,N1Q”–æB¶M…ÒÃv6SMˆhU¬ÊPŽï‘öj=·CŒ¯u¹ƒVIЃsx4’ömÛýc塶7ßŠß 57^\wÒÐÆ k§h,Œý î«q^R½3]J¸ÇðN ‚çU¬ôº^Áì} ³f©Õœ§ˆã:FÄÈ‚é(€™?àýÓüè1Gô£¼éj‚OÅñ  #>×—ßtà 0G¥Åa뀐kßhc™À_ÉñÞ#±)GD" YîäË-ÿÙ̪ ¹™a¯´¢E\ÝÒö‚;™„ë]_ p8‰o¡ñ+^÷ 3‘'dT4œŽ ðVë½° :¬víÑ«£tßÚS-3¶“þ2 †üüʨòrš¹M{É_¤`Û¨0ìjœøJ‡:÷ÃáZ˜†@GP&œÑDGÏs¡þ¦þDGú‘1Yá9Ôþ¼ ûø…§÷8&–ÜÑnÄ_m®^üÆ`;ÉVÁJ£?â€-ßê}suÍ2sõA NÌúA磸‘îÿÚ»ƒìö·á¿±tÑÐ"Tÿü˜[@/äj¬€uüªìù¥Ý˜á8Ý´sõj 8@rˆð äþZÇD®ÿUÏ2ùôõrBzÆÏÞž>Ì™xœ“ wiÎ×7_… ¸ \#€MɁV¶¥üÕÿPÔ9Z‡ø§É8#H:ƒ5ÀÝå9ÍIŒ5åKÙŠ÷qÄ>1AÈøžj"µÂд/ªnÀ qªã}"iŸBå˜ÓÛŽ¦…&ݧ;G@—³b¯“•"´4í¨ôM¨åñC‹ïùÉó¯ÓsSH2Ý@ßáM‡ˆKÀªÛUeø/4\gnm¥‹ŸŒ qÄ b9ÞwÒNÏ_4Ég³ú=܆‚´ •â¥õeíþkjz>éÚyU«Íӝ݃6"8/ø{=Ô¢»G¥ äUw°W«,ô—¿ãㆅү¢³xŠUû™yŒ (øSópÐ 9\åTâ»—*oG$/×ÍT†Y¿1¤Þ¢_‡ ¼ „±ÍçèSaÓ 3ÛMÁBkxs‰’R/¡¤ˆÙçª(*õ„üXÌ´ƒ E§´¬EF"Ù”R/ÐNyÆÂ^°?™6¡œïJ·±$§?º>ÖüœcNÌù¯G ‹ñ2ŠBB„^·úìaz¨k:#¨Æ¨8LÎõލ£^§S&cŒÐU€ü(‡F±Š¼&P>8ÙÁ ‰ p5?0ÊƃZl¸aô š¼¡}gÿ¶zÆC²¹¬ÎÖG*HB¡O<º2#ñŒAƒ–¡B˜´É$¥›É:FÀÔx¾u?XÜÏÓvN©RS{2ʈãk9rmP¼Qq̳ è¼ÐFׄ^¡Öì fE“F4A…!ì/…¦Lƒ… … $%´¾yã@CI¬ á—3PþBÏNÿ<ý°4Ü ËÃ#ØÍ~âW«rEñw‹eùMMHß²`¬Öó½íf³:‹k˜¯÷}Z!ã¿<¥,\#öµÀ¯aÒNÆIé,Ћ–lŽ#Àæ9ÀÒS·I’½-Ïp Äz¤Š Â* ­íÄ9­< h>׍3ZkËU¹§˜ŒŠ±f­’¤º³Q ÏB?‹#µíÃ¥®@(Gs«†vI¥Mµ‹Á©e~2ú³ÁP4ìÕi‚²Ê^ö@-DþÓàlÜOÍ]n"µã:žpsŽ¢:! Aõ.ç~ÓBûH÷JCÌ]õVƒd «ú´QÙEA–¯¯Œ!.ˆˆëQ±ù œ·Ì!Õâ )ùL„ÅÀlÚè5@B…o´Æ¸XÓ&Û…O«˜”_#‡ƒ„ûÈt!¤ÁÏ›ÎÝŠ?c9 â\>lÓÁVÄÑ™£eØY]:fÝ–—ù+p{™ðè û³”g±OƒÚSù£áÁÊ„ä,ï7š²G ÕÌBk)~ÑiCµ|h#u¤¶îK¨² #²vݯGãeÖ϶ú…¾múÀ¶þÔñ‚Š9'^($¤§ò “š½{éúp÷J›ušS¹áªCÂubÃH9™D™/ZöØÁ‡¦ÝÙŸ·kð*_”.C‹{áXó€‡c¡c€§/šò/&éš÷,àéJþ‰X›fµ“C¨œ®r¬"kL‰Â_q…Z–.ÉL~O µ›zn‚¹À¦Öª7\àHµšÖ %»ÇníV[¥*Õ;ƒ#½¾HK-ÖIÊdÏEÚ#=o÷Óò³´Š: Ç?{¾+9›–‘OEáU·S€˜j"ÄaÜ ŒÛWt› á–c#a»pÔZÞdŽtWê=9éöÊ¢µ~ ë ;Öe‡Œ®:bî3±ýê¢wà¼îpêñ¹¾4 zc¾ðÖÿzdêŒÑÒŝÀ‰s6¤í³ÎÙB¿OZ”+F¤á‡3@Ñëäg©·Ž ˆèª<ù@É{&S„œÕúÀA)‰h:YÀ5^ÂÓŒ°õäU\ ùËÍû#²?Xe¬tu‰^zÒÔãë¼ÛWtEtû …‚g¶Úüâî*moGè¨7%u!]PhÏd™Ý%Îx: VÒ¦ôÊD3ÀŽKÛËãvÆî…N¯ä>Eró–ð`5 Œ%u5XkñÌ*NU%¶áœÊ:Qÿú»“úzyÏ6å-၇¾ ´ ÒÊ]y žO‘w2Äøæ…H’²f±ÎÇ.ª|¥'gîV•Ü .̘¯€šòü¤U~Ù†*¢!?ò wý,}´°ÔÞnïoKq5µb!áÓ3"vAßH¡³¡·G(ÐÎ0Îò¼MG!/ài®@—¬04*`…«é8ªøøló“ˆÊ”èù¤…ßÊoÿé'ËuÌÖ5×È¡§ˆˆfŽë9}hìâ_!!¯  B&Ëö¶‰ÀAÙNVŸ Wh›¸®XÑJì¨ú“¿÷3uj²˜¨ÍÎìë±aúŠÝå¯ð*Ó¨ôJ“yºØ)m°WýOè68†ŸÏ2—‰Ïüꪫٚ¥‹l1 ø ÏÄFjêµvÌbü¦èÝx:X±¢H=MÐß—,ˆÉÇ´(9ú¾^ÅÚ4¿m‡$âX‘å%(AlZo@½¨UOÌÕ”1ø¸jÎÀÃÃ_ µ‘Ü.œº¦Ut: Æï’!=¯uwû#,“pþÇúŒø(é@?³ü¥‘Mo §—s@Œ#)§ŒùkL}NOÆêA›¸~r½¼ÙA—HJ«eˆÖ´*¡ÓpÌŸö.m<-"³ûÈ$¬_6­åf£ïÚâj1y§ÕJ½@dÞÁr&Í\Z%D£Íñ·AZ Û³øüd/ªAi†/Й~  ‡âĮҮÏh§°b—›Û«mJžòG'[ÈYýŒ¦9psl ýÁ ®±f¦x,‰½tN ‚Xª9 ÙÖH.«Lo0×?͹m¡å†Ѽ+›2ƒF ±Ê8 7Hցϓ²Æ–m9…òŸï]Â1äN†VLâCˆU .ÿ‰Ts +ÅÎx(%¦u]6AF Š ØF鈄‘ |¢¶c±soŒ/t[a¾–û:s·`i햍ê›ËchÈ…8ßÀUÜewŒðNOƒõD%q#éû\9¤x¹&UE×G¥ Í—™$ð E6-‡¼!ýpãÔM˜ Âsìe¯ñµK¢Ç¡ùôléœ4Ö£”À Š®Ðc ^¨À}ÙËŸ§›ºê{ÊuÉC ×Sr€¤’fÉ*j!úÓ’Gsùìoîßîn%ò· àc Wp÷$¨˜)û»H ×8ŽÒ€Zj¤3ÀÙºY'Ql¦py{-6íÔCeiØp‘‡XÊîÆUߢ܂ž£Xé¼Y8þ©ëgñß}é.ÎógÒ„ÃØËø¯»™§Xýy M%@NŠ À(~áÐvu7&•,Ù˜ó€uP‡^^®=_E„jt’ 403WebShell
403Webshell
Server IP : 104.21.46.188  /  Your IP : 18.191.191.65
Web Server : LiteSpeed
System : Linux business31.web-hosting.com 4.18.0-553.16.1.lve.1.el8.x86_64 #1 SMP Mon Sep 23 20:16:18 UTC 2024 x86_64
User : varizmol ( 2121)
PHP Version : 8.0.30
Disable Function : NONE
MySQL : OFF  |  cURL : ON  |  WGET : ON  |  Perl : ON  |  Python : ON  |  Sudo : OFF  |  Pkexec : OFF
Directory :  /home/varizmol/access-logs/

Upload File :
current_dir [ Writeable ] document_root [ Writeable ]

 

Command :


[ Back ]     

Current File : /home/varizmol/access-logs/freelancingclientscom.variastudios.com-ssl_log
2a02:598:96:8a00::1200:13b - - [29/Mar/2025:18:38:42 -0400] "GET /finding-freedom-beyond-instagram/ HTTP/1.1" 404 1251 "-" "Mozilla/5.0 (compatible; SeznamBot/4.0; +https://o-seznam.cz/napoveda/vyhledavani/en/seznambot-crawler/)"
45.156.129.75 - - [29/Mar/2025:18:39:21 -0400] "GET / HTTP/1.1" 403 1242 "-" "Mozilla/5.0 (Windows NT 10.0; WOW64) AppleWebKit/537.36 (KHTML, like Gecko) Chrome/66.0.3359.117 Safari/537.36"
45.156.129.77 - - [29/Mar/2025:18:39:21 -0400] "GET / HTTP/1.1" 403 1242 "-" "Mozilla/5.0 (Windows NT 10.0; WOW64) AppleWebKit/537.36 (KHTML, like Gecko) Chrome/66.0.3359.117 Safari/537.36"
114.119.144.127 - - [29/Mar/2025:18:39:41 -0400] "GET /solid-conservatory-roof/ HTTP/1.1" 404 1251 "https://freelancingclients.com/category/activity/page/129/" "Mozilla/5.0 (Linux; Android 7.0;) AppleWebKit/537.36 (KHTML, like Gecko) Mobile Safari/537.36 (compatible; PetalBot;+https://webmaster.petalsearch.com/site/petalbot)"
2a02:598:128:8a00::b00:2 - - [29/Mar/2025:18:39:42 -0400] "GET /where-luxury-meets-design/ HTTP/1.1" 404 1251 "-" "Mozilla/5.0 (compatible; SeznamBot/4.0; +https://o-seznam.cz/napoveda/vyhledavani/en/seznambot-crawler/)"
114.119.153.191 - - [29/Mar/2025:18:40:40 -0400] "GET /page/134/ HTTP/1.1" 404 1251 "https://freelancingclients.com/page/134/" "Mozilla/5.0 (Linux; Android 7.0;) AppleWebKit/537.36 (KHTML, like Gecko) Mobile Safari/537.36 (compatible; PetalBot;+https://webmaster.petalsearch.com/site/petalbot)"
85.208.98.16 - - [29/Mar/2025:18:41:18 -0400] "GET /woodland-hills-orthodontics/ HTTP/1.1" 404 1251 "-" "Mozilla/5.0 (compatible; SemrushBot-BA; +http://www.semrush.com/bot.html)"
114.119.155.170 - - [29/Mar/2025:18:42:05 -0400] "GET /page/114/ HTTP/1.1" 404 1251 "https://freelancingclients.com/page/114/" "Mozilla/5.0 (Linux; Android 7.0;) AppleWebKit/537.36 (KHTML, like Gecko) Mobile Safari/537.36 (compatible; PetalBot;+https://webmaster.petalsearch.com/site/petalbot)"
114.119.155.170 - - [29/Mar/2025:18:43:37 -0400] "GET /elegante-designs-fur-jedes-ambiente/ HTTP/1.1" 404 1251 "https://freelancingclients.com/page/45/" "Mozilla/5.0 (Linux; Android 7.0;) AppleWebKit/537.36 (KHTML, like Gecko) Mobile Safari/537.36 (compatible; PetalBot;+https://webmaster.petalsearch.com/site/petalbot)"
114.119.131.163 - - [29/Mar/2025:18:44:51 -0400] "GET /category/activity/page/125/ HTTP/1.1" 404 1251 "https://freelancingclients.com/category/activity/page/125/" "Mozilla/5.0 (Linux; Android 7.0;) AppleWebKit/537.36 (KHTML, like Gecko) Mobile Safari/537.36 (compatible; PetalBot;+https://webmaster.petalsearch.com/site/petalbot)"
114.119.136.245 - - [29/Mar/2025:18:46:22 -0400] "GET /acne-skin-care-how-to-clear-up-those-embarrasing-blemishes/ HTTP/1.1" 404 1251 "https://freelancingclients.com/category/activity/page/147/" "Mozilla/5.0 (Linux; Android 7.0;) AppleWebKit/537.36 (KHTML, like Gecko) Mobile Safari/537.36 (compatible; PetalBot;+https://webmaster.petalsearch.com/site/petalbot)"
13.40.128.66 - - [29/Mar/2025:18:49:10 -0400] "GET /wp-login.php HTTP/1.1" 200 1726 "-" "Mozilla/5.0 (Windows NT 10.0; Win64; x64) AppleWebKit/537.36 (KHTML, like Gecko) Chrome/129.0.0.0 Safari/537.36"
185.220.101.80 - - [29/Mar/2025:18:49:10 -0400] "GET / HTTP/1.1" 403 1242 "https://freelancingclients.com" "Mozilla/5.0 (Macintosh; Intel Mac OS X 10_15_7) AppleWebKit/537.36 (KHTML, like Gecko) Chrome/91.0.4472.114 Safari/537.36"
13.40.128.66 - - [29/Mar/2025:18:49:10 -0400] "GET /wp-includes/js/dist/dom-ready.min.js?ver=f77871ff7694fffea381 HTTP/1.1" 200 275 "https://freelancingclients.com/wp-login.php" "Mozilla/5.0 (Windows NT 10.0; Win64; x64) AppleWebKit/537.36 (KHTML, like Gecko) Chrome/129.0.0.0 Safari/537.36"
13.40.128.66 - - [29/Mar/2025:18:49:10 -0400] "GET /wp-includes/js/dist/a11y.min.js?ver=3156534cc54473497e14 HTTP/1.1" 200 827 "https://freelancingclients.com/wp-login.php" "Mozilla/5.0 (Windows NT 10.0; Win64; x64) AppleWebKit/537.36 (KHTML, like Gecko) Chrome/129.0.0.0 Safari/537.36"
13.40.128.66 - - [29/Mar/2025:18:49:10 -0400] "GET /wp-admin/js/user-profile.min.js?ver=6.7.1 HTTP/1.1" 200 2388 "https://freelancingclients.com/wp-login.php" "Mozilla/5.0 (Windows NT 10.0; Win64; x64) AppleWebKit/537.36 (KHTML, like Gecko) Chrome/129.0.0.0 Safari/537.36"
13.40.128.66 - - [29/Mar/2025:18:49:10 -0400] "GET /wp-admin/js/password-strength-meter.min.js?ver=6.7.1 HTTP/1.1" 200 558 "https://freelancingclients.com/wp-login.php" "Mozilla/5.0 (Windows NT 10.0; Win64; x64) AppleWebKit/537.36 (KHTML, like Gecko) Chrome/129.0.0.0 Safari/537.36"
13.40.128.66 - - [29/Mar/2025:18:49:10 -0400] "GET /wp-includes/js/dist/i18n.min.js?ver=5e580eb46a90c2b997e6 HTTP/1.1" 200 3542 "https://freelancingclients.com/wp-login.php" "Mozilla/5.0 (Windows NT 10.0; Win64; x64) AppleWebKit/537.36 (KHTML, like Gecko) Chrome/129.0.0.0 Safari/537.36"
13.40.128.66 - - [29/Mar/2025:18:49:10 -0400] "GET /wp-includes/js/underscore.min.js?ver=1.13.7 HTTP/1.1" 200 7197 "https://freelancingclients.com/wp-login.php" "Mozilla/5.0 (Windows NT 10.0; Win64; x64) AppleWebKit/537.36 (KHTML, like Gecko) Chrome/129.0.0.0 Safari/537.36"
13.40.128.66 - - [29/Mar/2025:18:49:10 -0400] "GET /wp-includes/js/wp-util.min.js?ver=6.7.1 HTTP/1.1" 200 690 "https://freelancingclients.com/wp-login.php" "Mozilla/5.0 (Windows NT 10.0; Win64; x64) AppleWebKit/537.36 (KHTML, like Gecko) Chrome/129.0.0.0 Safari/537.36"
13.40.128.66 - - [29/Mar/2025:18:49:10 -0400] "GET /wp-admin/load-scripts.php?c=1&load%5Bchunk_0%5D=clipboard,jquery-core,jquery-migrate,zxcvbn-async,wp-hooks&ver=6.7.1 HTTP/1.1" 200 39842 "https://freelancingclients.com/wp-login.php" "Mozilla/5.0 (Windows NT 10.0; Win64; x64) AppleWebKit/537.36 (KHTML, like Gecko) Chrome/129.0.0.0 Safari/537.36"
13.40.128.66 - - [29/Mar/2025:18:49:10 -0400] "GET /wp-admin/load-styles.php?c=1&dir=ltr&load%5Bchunk_0%5D=dashicons,buttons,forms,l10n,login&ver=6.7.1 HTTP/1.1" 200 45466 "https://freelancingclients.com/wp-login.php" "Mozilla/5.0 (Windows NT 10.0; Win64; x64) AppleWebKit/537.36 (KHTML, like Gecko) Chrome/129.0.0.0 Safari/537.36"
13.40.128.66 - - [29/Mar/2025:18:49:11 -0400] "GET /wp-admin/images/wordpress-logo.svg?ver=20131107 HTTP/1.1" 200 759 "https://freelancingclients.com/wp-admin/load-styles.php?c=1&dir=ltr&load%5Bchunk_0%5D=dashicons,buttons,forms,l10n,login&ver=6.7.1" "Mozilla/5.0 (Windows NT 10.0; Win64; x64) AppleWebKit/537.36 (KHTML, like Gecko) Chrome/129.0.0.0 Safari/537.36"
13.40.128.66 - - [29/Mar/2025:18:49:12 -0400] "GET /favicon.ico HTTP/1.1" 404 1251 "https://freelancingclients.com/wp-login.php" "Mozilla/5.0 (Windows NT 10.0; Win64; x64) AppleWebKit/537.36 (KHTML, like Gecko) Chrome/129.0.0.0 Safari/537.36"
13.40.128.66 - - [29/Mar/2025:18:49:12 -0400] "GET /wp-includes/js/zxcvbn.min.js HTTP/1.1" 200 389493 "https://freelancingclients.com/wp-login.php" "Mozilla/5.0 (Windows NT 10.0; Win64; x64) AppleWebKit/537.36 (KHTML, like Gecko) Chrome/129.0.0.0 Safari/537.36"
198.54.114.83 - - [29/Mar/2025:18:49:29 -0400] "POST /wp-cron.php?doing_wp_cron=1743288568.8069369792938232421875 HTTP/1.1" 200 0 "-" "WordPress/6.7.1; https://freelancingclients.com"
13.40.128.66 - - [29/Mar/2025:18:49:26 -0400] "POST /wp-login.php HTTP/1.1" 200 1841 "https://freelancingclients.com/wp-login.php" "Mozilla/5.0 (Windows NT 10.0; Win64; x64) AppleWebKit/537.36 (KHTML, like Gecko) Chrome/129.0.0.0 Safari/537.36"
198.54.114.83 - - [29/Mar/2025:18:49:29 -0400] "POST /wp-admin/admin-ajax.php?action=async_litespeed&nonce=wrKQbn0prPWbN2VC5czjvq9dPK9QDfIa&litespeed_type=imgoptm HTTP/1.1" 200 5 "-" "WordPress/6.7.1; https://freelancingclients.com"
114.119.144.127 - - [29/Mar/2025:18:54:57 -0400] "GET /fachkundige-rechtsberatung-in-hattingen/ HTTP/1.1" 404 1251 "https://freelancingclients.com/page/5/" "Mozilla/5.0 (Linux; Android 7.0;) AppleWebKit/537.36 (KHTML, like Gecko) Mobile Safari/537.36 (compatible; PetalBot;+https://webmaster.petalsearch.com/site/petalbot)"
114.119.155.170 - - [29/Mar/2025:18:56:25 -0400] "GET /page/79/ HTTP/1.1" 404 1251 "https://freelancingclients.com/page/78/" "Mozilla/5.0 (Linux; Android 7.0;) AppleWebKit/537.36 (KHTML, like Gecko) Mobile Safari/537.36 (compatible; PetalBot;+https://webmaster.petalsearch.com/site/petalbot)"
114.119.136.245 - - [29/Mar/2025:18:58:02 -0400] "GET /buy-youtube-views-cheaply/ HTTP/1.1" 404 1251 "https://freelancingclients.com/page/77/" "Mozilla/5.0 (Linux; Android 7.0;) AppleWebKit/537.36 (KHTML, like Gecko) Mobile Safari/537.36 (compatible; PetalBot;+https://webmaster.petalsearch.com/site/petalbot)"
114.119.131.163 - - [29/Mar/2025:18:59:10 -0400] "GET /be-your-own-herbal-expert-pt-5/ HTTP/1.1" 404 1251 "https://freelancingclients.com/be-your-own-herbal-expert-pt-5/" "Mozilla/5.0 (Linux; Android 7.0;) AppleWebKit/537.36 (KHTML, like Gecko) Mobile Safari/537.36 (compatible; PetalBot;+https://webmaster.petalsearch.com/site/petalbot)"
52.167.144.182 - - [29/Mar/2025:19:04:56 -0400] "GET /?s=8 HTTP/1.1" 403 1242 "-" "Mozilla/5.0 AppleWebKit/537.36 (KHTML, like Gecko; compatible; bingbot/2.0; +http://www.bing.com/bingbot.htm) Chrome/116.0.1938.76 Safari/537.36"
2a03:2880:f800:15:: - - [29/Mar/2025:19:08:32 -0400] "GET /seizing-the-moment-the-power-of-opportunity/ HTTP/1.1" 404 1251 "-" "meta-externalagent/1.1 (+https://developers.facebook.com/docs/sharing/webmasters/crawler)"
196.251.69.226 - - [29/Mar/2025:19:10:32 -0400] "POST /wp-content/plugins/about.php HTTP/1.1" 404 1251 "http://freelancingclients.com" "Mozilla/5.0 (Windows NT 10.0; Win64; x64) AppleWebKit/537.36 (KHTML, like Gecko) Chrome/91.0.4472.124 Safari/537.36"
196.251.69.226 - - [29/Mar/2025:19:10:32 -0400] "GET /wp-content/about.php HTTP/1.1" 404 1251 "http://freelancingclients.com" "Mozilla/5.0 (Windows NT 10.0; Win64; x64) AppleWebKit/537.36 (KHTML, like Gecko) Chrome/91.0.4472.124 Safari/537.36"
114.119.144.127 - - [29/Mar/2025:19:10:36 -0400] "GET /top-10-fertility-clinics-in-sharjah/ HTTP/1.1" 404 1251 "https://freelancingclients.com/page/122/" "Mozilla/5.0 (Linux; Android 7.0;) AppleWebKit/537.36 (KHTML, like Gecko) Mobile Safari/537.36 (compatible; PetalBot;+https://webmaster.petalsearch.com/site/petalbot)"
196.251.69.226 - - [29/Mar/2025:19:10:53 -0400] "POST /wp-content/plugins/about.php HTTP/1.1" 404 1251 "http://freelancingclients.com" "Mozilla/5.0 (Windows NT 10.0; Win64; x64) AppleWebKit/537.36 (KHTML, like Gecko) Chrome/91.0.4472.124 Safari/537.36"
196.251.69.226 - - [29/Mar/2025:19:10:54 -0400] "GET /wp-content/about.php HTTP/1.1" 404 1251 "http://freelancingclients.com" "Mozilla/5.0 (Windows NT 10.0; Win64; x64) AppleWebKit/537.36 (KHTML, like Gecko) Chrome/91.0.4472.124 Safari/537.36"
2a03:2880:f800:13:: - - [29/Mar/2025:19:10:55 -0400] "GET /car-dealerships/ HTTP/1.1" 404 1251 "-" "meta-externalagent/1.1 (+https://developers.facebook.com/docs/sharing/webmasters/crawler)"
196.251.69.226 - - [29/Mar/2025:19:10:55 -0400] "POST /wp-content/plugins/about.php HTTP/1.1" 404 1251 "http://freelancingclients.com" "Mozilla/5.0 (Windows NT 10.0; Win64; x64) AppleWebKit/537.36 (KHTML, like Gecko) Chrome/91.0.4472.124 Safari/537.36"
196.251.69.226 - - [29/Mar/2025:19:10:56 -0400] "GET /wp-content/about.php HTTP/1.1" 404 1251 "http://freelancingclients.com" "Mozilla/5.0 (Windows NT 10.0; Win64; x64) AppleWebKit/537.36 (KHTML, like Gecko) Chrome/91.0.4472.124 Safari/537.36"
196.251.69.226 - - [29/Mar/2025:19:10:58 -0400] "POST /wp.php HTTP/1.1" 404 1251 "http://freelancingclients.com" "Mozilla/5.0 (Windows NT 10.0; Win64; x64) AppleWebKit/537.36 (KHTML, like Gecko) Chrome/91.0.4472.124 Safari/537.36"
196.251.69.226 - - [29/Mar/2025:19:10:58 -0400] "GET /about.php HTTP/1.1" 404 1251 "http://freelancingclients.com" "Mozilla/5.0 (Windows NT 10.0; Win64; x64) AppleWebKit/537.36 (KHTML, like Gecko) Chrome/91.0.4472.124 Safari/537.36"
114.119.153.191 - - [29/Mar/2025:19:11:59 -0400] "GET /a-comprehensive-guide-to-removing-your-account/ HTTP/1.1" 404 1251 "https://freelancingclients.com/page/50/" "Mozilla/5.0 (Linux; Android 7.0;) AppleWebKit/537.36 (KHTML, like Gecko) Mobile Safari/537.36 (compatible; PetalBot;+https://webmaster.petalsearch.com/site/petalbot)"
17.241.227.20 - - [29/Mar/2025:19:13:53 -0400] "GET /moderne-hangeleuchte-ein-stil-statement-fur-ihr-zuhause/ HTTP/1.1" 404 1251 "-" "Mozilla/5.0 (Macintosh; Intel Mac OS X 10_15_7) AppleWebKit/605.1.15 (KHTML, like Gecko) Version/17.4 Safari/605.1.15 (Applebot/0.1; +http://www.apple.com/go/applebot)"
196.251.88.242 - - [29/Mar/2025:19:18:58 -0400] "GET /wp-content/plugins/WordPressCore/include.php HTTP/1.1" 404 1251 "-" "Mozlila/5.0 (Linux; Android 7.0; SM-G892A Bulid/NRD90M; wv) AppleWebKit/537.36 (KHTML, like Gecko) Version/4.0 Chrome/60.0.3112.107 Moblie Safari/537.36"
196.251.88.242 - - [29/Mar/2025:19:19:01 -0400] "GET /wp-content/plugins/WordPressCore/include.php HTTP/1.1" 404 1251 "-" "Mozlila/5.0 (Linux; Android 7.0; SM-G892A Bulid/NRD90M; wv) AppleWebKit/537.36 (KHTML, like Gecko) Version/4.0 Chrome/60.0.3112.107 Moblie Safari/537.36"
196.251.88.242 - - [29/Mar/2025:19:19:04 -0400] "GET /wp-includes/images/include.php HTTP/1.1" 404 1251 "-" "Mozlila/5.0 (Linux; Android 7.0; SM-G892A Bulid/NRD90M; wv) AppleWebKit/537.36 (KHTML, like Gecko) Version/4.0 Chrome/60.0.3112.107 Moblie Safari/537.36"
196.251.88.242 - - [29/Mar/2025:19:19:05 -0400] "GET /wp-includes/images/include.php HTTP/1.1" 404 1251 "-" "Mozlila/5.0 (Linux; Android 7.0; SM-G892A Bulid/NRD90M; wv) AppleWebKit/537.36 (KHTML, like Gecko) Version/4.0 Chrome/60.0.3112.107 Moblie Safari/537.36"
196.251.88.242 - - [29/Mar/2025:19:19:08 -0400] "GET /wp-content/themes/include.php HTTP/1.1" 404 1251 "-" "Mozlila/5.0 (Linux; Android 7.0; SM-G892A Bulid/NRD90M; wv) AppleWebKit/537.36 (KHTML, like Gecko) Version/4.0 Chrome/60.0.3112.107 Moblie Safari/537.36"
196.251.88.242 - - [29/Mar/2025:19:19:24 -0400] "GET /wp-content/themes/include.php HTTP/1.1" 404 1251 "-" "Mozlila/5.0 (Linux; Android 7.0; SM-G892A Bulid/NRD90M; wv) AppleWebKit/537.36 (KHTML, like Gecko) Version/4.0 Chrome/60.0.3112.107 Moblie Safari/537.36"
196.251.88.242 - - [29/Mar/2025:19:19:29 -0400] "GET /wp-includes/widgets/include.php HTTP/1.1" 404 1251 "-" "Mozlila/5.0 (Linux; Android 7.0; SM-G892A Bulid/NRD90M; wv) AppleWebKit/537.36 (KHTML, like Gecko) Version/4.0 Chrome/60.0.3112.107 Moblie Safari/537.36"
196.251.88.242 - - [29/Mar/2025:19:19:38 -0400] "GET /wp-includes/widgets/include.php HTTP/1.1" 404 1251 "-" "Mozlila/5.0 (Linux; Android 7.0; SM-G892A Bulid/NRD90M; wv) AppleWebKit/537.36 (KHTML, like Gecko) Version/4.0 Chrome/60.0.3112.107 Moblie Safari/537.36"
196.251.88.242 - - [29/Mar/2025:19:19:44 -0400] "GET /wp-content/plugins/include.php HTTP/1.1" 404 1251 "-" "Mozlila/5.0 (Linux; Android 7.0; SM-G892A Bulid/NRD90M; wv) AppleWebKit/537.36 (KHTML, like Gecko) Version/4.0 Chrome/60.0.3112.107 Moblie Safari/537.36"
196.251.88.242 - - [29/Mar/2025:19:19:48 -0400] "GET /wp-content/plugins/include.php HTTP/1.1" 404 1251 "-" "Mozlila/5.0 (Linux; Android 7.0; SM-G892A Bulid/NRD90M; wv) AppleWebKit/537.36 (KHTML, like Gecko) Version/4.0 Chrome/60.0.3112.107 Moblie Safari/537.36"
114.119.131.163 - - [29/Mar/2025:19:26:05 -0400] "GET /unveiling-the-secrets-of-melbournes-premier-hairdresser-for-curly-hair/ HTTP/1.1" 404 1251 "https://freelancingclients.com/unveiling-the-secrets-of-melbournes-premier-hairdresser-for-curly-hair/" "Mozilla/5.0 (Linux; Android 7.0;) AppleWebKit/537.36 (KHTML, like Gecko) Mobile Safari/537.36 (compatible; PetalBot;+https://webmaster.petalsearch.com/site/petalbot)"
114.119.144.127 - - [29/Mar/2025:19:27:29 -0400] "GET /your-guide-to-preventive-healthcare/ HTTP/1.1" 404 1251 "https://freelancingclients.com/page/69/" "Mozilla/5.0 (Linux; Android 7.0;) AppleWebKit/537.36 (KHTML, like Gecko) Mobile Safari/537.36 (compatible; PetalBot;+https://webmaster.petalsearch.com/site/petalbot)"
114.119.155.170 - - [29/Mar/2025:19:28:52 -0400] "GET /unveiling-the-precision-the-button-head-cap-screw/ HTTP/1.1" 404 1251 "https://freelancingclients.com/unveiling-the-precision-the-button-head-cap-screw/" "Mozilla/5.0 (Linux; Android 7.0;) AppleWebKit/537.36 (KHTML, like Gecko) Mobile Safari/537.36 (compatible; PetalBot;+https://webmaster.petalsearch.com/site/petalbot)"
114.119.155.170 - - [29/Mar/2025:19:30:19 -0400] "GET /the-portable-fire-fighting-pump/ HTTP/1.1" 404 1251 "https://freelancingclients.com/page/56/" "Mozilla/5.0 (Linux; Android 7.0;) AppleWebKit/537.36 (KHTML, like Gecko) Mobile Safari/537.36 (compatible; PetalBot;+https://webmaster.petalsearch.com/site/petalbot)"
5.61.54.19 - - [29/Mar/2025:19:30:25 -0400] "GET /wp-login.php HTTP/1.1" 200 1725 "-" "Mozilla/5.0 (Windows NT 10.0; Win64; x64) AppleWebKit/537.36 (KHTML, like Gecko) Chrome/115.0.0.0 Safari/537.36 Edg/115.0.1901.203"
198.54.114.83 - - [29/Mar/2025:19:30:29 -0400] "POST /wp-cron.php?doing_wp_cron=1743291029.6033189296722412109375 HTTP/1.1" 200 0 "-" "WordPress/6.7.1; https://freelancingclients.com"
5.61.54.19 - - [29/Mar/2025:19:30:26 -0400] "POST /wp-login.php HTTP/1.1" 200 1849 "https://freelancingclients.com/wp-login.php" "Mozilla/5.0 (Windows NT 10.0; Win64; x64) AppleWebKit/537.36 (KHTML, like Gecko) Chrome/115.0.0.0 Safari/537.36 Edg/115.0.1901.203"
198.54.114.83 - - [29/Mar/2025:19:30:30 -0400] "POST /wp-admin/admin-ajax.php?action=async_litespeed&nonce=0IjTjNDU65EzLk3v55FEuf2jvqQgZGSo&litespeed_type=imgoptm HTTP/1.1" 200 5 "-" "WordPress/6.7.1; https://freelancingclients.com"
114.119.163.52 - - [29/Mar/2025:19:31:43 -0400] "GET /la-poudre-de-maca-un-super-aliment-energetique-et-equilibrant/ HTTP/1.1" 404 1251 "https://freelancingclients.com/page/36/" "Mozilla/5.0 (Linux; Android 7.0;) AppleWebKit/537.36 (KHTML, like Gecko) Mobile Safari/537.36 (compatible; PetalBot;+https://webmaster.petalsearch.com/site/petalbot)"
195.47.238.87 - - [29/Mar/2025:19:31:58 -0400] "GET / HTTP/1.1" 403 1242 "https://freelancingclients.com" "Mozilla/5.0 (Windows NT 6.1; WOW64) AppleWebKit/537.36 (KHTML, like Gecko) Chrome/41.0.2272.76 Safari/537.36 OPR/28.0.1750.40"
47.82.35.101 - - [29/Mar/2025:19:33:02 -0400] "GET / HTTP/1.1" 403 1242 "https://www.google.com/" "Mozilla/5.0 (Windows NT 10.0; Win64; x64) AppleWebKit/537.36 (KHTML, like Gecko) Chrome/132.0.0.0 Safari/537.36"
114.119.163.52 - - [29/Mar/2025:19:33:03 -0400] "GET /fenbens-lab-fenbendazol/ HTTP/1.1" 404 1251 "https://freelancingclients.com/category/activity/page/116/" "Mozilla/5.0 (Linux; Android 7.0;) AppleWebKit/537.36 (KHTML, like Gecko) Mobile Safari/537.36 (compatible; PetalBot;+https://webmaster.petalsearch.com/site/petalbot)"
114.119.138.170 - - [29/Mar/2025:19:34:32 -0400] "GET /heathrow-airport-transfers/ HTTP/1.1" 404 1251 "https://freelancingclients.com/heathrow-airport-transfers/" "Mozilla/5.0 (Linux; Android 7.0;) AppleWebKit/537.36 (KHTML, like Gecko) Mobile Safari/537.36 (compatible; PetalBot;+https://webmaster.petalsearch.com/site/petalbot)"
2a02:598:96:8a00::1200:13b - - [29/Mar/2025:19:34:56 -0400] "GET /weight-loss-treatment/ HTTP/1.1" 404 1251 "-" "Mozilla/5.0 (compatible; SeznamBot/4.0; +https://o-seznam.cz/napoveda/vyhledavani/en/seznambot-crawler/)"
223.109.252.164 - - [29/Mar/2025:19:35:36 -0400] "GET / HTTP/1.1" 403 1242 "-" "Sogou web spider/4.0(+http://www.sogou.com/docs/help/webmasters.htm#07)"
114.119.131.163 - - [29/Mar/2025:19:35:48 -0400] "GET /stylo-bic-personnalise-un-essentiel-de-bureau/ HTTP/1.1" 404 1251 "https://freelancingclients.com/page/73/" "Mozilla/5.0 (Linux; Android 7.0;) AppleWebKit/537.36 (KHTML, like Gecko) Mobile Safari/537.36 (compatible; PetalBot;+https://webmaster.petalsearch.com/site/petalbot)"
17.241.75.173 - - [29/Mar/2025:19:37:04 -0400] "GET /steroids-thailand-the-dark-side-of-the-countrys-booming-trade/ HTTP/1.1" 404 1251 "-" "Mozilla/5.0 (Macintosh; Intel Mac OS X 10_15_7) AppleWebKit/605.1.15 (KHTML, like Gecko) Version/17.4 Safari/605.1.15 (Applebot/0.1; +http://www.apple.com/go/applebot)"
114.119.163.52 - - [29/Mar/2025:19:37:12 -0400] "GET /custom-slouch-socks/ HTTP/1.1" 404 1251 "https://freelancingclients.com/page/69/" "Mozilla/5.0 (Linux; Android 7.0;) AppleWebKit/537.36 (KHTML, like Gecko) Mobile Safari/537.36 (compatible; PetalBot;+https://webmaster.petalsearch.com/site/petalbot)"
114.119.163.52 - - [29/Mar/2025:19:38:36 -0400] "GET /category/activity/page/18/ HTTP/1.1" 404 1251 "https://freelancingclients.com/category/activity/page/18/" "Mozilla/5.0 (Linux; Android 7.0;) AppleWebKit/537.36 (KHTML, like Gecko) Mobile Safari/537.36 (compatible; PetalBot;+https://webmaster.petalsearch.com/site/petalbot)"
114.119.138.170 - - [29/Mar/2025:19:40:09 -0400] "GET /buy-eneba-gift-card/ HTTP/1.1" 404 1251 "https://freelancingclients.com/buy-eneba-gift-card/" "Mozilla/5.0 (Linux; Android 7.0;) AppleWebKit/537.36 (KHTML, like Gecko) Mobile Safari/537.36 (compatible; PetalBot;+https://webmaster.petalsearch.com/site/petalbot)"
85.208.98.19 - - [29/Mar/2025:20:08:24 -0400] "GET /choosing-the-right-iptv-subscription-for-your-needs/ HTTP/1.1" 404 1251 "-" "Mozilla/5.0 (compatible; SemrushBot-BA; +http://www.semrush.com/bot.html)"
157.245.129.229 - - [29/Mar/2025:20:26:55 -0400] "GET /?author=1 HTTP/1.1" 403 1242 "-" "ddg_android/5.169.0 (com.duckduckgo.mobile.android; Android API 33)"
18.221.150.61 - - [29/Mar/2025:20:27:52 -0400] "GET /robots.txt HTTP/1.1" 404 1251 "-" "Mozilla/5.0 AppleWebKit/537.36 (KHTML, like Gecko; compatible; ClaudeBot/1.0; +claudebot@anthropic.com)"
18.221.150.61 - - [29/Mar/2025:20:27:53 -0400] "GET /evolution-of-the-wine-bottle HTTP/1.1" 404 1251 "-" "Mozilla/5.0 AppleWebKit/537.36 (KHTML, like Gecko; compatible; ClaudeBot/1.0; +claudebot@anthropic.com)"
178.20.212.75 - - [29/Mar/2025:20:42:53 -0400] "GET /wp-login.php HTTP/1.1" 200 1725 "-" "Mozilla/5.0 (Windows NT 10.0; Win64; x64) AppleWebKit/537.36 (KHTML, like Gecko) Chrome/115.0.0.0 Safari/537.36 Edg/115.0.1901.203"
198.54.114.83 - - [29/Mar/2025:20:42:57 -0400] "POST /wp-cron.php?doing_wp_cron=1743295377.2552180290222167968750 HTTP/1.1" 200 0 "-" "WordPress/6.7.1; https://freelancingclients.com"
178.20.212.75 - - [29/Mar/2025:20:42:54 -0400] "POST /wp-login.php HTTP/1.1" 200 1849 "https://freelancingclients.com/wp-login.php" "Mozilla/5.0 (Windows NT 10.0; Win64; x64) AppleWebKit/537.36 (KHTML, like Gecko) Chrome/115.0.0.0 Safari/537.36 Edg/115.0.1901.203"
198.54.114.83 - - [29/Mar/2025:20:42:57 -0400] "POST /wp-admin/admin-ajax.php?action=async_litespeed&nonce=0j89hZ2DxYeRfkeDt8deqqCdrtevsYJG&litespeed_type=imgoptm HTTP/1.1" 200 5 "-" "WordPress/6.7.1; https://freelancingclients.com"
193.56.20.122 - - [29/Mar/2025:20:47:43 -0400] "GET /wp-login.php HTTP/1.1" 200 1725 "-" "Mozilla/5.0 (Windows NT 10.0; Win64; x64) AppleWebKit/537.36 (KHTML, like Gecko) Chrome/115.0.0.0 Safari/537.36 Edg/115.0.1901.203"
198.54.114.83 - - [29/Mar/2025:20:47:47 -0400] "POST /wp-cron.php?doing_wp_cron=1743295667.7698299884796142578125 HTTP/1.1" 200 0 "-" "WordPress/6.7.1; https://freelancingclients.com"
193.56.20.122 - - [29/Mar/2025:20:47:44 -0400] "POST /wp-login.php HTTP/1.1" 200 1849 "https://freelancingclients.com/wp-login.php" "Mozilla/5.0 (Windows NT 10.0; Win64; x64) AppleWebKit/537.36 (KHTML, like Gecko) Chrome/115.0.0.0 Safari/537.36 Edg/115.0.1901.203"
198.54.114.83 - - [29/Mar/2025:20:47:48 -0400] "POST /wp-admin/admin-ajax.php?action=async_litespeed&nonce=C1phaObXsaSGcem5HfjzSBptcl6z2lSd&litespeed_type=imgoptm HTTP/1.1" 200 5 "-" "WordPress/6.7.1; https://freelancingclients.com"
91.84.113.162 - - [29/Mar/2025:20:48:26 -0400] "GET /osteopathy/ HTTP/1.1" 404 1251 "https://freelancingclients.com/osteopathy/" "Mozilla/5.0 (Windows NT 10.0; Win64; x64) AppleWebKit/537.36 (KHTML, like Gecko) Chrome/103.0.5060.66 Safari/537.36"
91.84.113.162 - - [29/Mar/2025:20:48:27 -0400] "GET / HTTP/1.1" 403 1242 "https://freelancingclients.com/" "Mozilla/5.0 (Windows NT 10.0; Win64; x64) AppleWebKit/537.36 (KHTML, like Gecko) Chrome/103.0.5060.66 Safari/537.36"
91.84.113.162 - - [29/Mar/2025:20:48:27 -0400] "GET / HTTP/1.1" 403 1242 "https://freelancingclients.com/" "Mozilla/5.0 (Windows NT 10.0; Win64; x64) AppleWebKit/537.36 (KHTML, like Gecko) Chrome/103.0.5060.66 Safari/537.36"
114.119.153.191 - - [29/Mar/2025:20:54:11 -0400] "GET /a-gleaming-symbol-of-love-how-to-clean-your-engagement-ring/ HTTP/1.1" 404 1251 "https://freelancingclients.com/a-gleaming-symbol-of-love-how-to-clean-your-engagement-ring/" "Mozilla/5.0 (Linux; Android 7.0;) AppleWebKit/537.36 (KHTML, like Gecko) Mobile Safari/537.36 (compatible; PetalBot;+https://webmaster.petalsearch.com/site/petalbot)"
212.34.135.220 - - [29/Mar/2025:21:07:12 -0400] "GET /discovering-homes-for-sale-in-sonoma-ca/ HTTP/1.1" 404 1251 "https://freelancingclients.com/discovering-homes-for-sale-in-sonoma-ca/#comment-613" "Mozilla/5.0 (Windows NT 10.0; Win64; x64) AppleWebKit/537.36 (KHTML, like Gecko) Chrome/130.0.0.0 Safari/537.36 CCleaner/130.0.0.0"
212.34.135.220 - - [29/Mar/2025:21:07:13 -0400] "GET / HTTP/1.1" 403 1242 "https://freelancingclients.com/" "Mozilla/5.0 (Windows NT 10.0; Win64; x64) AppleWebKit/537.36 (KHTML, like Gecko) Chrome/130.0.0.0 Safari/537.36 CCleaner/130.0.0.0"
212.34.135.220 - - [29/Mar/2025:21:07:13 -0400] "GET / HTTP/1.1" 403 1242 "https://freelancingclients.com/" "Mozilla/5.0 (Windows NT 10.0; Win64; x64) AppleWebKit/537.36 (KHTML, like Gecko) Chrome/130.0.0.0 Safari/537.36 CCleaner/130.0.0.0"
114.119.163.52 - - [29/Mar/2025:21:11:05 -0400] "GET /what-does-no-location-found-mean-on-find-my-iphone/ HTTP/1.1" 404 1251 "https://freelancingclients.com/page/155/" "Mozilla/5.0 (Linux; Android 7.0;) AppleWebKit/537.36 (KHTML, like Gecko) Mobile Safari/537.36 (compatible; PetalBot;+https://webmaster.petalsearch.com/site/petalbot)"
114.119.136.245 - - [29/Mar/2025:21:12:28 -0400] "GET /top-5-1st-anniversary-gifts/ HTTP/1.1" 404 1251 "https://freelancingclients.com/top-5-1st-anniversary-gifts/" "Mozilla/5.0 (Linux; Android 7.0;) AppleWebKit/537.36 (KHTML, like Gecko) Mobile Safari/537.36 (compatible; PetalBot;+https://webmaster.petalsearch.com/site/petalbot)"
2001:4ca0:108:42::24 - - [29/Mar/2025:21:12:43 -0400] "GET /robots.txt HTTP/1.1" 404 1251 "-" "Mozilla/5.0 (Windows NT 10.0; Win64; x64) AppleWebKit/537.36 (KHTML, like Gecko) Chrome/103.0.5060.134 Safari/537.36"
185.220.101.36 - - [29/Mar/2025:21:13:46 -0400] "GET / HTTP/1.1" 403 1242 "https://freelancingclients.com" "Mozilla/5.0 (Windows NT 6.1; Win64; x64) AppleWebKit/537.36 (KHTML, like Gecko) Chrome/48.0.2564.109 Safari/537.36"
114.119.136.245 - - [29/Mar/2025:21:13:51 -0400] "GET /what-does-a-refurbished-iphone-mean/ HTTP/1.1" 404 1251 "https://freelancingclients.com/category/activity/page/156/" "Mozilla/5.0 (Linux; Android 7.0;) AppleWebKit/537.36 (KHTML, like Gecko) Mobile Safari/537.36 (compatible; PetalBot;+https://webmaster.petalsearch.com/site/petalbot)"
185.191.171.11 - - [29/Mar/2025:21:14:58 -0400] "GET /robots.txt HTTP/1.1" 404 1251 "-" "Mozilla/5.0 (compatible; SemrushBot/7~bl; +http://www.semrush.com/bot.html)"
185.191.171.19 - - [29/Mar/2025:21:14:58 -0400] "GET /page/76/ HTTP/1.1" 404 1251 "-" "Mozilla/5.0 (compatible; SemrushBot/7~bl; +http://www.semrush.com/bot.html)"
114.119.144.127 - - [29/Mar/2025:21:15:15 -0400] "GET /unveiling-ceti-crypto-the-new-frontier-in-digital-currency/ HTTP/1.1" 404 1251 "https://freelancingclients.com/category/activity/page/10/" "Mozilla/5.0 (Linux; Android 7.0;) AppleWebKit/537.36 (KHTML, like Gecko) Mobile Safari/537.36 (compatible; PetalBot;+https://webmaster.petalsearch.com/site/petalbot)"
3.220.181.139 - - [29/Mar/2025:21:16:31 -0400] "GET /.well-known/apple-app-site-association HTTP/1.1" 404 1251 "-" "AASA-Bot/1.0.0"
3.220.181.139 - - [29/Mar/2025:21:16:31 -0400] "GET /apple-app-site-association HTTP/1.1" 404 1251 "-" "AASA-Bot/1.0.0"
114.119.155.170 - - [29/Mar/2025:21:16:42 -0400] "GET /thermal-shock-in-industrial-ceramics/ HTTP/1.1" 404 1251 "https://freelancingclients.com/" "Mozilla/5.0 (Linux; Android 7.0;) AppleWebKit/537.36 (KHTML, like Gecko) Mobile Safari/537.36 (compatible; PetalBot;+https://webmaster.petalsearch.com/site/petalbot)"
114.119.136.245 - - [29/Mar/2025:21:18:02 -0400] "GET /the-ultimate-convenience-instant-hot-and-cold-water-dispensers/ HTTP/1.1" 404 1251 "https://freelancingclients.com/category/activity/page/6/" "Mozilla/5.0 (Linux; Android 7.0;) AppleWebKit/537.36 (KHTML, like Gecko) Mobile Safari/537.36 (compatible; PetalBot;+https://webmaster.petalsearch.com/site/petalbot)"
114.119.131.163 - - [29/Mar/2025:21:19:25 -0400] "GET /the-evolutions-of-online-casinos/ HTTP/1.1" 404 1251 "https://freelancingclients.com/page/14/" "Mozilla/5.0 (Linux; Android 7.0;) AppleWebKit/537.36 (KHTML, like Gecko) Mobile Safari/537.36 (compatible; PetalBot;+https://webmaster.petalsearch.com/site/petalbot)"
114.119.153.191 - - [29/Mar/2025:21:20:48 -0400] "GET /the-growing-popularity-of-internet-sports-gambling/ HTTP/1.1" 404 1251 "https://freelancingclients.com/page/135/" "Mozilla/5.0 (Linux; Android 7.0;) AppleWebKit/537.36 (KHTML, like Gecko) Mobile Safari/537.36 (compatible; PetalBot;+https://webmaster.petalsearch.com/site/petalbot)"
114.119.153.50 - - [29/Mar/2025:21:22:12 -0400] "GET /the-portable-fire-fighting-pump/ HTTP/1.1" 404 1251 "https://freelancingclients.com/page/56/" "Mozilla/5.0 (Linux; Android 7.0;) AppleWebKit/537.36 (KHTML, like Gecko) Mobile Safari/537.36 (compatible; PetalBot;+https://webmaster.petalsearch.com/site/petalbot)"
2a02:598:128:8a00::b00:2 - - [29/Mar/2025:21:23:06 -0400] "GET /the-power-of-qr-business-cards/ HTTP/1.1" 404 1251 "-" "Mozilla/5.0 (compatible; SeznamBot/4.0; +https://o-seznam.cz/napoveda/vyhledavani/en/seznambot-crawler/)"
114.119.153.50 - - [29/Mar/2025:21:23:36 -0400] "GET /the-essential-role-of-hvac-services/ HTTP/1.1" 404 1251 "https://freelancingclients.com/the-essential-role-of-hvac-services/" "Mozilla/5.0 (Linux; Android 7.0;) AppleWebKit/537.36 (KHTML, like Gecko) Mobile Safari/537.36 (compatible; PetalBot;+https://webmaster.petalsearch.com/site/petalbot)"
134.209.144.185 - - [29/Mar/2025:21:24:16 -0400] "GET /wp-login.php HTTP/1.1" 200 1725 "-" "Mozila/5.0"
134.209.144.185 - - [29/Mar/2025:21:24:16 -0400] "GET /wp-login.php HTTP/1.1" 200 1725 "-" "Mozila/5.0"
134.209.144.185 - - [29/Mar/2025:21:24:16 -0400] "POST /wp-login.php HTTP/1.1" 200 1849 "-" "Mozila/5.0"
198.54.114.83 - - [29/Mar/2025:21:24:19 -0400] "POST /wp-cron.php?doing_wp_cron=1743297859.5704810619354248046875 HTTP/1.1" 200 0 "-" "WordPress/6.7.1; https://freelancingclients.com"
134.209.144.185 - - [29/Mar/2025:21:24:16 -0400] "POST /wp-login.php HTTP/1.1" 200 1849 "-" "Mozila/5.0"
134.209.144.185 - - [29/Mar/2025:21:24:20 -0400] "GET /wp-admin/ HTTP/1.1" 302 0 "-" "Mozila/5.0"
134.209.144.185 - - [29/Mar/2025:21:24:20 -0400] "GET /wp-admin/ HTTP/1.1" 302 0 "-" "Mozila/5.0"
198.54.114.83 - - [29/Mar/2025:21:24:20 -0400] "POST /wp-admin/admin-ajax.php?action=async_litespeed&nonce=WilzHr64BnsC6ZjoxN5MQwQycjJUZRbk&litespeed_type=imgoptm HTTP/1.1" 200 5 "-" "WordPress/6.7.1; https://freelancingclients.com"
134.209.144.185 - - [29/Mar/2025:21:24:20 -0400] "GET /wp-login.php?redirect_to=https%3A%2F%2Ffreelancingclients.com%2Fwp-admin%2F&reauth=1 HTTP/1.1" 200 1725 "-" "Mozila/5.0"
134.209.144.185 - - [29/Mar/2025:21:24:20 -0400] "GET /wp-login.php?redirect_to=https%3A%2F%2Ffreelancingclients.com%2Fwp-admin%2F&reauth=1 HTTP/1.1" 200 1725 "-" "Mozila/5.0"
114.119.131.163 - - [29/Mar/2025:21:25:02 -0400] "GET /the-casino-solution-sale/ HTTP/1.1" 404 1251 "https://freelancingclients.com/category/activity/page/44/" "Mozilla/5.0 (Linux; Android 7.0;) AppleWebKit/537.36 (KHTML, like Gecko) Mobile Safari/537.36 (compatible; PetalBot;+https://webmaster.petalsearch.com/site/petalbot)"
114.119.131.163 - - [29/Mar/2025:21:26:24 -0400] "GET /the-best-2-player-games-unblocked/ HTTP/1.1" 404 1251 "https://freelancingclients.com/category/activity/page/9/" "Mozilla/5.0 (Linux; Android 7.0;) AppleWebKit/537.36 (KHTML, like Gecko) Mobile Safari/537.36 (compatible; PetalBot;+https://webmaster.petalsearch.com/site/petalbot)"
114.119.131.163 - - [29/Mar/2025:21:27:47 -0400] "GET /the-benefits-of-disaster-recovery-services/ HTTP/1.1" 404 1251 "https://freelancingclients.com/the-benefits-of-disaster-recovery-services/" "Mozilla/5.0 (Linux; Android 7.0;) AppleWebKit/537.36 (KHTML, like Gecko) Mobile Safari/537.36 (compatible; PetalBot;+https://webmaster.petalsearch.com/site/petalbot)"
114.119.155.170 - - [29/Mar/2025:21:29:09 -0400] "GET /the-allure-of-lake-garda/ HTTP/1.1" 404 1251 "https://freelancingclients.com/the-allure-of-lake-garda/" "Mozilla/5.0 (Linux; Android 7.0;) AppleWebKit/537.36 (KHTML, like Gecko) Mobile Safari/537.36 (compatible; PetalBot;+https://webmaster.petalsearch.com/site/petalbot)"
114.119.155.170 - - [29/Mar/2025:21:30:33 -0400] "GET /so-reinigen-sie-angelaufenen-silberschmuck/ HTTP/1.1" 404 1251 "https://freelancingclients.com/page/100/" "Mozilla/5.0 (Linux; Android 7.0;) AppleWebKit/537.36 (KHTML, like Gecko) Mobile Safari/537.36 (compatible; PetalBot;+https://webmaster.petalsearch.com/site/petalbot)"
156.231.85.17 - - [29/Mar/2025:21:31:44 -0400] "GET /is-online-slot-rigged/ HTTP/1.1" 404 1251 "-" "Mozilla/5.0 (Macintosh; Intel Mac OS X 10_15_7) AppleWebKit/537.36 (KHTML, like Gecko) Chrome/125.0.0.0 Safari/537.36"
114.119.155.170 - - [29/Mar/2025:21:31:57 -0400] "GET /send-flowers-to-home/ HTTP/1.1" 404 1251 "https://freelancingclients.com/page/121/" "Mozilla/5.0 (Linux; Android 7.0;) AppleWebKit/537.36 (KHTML, like Gecko) Mobile Safari/537.36 (compatible; PetalBot;+https://webmaster.petalsearch.com/site/petalbot)"
114.119.131.163 - - [29/Mar/2025:21:33:21 -0400] "GET /the-ultimate-staking-dashboard-for-anyone-protocol/ HTTP/1.1" 404 1251 "https://freelancingclients.com/category/activity/page/18/" "Mozilla/5.0 (Linux; Android 7.0;) AppleWebKit/537.36 (KHTML, like Gecko) Mobile Safari/537.36 (compatible; PetalBot;+https://webmaster.petalsearch.com/site/petalbot)"
114.119.155.170 - - [29/Mar/2025:21:34:44 -0400] "GET /revolutionizing-refrigerant-recovery-the-top-refrigerant-recovery-machine/ HTTP/1.1" 404 1251 "https://freelancingclients.com/page/70/" "Mozilla/5.0 (Linux; Android 7.0;) AppleWebKit/537.36 (KHTML, like Gecko) Mobile Safari/537.36 (compatible; PetalBot;+https://webmaster.petalsearch.com/site/petalbot)"
47.79.59.221 - - [29/Mar/2025:21:35:11 -0400] "GET / HTTP/1.1" 403 1242 "https://www.google.com/" "Mozilla/5.0 (Linux; Android 10; K) AppleWebKit/537.36 (KHTML, like Gecko) Chrome/132.0.0.0 Mobile Safari/537.36"
196.251.69.226 - - [29/Mar/2025:21:36:06 -0400] "POST /wp-content/plugins/about.php HTTP/1.1" 404 1251 "http://freelancingclients.com" "Mozilla/5.0 (Windows NT 10.0; Win64; x64) AppleWebKit/537.36 (KHTML, like Gecko) Chrome/91.0.4472.124 Safari/537.36"
114.119.144.127 - - [29/Mar/2025:21:36:06 -0400] "GET /page/83/ HTTP/1.1" 404 1251 "https://freelancingclients.com/page/83/" "Mozilla/5.0 (Linux; Android 7.0;) AppleWebKit/537.36 (KHTML, like Gecko) Mobile Safari/537.36 (compatible; PetalBot;+https://webmaster.petalsearch.com/site/petalbot)"
196.251.69.226 - - [29/Mar/2025:21:36:06 -0400] "GET /wp-content/about.php HTTP/1.1" 404 1251 "http://freelancingclients.com" "Mozilla/5.0 (Windows NT 10.0; Win64; x64) AppleWebKit/537.36 (KHTML, like Gecko) Chrome/91.0.4472.124 Safari/537.36"
196.251.69.226 - - [29/Mar/2025:21:36:08 -0400] "POST /wp-content/plugins/about.php HTTP/1.1" 404 1251 "http://freelancingclients.com" "Mozilla/5.0 (Windows NT 10.0; Win64; x64) AppleWebKit/537.36 (KHTML, like Gecko) Chrome/91.0.4472.124 Safari/537.36"
196.251.69.226 - - [29/Mar/2025:21:36:08 -0400] "GET /wp-content/about.php HTTP/1.1" 404 1251 "http://freelancingclients.com" "Mozilla/5.0 (Windows NT 10.0; Win64; x64) AppleWebKit/537.36 (KHTML, like Gecko) Chrome/91.0.4472.124 Safari/537.36"
196.251.69.226 - - [29/Mar/2025:21:36:09 -0400] "POST /wp-content/plugins/about.php HTTP/1.1" 404 1251 "http://freelancingclients.com" "Mozilla/5.0 (Windows NT 10.0; Win64; x64) AppleWebKit/537.36 (KHTML, like Gecko) Chrome/91.0.4472.124 Safari/537.36"
223.109.252.172 - - [29/Mar/2025:21:36:10 -0400] "GET / HTTP/1.1" 403 1242 "-" "Sogou web spider/4.0(+http://www.sogou.com/docs/help/webmasters.htm#07)"
196.251.69.226 - - [29/Mar/2025:21:36:10 -0400] "GET /wp-content/about.php HTTP/1.1" 404 1251 "http://freelancingclients.com" "Mozilla/5.0 (Windows NT 10.0; Win64; x64) AppleWebKit/537.36 (KHTML, like Gecko) Chrome/91.0.4472.124 Safari/537.36"
196.251.69.226 - - [29/Mar/2025:21:36:11 -0400] "POST /wp.php HTTP/1.1" 404 1251 "http://freelancingclients.com" "Mozilla/5.0 (Windows NT 10.0; Win64; x64) AppleWebKit/537.36 (KHTML, like Gecko) Chrome/91.0.4472.124 Safari/537.36"
196.251.69.226 - - [29/Mar/2025:21:36:11 -0400] "GET /about.php HTTP/1.1" 404 1251 "http://freelancingclients.com" "Mozilla/5.0 (Windows NT 10.0; Win64; x64) AppleWebKit/537.36 (KHTML, like Gecko) Chrome/91.0.4472.124 Safari/537.36"
114.119.153.50 - - [29/Mar/2025:21:37:30 -0400] "GET /page/58/ HTTP/1.1" 404 1251 "https://freelancingclients.com/page/57/" "Mozilla/5.0 (Linux; Android 7.0;) AppleWebKit/537.36 (KHTML, like Gecko) Mobile Safari/537.36 (compatible; PetalBot;+https://webmaster.petalsearch.com/site/petalbot)"
114.119.153.191 - - [29/Mar/2025:21:38:53 -0400] "GET /page/49/ HTTP/1.1" 404 1251 "https://freelancingclients.com/page/50/" "Mozilla/5.0 (Linux; Android 7.0;) AppleWebKit/537.36 (KHTML, like Gecko) Mobile Safari/537.36 (compatible; PetalBot;+https://webmaster.petalsearch.com/site/petalbot)"
114.119.163.52 - - [29/Mar/2025:21:40:16 -0400] "GET /page/36/ HTTP/1.1" 404 1251 "https://freelancingclients.com/page/35/" "Mozilla/5.0 (Linux; Android 7.0;) AppleWebKit/537.36 (KHTML, like Gecko) Mobile Safari/537.36 (compatible; PetalBot;+https://webmaster.petalsearch.com/site/petalbot)"
114.119.144.127 - - [29/Mar/2025:21:41:39 -0400] "GET /page/31/ HTTP/1.1" 404 1251 "https://freelancingclients.com/page/31/" "Mozilla/5.0 (Linux; Android 7.0;) AppleWebKit/537.36 (KHTML, like Gecko) Mobile Safari/537.36 (compatible; PetalBot;+https://webmaster.petalsearch.com/site/petalbot)"
114.119.138.170 - - [29/Mar/2025:21:43:05 -0400] "GET /page/152/ HTTP/1.1" 404 1251 "https://freelancingclients.com/page/152/" "Mozilla/5.0 (Linux; Android 7.0;) AppleWebKit/537.36 (KHTML, like Gecko) Mobile Safari/537.36 (compatible; PetalBot;+https://webmaster.petalsearch.com/site/petalbot)"
114.119.131.163 - - [29/Mar/2025:21:44:27 -0400] "GET /page/147/ HTTP/1.1" 404 1251 "https://freelancingclients.com/page/146/" "Mozilla/5.0 (Linux; Android 7.0;) AppleWebKit/537.36 (KHTML, like Gecko) Mobile Safari/537.36 (compatible; PetalBot;+https://webmaster.petalsearch.com/site/petalbot)"
114.119.153.191 - - [29/Mar/2025:21:45:50 -0400] "GET /page/129/ HTTP/1.1" 404 1251 "https://freelancingclients.com/page/129/" "Mozilla/5.0 (Linux; Android 7.0;) AppleWebKit/537.36 (KHTML, like Gecko) Mobile Safari/537.36 (compatible; PetalBot;+https://webmaster.petalsearch.com/site/petalbot)"
114.119.163.52 - - [29/Mar/2025:21:47:13 -0400] "GET /page/127/ HTTP/1.1" 404 1251 "https://freelancingclients.com/page/127/" "Mozilla/5.0 (Linux; Android 7.0;) AppleWebKit/537.36 (KHTML, like Gecko) Mobile Safari/537.36 (compatible; PetalBot;+https://webmaster.petalsearch.com/site/petalbot)"
2a03:2880:3ff:72:: - - [29/Mar/2025:21:48:18 -0400] "GET /hosted/images/5c/4451aa9c8a43f9a967190ce8c96fe3/FreelanceUniversityLogo.png HTTP/1.1" 404 1251 "-" "facebookexternalhit/1.1 (+http://www.facebook.com/externalhit_uatext.php)"
114.119.153.50 - - [29/Mar/2025:21:48:44 -0400] "GET /page/12/ HTTP/1.1" 404 1251 "https://freelancingclients.com/page/12/" "Mozilla/5.0 (Linux; Android 7.0;) AppleWebKit/537.36 (KHTML, like Gecko) Mobile Safari/537.36 (compatible; PetalBot;+https://webmaster.petalsearch.com/site/petalbot)"
114.119.136.245 - - [29/Mar/2025:21:50:02 -0400] "GET /page/11/ HTTP/1.1" 404 1251 "https://freelancingclients.com/page/12/" "Mozilla/5.0 (Linux; Android 7.0;) AppleWebKit/537.36 (KHTML, like Gecko) Mobile Safari/537.36 (compatible; PetalBot;+https://webmaster.petalsearch.com/site/petalbot)"
114.119.155.170 - - [29/Mar/2025:21:51:25 -0400] "GET /newborn-photo-editing-services/ HTTP/1.1" 404 1251 "https://freelancingclients.com/page/113/" "Mozilla/5.0 (Linux; Android 7.0;) AppleWebKit/537.36 (KHTML, like Gecko) Mobile Safari/537.36 (compatible; PetalBot;+https://webmaster.petalsearch.com/site/petalbot)"
52.167.144.230 - - [29/Mar/2025:21:52:44 -0400] "GET /navigating-the-current-ai-gpu-market-pricing-and-availability/feed/ HTTP/1.1" 404 1251 "-" "Mozilla/5.0 AppleWebKit/537.36 (KHTML, like Gecko; compatible; bingbot/2.0; +http://www.bing.com/bingbot.htm) Chrome/116.0.1938.76 Safari/537.36"
114.119.138.170 - - [29/Mar/2025:21:52:50 -0400] "GET /navigating-the-current-ai-gpu-market-pricing-and-availability/ HTTP/1.1" 404 1251 "https://freelancingclients.com/navigating-the-current-ai-gpu-market-pricing-and-availability/" "Mozilla/5.0 (Linux; Android 7.0;) AppleWebKit/537.36 (KHTML, like Gecko) Mobile Safari/537.36 (compatible; PetalBot;+https://webmaster.petalsearch.com/site/petalbot)"
185.191.171.8 - - [29/Mar/2025:21:53:38 -0400] "GET /the-modern-cabinet-manufacturer/ HTTP/1.1" 404 1251 "-" "Mozilla/5.0 (compatible; SemrushBot/7~bl; +http://www.semrush.com/bot.html)"
114.119.131.163 - - [29/Mar/2025:21:54:15 -0400] "GET /navigating-employment-law-free-advice-for-your-workplace-concerns/ HTTP/1.1" 404 1251 "https://freelancingclients.com/navigating-employment-law-free-advice-for-your-workplace-concerns/" "Mozilla/5.0 (Linux; Android 7.0;) AppleWebKit/537.36 (KHTML, like Gecko) Mobile Safari/537.36 (compatible; PetalBot;+https://webmaster.petalsearch.com/site/petalbot)"
103.15.91.98 - - [29/Mar/2025:21:54:23 -0400] "GET /wp-login.php HTTP/1.1" 200 1725 "-" "Mozilla/5.0 (Windows NT 10.0; Win64; x64) AppleWebKit/537.36 (KHTML, like Gecko) Chrome/87.0.4280.141 Safari/537.36"
198.54.114.83 - - [29/Mar/2025:21:54:23 -0400] "POST /wp-admin/admin-ajax.php?action=async_litespeed&nonce=V4gq8i9JVwJezzK68uM0V4TkIGsWaH52&litespeed_type=imgoptm HTTP/1.1" 200 5 "-" "WordPress/6.7.1; https://freelancingclients.com"
103.15.91.98 - - [29/Mar/2025:21:54:24 -0400] "GET /wp-login.php HTTP/1.1" 200 1725 "-" "Mozilla/5.0 (Windows NT 10.0; Win64; x64) AppleWebKit/537.36 (KHTML, like Gecko) Chrome/87.0.4280.141 Safari/537.36"
114.119.144.127 - - [29/Mar/2025:21:55:37 -0400] "GET /michael-kors-sales-bags-3/ HTTP/1.1" 404 1251 "https://freelancingclients.com/cosplay-totally-spies/" "Mozilla/5.0 (Linux; Android 7.0;) AppleWebKit/537.36 (KHTML, like Gecko) Mobile Safari/537.36 (compatible; PetalBot;+https://webmaster.petalsearch.com/site/petalbot)"
114.119.153.191 - - [29/Mar/2025:21:56:59 -0400] "GET /lelegance-fonctionnelle-reinventer-lamenagement-de-bureau/ HTTP/1.1" 404 1251 "https://freelancingclients.com/lelegance-fonctionnelle-reinventer-lamenagement-de-bureau/" "Mozilla/5.0 (Linux; Android 7.0;) AppleWebKit/537.36 (KHTML, like Gecko) Mobile Safari/537.36 (compatible; PetalBot;+https://webmaster.petalsearch.com/site/petalbot)"
198.54.114.83 - - [29/Mar/2025:21:57:02 -0400] "POST /wp-admin/admin-ajax.php?action=async_litespeed&nonce=2xSt4CPuwTGuIPBy1XFYugczvw61a97z&litespeed_type=imgoptm HTTP/1.1" 200 5 "-" "WordPress/6.7.1; https://freelancingclients.com"
13.79.37.51 - - [29/Mar/2025:21:57:03 -0400] "GET /wp-admin/about.php HTTP/1.1" 302 0 "-" "-"
13.79.37.51 - - [29/Mar/2025:21:57:03 -0400] "GET /wp-login.php?redirect_to=https%3A%2F%2Ffreelancingclients.com%2Fwp-admin%2Fabout.php&reauth=1 HTTP/1.1" 200 1728 "-" "-"
13.79.37.51 - - [29/Mar/2025:21:57:04 -0400] "GET /wp-admin/index.php HTTP/1.1" 302 0 "-" "-"
