51.222.253.14 - - [31/Mar/2025:09:43:38 -0400] "GET /michael-kors-handbags-perfect-for-style-conscious-women/ HTTP/1.1" 404 1251 "-" "Mozilla/5.0 (compatible; AhrefsBot/7.0; +http://ahrefs.com/robot/)"
51.222.253.6 - - [31/Mar/2025:09:44:15 -0400] "GET /the-power-of-qr-business-cards/ HTTP/1.1" 404 1251 "-" "Mozilla/5.0 (compatible; AhrefsBot/7.0; +http://ahrefs.com/robot/)"
51.222.253.9 - - [31/Mar/2025:09:44:51 -0400] "GET /the-benefits-of-disaster-recovery-services/ HTTP/1.1" 404 1251 "-" "Mozilla/5.0 (compatible; AhrefsBot/7.0; +http://ahrefs.com/robot/)"
51.222.253.12 - - [31/Mar/2025:09:45:30 -0400] "GET /limpact-visuel-des-autocollants-publicitaires/ HTTP/1.1" 404 1251 "-" "Mozilla/5.0 (compatible; AhrefsBot/7.0; +http://ahrefs.com/robot/)"
51.222.253.14 - - [31/Mar/2025:09:46:06 -0400] "GET /the-best-shooting-range-budapest-has-to-offer/ HTTP/1.1" 404 1251 "-" "Mozilla/5.0 (compatible; AhrefsBot/7.0; +http://ahrefs.com/robot/)"
51.222.253.11 - - [31/Mar/2025:09:46:44 -0400] "GET /handwerkskunst-und-design/ HTTP/1.1" 404 1251 "-" "Mozilla/5.0 (compatible; AhrefsBot/7.0; +http://ahrefs.com/robot/)"
51.222.253.20 - - [31/Mar/2025:09:47:21 -0400] "GET /ein-leuchtfeuer-fur-stil-und-funktionalitat/ HTTP/1.1" 404 1251 "-" "Mozilla/5.0 (compatible; AhrefsBot/7.0; +http://ahrefs.com/robot/)"
51.222.253.11 - - [31/Mar/2025:09:48:05 -0400] "GET /neutrals-are-in-for-kalencom-diaper-bags/ HTTP/1.1" 404 1251 "-" "Mozilla/5.0 (compatible; AhrefsBot/7.0; +http://ahrefs.com/robot/)"
51.222.253.4 - - [31/Mar/2025:09:48:48 -0400] "GET /innovation-in-home-expansion/ HTTP/1.1" 404 1251 "-" "Mozilla/5.0 (compatible; AhrefsBot/7.0; +http://ahrefs.com/robot/)"
51.222.253.15 - - [31/Mar/2025:09:49:22 -0400] "GET /why-choose-bamboo-socks/ HTTP/1.1" 404 1251 "-" "Mozilla/5.0 (compatible; AhrefsBot/7.0; +http://ahrefs.com/robot/)"
51.222.253.18 - - [31/Mar/2025:09:50:04 -0400] "GET /home-audio-systems/ HTTP/1.1" 404 1251 "-" "Mozilla/5.0 (compatible; AhrefsBot/7.0; +http://ahrefs.com/robot/)"
51.222.253.7 - - [31/Mar/2025:09:50:43 -0400] "GET /elegance-et-fonctionnalite-nappe-personnalisee-avec-logo-pour-salon/ HTTP/1.1" 404 1251 "-" "Mozilla/5.0 (compatible; AhrefsBot/7.0; +http://ahrefs.com/robot/)"
85.208.96.212 - - [31/Mar/2025:09:50:58 -0400] "GET /robots.txt HTTP/1.1" 404 1251 "-" "Mozilla/5.0 (compatible; SemrushBot/7~bl; +http://www.semrush.com/bot.html)"
85.208.96.199 - - [31/Mar/2025:09:50:59 -0400] "GET /erfahrener-scheidungsanwalt-in-hattingen-ihre-kompetente-unterstutzung/ HTTP/1.1" 404 1251 "-" "Mozilla/5.0 (compatible; SemrushBot/7~bl; +http://www.semrush.com/bot.html)"
51.222.253.7 - - [31/Mar/2025:09:51:23 -0400] "GET /compression-grip-socks/ HTTP/1.1" 404 1251 "-" "Mozilla/5.0 (compatible; AhrefsBot/7.0; +http://ahrefs.com/robot/)"
51.222.253.11 - - [31/Mar/2025:09:51:58 -0400] "GET /discover-luxury-living-at-sora-condo-showflat/ HTTP/1.1" 404 1251 "-" "Mozilla/5.0 (compatible; AhrefsBot/7.0; +http://ahrefs.com/robot/)"
114.119.131.163 - - [31/Mar/2025:09:52:06 -0400] "GET /page/3/ HTTP/1.1" 404 1251 "https://freelancingclients.com/page/2/" "Mozilla/5.0 (Linux; Android 7.0;) AppleWebKit/537.36 (KHTML, like Gecko) Mobile Safari/537.36 (compatible; PetalBot;+https://webmaster.petalsearch.com/site/petalbot)"
51.222.253.9 - - [31/Mar/2025:09:52:37 -0400] "GET /what-to-do-when-your-doctor-retires-thank-you-suzanne-barnes-do/ HTTP/1.1" 404 1251 "-" "Mozilla/5.0 (compatible; AhrefsBot/7.0; +http://ahrefs.com/robot/)"
51.222.253.4 - - [31/Mar/2025:09:53:18 -0400] "GET /uk-cbd-capsules/ HTTP/1.1" 404 1251 "-" "Mozilla/5.0 (compatible; AhrefsBot/7.0; +http://ahrefs.com/robot/)"
114.119.136.245 - - [31/Mar/2025:09:53:29 -0400] "GET /fire-pumps-for-sale/ HTTP/1.1" 404 1251 "https://freelancingclients.com/category/activity/page/96/" "Mozilla/5.0 (Linux; Android 7.0;) AppleWebKit/537.36 (KHTML, like Gecko) Mobile Safari/537.36 (compatible; PetalBot;+https://webmaster.petalsearch.com/site/petalbot)"
51.222.253.19 - - [31/Mar/2025:09:53:56 -0400] "GET /personal-training/ HTTP/1.1" 404 1251 "-" "Mozilla/5.0 (compatible; AhrefsBot/7.0; +http://ahrefs.com/robot/)"
51.222.253.6 - - [31/Mar/2025:09:54:33 -0400] "GET /rechtsanwalt-hattingen/ HTTP/1.1" 404 1251 "-" "Mozilla/5.0 (compatible; AhrefsBot/7.0; +http://ahrefs.com/robot/)"
114.119.153.191 - - [31/Mar/2025:09:54:56 -0400] "GET /category/activity/page/138/ HTTP/1.1" 404 1251 "https://freelancingclients.com/category/activity/page/138/" "Mozilla/5.0 (Linux; Android 7.0;) AppleWebKit/537.36 (KHTML, like Gecko) Mobile Safari/537.36 (compatible; PetalBot;+https://webmaster.petalsearch.com/site/petalbot)"
51.222.253.11 - - [31/Mar/2025:09:55:10 -0400] "GET /elegance-et-praticite/ HTTP/1.1" 404 1251 "-" "Mozilla/5.0 (compatible; AhrefsBot/7.0; +http://ahrefs.com/robot/)"
51.222.253.18 - - [31/Mar/2025:09:55:44 -0400] "GET /exploring-the-meyer-blue-phenomenon/ HTTP/1.1" 404 1251 "-" "Mozilla/5.0 (compatible; AhrefsBot/7.0; +http://ahrefs.com/robot/)"
51.222.253.5 - - [31/Mar/2025:09:56:20 -0400] "GET /window-shutters-north-east/ HTTP/1.1" 404 1251 "-" "Mozilla/5.0 (compatible; AhrefsBot/7.0; +http://ahrefs.com/robot/)"
51.222.253.8 - - [31/Mar/2025:09:57:01 -0400] "GET /exploring-the-elegance-of-the-botany-showflat-a-modern-living-experience/ HTTP/1.1" 404 1251 "-" "Mozilla/5.0 (compatible; AhrefsBot/7.0; +http://ahrefs.com/robot/)"
203.156.2.120 - - [31/Mar/2025:09:57:12 -0400] "POST /wp-login.php/wp-login.php HTTP/1.1" 200 0 "-" "Mozilla"
51.222.253.1 - - [31/Mar/2025:09:57:38 -0400] "GET /elevate-your-bathroom-with-professional-renovations/ HTTP/1.1" 404 1251 "-" "Mozilla/5.0 (compatible; AhrefsBot/7.0; +http://ahrefs.com/robot/)"
51.222.253.18 - - [31/Mar/2025:09:58:23 -0400] "GET /a-comprehensives-guides/ HTTP/1.1" 404 1251 "-" "Mozilla/5.0 (compatible; AhrefsBot/7.0; +http://ahrefs.com/robot/)"
51.222.253.17 - - [31/Mar/2025:09:59:05 -0400] "GET /comprehensive-look-at-one-bernam-showflat-luxury-living-redefined/ HTTP/1.1" 404 1251 "-" "Mozilla/5.0 (compatible; AhrefsBot/7.0; +http://ahrefs.com/robot/)"
51.222.253.17 - - [31/Mar/2025:09:59:43 -0400] "GET /unveiling-the-virtual-casino-experience/ HTTP/1.1" 404 1251 "-" "Mozilla/5.0 (compatible; AhrefsBot/7.0; +http://ahrefs.com/robot/)"
51.222.253.4 - - [31/Mar/2025:10:00:25 -0400] "GET /s489-pill-40-mg/ HTTP/1.1" 404 1251 "-" "Mozilla/5.0 (compatible; AhrefsBot/7.0; +http://ahrefs.com/robot/)"
51.222.253.15 - - [31/Mar/2025:10:01:09 -0400] "GET /sac-tap-militaire/ HTTP/1.1" 404 1251 "-" "Mozilla/5.0 (compatible; AhrefsBot/7.0; +http://ahrefs.com/robot/)"
51.222.253.13 - - [31/Mar/2025:10:01:46 -0400] "GET /choosing-the-right-wealth-management-consulting-firm/ HTTP/1.1" 404 1251 "-" "Mozilla/5.0 (compatible; AhrefsBot/7.0; +http://ahrefs.com/robot/)"
51.222.253.4 - - [31/Mar/2025:10:02:24 -0400] "GET /category/activity/page/152/ HTTP/1.1" 404 1251 "-" "Mozilla/5.0 (compatible; AhrefsBot/7.0; +http://ahrefs.com/robot/)"
51.222.253.5 - - [31/Mar/2025:10:03:03 -0400] "GET /best-smart-lighting/ HTTP/1.1" 404 1251 "-" "Mozilla/5.0 (compatible; AhrefsBot/7.0; +http://ahrefs.com/robot/)"
51.222.253.18 - - [31/Mar/2025:10:03:37 -0400] "GET /the-highly-anticipated-grand-theft-auto-vi-a-gaming-revolution/ HTTP/1.1" 404 1251 "-" "Mozilla/5.0 (compatible; AhrefsBot/7.0; +http://ahrefs.com/robot/)"
51.222.253.10 - - [31/Mar/2025:10:04:17 -0400] "GET /exploring-property-to-buy-in-southern-spain/ HTTP/1.1" 404 1251 "-" "Mozilla/5.0 (compatible; AhrefsBot/7.0; +http://ahrefs.com/robot/)"
84.54.44.30 - - [31/Mar/2025:10:04:50 -0400] "GET /osteopathy/ HTTP/1.1" 404 1251 "https://freelancingclients.com/osteopathy/" "Mozilla/5.0 (Windows NT 10.0; Win64; x64) AppleWebKit/537.36 (KHTML, like Gecko) Chrome/130.0.0.0 Safari/537.36 CCleaner/130.0.0.0"
51.222.253.12 - - [31/Mar/2025:10:04:59 -0400] "GET /the-timeless-appeal-of-retro-bowl-6x/ HTTP/1.1" 404 1251 "-" "Mozilla/5.0 (compatible; AhrefsBot/7.0; +http://ahrefs.com/robot/)"
84.54.44.30 - - [31/Mar/2025:10:05:10 -0400] "GET / HTTP/1.1" 403 1242 "https://freelancingclients.com/" "Mozilla/5.0 (Windows NT 10.0; Win64; x64) AppleWebKit/537.36 (KHTML, like Gecko) Chrome/130.0.0.0 Safari/537.36 CCleaner/130.0.0.0"
207.46.13.111 - - [31/Mar/2025:10:05:12 -0400] "GET /how-to-choose-the-right-health-care-courses-for-a-career/ HTTP/1.1" 404 1251 "-" "Mozilla/5.0 AppleWebKit/537.36 (KHTML, like Gecko; compatible; bingbot/2.0; +http://www.bing.com/bingbot.htm) Chrome/116.0.1938.76 Safari/537.36"
51.222.253.1 - - [31/Mar/2025:10:05:38 -0400] "GET /shop-opening-times/ HTTP/1.1" 404 1251 "-" "Mozilla/5.0 (compatible; AhrefsBot/7.0; +http://ahrefs.com/robot/)"
51.222.253.17 - - [31/Mar/2025:10:06:16 -0400] "GET /pilot-hole-for-1-4-lag-screw/ HTTP/1.1" 404 1251 "-" "Mozilla/5.0 (compatible; AhrefsBot/7.0; +http://ahrefs.com/robot/)"
51.222.253.8 - - [31/Mar/2025:10:06:52 -0400] "GET /optimizing-zhu-yuan-skill-priority-guide/ HTTP/1.1" 404 1251 "-" "Mozilla/5.0 (compatible; AhrefsBot/7.0; +http://ahrefs.com/robot/)"
51.222.253.15 - - [31/Mar/2025:10:07:36 -0400] "GET /objects-personnalisables-dentreprise/ HTTP/1.1" 404 1251 "-" "Mozilla/5.0 (compatible; AhrefsBot/7.0; +http://ahrefs.com/robot/)"
51.222.253.11 - - [31/Mar/2025:10:08:16 -0400] "GET /excellence-culinaire-a-domicile/ HTTP/1.1" 404 1251 "-" "Mozilla/5.0 (compatible; AhrefsBot/7.0; +http://ahrefs.com/robot/)"
51.222.253.10 - - [31/Mar/2025:10:08:54 -0400] "GET /installing-conservatories-on-a-bungalow-is-easier-than-you-think/ HTTP/1.1" 404 1251 "-" "Mozilla/5.0 (compatible; AhrefsBot/7.0; +http://ahrefs.com/robot/)"
51.222.253.5 - - [31/Mar/2025:10:09:31 -0400] "GET /the-ultimate-instant-hot-and-cold-water-tap-convenience-at-your-fingertips/ HTTP/1.1" 404 1251 "-" "Mozilla/5.0 (compatible; AhrefsBot/7.0; +http://ahrefs.com/robot/)"
51.222.253.2 - - [31/Mar/2025:10:10:11 -0400] "GET /comment-nettoyer-un-collier-en-argent/ HTTP/1.1" 404 1251 "-" "Mozilla/5.0 (compatible; AhrefsBot/7.0; +http://ahrefs.com/robot/)"
51.222.253.10 - - [31/Mar/2025:10:10:56 -0400] "GET /apuestas-deportivas-el-amor-de-la-gente-por-las-apuestas-deportivas/ HTTP/1.1" 404 1251 "-" "Mozilla/5.0 (compatible; AhrefsBot/7.0; +http://ahrefs.com/robot/)"
212.34.135.220 - - [31/Mar/2025:10:11:34 -0400] "GET /discovering-homes-for-sale-in-sonoma-ca/ HTTP/1.1" 404 1251 "https://freelancingclients.com/discovering-homes-for-sale-in-sonoma-ca/#comment-613" "Mozilla/5.0 (Windows NT 10.0; Win64; x64) AppleWebKit/537.36 (KHTML, like Gecko) Chrome/131.0.0.0 Safari/537.36 Avast/131.0.0.0"
51.222.253.8 - - [31/Mar/2025:10:11:38 -0400] "GET /direct-tiling-contractors-in-singapore/ HTTP/1.1" 404 1251 "-" "Mozilla/5.0 (compatible; AhrefsBot/7.0; +http://ahrefs.com/robot/)"
51.222.253.2 - - [31/Mar/2025:10:12:17 -0400] "GET /smash-karts-unblocked-and-ready-for-action/ HTTP/1.1" 404 1251 "-" "Mozilla/5.0 (compatible; AhrefsBot/7.0; +http://ahrefs.com/robot/)"
51.222.253.16 - - [31/Mar/2025:10:12:54 -0400] "GET /thermal-compound/ HTTP/1.1" 404 1251 "-" "Mozilla/5.0 (compatible; AhrefsBot/7.0; +http://ahrefs.com/robot/)"
114.119.136.245 - - [31/Mar/2025:10:12:59 -0400] "GET /types-of-defenses-used-by-criminal-defense-attorneys/ HTTP/1.1" 404 1251 "https://freelancingclients.com/page/146/" "Mozilla/5.0 (Linux; Android 7.0;) AppleWebKit/537.36 (KHTML, like Gecko) Mobile Safari/537.36 (compatible; PetalBot;+https://webmaster.petalsearch.com/site/petalbot)"
85.208.96.211 - - [31/Mar/2025:10:13:22 -0400] "GET /category/activity/page/146/ HTTP/1.1" 404 1251 "-" "Mozilla/5.0 (compatible; SemrushBot/7~bl; +http://www.semrush.com/bot.html)"
51.222.253.17 - - [31/Mar/2025:10:13:32 -0400] "GET /understanding-aba-therapy-for-kids-in-dubai/ HTTP/1.1" 404 1251 "-" "Mozilla/5.0 (compatible; AhrefsBot/7.0; +http://ahrefs.com/robot/)"
51.222.253.8 - - [31/Mar/2025:10:14:07 -0400] "GET /navigating-the-realm-of-fast-loans-in-singapore/ HTTP/1.1" 404 1251 "-" "Mozilla/5.0 (compatible; AhrefsBot/7.0; +http://ahrefs.com/robot/)"
114.119.153.50 - - [31/Mar/2025:10:14:16 -0400] "GET /dog-dewormer-for-cancer/ HTTP/1.1" 404 1251 "https://freelancingclients.com/page/103/" "Mozilla/5.0 (Linux; Android 7.0;) AppleWebKit/537.36 (KHTML, like Gecko) Mobile Safari/537.36 (compatible; PetalBot;+https://webmaster.petalsearch.com/site/petalbot)"
156.253.166.74 - - [31/Mar/2025:10:14:34 -0400] "GET /wp-login.php HTTP/1.1" 200 1725 "https://freelancingclients.com" "Mozilla/5.0 (Windows NT 10.0; Win64; x64; rv:94.0) Gecko/20100101 Firefox/94.0"
198.54.114.83 - - [31/Mar/2025:10:14:40 -0400] "POST /wp-cron.php?doing_wp_cron=1743430480.6159639358520507812500 HTTP/1.1" 200 0 "-" "WordPress/6.7.1; https://freelancingclients.com"
156.253.166.74 - - [31/Mar/2025:10:14:38 -0400] "POST /wp-login.php?wpe-login=true&hide_my_wp=1&hmwp_do=login&login=1 HTTP/1.1" 200 1853 "https://freelancingclients.com" "Mozilla/5.0 (Windows NT 10.0; Win64; x64; rv:94.0) Gecko/20100101 Firefox/94.0"
198.54.114.83 - - [31/Mar/2025:10:14:41 -0400] "POST /wp-admin/admin-ajax.php?action=async_litespeed&nonce=7A95044D9fU01KQciFqv1oWlIsZs04nj&litespeed_type=imgoptm HTTP/1.1" 200 5 "-" "WordPress/6.7.1; https://freelancingclients.com"
51.222.253.14 - - [31/Mar/2025:10:14:44 -0400] "GET /enchanting-escapes-discovering-a-resort-on-lake-garda/ HTTP/1.1" 404 1251 "-" "Mozilla/5.0 (compatible; AhrefsBot/7.0; +http://ahrefs.com/robot/)"
51.222.253.8 - - [31/Mar/2025:10:15:21 -0400] "GET /navigating-employment-law-free-advice-for-your-workplace-concerns/ HTTP/1.1" 404 1251 "-" "Mozilla/5.0 (compatible; AhrefsBot/7.0; +http://ahrefs.com/robot/)"
114.119.153.50 - - [31/Mar/2025:10:15:53 -0400] "GET /camping-sleeping-bags-how-to-choose-the-best-sleeping-bag-for-you/ HTTP/1.1" 404 1251 "https://freelancingclients.com/page/145/" "Mozilla/5.0 (Linux; Android 7.0;) AppleWebKit/537.36 (KHTML, like Gecko) Mobile Safari/537.36 (compatible; PetalBot;+https://webmaster.petalsearch.com/site/petalbot)"
51.222.253.3 - - [31/Mar/2025:10:15:58 -0400] "GET /free-employment-law-advice-essential-guidance-for-workers/ HTTP/1.1" 404 1251 "-" "Mozilla/5.0 (compatible; AhrefsBot/7.0; +http://ahrefs.com/robot/)"
51.222.253.1 - - [31/Mar/2025:10:16:40 -0400] "GET /the-role-of-specialists-in-modern-workplaces/ HTTP/1.1" 404 1251 "-" "Mozilla/5.0 (compatible; AhrefsBot/7.0; +http://ahrefs.com/robot/)"
51.222.253.12 - - [31/Mar/2025:10:17:21 -0400] "GET /buying-a-double-sleeping-bag-here-are-some-tips/ HTTP/1.1" 404 1251 "-" "Mozilla/5.0 (compatible; AhrefsBot/7.0; +http://ahrefs.com/robot/)"
51.222.253.18 - - [31/Mar/2025:10:18:08 -0400] "GET /ensuring-financial-accessibility-with-responsibility/ HTTP/1.1" 404 1251 "-" "Mozilla/5.0 (compatible; AhrefsBot/7.0; +http://ahrefs.com/robot/)"
114.119.131.163 - - [31/Mar/2025:10:18:25 -0400] "GET /a-gateway-to-knowledge-and-imagination/ HTTP/1.1" 404 1251 "https://freelancingclients.com/page/40/" "Mozilla/5.0 (Linux; Android 7.0;) AppleWebKit/537.36 (KHTML, like Gecko) Mobile Safari/537.36 (compatible; PetalBot;+https://webmaster.petalsearch.com/site/petalbot)"
51.222.253.13 - - [31/Mar/2025:10:18:46 -0400] "GET /dog-dewormer-for-cancer/ HTTP/1.1" 404 1251 "-" "Mozilla/5.0 (compatible; AhrefsBot/7.0; +http://ahrefs.com/robot/)"
51.222.253.10 - - [31/Mar/2025:10:19:28 -0400] "GET /prp-hair-loss-treatment-in-hyderabad-fue-treatment-follicular-unit-extraction/ HTTP/1.1" 404 1251 "-" "Mozilla/5.0 (compatible; AhrefsBot/7.0; +http://ahrefs.com/robot/)"
114.119.131.163 - - [31/Mar/2025:10:19:49 -0400] "GET /category/activity/page/4/ HTTP/1.1" 404 1251 "https://freelancingclients.com/category/activity/page/3/" "Mozilla/5.0 (Linux; Android 7.0;) AppleWebKit/537.36 (KHTML, like Gecko) Mobile Safari/537.36 (compatible; PetalBot;+https://webmaster.petalsearch.com/site/petalbot)"
51.222.253.1 - - [31/Mar/2025:10:20:04 -0400] "GET /the-majesty-of-the-king-plus-casino/ HTTP/1.1" 404 1251 "-" "Mozilla/5.0 (compatible; AhrefsBot/7.0; +http://ahrefs.com/robot/)"
51.222.253.18 - - [31/Mar/2025:10:20:44 -0400] "GET /exploring-the-potential-of-the-stake-oasis-protocol/ HTTP/1.1" 404 1251 "-" "Mozilla/5.0 (compatible; AhrefsBot/7.0; +http://ahrefs.com/robot/)"
51.222.253.6 - - [31/Mar/2025:10:21:21 -0400] "GET /exploring-the-power-of-the-gaming-mouse/ HTTP/1.1" 404 1251 "-" "Mozilla/5.0 (compatible; AhrefsBot/7.0; +http://ahrefs.com/robot/)"
178.32.106.223 - - [31/Mar/2025:10:21:25 -0400] "GET /the-world-of-satta-king-a-deep-dive/ HTTP/1.1" 404 1251 "https://freelancingclients.com/" "Mozilla/5.0 (Macintosh; Intel Mac OS X 12_5) AppleWebKit/537.36 (KHTML, like Gecko) Chrome/103.0.0.0 YaBrowser/22.7.0 Yowser/2.5 Safari/537.36"
178.32.106.223 - - [31/Mar/2025:10:21:26 -0400] "GET / HTTP/1.1" 403 1242 "https://freelancingclients.com" "Mozilla/5.0 (Macintosh; Intel Mac OS X 12_5) AppleWebKit/537.36 (KHTML, like Gecko) Chrome/103.0.0.0 YaBrowser/22.7.0 Yowser/2.5 Safari/537.36"
51.222.253.12 - - [31/Mar/2025:10:22:12 -0400] "GET /page/153/ HTTP/1.1" 404 1251 "-" "Mozilla/5.0 (compatible; AhrefsBot/7.0; +http://ahrefs.com/robot/)"
51.222.253.10 - - [31/Mar/2025:10:23:11 -0400] "GET /the-advanced-number-plate-machine/ HTTP/1.1" 404 1251 "-" "Mozilla/5.0 (compatible; AhrefsBot/7.0; +http://ahrefs.com/robot/)"
2a02:598:96:8a00::1200:13b - - [31/Mar/2025:10:23:39 -0400] "GET /the-portable-fire-pump/ HTTP/1.1" 404 1251 "-" "Mozilla/5.0 (compatible; SeznamBot/4.0; +https://o-seznam.cz/napoveda/vyhledavani/en/seznambot-crawler/)"
51.222.253.3 - - [31/Mar/2025:10:24:30 -0400] "GET /the-advantages-of-hiring-a-dallas-dwi-lawyer-who-can-skillfully-pursue-an-alr-case/ HTTP/1.1" 404 1251 "-" "Mozilla/5.0 (compatible; AhrefsBot/7.0; +http://ahrefs.com/robot/)"
51.222.253.6 - - [31/Mar/2025:10:25:23 -0400] "GET /why-do-female-tennis-players-retire-early/ HTTP/1.1" 404 1251 "-" "Mozilla/5.0 (compatible; AhrefsBot/7.0; +http://ahrefs.com/robot/)"
40.124.84.108 - - [31/Mar/2025:10:25:25 -0400] "GET / HTTP/1.1" 403 1242 "-" "Mozilla/5.0 (Macintosh; Intel Mac OS X 10_15_7) AppleWebKit/605.1.15 (KHTML, like Gecko) Version/17.5 Safari/605.1.15"
51.222.253.18 - - [31/Mar/2025:10:26:50 -0400] "GET /a-lifeline-in-emergencies/ HTTP/1.1" 404 1251 "-" "Mozilla/5.0 (compatible; AhrefsBot/7.0; +http://ahrefs.com/robot/)"
51.222.253.20 - - [31/Mar/2025:10:27:32 -0400] "GET /trouver-le-bon-talent-pour-la-restauration/ HTTP/1.1" 404 1251 "-" "Mozilla/5.0 (compatible; AhrefsBot/7.0; +http://ahrefs.com/robot/)"
51.222.253.9 - - [31/Mar/2025:10:28:30 -0400] "GET /the-therapeutic-practice-of-massage/ HTTP/1.1" 404 1251 "-" "Mozilla/5.0 (compatible; AhrefsBot/7.0; +http://ahrefs.com/robot/)"
51.222.253.12 - - [31/Mar/2025:10:29:22 -0400] "GET /custom-socks-with-logo-2/ HTTP/1.1" 404 1251 "-" "Mozilla/5.0 (compatible; AhrefsBot/7.0; +http://ahrefs.com/robot/)"
58.254.68.93 - - [31/Mar/2025:10:29:40 -0400] "GET /the-best-locksmith-chicago/ HTTP/1.1" 404 1251 "https://freelancingclients.com" "Mozilla/5.0 (Windows NT 10.0; Win64; x64) AppleWebKit/537.36 (KHTML, like Gecko) Chrome/62.0.3202.94 Safari/537.36"
58.254.68.93 - - [31/Mar/2025:10:29:50 -0400] "GET /the-best-locksmith-chicago/ HTTP/1.1" 404 1251 "https://freelancingclients.com" "Mozilla/5.0 (Windows NT 10.0; Win64; x64) AppleWebKit/537.36 (KHTML, like Gecko) Chrome/62.0.3202.94 Safari/537.36"
58.254.68.93 - - [31/Mar/2025:10:29:55 -0400] "GET /the-best-locksmith-chicago/ HTTP/1.1" 404 1251 "https://freelancingclients.com" "Mozilla/5.0 (Windows NT 10.0; Win64; x64) AppleWebKit/537.36 (KHTML, like Gecko) Chrome/62.0.3202.94 Safari/537.36"
58.254.68.93 - - [31/Mar/2025:10:30:06 -0400] "GET /the-best-locksmith-chicago/ HTTP/1.1" 404 1251 "https://freelancingclients.com" "Mozilla/5.0 (Windows NT 10.0; Win64; x64) AppleWebKit/537.36 (KHTML, like Gecko) Chrome/62.0.3202.94 Safari/537.36"
51.222.253.10 - - [31/Mar/2025:10:30:26 -0400] "GET /le-poncho-surfing-allier-confort-et-praticite/ HTTP/1.1" 404 1251 "-" "Mozilla/5.0 (compatible; AhrefsBot/7.0; +http://ahrefs.com/robot/)"
51.222.253.12 - - [31/Mar/2025:10:31:29 -0400] "GET /the-art-and-science-of-rhinoplasty/ HTTP/1.1" 404 1251 "-" "Mozilla/5.0 (compatible; AhrefsBot/7.0; +http://ahrefs.com/robot/)"
51.222.253.9 - - [31/Mar/2025:10:32:18 -0400] "GET /german-lessons-london/ HTTP/1.1" 404 1251 "-" "Mozilla/5.0 (compatible; AhrefsBot/7.0; +http://ahrefs.com/robot/)"
51.222.253.6 - - [31/Mar/2025:10:33:06 -0400] "GET /fire-damage-restoration/ HTTP/1.1" 404 1251 "-" "Mozilla/5.0 (compatible; AhrefsBot/7.0; +http://ahrefs.com/robot/)"
51.222.253.4 - - [31/Mar/2025:10:33:46 -0400] "GET /what-treatment-is-available-for-severe-acne/ HTTP/1.1" 404 1251 "-" "Mozilla/5.0 (compatible; AhrefsBot/7.0; +http://ahrefs.com/robot/)"
51.222.253.15 - - [31/Mar/2025:10:34:32 -0400] "GET /the-thriving-world-of-online-casinos-2/ HTTP/1.1" 404 1251 "-" "Mozilla/5.0 (compatible; AhrefsBot/7.0; +http://ahrefs.com/robot/)"
51.222.253.14 - - [31/Mar/2025:10:35:15 -0400] "GET /football-socks-grip/ HTTP/1.1" 404 1251 "-" "Mozilla/5.0 (compatible; AhrefsBot/7.0; +http://ahrefs.com/robot/)"
112.92.70.120 - - [31/Mar/2025:10:36:19 -0400] "GET /dominos-pizza-in-meadville-pa/ HTTP/1.1" 404 1251 "https://freelancingclients.com" "Mozilla/5.0 (Windows NT 10.0; Win64; x64) AppleWebKit/537.36 (KHTML, like Gecko) Chrome/62.0.3202.94 Safari/537.36"
51.222.253.13 - - [31/Mar/2025:10:36:20 -0400] "GET /how-to-increase-youtube-subscribers/ HTTP/1.1" 404 1251 "-" "Mozilla/5.0 (compatible; AhrefsBot/7.0; +http://ahrefs.com/robot/)"
112.92.70.120 - - [31/Mar/2025:10:36:22 -0400] "GET /dominos-pizza-in-meadville-pa/ HTTP/1.1" 404 1251 "https://freelancingclients.com" "Mozilla/5.0 (Windows NT 10.0; Win64; x64) AppleWebKit/537.36 (KHTML, like Gecko) Chrome/62.0.3202.94 Safari/537.36"
112.92.70.120 - - [31/Mar/2025:10:36:24 -0400] "GET /dominos-pizza-in-meadville-pa/ HTTP/1.1" 404 1251 "https://freelancingclients.com" "Mozilla/5.0 (Windows NT 10.0; Win64; x64) AppleWebKit/537.36 (KHTML, like Gecko) Chrome/62.0.3202.94 Safari/537.36"
112.92.70.120 - - [31/Mar/2025:10:36:27 -0400] "GET /dominos-pizza-in-meadville-pa/ HTTP/1.1" 404 1251 "https://freelancingclients.com" "Mozilla/5.0 (Windows NT 10.0; Win64; x64) AppleWebKit/537.36 (KHTML, like Gecko) Chrome/62.0.3202.94 Safari/537.36"
51.222.253.7 - - [31/Mar/2025:10:37:06 -0400] "GET /decouvrez-les-bienfaits-du-massage-thai-a-geneve/ HTTP/1.1" 404 1251 "-" "Mozilla/5.0 (compatible; AhrefsBot/7.0; +http://ahrefs.com/robot/)"
51.222.253.8 - - [31/Mar/2025:10:37:53 -0400] "GET /how-to-choose-the-best-resume-writing-services/ HTTP/1.1" 404 1251 "-" "Mozilla/5.0 (compatible; AhrefsBot/7.0; +http://ahrefs.com/robot/)"
51.222.253.6 - - [31/Mar/2025:10:38:46 -0400] "GET /the-allure-of-california-prefab-homes-a-modern-living-solution/ HTTP/1.1" 404 1251 "-" "Mozilla/5.0 (compatible; AhrefsBot/7.0; +http://ahrefs.com/robot/)"
114.119.144.127 - - [31/Mar/2025:10:38:49 -0400] "GET /page/16/ HTTP/1.1" 404 1251 "https://freelancingclients.com/page/17/" "Mozilla/5.0 (Linux; Android 7.0;) AppleWebKit/537.36 (KHTML, like Gecko) Mobile Safari/537.36 (compatible; PetalBot;+https://webmaster.petalsearch.com/site/petalbot)"
92.119.36.49 - - [31/Mar/2025:10:38:56 -0400] "GET /wp-login.php HTTP/1.1" 200 1725 "http://freelancingclients.com/wp-login.php" "Go-http-client/2.0"
198.54.114.83 - - [31/Mar/2025:10:39:01 -0400] "POST /wp-admin/admin-ajax.php?action=async_litespeed&nonce=WUNE8he9iR4g2oqqiwpckNg4euVodkLN&litespeed_type=imgoptm HTTP/1.1" 200 5 "-" "WordPress/6.7.1; https://freelancingclients.com"
92.119.36.49 - - [31/Mar/2025:10:39:05 -0400] "GET /wp-admin/network/index.php HTTP/1.1" 302 0 "http://freelancingclients.com/wp-admin/network/index.php" "Go-http-client/2.0"
92.119.36.49 - - [31/Mar/2025:10:39:05 -0400] "GET /wp-login.php?redirect_to=https%3A%2F%2Ffreelancingclients.com%2Fwp-admin%2Fnetwork%2Findex.php&reauth=1 HTTP/1.1" 200 1729 "https://freelancingclients.com/wp-admin/network/index.php" "Go-http-client/2.0"
92.119.36.49 - - [31/Mar/2025:10:39:10 -0400] "GET /wp-admin/plugins.php HTTP/1.1" 302 0 "http://freelancingclients.com/wp-admin/plugins.php" "Go-http-client/2.0"
92.119.36.49 - - [31/Mar/2025:10:39:10 -0400] "GET /wp-login.php?redirect_to=https%3A%2F%2Ffreelancingclients.com%2Fwp-admin%2Fplugins.php&reauth=1 HTTP/1.1" 200 1726 "https://freelancingclients.com/wp-admin/plugins.php" "Go-http-client/2.0"
92.119.36.49 - - [31/Mar/2025:10:39:20 -0400] "GET /wp-login.php?action=register HTTP/1.1" 302 0 "http://freelancingclients.com/wp-signup.php" "Go-http-client/2.0"
92.119.36.49 - - [31/Mar/2025:10:39:21 -0400] "GET /wp-login.php?registration=disabled HTTP/1.1" 200 1790 "https://freelancingclients.com/wp-login.php?action=register" "Go-http-client/2.0"
92.119.36.49 - - [31/Mar/2025:10:39:25 -0400] "GET /wp-admin/user/index.php HTTP/1.1" 302 0 "http://freelancingclients.com/wp-admin/user/index.php" "Go-http-client/2.0"
92.119.36.49 - - [31/Mar/2025:10:39:25 -0400] "GET /wp-login.php?redirect_to=https%3A%2F%2Ffreelancingclients.com%2Fwp-admin%2Fuser%2Findex.php&reauth=1 HTTP/1.1" 200 1722 "https://freelancingclients.com/wp-admin/user/index.php" "Go-http-client/2.0"
51.222.253.16 - - [31/Mar/2025:10:39:32 -0400] "GET /the-future-of-california-living/ HTTP/1.1" 404 1251 "-" "Mozilla/5.0 (compatible; AhrefsBot/7.0; +http://ahrefs.com/robot/)"
92.119.36.49 - - [31/Mar/2025:10:39:36 -0400] "GET /wp-admin/network/about.php HTTP/1.1" 302 0 "http://freelancingclients.com/wp-admin/network/about.php" "Go-http-client/2.0"
92.119.36.49 - - [31/Mar/2025:10:39:36 -0400] "GET /wp-login.php?redirect_to=https%3A%2F%2Ffreelancingclients.com%2Fwp-admin%2Fnetwork%2Fabout.php&reauth=1 HTTP/1.1" 200 1733 "https://freelancingclients.com/wp-admin/network/about.php" "Go-http-client/2.0"
92.119.36.49 - - [31/Mar/2025:10:39:42 -0400] "GET /wp-admin/about.php HTTP/1.1" 302 0 "http://freelancingclients.com/wp-admin/about.php" "Go-http-client/2.0"
198.54.114.83 - - [31/Mar/2025:10:39:42 -0400] "POST /wp-admin/admin-ajax.php?action=async_litespeed&nonce=WYObEURAu0IbwxHQ3KnhGmx29VNZuohu&litespeed_type=imgoptm HTTP/1.1" 200 5 "-" "WordPress/6.7.1; https://freelancingclients.com"
92.119.36.49 - - [31/Mar/2025:10:39:42 -0400] "GET /wp-login.php?redirect_to=https%3A%2F%2Ffreelancingclients.com%2Fwp-admin%2Fabout.php&reauth=1 HTTP/1.1" 200 1728 "https://freelancingclients.com/wp-admin/about.php" "Go-http-client/2.0"
92.119.36.49 - - [31/Mar/2025:10:39:46 -0400] "GET /wp-admin/admin.php HTTP/1.1" 302 0 "http://freelancingclients.com/wp-admin/admin.php" "Go-http-client/2.0"
92.119.36.49 - - [31/Mar/2025:10:39:46 -0400] "GET /wp-login.php?redirect_to=https%3A%2F%2Ffreelancingclients.com%2Fwp-admin%2Fadmin.php&reauth=1 HTTP/1.1" 200 1726 "https://freelancingclients.com/wp-admin/admin.php" "Go-http-client/2.0"
139.196.159.168 - - [31/Mar/2025:10:39:56 -0400] "GET /robots.txt HTTP/1.1" 404 1251 "-" "Go-http-client/1.1"
47.242.200.220 - - [31/Mar/2025:10:39:57 -0400] "GET /page-sitemap.xml HTTP/1.1" 404 1251 "-" "Mozilla/5.0 (Macintosh; Intel Mac OS X 10_15_7) AppleWebKit/537.36 (KHTML, like Gecko) Chrome/109.0.0.0 Safari/537.36"
51.222.253.6 - - [31/Mar/2025:10:40:16 -0400] "GET /top-10-refrigerant-recovery-machines/ HTTP/1.1" 404 1251 "-" "Mozilla/5.0 (compatible; AhrefsBot/7.0; +http://ahrefs.com/robot/)"
114.119.153.191 - - [31/Mar/2025:10:40:24 -0400] "GET /energy-savings-from-advanced-monitoring-and-controls-in-your-spiral-freezer/ HTTP/1.1" 404 1251 "https://freelancingclients.com/category/activity/page/136/" "Mozilla/5.0 (Linux; Android 7.0;) AppleWebKit/537.36 (KHTML, like Gecko) Mobile Safari/537.36 (compatible; PetalBot;+https://webmaster.petalsearch.com/site/petalbot)"
51.222.253.5 - - [31/Mar/2025:10:41:15 -0400] "GET /the-art-and-science-of-massage-therapy/ HTTP/1.1" 404 1251 "-" "Mozilla/5.0 (compatible; AhrefsBot/7.0; +http://ahrefs.com/robot/)"
51.222.253.7 - - [31/Mar/2025:10:42:16 -0400] "GET /quest-ce-quune-pantoufle-pour-chat/ HTTP/1.1" 404 1251 "-" "Mozilla/5.0 (compatible; AhrefsBot/7.0; +http://ahrefs.com/robot/)"
51.222.253.7 - - [31/Mar/2025:10:43:12 -0400] "GET /a-comprehensive-guide-to-fruit-of-the-loom-t-shirts/ HTTP/1.1" 404 1251 "-" "Mozilla/5.0 (compatible; AhrefsBot/7.0; +http://ahrefs.com/robot/)"
185.191.171.18 - - [31/Mar/2025:10:43:44 -0400] "GET /maximizing-performance-with-gpu-cloud-services/ HTTP/1.1" 404 1251 "-" "Mozilla/5.0 (compatible; SemrushBot/7~bl; +http://www.semrush.com/bot.html)"
51.222.253.10 - - [31/Mar/2025:10:43:56 -0400] "GET /link-sharing/ HTTP/1.1" 404 1251 "-" "Mozilla/5.0 (compatible; AhrefsBot/7.0; +http://ahrefs.com/robot/)"
2a03:2880:f800:1c:: - - [31/Mar/2025:10:44:35 -0400] "GET /maximizing-exposure-unveiling-the-secrets-of-enhanced-youtube-views/ HTTP/1.1" 404 1251 "-" "meta-externalagent/1.1 (+https://developers.facebook.com/docs/sharing/webmasters/crawler)"
51.222.253.16 - - [31/Mar/2025:10:44:40 -0400] "GET /naviguer-dans-le-monde-du-marketing-digital-strategies-et-tendances/ HTTP/1.1" 404 1251 "-" "Mozilla/5.0 (compatible; AhrefsBot/7.0; +http://ahrefs.com/robot/)"
51.222.253.20 - - [31/Mar/2025:10:45:23 -0400] "GET /the-liberating-journey-of-deleting-your-instagram-account/ HTTP/1.1" 404 1251 "-" "Mozilla/5.0 (compatible; AhrefsBot/7.0; +http://ahrefs.com/robot/)"
77.94.1.134 - - [31/Mar/2025:10:45:56 -0400] "GET /the-world-of-satta-king-a-deep-dive/ HTTP/1.1" 404 1251 "-" "Mozilla/5.0 (Windows NT 10.0; WOW64) AppleWebKit/537.36 (KHTML, like Gecko) Chrome/114.0.0.0 YaBrowser/22.7.0 Yowser/2.5 Safari/537.36"
46.8.155.22 - - [31/Mar/2025:10:45:58 -0400] "GET / HTTP/1.1" 403 1242 "-" "Mozilla/5.0 (Windows NT 10.0; WOW64) AppleWebKit/537.36 (KHTML, like Gecko) Chrome/114.0.0.0 YaBrowser/22.7.0 Yowser/2.5 Safari/537.36"
51.222.253.2 - - [31/Mar/2025:10:46:05 -0400] "GET /michael-kors/ HTTP/1.1" 404 1251 "-" "Mozilla/5.0 (compatible; AhrefsBot/7.0; +http://ahrefs.com/robot/)"
51.222.253.12 - - [31/Mar/2025:10:46:52 -0400] "GET /die-kunst-des-gitarrespielens-meistern/ HTTP/1.1" 404 1251 "-" "Mozilla/5.0 (compatible; AhrefsBot/7.0; +http://ahrefs.com/robot/)"
51.222.253.2 - - [31/Mar/2025:10:47:40 -0400] "GET /custom-gaming-pc/ HTTP/1.1" 404 1251 "-" "Mozilla/5.0 (compatible; AhrefsBot/7.0; +http://ahrefs.com/robot/)"
51.222.253.19 - - [31/Mar/2025:10:48:34 -0400] "GET /pet-insurance-for-dogs-what-you-need-to-know/ HTTP/1.1" 404 1251 "-" "Mozilla/5.0 (compatible; AhrefsBot/7.0; +http://ahrefs.com/robot/)"
51.222.253.8 - - [31/Mar/2025:10:49:18 -0400] "GET /the-effectiveness-and-importance-of-business-trip-massage/ HTTP/1.1" 404 1251 "-" "Mozilla/5.0 (compatible; AhrefsBot/7.0; +http://ahrefs.com/robot/)"
51.222.253.20 - - [31/Mar/2025:10:49:59 -0400] "GET /the-effectiveness-and-importances-of-business-trip-massage/ HTTP/1.1" 404 1251 "-" "Mozilla/5.0 (compatible; AhrefsBot/7.0; +http://ahrefs.com/robot/)"
51.222.253.10 - - [31/Mar/2025:10:50:49 -0400] "GET /die-bedeutung-von-sicherheitskameras/ HTTP/1.1" 404 1251 "-" "Mozilla/5.0 (compatible; AhrefsBot/7.0; +http://ahrefs.com/robot/)"
51.222.253.8 - - [31/Mar/2025:10:51:33 -0400] "GET /page/147/ HTTP/1.1" 404 1251 "-" "Mozilla/5.0 (compatible; AhrefsBot/7.0; +http://ahrefs.com/robot/)"
51.222.253.4 - - [31/Mar/2025:10:52:18 -0400] "GET /unlocking-radiance-the-magic-of-vita-glow-skin-whitening-night-cream/ HTTP/1.1" 404 1251 "-" "Mozilla/5.0 (compatible; AhrefsBot/7.0; +http://ahrefs.com/robot/)"
51.222.253.16 - - [31/Mar/2025:10:53:01 -0400] "GET /unraveling-the-mystery-of-pain-behind-the-shoulder-blade/ HTTP/1.1" 404 1251 "-" "Mozilla/5.0 (compatible; AhrefsBot/7.0; +http://ahrefs.com/robot/)"
51.222.253.8 - - [31/Mar/2025:10:53:44 -0400] "GET /gitarrenunterricht-essen/ HTTP/1.1" 404 1251 "-" "Mozilla/5.0 (compatible; AhrefsBot/7.0; +http://ahrefs.com/robot/)"
51.222.253.7 - - [31/Mar/2025:10:54:27 -0400] "GET /how-to-buy-peptides-online/ HTTP/1.1" 404 1251 "-" "Mozilla/5.0 (compatible; AhrefsBot/7.0; +http://ahrefs.com/robot/)"
35.206.84.16 - - [31/Mar/2025:10:55:01 -0400] "HEAD / HTTP/1.1" 403 0 "-" "scalaj-http/2.4.2"
35.206.84.16 - - [31/Mar/2025:10:55:01 -0400] "HEAD / HTTP/1.1" 403 0 "-" "scalaj-http/2.4.2"
51.222.253.3 - - [31/Mar/2025:10:55:16 -0400] "GET /the-art-of-high-quality-nude-photography/ HTTP/1.1" 404 1251 "-" "Mozilla/5.0 (compatible; AhrefsBot/7.0; +http://ahrefs.com/robot/)"
114.119.138.170 - - [31/Mar/2025:10:55:45 -0400] "GET /die-schonheit-moderner-hangelampen/ HTTP/1.1" 404 1251 "https://freelancingclients.com/category/activity/page/43/" "Mozilla/5.0 (Linux; Android 7.0;) AppleWebKit/537.36 (KHTML, like Gecko) Mobile Safari/537.36 (compatible; PetalBot;+https://webmaster.petalsearch.com/site/petalbot)"
51.222.253.9 - - [31/Mar/2025:10:56:01 -0400] "GET /buying-bulk-blank-apparel-online/ HTTP/1.1" 404 1251 "-" "Mozilla/5.0 (compatible; AhrefsBot/7.0; +http://ahrefs.com/robot/)"
51.222.253.1 - - [31/Mar/2025:10:56:48 -0400] "GET /unveiling-the-wonders-of-careprost-uk/ HTTP/1.1" 404 1251 "-" "Mozilla/5.0 (compatible; AhrefsBot/7.0; +http://ahrefs.com/robot/)"
114.119.144.127 - - [31/Mar/2025:10:57:07 -0400] "GET /cache-level-3-and-early-learning-centres/ HTTP/1.1" 404 1251 "https://freelancingclients.com/cache-level-3-and-early-learning-centres/" "Mozilla/5.0 (Linux; Android 7.0;) AppleWebKit/537.36 (KHTML, like Gecko) Mobile Safari/537.36 (compatible; PetalBot;+https://webmaster.petalsearch.com/site/petalbot)"
51.222.253.1 - - [31/Mar/2025:10:57:28 -0400] "GET /nfts/ HTTP/1.1" 404 1251 "-" "Mozilla/5.0 (compatible; AhrefsBot/7.0; +http://ahrefs.com/robot/)"
51.222.253.15 - - [31/Mar/2025:10:58:16 -0400] "GET /why-invest-in-premium-domains/ HTTP/1.1" 404 1251 "-" "Mozilla/5.0 (compatible; AhrefsBot/7.0; +http://ahrefs.com/robot/)"
196.251.88.242 - - [31/Mar/2025:10:58:21 -0400] "GET /wp-content/plugins/WordPressCore/include.php HTTP/1.1" 404 1251 "-" "Mozlila/5.0 (Linux; Android 7.0; SM-G892A Bulid/NRD90M; wv) AppleWebKit/537.36 (KHTML, like Gecko) Version/4.0 Chrome/60.0.3112.107 Moblie Safari/537.36"
196.251.88.242 - - [31/Mar/2025:10:58:25 -0400] "GET /wp-content/plugins/WordPressCore/include.php HTTP/1.1" 404 1251 "-" "Mozlila/5.0 (Linux; Android 7.0; SM-G892A Bulid/NRD90M; wv) AppleWebKit/537.36 (KHTML, like Gecko) Version/4.0 Chrome/60.0.3112.107 Moblie Safari/537.36"
196.251.88.242 - - [31/Mar/2025:10:58:30 -0400] "GET /wp-includes/images/include.php HTTP/1.1" 404 1251 "-" "Mozlila/5.0 (Linux; Android 7.0; SM-G892A Bulid/NRD90M; wv) AppleWebKit/537.36 (KHTML, like Gecko) Version/4.0 Chrome/60.0.3112.107 Moblie Safari/537.36"
196.251.88.242 - - [31/Mar/2025:10:58:36 -0400] "GET /wp-includes/images/include.php HTTP/1.1" 404 1251 "-" "Mozlila/5.0 (Linux; Android 7.0; SM-G892A Bulid/NRD90M; wv) AppleWebKit/537.36 (KHTML, like Gecko) Version/4.0 Chrome/60.0.3112.107 Moblie Safari/537.36"
196.251.88.242 - - [31/Mar/2025:10:58:42 -0400] "GET /wp-content/themes/include.php HTTP/1.1" 404 1251 "-" "Mozlila/5.0 (Linux; Android 7.0; SM-G892A Bulid/NRD90M; wv) AppleWebKit/537.36 (KHTML, like Gecko) Version/4.0 Chrome/60.0.3112.107 Moblie Safari/537.36"
196.251.88.242 - - [31/Mar/2025:10:58:45 -0400] "GET /wp-content/themes/include.php HTTP/1.1" 404 1251 "-" "Mozlila/5.0 (Linux; Android 7.0; SM-G892A Bulid/NRD90M; wv) AppleWebKit/537.36 (KHTML, like Gecko) Version/4.0 Chrome/60.0.3112.107 Moblie Safari/537.36"
196.251.88.242 - - [31/Mar/2025:10:58:49 -0400] "GET /wp-includes/widgets/include.php HTTP/1.1" 404 1251 "-" "Mozlila/5.0 (Linux; Android 7.0; SM-G892A Bulid/NRD90M; wv) AppleWebKit/537.36 (KHTML, like Gecko) Version/4.0 Chrome/60.0.3112.107 Moblie Safari/537.36"
196.251.88.242 - - [31/Mar/2025:10:58:53 -0400] "GET /wp-includes/widgets/include.php HTTP/1.1" 404 1251 "-" "Mozlila/5.0 (Linux; Android 7.0; SM-G892A Bulid/NRD90M; wv) AppleWebKit/537.36 (KHTML, like Gecko) Version/4.0 Chrome/60.0.3112.107 Moblie Safari/537.36"
196.251.88.242 - - [31/Mar/2025:10:58:57 -0400] "GET /wp-content/plugins/include.php HTTP/1.1" 404 1251 "-" "Mozlila/5.0 (Linux; Android 7.0; SM-G892A Bulid/NRD90M; wv) AppleWebKit/537.36 (KHTML, like Gecko) Version/4.0 Chrome/60.0.3112.107 Moblie Safari/537.36"
196.251.88.242 - - [31/Mar/2025:10:59:00 -0400] "GET /wp-content/plugins/include.php HTTP/1.1" 404 1251 "-" "Mozlila/5.0 (Linux; Android 7.0; SM-G892A Bulid/NRD90M; wv) AppleWebKit/537.36 (KHTML, like Gecko) Version/4.0 Chrome/60.0.3112.107 Moblie Safari/537.36"
51.222.253.6 - - [31/Mar/2025:10:59:12 -0400] "GET /the-transformative-benefits-of-massage-therapy/ HTTP/1.1" 404 1251 "-" "Mozilla/5.0 (compatible; AhrefsBot/7.0; +http://ahrefs.com/robot/)"
51.222.253.7 - - [31/Mar/2025:10:59:53 -0400] "GET /introduction-to-online-casinos/ HTTP/1.1" 404 1251 "-" "Mozilla/5.0 (compatible; AhrefsBot/7.0; +http://ahrefs.com/robot/)"
51.222.253.11 - - [31/Mar/2025:11:00:42 -0400] "GET /michael-kors-bags-on-sale/ HTTP/1.1" 404 1251 "-" "Mozilla/5.0 (compatible; AhrefsBot/7.0; +http://ahrefs.com/robot/)"
185.191.171.13 - - [31/Mar/2025:11:00:50 -0400] "GET /robots.txt HTTP/1.1" 404 1251 "-" "Mozilla/5.0 (compatible; SemrushBot/7~bl; +http://www.semrush.com/bot.html)"
85.208.96.193 - - [31/Mar/2025:11:00:50 -0400] "GET /category/activity/page/51/ HTTP/1.1" 404 1251 "-" "Mozilla/5.0 (compatible; SemrushBot/7~bl; +http://www.semrush.com/bot.html)"
51.222.253.19 - - [31/Mar/2025:11:01:27 -0400] "GET /the-facts-about-adhd-proving-the-truths-and-debunking-the-myths/ HTTP/1.1" 404 1251 "-" "Mozilla/5.0 (compatible; AhrefsBot/7.0; +http://ahrefs.com/robot/)"
51.222.253.15 - - [31/Mar/2025:11:02:17 -0400] "GET /custom-logo-socks/ HTTP/1.1" 404 1251 "-" "Mozilla/5.0 (compatible; AhrefsBot/7.0; +http://ahrefs.com/robot/)"
51.222.253.17 - - [31/Mar/2025:11:03:00 -0400] "GET /erfahrener-scheidungsanwalt-in-hattingen-ihre-kompetente-unterstutzung/ HTTP/1.1" 404 1251 "-" "Mozilla/5.0 (compatible; AhrefsBot/7.0; +http://ahrefs.com/robot/)"
51.222.253.6 - - [31/Mar/2025:11:03:44 -0400] "GET /a-journey-through-language-and-culture/ HTTP/1.1" 404 1251 "-" "Mozilla/5.0 (compatible; AhrefsBot/7.0; +http://ahrefs.com/robot/)"
51.222.253.6 - - [31/Mar/2025:11:04:24 -0400] "GET /cbd-shop-uk/ HTTP/1.1" 404 1251 "-" "Mozilla/5.0 (compatible; AhrefsBot/7.0; +http://ahrefs.com/robot/)"
51.222.253.20 - - [31/Mar/2025:11:05:13 -0400] "GET /guide-complet-pour-un-toit-propre/ HTTP/1.1" 404 1251 "-" "Mozilla/5.0 (compatible; AhrefsBot/7.0; +http://ahrefs.com/robot/)"
51.222.253.6 - - [31/Mar/2025:11:06:01 -0400] "GET /how-to-fix-my-credit/ HTTP/1.1" 404 1251 "-" "Mozilla/5.0 (compatible; AhrefsBot/7.0; +http://ahrefs.com/robot/)"
47.82.37.104 - - [31/Mar/2025:11:06:29 -0400] "GET / HTTP/1.1" 403 1242 "https://www.google.com/" "Mozilla/5.0 (Windows NT 10.0; Win64; x64) AppleWebKit/537.36 (KHTML, like Gecko) Chrome/132.0.0.0 Safari/537.36"
51.222.253.14 - - [31/Mar/2025:11:06:39 -0400] "GET /steigerung-der-produktivitat-und-des-wohlbefindens-am-arbeitsplatz-die-auswirkungen-einer-professionellen-buroreinigung-in-winsen-luhe/ HTTP/1.1" 404 1251 "-" "Mozilla/5.0 (compatible; AhrefsBot/7.0; +http://ahrefs.com/robot/)"
51.222.253.7 - - [31/Mar/2025:11:07:26 -0400] "GET /how-to-determine-screw-sizes/ HTTP/1.1" 404 1251 "-" "Mozilla/5.0 (compatible; AhrefsBot/7.0; +http://ahrefs.com/robot/)"
51.222.253.17 - - [31/Mar/2025:11:08:11 -0400] "GET /mk-bag-on-sale/ HTTP/1.1" 404 1251 "-" "Mozilla/5.0 (compatible; AhrefsBot/7.0; +http://ahrefs.com/robot/)"
54.226.143.137 - - [31/Mar/2025:11:08:40 -0400] "GET /how-to-get-more-live-stream-viewers-on-youtube/ HTTP/1.1" 404 1251 "-" "Grammarly/1.0 (http://www.grammarly.com)"
51.222.253.17 - - [31/Mar/2025:11:08:55 -0400] "GET /kratom-capsules/ HTTP/1.1" 404 1251 "-" "Mozilla/5.0 (compatible; AhrefsBot/7.0; +http://ahrefs.com/robot/)"
51.222.253.2 - - [31/Mar/2025:11:09:42 -0400] "GET /crazy-golf-hire-near-me/ HTTP/1.1" 404 1251 "-" "Mozilla/5.0 (compatible; AhrefsBot/7.0; +http://ahrefs.com/robot/)"
51.222.253.13 - - [31/Mar/2025:11:10:30 -0400] "GET /unveiling-the-secrets-of-melbournes-premier-hairdresser-for-curly-hair/ HTTP/1.1" 404 1251 "-" "Mozilla/5.0 (compatible; AhrefsBot/7.0; +http://ahrefs.com/robot/)"
114.119.163.52 - - [31/Mar/2025:11:11:24 -0400] "GET /yeti-vs-rtic-vs-ozark-trail-battle-of-the-tumblers/ HTTP/1.1" 404 1251 "https://freelancingclients.com/category/activity/page/152/" "Mozilla/5.0 (Linux; Android 7.0;) AppleWebKit/537.36 (KHTML, like Gecko) Mobile Safari/537.36 (compatible; PetalBot;+https://webmaster.petalsearch.com/site/petalbot)"
51.222.253.13 - - [31/Mar/2025:11:11:34 -0400] "GET /enhancing-online-presence-with-youtube-views/ HTTP/1.1" 404 1251 "-" "Mozilla/5.0 (compatible; AhrefsBot/7.0; +http://ahrefs.com/robot/)"
51.222.253.14 - - [31/Mar/2025:11:12:16 -0400] "GET /mon-examen-premium-adapt-2024/ HTTP/1.1" 404 1251 "-" "Mozilla/5.0 (compatible; AhrefsBot/7.0; +http://ahrefs.com/robot/)"
114.119.138.170 - - [31/Mar/2025:11:12:47 -0400] "GET /traumhaftes-resort-am-gardasee/ HTTP/1.1" 404 1251 "https://freelancingclients.com/category/activity/page/23/" "Mozilla/5.0 (Linux; Android 7.0;) AppleWebKit/537.36 (KHTML, like Gecko) Mobile Safari/537.36 (compatible; PetalBot;+https://webmaster.petalsearch.com/site/petalbot)"
51.222.253.12 - - [31/Mar/2025:11:12:54 -0400] "GET /beckham-law-spain/ HTTP/1.1" 404 1251 "-" "Mozilla/5.0 (compatible; AhrefsBot/7.0; +http://ahrefs.com/robot/)"
51.222.253.9 - - [31/Mar/2025:11:13:37 -0400] "GET /explosion-proof-valve-actuator/ HTTP/1.1" 404 1251 "-" "Mozilla/5.0 (compatible; AhrefsBot/7.0; +http://ahrefs.com/robot/)"
114.119.163.52 - - [31/Mar/2025:11:14:10 -0400] "GET /the-enigma-exploring-the-myst-showflat/ HTTP/1.1" 404 1251 "https://freelancingclients.com/the-enigma-exploring-the-myst-showflat/" "Mozilla/5.0 (Linux; Android 7.0;) AppleWebKit/537.36 (KHTML, like Gecko) Mobile Safari/537.36 (compatible; PetalBot;+https://webmaster.petalsearch.com/site/petalbot)"
51.222.253.12 - - [31/Mar/2025:11:14:18 -0400] "GET /the-transformative-power-of-massage-therapy/ HTTP/1.1" 404 1251 "-" "Mozilla/5.0 (compatible; AhrefsBot/7.0; +http://ahrefs.com/robot/)"
51.222.253.3 - - [31/Mar/2025:11:15:01 -0400] "GET /basic-information-about-minimum-auto-insurance-requirements-in-alabama/ HTTP/1.1" 404 1251 "-" "Mozilla/5.0 (compatible; AhrefsBot/7.0; +http://ahrefs.com/robot/)"
114.119.153.50 - - [31/Mar/2025:11:15:35 -0400] "GET /ein-unvergesslicher-aufenthalt-im-resort-am-gardasee/ HTTP/1.1" 404 1251 "https://freelancingclients.com/ein-unvergesslicher-aufenthalt-im-resort-am-gardasee/" "Mozilla/5.0 (Linux; Android 7.0;) AppleWebKit/537.36 (KHTML, like Gecko) Mobile Safari/537.36 (compatible; PetalBot;+https://webmaster.petalsearch.com/site/petalbot)"
51.222.253.9 - - [31/Mar/2025:11:15:42 -0400] "GET /play-now-with-top-online-casino-in-malaysia/ HTTP/1.1" 404 1251 "-" "Mozilla/5.0 (compatible; AhrefsBot/7.0; +http://ahrefs.com/robot/)"
51.222.253.10 - - [31/Mar/2025:11:16:19 -0400] "GET /category/activity/page/148/ HTTP/1.1" 404 1251 "-" "Mozilla/5.0 (compatible; AhrefsBot/7.0; +http://ahrefs.com/robot/)"
51.222.253.10 - - [31/Mar/2025:11:16:54 -0400] "GET /cal-ripkin/ HTTP/1.1" 404 1251 "-" "Mozilla/5.0 (compatible; AhrefsBot/7.0; +http://ahrefs.com/robot/)"
114.119.131.163 - - [31/Mar/2025:11:16:56 -0400] "GET /discover-the-magic-of-rainbow-riches-casino/ HTTP/1.1" 404 1251 "https://freelancingclients.com/page/8/" "Mozilla/5.0 (Linux; Android 7.0;) AppleWebKit/537.36 (KHTML, like Gecko) Mobile Safari/537.36 (compatible; PetalBot;+https://webmaster.petalsearch.com/site/petalbot)"
51.222.253.2 - - [31/Mar/2025:11:17:36 -0400] "GET /your-guide-to-preventive-healthcare/ HTTP/1.1" 404 1251 "-" "Mozilla/5.0 (compatible; AhrefsBot/7.0; +http://ahrefs.com/robot/)"
51.222.253.1 - - [31/Mar/2025:11:18:19 -0400] "GET /dachdecker-hamburg-niendorf/ HTTP/1.1" 404 1251 "-" "Mozilla/5.0 (compatible; AhrefsBot/7.0; +http://ahrefs.com/robot/)"
114.119.136.245 - - [31/Mar/2025:11:18:23 -0400] "GET /buying-a-good-hair-dryer/ HTTP/1.1" 404 1251 "https://freelancingclients.com/buying-a-good-hair-dryer/" "Mozilla/5.0 (Linux; Android 7.0;) AppleWebKit/537.36 (KHTML, like Gecko) Mobile Safari/537.36 (compatible; PetalBot;+https://webmaster.petalsearch.com/site/petalbot)"
85.208.96.210 - - [31/Mar/2025:11:18:27 -0400] "GET /maximizing-reach-with-digital-marketing-services-for-small-businesses/ HTTP/1.1" 404 1251 "-" "Mozilla/5.0 (compatible; SemrushBot/7~bl; +http://www.semrush.com/bot.html)"
51.222.253.20 - - [31/Mar/2025:11:19:00 -0400] "GET /birthday-cake-ideas-for-kids/ HTTP/1.1" 404 1251 "-" "Mozilla/5.0 (compatible; AhrefsBot/7.0; +http://ahrefs.com/robot/)"
51.222.253.6 - - [31/Mar/2025:11:19:47 -0400] "GET /north-cyprus-hair-transplant/ HTTP/1.1" 404 1251 "-" "Mozilla/5.0 (compatible; AhrefsBot/7.0; +http://ahrefs.com/robot/)"
51.222.253.16 - - [31/Mar/2025:11:20:31 -0400] "GET /printed-socks/ HTTP/1.1" 404 1251 "-" "Mozilla/5.0 (compatible; AhrefsBot/7.0; +http://ahrefs.com/robot/)"
51.222.253.18 - - [31/Mar/2025:11:21:12 -0400] "GET /have-fun-with-online-casino-gambling/ HTTP/1.1" 404 1251 "-" "Mozilla/5.0 (compatible; AhrefsBot/7.0; +http://ahrefs.com/robot/)"
51.222.253.13 - - [31/Mar/2025:11:21:51 -0400] "GET /dream-a-little-dream-of-me-lyrics/ HTTP/1.1" 404 1251 "-" "Mozilla/5.0 (compatible; AhrefsBot/7.0; +http://ahrefs.com/robot/)"
51.222.253.2 - - [31/Mar/2025:11:22:30 -0400] "GET /tenir-un-journal-psychique/ HTTP/1.1" 404 1251 "-" "Mozilla/5.0 (compatible; AhrefsBot/7.0; +http://ahrefs.com/robot/)"
2600:8800:243c:b700:c130:8092:40c3:688a - - [31/Mar/2025:11:22:54 -0400] "GET /thank-you-cover-letter-secrets-masterclass?inf_contact_key=b3bd4456b0f34a57262bc0140255dce7680f8914173f9191b1c0223e68310bb1 HTTP/1.1" 404 1251 "-" "Mozilla/5.0 (Macintosh; Intel Mac OS X 10_15_7) AppleWebKit/605.1.15 (KHTML, like Gecko) Version/18.3.1 Safari/605.1.15"
2600:8800:243c:b700:c130:8092:40c3:688a - - [31/Mar/2025:11:22:54 -0400] "GET /favicon.ico HTTP/1.1" 404 1251 "https://freelancingclients.com/thank-you-cover-letter-secrets-masterclass?inf_contact_key=b3bd4456b0f34a57262bc0140255dce7680f8914173f9191b1c0223e68310bb1" "Mozilla/5.0 (Macintosh; Intel Mac OS X 10_15_7) AppleWebKit/605.1.15 (KHTML, like Gecko) Version/18.3.1 Safari/605.1.15"
2600:8800:243c:b700:c130:8092:40c3:688a - - [31/Mar/2025:11:22:54 -0400] "GET /apple-touch-icon-precomposed.png HTTP/1.1" 404 1251 "-" "Safari/20620.2.4.11.6 CFNetwork/3826.400.120 Darwin/24.3.0"
2600:8800:243c:b700:c130:8092:40c3:688a - - [31/Mar/2025:11:22:54 -0400] "GET /apple-touch-icon.png HTTP/1.1" 404 1251 "-" "Safari/20620.2.4.11.6 CFNetwork/3826.400.120 Darwin/24.3.0"
51.222.253.10 - - [31/Mar/2025:11:23:10 -0400] "GET /agriturismo-lazise/ HTTP/1.1" 404 1251 "-" "Mozilla/5.0 (compatible; AhrefsBot/7.0; +http://ahrefs.com/robot/)"
198.54.114.83 - - [31/Mar/2025:11:23:10 -0400] "POST /wp-admin/admin-ajax.php?action=async_litespeed&nonce=o8MsP6ddIgAWFCaRkP28tG8lPOZsoic9&litespeed_type=imgoptm HTTP/1.1" 200 0 "-" "WordPress/6.7.1; https://freelancingclients.com"
178.20.40.59 - - [31/Mar/2025:11:23:18 -0400] "GET /osteopathy/ HTTP/1.1" 404 1251 "https://freelancingclients.com/osteopathy/" "Mozilla/5.0 (Windows NT 10.0; Win64; x64) AppleWebKit/537.36 (KHTML, like Gecko) Chrome/130.0.0.0 Safari/537.36 CCleaner/130.0.0.0"
178.20.40.59 - - [31/Mar/2025:11:23:19 -0400] "GET / HTTP/1.1" 403 1242 "https://freelancingclients.com/" "Mozilla/5.0 (Windows NT 10.0; Win64; x64) AppleWebKit/537.36 (KHTML, like Gecko) Chrome/130.0.0.0 Safari/537.36 CCleaner/130.0.0.0"
178.20.40.59 - - [31/Mar/2025:11:23:20 -0400] "GET / HTTP/1.1" 403 1242 "https://freelancingclients.com/" "Mozilla/5.0 (Windows NT 10.0; Win64; x64) AppleWebKit/537.36 (KHTML, like Gecko) Chrome/130.0.0.0 Safari/537.36 CCleaner/130.0.0.0"
51.222.253.10 - - [31/Mar/2025:11:23:50 -0400] "GET /the-excitement-of-online-gambling/ HTTP/1.1" 404 1251 "-" "Mozilla/5.0 (compatible; AhrefsBot/7.0; +http://ahrefs.com/robot/)"
51.222.253.17 - - [31/Mar/2025:11:24:28 -0400] "GET /revolutionizing-refrigerant-recovery-the-top-refrigerant-recovery-machine/ HTTP/1.1" 404 1251 "-" "Mozilla/5.0 (compatible; AhrefsBot/7.0; +http://ahrefs.com/robot/)"
51.222.253.3 - - [31/Mar/2025:11:25:11 -0400] "GET /buy-50-tiktok-likes/ HTTP/1.1" 404 1251 "-" "Mozilla/5.0 (compatible; AhrefsBot/7.0; +http://ahrefs.com/robot/)"
51.222.253.12 - - [31/Mar/2025:11:25:55 -0400] "GET /energy-savings-from-advanced-monitoring-and-controls-in-your-spiral-freezer/ HTTP/1.1" 404 1251 "-" "Mozilla/5.0 (compatible; AhrefsBot/7.0; +http://ahrefs.com/robot/)"
51.222.253.20 - - [31/Mar/2025:11:26:32 -0400] "GET /why-every-home-can-benefit-from-interior-and-exterior-window-shutters/ HTTP/1.1" 404 1251 "-" "Mozilla/5.0 (compatible; AhrefsBot/7.0; +http://ahrefs.com/robot/)"
51.222.253.4 - - [31/Mar/2025:11:27:12 -0400] "GET /cool-comfort-on-the-road-exploring-the-norcold-camper-ac/ HTTP/1.1" 404 1251 "-" "Mozilla/5.0 (compatible; AhrefsBot/7.0; +http://ahrefs.com/robot/)"
51.222.253.6 - - [31/Mar/2025:11:27:57 -0400] "GET /revolutionizing-communication-the-power-of-ai-in-video-conferencing/ HTTP/1.1" 404 1251 "-" "Mozilla/5.0 (compatible; AhrefsBot/7.0; +http://ahrefs.com/robot/)"
114.119.153.50 - - [31/Mar/2025:11:28:12 -0400] "GET /page/156/ HTTP/1.1" 404 1251 "https://freelancingclients.com/page/157/" "Mozilla/5.0 (Linux; Android 7.0;) AppleWebKit/537.36 (KHTML, like Gecko) Mobile Safari/537.36 (compatible; PetalBot;+https://webmaster.petalsearch.com/site/petalbot)"
51.222.253.14 - - [31/Mar/2025:11:28:40 -0400] "GET /best-curly-hair-salon-melbourne/ HTTP/1.1" 404 1251 "-" "Mozilla/5.0 (compatible; AhrefsBot/7.0; +http://ahrefs.com/robot/)"
51.222.253.1 - - [31/Mar/2025:11:29:23 -0400] "GET /exploring-temporal-ingenuity-the-marvel-of-the-original-clock/ HTTP/1.1" 404 1251 "-" "Mozilla/5.0 (compatible; AhrefsBot/7.0; +http://ahrefs.com/robot/)"
121.229.156.75 - - [31/Mar/2025:11:29:50 -0400] "GET / HTTP/1.1" 403 1242 "-" "Sogou web spider/4.0(+http://www.sogou.com/docs/help/webmasters.htm#07)"
51.222.253.4 - - [31/Mar/2025:11:30:09 -0400] "GET /car-battery-for-beginners/ HTTP/1.1" 404 1251 "-" "Mozilla/5.0 (compatible; AhrefsBot/7.0; +http://ahrefs.com/robot/)"
