62.113.115.161 - - [31/Mar/2025:06:00:00 -0400] "GET / HTTP/1.1" 403 1242 "https://freelancingclients.com/" "Mozilla/5.0 (Windows NT 10.0; Win64; x64) AppleWebKit/537.36 (KHTML, like Gecko) Chrome/129.0.0.0 Safari/537.36"
62.113.115.161 - - [31/Mar/2025:06:00:02 -0400] "GET / HTTP/1.1" 403 1242 "https://freelancingclients.com/" "Mozilla/5.0 (Windows NT 10.0; Win64; x64) AppleWebKit/537.36 (KHTML, like Gecko) Chrome/131.0.0.0 Safari/537.36 Avast/131.0.0.0"
51.222.253.13 - - [31/Mar/2025:06:00:12 -0400] "GET /the-luxury-real-estate-marketing-keys-for-personal-branding-part-1-of-5/ HTTP/1.1" 404 1251 "-" "Mozilla/5.0 (compatible; AhrefsBot/7.0; +http://ahrefs.com/robot/)"
51.222.253.6 - - [31/Mar/2025:06:00:50 -0400] "GET /the-future-of-eyewear-shopping/ HTTP/1.1" 404 1251 "-" "Mozilla/5.0 (compatible; AhrefsBot/7.0; +http://ahrefs.com/robot/)"
114.119.131.163 - - [31/Mar/2025:06:01:21 -0400] "GET /category/activity/page/26/ HTTP/1.1" 404 1251 "https://freelancingclients.com/category/activity/page/26/" "Mozilla/5.0 (Linux; Android 7.0;) AppleWebKit/537.36 (KHTML, like Gecko) Mobile Safari/537.36 (compatible; PetalBot;+https://webmaster.petalsearch.com/site/petalbot)"
51.222.253.10 - - [31/Mar/2025:06:01:36 -0400] "GET /how-to-find-private-caregiver-jobs/ HTTP/1.1" 404 1251 "-" "Mozilla/5.0 (compatible; AhrefsBot/7.0; +http://ahrefs.com/robot/)"
51.222.253.15 - - [31/Mar/2025:06:02:16 -0400] "GET /shark-tooth-necklace/ HTTP/1.1" 404 1251 "-" "Mozilla/5.0 (compatible; AhrefsBot/7.0; +http://ahrefs.com/robot/)"
85.208.96.204 - - [31/Mar/2025:06:02:18 -0400] "GET /the-evolution-of-online-gambling-balancing-entertainment-and-responsibility/ HTTP/1.1" 404 1251 "-" "Mozilla/5.0 (compatible; SemrushBot/7~bl; +http://www.semrush.com/bot.html)"
114.119.153.191 - - [31/Mar/2025:06:02:45 -0400] "GET /category/activity/page/123/ HTTP/1.1" 404 1251 "https://freelancingclients.com/category/activity/page/124/" "Mozilla/5.0 (Linux; Android 7.0;) AppleWebKit/537.36 (KHTML, like Gecko) Mobile Safari/537.36 (compatible; PetalBot;+https://webmaster.petalsearch.com/site/petalbot)"
51.222.253.1 - - [31/Mar/2025:06:03:02 -0400] "GET /how-to-enjoy-painting-by-numbers/ HTTP/1.1" 404 1251 "-" "Mozilla/5.0 (compatible; AhrefsBot/7.0; +http://ahrefs.com/robot/)"
51.222.253.4 - - [31/Mar/2025:06:03:41 -0400] "GET /tretinoin-gel-uk/ HTTP/1.1" 404 1251 "-" "Mozilla/5.0 (compatible; AhrefsBot/7.0; +http://ahrefs.com/robot/)"
114.119.131.163 - - [31/Mar/2025:06:04:09 -0400] "GET /modern-california-prefab-homes-a-comprehensive-overview/ HTTP/1.1" 404 1251 "https://freelancingclients.com/modern-california-prefab-homes-a-comprehensive-overview/" "Mozilla/5.0 (Linux; Android 7.0;) AppleWebKit/537.36 (KHTML, like Gecko) Mobile Safari/537.36 (compatible; PetalBot;+https://webmaster.petalsearch.com/site/petalbot)"
51.222.253.7 - - [31/Mar/2025:06:04:22 -0400] "GET /zuverlassiger-umzugsservice-in-luneburg-fur-einen-stressfreien-wechsel/ HTTP/1.1" 404 1251 "-" "Mozilla/5.0 (compatible; AhrefsBot/7.0; +http://ahrefs.com/robot/)"
217.113.194.56 - - [31/Mar/2025:06:04:35 -0400] "GET /24-hour-locksmith/feed/ HTTP/1.1" 404 1251 "-" "Mozilla/5.0 (compatible; Barkrowler/0.9; +https://babbar.tech/crawler)"
217.113.194.57 - - [31/Mar/2025:06:04:51 -0400] "GET /an-island-escape/feed/ HTTP/1.1" 404 1251 "-" "Mozilla/5.0 (compatible; Barkrowler/0.9; +https://babbar.tech/crawler)"
51.222.253.18 - - [31/Mar/2025:06:05:03 -0400] "GET /maximizing-reach-with-tiktok-views/ HTTP/1.1" 404 1251 "-" "Mozilla/5.0 (compatible; AhrefsBot/7.0; +http://ahrefs.com/robot/)"
217.113.194.53 - - [31/Mar/2025:06:05:06 -0400] "GET /online-accounting-services/feed/ HTTP/1.1" 404 1251 "-" "Mozilla/5.0 (compatible; Barkrowler/0.9; +https://babbar.tech/crawler)"
217.113.194.52 - - [31/Mar/2025:06:05:22 -0400] "GET /visa-as-customer-service/ HTTP/1.1" 404 1251 "-" "Mozilla/5.0 (compatible; Barkrowler/0.9; +https://babbar.tech/crawler)"
114.119.153.191 - - [31/Mar/2025:06:05:32 -0400] "GET /a-love-for-music-and-tuscany-is-what-makes-a-fine-wine-from-the-dei-cantina/ HTTP/1.1" 404 1251 "https://freelancingclients.com/category/activity/page/152/" "Mozilla/5.0 (Linux; Android 7.0;) AppleWebKit/537.36 (KHTML, like Gecko) Mobile Safari/537.36 (compatible; PetalBot;+https://webmaster.petalsearch.com/site/petalbot)"
217.113.194.53 - - [31/Mar/2025:06:05:38 -0400] "GET /trends-and-insights/feed/ HTTP/1.1" 404 1251 "-" "Mozilla/5.0 (compatible; Barkrowler/0.9; +https://babbar.tech/crawler)"
51.222.253.4 - - [31/Mar/2025:06:05:39 -0400] "GET /free-employment-law-advice/ HTTP/1.1" 404 1251 "-" "Mozilla/5.0 (compatible; AhrefsBot/7.0; +http://ahrefs.com/robot/)"
154.54.249.198 - - [31/Mar/2025:06:05:55 -0400] "GET /golden-visa-program-spain/ HTTP/1.1" 404 1251 "-" "Mozilla/5.0 (compatible; Barkrowler/0.9; +https://babbar.tech/crawler)"
217.113.194.57 - - [31/Mar/2025:06:06:10 -0400] "GET /car-dealers-in-hamilton/ HTTP/1.1" 404 1251 "-" "Mozilla/5.0 (compatible; Barkrowler/0.9; +https://babbar.tech/crawler)"
51.222.253.12 - - [31/Mar/2025:06:06:20 -0400] "GET /autonomisation-des-personnes-agees-aide-gouvernementale-pour-laccessibilite-des-douches-pour-les-personnes-agees/ HTTP/1.1" 404 1251 "-" "Mozilla/5.0 (compatible; AhrefsBot/7.0; +http://ahrefs.com/robot/)"
154.54.249.198 - - [31/Mar/2025:06:06:26 -0400] "GET /refrigerator-repair-service/ HTTP/1.1" 404 1251 "-" "Mozilla/5.0 (compatible; Barkrowler/0.9; +https://babbar.tech/crawler)"
217.113.194.61 - - [31/Mar/2025:06:06:41 -0400] "GET /cosplay-totally-spies/ HTTP/1.1" 404 1251 "-" "Mozilla/5.0 (compatible; Barkrowler/0.9; +https://babbar.tech/crawler)"
217.113.194.58 - - [31/Mar/2025:06:06:57 -0400] "GET /a-comprehensive-guide/ HTTP/1.1" 404 1251 "-" "Mozilla/5.0 (compatible; Barkrowler/0.9; +https://babbar.tech/crawler)"
51.222.253.8 - - [31/Mar/2025:06:07:10 -0400] "GET /how-to-paint-by-numbers-your-own-picture/ HTTP/1.1" 404 1251 "-" "Mozilla/5.0 (compatible; AhrefsBot/7.0; +http://ahrefs.com/robot/)"
217.113.194.60 - - [31/Mar/2025:06:07:13 -0400] "GET /a-comprehensive-guides/ HTTP/1.1" 404 1251 "-" "Mozilla/5.0 (compatible; Barkrowler/0.9; +https://babbar.tech/crawler)"
217.113.194.57 - - [31/Mar/2025:06:07:28 -0400] "GET /a-comprehensives-guides/ HTTP/1.1" 404 1251 "-" "Mozilla/5.0 (compatible; Barkrowler/0.9; +https://babbar.tech/crawler)"
217.113.194.56 - - [31/Mar/2025:06:07:44 -0400] "GET /big77-alternatif/ HTTP/1.1" 404 1251 "-" "Mozilla/5.0 (compatible; Barkrowler/0.9; +https://babbar.tech/crawler)"
51.222.253.18 - - [31/Mar/2025:06:07:48 -0400] "GET /buy-youtube-views/ HTTP/1.1" 404 1251 "-" "Mozilla/5.0 (compatible; AhrefsBot/7.0; +http://ahrefs.com/robot/)"
94.181.156.210 - - [31/Mar/2025:06:07:53 -0400] "GET /your-guide-to-preventive-healthcare/ HTTP/1.1" 404 1251 "-" "Mozilla/5.0 (Windows NT 6.3; Win64; x64) AppleWebKit/537.36 (KHTML, like Gecko) Chrome/75.0.3770.100 Safari/537.36"
217.113.194.57 - - [31/Mar/2025:06:07:59 -0400] "GET /water-tank-cleaning-services/ HTTP/1.1" 404 1251 "-" "Mozilla/5.0 (compatible; Barkrowler/0.9; +https://babbar.tech/crawler)"
217.113.194.56 - - [31/Mar/2025:06:08:15 -0400] "GET /goldkette-reinigen/ HTTP/1.1" 404 1251 "-" "Mozilla/5.0 (compatible; Barkrowler/0.9; +https://babbar.tech/crawler)"
51.222.253.18 - - [31/Mar/2025:06:08:25 -0400] "GET /cryptomixer/ HTTP/1.1" 404 1251 "-" "Mozilla/5.0 (compatible; AhrefsBot/7.0; +http://ahrefs.com/robot/)"
217.113.194.59 - - [31/Mar/2025:06:08:30 -0400] "GET /talbina-benefits/ HTTP/1.1" 404 1251 "-" "Mozilla/5.0 (compatible; Barkrowler/0.9; +https://babbar.tech/crawler)"
217.113.194.53 - - [31/Mar/2025:06:08:46 -0400] "GET /what-is-a-gas-slot/feed/ HTTP/1.1" 404 1251 "-" "Mozilla/5.0 (compatible; Barkrowler/0.9; +https://babbar.tech/crawler)"
217.113.194.60 - - [31/Mar/2025:06:09:01 -0400] "GET /what-is-a-gas-slot/ HTTP/1.1" 404 1251 "-" "Mozilla/5.0 (compatible; Barkrowler/0.9; +https://babbar.tech/crawler)"
51.222.253.16 - - [31/Mar/2025:06:09:02 -0400] "GET /the-nutritional-elixir-unveiling-the-health-benefits-of-talbina/ HTTP/1.1" 404 1251 "-" "Mozilla/5.0 (compatible; AhrefsBot/7.0; +http://ahrefs.com/robot/)"
154.54.249.198 - - [31/Mar/2025:06:09:17 -0400] "GET /what-is-cpu-cooling/feed/ HTTP/1.1" 404 1251 "-" "Mozilla/5.0 (compatible; Barkrowler/0.9; +https://babbar.tech/crawler)"
217.113.194.57 - - [31/Mar/2025:06:09:32 -0400] "GET /what-is-training-guidance/ HTTP/1.1" 404 1251 "-" "Mozilla/5.0 (compatible; Barkrowler/0.9; +https://babbar.tech/crawler)"
198.54.114.83 - - [31/Mar/2025:06:09:34 -0400] "POST /wp-admin/admin-ajax.php?action=async_litespeed&nonce=3Fp3caZcNLCAyqEH17gjsIz1AEKRGyKX&litespeed_type=imgoptm HTTP/1.1" 200 5 "-" "WordPress/6.7.1; https://freelancingclients.com"
51.222.253.15 - - [31/Mar/2025:06:09:46 -0400] "GET /maximizing-exposure-unveiling-the-secrets-of-enhanced-youtube-views/ HTTP/1.1" 404 1251 "-" "Mozilla/5.0 (compatible; AhrefsBot/7.0; +http://ahrefs.com/robot/)"
217.113.194.61 - - [31/Mar/2025:06:09:48 -0400] "GET /what-is-frequency-healing/ HTTP/1.1" 404 1251 "-" "Mozilla/5.0 (compatible; Barkrowler/0.9; +https://babbar.tech/crawler)"
114.119.153.50 - - [31/Mar/2025:06:09:49 -0400] "GET /shutters-gateshead/ HTTP/1.1" 404 1251 "https://freelancingclients.com/category/activity/page/132/" "Mozilla/5.0 (Linux; Android 7.0;) AppleWebKit/537.36 (KHTML, like Gecko) Mobile Safari/537.36 (compatible; PetalBot;+https://webmaster.petalsearch.com/site/petalbot)"
217.113.194.52 - - [31/Mar/2025:06:10:04 -0400] "GET /what-is-a-poker-casino/ HTTP/1.1" 404 1251 "-" "Mozilla/5.0 (compatible; Barkrowler/0.9; +https://babbar.tech/crawler)"
217.113.194.55 - - [31/Mar/2025:06:10:19 -0400] "GET /what-is-business-information/feed/ HTTP/1.1" 404 1251 "-" "Mozilla/5.0 (compatible; Barkrowler/0.9; +https://babbar.tech/crawler)"
51.222.253.3 - - [31/Mar/2025:06:10:30 -0400] "GET /a-gleaming-symbol-of-love-how-to-clean-your-engagement-ring/ HTTP/1.1" 404 1251 "-" "Mozilla/5.0 (compatible; AhrefsBot/7.0; +http://ahrefs.com/robot/)"
217.113.194.53 - - [31/Mar/2025:06:10:35 -0400] "GET /what-is-a-lag-bolt/ HTTP/1.1" 404 1251 "-" "Mozilla/5.0 (compatible; Barkrowler/0.9; +https://babbar.tech/crawler)"
217.113.194.52 - - [31/Mar/2025:06:10:50 -0400] "GET /buy-youtube-views-online/ HTTP/1.1" 404 1251 "-" "Mozilla/5.0 (compatible; Barkrowler/0.9; +https://babbar.tech/crawler)"
217.113.194.58 - - [31/Mar/2025:06:11:06 -0400] "GET /buy-youtube-social-shares/ HTTP/1.1" 404 1251 "-" "Mozilla/5.0 (compatible; Barkrowler/0.9; +https://babbar.tech/crawler)"
51.222.253.10 - - [31/Mar/2025:06:11:12 -0400] "GET /the-ultimate-convenience-of-instant-hot-and-cold-water-dispensers/ HTTP/1.1" 404 1251 "-" "Mozilla/5.0 (compatible; AhrefsBot/7.0; +http://ahrefs.com/robot/)"
114.119.153.191 - - [31/Mar/2025:06:11:14 -0400] "GET /page/39/ HTTP/1.1" 404 1251 "https://freelancingclients.com/page/40/" "Mozilla/5.0 (Linux; Android 7.0;) AppleWebKit/537.36 (KHTML, like Gecko) Mobile Safari/537.36 (compatible; PetalBot;+https://webmaster.petalsearch.com/site/petalbot)"
217.113.194.58 - - [31/Mar/2025:06:11:21 -0400] "GET /la-tradition-du-metier/ HTTP/1.1" 404 1251 "-" "Mozilla/5.0 (compatible; Barkrowler/0.9; +https://babbar.tech/crawler)"
217.113.194.57 - - [31/Mar/2025:06:11:38 -0400] "GET /sac-tap-militaire/ HTTP/1.1" 404 1251 "-" "Mozilla/5.0 (compatible; Barkrowler/0.9; +https://babbar.tech/crawler)"
51.222.253.15 - - [31/Mar/2025:06:11:51 -0400] "GET /rv-fridge/ HTTP/1.1" 404 1251 "-" "Mozilla/5.0 (compatible; AhrefsBot/7.0; +http://ahrefs.com/robot/)"
154.54.249.198 - - [31/Mar/2025:06:11:53 -0400] "GET /solid-conservatory-roof/ HTTP/1.1" 404 1251 "-" "Mozilla/5.0 (compatible; Barkrowler/0.9; +https://babbar.tech/crawler)"
217.113.194.54 - - [31/Mar/2025:06:12:09 -0400] "GET /introduction-to-online-casinos/ HTTP/1.1" 404 1251 "-" "Mozilla/5.0 (compatible; Barkrowler/0.9; +https://babbar.tech/crawler)"
154.54.249.198 - - [31/Mar/2025:06:12:24 -0400] "GET /free-job-posting-uk/ HTTP/1.1" 404 1251 "-" "Mozilla/5.0 (compatible; Barkrowler/0.9; +https://babbar.tech/crawler)"
51.222.253.14 - - [31/Mar/2025:06:12:30 -0400] "GET /how-to-make-a-chicken-samosa/ HTTP/1.1" 404 1251 "-" "Mozilla/5.0 (compatible; AhrefsBot/7.0; +http://ahrefs.com/robot/)"
114.119.153.191 - - [31/Mar/2025:06:12:36 -0400] "GET /page/122/ HTTP/1.1" 404 1251 "https://freelancingclients.com/page/122/" "Mozilla/5.0 (Linux; Android 7.0;) AppleWebKit/537.36 (KHTML, like Gecko) Mobile Safari/537.36 (compatible; PetalBot;+https://webmaster.petalsearch.com/site/petalbot)"
217.113.194.60 - - [31/Mar/2025:06:12:40 -0400] "GET /trypophobie/feed/ HTTP/1.1" 404 1251 "-" "Mozilla/5.0 (compatible; Barkrowler/0.9; +https://babbar.tech/crawler)"
217.113.194.55 - - [31/Mar/2025:06:12:55 -0400] "GET /plaid-canape/feed/ HTTP/1.1" 404 1251 "-" "Mozilla/5.0 (compatible; Barkrowler/0.9; +https://babbar.tech/crawler)"
51.222.253.9 - - [31/Mar/2025:06:13:09 -0400] "GET /the-ray-ban-legacy/ HTTP/1.1" 404 1251 "-" "Mozilla/5.0 (compatible; AhrefsBot/7.0; +http://ahrefs.com/robot/)"
217.113.194.57 - - [31/Mar/2025:06:13:11 -0400] "GET /url-shorteners/feed/ HTTP/1.1" 404 1251 "-" "Mozilla/5.0 (compatible; Barkrowler/0.9; +https://babbar.tech/crawler)"
217.113.194.59 - - [31/Mar/2025:06:13:27 -0400] "GET /gourde-personnalisee/feed/ HTTP/1.1" 404 1251 "-" "Mozilla/5.0 (compatible; Barkrowler/0.9; +https://babbar.tech/crawler)"
217.113.194.59 - - [31/Mar/2025:06:13:43 -0400] "GET /beckham-law-spain/ HTTP/1.1" 404 1251 "-" "Mozilla/5.0 (compatible; Barkrowler/0.9; +https://babbar.tech/crawler)"
51.222.253.5 - - [31/Mar/2025:06:13:53 -0400] "GET /get-youtube-subscribers/ HTTP/1.1" 404 1251 "-" "Mozilla/5.0 (compatible; AhrefsBot/7.0; +http://ahrefs.com/robot/)"
217.113.194.60 - - [31/Mar/2025:06:13:58 -0400] "GET /innovation-at-its-core/ HTTP/1.1" 404 1251 "-" "Mozilla/5.0 (compatible; Barkrowler/0.9; +https://babbar.tech/crawler)"
217.113.194.57 - - [31/Mar/2025:06:14:14 -0400] "GET /cache-courses-in-dubai/ HTTP/1.1" 404 1251 "-" "Mozilla/5.0 (compatible; Barkrowler/0.9; +https://babbar.tech/crawler)"
51.222.253.16 - - [31/Mar/2025:06:14:27 -0400] "GET /prop-bets/ HTTP/1.1" 404 1251 "-" "Mozilla/5.0 (compatible; AhrefsBot/7.0; +http://ahrefs.com/robot/)"
217.113.194.60 - - [31/Mar/2025:06:14:30 -0400] "GET /the-art-of-interior-design/ HTTP/1.1" 404 1251 "-" "Mozilla/5.0 (compatible; Barkrowler/0.9; +https://babbar.tech/crawler)"
217.113.194.56 - - [31/Mar/2025:06:14:45 -0400] "GET /werbevideo-erstellen/ HTTP/1.1" 404 1251 "-" "Mozilla/5.0 (compatible; Barkrowler/0.9; +https://babbar.tech/crawler)"
154.54.249.198 - - [31/Mar/2025:06:15:01 -0400] "GET /red-velvet-cakes-sydney/ HTTP/1.1" 404 1251 "-" "Mozilla/5.0 (compatible; Barkrowler/0.9; +https://babbar.tech/crawler)"
51.222.253.11 - - [31/Mar/2025:06:15:09 -0400] "GET /best-soccer-grip-socks/ HTTP/1.1" 404 1251 "-" "Mozilla/5.0 (compatible; AhrefsBot/7.0; +http://ahrefs.com/robot/)"
217.113.194.55 - - [31/Mar/2025:06:15:17 -0400] "GET /retail-digital-marketing/feed/ HTTP/1.1" 404 1251 "-" "Mozilla/5.0 (compatible; Barkrowler/0.9; +https://babbar.tech/crawler)"
217.113.194.56 - - [31/Mar/2025:06:15:32 -0400] "GET /iced-coffee-glass/ HTTP/1.1" 404 1251 "-" "Mozilla/5.0 (compatible; Barkrowler/0.9; +https://babbar.tech/crawler)"
217.113.194.60 - - [31/Mar/2025:06:15:48 -0400] "GET /family-mediation-service/feed/ HTTP/1.1" 404 1251 "-" "Mozilla/5.0 (compatible; Barkrowler/0.9; +https://babbar.tech/crawler)"
51.222.253.9 - - [31/Mar/2025:06:15:54 -0400] "GET /unlocking-the-power-of-hypnotherapy-in-singapore/ HTTP/1.1" 404 1251 "-" "Mozilla/5.0 (compatible; AhrefsBot/7.0; +http://ahrefs.com/robot/)"
217.113.194.57 - - [31/Mar/2025:06:16:03 -0400] "GET /category/activity/page/80/ HTTP/1.1" 404 1251 "-" "Mozilla/5.0 (compatible; Barkrowler/0.9; +https://babbar.tech/crawler)"
217.113.194.60 - - [31/Mar/2025:06:16:19 -0400] "GET /category/activity/page/18/ HTTP/1.1" 404 1251 "-" "Mozilla/5.0 (compatible; Barkrowler/0.9; +https://babbar.tech/crawler)"
47.82.34.128 - - [31/Mar/2025:06:16:33 -0400] "GET / HTTP/1.1" 403 1242 "https://www.google.com/" "Mozilla/5.0 (Linux; Android 10; K) AppleWebKit/537.36 (KHTML, like Gecko) Chrome/133.0.0.0 Mobile Safari/537.36"
217.113.194.57 - - [31/Mar/2025:06:16:34 -0400] "GET /category/activity/page/50/ HTTP/1.1" 404 1251 "-" "Mozilla/5.0 (compatible; Barkrowler/0.9; +https://babbar.tech/crawler)"
47.79.62.163 - - [31/Mar/2025:06:16:35 -0400] "GET / HTTP/1.1" 403 1242 "https://www.google.com/" "Mozilla/5.0 (Windows NT 10.0; Win64; x64) AppleWebKit/537.36 (KHTML, like Gecko) Chrome/132.0.0.0 Safari/537.36"
51.222.253.9 - - [31/Mar/2025:06:16:41 -0400] "GET /customized-fuzzy-sockss/ HTTP/1.1" 404 1251 "-" "Mozilla/5.0 (compatible; AhrefsBot/7.0; +http://ahrefs.com/robot/)"
217.113.194.55 - - [31/Mar/2025:06:16:50 -0400] "GET /category/activity/page/43/ HTTP/1.1" 404 1251 "-" "Mozilla/5.0 (compatible; Barkrowler/0.9; +https://babbar.tech/crawler)"
217.113.194.61 - - [31/Mar/2025:06:17:07 -0400] "GET /category/activity/page/35/ HTTP/1.1" 404 1251 "-" "Mozilla/5.0 (compatible; Barkrowler/0.9; +https://babbar.tech/crawler)"
217.113.194.54 - - [31/Mar/2025:06:17:22 -0400] "GET /category/activity/page/82/ HTTP/1.1" 404 1251 "-" "Mozilla/5.0 (compatible; Barkrowler/0.9; +https://babbar.tech/crawler)"
51.222.253.13 - - [31/Mar/2025:06:17:25 -0400] "GET /sports-betting-picks-winning-strategies-you-can-take-to-the-bank/ HTTP/1.1" 404 1251 "-" "Mozilla/5.0 (compatible; AhrefsBot/7.0; +http://ahrefs.com/robot/)"
217.113.194.53 - - [31/Mar/2025:06:17:38 -0400] "GET /category/activity/page/36/ HTTP/1.1" 404 1251 "-" "Mozilla/5.0 (compatible; Barkrowler/0.9; +https://babbar.tech/crawler)"
217.113.194.55 - - [31/Mar/2025:06:17:54 -0400] "GET /category/activity/page/31/ HTTP/1.1" 404 1251 "-" "Mozilla/5.0 (compatible; Barkrowler/0.9; +https://babbar.tech/crawler)"
217.113.194.58 - - [31/Mar/2025:06:18:09 -0400] "GET /category/activity/page/90/ HTTP/1.1" 404 1251 "-" "Mozilla/5.0 (compatible; Barkrowler/0.9; +https://babbar.tech/crawler)"
51.222.253.4 - - [31/Mar/2025:06:18:15 -0400] "GET /so-reinigen-sie-einen-goldring-5-effektive-methoden-fur-strahlenden-glanz/ HTTP/1.1" 404 1251 "-" "Mozilla/5.0 (compatible; AhrefsBot/7.0; +http://ahrefs.com/robot/)"
217.113.194.54 - - [31/Mar/2025:06:18:25 -0400] "GET /category/activity/page/33/ HTTP/1.1" 404 1251 "-" "Mozilla/5.0 (compatible; Barkrowler/0.9; +https://babbar.tech/crawler)"
217.113.194.52 - - [31/Mar/2025:06:18:42 -0400] "GET /category/activity/page/13/ HTTP/1.1" 404 1251 "-" "Mozilla/5.0 (compatible; Barkrowler/0.9; +https://babbar.tech/crawler)"
51.222.253.17 - - [31/Mar/2025:06:18:56 -0400] "GET /car-dealerships/ HTTP/1.1" 404 1251 "-" "Mozilla/5.0 (compatible; AhrefsBot/7.0; +http://ahrefs.com/robot/)"
217.113.194.52 - - [31/Mar/2025:06:18:58 -0400] "GET /category/activity/page/19/ HTTP/1.1" 404 1251 "-" "Mozilla/5.0 (compatible; Barkrowler/0.9; +https://babbar.tech/crawler)"
217.113.194.58 - - [31/Mar/2025:06:19:13 -0400] "GET /category/activity/page/16/ HTTP/1.1" 404 1251 "-" "Mozilla/5.0 (compatible; Barkrowler/0.9; +https://babbar.tech/crawler)"
217.113.194.57 - - [31/Mar/2025:06:19:30 -0400] "GET /category/activity/page/40/ HTTP/1.1" 404 1251 "-" "Mozilla/5.0 (compatible; Barkrowler/0.9; +https://babbar.tech/crawler)"
51.222.253.17 - - [31/Mar/2025:06:19:46 -0400] "GET /la-importancia-de-las-unidades-de-medida/ HTTP/1.1" 404 1251 "-" "Mozilla/5.0 (compatible; AhrefsBot/7.0; +http://ahrefs.com/robot/)"
154.54.249.198 - - [31/Mar/2025:06:19:46 -0400] "GET /category/activity/page/30/ HTTP/1.1" 404 1251 "-" "Mozilla/5.0 (compatible; Barkrowler/0.9; +https://babbar.tech/crawler)"
217.113.194.58 - - [31/Mar/2025:06:20:02 -0400] "GET /category/activity/page/100/ HTTP/1.1" 404 1251 "-" "Mozilla/5.0 (compatible; Barkrowler/0.9; +https://babbar.tech/crawler)"
217.113.194.58 - - [31/Mar/2025:06:20:18 -0400] "GET /category/activity/page/34/ HTTP/1.1" 404 1251 "-" "Mozilla/5.0 (compatible; Barkrowler/0.9; +https://babbar.tech/crawler)"
51.222.253.17 - - [31/Mar/2025:06:20:32 -0400] "GET /the-rising-trend-of-games-hire/ HTTP/1.1" 404 1251 "-" "Mozilla/5.0 (compatible; AhrefsBot/7.0; +http://ahrefs.com/robot/)"
217.113.194.54 - - [31/Mar/2025:06:20:33 -0400] "GET /category/activity/page/38/ HTTP/1.1" 404 1251 "-" "Mozilla/5.0 (compatible; Barkrowler/0.9; +https://babbar.tech/crawler)"
217.113.194.55 - - [31/Mar/2025:06:20:49 -0400] "GET /category/activity/page/17/ HTTP/1.1" 404 1251 "-" "Mozilla/5.0 (compatible; Barkrowler/0.9; +https://babbar.tech/crawler)"
217.113.194.60 - - [31/Mar/2025:06:21:04 -0400] "GET /category/activity/page/11/ HTTP/1.1" 404 1251 "-" "Mozilla/5.0 (compatible; Barkrowler/0.9; +https://babbar.tech/crawler)"
51.222.253.17 - - [31/Mar/2025:06:21:14 -0400] "GET /customized-fuzzy-socks/ HTTP/1.1" 404 1251 "-" "Mozilla/5.0 (compatible; AhrefsBot/7.0; +http://ahrefs.com/robot/)"
217.113.194.59 - - [31/Mar/2025:06:21:20 -0400] "GET /category/activity/page/20/ HTTP/1.1" 404 1251 "-" "Mozilla/5.0 (compatible; Barkrowler/0.9; +https://babbar.tech/crawler)"
44.217.146.197 - - [31/Mar/2025:06:21:35 -0400] "GET /how-small-businesses-use-azure-to-speed-up-processes-and-reach-customers-faster/ HTTP/1.1" 404 1251 "-" "Grammarly/1.0 (http://www.grammarly.com)"
217.113.194.61 - - [31/Mar/2025:06:21:36 -0400] "GET /category/activity/page/14/ HTTP/1.1" 404 1251 "-" "Mozilla/5.0 (compatible; Barkrowler/0.9; +https://babbar.tech/crawler)"
217.113.194.57 - - [31/Mar/2025:06:21:51 -0400] "GET /paper-quilling-art/feed/ HTTP/1.1" 404 1251 "-" "Mozilla/5.0 (compatible; Barkrowler/0.9; +https://babbar.tech/crawler)"
51.222.253.8 - - [31/Mar/2025:06:21:59 -0400] "GET /die-rolle-eines-immobiliengutachters-in-dusseldorf/ HTTP/1.1" 404 1251 "-" "Mozilla/5.0 (compatible; AhrefsBot/7.0; +http://ahrefs.com/robot/)"
217.113.194.52 - - [31/Mar/2025:06:22:07 -0400] "GET /nappe-salon-professionnel/ HTTP/1.1" 404 1251 "-" "Mozilla/5.0 (compatible; Barkrowler/0.9; +https://babbar.tech/crawler)"
217.113.194.54 - - [31/Mar/2025:06:22:22 -0400] "GET /boiling-water-tap/ HTTP/1.1" 404 1251 "-" "Mozilla/5.0 (compatible; Barkrowler/0.9; +https://babbar.tech/crawler)"
51.222.253.14 - - [31/Mar/2025:06:22:38 -0400] "GET /a-fusion-of-contemporary-design/ HTTP/1.1" 404 1251 "-" "Mozilla/5.0 (compatible; AhrefsBot/7.0; +http://ahrefs.com/robot/)"
217.113.194.54 - - [31/Mar/2025:06:22:38 -0400] "GET /boiling-water-tap/feed/ HTTP/1.1" 404 1251 "-" "Mozilla/5.0 (compatible; Barkrowler/0.9; +https://babbar.tech/crawler)"
154.54.249.198 - - [31/Mar/2025:06:22:53 -0400] "GET /understanding-the-metrics/ HTTP/1.1" 404 1251 "-" "Mozilla/5.0 (compatible; Barkrowler/0.9; +https://babbar.tech/crawler)"
217.113.194.53 - - [31/Mar/2025:06:23:09 -0400] "GET /michael-kors-sales-bag/ HTTP/1.1" 404 1251 "-" "Mozilla/5.0 (compatible; Barkrowler/0.9; +https://babbar.tech/crawler)"
51.222.253.16 - - [31/Mar/2025:06:23:15 -0400] "GET /unlocking-the-thrills-the-rise-of-online-casinos/ HTTP/1.1" 404 1251 "-" "Mozilla/5.0 (compatible; AhrefsBot/7.0; +http://ahrefs.com/robot/)"
217.113.194.60 - - [31/Mar/2025:06:23:25 -0400] "GET /michael-kors-hand-bag/ HTTP/1.1" 404 1251 "-" "Mozilla/5.0 (compatible; Barkrowler/0.9; +https://babbar.tech/crawler)"
154.54.249.198 - - [31/Mar/2025:06:23:41 -0400] "GET /michael-kors-handbag-sales/ HTTP/1.1" 404 1251 "-" "Mozilla/5.0 (compatible; Barkrowler/0.9; +https://babbar.tech/crawler)"
51.222.253.3 - - [31/Mar/2025:06:23:56 -0400] "GET /i-vini-del-lago-di-garda/ HTTP/1.1" 404 1251 "-" "Mozilla/5.0 (compatible; AhrefsBot/7.0; +http://ahrefs.com/robot/)"
217.113.194.61 - - [31/Mar/2025:06:23:56 -0400] "GET /conservatories-south-wales/ HTTP/1.1" 404 1251 "-" "Mozilla/5.0 (compatible; Barkrowler/0.9; +https://babbar.tech/crawler)"
154.54.249.198 - - [31/Mar/2025:06:24:12 -0400] "GET /moving-out-of-state-quotes/ HTTP/1.1" 404 1251 "-" "Mozilla/5.0 (compatible; Barkrowler/0.9; +https://babbar.tech/crawler)"
217.113.194.57 - - [31/Mar/2025:06:24:28 -0400] "GET /best-cbd-products-uk/ HTTP/1.1" 404 1251 "-" "Mozilla/5.0 (compatible; Barkrowler/0.9; +https://babbar.tech/crawler)"
51.222.253.13 - - [31/Mar/2025:06:24:33 -0400] "GET /unlocking-success-the-journey-to-1000-subscribers-on-youtube/ HTTP/1.1" 404 1251 "-" "Mozilla/5.0 (compatible; AhrefsBot/7.0; +http://ahrefs.com/robot/)"
217.113.194.61 - - [31/Mar/2025:06:24:44 -0400] "GET /best-cbd-vape-uk/ HTTP/1.1" 404 1251 "-" "Mozilla/5.0 (compatible; Barkrowler/0.9; +https://babbar.tech/crawler)"
217.113.194.61 - - [31/Mar/2025:06:25:00 -0400] "GET /best-sandals-for-women/feed/ HTTP/1.1" 404 1251 "-" "Mozilla/5.0 (compatible; Barkrowler/0.9; +https://babbar.tech/crawler)"
51.222.253.19 - - [31/Mar/2025:06:25:12 -0400] "GET /discovering-tranquility-exploring-the-lentoria-showflat/ HTTP/1.1" 404 1251 "-" "Mozilla/5.0 (compatible; AhrefsBot/7.0; +http://ahrefs.com/robot/)"
217.113.194.56 - - [31/Mar/2025:06:25:17 -0400] "GET /embroidered-socks/feed/ HTTP/1.1" 404 1251 "-" "Mozilla/5.0 (compatible; Barkrowler/0.9; +https://babbar.tech/crawler)"
217.113.194.56 - - [31/Mar/2025:06:25:33 -0400] "GET /bilanz-hattingen/feed/ HTTP/1.1" 404 1251 "-" "Mozilla/5.0 (compatible; Barkrowler/0.9; +https://babbar.tech/crawler)"
217.113.194.58 - - [31/Mar/2025:06:25:49 -0400] "GET /chamoisine-bijoux/ HTTP/1.1" 404 1251 "-" "Mozilla/5.0 (compatible; Barkrowler/0.9; +https://babbar.tech/crawler)"
51.222.253.6 - - [31/Mar/2025:06:25:50 -0400] "GET /what-is-frequency-healing/ HTTP/1.1" 404 1251 "-" "Mozilla/5.0 (compatible; AhrefsBot/7.0; +http://ahrefs.com/robot/)"
217.113.194.57 - - [31/Mar/2025:06:26:04 -0400] "GET /types-danesthesie-dentaire/ HTTP/1.1" 404 1251 "-" "Mozilla/5.0 (compatible; Barkrowler/0.9; +https://babbar.tech/crawler)"
217.113.194.53 - - [31/Mar/2025:06:26:20 -0400] "GET /implant-dentaire-etranger/ HTTP/1.1" 404 1251 "-" "Mozilla/5.0 (compatible; Barkrowler/0.9; +https://babbar.tech/crawler)"
114.119.155.170 - - [31/Mar/2025:06:26:28 -0400] "GET /personal-loan-singapore/ HTTP/1.1" 404 1251 "https://freelancingclients.com/personal-loan-singapore/" "Mozilla/5.0 (Linux; Android 7.0;) AppleWebKit/537.36 (KHTML, like Gecko) Mobile Safari/537.36 (compatible; PetalBot;+https://webmaster.petalsearch.com/site/petalbot)"
51.222.253.19 - - [31/Mar/2025:06:26:30 -0400] "GET /ai-video-generator/ HTTP/1.1" 404 1251 "-" "Mozilla/5.0 (compatible; AhrefsBot/7.0; +http://ahrefs.com/robot/)"
217.113.194.61 - - [31/Mar/2025:06:26:35 -0400] "GET /gadget-personalizzati/ HTTP/1.1" 404 1251 "-" "Mozilla/5.0 (compatible; Barkrowler/0.9; +https://babbar.tech/crawler)"
154.54.249.198 - - [31/Mar/2025:06:26:51 -0400] "GET /ppr-pipe-fittings/ HTTP/1.1" 404 1251 "-" "Mozilla/5.0 (compatible; Barkrowler/0.9; +https://babbar.tech/crawler)"
154.54.249.198 - - [31/Mar/2025:06:27:07 -0400] "GET /fire-fighting-water-pump/ HTTP/1.1" 404 1251 "-" "Mozilla/5.0 (compatible; Barkrowler/0.9; +https://babbar.tech/crawler)"
217.113.194.58 - - [31/Mar/2025:06:27:22 -0400] "GET /property-crm-features/ HTTP/1.1" 404 1251 "-" "Mozilla/5.0 (compatible; Barkrowler/0.9; +https://babbar.tech/crawler)"
159.89.206.150 - - [31/Mar/2025:06:27:24 -0400] "GET /hosted/images/d1/298cefae2f438499ebfa22188ec7c3/CompanyLogoNew.png HTTP/1.1" 404 1251 "-" "Mozilla/5.0 (iPhone; CPU iPhone OS 15_3 like Mac OS X) AppleWebKit/605.1.15 (KHTML, like Gecko) CriOS/122.0.6261.62 Mobile/15E148 Safari/604.1"
51.222.253.18 - - [31/Mar/2025:06:27:37 -0400] "GET /online-holiday-packages/ HTTP/1.1" 404 1251 "-" "Mozilla/5.0 (compatible; AhrefsBot/7.0; +http://ahrefs.com/robot/)"
217.113.194.52 - - [31/Mar/2025:06:27:38 -0400] "GET /riveting-machinery/feed/ HTTP/1.1" 404 1251 "-" "Mozilla/5.0 (compatible; Barkrowler/0.9; +https://babbar.tech/crawler)"
217.113.194.52 - - [31/Mar/2025:06:27:53 -0400] "GET /the-casino-solution-sale/ HTTP/1.1" 404 1251 "-" "Mozilla/5.0 (compatible; Barkrowler/0.9; +https://babbar.tech/crawler)"
51.222.253.16 - - [31/Mar/2025:06:28:04 -0400] "GET /the-ultimate-employer-job-listing-platform-in-the-uk/ HTTP/1.1" 404 1251 "-" "Mozilla/5.0 (compatible; AhrefsBot/7.0; +http://ahrefs.com/robot/)"
154.54.249.198 - - [31/Mar/2025:06:28:09 -0400] "GET /we1win-promotion/ HTTP/1.1" 404 1251 "-" "Mozilla/5.0 (compatible; Barkrowler/0.9; +https://babbar.tech/crawler)"
217.113.194.54 - - [31/Mar/2025:06:28:24 -0400] "GET /guide-complet-des-housses/ HTTP/1.1" 404 1251 "-" "Mozilla/5.0 (compatible; Barkrowler/0.9; +https://babbar.tech/crawler)"
217.113.194.55 - - [31/Mar/2025:06:28:40 -0400] "GET /exploring-the-virtual-arena/ HTTP/1.1" 404 1251 "-" "Mozilla/5.0 (compatible; Barkrowler/0.9; +https://babbar.tech/crawler)"
51.222.253.9 - - [31/Mar/2025:06:28:48 -0400] "GET /custom-baseball-stirrup-socks/ HTTP/1.1" 404 1251 "-" "Mozilla/5.0 (compatible; AhrefsBot/7.0; +http://ahrefs.com/robot/)"
217.113.194.61 - - [31/Mar/2025:06:28:55 -0400] "GET /exploring-the-bonus-features/ HTTP/1.1" 404 1251 "-" "Mozilla/5.0 (compatible; Barkrowler/0.9; +https://babbar.tech/crawler)"
217.113.194.59 - - [31/Mar/2025:06:29:11 -0400] "GET /football-socks-grip/ HTTP/1.1" 404 1251 "-" "Mozilla/5.0 (compatible; Barkrowler/0.9; +https://babbar.tech/crawler)"
217.113.194.60 - - [31/Mar/2025:06:29:26 -0400] "GET /tesla-coil/feed/ HTTP/1.1" 404 1251 "-" "Mozilla/5.0 (compatible; Barkrowler/0.9; +https://babbar.tech/crawler)"
51.222.253.14 - - [31/Mar/2025:06:29:27 -0400] "GET /ai-video-generator-2/ HTTP/1.1" 404 1251 "-" "Mozilla/5.0 (compatible; AhrefsBot/7.0; +http://ahrefs.com/robot/)"
217.113.194.52 - - [31/Mar/2025:06:29:42 -0400] "GET /hvac-parts-near-me/ HTTP/1.1" 404 1251 "-" "Mozilla/5.0 (compatible; Barkrowler/0.9; +https://babbar.tech/crawler)"
217.113.194.59 - - [31/Mar/2025:06:29:57 -0400] "GET /vegetable-samosa/feed/ HTTP/1.1" 404 1251 "-" "Mozilla/5.0 (compatible; Barkrowler/0.9; +https://babbar.tech/crawler)"
51.222.253.20 - - [31/Mar/2025:06:30:05 -0400] "GET /die-faszination-von-pokemon-spielzeugfiguren/ HTTP/1.1" 404 1251 "-" "Mozilla/5.0 (compatible; AhrefsBot/7.0; +http://ahrefs.com/robot/)"
154.54.249.198 - - [31/Mar/2025:06:30:14 -0400] "GET /the-portable-fire-pump/ HTTP/1.1" 404 1251 "-" "Mozilla/5.0 (compatible; Barkrowler/0.9; +https://babbar.tech/crawler)"
217.113.194.54 - - [31/Mar/2025:06:30:30 -0400] "GET /kratom-capsules/feed/ HTTP/1.1" 404 1251 "-" "Mozilla/5.0 (compatible; Barkrowler/0.9; +https://babbar.tech/crawler)"
51.222.253.6 - - [31/Mar/2025:06:30:45 -0400] "GET /innovative-advancements-in-ppr-pipes-and-fittings/ HTTP/1.1" 404 1251 "-" "Mozilla/5.0 (compatible; AhrefsBot/7.0; +http://ahrefs.com/robot/)"
217.113.194.54 - - [31/Mar/2025:06:30:46 -0400] "GET /star-plus-electrical/feed/ HTTP/1.1" 404 1251 "-" "Mozilla/5.0 (compatible; Barkrowler/0.9; +https://babbar.tech/crawler)"
217.113.194.59 - - [31/Mar/2025:06:31:02 -0400] "GET /wein-gardasee/feed/ HTTP/1.1" 404 1251 "-" "Mozilla/5.0 (compatible; Barkrowler/0.9; +https://babbar.tech/crawler)"
157.55.39.52 - - [31/Mar/2025:06:31:17 -0400] "GET /savoring-delight-the-tempting-tale-of-the-vegetable-puff/feed/ HTTP/1.1" 404 1251 "-" "Mozilla/5.0 AppleWebKit/537.36 (KHTML, like Gecko; compatible; bingbot/2.0; +http://www.bing.com/bingbot.htm) Chrome/116.0.1938.76 Safari/537.36"
217.113.194.61 - - [31/Mar/2025:06:31:18 -0400] "GET /fenbendazole/ HTTP/1.1" 404 1251 "-" "Mozilla/5.0 (compatible; Barkrowler/0.9; +https://babbar.tech/crawler)"
51.222.253.16 - - [31/Mar/2025:06:31:33 -0400] "GET /a-regal-tribute-to-your-beloved-companion/ HTTP/1.1" 404 1251 "-" "Mozilla/5.0 (compatible; AhrefsBot/7.0; +http://ahrefs.com/robot/)"
217.113.194.61 - - [31/Mar/2025:06:31:34 -0400] "GET /a-vision-of-modern-living/ HTTP/1.1" 404 1251 "-" "Mozilla/5.0 (compatible; Barkrowler/0.9; +https://babbar.tech/crawler)"
154.54.249.198 - - [31/Mar/2025:06:31:49 -0400] "GET /shutters-gateshead/ HTTP/1.1" 404 1251 "-" "Mozilla/5.0 (compatible; Barkrowler/0.9; +https://babbar.tech/crawler)"
217.113.194.54 - - [31/Mar/2025:06:32:07 -0400] "GET /where-luxury-meets-design/feed/ HTTP/1.1" 404 1251 "-" "Mozilla/5.0 (compatible; Barkrowler/0.9; +https://babbar.tech/crawler)"
51.222.253.9 - - [31/Mar/2025:06:32:20 -0400] "GET /unveiling-the-sparkling-secret-the-ultimate-jewelry-cleaner-solution/ HTTP/1.1" 404 1251 "-" "Mozilla/5.0 (compatible; AhrefsBot/7.0; +http://ahrefs.com/robot/)"
217.113.194.52 - - [31/Mar/2025:06:32:23 -0400] "GET /custom-digital-pet-portraits/ HTTP/1.1" 404 1251 "-" "Mozilla/5.0 (compatible; Barkrowler/0.9; +https://babbar.tech/crawler)"
217.113.194.52 - - [31/Mar/2025:06:32:39 -0400] "GET /custom-digital-pet-portraits/feed/ HTTP/1.1" 404 1251 "-" "Mozilla/5.0 (compatible; Barkrowler/0.9; +https://babbar.tech/crawler)"
154.54.249.198 - - [31/Mar/2025:06:32:54 -0400] "GET /skin-whitening-injection/ HTTP/1.1" 404 1251 "-" "Mozilla/5.0 (compatible; Barkrowler/0.9; +https://babbar.tech/crawler)"
51.222.253.14 - - [31/Mar/2025:06:33:00 -0400] "GET /pert-pipes/ HTTP/1.1" 404 1251 "-" "Mozilla/5.0 (compatible; AhrefsBot/7.0; +http://ahrefs.com/robot/)"
217.113.194.58 - - [31/Mar/2025:06:33:10 -0400] "GET /skin-whitening-injections/ HTTP/1.1" 404 1251 "-" "Mozilla/5.0 (compatible; Barkrowler/0.9; +https://babbar.tech/crawler)"
217.113.194.59 - - [31/Mar/2025:06:33:25 -0400] "GET /hot-wash-pressure-washer/ HTTP/1.1" 404 1251 "-" "Mozilla/5.0 (compatible; Barkrowler/0.9; +https://babbar.tech/crawler)"
51.222.253.19 - - [31/Mar/2025:06:33:39 -0400] "GET /devoiler-le-confort-explorer-lunivers-du-boudin-de-lit/ HTTP/1.1" 404 1251 "-" "Mozilla/5.0 (compatible; AhrefsBot/7.0; +http://ahrefs.com/robot/)"
217.113.194.59 - - [31/Mar/2025:06:33:41 -0400] "GET /gitarrenkurs-online/feed/ HTTP/1.1" 404 1251 "-" "Mozilla/5.0 (compatible; Barkrowler/0.9; +https://babbar.tech/crawler)"
217.113.194.56 - - [31/Mar/2025:06:33:57 -0400] "GET /gitarrenkurs-online-2/ HTTP/1.1" 404 1251 "-" "Mozilla/5.0 (compatible; Barkrowler/0.9; +https://babbar.tech/crawler)"
217.113.194.55 - - [31/Mar/2025:06:34:13 -0400] "GET /grip-socks-for-soccer/ HTTP/1.1" 404 1251 "-" "Mozilla/5.0 (compatible; Barkrowler/0.9; +https://babbar.tech/crawler)"
51.222.253.6 - - [31/Mar/2025:06:34:24 -0400] "GET /navigating-prishtina-with-ease-the-ultimate-guide-to-renting-a-car-in-prishtina/ HTTP/1.1" 404 1251 "-" "Mozilla/5.0 (compatible; AhrefsBot/7.0; +http://ahrefs.com/robot/)"
217.113.194.58 - - [31/Mar/2025:06:34:29 -0400] "GET /bugatti-veyron-for-sale/ HTTP/1.1" 404 1251 "-" "Mozilla/5.0 (compatible; Barkrowler/0.9; +https://babbar.tech/crawler)"
217.113.194.61 - - [31/Mar/2025:06:34:44 -0400] "GET /shark-tooth-necklace/ HTTP/1.1" 404 1251 "-" "Mozilla/5.0 (compatible; Barkrowler/0.9; +https://babbar.tech/crawler)"
217.113.194.58 - - [31/Mar/2025:06:35:00 -0400] "GET /finding-freedom-beyond-instagram/ HTTP/1.1" 404 1251 "-" "Mozilla/5.0 (compatible; Barkrowler/0.9; +https://babbar.tech/crawler)"
51.222.253.5 - - [31/Mar/2025:06:35:04 -0400] "GET /exploring-the-world-of-online-casinos/ HTTP/1.1" 404 1251 "-" "Mozilla/5.0 (compatible; AhrefsBot/7.0; +http://ahrefs.com/robot/)"
217.113.194.53 - - [31/Mar/2025:06:35:15 -0400] "GET /personalized-valentines-day-gifts/ HTTP/1.1" 404 1251 "-" "Mozilla/5.0 (compatible; Barkrowler/0.9; +https://babbar.tech/crawler)"
217.113.194.60 - - [31/Mar/2025:06:35:31 -0400] "GET /jewelry-retouching-service-2/ HTTP/1.1" 404 1251 "-" "Mozilla/5.0 (compatible; Barkrowler/0.9; +https://babbar.tech/crawler)"
51.222.253.8 - - [31/Mar/2025:06:35:45 -0400] "GET /understanding-fda-cosmetic-registration/ HTTP/1.1" 404 1251 "-" "Mozilla/5.0 (compatible; AhrefsBot/7.0; +http://ahrefs.com/robot/)"
154.54.249.198 - - [31/Mar/2025:06:35:47 -0400] "GET /mobile-detailing-near-me/feed/ HTTP/1.1" 404 1251 "-" "Mozilla/5.0 (compatible; Barkrowler/0.9; +https://babbar.tech/crawler)"
154.54.249.198 - - [31/Mar/2025:06:36:03 -0400] "GET /mobile-boat-detailing-prices/ HTTP/1.1" 404 1251 "-" "Mozilla/5.0 (compatible; Barkrowler/0.9; +https://babbar.tech/crawler)"
217.113.194.57 - - [31/Mar/2025:06:36:19 -0400] "GET /m8-bolt-size/feed/ HTTP/1.1" 404 1251 "-" "Mozilla/5.0 (compatible; Barkrowler/0.9; +https://babbar.tech/crawler)"
51.222.253.20 - - [31/Mar/2025:06:36:30 -0400] "GET /restaurant-marketing-tools/ HTTP/1.1" 404 1251 "-" "Mozilla/5.0 (compatible; AhrefsBot/7.0; +http://ahrefs.com/robot/)"
217.113.194.58 - - [31/Mar/2025:06:36:35 -0400] "GET /hangelampen-modern/ HTTP/1.1" 404 1251 "-" "Mozilla/5.0 (compatible; Barkrowler/0.9; +https://babbar.tech/crawler)"
217.113.194.59 - - [31/Mar/2025:06:36:51 -0400] "GET /plastic-shredder-machine/ HTTP/1.1" 404 1251 "-" "Mozilla/5.0 (compatible; Barkrowler/0.9; +https://babbar.tech/crawler)"
217.113.194.54 - - [31/Mar/2025:06:37:07 -0400] "GET /portrait-professionnel-geneve/feed/ HTTP/1.1" 404 1251 "-" "Mozilla/5.0 (compatible; Barkrowler/0.9; +https://babbar.tech/crawler)"
217.138.205.98 - - [31/Mar/2025:06:37:14 -0400] "GET /wp-login.php HTTP/1.1" 200 1725 "https://freelancingclients.com/" "Mozilla/5.0 (Windows NT 10.0; Win64; x64) AppleWebKit/537.36 (KHTML, like Gecko) Chrome/131.0.0.0 Safari/537.36"
217.138.205.98 - - [31/Mar/2025:06:37:16 -0400] "GET /wp-includes/js/dist/a11y.min.js?ver=3156534cc54473497e14 HTTP/1.1" 200 827 "https://freelancingclients.com/wp-login.php" "Mozilla/5.0 (Windows NT 10.0; Win64; x64) AppleWebKit/537.36 (KHTML, like Gecko) Chrome/131.0.0.0 Safari/537.36"
217.138.205.98 - - [31/Mar/2025:06:37:16 -0400] "GET /wp-includes/js/dist/dom-ready.min.js?ver=f77871ff7694fffea381 HTTP/1.1" 200 275 "https://freelancingclients.com/wp-login.php" "Mozilla/5.0 (Windows NT 10.0; Win64; x64) AppleWebKit/537.36 (KHTML, like Gecko) Chrome/131.0.0.0 Safari/537.36"
217.138.205.98 - - [31/Mar/2025:06:37:16 -0400] "GET /wp-includes/js/underscore.min.js?ver=1.13.7 HTTP/1.1" 200 7197 "https://freelancingclients.com/wp-login.php" "Mozilla/5.0 (Windows NT 10.0; Win64; x64) AppleWebKit/537.36 (KHTML, like Gecko) Chrome/131.0.0.0 Safari/537.36"
217.138.205.98 - - [31/Mar/2025:06:37:16 -0400] "GET /wp-includes/js/wp-util.min.js?ver=6.7.1 HTTP/1.1" 200 690 "https://freelancingclients.com/wp-login.php" "Mozilla/5.0 (Windows NT 10.0; Win64; x64) AppleWebKit/537.36 (KHTML, like Gecko) Chrome/131.0.0.0 Safari/537.36"
217.138.205.98 - - [31/Mar/2025:06:37:16 -0400] "GET /wp-admin/js/user-profile.min.js?ver=6.7.1 HTTP/1.1" 200 2388 "https://freelancingclients.com/wp-login.php" "Mozilla/5.0 (Windows NT 10.0; Win64; x64) AppleWebKit/537.36 (KHTML, like Gecko) Chrome/131.0.0.0 Safari/537.36"
217.138.205.98 - - [31/Mar/2025:06:37:16 -0400] "GET /wp-admin/js/password-strength-meter.min.js?ver=6.7.1 HTTP/1.1" 200 558 "https://freelancingclients.com/wp-login.php" "Mozilla/5.0 (Windows NT 10.0; Win64; x64) AppleWebKit/537.36 (KHTML, like Gecko) Chrome/131.0.0.0 Safari/537.36"
217.138.205.98 - - [31/Mar/2025:06:37:16 -0400] "GET /wp-includes/js/dist/i18n.min.js?ver=5e580eb46a90c2b997e6 HTTP/1.1" 200 3542 "https://freelancingclients.com/wp-login.php" "Mozilla/5.0 (Windows NT 10.0; Win64; x64) AppleWebKit/537.36 (KHTML, like Gecko) Chrome/131.0.0.0 Safari/537.36"
217.138.205.98 - - [31/Mar/2025:06:37:16 -0400] "GET /wp-admin/load-styles.php?c=1&dir=ltr&load%5Bchunk_0%5D=dashicons,buttons,forms,l10n,login&ver=6.7.1 HTTP/1.1" 200 45466 "https://freelancingclients.com/wp-login.php" "Mozilla/5.0 (Windows NT 10.0; Win64; x64) AppleWebKit/537.36 (KHTML, like Gecko) Chrome/131.0.0.0 Safari/537.36"
217.138.205.98 - - [31/Mar/2025:06:37:16 -0400] "GET /wp-admin/load-scripts.php?c=1&load%5Bchunk_0%5D=clipboard,jquery-core,jquery-migrate,zxcvbn-async,wp-hooks&ver=6.7.1 HTTP/1.1" 200 39842 "https://freelancingclients.com/wp-login.php" "Mozilla/5.0 (Windows NT 10.0; Win64; x64) AppleWebKit/537.36 (KHTML, like Gecko) Chrome/131.0.0.0 Safari/537.36"
51.222.253.2 - - [31/Mar/2025:06:37:20 -0400] "GET /efficient-file-transfer-solutions-streamlining-data-movement/ HTTP/1.1" 404 1251 "-" "Mozilla/5.0 (compatible; AhrefsBot/7.0; +http://ahrefs.com/robot/)"
217.138.205.98 - - [31/Mar/2025:06:37:20 -0400] "GET /wp-admin/images/wordpress-logo.svg?ver=20131107 HTTP/1.1" 200 759 "https://freelancingclients.com/wp-admin/load-styles.php?c=1&dir=ltr&load%5Bchunk_0%5D=dashicons,buttons,forms,l10n,login&ver=6.7.1" "Mozilla/5.0 (Windows NT 10.0; Win64; x64) AppleWebKit/537.36 (KHTML, like Gecko) Chrome/131.0.0.0 Safari/537.36"
217.113.194.55 - - [31/Mar/2025:06:37:24 -0400] "GET /portrait-professionnel-geneve/ HTTP/1.1" 404 1251 "-" "Mozilla/5.0 (compatible; Barkrowler/0.9; +https://babbar.tech/crawler)"
217.113.194.60 - - [31/Mar/2025:06:37:41 -0400] "GET /buy-view-tiktok/feed/ HTTP/1.1" 404 1251 "-" "Mozilla/5.0 (compatible; Barkrowler/0.9; +https://babbar.tech/crawler)"
217.138.205.98 - - [31/Mar/2025:06:37:38 -0400] "POST /wp-login.php HTTP/1.1" 200 1842 "https://freelancingclients.com/wp-login.php" "Mozilla/5.0 (Windows NT 10.0; Win64; x64) AppleWebKit/537.36 (KHTML, like Gecko) Chrome/131.0.0.0 Safari/537.36"
198.54.114.83 - - [31/Mar/2025:06:37:45 -0400] "POST /wp-cron.php?doing_wp_cron=1743417463.9989309310913085937500 HTTP/1.1" 200 0 "-" "WordPress/6.7.1; https://freelancingclients.com"
217.138.205.98 - - [31/Mar/2025:06:37:53 -0400] "GET /wp-admin/load-styles.php?c=1&dir=ltr&load%5Bchunk_0%5D=dashicons,buttons,forms,l10n,login&ver=6.7.1 HTTP/1.1" 200 45466 "https://freelancingclients.com/wp-login.php" "Mozilla/5.0 (Windows NT 10.0; Win64; x64) AppleWebKit/537.36 (KHTML, like Gecko) Chrome/131.0.0.0 Safari/537.36"
217.138.205.98 - - [31/Mar/2025:06:37:55 -0400] "GET /favicon.ico HTTP/1.1" 404 1251 "https://freelancingclients.com/wp-login.php" "Mozilla/5.0 (Windows NT 10.0; Win64; x64) AppleWebKit/537.36 (KHTML, like Gecko) Chrome/131.0.0.0 Safari/537.36"
217.138.205.98 - - [31/Mar/2025:06:37:56 -0400] "GET /wp-includes/js/zxcvbn.min.js HTTP/1.1" 200 389493 "https://freelancingclients.com/wp-login.php" "Mozilla/5.0 (Windows NT 10.0; Win64; x64) AppleWebKit/537.36 (KHTML, like Gecko) Chrome/131.0.0.0 Safari/537.36"
217.113.194.56 - - [31/Mar/2025:06:37:57 -0400] "GET /how-to-choose-runner-rugs/feed/ HTTP/1.1" 404 1251 "-" "Mozilla/5.0 (compatible; Barkrowler/0.9; +https://babbar.tech/crawler)"
217.138.205.98 - - [31/Mar/2025:06:37:56 -0400] "POST /xmlrpc.php HTTP/1.1" 200 186 "-" "Mozilla/5.0 (Windows NT 10.0; Win64; x64) AppleWebKit/537.36 (KHTML, like Gecko) Chrome/131.0.0.0 Safari/537.36"
51.222.253.12 - - [31/Mar/2025:06:38:05 -0400] "GET /lessence-de-hygieniste-favoriser-un-mode-de-vie-sain/ HTTP/1.1" 404 1251 "-" "Mozilla/5.0 (compatible; AhrefsBot/7.0; +http://ahrefs.com/robot/)"
217.113.194.54 - - [31/Mar/2025:06:38:12 -0400] "GET /how-to-enjoy-painting-by-numbers/ HTTP/1.1" 404 1251 "-" "Mozilla/5.0 (compatible; Barkrowler/0.9; +https://babbar.tech/crawler)"
154.54.249.198 - - [31/Mar/2025:06:38:28 -0400] "GET /how-to-use-a-youtube-playlist/ HTTP/1.1" 404 1251 "-" "Mozilla/5.0 (compatible; Barkrowler/0.9; +https://babbar.tech/crawler)"
217.113.194.54 - - [31/Mar/2025:06:38:43 -0400] "GET /how-to-use-a-compost-tumbler/ HTTP/1.1" 404 1251 "-" "Mozilla/5.0 (compatible; Barkrowler/0.9; +https://babbar.tech/crawler)"
51.222.253.9 - - [31/Mar/2025:06:38:44 -0400] "GET /the-significance-of-youtube-views/ HTTP/1.1" 404 1251 "-" "Mozilla/5.0 (compatible; AhrefsBot/7.0; +http://ahrefs.com/robot/)"
217.113.194.56 - - [31/Mar/2025:06:39:00 -0400] "GET /how-to-boost-youtube-views/feed/ HTTP/1.1" 404 1251 "-" "Mozilla/5.0 (compatible; Barkrowler/0.9; +https://babbar.tech/crawler)"
185.231.154.128 - - [31/Mar/2025:06:39:09 -0400] "GET /osteopathy/ HTTP/1.1" 404 1251 "https://freelancingclients.com/osteopathy/#comment-7037" "Mozilla/5.0 (Windows NT 10.0; Win64; x64) AppleWebKit/537.36 (KHTML, like Gecko) Chrome/130.0.0.0 Safari/537.36"
185.231.154.128 - - [31/Mar/2025:06:39:11 -0400] "GET / HTTP/1.1" 403 1242 "https://freelancingclients.com/" "Mozilla/5.0 (Windows NT 10.0; Win64; x64) AppleWebKit/537.36 (KHTML, like Gecko) Chrome/130.0.0.0 Safari/537.36"
185.231.154.128 - - [31/Mar/2025:06:39:15 -0400] "GET / HTTP/1.1" 403 1242 "https://freelancingclients.com/" "Mozilla/5.0 (Windows NT 10.0; Win64; x64) AppleWebKit/537.36 (KHTML, like Gecko) Chrome/130.0.0.0 Safari/537.36"
217.113.194.57 - - [31/Mar/2025:06:39:17 -0400] "GET /how-to-make-a-chicken-samosa/ HTTP/1.1" 404 1251 "-" "Mozilla/5.0 (compatible; Barkrowler/0.9; +https://babbar.tech/crawler)"
51.222.253.7 - - [31/Mar/2025:06:39:19 -0400] "GET /den-narzissten-entlarven-die-komplexe-persona-verstehen/ HTTP/1.1" 404 1251 "-" "Mozilla/5.0 (compatible; AhrefsBot/7.0; +http://ahrefs.com/robot/)"
154.54.249.198 - - [31/Mar/2025:06:39:32 -0400] "GET /how-to-buy-youtube-subscribers/ HTTP/1.1" 404 1251 "-" "Mozilla/5.0 (compatible; Barkrowler/0.9; +https://babbar.tech/crawler)"
217.113.194.61 - - [31/Mar/2025:06:39:48 -0400] "GET /how-to-find-hvac-near-me/ HTTP/1.1" 404 1251 "-" "Mozilla/5.0 (compatible; Barkrowler/0.9; +https://babbar.tech/crawler)"
51.222.253.6 - - [31/Mar/2025:06:40:00 -0400] "GET /finding-top-notch-shipping-services-nearby/ HTTP/1.1" 404 1251 "-" "Mozilla/5.0 (compatible; AhrefsBot/7.0; +http://ahrefs.com/robot/)"
154.54.249.198 - - [31/Mar/2025:06:40:04 -0400] "GET /papier-peint-deco-hotel/feed/ HTTP/1.1" 404 1251 "-" "Mozilla/5.0 (compatible; Barkrowler/0.9; +https://babbar.tech/crawler)"
154.54.249.198 - - [31/Mar/2025:06:40:19 -0400] "GET /get-youtube-subscribers/feed/ HTTP/1.1" 404 1251 "-" "Mozilla/5.0 (compatible; Barkrowler/0.9; +https://babbar.tech/crawler)"
217.113.194.60 - - [31/Mar/2025:06:40:36 -0400] "GET /melbourne-chauffeur-service/ HTTP/1.1" 404 1251 "-" "Mozilla/5.0 (compatible; Barkrowler/0.9; +https://babbar.tech/crawler)"
51.222.253.6 - - [31/Mar/2025:06:40:43 -0400] "GET /reach-truck-rental/ HTTP/1.1" 404 1251 "-" "Mozilla/5.0 (compatible; AhrefsBot/7.0; +http://ahrefs.com/robot/)"
217.113.194.53 - - [31/Mar/2025:06:40:51 -0400] "GET /ai-video-generator/ HTTP/1.1" 404 1251 "-" "Mozilla/5.0 (compatible; Barkrowler/0.9; +https://babbar.tech/crawler)"
217.113.194.58 - - [31/Mar/2025:06:41:08 -0400] "GET /a-gateway-to-entertainment/ HTTP/1.1" 404 1251 "-" "Mozilla/5.0 (compatible; Barkrowler/0.9; +https://babbar.tech/crawler)"
51.222.253.5 - - [31/Mar/2025:06:41:25 -0400] "GET /exploring-the-magic-of-rainbow-riches-games/ HTTP/1.1" 404 1251 "-" "Mozilla/5.0 (compatible; AhrefsBot/7.0; +http://ahrefs.com/robot/)"
217.113.194.53 - - [31/Mar/2025:06:41:25 -0400] "GET /a-journey-through-enchantment/ HTTP/1.1" 404 1251 "-" "Mozilla/5.0 (compatible; Barkrowler/0.9; +https://babbar.tech/crawler)"
94.181.156.210 - - [31/Mar/2025:06:41:40 -0400] "GET /your-guide-to-preventive-healthcare/ HTTP/1.1" 404 1251 "-" "Mozilla/5.0 (Windows NT 6.3; Win64; x64) AppleWebKit/537.36 (KHTML, like Gecko) Chrome/75.0.3770.100 Safari/537.36"
217.113.194.56 - - [31/Mar/2025:06:41:41 -0400] "GET /a-gamblers-paradise/ HTTP/1.1" 404 1251 "-" "Mozilla/5.0 (compatible; Barkrowler/0.9; +https://babbar.tech/crawler)"
217.113.194.60 - - [31/Mar/2025:06:41:58 -0400] "GET /s489-pill-40-mg/ HTTP/1.1" 404 1251 "-" "Mozilla/5.0 (compatible; Barkrowler/0.9; +https://babbar.tech/crawler)"
51.222.253.10 - - [31/Mar/2025:06:42:03 -0400] "GET /navigating-the-world-of-international-shipping/ HTTP/1.1" 404 1251 "-" "Mozilla/5.0 (compatible; AhrefsBot/7.0; +http://ahrefs.com/robot/)"
217.113.194.55 - - [31/Mar/2025:06:42:13 -0400] "GET /balis-hidden-gem/ HTTP/1.1" 404 1251 "-" "Mozilla/5.0 (compatible; Barkrowler/0.9; +https://babbar.tech/crawler)"
217.113.194.56 - - [31/Mar/2025:06:42:29 -0400] "GET /extended-warranty-car/ HTTP/1.1" 404 1251 "-" "Mozilla/5.0 (compatible; Barkrowler/0.9; +https://babbar.tech/crawler)"
217.113.194.55 - - [31/Mar/2025:06:42:44 -0400] "GET /opulent-living-spaces/feed/ HTTP/1.1" 404 1251 "-" "Mozilla/5.0 (compatible; Barkrowler/0.9; +https://babbar.tech/crawler)"
51.222.253.14 - - [31/Mar/2025:06:42:45 -0400] "GET /trypophobie/ HTTP/1.1" 404 1251 "-" "Mozilla/5.0 (compatible; AhrefsBot/7.0; +http://ahrefs.com/robot/)"
154.54.249.198 - - [31/Mar/2025:06:43:00 -0400] "GET /small-business-loans-for-women/ HTTP/1.1" 404 1251 "-" "Mozilla/5.0 (compatible; Barkrowler/0.9; +https://babbar.tech/crawler)"
154.54.249.198 - - [31/Mar/2025:06:43:16 -0400] "GET /knee-high-grip-socks/ HTTP/1.1" 404 1251 "-" "Mozilla/5.0 (compatible; Barkrowler/0.9; +https://babbar.tech/crawler)"
51.222.253.8 - - [31/Mar/2025:06:43:20 -0400] "GET /capture-your-pets-essence-with-custom-portraits/ HTTP/1.1" 404 1251 "-" "Mozilla/5.0 (compatible; AhrefsBot/7.0; +http://ahrefs.com/robot/)"
217.113.194.57 - - [31/Mar/2025:06:43:31 -0400] "GET /dental-surgery-equipment/ HTTP/1.1" 404 1251 "-" "Mozilla/5.0 (compatible; Barkrowler/0.9; +https://babbar.tech/crawler)"
217.113.194.59 - - [31/Mar/2025:06:43:47 -0400] "GET /rv-refrigerator-parts/ HTTP/1.1" 404 1251 "-" "Mozilla/5.0 (compatible; Barkrowler/0.9; +https://babbar.tech/crawler)"
51.222.253.17 - - [31/Mar/2025:06:43:57 -0400] "GET /enhancing-performance-and-style-the-power-of-custom-grip-socks/ HTTP/1.1" 404 1251 "-" "Mozilla/5.0 (compatible; AhrefsBot/7.0; +http://ahrefs.com/robot/)"
217.113.194.60 - - [31/Mar/2025:06:44:02 -0400] "GET /rv-refrigerator-parts/feed/ HTTP/1.1" 404 1251 "-" "Mozilla/5.0 (compatible; Barkrowler/0.9; +https://babbar.tech/crawler)"
209.17.114.78 - - [31/Mar/2025:06:44:10 -0400] "GET /wp-login.php HTTP/1.1" 200 1725 "-" "Mozilla/5.0 (Windows NT 10.0; Win64; x64; rv:100.0) Gecko/20100101 Firefox/100.0"
198.54.114.83 - - [31/Mar/2025:06:44:10 -0400] "POST /wp-admin/admin-ajax.php?action=async_litespeed&nonce=sb1eCFWbobX1zvXVQ0qH4LDCpCG7Wkyl&litespeed_type=imgoptm HTTP/1.1" 200 5 "-" "WordPress/6.7.1; https://freelancingclients.com"
217.113.194.57 - - [31/Mar/2025:06:44:18 -0400] "GET /erholung-und-inspiration/ HTTP/1.1" 404 1251 "-" "Mozilla/5.0 (compatible; Barkrowler/0.9; +https://babbar.tech/crawler)"
217.113.194.53 - - [31/Mar/2025:06:44:33 -0400] "GET /how-rv-ac-units-work/ HTTP/1.1" 404 1251 "-" "Mozilla/5.0 (compatible; Barkrowler/0.9; +https://babbar.tech/crawler)"
