217.113.194.57 - - [31/Mar/2025:04:50:18 -0400] "GET /fire-pumps-for-sale/ HTTP/1.1" 404 1251 "-" "Mozilla/5.0 (compatible; Barkrowler/0.9; +https://babbar.tech/crawler)"
217.113.194.58 - - [31/Mar/2025:04:50:34 -0400] "GET /riveting-machinery/ HTTP/1.1" 404 1251 "-" "Mozilla/5.0 (compatible; Barkrowler/0.9; +https://babbar.tech/crawler)"
154.54.249.198 - - [31/Mar/2025:04:50:50 -0400] "GET /lawyer-hattingen/ HTTP/1.1" 404 1251 "-" "Mozilla/5.0 (compatible; Barkrowler/0.9; +https://babbar.tech/crawler)"
51.222.253.5 - - [31/Mar/2025:04:50:56 -0400] "GET /artificial-intelligent-trash-can-recycling-computational-strategy/ HTTP/1.1" 404 1251 "-" "Mozilla/5.0 (compatible; AhrefsBot/7.0; +http://ahrefs.com/robot/)"
154.54.249.198 - - [31/Mar/2025:04:51:06 -0400] "GET /web-design-company/ HTTP/1.1" 404 1251 "-" "Mozilla/5.0 (compatible; Barkrowler/0.9; +https://babbar.tech/crawler)"
217.113.194.55 - - [31/Mar/2025:04:51:21 -0400] "GET /confort-et-style/ HTTP/1.1" 404 1251 "-" "Mozilla/5.0 (compatible; Barkrowler/0.9; +https://babbar.tech/crawler)"
51.222.253.20 - - [31/Mar/2025:04:51:42 -0400] "GET /top-5-1st-anniversary-gifts/ HTTP/1.1" 404 1251 "-" "Mozilla/5.0 (compatible; AhrefsBot/7.0; +http://ahrefs.com/robot/)"
217.113.194.58 - - [31/Mar/2025:04:51:48 -0400] "GET /cancers-and-genders/ HTTP/1.1" 404 1251 "-" "Mozilla/5.0 (compatible; Barkrowler/0.9; +https://babbar.tech/crawler)"
154.54.249.198 - - [31/Mar/2025:04:52:04 -0400] "GET /where-luxury-meets-design/ HTTP/1.1" 404 1251 "-" "Mozilla/5.0 (compatible; Barkrowler/0.9; +https://babbar.tech/crawler)"
217.113.194.54 - - [31/Mar/2025:04:52:19 -0400] "GET /custom-logo-sockss/ HTTP/1.1" 404 1251 "-" "Mozilla/5.0 (compatible; Barkrowler/0.9; +https://babbar.tech/crawler)"
51.222.253.4 - - [31/Mar/2025:04:52:30 -0400] "GET /what-is-a-marketplace/ HTTP/1.1" 404 1251 "-" "Mozilla/5.0 (compatible; AhrefsBot/7.0; +http://ahrefs.com/robot/)"
154.54.249.198 - - [31/Mar/2025:04:52:35 -0400] "GET /spider-gwen-mask/ HTTP/1.1" 404 1251 "-" "Mozilla/5.0 (compatible; Barkrowler/0.9; +https://babbar.tech/crawler)"
217.113.194.53 - - [31/Mar/2025:04:52:50 -0400] "GET /jewelry-cleaner-solution/ HTTP/1.1" 404 1251 "-" "Mozilla/5.0 (compatible; Barkrowler/0.9; +https://babbar.tech/crawler)"
217.113.194.55 - - [31/Mar/2025:04:53:06 -0400] "GET /voice-over-artists/ HTTP/1.1" 404 1251 "-" "Mozilla/5.0 (compatible; Barkrowler/0.9; +https://babbar.tech/crawler)"
51.222.253.4 - - [31/Mar/2025:04:53:15 -0400] "GET /vita-glow-skin-whitening-night-creams/ HTTP/1.1" 404 1251 "-" "Mozilla/5.0 (compatible; AhrefsBot/7.0; +http://ahrefs.com/robot/)"
217.113.194.52 - - [31/Mar/2025:04:53:21 -0400] "GET /reach-truck-rental/ HTTP/1.1" 404 1251 "-" "Mozilla/5.0 (compatible; Barkrowler/0.9; +https://babbar.tech/crawler)"
217.113.194.53 - - [31/Mar/2025:04:53:38 -0400] "GET /how-to-choose-runner-rugs/ HTTP/1.1" 404 1251 "-" "Mozilla/5.0 (compatible; Barkrowler/0.9; +https://babbar.tech/crawler)"
217.113.194.55 - - [31/Mar/2025:04:53:53 -0400] "GET /how-to-boost-youtube-views/ HTTP/1.1" 404 1251 "-" "Mozilla/5.0 (compatible; Barkrowler/0.9; +https://babbar.tech/crawler)"
217.113.194.60 - - [31/Mar/2025:04:54:10 -0400] "GET /get-youtube-subscribers/ HTTP/1.1" 404 1251 "-" "Mozilla/5.0 (compatible; Barkrowler/0.9; +https://babbar.tech/crawler)"
51.222.253.12 - - [31/Mar/2025:04:54:19 -0400] "GET /exploring-the-allure-of-sotogrande-plots-total/ HTTP/1.1" 404 1251 "-" "Mozilla/5.0 (compatible; AhrefsBot/7.0; +http://ahrefs.com/robot/)"
154.54.249.198 - - [31/Mar/2025:04:54:27 -0400] "GET /why-buy-youtube-views/ HTTP/1.1" 404 1251 "-" "Mozilla/5.0 (compatible; Barkrowler/0.9; +https://babbar.tech/crawler)"
217.113.194.54 - - [31/Mar/2025:04:54:44 -0400] "GET /ai-girlfriend/ HTTP/1.1" 404 1251 "-" "Mozilla/5.0 (compatible; Barkrowler/0.9; +https://babbar.tech/crawler)"
217.113.194.59 - - [31/Mar/2025:04:55:00 -0400] "GET /24-hour-locksmith/ HTTP/1.1" 404 1251 "-" "Mozilla/5.0 (compatible; Barkrowler/0.9; +https://babbar.tech/crawler)"
217.113.194.59 - - [31/Mar/2025:04:55:15 -0400] "GET /an-island-escape/ HTTP/1.1" 404 1251 "-" "Mozilla/5.0 (compatible; Barkrowler/0.9; +https://babbar.tech/crawler)"
51.222.253.4 - - [31/Mar/2025:04:55:23 -0400] "GET /you-can-heal-anything-you-are-the-new-medicine/ HTTP/1.1" 404 1251 "-" "Mozilla/5.0 (compatible; AhrefsBot/7.0; +http://ahrefs.com/robot/)"
217.113.194.53 - - [31/Mar/2025:04:55:31 -0400] "GET /refrigerator-maintenance/ HTTP/1.1" 404 1251 "-" "Mozilla/5.0 (compatible; Barkrowler/0.9; +https://babbar.tech/crawler)"
217.113.194.61 - - [31/Mar/2025:04:55:47 -0400] "GET /agence-de-referencement/ HTTP/1.1" 404 1251 "-" "Mozilla/5.0 (compatible; Barkrowler/0.9; +https://babbar.tech/crawler)"
154.54.249.198 - - [31/Mar/2025:04:56:02 -0400] "GET /artisan-stand-mixer/ HTTP/1.1" 404 1251 "-" "Mozilla/5.0 (compatible; Barkrowler/0.9; +https://babbar.tech/crawler)"
217.113.194.57 - - [31/Mar/2025:04:56:18 -0400] "GET /thailand-privilege/ HTTP/1.1" 404 1251 "-" "Mozilla/5.0 (compatible; Barkrowler/0.9; +https://babbar.tech/crawler)"
154.54.249.198 - - [31/Mar/2025:04:56:34 -0400] "GET /the-king-plus-casino/ HTTP/1.1" 404 1251 "-" "Mozilla/5.0 (compatible; Barkrowler/0.9; +https://babbar.tech/crawler)"
217.113.194.61 - - [31/Mar/2025:04:56:50 -0400] "GET /what-is-a-marketplace/ HTTP/1.1" 404 1251 "-" "Mozilla/5.0 (compatible; Barkrowler/0.9; +https://babbar.tech/crawler)"
51.222.253.12 - - [31/Mar/2025:04:56:52 -0400] "GET /divorce-lawyer-in-haifa-2/ HTTP/1.1" 404 1251 "-" "Mozilla/5.0 (compatible; AhrefsBot/7.0; +http://ahrefs.com/robot/)"
217.113.194.59 - - [31/Mar/2025:04:57:05 -0400] "GET /buy-youtubes-views/ HTTP/1.1" 404 1251 "-" "Mozilla/5.0 (compatible; Barkrowler/0.9; +https://babbar.tech/crawler)"
217.113.194.59 - - [31/Mar/2025:04:57:40 -0400] "GET /programmatic-ads-dubai/ HTTP/1.1" 404 1251 "-" "Mozilla/5.0 (compatible; Barkrowler/0.9; +https://babbar.tech/crawler)"
114.119.163.52 - - [31/Mar/2025:04:57:47 -0400] "GET /wein-gardasee/ HTTP/1.1" 404 1251 "https://freelancingclients.com/wein-gardasee/" "Mozilla/5.0 (Linux; Android 7.0;) AppleWebKit/537.36 (KHTML, like Gecko) Mobile Safari/537.36 (compatible; PetalBot;+https://webmaster.petalsearch.com/site/petalbot)"
154.54.249.198 - - [31/Mar/2025:04:57:56 -0400] "GET /trypophobie/ HTTP/1.1" 404 1251 "-" "Mozilla/5.0 (compatible; Barkrowler/0.9; +https://babbar.tech/crawler)"
51.222.253.2 - - [31/Mar/2025:04:57:59 -0400] "GET /yeti-vs-rtic-vs-ozark-trail-battle-of-the-tumblers/ HTTP/1.1" 404 1251 "-" "Mozilla/5.0 (compatible; AhrefsBot/7.0; +http://ahrefs.com/robot/)"
217.113.194.53 - - [31/Mar/2025:04:58:13 -0400] "GET /plaid-canape/ HTTP/1.1" 404 1251 "-" "Mozilla/5.0 (compatible; Barkrowler/0.9; +https://babbar.tech/crawler)"
217.113.194.60 - - [31/Mar/2025:04:58:28 -0400] "GET /gourde-personnalisee/ HTTP/1.1" 404 1251 "-" "Mozilla/5.0 (compatible; Barkrowler/0.9; +https://babbar.tech/crawler)"
217.113.194.55 - - [31/Mar/2025:04:58:44 -0400] "GET /weight-loss-treatment/ HTTP/1.1" 404 1251 "-" "Mozilla/5.0 (compatible; Barkrowler/0.9; +https://babbar.tech/crawler)"
114.119.136.245 - - [31/Mar/2025:04:58:50 -0400] "GET /vita-glow-cream-achieve-a-fair-and-glowing-complexion/ HTTP/1.1" 404 1251 "https://freelancingclients.com/page/112/" "Mozilla/5.0 (Linux; Android 7.0;) AppleWebKit/537.36 (KHTML, like Gecko) Mobile Safari/537.36 (compatible; PetalBot;+https://webmaster.petalsearch.com/site/petalbot)"
51.222.253.2 - - [31/Mar/2025:04:58:58 -0400] "GET /an-in-depth-look-at-snow-rider-3d/ HTTP/1.1" 404 1251 "-" "Mozilla/5.0 (compatible; AhrefsBot/7.0; +http://ahrefs.com/robot/)"
217.113.194.61 - - [31/Mar/2025:04:59:00 -0400] "GET /whats-on-your-credit-report/ HTTP/1.1" 404 1251 "-" "Mozilla/5.0 (compatible; Barkrowler/0.9; +https://babbar.tech/crawler)"
217.113.194.60 - - [31/Mar/2025:04:59:15 -0400] "GET /the-art-of-tiling/ HTTP/1.1" 404 1251 "-" "Mozilla/5.0 (compatible; Barkrowler/0.9; +https://babbar.tech/crawler)"
217.113.194.56 - - [31/Mar/2025:04:59:31 -0400] "GET /retail-digital-marketing/ HTTP/1.1" 404 1251 "-" "Mozilla/5.0 (compatible; Barkrowler/0.9; +https://babbar.tech/crawler)"
51.222.253.7 - - [31/Mar/2025:04:59:42 -0400] "GET /discover-the-magic-of-rainbow-riches-casino/ HTTP/1.1" 404 1251 "-" "Mozilla/5.0 (compatible; AhrefsBot/7.0; +http://ahrefs.com/robot/)"
185.191.171.8 - - [31/Mar/2025:04:59:44 -0400] "GET /cbd-uk/ HTTP/1.1" 404 1251 "-" "Mozilla/5.0 (compatible; SemrushBot/7~bl; +http://www.semrush.com/bot.html)"
217.113.194.61 - - [31/Mar/2025:04:59:46 -0400] "GET /2-in-to-mm/ HTTP/1.1" 404 1251 "-" "Mozilla/5.0 (compatible; Barkrowler/0.9; +https://babbar.tech/crawler)"
217.113.194.58 - - [31/Mar/2025:05:00:03 -0400] "GET /family-mediation-service/ HTTP/1.1" 404 1251 "-" "Mozilla/5.0 (compatible; Barkrowler/0.9; +https://babbar.tech/crawler)"
129.226.77.215 - - [31/Mar/2025:05:00:13 -0400] "GET /the-timeless-beauty-of-cowrie-shell-bracelets/ HTTP/1.1" 404 1251 "-" "Python/3.10 aiohttp/3.10.5"
114.119.136.245 - - [31/Mar/2025:05:00:14 -0400] "GET /navigating-the-risks-and-rewards-of-online-gambling/ HTTP/1.1" 404 1251 "https://freelancingclients.com/navigating-the-risks-and-rewards-of-online-gambling/" "Mozilla/5.0 (Linux; Android 7.0;) AppleWebKit/537.36 (KHTML, like Gecko) Mobile Safari/537.36 (compatible; PetalBot;+https://webmaster.petalsearch.com/site/petalbot)"
217.113.194.54 - - [31/Mar/2025:05:00:18 -0400] "GET /category/activity/page/2/ HTTP/1.1" 404 1251 "-" "Mozilla/5.0 (compatible; Barkrowler/0.9; +https://babbar.tech/crawler)"
51.222.253.15 - - [31/Mar/2025:05:00:26 -0400] "GET /custom-digital-pet-portraits/ HTTP/1.1" 404 1251 "-" "Mozilla/5.0 (compatible; AhrefsBot/7.0; +http://ahrefs.com/robot/)"
217.113.194.60 - - [31/Mar/2025:05:00:34 -0400] "GET /category/activity/page/10/ HTTP/1.1" 404 1251 "-" "Mozilla/5.0 (compatible; Barkrowler/0.9; +https://babbar.tech/crawler)"
217.113.194.59 - - [31/Mar/2025:05:00:50 -0400] "GET /category/activity/page/7/ HTTP/1.1" 404 1251 "-" "Mozilla/5.0 (compatible; Barkrowler/0.9; +https://babbar.tech/crawler)"
217.113.194.57 - - [31/Mar/2025:05:01:05 -0400] "GET /category/activity/page/3/ HTTP/1.1" 404 1251 "-" "Mozilla/5.0 (compatible; Barkrowler/0.9; +https://babbar.tech/crawler)"
51.222.253.2 - - [31/Mar/2025:05:01:06 -0400] "GET /simple-fitness-exercises-to-improve-your-fitness/ HTTP/1.1" 404 1251 "-" "Mozilla/5.0 (compatible; AhrefsBot/7.0; +http://ahrefs.com/robot/)"
154.54.249.198 - - [31/Mar/2025:05:01:21 -0400] "GET /category/activity/page/5/ HTTP/1.1" 404 1251 "-" "Mozilla/5.0 (compatible; Barkrowler/0.9; +https://babbar.tech/crawler)"
154.54.249.198 - - [31/Mar/2025:05:01:36 -0400] "GET /category/activity/page/8/ HTTP/1.1" 404 1251 "-" "Mozilla/5.0 (compatible; Barkrowler/0.9; +https://babbar.tech/crawler)"
114.119.155.170 - - [31/Mar/2025:05:01:46 -0400] "GET /junk-car-removal-lehigh-acres/ HTTP/1.1" 404 1251 "https://freelancingclients.com/page/73/" "Mozilla/5.0 (Linux; Android 7.0;) AppleWebKit/537.36 (KHTML, like Gecko) Mobile Safari/537.36 (compatible; PetalBot;+https://webmaster.petalsearch.com/site/petalbot)"
85.208.96.200 - - [31/Mar/2025:05:01:49 -0400] "GET /optimizing-zhu-yuan-skill-priority-guide/ HTTP/1.1" 404 1251 "-" "Mozilla/5.0 (compatible; SemrushBot/7~bl; +http://www.semrush.com/bot.html)"
217.113.194.52 - - [31/Mar/2025:05:01:52 -0400] "GET /category/activity/page/6/ HTTP/1.1" 404 1251 "-" "Mozilla/5.0 (compatible; Barkrowler/0.9; +https://babbar.tech/crawler)"
51.222.253.4 - - [31/Mar/2025:05:01:52 -0400] "GET /the-key-to-success/ HTTP/1.1" 404 1251 "-" "Mozilla/5.0 (compatible; AhrefsBot/7.0; +http://ahrefs.com/robot/)"
217.113.194.56 - - [31/Mar/2025:05:02:07 -0400] "GET /category/activity/page/9/ HTTP/1.1" 404 1251 "-" "Mozilla/5.0 (compatible; Barkrowler/0.9; +https://babbar.tech/crawler)"
217.113.194.58 - - [31/Mar/2025:05:02:23 -0400] "GET /category/activity/page/4/ HTTP/1.1" 404 1251 "-" "Mozilla/5.0 (compatible; Barkrowler/0.9; +https://babbar.tech/crawler)"
51.222.253.16 - - [31/Mar/2025:05:02:37 -0400] "GET /business-trip-massage/ HTTP/1.1" 404 1251 "-" "Mozilla/5.0 (compatible; AhrefsBot/7.0; +http://ahrefs.com/robot/)"
217.113.194.56 - - [31/Mar/2025:05:02:38 -0400] "GET /category/activity/page/12/ HTTP/1.1" 404 1251 "-" "Mozilla/5.0 (compatible; Barkrowler/0.9; +https://babbar.tech/crawler)"
217.113.194.61 - - [31/Mar/2025:05:02:54 -0400] "GET /paper-quilling-art/ HTTP/1.1" 404 1251 "-" "Mozilla/5.0 (compatible; Barkrowler/0.9; +https://babbar.tech/crawler)"
114.119.138.170 - - [31/Mar/2025:05:03:05 -0400] "GET /detente-et-bien-etre-a-geneve-le-massage-thailandais/ HTTP/1.1" 404 1251 "https://freelancingclients.com/category/activity/page/31/" "Mozilla/5.0 (Linux; Android 7.0;) AppleWebKit/537.36 (KHTML, like Gecko) Mobile Safari/537.36 (compatible; PetalBot;+https://webmaster.petalsearch.com/site/petalbot)"
217.113.194.58 - - [31/Mar/2025:05:03:10 -0400] "GET /lamisil-once/ HTTP/1.1" 404 1251 "-" "Mozilla/5.0 (compatible; Barkrowler/0.9; +https://babbar.tech/crawler)"
51.222.253.4 - - [31/Mar/2025:05:03:19 -0400] "GET /il-rifugio-del-relax-sul-lago-di-garda/ HTTP/1.1" 404 1251 "-" "Mozilla/5.0 (compatible; AhrefsBot/7.0; +http://ahrefs.com/robot/)"
217.113.194.61 - - [31/Mar/2025:05:03:25 -0400] "GET /bitcoin-mixing/feed/ HTTP/1.1" 404 1251 "-" "Mozilla/5.0 (compatible; Barkrowler/0.9; +https://babbar.tech/crawler)"
217.113.194.55 - - [31/Mar/2025:05:03:41 -0400] "GET /send-big-files/feed/ HTTP/1.1" 404 1251 "-" "Mozilla/5.0 (compatible; Barkrowler/0.9; +https://babbar.tech/crawler)"
154.54.249.198 - - [31/Mar/2025:05:03:56 -0400] "GET /send-flowers-to-home/ HTTP/1.1" 404 1251 "-" "Mozilla/5.0 (compatible; Barkrowler/0.9; +https://babbar.tech/crawler)"
51.222.253.16 - - [31/Mar/2025:05:04:00 -0400] "GET /plastic-shredder-machine/ HTTP/1.1" 404 1251 "-" "Mozilla/5.0 (compatible; AhrefsBot/7.0; +http://ahrefs.com/robot/)"
85.208.96.210 - - [31/Mar/2025:05:04:07 -0400] "GET /agence-partenaire-meta-ads-paris/ HTTP/1.1" 404 1251 "-" "Mozilla/5.0 (compatible; SemrushBot/7~bl; +http://www.semrush.com/bot.html)"
217.113.194.54 - - [31/Mar/2025:05:04:17 -0400] "GET /michael-kors-sales-bags/ HTTP/1.1" 404 1251 "-" "Mozilla/5.0 (compatible; Barkrowler/0.9; +https://babbar.tech/crawler)"
114.119.144.127 - - [31/Mar/2025:05:04:26 -0400] "GET /category/activity/page/3/ HTTP/1.1" 404 1251 "https://freelancingclients.com/category/activity/page/3/" "Mozilla/5.0 (Linux; Android 7.0;) AppleWebKit/537.36 (KHTML, like Gecko) Mobile Safari/537.36 (compatible; PetalBot;+https://webmaster.petalsearch.com/site/petalbot)"
217.113.194.54 - - [31/Mar/2025:05:04:33 -0400] "GET /michael-kors-sale-bags/ HTTP/1.1" 404 1251 "-" "Mozilla/5.0 (compatible; Barkrowler/0.9; +https://babbar.tech/crawler)"
51.222.253.15 - - [31/Mar/2025:05:04:43 -0400] "GET /gambling-lotto/ HTTP/1.1" 404 1251 "-" "Mozilla/5.0 (compatible; AhrefsBot/7.0; +http://ahrefs.com/robot/)"
217.113.194.58 - - [31/Mar/2025:05:04:48 -0400] "GET /symboles-et-significations/ HTTP/1.1" 404 1251 "-" "Mozilla/5.0 (compatible; Barkrowler/0.9; +https://babbar.tech/crawler)"
217.113.194.54 - - [31/Mar/2025:05:05:04 -0400] "GET /buying-quality-vintage-rugs/ HTTP/1.1" 404 1251 "-" "Mozilla/5.0 (compatible; Barkrowler/0.9; +https://babbar.tech/crawler)"
217.113.194.58 - - [31/Mar/2025:05:05:19 -0400] "GET /buying-youtube-likes-2/ HTTP/1.1" 404 1251 "-" "Mozilla/5.0 (compatible; Barkrowler/0.9; +https://babbar.tech/crawler)"
51.222.253.16 - - [31/Mar/2025:05:05:33 -0400] "GET /finding-the-right-immigration-lawyer-in-queens/ HTTP/1.1" 404 1251 "-" "Mozilla/5.0 (compatible; AhrefsBot/7.0; +http://ahrefs.com/robot/)"
154.54.249.198 - - [31/Mar/2025:05:05:36 -0400] "GET /buying-youtube-likes/ HTTP/1.1" 404 1251 "-" "Mozilla/5.0 (compatible; Barkrowler/0.9; +https://babbar.tech/crawler)"
114.119.153.50 - - [31/Mar/2025:05:05:49 -0400] "GET /category/activity/page/117/ HTTP/1.1" 404 1251 "https://freelancingclients.com/category/activity/page/116/" "Mozilla/5.0 (Linux; Android 7.0;) AppleWebKit/537.36 (KHTML, like Gecko) Mobile Safari/537.36 (compatible; PetalBot;+https://webmaster.petalsearch.com/site/petalbot)"
217.113.194.57 - - [31/Mar/2025:05:05:52 -0400] "GET /une-touche-unique/ HTTP/1.1" 404 1251 "-" "Mozilla/5.0 (compatible; Barkrowler/0.9; +https://babbar.tech/crawler)"
217.113.194.52 - - [31/Mar/2025:05:06:07 -0400] "GET /best-sandals-for-women/ HTTP/1.1" 404 1251 "-" "Mozilla/5.0 (compatible; Barkrowler/0.9; +https://babbar.tech/crawler)"
61.145.176.92 - - [31/Mar/2025:05:06:18 -0400] "GET / HTTP/1.1" 403 1242 "-" "Java/17.0.14"
217.113.194.55 - - [31/Mar/2025:05:06:23 -0400] "GET /tummy-surgery/ HTTP/1.1" 404 1251 "-" "Mozilla/5.0 (compatible; Barkrowler/0.9; +https://babbar.tech/crawler)"
51.222.253.20 - - [31/Mar/2025:05:06:32 -0400] "GET /discover-the-magic-of-rainbow-riches-casino-2/ HTTP/1.1" 404 1251 "-" "Mozilla/5.0 (compatible; AhrefsBot/7.0; +http://ahrefs.com/robot/)"
217.113.194.53 - - [31/Mar/2025:05:06:39 -0400] "GET /cbd-suisse/feed/ HTTP/1.1" 404 1251 "-" "Mozilla/5.0 (compatible; Barkrowler/0.9; +https://babbar.tech/crawler)"
217.113.194.56 - - [31/Mar/2025:05:06:59 -0400] "GET /cpu-cooling/ HTTP/1.1" 404 1251 "-" "Mozilla/5.0 (compatible; Barkrowler/0.9; +https://babbar.tech/crawler)"
217.113.194.59 - - [31/Mar/2025:05:07:17 -0400] "GET /thermal-compound-2/ HTTP/1.1" 404 1251 "-" "Mozilla/5.0 (compatible; Barkrowler/0.9; +https://babbar.tech/crawler)"
51.222.253.17 - - [31/Mar/2025:05:07:25 -0400] "GET /caregiving-tips-for-boomers-5-tips-for-decreasing-the-cost-of-caring-for-elderly-parents/ HTTP/1.1" 404 1251 "-" "Mozilla/5.0 (compatible; AhrefsBot/7.0; +http://ahrefs.com/robot/)"
217.113.194.56 - - [31/Mar/2025:05:07:33 -0400] "GET /thermal-compound/ HTTP/1.1" 404 1251 "-" "Mozilla/5.0 (compatible; Barkrowler/0.9; +https://babbar.tech/crawler)"
217.113.194.53 - - [31/Mar/2025:05:07:49 -0400] "GET /btc-mixer/feed/ HTTP/1.1" 404 1251 "-" "Mozilla/5.0 (compatible; Barkrowler/0.9; +https://babbar.tech/crawler)"
217.113.194.61 - - [31/Mar/2025:05:08:09 -0400] "GET /hidden-moving-expenses/ HTTP/1.1" 404 1251 "-" "Mozilla/5.0 (compatible; Barkrowler/0.9; +https://babbar.tech/crawler)"
51.222.253.11 - - [31/Mar/2025:05:08:20 -0400] "GET /finding-a-kitchen-cabinet-manufacturer/ HTTP/1.1" 404 1251 "-" "Mozilla/5.0 (compatible; AhrefsBot/7.0; +http://ahrefs.com/robot/)"
217.113.194.53 - - [31/Mar/2025:05:08:24 -0400] "GET /caregiver-agencies/ HTTP/1.1" 404 1251 "-" "Mozilla/5.0 (compatible; Barkrowler/0.9; +https://babbar.tech/crawler)"
51.222.253.6 - - [31/Mar/2025:05:09:07 -0400] "GET /exploring-chuan-park-showflat-a-glimpse-into-luxury-living/ HTTP/1.1" 404 1251 "-" "Mozilla/5.0 (compatible; AhrefsBot/7.0; +http://ahrefs.com/robot/)"
217.113.194.52 - - [31/Mar/2025:05:09:15 -0400] "GET /gambling-lotto/ HTTP/1.1" 404 1251 "-" "Mozilla/5.0 (compatible; Barkrowler/0.9; +https://babbar.tech/crawler)"
52.167.144.215 - - [31/Mar/2025:05:09:18 -0400] "GET /?s=8 HTTP/1.1" 403 1242 "-" "Mozilla/5.0 AppleWebKit/537.36 (KHTML, like Gecko; compatible; bingbot/2.0; +http://www.bing.com/bingbot.htm) Chrome/116.0.1938.76 Safari/537.36"
52.167.144.187 - - [31/Mar/2025:05:09:28 -0400] "GET /the-liberating-journey-of-deleting-your-instagram-account/ HTTP/1.1" 404 1251 "-" "Mozilla/5.0 AppleWebKit/537.36 (KHTML, like Gecko; compatible; bingbot/2.0; +http://www.bing.com/bingbot.htm) Chrome/116.0.1938.76 Safari/537.36"
217.113.194.56 - - [31/Mar/2025:05:09:30 -0400] "GET /gambling-sports/feed/ HTTP/1.1" 404 1251 "-" "Mozilla/5.0 (compatible; Barkrowler/0.9; +https://babbar.tech/crawler)"
217.113.194.54 - - [31/Mar/2025:05:09:46 -0400] "GET /center-parcs-ostsee/ HTTP/1.1" 404 1251 "-" "Mozilla/5.0 (compatible; Barkrowler/0.9; +https://babbar.tech/crawler)"
51.222.253.17 - - [31/Mar/2025:05:09:52 -0400] "GET /the-transformative-benefits-of-energy-healing/ HTTP/1.1" 404 1251 "-" "Mozilla/5.0 (compatible; AhrefsBot/7.0; +http://ahrefs.com/robot/)"
154.54.249.198 - - [31/Mar/2025:05:10:02 -0400] "GET /the-hot-dispenser/ HTTP/1.1" 404 1251 "-" "Mozilla/5.0 (compatible; Barkrowler/0.9; +https://babbar.tech/crawler)"
217.113.194.54 - - [31/Mar/2025:05:10:18 -0400] "GET /flat-head-screw/ HTTP/1.1" 404 1251 "-" "Mozilla/5.0 (compatible; Barkrowler/0.9; +https://babbar.tech/crawler)"
62.113.113.106 - - [31/Mar/2025:05:10:23 -0400] "GET /osteopathy/ HTTP/1.1" 404 1251 "https://freelancingclients.com/osteopathy/" "Mozilla/5.0 (Windows NT 10.0; Win64; x64) AppleWebKit/537.36 (KHTML, like Gecko) Chrome/130.0.0.0 Safari/537.36"
62.113.113.106 - - [31/Mar/2025:05:10:25 -0400] "GET / HTTP/1.1" 403 1242 "https://freelancingclients.com/" "Mozilla/5.0 (Windows NT 10.0; Win64; x64) AppleWebKit/537.36 (KHTML, like Gecko) Chrome/130.0.0.0 Safari/537.36"
62.113.113.106 - - [31/Mar/2025:05:10:26 -0400] "GET / HTTP/1.1" 403 1242 "https://freelancingclients.com/" "Mozilla/5.0 (Windows NT 10.0; Win64; x64) AppleWebKit/537.36 (KHTML, like Gecko) Chrome/130.0.0.0 Safari/537.36"
154.54.249.198 - - [31/Mar/2025:05:10:34 -0400] "GET /buy-careprost/ HTTP/1.1" 404 1251 "-" "Mozilla/5.0 (compatible; Barkrowler/0.9; +https://babbar.tech/crawler)"
51.222.253.16 - - [31/Mar/2025:05:10:45 -0400] "GET /la-realite-virtuelle-une-exploration-des-possibilites/ HTTP/1.1" 404 1251 "-" "Mozilla/5.0 (compatible; AhrefsBot/7.0; +http://ahrefs.com/robot/)"
217.113.194.53 - - [31/Mar/2025:05:10:49 -0400] "GET /buy-careprost/feed/ HTTP/1.1" 404 1251 "-" "Mozilla/5.0 (compatible; Barkrowler/0.9; +https://babbar.tech/crawler)"
217.113.194.52 - - [31/Mar/2025:05:11:05 -0400] "GET /where-to-buy-designer-bags/ HTTP/1.1" 404 1251 "-" "Mozilla/5.0 (compatible; Barkrowler/0.9; +https://babbar.tech/crawler)"
217.113.194.61 - - [31/Mar/2025:05:11:21 -0400] "GET /fire-pump-manufacturers/ HTTP/1.1" 404 1251 "-" "Mozilla/5.0 (compatible; Barkrowler/0.9; +https://babbar.tech/crawler)"
217.113.194.61 - - [31/Mar/2025:05:11:36 -0400] "GET /fire-pump-manufacturer/ HTTP/1.1" 404 1251 "-" "Mozilla/5.0 (compatible; Barkrowler/0.9; +https://babbar.tech/crawler)"
51.222.253.14 - - [31/Mar/2025:05:11:46 -0400] "GET /the-expertise-of-lawyer-hattingen/ HTTP/1.1" 404 1251 "-" "Mozilla/5.0 (compatible; AhrefsBot/7.0; +http://ahrefs.com/robot/)"
217.113.194.58 - - [31/Mar/2025:05:11:53 -0400] "GET /fire-damage-restoration/ HTTP/1.1" 404 1251 "-" "Mozilla/5.0 (compatible; Barkrowler/0.9; +https://babbar.tech/crawler)"
217.113.194.58 - - [31/Mar/2025:05:12:09 -0400] "GET /mindfulness-exercises/ HTTP/1.1" 404 1251 "-" "Mozilla/5.0 (compatible; Barkrowler/0.9; +https://babbar.tech/crawler)"
217.113.194.61 - - [31/Mar/2025:05:12:28 -0400] "GET /an-exclusive-preview/ HTTP/1.1" 404 1251 "-" "Mozilla/5.0 (compatible; Barkrowler/0.9; +https://babbar.tech/crawler)"
51.222.253.15 - - [31/Mar/2025:05:12:36 -0400] "GET /the-pitfalls-of-buying-instagram-likes/ HTTP/1.1" 404 1251 "-" "Mozilla/5.0 (compatible; AhrefsBot/7.0; +http://ahrefs.com/robot/)"
154.54.249.198 - - [31/Mar/2025:05:12:43 -0400] "GET /vegetable-samosa/ HTTP/1.1" 404 1251 "-" "Mozilla/5.0 (compatible; Barkrowler/0.9; +https://babbar.tech/crawler)"
217.113.194.56 - - [31/Mar/2025:05:12:59 -0400] "GET /uk-cbd-capsules/ HTTP/1.1" 404 1251 "-" "Mozilla/5.0 (compatible; Barkrowler/0.9; +https://babbar.tech/crawler)"
217.113.194.58 - - [31/Mar/2025:05:13:15 -0400] "GET /kratom-capsules/ HTTP/1.1" 404 1251 "-" "Mozilla/5.0 (compatible; Barkrowler/0.9; +https://babbar.tech/crawler)"
51.222.253.19 - - [31/Mar/2025:05:13:16 -0400] "GET /unlocking-your-potential-through-personalized-coaching/ HTTP/1.1" 404 1251 "-" "Mozilla/5.0 (compatible; AhrefsBot/7.0; +http://ahrefs.com/robot/)"
217.113.194.59 - - [31/Mar/2025:05:13:30 -0400] "GET /essential-travel-tips/ HTTP/1.1" 404 1251 "-" "Mozilla/5.0 (compatible; Barkrowler/0.9; +https://babbar.tech/crawler)"
185.191.171.12 - - [31/Mar/2025:05:13:34 -0400] "GET /robots.txt HTTP/1.1" 404 1251 "-" "Mozilla/5.0 (compatible; SemrushBot/7~bl; +http://www.semrush.com/bot.html)"
185.191.171.4 - - [31/Mar/2025:05:13:34 -0400] "GET /building-a-youtube-community/ HTTP/1.1" 404 1251 "-" "Mozilla/5.0 (compatible; SemrushBot/7~bl; +http://www.semrush.com/bot.html)"
45.141.215.133 - - [31/Mar/2025:05:13:44 -0400] "GET / HTTP/1.1" 403 1242 "https://freelancingclients.com" "Mozilla/5.0 (Windows NT 6.3; Win64; x64; Trident/7.0; rv:11.0) like Gecko"
217.113.194.59 - - [31/Mar/2025:05:13:47 -0400] "GET /lawyer-hattingen/feed/ HTTP/1.1" 404 1251 "-" "Mozilla/5.0 (compatible; Barkrowler/0.9; +https://babbar.tech/crawler)"
51.222.253.17 - - [31/Mar/2025:05:13:58 -0400] "GET /les-accessoires-feminins-elegance-et-style-au-feminin/ HTTP/1.1" 404 1251 "-" "Mozilla/5.0 (compatible; AhrefsBot/7.0; +http://ahrefs.com/robot/)"
217.113.194.58 - - [31/Mar/2025:05:14:03 -0400] "GET /star-plus-electrical/ HTTP/1.1" 404 1251 "-" "Mozilla/5.0 (compatible; Barkrowler/0.9; +https://babbar.tech/crawler)"
217.113.194.58 - - [31/Mar/2025:05:14:18 -0400] "GET /wein-gardasee/ HTTP/1.1" 404 1251 "-" "Mozilla/5.0 (compatible; Barkrowler/0.9; +https://babbar.tech/crawler)"
154.54.249.198 - - [31/Mar/2025:05:14:34 -0400] "GET /windows-south-wales-2/ HTTP/1.1" 404 1251 "-" "Mozilla/5.0 (compatible; Barkrowler/0.9; +https://babbar.tech/crawler)"
51.222.253.19 - - [31/Mar/2025:05:14:47 -0400] "GET /the-importance-of-an-electrical-panel-in-your-home/ HTTP/1.1" 404 1251 "-" "Mozilla/5.0 (compatible; AhrefsBot/7.0; +http://ahrefs.com/robot/)"
217.113.194.52 - - [31/Mar/2025:05:14:49 -0400] "GET /cal-ripkin/ HTTP/1.1" 404 1251 "-" "Mozilla/5.0 (compatible; Barkrowler/0.9; +https://babbar.tech/crawler)"
154.54.249.198 - - [31/Mar/2025:05:15:05 -0400] "GET /union-square-residences/ HTTP/1.1" 404 1251 "-" "Mozilla/5.0 (compatible; Barkrowler/0.9; +https://babbar.tech/crawler)"
217.113.194.56 - - [31/Mar/2025:05:15:21 -0400] "GET /bague-lait-maternel/ HTTP/1.1" 404 1251 "-" "Mozilla/5.0 (compatible; Barkrowler/0.9; +https://babbar.tech/crawler)"
51.222.253.4 - - [31/Mar/2025:05:15:30 -0400] "GET /aventure-et-survie-ultime-dans-minecraft-skyblock/ HTTP/1.1" 404 1251 "-" "Mozilla/5.0 (compatible; AhrefsBot/7.0; +http://ahrefs.com/robot/)"
217.113.194.56 - - [31/Mar/2025:05:15:38 -0400] "GET /bague-lait-maternel/feed/ HTTP/1.1" 404 1251 "-" "Mozilla/5.0 (compatible; Barkrowler/0.9; +https://babbar.tech/crawler)"
217.113.194.54 - - [31/Mar/2025:05:15:54 -0400] "GET /steuererklarung/ HTTP/1.1" 404 1251 "-" "Mozilla/5.0 (compatible; Barkrowler/0.9; +https://babbar.tech/crawler)"
154.54.249.198 - - [31/Mar/2025:05:16:10 -0400] "GET /custom-slouch-socks/ HTTP/1.1" 404 1251 "-" "Mozilla/5.0 (compatible; Barkrowler/0.9; +https://babbar.tech/crawler)"
51.222.253.18 - - [31/Mar/2025:05:16:17 -0400] "GET /lion-wall-art/ HTTP/1.1" 404 1251 "-" "Mozilla/5.0 (compatible; AhrefsBot/7.0; +http://ahrefs.com/robot/)"
217.113.194.53 - - [31/Mar/2025:05:16:25 -0400] "GET /custom-gaming-pc/feed/ HTTP/1.1" 404 1251 "-" "Mozilla/5.0 (compatible; Barkrowler/0.9; +https://babbar.tech/crawler)"
217.113.194.54 - - [31/Mar/2025:05:16:41 -0400] "GET /custom-socks-with-logo-2/ HTTP/1.1" 404 1251 "-" "Mozilla/5.0 (compatible; Barkrowler/0.9; +https://babbar.tech/crawler)"
217.113.194.53 - - [31/Mar/2025:05:16:57 -0400] "GET /custom-socks-with-logo/ HTTP/1.1" 404 1251 "-" "Mozilla/5.0 (compatible; Barkrowler/0.9; +https://babbar.tech/crawler)"
51.222.253.8 - - [31/Mar/2025:05:17:05 -0400] "GET /unlocking-classroom-6x-the-ultimate-guide/ HTTP/1.1" 404 1251 "-" "Mozilla/5.0 (compatible; AhrefsBot/7.0; +http://ahrefs.com/robot/)"
217.113.194.57 - - [31/Mar/2025:05:17:19 -0400] "GET /custom-socks-with-logo HTTP/1.1" 404 1251 "-" "Mozilla/5.0 (compatible; Barkrowler/0.9; +https://babbar.tech/crawler)"
217.113.194.56 - - [31/Mar/2025:05:17:35 -0400] "GET /custom-non-slip-socks/ HTTP/1.1" 404 1251 "-" "Mozilla/5.0 (compatible; Barkrowler/0.9; +https://babbar.tech/crawler)"
217.113.194.60 - - [31/Mar/2025:05:17:51 -0400] "GET /gitarrenkurs-online/ HTTP/1.1" 404 1251 "-" "Mozilla/5.0 (compatible; Barkrowler/0.9; +https://babbar.tech/crawler)"
51.222.253.3 - - [31/Mar/2025:05:17:52 -0400] "GET /unveiling-the-ultimate-communication-tool-the-call-center-headset/ HTTP/1.1" 404 1251 "-" "Mozilla/5.0 (compatible; AhrefsBot/7.0; +http://ahrefs.com/robot/)"
217.113.194.52 - - [31/Mar/2025:05:18:08 -0400] "GET /grip-socks-manufacturer/ HTTP/1.1" 404 1251 "-" "Mozilla/5.0 (compatible; Barkrowler/0.9; +https://babbar.tech/crawler)"
217.113.194.53 - - [31/Mar/2025:05:18:24 -0400] "GET /bugatti-veyron-for-sale HTTP/1.1" 404 1251 "-" "Mozilla/5.0 (compatible; Barkrowler/0.9; +https://babbar.tech/crawler)"
51.222.253.15 - - [31/Mar/2025:05:18:38 -0400] "GET /a-glimpse-into-luxury-living/ HTTP/1.1" 404 1251 "-" "Mozilla/5.0 (compatible; AhrefsBot/7.0; +http://ahrefs.com/robot/)"
217.113.194.55 - - [31/Mar/2025:05:18:40 -0400] "GET /the-little-prince-quotes/ HTTP/1.1" 404 1251 "-" "Mozilla/5.0 (compatible; Barkrowler/0.9; +https://babbar.tech/crawler)"
217.113.194.58 - - [31/Mar/2025:05:19:00 -0400] "GET /personal-loan-singapore/ HTTP/1.1" 404 1251 "-" "Mozilla/5.0 (compatible; Barkrowler/0.9; +https://babbar.tech/crawler)"
217.113.194.54 - - [31/Mar/2025:05:19:16 -0400] "GET /personalized-sports-socks/ HTTP/1.1" 404 1251 "-" "Mozilla/5.0 (compatible; Barkrowler/0.9; +https://babbar.tech/crawler)"
51.222.253.15 - - [31/Mar/2025:05:19:26 -0400] "GET /technology-and-innovation-the-evolution-and-impact-of-online-casinos/ HTTP/1.1" 404 1251 "-" "Mozilla/5.0 (compatible; AhrefsBot/7.0; +http://ahrefs.com/robot/)"
217.113.194.60 - - [31/Mar/2025:05:19:32 -0400] "GET /robots.txt HTTP/1.1" 404 1251 "-" "Mozilla/5.0 (compatible; Barkrowler/0.9; +https://babbar.tech/crawler)"
217.113.194.53 - - [31/Mar/2025:05:19:48 -0400] "GET /personalized-mens-socks/ HTTP/1.1" 404 1251 "-" "Mozilla/5.0 (compatible; Barkrowler/0.9; +https://babbar.tech/crawler)"
217.113.194.55 - - [31/Mar/2025:05:20:04 -0400] "GET /health-effects-of-vaping/ HTTP/1.1" 404 1251 "-" "Mozilla/5.0 (compatible; Barkrowler/0.9; +https://babbar.tech/crawler)"
51.222.253.5 - - [31/Mar/2025:05:20:13 -0400] "GET /transform-your-screen-with-cartoon-wallpaper-iphone/ HTTP/1.1" 404 1251 "-" "Mozilla/5.0 (compatible; AhrefsBot/7.0; +http://ahrefs.com/robot/)"
217.113.194.59 - - [31/Mar/2025:05:20:25 -0400] "GET /buy-amazon-gift-card/ HTTP/1.1" 404 1251 "-" "Mozilla/5.0 (compatible; Barkrowler/0.9; +https://babbar.tech/crawler)"
217.113.194.57 - - [31/Mar/2025:05:20:40 -0400] "GET /jewelry-retouching-service/ HTTP/1.1" 404 1251 "-" "Mozilla/5.0 (compatible; Barkrowler/0.9; +https://babbar.tech/crawler)"
51.222.253.10 - - [31/Mar/2025:05:21:07 -0400] "GET /page/3/ HTTP/1.1" 404 1251 "-" "Mozilla/5.0 (compatible; AhrefsBot/7.0; +http://ahrefs.com/robot/)"
217.113.194.59 - - [31/Mar/2025:05:21:15 -0400] "GET /jewelry-cleaner-solution/feed/ HTTP/1.1" 404 1251 "-" "Mozilla/5.0 (compatible; Barkrowler/0.9; +https://babbar.tech/crawler)"
217.113.194.56 - - [31/Mar/2025:05:21:31 -0400] "GET /mobile-detailing-near-me/ HTTP/1.1" 404 1251 "-" "Mozilla/5.0 (compatible; Barkrowler/0.9; +https://babbar.tech/crawler)"
217.113.194.52 - - [31/Mar/2025:05:21:47 -0400] "GET /boost-youtube-views/feed/ HTTP/1.1" 404 1251 "-" "Mozilla/5.0 (compatible; Barkrowler/0.9; +https://babbar.tech/crawler)"
51.222.253.3 - - [31/Mar/2025:05:21:54 -0400] "GET /the-enchanting-nusa-penida-tour/ HTTP/1.1" 404 1251 "-" "Mozilla/5.0 (compatible; AhrefsBot/7.0; +http://ahrefs.com/robot/)"
217.113.194.56 - - [31/Mar/2025:05:22:04 -0400] "GET /voice-over-artists/feed/ HTTP/1.1" 404 1251 "-" "Mozilla/5.0 (compatible; Barkrowler/0.9; +https://babbar.tech/crawler)"
217.113.194.55 - - [31/Mar/2025:05:22:20 -0400] "GET /m8-bolt-size/ HTTP/1.1" 404 1251 "-" "Mozilla/5.0 (compatible; Barkrowler/0.9; +https://babbar.tech/crawler)"
217.113.194.60 - - [31/Mar/2025:05:22:35 -0400] "GET /mk-bag-on-sale/ HTTP/1.1" 404 1251 "-" "Mozilla/5.0 (compatible; Barkrowler/0.9; +https://babbar.tech/crawler)"
51.222.253.9 - - [31/Mar/2025:05:22:37 -0400] "GET /scent-twins-erkundung-der-faszinierenden-welt-der-duft-doppelganger/ HTTP/1.1" 404 1251 "-" "Mozilla/5.0 (compatible; AhrefsBot/7.0; +http://ahrefs.com/robot/)"
217.113.194.53 - - [31/Mar/2025:05:22:52 -0400] "GET /buy-view-tiktok/ HTTP/1.1" 404 1251 "-" "Mozilla/5.0 (compatible; Barkrowler/0.9; +https://babbar.tech/crawler)"
217.113.194.61 - - [31/Mar/2025:05:23:07 -0400] "GET /how-to-choose-runner-rugs HTTP/1.1" 404 1251 "-" "Mozilla/5.0 (compatible; Barkrowler/0.9; +https://babbar.tech/crawler)"
51.222.253.19 - - [31/Mar/2025:05:23:17 -0400] "GET /votre-guide-vers-une-protection-optimale/ HTTP/1.1" 404 1251 "-" "Mozilla/5.0 (compatible; AhrefsBot/7.0; +http://ahrefs.com/robot/)"
217.113.194.55 - - [31/Mar/2025:05:23:23 -0400] "GET /the-mairdi-headset/ HTTP/1.1" 404 1251 "-" "Mozilla/5.0 (compatible; Barkrowler/0.9; +https://babbar.tech/crawler)"
217.113.194.52 - - [31/Mar/2025:05:23:38 -0400] "GET /effektives-marketing/ HTTP/1.1" 404 1251 "-" "Mozilla/5.0 (compatible; Barkrowler/0.9; +https://babbar.tech/crawler)"
217.113.194.57 - - [31/Mar/2025:05:23:54 -0400] "GET /ally-customer-service/ HTTP/1.1" 404 1251 "-" "Mozilla/5.0 (compatible; Barkrowler/0.9; +https://babbar.tech/crawler)"
51.222.253.17 - - [31/Mar/2025:05:23:59 -0400] "GET /exploring-the-magic-of-rainbow-riches-casino/ HTTP/1.1" 404 1251 "-" "Mozilla/5.0 (compatible; AhrefsBot/7.0; +http://ahrefs.com/robot/)"
217.113.194.59 - - [31/Mar/2025:05:24:16 -0400] "GET /a-growing-trend/ HTTP/1.1" 404 1251 "-" "Mozilla/5.0 (compatible; Barkrowler/0.9; +https://babbar.tech/crawler)"
217.113.194.54 - - [31/Mar/2025:05:24:32 -0400] "GET /ai-girlfriend/feed/ HTTP/1.1" 404 1251 "-" "Mozilla/5.0 (compatible; Barkrowler/0.9; +https://babbar.tech/crawler)"
217.113.194.57 - - [31/Mar/2025:05:24:47 -0400] "GET /safe-locksmith-services/ HTTP/1.1" 404 1251 "-" "Mozilla/5.0 (compatible; Barkrowler/0.9; +https://babbar.tech/crawler)"
217.113.194.61 - - [31/Mar/2025:05:25:03 -0400] "GET /opulent-living-spaces/ HTTP/1.1" 404 1251 "-" "Mozilla/5.0 (compatible; Barkrowler/0.9; +https://babbar.tech/crawler)"
51.222.253.2 - - [31/Mar/2025:05:25:09 -0400] "GET /guerlain-mon-guerlain-rezension/ HTTP/1.1" 404 1251 "-" "Mozilla/5.0 (compatible; AhrefsBot/7.0; +http://ahrefs.com/robot/)"
217.113.194.56 - - [31/Mar/2025:05:25:38 -0400] "GET /pert-pipe/feed/ HTTP/1.1" 404 1251 "-" "Mozilla/5.0 (compatible; Barkrowler/0.9; +https://babbar.tech/crawler)"
51.222.253.15 - - [31/Mar/2025:05:25:56 -0400] "GET /a-journey-through-a-colorful-world/ HTTP/1.1" 404 1251 "-" "Mozilla/5.0 (compatible; AhrefsBot/7.0; +http://ahrefs.com/robot/)"
51.222.253.14 - - [31/Mar/2025:05:26:44 -0400] "GET /maximizing-efficiency-and-sustainability-with-commercial-water-tanks/ HTTP/1.1" 404 1251 "-" "Mozilla/5.0 (compatible; AhrefsBot/7.0; +http://ahrefs.com/robot/)"
85.208.96.209 - - [31/Mar/2025:05:27:04 -0400] "GET /the-art-of-high-quality-nude-photography/ HTTP/1.1" 404 1251 "-" "Mozilla/5.0 (compatible; SemrushBot/7~bl; +http://www.semrush.com/bot.html)"
51.222.253.3 - - [31/Mar/2025:05:27:34 -0400] "GET /water-tank-cleaning-services/ HTTP/1.1" 404 1251 "-" "Mozilla/5.0 (compatible; AhrefsBot/7.0; +http://ahrefs.com/robot/)"
51.222.253.10 - - [31/Mar/2025:05:28:21 -0400] "GET /assurance-professionnelle-protegez-votre-activite/ HTTP/1.1" 404 1251 "-" "Mozilla/5.0 (compatible; AhrefsBot/7.0; +http://ahrefs.com/robot/)"
51.222.253.2 - - [31/Mar/2025:05:29:05 -0400] "GET /exploring-cointelegraphs-foundation/ HTTP/1.1" 404 1251 "-" "Mozilla/5.0 (compatible; AhrefsBot/7.0; +http://ahrefs.com/robot/)"
51.222.253.18 - - [31/Mar/2025:05:31:15 -0400] "GET /le-role-cle-de-lagent-dassurance/ HTTP/1.1" 404 1251 "-" "Mozilla/5.0 (compatible; AhrefsBot/7.0; +http://ahrefs.com/robot/)"
51.222.253.2 - - [31/Mar/2025:05:32:00 -0400] "GET /tailored-elegance-the-custom-wardrobe-closet-revolution/ HTTP/1.1" 404 1251 "-" "Mozilla/5.0 (compatible; AhrefsBot/7.0; +http://ahrefs.com/robot/)"
51.222.253.3 - - [31/Mar/2025:05:32:47 -0400] "GET /3-reasons-why-you-want-to-use-links-in-your-facebook-comments/ HTTP/1.1" 404 1251 "-" "Mozilla/5.0 (compatible; AhrefsBot/7.0; +http://ahrefs.com/robot/)"
51.222.253.5 - - [31/Mar/2025:05:33:29 -0400] "GET /unlocking-wellness-exploring-the-role-of-chiropractors-in-dubai/ HTTP/1.1" 404 1251 "-" "Mozilla/5.0 (compatible; AhrefsBot/7.0; +http://ahrefs.com/robot/)"
51.222.253.10 - - [31/Mar/2025:05:34:11 -0400] "GET /maximizing-efficiency-the-importance-of-typing-speed/ HTTP/1.1" 404 1251 "-" "Mozilla/5.0 (compatible; AhrefsBot/7.0; +http://ahrefs.com/robot/)"
51.222.253.17 - - [31/Mar/2025:05:34:47 -0400] "GET /modern-bathroom-design-from-coal-harbor/ HTTP/1.1" 404 1251 "-" "Mozilla/5.0 (compatible; AhrefsBot/7.0; +http://ahrefs.com/robot/)"
51.222.253.12 - - [31/Mar/2025:05:35:30 -0400] "GET /essential-roofing-repairs-for-a-safer-home/ HTTP/1.1" 404 1251 "-" "Mozilla/5.0 (compatible; AhrefsBot/7.0; +http://ahrefs.com/robot/)"
51.222.253.19 - - [31/Mar/2025:05:36:13 -0400] "GET /unlocking-success-the-impact-of-buying-youtube-views-online/ HTTP/1.1" 404 1251 "-" "Mozilla/5.0 (compatible; AhrefsBot/7.0; +http://ahrefs.com/robot/)"
51.222.253.5 - - [31/Mar/2025:05:36:54 -0400] "GET /was-sie-wissen-sollten-bevor-sie-sich-fur-einen-insolvenzanwalt-entscheiden/ HTTP/1.1" 404 1251 "-" "Mozilla/5.0 (compatible; AhrefsBot/7.0; +http://ahrefs.com/robot/)"
51.222.253.9 - - [31/Mar/2025:05:37:46 -0400] "GET /exploring-the-world-of-rainbow-riches-casino/ HTTP/1.1" 404 1251 "-" "Mozilla/5.0 (compatible; AhrefsBot/7.0; +http://ahrefs.com/robot/)"
51.222.253.19 - - [31/Mar/2025:05:38:34 -0400] "GET /how-to-evaluate-fire-and-flood-restoration-companies/ HTTP/1.1" 404 1251 "-" "Mozilla/5.0 (compatible; AhrefsBot/7.0; +http://ahrefs.com/robot/)"
85.208.98.29 - - [31/Mar/2025:05:39:01 -0400] "GET /buy-youtube-views-online-non-drop/ HTTP/1.1" 404 1251 "-" "Mozilla/5.0 (compatible; SemrushBot-BA; +http://www.semrush.com/bot.html)"
51.222.253.2 - - [31/Mar/2025:05:39:23 -0400] "GET /best-massage-gun/ HTTP/1.1" 404 1251 "-" "Mozilla/5.0 (compatible; AhrefsBot/7.0; +http://ahrefs.com/robot/)"
51.222.253.9 - - [31/Mar/2025:05:40:11 -0400] "GET /stylo-bic-personnalise-un-essentiel-de-bureau/ HTTP/1.1" 404 1251 "-" "Mozilla/5.0 (compatible; AhrefsBot/7.0; +http://ahrefs.com/robot/)"
51.222.253.3 - - [31/Mar/2025:05:40:49 -0400] "GET /what-type-of-fire-fighting-pump-is-needed/ HTTP/1.1" 404 1251 "-" "Mozilla/5.0 (compatible; AhrefsBot/7.0; +http://ahrefs.com/robot/)"
51.222.253.2 - - [31/Mar/2025:05:41:31 -0400] "GET /8-key-youtube-video-marketing-strategies-and-tips/ HTTP/1.1" 404 1251 "-" "Mozilla/5.0 (compatible; AhrefsBot/7.0; +http://ahrefs.com/robot/)"
51.222.253.5 - - [31/Mar/2025:05:42:10 -0400] "GET /t-shirts-common-terms-explained/ HTTP/1.1" 404 1251 "-" "Mozilla/5.0 (compatible; AhrefsBot/7.0; +http://ahrefs.com/robot/)"
85.208.96.193 - - [31/Mar/2025:05:42:51 -0400] "GET /exploring-satebet-unraveling-a-modern-phenomenon/ HTTP/1.1" 404 1251 "-" "Mozilla/5.0 (compatible; SemrushBot/7~bl; +http://www.semrush.com/bot.html)"
51.222.253.14 - - [31/Mar/2025:05:42:52 -0400] "GET /the-best-massage-gun/ HTTP/1.1" 404 1251 "-" "Mozilla/5.0 (compatible; AhrefsBot/7.0; +http://ahrefs.com/robot/)"
2a02:598:96:8a00::1200:13b - - [31/Mar/2025:05:43:20 -0400] "GET /weight-loss-treatment/ HTTP/1.1" 404 1251 "-" "Mozilla/5.0 (compatible; SeznamBot/4.0; +https://o-seznam.cz/napoveda/vyhledavani/en/seznambot-crawler/)"
51.222.253.3 - - [31/Mar/2025:05:43:35 -0400] "GET /unveiling-the-allure-and-risks-of-online-casinos/ HTTP/1.1" 404 1251 "-" "Mozilla/5.0 (compatible; AhrefsBot/7.0; +http://ahrefs.com/robot/)"
2a03:2880:15ff:71:: - - [31/Mar/2025:05:44:01 -0400] "GET /previous-episode HTTP/1.1" 404 1251 "-" "facebookexternalhit/1.1 (+http://www.facebook.com/externalhit_uatext.php)"
2a03:2880:15ff:: - - [31/Mar/2025:05:44:01 -0400] "GET /previous-episode HTTP/1.1" 404 1251 "-" "facebookexternalhit/1.1 (+http://www.facebook.com/externalhit_uatext.php)"
2a03:2880:12ff:72:: - - [31/Mar/2025:05:44:09 -0400] "GET /hosted/images/5c/4451aa9c8a43f9a967190ce8c96fe3/FreelanceUniversityLogo.png HTTP/1.1" 404 1251 "-" "facebookexternalhit/1.1 (+http://www.facebook.com/externalhit_uatext.php)"
51.222.253.5 - - [31/Mar/2025:05:44:17 -0400] "GET /how-to-choose-custom-kitchen-cabinets/ HTTP/1.1" 404 1251 "-" "Mozilla/5.0 (compatible; AhrefsBot/7.0; +http://ahrefs.com/robot/)"
51.222.253.5 - - [31/Mar/2025:05:45:06 -0400] "GET /cannabis-strains-that-are-best-for-music/ HTTP/1.1" 404 1251 "-" "Mozilla/5.0 (compatible; AhrefsBot/7.0; +http://ahrefs.com/robot/)"
198.54.114.83 - - [31/Mar/2025:05:45:50 -0400] "POST /wp-admin/admin-ajax.php?action=async_litespeed&nonce=GCqrLDzJq8eCLcekbEBudmiFQiUFSYVy&litespeed_type=imgoptm HTTP/1.1" 200 0 "-" "WordPress/6.7.1; https://freelancingclients.com"
51.222.253.17 - - [31/Mar/2025:05:45:57 -0400] "GET /cold-drawing-machine/ HTTP/1.1" 404 1251 "-" "Mozilla/5.0 (compatible; AhrefsBot/7.0; +http://ahrefs.com/robot/)"
51.222.253.6 - - [31/Mar/2025:05:46:39 -0400] "GET /interior-designer-near-me/ HTTP/1.1" 404 1251 "-" "Mozilla/5.0 (compatible; AhrefsBot/7.0; +http://ahrefs.com/robot/)"
51.222.253.15 - - [31/Mar/2025:05:47:23 -0400] "GET /unveiling-the-wonders-science-decor-in-contemporary-spaces/ HTTP/1.1" 404 1251 "-" "Mozilla/5.0 (compatible; AhrefsBot/7.0; +http://ahrefs.com/robot/)"
51.222.253.10 - - [31/Mar/2025:05:48:09 -0400] "GET /exploring-the-bonus-features/ HTTP/1.1" 404 1251 "-" "Mozilla/5.0 (compatible; AhrefsBot/7.0; +http://ahrefs.com/robot/)"
51.222.253.1 - - [31/Mar/2025:05:49:00 -0400] "GET /a-gamblers-paradise/ HTTP/1.1" 404 1251 "-" "Mozilla/5.0 (compatible; AhrefsBot/7.0; +http://ahrefs.com/robot/)"
51.222.253.13 - - [31/Mar/2025:05:49:39 -0400] "GET /rubiks-cube-personnalise/ HTTP/1.1" 404 1251 "-" "Mozilla/5.0 (compatible; AhrefsBot/7.0; +http://ahrefs.com/robot/)"
51.222.253.12 - - [31/Mar/2025:05:50:30 -0400] "GET /how-to-incorporate-a-company-in-singapore/ HTTP/1.1" 404 1251 "-" "Mozilla/5.0 (compatible; AhrefsBot/7.0; +http://ahrefs.com/robot/)"
51.222.253.13 - - [31/Mar/2025:05:51:14 -0400] "GET /ingrosso-borse-online/ HTTP/1.1" 404 1251 "-" "Mozilla/5.0 (compatible; AhrefsBot/7.0; +http://ahrefs.com/robot/)"
51.222.253.16 - - [31/Mar/2025:05:51:53 -0400] "GET /where-to-buy-designer-bags/ HTTP/1.1" 404 1251 "-" "Mozilla/5.0 (compatible; AhrefsBot/7.0; +http://ahrefs.com/robot/)"
51.222.253.3 - - [31/Mar/2025:05:52:34 -0400] "GET /cache-level-3-and-early-learning-centre/ HTTP/1.1" 404 1251 "-" "Mozilla/5.0 (compatible; AhrefsBot/7.0; +http://ahrefs.com/robot/)"
85.208.96.205 - - [31/Mar/2025:05:52:57 -0400] "GET /page/145/ HTTP/1.1" 404 1251 "-" "Mozilla/5.0 (compatible; SemrushBot/7~bl; +http://www.semrush.com/bot.html)"
114.119.144.127 - - [31/Mar/2025:05:53:01 -0400] "GET /unlocking-your-workout-potential-with-pre-workout-supplements/ HTTP/1.1" 404 1251 "https://freelancingclients.com/page/41/" "Mozilla/5.0 (Linux; Android 7.0;) AppleWebKit/537.36 (KHTML, like Gecko) Mobile Safari/537.36 (compatible; PetalBot;+https://webmaster.petalsearch.com/site/petalbot)"
51.222.253.20 - - [31/Mar/2025:05:53:13 -0400] "GET /talbina-benefits/ HTTP/1.1" 404 1251 "-" "Mozilla/5.0 (compatible; AhrefsBot/7.0; +http://ahrefs.com/robot/)"
51.222.253.4 - - [31/Mar/2025:05:53:55 -0400] "GET /ulthera-the-latest-in-ultrasound-skin-tightening-treatments/ HTTP/1.1" 404 1251 "-" "Mozilla/5.0 (compatible; AhrefsBot/7.0; +http://ahrefs.com/robot/)"
114.119.155.170 - - [31/Mar/2025:05:54:24 -0400] "GET /tummy-surgery/ HTTP/1.1" 404 1251 "https://freelancingclients.com/category/activity/page/61/" "Mozilla/5.0 (Linux; Android 7.0;) AppleWebKit/537.36 (KHTML, like Gecko) Mobile Safari/537.36 (compatible; PetalBot;+https://webmaster.petalsearch.com/site/petalbot)"
51.222.253.12 - - [31/Mar/2025:05:54:41 -0400] "GET /tag-heuer-battery-replacement/ HTTP/1.1" 404 1251 "-" "Mozilla/5.0 (compatible; AhrefsBot/7.0; +http://ahrefs.com/robot/)"
51.222.253.8 - - [31/Mar/2025:05:55:26 -0400] "GET /breast-milk-leak-catcher/ HTTP/1.1" 404 1251 "-" "Mozilla/5.0 (compatible; AhrefsBot/7.0; +http://ahrefs.com/robot/)"
193.203.9.251 - - [31/Mar/2025:05:55:43 -0400] "GET /the-well-known-luxury-hotels-in-bombay/ HTTP/1.1" 404 1251 "https://freelancingclients.com/the-well-known-luxury-hotels-in-bombay/" "Mozilla/5.0 (Windows NT 6.1; Win64; x64) AppleWebKit/537.36 (KHTML, like Gecko) Chrome/103.0.0.0 Safari/537.36"
85.208.96.210 - - [31/Mar/2025:05:55:44 -0400] "GET /plateaux-repas-pour-entreprises-solution-pratique-pour-les-repas-en-entreprise/ HTTP/1.1" 404 1251 "-" "Mozilla/5.0 (compatible; SemrushBot/7~bl; +http://www.semrush.com/bot.html)"
193.203.9.251 - - [31/Mar/2025:05:55:44 -0400] "GET / HTTP/1.1" 403 1242 "https://freelancingclients.com/" "Mozilla/5.0 (Windows NT 6.1; Win64; x64) AppleWebKit/537.36 (KHTML, like Gecko) Chrome/103.0.0.0 Safari/537.36"
193.203.9.251 - - [31/Mar/2025:05:55:45 -0400] "GET / HTTP/1.1" 403 1242 "https://freelancingclients.com/" "Mozilla/5.0 (Windows NT 6.1; Win64; x64) AppleWebKit/537.36 (KHTML, like Gecko) Chrome/103.0.0.0 Safari/537.36"
114.119.153.50 - - [31/Mar/2025:05:55:47 -0400] "GET /the-rising-trend-of-games-hire/ HTTP/1.1" 404 1251 "https://freelancingclients.com/page/62/" "Mozilla/5.0 (Linux; Android 7.0;) AppleWebKit/537.36 (KHTML, like Gecko) Mobile Safari/537.36 (compatible; PetalBot;+https://webmaster.petalsearch.com/site/petalbot)"
51.222.253.11 - - [31/Mar/2025:05:56:14 -0400] "GET /ensuring-privacy-in-the-blockchain-era-the-role-of-bitcoin-mixers/ HTTP/1.1" 404 1251 "-" "Mozilla/5.0 (compatible; AhrefsBot/7.0; +http://ahrefs.com/robot/)"
51.222.253.11 - - [31/Mar/2025:05:56:53 -0400] "GET /agence-google-analytics-paris/ HTTP/1.1" 404 1251 "-" "Mozilla/5.0 (compatible; AhrefsBot/7.0; +http://ahrefs.com/robot/)"
114.119.138.170 - - [31/Mar/2025:05:57:10 -0400] "GET /mentaltrainers-fur-mentale-starke-und-wohlbefinden/ HTTP/1.1" 404 1251 "https://freelancingclients.com/page/157/" "Mozilla/5.0 (Linux; Android 7.0;) AppleWebKit/537.36 (KHTML, like Gecko) Mobile Safari/537.36 (compatible; PetalBot;+https://webmaster.petalsearch.com/site/petalbot)"
51.222.253.9 - - [31/Mar/2025:05:57:32 -0400] "GET /une-gourde-personnalisee-laccessoire-indispensable-pour-une-hydratation-personnalisee/ HTTP/1.1" 404 1251 "-" "Mozilla/5.0 (compatible; AhrefsBot/7.0; +http://ahrefs.com/robot/)"
37.139.53.220 - - [31/Mar/2025:05:57:40 -0400] "GET /osteopathy/ HTTP/1.1" 404 1251 "https://freelancingclients.com/osteopathy/#comment-7547/" "Mozilla/5.0 (Windows NT 10.0; Win64; x64) AppleWebKit/537.36 (KHTML, like Gecko) Chrome/131.0.0.0 Safari/537.36 Avast/131.0.0.0"
37.139.53.220 - - [31/Mar/2025:05:57:41 -0400] "GET / HTTP/1.1" 403 1242 "https://freelancingclients.com/" "Mozilla/5.0 (Windows NT 10.0; Win64; x64) AppleWebKit/537.36 (KHTML, like Gecko) Chrome/131.0.0.0 Safari/537.36 Avast/131.0.0.0"
37.139.53.220 - - [31/Mar/2025:05:57:42 -0400] "GET / HTTP/1.1" 403 1242 "https://freelancingclients.com/" "Mozilla/5.0 (Windows NT 10.0; Win64; x64) AppleWebKit/537.36 (KHTML, like Gecko) Chrome/131.0.0.0 Safari/537.36 Avast/131.0.0.0"
110.74.206.106 - - [31/Mar/2025:05:57:57 -0400] "GET /wp-login.php HTTP/1.1" 200 1725 "-" "python-requests/2.31.0"
198.54.114.83 - - [31/Mar/2025:05:58:05 -0400] "POST /wp-cron.php?doing_wp_cron=1743415083.9791369438171386718750 HTTP/1.1" 200 0 "-" "WordPress/6.7.1; https://freelancingclients.com"
110.74.206.106 - - [31/Mar/2025:05:57:57 -0400] "POST /wp-login.php HTTP/1.1" 200 1842 "-" "Mozilla/5.0 (X11; Linux x86_64) AppleWebKit/537.36 (KHTML, like Gecko) Chrome/83.0.4103.101 Safari/537.36"
51.222.253.4 - - [31/Mar/2025:05:58:14 -0400] "GET /bague-lait-maternel/ HTTP/1.1" 404 1251 "-" "Mozilla/5.0 (compatible; AhrefsBot/7.0; +http://ahrefs.com/robot/)"
114.119.153.50 - - [31/Mar/2025:05:58:34 -0400] "GET /lawyer-hattingen/ HTTP/1.1" 404 1251 "https://webhostingeswatini.com/bankruptcy-attorney-what-you-can-expect-when-you-file/" "Mozilla/5.0 (Linux; Android 7.0;) AppleWebKit/537.36 (KHTML, like Gecko) Mobile Safari/537.36 (compatible; PetalBot;+https://webmaster.petalsearch.com/site/petalbot)"
51.222.253.6 - - [31/Mar/2025:05:58:53 -0400] "GET /how-to-set-up-a-company-in-singapore/ HTTP/1.1" 404 1251 "-" "Mozilla/5.0 (compatible; AhrefsBot/7.0; +http://ahrefs.com/robot/)"
51.222.253.5 - - [31/Mar/2025:05:59:34 -0400] "GET /goldkette-reinigen/ HTTP/1.1" 404 1251 "-" "Mozilla/5.0 (compatible; AhrefsBot/7.0; +http://ahrefs.com/robot/)"
62.113.115.161 - - [31/Mar/2025:05:59:58 -0400] "GET /osteopathy/ HTTP/1.1" 404 1251 "https://freelancingclients.com/osteopathy/" "Mozilla/5.0 (Windows NT 10.0; Win64; x64) AppleWebKit/537.36 (KHTML, like Gecko) Chrome/131.0.0.0 Safari/537.36 Avast/131.0.0.0"
114.119.136.245 - - [31/Mar/2025:05:59:58 -0400] "GET /efficient-and-eco-friendly-heating-units-for-modern-comfort/ HTTP/1.1" 404 1251 "https://freelancingclients.com/category/activity/page/84/" "Mozilla/5.0 (Linux; Android 7.0;) AppleWebKit/537.36 (KHTML, like Gecko) Mobile Safari/537.36 (compatible; PetalBot;+https://webmaster.petalsearch.com/site/petalbot)"
62.113.115.161 - - [31/Mar/2025:05:59:58 -0400] "GET / HTTP/1.1" 403 1242 "https://freelancingclients.com/" "Mozilla/5.0 (Windows NT 10.0; Win64; x64) AppleWebKit/537.36 (KHTML, like Gecko) Chrome/131.0.0.0 Safari/537.36 Avast/131.0.0.0"
62.113.115.161 - - [31/Mar/2025:05:59:59 -0400] "GET /osteopathy/ HTTP/1.1" 404 1251 "https://freelancingclients.com/osteopathy/" "Mozilla/5.0 (Windows NT 10.0; Win64; x64) AppleWebKit/537.36 (KHTML, like Gecko) Chrome/129.0.0.0 Safari/537.36"
62.113.115.161 - - [31/Mar/2025:06:00:00 -0400] "GET / HTTP/1.1" 403 1242 "https://freelancingclients.com/" "Mozilla/5.0 (Windows NT 10.0; Win64; x64) AppleWebKit/537.36 (KHTML, like Gecko) Chrome/129.0.0.0 Safari/537.36"
