51.222.253.19 - - [31/Mar/2025:19:04:25 -0400] "GET /die-vielseitigkeit-eines-anwalts-in-hattingen/ HTTP/1.1" 404 1251 "-" "Mozilla/5.0 (compatible; AhrefsBot/7.0; +http://ahrefs.com/robot/)"
51.222.253.20 - - [31/Mar/2025:19:05:22 -0400] "GET /physical-therapy/ HTTP/1.1" 404 1251 "-" "Mozilla/5.0 (compatible; AhrefsBot/7.0; +http://ahrefs.com/robot/)"
51.222.253.5 - - [31/Mar/2025:19:06:17 -0400] "GET /die-bedeutung-von-buchhaltung-fur-unternehmen-in-hattingen/ HTTP/1.1" 404 1251 "-" "Mozilla/5.0 (compatible; AhrefsBot/7.0; +http://ahrefs.com/robot/)"
51.222.253.11 - - [31/Mar/2025:19:07:10 -0400] "GET /buy-youtube-social-shares/ HTTP/1.1" 404 1251 "-" "Mozilla/5.0 (compatible; AhrefsBot/7.0; +http://ahrefs.com/robot/)"
51.222.253.17 - - [31/Mar/2025:19:08:04 -0400] "GET /ein-unverzichtbarer-beruf-im-rechtssystem/ HTTP/1.1" 404 1251 "-" "Mozilla/5.0 (compatible; AhrefsBot/7.0; +http://ahrefs.com/robot/)"
51.222.253.8 - - [31/Mar/2025:19:08:59 -0400] "GET /the-evolution-and-impact-of-air-conditioning/ HTTP/1.1" 404 1251 "-" "Mozilla/5.0 (compatible; AhrefsBot/7.0; +http://ahrefs.com/robot/)"
51.222.253.17 - - [31/Mar/2025:19:10:07 -0400] "GET /unlocking-wellness-navigating-the-world-of-chiropractic-care-in-dubai/ HTTP/1.1" 404 1251 "-" "Mozilla/5.0 (compatible; AhrefsBot/7.0; +http://ahrefs.com/robot/)"
51.222.253.15 - - [31/Mar/2025:19:10:49 -0400] "GET /step-up-your-style-with-custom-printed-socks/ HTTP/1.1" 404 1251 "-" "Mozilla/5.0 (compatible; AhrefsBot/7.0; +http://ahrefs.com/robot/)"
51.222.253.11 - - [31/Mar/2025:19:11:38 -0400] "GET /youtube-comment-likes/ HTTP/1.1" 404 1251 "-" "Mozilla/5.0 (compatible; AhrefsBot/7.0; +http://ahrefs.com/robot/)"
51.222.253.14 - - [31/Mar/2025:19:12:31 -0400] "GET /zeitgenossisches-design-fur-eleganz-und-funktionalitat/ HTTP/1.1" 404 1251 "-" "Mozilla/5.0 (compatible; AhrefsBot/7.0; +http://ahrefs.com/robot/)"
18.97.9.100 - - [31/Mar/2025:19:12:45 -0400] "GET /robots.txt HTTP/1.1" 404 1251 "-" "Mozilla/5.0 AppleWebKit/537.36 (KHTML, like Gecko; compatible; PerplexityBot/1.0; +https://perplexity.ai/perplexitybot)"
18.97.9.96 - - [31/Mar/2025:19:12:46 -0400] "GET /training HTTP/1.1" 404 1251 "-" "Mozilla/5.0 AppleWebKit/537.36 (KHTML, like Gecko; compatible; PerplexityBot/1.0; +https://perplexity.ai/perplexitybot)"
51.222.253.19 - - [31/Mar/2025:19:13:24 -0400] "GET /unlocking-natural-ways-to-lower-blood-sugar-levels/ HTTP/1.1" 404 1251 "-" "Mozilla/5.0 (compatible; AhrefsBot/7.0; +http://ahrefs.com/robot/)"
51.222.253.11 - - [31/Mar/2025:19:14:21 -0400] "GET /les-avantages-visuels-des-nappes-publicitaires/ HTTP/1.1" 404 1251 "-" "Mozilla/5.0 (compatible; AhrefsBot/7.0; +http://ahrefs.com/robot/)"
51.222.253.7 - - [31/Mar/2025:19:15:13 -0400] "GET /trends-and-insights/ HTTP/1.1" 404 1251 "-" "Mozilla/5.0 (compatible; AhrefsBot/7.0; +http://ahrefs.com/robot/)"
51.222.253.6 - - [31/Mar/2025:19:16:15 -0400] "GET /die-rolle-des-rechtsanwalts-in-der-modernen-gesellschaft/ HTTP/1.1" 404 1251 "-" "Mozilla/5.0 (compatible; AhrefsBot/7.0; +http://ahrefs.com/robot/)"
205.210.31.64 - - [31/Mar/2025:19:16:26 -0400] "GET / HTTP/1.1" 403 1242 "-" "Expanse, a Palo Alto Networks company, searches across the global IPv4 space multiple times per day to identify customers&#39; presences on the Internet. If you would like to be excluded from our scans, please send IP addresses/domains to: scaninfo@paloaltonetworks.com"
51.222.253.9 - - [31/Mar/2025:19:16:55 -0400] "GET /efficiency-boosters-printable-planner-stickers/ HTTP/1.1" 404 1251 "-" "Mozilla/5.0 (compatible; AhrefsBot/7.0; +http://ahrefs.com/robot/)"
51.222.253.15 - - [31/Mar/2025:19:17:34 -0400] "GET /unlocking-entertainment-the-rise-of-games-hire/ HTTP/1.1" 404 1251 "-" "Mozilla/5.0 (compatible; AhrefsBot/7.0; +http://ahrefs.com/robot/)"
51.222.253.7 - - [31/Mar/2025:19:18:21 -0400] "GET /unveiling-the-cabinets-manufacturer/ HTTP/1.1" 404 1251 "-" "Mozilla/5.0 (compatible; AhrefsBot/7.0; +http://ahrefs.com/robot/)"
51.222.253.15 - - [31/Mar/2025:19:19:05 -0400] "GET /efficiency-at-your-fingertips-the-instant-hot-water-tap/ HTTP/1.1" 404 1251 "-" "Mozilla/5.0 (compatible; AhrefsBot/7.0; +http://ahrefs.com/robot/)"
51.222.253.7 - - [31/Mar/2025:19:19:55 -0400] "GET /the-legacy-of-italian-classic-furniture-manufacturers/ HTTP/1.1" 404 1251 "-" "Mozilla/5.0 (compatible; AhrefsBot/7.0; +http://ahrefs.com/robot/)"
51.222.253.12 - - [31/Mar/2025:19:20:55 -0400] "GET /introduction-to-monkey-marts-6x-classroom-model/ HTTP/1.1" 404 1251 "-" "Mozilla/5.0 (compatible; AhrefsBot/7.0; +http://ahrefs.com/robot/)"
51.222.253.9 - - [31/Mar/2025:19:21:47 -0400] "GET /page/149/ HTTP/1.1" 404 1251 "-" "Mozilla/5.0 (compatible; AhrefsBot/7.0; +http://ahrefs.com/robot/)"
51.222.253.5 - - [31/Mar/2025:19:22:36 -0400] "GET /the-art-of-tiling/ HTTP/1.1" 404 1251 "-" "Mozilla/5.0 (compatible; AhrefsBot/7.0; +http://ahrefs.com/robot/)"
51.222.253.13 - - [31/Mar/2025:19:23:30 -0400] "GET /exploring-auschwitz-through-guided-tours/ HTTP/1.1" 404 1251 "-" "Mozilla/5.0 (compatible; AhrefsBot/7.0; +http://ahrefs.com/robot/)"
51.222.253.1 - - [31/Mar/2025:19:24:18 -0400] "GET /personalized-sports-socks/ HTTP/1.1" 404 1251 "-" "Mozilla/5.0 (compatible; AhrefsBot/7.0; +http://ahrefs.com/robot/)"
185.191.171.7 - - [31/Mar/2025:19:24:18 -0400] "GET /robots.txt HTTP/1.1" 404 1251 "-" "Mozilla/5.0 (compatible; SemrushBot/7~bl; +http://www.semrush.com/bot.html)"
185.191.171.12 - - [31/Mar/2025:19:24:19 -0400] "GET /aventure-et-survie-ultime-dans-minecraft-skyblock/ HTTP/1.1" 404 1251 "-" "Mozilla/5.0 (compatible; SemrushBot/7~bl; +http://www.semrush.com/bot.html)"
51.222.253.12 - - [31/Mar/2025:19:25:10 -0400] "GET /unleashing-the-power-of-qr-code-generators/ HTTP/1.1" 404 1251 "-" "Mozilla/5.0 (compatible; AhrefsBot/7.0; +http://ahrefs.com/robot/)"
51.222.253.8 - - [31/Mar/2025:19:25:57 -0400] "GET /unlocking-wellness-osteopathy-in-dubai/ HTTP/1.1" 404 1251 "-" "Mozilla/5.0 (compatible; AhrefsBot/7.0; +http://ahrefs.com/robot/)"
51.222.253.9 - - [31/Mar/2025:19:26:38 -0400] "GET /die-faszinierende-welt-der-animation/ HTTP/1.1" 404 1251 "-" "Mozilla/5.0 (compatible; AhrefsBot/7.0; +http://ahrefs.com/robot/)"
51.222.253.7 - - [31/Mar/2025:19:27:24 -0400] "GET /the-power-of-casino-solution-rentals/ HTTP/1.1" 404 1251 "-" "Mozilla/5.0 (compatible; AhrefsBot/7.0; +http://ahrefs.com/robot/)"
2a02:598:96:8a00::1200:13b - - [31/Mar/2025:19:28:00 -0400] "GET /essential-roofing-repairs-for-a-safer-home/ HTTP/1.1" 404 1251 "-" "Mozilla/5.0 (compatible; SeznamBot/4.0; +https://o-seznam.cz/napoveda/vyhledavani/en/seznambot-crawler/)"
51.222.253.20 - - [31/Mar/2025:19:28:13 -0400] "GET /rv-refrig/ HTTP/1.1" 404 1251 "-" "Mozilla/5.0 (compatible; AhrefsBot/7.0; +http://ahrefs.com/robot/)"
51.222.253.9 - - [31/Mar/2025:19:28:57 -0400] "GET /como-funciona-el-sistema-de-peaje/ HTTP/1.1" 404 1251 "-" "Mozilla/5.0 (compatible; AhrefsBot/7.0; +http://ahrefs.com/robot/)"
51.222.253.7 - - [31/Mar/2025:19:29:51 -0400] "GET /decouvrez-le-bi-split-climatiseur/ HTTP/1.1" 404 1251 "-" "Mozilla/5.0 (compatible; AhrefsBot/7.0; +http://ahrefs.com/robot/)"
51.222.253.11 - - [31/Mar/2025:19:30:48 -0400] "GET /essential-training-for-modern-professionals/ HTTP/1.1" 404 1251 "-" "Mozilla/5.0 (compatible; AhrefsBot/7.0; +http://ahrefs.com/robot/)"
51.222.253.2 - - [31/Mar/2025:19:31:32 -0400] "GET /service-de-traiteur-pour-cocktails-dentreprise/ HTTP/1.1" 404 1251 "-" "Mozilla/5.0 (compatible; AhrefsBot/7.0; +http://ahrefs.com/robot/)"
51.222.253.15 - - [31/Mar/2025:19:32:16 -0400] "GET /cavity-wall-insulation-near-me/ HTTP/1.1" 404 1251 "-" "Mozilla/5.0 (compatible; AhrefsBot/7.0; +http://ahrefs.com/robot/)"
60.16.88.155 - - [31/Mar/2025:19:32:20 -0400] "GET / HTTP/1.1" 403 1242 "-" "Mozilla/5.0 (Windows NT 10.0; WOW64) AppleWebKit/537.36 (KHTML, like Gecko) Chrome/78.0.3904.108 Safari/537.36"
51.222.253.7 - - [31/Mar/2025:19:33:02 -0400] "GET /a-hidden-gem-of-indonesia/ HTTP/1.1" 404 1251 "-" "Mozilla/5.0 (compatible; AhrefsBot/7.0; +http://ahrefs.com/robot/)"
51.222.253.1 - - [31/Mar/2025:19:33:52 -0400] "GET /transforming-your-digital-presence-with-expert-web-design/ HTTP/1.1" 404 1251 "-" "Mozilla/5.0 (compatible; AhrefsBot/7.0; +http://ahrefs.com/robot/)"
51.222.253.12 - - [31/Mar/2025:19:34:40 -0400] "GET /exploring-the-allure-of-real-estate-for-sale-in-moroccos-jewel-city/ HTTP/1.1" 404 1251 "-" "Mozilla/5.0 (compatible; AhrefsBot/7.0; +http://ahrefs.com/robot/)"
51.222.253.18 - - [31/Mar/2025:19:35:23 -0400] "GET /effiziente-buchfuhrung-die-bedeutung-von-accounting/ HTTP/1.1" 404 1251 "-" "Mozilla/5.0 (compatible; AhrefsBot/7.0; +http://ahrefs.com/robot/)"
51.222.253.2 - - [31/Mar/2025:19:36:13 -0400] "GET /the-wholesale-market-for-custom-grip-socks/ HTTP/1.1" 404 1251 "-" "Mozilla/5.0 (compatible; AhrefsBot/7.0; +http://ahrefs.com/robot/)"
51.89.68.103 - - [31/Mar/2025:19:36:33 -0400] "GET /wp-content/plugins/definite-unique/license.txt HTTP/1.1" 404 1251 "-" "Mozilla/5.0 (Windows NT 10.0; Win64; x64) AppleWebKit/537.36 (KHTML, like Gecko) Chrome/127.0.0.0 Safari/537.36"
51.222.253.3 - - [31/Mar/2025:19:37:01 -0400] "GET /category/activity/page/124/ HTTP/1.1" 404 1251 "-" "Mozilla/5.0 (compatible; AhrefsBot/7.0; +http://ahrefs.com/robot/)"
51.222.253.1 - - [31/Mar/2025:19:37:50 -0400] "GET /insights-from-retirement-blogs/ HTTP/1.1" 404 1251 "-" "Mozilla/5.0 (compatible; AhrefsBot/7.0; +http://ahrefs.com/robot/)"
51.222.253.7 - - [31/Mar/2025:19:38:40 -0400] "GET /un-super-aliment-pour-la-sante-et-la-vitalite/ HTTP/1.1" 404 1251 "-" "Mozilla/5.0 (compatible; AhrefsBot/7.0; +http://ahrefs.com/robot/)"
2a02:598:96:8a00::1200:13b - - [31/Mar/2025:19:39:18 -0400] "GET /what-is-seo-and-why-is-it-important/ HTTP/1.1" 404 1251 "-" "Mozilla/5.0 (compatible; SeznamBot/4.0; +https://o-seznam.cz/napoveda/vyhledavani/en/seznambot-crawler/)"
51.222.253.15 - - [31/Mar/2025:19:39:26 -0400] "GET /revolutionizing-casino-solution-distribution/ HTTP/1.1" 404 1251 "-" "Mozilla/5.0 (compatible; AhrefsBot/7.0; +http://ahrefs.com/robot/)"
51.222.253.14 - - [31/Mar/2025:19:40:21 -0400] "GET /hot-dispensers/ HTTP/1.1" 404 1251 "-" "Mozilla/5.0 (compatible; AhrefsBot/7.0; +http://ahrefs.com/robot/)"
51.222.253.11 - - [31/Mar/2025:19:41:33 -0400] "GET /unlocking-tiktok-success-the-art-of-buying-followers/ HTTP/1.1" 404 1251 "-" "Mozilla/5.0 (compatible; AhrefsBot/7.0; +http://ahrefs.com/robot/)"
51.222.253.13 - - [31/Mar/2025:19:42:21 -0400] "GET /the-casino-solution-sale/ HTTP/1.1" 404 1251 "-" "Mozilla/5.0 (compatible; AhrefsBot/7.0; +http://ahrefs.com/robot/)"
2a03:2880:22ff:42:: - - [31/Mar/2025:19:43:15 -0400] "GET /robots.txt HTTP/1.1" 404 1251 "-" "facebookexternalhit/1.1 (+http://www.facebook.com/externalhit_uatext.php)"
2a03:2880:f800:c:: - - [31/Mar/2025:19:43:15 -0400] "GET /yeti-vs-rtic-vs-ozark-trail-battle-of-the-tumblers/ HTTP/1.1" 404 1251 "-" "meta-externalagent/1.1 (+https://developers.facebook.com/docs/sharing/webmasters/crawler)"
51.222.253.3 - - [31/Mar/2025:19:43:16 -0400] "GET /exploring-the-vaping-landscape/ HTTP/1.1" 404 1251 "-" "Mozilla/5.0 (compatible; AhrefsBot/7.0; +http://ahrefs.com/robot/)"
51.222.253.11 - - [31/Mar/2025:19:44:06 -0400] "GET /a-modern-oasis-in-the-heart-of-the-city/ HTTP/1.1" 404 1251 "-" "Mozilla/5.0 (compatible; AhrefsBot/7.0; +http://ahrefs.com/robot/)"
51.222.253.11 - - [31/Mar/2025:19:44:49 -0400] "GET /traumhaftes-resort-am-gardasee/ HTTP/1.1" 404 1251 "-" "Mozilla/5.0 (compatible; AhrefsBot/7.0; +http://ahrefs.com/robot/)"
51.222.253.14 - - [31/Mar/2025:19:45:34 -0400] "GET /contemporary-elegance-modern-kitchen-cabinets/ HTTP/1.1" 404 1251 "-" "Mozilla/5.0 (compatible; AhrefsBot/7.0; +http://ahrefs.com/robot/)"
51.222.253.10 - - [31/Mar/2025:19:46:23 -0400] "GET /unlocking-potential-the-power-of-hr-consultancy/ HTTP/1.1" 404 1251 "-" "Mozilla/5.0 (compatible; AhrefsBot/7.0; +http://ahrefs.com/robot/)"
51.222.253.2 - - [31/Mar/2025:19:47:16 -0400] "GET /fenbendazole-capsules/ HTTP/1.1" 404 1251 "-" "Mozilla/5.0 (compatible; AhrefsBot/7.0; +http://ahrefs.com/robot/)"
51.222.253.6 - - [31/Mar/2025:19:47:58 -0400] "GET /how-to-choose-the-best-online-poker-room/ HTTP/1.1" 404 1251 "-" "Mozilla/5.0 (compatible; AhrefsBot/7.0; +http://ahrefs.com/robot/)"
51.222.253.2 - - [31/Mar/2025:19:48:41 -0400] "GET /embellissez-votre-decoration-avec-des-horloges-murales-uniques/ HTTP/1.1" 404 1251 "-" "Mozilla/5.0 (compatible; AhrefsBot/7.0; +http://ahrefs.com/robot/)"
51.222.253.9 - - [31/Mar/2025:19:49:30 -0400] "GET /rechtsanwalt-der-beruf-und-seine-bedeutung-in-der-deutschen-rechtswelt/ HTTP/1.1" 404 1251 "-" "Mozilla/5.0 (compatible; AhrefsBot/7.0; +http://ahrefs.com/robot/)"
51.222.253.12 - - [31/Mar/2025:19:50:20 -0400] "GET /five-star-hotels-in-lake-garda/ HTTP/1.1" 404 1251 "-" "Mozilla/5.0 (compatible; AhrefsBot/7.0; +http://ahrefs.com/robot/)"
2a02:598:96:8a00::1200:13b - - [31/Mar/2025:19:51:01 -0400] "GET /choosing-the-right-manufacturer/ HTTP/1.1" 404 1251 "-" "Mozilla/5.0 (compatible; SeznamBot/4.0; +https://o-seznam.cz/napoveda/vyhledavani/en/seznambot-crawler/)"
51.222.253.5 - - [31/Mar/2025:19:51:06 -0400] "GET /lock-smith-and-its-certification/ HTTP/1.1" 404 1251 "-" "Mozilla/5.0 (compatible; AhrefsBot/7.0; +http://ahrefs.com/robot/)"
51.222.253.12 - - [31/Mar/2025:19:51:51 -0400] "GET /elevating-your-style-the-essence-of-custom-suits-in-miami/ HTTP/1.1" 404 1251 "-" "Mozilla/5.0 (compatible; AhrefsBot/7.0; +http://ahrefs.com/robot/)"
51.222.253.19 - - [31/Mar/2025:19:52:34 -0400] "GET /buy-youtube-subscribers-cheap/ HTTP/1.1" 404 1251 "-" "Mozilla/5.0 (compatible; AhrefsBot/7.0; +http://ahrefs.com/robot/)"
51.222.253.13 - - [31/Mar/2025:19:53:21 -0400] "GET /what-is-a-custom-suit/ HTTP/1.1" 404 1251 "-" "Mozilla/5.0 (compatible; AhrefsBot/7.0; +http://ahrefs.com/robot/)"
51.222.253.16 - - [31/Mar/2025:19:54:06 -0400] "GET /riddle-answers-how-to-get-them/ HTTP/1.1" 404 1251 "-" "Mozilla/5.0 (compatible; AhrefsBot/7.0; +http://ahrefs.com/robot/)"
51.222.253.2 - - [31/Mar/2025:19:54:49 -0400] "GET /unveiling-the-trend-custom-brand-socks/ HTTP/1.1" 404 1251 "-" "Mozilla/5.0 (compatible; AhrefsBot/7.0; +http://ahrefs.com/robot/)"
51.222.253.9 - - [31/Mar/2025:19:55:36 -0400] "GET /page/150/ HTTP/1.1" 404 1251 "-" "Mozilla/5.0 (compatible; AhrefsBot/7.0; +http://ahrefs.com/robot/)"
51.222.253.3 - - [31/Mar/2025:19:56:21 -0400] "GET /youtube-live/ HTTP/1.1" 404 1251 "-" "Mozilla/5.0 (compatible; AhrefsBot/7.0; +http://ahrefs.com/robot/)"
51.222.253.17 - - [31/Mar/2025:19:57:09 -0400] "GET /the-ultimate-staking-dashboard-for-anyone-protocol/ HTTP/1.1" 404 1251 "-" "Mozilla/5.0 (compatible; AhrefsBot/7.0; +http://ahrefs.com/robot/)"
185.245.106.236 - - [31/Mar/2025:19:57:19 -0400] "GET /osteopathy/ HTTP/1.1" 404 1251 "https://freelancingclients.com/osteopathy/" "Mozilla/5.0 (Windows NT 10.0; Win64; x64) AppleWebKit/537.36 (KHTML, like Gecko) Chrome/103.0.5060.53 Safari/537.36"
185.245.106.236 - - [31/Mar/2025:19:57:20 -0400] "GET / HTTP/1.1" 403 1242 "https://freelancingclients.com/" "Mozilla/5.0 (Windows NT 10.0; Win64; x64) AppleWebKit/537.36 (KHTML, like Gecko) Chrome/103.0.5060.53 Safari/537.36"
185.245.106.236 - - [31/Mar/2025:19:57:22 -0400] "GET / HTTP/1.1" 403 1242 "https://freelancingclients.com/" "Mozilla/5.0 (Windows NT 10.0; Win64; x64) AppleWebKit/537.36 (KHTML, like Gecko) Chrome/103.0.5060.53 Safari/537.36"
51.222.253.20 - - [31/Mar/2025:19:58:01 -0400] "GET /finding-freedom-beyond-instagram/ HTTP/1.1" 404 1251 "-" "Mozilla/5.0 (compatible; AhrefsBot/7.0; +http://ahrefs.com/robot/)"
51.222.253.18 - - [31/Mar/2025:19:58:48 -0400] "GET /bitcoin-mixer/ HTTP/1.1" 404 1251 "-" "Mozilla/5.0 (compatible; AhrefsBot/7.0; +http://ahrefs.com/robot/)"
51.222.253.14 - - [31/Mar/2025:19:59:32 -0400] "GET /savoring-delight-the-tempting-tale-of-the-vegetable-puff/ HTTP/1.1" 404 1251 "-" "Mozilla/5.0 (compatible; AhrefsBot/7.0; +http://ahrefs.com/robot/)"
40.77.167.73 - - [31/Mar/2025:19:59:44 -0400] "GET /cannabis-strains-that-are-best-for-music/ HTTP/1.1" 404 1251 "-" "Mozilla/5.0 AppleWebKit/537.36 (KHTML, like Gecko; compatible; bingbot/2.0; +http://www.bing.com/bingbot.htm) Chrome/116.0.1938.76 Safari/537.36"
51.222.253.5 - - [31/Mar/2025:20:00:24 -0400] "GET /enjoying-youtube-videos-offline-on-mac/ HTTP/1.1" 404 1251 "-" "Mozilla/5.0 (compatible; AhrefsBot/7.0; +http://ahrefs.com/robot/)"
51.222.253.18 - - [31/Mar/2025:20:01:09 -0400] "GET /unveiling-the-pitfalls-of-buying-youtube-views-cheaply/ HTTP/1.1" 404 1251 "-" "Mozilla/5.0 (compatible; AhrefsBot/7.0; +http://ahrefs.com/robot/)"
44.198.198.52 - - [31/Mar/2025:20:01:22 -0400] "GET /unlock-efficiency-with-toyota-forklift-rentals/ HTTP/1.1" 404 1251 "-" "Grammarly/1.0 (http://www.grammarly.com)"
51.222.253.6 - - [31/Mar/2025:20:02:08 -0400] "GET /die-kunst-des-erstellens-animierter-videos/ HTTP/1.1" 404 1251 "-" "Mozilla/5.0 (compatible; AhrefsBot/7.0; +http://ahrefs.com/robot/)"
85.208.98.31 - - [31/Mar/2025:20:02:33 -0400] "GET /innovative-bathroom-renovations-for-small-spaces/ HTTP/1.1" 404 1251 "-" "Mozilla/5.0 (compatible; SemrushBot-BA; +http://www.semrush.com/bot.html)"
51.222.253.18 - - [31/Mar/2025:20:03:02 -0400] "GET /personalized-valentines-day-gifts/ HTTP/1.1" 404 1251 "-" "Mozilla/5.0 (compatible; AhrefsBot/7.0; +http://ahrefs.com/robot/)"
85.208.98.24 - - [31/Mar/2025:20:03:38 -0400] "GET /bathroom-renovations-melton/ HTTP/1.1" 404 1251 "-" "Mozilla/5.0 (compatible; SemrushBot-BA; +http://www.semrush.com/bot.html)"
85.208.98.31 - - [31/Mar/2025:20:03:45 -0400] "GET /bathroom-renovations-for-small-bathrooms/ HTTP/1.1" 404 1251 "-" "Mozilla/5.0 (compatible; SemrushBot-BA; +http://www.semrush.com/bot.html)"
51.222.253.6 - - [31/Mar/2025:20:03:58 -0400] "GET /youtube-live-stream-viewers-bot/ HTTP/1.1" 404 1251 "-" "Mozilla/5.0 (compatible; AhrefsBot/7.0; +http://ahrefs.com/robot/)"
51.222.253.18 - - [31/Mar/2025:20:04:52 -0400] "GET /fire-pump-manufacturer/ HTTP/1.1" 404 1251 "-" "Mozilla/5.0 (compatible; AhrefsBot/7.0; +http://ahrefs.com/robot/)"
122.8.185.232 - - [31/Mar/2025:20:05:24 -0400] "GET /innovatives-design-fur-zeitgemase-einrichtung/ HTTP/1.1" 404 1251 "https://freelancingclients.com/innovatives-design-fur-zeitgemase-einrichtung/" "Mozilla/5.0 (Windows NT 10.0; Win64; x64) AppleWebKit/537.36 (KHTML, like Gecko) Chrome/101.0.4951.67 Safari/537.36"
51.222.253.3 - - [31/Mar/2025:20:05:45 -0400] "GET /revolution-numerique-les-services-de-marketing-digital-pour-petites-entreprises/ HTTP/1.1" 404 1251 "-" "Mozilla/5.0 (compatible; AhrefsBot/7.0; +http://ahrefs.com/robot/)"
4.227.36.22 - - [31/Mar/2025:20:06:08 -0400] "GET /robots.txt HTTP/1.1" 404 1251 "-" "Mozilla/5.0 AppleWebKit/537.36 (KHTML, like Gecko; compatible; GPTBot/1.2; +https://openai.com/gptbot)"
51.222.253.5 - - [31/Mar/2025:20:08:09 -0400] "GET /cancers-and-genders/ HTTP/1.1" 404 1251 "-" "Mozilla/5.0 (compatible; AhrefsBot/7.0; +http://ahrefs.com/robot/)"
51.222.253.1 - - [31/Mar/2025:20:09:00 -0400] "GET /nusa-penida-island-tour/ HTTP/1.1" 404 1251 "-" "Mozilla/5.0 (compatible; AhrefsBot/7.0; +http://ahrefs.com/robot/)"
81.176.239.180 - - [31/Mar/2025:20:09:20 -0400] "GET /which-large-dehumidifier-uk-should-you-buy/ HTTP/1.1" 404 1251 "-" "Mozilla/5.0 (Windows NT 10.0; Win64; x64) AppleWebKit/537.36 (KHTML, like Gecko) Chrome/114.0.0.0 Safari/537.36"
81.176.239.180 - - [31/Mar/2025:20:09:22 -0400] "GET / HTTP/1.1" 403 1242 "-" "Mozilla/5.0 (Windows NT 10.0; Win64; x64) AppleWebKit/537.36 (KHTML, like Gecko) Chrome/114.0.0.0 Safari/537.36"
51.222.253.18 - - [31/Mar/2025:20:09:42 -0400] "GET /artisan-stand-mixer/ HTTP/1.1" 404 1251 "-" "Mozilla/5.0 (compatible; AhrefsBot/7.0; +http://ahrefs.com/robot/)"
51.222.253.15 - - [31/Mar/2025:20:10:30 -0400] "GET /strategies-for-sustainable-growth/ HTTP/1.1" 404 1251 "-" "Mozilla/5.0 (compatible; AhrefsBot/7.0; +http://ahrefs.com/robot/)"
51.222.253.13 - - [31/Mar/2025:20:11:27 -0400] "GET /divorce-lawyer-in-haifa/ HTTP/1.1" 404 1251 "-" "Mozilla/5.0 (compatible; AhrefsBot/7.0; +http://ahrefs.com/robot/)"
51.222.253.11 - - [31/Mar/2025:20:12:21 -0400] "GET /bitcoin-mixing/ HTTP/1.1" 404 1251 "-" "Mozilla/5.0 (compatible; AhrefsBot/7.0; +http://ahrefs.com/robot/)"
51.222.253.4 - - [31/Mar/2025:20:13:04 -0400] "GET /a-digital-companion-redefining-relationships/ HTTP/1.1" 404 1251 "-" "Mozilla/5.0 (compatible; AhrefsBot/7.0; +http://ahrefs.com/robot/)"
51.222.253.17 - - [31/Mar/2025:20:13:55 -0400] "GET /choosing-the-right-manufacturer/ HTTP/1.1" 404 1251 "-" "Mozilla/5.0 (compatible; AhrefsBot/7.0; +http://ahrefs.com/robot/)"
51.222.253.14 - - [31/Mar/2025:20:14:42 -0400] "GET /page/152/ HTTP/1.1" 404 1251 "-" "Mozilla/5.0 (compatible; AhrefsBot/7.0; +http://ahrefs.com/robot/)"
51.222.253.3 - - [31/Mar/2025:20:15:28 -0400] "GET /extended-warranty-car/ HTTP/1.1" 404 1251 "-" "Mozilla/5.0 (compatible; AhrefsBot/7.0; +http://ahrefs.com/robot/)"
51.222.253.10 - - [31/Mar/2025:20:16:16 -0400] "GET /navigating-the-risks-unveiling-the-truth-behind-buying-youtube-views-online/ HTTP/1.1" 404 1251 "-" "Mozilla/5.0 (compatible; AhrefsBot/7.0; +http://ahrefs.com/robot/)"
51.222.253.13 - - [31/Mar/2025:20:17:10 -0400] "GET /british-columbian-casinos-over-the-edge-again/ HTTP/1.1" 404 1251 "-" "Mozilla/5.0 (compatible; AhrefsBot/7.0; +http://ahrefs.com/robot/)"
51.222.253.15 - - [31/Mar/2025:20:18:00 -0400] "GET /top-three-football-teams-in-london/ HTTP/1.1" 404 1251 "-" "Mozilla/5.0 (compatible; AhrefsBot/7.0; +http://ahrefs.com/robot/)"
2a03:2880:15ff:1:: - - [31/Mar/2025:20:18:26 -0400] "GET /previous-episode HTTP/1.1" 404 1251 "-" "facebookexternalhit/1.1 (+http://www.facebook.com/externalhit_uatext.php)"
2a03:2880:15ff:72:: - - [31/Mar/2025:20:18:26 -0400] "GET /previous-episode HTTP/1.1" 404 1251 "-" "facebookexternalhit/1.1 (+http://www.facebook.com/externalhit_uatext.php)"
2a03:2880:11ff:4a:: - - [31/Mar/2025:20:18:27 -0400] "GET /hosted/images/5c/4451aa9c8a43f9a967190ce8c96fe3/FreelanceUniversityLogo.png HTTP/1.1" 404 1251 "-" "facebookexternalhit/1.1 (+http://www.facebook.com/externalhit_uatext.php)"
51.222.253.18 - - [31/Mar/2025:20:18:53 -0400] "GET /die-rolle-eines-scheidungsanwalts-in-hattingen-2/ HTTP/1.1" 404 1251 "-" "Mozilla/5.0 (compatible; AhrefsBot/7.0; +http://ahrefs.com/robot/)"
51.222.253.19 - - [31/Mar/2025:20:19:43 -0400] "GET /small-business-loans-for-women/ HTTP/1.1" 404 1251 "-" "Mozilla/5.0 (compatible; AhrefsBot/7.0; +http://ahrefs.com/robot/)"
51.222.253.16 - - [31/Mar/2025:20:20:37 -0400] "GET /online-gambling-during-the-global-financial-crisis-a-positive-view/ HTTP/1.1" 404 1251 "-" "Mozilla/5.0 (compatible; AhrefsBot/7.0; +http://ahrefs.com/robot/)"
51.222.253.16 - - [31/Mar/2025:20:21:30 -0400] "GET /the-essential-guide-to-reparateur-frigo-restoring-cool-comfort-in-every-home/ HTTP/1.1" 404 1251 "-" "Mozilla/5.0 (compatible; AhrefsBot/7.0; +http://ahrefs.com/robot/)"
51.222.253.10 - - [31/Mar/2025:20:22:22 -0400] "GET /vibrant-nights-and-endless-excitement-exploring-hanois-thriving-nightlife-scene/ HTTP/1.1" 404 1251 "-" "Mozilla/5.0 (compatible; AhrefsBot/7.0; +http://ahrefs.com/robot/)"
51.222.253.9 - - [31/Mar/2025:20:23:10 -0400] "GET /urgence-dentaires/ HTTP/1.1" 404 1251 "-" "Mozilla/5.0 (compatible; AhrefsBot/7.0; +http://ahrefs.com/robot/)"
51.222.253.9 - - [31/Mar/2025:20:23:59 -0400] "GET /brick-patio-weed-control/ HTTP/1.1" 404 1251 "-" "Mozilla/5.0 (compatible; AhrefsBot/7.0; +http://ahrefs.com/robot/)"
51.222.253.3 - - [31/Mar/2025:20:24:44 -0400] "GET /be-your-own-herbal-expert-pt-5/ HTTP/1.1" 404 1251 "-" "Mozilla/5.0 (compatible; AhrefsBot/7.0; +http://ahrefs.com/robot/)"
51.222.253.15 - - [31/Mar/2025:20:25:32 -0400] "GET /custom-print-socks/ HTTP/1.1" 404 1251 "-" "Mozilla/5.0 (compatible; AhrefsBot/7.0; +http://ahrefs.com/robot/)"
51.222.253.5 - - [31/Mar/2025:20:26:19 -0400] "GET /youtube-to-mp4-converter/ HTTP/1.1" 404 1251 "-" "Mozilla/5.0 (compatible; AhrefsBot/7.0; +http://ahrefs.com/robot/)"
51.222.253.11 - - [31/Mar/2025:20:27:05 -0400] "GET /category/activity/page/125/ HTTP/1.1" 404 1251 "-" "Mozilla/5.0 (compatible; AhrefsBot/7.0; +http://ahrefs.com/robot/)"
51.222.253.4 - - [31/Mar/2025:20:27:55 -0400] "GET /fire-pumps-for-sale/ HTTP/1.1" 404 1251 "-" "Mozilla/5.0 (compatible; AhrefsBot/7.0; +http://ahrefs.com/robot/)"
51.222.253.19 - - [31/Mar/2025:20:28:45 -0400] "GET /jilibet-com/ HTTP/1.1" 404 1251 "-" "Mozilla/5.0 (compatible; AhrefsBot/7.0; +http://ahrefs.com/robot/)"
51.222.253.19 - - [31/Mar/2025:20:29:39 -0400] "GET /la-curiosidad-por-nuestra-edad-es-algo-universal/ HTTP/1.1" 404 1251 "-" "Mozilla/5.0 (compatible; AhrefsBot/7.0; +http://ahrefs.com/robot/)"
51.222.253.10 - - [31/Mar/2025:20:30:31 -0400] "GET /can-osteopathy-help-fibromyalgia/ HTTP/1.1" 404 1251 "-" "Mozilla/5.0 (compatible; AhrefsBot/7.0; +http://ahrefs.com/robot/)"
51.222.253.10 - - [31/Mar/2025:20:31:20 -0400] "GET /entreprise-renovation-salle-de-bain/ HTTP/1.1" 404 1251 "-" "Mozilla/5.0 (compatible; AhrefsBot/7.0; +http://ahrefs.com/robot/)"
51.222.253.9 - - [31/Mar/2025:20:32:08 -0400] "GET /efficient-and-eco-friendly-heating-units-for-modern-comfort/ HTTP/1.1" 404 1251 "-" "Mozilla/5.0 (compatible; AhrefsBot/7.0; +http://ahrefs.com/robot/)"
51.222.253.12 - - [31/Mar/2025:20:32:52 -0400] "GET /navigating-legal-waters-the-essential-role-of-a-drug-charges-lawyer/ HTTP/1.1" 404 1251 "-" "Mozilla/5.0 (compatible; AhrefsBot/7.0; +http://ahrefs.com/robot/)"
51.222.253.10 - - [31/Mar/2025:20:33:40 -0400] "GET /unraveling-the-maze-the-real-deal-behind-buying-tiktok-likes-and-views/ HTTP/1.1" 404 1251 "-" "Mozilla/5.0 (compatible; AhrefsBot/7.0; +http://ahrefs.com/robot/)"
35.173.81.27 - - [31/Mar/2025:20:34:22 -0400] "GET /unlock-efficiency-with-toyota-forklift-rentals/ HTTP/1.1" 404 1251 "-" "Grammarly/1.0 (http://www.grammarly.com)"
51.222.253.9 - - [31/Mar/2025:20:34:26 -0400] "GET /protect-your-investment-with-an-iphone-15-pro-max-case/ HTTP/1.1" 404 1251 "-" "Mozilla/5.0 (compatible; AhrefsBot/7.0; +http://ahrefs.com/robot/)"
51.222.253.8 - - [31/Mar/2025:20:35:20 -0400] "GET /btc-mixer/ HTTP/1.1" 404 1251 "-" "Mozilla/5.0 (compatible; AhrefsBot/7.0; +http://ahrefs.com/robot/)"
51.222.253.15 - - [31/Mar/2025:20:36:08 -0400] "GET /a-new-meme-coin-sensation/ HTTP/1.1" 404 1251 "-" "Mozilla/5.0 (compatible; AhrefsBot/7.0; +http://ahrefs.com/robot/)"
51.222.253.2 - - [31/Mar/2025:20:36:53 -0400] "GET /precision-in-fastening-exploring-the-ingenious-button-head-screw/ HTTP/1.1" 404 1251 "-" "Mozilla/5.0 (compatible; AhrefsBot/7.0; +http://ahrefs.com/robot/)"
51.222.253.11 - - [31/Mar/2025:20:37:38 -0400] "GET /overcoming-handicaps-a-journey-of-perseverance-and-triumph/ HTTP/1.1" 404 1251 "-" "Mozilla/5.0 (compatible; AhrefsBot/7.0; +http://ahrefs.com/robot/)"
51.222.253.13 - - [31/Mar/2025:20:38:26 -0400] "GET /pain-in-shoulder-blade-and-neck/ HTTP/1.1" 404 1251 "-" "Mozilla/5.0 (compatible; AhrefsBot/7.0; +http://ahrefs.com/robot/)"
51.222.253.2 - - [31/Mar/2025:20:39:20 -0400] "GET /smile-central-elever-lexcellence-des-soins-dentaires/ HTTP/1.1" 404 1251 "-" "Mozilla/5.0 (compatible; AhrefsBot/7.0; +http://ahrefs.com/robot/)"
51.222.253.13 - - [31/Mar/2025:20:40:16 -0400] "GET /gold-jewellery-cleaner/ HTTP/1.1" 404 1251 "-" "Mozilla/5.0 (compatible; AhrefsBot/7.0; +http://ahrefs.com/robot/)"
51.222.253.6 - - [31/Mar/2025:20:41:12 -0400] "GET /quest-ce-quune-clinique-dentaire/ HTTP/1.1" 404 1251 "-" "Mozilla/5.0 (compatible; AhrefsBot/7.0; +http://ahrefs.com/robot/)"
51.222.253.3 - - [31/Mar/2025:20:42:01 -0400] "GET /wings-and-whispers-the-enigmatic-crow-tour/ HTTP/1.1" 404 1251 "-" "Mozilla/5.0 (compatible; AhrefsBot/7.0; +http://ahrefs.com/robot/)"
51.222.253.20 - - [31/Mar/2025:20:42:58 -0400] "GET /buy-youtubes-views/ HTTP/1.1" 404 1251 "-" "Mozilla/5.0 (compatible; AhrefsBot/7.0; +http://ahrefs.com/robot/)"
51.222.253.19 - - [31/Mar/2025:20:43:48 -0400] "GET /category/activity/page/127/ HTTP/1.1" 404 1251 "-" "Mozilla/5.0 (compatible; AhrefsBot/7.0; +http://ahrefs.com/robot/)"
51.222.253.13 - - [31/Mar/2025:20:44:49 -0400] "GET /how-to-select-the-best-black-seed-oil/ HTTP/1.1" 404 1251 "-" "Mozilla/5.0 (compatible; AhrefsBot/7.0; +http://ahrefs.com/robot/)"
51.222.253.20 - - [31/Mar/2025:20:45:48 -0400] "GET /the-art-and-science-of-lipo-sculpt/ HTTP/1.1" 404 1251 "-" "Mozilla/5.0 (compatible; AhrefsBot/7.0; +http://ahrefs.com/robot/)"
51.222.253.13 - - [31/Mar/2025:20:46:59 -0400] "GET /scheidungsanwalt-hattingen/ HTTP/1.1" 404 1251 "-" "Mozilla/5.0 (compatible; AhrefsBot/7.0; +http://ahrefs.com/robot/)"
51.222.253.16 - - [31/Mar/2025:20:48:00 -0400] "GET /resume-writer-services-near-me/ HTTP/1.1" 404 1251 "-" "Mozilla/5.0 (compatible; AhrefsBot/7.0; +http://ahrefs.com/robot/)"
51.222.253.17 - - [31/Mar/2025:20:49:02 -0400] "GET /boudoir-photography-round-rock-2/ HTTP/1.1" 404 1251 "-" "Mozilla/5.0 (compatible; AhrefsBot/7.0; +http://ahrefs.com/robot/)"
54.85.239.163 - - [31/Mar/2025:20:49:52 -0400] "GET /unlock-efficiency-with-toyota-forklift-rentals/ HTTP/1.1" 404 1251 "-" "Grammarly/1.0 (http://www.grammarly.com)"
185.4.176.103 - - [31/Mar/2025:20:49:53 -0400] "GET /robots.txt HTTP/1.1" 404 1251 "-" "Mozilla/5.0 (compatible; MJ12bot/v2.0.0; http://mj12bot.com/)"
185.4.176.103 - - [31/Mar/2025:20:49:54 -0400] "GET / HTTP/1.1" 403 1242 "-" "Mozilla/5.0 (compatible; MJ12bot/v2.0.0; http://mj12bot.com/)"
51.222.253.5 - - [31/Mar/2025:20:49:58 -0400] "GET /personal-loan-singapore/ HTTP/1.1" 404 1251 "-" "Mozilla/5.0 (compatible; AhrefsBot/7.0; +http://ahrefs.com/robot/)"
51.222.253.17 - - [31/Mar/2025:20:51:07 -0400] "GET /the-vital-role-of-party-wall-surveyors/ HTTP/1.1" 404 1251 "-" "Mozilla/5.0 (compatible; AhrefsBot/7.0; +http://ahrefs.com/robot/)"
51.222.253.6 - - [31/Mar/2025:20:52:04 -0400] "GET /embracing-gpu-as-a-service/ HTTP/1.1" 404 1251 "-" "Mozilla/5.0 (compatible; AhrefsBot/7.0; +http://ahrefs.com/robot/)"
51.222.253.8 - - [31/Mar/2025:20:52:58 -0400] "GET /ardor-residence-developer-a-new-launch-condominium/ HTTP/1.1" 404 1251 "-" "Mozilla/5.0 (compatible; AhrefsBot/7.0; +http://ahrefs.com/robot/)"
51.222.253.18 - - [31/Mar/2025:20:53:50 -0400] "GET /make-video-marketing-for-your-brand-with-youtube-channels/ HTTP/1.1" 404 1251 "-" "Mozilla/5.0 (compatible; AhrefsBot/7.0; +http://ahrefs.com/robot/)"
195.2.75.64 - - [31/Mar/2025:20:54:11 -0400] "GET /osteopathy/ HTTP/1.1" 404 1251 "https://freelancingclients.com/osteopathy/" "Mozilla/5.0 (Windows NT 10.0; Win64; x64) AppleWebKit/537.36 (KHTML, like Gecko) Chrome/129.0.0.0 Safari/537.36"
195.2.75.64 - - [31/Mar/2025:20:54:31 -0400] "GET / HTTP/1.1" 403 1242 "https://freelancingclients.com/" "Mozilla/5.0 (Windows NT 10.0; Win64; x64) AppleWebKit/537.36 (KHTML, like Gecko) Chrome/129.0.0.0 Safari/537.36"
195.2.75.64 - - [31/Mar/2025:20:54:33 -0400] "GET / HTTP/1.1" 403 1242 "https://freelancingclients.com/" "Mozilla/5.0 (Windows NT 10.0; Win64; x64) AppleWebKit/537.36 (KHTML, like Gecko) Chrome/129.0.0.0 Safari/537.36"
51.222.253.12 - - [31/Mar/2025:20:54:42 -0400] "GET /scopri-tranquillita-e-lusso-agriturismo-con-spa-sul-lago-di-garda/ HTTP/1.1" 404 1251 "-" "Mozilla/5.0 (compatible; AhrefsBot/7.0; +http://ahrefs.com/robot/)"
58.221.37.82 - - [31/Mar/2025:20:55:11 -0400] "GET / HTTP/1.1" 403 1242 "https://www.google.com/" "Mozilla/5.0 (Windows NT 10.0; Win64; x64) AppleWebKit/537.36 (KHTML, like Gecko) Chrome/133.0.0.0 Safari/537.36 Edg/133.0.0.0"
51.222.253.9 - - [31/Mar/2025:20:55:39 -0400] "GET /ppr-pipe-fittings/ HTTP/1.1" 404 1251 "-" "Mozilla/5.0 (compatible; AhrefsBot/7.0; +http://ahrefs.com/robot/)"
51.222.253.13 - - [31/Mar/2025:20:56:27 -0400] "GET /page/4/ HTTP/1.1" 404 1251 "-" "Mozilla/5.0 (compatible; AhrefsBot/7.0; +http://ahrefs.com/robot/)"
188.68.49.235 - - [31/Mar/2025:20:56:36 -0400] "GET / HTTP/1.1" 403 1242 "https://freelancingclients.com" "Mozilla/5.0 (X11; U; Linux i686; en-US; rv:1.0.2) Gecko/20021120 Netscape/7.01"
51.222.253.1 - - [31/Mar/2025:20:57:20 -0400] "GET /exploring-the-water-chiller-unit/ HTTP/1.1" 404 1251 "-" "Mozilla/5.0 (compatible; AhrefsBot/7.0; +http://ahrefs.com/robot/)"
198.54.114.83 - - [31/Mar/2025:20:57:37 -0400] "POST /wp-cron.php?doing_wp_cron=1743469057.1678309440612792968750 HTTP/1.1" 200 0 "-" "WordPress/6.7.1; https://freelancingclients.com"
3.220.159.34 - - [31/Mar/2025:20:57:31 -0400] "POST /wp-login.php HTTP/1.1" 200 1841 "-" "Mozilla/5.0 (X11; Linux x86_64; rv:122.0) Gecko/20100101 Firefox/122.0"
51.222.253.5 - - [31/Mar/2025:20:58:11 -0400] "GET /optimizing-staking-with-the-anyone-protocol-dashboard/ HTTP/1.1" 404 1251 "-" "Mozilla/5.0 (compatible; AhrefsBot/7.0; +http://ahrefs.com/robot/)"
194.50.16.252 - - [31/Mar/2025:20:58:37 -0400] "GET /gcdyja HTTP/1.1" 404 1251 "-" "Mozilla/5.0 (Debian; Linux i686; rv:120.0) Gecko/20100101 Firefox/120.0"
194.50.16.252 - - [31/Mar/2025:20:58:44 -0400] "GET /heapdump HTTP/1.1" 404 1251 "-" "Mozilla/5.0 (X11; Linux x86_64) AppleWebKit/537.36 (KHTML, like Gecko) Chrome/117.0.0.0 Safari/537.36"
194.50.16.252 - - [31/Mar/2025:20:58:48 -0400] "GET /actuator/heapdump HTTP/1.1" 404 1251 "-" "Mozilla/5.0 (Macintosh; Intel Mac OS X 14.4) AppleWebKit/616.33 (KHTML, like Gecko) Version/17.6 Safari/616.33"
51.222.253.9 - - [31/Mar/2025:20:59:02 -0400] "GET /dachdeckermeister-hamburg-hohere-dachdeckerstandards/ HTTP/1.1" 404 1251 "-" "Mozilla/5.0 (compatible; AhrefsBot/7.0; +http://ahrefs.com/robot/)"
51.222.253.20 - - [31/Mar/2025:20:59:58 -0400] "GET /comment-attirer-plus-de-clients/ HTTP/1.1" 404 1251 "-" "Mozilla/5.0 (compatible; AhrefsBot/7.0; +http://ahrefs.com/robot/)"
51.222.253.16 - - [31/Mar/2025:21:00:48 -0400] "GET /unwrapping-generosity-the-phenomenon-of-mrbeast-amazon-gift-cards/ HTTP/1.1" 404 1251 "-" "Mozilla/5.0 (compatible; AhrefsBot/7.0; +http://ahrefs.com/robot/)"
51.222.253.1 - - [31/Mar/2025:21:01:40 -0400] "GET /mastering-the-intricacies-of-paper-quilling-unveiling-the-artistry-of-coiled-creations/ HTTP/1.1" 404 1251 "-" "Mozilla/5.0 (compatible; AhrefsBot/7.0; +http://ahrefs.com/robot/)"
51.222.253.2 - - [31/Mar/2025:21:02:25 -0400] "GET /albrights-offers-a-choice-of-local-central-heating-services/ HTTP/1.1" 404 1251 "-" "Mozilla/5.0 (compatible; AhrefsBot/7.0; +http://ahrefs.com/robot/)"
51.222.253.3 - - [31/Mar/2025:21:03:20 -0400] "GET /paper-quilling-art/ HTTP/1.1" 404 1251 "-" "Mozilla/5.0 (compatible; AhrefsBot/7.0; +http://ahrefs.com/robot/)"
51.222.253.5 - - [31/Mar/2025:21:04:10 -0400] "GET /the-benefits-of-grip-socks-for-soccer-players/ HTTP/1.1" 404 1251 "-" "Mozilla/5.0 (compatible; AhrefsBot/7.0; +http://ahrefs.com/robot/)"
51.222.253.11 - - [31/Mar/2025:21:05:01 -0400] "GET /strategies-for-success/ HTTP/1.1" 404 1251 "-" "Mozilla/5.0 (compatible; AhrefsBot/7.0; +http://ahrefs.com/robot/)"
51.222.253.7 - - [31/Mar/2025:21:05:47 -0400] "GET /property-crm-features/ HTTP/1.1" 404 1251 "-" "Mozilla/5.0 (compatible; AhrefsBot/7.0; +http://ahrefs.com/robot/)"
51.222.253.5 - - [31/Mar/2025:21:06:35 -0400] "GET /skin-whitening-injection/ HTTP/1.1" 404 1251 "-" "Mozilla/5.0 (compatible; AhrefsBot/7.0; +http://ahrefs.com/robot/)"
51.222.253.19 - - [31/Mar/2025:21:07:44 -0400] "GET /sarms-in-canada-a-powerful-performance-enhancement-option/ HTTP/1.1" 404 1251 "-" "Mozilla/5.0 (compatible; AhrefsBot/7.0; +http://ahrefs.com/robot/)"
51.222.253.8 - - [31/Mar/2025:21:08:54 -0400] "GET /page/159/ HTTP/1.1" 404 1251 "-" "Mozilla/5.0 (compatible; AhrefsBot/7.0; +http://ahrefs.com/robot/)"
51.222.253.15 - - [31/Mar/2025:21:10:04 -0400] "GET /boosting-your-online-presence-the-pros-and-cons-of-buying-youtube-views/ HTTP/1.1" 404 1251 "-" "Mozilla/5.0 (compatible; AhrefsBot/7.0; +http://ahrefs.com/robot/)"
51.222.253.6 - - [31/Mar/2025:21:11:19 -0400] "GET /unlocking-the-benefits-of-part-time-employment/ HTTP/1.1" 404 1251 "-" "Mozilla/5.0 (compatible; AhrefsBot/7.0; +http://ahrefs.com/robot/)"
179.43.159.201 - - [31/Mar/2025:21:11:31 -0400] "GET / HTTP/1.1" 403 1242 "https://freelancingclients.com" "Opera/9.80 (Windows NT 6.1; Edition Yx 01) Presto/2.12.388 Version/12.17"
3.86.59.22 - - [31/Mar/2025:21:12:09 -0400] "GET / HTTP/1.1" 403 1242 "-" "Mozilla/5.0 (X11; Linux x86_64) AppleWebKit/537.36 (KHTML, like Gecko) Chrome/94.0.4606.81 Safari/537.36"
51.222.253.20 - - [31/Mar/2025:21:12:19 -0400] "GET /la-poudre-de-maca-un-super-aliment-energetique-et-equilibrant/ HTTP/1.1" 404 1251 "-" "Mozilla/5.0 (compatible; AhrefsBot/7.0; +http://ahrefs.com/robot/)"
51.222.253.4 - - [31/Mar/2025:21:13:24 -0400] "GET /urgence-dentaire/ HTTP/1.1" 404 1251 "-" "Mozilla/5.0 (compatible; AhrefsBot/7.0; +http://ahrefs.com/robot/)"
51.222.253.16 - - [31/Mar/2025:21:14:24 -0400] "GET /whats-a-good-hair-dryer-for-travel/ HTTP/1.1" 404 1251 "-" "Mozilla/5.0 (compatible; AhrefsBot/7.0; +http://ahrefs.com/robot/)"
51.222.253.17 - - [31/Mar/2025:21:15:33 -0400] "GET /crystal-pendants/ HTTP/1.1" 404 1251 "-" "Mozilla/5.0 (compatible; AhrefsBot/7.0; +http://ahrefs.com/robot/)"
51.222.253.12 - - [31/Mar/2025:21:16:35 -0400] "GET /boiling-water-tap/ HTTP/1.1" 404 1251 "-" "Mozilla/5.0 (compatible; AhrefsBot/7.0; +http://ahrefs.com/robot/)"
51.222.253.18 - - [31/Mar/2025:21:17:44 -0400] "GET /the-evolution-of-entertainment-exploring-the-thrills-of-online-casinos/ HTTP/1.1" 404 1251 "-" "Mozilla/5.0 (compatible; AhrefsBot/7.0; +http://ahrefs.com/robot/)"
51.222.253.20 - - [31/Mar/2025:21:18:49 -0400] "GET /modern-cabinet/ HTTP/1.1" 404 1251 "-" "Mozilla/5.0 (compatible; AhrefsBot/7.0; +http://ahrefs.com/robot/)"
111.225.148.138 - - [31/Mar/2025:21:19:13 -0400] "GET /robots.txt HTTP/1.1" 404 1251 "-" "Mozilla/5.0 (Linux; Android 5.0) AppleWebKit/537.36 (KHTML, like Gecko) Mobile Safari/537.36 (compatible; Bytespider; https://zhanzhang.toutiao.com/)"
51.222.253.14 - - [31/Mar/2025:21:20:17 -0400] "GET /harmonizing-energies-exploring-the-power-of-chakra-jewelry/ HTTP/1.1" 404 1251 "-" "Mozilla/5.0 (compatible; AhrefsBot/7.0; +http://ahrefs.com/robot/)"
51.222.253.3 - - [31/Mar/2025:21:21:13 -0400] "GET /flat-head-screw/ HTTP/1.1" 404 1251 "-" "Mozilla/5.0 (compatible; AhrefsBot/7.0; +http://ahrefs.com/robot/)"
51.222.253.11 - - [31/Mar/2025:21:22:16 -0400] "GET /how-to-avoid-youtube-viewers-bots/ HTTP/1.1" 404 1251 "-" "Mozilla/5.0 (compatible; AhrefsBot/7.0; +http://ahrefs.com/robot/)"
185.197.194.106 - - [31/Mar/2025:21:22:59 -0400] "GET /robots.txt HTTP/1.1" 404 1251 "-" "Mozilla/5.0 (compatible; MJ12bot/v1.4.8; http://mj12bot.com/)"
185.197.194.106 - - [31/Mar/2025:21:23:01 -0400] "GET /%E0%B8%AA%E0%B8%B9%E0%B8%95%E0%B8%A3%E0%B8%AA%E0%B8%A5%E0%B9%87%E0%B8%AD%E0%B8%95-%E0%B9%83%E0%B8%8A%E0%B9%89%E0%B9%84%E0%B8%94%E0%B9%89-%E0%B8%97%E0%B8%B8%E0%B8%81%E0%B8%84%E0%B9%88%E0%B8%B2%E0%B8%A2/ HTTP/1.1" 404 1251 "-" "Mozilla/5.0 (compatible; MJ12bot/v1.4.8; http://mj12bot.com/)"
185.197.194.106 - - [31/Mar/2025:21:23:03 -0400] "GET /%E0%B8%AA%E0%B8%B9%E0%B8%95%E0%B8%A3%E0%B8%AA%E0%B8%A5%E0%B9%87%E0%B8%AD%E0%B8%95-%E0%B9%83%E0%B8%8A%E0%B9%89%E0%B9%84%E0%B8%94%E0%B9%89-%E0%B8%97%E0%B8%B8%E0%B8%81%E0%B8%84%E0%B9%88%E0%B8%B2%E0%B8%A2/feed/ HTTP/1.1" 404 1251 "-" "Mozilla/5.0 (compatible; MJ12bot/v1.4.8; http://mj12bot.com/)"
185.197.194.106 - - [31/Mar/2025:21:23:06 -0400] "GET /%E0%B9%80%E0%B8%9C%E0%B8%A2%E0%B8%84%E0%B8%A7%E0%B8%B2%E0%B8%A1%E0%B8%95%E0%B8%B7%E0%B9%88%E0%B8%99%E0%B9%80%E0%B8%95%E0%B9%89%E0%B8%99-%E0%B8%AA%E0%B8%B3%E0%B8%A3%E0%B8%A7%E0%B8%88%E0%B8%84%E0%B8%A7/ HTTP/1.1" 404 1251 "-" "Mozilla/5.0 (compatible; MJ12bot/v1.4.8; http://mj12bot.com/)"
185.197.194.106 - - [31/Mar/2025:21:23:09 -0400] "GET /%E0%B9%80%E0%B8%9C%E0%B8%A2%E0%B8%84%E0%B8%A7%E0%B8%B2%E0%B8%A1%E0%B8%95%E0%B8%B7%E0%B9%88%E0%B8%99%E0%B9%80%E0%B8%95%E0%B9%89%E0%B8%99-%E0%B8%AA%E0%B8%B3%E0%B8%A3%E0%B8%A7%E0%B8%88%E0%B8%84%E0%B8%A7/feed/ HTTP/1.1" 404 1251 "-" "Mozilla/5.0 (compatible; MJ12bot/v1.4.8; http://mj12bot.com/)"
51.222.253.20 - - [31/Mar/2025:21:23:17 -0400] "GET /pendule-en-metal/ HTTP/1.1" 404 1251 "-" "Mozilla/5.0 (compatible; AhrefsBot/7.0; +http://ahrefs.com/robot/)"
51.222.253.2 - - [31/Mar/2025:21:24:13 -0400] "GET /what-is-cpu-cooling/ HTTP/1.1" 404 1251 "-" "Mozilla/5.0 (compatible; AhrefsBot/7.0; +http://ahrefs.com/robot/)"
2a03:2880:f800:16:: - - [31/Mar/2025:21:24:31 -0400] "GET /custom-gaming-pc/ HTTP/1.1" 404 1251 "-" "meta-externalagent/1.1 (+https://developers.facebook.com/docs/sharing/webmasters/crawler)"
51.222.253.15 - - [31/Mar/2025:21:25:08 -0400] "GET /energy-healing/ HTTP/1.1" 404 1251 "-" "Mozilla/5.0 (compatible; AhrefsBot/7.0; +http://ahrefs.com/robot/)"
198.235.24.121 - - [31/Mar/2025:21:26:12 -0400] "GET / HTTP/1.1" 403 1242 "-" "Expanse, a Palo Alto Networks company, searches across the global IPv4 space multiple times per day to identify customers&#39; presences on the Internet. If you would like to be excluded from our scans, please send IP addresses/domains to: scaninfo@paloaltonetworks.com"
51.222.253.7 - - [31/Mar/2025:21:26:13 -0400] "GET /les-sept-lois-de-lunivers/ HTTP/1.1" 404 1251 "-" "Mozilla/5.0 (compatible; AhrefsBot/7.0; +http://ahrefs.com/robot/)"
51.222.253.15 - - [31/Mar/2025:21:27:12 -0400] "GET /advertising-agencies-in-mumbai/ HTTP/1.1" 404 1251 "-" "Mozilla/5.0 (compatible; AhrefsBot/7.0; +http://ahrefs.com/robot/)"
112.92.70.120 - - [31/Mar/2025:21:28:09 -0400] "GET /how-to-select-a-custom-socks-manufacturer/ HTTP/1.1" 404 1251 "https://freelancingclients.com" "Mozilla/5.0 (Windows NT 10.0; Win64; x64) AppleWebKit/537.36 (KHTML, like Gecko) Chrome/62.0.3202.94 Safari/537.36"
112.92.70.120 - - [31/Mar/2025:21:28:11 -0400] "GET /how-to-select-a-custom-socks-manufacturer/ HTTP/1.1" 404 1251 "https://freelancingclients.com" "Mozilla/5.0 (Windows NT 10.0; Win64; x64) AppleWebKit/537.36 (KHTML, like Gecko) Chrome/62.0.3202.94 Safari/537.36"
112.92.70.120 - - [31/Mar/2025:21:28:12 -0400] "GET /how-to-select-a-custom-socks-manufacturer/ HTTP/1.1" 404 1251 "https://freelancingclients.com" "Mozilla/5.0 (Windows NT 10.0; Win64; x64) AppleWebKit/537.36 (KHTML, like Gecko) Chrome/62.0.3202.94 Safari/537.36"
112.92.70.120 - - [31/Mar/2025:21:28:14 -0400] "GET /how-to-select-a-custom-socks-manufacturer/ HTTP/1.1" 404 1251 "https://freelancingclients.com" "Mozilla/5.0 (Windows NT 10.0; Win64; x64) AppleWebKit/537.36 (KHTML, like Gecko) Chrome/62.0.3202.94 Safari/537.36"
51.222.253.9 - - [31/Mar/2025:21:28:19 -0400] "GET /visa-as-customer-service/ HTTP/1.1" 404 1251 "-" "Mozilla/5.0 (compatible; AhrefsBot/7.0; +http://ahrefs.com/robot/)"
51.222.253.9 - - [31/Mar/2025:21:29:21 -0400] "GET /the-instant-hot-water-dispenser/ HTTP/1.1" 404 1251 "-" "Mozilla/5.0 (compatible; AhrefsBot/7.0; +http://ahrefs.com/robot/)"
51.222.253.6 - - [31/Mar/2025:21:30:20 -0400] "GET /rv-refrigerator-parts/ HTTP/1.1" 404 1251 "-" "Mozilla/5.0 (compatible; AhrefsBot/7.0; +http://ahrefs.com/robot/)"
51.222.253.14 - - [31/Mar/2025:21:31:15 -0400] "GET /securing-strength-the-ultimate-guide-to-lag-screws-for-wood/ HTTP/1.1" 404 1251 "-" "Mozilla/5.0 (compatible; AhrefsBot/7.0; +http://ahrefs.com/robot/)"
51.222.253.12 - - [31/Mar/2025:21:32:14 -0400] "GET /so-wahlen-sie-pendelleuchten-aus/ HTTP/1.1" 404 1251 "-" "Mozilla/5.0 (compatible; AhrefsBot/7.0; +http://ahrefs.com/robot/)"
51.222.253.11 - - [31/Mar/2025:21:33:09 -0400] "GET /find-an-electrician-in-clearwater/ HTTP/1.1" 404 1251 "-" "Mozilla/5.0 (compatible; AhrefsBot/7.0; +http://ahrefs.com/robot/)"
51.222.253.18 - - [31/Mar/2025:21:34:03 -0400] "GET /vob-to-mp4-converter-converting-videos-the-easy-way/ HTTP/1.1" 404 1251 "-" "Mozilla/5.0 (compatible; AhrefsBot/7.0; +http://ahrefs.com/robot/)"
51.222.253.7 - - [31/Mar/2025:21:35:03 -0400] "GET /trusted-reliable-carers-in-dorchester/ HTTP/1.1" 404 1251 "-" "Mozilla/5.0 (compatible; AhrefsBot/7.0; +http://ahrefs.com/robot/)"
51.222.253.17 - - [31/Mar/2025:21:35:55 -0400] "GET /entdecken-sie-die-ruhe-im-landal-travemunde/ HTTP/1.1" 404 1251 "-" "Mozilla/5.0 (compatible; AhrefsBot/7.0; +http://ahrefs.com/robot/)"
51.222.253.6 - - [31/Mar/2025:21:36:57 -0400] "GET /refrigerator-maintenance/ HTTP/1.1" 404 1251 "-" "Mozilla/5.0 (compatible; AhrefsBot/7.0; +http://ahrefs.com/robot/)"
51.222.253.13 - - [31/Mar/2025:21:37:57 -0400] "GET /the-role-of-bodybuilding-coaching/ HTTP/1.1" 404 1251 "-" "Mozilla/5.0 (compatible; AhrefsBot/7.0; +http://ahrefs.com/robot/)"
51.222.253.11 - - [31/Mar/2025:21:38:54 -0400] "GET /revolutionizing-energy-storage-the-graphene-battery-manufacturer/ HTTP/1.1" 404 1251 "-" "Mozilla/5.0 (compatible; AhrefsBot/7.0; +http://ahrefs.com/robot/)"
51.222.253.2 - - [31/Mar/2025:21:39:51 -0400] "GET /a-glimpse-into-luxury-exploring-the-perfect-ten-showflat/ HTTP/1.1" 404 1251 "-" "Mozilla/5.0 (compatible; AhrefsBot/7.0; +http://ahrefs.com/robot/)"
195.191.219.132 - - [31/Mar/2025:21:40:51 -0400] "GET /robots.txt HTTP/1.1" 404 1251 "-" "Mozilla/5.0 (compatible; MJ12bot/v2.0.0; http://mj12bot.com/)"
195.191.219.132 - - [31/Mar/2025:21:40:52 -0400] "GET / HTTP/1.1" 403 1242 "-" "Mozilla/5.0 (compatible; MJ12bot/v2.0.0; http://mj12bot.com/)"
51.222.253.12 - - [31/Mar/2025:21:40:56 -0400] "GET /add-a-feminine-touch-to-your-wardrobe-with-a-leather-bucket-bag/ HTTP/1.1" 404 1251 "-" "Mozilla/5.0 (compatible; AhrefsBot/7.0; +http://ahrefs.com/robot/)"
51.222.253.2 - - [31/Mar/2025:21:41:55 -0400] "GET /building-trust/ HTTP/1.1" 404 1251 "-" "Mozilla/5.0 (compatible; AhrefsBot/7.0; +http://ahrefs.com/robot/)"
51.222.253.4 - - [31/Mar/2025:21:42:53 -0400] "GET /navigating-the-maze-resolving-party-wall-disputes/ HTTP/1.1" 404 1251 "-" "Mozilla/5.0 (compatible; AhrefsBot/7.0; +http://ahrefs.com/robot/)"
51.222.253.2 - - [31/Mar/2025:21:43:54 -0400] "GET /le-confort-absolu-avec-un-coussin-de-lecture-pour-le-lit/ HTTP/1.1" 404 1251 "-" "Mozilla/5.0 (compatible; AhrefsBot/7.0; +http://ahrefs.com/robot/)"
51.222.253.13 - - [31/Mar/2025:21:45:12 -0400] "GET /safe-locksmith-services/ HTTP/1.1" 404 1251 "-" "Mozilla/5.0 (compatible; AhrefsBot/7.0; +http://ahrefs.com/robot/)"
18.97.9.96 - - [31/Mar/2025:21:45:15 -0400] "GET /robots.txt HTTP/1.1" 404 1251 "-" "Mozilla/5.0 AppleWebKit/537.36 (KHTML, like Gecko; compatible; PerplexityBot/1.0; +https://perplexity.ai/perplexitybot)"
18.97.9.97 - - [31/Mar/2025:21:45:15 -0400] "GET /freelance-university-sign-up HTTP/1.1" 404 1251 "-" "Mozilla/5.0 AppleWebKit/537.36 (KHTML, like Gecko; compatible; PerplexityBot/1.0; +https://perplexity.ai/perplexitybot)"
2a03:2880:f800:c:: - - [31/Mar/2025:21:45:32 -0400] "GET /exquisite-design-and-architecture/ HTTP/1.1" 404 1251 "-" "meta-externalagent/1.1 (+https://developers.facebook.com/docs/sharing/webmasters/crawler)"
51.222.253.4 - - [31/Mar/2025:21:46:08 -0400] "GET /unlocking-the-road-navigating-the-landscape-of-car-finance/ HTTP/1.1" 404 1251 "-" "Mozilla/5.0 (compatible; AhrefsBot/7.0; +http://ahrefs.com/robot/)"
51.222.253.17 - - [31/Mar/2025:21:47:02 -0400] "GET /navigating-the-world-of-online-casinos/ HTTP/1.1" 404 1251 "-" "Mozilla/5.0 (compatible; AhrefsBot/7.0; +http://ahrefs.com/robot/)"
51.222.253.3 - - [31/Mar/2025:21:47:56 -0400] "GET /isolation-professionnelle-a-geneve/ HTTP/1.1" 404 1251 "-" "Mozilla/5.0 (compatible; AhrefsBot/7.0; +http://ahrefs.com/robot/)"
51.222.253.6 - - [31/Mar/2025:21:48:52 -0400] "GET /cloud-price/ HTTP/1.1" 404 1251 "-" "Mozilla/5.0 (compatible; AhrefsBot/7.0; +http://ahrefs.com/robot/)"
51.222.253.9 - - [31/Mar/2025:21:49:54 -0400] "GET /exploring-the-midtown-modern-showflat-a-contemporary-gem/ HTTP/1.1" 404 1251 "-" "Mozilla/5.0 (compatible; AhrefsBot/7.0; +http://ahrefs.com/robot/)"
51.222.253.11 - - [31/Mar/2025:21:50:53 -0400] "GET /using-the-youtube-social-shares-metric/ HTTP/1.1" 404 1251 "-" "Mozilla/5.0 (compatible; AhrefsBot/7.0; +http://ahrefs.com/robot/)"
51.222.253.10 - - [31/Mar/2025:21:52:16 -0400] "GET /cbd-suisse/ HTTP/1.1" 404 1251 "-" "Mozilla/5.0 (compatible; AhrefsBot/7.0; +http://ahrefs.com/robot/)"
51.222.253.20 - - [31/Mar/2025:21:53:11 -0400] "GET /plongez-dans-lunivers-virtuel-avec-vision-vr/ HTTP/1.1" 404 1251 "-" "Mozilla/5.0 (compatible; AhrefsBot/7.0; +http://ahrefs.com/robot/)"
51.222.253.10 - - [31/Mar/2025:21:54:15 -0400] "GET /moderne-hangeleuchte-ein-stil-statement-fur-ihr-zuhause/ HTTP/1.1" 404 1251 "-" "Mozilla/5.0 (compatible; AhrefsBot/7.0; +http://ahrefs.com/robot/)"
51.222.253.2 - - [31/Mar/2025:21:55:12 -0400] "GET /beste-hangeleuchten-fur-ihre-wohnraume/ HTTP/1.1" 404 1251 "-" "Mozilla/5.0 (compatible; AhrefsBot/7.0; +http://ahrefs.com/robot/)"
51.222.253.4 - - [31/Mar/2025:21:56:05 -0400] "GET /moderne-hangeleuchten-im-fokus/ HTTP/1.1" 404 1251 "-" "Mozilla/5.0 (compatible; AhrefsBot/7.0; +http://ahrefs.com/robot/)"
51.222.253.13 - - [31/Mar/2025:21:56:56 -0400] "GET /the-portable-fire-pump/ HTTP/1.1" 404 1251 "-" "Mozilla/5.0 (compatible; AhrefsBot/7.0; +http://ahrefs.com/robot/)"
207.46.13.86 - - [31/Mar/2025:21:57:18 -0400] "GET /best-family-restaurants-near-me/ HTTP/1.1" 404 1251 "-" "Mozilla/5.0 AppleWebKit/537.36 (KHTML, like Gecko; compatible; bingbot/2.0; +http://www.bing.com/bingbot.htm) Chrome/116.0.1938.76 Safari/537.36"
51.222.253.12 - - [31/Mar/2025:21:57:55 -0400] "GET /luxurious-retreats-discovering-the-best-hotels-on-garda-lake/ HTTP/1.1" 404 1251 "-" "Mozilla/5.0 (compatible; AhrefsBot/7.0; +http://ahrefs.com/robot/)"
51.222.253.7 - - [31/Mar/2025:21:58:52 -0400] "GET /fire-pump-manufacturers/ HTTP/1.1" 404 1251 "-" "Mozilla/5.0 (compatible; AhrefsBot/7.0; +http://ahrefs.com/robot/)"
51.222.253.2 - - [31/Mar/2025:21:59:57 -0400] "GET /efficiency-and-compassion-the-rise-of-medical-marijuana-delivery/ HTTP/1.1" 404 1251 "-" "Mozilla/5.0 (compatible; AhrefsBot/7.0; +http://ahrefs.com/robot/)"
51.222.253.10 - - [31/Mar/2025:22:00:57 -0400] "GET /electrical-contractor/ HTTP/1.1" 404 1251 "-" "Mozilla/5.0 (compatible; AhrefsBot/7.0; +http://ahrefs.com/robot/)"
51.222.253.19 - - [31/Mar/2025:22:01:56 -0400] "GET /unlocking-success-the-power-of-professional-resume-writing-services/ HTTP/1.1" 404 1251 "-" "Mozilla/5.0 (compatible; AhrefsBot/7.0; +http://ahrefs.com/robot/)"
