51.222.253.10 - - [31/Mar/2025:22:02:53 -0400] "GET /white-football-socks/ HTTP/1.1" 404 1251 "-" "Mozilla/5.0 (compatible; AhrefsBot/7.0; +http://ahrefs.com/robot/)"
51.222.253.9 - - [31/Mar/2025:22:03:53 -0400] "GET /fenbens-lab-fenbendazol/ HTTP/1.1" 404 1251 "-" "Mozilla/5.0 (compatible; AhrefsBot/7.0; +http://ahrefs.com/robot/)"
51.222.253.2 - - [31/Mar/2025:22:04:50 -0400] "GET /star-plus-plumbings/ HTTP/1.1" 404 1251 "-" "Mozilla/5.0 (compatible; AhrefsBot/7.0; +http://ahrefs.com/robot/)"
51.222.253.3 - - [31/Mar/2025:22:05:44 -0400] "GET /vegetable-samosa/ HTTP/1.1" 404 1251 "-" "Mozilla/5.0 (compatible; AhrefsBot/7.0; +http://ahrefs.com/robot/)"
147.185.132.22 - - [31/Mar/2025:22:06:16 -0400] "GET / HTTP/1.1" 403 1242 "-" "Expanse, a Palo Alto Networks company, searches across the global IPv4 space multiple times per day to identify customers&#39; presences on the Internet. If you would like to be excluded from our scans, please send IP addresses/domains to: scaninfo@paloaltonetworks.com"
47.128.122.12 - - [31/Mar/2025:22:06:42 -0400] "GET /robots.txt HTTP/1.1" 404 1251 "-" "Go-http-client/2.0"
51.222.253.17 - - [31/Mar/2025:22:06:46 -0400] "GET /funkelnde-exzellenz-vorstellung-des-besten-reinigungsunternehmens-in-hamburg/ HTTP/1.1" 404 1251 "-" "Mozilla/5.0 (compatible; AhrefsBot/7.0; +http://ahrefs.com/robot/)"
51.222.253.5 - - [31/Mar/2025:22:07:40 -0400] "GET /travel-agent-review-the-best-ways-to-be-a-work-at-home-as-travel-agent/ HTTP/1.1" 404 1251 "-" "Mozilla/5.0 (compatible; AhrefsBot/7.0; +http://ahrefs.com/robot/)"
85.208.96.211 - - [31/Mar/2025:22:07:53 -0400] "GET /robots.txt HTTP/1.1" 404 1251 "-" "Mozilla/5.0 (compatible; SemrushBot/7~bl; +http://www.semrush.com/bot.html)"
85.208.96.210 - - [31/Mar/2025:22:07:55 -0400] "GET /category/activity/page/136/ HTTP/1.1" 404 1251 "-" "Mozilla/5.0 (compatible; SemrushBot/7~bl; +http://www.semrush.com/bot.html)"
134.17.14.122 - - [31/Mar/2025:22:08:07 -0400] "GET /past.php HTTP/1.1" 404 1251 "-" "Mozilla/4.0 (compatible; MSIE 6.0; Windows NT 5.1; SV1)"
51.222.253.8 - - [31/Mar/2025:22:08:33 -0400] "GET /haushaltsauflosungen-hamburg/ HTTP/1.1" 404 1251 "-" "Mozilla/5.0 (compatible; AhrefsBot/7.0; +http://ahrefs.com/robot/)"
51.222.253.15 - - [31/Mar/2025:22:09:25 -0400] "GET /should-you-buy-an-extended-car-warranty/ HTTP/1.1" 404 1251 "-" "Mozilla/5.0 (compatible; AhrefsBot/7.0; +http://ahrefs.com/robot/)"
51.222.253.14 - - [31/Mar/2025:22:10:23 -0400] "GET /hot-water-tap/ HTTP/1.1" 404 1251 "-" "Mozilla/5.0 (compatible; AhrefsBot/7.0; +http://ahrefs.com/robot/)"
47.128.16.12 - - [31/Mar/2025:22:10:42 -0400] "GET /what-does-no-sim-restrictions-mean-on-your-iphone/ HTTP/1.1" 404 1251 "-" "Mozilla/5.0 (Linux; Android 5.0) AppleWebKit/537.36 (KHTML, like Gecko) Mobile Safari/537.36 (compatible; TikTokSpider; ttspider-feedback@tiktok.com)"
51.222.253.15 - - [31/Mar/2025:22:11:20 -0400] "GET /vita-glow-night-cream-enhance-your-complexion-while-you-sleep/ HTTP/1.1" 404 1251 "-" "Mozilla/5.0 (compatible; AhrefsBot/7.0; +http://ahrefs.com/robot/)"
51.222.253.1 - - [31/Mar/2025:22:12:23 -0400] "GET /lichtvolle-eleganz-moderne-hangeleuchten-im-fokus/ HTTP/1.1" 404 1251 "-" "Mozilla/5.0 (compatible; AhrefsBot/7.0; +http://ahrefs.com/robot/)"
20.15.133.164 - - [31/Mar/2025:22:12:50 -0400] "GET /robots.txt HTTP/1.1" 404 1251 "-" "Mozilla/5.0 AppleWebKit/537.36 (KHTML, like Gecko; compatible; bingbot/2.0; +http://www.bing.com/bingbot.htm) Chrome/116.0.1938.76 Safari/537.36"
20.15.133.184 - - [31/Mar/2025:22:13:00 -0400] "GET /mastering-efficiency-the-significance-of-typing-speed-tests/ HTTP/1.1" 404 1251 "-" "Mozilla/5.0 AppleWebKit/537.36 (KHTML, like Gecko; compatible; bingbot/2.0; +http://www.bing.com/bingbot.htm) Chrome/116.0.1938.76 Safari/537.36"
51.222.253.13 - - [31/Mar/2025:22:13:16 -0400] "GET /fenben-lab-fenbendazol/ HTTP/1.1" 404 1251 "-" "Mozilla/5.0 (compatible; AhrefsBot/7.0; +http://ahrefs.com/robot/)"
51.222.253.17 - - [31/Mar/2025:22:14:09 -0400] "GET /the-hot-dispenser/ HTTP/1.1" 404 1251 "-" "Mozilla/5.0 (compatible; AhrefsBot/7.0; +http://ahrefs.com/robot/)"
51.222.253.13 - - [31/Mar/2025:22:15:07 -0400] "GET /skills-to-highlight-on-resume/ HTTP/1.1" 404 1251 "-" "Mozilla/5.0 (compatible; AhrefsBot/7.0; +http://ahrefs.com/robot/)"
51.222.253.10 - - [31/Mar/2025:22:16:02 -0400] "GET /portrait-professionnel-geneve/ HTTP/1.1" 404 1251 "-" "Mozilla/5.0 (compatible; AhrefsBot/7.0; +http://ahrefs.com/robot/)"
51.222.253.4 - - [31/Mar/2025:22:16:57 -0400] "GET /cloud-sports-software-vs-installed-sports-software/ HTTP/1.1" 404 1251 "-" "Mozilla/5.0 (compatible; AhrefsBot/7.0; +http://ahrefs.com/robot/)"
51.222.253.12 - - [31/Mar/2025:22:17:53 -0400] "GET /elegance-and-modernity-combined/ HTTP/1.1" 404 1251 "-" "Mozilla/5.0 (compatible; AhrefsBot/7.0; +http://ahrefs.com/robot/)"
51.222.253.2 - - [31/Mar/2025:22:18:49 -0400] "GET /allier-esthetique-et-fonctionnalite/ HTTP/1.1" 404 1251 "-" "Mozilla/5.0 (compatible; AhrefsBot/7.0; +http://ahrefs.com/robot/)"
51.222.253.12 - - [31/Mar/2025:22:19:42 -0400] "GET /navigating-the-thrills-and-risks-of-online-casinos/ HTTP/1.1" 404 1251 "-" "Mozilla/5.0 (compatible; AhrefsBot/7.0; +http://ahrefs.com/robot/)"
51.222.253.1 - - [31/Mar/2025:22:20:39 -0400] "GET /wood-rings-the-advantages-of-steam-bent-construction/ HTTP/1.1" 404 1251 "-" "Mozilla/5.0 (compatible; AhrefsBot/7.0; +http://ahrefs.com/robot/)"
54.157.162.222 - - [31/Mar/2025:22:21:34 -0400] "GET /robots.txt HTTP/1.1" 404 1251 "-" "Mozilla/5.0 (X11; Linux x86_64) AppleWebKit/537.36 (KHTML, like Gecko) Chrome/94.0.4606.81 Safari/537.36"
54.157.162.222 - - [31/Mar/2025:22:21:34 -0400] "GET /category/about-us/ HTTP/1.1" 404 1251 "-" "Mozilla/5.0 (X11; Linux x86_64) AppleWebKit/537.36 (KHTML, like Gecko) Chrome/94.0.4606.81 Safari/537.36"
54.157.162.222 - - [31/Mar/2025:22:21:36 -0400] "GET /category/contact-us/ HTTP/1.1" 404 1251 "-" "Mozilla/5.0 (X11; Linux x86_64) AppleWebKit/537.36 (KHTML, like Gecko) Chrome/94.0.4606.81 Safari/537.36"
51.222.253.11 - - [31/Mar/2025:22:21:39 -0400] "GET /exploring-the-virtual-arena/ HTTP/1.1" 404 1251 "-" "Mozilla/5.0 (compatible; AhrefsBot/7.0; +http://ahrefs.com/robot/)"
51.222.253.9 - - [31/Mar/2025:22:22:36 -0400] "GET /le-calcul-de-lovulation/ HTTP/1.1" 404 1251 "-" "Mozilla/5.0 (compatible; AhrefsBot/7.0; +http://ahrefs.com/robot/)"
51.222.253.19 - - [31/Mar/2025:22:23:32 -0400] "GET /exploring-modern-interior-design-trends/ HTTP/1.1" 404 1251 "-" "Mozilla/5.0 (compatible; AhrefsBot/7.0; +http://ahrefs.com/robot/)"
51.222.253.17 - - [31/Mar/2025:22:24:20 -0400] "GET /the-charms-of-joo-chiats-straits/ HTTP/1.1" 404 1251 "-" "Mozilla/5.0 (compatible; AhrefsBot/7.0; +http://ahrefs.com/robot/)"
66.249.74.165 - - [31/Mar/2025:22:25:16 -0400] "GET /robots.txt HTTP/1.1" 404 1251 "-" "Mozilla/5.0 (compatible; Googlebot/2.1; +http://www.google.com/bot.html)"
51.222.253.7 - - [31/Mar/2025:22:25:16 -0400] "GET /lelegance-fonctionnelle-reinventer-lamenagement-de-bureau/ HTTP/1.1" 404 1251 "-" "Mozilla/5.0 (compatible; AhrefsBot/7.0; +http://ahrefs.com/robot/)"
66.249.74.165 - - [31/Mar/2025:22:25:17 -0400] "GET /feed/ HTTP/1.1" 404 1251 "-" "Mozilla/5.0 (compatible; Googlebot/2.1; +http://www.google.com/bot.html)"
51.222.253.7 - - [31/Mar/2025:22:26:11 -0400] "GET /navigating-trademark-disputes-the-role-of-lawyers/ HTTP/1.1" 404 1251 "-" "Mozilla/5.0 (compatible; AhrefsBot/7.0; +http://ahrefs.com/robot/)"
2a02:598:96:8a00::1200:13b - - [31/Mar/2025:22:26:38 -0400] "GET /union-square-residences/ HTTP/1.1" 404 1251 "-" "Mozilla/5.0 (compatible; SeznamBot/4.0; +https://o-seznam.cz/napoveda/vyhledavani/en/seznambot-crawler/)"
51.222.253.12 - - [31/Mar/2025:22:27:08 -0400] "GET /the-true-cost-of-building-a-website-in-dubai/ HTTP/1.1" 404 1251 "-" "Mozilla/5.0 (compatible; AhrefsBot/7.0; +http://ahrefs.com/robot/)"
51.222.253.17 - - [31/Mar/2025:22:28:04 -0400] "GET /page/8/ HTTP/1.1" 404 1251 "-" "Mozilla/5.0 (compatible; AhrefsBot/7.0; +http://ahrefs.com/robot/)"
51.222.253.6 - - [31/Mar/2025:22:29:00 -0400] "GET /harnessing-the-power-of-gpu-cloud-services/ HTTP/1.1" 404 1251 "-" "Mozilla/5.0 (compatible; AhrefsBot/7.0; +http://ahrefs.com/robot/)"
51.222.253.3 - - [31/Mar/2025:22:29:56 -0400] "GET /a-strategic-advantage-for-your-business/ HTTP/1.1" 404 1251 "-" "Mozilla/5.0 (compatible; AhrefsBot/7.0; +http://ahrefs.com/robot/)"
178.32.106.223 - - [31/Mar/2025:22:30:21 -0400] "GET /the-world-of-satta-king-a-deep-dive/ HTTP/1.1" 404 1251 "https://freelancingclients.com/" "Mozilla/5.0 (X11; Ubuntu; Linux x86_64; rv:102.0) Gecko/20100101 Firefox/102.0"
178.32.106.223 - - [31/Mar/2025:22:30:22 -0400] "GET / HTTP/1.1" 403 1242 "https://freelancingclients.com" "Mozilla/5.0 (X11; Ubuntu; Linux x86_64; rv:102.0) Gecko/20100101 Firefox/102.0"
51.222.253.7 - - [31/Mar/2025:22:30:57 -0400] "GET /finding-the-perfect-wedding-celebrant-in-auckland/ HTTP/1.1" 404 1251 "-" "Mozilla/5.0 (compatible; AhrefsBot/7.0; +http://ahrefs.com/robot/)"
51.222.253.19 - - [31/Mar/2025:22:31:59 -0400] "GET /ein-unvergesslicher-aufenthalt-im-resort-am-gardasee/ HTTP/1.1" 404 1251 "-" "Mozilla/5.0 (compatible; AhrefsBot/7.0; +http://ahrefs.com/robot/)"
112.92.70.120 - - [31/Mar/2025:22:32:32 -0400] "GET /dominos-pizza-in-meadville-pa/ HTTP/1.1" 404 1251 "https://freelancingclients.com" "Mozilla/5.0 (Windows NT 10.0; Win64; x64) AppleWebKit/537.36 (KHTML, like Gecko) Chrome/62.0.3202.94 Safari/537.36"
112.92.70.120 - - [31/Mar/2025:22:32:37 -0400] "GET /dominos-pizza-in-meadville-pa/ HTTP/1.1" 404 1251 "https://freelancingclients.com" "Mozilla/5.0 (Windows NT 10.0; Win64; x64) AppleWebKit/537.36 (KHTML, like Gecko) Chrome/62.0.3202.94 Safari/537.36"
112.92.70.120 - - [31/Mar/2025:22:32:40 -0400] "GET /dominos-pizza-in-meadville-pa/ HTTP/1.1" 404 1251 "https://freelancingclients.com" "Mozilla/5.0 (Windows NT 10.0; Win64; x64) AppleWebKit/537.36 (KHTML, like Gecko) Chrome/62.0.3202.94 Safari/537.36"
112.92.70.120 - - [31/Mar/2025:22:32:44 -0400] "GET /dominos-pizza-in-meadville-pa/ HTTP/1.1" 404 1251 "https://freelancingclients.com" "Mozilla/5.0 (Windows NT 10.0; Win64; x64) AppleWebKit/537.36 (KHTML, like Gecko) Chrome/62.0.3202.94 Safari/537.36"
51.222.253.13 - - [31/Mar/2025:22:32:54 -0400] "GET /omnigenceam-com-a-comprehensive-solution-for-digital-marketing/ HTTP/1.1" 404 1251 "-" "Mozilla/5.0 (compatible; AhrefsBot/7.0; +http://ahrefs.com/robot/)"
51.222.253.8 - - [31/Mar/2025:22:33:50 -0400] "GET /category/activity/page/7/ HTTP/1.1" 404 1251 "-" "Mozilla/5.0 (compatible; AhrefsBot/7.0; +http://ahrefs.com/robot/)"
51.222.253.19 - - [31/Mar/2025:22:34:46 -0400] "GET /why-you-need-a-divorce-lawyer/ HTTP/1.1" 404 1251 "-" "Mozilla/5.0 (compatible; AhrefsBot/7.0; +http://ahrefs.com/robot/)"
51.222.253.2 - - [31/Mar/2025:22:35:51 -0400] "GET /exploring-omnigenceam-com-a-comprehensive-overview/ HTTP/1.1" 404 1251 "-" "Mozilla/5.0 (compatible; AhrefsBot/7.0; +http://ahrefs.com/robot/)"
51.222.253.11 - - [31/Mar/2025:22:36:55 -0400] "GET /category/activity/page/8/ HTTP/1.1" 404 1251 "-" "Mozilla/5.0 (compatible; AhrefsBot/7.0; +http://ahrefs.com/robot/)"
51.222.253.19 - - [31/Mar/2025:22:37:56 -0400] "GET /maximizing-performance-with-gpu-cloud-services/ HTTP/1.1" 404 1251 "-" "Mozilla/5.0 (compatible; AhrefsBot/7.0; +http://ahrefs.com/robot/)"
51.222.253.3 - - [31/Mar/2025:22:38:48 -0400] "GET /category/activity/page/3/ HTTP/1.1" 404 1251 "-" "Mozilla/5.0 (compatible; AhrefsBot/7.0; +http://ahrefs.com/robot/)"
51.222.253.1 - - [31/Mar/2025:22:39:47 -0400] "GET /thailand-privilege/ HTTP/1.1" 404 1251 "-" "Mozilla/5.0 (compatible; AhrefsBot/7.0; +http://ahrefs.com/robot/)"
51.222.253.11 - - [31/Mar/2025:22:40:49 -0400] "GET /find-a-plumber-near-me/ HTTP/1.1" 404 1251 "-" "Mozilla/5.0 (compatible; AhrefsBot/7.0; +http://ahrefs.com/robot/)"
51.222.253.18 - - [31/Mar/2025:22:41:48 -0400] "GET /maitriser-lart-du-referencement-devoiler-les-secrets-de-la-visibilite-en-ligne/ HTTP/1.1" 404 1251 "-" "Mozilla/5.0 (compatible; AhrefsBot/7.0; +http://ahrefs.com/robot/)"
51.222.253.3 - - [31/Mar/2025:22:42:37 -0400] "GET /navigating-the-digital-arena-the-world-of-online-betting/ HTTP/1.1" 404 1251 "-" "Mozilla/5.0 (compatible; AhrefsBot/7.0; +http://ahrefs.com/robot/)"
51.222.253.3 - - [31/Mar/2025:22:43:24 -0400] "GET /finding-the-perfect-interior-design-near-me/ HTTP/1.1" 404 1251 "-" "Mozilla/5.0 (compatible; AhrefsBot/7.0; +http://ahrefs.com/robot/)"
51.222.253.5 - - [31/Mar/2025:22:44:16 -0400] "GET /category/activity/page/123/ HTTP/1.1" 404 1251 "-" "Mozilla/5.0 (compatible; AhrefsBot/7.0; +http://ahrefs.com/robot/)"
51.222.253.13 - - [31/Mar/2025:22:45:05 -0400] "GET /a-comprehensive-guides/ HTTP/1.1" 404 1251 "-" "Mozilla/5.0 (compatible; AhrefsBot/7.0; +http://ahrefs.com/robot/)"
51.222.253.8 - - [31/Mar/2025:22:46:00 -0400] "GET /unlocking-success-the-power-of-buying-tiktok-video-saves/ HTTP/1.1" 404 1251 "-" "Mozilla/5.0 (compatible; AhrefsBot/7.0; +http://ahrefs.com/robot/)"
51.222.253.4 - - [31/Mar/2025:22:46:51 -0400] "GET /the-custom-built-gaming-pc/ HTTP/1.1" 404 1251 "-" "Mozilla/5.0 (compatible; AhrefsBot/7.0; +http://ahrefs.com/robot/)"
93.183.92.77 - - [31/Mar/2025:22:47:15 -0400] "GET /osteopathy/ HTTP/1.1" 404 1251 "https://freelancingclients.com/osteopathy/" "Mozilla/5.0 (Windows NT 10.0; Win64; x64) AppleWebKit/537.36 (KHTML, like Gecko) Chrome/131.0.0.0 Safari/537.36"
93.183.92.77 - - [31/Mar/2025:22:47:16 -0400] "GET / HTTP/1.1" 403 1242 "https://freelancingclients.com/" "Mozilla/5.0 (Windows NT 10.0; Win64; x64) AppleWebKit/537.36 (KHTML, like Gecko) Chrome/131.0.0.0 Safari/537.36"
93.183.92.77 - - [31/Mar/2025:22:47:17 -0400] "GET / HTTP/1.1" 403 1242 "https://freelancingclients.com/" "Mozilla/5.0 (Windows NT 10.0; Win64; x64) AppleWebKit/537.36 (KHTML, like Gecko) Chrome/131.0.0.0 Safari/537.36"
51.222.253.11 - - [31/Mar/2025:22:47:46 -0400] "GET /guardians-of-the-multiverse-the-watchers-best-heroes/ HTTP/1.1" 404 1251 "-" "Mozilla/5.0 (compatible; AhrefsBot/7.0; +http://ahrefs.com/robot/)"
51.222.253.7 - - [31/Mar/2025:22:48:39 -0400] "GET /an-overview/ HTTP/1.1" 404 1251 "-" "Mozilla/5.0 (compatible; AhrefsBot/7.0; +http://ahrefs.com/robot/)"
51.222.253.19 - - [31/Mar/2025:22:49:45 -0400] "GET /discover-the-best-houses-for-sale-in-napa-ca/ HTTP/1.1" 404 1251 "-" "Mozilla/5.0 (compatible; AhrefsBot/7.0; +http://ahrefs.com/robot/)"
51.222.253.12 - - [31/Mar/2025:22:50:30 -0400] "GET /leading-architects-shaping-maines-architectural-landscape/ HTTP/1.1" 404 1251 "-" "Mozilla/5.0 (compatible; AhrefsBot/7.0; +http://ahrefs.com/robot/)"
51.222.253.11 - - [31/Mar/2025:22:51:13 -0400] "GET /category/activity/page/135/ HTTP/1.1" 404 1251 "-" "Mozilla/5.0 (compatible; AhrefsBot/7.0; +http://ahrefs.com/robot/)"
51.222.253.11 - - [31/Mar/2025:22:51:48 -0400] "GET /unveiling-the-top-heroes-in-watcher-of-realms/ HTTP/1.1" 404 1251 "-" "Mozilla/5.0 (compatible; AhrefsBot/7.0; +http://ahrefs.com/robot/)"
51.222.253.11 - - [31/Mar/2025:22:52:28 -0400] "GET /prime-locations-in-san-rafael/ HTTP/1.1" 404 1251 "-" "Mozilla/5.0 (compatible; AhrefsBot/7.0; +http://ahrefs.com/robot/)"
51.222.253.18 - - [31/Mar/2025:22:53:16 -0400] "GET /page/9/ HTTP/1.1" 404 1251 "-" "Mozilla/5.0 (compatible; AhrefsBot/7.0; +http://ahrefs.com/robot/)"
51.222.253.7 - - [31/Mar/2025:22:53:59 -0400] "GET /discovering-homes-for-sale-in-sonoma-ca/ HTTP/1.1" 404 1251 "-" "Mozilla/5.0 (compatible; AhrefsBot/7.0; +http://ahrefs.com/robot/)"
51.222.253.16 - - [31/Mar/2025:22:54:49 -0400] "GET /a-haven-of-tranquility-and-elegance/ HTTP/1.1" 404 1251 "-" "Mozilla/5.0 (compatible; AhrefsBot/7.0; +http://ahrefs.com/robot/)"
51.222.253.7 - - [31/Mar/2025:22:55:33 -0400] "GET /scopri-il-paradiso-resort-sul-lago-di-garda/ HTTP/1.1" 404 1251 "-" "Mozilla/5.0 (compatible; AhrefsBot/7.0; +http://ahrefs.com/robot/)"
51.222.253.8 - - [31/Mar/2025:22:56:09 -0400] "GET /what-are-the-requirements-for-respirator-fit-testing/ HTTP/1.1" 404 1251 "-" "Mozilla/5.0 (compatible; AhrefsBot/7.0; +http://ahrefs.com/robot/)"
58.221.37.82 - - [31/Mar/2025:22:56:44 -0400] "GET / HTTP/1.1" 403 1242 "https://www.google.com/" "Mozilla/5.0 (Linux; Android 10; K) AppleWebKit/537.36 (KHTML, like Gecko) Chrome/132.0.0.0 Mobile Safari/537.36"
51.222.253.1 - - [31/Mar/2025:22:56:50 -0400] "GET /kunst-und-wissenschaft-des-erfolgreichen-verhandelns/ HTTP/1.1" 404 1251 "-" "Mozilla/5.0 (compatible; AhrefsBot/7.0; +http://ahrefs.com/robot/)"
51.222.253.10 - - [31/Mar/2025:22:57:33 -0400] "GET /category/activity/page/143/ HTTP/1.1" 404 1251 "-" "Mozilla/5.0 (compatible; AhrefsBot/7.0; +http://ahrefs.com/robot/)"
51.222.253.11 - - [31/Mar/2025:22:58:13 -0400] "GET /choosing-a-portable-water-pump/ HTTP/1.1" 404 1251 "-" "Mozilla/5.0 (compatible; AhrefsBot/7.0; +http://ahrefs.com/robot/)"
51.222.253.13 - - [31/Mar/2025:22:59:02 -0400] "GET /future-trends-in-cosmetic-regulation/ HTTP/1.1" 404 1251 "-" "Mozilla/5.0 (compatible; AhrefsBot/7.0; +http://ahrefs.com/robot/)"
51.222.253.9 - - [31/Mar/2025:22:59:43 -0400] "GET /fenbendazole-for-humans-and-animals/ HTTP/1.1" 404 1251 "-" "Mozilla/5.0 (compatible; AhrefsBot/7.0; +http://ahrefs.com/robot/)"
51.222.253.4 - - [31/Mar/2025:23:00:28 -0400] "GET /category/activity/page/144/ HTTP/1.1" 404 1251 "-" "Mozilla/5.0 (compatible; AhrefsBot/7.0; +http://ahrefs.com/robot/)"
52.203.106.124 - - [31/Mar/2025:23:00:56 -0400] "GET / HTTP/1.1" 403 1242 "-" "Mozilla/5.0 (Macintosh; Intel Mac OS X 10_15_7) AppleWebKit/537.36 (KHTML, like Gecko) Chrome/108.0.0.0 Safari/537.36"
51.222.253.6 - - [31/Mar/2025:23:01:12 -0400] "GET /buying-youtube-likes-2/ HTTP/1.1" 404 1251 "-" "Mozilla/5.0 (compatible; AhrefsBot/7.0; +http://ahrefs.com/robot/)"
51.222.253.11 - - [31/Mar/2025:23:01:52 -0400] "GET /sports-bet/ HTTP/1.1" 404 1251 "-" "Mozilla/5.0 (compatible; AhrefsBot/7.0; +http://ahrefs.com/robot/)"
51.222.253.12 - - [31/Mar/2025:23:02:30 -0400] "GET /the-evolution-of-online-casinos/ HTTP/1.1" 404 1251 "-" "Mozilla/5.0 (compatible; AhrefsBot/7.0; +http://ahrefs.com/robot/)"
51.222.253.8 - - [31/Mar/2025:23:03:16 -0400] "GET /page/138/ HTTP/1.1" 404 1251 "-" "Mozilla/5.0 (compatible; AhrefsBot/7.0; +http://ahrefs.com/robot/)"
51.222.253.11 - - [31/Mar/2025:23:03:53 -0400] "GET /moving-out-of-state-quotes/ HTTP/1.1" 404 1251 "-" "Mozilla/5.0 (compatible; AhrefsBot/7.0; +http://ahrefs.com/robot/)"
51.222.253.19 - - [31/Mar/2025:23:04:33 -0400] "GET /page/10/ HTTP/1.1" 404 1251 "-" "Mozilla/5.0 (compatible; AhrefsBot/7.0; +http://ahrefs.com/robot/)"
51.222.253.16 - - [31/Mar/2025:23:05:14 -0400] "GET /category/activity/page/9/ HTTP/1.1" 404 1251 "-" "Mozilla/5.0 (compatible; AhrefsBot/7.0; +http://ahrefs.com/robot/)"
51.222.253.15 - - [31/Mar/2025:23:05:54 -0400] "GET /a-holistic-approach-to-health/ HTTP/1.1" 404 1251 "-" "Mozilla/5.0 (compatible; AhrefsBot/7.0; +http://ahrefs.com/robot/)"
51.222.253.7 - - [31/Mar/2025:23:07:03 -0400] "GET /finding-relief-with-osteopathy/ HTTP/1.1" 404 1251 "-" "Mozilla/5.0 (compatible; AhrefsBot/7.0; +http://ahrefs.com/robot/)"
51.222.253.6 - - [31/Mar/2025:23:07:53 -0400] "GET /lhistorique-imposant-du-pont-mont-blanc/ HTTP/1.1" 404 1251 "-" "Mozilla/5.0 (compatible; AhrefsBot/7.0; +http://ahrefs.com/robot/)"
51.222.253.19 - - [31/Mar/2025:23:08:30 -0400] "GET /category/activity/page/132/ HTTP/1.1" 404 1251 "-" "Mozilla/5.0 (compatible; AhrefsBot/7.0; +http://ahrefs.com/robot/)"
51.222.253.14 - - [31/Mar/2025:23:09:04 -0400] "GET /category/activity/page/134/ HTTP/1.1" 404 1251 "-" "Mozilla/5.0 (compatible; AhrefsBot/7.0; +http://ahrefs.com/robot/)"
51.222.253.12 - - [31/Mar/2025:23:09:43 -0400] "GET /page/139/ HTTP/1.1" 404 1251 "-" "Mozilla/5.0 (compatible; AhrefsBot/7.0; +http://ahrefs.com/robot/)"
51.222.253.14 - - [31/Mar/2025:23:10:24 -0400] "GET /esplorando-il-mondo-delle-carte-magic-the-gathering/ HTTP/1.1" 404 1251 "-" "Mozilla/5.0 (compatible; AhrefsBot/7.0; +http://ahrefs.com/robot/)"
51.222.253.13 - - [31/Mar/2025:23:11:09 -0400] "GET /category/activity/page/142/ HTTP/1.1" 404 1251 "-" "Mozilla/5.0 (compatible; AhrefsBot/7.0; +http://ahrefs.com/robot/)"
51.222.253.13 - - [31/Mar/2025:23:12:06 -0400] "GET /linstallation-du-panneau-de-toit-de-geneve/ HTTP/1.1" 404 1251 "-" "Mozilla/5.0 (compatible; AhrefsBot/7.0; +http://ahrefs.com/robot/)"
51.222.253.8 - - [31/Mar/2025:23:12:45 -0400] "GET /a-gateway-to-infinite-knowledge-and-entertainment/ HTTP/1.1" 404 1251 "-" "Mozilla/5.0 (compatible; AhrefsBot/7.0; +http://ahrefs.com/robot/)"
51.222.253.7 - - [31/Mar/2025:23:13:54 -0400] "GET /page/137/ HTTP/1.1" 404 1251 "-" "Mozilla/5.0 (compatible; AhrefsBot/7.0; +http://ahrefs.com/robot/)"
51.222.253.6 - - [31/Mar/2025:23:14:36 -0400] "GET /revolutionizing-agriculture-the-stake-ator/ HTTP/1.1" 404 1251 "-" "Mozilla/5.0 (compatible; AhrefsBot/7.0; +http://ahrefs.com/robot/)"
101.32.26.19 - - [31/Mar/2025:23:14:54 -0400] "GET /a-vision-of-modern-living/ HTTP/1.1" 404 1251 "-" "Python/3.10 aiohttp/3.10.5"
51.222.253.4 - - [31/Mar/2025:23:15:15 -0400] "GET /portland-marketing-agencies/ HTTP/1.1" 404 1251 "-" "Mozilla/5.0 (compatible; AhrefsBot/7.0; +http://ahrefs.com/robot/)"
51.222.253.17 - - [31/Mar/2025:23:15:48 -0400] "GET /how-to-choose-the-best-digital-marketing-agency-for-your-business/ HTTP/1.1" 404 1251 "-" "Mozilla/5.0 (compatible; AhrefsBot/7.0; +http://ahrefs.com/robot/)"
51.222.253.17 - - [31/Mar/2025:23:16:25 -0400] "GET /category/activity/page/141/ HTTP/1.1" 404 1251 "-" "Mozilla/5.0 (compatible; AhrefsBot/7.0; +http://ahrefs.com/robot/)"
51.222.253.4 - - [31/Mar/2025:23:16:55 -0400] "GET /category/activity/page/136/ HTTP/1.1" 404 1251 "-" "Mozilla/5.0 (compatible; AhrefsBot/7.0; +http://ahrefs.com/robot/)"
51.222.253.1 - - [31/Mar/2025:23:17:35 -0400] "GET /category/activity/page/10/ HTTP/1.1" 404 1251 "-" "Mozilla/5.0 (compatible; AhrefsBot/7.0; +http://ahrefs.com/robot/)"
51.222.253.18 - - [31/Mar/2025:23:18:05 -0400] "GET /led-cylinder-light-stylish-simple-and-versatile/ HTTP/1.1" 404 1251 "-" "Mozilla/5.0 (compatible; AhrefsBot/7.0; +http://ahrefs.com/robot/)"
51.222.253.13 - - [31/Mar/2025:23:18:41 -0400] "GET /page/11/ HTTP/1.1" 404 1251 "-" "Mozilla/5.0 (compatible; AhrefsBot/7.0; +http://ahrefs.com/robot/)"
195.178.110.130 - - [31/Mar/2025:23:18:59 -0400] "GET /.env HTTP/1.1" 404 1251 "-" "Mozilla/5.0"
51.222.253.1 - - [31/Mar/2025:23:19:11 -0400] "GET /category/activity/page/122/ HTTP/1.1" 404 1251 "-" "Mozilla/5.0 (compatible; AhrefsBot/7.0; +http://ahrefs.com/robot/)"
2a02:598:96:8a00::1200:13b - - [31/Mar/2025:23:19:37 -0400] "GET /the-key-to-success/ HTTP/1.1" 404 1251 "-" "Mozilla/5.0 (compatible; SeznamBot/4.0; +https://o-seznam.cz/napoveda/vyhledavani/en/seznambot-crawler/)"
51.222.253.13 - - [31/Mar/2025:23:19:46 -0400] "GET /where-to-buy-real-tiktok-likes-and-views/ HTTP/1.1" 404 1251 "-" "Mozilla/5.0 (compatible; AhrefsBot/7.0; +http://ahrefs.com/robot/)"
51.222.253.16 - - [31/Mar/2025:23:20:18 -0400] "GET /the-versatility-of-liquid-silicone/ HTTP/1.1" 404 1251 "-" "Mozilla/5.0 (compatible; AhrefsBot/7.0; +http://ahrefs.com/robot/)"
51.222.253.9 - - [31/Mar/2025:23:20:49 -0400] "GET /fenben-lab-fenbendazole-enhances-the-effectiveness-of-other-cancer-treatments/ HTTP/1.1" 404 1251 "-" "Mozilla/5.0 (compatible; AhrefsBot/7.0; +http://ahrefs.com/robot/)"
51.222.253.6 - - [31/Mar/2025:23:21:28 -0400] "GET /we1win-promotion/ HTTP/1.1" 404 1251 "-" "Mozilla/5.0 (compatible; AhrefsBot/7.0; +http://ahrefs.com/robot/)"
51.222.253.20 - - [31/Mar/2025:23:22:00 -0400] "GET /lago-di-garda-relais/ HTTP/1.1" 404 1251 "-" "Mozilla/5.0 (compatible; AhrefsBot/7.0; +http://ahrefs.com/robot/)"
51.222.253.6 - - [31/Mar/2025:23:22:39 -0400] "GET /la-publicite-par-drapeaux-une-strategie-visuelle-efficace/ HTTP/1.1" 404 1251 "-" "Mozilla/5.0 (compatible; AhrefsBot/7.0; +http://ahrefs.com/robot/)"
51.222.253.4 - - [31/Mar/2025:23:23:18 -0400] "GET /category/activity/page/118/ HTTP/1.1" 404 1251 "-" "Mozilla/5.0 (compatible; AhrefsBot/7.0; +http://ahrefs.com/robot/)"
51.222.253.6 - - [31/Mar/2025:23:23:51 -0400] "GET /le-guide-ultime-pour-telecharger-1xbet-sur-iphone/ HTTP/1.1" 404 1251 "-" "Mozilla/5.0 (compatible; AhrefsBot/7.0; +http://ahrefs.com/robot/)"
119.28.53.173 - - [31/Mar/2025:23:24:22 -0400] "GET /how-to-send-large-files-with-ease/ HTTP/1.1" 404 1251 "-" "Python/3.10 aiohttp/3.10.5"
51.222.253.15 - - [31/Mar/2025:23:24:30 -0400] "GET /the-green-bath-rugs-guide-choosing-eco-friendly-bath-rugs/ HTTP/1.1" 404 1251 "-" "Mozilla/5.0 (compatible; AhrefsBot/7.0; +http://ahrefs.com/robot/)"
51.222.253.1 - - [31/Mar/2025:23:24:58 -0400] "GET /best-digital-marketing-institute-in-delhi-pg-certification/ HTTP/1.1" 404 1251 "-" "Mozilla/5.0 (compatible; AhrefsBot/7.0; +http://ahrefs.com/robot/)"
51.222.253.4 - - [31/Mar/2025:23:25:39 -0400] "GET /category/activity/page/121/ HTTP/1.1" 404 1251 "-" "Mozilla/5.0 (compatible; AhrefsBot/7.0; +http://ahrefs.com/robot/)"
51.222.253.9 - - [31/Mar/2025:23:26:11 -0400] "GET /category/activity/page/140/ HTTP/1.1" 404 1251 "-" "Mozilla/5.0 (compatible; AhrefsBot/7.0; +http://ahrefs.com/robot/)"
18.97.9.98 - - [31/Mar/2025:23:26:14 -0400] "GET / HTTP/1.1" 403 1242 "-" "Mozilla/5.0 AppleWebKit/537.36 (KHTML, like Gecko; compatible; PerplexityBot/1.0; +https://perplexity.ai/perplexitybot)"
51.222.253.4 - - [31/Mar/2025:23:26:47 -0400] "GET /category/activity/page/137/ HTTP/1.1" 404 1251 "-" "Mozilla/5.0 (compatible; AhrefsBot/7.0; +http://ahrefs.com/robot/)"
45.66.178.240 - - [31/Mar/2025:23:27:06 -0400] "HEAD / HTTP/1.1" 403 0 "-" "Mozilla/5.0 (X11; Linux x86_64) AppleWebKit/537.36 (KHTML, like Gecko) Chrome/115.0.0.0 Safari/537.36"
51.222.253.3 - - [31/Mar/2025:23:27:22 -0400] "GET /category/activity/page/117/ HTTP/1.1" 404 1251 "-" "Mozilla/5.0 (compatible; AhrefsBot/7.0; +http://ahrefs.com/robot/)"
51.222.253.1 - - [31/Mar/2025:23:28:05 -0400] "GET /page/151/ HTTP/1.1" 404 1251 "-" "Mozilla/5.0 (compatible; AhrefsBot/7.0; +http://ahrefs.com/robot/)"
51.222.253.10 - - [31/Mar/2025:23:28:51 -0400] "GET /category/activity/page/116/ HTTP/1.1" 404 1251 "-" "Mozilla/5.0 (compatible; AhrefsBot/7.0; +http://ahrefs.com/robot/)"
51.222.253.18 - - [31/Mar/2025:23:29:36 -0400] "GET /page/136/ HTTP/1.1" 404 1251 "-" "Mozilla/5.0 (compatible; AhrefsBot/7.0; +http://ahrefs.com/robot/)"
51.222.253.16 - - [31/Mar/2025:23:30:24 -0400] "GET /page/12/ HTTP/1.1" 404 1251 "-" "Mozilla/5.0 (compatible; AhrefsBot/7.0; +http://ahrefs.com/robot/)"
51.222.253.11 - - [31/Mar/2025:23:31:07 -0400] "GET /category/activity/page/11/ HTTP/1.1" 404 1251 "-" "Mozilla/5.0 (compatible; AhrefsBot/7.0; +http://ahrefs.com/robot/)"
119.28.52.118 - - [31/Mar/2025:23:31:35 -0400] "GET /the-essential-guide-to-choosing-the-right-breast-pump/ HTTP/1.1" 404 1251 "-" "Python/3.10 aiohttp/3.10.5"
51.222.253.19 - - [31/Mar/2025:23:31:55 -0400] "GET /a-modern-computing-revolution/ HTTP/1.1" 404 1251 "-" "Mozilla/5.0 (compatible; AhrefsBot/7.0; +http://ahrefs.com/robot/)"
51.222.253.5 - - [31/Mar/2025:23:32:43 -0400] "GET /category/activity/page/139/ HTTP/1.1" 404 1251 "-" "Mozilla/5.0 (compatible; AhrefsBot/7.0; +http://ahrefs.com/robot/)"
149.22.90.237 - - [31/Mar/2025:23:33:15 -0400] "GET /wp-login.php HTTP/1.1" 200 1725 "-" "Mozilla/5.0 (Windows NT 10.0; Win64; x64; rv:80.0) Gecko/20100101 Firefox/80.0"
51.222.253.7 - - [31/Mar/2025:23:33:32 -0400] "GET /category/activity/page/138/ HTTP/1.1" 404 1251 "-" "Mozilla/5.0 (compatible; AhrefsBot/7.0; +http://ahrefs.com/robot/)"
51.222.253.19 - - [31/Mar/2025:23:34:26 -0400] "GET /page/13/ HTTP/1.1" 404 1251 "-" "Mozilla/5.0 (compatible; AhrefsBot/7.0; +http://ahrefs.com/robot/)"
198.54.114.83 - - [31/Mar/2025:23:34:52 -0400] "POST /wp-cron.php?doing_wp_cron=1743478491.8153259754180908203125 HTTP/1.1" 200 0 "-" "WordPress/6.7.1; https://freelancingclients.com"
149.22.90.237 - - [31/Mar/2025:23:33:15 -0400] "POST /wp-login.php HTTP/1.1" 200 1841 "-" "Mozilla/5.0 (Windows NT 10.0; Win64; x64; rv:80.0) Gecko/20100101 Firefox/80.0"
198.54.114.83 - - [31/Mar/2025:23:34:59 -0400] "POST /wp-admin/admin-ajax.php?action=async_litespeed&nonce=GPpLO6bbd0iVZzCRTtaSEs5C5DEOXRfX&litespeed_type=imgoptm HTTP/1.1" 200 0 "-" "WordPress/6.7.1; https://freelancingclients.com"
51.222.253.18 - - [31/Mar/2025:23:35:14 -0400] "GET /category/activity/page/12/ HTTP/1.1" 404 1251 "-" "Mozilla/5.0 (compatible; AhrefsBot/7.0; +http://ahrefs.com/robot/)"
51.222.253.15 - - [31/Mar/2025:23:36:02 -0400] "GET /page/135/ HTTP/1.1" 404 1251 "-" "Mozilla/5.0 (compatible; AhrefsBot/7.0; +http://ahrefs.com/robot/)"
51.222.253.1 - - [31/Mar/2025:23:36:48 -0400] "GET /category/activity/page/120/ HTTP/1.1" 404 1251 "-" "Mozilla/5.0 (compatible; AhrefsBot/7.0; +http://ahrefs.com/robot/)"
51.222.253.11 - - [31/Mar/2025:23:37:35 -0400] "GET /tummy-surgery/ HTTP/1.1" 404 1251 "-" "Mozilla/5.0 (compatible; AhrefsBot/7.0; +http://ahrefs.com/robot/)"
51.222.253.3 - - [31/Mar/2025:23:38:20 -0400] "GET /compression-grip-socks-2/ HTTP/1.1" 404 1251 "-" "Mozilla/5.0 (compatible; AhrefsBot/7.0; +http://ahrefs.com/robot/)"
17.241.219.168 - - [31/Mar/2025:23:38:58 -0400] "GET /robots.txt HTTP/1.1" 404 1251 "-" "Mozilla/5.0 (Macintosh; Intel Mac OS X 10_15_7) AppleWebKit/605.1.15 (KHTML, like Gecko) Version/17.4 Safari/605.1.15 (Applebot/0.1; +http://www.apple.com/go/applebot)"
17.241.219.168 - - [31/Mar/2025:23:38:59 -0400] "GET /knee-high-grip-socks/ HTTP/1.1" 404 1251 "-" "Mozilla/5.0 (Macintosh; Intel Mac OS X 10_15_7) AppleWebKit/605.1.15 (KHTML, like Gecko) Version/17.4 Safari/605.1.15 (Applebot/0.1; +http://www.apple.com/go/applebot)"
51.222.253.6 - - [31/Mar/2025:23:39:10 -0400] "GET /category/activity/page/18/ HTTP/1.1" 404 1251 "-" "Mozilla/5.0 (compatible; AhrefsBot/7.0; +http://ahrefs.com/robot/)"
51.222.253.15 - - [31/Mar/2025:23:39:52 -0400] "GET /category/activity/page/17/ HTTP/1.1" 404 1251 "-" "Mozilla/5.0 (compatible; AhrefsBot/7.0; +http://ahrefs.com/robot/)"
51.222.253.14 - - [31/Mar/2025:23:40:53 -0400] "GET /page/134/ HTTP/1.1" 404 1251 "-" "Mozilla/5.0 (compatible; AhrefsBot/7.0; +http://ahrefs.com/robot/)"
51.222.253.2 - - [31/Mar/2025:23:41:41 -0400] "GET /category/activity/page/119/ HTTP/1.1" 404 1251 "-" "Mozilla/5.0 (compatible; AhrefsBot/7.0; +http://ahrefs.com/robot/)"
194.50.16.252 - - [31/Mar/2025:23:42:23 -0400] "GET /gT70Od HTTP/1.1" 404 1251 "-" "Mozilla/5.0 (Windows NT 6.3; Win64; x64) AppleWebKit/537.36 (KHTML, like Gecko) Chrome/49.0.2623.87 Safari/537.36"
194.50.16.252 - - [31/Mar/2025:23:42:28 -0400] "GET /heapdump HTTP/1.1" 404 1251 "-" "Mozilla/5.0 (Macintosh; Intel Mac OS X 10.15; rv:102.0) Gecko/20100101 Firefox/102.0"
51.222.253.2 - - [31/Mar/2025:23:42:29 -0400] "GET /page/18/ HTTP/1.1" 404 1251 "-" "Mozilla/5.0 (compatible; AhrefsBot/7.0; +http://ahrefs.com/robot/)"
194.50.16.252 - - [31/Mar/2025:23:42:34 -0400] "GET /actuator/heapdump HTTP/1.1" 404 1251 "-" "Mozilla/5.0 (Kubuntu; Linux x86_64; rv:123.0) Gecko/20100101 Firefox/123.0"
51.222.253.7 - - [31/Mar/2025:23:43:17 -0400] "GET /category/activity/page/16/ HTTP/1.1" 404 1251 "-" "Mozilla/5.0 (compatible; AhrefsBot/7.0; +http://ahrefs.com/robot/)"
51.222.253.5 - - [31/Mar/2025:23:44:01 -0400] "GET /page/14/ HTTP/1.1" 404 1251 "-" "Mozilla/5.0 (compatible; AhrefsBot/7.0; +http://ahrefs.com/robot/)"
51.222.253.15 - - [31/Mar/2025:23:45:16 -0400] "GET /buy-youtubes-views/ HTTP/1.1" 404 1251 "-" "Mozilla/5.0 (compatible; AhrefsBot/7.0; +http://ahrefs.com/robot/)"
51.222.253.13 - - [31/Mar/2025:23:46:28 -0400] "GET /smile-central-elever-lexcellence-des-soins-dentaires/ HTTP/1.1" 404 1251 "-" "Mozilla/5.0 (compatible; AhrefsBot/7.0; +http://ahrefs.com/robot/)"
51.222.253.8 - - [31/Mar/2025:23:48:07 -0400] "GET /gold-jewellery-cleaner/ HTTP/1.1" 404 1251 "-" "Mozilla/5.0 (compatible; AhrefsBot/7.0; +http://ahrefs.com/robot/)"
17.241.75.11 - - [31/Mar/2025:23:48:11 -0400] "GET /the-significance-of-youtube-views/ HTTP/1.1" 404 1251 "-" "Mozilla/5.0 (Macintosh; Intel Mac OS X 10_15_7) AppleWebKit/605.1.15 (KHTML, like Gecko) Version/17.4 Safari/605.1.15 (Applebot/0.1; +http://www.apple.com/go/applebot)"
220.117.27.241 - - [31/Mar/2025:23:48:36 -0400] "GET /a-journey-through-a-colorful-world/ HTTP/1.1" 404 1251 "https://freelancingclients.com/a-journey-through-a-colorful-world/#comment-7223" "Mozilla/5.0 (Windows NT 6.1; Win64; x64) AppleWebKit/537.36 (KHTML, like Gecko) Chrome/103.0.0.0 Safari/537.36"
220.117.27.241 - - [31/Mar/2025:23:48:37 -0400] "GET /reach-truck-rental/ HTTP/1.1" 404 1251 "https://freelancingclients.com/reach-truck-rental/#comment-7670" "Mozilla/5.0 (Windows NT 10.0; Win64; x64) AppleWebKit/537.36 (KHTML, like Gecko) Chrome/103.0.5060.134 Safari/537.36"
220.117.27.241 - - [31/Mar/2025:23:48:38 -0400] "GET / HTTP/1.1" 403 1242 "https://freelancingclients.com/" "Mozilla/5.0 (Windows NT 6.1; Win64; x64) AppleWebKit/537.36 (KHTML, like Gecko) Chrome/103.0.0.0 Safari/537.36"
220.117.27.241 - - [31/Mar/2025:23:48:38 -0400] "GET /steroids-thailand-the-dark-side-of-the-countrys-booming-trade/ HTTP/1.1" 404 1251 "https://freelancingclients.com/steroids-thailand-the-dark-side-of-the-countrys-booming-trade/#comment-7243" "Mozilla/5.0 (Windows NT 6.3; WOW64) AppleWebKit/537.36 (KHTML, like Gecko) Chrome/103.0.5060.114 Safari/537.36"
220.117.27.241 - - [31/Mar/2025:23:48:38 -0400] "GET /steroids-thailand-the-dark-side-of-the-countrys-booming-trade/ HTTP/1.1" 404 1251 "https://freelancingclients.com/steroids-thailand-the-dark-side-of-the-countrys-booming-trade/#comment-7669" "Mozilla/5.0 (Windows NT 10.0; WOW64) AppleWebKit/537.36 (KHTML, like Gecko) Chrome/103.0.0.0 Safari/537.36"
220.117.27.241 - - [31/Mar/2025:23:48:38 -0400] "GET / HTTP/1.1" 403 1242 "https://freelancingclients.com/" "Mozilla/5.0 (Windows NT 10.0; Win64; x64) AppleWebKit/537.36 (KHTML, like Gecko) Chrome/103.0.5060.134 Safari/537.36"
220.117.27.241 - - [31/Mar/2025:23:48:39 -0400] "GET / HTTP/1.1" 403 1242 "https://freelancingclients.com/" "Mozilla/5.0 (Windows NT 6.3; WOW64) AppleWebKit/537.36 (KHTML, like Gecko) Chrome/103.0.5060.114 Safari/537.36"
220.117.27.241 - - [31/Mar/2025:23:48:39 -0400] "GET / HTTP/1.1" 403 1242 "https://freelancingclients.com/" "Mozilla/5.0 (Windows NT 10.0; WOW64) AppleWebKit/537.36 (KHTML, like Gecko) Chrome/103.0.0.0 Safari/537.36"
220.117.27.241 - - [31/Mar/2025:23:48:39 -0400] "GET / HTTP/1.1" 403 1242 "https://freelancingclients.com/" "Mozilla/5.0 (Windows NT 10.0; Win64; x64) AppleWebKit/537.36 (KHTML, like Gecko) Chrome/103.0.5060.134 Safari/537.36"
220.117.27.241 - - [31/Mar/2025:23:48:41 -0400] "GET / HTTP/1.1" 403 1242 "https://freelancingclients.com/" "Mozilla/5.0 (Windows NT 6.3; WOW64) AppleWebKit/537.36 (KHTML, like Gecko) Chrome/103.0.5060.114 Safari/537.36"
220.117.27.241 - - [31/Mar/2025:23:48:41 -0400] "GET / HTTP/1.1" 403 1242 "https://freelancingclients.com/" "Mozilla/5.0 (Windows NT 6.1; Win64; x64) AppleWebKit/537.36 (KHTML, like Gecko) Chrome/103.0.0.0 Safari/537.36"
220.117.27.241 - - [31/Mar/2025:23:48:41 -0400] "GET / HTTP/1.1" 403 1242 "https://freelancingclients.com/" "Mozilla/5.0 (Windows NT 10.0; WOW64) AppleWebKit/537.36 (KHTML, like Gecko) Chrome/103.0.0.0 Safari/537.36"
51.222.253.1 - - [31/Mar/2025:23:49:30 -0400] "GET /quest-ce-quune-clinique-dentaire/ HTTP/1.1" 404 1251 "-" "Mozilla/5.0 (compatible; AhrefsBot/7.0; +http://ahrefs.com/robot/)"
51.222.253.20 - - [31/Mar/2025:23:51:00 -0400] "GET /wings-and-whispers-the-enigmatic-crow-tour/ HTTP/1.1" 404 1251 "-" "Mozilla/5.0 (compatible; AhrefsBot/7.0; +http://ahrefs.com/robot/)"
51.222.253.3 - - [31/Mar/2025:23:52:13 -0400] "GET /category/activity/page/127/ HTTP/1.1" 404 1251 "-" "Mozilla/5.0 (compatible; AhrefsBot/7.0; +http://ahrefs.com/robot/)"
51.222.253.19 - - [31/Mar/2025:23:53:19 -0400] "GET /explorer-des-paysages-enchanteurs-un-itineraire-de-voyage-de-reve/ HTTP/1.1" 404 1251 "-" "Mozilla/5.0 (compatible; AhrefsBot/7.0; +http://ahrefs.com/robot/)"
51.222.253.4 - - [31/Mar/2025:23:54:29 -0400] "GET /category/activity/page/13/ HTTP/1.1" 404 1251 "-" "Mozilla/5.0 (compatible; AhrefsBot/7.0; +http://ahrefs.com/robot/)"
51.8.102.134 - - [31/Mar/2025:23:55:41 -0400] "GET /robots.txt HTTP/1.1" 404 1251 "-" "Mozilla/5.0 (Macintosh; Intel Mac OS X 10_15_7) AppleWebKit/537.36 (KHTML, like Gecko) Chrome/131.0.0.0 Safari/537.36; compatible; OAI-SearchBot/1.0; +https://openai.com/searchbot"
51.222.253.15 - - [31/Mar/2025:23:55:42 -0400] "GET /category/activity/page/14/ HTTP/1.1" 404 1251 "-" "Mozilla/5.0 (compatible; AhrefsBot/7.0; +http://ahrefs.com/robot/)"
51.222.253.11 - - [31/Mar/2025:23:56:58 -0400] "GET /page/128/ HTTP/1.1" 404 1251 "-" "Mozilla/5.0 (compatible; AhrefsBot/7.0; +http://ahrefs.com/robot/)"
51.222.253.19 - - [31/Mar/2025:23:58:19 -0400] "GET /cbd-shop/ HTTP/1.1" 404 1251 "-" "Mozilla/5.0 (compatible; AhrefsBot/7.0; +http://ahrefs.com/robot/)"
51.222.253.19 - - [31/Mar/2025:23:59:30 -0400] "GET /page/127/ HTTP/1.1" 404 1251 "-" "Mozilla/5.0 (compatible; AhrefsBot/7.0; +http://ahrefs.com/robot/)"
110.249.202.109 - - [31/Mar/2025:23:59:46 -0400] "GET /page/66/ HTTP/1.1" 404 1251 "-" "Mozilla/5.0 (Linux; Android 5.0) AppleWebKit/537.36 (KHTML, like Gecko) Mobile Safari/537.36 (compatible; Bytespider; https://zhanzhang.toutiao.com/)"
51.222.253.13 - - [01/Apr/2025:00:00:39 -0400] "GET /page/19/ HTTP/1.1" 404 1251 "-" "Mozilla/5.0 (compatible; AhrefsBot/7.0; +http://ahrefs.com/robot/)"
110.249.201.59 - - [01/Apr/2025:00:00:53 -0400] "GET /page/54/ HTTP/1.1" 404 1251 "-" "Mozilla/5.0 (Linux; Android 5.0) AppleWebKit/537.36 (KHTML, like Gecko) Mobile Safari/537.36 (compatible; Bytespider; https://zhanzhang.toutiao.com/)"
51.222.253.11 - - [01/Apr/2025:00:01:47 -0400] "GET /page/15/ HTTP/1.1" 404 1251 "-" "Mozilla/5.0 (compatible; AhrefsBot/7.0; +http://ahrefs.com/robot/)"
51.222.253.6 - - [01/Apr/2025:00:02:58 -0400] "GET /page/133/ HTTP/1.1" 404 1251 "-" "Mozilla/5.0 (compatible; AhrefsBot/7.0; +http://ahrefs.com/robot/)"
51.222.253.17 - - [01/Apr/2025:00:04:06 -0400] "GET /how-to-find-a-physical-therapist-near-me/ HTTP/1.1" 404 1251 "-" "Mozilla/5.0 (compatible; AhrefsBot/7.0; +http://ahrefs.com/robot/)"
178.217.99.17 - - [01/Apr/2025:00:05:21 -0400] "GET /osteopathy/ HTTP/1.1" 404 1251 "-" "Mozilla/5.0 (X11; Linux i686) AppleWebKit/537.36 (KHTML, like Gecko) Chrome/114.0.0.0 Safari/537.36 Vivaldi/5.3.2679.68"
178.217.99.17 - - [01/Apr/2025:00:05:23 -0400] "GET / HTTP/1.1" 403 1242 "-" "Mozilla/5.0 (X11; Linux i686) AppleWebKit/537.36 (KHTML, like Gecko) Chrome/114.0.0.0 Safari/537.36 Vivaldi/5.3.2679.68"
51.222.253.20 - - [01/Apr/2025:00:05:27 -0400] "GET /slot-deposit-2-get-50/ HTTP/1.1" 404 1251 "-" "Mozilla/5.0 (compatible; AhrefsBot/7.0; +http://ahrefs.com/robot/)"
51.222.253.18 - - [01/Apr/2025:00:06:43 -0400] "GET /page/16/ HTTP/1.1" 404 1251 "-" "Mozilla/5.0 (compatible; AhrefsBot/7.0; +http://ahrefs.com/robot/)"
51.222.253.16 - - [01/Apr/2025:00:07:58 -0400] "GET /norcold-rv-refrigerators/ HTTP/1.1" 404 1251 "-" "Mozilla/5.0 (compatible; AhrefsBot/7.0; +http://ahrefs.com/robot/)"
170.199.224.250 - - [01/Apr/2025:00:08:07 -0400] "GET /what-is-training-guidance HTTP/1.1" 404 1251 "-" "Mozilla/5.0 (Macintosh; Intel Mac OS X 12_5) AppleWebKit/537.36 (KHTML, like Gecko) Chrome/114.0.0.0 YaBrowser/22.7.0 Yowser/2.5 Safari/537.36"
170.199.224.250 - - [01/Apr/2025:00:08:08 -0400] "GET / HTTP/1.1" 403 1242 "-" "Mozilla/5.0 (Macintosh; Intel Mac OS X 12_5) AppleWebKit/537.36 (KHTML, like Gecko) Chrome/114.0.0.0 YaBrowser/22.7.0 Yowser/2.5 Safari/537.36"
158.62.217.31 - - [01/Apr/2025:00:08:10 -0400] "GET / HTTP/1.1" 403 1242 "-" "Mozilla/5.0 (Macintosh; Intel Mac OS X 12_5) AppleWebKit/537.36 (KHTML, like Gecko) Chrome/114.0.0.0 YaBrowser/22.7.0 Yowser/2.5 Safari/537.36"
158.62.208.4 - - [01/Apr/2025:00:08:11 -0400] "GET / HTTP/1.1" 403 1242 "-" "Mozilla/5.0 (Macintosh; Intel Mac OS X 12_5) AppleWebKit/537.36 (KHTML, like Gecko) Chrome/114.0.0.0 YaBrowser/22.7.0 Yowser/2.5 Safari/537.36"
69.58.88.209 - - [01/Apr/2025:00:08:13 -0400] "GET / HTTP/1.1" 403 1242 "-" "Mozilla/5.0 (Macintosh; Intel Mac OS X 12_5) AppleWebKit/537.36 (KHTML, like Gecko) Chrome/114.0.0.0 YaBrowser/22.7.0 Yowser/2.5 Safari/537.36"
51.222.253.13 - - [01/Apr/2025:00:09:10 -0400] "GET /category/activity/page/15/ HTTP/1.1" 404 1251 "-" "Mozilla/5.0 (compatible; AhrefsBot/7.0; +http://ahrefs.com/robot/)"
51.222.253.5 - - [01/Apr/2025:00:10:24 -0400] "GET /page/20/ HTTP/1.1" 404 1251 "-" "Mozilla/5.0 (compatible; AhrefsBot/7.0; +http://ahrefs.com/robot/)"
51.222.253.6 - - [01/Apr/2025:00:11:47 -0400] "GET /paypal-a-pal-for-money-safety/ HTTP/1.1" 404 1251 "-" "Mozilla/5.0 (compatible; AhrefsBot/7.0; +http://ahrefs.com/robot/)"
2a03:2880:f800:d:: - - [01/Apr/2025:00:12:31 -0400] "GET /unveiling-the-phenomenon-major-totos-rise-to-prominence/ HTTP/1.1" 404 1251 "-" "meta-externalagent/1.1 (+https://developers.facebook.com/docs/sharing/webmasters/crawler)"
51.222.253.15 - - [01/Apr/2025:00:13:03 -0400] "GET /send-flowers-to-home/ HTTP/1.1" 404 1251 "-" "Mozilla/5.0 (compatible; AhrefsBot/7.0; +http://ahrefs.com/robot/)"
139.59.18.154 - - [01/Apr/2025:00:13:07 -0400] "GET /wp-content/plugins/WordPressCore/include.php HTTP/1.1" 404 1251 "-" "ShellBot 2.0"
139.59.18.154 - - [01/Apr/2025:00:13:08 -0400] "GET /wp-content/plugins/WordPressCore-1/include.php/wp-content/themes/include.php HTTP/1.1" 404 1251 "-" "ShellBot 2.0"
139.59.18.154 - - [01/Apr/2025:00:13:09 -0400] "GET /wp-content/plugins/include.php HTTP/1.1" 404 1251 "-" "ShellBot 2.0"
139.59.18.154 - - [01/Apr/2025:00:13:10 -0400] "GET /wp-content/plugins/core-plugin/include.php HTTP/1.1" 404 1251 "-" "ShellBot 2.0"
139.59.18.154 - - [01/Apr/2025:00:13:11 -0400] "GET /wp-includes/images/include.php HTTP/1.1" 404 1251 "-" "ShellBot 2.0"
139.59.18.154 - - [01/Apr/2025:00:13:12 -0400] "GET /wp-includes/widgets/include.php HTTP/1.1" 404 1251 "-" "ShellBot 2.0"
51.222.253.6 - - [01/Apr/2025:00:14:19 -0400] "GET /page/129/ HTTP/1.1" 404 1251 "-" "Mozilla/5.0 (compatible; AhrefsBot/7.0; +http://ahrefs.com/robot/)"
51.222.253.20 - - [01/Apr/2025:00:15:26 -0400] "GET /scheidungsanwalt/ HTTP/1.1" 404 1251 "-" "Mozilla/5.0 (compatible; AhrefsBot/7.0; +http://ahrefs.com/robot/)"
51.222.253.20 - - [01/Apr/2025:00:16:44 -0400] "GET /nearest-hotels-to-disneyland-paris/ HTTP/1.1" 404 1251 "-" "Mozilla/5.0 (compatible; AhrefsBot/7.0; +http://ahrefs.com/robot/)"
51.222.253.1 - - [01/Apr/2025:00:17:49 -0400] "GET /jili/ HTTP/1.1" 404 1251 "-" "Mozilla/5.0 (compatible; AhrefsBot/7.0; +http://ahrefs.com/robot/)"
51.222.253.20 - - [01/Apr/2025:00:19:00 -0400] "GET /page/132/ HTTP/1.1" 404 1251 "-" "Mozilla/5.0 (compatible; AhrefsBot/7.0; +http://ahrefs.com/robot/)"
185.191.171.9 - - [01/Apr/2025:00:19:26 -0400] "GET /robots.txt HTTP/1.1" 404 1251 "-" "Mozilla/5.0 (compatible; SemrushBot/7~bl; +http://www.semrush.com/bot.html)"
185.191.171.17 - - [01/Apr/2025:00:19:26 -0400] "GET /category/activity/page/150/ HTTP/1.1" 404 1251 "-" "Mozilla/5.0 (compatible; SemrushBot/7~bl; +http://www.semrush.com/bot.html)"
51.222.253.16 - - [01/Apr/2025:00:20:05 -0400] "GET /page/130/ HTTP/1.1" 404 1251 "-" "Mozilla/5.0 (compatible; AhrefsBot/7.0; +http://ahrefs.com/robot/)"
51.222.253.18 - - [01/Apr/2025:00:21:13 -0400] "GET /page/131/ HTTP/1.1" 404 1251 "-" "Mozilla/5.0 (compatible; AhrefsBot/7.0; +http://ahrefs.com/robot/)"
51.222.253.7 - - [01/Apr/2025:00:22:22 -0400] "GET /the-ultimate-guide-to-the-anyone-protocol-staking-dashboard/ HTTP/1.1" 404 1251 "-" "Mozilla/5.0 (compatible; AhrefsBot/7.0; +http://ahrefs.com/robot/)"
51.222.253.17 - - [01/Apr/2025:00:23:34 -0400] "GET /page/17/ HTTP/1.1" 404 1251 "-" "Mozilla/5.0 (compatible; AhrefsBot/7.0; +http://ahrefs.com/robot/)"
51.222.253.15 - - [01/Apr/2025:00:24:40 -0400] "GET /how-investing-in-spray-insulation-can-save-you-money/ HTTP/1.1" 404 1251 "-" "Mozilla/5.0 (compatible; AhrefsBot/7.0; +http://ahrefs.com/robot/)"
51.222.253.2 - - [01/Apr/2025:00:26:00 -0400] "GET /finding-a-physical-therapist-near-me/ HTTP/1.1" 404 1251 "-" "Mozilla/5.0 (compatible; AhrefsBot/7.0; +http://ahrefs.com/robot/)"
51.222.253.14 - - [01/Apr/2025:00:27:08 -0400] "GET /how-to-make-someone-obsessed-with-you-spell/ HTTP/1.1" 404 1251 "-" "Mozilla/5.0 (compatible; AhrefsBot/7.0; +http://ahrefs.com/robot/)"
51.222.253.9 - - [01/Apr/2025:00:28:09 -0400] "GET /bankruptcy-attorney-what-you-can-expect-when-you-file/ HTTP/1.1" 404 1251 "-" "Mozilla/5.0 (compatible; AhrefsBot/7.0; +http://ahrefs.com/robot/)"
51.222.253.19 - - [01/Apr/2025:00:29:11 -0400] "GET /organic-black-seed-oil/ HTTP/1.1" 404 1251 "-" "Mozilla/5.0 (compatible; AhrefsBot/7.0; +http://ahrefs.com/robot/)"
85.208.98.19 - - [01/Apr/2025:00:30:21 -0400] "GET /youtube-views/ HTTP/1.1" 404 1251 "-" "Mozilla/5.0 (compatible; SemrushBot-BA; +http://www.semrush.com/bot.html)"
51.222.253.18 - - [01/Apr/2025:00:30:22 -0400] "GET /a-stepbystep-guide-to-taxbuddys-section-80dd-calculator/ HTTP/1.1" 404 1251 "-" "Mozilla/5.0 (compatible; AhrefsBot/7.0; +http://ahrefs.com/robot/)"
85.208.98.19 - - [01/Apr/2025:00:30:35 -0400] "GET /how-to-buy-youtube-subscribers/ HTTP/1.1" 404 1251 "-" "Mozilla/5.0 (compatible; SemrushBot-BA; +http://www.semrush.com/bot.html)"
85.208.98.29 - - [01/Apr/2025:00:30:43 -0400] "GET /buy-youtube-views/ HTTP/1.1" 404 1251 "-" "Mozilla/5.0 (compatible; SemrushBot-BA; +http://www.semrush.com/bot.html)"
51.222.253.15 - - [01/Apr/2025:00:31:30 -0400] "GET /ein-uberblick-uber-die-hauptcharaktere/ HTTP/1.1" 404 1251 "-" "Mozilla/5.0 (compatible; AhrefsBot/7.0; +http://ahrefs.com/robot/)"
51.222.253.5 - - [01/Apr/2025:00:32:39 -0400] "GET /limpact-des-autocollants-publicitaires-en-exterieur/ HTTP/1.1" 404 1251 "-" "Mozilla/5.0 (compatible; AhrefsBot/7.0; +http://ahrefs.com/robot/)"
51.222.253.9 - - [01/Apr/2025:00:33:53 -0400] "GET /choosing-the-best-kitchen-cabinet-manufacturers-what-you-need-to-know/ HTTP/1.1" 404 1251 "-" "Mozilla/5.0 (compatible; AhrefsBot/7.0; +http://ahrefs.com/robot/)"
51.222.253.16 - - [01/Apr/2025:00:35:06 -0400] "GET /what-are-sarms-and-why-they-are-gaining-popularity-in-canada/feed/ HTTP/1.1" 404 1251 "-" "Mozilla/5.0 (compatible; AhrefsBot/7.0; +http://ahrefs.com/robot/)"
51.222.253.8 - - [01/Apr/2025:00:36:18 -0400] "GET /affordable-dedicated-servers-for-your-business-needs/feed/ HTTP/1.1" 404 1251 "-" "Mozilla/5.0 (compatible; AhrefsBot/7.0; +http://ahrefs.com/robot/)"
51.222.253.20 - - [01/Apr/2025:00:37:44 -0400] "GET /the-wholesale-market-for-custom-grip-socks/feed/ HTTP/1.1" 404 1251 "-" "Mozilla/5.0 (compatible; AhrefsBot/7.0; +http://ahrefs.com/robot/)"
51.222.253.13 - - [01/Apr/2025:00:38:59 -0400] "GET /unlocking-the-road-navigating-the-landscape-of-car-finance/feed/ HTTP/1.1" 404 1251 "-" "Mozilla/5.0 (compatible; AhrefsBot/7.0; +http://ahrefs.com/robot/)"
51.222.253.9 - - [01/Apr/2025:00:40:10 -0400] "GET /how-to-avoid-youtube-viewers-bots/feed/ HTTP/1.1" 404 1251 "-" "Mozilla/5.0 (compatible; AhrefsBot/7.0; +http://ahrefs.com/robot/)"
51.222.253.3 - - [01/Apr/2025:00:41:20 -0400] "GET /revolutionizing-energy-storage-the-graphene-battery-manufacturer/feed/ HTTP/1.1" 404 1251 "-" "Mozilla/5.0 (compatible; AhrefsBot/7.0; +http://ahrefs.com/robot/)"
51.222.253.2 - - [01/Apr/2025:00:42:42 -0400] "GET /newborn-photo-editing-services/feed/ HTTP/1.1" 404 1251 "-" "Mozilla/5.0 (compatible; AhrefsBot/7.0; +http://ahrefs.com/robot/)"
51.222.253.16 - - [01/Apr/2025:00:44:02 -0400] "GET /boudoir-photography-round-rock-2/feed/ HTTP/1.1" 404 1251 "-" "Mozilla/5.0 (compatible; AhrefsBot/7.0; +http://ahrefs.com/robot/)"
51.222.253.17 - - [01/Apr/2025:00:45:22 -0400] "GET /insights-from-retirement-blogs/feed/ HTTP/1.1" 404 1251 "-" "Mozilla/5.0 (compatible; AhrefsBot/7.0; +http://ahrefs.com/robot/)"
51.8.102.111 - - [01/Apr/2025:00:46:04 -0400] "GET /robots.txt HTTP/1.1" 404 1251 "-" "Mozilla/5.0 (Macintosh; Intel Mac OS X 10_15_7) AppleWebKit/537.36 (KHTML, like Gecko) Chrome/131.0.0.0 Safari/537.36; compatible; OAI-SearchBot/1.0; +https://openai.com/searchbot"
51.222.253.8 - - [01/Apr/2025:00:46:31 -0400] "GET /the-benefits-of-grip-socks-for-soccer-players/feed/ HTTP/1.1" 404 1251 "-" "Mozilla/5.0 (compatible; AhrefsBot/7.0; +http://ahrefs.com/robot/)"
51.222.253.20 - - [01/Apr/2025:00:47:41 -0400] "GET /revolutionizing-trading-the-rise-of-forex-robots/feed/ HTTP/1.1" 404 1251 "-" "Mozilla/5.0 (compatible; AhrefsBot/7.0; +http://ahrefs.com/robot/)"
51.222.253.7 - - [01/Apr/2025:00:48:52 -0400] "GET /a-comprehensive-guide/feed/ HTTP/1.1" 404 1251 "-" "Mozilla/5.0 (compatible; AhrefsBot/7.0; +http://ahrefs.com/robot/)"
51.222.253.7 - - [01/Apr/2025:00:50:05 -0400] "GET /revolutionizing-casino-solution-distribution/feed/ HTTP/1.1" 404 1251 "-" "Mozilla/5.0 (compatible; AhrefsBot/7.0; +http://ahrefs.com/robot/)"
51.222.253.13 - - [01/Apr/2025:00:51:22 -0400] "GET /harmonizing-energies-exploring-the-power-of-chakra-jewelry/feed/ HTTP/1.1" 404 1251 "-" "Mozilla/5.0 (compatible; AhrefsBot/7.0; +http://ahrefs.com/robot/)"
51.222.253.8 - - [01/Apr/2025:00:52:32 -0400] "GET /crystal-pendants/feed/ HTTP/1.1" 404 1251 "-" "Mozilla/5.0 (compatible; AhrefsBot/7.0; +http://ahrefs.com/robot/)"
51.222.253.10 - - [01/Apr/2025:00:53:45 -0400] "GET /ardor-residence-developer-a-new-launch-condominium/feed/ HTTP/1.1" 404 1251 "-" "Mozilla/5.0 (compatible; AhrefsBot/7.0; +http://ahrefs.com/robot/)"
51.222.253.10 - - [01/Apr/2025:00:54:56 -0400] "GET /the-casino-solution-sale/feed/ HTTP/1.1" 404 1251 "-" "Mozilla/5.0 (compatible; AhrefsBot/7.0; +http://ahrefs.com/robot/)"
51.222.253.9 - - [01/Apr/2025:00:56:16 -0400] "GET /die-rolle-eines-scheidungsanwalts-in-hattingen-2/feed/ HTTP/1.1" 404 1251 "-" "Mozilla/5.0 (compatible; AhrefsBot/7.0; +http://ahrefs.com/robot/)"
178.172.245.215 - - [01/Apr/2025:00:56:24 -0400] "GET / HTTP/1.1" 403 1242 "https://daliyuknews.com" "Mozilla/5.0 (compatible; Googlebot/2.1; +http://www.google.com/bot.html)"
