51.222.253.9 - - [31/Mar/2025:06:44:35 -0400] "GET /reformer-pilates-wollongong/ HTTP/1.1" 404 1251 "-" "Mozilla/5.0 (compatible; AhrefsBot/7.0; +http://ahrefs.com/robot/)"
217.113.194.59 - - [31/Mar/2025:06:44:49 -0400] "GET /functioning-of-ball-screws/ HTTP/1.1" 404 1251 "-" "Mozilla/5.0 (compatible; Barkrowler/0.9; +https://babbar.tech/crawler)"
217.113.194.53 - - [31/Mar/2025:06:45:06 -0400] "GET /league-of-legends-lecture/ HTTP/1.1" 404 1251 "-" "Mozilla/5.0 (compatible; Barkrowler/0.9; +https://babbar.tech/crawler)"
51.222.253.4 - - [31/Mar/2025:06:45:16 -0400] "GET /unveiling-the-power-of-instant-youtube-views-a-game-changer-for-content-creators/ HTTP/1.1" 404 1251 "-" "Mozilla/5.0 (compatible; AhrefsBot/7.0; +http://ahrefs.com/robot/)"
217.113.194.54 - - [31/Mar/2025:06:45:22 -0400] "GET /fertility-centre-dubai/ HTTP/1.1" 404 1251 "-" "Mozilla/5.0 (compatible; Barkrowler/0.9; +https://babbar.tech/crawler)"
114.119.153.191 - - [31/Mar/2025:06:45:32 -0400] "GET /best-family-restaurants-near-me/ HTTP/1.1" 404 1251 "https://freelancingclients.com/category/activity/page/52/" "Mozilla/5.0 (Linux; Android 7.0;) AppleWebKit/537.36 (KHTML, like Gecko) Mobile Safari/537.36 (compatible; PetalBot;+https://webmaster.petalsearch.com/site/petalbot)"
154.54.249.198 - - [31/Mar/2025:06:45:38 -0400] "GET /refrigerator-maintenance/feed/ HTTP/1.1" 404 1251 "-" "Mozilla/5.0 (compatible; Barkrowler/0.9; +https://babbar.tech/crawler)"
154.54.249.198 - - [31/Mar/2025:06:45:53 -0400] "GET /divorce-lawyer-in-haifa/ HTTP/1.1" 404 1251 "-" "Mozilla/5.0 (compatible; Barkrowler/0.9; +https://babbar.tech/crawler)"
51.222.253.13 - - [31/Mar/2025:06:46:00 -0400] "GET /sport-betting-sites/ HTTP/1.1" 404 1251 "-" "Mozilla/5.0 (compatible; AhrefsBot/7.0; +http://ahrefs.com/robot/)"
217.113.194.60 - - [31/Mar/2025:06:46:09 -0400] "GET /a-comprehensive-guides/feed/ HTTP/1.1" 404 1251 "-" "Mozilla/5.0 (compatible; Barkrowler/0.9; +https://babbar.tech/crawler)"
217.113.194.59 - - [31/Mar/2025:06:46:24 -0400] "GET /the-evolution-of-online-casino/ HTTP/1.1" 404 1251 "-" "Mozilla/5.0 (compatible; Barkrowler/0.9; +https://babbar.tech/crawler)"
217.113.194.54 - - [31/Mar/2025:06:46:40 -0400] "GET /the-evolution-of-online-casinos/ HTTP/1.1" 404 1251 "-" "Mozilla/5.0 (compatible; Barkrowler/0.9; +https://babbar.tech/crawler)"
51.222.253.2 - - [31/Mar/2025:06:46:45 -0400] "GET /the-benefits-of-sports-grip-socks/ HTTP/1.1" 404 1251 "-" "Mozilla/5.0 (compatible; AhrefsBot/7.0; +http://ahrefs.com/robot/)"
196.251.69.226 - - [31/Mar/2025:06:46:54 -0400] "GET /thoms.php HTTP/1.1" 404 1251 "www.google.com" "Mozlila/5.0 (Linux; Android 7.0; SM-G892A Bulid/NRD90M; wv) AppleWebKit/537.36 (KHTML, like Gecko) Version/4.0 Chrome/60.0.3112.107 Moblie Safari/537.36"
217.113.194.55 - - [31/Mar/2025:06:46:55 -0400] "GET /the-evolutions-of-online-casinos/ HTTP/1.1" 404 1251 "-" "Mozilla/5.0 (compatible; Barkrowler/0.9; +https://babbar.tech/crawler)"
196.251.69.226 - - [31/Mar/2025:06:47:04 -0400] "GET /inputs.php HTTP/1.1" 404 1251 "www.google.com" "Mozlila/5.0 (Linux; Android 7.0; SM-G892A Bulid/NRD90M; wv) AppleWebKit/537.36 (KHTML, like Gecko) Version/4.0 Chrome/60.0.3112.107 Moblie Safari/537.36"
196.251.69.226 - - [31/Mar/2025:06:47:11 -0400] "GET /inputs.php HTTP/1.1" 404 1251 "www.google.com" "Mozlila/5.0 (Linux; Android 7.0; SM-G892A Bulid/NRD90M; wv) AppleWebKit/537.36 (KHTML, like Gecko) Version/4.0 Chrome/60.0.3112.107 Moblie Safari/537.36"
154.54.249.198 - - [31/Mar/2025:06:47:11 -0400] "GET /the-custom-built-gaming-pc/ HTTP/1.1" 404 1251 "-" "Mozilla/5.0 (compatible; Barkrowler/0.9; +https://babbar.tech/crawler)"
196.251.69.226 - - [31/Mar/2025:06:47:17 -0400] "GET /userfuns.php HTTP/1.1" 404 1251 "www.google.com" "Mozlila/5.0 (Linux; Android 7.0; SM-G892A Bulid/NRD90M; wv) AppleWebKit/537.36 (KHTML, like Gecko) Version/4.0 Chrome/60.0.3112.107 Moblie Safari/537.36"
51.222.253.13 - - [31/Mar/2025:06:47:26 -0400] "GET /4-signs-that-your-washing-machine-needs-repair/ HTTP/1.1" 404 1251 "-" "Mozilla/5.0 (compatible; AhrefsBot/7.0; +http://ahrefs.com/robot/)"
217.113.194.55 - - [31/Mar/2025:06:47:26 -0400] "GET /the-rise-of-tiktok/ HTTP/1.1" 404 1251 "-" "Mozilla/5.0 (compatible; Barkrowler/0.9; +https://babbar.tech/crawler)"
196.251.69.226 - - [31/Mar/2025:06:47:28 -0400] "GET /userfuns.php HTTP/1.1" 404 1251 "www.google.com" "Mozlila/5.0 (Linux; Android 7.0; SM-G892A Bulid/NRD90M; wv) AppleWebKit/537.36 (KHTML, like Gecko) Version/4.0 Chrome/60.0.3112.107 Moblie Safari/537.36"
196.251.69.226 - - [31/Mar/2025:06:47:42 -0400] "GET /tempfuns.php HTTP/1.1" 404 1251 "www.google.com" "Mozlila/5.0 (Linux; Android 7.0; SM-G892A Bulid/NRD90M; wv) AppleWebKit/537.36 (KHTML, like Gecko) Version/4.0 Chrome/60.0.3112.107 Moblie Safari/537.36"
217.113.194.58 - - [31/Mar/2025:06:47:42 -0400] "GET /the-rise-of-online-lottery-games/ HTTP/1.1" 404 1251 "-" "Mozilla/5.0 (compatible; Barkrowler/0.9; +https://babbar.tech/crawler)"
196.251.69.226 - - [31/Mar/2025:06:47:51 -0400] "GET /tempfuns.php HTTP/1.1" 404 1251 "www.google.com" "Mozlila/5.0 (Linux; Android 7.0; SM-G892A Bulid/NRD90M; wv) AppleWebKit/537.36 (KHTML, like Gecko) Version/4.0 Chrome/60.0.3112.107 Moblie Safari/537.36"
195.2.78.89 - - [31/Mar/2025:06:47:54 -0400] "GET / HTTP/1.1" 403 1242 "-" "Mozilla/5.0 (Macintosh; Intel Mac OS X 10_15_7) AppleWebKit/537.36 (KHTML, like Gecko) Chrome/133.0.0.0 Safari/537.36"
217.113.194.55 - - [31/Mar/2025:06:47:58 -0400] "GET /the-versatile-tote-bag/ HTTP/1.1" 404 1251 "-" "Mozilla/5.0 (compatible; Barkrowler/0.9; +https://babbar.tech/crawler)"
196.251.69.226 - - [31/Mar/2025:06:47:59 -0400] "GET /termps.php HTTP/1.1" 404 1251 "www.google.com" "Mozlila/5.0 (Linux; Android 7.0; SM-G892A Bulid/NRD90M; wv) AppleWebKit/537.36 (KHTML, like Gecko) Version/4.0 Chrome/60.0.3112.107 Moblie Safari/537.36"
196.251.69.226 - - [31/Mar/2025:06:48:08 -0400] "GET /termps.php HTTP/1.1" 404 1251 "www.google.com" "Mozlila/5.0 (Linux; Android 7.0; SM-G892A Bulid/NRD90M; wv) AppleWebKit/537.36 (KHTML, like Gecko) Version/4.0 Chrome/60.0.3112.107 Moblie Safari/537.36"
51.222.253.9 - - [31/Mar/2025:06:48:11 -0400] "GET /elevating-spirits-the-dynamic-world-of-cheerleaders/ HTTP/1.1" 404 1251 "-" "Mozilla/5.0 (compatible; AhrefsBot/7.0; +http://ahrefs.com/robot/)"
217.113.194.55 - - [31/Mar/2025:06:48:13 -0400] "GET /why-choose-bamboo-socks/ HTTP/1.1" 404 1251 "-" "Mozilla/5.0 (compatible; Barkrowler/0.9; +https://babbar.tech/crawler)"
196.251.69.226 - - [31/Mar/2025:06:48:19 -0400] "GET /epinyins.php HTTP/1.1" 404 1251 "www.google.com" "Mozlila/5.0 (Linux; Android 7.0; SM-G892A Bulid/NRD90M; wv) AppleWebKit/537.36 (KHTML, like Gecko) Version/4.0 Chrome/60.0.3112.107 Moblie Safari/537.36"
196.251.69.226 - - [31/Mar/2025:06:48:27 -0400] "GET /epinyins.php HTTP/1.1" 404 1251 "www.google.com" "Mozlila/5.0 (Linux; Android 7.0; SM-G892A Bulid/NRD90M; wv) AppleWebKit/537.36 (KHTML, like Gecko) Version/4.0 Chrome/60.0.3112.107 Moblie Safari/537.36"
154.54.249.198 - - [31/Mar/2025:06:48:29 -0400] "GET /what-is-a-private-carer/ HTTP/1.1" 404 1251 "-" "Mozilla/5.0 (compatible; Barkrowler/0.9; +https://babbar.tech/crawler)"
196.251.69.226 - - [31/Mar/2025:06:48:34 -0400] "GET /filefuns.php HTTP/1.1" 404 1251 "www.google.com" "Mozlila/5.0 (Linux; Android 7.0; SM-G892A Bulid/NRD90M; wv) AppleWebKit/537.36 (KHTML, like Gecko) Version/4.0 Chrome/60.0.3112.107 Moblie Safari/537.36"
217.113.194.57 - - [31/Mar/2025:06:48:44 -0400] "GET /what-is-a-custom-suit/ HTTP/1.1" 404 1251 "-" "Mozilla/5.0 (compatible; Barkrowler/0.9; +https://babbar.tech/crawler)"
196.251.69.226 - - [31/Mar/2025:06:48:50 -0400] "GET /filefuns.php HTTP/1.1" 404 1251 "www.google.com" "Mozlila/5.0 (Linux; Android 7.0; SM-G892A Bulid/NRD90M; wv) AppleWebKit/537.36 (KHTML, like Gecko) Version/4.0 Chrome/60.0.3112.107 Moblie Safari/537.36"
51.222.253.6 - - [31/Mar/2025:06:48:55 -0400] "GET /ivf-clinic-sharjah/ HTTP/1.1" 404 1251 "-" "Mozilla/5.0 (compatible; AhrefsBot/7.0; +http://ahrefs.com/robot/)"
217.113.194.56 - - [31/Mar/2025:06:49:00 -0400] "GET /what-is-frequency-healing/feed/ HTTP/1.1" 404 1251 "-" "Mozilla/5.0 (compatible; Barkrowler/0.9; +https://babbar.tech/crawler)"
196.251.69.226 - - [31/Mar/2025:06:49:09 -0400] "GET /revision.php HTTP/1.1" 404 1251 "www.google.com" "Mozlila/5.0 (Linux; Android 7.0; SM-G892A Bulid/NRD90M; wv) AppleWebKit/537.36 (KHTML, like Gecko) Version/4.0 Chrome/60.0.3112.107 Moblie Safari/537.36"
217.113.194.59 - - [31/Mar/2025:06:49:15 -0400] "GET /building-a-youtube-community/ HTTP/1.1" 404 1251 "-" "Mozilla/5.0 (compatible; Barkrowler/0.9; +https://babbar.tech/crawler)"
196.251.69.226 - - [31/Mar/2025:06:49:19 -0400] "GET /revision.php HTTP/1.1" 404 1251 "www.google.com" "Mozlila/5.0 (Linux; Android 7.0; SM-G892A Bulid/NRD90M; wv) AppleWebKit/537.36 (KHTML, like Gecko) Version/4.0 Chrome/60.0.3112.107 Moblie Safari/537.36"
217.113.194.57 - - [31/Mar/2025:06:49:31 -0400] "GET /buy-youtube-views-cheaply/ HTTP/1.1" 404 1251 "-" "Mozilla/5.0 (compatible; Barkrowler/0.9; +https://babbar.tech/crawler)"
51.222.253.18 - - [31/Mar/2025:06:49:39 -0400] "GET /elegante-designs-fur-jedes-ambiente/ HTTP/1.1" 404 1251 "-" "Mozilla/5.0 (compatible; AhrefsBot/7.0; +http://ahrefs.com/robot/)"
217.113.194.55 - - [31/Mar/2025:06:49:46 -0400] "GET /buy-eneba-gift-card/ HTTP/1.1" 404 1251 "-" "Mozilla/5.0 (compatible; Barkrowler/0.9; +https://babbar.tech/crawler)"
217.113.194.52 - - [31/Mar/2025:06:50:02 -0400] "GET /a-modern-home-experience/ HTTP/1.1" 404 1251 "-" "Mozilla/5.0 (compatible; Barkrowler/0.9; +https://babbar.tech/crawler)"
217.113.194.55 - - [31/Mar/2025:06:50:18 -0400] "GET /quest-ce-que-la-bonne-aventure/ HTTP/1.1" 404 1251 "-" "Mozilla/5.0 (compatible; Barkrowler/0.9; +https://babbar.tech/crawler)"
51.222.253.7 - - [31/Mar/2025:06:50:21 -0400] "GET /how-to-find-the-best-sport-betting-sites/ HTTP/1.1" 404 1251 "-" "Mozilla/5.0 (compatible; AhrefsBot/7.0; +http://ahrefs.com/robot/)"
217.113.194.58 - - [31/Mar/2025:06:50:33 -0400] "GET /find-a-plumber-near-me/ HTTP/1.1" 404 1251 "-" "Mozilla/5.0 (compatible; Barkrowler/0.9; +https://babbar.tech/crawler)"
217.113.194.60 - - [31/Mar/2025:06:50:49 -0400] "GET /programmatic-ads-dubai/feed/ HTTP/1.1" 404 1251 "-" "Mozilla/5.0 (compatible; Barkrowler/0.9; +https://babbar.tech/crawler)"
51.222.253.10 - - [31/Mar/2025:06:51:02 -0400] "GET /exploring-the-multicanais-phenomenon/ HTTP/1.1" 404 1251 "-" "Mozilla/5.0 (compatible; AhrefsBot/7.0; +http://ahrefs.com/robot/)"
217.113.194.54 - - [31/Mar/2025:06:51:04 -0400] "GET /insights-from-retirement-blogs/ HTTP/1.1" 404 1251 "-" "Mozilla/5.0 (compatible; Barkrowler/0.9; +https://babbar.tech/crawler)"
217.113.194.56 - - [31/Mar/2025:06:51:20 -0400] "GET /navigating-the-world-of-online-casinos/ HTTP/1.1" 404 1251 "-" "Mozilla/5.0 (compatible; Barkrowler/0.9; +https://babbar.tech/crawler)"
217.113.194.55 - - [31/Mar/2025:06:51:35 -0400] "GET /hattingen-tax-return/ HTTP/1.1" 404 1251 "-" "Mozilla/5.0 (compatible; Barkrowler/0.9; +https://babbar.tech/crawler)"
51.222.253.17 - - [31/Mar/2025:06:51:42 -0400] "GET /reliable-transportation-from-heathrow-airport/ HTTP/1.1" 404 1251 "-" "Mozilla/5.0 (compatible; AhrefsBot/7.0; +http://ahrefs.com/robot/)"
217.113.194.55 - - [31/Mar/2025:06:51:51 -0400] "GET /why-you-need-a-divorce-lawyer/ HTTP/1.1" 404 1251 "-" "Mozilla/5.0 (compatible; Barkrowler/0.9; +https://babbar.tech/crawler)"
217.113.194.54 - - [31/Mar/2025:06:52:06 -0400] "GET /the-best-locksmith-chicago/ HTTP/1.1" 404 1251 "-" "Mozilla/5.0 (compatible; Barkrowler/0.9; +https://babbar.tech/crawler)"
217.113.194.56 - - [31/Mar/2025:06:52:22 -0400] "GET /alternative-medicine-austin/ HTTP/1.1" 404 1251 "-" "Mozilla/5.0 (compatible; Barkrowler/0.9; +https://babbar.tech/crawler)"
51.222.253.18 - - [31/Mar/2025:06:52:24 -0400] "GET /exploring-the-multifaceted-world-of-multicanais/ HTTP/1.1" 404 1251 "-" "Mozilla/5.0 (compatible; AhrefsBot/7.0; +http://ahrefs.com/robot/)"
217.113.194.58 - - [31/Mar/2025:06:52:37 -0400] "GET /evolution-of-the-wine-bottle/ HTTP/1.1" 404 1251 "-" "Mozilla/5.0 (compatible; Barkrowler/0.9; +https://babbar.tech/crawler)"
217.113.194.58 - - [31/Mar/2025:06:52:53 -0400] "GET /what-does-no-sim-mean/ HTTP/1.1" 404 1251 "-" "Mozilla/5.0 (compatible; Barkrowler/0.9; +https://babbar.tech/crawler)"
217.113.194.55 - - [31/Mar/2025:06:53:08 -0400] "GET /whats-on-your-credit-report/feed/ HTTP/1.1" 404 1251 "-" "Mozilla/5.0 (compatible; Barkrowler/0.9; +https://babbar.tech/crawler)"
51.222.253.3 - - [31/Mar/2025:06:53:10 -0400] "GET /agence-partenaire-meta-ads-paris/ HTTP/1.1" 404 1251 "-" "Mozilla/5.0 (compatible; AhrefsBot/7.0; +http://ahrefs.com/robot/)"
217.113.194.54 - - [31/Mar/2025:06:53:24 -0400] "GET /innovation-in-home-expansion/ HTTP/1.1" 404 1251 "-" "Mozilla/5.0 (compatible; Barkrowler/0.9; +https://babbar.tech/crawler)"
217.113.194.58 - - [31/Mar/2025:06:53:40 -0400] "GET /retin-a-cream-uk/ HTTP/1.1" 404 1251 "-" "Mozilla/5.0 (compatible; Barkrowler/0.9; +https://babbar.tech/crawler)"
51.222.253.16 - - [31/Mar/2025:06:53:51 -0400] "GET /unveiling-the-phenomenon-major-totos-rise-to-prominence/ HTTP/1.1" 404 1251 "-" "Mozilla/5.0 (compatible; AhrefsBot/7.0; +http://ahrefs.com/robot/)"
217.113.194.58 - - [31/Mar/2025:06:53:56 -0400] "GET /fine-pitch-led-display/ HTTP/1.1" 404 1251 "-" "Mozilla/5.0 (compatible; Barkrowler/0.9; +https://babbar.tech/crawler)"
217.113.194.56 - - [31/Mar/2025:06:54:11 -0400] "GET /the-art-of-choosing-wine/ HTTP/1.1" 404 1251 "-" "Mozilla/5.0 (compatible; Barkrowler/0.9; +https://babbar.tech/crawler)"
217.113.194.57 - - [31/Mar/2025:06:54:28 -0400] "GET /the-art-of-choosing-wine/feed/ HTTP/1.1" 404 1251 "-" "Mozilla/5.0 (compatible; Barkrowler/0.9; +https://babbar.tech/crawler)"
51.222.253.5 - - [31/Mar/2025:06:54:30 -0400] "GET /location-per-matrimoni-lago-di-garda/ HTTP/1.1" 404 1251 "-" "Mozilla/5.0 (compatible; AhrefsBot/7.0; +http://ahrefs.com/robot/)"
217.113.194.61 - - [31/Mar/2025:06:54:44 -0400] "GET /brick-patio-weed-control/ HTTP/1.1" 404 1251 "-" "Mozilla/5.0 (compatible; Barkrowler/0.9; +https://babbar.tech/crawler)"
45.138.16.222 - - [31/Mar/2025:06:54:45 -0400] "GET / HTTP/1.1" 403 1242 "https://freelancingclients.com" "Mozilla/5.0 (Windows NT 10.0; WOW64) AppleWebKit/537.36 (KHTML, like Gecko) Chrome/81.0.4044.138 Safari/537.36 OPR/68.0.3618.173 (Edition Yx)"
66.249.74.164 - - [31/Mar/2025:06:54:48 -0400] "GET /feed/ HTTP/1.1" 404 1251 "-" "Mozilla/5.0 (compatible; Googlebot/2.1; +http://www.google.com/bot.html)"
217.113.194.52 - - [31/Mar/2025:06:54:59 -0400] "GET /western-bathroom-renovations/ HTTP/1.1" 404 1251 "-" "Mozilla/5.0 (compatible; Barkrowler/0.9; +https://babbar.tech/crawler)"
51.222.253.9 - - [31/Mar/2025:06:55:06 -0400] "GET /agriturismo-sul-lago-di-garda/ HTTP/1.1" 404 1251 "-" "Mozilla/5.0 (compatible; AhrefsBot/7.0; +http://ahrefs.com/robot/)"
154.54.249.198 - - [31/Mar/2025:06:55:15 -0400] "GET /iced-coffee-glass/feed/ HTTP/1.1" 404 1251 "-" "Mozilla/5.0 (compatible; Barkrowler/0.9; +https://babbar.tech/crawler)"
217.113.194.59 - - [31/Mar/2025:06:55:30 -0400] "GET /gold-jewellery-cleaner/ HTTP/1.1" 404 1251 "-" "Mozilla/5.0 (compatible; Barkrowler/0.9; +https://babbar.tech/crawler)"
217.113.194.55 - - [31/Mar/2025:06:55:46 -0400] "GET /columbus-window-tint/ HTTP/1.1" 404 1251 "-" "Mozilla/5.0 (compatible; Barkrowler/0.9; +https://babbar.tech/crawler)"
51.222.253.6 - - [31/Mar/2025:06:55:47 -0400] "GET /wellnesshotels-am-gardasee/ HTTP/1.1" 404 1251 "-" "Mozilla/5.0 (compatible; AhrefsBot/7.0; +http://ahrefs.com/robot/)"
217.113.194.54 - - [31/Mar/2025:06:56:02 -0400] "GET /spa-and-wellness-center/ HTTP/1.1" 404 1251 "-" "Mozilla/5.0 (compatible; Barkrowler/0.9; +https://babbar.tech/crawler)"
217.113.194.58 - - [31/Mar/2025:06:56:17 -0400] "GET /efficiency-in-connectivity/ HTTP/1.1" 404 1251 "-" "Mozilla/5.0 (compatible; Barkrowler/0.9; +https://babbar.tech/crawler)"
51.222.253.2 - - [31/Mar/2025:06:56:30 -0400] "GET /unveiling-the-magic-the-allure-of-the-hair-dryer/ HTTP/1.1" 404 1251 "-" "Mozilla/5.0 (compatible; AhrefsBot/7.0; +http://ahrefs.com/robot/)"
217.113.194.52 - - [31/Mar/2025:06:56:33 -0400] "GET /category/activity/page/98/ HTTP/1.1" 404 1251 "-" "Mozilla/5.0 (compatible; Barkrowler/0.9; +https://babbar.tech/crawler)"
217.113.194.59 - - [31/Mar/2025:06:56:49 -0400] "GET /category/activity/page/81/ HTTP/1.1" 404 1251 "-" "Mozilla/5.0 (compatible; Barkrowler/0.9; +https://babbar.tech/crawler)"
217.113.194.57 - - [31/Mar/2025:06:57:04 -0400] "GET /category/activity/page/76/ HTTP/1.1" 404 1251 "-" "Mozilla/5.0 (compatible; Barkrowler/0.9; +https://babbar.tech/crawler)"
51.222.253.17 - - [31/Mar/2025:06:57:11 -0400] "GET /efficient-refrigerator-repair-services-in-ottawa-for-reliable-cooling-solutions/ HTTP/1.1" 404 1251 "-" "Mozilla/5.0 (compatible; AhrefsBot/7.0; +http://ahrefs.com/robot/)"
217.113.194.54 - - [31/Mar/2025:06:57:20 -0400] "GET /category/activity/page/97/ HTTP/1.1" 404 1251 "-" "Mozilla/5.0 (compatible; Barkrowler/0.9; +https://babbar.tech/crawler)"
217.113.194.56 - - [31/Mar/2025:06:57:35 -0400] "GET /category/activity/page/86/ HTTP/1.1" 404 1251 "-" "Mozilla/5.0 (compatible; Barkrowler/0.9; +https://babbar.tech/crawler)"
217.113.194.58 - - [31/Mar/2025:06:57:51 -0400] "GET /category/activity/page/62/ HTTP/1.1" 404 1251 "-" "Mozilla/5.0 (compatible; Barkrowler/0.9; +https://babbar.tech/crawler)"
51.222.253.2 - - [31/Mar/2025:06:57:53 -0400] "GET /%E0%B9%80%E0%B8%9C%E0%B8%A2%E0%B8%84%E0%B8%A7%E0%B8%B2%E0%B8%A1%E0%B8%95%E0%B8%B7%E0%B9%88%E0%B8%99%E0%B9%80%E0%B8%95%E0%B9%89%E0%B8%99-%E0%B8%AA%E0%B8%B3%E0%B8%A3%E0%B8%A7%E0%B8%88%E0%B8%84%E0%B8%A7/ HTTP/1.1" 404 1251 "-" "Mozilla/5.0 (compatible; AhrefsBot/7.0; +http://ahrefs.com/robot/)"
217.113.194.54 - - [31/Mar/2025:06:58:06 -0400] "GET /category/activity/page/75/ HTTP/1.1" 404 1251 "-" "Mozilla/5.0 (compatible; Barkrowler/0.9; +https://babbar.tech/crawler)"
217.113.194.57 - - [31/Mar/2025:06:58:22 -0400] "GET /category/activity/page/67/ HTTP/1.1" 404 1251 "-" "Mozilla/5.0 (compatible; Barkrowler/0.9; +https://babbar.tech/crawler)"
51.222.253.1 - - [31/Mar/2025:06:58:34 -0400] "GET /capturing-pet-personalities-custom-pet-portraits/ HTTP/1.1" 404 1251 "-" "Mozilla/5.0 (compatible; AhrefsBot/7.0; +http://ahrefs.com/robot/)"
217.113.194.58 - - [31/Mar/2025:06:58:38 -0400] "GET /category/activity/page/59/ HTTP/1.1" 404 1251 "-" "Mozilla/5.0 (compatible; Barkrowler/0.9; +https://babbar.tech/crawler)"
64.233.173.171 - - [31/Mar/2025:06:58:41 -0400] "GET /.well-known/traffic-advice HTTP/1.1" 404 1251 "-" "Chrome Privacy Preserving Prefetch Proxy"
2001:4860:7:506::e6 - - [31/Mar/2025:06:58:41 -0400] "GET / HTTP/1.1" 403 1242 "https://www.google.com/" "Mozilla/5.0 (Windows NT 10.0; Win64; x64) AppleWebKit/537.36 (KHTML, like Gecko) Chrome/134.0.0.0 Safari/537.36"
217.113.194.58 - - [31/Mar/2025:06:58:54 -0400] "GET /category/activity/page/84/ HTTP/1.1" 404 1251 "-" "Mozilla/5.0 (compatible; Barkrowler/0.9; +https://babbar.tech/crawler)"
217.113.194.52 - - [31/Mar/2025:06:59:09 -0400] "GET /category/activity/page/42/ HTTP/1.1" 404 1251 "-" "Mozilla/5.0 (compatible; Barkrowler/0.9; +https://babbar.tech/crawler)"
51.222.253.3 - - [31/Mar/2025:06:59:16 -0400] "GET /the-essential-role-of-shipping-agents-in-global-trade/ HTTP/1.1" 404 1251 "-" "Mozilla/5.0 (compatible; AhrefsBot/7.0; +http://ahrefs.com/robot/)"
217.113.194.56 - - [31/Mar/2025:06:59:25 -0400] "GET /category/activity/page/54/ HTTP/1.1" 404 1251 "-" "Mozilla/5.0 (compatible; Barkrowler/0.9; +https://babbar.tech/crawler)"
217.113.194.53 - - [31/Mar/2025:06:59:40 -0400] "GET /category/activity/page/87/ HTTP/1.1" 404 1251 "-" "Mozilla/5.0 (compatible; Barkrowler/0.9; +https://babbar.tech/crawler)"
51.222.253.16 - - [31/Mar/2025:06:59:55 -0400] "GET /how-to-buy-tiktok-likes/ HTTP/1.1" 404 1251 "-" "Mozilla/5.0 (compatible; AhrefsBot/7.0; +http://ahrefs.com/robot/)"
217.113.194.52 - - [31/Mar/2025:06:59:56 -0400] "GET /category/activity/page/68/ HTTP/1.1" 404 1251 "-" "Mozilla/5.0 (compatible; Barkrowler/0.9; +https://babbar.tech/crawler)"
154.54.249.198 - - [31/Mar/2025:07:00:11 -0400] "GET /category/activity/page/78/ HTTP/1.1" 404 1251 "-" "Mozilla/5.0 (compatible; Barkrowler/0.9; +https://babbar.tech/crawler)"
217.113.194.60 - - [31/Mar/2025:07:00:27 -0400] "GET /category/activity/page/39/ HTTP/1.1" 404 1251 "-" "Mozilla/5.0 (compatible; Barkrowler/0.9; +https://babbar.tech/crawler)"
51.222.253.20 - - [31/Mar/2025:07:00:32 -0400] "GET /straighten-up-fixing-forward-head-posture/ HTTP/1.1" 404 1251 "-" "Mozilla/5.0 (compatible; AhrefsBot/7.0; +http://ahrefs.com/robot/)"
217.113.194.58 - - [31/Mar/2025:07:00:43 -0400] "GET /category/activity/page/71/ HTTP/1.1" 404 1251 "-" "Mozilla/5.0 (compatible; Barkrowler/0.9; +https://babbar.tech/crawler)"
154.54.249.198 - - [31/Mar/2025:07:00:58 -0400] "GET /category/activity/page/58/ HTTP/1.1" 404 1251 "-" "Mozilla/5.0 (compatible; Barkrowler/0.9; +https://babbar.tech/crawler)"
114.119.163.52 - - [31/Mar/2025:07:00:59 -0400] "GET /un-mondo-di-avventure-e-strategia/ HTTP/1.1" 404 1251 "https://freelancingclients.com/page/14/" "Mozilla/5.0 (Linux; Android 7.0;) AppleWebKit/537.36 (KHTML, like Gecko) Mobile Safari/537.36 (compatible; PetalBot;+https://webmaster.petalsearch.com/site/petalbot)"
51.222.253.6 - - [31/Mar/2025:07:01:08 -0400] "GET /the-art-of-choosing-wine/ HTTP/1.1" 404 1251 "-" "Mozilla/5.0 (compatible; AhrefsBot/7.0; +http://ahrefs.com/robot/)"
217.113.194.60 - - [31/Mar/2025:07:01:14 -0400] "GET /category/activity/page/49/ HTTP/1.1" 404 1251 "-" "Mozilla/5.0 (compatible; Barkrowler/0.9; +https://babbar.tech/crawler)"
217.113.194.61 - - [31/Mar/2025:07:01:29 -0400] "GET /category/activity/page/83/ HTTP/1.1" 404 1251 "-" "Mozilla/5.0 (compatible; Barkrowler/0.9; +https://babbar.tech/crawler)"
154.54.249.198 - - [31/Mar/2025:07:01:45 -0400] "GET /category/activity/page/45/ HTTP/1.1" 404 1251 "-" "Mozilla/5.0 (compatible; Barkrowler/0.9; +https://babbar.tech/crawler)"
51.222.253.2 - - [31/Mar/2025:07:01:50 -0400] "GET /nappe-salon-professionnel/ HTTP/1.1" 404 1251 "-" "Mozilla/5.0 (compatible; AhrefsBot/7.0; +http://ahrefs.com/robot/)"
217.113.194.61 - - [31/Mar/2025:07:02:00 -0400] "GET /category/activity/page/77/ HTTP/1.1" 404 1251 "-" "Mozilla/5.0 (compatible; Barkrowler/0.9; +https://babbar.tech/crawler)"
217.113.194.55 - - [31/Mar/2025:07:02:16 -0400] "GET /category/activity/page/56/ HTTP/1.1" 404 1251 "-" "Mozilla/5.0 (compatible; Barkrowler/0.9; +https://babbar.tech/crawler)"
114.119.153.50 - - [31/Mar/2025:07:02:22 -0400] "GET /buy-followers-ticktok-from-a-legitimate-provider/ HTTP/1.1" 404 1251 "https://freelancingclients.com/page/83/" "Mozilla/5.0 (Linux; Android 7.0;) AppleWebKit/537.36 (KHTML, like Gecko) Mobile Safari/537.36 (compatible; PetalBot;+https://webmaster.petalsearch.com/site/petalbot)"
51.222.253.20 - - [31/Mar/2025:07:02:26 -0400] "GET /a-guide-to-temporarily-pausing-your-instagram-account/ HTTP/1.1" 404 1251 "-" "Mozilla/5.0 (compatible; AhrefsBot/7.0; +http://ahrefs.com/robot/)"
217.113.194.59 - - [31/Mar/2025:07:02:31 -0400] "GET /category/activity/page/95/ HTTP/1.1" 404 1251 "-" "Mozilla/5.0 (compatible; Barkrowler/0.9; +https://babbar.tech/crawler)"
217.113.194.58 - - [31/Mar/2025:07:02:47 -0400] "GET /category/activity/page/94/ HTTP/1.1" 404 1251 "-" "Mozilla/5.0 (compatible; Barkrowler/0.9; +https://babbar.tech/crawler)"
154.54.249.198 - - [31/Mar/2025:07:03:02 -0400] "GET /category/activity/page/91/ HTTP/1.1" 404 1251 "-" "Mozilla/5.0 (compatible; Barkrowler/0.9; +https://babbar.tech/crawler)"
51.222.253.13 - - [31/Mar/2025:07:03:10 -0400] "GET /unveiling-the-legacy-of-kassia/ HTTP/1.1" 404 1251 "-" "Mozilla/5.0 (compatible; AhrefsBot/7.0; +http://ahrefs.com/robot/)"
217.113.194.58 - - [31/Mar/2025:07:03:18 -0400] "GET /category/activity/page/57/ HTTP/1.1" 404 1251 "-" "Mozilla/5.0 (compatible; Barkrowler/0.9; +https://babbar.tech/crawler)"
217.113.194.53 - - [31/Mar/2025:07:03:34 -0400] "GET /category/activity/page/93/ HTTP/1.1" 404 1251 "-" "Mozilla/5.0 (compatible; Barkrowler/0.9; +https://babbar.tech/crawler)"
217.113.194.61 - - [31/Mar/2025:07:03:49 -0400] "GET /category/activity/page/99/ HTTP/1.1" 404 1251 "-" "Mozilla/5.0 (compatible; Barkrowler/0.9; +https://babbar.tech/crawler)"
51.222.253.9 - - [31/Mar/2025:07:03:52 -0400] "GET /exploring-the-continuum-showroom/ HTTP/1.1" 404 1251 "-" "Mozilla/5.0 (compatible; AhrefsBot/7.0; +http://ahrefs.com/robot/)"
217.113.194.54 - - [31/Mar/2025:07:04:05 -0400] "GET /category/activity/page/51/ HTTP/1.1" 404 1251 "-" "Mozilla/5.0 (compatible; Barkrowler/0.9; +https://babbar.tech/crawler)"
217.113.194.58 - - [31/Mar/2025:07:04:20 -0400] "GET /category/activity/page/41/ HTTP/1.1" 404 1251 "-" "Mozilla/5.0 (compatible; Barkrowler/0.9; +https://babbar.tech/crawler)"
51.222.253.4 - - [31/Mar/2025:07:04:29 -0400] "GET /revolutionizing-plumbing-systems-with-ppr-pipes-and-fittings/ HTTP/1.1" 404 1251 "-" "Mozilla/5.0 (compatible; AhrefsBot/7.0; +http://ahrefs.com/robot/)"
217.113.194.61 - - [31/Mar/2025:07:04:36 -0400] "GET /category/activity/page/72/ HTTP/1.1" 404 1251 "-" "Mozilla/5.0 (compatible; Barkrowler/0.9; +https://babbar.tech/crawler)"
217.113.194.52 - - [31/Mar/2025:07:04:51 -0400] "GET /category/activity/page/96/ HTTP/1.1" 404 1251 "-" "Mozilla/5.0 (compatible; Barkrowler/0.9; +https://babbar.tech/crawler)"
217.113.194.56 - - [31/Mar/2025:07:05:07 -0400] "GET /category/activity/page/52/ HTTP/1.1" 404 1251 "-" "Mozilla/5.0 (compatible; Barkrowler/0.9; +https://babbar.tech/crawler)"
51.222.253.19 - - [31/Mar/2025:07:05:12 -0400] "GET /the-thriving-world-of-online-casinos-a-virtual-playground-for-gamblers/ HTTP/1.1" 404 1251 "-" "Mozilla/5.0 (compatible; AhrefsBot/7.0; +http://ahrefs.com/robot/)"
217.113.194.54 - - [31/Mar/2025:07:05:22 -0400] "GET /category/activity/page/92/ HTTP/1.1" 404 1251 "-" "Mozilla/5.0 (compatible; Barkrowler/0.9; +https://babbar.tech/crawler)"
217.113.194.57 - - [31/Mar/2025:07:05:38 -0400] "GET /category/activity/page/37/ HTTP/1.1" 404 1251 "-" "Mozilla/5.0 (compatible; Barkrowler/0.9; +https://babbar.tech/crawler)"
51.222.253.11 - - [31/Mar/2025:07:05:52 -0400] "GET /matter-residences-what-is-matter/ HTTP/1.1" 404 1251 "-" "Mozilla/5.0 (compatible; AhrefsBot/7.0; +http://ahrefs.com/robot/)"
217.113.194.52 - - [31/Mar/2025:07:05:54 -0400] "GET /category/activity/page/65/ HTTP/1.1" 404 1251 "-" "Mozilla/5.0 (compatible; Barkrowler/0.9; +https://babbar.tech/crawler)"
217.113.194.58 - - [31/Mar/2025:07:06:09 -0400] "GET /category/activity/page/47/ HTTP/1.1" 404 1251 "-" "Mozilla/5.0 (compatible; Barkrowler/0.9; +https://babbar.tech/crawler)"
198.54.114.83 - - [31/Mar/2025:07:06:16 -0400] "POST /wp-admin/admin-ajax.php?action=async_litespeed&nonce=GAA5nCKlRH8wY4Hc7XbokI9fptHoS41o&litespeed_type=imgoptm HTTP/1.1" 200 5 "-" "WordPress/6.7.1; https://freelancingclients.com"
217.113.194.53 - - [31/Mar/2025:07:06:25 -0400] "GET /category/activity/page/53/ HTTP/1.1" 404 1251 "-" "Mozilla/5.0 (compatible; Barkrowler/0.9; +https://babbar.tech/crawler)"
51.222.253.2 - - [31/Mar/2025:07:06:39 -0400] "GET /buy-careprost/ HTTP/1.1" 404 1251 "-" "Mozilla/5.0 (compatible; AhrefsBot/7.0; +http://ahrefs.com/robot/)"
217.113.194.57 - - [31/Mar/2025:07:06:40 -0400] "GET /category/activity/page/89/ HTTP/1.1" 404 1251 "-" "Mozilla/5.0 (compatible; Barkrowler/0.9; +https://babbar.tech/crawler)"
217.113.194.60 - - [31/Mar/2025:07:06:56 -0400] "GET /category/activity/page/79/ HTTP/1.1" 404 1251 "-" "Mozilla/5.0 (compatible; Barkrowler/0.9; +https://babbar.tech/crawler)"
217.113.194.57 - - [31/Mar/2025:07:07:11 -0400] "GET /category/activity/page/66/ HTTP/1.1" 404 1251 "-" "Mozilla/5.0 (compatible; Barkrowler/0.9; +https://babbar.tech/crawler)"
51.222.253.16 - - [31/Mar/2025:07:07:26 -0400] "GET /buy-tiktok-follows/ HTTP/1.1" 404 1251 "-" "Mozilla/5.0 (compatible; AhrefsBot/7.0; +http://ahrefs.com/robot/)"
217.113.194.58 - - [31/Mar/2025:07:07:27 -0400] "GET /category/activity/page/69/ HTTP/1.1" 404 1251 "-" "Mozilla/5.0 (compatible; Barkrowler/0.9; +https://babbar.tech/crawler)"
217.113.194.60 - - [31/Mar/2025:07:07:43 -0400] "GET /category/activity/page/61/ HTTP/1.1" 404 1251 "-" "Mozilla/5.0 (compatible; Barkrowler/0.9; +https://babbar.tech/crawler)"
217.113.194.54 - - [31/Mar/2025:07:07:58 -0400] "GET /category/activity/page/73/ HTTP/1.1" 404 1251 "-" "Mozilla/5.0 (compatible; Barkrowler/0.9; +https://babbar.tech/crawler)"
51.222.253.19 - - [31/Mar/2025:07:08:03 -0400] "GET /exploring-satebet-unraveling-a-modern-phenomenon/ HTTP/1.1" 404 1251 "-" "Mozilla/5.0 (compatible; AhrefsBot/7.0; +http://ahrefs.com/robot/)"
217.113.194.56 - - [31/Mar/2025:07:08:14 -0400] "GET /category/activity/page/44/ HTTP/1.1" 404 1251 "-" "Mozilla/5.0 (compatible; Barkrowler/0.9; +https://babbar.tech/crawler)"
217.113.194.56 - - [31/Mar/2025:07:08:30 -0400] "GET /category/activity/page/85/ HTTP/1.1" 404 1251 "-" "Mozilla/5.0 (compatible; Barkrowler/0.9; +https://babbar.tech/crawler)"
217.113.194.58 - - [31/Mar/2025:07:08:46 -0400] "GET /category/activity/page/64/ HTTP/1.1" 404 1251 "-" "Mozilla/5.0 (compatible; Barkrowler/0.9; +https://babbar.tech/crawler)"
217.113.194.54 - - [31/Mar/2025:07:09:01 -0400] "GET /category/activity/page/46/ HTTP/1.1" 404 1251 "-" "Mozilla/5.0 (compatible; Barkrowler/0.9; +https://babbar.tech/crawler)"
51.222.253.14 - - [31/Mar/2025:07:09:09 -0400] "GET /4-effective-ways-to-find-the-potential-customers/ HTTP/1.1" 404 1251 "-" "Mozilla/5.0 (compatible; AhrefsBot/7.0; +http://ahrefs.com/robot/)"
154.54.249.198 - - [31/Mar/2025:07:09:17 -0400] "GET /category/activity/page/48/ HTTP/1.1" 404 1251 "-" "Mozilla/5.0 (compatible; Barkrowler/0.9; +https://babbar.tech/crawler)"
51.222.253.18 - - [31/Mar/2025:07:09:30 -0400] "GET /iced-coffee-glass/ HTTP/1.1" 404 1251 "-" "Mozilla/5.0 (compatible; AhrefsBot/7.0; +http://ahrefs.com/robot/)"
217.113.194.61 - - [31/Mar/2025:07:09:32 -0400] "GET /category/activity/page/55/ HTTP/1.1" 404 1251 "-" "Mozilla/5.0 (compatible; Barkrowler/0.9; +https://babbar.tech/crawler)"
217.113.194.52 - - [31/Mar/2025:07:09:48 -0400] "GET /category/activity/page/88/ HTTP/1.1" 404 1251 "-" "Mozilla/5.0 (compatible; Barkrowler/0.9; +https://babbar.tech/crawler)"
217.113.194.54 - - [31/Mar/2025:07:10:03 -0400] "GET /category/activity/page/63/ HTTP/1.1" 404 1251 "-" "Mozilla/5.0 (compatible; Barkrowler/0.9; +https://babbar.tech/crawler)"
2001:4860:7:405::bb - - [31/Mar/2025:07:10:05 -0400] "GET / HTTP/1.1" 403 1242 "https://www.google.com/" "Mozilla/5.0 (Windows NT 10.0; Win64; x64) AppleWebKit/537.36 (KHTML, like Gecko) Chrome/134.0.0.0 Safari/537.36"
51.222.253.17 - - [31/Mar/2025:07:10:10 -0400] "GET /guide-complet-des-housses/ HTTP/1.1" 404 1251 "-" "Mozilla/5.0 (compatible; AhrefsBot/7.0; +http://ahrefs.com/robot/)"
217.113.194.55 - - [31/Mar/2025:07:10:19 -0400] "GET /category/activity/page/22/ HTTP/1.1" 404 1251 "-" "Mozilla/5.0 (compatible; Barkrowler/0.9; +https://babbar.tech/crawler)"
217.113.194.59 - - [31/Mar/2025:07:10:34 -0400] "GET /category/activity/page/25/ HTTP/1.1" 404 1251 "-" "Mozilla/5.0 (compatible; Barkrowler/0.9; +https://babbar.tech/crawler)"
51.222.253.2 - - [31/Mar/2025:07:10:48 -0400] "GET /ruqyah-paper-with-dissolvable-quran/ HTTP/1.1" 404 1251 "-" "Mozilla/5.0 (compatible; AhrefsBot/7.0; +http://ahrefs.com/robot/)"
154.54.249.198 - - [31/Mar/2025:07:10:50 -0400] "GET /category/activity/page/27/ HTTP/1.1" 404 1251 "-" "Mozilla/5.0 (compatible; Barkrowler/0.9; +https://babbar.tech/crawler)"
217.113.194.54 - - [31/Mar/2025:07:11:05 -0400] "GET /category/activity/page/24/ HTTP/1.1" 404 1251 "-" "Mozilla/5.0 (compatible; Barkrowler/0.9; +https://babbar.tech/crawler)"
217.113.194.59 - - [31/Mar/2025:07:11:21 -0400] "GET /category/activity/page/26/ HTTP/1.1" 404 1251 "-" "Mozilla/5.0 (compatible; Barkrowler/0.9; +https://babbar.tech/crawler)"
51.222.253.6 - - [31/Mar/2025:07:11:30 -0400] "GET /the-rise-of-online-lottery-game/ HTTP/1.1" 404 1251 "-" "Mozilla/5.0 (compatible; AhrefsBot/7.0; +http://ahrefs.com/robot/)"
217.113.194.53 - - [31/Mar/2025:07:11:36 -0400] "GET /category/activity/page/21/ HTTP/1.1" 404 1251 "-" "Mozilla/5.0 (compatible; Barkrowler/0.9; +https://babbar.tech/crawler)"
217.113.194.58 - - [31/Mar/2025:07:11:52 -0400] "GET /category/activity/page/28/ HTTP/1.1" 404 1251 "-" "Mozilla/5.0 (compatible; Barkrowler/0.9; +https://babbar.tech/crawler)"
217.113.194.59 - - [31/Mar/2025:07:12:07 -0400] "GET /category/activity/page/29/ HTTP/1.1" 404 1251 "-" "Mozilla/5.0 (compatible; Barkrowler/0.9; +https://babbar.tech/crawler)"
51.222.253.4 - - [31/Mar/2025:07:12:11 -0400] "GET /chirurgien-dentiste-geneve/ HTTP/1.1" 404 1251 "-" "Mozilla/5.0 (compatible; AhrefsBot/7.0; +http://ahrefs.com/robot/)"
217.113.194.57 - - [31/Mar/2025:07:12:23 -0400] "GET /category/activity/page/23/ HTTP/1.1" 404 1251 "-" "Mozilla/5.0 (compatible; Barkrowler/0.9; +https://babbar.tech/crawler)"
217.113.194.59 - - [31/Mar/2025:07:12:38 -0400] "GET /category/activity/page/131/ HTTP/1.1" 404 1251 "-" "Mozilla/5.0 (compatible; Barkrowler/0.9; +https://babbar.tech/crawler)"
51.222.253.5 - - [31/Mar/2025:07:12:49 -0400] "GET /what-does-no-sim-restrictions-mean-on-your-iphone/ HTTP/1.1" 404 1251 "-" "Mozilla/5.0 (compatible; AhrefsBot/7.0; +http://ahrefs.com/robot/)"
217.113.194.59 - - [31/Mar/2025:07:12:54 -0400] "GET /category/activity/page/133/ HTTP/1.1" 404 1251 "-" "Mozilla/5.0 (compatible; Barkrowler/0.9; +https://babbar.tech/crawler)"
154.54.249.198 - - [31/Mar/2025:07:13:09 -0400] "GET /category/activity/page/132/ HTTP/1.1" 404 1251 "-" "Mozilla/5.0 (compatible; Barkrowler/0.9; +https://babbar.tech/crawler)"
217.113.194.54 - - [31/Mar/2025:07:13:25 -0400] "GET /category/activity/page/135/ HTTP/1.1" 404 1251 "-" "Mozilla/5.0 (compatible; Barkrowler/0.9; +https://babbar.tech/crawler)"
51.222.253.4 - - [31/Mar/2025:07:13:31 -0400] "GET /a-growing-trend/ HTTP/1.1" 404 1251 "-" "Mozilla/5.0 (compatible; AhrefsBot/7.0; +http://ahrefs.com/robot/)"
217.113.194.56 - - [31/Mar/2025:07:13:40 -0400] "GET /category/activity/page/137/ HTTP/1.1" 404 1251 "-" "Mozilla/5.0 (compatible; Barkrowler/0.9; +https://babbar.tech/crawler)"
217.113.194.60 - - [31/Mar/2025:07:13:56 -0400] "GET /category/activity/page/138/ HTTP/1.1" 404 1251 "-" "Mozilla/5.0 (compatible; Barkrowler/0.9; +https://babbar.tech/crawler)"
51.222.253.17 - - [31/Mar/2025:07:14:08 -0400] "GET /exploring-the-benefits-of-online-betting-sites/ HTTP/1.1" 404 1251 "-" "Mozilla/5.0 (compatible; AhrefsBot/7.0; +http://ahrefs.com/robot/)"
217.113.194.58 - - [31/Mar/2025:07:14:11 -0400] "GET /category/activity/page/130/ HTTP/1.1" 404 1251 "-" "Mozilla/5.0 (compatible; Barkrowler/0.9; +https://babbar.tech/crawler)"
217.113.194.52 - - [31/Mar/2025:07:14:27 -0400] "GET /category/activity/page/134/ HTTP/1.1" 404 1251 "-" "Mozilla/5.0 (compatible; Barkrowler/0.9; +https://babbar.tech/crawler)"
94.181.156.210 - - [31/Mar/2025:07:14:32 -0400] "GET /your-guide-to-preventive-healthcare/ HTTP/1.1" 404 1251 "-" "Mozilla/5.0 (Windows NT 6.3; Win64; x64) AppleWebKit/537.36 (KHTML, like Gecko) Chrome/75.0.3770.100 Safari/537.36"
217.113.194.58 - - [31/Mar/2025:07:14:42 -0400] "GET /category/activity/page/139/ HTTP/1.1" 404 1251 "-" "Mozilla/5.0 (compatible; Barkrowler/0.9; +https://babbar.tech/crawler)"
51.222.253.2 - - [31/Mar/2025:07:14:43 -0400] "GET /knee-high-grip-socks-for-workouts/ HTTP/1.1" 404 1251 "-" "Mozilla/5.0 (compatible; AhrefsBot/7.0; +http://ahrefs.com/robot/)"
217.113.194.52 - - [31/Mar/2025:07:14:58 -0400] "GET /category/activity/page/136/ HTTP/1.1" 404 1251 "-" "Mozilla/5.0 (compatible; Barkrowler/0.9; +https://babbar.tech/crawler)"
217.113.194.53 - - [31/Mar/2025:07:15:13 -0400] "GET /category/activity/page/111/ HTTP/1.1" 404 1251 "-" "Mozilla/5.0 (compatible; Barkrowler/0.9; +https://babbar.tech/crawler)"
134.17.14.122 - - [31/Mar/2025:07:15:16 -0400] "GET /wp-content/BypassBest.php HTTP/1.1" 404 1251 "-" "Mozilla/4.0 (compatible; MSIE 6.0; Windows NT 5.1; SV1)"
51.222.253.11 - - [31/Mar/2025:07:15:24 -0400] "GET /10-hair-and-beauty-salon-equipment-essentials/ HTTP/1.1" 404 1251 "-" "Mozilla/5.0 (compatible; AhrefsBot/7.0; +http://ahrefs.com/robot/)"
217.113.194.53 - - [31/Mar/2025:07:15:29 -0400] "GET /category/activity/page/113/ HTTP/1.1" 404 1251 "-" "Mozilla/5.0 (compatible; Barkrowler/0.9; +https://babbar.tech/crawler)"
217.113.194.53 - - [31/Mar/2025:07:15:44 -0400] "GET /category/activity/page/112/ HTTP/1.1" 404 1251 "-" "Mozilla/5.0 (compatible; Barkrowler/0.9; +https://babbar.tech/crawler)"
217.113.194.61 - - [31/Mar/2025:07:16:00 -0400] "GET /category/activity/page/115/ HTTP/1.1" 404 1251 "-" "Mozilla/5.0 (compatible; Barkrowler/0.9; +https://babbar.tech/crawler)"
51.222.253.19 - - [31/Mar/2025:07:16:03 -0400] "GET /the-rise-of-online-lottery-games/ HTTP/1.1" 404 1251 "-" "Mozilla/5.0 (compatible; AhrefsBot/7.0; +http://ahrefs.com/robot/)"
217.113.194.60 - - [31/Mar/2025:07:16:16 -0400] "GET /category/activity/page/117/ HTTP/1.1" 404 1251 "-" "Mozilla/5.0 (compatible; Barkrowler/0.9; +https://babbar.tech/crawler)"
217.113.194.56 - - [31/Mar/2025:07:16:31 -0400] "GET /category/activity/page/118/ HTTP/1.1" 404 1251 "-" "Mozilla/5.0 (compatible; Barkrowler/0.9; +https://babbar.tech/crawler)"
51.222.253.1 - - [31/Mar/2025:07:16:46 -0400] "GET /innovation-at-its-core/ HTTP/1.1" 404 1251 "-" "Mozilla/5.0 (compatible; AhrefsBot/7.0; +http://ahrefs.com/robot/)"
217.113.194.54 - - [31/Mar/2025:07:16:47 -0400] "GET /category/activity/page/110/ HTTP/1.1" 404 1251 "-" "Mozilla/5.0 (compatible; Barkrowler/0.9; +https://babbar.tech/crawler)"
217.113.194.59 - - [31/Mar/2025:07:17:02 -0400] "GET /category/activity/page/114/ HTTP/1.1" 404 1251 "-" "Mozilla/5.0 (compatible; Barkrowler/0.9; +https://babbar.tech/crawler)"
217.113.194.56 - - [31/Mar/2025:07:17:19 -0400] "GET /category/activity/page/119/ HTTP/1.1" 404 1251 "-" "Mozilla/5.0 (compatible; Barkrowler/0.9; +https://babbar.tech/crawler)"
217.113.194.59 - - [31/Mar/2025:07:17:34 -0400] "GET /category/activity/page/116/ HTTP/1.1" 404 1251 "-" "Mozilla/5.0 (compatible; Barkrowler/0.9; +https://babbar.tech/crawler)"
51.222.253.14 - - [31/Mar/2025:07:17:36 -0400] "GET /maximizing-your-search-on-google/ HTTP/1.1" 404 1251 "-" "Mozilla/5.0 (compatible; AhrefsBot/7.0; +http://ahrefs.com/robot/)"
217.113.194.52 - - [31/Mar/2025:07:17:50 -0400] "GET /category/activity/page/121/ HTTP/1.1" 404 1251 "-" "Mozilla/5.0 (compatible; Barkrowler/0.9; +https://babbar.tech/crawler)"
217.113.194.56 - - [31/Mar/2025:07:18:05 -0400] "GET /category/activity/page/123/ HTTP/1.1" 404 1251 "-" "Mozilla/5.0 (compatible; Barkrowler/0.9; +https://babbar.tech/crawler)"
51.222.253.14 - - [31/Mar/2025:07:18:12 -0400] "GET /online-accounting-services/ HTTP/1.1" 404 1251 "-" "Mozilla/5.0 (compatible; AhrefsBot/7.0; +http://ahrefs.com/robot/)"
154.54.249.198 - - [31/Mar/2025:07:18:21 -0400] "GET /category/activity/page/122/ HTTP/1.1" 404 1251 "-" "Mozilla/5.0 (compatible; Barkrowler/0.9; +https://babbar.tech/crawler)"
217.113.194.53 - - [31/Mar/2025:07:18:36 -0400] "GET /category/activity/page/125/ HTTP/1.1" 404 1251 "-" "Mozilla/5.0 (compatible; Barkrowler/0.9; +https://babbar.tech/crawler)"
217.113.194.57 - - [31/Mar/2025:07:18:52 -0400] "GET /category/activity/page/127/ HTTP/1.1" 404 1251 "-" "Mozilla/5.0 (compatible; Barkrowler/0.9; +https://babbar.tech/crawler)"
217.113.194.60 - - [31/Mar/2025:07:19:07 -0400] "GET /category/activity/page/128/ HTTP/1.1" 404 1251 "-" "Mozilla/5.0 (compatible; Barkrowler/0.9; +https://babbar.tech/crawler)"
51.222.253.8 - - [31/Mar/2025:07:19:16 -0400] "GET /category/activity/page/4/ HTTP/1.1" 404 1251 "-" "Mozilla/5.0 (compatible; AhrefsBot/7.0; +http://ahrefs.com/robot/)"
217.113.194.53 - - [31/Mar/2025:07:19:23 -0400] "GET /category/activity/page/120/ HTTP/1.1" 404 1251 "-" "Mozilla/5.0 (compatible; Barkrowler/0.9; +https://babbar.tech/crawler)"
51.222.253.2 - - [31/Mar/2025:07:19:35 -0400] "GET /slot-gacor-hari-ini/ HTTP/1.1" 404 1251 "-" "Mozilla/5.0 (compatible; AhrefsBot/7.0; +http://ahrefs.com/robot/)"
154.54.249.198 - - [31/Mar/2025:07:19:38 -0400] "GET /category/activity/page/124/ HTTP/1.1" 404 1251 "-" "Mozilla/5.0 (compatible; Barkrowler/0.9; +https://babbar.tech/crawler)"
114.119.163.52 - - [31/Mar/2025:07:19:52 -0400] "GET /wings-and-whispers-the-enigmatic-crow-tour/ HTTP/1.1" 404 1251 "https://freelancingclients.com/page/93/" "Mozilla/5.0 (Linux; Android 7.0;) AppleWebKit/537.36 (KHTML, like Gecko) Mobile Safari/537.36 (compatible; PetalBot;+https://webmaster.petalsearch.com/site/petalbot)"
217.113.194.55 - - [31/Mar/2025:07:19:54 -0400] "GET /category/activity/page/129/ HTTP/1.1" 404 1251 "-" "Mozilla/5.0 (compatible; Barkrowler/0.9; +https://babbar.tech/crawler)"
154.54.249.198 - - [31/Mar/2025:07:20:09 -0400] "GET /category/activity/page/126/ HTTP/1.1" 404 1251 "-" "Mozilla/5.0 (compatible; Barkrowler/0.9; +https://babbar.tech/crawler)"
51.222.253.4 - - [31/Mar/2025:07:20:13 -0400] "GET /unraveling-style-the-artistry-of-stitch-clothing/ HTTP/1.1" 404 1251 "-" "Mozilla/5.0 (compatible; AhrefsBot/7.0; +http://ahrefs.com/robot/)"
217.113.194.53 - - [31/Mar/2025:07:20:25 -0400] "GET /category/activity/page/101/ HTTP/1.1" 404 1251 "-" "Mozilla/5.0 (compatible; Barkrowler/0.9; +https://babbar.tech/crawler)"
217.113.194.58 - - [31/Mar/2025:07:20:41 -0400] "GET /category/activity/page/103/ HTTP/1.1" 404 1251 "-" "Mozilla/5.0 (compatible; Barkrowler/0.9; +https://babbar.tech/crawler)"
51.222.253.20 - - [31/Mar/2025:07:20:53 -0400] "GET /verhandlungstraining-schlussel-zum-erfolg/ HTTP/1.1" 404 1251 "-" "Mozilla/5.0 (compatible; AhrefsBot/7.0; +http://ahrefs.com/robot/)"
217.113.194.56 - - [31/Mar/2025:07:20:56 -0400] "GET /robots.txt HTTP/1.1" 404 1251 "-" "Mozilla/5.0 (compatible; Barkrowler/0.9; +https://babbar.tech/crawler)"
217.113.194.59 - - [31/Mar/2025:07:21:12 -0400] "GET /category/activity/page/102/ HTTP/1.1" 404 1251 "-" "Mozilla/5.0 (compatible; Barkrowler/0.9; +https://babbar.tech/crawler)"
114.119.138.170 - - [31/Mar/2025:07:21:15 -0400] "GET /the-green-bath-rugs-guide-choosing-eco-friendly-bath-rugs/ HTTP/1.1" 404 1251 "https://freelancingclients.com/page/146/" "Mozilla/5.0 (Linux; Android 7.0;) AppleWebKit/537.36 (KHTML, like Gecko) Mobile Safari/537.36 (compatible; PetalBot;+https://webmaster.petalsearch.com/site/petalbot)"
217.113.194.55 - - [31/Mar/2025:07:21:27 -0400] "GET /category/activity/page/105/ HTTP/1.1" 404 1251 "-" "Mozilla/5.0 (compatible; Barkrowler/0.9; +https://babbar.tech/crawler)"
51.222.253.9 - - [31/Mar/2025:07:21:34 -0400] "GET /unveiling-the-thrills-of-the-online-casino-experience/ HTTP/1.1" 404 1251 "-" "Mozilla/5.0 (compatible; AhrefsBot/7.0; +http://ahrefs.com/robot/)"
217.113.194.55 - - [31/Mar/2025:07:21:43 -0400] "GET /category/activity/page/107/ HTTP/1.1" 404 1251 "-" "Mozilla/5.0 (compatible; Barkrowler/0.9; +https://babbar.tech/crawler)"
185.191.171.16 - - [31/Mar/2025:07:21:53 -0400] "GET /robots.txt HTTP/1.1" 404 1251 "-" "Mozilla/5.0 (compatible; SemrushBot/7~bl; +http://www.semrush.com/bot.html)"
85.208.96.204 - - [31/Mar/2025:07:21:54 -0400] "GET /what-does-2nd-generation-iphone-mean/ HTTP/1.1" 404 1251 "-" "Mozilla/5.0 (compatible; SemrushBot/7~bl; +http://www.semrush.com/bot.html)"
217.113.194.53 - - [31/Mar/2025:07:21:58 -0400] "GET /category/activity/page/108/ HTTP/1.1" 404 1251 "-" "Mozilla/5.0 (compatible; Barkrowler/0.9; +https://babbar.tech/crawler)"
51.222.253.6 - - [31/Mar/2025:07:22:13 -0400] "GET /a-haven-of-luxury-and-style/ HTTP/1.1" 404 1251 "-" "Mozilla/5.0 (compatible; AhrefsBot/7.0; +http://ahrefs.com/robot/)"
217.113.194.57 - - [31/Mar/2025:07:22:14 -0400] "GET /category/activity/page/104/ HTTP/1.1" 404 1251 "-" "Mozilla/5.0 (compatible; Barkrowler/0.9; +https://babbar.tech/crawler)"
217.113.194.54 - - [31/Mar/2025:07:22:29 -0400] "GET /category/activity/page/109/ HTTP/1.1" 404 1251 "-" "Mozilla/5.0 (compatible; Barkrowler/0.9; +https://babbar.tech/crawler)"
217.113.194.53 - - [31/Mar/2025:07:22:45 -0400] "GET /category/activity/page/106/ HTTP/1.1" 404 1251 "-" "Mozilla/5.0 (compatible; Barkrowler/0.9; +https://babbar.tech/crawler)"
114.119.155.170 - - [31/Mar/2025:07:22:45 -0400] "GET /soaring-through-the-skies-the-phenomenon-of-skyzone-socks/ HTTP/1.1" 404 1251 "https://freelancingclients.com/page/70/" "Mozilla/5.0 (Linux; Android 7.0;) AppleWebKit/537.36 (KHTML, like Gecko) Mobile Safari/537.36 (compatible; PetalBot;+https://webmaster.petalsearch.com/site/petalbot)"
36.226.217.158 - - [31/Mar/2025:07:22:47 -0400] "GET / HTTP/1.1" 403 1242 "https://freelancingclients.com/" "Mozilla/5.0 (Windows NT 6.1; WOW64) AppleWebKit/537.36 (KHTML, like Gecko) Chrome/34.0.3481.908 Safari/537.36"
51.222.253.3 - - [31/Mar/2025:07:22:48 -0400] "GET /exploring-the-world-of-online-lottery-games/ HTTP/1.1" 404 1251 "-" "Mozilla/5.0 (compatible; AhrefsBot/7.0; +http://ahrefs.com/robot/)"
217.113.194.58 - - [31/Mar/2025:07:23:00 -0400] "GET /category/activity/page/151/ HTTP/1.1" 404 1251 "-" "Mozilla/5.0 (compatible; Barkrowler/0.9; +https://babbar.tech/crawler)"
217.113.194.57 - - [31/Mar/2025:07:23:16 -0400] "GET /category/activity/page/153/ HTTP/1.1" 404 1251 "-" "Mozilla/5.0 (compatible; Barkrowler/0.9; +https://babbar.tech/crawler)"
51.222.253.8 - - [31/Mar/2025:07:23:28 -0400] "GET /die-faszination-moderner-hangeleuchten/ HTTP/1.1" 404 1251 "-" "Mozilla/5.0 (compatible; AhrefsBot/7.0; +http://ahrefs.com/robot/)"
217.113.194.54 - - [31/Mar/2025:07:23:31 -0400] "GET /category/activity/page/152/ HTTP/1.1" 404 1251 "-" "Mozilla/5.0 (compatible; Barkrowler/0.9; +https://babbar.tech/crawler)"
185.191.171.14 - - [31/Mar/2025:07:23:41 -0400] "GET /gros-chausson/ HTTP/1.1" 404 1251 "-" "Mozilla/5.0 (compatible; SemrushBot/7~bl; +http://www.semrush.com/bot.html)"
217.113.194.52 - - [31/Mar/2025:07:23:47 -0400] "GET /category/activity/page/155/ HTTP/1.1" 404 1251 "-" "Mozilla/5.0 (compatible; Barkrowler/0.9; +https://babbar.tech/crawler)"
217.113.194.57 - - [31/Mar/2025:07:24:02 -0400] "GET /category/activity/page/157/ HTTP/1.1" 404 1251 "-" "Mozilla/5.0 (compatible; Barkrowler/0.9; +https://babbar.tech/crawler)"
114.119.136.245 - - [31/Mar/2025:07:24:04 -0400] "GET /tag-heuer-battery-replacement/ HTTP/1.1" 404 1251 "https://freelancingclients.com/tag-heuer-battery-replacement/" "Mozilla/5.0 (Linux; Android 7.0;) AppleWebKit/537.36 (KHTML, like Gecko) Mobile Safari/537.36 (compatible; PetalBot;+https://webmaster.petalsearch.com/site/petalbot)"
185.191.171.15 - - [31/Mar/2025:07:24:06 -0400] "GET /entdecken-sie-die-ruhe-im-landal-travemunde/ HTTP/1.1" 404 1251 "-" "Mozilla/5.0 (compatible; SemrushBot/7~bl; +http://www.semrush.com/bot.html)"
51.222.253.19 - - [31/Mar/2025:07:24:09 -0400] "GET /the-evolution-of-online-betting-transforming-entertainment-and-industry-dynamics/ HTTP/1.1" 404 1251 "-" "Mozilla/5.0 (compatible; AhrefsBot/7.0; +http://ahrefs.com/robot/)"
217.113.194.54 - - [31/Mar/2025:07:24:18 -0400] "GET /category/activity/page/158/ HTTP/1.1" 404 1251 "-" "Mozilla/5.0 (compatible; Barkrowler/0.9; +https://babbar.tech/crawler)"
217.113.194.57 - - [31/Mar/2025:07:24:33 -0400] "GET /category/activity/page/150/ HTTP/1.1" 404 1251 "-" "Mozilla/5.0 (compatible; Barkrowler/0.9; +https://babbar.tech/crawler)"
51.222.253.4 - - [31/Mar/2025:07:24:47 -0400] "GET /innovative-solutions-for-adhesion-challenges/ HTTP/1.1" 404 1251 "-" "Mozilla/5.0 (compatible; AhrefsBot/7.0; +http://ahrefs.com/robot/)"
154.54.249.198 - - [31/Mar/2025:07:24:49 -0400] "GET /category/activity/page/154/ HTTP/1.1" 404 1251 "-" "Mozilla/5.0 (compatible; Barkrowler/0.9; +https://babbar.tech/crawler)"
154.54.249.198 - - [31/Mar/2025:07:25:05 -0400] "GET /category/activity/page/159/ HTTP/1.1" 404 1251 "-" "Mozilla/5.0 (compatible; Barkrowler/0.9; +https://babbar.tech/crawler)"
217.113.194.61 - - [31/Mar/2025:07:25:20 -0400] "GET /category/activity/page/156/ HTTP/1.1" 404 1251 "-" "Mozilla/5.0 (compatible; Barkrowler/0.9; +https://babbar.tech/crawler)"
114.119.153.50 - - [31/Mar/2025:07:25:24 -0400] "GET /page/41/ HTTP/1.1" 404 1251 "https://freelancingclients.com/page/40/" "Mozilla/5.0 (Linux; Android 7.0;) AppleWebKit/537.36 (KHTML, like Gecko) Mobile Safari/537.36 (compatible; PetalBot;+https://webmaster.petalsearch.com/site/petalbot)"
51.222.253.10 - - [31/Mar/2025:07:25:31 -0400] "GET /the-british-aikido-board-national-nepotism-seminar/ HTTP/1.1" 404 1251 "-" "Mozilla/5.0 (compatible; AhrefsBot/7.0; +http://ahrefs.com/robot/)"
217.113.194.55 - - [31/Mar/2025:07:25:36 -0400] "GET /category/activity/page/141/ HTTP/1.1" 404 1251 "-" "Mozilla/5.0 (compatible; Barkrowler/0.9; +https://babbar.tech/crawler)"
217.113.194.55 - - [31/Mar/2025:07:25:51 -0400] "GET /category/activity/page/143/ HTTP/1.1" 404 1251 "-" "Mozilla/5.0 (compatible; Barkrowler/0.9; +https://babbar.tech/crawler)"
217.113.194.61 - - [31/Mar/2025:07:26:07 -0400] "GET /category/activity/page/142/ HTTP/1.1" 404 1251 "-" "Mozilla/5.0 (compatible; Barkrowler/0.9; +https://babbar.tech/crawler)"
51.222.253.10 - - [31/Mar/2025:07:26:11 -0400] "GET /breaking-the-ice-unveiling-the-art-of-dating-with-irresistible-questions/ HTTP/1.1" 404 1251 "-" "Mozilla/5.0 (compatible; AhrefsBot/7.0; +http://ahrefs.com/robot/)"
217.113.194.56 - - [31/Mar/2025:07:26:22 -0400] "GET /category/activity/page/145/ HTTP/1.1" 404 1251 "-" "Mozilla/5.0 (compatible; Barkrowler/0.9; +https://babbar.tech/crawler)"
217.113.194.61 - - [31/Mar/2025:07:26:38 -0400] "GET /category/activity/page/147/ HTTP/1.1" 404 1251 "-" "Mozilla/5.0 (compatible; Barkrowler/0.9; +https://babbar.tech/crawler)"
114.119.155.170 - - [31/Mar/2025:07:26:48 -0400] "GET /the-concept-behind-rolodoc/ HTTP/1.1" 404 1251 "https://freelancingclients.com/category/activity/page/6/" "Mozilla/5.0 (Linux; Android 7.0;) AppleWebKit/537.36 (KHTML, like Gecko) Mobile Safari/537.36 (compatible; PetalBot;+https://webmaster.petalsearch.com/site/petalbot)"
