198.54.114.83 - - [31/Mar/2025:01:58:06 -0400] "POST /wp-cron.php?doing_wp_cron=1743400686.6521420478820800781250 HTTP/1.1" 200 0 "-" "WordPress/6.7.2; https://inversionesgoldie.com"
149.88.101.23 - - [31/Mar/2025:01:58:06 -0400] "GET /images/a.php HTTP/1.1" 404 8278 "-" "Go-http-client/1.1"
149.88.101.23 - - [31/Mar/2025:01:58:07 -0400] "GET /wp-includes/class-wp-user-wp.php HTTP/1.1" 404 8272 "-" "Go-http-client/1.1"
149.88.101.23 - - [31/Mar/2025:01:58:07 -0400] "GET /x.php HTTP/1.1" 404 8272 "-" "Go-http-client/1.1"
149.88.101.23 - - [31/Mar/2025:01:58:09 -0400] "GET /wp-includes/sylib.php HTTP/1.1" 404 8272 "-" "Go-http-client/1.1"
149.88.101.23 - - [31/Mar/2025:01:58:10 -0400] "GET /plugin.php HTTP/1.1" 404 8272 "-" "Go-http-client/1.1"
149.88.101.23 - - [31/Mar/2025:01:58:10 -0400] "GET /link.php HTTP/1.1" 404 8272 "-" "Go-http-client/1.1"
149.88.101.23 - - [31/Mar/2025:01:58:11 -0400] "GET /wp-admin/user/wp-login.php HTTP/1.1" 404 8272 "-" "Go-http-client/1.1"
149.88.101.23 - - [31/Mar/2025:01:58:11 -0400] "GET /jp.php HTTP/1.1" 404 8272 "-" "Go-http-client/1.1"
149.88.101.23 - - [31/Mar/2025:01:58:13 -0400] "GET /wp-includes/dir/wp-login.php HTTP/1.1" 404 8272 "-" "Go-http-client/1.1"
149.88.101.23 - - [31/Mar/2025:01:58:15 -0400] "GET /wp-scr1pts.php HTTP/1.1" 404 8274 "-" "Go-http-client/1.1"
149.88.101.23 - - [31/Mar/2025:01:58:15 -0400] "GET /wp-22.php HTTP/1.1" 404 8272 "-" "Go-http-client/1.1"
149.88.101.23 - - [31/Mar/2025:01:58:20 -0400] "GET /wp-includes/js/crop/wp-admin.php HTTP/1.1" 404 8272 "-" "Go-http-client/1.1"
149.88.101.23 - - [31/Mar/2025:01:58:20 -0400] "GET /wp-the1me.php HTTP/1.1" 404 8272 "-" "Go-http-client/1.1"
149.88.101.23 - - [31/Mar/2025:01:58:22 -0400] "GET /.well-known/pki-validation/alfa.php HTTP/1.1" 404 1251 "-" "Go-http-client/1.1"
149.88.101.23 - - [31/Mar/2025:01:58:24 -0400] "GET /images/bannerads/1578087141_v3.php HTTP/1.1" 404 8272 "-" "Go-http-client/1.1"
149.88.101.23 - - [31/Mar/2025:01:58:26 -0400] "GET /wp-includes/fonts/wp-login.php HTTP/1.1" 404 8272 "-" "Go-http-client/1.1"
149.88.101.23 - - [31/Mar/2025:01:58:30 -0400] "GET /wp-includes/js/jcrop/Jcrop.php HTTP/1.1" 404 8272 "-" "Go-http-client/1.1"
149.88.101.23 - - [31/Mar/2025:01:58:34 -0400] "GET /wp-includes/PHPMailer/plugins.php HTTP/1.1" 404 8272 "-" "Go-http-client/1.1"
149.88.101.23 - - [31/Mar/2025:01:58:40 -0400] "GET /.well-known/acme-challenge/settings.php HTTP/1.1" 404 8272 "-" "Go-http-client/1.1"
149.88.101.23 - - [31/Mar/2025:01:58:42 -0400] "GET /wp-includes/customize/aogbgreen.php HTTP/1.1" 404 8271 "-" "Go-http-client/1.1"
149.88.101.23 - - [31/Mar/2025:01:58:43 -0400] "GET /.well-known/pki-validation/bak.php HTTP/1.1" 404 1251 "-" "Go-http-client/1.1"
149.88.101.23 - - [31/Mar/2025:01:58:43 -0400] "GET /Marvins.php HTTP/1.1" 404 8272 "-" "Go-http-client/1.1"
149.88.101.23 - - [31/Mar/2025:01:58:46 -0400] "GET /1.php?apx=upx HTTP/1.1" 404 8272 "-" "Go-http-client/1.1"
198.54.114.83 - - [31/Mar/2025:01:58:51 -0400] "POST /wp-cron.php?doing_wp_cron=1743400731.1517310142517089843750 HTTP/1.1" 200 0 "-" "WordPress/6.7.2; https://inversionesgoldie.com"
149.88.101.23 - - [31/Mar/2025:01:58:51 -0400] "GET /wp-conflg.php?p= HTTP/1.1" 301 0 "-" "Go-http-client/1.1"
149.88.101.23 - - [31/Mar/2025:01:58:51 -0400] "GET /wp-conflg.php HTTP/1.1" 404 8272 "http://inversionesgoldie.com/wp-conflg.php?p=" "Go-http-client/1.1"
149.88.101.23 - - [31/Mar/2025:01:59:15 -0400] "GET /wp-includes/js/tinymce/plugins/compat3x/content.php HTTP/1.1" 404 8274 "-" "Go-http-client/1.1"
149.88.101.23 - - [31/Mar/2025:01:59:16 -0400] "GET /.well-known/pki-validation/baooorix.php HTTP/1.1" 404 1251 "-" "Go-http-client/1.1"
149.88.101.23 - - [31/Mar/2025:01:59:16 -0400] "GET /images/b374k-mini-shell.php HTTP/1.1" 404 8272 "-" "Go-http-client/1.1"
149.88.101.23 - - [31/Mar/2025:01:59:17 -0400] "GET /.well-known/pki-validation/defaults.php HTTP/1.1" 404 1251 "-" "Go-http-client/1.1"
149.88.101.23 - - [31/Mar/2025:01:59:17 -0400] "GET /images/autoload_classmap.php HTTP/1.1" 404 8272 "-" "Go-http-client/1.1"
149.88.101.23 - - [31/Mar/2025:01:59:18 -0400] "GET /wp-includes/rest-api/NzY6AS.php HTTP/1.1" 404 8272 "-" "Go-http-client/1.1"
149.88.101.23 - - [31/Mar/2025:01:59:21 -0400] "GET /css/index.php HTTP/1.1" 301 0 "-" "Go-http-client/1.1"
149.88.101.23 - - [31/Mar/2025:01:59:28 -0400] "GET /indo.php HTTP/1.1" 404 8272 "-" "Go-http-client/1.1"
149.88.101.23 - - [31/Mar/2025:01:59:29 -0400] "GET /js/about.php HTTP/1.1" 404 8272 "-" "Go-http-client/1.1"
149.88.101.23 - - [31/Mar/2025:01:59:29 -0400] "GET /crop.php HTTP/1.1" 404 8272 "-" "Go-http-client/1.1"
149.88.101.23 - - [31/Mar/2025:01:59:30 -0400] "GET /wp-admin/admin.php HTTP/1.1" 302 0 "-" "Go-http-client/1.1"
149.88.101.23 - - [31/Mar/2025:01:59:37 -0400] "GET /991176.php HTTP/1.1" 404 8272 "-" "Go-http-client/1.1"
149.88.101.23 - - [31/Mar/2025:01:59:40 -0400] "GET /cong.php HTTP/1.1" 404 8272 "-" "Go-http-client/1.1"
149.88.101.23 - - [31/Mar/2025:01:59:42 -0400] "GET /wp-admin/js/index.php HTTP/1.1" 301 0 "-" "Go-http-client/1.1"
149.88.101.23 - - [31/Mar/2025:01:59:44 -0400] "GET /wp-admin/js/ HTTP/1.1" 403 1242 "http://inversionesgoldie.com/wp-admin/js/index.php" "Go-http-client/1.1"
198.54.114.83 - - [31/Mar/2025:01:59:49 -0400] "POST /wp-cron.php?doing_wp_cron=1743400789.0292060375213623046875 HTTP/1.1" 200 0 "-" "WordPress/6.7.2; https://inversionesgoldie.com"
149.88.101.23 - - [31/Mar/2025:01:59:48 -0400] "GET /js/autoload_classmap.php HTTP/1.1" 404 8272 "-" "Go-http-client/1.1"
149.88.101.23 - - [31/Mar/2025:01:59:49 -0400] "GET /images/func.php_ HTTP/1.1" 404 8272 "-" "Go-http-client/1.1"
149.88.101.23 - - [31/Mar/2025:01:59:50 -0400] "GET /.well-known/pki-validation/doc.php HTTP/1.1" 404 1251 "-" "Go-http-client/1.1"
149.88.101.23 - - [31/Mar/2025:01:59:50 -0400] "GET /wp-includes/css/index.php HTTP/1.1" 301 0 "-" "Go-http-client/1.1"
149.88.101.23 - - [31/Mar/2025:01:59:51 -0400] "GET /wp-includes/css/ HTTP/1.1" 403 1242 "http://inversionesgoldie.com/wp-includes/css/index.php" "Go-http-client/1.1"
149.88.101.23 - - [31/Mar/2025:01:59:51 -0400] "GET /wp-admin/maint/index.php HTTP/1.1" 301 0 "-" "Go-http-client/1.1"
149.88.101.23 - - [31/Mar/2025:01:59:51 -0400] "GET /wp-admin/maint/ HTTP/1.1" 403 1242 "http://inversionesgoldie.com/wp-admin/maint/index.php" "Go-http-client/1.1"
149.88.101.23 - - [31/Mar/2025:01:59:52 -0400] "GET /wp-content/admin.php HTTP/1.1" 404 8271 "-" "Go-http-client/1.1"
149.88.101.23 - - [31/Mar/2025:01:59:52 -0400] "GET /lv.php HTTP/1.1" 404 8271 "-" "Go-http-client/1.1"
149.88.101.23 - - [31/Mar/2025:01:59:53 -0400] "GET /wp-includes/sitemaps/about.php HTTP/1.1" 404 8272 "-" "Go-http-client/1.1"
149.88.101.23 - - [31/Mar/2025:01:59:53 -0400] "GET /wp-admin/about.php HTTP/1.1" 302 0 "-" "Go-http-client/1.1"
149.88.101.23 - - [31/Mar/2025:01:59:57 -0400] "GET /atomlib.php HTTP/1.1" 404 8272 "-" "Go-http-client/1.1"
149.88.101.23 - - [31/Mar/2025:01:59:59 -0400] "GET /wp-content/tmpls.php HTTP/1.1" 404 8271 "-" "Go-http-client/1.1"
149.88.101.23 - - [31/Mar/2025:02:00:00 -0400] "GET /as.php HTTP/1.1" 404 8271 "-" "Go-http-client/1.1"
149.88.101.23 - - [31/Mar/2025:02:00:02 -0400] "GET /randkeyword.php HTTP/1.1" 404 8272 "-" "Go-http-client/1.1"
149.88.101.23 - - [31/Mar/2025:02:00:05 -0400] "GET /wp-admin/install.php HTTP/1.1" 200 523 "-" "Go-http-client/1.1"
149.88.101.23 - - [31/Mar/2025:02:00:14 -0400] "GET /assets/radio.php HTTP/1.1" 404 8272 "-" "Go-http-client/1.1"
149.88.101.23 - - [31/Mar/2025:02:00:17 -0400] "GET /file.php HTTP/1.1" 404 8272 "-" "Go-http-client/1.1"
149.88.101.23 - - [31/Mar/2025:02:00:20 -0400] "GET /wp-content/content.php HTTP/1.1" 404 8272 "-" "Go-http-client/1.1"
149.88.101.23 - - [31/Mar/2025:02:00:20 -0400] "GET /lock.php HTTP/1.1" 404 8272 "-" "Go-http-client/1.1"
149.88.101.23 - - [31/Mar/2025:02:00:21 -0400] "GET /images/v1.php HTTP/1.1" 404 8272 "-" "Go-http-client/1.1"
149.88.101.23 - - [31/Mar/2025:02:00:21 -0400] "GET /uploads/_1681078363.php HTTP/1.1" 404 8272 "-" "Go-http-client/1.1"
149.88.101.23 - - [31/Mar/2025:02:00:22 -0400] "GET /css/leafmailer.php HTTP/1.1" 404 8271 "-" "Go-http-client/1.1"
149.88.101.23 - - [31/Mar/2025:02:00:22 -0400] "GET /bs1.php HTTP/1.1" 404 8271 "-" "Go-http-client/1.1"
149.88.101.23 - - [31/Mar/2025:02:00:23 -0400] "GET /js/404.php HTTP/1.1" 404 8272 "-" "Go-http-client/1.1"
149.88.101.23 - - [31/Mar/2025:02:00:23 -0400] "GET /wp-content/languages/index.php HTTP/1.1" 301 0 "-" "Go-http-client/1.1"
149.88.101.23 - - [31/Mar/2025:02:00:24 -0400] "GET /wp-content/languages/ HTTP/1.1" 404 8272 "http://inversionesgoldie.com/wp-content/languages/index.php" "Go-http-client/1.1"
149.88.101.23 - - [31/Mar/2025:02:00:24 -0400] "GET /.well-known/pki-validation/index.php HTTP/1.1" 404 1251 "-" "Go-http-client/1.1"
149.88.101.23 - - [31/Mar/2025:02:00:24 -0400] "GET /.well-known/pki-validation/admin.php HTTP/1.1" 404 1251 "-" "Go-http-client/1.1"
149.88.101.23 - - [31/Mar/2025:02:00:25 -0400] "GET /.well-known/acme-challenge/plugins.php HTTP/1.1" 404 8272 "-" "Go-http-client/1.1"
149.88.101.23 - - [31/Mar/2025:02:00:25 -0400] "GET /.well-known/pki-validation/ HTTP/1.1" 404 1251 "-" "Go-http-client/1.1"
149.88.101.23 - - [31/Mar/2025:02:00:25 -0400] "GET /wp-includes/admin.php HTTP/1.1" 404 8272 "-" "Go-http-client/1.1"
149.88.101.23 - - [31/Mar/2025:02:00:26 -0400] "GET /about/function.php HTTP/1.1" 404 8272 "-" "Go-http-client/1.1"
149.88.101.23 - - [31/Mar/2025:02:00:27 -0400] "GET /.well-known/admin.php HTTP/1.1" 404 8272 "-" "Go-http-client/1.1"
149.88.101.23 - - [31/Mar/2025:02:00:27 -0400] "GET /.well-known/pki-validation/wp.php HTTP/1.1" 404 1251 "-" "Go-http-client/1.1"
149.88.101.23 - - [31/Mar/2025:02:00:28 -0400] "GET /wp-admin/images/index.php HTTP/1.1" 301 0 "-" "Go-http-client/1.1"
149.88.101.23 - - [31/Mar/2025:02:00:28 -0400] "GET /wp-admin/images/ HTTP/1.1" 403 1242 "http://inversionesgoldie.com/wp-admin/images/index.php" "Go-http-client/1.1"
149.88.101.23 - - [31/Mar/2025:02:00:28 -0400] "GET /upload.php HTTP/1.1" 404 8272 "-" "Go-http-client/1.1"
149.88.101.23 - - [31/Mar/2025:02:00:29 -0400] "GET /wp-admin/wp-login.php HTTP/1.1" 404 8272 "-" "Go-http-client/1.1"
149.88.101.23 - - [31/Mar/2025:02:00:30 -0400] "GET /lock360.php HTTP/1.1" 404 8272 "-" "Go-http-client/1.1"
149.88.101.23 - - [31/Mar/2025:02:00:31 -0400] "GET /wp-admin/js/network.php HTTP/1.1" 404 8272 "-" "Go-http-client/1.1"
149.88.101.23 - - [31/Mar/2025:02:00:33 -0400] "GET /wp-signup.php HTTP/1.1" 302 0 "-" "Go-http-client/1.1"
149.88.101.23 - - [31/Mar/2025:02:00:35 -0400] "GET /class.php HTTP/1.1" 404 8272 "-" "Go-http-client/1.1"
198.54.114.83 - - [31/Mar/2025:02:00:56 -0400] "POST /wp-cron.php?doing_wp_cron=1743400856.2971389293670654296875 HTTP/1.1" 200 0 "-" "WordPress/6.7.2; https://inversionesgoldie.com"
149.88.101.23 - - [31/Mar/2025:02:00:56 -0400] "GET /themes.php? HTTP/1.1" 200 0 "-" "Go-http-client/1.1"
149.88.101.23 - - [31/Mar/2025:02:01:04 -0400] "GET /cgi-bin/wp-login.php HTTP/1.1" 404 8272 "-" "Go-http-client/1.1"
149.88.101.23 - - [31/Mar/2025:02:01:04 -0400] "GET /.well-known/pki-validation/%20.php HTTP/1.1" 404 1251 "-" "Go-http-client/1.1"
149.88.101.23 - - [31/Mar/2025:02:01:05 -0400] "GET /x/index.php HTTP/1.1" 301 0 "-" "Go-http-client/1.1"
149.88.101.23 - - [31/Mar/2025:02:01:06 -0400] "GET /x/ HTTP/1.1" 404 8272 "http://inversionesgoldie.com/x/index.php" "Go-http-client/1.1"
149.88.101.23 - - [31/Mar/2025:02:01:07 -0400] "GET /wp-includes/certificates/plugins.php HTTP/1.1" 404 8272 "-" "Go-http-client/1.1"
149.88.101.23 - - [31/Mar/2025:02:01:10 -0400] "GET /wp-content/plugins/autoplugin/vendor/xMAN.php HTTP/1.1" 404 8272 "-" "Go-http-client/1.1"
149.88.101.23 - - [31/Mar/2025:02:01:12 -0400] "GET /css/Marvins.php HTTP/1.1" 404 8272 "-" "Go-http-client/1.1"
149.88.101.23 - - [31/Mar/2025:02:01:13 -0400] "GET /wp-includes/Text/wp-login.php HTTP/1.1" 404 8272 "-" "Go-http-client/1.1"
149.88.101.23 - - [31/Mar/2025:02:01:14 -0400] "GET /images/Marvins.php HTTP/1.1" 404 8272 "-" "Go-http-client/1.1"
149.88.101.23 - - [31/Mar/2025:02:01:15 -0400] "GET /wp-content/languages/as.php HTTP/1.1" 404 8273 "-" "Go-http-client/1.1"
149.88.101.23 - - [31/Mar/2025:02:01:19 -0400] "GET /wp-includes/js/tinymce/profile.php HTTP/1.1" 404 8272 "-" "Go-http-client/1.1"
149.88.101.23 - - [31/Mar/2025:02:01:23 -0400] "GET /images/wp-login.php HTTP/1.1" 404 8271 "-" "Go-http-client/1.1"
149.88.101.23 - - [31/Mar/2025:02:01:24 -0400] "GET /vendor/phpunit/phpunit/src/Util/PHP/kill.php HTTP/1.1" 404 8272 "-" "Go-http-client/1.1"
149.88.101.23 - - [31/Mar/2025:02:01:29 -0400] "GET /worksec.php HTTP/1.1" 404 8272 "-" "Go-http-client/1.1"
149.88.101.23 - - [31/Mar/2025:02:01:30 -0400] "GET /wp-includes/class-json-meta.php HTTP/1.1" 404 8271 "-" "Go-http-client/1.1"
149.88.101.23 - - [31/Mar/2025:02:01:31 -0400] "GET /user.php HTTP/1.1" 404 8271 "-" "Go-http-client/1.1"
149.88.101.23 - - [31/Mar/2025:02:01:34 -0400] "GET /.well-known/pki-validation/cong.php HTTP/1.1" 404 1251 "-" "Go-http-client/1.1"
149.88.101.23 - - [31/Mar/2025:02:01:36 -0400] "GET /wp-includes/SimplePie/about.php HTTP/1.1" 404 8272 "-" "Go-http-client/1.1"
149.88.101.23 - - [31/Mar/2025:02:01:36 -0400] "GET /wp-cron.php?ac=3 HTTP/1.1" 200 0 "-" "Go-http-client/1.1"
149.88.101.23 - - [31/Mar/2025:02:01:37 -0400] "GET /wp-content/themes/hideo/network.php HTTP/1.1" 404 8272 "-" "Go-http-client/1.1"
149.88.101.23 - - [31/Mar/2025:02:01:38 -0400] "GET /wp-admin/maint/upfile.php HTTP/1.1" 404 8272 "-" "Go-http-client/1.1"
149.88.101.23 - - [31/Mar/2025:02:01:41 -0400] "GET /wp-commentin.php?pass=f0aab4595a024d626315fb786dce8282 HTTP/1.1" 404 8271 "-" "Go-http-client/1.1"
149.88.101.23 - - [31/Mar/2025:02:01:41 -0400] "GET /ss.php?c%20c HTTP/1.1" 404 8271 "-" "Go-http-client/1.1"
149.88.101.23 - - [31/Mar/2025:02:01:45 -0400] "GET /wp-content/themes/travelscape/json.php HTTP/1.1" 404 8273 "-" "Go-http-client/1.1"
198.54.114.83 - - [31/Mar/2025:02:01:49 -0400] "POST /wp-cron.php?doing_wp_cron=1743400909.1753139495849609375000 HTTP/1.1" 200 0 "-" "WordPress/6.7.2; https://inversionesgoldie.com"
149.88.101.23 - - [31/Mar/2025:02:01:49 -0400] "GET //gelay.php HTTP/1.1" 301 0 "-" "Go-http-client/1.1"
149.88.101.23 - - [31/Mar/2025:02:01:51 -0400] "GET /gelay.php HTTP/1.1" 404 8271 "http://inversionesgoldie.com//gelay.php" "Go-http-client/1.1"
149.88.101.23 - - [31/Mar/2025:02:02:00 -0400] "GET //wp_wrong_datlib.php HTTP/1.1" 301 0 "-" "Go-http-client/1.1"
149.88.101.23 - - [31/Mar/2025:02:02:01 -0400] "GET /wp_wrong_datlib.php HTTP/1.1" 404 8272 "http://inversionesgoldie.com//wp_wrong_datlib.php" "Go-http-client/1.1"
149.88.101.23 - - [31/Mar/2025:02:02:01 -0400] "GET //wp-content/themes/digital-download/new.php HTTP/1.1" 301 0 "-" "Go-http-client/1.1"
149.88.101.23 - - [31/Mar/2025:02:02:21 -0400] "GET /wp-content/themes/digital-download/new.php HTTP/1.1" 200 0 "http://inversionesgoldie.com//wp-content/themes/digital-download/new.php" "Go-http-client/1.1"
198.54.114.83 - - [31/Mar/2025:02:03:45 -0400] "POST /wp-cron.php?doing_wp_cron=1743401025.3150711059570312500000 HTTP/1.1" 200 0 "-" "WordPress/6.7.2; https://inversionesgoldie.com"
216.244.66.243 - - [31/Mar/2025:02:03:43 -0400] "GET /mlb-teams-looking-to-boost-rosters-with-tv-money-at-winter-meetings/ HTTP/1.1" 200 13125 "-" "Mozilla/5.0 (compatible; DotBot/1.2; +https://opensiteexplorer.org/dotbot; help@moz.com)"
195.26.225.218 - - [31/Mar/2025:02:12:27 -0400] "GET /building-true-team-spirit-for-peak-performance-in-sports-part-1/ HTTP/1.1" 200 13712 "http://inversionesgoldie.com/building-true-team-spirit-for-peak-performance-in-sports-part-1/" "Mozilla/5.0 (Windows NT 10.0; Win64; x64) AppleWebKit/537.36 (KHTML, like Gecko) Chrome/130.0.0.0 Safari/537.36"
198.54.114.83 - - [31/Mar/2025:02:12:34 -0400] "POST /wp-cron.php?doing_wp_cron=1743401553.9893689155578613281250 HTTP/1.1" 200 0 "-" "WordPress/6.7.2; https://inversionesgoldie.com"
195.26.225.218 - - [31/Mar/2025:02:12:29 -0400] "POST /wp-comments-post.php HTTP/1.1" 302 0 "http://inversionesgoldie.com/building-true-team-spirit-for-peak-performance-in-sports-part-1/" "Mozilla/5.0 (Windows NT 10.0; Win64; x64) AppleWebKit/537.36 (KHTML, like Gecko) Chrome/130.0.0.0 Safari/537.36"
216.244.66.243 - - [31/Mar/2025:02:13:38 -0400] "GET /3-great-belt-cutting-machines-for-leather-strap-makers/feed/ HTTP/1.1" 200 465 "-" "Mozilla/5.0 (compatible; DotBot/1.2; +https://opensiteexplorer.org/dotbot; help@moz.com)"
216.244.66.243 - - [31/Mar/2025:02:13:47 -0400] "GET /michael-kors-sales-on-bags-2/feed/ HTTP/1.1" 200 434 "-" "Mozilla/5.0 (compatible; DotBot/1.2; +https://opensiteexplorer.org/dotbot; help@moz.com)"
198.54.114.83 - - [31/Mar/2025:02:13:55 -0400] "POST /wp-cron.php?doing_wp_cron=1743401635.4461259841918945312500 HTTP/1.1" 200 0 "-" "WordPress/6.7.2; https://inversionesgoldie.com"
216.244.66.243 - - [31/Mar/2025:02:13:55 -0400] "GET /mindfulness-and-mental-health/feed/ HTTP/1.1" 200 430 "-" "Mozilla/5.0 (compatible; DotBot/1.2; +https://opensiteexplorer.org/dotbot; help@moz.com)"
216.244.66.243 - - [31/Mar/2025:02:14:03 -0400] "GET /texas-lead-representative-needs-webcam-pictures-took-care-of-live/feed/ HTTP/1.1" 200 472 "-" "Mozilla/5.0 (compatible; DotBot/1.2; +https://opensiteexplorer.org/dotbot; help@moz.com)"
89.248.165.81 - - [31/Mar/2025:02:24:28 -0400] "GET /commercial-building-disclosure-has-arrived/ HTTP/1.1" 200 13303 "http://inversionesgoldie.com/commercial-building-disclosure-has-arrived/" "Mozilla/5.0 (Windows NT 10.0; Win64; x64) AppleWebKit/537.36 (KHTML, like Gecko) Chrome/131.0.0.0 Safari/537.36 Avast/131.0.0.0"
198.54.114.83 - - [31/Mar/2025:02:24:50 -0400] "POST /wp-cron.php?doing_wp_cron=1743402290.5121400356292724609375 HTTP/1.1" 200 0 "-" "WordPress/6.7.2; https://inversionesgoldie.com"
89.248.165.81 - - [31/Mar/2025:02:24:47 -0400] "POST /wp-comments-post.php HTTP/1.1" 302 0 "http://inversionesgoldie.com/commercial-building-disclosure-has-arrived/" "Mozilla/5.0 (Windows NT 10.0; Win64; x64) AppleWebKit/537.36 (KHTML, like Gecko) Chrome/131.0.0.0 Safari/537.36 Avast/131.0.0.0"
93.123.109.101 - - [31/Mar/2025:02:26:19 -0400] "GET /format.js HTTP/1.1" 404 8272 "-" "Mozilla/5.0 (Windows NT 10.0; Win64; x64) AppleWebKit/537.36 Chrome/121.0.0.0"
216.244.66.243 - - [31/Mar/2025:02:42:17 -0400] "GET /revolutionizing-convenience-the-instant-hot-and-cold-water-tap/ HTTP/1.1" 200 11725 "-" "Mozilla/5.0 (compatible; DotBot/1.2; +https://opensiteexplorer.org/dotbot; help@moz.com)"
156.249.205.136 - - [31/Mar/2025:02:43:37 -0400] "GET /expert-comptable-a-paris/ HTTP/1.1" 200 11828 "-" "Mozilla/5.0 (Macintosh; Intel Mac OS X 12_5) AppleWebKit/537.36 (KHTML, like Gecko) Chrome/114.0.0.0 YaBrowser/22.7.0 Yowser/2.5 Safari/537.36"
156.249.205.136 - - [31/Mar/2025:02:43:58 -0400] "POST /wp-comments-post.php HTTP/1.1" 302 0 "https://inversionesgoldie.com/expert-comptable-a-paris/" "Mozilla/5.0 (Macintosh; Intel Mac OS X 12_5) AppleWebKit/537.36 (KHTML, like Gecko) Chrome/114.0.0.0 YaBrowser/22.7.0 Yowser/2.5 Safari/537.36"
156.249.205.136 - - [31/Mar/2025:02:44:19 -0400] "GET /expert-comptable-a-paris/?unapproved=36269&moderation-hash=7b2c431131c0578d3704023ae1260506 HTTP/1.1" 200 13069 "http://inversionesgoldie.com/wp-comments-post.php" "Mozilla/5.0 (Macintosh; Intel Mac OS X 12_5) AppleWebKit/537.36 (KHTML, like Gecko) Chrome/114.0.0.0 YaBrowser/22.7.0 Yowser/2.5 Safari/537.36"
156.249.204.175 - - [31/Mar/2025:02:44:43 -0400] "GET /expert-comptable-a-paris/ HTTP/1.1" 200 11828 "-" "Mozilla/5.0 (Macintosh; Intel Mac OS X 12_5) AppleWebKit/537.36 (KHTML, like Gecko) Chrome/114.0.0.0 YaBrowser/22.7.0 Yowser/2.5 Safari/537.36"
85.208.98.23 - - [31/Mar/2025:02:56:32 -0400] "GET /robots.txt HTTP/1.1" 304 0 "-" "Mozilla/5.0 (compatible; SemrushBot-BA; +http://www.semrush.com/bot.html)"
198.54.114.83 - - [31/Mar/2025:03:19:01 -0400] "POST /wp-cron.php?doing_wp_cron=1743405541.0264520645141601562500 HTTP/1.1" 200 0 "-" "WordPress/6.7.2; https://inversionesgoldie.com"
167.172.130.206 - - [31/Mar/2025:03:18:57 -0400] "GET /wp-login.php HTTP/1.1" 302 0 "-" "Mozilla/5.0"
216.244.66.243 - - [31/Mar/2025:03:28:15 -0400] "GET /robots.txt HTTP/1.1" 304 0 "-" "Mozilla/5.0 (compatible; DotBot/1.2; +https://opensiteexplorer.org/dotbot; help@moz.com)"
198.54.114.83 - - [31/Mar/2025:03:41:14 -0400] "POST /wp-cron.php?doing_wp_cron=1743406873.4580030441284179687500 HTTP/1.1" 200 0 "-" "WordPress/6.7.2; https://inversionesgoldie.com"
196.251.69.226 - - [31/Mar/2025:03:41:09 -0400] "GET /wp-content/themes/wp-pridmag/up.php HTTP/1.1" 404 8273 "www.google.com" "Mozlila/5.0 (Linux; Android 7.0; SM-G892A Bulid/NRD90M; wv) AppleWebKit/537.36 (KHTML, like Gecko) Version/4.0 Chrome/60.0.3112.107 Moblie Safari/537.36"
198.54.114.83 - - [31/Mar/2025:03:48:19 -0400] "POST /wp-cron.php?doing_wp_cron=1743407299.6314868927001953125000 HTTP/1.1" 200 0 "-" "WordPress/6.7.2; https://inversionesgoldie.com"
216.244.66.243 - - [31/Mar/2025:03:48:17 -0400] "GET /senior-mutual-insurance/ HTTP/1.1" 200 11547 "-" "Mozilla/5.0 (compatible; DotBot/1.2; +https://opensiteexplorer.org/dotbot; help@moz.com)"
198.54.114.83 - - [31/Mar/2025:03:56:12 -0400] "POST /wp-cron.php?doing_wp_cron=1743407772.6165280342102050781250 HTTP/1.1" 200 0 "-" "WordPress/6.7.2; https://inversionesgoldie.com"
196.251.69.226 - - [31/Mar/2025:03:56:12 -0400] "GET /simple.php HTTP/1.1" 404 8272 "www.google.com" "Mozlila/5.0 (Linux; Android 7.0; SM-G892A Bulid/NRD90M; wv) AppleWebKit/537.36 (KHTML, like Gecko) Version/4.0 Chrome/60.0.3112.107 Moblie Safari/537.36"
196.251.69.226 - - [31/Mar/2025:03:57:01 -0400] "GET /inputs.php HTTP/1.1" 404 8272 "www.google.com" "Mozlila/5.0 (Linux; Android 7.0; SM-G892A Bulid/NRD90M; wv) AppleWebKit/537.36 (KHTML, like Gecko) Version/4.0 Chrome/60.0.3112.107 Moblie Safari/537.36"
117.33.163.216 - - [31/Mar/2025:03:58:34 -0400] "GET / HTTP/1.1" 200 98560 "-" "Mozilla/5.0 (iPhone; CPU iPhone OS 13_2_3 like Mac OS X) AppleWebKit/605.1.15 (KHTML, like Gecko) Version/13.0.3 Mobile/15E148 Safari/604.1"
216.244.66.243 - - [31/Mar/2025:04:18:39 -0400] "GET /robots.txt HTTP/1.1" 304 0 "-" "Mozilla/5.0 (compatible; DotBot/1.2; +https://opensiteexplorer.org/dotbot; help@moz.com)"
87.239.191.53 - - [31/Mar/2025:04:22:49 -0400] "GET / HTTP/1.1" 200 98560 "http://inversionesgoldie.com/" "Mozilla/5.0 (Windows NT 10.0; Win64; x64) AppleWebKit/537.36 (KHTML, like Gecko) Chrome/130.0.0.0 Safari/537.36"
198.54.114.83 - - [31/Mar/2025:04:37:57 -0400] "POST /wp-cron.php?doing_wp_cron=1743410277.5825669765472412109375 HTTP/1.1" 200 0 "-" "WordPress/6.7.2; https://inversionesgoldie.com"
216.244.66.243 - - [31/Mar/2025:04:37:57 -0400] "GET /endurance-training-whats-the-next-big-thing/ HTTP/1.1" 200 14058 "-" "Mozilla/5.0 (compatible; DotBot/1.2; +https://opensiteexplorer.org/dotbot; help@moz.com)"
198.54.114.83 - - [31/Mar/2025:04:44:52 -0400] "POST /wp-cron.php?doing_wp_cron=1743410691.7579538822174072265625 HTTP/1.1" 200 0 "-" "WordPress/6.7.2; https://inversionesgoldie.com"
216.244.66.243 - - [31/Mar/2025:04:44:51 -0400] "GET /is-an-mba-worth-the-cost/ HTTP/1.1" 200 11844 "-" "Mozilla/5.0 (compatible; DotBot/1.2; +https://opensiteexplorer.org/dotbot; help@moz.com)"
152.42.177.187 - - [31/Mar/2025:04:45:09 -0400] "GET /wp-content/themes/wp-pridmag/up.php HTTP/1.1" 404 8272 "-" "Mozilla/5.0 (Linux; Android 11; M2010J19SI) AppleWebKit/537.36 (KHTML, like Gecko) Chrome/109.0.0.0 Mobile Safari/537.36"
152.42.177.187 - - [31/Mar/2025:04:45:13 -0400] "GET /simple.php HTTP/1.1" 404 8272 "-" "Mozilla/5.0 (Linux; Android 11; M2010J19SI) AppleWebKit/537.36 (KHTML, like Gecko) Chrome/109.0.0.0 Mobile Safari/537.36"
46.148.206.226 - - [31/Mar/2025:04:46:48 -0400] "GET /commercial-building-disclosure-has-arrived/ HTTP/1.1" 200 13303 "http://inversionesgoldie.com/commercial-building-disclosure-has-arrived/" "Mozilla/5.0 (Windows NT 10.0; Win64; x64) AppleWebKit/537.36 (KHTML, like Gecko) Chrome/129.0.0.0 Safari/537.36"
216.244.66.243 - - [31/Mar/2025:04:50:35 -0400] "GET /what-you-need-to-know-before-buying-a-nintendo-switch/ HTTP/1.1" 200 12361 "-" "Mozilla/5.0 (compatible; DotBot/1.2; +https://opensiteexplorer.org/dotbot; help@moz.com)"
198.54.114.83 - - [31/Mar/2025:05:07:07 -0400] "POST /wp-cron.php?doing_wp_cron=1743412027.2085430622100830078125 HTTP/1.1" 200 0 "-" "WordPress/6.7.2; https://inversionesgoldie.com"
14.128.63.109 - - [31/Mar/2025:05:06:59 -0400] "GET /zb_system/login.php HTTP/1.1" 404 8272 "http://inversionesgoldie.com/zb_system/login.php" "Mozilla/4.0 (compatible; MSIE 9.0; Windows NT 6.1)"
198.54.114.83 - - [31/Mar/2025:05:27:06 -0400] "POST /wp-cron.php?doing_wp_cron=1743413225.9949030876159667968750 HTTP/1.1" 200 0 "-" "WordPress/6.7.2; https://inversionesgoldie.com"
216.244.66.243 - - [31/Mar/2025:05:27:05 -0400] "GET /how-to-see-recently-viewed-posts-on-instagram/ HTTP/1.1" 200 14051 "-" "Mozilla/5.0 (compatible; DotBot/1.2; +https://opensiteexplorer.org/dotbot; help@moz.com)"
216.244.66.243 - - [31/Mar/2025:05:37:26 -0400] "GET /youtube-best-site-with-regards-to-video-promoting/feed/ HTTP/1.1" 200 467 "-" "Mozilla/5.0 (compatible; DotBot/1.2; +https://opensiteexplorer.org/dotbot; help@moz.com)"
85.208.98.23 - - [31/Mar/2025:05:53:46 -0400] "GET /robots.txt HTTP/1.1" 304 0 "-" "Mozilla/5.0 (compatible; SemrushBot-BA; +http://www.semrush.com/bot.html)"
198.54.114.83 - - [31/Mar/2025:06:13:41 -0400] "POST /wp-cron.php?doing_wp_cron=1743416021.4434330463409423828125 HTTP/1.1" 200 0 "-" "WordPress/6.7.2; https://inversionesgoldie.com"
196.251.69.226 - - [31/Mar/2025:06:13:38 -0400] "GET /wp-content/plugins/pwnd/pwnd.php HTTP/1.1" 404 8271 "-" "Mozlila/5.0 (Linux; Android 7.0; SM-G892A Bulid/NRD90M; wv) AppleWebKit/537.36 (KHTML, like Gecko) Version/4.0 Chrome/60.0.3112.107 Moblie Safari/537.36"
196.251.69.226 - - [31/Mar/2025:06:14:00 -0400] "GET /wp-content/plugins/pwnd-1/pwnd.php HTTP/1.1" 404 8273 "-" "Mozlila/5.0 (Linux; Android 7.0; SM-G892A Bulid/NRD90M; wv) AppleWebKit/537.36 (KHTML, like Gecko) Version/4.0 Chrome/60.0.3112.107 Moblie Safari/537.36"
196.251.69.226 - - [31/Mar/2025:06:14:21 -0400] "GET /wp-content/plugins/pwnd-2/pwnd.php HTTP/1.1" 404 8271 "-" "Mozlila/5.0 (Linux; Android 7.0; SM-G892A Bulid/NRD90M; wv) AppleWebKit/537.36 (KHTML, like Gecko) Version/4.0 Chrome/60.0.3112.107 Moblie Safari/537.36"
196.251.69.226 - - [31/Mar/2025:06:14:33 -0400] "GET /wp-content/plugins/fix/up.php HTTP/1.1" 404 8272 "-" "Mozlila/5.0 (Linux; Android 7.0; SM-G892A Bulid/NRD90M; wv) AppleWebKit/537.36 (KHTML, like Gecko) Version/4.0 Chrome/60.0.3112.107 Moblie Safari/537.36"
43.159.148.221 - - [31/Mar/2025:06:16:37 -0400] "GET / HTTP/1.1" 200 98560 "-" "Mozilla/5.0 (iPhone; CPU iPhone OS 13_2_3 like Mac OS X) AppleWebKit/605.1.15 (KHTML, like Gecko) Version/13.0.3 Mobile/15E148 Safari/604.1"
143.244.135.8 - - [31/Mar/2025:06:23:04 -0400] "GET /wp-admin/css/ HTTP/1.1" 403 1242 "binance.com" "Mozilla/5.0 (Windows NT 10.0; Win64; x64) AppleWebKit/537.36 (KHTML, like Gecko) Chrome/90.0.4430.85 Safari/537.36"
156.228.103.10 - - [31/Mar/2025:06:48:41 -0400] "GET /vendor/phpunit/phpunit/LICENSE HTTP/1.1" 404 8271 "-" "Mozilla/5.0 (Windows NT 10.0; Win64; x64) AppleWebKit/537.36 (KHTML, like Gecko) Chrome/106.0.0.0 Safari/537.36"
156.228.103.10 - - [31/Mar/2025:06:48:44 -0400] "GET /vendor/phpunit/phpunit/src/Util/PHP/ HTTP/1.1" 404 8272 "-" "Mozilla/5.0 (Windows NT 10.0; Win64; x64) AppleWebKit/537.36 (KHTML, like Gecko) Chrome/106.0.0.0 Safari/537.36"
156.228.103.10 - - [31/Mar/2025:06:48:46 -0400] "GET /wp-login.php HTTP/1.1" 302 0 "-" "Mozilla/5.0 (Windows NT 10.0; Win64; x64) AppleWebKit/537.36 (KHTML, like Gecko) Chrome/106.0.0.0 Safari/537.36"
191.6.252.55 - - [31/Mar/2025:07:00:03 -0400] "POST /xmlrpc.php HTTP/1.1" 200 212 "-" "Mozilla/5.0 (Windows NT 6.1; WOW64; rv:92.0) Gecko/20100101 Firefox/92.0"
159.2.55.237 - - [31/Mar/2025:07:00:05 -0400] "POST /xmlrpc.php HTTP/1.1" 200 212 "-" "Mozilla/5.0 (Macintosh; Intel Mac OS X 10_15_7) AppleWebKit/605.1.15 (KHTML, like Gecko) Version/15.1 Safari/605.1.15"
159.223.118.172 - - [31/Mar/2025:07:00:45 -0400] "GET /?rest_route=/wp/v2/users HTTP/1.1" 200 98560 "www.google.com" "Mozlila/5.0 (Linux; Android 7.0; SM-G892A Bulid/NRD90M; wv) AppleWebKit/537.36 (KHTML, like Gecko) Version/4.0 Chrome/60.0.3112.107 Moblie Safari/537.36"
65.21.163.190 - - [31/Mar/2025:07:23:15 -0400] "GET /robots.txt HTTP/1.1" 200 132 "-" "Mozilla/5.0 (compatible; AwarioBot/1.0; +https://awario.com/bots.html)"
65.21.163.190 - - [31/Mar/2025:07:23:15 -0400] "GET / HTTP/1.1" 200 98560 "-" "Mozilla/5.0 (compatible; AwarioBot/1.0; +https://awario.com/bots.html)"
206.189.39.21 - - [31/Mar/2025:07:46:23 -0400] "GET /wp-content/themes/wp-pridmag/up.php HTTP/1.1" 404 8272 "-" "Mozilla/5.0 (Linux; Android 11; M2010J19SI) AppleWebKit/537.36 (KHTML, like Gecko) Chrome/109.0.0.0 Mobile Safari/537.36"
206.189.39.21 - - [31/Mar/2025:07:46:24 -0400] "GET /simple.php HTTP/1.1" 404 8272 "-" "Mozilla/5.0 (Linux; Android 11; M2010J19SI) AppleWebKit/537.36 (KHTML, like Gecko) Chrome/109.0.0.0 Mobile Safari/537.36"
206.189.39.21 - - [31/Mar/2025:07:46:25 -0400] "GET /cong.php HTTP/1.1" 404 8272 "-" "Mozilla/5.0 (Linux; Android 11; M2010J19SI) AppleWebKit/537.36 (KHTML, like Gecko) Chrome/109.0.0.0 Mobile Safari/537.36"
206.189.39.21 - - [31/Mar/2025:07:46:26 -0400] "GET /xxx.php HTTP/1.1" 404 8272 "-" "Mozilla/5.0 (Linux; Android 11; M2010J19SI) AppleWebKit/537.36 (KHTML, like Gecko) Chrome/109.0.0.0 Mobile Safari/537.36"
206.189.39.21 - - [31/Mar/2025:07:46:27 -0400] "GET /tmpls.php HTTP/1.1" 404 8272 "-" "Mozilla/5.0 (Linux; Android 11; M2010J19SI) AppleWebKit/537.36 (KHTML, like Gecko) Chrome/109.0.0.0 Mobile Safari/537.36"
206.189.39.21 - - [31/Mar/2025:07:46:28 -0400] "GET /wp-content/themes/travelscape/json.php HTTP/1.1" 404 8272 "-" "Mozilla/5.0 (Linux; Android 11; M2010J19SI) AppleWebKit/537.36 (KHTML, like Gecko) Chrome/109.0.0.0 Mobile Safari/537.36"
206.189.39.21 - - [31/Mar/2025:07:46:29 -0400] "GET /chosen.php?p= HTTP/1.1" 301 0 "-" "Mozilla/5.0 (Linux; Android 11; M2010J19SI) AppleWebKit/537.36 (KHTML, like Gecko) Chrome/109.0.0.0 Mobile Safari/537.36"
206.189.39.21 - - [31/Mar/2025:07:46:30 -0400] "GET /chosen.php HTTP/1.1" 404 8272 "-" "Mozilla/5.0 (Linux; Android 11; M2010J19SI) AppleWebKit/537.36 (KHTML, like Gecko) Chrome/109.0.0.0 Mobile Safari/537.36"
206.189.39.21 - - [31/Mar/2025:07:46:30 -0400] "GET /wp-cron.php?ac=3 HTTP/1.1" 200 0 "-" "Mozilla/5.0 (Linux; Android 11; M2010J19SI) AppleWebKit/537.36 (KHTML, like Gecko) Chrome/109.0.0.0 Mobile Safari/537.36"
206.189.39.21 - - [31/Mar/2025:07:46:31 -0400] "GET /wp-content/themes/pridmag/db.php?u HTTP/1.1" 404 8271 "-" "Mozilla/5.0 (Linux; Android 11; M2010J19SI) AppleWebKit/537.36 (KHTML, like Gecko) Chrome/109.0.0.0 Mobile Safari/537.36"
206.189.39.21 - - [31/Mar/2025:07:46:32 -0400] "GET /wp-content/themes/seotheme/mar.php HTTP/1.1" 404 8271 "-" "Mozilla/5.0 (Linux; Android 11; M2010J19SI) AppleWebKit/537.36 (KHTML, like Gecko) Chrome/109.0.0.0 Mobile Safari/537.36"
206.189.39.21 - - [31/Mar/2025:07:46:33 -0400] "GET /wp-includes/Text/index.php HTTP/1.1" 301 0 "-" "Mozilla/5.0 (Linux; Android 11; M2010J19SI) AppleWebKit/537.36 (KHTML, like Gecko) Chrome/109.0.0.0 Mobile Safari/537.36"
206.189.39.21 - - [31/Mar/2025:07:46:33 -0400] "GET /wp-includes/Text/ HTTP/1.1" 403 1242 "-" "Mozilla/5.0 (Linux; Android 11; M2010J19SI) AppleWebKit/537.36 (KHTML, like Gecko) Chrome/109.0.0.0 Mobile Safari/537.36"
206.189.39.21 - - [31/Mar/2025:07:46:34 -0400] "GET /wp-content/themes/seotheme/mar.php HTTP/1.1" 404 8271 "-" "Mozilla/5.0 (Linux; Android 11; M2010J19SI) AppleWebKit/537.36 (KHTML, like Gecko) Chrome/109.0.0.0 Mobile Safari/537.36"
206.189.39.21 - - [31/Mar/2025:07:46:34 -0400] "GET /Njima.php HTTP/1.1" 404 8273 "-" "Mozilla/5.0 (Linux; Android 11; M2010J19SI) AppleWebKit/537.36 (KHTML, like Gecko) Chrome/109.0.0.0 Mobile Safari/537.36"
206.189.39.21 - - [31/Mar/2025:07:46:35 -0400] "GET /wp-admin/images/Mhbgf.php HTTP/1.1" 404 8273 "-" "Mozilla/5.0 (Linux; Android 11; M2010J19SI) AppleWebKit/537.36 (KHTML, like Gecko) Chrome/109.0.0.0 Mobile Safari/537.36"
206.189.39.21 - - [31/Mar/2025:07:46:36 -0400] "GET /wp-admin/css/index.php HTTP/1.1" 301 0 "-" "Mozilla/5.0 (Linux; Android 11; M2010J19SI) AppleWebKit/537.36 (KHTML, like Gecko) Chrome/109.0.0.0 Mobile Safari/537.36"
206.189.39.21 - - [31/Mar/2025:07:46:36 -0400] "GET /wp-admin/css/ HTTP/1.1" 403 1242 "-" "Mozilla/5.0 (Linux; Android 11; M2010J19SI) AppleWebKit/537.36 (KHTML, like Gecko) Chrome/109.0.0.0 Mobile Safari/537.36"
206.189.39.21 - - [31/Mar/2025:07:46:37 -0400] "GET /wp-admin/css/ysirlifn.php HTTP/1.1" 404 8272 "-" "Mozilla/5.0 (Linux; Android 11; M2010J19SI) AppleWebKit/537.36 (KHTML, like Gecko) Chrome/109.0.0.0 Mobile Safari/537.36"
206.189.39.21 - - [31/Mar/2025:07:46:37 -0400] "GET /repeater.php HTTP/1.1" 404 8272 "-" "Mozilla/5.0 (Linux; Android 11; M2010J19SI) AppleWebKit/537.36 (KHTML, like Gecko) Chrome/109.0.0.0 Mobile Safari/537.36"
206.189.39.21 - - [31/Mar/2025:07:46:38 -0400] "GET /wp-content/plugins/linkpreview/db.php?u HTTP/1.1" 404 8272 "-" "Mozilla/5.0 (Linux; Android 11; M2010J19SI) AppleWebKit/537.36 (KHTML, like Gecko) Chrome/109.0.0.0 Mobile Safari/537.36"
206.189.39.21 - - [31/Mar/2025:07:46:39 -0400] "GET /ioxi002.PhP7 HTTP/1.1" 404 8272 "-" "Mozilla/5.0 (Linux; Android 11; M2010J19SI) AppleWebKit/537.36 (KHTML, like Gecko) Chrome/109.0.0.0 Mobile Safari/537.36"
206.189.39.21 - - [31/Mar/2025:07:46:39 -0400] "GET /radio.php HTTP/1.1" 404 8272 "-" "Mozilla/5.0 (Linux; Android 11; M2010J19SI) AppleWebKit/537.36 (KHTML, like Gecko) Chrome/109.0.0.0 Mobile Safari/537.36"
206.189.39.21 - - [31/Mar/2025:07:46:40 -0400] "GET /radio.php HTTP/1.1" 404 8272 "-" "Mozilla/5.0 (Linux; Android 11; M2010J19SI) AppleWebKit/537.36 (KHTML, like Gecko) Chrome/109.0.0.0 Mobile Safari/537.36"
206.189.39.21 - - [31/Mar/2025:07:46:41 -0400] "GET /wp-admin/css/colors/index.php HTTP/1.1" 301 0 "-" "Mozilla/5.0 (Linux; Android 11; M2010J19SI) AppleWebKit/537.36 (KHTML, like Gecko) Chrome/109.0.0.0 Mobile Safari/537.36"
206.189.39.21 - - [31/Mar/2025:07:46:42 -0400] "GET /wp-admin/css/colors/ HTTP/1.1" 403 1242 "-" "Mozilla/5.0 (Linux; Android 11; M2010J19SI) AppleWebKit/537.36 (KHTML, like Gecko) Chrome/109.0.0.0 Mobile Safari/537.36"
206.189.39.21 - - [31/Mar/2025:07:46:42 -0400] "GET /ofso64.php HTTP/1.1" 404 8271 "-" "Mozilla/5.0 (Linux; Android 11; M2010J19SI) AppleWebKit/537.36 (KHTML, like Gecko) Chrome/109.0.0.0 Mobile Safari/537.36"
206.189.39.21 - - [31/Mar/2025:07:46:43 -0400] "GET /wp-content/plugins/TOPXHOH/wDR.php HTTP/1.1" 404 8272 "-" "Mozilla/5.0 (Linux; Android 11; M2010J19SI) AppleWebKit/537.36 (KHTML, like Gecko) Chrome/109.0.0.0 Mobile Safari/537.36"
206.189.39.21 - - [31/Mar/2025:07:46:44 -0400] "GET /wp-content/plugins/IOptimize.php?rchk HTTP/1.1" 404 8273 "-" "Mozilla/5.0 (Linux; Android 11; M2010J19SI) AppleWebKit/537.36 (KHTML, like Gecko) Chrome/109.0.0.0 Mobile Safari/537.36"
206.189.39.21 - - [31/Mar/2025:07:46:45 -0400] "GET /wp-content/themes/ccx/index.php HTTP/1.1" 301 0 "-" "Mozilla/5.0 (Linux; Android 11; M2010J19SI) AppleWebKit/537.36 (KHTML, like Gecko) Chrome/109.0.0.0 Mobile Safari/537.36"
206.189.39.21 - - [31/Mar/2025:07:46:46 -0400] "GET /wp-content/themes/ccx/ HTTP/1.1" 404 8271 "-" "Mozilla/5.0 (Linux; Android 11; M2010J19SI) AppleWebKit/537.36 (KHTML, like Gecko) Chrome/109.0.0.0 Mobile Safari/537.36"
206.189.39.21 - - [31/Mar/2025:07:46:47 -0400] "GET /wp-content/uploads/2017-------/09/wp-console.php HTTP/1.1" 404 8272 "-" "Mozilla/5.0 (Linux; Android 11; M2010J19SI) AppleWebKit/537.36 (KHTML, like Gecko) Chrome/109.0.0.0 Mobile Safari/537.36"
206.189.39.21 - - [31/Mar/2025:07:46:48 -0400] "GET /wp-includes/js/crop/uword.php HTTP/1.1" 404 8272 "-" "Mozilla/5.0 (Linux; Android 11; M2010J19SI) AppleWebKit/537.36 (KHTML, like Gecko) Chrome/109.0.0.0 Mobile Safari/537.36"
206.189.39.21 - - [31/Mar/2025:07:46:49 -0400] "GET /wp-content/themes/bltm/wp-login.php HTTP/1.1" 404 8272 "-" "Mozilla/5.0 (Linux; Android 11; M2010J19SI) AppleWebKit/537.36 (KHTML, like Gecko) Chrome/109.0.0.0 Mobile Safari/537.36"
206.189.39.21 - - [31/Mar/2025:07:46:50 -0400] "GET /autoload_classmap.php HTTP/1.1" 404 8272 "-" "Mozilla/5.0 (Linux; Android 11; M2010J19SI) AppleWebKit/537.36 (KHTML, like Gecko) Chrome/109.0.0.0 Mobile Safari/537.36"
206.189.39.21 - - [31/Mar/2025:07:46:51 -0400] "GET /wp-content/uploads/2014/07/olx.php HTTP/1.1" 404 8271 "-" "Mozilla/5.0 (Linux; Android 11; M2010J19SI) AppleWebKit/537.36 (KHTML, like Gecko) Chrome/109.0.0.0 Mobile Safari/537.36"
206.189.39.21 - - [31/Mar/2025:07:46:52 -0400] "GET /wp-admin/css/colors/midnight/index.php HTTP/1.1" 301 0 "-" "Mozilla/5.0 (Linux; Android 11; M2010J19SI) AppleWebKit/537.36 (KHTML, like Gecko) Chrome/109.0.0.0 Mobile Safari/537.36"
206.189.39.21 - - [31/Mar/2025:07:46:52 -0400] "GET /wp-admin/css/colors/midnight/ HTTP/1.1" 403 1242 "-" "Mozilla/5.0 (Linux; Android 11; M2010J19SI) AppleWebKit/537.36 (KHTML, like Gecko) Chrome/109.0.0.0 Mobile Safari/537.36"
206.189.39.21 - - [31/Mar/2025:07:46:53 -0400] "GET /wp-content/uploads/2020/wp-couldent.php.suspected HTTP/1.1" 404 8272 "-" "Mozilla/5.0 (Linux; Android 11; M2010J19SI) AppleWebKit/537.36 (KHTML, like Gecko) Chrome/109.0.0.0 Mobile Safari/537.36"
206.189.39.21 - - [31/Mar/2025:07:46:54 -0400] "GET /wp-content/plugins/523453244/ninja.php HTTP/1.1" 404 8272 "-" "Mozilla/5.0 (Linux; Android 11; M2010J19SI) AppleWebKit/537.36 (KHTML, like Gecko) Chrome/109.0.0.0 Mobile Safari/537.36"
198.54.114.83 - - [31/Mar/2025:07:46:55 -0400] "POST /wp-cron.php?doing_wp_cron=1743421615.3532650470733642578125 HTTP/1.1" 200 0 "-" "WordPress/6.7.2; https://inversionesgoldie.com"
206.189.39.21 - - [31/Mar/2025:07:46:55 -0400] "GET /wp-includes/js/imgareaselect/index.php HTTP/1.1" 301 0 "-" "Mozilla/5.0 (Linux; Android 11; M2010J19SI) AppleWebKit/537.36 (KHTML, like Gecko) Chrome/109.0.0.0 Mobile Safari/537.36"
206.189.39.21 - - [31/Mar/2025:07:46:55 -0400] "GET /wp-includes/js/imgareaselect/ HTTP/1.1" 403 1242 "-" "Mozilla/5.0 (Linux; Android 11; M2010J19SI) AppleWebKit/537.36 (KHTML, like Gecko) Chrome/109.0.0.0 Mobile Safari/537.36"
206.189.39.21 - - [31/Mar/2025:07:46:56 -0400] "GET /wp-includes/PHPMailer/load.php HTTP/1.1" 404 8272 "-" "Mozilla/5.0 (Linux; Android 11; M2010J19SI) AppleWebKit/537.36 (KHTML, like Gecko) Chrome/109.0.0.0 Mobile Safari/537.36"
206.189.39.21 - - [31/Mar/2025:07:46:57 -0400] "GET /wp-content/plugins/seoplugins/mar.php HTTP/1.1" 404 8272 "-" "Mozilla/5.0 (Linux; Android 11; M2010J19SI) AppleWebKit/537.36 (KHTML, like Gecko) Chrome/109.0.0.0 Mobile Safari/537.36"
206.189.39.21 - - [31/Mar/2025:07:46:58 -0400] "GET /wp-links.php HTTP/1.1" 404 8272 "-" "Mozilla/5.0 (Linux; Android 11; M2010J19SI) AppleWebKit/537.36 (KHTML, like Gecko) Chrome/109.0.0.0 Mobile Safari/537.36"
206.189.39.21 - - [31/Mar/2025:07:47:00 -0400] "GET /wp-aa.php HTTP/1.1" 404 8273 "-" "Mozilla/5.0 (Linux; Android 11; M2010J19SI) AppleWebKit/537.36 (KHTML, like Gecko) Chrome/109.0.0.0 Mobile Safari/537.36"
206.189.39.21 - - [31/Mar/2025:07:47:01 -0400] "GET /wp-content/themes/travelscape/json.php HTTP/1.1" 404 8272 "-" "Mozilla/5.0 (Linux; Android 11; M2010J19SI) AppleWebKit/537.36 (KHTML, like Gecko) Chrome/109.0.0.0 Mobile Safari/537.36"
206.189.39.21 - - [31/Mar/2025:07:47:02 -0400] "GET /wp-content/themes/travel/issue.php HTTP/1.1" 404 8271 "-" "Mozilla/5.0 (Linux; Android 11; M2010J19SI) AppleWebKit/537.36 (KHTML, like Gecko) Chrome/109.0.0.0 Mobile Safari/537.36"
206.189.39.21 - - [31/Mar/2025:07:47:03 -0400] "GET /about.php HTTP/1.1" 404 8272 "-" "Mozilla/5.0 (Linux; Android 11; M2010J19SI) AppleWebKit/537.36 (KHTML, like Gecko) Chrome/109.0.0.0 Mobile Safari/537.36"
206.189.39.21 - - [31/Mar/2025:07:47:04 -0400] "GET /xx.php HTTP/1.1" 404 8272 "-" "Mozilla/5.0 (Linux; Android 11; M2010J19SI) AppleWebKit/537.36 (KHTML, like Gecko) Chrome/109.0.0.0 Mobile Safari/537.36"
206.189.39.21 - - [31/Mar/2025:07:47:05 -0400] "GET /wp-content/themes/digital-download/new.php HTTP/1.1" 404 8272 "-" "Mozilla/5.0 (Linux; Android 11; M2010J19SI) AppleWebKit/537.36 (KHTML, like Gecko) Chrome/109.0.0.0 Mobile Safari/537.36"
206.189.39.21 - - [31/Mar/2025:07:47:06 -0400] "GET /epinyins.php HTTP/1.1" 404 8272 "-" "Mozilla/5.0 (Linux; Android 11; M2010J19SI) AppleWebKit/537.36 (KHTML, like Gecko) Chrome/109.0.0.0 Mobile Safari/537.36"
206.189.39.21 - - [31/Mar/2025:07:47:07 -0400] "GET /wp-admin/dropdown.php HTTP/1.1" 404 8272 "-" "Mozilla/5.0 (Linux; Android 11; M2010J19SI) AppleWebKit/537.36 (KHTML, like Gecko) Chrome/109.0.0.0 Mobile Safari/537.36"
206.189.39.21 - - [31/Mar/2025:07:47:08 -0400] "GET /dropdown.php HTTP/1.1" 404 8272 "-" "Mozilla/5.0 (Linux; Android 11; M2010J19SI) AppleWebKit/537.36 (KHTML, like Gecko) Chrome/109.0.0.0 Mobile Safari/537.36"
206.189.39.21 - - [31/Mar/2025:07:47:09 -0400] "GET /wp-admin/css/index.php HTTP/1.1" 301 0 "-" "Mozilla/5.0 (Linux; Android 11; M2010J19SI) AppleWebKit/537.36 (KHTML, like Gecko) Chrome/109.0.0.0 Mobile Safari/537.36"
206.189.39.21 - - [31/Mar/2025:07:47:09 -0400] "GET /wp-admin/css/ HTTP/1.1" 403 1242 "-" "Mozilla/5.0 (Linux; Android 11; M2010J19SI) AppleWebKit/537.36 (KHTML, like Gecko) Chrome/109.0.0.0 Mobile Safari/537.36"
206.189.39.21 - - [31/Mar/2025:07:47:10 -0400] "GET /wp-content/mah.php HTTP/1.1" 404 8272 "-" "Mozilla/5.0 (Linux; Android 11; M2010J19SI) AppleWebKit/537.36 (KHTML, like Gecko) Chrome/109.0.0.0 Mobile Safari/537.36"
206.189.39.21 - - [31/Mar/2025:07:47:11 -0400] "GET /wp-content/item.php HTTP/1.1" 404 8271 "-" "Mozilla/5.0 (Linux; Android 11; M2010J19SI) AppleWebKit/537.36 (KHTML, like Gecko) Chrome/109.0.0.0 Mobile Safari/537.36"
206.189.39.21 - - [31/Mar/2025:07:47:11 -0400] "GET /wp-content/plugins/shell/about.php HTTP/1.1" 404 8271 "-" "Mozilla/5.0 (Linux; Android 11; M2010J19SI) AppleWebKit/537.36 (KHTML, like Gecko) Chrome/109.0.0.0 Mobile Safari/537.36"
206.189.39.21 - - [31/Mar/2025:07:47:12 -0400] "GET /wp-content/plugins/pwnd/pwnd.php HTTP/1.1" 404 8272 "-" "Mozilla/5.0 (Linux; Android 11; M2010J19SI) AppleWebKit/537.36 (KHTML, like Gecko) Chrome/109.0.0.0 Mobile Safari/537.36"
206.189.39.21 - - [31/Mar/2025:07:47:14 -0400] "GET /wp-content/plugins/fix/up.php HTTP/1.1" 404 8278 "-" "Mozilla/5.0 (Linux; Android 11; M2010J19SI) AppleWebKit/537.36 (KHTML, like Gecko) Chrome/109.0.0.0 Mobile Safari/537.36"
206.189.39.21 - - [31/Mar/2025:07:47:14 -0400] "GET /wp-content/plugins/ph-file-manager/wp-file.php HTTP/1.1" 404 8272 "-" "Mozilla/5.0 (Linux; Android 11; M2010J19SI) AppleWebKit/537.36 (KHTML, like Gecko) Chrome/109.0.0.0 Mobile Safari/537.36"
206.189.39.21 - - [31/Mar/2025:07:47:15 -0400] "GET /.well-known/pki-validation/wp-login.php HTTP/1.1" 404 1251 "-" "Mozilla/5.0 (Linux; Android 11; M2010J19SI) AppleWebKit/537.36 (KHTML, like Gecko) Chrome/109.0.0.0 Mobile Safari/537.36"
206.189.39.21 - - [31/Mar/2025:07:47:16 -0400] "GET /wp-content/plugins/root-file-manager/wp-file.php HTTP/1.1" 404 8272 "-" "Mozilla/5.0 (Linux; Android 11; M2010J19SI) AppleWebKit/537.36 (KHTML, like Gecko) Chrome/109.0.0.0 Mobile Safari/537.36"
206.189.39.21 - - [31/Mar/2025:07:47:17 -0400] "GET /wp-content/plugins/wp-help/mini.php HTTP/1.1" 404 8272 "-" "Mozilla/5.0 (Linux; Android 11; M2010J19SI) AppleWebKit/537.36 (KHTML, like Gecko) Chrome/109.0.0.0 Mobile Safari/537.36"
206.189.39.21 - - [31/Mar/2025:07:47:18 -0400] "GET /wp-content/themes/travel/issue.php HTTP/1.1" 404 8271 "-" "Mozilla/5.0 (Linux; Android 11; M2010J19SI) AppleWebKit/537.36 (KHTML, like Gecko) Chrome/109.0.0.0 Mobile Safari/537.36"
206.189.39.21 - - [31/Mar/2025:07:47:19 -0400] "GET /wp-content/themes/jaida/lang.php HTTP/1.1" 404 8272 "-" "Mozilla/5.0 (Linux; Android 11; M2010J19SI) AppleWebKit/537.36 (KHTML, like Gecko) Chrome/109.0.0.0 Mobile Safari/537.36"
206.189.39.21 - - [31/Mar/2025:07:47:19 -0400] "GET /wp-l0gin.php HTTP/1.1" 404 8272 "-" "Mozilla/5.0 (Linux; Android 11; M2010J19SI) AppleWebKit/537.36 (KHTML, like Gecko) Chrome/109.0.0.0 Mobile Safari/537.36"
206.189.39.21 - - [31/Mar/2025:07:47:20 -0400] "GET /wp-content/plugins/index.php HTTP/1.1" 200 0 "-" "Mozilla/5.0 (Linux; Android 11; M2010J19SI) AppleWebKit/537.36 (KHTML, like Gecko) Chrome/109.0.0.0 Mobile Safari/537.36"
206.189.39.21 - - [31/Mar/2025:07:47:21 -0400] "GET /wp-content/plugins/index.php HTTP/1.1" 200 0 "-" "Mozilla/5.0 (Linux; Android 11; M2010J19SI) AppleWebKit/537.36 (KHTML, like Gecko) Chrome/109.0.0.0 Mobile Safari/537.36"
34.222.196.207 - - [31/Mar/2025:08:12:24 -0400] "GET / HTTP/1.1" 200 98560 "-" "Mozilla/4.0 (compatible; MSIE 6.0; Windows NT 5.1; FSL 7.0.6.01001)"
44.242.155.73 - - [31/Mar/2025:08:13:13 -0400] "GET / HTTP/1.1" 200 98560 "-" "Mozilla/4.0 (compatible; MSIE 6.0; Windows NT 5.1; FSL 7.0.6.01001)"
2001:41d0:8:cc78:: - - [31/Mar/2025:08:27:06 -0400] "GET /wp-login.php HTTP/1.1" 302 0 "-" "Mozilla/5.0 (Windows NT 10.0; Win64; x64; rv:59.0) Gecko/20100101 Firefox/59.0"
185.245.105.171 - - [31/Mar/2025:09:20:11 -0400] "GET / HTTP/1.1" 200 98560 "http://inversionesgoldie.com/" "Mozilla/5.0 (Windows NT 10.0; Win64; x64) AppleWebKit/537.36 (KHTML, like Gecko) Chrome/129.0.0.0 Safari/537.36"
198.54.114.83 - - [31/Mar/2025:09:24:44 -0400] "POST /wp-cron.php?doing_wp_cron=1743427484.5652410984039306640625 HTTP/1.1" 200 0 "-" "WordPress/6.7.2; https://inversionesgoldie.com"
64.52.28.25 - - [31/Mar/2025:09:24:42 -0400] "POST /xmlrpc.php HTTP/1.1" 200 212 "-" "Mozilla/5.0 (Windows NT 6.3; WOW64; rv:43.0) Gecko/20100101 Firefox/43.0"
198.54.114.83 - - [31/Mar/2025:09:25:05 -0400] "POST /wp-cron.php?doing_wp_cron=1743427505.8804900646209716796875 HTTP/1.1" 200 0 "-" "WordPress/6.7.2; https://inversionesgoldie.com"
197.15.38.65 - - [31/Mar/2025:09:25:05 -0400] "POST /xmlrpc.php HTTP/1.1" 200 212 "-" "Mozilla/5.0 (X11; Linux x86_64) AppleWebKit/537.36 (KHTML, like Gecko) Chrome/91.0.4472.114 Safari/537.36"
133.18.84.217 - - [31/Mar/2025:09:25:51 -0400] "GET /commercial-building-disclosure-has-arrived/ HTTP/1.1" 200 13303 "http://inversionesgoldie.com/commercial-building-disclosure-has-arrived/" "Mozilla/5.0 (Windows NT 10.0; Win64; x64) AppleWebKit/537.36 (KHTML, like Gecko) Chrome/130.0.0.0 Safari/537.36 CCleaner/130.0.0.0"
198.54.114.83 - - [31/Mar/2025:09:25:56 -0400] "POST /wp-cron.php?doing_wp_cron=1743427556.7820279598236083984375 HTTP/1.1" 200 0 "-" "WordPress/6.7.2; https://inversionesgoldie.com"
133.18.84.217 - - [31/Mar/2025:09:25:55 -0400] "POST /wp-comments-post.php HTTP/1.1" 200 1166 "http://inversionesgoldie.com/commercial-building-disclosure-has-arrived/" "Mozilla/5.0 (Windows NT 10.0; Win64; x64) AppleWebKit/537.36 (KHTML, like Gecko) Chrome/130.0.0.0 Safari/537.36 CCleaner/130.0.0.0"
194.15.106.254 - - [31/Mar/2025:09:36:17 -0400] "GET /building-true-team-spirit-for-peak-performance-in-sports-part-1/ HTTP/1.1" 200 13712 "-" "Mozilla/5.0 (Linux x86_64; rv:114.0) Gecko/20100101 Firefox/114.0"
216.244.66.243 - - [31/Mar/2025:09:38:10 -0400] "GET /robots.txt HTTP/1.1" 200 132 "-" "Mozilla/5.0 (compatible; DotBot/1.2; +https://opensiteexplorer.org/dotbot; help@moz.com)"
216.244.66.243 - - [31/Mar/2025:09:46:30 -0400] "GET /chatgpt-is-one-year-old-heres-how-it-changed-the/ HTTP/1.1" 200 96977 "-" "Mozilla/5.0 (compatible; DotBot/1.2; +https://opensiteexplorer.org/dotbot; help@moz.com)"
198.54.114.83 - - [31/Mar/2025:10:16:47 -0400] "POST /wp-cron.php?doing_wp_cron=1743430607.0043020248413085937500 HTTP/1.1" 200 0 "-" "WordPress/6.7.2; https://inversionesgoldie.com"
45.55.71.132 - - [31/Mar/2025:10:16:46 -0400] "GET /wp-content/plugins/shell/about.php HTTP/1.1" 404 8272 "www.google.com" "Mozlila/5.0 (Linux; Android 7.0; SM-G892A Bulid/NRD90M; wv) AppleWebKit/537.36 (KHTML, like Gecko) Version/4.0 Chrome/60.0.3112.107 Moblie Safari/537.36"
45.55.71.132 - - [31/Mar/2025:10:17:07 -0400] "GET /wp-content/plugins/fix/up.php HTTP/1.1" 404 8272 "www.google.com" "Mozlila/5.0 (Linux; Android 7.0; SM-G892A Bulid/NRD90M; wv) AppleWebKit/537.36 (KHTML, like Gecko) Version/4.0 Chrome/60.0.3112.107 Moblie Safari/537.36"
45.55.71.132 - - [31/Mar/2025:10:17:29 -0400] "GET /wp-content/plugins/wp-help/mini.php HTTP/1.1" 404 8272 "www.google.com" "Mozlila/5.0 (Linux; Android 7.0; SM-G892A Bulid/NRD90M; wv) AppleWebKit/537.36 (KHTML, like Gecko) Version/4.0 Chrome/60.0.3112.107 Moblie Safari/537.36"
18.209.47.53 - - [31/Mar/2025:10:33:30 -0400] "GET /wp-content/plugins/litespeed-cache/readme.txt HTTP/1.1" 200 12489 "-" "Mozlila/5.0 (Linux; Android 7.0; SM-G892A Bulid/NRD90M; wv) AppleWebKit/537.36 (KHTML, like Gecko) Version/4.0 Chrome/60.0.3112.107 Moblie Safari/537.36"
43.153.104.196 - - [31/Mar/2025:11:15:11 -0400] "GET / HTTP/1.1" 200 98560 "-" "Mozilla/5.0 (iPhone; CPU iPhone OS 13_2_3 like Mac OS X) AppleWebKit/605.1.15 (KHTML, like Gecko) Version/13.0.3 Mobile/15E148 Safari/604.1"
196.251.69.226 - - [31/Mar/2025:11:29:12 -0400] "GET /wp-content/plugins/pwnd/pwnd.php HTTP/1.1" 404 8272 "-" "Mozlila/5.0 (Linux; Android 7.0; SM-G892A Bulid/NRD90M; wv) AppleWebKit/537.36 (KHTML, like Gecko) Version/4.0 Chrome/60.0.3112.107 Moblie Safari/537.36"
196.251.69.226 - - [31/Mar/2025:11:29:32 -0400] "GET /wp-content/plugins/pwnd-1/pwnd.php HTTP/1.1" 404 8272 "-" "Mozlila/5.0 (Linux; Android 7.0; SM-G892A Bulid/NRD90M; wv) AppleWebKit/537.36 (KHTML, like Gecko) Version/4.0 Chrome/60.0.3112.107 Moblie Safari/537.36"
196.251.69.226 - - [31/Mar/2025:11:30:12 -0400] "GET /wp-content/plugins/pwnd-2/pwnd.php HTTP/1.1" 404 8272 "-" "Mozlila/5.0 (Linux; Android 7.0; SM-G892A Bulid/NRD90M; wv) AppleWebKit/537.36 (KHTML, like Gecko) Version/4.0 Chrome/60.0.3112.107 Moblie Safari/537.36"
196.251.69.226 - - [31/Mar/2025:11:30:42 -0400] "GET /wp-content/plugins/fix/up.php HTTP/1.1" 404 8271 "-" "Mozlila/5.0 (Linux; Android 7.0; SM-G892A Bulid/NRD90M; wv) AppleWebKit/537.36 (KHTML, like Gecko) Version/4.0 Chrome/60.0.3112.107 Moblie Safari/537.36"
