216.244.66.243 - - [07/Apr/2025:10:02:22 -0400] "GET /who-are-game-testers/feed/ HTTP/1.1" 200 422 "-" "Mozilla/5.0 (compatible; DotBot/1.2; +https://opensiteexplorer.org/dotbot; help@moz.com)"
75.119.153.23 - - [07/Apr/2025:10:03:04 -0400] "GET /why-buy-an-amd-motherboard/ HTTP/1.1" 200 11675 "-" "Mozilla/5.0 (Macintosh; Intel Mac OS X 12_5) AppleWebKit/605.1.15 (KHTML, like Gecko) Version/15.4 Safari/605.1.15"
198.54.114.83 - - [07/Apr/2025:10:03:14 -0400] "POST /wp-cron.php?doing_wp_cron=1744034594.0865359306335449218750 HTTP/1.1" 200 0 "-" "WordPress/6.7.2; https://inversionesgoldie.com"
216.244.66.243 - - [07/Apr/2025:10:03:13 -0400] "GET /how-to-get-started-with-pokemon-trading-cards/feed/ HTTP/1.1" 200 452 "-" "Mozilla/5.0 (compatible; DotBot/1.2; +https://opensiteexplorer.org/dotbot; help@moz.com)"
143.244.57.121 - - [07/Apr/2025:10:11:52 -0400] "GET / HTTP/1.1" 200 98560 "-" "Mozilla/5.0 (Windows NT 10.0; Win64; x64) AppleWebKit/537.36 (KHTML, like Gecko) Chrome/78.0.3904.108 Safari/537.36"
143.244.57.121 - - [07/Apr/2025:10:11:53 -0400] "GET / HTTP/1.1" 200 98560 "-" "Mozilla/5.0 (Windows NT 10.0; Win64; x64) AppleWebKit/537.36 (KHTML, like Gecko) Chrome/78.0.3904.108 Safari/537.36"
143.244.57.121 - - [07/Apr/2025:10:11:53 -0400] "GET /wp-includes/wlwmanifest.xml HTTP/1.1" 404 8272 "-" "Mozilla/5.0 (Windows NT 10.0; Win64; x64) AppleWebKit/537.36 (KHTML, like Gecko) Chrome/78.0.3904.108 Safari/537.36"
143.244.57.121 - - [07/Apr/2025:10:11:54 -0400] "GET /?author=1 HTTP/1.1" 200 98560 "-" "Mozilla/5.0 (Windows NT 10.0; Win64; x64) AppleWebKit/537.36 (KHTML, like Gecko) Chrome/78.0.3904.108 Safari/537.36"
143.244.57.121 - - [07/Apr/2025:10:11:54 -0400] "GET /?author=2 HTTP/1.1" 200 98560 "-" "Mozilla/5.0 (Windows NT 10.0; Win64; x64) AppleWebKit/537.36 (KHTML, like Gecko) Chrome/78.0.3904.108 Safari/537.36"
143.244.57.121 - - [07/Apr/2025:10:11:54 -0400] "GET /wp-json/wp/v2/users/ HTTP/1.1" 200 1381 "-" "Mozilla/5.0 (Windows NT 10.0; Win64; x64) AppleWebKit/537.36 (KHTML, like Gecko) Chrome/78.0.3904.108 Safari/537.36"
103.79.155.30 - - [07/Apr/2025:10:33:09 -0400] "POST /vendor/phpunit/phpunit/src/Util/PHP/eval-stdin.php HTTP/1.1" 403 1242 "-" "python-requests/2.32.3"
103.79.155.30 - - [07/Apr/2025:10:33:10 -0400] "POST /vendor/phpunits/phpunit/src/Util/PHP/eval-stdin.php HTTP/1.1" 403 1242 "-" "python-requests/2.32.3"
103.79.155.30 - - [07/Apr/2025:10:33:12 -0400] "POST /assets/vendor/phpunit/phpunit/src/Util/PHP/eval-stdin.php HTTP/1.1" 403 1242 "-" "python-requests/2.32.3"
103.79.155.30 - - [07/Apr/2025:10:33:14 -0400] "POST /admin/vendor/phpunit/phpunit/src/Util/PHP/eval-stdin.php HTTP/1.1" 403 1242 "-" "python-requests/2.32.3"
103.79.155.30 - - [07/Apr/2025:10:33:16 -0400] "POST /lib/vendor/phpunit/phpunit/src/Util/PHP/eval-stdin.php HTTP/1.1" 403 1242 "-" "python-requests/2.32.3"
103.79.155.30 - - [07/Apr/2025:10:33:17 -0400] "POST /_vendor/phpunit/phpunit/src/Util/PHP/eval-stdin.php HTTP/1.1" 403 1242 "-" "python-requests/2.32.3"
103.79.155.30 - - [07/Apr/2025:10:33:18 -0400] "POST /adminstrator/vendor/phpunit/phpunit/src/Util/PHP/eval-stdin.php HTTP/1.1" 403 1242 "-" "python-requests/2.32.3"
103.79.155.30 - - [07/Apr/2025:10:33:19 -0400] "POST /plugins/vendor/phpunit/phpunit/src/Util/PHP/eval-stdin.php HTTP/1.1" 403 1242 "-" "python-requests/2.32.3"
178.128.99.84 - - [07/Apr/2025:10:41:08 -0400] "GET / HTTP/1.1" 200 98560 "-" "Mozilla/5.0 (Windows NT 10.0; Win64; x64) AppleWebKit/537.36 (KHTML, like Gecko) Chrome/95.0.4638.69 Safari/537.36"
178.128.99.84 - - [07/Apr/2025:10:41:09 -0400] "GET /wp-includes/ID3/license.txt HTTP/1.1" 200 501 "-" "Mozilla/5.0 (Windows NT 10.0; Win64; x64) AppleWebKit/537.36 (KHTML, like Gecko) Chrome/95.0.4638.69 Safari/537.36"
198.54.114.83 - - [07/Apr/2025:10:41:12 -0400] "POST /wp-cron.php?doing_wp_cron=1744036871.9471490383148193359375 HTTP/1.1" 200 0 "-" "WordPress/6.7.2; https://inversionesgoldie.com"
178.128.99.84 - - [07/Apr/2025:10:41:11 -0400] "GET /feed/ HTTP/1.1" 200 343106 "-" "Mozilla/5.0 (Windows NT 10.0; Win64; x64) AppleWebKit/537.36 (KHTML, like Gecko) Chrome/95.0.4638.69 Safari/537.36"
178.128.99.84 - - [07/Apr/2025:10:41:14 -0400] "GET /?author=1 HTTP/1.1" 200 98560 "-" "Mozilla/5.0 (Windows NT 10.0; Win64; x64) AppleWebKit/537.36 (KHTML, like Gecko) Chrome/95.0.4638.69 Safari/537.36"
178.128.99.84 - - [07/Apr/2025:10:41:16 -0400] "GET /wp-json/wp/v2/users/ HTTP/1.1" 200 1381 "-" "Mozilla/5.0 (Windows NT 10.0; Win64; x64) AppleWebKit/537.36 (KHTML, like Gecko) Chrome/95.0.4638.69 Safari/537.36"
85.208.98.23 - - [07/Apr/2025:10:43:02 -0400] "GET /robots.txt HTTP/1.1" 304 0 "-" "Mozilla/5.0 (compatible; SemrushBot-BA; +http://www.semrush.com/bot.html)"
167.86.103.27 - - [07/Apr/2025:10:47:41 -0400] "GET /why-buy-an-amd-motherboard/ HTTP/1.1" 200 11675 "-" "Mozilla/5.0 (Macintosh; Intel Mac OS X 12_5) AppleWebKit/605.1.15 (KHTML, like Gecko) Version/15.4 Safari/605.1.15"
80.76.49.101 - - [07/Apr/2025:11:11:17 -0400] "GET /.env HTTP/1.1" 403 1242 "-" "Mozilla/5.0 (Macintosh; Intel Mac OS X 10.15; rv:77.0) Gecko/20100101 Firefox/77.0"
216.244.66.243 - - [07/Apr/2025:11:24:53 -0400] "GET /robots.txt HTTP/1.1" 200 132 "-" "Mozilla/5.0 (compatible; DotBot/1.2; +https://opensiteexplorer.org/dotbot; help@moz.com)"
93.183.89.12 - - [07/Apr/2025:11:29:14 -0400] "GET /building-true-team-spirit-for-peak-performance-in-sports-part-1/ HTTP/1.1" 200 13712 "http://inversionesgoldie.com/building-true-team-spirit-for-peak-performance-in-sports-part-1/" "Mozilla/5.0 (Windows NT 10.0; Win64; x64) AppleWebKit/537.36 (KHTML, like Gecko) Chrome/131.0.0.0 Safari/537.36 Avast/131.0.0.0"
93.183.89.12 - - [07/Apr/2025:11:29:18 -0400] "POST /wp-comments-post.php HTTP/1.1" 409 1194 "http://inversionesgoldie.com/building-true-team-spirit-for-peak-performance-in-sports-part-1/" "Mozilla/5.0 (Windows NT 10.0; Win64; x64) AppleWebKit/537.36 (KHTML, like Gecko) Chrome/131.0.0.0 Safari/537.36 Avast/131.0.0.0"
93.183.89.12 - - [07/Apr/2025:11:29:21 -0400] "GET /building-true-team-spirit-for-peak-performance-in-sports-part-1/ HTTP/1.1" 200 13712 "http://inversionesgoldie.com/building-true-team-spirit-for-peak-performance-in-sports-part-1/" "Mozilla/5.0 (Windows NT 10.0; Win64; x64) AppleWebKit/537.36 (KHTML, like Gecko) Chrome/131.0.0.0 Safari/537.36 Avast/131.0.0.0"
128.199.144.107 - - [07/Apr/2025:11:38:34 -0400] "GET /wp-includes/js/jcrop/Jcrop.php HTTP/1.1" 404 8273 "-" "Mozlila/5.0 (Linux; Android 7.0; SM-G892A Bulid/NRD90M; wv) AppleWebKit/537.36 (KHTML, like Gecko) Version/4.0 Chrome/60.0.3112.107 Moblie Safari/537.36"
161.97.113.29 - - [07/Apr/2025:11:38:35 -0400] "GET /wp-includes/css/index.php HTTP/1.1" 301 0 "-" "Mozilla/5.0 (Linux; Android 7.0; SM-G892A Build/NRD90M; wv) AppleWebKit/537.36 (KHTML, like Gecko) Version/4.0 Chrome/60.0.3112.107 Mobile Safari/537.36"
128.199.144.107 - - [07/Apr/2025:11:38:43 -0400] "GET /wp-content/plugins/index.php HTTP/1.1" 200 0 "-" "Mozlila/5.0 (Linux; Android 7.0; SM-G892A Bulid/NRD90M; wv) AppleWebKit/537.36 (KHTML, like Gecko) Version/4.0 Chrome/60.0.3112.107 Moblie Safari/537.36"
161.97.113.29 - - [07/Apr/2025:11:38:43 -0400] "GET /wp-includes/fonts/about.php HTTP/1.1" 404 8273 "-" "Mozilla/5.0 (Linux; Android 7.0; SM-G892A Build/NRD90M; wv) AppleWebKit/537.36 (KHTML, like Gecko) Version/4.0 Chrome/60.0.3112.107 Mobile Safari/537.36"
198.54.114.83 - - [07/Apr/2025:11:38:45 -0400] "POST /wp-cron.php?doing_wp_cron=1744040323.2866969108581542968750 HTTP/1.1" 200 0 "-" "WordPress/6.7.2; https://inversionesgoldie.com"
128.199.144.107 - - [07/Apr/2025:11:38:48 -0400] "GET /wp-admin/images/index.php HTTP/1.1" 301 0 "-" "Mozlila/5.0 (Linux; Android 7.0; SM-G892A Bulid/NRD90M; wv) AppleWebKit/537.36 (KHTML, like Gecko) Version/4.0 Chrome/60.0.3112.107 Moblie Safari/537.36"
161.97.113.29 - - [07/Apr/2025:11:38:51 -0400] "GET /wp-content/think.php HTTP/1.1" 404 8272 "-" "Mozilla/5.0 (Linux; Android 7.0; SM-G892A Build/NRD90M; wv) AppleWebKit/537.36 (KHTML, like Gecko) Version/4.0 Chrome/60.0.3112.107 Mobile Safari/537.36"
128.199.144.107 - - [07/Apr/2025:11:38:52 -0400] "GET /wp-admin/images/ HTTP/1.1" 403 1242 "-" "Mozlila/5.0 (Linux; Android 7.0; SM-G892A Bulid/NRD90M; wv) AppleWebKit/537.36 (KHTML, like Gecko) Version/4.0 Chrome/60.0.3112.107 Moblie Safari/537.36"
128.199.144.107 - - [07/Apr/2025:11:38:55 -0400] "GET /index/function.php HTTP/1.1" 404 8273 "-" "Mozlila/5.0 (Linux; Android 7.0; SM-G892A Bulid/NRD90M; wv) AppleWebKit/537.36 (KHTML, like Gecko) Version/4.0 Chrome/60.0.3112.107 Moblie Safari/537.36"
161.97.113.29 - - [07/Apr/2025:11:38:57 -0400] "GET /evil-backdoor.php HTTP/1.1" 404 8273 "-" "Mozilla/5.0 (Linux; Android 7.0; SM-G892A Build/NRD90M; wv) AppleWebKit/537.36 (KHTML, like Gecko) Version/4.0 Chrome/60.0.3112.107 Mobile Safari/537.36"
128.199.144.107 - - [07/Apr/2025:11:39:00 -0400] "GET /wp-admin/network/index.php HTTP/1.1" 302 0 "-" "Mozlila/5.0 (Linux; Android 7.0; SM-G892A Bulid/NRD90M; wv) AppleWebKit/537.36 (KHTML, like Gecko) Version/4.0 Chrome/60.0.3112.107 Moblie Safari/537.36"
161.97.113.29 - - [07/Apr/2025:11:39:00 -0400] "GET /wp-2019.php HTTP/1.1" 404 8272 "-" "Mozilla/5.0 (Linux; Android 7.0; SM-G892A Build/NRD90M; wv) AppleWebKit/537.36 (KHTML, like Gecko) Version/4.0 Chrome/60.0.3112.107 Mobile Safari/537.36"
161.97.113.29 - - [07/Apr/2025:11:39:06 -0400] "GET /wlwmanifest.xml HTTP/1.1" 404 8273 "-" "Mozilla/5.0 (Linux; Android 7.0; SM-G892A Build/NRD90M; wv) AppleWebKit/537.36 (KHTML, like Gecko) Version/4.0 Chrome/60.0.3112.107 Mobile Safari/537.36"
216.244.66.243 - - [07/Apr/2025:11:39:12 -0400] "GET /the-best-cbd-oil-products-in-the-uk/ HTTP/1.1" 200 12372 "-" "Mozilla/5.0 (compatible; DotBot/1.2; +https://opensiteexplorer.org/dotbot; help@moz.com)"
161.97.113.29 - - [07/Apr/2025:11:39:15 -0400] "GET /wp-includes/Text/Diff/Engine/index.php HTTP/1.1" 301 0 "-" "Mozilla/5.0 (Linux; Android 7.0; SM-G892A Build/NRD90M; wv) AppleWebKit/537.36 (KHTML, like Gecko) Version/4.0 Chrome/60.0.3112.107 Mobile Safari/537.36"
128.199.144.107 - - [07/Apr/2025:11:39:18 -0400] "GET /wp-includes/fonts/about.php HTTP/1.1" 404 8273 "-" "Mozlila/5.0 (Linux; Android 7.0; SM-G892A Bulid/NRD90M; wv) AppleWebKit/537.36 (KHTML, like Gecko) Version/4.0 Chrome/60.0.3112.107 Moblie Safari/537.36"
161.97.113.29 - - [07/Apr/2025:11:39:21 -0400] "GET /simple.php HTTP/1.1" 404 8272 "-" "Mozilla/5.0 (Linux; Android 7.0; SM-G892A Build/NRD90M; wv) AppleWebKit/537.36 (KHTML, like Gecko) Version/4.0 Chrome/60.0.3112.107 Mobile Safari/537.36"
161.97.113.29 - - [07/Apr/2025:11:39:33 -0400] "GET /wp-content/plugins/ccx/index.php HTTP/1.1" 301 0 "-" "Mozilla/5.0 (Linux; Android 7.0; SM-G892A Build/NRD90M; wv) AppleWebKit/537.36 (KHTML, like Gecko) Version/4.0 Chrome/60.0.3112.107 Mobile Safari/537.36"
161.97.113.29 - - [07/Apr/2025:11:39:38 -0400] "GET /wp-admin/js/index.php HTTP/1.1" 301 0 "-" "Mozilla/5.0 (Linux; Android 7.0; SM-G892A Build/NRD90M; wv) AppleWebKit/537.36 (KHTML, like Gecko) Version/4.0 Chrome/60.0.3112.107 Mobile Safari/537.36"
161.97.113.29 - - [07/Apr/2025:11:39:42 -0400] "GET /wp-content/shell20211028.php HTTP/1.1" 404 8272 "-" "Mozilla/5.0 (Linux; Android 7.0; SM-G892A Build/NRD90M; wv) AppleWebKit/537.36 (KHTML, like Gecko) Version/4.0 Chrome/60.0.3112.107 Mobile Safari/537.36"
161.97.113.29 - - [07/Apr/2025:11:39:46 -0400] "GET /wp-content/plugins/google-seo-rank/module.php HTTP/1.1" 404 8273 "-" "Mozilla/5.0 (Linux; Android 7.0; SM-G892A Build/NRD90M; wv) AppleWebKit/537.36 (KHTML, like Gecko) Version/4.0 Chrome/60.0.3112.107 Mobile Safari/537.36"
198.54.114.83 - - [07/Apr/2025:11:39:48 -0400] "POST /wp-cron.php?doing_wp_cron=1744040386.7790150642395019531250 HTTP/1.1" 200 0 "-" "WordPress/6.7.2; https://inversionesgoldie.com"
161.97.113.29 - - [07/Apr/2025:11:39:58 -0400] "GET /classwithtostring.php HTTP/1.1" 404 8273 "-" "Mozilla/5.0 (Linux; Android 7.0; SM-G892A Build/NRD90M; wv) AppleWebKit/537.36 (KHTML, like Gecko) Version/4.0 Chrome/60.0.3112.107 Mobile Safari/537.36"
161.97.113.29 - - [07/Apr/2025:11:40:08 -0400] "GET /wp-includes/mari.php HTTP/1.1" 404 8273 "-" "Mozilla/5.0 (Linux; Android 7.0; SM-G892A Build/NRD90M; wv) AppleWebKit/537.36 (KHTML, like Gecko) Version/4.0 Chrome/60.0.3112.107 Mobile Safari/537.36"
161.97.113.29 - - [07/Apr/2025:11:40:12 -0400] "GET /wp-content/plugins/alfa-rex.php HTTP/1.1" 404 8272 "-" "Mozilla/5.0 (Linux; Android 7.0; SM-G892A Build/NRD90M; wv) AppleWebKit/537.36 (KHTML, like Gecko) Version/4.0 Chrome/60.0.3112.107 Mobile Safari/537.36"
161.97.113.29 - - [07/Apr/2025:11:40:18 -0400] "GET /plugins/function.php HTTP/1.1" 404 8272 "-" "Mozilla/5.0 (Linux; Android 7.0; SM-G892A Build/NRD90M; wv) AppleWebKit/537.36 (KHTML, like Gecko) Version/4.0 Chrome/60.0.3112.107 Mobile Safari/537.36"
161.97.113.29 - - [07/Apr/2025:11:40:23 -0400] "GET /mah/function.php HTTP/1.1" 404 8273 "-" "Mozilla/5.0 (Linux; Android 7.0; SM-G892A Build/NRD90M; wv) AppleWebKit/537.36 (KHTML, like Gecko) Version/4.0 Chrome/60.0.3112.107 Mobile Safari/537.36"
161.97.113.29 - - [07/Apr/2025:11:40:31 -0400] "GET /radio.php HTTP/1.1" 404 8272 "-" "Mozilla/5.0 (Linux; Android 7.0; SM-G892A Build/NRD90M; wv) AppleWebKit/537.36 (KHTML, like Gecko) Version/4.0 Chrome/60.0.3112.107 Mobile Safari/537.36"
161.97.113.29 - - [07/Apr/2025:11:40:37 -0400] "GET /wp-content/radio.php HTTP/1.1" 404 8273 "-" "Mozilla/5.0 (Linux; Android 7.0; SM-G892A Build/NRD90M; wv) AppleWebKit/537.36 (KHTML, like Gecko) Version/4.0 Chrome/60.0.3112.107 Mobile Safari/537.36"
161.97.113.29 - - [07/Apr/2025:11:40:46 -0400] "GET /wp-content/themes/pridmag/db.php?u HTTP/1.1" 404 8272 "-" "Mozilla/5.0 (Linux; Android 7.0; SM-G892A Build/NRD90M; wv) AppleWebKit/537.36 (KHTML, like Gecko) Version/4.0 Chrome/60.0.3112.107 Mobile Safari/537.36"
161.97.113.29 - - [07/Apr/2025:11:40:49 -0400] "GET /wp-content/plugins/erinyani/baxa1.php HTTP/1.1" 404 8272 "-" "Mozilla/5.0 (Linux; Android 7.0; SM-G892A Build/NRD90M; wv) AppleWebKit/537.36 (KHTML, like Gecko) Version/4.0 Chrome/60.0.3112.107 Mobile Safari/537.36"
198.54.114.83 - - [07/Apr/2025:11:40:52 -0400] "POST /wp-cron.php?doing_wp_cron=1744040450.2700970172882080078125 HTTP/1.1" 200 0 "-" "WordPress/6.7.2; https://inversionesgoldie.com"
161.97.113.29 - - [07/Apr/2025:11:37:37 -0400] "GET /wp-includes/wp-login.php HTTP/1.1" 404 8273 "-" "Mozilla/5.0 (Linux; Android 7.0; SM-G892A Build/NRD90M; wv) AppleWebKit/537.36 (KHTML, like Gecko) Version/4.0 Chrome/60.0.3112.107 Mobile Safari/537.36"
198.54.114.83 - - [07/Apr/2025:11:37:46 -0400] "POST /wp-cron.php?doing_wp_cron=1744040262.1320390701293945312500 HTTP/1.1" 200 0 "-" "WordPress/6.7.2; https://inversionesgoldie.com"
161.97.113.29 - - [07/Apr/2025:11:37:50 -0400] "GET /about/function.php HTTP/1.1" 404 8273 "-" "Mozilla/5.0 (Linux; Android 7.0; SM-G892A Build/NRD90M; wv) AppleWebKit/537.36 (KHTML, like Gecko) Version/4.0 Chrome/60.0.3112.107 Mobile Safari/537.36"
161.97.113.29 - - [07/Apr/2025:11:38:03 -0400] "GET /wp-content/plugins/css-ready-sel/file.php HTTP/1.1" 404 8273 "-" "Mozilla/5.0 (Linux; Android 7.0; SM-G892A Build/NRD90M; wv) AppleWebKit/537.36 (KHTML, like Gecko) Version/4.0 Chrome/60.0.3112.107 Mobile Safari/537.36"
161.97.113.29 - - [07/Apr/2025:11:38:13 -0400] "GET /wso112233.php HTTP/1.1" 404 8273 "-" "Mozilla/5.0 (Linux; Android 7.0; SM-G892A Build/NRD90M; wv) AppleWebKit/537.36 (KHTML, like Gecko) Version/4.0 Chrome/60.0.3112.107 Mobile Safari/537.36"
54.254.137.198 - - [07/Apr/2025:11:38:15 -0400] "POST /wp-login.php HTTP/1.1" 302 0 "www.google.com" "Mozilla/5.0 (Windows NT 10.0; Win64; x64)"
161.97.113.29 - - [07/Apr/2025:11:38:28 -0400] "GET /wp-includes/Requests/network.php HTTP/1.1" 404 8273 "-" "Mozilla/5.0 (Linux; Android 7.0; SM-G892A Build/NRD90M; wv) AppleWebKit/537.36 (KHTML, like Gecko) Version/4.0 Chrome/60.0.3112.107 Mobile Safari/537.36"
161.97.113.29 - - [07/Apr/2025:11:41:13 -0400] "GET /wp-includes/ID3/about.php HTTP/1.1" 404 8272 "-" "Mozilla/5.0 (Linux; Android 7.0; SM-G892A Build/NRD90M; wv) AppleWebKit/537.36 (KHTML, like Gecko) Version/4.0 Chrome/60.0.3112.107 Mobile Safari/537.36"
161.97.113.29 - - [07/Apr/2025:11:41:15 -0400] "GET /wp-content/uploads/settingsimages/db.php HTTP/1.1" 404 8272 "-" "Mozilla/5.0 (Linux; Android 7.0; SM-G892A Build/NRD90M; wv) AppleWebKit/537.36 (KHTML, like Gecko) Version/4.0 Chrome/60.0.3112.107 Mobile Safari/537.36"
161.97.113.29 - - [07/Apr/2025:11:41:18 -0400] "GET /wp-admin/admin.php HTTP/1.1" 302 0 "-" "Mozilla/5.0 (Linux; Android 7.0; SM-G892A Build/NRD90M; wv) AppleWebKit/537.36 (KHTML, like Gecko) Version/4.0 Chrome/60.0.3112.107 Mobile Safari/537.36"
161.97.113.29 - - [07/Apr/2025:11:41:26 -0400] "GET /olux.php HTTP/1.1" 404 8272 "-" "Mozilla/5.0 (Linux; Android 7.0; SM-G892A Build/NRD90M; wv) AppleWebKit/537.36 (KHTML, like Gecko) Version/4.0 Chrome/60.0.3112.107 Mobile Safari/537.36"
161.97.113.29 - - [07/Apr/2025:11:41:32 -0400] "GET /wp-content/uploads/wp-login.php HTTP/1.1" 404 8272 "-" "Mozilla/5.0 (Linux; Android 7.0; SM-G892A Build/NRD90M; wv) AppleWebKit/537.36 (KHTML, like Gecko) Version/4.0 Chrome/60.0.3112.107 Mobile Safari/537.36"
161.97.113.29 - - [07/Apr/2025:11:41:35 -0400] "GET /1.php HTTP/1.1" 404 8273 "-" "Mozilla/5.0 (Linux; Android 7.0; SM-G892A Build/NRD90M; wv) AppleWebKit/537.36 (KHTML, like Gecko) Version/4.0 Chrome/60.0.3112.107 Mobile Safari/537.36"
161.97.113.29 - - [07/Apr/2025:11:41:47 -0400] "GET /wp-backdoor.php HTTP/1.1" 404 8273 "-" "Mozilla/5.0 (Linux; Android 7.0; SM-G892A Build/NRD90M; wv) AppleWebKit/537.36 (KHTML, like Gecko) Version/4.0 Chrome/60.0.3112.107 Mobile Safari/537.36"
198.54.114.83 - - [07/Apr/2025:11:41:53 -0400] "POST /wp-cron.php?doing_wp_cron=1744040512.3644959926605224609375 HTTP/1.1" 200 0 "-" "WordPress/6.7.2; https://inversionesgoldie.com"
161.97.113.29 - - [07/Apr/2025:11:41:52 -0400] "GET /wp-includes/Requests/about.php HTTP/1.1" 404 8272 "-" "Mozilla/5.0 (Linux; Android 7.0; SM-G892A Build/NRD90M; wv) AppleWebKit/537.36 (KHTML, like Gecko) Version/4.0 Chrome/60.0.3112.107 Mobile Safari/537.36"
161.97.113.29 - - [07/Apr/2025:11:41:56 -0400] "GET /malicious.php HTTP/1.1" 404 8273 "-" "Mozilla/5.0 (Linux; Android 7.0; SM-G892A Build/NRD90M; wv) AppleWebKit/537.36 (KHTML, like Gecko) Version/4.0 Chrome/60.0.3112.107 Mobile Safari/537.36"
161.97.113.29 - - [07/Apr/2025:11:42:00 -0400] "GET /wp-admin/network/index.php HTTP/1.1" 302 0 "-" "Mozilla/5.0 (Linux; Android 7.0; SM-G892A Build/NRD90M; wv) AppleWebKit/537.36 (KHTML, like Gecko) Version/4.0 Chrome/60.0.3112.107 Mobile Safari/537.36"
161.97.113.29 - - [07/Apr/2025:11:42:02 -0400] "GET /wp-content/plugins/core/include.php HTTP/1.1" 404 8273 "-" "Mozilla/5.0 (Linux; Android 7.0; SM-G892A Build/NRD90M; wv) AppleWebKit/537.36 (KHTML, like Gecko) Version/4.0 Chrome/60.0.3112.107 Mobile Safari/537.36"
161.97.113.29 - - [07/Apr/2025:11:42:08 -0400] "GET /wp-content/plugins/upspy/up.php HTTP/1.1" 404 8273 "-" "Mozilla/5.0 (Linux; Android 7.0; SM-G892A Build/NRD90M; wv) AppleWebKit/537.36 (KHTML, like Gecko) Version/4.0 Chrome/60.0.3112.107 Mobile Safari/537.36"
161.97.113.29 - - [07/Apr/2025:11:42:14 -0400] "GET /wp-content/plugins/wp-db-ajax-made/wp-ajax.php HTTP/1.1" 404 8274 "-" "Mozilla/5.0 (Linux; Android 7.0; SM-G892A Build/NRD90M; wv) AppleWebKit/537.36 (KHTML, like Gecko) Version/4.0 Chrome/60.0.3112.107 Mobile Safari/537.36"
161.97.113.29 - - [07/Apr/2025:11:42:19 -0400] "GET /ws.php.php HTTP/1.1" 404 8273 "-" "Mozilla/5.0 (Linux; Android 7.0; SM-G892A Build/NRD90M; wv) AppleWebKit/537.36 (KHTML, like Gecko) Version/4.0 Chrome/60.0.3112.107 Mobile Safari/537.36"
161.97.113.29 - - [07/Apr/2025:11:42:31 -0400] "GET /wp-content/x/index.php HTTP/1.1" 301 0 "-" "Mozilla/5.0 (Linux; Android 7.0; SM-G892A Build/NRD90M; wv) AppleWebKit/537.36 (KHTML, like Gecko) Version/4.0 Chrome/60.0.3112.107 Mobile Safari/537.36"
161.97.113.29 - - [07/Apr/2025:11:40:54 -0400] "GET /wp-admin.php HTTP/1.1" 404 8274 "-" "Mozilla/5.0 (Linux; Android 7.0; SM-G892A Build/NRD90M; wv) AppleWebKit/537.36 (KHTML, like Gecko) Version/4.0 Chrome/60.0.3112.107 Mobile Safari/537.36"
161.97.113.29 - - [07/Apr/2025:11:41:00 -0400] "GET /wp-content/upgrade/index.php HTTP/1.1" 301 0 "-" "Mozilla/5.0 (Linux; Android 7.0; SM-G892A Build/NRD90M; wv) AppleWebKit/537.36 (KHTML, like Gecko) Version/4.0 Chrome/60.0.3112.107 Mobile Safari/537.36"
161.97.113.29 - - [07/Apr/2025:11:41:04 -0400] "GET /wp-login.php HTTP/1.1" 302 0 "-" "Mozilla/5.0 (Linux; Android 7.0; SM-G892A Build/NRD90M; wv) AppleWebKit/537.36 (KHTML, like Gecko) Version/4.0 Chrome/60.0.3112.107 Mobile Safari/537.36"
161.97.113.29 - - [07/Apr/2025:11:42:34 -0400] "GET /indoxploit.php HTTP/1.1" 404 8274 "-" "Mozilla/5.0 (Linux; Android 7.0; SM-G892A Build/NRD90M; wv) AppleWebKit/537.36 (KHTML, like Gecko) Version/4.0 Chrome/60.0.3112.107 Mobile Safari/537.36"
161.97.113.29 - - [07/Apr/2025:11:42:50 -0400] "GET /wp-content/themes/RightNow/includes/uploadify/upload_settings_image.php HTTP/1.1" 404 8273 "-" "Mozilla/5.0 (Linux; Android 7.0; SM-G892A Build/NRD90M; wv) AppleWebKit/537.36 (KHTML, like Gecko) Version/4.0 Chrome/60.0.3112.107 Mobile Safari/537.36"
161.97.113.29 - - [07/Apr/2025:11:43:10 -0400] "GET /chosen.php HTTP/1.1" 404 8272 "-" "Mozilla/5.0 (Linux; Android 7.0; SM-G892A Build/NRD90M; wv) AppleWebKit/537.36 (KHTML, like Gecko) Version/4.0 Chrome/60.0.3112.107 Mobile Safari/537.36"
161.97.113.29 - - [07/Apr/2025:11:43:25 -0400] "GET /wp-admin/css/index.php HTTP/1.1" 301 0 "-" "Mozilla/5.0 (Linux; Android 7.0; SM-G892A Build/NRD90M; wv) AppleWebKit/537.36 (KHTML, like Gecko) Version/4.0 Chrome/60.0.3112.107 Mobile Safari/537.36"
161.97.113.29 - - [07/Apr/2025:11:43:36 -0400] "GET /fosil.php HTTP/1.1" 404 8273 "-" "Mozilla/5.0 (Linux; Android 7.0; SM-G892A Build/NRD90M; wv) AppleWebKit/537.36 (KHTML, like Gecko) Version/4.0 Chrome/60.0.3112.107 Mobile Safari/537.36"
161.97.113.29 - - [07/Apr/2025:11:43:44 -0400] "GET /wp-content/plugins/three-column-screen-layout/db.php HTTP/1.1" 404 8273 "-" "Mozilla/5.0 (Linux; Android 7.0; SM-G892A Build/NRD90M; wv) AppleWebKit/537.36 (KHTML, like Gecko) Version/4.0 Chrome/60.0.3112.107 Mobile Safari/537.36"
161.97.113.29 - - [07/Apr/2025:11:43:51 -0400] "GET /wp-includes/SimplePie/plugins.php HTTP/1.1" 404 8272 "-" "Mozilla/5.0 (Linux; Android 7.0; SM-G892A Build/NRD90M; wv) AppleWebKit/537.36 (KHTML, like Gecko) Version/4.0 Chrome/60.0.3112.107 Mobile Safari/537.36"
161.97.113.29 - - [07/Apr/2025:11:43:59 -0400] "GET /as/function HTTP/1.1" 301 0 "-" "Mozilla/5.0 (Linux; Android 7.0; SM-G892A Build/NRD90M; wv) AppleWebKit/537.36 (KHTML, like Gecko) Version/4.0 Chrome/60.0.3112.107 Mobile Safari/537.36"
161.97.113.29 - - [07/Apr/2025:11:44:06 -0400] "GET /wp-content/plugins/view-more/ioxi.php HTTP/1.1" 404 8272 "-" "Mozilla/5.0 (Linux; Android 7.0; SM-G892A Build/NRD90M; wv) AppleWebKit/537.36 (KHTML, like Gecko) Version/4.0 Chrome/60.0.3112.107 Mobile Safari/537.36"
161.97.113.29 - - [07/Apr/2025:11:44:16 -0400] "GET /index.php HTTP/1.1" 301 0 "-" "Mozilla/5.0 (Linux; Android 7.0; SM-G892A Build/NRD90M; wv) AppleWebKit/537.36 (KHTML, like Gecko) Version/4.0 Chrome/60.0.3112.107 Mobile Safari/537.36"
198.54.114.83 - - [07/Apr/2025:11:44:19 -0400] "POST /wp-cron.php?doing_wp_cron=1744040657.0557940006256103515625 HTTP/1.1" 200 0 "-" "WordPress/6.7.2; https://inversionesgoldie.com"
161.97.113.29 - - [07/Apr/2025:11:44:26 -0400] "GET /wp-content/plugins/css-ready/file.php HTTP/1.1" 404 8273 "-" "Mozilla/5.0 (Linux; Android 7.0; SM-G892A Build/NRD90M; wv) AppleWebKit/537.36 (KHTML, like Gecko) Version/4.0 Chrome/60.0.3112.107 Mobile Safari/537.36"
161.97.113.29 - - [07/Apr/2025:11:44:34 -0400] "GET /wp-content/themes/about.php HTTP/1.1" 404 8274 "-" "Mozilla/5.0 (Linux; Android 7.0; SM-G892A Build/NRD90M; wv) AppleWebKit/537.36 (KHTML, like Gecko) Version/4.0 Chrome/60.0.3112.107 Mobile Safari/537.36"
13.82.181.88 - - [07/Apr/2025:11:44:40 -0400] "GET /wp-includes/pomo/fgertreyersd.php.suspected HTTP/1.1" 404 8272 "-" "-"
161.97.113.29 - - [07/Apr/2025:11:44:46 -0400] "GET /cgi-bin/wp-login.php HTTP/1.1" 404 8273 "-" "Mozilla/5.0 (Linux; Android 7.0; SM-G892A Build/NRD90M; wv) AppleWebKit/537.36 (KHTML, like Gecko) Version/4.0 Chrome/60.0.3112.107 Mobile Safari/537.36"
13.82.181.88 - - [07/Apr/2025:11:44:47 -0400] "GET /wp-admin/images/system.php HTTP/1.1" 404 8273 "-" "-"
13.82.181.88 - - [07/Apr/2025:11:44:52 -0400] "GET /wp-includes/IXR/themes.php HTTP/1.1" 404 8273 "-" "-"
161.97.113.29 - - [07/Apr/2025:11:44:56 -0400] "GET /wp-admin/user/wp-login.php HTTP/1.1" 404 8273 "-" "Mozilla/5.0 (Linux; Android 7.0; SM-G892A Build/NRD90M; wv) AppleWebKit/537.36 (KHTML, like Gecko) Version/4.0 Chrome/60.0.3112.107 Mobile Safari/537.36"
13.82.181.88 - - [07/Apr/2025:11:44:58 -0400] "GET /wp-content/install.php HTTP/1.1" 404 8273 "-" "-"
13.82.181.88 - - [07/Apr/2025:11:45:01 -0400] "GET /wp-content/uploads/option.php HTTP/1.1" 404 8272 "-" "-"
13.82.181.88 - - [07/Apr/2025:11:45:09 -0400] "GET /chosen.php HTTP/1.1" 404 8272 "-" "-"
161.97.113.29 - - [07/Apr/2025:11:45:08 -0400] "GET /wp-content/plugins/Cache/Cache.php HTTP/1.1" 404 8273 "-" "Mozilla/5.0 (Linux; Android 7.0; SM-G892A Build/NRD90M; wv) AppleWebKit/537.36 (KHTML, like Gecko) Version/4.0 Chrome/60.0.3112.107 Mobile Safari/537.36"
13.82.181.88 - - [07/Apr/2025:11:45:11 -0400] "GET /alfanew.php7 HTTP/1.1" 404 8273 "-" "-"
161.97.113.29 - - [07/Apr/2025:11:45:16 -0400] "GET /wp-content/banners/about.php HTTP/1.1" 404 8273 "-" "Mozilla/5.0 (Linux; Android 7.0; SM-G892A Build/NRD90M; wv) AppleWebKit/537.36 (KHTML, like Gecko) Version/4.0 Chrome/60.0.3112.107 Mobile Safari/537.36"
13.82.181.88 - - [07/Apr/2025:11:45:17 -0400] "GET /wp-content/plugins/zxmunes/ HTTP/1.1" 404 8273 "-" "-"
198.54.114.83 - - [07/Apr/2025:11:45:20 -0400] "POST /wp-cron.php?doing_wp_cron=1744040717.3868789672851562500000 HTTP/1.1" 200 0 "-" "WordPress/6.7.2; https://inversionesgoldie.com"
13.82.181.88 - - [07/Apr/2025:11:45:21 -0400] "GET /wp-includes/php-compat/ HTTP/1.1" 403 1242 "-" "-"
161.97.113.29 - - [07/Apr/2025:11:45:23 -0400] "GET /wp-admin/images/index.php HTTP/1.1" 301 0 "-" "Mozilla/5.0 (Linux; Android 7.0; SM-G892A Build/NRD90M; wv) AppleWebKit/537.36 (KHTML, like Gecko) Version/4.0 Chrome/60.0.3112.107 Mobile Safari/537.36"
13.82.181.88 - - [07/Apr/2025:11:45:25 -0400] "GET /modules/mod_ariimageslidersa/ HTTP/1.1" 404 8273 "-" "-"
161.97.113.29 - - [07/Apr/2025:11:45:28 -0400] "GET /admin.php HTTP/1.1" 404 8273 "-" "Mozilla/5.0 (Linux; Android 7.0; SM-G892A Build/NRD90M; wv) AppleWebKit/537.36 (KHTML, like Gecko) Version/4.0 Chrome/60.0.3112.107 Mobile Safari/537.36"
13.82.181.88 - - [07/Apr/2025:11:45:30 -0400] "GET /wp-content/blogs.dir/ HTTP/1.1" 404 8272 "-" "-"
20.7.178.94 - - [07/Apr/2025:11:45:33 -0400] "GET /wp-content/plugins/hellopress/wp_filemanager.php HTTP/1.1" 404 8273 "-" "-"
13.82.181.88 - - [07/Apr/2025:11:45:34 -0400] "GET /wp-header.php HTTP/1.1" 404 8274 "-" "-"
20.7.178.94 - - [07/Apr/2025:11:45:39 -0400] "GET /wp-includes/Text/network.php HTTP/1.1" 404 8273 "-" "-"
13.82.181.88 - - [07/Apr/2025:11:45:39 -0400] "GET /css_editor.php HTTP/1.1" 404 8271 "-" "-"
161.97.113.29 - - [07/Apr/2025:11:45:39 -0400] "GET /wp-content/uploads/about.php HTTP/1.1" 404 8271 "-" "Mozilla/5.0 (Linux; Android 7.0; SM-G892A Build/NRD90M; wv) AppleWebKit/537.36 (KHTML, like Gecko) Version/4.0 Chrome/60.0.3112.107 Mobile Safari/537.36"
20.7.178.94 - - [07/Apr/2025:11:45:43 -0400] "GET /wp-content/upgrade-temp-backup/wp-login.php HTTP/1.1" 404 8271 "-" "-"
13.82.181.88 - - [07/Apr/2025:11:45:44 -0400] "GET /.well-known/acme-challenge/ HTTP/1.1" 404 8271 "-" "-"
161.97.113.29 - - [07/Apr/2025:11:45:45 -0400] "GET /wp-content/IXR/index.php HTTP/1.1" 301 0 "-" "Mozilla/5.0 (Linux; Android 7.0; SM-G892A Build/NRD90M; wv) AppleWebKit/537.36 (KHTML, like Gecko) Version/4.0 Chrome/60.0.3112.107 Mobile Safari/537.36"
20.7.178.94 - - [07/Apr/2025:11:45:48 -0400] "GET /js/fm.php HTTP/1.1" 404 8272 "-" "-"
13.82.181.88 - - [07/Apr/2025:11:45:49 -0400] "GET /wp-includes/blocks/sx.php HTTP/1.1" 404 8272 "-" "-"
20.7.178.94 - - [07/Apr/2025:11:45:53 -0400] "GET /wp-content/themes/astra/inc/ki1k.php HTTP/1.1" 404 8273 "-" "-"
13.82.181.88 - - [07/Apr/2025:11:45:54 -0400] "GET /wp-content/themes/config HTTP/1.1" 404 8273 "-" "-"
161.97.113.29 - - [07/Apr/2025:11:45:54 -0400] "GET /alfanew.php HTTP/1.1" 404 8274 "-" "Mozilla/5.0 (Linux; Android 7.0; SM-G892A Build/NRD90M; wv) AppleWebKit/537.36 (KHTML, like Gecko) Version/4.0 Chrome/60.0.3112.107 Mobile Safari/537.36"
20.7.178.94 - - [07/Apr/2025:11:45:57 -0400] "GET /WordPress/wp-admin/includes/zmFM.php HTTP/1.1" 404 8273 "-" "-"
13.82.181.88 - - [07/Apr/2025:11:45:57 -0400] "GET /unix.php HTTP/1.1" 404 8273 "-" "-"
161.97.113.29 - - [07/Apr/2025:11:46:00 -0400] "GET /hehehehe.php HTTP/1.1" 404 8272 "-" "Mozilla/5.0 (Linux; Android 7.0; SM-G892A Build/NRD90M; wv) AppleWebKit/537.36 (KHTML, like Gecko) Version/4.0 Chrome/60.0.3112.107 Mobile Safari/537.36"
20.7.178.94 - - [07/Apr/2025:11:46:02 -0400] "GET /default.php HTTP/1.1" 404 8273 "-" "-"
13.82.181.88 - - [07/Apr/2025:11:46:03 -0400] "GET /wp-includes/PHPMailer/about.php HTTP/1.1" 404 8273 "-" "-"
20.7.178.94 - - [07/Apr/2025:11:46:06 -0400] "GET /ty.php HTTP/1.1" 404 8272 "-" "-"
13.82.181.88 - - [07/Apr/2025:11:46:07 -0400] "GET /index/function.php HTTP/1.1" 404 8273 "-" "-"
20.7.178.94 - - [07/Apr/2025:11:46:10 -0400] "GET /wp-content/themes/cay-van-phong/filemanager.php HTTP/1.1" 404 8272 "-" "-"
13.82.181.88 - - [07/Apr/2025:11:46:10 -0400] "GET /wp-includes/ID3/autoload_classmap.php HTTP/1.1" 404 8272 "-" "-"
161.97.113.29 - - [07/Apr/2025:11:46:10 -0400] "GET /wp-admin/shapes.php HTTP/1.1" 404 8272 "-" "Mozilla/5.0 (Linux; Android 7.0; SM-G892A Build/NRD90M; wv) AppleWebKit/537.36 (KHTML, like Gecko) Version/4.0 Chrome/60.0.3112.107 Mobile Safari/537.36"
20.7.178.94 - - [07/Apr/2025:11:46:14 -0400] "GET /fm.php HTTP/1.1" 404 8274 "-" "-"
13.82.181.88 - - [07/Apr/2025:11:46:15 -0400] "GET /b0.php HTTP/1.1" 404 8274 "-" "-"
161.97.113.29 - - [07/Apr/2025:11:46:16 -0400] "GET /wp-admin/admin-ajax.php HTTP/1.1" 400 21 "-" "Mozilla/5.0 (Linux; Android 7.0; SM-G892A Build/NRD90M; wv) AppleWebKit/537.36 (KHTML, like Gecko) Version/4.0 Chrome/60.0.3112.107 Mobile Safari/537.36"
198.54.114.83 - - [07/Apr/2025:11:46:20 -0400] "POST /wp-cron.php?doing_wp_cron=1744040779.3351280689239501953125 HTTP/1.1" 200 0 "-" "WordPress/6.7.2; https://inversionesgoldie.com"
20.7.178.94 - - [07/Apr/2025:11:46:17 -0400] "GET /wp-content/plugins/seoplugins/index.php HTTP/1.1" 301 0 "-" "-"
13.82.181.88 - - [07/Apr/2025:11:46:17 -0400] "GET /gecko.php HTTP/1.1" 404 8273 "-" "-"
20.7.178.94 - - [07/Apr/2025:11:46:25 -0400] "GET /wp-content/plugins/seoplugins/ HTTP/1.1" 200 0 "-" "-"
161.97.113.29 - - [07/Apr/2025:11:46:25 -0400] "GET /wp-admin/images/admin.php HTTP/1.1" 404 8273 "-" "Mozilla/5.0 (Linux; Android 7.0; SM-G892A Build/NRD90M; wv) AppleWebKit/537.36 (KHTML, like Gecko) Version/4.0 Chrome/60.0.3112.107 Mobile Safari/537.36"
13.82.181.88 - - [07/Apr/2025:11:46:25 -0400] "GET /sites/default/files/ HTTP/1.1" 404 8273 "-" "-"
13.82.181.88 - - [07/Apr/2025:11:46:29 -0400] "GET /fm.php HTTP/1.1" 404 8274 "-" "-"
161.97.113.29 - - [07/Apr/2025:11:46:31 -0400] "GET /wp-content/themes/finley/min.php HTTP/1.1" 404 8272 "-" "Mozilla/5.0 (Linux; Android 7.0; SM-G892A Build/NRD90M; wv) AppleWebKit/537.36 (KHTML, like Gecko) Version/4.0 Chrome/60.0.3112.107 Mobile Safari/537.36"
13.82.181.88 - - [07/Apr/2025:11:46:31 -0400] "GET /mail_logs.php HTTP/1.1" 404 8272 "-" "-"
13.82.181.88 - - [07/Apr/2025:11:46:35 -0400] "GET /wp-includes/SimplePie/plugins.php HTTP/1.1" 404 8272 "-" "-"
161.97.113.29 - - [07/Apr/2025:11:46:36 -0400] "GET /wp-content/plugins/hello.php HTTP/1.1" 404 8273 "-" "Mozilla/5.0 (Linux; Android 7.0; SM-G892A Build/NRD90M; wv) AppleWebKit/537.36 (KHTML, like Gecko) Version/4.0 Chrome/60.0.3112.107 Mobile Safari/537.36"
13.82.181.88 - - [07/Apr/2025:11:46:37 -0400] "GET /wp-includes/cqhnpmqs.php HTTP/1.1" 404 8273 "-" "-"
13.82.181.88 - - [07/Apr/2025:11:46:42 -0400] "GET /wp-includes/css/dist/block-library/ HTTP/1.1" 403 1242 "-" "-"
13.82.181.88 - - [07/Apr/2025:11:46:45 -0400] "GET /wp-admin/repeater.php HTTP/1.1" 404 8271 "-" "-"
161.97.113.29 - - [07/Apr/2025:11:46:47 -0400] "GET /wp-content/uploads/mfw-activity-logger/csv-uploads/db.php HTTP/1.1" 404 8273 "-" "Mozilla/5.0 (Linux; Android 7.0; SM-G892A Build/NRD90M; wv) AppleWebKit/537.36 (KHTML, like Gecko) Version/4.0 Chrome/60.0.3112.107 Mobile Safari/537.36"
13.82.181.88 - - [07/Apr/2025:11:46:50 -0400] "GET /wp-includes/js/tinymce/skins/wordpress/images/index.php HTTP/1.1" 301 0 "-" "-"
13.82.181.88 - - [07/Apr/2025:11:46:53 -0400] "GET /wp-includes/js/tinymce/skins/wordpress/images/ HTTP/1.1" 403 1242 "-" "-"
161.97.113.29 - - [07/Apr/2025:11:46:54 -0400] "GET /admin/function.php HTTP/1.1" 404 8274 "-" "Mozilla/5.0 (Linux; Android 7.0; SM-G892A Build/NRD90M; wv) AppleWebKit/537.36 (KHTML, like Gecko) Version/4.0 Chrome/60.0.3112.107 Mobile Safari/537.36"
198.54.114.83 - - [07/Apr/2025:11:46:58 -0400] "POST /wp-cron.php?doing_wp_cron=1744040817.0551080703735351562500 HTTP/1.1" 200 0 "-" "WordPress/6.7.2; https://inversionesgoldie.com"
13.82.181.88 - - [07/Apr/2025:11:46:56 -0400] "GET /colors.php HTTP/1.1" 404 8273 "-" "-"
161.97.113.29 - - [07/Apr/2025:11:47:01 -0400] "GET /wp-signup.php HTTP/1.1" 302 0 "-" "Mozilla/5.0 (Linux; Android 7.0; SM-G892A Build/NRD90M; wv) AppleWebKit/537.36 (KHTML, like Gecko) Version/4.0 Chrome/60.0.3112.107 Mobile Safari/537.36"
13.82.181.88 - - [07/Apr/2025:11:47:01 -0400] "GET /wp-admin/dropdown.php HTTP/1.1" 404 8272 "-" "-"
13.82.181.88 - - [07/Apr/2025:11:47:05 -0400] "GET /menu.php HTTP/1.1" 404 8273 "-" "-"
161.97.113.29 - - [07/Apr/2025:11:47:09 -0400] "GET /uploaded_script.php HTTP/1.1" 404 8273 "-" "Mozilla/5.0 (Linux; Android 7.0; SM-G892A Build/NRD90M; wv) AppleWebKit/537.36 (KHTML, like Gecko) Version/4.0 Chrome/60.0.3112.107 Mobile Safari/537.36"
13.82.181.88 - - [07/Apr/2025:11:47:10 -0400] "GET /wp/wp-admin/includes/wp-admin/ HTTP/1.1" 404 8273 "-" "-"
13.82.181.88 - - [07/Apr/2025:11:47:14 -0400] "GET /wp-content/plugins/nsplvxi/ HTTP/1.1" 404 8273 "-" "-"
13.82.181.88 - - [07/Apr/2025:11:47:16 -0400] "GET /wp-includes/css/dist/widgets/ HTTP/1.1" 403 1242 "-" "-"
161.97.113.29 - - [07/Apr/2025:11:47:16 -0400] "GET /wp-includes/wp-class.php HTTP/1.1" 404 8273 "-" "Mozilla/5.0 (Linux; Android 7.0; SM-G892A Build/NRD90M; wv) AppleWebKit/537.36 (KHTML, like Gecko) Version/4.0 Chrome/60.0.3112.107 Mobile Safari/537.36"
13.82.181.88 - - [07/Apr/2025:11:47:18 -0400] "GET /wp/wp-content/themes/f6pe9wcj/ HTTP/1.1" 404 8273 "-" "-"
13.82.181.88 - - [07/Apr/2025:11:47:22 -0400] "GET /css/dmtixucz/golden-access/ HTTP/1.1" 404 8272 "-" "-"
161.97.113.29 - - [07/Apr/2025:11:47:22 -0400] "GET /Marvins.php HTTP/1.1" 404 8273 "-" "Mozilla/5.0 (Linux; Android 7.0; SM-G892A Build/NRD90M; wv) AppleWebKit/537.36 (KHTML, like Gecko) Version/4.0 Chrome/60.0.3112.107 Mobile Safari/537.36"
13.82.181.88 - - [07/Apr/2025:11:47:24 -0400] "GET /wp-content/plugins/wp-theme-editor/ HTTP/1.1" 404 8273 "-" "-"
13.82.181.88 - - [07/Apr/2025:11:47:26 -0400] "GET /wp-includes/images/about.php HTTP/1.1" 404 8273 "-" "-"
13.82.181.88 - - [07/Apr/2025:11:47:29 -0400] "GET /wp-admin/js/widgets/cloud.php HTTP/1.1" 404 8273 "-" "-"
13.82.181.88 - - [07/Apr/2025:11:47:31 -0400] "GET /wp-admin/YP1cuvy6WrD.php HTTP/1.1" 404 8272 "-" "-"
161.97.113.29 - - [07/Apr/2025:11:47:31 -0400] "GET /wp-content/plugins/upspy/sllolx.php HTTP/1.1" 404 8272 "-" "Mozilla/5.0 (Linux; Android 7.0; SM-G892A Build/NRD90M; wv) AppleWebKit/537.36 (KHTML, like Gecko) Version/4.0 Chrome/60.0.3112.107 Mobile Safari/537.36"
13.82.181.88 - - [07/Apr/2025:11:47:33 -0400] "GET /alert.php HTTP/1.1" 404 8273 "-" "-"
13.82.181.88 - - [07/Apr/2025:11:47:36 -0400] "GET /wp-content/plugins/config HTTP/1.1" 404 8273 "-" "-"
161.97.113.29 - - [07/Apr/2025:11:47:38 -0400] "GET /asd.php HTTP/1.1" 404 8273 "-" "Mozilla/5.0 (Linux; Android 7.0; SM-G892A Build/NRD90M; wv) AppleWebKit/537.36 (KHTML, like Gecko) Version/4.0 Chrome/60.0.3112.107 Mobile Safari/537.36"
13.82.181.88 - - [07/Apr/2025:11:47:38 -0400] "GET /wp-content/themes/bltm/ HTTP/1.1" 404 8273 "-" "-"
13.82.181.88 - - [07/Apr/2025:11:47:41 -0400] "GET /wp-content/plugins/6i85g10k/ HTTP/1.1" 404 8272 "-" "-"
161.97.113.29 - - [07/Apr/2025:11:47:42 -0400] "GET /wp-includes/js/index.php HTTP/1.1" 301 0 "-" "Mozilla/5.0 (Linux; Android 7.0; SM-G892A Build/NRD90M; wv) AppleWebKit/537.36 (KHTML, like Gecko) Version/4.0 Chrome/60.0.3112.107 Mobile Safari/537.36"
13.82.181.88 - - [07/Apr/2025:11:47:43 -0400] "GET /wp-content/uploads/2014/03/smile.php HTTP/1.1" 404 8273 "-" "-"
13.82.181.88 - - [07/Apr/2025:11:47:45 -0400] "GET //wp-2019.php HTTP/1.1" 301 0 "-" "-"
13.82.181.88 - - [07/Apr/2025:11:47:47 -0400] "GET /wp-2019.php HTTP/1.1" 404 8272 "-" "-"
13.82.181.88 - - [07/Apr/2025:11:47:48 -0400] "GET /wp-includes/ HTTP/1.1" 403 1242 "-" "-"
161.97.113.29 - - [07/Apr/2025:11:47:49 -0400] "GET /about.php HTTP/1.1" 404 8273 "-" "Mozilla/5.0 (Linux; Android 7.0; SM-G892A Build/NRD90M; wv) AppleWebKit/537.36 (KHTML, like Gecko) Version/4.0 Chrome/60.0.3112.107 Mobile Safari/537.36"
13.82.181.88 - - [07/Apr/2025:11:47:49 -0400] "GET /wp-includes/wp-class.php/wp-content/uploads/wp_live_chat/ HTTP/1.1" 404 8273 "-" "-"
161.97.113.29 - - [07/Apr/2025:11:47:51 -0400] "GET /ccx/index.php HTTP/1.1" 301 0 "-" "Mozilla/5.0 (Linux; Android 7.0; SM-G892A Build/NRD90M; wv) AppleWebKit/537.36 (KHTML, like Gecko) Version/4.0 Chrome/60.0.3112.107 Mobile Safari/537.36"
13.82.181.88 - - [07/Apr/2025:11:47:51 -0400] "GET /wp-admin/js/widgets/about.php7 HTTP/1.1" 404 8272 "-" "-"
13.82.181.88 - - [07/Apr/2025:11:47:53 -0400] "GET /edit.php HTTP/1.1" 404 8273 "-" "-"
161.97.113.29 - - [07/Apr/2025:11:47:55 -0400] "GET /wp-content/plugins/content-management/content.php HTTP/1.1" 404 8273 "-" "Mozilla/5.0 (Linux; Android 7.0; SM-G892A Build/NRD90M; wv) AppleWebKit/537.36 (KHTML, like Gecko) Version/4.0 Chrome/60.0.3112.107 Mobile Safari/537.36"
13.82.181.88 - - [07/Apr/2025:11:47:56 -0400] "GET /backup.php HTTP/1.1" 404 8273 "-" "-"
13.82.181.88 - - [07/Apr/2025:11:47:58 -0400] "GET /editor.php HTTP/1.1" 404 8274 "-" "-"
198.54.114.83 - - [07/Apr/2025:11:48:01 -0400] "POST /wp-cron.php?doing_wp_cron=1744040879.2792189121246337890625 HTTP/1.1" 200 0 "-" "WordPress/6.7.2; https://inversionesgoldie.com"
161.97.113.29 - - [07/Apr/2025:11:48:00 -0400] "GET /repeater.php HTTP/1.1" 404 8272 "-" "Mozilla/5.0 (Linux; Android 7.0; SM-G892A Build/NRD90M; wv) AppleWebKit/537.36 (KHTML, like Gecko) Version/4.0 Chrome/60.0.3112.107 Mobile Safari/537.36"
13.82.181.88 - - [07/Apr/2025:11:48:01 -0400] "GET /bitrix/js/seo/ads/client_selector/lang/ru/ HTTP/1.1" 404 8273 "-" "-"
13.82.181.88 - - [07/Apr/2025:11:48:06 -0400] "GET /wp-content/themes/twentyfive/ HTTP/1.1" 404 8272 "-" "-"
13.82.181.88 - - [07/Apr/2025:11:48:08 -0400] "GET /.well-known/pki-validation/iR7SzrsOUEP.php HTTP/1.1" 404 1251 "-" "-"
161.97.113.29 - - [07/Apr/2025:11:48:08 -0400] "GET /wp-content/plugins/upspy/con.php HTTP/1.1" 404 8273 "-" "Mozilla/5.0 (Linux; Android 7.0; SM-G892A Build/NRD90M; wv) AppleWebKit/537.36 (KHTML, like Gecko) Version/4.0 Chrome/60.0.3112.107 Mobile Safari/537.36"
13.82.181.88 - - [07/Apr/2025:11:48:09 -0400] "GET /.well-known/amaxx.php HTTP/1.1" 404 8273 "-" "-"
161.97.113.29 - - [07/Apr/2025:11:48:11 -0400] "GET /autoload_classmap.php HTTP/1.1" 404 8273 "-" "Mozilla/5.0 (Linux; Android 7.0; SM-G892A Build/NRD90M; wv) AppleWebKit/537.36 (KHTML, like Gecko) Version/4.0 Chrome/60.0.3112.107 Mobile Safari/537.36"
13.82.181.88 - - [07/Apr/2025:11:48:13 -0400] "GET /block-bindings.php HTTP/1.1" 404 8273 "-" "-"
13.82.181.88 - - [07/Apr/2025:11:48:16 -0400] "GET /css/autoload_classmap.php HTTP/1.1" 404 8273 "-" "-"
161.97.113.29 - - [07/Apr/2025:11:48:19 -0400] "GET /lv.php HTTP/1.1" 404 8273 "-" "Mozilla/5.0 (Linux; Android 7.0; SM-G892A Build/NRD90M; wv) AppleWebKit/537.36 (KHTML, like Gecko) Version/4.0 Chrome/60.0.3112.107 Mobile Safari/537.36"
13.82.181.88 - - [07/Apr/2025:11:48:19 -0400] "GET /assets/cms/plugins/ckfinder/_samples/php/ HTTP/1.1" 404 8273 "-" "-"
13.82.181.88 - - [07/Apr/2025:11:48:25 -0400] "GET /wp-includes/blocks/comment-template/ HTTP/1.1" 403 1242 "-" "-"
161.97.113.29 - - [07/Apr/2025:11:48:25 -0400] "GET /doc/function.php HTTP/1.1" 404 8273 "-" "Mozilla/5.0 (Linux; Android 7.0; SM-G892A Build/NRD90M; wv) AppleWebKit/537.36 (KHTML, like Gecko) Version/4.0 Chrome/60.0.3112.107 Mobile Safari/537.36"
13.82.181.88 - - [07/Apr/2025:11:48:26 -0400] "GET /wp-content/plugins/css-ready/ HTTP/1.1" 404 8273 "-" "-"
13.82.181.88 - - [07/Apr/2025:11:48:29 -0400] "GET /wp-content/themes/pridmag/db.php HTTP/1.1" 404 8273 "-" "-"
161.97.113.29 - - [07/Apr/2025:11:48:33 -0400] "GET /wp-admin/maint/index.php HTTP/1.1" 301 0 "-" "Mozilla/5.0 (Linux; Android 7.0; SM-G892A Build/NRD90M; wv) AppleWebKit/537.36 (KHTML, like Gecko) Version/4.0 Chrome/60.0.3112.107 Mobile Safari/537.36"
13.82.181.88 - - [07/Apr/2025:11:48:33 -0400] "GET /wp-admin/css/colors/coffee/themes.php.hacked HTTP/1.1" 404 8273 "-" "-"
161.97.113.29 - - [07/Apr/2025:11:48:36 -0400] "GET /mah.php HTTP/1.1" 404 8273 "-" "Mozilla/5.0 (Linux; Android 7.0; SM-G892A Build/NRD90M; wv) AppleWebKit/537.36 (KHTML, like Gecko) Version/4.0 Chrome/60.0.3112.107 Mobile Safari/537.36"
13.82.181.88 - - [07/Apr/2025:11:48:36 -0400] "GET /oauth.php HTTP/1.1" 404 8273 "-" "-"
13.82.181.88 - - [07/Apr/2025:11:48:40 -0400] "GET /services.php HTTP/1.1" 404 8272 "-" "-"
13.82.181.88 - - [07/Apr/2025:11:48:42 -0400] "GET /filemanager/dialog.php HTTP/1.1" 404 8273 "-" "-"
13.82.181.88 - - [07/Apr/2025:11:48:45 -0400] "GET /wp-includes/Requests/Exception/content.php.suspected HTTP/1.1" 404 8274 "-" "-"
161.97.113.29 - - [07/Apr/2025:11:48:46 -0400] "GET /wp-content/plugins/wp-sec/wp.php HTTP/1.1" 404 8273 "-" "Mozilla/5.0 (Linux; Android 7.0; SM-G892A Build/NRD90M; wv) AppleWebKit/537.36 (KHTML, like Gecko) Version/4.0 Chrome/60.0.3112.107 Mobile Safari/537.36"
13.82.181.88 - - [07/Apr/2025:11:48:50 -0400] "GET /wp-includes/css/dist/components/admin.php HTTP/1.1" 404 8273 "-" "-"
161.97.113.29 - - [07/Apr/2025:11:48:52 -0400] "GET /wp-content/plugins/phpadmin/as.php HTTP/1.1" 404 8273 "-" "Mozilla/5.0 (Linux; Android 7.0; SM-G892A Build/NRD90M; wv) AppleWebKit/537.36 (KHTML, like Gecko) Version/4.0 Chrome/60.0.3112.107 Mobile Safari/537.36"
13.82.181.88 - - [07/Apr/2025:11:48:53 -0400] "GET /bypass.php7 HTTP/1.1" 404 8273 "-" "-"
13.82.181.88 - - [07/Apr/2025:11:48:58 -0400] "GET /wp-admin/css/colors/sunrise/ HTTP/1.1" 403 1242 "-" "-"
161.97.113.29 - - [07/Apr/2025:11:48:58 -0400] "GET /images/mar.php HTTP/1.1" 404 8273 "-" "Mozilla/5.0 (Linux; Android 7.0; SM-G892A Build/NRD90M; wv) AppleWebKit/537.36 (KHTML, like Gecko) Version/4.0 Chrome/60.0.3112.107 Mobile Safari/537.36"
13.82.181.88 - - [07/Apr/2025:11:49:01 -0400] "GET /wp-includes/Requests/about.php HTTP/1.1" 404 8272 "-" "-"
13.82.181.88 - - [07/Apr/2025:11:49:04 -0400] "GET /wp-contentt.php HTTP/1.1" 404 8273 "-" "-"
161.97.113.29 - - [07/Apr/2025:11:49:04 -0400] "GET /wp-content/admin.php HTTP/1.1" 404 8273 "-" "Mozilla/5.0 (Linux; Android 7.0; SM-G892A Build/NRD90M; wv) AppleWebKit/537.36 (KHTML, like Gecko) Version/4.0 Chrome/60.0.3112.107 Mobile Safari/537.36"
198.54.114.83 - - [07/Apr/2025:11:49:07 -0400] "POST /wp-cron.php?doing_wp_cron=1744040944.8869259357452392578125 HTTP/1.1" 200 0 "-" "WordPress/6.7.2; https://inversionesgoldie.com"
198.54.114.83 - - [07/Apr/2025:11:49:07 -0400] "POST /wp-cron.php?doing_wp_cron=1744040944.9216079711914062500000 HTTP/1.1" 200 0 "-" "WordPress/6.7.2; https://inversionesgoldie.com"
13.82.181.88 - - [07/Apr/2025:11:49:09 -0400] "GET /02.php HTTP/1.1" 404 8273 "-" "-"
161.97.113.29 - - [07/Apr/2025:11:49:10 -0400] "GET /wp-admin/includes/index.php HTTP/1.1" 301 0 "-" "Mozilla/5.0 (Linux; Android 7.0; SM-G892A Build/NRD90M; wv) AppleWebKit/537.36 (KHTML, like Gecko) Version/4.0 Chrome/60.0.3112.107 Mobile Safari/537.36"
13.82.181.88 - - [07/Apr/2025:11:49:12 -0400] "GET /components/com_jea/views/form/ HTTP/1.1" 404 8273 "-" "-"
161.97.113.29 - - [07/Apr/2025:11:49:16 -0400] "GET /wp-admin/dropdown.php HTTP/1.1" 404 8272 "-" "Mozilla/5.0 (Linux; Android 7.0; SM-G892A Build/NRD90M; wv) AppleWebKit/537.36 (KHTML, like Gecko) Version/4.0 Chrome/60.0.3112.107 Mobile Safari/537.36"
13.82.181.88 - - [07/Apr/2025:11:49:16 -0400] "GET /wp-consar.php HTTP/1.1" 404 8273 "-" "-"
161.97.113.29 - - [07/Apr/2025:11:49:21 -0400] "GET /ws.php HTTP/1.1" 404 8273 "-" "Mozilla/5.0 (Linux; Android 7.0; SM-G892A Build/NRD90M; wv) AppleWebKit/537.36 (KHTML, like Gecko) Version/4.0 Chrome/60.0.3112.107 Mobile Safari/537.36"
13.82.181.88 - - [07/Apr/2025:11:49:21 -0400] "GET /ALFA_DATA/alfacgiapi/ HTTP/1.1" 404 8272 "-" "-"
13.82.181.88 - - [07/Apr/2025:11:49:25 -0400] "GET /docs/ HTTP/1.1" 404 8273 "-" "-"
13.82.181.88 - - [07/Apr/2025:11:49:28 -0400] "GET /wp-includes/assets/plugins.php HTTP/1.1" 404 8273 "-" "-"
161.97.113.29 - - [07/Apr/2025:11:49:29 -0400] "GET /wp-admin/classwithtostring.php HTTP/1.1" 404 8273 "-" "Mozilla/5.0 (Linux; Android 7.0; SM-G892A Build/NRD90M; wv) AppleWebKit/537.36 (KHTML, like Gecko) Version/4.0 Chrome/60.0.3112.107 Mobile Safari/537.36"
13.82.181.88 - - [07/Apr/2025:11:49:32 -0400] "GET /wp-content/plugins/masterx/wpx.php HTTP/1.1" 404 8273 "-" "-"
13.82.181.88 - - [07/Apr/2025:11:49:35 -0400] "GET /sleepster/ HTTP/1.1" 404 8273 "-" "-"
13.82.181.88 - - [07/Apr/2025:11:49:39 -0400] "GET /wp-admin/images/about.php HTTP/1.1" 404 8273 "-" "-"
161.97.113.29 - - [07/Apr/2025:11:49:39 -0400] "GET /wp-content/plugins/instabuilder2/cache/up.php HTTP/1.1" 404 8273 "-" "Mozilla/5.0 (Linux; Android 7.0; SM-G892A Build/NRD90M; wv) AppleWebKit/537.36 (KHTML, like Gecko) Version/4.0 Chrome/60.0.3112.107 Mobile Safari/537.36"
13.82.181.88 - - [07/Apr/2025:11:49:42 -0400] "GET /images/cloud.php HTTP/1.1" 404 8273 "-" "-"
161.97.113.29 - - [07/Apr/2025:11:49:47 -0400] "GET /wp-content/updates.php HTTP/1.1" 404 8273 "-" "Mozilla/5.0 (Linux; Android 7.0; SM-G892A Build/NRD90M; wv) AppleWebKit/537.36 (KHTML, like Gecko) Version/4.0 Chrome/60.0.3112.107 Mobile Safari/537.36"
13.82.181.88 - - [07/Apr/2025:11:49:47 -0400] "GET /wp-admin/js/widgets/cong.php HTTP/1.1" 404 8273 "-" "-"
13.82.181.88 - - [07/Apr/2025:11:49:54 -0400] "GET /wp-includes/qw.php HTTP/1.1" 404 8274 "-" "-"
161.97.113.29 - - [07/Apr/2025:11:49:58 -0400] "GET /wp.php HTTP/1.1" 404 8273 "-" "Mozilla/5.0 (Linux; Android 7.0; SM-G892A Build/NRD90M; wv) AppleWebKit/537.36 (KHTML, like Gecko) Version/4.0 Chrome/60.0.3112.107 Mobile Safari/537.36"
13.82.181.88 - - [07/Apr/2025:11:49:59 -0400] "GET /wp-includes/block-supports/index.php HTTP/1.1" 301 0 "-" "-"
13.82.181.88 - - [07/Apr/2025:11:50:06 -0400] "GET /wp-includes/block-supports/ HTTP/1.1" 403 1242 "-" "-"
161.97.113.29 - - [07/Apr/2025:11:50:07 -0400] "GET /file/function.php HTTP/1.1" 404 8273 "-" "Mozilla/5.0 (Linux; Android 7.0; SM-G892A Build/NRD90M; wv) AppleWebKit/537.36 (KHTML, like Gecko) Version/4.0 Chrome/60.0.3112.107 Mobile Safari/537.36"
80.64.30.32 - - [07/Apr/2025:11:50:09 -0400] "GET /wp-login.php?wp_lang=en_US HTTP/1.1" 302 0 "http://inversionesgoldie.com/wp-login.php" "Mozilla/5.0 (Windows NT 10.0; Win64; x64) AppleWebKit/537.36 (KHTML, like Gecko) Chrome/134.0.0.0 Safari/537.36"
13.82.181.88 - - [07/Apr/2025:11:50:11 -0400] "GET /wp-includes/js/e3B6W/index.php HTTP/1.1" 301 0 "-" "-"
161.97.113.29 - - [07/Apr/2025:11:50:15 -0400] "GET /wp-content/plugins/index.php HTTP/1.1" 200 0 "-" "Mozilla/5.0 (Linux; Android 7.0; SM-G892A Build/NRD90M; wv) AppleWebKit/537.36 (KHTML, like Gecko) Version/4.0 Chrome/60.0.3112.107 Mobile Safari/537.36"
13.82.181.88 - - [07/Apr/2025:11:50:16 -0400] "GET /wp-includes/js/e3B6W/ HTTP/1.1" 404 8272 "-" "-"
13.82.181.88 - - [07/Apr/2025:11:50:21 -0400] "GET /php/ HTTP/1.1" 404 8272 "-" "-"
161.97.113.29 - - [07/Apr/2025:11:50:21 -0400] "GET /wp-includes/images/wp-login.php HTTP/1.1" 404 8272 "-" "Mozilla/5.0 (Linux; Android 7.0; SM-G892A Build/NRD90M; wv) AppleWebKit/537.36 (KHTML, like Gecko) Version/4.0 Chrome/60.0.3112.107 Mobile Safari/537.36"
80.64.30.32 - - [07/Apr/2025:11:50:23 -0400] "POST /wp-login.php?wp_lang=en_US HTTP/1.1" 302 0 "http://inversionesgoldie.com/wp-login.php" "Mozilla/5.0 (Windows NT 10.0; Win64; x64) AppleWebKit/537.36 (KHTML, like Gecko) Chrome/134.0.0.0 Safari/537.36"
13.82.181.88 - - [07/Apr/2025:11:50:26 -0400] "GET /wp-content/plugins/df2xx/ HTTP/1.1" 404 8273 "-" "-"
161.97.113.29 - - [07/Apr/2025:11:50:29 -0400] "GET /log-mama/function.php HTTP/1.1" 404 8273 "-" "Mozilla/5.0 (Linux; Android 7.0; SM-G892A Build/NRD90M; wv) AppleWebKit/537.36 (KHTML, like Gecko) Version/4.0 Chrome/60.0.3112.107 Mobile Safari/537.36"
13.82.181.88 - - [07/Apr/2025:11:50:30 -0400] "GET /wp-content/plugins/ HTTP/1.1" 200 0 "-" "-"
13.82.181.88 - - [07/Apr/2025:11:50:34 -0400] "GET /wp-admin/js/ HTTP/1.1" 403 1242 "-" "-"
161.97.113.29 - - [07/Apr/2025:11:50:37 -0400] "GET /wp-content/themes/index.php HTTP/1.1" 200 0 "-" "Mozilla/5.0 (Linux; Android 7.0; SM-G892A Build/NRD90M; wv) AppleWebKit/537.36 (KHTML, like Gecko) Version/4.0 Chrome/60.0.3112.107 Mobile Safari/537.36"
13.82.181.88 - - [07/Apr/2025:11:50:37 -0400] "GET /system/ HTTP/1.1" 404 8273 "-" "-"
13.82.181.88 - - [07/Apr/2025:11:50:41 -0400] "GET /wp-content/plugins/lgexwbe/ HTTP/1.1" 404 8272 "-" "-"
161.97.113.29 - - [07/Apr/2025:11:50:42 -0400] "GET /M1.php HTTP/1.1" 404 8272 "-" "Mozilla/5.0 (Linux; Android 7.0; SM-G892A Build/NRD90M; wv) AppleWebKit/537.36 (KHTML, like Gecko) Version/4.0 Chrome/60.0.3112.107 Mobile Safari/537.36"
13.82.181.88 - - [07/Apr/2025:11:50:45 -0400] "GET /epinyins.php HTTP/1.1" 404 8272 "-" "-"
