222.186.134.189 - - [04/Apr/2025:19:32:11 -0400] "GET /?rest_route=/wp/v2/users/ HTTP/1.1" 200 98560 "http://inversionesgoldie.com" "(compatible; Baiduspider/2.0; +http://www.baidu.com/search/spider.html\xa3\xa9"
212.102.39.196 - - [04/Apr/2025:20:07:38 -0400] "GET /building-true-team-spirit-for-peak-performance-in-sports-part-1/ HTTP/1.1" 200 13710 "http://inversionesgoldie.com/building-true-team-spirit-for-peak-performance-in-sports-part-1/" "Mozilla/5.0 (Windows NT 10.0; Win64; x64) AppleWebKit/537.36 (KHTML, like Gecko) Chrome/130.0.0.0 Safari/537.36 CCleaner/130.0.0.0"
212.102.39.196 - - [04/Apr/2025:20:07:39 -0400] "POST /wp-comments-post.php HTTP/1.1" 302 0 "http://inversionesgoldie.com/building-true-team-spirit-for-peak-performance-in-sports-part-1/" "Mozilla/5.0 (Windows NT 10.0; Win64; x64) AppleWebKit/537.36 (KHTML, like Gecko) Chrome/130.0.0.0 Safari/537.36 CCleaner/130.0.0.0"
198.54.114.83 - - [04/Apr/2025:20:33:41 -0400] "POST /wp-cron.php?doing_wp_cron=1743813221.4558188915252685546875 HTTP/1.1" 200 0 "-" "WordPress/6.7.2; https://inversionesgoldie.com"
93.123.109.101 - - [04/Apr/2025:20:33:40 -0400] "GET /lzdmod/site-nav-pc/5.2.38/assets/user-info/index.js HTTP/1.1" 404 8272 "-" "Mozilla/5.0 (Macintosh; Intel Mac OS X 10_15_7) AppleWebKit/537.36 Chrome/120.0.0.0"
5.9.16.92 - - [04/Apr/2025:20:47:10 -0400] "GET /commercial-building-disclosure-has-arrived/ HTTP/1.1" 200 13301 "http://inversionesgoldie.com/commercial-building-disclosure-has-arrived/" "Mozilla/5.0 (Windows NT 10.0; Win64; x64) AppleWebKit/537.36 (KHTML, like Gecko) Chrome/131.0.0.0 Safari/537.36 Avast/131.0.0.0"
198.54.114.83 - - [04/Apr/2025:20:47:11 -0400] "POST /wp-cron.php?doing_wp_cron=1743814031.2797179222106933593750 HTTP/1.1" 200 0 "-" "WordPress/6.7.2; https://inversionesgoldie.com"
5.9.16.92 - - [04/Apr/2025:20:47:10 -0400] "POST /wp-comments-post.php HTTP/1.1" 302 0 "http://inversionesgoldie.com/commercial-building-disclosure-has-arrived/" "Mozilla/5.0 (Windows NT 10.0; Win64; x64) AppleWebKit/537.36 (KHTML, like Gecko) Chrome/131.0.0.0 Safari/537.36 Avast/131.0.0.0"
198.54.114.83 - - [04/Apr/2025:21:02:40 -0400] "POST /wp-cron.php?doing_wp_cron=1743814959.9583630561828613281250 HTTP/1.1" 200 0 "-" "WordPress/6.7.2; https://inversionesgoldie.com"
93.123.109.101 - - [04/Apr/2025:21:02:38 -0400] "GET /lzdmod/site-nav-pc/5.2.38/assets/reqwest/index.js HTTP/1.1" 404 8271 "-" "Mozilla/5.0 (Windows NT 10.0; Win64; x64) AppleWebKit/537.36 Chrome/121.0.0.0"
43.157.170.126 - - [04/Apr/2025:22:03:15 -0400] "GET / HTTP/1.1" 200 98560 "-" "Mozilla/5.0 (iPhone; CPU iPhone OS 13_2_3 like Mac OS X) AppleWebKit/605.1.15 (KHTML, like Gecko) Version/13.0.3 Mobile/15E148 Safari/604.1"
139.59.64.54 - - [04/Apr/2025:22:05:48 -0400] "GET / HTTP/1.1" 200 98560 "-" "Mozilla/5.0 (compatible)"
74.225.243.218 - - [04/Apr/2025:22:27:18 -0400] "GET /themes.php HTTP/1.1" 404 8272 "-" "-"
198.54.114.83 - - [04/Apr/2025:22:27:27 -0400] "POST /wp-cron.php?doing_wp_cron=1743820045.1417639255523681640625 HTTP/1.1" 200 0 "-" "WordPress/6.7.2; https://inversionesgoldie.com"
74.225.243.218 - - [04/Apr/2025:22:27:28 -0400] "GET /first.php HTTP/1.1" 404 8272 "-" "-"
74.225.243.218 - - [04/Apr/2025:22:27:32 -0400] "GET /admin.php HTTP/1.1" 404 8272 "-" "-"
74.225.243.218 - - [04/Apr/2025:22:27:36 -0400] "GET /dropdown.php HTTP/1.1" 404 8272 "-" "-"
74.225.243.218 - - [04/Apr/2025:22:27:39 -0400] "GET /radio.php HTTP/1.1" 404 8272 "-" "-"
74.225.243.218 - - [04/Apr/2025:22:27:41 -0400] "GET /randkeyword.php HTTP/1.1" 404 8271 "-" "-"
74.225.243.218 - - [04/Apr/2025:22:27:44 -0400] "GET /flower.php HTTP/1.1" 404 8274 "-" "-"
74.225.243.218 - - [04/Apr/2025:22:27:47 -0400] "GET /item.php HTTP/1.1" 404 8272 "-" "-"
74.225.243.218 - - [04/Apr/2025:22:27:49 -0400] "GET /sim.php HTTP/1.1" 404 8272 "-" "-"
74.225.243.218 - - [04/Apr/2025:22:27:51 -0400] "GET /about.php HTTP/1.1" 404 8271 "-" "-"
74.225.243.218 - - [04/Apr/2025:22:27:54 -0400] "GET /wp-content/admin.php HTTP/1.1" 404 8274 "-" "-"
74.225.243.218 - - [04/Apr/2025:22:27:56 -0400] "GET /edit.php HTTP/1.1" 404 8272 "-" "-"
74.225.243.218 - - [04/Apr/2025:22:27:58 -0400] "GET /wp-content/plugins/index.php HTTP/1.1" 200 0 "-" "-"
74.225.243.218 - - [04/Apr/2025:22:27:58 -0400] "GET /wp-includes/ID3/index.php HTTP/1.1" 301 0 "-" "-"
74.225.243.218 - - [04/Apr/2025:22:28:00 -0400] "GET /wp-includes/ID3/ HTTP/1.1" 403 1242 "-" "-"
74.225.243.218 - - [04/Apr/2025:22:28:00 -0400] "GET /wp-admin/maint/index.php HTTP/1.1" 301 0 "-" "-"
74.225.243.218 - - [04/Apr/2025:22:28:01 -0400] "GET /wp-admin/maint/ HTTP/1.1" 403 1242 "-" "-"
74.225.243.218 - - [04/Apr/2025:22:28:04 -0400] "GET /wp-admin/css/index.php HTTP/1.1" 301 0 "-" "-"
74.225.243.218 - - [04/Apr/2025:22:28:05 -0400] "GET /wp-admin/css/ HTTP/1.1" 403 1242 "-" "-"
74.225.243.218 - - [04/Apr/2025:22:28:05 -0400] "GET /wp-includes/widgets/index.php HTTP/1.1" 301 0 "-" "-"
74.225.243.218 - - [04/Apr/2025:22:28:07 -0400] "GET /wp-includes/widgets/ HTTP/1.1" 403 1242 "-" "-"
74.225.243.218 - - [04/Apr/2025:22:28:08 -0400] "GET /wp-content/index.php HTTP/1.1" 200 0 "-" "-"
74.225.243.218 - - [04/Apr/2025:22:28:09 -0400] "GET /wp-includes/images/index.php HTTP/1.1" 301 0 "-" "-"
74.225.243.218 - - [04/Apr/2025:22:28:11 -0400] "GET /wp-includes/images/ HTTP/1.1" 403 1242 "-" "-"
74.225.243.218 - - [04/Apr/2025:22:28:12 -0400] "GET /wp-includes/Text/Diff/index.php HTTP/1.1" 301 0 "-" "-"
74.225.243.218 - - [04/Apr/2025:22:28:13 -0400] "GET /wp-includes/Text/Diff/ HTTP/1.1" 403 1242 "-" "-"
74.225.243.218 - - [04/Apr/2025:22:28:15 -0400] "GET /wp-admin/network/index.php HTTP/1.1" 302 0 "-" "-"
74.225.243.218 - - [04/Apr/2025:22:28:20 -0400] "GET /xmlrpc.php HTTP/1.1" 405 60 "-" "-"
74.225.243.218 - - [04/Apr/2025:22:28:22 -0400] "GET /wp-admin/includes/nav.php HTTP/1.1" 404 8271 "-" "-"
74.225.243.218 - - [04/Apr/2025:22:28:24 -0400] "GET /wp-includes/sodium_compat/src/Core32/Curve25519/Ge/Core32.php HTTP/1.1" 404 8272 "-" "-"
198.54.114.83 - - [04/Apr/2025:22:28:27 -0400] "POST /wp-cron.php?doing_wp_cron=1743820106.2093830108642578125000 HTTP/1.1" 200 0 "-" "WordPress/6.7.2; https://inversionesgoldie.com"
74.225.243.218 - - [04/Apr/2025:22:28:25 -0400] "GET /.well-known/acme-challenge/zmFM.php HTTP/1.1" 404 8272 "-" "-"
198.54.114.83 - - [04/Apr/2025:22:28:31 -0400] "POST /wp-cron.php?doing_wp_cron=1743820110.3500978946685791015625 HTTP/1.1" 200 0 "-" "WordPress/6.7.2; https://inversionesgoldie.com"
74.225.243.218 - - [04/Apr/2025:22:28:29 -0400] "GET /wp-includes/sitemaps/providers/zmFM.php HTTP/1.1" 404 8272 "-" "-"
74.225.243.218 - - [04/Apr/2025:22:28:34 -0400] "GET /wp-includes/pomo/zmFM.php HTTP/1.1" 404 8274 "-" "-"
74.225.243.218 - - [04/Apr/2025:22:28:36 -0400] "GET /wp-admin/css/colors/ectoplasm/zmFM.php HTTP/1.1" 404 8272 "-" "-"
74.225.243.218 - - [04/Apr/2025:22:28:41 -0400] "GET /wp-includes/PHPMailer//zmFM.php HTTP/1.1" 301 0 "-" "-"
74.225.243.218 - - [04/Apr/2025:22:28:44 -0400] "GET /wp-includes/PHPMailer/zmFM.php HTTP/1.1" 404 8274 "-" "-"
74.225.243.218 - - [04/Apr/2025:22:28:47 -0400] "GET /wp-includes/customize/zmFM.php HTTP/1.1" 404 8272 "-" "-"
74.225.243.218 - - [04/Apr/2025:22:28:50 -0400] "GET /wp-includes/certificates/zmFM.php HTTP/1.1" 404 8272 "-" "-"
74.225.243.218 - - [04/Apr/2025:22:28:53 -0400] "GET /wp-includes/theme-compat/zmFM.php HTTP/1.1" 404 8274 "-" "-"
74.225.243.218 - - [04/Apr/2025:22:28:58 -0400] "GET /heh.php HTTP/1.1" 404 8272 "-" "-"
74.225.243.218 - - [04/Apr/2025:22:29:01 -0400] "GET /NewFile.php HTTP/1.1" 404 8271 "-" "-"
74.225.243.218 - - [04/Apr/2025:22:29:07 -0400] "GET /wp-content/plugins/view-more/ioxi.php HTTP/1.1" 404 8272 "-" "-"
74.225.243.218 - - [04/Apr/2025:22:29:11 -0400] "GET /wp-content/plugins/erinyani/baxa1.php7 HTTP/1.1" 404 8272 "-" "-"
74.225.243.218 - - [04/Apr/2025:22:29:16 -0400] "GET /baxa1.php7 HTTP/1.1" 404 8272 "-" "-"
74.225.243.218 - - [04/Apr/2025:22:29:25 -0400] "GET /wp-content/plugins/erinyani/baxa1.php HTTP/1.1" 404 8272 "-" "-"
74.225.243.218 - - [04/Apr/2025:22:29:28 -0400] "GET /baxa1.php HTTP/1.1" 404 8271 "-" "-"
74.225.243.218 - - [04/Apr/2025:22:29:33 -0400] "GET /wp-content/plugins/seoxx/randkeyword.php HTTP/1.1" 404 8272 "-" "-"
198.54.114.83 - - [04/Apr/2025:22:29:36 -0400] "POST /wp-cron.php?doing_wp_cron=1743820173.8101069927215576171875 HTTP/1.1" 200 0 "-" "WordPress/6.7.2; https://inversionesgoldie.com"
74.225.243.218 - - [04/Apr/2025:22:29:40 -0400] "GET /403.php HTTP/1.1" 404 8272 "-" "-"
74.225.243.218 - - [04/Apr/2025:22:29:44 -0400] "GET /content.php HTTP/1.1" 404 8274 "-" "-"
74.225.243.218 - - [04/Apr/2025:22:29:47 -0400] "GET /wp-content/plugins/not/includes/about.php HTTP/1.1" 404 8272 "-" "-"
74.225.243.218 - - [04/Apr/2025:22:29:50 -0400] "GET /wp-content/plugins/simple/simple.php HTTP/1.1" 404 8272 "-" "-"
74.225.243.218 - - [04/Apr/2025:22:29:54 -0400] "GET /wp-content/plugins/wp-theme-editor/include.php HTTP/1.1" 404 8272 "-" "-"
74.225.243.218 - - [04/Apr/2025:22:29:56 -0400] "GET /wp-content/themes/aahana/json.php HTTP/1.1" 404 8272 "-" "-"
74.225.243.218 - - [04/Apr/2025:22:29:58 -0400] "GET /wp-content/plugins/awesome-coming-soon/come.php HTTP/1.1" 404 8273 "-" "-"
74.225.243.218 - - [04/Apr/2025:22:30:05 -0400] "GET /wp-content/plugins/wp-conflg.php HTTP/1.1" 404 8271 "-" "-"
74.225.243.218 - - [04/Apr/2025:22:30:08 -0400] "GET /berlin.php HTTP/1.1" 404 8272 "-" "-"
74.225.243.218 - - [04/Apr/2025:22:30:11 -0400] "GET /wp-includes/Requests/about.php HTTP/1.1" 404 8272 "-" "-"
140.245.43.10 - - [04/Apr/2025:22:30:13 -0400] "GET / HTTP/1.1" 200 98560 "-" "Go-http-client/1.1"
74.225.243.218 - - [04/Apr/2025:22:30:14 -0400] "GET /wp-includes/style-engine/about.php HTTP/1.1" 404 8272 "-" "-"
140.245.43.10 - - [04/Apr/2025:22:30:14 -0400] "GET //woh.php HTTP/1.1" 301 0 "-" "Go-http-client/1.1"
74.225.243.218 - - [04/Apr/2025:22:30:17 -0400] "GET /wp-includes/rest-api/about.php HTTP/1.1" 404 8272 "-" "-"
140.245.43.10 - - [04/Apr/2025:22:30:17 -0400] "GET /woh.php HTTP/1.1" 404 8272 "http://inversionesgoldie.com//woh.php" "Go-http-client/1.1"
140.245.43.10 - - [04/Apr/2025:22:30:20 -0400] "GET //classwithtostring.php HTTP/1.1" 301 0 "-" "Go-http-client/1.1"
74.225.243.218 - - [04/Apr/2025:22:30:21 -0400] "GET /wp-includes/SimplePie/about.php HTTP/1.1" 404 8272 "-" "-"
140.245.43.10 - - [04/Apr/2025:22:30:22 -0400] "GET /classwithtostring.php HTTP/1.1" 404 8271 "http://inversionesgoldie.com//classwithtostring.php" "Go-http-client/1.1"
140.245.43.10 - - [04/Apr/2025:22:30:23 -0400] "GET //simple.php HTTP/1.1" 301 0 "-" "Go-http-client/1.1"
74.225.243.218 - - [04/Apr/2025:22:30:23 -0400] "GET /wp-content/banners/about.php HTTP/1.1" 404 8272 "-" "-"
140.245.43.10 - - [04/Apr/2025:22:30:25 -0400] "GET /simple.php HTTP/1.1" 404 8272 "http://inversionesgoldie.com//simple.php" "Go-http-client/1.1"
74.225.243.218 - - [04/Apr/2025:22:30:26 -0400] "GET /wp-content/about.php HTTP/1.1" 404 8272 "-" "-"
140.245.43.10 - - [04/Apr/2025:22:30:27 -0400] "GET //zero.php HTTP/1.1" 301 0 "-" "Go-http-client/1.1"
140.245.43.10 - - [04/Apr/2025:22:30:29 -0400] "GET /zero.php HTTP/1.1" 404 8272 "http://inversionesgoldie.com//zero.php" "Go-http-client/1.1"
74.225.243.218 - - [04/Apr/2025:22:30:30 -0400] "GET /.well-known/about.php HTTP/1.1" 404 8271 "-" "-"
140.245.43.10 - - [04/Apr/2025:22:30:31 -0400] "GET //wp-content/plugins/include.php HTTP/1.1" 301 0 "-" "Go-http-client/1.1"
74.225.243.218 - - [04/Apr/2025:22:30:32 -0400] "GET /wp-includes/Text/about.php HTTP/1.1" 404 8272 "-" "-"
198.54.114.83 - - [04/Apr/2025:22:30:36 -0400] "POST /wp-cron.php?doing_wp_cron=1743820234.5440850257873535156250 HTTP/1.1" 200 0 "-" "WordPress/6.7.2; https://inversionesgoldie.com"
140.245.43.10 - - [04/Apr/2025:22:30:34 -0400] "GET /wp-content/plugins/include.php HTTP/1.1" 404 8273 "http://inversionesgoldie.com//wp-content/plugins/include.php#admin" "Go-http-client/1.1"
74.225.243.218 - - [04/Apr/2025:22:30:36 -0400] "GET /wp-includes/ID3/about.php HTTP/1.1" 404 8272 "-" "-"
140.245.43.10 - - [04/Apr/2025:22:30:37 -0400] "GET //phpmailer.lang-sv.php HTTP/1.1" 301 0 "-" "Go-http-client/1.1"
140.245.43.10 - - [04/Apr/2025:22:30:38 -0400] "GET /phpmailer.lang-sv.php HTTP/1.1" 404 8272 "http://inversionesgoldie.com//phpmailer.lang-sv.php" "Go-http-client/1.1"
74.225.243.218 - - [04/Apr/2025:22:30:38 -0400] "GET /img/about.php HTTP/1.1" 404 8272 "-" "-"
140.245.43.10 - - [04/Apr/2025:22:30:40 -0400] "GET //wp-content/themes/sketch/404.php HTTP/1.1" 301 0 "-" "Go-http-client/1.1"
140.245.43.10 - - [04/Apr/2025:22:30:41 -0400] "GET /wp-content/themes/sketch/404.php HTTP/1.1" 404 8271 "http://inversionesgoldie.com//wp-content/themes/sketch/404.php#admin" "Go-http-client/1.1"
74.225.243.218 - - [04/Apr/2025:22:30:42 -0400] "GET /wp-content/languages/about.php HTTP/1.1" 404 8271 "-" "-"
140.245.43.10 - - [04/Apr/2025:22:30:44 -0400] "GET //wp-admin/css/colors/ectoplasm/load-styles.php HTTP/1.1" 301 0 "-" "Go-http-client/1.1"
74.225.243.218 - - [04/Apr/2025:22:30:45 -0400] "GET /wp-includes/customize/about.php HTTP/1.1" 404 8272 "-" "-"
140.245.43.10 - - [04/Apr/2025:22:30:45 -0400] "GET /wp-admin/css/colors/ectoplasm/load-styles.php HTTP/1.1" 404 8272 "http://inversionesgoldie.com//wp-admin/css/colors/ectoplasm/load-styles.php" "Go-http-client/1.1"
140.245.43.10 - - [04/Apr/2025:22:30:50 -0400] "GET //wp-content/plugins/wp-help/admin/wp-fclass.php HTTP/1.1" 301 0 "-" "Go-http-client/1.1"
74.225.243.218 - - [04/Apr/2025:22:30:50 -0400] "GET /wp-includes.bak/html-api/about.php HTTP/1.1" 404 8271 "-" "-"
140.245.43.10 - - [04/Apr/2025:22:30:52 -0400] "GET /wp-content/plugins/wp-help/admin/wp-fclass.php HTTP/1.1" 404 8272 "http://inversionesgoldie.com//wp-content/plugins/wp-help/admin/wp-fclass.php" "Go-http-client/1.1"
74.225.243.218 - - [04/Apr/2025:22:30:53 -0400] "GET /wp-includes/widgets/about.php HTTP/1.1" 404 8272 "-" "-"
140.245.43.10 - - [04/Apr/2025:22:30:55 -0400] "GET //wp-content/plugins/wp-help/index.php HTTP/1.1" 301 0 "-" "Go-http-client/1.1"
74.225.243.218 - - [04/Apr/2025:22:30:58 -0400] "GET /wp-includes/IXR/about.php HTTP/1.1" 404 8272 "-" "-"
140.245.43.10 - - [04/Apr/2025:22:30:58 -0400] "GET /wp-content/plugins/wp-help/ HTTP/1.1" 404 8272 "http://inversionesgoldie.com//wp-content/plugins/wp-help/index.php" "Go-http-client/1.1"
140.245.43.10 - - [04/Apr/2025:22:31:03 -0400] "GET //cgi-bin/class_api.php HTTP/1.1" 301 0 "-" "Go-http-client/1.1"
74.225.243.218 - - [04/Apr/2025:22:31:04 -0400] "GET /wp-admin/js/about.php HTTP/1.1" 404 8271 "-" "-"
140.245.43.10 - - [04/Apr/2025:22:31:07 -0400] "GET /cgi-bin/class_api.php HTTP/1.1" 404 8272 "http://inversionesgoldie.com//cgi-bin/class_api.php#888xyz999" "Go-http-client/1.1"
74.225.243.218 - - [04/Apr/2025:22:31:09 -0400] "GET /.well-known/pki-validation/about.php HTTP/1.1" 404 1251 "-" "-"
140.245.43.10 - - [04/Apr/2025:22:31:11 -0400] "GET //wp-admin/images/class.api.php HTTP/1.1" 301 0 "-" "Go-http-client/1.1"
74.225.243.218 - - [04/Apr/2025:22:31:11 -0400] "GET /wp-includes/pomo/about.php HTTP/1.1" 404 8272 "-" "-"
140.245.43.10 - - [04/Apr/2025:22:31:13 -0400] "GET /wp-admin/images/class.api.php HTTP/1.1" 404 8272 "http://inversionesgoldie.com//wp-admin/images/class.api.php#888xyz999" "Go-http-client/1.1"
140.245.43.10 - - [04/Apr/2025:22:31:15 -0400] "GET //wp-admin/js/widgets/class.api.php HTTP/1.1" 301 0 "-" "Go-http-client/1.1"
74.225.243.218 - - [04/Apr/2025:22:31:14 -0400] "GET /wp-includes/block-patterns/about.php HTTP/1.1" 404 8272 "-" "-"
140.245.43.10 - - [04/Apr/2025:22:31:17 -0400] "GET /wp-admin/js/widgets/class.api.php HTTP/1.1" 404 8272 "http://inversionesgoldie.com//wp-admin/js/widgets/class.api.php#888xyz999" "Go-http-client/1.1"
74.225.243.218 - - [04/Apr/2025:22:31:19 -0400] "GET /wp-content/updraft/about.php HTTP/1.1" 404 8272 "-" "-"
140.245.43.10 - - [04/Apr/2025:22:31:19 -0400] "GET //.well-known/pki-validation/class_api.php HTTP/1.1" 301 0 "-" "Go-http-client/1.1"
140.245.43.10 - - [04/Apr/2025:22:31:21 -0400] "GET /.well-known/pki-validation/class_api.php HTTP/1.1" 404 1251 "http://inversionesgoldie.com//.well-known/pki-validation/class_api.php#888xyz999" "Go-http-client/1.1"
74.225.243.218 - - [04/Apr/2025:22:31:20 -0400] "GET /wp-content/upgrade-temp-backup/about.php HTTP/1.1" 404 8271 "-" "-"
140.245.43.10 - - [04/Apr/2025:22:31:22 -0400] "GET //class_api.php HTTP/1.1" 301 0 "-" "Go-http-client/1.1"
74.225.243.218 - - [04/Apr/2025:22:31:24 -0400] "GET /wp-content/themes/about.php HTTP/1.1" 404 8272 "-" "-"
140.245.43.10 - - [04/Apr/2025:22:31:24 -0400] "GET /class_api.php HTTP/1.1" 404 8272 "http://inversionesgoldie.com//class_api.php#888xyz999" "Go-http-client/1.1"
140.245.43.10 - - [04/Apr/2025:22:31:28 -0400] "GET //class.api.php HTTP/1.1" 301 0 "-" "Go-http-client/1.1"
74.225.243.218 - - [04/Apr/2025:22:31:29 -0400] "GET /wp-admin/includes/about.php HTTP/1.1" 404 8272 "-" "-"
140.245.43.10 - - [04/Apr/2025:22:31:30 -0400] "GET /class.api.php HTTP/1.1" 404 8271 "http://inversionesgoldie.com//class.api.php#888xyz999" "Go-http-client/1.1"
74.225.243.218 - - [04/Apr/2025:22:31:31 -0400] "GET /images/about.php HTTP/1.1" 404 8271 "-" "-"
140.245.43.10 - - [04/Apr/2025:22:31:35 -0400] "GET //wp-content/themes/tflow/up.php HTTP/1.1" 301 0 "-" "Go-http-client/1.1"
198.54.114.83 - - [04/Apr/2025:22:31:37 -0400] "POST /wp-cron.php?doing_wp_cron=1743820295.6453249454498291015625 HTTP/1.1" 200 0 "-" "WordPress/6.7.2; https://inversionesgoldie.com"
198.54.114.83 - - [04/Apr/2025:22:31:37 -0400] "POST /wp-cron.php?doing_wp_cron=1743820295.7424979209899902343750 HTTP/1.1" 200 0 "-" "WordPress/6.7.2; https://inversionesgoldie.com"
74.225.243.218 - - [04/Apr/2025:22:31:35 -0400] "GET /wp-content/blogs.dir/about.php HTTP/1.1" 404 8272 "-" "-"
74.225.243.218 - - [04/Apr/2025:22:31:38 -0400] "GET /wp-includes/images/about.php HTTP/1.1" 404 8272 "-" "-"
140.245.43.10 - - [04/Apr/2025:22:31:38 -0400] "GET /wp-content/themes/tflow/up.php HTTP/1.1" 404 8272 "http://inversionesgoldie.com//wp-content/themes/tflow/up.php" "Go-http-client/1.1"
140.245.43.10 - - [04/Apr/2025:22:31:42 -0400] "GET //wp-content/themes/wp-pridmag/up.php HTTP/1.1" 301 0 "-" "Go-http-client/1.1"
74.225.243.218 - - [04/Apr/2025:22:31:42 -0400] "GET /wp-includes/about.php HTTP/1.1" 404 8271 "-" "-"
140.245.43.10 - - [04/Apr/2025:22:31:43 -0400] "GET /wp-content/themes/wp-pridmag/up.php HTTP/1.1" 404 8272 "http://inversionesgoldie.com//wp-content/themes/wp-pridmag/up.php" "Go-http-client/1.1"
140.245.43.10 - - [04/Apr/2025:22:31:45 -0400] "GET //.well-known/acme-challenge/atomlib.php HTTP/1.1" 301 0 "-" "Go-http-client/1.1"
74.225.243.218 - - [04/Apr/2025:22:31:45 -0400] "GET /cgi-bin/about.php HTTP/1.1" 404 8272 "-" "-"
140.245.43.10 - - [04/Apr/2025:22:31:46 -0400] "GET /.well-known/acme-challenge/atomlib.php HTTP/1.1" 404 8272 "http://inversionesgoldie.com//.well-known/acme-challenge/atomlib.php" "Go-http-client/1.1"
74.225.243.218 - - [04/Apr/2025:22:31:48 -0400] "GET /wp-content/gallery/about.php HTTP/1.1" 404 8272 "-" "-"
140.245.43.10 - - [04/Apr/2025:22:31:49 -0400] "GET //.well-known/pki-validation/atomlib.php HTTP/1.1" 301 0 "-" "Go-http-client/1.1"
140.245.43.10 - - [04/Apr/2025:22:31:50 -0400] "GET /.well-known/pki-validation/atomlib.php HTTP/1.1" 404 1251 "http://inversionesgoldie.com//.well-known/pki-validation/atomlib.php" "Go-http-client/1.1"
74.225.243.218 - - [04/Apr/2025:22:31:50 -0400] "GET /wp-includes/blocks/about.php HTTP/1.1" 404 8271 "-" "-"
140.245.43.10 - - [04/Apr/2025:22:31:51 -0400] "GET //images/atomlib.php HTTP/1.1" 301 0 "-" "Go-http-client/1.1"
140.245.43.10 - - [04/Apr/2025:22:31:53 -0400] "GET /images/atomlib.php HTTP/1.1" 404 8272 "http://inversionesgoldie.com//images/atomlib.php" "Go-http-client/1.1"
74.225.243.218 - - [04/Apr/2025:22:31:52 -0400] "GET /wp-admin/css/about.php HTTP/1.1" 404 8272 "-" "-"
140.245.43.10 - - [04/Apr/2025:22:31:55 -0400] "GET //wp-admin/css/atomlib.php HTTP/1.1" 301 0 "-" "Go-http-client/1.1"
74.225.243.218 - - [04/Apr/2025:22:31:57 -0400] "GET /wp-admin/images/about.php HTTP/1.1" 404 8272 "-" "-"
74.225.243.218 - - [04/Apr/2025:22:32:00 -0400] "GET /.well-known/pki-validation/cloud.php HTTP/1.1" 404 1251 "-" "-"
140.245.43.10 - - [04/Apr/2025:22:31:58 -0400] "GET /wp-admin/css/atomlib.php HTTP/1.1" 404 8272 "http://inversionesgoldie.com//wp-admin/css/atomlib.php" "Go-http-client/1.1"
140.245.43.10 - - [04/Apr/2025:22:32:00 -0400] "GET //wp-admin/css/colors/blue/atomlib.php HTTP/1.1" 301 0 "-" "Go-http-client/1.1"
74.225.243.218 - - [04/Apr/2025:22:32:01 -0400] "GET /.well-known/acme-challenge/cloud.php HTTP/1.1" 404 8271 "-" "-"
140.245.43.10 - - [04/Apr/2025:22:32:05 -0400] "GET /wp-admin/css/colors/blue/atomlib.php HTTP/1.1" 404 8272 "http://inversionesgoldie.com//wp-admin/css/colors/blue/atomlib.php" "Go-http-client/1.1"
74.225.243.218 - - [04/Apr/2025:22:32:05 -0400] "GET /wp-admin/network/cloud.php HTTP/1.1" 404 8272 "-" "-"
140.245.43.10 - - [04/Apr/2025:22:32:08 -0400] "GET //wp-admin/includes/atomlib.php HTTP/1.1" 301 0 "-" "Go-http-client/1.1"
74.225.243.218 - - [04/Apr/2025:22:32:08 -0400] "GET /cloud.php HTTP/1.1" 404 8272 "-" "-"
140.245.43.10 - - [04/Apr/2025:22:32:09 -0400] "GET /wp-admin/includes/atomlib.php HTTP/1.1" 404 8272 "http://inversionesgoldie.com//wp-admin/includes/atomlib.php" "Go-http-client/1.1"
74.225.243.218 - - [04/Apr/2025:22:32:09 -0400] "GET /cgi-bin/cloud.php HTTP/1.1" 404 8272 "-" "-"
140.245.43.10 - - [04/Apr/2025:22:32:12 -0400] "GET //wp-admin/maint/atomlib.php HTTP/1.1" 301 0 "-" "Go-http-client/1.1"
74.225.243.218 - - [04/Apr/2025:22:32:12 -0400] "GET /wp-content/updates.php HTTP/1.1" 404 8272 "-" "-"
140.245.43.10 - - [04/Apr/2025:22:32:14 -0400] "GET /wp-admin/maint/atomlib.php HTTP/1.1" 404 8273 "http://inversionesgoldie.com//wp-admin/maint/atomlib.php" "Go-http-client/1.1"
74.225.243.218 - - [04/Apr/2025:22:32:15 -0400] "GET /css/cloud.php HTTP/1.1" 404 8272 "-" "-"
140.245.43.10 - - [04/Apr/2025:22:32:16 -0400] "GET //wp-content/languages/themes/atomlib.php HTTP/1.1" 301 0 "-" "Go-http-client/1.1"
74.225.243.218 - - [04/Apr/2025:22:32:17 -0400] "GET /wp-admin/user/cloud.php HTTP/1.1" 404 8272 "-" "-"
140.245.43.10 - - [04/Apr/2025:22:32:17 -0400] "GET /wp-content/languages/themes/atomlib.php HTTP/1.1" 404 8272 "http://inversionesgoldie.com//wp-content/languages/themes/atomlib.php" "Go-http-client/1.1"
140.245.43.10 - - [04/Apr/2025:22:32:19 -0400] "GET //wp-content/themes/atomlib.php HTTP/1.1" 301 0 "-" "Go-http-client/1.1"
74.225.243.218 - - [04/Apr/2025:22:32:20 -0400] "GET /img/cloud.php HTTP/1.1" 404 8272 "-" "-"
140.245.43.10 - - [04/Apr/2025:22:32:21 -0400] "GET /wp-content/themes/atomlib.php HTTP/1.1" 404 8271 "http://inversionesgoldie.com//wp-content/themes/atomlib.php" "Go-http-client/1.1"
74.225.243.218 - - [04/Apr/2025:22:32:23 -0400] "GET /wp-admin/css/colors/coffee/cloud.php HTTP/1.1" 404 8272 "-" "-"
140.245.43.10 - - [04/Apr/2025:22:32:23 -0400] "GET //wp-admin/images/moon.php HTTP/1.1" 301 0 "-" "Go-http-client/1.1"
140.245.43.10 - - [04/Apr/2025:22:32:25 -0400] "GET /wp-admin/images/moon.php HTTP/1.1" 404 8272 "http://inversionesgoldie.com//wp-admin/images/moon.php" "Go-http-client/1.1"
74.225.243.218 - - [04/Apr/2025:22:32:28 -0400] "GET /wp-admin/images/cloud.php HTTP/1.1" 404 8272 "-" "-"
140.245.43.10 - - [04/Apr/2025:22:32:28 -0400] "GET //.tmb/moon.php HTTP/1.1" 301 0 "-" "Go-http-client/1.1"
74.225.243.218 - - [04/Apr/2025:22:32:31 -0400] "GET /avaa.php HTTP/1.1" 404 8270 "-" "-"
140.245.43.10 - - [04/Apr/2025:22:32:32 -0400] "GET /.tmb/moon.php HTTP/1.1" 404 8271 "http://inversionesgoldie.com//.tmb/moon.php" "Go-http-client/1.1"
74.225.243.218 - - [04/Apr/2025:22:32:34 -0400] "GET /images/cloud.php HTTP/1.1" 404 8272 "-" "-"
140.245.43.10 - - [04/Apr/2025:22:32:35 -0400] "GET //.well-known/acme-challenge/moon.php HTTP/1.1" 301 0 "-" "Go-http-client/1.1"
198.54.114.83 - - [04/Apr/2025:22:32:37 -0400] "POST /wp-cron.php?doing_wp_cron=1743820355.9975988864898681640625 HTTP/1.1" 200 0 "-" "WordPress/6.7.2; https://inversionesgoldie.com"
74.225.243.218 - - [04/Apr/2025:22:32:37 -0400] "GET /wp-admin/js/widgets/cloud.php HTTP/1.1" 404 8271 "-" "-"
140.245.43.10 - - [04/Apr/2025:22:32:39 -0400] "GET /.well-known/acme-challenge/moon.php HTTP/1.1" 404 8272 "http://inversionesgoldie.com//.well-known/acme-challenge/moon.php" "Go-http-client/1.1"
140.245.43.10 - - [04/Apr/2025:22:32:43 -0400] "GET //cgi-bin/moon.php HTTP/1.1" 301 0 "-" "Go-http-client/1.1"
74.225.243.218 - - [04/Apr/2025:22:32:43 -0400] "GET /wp-includes/Requests/Text/admin.php HTTP/1.1" 404 8272 "-" "-"
140.245.43.10 - - [04/Apr/2025:22:32:47 -0400] "GET /cgi-bin/moon.php HTTP/1.1" 404 8272 "http://inversionesgoldie.com//cgi-bin/moon.php" "Go-http-client/1.1"
74.225.243.218 - - [04/Apr/2025:22:32:48 -0400] "GET /wp-admin/css/colors/cloud.php HTTP/1.1" 404 8272 "-" "-"
140.245.43.10 - - [04/Apr/2025:22:32:50 -0400] "GET //wp-admin/user/moon.php HTTP/1.1" 301 0 "-" "Go-http-client/1.1"
74.225.243.218 - - [04/Apr/2025:22:32:53 -0400] "GET /wp-admin/includes/cloud.php HTTP/1.1" 404 8272 "-" "-"
140.245.43.10 - - [04/Apr/2025:22:32:53 -0400] "GET /wp-admin/user/moon.php HTTP/1.1" 404 8272 "http://inversionesgoldie.com//wp-admin/user/moon.php" "Go-http-client/1.1"
140.245.43.10 - - [04/Apr/2025:22:32:56 -0400] "GET //wp-content/upgrade/moon.php HTTP/1.1" 301 0 "-" "Go-http-client/1.1"
74.225.243.218 - - [04/Apr/2025:22:32:56 -0400] "GET /wp-admin/css/colors/blue/cloud.php HTTP/1.1" 404 8272 "-" "-"
140.245.43.10 - - [04/Apr/2025:22:32:59 -0400] "GET /wp-content/upgrade/moon.php HTTP/1.1" 404 8273 "http://inversionesgoldie.com//wp-content/upgrade/moon.php" "Go-http-client/1.1"
74.225.243.218 - - [04/Apr/2025:22:32:59 -0400] "GET /wp-admin/cloud.php HTTP/1.1" 404 8273 "-" "-"
140.245.43.10 - - [04/Apr/2025:22:33:04 -0400] "GET //wp-admin/js/widgets/moon.php HTTP/1.1" 301 0 "-" "Go-http-client/1.1"
74.225.243.218 - - [04/Apr/2025:22:33:04 -0400] "GET /updates.php HTTP/1.1" 404 8272 "-" "-"
140.245.43.10 - - [04/Apr/2025:22:33:05 -0400] "GET /wp-admin/js/widgets/moon.php HTTP/1.1" 404 8272 "http://inversionesgoldie.com//wp-admin/js/widgets/moon.php" "Go-http-client/1.1"
140.245.43.10 - - [04/Apr/2025:22:33:08 -0400] "GET //wp-admin/maint/moon.php HTTP/1.1" 301 0 "-" "Go-http-client/1.1"
74.225.243.218 - - [04/Apr/2025:22:33:08 -0400] "GET /libraries/legacy/updates.php HTTP/1.1" 404 8271 "-" "-"
140.245.43.10 - - [04/Apr/2025:22:33:10 -0400] "GET /wp-admin/maint/moon.php HTTP/1.1" 404 8271 "http://inversionesgoldie.com//wp-admin/maint/moon.php" "Go-http-client/1.1"
74.225.243.218 - - [04/Apr/2025:22:33:14 -0400] "GET /libraries/phpmailer/updates.php HTTP/1.1" 404 8273 "-" "-"
140.245.43.10 - - [04/Apr/2025:22:33:15 -0400] "GET //wp-includes/ID3/moon.php HTTP/1.1" 301 0 "-" "Go-http-client/1.1"
74.225.243.218 - - [04/Apr/2025:22:33:18 -0400] "GET /libraries/vendor/updates.php HTTP/1.1" 404 8272 "-" "-"
140.245.43.10 - - [04/Apr/2025:22:33:18 -0400] "GET /wp-includes/ID3/moon.php HTTP/1.1" 404 8272 "http://inversionesgoldie.com//wp-includes/ID3/moon.php" "Go-http-client/1.1"
140.245.43.10 - - [04/Apr/2025:22:33:21 -0400] "GET //wp-includes/certificates/moon.php HTTP/1.1" 301 0 "-" "Go-http-client/1.1"
74.225.243.218 - - [04/Apr/2025:22:33:21 -0400] "GET /alfa-rex.php7 HTTP/1.1" 404 8271 "-" "-"
140.245.43.10 - - [04/Apr/2025:22:33:24 -0400] "GET /wp-includes/certificates/moon.php HTTP/1.1" 404 8272 "http://inversionesgoldie.com//wp-includes/certificates/moon.php" "Go-http-client/1.1"
74.225.243.218 - - [04/Apr/2025:22:33:25 -0400] "GET /alfanew.php HTTP/1.1" 404 8272 "-" "-"
140.245.43.10 - - [04/Apr/2025:22:33:25 -0400] "GET //wp-admin/includes/moon.php HTTP/1.1" 301 0 "-" "Go-http-client/1.1"
140.245.43.10 - - [04/Apr/2025:22:33:28 -0400] "GET /wp-admin/includes/moon.php HTTP/1.1" 404 8272 "http://inversionesgoldie.com//wp-admin/includes/moon.php" "Go-http-client/1.1"
74.225.243.218 - - [04/Apr/2025:22:33:29 -0400] "GET /wp-content/plugins/Cache/Cache.php HTTP/1.1" 404 8272 "-" "-"
140.245.43.10 - - [04/Apr/2025:22:33:31 -0400] "GET //wp-includes/IXR/moon.php HTTP/1.1" 301 0 "-" "Go-http-client/1.1"
74.225.243.218 - - [04/Apr/2025:22:33:32 -0400] "GET /wp-admin/js/widgets/about.php7 HTTP/1.1" 404 8271 "-" "-"
140.245.43.10 - - [04/Apr/2025:22:33:33 -0400] "GET /wp-includes/IXR/moon.php HTTP/1.1" 404 8272 "http://inversionesgoldie.com//wp-includes/IXR/moon.php" "Go-http-client/1.1"
140.245.43.10 - - [04/Apr/2025:22:33:36 -0400] "GET //cjfuns.php HTTP/1.1" 301 0 "-" "Go-http-client/1.1"
74.225.243.218 - - [04/Apr/2025:22:33:36 -0400] "GET /wp-p.php7 HTTP/1.1" 404 8272 "-" "-"
198.54.114.83 - - [04/Apr/2025:22:33:38 -0400] "POST /wp-cron.php?doing_wp_cron=1743820416.3077499866485595703125 HTTP/1.1" 200 0 "-" "WordPress/6.7.2; https://inversionesgoldie.com"
140.245.43.10 - - [04/Apr/2025:22:33:39 -0400] "GET /cjfuns.php HTTP/1.1" 404 8272 "http://inversionesgoldie.com//cjfuns.php" "Go-http-client/1.1"
74.225.243.218 - - [04/Apr/2025:22:33:40 -0400] "GET /wp-admin/repeater.php HTTP/1.1" 404 8272 "-" "-"
140.245.43.10 - - [04/Apr/2025:22:33:43 -0400] "GET //classfuns.php HTTP/1.1" 301 0 "-" "Go-http-client/1.1"
140.245.43.10 - - [04/Apr/2025:22:33:44 -0400] "GET /classfuns.php HTTP/1.1" 404 8274 "http://inversionesgoldie.com//classfuns.php" "Go-http-client/1.1"
74.225.243.218 - - [04/Apr/2025:22:33:43 -0400] "GET /wp-includes/repeater.php HTTP/1.1" 404 8272 "-" "-"
140.245.43.10 - - [04/Apr/2025:22:33:46 -0400] "GET //tempfuns.php HTTP/1.1" 301 0 "-" "Go-http-client/1.1"
74.225.243.218 - - [04/Apr/2025:22:33:46 -0400] "GET /wp-content/repeater.php HTTP/1.1" 404 8272 "-" "-"
140.245.43.10 - - [04/Apr/2025:22:33:48 -0400] "GET /tempfuns.php HTTP/1.1" 404 8272 "http://inversionesgoldie.com//tempfuns.php" "Go-http-client/1.1"
74.225.243.218 - - [04/Apr/2025:22:33:49 -0400] "GET /wsoyanz.php HTTP/1.1" 404 8272 "-" "-"
140.245.43.10 - - [04/Apr/2025:22:33:51 -0400] "GET //adminfuns.php HTTP/1.1" 301 0 "-" "Go-http-client/1.1"
74.225.243.218 - - [04/Apr/2025:22:33:52 -0400] "GET /yanz.php HTTP/1.1" 404 8271 "-" "-"
140.245.43.10 - - [04/Apr/2025:22:33:52 -0400] "GET /adminfuns.php HTTP/1.1" 404 8272 "http://inversionesgoldie.com//adminfuns.php" "Go-http-client/1.1"
74.225.243.218 - - [04/Apr/2025:22:33:54 -0400] "GET /wp-content/plugins/seoo/wsoyanz.php HTTP/1.1" 404 8274 "-" "-"
140.245.43.10 - - [04/Apr/2025:22:33:56 -0400] "GET //nf_tracking.php HTTP/1.1" 301 0 "-" "Go-http-client/1.1"
74.225.243.218 - - [04/Apr/2025:22:33:56 -0400] "GET /wp-content/plugins/seoo/wsoyanz1.php HTTP/1.1" 404 8272 "-" "-"
140.245.43.10 - - [04/Apr/2025:22:33:59 -0400] "GET /nf_tracking.php HTTP/1.1" 404 8273 "http://inversionesgoldie.com//nf_tracking.php#password" "Go-http-client/1.1"
74.225.243.218 - - [04/Apr/2025:22:34:00 -0400] "GET /cache-compat.php HTTP/1.1" 404 8272 "-" "-"
140.245.43.10 - - [04/Apr/2025:22:34:01 -0400] "GET //wp-content/wso.php HTTP/1.1" 301 0 "-" "Go-http-client/1.1"
140.245.43.10 - - [04/Apr/2025:22:34:04 -0400] "GET /wp-content/wso.php HTTP/1.1" 404 8272 "http://inversionesgoldie.com//wp-content/wso.php#UEjlZcWL%23UEjlZcWL" "Go-http-client/1.1"
74.225.243.218 - - [04/Apr/2025:22:34:04 -0400] "GET /ajax-actions.php HTTP/1.1" 404 8272 "-" "-"
140.245.43.10 - - [04/Apr/2025:22:34:08 -0400] "GET //wp-includes/wso.php HTTP/1.1" 301 0 "-" "Go-http-client/1.1"
74.225.243.218 - - [04/Apr/2025:22:34:09 -0400] "GET /wp-admin/ajax-actions.php HTTP/1.1" 404 8272 "-" "-"
140.245.43.10 - - [04/Apr/2025:22:34:11 -0400] "GET /wp-includes/wso.php HTTP/1.1" 404 8272 "http://inversionesgoldie.com//wp-includes/wso.php#UEjlZcWL%23UEjlZcWL" "Go-http-client/1.1"
74.225.243.218 - - [04/Apr/2025:22:34:12 -0400] "GET /wp-consar.php HTTP/1.1" 404 8272 "-" "-"
140.245.43.10 - - [04/Apr/2025:22:34:13 -0400] "GET //wso.php HTTP/1.1" 301 0 "-" "Go-http-client/1.1"
74.225.243.218 - - [04/Apr/2025:22:34:16 -0400] "GET /repeater.php HTTP/1.1" 404 8272 "-" "-"
140.245.43.10 - - [04/Apr/2025:22:34:17 -0400] "GET /wso.php HTTP/1.1" 404 8272 "http://inversionesgoldie.com//wso.php#UEjlZcWL" "Go-http-client/1.1"
140.245.43.10 - - [04/Apr/2025:22:34:18 -0400] "GET //wp-content/uploads/wp-apxupx.php?apx=upx HTTP/1.1" 301 0 "-" "Go-http-client/1.1"
74.225.243.218 - - [04/Apr/2025:22:34:18 -0400] "GET /admin-post.php HTTP/1.1" 404 8272 "-" "-"
140.245.43.10 - - [04/Apr/2025:22:34:21 -0400] "GET /wp-content/uploads/wp-apxupx.php?apx=upx HTTP/1.1" 404 8272 "http://inversionesgoldie.com//wp-content/uploads/wp-apxupx.php?apx=upx" "Go-http-client/1.1"
74.225.243.218 - - [04/Apr/2025:22:34:21 -0400] "GET /wp-admin/maint/maint/ajax-actions.php HTTP/1.1" 404 8271 "-" "-"
140.245.43.10 - - [04/Apr/2025:22:34:23 -0400] "GET //wp-content/upgrade/class_api.php HTTP/1.1" 301 0 "-" "Go-http-client/1.1"
74.225.243.218 - - [04/Apr/2025:22:34:24 -0400] "GET /wp-admin/dropdown.php HTTP/1.1" 404 8272 "-" "-"
140.245.43.10 - - [04/Apr/2025:22:34:24 -0400] "GET /wp-content/upgrade/class_api.php HTTP/1.1" 404 8272 "http://inversionesgoldie.com//wp-content/upgrade/class_api.php" "Go-http-client/1.1"
74.225.243.218 - - [04/Apr/2025:22:34:26 -0400] "GET /about.php7 HTTP/1.1" 404 8272 "-" "-"
140.245.43.10 - - [04/Apr/2025:22:34:27 -0400] "GET //cgi-bin/sgd.php HTTP/1.1" 301 0 "-" "Go-http-client/1.1"
140.245.43.10 - - [04/Apr/2025:22:34:29 -0400] "GET /cgi-bin/sgd.php HTTP/1.1" 404 8272 "http://inversionesgoldie.com//cgi-bin/sgd.php" "Go-http-client/1.1"
74.225.243.218 - - [04/Apr/2025:22:34:30 -0400] "GET /alfanew.php7 HTTP/1.1" 404 8272 "-" "-"
140.245.43.10 - - [04/Apr/2025:22:34:31 -0400] "GET //wp-admin/js/widgets/sgd.php HTTP/1.1" 301 0 "-" "Go-http-client/1.1"
74.225.243.218 - - [04/Apr/2025:22:34:32 -0400] "GET /adminfuns.php7 HTTP/1.1" 404 8271 "-" "-"
140.245.43.10 - - [04/Apr/2025:22:34:32 -0400] "GET /wp-admin/js/widgets/sgd.php HTTP/1.1" 404 8272 "http://inversionesgoldie.com//wp-admin/js/widgets/sgd.php#fg123" "Go-http-client/1.1"
140.245.43.10 - - [04/Apr/2025:22:34:34 -0400] "GET //wp-apxupx.php?apx=upx HTTP/1.1" 301 0 "-" "Go-http-client/1.1"
74.225.243.218 - - [04/Apr/2025:22:34:34 -0400] "GET /ebs.php7 HTTP/1.1" 404 8271 "-" "-"
198.54.114.83 - - [04/Apr/2025:22:34:38 -0400] "POST /wp-cron.php?doing_wp_cron=1743820477.0525929927825927734375 HTTP/1.1" 200 0 "-" "WordPress/6.7.2; https://inversionesgoldie.com"
74.225.243.218 - - [04/Apr/2025:22:34:37 -0400] "GET /ws.php7 HTTP/1.1" 404 8272 "-" "-"
140.245.43.10 - - [04/Apr/2025:22:34:36 -0400] "GET /wp-apxupx.php?apx=upx HTTP/1.1" 404 8272 "http://inversionesgoldie.com//wp-apxupx.php?apx=upx" "Go-http-client/1.1"
140.245.43.10 - - [04/Apr/2025:22:34:39 -0400] "GET //wp-includes/IXR/class.api.php HTTP/1.1" 301 0 "-" "Go-http-client/1.1"
74.225.243.218 - - [04/Apr/2025:22:34:39 -0400] "GET /makeasmtp.php HTTP/1.1" 404 8272 "-" "-"
140.245.43.10 - - [04/Apr/2025:22:34:40 -0400] "GET /wp-includes/IXR/class.api.php HTTP/1.1" 404 8271 "http://inversionesgoldie.com//wp-includes/IXR/class.api.php" "Go-http-client/1.1"
74.225.243.218 - - [04/Apr/2025:22:34:42 -0400] "GET /wp-sigunq.php HTTP/1.1" 404 8271 "-" "-"
140.245.43.10 - - [04/Apr/2025:22:34:43 -0400] "GET //wp-content/languages/class_api.php HTTP/1.1" 301 0 "-" "Go-http-client/1.1"
74.225.243.218 - - [04/Apr/2025:22:34:43 -0400] "GET /wso112233.php HTTP/1.1" 404 8272 "-" "-"
140.245.43.10 - - [04/Apr/2025:22:34:44 -0400] "GET /wp-content/languages/class_api.php HTTP/1.1" 404 8274 "http://inversionesgoldie.com//wp-content/languages/class_api.php" "Go-http-client/1.1"
140.245.43.10 - - [04/Apr/2025:22:34:46 -0400] "GET //class_api.php HTTP/1.1" 301 0 "-" "Go-http-client/1.1"
140.245.43.10 - - [04/Apr/2025:22:34:47 -0400] "GET /class_api.php HTTP/1.1" 404 8272 "http://inversionesgoldie.com//class_api.php" "Go-http-client/1.1"
74.225.243.218 - - [04/Apr/2025:22:34:46 -0400] "GET /fw.php HTTP/1.1" 404 8272 "-" "-"
140.245.43.10 - - [04/Apr/2025:22:34:48 -0400] "GET //.well-known/acme-challenge/class_api.php HTTP/1.1" 301 0 "-" "Go-http-client/1.1"
74.225.243.218 - - [04/Apr/2025:22:34:49 -0400] "GET /install.php HTTP/1.1" 404 8272 "-" "-"
140.245.43.10 - - [04/Apr/2025:22:34:51 -0400] "GET /.well-known/acme-challenge/class_api.php HTTP/1.1" 404 8272 "http://inversionesgoldie.com//.well-known/acme-challenge/class_api.php" "Go-http-client/1.1"
74.225.243.218 - - [04/Apr/2025:22:34:52 -0400] "GET /wp-login.php HTTP/1.1" 302 0 "-" "-"
140.245.43.10 - - [04/Apr/2025:22:34:53 -0400] "GET //.tmb/mariju.php HTTP/1.1" 301 0 "-" "Go-http-client/1.1"
74.225.243.218 - - [04/Apr/2025:22:34:55 -0400] "GET /chosen.php HTTP/1.1" 404 8272 "-" "-"
140.245.43.10 - - [04/Apr/2025:22:34:55 -0400] "GET /.tmb/mariju.php HTTP/1.1" 404 8272 "http://inversionesgoldie.com//.tmb/mariju.php" "Go-http-client/1.1"
74.225.243.218 - - [04/Apr/2025:22:34:58 -0400] "GET /simple.php HTTP/1.1" 404 8272 "-" "-"
140.245.43.10 - - [04/Apr/2025:22:34:58 -0400] "GET //wp-content/languages/themes/class_api.php HTTP/1.1" 301 0 "-" "Go-http-client/1.1"
74.225.243.218 - - [04/Apr/2025:22:34:59 -0400] "GET /inputs.php HTTP/1.1" 404 8273 "-" "-"
140.245.43.10 - - [04/Apr/2025:22:34:59 -0400] "GET /wp-content/languages/themes/class_api.php HTTP/1.1" 404 8273 "http://inversionesgoldie.com//wp-content/languages/themes/class_api.php" "Go-http-client/1.1"
140.245.43.10 - - [04/Apr/2025:22:35:04 -0400] "GET //wp-admin/includes/class_api.php HTTP/1.1" 301 0 "-" "Go-http-client/1.1"
74.225.243.218 - - [04/Apr/2025:22:35:05 -0400] "GET /classsmtps.php HTTP/1.1" 404 8272 "-" "-"
140.245.43.10 - - [04/Apr/2025:22:35:06 -0400] "GET /wp-admin/includes/class_api.php HTTP/1.1" 404 8272 "http://inversionesgoldie.com//wp-admin/includes/class_api.php" "Go-http-client/1.1"
74.225.243.218 - - [04/Apr/2025:22:35:08 -0400] "GET /wp-blog-header.php HTTP/1.1" 404 0 "-" "-"
140.245.43.10 - - [04/Apr/2025:22:35:09 -0400] "GET //wp-admin/js/widgets/class_api.php HTTP/1.1" 301 0 "-" "Go-http-client/1.1"
74.225.243.218 - - [04/Apr/2025:22:35:10 -0400] "GET /wp-trackback.php HTTP/1.1" 404 130 "-" "-"
140.245.43.10 - - [04/Apr/2025:22:35:11 -0400] "GET /wp-admin/js/widgets/class_api.php HTTP/1.1" 404 8271 "http://inversionesgoldie.com//wp-admin/js/widgets/class_api.php" "Go-http-client/1.1"
74.225.243.218 - - [04/Apr/2025:22:35:13 -0400] "GET /wp-signup.php HTTP/1.1" 302 0 "-" "-"
140.245.43.10 - - [04/Apr/2025:22:35:14 -0400] "GET //wp-admin/network/class_api.php HTTP/1.1" 301 0 "-" "Go-http-client/1.1"
140.245.43.10 - - [04/Apr/2025:22:35:17 -0400] "GET /wp-admin/network/class_api.php HTTP/1.1" 404 8272 "http://inversionesgoldie.com//wp-admin/network/class_api.php" "Go-http-client/1.1"
140.245.43.10 - - [04/Apr/2025:22:35:19 -0400] "GET //.tmb/class_api.php HTTP/1.1" 301 0 "-" "Go-http-client/1.1"
74.225.243.218 - - [04/Apr/2025:22:35:20 -0400] "GET /wp-comments-post.php HTTP/1.1" 405 0 "-" "-"
140.245.43.10 - - [04/Apr/2025:22:35:21 -0400] "GET /.tmb/class_api.php HTTP/1.1" 404 8272 "http://inversionesgoldie.com//.tmb/class_api.php" "Go-http-client/1.1"
74.225.243.218 - - [04/Apr/2025:22:35:22 -0400] "GET /wp-cron.php HTTP/1.1" 200 0 "-" "-"
140.245.43.10 - - [04/Apr/2025:22:35:23 -0400] "GET //assets/class_api.php HTTP/1.1" 301 0 "-" "Go-http-client/1.1"
74.225.243.218 - - [04/Apr/2025:22:35:23 -0400] "GET /wp-load.php HTTP/1.1" 200 0 "-" "-"
74.225.243.218 - - [04/Apr/2025:22:35:25 -0400] "GET /wp-mail.php HTTP/1.1" 403 1123 "-" "-"
140.245.43.10 - - [04/Apr/2025:22:35:24 -0400] "GET /assets/class_api.php HTTP/1.1" 404 8272 "http://inversionesgoldie.com//assets/class_api.php" "Go-http-client/1.1"
140.245.43.10 - - [04/Apr/2025:22:35:26 -0400] "GET //common/css/class_api.php HTTP/1.1" 301 0 "-" "Go-http-client/1.1"
140.245.43.10 - - [04/Apr/2025:22:35:27 -0400] "GET /common/css/class_api.php HTTP/1.1" 404 8272 "http://inversionesgoldie.com//common/css/class_api.php" "Go-http-client/1.1"
140.245.43.10 - - [04/Apr/2025:22:35:29 -0400] "GET //common/img/class_api.php HTTP/1.1" 301 0 "-" "Go-http-client/1.1"
74.225.243.218 - - [04/Apr/2025:22:35:26 -0400] "GET /wp-activate.php HTTP/1.1" 302 0 "-" "-"
198.54.114.83 - - [04/Apr/2025:22:35:31 -0400] "POST /wp-cron.php?doing_wp_cron=1743820531.0984549522399902343750 HTTP/1.1" 200 0 "-" "WordPress/6.7.2; https://inversionesgoldie.com"
140.245.43.10 - - [04/Apr/2025:22:35:30 -0400] "GET /common/img/class_api.php HTTP/1.1" 404 8271 "http://inversionesgoldie.com//common/img/class_api.php" "Go-http-client/1.1"
140.245.43.10 - - [04/Apr/2025:22:35:33 -0400] "GET //.well-known/acme-challenge/mariju.php HTTP/1.1" 301 0 "-" "Go-http-client/1.1"
74.225.243.218 - - [04/Apr/2025:22:35:33 -0400] "GET /plugins.php HTTP/1.1" 404 8272 "-" "-"
140.245.43.10 - - [04/Apr/2025:22:35:34 -0400] "GET /.well-known/acme-challenge/mariju.php HTTP/1.1" 404 8271 "http://inversionesgoldie.com//.well-known/acme-challenge/mariju.php" "Go-http-client/1.1"
140.245.43.10 - - [04/Apr/2025:22:35:35 -0400] "GET //wp-admin/user/class_api.php HTTP/1.1" 301 0 "-" "Go-http-client/1.1"
74.225.243.218 - - [04/Apr/2025:22:35:35 -0400] "GET /post.php HTTP/1.1" 404 8272 "-" "-"
74.225.243.218 - - [04/Apr/2025:22:35:38 -0400] "GET /wp-2019.php HTTP/1.1" 404 8272 "-" "-"
140.245.43.10 - - [04/Apr/2025:22:35:36 -0400] "GET /wp-admin/user/class_api.php HTTP/1.1" 404 8272 "http://inversionesgoldie.com//wp-admin/user/class_api.php" "Go-http-client/1.1"
140.245.43.10 - - [04/Apr/2025:22:35:39 -0400] "GET //wp-includes/rest-api/fields/cache/index.php HTTP/1.1" 301 0 "-" "Go-http-client/1.1"
74.225.243.218 - - [04/Apr/2025:22:35:40 -0400] "GET /geju.php HTTP/1.1" 404 8272 "-" "-"
140.245.43.10 - - [04/Apr/2025:22:35:40 -0400] "GET /wp-includes/rest-api/fields/cache/ HTTP/1.1" 404 8272 "http://inversionesgoldie.com//wp-includes/rest-api/fields/cache/index.php" "Go-http-client/1.1"
140.245.43.10 - - [04/Apr/2025:22:35:42 -0400] "GET //wp-content/themes/travel/issue.php HTTP/1.1" 301 0 "-" "Go-http-client/1.1"
74.225.243.218 - - [04/Apr/2025:22:35:42 -0400] "GET /wp.php HTTP/1.1" 404 8272 "-" "-"
140.245.43.10 - - [04/Apr/2025:22:35:43 -0400] "GET /wp-content/themes/travel/issue.php HTTP/1.1" 404 8272 "http://inversionesgoldie.com//wp-content/themes/travel/issue.php" "Go-http-client/1.1"
74.225.243.218 - - [04/Apr/2025:22:35:44 -0400] "GET /hoot.php HTTP/1.1" 404 8274 "-" "-"
140.245.43.10 - - [04/Apr/2025:22:35:45 -0400] "GET //wp-includes/IXR/class_api.php HTTP/1.1" 301 0 "-" "Go-http-client/1.1"
74.225.243.218 - - [04/Apr/2025:22:35:47 -0400] "GET /css.php HTTP/1.1" 404 8272 "-" "-"
140.245.43.10 - - [04/Apr/2025:22:35:47 -0400] "GET /wp-includes/IXR/class_api.php HTTP/1.1" 404 8272 "http://inversionesgoldie.com//wp-includes/IXR/class_api.php" "Go-http-client/1.1"
140.245.43.10 - - [04/Apr/2025:22:35:48 -0400] "GET //wp-includes/Requests/class_api.php HTTP/1.1" 301 0 "-" "Go-http-client/1.1"
140.245.43.10 - - [04/Apr/2025:22:35:51 -0400] "GET /wp-includes/Requests/class_api.php HTTP/1.1" 404 8271 "http://inversionesgoldie.com//wp-includes/Requests/class_api.php" "Go-http-client/1.1"
74.225.243.218 - - [04/Apr/2025:22:35:50 -0400] "GET /log.php HTTP/1.1" 404 8272 "-" "-"
140.245.43.10 - - [04/Apr/2025:22:35:53 -0400] "GET //wp-includes/random_compat/class_api.php HTTP/1.1" 301 0 "-" "Go-http-client/1.1"
74.225.243.218 - - [04/Apr/2025:22:35:53 -0400] "GET /mail.php HTTP/1.1" 404 8272 "-" "-"
140.245.43.10 - - [04/Apr/2025:22:35:54 -0400] "GET /wp-includes/random_compat/class_api.php HTTP/1.1" 404 8272 "http://inversionesgoldie.com//wp-includes/random_compat/class_api.php" "Go-http-client/1.1"
74.225.243.218 - - [04/Apr/2025:22:35:56 -0400] "GET /bak.php HTTP/1.1" 404 8272 "-" "-"
140.245.43.10 - - [04/Apr/2025:22:35:58 -0400] "GET //wp-content/themes/hello-element/footer.php HTTP/1.1" 301 0 "-" "Go-http-client/1.1"
74.225.243.218 - - [04/Apr/2025:22:35:59 -0400] "GET /upfile.php HTTP/1.1" 404 8272 "-" "-"
140.245.43.10 - - [04/Apr/2025:22:36:00 -0400] "GET /wp-content/themes/hello-element/footer.php HTTP/1.1" 404 8273 "http://inversionesgoldie.com//wp-content/themes/hello-element/footer.php" "Go-http-client/1.1"
74.225.243.218 - - [04/Apr/2025:22:36:01 -0400] "GET /wp-conflg.php HTTP/1.1" 404 8271 "-" "-"
74.225.243.218 - - [04/Apr/2025:22:36:05 -0400] "GET /bypass.php HTTP/1.1" 404 8272 "-" "-"
74.225.243.218 - - [04/Apr/2025:22:36:09 -0400] "GET /404.php HTTP/1.1" 404 8272 "-" "-"
74.225.243.218 - - [04/Apr/2025:22:36:11 -0400] "GET /xmrlpc.php HTTP/1.1" 404 8272 "-" "-"
74.225.243.218 - - [04/Apr/2025:22:36:14 -0400] "GET /ae.php HTTP/1.1" 404 8272 "-" "-"
74.225.243.218 - - [04/Apr/2025:22:36:16 -0400] "GET /moon.php HTTP/1.1" 404 8272 "-" "-"
74.225.243.218 - - [04/Apr/2025:22:36:19 -0400] "GET /blog.php HTTP/1.1" 404 8272 "-" "-"
74.225.243.218 - - [04/Apr/2025:22:36:21 -0400] "GET /ini.php HTTP/1.1" 404 8271 "-" "-"
74.225.243.218 - - [04/Apr/2025:22:36:23 -0400] "GET /as.php HTTP/1.1" 404 8272 "-" "-"
74.225.243.218 - - [04/Apr/2025:22:36:26 -0400] "GET /shell.php HTTP/1.1" 404 8272 "-" "-"
198.54.114.83 - - [04/Apr/2025:22:36:30 -0400] "POST /wp-cron.php?doing_wp_cron=1743820590.7029409408569335937500 HTTP/1.1" 200 0 "-" "WordPress/6.7.2; https://inversionesgoldie.com"
74.225.243.218 - - [04/Apr/2025:22:36:29 -0400] "GET /ws.php HTTP/1.1" 404 8272 "-" "-"
74.225.243.218 - - [04/Apr/2025:22:36:33 -0400] "GET /alfanew2.php7 HTTP/1.1" 404 8272 "-" "-"
74.225.243.218 - - [04/Apr/2025:22:36:37 -0400] "GET /alfa-rex2.php7 HTTP/1.1" 404 8272 "-" "-"
74.225.243.218 - - [04/Apr/2025:22:36:39 -0400] "GET /wp-admin/images/index.php HTTP/1.1" 301 0 "-" "-"
74.225.243.218 - - [04/Apr/2025:22:36:40 -0400] "GET /wp-admin/images/ HTTP/1.1" 403 1242 "-" "-"
74.225.243.218 - - [04/Apr/2025:22:36:41 -0400] "GET /wp-admin/css/colors/index.php HTTP/1.1" 301 0 "-" "-"
74.225.243.218 - - [04/Apr/2025:22:36:43 -0400] "GET /wp-admin/css/colors/ HTTP/1.1" 403 1242 "-" "-"
74.225.243.218 - - [04/Apr/2025:22:36:44 -0400] "GET /wp-content/themes/pridmag/db.php?u HTTP/1.1" 404 8274 "-" "-"
74.225.243.218 - - [04/Apr/2025:22:36:46 -0400] "GET /wp-content/themes/seotheme/mar.php HTTP/1.1" 404 8272 "-" "-"
74.225.243.218 - - [04/Apr/2025:22:36:48 -0400] "GET /wp-content/plugins/linkpreview/db.php?u HTTP/1.1" 404 8272 "-" "-"
74.225.243.218 - - [04/Apr/2025:22:36:51 -0400] "GET /wp-content/themes/seotheme/db.php?u HTTP/1.1" 404 8271 "-" "-"
74.225.243.218 - - [04/Apr/2025:22:36:53 -0400] "GET /wp-content/plugins/seoplugins/db.php?u HTTP/1.1" 404 8272 "-" "-"
74.225.243.218 - - [04/Apr/2025:22:36:56 -0400] "GET /wp-content/plugins/seoplugins/mar.php HTTP/1.1" 404 8272 "-" "-"
74.225.243.218 - - [04/Apr/2025:22:36:59 -0400] "GET /.well-known/pki-validation/xmrlpc.php?p= HTTP/1.1" 404 1251 "-" "-"
74.225.243.218 - - [04/Apr/2025:22:37:00 -0400] "GET /.well-known/acme-challenge/xmrlpc.php?p= HTTP/1.1" 301 0 "-" "-"
74.225.243.218 - - [04/Apr/2025:22:37:03 -0400] "GET /.well-known/acme-challenge/xmrlpc.php HTTP/1.1" 404 8272 "-" "-"
74.225.243.218 - - [04/Apr/2025:22:37:05 -0400] "GET /wp-admin/network/xmrlpc.php?p= HTTP/1.1" 301 0 "-" "-"
74.225.243.218 - - [04/Apr/2025:22:37:07 -0400] "GET /wp-admin/network/xmrlpc.php HTTP/1.1" 404 8272 "-" "-"
74.225.243.218 - - [04/Apr/2025:22:37:12 -0400] "GET /xmrlpc.php?p= HTTP/1.1" 301 0 "-" "-"
74.225.243.218 - - [04/Apr/2025:22:37:14 -0400] "GET /xmrlpc.php HTTP/1.1" 404 8272 "-" "-"
74.225.243.218 - - [04/Apr/2025:22:37:17 -0400] "GET /cgi-bin/xmrlpc.php?p= HTTP/1.1" 301 0 "-" "-"
74.225.243.218 - - [04/Apr/2025:22:37:18 -0400] "GET /cgi-bin/xmrlpc.php HTTP/1.1" 404 8272 "-" "-"
74.225.243.218 - - [04/Apr/2025:22:37:21 -0400] "GET /css/xmrlpc.php?p= HTTP/1.1" 301 0 "-" "-"
74.225.243.218 - - [04/Apr/2025:22:37:22 -0400] "GET /css/xmrlpc.php HTTP/1.1" 404 8271 "-" "-"
74.225.243.218 - - [04/Apr/2025:22:37:24 -0400] "GET /wp-admin/user/xmrlpc.php?p= HTTP/1.1" 301 0 "-" "-"
74.225.243.218 - - [04/Apr/2025:22:37:25 -0400] "GET /wp-admin/user/xmrlpc.php HTTP/1.1" 404 8272 "-" "-"
74.225.243.218 - - [04/Apr/2025:22:37:27 -0400] "GET /img/xmrlpc.php?p= HTTP/1.1" 301 0 "-" "-"
74.225.243.218 - - [04/Apr/2025:22:37:28 -0400] "GET /img/xmrlpc.php HTTP/1.1" 404 8272 "-" "-"
198.54.114.83 - - [04/Apr/2025:22:37:31 -0400] "POST /wp-cron.php?doing_wp_cron=1743820650.7341220378875732421875 HTTP/1.1" 200 0 "-" "WordPress/6.7.2; https://inversionesgoldie.com"
74.225.243.218 - - [04/Apr/2025:22:37:30 -0400] "GET /wp-admin/css/colors/coffee/xmrlpc.php?p= HTTP/1.1" 301 0 "-" "-"
74.225.243.218 - - [04/Apr/2025:22:37:32 -0400] "GET /wp-admin/css/colors/coffee/xmrlpc.php HTTP/1.1" 404 8271 "-" "-"
74.225.243.218 - - [04/Apr/2025:22:37:34 -0400] "GET /wp-admin/images/xmrlpc.php?p= HTTP/1.1" 301 0 "-" "-"
74.225.243.218 - - [04/Apr/2025:22:37:36 -0400] "GET /wp-admin/images/xmrlpc.php HTTP/1.1" 404 8272 "-" "-"
74.225.243.218 - - [04/Apr/2025:22:37:37 -0400] "GET /images/xmrlpc.php?p= HTTP/1.1" 301 0 "-" "-"
74.225.243.218 - - [04/Apr/2025:22:37:38 -0400] "GET /images/xmrlpc.php HTTP/1.1" 404 8272 "-" "-"
74.225.243.218 - - [04/Apr/2025:22:37:40 -0400] "GET /wp-admin/js/widgets/xmrlpc.php?p= HTTP/1.1" 301 0 "-" "-"
74.225.243.218 - - [04/Apr/2025:22:37:43 -0400] "GET /wp-admin/js/widgets/xmrlpc.php HTTP/1.1" 404 8272 "-" "-"
74.225.243.218 - - [04/Apr/2025:22:37:47 -0400] "GET /wp-admin/css/colors/xmrlpc.php?p= HTTP/1.1" 301 0 "-" "-"
74.225.243.218 - - [04/Apr/2025:22:37:48 -0400] "GET /wp-admin/css/colors/xmrlpc.php HTTP/1.1" 404 8272 "-" "-"
74.225.243.218 - - [04/Apr/2025:22:37:51 -0400] "GET /wp-admin/includes/xmrlpc.php?p= HTTP/1.1" 301 0 "-" "-"
74.225.243.218 - - [04/Apr/2025:22:37:52 -0400] "GET /wp-admin/includes/xmrlpc.php HTTP/1.1" 404 8272 "-" "-"
74.225.243.218 - - [04/Apr/2025:22:37:56 -0400] "GET /wp-admin/css/colors/blue/xmrlpc.php?p= HTTP/1.1" 301 0 "-" "-"
74.225.243.218 - - [04/Apr/2025:22:37:59 -0400] "GET /wp-admin/css/colors/blue/xmrlpc.php HTTP/1.1" 404 8272 "-" "-"
74.225.243.218 - - [04/Apr/2025:22:38:05 -0400] "GET /wp-admin/xmrlpc.php?p= HTTP/1.1" 301 0 "-" "-"
