13.82.181.88 - - [07/Apr/2025:11:50:49 -0400] "GET /wp-includes/Text/autoload_classmap.php HTTP/1.1" 404 8272 "-" "-"
161.97.113.29 - - [07/Apr/2025:11:50:49 -0400] "GET /wp-content/cong.php HTTP/1.1" 404 8272 "-" "Mozilla/5.0 (Linux; Android 7.0; SM-G892A Build/NRD90M; wv) AppleWebKit/537.36 (KHTML, like Gecko) Version/4.0 Chrome/60.0.3112.107 Mobile Safari/537.36"
13.82.181.88 - - [07/Apr/2025:11:50:53 -0400] "GET /ioxi02.php HTTP/1.1" 404 8272 "-" "-"
161.97.113.29 - - [07/Apr/2025:11:50:54 -0400] "GET /wp-includes/ID3/wp-login.php HTTP/1.1" 404 8274 "-" "Mozilla/5.0 (Linux; Android 7.0; SM-G892A Build/NRD90M; wv) AppleWebKit/537.36 (KHTML, like Gecko) Version/4.0 Chrome/60.0.3112.107 Mobile Safari/537.36"
13.82.181.88 - - [07/Apr/2025:11:50:56 -0400] "GET /wp-includes/ID3/module.tag.id3v3.php HTTP/1.1" 404 8273 "-" "-"
161.97.113.29 - - [07/Apr/2025:11:50:58 -0400] "GET /wp-head.php HTTP/1.1" 404 8273 "-" "Mozilla/5.0 (Linux; Android 7.0; SM-G892A Build/NRD90M; wv) AppleWebKit/537.36 (KHTML, like Gecko) Version/4.0 Chrome/60.0.3112.107 Mobile Safari/537.36"
13.82.181.88 - - [07/Apr/2025:11:50:59 -0400] "GET /wp-content/plugins/seoplugins/ HTTP/1.1" 404 8273 "-" "-"
13.82.181.88 - - [07/Apr/2025:11:51:01 -0400] "GET /css/dist/ HTTP/1.1" 404 8272 "-" "-"
161.97.113.29 - - [07/Apr/2025:11:51:03 -0400] "GET /wp-content/plugins/upspy/index.php HTTP/1.1" 301 0 "-" "Mozilla/5.0 (Linux; Android 7.0; SM-G892A Build/NRD90M; wv) AppleWebKit/537.36 (KHTML, like Gecko) Version/4.0 Chrome/60.0.3112.107 Mobile Safari/537.36"
13.82.181.88 - - [07/Apr/2025:11:51:04 -0400] "GET /.well-known/acme-challenge/wp-login.php HTTP/1.1" 404 8274 "-" "-"
161.97.113.29 - - [07/Apr/2025:11:51:07 -0400] "GET /wp-content/uploads/index.php HTTP/1.1" 301 0 "-" "Mozilla/5.0 (Linux; Android 7.0; SM-G892A Build/NRD90M; wv) AppleWebKit/537.36 (KHTML, like Gecko) Version/4.0 Chrome/60.0.3112.107 Mobile Safari/537.36"
13.82.181.88 - - [07/Apr/2025:11:51:07 -0400] "GET /wso.php HTTP/1.1" 404 8273 "-" "-"
198.54.114.83 - - [07/Apr/2025:11:51:10 -0400] "POST /wp-cron.php?doing_wp_cron=1744041068.2825438976287841796875 HTTP/1.1" 200 0 "-" "WordPress/6.7.2; https://inversionesgoldie.com"
161.97.113.29 - - [07/Apr/2025:11:51:12 -0400] "GET /XxX.php HTTP/1.1" 404 8273 "-" "Mozilla/5.0 (Linux; Android 7.0; SM-G892A Build/NRD90M; wv) AppleWebKit/537.36 (KHTML, like Gecko) Version/4.0 Chrome/60.0.3112.107 Mobile Safari/537.36"
13.82.181.88 - - [07/Apr/2025:11:51:12 -0400] "GET /wp-content/autoload_classmap.php HTTP/1.1" 404 8273 "-" "-"
13.82.181.88 - - [07/Apr/2025:11:51:15 -0400] "GET /wp-content/1.php HTTP/1.1" 404 8272 "-" "-"
161.97.113.29 - - [07/Apr/2025:11:51:17 -0400] "GET /wp-content/plugins/ubh/index.php HTTP/1.1" 301 0 "-" "Mozilla/5.0 (Linux; Android 7.0; SM-G892A Build/NRD90M; wv) AppleWebKit/537.36 (KHTML, like Gecko) Version/4.0 Chrome/60.0.3112.107 Mobile Safari/537.36"
13.82.181.88 - - [07/Apr/2025:11:51:19 -0400] "GET /configure.php HTTP/1.1" 404 8272 "-" "-"
161.97.113.29 - - [07/Apr/2025:11:51:21 -0400] "GET /wp-content/themes/gaukingo/db.php HTTP/1.1" 404 8272 "-" "Mozilla/5.0 (Linux; Android 7.0; SM-G892A Build/NRD90M; wv) AppleWebKit/537.36 (KHTML, like Gecko) Version/4.0 Chrome/60.0.3112.107 Mobile Safari/537.36"
13.82.181.88 - - [07/Apr/2025:11:51:22 -0400] "GET /wp-content/plugins/seoplugins/db.php HTTP/1.1" 404 8272 "-" "-"
161.97.113.29 - - [07/Apr/2025:11:51:26 -0400] "GET /wp-includes/SimplePie/Content/Type/index.php HTTP/1.1" 301 0 "-" "Mozilla/5.0 (Linux; Android 7.0; SM-G892A Build/NRD90M; wv) AppleWebKit/537.36 (KHTML, like Gecko) Version/4.0 Chrome/60.0.3112.107 Mobile Safari/537.36"
13.82.181.88 - - [07/Apr/2025:11:51:25 -0400] "GET /wp-includes/defaults.php HTTP/1.1" 404 8273 "-" "-"
13.82.181.88 - - [07/Apr/2025:11:51:33 -0400] "GET /wp-includes/certificates/about.php HTTP/1.1" 404 8272 "-" "-"
161.97.113.29 - - [07/Apr/2025:11:51:33 -0400] "GET /backdoor.php HTTP/1.1" 404 8272 "-" "Mozilla/5.0 (Linux; Android 7.0; SM-G892A Build/NRD90M; wv) AppleWebKit/537.36 (KHTML, like Gecko) Version/4.0 Chrome/60.0.3112.107 Mobile Safari/537.36"
13.82.181.88 - - [07/Apr/2025:11:51:36 -0400] "GET /edit-tags.php HTTP/1.1" 404 8273 "-" "-"
161.97.113.29 - - [07/Apr/2025:11:51:39 -0400] "GET /json.php HTTP/1.1" 404 8273 "-" "Mozilla/5.0 (Linux; Android 7.0; SM-G892A Build/NRD90M; wv) AppleWebKit/537.36 (KHTML, like Gecko) Version/4.0 Chrome/60.0.3112.107 Mobile Safari/537.36"
13.82.181.88 - - [07/Apr/2025:11:51:39 -0400] "GET /wp-content/plugins/apikey/mar.php HTTP/1.1" 404 8272 "-" "-"
13.82.181.88 - - [07/Apr/2025:11:51:41 -0400] "GET /wp-includes/IXR/index.php HTTP/1.1" 301 0 "-" "-"
13.82.181.88 - - [07/Apr/2025:11:51:45 -0400] "GET /wp-includes/IXR/ HTTP/1.1" 403 1242 "-" "-"
13.82.181.88 - - [07/Apr/2025:11:51:46 -0400] "GET /wp-includes/PHPMailer/ HTTP/1.1" 403 1242 "-" "-"
13.82.181.88 - - [07/Apr/2025:11:51:49 -0400] "GET /makeasmtp.php/wp-includes/Requests/ HTTP/1.1" 404 8273 "-" "-"
13.82.181.88 - - [07/Apr/2025:11:51:51 -0400] "GET /images/stories/ HTTP/1.1" 404 8272 "-" "-"
13.82.181.88 - - [07/Apr/2025:11:51:54 -0400] "GET /wp-admin/css/index.php HTTP/1.1" 301 0 "-" "-"
161.97.113.29 - - [07/Apr/2025:11:51:53 -0400] "GET /wp-includes/rest-api/about.php HTTP/1.1" 404 8272 "-" "Mozilla/5.0 (Linux; Android 7.0; SM-G892A Build/NRD90M; wv) AppleWebKit/537.36 (KHTML, like Gecko) Version/4.0 Chrome/60.0.3112.107 Mobile Safari/537.36"
13.82.181.88 - - [07/Apr/2025:11:51:56 -0400] "GET /wp-admin/css/ HTTP/1.1" 403 1242 "-" "-"
13.82.181.88 - - [07/Apr/2025:11:51:58 -0400] "GET /wp-content/upgrade/wp-login.php HTTP/1.1" 404 8273 "-" "-"
161.97.113.29 - - [07/Apr/2025:11:51:59 -0400] "GET /wp-content/plugins/about.php HTTP/1.1" 404 8273 "-" "Mozilla/5.0 (Linux; Android 7.0; SM-G892A Build/NRD90M; wv) AppleWebKit/537.36 (KHTML, like Gecko) Version/4.0 Chrome/60.0.3112.107 Mobile Safari/537.36"
13.82.181.88 - - [07/Apr/2025:11:52:02 -0400] "GET /libraries/phpmailer/ HTTP/1.1" 404 8273 "-" "-"
13.82.181.88 - - [07/Apr/2025:11:52:06 -0400] "GET /wp-content/updates.php HTTP/1.1" 404 8273 "-" "-"
13.82.181.88 - - [07/Apr/2025:11:52:07 -0400] "GET /change_password.php HTTP/1.1" 404 8273 "-" "-"
198.54.114.83 - - [07/Apr/2025:11:52:10 -0400] "POST /wp-cron.php?doing_wp_cron=1744041128.5099010467529296875000 HTTP/1.1" 200 0 "-" "WordPress/6.7.2; https://inversionesgoldie.com"
13.82.181.88 - - [07/Apr/2025:11:52:13 -0400] "GET /wp-admin/images/profile.php HTTP/1.1" 404 8272 "-" "-"
161.97.113.29 - - [07/Apr/2025:11:52:13 -0400] "GET /wp-content/languages/index.php HTTP/1.1" 301 0 "-" "Mozilla/5.0 (Linux; Android 7.0; SM-G892A Build/NRD90M; wv) AppleWebKit/537.36 (KHTML, like Gecko) Version/4.0 Chrome/60.0.3112.107 Mobile Safari/537.36"
13.82.181.88 - - [07/Apr/2025:11:52:16 -0400] "GET /wp-includes/js/codemirror/ HTTP/1.1" 403 1242 "-" "-"
13.82.181.88 - - [07/Apr/2025:11:52:18 -0400] "GET /wp-content/uploads/2023/03/z.php HTTP/1.1" 404 8273 "-" "-"
13.82.181.88 - - [07/Apr/2025:11:52:22 -0400] "GET /hehehehe.php HTTP/1.1" 404 8272 "-" "-"
13.82.181.88 - - [07/Apr/2025:11:52:25 -0400] "GET /wp-content/plugins/seooyanz/ HTTP/1.1" 404 8273 "-" "-"
161.97.113.29 - - [07/Apr/2025:11:52:27 -0400] "GET /wp-includes/IXR/themes.php HTTP/1.1" 404 8273 "-" "Mozilla/5.0 (Linux; Android 7.0; SM-G892A Build/NRD90M; wv) AppleWebKit/537.36 (KHTML, like Gecko) Version/4.0 Chrome/60.0.3112.107 Mobile Safari/537.36"
13.82.181.88 - - [07/Apr/2025:11:52:29 -0400] "GET /wp-content/plugins/dazmhjz/ HTTP/1.1" 404 8273 "-" "-"
161.97.113.29 - - [07/Apr/2025:11:52:31 -0400] "GET /wp-content/plugins/wp-file-upload/ROOBOTS.php HTTP/1.1" 404 8272 "-" "Mozilla/5.0 (Linux; Android 7.0; SM-G892A Build/NRD90M; wv) AppleWebKit/537.36 (KHTML, like Gecko) Version/4.0 Chrome/60.0.3112.107 Mobile Safari/537.36"
13.82.181.88 - - [07/Apr/2025:11:52:33 -0400] "GET /wp-includes/blocks/heading/ HTTP/1.1" 403 1242 "-" "-"
13.82.181.88 - - [07/Apr/2025:11:52:36 -0400] "GET /wp-includes/Requests/src/Auth/ HTTP/1.1" 403 1242 "-" "-"
161.97.113.29 - - [07/Apr/2025:11:52:37 -0400] "GET /wp-content/plugins/press/wp-class.php HTTP/1.1" 404 8273 "-" "Mozilla/5.0 (Linux; Android 7.0; SM-G892A Build/NRD90M; wv) AppleWebKit/537.36 (KHTML, like Gecko) Version/4.0 Chrome/60.0.3112.107 Mobile Safari/537.36"
13.82.181.88 - - [07/Apr/2025:11:52:37 -0400] "GET /wp-content/plugins/fancybox-for-wordpress/fancybox/termark/ HTTP/1.1" 404 8273 "-" "-"
13.82.181.88 - - [07/Apr/2025:11:52:43 -0400] "GET /wp-admin/includes/sx.php HTTP/1.1" 404 8273 "-" "-"
13.82.181.88 - - [07/Apr/2025:11:52:47 -0400] "GET /chtmlfuns.php HTTP/1.1" 404 8273 "-" "-"
13.82.181.88 - - [07/Apr/2025:11:52:50 -0400] "GET /wp-content/themes/autoload_classmap.php HTTP/1.1" 404 8272 "-" "-"
13.82.181.88 - - [07/Apr/2025:11:52:53 -0400] "GET /wp-includes/js/jcrop/Jcrop.php HTTP/1.1" 404 8273 "-" "-"
161.97.113.29 - - [07/Apr/2025:11:52:55 -0400] "GET /epinyins.php HTTP/1.1" 404 8272 "-" "Mozilla/5.0 (Linux; Android 7.0; SM-G892A Build/NRD90M; wv) AppleWebKit/537.36 (KHTML, like Gecko) Version/4.0 Chrome/60.0.3112.107 Mobile Safari/537.36"
13.82.181.88 - - [07/Apr/2025:11:52:55 -0400] "GET /wp-includes/pomo/ HTTP/1.1" 403 1242 "-" "-"
13.82.181.88 - - [07/Apr/2025:11:52:57 -0400] "GET /wp-content/plugins/qufeaoy/ HTTP/1.1" 404 8273 "-" "-"
13.82.181.88 - - [07/Apr/2025:11:52:59 -0400] "GET /wp-content/themes/twenty/twenty.php HTTP/1.1" 404 8273 "-" "-"
13.82.181.88 - - [07/Apr/2025:11:53:03 -0400] "GET /wp-content/themes/newstoday/ HTTP/1.1" 404 8273 "-" "-"
13.82.181.88 - - [07/Apr/2025:11:53:04 -0400] "GET /wp-content/blogs.dir/about.php HTTP/1.1" 404 8274 "-" "-"
161.97.113.29 - - [07/Apr/2025:11:53:05 -0400] "GET /wp-includes/css/modules.php HTTP/1.1" 404 8274 "-" "Mozilla/5.0 (Linux; Android 7.0; SM-G892A Build/NRD90M; wv) AppleWebKit/537.36 (KHTML, like Gecko) Version/4.0 Chrome/60.0.3112.107 Mobile Safari/537.36"
13.82.181.88 - - [07/Apr/2025:11:53:07 -0400] "GET /.well-known/acme-challenge/xmrlpc.php HTTP/1.1" 404 8272 "-" "-"
13.82.181.88 - - [07/Apr/2025:11:53:09 -0400] "GET /.well-known/pki-validation/fond.php HTTP/1.1" 404 1251 "-" "-"
161.97.113.29 - - [07/Apr/2025:11:53:09 -0400] "GET /wp-header.php HTTP/1.1" 404 8274 "-" "Mozilla/5.0 (Linux; Android 7.0; SM-G892A Build/NRD90M; wv) AppleWebKit/537.36 (KHTML, like Gecko) Version/4.0 Chrome/60.0.3112.107 Mobile Safari/537.36"
13.82.181.88 - - [07/Apr/2025:11:53:10 -0400] "GET /wp-includes/bmccxior.php HTTP/1.1" 404 8272 "-" "-"
198.54.114.83 - - [07/Apr/2025:11:53:11 -0400] "POST /wp-cron.php?doing_wp_cron=1744041190.4574639797210693359375 HTTP/1.1" 200 0 "-" "WordPress/6.7.2; https://inversionesgoldie.com"
161.97.113.29 - - [07/Apr/2025:11:53:12 -0400] "GET /wp-content/languages/about.php HTTP/1.1" 404 8273 "-" "Mozilla/5.0 (Linux; Android 7.0; SM-G892A Build/NRD90M; wv) AppleWebKit/537.36 (KHTML, like Gecko) Version/4.0 Chrome/60.0.3112.107 Mobile Safari/537.36"
13.82.181.88 - - [07/Apr/2025:11:53:12 -0400] "GET /user.php HTTP/1.1" 404 8272 "-" "-"
13.82.181.88 - - [07/Apr/2025:11:53:14 -0400] "GET /wp-includes/images/smaxx.php HTTP/1.1" 404 8274 "-" "-"
13.82.181.88 - - [07/Apr/2025:11:53:17 -0400] "GET /wp-includes/js/crop/crop.php HTTP/1.1" 404 8273 "-" "-"
13.82.181.88 - - [07/Apr/2025:11:53:18 -0400] "GET /chosen HTTP/1.1" 404 8273 "-" "-"
161.97.113.29 - - [07/Apr/2025:11:53:19 -0400] "GET /shell20211028.php HTTP/1.1" 404 8273 "-" "Mozilla/5.0 (Linux; Android 7.0; SM-G892A Build/NRD90M; wv) AppleWebKit/537.36 (KHTML, like Gecko) Version/4.0 Chrome/60.0.3112.107 Mobile Safari/537.36"
13.82.181.88 - - [07/Apr/2025:11:53:21 -0400] "GET /radio.php HTTP/1.1" 404 8272 "-" "-"
13.82.181.88 - - [07/Apr/2025:11:53:23 -0400] "GET /wxo.php HTTP/1.1" 404 8273 "-" "-"
13.82.181.88 - - [07/Apr/2025:11:53:26 -0400] "GET /welcome.php HTTP/1.1" 404 8273 "-" "-"
13.82.181.88 - - [07/Apr/2025:11:53:29 -0400] "GET /olux.php HTTP/1.1" 404 8272 "-" "-"
161.97.113.29 - - [07/Apr/2025:11:53:29 -0400] "GET /index/function.php HTTP/1.1" 404 8273 "-" "Mozilla/5.0 (Linux; Android 7.0; SM-G892A Build/NRD90M; wv) AppleWebKit/537.36 (KHTML, like Gecko) Version/4.0 Chrome/60.0.3112.107 Mobile Safari/537.36"
13.82.181.88 - - [07/Apr/2025:11:53:31 -0400] "GET /wp-includes/sodium_compat/namespaced/Core/Curve25519/Ge/ HTTP/1.1" 403 1242 "-" "-"
13.82.181.88 - - [07/Apr/2025:11:53:33 -0400] "GET /wp-admin/css/colors/ocean/ HTTP/1.1" 403 1242 "-" "-"
13.82.181.88 - - [07/Apr/2025:11:53:35 -0400] "GET /wp-includes/css/core.php HTTP/1.1" 404 8274 "-" "-"
161.97.113.29 - - [07/Apr/2025:11:53:35 -0400] "GET /ioxi002.PhP7 HTTP/1.1" 404 8274 "-" "Mozilla/5.0 (Linux; Android 7.0; SM-G892A Build/NRD90M; wv) AppleWebKit/537.36 (KHTML, like Gecko) Version/4.0 Chrome/60.0.3112.107 Mobile Safari/537.36"
13.82.181.88 - - [07/Apr/2025:11:53:38 -0400] "GET /wp-admin/css/colors/blue/ HTTP/1.1" 403 1242 "-" "-"
13.82.181.88 - - [07/Apr/2025:11:53:40 -0400] "GET /wp-content/plugins/akbifoe/ HTTP/1.1" 404 8273 "-" "-"
161.97.113.29 - - [07/Apr/2025:11:53:42 -0400] "GET /wp-content/plugins/sid/sidwso.php HTTP/1.1" 404 8272 "-" "Mozilla/5.0 (Linux; Android 7.0; SM-G892A Build/NRD90M; wv) AppleWebKit/537.36 (KHTML, like Gecko) Version/4.0 Chrome/60.0.3112.107 Mobile Safari/537.36"
13.82.181.88 - - [07/Apr/2025:11:53:41 -0400] "GET /project/plugins/bootstrap-rtl/css/ HTTP/1.1" 404 8272 "-" "-"
13.82.181.88 - - [07/Apr/2025:11:53:44 -0400] "GET /cgi-bin/admin.php HTTP/1.1" 404 8273 "-" "-"
13.82.181.88 - - [07/Apr/2025:11:53:45 -0400] "GET /users.php HTTP/1.1" 404 8273 "-" "-"
161.97.113.29 - - [07/Apr/2025:11:53:45 -0400] "GET /404.php HTTP/1.1" 404 8273 "-" "Mozilla/5.0 (Linux; Android 7.0; SM-G892A Build/NRD90M; wv) AppleWebKit/537.36 (KHTML, like Gecko) Version/4.0 Chrome/60.0.3112.107 Mobile Safari/537.36"
13.82.181.88 - - [07/Apr/2025:11:53:47 -0400] "GET /wp-content/upgrade/edit-links.php HTTP/1.1" 404 8273 "-" "-"
13.82.181.88 - - [07/Apr/2025:11:53:49 -0400] "GET /themes/zMousse/otuz1.php HTTP/1.1" 404 8273 "-" "-"
13.82.181.88 - - [07/Apr/2025:11:53:52 -0400] "GET /wp-tinymce.php HTTP/1.1" 404 8272 "-" "-"
13.82.181.88 - - [07/Apr/2025:11:53:53 -0400] "GET /cgi-bin/wp-signup.php HTTP/1.1" 404 8273 "-" "-"
13.82.181.88 - - [07/Apr/2025:11:53:55 -0400] "GET /wp-includes/js/jcrop/sx.php HTTP/1.1" 404 8274 "-" "-"
13.82.181.88 - - [07/Apr/2025:11:53:57 -0400] "GET /404.php HTTP/1.1" 404 8273 "-" "-"
13.82.181.88 - - [07/Apr/2025:11:53:57 -0400] "GET /lv.php7 HTTP/1.1" 404 8273 "-" "-"
161.97.113.29 - - [07/Apr/2025:11:54:01 -0400] "GET /wp-content/themes/twenty/twenty.php HTTP/1.1" 404 8273 "-" "Mozilla/5.0 (Linux; Android 7.0; SM-G892A Build/NRD90M; wv) AppleWebKit/537.36 (KHTML, like Gecko) Version/4.0 Chrome/60.0.3112.107 Mobile Safari/537.36"
13.82.181.88 - - [07/Apr/2025:11:54:01 -0400] "GET /ebs.php7 HTTP/1.1" 404 8272 "-" "-"
13.82.181.88 - - [07/Apr/2025:11:54:04 -0400] "GET /.well-known/pki-validation/ibkejxnu.php HTTP/1.1" 404 1251 "-" "-"
13.82.181.88 - - [07/Apr/2025:11:54:05 -0400] "GET /wp-content/themes/seotheme/mar.php HTTP/1.1" 404 8273 "-" "-"
161.97.113.29 - - [07/Apr/2025:11:54:07 -0400] "GET /wp-content/plugins/w0rdpr3ssnew/wp-login.php HTTP/1.1" 404 8273 "-" "Mozilla/5.0 (Linux; Android 7.0; SM-G892A Build/NRD90M; wv) AppleWebKit/537.36 (KHTML, like Gecko) Version/4.0 Chrome/60.0.3112.107 Mobile Safari/537.36"
13.82.181.88 - - [07/Apr/2025:11:54:08 -0400] "GET /wp-sigunq.php HTTP/1.1" 404 8273 "-" "-"
13.82.181.88 - - [07/Apr/2025:11:54:09 -0400] "GET /migrate.php HTTP/1.1" 404 8272 "-" "-"
13.82.181.88 - - [07/Apr/2025:11:54:12 -0400] "GET /test/essexec.php HTTP/1.1" 404 8273 "-" "-"
198.54.114.83 - - [07/Apr/2025:11:54:13 -0400] "POST /wp-cron.php?doing_wp_cron=1744041252.0595269203186035156250 HTTP/1.1" 200 0 "-" "WordPress/6.7.2; https://inversionesgoldie.com"
161.97.113.29 - - [07/Apr/2025:11:54:11 -0400] "GET /sad/about.php HTTP/1.1" 404 8272 "-" "Mozilla/5.0 (Linux; Android 7.0; SM-G892A Build/NRD90M; wv) AppleWebKit/537.36 (KHTML, like Gecko) Version/4.0 Chrome/60.0.3112.107 Mobile Safari/537.36"
13.82.181.88 - - [07/Apr/2025:11:54:15 -0400] "GET /plugins/background-image-cropper/ HTTP/1.1" 404 8272 "-" "-"
13.82.181.88 - - [07/Apr/2025:11:54:18 -0400] "GET /wp-content/uploads/2023/ HTTP/1.1" 403 1242 "-" "-"
13.82.181.88 - - [07/Apr/2025:11:54:20 -0400] "GET /wp-content/plugins/wp-help/ HTTP/1.1" 404 8273 "-" "-"
13.82.181.88 - - [07/Apr/2025:11:54:24 -0400] "GET /wp-includes/blocks/block/ HTTP/1.1" 403 1242 "-" "-"
13.82.181.88 - - [07/Apr/2025:11:54:26 -0400] "GET /author.php HTTP/1.1" 404 8273 "-" "-"
13.82.181.88 - - [07/Apr/2025:11:54:28 -0400] "GET /wp-admin/user/xmrlpc.php HTTP/1.1" 404 8272 "-" "-"
13.82.181.88 - - [07/Apr/2025:11:54:34 -0400] "GET /link.php HTTP/1.1" 404 8273 "-" "-"
13.82.181.88 - - [07/Apr/2025:11:54:37 -0400] "GET /notifications.php HTTP/1.1" 404 8273 "-" "-"
13.82.181.88 - - [07/Apr/2025:11:54:40 -0400] "GET /suu.php HTTP/1.1" 404 8273 "-" "-"
13.82.181.88 - - [07/Apr/2025:11:54:43 -0400] "GET /wp-content/uploads/about.php HTTP/1.1" 404 8271 "-" "-"
13.82.181.88 - - [07/Apr/2025:11:54:45 -0400] "GET /wp-admin/images/wp-load.php HTTP/1.1" 404 8273 "-" "-"
13.82.181.88 - - [07/Apr/2025:11:54:49 -0400] "GET /priv8.php HTTP/1.1" 404 8273 "-" "-"
13.82.181.88 - - [07/Apr/2025:11:54:51 -0400] "GET /wp-content/plugins/erinyani/yani/ HTTP/1.1" 404 8272 "-" "-"
13.82.181.88 - - [07/Apr/2025:11:54:54 -0400] "GET /wp-includes/Requests/Utility/ HTTP/1.1" 404 8271 "-" "-"
13.82.181.88 - - [07/Apr/2025:11:54:56 -0400] "GET /wp-includes/Text/about.php HTTP/1.1" 404 8273 "-" "-"
13.82.181.88 - - [07/Apr/2025:11:54:59 -0400] "GET /wp-content/plugins/core-plugin/smaxx.php HTTP/1.1" 404 8273 "-" "-"
13.82.181.88 - - [07/Apr/2025:11:55:03 -0400] "GET /.well-known/pki-validation/shell.php HTTP/1.1" 404 1251 "-" "-"
13.82.181.88 - - [07/Apr/2025:11:55:06 -0400] "GET /wp-includes/style-engine/autoload_classmap.php HTTP/1.1" 404 8272 "-" "-"
13.82.181.88 - - [07/Apr/2025:11:55:10 -0400] "GET /wp-includes/widgets/about.php HTTP/1.1" 404 8272 "-" "-"
13.82.181.88 - - [07/Apr/2025:11:55:14 -0400] "GET /assets/css/403.php HTTP/1.1" 404 8272 "-" "-"
198.54.114.83 - - [07/Apr/2025:11:55:16 -0400] "POST /wp-cron.php?doing_wp_cron=1744041314.3555130958557128906250 HTTP/1.1" 200 0 "-" "WordPress/6.7.2; https://inversionesgoldie.com"
13.82.181.88 - - [07/Apr/2025:11:55:18 -0400] "GET /wp-includes/blocks/latest-comments/ HTTP/1.1" 403 1242 "-" "-"
13.82.181.88 - - [07/Apr/2025:11:55:20 -0400] "GET /wp-content/plugins/lsxvhpg/ HTTP/1.1" 404 8273 "-" "-"
13.82.181.88 - - [07/Apr/2025:11:55:25 -0400] "GET /pki-validation/ HTTP/1.1" 404 8273 "-" "-"
13.82.181.88 - - [07/Apr/2025:11:55:28 -0400] "GET /wp-content/plugins/idjnpjx/ HTTP/1.1" 404 8273 "-" "-"
13.82.181.88 - - [07/Apr/2025:11:55:32 -0400] "GET /wp-admin/css/admin.php HTTP/1.1" 404 8272 "-" "-"
13.82.181.88 - - [07/Apr/2025:11:55:34 -0400] "GET /ioxi001.PhP7 HTTP/1.1" 404 8274 "-" "-"
13.82.181.88 - - [07/Apr/2025:11:55:38 -0400] "GET /wp-content/plugins/yfsmxkj/ HTTP/1.1" 404 8273 "-" "-"
13.82.181.88 - - [07/Apr/2025:11:55:41 -0400] "GET /wp-admin/includes/users.php HTTP/1.1" 404 8272 "-" "-"
13.82.181.88 - - [07/Apr/2025:11:55:43 -0400] "GET /.well-known/pki-validation/lang-load-role.php HTTP/1.1" 404 1251 "-" "-"
13.82.181.88 - - [07/Apr/2025:11:55:43 -0400] "GET /geju.php HTTP/1.1" 404 8273 "-" "-"
13.82.181.88 - - [07/Apr/2025:11:55:48 -0400] "GET /about.php525 HTTP/1.1" 404 8273 "-" "-"
13.82.181.88 - - [07/Apr/2025:11:55:50 -0400] "GET /wp-includes/sodium_compat/src/ HTTP/1.1" 403 1242 "-" "-"
13.82.181.88 - - [07/Apr/2025:11:55:50 -0400] "GET /wp-content/themes/h47vbpo2/ HTTP/1.1" 404 8271 "-" "-"
13.82.181.88 - - [07/Apr/2025:11:55:55 -0400] "GET /wp-content/plugins/erin/ HTTP/1.1" 404 8271 "-" "-"
13.82.181.88 - - [07/Apr/2025:11:55:58 -0400] "GET /wp-links.php/wp-content/plugins/wp-content/uploads/wp_live_chat/ HTTP/1.1" 404 8272 "-" "-"
13.82.181.88 - - [07/Apr/2025:11:56:02 -0400] "GET /wp-includes/Text/Diff/Engine.php HTTP/1.1" 404 8272 "-" "-"
13.82.181.88 - - [07/Apr/2025:11:56:04 -0400] "GET /assets/libs/filemanager/ HTTP/1.1" 404 8274 "-" "-"
13.82.181.88 - - [07/Apr/2025:11:56:08 -0400] "GET /aa.php HTTP/1.1" 404 8273 "-" "-"
13.82.181.88 - - [07/Apr/2025:11:56:11 -0400] "GET /wp-includes/autoload_classmap.php HTTP/1.1" 404 8272 "-" "-"
13.82.181.88 - - [07/Apr/2025:11:56:13 -0400] "GET /wp-content/plugins/pxkxbea/ HTTP/1.1" 404 8272 "-" "-"
198.54.114.83 - - [07/Apr/2025:11:56:18 -0400] "POST /wp-cron.php?doing_wp_cron=1744041377.4026560783386230468750 HTTP/1.1" 200 0 "-" "WordPress/6.7.2; https://inversionesgoldie.com"
13.82.181.88 - - [07/Apr/2025:11:56:17 -0400] "GET /xmrlpc.php HTTP/1.1" 404 8273 "-" "-"
13.82.181.88 - - [07/Apr/2025:11:56:20 -0400] "GET /filter.php HTTP/1.1" 404 8273 "-" "-"
13.82.181.88 - - [07/Apr/2025:11:56:24 -0400] "GET /wp-admin/images/thumbs.php HTTP/1.1" 404 8273 "-" "-"
13.82.181.88 - - [07/Apr/2025:11:56:26 -0400] "GET /yanz.php/wp-admin/user/ HTTP/1.1" 404 8273 "-" "-"
13.82.181.88 - - [07/Apr/2025:11:56:28 -0400] "GET /wp-includes/Requests/library/ HTTP/1.1" 403 1242 "-" "-"
13.82.181.88 - - [07/Apr/2025:11:56:30 -0400] "GET /wp-content/uploads/chosen.php HTTP/1.1" 404 8272 "-" "-"
13.82.181.88 - - [07/Apr/2025:11:56:34 -0400] "GET /about.php HTTP/1.1" 404 8273 "-" "-"
13.82.181.88 - - [07/Apr/2025:11:56:35 -0400] "GET /wp-admin/user/cloud.php HTTP/1.1" 404 8273 "-" "-"
13.82.181.88 - - [07/Apr/2025:11:56:40 -0400] "GET /wp-admin/maint/src_api.php HTTP/1.1" 404 8272 "-" "-"
13.82.181.88 - - [07/Apr/2025:11:56:43 -0400] "GET /wp-includes/sodium_compat/ HTTP/1.1" 403 1242 "-" "-"
13.82.181.88 - - [07/Apr/2025:11:56:46 -0400] "GET /wp-includes/ID3/ HTTP/1.1" 403 1242 "-" "-"
13.82.181.88 - - [07/Apr/2025:11:56:49 -0400] "GET /alfanew2.php7 HTTP/1.1" 404 8273 "-" "-"
13.82.181.88 - - [07/Apr/2025:11:56:52 -0400] "GET /.well-known/pki-validation/themes.php HTTP/1.1" 404 1251 "-" "-"
13.82.181.88 - - [07/Apr/2025:11:56:56 -0400] "GET /wp-includes/Text/Diff/Renderer/install.php HTTP/1.1" 404 8271 "-" "-"
13.82.181.88 - - [07/Apr/2025:11:56:59 -0400] "GET /wp-admin/maint/ HTTP/1.1" 403 1242 "-" "-"
13.82.181.88 - - [07/Apr/2025:11:57:03 -0400] "GET /images/resumes/ HTTP/1.1" 404 8273 "-" "-"
13.82.181.88 - - [07/Apr/2025:11:57:08 -0400] "GET /wp-includes/js/tinymce/utils/ HTTP/1.1" 403 1242 "-" "-"
13.82.181.88 - - [07/Apr/2025:11:57:11 -0400] "GET /wp-content/uploads/2023/08/ HTTP/1.1" 403 1242 "-" "-"
13.82.181.88 - - [07/Apr/2025:11:57:15 -0400] "GET /new.php HTTP/1.1" 404 8274 "-" "-"
13.82.181.88 - - [07/Apr/2025:11:57:19 -0400] "GET /wp-content/plugins/Duplicatepost/src/ui/sidwso.php HTTP/1.1" 404 8273 "-" "-"
198.54.114.83 - - [07/Apr/2025:11:57:24 -0400] "POST /wp-cron.php?doing_wp_cron=1744041439.8019180297851562500000 HTTP/1.1" 200 0 "-" "WordPress/6.7.2; https://inversionesgoldie.com"
13.82.181.88 - - [07/Apr/2025:11:57:26 -0400] "GET /wp-includes/rest-api/ HTTP/1.1" 403 1242 "-" "-"
13.82.181.88 - - [07/Apr/2025:11:57:29 -0400] "GET /wp-includes/html-api/ HTTP/1.1" 403 1242 "-" "-"
13.82.181.88 - - [07/Apr/2025:11:57:31 -0400] "GET /wp-content/plugins/sfdfryt/ HTTP/1.1" 404 8272 "-" "-"
13.82.181.88 - - [07/Apr/2025:11:57:35 -0400] "GET /edit-comments.php HTTP/1.1" 404 8273 "-" "-"
13.82.181.88 - - [07/Apr/2025:11:57:40 -0400] "GET /wp-content/upgrade/ HTTP/1.1" 403 1242 "-" "-"
13.82.181.88 - - [07/Apr/2025:11:57:43 -0400] "GET /about.php?dir=/home/tvfuazjx/ HTTP/1.1" 404 8273 "-" "-"
13.82.181.88 - - [07/Apr/2025:11:57:46 -0400] "GET /wp-content/plugins/vheezid/ HTTP/1.1" 404 8273 "-" "-"
13.82.181.88 - - [07/Apr/2025:11:57:48 -0400] "GET /gawean.PhP7 HTTP/1.1" 404 8273 "-" "-"
13.82.181.88 - - [07/Apr/2025:11:57:52 -0400] "GET /wp-admin/user/ HTTP/1.1" 302 0 "-" "-"
13.82.181.88 - - [07/Apr/2025:11:58:03 -0400] "GET /wp-includes/Requests/library/don.php HTTP/1.1" 404 8273 "-" "-"
13.82.181.88 - - [07/Apr/2025:11:58:07 -0400] "GET /wp-includes/ID3/sx.php HTTP/1.1" 404 8272 "-" "-"
13.82.181.88 - - [07/Apr/2025:11:58:10 -0400] "GET /init.php HTTP/1.1" 404 8273 "-" "-"
13.82.181.88 - - [07/Apr/2025:11:58:13 -0400] "GET /wp-admin/plugins/setup HTTP/1.1" 404 8273 "-" "-"
13.82.181.88 - - [07/Apr/2025:11:58:17 -0400] "GET /wp-content/user/ HTTP/1.1" 404 8273 "-" "-"
13.82.181.88 - - [07/Apr/2025:11:58:21 -0400] "GET /wp-admin/css/sx.php HTTP/1.1" 404 8273 "-" "-"
198.54.114.83 - - [07/Apr/2025:11:58:24 -0400] "POST /wp-cron.php?doing_wp_cron=1744041501.7054500579833984375000 HTTP/1.1" 200 0 "-" "WordPress/6.7.2; https://inversionesgoldie.com"
13.82.181.88 - - [07/Apr/2025:11:58:27 -0400] "GET /options.php HTTP/1.1" 404 8273 "-" "-"
13.82.181.88 - - [07/Apr/2025:11:58:30 -0400] "GET /.well-known/index.php HTTP/1.1" 301 0 "-" "-"
13.82.181.88 - - [07/Apr/2025:11:58:34 -0400] "GET /.well-known/ HTTP/1.1" 404 8274 "-" "-"
13.82.181.88 - - [07/Apr/2025:11:58:37 -0400] "GET /download.php HTTP/1.1" 404 8273 "-" "-"
13.82.181.88 - - [07/Apr/2025:11:58:41 -0400] "GET /1.php7 HTTP/1.1" 404 8272 "-" "-"
13.82.181.88 - - [07/Apr/2025:11:58:44 -0400] "GET /up.php HTTP/1.1" 404 8274 "-" "-"
13.82.181.88 - - [07/Apr/2025:11:58:47 -0400] "GET /query.php HTTP/1.1" 404 8273 "-" "-"
13.82.181.88 - - [07/Apr/2025:11:58:51 -0400] "GET /cgi-bin/cloud.php HTTP/1.1" 404 8272 "-" "-"
13.82.181.88 - - [07/Apr/2025:11:58:56 -0400] "GET /css/admin.php HTTP/1.1" 404 8273 "-" "-"
13.82.181.88 - - [07/Apr/2025:11:59:00 -0400] "GET /forum.php HTTP/1.1" 404 8274 "-" "-"
13.82.181.88 - - [07/Apr/2025:11:59:02 -0400] "GET /wp-content/uploads/setup HTTP/1.1" 404 8273 "-" "-"
13.82.181.88 - - [07/Apr/2025:11:59:06 -0400] "GET /classwithtostring.php/rbzccnnp.php/ HTTP/1.1" 404 8273 "-" "-"
13.82.181.88 - - [07/Apr/2025:11:59:08 -0400] "GET /.well-known/admin.php HTTP/1.1" 404 8273 "-" "-"
13.82.181.88 - - [07/Apr/2025:11:59:10 -0400] "GET /restore.php HTTP/1.1" 404 8272 "-" "-"
13.82.181.88 - - [07/Apr/2025:11:59:12 -0400] "GET /wp-includes/fonts/plugins.php HTTP/1.1" 404 8273 "-" "-"
13.82.181.88 - - [07/Apr/2025:11:59:16 -0400] "GET /wp-content/plugins/linkpreview/db.php HTTP/1.1" 404 8273 "-" "-"
13.82.181.88 - - [07/Apr/2025:11:59:18 -0400] "GET /wp-content/themes/twentytwentytwo/inc/patterns/ HTTP/1.1" 404 8273 "-" "-"
13.82.181.88 - - [07/Apr/2025:11:59:22 -0400] "GET /css.php HTTP/1.1" 404 8273 "-" "-"
198.54.114.83 - - [07/Apr/2025:11:59:24 -0400] "POST /wp-cron.php?doing_wp_cron=1744041562.9458489418029785156250 HTTP/1.1" 200 0 "-" "WordPress/6.7.2; https://inversionesgoldie.com"
13.82.181.88 - - [07/Apr/2025:11:59:25 -0400] "GET /wp-admin/css/colors/admin.php HTTP/1.1" 404 8273 "-" "-"
13.82.181.88 - - [07/Apr/2025:11:59:29 -0400] "GET /wp-content/uploads/autoload_classmap.php HTTP/1.1" 404 8273 "-" "-"
13.82.181.88 - - [07/Apr/2025:11:59:31 -0400] "GET /randkeyword.php HTTP/1.1" 404 8272 "-" "-"
13.82.181.88 - - [07/Apr/2025:11:59:35 -0400] "GET /test.php7 HTTP/1.1" 404 8274 "-" "-"
13.82.181.88 - - [07/Apr/2025:11:59:37 -0400] "GET /wp-content/plugins/wordfence/js/ HTTP/1.1" 404 8273 "-" "-"
13.82.181.88 - - [07/Apr/2025:11:59:40 -0400] "GET /wp-content/uploads/wpr-addons/forms/RxRzhwix.php HTTP/1.1" 404 8272 "-" "-"
13.82.181.88 - - [07/Apr/2025:11:59:43 -0400] "GET /.well-known/themes HTTP/1.1" 404 8273 "-" "-"
13.82.181.88 - - [07/Apr/2025:11:59:46 -0400] "GET /wordpress/wp-content/plugins/sdxxcfgt/ HTTP/1.1" 404 8273 "-" "-"
13.82.181.88 - - [07/Apr/2025:11:59:50 -0400] "GET /wp-content/uploads/json.php HTTP/1.1" 404 8272 "-" "-"
13.82.181.88 - - [07/Apr/2025:11:59:53 -0400] "GET /.well-known/pki-validation/worksec.php HTTP/1.1" 404 1251 "-" "-"
13.82.181.88 - - [07/Apr/2025:11:59:56 -0400] "GET /index/function.php HTTP/1.1" 404 8273 "-" "-"
13.82.181.88 - - [07/Apr/2025:11:59:59 -0400] "GET /tutorial.php HTTP/1.1" 404 8272 "-" "-"
13.82.181.88 - - [07/Apr/2025:12:00:03 -0400] "GET /wp-content/plugins2/loco-translate/tpl/debug/ HTTP/1.1" 404 8272 "-" "-"
13.82.181.88 - - [07/Apr/2025:12:00:09 -0400] "GET /0z.php HTTP/1.1" 404 8272 "-" "-"
13.82.181.88 - - [07/Apr/2025:12:00:15 -0400] "GET /wsa.php HTTP/1.1" 404 8272 "-" "-"
13.82.181.88 - - [07/Apr/2025:12:00:19 -0400] "GET /back.php HTTP/1.1" 404 8272 "-" "-"
13.82.181.88 - - [07/Apr/2025:12:00:25 -0400] "GET /wp-content/themes/seotheme/ HTTP/1.1" 404 8272 "-" "-"
198.54.114.83 - - [07/Apr/2025:12:00:28 -0400] "POST /wp-cron.php?doing_wp_cron=1744041625.2475430965423583984375 HTTP/1.1" 200 0 "-" "WordPress/6.7.2; https://inversionesgoldie.com"
13.82.181.88 - - [07/Apr/2025:12:00:29 -0400] "GET /wp-admin/js/about.php HTTP/1.1" 404 8272 "-" "-"
13.82.181.88 - - [07/Apr/2025:12:00:32 -0400] "GET /wp-includes/ID3/berlin.php HTTP/1.1" 404 8272 "-" "-"
13.82.181.88 - - [07/Apr/2025:12:00:36 -0400] "GET /logs.php HTTP/1.1" 404 8272 "-" "-"
13.82.181.88 - - [07/Apr/2025:12:00:40 -0400] "GET /wp-content/themes/twentyseventeen/page/ HTTP/1.1" 404 8272 "-" "-"
13.82.181.88 - - [07/Apr/2025:12:00:43 -0400] "GET /wp-admin/css/colors/midnight/admin.php HTTP/1.1" 404 8272 "-" "-"
123.207.198.35 - - [07/Apr/2025:12:00:46 -0400] "GET / HTTP/1.1" 200 0 "-" "Mozilla/5.0 (Linux; Android 10; LIO-AN00 Build/HUAWEILIO-AN00; wv) MicroMessenger Weixin QQ AppleWebKit/537.36 (KHTML, like Gecko) Version/4.0 Chrome/78.0.3904.62 XWEB/2692 MMWEBSDK/200901 Mobile Safari/537.36"
13.82.181.88 - - [07/Apr/2025:12:00:48 -0400] "GET /.well-known/acme-challenge/moon.php HTTP/1.1" 404 8272 "-" "-"
123.207.198.35 - - [07/Apr/2025:12:00:49 -0400] "GET / HTTP/1.1" 200 98560 "-" "Mozilla/5.0 (Linux; Android 10; LIO-AN00 Build/HUAWEILIO-AN00; wv) MicroMessenger Weixin QQ AppleWebKit/537.36 (KHTML, like Gecko) Version/4.0 Chrome/78.0.3904.62 XWEB/2692 MMWEBSDK/200901 Mobile Safari/537.36"
13.82.181.88 - - [07/Apr/2025:12:00:53 -0400] "GET /wp-includes/css/dist/components/nomox.php.suspected HTTP/1.1" 404 8272 "-" "-"
13.82.181.88 - - [07/Apr/2025:12:00:57 -0400] "GET /wp-includes/amaxx.php HTTP/1.1" 404 8272 "-" "-"
13.82.181.88 - - [07/Apr/2025:12:01:02 -0400] "GET /wp-admin/themes/about HTTP/1.1" 404 8272 "-" "-"
13.82.181.88 - - [07/Apr/2025:12:01:10 -0400] "GET /wp-includes/Requests/Auth/ HTTP/1.1" 404 8272 "-" "-"
13.82.181.88 - - [07/Apr/2025:12:01:13 -0400] "GET /wp-content/plugins/backup-backup/includes/438788106...php HTTP/1.1" 404 8274 "-" "-"
13.82.181.88 - - [07/Apr/2025:12:01:19 -0400] "GET /superadmin.php HTTP/1.1" 404 8272 "-" "-"
13.82.181.88 - - [07/Apr/2025:12:01:24 -0400] "GET /wp-includes/css/dist/edit-site/ HTTP/1.1" 403 1242 "-" "-"
123.207.198.35 - - [07/Apr/2025:12:07:25 -0400] "GET / HTTP/1.1" 200 98560 "-" "Mozilla/5.0 (Linux; Android 10; LIO-AN00 Build/HUAWEILIO-AN00; wv) MicroMessenger Weixin QQ AppleWebKit/537.36 (KHTML, like Gecko) Version/4.0 Chrome/78.0.3904.62 XWEB/2692 MMWEBSDK/200901 Mobile Safari/537.36"
43.165.69.68 - - [07/Apr/2025:12:11:06 -0400] "GET / HTTP/1.1" 200 98560 "-" "Mozilla/5.0 (iPhone; CPU iPhone OS 13_2_3 like Mac OS X) AppleWebKit/605.1.15 (KHTML, like Gecko) Version/13.0.3 Mobile/15E148 Safari/604.1"
216.244.66.243 - - [07/Apr/2025:12:13:48 -0400] "GET /robots.txt HTTP/1.1" 200 132 "-" "Mozilla/5.0 (compatible; DotBot/1.2; +https://opensiteexplorer.org/dotbot; help@moz.com)"
54.254.137.198 - - [07/Apr/2025:12:25:06 -0400] "POST /wp-login.php HTTP/1.1" 302 0 "www.google.com" "Mozilla/5.0 (Windows NT 10.0; Win64; x64)"
198.54.114.83 - - [07/Apr/2025:12:27:50 -0400] "POST /wp-cron.php?doing_wp_cron=1744043268.2271699905395507812500 HTTP/1.1" 200 0 "-" "WordPress/6.7.2; https://inversionesgoldie.com"
172.172.97.174 - - [07/Apr/2025:12:27:42 -0400] "HEAD /wordpress HTTP/1.1" 404 0 "-" "Mozilla/5.0 (Windows NT 10.0; Win64; x64) AppleWebKit/537.36 (KHTML, like Gecko) Chrome/74.0.3729.169 Safari/537.36"
172.172.97.174 - - [07/Apr/2025:12:27:51 -0400] "HEAD / HTTP/1.1" 200 0 "-" "Mozilla/5.0 (Windows NT 10.0; Win64; x64) AppleWebKit/537.36 (KHTML, like Gecko) Chrome/74.0.3729.169 Safari/537.36"
172.172.97.174 - - [07/Apr/2025:12:27:52 -0400] "HEAD /wp HTTP/1.1" 404 0 "-" "Mozilla/5.0 (Windows NT 10.0; Win64; x64) AppleWebKit/537.36 (KHTML, like Gecko) Chrome/74.0.3729.169 Safari/537.36"
172.172.97.174 - - [07/Apr/2025:12:27:54 -0400] "HEAD /bc HTTP/1.1" 404 0 "-" "Mozilla/5.0 (Windows NT 10.0; Win64; x64) AppleWebKit/537.36 (KHTML, like Gecko) Chrome/74.0.3729.169 Safari/537.36"
172.172.97.174 - - [07/Apr/2025:12:27:57 -0400] "HEAD /bk HTTP/1.1" 404 0 "-" "Mozilla/5.0 (Windows NT 10.0; Win64; x64) AppleWebKit/537.36 (KHTML, like Gecko) Chrome/74.0.3729.169 Safari/537.36"
172.172.97.174 - - [07/Apr/2025:12:27:58 -0400] "HEAD /backup HTTP/1.1" 404 0 "-" "Mozilla/5.0 (Windows NT 10.0; Win64; x64) AppleWebKit/537.36 (KHTML, like Gecko) Chrome/74.0.3729.169 Safari/537.36"
172.172.97.174 - - [07/Apr/2025:12:28:00 -0400] "HEAD /old HTTP/1.1" 404 0 "-" "Mozilla/5.0 (Windows NT 10.0; Win64; x64) AppleWebKit/537.36 (KHTML, like Gecko) Chrome/74.0.3729.169 Safari/537.36"
172.172.97.174 - - [07/Apr/2025:12:28:01 -0400] "HEAD /new HTTP/1.1" 301 0 "-" "Mozilla/5.0 (Windows NT 10.0; Win64; x64) AppleWebKit/537.36 (KHTML, like Gecko) Chrome/74.0.3729.169 Safari/537.36"
172.172.97.174 - - [07/Apr/2025:12:28:03 -0400] "HEAD /main HTTP/1.1" 404 0 "-" "Mozilla/5.0 (Windows NT 10.0; Win64; x64) AppleWebKit/537.36 (KHTML, like Gecko) Chrome/74.0.3729.169 Safari/537.36"
172.172.97.174 - - [07/Apr/2025:12:28:05 -0400] "HEAD /home HTTP/1.1" 301 0 "-" "Mozilla/5.0 (Windows NT 10.0; Win64; x64) AppleWebKit/537.36 (KHTML, like Gecko) Chrome/74.0.3729.169 Safari/537.36"
216.244.66.243 - - [07/Apr/2025:12:37:46 -0400] "GET /melbetindia-review/feed/ HTTP/1.1" 200 416 "-" "Mozilla/5.0 (compatible; DotBot/1.2; +https://opensiteexplorer.org/dotbot; help@moz.com)"
128.199.144.107 - - [07/Apr/2025:13:11:39 -0400] "GET /heh.php HTTP/1.1" 404 8272 "www.google.com" "Mozlila/5.0 (Linux; Android 7.0; SM-G892A Bulid/NRD90M; wv) AppleWebKit/537.36 (KHTML, like Gecko) Version/4.0 Chrome/60.0.3112.107 Moblie Safari/537.36"
128.199.144.107 - - [07/Apr/2025:13:11:51 -0400] "GET /wp-content/plugins/view-more/ioxi.php HTTP/1.1" 404 8271 "www.google.com" "Mozlila/5.0 (Linux; Android 7.0; SM-G892A Bulid/NRD90M; wv) AppleWebKit/537.36 (KHTML, like Gecko) Version/4.0 Chrome/60.0.3112.107 Moblie Safari/537.36"
128.199.144.107 - - [07/Apr/2025:13:12:09 -0400] "GET /wp-content/plugins/erinyani/baxa1.php HTTP/1.1" 404 8272 "www.google.com" "Mozlila/5.0 (Linux; Android 7.0; SM-G892A Bulid/NRD90M; wv) AppleWebKit/537.36 (KHTML, like Gecko) Version/4.0 Chrome/60.0.3112.107 Moblie Safari/537.36"
216.244.66.243 - - [07/Apr/2025:13:17:58 -0400] "GET /robots.txt HTTP/1.1" 304 0 "-" "Mozilla/5.0 (compatible; DotBot/1.2; +https://opensiteexplorer.org/dotbot; help@moz.com)"
198.54.114.83 - - [07/Apr/2025:13:43:53 -0400] "POST /wp-cron.php?doing_wp_cron=1744047832.2164399623870849609375 HTTP/1.1" 200 0 "-" "WordPress/6.7.2; https://inversionesgoldie.com"
89.248.172.183 - - [07/Apr/2025:13:43:45 -0400] "GET /wp-content/plugins/security-malware-firewall/readme.txt HTTP/1.1" 200 0 "-" "Mozilla/5.0 (Linux; Android 10; K) AppleWebKit/537.36 (KHTML, like Gecko) Chrome/122.0.0.0 Mobile Safari/537.36"
198.54.114.83 - - [07/Apr/2025:13:47:52 -0400] "POST /wp-cron.php?doing_wp_cron=1744048070.7843220233917236328125 HTTP/1.1" 200 0 "-" "WordPress/6.7.2; https://inversionesgoldie.com"
216.244.66.243 - - [07/Apr/2025:13:47:46 -0400] "GET /da-nang-emperor-tour/feed/ HTTP/1.1" 200 453 "-" "Mozilla/5.0 (compatible; DotBot/1.2; +https://opensiteexplorer.org/dotbot; help@moz.com)"
216.244.66.243 - - [07/Apr/2025:13:48:26 -0400] "GET /peptides-for-the-skin/feed/ HTTP/1.1" 200 423 "-" "Mozilla/5.0 (compatible; DotBot/1.2; +https://opensiteexplorer.org/dotbot; help@moz.com)"
82.165.125.50 - - [07/Apr/2025:13:48:35 -0400] "GET / HTTP/1.1" 200 98560 "-" "python-requests/2.27.1"
216.244.66.243 - - [07/Apr/2025:13:49:03 -0400] "GET /how-to-see-recently-viewed-posts-on-instagram/feed/ HTTP/1.1" 200 449 "-" "Mozilla/5.0 (compatible; DotBot/1.2; +https://opensiteexplorer.org/dotbot; help@moz.com)"
198.54.114.83 - - [07/Apr/2025:13:49:06 -0400] "POST /wp-cron.php?doing_wp_cron=1744048143.7029130458831787109375 HTTP/1.1" 200 0 "-" "WordPress/6.7.2; https://inversionesgoldie.com"
91.201.113.132 - - [07/Apr/2025:13:56:15 -0400] "GET /what-is-an-air-cooler/ HTTP/1.1" 200 12205 "http://inversionesgoldie.com/what-is-an-air-cooler/" "Mozilla/5.0 (Windows NT 10.0; Win64; x64) AppleWebKit/537.36 (KHTML, like Gecko) Chrome/131.0.0.0 Safari/537.36"
91.201.113.132 - - [07/Apr/2025:13:56:22 -0400] "POST /wp-comments-post.php HTTP/1.1" 302 0 "http://inversionesgoldie.com/what-is-an-air-cooler/" "Mozilla/5.0 (Windows NT 10.0; Win64; x64) AppleWebKit/537.36 (KHTML, like Gecko) Chrome/131.0.0.0 Safari/537.36"
221.110.152.1 - - [07/Apr/2025:13:59:47 -0400] "GET /robots.txt HTTP/1.1" 200 132 "-" "Mozilla/5.0 (compatible; SBIntuitionsBot/0.1; +https://www.sbintuitions.co.jp/bot/)"
205.169.39.7 - - [07/Apr/2025:14:00:24 -0400] "GET /robots.txt HTTP/1.1" 200 132 "-" "Mozilla/5.0 (Windows NT 10.0) AppleWebKit/537.36 (KHTML, like Gecko) Chrome/106.0.0.0 Safari/537.36"
221.109.63.129 - - [07/Apr/2025:14:00:47 -0400] "GET / HTTP/1.1" 200 98560 "-" "Mozilla/5.0 (compatible; SBIntuitionsBot/0.1; +https://www.sbintuitions.co.jp/bot/)"
221.109.63.129 - - [07/Apr/2025:14:01:13 -0400] "GET /'%20+%20item.url%20+%20' HTTP/1.1" 200 0 "http://inversionesgoldie.com/" "Mozilla/5.0 (compatible; SBIntuitionsBot/0.1; +https://www.sbintuitions.co.jp/bot/)"
198.54.114.83 - - [07/Apr/2025:14:01:20 -0400] "POST /wp-cron.php?doing_wp_cron=1744048876.6846289634704589843750 HTTP/1.1" 200 0 "-" "WordPress/6.7.2; https://inversionesgoldie.com"
126.128.224.2 - - [07/Apr/2025:14:01:20 -0400] "GET /'%20+%20item.url%20+%20' HTTP/1.1" 301 0 "http://inversionesgoldie.com/" "Mozilla/5.0 (compatible; SBIntuitionsBot/0.1; +https://www.sbintuitions.co.jp/bot/)"
126.128.224.2 - - [07/Apr/2025:14:01:27 -0400] "GET /%20+%20item.url%20+%20 HTTP/1.1" 301 0 "http://inversionesgoldie.com/" "Mozilla/5.0 (compatible; SBIntuitionsBot/0.1; +https://www.sbintuitions.co.jp/bot/)"
126.128.224.2 - - [07/Apr/2025:14:01:38 -0400] "GET /%20+%20item.url%20+ HTTP/1.1" 200 0 "http://inversionesgoldie.com/" "Mozilla/5.0 (compatible; SBIntuitionsBot/0.1; +https://www.sbintuitions.co.jp/bot/)"
221.111.209.1 - - [07/Apr/2025:14:01:49 -0400] "GET /%20+%20item.url%20+ HTTP/1.1" 200 0 "http://inversionesgoldie.com/" "Mozilla/5.0 (compatible; SBIntuitionsBot/0.1; +https://www.sbintuitions.co.jp/bot/)"
221.111.209.1 - - [07/Apr/2025:14:01:58 -0400] "GET /%20+%20item.url%20+ HTTP/1.1" 200 0 "http://inversionesgoldie.com/" "Mozilla/5.0 (compatible; SBIntuitionsBot/0.1; +https://www.sbintuitions.co.jp/bot/)"
221.109.63.129 - - [07/Apr/2025:14:02:06 -0400] "GET /%20+%20item.url%20+ HTTP/1.1" 200 0 "http://inversionesgoldie.com/" "Mozilla/5.0 (compatible; SBIntuitionsBot/0.1; +https://www.sbintuitions.co.jp/bot/)"
126.128.224.1 - - [07/Apr/2025:14:02:16 -0400] "GET /%20+%20item.url%20+ HTTP/1.1" 200 0 "http://inversionesgoldie.com/" "Mozilla/5.0 (compatible; SBIntuitionsBot/0.1; +https://www.sbintuitions.co.jp/bot/)"
198.54.114.83 - - [07/Apr/2025:14:02:22 -0400] "POST /wp-cron.php?doing_wp_cron=1744048936.8120710849761962890625 HTTP/1.1" 200 0 "-" "WordPress/6.7.2; https://inversionesgoldie.com"
221.109.63.128 - - [07/Apr/2025:14:02:28 -0400] "GET /%20+%20item.url%20+ HTTP/1.1" 200 0 "http://inversionesgoldie.com/" "Mozilla/5.0 (compatible; SBIntuitionsBot/0.1; +https://www.sbintuitions.co.jp/bot/)"
126.128.224.2 - - [07/Apr/2025:14:02:41 -0400] "GET /%20+%20item.url%20+ HTTP/1.1" 200 0 "http://inversionesgoldie.com/" "Mozilla/5.0 (compatible; SBIntuitionsBot/0.1; +https://www.sbintuitions.co.jp/bot/)"
221.109.63.128 - - [07/Apr/2025:14:02:52 -0400] "GET /%20+%20item.url%20+ HTTP/1.1" 200 0 "http://inversionesgoldie.com/" "Mozilla/5.0 (compatible; SBIntuitionsBot/0.1; +https://www.sbintuitions.co.jp/bot/)"
221.111.210.1 - - [07/Apr/2025:14:03:08 -0400] "GET /%20+%20item.url%20+ HTTP/1.1" 200 0 "http://inversionesgoldie.com/" "Mozilla/5.0 (compatible; SBIntuitionsBot/0.1; +https://www.sbintuitions.co.jp/bot/)"
221.109.63.128 - - [07/Apr/2025:14:03:21 -0400] "GET /%20+%20item.url%20+ HTTP/1.1" 200 0 "http://inversionesgoldie.com/" "Mozilla/5.0 (compatible; SBIntuitionsBot/0.1; +https://www.sbintuitions.co.jp/bot/)"
198.54.114.83 - - [07/Apr/2025:14:03:27 -0400] "POST /wp-cron.php?doing_wp_cron=1744049002.1923460960388183593750 HTTP/1.1" 200 0 "-" "WordPress/6.7.2; https://inversionesgoldie.com"
221.111.210.2 - - [07/Apr/2025:14:03:47 -0400] "GET /%20+%20item.url%20+ HTTP/1.1" 404 8272 "http://inversionesgoldie.com/" "Mozilla/5.0 (compatible; SBIntuitionsBot/0.1; +https://www.sbintuitions.co.jp/bot/)"
103.169.35.190 - - [07/Apr/2025:14:04:00 -0400] "GET / HTTP/1.1" 200 98560 "https://www.google.co.uk" "Mozilla/5.0 (Macintosh; Intel Mac OS X 14.3) AppleWebKit/614.31.14 (KHTML, like Gecko) Version/17.0.96 Safari/614.31.14"
216.244.66.243 - - [07/Apr/2025:14:07:29 -0400] "GET /robots.txt HTTP/1.1" 304 0 "-" "Mozilla/5.0 (compatible; DotBot/1.2; +https://opensiteexplorer.org/dotbot; help@moz.com)"
13.90.226.7 - - [07/Apr/2025:14:14:56 -0400] "HEAD /wordpress HTTP/1.1" 404 0 "-" "Mozilla/5.0 (Windows NT 10.0; Win64; x64) AppleWebKit/537.36 (KHTML, like Gecko) Chrome/74.0.3729.169 Safari/537.36"
198.54.114.83 - - [07/Apr/2025:14:15:07 -0400] "POST /wp-cron.php?doing_wp_cron=1744049701.4074530601501464843750 HTTP/1.1" 200 0 "-" "WordPress/6.7.2; https://inversionesgoldie.com"
13.90.226.7 - - [07/Apr/2025:14:15:09 -0400] "HEAD / HTTP/1.1" 200 0 "-" "Mozilla/5.0 (Windows NT 10.0; Win64; x64) AppleWebKit/537.36 (KHTML, like Gecko) Chrome/74.0.3729.169 Safari/537.36"
13.90.226.7 - - [07/Apr/2025:14:15:14 -0400] "HEAD /wp HTTP/1.1" 404 0 "-" "Mozilla/5.0 (Windows NT 10.0; Win64; x64) AppleWebKit/537.36 (KHTML, like Gecko) Chrome/74.0.3729.169 Safari/537.36"
13.90.226.7 - - [07/Apr/2025:14:15:21 -0400] "HEAD /bc HTTP/1.1" 404 0 "-" "Mozilla/5.0 (Windows NT 10.0; Win64; x64) AppleWebKit/537.36 (KHTML, like Gecko) Chrome/74.0.3729.169 Safari/537.36"
13.90.226.7 - - [07/Apr/2025:14:15:27 -0400] "HEAD /bk HTTP/1.1" 404 0 "-" "Mozilla/5.0 (Windows NT 10.0; Win64; x64) AppleWebKit/537.36 (KHTML, like Gecko) Chrome/74.0.3729.169 Safari/537.36"
13.90.226.7 - - [07/Apr/2025:14:15:35 -0400] "HEAD /backup HTTP/1.1" 404 0 "-" "Mozilla/5.0 (Windows NT 10.0; Win64; x64) AppleWebKit/537.36 (KHTML, like Gecko) Chrome/74.0.3729.169 Safari/537.36"
13.90.226.7 - - [07/Apr/2025:14:15:39 -0400] "HEAD /old HTTP/1.1" 404 0 "-" "Mozilla/5.0 (Windows NT 10.0; Win64; x64) AppleWebKit/537.36 (KHTML, like Gecko) Chrome/74.0.3729.169 Safari/537.36"
13.90.226.7 - - [07/Apr/2025:14:15:44 -0400] "HEAD /new HTTP/1.1" 301 0 "-" "Mozilla/5.0 (Windows NT 10.0; Win64; x64) AppleWebKit/537.36 (KHTML, like Gecko) Chrome/74.0.3729.169 Safari/537.36"
13.90.226.7 - - [07/Apr/2025:14:15:53 -0400] "HEAD /main HTTP/1.1" 404 0 "-" "Mozilla/5.0 (Windows NT 10.0; Win64; x64) AppleWebKit/537.36 (KHTML, like Gecko) Chrome/74.0.3729.169 Safari/537.36"
13.90.226.7 - - [07/Apr/2025:14:15:57 -0400] "HEAD /home HTTP/1.1" 301 0 "-" "Mozilla/5.0 (Windows NT 10.0; Win64; x64) AppleWebKit/537.36 (KHTML, like Gecko) Chrome/74.0.3729.169 Safari/537.36"
198.54.114.83 - - [07/Apr/2025:14:16:16 -0400] "POST /wp-cron.php?doing_wp_cron=1744049774.6681060791015625000000 HTTP/1.1" 200 0 "-" "WordPress/6.7.2; https://inversionesgoldie.com"
216.244.66.243 - - [07/Apr/2025:14:16:14 -0400] "GET /how-to-budget-for-dental-care/ HTTP/1.1" 200 13683 "-" "Mozilla/5.0 (compatible; DotBot/1.2; +https://opensiteexplorer.org/dotbot; help@moz.com)"
198.54.114.83 - - [07/Apr/2025:14:33:16 -0400] "POST /wp-cron.php?doing_wp_cron=1744050795.2756021022796630859375 HTTP/1.1" 200 0 "-" "WordPress/6.7.2; https://inversionesgoldie.com"
216.244.66.243 - - [07/Apr/2025:14:33:12 -0400] "GET /the-pros-and-cons-of-a-sup-rental-business/feed/ HTTP/1.1" 200 450 "-" "Mozilla/5.0 (compatible; DotBot/1.2; +https://opensiteexplorer.org/dotbot; help@moz.com)"
85.208.98.23 - - [07/Apr/2025:15:08:50 -0400] "GET /robots.txt HTTP/1.1" 200 132 "-" "Mozilla/5.0 (compatible; SemrushBot-BA; +http://www.semrush.com/bot.html)"
198.54.114.83 - - [07/Apr/2025:15:09:04 -0400] "POST /wp-cron.php?doing_wp_cron=1744052942.7627089023590087890625 HTTP/1.1" 200 0 "-" "WordPress/6.7.2; https://inversionesgoldie.com"
216.244.66.243 - - [07/Apr/2025:15:08:58 -0400] "GET /vita-glow-night-cream-review/ HTTP/1.1" 200 11629 "-" "Mozilla/5.0 (compatible; DotBot/1.2; +https://opensiteexplorer.org/dotbot; help@moz.com)"
216.244.66.243 - - [07/Apr/2025:15:12:13 -0400] "GET /icebreaker-questions-for-dating/ HTTP/1.1" 200 11699 "-" "Mozilla/5.0 (compatible; DotBot/1.2; +https://opensiteexplorer.org/dotbot; help@moz.com)"
216.244.66.243 - - [07/Apr/2025:15:13:40 -0400] "GET /dometic-cooling-units-for-rvs/ HTTP/1.1" 200 12515 "-" "Mozilla/5.0 (compatible; DotBot/1.2; +https://opensiteexplorer.org/dotbot; help@moz.com)"
198.54.114.83 - - [07/Apr/2025:15:18:16 -0400] "POST /wp-cron.php?doing_wp_cron=1744053495.8317859172821044921875 HTTP/1.1" 200 0 "-" "WordPress/6.7.2; https://inversionesgoldie.com"
47.82.11.75 - - [07/Apr/2025:15:18:15 -0400] "GET /why-buy-an-amd-motherboard HTTP/1.1" 301 0 "http://inversionesgoldie.com/why-buy-an-amd-motherboard" "Mozilla/5.0 (Windows NT 10.0; Win64; x64) AppleWebKit/537.36 (KHTML, like Gecko) Chrome/114.0.0.0 Safari/537.36 Edg/114.0.1823.43"
47.82.11.75 - - [07/Apr/2025:15:18:17 -0400] "GET /why-buy-an-amd-motherboard/ HTTP/1.1" 200 11675 "http://inversionesgoldie.com/why-buy-an-amd-motherboard" "Mozilla/5.0 (Windows NT 10.0; Win64; x64) AppleWebKit/537.36 (KHTML, like Gecko) Chrome/114.0.0.0 Safari/537.36 Edg/114.0.1823.43"
216.244.66.243 - - [07/Apr/2025:15:22:28 -0400] "GET /sind-hanf-topicals-wundercremes/ HTTP/1.1" 200 12836 "-" "Mozilla/5.0 (compatible; DotBot/1.2; +https://opensiteexplorer.org/dotbot; help@moz.com)"
216.244.66.243 - - [07/Apr/2025:15:27:19 -0400] "GET /fine-pitch-led-display/feed/ HTTP/1.1" 200 428 "-" "Mozilla/5.0 (compatible; DotBot/1.2; +https://opensiteexplorer.org/dotbot; help@moz.com)"
198.54.114.83 - - [07/Apr/2025:15:27:47 -0400] "POST /wp-cron.php?doing_wp_cron=1744054067.2030069828033447265625 HTTP/1.1" 200 0 "-" "WordPress/6.7.2; https://inversionesgoldie.com"
216.244.66.243 - - [07/Apr/2025:15:27:46 -0400] "GET /scheidungsanwalt-hattingen/feed/ HTTP/1.1" 200 420 "-" "Mozilla/5.0 (compatible; DotBot/1.2; +https://opensiteexplorer.org/dotbot; help@moz.com)"
198.54.114.83 - - [07/Apr/2025:15:29:14 -0400] "POST /wp-cron.php?doing_wp_cron=1744054153.7236659526824951171875 HTTP/1.1" 200 0 "-" "WordPress/6.7.2; https://inversionesgoldie.com"
216.244.66.243 - - [07/Apr/2025:15:29:13 -0400] "GET /89527-prix-mif%C3%A9pristone-misoprostol-35432/ HTTP/1.1" 404 8272 "-" "Mozilla/5.0 (compatible; DotBot/1.2; +https://opensiteexplorer.org/dotbot; help@moz.com)"
75.119.153.23 - - [07/Apr/2025:15:29:17 -0400] "GET /why-buy-an-amd-motherboard/ HTTP/1.1" 200 11675 "-" "Mozilla/5.0 (Macintosh; Intel Mac OS X 12_5) AppleWebKit/605.1.15 (KHTML, like Gecko) Version/15.4 Safari/605.1.15"
216.244.66.243 - - [07/Apr/2025:15:29:39 -0400] "GET /houston-plumbing-supply-store/feed/ HTTP/1.1" 200 429 "-" "Mozilla/5.0 (compatible; DotBot/1.2; +https://opensiteexplorer.org/dotbot; help@moz.com)"
198.54.114.83 - - [07/Apr/2025:15:30:05 -0400] "POST /wp-cron.php?doing_wp_cron=1744054205.0974988937377929687500 HTTP/1.1" 200 0 "-" "WordPress/6.7.2; https://inversionesgoldie.com"
216.244.66.243 - - [07/Apr/2025:15:30:04 -0400] "GET /how-to-choose-a-divorce-lawyer/feed/ HTTP/1.1" 200 435 "-" "Mozilla/5.0 (compatible; DotBot/1.2; +https://opensiteexplorer.org/dotbot; help@moz.com)"
216.244.66.243 - - [07/Apr/2025:15:30:29 -0400] "GET /how-to-select-the-best-sport-betting-sites/feed/ HTTP/1.1" 200 446 "-" "Mozilla/5.0 (compatible; DotBot/1.2; +https://opensiteexplorer.org/dotbot; help@moz.com)"
216.244.66.243 - - [07/Apr/2025:15:30:53 -0400] "GET /korean-private-label-skincare/feed/ HTTP/1.1" 200 432 "-" "Mozilla/5.0 (compatible; DotBot/1.2; +https://opensiteexplorer.org/dotbot; help@moz.com)"
198.54.114.83 - - [07/Apr/2025:15:31:19 -0400] "POST /wp-cron.php?doing_wp_cron=1744054277.8462810516357421875000 HTTP/1.1" 200 0 "-" "WordPress/6.7.2; https://inversionesgoldie.com"
216.244.66.243 - - [07/Apr/2025:15:31:17 -0400] "GET /the-best-personal-security-products-for-women-the-top-four/feed/ HTTP/1.1" 200 475 "-" "Mozilla/5.0 (compatible; DotBot/1.2; +https://opensiteexplorer.org/dotbot; help@moz.com)"
85.10.156.43 - - [07/Apr/2025:15:48:25 -0400] "GET /commercial-building-disclosure-has-arrived/ HTTP/1.1" 200 13302 "http://inversionesgoldie.com/commercial-building-disclosure-has-arrived/" "Mozilla/5.0 (Windows NT 10.0; Win64; x64) AppleWebKit/537.36 (KHTML, like Gecko) Chrome/130.0.0.0 Safari/537.36 CCleaner/130.0.0.0"
198.54.114.83 - - [07/Apr/2025:15:48:30 -0400] "POST /wp-cron.php?doing_wp_cron=1744055310.5266079902648925781250 HTTP/1.1" 200 0 "-" "WordPress/6.7.2; https://inversionesgoldie.com"
85.10.156.43 - - [07/Apr/2025:15:48:26 -0400] "POST /wp-comments-post.php HTTP/1.1" 200 1166 "http://inversionesgoldie.com/commercial-building-disclosure-has-arrived/" "Mozilla/5.0 (Windows NT 10.0; Win64; x64) AppleWebKit/537.36 (KHTML, like Gecko) Chrome/130.0.0.0 Safari/537.36 CCleaner/130.0.0.0"
216.244.66.243 - - [07/Apr/2025:16:03:20 -0400] "GET /robots.txt HTTP/1.1" 304 0 "-" "Mozilla/5.0 (compatible; DotBot/1.2; +https://opensiteexplorer.org/dotbot; help@moz.com)"
198.54.114.83 - - [07/Apr/2025:16:13:12 -0400] "POST /wp-cron.php?doing_wp_cron=1744056790.7498741149902343750000 HTTP/1.1" 200 0 "-" "WordPress/6.7.2; https://inversionesgoldie.com"
216.244.66.243 - - [07/Apr/2025:16:13:04 -0400] "GET /lelegance-fonctionnelle-le-mobilier-de-bureau-moderne/feed/ HTTP/1.1" 200 474 "-" "Mozilla/5.0 (compatible; DotBot/1.2; +https://opensiteexplorer.org/dotbot; help@moz.com)"
