52.184.166.76 - - [05/Apr/2025:11:07:43 -0400] "GET /wp-mail.php/wp-includes/ID3/class-config.php HTTP/1.1" 403 1123 "-" "-"
103.169.35.190 - - [05/Apr/2025:11:18:04 -0400] "GET / HTTP/1.1" 200 98560 "-" "Mozilla/5.0 (Macintosh; Intel Mac OS X 10_15_7; rv:129.0) Gecko/20100101 Firefox/129.0"
118.89.95.205 - - [05/Apr/2025:11:35:45 -0400] "GET / HTTP/1.1" 200 98560 "-" "Mozilla/5.0 (Linux; Android 10; LIO-AN00 Build/HUAWEILIO-AN00; wv) MicroMessenger Weixin QQ AppleWebKit/537.36 (KHTML, like Gecko) Version/4.0 Chrome/78.0.3904.62 XWEB/2692 MMWEBSDK/200901 Mobile Safari/537.36"
118.89.95.205 - - [05/Apr/2025:11:41:25 -0400] "GET / HTTP/1.1" 200 98560 "-" "Mozilla/5.0 (Linux; Android 10; LIO-AN00 Build/HUAWEILIO-AN00; wv) MicroMessenger Weixin QQ AppleWebKit/537.36 (KHTML, like Gecko) Version/4.0 Chrome/78.0.3904.62 XWEB/2692 MMWEBSDK/200901 Mobile Safari/537.36"
142.54.236.97 - - [05/Apr/2025:11:55:25 -0400] "GET /the-biggest-fears-in-life-and-how-to-overcome-them/ HTTP/1.1" 200 12116 "-" "Mozilla/5.0 (Macintosh; Intel Mac OS X 12_5) AppleWebKit/537.36 (KHTML, like Gecko) Chrome/114.0.0.0 Safari/537.36 Vivaldi/5.3.2679.68"
198.54.114.83 - - [05/Apr/2025:12:39:15 -0400] "POST /wp-cron.php?doing_wp_cron=1743871155.5834670066833496093750 HTTP/1.1" 200 0 "-" "WordPress/6.7.2; https://inversionesgoldie.com"
198.54.114.83 - - [05/Apr/2025:12:39:15 -0400] "POST /wp-cron.php?doing_wp_cron=1743871155.5804669857025146484375 HTTP/1.1" 200 0 "-" "WordPress/6.7.2; https://inversionesgoldie.com"
61.130.144.178 - - [05/Apr/2025:12:39:07 -0400] "GET /public/static/common/images/file.png HTTP/1.1" 404 8272 "http://inversionesgoldie.com" "Mozilla/5.0 (compatible; Googlebot/2.1; +http://www.google.com/bot.html)"
61.130.144.178 - - [05/Apr/2025:12:39:12 -0400] "GET /public/static/admin/images/ok.png HTTP/1.1" 404 8272 "http://inversionesgoldie.com" "Mozilla/5.0 (compatible; YodaoBot/1.0; http://www.yodao.com/help/webmaster/spider/\xa1\xb1; )"
198.235.24.41 - - [05/Apr/2025:12:54:48 -0400] "GET / HTTP/1.1" 200 98560 "-" "-"
184.82.188.63 - - [05/Apr/2025:13:41:01 -0400] "GET /why-buy-an-amd-motherboard/ HTTP/1.1" 200 11674 "-" "Mozilla/5.0 (Macintosh; Intel Mac OS X 12_5) AppleWebKit/537.36 (KHTML, like Gecko) Chrome/114.0.0.0 Safari/537.36"
184.82.188.63 - - [05/Apr/2025:13:41:11 -0400] "GET /why-buy-an-amd-motherboard/ HTTP/1.1" 200 11674 "http://inversionesgoldie.com/why-buy-an-amd-motherboard/" "Mozilla/5.0 (Windows NT 6.3; Win64; x64) AppleWebKit/537.36 (KHTML, like Gecko) Chrome/103.0.0.0 Safari/537.36"
198.54.114.83 - - [05/Apr/2025:13:41:16 -0400] "POST /wp-cron.php?doing_wp_cron=1743874875.1730198860168457031250 HTTP/1.1" 200 0 "-" "WordPress/6.7.2; https://inversionesgoldie.com"
184.82.188.63 - - [05/Apr/2025:13:41:13 -0400] "POST /wp-comments-post.php HTTP/1.1" 302 0 "http://inversionesgoldie.com/why-buy-an-amd-motherboard/" "Mozilla/5.0 (Windows NT 6.3; Win64; x64) AppleWebKit/537.36 (KHTML, like Gecko) Chrome/103.0.0.0 Safari/537.36"
184.82.188.63 - - [05/Apr/2025:13:41:23 -0400] "GET /why-buy-an-amd-motherboard/ HTTP/1.1" 200 11674 "-" "Mozilla/5.0 (Windows NT 6.3; Win64; x64) AppleWebKit/537.36 (KHTML, like Gecko) Chrome/103.0.0.0 Safari/537.36"
184.82.188.63 - - [05/Apr/2025:13:46:21 -0400] "GET /why-buy-an-amd-motherboard/ HTTP/1.1" 200 11674 "-" "Mozilla/5.0 (Macintosh; Intel Mac OS X 12_5) AppleWebKit/537.36 (KHTML, like Gecko) Chrome/114.0.0.0 YaBrowser/22.7.0 Yowser/2.5 Safari/537.36"
198.54.114.83 - - [05/Apr/2025:13:58:46 -0400] "POST /wp-cron.php?doing_wp_cron=1743875926.6583390235900878906250 HTTP/1.1" 200 0 "-" "WordPress/6.7.2; https://inversionesgoldie.com"
222.186.134.245 - - [05/Apr/2025:13:58:46 -0400] "GET /zb_system/login.php HTTP/1.1" 404 8272 "http://inversionesgoldie.com/zb_system/login.php" "Mozilla/4.0 (compatible; MSIE 9.0; Windows NT 6.1)"
2a0b:2fc7:7ccb:79ea:2c3c:c140:8e02:1c36 - - [05/Apr/2025:14:24:04 -0400] "GET /commercial-building-disclosure-has-arrived/ HTTP/1.1" 200 13301 "http://inversionesgoldie.com/commercial-building-disclosure-has-arrived/" "Mozilla/5.0 (Windows NT 10.0; Win64; x64) AppleWebKit/537.36 (KHTML, like Gecko) Chrome/130.0.0.0 Safari/537.36 CCleaner/130.0.0.0"
216.244.66.243 - - [05/Apr/2025:14:47:24 -0400] "GET /robots.txt HTTP/1.1" 304 0 "-" "Mozilla/5.0 (compatible; DotBot/1.2; +https://opensiteexplorer.org/dotbot; help@moz.com)"
198.54.114.83 - - [05/Apr/2025:14:51:27 -0400] "POST /wp-cron.php?doing_wp_cron=1743879087.5797510147094726562500 HTTP/1.1" 200 0 "-" "WordPress/6.7.2; https://inversionesgoldie.com"
43.136.177.115 - - [05/Apr/2025:14:51:25 -0400] "GET /wp-login.php HTTP/1.1" 302 0 "-" "Apache-HttpClient/4.5.2 (Java/1.8.0_161)"
43.136.177.115 - - [05/Apr/2025:14:51:33 -0400] "GET /?author=1 HTTP/1.1" 200 98560 "-" "Apache-HttpClient/4.5.2 (Java/1.8.0_161)"
43.136.177.115 - - [05/Apr/2025:14:51:36 -0400] "GET /?author=2 HTTP/1.1" 200 98560 "-" "Apache-HttpClient/4.5.2 (Java/1.8.0_161)"
43.136.177.115 - - [05/Apr/2025:14:51:41 -0400] "GET /?author=3 HTTP/1.1" 200 98560 "-" "Apache-HttpClient/4.5.2 (Java/1.8.0_161)"
43.136.177.115 - - [05/Apr/2025:14:51:54 -0400] "GET /?author=4 HTTP/1.1" 200 98560 "-" "Apache-HttpClient/4.5.2 (Java/1.8.0_161)"
43.136.177.115 - - [05/Apr/2025:14:52:33 -0400] "GET /?author=5 HTTP/1.1" 200 98560 "-" "Apache-HttpClient/4.5.2 (Java/1.8.0_161)"
43.136.177.115 - - [05/Apr/2025:14:54:34 -0400] "GET /?author=6 HTTP/1.1" 200 98560 "-" "Apache-HttpClient/4.5.2 (Java/1.8.0_161)"
43.136.177.115 - - [05/Apr/2025:14:54:35 -0400] "GET /?author=7 HTTP/1.1" 200 98560 "-" "Apache-HttpClient/4.5.2 (Java/1.8.0_161)"
43.136.177.115 - - [05/Apr/2025:14:54:36 -0400] "GET /?author=8 HTTP/1.1" 200 98560 "-" "Apache-HttpClient/4.5.2 (Java/1.8.0_161)"
43.136.177.115 - - [05/Apr/2025:14:54:37 -0400] "GET /?author=9 HTTP/1.1" 200 98560 "-" "Apache-HttpClient/4.5.2 (Java/1.8.0_161)"
43.136.177.115 - - [05/Apr/2025:14:54:38 -0400] "GET /?author=10 HTTP/1.1" 200 98560 "-" "Apache-HttpClient/4.5.2 (Java/1.8.0_161)"
43.136.177.115 - - [05/Apr/2025:14:54:40 -0400] "GET /?author=11 HTTP/1.1" 200 98560 "-" "Apache-HttpClient/4.5.2 (Java/1.8.0_161)"
43.136.177.115 - - [05/Apr/2025:14:54:41 -0400] "GET /?author=12 HTTP/1.1" 200 98560 "-" "Apache-HttpClient/4.5.2 (Java/1.8.0_161)"
43.136.177.115 - - [05/Apr/2025:14:54:42 -0400] "GET /?author=13 HTTP/1.1" 200 98560 "-" "Apache-HttpClient/4.5.2 (Java/1.8.0_161)"
43.136.177.115 - - [05/Apr/2025:14:54:42 -0400] "GET /?author=14 HTTP/1.1" 200 98560 "-" "Apache-HttpClient/4.5.2 (Java/1.8.0_161)"
43.136.177.115 - - [05/Apr/2025:14:54:43 -0400] "GET /?author=15 HTTP/1.1" 200 98560 "-" "Apache-HttpClient/4.5.2 (Java/1.8.0_161)"
43.136.177.115 - - [05/Apr/2025:14:54:47 -0400] "GET /?author=16 HTTP/1.1" 200 98560 "-" "Apache-HttpClient/4.5.2 (Java/1.8.0_161)"
43.136.177.115 - - [05/Apr/2025:14:54:54 -0400] "GET /?author=17 HTTP/1.1" 200 98560 "-" "Apache-HttpClient/4.5.2 (Java/1.8.0_161)"
43.136.177.115 - - [05/Apr/2025:14:55:16 -0400] "GET /?author=18 HTTP/1.1" 200 98560 "-" "Apache-HttpClient/4.5.2 (Java/1.8.0_161)"
43.136.177.115 - - [05/Apr/2025:14:56:17 -0400] "GET /?author=19 HTTP/1.1" 200 98560 "-" "Apache-HttpClient/4.5.2 (Java/1.8.0_161)"
43.136.177.115 - - [05/Apr/2025:14:56:19 -0400] "GET /?author=20 HTTP/1.1" 200 98560 "-" "Apache-HttpClient/4.5.2 (Java/1.8.0_161)"
195.47.194.143 - - [05/Apr/2025:15:08:54 -0400] "GET /commercial-building-disclosure-has-arrived/ HTTP/1.1" 200 13301 "http://inversionesgoldie.com/commercial-building-disclosure-has-arrived/" "Mozilla/5.0 (Windows NT 10.0; Win64; x64) AppleWebKit/537.36 (KHTML, like Gecko) Chrome/130.0.0.0 Safari/537.36"
198.54.114.83 - - [05/Apr/2025:15:08:58 -0400] "POST /wp-cron.php?doing_wp_cron=1743880138.3202788829803466796875 HTTP/1.1" 200 0 "-" "WordPress/6.7.2; https://inversionesgoldie.com"
195.47.194.143 - - [05/Apr/2025:15:08:55 -0400] "POST /wp-comments-post.php HTTP/1.1" 302 0 "http://inversionesgoldie.com/commercial-building-disclosure-has-arrived/" "Mozilla/5.0 (Windows NT 10.0; Win64; x64) AppleWebKit/537.36 (KHTML, like Gecko) Chrome/130.0.0.0 Safari/537.36"
196.251.85.190 - - [05/Apr/2025:15:13:05 -0400] "GET / HTTP/1.1" 200 98560 "-" "Mozilla/5.0 (Windows NT 10.0; Win64; x64) AppleWebKit/537.36 (KHTML, like Gecko) Chrome/89.0.4389.114 Safari/537.36"
196.251.85.190 - - [05/Apr/2025:15:13:06 -0400] "GET / HTTP/1.1" 200 98560 "-" "Mozilla/5.0 (Windows NT 10.0; Win64; x64) AppleWebKit/537.36 (KHTML, like Gecko) Chrome/89.0.4389.114 Safari/537.36"
196.251.85.190 - - [05/Apr/2025:15:13:06 -0400] "GET /wp-includes/wlwmanifest.xml HTTP/1.1" 404 8272 "-" "Mozilla/5.0 (Windows NT 10.0; Win64; x64) AppleWebKit/537.36 (KHTML, like Gecko) Chrome/89.0.4389.114 Safari/537.36"
196.251.85.190 - - [05/Apr/2025:15:13:07 -0400] "GET /?author=1 HTTP/1.1" 200 98560 "-" "Mozilla/5.0 (Windows NT 10.0; Win64; x64) AppleWebKit/537.36 (KHTML, like Gecko) Chrome/89.0.4389.114 Safari/537.36"
196.251.85.190 - - [05/Apr/2025:15:13:08 -0400] "GET /?author=2 HTTP/1.1" 200 98560 "-" "Mozilla/5.0 (Windows NT 10.0; Win64; x64) AppleWebKit/537.36 (KHTML, like Gecko) Chrome/89.0.4389.114 Safari/537.36"
196.251.85.190 - - [05/Apr/2025:15:13:09 -0400] "GET /?author=3 HTTP/1.1" 200 98560 "-" "Mozilla/5.0 (Windows NT 10.0; Win64; x64) AppleWebKit/537.36 (KHTML, like Gecko) Chrome/89.0.4389.114 Safari/537.36"
196.251.85.190 - - [05/Apr/2025:15:13:09 -0400] "GET /wp-json/wp/v2/users/ HTTP/1.1" 200 1381 "-" "Mozilla/5.0 (Windows NT 10.0; Win64; x64) AppleWebKit/537.36 (KHTML, like Gecko) Chrome/89.0.4389.114 Safari/537.36"
196.251.85.190 - - [05/Apr/2025:15:13:10 -0400] "POST /xmlrpc.php HTTP/1.1" 200 212 "-" "Mozilla/5.0 (Windows NT 10.0; Win64; x64) AppleWebKit/537.36 (KHTML, like Gecko) Chrome/89.0.4389.114 Safari/537.36"
196.251.85.190 - - [05/Apr/2025:15:13:12 -0400] "POST /xmlrpc.php HTTP/1.1" 200 212 "-" "Mozilla/5.0 (Windows NT 10.0; Win64; x64) AppleWebKit/537.36 (KHTML, like Gecko) Chrome/89.0.4389.114 Safari/537.36"
196.251.85.190 - - [05/Apr/2025:15:13:13 -0400] "POST /xmlrpc.php HTTP/1.1" 200 236 "-" "Mozilla/5.0 (Windows NT 10.0; Win64; x64) AppleWebKit/537.36 (KHTML, like Gecko) Chrome/89.0.4389.114 Safari/537.36"
196.251.85.190 - - [05/Apr/2025:15:13:13 -0400] "POST /xmlrpc.php HTTP/1.1" 200 236 "-" "Mozilla/5.0 (Windows NT 10.0; Win64; x64) AppleWebKit/537.36 (KHTML, like Gecko) Chrome/89.0.4389.114 Safari/537.36"
196.251.85.190 - - [05/Apr/2025:15:13:14 -0400] "POST /xmlrpc.php HTTP/1.1" 200 212 "-" "Mozilla/5.0 (Windows NT 10.0; Win64; x64) AppleWebKit/537.36 (KHTML, like Gecko) Chrome/89.0.4389.114 Safari/537.36"
196.251.85.190 - - [05/Apr/2025:15:13:15 -0400] "POST /xmlrpc.php HTTP/1.1" 200 236 "-" "Mozilla/5.0 (Windows NT 10.0; Win64; x64) AppleWebKit/537.36 (KHTML, like Gecko) Chrome/89.0.4389.114 Safari/537.36"
216.244.66.243 - - [05/Apr/2025:15:14:17 -0400] "GET /73660-consecuencias-de-usar-pastillas-cytotec-26537/ HTTP/1.1" 404 8272 "-" "Mozilla/5.0 (compatible; DotBot/1.2; +https://opensiteexplorer.org/dotbot; help@moz.com)"
198.54.114.83 - - [05/Apr/2025:15:15:40 -0400] "POST /wp-cron.php?doing_wp_cron=1743880539.8138720989227294921875 HTTP/1.1" 200 0 "-" "WordPress/6.7.2; https://inversionesgoldie.com"
216.244.66.243 - - [05/Apr/2025:15:15:35 -0400] "GET /choosing-a-custom-socks-manufacturer/feed/ HTTP/1.1" 200 439 "-" "Mozilla/5.0 (compatible; DotBot/1.2; +https://opensiteexplorer.org/dotbot; help@moz.com)"
216.244.66.243 - - [05/Apr/2025:15:16:12 -0400] "GET /how-to-incorporate-encaustic-tiles-into-your-home/ HTTP/1.1" 200 12188 "-" "Mozilla/5.0 (compatible; DotBot/1.2; +https://opensiteexplorer.org/dotbot; help@moz.com)"
196.251.73.13 - - [05/Apr/2025:15:34:24 -0400] "POST /ALFA_DATA/alfacgiapi/perl.alfa HTTP/1.1" 404 8225 "www.google.com" "Mozlila/5.0 (Linux; Android 7.0; SM-G892A Bulid/NRD90M; wv) AppleWebKit/537.36 (KHTML, like Gecko) Version/4.0 Chrome/60.0.3112.107 Moblie Safari/537.36"
196.251.73.13 - - [05/Apr/2025:15:34:24 -0400] "GET /wp-content/themes/seotheme/db.php?u HTTP/1.1" 404 8272 "www.google.com" "Mozlila/5.0 (Linux; Android 7.0; SM-G892A Bulid/NRD90M; wv) AppleWebKit/537.36 (KHTML, like Gecko) Version/4.0 Chrome/60.0.3112.107 Moblie Safari/537.36"
196.251.73.13 - - [05/Apr/2025:15:34:24 -0400] "POST /wp-plain.php HTTP/1.1" 404 8225 "www.google.com" "Mozilla/5.0 (Linux; Android 7.0; SM-G892A Bulid/NRD90M; wv) AppleWebKit/537.36 (KHTML, like Gecko) Version/4.0 Chrome/60.0.3112.107 Moblie Safari/537.36"
196.251.73.13 - - [05/Apr/2025:15:34:25 -0400] "GET /rmjhntql.php?Fox=d3wL7 HTTP/1.1" 404 8272 "www.google.com" "Mozilla/5.0 (Linux; Android 7.0; SM-G892A Bulid/NRD90M; wv) AppleWebKit/537.36 (KHTML, like Gecko) Version/4.0 Chrome/60.0.3112.107 Moblie Safari/537.36"
196.251.73.13 - - [05/Apr/2025:15:34:25 -0400] "POST /alfacgiapi/perl.alfa HTTP/1.1" 404 8225 "www.google.com" "Mozlila/5.0 (Linux; Android 7.0; SM-G892A Bulid/NRD90M; wv) AppleWebKit/537.36 (KHTML, like Gecko) Version/4.0 Chrome/60.0.3112.107 Moblie Safari/537.36"
216.244.66.243 - - [05/Apr/2025:15:38:38 -0400] "GET /robots.txt HTTP/1.1" 200 132 "-" "Mozilla/5.0 (compatible; DotBot/1.2; +https://opensiteexplorer.org/dotbot; help@moz.com)"
198.54.114.83 - - [05/Apr/2025:15:43:54 -0400] "POST /wp-cron.php?doing_wp_cron=1743882234.5119650363922119140625 HTTP/1.1" 200 0 "-" "WordPress/6.7.2; https://inversionesgoldie.com"
52.170.69.20 - - [05/Apr/2025:15:43:53 -0400] "GET /lv.php HTTP/1.1" 404 8272 "-" "-"
52.170.69.20 - - [05/Apr/2025:15:43:54 -0400] "GET /wp-content/plugins/pwnd/pwnd.php HTTP/1.1" 404 8274 "-" "-"
52.170.69.20 - - [05/Apr/2025:15:43:55 -0400] "GET /wp-content/plugins/pwnd-1/pwnd.php HTTP/1.1" 404 8274 "-" "-"
52.170.69.20 - - [05/Apr/2025:15:43:55 -0400] "GET /wp-includes/Requests/about.php HTTP/1.1" 404 8272 "-" "-"
52.170.69.20 - - [05/Apr/2025:15:43:56 -0400] "GET /wp-includes/style-engine/about.php HTTP/1.1" 404 8272 "-" "-"
52.170.69.20 - - [05/Apr/2025:15:43:56 -0400] "GET /wp-includes/rest-api/about.php HTTP/1.1" 404 8272 "-" "-"
52.170.69.20 - - [05/Apr/2025:15:43:56 -0400] "GET /wp-includes/SimplePie/about.php HTTP/1.1" 404 8272 "-" "-"
52.170.69.20 - - [05/Apr/2025:15:43:57 -0400] "GET /wp-content/banners/about.php HTTP/1.1" 404 8272 "-" "-"
52.170.69.20 - - [05/Apr/2025:15:43:57 -0400] "GET /wp-content/about.php HTTP/1.1" 404 8272 "-" "-"
52.170.69.20 - - [05/Apr/2025:15:43:57 -0400] "GET /.well-known/about.php HTTP/1.1" 404 8272 "-" "-"
52.170.69.20 - - [05/Apr/2025:15:43:58 -0400] "GET /wp-includes/Text/about.php HTTP/1.1" 404 8272 "-" "-"
52.170.69.20 - - [05/Apr/2025:15:43:58 -0400] "GET /wp-includes/ID3/about.php HTTP/1.1" 404 8272 "-" "-"
52.170.69.20 - - [05/Apr/2025:15:43:58 -0400] "GET /img/about.php HTTP/1.1" 404 8272 "-" "-"
52.170.69.20 - - [05/Apr/2025:15:43:58 -0400] "GET /wp-content/languages/about.php HTTP/1.1" 404 8272 "-" "-"
52.170.69.20 - - [05/Apr/2025:15:43:59 -0400] "GET /wp-includes/customize/about.php HTTP/1.1" 404 8272 "-" "-"
52.170.69.20 - - [05/Apr/2025:15:43:59 -0400] "GET /wp-includes.bak/html-api/about.php HTTP/1.1" 404 8272 "-" "-"
52.170.69.20 - - [05/Apr/2025:15:43:59 -0400] "GET /wp-includes/widgets/about.php HTTP/1.1" 404 8272 "-" "-"
52.170.69.20 - - [05/Apr/2025:15:44:00 -0400] "GET /wp-includes/IXR/about.php HTTP/1.1" 404 8273 "-" "-"
52.170.69.20 - - [05/Apr/2025:15:44:00 -0400] "GET /wp-admin/js/about.php HTTP/1.1" 404 8273 "-" "-"
52.170.69.20 - - [05/Apr/2025:15:44:00 -0400] "GET /.well-known/pki-validation/about.php HTTP/1.1" 404 1251 "-" "-"
52.170.69.20 - - [05/Apr/2025:15:44:00 -0400] "GET /wp-includes/pomo/about.php HTTP/1.1" 404 8272 "-" "-"
52.170.69.20 - - [05/Apr/2025:15:44:01 -0400] "GET /wp-includes/block-patterns/about.php HTTP/1.1" 404 8272 "-" "-"
52.170.69.20 - - [05/Apr/2025:15:44:01 -0400] "GET /wp-content/updraft/about.php HTTP/1.1" 404 8272 "-" "-"
52.170.69.20 - - [05/Apr/2025:15:44:01 -0400] "GET /wp-content/upgrade-temp-backup/about.php HTTP/1.1" 404 8271 "-" "-"
52.170.69.20 - - [05/Apr/2025:15:44:02 -0400] "GET /wp-content/themes/about.php HTTP/1.1" 404 8271 "-" "-"
52.170.69.20 - - [05/Apr/2025:15:44:02 -0400] "GET /wp-admin/includes/about.php HTTP/1.1" 404 8271 "-" "-"
52.170.69.20 - - [05/Apr/2025:15:44:02 -0400] "GET /images/about.php HTTP/1.1" 404 8272 "-" "-"
52.170.69.20 - - [05/Apr/2025:15:44:03 -0400] "GET /wp-content/blogs.dir/about.php HTTP/1.1" 404 8272 "-" "-"
52.170.69.20 - - [05/Apr/2025:15:44:03 -0400] "GET /wp-includes/images/about.php HTTP/1.1" 404 8272 "-" "-"
52.170.69.20 - - [05/Apr/2025:15:44:03 -0400] "GET /wp-includes/about.php HTTP/1.1" 404 8272 "-" "-"
52.170.69.20 - - [05/Apr/2025:15:44:04 -0400] "GET /cgi-bin/about.php HTTP/1.1" 404 8272 "-" "-"
52.170.69.20 - - [05/Apr/2025:15:44:04 -0400] "GET /wp-content/gallery/about.php HTTP/1.1" 404 8272 "-" "-"
52.170.69.20 - - [05/Apr/2025:15:44:05 -0400] "GET /wp-includes/blocks/about.php HTTP/1.1" 404 8272 "-" "-"
52.170.69.20 - - [05/Apr/2025:15:44:05 -0400] "GET /wp-admin/css/about.php HTTP/1.1" 404 8272 "-" "-"
52.170.69.20 - - [05/Apr/2025:15:44:05 -0400] "GET /wp-admin/images/about.php HTTP/1.1" 404 8272 "-" "-"
52.170.69.20 - - [05/Apr/2025:15:44:06 -0400] "GET /.well-known/pki-validation/cloud.php HTTP/1.1" 404 1251 "-" "-"
52.170.69.20 - - [05/Apr/2025:15:44:06 -0400] "GET /.well-known/acme-challenge/cloud.php HTTP/1.1" 404 8272 "-" "-"
52.170.69.20 - - [05/Apr/2025:15:44:06 -0400] "GET /wp-admin/network/cloud.php HTTP/1.1" 404 8272 "-" "-"
52.170.69.20 - - [05/Apr/2025:15:44:06 -0400] "GET /cloud.php HTTP/1.1" 404 8272 "-" "-"
52.170.69.20 - - [05/Apr/2025:15:44:07 -0400] "GET /cgi-bin/cloud.php HTTP/1.1" 404 8272 "-" "-"
52.170.69.20 - - [05/Apr/2025:15:44:07 -0400] "GET /wp-content/updates.php HTTP/1.1" 404 8272 "-" "-"
52.170.69.20 - - [05/Apr/2025:15:44:07 -0400] "GET /css/cloud.php HTTP/1.1" 404 8272 "-" "-"
52.170.69.20 - - [05/Apr/2025:15:44:08 -0400] "GET /wp-admin/user/cloud.php HTTP/1.1" 404 8272 "-" "-"
52.170.69.20 - - [05/Apr/2025:15:44:08 -0400] "GET /img/cloud.php HTTP/1.1" 404 8272 "-" "-"
52.170.69.20 - - [05/Apr/2025:15:44:08 -0400] "GET /wp-admin/css/colors/coffee/cloud.php HTTP/1.1" 404 8272 "-" "-"
52.170.69.20 - - [05/Apr/2025:15:44:09 -0400] "GET /wp-admin/images/cloud.php HTTP/1.1" 404 8272 "-" "-"
52.170.69.20 - - [05/Apr/2025:15:44:09 -0400] "GET /avaa.php HTTP/1.1" 404 8272 "-" "-"
52.170.69.20 - - [05/Apr/2025:15:44:10 -0400] "GET /images/cloud.php HTTP/1.1" 404 8272 "-" "-"
52.170.69.20 - - [05/Apr/2025:15:44:10 -0400] "GET /wp-admin/js/widgets/cloud.php HTTP/1.1" 404 8272 "-" "-"
52.170.69.20 - - [05/Apr/2025:15:44:10 -0400] "GET /wp-includes/Requests/Text/admin.php HTTP/1.1" 404 8271 "-" "-"
52.170.69.20 - - [05/Apr/2025:15:44:11 -0400] "GET /wp-admin/css/colors/cloud.php HTTP/1.1" 404 8271 "-" "-"
52.170.69.20 - - [05/Apr/2025:15:44:11 -0400] "GET /wp-admin/includes/cloud.php HTTP/1.1" 404 8272 "-" "-"
52.170.69.20 - - [05/Apr/2025:15:44:12 -0400] "GET /wp-admin/css/colors/blue/cloud.php HTTP/1.1" 404 8272 "-" "-"
52.170.69.20 - - [05/Apr/2025:15:44:12 -0400] "GET /wp-admin/cloud.php HTTP/1.1" 404 8272 "-" "-"
52.170.69.20 - - [05/Apr/2025:15:44:13 -0400] "GET /updates.php HTTP/1.1" 404 8272 "-" "-"
52.170.69.20 - - [05/Apr/2025:15:44:13 -0400] "GET /libraries/legacy/updates.php HTTP/1.1" 404 8272 "-" "-"
52.170.69.20 - - [05/Apr/2025:15:44:14 -0400] "GET /libraries/phpmailer/updates.php HTTP/1.1" 404 8272 "-" "-"
52.170.69.20 - - [05/Apr/2025:15:44:14 -0400] "GET /libraries/vendor/updates.php HTTP/1.1" 404 8273 "-" "-"
52.170.69.20 - - [05/Apr/2025:15:44:15 -0400] "GET /alfa-rex.php7 HTTP/1.1" 404 8273 "-" "-"
52.170.69.20 - - [05/Apr/2025:15:44:15 -0400] "GET /alfanew.php HTTP/1.1" 404 8273 "-" "-"
52.170.69.20 - - [05/Apr/2025:15:44:16 -0400] "GET /wp-content/plugins/Cache/Cache.php HTTP/1.1" 404 8272 "-" "-"
52.170.69.20 - - [05/Apr/2025:15:44:16 -0400] "GET /wp-admin/js/widgets/about.php7 HTTP/1.1" 404 8272 "-" "-"
52.170.69.20 - - [05/Apr/2025:15:44:16 -0400] "GET /wp-p.php7 HTTP/1.1" 404 8272 "-" "-"
52.170.69.20 - - [05/Apr/2025:15:44:17 -0400] "GET /wp-admin/repeater.php HTTP/1.1" 404 8272 "-" "-"
52.170.69.20 - - [05/Apr/2025:15:44:17 -0400] "GET /wp-includes/repeater.php HTTP/1.1" 404 8272 "-" "-"
52.170.69.20 - - [05/Apr/2025:15:44:17 -0400] "GET /wp-content/repeater.php HTTP/1.1" 404 8272 "-" "-"
52.170.69.20 - - [05/Apr/2025:15:44:18 -0400] "GET /wsoyanz.php HTTP/1.1" 404 8272 "-" "-"
52.170.69.20 - - [05/Apr/2025:15:44:18 -0400] "GET /yanz.php HTTP/1.1" 404 8272 "-" "-"
52.170.69.20 - - [05/Apr/2025:15:44:18 -0400] "GET /wp-content/plugins/seoo/wsoyanz.php HTTP/1.1" 404 8272 "-" "-"
52.170.69.20 - - [05/Apr/2025:15:44:18 -0400] "GET /wp-content/plugins/seoo/wsoyanz1.php HTTP/1.1" 404 8272 "-" "-"
52.170.69.20 - - [05/Apr/2025:15:44:19 -0400] "GET /cache-compat.php HTTP/1.1" 404 8272 "-" "-"
52.170.69.20 - - [05/Apr/2025:15:44:19 -0400] "GET /ajax-actions.php HTTP/1.1" 404 8272 "-" "-"
52.170.69.20 - - [05/Apr/2025:15:44:19 -0400] "GET /wp-admin/ajax-actions.php HTTP/1.1" 404 8272 "-" "-"
52.170.69.20 - - [05/Apr/2025:15:44:20 -0400] "GET /wp-consar.php HTTP/1.1" 404 8272 "-" "-"
52.170.69.20 - - [05/Apr/2025:15:44:20 -0400] "GET /repeater.php HTTP/1.1" 404 8272 "-" "-"
52.170.69.20 - - [05/Apr/2025:15:44:20 -0400] "GET /admin-post.php HTTP/1.1" 404 8272 "-" "-"
52.170.69.20 - - [05/Apr/2025:15:44:21 -0400] "GET /wp-admin/maint/maint/ajax-actions.php HTTP/1.1" 404 8272 "-" "-"
52.170.69.20 - - [05/Apr/2025:15:44:21 -0400] "GET /wp-admin/dropdown.php HTTP/1.1" 404 8272 "-" "-"
52.170.69.20 - - [05/Apr/2025:15:44:21 -0400] "GET /wp-admin/css/index.php HTTP/1.1" 301 0 "-" "-"
52.170.69.20 - - [05/Apr/2025:15:44:21 -0400] "GET /wp-admin/css/ HTTP/1.1" 403 1242 "-" "-"
52.170.69.20 - - [05/Apr/2025:15:44:21 -0400] "GET /dropdown.php HTTP/1.1" 404 8272 "-" "-"
52.170.69.20 - - [05/Apr/2025:15:44:21 -0400] "GET /about.php HTTP/1.1" 404 8271 "-" "-"
52.170.69.20 - - [05/Apr/2025:15:44:22 -0400] "GET /admin.php HTTP/1.1" 404 8271 "-" "-"
52.170.69.20 - - [05/Apr/2025:15:44:22 -0400] "GET /about.php7 HTTP/1.1" 404 8271 "-" "-"
52.170.69.20 - - [05/Apr/2025:15:44:22 -0400] "GET /alfanew.php7 HTTP/1.1" 404 8271 "-" "-"
52.170.69.20 - - [05/Apr/2025:15:44:22 -0400] "GET /adminfuns.php7 HTTP/1.1" 404 8272 "-" "-"
52.170.69.20 - - [05/Apr/2025:15:44:23 -0400] "GET /ebs.php7 HTTP/1.1" 404 8272 "-" "-"
52.170.69.20 - - [05/Apr/2025:15:44:23 -0400] "GET /ws.php7 HTTP/1.1" 404 8272 "-" "-"
52.170.69.20 - - [05/Apr/2025:15:44:23 -0400] "GET /alfanew2.php7 HTTP/1.1" 404 8272 "-" "-"
52.170.69.20 - - [05/Apr/2025:15:44:23 -0400] "GET /alfa-rex2.php7 HTTP/1.1" 404 8272 "-" "-"
52.170.69.20 - - [05/Apr/2025:15:44:24 -0400] "GET /wp-admin/images/index.php HTTP/1.1" 301 0 "-" "-"
52.170.69.20 - - [05/Apr/2025:15:44:24 -0400] "GET /wp-admin/images/ HTTP/1.1" 403 1242 "-" "-"
52.170.69.20 - - [05/Apr/2025:15:44:24 -0400] "GET /wp-admin/css/colors/index.php HTTP/1.1" 301 0 "-" "-"
52.170.69.20 - - [05/Apr/2025:15:44:24 -0400] "GET /wp-admin/css/colors/ HTTP/1.1" 403 1242 "-" "-"
52.170.69.20 - - [05/Apr/2025:15:44:24 -0400] "GET /wp-content/themes/pridmag/db.php HTTP/1.1" 404 8272 "-" "-"
52.170.69.20 - - [05/Apr/2025:15:44:25 -0400] "GET /wp-content/themes/seotheme/mar.php HTTP/1.1" 404 8272 "-" "-"
52.170.69.20 - - [05/Apr/2025:15:44:25 -0400] "GET /wp-content/plugins/linkpreview/db.php HTTP/1.1" 404 8272 "-" "-"
52.170.69.20 - - [05/Apr/2025:15:44:25 -0400] "GET /wp-content/themes/seotheme/db.php HTTP/1.1" 404 8272 "-" "-"
52.170.69.20 - - [05/Apr/2025:15:44:25 -0400] "GET /wp-content/plugins/seoplugins/db.php HTTP/1.1" 404 8272 "-" "-"
52.170.69.20 - - [05/Apr/2025:15:44:26 -0400] "GET /wp-content/plugins/seoplugins/mar.php HTTP/1.1" 404 8272 "-" "-"
52.170.69.20 - - [05/Apr/2025:15:44:26 -0400] "GET /.well-known/pki-validation/xmrlpc.php HTTP/1.1" 404 1251 "-" "-"
52.170.69.20 - - [05/Apr/2025:15:44:26 -0400] "GET /.well-known/acme-challenge/xmrlpc.php HTTP/1.1" 404 8272 "-" "-"
52.170.69.20 - - [05/Apr/2025:15:44:26 -0400] "GET /wp-admin/network/xmrlpc.php HTTP/1.1" 404 8272 "-" "-"
52.170.69.20 - - [05/Apr/2025:15:44:26 -0400] "GET /xmrlpc.php HTTP/1.1" 404 8272 "-" "-"
52.170.69.20 - - [05/Apr/2025:15:44:27 -0400] "GET /cgi-bin/xmrlpc.php HTTP/1.1" 404 8272 "-" "-"
52.170.69.20 - - [05/Apr/2025:15:44:27 -0400] "GET /css/xmrlpc.php HTTP/1.1" 404 8272 "-" "-"
52.170.69.20 - - [05/Apr/2025:15:44:27 -0400] "GET /wp-admin/user/xmrlpc.php HTTP/1.1" 404 8272 "-" "-"
52.170.69.20 - - [05/Apr/2025:15:44:27 -0400] "GET /img/xmrlpc.php HTTP/1.1" 404 8272 "-" "-"
52.170.69.20 - - [05/Apr/2025:15:44:28 -0400] "GET /wp-admin/css/colors/coffee/xmrlpc.php HTTP/1.1" 404 8272 "-" "-"
52.170.69.20 - - [05/Apr/2025:15:44:28 -0400] "GET /wp-admin/images/xmrlpc.php HTTP/1.1" 404 8272 "-" "-"
52.170.69.20 - - [05/Apr/2025:15:44:28 -0400] "GET /images/xmrlpc.php HTTP/1.1" 404 8272 "-" "-"
52.170.69.20 - - [05/Apr/2025:15:44:29 -0400] "GET /wp-admin/js/widgets/xmrlpc.php HTTP/1.1" 404 8272 "-" "-"
52.170.69.20 - - [05/Apr/2025:15:44:29 -0400] "GET /wp-admin/css/colors/xmrlpc.php HTTP/1.1" 404 8272 "-" "-"
52.170.69.20 - - [05/Apr/2025:15:44:29 -0400] "GET /wp-admin/includes/xmrlpc.php HTTP/1.1" 404 8272 "-" "-"
198.54.114.83 - - [05/Apr/2025:15:44:30 -0400] "POST /wp-cron.php?doing_wp_cron=1743882270.1520121097564697265625 HTTP/1.1" 200 0 "-" "WordPress/6.7.2; https://inversionesgoldie.com"
52.170.69.20 - - [05/Apr/2025:15:44:30 -0400] "GET /wp-admin/css/colors/blue/xmrlpc.php HTTP/1.1" 404 8272 "-" "-"
52.170.69.20 - - [05/Apr/2025:15:44:30 -0400] "GET /wp-admin/xmrlpc.php HTTP/1.1" 404 8272 "-" "-"
52.170.69.20 - - [05/Apr/2025:15:44:31 -0400] "GET /smaxx.php HTTP/1.1" 404 8272 "-" "-"
52.170.69.20 - - [05/Apr/2025:15:44:31 -0400] "GET /wp-admin/smaxx.php HTTP/1.1" 404 8272 "-" "-"
52.170.69.20 - - [05/Apr/2025:15:44:32 -0400] "GET /wp-content/plugins/WordPressCore/smaxx.php HTTP/1.1" 404 8271 "-" "-"
52.170.69.20 - - [05/Apr/2025:15:44:32 -0400] "GET /wp-includes/images/smaxx.php HTTP/1.1" 404 8271 "-" "-"
52.170.69.20 - - [05/Apr/2025:15:44:33 -0400] "GET /wp-content/plugins/core-plugin/smaxx.php HTTP/1.1" 404 8272 "-" "-"
52.170.69.20 - - [05/Apr/2025:15:44:33 -0400] "GET /wp-includes/smaxx.php HTTP/1.1" 404 8272 "-" "-"
52.170.69.20 - - [05/Apr/2025:15:44:33 -0400] "GET /wp-content/plugins/smaxx.php HTTP/1.1" 404 8272 "-" "-"
52.170.69.20 - - [05/Apr/2025:15:44:34 -0400] "GET /xt/smaxx.php HTTP/1.1" 404 8272 "-" "-"
52.170.69.20 - - [05/Apr/2025:15:44:34 -0400] "GET /wp-content/smaxx.php HTTP/1.1" 404 8272 "-" "-"
52.170.69.20 - - [05/Apr/2025:15:44:34 -0400] "GET /wp-content/themes/twentyfive/smaxx.php HTTP/1.1" 404 8274 "-" "-"
52.170.69.20 - - [05/Apr/2025:15:44:35 -0400] "GET /wp-content/upgrade/sx.php HTTP/1.1" 404 8274 "-" "-"
52.170.69.20 - - [05/Apr/2025:15:44:35 -0400] "GET /.well-known/pki-validation/sx.php HTTP/1.1" 404 1251 "-" "-"
52.170.69.20 - - [05/Apr/2025:15:44:35 -0400] "GET /wp-admin/user/sx.php HTTP/1.1" 404 8274 "-" "-"
52.170.69.20 - - [05/Apr/2025:15:44:35 -0400] "GET /wp-includes/ID3/sx.php HTTP/1.1" 404 8272 "-" "-"
52.170.69.20 - - [05/Apr/2025:15:44:36 -0400] "GET /wp-includes/blocks/sx.php HTTP/1.1" 404 8272 "-" "-"
52.170.69.20 - - [05/Apr/2025:15:44:36 -0400] "GET /sx.php HTTP/1.1" 404 8272 "-" "-"
52.170.69.20 - - [05/Apr/2025:15:44:37 -0400] "GET /wp-includes/sx.php HTTP/1.1" 404 8272 "-" "-"
52.170.69.20 - - [05/Apr/2025:15:44:37 -0400] "GET /wp-admin/sx.php HTTP/1.1" 404 8272 "-" "-"
52.170.69.20 - - [05/Apr/2025:15:44:37 -0400] "GET /wp-content/plugins/fix/sx.php HTTP/1.1" 404 8272 "-" "-"
52.170.69.20 - - [05/Apr/2025:15:44:37 -0400] "GET /wp-admin/includes/sx.php HTTP/1.1" 404 8272 "-" "-"
52.170.69.20 - - [05/Apr/2025:15:44:38 -0400] "GET /cgi-bin/sx.php HTTP/1.1" 404 8272 "-" "-"
52.170.69.20 - - [05/Apr/2025:15:44:38 -0400] "GET /wp-admin/css/sx.php HTTP/1.1" 404 8272 "-" "-"
52.170.69.20 - - [05/Apr/2025:15:44:38 -0400] "GET /wp-admin/network/sx.php HTTP/1.1" 404 8272 "-" "-"
52.170.69.20 - - [05/Apr/2025:15:44:39 -0400] "GET /wp-includes/block-supports/sx.php HTTP/1.1" 404 8272 "-" "-"
52.170.69.20 - - [05/Apr/2025:15:44:39 -0400] "GET /wp-includes/IXR/sx.php HTTP/1.1" 404 8272 "-" "-"
52.170.69.20 - - [05/Apr/2025:15:44:39 -0400] "GET /.well-known/sx.php HTTP/1.1" 404 8272 "-" "-"
52.170.69.20 - - [05/Apr/2025:15:44:39 -0400] "GET /wp-includes/js/tinymce/skins/lightgray/fonts/sx.php HTTP/1.1" 404 8272 "-" "-"
52.170.69.20 - - [05/Apr/2025:15:44:40 -0400] "GET /wp-content/sx.php HTTP/1.1" 404 8272 "-" "-"
52.170.69.20 - - [05/Apr/2025:15:44:40 -0400] "GET /wp-content/plugins/elementor/sx.php HTTP/1.1" 404 8272 "-" "-"
52.170.69.20 - - [05/Apr/2025:15:44:40 -0400] "GET /.well-known/acme-challenge/sx.php HTTP/1.1" 404 8272 "-" "-"
52.170.69.20 - - [05/Apr/2025:15:44:41 -0400] "GET /wp-includes/js/jcrop/sx.php HTTP/1.1" 404 8272 "-" "-"
52.170.69.20 - - [05/Apr/2025:15:44:41 -0400] "GET /wp-includes/rest-api/sx.php HTTP/1.1" 404 8272 "-" "-"
52.170.69.20 - - [05/Apr/2025:15:44:41 -0400] "GET /wp-admin/images/sx.php HTTP/1.1" 404 8272 "-" "-"
52.170.69.20 - - [05/Apr/2025:15:44:41 -0400] "GET /wp-admin/css/colors/blue/blue.php HTTP/1.1" 404 8272 "-" "-"
52.170.69.20 - - [05/Apr/2025:15:44:41 -0400] "GET /chosen HTTP/1.1" 404 8271 "-" "-"
52.170.69.20 - - [05/Apr/2025:15:44:42 -0400] "GET /wp-content/plugins/fix/up.php HTTP/1.1" 404 8271 "-" "-"
52.170.69.20 - - [05/Apr/2025:15:44:42 -0400] "GET /install.php HTTP/1.1" 404 8271 "-" "-"
52.170.69.20 - - [05/Apr/2025:15:44:42 -0400] "GET /wp-includes/images/include.php HTTP/1.1" 404 8271 "-" "-"
52.170.69.20 - - [05/Apr/2025:15:44:42 -0400] "GET /gel4y.php HTTP/1.1" 404 8272 "-" "-"
52.170.69.20 - - [05/Apr/2025:15:44:43 -0400] "GET /comfunctions.php HTTP/1.1" 404 8272 "-" "-"
52.170.69.20 - - [05/Apr/2025:15:44:43 -0400] "GET /wp-content/plugins/core-plugin/include.php HTTP/1.1" 404 8272 "-" "-"
52.170.69.20 - - [05/Apr/2025:15:44:43 -0400] "GET /wp-content/themes/wp-classic/inc/index.php HTTP/1.1" 301 0 "-" "-"
52.170.69.20 - - [05/Apr/2025:15:44:43 -0400] "GET /wp-content/themes/wp-classic/inc/ HTTP/1.1" 404 8271 "-" "-"
52.170.69.20 - - [05/Apr/2025:15:44:44 -0400] "GET /assets/images/1p.php HTTP/1.1" 404 8271 "-" "-"
52.170.69.20 - - [05/Apr/2025:15:44:44 -0400] "GET /class.api.php HTTP/1.1" 404 8271 "-" "-"
52.170.69.20 - - [05/Apr/2025:15:44:44 -0400] "GET /plugin.php HTTP/1.1" 404 8271 "-" "-"
52.170.69.20 - - [05/Apr/2025:15:44:44 -0400] "GET /wp-mail.php HTTP/1.1" 403 1123 "-" "-"
52.170.69.20 - - [05/Apr/2025:15:44:45 -0400] "GET /cong.php HTTP/1.1" 404 8272 "-" "-"
52.170.69.20 - - [05/Apr/2025:15:44:46 -0400] "GET /wp-content/index.php HTTP/1.1" 200 0 "-" "-"
52.170.69.20 - - [05/Apr/2025:15:44:46 -0400] "GET /.well-known/acme-challenge/xmrlpc.php HTTP/1.1" 404 8272 "-" "-"
52.170.69.20 - - [05/Apr/2025:15:44:46 -0400] "GET /wp-configs.php HTTP/1.1" 404 8272 "-" "-"
52.170.69.20 - - [05/Apr/2025:15:44:46 -0400] "GET /mah.php HTTP/1.1" 404 8272 "-" "-"
52.170.69.20 - - [05/Apr/2025:15:44:47 -0400] "GET /defaults.php HTTP/1.1" 404 8272 "-" "-"
52.170.69.20 - - [05/Apr/2025:15:44:47 -0400] "GET /wp-content/themes/sketch/404.php HTTP/1.1" 404 8272 "-" "-"
52.170.69.20 - - [05/Apr/2025:15:44:47 -0400] "GET /input.php HTTP/1.1" 404 8272 "-" "-"
52.170.69.20 - - [05/Apr/2025:15:44:47 -0400] "GET /admin-ajax.php HTTP/1.1" 404 8272 "-" "-"
52.170.69.20 - - [05/Apr/2025:15:44:48 -0400] "GET /0z.php HTTP/1.1" 404 8272 "-" "-"
52.170.69.20 - - [05/Apr/2025:15:44:48 -0400] "GET /media.php HTTP/1.1" 404 8272 "-" "-"
52.170.69.20 - - [05/Apr/2025:15:44:48 -0400] "GET /chosen.php HTTP/1.1" 404 8272 "-" "-"
52.170.69.20 - - [05/Apr/2025:15:44:48 -0400] "GET /wp-includes/fonts/wp-login.php HTTP/1.1" 404 8272 "-" "-"
52.170.69.20 - - [05/Apr/2025:15:44:49 -0400] "GET /wp-admin/users.php HTTP/1.1" 302 0 "-" "-"
52.170.69.20 - - [05/Apr/2025:15:44:49 -0400] "GET /wp-content/uploads/cache.php HTTP/1.1" 404 8272 "-" "-"
52.170.69.20 - - [05/Apr/2025:15:44:50 -0400] "GET /.well-known/pki-validation/file.php HTTP/1.1" 404 1251 "-" "-"
52.170.69.20 - - [05/Apr/2025:15:44:50 -0400] "GET /.wp-cli/wp-login.php HTTP/1.1" 404 8272 "-" "-"
52.170.69.20 - - [05/Apr/2025:15:44:50 -0400] "GET /authorize.php HTTP/1.1" 404 8272 "-" "-"
52.170.69.20 - - [05/Apr/2025:15:44:50 -0400] "GET /wp-admin/css/colors/blue/CasperExV1.php HTTP/1.1" 404 8272 "-" "-"
52.170.69.20 - - [05/Apr/2025:15:44:50 -0400] "GET /wp-admin/includes/users.php HTTP/1.1" 404 8272 "-" "-"
52.170.69.20 - - [05/Apr/2025:15:44:51 -0400] "GET /wp-content/plugins/revslider/includes/external/page/index.php HTTP/1.1" 301 0 "-" "-"
52.170.69.20 - - [05/Apr/2025:15:44:51 -0400] "GET /wp-content/plugins/revslider/includes/external/page/ HTTP/1.1" 404 8272 "-" "-"
52.170.69.20 - - [05/Apr/2025:15:44:51 -0400] "GET /wp.php HTTP/1.1" 404 8272 "-" "-"
52.170.69.20 - - [05/Apr/2025:15:44:51 -0400] "GET /wp-content/plugins/WordPressCore/include.php HTTP/1.1" 404 8272 "-" "-"
52.170.69.20 - - [05/Apr/2025:15:44:51 -0400] "GET /wp-2019.php HTTP/1.1" 404 8272 "-" "-"
52.170.69.20 - - [05/Apr/2025:15:44:51 -0400] "GET /upload.php HTTP/1.1" 404 8271 "-" "-"
52.170.69.20 - - [05/Apr/2025:15:44:52 -0400] "GET /themes.php HTTP/1.1" 404 8271 "-" "-"
52.170.69.20 - - [05/Apr/2025:15:44:52 -0400] "GET /wp-admin/network/index.php HTTP/1.1" 302 0 "-" "-"
52.170.69.20 - - [05/Apr/2025:15:44:52 -0400] "GET /wp-content/plugins/WordPressCore/blkfqnikz.php HTTP/1.1" 404 8271 "-" "-"
52.170.69.20 - - [05/Apr/2025:15:44:52 -0400] "GET /wp/wp-admin/includes/class-wp-page-mvb2yr.php HTTP/1.1" 404 8272 "-" "-"
52.170.69.20 - - [05/Apr/2025:15:44:53 -0400] "GET /content.php HTTP/1.1" 404 8272 "-" "-"
52.170.69.20 - - [05/Apr/2025:15:44:53 -0400] "GET /st.php HTTP/1.1" 404 8272 "-" "-"
52.170.69.20 - - [05/Apr/2025:15:44:53 -0400] "GET /wp-includes/images/smilies/about.php HTTP/1.1" 404 8272 "-" "-"
52.170.69.20 - - [05/Apr/2025:15:44:53 -0400] "GET /simple.php HTTP/1.1" 404 8272 "-" "-"
52.170.69.20 - - [05/Apr/2025:15:44:53 -0400] "GET /function.php HTTP/1.1" 404 8272 "-" "-"
52.170.69.20 - - [05/Apr/2025:15:44:54 -0400] "GET /ynz.PhP7 HTTP/1.1" 404 8272 "-" "-"
52.170.69.20 - - [05/Apr/2025:15:44:54 -0400] "GET /wp-content/style-css.php HTTP/1.1" 404 8272 "-" "-"
52.170.69.20 - - [05/Apr/2025:15:44:54 -0400] "GET /wp-includes/IXR/wp-login.php HTTP/1.1" 404 8274 "-" "-"
52.170.69.20 - - [05/Apr/2025:15:44:55 -0400] "GET /.well-known/acme-challenge/about.php HTTP/1.1" 404 8274 "-" "-"
52.170.69.20 - - [05/Apr/2025:15:44:55 -0400] "GET /wordpress/wp-includes/IXR/allez.php HTTP/1.1" 404 8274 "-" "-"
52.170.69.20 - - [05/Apr/2025:15:44:55 -0400] "GET /rendixd.php HTTP/1.1" 404 8274 "-" "-"
52.170.69.20 - - [05/Apr/2025:15:44:55 -0400] "GET /wp-admin/css/admin.php HTTP/1.1" 404 8274 "-" "-"
52.170.69.20 - - [05/Apr/2025:15:44:55 -0400] "GET /filefuns.php HTTP/1.1" 404 8272 "-" "-"
52.170.69.20 - - [05/Apr/2025:15:44:56 -0400] "GET /options.php HTTP/1.1" 404 8272 "-" "-"
52.170.69.20 - - [05/Apr/2025:15:44:56 -0400] "GET /wp-includes/js/tinymce/skins/lightgray/img/index.php HTTP/1.1" 301 0 "-" "-"
52.170.69.20 - - [05/Apr/2025:15:44:56 -0400] "GET /wp-includes/js/tinymce/skins/lightgray/img/ HTTP/1.1" 403 1242 "-" "-"
52.170.69.20 - - [05/Apr/2025:15:44:56 -0400] "GET /edit.php HTTP/1.1" 404 8272 "-" "-"
52.170.69.20 - - [05/Apr/2025:15:44:56 -0400] "GET /user.php HTTP/1.1" 404 8272 "-" "-"
52.170.69.20 - - [05/Apr/2025:15:44:56 -0400] "GET /worm0.PhP7 HTTP/1.1" 404 8272 "-" "-"
52.170.69.20 - - [05/Apr/2025:15:44:57 -0400] "GET /wp-includes/js/tinymce/skins/wordpress/images/index.php HTTP/1.1" 301 0 "-" "-"
52.170.69.20 - - [05/Apr/2025:15:44:57 -0400] "GET /wp-includes/js/tinymce/skins/wordpress/images/ HTTP/1.1" 403 1242 "-" "-"
52.170.69.20 - - [05/Apr/2025:15:44:57 -0400] "GET /.well-known//.well-known/owlmailer.php HTTP/1.1" 301 0 "-" "-"
52.170.69.20 - - [05/Apr/2025:15:44:57 -0400] "GET /.well-known/.well-known/owlmailer.php HTTP/1.1" 404 8272 "-" "-"
52.170.69.20 - - [05/Apr/2025:15:44:57 -0400] "GET /wp-content/uploads/cong.php HTTP/1.1" 404 8272 "-" "-"
52.170.69.20 - - [05/Apr/2025:15:44:58 -0400] "GET /01.php HTTP/1.1" 404 8272 "-" "-"
52.170.69.20 - - [05/Apr/2025:15:44:58 -0400] "GET /wp-content/uploads/wp-login.php.suspected HTTP/1.1" 404 8272 "-" "-"
52.170.69.20 - - [05/Apr/2025:15:44:58 -0400] "GET /wp-includes/rest-api/endpoints/html.php HTTP/1.1" 404 8272 "-" "-"
52.170.69.20 - - [05/Apr/2025:15:44:58 -0400] "GET /wp-admin/js/widgets/cong.php HTTP/1.1" 404 8272 "-" "-"
52.170.69.20 - - [05/Apr/2025:15:44:58 -0400] "GET /doc.php HTTP/1.1" 404 8272 "-" "-"
52.170.69.20 - - [05/Apr/2025:15:44:59 -0400] "GET /ws.php HTTP/1.1" 404 8272 "-" "-"
52.170.69.20 - - [05/Apr/2025:15:44:59 -0400] "GET /link.php HTTP/1.1" 404 8272 "-" "-"
52.170.69.20 - - [05/Apr/2025:15:44:59 -0400] "GET /autoload_classmap.php HTTP/1.1" 404 8272 "-" "-"
52.170.69.20 - - [05/Apr/2025:15:44:59 -0400] "GET /wp-admin/js/privacy-tools.min.php HTTP/1.1" 404 8273 "-" "-"
52.170.69.20 - - [05/Apr/2025:15:45:00 -0400] "GET /wp-includes/pomo/wp-login.php HTTP/1.1" 404 8273 "-" "-"
52.170.69.20 - - [05/Apr/2025:15:45:00 -0400] "GET /db.php HTTP/1.1" 404 8273 "-" "-"
52.170.69.20 - - [05/Apr/2025:15:45:00 -0400] "GET /wp-content/uploads/error_log.php HTTP/1.1" 404 8273 "-" "-"
52.170.69.20 - - [05/Apr/2025:15:45:00 -0400] "GET /google.php HTTP/1.1" 404 8272 "-" "-"
52.170.69.20 - - [05/Apr/2025:15:45:01 -0400] "GET /wp-includes/sts.php HTTP/1.1" 404 8272 "-" "-"
52.170.69.20 - - [05/Apr/2025:15:45:01 -0400] "GET /wp-includes/pomo/fgertreyersd.php.suspected HTTP/1.1" 404 8272 "-" "-"
52.170.69.20 - - [05/Apr/2025:15:45:01 -0400] "GET /wp-includes/Requests/dropdown.php HTTP/1.1" 404 8271 "-" "-"
52.170.69.20 - - [05/Apr/2025:15:45:02 -0400] "GET /wp-content/install.php HTTP/1.1" 404 8271 "-" "-"
52.170.69.20 - - [05/Apr/2025:15:45:02 -0400] "GET /.well-known/admin.php HTTP/1.1" 404 8271 "-" "-"
52.170.69.20 - - [05/Apr/2025:15:45:03 -0400] "GET /revision.php HTTP/1.1" 404 8272 "-" "-"
52.170.69.20 - - [05/Apr/2025:15:45:03 -0400] "GET /css/sgd.php HTTP/1.1" 404 8272 "-" "-"
52.170.69.20 - - [05/Apr/2025:15:45:03 -0400] "GET /wp-content/plugins/index.php HTTP/1.1" 200 0 "-" "-"
198.54.114.83 - - [05/Apr/2025:15:58:24 -0400] "POST /wp-cron.php?doing_wp_cron=1743883103.6491699218750000000000 HTTP/1.1" 200 0 "-" "WordPress/6.7.2; https://inversionesgoldie.com"
216.244.66.243 - - [05/Apr/2025:15:58:19 -0400] "GET /family-mediation-services/ HTTP/1.1" 200 11449 "-" "Mozilla/5.0 (compatible; DotBot/1.2; +https://opensiteexplorer.org/dotbot; help@moz.com)"
198.54.114.83 - - [05/Apr/2025:16:00:43 -0400] "POST /wp-cron.php?doing_wp_cron=1743883242.4891309738159179687500 HTTP/1.1" 200 0 "-" "WordPress/6.7.2; https://inversionesgoldie.com"
216.244.66.243 - - [05/Apr/2025:16:00:42 -0400] "GET /how-can-you-tell-if-a-michael-kors-tote-is-authentic/ HTTP/1.1" 200 11811 "-" "Mozilla/5.0 (compatible; DotBot/1.2; +https://opensiteexplorer.org/dotbot; help@moz.com)"
198.54.114.83 - - [05/Apr/2025:16:02:55 -0400] "POST /wp-cron.php?doing_wp_cron=1743883375.2656309604644775390625 HTTP/1.1" 200 0 "-" "WordPress/6.7.2; https://inversionesgoldie.com"
216.244.66.243 - - [05/Apr/2025:16:02:51 -0400] "GET /top-5-employee-communication-apps/ HTTP/1.1" 200 13063 "-" "Mozilla/5.0 (compatible; DotBot/1.2; +https://opensiteexplorer.org/dotbot; help@moz.com)"
198.54.114.83 - - [05/Apr/2025:16:03:35 -0400] "POST /wp-cron.php?doing_wp_cron=1743883414.6387579441070556640625 HTTP/1.1" 200 0 "-" "WordPress/6.7.2; https://inversionesgoldie.com"
216.244.66.243 - - [05/Apr/2025:16:03:34 -0400] "GET /the-michael-kors-backpack-is-a-stylish-way-to-keep-your-essentials-within-reach/ HTTP/1.1" 200 12001 "-" "Mozilla/5.0 (compatible; DotBot/1.2; +https://opensiteexplorer.org/dotbot; help@moz.com)"
45.139.125.100 - - [05/Apr/2025:16:09:13 -0400] "GET /why-buy-an-amd-motherboard/ HTTP/1.1" 200 11674 "-" "Mozilla/5.0 (Windows NT 10.0; WOW64) AppleWebKit/537.36 (KHTML, like Gecko) Chrome/114.0.0.0 YaBrowser/22.7.0 Yowser/2.5 Safari/537.36"
194.35.113.118 - - [05/Apr/2025:16:09:26 -0400] "GET /why-buy-an-amd-motherboard/ HTTP/1.1" 200 11674 "http://inversionesgoldie.com/why-buy-an-amd-motherboard/" "Mozilla/5.0 (Windows NT 6.3; Win64; x64) AppleWebKit/537.36 (KHTML, like Gecko) Chrome/103.0.0.0 Safari/537.36"
46.8.155.22 - - [05/Apr/2025:16:09:28 -0400] "POST /wp-comments-post.php HTTP/1.1" 302 0 "http://inversionesgoldie.com/why-buy-an-amd-motherboard/" "Mozilla/5.0 (Windows NT 6.3; Win64; x64) AppleWebKit/537.36 (KHTML, like Gecko) Chrome/103.0.0.0 Safari/537.36"
45.139.125.100 - - [05/Apr/2025:16:09:38 -0400] "GET /why-buy-an-amd-motherboard/ HTTP/1.1" 200 11674 "-" "Mozilla/5.0 (Windows NT 6.3; Win64; x64) AppleWebKit/537.36 (KHTML, like Gecko) Chrome/103.0.0.0 Safari/537.36"
198.54.114.83 - - [05/Apr/2025:16:10:46 -0400] "POST /wp-cron.php?doing_wp_cron=1743883846.3042879104614257812500 HTTP/1.1" 200 0 "-" "WordPress/6.7.2; https://inversionesgoldie.com"
216.244.66.243 - - [05/Apr/2025:16:10:45 -0400] "GET /how-does-a-dental-crown-work/feed/ HTTP/1.1" 200 434 "-" "Mozilla/5.0 (compatible; DotBot/1.2; +https://opensiteexplorer.org/dotbot; help@moz.com)"
216.244.66.243 - - [05/Apr/2025:16:11:12 -0400] "GET /how-to-select-inch-bolts/feed/ HTTP/1.1" 200 427 "-" "Mozilla/5.0 (compatible; DotBot/1.2; +https://opensiteexplorer.org/dotbot; help@moz.com)"
121.62.29.210 - - [05/Apr/2025:16:12:17 -0400] "GET / HTTP/1.1" 200 98560 "http://inversionesgoldie.com" "Mozilla/5.0 (Linux;u;Android 4.2.2;zh-cn;)"
121.62.29.210 - - [05/Apr/2025:16:12:16 -0400] "GET /xmlrpc.php HTTP/1.1" 405 60 "http://inversionesgoldie.com" "Mozilla/5.0 (compatible; iaskspider/1.0; MSIE 6.0)"
216.244.66.243 - - [05/Apr/2025:16:12:24 -0400] "GET /73701-misoprostol-precio-villavicencio-21469/ HTTP/1.1" 404 8271 "-" "Mozilla/5.0 (compatible; DotBot/1.2; +https://opensiteexplorer.org/dotbot; help@moz.com)"
46.8.155.22 - - [05/Apr/2025:16:12:38 -0400] "GET /why-buy-an-amd-motherboard/ HTTP/1.1" 200 11674 "-" "Mozilla/5.0 (Macintosh; Intel Mac OS X 12_5) AppleWebKit/537.36 (KHTML, like Gecko) Chrome/114.0.0.0 Safari/537.36 Vivaldi/5.3.2679.68"
198.54.114.83 - - [05/Apr/2025:16:12:46 -0400] "POST /wp-cron.php?doing_wp_cron=1743883965.8929541110992431640625 HTTP/1.1" 200 0 "-" "WordPress/6.7.2; https://inversionesgoldie.com"
216.244.66.243 - - [05/Apr/2025:16:12:45 -0400] "GET /der-allgegenwartige-einfluss-von-uberwachungskameras/feed/ HTTP/1.1" 200 460 "-" "Mozilla/5.0 (compatible; DotBot/1.2; +https://opensiteexplorer.org/dotbot; help@moz.com)"
195.26.225.218 - - [05/Apr/2025:16:15:19 -0400] "GET /building-true-team-spirit-for-peak-performance-in-sports-part-1/ HTTP/1.1" 200 13710 "http://inversionesgoldie.com/building-true-team-spirit-for-peak-performance-in-sports-part-1/" "Mozilla/5.0 (Windows NT 10.0; Win64; x64) AppleWebKit/537.36 (KHTML, like Gecko) Chrome/131.0.0.0 Safari/537.36"
198.54.114.83 - - [05/Apr/2025:16:15:23 -0400] "POST /wp-cron.php?doing_wp_cron=1743884122.3411040306091308593750 HTTP/1.1" 200 0 "-" "WordPress/6.7.2; https://inversionesgoldie.com"
195.26.225.218 - - [05/Apr/2025:16:15:20 -0400] "POST /wp-comments-post.php HTTP/1.1" 302 0 "http://inversionesgoldie.com/building-true-team-spirit-for-peak-performance-in-sports-part-1/" "Mozilla/5.0 (Windows NT 10.0; Win64; x64) AppleWebKit/537.36 (KHTML, like Gecko) Chrome/131.0.0.0 Safari/537.36"
198.54.114.83 - - [05/Apr/2025:16:17:25 -0400] "POST /wp-cron.php?doing_wp_cron=1743884245.1329319477081298828125 HTTP/1.1" 200 0 "-" "WordPress/6.7.2; https://inversionesgoldie.com"
216.244.66.243 - - [05/Apr/2025:16:17:21 -0400] "GET /bring-a-family-member-to-the-united-states-with-an-experienced-immigration-lawyer/feed/ HTTP/1.1" 200 493 "-" "Mozilla/5.0 (compatible; DotBot/1.2; +https://opensiteexplorer.org/dotbot; help@moz.com)"
84.247.50.194 - - [05/Apr/2025:16:27:04 -0400] "GET /commercial-building-disclosure-has-arrived/ HTTP/1.1" 200 13301 "http://inversionesgoldie.com/commercial-building-disclosure-has-arrived/" "Mozilla/5.0 (Windows NT 10.0; Win64; x64) AppleWebKit/537.36 (KHTML, like Gecko) Chrome/131.0.0.0 Safari/537.36 Avast/131.0.0.0"
198.54.114.83 - - [05/Apr/2025:16:27:05 -0400] "POST /wp-cron.php?doing_wp_cron=1743884825.7047770023345947265625 HTTP/1.1" 200 0 "-" "WordPress/6.7.2; https://inversionesgoldie.com"
84.247.50.194 - - [05/Apr/2025:16:27:05 -0400] "POST /wp-comments-post.php HTTP/1.1" 302 0 "http://inversionesgoldie.com/commercial-building-disclosure-has-arrived/" "Mozilla/5.0 (Windows NT 10.0; Win64; x64) AppleWebKit/537.36 (KHTML, like Gecko) Chrome/131.0.0.0 Safari/537.36 Avast/131.0.0.0"
198.54.114.83 - - [05/Apr/2025:16:39:51 -0400] "POST /wp-cron.php?doing_wp_cron=1743885591.2490310668945312500000 HTTP/1.1" 200 0 "-" "WordPress/6.7.2; https://inversionesgoldie.com"
61.130.144.178 - - [05/Apr/2025:16:39:48 -0400] "GET /plus/img/df_dedetitle.gif HTTP/1.1" 404 8271 "http://inversionesgoldie.com/plus/img/df_dedetitle.gif" "Mozilla/4.0 (compatible; MSIE 9.0; Windows NT 6.1)"
216.244.66.243 - - [05/Apr/2025:16:41:42 -0400] "GET /robots.txt HTTP/1.1" 200 132 "-" "Mozilla/5.0 (compatible; DotBot/1.2; +https://opensiteexplorer.org/dotbot; help@moz.com)"
198.54.114.83 - - [05/Apr/2025:16:52:59 -0400] "POST /wp-cron.php?doing_wp_cron=1743886379.6257500648498535156250 HTTP/1.1" 200 0 "-" "WordPress/6.7.2; https://inversionesgoldie.com"
216.244.66.243 - - [05/Apr/2025:16:52:59 -0400] "GET /chatgpt-is-one-year-old-heres-how-it-changed-the/feed/ HTTP/1.1" 200 465 "-" "Mozilla/5.0 (compatible; DotBot/1.2; +https://opensiteexplorer.org/dotbot; help@moz.com)"
216.244.66.243 - - [05/Apr/2025:16:55:04 -0400] "GET /cache-level-3-and-early-learning-centres/ HTTP/1.1" 200 12767 "-" "Mozilla/5.0 (compatible; DotBot/1.2; +https://opensiteexplorer.org/dotbot; help@moz.com)"
198.54.114.83 - - [05/Apr/2025:17:04:18 -0400] "POST /wp-cron.php?doing_wp_cron=1743887057.8184421062469482421875 HTTP/1.1" 200 0 "-" "WordPress/6.7.2; https://inversionesgoldie.com"
216.244.66.243 - - [05/Apr/2025:17:04:17 -0400] "GET /32538-acheter-cytotec-au-maroc-41285/ HTTP/1.1" 404 8272 "-" "Mozilla/5.0 (compatible; DotBot/1.2; +https://opensiteexplorer.org/dotbot; help@moz.com)"
216.244.66.243 - - [05/Apr/2025:17:04:24 -0400] "GET /86376-is-flixonase-prescription-only-13545/ HTTP/1.1" 404 8272 "-" "Mozilla/5.0 (compatible; DotBot/1.2; +https://opensiteexplorer.org/dotbot; help@moz.com)"
198.54.114.83 - - [05/Apr/2025:17:05:59 -0400] "POST /wp-cron.php?doing_wp_cron=1743887159.2444519996643066406250 HTTP/1.1" 200 0 "-" "WordPress/6.7.2; https://inversionesgoldie.com"
216.244.66.243 - - [05/Apr/2025:17:05:55 -0400] "GET /how-to-fix-twitch-lag-in-windows-8-windows-7-and-earlier-versions/ HTTP/1.1" 200 12736 "-" "Mozilla/5.0 (compatible; DotBot/1.2; +https://opensiteexplorer.org/dotbot; help@moz.com)"
198.54.114.83 - - [05/Apr/2025:17:08:09 -0400] "POST /wp-cron.php?doing_wp_cron=1743887289.3544890880584716796875 HTTP/1.1" 200 0 "-" "WordPress/6.7.2; https://inversionesgoldie.com"
121.62.29.210 - - [05/Apr/2025:17:08:07 -0400] "GET /zb_users/avatar/0.png HTTP/1.1" 404 8272 "http://inversionesgoldie.com" "(compatible; Baiduspider/2.0; +http://www.baidu.com/search/spider.html\xa3\xa9"
198.54.114.83 - - [05/Apr/2025:17:14:10 -0400] "POST /wp-cron.php?doing_wp_cron=1743887649.7631819248199462890625 HTTP/1.1" 200 0 "-" "WordPress/6.7.2; https://inversionesgoldie.com"
216.244.66.243 - - [05/Apr/2025:17:14:07 -0400] "GET /must-have-keys-to-successful-sports-betting-online/feed/ HTTP/1.1" 200 460 "-" "Mozilla/5.0 (compatible; DotBot/1.2; +https://opensiteexplorer.org/dotbot; help@moz.com)"
37.139.53.198 - - [05/Apr/2025:17:27:20 -0400] "GET /building-true-team-spirit-for-peak-performance-in-sports-part-1/ HTTP/1.1" 200 13710 "-" "Mozilla/5.0 (Macintosh; Intel Mac OS X 12_5) AppleWebKit/537.36 (KHTML, like Gecko) Chrome/114.0.0.0 Safari/537.36"
37.139.53.198 - - [05/Apr/2025:17:27:28 -0400] "GET /building-true-team-spirit-for-peak-performance-in-sports-part-1/ HTTP/1.1" 200 13710 "http://inversionesgoldie.com/building-true-team-spirit-for-peak-performance-in-sports-part-1/" "Mozilla/5.0 (Windows NT 6.3; Win64; x64) AppleWebKit/537.36 (KHTML, like Gecko) Chrome/103.0.0.0 Safari/537.36"
37.139.53.198 - - [05/Apr/2025:17:27:29 -0400] "POST /wp-comments-post.php HTTP/1.1" 302 0 "http://inversionesgoldie.com/building-true-team-spirit-for-peak-performance-in-sports-part-1/" "Mozilla/5.0 (Windows NT 6.3; Win64; x64) AppleWebKit/537.36 (KHTML, like Gecko) Chrome/103.0.0.0 Safari/537.36"
37.139.53.198 - - [05/Apr/2025:17:27:32 -0400] "GET /building-true-team-spirit-for-peak-performance-in-sports-part-1/ HTTP/1.1" 200 13710 "-" "Mozilla/5.0 (Windows NT 6.3; Win64; x64) AppleWebKit/537.36 (KHTML, like Gecko) Chrome/103.0.0.0 Safari/537.36"
216.244.66.243 - - [05/Apr/2025:17:30:54 -0400] "GET /robots.txt HTTP/1.1" 304 0 "-" "Mozilla/5.0 (compatible; DotBot/1.2; +https://opensiteexplorer.org/dotbot; help@moz.com)"
198.54.114.83 - - [05/Apr/2025:17:34:24 -0400] "POST /wp-cron.php?doing_wp_cron=1743888864.3732149600982666015625 HTTP/1.1" 200 0 "-" "WordPress/6.7.2; https://inversionesgoldie.com"
2602:fb54:313:: - - [05/Apr/2025:17:34:20 -0400] "GET /administrator/index.php HTTP/1.1" 301 0 "http://inversionesgoldie.com" "Mozilla/5.0 (Windows NT 10.0; Win64; x64) AppleWebKit/537.36 (KHTML, like Gecko) Chrome/124.0.0.0 Safari/537.36"
2602:fb54:313:: - - [05/Apr/2025:17:34:25 -0400] "GET /administrator/ HTTP/1.1" 404 8272 "http://inversionesgoldie.com" "Mozilla/5.0 (Windows NT 10.0; Win64; x64) AppleWebKit/537.36 (KHTML, like Gecko) Chrome/124.0.0.0 Safari/537.36"
2602:fb54:313:: - - [05/Apr/2025:17:34:29 -0400] "POST /user/login HTTP/1.1" 404 8225 "https://inversionesgoldie.com/user/login" "Mozilla/5.0 (Windows NT 10.0; Win64; x64) AppleWebKit/537.36 (KHTML, like Gecko) Chrome/129.0.0.0 Safari/537.36"
