43.134.45.13 - - [02/Apr/2025:20:50:58 -0400] "GET /the-biggest-fears-in-life-and-how-to-overcome-them/ HTTP/1.1" 200 12117 "http://inversionesgoldie.com" "Mozilla/5.0 (Windows NT 10.0; Win64; x64) AppleWebKit/537.36 (KHTML, like Gecko) Chrome/62.0.3202.94 Safari/537.36"
43.134.45.13 - - [02/Apr/2025:20:51:03 -0400] "POST /wp-comments-post.php HTTP/1.1" 302 0 "http://inversionesgoldie.com" "Mozilla/5.0 (Windows NT 10.0; Win64; x64) AppleWebKit/537.36 (KHTML, like Gecko) Chrome/62.0.3202.94 Safari/537.36"
138.68.178.105 - - [02/Apr/2025:20:54:41 -0400] "GET / HTTP/1.1" 200 98560 "-" "Mozilla/5.0 (compatible)"
156.228.105.134 - - [02/Apr/2025:20:55:32 -0400] "GET /the-biggest-fears-in-life-and-how-to-overcome-them/ HTTP/1.1" 200 12117 "-" "Mozilla/5.0 (Macintosh; Intel Mac OS X 12_5) AppleWebKit/537.36 (KHTML, like Gecko) Chrome/114.0.0.0 Safari/537.36"
176.38.0.194 - - [02/Apr/2025:21:01:09 -0400] "GET /robots.txt HTTP/1.1" 200 132 "-" "Mozilla/5.0 (compatible; MJ12bot/v1.4.8; http://mj12bot.com/)"
176.38.0.194 - - [02/Apr/2025:21:01:11 -0400] "GET / HTTP/1.1" 200 98560 "-" "Mozilla/5.0 (compatible; MJ12bot/v1.4.8; http://mj12bot.com/)"
109.70.100.2 - - [02/Apr/2025:21:01:40 -0400] "GET / HTTP/1.1" 200 98560 "inversionesgoldie.com" "Mozilla/5.0 (Windows NT 6.3; Win64; x64) AppleWebKit/537.36 (KHTML, like Gecko) Chrome/85.0.4183.102 Safari/537.36"
185.220.101.43 - - [02/Apr/2025:21:02:26 -0400] "GET / HTTP/1.1" 200 98560 "http://inversionesgoldie.com" "Mozilla/5.0 (Windows NT 6.3; Win64; x64) AppleWebKit/537.36 (KHTML, like Gecko) Chrome/85.0.4183.102 Safari/537.36"
84.239.48.20 - - [02/Apr/2025:21:09:43 -0400] "GET /.env HTTP/1.1" 403 1242 "-" "Mozilla/5.0 (Macintosh; Intel Mac OS X 10.15; rv:77.0) Gecko/20100101 Firefox/77.0"
172.167.161.8 - - [02/Apr/2025:21:11:00 -0400] "GET /building-true-team-spirit-for-peak-performance-in-sports-part-1/ HTTP/1.1" 200 13712 "-" "Mozilla/5.0 (Macintosh; Intel Mac OS X 12_5) AppleWebKit/537.36 (KHTML, like Gecko) Chrome/114.0.0.0 Safari/537.36"
198.54.114.83 - - [02/Apr/2025:21:20:13 -0400] "POST /wp-cron.php?doing_wp_cron=1743643212.7382619380950927734375 HTTP/1.1" 200 0 "-" "WordPress/6.7.2; https://inversionesgoldie.com"
93.123.109.101 - - [02/Apr/2025:21:20:10 -0400] "GET /lzdmod/desktop-footer/6.1.1/pc/index.js HTTP/1.1" 404 8272 "-" "Mozilla/5.0 (Macintosh; Intel Mac OS X 10_15_7) AppleWebKit/537.36 Chrome/120.0.0.0"
61.130.144.178 - - [02/Apr/2025:21:23:41 -0400] "GET / HTTP/1.1" 200 98560 "http://inversionesgoldie.com" "Mozilla/5.0 (Linux;u;Android 4.2.2;zh-cn;)"
129.80.255.13 - - [02/Apr/2025:22:04:33 -0400] "GET / HTTP/1.1" 200 98560 "-" "Mozilla/5.0 (Windows NT 10.0; Win64; x64) AppleWebKit/537.36 (KHTML, like Gecko) Chrome/95.0.4638.69 Safari/537.36"
129.80.255.13 - - [02/Apr/2025:22:04:33 -0400] "GET /wp-includes/ID3/license.txt HTTP/1.1" 200 501 "-" "Mozilla/5.0 (Windows NT 10.0; Win64; x64) AppleWebKit/537.36 (KHTML, like Gecko) Chrome/95.0.4638.69 Safari/537.36"
129.80.255.13 - - [02/Apr/2025:22:04:33 -0400] "GET /feed/ HTTP/1.1" 200 343106 "-" "Mozilla/5.0 (Windows NT 10.0; Win64; x64) AppleWebKit/537.36 (KHTML, like Gecko) Chrome/95.0.4638.69 Safari/537.36"
129.80.255.13 - - [02/Apr/2025:22:04:34 -0400] "GET /?author=1 HTTP/1.1" 200 98560 "-" "Mozilla/5.0 (Windows NT 10.0; Win64; x64) AppleWebKit/537.36 (KHTML, like Gecko) Chrome/95.0.4638.69 Safari/537.36"
198.54.114.83 - - [02/Apr/2025:22:04:40 -0400] "POST /wp-cron.php?doing_wp_cron=1743645879.4625360965728759765625 HTTP/1.1" 200 0 "-" "WordPress/6.7.2; https://inversionesgoldie.com"
129.80.255.13 - - [02/Apr/2025:22:04:35 -0400] "GET /wp-json/wp/v2/users/ HTTP/1.1" 200 1381 "-" "Mozilla/5.0 (Windows NT 10.0; Win64; x64) AppleWebKit/537.36 (KHTML, like Gecko) Chrome/95.0.4638.69 Safari/537.36"
85.208.98.23 - - [02/Apr/2025:23:23:24 -0400] "GET /robots.txt HTTP/1.1" 304 0 "-" "Mozilla/5.0 (compatible; SemrushBot-BA; +http://www.semrush.com/bot.html)"
175.6.217.4 - - [02/Apr/2025:23:36:06 -0400] "GET / HTTP/1.1" 200 98560 "-" "Mozilla/5.0 (iPhone; CPU iPhone OS 13_2_3 like Mac OS X) AppleWebKit/605.1.15 (KHTML, like Gecko) Version/13.0.3 Mobile/15E148 Safari/604.1"
198.54.114.83 - - [02/Apr/2025:23:50:36 -0400] "POST /wp-cron.php?doing_wp_cron=1743652235.3376359939575195312500 HTTP/1.1" 200 0 "-" "WordPress/6.7.2; https://inversionesgoldie.com"
93.123.109.101 - - [02/Apr/2025:23:50:33 -0400] "GET /code/npm/@ali/lzd-h5-utils-logger/1.1.52/index.js HTTP/1.1" 404 8272 "-" "Mozilla/5.0 (Windows NT 10.0; Win64; x64) AppleWebKit/537.36 Chrome/121.0.0.0"
84.239.48.143 - - [02/Apr/2025:23:58:46 -0400] "GET /.env HTTP/1.1" 403 1242 "-" "Mozilla/5.0 (Macintosh; Intel Mac OS X 10.15; rv:77.0) Gecko/20100101 Firefox/77.0"
43.133.139.6 - - [03/Apr/2025:00:00:23 -0400] "GET / HTTP/1.1" 200 98560 "-" "Mozilla/5.0 (iPhone; CPU iPhone OS 13_2_3 like Mac OS X) AppleWebKit/605.1.15 (KHTML, like Gecko) Version/13.0.3 Mobile/15E148 Safari/604.1"
198.54.114.83 - - [03/Apr/2025:00:19:40 -0400] "POST /wp-cron.php?doing_wp_cron=1743653979.0344860553741455078125 HTTP/1.1" 200 0 "-" "WordPress/6.7.2; https://inversionesgoldie.com"
93.123.109.101 - - [03/Apr/2025:00:19:34 -0400] "GET /lzdmod/site-nav-pc/5.2.38/assets/cart/index.js HTTP/1.1" 404 8272 "-" "Mozilla/5.0 (Windows NT 10.0; Win64; x64) AppleWebKit/537.36 Chrome/121.0.0.0"
157.230.52.52 - - [03/Apr/2025:01:16:25 -0400] "GET /?rest_route=/wp/v2/users HTTP/1.1" 200 98560 "www.google.com" "Mozlila/5.0 (Linux; Android 7.0; SM-G892A Bulid/NRD90M; wv) AppleWebKit/537.36 (KHTML, like Gecko) Version/4.0 Chrome/60.0.3112.107 Moblie Safari/537.36"
195.26.225.218 - - [03/Apr/2025:01:20:53 -0400] "GET /building-true-team-spirit-for-peak-performance-in-sports-part-1/ HTTP/1.1" 200 13712 "http://inversionesgoldie.com/building-true-team-spirit-for-peak-performance-in-sports-part-1/" "Mozilla/5.0 (Windows NT 10.0; Win64; x64) AppleWebKit/537.36 (KHTML, like Gecko) Chrome/130.0.0.0 Safari/537.36 CCleaner/130.0.0.0"
198.54.114.83 - - [03/Apr/2025:01:20:56 -0400] "POST /wp-cron.php?doing_wp_cron=1743657655.7424299716949462890625 HTTP/1.1" 200 0 "-" "WordPress/6.7.2; https://inversionesgoldie.com"
195.26.225.218 - - [03/Apr/2025:01:20:55 -0400] "POST /wp-comments-post.php HTTP/1.1" 302 0 "http://inversionesgoldie.com/building-true-team-spirit-for-peak-performance-in-sports-part-1/" "Mozilla/5.0 (Windows NT 10.0; Win64; x64) AppleWebKit/537.36 (KHTML, like Gecko) Chrome/130.0.0.0 Safari/537.36 CCleaner/130.0.0.0"
135.181.74.47 - - [03/Apr/2025:01:28:49 -0400] "GET /building-true-team-spirit-for-peak-performance-in-sports-part-1/ HTTP/1.1" 200 13712 "-" "Mozilla/5.0 (Windows NT 10.0; Win64; x64) AppleWebKit/537.36 (KHTML, like Gecko) Chrome/118.0.0.0 Safari/537.36"
67.217.246.161 - - [03/Apr/2025:01:57:10 -0400] "GET /wp-cli.php HTTP/1.1" 404 8272 "www.google.com" "Mozlila/5.0 (Linux; Android 7.0; SM-G892A Bulid/NRD90M; wv) AppleWebKit/537.36 (KHTML, like Gecko) Version/4.0 Chrome/60.0.3112.107 Moblie Safari/537.36"
195.200.29.225 - - [03/Apr/2025:02:20:09 -0400] "GET /building-true-team-spirit-for-peak-performance-in-sports-part-1/ HTTP/1.1" 200 13712 "http://inversionesgoldie.com/building-true-team-spirit-for-peak-performance-in-sports-part-1/" "Mozilla/5.0 (Windows NT 10.0; Win64; x64) AppleWebKit/537.36 (KHTML, like Gecko) Chrome/131.0.0.0 Safari/537.36"
195.200.29.225 - - [03/Apr/2025:02:20:10 -0400] "POST /wp-comments-post.php HTTP/1.1" 302 0 "http://inversionesgoldie.com/building-true-team-spirit-for-peak-performance-in-sports-part-1/" "Mozilla/5.0 (Windows NT 10.0; Win64; x64) AppleWebKit/537.36 (KHTML, like Gecko) Chrome/131.0.0.0 Safari/537.36"
93.183.89.12 - - [03/Apr/2025:02:28:38 -0400] "GET /building-true-team-spirit-for-peak-performance-in-sports-part-1/ HTTP/1.1" 200 13712 "http://inversionesgoldie.com/building-true-team-spirit-for-peak-performance-in-sports-part-1/" "Mozilla/5.0 (Windows NT 10.0; Win64; x64) AppleWebKit/537.36 (KHTML, like Gecko) Chrome/130.0.0.0 Safari/537.36 CCleaner/130.0.0.0"
93.183.89.12 - - [03/Apr/2025:02:28:39 -0400] "POST /wp-comments-post.php HTTP/1.1" 302 0 "http://inversionesgoldie.com/building-true-team-spirit-for-peak-performance-in-sports-part-1/" "Mozilla/5.0 (Windows NT 10.0; Win64; x64) AppleWebKit/537.36 (KHTML, like Gecko) Chrome/130.0.0.0 Safari/537.36 CCleaner/130.0.0.0"
185.121.234.50 - - [03/Apr/2025:02:43:15 -0400] "GET /building-true-team-spirit-for-peak-performance-in-sports-part-1/ HTTP/1.1" 200 13712 "http://inversionesgoldie.com/building-true-team-spirit-for-peak-performance-in-sports-part-1/" "Mozilla/5.0 (Windows NT 10.0; Win64; x64) AppleWebKit/537.36 (KHTML, like Gecko) Chrome/131.0.0.0 Safari/537.36 Avast/131.0.0.0"
185.121.234.50 - - [03/Apr/2025:02:43:17 -0400] "POST /wp-comments-post.php HTTP/1.1" 302 0 "http://inversionesgoldie.com/building-true-team-spirit-for-peak-performance-in-sports-part-1/" "Mozilla/5.0 (Windows NT 10.0; Win64; x64) AppleWebKit/537.36 (KHTML, like Gecko) Chrome/131.0.0.0 Safari/537.36 Avast/131.0.0.0"
82.102.27.163 - - [03/Apr/2025:02:49:04 -0400] "GET /ququos HTTP/1.1" 404 8274 "-" "Mozilla/5.0 (Windows NT 10.0; Win64; x64) AppleWebKit/537.36 (KHTML, like Gecko) Chrome/127.0.0.0 Safari/537.36"
82.102.27.163 - - [03/Apr/2025:02:49:06 -0400] "GET /wp-login.php HTTP/1.1" 302 0 "http://inversionesgoldie.com" "Mozilla/5.0 (Windows NT 10.0; Win64; x64) AppleWebKit/537.36 (KHTML, like Gecko) Chrome/127.0.0.0 Safari/537.36"
198.54.114.83 - - [03/Apr/2025:03:03:31 -0400] "POST /wp-cron.php?doing_wp_cron=1743663811.5882740020751953125000 HTTP/1.1" 200 0 "-" "WordPress/6.7.2; https://inversionesgoldie.com"
103.100.159.251 - - [03/Apr/2025:03:03:28 -0400] "GET /login.php?s=Admin/login HTTP/1.1" 404 8280 "-" "python-requests/2.32.3"
198.54.114.83 - - [03/Apr/2025:03:17:17 -0400] "POST /wp-cron.php?doing_wp_cron=1743664637.0343699455261230468750 HTTP/1.1" 200 0 "-" "WordPress/6.7.2; https://inversionesgoldie.com"
203.189.235.141 - - [03/Apr/2025:03:17:16 -0400] "GET /admin.php HTTP/1.1" 404 8271 "-" "python-requests/2.32.3"
124.223.193.80 - - [03/Apr/2025:03:57:03 -0400] "GET / HTTP/1.1" 200 98560 "-" "Mozilla/5.0 (Linux; Android 10; LIO-AN00 Build/HUAWEILIO-AN00; wv) MicroMessenger Weixin QQ AppleWebKit/537.36 (KHTML, like Gecko) Version/4.0 Chrome/78.0.3904.62 XWEB/2692 MMWEBSDK/200901 Mobile Safari/537.36"
198.54.114.83 - - [03/Apr/2025:03:57:03 -0400] "POST /wp-cron.php?doing_wp_cron=1743667023.5060560703277587890625 HTTP/1.1" 200 0 "-" "WordPress/6.7.2; https://inversionesgoldie.com"
93.123.109.101 - - [03/Apr/2025:03:57:00 -0400] "GET /plugins/interface.js HTTP/1.1" 404 8274 "-" "Mozilla/5.0 (Macintosh; Intel Mac OS X 10_15_7) AppleWebKit/537.36 Chrome/120.0.0.0"
124.223.193.80 - - [03/Apr/2025:03:57:31 -0400] "GET / HTTP/1.1" 200 98560 "-" "Mozilla/5.0 (Linux; Android 10; LIO-AN00 Build/HUAWEILIO-AN00; wv) MicroMessenger Weixin QQ AppleWebKit/537.36 (KHTML, like Gecko) Version/4.0 Chrome/78.0.3904.62 XWEB/2692 MMWEBSDK/200901 Mobile Safari/537.36"
124.223.193.80 - - [03/Apr/2025:03:57:44 -0400] "GET / HTTP/1.1" 200 98560 "-" "Mozilla/5.0 (Linux; Android 10; LIO-AN00 Build/HUAWEILIO-AN00; wv) MicroMessenger Weixin QQ AppleWebKit/537.36 (KHTML, like Gecko) Version/4.0 Chrome/78.0.3904.62 XWEB/2692 MMWEBSDK/200901 Mobile Safari/537.36"
198.54.114.83 - - [03/Apr/2025:03:59:18 -0400] "POST /wp-cron.php?doing_wp_cron=1743667158.0477139949798583984375 HTTP/1.1" 200 0 "-" "WordPress/6.7.2; https://inversionesgoldie.com"
41.216.188.14 - - [03/Apr/2025:03:59:17 -0400] "GET /wp-content/plugins/WordPressCore/include.php HTTP/1.1" 404 8272 "www.google.com" "Mozlila/5.0 (Linux; Android 7.0; SM-G892A Bulid/NRD90M; wv) AppleWebKit/537.36 (KHTML, like Gecko) Version/4.0 Chrome/60.0.3112.107 Moblie Safari/537.36"
104.167.25.231 - - [03/Apr/2025:04:14:10 -0400] "GET /building-true-team-spirit-for-peak-performance-in-sports-part-1/ HTTP/1.1" 200 13712 "-" "Mozilla/5.0 (Macintosh; Intel Mac OS X 12_5) AppleWebKit/537.36 (KHTML, like Gecko) Chrome/114.0.0.0 Safari/537.36 Edg/114.0.1264.71"
124.223.193.80 - - [03/Apr/2025:04:19:12 -0400] "GET / HTTP/1.1" 200 98560 "-" "Mozilla/5.0 (Linux; Android 10; LIO-AN00 Build/HUAWEILIO-AN00; wv) MicroMessenger Weixin QQ AppleWebKit/537.36 (KHTML, like Gecko) Version/4.0 Chrome/78.0.3904.62 XWEB/2692 MMWEBSDK/200901 Mobile Safari/537.36"
124.223.193.80 - - [03/Apr/2025:04:19:33 -0400] "GET / HTTP/1.1" 200 98560 "-" "Mozilla/5.0 (Linux; Android 10; LIO-AN00 Build/HUAWEILIO-AN00; wv) MicroMessenger Weixin QQ AppleWebKit/537.36 (KHTML, like Gecko) Version/4.0 Chrome/78.0.3904.62 XWEB/2692 MMWEBSDK/200901 Mobile Safari/537.36"
124.223.193.80 - - [03/Apr/2025:04:19:52 -0400] "GET / HTTP/1.1" 200 98560 "-" "Mozilla/5.0 (Linux; Android 10; LIO-AN00 Build/HUAWEILIO-AN00; wv) MicroMessenger Weixin QQ AppleWebKit/537.36 (KHTML, like Gecko) Version/4.0 Chrome/78.0.3904.62 XWEB/2692 MMWEBSDK/200901 Mobile Safari/537.36"
135.181.74.47 - - [03/Apr/2025:04:23:47 -0400] "GET /the-biggest-fears-in-life-and-how-to-overcome-them/ HTTP/1.1" 200 12117 "-" "Mozilla/5.0 (Windows NT 10.0; Win64; x64) AppleWebKit/537.36 (KHTML, like Gecko) Chrome/118.0.0.0 Safari/537.36"
35.84.199.162 - - [03/Apr/2025:04:44:38 -0400] "GET / HTTP/1.1" 200 98560 "-" "Mozilla/5.0 (Windows NT 10.0; Win64; x64) AppleWebKit/537.36 (KHTML, like Gecko) Chrome/90.0.4430.85 Safari/537.36"
35.84.199.162 - - [03/Apr/2025:04:44:38 -0400] "GET / HTTP/1.1" 200 98560 "-" "Mozilla/5.0 (Windows NT 10.0; Win64; x64) AppleWebKit/537.36 (KHTML, like Gecko) Chrome/90.0.4430.85 Safari/537.36"
35.84.199.162 - - [03/Apr/2025:04:44:39 -0400] "GET /wp-includes/wlwmanifest.xml HTTP/1.1" 404 8206 "-" "Mozilla/5.0 (Windows NT 10.0; Win64; x64) AppleWebKit/537.36 (KHTML, like Gecko) Chrome/90.0.4430.85 Safari/537.36"
35.84.199.162 - - [03/Apr/2025:04:44:41 -0400] "GET /?author=1 HTTP/1.1" 200 98560 "-" "Mozilla/5.0 (Windows NT 10.0; Win64; x64) AppleWebKit/537.36 (KHTML, like Gecko) Chrome/90.0.4430.85 Safari/537.36"
35.84.199.162 - - [03/Apr/2025:04:44:42 -0400] "GET /?author=2 HTTP/1.1" 200 98560 "-" "Mozilla/5.0 (Windows NT 10.0; Win64; x64) AppleWebKit/537.36 (KHTML, like Gecko) Chrome/90.0.4430.85 Safari/537.36"
35.84.199.162 - - [03/Apr/2025:04:44:43 -0400] "GET /wp-json/wp/v2/users/ HTTP/1.1" 200 1381 "-" "Mozilla/5.0 (Windows NT 10.0; Win64; x64) AppleWebKit/537.36 (KHTML, like Gecko) Chrome/90.0.4430.85 Safari/537.36"
93.123.109.101 - - [03/Apr/2025:05:30:49 -0400] "GET /lzdmod/site-nav-pc/5.2.38/assets/links-bar/index.js HTTP/1.1" 404 8272 "-" "Mozilla/5.0 (Windows NT 10.0; Win64; x64) AppleWebKit/537.36 Chrome/121.0.0.0"
198.54.114.83 - - [03/Apr/2025:05:44:14 -0400] "POST /wp-cron.php?doing_wp_cron=1743673454.0778980255126953125000 HTTP/1.1" 200 0 "-" "WordPress/6.7.2; https://inversionesgoldie.com"
212.102.39.211 - - [03/Apr/2025:05:44:13 -0400] "GET /building-true-team-spirit-for-peak-performance-in-sports-part-1/ HTTP/1.1" 200 13712 "http://inversionesgoldie.com/building-true-team-spirit-for-peak-performance-in-sports-part-1/" "Mozilla/5.0 (Windows NT 10.0; Win64; x64) AppleWebKit/537.36 (KHTML, like Gecko) Chrome/130.0.0.0 Safari/537.36"
212.102.39.211 - - [03/Apr/2025:05:44:14 -0400] "POST /wp-comments-post.php HTTP/1.1" 302 0 "http://inversionesgoldie.com/building-true-team-spirit-for-peak-performance-in-sports-part-1/" "Mozilla/5.0 (Windows NT 10.0; Win64; x64) AppleWebKit/537.36 (KHTML, like Gecko) Chrome/130.0.0.0 Safari/537.36"
198.54.114.83 - - [03/Apr/2025:06:03:56 -0400] "POST /wp-cron.php?doing_wp_cron=1743674636.3761019706726074218750 HTTP/1.1" 200 0 "-" "WordPress/6.7.2; https://inversionesgoldie.com"
85.208.98.23 - - [03/Apr/2025:06:03:56 -0400] "GET /robots.txt HTTP/1.1" 200 132 "-" "Mozilla/5.0 (compatible; SemrushBot-BA; +http://www.semrush.com/bot.html)"
198.54.114.83 - - [03/Apr/2025:06:05:40 -0400] "POST /wp-cron.php?doing_wp_cron=1743674740.6062130928039550781250 HTTP/1.1" 200 0 "-" "WordPress/6.7.2; https://inversionesgoldie.com"
195.20.18.175 - - [03/Apr/2025:06:05:40 -0400] "GET /assets/admin/plugins/jquery-file-upload/server/php/index.php?file=tf2rghf.jpg HTTP/1.1" 301 0 "-" "ALittle Client"
198.54.114.83 - - [03/Apr/2025:06:07:11 -0400] "POST /wp-cron.php?doing_wp_cron=1743674831.3896529674530029296875 HTTP/1.1" 200 0 "-" "WordPress/6.7.2; https://inversionesgoldie.com"
195.20.18.175 - - [03/Apr/2025:06:07:10 -0400] "GET /assets/admin/plugins/jquery-file-upload/server/php/?file=tf2rghf.jpg HTTP/1.1" 404 8272 "-" "ALittle Client"
85.208.98.23 - - [03/Apr/2025:06:20:09 -0400] "GET /robots.txt HTTP/1.1" 200 132 "-" "Mozilla/5.0 (compatible; SemrushBot-BA; +http://www.semrush.com/bot.html)"
134.209.219.121 - - [03/Apr/2025:06:39:49 -0400] "GET /wp-admin/css/ HTTP/1.1" 403 1242 "binance.com" "Mozilla/5.0 (Windows NT 10.0; Win64; x64) AppleWebKit/537.36 (KHTML, like Gecko) Chrome/90.0.4430.85 Safari/537.36"
43.166.129.247 - - [03/Apr/2025:06:50:49 -0400] "GET / HTTP/1.1" 200 98560 "-" "Mozilla/5.0 (iPhone; CPU iPhone OS 13_2_3 like Mac OS X) AppleWebKit/605.1.15 (KHTML, like Gecko) Version/13.0.3 Mobile/15E148 Safari/604.1"
2406:4f40:8:1000::1d21 - - [03/Apr/2025:08:08:43 -0400] "GET / HTTP/1.1" 200 98560 "-" "Mozilla/5.0 (Windows NT 10.0; Win64; x64) AppleWebKit/537.36 (KHTML, like Gecko) Chrome/95.0.4638.69 Safari/537.36"
2406:4f40:8:1000::1d21 - - [03/Apr/2025:08:08:47 -0400] "GET /wp-includes/ID3/license.txt HTTP/1.1" 200 501 "-" "Mozilla/5.0 (Windows NT 10.0; Win64; x64) AppleWebKit/537.36 (KHTML, like Gecko) Chrome/95.0.4638.69 Safari/537.36"
2406:4f40:8:1000::1d21 - - [03/Apr/2025:08:08:47 -0400] "GET /feed/ HTTP/1.1" 200 343106 "-" "Mozilla/5.0 (Windows NT 10.0; Win64; x64) AppleWebKit/537.36 (KHTML, like Gecko) Chrome/95.0.4638.69 Safari/537.36"
2406:4f40:8:1000::1d21 - - [03/Apr/2025:08:08:51 -0400] "GET /?author=1 HTTP/1.1" 200 98560 "-" "Mozilla/5.0 (Windows NT 10.0; Win64; x64) AppleWebKit/537.36 (KHTML, like Gecko) Chrome/95.0.4638.69 Safari/537.36"
2406:4f40:8:1000::1d21 - - [03/Apr/2025:08:08:53 -0400] "GET /wp-json/wp/v2/users/ HTTP/1.1" 200 1381 "-" "Mozilla/5.0 (Windows NT 10.0; Win64; x64) AppleWebKit/537.36 (KHTML, like Gecko) Chrome/95.0.4638.69 Safari/537.36"
222.186.134.245 - - [03/Apr/2025:09:29:13 -0400] "GET /plus/img/df_dedetitle.gif HTTP/1.1" 404 8272 "http://inversionesgoldie.com/plus/img/df_dedetitle.gif" "Mozilla/4.0 (compatible; MSIE 9.0; Windows NT 6.1)"
212.102.57.166 - - [03/Apr/2025:09:30:26 -0400] "GET / HTTP/1.1" 200 98560 "-" "Mozilla/5.0 (Macintosh; Intel Mac OS X 12_5) AppleWebKit/537.36 (KHTML, like Gecko) Chrome/114.0.0.0 Safari/537.36 Edg/114.0.1264.71"
198.54.114.83 - - [03/Apr/2025:09:30:28 -0400] "POST /wp-cron.php?doing_wp_cron=1743687028.1702570915222167968750 HTTP/1.1" 200 0 "-" "WordPress/6.7.2; https://inversionesgoldie.com"
212.102.57.166 - - [03/Apr/2025:09:30:27 -0400] "GET /'%20+%20item.url%20+%20' HTTP/1.1" 301 0 "http://inversionesgoldie.com" "Mozilla/5.0 (Macintosh; Intel Mac OS X 12_5) AppleWebKit/537.36 (KHTML, like Gecko) Chrome/114.0.0.0 Safari/537.36 Edg/114.0.1264.71"
212.102.57.166 - - [03/Apr/2025:09:30:29 -0400] "GET /%20+%20item.url%20+%20 HTTP/1.1" 301 0 "http://inversionesgoldie.com/'%20+%20item.url%20+%20'" "Mozilla/5.0 (Macintosh; Intel Mac OS X 12_5) AppleWebKit/537.36 (KHTML, like Gecko) Chrome/114.0.0.0 Safari/537.36 Edg/114.0.1264.71"
198.54.114.83 - - [03/Apr/2025:09:30:30 -0400] "POST /wp-cron.php?doing_wp_cron=1743687030.8425250053405761718750 HTTP/1.1" 200 0 "-" "WordPress/6.7.2; https://inversionesgoldie.com"
212.102.57.166 - - [03/Apr/2025:09:30:30 -0400] "GET /%20+%20item.url%20+ HTTP/1.1" 404 8272 "http://inversionesgoldie.com/%20+%20item.url%20+%20" "Mozilla/5.0 (Macintosh; Intel Mac OS X 12_5) AppleWebKit/537.36 (KHTML, like Gecko) Chrome/114.0.0.0 Safari/537.36 Edg/114.0.1264.71"
161.35.47.151 - - [03/Apr/2025:09:56:49 -0400] "GET /chosen.php?p= HTTP/1.1" 301 0 "-" "Mozilla/5.0 (Linux; Android 7.0; SM-G892A Build/NRD90M; wv) AppleWebKit/537.36 (KHTML, like Gecko) Version/4.0 Chrome/60.0.3112.107 Mobile Safari/537.36"
161.35.47.151 - - [03/Apr/2025:09:56:49 -0400] "GET /chosen.php HTTP/1.1" 404 8272 "-" "Mozilla/5.0 (Linux; Android 7.0; SM-G892A Build/NRD90M; wv) AppleWebKit/537.36 (KHTML, like Gecko) Version/4.0 Chrome/60.0.3112.107 Mobile Safari/537.36"
85.208.98.23 - - [03/Apr/2025:10:23:25 -0400] "GET /robots.txt HTTP/1.1" 304 0 "-" "Mozilla/5.0 (compatible; SemrushBot-BA; +http://www.semrush.com/bot.html)"
198.54.114.83 - - [03/Apr/2025:10:24:53 -0400] "POST /wp-cron.php?doing_wp_cron=1743690293.5724320411682128906250 HTTP/1.1" 200 0 "-" "WordPress/6.7.2; https://inversionesgoldie.com"
93.123.109.101 - - [03/Apr/2025:10:24:53 -0400] "GET /code/npm/@ali/lzd-h5-utils-cookie/1.2.10/index.js HTTP/1.1" 404 8272 "-" "Mozilla/5.0 (Windows NT 10.0; Win64; x64) AppleWebKit/537.36 Chrome/121.0.0.0"
136.243.228.179 - - [03/Apr/2025:10:25:50 -0400] "GET /robots.txt HTTP/1.1" 200 132 "-" "Mozilla/5.0 (compatible; DataForSeoBot/1.0; +https://dataforseo.com/dataforseo-bot)"
194.38.23.16 - - [03/Apr/2025:10:48:39 -0400] "GET /file-upload/server/php/index.php?file=tf2rghf.jpg HTTP/1.1" 301 0 "-" "ALittle Client"
194.38.23.16 - - [03/Apr/2025:10:49:14 -0400] "GET /file-upload/server/php/?file=tf2rghf.jpg HTTP/1.1" 404 8272 "-" "ALittle Client"
157.245.155.211 - - [03/Apr/2025:11:13:05 -0400] "GET /uploaded_script.php HTTP/1.1" 404 8274 "www.google.com" "Mozilla/5.0 (Linux; Android 7.0; SM-G892A Build/NRD90M; wv) AppleWebKit/537.36 (KHTML, like Gecko) Version/4.0 Chrome/60.0.3112.107 Mobile Safari/537.36"
13.43.218.202 - - [03/Apr/2025:11:15:34 -0400] "GET /uploaded_script.php HTTP/1.1" 404 8274 "www.google.com" "Mozilla/5.0 (Linux; Android 7.0; SM-G892A Build/NRD90M; wv) AppleWebKit/537.36 (KHTML, like Gecko) Version/4.0 Chrome/60.0.3112.107 Mobile Safari/537.36"
198.12.249.249 - - [03/Apr/2025:11:32:17 -0400] "GET /building-true-team-spirit-for-peak-performance-in-sports-part-1/ HTTP/1.1" 200 13712 "-" "Mozilla/5.0 (Macintosh; Intel Mac OS X 12_5) AppleWebKit/537.36 (KHTML, like Gecko) Chrome/114.0.0.0 Safari/537.36 Edg/114.0.1264.71"
198.12.249.249 - - [03/Apr/2025:11:33:25 -0400] "GET /building-true-team-spirit-for-peak-performance-in-sports-part-1/ HTTP/1.1" 200 13712 "-" "Mozilla/5.0 (Macintosh; Intel Mac OS X 12_5) AppleWebKit/537.36 (KHTML, like Gecko) Chrome/114.0.0.0 Safari/537.36 Edg/114.0.1264.71"
93.123.109.101 - - [03/Apr/2025:11:35:47 -0400] "GET /code/npm/@ali/lzd-h5-utils-jsonp/1.1.11/index.js HTTP/1.1" 404 8273 "-" "Mozilla/5.0 (Macintosh; Intel Mac OS X 10_15_7) AppleWebKit/537.36 Chrome/120.0.0.0"
193.32.126.224 - - [03/Apr/2025:11:41:20 -0400] "POST /wp-login.php HTTP/1.1" 302 0 "http://inversionesgoldie.com/wp-admin/" "Mozilla/5.0 (Windows NT 10.0; Win64; x64) AppleWebKit/537.36 (KHTML, like Gecko) Chrome/90.0.4430.85 Safari/537.36"
193.32.126.224 - - [03/Apr/2025:12:25:05 -0400] "POST /wp-login.php HTTP/1.1" 302 0 "http://inversionesgoldie.com/wp-admin/" "Mozilla/5.0 (Windows NT 10.0; Win64; x64) AppleWebKit/537.36 (KHTML, like Gecko) Chrome/90.0.4430.85 Safari/537.36"
103.100.159.251 - - [03/Apr/2025:13:02:08 -0400] "GET /admin/index.php HTTP/1.1" 301 0 "-" "python-requests/2.32.3"
103.100.159.251 - - [03/Apr/2025:13:02:08 -0400] "GET /admin/ HTTP/1.1" 302 0 "-" "python-requests/2.32.3"
43.128.67.187 - - [03/Apr/2025:13:16:55 -0400] "GET / HTTP/1.1" 200 98560 "-" "Mozilla/5.0 (iPhone; CPU iPhone OS 13_2_3 like Mac OS X) AppleWebKit/605.1.15 (KHTML, like Gecko) Version/13.0.3 Mobile/15E148 Safari/604.1"
198.54.114.83 - - [03/Apr/2025:13:24:11 -0400] "POST /wp-cron.php?doing_wp_cron=1743701051.3997030258178710937500 HTTP/1.1" 200 0 "-" "WordPress/6.7.2; https://inversionesgoldie.com"
167.99.54.225 - - [03/Apr/2025:13:24:11 -0400] "GET /geju.php HTTP/1.1" 404 8271 "-" "Mozlila/5.0 (Linux; Android 7.0; SM-G892A Build/NRD90M; wv) AppleWebKit/537.36 (KHTML, like Gecko) Version/4.0 Chrome/60.0.3112.107 Mobile Safari/537.36"
167.99.54.225 - - [03/Apr/2025:13:24:14 -0400] "GET /wp-content/plugins/about.php HTTP/1.1" 404 8272 "-" "Mozlila/5.0 (Linux; Android 7.0; SM-G892A Build/NRD90M; wv) AppleWebKit/537.36 (KHTML, like Gecko) Version/4.0 Chrome/60.0.3112.107 Mobile Safari/537.36"
167.99.54.225 - - [03/Apr/2025:13:24:17 -0400] "GET /wp.php HTTP/1.1" 404 8272 "-" "Mozlila/5.0 (Linux; Android 7.0; SM-G892A Build/NRD90M; wv) AppleWebKit/537.36 (KHTML, like Gecko) Version/4.0 Chrome/60.0.3112.107 Mobile Safari/537.36"
198.54.114.83 - - [03/Apr/2025:13:31:53 -0400] "POST /wp-cron.php?doing_wp_cron=1743701513.0823988914489746093750 HTTP/1.1" 200 0 "-" "WordPress/6.7.2; https://inversionesgoldie.com"
91.201.113.132 - - [03/Apr/2025:13:31:51 -0400] "GET /commercial-building-disclosure-has-arrived/ HTTP/1.1" 200 13303 "http://inversionesgoldie.com/commercial-building-disclosure-has-arrived/" "Mozilla/5.0 (Windows NT 10.0; Win64; x64) AppleWebKit/537.36 (KHTML, like Gecko) Chrome/131.0.0.0 Safari/537.36"
91.201.113.132 - - [03/Apr/2025:13:31:54 -0400] "POST /wp-comments-post.php HTTP/1.1" 302 0 "http://inversionesgoldie.com/commercial-building-disclosure-has-arrived/" "Mozilla/5.0 (Windows NT 10.0; Win64; x64) AppleWebKit/537.36 (KHTML, like Gecko) Chrome/131.0.0.0 Safari/537.36"
85.208.98.23 - - [03/Apr/2025:13:43:11 -0400] "GET /robots.txt HTTP/1.1" 304 0 "-" "Mozilla/5.0 (compatible; SemrushBot-BA; +http://www.semrush.com/bot.html)"
198.54.114.83 - - [03/Apr/2025:14:18:55 -0400] "POST /wp-cron.php?doing_wp_cron=1743704335.1748609542846679687500 HTTP/1.1" 200 0 "-" "WordPress/6.7.2; https://inversionesgoldie.com"
93.123.109.101 - - [03/Apr/2025:14:18:54 -0400] "GET /code/npm/@ali/lzd-h5-utils-mtop/1.2.56/index.js HTTP/1.1" 404 8271 "-" "Mozilla/5.0 (Windows NT 10.0; Win64; x64) AppleWebKit/537.36 Chrome/121.0.0.0"
149.88.98.212 - - [03/Apr/2025:14:23:20 -0400] "GET / HTTP/1.1" 200 98560 "-" "Mozilla/5.0 (X11; Linux x86_64) AppleWebKit/537.36 (KHTML, like Gecko) HeadlessChrome/89.0.4389.90 Safari/537.36"
85.208.98.23 - - [03/Apr/2025:15:21:08 -0400] "GET /robots.txt HTTP/1.1" 200 132 "-" "Mozilla/5.0 (compatible; SemrushBot-BA; +http://www.semrush.com/bot.html)"
103.142.103.89 - - [03/Apr/2025:15:23:45 -0400] "GET //admin/privilege.php HTTP/1.1" 301 0 "-" "Mozilla/5.0 (Windows NT 10.0; Win64; x64) AppleWebKit/537.36 (KHTML, like Gecko) Chrome/120.0.0.0 Safari/537.36"
103.142.103.89 - - [03/Apr/2025:15:23:45 -0400] "GET /admin/privilege.php HTTP/1.1" 404 8274 "-" "Mozilla/5.0 (Windows NT 10.0; Win64; x64) AppleWebKit/537.36 (KHTML, like Gecko) Chrome/120.0.0.0 Safari/537.36"
103.142.103.89 - - [03/Apr/2025:15:23:46 -0400] "GET //admin.php HTTP/1.1" 301 0 "-" "Mozilla/5.0 (Windows NT 10.0; Win64; x64) AppleWebKit/537.36 (KHTML, like Gecko) Chrome/120.0.0.0 Safari/537.36"
103.142.103.89 - - [03/Apr/2025:15:23:46 -0400] "GET /admin.php HTTP/1.1" 404 8272 "-" "Mozilla/5.0 (Windows NT 10.0; Win64; x64) AppleWebKit/537.36 (KHTML, like Gecko) Chrome/120.0.0.0 Safari/537.36"
103.142.103.89 - - [03/Apr/2025:15:23:47 -0400] "GET //dede/ HTTP/1.1" 301 0 "-" "Mozilla/5.0 (Windows NT 10.0; Win64; x64) AppleWebKit/537.36 (KHTML, like Gecko) Chrome/120.0.0.0 Safari/537.36"
103.142.103.89 - - [03/Apr/2025:15:23:47 -0400] "GET /dede/ HTTP/1.1" 404 8272 "-" "Mozilla/5.0 (Windows NT 10.0; Win64; x64) AppleWebKit/537.36 (KHTML, like Gecko) Chrome/120.0.0.0 Safari/537.36"
103.142.103.89 - - [03/Apr/2025:15:23:48 -0400] "GET //index.php?m=admin&c=index&a=login HTTP/1.1" 301 0 "-" "Mozilla/5.0 (Windows NT 10.0; Win64; x64) AppleWebKit/537.36 (KHTML, like Gecko) Chrome/120.0.0.0 Safari/537.36"
103.142.103.89 - - [03/Apr/2025:15:23:48 -0400] "GET /?m=admin&c=index&a=login HTTP/1.1" 200 98560 "-" "Mozilla/5.0 (Windows NT 10.0; Win64; x64) AppleWebKit/537.36 (KHTML, like Gecko) Chrome/120.0.0.0 Safari/537.36"
103.142.103.89 - - [03/Apr/2025:15:23:49 -0400] "GET //admin HTTP/1.1" 301 0 "-" "Mozilla/5.0 (Windows NT 10.0; Win64; x64) AppleWebKit/537.36 (KHTML, like Gecko) Chrome/120.0.0.0 Safari/537.36"
103.142.103.89 - - [03/Apr/2025:15:23:49 -0400] "GET /admin HTTP/1.1" 302 0 "-" "Mozilla/5.0 (Windows NT 10.0; Win64; x64) AppleWebKit/537.36 (KHTML, like Gecko) Chrome/120.0.0.0 Safari/537.36"
198.54.114.83 - - [03/Apr/2025:16:10:48 -0400] "POST /wp-cron.php?doing_wp_cron=1743711048.3103830814361572265625 HTTP/1.1" 200 0 "-" "WordPress/6.7.2; https://inversionesgoldie.com"
46.250.252.58 - - [03/Apr/2025:16:10:48 -0400] "GET /zwso.php HTTP/1.1" 404 8271 "www.google.com" "Mozlila/5.0 (Linux; Android 7.0; SM-G892A Bulid/NRD90M; wv) AppleWebKit/537.36 (KHTML, like Gecko) Version/4.0 Chrome/60.0.3112.107 Moblie Safari/537.36"
85.208.98.23 - - [03/Apr/2025:16:12:20 -0400] "GET /robots.txt HTTP/1.1" 304 0 "-" "Mozilla/5.0 (compatible; SemrushBot-BA; +http://www.semrush.com/bot.html)"
46.250.252.58 - - [03/Apr/2025:16:14:04 -0400] "POST /wp-login.php HTTP/1.1" 302 0 "-" "Mozilla/5.0 (X11; Linux x86_64) AppleWebKit/537.36 (KHTML, like Gecko) Chrome/90.0.4430.212 Safari/537.36"
110.172.98.2 - - [03/Apr/2025:16:26:10 -0400] "GET / HTTP/1.1" 200 98560 "-" "Mozilla/5.0 (Windows NT 10.0; Win64; x64) AppleWebKit/537.36 (KHTML, like Gecko) Chrome/79.0.3945.130 Safari/537.36"
89.21.85.27 - - [03/Apr/2025:16:42:43 -0400] "GET /wp-content/uploads/2017-------/09/wp-console.php HTTP/1.1" 404 8271 "-" "Mozilla/5.0 (Linux; Android 11; M2010J19SI) AppleWebKit/537.36 (KHTML, like Gecko) Chrome/109.0.0.0 Mobile Safari/537.36"
89.21.85.27 - - [03/Apr/2025:16:42:44 -0400] "GET /wp-includes/js/crop/uword.php HTTP/1.1" 404 8271 "-" "Mozilla/5.0 (Linux; Android 11; M2010J19SI) AppleWebKit/537.36 (KHTML, like Gecko) Chrome/109.0.0.0 Mobile Safari/537.36"
89.21.85.27 - - [03/Apr/2025:16:42:45 -0400] "GET /wp-content/themes/bltm/wp-login.php HTTP/1.1" 404 8273 "-" "Mozilla/5.0 (Linux; Android 11; M2010J19SI) AppleWebKit/537.36 (KHTML, like Gecko) Chrome/109.0.0.0 Mobile Safari/537.36"
89.21.85.27 - - [03/Apr/2025:16:42:46 -0400] "GET /autoload_classmap.php HTTP/1.1" 404 8271 "-" "Mozilla/5.0 (Linux; Android 11; M2010J19SI) AppleWebKit/537.36 (KHTML, like Gecko) Chrome/109.0.0.0 Mobile Safari/537.36"
89.21.85.27 - - [03/Apr/2025:16:42:48 -0400] "GET /wp-content/uploads/2014/07/olx.php HTTP/1.1" 404 8271 "-" "Mozilla/5.0 (Linux; Android 11; M2010J19SI) AppleWebKit/537.36 (KHTML, like Gecko) Chrome/109.0.0.0 Mobile Safari/537.36"
89.21.85.27 - - [03/Apr/2025:16:42:48 -0400] "GET /wp-admin/css/colors/midnight/index.php HTTP/1.1" 301 0 "-" "Mozilla/5.0 (Linux; Android 11; M2010J19SI) AppleWebKit/537.36 (KHTML, like Gecko) Chrome/109.0.0.0 Mobile Safari/537.36"
89.21.85.27 - - [03/Apr/2025:16:42:49 -0400] "GET /wp-admin/css/colors/midnight/ HTTP/1.1" 403 1242 "-" "Mozilla/5.0 (Linux; Android 11; M2010J19SI) AppleWebKit/537.36 (KHTML, like Gecko) Chrome/109.0.0.0 Mobile Safari/537.36"
89.21.85.27 - - [03/Apr/2025:16:42:50 -0400] "GET /wp-content/uploads/2020/wp-couldent.php.suspected HTTP/1.1" 404 8271 "-" "Mozilla/5.0 (Linux; Android 11; M2010J19SI) AppleWebKit/537.36 (KHTML, like Gecko) Chrome/109.0.0.0 Mobile Safari/537.36"
89.21.85.27 - - [03/Apr/2025:16:42:52 -0400] "GET /wp-content/plugins/523453244/ninja.php HTTP/1.1" 404 8271 "-" "Mozilla/5.0 (Linux; Android 11; M2010J19SI) AppleWebKit/537.36 (KHTML, like Gecko) Chrome/109.0.0.0 Mobile Safari/537.36"
89.21.85.27 - - [03/Apr/2025:16:42:53 -0400] "GET /wp-includes/js/imgareaselect/index.php HTTP/1.1" 301 0 "-" "Mozilla/5.0 (Linux; Android 11; M2010J19SI) AppleWebKit/537.36 (KHTML, like Gecko) Chrome/109.0.0.0 Mobile Safari/537.36"
89.21.85.27 - - [03/Apr/2025:16:42:54 -0400] "GET /wp-includes/js/imgareaselect/ HTTP/1.1" 403 1242 "-" "Mozilla/5.0 (Linux; Android 11; M2010J19SI) AppleWebKit/537.36 (KHTML, like Gecko) Chrome/109.0.0.0 Mobile Safari/537.36"
89.21.85.27 - - [03/Apr/2025:16:42:55 -0400] "GET /wp-includes/PHPMailer/load.php HTTP/1.1" 404 8271 "-" "Mozilla/5.0 (Linux; Android 11; M2010J19SI) AppleWebKit/537.36 (KHTML, like Gecko) Chrome/109.0.0.0 Mobile Safari/537.36"
89.21.85.27 - - [03/Apr/2025:16:42:57 -0400] "GET /wp-links.php HTTP/1.1" 404 8271 "-" "Mozilla/5.0 (Linux; Android 11; M2010J19SI) AppleWebKit/537.36 (KHTML, like Gecko) Chrome/109.0.0.0 Mobile Safari/537.36"
89.21.85.27 - - [03/Apr/2025:16:42:58 -0400] "GET /wp-aa.php HTTP/1.1" 404 8271 "-" "Mozilla/5.0 (Linux; Android 11; M2010J19SI) AppleWebKit/537.36 (KHTML, like Gecko) Chrome/109.0.0.0 Mobile Safari/537.36"
89.21.85.27 - - [03/Apr/2025:16:43:00 -0400] "GET /wp-content/themes/travelscape/json.php HTTP/1.1" 404 8271 "-" "Mozilla/5.0 (Linux; Android 11; M2010J19SI) AppleWebKit/537.36 (KHTML, like Gecko) Chrome/109.0.0.0 Mobile Safari/537.36"
89.21.85.27 - - [03/Apr/2025:16:43:01 -0400] "GET /wp-content/themes/travel/issue.php HTTP/1.1" 404 8271 "-" "Mozilla/5.0 (Linux; Android 11; M2010J19SI) AppleWebKit/537.36 (KHTML, like Gecko) Chrome/109.0.0.0 Mobile Safari/537.36"
89.21.85.27 - - [03/Apr/2025:16:43:05 -0400] "GET /about.php HTTP/1.1" 404 8273 "-" "Mozilla/5.0 (Linux; Android 11; M2010J19SI) AppleWebKit/537.36 (KHTML, like Gecko) Chrome/109.0.0.0 Mobile Safari/537.36"
89.21.85.27 - - [03/Apr/2025:16:43:06 -0400] "GET /xx.php HTTP/1.1" 404 8271 "-" "Mozilla/5.0 (Linux; Android 11; M2010J19SI) AppleWebKit/537.36 (KHTML, like Gecko) Chrome/109.0.0.0 Mobile Safari/537.36"
89.21.85.27 - - [03/Apr/2025:16:43:08 -0400] "GET /wp-content/themes/digital-download/new.php HTTP/1.1" 404 8271 "-" "Mozilla/5.0 (Linux; Android 11; M2010J19SI) AppleWebKit/537.36 (KHTML, like Gecko) Chrome/109.0.0.0 Mobile Safari/537.36"
89.21.85.27 - - [03/Apr/2025:16:43:10 -0400] "GET /epinyins.php HTTP/1.1" 404 8271 "-" "Mozilla/5.0 (Linux; Android 11; M2010J19SI) AppleWebKit/537.36 (KHTML, like Gecko) Chrome/109.0.0.0 Mobile Safari/537.36"
89.21.85.27 - - [03/Apr/2025:16:43:12 -0400] "GET /wp-admin/dropdown.php HTTP/1.1" 404 8272 "-" "Mozilla/5.0 (Linux; Android 11; M2010J19SI) AppleWebKit/537.36 (KHTML, like Gecko) Chrome/109.0.0.0 Mobile Safari/537.36"
89.21.85.27 - - [03/Apr/2025:16:43:13 -0400] "GET /dropdown.php HTTP/1.1" 404 8271 "-" "Mozilla/5.0 (Linux; Android 11; M2010J19SI) AppleWebKit/537.36 (KHTML, like Gecko) Chrome/109.0.0.0 Mobile Safari/537.36"
89.21.85.27 - - [03/Apr/2025:16:43:14 -0400] "GET /wp-admin/css/index.php HTTP/1.1" 301 0 "-" "Mozilla/5.0 (Linux; Android 11; M2010J19SI) AppleWebKit/537.36 (KHTML, like Gecko) Chrome/109.0.0.0 Mobile Safari/537.36"
89.21.85.27 - - [03/Apr/2025:16:43:15 -0400] "GET /wp-admin/css/ HTTP/1.1" 403 1242 "-" "Mozilla/5.0 (Linux; Android 11; M2010J19SI) AppleWebKit/537.36 (KHTML, like Gecko) Chrome/109.0.0.0 Mobile Safari/537.36"
89.21.85.27 - - [03/Apr/2025:16:43:16 -0400] "GET /wp-content/mah.php HTTP/1.1" 404 8271 "-" "Mozilla/5.0 (Linux; Android 11; M2010J19SI) AppleWebKit/537.36 (KHTML, like Gecko) Chrome/109.0.0.0 Mobile Safari/537.36"
89.21.85.27 - - [03/Apr/2025:16:43:17 -0400] "GET /wp-content/item.php HTTP/1.1" 404 8271 "-" "Mozilla/5.0 (Linux; Android 11; M2010J19SI) AppleWebKit/537.36 (KHTML, like Gecko) Chrome/109.0.0.0 Mobile Safari/537.36"
89.21.85.27 - - [03/Apr/2025:16:43:18 -0400] "GET /wp-content/plugins/shell/about.php HTTP/1.1" 404 8271 "-" "Mozilla/5.0 (Linux; Android 11; M2010J19SI) AppleWebKit/537.36 (KHTML, like Gecko) Chrome/109.0.0.0 Mobile Safari/537.36"
89.21.85.27 - - [03/Apr/2025:16:43:20 -0400] "GET /wp-content/plugins/pwnd/pwnd.php HTTP/1.1" 404 8271 "-" "Mozilla/5.0 (Linux; Android 11; M2010J19SI) AppleWebKit/537.36 (KHTML, like Gecko) Chrome/109.0.0.0 Mobile Safari/537.36"
89.21.85.27 - - [03/Apr/2025:16:43:21 -0400] "GET /wp-content/plugins/fix/up.php HTTP/1.1" 404 8270 "-" "Mozilla/5.0 (Linux; Android 11; M2010J19SI) AppleWebKit/537.36 (KHTML, like Gecko) Chrome/109.0.0.0 Mobile Safari/537.36"
89.21.85.27 - - [03/Apr/2025:16:43:22 -0400] "GET /wp-content/plugins/ph-file-manager/wp-file.php HTTP/1.1" 404 8271 "-" "Mozilla/5.0 (Linux; Android 11; M2010J19SI) AppleWebKit/537.36 (KHTML, like Gecko) Chrome/109.0.0.0 Mobile Safari/537.36"
89.21.85.27 - - [03/Apr/2025:16:43:23 -0400] "GET /wp-content/plugins/root-file-manager/wp-file.php HTTP/1.1" 404 8272 "-" "Mozilla/5.0 (Linux; Android 11; M2010J19SI) AppleWebKit/537.36 (KHTML, like Gecko) Chrome/109.0.0.0 Mobile Safari/537.36"
89.21.85.27 - - [03/Apr/2025:16:43:24 -0400] "GET /wp-content/plugins/wp-help/mini.php HTTP/1.1" 404 8271 "-" "Mozilla/5.0 (Linux; Android 11; M2010J19SI) AppleWebKit/537.36 (KHTML, like Gecko) Chrome/109.0.0.0 Mobile Safari/537.36"
89.21.85.27 - - [03/Apr/2025:16:43:25 -0400] "GET /wp-content/themes/travel/issue.php HTTP/1.1" 404 8271 "-" "Mozilla/5.0 (Linux; Android 11; M2010J19SI) AppleWebKit/537.36 (KHTML, like Gecko) Chrome/109.0.0.0 Mobile Safari/537.36"
89.21.85.27 - - [03/Apr/2025:16:43:26 -0400] "GET /wp-content/themes/jaida/lang.php HTTP/1.1" 404 8271 "-" "Mozilla/5.0 (Linux; Android 11; M2010J19SI) AppleWebKit/537.36 (KHTML, like Gecko) Chrome/109.0.0.0 Mobile Safari/537.36"
89.21.85.27 - - [03/Apr/2025:16:43:28 -0400] "GET /wp-l0gin.php HTTP/1.1" 404 8271 "-" "Mozilla/5.0 (Linux; Android 11; M2010J19SI) AppleWebKit/537.36 (KHTML, like Gecko) Chrome/109.0.0.0 Mobile Safari/537.36"
89.21.85.27 - - [03/Apr/2025:16:43:29 -0400] "GET /ext.php HTTP/1.1" 404 8271 "-" "Mozilla/5.0 (Linux; Android 11; M2010J19SI) AppleWebKit/537.36 (KHTML, like Gecko) Chrome/109.0.0.0 Mobile Safari/537.36"
89.21.85.27 - - [03/Apr/2025:16:43:30 -0400] "GET /wp-l0gin.php HTTP/1.1" 404 8271 "-" "Mozilla/5.0 (Linux; Android 11; M2010J19SI) AppleWebKit/537.36 (KHTML, like Gecko) Chrome/109.0.0.0 Mobile Safari/537.36"
93.183.89.12 - - [03/Apr/2025:17:03:19 -0400] "GET /building-true-team-spirit-for-peak-performance-in-sports-part-1/ HTTP/1.1" 200 13712 "http://inversionesgoldie.com/building-true-team-spirit-for-peak-performance-in-sports-part-1/" "Mozilla/5.0 (Windows NT 10.0; Win64; x64) AppleWebKit/537.36 (KHTML, like Gecko) Chrome/130.0.0.0 Safari/537.36 CCleaner/130.0.0.0"
93.183.89.12 - - [03/Apr/2025:17:03:19 -0400] "POST /wp-comments-post.php HTTP/1.1" 409 1194 "http://inversionesgoldie.com/building-true-team-spirit-for-peak-performance-in-sports-part-1/" "Mozilla/5.0 (Windows NT 10.0; Win64; x64) AppleWebKit/537.36 (KHTML, like Gecko) Chrome/130.0.0.0 Safari/537.36 CCleaner/130.0.0.0"
93.183.89.12 - - [03/Apr/2025:17:03:21 -0400] "GET /building-true-team-spirit-for-peak-performance-in-sports-part-1/ HTTP/1.1" 200 13712 "http://inversionesgoldie.com/building-true-team-spirit-for-peak-performance-in-sports-part-1/" "Mozilla/5.0 (Windows NT 10.0; Win64; x64) AppleWebKit/537.36 (KHTML, like Gecko) Chrome/130.0.0.0 Safari/537.36 CCleaner/130.0.0.0"
185.121.234.50 - - [03/Apr/2025:17:04:38 -0400] "GET /building-true-team-spirit-for-peak-performance-in-sports-part-1/ HTTP/1.1" 200 13712 "http://inversionesgoldie.com/building-true-team-spirit-for-peak-performance-in-sports-part-1/" "Mozilla/5.0 (Windows NT 10.0; Win64; x64) AppleWebKit/537.36 (KHTML, like Gecko) Chrome/129.0.0.0 Safari/537.36"
198.54.114.83 - - [03/Apr/2025:17:04:41 -0400] "POST /wp-cron.php?doing_wp_cron=1743714280.7057209014892578125000 HTTP/1.1" 200 0 "-" "WordPress/6.7.2; https://inversionesgoldie.com"
185.121.234.50 - - [03/Apr/2025:17:04:40 -0400] "POST /wp-comments-post.php HTTP/1.1" 409 1194 "http://inversionesgoldie.com/building-true-team-spirit-for-peak-performance-in-sports-part-1/" "Mozilla/5.0 (Windows NT 10.0; Win64; x64) AppleWebKit/537.36 (KHTML, like Gecko) Chrome/129.0.0.0 Safari/537.36"
185.121.234.50 - - [03/Apr/2025:17:04:42 -0400] "GET /building-true-team-spirit-for-peak-performance-in-sports-part-1/ HTTP/1.1" 200 13712 "http://inversionesgoldie.com/building-true-team-spirit-for-peak-performance-in-sports-part-1/" "Mozilla/5.0 (Windows NT 10.0; Win64; x64) AppleWebKit/537.36 (KHTML, like Gecko) Chrome/129.0.0.0 Safari/537.36"
195.200.29.225 - - [03/Apr/2025:17:07:43 -0400] "GET /building-true-team-spirit-for-peak-performance-in-sports-part-1/ HTTP/1.1" 200 13712 "http://inversionesgoldie.com/building-true-team-spirit-for-peak-performance-in-sports-part-1/" "Mozilla/5.0 (Windows NT 10.0; Win64; x64) AppleWebKit/537.36 (KHTML, like Gecko) Chrome/130.0.0.0 Safari/537.36 CCleaner/130.0.0.0"
195.200.29.225 - - [03/Apr/2025:17:07:43 -0400] "POST /wp-comments-post.php HTTP/1.1" 302 0 "http://inversionesgoldie.com/building-true-team-spirit-for-peak-performance-in-sports-part-1/" "Mozilla/5.0 (Windows NT 10.0; Win64; x64) AppleWebKit/537.36 (KHTML, like Gecko) Chrome/130.0.0.0 Safari/537.36 CCleaner/130.0.0.0"
222.186.134.245 - - [03/Apr/2025:17:34:22 -0400] "GET /e/data/images/arrow.gif HTTP/1.1" 404 8272 "http://inversionesgoldie.com/e/data/images/arrow.gif" "Mozilla/4.0 (compatible; MSIE 9.0; Windows NT 6.1)"
85.208.98.23 - - [03/Apr/2025:17:35:32 -0400] "GET /robots.txt HTTP/1.1" 304 0 "-" "Mozilla/5.0 (compatible; SemrushBot-BA; +http://www.semrush.com/bot.html)"
34.222.207.168 - - [03/Apr/2025:18:16:43 -0400] "GET / HTTP/1.1" 200 98560 "-" "Mozilla/4.0 (compatible; MSIE 6.0; Windows NT 5.1; FSL 7.0.6.01001)"
85.208.98.23 - - [03/Apr/2025:18:20:38 -0400] "GET /robots.txt HTTP/1.1" 304 0 "-" "Mozilla/5.0 (compatible; SemrushBot-BA; +http://www.semrush.com/bot.html)"
198.54.114.83 - - [03/Apr/2025:18:28:39 -0400] "POST /wp-cron.php?doing_wp_cron=1743719319.3837199211120605468750 HTTP/1.1" 200 0 "-" "WordPress/6.7.2; https://inversionesgoldie.com"
161.35.47.151 - - [03/Apr/2025:18:28:39 -0400] "GET /modules/mod_araticlws/mod_araticlws.php HTTP/1.1" 404 8272 "-" "Mozilla/5.0 (Linux; Android 7.0; SM-G892A Build/NRD90M; wv) AppleWebKit/537.36 (KHTML, like Gecko) Version/4.0 Chrome/60.0.3112.107 Mobile Safari/537.36"
161.35.47.151 - - [03/Apr/2025:18:28:40 -0400] "GET /modules/mod_ariimageslidersa/mod_ariimageslidersa.php HTTP/1.1" 404 8272 "-" "Mozilla/5.0 (Linux; Android 7.0; SM-G892A Build/NRD90M; wv) AppleWebKit/537.36 (KHTML, like Gecko) Version/4.0 Chrome/60.0.3112.107 Mobile Safari/537.36"
161.35.47.151 - - [03/Apr/2025:18:28:41 -0400] "GET /administrator/templates/bluestork/error.php HTTP/1.1" 404 8272 "-" "Mozilla/5.0 (Linux; Android 7.0; SM-G892A Build/NRD90M; wv) AppleWebKit/537.36 (KHTML, like Gecko) Version/4.0 Chrome/60.0.3112.107 Mobile Safari/537.36"
161.35.47.151 - - [03/Apr/2025:18:28:41 -0400] "GET /templates/atomic/error.php HTTP/1.1" 404 8271 "-" "Mozilla/5.0 (Linux; Android 7.0; SM-G892A Build/NRD90M; wv) AppleWebKit/537.36 (KHTML, like Gecko) Version/4.0 Chrome/60.0.3112.107 Mobile Safari/537.36"
161.35.47.151 - - [03/Apr/2025:18:28:42 -0400] "GET /templates/beez/index.php HTTP/1.1" 301 0 "-" "Mozilla/5.0 (Linux; Android 7.0; SM-G892A Build/NRD90M; wv) AppleWebKit/537.36 (KHTML, like Gecko) Version/4.0 Chrome/60.0.3112.107 Mobile Safari/537.36"
161.35.47.151 - - [03/Apr/2025:18:28:43 -0400] "GET /templates/beez/ HTTP/1.1" 404 8272 "-" "Mozilla/5.0 (Linux; Android 7.0; SM-G892A Build/NRD90M; wv) AppleWebKit/537.36 (KHTML, like Gecko) Version/4.0 Chrome/60.0.3112.107 Mobile Safari/537.36"
206.168.34.216 - - [03/Apr/2025:19:01:02 -0400] "GET / HTTP/1.1" 200 98560 "-" "Mozilla/5.0 (compatible; CensysInspect/1.1; +https://about.censys.io/)"
134.209.180.128 - - [03/Apr/2025:19:01:10 -0400] "GET /commercial-building-disclosure-has-arrived/ HTTP/1.1" 200 13303 "http://inversionesgoldie.com/commercial-building-disclosure-has-arrived/" "Mozilla/5.0 (Windows NT 10.0; Win64; x64) AppleWebKit/537.36 (KHTML, like Gecko) Chrome/129.0.0.0 Safari/537.36"
134.209.180.128 - - [03/Apr/2025:19:01:13 -0400] "POST /wp-comments-post.php HTTP/1.1" 200 1166 "http://inversionesgoldie.com/commercial-building-disclosure-has-arrived/" "Mozilla/5.0 (Windows NT 10.0; Win64; x64) AppleWebKit/537.36 (KHTML, like Gecko) Chrome/129.0.0.0 Safari/537.36"
2602:80d:1000::48 - - [03/Apr/2025:19:01:16 -0400] "GET /favicon.ico HTTP/1.1" 404 1251 "-" "Mozilla/5.0 (compatible; CensysInspect/1.1; +https://about.censys.io/)"
2602:80d:1000::48 - - [03/Apr/2025:19:01:36 -0400] "GET /favicon.ico HTTP/1.1" 404 1251 "-" "Mozilla/5.0 (compatible; CensysInspect/1.1; +https://about.censys.io/)"
198.54.114.83 - - [03/Apr/2025:19:03:57 -0400] "POST /wp-cron.php?doing_wp_cron=1743721436.2335219383239746093750 HTTP/1.1" 200 0 "-" "WordPress/6.7.2; https://inversionesgoldie.com"
161.97.113.29 - - [03/Apr/2025:19:03:55 -0400] "GET /wp-admin/includes/index.php HTTP/1.1" 301 0 "-" "Mozilla/5.0 (Macintosh; Intel Mac OS X 10_15_7) AppleWebKit/537.36 (KHTML, like Gecko) Chrome/91.0.4472.114 Safari/537.36"
161.97.113.29 - - [03/Apr/2025:19:04:00 -0400] "GET /about.php HTTP/1.1" 404 8272 "-" "Mozilla/5.0 (Macintosh; Intel Mac OS X 10_15_7) AppleWebKit/537.36 (KHTML, like Gecko) Chrome/91.0.4472.114 Safari/537.36"
13.67.175.80 - - [03/Apr/2025:19:04:10 -0400] "GET /themes.php HTTP/1.1" 404 8271 "-" "-"
161.97.113.29 - - [03/Apr/2025:19:04:10 -0400] "GET /wp-content/upgrade/index.php HTTP/1.1" 301 0 "-" "Mozilla/5.0 (Macintosh; Intel Mac OS X 10_15_7) AppleWebKit/537.36 (KHTML, like Gecko) Chrome/91.0.4472.114 Safari/537.36"
13.67.175.80 - - [03/Apr/2025:19:04:12 -0400] "GET /first.php HTTP/1.1" 404 8272 "-" "-"
13.67.175.80 - - [03/Apr/2025:19:04:12 -0400] "GET /admin.php HTTP/1.1" 404 8272 "-" "-"
13.67.175.80 - - [03/Apr/2025:19:04:13 -0400] "GET /dropdown.php HTTP/1.1" 404 8272 "-" "-"
13.67.175.80 - - [03/Apr/2025:19:04:14 -0400] "GET /radio.php HTTP/1.1" 404 8273 "-" "-"
13.67.175.80 - - [03/Apr/2025:19:04:17 -0400] "GET /randkeyword.php HTTP/1.1" 404 8272 "-" "-"
13.67.175.80 - - [03/Apr/2025:19:04:17 -0400] "GET /flower.php HTTP/1.1" 404 8272 "-" "-"
13.67.175.80 - - [03/Apr/2025:19:04:18 -0400] "GET /item.php HTTP/1.1" 404 8272 "-" "-"
13.67.175.80 - - [03/Apr/2025:19:04:19 -0400] "GET /sim.php HTTP/1.1" 404 8272 "-" "-"
13.67.175.80 - - [03/Apr/2025:19:04:20 -0400] "GET /about.php HTTP/1.1" 404 8272 "-" "-"
13.67.175.80 - - [03/Apr/2025:19:04:20 -0400] "GET /wp-content/admin.php HTTP/1.1" 404 8272 "-" "-"
13.67.175.80 - - [03/Apr/2025:19:04:21 -0400] "GET /edit.php HTTP/1.1" 404 8271 "-" "-"
13.67.175.80 - - [03/Apr/2025:19:04:22 -0400] "GET /wp-content/plugins/index.php HTTP/1.1" 200 0 "-" "-"
13.67.175.80 - - [03/Apr/2025:19:04:22 -0400] "GET /wp-includes/ID3/index.php HTTP/1.1" 301 0 "-" "-"
13.67.175.80 - - [03/Apr/2025:19:04:23 -0400] "GET /wp-includes/ID3/ HTTP/1.1" 403 1242 "-" "-"
13.67.175.80 - - [03/Apr/2025:19:04:23 -0400] "GET /wp-admin/maint/index.php HTTP/1.1" 301 0 "-" "-"
13.67.175.80 - - [03/Apr/2025:19:04:24 -0400] "GET /wp-admin/maint/ HTTP/1.1" 403 1242 "-" "-"
13.67.175.80 - - [03/Apr/2025:19:04:24 -0400] "GET /wp-admin/css/index.php HTTP/1.1" 301 0 "-" "-"
13.67.175.80 - - [03/Apr/2025:19:04:25 -0400] "GET /wp-admin/css/ HTTP/1.1" 403 1242 "-" "-"
161.97.113.29 - - [03/Apr/2025:19:04:26 -0400] "GET /wp-includes/js/index.php HTTP/1.1" 301 0 "-" "Mozilla/5.0 (Macintosh; Intel Mac OS X 10_15_7) AppleWebKit/537.36 (KHTML, like Gecko) Chrome/91.0.4472.114 Safari/537.36"
13.67.175.80 - - [03/Apr/2025:19:04:26 -0400] "GET /wp-includes/widgets/index.php HTTP/1.1" 301 0 "-" "-"
13.67.175.80 - - [03/Apr/2025:19:04:26 -0400] "GET /wp-includes/widgets/ HTTP/1.1" 403 1242 "-" "-"
13.67.175.80 - - [03/Apr/2025:19:04:27 -0400] "GET /wp-content/index.php HTTP/1.1" 200 0 "-" "-"
13.67.175.80 - - [03/Apr/2025:19:04:27 -0400] "GET /wp-includes/images/index.php HTTP/1.1" 301 0 "-" "-"
13.67.175.80 - - [03/Apr/2025:19:04:28 -0400] "GET /wp-includes/images/ HTTP/1.1" 403 1242 "-" "-"
13.67.175.80 - - [03/Apr/2025:19:04:28 -0400] "GET /wp-includes/Text/Diff/index.php HTTP/1.1" 301 0 "-" "-"
13.67.175.80 - - [03/Apr/2025:19:04:29 -0400] "GET /wp-includes/Text/Diff/ HTTP/1.1" 403 1242 "-" "-"
198.54.114.83 - - [03/Apr/2025:19:04:30 -0400] "POST /wp-cron.php?doing_wp_cron=1743721470.0732030868530273437500 HTTP/1.1" 200 0 "-" "WordPress/6.7.2; https://inversionesgoldie.com"
13.67.175.80 - - [03/Apr/2025:19:04:29 -0400] "GET /wp-admin/network/index.php HTTP/1.1" 302 0 "-" "-"
13.67.175.80 - - [03/Apr/2025:19:04:31 -0400] "GET /xmlrpc.php HTTP/1.1" 405 60 "-" "-"
13.67.175.80 - - [03/Apr/2025:19:04:33 -0400] "GET /wp-admin/includes/nav.php HTTP/1.1" 404 8272 "-" "-"
161.97.113.29 - - [03/Apr/2025:19:04:35 -0400] "GET /mah/function.php HTTP/1.1" 404 8272 "-" "Mozilla/5.0 (Macintosh; Intel Mac OS X 10_15_7) AppleWebKit/537.36 (KHTML, like Gecko) Chrome/91.0.4472.114 Safari/537.36"
13.67.175.80 - - [03/Apr/2025:19:04:35 -0400] "GET /wp-includes/sodium_compat/src/Core32/Curve25519/Ge/Core32.php HTTP/1.1" 404 8272 "-" "-"
13.67.175.80 - - [03/Apr/2025:19:04:37 -0400] "GET /.well-known/acme-challenge/zmFM.php HTTP/1.1" 404 8272 "-" "-"
13.67.175.80 - - [03/Apr/2025:19:04:39 -0400] "GET /wp-includes/sitemaps/providers/zmFM.php HTTP/1.1" 404 8272 "-" "-"
13.67.175.80 - - [03/Apr/2025:19:04:40 -0400] "GET /wp-includes/pomo/zmFM.php HTTP/1.1" 404 8272 "-" "-"
13.67.175.80 - - [03/Apr/2025:19:04:40 -0400] "GET /wp-admin/css/colors/ectoplasm/zmFM.php HTTP/1.1" 404 8272 "-" "-"
13.67.175.80 - - [03/Apr/2025:19:04:41 -0400] "GET /wp-includes/PHPMailer//zmFM.php HTTP/1.1" 301 0 "-" "-"
13.67.175.80 - - [03/Apr/2025:19:04:42 -0400] "GET /wp-includes/PHPMailer/zmFM.php HTTP/1.1" 404 8272 "-" "-"
13.67.175.80 - - [03/Apr/2025:19:04:43 -0400] "GET /wp-includes/customize/zmFM.php HTTP/1.1" 404 8272 "-" "-"
13.67.175.80 - - [03/Apr/2025:19:04:44 -0400] "GET /wp-includes/certificates/zmFM.php HTTP/1.1" 404 8272 "-" "-"
13.67.175.80 - - [03/Apr/2025:19:04:45 -0400] "GET /wp-includes/theme-compat/zmFM.php HTTP/1.1" 404 8272 "-" "-"
13.67.175.80 - - [03/Apr/2025:19:04:47 -0400] "GET /heh.php HTTP/1.1" 404 8272 "-" "-"
161.97.113.29 - - [03/Apr/2025:19:04:48 -0400] "GET /admin.php HTTP/1.1" 404 8272 "-" "Mozilla/5.0 (Macintosh; Intel Mac OS X 10_15_7) AppleWebKit/537.36 (KHTML, like Gecko) Chrome/91.0.4472.114 Safari/537.36"
13.67.175.80 - - [03/Apr/2025:19:04:48 -0400] "GET /NewFile.php HTTP/1.1" 404 8272 "-" "-"
13.67.175.80 - - [03/Apr/2025:19:04:48 -0400] "GET /wp-content/plugins/view-more/ioxi.php HTTP/1.1" 404 8272 "-" "-"
161.97.113.29 - - [03/Apr/2025:19:04:49 -0400] "GET /wp-content/plugins/bk/index.php HTTP/1.1" 301 0 "-" "Mozilla/5.0 (Macintosh; Intel Mac OS X 10_15_7) AppleWebKit/537.36 (KHTML, like Gecko) Chrome/91.0.4472.114 Safari/537.36"
