185.141.57.94 - - [01/Apr/2025:03:41:37 -0400] "POST /wp-comments-post.php HTTP/1.1" 302 0 "http://inversionesgoldie.com/commercial-building-disclosure-has-arrived/" "Mozilla/5.0 (Windows NT 10.0; Win64; x64) AppleWebKit/537.36 (KHTML, like Gecko) Chrome/131.0.0.0 Safari/537.36"
195.200.29.225 - - [01/Apr/2025:03:41:41 -0400] "GET /building-true-team-spirit-for-peak-performance-in-sports-part-1/ HTTP/1.1" 200 13712 "http://inversionesgoldie.com/building-true-team-spirit-for-peak-performance-in-sports-part-1/" "Mozilla/5.0 (Windows NT 10.0; Win64; x64) AppleWebKit/537.36 (KHTML, like Gecko) Chrome/129.0.0.0 Safari/537.36"
195.200.29.225 - - [01/Apr/2025:03:41:42 -0400] "POST /wp-comments-post.php HTTP/1.1" 302 0 "http://inversionesgoldie.com/building-true-team-spirit-for-peak-performance-in-sports-part-1/" "Mozilla/5.0 (Windows NT 10.0; Win64; x64) AppleWebKit/537.36 (KHTML, like Gecko) Chrome/129.0.0.0 Safari/537.36"
216.244.66.243 - - [01/Apr/2025:04:05:44 -0400] "GET /robots.txt HTTP/1.1" 304 0 "-" "Mozilla/5.0 (compatible; DotBot/1.2; +https://opensiteexplorer.org/dotbot; help@moz.com)"
165.154.227.184 - - [01/Apr/2025:04:12:42 -0400] "GET / HTTP/1.1" 200 98560 "-" "Embarcadero URI Client/1.0"
198.54.114.83 - - [01/Apr/2025:04:34:36 -0400] "POST /wp-cron.php?doing_wp_cron=1743496475.0762050151824951171875 HTTP/1.1" 200 0 "-" "WordPress/6.7.2; https://inversionesgoldie.com"
216.244.66.243 - - [01/Apr/2025:04:34:34 -0400] "GET /rocket-washing-business-sure-there-will-be-a-requirement-for-shuttle-washes/feed/ HTTP/1.1" 200 494 "-" "Mozilla/5.0 (compatible; DotBot/1.2; +https://opensiteexplorer.org/dotbot; help@moz.com)"
84.8.142.45 - - [01/Apr/2025:04:45:29 -0400] "GET / HTTP/1.1" 200 98560 "-" "Go-http-client/1.1"
216.244.66.243 - - [01/Apr/2025:04:54:22 -0400] "GET /robots.txt HTTP/1.1" 304 0 "-" "Mozilla/5.0 (compatible; DotBot/1.2; +https://opensiteexplorer.org/dotbot; help@moz.com)"
102.157.122.249 - - [01/Apr/2025:05:07:45 -0400] "POST /wp-login.php HTTP/1.1" 302 0 "http://inversionesgoldie.com/wp-admin/" "Mozilla/5.0 (Windows NT 10.0; Win64; x64) AppleWebKit/537.36 (KHTML, like Gecko) Chrome/90.0.4430.85 Safari/537.36"
216.244.66.243 - - [01/Apr/2025:05:25:32 -0400] "GET /conservatory-roof-replacement/feed/ HTTP/1.1" 200 422 "-" "Mozilla/5.0 (compatible; DotBot/1.2; +https://opensiteexplorer.org/dotbot; help@moz.com)"
216.244.66.243 - - [01/Apr/2025:05:25:42 -0400] "GET /how-to-change-page-color-in-google-docs/feed/ HTTP/1.1" 200 449 "-" "Mozilla/5.0 (compatible; DotBot/1.2; +https://opensiteexplorer.org/dotbot; help@moz.com)"
198.54.114.83 - - [01/Apr/2025:05:25:56 -0400] "POST /wp-cron.php?doing_wp_cron=1743499556.0176808834075927734375 HTTP/1.1" 200 0 "-" "WordPress/6.7.2; https://inversionesgoldie.com"
216.244.66.243 - - [01/Apr/2025:05:25:55 -0400] "GET /small-business-loans-no-credit-check-is-it-possible/feed/ HTTP/1.1" 200 472 "-" "Mozilla/5.0 (compatible; DotBot/1.2; +https://opensiteexplorer.org/dotbot; help@moz.com)"
198.54.114.83 - - [01/Apr/2025:05:37:21 -0400] "POST /wp-cron.php?doing_wp_cron=1743500240.6668229103088378906250 HTTP/1.1" 200 0 "-" "WordPress/6.7.2; https://inversionesgoldie.com"
195.20.18.175 - - [01/Apr/2025:05:37:16 -0400] "GET /plugins/jquery-file-upload/server/php/index.php?file=tf2rghf.jpg HTTP/1.1" 301 0 "-" "ALittle Client"
198.54.114.83 - - [01/Apr/2025:05:38:18 -0400] "POST /wp-cron.php?doing_wp_cron=1743500296.9719450473785400390625 HTTP/1.1" 200 0 "-" "WordPress/6.7.2; https://inversionesgoldie.com"
195.20.18.175 - - [01/Apr/2025:05:38:15 -0400] "GET /plugins/jquery-file-upload/server/php/?file=tf2rghf.jpg HTTP/1.1" 404 8272 "-" "ALittle Client"
216.244.66.243 - - [01/Apr/2025:05:43:33 -0400] "GET /robots.txt HTTP/1.1" 304 0 "-" "Mozilla/5.0 (compatible; DotBot/1.2; +https://opensiteexplorer.org/dotbot; help@moz.com)"
194.38.30.234 - - [01/Apr/2025:05:43:52 -0400] "GET /building-true-team-spirit-for-peak-performance-in-sports-part-1/ HTTP/1.1" 200 13712 "-" "Mozilla/5.0 (Macintosh; Intel Mac OS X 12.5; rv:114.0) Gecko/20100101 Firefox/114.0"
198.54.114.83 - - [01/Apr/2025:05:53:15 -0400] "POST /wp-cron.php?doing_wp_cron=1743501195.0563890933990478515625 HTTP/1.1" 200 0 "-" "WordPress/6.7.2; https://inversionesgoldie.com"
216.244.66.243 - - [01/Apr/2025:05:53:11 -0400] "GET /buy-youtube-views-to-jump-start-your-channel/ HTTP/1.1" 200 11818 "-" "Mozilla/5.0 (compatible; DotBot/1.2; +https://opensiteexplorer.org/dotbot; help@moz.com)"
198.54.114.83 - - [01/Apr/2025:06:02:49 -0400] "POST /wp-cron.php?doing_wp_cron=1743501769.1323349475860595703125 HTTP/1.1" 200 0 "-" "WordPress/6.7.2; https://inversionesgoldie.com"
216.244.66.243 - - [01/Apr/2025:06:02:44 -0400] "GET /webster-geneve-photographes/feed/ HTTP/1.1" 200 430 "-" "Mozilla/5.0 (compatible; DotBot/1.2; +https://opensiteexplorer.org/dotbot; help@moz.com)"
198.54.114.83 - - [01/Apr/2025:06:13:00 -0400] "POST /wp-cron.php?doing_wp_cron=1743502379.9526369571685791015625 HTTP/1.1" 200 0 "-" "WordPress/6.7.2; https://inversionesgoldie.com"
216.244.66.243 - - [01/Apr/2025:06:12:54 -0400] "GET /conversion-gallon-per-minute/feed/ HTTP/1.1" 200 426 "-" "Mozilla/5.0 (compatible; DotBot/1.2; +https://opensiteexplorer.org/dotbot; help@moz.com)"
216.244.66.243 - - [01/Apr/2025:06:13:29 -0400] "GET /how-to-use-a-rose-quartz-roller-to-get-rid-of-fine-lines-and-wrinkles/feed/ HTTP/1.1" 200 488 "-" "Mozilla/5.0 (compatible; DotBot/1.2; +https://opensiteexplorer.org/dotbot; help@moz.com)"
198.54.114.83 - - [01/Apr/2025:06:13:57 -0400] "POST /wp-cron.php?doing_wp_cron=1743502437.8079628944396972656250 HTTP/1.1" 200 0 "-" "WordPress/6.7.2; https://inversionesgoldie.com"
216.244.66.243 - - [01/Apr/2025:06:13:57 -0400] "GET /what-influences-the-cost-to-replace-a-conservatory-roof/feed/ HTTP/1.1" 200 461 "-" "Mozilla/5.0 (compatible; DotBot/1.2; +https://opensiteexplorer.org/dotbot; help@moz.com)"
216.131.105.249 - - [01/Apr/2025:06:14:48 -0400] "GET /commercial-building-disclosure-has-arrived/ HTTP/1.1" 200 13303 "http://inversionesgoldie.com/commercial-building-disclosure-has-arrived/" "Mozilla/5.0 (Windows NT 10.0; Win64; x64) AppleWebKit/537.36 (KHTML, like Gecko) Chrome/130.0.0.0 Safari/537.36 CCleaner/130.0.0.0"
198.54.114.83 - - [01/Apr/2025:06:14:50 -0400] "POST /wp-cron.php?doing_wp_cron=1743502490.1976261138916015625000 HTTP/1.1" 200 0 "-" "WordPress/6.7.2; https://inversionesgoldie.com"
216.131.105.249 - - [01/Apr/2025:06:14:49 -0400] "POST /wp-comments-post.php HTTP/1.1" 302 0 "http://inversionesgoldie.com/commercial-building-disclosure-has-arrived/" "Mozilla/5.0 (Windows NT 10.0; Win64; x64) AppleWebKit/537.36 (KHTML, like Gecko) Chrome/130.0.0.0 Safari/537.36 CCleaner/130.0.0.0"
136.143.176.64 - - [01/Apr/2025:06:36:29 -0400] "GET / HTTP/1.1" 200 98560 "-" "Mozilla/5.0 (X11; Linux x86_64) AppleWebKit/537.36 (KHTML, like Gecko) Chrome/128.0.0.0 Safari/537.36"
198.54.114.83 - - [01/Apr/2025:07:13:07 -0400] "POST /wp-cron.php?doing_wp_cron=1743505986.4558730125427246093750 HTTP/1.1" 200 0 "-" "WordPress/6.7.2; https://inversionesgoldie.com"
216.244.66.243 - - [01/Apr/2025:07:13:02 -0400] "GET /michael-kors-sales-on-bags-3/feed/ HTTP/1.1" 200 433 "-" "Mozilla/5.0 (compatible; DotBot/1.2; +https://opensiteexplorer.org/dotbot; help@moz.com)"
216.244.66.243 - - [01/Apr/2025:07:30:21 -0400] "GET /robots.txt HTTP/1.1" 304 0 "-" "Mozilla/5.0 (compatible; DotBot/1.2; +https://opensiteexplorer.org/dotbot; help@moz.com)"
198.54.114.83 - - [01/Apr/2025:07:57:21 -0400] "POST /wp-cron.php?doing_wp_cron=1743508641.1777420043945312500000 HTTP/1.1" 200 0 "-" "WordPress/6.7.2; https://inversionesgoldie.com"
80.64.30.32 - - [01/Apr/2025:07:57:17 -0400] "GET /wp-login.php?wp_lang=en_US HTTP/1.1" 302 0 "http://inversionesgoldie.com/wp-login.php" "Mozilla/5.0 (Windows NT 10.0; Win64; x64; rv:136.0) Gecko/20100101 Firefox/136.0"
80.64.30.32 - - [01/Apr/2025:07:57:26 -0400] "POST /wp-login.php?wp_lang=en_US HTTP/1.1" 302 0 "http://inversionesgoldie.com/wp-login.php" "Mozilla/5.0 (Windows NT 10.0; Win64; x64; rv:136.0) Gecko/20100101 Firefox/136.0"
216.244.66.243 - - [01/Apr/2025:08:01:18 -0400] "GET /category/activity/page/38/ HTTP/1.1" 200 11194 "-" "Mozilla/5.0 (compatible; DotBot/1.2; +https://opensiteexplorer.org/dotbot; help@moz.com)"
216.244.66.243 - - [01/Apr/2025:08:20:21 -0400] "GET /robots.txt HTTP/1.1" 304 0 "-" "Mozilla/5.0 (compatible; DotBot/1.2; +https://opensiteexplorer.org/dotbot; help@moz.com)"
198.235.24.54 - - [01/Apr/2025:08:26:36 -0400] "GET / HTTP/1.1" 200 98560 "-" "Expanse, a Palo Alto Networks company, searches across the global IPv4 space multiple times per day to identify customers' presences on the Internet. If you would like to be excluded from our scans, please send IP addresses/domains to: scaninfo@paloaltonetworks.com"
167.172.130.206 - - [01/Apr/2025:08:28:23 -0400] "GET / HTTP/1.1" 200 98560 "-" "Mozilla/5.0 (Windows NT 10.0; Win64; x64) AppleWebKit/537.36 (KHTML, like Gecko) Chrome/80.0.3987.149 Safari/537.36"
167.172.130.206 - - [01/Apr/2025:08:28:24 -0400] "GET / HTTP/1.1" 200 98560 "-" "Mozilla/5.0 (Windows NT 10.0; Win64; x64) AppleWebKit/537.36 (KHTML, like Gecko) Chrome/80.0.3987.149 Safari/537.36"
167.172.130.206 - - [01/Apr/2025:08:28:25 -0400] "GET /wp-includes/wlwmanifest.xml HTTP/1.1" 404 8272 "-" "Mozilla/5.0 (Windows NT 10.0; Win64; x64) AppleWebKit/537.36 (KHTML, like Gecko) Chrome/80.0.3987.149 Safari/537.36"
167.172.130.206 - - [01/Apr/2025:08:28:30 -0400] "GET /?author=1 HTTP/1.1" 200 98560 "-" "Mozilla/5.0 (Windows NT 10.0; Win64; x64) AppleWebKit/537.36 (KHTML, like Gecko) Chrome/80.0.3987.149 Safari/537.36"
167.172.130.206 - - [01/Apr/2025:08:28:31 -0400] "GET /?author=2 HTTP/1.1" 200 98560 "-" "Mozilla/5.0 (Windows NT 10.0; Win64; x64) AppleWebKit/537.36 (KHTML, like Gecko) Chrome/80.0.3987.149 Safari/537.36"
167.172.130.206 - - [01/Apr/2025:08:28:32 -0400] "GET /wp-json/wp/v2/users/ HTTP/1.1" 200 1381 "-" "Mozilla/5.0 (Windows NT 10.0; Win64; x64) AppleWebKit/537.36 (KHTML, like Gecko) Chrome/80.0.3987.149 Safari/537.36"
167.172.130.206 - - [01/Apr/2025:08:28:36 -0400] "POST /xmlrpc.php HTTP/1.1" 200 212 "-" "Mozilla/5.0 (Windows NT 10.0; Win64; x64) AppleWebKit/537.36 (KHTML, like Gecko) Chrome/80.0.3987.149 Safari/537.36"
167.172.130.206 - - [01/Apr/2025:08:28:37 -0400] "POST /xmlrpc.php HTTP/1.1" 200 236 "-" "Mozilla/5.0 (Windows NT 10.0; Win64; x64) AppleWebKit/537.36 (KHTML, like Gecko) Chrome/80.0.3987.149 Safari/537.36"
167.172.130.206 - - [01/Apr/2025:08:28:40 -0400] "POST /xmlrpc.php HTTP/1.1" 200 212 "-" "Mozilla/5.0 (Windows NT 10.0; Win64; x64) AppleWebKit/537.36 (KHTML, like Gecko) Chrome/80.0.3987.149 Safari/537.36"
167.172.130.206 - - [01/Apr/2025:08:28:41 -0400] "POST /xmlrpc.php HTTP/1.1" 200 236 "-" "Mozilla/5.0 (Windows NT 10.0; Win64; x64) AppleWebKit/537.36 (KHTML, like Gecko) Chrome/80.0.3987.149 Safari/537.36"
167.172.130.206 - - [01/Apr/2025:08:28:42 -0400] "POST /xmlrpc.php HTTP/1.1" 200 236 "-" "Mozilla/5.0 (Windows NT 10.0; Win64; x64) AppleWebKit/537.36 (KHTML, like Gecko) Chrome/80.0.3987.149 Safari/537.36"
167.172.130.206 - - [01/Apr/2025:08:28:44 -0400] "POST /xmlrpc.php HTTP/1.1" 200 236 "-" "Mozilla/5.0 (Windows NT 10.0; Win64; x64) AppleWebKit/537.36 (KHTML, like Gecko) Chrome/80.0.3987.149 Safari/537.36"
198.54.114.83 - - [01/Apr/2025:08:32:20 -0400] "POST /wp-cron.php?doing_wp_cron=1743510738.5086328983306884765625 HTTP/1.1" 200 0 "-" "WordPress/6.7.2; https://inversionesgoldie.com"
216.244.66.243 - - [01/Apr/2025:08:32:13 -0400] "GET /montreal-home-care-network-policy HTTP/1.1" 301 0 "-" "Mozilla/5.0 (compatible; DotBot/1.2; +https://opensiteexplorer.org/dotbot; help@moz.com)"
198.54.114.83 - - [01/Apr/2025:08:42:01 -0400] "POST /wp-cron.php?doing_wp_cron=1743511321.6028480529785156250000 HTTP/1.1" 200 0 "-" "WordPress/6.7.2; https://inversionesgoldie.com"
216.244.66.243 - - [01/Apr/2025:08:42:01 -0400] "GET /where-to-buy-sarms/feed/ HTTP/1.1" 200 423 "-" "Mozilla/5.0 (compatible; DotBot/1.2; +https://opensiteexplorer.org/dotbot; help@moz.com)"
182.42.111.156 - - [01/Apr/2025:08:49:51 -0400] "GET / HTTP/1.1" 200 98560 "-" "Mozilla/5.0 (iPhone; CPU iPhone OS 13_2_3 like Mac OS X) AppleWebKit/605.1.15 (KHTML, like Gecko) Version/13.0.3 Mobile/15E148 Safari/604.1"
196.251.80.22 - - [01/Apr/2025:08:59:32 -0400] "GET / HTTP/1.1" 200 98560 "-" "Mozlila/5.0 (Linux; Android 7.0; SM-G892A Bulid/NRD90M; wv) AppleWebKit/537.36 (KHTML, like Gecko) Version/4.0 Chrome/60.0.3112.107 Moblie Safari/537.36"
196.251.80.22 - - [01/Apr/2025:08:59:32 -0400] "GET /wp-content/plugins/fix/up.php HTTP/1.1" 404 8271 "-" "Mozilla/5.0 (Windows NT 10.0; Win64; x64) AppleWebKit/537.36 (KHTML, like Gecko) Chrome/85.0.4183.102 Safari/537.36"
196.251.80.22 - - [01/Apr/2025:08:59:32 -0400] "GET /wp-content/themes/seotheme/db.php?u HTTP/1.1" 404 8271 "www.google.com" "Mozlila/5.0 (Linux; Android 7.0; SM-G892A Bulid/NRD90M; wv) AppleWebKit/537.36 (KHTML, like Gecko) Version/4.0 Chrome/60.0.3112.107 Moblie Safari/537.36"
196.251.80.22 - - [01/Apr/2025:08:59:32 -0400] "POST /ALFA_DATA/alfacgiapi/perl.alfa HTTP/1.1" 404 8225 "www.google.com" "Mozlila/5.0 (Linux; Android 7.0; SM-G892A Bulid/NRD90M; wv) AppleWebKit/537.36 (KHTML, like Gecko) Version/4.0 Chrome/60.0.3112.107 Moblie Safari/537.36"
196.251.80.22 - - [01/Apr/2025:08:59:32 -0400] "POST /wp-plain.php HTTP/1.1" 404 8225 "www.google.com" "Mozilla/5.0 (Linux; Android 7.0; SM-G892A Bulid/NRD90M; wv) AppleWebKit/537.36 (KHTML, like Gecko) Version/4.0 Chrome/60.0.3112.107 Moblie Safari/537.36"
196.251.80.22 - - [01/Apr/2025:08:59:37 -0400] "POST /alfacgiapi/perl.alfa HTTP/1.1" 404 8225 "www.google.com" "Mozlila/5.0 (Linux; Android 7.0; SM-G892A Bulid/NRD90M; wv) AppleWebKit/537.36 (KHTML, like Gecko) Version/4.0 Chrome/60.0.3112.107 Moblie Safari/537.36"
196.251.80.22 - - [01/Apr/2025:08:59:37 -0400] "GET /mhfodzgw.php?Fox=d3wL7 HTTP/1.1" 404 8272 "www.google.com" "Mozilla/5.0 (Linux; Android 7.0; SM-G892A Bulid/NRD90M; wv) AppleWebKit/537.36 (KHTML, like Gecko) Version/4.0 Chrome/60.0.3112.107 Moblie Safari/537.36"
216.244.66.243 - - [01/Apr/2025:09:19:24 -0400] "GET /robots.txt HTTP/1.1" 304 0 "-" "Mozilla/5.0 (compatible; DotBot/1.2; +https://opensiteexplorer.org/dotbot; help@moz.com)"
198.54.114.83 - - [01/Apr/2025:09:31:21 -0400] "POST /wp-cron.php?doing_wp_cron=1743514281.4520471096038818359375 HTTP/1.1" 200 0 "-" "WordPress/6.7.2; https://inversionesgoldie.com"
216.244.66.243 - - [01/Apr/2025:09:31:20 -0400] "GET /places-to-visit-in-ooty/ HTTP/1.1" 200 13301 "-" "Mozilla/5.0 (compatible; DotBot/1.2; +https://opensiteexplorer.org/dotbot; help@moz.com)"
163.5.241.2 - - [01/Apr/2025:10:00:36 -0400] "GET / HTTP/1.1" 200 98560 "-" "Python/3.11 aiohttp/3.11.11"
199.102.105.242 - - [01/Apr/2025:10:34:25 -0400] "GET /building-true-team-spirit-for-peak-performance-in-sports-part-1/ HTTP/1.1" 200 13712 "-" "Mozilla/5.0 (X11; Ubuntu; Linux i686; rv:114.0) Gecko/20100101 Firefox/114.0"
199.102.105.242 - - [01/Apr/2025:10:34:36 -0400] "GET /building-true-team-spirit-for-peak-performance-in-sports-part-1/ HTTP/1.1" 200 13712 "http://inversionesgoldie.com/building-true-team-spirit-for-peak-performance-in-sports-part-1/" "PHP/{5|6|7}.{3|2}.{1|2|3|4|5|6|7|8|9|0}{1|2|3|4|5|6|7|8|9|0}"
198.54.114.83 - - [01/Apr/2025:10:34:42 -0400] "POST /wp-cron.php?doing_wp_cron=1743518082.2395780086517333984375 HTTP/1.1" 200 0 "-" "WordPress/6.7.2; https://inversionesgoldie.com"
199.102.105.242 - - [01/Apr/2025:10:34:37 -0400] "POST /xmlrpc.php HTTP/1.1" 200 189 "http://inversionesgoldie.com/building-true-team-spirit-for-peak-performance-in-sports-part-1/" "PHP/7.3.65"
199.102.105.242 - - [01/Apr/2025:10:34:47 -0400] "GET /building-true-team-spirit-for-peak-performance-in-sports-part-1/ HTTP/1.1" 200 13712 "-" "PHP/7.3.65"
199.102.105.242 - - [01/Apr/2025:10:34:59 -0400] "GET /building-true-team-spirit-for-peak-performance-in-sports-part-1/ HTTP/1.1" 200 13712 "-" "Mozilla/5.0 (Macintosh; Intel Mac OS X 12.5; rv:114.0) Gecko/20100101 Firefox/114.0"
85.208.98.23 - - [01/Apr/2025:10:37:26 -0400] "GET /robots.txt HTTP/1.1" 304 0 "-" "Mozilla/5.0 (compatible; SemrushBot-BA; +http://www.semrush.com/bot.html)"
216.244.66.243 - - [01/Apr/2025:11:05:59 -0400] "GET /the-rise-of-joseph-daher-batman/ HTTP/1.1" 301 0 "-" "Mozilla/5.0 (compatible; DotBot/1.2; +https://opensiteexplorer.org/dotbot; help@moz.com)"
198.54.114.83 - - [01/Apr/2025:11:06:03 -0400] "POST /wp-cron.php?doing_wp_cron=1743519962.5307369232177734375000 HTTP/1.1" 200 0 "-" "WordPress/6.7.2; https://inversionesgoldie.com"
216.244.66.243 - - [01/Apr/2025:11:07:08 -0400] "GET /choosing-vancouver-remodeling-services/feed/ HTTP/1.1" 200 438 "-" "Mozilla/5.0 (compatible; DotBot/1.2; +https://opensiteexplorer.org/dotbot; help@moz.com)"
198.54.114.83 - - [01/Apr/2025:11:07:11 -0400] "POST /wp-cron.php?doing_wp_cron=1743520028.6635351181030273437500 HTTP/1.1" 200 0 "-" "WordPress/6.7.2; https://inversionesgoldie.com"
170.106.110.146 - - [01/Apr/2025:11:13:29 -0400] "GET / HTTP/1.1" 200 98560 "-" "Mozilla/5.0 (iPhone; CPU iPhone OS 13_2_3 like Mac OS X) AppleWebKit/605.1.15 (KHTML, like Gecko) Version/13.0.3 Mobile/15E148 Safari/604.1"
216.244.66.243 - - [01/Apr/2025:11:25:53 -0400] "GET /3-grunde-warum-sie-mit-dem-gitarrenunterricht-moglicherweise-keine-grosen-ergebnisse-erzielen/feed/ HTTP/1.1" 200 511 "-" "Mozilla/5.0 (compatible; DotBot/1.2; +https://opensiteexplorer.org/dotbot; help@moz.com)"
198.54.114.83 - - [01/Apr/2025:11:39:17 -0400] "POST /wp-cron.php?doing_wp_cron=1743521957.3022239208221435546875 HTTP/1.1" 200 0 "-" "WordPress/6.7.2; https://inversionesgoldie.com"
134.122.135.50 - - [01/Apr/2025:11:39:11 -0400] "GET /apps/admin/view/default/layui/css/layui.css HTTP/1.1" 404 8272 "http://inversionesgoldie.com/apps/admin/view/default/layui/css/layui.css" "Mozilla/4.0 (compatible; MSIE 9.0; Windows NT 6.1)"
134.122.135.50 - - [01/Apr/2025:11:39:21 -0400] "GET /plus/img/df_dedetitle.gif HTTP/1.1" 404 8271 "http://inversionesgoldie.com/plus/img/df_dedetitle.gif" "Mozilla/4.0 (compatible; MSIE 9.0; Windows NT 6.1)"
134.122.135.77 - - [01/Apr/2025:11:41:01 -0400] "GET /apps/admin/view/default/layui/css/layui.css HTTP/1.1" 404 8272 "http://inversionesgoldie.com" "Mozilla/5.0 (Windows NT 10.0; Win64; x64) AppleWebKit/537.36 (KHTML, like Gecko) Chrome/128.0.0.0 Safari/537.36"
134.122.135.77 - - [01/Apr/2025:11:41:01 -0400] "GET /include/ckeditor/images/addon.gif HTTP/1.1" 404 8272 "http://inversionesgoldie.com" "Mozilla/5.0 (Windows NT 10.0; Win64; x64) AppleWebKit/537.36 (KHTML, like Gecko) Chrome/128.0.0.0 Safari/537.36"
198.54.114.83 - - [01/Apr/2025:11:41:04 -0400] "POST /wp-cron.php?doing_wp_cron=1743522063.4151690006256103515625 HTTP/1.1" 200 0 "-" "WordPress/6.7.2; https://inversionesgoldie.com"
198.54.114.83 - - [01/Apr/2025:11:41:04 -0400] "POST /wp-cron.php?doing_wp_cron=1743522063.4056150913238525390625 HTTP/1.1" 200 0 "-" "WordPress/6.7.2; https://inversionesgoldie.com"
134.122.135.77 - - [01/Apr/2025:11:41:01 -0400] "GET /e/data/images/arrow.gif HTTP/1.1" 404 8272 "http://inversionesgoldie.com" "Mozilla/5.0 (Windows NT 10.0; Win64; x64) AppleWebKit/537.36 (KHTML, like Gecko) Chrome/128.0.0.0 Safari/537.36"
134.122.135.77 - - [01/Apr/2025:11:41:01 -0400] "GET /public/plugins/Ueditor/dialogs/attachment/fileTypeImages/icon_psd.gif HTTP/1.1" 404 8272 "http://inversionesgoldie.com" "Mozilla/5.0 (Windows NT 10.0; Win64; x64) AppleWebKit/537.36 (KHTML, like Gecko) Chrome/128.0.0.0 Safari/537.36"
45.11.21.173 - - [01/Apr/2025:11:41:14 -0400] "GET /commercial-building-disclosure-has-arrived/ HTTP/1.1" 200 13303 "http://inversionesgoldie.com/commercial-building-disclosure-has-arrived/" "Mozilla/5.0 (Windows NT 10.0; Win64; x64) AppleWebKit/537.36 (KHTML, like Gecko) Chrome/131.0.0.0 Safari/537.36 Avast/131.0.0.0"
134.122.133.12 - - [01/Apr/2025:11:45:24 -0400] "GET /xmlrpc.php HTTP/1.1" 405 60 "http://inversionesgoldie.com" "Mozilla/5.0 (compatible; Googlebot/2.1; +http://www.google.com/bot.html)"
134.122.133.12 - - [01/Apr/2025:11:48:44 -0400] "GET / HTTP/1.1" 200 98560 "http://inversionesgoldie.com" "Mozilla/5.0 (compatible; Googlebot/2.1; +http://www.google.com/bot.html)"
134.122.133.12 - - [01/Apr/2025:11:50:49 -0400] "GET /include/ckeditor/images/addon.gif HTTP/1.1" 404 8272 "http://inversionesgoldie.com" "Googlebot/2.1 (+http://www.googlebot.com/bot.html)"
198.54.114.83 - - [01/Apr/2025:11:50:57 -0400] "POST /wp-cron.php?doing_wp_cron=1743522656.1891770362854003906250 HTTP/1.1" 200 0 "-" "WordPress/6.7.2; https://inversionesgoldie.com"
134.122.133.12 - - [01/Apr/2025:11:50:51 -0400] "GET /images/loadinglit.gif HTTP/1.1" 404 8272 "http://inversionesgoldie.com" "Mozilla/5.0 (compatible; Googlebot/2.1; +http://www.google.com/bot.html)"
134.122.133.12 - - [01/Apr/2025:11:51:44 -0400] "GET /public/static/common/images/file.png HTTP/1.1" 404 8272 "http://inversionesgoldie.com" "Sogou Push Spider/3.0(+http://www.sogou.com/docs/help/webmasters.htm#07\xa1\xe5)"
134.122.133.12 - - [01/Apr/2025:11:51:47 -0400] "GET /public/static/admin/images/ok.png HTTP/1.1" 404 8272 "http://inversionesgoldie.com" "Mozilla/5.0 (compatible; Baiduspider/2.0; +http://www.baidu.com/search/spider.html\xa3\xa9"
216.244.66.243 - - [01/Apr/2025:11:53:54 -0400] "GET /robots.txt HTTP/1.1" 304 0 "-" "Mozilla/5.0 (compatible; DotBot/1.2; +https://opensiteexplorer.org/dotbot; help@moz.com)"
216.244.66.243 - - [01/Apr/2025:12:06:55 -0400] "GET /medical-beauty-has-become-a-specialty/ HTTP/1.1" 200 11791 "-" "Mozilla/5.0 (compatible; DotBot/1.2; +https://opensiteexplorer.org/dotbot; help@moz.com)"
198.54.114.83 - - [01/Apr/2025:12:35:10 -0400] "POST /wp-cron.php?doing_wp_cron=1743525310.2844510078430175781250 HTTP/1.1" 200 0 "-" "WordPress/6.7.2; https://inversionesgoldie.com"
20.122.123.11 - - [01/Apr/2025:12:35:09 -0400] "HEAD /wordpress HTTP/1.1" 404 0 "-" "Mozilla/5.0 (Windows NT 10.0; Win64; x64) AppleWebKit/537.36 (KHTML, like Gecko) Chrome/74.0.3729.169 Safari/537.36"
20.122.123.11 - - [01/Apr/2025:12:35:11 -0400] "HEAD / HTTP/1.1" 200 0 "-" "Mozilla/5.0 (Windows NT 10.0; Win64; x64) AppleWebKit/537.36 (KHTML, like Gecko) Chrome/74.0.3729.169 Safari/537.36"
20.122.123.11 - - [01/Apr/2025:12:35:11 -0400] "HEAD /wp HTTP/1.1" 404 0 "-" "Mozilla/5.0 (Windows NT 10.0; Win64; x64) AppleWebKit/537.36 (KHTML, like Gecko) Chrome/74.0.3729.169 Safari/537.36"
20.122.123.11 - - [01/Apr/2025:12:35:11 -0400] "HEAD /bc HTTP/1.1" 404 0 "-" "Mozilla/5.0 (Windows NT 10.0; Win64; x64) AppleWebKit/537.36 (KHTML, like Gecko) Chrome/74.0.3729.169 Safari/537.36"
20.122.123.11 - - [01/Apr/2025:12:35:12 -0400] "HEAD /bk HTTP/1.1" 404 0 "-" "Mozilla/5.0 (Windows NT 10.0; Win64; x64) AppleWebKit/537.36 (KHTML, like Gecko) Chrome/74.0.3729.169 Safari/537.36"
20.122.123.11 - - [01/Apr/2025:12:35:12 -0400] "HEAD /backup HTTP/1.1" 404 0 "-" "Mozilla/5.0 (Windows NT 10.0; Win64; x64) AppleWebKit/537.36 (KHTML, like Gecko) Chrome/74.0.3729.169 Safari/537.36"
20.122.123.11 - - [01/Apr/2025:12:35:12 -0400] "HEAD /old HTTP/1.1" 404 0 "-" "Mozilla/5.0 (Windows NT 10.0; Win64; x64) AppleWebKit/537.36 (KHTML, like Gecko) Chrome/74.0.3729.169 Safari/537.36"
20.122.123.11 - - [01/Apr/2025:12:35:13 -0400] "HEAD /new HTTP/1.1" 301 0 "-" "Mozilla/5.0 (Windows NT 10.0; Win64; x64) AppleWebKit/537.36 (KHTML, like Gecko) Chrome/74.0.3729.169 Safari/537.36"
20.122.123.11 - - [01/Apr/2025:12:35:15 -0400] "HEAD /main HTTP/1.1" 404 0 "-" "Mozilla/5.0 (Windows NT 10.0; Win64; x64) AppleWebKit/537.36 (KHTML, like Gecko) Chrome/74.0.3729.169 Safari/537.36"
20.122.123.11 - - [01/Apr/2025:12:35:16 -0400] "HEAD /home HTTP/1.1" 301 0 "-" "Mozilla/5.0 (Windows NT 10.0; Win64; x64) AppleWebKit/537.36 (KHTML, like Gecko) Chrome/74.0.3729.169 Safari/537.36"
85.208.98.23 - - [01/Apr/2025:12:47:36 -0400] "GET /robots.txt HTTP/1.1" 304 0 "-" "Mozilla/5.0 (compatible; SemrushBot-BA; +http://www.semrush.com/bot.html)"
198.54.114.83 - - [01/Apr/2025:12:55:38 -0400] "POST /wp-cron.php?doing_wp_cron=1743526538.3226718902587890625000 HTTP/1.1" 200 0 "-" "WordPress/6.7.2; https://inversionesgoldie.com"
198.54.120.17 - - [01/Apr/2025:12:55:35 -0400] "POST /xmlrpc.php HTTP/1.1" 200 212 "http://inversionesgoldie.com" "Mozilla/5.0 (Windows NT 10.0; Win64; x64) AppleWebKit/537.36 (KHTML, like Gecko) Chrome/112.0.5615.138 Safari/537.36 Edg/112.0.1722.68"
198.54.114.83 - - [01/Apr/2025:13:11:00 -0400] "POST /wp-cron.php?doing_wp_cron=1743527459.2534229755401611328125 HTTP/1.1" 200 0 "-" "WordPress/6.7.2; https://inversionesgoldie.com"
52.251.120.34 - - [01/Apr/2025:13:10:54 -0400] "GET /autoload_classmap.php HTTP/1.1" 404 8271 "-" "-"
52.251.120.34 - - [01/Apr/2025:13:11:02 -0400] "GET /post.php HTTP/1.1" 404 8271 "-" "-"
52.251.120.34 - - [01/Apr/2025:13:11:03 -0400] "GET /1.php HTTP/1.1" 404 8272 "-" "-"
52.251.120.34 - - [01/Apr/2025:13:11:05 -0400] "GET /flower.php HTTP/1.1" 404 8272 "-" "-"
52.251.120.34 - - [01/Apr/2025:13:11:08 -0400] "GET /admin.php HTTP/1.1" 404 8272 "-" "-"
52.251.120.34 - - [01/Apr/2025:13:11:10 -0400] "GET /file.php HTTP/1.1" 404 8271 "-" "-"
52.251.120.34 - - [01/Apr/2025:13:11:12 -0400] "GET /meta.php HTTP/1.1" 404 8272 "-" "-"
52.251.120.34 - - [01/Apr/2025:13:11:14 -0400] "GET /index.php HTTP/1.1" 301 0 "-" "-"
52.251.120.34 - - [01/Apr/2025:13:11:14 -0400] "GET / HTTP/1.1" 200 98560 "-" "-"
52.251.120.34 - - [01/Apr/2025:13:11:15 -0400] "GET /about.php HTTP/1.1" 404 8272 "-" "-"
52.251.120.34 - - [01/Apr/2025:13:11:17 -0400] "GET /randkeyword.php HTTP/1.1" 404 8272 "-" "-"
52.251.120.34 - - [01/Apr/2025:13:11:19 -0400] "GET /goods.php HTTP/1.1" 404 8272 "-" "-"
52.251.120.34 - - [01/Apr/2025:13:11:21 -0400] "GET /hehe.php HTTP/1.1" 404 8271 "-" "-"
52.251.120.34 - - [01/Apr/2025:13:11:22 -0400] "GET /user.php HTTP/1.1" 404 8272 "-" "-"
52.251.120.34 - - [01/Apr/2025:13:11:23 -0400] "GET /wp-2019.php HTTP/1.1" 404 8272 "-" "-"
52.251.120.34 - - [01/Apr/2025:13:11:25 -0400] "GET /chosen.php HTTP/1.1" 404 8272 "-" "-"
52.251.120.34 - - [01/Apr/2025:13:11:26 -0400] "GET /functions.php HTTP/1.1" 404 8272 "-" "-"
52.251.120.34 - - [01/Apr/2025:13:11:27 -0400] "GET /cron.php HTTP/1.1" 404 8272 "-" "-"
52.251.120.34 - - [01/Apr/2025:13:11:29 -0400] "GET /edit.php HTTP/1.1" 404 8272 "-" "-"
52.251.120.34 - - [01/Apr/2025:13:11:31 -0400] "GET /gecko-new.php HTTP/1.1" 404 8271 "-" "-"
52.251.120.34 - - [01/Apr/2025:13:11:32 -0400] "GET /cookie.php HTTP/1.1" 404 8272 "-" "-"
52.251.120.34 - - [01/Apr/2025:13:11:34 -0400] "GET /xleet.php HTTP/1.1" 404 8272 "-" "-"
52.251.120.34 - - [01/Apr/2025:13:11:35 -0400] "GET /spip.php HTTP/1.1" 404 8272 "-" "-"
52.251.120.34 - - [01/Apr/2025:13:11:36 -0400] "GET /22.php HTTP/1.1" 404 8272 "-" "-"
52.251.120.34 - - [01/Apr/2025:13:11:38 -0400] "GET /room.php HTTP/1.1" 404 8272 "-" "-"
52.251.120.34 - - [01/Apr/2025:13:11:40 -0400] "GET /disagreed.php HTTP/1.1" 404 8272 "-" "-"
52.251.120.34 - - [01/Apr/2025:13:11:41 -0400] "GET /text.php HTTP/1.1" 404 8271 "-" "-"
52.251.120.34 - - [01/Apr/2025:13:11:43 -0400] "GET /alfa-rex.php HTTP/1.1" 404 8272 "-" "-"
52.251.120.34 - - [01/Apr/2025:13:11:44 -0400] "GET /alfa-rex.php7 HTTP/1.1" 404 8272 "-" "-"
52.251.120.34 - - [01/Apr/2025:13:11:44 -0400] "GET /feeds.php HTTP/1.1" 404 8272 "-" "-"
52.251.120.34 - - [01/Apr/2025:13:11:47 -0400] "GET /radio.php HTTP/1.1" 404 8272 "-" "-"
52.251.120.34 - - [01/Apr/2025:13:11:47 -0400] "GET /dropdown.php HTTP/1.1" 404 8272 "-" "-"
52.251.120.34 - - [01/Apr/2025:13:11:48 -0400] "GET /defaults.php HTTP/1.1" 404 8272 "-" "-"
198.54.114.83 - - [01/Apr/2025:13:11:50 -0400] "POST /wp-cron.php?doing_wp_cron=1743527509.7532730102539062500000 HTTP/1.1" 200 0 "-" "WordPress/6.7.2; https://inversionesgoldie.com"
52.251.120.34 - - [01/Apr/2025:13:11:49 -0400] "GET /system.php HTTP/1.1" 404 8272 "-" "-"
52.251.120.34 - - [01/Apr/2025:13:11:51 -0400] "GET /xmlrpc.php HTTP/1.1" 405 60 "-" "-"
52.251.120.34 - - [01/Apr/2025:13:11:52 -0400] "GET /xmlrpc.php0 HTTP/1.1" 404 8272 "-" "-"
52.251.120.34 - - [01/Apr/2025:13:11:53 -0400] "GET /colors.php HTTP/1.1" 404 8272 "-" "-"
52.251.120.34 - - [01/Apr/2025:13:11:55 -0400] "GET /updates.php HTTP/1.1" 404 8272 "-" "-"
52.251.120.34 - - [01/Apr/2025:13:11:57 -0400] "GET /alfa-rex1.php HTTP/1.1" 404 8272 "-" "-"
52.251.120.34 - - [01/Apr/2025:13:12:00 -0400] "GET /wp-index.php HTTP/1.1" 404 8272 "-" "-"
52.251.120.34 - - [01/Apr/2025:13:12:02 -0400] "GET /wp-admin.php HTTP/1.1" 404 8271 "-" "-"
52.251.120.34 - - [01/Apr/2025:13:12:04 -0400] "GET /alfa.php HTTP/1.1" 404 8274 "-" "-"
52.251.120.34 - - [01/Apr/2025:13:12:05 -0400] "GET /alfanew.php7 HTTP/1.1" 404 8272 "-" "-"
52.251.120.34 - - [01/Apr/2025:13:12:07 -0400] "GET /locale.php HTTP/1.1" 404 8272 "-" "-"
52.251.120.34 - - [01/Apr/2025:13:12:10 -0400] "GET /wxo.php HTTP/1.1" 404 8272 "-" "-"
52.251.120.34 - - [01/Apr/2025:13:12:11 -0400] "GET /colour.php HTTP/1.1" 404 8271 "-" "-"
52.251.120.34 - - [01/Apr/2025:13:12:11 -0400] "GET /files.php HTTP/1.1" 404 8271 "-" "-"
52.251.120.34 - - [01/Apr/2025:13:12:13 -0400] "GET /install.php HTTP/1.1" 404 8272 "-" "-"
52.251.120.34 - - [01/Apr/2025:13:12:16 -0400] "GET /wp-contentt.php HTTP/1.1" 404 8272 "-" "-"
52.251.120.34 - - [01/Apr/2025:13:12:17 -0400] "GET /config.php7 HTTP/1.1" 404 8272 "-" "-"
52.251.120.34 - - [01/Apr/2025:13:12:19 -0400] "GET /config.php HTTP/1.1" 404 8272 "-" "-"
52.251.120.34 - - [01/Apr/2025:13:12:20 -0400] "GET /theme.php HTTP/1.1" 404 8272 "-" "-"
52.251.120.34 - - [01/Apr/2025:13:12:22 -0400] "GET /block-bindings.php HTTP/1.1" 404 8271 "-" "-"
52.251.120.34 - - [01/Apr/2025:13:12:23 -0400] "GET /class_api.php HTTP/1.1" 404 8272 "-" "-"
52.251.120.34 - - [01/Apr/2025:13:12:25 -0400] "GET /inputs.php HTTP/1.1" 404 8272 "-" "-"
52.251.120.34 - - [01/Apr/2025:13:12:26 -0400] "GET /root.php HTTP/1.1" 404 8272 "-" "-"
52.251.120.34 - - [01/Apr/2025:13:12:28 -0400] "GET /menu.php HTTP/1.1" 404 8272 "-" "-"
52.251.120.34 - - [01/Apr/2025:13:12:29 -0400] "GET /plugin.php HTTP/1.1" 404 8272 "-" "-"
52.251.120.34 - - [01/Apr/2025:13:12:30 -0400] "GET /cloud.php HTTP/1.1" 404 8272 "-" "-"
52.251.120.34 - - [01/Apr/2025:13:12:30 -0400] "GET /configs.php HTTP/1.1" 404 8272 "-" "-"
52.251.120.34 - - [01/Apr/2025:13:12:31 -0400] "GET /wp-configs.php HTTP/1.1" 404 8271 "-" "-"
52.251.120.34 - - [01/Apr/2025:13:12:32 -0400] "GET /update.php HTTP/1.1" 404 8271 "-" "-"
52.251.120.34 - - [01/Apr/2025:13:12:33 -0400] "GET /2.php HTTP/1.1" 404 8272 "-" "-"
52.251.120.34 - - [01/Apr/2025:13:12:34 -0400] "GET /input.php HTTP/1.1" 404 8274 "-" "-"
52.251.120.34 - - [01/Apr/2025:13:12:35 -0400] "GET /aaa.php HTTP/1.1" 404 8272 "-" "-"
198.54.114.83 - - [01/Apr/2025:13:21:21 -0400] "POST /wp-cron.php?doing_wp_cron=1743528080.3584411144256591796875 HTTP/1.1" 200 0 "-" "WordPress/6.7.2; https://inversionesgoldie.com"
216.244.66.243 - - [01/Apr/2025:13:21:15 -0400] "GET /lake-garda-wedding-venues/feed/ HTTP/1.1" 200 427 "-" "Mozilla/5.0 (compatible; DotBot/1.2; +https://opensiteexplorer.org/dotbot; help@moz.com)"
198.54.114.83 - - [01/Apr/2025:13:23:17 -0400] "POST /wp-cron.php?doing_wp_cron=1743528196.5021309852600097656250 HTTP/1.1" 200 0 "-" "WordPress/6.7.2; https://inversionesgoldie.com"
103.169.35.190 - - [01/Apr/2025:13:23:11 -0400] "POST /xmlrpc.php HTTP/1.1" 200 212 "http://inversionesgoldie.com" "Mozilla/5.0 (Windows NT 10.0; Win64; x64) AppleWebKit/537.36 (KHTML, like Gecko) Chrome/114.0.5735.134 Safari/537.36"
198.54.114.83 - - [01/Apr/2025:13:23:57 -0400] "POST /wp-cron.php?doing_wp_cron=1743528236.9316411018371582031250 HTTP/1.1" 200 0 "-" "WordPress/6.7.2; https://inversionesgoldie.com"
216.244.66.243 - - [01/Apr/2025:13:23:56 -0400] "GET /the-reserve-an-evaluation-of-the-on-reserve-housing-program/feed/ HTTP/1.1" 200 470 "-" "Mozilla/5.0 (compatible; DotBot/1.2; +https://opensiteexplorer.org/dotbot; help@moz.com)"
196.251.69.109 - - [01/Apr/2025:13:25:24 -0400] "GET / HTTP/1.1" 200 98560 "-" "Mozilla/5.0 (Windows NT 10.0; Win64; x64) AppleWebKit/537.36 (KHTML, like Gecko) Chrome/89.0.4389.114 Safari/537.36"
196.251.69.109 - - [01/Apr/2025:13:25:24 -0400] "GET / HTTP/1.1" 200 98560 "-" "Mozilla/5.0 (Windows NT 10.0; Win64; x64) AppleWebKit/537.36 (KHTML, like Gecko) Chrome/89.0.4389.114 Safari/537.36"
198.54.114.83 - - [01/Apr/2025:13:25:29 -0400] "POST /wp-cron.php?doing_wp_cron=1743528328.9606111049652099609375 HTTP/1.1" 200 0 "-" "WordPress/6.7.2; https://inversionesgoldie.com"
196.251.69.109 - - [01/Apr/2025:13:25:25 -0400] "GET /wp-includes/wlwmanifest.xml HTTP/1.1" 404 8272 "-" "Mozilla/5.0 (Windows NT 10.0; Win64; x64) AppleWebKit/537.36 (KHTML, like Gecko) Chrome/89.0.4389.114 Safari/537.36"
196.251.69.109 - - [01/Apr/2025:13:25:30 -0400] "GET /?author=1 HTTP/1.1" 200 98560 "-" "Mozilla/5.0 (Windows NT 10.0; Win64; x64) AppleWebKit/537.36 (KHTML, like Gecko) Chrome/89.0.4389.114 Safari/537.36"
196.251.69.109 - - [01/Apr/2025:13:25:31 -0400] "GET /?author=2 HTTP/1.1" 200 98560 "-" "Mozilla/5.0 (Windows NT 10.0; Win64; x64) AppleWebKit/537.36 (KHTML, like Gecko) Chrome/89.0.4389.114 Safari/537.36"
196.251.69.109 - - [01/Apr/2025:13:25:31 -0400] "GET /?author=3 HTTP/1.1" 200 98560 "-" "Mozilla/5.0 (Windows NT 10.0; Win64; x64) AppleWebKit/537.36 (KHTML, like Gecko) Chrome/89.0.4389.114 Safari/537.36"
196.251.69.109 - - [01/Apr/2025:13:25:32 -0400] "GET /wp-json/wp/v2/users/ HTTP/1.1" 200 1381 "-" "Mozilla/5.0 (Windows NT 10.0; Win64; x64) AppleWebKit/537.36 (KHTML, like Gecko) Chrome/89.0.4389.114 Safari/537.36"
196.251.69.109 - - [01/Apr/2025:13:25:33 -0400] "POST /xmlrpc.php HTTP/1.1" 200 212 "-" "Mozilla/5.0 (Windows NT 10.0; Win64; x64) AppleWebKit/537.36 (KHTML, like Gecko) Chrome/89.0.4389.114 Safari/537.36"
196.251.69.109 - - [01/Apr/2025:13:25:34 -0400] "POST /xmlrpc.php HTTP/1.1" 200 212 "-" "Mozilla/5.0 (Windows NT 10.0; Win64; x64) AppleWebKit/537.36 (KHTML, like Gecko) Chrome/89.0.4389.114 Safari/537.36"
196.251.69.109 - - [01/Apr/2025:13:25:35 -0400] "POST /xmlrpc.php HTTP/1.1" 200 236 "-" "Mozilla/5.0 (Windows NT 10.0; Win64; x64) AppleWebKit/537.36 (KHTML, like Gecko) Chrome/89.0.4389.114 Safari/537.36"
196.251.69.109 - - [01/Apr/2025:13:25:36 -0400] "POST /xmlrpc.php HTTP/1.1" 200 236 "-" "Mozilla/5.0 (Windows NT 10.0; Win64; x64) AppleWebKit/537.36 (KHTML, like Gecko) Chrome/89.0.4389.114 Safari/537.36"
196.251.69.109 - - [01/Apr/2025:13:25:37 -0400] "POST /xmlrpc.php HTTP/1.1" 200 212 "-" "Mozilla/5.0 (Windows NT 10.0; Win64; x64) AppleWebKit/537.36 (KHTML, like Gecko) Chrome/89.0.4389.114 Safari/537.36"
196.251.69.109 - - [01/Apr/2025:13:25:38 -0400] "POST /xmlrpc.php HTTP/1.1" 200 236 "-" "Mozilla/5.0 (Windows NT 10.0; Win64; x64) AppleWebKit/537.36 (KHTML, like Gecko) Chrome/89.0.4389.114 Safari/537.36"
216.244.66.243 - - [01/Apr/2025:13:35:17 -0400] "GET /robots.txt HTTP/1.1" 304 0 "-" "Mozilla/5.0 (compatible; DotBot/1.2; +https://opensiteexplorer.org/dotbot; help@moz.com)"
13.229.78.155 - - [01/Apr/2025:13:47:21 -0400] "GET /wp-cli.php HTTP/1.1" 404 8272 "www.google.com" "Mozlila/5.0 (Linux; Android 7.0; SM-G892A Bulid/NRD90M; wv) AppleWebKit/537.36 (KHTML, like Gecko) Version/4.0 Chrome/60.0.3112.107 Moblie Safari/537.36"
13.229.78.155 - - [01/Apr/2025:14:06:28 -0400] "GET /wp-includes/ID3/index.php HTTP/1.1" 301 0 "-" "Mozlila/5.0 (Linux; Android 7.0; SM-G892A Bulid/NRD90M; wv) AppleWebKit/537.36 (KHTML, like Gecko) Version/4.0 Chrome/60.0.3112.107 Moblie Safari/537.36"
13.229.78.155 - - [01/Apr/2025:14:06:30 -0400] "GET /wp-includes/ID3/ HTTP/1.1" 403 1242 "-" "Mozlila/5.0 (Linux; Android 7.0; SM-G892A Bulid/NRD90M; wv) AppleWebKit/537.36 (KHTML, like Gecko) Version/4.0 Chrome/60.0.3112.107 Moblie Safari/537.36"
13.229.78.155 - - [01/Apr/2025:14:06:31 -0400] "GET /wp-content/plugins/index.php HTTP/1.1" 200 0 "-" "Mozlila/5.0 (Linux; Android 7.0; SM-G892A Bulid/NRD90M; wv) AppleWebKit/537.36 (KHTML, like Gecko) Version/4.0 Chrome/60.0.3112.107 Moblie Safari/537.36"
198.54.114.83 - - [01/Apr/2025:14:06:34 -0400] "POST /wp-cron.php?doing_wp_cron=1743530793.7995789051055908203125 HTTP/1.1" 200 0 "-" "WordPress/6.7.2; https://inversionesgoldie.com"
13.229.78.155 - - [01/Apr/2025:14:06:33 -0400] "GET /wp-admin/network/index.php HTTP/1.1" 302 0 "-" "Mozlila/5.0 (Linux; Android 7.0; SM-G892A Bulid/NRD90M; wv) AppleWebKit/537.36 (KHTML, like Gecko) Version/4.0 Chrome/60.0.3112.107 Moblie Safari/537.36"
13.229.78.155 - - [01/Apr/2025:14:06:42 -0400] "GET /wp-includes/IXR/index.php HTTP/1.1" 301 0 "-" "Mozlila/5.0 (Linux; Android 7.0; SM-G892A Bulid/NRD90M; wv) AppleWebKit/537.36 (KHTML, like Gecko) Version/4.0 Chrome/60.0.3112.107 Moblie Safari/537.36"
13.229.78.155 - - [01/Apr/2025:14:06:45 -0400] "GET /wp-includes/IXR/ HTTP/1.1" 403 1242 "-" "Mozlila/5.0 (Linux; Android 7.0; SM-G892A Bulid/NRD90M; wv) AppleWebKit/537.36 (KHTML, like Gecko) Version/4.0 Chrome/60.0.3112.107 Moblie Safari/537.36"
13.229.78.155 - - [01/Apr/2025:14:06:46 -0400] "GET /wp-admin/images/index.php HTTP/1.1" 301 0 "-" "Mozlila/5.0 (Linux; Android 7.0; SM-G892A Bulid/NRD90M; wv) AppleWebKit/537.36 (KHTML, like Gecko) Version/4.0 Chrome/60.0.3112.107 Moblie Safari/537.36"
13.229.78.155 - - [01/Apr/2025:14:06:49 -0400] "GET /wp-admin/images/ HTTP/1.1" 403 1242 "-" "Mozlila/5.0 (Linux; Android 7.0; SM-G892A Bulid/NRD90M; wv) AppleWebKit/537.36 (KHTML, like Gecko) Version/4.0 Chrome/60.0.3112.107 Moblie Safari/537.36"
198.54.114.83 - - [01/Apr/2025:14:06:53 -0400] "POST /wp-cron.php?doing_wp_cron=1743530812.2811241149902343750000 HTTP/1.1" 200 0 "-" "WordPress/6.7.2; https://inversionesgoldie.com"
13.229.78.155 - - [01/Apr/2025:14:06:51 -0400] "GET /wp-login.php HTTP/1.1" 302 0 "-" "Mozlila/5.0 (Linux; Android 7.0; SM-G892A Bulid/NRD90M; wv) AppleWebKit/537.36 (KHTML, like Gecko) Version/4.0 Chrome/60.0.3112.107 Moblie Safari/537.36"
13.229.78.155 - - [01/Apr/2025:14:06:59 -0400] "GET /wp-content/plugins/admin.php HTTP/1.1" 404 8273 "-" "Mozlila/5.0 (Linux; Android 7.0; SM-G892A Bulid/NRD90M; wv) AppleWebKit/537.36 (KHTML, like Gecko) Version/4.0 Chrome/60.0.3112.107 Moblie Safari/537.36"
13.229.78.155 - - [01/Apr/2025:14:07:03 -0400] "GET /xmlrpc.php HTTP/1.1" 405 60 "-" "Mozlila/5.0 (Linux; Android 7.0; SM-G892A Bulid/NRD90M; wv) AppleWebKit/537.36 (KHTML, like Gecko) Version/4.0 Chrome/60.0.3112.107 Moblie Safari/537.36"
13.229.78.155 - - [01/Apr/2025:14:07:05 -0400] "GET /wp-admin.php HTTP/1.1" 404 8271 "-" "Mozlila/5.0 (Linux; Android 7.0; SM-G892A Bulid/NRD90M; wv) AppleWebKit/537.36 (KHTML, like Gecko) Version/4.0 Chrome/60.0.3112.107 Moblie Safari/537.36"
13.229.78.155 - - [01/Apr/2025:14:07:07 -0400] "GET /wp-content/plugins/Core-Econ/upH.php HTTP/1.1" 404 8271 "-" "Mozlila/5.0 (Linux; Android 7.0; SM-G892A Bulid/NRD90M; wv) AppleWebKit/537.36 (KHTML, like Gecko) Version/4.0 Chrome/60.0.3112.107 Moblie Safari/537.36"
13.229.78.155 - - [01/Apr/2025:14:07:08 -0400] "GET /wp-content/plugins/fix/up.php HTTP/1.1" 404 8272 "-" "Mozlila/5.0 (Linux; Android 7.0; SM-G892A Bulid/NRD90M; wv) AppleWebKit/537.36 (KHTML, like Gecko) Version/4.0 Chrome/60.0.3112.107 Moblie Safari/537.36"
13.229.78.155 - - [01/Apr/2025:14:07:11 -0400] "GET /wp-content/plugins/pwnd/pwnd.php HTTP/1.1" 404 8273 "-" "Mozlila/5.0 (Linux; Android 7.0; SM-G892A Bulid/NRD90M; wv) AppleWebKit/537.36 (KHTML, like Gecko) Version/4.0 Chrome/60.0.3112.107 Moblie Safari/537.36"
13.229.78.155 - - [01/Apr/2025:14:07:13 -0400] "GET /wp-content/plugins/shell/noimg.php HTTP/1.1" 404 8272 "-" "Mozlila/5.0 (Linux; Android 7.0; SM-G892A Bulid/NRD90M; wv) AppleWebKit/537.36 (KHTML, like Gecko) Version/4.0 Chrome/60.0.3112.107 Moblie Safari/537.36"
13.229.78.155 - - [01/Apr/2025:14:07:16 -0400] "GET /WSOEnigma.php HTTP/1.1" 404 8272 "-" "Mozlila/5.0 (Linux; Android 7.0; SM-G892A Bulid/NRD90M; wv) AppleWebKit/537.36 (KHTML, like Gecko) Version/4.0 Chrome/60.0.3112.107 Moblie Safari/537.36"
13.229.78.155 - - [01/Apr/2025:14:07:18 -0400] "GET /wp-content/plugins/pwnd-1/pwnd.php HTTP/1.1" 404 8272 "-" "Mozlila/5.0 (Linux; Android 7.0; SM-G892A Bulid/NRD90M; wv) AppleWebKit/537.36 (KHTML, like Gecko) Version/4.0 Chrome/60.0.3112.107 Moblie Safari/537.36"
13.229.78.155 - - [01/Apr/2025:14:07:21 -0400] "GET /wp-content/plugins/dummyyummy/wp-signup.php HTTP/1.1" 404 8271 "-" "Mozlila/5.0 (Linux; Android 7.0; SM-G892A Bulid/NRD90M; wv) AppleWebKit/537.36 (KHTML, like Gecko) Version/4.0 Chrome/60.0.3112.107 Moblie Safari/537.36"
13.229.78.155 - - [01/Apr/2025:14:07:23 -0400] "GET /wp-content/plugins/clara/clara.php HTTP/1.1" 404 8273 "-" "Mozlila/5.0 (Linux; Android 7.0; SM-G892A Bulid/NRD90M; wv) AppleWebKit/537.36 (KHTML, like Gecko) Version/4.0 Chrome/60.0.3112.107 Moblie Safari/537.36"
216.244.66.243 - - [01/Apr/2025:14:14:57 -0400] "GET /car-warranties-are-getting-cheaper/feed/ HTTP/1.1" 200 429 "-" "Mozilla/5.0 (compatible; DotBot/1.2; +https://opensiteexplorer.org/dotbot; help@moz.com)"
198.54.114.83 - - [01/Apr/2025:14:15:05 -0400] "POST /wp-cron.php?doing_wp_cron=1743531301.0039300918579101562500 HTTP/1.1" 200 0 "-" "WordPress/6.7.2; https://inversionesgoldie.com"
216.244.66.243 - - [01/Apr/2025:14:15:38 -0400] "GET /spa-and-hot-tub-accessories-help-you-relax/feed/ HTTP/1.1" 200 450 "-" "Mozilla/5.0 (compatible; DotBot/1.2; +https://opensiteexplorer.org/dotbot; help@moz.com)"
198.54.114.83 - - [01/Apr/2025:14:16:24 -0400] "POST /wp-cron.php?doing_wp_cron=1743531383.9795739650726318359375 HTTP/1.1" 200 0 "-" "WordPress/6.7.2; https://inversionesgoldie.com"
198.54.114.91 - - [01/Apr/2025:14:16:23 -0400] "POST /xmlrpc.php HTTP/1.1" 200 212 "http://inversionesgoldie.com" "Mozilla/5.0 (Windows NT 10.0; Win64; x64) AppleWebKit/537.36 (KHTML, like Gecko) Chrome/115.0.5790.171 Safari/537.36 Edg/115.0.1901.203"
143.244.57.92 - - [01/Apr/2025:14:19:11 -0400] "GET / HTTP/1.1" 200 98560 "-" "Mozilla/5.0 (Windows NT 10.0; Win64; x64) AppleWebKit/537.36 (KHTML, like Gecko) Chrome/78.0.3904.108 Safari/537.36"
143.244.57.92 - - [01/Apr/2025:14:19:12 -0400] "GET / HTTP/1.1" 200 98560 "-" "Mozilla/5.0 (Windows NT 10.0; Win64; x64) AppleWebKit/537.36 (KHTML, like Gecko) Chrome/78.0.3904.108 Safari/537.36"
143.244.57.92 - - [01/Apr/2025:14:19:12 -0400] "GET /wp-includes/wlwmanifest.xml HTTP/1.1" 404 8272 "-" "Mozilla/5.0 (Windows NT 10.0; Win64; x64) AppleWebKit/537.36 (KHTML, like Gecko) Chrome/78.0.3904.108 Safari/537.36"
143.244.57.92 - - [01/Apr/2025:14:19:13 -0400] "GET /?author=1 HTTP/1.1" 200 98560 "-" "Mozilla/5.0 (Windows NT 10.0; Win64; x64) AppleWebKit/537.36 (KHTML, like Gecko) Chrome/78.0.3904.108 Safari/537.36"
143.244.57.92 - - [01/Apr/2025:14:19:13 -0400] "GET /?author=2 HTTP/1.1" 200 98560 "-" "Mozilla/5.0 (Windows NT 10.0; Win64; x64) AppleWebKit/537.36 (KHTML, like Gecko) Chrome/78.0.3904.108 Safari/537.36"
198.54.114.83 - - [01/Apr/2025:14:19:15 -0400] "POST /wp-cron.php?doing_wp_cron=1743531554.6095681190490722656250 HTTP/1.1" 200 0 "-" "WordPress/6.7.2; https://inversionesgoldie.com"
143.244.57.92 - - [01/Apr/2025:14:19:14 -0400] "GET /wp-json/wp/v2/users/ HTTP/1.1" 200 1381 "-" "Mozilla/5.0 (Windows NT 10.0; Win64; x64) AppleWebKit/537.36 (KHTML, like Gecko) Chrome/78.0.3904.108 Safari/537.36"
143.244.57.92 - - [01/Apr/2025:14:19:17 -0400] "POST /xmlrpc.php HTTP/1.1" 200 236 "-" "Mozilla/5.0 (Windows NT 10.0; Win64; x64) AppleWebKit/537.36 (KHTML, like Gecko) Chrome/78.0.3904.108 Safari/537.36"
143.244.57.92 - - [01/Apr/2025:14:19:18 -0400] "POST /xmlrpc.php HTTP/1.1" 200 236 "-" "Mozilla/5.0 (Windows NT 10.0; Win64; x64) AppleWebKit/537.36 (KHTML, like Gecko) Chrome/78.0.3904.108 Safari/537.36"
143.244.57.92 - - [01/Apr/2025:14:19:20 -0400] "POST /xmlrpc.php HTTP/1.1" 200 236 "-" "Mozilla/5.0 (Windows NT 10.0; Win64; x64) AppleWebKit/537.36 (KHTML, like Gecko) Chrome/78.0.3904.108 Safari/537.36"
143.244.57.92 - - [01/Apr/2025:14:19:21 -0400] "POST /xmlrpc.php HTTP/1.1" 200 236 "-" "Mozilla/5.0 (Windows NT 10.0; Win64; x64) AppleWebKit/537.36 (KHTML, like Gecko) Chrome/78.0.3904.108 Safari/537.36"
143.244.57.92 - - [01/Apr/2025:14:19:23 -0400] "POST /xmlrpc.php HTTP/1.1" 200 236 "-" "Mozilla/5.0 (Windows NT 10.0; Win64; x64) AppleWebKit/537.36 (KHTML, like Gecko) Chrome/78.0.3904.108 Safari/537.36"
143.244.57.92 - - [01/Apr/2025:14:19:24 -0400] "POST /xmlrpc.php HTTP/1.1" 200 236 "-" "Mozilla/5.0 (Windows NT 10.0; Win64; x64) AppleWebKit/537.36 (KHTML, like Gecko) Chrome/78.0.3904.108 Safari/537.36"
198.54.114.83 - - [01/Apr/2025:14:42:05 -0400] "POST /wp-cron.php?doing_wp_cron=1743532925.0627589225769042968750 HTTP/1.1" 200 0 "-" "WordPress/6.7.2; https://inversionesgoldie.com"
162.0.232.73 - - [01/Apr/2025:14:42:01 -0400] "POST /xmlrpc.php HTTP/1.1" 200 212 "http://inversionesgoldie.com" "Mozilla/5.0 (Macintosh; Intel Mac OS X 13.3; rv:126.0) Gecko/20100101 Firefox/126.0"
192.252.214.20 - - [01/Apr/2025:14:48:31 -0400] "GET /the-biggest-fears-in-life-and-how-to-overcome-them/ HTTP/1.1" 200 12117 "-" "Mozilla/5.0 (Windows NT 10.0; Win64; x64) AppleWebKit/537.36 (KHTML, like Gecko) Chrome/114.0.0.0 YaBrowser/22.7.0 Yowser/2.5 Safari/537.36"
192.252.214.20 - - [01/Apr/2025:14:48:39 -0400] "GET /the-biggest-fears-in-life-and-how-to-overcome-them/ HTTP/1.1" 200 12117 "http://inversionesgoldie.com/the-biggest-fears-in-life-and-how-to-overcome-them/" "Mozilla/5.0 (Windows NT 6.3; Win64; x64) AppleWebKit/537.36 (KHTML, like Gecko) Chrome/103.0.0.0 Safari/537.36"
198.54.114.83 - - [01/Apr/2025:14:48:46 -0400] "POST /wp-cron.php?doing_wp_cron=1743533326.6079950332641601562500 HTTP/1.1" 200 0 "-" "WordPress/6.7.2; https://inversionesgoldie.com"
192.252.214.20 - - [01/Apr/2025:14:48:42 -0400] "POST /wp-comments-post.php HTTP/1.1" 302 0 "http://inversionesgoldie.com/the-biggest-fears-in-life-and-how-to-overcome-them/" "Mozilla/5.0 (Windows NT 6.3; Win64; x64) AppleWebKit/537.36 (KHTML, like Gecko) Chrome/103.0.0.0 Safari/537.36"
192.252.214.20 - - [01/Apr/2025:14:49:00 -0400] "GET /the-biggest-fears-in-life-and-how-to-overcome-them/ HTTP/1.1" 200 12117 "-" "Mozilla/5.0 (Windows NT 6.3; Win64; x64) AppleWebKit/537.36 (KHTML, like Gecko) Chrome/103.0.0.0 Safari/537.36"
85.208.98.23 - - [01/Apr/2025:14:49:18 -0400] "GET /robots.txt HTTP/1.1" 304 0 "-" "Mozilla/5.0 (compatible; SemrushBot-BA; +http://www.semrush.com/bot.html)"
13.229.78.155 - - [01/Apr/2025:14:49:44 -0400] "GET /wp-admin/install.php?step=1 HTTP/1.1" 200 523 "-" "Mozilla/5.0 (X11; Linux x86_64; rv:52.0) Gecko/20100101 Firefox/52.0"
13.229.78.155 - - [01/Apr/2025:14:49:45 -0400] "GET /wp-admin/setup-config.php HTTP/1.1" 409 1222 "-" "Mozilla/5.0 (X11; Linux x86_64; rv:52.0) Gecko/20100101 Firefox/52.0"
13.229.78.155 - - [01/Apr/2025:14:49:45 -0400] "GET /new/wp-admin/install.php?step=1 HTTP/1.1" 404 8272 "-" "Mozilla/5.0 (X11; Linux x86_64; rv:52.0) Gecko/20100101 Firefox/52.0"
13.229.78.155 - - [01/Apr/2025:14:49:46 -0400] "GET /new/wp-admin/setup-config.php HTTP/1.1" 404 8272 "-" "Mozilla/5.0 (X11; Linux x86_64; rv:52.0) Gecko/20100101 Firefox/52.0"
13.229.78.155 - - [01/Apr/2025:14:49:47 -0400] "GET /blog/wp-admin/install.php?step=1 HTTP/1.1" 404 8272 "-" "Mozilla/5.0 (X11; Linux x86_64; rv:52.0) Gecko/20100101 Firefox/52.0"
13.229.78.155 - - [01/Apr/2025:14:49:48 -0400] "GET /blog/wp-admin/setup-config.php HTTP/1.1" 404 8271 "-" "Mozilla/5.0 (X11; Linux x86_64; rv:52.0) Gecko/20100101 Firefox/52.0"
198.54.114.83 - - [01/Apr/2025:14:49:49 -0400] "POST /wp-cron.php?doing_wp_cron=1743533389.5868670940399169921875 HTTP/1.1" 200 0 "-" "WordPress/6.7.2; https://inversionesgoldie.com"
13.229.78.155 - - [01/Apr/2025:14:49:49 -0400] "GET /blogs/wp-admin/install.php?step=1 HTTP/1.1" 404 8272 "-" "Mozilla/5.0 (X11; Linux x86_64; rv:52.0) Gecko/20100101 Firefox/52.0"
13.229.78.155 - - [01/Apr/2025:14:49:50 -0400] "GET /blogs/wp-admin/setup-config.php HTTP/1.1" 404 8272 "-" "Mozilla/5.0 (X11; Linux x86_64; rv:52.0) Gecko/20100101 Firefox/52.0"
13.229.78.155 - - [01/Apr/2025:14:49:51 -0400] "GET /demo/wp-admin/install.php?step=1 HTTP/1.1" 404 8271 "-" "Mozilla/5.0 (X11; Linux x86_64; rv:52.0) Gecko/20100101 Firefox/52.0"
13.229.78.155 - - [01/Apr/2025:14:49:52 -0400] "GET /demo/wp-admin/setup-config.php HTTP/1.1" 404 8272 "-" "Mozilla/5.0 (X11; Linux x86_64; rv:52.0) Gecko/20100101 Firefox/52.0"
13.229.78.155 - - [01/Apr/2025:14:49:53 -0400] "GET /wp/wp-admin/install.php?step=1 HTTP/1.1" 404 8272 "-" "Mozilla/5.0 (X11; Linux x86_64; rv:52.0) Gecko/20100101 Firefox/52.0"
13.229.78.155 - - [01/Apr/2025:14:49:54 -0400] "GET /wp/wp-admin/setup-config.php HTTP/1.1" 404 8274 "-" "Mozilla/5.0 (X11; Linux x86_64; rv:52.0) Gecko/20100101 Firefox/52.0"
13.229.78.155 - - [01/Apr/2025:14:49:57 -0400] "GET /wordpress/wp-admin/install.php?step=1 HTTP/1.1" 404 8272 "-" "Mozilla/5.0 (X11; Linux x86_64; rv:52.0) Gecko/20100101 Firefox/52.0"
13.229.78.155 - - [01/Apr/2025:14:50:00 -0400] "GET /wordpress/wp-admin/setup-config.php HTTP/1.1" 404 8273 "-" "Mozilla/5.0 (X11; Linux x86_64; rv:52.0) Gecko/20100101 Firefox/52.0"
13.229.78.155 - - [01/Apr/2025:14:50:01 -0400] "GET /tes/wp-admin/install.php?step=1 HTTP/1.1" 404 8271 "-" "Mozilla/5.0 (X11; Linux x86_64; rv:52.0) Gecko/20100101 Firefox/52.0"
13.229.78.155 - - [01/Apr/2025:14:50:04 -0400] "GET /tes/wp-admin/setup-config.php HTTP/1.1" 404 8272 "-" "Mozilla/5.0 (X11; Linux x86_64; rv:52.0) Gecko/20100101 Firefox/52.0"
13.229.78.155 - - [01/Apr/2025:14:50:06 -0400] "GET /test/wp-admin/install.php?step=1 HTTP/1.1" 404 8272 "-" "Mozilla/5.0 (X11; Linux x86_64; rv:52.0) Gecko/20100101 Firefox/52.0"
13.229.78.155 - - [01/Apr/2025:14:50:07 -0400] "GET /test/wp-admin/setup-config.php HTTP/1.1" 404 8272 "-" "Mozilla/5.0 (X11; Linux x86_64; rv:52.0) Gecko/20100101 Firefox/52.0"
13.229.78.155 - - [01/Apr/2025:14:50:08 -0400] "GET /web/wp-admin/install.php?step=1 HTTP/1.1" 404 8272 "-" "Mozilla/5.0 (X11; Linux x86_64; rv:52.0) Gecko/20100101 Firefox/52.0"
13.229.78.155 - - [01/Apr/2025:14:50:10 -0400] "GET /web/wp-admin/setup-config.php HTTP/1.1" 404 8272 "-" "Mozilla/5.0 (X11; Linux x86_64; rv:52.0) Gecko/20100101 Firefox/52.0"
