13.229.78.155 - - [01/Apr/2025:14:50:13 -0400] "GET /cms/wp-admin/install.php?step=1 HTTP/1.1" 404 8272 "-" "Mozilla/5.0 (X11; Linux x86_64; rv:52.0) Gecko/20100101 Firefox/52.0"
13.229.78.155 - - [01/Apr/2025:14:50:16 -0400] "GET /cms/wp-admin/setup-config.php HTTP/1.1" 404 8272 "-" "Mozilla/5.0 (X11; Linux x86_64; rv:52.0) Gecko/20100101 Firefox/52.0"
13.229.78.155 - - [01/Apr/2025:14:50:17 -0400] "POST /wp-admin/admin-ajax.php HTTP/1.1" 400 21 "-" "Mozilla/5.0 (X11; Linux x86_64; rv:52.0) Gecko/20100101 Firefox/52.0"
13.229.78.155 - - [01/Apr/2025:14:50:18 -0400] "GET /wp-admin/ HTTP/1.1" 302 0 "-" "Mozilla/5.0 (X11; Linux x86_64; rv:52.0) Gecko/20100101 Firefox/52.0"
192.252.214.20 - - [01/Apr/2025:14:51:28 -0400] "GET /the-biggest-fears-in-life-and-how-to-overcome-them/ HTTP/1.1" 200 12117 "-" "Mozilla/5.0 (Macintosh; Intel Mac OS X 12.5; rv:114.0) Gecko/20100101 Firefox/114.0"
148.251.212.124 - - [01/Apr/2025:15:00:11 -0400] "GET / HTTP/1.1" 200 98560 "-" "Mozilla/5.0 (Windows NT 10.0; WOW64; rv:45.0) Gecko/20100101 Firefox/45.0"
198.54.114.83 - - [01/Apr/2025:15:06:54 -0400] "POST /wp-cron.php?doing_wp_cron=1743534413.9238710403442382812500 HTTP/1.1" 200 0 "-" "WordPress/6.7.2; https://inversionesgoldie.com"
158.69.25.207 - - [01/Apr/2025:15:06:53 -0400] "POST /xmlrpc.php HTTP/1.1" 200 212 "http://inversionesgoldie.com" "Mozilla/5.0 (Windows NT 10.0; Win64; x64) AppleWebKit/537.36 (KHTML, like Gecko) Chrome/113.0.5672.93 Safari/537.36"
216.244.66.243 - - [01/Apr/2025:15:16:28 -0400] "GET /robots.txt HTTP/1.1" 304 0 "-" "Mozilla/5.0 (compatible; DotBot/1.2; +https://opensiteexplorer.org/dotbot; help@moz.com)"
66.249.73.132 - - [01/Apr/2025:15:26:30 -0400] "GET /robots.txt HTTP/1.1" 200 132 "-" "Mozilla/5.0 (compatible; Googlebot/2.1; +http://www.google.com/bot.html)"
66.249.73.132 - - [01/Apr/2025:15:26:30 -0400] "GET / HTTP/1.1" 200 98560 "-" "Mozilla/5.0 (Linux; Android 6.0.1; Nexus 5X Build/MMB29P) AppleWebKit/537.36 (KHTML, like Gecko) Chrome/99.0.4844.84 Mobile Safari/537.36 (compatible; Googlebot/2.1; +http://www.google.com/bot.html)"
66.249.73.130 - - [01/Apr/2025:15:26:31 -0400] "GET / HTTP/1.1" 200 98560 "-" "Mozilla/5.0 (compatible; Googlebot/2.1; +http://www.google.com/bot.html)"
66.249.73.130 - - [01/Apr/2025:15:26:37 -0400] "GET /favicon.ico HTTP/1.1" 404 1251 "-" "Googlebot-Image/1.0"
104.43.93.163 - - [01/Apr/2025:15:31:35 -0400] "POST /xmlrpc.php HTTP/1.1" 200 212 "http://inversionesgoldie.com" "Mozilla/5.0 (Macintosh; Intel Mac OS X 10.15; rv:126.0) Gecko/20100101 Firefox/126.0"
198.54.114.83 - - [01/Apr/2025:15:55:23 -0400] "POST /wp-cron.php?doing_wp_cron=1743537322.6600120067596435546875 HTTP/1.1" 200 0 "-" "WordPress/6.7.2; https://inversionesgoldie.com"
173.212.223.204 - - [01/Apr/2025:15:55:21 -0400] "POST /xmlrpc.php HTTP/1.1" 200 212 "http://inversionesgoldie.com" "Mozilla/5.0 (Windows NT 10.0; Win64; x64) AppleWebKit/537.36 (KHTML, like Gecko) Chrome/115.0.5790.102 Safari/537.36"
35.233.155.123 - - [01/Apr/2025:15:57:53 -0400] "GET / HTTP/1.1" 200 98560 "-" "Mozilla/5.0 (Macintosh; Intel Mac OS X 10_10_1) AppleWebKit/537.36 (KHTML, like Gecko) Chrome/39.0.2171.95 Safari/537.36"
35.233.155.123 - - [01/Apr/2025:15:57:53 -0400] "GET / HTTP/1.1" 200 98560 "-" "Mozilla/5.0 (Macintosh; Intel Mac OS X 10_15_7) AppleWebKit/537.36 (KHTML, like Gecko) Chrome/108.0.0.0 Safari/537.36"
35.233.155.123 - - [01/Apr/2025:15:57:54 -0400] "GET / HTTP/1.1" 200 98560 "-" "Mozilla/5.0 (Macintosh; Intel Mac OS X 10_15_7) AppleWebKit/537.36 (KHTML, like Gecko) Chrome/108.0.0.0 Safari/537.36"
35.233.155.123 - - [01/Apr/2025:15:58:03 -0400] "GET /favicon.ico HTTP/1.1" 404 1251 "-" "Mozilla/5.0 (Macintosh; Intel Mac OS X 10_10_1) AppleWebKit/537.36 (KHTML, like Gecko) Chrome/39.0.2171.95 Safari/537.36"
198.54.114.83 - - [01/Apr/2025:15:58:04 -0400] "POST /wp-cron.php?doing_wp_cron=1743537484.2022209167480468750000 HTTP/1.1" 200 0 "-" "WordPress/6.7.2; https://inversionesgoldie.com"
13.229.78.155 - - [01/Apr/2025:15:58:00 -0400] "GET /wp-cli.php HTTP/1.1" 404 8273 "www.google.com" "Mozlila/5.0 (Linux; Android 7.0; SM-G892A Bulid/NRD90M; wv) AppleWebKit/537.36 (KHTML, like Gecko) Version/4.0 Chrome/60.0.3112.107 Moblie Safari/537.36"
35.233.155.123 - - [01/Apr/2025:16:11:12 -0400] "GET / HTTP/1.1" 200 98560 "-" "Mozilla/5.0 (Macintosh; Intel Mac OS X 10_10_1) AppleWebKit/537.36 (KHTML, like Gecko) Chrome/39.0.2171.95 Safari/537.36"
35.233.155.123 - - [01/Apr/2025:16:11:12 -0400] "GET / HTTP/1.1" 200 98560 "-" "Mozilla/5.0 (Macintosh; Intel Mac OS X 10_15_7) AppleWebKit/537.36 (KHTML, like Gecko) Chrome/108.0.0.0 Safari/537.36"
35.233.155.123 - - [01/Apr/2025:16:11:16 -0400] "GET /favicon.ico HTTP/1.1" 404 1251 "-" "Mozilla/5.0 (Macintosh; Intel Mac OS X 10_10_1) AppleWebKit/537.36 (KHTML, like Gecko) Chrome/39.0.2171.95 Safari/537.36"
198.54.114.83 - - [01/Apr/2025:16:18:33 -0400] "POST /wp-cron.php?doing_wp_cron=1743538712.6591880321502685546875 HTTP/1.1" 200 0 "-" "WordPress/6.7.2; https://inversionesgoldie.com"
95.217.147.111 - - [01/Apr/2025:16:18:28 -0400] "POST /xmlrpc.php HTTP/1.1" 200 212 "http://inversionesgoldie.com" "Mozilla/5.0 (Macintosh; Intel Mac OS X 14.5) AppleWebKit/618.3.5 (KHTML, like Gecko) Version/17.4 Safari/618.3.5"
13.229.78.155 - - [01/Apr/2025:16:21:40 -0400] "GET /wp-includes/ID3/index.php HTTP/1.1" 301 0 "-" "Mozlila/5.0 (Linux; Android 7.0; SM-G892A Bulid/NRD90M; wv) AppleWebKit/537.36 (KHTML, like Gecko) Version/4.0 Chrome/60.0.3112.107 Moblie Safari/537.36"
13.229.78.155 - - [01/Apr/2025:16:21:41 -0400] "GET /wp-includes/ID3/ HTTP/1.1" 403 1242 "-" "Mozlila/5.0 (Linux; Android 7.0; SM-G892A Bulid/NRD90M; wv) AppleWebKit/537.36 (KHTML, like Gecko) Version/4.0 Chrome/60.0.3112.107 Moblie Safari/537.36"
13.229.78.155 - - [01/Apr/2025:16:21:43 -0400] "GET /wp-content/plugins/index.php HTTP/1.1" 200 0 "-" "Mozlila/5.0 (Linux; Android 7.0; SM-G892A Bulid/NRD90M; wv) AppleWebKit/537.36 (KHTML, like Gecko) Version/4.0 Chrome/60.0.3112.107 Moblie Safari/537.36"
13.229.78.155 - - [01/Apr/2025:16:21:44 -0400] "GET /wp-admin/network/index.php HTTP/1.1" 302 0 "-" "Mozlila/5.0 (Linux; Android 7.0; SM-G892A Bulid/NRD90M; wv) AppleWebKit/537.36 (KHTML, like Gecko) Version/4.0 Chrome/60.0.3112.107 Moblie Safari/537.36"
13.229.78.155 - - [01/Apr/2025:16:21:48 -0400] "GET /wp-includes/IXR/index.php HTTP/1.1" 301 0 "-" "Mozlila/5.0 (Linux; Android 7.0; SM-G892A Bulid/NRD90M; wv) AppleWebKit/537.36 (KHTML, like Gecko) Version/4.0 Chrome/60.0.3112.107 Moblie Safari/537.36"
13.229.78.155 - - [01/Apr/2025:16:21:48 -0400] "GET /wp-includes/IXR/ HTTP/1.1" 403 1242 "-" "Mozlila/5.0 (Linux; Android 7.0; SM-G892A Bulid/NRD90M; wv) AppleWebKit/537.36 (KHTML, like Gecko) Version/4.0 Chrome/60.0.3112.107 Moblie Safari/537.36"
198.54.114.83 - - [01/Apr/2025:16:21:50 -0400] "POST /wp-cron.php?doing_wp_cron=1743538910.2612309455871582031250 HTTP/1.1" 200 0 "-" "WordPress/6.7.2; https://inversionesgoldie.com"
13.229.78.155 - - [01/Apr/2025:16:21:49 -0400] "GET /wp-admin/images/index.php HTTP/1.1" 301 0 "-" "Mozlila/5.0 (Linux; Android 7.0; SM-G892A Bulid/NRD90M; wv) AppleWebKit/537.36 (KHTML, like Gecko) Version/4.0 Chrome/60.0.3112.107 Moblie Safari/537.36"
13.229.78.155 - - [01/Apr/2025:16:21:51 -0400] "GET /wp-admin/images/ HTTP/1.1" 403 1242 "-" "Mozlila/5.0 (Linux; Android 7.0; SM-G892A Bulid/NRD90M; wv) AppleWebKit/537.36 (KHTML, like Gecko) Version/4.0 Chrome/60.0.3112.107 Moblie Safari/537.36"
13.229.78.155 - - [01/Apr/2025:16:21:51 -0400] "GET /wp-login.php HTTP/1.1" 302 0 "-" "Mozlila/5.0 (Linux; Android 7.0; SM-G892A Bulid/NRD90M; wv) AppleWebKit/537.36 (KHTML, like Gecko) Version/4.0 Chrome/60.0.3112.107 Moblie Safari/537.36"
13.229.78.155 - - [01/Apr/2025:16:21:54 -0400] "GET /wp-content/plugins/admin.php HTTP/1.1" 404 8273 "-" "Mozlila/5.0 (Linux; Android 7.0; SM-G892A Bulid/NRD90M; wv) AppleWebKit/537.36 (KHTML, like Gecko) Version/4.0 Chrome/60.0.3112.107 Moblie Safari/537.36"
13.229.78.155 - - [01/Apr/2025:16:21:55 -0400] "GET /xmlrpc.php HTTP/1.1" 405 60 "-" "Mozlila/5.0 (Linux; Android 7.0; SM-G892A Bulid/NRD90M; wv) AppleWebKit/537.36 (KHTML, like Gecko) Version/4.0 Chrome/60.0.3112.107 Moblie Safari/537.36"
13.229.78.155 - - [01/Apr/2025:16:21:56 -0400] "GET /wp-admin.php HTTP/1.1" 404 8271 "-" "Mozlila/5.0 (Linux; Android 7.0; SM-G892A Bulid/NRD90M; wv) AppleWebKit/537.36 (KHTML, like Gecko) Version/4.0 Chrome/60.0.3112.107 Moblie Safari/537.36"
13.229.78.155 - - [01/Apr/2025:16:21:58 -0400] "GET /wp-content/plugins/Core-Econ/upH.php HTTP/1.1" 404 8271 "-" "Mozlila/5.0 (Linux; Android 7.0; SM-G892A Bulid/NRD90M; wv) AppleWebKit/537.36 (KHTML, like Gecko) Version/4.0 Chrome/60.0.3112.107 Moblie Safari/537.36"
13.229.78.155 - - [01/Apr/2025:16:21:59 -0400] "GET /wp-content/plugins/fix/up.php HTTP/1.1" 404 8272 "-" "Mozlila/5.0 (Linux; Android 7.0; SM-G892A Bulid/NRD90M; wv) AppleWebKit/537.36 (KHTML, like Gecko) Version/4.0 Chrome/60.0.3112.107 Moblie Safari/537.36"
13.229.78.155 - - [01/Apr/2025:16:22:01 -0400] "GET /wp-content/plugins/pwnd/pwnd.php HTTP/1.1" 404 8270 "-" "Mozlila/5.0 (Linux; Android 7.0; SM-G892A Bulid/NRD90M; wv) AppleWebKit/537.36 (KHTML, like Gecko) Version/4.0 Chrome/60.0.3112.107 Moblie Safari/537.36"
13.229.78.155 - - [01/Apr/2025:16:22:04 -0400] "GET /wp-content/plugins/shell/noimg.php HTTP/1.1" 404 8271 "-" "Mozlila/5.0 (Linux; Android 7.0; SM-G892A Bulid/NRD90M; wv) AppleWebKit/537.36 (KHTML, like Gecko) Version/4.0 Chrome/60.0.3112.107 Moblie Safari/537.36"
13.229.78.155 - - [01/Apr/2025:16:22:05 -0400] "GET /WSOEnigma.php HTTP/1.1" 404 8271 "-" "Mozlila/5.0 (Linux; Android 7.0; SM-G892A Bulid/NRD90M; wv) AppleWebKit/537.36 (KHTML, like Gecko) Version/4.0 Chrome/60.0.3112.107 Moblie Safari/537.36"
13.229.78.155 - - [01/Apr/2025:16:22:07 -0400] "GET /wp-content/plugins/pwnd-1/pwnd.php HTTP/1.1" 404 8271 "-" "Mozlila/5.0 (Linux; Android 7.0; SM-G892A Bulid/NRD90M; wv) AppleWebKit/537.36 (KHTML, like Gecko) Version/4.0 Chrome/60.0.3112.107 Moblie Safari/537.36"
13.229.78.155 - - [01/Apr/2025:16:22:09 -0400] "GET /wp-content/plugins/dummyyummy/wp-signup.php HTTP/1.1" 404 8271 "-" "Mozlila/5.0 (Linux; Android 7.0; SM-G892A Bulid/NRD90M; wv) AppleWebKit/537.36 (KHTML, like Gecko) Version/4.0 Chrome/60.0.3112.107 Moblie Safari/537.36"
13.229.78.155 - - [01/Apr/2025:16:22:16 -0400] "GET /wp-content/plugins/clara/clara.php HTTP/1.1" 404 8271 "-" "Mozlila/5.0 (Linux; Android 7.0; SM-G892A Bulid/NRD90M; wv) AppleWebKit/537.36 (KHTML, like Gecko) Version/4.0 Chrome/60.0.3112.107 Moblie Safari/537.36"
217.114.43.197 - - [01/Apr/2025:16:26:51 -0400] "GET / HTTP/1.1" 200 98560 "https://www.google.com/" "Mozilla/5.0 (Windows NT 10.0; Win64; x64) AppleWebKit/537.36 (KHTML, like Gecko) Chrome/91.0.4472.124 Safari/537.36"
34.222.196.207 - - [01/Apr/2025:16:31:52 -0400] "GET / HTTP/1.1" 200 98560 "-" "Mozilla/4.0 (compatible; MSIE 6.0; Windows NT 5.1; FSL 7.0.6.01001)"
198.54.114.83 - - [01/Apr/2025:16:41:20 -0400] "POST /wp-cron.php?doing_wp_cron=1743540080.4240169525146484375000 HTTP/1.1" 200 0 "-" "WordPress/6.7.2; https://inversionesgoldie.com"
199.188.200.191 - - [01/Apr/2025:16:41:17 -0400] "POST /xmlrpc.php HTTP/1.1" 200 212 "http://inversionesgoldie.com" "Mozilla/5.0 (Windows NT 10.0; Win64; x64) AppleWebKit/537.36 (KHTML, like Gecko) Chrome/126.0.0.0 Safari/537.36"
156.249.204.170 - - [01/Apr/2025:16:54:03 -0400] "GET /expert-comptable-a-paris/ HTTP/1.1" 200 11828 "-" "Mozilla/5.0 (Macintosh; Intel Mac OS X 12.5; rv:114.0) Gecko/20100101 Firefox/114.0"
93.123.109.101 - - [01/Apr/2025:17:05:19 -0400] "GET /lzdmod/desktop-footer/6.1.1/pc/reqwest/index.js HTTP/1.1" 404 8272 "-" "Mozilla/5.0 (Macintosh; Intel Mac OS X 10_15_7) AppleWebKit/537.36 Chrome/120.0.0.0"
198.54.114.83 - - [01/Apr/2025:17:06:37 -0400] "POST /wp-cron.php?doing_wp_cron=1743541596.9693980216979980468750 HTTP/1.1" 200 0 "-" "WordPress/6.7.2; https://inversionesgoldie.com"
198.186.130.214 - - [01/Apr/2025:17:06:36 -0400] "POST /xmlrpc.php HTTP/1.1" 200 212 "http://inversionesgoldie.com" "Mozilla/5.0 (Windows NT 11.0; Win64; x64) AppleWebKit/537.36 (KHTML, like Gecko) Chrome/126.0.0.0 Safari/537.36 Edg/126.0.0.0"
161.35.11.214 - - [01/Apr/2025:17:14:25 -0400] "GET /wp-content/plugins/shell/about.php HTTP/1.1" 200 0 "www.google.com" "Mozlila/5.0 (Linux; Android 7.0; SM-G892A Bulid/NRD90M; wv) AppleWebKit/537.36 (KHTML, like Gecko) Version/4.0 Chrome/60.0.3112.107 Moblie Safari/537.36"
198.54.114.83 - - [01/Apr/2025:17:14:50 -0400] "POST /wp-cron.php?doing_wp_cron=1743542090.3447329998016357421875 HTTP/1.1" 200 0 "-" "WordPress/6.7.2; https://inversionesgoldie.com"
93.183.89.12 - - [01/Apr/2025:17:27:41 -0400] "GET /building-true-team-spirit-for-peak-performance-in-sports-part-1/ HTTP/1.1" 200 13712 "http://inversionesgoldie.com/building-true-team-spirit-for-peak-performance-in-sports-part-1/" "Mozilla/5.0 (Windows NT 10.0; Win64; x64) AppleWebKit/537.36 (KHTML, like Gecko) Chrome/131.0.0.0 Safari/537.36 Avast/131.0.0.0"
198.54.114.83 - - [01/Apr/2025:17:27:45 -0400] "POST /wp-cron.php?doing_wp_cron=1743542865.1787250041961669921875 HTTP/1.1" 200 0 "-" "WordPress/6.7.2; https://inversionesgoldie.com"
93.183.89.12 - - [01/Apr/2025:17:27:41 -0400] "POST /wp-comments-post.php HTTP/1.1" 302 0 "http://inversionesgoldie.com/building-true-team-spirit-for-peak-performance-in-sports-part-1/" "Mozilla/5.0 (Windows NT 10.0; Win64; x64) AppleWebKit/537.36 (KHTML, like Gecko) Chrome/131.0.0.0 Safari/537.36 Avast/131.0.0.0"
198.54.114.83 - - [01/Apr/2025:17:30:40 -0400] "POST /wp-cron.php?doing_wp_cron=1743543040.6536819934844970703125 HTTP/1.1" 200 0 "-" "WordPress/6.7.2; https://inversionesgoldie.com"
47.244.50.243 - - [01/Apr/2025:17:30:38 -0400] "POST /xmlrpc.php HTTP/1.1" 200 212 "http://inversionesgoldie.com" "Mozilla/5.0 (Macintosh; Intel Mac OS X 10_15_7) AppleWebKit/537.36 (KHTML, like Gecko) Chrome/113.0.5672.93 Safari/537.36"
165.231.70.106 - - [01/Apr/2025:17:38:31 -0400] "GET / HTTP/1.1" 200 98560 "-" "Mozilla/5.0 (Windows NT 10.0; Win64; x64; Xbox; Xbox One) AppleWebKit/537.36 (KHTML, like Gecko) Chrome/114.0.0.0 Safari/537.36 Edge/44.18363.8131"
198.54.114.83 - - [01/Apr/2025:17:38:35 -0400] "POST /wp-cron.php?doing_wp_cron=1743543515.3539938926696777343750 HTTP/1.1" 200 0 "-" "WordPress/6.7.2; https://inversionesgoldie.com"
165.231.70.106 - - [01/Apr/2025:17:38:33 -0400] "GET /'%20+%20item.url%20+%20' HTTP/1.1" 301 0 "http://inversionesgoldie.com" "Mozilla/5.0 (Windows NT 10.0; Win64; x64; Xbox; Xbox One) AppleWebKit/537.36 (KHTML, like Gecko) Chrome/114.0.0.0 Safari/537.36 Edge/44.18363.8131"
165.231.70.106 - - [01/Apr/2025:17:38:35 -0400] "GET /%20+%20item.url%20+%20 HTTP/1.1" 301 0 "http://inversionesgoldie.com/'%20+%20item.url%20+%20'" "Mozilla/5.0 (Windows NT 10.0; Win64; x64; Xbox; Xbox One) AppleWebKit/537.36 (KHTML, like Gecko) Chrome/114.0.0.0 Safari/537.36 Edge/44.18363.8131"
165.231.70.106 - - [01/Apr/2025:17:38:36 -0400] "GET /%20+%20item.url%20+ HTTP/1.1" 404 8272 "http://inversionesgoldie.com/%20+%20item.url%20+%20" "Mozilla/5.0 (Windows NT 10.0; Win64; x64; Xbox; Xbox One) AppleWebKit/537.36 (KHTML, like Gecko) Chrome/114.0.0.0 Safari/537.36 Edge/44.18363.8131"
165.231.70.106 - - [01/Apr/2025:17:38:37 -0400] "GET / HTTP/1.1" 200 98560 "http://inversionesgoldie.com" "Mozilla/5.0 (Windows NT 10.0; Win64; x64; Xbox; Xbox One) AppleWebKit/537.36 (KHTML, like Gecko) Chrome/114.0.0.0 Safari/537.36 Edge/44.18363.8131"
34.222.207.168 - - [01/Apr/2025:17:38:46 -0400] "GET / HTTP/1.1" 200 98560 "-" "Mozilla/4.0 (compatible; MSIE 6.0; Windows NT 5.1; FSL 7.0.6.01001)"
139.59.70.57 - - [01/Apr/2025:18:03:29 -0400] "GET /wp-admin/css/ HTTP/1.1" 403 1242 "binance.com" "Mozilla/5.0 (Windows NT 10.0; Win64; x64) AppleWebKit/537.36 (KHTML, like Gecko) Chrome/90.0.4430.85 Safari/537.36"
198.54.114.83 - - [01/Apr/2025:18:19:14 -0400] "POST /wp-cron.php?doing_wp_cron=1743545954.0728950500488281250000 HTTP/1.1" 200 0 "-" "WordPress/6.7.2; https://inversionesgoldie.com"
1.55.170.239 - - [01/Apr/2025:18:19:08 -0400] "POST /xmlrpc.php HTTP/1.1" 200 212 "http://inversionesgoldie.com" "Mozilla/5.0 (Windows NT 10.0; Win64; x64; rv:129.0) Gecko/20100101 Firefox/129.0"
2.57.170.21 - - [01/Apr/2025:18:19:34 -0400] "GET /.env HTTP/1.1" 403 1242 "-" "Mozilla/5.0 (Macintosh; Intel Mac OS X 10.15; rv:77.0) Gecko/20100101 Firefox/77.0"
213.152.161.240 - - [01/Apr/2025:18:19:34 -0400] "GET /ququos HTTP/1.1" 404 8273 "-" "Mozilla/5.0 (Windows NT 10.0; Win64; x64) AppleWebKit/537.36 (KHTML, like Gecko) Chrome/127.0.0.0 Safari/537.36"
2.57.170.13 - - [01/Apr/2025:18:19:35 -0400] "GET /wp-content/ HTTP/1.1" 200 0 "-" "Mozilla/5.0 (Macintosh; Intel Mac OS X 10.15; rv:77.0) Gecko/20100101 Firefox/77.0"
213.152.161.240 - - [01/Apr/2025:18:19:35 -0400] "GET /wp-login.php HTTP/1.1" 302 0 "http://inversionesgoldie.com" "Mozilla/5.0 (Windows NT 10.0; Win64; x64) AppleWebKit/537.36 (KHTML, like Gecko) Chrome/127.0.0.0 Safari/537.36"
158.69.23.79 - - [01/Apr/2025:18:19:45 -0400] "GET /wp-content/mu-plugins/index.php HTTP/1.1" 301 0 "-" "Linux Mozilla"
158.69.23.79 - - [01/Apr/2025:18:19:47 -0400] "GET /wp-content/mu-plugins/ HTTP/1.1" 404 8272 "-" "Linux Mozilla"
106.119.167.146 - - [01/Apr/2025:18:33:43 -0400] "GET / HTTP/1.1" 200 98560 "-" "Mozilla/5.0 (iPhone; CPU iPhone OS 13_2_3 like Mac OS X) AppleWebKit/605.1.15 (KHTML, like Gecko) Version/13.0.3 Mobile/15E148 Safari/604.1"
198.54.114.83 - - [01/Apr/2025:18:43:27 -0400] "POST /wp-cron.php?doing_wp_cron=1743547407.5708260536193847656250 HTTP/1.1" 200 0 "-" "WordPress/6.7.2; https://inversionesgoldie.com"
47.119.16.237 - - [01/Apr/2025:18:43:23 -0400] "POST /xmlrpc.php HTTP/1.1" 200 212 "http://inversionesgoldie.com" "Mozilla/5.0 (Windows NT 10.0; Win64; x64) AppleWebKit/537.36 (KHTML, like Gecko) Chrome/114.0.5735.199 Safari/537.36 Edg/114.0.1823.67"
198.54.114.83 - - [01/Apr/2025:19:07:34 -0400] "POST /wp-cron.php?doing_wp_cron=1743548854.6784410476684570312500 HTTP/1.1" 200 0 "-" "WordPress/6.7.2; https://inversionesgoldie.com"
216.244.65.154 - - [01/Apr/2025:19:07:28 -0400] "POST /xmlrpc.php HTTP/1.1" 200 212 "http://inversionesgoldie.com" "Mozilla/5.0 (Windows NT 10.0; Win64; x64) AppleWebKit/537.36 (KHTML, like Gecko) Chrome/113.0.5672.93 Safari/537.36"
198.54.114.83 - - [01/Apr/2025:19:31:45 -0400] "POST /wp-cron.php?doing_wp_cron=1743550305.6046659946441650390625 HTTP/1.1" 200 0 "-" "WordPress/6.7.2; https://inversionesgoldie.com"
198.54.120.87 - - [01/Apr/2025:19:31:41 -0400] "POST /xmlrpc.php HTTP/1.1" 200 212 "http://inversionesgoldie.com" "Mozilla/5.0 (Windows NT 10.0; Win64; x64) AppleWebKit/537.36 (KHTML, like Gecko) Chrome/116.0.5845.96 Safari/537.36 Edg/116.0.1938.62"
198.54.114.83 - - [01/Apr/2025:19:56:16 -0400] "POST /wp-cron.php?doing_wp_cron=1743551776.8116040229797363281250 HTTP/1.1" 200 0 "-" "WordPress/6.7.2; https://inversionesgoldie.com"
186.64.116.45 - - [01/Apr/2025:19:56:16 -0400] "POST /xmlrpc.php HTTP/1.1" 200 212 "http://inversionesgoldie.com" "Mozilla/5.0 (Windows NT 10.0; Win64; x64; rv:129.0) Gecko/20100101 Firefox/129.0"
198.54.114.83 - - [01/Apr/2025:20:20:53 -0400] "POST /wp-cron.php?doing_wp_cron=1743553253.1935579776763916015625 HTTP/1.1" 200 0 "-" "WordPress/6.7.2; https://inversionesgoldie.com"
176.74.26.54 - - [01/Apr/2025:20:20:48 -0400] "POST /xmlrpc.php HTTP/1.1" 200 212 "http://inversionesgoldie.com" "Mozilla/5.0 (Windows NT 11.0; Win64; x64; rv:126.0) Gecko/20100101 Firefox/126.0"
198.54.114.83 - - [01/Apr/2025:20:45:36 -0400] "POST /wp-cron.php?doing_wp_cron=1743554735.4259469509124755859375 HTTP/1.1" 200 0 "-" "WordPress/6.7.2; https://inversionesgoldie.com"
162.213.255.38 - - [01/Apr/2025:20:45:30 -0400] "POST /xmlrpc.php HTTP/1.1" 200 212 "http://inversionesgoldie.com" "Mozilla/5.0 (Windows NT 10.0; Win64; x64) AppleWebKit/537.36 (KHTML, like Gecko) Chrome/115.0.5790.171 Safari/537.36 Edg/115.0.1901.203"
192.252.208.67 - - [01/Apr/2025:20:52:18 -0400] "GET /commercial-building-disclosure-has-arrived/ HTTP/1.1" 200 13303 "http://inversionesgoldie.com/commercial-building-disclosure-has-arrived/" "Mozilla/5.0 (Windows NT 10.0; Win64; x64) AppleWebKit/537.36 (KHTML, like Gecko) Chrome/130.0.0.0 Safari/537.36 CCleaner/130.0.0.0"
198.54.114.83 - - [01/Apr/2025:20:52:26 -0400] "POST /wp-cron.php?doing_wp_cron=1743555145.9771499633789062500000 HTTP/1.1" 200 0 "-" "WordPress/6.7.2; https://inversionesgoldie.com"
192.252.208.67 - - [01/Apr/2025:20:52:20 -0400] "POST /wp-comments-post.php HTTP/1.1" 200 1168 "http://inversionesgoldie.com/commercial-building-disclosure-has-arrived/" "Mozilla/5.0 (Windows NT 10.0; Win64; x64) AppleWebKit/537.36 (KHTML, like Gecko) Chrome/130.0.0.0 Safari/537.36 CCleaner/130.0.0.0"
198.54.114.83 - - [01/Apr/2025:21:03:55 -0400] "POST /wp-cron.php?doing_wp_cron=1743555835.6223690509796142578125 HTTP/1.1" 200 0 "-" "WordPress/6.7.2; https://inversionesgoldie.com"
13.229.78.155 - - [01/Apr/2025:21:03:52 -0400] "GET /wp-admin/install.php?step=1 HTTP/1.1" 200 523 "-" "Mozilla/5.0 (X11; Linux x86_64; rv:52.0) Gecko/20100101 Firefox/52.0"
13.229.78.155 - - [01/Apr/2025:21:03:57 -0400] "GET /wp-admin/setup-config.php HTTP/1.1" 409 1222 "-" "Mozilla/5.0 (X11; Linux x86_64; rv:52.0) Gecko/20100101 Firefox/52.0"
198.54.114.83 - - [01/Apr/2025:21:03:58 -0400] "POST /wp-cron.php?doing_wp_cron=1743555838.1449620723724365234375 HTTP/1.1" 200 0 "-" "WordPress/6.7.2; https://inversionesgoldie.com"
13.229.78.155 - - [01/Apr/2025:21:03:57 -0400] "GET /new/wp-admin/install.php?step=1 HTTP/1.1" 404 8272 "-" "Mozilla/5.0 (X11; Linux x86_64; rv:52.0) Gecko/20100101 Firefox/52.0"
13.229.78.155 - - [01/Apr/2025:21:03:59 -0400] "GET /new/wp-admin/setup-config.php HTTP/1.1" 404 8272 "-" "Mozilla/5.0 (X11; Linux x86_64; rv:52.0) Gecko/20100101 Firefox/52.0"
13.229.78.155 - - [01/Apr/2025:21:04:00 -0400] "GET /blog/wp-admin/install.php?step=1 HTTP/1.1" 404 8271 "-" "Mozilla/5.0 (X11; Linux x86_64; rv:52.0) Gecko/20100101 Firefox/52.0"
13.229.78.155 - - [01/Apr/2025:21:04:03 -0400] "GET /blog/wp-admin/setup-config.php HTTP/1.1" 404 8272 "-" "Mozilla/5.0 (X11; Linux x86_64; rv:52.0) Gecko/20100101 Firefox/52.0"
13.229.78.155 - - [01/Apr/2025:21:04:05 -0400] "GET /blogs/wp-admin/install.php?step=1 HTTP/1.1" 404 8273 "-" "Mozilla/5.0 (X11; Linux x86_64; rv:52.0) Gecko/20100101 Firefox/52.0"
13.229.78.155 - - [01/Apr/2025:21:04:06 -0400] "GET /blogs/wp-admin/setup-config.php HTTP/1.1" 404 8272 "-" "Mozilla/5.0 (X11; Linux x86_64; rv:52.0) Gecko/20100101 Firefox/52.0"
13.229.78.155 - - [01/Apr/2025:21:04:10 -0400] "GET /demo/wp-admin/install.php?step=1 HTTP/1.1" 404 8272 "-" "Mozilla/5.0 (X11; Linux x86_64; rv:52.0) Gecko/20100101 Firefox/52.0"
13.229.78.155 - - [01/Apr/2025:21:04:13 -0400] "GET /demo/wp-admin/setup-config.php HTTP/1.1" 404 8272 "-" "Mozilla/5.0 (X11; Linux x86_64; rv:52.0) Gecko/20100101 Firefox/52.0"
13.229.78.155 - - [01/Apr/2025:21:04:14 -0400] "GET /wp/wp-admin/install.php?step=1 HTTP/1.1" 404 8272 "-" "Mozilla/5.0 (X11; Linux x86_64; rv:52.0) Gecko/20100101 Firefox/52.0"
13.229.78.155 - - [01/Apr/2025:21:04:18 -0400] "GET /wp/wp-admin/setup-config.php HTTP/1.1" 404 8272 "-" "Mozilla/5.0 (X11; Linux x86_64; rv:52.0) Gecko/20100101 Firefox/52.0"
13.229.78.155 - - [01/Apr/2025:21:04:20 -0400] "GET /wordpress/wp-admin/install.php?step=1 HTTP/1.1" 404 8272 "-" "Mozilla/5.0 (X11; Linux x86_64; rv:52.0) Gecko/20100101 Firefox/52.0"
13.229.78.155 - - [01/Apr/2025:21:04:22 -0400] "GET /wordpress/wp-admin/setup-config.php HTTP/1.1" 404 8272 "-" "Mozilla/5.0 (X11; Linux x86_64; rv:52.0) Gecko/20100101 Firefox/52.0"
13.229.78.155 - - [01/Apr/2025:21:04:24 -0400] "GET /tes/wp-admin/install.php?step=1 HTTP/1.1" 404 8272 "-" "Mozilla/5.0 (X11; Linux x86_64; rv:52.0) Gecko/20100101 Firefox/52.0"
13.229.78.155 - - [01/Apr/2025:21:04:25 -0400] "GET /tes/wp-admin/setup-config.php HTTP/1.1" 404 8272 "-" "Mozilla/5.0 (X11; Linux x86_64; rv:52.0) Gecko/20100101 Firefox/52.0"
13.229.78.155 - - [01/Apr/2025:21:04:27 -0400] "GET /test/wp-admin/install.php?step=1 HTTP/1.1" 404 8272 "-" "Mozilla/5.0 (X11; Linux x86_64; rv:52.0) Gecko/20100101 Firefox/52.0"
13.229.78.155 - - [01/Apr/2025:21:04:29 -0400] "GET /test/wp-admin/setup-config.php HTTP/1.1" 404 8272 "-" "Mozilla/5.0 (X11; Linux x86_64; rv:52.0) Gecko/20100101 Firefox/52.0"
13.229.78.155 - - [01/Apr/2025:21:04:31 -0400] "GET /web/wp-admin/install.php?step=1 HTTP/1.1" 404 8271 "-" "Mozilla/5.0 (X11; Linux x86_64; rv:52.0) Gecko/20100101 Firefox/52.0"
13.229.78.155 - - [01/Apr/2025:21:04:32 -0400] "GET /web/wp-admin/setup-config.php HTTP/1.1" 404 8272 "-" "Mozilla/5.0 (X11; Linux x86_64; rv:52.0) Gecko/20100101 Firefox/52.0"
13.229.78.155 - - [01/Apr/2025:21:04:34 -0400] "GET /cms/wp-admin/install.php?step=1 HTTP/1.1" 404 8273 "-" "Mozilla/5.0 (X11; Linux x86_64; rv:52.0) Gecko/20100101 Firefox/52.0"
13.229.78.155 - - [01/Apr/2025:21:04:38 -0400] "GET /cms/wp-admin/setup-config.php HTTP/1.1" 404 8272 "-" "Mozilla/5.0 (X11; Linux x86_64; rv:52.0) Gecko/20100101 Firefox/52.0"
13.229.78.155 - - [01/Apr/2025:21:04:39 -0400] "POST /wp-admin/admin-ajax.php HTTP/1.1" 400 21 "-" "Mozilla/5.0 (X11; Linux x86_64; rv:52.0) Gecko/20100101 Firefox/52.0"
13.229.78.155 - - [01/Apr/2025:21:04:42 -0400] "GET /wp-admin/ HTTP/1.1" 302 0 "-" "Mozilla/5.0 (X11; Linux x86_64; rv:52.0) Gecko/20100101 Firefox/52.0"
198.54.114.83 - - [01/Apr/2025:21:10:34 -0400] "POST /wp-cron.php?doing_wp_cron=1743556232.7256059646606445312500 HTTP/1.1" 200 0 "-" "WordPress/6.7.2; https://inversionesgoldie.com"
164.160.91.19 - - [01/Apr/2025:21:10:27 -0400] "POST /xmlrpc.php HTTP/1.1" 200 212 "http://inversionesgoldie.com" "Mozilla/5.0 (Macintosh; Intel Mac OS X 10_15_7; rv:126.0) Gecko/20100101 Firefox/126.0"
192.129.178.82 - - [01/Apr/2025:21:22:49 -0400] "GET /commercial-building-disclosure-has-arrived/ HTTP/1.1" 200 13303 "http://inversionesgoldie.com/commercial-building-disclosure-has-arrived/" "Mozilla/5.0 (Windows NT 10.0; Win64; x64) AppleWebKit/537.36 (KHTML, like Gecko) Chrome/131.0.0.0 Safari/537.36"
198.54.114.83 - - [01/Apr/2025:21:22:53 -0400] "POST /wp-cron.php?doing_wp_cron=1743556973.4842100143432617187500 HTTP/1.1" 200 0 "-" "WordPress/6.7.2; https://inversionesgoldie.com"
192.129.178.82 - - [01/Apr/2025:21:22:53 -0400] "POST /wp-comments-post.php HTTP/1.1" 200 1166 "http://inversionesgoldie.com/commercial-building-disclosure-has-arrived/" "Mozilla/5.0 (Windows NT 10.0; Win64; x64) AppleWebKit/537.36 (KHTML, like Gecko) Chrome/131.0.0.0 Safari/537.36"
198.54.114.83 - - [01/Apr/2025:21:35:23 -0400] "POST /wp-cron.php?doing_wp_cron=1743557722.9621789455413818359375 HTTP/1.1" 200 0 "-" "WordPress/6.7.2; https://inversionesgoldie.com"
162.213.255.38 - - [01/Apr/2025:21:35:18 -0400] "POST /xmlrpc.php HTTP/1.1" 200 212 "http://inversionesgoldie.com" "Mozilla/5.0 (Windows NT 10.0; Win64; x64) AppleWebKit/537.36 (KHTML, like Gecko) Chrome/112.0.5615.138 Safari/537.36"
113.36.242.229 - - [01/Apr/2025:22:00:13 -0400] "POST /xmlrpc.php HTTP/1.1" 200 212 "http://inversionesgoldie.com" "Mozilla/5.0 (Windows NT 10.0; Win64; x64) AppleWebKit/537.36 (KHTML, like Gecko) Chrome/113.0.5672.126 Safari/537.36 Edg/113.0.1774.50"
51.222.253.16 - - [01/Apr/2025:22:01:24 -0400] "GET /robots.txt HTTP/1.1" 200 132 "-" "Mozilla/5.0 (compatible; AhrefsBot/7.0; +http://ahrefs.com/robot/)"
85.208.98.23 - - [01/Apr/2025:22:19:58 -0400] "GET /robots.txt HTTP/1.1" 304 0 "-" "Mozilla/5.0 (compatible; SemrushBot-BA; +http://www.semrush.com/bot.html)"
173.212.223.204 - - [01/Apr/2025:22:26:10 -0400] "POST /xmlrpc.php HTTP/1.1" 200 212 "http://inversionesgoldie.com" "Mozilla/5.0 (Macintosh; Intel Mac OS X 10_15_7) AppleWebKit/537.36 (KHTML, like Gecko) Chrome/113.0.5672.93 Safari/537.36"
159.223.92.110 - - [01/Apr/2025:22:28:03 -0400] "GET /wp-includes/wlwmanifest.xml HTTP/1.1" 404 8272 "-" "Mozilla/5.0 (Windows NT 10.0; Win64; x64) AppleWebKit/537.36 (KHTML, like Gecko) Chrome/78.0.3904.108 Safari/537.36"
198.54.114.83 - - [01/Apr/2025:22:52:09 -0400] "POST /wp-cron.php?doing_wp_cron=1743562328.9296720027923583984375 HTTP/1.1" 200 0 "-" "WordPress/6.7.2; https://inversionesgoldie.com"
173.212.223.204 - - [01/Apr/2025:22:52:04 -0400] "POST /xmlrpc.php HTTP/1.1" 200 212 "http://inversionesgoldie.com" "Mozilla/5.0 (Windows NT 10.0; Win64; x64) AppleWebKit/537.36 (KHTML, like Gecko) Chrome/126.0.0.0 Safari/537.36 Edg/126.0.0.0"
146.190.146.83 - - [01/Apr/2025:23:07:15 -0400] "GET / HTTP/1.1" 200 98560 "-" "-"
185.223.152.75 - - [01/Apr/2025:23:07:11 -0400] "GET /x.php HTTP/1.1" 200 0 "-" "Go-http-client/1.1"
198.54.114.83 - - [01/Apr/2025:23:07:17 -0400] "POST /wp-cron.php?doing_wp_cron=1743563236.4516310691833496093750 HTTP/1.1" 200 0 "-" "WordPress/6.7.2; https://inversionesgoldie.com"
185.223.152.88 - - [01/Apr/2025:23:07:16 -0400] "GET /function.php HTTP/1.1" 404 8272 "-" "Go-http-client/1.1"
185.223.152.88 - - [01/Apr/2025:23:07:19 -0400] "GET /s.php HTTP/1.1" 404 8272 "-" "Go-http-client/1.1"
185.223.152.88 - - [01/Apr/2025:23:07:23 -0400] "GET /about.php HTTP/1.1" 404 8272 "-" "Go-http-client/1.1"
185.223.152.88 - - [01/Apr/2025:23:07:26 -0400] "GET /cjfuns.php HTTP/1.1" 404 8272 "-" "Go-http-client/1.1"
185.223.152.88 - - [01/Apr/2025:23:07:29 -0400] "GET /mah/function.php HTTP/1.1" 404 8272 "-" "Go-http-client/1.1"
185.223.152.88 - - [01/Apr/2025:23:07:33 -0400] "GET /index/function.php HTTP/1.1" 404 8272 "-" "Go-http-client/1.1"
185.223.152.88 - - [01/Apr/2025:23:07:35 -0400] "GET /login.php HTTP/1.1" 302 0 "-" "Go-http-client/1.1"
185.223.152.88 - - [01/Apr/2025:23:07:39 -0400] "GET /admin.php HTTP/1.1" 404 8272 "-" "Go-http-client/1.1"
185.223.152.88 - - [01/Apr/2025:23:07:40 -0400] "GET /file.php HTTP/1.1" 404 8272 "-" "Go-http-client/1.1"
185.223.152.88 - - [01/Apr/2025:23:07:43 -0400] "GET /wp-content/themes/deeto/login.php HTTP/1.1" 404 8272 "-" "Go-http-client/1.1"
185.223.152.88 - - [01/Apr/2025:23:07:44 -0400] "GET /h.php HTTP/1.1" 404 8272 "-" "Go-http-client/1.1"
185.223.152.88 - - [01/Apr/2025:23:07:46 -0400] "GET /m.php HTTP/1.1" 404 8272 "-" "Go-http-client/1.1"
185.223.152.88 - - [01/Apr/2025:23:07:48 -0400] "GET /1.php HTTP/1.1" 404 8272 "-" "Go-http-client/1.1"
198.54.114.83 - - [01/Apr/2025:23:07:52 -0400] "POST /wp-cron.php?doing_wp_cron=1743563271.9840490818023681640625 HTTP/1.1" 200 0 "-" "WordPress/6.7.2; https://inversionesgoldie.com"
185.223.152.88 - - [01/Apr/2025:23:07:51 -0400] "GET /mah.php HTTP/1.1" 404 8272 "-" "Go-http-client/1.1"
185.223.152.88 - - [01/Apr/2025:23:07:54 -0400] "GET /css/index.php HTTP/1.1" 301 0 "-" "Go-http-client/1.1"
185.223.152.88 - - [01/Apr/2025:23:07:55 -0400] "GET /css/ HTTP/1.1" 404 8272 "http://inversionesgoldie.com/css/index.php" "Go-http-client/1.1"
185.223.152.88 - - [01/Apr/2025:23:07:57 -0400] "GET /admin/function.php HTTP/1.1" 404 8272 "-" "Go-http-client/1.1"
185.223.152.88 - - [01/Apr/2025:23:08:00 -0400] "GET /simple.php HTTP/1.1" 404 8272 "-" "Go-http-client/1.1"
185.223.152.88 - - [01/Apr/2025:23:08:02 -0400] "GET /classwithtostring.php HTTP/1.1" 404 8272 "-" "Go-http-client/1.1"
185.223.152.88 - - [01/Apr/2025:23:08:04 -0400] "GET /wp-admin/js/index.php HTTP/1.1" 301 0 "-" "Go-http-client/1.1"
185.223.152.88 - - [01/Apr/2025:23:08:06 -0400] "GET /wp-admin/js/ HTTP/1.1" 403 1242 "http://inversionesgoldie.com/wp-admin/js/index.php" "Go-http-client/1.1"
185.223.152.88 - - [01/Apr/2025:23:08:06 -0400] "GET /autoload_classmap.php HTTP/1.1" 404 8272 "-" "Go-http-client/1.1"
185.223.152.88 - - [01/Apr/2025:23:08:08 -0400] "GET /bugz.php HTTP/1.1" 404 8272 "-" "Go-http-client/1.1"
185.223.152.88 - - [01/Apr/2025:23:08:10 -0400] "GET /item.php HTTP/1.1" 404 8272 "-" "Go-http-client/1.1"
185.223.152.88 - - [01/Apr/2025:23:08:11 -0400] "GET /wp-content/index.php HTTP/1.1" 200 0 "-" "Go-http-client/1.1"
185.223.152.88 - - [01/Apr/2025:23:08:12 -0400] "GET /go.php HTTP/1.1" 404 8272 "-" "Go-http-client/1.1"
185.223.152.88 - - [01/Apr/2025:23:08:14 -0400] "GET /wp-includes/css/index.php HTTP/1.1" 301 0 "-" "Go-http-client/1.1"
185.223.152.88 - - [01/Apr/2025:23:08:17 -0400] "GET /wp-includes/css/ HTTP/1.1" 403 1242 "http://inversionesgoldie.com/wp-includes/css/index.php" "Go-http-client/1.1"
185.223.152.88 - - [01/Apr/2025:23:08:18 -0400] "GET /chosen.php HTTP/1.1" 404 8272 "-" "Go-http-client/1.1"
185.223.152.88 - - [01/Apr/2025:23:08:22 -0400] "GET /wp-login.php HTTP/1.1" 302 0 "-" "Go-http-client/1.1"
185.223.152.88 - - [01/Apr/2025:23:08:26 -0400] "GET /text.php HTTP/1.1" 404 8272 "-" "Go-http-client/1.1"
185.223.152.88 - - [01/Apr/2025:23:08:27 -0400] "GET /c.php HTTP/1.1" 404 8272 "-" "Go-http-client/1.1"
185.223.152.88 - - [01/Apr/2025:23:08:31 -0400] "GET /w.php HTTP/1.1" 404 8271 "-" "Go-http-client/1.1"
185.223.152.88 - - [01/Apr/2025:23:08:34 -0400] "GET /about/function.php HTTP/1.1" 404 8274 "-" "Go-http-client/1.1"
185.223.152.88 - - [01/Apr/2025:23:08:36 -0400] "GET /a.php HTTP/1.1" 404 8272 "-" "Go-http-client/1.1"
185.223.152.88 - - [01/Apr/2025:23:08:39 -0400] "GET /wp-includes/css/about.php HTTP/1.1" 404 8272 "-" "Go-http-client/1.1"
185.223.152.88 - - [01/Apr/2025:23:08:41 -0400] "GET /wp-conflg.php HTTP/1.1" 404 8272 "-" "Go-http-client/1.1"
185.223.152.88 - - [01/Apr/2025:23:08:45 -0400] "GET /wp-content/themes/about.php HTTP/1.1" 404 8272 "-" "Go-http-client/1.1"
198.54.114.83 - - [01/Apr/2025:23:08:49 -0400] "POST /wp-cron.php?doing_wp_cron=1743563329.0957939624786376953125 HTTP/1.1" 200 0 "-" "WordPress/6.7.2; https://inversionesgoldie.com"
185.223.152.88 - - [01/Apr/2025:23:08:48 -0400] "GET /buy.php HTTP/1.1" 404 8272 "-" "Go-http-client/1.1"
185.223.152.88 - - [01/Apr/2025:23:08:53 -0400] "GET /wp-content/plugins/index.php HTTP/1.1" 200 0 "-" "Go-http-client/1.1"
185.223.152.88 - - [01/Apr/2025:23:08:54 -0400] "GET /b.php HTTP/1.1" 404 8274 "-" "Go-http-client/1.1"
185.223.152.88 - - [01/Apr/2025:23:08:57 -0400] "GET /wp-admin/classwithtostring.php HTTP/1.1" 404 8272 "-" "Go-http-client/1.1"
185.223.152.88 - - [01/Apr/2025:23:09:01 -0400] "GET /class.php HTTP/1.1" 404 8272 "-" "Go-http-client/1.1"
185.223.152.88 - - [01/Apr/2025:23:09:04 -0400] "GET /wp-content/themes/seotheme/mar.php HTTP/1.1" 404 8274 "-" "Go-http-client/1.1"
185.223.152.88 - - [01/Apr/2025:23:09:08 -0400] "GET /wp-content/uploads/index.php HTTP/1.1" 301 0 "-" "Go-http-client/1.1"
185.223.152.88 - - [01/Apr/2025:23:09:09 -0400] "GET /wp-content/uploads/ HTTP/1.1" 403 1242 "http://inversionesgoldie.com/wp-content/uploads/index.php" "Go-http-client/1.1"
185.223.152.88 - - [01/Apr/2025:23:09:10 -0400] "GET /wp.php HTTP/1.1" 404 8272 "-" "Go-http-client/1.1"
185.223.152.88 - - [01/Apr/2025:23:09:13 -0400] "GET /wp-content/plugins/WordPressCore/index.php HTTP/1.1" 301 0 "-" "Go-http-client/1.1"
185.223.152.88 - - [01/Apr/2025:23:09:16 -0400] "GET /wp-content/plugins/WordPressCore/ HTTP/1.1" 404 0 "http://inversionesgoldie.com/wp-content/plugins/WordPressCore/index.php" "Go-http-client/1.1"
185.223.152.73 - - [01/Apr/2025:23:09:18 -0400] "GET /fm.php HTTP/1.1" 404 8272 "-" "Go-http-client/1.1"
185.223.152.73 - - [01/Apr/2025:23:09:19 -0400] "GET /shell.php HTTP/1.1" 404 8272 "-" "Go-http-client/1.1"
185.223.152.73 - - [01/Apr/2025:23:09:24 -0400] "GET /wp-content/about.php HTTP/1.1" 404 8272 "-" "Go-http-client/1.1"
185.223.152.73 - - [01/Apr/2025:23:09:26 -0400] "GET /404.php HTTP/1.1" 404 8272 "-" "Go-http-client/1.1"
185.223.152.73 - - [01/Apr/2025:23:09:28 -0400] "GET /wp-content/themes/news-portal/error.php HTTP/1.1" 404 8272 "-" "Go-http-client/1.1"
185.223.152.73 - - [01/Apr/2025:23:09:33 -0400] "GET /wp-content/plugins/wp-super-cache/wp-cache-pointer.php HTTP/1.1" 404 8272 "-" "Go-http-client/1.1"
185.223.152.73 - - [01/Apr/2025:23:09:36 -0400] "GET /wp-admin/maint/index.php HTTP/1.1" 301 0 "-" "Go-http-client/1.1"
185.223.152.73 - - [01/Apr/2025:23:09:38 -0400] "GET /wp-admin/maint/ HTTP/1.1" 403 1242 "http://inversionesgoldie.com/wp-admin/maint/index.php" "Go-http-client/1.1"
185.223.152.73 - - [01/Apr/2025:23:09:38 -0400] "GET /default.php HTTP/1.1" 404 8272 "-" "Go-http-client/1.1"
185.223.152.73 - - [01/Apr/2025:23:09:40 -0400] "GET /cong.php HTTP/1.1" 404 8272 "-" "Go-http-client/1.1"
185.223.152.73 - - [01/Apr/2025:23:09:42 -0400] "GET /wp-admin/network/index.php HTTP/1.1" 302 0 "-" "Go-http-client/1.1"
185.223.152.73 - - [01/Apr/2025:23:09:45 -0400] "GET /new.php HTTP/1.1" 404 8274 "-" "Go-http-client/1.1"
185.223.152.73 - - [01/Apr/2025:23:09:46 -0400] "GET /options.php HTTP/1.1" 404 8272 "-" "Go-http-client/1.1"
185.223.152.73 - - [01/Apr/2025:23:09:48 -0400] "GET /wp-admin/css/index.php HTTP/1.1" 301 0 "-" "Go-http-client/1.1"
185.223.152.73 - - [01/Apr/2025:23:09:50 -0400] "GET /wp-admin/css/ HTTP/1.1" 403 1242 "http://inversionesgoldie.com/wp-admin/css/index.php" "Go-http-client/1.1"
198.54.114.83 - - [01/Apr/2025:23:09:51 -0400] "POST /wp-cron.php?doing_wp_cron=1743563391.0740768909454345703125 HTTP/1.1" 200 0 "-" "WordPress/6.7.2; https://inversionesgoldie.com"
185.223.152.73 - - [01/Apr/2025:23:09:50 -0400] "GET /wp-includes/ID3/index.php HTTP/1.1" 301 0 "-" "Go-http-client/1.1"
185.223.152.73 - - [01/Apr/2025:23:09:54 -0400] "GET /wp-includes/ID3/ HTTP/1.1" 403 1242 "http://inversionesgoldie.com/wp-includes/ID3/index.php" "Go-http-client/1.1"
185.223.152.73 - - [01/Apr/2025:23:09:54 -0400] "GET /plugins.php HTTP/1.1" 404 8274 "-" "Go-http-client/1.1"
185.223.152.73 - - [01/Apr/2025:23:09:56 -0400] "GET /wander.php HTTP/1.1" 404 8272 "-" "Go-http-client/1.1"
185.223.152.73 - - [01/Apr/2025:23:10:00 -0400] "GET /wp-content/plugins/core-plugin/include.php HTTP/1.1" 404 8273 "-" "Go-http-client/1.1"
185.223.152.73 - - [01/Apr/2025:23:10:01 -0400] "GET /wp-content/admin.php HTTP/1.1" 404 8272 "-" "Go-http-client/1.1"
185.223.152.73 - - [01/Apr/2025:23:10:03 -0400] "GET /content.php HTTP/1.1" 404 8272 "-" "Go-http-client/1.1"
185.223.152.73 - - [01/Apr/2025:23:10:05 -0400] "GET /ini.php HTTP/1.1" 404 8272 "-" "Go-http-client/1.1"
185.223.152.73 - - [01/Apr/2025:23:10:09 -0400] "GET /wp-admin/images/index.php HTTP/1.1" 301 0 "-" "Go-http-client/1.1"
185.223.152.73 - - [01/Apr/2025:23:10:10 -0400] "GET /wp-admin/images/ HTTP/1.1" 403 1242 "http://inversionesgoldie.com/wp-admin/images/index.php" "Go-http-client/1.1"
185.223.152.73 - - [01/Apr/2025:23:10:11 -0400] "GET /.well-known/ HTTP/1.1" 404 8272 "-" "Go-http-client/1.1"
185.223.152.73 - - [01/Apr/2025:23:10:15 -0400] "GET /wp-links.php HTTP/1.1" 404 8272 "-" "Go-http-client/1.1"
185.223.152.73 - - [01/Apr/2025:23:10:20 -0400] "GET /wp-admin/plugins.php HTTP/1.1" 302 0 "-" "Go-http-client/1.1"
185.223.152.73 - - [01/Apr/2025:23:10:23 -0400] "GET /moon.php HTTP/1.1" 404 8272 "-" "Go-http-client/1.1"
185.223.152.73 - - [01/Apr/2025:23:10:27 -0400] "GET /wp-includes/IXR/wp-login.php HTTP/1.1" 404 8272 "-" "Go-http-client/1.1"
185.223.152.73 - - [01/Apr/2025:23:10:30 -0400] "GET /wp-content/languages/index.php HTTP/1.1" 301 0 "-" "Go-http-client/1.1"
185.223.152.73 - - [01/Apr/2025:23:10:32 -0400] "GET /wp-content/languages/ HTTP/1.1" 404 8272 "http://inversionesgoldie.com/wp-content/languages/index.php" "Go-http-client/1.1"
185.223.152.73 - - [01/Apr/2025:23:10:33 -0400] "GET /wp-includes/assets/index.php HTTP/1.1" 301 0 "-" "Go-http-client/1.1"
185.223.152.73 - - [01/Apr/2025:23:10:37 -0400] "GET /wp-includes/assets/ HTTP/1.1" 403 1242 "http://inversionesgoldie.com/wp-includes/assets/index.php" "Go-http-client/1.1"
185.223.152.73 - - [01/Apr/2025:23:10:37 -0400] "GET /goods.php HTTP/1.1" 404 8272 "-" "Go-http-client/1.1"
185.223.152.73 - - [01/Apr/2025:23:10:39 -0400] "GET /elp.php HTTP/1.1" 404 8272 "-" "Go-http-client/1.1"
185.223.152.73 - - [01/Apr/2025:23:10:41 -0400] "GET /wp-includes/customize/index.php HTTP/1.1" 301 0 "-" "Go-http-client/1.1"
185.223.152.73 - - [01/Apr/2025:23:10:43 -0400] "GET /wp-includes/customize/ HTTP/1.1" 403 1242 "http://inversionesgoldie.com/wp-includes/customize/index.php" "Go-http-client/1.1"
185.223.152.73 - - [01/Apr/2025:23:10:44 -0400] "GET /dropdown.php HTTP/1.1" 404 8272 "-" "Go-http-client/1.1"
185.223.152.73 - - [01/Apr/2025:23:10:47 -0400] "GET /wp-admin.php HTTP/1.1" 404 8272 "-" "Go-http-client/1.1"
185.223.152.73 - - [01/Apr/2025:23:10:48 -0400] "GET /wp-admin/css/colors/blue/ HTTP/1.1" 403 1242 "-" "Go-http-client/1.1"
198.54.114.83 - - [01/Apr/2025:23:10:51 -0400] "POST /wp-cron.php?doing_wp_cron=1743563449.9149680137634277343750 HTTP/1.1" 200 0 "-" "WordPress/6.7.2; https://inversionesgoldie.com"
185.223.152.73 - - [01/Apr/2025:23:10:49 -0400] "GET /size.php HTTP/1.1" 404 8271 "-" "Go-http-client/1.1"
185.223.152.73 - - [01/Apr/2025:23:10:52 -0400] "GET /wp-content/themes/sketch/404.php HTTP/1.1" 404 8272 "-" "Go-http-client/1.1"
185.223.152.73 - - [01/Apr/2025:23:10:55 -0400] "GET /wso.php HTTP/1.1" 404 8272 "-" "Go-http-client/1.1"
185.223.152.73 - - [01/Apr/2025:23:10:57 -0400] "GET /class.api.php HTTP/1.1" 404 8273 "-" "Go-http-client/1.1"
185.223.152.73 - - [01/Apr/2025:23:11:01 -0400] "GET /wp-content/themes/admin.php?taf HTTP/1.1" 404 8272 "-" "Go-http-client/1.1"
185.223.152.73 - - [01/Apr/2025:23:11:04 -0400] "GET /wp-content/plugins/revslider/includes/external/page/index.php HTTP/1.1" 301 0 "-" "Go-http-client/1.1"
185.223.152.73 - - [01/Apr/2025:23:11:05 -0400] "GET /wp-content/plugins/revslider/includes/external/page/ HTTP/1.1" 404 8272 "http://inversionesgoldie.com/wp-content/plugins/revslider/includes/external/page/index.php" "Go-http-client/1.1"
185.223.152.73 - - [01/Apr/2025:23:11:07 -0400] "GET /wp-content/plugins/WordPressCore/include.php HTTP/1.1" 404 8272 "-" "Go-http-client/1.1"
185.223.152.73 - - [01/Apr/2025:23:11:10 -0400] "GET /wp-add.php HTTP/1.1" 404 8272 "-" "Go-http-client/1.1"
185.223.152.73 - - [01/Apr/2025:23:11:11 -0400] "GET /wp-admin/product.php HTTP/1.1" 404 8272 "-" "Go-http-client/1.1"
185.223.152.73 - - [01/Apr/2025:23:11:12 -0400] "GET /themes.php HTTP/1.1" 404 8272 "-" "Go-http-client/1.1"
185.223.152.73 - - [01/Apr/2025:23:11:18 -0400] "GET /indec.php HTTP/1.1" 200 0 "-" "Go-http-client/1.1"
185.223.152.69 - - [01/Apr/2025:23:11:21 -0400] "GET /wp-content/plugins/hello.php HTTP/1.1" 404 8272 "-" "Go-http-client/1.1"
185.223.152.69 - - [01/Apr/2025:23:11:27 -0400] "GET /wp-content/options.php HTTP/1.1" 200 0 "-" "Go-http-client/1.1"
185.223.152.199 - - [01/Apr/2025:23:11:30 -0400] "GET /xml.php HTTP/1.1" 404 8272 "-" "Go-http-client/1.1"
185.223.152.178 - - [01/Apr/2025:23:11:36 -0400] "GET /wp-header.php HTTP/1.1" 404 8272 "-" "Go-http-client/1.1"
185.223.152.178 - - [01/Apr/2025:23:11:38 -0400] "GET /wp-admin/item.php HTTP/1.1" 404 8272 "-" "Go-http-client/1.1"
185.223.152.178 - - [01/Apr/2025:23:11:39 -0400] "GET /wp-includes/ID3/about.php HTTP/1.1" 404 8271 "-" "Go-http-client/1.1"
185.223.152.178 - - [01/Apr/2025:23:11:42 -0400] "GET /wp-admin/images/about.php HTTP/1.1" 404 8272 "-" "Go-http-client/1.1"
185.223.152.178 - - [01/Apr/2025:23:11:44 -0400] "GET /wp-info.php HTTP/1.1" 404 8272 "-" "Go-http-client/1.1"
185.223.152.178 - - [01/Apr/2025:23:11:52 -0400] "GET /wp-includes/fonts/index.php HTTP/1.1" 200 0 "-" "Go-http-client/1.1"
185.223.152.179 - - [01/Apr/2025:23:11:57 -0400] "GET /wp-content/click.php HTTP/1.1" 200 0 "-" "Go-http-client/1.1"
198.54.114.83 - - [01/Apr/2025:23:12:02 -0400] "POST /wp-cron.php?doing_wp_cron=1743563518.0394129753112792968750 HTTP/1.1" 200 0 "-" "WordPress/6.7.2; https://inversionesgoldie.com"
185.223.152.68 - - [01/Apr/2025:23:12:02 -0400] "GET /wp-admin/images/admin.php HTTP/1.1" 404 0 "-" "Go-http-client/1.1"
185.223.152.192 - - [01/Apr/2025:23:12:04 -0400] "GET /bk/index.php HTTP/1.1" 301 0 "-" "Go-http-client/1.1"
185.223.152.192 - - [01/Apr/2025:23:12:07 -0400] "GET /bk/ HTTP/1.1" 404 0 "http://inversionesgoldie.com/bk/index.php" "Go-http-client/1.1"
185.223.152.177 - - [01/Apr/2025:23:12:08 -0400] "GET /wp-includes/js/index.php HTTP/1.1" 301 0 "-" "Go-http-client/1.1"
185.223.152.177 - - [01/Apr/2025:23:12:09 -0400] "GET /wp-includes/js/ HTTP/1.1" 403 1242 "http://inversionesgoldie.com/wp-includes/js/index.php" "Go-http-client/1.1"
185.223.152.177 - - [01/Apr/2025:23:12:09 -0400] "GET /wp-signup.php HTTP/1.1" 302 0 "-" "Go-http-client/1.1"
185.223.152.177 - - [01/Apr/2025:23:12:14 -0400] "GET /wp-content/themes/digital-download/new.php HTTP/1.1" 404 8273 "-" "Go-http-client/1.1"
185.223.152.177 - - [01/Apr/2025:23:12:15 -0400] "GET /wp-includes/SimplePie/index.php HTTP/1.1" 301 0 "-" "Go-http-client/1.1"
185.223.152.177 - - [01/Apr/2025:23:12:16 -0400] "GET /wp-includes/SimplePie/ HTTP/1.1" 403 1242 "http://inversionesgoldie.com/wp-includes/SimplePie/index.php" "Go-http-client/1.1"
185.223.152.177 - - [01/Apr/2025:23:12:17 -0400] "GET /wp-includes/images/about.php HTTP/1.1" 404 8272 "-" "Go-http-client/1.1"
185.223.152.177 - - [01/Apr/2025:23:12:18 -0400] "GET /product.php HTTP/1.1" 404 8272 "-" "Go-http-client/1.1"
185.223.152.177 - - [01/Apr/2025:23:12:18 -0400] "GET /wp-l0gin.php HTTP/1.1" 404 8272 "-" "Go-http-client/1.1"
185.223.152.177 - - [01/Apr/2025:23:12:19 -0400] "GET /wp-admin/js/about.php HTTP/1.1" 404 8272 "-" "Go-http-client/1.1"
185.223.152.177 - - [01/Apr/2025:23:12:20 -0400] "GET /log.php HTTP/1.1" 404 8272 "-" "Go-http-client/1.1"
185.223.152.177 - - [01/Apr/2025:23:12:21 -0400] "GET /wp-includes/customize/about.php HTTP/1.1" 404 8271 "-" "Go-http-client/1.1"
185.223.152.177 - - [01/Apr/2025:23:12:22 -0400] "GET /xx.php HTTP/1.1" 404 8272 "-" "Go-http-client/1.1"
185.223.152.177 - - [01/Apr/2025:23:12:23 -0400] "GET /wp-content/upgrade/about.php HTTP/1.1" 404 8272 "-" "Go-http-client/1.1"
185.223.152.177 - - [01/Apr/2025:23:12:24 -0400] "GET /xmlrpc.php HTTP/1.1" 405 60 "-" "Go-http-client/1.1"
185.223.152.177 - - [01/Apr/2025:23:12:24 -0400] "GET /wp-admin/user/index.php HTTP/1.1" 302 0 "-" "Go-http-client/1.1"
185.223.152.177 - - [01/Apr/2025:23:12:26 -0400] "GET /css.php HTTP/1.1" 404 8272 "-" "Go-http-client/1.1"
185.223.152.177 - - [01/Apr/2025:23:12:27 -0400] "GET /wp-admin/includes/String.php HTTP/1.1" 404 8272 "-" "Go-http-client/1.1"
185.223.152.177 - - [01/Apr/2025:23:12:27 -0400] "GET /wp-content/languages/wp-login.php HTTP/1.1" 404 8272 "-" "Go-http-client/1.1"
185.223.152.177 - - [01/Apr/2025:23:12:28 -0400] "GET /install.php HTTP/1.1" 404 8272 "-" "Go-http-client/1.1"
185.223.152.177 - - [01/Apr/2025:23:12:29 -0400] "GET /atomlib.php HTTP/1.1" 404 8272 "-" "Go-http-client/1.1"
185.223.152.177 - - [01/Apr/2025:23:12:29 -0400] "GET /alfa-rex.php HTTP/1.1" 404 8272 "-" "Go-http-client/1.1"
185.223.152.177 - - [01/Apr/2025:23:12:30 -0400] "GET /wp-includes/admin.php HTTP/1.1" 404 8272 "-" "Go-http-client/1.1"
185.223.152.177 - - [01/Apr/2025:23:12:30 -0400] "GET /inc.php HTTP/1.1" 404 8271 "-" "Go-http-client/1.1"
185.223.152.177 - - [01/Apr/2025:23:12:31 -0400] "GET /jp.php HTTP/1.1" 404 8271 "-" "Go-http-client/1.1"
185.223.152.177 - - [01/Apr/2025:23:12:32 -0400] "GET /wp-mail.php HTTP/1.1" 403 1123 "-" "Go-http-client/1.1"
185.223.152.177 - - [01/Apr/2025:23:12:32 -0400] "GET /randkeyword.PhP7 HTTP/1.1" 404 8271 "-" "Go-http-client/1.1"
185.223.152.177 - - [01/Apr/2025:23:12:33 -0400] "GET /radio.php HTTP/1.1" 404 8272 "-" "Go-http-client/1.1"
185.223.152.177 - - [01/Apr/2025:23:12:33 -0400] "GET /as.php HTTP/1.1" 404 8272 "-" "Go-http-client/1.1"
185.223.152.177 - - [01/Apr/2025:23:12:33 -0400] "GET /byp.php HTTP/1.1" 404 8272 "-" "Go-http-client/1.1"
185.223.152.177 - - [01/Apr/2025:23:12:34 -0400] "GET /click.php HTTP/1.1" 404 8272 "-" "Go-http-client/1.1"
185.223.152.177 - - [01/Apr/2025:23:12:35 -0400] "GET /defaults.php HTTP/1.1" 404 8273 "-" "Go-http-client/1.1"
185.223.152.177 - - [01/Apr/2025:23:12:35 -0400] "GET /403.php HTTP/1.1" 404 8272 "-" "Go-http-client/1.1"
185.223.152.177 - - [01/Apr/2025:23:12:36 -0400] "GET /wp-includes/Text/wp-login.php HTTP/1.1" 404 8272 "-" "Go-http-client/1.1"
185.223.152.177 - - [01/Apr/2025:23:12:37 -0400] "GET /wp-content/plugins/js_composer/vc_classmap.json-list.php HTTP/1.1" 404 8272 "-" "Go-http-client/1.1"
185.223.152.177 - - [01/Apr/2025:23:12:38 -0400] "GET /wp-content/item.php HTTP/1.1" 404 8272 "-" "Go-http-client/1.1"
185.223.152.177 - - [01/Apr/2025:23:12:39 -0400] "GET /wp-admin/css/about.php HTTP/1.1" 404 8272 "-" "Go-http-client/1.1"
185.223.152.177 - - [01/Apr/2025:23:12:40 -0400] "GET /wp-admin/css/colors/index.php HTTP/1.1" 301 0 "-" "Go-http-client/1.1"
185.223.152.177 - - [01/Apr/2025:23:12:41 -0400] "GET /wp-admin/css/colors/ HTTP/1.1" 403 1242 "http://inversionesgoldie.com/wp-admin/css/colors/index.php" "Go-http-client/1.1"
185.223.152.177 - - [01/Apr/2025:23:12:41 -0400] "GET /wp-content/uploads/about.php HTTP/1.1" 404 8271 "-" "Go-http-client/1.1"
185.223.152.177 - - [01/Apr/2025:23:12:43 -0400] "GET /wp-includes/rest-api/index.php HTTP/1.1" 301 0 "-" "Go-http-client/1.1"
185.223.152.177 - - [01/Apr/2025:23:12:44 -0400] "GET /wp-includes/rest-api/ HTTP/1.1" 403 1242 "http://inversionesgoldie.com/wp-includes/rest-api/index.php" "Go-http-client/1.1"
185.223.152.177 - - [01/Apr/2025:23:12:44 -0400] "GET /plugin.php HTTP/1.1" 404 8272 "-" "Go-http-client/1.1"
185.223.152.177 - - [01/Apr/2025:23:12:45 -0400] "GET /wp-includes/product.php HTTP/1.1" 404 8273 "-" "Go-http-client/1.1"
185.223.152.177 - - [01/Apr/2025:23:12:45 -0400] "GET /alfa.php HTTP/1.1" 404 8272 "-" "Go-http-client/1.1"
185.223.152.177 - - [01/Apr/2025:23:12:46 -0400] "GET /wp-includes/sitemaps/about.php HTTP/1.1" 404 8272 "-" "Go-http-client/1.1"
185.223.152.177 - - [01/Apr/2025:23:12:47 -0400] "GET /wp-content/json.php HTTP/1.1" 404 8272 "-" "Go-http-client/1.1"
185.223.152.177 - - [01/Apr/2025:23:12:48 -0400] "GET /wp-admin/wp-login.php HTTP/1.1" 404 8272 "-" "Go-http-client/1.1"
185.223.152.177 - - [01/Apr/2025:23:12:49 -0400] "GET /link.php HTTP/1.1" 404 8272 "-" "Go-http-client/1.1"
185.223.152.177 - - [01/Apr/2025:23:12:51 -0400] "GET /edit.php HTTP/1.1" 404 8271 "-" "Go-http-client/1.1"
185.223.152.177 - - [01/Apr/2025:23:12:52 -0400] "GET /wp-content/cong.php HTTP/1.1" 404 8271 "-" "Go-http-client/1.1"
