198.54.114.83 - - [06/Apr/2025:16:04:38 -0400] "POST /wp-cron.php?doing_wp_cron=1743969878.3598880767822265625000 HTTP/1.1" 200 0 "-" "WordPress/6.7.2; https://inversionesgoldie.com"
54.254.137.198 - - [06/Apr/2025:16:04:31 -0400] "POST /wp-login.php HTTP/1.1" 302 0 "www.google.com" "Mozilla/5.0 (Windows NT 10.0; Win64; x64)"
51.178.139.213 - - [06/Apr/2025:16:05:17 -0400] "GET / HTTP/1.1" 200 98560 "-" "Mozilla/5.0 (Windows NT 10.0; Win64; x64) AppleWebKit/537.36 (KHTML, like Gecko) Chrome/88.0.4240.193 Safari/537.36"
51.178.139.213 - - [06/Apr/2025:16:05:21 -0400] "GET / HTTP/1.1" 200 98560 "-" "Mozilla/5.0 (Windows NT 10.0; Win64; x64) AppleWebKit/537.36 (KHTML, like Gecko) Chrome/88.0.4240.193 Safari/537.36"
51.178.139.213 - - [06/Apr/2025:16:05:22 -0400] "GET /wp-includes/wlwmanifest.xml HTTP/1.1" 404 8271 "-" "Mozilla/5.0 (Windows NT 10.0; Win64; x64) AppleWebKit/537.36 (KHTML, like Gecko) Chrome/88.0.4240.193 Safari/537.36"
51.178.139.213 - - [06/Apr/2025:16:05:25 -0400] "GET /wp-login.php HTTP/1.1" 302 0 "-" "Mozilla/5.0 (Windows NT 10.0; Win64; x64) AppleWebKit/537.36 (KHTML, like Gecko) Chrome/88.0.4240.193 Safari/537.36"
149.126.222.184 - - [06/Apr/2025:16:15:23 -0400] "GET /why-buy-an-amd-motherboard/ HTTP/1.1" 200 11674 "-" "Mozilla/5.0 (Windows NT 10.0; Win64; x64; rv:114.0) Gecko/20100101 Firefox/114.0"
149.126.222.184 - - [06/Apr/2025:16:15:41 -0400] "POST /wp-comments-post.php HTTP/1.1" 302 0 "http://inversionesgoldie.com/why-buy-an-amd-motherboard/" "Mozilla/5.0 (Windows NT 10.0; Win64; x64; rv:114.0) Gecko/20100101 Firefox/114.0"
198.54.114.83 - - [06/Apr/2025:16:16:34 -0400] "POST /wp-cron.php?doing_wp_cron=1743970594.3565409183502197265625 HTTP/1.1" 200 0 "-" "WordPress/6.7.2; https://inversionesgoldie.com"
216.244.66.243 - - [06/Apr/2025:16:16:33 -0400] "GET /lohnt-es-sich-einen-buroreinigungsdienst-zu-beauftragen/feed/ HTTP/1.1" 200 462 "-" "Mozilla/5.0 (compatible; DotBot/1.2; +https://opensiteexplorer.org/dotbot; help@moz.com)"
95.216.226.226 - - [06/Apr/2025:16:19:46 -0400] "GET /why-buy-an-amd-motherboard/ HTTP/1.1" 200 11674 "-" "Mozilla/5.0 (Macintosh; Intel Mac OS X 12_5) AppleWebKit/537.36 (KHTML, like Gecko) Chrome/114.0.0.0 YaBrowser/22.7.0 Yowser/2.5 Safari/537.36"
91.201.113.132 - - [06/Apr/2025:16:35:11 -0400] "GET /what-is-an-air-cooler/ HTTP/1.1" 200 12203 "http://inversionesgoldie.com/what-is-an-air-cooler/" "Mozilla/5.0 (Windows NT 10.0; Win64; x64) AppleWebKit/537.36 (KHTML, like Gecko) Chrome/130.0.0.0 Safari/537.36"
198.54.114.83 - - [06/Apr/2025:16:35:23 -0400] "POST /wp-cron.php?doing_wp_cron=1743971721.2592990398406982421875 HTTP/1.1" 200 0 "-" "WordPress/6.7.2; https://inversionesgoldie.com"
91.201.113.132 - - [06/Apr/2025:16:35:14 -0400] "POST /wp-comments-post.php HTTP/1.1" 302 0 "http://inversionesgoldie.com/what-is-an-air-cooler/" "Mozilla/5.0 (Windows NT 10.0; Win64; x64) AppleWebKit/537.36 (KHTML, like Gecko) Chrome/130.0.0.0 Safari/537.36"
95.216.226.226 - - [06/Apr/2025:16:35:43 -0400] "GET /why-buy-an-amd-motherboard/ HTTP/1.1" 200 11674 "-" "Mozilla/5.0 (Macintosh; Intel Mac OS X 12_5) AppleWebKit/537.36 (KHTML, like Gecko) Chrome/114.0.0.0 YaBrowser/22.7.0 Yowser/2.5 Safari/537.36"
216.244.66.243 - - [06/Apr/2025:16:43:10 -0400] "GET /robots.txt HTTP/1.1" 304 0 "-" "Mozilla/5.0 (compatible; DotBot/1.2; +https://opensiteexplorer.org/dotbot; help@moz.com)"
95.216.226.226 - - [06/Apr/2025:16:53:52 -0400] "GET /why-buy-an-amd-motherboard/ HTTP/1.1" 200 11674 "-" "Mozilla/5.0 (Macintosh; Intel Mac OS X 12_5) AppleWebKit/537.36 (KHTML, like Gecko) Chrome/114.0.0.0 YaBrowser/22.7.0 Yowser/2.5 Safari/537.36"
198.54.114.83 - - [06/Apr/2025:16:56:41 -0400] "POST /wp-cron.php?doing_wp_cron=1743973000.9974389076232910156250 HTTP/1.1" 200 0 "-" "WordPress/6.7.2; https://inversionesgoldie.com"
216.244.66.243 - - [06/Apr/2025:16:56:36 -0400] "GET /fda-cosmetic-registration/ HTTP/1.1" 200 11568 "-" "Mozilla/5.0 (compatible; DotBot/1.2; +https://opensiteexplorer.org/dotbot; help@moz.com)"
85.208.98.23 - - [06/Apr/2025:16:58:22 -0400] "GET /robots.txt HTTP/1.1" 304 0 "-" "Mozilla/5.0 (compatible; SemrushBot-BA; +http://www.semrush.com/bot.html)"
198.54.114.83 - - [06/Apr/2025:17:04:20 -0400] "POST /wp-cron.php?doing_wp_cron=1743973460.0438721179962158203125 HTTP/1.1" 200 0 "-" "WordPress/6.7.2; https://inversionesgoldie.com"
216.244.66.243 - - [06/Apr/2025:17:04:14 -0400] "GET /how-to-make-a-winning-tenis-prediction/ HTTP/1.1" 200 12822 "-" "Mozilla/5.0 (compatible; DotBot/1.2; +https://opensiteexplorer.org/dotbot; help@moz.com)"
95.216.226.226 - - [06/Apr/2025:17:09:40 -0400] "GET /why-buy-an-amd-motherboard/ HTTP/1.1" 200 11674 "-" "Mozilla/5.0 (Macintosh; Intel Mac OS X 12_5) AppleWebKit/537.36 (KHTML, like Gecko) Chrome/114.0.0.0 YaBrowser/22.7.0 Yowser/2.5 Safari/537.36"
198.54.114.83 - - [06/Apr/2025:17:11:16 -0400] "POST /wp-cron.php?doing_wp_cron=1743973875.5974180698394775390625 HTTP/1.1" 200 0 "-" "WordPress/6.7.2; https://inversionesgoldie.com"
216.244.66.243 - - [06/Apr/2025:17:11:15 -0400] "GET /page/14/ HTTP/1.1" 200 11156 "-" "Mozilla/5.0 (compatible; DotBot/1.2; +https://opensiteexplorer.org/dotbot; help@moz.com)"
198.54.114.83 - - [06/Apr/2025:17:19:23 -0400] "POST /wp-cron.php?doing_wp_cron=1743974363.7208819389343261718750 HTTP/1.1" 200 0 "-" "WordPress/6.7.2; https://inversionesgoldie.com"
216.244.66.243 - - [06/Apr/2025:17:19:18 -0400] "GET /73204-claricort-tablet-price-81400/ HTTP/1.1" 404 8272 "-" "Mozilla/5.0 (compatible; DotBot/1.2; +https://opensiteexplorer.org/dotbot; help@moz.com)"
198.54.114.83 - - [06/Apr/2025:17:25:14 -0400] "POST /wp-cron.php?doing_wp_cron=1743974713.3506898880004882812500 HTTP/1.1" 200 0 "-" "WordPress/6.7.2; https://inversionesgoldie.com"
52.254.8.113 - - [06/Apr/2025:17:25:08 -0400] "GET /lv.php HTTP/1.1" 404 8272 "-" "-"
52.254.8.113 - - [06/Apr/2025:17:25:15 -0400] "GET /wp-22.php HTTP/1.1" 404 8273 "-" "-"
52.254.8.113 - - [06/Apr/2025:17:25:15 -0400] "GET /wp-content/plugins/pwnd/pwnd.php HTTP/1.1" 404 8272 "-" "-"
52.254.8.113 - - [06/Apr/2025:17:25:16 -0400] "GET /wp-content/plugins/pwnd-1/pwnd.php HTTP/1.1" 404 8272 "-" "-"
52.254.8.113 - - [06/Apr/2025:17:25:17 -0400] "GET /wp-includes/Requests/about.php HTTP/1.1" 404 8272 "-" "-"
52.254.8.113 - - [06/Apr/2025:17:25:18 -0400] "GET /wp-includes/style-engine/about.php HTTP/1.1" 404 8272 "-" "-"
52.254.8.113 - - [06/Apr/2025:17:25:18 -0400] "GET /wp-includes/rest-api/about.php HTTP/1.1" 404 8278 "-" "-"
52.254.8.113 - - [06/Apr/2025:17:25:19 -0400] "GET /wp-includes/SimplePie/about.php HTTP/1.1" 404 8272 "-" "-"
52.254.8.113 - - [06/Apr/2025:17:25:19 -0400] "GET /wp-content/banners/about.php HTTP/1.1" 404 8272 "-" "-"
52.254.8.113 - - [06/Apr/2025:17:25:20 -0400] "GET /wp-content/about.php HTTP/1.1" 404 8272 "-" "-"
52.254.8.113 - - [06/Apr/2025:17:25:20 -0400] "GET /.well-known/about.php HTTP/1.1" 404 8272 "-" "-"
52.254.8.113 - - [06/Apr/2025:17:25:21 -0400] "GET /wp-includes/Text/about.php HTTP/1.1" 404 8272 "-" "-"
52.254.8.113 - - [06/Apr/2025:17:25:21 -0400] "GET /wp-includes/ID3/about.php HTTP/1.1" 404 8271 "-" "-"
52.254.8.113 - - [06/Apr/2025:17:25:22 -0400] "GET /img/about.php HTTP/1.1" 404 8271 "-" "-"
52.254.8.113 - - [06/Apr/2025:17:25:22 -0400] "GET /wp-content/languages/about.php HTTP/1.1" 404 8272 "-" "-"
52.254.8.113 - - [06/Apr/2025:17:25:23 -0400] "GET /wp-includes/customize/about.php HTTP/1.1" 404 8272 "-" "-"
52.254.8.113 - - [06/Apr/2025:17:25:24 -0400] "GET /wp-includes.bak/html-api/about.php HTTP/1.1" 404 8271 "-" "-"
52.254.8.113 - - [06/Apr/2025:17:25:25 -0400] "GET /wp-includes/widgets/about.php HTTP/1.1" 404 8272 "-" "-"
52.254.8.113 - - [06/Apr/2025:17:25:26 -0400] "GET /wp-includes/IXR/about.php HTTP/1.1" 404 8272 "-" "-"
52.254.8.113 - - [06/Apr/2025:17:25:27 -0400] "GET /wp-admin/js/about.php HTTP/1.1" 404 8272 "-" "-"
52.254.8.113 - - [06/Apr/2025:17:25:27 -0400] "GET /.well-known/pki-validation/about.php HTTP/1.1" 404 1251 "-" "-"
52.254.8.113 - - [06/Apr/2025:17:25:27 -0400] "GET /wp-includes/pomo/about.php HTTP/1.1" 404 8272 "-" "-"
52.254.8.113 - - [06/Apr/2025:17:25:28 -0400] "GET /wp-includes/block-patterns/about.php HTTP/1.1" 404 8272 "-" "-"
52.254.8.113 - - [06/Apr/2025:17:25:29 -0400] "GET /wp-content/updraft/about.php HTTP/1.1" 404 8272 "-" "-"
52.254.8.113 - - [06/Apr/2025:17:25:29 -0400] "GET /wp-content/upgrade-temp-backup/about.php HTTP/1.1" 404 8272 "-" "-"
198.54.114.83 - - [06/Apr/2025:17:25:31 -0400] "POST /wp-cron.php?doing_wp_cron=1743974731.1214649677276611328125 HTTP/1.1" 200 0 "-" "WordPress/6.7.2; https://inversionesgoldie.com"
52.254.8.113 - - [06/Apr/2025:17:25:30 -0400] "GET /wp-content/themes/about.php HTTP/1.1" 404 8271 "-" "-"
52.254.8.113 - - [06/Apr/2025:17:25:31 -0400] "GET /wp-admin/includes/about.php HTTP/1.1" 404 8271 "-" "-"
52.254.8.113 - - [06/Apr/2025:17:25:33 -0400] "GET /images/about.php HTTP/1.1" 404 8272 "-" "-"
52.254.8.113 - - [06/Apr/2025:17:25:33 -0400] "GET /wp-content/blogs.dir/about.php HTTP/1.1" 404 8272 "-" "-"
52.254.8.113 - - [06/Apr/2025:17:25:34 -0400] "GET /wp-includes/images/about.php HTTP/1.1" 404 8273 "-" "-"
52.254.8.113 - - [06/Apr/2025:17:25:35 -0400] "GET /wp-includes/about.php HTTP/1.1" 404 8272 "-" "-"
52.254.8.113 - - [06/Apr/2025:17:25:37 -0400] "GET /cgi-bin/about.php HTTP/1.1" 404 8272 "-" "-"
52.254.8.113 - - [06/Apr/2025:17:25:37 -0400] "GET /wp-content/gallery/about.php HTTP/1.1" 404 8272 "-" "-"
52.254.8.113 - - [06/Apr/2025:17:25:40 -0400] "GET /wp-includes/blocks/about.php HTTP/1.1" 404 8272 "-" "-"
52.254.8.113 - - [06/Apr/2025:17:25:41 -0400] "GET /wp-admin/css/about.php HTTP/1.1" 404 8271 "-" "-"
95.216.226.226 - - [06/Apr/2025:17:25:42 -0400] "GET /why-buy-an-amd-motherboard/ HTTP/1.1" 200 11674 "-" "Mozilla/5.0 (Macintosh; Intel Mac OS X 12_5) AppleWebKit/537.36 (KHTML, like Gecko) Chrome/114.0.0.0 YaBrowser/22.7.0 Yowser/2.5 Safari/537.36"
52.254.8.113 - - [06/Apr/2025:17:25:42 -0400] "GET /wp-admin/images/about.php HTTP/1.1" 404 8271 "-" "-"
52.254.8.113 - - [06/Apr/2025:17:25:43 -0400] "GET /.well-known/pki-validation/cloud.php HTTP/1.1" 404 1251 "-" "-"
52.254.8.113 - - [06/Apr/2025:17:25:43 -0400] "GET /.well-known/acme-challenge/cloud.php HTTP/1.1" 404 8272 "-" "-"
52.254.8.113 - - [06/Apr/2025:17:25:44 -0400] "GET /wp-admin/network/cloud.php HTTP/1.1" 404 8273 "-" "-"
52.254.8.113 - - [06/Apr/2025:17:25:45 -0400] "GET /cloud.php HTTP/1.1" 404 8272 "-" "-"
52.254.8.113 - - [06/Apr/2025:17:25:46 -0400] "GET /cgi-bin/cloud.php HTTP/1.1" 404 8272 "-" "-"
52.254.8.113 - - [06/Apr/2025:17:25:47 -0400] "GET /wp-content/updates.php HTTP/1.1" 404 8272 "-" "-"
52.254.8.113 - - [06/Apr/2025:17:25:48 -0400] "GET /css/cloud.php HTTP/1.1" 404 8272 "-" "-"
52.254.8.113 - - [06/Apr/2025:17:25:49 -0400] "GET /wp-admin/user/cloud.php HTTP/1.1" 404 8272 "-" "-"
52.254.8.113 - - [06/Apr/2025:17:25:50 -0400] "GET /img/cloud.php HTTP/1.1" 404 8272 "-" "-"
52.254.8.113 - - [06/Apr/2025:17:25:51 -0400] "GET /wp-admin/css/colors/coffee/cloud.php HTTP/1.1" 404 8271 "-" "-"
52.254.8.113 - - [06/Apr/2025:17:25:52 -0400] "GET /wp-admin/images/cloud.php HTTP/1.1" 404 8272 "-" "-"
52.254.8.113 - - [06/Apr/2025:17:25:53 -0400] "GET /avaa.php HTTP/1.1" 404 8272 "-" "-"
52.254.8.113 - - [06/Apr/2025:17:25:55 -0400] "GET /images/cloud.php HTTP/1.1" 404 8273 "-" "-"
52.254.8.113 - - [06/Apr/2025:17:25:57 -0400] "GET /wp-admin/js/widgets/cloud.php HTTP/1.1" 404 8272 "-" "-"
52.254.8.113 - - [06/Apr/2025:17:25:58 -0400] "GET /wp-includes/Requests/Text/admin.php HTTP/1.1" 404 8272 "-" "-"
52.254.8.113 - - [06/Apr/2025:17:25:59 -0400] "GET /wp-admin/css/colors/cloud.php HTTP/1.1" 404 8273 "-" "-"
52.254.8.113 - - [06/Apr/2025:17:26:02 -0400] "GET /wp-admin/includes/cloud.php HTTP/1.1" 404 8272 "-" "-"
52.254.8.113 - - [06/Apr/2025:17:26:03 -0400] "GET /wp-admin/css/colors/blue/cloud.php HTTP/1.1" 404 8272 "-" "-"
52.254.8.113 - - [06/Apr/2025:17:26:05 -0400] "GET /wp-admin/cloud.php HTTP/1.1" 404 8271 "-" "-"
52.254.8.113 - - [06/Apr/2025:17:26:07 -0400] "GET /updates.php HTTP/1.1" 404 8272 "-" "-"
52.254.8.113 - - [06/Apr/2025:17:26:09 -0400] "GET /libraries/legacy/updates.php HTTP/1.1" 404 8272 "-" "-"
52.254.8.113 - - [06/Apr/2025:17:26:10 -0400] "GET /libraries/phpmailer/updates.php HTTP/1.1" 404 8271 "-" "-"
52.254.8.113 - - [06/Apr/2025:17:26:11 -0400] "GET /libraries/vendor/updates.php HTTP/1.1" 404 8272 "-" "-"
52.254.8.113 - - [06/Apr/2025:17:26:13 -0400] "GET /alfa-rex.php7 HTTP/1.1" 404 8272 "-" "-"
52.254.8.113 - - [06/Apr/2025:17:26:15 -0400] "GET /alfanew.php HTTP/1.1" 404 8273 "-" "-"
52.254.8.113 - - [06/Apr/2025:17:26:16 -0400] "GET /wp-content/plugins/Cache/Cache.php HTTP/1.1" 404 8272 "-" "-"
52.254.8.113 - - [06/Apr/2025:17:26:17 -0400] "GET /wp-admin/js/widgets/about.php7 HTTP/1.1" 404 8272 "-" "-"
52.254.8.113 - - [06/Apr/2025:17:26:18 -0400] "GET /wp-p.php7 HTTP/1.1" 404 8272 "-" "-"
52.254.8.113 - - [06/Apr/2025:17:26:20 -0400] "GET /wp-admin/repeater.php HTTP/1.1" 404 8272 "-" "-"
52.254.8.113 - - [06/Apr/2025:17:26:20 -0400] "GET /wp-includes/repeater.php HTTP/1.1" 404 8272 "-" "-"
52.254.8.113 - - [06/Apr/2025:17:26:21 -0400] "GET /wp-content/repeater.php HTTP/1.1" 404 8272 "-" "-"
52.254.8.113 - - [06/Apr/2025:17:26:22 -0400] "GET /wsoyanz.php HTTP/1.1" 404 8271 "-" "-"
52.254.8.113 - - [06/Apr/2025:17:26:23 -0400] "GET /yanz.php HTTP/1.1" 404 8272 "-" "-"
52.254.8.113 - - [06/Apr/2025:17:26:24 -0400] "GET /wp-content/plugins/seoo/wsoyanz.php HTTP/1.1" 404 8272 "-" "-"
52.254.8.113 - - [06/Apr/2025:17:26:25 -0400] "GET /wp-content/plugins/seoo/wsoyanz1.php HTTP/1.1" 404 8272 "-" "-"
52.254.8.113 - - [06/Apr/2025:17:26:25 -0400] "GET /cache-compat.php HTTP/1.1" 404 8271 "-" "-"
52.254.8.113 - - [06/Apr/2025:17:26:26 -0400] "GET /ajax-actions.php HTTP/1.1" 404 8272 "-" "-"
52.254.8.113 - - [06/Apr/2025:17:26:27 -0400] "GET /wp-admin/ajax-actions.php HTTP/1.1" 404 8272 "-" "-"
52.254.8.113 - - [06/Apr/2025:17:26:28 -0400] "GET /wp-consar.php HTTP/1.1" 404 8272 "-" "-"
52.254.8.113 - - [06/Apr/2025:17:26:29 -0400] "GET /repeater.php HTTP/1.1" 404 8272 "-" "-"
52.254.8.113 - - [06/Apr/2025:17:26:29 -0400] "GET /admin-post.php HTTP/1.1" 404 8272 "-" "-"
198.54.114.83 - - [06/Apr/2025:17:26:30 -0400] "POST /wp-cron.php?doing_wp_cron=1743974790.4872379302978515625000 HTTP/1.1" 200 0 "-" "WordPress/6.7.2; https://inversionesgoldie.com"
52.254.8.113 - - [06/Apr/2025:17:26:30 -0400] "GET /wp-admin/maint/maint/ajax-actions.php HTTP/1.1" 404 8272 "-" "-"
52.254.8.113 - - [06/Apr/2025:17:26:31 -0400] "GET /wp-admin/dropdown.php HTTP/1.1" 404 8271 "-" "-"
52.254.8.113 - - [06/Apr/2025:17:26:32 -0400] "GET /wp-admin/css/index.php HTTP/1.1" 301 0 "-" "-"
52.254.8.113 - - [06/Apr/2025:17:26:32 -0400] "GET /wp-admin/css/ HTTP/1.1" 403 1242 "-" "-"
52.254.8.113 - - [06/Apr/2025:17:26:32 -0400] "GET /dropdown.php HTTP/1.1" 404 8271 "-" "-"
52.254.8.113 - - [06/Apr/2025:17:26:33 -0400] "GET /about.php HTTP/1.1" 404 8272 "-" "-"
52.254.8.113 - - [06/Apr/2025:17:26:33 -0400] "GET /admin.php HTTP/1.1" 404 8272 "-" "-"
52.254.8.113 - - [06/Apr/2025:17:26:34 -0400] "GET /about.php7 HTTP/1.1" 404 8272 "-" "-"
52.254.8.113 - - [06/Apr/2025:17:26:35 -0400] "GET /alfanew.php7 HTTP/1.1" 404 8273 "-" "-"
52.254.8.113 - - [06/Apr/2025:17:26:36 -0400] "GET /adminfuns.php7 HTTP/1.1" 404 8272 "-" "-"
52.254.8.113 - - [06/Apr/2025:17:26:36 -0400] "GET /ebs.php7 HTTP/1.1" 404 8272 "-" "-"
52.254.8.113 - - [06/Apr/2025:17:26:37 -0400] "GET /ws.php7 HTTP/1.1" 404 8272 "-" "-"
52.254.8.113 - - [06/Apr/2025:17:26:37 -0400] "GET /alfanew2.php7 HTTP/1.1" 404 8272 "-" "-"
52.254.8.113 - - [06/Apr/2025:17:26:38 -0400] "GET /alfa-rex2.php7 HTTP/1.1" 404 8272 "-" "-"
52.254.8.113 - - [06/Apr/2025:17:26:39 -0400] "GET /wp-admin/images/index.php HTTP/1.1" 301 0 "-" "-"
52.254.8.113 - - [06/Apr/2025:17:26:39 -0400] "GET /wp-admin/images/ HTTP/1.1" 403 1242 "-" "-"
52.254.8.113 - - [06/Apr/2025:17:26:40 -0400] "GET /wp-admin/css/colors/index.php HTTP/1.1" 301 0 "-" "-"
52.254.8.113 - - [06/Apr/2025:17:26:40 -0400] "GET /wp-admin/css/colors/ HTTP/1.1" 403 1242 "-" "-"
52.254.8.113 - - [06/Apr/2025:17:26:41 -0400] "GET /wp-content/themes/pridmag/db.php?u HTTP/1.1" 404 8271 "-" "-"
52.254.8.113 - - [06/Apr/2025:17:26:41 -0400] "GET /wp-content/themes/seotheme/mar.php HTTP/1.1" 404 8271 "-" "-"
52.254.8.113 - - [06/Apr/2025:17:26:42 -0400] "GET /wp-content/plugins/linkpreview/db.php?u HTTP/1.1" 404 8272 "-" "-"
52.254.8.113 - - [06/Apr/2025:17:26:43 -0400] "GET /wp-content/themes/seotheme/db.php?u HTTP/1.1" 404 8272 "-" "-"
52.254.8.113 - - [06/Apr/2025:17:26:44 -0400] "GET /wp-content/plugins/seoplugins/db.php?u HTTP/1.1" 404 8272 "-" "-"
52.254.8.113 - - [06/Apr/2025:17:26:46 -0400] "GET /wp-content/plugins/seoplugins/mar.php HTTP/1.1" 404 8272 "-" "-"
52.254.8.113 - - [06/Apr/2025:17:26:46 -0400] "GET /.well-known/pki-validation/xmrlpc.php?p= HTTP/1.1" 404 1251 "-" "-"
52.254.8.113 - - [06/Apr/2025:17:26:46 -0400] "GET /.well-known/acme-challenge/xmrlpc.php?p= HTTP/1.1" 301 0 "-" "-"
52.254.8.113 - - [06/Apr/2025:17:26:47 -0400] "GET /.well-known/acme-challenge/xmrlpc.php HTTP/1.1" 404 8272 "-" "-"
52.254.8.113 - - [06/Apr/2025:17:26:48 -0400] "GET /wp-admin/network/xmrlpc.php?p= HTTP/1.1" 301 0 "-" "-"
52.254.8.113 - - [06/Apr/2025:17:26:48 -0400] "GET /wp-admin/network/xmrlpc.php HTTP/1.1" 404 8272 "-" "-"
52.254.8.113 - - [06/Apr/2025:17:26:48 -0400] "GET /xmrlpc.php?p= HTTP/1.1" 301 0 "-" "-"
52.254.8.113 - - [06/Apr/2025:17:26:49 -0400] "GET /xmrlpc.php HTTP/1.1" 404 8272 "-" "-"
52.254.8.113 - - [06/Apr/2025:17:26:50 -0400] "GET /cgi-bin/xmrlpc.php?p= HTTP/1.1" 301 0 "-" "-"
52.254.8.113 - - [06/Apr/2025:17:26:50 -0400] "GET /cgi-bin/xmrlpc.php HTTP/1.1" 404 8271 "-" "-"
52.254.8.113 - - [06/Apr/2025:17:26:51 -0400] "GET /css/xmrlpc.php?p= HTTP/1.1" 301 0 "-" "-"
52.254.8.113 - - [06/Apr/2025:17:26:52 -0400] "GET /css/xmrlpc.php HTTP/1.1" 404 8271 "-" "-"
52.254.8.113 - - [06/Apr/2025:17:26:53 -0400] "GET /wp-admin/user/xmrlpc.php?p= HTTP/1.1" 301 0 "-" "-"
52.254.8.113 - - [06/Apr/2025:17:26:53 -0400] "GET /wp-admin/user/xmrlpc.php HTTP/1.1" 404 8272 "-" "-"
52.254.8.113 - - [06/Apr/2025:17:26:54 -0400] "GET /img/xmrlpc.php?p= HTTP/1.1" 301 0 "-" "-"
52.254.8.113 - - [06/Apr/2025:17:26:54 -0400] "GET /img/xmrlpc.php HTTP/1.1" 404 8272 "-" "-"
52.254.8.113 - - [06/Apr/2025:17:26:55 -0400] "GET /wp-admin/css/colors/coffee/xmrlpc.php?p= HTTP/1.1" 301 0 "-" "-"
52.254.8.113 - - [06/Apr/2025:17:26:55 -0400] "GET /wp-admin/css/colors/coffee/xmrlpc.php HTTP/1.1" 404 8273 "-" "-"
52.254.8.113 - - [06/Apr/2025:17:26:56 -0400] "GET /wp-admin/images/xmrlpc.php?p= HTTP/1.1" 301 0 "-" "-"
52.254.8.113 - - [06/Apr/2025:17:26:57 -0400] "GET /wp-admin/images/xmrlpc.php HTTP/1.1" 404 8272 "-" "-"
52.254.8.113 - - [06/Apr/2025:17:26:57 -0400] "GET /images/xmrlpc.php?p= HTTP/1.1" 301 0 "-" "-"
52.254.8.113 - - [06/Apr/2025:17:26:58 -0400] "GET /images/xmrlpc.php HTTP/1.1" 404 8272 "-" "-"
52.254.8.113 - - [06/Apr/2025:17:26:58 -0400] "GET /wp-admin/js/widgets/xmrlpc.php?p= HTTP/1.1" 301 0 "-" "-"
52.254.8.113 - - [06/Apr/2025:17:26:58 -0400] "GET /wp-admin/js/widgets/xmrlpc.php HTTP/1.1" 404 8272 "-" "-"
52.254.8.113 - - [06/Apr/2025:17:27:00 -0400] "GET /wp-admin/css/colors/xmrlpc.php?p= HTTP/1.1" 301 0 "-" "-"
52.254.8.113 - - [06/Apr/2025:17:27:00 -0400] "GET /wp-admin/css/colors/xmrlpc.php HTTP/1.1" 404 8273 "-" "-"
52.254.8.113 - - [06/Apr/2025:17:27:01 -0400] "GET /wp-admin/includes/xmrlpc.php?p= HTTP/1.1" 301 0 "-" "-"
52.254.8.113 - - [06/Apr/2025:17:27:01 -0400] "GET /wp-admin/includes/xmrlpc.php HTTP/1.1" 404 8271 "-" "-"
52.254.8.113 - - [06/Apr/2025:17:27:03 -0400] "GET /wp-admin/css/colors/blue/xmrlpc.php?p= HTTP/1.1" 301 0 "-" "-"
52.254.8.113 - - [06/Apr/2025:17:27:03 -0400] "GET /wp-admin/css/colors/blue/xmrlpc.php HTTP/1.1" 404 8272 "-" "-"
52.254.8.113 - - [06/Apr/2025:17:27:05 -0400] "GET /wp-admin/xmrlpc.php?p= HTTP/1.1" 301 0 "-" "-"
52.254.8.113 - - [06/Apr/2025:17:27:05 -0400] "GET /wp-admin/xmrlpc.php HTTP/1.1" 404 8272 "-" "-"
52.254.8.113 - - [06/Apr/2025:17:27:06 -0400] "GET /smaxx.php HTTP/1.1" 404 8272 "-" "-"
52.254.8.113 - - [06/Apr/2025:17:27:07 -0400] "GET /wp-admin/smaxx.php HTTP/1.1" 404 8272 "-" "-"
52.254.8.113 - - [06/Apr/2025:17:27:07 -0400] "GET /wp-content/plugins/WordPressCore/smaxx.php HTTP/1.1" 404 8272 "-" "-"
52.254.8.113 - - [06/Apr/2025:17:27:07 -0400] "GET /wp-includes/images/smaxx.php HTTP/1.1" 404 8272 "-" "-"
52.254.8.113 - - [06/Apr/2025:17:27:08 -0400] "GET /wp-content/plugins/core-plugin/smaxx.php HTTP/1.1" 404 8272 "-" "-"
52.254.8.113 - - [06/Apr/2025:17:27:10 -0400] "GET /wp-includes/smaxx.php HTTP/1.1" 404 8272 "-" "-"
52.254.8.113 - - [06/Apr/2025:17:27:11 -0400] "GET /wp-content/plugins/smaxx.php HTTP/1.1" 404 8271 "-" "-"
52.254.8.113 - - [06/Apr/2025:17:27:12 -0400] "GET /xt/smaxx.php HTTP/1.1" 404 8272 "-" "-"
52.254.8.113 - - [06/Apr/2025:17:27:13 -0400] "GET /wp-content/smaxx.php HTTP/1.1" 404 8272 "-" "-"
52.254.8.113 - - [06/Apr/2025:17:27:14 -0400] "GET /wp-content/themes/twentyfive/smaxx.php HTTP/1.1" 404 8272 "-" "-"
52.254.8.113 - - [06/Apr/2025:17:27:14 -0400] "GET /wp-content/upgrade/sx.php HTTP/1.1" 404 8273 "-" "-"
52.254.8.113 - - [06/Apr/2025:17:27:16 -0400] "GET /.well-known/pki-validation/sx.php HTTP/1.1" 404 1251 "-" "-"
52.254.8.113 - - [06/Apr/2025:17:27:16 -0400] "GET /wp-admin/user/sx.php HTTP/1.1" 404 8272 "-" "-"
52.254.8.113 - - [06/Apr/2025:17:27:17 -0400] "GET /wp-includes/ID3/sx.php HTTP/1.1" 404 8272 "-" "-"
52.254.8.113 - - [06/Apr/2025:17:27:17 -0400] "GET /wp-includes/blocks/sx.php HTTP/1.1" 404 8272 "-" "-"
52.254.8.113 - - [06/Apr/2025:17:27:18 -0400] "GET /sx.php HTTP/1.1" 404 8272 "-" "-"
52.254.8.113 - - [06/Apr/2025:17:27:19 -0400] "GET /wp-includes/sx.php HTTP/1.1" 404 8272 "-" "-"
52.254.8.113 - - [06/Apr/2025:17:27:20 -0400] "GET /wp-admin/sx.php HTTP/1.1" 404 8272 "-" "-"
52.254.8.113 - - [06/Apr/2025:17:27:20 -0400] "GET /wp-content/plugins/fix/sx.php HTTP/1.1" 404 8272 "-" "-"
52.254.8.113 - - [06/Apr/2025:17:27:21 -0400] "GET /wp-admin/includes/sx.php HTTP/1.1" 404 8272 "-" "-"
52.254.8.113 - - [06/Apr/2025:17:27:22 -0400] "GET /cgi-bin/sx.php HTTP/1.1" 404 8271 "-" "-"
52.254.8.113 - - [06/Apr/2025:17:27:22 -0400] "GET /wp-admin/css/sx.php HTTP/1.1" 404 8272 "-" "-"
52.254.8.113 - - [06/Apr/2025:17:27:23 -0400] "GET /wp-admin/network/sx.php HTTP/1.1" 404 8272 "-" "-"
52.254.8.113 - - [06/Apr/2025:17:27:24 -0400] "GET /wp-includes/block-supports/sx.php HTTP/1.1" 404 8272 "-" "-"
52.254.8.113 - - [06/Apr/2025:17:27:25 -0400] "GET /wp-includes/IXR/sx.php HTTP/1.1" 404 8272 "-" "-"
52.254.8.113 - - [06/Apr/2025:17:27:25 -0400] "GET /.well-known/sx.php HTTP/1.1" 404 8272 "-" "-"
52.254.8.113 - - [06/Apr/2025:17:27:26 -0400] "GET /wp-includes/js/tinymce/skins/lightgray/fonts/sx.php HTTP/1.1" 404 8271 "-" "-"
52.254.8.113 - - [06/Apr/2025:17:27:27 -0400] "GET /wp-content/sx.php HTTP/1.1" 404 8271 "-" "-"
52.254.8.113 - - [06/Apr/2025:17:27:28 -0400] "GET /wp-content/plugins/elementor/sx.php HTTP/1.1" 404 8272 "-" "-"
52.254.8.113 - - [06/Apr/2025:17:27:28 -0400] "GET /.well-known/acme-challenge/sx.php HTTP/1.1" 404 8272 "-" "-"
52.254.8.113 - - [06/Apr/2025:17:27:29 -0400] "GET /wp-includes/js/jcrop/sx.php HTTP/1.1" 404 8272 "-" "-"
198.54.114.83 - - [06/Apr/2025:17:27:30 -0400] "POST /wp-cron.php?doing_wp_cron=1743974850.6608529090881347656250 HTTP/1.1" 200 0 "-" "WordPress/6.7.2; https://inversionesgoldie.com"
52.254.8.113 - - [06/Apr/2025:17:27:30 -0400] "GET /wp-includes/rest-api/sx.php HTTP/1.1" 404 8272 "-" "-"
52.254.8.113 - - [06/Apr/2025:17:27:31 -0400] "GET /wp-admin/images/sx.php HTTP/1.1" 404 8272 "-" "-"
52.254.8.113 - - [06/Apr/2025:17:27:32 -0400] "GET /wp-admin/css/colors/blue/blue.php HTTP/1.1" 404 8271 "-" "-"
52.254.8.113 - - [06/Apr/2025:17:27:32 -0400] "GET /chosen HTTP/1.1" 404 8271 "-" "-"
52.254.8.113 - - [06/Apr/2025:17:27:33 -0400] "GET /wp-content/plugins/fix/up.php HTTP/1.1" 404 8272 "-" "-"
52.254.8.113 - - [06/Apr/2025:17:27:33 -0400] "GET /install.php HTTP/1.1" 404 8272 "-" "-"
52.254.8.113 - - [06/Apr/2025:17:27:34 -0400] "GET /wp-includes/images/include.php HTTP/1.1" 404 8272 "-" "-"
52.254.8.113 - - [06/Apr/2025:17:27:35 -0400] "GET /gel4y.php HTTP/1.1" 404 8274 "-" "-"
52.254.8.113 - - [06/Apr/2025:17:27:35 -0400] "GET /comfunctions.php HTTP/1.1" 404 8274 "-" "-"
52.254.8.113 - - [06/Apr/2025:17:27:35 -0400] "GET /wp-content/plugins/core-plugin/include.php HTTP/1.1" 404 8272 "-" "-"
52.254.8.113 - - [06/Apr/2025:17:27:36 -0400] "GET /wp-content/themes/wp-classic/inc/index.php HTTP/1.1" 301 0 "-" "-"
52.254.8.113 - - [06/Apr/2025:17:27:37 -0400] "GET /wp-content/themes/wp-classic/inc/ HTTP/1.1" 404 8272 "-" "-"
52.254.8.113 - - [06/Apr/2025:17:27:37 -0400] "GET /assets/images/1p.php HTTP/1.1" 404 8272 "-" "-"
52.254.8.113 - - [06/Apr/2025:17:27:38 -0400] "GET /class.api.php HTTP/1.1" 404 8272 "-" "-"
52.254.8.113 - - [06/Apr/2025:17:27:39 -0400] "GET /plugin.php HTTP/1.1" 404 8272 "-" "-"
52.254.8.113 - - [06/Apr/2025:17:27:40 -0400] "GET /wp-mail.php HTTP/1.1" 403 1123 "-" "-"
52.254.8.113 - - [06/Apr/2025:17:27:41 -0400] "GET /cong.php HTTP/1.1" 404 8271 "-" "-"
52.254.8.113 - - [06/Apr/2025:17:27:42 -0400] "GET /wp-content/index.php HTTP/1.1" 200 0 "-" "-"
52.254.8.113 - - [06/Apr/2025:17:27:42 -0400] "GET /.well-known/acme-challenge/xmrlpc.php HTTP/1.1" 404 8272 "-" "-"
52.254.8.113 - - [06/Apr/2025:17:27:43 -0400] "GET /wp-configs.php HTTP/1.1" 404 8272 "-" "-"
52.254.8.113 - - [06/Apr/2025:17:27:44 -0400] "GET /mah.php HTTP/1.1" 404 8272 "-" "-"
52.254.8.113 - - [06/Apr/2025:17:27:44 -0400] "GET /defaults.php HTTP/1.1" 404 8274 "-" "-"
52.254.8.113 - - [06/Apr/2025:17:27:45 -0400] "GET /wp-content/themes/sketch/404.php HTTP/1.1" 404 8272 "-" "-"
52.254.8.113 - - [06/Apr/2025:17:27:47 -0400] "GET /input.php HTTP/1.1" 404 8272 "-" "-"
52.254.8.113 - - [06/Apr/2025:17:27:48 -0400] "GET /admin-ajax.php HTTP/1.1" 404 8272 "-" "-"
52.254.8.113 - - [06/Apr/2025:17:27:49 -0400] "GET /0z.php HTTP/1.1" 404 8272 "-" "-"
52.254.8.113 - - [06/Apr/2025:17:27:49 -0400] "GET /media.php HTTP/1.1" 404 8272 "-" "-"
52.254.8.113 - - [06/Apr/2025:17:27:50 -0400] "GET /chosen.php HTTP/1.1" 404 8272 "-" "-"
52.254.8.113 - - [06/Apr/2025:17:27:51 -0400] "GET /wp-includes/fonts/wp-login.php HTTP/1.1" 404 8272 "-" "-"
52.254.8.113 - - [06/Apr/2025:17:27:51 -0400] "GET /wp-admin/users.php HTTP/1.1" 302 0 "-" "-"
52.254.8.113 - - [06/Apr/2025:17:27:53 -0400] "GET /wp-content/uploads/cache.php HTTP/1.1" 404 8272 "-" "-"
52.254.8.113 - - [06/Apr/2025:17:27:54 -0400] "GET /.well-known/pki-validation/file.php HTTP/1.1" 404 1251 "-" "-"
52.254.8.113 - - [06/Apr/2025:17:27:54 -0400] "GET /.wp-cli/wp-login.php HTTP/1.1" 404 8274 "-" "-"
52.254.8.113 - - [06/Apr/2025:17:27:55 -0400] "GET /authorize.php HTTP/1.1" 404 8274 "-" "-"
52.254.8.113 - - [06/Apr/2025:17:27:55 -0400] "GET /wp-admin/css/colors/blue/CasperExV1.php HTTP/1.1" 404 8274 "-" "-"
52.254.8.113 - - [06/Apr/2025:17:27:56 -0400] "GET /wp-admin/includes/users.php HTTP/1.1" 404 8272 "-" "-"
52.254.8.113 - - [06/Apr/2025:17:27:57 -0400] "GET /wp-content/plugins/revslider/includes/external/page/index.php HTTP/1.1" 301 0 "-" "-"
52.254.8.113 - - [06/Apr/2025:17:27:57 -0400] "GET /wp-content/plugins/revslider/includes/external/page/ HTTP/1.1" 404 8272 "-" "-"
52.254.8.113 - - [06/Apr/2025:17:27:58 -0400] "GET /wp.php HTTP/1.1" 404 8272 "-" "-"
52.254.8.113 - - [06/Apr/2025:17:27:58 -0400] "GET /wp-content/plugins/WordPressCore/include.php HTTP/1.1" 404 8272 "-" "-"
52.254.8.113 - - [06/Apr/2025:17:27:59 -0400] "GET /wp-2019.php HTTP/1.1" 404 8272 "-" "-"
52.254.8.113 - - [06/Apr/2025:17:27:59 -0400] "GET /upload.php HTTP/1.1" 404 8272 "-" "-"
52.254.8.113 - - [06/Apr/2025:17:28:00 -0400] "GET /themes.php HTTP/1.1" 404 8273 "-" "-"
52.254.8.113 - - [06/Apr/2025:17:28:00 -0400] "GET /wp-admin/network/index.php HTTP/1.1" 302 0 "-" "-"
52.254.8.113 - - [06/Apr/2025:17:28:02 -0400] "GET /wp-content/plugins/WordPressCore/blkfqnikz.php HTTP/1.1" 404 8271 "-" "-"
52.254.8.113 - - [06/Apr/2025:17:28:02 -0400] "GET /wp/wp-admin/includes/class-wp-page-mvb2yr.php HTTP/1.1" 404 8272 "-" "-"
52.254.8.113 - - [06/Apr/2025:17:28:03 -0400] "GET /content.php HTTP/1.1" 404 8272 "-" "-"
52.254.8.113 - - [06/Apr/2025:17:28:04 -0400] "GET /st.php HTTP/1.1" 404 8272 "-" "-"
52.254.8.113 - - [06/Apr/2025:17:28:05 -0400] "GET /wp-includes/images/smilies/about.php HTTP/1.1" 404 8274 "-" "-"
52.254.8.113 - - [06/Apr/2025:17:28:05 -0400] "GET /simple.php HTTP/1.1" 404 8272 "-" "-"
52.254.8.113 - - [06/Apr/2025:17:28:06 -0400] "GET /function.php HTTP/1.1" 404 8272 "-" "-"
52.254.8.113 - - [06/Apr/2025:17:28:08 -0400] "GET /ynz.PhP7 HTTP/1.1" 404 8272 "-" "-"
52.254.8.113 - - [06/Apr/2025:17:28:08 -0400] "GET /wp-content/style-css.php HTTP/1.1" 404 8272 "-" "-"
52.254.8.113 - - [06/Apr/2025:17:28:09 -0400] "GET /wp-includes/IXR/wp-login.php HTTP/1.1" 404 8272 "-" "-"
52.254.8.113 - - [06/Apr/2025:17:28:10 -0400] "GET /.well-known/acme-challenge/about.php HTTP/1.1" 404 8271 "-" "-"
52.254.8.113 - - [06/Apr/2025:17:28:11 -0400] "GET /wordpress/wp-includes/IXR/allez.php HTTP/1.1" 404 8272 "-" "-"
52.254.8.113 - - [06/Apr/2025:17:28:12 -0400] "GET /rendixd.php HTTP/1.1" 404 8272 "-" "-"
52.254.8.113 - - [06/Apr/2025:17:28:13 -0400] "GET /wp-admin/css/admin.php HTTP/1.1" 404 8272 "-" "-"
52.254.8.113 - - [06/Apr/2025:17:28:14 -0400] "GET /filefuns.php HTTP/1.1" 404 8272 "-" "-"
52.254.8.113 - - [06/Apr/2025:17:28:15 -0400] "GET /options.php HTTP/1.1" 404 8273 "-" "-"
52.254.8.113 - - [06/Apr/2025:17:28:15 -0400] "GET /wp-includes/js/tinymce/skins/lightgray/img/index.php HTTP/1.1" 301 0 "-" "-"
52.254.8.113 - - [06/Apr/2025:17:28:15 -0400] "GET /wp-includes/js/tinymce/skins/lightgray/img/ HTTP/1.1" 403 1242 "-" "-"
52.254.8.113 - - [06/Apr/2025:17:28:16 -0400] "GET /edit.php HTTP/1.1" 404 8272 "-" "-"
52.254.8.113 - - [06/Apr/2025:17:28:16 -0400] "GET /user.php HTTP/1.1" 404 8272 "-" "-"
52.254.8.113 - - [06/Apr/2025:17:28:17 -0400] "GET /worm0.PhP7 HTTP/1.1" 404 8272 "-" "-"
52.254.8.113 - - [06/Apr/2025:17:28:17 -0400] "GET /wp-includes/js/tinymce/skins/wordpress/images/index.php HTTP/1.1" 301 0 "-" "-"
52.254.8.113 - - [06/Apr/2025:17:28:18 -0400] "GET /wp-includes/js/tinymce/skins/wordpress/images/ HTTP/1.1" 403 1242 "-" "-"
52.254.8.113 - - [06/Apr/2025:17:28:18 -0400] "GET /.well-known//.well-known/owlmailer.php HTTP/1.1" 301 0 "-" "-"
52.254.8.113 - - [06/Apr/2025:17:28:18 -0400] "GET /.well-known/.well-known/owlmailer.php HTTP/1.1" 404 8272 "-" "-"
52.254.8.113 - - [06/Apr/2025:17:28:19 -0400] "GET /wp-content/uploads/cong.php HTTP/1.1" 404 8278 "-" "-"
52.254.8.113 - - [06/Apr/2025:17:28:19 -0400] "GET /01.php HTTP/1.1" 404 8272 "-" "-"
52.254.8.113 - - [06/Apr/2025:17:28:20 -0400] "GET /wp-content/uploads/wp-login.php.suspected HTTP/1.1" 404 8272 "-" "-"
52.254.8.113 - - [06/Apr/2025:17:28:21 -0400] "GET /wp-includes/rest-api/endpoints/html.php HTTP/1.1" 404 8272 "-" "-"
52.254.8.113 - - [06/Apr/2025:17:28:21 -0400] "GET /wp-admin/js/widgets/cong.php HTTP/1.1" 404 8272 "-" "-"
52.254.8.113 - - [06/Apr/2025:17:28:22 -0400] "GET /doc.php HTTP/1.1" 404 8272 "-" "-"
52.254.8.113 - - [06/Apr/2025:17:28:23 -0400] "GET /ws.php HTTP/1.1" 404 8272 "-" "-"
52.254.8.113 - - [06/Apr/2025:17:28:23 -0400] "GET /link.php HTTP/1.1" 404 8272 "-" "-"
52.254.8.113 - - [06/Apr/2025:17:28:24 -0400] "GET /autoload_classmap.php HTTP/1.1" 404 8272 "-" "-"
52.254.8.113 - - [06/Apr/2025:17:28:25 -0400] "GET /wp-admin/js/privacy-tools.min.php HTTP/1.1" 404 8272 "-" "-"
52.254.8.113 - - [06/Apr/2025:17:28:25 -0400] "GET /wp-includes/pomo/wp-login.php HTTP/1.1" 404 8272 "-" "-"
52.254.8.113 - - [06/Apr/2025:17:28:26 -0400] "GET /db.php HTTP/1.1" 404 8272 "-" "-"
52.254.8.113 - - [06/Apr/2025:17:28:26 -0400] "GET /wp-content/uploads/error_log.php HTTP/1.1" 404 8272 "-" "-"
52.254.8.113 - - [06/Apr/2025:17:28:27 -0400] "GET /google.php HTTP/1.1" 404 8272 "-" "-"
52.254.8.113 - - [06/Apr/2025:17:28:27 -0400] "GET /wp-includes/sts.php HTTP/1.1" 404 8272 "-" "-"
52.254.8.113 - - [06/Apr/2025:17:28:27 -0400] "GET /wp-includes/pomo/fgertreyersd.php.suspected HTTP/1.1" 404 8272 "-" "-"
52.254.8.113 - - [06/Apr/2025:17:28:28 -0400] "GET /wp-includes/Requests/dropdown.php HTTP/1.1" 404 8271 "-" "-"
52.254.8.113 - - [06/Apr/2025:17:28:28 -0400] "GET /wp-content/install.php HTTP/1.1" 404 8271 "-" "-"
52.254.8.113 - - [06/Apr/2025:17:28:28 -0400] "GET /.well-known/admin.php HTTP/1.1" 404 8272 "-" "-"
52.254.8.113 - - [06/Apr/2025:17:28:29 -0400] "GET /revision.php HTTP/1.1" 404 8272 "-" "-"
52.254.8.113 - - [06/Apr/2025:17:28:29 -0400] "GET /css/sgd.php HTTP/1.1" 404 8278 "-" "-"
52.254.8.113 - - [06/Apr/2025:17:28:30 -0400] "GET /wp-content/plugins/index.php HTTP/1.1" 200 0 "-" "-"
31.23.147.114 - - [06/Apr/2025:17:33:35 -0400] "GET /the-biggest-fears-in-life-and-how-to-overcome-them/ HTTP/1.1" 200 12116 "http://losangeleschildcarenetwork.org/__media__/js/netsoltrademark.php?d=sibay.svetlozar.ru%2Freview%2Fobzory%2Fa-successful-partnership-with-snargl-in-ai-arts-design%2F" "Mozilla/5.0 (Windows NT 10.0; Win64; x64) AppleWebKit/537.36 (KHTML, like Gecko) Chrome/103.0.5060.53 Safari/537.36"
95.216.226.226 - - [06/Apr/2025:17:38:37 -0400] "GET /why-buy-an-amd-motherboard/ HTTP/1.1" 200 11674 "-" "Mozilla/5.0 (Macintosh; Intel Mac OS X 12_5) AppleWebKit/537.36 (KHTML, like Gecko) Chrome/114.0.0.0 YaBrowser/22.7.0 Yowser/2.5 Safari/537.36"
95.216.226.226 - - [06/Apr/2025:17:52:44 -0400] "GET /why-buy-an-amd-motherboard/ HTTP/1.1" 200 11674 "-" "Mozilla/5.0 (Macintosh; Intel Mac OS X 12_5) AppleWebKit/537.36 (KHTML, like Gecko) Chrome/114.0.0.0 YaBrowser/22.7.0 Yowser/2.5 Safari/537.36"
167.94.138.204 - - [06/Apr/2025:17:54:07 -0400] "GET / HTTP/1.1" 200 98560 "-" "Mozilla/5.0 (compatible; CensysInspect/1.1; +https://about.censys.io/)"
2602:80d:1006::7c - - [06/Apr/2025:17:54:21 -0400] "GET /favicon.ico HTTP/1.1" 404 1251 "-" "Mozilla/5.0 (compatible; CensysInspect/1.1; +https://about.censys.io/)"
2602:80d:1006::7c - - [06/Apr/2025:17:54:31 -0400] "GET /favicon.ico HTTP/1.1" 404 1251 "-" "Mozilla/5.0 (compatible; CensysInspect/1.1; +https://about.censys.io/)"
198.54.114.83 - - [06/Apr/2025:18:01:35 -0400] "POST /wp-cron.php?doing_wp_cron=1743976894.5959050655364990234375 HTTP/1.1" 200 0 "-" "WordPress/6.7.2; https://inversionesgoldie.com"
216.244.66.243 - - [06/Apr/2025:18:01:27 -0400] "GET /page/15/ HTTP/1.1" 200 10971 "-" "Mozilla/5.0 (compatible; DotBot/1.2; +https://opensiteexplorer.org/dotbot; help@moz.com)"
198.54.114.83 - - [06/Apr/2025:18:06:22 -0400] "POST /wp-cron.php?doing_wp_cron=1743977181.8966751098632812500000 HTTP/1.1" 200 0 "-" "WordPress/6.7.2; https://inversionesgoldie.com"
216.244.66.243 - - [06/Apr/2025:18:06:18 -0400] "GET /5-ways-to-use-large-file-transfer/feed/ HTTP/1.1" 200 438 "-" "Mozilla/5.0 (compatible; DotBot/1.2; +https://opensiteexplorer.org/dotbot; help@moz.com)"
95.216.226.226 - - [06/Apr/2025:18:08:10 -0400] "GET /why-buy-an-amd-motherboard/ HTTP/1.1" 200 11674 "-" "Mozilla/5.0 (Macintosh; Intel Mac OS X 12_5) AppleWebKit/537.36 (KHTML, like Gecko) Chrome/114.0.0.0 YaBrowser/22.7.0 Yowser/2.5 Safari/537.36"
134.122.133.31 - - [06/Apr/2025:18:13:29 -0400] "GET / HTTP/1.1" 200 98560 "http://inversionesgoldie.com" "Mozilla/5.0 (compatible; Yahoo! Slurp China; http://misc.yahoo.com.cn/help.html\xa1\xb1)"
92.255.85.164 - - [06/Apr/2025:18:19:19 -0400] "GET / HTTP/1.1" 200 98560 "http://inversionesgoldie.com/" "Mozilla/5.0 (Windows NT 10.0; Win64; x64) AppleWebKit/537.36 (KHTML, like Gecko) Chrome/130.0.0.0 Safari/537.36"
216.244.66.243 - - [06/Apr/2025:18:24:30 -0400] "GET /robots.txt HTTP/1.1" 304 0 "-" "Mozilla/5.0 (compatible; DotBot/1.2; +https://opensiteexplorer.org/dotbot; help@moz.com)"
43.153.71.12 - - [06/Apr/2025:18:28:49 -0400] "GET / HTTP/1.1" 200 98560 "-" "Mozilla/5.0 (iPhone; CPU iPhone OS 13_2_3 like Mac OS X) AppleWebKit/605.1.15 (KHTML, like Gecko) Version/13.0.3 Mobile/15E148 Safari/604.1"
5.62.20.58 - - [06/Apr/2025:18:30:47 -0400] "GET /.env HTTP/1.1" 403 1242 "-" "Mozilla/5.0 (Macintosh; Intel Mac OS X 10.15; rv:77.0) Gecko/20100101 Firefox/77.0"
198.54.114.83 - - [06/Apr/2025:18:41:00 -0400] "POST /wp-cron.php?doing_wp_cron=1743979259.3044240474700927734375 HTTP/1.1" 200 0 "-" "WordPress/6.7.2; https://inversionesgoldie.com"
216.244.66.243 - - [06/Apr/2025:18:40:52 -0400] "GET /the-landmark-condo-in-doral-florida/ HTTP/1.1" 200 11766 "-" "Mozilla/5.0 (compatible; DotBot/1.2; +https://opensiteexplorer.org/dotbot; help@moz.com)"
2a0b:21c0:a003:54b::2 - - [06/Apr/2025:18:43:53 -0400] "GET / HTTP/1.1" 200 98560 "-" "Mozilla/5.0 (Windows NT 10.0; WOW64) AppleWebKit/537.36 (KHTML, like Gecko) Chrome/66.0.3359.117 Safari/537.36"
2a0b:21c0:a003:54b::5 - - [06/Apr/2025:18:43:54 -0400] "GET / HTTP/1.1" 200 98560 "-" "Mozilla/5.0 (Windows NT 10.0; WOW64) AppleWebKit/537.36 (KHTML, like Gecko) Chrome/66.0.3359.117 Safari/537.36"
216.244.66.243 - - [06/Apr/2025:18:50:00 -0400] "GET /43999-phenergan-pharmacy-38134/ HTTP/1.1" 404 8271 "-" "Mozilla/5.0 (compatible; DotBot/1.2; +https://opensiteexplorer.org/dotbot; help@moz.com)"
198.54.114.83 - - [06/Apr/2025:18:50:35 -0400] "POST /wp-cron.php?doing_wp_cron=1743979834.7965700626373291015625 HTTP/1.1" 200 0 "-" "WordPress/6.7.2; https://inversionesgoldie.com"
216.244.66.243 - - [06/Apr/2025:18:50:34 -0400] "GET /86226-online-doctor-sertraline-2905/ HTTP/1.1" 404 8272 "-" "Mozilla/5.0 (compatible; DotBot/1.2; +https://opensiteexplorer.org/dotbot; help@moz.com)"
54.36.149.92 - - [06/Apr/2025:18:52:06 -0400] "GET /robots.txt HTTP/1.1" 304 0 "-" "Mozilla/5.0 (compatible; AhrefsBot/7.0; +http://ahrefs.com/robot/)"
51.222.253.20 - - [06/Apr/2025:18:52:07 -0400] "GET /why-buy-an-amd-motherboard/ HTTP/1.1" 200 11674 "-" "Mozilla/5.0 (compatible; AhrefsBot/7.0; +http://ahrefs.com/robot/)"
202.8.42.146 - - [06/Apr/2025:18:52:08 -0400] "GET /wp-content/themes/colormag/assets/js/skip-link-focus-fix.min.js?ver=3.1.11 HTTP/1.1" 200 242 "http://inversionesgoldie.com/why-buy-an-amd-motherboard/" "Mozilla/5.0 (compatible; AhrefsBot/7.0; +http://ahrefs.com/robot/)"
202.8.42.146 - - [06/Apr/2025:18:52:08 -0400] "GET /wp-content/themes/colormag/style.css?ver=3.1.11 HTTP/1.1" 200 27178 "http://inversionesgoldie.com/why-buy-an-amd-motherboard/" "Mozilla/5.0 (compatible; AhrefsBot/7.0; +http://ahrefs.com/robot/)"
202.8.42.146 - - [06/Apr/2025:18:52:08 -0400] "GET /wp-content/themes/colormag/assets/library/font-awesome/css/v4-shims.min.css?ver=4.7.0 HTTP/1.1" 200 4892 "http://inversionesgoldie.com/why-buy-an-amd-motherboard/" "Mozilla/5.0 (compatible; AhrefsBot/7.0; +http://ahrefs.com/robot/)"
202.8.42.146 - - [06/Apr/2025:18:52:08 -0400] "GET /wp-content/themes/colormag/assets/library/font-awesome/css/solid.min.css?ver=6.2.4 HTTP/1.1" 200 327 "http://inversionesgoldie.com/why-buy-an-amd-motherboard/" "Mozilla/5.0 (compatible; AhrefsBot/7.0; +http://ahrefs.com/robot/)"
202.8.42.146 - - [06/Apr/2025:18:52:08 -0400] "GET /wp-content/themes/colormag/assets/library/font-awesome/css/all.min.css?ver=6.2.4 HTTP/1.1" 200 26826 "http://inversionesgoldie.com/why-buy-an-amd-motherboard/" "Mozilla/5.0 (compatible; AhrefsBot/7.0; +http://ahrefs.com/robot/)"
202.8.42.146 - - [06/Apr/2025:18:52:08 -0400] "GET /wp-includes/css/dist/block-library/style.min.css?ver=6.7.2 HTTP/1.1" 200 19532 "http://inversionesgoldie.com/why-buy-an-amd-motherboard/" "Mozilla/5.0 (compatible; AhrefsBot/7.0; +http://ahrefs.com/robot/)"
202.8.42.146 - - [06/Apr/2025:18:52:08 -0400] "GET /wp-content/themes/colormag/assets/js/jquery.bxslider.min.js?ver=3.1.11 HTTP/1.1" 200 7322 "http://inversionesgoldie.com/why-buy-an-amd-motherboard/" "Mozilla/5.0 (compatible; AhrefsBot/7.0; +http://ahrefs.com/robot/)"
202.8.42.146 - - [06/Apr/2025:18:52:08 -0400] "GET /wp-content/themes/colormag/assets/js/colormag-custom.min.js?ver=3.1.11 HTTP/1.1" 200 2558 "http://inversionesgoldie.com/why-buy-an-amd-motherboard/" "Mozilla/5.0 (compatible; AhrefsBot/7.0; +http://ahrefs.com/robot/)"
202.8.42.146 - - [06/Apr/2025:18:52:08 -0400] "GET /wp-includes/js/jquery/jquery.min.js?ver=3.7.1 HTTP/1.1" 200 35438 "http://inversionesgoldie.com/why-buy-an-amd-motherboard/" "Mozilla/5.0 (compatible; AhrefsBot/7.0; +http://ahrefs.com/robot/)"
202.8.42.146 - - [06/Apr/2025:18:52:08 -0400] "GET /wp-content/themes/colormag/assets/js/fitvids/jquery.fitvids.min.js?ver=3.1.11 HTTP/1.1" 200 984 "http://inversionesgoldie.com/why-buy-an-amd-motherboard/" "Mozilla/5.0 (compatible; AhrefsBot/7.0; +http://ahrefs.com/robot/)"
202.8.42.146 - - [06/Apr/2025:18:52:08 -0400] "GET /wp-content/themes/colormag/assets/js/navigation.min.js?ver=3.1.11 HTTP/1.1" 200 687 "http://inversionesgoldie.com/why-buy-an-amd-motherboard/" "Mozilla/5.0 (compatible; AhrefsBot/7.0; +http://ahrefs.com/robot/)"
202.8.42.146 - - [06/Apr/2025:18:52:08 -0400] "GET /wp-includes/js/jquery/jquery-migrate.min.js?ver=3.4.1 HTTP/1.1" 200 5342 "http://inversionesgoldie.com/why-buy-an-amd-motherboard/" "Mozilla/5.0 (compatible; AhrefsBot/7.0; +http://ahrefs.com/robot/)"
202.8.42.146 - - [06/Apr/2025:18:52:09 -0400] "GET /wp-includes/js/comment-reply.min.js?ver=6.7.2 HTTP/1.1" 200 1422 "http://inversionesgoldie.com/why-buy-an-amd-motherboard/" "Mozilla/5.0 (compatible; AhrefsBot/7.0; +http://ahrefs.com/robot/)"
202.8.42.146 - - [06/Apr/2025:18:52:09 -0400] "GET /wp-content/themes/colormag/assets/fonts/OpenSans-Medium.woff HTTP/1.1" 200 80548 "http://inversionesgoldie.com/wp-content/themes/colormag/style.css?ver=3.1.11" "Mozilla/5.0 (compatible; AhrefsBot/7.0; +http://ahrefs.com/robot/)"
202.8.42.146 - - [06/Apr/2025:18:52:09 -0400] "GET /wp-content/themes/colormag/assets/fonts/OpenSans-VariableFont.woff HTTP/1.1" 200 80196 "http://inversionesgoldie.com/wp-content/themes/colormag/style.css?ver=3.1.11" "Mozilla/5.0 (compatible; AhrefsBot/7.0; +http://ahrefs.com/robot/)"
202.8.42.146 - - [06/Apr/2025:18:52:09 -0400] "GET /wp-includes/js/wp-emoji-release.min.js?ver=6.7.2 HTTP/1.1" 200 5857 "http://inversionesgoldie.com/why-buy-an-amd-motherboard/" "Mozilla/5.0 (compatible; AhrefsBot/7.0; +http://ahrefs.com/robot/)"
202.8.42.146 - - [06/Apr/2025:18:52:09 -0400] "GET /wp-content/themes/colormag/assets/library/font-awesome/fonts/fa-brands-400.woff2 HTTP/1.1" 200 109808 "http://inversionesgoldie.com/wp-content/themes/colormag/assets/library/font-awesome/css/all.min.css?ver=6.2.4" "Mozilla/5.0 (compatible; AhrefsBot/7.0; +http://ahrefs.com/robot/)"
202.8.42.146 - - [06/Apr/2025:18:52:09 -0400] "GET /wp-content/themes/colormag/assets/fonts/OpenSans-SemiBold.woff HTTP/1.1" 200 80184 "http://inversionesgoldie.com/wp-content/themes/colormag/style.css?ver=3.1.11" "Mozilla/5.0 (compatible; AhrefsBot/7.0; +http://ahrefs.com/robot/)"
202.8.42.146 - - [06/Apr/2025:18:52:09 -0400] "GET /wp-content/themes/colormag/assets/library/font-awesome/fonts/fa-solid-900.woff2 HTTP/1.1" 200 150020 "http://inversionesgoldie.com/wp-content/themes/colormag/assets/library/font-awesome/css/all.min.css?ver=6.2.4" "Mozilla/5.0 (compatible; AhrefsBot/7.0; +http://ahrefs.com/robot/)"
75.119.153.23 - - [06/Apr/2025:19:20:47 -0400] "GET /why-buy-an-amd-motherboard/ HTTP/1.1" 200 11674 "-" "Mozilla/5.0 (Windows NT 10.0) AppleWebKit/537.36 (KHTML, like Gecko) Chrome/114.0.0.0 Safari/537.36"
75.119.153.23 - - [06/Apr/2025:19:20:56 -0400] "GET /why-buy-an-amd-motherboard/ HTTP/1.1" 200 11674 "http://inversionesgoldie.com/why-buy-an-amd-motherboard/" "Mozilla/5.0 (Windows NT 6.3; Win64; x64) AppleWebKit/537.36 (KHTML, like Gecko) Chrome/103.0.0.0 Safari/537.36"
198.54.114.83 - - [06/Apr/2025:19:21:01 -0400] "POST /wp-cron.php?doing_wp_cron=1743981660.9642210006713867187500 HTTP/1.1" 200 0 "-" "WordPress/6.7.2; https://inversionesgoldie.com"
75.119.153.23 - - [06/Apr/2025:19:20:57 -0400] "POST /wp-comments-post.php HTTP/1.1" 302 0 "http://inversionesgoldie.com/why-buy-an-amd-motherboard/" "Mozilla/5.0 (Windows NT 6.3; Win64; x64) AppleWebKit/537.36 (KHTML, like Gecko) Chrome/103.0.0.0 Safari/537.36"
75.119.153.23 - - [06/Apr/2025:19:21:06 -0400] "GET /why-buy-an-amd-motherboard/ HTTP/1.1" 200 11674 "-" "Mozilla/5.0 (Windows NT 6.3; Win64; x64) AppleWebKit/537.36 (KHTML, like Gecko) Chrome/103.0.0.0 Safari/537.36"
75.119.153.23 - - [06/Apr/2025:19:26:43 -0400] "GET /why-buy-an-amd-motherboard/ HTTP/1.1" 200 11674 "-" "Mozilla/5.0 (Macintosh; Intel Mac OS X 12_5) AppleWebKit/605.1.15 (KHTML, like Gecko) Version/15.4 Safari/605.1.15"
216.244.66.243 - - [06/Apr/2025:19:30:38 -0400] "GET /robots.txt HTTP/1.1" 304 0 "-" "Mozilla/5.0 (compatible; DotBot/1.2; +https://opensiteexplorer.org/dotbot; help@moz.com)"
91.201.113.132 - - [06/Apr/2025:19:39:54 -0400] "GET /what-is-an-air-cooler/ HTTP/1.1" 200 12203 "http://inversionesgoldie.com/what-is-an-air-cooler/" "Mozilla/5.0 (Windows NT 10.0; Win64; x64) AppleWebKit/537.36 (KHTML, like Gecko) Chrome/131.0.0.0 Safari/537.36 Avast/131.0.0.0"
198.54.114.83 - - [06/Apr/2025:19:39:57 -0400] "POST /wp-cron.php?doing_wp_cron=1743982797.7571589946746826171875 HTTP/1.1" 200 0 "-" "WordPress/6.7.2; https://inversionesgoldie.com"
91.201.113.132 - - [06/Apr/2025:19:39:55 -0400] "POST /wp-comments-post.php HTTP/1.1" 302 0 "http://inversionesgoldie.com/what-is-an-air-cooler/" "Mozilla/5.0 (Windows NT 10.0; Win64; x64) AppleWebKit/537.36 (KHTML, like Gecko) Chrome/131.0.0.0 Safari/537.36 Avast/131.0.0.0"
198.54.114.83 - - [06/Apr/2025:19:45:06 -0400] "POST /wp-cron.php?doing_wp_cron=1743983106.6201679706573486328125 HTTP/1.1" 200 0 "-" "WordPress/6.7.2; https://inversionesgoldie.com"
216.244.66.243 - - [06/Apr/2025:19:45:01 -0400] "GET /american-heart-association-bls-training/ HTTP/1.1" 200 11326 "-" "Mozilla/5.0 (compatible; DotBot/1.2; +https://opensiteexplorer.org/dotbot; help@moz.com)"
198.54.114.83 - - [06/Apr/2025:19:57:52 -0400] "POST /wp-cron.php?doing_wp_cron=1743983872.0010349750518798828125 HTTP/1.1" 200 0 "-" "WordPress/6.7.2; https://inversionesgoldie.com"
216.244.66.243 - - [06/Apr/2025:19:57:46 -0400] "GET /how-to-remove-a-stripped-screw-removed/ HTTP/1.1" 200 11971 "-" "Mozilla/5.0 (compatible; DotBot/1.2; +https://opensiteexplorer.org/dotbot; help@moz.com)"
198.54.114.83 - - [06/Apr/2025:20:07:38 -0400] "POST /wp-cron.php?doing_wp_cron=1743984458.4161798954010009765625 HTTP/1.1" 200 0 "-" "WordPress/6.7.2; https://inversionesgoldie.com"
216.244.66.243 - - [06/Apr/2025:20:07:33 -0400] "GET /sports-injury-and-sports-medicine-milwaukee-doctors/feed/ HTTP/1.1" 200 451 "-" "Mozilla/5.0 (compatible; DotBot/1.2; +https://opensiteexplorer.org/dotbot; help@moz.com)"
216.244.66.243 - - [06/Apr/2025:20:08:13 -0400] "GET /what-kind-of-shopping-bag-should-you-use/feed/ HTTP/1.1" 200 450 "-" "Mozilla/5.0 (compatible; DotBot/1.2; +https://opensiteexplorer.org/dotbot; help@moz.com)"
198.54.114.83 - - [06/Apr/2025:20:08:46 -0400] "POST /wp-cron.php?doing_wp_cron=1743984525.6406939029693603515625 HTTP/1.1" 200 0 "-" "WordPress/6.7.2; https://inversionesgoldie.com"
216.244.66.243 - - [06/Apr/2025:20:08:45 -0400] "GET /the-arden-the-village-center-for-gilds-of-arden-ardentown-and-ardencroft/feed/ HTTP/1.1" 200 484 "-" "Mozilla/5.0 (compatible; DotBot/1.2; +https://opensiteexplorer.org/dotbot; help@moz.com)"
75.119.153.23 - - [06/Apr/2025:20:17:38 -0400] "GET /why-buy-an-amd-motherboard/ HTTP/1.1" 200 11674 "-" "Mozilla/5.0 (Macintosh; Intel Mac OS X 12_5) AppleWebKit/605.1.15 (KHTML, like Gecko) Version/15.4 Safari/605.1.15"
198.54.114.83 - - [06/Apr/2025:20:27:27 -0400] "POST /wp-cron.php?doing_wp_cron=1743985647.5774900913238525390625 HTTP/1.1" 200 0 "-" "WordPress/6.7.2; https://inversionesgoldie.com"
216.244.66.243 - - [06/Apr/2025:20:27:24 -0400] "GET /marketing-bots-the-ultimate-guide-best-bots-to-try/ HTTP/1.1" 200 122356 "-" "Mozilla/5.0 (compatible; DotBot/1.2; +https://opensiteexplorer.org/dotbot; help@moz.com)"
109.206.181.70 - - [06/Apr/2025:20:49:49 -0400] "GET /why-buy-an-amd-motherboard/ HTTP/1.1" 200 11674 "-" "Mozilla/5.0 (Macintosh; Intel Mac OS X 12_5) AppleWebKit/605.1.15 (KHTML, like Gecko) Version/15.4 Safari/605.1.15"
198.54.114.83 - - [06/Apr/2025:20:56:08 -0400] "POST /wp-cron.php?doing_wp_cron=1743987367.5753519535064697265625 HTTP/1.1" 200 0 "-" "WordPress/6.7.2; https://inversionesgoldie.com"
13.90.226.7 - - [06/Apr/2025:20:56:00 -0400] "HEAD /wordpress HTTP/1.1" 404 0 "-" "Mozilla/5.0 (Windows NT 10.0; Win64; x64) AppleWebKit/537.36 (KHTML, like Gecko) Chrome/74.0.3729.169 Safari/537.36"
13.90.226.7 - - [06/Apr/2025:20:56:09 -0400] "HEAD / HTTP/1.1" 200 0 "-" "Mozilla/5.0 (Windows NT 10.0; Win64; x64) AppleWebKit/537.36 (KHTML, like Gecko) Chrome/74.0.3729.169 Safari/537.36"
13.90.226.7 - - [06/Apr/2025:20:56:09 -0400] "HEAD /wp HTTP/1.1" 404 0 "-" "Mozilla/5.0 (Windows NT 10.0; Win64; x64) AppleWebKit/537.36 (KHTML, like Gecko) Chrome/74.0.3729.169 Safari/537.36"
13.90.226.7 - - [06/Apr/2025:20:56:10 -0400] "HEAD /bc HTTP/1.1" 404 0 "-" "Mozilla/5.0 (Windows NT 10.0; Win64; x64) AppleWebKit/537.36 (KHTML, like Gecko) Chrome/74.0.3729.169 Safari/537.36"
13.90.226.7 - - [06/Apr/2025:20:56:12 -0400] "HEAD /bk HTTP/1.1" 404 0 "-" "Mozilla/5.0 (Windows NT 10.0; Win64; x64) AppleWebKit/537.36 (KHTML, like Gecko) Chrome/74.0.3729.169 Safari/537.36"
13.90.226.7 - - [06/Apr/2025:20:56:13 -0400] "HEAD /backup HTTP/1.1" 404 0 "-" "Mozilla/5.0 (Windows NT 10.0; Win64; x64) AppleWebKit/537.36 (KHTML, like Gecko) Chrome/74.0.3729.169 Safari/537.36"
13.90.226.7 - - [06/Apr/2025:20:56:16 -0400] "HEAD /old HTTP/1.1" 404 0 "-" "Mozilla/5.0 (Windows NT 10.0; Win64; x64) AppleWebKit/537.36 (KHTML, like Gecko) Chrome/74.0.3729.169 Safari/537.36"
13.90.226.7 - - [06/Apr/2025:20:56:18 -0400] "HEAD /new HTTP/1.1" 301 0 "-" "Mozilla/5.0 (Windows NT 10.0; Win64; x64) AppleWebKit/537.36 (KHTML, like Gecko) Chrome/74.0.3729.169 Safari/537.36"
