185.223.152.177 - - [01/Apr/2025:23:12:53 -0400] "GET /wp-content/mah.php HTTP/1.1" 404 8272 "-" "Go-http-client/1.1"
185.223.152.177 - - [01/Apr/2025:23:12:54 -0400] "GET /wp-admin/network/about.php HTTP/1.1" 302 0 "-" "Go-http-client/1.1"
185.223.152.177 - - [01/Apr/2025:23:12:57 -0400] "GET /wp-config-sample.php HTTP/1.1" 500 1083 "-" "Go-http-client/1.1"
185.223.152.177 - - [01/Apr/2025:23:12:57 -0400] "GET /wp-admin/css/colors/coffee/index.php HTTP/1.1" 301 0 "-" "Go-http-client/1.1"
185.223.152.177 - - [01/Apr/2025:23:12:58 -0400] "GET /wp-admin/css/colors/coffee/ HTTP/1.1" 403 1242 "http://inversionesgoldie.com/wp-admin/css/colors/coffee/index.php" "Go-http-client/1.1"
198.54.114.83 - - [01/Apr/2025:23:13:00 -0400] "POST /wp-cron.php?doing_wp_cron=1743563579.8459200859069824218750 HTTP/1.1" 200 0 "-" "WordPress/6.7.2; https://inversionesgoldie.com"
185.223.152.177 - - [01/Apr/2025:23:12:59 -0400] "GET /wp-content/plugins/dummyyummy/wp-signup.php HTTP/1.1" 404 8273 "-" "Go-http-client/1.1"
185.223.152.177 - - [01/Apr/2025:23:13:01 -0400] "GET /bypass.php HTTP/1.1" 404 8271 "-" "Go-http-client/1.1"
185.223.152.177 - - [01/Apr/2025:23:13:03 -0400] "GET /doc.php HTTP/1.1" 404 8272 "-" "Go-http-client/1.1"
185.223.152.177 - - [01/Apr/2025:23:13:03 -0400] "GET /wp-content/classwithtostring.php HTTP/1.1" 404 8272 "-" "Go-http-client/1.1"
185.223.152.177 - - [01/Apr/2025:23:13:05 -0400] "GET /.well-known/pki-validation/about.php HTTP/1.1" 404 1251 "-" "Go-http-client/1.1"
185.223.152.177 - - [01/Apr/2025:23:13:05 -0400] "GET /wp-content/content.php HTTP/1.1" 404 8273 "-" "Go-http-client/1.1"
185.223.152.177 - - [01/Apr/2025:23:13:06 -0400] "GET /wp-includes/fonts/wp-login.php HTTP/1.1" 404 8272 "-" "Go-http-client/1.1"
185.223.152.177 - - [01/Apr/2025:23:13:07 -0400] "GET /.well-known/pki-validation/index.php HTTP/1.1" 404 1251 "-" "Go-http-client/1.1"
185.223.152.177 - - [01/Apr/2025:23:13:07 -0400] "GET /small.php HTTP/1.1" 404 8272 "-" "Go-http-client/1.1"
185.223.152.177 - - [01/Apr/2025:23:13:08 -0400] "GET /editor.php HTTP/1.1" 404 8272 "-" "Go-http-client/1.1"
185.223.152.177 - - [01/Apr/2025:23:13:09 -0400] "GET /wp-content/tmpls.php HTTP/1.1" 404 8272 "-" "Go-http-client/1.1"
185.223.152.177 - - [01/Apr/2025:23:13:09 -0400] "GET /user.php HTTP/1.1" 404 8271 "-" "Go-http-client/1.1"
185.223.152.177 - - [01/Apr/2025:23:13:10 -0400] "GET /ws.php HTTP/1.1" 404 8270 "-" "Go-http-client/1.1"
185.223.152.177 - - [01/Apr/2025:23:13:11 -0400] "GET /wp-includes/wp-login.php HTTP/1.1" 404 8270 "-" "Go-http-client/1.1"
185.223.152.177 - - [01/Apr/2025:23:13:12 -0400] "GET /.well-known/acme-challenge/about.php HTTP/1.1" 404 8270 "-" "Go-http-client/1.1"
185.223.152.177 - - [01/Apr/2025:23:13:12 -0400] "GET /wp-admin/about.php HTTP/1.1" 302 0 "-" "Go-http-client/1.1"
185.223.152.177 - - [01/Apr/2025:23:13:14 -0400] "GET /sck.php HTTP/1.1" 404 8271 "-" "Go-http-client/1.1"
185.223.152.177 - - [01/Apr/2025:23:13:15 -0400] "GET /templates/beez3/error.php HTTP/1.1" 404 8272 "-" "Go-http-client/1.1"
185.223.152.177 - - [01/Apr/2025:23:13:16 -0400] "GET /wp-admin/maint/go.php HTTP/1.1" 404 8271 "-" "Go-http-client/1.1"
185.223.152.177 - - [01/Apr/2025:23:13:16 -0400] "GET /1337.php HTTP/1.1" 404 8271 "-" "Go-http-client/1.1"
185.223.152.177 - - [01/Apr/2025:23:13:17 -0400] "GET /cgi-bin/wp-login.php HTTP/1.1" 404 8271 "-" "Go-http-client/1.1"
185.223.152.177 - - [01/Apr/2025:23:13:18 -0400] "GET /wp-includes/fonts/about.php HTTP/1.1" 404 8271 "-" "Go-http-client/1.1"
185.223.152.177 - - [01/Apr/2025:23:13:19 -0400] "GET /wp-includes/link.php HTTP/1.1" 404 8271 "-" "Go-http-client/1.1"
185.223.152.177 - - [01/Apr/2025:23:13:19 -0400] "GET /templates/beez/index.php HTTP/1.1" 301 0 "-" "Go-http-client/1.1"
185.223.152.177 - - [01/Apr/2025:23:13:20 -0400] "GET /templates/beez/ HTTP/1.1" 404 8271 "http://inversionesgoldie.com/templates/beez/index.php" "Go-http-client/1.1"
185.223.152.177 - - [01/Apr/2025:23:13:22 -0400] "GET /lock.php HTTP/1.1" 404 8271 "-" "Go-http-client/1.1"
185.223.152.177 - - [01/Apr/2025:23:13:23 -0400] "GET /wp-log1n.php HTTP/1.1" 404 8272 "-" "Go-http-client/1.1"
185.223.152.177 - - [01/Apr/2025:23:13:23 -0400] "GET /wp-admin/admin.php HTTP/1.1" 302 0 "-" "Go-http-client/1.1"
185.223.152.177 - - [01/Apr/2025:23:13:25 -0400] "GET /mini.php HTTP/1.1" 404 8272 "-" "Go-http-client/1.1"
185.223.152.177 - - [01/Apr/2025:23:13:26 -0400] "GET /wp-includes/wp-class.php HTTP/1.1" 404 8272 "-" "Go-http-client/1.1"
185.223.152.177 - - [01/Apr/2025:23:13:27 -0400] "GET /hehehehe.php HTTP/1.1" 404 8272 "-" "Go-http-client/1.1"
185.223.152.177 - - [01/Apr/2025:23:13:27 -0400] "GET /lufix.php HTTP/1.1" 404 8272 "-" "Go-http-client/1.1"
185.223.152.177 - - [01/Apr/2025:23:13:28 -0400] "GET /wp-2019.php HTTP/1.1" 404 8272 "-" "Go-http-client/1.1"
185.223.152.177 - - [01/Apr/2025:23:13:29 -0400] "GET /randkeyword.php HTTP/1.1" 404 8272 "-" "Go-http-client/1.1"
185.223.152.177 - - [01/Apr/2025:23:13:29 -0400] "GET /makeasmtp.php HTTP/1.1" 404 8272 "-" "Go-http-client/1.1"
185.223.152.177 - - [01/Apr/2025:23:13:30 -0400] "GET /alfa.php?solevisible HTTP/1.1" 404 8271 "-" "Go-http-client/1.1"
185.223.152.177 - - [01/Apr/2025:23:13:31 -0400] "GET /wp-content/plugins/ubh/up.php HTTP/1.1" 404 8271 "-" "Go-http-client/1.1"
185.223.152.177 - - [01/Apr/2025:23:13:32 -0400] "GET /wp-content/themes/pridmag/db.php?u HTTP/1.1" 404 8271 "-" "Go-http-client/1.1"
185.223.152.177 - - [01/Apr/2025:23:13:33 -0400] "GET /wp-content/themes/seotheme/db.php HTTP/1.1" 404 8272 "-" "Go-http-client/1.1"
185.223.152.177 - - [01/Apr/2025:23:13:33 -0400] "GET /wp-content/ThreeFox_Exploit/index.php?threefox HTTP/1.1" 301 0 "-" "Go-http-client/1.1"
185.223.152.177 - - [01/Apr/2025:23:13:34 -0400] "GET /wp-content/ThreeFox_Exploit/?threefox HTTP/1.1" 404 8272 "http://inversionesgoldie.com/wp-content/ThreeFox_Exploit/index.php?threefox" "Go-http-client/1.1"
185.223.152.177 - - [01/Apr/2025:23:13:35 -0400] "GET /wp-content/plugins/helloapx/wp-apxupx.php?apx=upx HTTP/1.1" 404 8273 "-" "Go-http-client/1.1"
185.223.152.177 - - [01/Apr/2025:23:13:35 -0400] "GET /wp-content/plugins/pwnd/pwnd.php HTTP/1.1" 404 8272 "-" "Go-http-client/1.1"
185.223.152.177 - - [01/Apr/2025:23:13:36 -0400] "GET /modules/mod_simplefileuploadv1.3/elements/udd.php HTTP/1.1" 404 8272 "-" "Go-http-client/1.1"
185.223.152.177 - - [01/Apr/2025:23:13:38 -0400] "GET /wp-admin/maint/upfile.php HTTP/1.1" 404 8272 "-" "Go-http-client/1.1"
185.223.152.177 - - [01/Apr/2025:23:13:39 -0400] "GET /.well-known/acme-challenge/upfile.php HTTP/1.1" 404 8272 "-" "Go-http-client/1.1"
185.223.152.177 - - [01/Apr/2025:23:13:40 -0400] "GET /test.php HTTP/1.1" 404 8271 "-" "Go-http-client/1.1"
198.54.114.83 - - [01/Apr/2025:23:18:14 -0400] "POST /wp-cron.php?doing_wp_cron=1743563893.8524060249328613281250 HTTP/1.1" 200 0 "-" "WordPress/6.7.2; https://inversionesgoldie.com"
199.188.201.234 - - [01/Apr/2025:23:18:10 -0400] "POST /xmlrpc.php HTTP/1.1" 200 212 "http://inversionesgoldie.com" "Mozilla/5.0 (Windows NT 10.0; Win64; x64; rv:125.0.1) Gecko/20100101 Firefox/125.0.1"
43.153.102.138 - - [01/Apr/2025:23:35:09 -0400] "GET / HTTP/1.1" 200 98560 "-" "Mozilla/5.0 (iPhone; CPU iPhone OS 13_2_3 like Mac OS X) AppleWebKit/605.1.15 (KHTML, like Gecko) Version/13.0.3 Mobile/15E148 Safari/604.1"
198.54.114.83 - - [01/Apr/2025:23:44:33 -0400] "POST /wp-cron.php?doing_wp_cron=1743565472.8261840343475341796875 HTTP/1.1" 200 0 "-" "WordPress/6.7.2; https://inversionesgoldie.com"
89.46.109.92 - - [01/Apr/2025:23:44:28 -0400] "POST /xmlrpc.php HTTP/1.1" 200 212 "http://inversionesgoldie.com" "Mozilla/5.0 (Macintosh; Intel Mac OS X 10_15_7) AppleWebKit/537.36 (KHTML, like Gecko) Chrome/113.0.5672.93 Safari/537.36"
146.190.77.159 - - [02/Apr/2025:00:02:10 -0400] "GET /?rest_route=/wp/v2/users HTTP/1.1" 200 98560 "www.google.com" "Mozlila/5.0 (Linux; Android 7.0; SM-G892A Bulid/NRD90M; wv) AppleWebKit/537.36 (KHTML, like Gecko) Version/4.0 Chrome/60.0.3112.107 Moblie Safari/537.36"
198.54.114.83 - - [02/Apr/2025:00:10:00 -0400] "POST /wp-cron.php?doing_wp_cron=1743566999.8830718994140625000000 HTTP/1.1" 200 0 "-" "WordPress/6.7.2; https://inversionesgoldie.com"
198.54.121.141 - - [02/Apr/2025:00:09:59 -0400] "POST /xmlrpc.php HTTP/1.1" 200 212 "http://inversionesgoldie.com" "Mozilla/5.0 (Macintosh; Intel Mac OS X 10_15_7) AppleWebKit/537.36 (KHTML, like Gecko) Chrome/116.0.5845.96 Safari/537.36"
110.172.98.2 - - [02/Apr/2025:00:13:12 -0400] "GET / HTTP/1.1" 200 98560 "-" "Mozilla/5.0 (Windows NT 10.0; Win64; x64) AppleWebKit/537.36 (KHTML, like Gecko) Chrome/79.0.3945.130 Safari/537.36"
85.208.98.23 - - [02/Apr/2025:00:20:48 -0400] "GET /robots.txt HTTP/1.1" 304 0 "-" "Mozilla/5.0 (compatible; SemrushBot-BA; +http://www.semrush.com/bot.html)"
66.249.73.132 - - [02/Apr/2025:00:25:52 -0400] "GET /robots.txt HTTP/1.1" 304 0 "-" "Mozilla/5.0 (compatible; Googlebot/2.1; +http://www.google.com/bot.html)"
66.249.73.132 - - [02/Apr/2025:00:25:53 -0400] "GET / HTTP/1.1" 200 98560 "-" "Mozilla/5.0 (compatible; Googlebot/2.1; +http://www.google.com/bot.html)"
198.54.114.83 - - [02/Apr/2025:00:31:05 -0400] "POST /wp-cron.php?doing_wp_cron=1743568265.2720699310302734375000 HTTP/1.1" 200 0 "-" "WordPress/6.7.2; https://inversionesgoldie.com"
146.70.29.204 - - [02/Apr/2025:00:30:49 -0400] "POST /wp-login.php HTTP/1.1" 302 0 "http://inversionesgoldie.com/wp-admin/" "Mozilla/5.0 (Windows NT 10.0; Win64; x64) AppleWebKit/537.36 (KHTML, like Gecko) Chrome/90.0.4430.85 Safari/537.36"
66.249.73.131 - - [02/Apr/2025:00:47:11 -0400] "GET /favicon.ico HTTP/1.1" 404 1251 "-" "Googlebot-Image/1.0"
104.167.28.17 - - [02/Apr/2025:00:52:46 -0400] "GET /the-biggest-fears-in-life-and-how-to-overcome-them/ HTTP/1.1" 200 12117 "-" "Mozilla/5.0 (Macintosh; Intel Mac OS X 12.5; rv:114.0) Gecko/20100101 Firefox/114.0"
198.54.114.83 - - [02/Apr/2025:00:55:59 -0400] "POST /wp-cron.php?doing_wp_cron=1743569759.3450820446014404296875 HTTP/1.1" 200 0 "-" "WordPress/6.7.2; https://inversionesgoldie.com"
194.38.23.16 - - [02/Apr/2025:00:55:55 -0400] "GET /plugins/html5-file-upload/html5fileupload.php HTTP/1.1" 404 8272 "-" "ALittle Client"
66.85.157.26 - - [02/Apr/2025:00:56:37 -0400] "POST /xmlrpc.php HTTP/1.1" 200 212 "http://inversionesgoldie.com" "Mozilla/5.0 (Windows NT 10.0; Win64; x64) AppleWebKit/537.36 (KHTML, like Gecko) Chrome/113.0.5672.126 Safari/537.36 Edg/113.0.1774.50"
72.207.109.5 - - [02/Apr/2025:01:04:08 -0400] "GET /building-true-team-spirit-for-peak-performance-in-sports-part-1/ HTTP/1.1" 200 13712 "-" "Mozilla/5.0 (Windows NT 10.0; WOW64) AppleWebKit/537.36 (KHTML, like Gecko) Chrome/114.0.0.0 Safari/537.36 Vivaldi/5.3.2679.68"
72.207.109.5 - - [02/Apr/2025:01:04:21 -0400] "GET /building-true-team-spirit-for-peak-performance-in-sports-part-1/ HTTP/1.1" 200 13712 "http://inversionesgoldie.com/building-true-team-spirit-for-peak-performance-in-sports-part-1/" "Mozilla/5.0 (Windows NT 6.3; Win64; x64) AppleWebKit/537.36 (KHTML, like Gecko) Chrome/103.0.0.0 Safari/537.36"
198.54.114.83 - - [02/Apr/2025:01:04:27 -0400] "POST /wp-cron.php?doing_wp_cron=1743570267.3625009059906005859375 HTTP/1.1" 200 0 "-" "WordPress/6.7.2; https://inversionesgoldie.com"
72.207.109.5 - - [02/Apr/2025:01:04:23 -0400] "POST /wp-comments-post.php HTTP/1.1" 302 0 "http://inversionesgoldie.com/building-true-team-spirit-for-peak-performance-in-sports-part-1/" "Mozilla/5.0 (Windows NT 6.3; Win64; x64) AppleWebKit/537.36 (KHTML, like Gecko) Chrome/103.0.0.0 Safari/537.36"
72.207.109.5 - - [02/Apr/2025:01:04:39 -0400] "GET /building-true-team-spirit-for-peak-performance-in-sports-part-1/ HTTP/1.1" 200 13712 "-" "Mozilla/5.0 (Windows NT 6.3; Win64; x64) AppleWebKit/537.36 (KHTML, like Gecko) Chrome/103.0.0.0 Safari/537.36"
72.207.109.5 - - [02/Apr/2025:01:06:20 -0400] "GET /building-true-team-spirit-for-peak-performance-in-sports-part-1/ HTTP/1.1" 200 13712 "-" "Mozilla/5.0 (Macintosh; Intel Mac OS X 12.5; rv:114.0) Gecko/20100101 Firefox/114.0"
195.26.225.218 - - [02/Apr/2025:01:21:26 -0400] "GET /building-true-team-spirit-for-peak-performance-in-sports-part-1/ HTTP/1.1" 200 13712 "http://inversionesgoldie.com/building-true-team-spirit-for-peak-performance-in-sports-part-1/" "Mozilla/5.0 (Windows NT 10.0; Win64; x64) AppleWebKit/537.36 (KHTML, like Gecko) Chrome/130.0.0.0 Safari/537.36"
198.54.114.83 - - [02/Apr/2025:01:21:32 -0400] "POST /wp-cron.php?doing_wp_cron=1743571292.2595338821411132812500 HTTP/1.1" 200 0 "-" "WordPress/6.7.2; https://inversionesgoldie.com"
195.26.225.218 - - [02/Apr/2025:01:21:27 -0400] "POST /wp-comments-post.php HTTP/1.1" 302 0 "http://inversionesgoldie.com/building-true-team-spirit-for-peak-performance-in-sports-part-1/" "Mozilla/5.0 (Windows NT 10.0; Win64; x64) AppleWebKit/537.36 (KHTML, like Gecko) Chrome/130.0.0.0 Safari/537.36"
198.54.114.83 - - [02/Apr/2025:01:21:54 -0400] "POST /wp-cron.php?doing_wp_cron=1743571313.3565709590911865234375 HTTP/1.1" 200 0 "-" "WordPress/6.7.2; https://inversionesgoldie.com"
208.109.173.103 - - [02/Apr/2025:01:21:52 -0400] "POST /xmlrpc.php HTTP/1.1" 200 212 "http://inversionesgoldie.com" "Mozilla/5.0 (Macintosh; Intel Mac OS X 10_15_7; rv:125.0.1) Gecko/20100101 Firefox/125.0.1"
45.55.37.107 - - [02/Apr/2025:01:41:04 -0400] "GET / HTTP/1.1" 200 98560 "-" "Mozilla/5.0 (Windows NT 10.0; Win64; x64) AppleWebKit/537.36 (KHTML, like Gecko) Chrome/80.0.3987.149 Safari/537.36"
45.55.37.107 - - [02/Apr/2025:01:41:04 -0400] "GET / HTTP/1.1" 200 98560 "-" "Mozilla/5.0 (Windows NT 10.0; Win64; x64) AppleWebKit/537.36 (KHTML, like Gecko) Chrome/80.0.3987.149 Safari/537.36"
198.54.114.83 - - [02/Apr/2025:01:41:04 -0400] "POST /wp-cron.php?doing_wp_cron=1743572464.7765140533447265625000 HTTP/1.1" 200 0 "-" "WordPress/6.7.2; https://inversionesgoldie.com"
45.55.37.107 - - [02/Apr/2025:01:41:04 -0400] "GET /wp-includes/wlwmanifest.xml HTTP/1.1" 404 8273 "-" "Mozilla/5.0 (Windows NT 10.0; Win64; x64) AppleWebKit/537.36 (KHTML, like Gecko) Chrome/80.0.3987.149 Safari/537.36"
45.55.37.107 - - [02/Apr/2025:01:41:05 -0400] "GET /?author=1 HTTP/1.1" 200 98560 "-" "Mozilla/5.0 (Windows NT 10.0; Win64; x64) AppleWebKit/537.36 (KHTML, like Gecko) Chrome/80.0.3987.149 Safari/537.36"
45.55.37.107 - - [02/Apr/2025:01:41:05 -0400] "GET /?author=2 HTTP/1.1" 200 98560 "-" "Mozilla/5.0 (Windows NT 10.0; Win64; x64) AppleWebKit/537.36 (KHTML, like Gecko) Chrome/80.0.3987.149 Safari/537.36"
45.55.37.107 - - [02/Apr/2025:01:41:05 -0400] "GET /wp-json/wp/v2/users/ HTTP/1.1" 200 1381 "-" "Mozilla/5.0 (Windows NT 10.0; Win64; x64) AppleWebKit/537.36 (KHTML, like Gecko) Chrome/80.0.3987.149 Safari/537.36"
45.55.37.107 - - [02/Apr/2025:01:41:06 -0400] "POST /xmlrpc.php HTTP/1.1" 200 212 "-" "Mozilla/5.0 (Windows NT 10.0; Win64; x64) AppleWebKit/537.36 (KHTML, like Gecko) Chrome/80.0.3987.149 Safari/537.36"
45.55.37.107 - - [02/Apr/2025:01:41:07 -0400] "POST /xmlrpc.php HTTP/1.1" 200 236 "-" "Mozilla/5.0 (Windows NT 10.0; Win64; x64) AppleWebKit/537.36 (KHTML, like Gecko) Chrome/80.0.3987.149 Safari/537.36"
45.55.37.107 - - [02/Apr/2025:01:41:07 -0400] "POST /xmlrpc.php HTTP/1.1" 200 212 "-" "Mozilla/5.0 (Windows NT 10.0; Win64; x64) AppleWebKit/537.36 (KHTML, like Gecko) Chrome/80.0.3987.149 Safari/537.36"
45.55.37.107 - - [02/Apr/2025:01:41:09 -0400] "POST /xmlrpc.php HTTP/1.1" 200 236 "-" "Mozilla/5.0 (Windows NT 10.0; Win64; x64) AppleWebKit/537.36 (KHTML, like Gecko) Chrome/80.0.3987.149 Safari/537.36"
45.55.37.107 - - [02/Apr/2025:01:41:12 -0400] "POST /xmlrpc.php HTTP/1.1" 200 236 "-" "Mozilla/5.0 (Windows NT 10.0; Win64; x64) AppleWebKit/537.36 (KHTML, like Gecko) Chrome/80.0.3987.149 Safari/537.36"
45.55.37.107 - - [02/Apr/2025:01:41:15 -0400] "POST /xmlrpc.php HTTP/1.1" 200 236 "-" "Mozilla/5.0 (Windows NT 10.0; Win64; x64) AppleWebKit/537.36 (KHTML, like Gecko) Chrome/80.0.3987.149 Safari/537.36"
95.217.147.111 - - [02/Apr/2025:01:47:24 -0400] "POST /xmlrpc.php HTTP/1.1" 200 212 "http://inversionesgoldie.com" "Mozilla/5.0 (Macintosh; Intel Mac OS X 10_15_7; rv:126.0) Gecko/20100101 Firefox/126.0"
3.88.141.144 - - [02/Apr/2025:01:59:24 -0400] "GET / HTTP/1.1" 200 98560 "-" "Mozilla/5.0 (Macintosh; Intel Mac OS X 10_15_7) AppleWebKit/537.36 (KHTML, like Gecko) Chrome/108.0.0.0 Safari/537.36"
195.200.29.225 - - [02/Apr/2025:02:10:15 -0400] "GET /building-true-team-spirit-for-peak-performance-in-sports-part-1/ HTTP/1.1" 200 13712 "http://inversionesgoldie.com/building-true-team-spirit-for-peak-performance-in-sports-part-1/" "Mozilla/5.0 (Windows NT 10.0; Win64; x64) AppleWebKit/537.36 (KHTML, like Gecko) Chrome/131.0.0.0 Safari/537.36 Avast/131.0.0.0"
198.54.114.83 - - [02/Apr/2025:02:10:18 -0400] "POST /wp-cron.php?doing_wp_cron=1743574218.4328079223632812500000 HTTP/1.1" 200 0 "-" "WordPress/6.7.2; https://inversionesgoldie.com"
195.200.29.225 - - [02/Apr/2025:02:10:16 -0400] "POST /wp-comments-post.php HTTP/1.1" 302 0 "http://inversionesgoldie.com/building-true-team-spirit-for-peak-performance-in-sports-part-1/" "Mozilla/5.0 (Windows NT 10.0; Win64; x64) AppleWebKit/537.36 (KHTML, like Gecko) Chrome/131.0.0.0 Safari/537.36 Avast/131.0.0.0"
162.213.255.14 - - [02/Apr/2025:02:13:15 -0400] "POST /xmlrpc.php HTTP/1.1" 200 212 "http://inversionesgoldie.com" "Mozilla/5.0 (Macintosh; Intel Mac OS X 13_3) AppleWebKit/537.36 (KHTML, like Gecko) Chrome/126.0.0.0 Safari/537.36 Edg/126.0.0.0"
93.183.89.12 - - [02/Apr/2025:02:15:54 -0400] "GET /building-true-team-spirit-for-peak-performance-in-sports-part-1/ HTTP/1.1" 200 13712 "http://inversionesgoldie.com/building-true-team-spirit-for-peak-performance-in-sports-part-1/" "Mozilla/5.0 (Windows NT 10.0; Win64; x64) AppleWebKit/537.36 (KHTML, like Gecko) Chrome/131.0.0.0 Safari/537.36"
198.54.114.83 - - [02/Apr/2025:02:15:58 -0400] "POST /wp-cron.php?doing_wp_cron=1743574557.9237210750579833984375 HTTP/1.1" 200 0 "-" "WordPress/6.7.2; https://inversionesgoldie.com"
93.183.89.12 - - [02/Apr/2025:02:15:54 -0400] "POST /wp-comments-post.php HTTP/1.1" 302 0 "http://inversionesgoldie.com/building-true-team-spirit-for-peak-performance-in-sports-part-1/" "Mozilla/5.0 (Windows NT 10.0; Win64; x64) AppleWebKit/537.36 (KHTML, like Gecko) Chrome/131.0.0.0 Safari/537.36"
198.54.114.83 - - [02/Apr/2025:02:37:44 -0400] "POST /wp-cron.php?doing_wp_cron=1743575864.3316969871520996093750 HTTP/1.1" 200 0 "-" "WordPress/6.7.2; https://inversionesgoldie.com"
162.0.232.73 - - [02/Apr/2025:02:37:43 -0400] "POST /xmlrpc.php HTTP/1.1" 200 212 "http://inversionesgoldie.com" "Mozilla/5.0 (Macintosh; Intel Mac OS X 14_4_1) AppleWebKit/605.1.15 (KHTML, like Gecko) Version/17.3.1 Safari/605.1.15"
185.121.234.50 - - [02/Apr/2025:02:42:03 -0400] "GET /building-true-team-spirit-for-peak-performance-in-sports-part-1/ HTTP/1.1" 200 13712 "http://inversionesgoldie.com/building-true-team-spirit-for-peak-performance-in-sports-part-1/" "Mozilla/5.0 (Windows NT 10.0; Win64; x64) AppleWebKit/537.36 (KHTML, like Gecko) Chrome/130.0.0.0 Safari/537.36 CCleaner/130.0.0.0"
185.121.234.50 - - [02/Apr/2025:02:42:04 -0400] "POST /wp-comments-post.php HTTP/1.1" 302 0 "http://inversionesgoldie.com/building-true-team-spirit-for-peak-performance-in-sports-part-1/" "Mozilla/5.0 (Windows NT 10.0; Win64; x64) AppleWebKit/537.36 (KHTML, like Gecko) Chrome/130.0.0.0 Safari/537.36 CCleaner/130.0.0.0"
198.54.114.83 - - [02/Apr/2025:03:02:00 -0400] "POST /wp-cron.php?doing_wp_cron=1743577320.0495409965515136718750 HTTP/1.1" 200 0 "-" "WordPress/6.7.2; https://inversionesgoldie.com"
185.199.236.107 - - [02/Apr/2025:03:01:55 -0400] "POST /xmlrpc.php HTTP/1.1" 200 212 "http://inversionesgoldie.com" "Mozilla/5.0 (Macintosh; Intel Mac OS X 13.3; rv:126.0) Gecko/20100101 Firefox/126.0"
195.26.225.218 - - [02/Apr/2025:03:14:23 -0400] "GET /building-true-team-spirit-for-peak-performance-in-sports-part-1/ HTTP/1.1" 200 13712 "http://inversionesgoldie.com/building-true-team-spirit-for-peak-performance-in-sports-part-1/" "Mozilla/5.0 (Windows NT 10.0; Win64; x64) AppleWebKit/537.36 (KHTML, like Gecko) Chrome/130.0.0.0 Safari/537.36 CCleaner/130.0.0.0"
198.54.114.83 - - [02/Apr/2025:03:14:29 -0400] "POST /wp-cron.php?doing_wp_cron=1743578069.2127330303192138671875 HTTP/1.1" 200 0 "-" "WordPress/6.7.2; https://inversionesgoldie.com"
195.26.225.218 - - [02/Apr/2025:03:14:24 -0400] "POST /wp-comments-post.php HTTP/1.1" 302 0 "http://inversionesgoldie.com/building-true-team-spirit-for-peak-performance-in-sports-part-1/" "Mozilla/5.0 (Windows NT 10.0; Win64; x64) AppleWebKit/537.36 (KHTML, like Gecko) Chrome/130.0.0.0 Safari/537.36 CCleaner/130.0.0.0"
198.54.114.83 - - [02/Apr/2025:03:26:15 -0400] "POST /wp-cron.php?doing_wp_cron=1743578774.8092889785766601562500 HTTP/1.1" 200 0 "-" "WordPress/6.7.2; https://inversionesgoldie.com"
66.29.146.101 - - [02/Apr/2025:03:26:10 -0400] "POST /xmlrpc.php HTTP/1.1" 200 212 "http://inversionesgoldie.com" "Mozilla/5.0 (Windows NT 10.0; Win64; x64) AppleWebKit/537.36 (KHTML, like Gecko) Chrome/112.0.5615.138 Safari/537.36"
198.54.114.83 - - [02/Apr/2025:03:51:46 -0400] "POST /wp-cron.php?doing_wp_cron=1743580305.5371699333190917968750 HTTP/1.1" 200 0 "-" "WordPress/6.7.2; https://inversionesgoldie.com"
209.172.2.50 - - [02/Apr/2025:03:51:42 -0400] "POST /xmlrpc.php HTTP/1.1" 200 212 "http://inversionesgoldie.com" "Mozilla/5.0 (Windows NT 10.0; Win64; x64; rv:126.0) Gecko/20100101 Firefox/126.0"
108.59.3.52 - - [02/Apr/2025:04:04:23 -0400] "GET /.env HTTP/1.1" 403 1242 "-" "python-requests/2.26.0"
108.59.3.52 - - [02/Apr/2025:04:04:23 -0400] "POST / HTTP/1.1" 200 98560 "-" "python-requests/2.26.0"
105.72.0.121 - - [02/Apr/2025:04:10:44 -0400] "GET /wp-login.php HTTP/1.1" 302 0 "-" "python-requests/2.32.3"
105.72.0.121 - - [02/Apr/2025:04:10:45 -0400] "POST /wp-login.php HTTP/1.1" 302 0 "-" "Mozilla/5.0 (X11; Linux x86_64) AppleWebKit/537.36 (KHTML, like Gecko) Chrome/87.0.4280.66 Safari/537.36"
198.54.114.83 - - [02/Apr/2025:04:16:04 -0400] "POST /wp-cron.php?doing_wp_cron=1743581761.6166279315948486328125 HTTP/1.1" 200 0 "-" "WordPress/6.7.2; https://inversionesgoldie.com"
43.137.5.134 - - [02/Apr/2025:04:15:55 -0400] "GET /wp-login.php HTTP/1.1" 302 0 "-" "Apache-HttpClient/4.5.2 (Java/1.8.0_161)"
43.137.5.134 - - [02/Apr/2025:04:16:20 -0400] "GET /?author=1 HTTP/1.1" 200 98560 "-" "Apache-HttpClient/4.5.2 (Java/1.8.0_161)"
43.137.5.134 - - [02/Apr/2025:04:16:21 -0400] "GET /?author=2 HTTP/1.1" 200 98560 "-" "Apache-HttpClient/4.5.2 (Java/1.8.0_161)"
43.137.5.134 - - [02/Apr/2025:04:16:22 -0400] "GET /?author=3 HTTP/1.1" 200 98560 "-" "Apache-HttpClient/4.5.2 (Java/1.8.0_161)"
43.137.5.134 - - [02/Apr/2025:04:16:23 -0400] "GET /?author=4 HTTP/1.1" 200 98560 "-" "Apache-HttpClient/4.5.2 (Java/1.8.0_161)"
43.137.5.134 - - [02/Apr/2025:04:16:25 -0400] "GET /?author=5 HTTP/1.1" 200 98560 "-" "Apache-HttpClient/4.5.2 (Java/1.8.0_161)"
43.137.5.134 - - [02/Apr/2025:04:16:26 -0400] "GET /?author=6 HTTP/1.1" 200 98560 "-" "Apache-HttpClient/4.5.2 (Java/1.8.0_161)"
43.137.5.134 - - [02/Apr/2025:04:16:27 -0400] "GET /?author=7 HTTP/1.1" 200 98560 "-" "Apache-HttpClient/4.5.2 (Java/1.8.0_161)"
43.137.5.134 - - [02/Apr/2025:04:16:32 -0400] "GET /?author=8 HTTP/1.1" 200 98560 "-" "Apache-HttpClient/4.5.2 (Java/1.8.0_161)"
43.137.5.134 - - [02/Apr/2025:04:16:36 -0400] "GET /?author=9 HTTP/1.1" 200 98560 "-" "Apache-HttpClient/4.5.2 (Java/1.8.0_161)"
43.137.5.134 - - [02/Apr/2025:04:16:36 -0400] "GET /?author=10 HTTP/1.1" 200 98560 "-" "Apache-HttpClient/4.5.2 (Java/1.8.0_161)"
43.137.5.134 - - [02/Apr/2025:04:16:37 -0400] "GET /?author=11 HTTP/1.1" 200 98560 "-" "Apache-HttpClient/4.5.2 (Java/1.8.0_161)"
43.137.5.134 - - [02/Apr/2025:04:16:38 -0400] "GET /?author=12 HTTP/1.1" 200 98560 "-" "Apache-HttpClient/4.5.2 (Java/1.8.0_161)"
43.137.5.134 - - [02/Apr/2025:04:16:39 -0400] "GET /?author=13 HTTP/1.1" 200 98560 "-" "Apache-HttpClient/4.5.2 (Java/1.8.0_161)"
43.137.5.134 - - [02/Apr/2025:04:16:40 -0400] "GET /?author=14 HTTP/1.1" 200 98560 "-" "Apache-HttpClient/4.5.2 (Java/1.8.0_161)"
43.137.5.134 - - [02/Apr/2025:04:16:41 -0400] "GET /?author=15 HTTP/1.1" 200 98560 "-" "Apache-HttpClient/4.5.2 (Java/1.8.0_161)"
43.137.5.134 - - [02/Apr/2025:04:16:43 -0400] "GET /?author=16 HTTP/1.1" 200 98560 "-" "Apache-HttpClient/4.5.2 (Java/1.8.0_161)"
43.137.5.134 - - [02/Apr/2025:04:16:44 -0400] "GET /?author=17 HTTP/1.1" 200 98560 "-" "Apache-HttpClient/4.5.2 (Java/1.8.0_161)"
43.137.5.134 - - [02/Apr/2025:04:16:46 -0400] "GET /?author=18 HTTP/1.1" 200 98560 "-" "Apache-HttpClient/4.5.2 (Java/1.8.0_161)"
43.137.5.134 - - [02/Apr/2025:04:16:47 -0400] "GET /?author=19 HTTP/1.1" 200 98560 "-" "Apache-HttpClient/4.5.2 (Java/1.8.0_161)"
43.137.5.134 - - [02/Apr/2025:04:16:48 -0400] "GET /?author=20 HTTP/1.1" 200 98560 "-" "Apache-HttpClient/4.5.2 (Java/1.8.0_161)"
175.6.217.4 - - [02/Apr/2025:04:17:40 -0400] "GET / HTTP/1.1" 200 98560 "-" "Mozilla/5.0 (iPhone; CPU iPhone OS 13_2_3 like Mac OS X) AppleWebKit/605.1.15 (KHTML, like Gecko) Version/13.0.3 Mobile/15E148 Safari/604.1"
198.54.114.83 - - [02/Apr/2025:04:19:20 -0400] "POST /wp-cron.php?doing_wp_cron=1743581960.7832739353179931640625 HTTP/1.1" 200 0 "-" "WordPress/6.7.2; https://inversionesgoldie.com"
162.213.255.38 - - [02/Apr/2025:04:19:20 -0400] "POST /xmlrpc.php HTTP/1.1" 200 212 "http://inversionesgoldie.com" "Mozilla/5.0 (Macintosh; Intel Mac OS X 10_15_7; rv:127.0) Gecko/20100101 Firefox/127.0"
2001:41d0:2:ca9a::1 - - [02/Apr/2025:04:19:26 -0400] "GET /wp-login.php HTTP/1.1" 302 0 "-" "Mozilla/5.0 (Windows NT 10.0; Win64; x64; rv:83.0) Gecko/20100101 Firefox/83.0"
167.172.130.206 - - [02/Apr/2025:04:29:00 -0400] "GET / HTTP/1.1" 200 98560 "-" "Mozilla/5.0 (Windows NT 10.0; Win64; x64) AppleWebKit/537.36 (KHTML, like Gecko) Chrome/80.0.3987.149 Safari/537.36"
167.172.130.206 - - [02/Apr/2025:04:29:05 -0400] "GET / HTTP/1.1" 200 98560 "-" "Mozilla/5.0 (Windows NT 10.0; Win64; x64) AppleWebKit/537.36 (KHTML, like Gecko) Chrome/80.0.3987.149 Safari/537.36"
167.172.130.206 - - [02/Apr/2025:04:29:07 -0400] "GET /wp-includes/wlwmanifest.xml HTTP/1.1" 500 1083 "-" "Mozilla/5.0 (Windows NT 10.0; Win64; x64) AppleWebKit/537.36 (KHTML, like Gecko) Chrome/80.0.3987.149 Safari/537.36"
167.172.130.206 - - [02/Apr/2025:04:29:09 -0400] "GET /xmlrpc.php?rsd HTTP/1.1" 200 0 "-" "Mozilla/5.0 (Windows NT 10.0; Win64; x64) AppleWebKit/537.36 (KHTML, like Gecko) Chrome/80.0.3987.149 Safari/537.36"
167.172.130.206 - - [02/Apr/2025:04:29:10 -0400] "GET / HTTP/1.1" 200 98560 "-" "Mozilla/5.0 (Windows NT 10.0; Win64; x64) AppleWebKit/537.36 (KHTML, like Gecko) Chrome/80.0.3987.149 Safari/537.36"
198.54.114.83 - - [02/Apr/2025:04:29:24 -0400] "POST /wp-cron.php?doing_wp_cron=1743582554.0186359882354736328125 HTTP/1.1" 200 0 "-" "WordPress/6.7.2; https://inversionesgoldie.com"
167.172.130.206 - - [02/Apr/2025:04:29:12 -0400] "GET /blog/wp-includes/wlwmanifest.xml HTTP/1.1" 404 8272 "-" "Mozilla/5.0 (Windows NT 10.0; Win64; x64) AppleWebKit/537.36 (KHTML, like Gecko) Chrome/80.0.3987.149 Safari/537.36"
167.172.130.206 - - [02/Apr/2025:04:29:40 -0400] "GET /blog//?author=1 HTTP/1.1" 301 0 "-" "Mozilla/5.0 (Windows NT 10.0; Win64; x64) AppleWebKit/537.36 (KHTML, like Gecko) Chrome/80.0.3987.149 Safari/537.36"
167.172.130.206 - - [02/Apr/2025:04:29:46 -0400] "GET /blog//?author=2 HTTP/1.1" 301 0 "-" "Mozilla/5.0 (Windows NT 10.0; Win64; x64) AppleWebKit/537.36 (KHTML, like Gecko) Chrome/80.0.3987.149 Safari/537.36"
167.172.130.206 - - [02/Apr/2025:04:29:59 -0400] "GET /blog//wp-json/wp/v2/users/ HTTP/1.1" 301 0 "-" "Mozilla/5.0 (Windows NT 10.0; Win64; x64) AppleWebKit/537.36 (KHTML, like Gecko) Chrome/80.0.3987.149 Safari/537.36"
167.172.130.206 - - [02/Apr/2025:04:30:03 -0400] "GET /blog//wp-json/oembed/1.0/embed?url=http://inversionesgoldie.com/blog/ HTTP/1.1" 301 0 "-" "Mozilla/5.0 (Windows NT 10.0; Win64; x64) AppleWebKit/537.36 (KHTML, like Gecko) Chrome/80.0.3987.149 Safari/537.36"
167.172.130.206 - - [02/Apr/2025:04:30:08 -0400] "POST /blog//xmlrpc.php HTTP/1.1" 404 8225 "-" "Mozilla/5.0 (Windows NT 10.0; Win64; x64) AppleWebKit/537.36 (KHTML, like Gecko) Chrome/80.0.3987.149 Safari/537.36"
170.205.36.101 - - [02/Apr/2025:04:37:17 -0400] "GET /commercial-building-disclosure-has-arrived/ HTTP/1.1" 200 13303 "http://inversionesgoldie.com/commercial-building-disclosure-has-arrived/" "Mozilla/5.0 (Windows NT 10.0; Win64; x64) AppleWebKit/537.36 (KHTML, like Gecko) Chrome/131.0.0.0 Safari/537.36"
198.54.114.83 - - [02/Apr/2025:04:37:27 -0400] "POST /wp-cron.php?doing_wp_cron=1743583047.1213300228118896484375 HTTP/1.1" 200 0 "-" "WordPress/6.7.2; https://inversionesgoldie.com"
170.205.36.101 - - [02/Apr/2025:04:37:22 -0400] "POST /wp-comments-post.php HTTP/1.1" 200 1166 "http://inversionesgoldie.com/commercial-building-disclosure-has-arrived/" "Mozilla/5.0 (Windows NT 10.0; Win64; x64) AppleWebKit/537.36 (KHTML, like Gecko) Chrome/131.0.0.0 Safari/537.36"
162.0.235.20 - - [02/Apr/2025:04:47:18 -0400] "POST /xmlrpc.php HTTP/1.1" 200 212 "http://inversionesgoldie.com" "Mozilla/5.0 (Macintosh; Intel Mac OS X 10_15_7; rv:129.0) Gecko/20100101 Firefox/129.0"
198.54.114.83 - - [02/Apr/2025:04:47:21 -0400] "POST /wp-cron.php?doing_wp_cron=1743583640.1068611145019531250000 HTTP/1.1" 200 0 "-" "WordPress/6.7.2; https://inversionesgoldie.com"
198.54.114.83 - - [02/Apr/2025:04:49:13 -0400] "POST /wp-cron.php?doing_wp_cron=1743583752.9127180576324462890625 HTTP/1.1" 200 0 "-" "WordPress/6.7.2; https://inversionesgoldie.com"
103.216.223.206 - - [02/Apr/2025:04:49:09 -0400] "GET /wp-content/uploads/2017-------/09/wp-console.php HTTP/1.1" 404 8274 "-" "Mozilla/5.0 (Linux; Android 11; M2010J19SI) AppleWebKit/537.36 (KHTML, like Gecko) Chrome/109.0.0.0 Mobile Safari/537.36"
103.216.223.206 - - [02/Apr/2025:04:49:16 -0400] "GET /wp-includes/js/crop/uword.php HTTP/1.1" 404 8272 "-" "Mozilla/5.0 (Linux; Android 11; M2010J19SI) AppleWebKit/537.36 (KHTML, like Gecko) Chrome/109.0.0.0 Mobile Safari/537.36"
103.216.223.206 - - [02/Apr/2025:04:49:18 -0400] "GET /wp-content/themes/bltm/wp-login.php HTTP/1.1" 404 8272 "-" "Mozilla/5.0 (Linux; Android 11; M2010J19SI) AppleWebKit/537.36 (KHTML, like Gecko) Chrome/109.0.0.0 Mobile Safari/537.36"
103.216.223.206 - - [02/Apr/2025:04:49:20 -0400] "GET /autoload_classmap.php HTTP/1.1" 404 8273 "-" "Mozilla/5.0 (Linux; Android 11; M2010J19SI) AppleWebKit/537.36 (KHTML, like Gecko) Chrome/109.0.0.0 Mobile Safari/537.36"
103.216.223.206 - - [02/Apr/2025:04:49:23 -0400] "GET /wp-content/uploads/2014/07/olx.php HTTP/1.1" 404 8273 "-" "Mozilla/5.0 (Linux; Android 11; M2010J19SI) AppleWebKit/537.36 (KHTML, like Gecko) Chrome/109.0.0.0 Mobile Safari/537.36"
103.216.223.206 - - [02/Apr/2025:04:49:25 -0400] "GET /wp-admin/css/colors/midnight/index.php HTTP/1.1" 301 0 "-" "Mozilla/5.0 (Linux; Android 11; M2010J19SI) AppleWebKit/537.36 (KHTML, like Gecko) Chrome/109.0.0.0 Mobile Safari/537.36"
103.216.223.206 - - [02/Apr/2025:04:49:26 -0400] "GET /wp-admin/css/colors/midnight/ HTTP/1.1" 403 1242 "-" "Mozilla/5.0 (Linux; Android 11; M2010J19SI) AppleWebKit/537.36 (KHTML, like Gecko) Chrome/109.0.0.0 Mobile Safari/537.36"
103.216.223.206 - - [02/Apr/2025:04:49:27 -0400] "GET /wp-content/uploads/2020/wp-couldent.php.suspected HTTP/1.1" 404 8272 "-" "Mozilla/5.0 (Linux; Android 11; M2010J19SI) AppleWebKit/537.36 (KHTML, like Gecko) Chrome/109.0.0.0 Mobile Safari/537.36"
103.216.223.206 - - [02/Apr/2025:04:49:32 -0400] "GET /wp-content/plugins/523453244/ninja.php HTTP/1.1" 404 8271 "-" "Mozilla/5.0 (Linux; Android 11; M2010J19SI) AppleWebKit/537.36 (KHTML, like Gecko) Chrome/109.0.0.0 Mobile Safari/537.36"
103.216.223.206 - - [02/Apr/2025:04:49:34 -0400] "GET /wp-includes/js/imgareaselect/index.php HTTP/1.1" 301 0 "-" "Mozilla/5.0 (Linux; Android 11; M2010J19SI) AppleWebKit/537.36 (KHTML, like Gecko) Chrome/109.0.0.0 Mobile Safari/537.36"
103.216.223.206 - - [02/Apr/2025:04:49:36 -0400] "GET /wp-includes/js/imgareaselect/ HTTP/1.1" 403 1242 "-" "Mozilla/5.0 (Linux; Android 11; M2010J19SI) AppleWebKit/537.36 (KHTML, like Gecko) Chrome/109.0.0.0 Mobile Safari/537.36"
103.216.223.206 - - [02/Apr/2025:04:49:36 -0400] "GET /wp-includes/PHPMailer/load.php HTTP/1.1" 404 8272 "-" "Mozilla/5.0 (Linux; Android 11; M2010J19SI) AppleWebKit/537.36 (KHTML, like Gecko) Chrome/109.0.0.0 Mobile Safari/537.36"
103.216.223.206 - - [02/Apr/2025:04:49:39 -0400] "GET /wp-links.php HTTP/1.1" 404 8272 "-" "Mozilla/5.0 (Linux; Android 11; M2010J19SI) AppleWebKit/537.36 (KHTML, like Gecko) Chrome/109.0.0.0 Mobile Safari/537.36"
103.216.223.206 - - [02/Apr/2025:04:49:40 -0400] "GET /wp-aa.php HTTP/1.1" 404 8271 "-" "Mozilla/5.0 (Linux; Android 11; M2010J19SI) AppleWebKit/537.36 (KHTML, like Gecko) Chrome/109.0.0.0 Mobile Safari/537.36"
103.216.223.206 - - [02/Apr/2025:04:49:43 -0400] "GET /wp-content/themes/travelscape/json.php HTTP/1.1" 404 8272 "-" "Mozilla/5.0 (Linux; Android 11; M2010J19SI) AppleWebKit/537.36 (KHTML, like Gecko) Chrome/109.0.0.0 Mobile Safari/537.36"
103.216.223.206 - - [02/Apr/2025:04:49:45 -0400] "GET /wp-content/themes/travel/issue.php HTTP/1.1" 404 8274 "-" "Mozilla/5.0 (Linux; Android 11; M2010J19SI) AppleWebKit/537.36 (KHTML, like Gecko) Chrome/109.0.0.0 Mobile Safari/537.36"
103.216.223.206 - - [02/Apr/2025:04:49:46 -0400] "GET /about.php HTTP/1.1" 404 8272 "-" "Mozilla/5.0 (Linux; Android 11; M2010J19SI) AppleWebKit/537.36 (KHTML, like Gecko) Chrome/109.0.0.0 Mobile Safari/537.36"
103.216.223.206 - - [02/Apr/2025:04:49:47 -0400] "GET /xx.php HTTP/1.1" 404 8272 "-" "Mozilla/5.0 (Linux; Android 11; M2010J19SI) AppleWebKit/537.36 (KHTML, like Gecko) Chrome/109.0.0.0 Mobile Safari/537.36"
198.54.114.83 - - [02/Apr/2025:04:49:49 -0400] "POST /wp-cron.php?doing_wp_cron=1743583789.3566970825195312500000 HTTP/1.1" 200 0 "-" "WordPress/6.7.2; https://inversionesgoldie.com"
103.216.223.206 - - [02/Apr/2025:04:49:49 -0400] "GET /wp-content/themes/digital-download/new.php HTTP/1.1" 404 8272 "-" "Mozilla/5.0 (Linux; Android 11; M2010J19SI) AppleWebKit/537.36 (KHTML, like Gecko) Chrome/109.0.0.0 Mobile Safari/537.36"
103.216.223.206 - - [02/Apr/2025:04:49:51 -0400] "GET /epinyins.php HTTP/1.1" 404 8271 "-" "Mozilla/5.0 (Linux; Android 11; M2010J19SI) AppleWebKit/537.36 (KHTML, like Gecko) Chrome/109.0.0.0 Mobile Safari/537.36"
103.216.223.206 - - [02/Apr/2025:04:49:52 -0400] "GET /wp-admin/dropdown.php HTTP/1.1" 404 8272 "-" "Mozilla/5.0 (Linux; Android 11; M2010J19SI) AppleWebKit/537.36 (KHTML, like Gecko) Chrome/109.0.0.0 Mobile Safari/537.36"
103.216.223.206 - - [02/Apr/2025:04:49:54 -0400] "GET /dropdown.php HTTP/1.1" 404 8272 "-" "Mozilla/5.0 (Linux; Android 11; M2010J19SI) AppleWebKit/537.36 (KHTML, like Gecko) Chrome/109.0.0.0 Mobile Safari/537.36"
103.216.223.206 - - [02/Apr/2025:04:49:57 -0400] "GET /wp-admin/css/index.php HTTP/1.1" 301 0 "-" "Mozilla/5.0 (Linux; Android 11; M2010J19SI) AppleWebKit/537.36 (KHTML, like Gecko) Chrome/109.0.0.0 Mobile Safari/537.36"
103.216.223.206 - - [02/Apr/2025:04:49:59 -0400] "GET /wp-admin/css/ HTTP/1.1" 403 1242 "-" "Mozilla/5.0 (Linux; Android 11; M2010J19SI) AppleWebKit/537.36 (KHTML, like Gecko) Chrome/109.0.0.0 Mobile Safari/537.36"
103.216.223.206 - - [02/Apr/2025:04:50:00 -0400] "GET /wp-content/mah.php HTTP/1.1" 404 8272 "-" "Mozilla/5.0 (Linux; Android 11; M2010J19SI) AppleWebKit/537.36 (KHTML, like Gecko) Chrome/109.0.0.0 Mobile Safari/537.36"
103.216.223.206 - - [02/Apr/2025:04:50:02 -0400] "GET /wp-content/item.php HTTP/1.1" 404 8272 "-" "Mozilla/5.0 (Linux; Android 11; M2010J19SI) AppleWebKit/537.36 (KHTML, like Gecko) Chrome/109.0.0.0 Mobile Safari/537.36"
222.186.134.234 - - [02/Apr/2025:04:50:03 -0400] "GET /?rest_route=/wp/v2/users/ HTTP/1.1" 200 98560 "http://inversionesgoldie.com" "Mozilla/5.0 (compatible; iaskspider/1.0; MSIE 6.0)"
103.216.223.206 - - [02/Apr/2025:04:50:04 -0400] "GET /wp-content/plugins/shell/about.php HTTP/1.1" 404 8274 "-" "Mozilla/5.0 (Linux; Android 11; M2010J19SI) AppleWebKit/537.36 (KHTML, like Gecko) Chrome/109.0.0.0 Mobile Safari/537.36"
103.216.223.206 - - [02/Apr/2025:04:50:06 -0400] "GET /wp-content/plugins/pwnd/pwnd.php HTTP/1.1" 404 8272 "-" "Mozilla/5.0 (Linux; Android 11; M2010J19SI) AppleWebKit/537.36 (KHTML, like Gecko) Chrome/109.0.0.0 Mobile Safari/537.36"
103.216.223.206 - - [02/Apr/2025:04:50:09 -0400] "GET /wp-content/plugins/fix/up.php HTTP/1.1" 404 8272 "-" "Mozilla/5.0 (Linux; Android 11; M2010J19SI) AppleWebKit/537.36 (KHTML, like Gecko) Chrome/109.0.0.0 Mobile Safari/537.36"
103.216.223.206 - - [02/Apr/2025:04:50:12 -0400] "GET /wp-content/plugins/ph-file-manager/wp-file.php HTTP/1.1" 404 8272 "-" "Mozilla/5.0 (Linux; Android 11; M2010J19SI) AppleWebKit/537.36 (KHTML, like Gecko) Chrome/109.0.0.0 Mobile Safari/537.36"
103.216.223.206 - - [02/Apr/2025:04:50:14 -0400] "GET /wp-content/plugins/root-file-manager/wp-file.php HTTP/1.1" 404 8273 "-" "Mozilla/5.0 (Linux; Android 11; M2010J19SI) AppleWebKit/537.36 (KHTML, like Gecko) Chrome/109.0.0.0 Mobile Safari/537.36"
103.216.223.206 - - [02/Apr/2025:04:50:17 -0400] "GET /wp-content/plugins/wp-help/mini.php HTTP/1.1" 404 8272 "-" "Mozilla/5.0 (Linux; Android 11; M2010J19SI) AppleWebKit/537.36 (KHTML, like Gecko) Chrome/109.0.0.0 Mobile Safari/537.36"
103.216.223.206 - - [02/Apr/2025:04:50:19 -0400] "GET /wp-content/themes/travel/issue.php HTTP/1.1" 404 8274 "-" "Mozilla/5.0 (Linux; Android 11; M2010J19SI) AppleWebKit/537.36 (KHTML, like Gecko) Chrome/109.0.0.0 Mobile Safari/537.36"
103.216.223.206 - - [02/Apr/2025:04:50:20 -0400] "GET /wp-content/themes/jaida/lang.php HTTP/1.1" 404 8272 "-" "Mozilla/5.0 (Linux; Android 11; M2010J19SI) AppleWebKit/537.36 (KHTML, like Gecko) Chrome/109.0.0.0 Mobile Safari/537.36"
103.216.223.206 - - [02/Apr/2025:04:50:22 -0400] "GET /wp-l0gin.php HTTP/1.1" 404 8272 "-" "Mozilla/5.0 (Linux; Android 11; M2010J19SI) AppleWebKit/537.36 (KHTML, like Gecko) Chrome/109.0.0.0 Mobile Safari/537.36"
103.216.223.206 - - [02/Apr/2025:04:50:24 -0400] "GET /ext.php HTTP/1.1" 404 8272 "-" "Mozilla/5.0 (Linux; Android 11; M2010J19SI) AppleWebKit/537.36 (KHTML, like Gecko) Chrome/109.0.0.0 Mobile Safari/537.36"
103.216.223.206 - - [02/Apr/2025:04:50:27 -0400] "GET /wp-l0gin.php HTTP/1.1" 404 8272 "-" "Mozilla/5.0 (Linux; Android 11; M2010J19SI) AppleWebKit/537.36 (KHTML, like Gecko) Chrome/109.0.0.0 Mobile Safari/537.36"
124.220.171.218 - - [02/Apr/2025:05:10:07 -0400] "GET / HTTP/1.1" 200 98560 "-" "Mozilla/5.0 (Linux; Android 10; LIO-AN00 Build/HUAWEILIO-AN00; wv) MicroMessenger Weixin QQ AppleWebKit/537.36 (KHTML, like Gecko) Version/4.0 Chrome/78.0.3904.62 XWEB/2692 MMWEBSDK/200901 Mobile Safari/537.36"
124.220.171.218 - - [02/Apr/2025:05:10:27 -0400] "GET / HTTP/1.1" 200 98560 "-" "Mozilla/5.0 (Linux; Android 10; LIO-AN00 Build/HUAWEILIO-AN00; wv) MicroMessenger Weixin QQ AppleWebKit/537.36 (KHTML, like Gecko) Version/4.0 Chrome/78.0.3904.62 XWEB/2692 MMWEBSDK/200901 Mobile Safari/537.36"
124.220.171.218 - - [02/Apr/2025:05:10:47 -0400] "GET / HTTP/1.1" 200 98560 "-" "Mozilla/5.0 (Linux; Android 10; LIO-AN00 Build/HUAWEILIO-AN00; wv) MicroMessenger Weixin QQ AppleWebKit/537.36 (KHTML, like Gecko) Version/4.0 Chrome/78.0.3904.62 XWEB/2692 MMWEBSDK/200901 Mobile Safari/537.36"
198.54.114.83 - - [02/Apr/2025:05:25:45 -0400] "POST /wp-cron.php?doing_wp_cron=1743585944.9921529293060302734375 HTTP/1.1" 200 0 "-" "WordPress/6.7.2; https://inversionesgoldie.com"
93.123.109.101 - - [02/Apr/2025:05:25:41 -0400] "GET /lzdmod/jquery/5.0.9/index.js HTTP/1.1" 404 8272 "-" "Mozilla/5.0 (Windows NT 10.0; Win64; x64) AppleWebKit/537.36 Chrome/121.0.0.0"
124.220.171.218 - - [02/Apr/2025:05:25:50 -0400] "GET / HTTP/1.1" 200 98560 "-" "Mozilla/5.0 (Linux; Android 10; LIO-AN00 Build/HUAWEILIO-AN00; wv) MicroMessenger Weixin QQ AppleWebKit/537.36 (KHTML, like Gecko) Version/4.0 Chrome/78.0.3904.62 XWEB/2692 MMWEBSDK/200901 Mobile Safari/537.36"
124.220.171.218 - - [02/Apr/2025:05:26:10 -0400] "GET / HTTP/1.1" 200 98560 "-" "Mozilla/5.0 (Linux; Android 10; LIO-AN00 Build/HUAWEILIO-AN00; wv) MicroMessenger Weixin QQ AppleWebKit/537.36 (KHTML, like Gecko) Version/4.0 Chrome/78.0.3904.62 XWEB/2692 MMWEBSDK/200901 Mobile Safari/537.36"
124.220.171.218 - - [02/Apr/2025:05:26:29 -0400] "GET / HTTP/1.1" 200 98560 "-" "Mozilla/5.0 (Linux; Android 10; LIO-AN00 Build/HUAWEILIO-AN00; wv) MicroMessenger Weixin QQ AppleWebKit/537.36 (KHTML, like Gecko) Version/4.0 Chrome/78.0.3904.62 XWEB/2692 MMWEBSDK/200901 Mobile Safari/537.36"
93.123.109.123 - - [02/Apr/2025:05:31:22 -0400] "GET / HTTP/1.1" 200 98560 "-" "Mozilla/5.0 (Windows NT 10.0; Win64; x64) AppleWebKit/537.36 (KHTML, like Gecko) Chrome/42.0.2311.135 Safari/537.36 Edge/12.246"
198.54.114.83 - - [02/Apr/2025:05:44:54 -0400] "POST /wp-cron.php?doing_wp_cron=1743587093.9595730304718017578125 HTTP/1.1" 200 0 "-" "WordPress/6.7.2; https://inversionesgoldie.com"
198.186.130.214 - - [02/Apr/2025:05:44:49 -0400] "POST /xmlrpc.php HTTP/1.1" 200 212 "http://inversionesgoldie.com" "Mozilla/5.0 (Windows NT 10.0; Win64; x64; rv:127.0) Gecko/20100101 Firefox/127.0"
45.76.209.208 - - [02/Apr/2025:05:56:04 -0400] "GET /wp-login.php HTTP/1.1" 302 0 "-" "Mozilla/5.0"
85.208.98.23 - - [02/Apr/2025:05:57:28 -0400] "GET /robots.txt HTTP/1.1" 304 0 "-" "Mozilla/5.0 (compatible; SemrushBot-BA; +http://www.semrush.com/bot.html)"
173.249.25.126 - - [02/Apr/2025:05:59:33 -0400] "GET / HTTP/1.1" 200 98560 "-" "Mozilla/5.0 (compatible; t3versionsBot/1.0; +https://www.t3versions.com/bot)"
77.98.83.249 - - [02/Apr/2025:06:08:01 -0400] "POST /xmlrpc.php HTTP/1.1" 200 212 "-" "Mozilla/5.0 (Macintosh; Intel Mac OS X 10_15_7) AppleWebKit/605.1.15 (KHTML, like Gecko) Version/15.1 Safari/605.1.15"
116.101.204.132 - - [02/Apr/2025:06:08:02 -0400] "POST /xmlrpc.php HTTP/1.1" 200 212 "-" "Mozilla/5.0 (Macintosh; Intel Mac OS X 10_15_7) AppleWebKit/605.1.15 (KHTML, like Gecko) Version/15.1 Safari/605.1.15"
198.54.114.83 - - [02/Apr/2025:06:12:29 -0400] "POST /wp-cron.php?doing_wp_cron=1743588749.5054929256439208984375 HTTP/1.1" 200 0 "-" "WordPress/6.7.2; https://inversionesgoldie.com"
139.59.100.51 - - [02/Apr/2025:06:12:25 -0400] "GET /wp-content/plugins/pwnd/pwnd.php HTTP/1.1" 404 8271 "-" "Mozilla/5.0 (Linux; Android 7.0; SM-G892A Build/NRD90M; wv) AppleWebKit/537.36 (KHTML, like Gecko) Version/4.0 Chrome/60.0.3112.107 Mobile Safari/537.36"
139.59.100.51 - - [02/Apr/2025:06:12:39 -0400] "GET /wp-content/plugins/pwnd-1/pwnd.php HTTP/1.1" 404 8271 "-" "Mozilla/5.0 (Linux; Android 7.0; SM-G892A Build/NRD90M; wv) AppleWebKit/537.36 (KHTML, like Gecko) Version/4.0 Chrome/60.0.3112.107 Mobile Safari/537.36"
198.54.114.83 - - [02/Apr/2025:06:12:54 -0400] "POST /wp-cron.php?doing_wp_cron=1743588774.2689120769500732421875 HTTP/1.1" 200 0 "-" "WordPress/6.7.2; https://inversionesgoldie.com"
139.59.100.51 - - [02/Apr/2025:06:12:53 -0400] "GET /wp-content/plugins/pwnd-2/pwnd.php HTTP/1.1" 404 8273 "-" "Mozilla/5.0 (Linux; Android 7.0; SM-G892A Build/NRD90M; wv) AppleWebKit/537.36 (KHTML, like Gecko) Version/4.0 Chrome/60.0.3112.107 Mobile Safari/537.36"
139.59.100.51 - - [02/Apr/2025:06:13:14 -0400] "GET /wp-content/plugins/fix/up.php HTTP/1.1" 404 8273 "-" "Mozilla/5.0 (Linux; Android 7.0; SM-G892A Build/NRD90M; wv) AppleWebKit/537.36 (KHTML, like Gecko) Version/4.0 Chrome/60.0.3112.107 Mobile Safari/537.36"
103.169.35.190 - - [02/Apr/2025:06:14:25 -0400] "POST /xmlrpc.php HTTP/1.1" 200 212 "http://inversionesgoldie.com" "Mozilla/5.0 (Windows NT 10.0; Win64; x64) AppleWebKit/537.36 (KHTML, like Gecko) Chrome/112.0.5615.138 Safari/537.36"
103.159.37.228 - - [02/Apr/2025:06:44:14 -0400] "POST /xmlrpc.php HTTP/1.1" 200 212 "http://inversionesgoldie.com" "Mozilla/5.0 (Windows NT 10.0; Win64; x64) AppleWebKit/537.36 (KHTML, like Gecko) Chrome/116.0.5845.96 Safari/537.36"
198.54.114.83 - - [02/Apr/2025:06:50:28 -0400] "POST /wp-cron.php?doing_wp_cron=1743591028.2215359210968017578125 HTTP/1.1" 200 0 "-" "WordPress/6.7.2; https://inversionesgoldie.com"
103.235.174.21 - - [02/Apr/2025:06:50:24 -0400] "GET /zb_users/plugin/UEditor/themes/default/images/cancelbutton.gif HTTP/1.1" 404 8271 "http://inversionesgoldie.com" "Mozilla/5.0 (Windows NT 10.0; Win64; x64) AppleWebKit/537.36 (KHTML, like Gecko) Chrome/83.0.4103.61 Safari/537.36"
103.235.174.21 - - [02/Apr/2025:06:50:34 -0400] "GET /zb_users/plugin/UEditor/themes/default/images/cursor_v.gif HTTP/1.1" 404 8271 "http://inversionesgoldie.com" "Mozilla/5.0 (Windows NT 10.0; Win64; x64) AppleWebKit/537.36 (KHTML, like Gecko) Chrome/83.0.4103.61 Safari/537.36"
103.235.174.21 - - [02/Apr/2025:06:50:39 -0400] "GET /zb_users/emotion/face/Music.gif HTTP/1.1" 404 8271 "http://inversionesgoldie.com" "Mozilla/5.0 (Windows NT 10.0; Win64; x64) AppleWebKit/537.36 (KHTML, like Gecko) Chrome/83.0.4103.61 Safari/537.36"
198.54.114.83 - - [02/Apr/2025:07:13:56 -0400] "POST /wp-cron.php?doing_wp_cron=1743592435.7064681053161621093750 HTTP/1.1" 200 0 "-" "WordPress/6.7.2; https://inversionesgoldie.com"
67.223.118.141 - - [02/Apr/2025:07:13:52 -0400] "POST /xmlrpc.php HTTP/1.1" 200 212 "http://inversionesgoldie.com" "Mozilla/5.0 (Windows NT 10.0; Win64; x64) AppleWebKit/537.36 (KHTML, like Gecko) Chrome/114.0.5735.199 Safari/537.36 Edg/114.0.1823.67"
52.81.237.92 - - [02/Apr/2025:07:32:42 -0400] "GET / HTTP/1.1" 200 98560 "-" "Mozilla/5.0 (Windows NT 9_1_2; Win64; x64) AppleWebKit/553.51 (KHTML, like Gecko) Chrome/71.0.2494 Safari/537.36"
52.81.237.92 - - [02/Apr/2025:07:33:03 -0400] "GET / HTTP/1.1" 200 98560 "-" "Mozilla/5.0 (X11; Linux x86_64) AppleWebKit/564.47 (KHTML, like Gecko) Chrome/74.0.534 Safari/537.36"
52.81.237.92 - - [02/Apr/2025:07:34:08 -0400] "GET / HTTP/1.1" 200 98560 "-" "Mozilla/5.0 (Macintosh; Intel Mac OS X 8_0) AppleWebKit/548.48 (KHTML, like Gecko) Chrome/72.0.823 Safari/537.36"
52.81.237.92 - - [02/Apr/2025:07:34:45 -0400] "GET /sitemap.xml HTTP/1.1" 200 295 "-" "Go-http-client/1.1"
52.81.237.92 - - [02/Apr/2025:07:34:45 -0400] "GET /robots.txt HTTP/1.1" 304 0 "-" "Go-http-client/1.1"
198.54.114.83 - - [02/Apr/2025:07:43:32 -0400] "POST /wp-cron.php?doing_wp_cron=1743594211.8715701103210449218750 HTTP/1.1" 200 0 "-" "WordPress/6.7.2; https://inversionesgoldie.com"
198.27.67.210 - - [02/Apr/2025:07:43:27 -0400] "POST /xmlrpc.php HTTP/1.1" 200 212 "http://inversionesgoldie.com" "Mozilla/5.0 (Windows NT 10.0; Win64; x64) AppleWebKit/537.36 (KHTML, like Gecko) Chrome/112.0.5615.138 Safari/537.36"
198.54.114.83 - - [02/Apr/2025:08:13:32 -0400] "POST /wp-cron.php?doing_wp_cron=1743596012.0340390205383300781250 HTTP/1.1" 200 0 "-" "WordPress/6.7.2; https://inversionesgoldie.com"
13.235.180.144 - - [02/Apr/2025:08:13:27 -0400] "POST /xmlrpc.php HTTP/1.1" 200 212 "http://inversionesgoldie.com" "Mozilla/5.0 (Macintosh; Intel Mac OS X 10_15_7) AppleWebKit/537.36 (KHTML, like Gecko) Chrome/113.0.5672.93 Safari/537.36"
170.106.192.208 - - [02/Apr/2025:08:22:24 -0400] "GET / HTTP/1.1" 200 98560 "-" "Mozilla/5.0 (iPhone; CPU iPhone OS 13_2_3 like Mac OS X) AppleWebKit/605.1.15 (KHTML, like Gecko) Version/13.0.3 Mobile/15E148 Safari/604.1"
85.208.98.23 - - [02/Apr/2025:08:28:22 -0400] "GET /robots.txt HTTP/1.1" 304 0 "-" "Mozilla/5.0 (compatible; SemrushBot-BA; +http://www.semrush.com/bot.html)"
198.54.114.83 - - [02/Apr/2025:08:37:08 -0400] "POST /wp-cron.php?doing_wp_cron=1743597427.3180758953094482421875 HTTP/1.1" 200 0 "-" "WordPress/6.7.2; https://inversionesgoldie.com"
18.130.12.89 - - [02/Apr/2025:08:37:03 -0400] "GET /uploaded_script.php HTTP/1.1" 404 8272 "www.google.com" "Mozilla/5.0 (Linux; Android 7.0; SM-G892A Build/NRD90M; wv) AppleWebKit/537.36 (KHTML, like Gecko) Version/4.0 Chrome/60.0.3112.107 Mobile Safari/537.36"
198.54.114.83 - - [02/Apr/2025:08:43:55 -0400] "POST /wp-cron.php?doing_wp_cron=1743597835.4300670623779296875000 HTTP/1.1" 200 0 "-" "WordPress/6.7.2; https://inversionesgoldie.com"
52.117.30.9 - - [02/Apr/2025:08:43:51 -0400] "POST /xmlrpc.php HTTP/1.1" 200 212 "http://inversionesgoldie.com" "Mozilla/5.0 (Macintosh; Intel Mac OS X 14.5) AppleWebKit/618.3.5 (KHTML, like Gecko) Version/17.4 Safari/618.3.5"
146.190.77.47 - - [02/Apr/2025:08:51:33 -0400] "GET / HTTP/1.1" 200 98560 "-" "Mozilla/5.0 (Windows NT 10.0; Win64; x64) AppleWebKit/537.36 (KHTML, like Gecko) Chrome/80.0.3987.149 Safari/537.36"
146.190.77.47 - - [02/Apr/2025:08:51:33 -0400] "GET / HTTP/1.1" 200 98560 "-" "Mozilla/5.0 (Windows NT 10.0; Win64; x64) AppleWebKit/537.36 (KHTML, like Gecko) Chrome/80.0.3987.149 Safari/537.36"
198.54.114.83 - - [02/Apr/2025:08:51:38 -0400] "POST /wp-cron.php?doing_wp_cron=1743598298.4297709465026855468750 HTTP/1.1" 200 0 "-" "WordPress/6.7.2; https://inversionesgoldie.com"
146.190.77.47 - - [02/Apr/2025:08:51:34 -0400] "GET /wp-includes/wlwmanifest.xml HTTP/1.1" 404 8272 "-" "Mozilla/5.0 (Windows NT 10.0; Win64; x64) AppleWebKit/537.36 (KHTML, like Gecko) Chrome/80.0.3987.149 Safari/537.36"
146.190.77.47 - - [02/Apr/2025:08:51:40 -0400] "GET /?author=1 HTTP/1.1" 200 98560 "-" "Mozilla/5.0 (Windows NT 10.0; Win64; x64) AppleWebKit/537.36 (KHTML, like Gecko) Chrome/80.0.3987.149 Safari/537.36"
146.190.77.47 - - [02/Apr/2025:08:51:40 -0400] "GET /?author=2 HTTP/1.1" 200 98560 "-" "Mozilla/5.0 (Windows NT 10.0; Win64; x64) AppleWebKit/537.36 (KHTML, like Gecko) Chrome/80.0.3987.149 Safari/537.36"
198.54.114.83 - - [02/Apr/2025:08:51:42 -0400] "POST /wp-cron.php?doing_wp_cron=1743598301.8104810714721679687500 HTTP/1.1" 200 0 "-" "WordPress/6.7.2; https://inversionesgoldie.com"
146.190.77.47 - - [02/Apr/2025:08:51:41 -0400] "GET /wp-json/wp/v2/users/ HTTP/1.1" 200 1381 "-" "Mozilla/5.0 (Windows NT 10.0; Win64; x64) AppleWebKit/537.36 (KHTML, like Gecko) Chrome/80.0.3987.149 Safari/537.36"
146.190.77.47 - - [02/Apr/2025:08:51:42 -0400] "POST /xmlrpc.php HTTP/1.1" 200 212 "-" "Mozilla/5.0 (Windows NT 10.0; Win64; x64) AppleWebKit/537.36 (KHTML, like Gecko) Chrome/80.0.3987.149 Safari/537.36"
