216.244.66.243 - - [31/Mar/2025:11:30:57 -0400] "GET /robots.txt HTTP/1.1" 304 0 "-" "Mozilla/5.0 (compatible; DotBot/1.2; +https://opensiteexplorer.org/dotbot; help@moz.com)"
140.99.197.204 - - [31/Mar/2025:11:38:13 -0400] "POST /xmlrpc.php HTTP/1.1" 200 212 "-" "Mozilla/5.0 (Macintosh; Intel Mac OS X 10_15_3) AppleWebKit/534.38 (KHTML, like Gecko111) Chrome/97.3 Safari/538.39"
45.81.149.31 - - [31/Mar/2025:11:38:13 -0400] "POST /xmlrpc.php HTTP/1.1" 200 212 "-" "Mozilla/5.0 (Macintosh; Intel Mac OS X 10_15_2) AppleWebKit/532.39 (KHTML, like Gecko111) Chrome/97.3 Safari/534.35"
216.244.66.243 - - [31/Mar/2025:11:53:06 -0400] "GET /the-biggest-fears-in-life-and-how-to-overcome-them/ HTTP/1.1" 200 12117 "-" "Mozilla/5.0 (compatible; DotBot/1.2; +https://opensiteexplorer.org/dotbot; help@moz.com)"
216.244.66.243 - - [31/Mar/2025:11:58:18 -0400] "GET /houston-plumbing-supply-store/ HTTP/1.1" 200 11338 "-" "Mozilla/5.0 (compatible; DotBot/1.2; +https://opensiteexplorer.org/dotbot; help@moz.com)"
173.254.252.229 - - [31/Mar/2025:12:26:36 -0400] "GET /commercial-building-disclosure-has-arrived/ HTTP/1.1" 200 13303 "http://inversionesgoldie.com/commercial-building-disclosure-has-arrived/" "Mozilla/5.0 (Windows NT 10.0; Win64; x64) AppleWebKit/537.36 (KHTML, like Gecko) Chrome/129.0.0.0 Safari/537.36"
216.244.66.243 - - [31/Mar/2025:12:32:16 -0400] "GET /robots.txt HTTP/1.1" 200 132 "-" "Mozilla/5.0 (compatible; DotBot/1.2; +https://opensiteexplorer.org/dotbot; help@moz.com)"
147.53.122.221 - - [31/Mar/2025:12:51:55 -0400] "GET /commercial-building-disclosure-has-arrived/ HTTP/1.1" 200 13303 "-" "Mozilla/5.0 (X11; Linux x86_64) AppleWebKit/537.36 (KHTML, like Gecko) Chrome/114.0.0.0 Safari/537.36"
198.54.114.83 - - [31/Mar/2025:12:51:59 -0400] "POST /wp-cron.php?doing_wp_cron=1743439919.2119019031524658203125 HTTP/1.1" 200 0 "-" "WordPress/6.7.2; https://inversionesgoldie.com"
147.53.122.221 - - [31/Mar/2025:12:51:57 -0400] "POST /xmlrpc.php HTTP/1.1" 200 189 "http://inversionesgoldie.com/commercial-building-disclosure-has-arrived/" "PHP/6.3.05"
147.53.122.221 - - [31/Mar/2025:12:52:01 -0400] "GET /commercial-building-disclosure-has-arrived/ HTTP/1.1" 200 13303 "-" "PHP/6.3.05"
198.54.114.83 - - [31/Mar/2025:12:55:29 -0400] "POST /wp-cron.php?doing_wp_cron=1743440129.3419160842895507812500 HTTP/1.1" 200 0 "-" "WordPress/6.7.2; https://inversionesgoldie.com"
93.123.109.101 - - [31/Mar/2025:12:55:24 -0400] "GET /lzdmod/site-nav-pc/5.2.38/assets/user-info/index.js HTTP/1.1" 404 8272 "-" "Mozilla/5.0 (Macintosh; Intel Mac OS X 10_15_7) AppleWebKit/537.36 Chrome/120.0.0.0"
198.54.114.83 - - [31/Mar/2025:12:59:34 -0400] "POST /wp-cron.php?doing_wp_cron=1743440374.7136011123657226562500 HTTP/1.1" 200 0 "-" "WordPress/6.7.2; https://inversionesgoldie.com"
216.244.66.243 - - [31/Mar/2025:12:59:34 -0400] "GET /custom-athletic-socks/ HTTP/1.1" 200 11381 "-" "Mozilla/5.0 (compatible; DotBot/1.2; +https://opensiteexplorer.org/dotbot; help@moz.com)"
198.54.114.83 - - [31/Mar/2025:13:00:30 -0400] "POST /wp-cron.php?doing_wp_cron=1743440430.4884939193725585937500 HTTP/1.1" 200 0 "-" "WordPress/6.7.2; https://inversionesgoldie.com"
216.244.66.243 - - [31/Mar/2025:13:00:30 -0400] "GET /94489-budesonide-formoterol-goodrx-85719/ HTTP/1.1" 404 8272 "-" "Mozilla/5.0 (compatible; DotBot/1.2; +https://opensiteexplorer.org/dotbot; help@moz.com)"
208.52.181.240 - - [31/Mar/2025:13:03:36 -0400] "GET /commercial-building-disclosure-has-arrived/ HTTP/1.1" 200 13303 "-" "Mozilla/5.0 (Linux x86_64; rv:114.0) Gecko/20100101 Firefox/114.0"
176.67.83.246 - - [31/Mar/2025:13:11:08 -0400] "GET /commercial-building-disclosure-has-arrived/ HTTP/1.1" 200 13303 "http://inversionesgoldie.com/commercial-building-disclosure-has-arrived/" "Mozilla/5.0 (Windows NT 10.0; Win64; x64) AppleWebKit/537.36 (KHTML, like Gecko) Chrome/130.0.0.0 Safari/537.36 CCleaner/130.0.0.0"
198.54.114.83 - - [31/Mar/2025:13:11:15 -0400] "POST /wp-cron.php?doing_wp_cron=1743441074.2094490528106689453125 HTTP/1.1" 200 0 "-" "WordPress/6.7.2; https://inversionesgoldie.com"
176.67.83.246 - - [31/Mar/2025:13:11:09 -0400] "POST /wp-comments-post.php HTTP/1.1" 302 0 "http://inversionesgoldie.com/commercial-building-disclosure-has-arrived/" "Mozilla/5.0 (Windows NT 10.0; Win64; x64) AppleWebKit/537.36 (KHTML, like Gecko) Chrome/130.0.0.0 Safari/537.36 CCleaner/130.0.0.0"
216.244.66.243 - - [31/Mar/2025:13:21:01 -0400] "GET /robots.txt HTTP/1.1" 304 0 "-" "Mozilla/5.0 (compatible; DotBot/1.2; +https://opensiteexplorer.org/dotbot; help@moz.com)"
58.253.86.32 - - [31/Mar/2025:13:35:42 -0400] "GET /why-buy-an-amd-motherboard/ HTTP/1.1" 200 11675 "-" "Java/17.0.14"
34.222.196.207 - - [31/Mar/2025:13:36:14 -0400] "GET / HTTP/1.1" 200 98560 "-" "Mozilla/4.0 (compatible; MSIE 6.0; Windows NT 5.1; FSL 7.0.6.01001)"
222.79.104.23 - - [31/Mar/2025:13:39:45 -0400] "GET / HTTP/1.1" 200 98560 "-" "Mozilla/5.0 (iPhone; CPU iPhone OS 13_2_3 like Mac OS X) AppleWebKit/605.1.15 (KHTML, like Gecko) Version/13.0.3 Mobile/15E148 Safari/604.1"
198.54.114.83 - - [31/Mar/2025:13:40:15 -0400] "POST /wp-cron.php?doing_wp_cron=1743442814.3464159965515136718750 HTTP/1.1" 200 0 "-" "WordPress/6.7.2; https://inversionesgoldie.com"
216.244.66.243 - - [31/Mar/2025:13:40:10 -0400] "GET /dental-implants-the-different-types-of-dental-implants/feed/ HTTP/1.1" 404 8272 "-" "Mozilla/5.0 (compatible; DotBot/1.2; +https://opensiteexplorer.org/dotbot; help@moz.com)"
198.54.114.83 - - [31/Mar/2025:13:41:19 -0400] "POST /wp-cron.php?doing_wp_cron=1743442879.5505371093750000000000 HTTP/1.1" 200 0 "-" "WordPress/6.7.2; https://inversionesgoldie.com"
93.123.109.101 - - [31/Mar/2025:13:41:19 -0400] "GET /lzdmod/site-nav-pc/5.2.38/assets/reqwest/index.js HTTP/1.1" 404 8272 "-" "Mozilla/5.0 (Windows NT 10.0; Win64; x64) AppleWebKit/537.36 Chrome/121.0.0.0"
198.54.114.83 - - [31/Mar/2025:13:47:59 -0400] "POST /wp-cron.php?doing_wp_cron=1743443278.5396668910980224609375 HTTP/1.1" 200 0 "-" "WordPress/6.7.2; https://inversionesgoldie.com"
216.244.66.243 - - [31/Mar/2025:13:47:54 -0400] "GET /how-to-get-started-with-pokemon-trading-cards/ HTTP/1.1" 200 12393 "-" "Mozilla/5.0 (compatible; DotBot/1.2; +https://opensiteexplorer.org/dotbot; help@moz.com)"
121.4.105.222 - - [31/Mar/2025:13:49:53 -0400] "GET / HTTP/1.1" 200 98560 "-" "Mozilla/5.0 (Linux; Android 10; LIO-AN00 Build/HUAWEILIO-AN00; wv) MicroMessenger Weixin QQ AppleWebKit/537.36 (KHTML, like Gecko) Version/4.0 Chrome/78.0.3904.62 XWEB/2692 MMWEBSDK/200901 Mobile Safari/537.36"
121.4.105.222 - - [31/Mar/2025:13:50:13 -0400] "GET / HTTP/1.1" 200 98560 "-" "Mozilla/5.0 (Linux; Android 10; LIO-AN00 Build/HUAWEILIO-AN00; wv) MicroMessenger Weixin QQ AppleWebKit/537.36 (KHTML, like Gecko) Version/4.0 Chrome/78.0.3904.62 XWEB/2692 MMWEBSDK/200901 Mobile Safari/537.36"
121.4.105.222 - - [31/Mar/2025:13:50:33 -0400] "GET / HTTP/1.1" 200 98560 "-" "Mozilla/5.0 (Linux; Android 10; LIO-AN00 Build/HUAWEILIO-AN00; wv) MicroMessenger Weixin QQ AppleWebKit/537.36 (KHTML, like Gecko) Version/4.0 Chrome/78.0.3904.62 XWEB/2692 MMWEBSDK/200901 Mobile Safari/537.36"
198.54.114.83 - - [31/Mar/2025:13:58:53 -0400] "POST /wp-cron.php?doing_wp_cron=1743443933.3423080444335937500000 HTTP/1.1" 200 0 "-" "WordPress/6.7.2; https://inversionesgoldie.com"
216.244.66.243 - - [31/Mar/2025:13:58:51 -0400] "GET /boiling-and-chilled-water-tap/feed/ HTTP/1.1" 200 432 "-" "Mozilla/5.0 (compatible; DotBot/1.2; +https://opensiteexplorer.org/dotbot; help@moz.com)"
46.8.110.219 - - [31/Mar/2025:14:11:51 -0400] "GET /commercial-building-disclosure-has-arrived/ HTTP/1.1" 200 13303 "http://inversionesgoldie.com/commercial-building-disclosure-has-arrived/" "Mozilla/5.0 (Windows NT 10.0; Win64; x64) AppleWebKit/537.36 (KHTML, like Gecko) Chrome/130.0.0.0 Safari/537.36 CCleaner/130.0.0.0"
121.4.105.222 - - [31/Mar/2025:14:12:00 -0400] "GET / HTTP/1.1" 200 98560 "-" "Mozilla/5.0 (Linux; Android 10; LIO-AN00 Build/HUAWEILIO-AN00; wv) MicroMessenger Weixin QQ AppleWebKit/537.36 (KHTML, like Gecko) Version/4.0 Chrome/78.0.3904.62 XWEB/2692 MMWEBSDK/200901 Mobile Safari/537.36"
121.4.105.222 - - [31/Mar/2025:14:12:20 -0400] "GET / HTTP/1.1" 200 98560 "-" "Mozilla/5.0 (Linux; Android 10; LIO-AN00 Build/HUAWEILIO-AN00; wv) MicroMessenger Weixin QQ AppleWebKit/537.36 (KHTML, like Gecko) Version/4.0 Chrome/78.0.3904.62 XWEB/2692 MMWEBSDK/200901 Mobile Safari/537.36"
121.4.105.222 - - [31/Mar/2025:14:12:40 -0400] "GET / HTTP/1.1" 200 98560 "-" "Mozilla/5.0 (Linux; Android 10; LIO-AN00 Build/HUAWEILIO-AN00; wv) MicroMessenger Weixin QQ AppleWebKit/537.36 (KHTML, like Gecko) Version/4.0 Chrome/78.0.3904.62 XWEB/2692 MMWEBSDK/200901 Mobile Safari/537.36"
46.8.110.219 - - [31/Mar/2025:14:12:52 -0400] "GET /commercial-building-disclosure-has-arrived/ HTTP/1.1" 200 13303 "http://inversionesgoldie.com/commercial-building-disclosure-has-arrived/" "Mozilla/5.0 (Windows NT 10.0; Win64; x64) AppleWebKit/537.36 (KHTML, like Gecko) Chrome/130.0.0.0 Safari/537.36 CCleaner/130.0.0.0"
18.217.142.228 - - [31/Mar/2025:14:25:29 -0400] "GET /robots.txt HTTP/1.1" 200 132 "-" "Mozilla/5.0 AppleWebKit/537.36 (KHTML, like Gecko; compatible; ClaudeBot/1.0; +claudebot@anthropic.com)"
198.54.114.83 - - [31/Mar/2025:14:25:31 -0400] "POST /wp-cron.php?doing_wp_cron=1743445531.3425140380859375000000 HTTP/1.1" 200 0 "-" "WordPress/6.7.2; https://inversionesgoldie.com"
18.217.142.228 - - [31/Mar/2025:14:25:29 -0400] "GET /why-buy-an-amd-motherboard HTTP/1.1" 301 0 "-" "Mozilla/5.0 AppleWebKit/537.36 (KHTML, like Gecko; compatible; ClaudeBot/1.0; +claudebot@anthropic.com)"
18.217.142.228 - - [31/Mar/2025:14:25:31 -0400] "GET /why-buy-an-amd-motherboard/ HTTP/1.1" 200 11675 "http://inversionesgoldie.com/why-buy-an-amd-motherboard" "Mozilla/5.0 AppleWebKit/537.36 (KHTML, like Gecko; compatible; ClaudeBot/1.0; +claudebot@anthropic.com)"
147.53.114.25 - - [31/Mar/2025:14:49:19 -0400] "GET /commercial-building-disclosure-has-arrived/ HTTP/1.1" 200 13303 "-" "Mozilla/5.0 (Linux x86_64; rv:114.0) Gecko/20100101 Firefox/114.0"
13.68.104.153 - - [31/Mar/2025:15:24:02 -0400] "HEAD /wordpress HTTP/1.1" 404 0 "-" "Mozilla/5.0 (Windows NT 10.0; Win64; x64) AppleWebKit/537.36 (KHTML, like Gecko) Chrome/74.0.3729.169 Safari/537.36"
13.68.104.153 - - [31/Mar/2025:15:24:06 -0400] "HEAD / HTTP/1.1" 200 0 "-" "Mozilla/5.0 (Windows NT 10.0; Win64; x64) AppleWebKit/537.36 (KHTML, like Gecko) Chrome/74.0.3729.169 Safari/537.36"
13.68.104.153 - - [31/Mar/2025:15:24:06 -0400] "HEAD /wp HTTP/1.1" 404 0 "-" "Mozilla/5.0 (Windows NT 10.0; Win64; x64) AppleWebKit/537.36 (KHTML, like Gecko) Chrome/74.0.3729.169 Safari/537.36"
13.68.104.153 - - [31/Mar/2025:15:24:06 -0400] "HEAD /bc HTTP/1.1" 404 0 "-" "Mozilla/5.0 (Windows NT 10.0; Win64; x64) AppleWebKit/537.36 (KHTML, like Gecko) Chrome/74.0.3729.169 Safari/537.36"
13.68.104.153 - - [31/Mar/2025:15:24:07 -0400] "HEAD /bk HTTP/1.1" 404 0 "-" "Mozilla/5.0 (Windows NT 10.0; Win64; x64) AppleWebKit/537.36 (KHTML, like Gecko) Chrome/74.0.3729.169 Safari/537.36"
13.68.104.153 - - [31/Mar/2025:15:24:07 -0400] "HEAD /backup HTTP/1.1" 404 0 "-" "Mozilla/5.0 (Windows NT 10.0; Win64; x64) AppleWebKit/537.36 (KHTML, like Gecko) Chrome/74.0.3729.169 Safari/537.36"
13.68.104.153 - - [31/Mar/2025:15:24:07 -0400] "HEAD /old HTTP/1.1" 404 0 "-" "Mozilla/5.0 (Windows NT 10.0; Win64; x64) AppleWebKit/537.36 (KHTML, like Gecko) Chrome/74.0.3729.169 Safari/537.36"
13.68.104.153 - - [31/Mar/2025:15:24:08 -0400] "HEAD /new HTTP/1.1" 301 0 "-" "Mozilla/5.0 (Windows NT 10.0; Win64; x64) AppleWebKit/537.36 (KHTML, like Gecko) Chrome/74.0.3729.169 Safari/537.36"
13.68.104.153 - - [31/Mar/2025:15:24:10 -0400] "HEAD /main HTTP/1.1" 404 0 "-" "Mozilla/5.0 (Windows NT 10.0; Win64; x64) AppleWebKit/537.36 (KHTML, like Gecko) Chrome/74.0.3729.169 Safari/537.36"
13.68.104.153 - - [31/Mar/2025:15:24:10 -0400] "HEAD /home HTTP/1.1" 301 0 "-" "Mozilla/5.0 (Windows NT 10.0; Win64; x64) AppleWebKit/537.36 (KHTML, like Gecko) Chrome/74.0.3729.169 Safari/537.36"
2a05:d018:1d9d:e700:465e:299f:52a5:a24f - - [31/Mar/2025:15:34:27 -0400] "GET /robots.txt HTTP/1.1" 200 132 "-" "Pandalytics/2.0 (https://domainsbot.com/pandalytics/)"
2a05:d018:1d9d:e700:465e:299f:52a5:a24f - - [31/Mar/2025:15:34:28 -0400] "GET / HTTP/1.1" 200 98560 "-" "Pandalytics/2.0 (https://domainsbot.com/pandalytics/)"
216.244.66.243 - - [31/Mar/2025:15:46:33 -0400] "GET /category/activity/page/37/ HTTP/1.1" 200 11138 "-" "Mozilla/5.0 (compatible; DotBot/1.2; +https://opensiteexplorer.org/dotbot; help@moz.com)"
216.244.66.243 - - [31/Mar/2025:16:01:24 -0400] "GET /robots.txt HTTP/1.1" 304 0 "-" "Mozilla/5.0 (compatible; DotBot/1.2; +https://opensiteexplorer.org/dotbot; help@moz.com)"
216.244.66.243 - - [31/Mar/2025:16:22:29 -0400] "GET /how-to-recognize-and-treat-sex-addiction/ HTTP/1.1" 200 11638 "-" "Mozilla/5.0 (compatible; DotBot/1.2; +https://opensiteexplorer.org/dotbot; help@moz.com)"
216.244.66.243 - - [31/Mar/2025:16:30:38 -0400] "GET /endurance-training-whats-the-next-big-thing/feed/ HTTP/1.1" 200 462 "-" "Mozilla/5.0 (compatible; DotBot/1.2; +https://opensiteexplorer.org/dotbot; help@moz.com)"
216.244.66.243 - - [31/Mar/2025:16:30:53 -0400] "GET /how-to-buy-youtube-comments/feed/ HTTP/1.1" 200 431 "-" "Mozilla/5.0 (compatible; DotBot/1.2; +https://opensiteexplorer.org/dotbot; help@moz.com)"
216.244.66.243 - - [31/Mar/2025:16:31:04 -0400] "GET /personal-injury-lawyers-near-me/feed/ HTTP/1.1" 200 438 "-" "Mozilla/5.0 (compatible; DotBot/1.2; +https://opensiteexplorer.org/dotbot; help@moz.com)"
216.244.66.243 - - [31/Mar/2025:16:31:14 -0400] "GET /variable-performance-containing-the-phone-sony-ericsson-w810i/feed/ HTTP/1.1" 200 466 "-" "Mozilla/5.0 (compatible; DotBot/1.2; +https://opensiteexplorer.org/dotbot; help@moz.com)"
147.53.114.25 - - [31/Mar/2025:16:31:32 -0400] "GET /commercial-building-disclosure-has-arrived/ HTTP/1.1" 200 13303 "-" "Mozilla/5.0 (Linux x86_64; rv:114.0) Gecko/20100101 Firefox/114.0"
196.251.88.242 - - [31/Mar/2025:16:53:04 -0400] "GET /geju.php HTTP/1.1" 404 8271 "-" "Mozlila/5.0 (Linux; Android 7.0; SM-G892A Bulid/NRD90M; wv) AppleWebKit/537.36 (KHTML, like Gecko) Version/4.0 Chrome/60.0.3112.107 Moblie Safari/537.36"
156.249.204.166 - - [31/Mar/2025:16:53:08 -0400] "GET /expert-comptable-a-paris/ HTTP/1.1" 200 11828 "-" "Mozilla/5.0 (Linux x86_64; rv:114.0) Gecko/20100101 Firefox/114.0"
196.251.88.242 - - [31/Mar/2025:16:53:10 -0400] "GET /wp-content/plugins/about.php HTTP/1.1" 404 8271 "-" "Mozlila/5.0 (Linux; Android 7.0; SM-G892A Bulid/NRD90M; wv) AppleWebKit/537.36 (KHTML, like Gecko) Version/4.0 Chrome/60.0.3112.107 Moblie Safari/537.36"
196.251.88.242 - - [31/Mar/2025:16:53:21 -0400] "GET /wp.php HTTP/1.1" 404 8271 "-" "Mozlila/5.0 (Linux; Android 7.0; SM-G892A Bulid/NRD90M; wv) AppleWebKit/537.36 (KHTML, like Gecko) Version/4.0 Chrome/60.0.3112.107 Moblie Safari/537.36"
216.244.66.243 - - [31/Mar/2025:17:02:54 -0400] "GET /47871-amoxicillin-online-pharmacy-4031/ HTTP/1.1" 404 8272 "-" "Mozilla/5.0 (compatible; DotBot/1.2; +https://opensiteexplorer.org/dotbot; help@moz.com)"
43.153.49.151 - - [31/Mar/2025:17:07:58 -0400] "GET / HTTP/1.1" 200 98560 "-" "Mozilla/5.0 (iPhone; CPU iPhone OS 13_2_3 like Mac OS X) AppleWebKit/605.1.15 (KHTML, like Gecko) Version/13.0.3 Mobile/15E148 Safari/604.1"
216.244.66.243 - - [31/Mar/2025:17:15:47 -0400] "GET /webster-geneva-photographers/ HTTP/1.1" 301 0 "-" "Mozilla/5.0 (compatible; DotBot/1.2; +https://opensiteexplorer.org/dotbot; help@moz.com)"
85.208.98.23 - - [31/Mar/2025:17:32:32 -0400] "GET /robots.txt HTTP/1.1" 304 0 "-" "Mozilla/5.0 (compatible; SemrushBot-BA; +http://www.semrush.com/bot.html)"
216.244.66.243 - - [31/Mar/2025:17:43:35 -0400] "GET /robots.txt HTTP/1.1" 304 0 "-" "Mozilla/5.0 (compatible; DotBot/1.2; +https://opensiteexplorer.org/dotbot; help@moz.com)"
216.244.66.243 - - [31/Mar/2025:17:49:58 -0400] "GET /cosa-fare-a-forte-di-pastrengo/ HTTP/1.1" 200 11533 "-" "Mozilla/5.0 (compatible; DotBot/1.2; +https://opensiteexplorer.org/dotbot; help@moz.com)"
147.53.125.255 - - [31/Mar/2025:18:15:41 -0400] "GET /commercial-building-disclosure-has-arrived/ HTTP/1.1" 200 13303 "-" "Mozilla/5.0 (Macintosh; Intel Mac OS X 12.5; rv:114.0) Gecko/20100101 Firefox/114.0"
208.85.92.157 - - [31/Mar/2025:18:29:10 -0400] "GET / HTTP/1.1" 200 98560 "-" "Mozilla/5.0 (Windows NT 10.0; Win64; x64) AppleWebKit/537.36 (KHTML, like Gecko) Chrome/88.0.4240.193 Safari/537.36"
216.244.66.243 - - [31/Mar/2025:18:33:07 -0400] "GET /robots.txt HTTP/1.1" 304 0 "-" "Mozilla/5.0 (compatible; DotBot/1.2; +https://opensiteexplorer.org/dotbot; help@moz.com)"
185.147.214.14 - - [31/Mar/2025:18:33:47 -0400] "GET /commercial-building-disclosure-has-arrived/ HTTP/1.1" 200 13303 "http://inversionesgoldie.com/commercial-building-disclosure-has-arrived/" "Mozilla/5.0 (Windows NT 10.0; Win64; x64) AppleWebKit/537.36 (KHTML, like Gecko) Chrome/131.0.0.0 Safari/537.36"
198.54.114.83 - - [31/Mar/2025:18:33:56 -0400] "POST /wp-cron.php?doing_wp_cron=1743460435.6444320678710937500000 HTTP/1.1" 200 0 "-" "WordPress/6.7.2; https://inversionesgoldie.com"
185.147.214.14 - - [31/Mar/2025:18:33:51 -0400] "POST /wp-comments-post.php HTTP/1.1" 302 0 "http://inversionesgoldie.com/commercial-building-disclosure-has-arrived/" "Mozilla/5.0 (Windows NT 10.0; Win64; x64) AppleWebKit/537.36 (KHTML, like Gecko) Chrome/131.0.0.0 Safari/537.36"
185.174.156.124 - - [31/Mar/2025:18:42:57 -0400] "GET /commercial-building-disclosure-has-arrived/ HTTP/1.1" 200 13303 "http://inversionesgoldie.com/commercial-building-disclosure-has-arrived/" "Mozilla/5.0 (Windows NT 10.0; Win64; x64) AppleWebKit/537.36 (KHTML, like Gecko) Chrome/131.0.0.0 Safari/537.36"
198.54.114.83 - - [31/Mar/2025:18:42:59 -0400] "POST /wp-cron.php?doing_wp_cron=1743460978.9205200672149658203125 HTTP/1.1" 200 0 "-" "WordPress/6.7.2; https://inversionesgoldie.com"
185.174.156.124 - - [31/Mar/2025:18:42:58 -0400] "POST /wp-comments-post.php HTTP/1.1" 302 0 "http://inversionesgoldie.com/commercial-building-disclosure-has-arrived/" "Mozilla/5.0 (Windows NT 10.0; Win64; x64) AppleWebKit/537.36 (KHTML, like Gecko) Chrome/131.0.0.0 Safari/537.36"
198.54.114.83 - - [31/Mar/2025:18:49:35 -0400] "POST /wp-cron.php?doing_wp_cron=1743461375.1301689147949218750000 HTTP/1.1" 200 0 "-" "WordPress/6.7.2; https://inversionesgoldie.com"
216.244.66.243 - - [31/Mar/2025:18:49:32 -0400] "GET /michael-kors-sales-on-bags-2/ HTTP/1.1" 200 11680 "-" "Mozilla/5.0 (compatible; DotBot/1.2; +https://opensiteexplorer.org/dotbot; help@moz.com)"
216.244.66.243 - - [31/Mar/2025:18:49:48 -0400] "GET /the-landmark-condo-in-doral-florida/feed/ HTTP/1.1" 200 443 "-" "Mozilla/5.0 (compatible; DotBot/1.2; +https://opensiteexplorer.org/dotbot; help@moz.com)"
176.97.122.93 - - [31/Mar/2025:18:55:38 -0400] "GET / HTTP/1.1" 200 98560 "-" "Mozilla/5.0 (X11; U; Linux i686; en-US; rv:0.9.3) Gecko/20010801"
216.244.66.243 - - [31/Mar/2025:19:21:33 -0400] "GET /robots.txt HTTP/1.1" 304 0 "-" "Mozilla/5.0 (compatible; DotBot/1.2; +https://opensiteexplorer.org/dotbot; help@moz.com)"
173.245.207.242 - - [31/Mar/2025:19:23:48 -0400] "GET /commercial-building-disclosure-has-arrived/ HTTP/1.1" 200 13303 "http://inversionesgoldie.com/commercial-building-disclosure-has-arrived/" "Mozilla/5.0 (Windows NT 10.0; Win64; x64) AppleWebKit/537.36 (KHTML, like Gecko) Chrome/130.0.0.0 Safari/537.36 CCleaner/130.0.0.0"
198.54.114.83 - - [31/Mar/2025:19:23:54 -0400] "POST /wp-cron.php?doing_wp_cron=1743463434.2833468914031982421875 HTTP/1.1" 200 0 "-" "WordPress/6.7.2; https://inversionesgoldie.com"
173.245.207.242 - - [31/Mar/2025:19:23:52 -0400] "POST /wp-comments-post.php HTTP/1.1" 302 0 "http://inversionesgoldie.com/commercial-building-disclosure-has-arrived/" "Mozilla/5.0 (Windows NT 10.0; Win64; x64) AppleWebKit/537.36 (KHTML, like Gecko) Chrome/130.0.0.0 Safari/537.36 CCleaner/130.0.0.0"
35.87.225.65 - - [31/Mar/2025:19:29:12 -0400] "GET / HTTP/1.1" 200 98560 "-" "Mozilla/4.0 (compatible; MSIE 6.0; Windows NT 5.1; FSL 7.0.6.01001)"
194.15.106.234 - - [31/Mar/2025:19:36:25 -0400] "GET /building-true-team-spirit-for-peak-performance-in-sports-part-1/ HTTP/1.1" 200 13712 "-" "Mozilla/5.0 (Macintosh; Intel Mac OS X 12.5; rv:114.0) Gecko/20100101 Firefox/114.0"
198.54.114.83 - - [31/Mar/2025:19:43:58 -0400] "POST /wp-cron.php?doing_wp_cron=1743464638.0036680698394775390625 HTTP/1.1" 200 0 "-" "WordPress/6.7.2; https://inversionesgoldie.com"
216.244.66.243 - - [31/Mar/2025:19:43:55 -0400] "GET /how-to-choose-the-best-massage-gun/feed/ HTTP/1.1" 200 441 "-" "Mozilla/5.0 (compatible; DotBot/1.2; +https://opensiteexplorer.org/dotbot; help@moz.com)"
85.208.98.23 - - [31/Mar/2025:20:02:28 -0400] "GET /robots.txt HTTP/1.1" 304 0 "-" "Mozilla/5.0 (compatible; SemrushBot-BA; +http://www.semrush.com/bot.html)"
216.244.66.243 - - [31/Mar/2025:20:16:29 -0400] "GET /ford-bronco-hard-tire-cover/ HTTP/1.1" 200 13079 "-" "Mozilla/5.0 (compatible; DotBot/1.2; +https://opensiteexplorer.org/dotbot; help@moz.com)"
37.139.53.46 - - [31/Mar/2025:20:39:54 -0400] "GET /commercial-building-disclosure-has-arrived/ HTTP/1.1" 200 13303 "http://inversionesgoldie.com/commercial-building-disclosure-has-arrived/" "Mozilla/5.0 (Windows NT 10.0; Win64; x64) AppleWebKit/537.36 (KHTML, like Gecko) Chrome/131.0.0.0 Safari/537.36"
198.54.114.83 - - [31/Mar/2025:20:40:15 -0400] "POST /wp-cron.php?doing_wp_cron=1743468014.8010809421539306640625 HTTP/1.1" 200 0 "-" "WordPress/6.7.2; https://inversionesgoldie.com"
37.139.53.46 - - [31/Mar/2025:20:40:14 -0400] "POST /wp-comments-post.php HTTP/1.1" 302 0 "http://inversionesgoldie.com/commercial-building-disclosure-has-arrived/" "Mozilla/5.0 (Windows NT 10.0; Win64; x64) AppleWebKit/537.36 (KHTML, like Gecko) Chrome/131.0.0.0 Safari/537.36"
64.226.71.4 - - [31/Mar/2025:20:54:04 -0400] "GET / HTTP/1.1" 200 0 "-" "Mozilla/5.0 (compatible)"
216.244.66.243 - - [31/Mar/2025:20:59:26 -0400] "GET /robots.txt HTTP/1.1" 304 0 "-" "Mozilla/5.0 (compatible; DotBot/1.2; +https://opensiteexplorer.org/dotbot; help@moz.com)"
146.190.77.47 - - [31/Mar/2025:21:11:10 -0400] "GET / HTTP/1.1" 200 98560 "-" "Mozilla/5.0 (Windows NT 10.0; Win64; x64) AppleWebKit/537.36 (KHTML, like Gecko) Chrome/80.0.3987.149 Safari/537.36"
146.190.77.47 - - [31/Mar/2025:21:11:11 -0400] "GET / HTTP/1.1" 200 98560 "-" "Mozilla/5.0 (Windows NT 10.0; Win64; x64) AppleWebKit/537.36 (KHTML, like Gecko) Chrome/80.0.3987.149 Safari/537.36"
198.54.114.83 - - [31/Mar/2025:21:11:12 -0400] "POST /wp-cron.php?doing_wp_cron=1743469872.2866899967193603515625 HTTP/1.1" 200 0 "-" "WordPress/6.7.2; https://inversionesgoldie.com"
146.190.77.47 - - [31/Mar/2025:21:11:11 -0400] "GET /wp-includes/wlwmanifest.xml HTTP/1.1" 404 8271 "-" "Mozilla/5.0 (Windows NT 10.0; Win64; x64) AppleWebKit/537.36 (KHTML, like Gecko) Chrome/80.0.3987.149 Safari/537.36"
146.190.77.47 - - [31/Mar/2025:21:11:14 -0400] "GET /?author=1 HTTP/1.1" 200 98560 "-" "Mozilla/5.0 (Windows NT 10.0; Win64; x64) AppleWebKit/537.36 (KHTML, like Gecko) Chrome/80.0.3987.149 Safari/537.36"
146.190.77.47 - - [31/Mar/2025:21:11:14 -0400] "GET /?author=2 HTTP/1.1" 200 98560 "-" "Mozilla/5.0 (Windows NT 10.0; Win64; x64) AppleWebKit/537.36 (KHTML, like Gecko) Chrome/80.0.3987.149 Safari/537.36"
146.190.77.47 - - [31/Mar/2025:21:11:14 -0400] "GET /wp-json/wp/v2/users/ HTTP/1.1" 200 1381 "-" "Mozilla/5.0 (Windows NT 10.0; Win64; x64) AppleWebKit/537.36 (KHTML, like Gecko) Chrome/80.0.3987.149 Safari/537.36"
198.54.114.83 - - [31/Mar/2025:21:13:55 -0400] "POST /wp-cron.php?doing_wp_cron=1743470035.0069088935852050781250 HTTP/1.1" 200 0 "-" "WordPress/6.7.2; https://inversionesgoldie.com"
216.244.66.243 - - [31/Mar/2025:21:13:54 -0400] "GET /fenbendazole-for-humans/feed/ HTTP/1.1" 200 422 "-" "Mozilla/5.0 (compatible; DotBot/1.2; +https://opensiteexplorer.org/dotbot; help@moz.com)"
216.244.66.243 - - [31/Mar/2025:21:14:19 -0400] "GET /why-my-dryer-is-not-spinning/feed/ HTTP/1.1" 200 435 "-" "Mozilla/5.0 (compatible; DotBot/1.2; +https://opensiteexplorer.org/dotbot; help@moz.com)"
198.54.114.83 - - [31/Mar/2025:21:19:10 -0400] "POST /wp-cron.php?doing_wp_cron=1743470350.4346749782562255859375 HTTP/1.1" 200 0 "-" "WordPress/6.7.2; https://inversionesgoldie.com"
20.161.23.98 - - [31/Mar/2025:21:19:08 -0400] "GET /wp-content/plugins/hellopress/wp_filemanager.php HTTP/1.1" 404 8271 "-" "-"
20.161.23.98 - - [31/Mar/2025:21:19:11 -0400] "GET /wp-includes/Text/network.php HTTP/1.1" 404 8271 "-" "-"
20.161.23.98 - - [31/Mar/2025:21:19:12 -0400] "GET /wp-content/upgrade-temp-backup/wp-login.php HTTP/1.1" 404 8272 "-" "-"
20.161.23.98 - - [31/Mar/2025:21:19:12 -0400] "GET /js/fm.php HTTP/1.1" 404 8272 "-" "-"
20.161.23.98 - - [31/Mar/2025:21:19:13 -0400] "GET /wp-content/themes/astra/inc/ki1k.php HTTP/1.1" 404 8272 "-" "-"
20.161.23.98 - - [31/Mar/2025:21:19:13 -0400] "GET /WordPress/wp-admin/includes/zmFM.php HTTP/1.1" 404 8272 "-" "-"
20.161.23.98 - - [31/Mar/2025:21:19:14 -0400] "GET /default.php HTTP/1.1" 404 8272 "-" "-"
20.161.23.98 - - [31/Mar/2025:21:19:14 -0400] "GET /ty.php HTTP/1.1" 404 8273 "-" "-"
20.161.23.98 - - [31/Mar/2025:21:19:15 -0400] "GET /wp-content/themes/cay-van-phong/filemanager.php HTTP/1.1" 404 8273 "-" "-"
20.161.23.98 - - [31/Mar/2025:21:19:16 -0400] "GET /fm.php HTTP/1.1" 404 8272 "-" "-"
20.161.23.98 - - [31/Mar/2025:21:19:17 -0400] "GET /wp-content/plugins/seoplugins/index.php HTTP/1.1" 301 0 "-" "-"
20.161.23.98 - - [31/Mar/2025:21:19:17 -0400] "GET /wp-content/plugins/seoplugins/ HTTP/1.1" 404 8272 "-" "-"
20.161.23.98 - - [31/Mar/2025:21:19:18 -0400] "GET /ini.php HTTP/1.1" 404 8271 "-" "-"
20.161.23.98 - - [31/Mar/2025:21:19:19 -0400] "GET /libraries/legacy/info.php HTTP/1.1" 404 8271 "-" "-"
20.161.23.98 - - [31/Mar/2025:21:19:20 -0400] "GET /wp-content/themes/include.php HTTP/1.1" 404 8272 "-" "-"
20.161.23.98 - - [31/Mar/2025:21:19:20 -0400] "GET /wp-admin/network/about.php HTTP/1.1" 302 0 "-" "-"
20.161.23.98 - - [31/Mar/2025:21:19:23 -0400] "GET /alfa.php HTTP/1.1" 404 8272 "-" "-"
20.161.23.98 - - [31/Mar/2025:21:19:24 -0400] "GET /wp-mail.php/wp-includes/ID3/rk2.php HTTP/1.1" 403 1123 "-" "-"
20.161.23.98 - - [31/Mar/2025:21:19:24 -0400] "GET /assets/images/28c5400b0b.php HTTP/1.1" 404 8272 "-" "-"
20.161.23.98 - - [31/Mar/2025:21:19:25 -0400] "GET /wordpress/wp-includes/wp-config-sample.php HTTP/1.1" 404 8272 "-" "-"
20.161.23.98 - - [31/Mar/2025:21:19:26 -0400] "GET /wp-mail.php/wp-includes/ID3/.info.php HTTP/1.1" 403 1123 "-" "-"
20.161.23.98 - - [31/Mar/2025:21:19:27 -0400] "GET /wp-includes/Text/Diff/Engine/about.php HTTP/1.1" 404 8272 "-" "-"
20.161.23.98 - - [31/Mar/2025:21:19:28 -0400] "GET /wp-includes/js/tinymce/skins/lightgray/img/about.php HTTP/1.1" 404 8272 "-" "-"
20.161.23.98 - - [31/Mar/2025:21:19:29 -0400] "GET /wp-includes/block-supports/autoload_classmap.php HTTP/1.1" 404 8272 "-" "-"
20.161.23.98 - - [31/Mar/2025:21:19:29 -0400] "GET /wp-content/uploads/classwithtostring.php HTTP/1.1" 404 8272 "-" "-"
20.161.23.98 - - [31/Mar/2025:21:19:30 -0400] "GET /wp-admin/images/install.php HTTP/1.1" 404 8271 "-" "-"
20.161.23.98 - - [31/Mar/2025:21:19:31 -0400] "GET /.well-known/link.php HTTP/1.1" 404 8271 "-" "-"
20.161.23.98 - - [31/Mar/2025:21:19:32 -0400] "GET /wp-admin/chosen.php HTTP/1.1" 404 8271 "-" "-"
20.161.23.98 - - [31/Mar/2025:21:19:33 -0400] "GET /info.php HTTP/1.1" 404 8272 "-" "-"
20.161.23.98 - - [31/Mar/2025:21:19:33 -0400] "GET /wp-includes/assets/about.php HTTP/1.1" 404 8272 "-" "-"
20.161.23.98 - - [31/Mar/2025:21:19:34 -0400] "GET /test.php HTTP/1.1" 404 8273 "-" "-"
20.161.23.98 - - [31/Mar/2025:21:19:35 -0400] "GET /wp-admin/css/colors/ectoplasm/wp-login.php HTTP/1.1" 404 8272 "-" "-"
20.161.23.98 - - [31/Mar/2025:21:19:36 -0400] "GET /Assets/item.php HTTP/1.1" 404 8272 "-" "-"
20.161.23.98 - - [31/Mar/2025:21:19:37 -0400] "GET /shop/lock.php HTTP/1.1" 404 8272 "-" "-"
20.161.23.98 - - [31/Mar/2025:21:19:38 -0400] "GET /th/plugins/phpThumb/404.php HTTP/1.1" 404 8272 "-" "-"
20.161.23.98 - - [31/Mar/2025:21:19:38 -0400] "GET /wp-includes/css/dist/preferences/index.php HTTP/1.1" 301 0 "-" "-"
20.161.23.98 - - [31/Mar/2025:21:19:39 -0400] "GET /wp-includes/css/dist/preferences/ HTTP/1.1" 403 1242 "-" "-"
20.161.23.98 - - [31/Mar/2025:21:19:39 -0400] "GET /files/log.php HTTP/1.1" 404 8272 "-" "-"
20.161.23.98 - - [31/Mar/2025:21:19:40 -0400] "GET /wp-includes/html-api/index.php HTTP/1.1" 301 0 "-" "-"
20.161.23.98 - - [31/Mar/2025:21:19:40 -0400] "GET /wp-includes/html-api/ HTTP/1.1" 403 1242 "-" "-"
20.161.23.98 - - [31/Mar/2025:21:19:40 -0400] "GET /x.php HTTP/1.1" 404 8271 "-" "-"
20.161.23.98 - - [31/Mar/2025:21:19:41 -0400] "GET /wp-includes/assets/index.php HTTP/1.1" 301 0 "-" "-"
20.161.23.98 - - [31/Mar/2025:21:19:41 -0400] "GET /wp-includes/assets/ HTTP/1.1" 403 1242 "-" "-"
20.161.23.98 - - [31/Mar/2025:21:19:41 -0400] "GET /wp-includes/block-patterns/vuln.php HTTP/1.1" 404 8271 "-" "-"
20.161.23.98 - - [31/Mar/2025:21:19:42 -0400] "GET /wp-includes/rest-api/fields/index.php HTTP/1.1" 301 0 "-" "-"
20.161.23.98 - - [31/Mar/2025:21:19:43 -0400] "GET /wp-includes/rest-api/fields/ HTTP/1.1" 403 1242 "-" "-"
20.161.23.98 - - [31/Mar/2025:21:19:43 -0400] "GET /wp-includes/images/media/wp-login.php HTTP/1.1" 404 8272 "-" "-"
20.161.23.98 - - [31/Mar/2025:21:19:43 -0400] "GET /wp-content/uploads/autoload_classmap.php HTTP/1.1" 404 8272 "-" "-"
20.161.23.98 - - [31/Mar/2025:21:19:44 -0400] "GET /images/404.php HTTP/1.1" 404 8272 "-" "-"
20.161.23.98 - - [31/Mar/2025:21:19:45 -0400] "GET /wp-content/languages/asus.php HTTP/1.1" 404 8273 "-" "-"
20.161.23.98 - - [31/Mar/2025:21:19:45 -0400] "GET /admin.php HTTP/1.1" 404 8272 "-" "-"
20.161.23.98 - - [31/Mar/2025:21:19:46 -0400] "GET /.well-known/pki-validation/parx.php HTTP/1.1" 404 1251 "-" "-"
20.161.23.98 - - [31/Mar/2025:21:19:46 -0400] "GET /wp-content/plugins/wp-login.php HTTP/1.1" 404 8272 "-" "-"
20.161.23.98 - - [31/Mar/2025:21:19:48 -0400] "GET /12wudscz.php HTTP/1.1" 404 8272 "-" "-"
198.54.114.83 - - [31/Mar/2025:21:19:49 -0400] "POST /wp-cron.php?doing_wp_cron=1743470389.1793661117553710937500 HTTP/1.1" 200 0 "-" "WordPress/6.7.2; https://inversionesgoldie.com"
20.161.23.98 - - [31/Mar/2025:21:19:49 -0400] "GET /wp-content/themes/wp-pridmag/admin.php HTTP/1.1" 404 8272 "-" "-"
20.161.23.98 - - [31/Mar/2025:21:19:50 -0400] "GET /wp-includes/Text/wp-conflg.php HTTP/1.1" 404 8271 "-" "-"
20.161.23.98 - - [31/Mar/2025:21:19:51 -0400] "GET /wp-content/plugins/background-image-cropper/plugins.php HTTP/1.1" 404 8271 "-" "-"
20.161.23.98 - - [31/Mar/2025:21:19:52 -0400] "GET /classwithtostring.php HTTP/1.1" 404 8272 "-" "-"
20.161.23.98 - - [31/Mar/2025:21:19:53 -0400] "GET /wp-includes/Text/Diff/Renderer/wp-login.php HTTP/1.1" 404 8272 "-" "-"
20.161.23.98 - - [31/Mar/2025:21:19:54 -0400] "GET /wp-admin/images/users.php HTTP/1.1" 404 8272 "-" "-"
20.161.23.98 - - [31/Mar/2025:21:19:54 -0400] "GET /wp-includes/rest-api/endpoints/index.php HTTP/1.1" 301 0 "-" "-"
20.161.23.98 - - [31/Mar/2025:21:19:56 -0400] "GET /wp-includes/rest-api/endpoints/ HTTP/1.1" 403 1242 "-" "-"
20.161.23.98 - - [31/Mar/2025:21:19:56 -0400] "GET /wp-includes/random_compat/about.php HTTP/1.1" 404 8272 "-" "-"
20.161.23.98 - - [31/Mar/2025:21:19:58 -0400] "GET /index/about.php HTTP/1.1" 404 8272 "-" "-"
20.161.23.98 - - [31/Mar/2025:21:19:59 -0400] "GET /manager.php HTTP/1.1" 404 8272 "-" "-"
20.161.23.98 - - [31/Mar/2025:21:19:59 -0400] "GET /.well-known/pki-validation/about.php HTTP/1.1" 404 1251 "-" "-"
20.161.23.98 - - [31/Mar/2025:21:20:02 -0400] "GET /wp-admin/user/content.php HTTP/1.1" 404 8271 "-" "-"
20.161.23.98 - - [31/Mar/2025:21:20:04 -0400] "GET /modules/mod_simplefileuploadv1.3/elements/filemanager.php HTTP/1.1" 404 8273 "-" "-"
20.161.23.98 - - [31/Mar/2025:21:20:05 -0400] "GET /about/function.php HTTP/1.1" 404 8272 "-" "-"
20.161.23.98 - - [31/Mar/2025:21:20:09 -0400] "GET /wp-content/plugins/wp.php HTTP/1.1" 404 8272 "-" "-"
20.161.23.98 - - [31/Mar/2025:21:20:10 -0400] "GET /wp-admin/includes/index.php HTTP/1.1" 301 0 "-" "-"
20.161.23.98 - - [31/Mar/2025:21:20:11 -0400] "GET /wp-admin/includes/ HTTP/1.1" 403 1242 "-" "-"
20.161.23.98 - - [31/Mar/2025:21:20:13 -0400] "GET /wp-includes/SimplePie/Cache/content.php HTTP/1.1" 404 8272 "-" "-"
20.161.23.98 - - [31/Mar/2025:21:20:14 -0400] "GET /wp-content/themes/xmrlpc.php HTTP/1.1" 404 8272 "-" "-"
20.161.23.98 - - [31/Mar/2025:21:20:15 -0400] "GET /wp-includes/js/wp-login.php HTTP/1.1" 404 8273 "-" "-"
20.161.23.98 - - [31/Mar/2025:21:20:18 -0400] "GET /wp-mail.php/wp-includes/ID3/taptap-null.php HTTP/1.1" 403 1123 "-" "-"
20.161.23.98 - - [31/Mar/2025:21:20:19 -0400] "GET /.well-known/as.php HTTP/1.1" 404 8272 "-" "-"
20.161.23.98 - - [31/Mar/2025:21:20:19 -0400] "GET /wp-includes/customize/wp-login.php HTTP/1.1" 404 8272 "-" "-"
20.161.23.98 - - [31/Mar/2025:21:20:21 -0400] "GET /.well-known/lv.php HTTP/1.1" 404 8271 "-" "-"
20.161.23.98 - - [31/Mar/2025:21:20:23 -0400] "GET /themes.php HTTP/1.1" 404 8272 "-" "-"
20.161.23.98 - - [31/Mar/2025:21:20:24 -0400] "GET /wp-content/plugins/duplicator/assets/about.php HTTP/1.1" 404 8272 "-" "-"
20.161.23.98 - - [31/Mar/2025:21:20:25 -0400] "GET /wp-admin/network/upfile.php HTTP/1.1" 404 8272 "-" "-"
20.161.23.98 - - [31/Mar/2025:21:20:26 -0400] "GET /wp-content/plugins/index.php HTTP/1.1" 200 0 "-" "-"
20.161.23.98 - - [31/Mar/2025:21:20:28 -0400] "GET /wp-includes/sitemaps/providers/about.php HTTP/1.1" 404 8272 "-" "-"
20.161.23.98 - - [31/Mar/2025:21:20:30 -0400] "GET /wp-content/upgrade/autoload_classmap.php HTTP/1.1" 404 8271 "-" "-"
20.161.23.98 - - [31/Mar/2025:21:20:32 -0400] "GET /images/cjfuns.php HTTP/1.1" 404 8272 "-" "-"
20.161.23.98 - - [31/Mar/2025:21:20:35 -0400] "GET /wp-includes/sodium_compat/src/content.php HTTP/1.1" 404 8273 "-" "-"
20.161.23.98 - - [31/Mar/2025:21:20:37 -0400] "GET /wp-includes/rest-api/admin.php HTTP/1.1" 404 8272 "-" "-"
20.161.23.98 - - [31/Mar/2025:21:20:39 -0400] "GET /wp-includes/js/crop/zmFM.php HTTP/1.1" 404 8272 "-" "-"
20.161.23.98 - - [31/Mar/2025:21:20:41 -0400] "GET /wp-2019.php HTTP/1.1" 404 8271 "-" "-"
20.161.23.98 - - [31/Mar/2025:21:20:43 -0400] "GET /wp-includes/js/about.php HTTP/1.1" 404 8272 "-" "-"
20.161.23.98 - - [31/Mar/2025:21:20:44 -0400] "GET /wp-content/plugin.php HTTP/1.1" 404 8273 "-" "-"
20.161.23.98 - - [31/Mar/2025:21:20:45 -0400] "GET /wp-admin/js/widgets/xmrlpc.php HTTP/1.1" 404 8272 "-" "-"
20.161.23.98 - - [31/Mar/2025:21:20:47 -0400] "GET /wp-configs.php HTTP/1.1" 404 8272 "-" "-"
198.54.114.83 - - [31/Mar/2025:21:20:50 -0400] "POST /wp-cron.php?doing_wp_cron=1743470449.4991331100463867187500 HTTP/1.1" 200 0 "-" "WordPress/6.7.2; https://inversionesgoldie.com"
20.161.23.98 - - [31/Mar/2025:21:20:49 -0400] "GET /wp-includes/Text/wp.php HTTP/1.1" 404 8271 "-" "-"
20.161.23.98 - - [31/Mar/2025:21:20:52 -0400] "GET /inputs.php HTTP/1.1" 404 8271 "-" "-"
20.161.23.98 - - [31/Mar/2025:21:20:53 -0400] "GET /wp-includes/block-supports/about.php HTTP/1.1" 404 8272 "-" "-"
20.161.23.98 - - [31/Mar/2025:21:20:55 -0400] "GET /wp-admin/network/chosen.php HTTP/1.1" 404 8273 "-" "-"
20.161.23.98 - - [31/Mar/2025:21:20:57 -0400] "GET /wp-includes/images/chosen.php HTTP/1.1" 404 8272 "-" "-"
20.161.23.98 - - [31/Mar/2025:21:20:59 -0400] "GET /.well-known/acme-challenge/parx.php HTTP/1.1" 404 8272 "-" "-"
20.161.23.98 - - [31/Mar/2025:21:21:01 -0400] "GET /wp-includes/sodium_compat/src/Core32/Curve25519/Ge/about.php HTTP/1.1" 404 8271 "-" "-"
20.161.23.98 - - [31/Mar/2025:21:21:03 -0400] "GET /index/function.php HTTP/1.1" 404 8272 "-" "-"
20.161.23.98 - - [31/Mar/2025:21:21:04 -0400] "GET /css.php HTTP/1.1" 404 8273 "-" "-"
20.161.23.98 - - [31/Mar/2025:21:21:06 -0400] "GET /wp-content/languages/index.php HTTP/1.1" 301 0 "-" "-"
20.161.23.98 - - [31/Mar/2025:21:21:07 -0400] "GET /wp-content/languages/ HTTP/1.1" 404 8272 "-" "-"
20.161.23.98 - - [31/Mar/2025:21:21:08 -0400] "GET /network.php HTTP/1.1" 404 8272 "-" "-"
20.161.23.98 - - [31/Mar/2025:21:21:09 -0400] "GET /wp-admin/css/colors/blue/wp-login.php HTTP/1.1" 404 8272 "-" "-"
20.161.23.98 - - [31/Mar/2025:21:21:11 -0400] "GET /admin/fckeditor/editor/filemanager/updates.php HTTP/1.1" 404 8271 "-" "-"
20.161.23.98 - - [31/Mar/2025:21:21:11 -0400] "GET /wp-content/uploads/file.php HTTP/1.1" 404 8272 "-" "-"
20.161.23.98 - - [31/Mar/2025:21:21:13 -0400] "GET /wp-includes/Requests/Response/wp-login.php HTTP/1.1" 404 8272 "-" "-"
20.161.23.98 - - [31/Mar/2025:21:21:14 -0400] "GET /wp-admin/css/colors/coffee/alfa-rex.php HTTP/1.1" 404 8273 "-" "-"
20.161.23.98 - - [31/Mar/2025:21:21:16 -0400] "GET /wp-includes/SimplePie/Cache/about.php HTTP/1.1" 404 8272 "-" "-"
20.161.23.98 - - [31/Mar/2025:21:21:19 -0400] "GET /wp-includes/sodium_compat/src/alfa-rex.php HTTP/1.1" 404 8272 "-" "-"
20.161.23.98 - - [31/Mar/2025:21:21:21 -0400] "GET /wp-admin/css/colors/blue/index.php HTTP/1.1" 301 0 "-" "-"
20.161.23.98 - - [31/Mar/2025:21:21:23 -0400] "GET /wp-admin/css/colors/blue/ HTTP/1.1" 403 1242 "-" "-"
20.161.23.98 - - [31/Mar/2025:21:21:23 -0400] "GET /wp-mail.php/wp-includes/ID3/wp-mail.php HTTP/1.1" 403 1123 "-" "-"
20.161.23.98 - - [31/Mar/2025:21:21:25 -0400] "GET /wp-content/plugins/revslider/public/assets/assets/sources/wp-login.php HTTP/1.1" 404 8272 "-" "-"
20.161.23.98 - - [31/Mar/2025:21:21:26 -0400] "GET /wp.php HTTP/1.1" 404 8271 "-" "-"
20.161.23.98 - - [31/Mar/2025:21:21:29 -0400] "GET /wp-content/themes/file.php HTTP/1.1" 404 8271 "-" "-"
20.161.23.98 - - [31/Mar/2025:21:21:31 -0400] "GET /css/item.php HTTP/1.1" 404 8271 "-" "-"
20.161.23.98 - - [31/Mar/2025:21:21:33 -0400] "GET /wp-content/uploads/2020/admin.php HTTP/1.1" 404 8272 "-" "-"
20.161.23.98 - - [31/Mar/2025:21:21:34 -0400] "GET /wp-admin/includes/xmrlpc.php HTTP/1.1" 404 8273 "-" "-"
20.161.23.98 - - [31/Mar/2025:21:21:36 -0400] "GET /assets/images/wp-login.php HTTP/1.1" 404 8272 "-" "-"
20.161.23.98 - - [31/Mar/2025:21:21:37 -0400] "GET /css/xp.php HTTP/1.1" 404 8272 "-" "-"
20.161.23.98 - - [31/Mar/2025:21:21:39 -0400] "GET /wp-includes/assets/themes.php HTTP/1.1" 404 8272 "-" "-"
20.161.23.98 - - [31/Mar/2025:21:21:41 -0400] "GET /wp-content/plugins/dummyyummy/wp-signup.php HTTP/1.1" 404 8271 "-" "-"
20.161.23.98 - - [31/Mar/2025:21:21:42 -0400] "GET /wp-content/uploads/chosen.php HTTP/1.1" 404 8271 "-" "-"
20.161.23.98 - - [31/Mar/2025:21:21:44 -0400] "GET /wp-includes/style-engine/autoload_classmap.php HTTP/1.1" 404 8272 "-" "-"
20.161.23.98 - - [31/Mar/2025:21:21:45 -0400] "GET /wp-includes/SimplePie/Content/Type/wp-login.php HTTP/1.1" 404 8272 "-" "-"
20.161.23.98 - - [31/Mar/2025:21:21:47 -0400] "GET /js/style.php HTTP/1.1" 404 8272 "-" "-"
198.54.114.83 - - [31/Mar/2025:21:21:49 -0400] "POST /wp-cron.php?doing_wp_cron=1743470509.3805029392242431640625 HTTP/1.1" 200 0 "-" "WordPress/6.7.2; https://inversionesgoldie.com"
20.161.23.98 - - [31/Mar/2025:21:21:49 -0400] "GET /wp-content/languages/wp-login.php HTTP/1.1" 404 8272 "-" "-"
20.161.23.98 - - [31/Mar/2025:21:21:52 -0400] "GET /lock.php HTTP/1.1" 404 8271 "-" "-"
20.161.23.98 - - [31/Mar/2025:21:21:52 -0400] "GET /wp-includes/js/tinymce/skins/wordpress/images/about.php HTTP/1.1" 404 8272 "-" "-"
20.161.23.98 - - [31/Mar/2025:21:21:54 -0400] "GET /wp-includes/SimplePie/Content/Type/index.php HTTP/1.1" 301 0 "-" "-"
20.161.23.98 - - [31/Mar/2025:21:21:55 -0400] "GET /wp-includes/SimplePie/Content/Type/ HTTP/1.1" 404 8273 "-" "-"
20.161.23.98 - - [31/Mar/2025:21:21:55 -0400] "GET /.well-known/dropdown.php HTTP/1.1" 404 8272 "-" "-"
20.161.23.98 - - [31/Mar/2025:21:21:58 -0400] "GET /wp-includes/rest-api/autoload_classmap.php HTTP/1.1" 404 8272 "-" "-"
20.161.23.98 - - [31/Mar/2025:21:21:59 -0400] "GET /readme.php HTTP/1.1" 404 8272 "-" "-"
20.161.23.98 - - [31/Mar/2025:21:22:01 -0400] "GET /edit.php HTTP/1.1" 404 8271 "-" "-"
20.161.23.98 - - [31/Mar/2025:21:22:03 -0400] "GET /wp-content/themes/travelscape/json.php HTTP/1.1" 404 8272 "-" "-"
20.161.23.98 - - [31/Mar/2025:21:22:04 -0400] "GET /wp-admin/wp-admin.php HTTP/1.1" 404 8273 "-" "-"
20.161.23.98 - - [31/Mar/2025:21:22:06 -0400] "GET /wp-content/upgrade/shell.php HTTP/1.1" 404 8272 "-" "-"
20.161.23.98 - - [31/Mar/2025:21:22:08 -0400] "GET /wp-admin/user/bak.php HTTP/1.1" 404 8272 "-" "-"
20.161.23.98 - - [31/Mar/2025:21:22:09 -0400] "GET /wp-content/plugins/admin.php HTTP/1.1" 404 8272 "-" "-"
20.161.23.98 - - [31/Mar/2025:21:22:10 -0400] "GET /wp-admin/css/about.php HTTP/1.1" 404 8271 "-" "-"
20.161.23.98 - - [31/Mar/2025:21:22:11 -0400] "GET /wp-admin/date.php HTTP/1.1" 404 8271 "-" "-"
20.161.23.98 - - [31/Mar/2025:21:22:11 -0400] "GET /index/x.php HTTP/1.1" 404 8272 "-" "-"
20.161.23.98 - - [31/Mar/2025:21:22:12 -0400] "GET /wp-includes/network.php HTTP/1.1" 404 8272 "-" "-"
20.161.23.98 - - [31/Mar/2025:21:22:13 -0400] "GET /.well-known/.well-known/cc.php HTTP/1.1" 404 8272 "-" "-"
20.161.23.98 - - [31/Mar/2025:21:22:13 -0400] "GET /wp-includes/pomo/chosen.php HTTP/1.1" 404 8272 "-" "-"
20.161.23.98 - - [31/Mar/2025:21:22:13 -0400] "GET /.well-known/pki-validation/pwnd.php HTTP/1.1" 404 1251 "-" "-"
20.161.23.98 - - [31/Mar/2025:21:22:14 -0400] "GET /css/cong.php HTTP/1.1" 404 8272 "-" "-"
20.161.23.98 - - [31/Mar/2025:21:22:14 -0400] "GET /wp-includes/customize/shell.php HTTP/1.1" 404 8272 "-" "-"
20.161.23.98 - - [31/Mar/2025:21:22:14 -0400] "GET /wp-content/mah.php HTTP/1.1" 404 8273 "-" "-"
20.161.23.98 - - [31/Mar/2025:21:22:15 -0400] "GET /wp-content/upgrade/admin.php HTTP/1.1" 404 8273 "-" "-"
20.161.23.98 - - [31/Mar/2025:21:22:15 -0400] "GET /wp-content/index.php HTTP/1.1" 200 0 "-" "-"
20.161.23.98 - - [31/Mar/2025:21:22:15 -0400] "GET /cgi-bin/fm.php HTTP/1.1" 404 8273 "-" "-"
20.161.23.98 - - [31/Mar/2025:21:22:16 -0400] "GET /wp-includes/block-supports/variations.php HTTP/1.1" 404 8272 "-" "-"
20.161.23.98 - - [31/Mar/2025:21:22:16 -0400] "GET /wp-includes/rest-api/wp-login.php HTTP/1.1" 404 8272 "-" "-"
20.161.23.98 - - [31/Mar/2025:21:22:17 -0400] "GET /.well-known/index.php HTTP/1.1" 301 0 "-" "-"
80.229.84.33 - - [31/Mar/2025:21:22:17 -0400] "GET /commercial-building-disclosure-has-arrived/ HTTP/1.1" 200 13303 "http://inversionesgoldie.com/commercial-building-disclosure-has-arrived/" "Mozilla/5.0 (Windows NT 10.0; Win64; x64) AppleWebKit/537.36 (KHTML, like Gecko) Chrome/129.0.0.0 Safari/537.36"
20.161.23.98 - - [31/Mar/2025:21:22:17 -0400] "GET /.well-known/ HTTP/1.1" 404 8272 "-" "-"
20.161.23.98 - - [31/Mar/2025:21:22:17 -0400] "GET /wp-content/languages/link.php HTTP/1.1" 404 8272 "-" "-"
20.161.23.98 - - [31/Mar/2025:21:22:18 -0400] "GET /wp-includes/sitemaps/about.php HTTP/1.1" 404 8272 "-" "-"
20.161.23.98 - - [31/Mar/2025:21:22:19 -0400] "GET /function.php HTTP/1.1" 404 8272 "-" "-"
20.161.23.98 - - [31/Mar/2025:21:22:19 -0400] "GET /wp-includes/customize/autoload_classmap.php HTTP/1.1" 404 8272 "-" "-"
80.229.84.33 - - [31/Mar/2025:21:22:21 -0400] "POST /wp-comments-post.php HTTP/1.1" 200 1168 "http://inversionesgoldie.com/commercial-building-disclosure-has-arrived/" "Mozilla/5.0 (Windows NT 10.0; Win64; x64) AppleWebKit/537.36 (KHTML, like Gecko) Chrome/129.0.0.0 Safari/537.36"
20.161.23.98 - - [31/Mar/2025:21:22:20 -0400] "GET /wp-includes/fonts/item.php HTTP/1.1" 404 8272 "-" "-"
20.161.23.98 - - [31/Mar/2025:21:22:21 -0400] "GET /wp-content/themes/index.php HTTP/1.1" 200 0 "-" "-"
20.161.23.98 - - [31/Mar/2025:21:22:22 -0400] "GET /wp-content/themes/classic/inc/json.php HTTP/1.1" 404 8272 "-" "-"
20.161.23.98 - - [31/Mar/2025:21:22:23 -0400] "GET /wp-content/plugins/seoplugins/wso112233.php HTTP/1.1" 404 8272 "-" "-"
20.161.23.98 - - [31/Mar/2025:21:22:24 -0400] "GET /wp-includes/sodium_compat/link.php HTTP/1.1" 404 8272 "-" "-"
20.161.23.98 - - [31/Mar/2025:21:22:25 -0400] "GET /wp-includes/images/wlw/wp-login.php HTTP/1.1" 404 8272 "-" "-"
20.161.23.98 - - [31/Mar/2025:21:22:26 -0400] "GET /byp.php HTTP/1.1" 404 8272 "-" "-"
20.161.23.98 - - [31/Mar/2025:21:22:27 -0400] "GET /wp-content/plugins/WordPressCore/alfa-rex.php HTTP/1.1" 404 8272 "-" "-"
20.161.23.98 - - [31/Mar/2025:21:22:28 -0400] "GET /wp-content/plugins/revslider/includes/external/page/index.php HTTP/1.1" 301 0 "-" "-"
20.161.23.98 - - [31/Mar/2025:21:22:29 -0400] "GET /wp-content/plugins/revslider/includes/external/page/ HTTP/1.1" 404 8272 "-" "-"
20.161.23.98 - - [31/Mar/2025:21:22:30 -0400] "GET /wp-includes/style-engine/content.php HTTP/1.1" 404 8271 "-" "-"
20.161.23.98 - - [31/Mar/2025:21:22:31 -0400] "GET /wordpress/wp-admin/includeswp-conflg.php HTTP/1.1" 404 8271 "-" "-"
20.161.23.98 - - [31/Mar/2025:21:22:32 -0400] "GET /wp-admin/mah.php HTTP/1.1" 404 8271 "-" "-"
20.161.23.98 - - [31/Mar/2025:21:22:33 -0400] "GET /wp-admin/js/wp-login.php HTTP/1.1" 404 8272 "-" "-"
20.161.23.98 - - [31/Mar/2025:21:22:33 -0400] "GET /wp-includes/js/codemirror/about.php HTTP/1.1" 404 8272 "-" "-"
20.161.23.98 - - [31/Mar/2025:21:22:34 -0400] "GET /wp-includes/sitemaps/providers/index.php HTTP/1.1" 301 0 "-" "-"
20.161.23.98 - - [31/Mar/2025:21:22:35 -0400] "GET /wp-includes/sitemaps/providers/ HTTP/1.1" 403 1242 "-" "-"
20.161.23.98 - - [31/Mar/2025:21:22:35 -0400] "GET /wp-mail.php/wp-includes/ID3/Core32.php HTTP/1.1" 403 1123 "-" "-"
20.161.23.98 - - [31/Mar/2025:21:22:35 -0400] "GET /wp-includes/css/wp-login.php HTTP/1.1" 404 8273 "-" "-"
20.161.23.98 - - [31/Mar/2025:21:22:36 -0400] "GET /wp-admin/includes/install.php HTTP/1.1" 404 8272 "-" "-"
20.161.23.98 - - [31/Mar/2025:21:22:36 -0400] "GET /wp-content/themes/about.php HTTP/1.1" 404 8272 "-" "-"
20.161.23.98 - - [31/Mar/2025:21:22:37 -0400] "GET /.well-known/pki-validation/muse.php HTTP/1.1" 404 1251 "-" "-"
20.161.23.98 - - [31/Mar/2025:21:22:37 -0400] "GET /wp-content/languages/chosen.php HTTP/1.1" 404 8272 "-" "-"
20.161.23.98 - - [31/Mar/2025:21:22:37 -0400] "GET /buy.php HTTP/1.1" 404 8272 "-" "-"
20.161.23.98 - - [31/Mar/2025:21:22:38 -0400] "GET /wp-includes/Text/alfa-rex.php HTTP/1.1" 404 8272 "-" "-"
20.161.23.98 - - [31/Mar/2025:21:22:39 -0400] "GET /wp-includes/block-patterns/index.php HTTP/1.1" 301 0 "-" "-"
20.161.23.98 - - [31/Mar/2025:21:22:39 -0400] "GET /wp-includes/block-patterns/ HTTP/1.1" 403 1242 "-" "-"
20.161.23.98 - - [31/Mar/2025:21:22:39 -0400] "GET /admin/ty.php HTTP/1.1" 404 8272 "-" "-"
20.161.23.98 - - [31/Mar/2025:21:22:40 -0400] "GET /assets/images/doc.php HTTP/1.1" 404 8272 "-" "-"
20.161.23.98 - - [31/Mar/2025:21:22:40 -0400] "GET /wp-admin/network/admin.php HTTP/1.1" 302 0 "-" "-"
20.161.23.98 - - [31/Mar/2025:21:22:41 -0400] "GET /wp-content/themes/cay-van-phong/3luaO.php HTTP/1.1" 404 8271 "-" "-"
20.161.23.98 - - [31/Mar/2025:21:22:42 -0400] "GET /wp-includes/sodium_compat/wp-login.php HTTP/1.1" 404 8271 "-" "-"
20.161.23.98 - - [31/Mar/2025:21:22:43 -0400] "GET /wp-includes/theme-compat/about.php HTTP/1.1" 404 8272 "-" "-"
20.161.23.98 - - [31/Mar/2025:21:22:43 -0400] "GET /wp-mail.php/wp-includes/ID3/info.php HTTP/1.1" 403 1123 "-" "-"
20.161.23.98 - - [31/Mar/2025:21:22:44 -0400] "GET /admin/images/slider/CUfcfoH.php HTTP/1.1" 404 8272 "-" "-"
20.161.23.98 - - [31/Mar/2025:21:22:45 -0400] "GET /wp-admin/setup-config.php HTTP/1.1" 409 1222 "-" "-"
20.161.23.98 - - [31/Mar/2025:21:22:45 -0400] "GET /wp-includes/blocks/edit.php HTTP/1.1" 404 8272 "-" "-"
20.161.23.98 - - [31/Mar/2025:21:22:46 -0400] "GET /wp-includes/lock.php HTTP/1.1" 404 8272 "-" "-"
20.161.23.98 - - [31/Mar/2025:21:22:47 -0400] "GET /css/index.php HTTP/1.1" 301 0 "-" "-"
20.161.23.98 - - [31/Mar/2025:21:22:48 -0400] "GET /css/ HTTP/1.1" 404 8272 "-" "-"
20.161.23.98 - - [31/Mar/2025:21:22:48 -0400] "GET /wp-content/upgrade/wp-sigunq.php HTTP/1.1" 404 8272 "-" "-"
198.54.114.83 - - [31/Mar/2025:21:22:50 -0400] "POST /wp-cron.php?doing_wp_cron=1743470569.6760749816894531250000 HTTP/1.1" 200 0 "-" "WordPress/6.7.2; https://inversionesgoldie.com"
20.161.23.98 - - [31/Mar/2025:21:22:49 -0400] "GET /wp-includes/certificates/up.php HTTP/1.1" 404 8272 "-" "-"
20.161.23.98 - - [31/Mar/2025:21:22:50 -0400] "GET /wp-includes/ID3/about.php HTTP/1.1" 404 8271 "-" "-"
20.161.23.98 - - [31/Mar/2025:21:22:51 -0400] "GET /admin/atomlib.php HTTP/1.1" 404 8271 "-" "-"
20.161.23.98 - - [31/Mar/2025:21:22:52 -0400] "GET /item.php HTTP/1.1" 404 8271 "-" "-"
20.161.23.98 - - [31/Mar/2025:21:22:52 -0400] "GET /wp-content/upgrade/about.php HTTP/1.1" 404 8272 "-" "-"
20.161.23.98 - - [31/Mar/2025:21:22:55 -0400] "GET /wp-includes/js/alfa-rex.php HTTP/1.1" 404 8273 "-" "-"
20.161.23.98 - - [31/Mar/2025:21:22:56 -0400] "GET /css/cloud.php HTTP/1.1" 404 8272 "-" "-"
20.161.23.98 - - [31/Mar/2025:21:22:57 -0400] "GET /wp-admin/js/index.php HTTP/1.1" 301 0 "-" "-"
20.161.23.98 - - [31/Mar/2025:21:22:57 -0400] "GET /wp-admin/js/ HTTP/1.1" 403 1242 "-" "-"
20.161.23.98 - - [31/Mar/2025:21:22:58 -0400] "GET /admin/upload/themes-install.php HTTP/1.1" 404 8272 "-" "-"
20.161.23.98 - - [31/Mar/2025:21:22:59 -0400] "GET /0x.php HTTP/1.1" 404 8272 "-" "-"
20.161.23.98 - - [31/Mar/2025:21:23:00 -0400] "GET /wp-admin/js/alfa-rex.php HTTP/1.1" 404 8271 "-" "-"
20.161.23.98 - - [31/Mar/2025:21:23:01 -0400] "GET /wp-content/about.php HTTP/1.1" 404 8271 "-" "-"
20.161.23.98 - - [31/Mar/2025:21:23:03 -0400] "GET /wp-includes/assets/file.php HTTP/1.1" 404 8273 "-" "-"
20.161.23.98 - - [31/Mar/2025:21:23:06 -0400] "GET /wp-admin/item.php HTTP/1.1" 404 8272 "-" "-"
20.161.23.98 - - [31/Mar/2025:21:23:09 -0400] "GET /include/mail.php HTTP/1.1" 404 8272 "-" "-"
20.161.23.98 - - [31/Mar/2025:21:23:11 -0400] "GET /.well-known/admin.php HTTP/1.1" 404 8271 "-" "-"
20.161.23.98 - - [31/Mar/2025:21:23:12 -0400] "GET /bs1.php HTTP/1.1" 404 8272 "-" "-"
20.161.23.98 - - [31/Mar/2025:21:23:15 -0400] "GET /wp-admin/images/about.php HTTP/1.1" 404 8272 "-" "-"
20.161.23.98 - - [31/Mar/2025:21:23:17 -0400] "GET /wp-admin/log.php HTTP/1.1" 404 8272 "-" "-"
20.161.23.98 - - [31/Mar/2025:21:23:18 -0400] "GET /wp-content/plugins/xmrlpc.php HTTP/1.1" 404 8272 "-" "-"
