13.74.81.124 - - [04/Apr/2025:01:00:51 -0400] "GET /wso112233.php HTTP/1.1" 404 8271 "-" "-"
13.74.81.124 - - [04/Apr/2025:01:00:51 -0400] "GET /radio.php HTTP/1.1" 404 8270 "-" "-"
13.74.81.124 - - [04/Apr/2025:01:00:52 -0400] "GET /wp-signup.php HTTP/1.1" 302 0 "-" "-"
13.74.81.124 - - [04/Apr/2025:01:00:53 -0400] "GET /simple.php HTTP/1.1" 404 8271 "-" "-"
13.74.81.124 - - [04/Apr/2025:01:00:53 -0400] "GET /wp-content/about.php HTTP/1.1" 404 8271 "-" "-"
13.74.81.124 - - [04/Apr/2025:01:00:54 -0400] "GET /wp-includes/autoload_classmap.php HTTP/1.1" 404 8271 "-" "-"
13.74.81.124 - - [04/Apr/2025:01:00:54 -0400] "GET /wp-includes/customize/about.php HTTP/1.1" 404 8271 "-" "-"
13.74.81.124 - - [04/Apr/2025:01:00:55 -0400] "GET /wp-includes/Requests/about.php HTTP/1.1" 404 8273 "-" "-"
13.74.81.124 - - [04/Apr/2025:01:00:55 -0400] "GET /wp-admin/radio.php HTTP/1.1" 404 8273 "-" "-"
13.74.81.124 - - [04/Apr/2025:01:00:55 -0400] "GET /wp-2019.php HTTP/1.1" 404 8271 "-" "-"
13.74.81.124 - - [04/Apr/2025:01:00:56 -0400] "GET /shell.php HTTP/1.1" 404 8271 "-" "-"
13.74.81.124 - - [04/Apr/2025:01:00:56 -0400] "GET /wp-admin/css/colors/index.php HTTP/1.1" 301 0 "-" "-"
13.74.81.124 - - [04/Apr/2025:01:00:56 -0400] "GET /wp-admin/css/colors/ HTTP/1.1" 403 1242 "-" "-"
212.102.39.148 - - [04/Apr/2025:01:05:20 -0400] "GET /commercial-building-disclosure-has-arrived/ HTTP/1.1" 200 13303 "http://inversionesgoldie.com/commercial-building-disclosure-has-arrived/" "Mozilla/5.0 (Windows NT 10.0; Win64; x64) AppleWebKit/537.36 (KHTML, like Gecko) Chrome/129.0.0.0 Safari/537.36"
198.54.114.83 - - [04/Apr/2025:01:05:24 -0400] "POST /wp-cron.php?doing_wp_cron=1743743124.7837390899658203125000 HTTP/1.1" 200 0 "-" "WordPress/6.7.2; https://inversionesgoldie.com"
212.102.39.148 - - [04/Apr/2025:01:05:20 -0400] "POST /wp-comments-post.php HTTP/1.1" 302 0 "http://inversionesgoldie.com/commercial-building-disclosure-has-arrived/" "Mozilla/5.0 (Windows NT 10.0; Win64; x64) AppleWebKit/537.36 (KHTML, like Gecko) Chrome/129.0.0.0 Safari/537.36"
65.108.124.33 - - [04/Apr/2025:01:21:06 -0400] "GET /commercial-building-disclosure-has-arrived/ HTTP/1.1" 200 13303 "http://inversionesgoldie.com/commercial-building-disclosure-has-arrived/" "Mozilla/5.0 (Windows NT 10.0; Win64; x64) AppleWebKit/537.36 (KHTML, like Gecko) Chrome/130.0.0.0 Safari/537.36"
198.54.114.83 - - [04/Apr/2025:01:21:09 -0400] "POST /wp-cron.php?doing_wp_cron=1743744069.0956048965454101562500 HTTP/1.1" 200 0 "-" "WordPress/6.7.2; https://inversionesgoldie.com"
65.108.124.33 - - [04/Apr/2025:01:21:06 -0400] "POST /wp-comments-post.php HTTP/1.1" 302 0 "http://inversionesgoldie.com/commercial-building-disclosure-has-arrived/" "Mozilla/5.0 (Windows NT 10.0; Win64; x64) AppleWebKit/537.36 (KHTML, like Gecko) Chrome/130.0.0.0 Safari/537.36"
198.54.114.83 - - [04/Apr/2025:01:43:54 -0400] "POST /wp-cron.php?doing_wp_cron=1743745434.0131158828735351562500 HTTP/1.1" 200 0 "-" "WordPress/6.7.2; https://inversionesgoldie.com"
139.99.62.111 - - [04/Apr/2025:01:43:52 -0400] "GET /plugins/filemanager/dialog.php HTTP/1.1" 404 8271 "-" "Mozilla/5.0 (Macintosh; Intel Mac OS X 10.15; rv:77.0) Gecko/20100101 Firefox/77.0"
139.99.62.111 - - [04/Apr/2025:01:43:55 -0400] "GET /assets/plugins/filemanager/dialog.php HTTP/1.1" 404 8273 "-" "Mozilla/5.0 (Macintosh; Intel Mac OS X 10.15; rv:77.0) Gecko/20100101 Firefox/77.0"
198.54.114.83 - - [04/Apr/2025:01:47:01 -0400] "POST /wp-cron.php?doing_wp_cron=1743745621.8807029724121093750000 HTTP/1.1" 200 0 "-" "WordPress/6.7.2; https://inversionesgoldie.com"
18.142.254.69 - - [04/Apr/2025:01:47:01 -0400] "GET /wp-includes/ID3/index.php HTTP/1.1" 301 0 "-" "Mozilla/5.0 (Linux; Android 7.0; SM-G892A Build/NRD90M; wv) AppleWebKit/537.36 (KHTML, like Gecko) Version/4.0 Chrome/60.0.3112.107 Mobile Safari/537.36"
18.142.254.69 - - [04/Apr/2025:01:47:02 -0400] "GET /wp-includes/ID3/ HTTP/1.1" 403 1242 "-" "Mozilla/5.0 (Linux; Android 7.0; SM-G892A Build/NRD90M; wv) AppleWebKit/537.36 (KHTML, like Gecko) Version/4.0 Chrome/60.0.3112.107 Mobile Safari/537.36"
18.142.254.69 - - [04/Apr/2025:01:47:03 -0400] "GET /wp-content/plugins/index.php HTTP/1.1" 200 0 "-" "Mozilla/5.0 (Linux; Android 7.0; SM-G892A Build/NRD90M; wv) AppleWebKit/537.36 (KHTML, like Gecko) Version/4.0 Chrome/60.0.3112.107 Mobile Safari/537.36"
18.142.254.69 - - [04/Apr/2025:01:47:04 -0400] "GET /wp-admin/network/index.php HTTP/1.1" 302 0 "-" "Mozilla/5.0 (Linux; Android 7.0; SM-G892A Build/NRD90M; wv) AppleWebKit/537.36 (KHTML, like Gecko) Version/4.0 Chrome/60.0.3112.107 Mobile Safari/537.36"
18.142.254.69 - - [04/Apr/2025:01:47:06 -0400] "GET /wp-includes/IXR/index.php HTTP/1.1" 301 0 "-" "Mozilla/5.0 (Linux; Android 7.0; SM-G892A Build/NRD90M; wv) AppleWebKit/537.36 (KHTML, like Gecko) Version/4.0 Chrome/60.0.3112.107 Mobile Safari/537.36"
18.142.254.69 - - [04/Apr/2025:01:47:07 -0400] "GET /wp-includes/IXR/ HTTP/1.1" 403 1242 "-" "Mozilla/5.0 (Linux; Android 7.0; SM-G892A Build/NRD90M; wv) AppleWebKit/537.36 (KHTML, like Gecko) Version/4.0 Chrome/60.0.3112.107 Mobile Safari/537.36"
18.142.254.69 - - [04/Apr/2025:01:47:07 -0400] "GET /wp-admin/images/index.php HTTP/1.1" 301 0 "-" "Mozilla/5.0 (Linux; Android 7.0; SM-G892A Build/NRD90M; wv) AppleWebKit/537.36 (KHTML, like Gecko) Version/4.0 Chrome/60.0.3112.107 Mobile Safari/537.36"
18.142.254.69 - - [04/Apr/2025:01:47:07 -0400] "GET /wp-admin/images/ HTTP/1.1" 403 1242 "-" "Mozilla/5.0 (Linux; Android 7.0; SM-G892A Build/NRD90M; wv) AppleWebKit/537.36 (KHTML, like Gecko) Version/4.0 Chrome/60.0.3112.107 Mobile Safari/537.36"
18.142.254.69 - - [04/Apr/2025:01:47:08 -0400] "GET /wp-login.php HTTP/1.1" 302 0 "-" "Mozilla/5.0 (Linux; Android 7.0; SM-G892A Build/NRD90M; wv) AppleWebKit/537.36 (KHTML, like Gecko) Version/4.0 Chrome/60.0.3112.107 Mobile Safari/537.36"
18.142.254.69 - - [04/Apr/2025:01:47:10 -0400] "GET /wp-content/plugins/admin.php HTTP/1.1" 404 8271 "-" "Mozilla/5.0 (Linux; Android 7.0; SM-G892A Build/NRD90M; wv) AppleWebKit/537.36 (KHTML, like Gecko) Version/4.0 Chrome/60.0.3112.107 Mobile Safari/537.36"
18.142.254.69 - - [04/Apr/2025:01:47:11 -0400] "GET /wp-admin.php HTTP/1.1" 404 8271 "-" "Mozilla/5.0 (Linux; Android 7.0; SM-G892A Build/NRD90M; wv) AppleWebKit/537.36 (KHTML, like Gecko) Version/4.0 Chrome/60.0.3112.107 Mobile Safari/537.36"
18.142.254.69 - - [04/Apr/2025:01:47:12 -0400] "GET /wp-content/plugins/Core-Econ/upH.php HTTP/1.1" 404 8271 "-" "Mozilla/5.0 (Linux; Android 7.0; SM-G892A Build/NRD90M; wv) AppleWebKit/537.36 (KHTML, like Gecko) Version/4.0 Chrome/60.0.3112.107 Mobile Safari/537.36"
18.142.254.69 - - [04/Apr/2025:01:47:13 -0400] "GET /wp-content/plugins/fix/up.php HTTP/1.1" 404 8271 "-" "Mozilla/5.0 (Linux; Android 7.0; SM-G892A Build/NRD90M; wv) AppleWebKit/537.36 (KHTML, like Gecko) Version/4.0 Chrome/60.0.3112.107 Mobile Safari/537.36"
18.142.254.69 - - [04/Apr/2025:01:47:14 -0400] "GET /wp-content/plugins/pwnd/pwnd.php HTTP/1.1" 404 8271 "-" "Mozilla/5.0 (Linux; Android 7.0; SM-G892A Build/NRD90M; wv) AppleWebKit/537.36 (KHTML, like Gecko) Version/4.0 Chrome/60.0.3112.107 Mobile Safari/537.36"
18.142.254.69 - - [04/Apr/2025:01:47:14 -0400] "GET /wp-content/plugins/shell/noimg.php HTTP/1.1" 404 8271 "-" "Mozilla/5.0 (Linux; Android 7.0; SM-G892A Build/NRD90M; wv) AppleWebKit/537.36 (KHTML, like Gecko) Version/4.0 Chrome/60.0.3112.107 Mobile Safari/537.36"
18.142.254.69 - - [04/Apr/2025:01:47:15 -0400] "GET /WSOEnigma.php HTTP/1.1" 404 8273 "-" "Mozilla/5.0 (Linux; Android 7.0; SM-G892A Build/NRD90M; wv) AppleWebKit/537.36 (KHTML, like Gecko) Version/4.0 Chrome/60.0.3112.107 Mobile Safari/537.36"
18.142.254.69 - - [04/Apr/2025:01:47:16 -0400] "GET /wp-content/plugins/pwnd-1/pwnd.php HTTP/1.1" 404 8271 "-" "Mozilla/5.0 (Linux; Android 7.0; SM-G892A Build/NRD90M; wv) AppleWebKit/537.36 (KHTML, like Gecko) Version/4.0 Chrome/60.0.3112.107 Mobile Safari/537.36"
18.142.254.69 - - [04/Apr/2025:01:47:16 -0400] "GET /wp-content/plugins/dummyyummy/wp-signup.php HTTP/1.1" 404 8271 "-" "Mozilla/5.0 (Linux; Android 7.0; SM-G892A Build/NRD90M; wv) AppleWebKit/537.36 (KHTML, like Gecko) Version/4.0 Chrome/60.0.3112.107 Mobile Safari/537.36"
18.142.254.69 - - [04/Apr/2025:01:47:17 -0400] "GET /wp-content/plugins/clara/clara.php HTTP/1.1" 404 8271 "-" "Mozilla/5.0 (Linux; Android 7.0; SM-G892A Build/NRD90M; wv) AppleWebKit/537.36 (KHTML, like Gecko) Version/4.0 Chrome/60.0.3112.107 Mobile Safari/537.36"
85.208.98.23 - - [04/Apr/2025:02:02:47 -0400] "GET /robots.txt HTTP/1.1" 304 0 "-" "Mozilla/5.0 (compatible; SemrushBot-BA; +http://www.semrush.com/bot.html)"
34.222.207.168 - - [04/Apr/2025:02:17:20 -0400] "GET / HTTP/1.1" 200 98560 "-" "Mozilla/4.0 (compatible; MSIE 6.0; Windows NT 5.1; FSL 7.0.6.01001)"
198.54.114.83 - - [04/Apr/2025:02:38:44 -0400] "POST /wp-cron.php?doing_wp_cron=1743748724.4409389495849609375000 HTTP/1.1" 200 0 "-" "WordPress/6.7.2; https://inversionesgoldie.com"
140.245.43.10 - - [04/Apr/2025:02:38:43 -0400] "GET /media/system/js/core.js HTTP/1.1" 404 8273 "-" "Mozilla/5.0 (Macintosh; Intel Mac OS X 10_10_1) AppleWebKit/537.36 (KHTML, like Gecko) Chrome/39.0.2171.95 Safari/537.36"
140.245.43.10 - - [04/Apr/2025:02:38:45 -0400] "GET /wp-includes/js/jquery/jquery.js HTTP/1.1" 200 102492 "-" "Mozilla/5.0 (Macintosh; Intel Mac OS X 10_10_1) AppleWebKit/537.36 (KHTML, like Gecko) Chrome/39.0.2171.95 Safari/537.36"
43.135.135.57 - - [04/Apr/2025:02:58:02 -0400] "GET / HTTP/1.1" 200 98560 "-" "Mozilla/5.0 (iPhone; CPU iPhone OS 13_2_3 like Mac OS X) AppleWebKit/605.1.15 (KHTML, like Gecko) Version/13.0.3 Mobile/15E148 Safari/604.1"
198.54.114.83 - - [04/Apr/2025:03:24:42 -0400] "POST /wp-cron.php?doing_wp_cron=1743751482.8571391105651855468750 HTTP/1.1" 200 0 "-" "WordPress/6.7.2; https://inversionesgoldie.com"
93.123.109.101 - - [04/Apr/2025:03:24:42 -0400] "GET /lzdmod/site-nav-pc/5.2.38/assets/switch-lang/index.js HTTP/1.1" 404 8271 "-" "Mozilla/5.0 (Windows NT 10.0; Win64; x64) AppleWebKit/537.36 Chrome/121.0.0.0"
85.208.98.23 - - [04/Apr/2025:03:51:59 -0400] "GET /robots.txt HTTP/1.1" 200 132 "-" "Mozilla/5.0 (compatible; SemrushBot-BA; +http://www.semrush.com/bot.html)"
100.27.47.39 - - [04/Apr/2025:04:11:38 -0400] "GET / HTTP/1.1" 200 98560 "-" "Mozilla/5.0 (Windows NT 10.0; Win64; x64) AppleWebKit/537.36 (KHTML, like Gecko) Chrome/125.0.0.0 Safari/537.36"
223.15.245.170 - - [04/Apr/2025:04:19:49 -0400] "GET / HTTP/1.1" 200 98560 "-" "Mozilla/5.0 (iPhone; CPU iPhone OS 13_2_3 like Mac OS X) AppleWebKit/605.1.15 (KHTML, like Gecko) Version/13.0.3 Mobile/15E148 Safari/604.1"
45.154.98.197 - - [04/Apr/2025:05:01:10 -0400] "GET /wp-admin/css/ HTTP/1.1" 403 1242 "binance.com" "Mozilla/5.0 (Windows NT 10.0; Win64; x64) AppleWebKit/537.36 (KHTML, like Gecko) Chrome/90.0.4430.85 Safari/537.36"
45.135.232.50 - - [04/Apr/2025:06:33:43 -0400] "GET /.svn HTTP/1.1" 403 1242 "-" "python-requests/2.32.3"
89.21.85.27 - - [04/Apr/2025:06:53:12 -0400] "GET /wp-content/uploads/2017-------/09/wp-console.php HTTP/1.1" 404 8271 "-" "Mozilla/5.0 (Linux; Android 11; M2010J19SI) AppleWebKit/537.36 (KHTML, like Gecko) Chrome/109.0.0.0 Mobile Safari/537.36"
89.21.85.27 - - [04/Apr/2025:06:53:15 -0400] "GET /wp-includes/js/crop/uword.php HTTP/1.1" 404 8272 "-" "Mozilla/5.0 (Linux; Android 11; M2010J19SI) AppleWebKit/537.36 (KHTML, like Gecko) Chrome/109.0.0.0 Mobile Safari/537.36"
89.21.85.27 - - [04/Apr/2025:06:53:16 -0400] "GET /wp-content/themes/bltm/wp-login.php HTTP/1.1" 404 8271 "-" "Mozilla/5.0 (Linux; Android 11; M2010J19SI) AppleWebKit/537.36 (KHTML, like Gecko) Chrome/109.0.0.0 Mobile Safari/537.36"
89.21.85.27 - - [04/Apr/2025:06:53:18 -0400] "GET /autoload_classmap.php HTTP/1.1" 404 8271 "-" "Mozilla/5.0 (Linux; Android 11; M2010J19SI) AppleWebKit/537.36 (KHTML, like Gecko) Chrome/109.0.0.0 Mobile Safari/537.36"
89.21.85.27 - - [04/Apr/2025:06:53:19 -0400] "GET /wp-content/uploads/2014/07/olx.php HTTP/1.1" 404 8271 "-" "Mozilla/5.0 (Linux; Android 11; M2010J19SI) AppleWebKit/537.36 (KHTML, like Gecko) Chrome/109.0.0.0 Mobile Safari/537.36"
89.21.85.27 - - [04/Apr/2025:06:53:21 -0400] "GET /wp-admin/css/colors/midnight/index.php HTTP/1.1" 301 0 "-" "Mozilla/5.0 (Linux; Android 11; M2010J19SI) AppleWebKit/537.36 (KHTML, like Gecko) Chrome/109.0.0.0 Mobile Safari/537.36"
89.21.85.27 - - [04/Apr/2025:06:53:22 -0400] "GET /wp-admin/css/colors/midnight/ HTTP/1.1" 403 1242 "-" "Mozilla/5.0 (Linux; Android 11; M2010J19SI) AppleWebKit/537.36 (KHTML, like Gecko) Chrome/109.0.0.0 Mobile Safari/537.36"
89.21.85.27 - - [04/Apr/2025:06:53:22 -0400] "GET /wp-content/uploads/2020/wp-couldent.php.suspected HTTP/1.1" 404 8271 "-" "Mozilla/5.0 (Linux; Android 11; M2010J19SI) AppleWebKit/537.36 (KHTML, like Gecko) Chrome/109.0.0.0 Mobile Safari/537.36"
89.21.85.27 - - [04/Apr/2025:06:53:24 -0400] "GET /wp-content/plugins/523453244/ninja.php HTTP/1.1" 404 8271 "-" "Mozilla/5.0 (Linux; Android 11; M2010J19SI) AppleWebKit/537.36 (KHTML, like Gecko) Chrome/109.0.0.0 Mobile Safari/537.36"
89.21.85.27 - - [04/Apr/2025:06:53:25 -0400] "GET /wp-includes/js/imgareaselect/index.php HTTP/1.1" 301 0 "-" "Mozilla/5.0 (Linux; Android 11; M2010J19SI) AppleWebKit/537.36 (KHTML, like Gecko) Chrome/109.0.0.0 Mobile Safari/537.36"
89.21.85.27 - - [04/Apr/2025:06:53:27 -0400] "GET /wp-includes/js/imgareaselect/ HTTP/1.1" 403 1242 "-" "Mozilla/5.0 (Linux; Android 11; M2010J19SI) AppleWebKit/537.36 (KHTML, like Gecko) Chrome/109.0.0.0 Mobile Safari/537.36"
89.21.85.27 - - [04/Apr/2025:06:53:28 -0400] "GET /wp-includes/PHPMailer/load.php HTTP/1.1" 404 8271 "-" "Mozilla/5.0 (Linux; Android 11; M2010J19SI) AppleWebKit/537.36 (KHTML, like Gecko) Chrome/109.0.0.0 Mobile Safari/537.36"
89.21.85.27 - - [04/Apr/2025:06:53:29 -0400] "GET /wp-links.php HTTP/1.1" 404 8271 "-" "Mozilla/5.0 (Linux; Android 11; M2010J19SI) AppleWebKit/537.36 (KHTML, like Gecko) Chrome/109.0.0.0 Mobile Safari/537.36"
198.54.114.83 - - [04/Apr/2025:06:53:31 -0400] "POST /wp-cron.php?doing_wp_cron=1743764011.0508639812469482421875 HTTP/1.1" 200 0 "-" "WordPress/6.7.2; https://inversionesgoldie.com"
89.21.85.27 - - [04/Apr/2025:06:53:30 -0400] "GET /wp-aa.php HTTP/1.1" 404 8271 "-" "Mozilla/5.0 (Linux; Android 11; M2010J19SI) AppleWebKit/537.36 (KHTML, like Gecko) Chrome/109.0.0.0 Mobile Safari/537.36"
89.21.85.27 - - [04/Apr/2025:06:53:32 -0400] "GET /wp-content/themes/travelscape/json.php HTTP/1.1" 404 8271 "-" "Mozilla/5.0 (Linux; Android 11; M2010J19SI) AppleWebKit/537.36 (KHTML, like Gecko) Chrome/109.0.0.0 Mobile Safari/537.36"
89.21.85.27 - - [04/Apr/2025:06:53:33 -0400] "GET /wp-content/themes/travel/issue.php HTTP/1.1" 404 8271 "-" "Mozilla/5.0 (Linux; Android 11; M2010J19SI) AppleWebKit/537.36 (KHTML, like Gecko) Chrome/109.0.0.0 Mobile Safari/537.36"
89.21.85.27 - - [04/Apr/2025:06:53:35 -0400] "GET /about.php HTTP/1.1" 404 8273 "-" "Mozilla/5.0 (Linux; Android 11; M2010J19SI) AppleWebKit/537.36 (KHTML, like Gecko) Chrome/109.0.0.0 Mobile Safari/537.36"
89.21.85.27 - - [04/Apr/2025:06:53:36 -0400] "GET /xx.php HTTP/1.1" 404 8271 "-" "Mozilla/5.0 (Linux; Android 11; M2010J19SI) AppleWebKit/537.36 (KHTML, like Gecko) Chrome/109.0.0.0 Mobile Safari/537.36"
89.21.85.27 - - [04/Apr/2025:06:53:38 -0400] "GET /wp-content/themes/digital-download/new.php HTTP/1.1" 404 8271 "-" "Mozilla/5.0 (Linux; Android 11; M2010J19SI) AppleWebKit/537.36 (KHTML, like Gecko) Chrome/109.0.0.0 Mobile Safari/537.36"
89.21.85.27 - - [04/Apr/2025:06:53:39 -0400] "GET /epinyins.php HTTP/1.1" 404 8271 "-" "Mozilla/5.0 (Linux; Android 11; M2010J19SI) AppleWebKit/537.36 (KHTML, like Gecko) Chrome/109.0.0.0 Mobile Safari/537.36"
89.21.85.27 - - [04/Apr/2025:06:53:40 -0400] "GET /wp-admin/dropdown.php HTTP/1.1" 404 8271 "-" "Mozilla/5.0 (Linux; Android 11; M2010J19SI) AppleWebKit/537.36 (KHTML, like Gecko) Chrome/109.0.0.0 Mobile Safari/537.36"
89.21.85.27 - - [04/Apr/2025:06:53:42 -0400] "GET /dropdown.php HTTP/1.1" 404 8270 "-" "Mozilla/5.0 (Linux; Android 11; M2010J19SI) AppleWebKit/537.36 (KHTML, like Gecko) Chrome/109.0.0.0 Mobile Safari/537.36"
89.21.85.27 - - [04/Apr/2025:06:53:43 -0400] "GET /wp-admin/css/index.php HTTP/1.1" 301 0 "-" "Mozilla/5.0 (Linux; Android 11; M2010J19SI) AppleWebKit/537.36 (KHTML, like Gecko) Chrome/109.0.0.0 Mobile Safari/537.36"
89.21.85.27 - - [04/Apr/2025:06:53:44 -0400] "GET /wp-admin/css/ HTTP/1.1" 403 1242 "-" "Mozilla/5.0 (Linux; Android 11; M2010J19SI) AppleWebKit/537.36 (KHTML, like Gecko) Chrome/109.0.0.0 Mobile Safari/537.36"
89.21.85.27 - - [04/Apr/2025:06:53:44 -0400] "GET /wp-content/mah.php HTTP/1.1" 404 8273 "-" "Mozilla/5.0 (Linux; Android 11; M2010J19SI) AppleWebKit/537.36 (KHTML, like Gecko) Chrome/109.0.0.0 Mobile Safari/537.36"
89.21.85.27 - - [04/Apr/2025:06:53:46 -0400] "GET /wp-content/item.php HTTP/1.1" 404 8271 "-" "Mozilla/5.0 (Linux; Android 11; M2010J19SI) AppleWebKit/537.36 (KHTML, like Gecko) Chrome/109.0.0.0 Mobile Safari/537.36"
89.21.85.27 - - [04/Apr/2025:06:53:47 -0400] "GET /wp-content/plugins/shell/about.php HTTP/1.1" 404 8271 "-" "Mozilla/5.0 (Linux; Android 11; M2010J19SI) AppleWebKit/537.36 (KHTML, like Gecko) Chrome/109.0.0.0 Mobile Safari/537.36"
89.21.85.27 - - [04/Apr/2025:06:53:50 -0400] "GET /wp-content/plugins/pwnd/pwnd.php HTTP/1.1" 404 8271 "-" "Mozilla/5.0 (Linux; Android 11; M2010J19SI) AppleWebKit/537.36 (KHTML, like Gecko) Chrome/109.0.0.0 Mobile Safari/537.36"
89.21.85.27 - - [04/Apr/2025:06:53:52 -0400] "GET /wp-content/plugins/fix/up.php HTTP/1.1" 404 8270 "-" "Mozilla/5.0 (Linux; Android 11; M2010J19SI) AppleWebKit/537.36 (KHTML, like Gecko) Chrome/109.0.0.0 Mobile Safari/537.36"
89.21.85.27 - - [04/Apr/2025:06:53:53 -0400] "GET /wp-content/plugins/ph-file-manager/wp-file.php HTTP/1.1" 404 8271 "-" "Mozilla/5.0 (Linux; Android 11; M2010J19SI) AppleWebKit/537.36 (KHTML, like Gecko) Chrome/109.0.0.0 Mobile Safari/537.36"
89.21.85.27 - - [04/Apr/2025:06:53:54 -0400] "GET /wp-content/plugins/root-file-manager/wp-file.php HTTP/1.1" 404 8273 "-" "Mozilla/5.0 (Linux; Android 11; M2010J19SI) AppleWebKit/537.36 (KHTML, like Gecko) Chrome/109.0.0.0 Mobile Safari/537.36"
89.21.85.27 - - [04/Apr/2025:06:53:56 -0400] "GET /wp-content/plugins/wp-help/mini.php HTTP/1.1" 404 8271 "-" "Mozilla/5.0 (Linux; Android 11; M2010J19SI) AppleWebKit/537.36 (KHTML, like Gecko) Chrome/109.0.0.0 Mobile Safari/537.36"
89.21.85.27 - - [04/Apr/2025:06:53:58 -0400] "GET /wp-content/themes/travel/issue.php HTTP/1.1" 404 8271 "-" "Mozilla/5.0 (Linux; Android 11; M2010J19SI) AppleWebKit/537.36 (KHTML, like Gecko) Chrome/109.0.0.0 Mobile Safari/537.36"
89.21.85.27 - - [04/Apr/2025:06:53:59 -0400] "GET /wp-content/themes/jaida/lang.php HTTP/1.1" 404 8272 "-" "Mozilla/5.0 (Linux; Android 11; M2010J19SI) AppleWebKit/537.36 (KHTML, like Gecko) Chrome/109.0.0.0 Mobile Safari/537.36"
89.21.85.27 - - [04/Apr/2025:06:54:00 -0400] "GET /wp-l0gin.php HTTP/1.1" 404 8271 "-" "Mozilla/5.0 (Linux; Android 11; M2010J19SI) AppleWebKit/537.36 (KHTML, like Gecko) Chrome/109.0.0.0 Mobile Safari/537.36"
89.21.85.27 - - [04/Apr/2025:06:54:01 -0400] "GET /ext.php HTTP/1.1" 404 8270 "-" "Mozilla/5.0 (Linux; Android 11; M2010J19SI) AppleWebKit/537.36 (KHTML, like Gecko) Chrome/109.0.0.0 Mobile Safari/537.36"
89.21.85.27 - - [04/Apr/2025:06:54:03 -0400] "GET /wp-l0gin.php HTTP/1.1" 404 8271 "-" "Mozilla/5.0 (Linux; Android 11; M2010J19SI) AppleWebKit/537.36 (KHTML, like Gecko) Chrome/109.0.0.0 Mobile Safari/537.36"
5.35.39.187 - - [04/Apr/2025:06:57:15 -0400] "GET /the-biggest-fears-in-life-and-how-to-overcome-them/ HTTP/1.1" 200 12116 "-" "Mozilla/5.0 (Windows NT 10.0; Win64; x64) AppleWebKit/537.36 (KHTML, like Gecko) Chrome/114.0.0.0 Safari/537.36 OPR/89.0.4447.51"
5.35.39.187 - - [04/Apr/2025:06:57:16 -0400] "POST /wp-comments-post.php HTTP/1.1" 302 0 "http://inversionesgoldie.com/the-biggest-fears-in-life-and-how-to-overcome-them/" "Mozilla/5.0 (Windows NT 10.0; Win64; x64) AppleWebKit/537.36 (KHTML, like Gecko) Chrome/114.0.0.0 Safari/537.36 OPR/89.0.4447.51"
5.35.39.187 - - [04/Apr/2025:06:57:18 -0400] "GET /the-biggest-fears-in-life-and-how-to-overcome-them/ HTTP/1.1" 200 12116 "-" "Mozilla/5.0 (Windows NT 10.0; Win64; x64) AppleWebKit/537.36 (KHTML, like Gecko) Chrome/114.0.0.0 Safari/537.36 OPR/89.0.4447.51"
5.35.39.187 - - [04/Apr/2025:06:58:31 -0400] "GET /the-biggest-fears-in-life-and-how-to-overcome-them/ HTTP/1.1" 200 12116 "-" "Mozilla/5.0 (Macintosh; Intel Mac OS X 12_5) AppleWebKit/537.36 (KHTML, like Gecko) Chrome/114.0.0.0 Safari/537.36 OPR/89.0.4447.51"
68.183.225.179 - - [04/Apr/2025:07:37:49 -0400] "GET /wp-admin/css/ HTTP/1.1" 403 1242 "binance.com" "Mozilla/5.0 (Windows NT 10.0; Win64; x64) AppleWebKit/537.36 (KHTML, like Gecko) Chrome/90.0.4430.85 Safari/537.36"
45.8.19.181 - - [04/Apr/2025:08:49:11 -0400] "GET /commercial-building-disclosure-has-arrived/ HTTP/1.1" 200 13301 "http://inversionesgoldie.com/commercial-building-disclosure-has-arrived/" "Mozilla/5.0 (Windows NT 10.0; Win64; x64) AppleWebKit/537.36 (KHTML, like Gecko) Chrome/130.0.0.0 Safari/537.36 CCleaner/130.0.0.0"
45.8.19.155 - - [04/Apr/2025:08:50:52 -0400] "GET /commercial-building-disclosure-has-arrived/ HTTP/1.1" 200 13301 "http://inversionesgoldie.com/commercial-building-disclosure-has-arrived/" "Mozilla/5.0 (Windows NT 10.0; Win64; x64) AppleWebKit/537.36 (KHTML, like Gecko) Chrome/130.0.0.0 Safari/537.36 CCleaner/130.0.0.0"
43.159.149.56 - - [04/Apr/2025:09:09:31 -0400] "GET / HTTP/1.1" 200 98560 "-" "Mozilla/5.0 (iPhone; CPU iPhone OS 13_2_3 like Mac OS X) AppleWebKit/605.1.15 (KHTML, like Gecko) Version/13.0.3 Mobile/15E148 Safari/604.1"
198.54.114.83 - - [04/Apr/2025:09:25:57 -0400] "POST /wp-cron.php?doing_wp_cron=1743773156.8836300373077392578125 HTTP/1.1" 200 0 "-" "WordPress/6.7.2; https://inversionesgoldie.com"
167.172.130.206 - - [04/Apr/2025:09:25:53 -0400] "GET /zwso.php HTTP/1.1" 404 8271 "www.google.com" "Mozlila/5.0 (Linux; Android 7.0; SM-G892A Bulid/NRD90M; wv) AppleWebKit/537.36 (KHTML, like Gecko) Version/4.0 Chrome/60.0.3112.107 Moblie Safari/537.36"
85.208.98.23 - - [04/Apr/2025:09:55:07 -0400] "GET /robots.txt HTTP/1.1" 304 0 "-" "Mozilla/5.0 (compatible; SemrushBot-BA; +http://www.semrush.com/bot.html)"
116.179.32.140 - - [04/Apr/2025:10:51:14 -0400] "GET / HTTP/1.1" 200 98560 "-" "Mozilla/5.0 (compatible; Baiduspider/2.0; +http://www.baidu.com/search/spider.html)"
162.55.97.171 - - [04/Apr/2025:11:26:35 -0400] "GET / HTTP/1.1" 200 98560 "-" "Mozilla/5.0 (Windows NT 10.0; Win64; x64) AppleWebKit/537.36 (KHTML, like Gecko) Chrome/84.0.4147.89 Safari/537.36 OPR/70.0.3728.71"
221.110.152.2 - - [04/Apr/2025:11:39:40 -0400] "HEAD / HTTP/1.1" 200 0 "-" "Mozilla/5.0 (Windows NT 10.0; Win64; x64) AppleWebKit/537.36 (KHTML, like Gecko) Chrome/58.0.3029.110 Safari/537.3"
93.123.109.101 - - [04/Apr/2025:12:12:16 -0400] "GET /lzdmod/site-nav-pc/5.2.38/i18n.js HTTP/1.1" 404 8271 "-" "Mozilla/5.0 (Windows NT 10.0; Win64; x64) AppleWebKit/537.36 Chrome/121.0.0.0"
110.172.98.2 - - [04/Apr/2025:12:13:48 -0400] "GET / HTTP/1.1" 200 98560 "-" "Mozilla/5.0 (Windows NT 10.0; Win64; x64) AppleWebKit/537.36 (KHTML, like Gecko) Chrome/79.0.3945.130 Safari/537.36"
154.83.103.101 - - [04/Apr/2025:12:19:04 -0400] "GET /.git/HEAD HTTP/1.1" 403 1242 "-" "-"
154.83.103.101 - - [04/Apr/2025:12:19:09 -0400] "GET /.circleci/configs/development.yml HTTP/1.1" 404 8271 "-" "Mozilla/5.0 (Windows NT 10.0; Win64; x64) AppleWebKit/537.36 (KHTML, like Gecko) Chrome/91.0.4472.124 Safari/537.36"
154.83.103.101 - - [04/Apr/2025:12:19:10 -0400] "GET / HTTP/1.1" 200 98560 "-" "Mozilla/5.0 (Windows NT 10.0; Win64; x64) AppleWebKit/537.36 (KHTML, like Gecko) Chrome/91.0.4472.124 Safari/537.36"
154.83.103.101 - - [04/Apr/2025:12:19:13 -0400] "GET /.AWS_/credentials HTTP/1.1" 404 8271 "-" "Mozilla/5.0 (Windows NT 10.0; Win64; x64) AppleWebKit/537.36 (KHTML, like Gecko) Chrome/91.0.4472.124 Safari/537.36"
154.83.103.101 - - [04/Apr/2025:12:19:14 -0400] "GET /.aws/config HTTP/1.1" 404 8273 "-" "Mozilla/5.0 (Windows NT 10.0; Win64; x64) AppleWebKit/537.36 (KHTML, like Gecko) Chrome/91.0.4472.124 Safari/537.36"
154.83.103.101 - - [04/Apr/2025:12:19:15 -0400] "GET /.aws/credentials HTTP/1.1" 404 8271 "-" "Mozilla/5.0 (Windows NT 10.0; Win64; x64) AppleWebKit/537.36 (KHTML, like Gecko) Chrome/91.0.4472.124 Safari/537.36"
154.83.103.101 - - [04/Apr/2025:12:19:16 -0400] "GET /.env HTTP/1.1" 403 1242 "-" "Mozilla/5.0 (Windows NT 10.0; Win64; x64) AppleWebKit/537.36 (KHTML, like Gecko) Chrome/91.0.4472.124 Safari/537.36"
154.83.103.101 - - [04/Apr/2025:12:19:17 -0400] "GET /.env.bak HTTP/1.1" 403 1242 "-" "Mozilla/5.0 (Windows NT 10.0; Win64; x64) AppleWebKit/537.36 (KHTML, like Gecko) Chrome/91.0.4472.124 Safari/537.36"
154.83.103.101 - - [04/Apr/2025:12:19:17 -0400] "GET /.env.example HTTP/1.1" 403 1242 "-" "Mozilla/5.0 (Windows NT 10.0; Win64; x64) AppleWebKit/537.36 (KHTML, like Gecko) Chrome/91.0.4472.124 Safari/537.36"
154.83.103.101 - - [04/Apr/2025:12:19:18 -0400] "GET /.env.local HTTP/1.1" 403 1242 "-" "Mozilla/5.0 (Windows NT 10.0; Win64; x64) AppleWebKit/537.36 (KHTML, like Gecko) Chrome/91.0.4472.124 Safari/537.36"
154.83.103.101 - - [04/Apr/2025:12:19:20 -0400] "GET /.env.old HTTP/1.1" 403 1242 "-" "Mozilla/5.0 (Windows NT 10.0; Win64; x64) AppleWebKit/537.36 (KHTML, like Gecko) Chrome/91.0.4472.124 Safari/537.36"
154.83.103.101 - - [04/Apr/2025:12:19:21 -0400] "GET /.env.prod HTTP/1.1" 403 1242 "-" "Mozilla/5.0 (Windows NT 10.0; Win64; x64) AppleWebKit/537.36 (KHTML, like Gecko) Chrome/91.0.4472.124 Safari/537.36"
154.83.103.101 - - [04/Apr/2025:12:19:22 -0400] "GET /.env.production.local HTTP/1.1" 403 1242 "-" "Mozilla/5.0 (Windows NT 10.0; Win64; x64) AppleWebKit/537.36 (KHTML, like Gecko) Chrome/91.0.4472.124 Safari/537.36"
154.83.103.101 - - [04/Apr/2025:12:19:22 -0400] "GET /.env.stage HTTP/1.1" 403 1242 "-" "Mozilla/5.0 (Windows NT 10.0; Win64; x64) AppleWebKit/537.36 (KHTML, like Gecko) Chrome/91.0.4472.124 Safari/537.36"
154.83.103.101 - - [04/Apr/2025:12:19:24 -0400] "GET /.env_sample HTTP/1.1" 403 1242 "-" "Mozilla/5.0 (Windows NT 10.0; Win64; x64) AppleWebKit/537.36 (KHTML, like Gecko) Chrome/91.0.4472.124 Safari/537.36"
154.83.103.101 - - [04/Apr/2025:12:19:24 -0400] "GET /.git/ HTTP/1.1" 403 1242 "-" "Mozilla/5.0 (Windows NT 10.0; Win64; x64) AppleWebKit/537.36 (KHTML, like Gecko) Chrome/91.0.4472.124 Safari/537.36"
154.83.103.101 - - [04/Apr/2025:12:19:24 -0400] "GET /.git/COMMIT_EDITMSG HTTP/1.1" 403 1242 "-" "Mozilla/5.0 (Windows NT 10.0; Win64; x64) AppleWebKit/537.36 (KHTML, like Gecko) Chrome/91.0.4472.124 Safari/537.36"
154.83.103.101 - - [04/Apr/2025:12:19:29 -0400] "GET /.git/FETCH_HEAD HTTP/1.1" 403 1242 "-" "Mozilla/5.0 (Windows NT 10.0; Win64; x64) AppleWebKit/537.36 (KHTML, like Gecko) Chrome/91.0.4472.124 Safari/537.36"
154.83.103.101 - - [04/Apr/2025:12:19:40 -0400] "GET /.git/description HTTP/1.1" 403 1242 "-" "Mozilla/5.0 (Windows NT 10.0; Win64; x64) AppleWebKit/537.36 (KHTML, like Gecko) Chrome/91.0.4472.124 Safari/537.36"
154.83.103.101 - - [04/Apr/2025:12:19:41 -0400] "GET /.git/hooks/post-commit HTTP/1.1" 403 1242 "-" "Mozilla/5.0 (Windows NT 10.0; Win64; x64) AppleWebKit/537.36 (KHTML, like Gecko) Chrome/91.0.4472.124 Safari/537.36"
154.83.103.101 - - [04/Apr/2025:12:19:42 -0400] "GET /.git/hooks/pre-commit HTTP/1.1" 403 1242 "-" "Mozilla/5.0 (Windows NT 10.0; Win64; x64) AppleWebKit/537.36 (KHTML, like Gecko) Chrome/91.0.4472.124 Safari/537.36"
154.83.103.101 - - [04/Apr/2025:12:19:43 -0400] "GET /.git/hooks/pre-push HTTP/1.1" 403 1242 "-" "Mozilla/5.0 (Windows NT 10.0; Win64; x64) AppleWebKit/537.36 (KHTML, like Gecko) Chrome/91.0.4472.124 Safari/537.36"
154.83.103.101 - - [04/Apr/2025:12:19:44 -0400] "GET /.git/index HTTP/1.1" 403 1242 "-" "Mozilla/5.0 (Windows NT 10.0; Win64; x64) AppleWebKit/537.36 (KHTML, like Gecko) Chrome/91.0.4472.124 Safari/537.36"
154.83.103.101 - - [04/Apr/2025:12:19:46 -0400] "GET /.git/info/exclude HTTP/1.1" 403 1242 "-" "Mozilla/5.0 (Windows NT 10.0; Win64; x64) AppleWebKit/537.36 (KHTML, like Gecko) Chrome/91.0.4472.124 Safari/537.36"
154.83.103.101 - - [04/Apr/2025:12:19:53 -0400] "GET /.git/logs/HEAD HTTP/1.1" 403 1242 "-" "Mozilla/5.0 (Windows NT 10.0; Win64; x64) AppleWebKit/537.36 (KHTML, like Gecko) Chrome/91.0.4472.124 Safari/537.36"
154.83.103.101 - - [04/Apr/2025:12:19:53 -0400] "GET /.git/logs/refs/heads/master HTTP/1.1" 403 1242 "-" "Mozilla/5.0 (Windows NT 10.0; Win64; x64) AppleWebKit/537.36 (KHTML, like Gecko) Chrome/91.0.4472.124 Safari/537.36"
154.83.103.101 - - [04/Apr/2025:12:19:54 -0400] "GET /.git/logs/refs/remotes/origin/HEAD HTTP/1.1" 403 1242 "-" "Mozilla/5.0 (Windows NT 10.0; Win64; x64) AppleWebKit/537.36 (KHTML, like Gecko) Chrome/91.0.4472.124 Safari/537.36"
154.83.103.101 - - [04/Apr/2025:12:19:54 -0400] "GET /.git/objects/ HTTP/1.1" 403 1242 "-" "Mozilla/5.0 (Windows NT 10.0; Win64; x64) AppleWebKit/537.36 (KHTML, like Gecko) Chrome/91.0.4472.124 Safari/537.36"
154.83.103.101 - - [04/Apr/2025:12:19:55 -0400] "GET /.git/packed-refs HTTP/1.1" 403 1242 "-" "Mozilla/5.0 (Windows NT 10.0; Win64; x64) AppleWebKit/537.36 (KHTML, like Gecko) Chrome/91.0.4472.124 Safari/537.36"
154.83.103.101 - - [04/Apr/2025:12:19:56 -0400] "GET /.git/refs/ HTTP/1.1" 403 1242 "-" "Mozilla/5.0 (Windows NT 10.0; Win64; x64) AppleWebKit/537.36 (KHTML, like Gecko) Chrome/91.0.4472.124 Safari/537.36"
154.83.103.101 - - [04/Apr/2025:12:19:56 -0400] "GET /.git/refs/heads/ HTTP/1.1" 403 1242 "-" "Mozilla/5.0 (Windows NT 10.0; Win64; x64) AppleWebKit/537.36 (KHTML, like Gecko) Chrome/91.0.4472.124 Safari/537.36"
154.83.103.101 - - [04/Apr/2025:12:19:57 -0400] "GET /.git/refs/remotes/ HTTP/1.1" 403 1242 "-" "Mozilla/5.0 (Windows NT 10.0; Win64; x64) AppleWebKit/537.36 (KHTML, like Gecko) Chrome/91.0.4472.124 Safari/537.36"
154.83.103.101 - - [04/Apr/2025:12:19:57 -0400] "GET /.git/refs/stash HTTP/1.1" 403 1242 "-" "Mozilla/5.0 (Windows NT 10.0; Win64; x64) AppleWebKit/537.36 (KHTML, like Gecko) Chrome/91.0.4472.124 Safari/537.36"
154.83.103.101 - - [04/Apr/2025:12:19:58 -0400] "GET /.git/refs/tags/ HTTP/1.1" 403 1242 "-" "Mozilla/5.0 (Windows NT 10.0; Win64; x64) AppleWebKit/537.36 (KHTML, like Gecko) Chrome/91.0.4472.124 Safari/537.36"
198.54.114.83 - - [04/Apr/2025:12:20:00 -0400] "POST /wp-cron.php?doing_wp_cron=1743783599.9103929996490478515625 HTTP/1.1" 200 0 "-" "WordPress/6.7.2; https://inversionesgoldie.com"
154.83.103.101 - - [04/Apr/2025:12:19:59 -0400] "GET /.gitattributes HTTP/1.1" 404 8271 "-" "Mozilla/5.0 (Windows NT 10.0; Win64; x64) AppleWebKit/537.36 (KHTML, like Gecko) Chrome/91.0.4472.124 Safari/537.36"
154.83.103.101 - - [04/Apr/2025:12:20:03 -0400] "GET /.gitignore HTTP/1.1" 403 1242 "-" "Mozilla/5.0 (Windows NT 10.0; Win64; x64) AppleWebKit/537.36 (KHTML, like Gecko) Chrome/91.0.4472.124 Safari/537.36"
154.83.103.101 - - [04/Apr/2025:12:20:07 -0400] "GET /.gitkeep HTTP/1.1" 404 8271 "-" "Mozilla/5.0 (Windows NT 10.0; Win64; x64) AppleWebKit/537.36 (KHTML, like Gecko) Chrome/91.0.4472.124 Safari/537.36"
154.83.103.101 - - [04/Apr/2025:12:20:11 -0400] "GET /.gitmodules HTTP/1.1" 404 8270 "-" "Mozilla/5.0 (Windows NT 10.0; Win64; x64) AppleWebKit/537.36 (KHTML, like Gecko) Chrome/91.0.4472.124 Safari/537.36"
154.83.103.101 - - [04/Apr/2025:12:20:13 -0400] "GET /.travis.yml HTTP/1.1" 404 8271 "-" "Mozilla/5.0 (Windows NT 10.0; Win64; x64) AppleWebKit/537.36 (KHTML, like Gecko) Chrome/91.0.4472.124 Safari/537.36"
154.83.103.101 - - [04/Apr/2025:12:20:15 -0400] "GET /.vscode/.env HTTP/1.1" 403 1242 "-" "Mozilla/5.0 (Windows NT 10.0; Win64; x64) AppleWebKit/537.36 (KHTML, like Gecko) Chrome/91.0.4472.124 Safari/537.36"
154.83.103.101 - - [04/Apr/2025:12:20:17 -0400] "GET /?phpinfo=1 HTTP/1.1" 200 98560 "-" "Mozilla/5.0 (Windows NT 10.0; Win64; x64) AppleWebKit/537.36 (KHTML, like Gecko) Chrome/91.0.4472.124 Safari/537.36"
154.83.103.101 - - [04/Apr/2025:12:20:18 -0400] "GET /_phpinfo.php HTTP/1.1" 404 8271 "-" "Mozilla/5.0 (Windows NT 10.0; Win64; x64) AppleWebKit/537.36 (KHTML, like Gecko) Chrome/91.0.4472.124 Safari/537.36"
154.83.103.101 - - [04/Apr/2025:12:20:21 -0400] "GET /_profiler/phpinfo HTTP/1.1" 404 8270 "-" "Mozilla/5.0 (Windows NT 10.0; Win64; x64) AppleWebKit/537.36 (KHTML, like Gecko) Chrome/91.0.4472.124 Safari/537.36"
154.83.103.101 - - [04/Apr/2025:12:20:23 -0400] "GET /_profiler/phpinfo/info.php HTTP/1.1" 404 8271 "-" "Mozilla/5.0 (Windows NT 10.0; Win64; x64) AppleWebKit/537.36 (KHTML, like Gecko) Chrome/91.0.4472.124 Safari/537.36"
154.83.103.101 - - [04/Apr/2025:12:20:25 -0400] "GET /_profiler/phpinfo/phpinfo.php HTTP/1.1" 404 8271 "-" "Mozilla/5.0 (Windows NT 10.0; Win64; x64) AppleWebKit/537.36 (KHTML, like Gecko) Chrome/91.0.4472.124 Safari/537.36"
154.83.103.101 - - [04/Apr/2025:12:20:28 -0400] "GET /admin/.env HTTP/1.1" 403 1242 "-" "Mozilla/5.0 (Windows NT 10.0; Win64; x64) AppleWebKit/537.36 (KHTML, like Gecko) Chrome/91.0.4472.124 Safari/537.36"
154.83.103.101 - - [04/Apr/2025:12:20:28 -0400] "GET /admin/config HTTP/1.1" 404 8271 "-" "Mozilla/5.0 (Windows NT 10.0; Win64; x64) AppleWebKit/537.36 (KHTML, like Gecko) Chrome/91.0.4472.124 Safari/537.36"
198.54.114.83 - - [04/Apr/2025:12:20:31 -0400] "POST /wp-cron.php?doing_wp_cron=1743783630.8137490749359130859375 HTTP/1.1" 200 0 "-" "WordPress/6.7.2; https://inversionesgoldie.com"
154.83.103.101 - - [04/Apr/2025:12:20:30 -0400] "GET /admin/controllers/merchant.js HTTP/1.1" 404 8270 "-" "Mozilla/5.0 (Windows NT 10.0; Win64; x64) AppleWebKit/537.36 (KHTML, like Gecko) Chrome/91.0.4472.124 Safari/537.36"
154.83.103.101 - - [04/Apr/2025:12:20:34 -0400] "GET /admin/controllers/partner.js HTTP/1.1" 404 8271 "-" "Mozilla/5.0 (Windows NT 10.0; Win64; x64) AppleWebKit/537.36 (KHTML, like Gecko) Chrome/91.0.4472.124 Safari/537.36"
154.83.103.101 - - [04/Apr/2025:12:20:36 -0400] "GET /admin/internal/api HTTP/1.1" 404 8271 "-" "Mozilla/5.0 (Windows NT 10.0; Win64; x64) AppleWebKit/537.36 (KHTML, like Gecko) Chrome/91.0.4472.124 Safari/537.36"
154.83.103.101 - - [04/Apr/2025:12:20:45 -0400] "GET /admin/proxy HTTP/1.1" 404 8271 "-" "Mozilla/5.0 (Windows NT 10.0; Win64; x64) AppleWebKit/537.36 (KHTML, like Gecko) Chrome/91.0.4472.124 Safari/537.36"
154.83.103.101 - - [04/Apr/2025:12:20:47 -0400] "GET /admin/server_info.php HTTP/1.1" 404 8271 "-" "Mozilla/5.0 (Windows NT 10.0; Win64; x64) AppleWebKit/537.36 (KHTML, like Gecko) Chrome/91.0.4472.124 Safari/537.36"
154.83.103.101 - - [04/Apr/2025:12:20:48 -0400] "GET /api/.env HTTP/1.1" 403 1242 "-" "Mozilla/5.0 (Windows NT 10.0; Win64; x64) AppleWebKit/537.36 (KHTML, like Gecko) Chrome/91.0.4472.124 Safari/537.36"
154.83.103.101 - - [04/Apr/2025:12:20:50 -0400] "GET /api/config.env HTTP/1.1" 404 8271 "-" "Mozilla/5.0 (Windows NT 10.0; Win64; x64) AppleWebKit/537.36 (KHTML, like Gecko) Chrome/91.0.4472.124 Safari/537.36"
154.83.103.101 - - [04/Apr/2025:12:20:52 -0400] "GET /api/config.js HTTP/1.1" 404 8271 "-" "Mozilla/5.0 (Windows NT 10.0; Win64; x64) AppleWebKit/537.36 (KHTML, like Gecko) Chrome/91.0.4472.124 Safari/537.36"
154.83.103.101 - - [04/Apr/2025:12:20:56 -0400] "GET /api/config/config.yml HTTP/1.1" 403 1242 "-" "Mozilla/5.0 (Windows NT 10.0; Win64; x64) AppleWebKit/537.36 (KHTML, like Gecko) Chrome/91.0.4472.124 Safari/537.36"
154.83.103.101 - - [04/Apr/2025:12:20:57 -0400] "GET /api/objects/codes.php.save HTTP/1.1" 404 8271 "-" "Mozilla/5.0 (Windows NT 10.0; Win64; x64) AppleWebKit/537.36 (KHTML, like Gecko) Chrome/91.0.4472.124 Safari/537.36"
154.83.103.101 - - [04/Apr/2025:12:21:00 -0400] "GET /api/proxy HTTP/1.1" 404 8272 "-" "Mozilla/5.0 (Windows NT 10.0; Win64; x64) AppleWebKit/537.36 (KHTML, like Gecko) Chrome/91.0.4472.124 Safari/537.36"
154.83.103.101 - - [04/Apr/2025:12:21:02 -0400] "GET /api/shared/.env HTTP/1.1" 403 1242 "-" "Mozilla/5.0 (Windows NT 10.0; Win64; x64) AppleWebKit/537.36 (KHTML, like Gecko) Chrome/91.0.4472.124 Safari/537.36"
154.83.103.101 - - [04/Apr/2025:12:21:05 -0400] "GET /api/shared/config.env HTTP/1.1" 404 8271 "-" "Mozilla/5.0 (Windows NT 10.0; Win64; x64) AppleWebKit/537.36 (KHTML, like Gecko) Chrome/91.0.4472.124 Safari/537.36"
154.83.103.101 - - [04/Apr/2025:12:21:09 -0400] "GET /api/shared/config/.env HTTP/1.1" 403 1242 "-" "Mozilla/5.0 (Windows NT 10.0; Win64; x64) AppleWebKit/537.36 (KHTML, like Gecko) Chrome/91.0.4472.124 Safari/537.36"
154.83.103.101 - - [04/Apr/2025:12:21:11 -0400] "GET /api/shared/config/config.env HTTP/1.1" 404 8271 "-" "Mozilla/5.0 (Windows NT 10.0; Win64; x64) AppleWebKit/537.36 (KHTML, like Gecko) Chrome/91.0.4472.124 Safari/537.36"
154.83.103.101 - - [04/Apr/2025:12:21:13 -0400] "GET /api/v1/proxy HTTP/1.1" 404 8271 "-" "Mozilla/5.0 (Windows NT 10.0; Win64; x64) AppleWebKit/537.36 (KHTML, like Gecko) Chrome/91.0.4472.124 Safari/537.36"
154.83.103.101 - - [04/Apr/2025:12:21:16 -0400] "GET /api/v2/proxy HTTP/1.1" 404 8271 "-" "Mozilla/5.0 (Windows NT 10.0; Win64; x64) AppleWebKit/537.36 (KHTML, like Gecko) Chrome/91.0.4472.124 Safari/537.36"
154.83.103.101 - - [04/Apr/2025:12:21:19 -0400] "GET /apis/config/config.js HTTP/1.1" 404 8271 "-" "Mozilla/5.0 (Windows NT 10.0; Win64; x64) AppleWebKit/537.36 (KHTML, like Gecko) Chrome/91.0.4472.124 Safari/537.36"
154.83.103.101 - - [04/Apr/2025:12:21:22 -0400] "GET /apis/controllers/users.js HTTP/1.1" 404 8271 "-" "Mozilla/5.0 (Windows NT 10.0; Win64; x64) AppleWebKit/537.36 (KHTML, like Gecko) Chrome/91.0.4472.124 Safari/537.36"
154.83.103.101 - - [04/Apr/2025:12:21:27 -0400] "GET /app.js HTTP/1.1" 404 8271 "-" "Mozilla/5.0 (Windows NT 10.0; Win64; x64) AppleWebKit/537.36 (KHTML, like Gecko) Chrome/91.0.4472.124 Safari/537.36"
154.83.103.101 - - [04/Apr/2025:12:21:30 -0400] "GET /app.py HTTP/1.1" 404 8271 "-" "Mozilla/5.0 (Windows NT 10.0; Win64; x64) AppleWebKit/537.36 (KHTML, like Gecko) Chrome/91.0.4472.124 Safari/537.36"
154.83.103.101 - - [04/Apr/2025:12:21:32 -0400] "GET /app/.env HTTP/1.1" 403 1242 "-" "Mozilla/5.0 (Windows NT 10.0; Win64; x64) AppleWebKit/537.36 (KHTML, like Gecko) Chrome/91.0.4472.124 Safari/537.36"
154.83.103.101 - - [04/Apr/2025:12:21:34 -0400] "GET /app/config/parameters.yml HTTP/1.1" 403 1242 "-" "Mozilla/5.0 (Windows NT 10.0; Win64; x64) AppleWebKit/537.36 (KHTML, like Gecko) Chrome/91.0.4472.124 Safari/537.36"
154.83.103.101 - - [04/Apr/2025:12:21:36 -0400] "GET /app_dev.php/_profiler/phpinfo HTTP/1.1" 404 8271 "-" "Mozilla/5.0 (Windows NT 10.0; Win64; x64) AppleWebKit/537.36 (KHTML, like Gecko) Chrome/91.0.4472.124 Safari/537.36"
198.54.114.83 - - [04/Apr/2025:12:21:38 -0400] "POST /wp-cron.php?doing_wp_cron=1743783696.7113299369812011718750 HTTP/1.1" 200 0 "-" "WordPress/6.7.2; https://inversionesgoldie.com"
154.83.103.101 - - [04/Apr/2025:12:21:41 -0400] "GET /application.properties HTTP/1.1" 404 8271 "-" "Mozilla/5.0 (Windows NT 10.0; Win64; x64) AppleWebKit/537.36 (KHTML, like Gecko) Chrome/91.0.4472.124 Safari/537.36"
154.83.103.101 - - [04/Apr/2025:12:21:43 -0400] "GET /application/.env HTTP/1.1" 403 1242 "-" "Mozilla/5.0 (Windows NT 10.0; Win64; x64) AppleWebKit/537.36 (KHTML, like Gecko) Chrome/91.0.4472.124 Safari/537.36"
154.83.103.101 - - [04/Apr/2025:12:21:45 -0400] "GET /apps/.env HTTP/1.1" 403 1242 "-" "Mozilla/5.0 (Windows NT 10.0; Win64; x64) AppleWebKit/537.36 (KHTML, like Gecko) Chrome/91.0.4472.124 Safari/537.36"
154.83.103.101 - - [04/Apr/2025:12:21:53 -0400] "GET /appsettings.json HTTP/1.1" 404 8271 "-" "Mozilla/5.0 (Windows NT 10.0; Win64; x64) AppleWebKit/537.36 (KHTML, like Gecko) Chrome/91.0.4472.124 Safari/537.36"
154.83.103.101 - - [04/Apr/2025:12:21:57 -0400] "GET /aws-secret.yaml HTTP/1.1" 404 8271 "-" "Mozilla/5.0 (Windows NT 10.0; Win64; x64) AppleWebKit/537.36 (KHTML, like Gecko) Chrome/91.0.4472.124 Safari/537.36"
154.83.103.101 - - [04/Apr/2025:12:21:59 -0400] "GET /aws.yml HTTP/1.1" 404 8272 "-" "Mozilla/5.0 (Windows NT 10.0; Win64; x64) AppleWebKit/537.36 (KHTML, like Gecko) Chrome/91.0.4472.124 Safari/537.36"
154.83.103.101 - - [04/Apr/2025:12:22:03 -0400] "GET /aws/credentials HTTP/1.1" 404 8271 "-" "Mozilla/5.0 (Windows NT 10.0; Win64; x64) AppleWebKit/537.36 (KHTML, like Gecko) Chrome/91.0.4472.124 Safari/537.36"
154.83.103.101 - - [04/Apr/2025:12:22:14 -0400] "GET /awstats/.env HTTP/1.1" 403 1242 "-" "Mozilla/5.0 (Windows NT 10.0; Win64; x64) AppleWebKit/537.36 (KHTML, like Gecko) Chrome/91.0.4472.124 Safari/537.36"
154.83.103.101 - - [04/Apr/2025:12:22:15 -0400] "GET /backend/.env HTTP/1.1" 403 1242 "-" "Mozilla/5.0 (Windows NT 10.0; Win64; x64) AppleWebKit/537.36 (KHTML, like Gecko) Chrome/91.0.4472.124 Safari/537.36"
154.83.103.101 - - [04/Apr/2025:12:22:17 -0400] "GET /backend/config/default.yml HTTP/1.1" 404 8271 "-" "Mozilla/5.0 (Windows NT 10.0; Win64; x64) AppleWebKit/537.36 (KHTML, like Gecko) Chrome/91.0.4472.124 Safari/537.36"
154.83.103.101 - - [04/Apr/2025:12:22:21 -0400] "GET /backend/config/development.yml HTTP/1.1" 404 8270 "-" "Mozilla/5.0 (Windows NT 10.0; Win64; x64) AppleWebKit/537.36 (KHTML, like Gecko) Chrome/91.0.4472.124 Safari/537.36"
154.83.103.101 - - [04/Apr/2025:12:22:22 -0400] "GET /backend/config/settings.yml HTTP/1.1" 404 8271 "-" "Mozilla/5.0 (Windows NT 10.0; Win64; x64) AppleWebKit/537.36 (KHTML, like Gecko) Chrome/91.0.4472.124 Safari/537.36"
154.83.103.101 - - [04/Apr/2025:12:22:25 -0400] "GET /cloud/Scraper.js HTTP/1.1" 404 8271 "-" "Mozilla/5.0 (Windows NT 10.0; Win64; x64) AppleWebKit/537.36 (KHTML, like Gecko) Chrome/91.0.4472.124 Safari/537.36"
154.83.103.101 - - [04/Apr/2025:12:22:35 -0400] "GET /computeMetadata/v1 HTTP/1.1" 404 8271 "-" "Mozilla/5.0 (Windows NT 10.0; Win64; x64) AppleWebKit/537.36 (KHTML, like Gecko) Chrome/91.0.4472.124 Safari/537.36"
154.83.103.101 - - [04/Apr/2025:12:22:36 -0400] "GET /computeMetadata/v1beta1 HTTP/1.1" 404 8271 "-" "Mozilla/5.0 (Windows NT 10.0; Win64; x64) AppleWebKit/537.36 (KHTML, like Gecko) Chrome/91.0.4472.124 Safari/537.36"
198.54.114.83 - - [04/Apr/2025:12:22:38 -0400] "POST /wp-cron.php?doing_wp_cron=1743783756.9198958873748779296875 HTTP/1.1" 200 0 "-" "WordPress/6.7.2; https://inversionesgoldie.com"
154.83.103.101 - - [04/Apr/2025:12:22:46 -0400] "GET /conf/.env HTTP/1.1" 404 8271 "-" "Mozilla/5.0 (Windows NT 10.0; Win64; x64) AppleWebKit/537.36 (KHTML, like Gecko) Chrome/91.0.4472.124 Safari/537.36"
154.83.103.101 - - [04/Apr/2025:12:22:50 -0400] "GET /config.env HTTP/1.1" 404 8271 "-" "Mozilla/5.0 (Windows NT 10.0; Win64; x64) AppleWebKit/537.36 (KHTML, like Gecko) Chrome/91.0.4472.124 Safari/537.36"
154.83.103.101 - - [04/Apr/2025:12:22:53 -0400] "GET /config.js HTTP/1.1" 404 8271 "-" "Mozilla/5.0 (Windows NT 10.0; Win64; x64) AppleWebKit/537.36 (KHTML, like Gecko) Chrome/91.0.4472.124 Safari/537.36"
154.83.103.101 - - [04/Apr/2025:12:22:56 -0400] "GET /config.json HTTP/1.1" 404 8271 "-" "Mozilla/5.0 (Windows NT 10.0; Win64; x64) AppleWebKit/537.36 (KHTML, like Gecko) Chrome/91.0.4472.124 Safari/537.36"
154.83.103.101 - - [04/Apr/2025:12:19:30 -0400] "GET /.git/HEAD HTTP/1.1" 403 1242 "-" "Mozilla/5.0 (Windows NT 10.0; Win64; x64) AppleWebKit/537.36 (KHTML, like Gecko) Chrome/91.0.4472.124 Safari/537.36"
154.83.103.101 - - [04/Apr/2025:12:19:31 -0400] "GET /.git/ORIG_HEAD HTTP/1.1" 403 1242 "-" "Mozilla/5.0 (Windows NT 10.0; Win64; x64) AppleWebKit/537.36 (KHTML, like Gecko) Chrome/91.0.4472.124 Safari/537.36"
154.83.103.101 - - [04/Apr/2025:12:19:32 -0400] "GET /.git/config HTTP/1.1" 403 1242 "-" "Mozilla/5.0 (Windows NT 10.0; Win64; x64) AppleWebKit/537.36 (KHTML, like Gecko) Chrome/91.0.4472.124 Safari/537.36"
154.83.103.101 - - [04/Apr/2025:12:23:09 -0400] "GET /config/application.yml HTTP/1.1" 404 8271 "-" "Mozilla/5.0 (Windows NT 10.0; Win64; x64) AppleWebKit/537.36 (KHTML, like Gecko) Chrome/91.0.4472.124 Safari/537.36"
93.123.109.101 - - [04/Apr/2025:12:24:41 -0400] "GET /lzdmod/site-nav-pc/5.2.38/assets/affiliate/index.js HTTP/1.1" 404 8271 "-" "Mozilla/5.0 (Macintosh; Intel Mac OS X 10_15_7) AppleWebKit/537.36 Chrome/120.0.0.0"
157.245.56.239 - - [04/Apr/2025:12:50:05 -0400] "POST /alfacgiapi/perl.alfa HTTP/1.1" 404 8225 "-" "Mozilla/5.0 (Linux; Android 11; Redmi Note 9 Pro Build/RKQ1.200826.002; wv) AppleWebKit/537.36 (KHTML, like Gecko) Version/4.0 Chrome/90.0.4430.210 Mobile Safari/537.36"
157.245.56.239 - - [04/Apr/2025:12:50:07 -0400] "POST /alfacgiapi/perl.alfa HTTP/1.1" 404 8225 "-" "Mozilla/5.0 (Linux; Android 11; Redmi Note 9 Pro Build/RKQ1.200826.002; wv) AppleWebKit/537.36 (KHTML, like Gecko) Version/4.0 Chrome/90.0.4430.210 Mobile Safari/537.36"
157.245.56.239 - - [04/Apr/2025:12:50:09 -0400] "POST /alfacgiapi/bash.alfa HTTP/1.1" 404 8225 "-" "Mozilla/5.0 (Linux; Android 11; Redmi Note 9 Pro Build/RKQ1.200826.002; wv) AppleWebKit/537.36 (KHTML, like Gecko) Version/4.0 Chrome/90.0.4430.210 Mobile Safari/537.36"
157.245.56.239 - - [04/Apr/2025:12:50:12 -0400] "POST /alfacgiapi/bash.alfa HTTP/1.1" 404 8225 "-" "Mozilla/5.0 (Linux; Android 11; Redmi Note 9 Pro Build/RKQ1.200826.002; wv) AppleWebKit/537.36 (KHTML, like Gecko) Version/4.0 Chrome/90.0.4430.210 Mobile Safari/537.36"
157.245.56.239 - - [04/Apr/2025:12:50:13 -0400] "POST /alfacgiapi/py.alfa HTTP/1.1" 404 8225 "-" "Mozilla/5.0 (Linux; Android 11; Redmi Note 9 Pro Build/RKQ1.200826.002; wv) AppleWebKit/537.36 (KHTML, like Gecko) Version/4.0 Chrome/90.0.4430.210 Mobile Safari/537.36"
157.245.56.239 - - [04/Apr/2025:12:50:15 -0400] "POST /alfacgiapi/py.alfa HTTP/1.1" 404 8225 "-" "Mozilla/5.0 (Linux; Android 11; Redmi Note 9 Pro Build/RKQ1.200826.002; wv) AppleWebKit/537.36 (KHTML, like Gecko) Version/4.0 Chrome/90.0.4430.210 Mobile Safari/537.36"
157.245.56.239 - - [04/Apr/2025:12:50:16 -0400] "GET /alfacgiapi/index.php?bx=0e215962017 HTTP/1.1" 301 0 "-" "Mozilla/5.0 (Linux; Android 11; Redmi Note 9 Pro Build/RKQ1.200826.002; wv) AppleWebKit/537.36 (KHTML, like Gecko) Version/4.0 Chrome/90.0.4430.210 Mobile Safari/537.36"
157.245.56.239 - - [04/Apr/2025:12:50:18 -0400] "GET /alfacgiapi/?bx=0e215962017 HTTP/1.1" 404 8271 "-" "Mozilla/5.0 (Linux; Android 11; Redmi Note 9 Pro Build/RKQ1.200826.002; wv) AppleWebKit/537.36 (KHTML, like Gecko) Version/4.0 Chrome/90.0.4430.210 Mobile Safari/537.36"
157.245.56.239 - - [04/Apr/2025:12:50:19 -0400] "GET /alfacgiapi/radio.php?bx=0e215962017 HTTP/1.1" 404 8271 "-" "Mozilla/5.0 (Linux; Android 11; Redmi Note 9 Pro Build/RKQ1.200826.002; wv) AppleWebKit/537.36 (KHTML, like Gecko) Version/4.0 Chrome/90.0.4430.210 Mobile Safari/537.36"
157.245.56.239 - - [04/Apr/2025:12:50:20 -0400] "GET /alfacgiapi/404.php?bx=0e215962017 HTTP/1.1" 404 8271 "-" "Mozilla/5.0 (Linux; Android 11; Redmi Note 9 Pro Build/RKQ1.200826.002; wv) AppleWebKit/537.36 (KHTML, like Gecko) Version/4.0 Chrome/90.0.4430.210 Mobile Safari/537.36"
157.245.56.239 - - [04/Apr/2025:12:50:21 -0400] "POST /ALFA_DATA/alfacgiapi/perl.alfa HTTP/1.1" 404 8225 "-" "Mozilla/5.0 (Linux; Android 11; Redmi Note 9 Pro Build/RKQ1.200826.002; wv) AppleWebKit/537.36 (KHTML, like Gecko) Version/4.0 Chrome/90.0.4430.210 Mobile Safari/537.36"
157.245.56.239 - - [04/Apr/2025:12:50:22 -0400] "POST /ALFA_DATA/alfacgiapi/perl.alfa HTTP/1.1" 404 8225 "-" "Mozilla/5.0 (Linux; Android 11; Redmi Note 9 Pro Build/RKQ1.200826.002; wv) AppleWebKit/537.36 (KHTML, like Gecko) Version/4.0 Chrome/90.0.4430.210 Mobile Safari/537.36"
157.245.56.239 - - [04/Apr/2025:12:50:24 -0400] "POST /ALFA_DATA/alfacgiapi/bash.alfa HTTP/1.1" 404 8225 "-" "Mozilla/5.0 (Linux; Android 11; Redmi Note 9 Pro Build/RKQ1.200826.002; wv) AppleWebKit/537.36 (KHTML, like Gecko) Version/4.0 Chrome/90.0.4430.210 Mobile Safari/537.36"
157.245.56.239 - - [04/Apr/2025:12:50:26 -0400] "POST /ALFA_DATA/alfacgiapi/bash.alfa HTTP/1.1" 404 8225 "-" "Mozilla/5.0 (Linux; Android 11; Redmi Note 9 Pro Build/RKQ1.200826.002; wv) AppleWebKit/537.36 (KHTML, like Gecko) Version/4.0 Chrome/90.0.4430.210 Mobile Safari/537.36"
157.245.56.239 - - [04/Apr/2025:12:50:29 -0400] "POST /ALFA_DATA/alfacgiapi/py.alfa HTTP/1.1" 404 8225 "-" "Mozilla/5.0 (Linux; Android 11; Redmi Note 9 Pro Build/RKQ1.200826.002; wv) AppleWebKit/537.36 (KHTML, like Gecko) Version/4.0 Chrome/90.0.4430.210 Mobile Safari/537.36"
157.245.56.239 - - [04/Apr/2025:12:50:31 -0400] "POST /ALFA_DATA/alfacgiapi/py.alfa HTTP/1.1" 404 8225 "-" "Mozilla/5.0 (Linux; Android 11; Redmi Note 9 Pro Build/RKQ1.200826.002; wv) AppleWebKit/537.36 (KHTML, like Gecko) Version/4.0 Chrome/90.0.4430.210 Mobile Safari/537.36"
198.54.114.83 - - [04/Apr/2025:12:50:33 -0400] "POST /wp-cron.php?doing_wp_cron=1743785432.3689670562744140625000 HTTP/1.1" 200 0 "-" "WordPress/6.7.2; https://inversionesgoldie.com"
157.245.56.239 - - [04/Apr/2025:12:50:34 -0400] "GET /ALFA_DATA/alfacgiapi/index.php?bx=0e215962017 HTTP/1.1" 301 0 "-" "Mozilla/5.0 (Linux; Android 11; Redmi Note 9 Pro Build/RKQ1.200826.002; wv) AppleWebKit/537.36 (KHTML, like Gecko) Version/4.0 Chrome/90.0.4430.210 Mobile Safari/537.36"
157.245.56.239 - - [04/Apr/2025:12:50:36 -0400] "GET /ALFA_DATA/alfacgiapi/?bx=0e215962017 HTTP/1.1" 404 8271 "-" "Mozilla/5.0 (Linux; Android 11; Redmi Note 9 Pro Build/RKQ1.200826.002; wv) AppleWebKit/537.36 (KHTML, like Gecko) Version/4.0 Chrome/90.0.4430.210 Mobile Safari/537.36"
157.245.56.239 - - [04/Apr/2025:12:50:39 -0400] "GET /ALFA_DATA/alfacgiapi/radio.php?bx=0e215962017 HTTP/1.1" 404 8271 "-" "Mozilla/5.0 (Linux; Android 11; Redmi Note 9 Pro Build/RKQ1.200826.002; wv) AppleWebKit/537.36 (KHTML, like Gecko) Version/4.0 Chrome/90.0.4430.210 Mobile Safari/537.36"
157.245.56.239 - - [04/Apr/2025:12:50:41 -0400] "GET /ALFA_DATA/alfacgiapi/404.php?bx=0e215962017 HTTP/1.1" 404 8271 "-" "Mozilla/5.0 (Linux; Android 11; Redmi Note 9 Pro Build/RKQ1.200826.002; wv) AppleWebKit/537.36 (KHTML, like Gecko) Version/4.0 Chrome/90.0.4430.210 Mobile Safari/537.36"
157.245.56.239 - - [04/Apr/2025:12:50:43 -0400] "POST /assets/alfacgiapi/perl.alfa HTTP/1.1" 404 8225 "-" "Mozilla/5.0 (Linux; Android 11; Redmi Note 9 Pro Build/RKQ1.200826.002; wv) AppleWebKit/537.36 (KHTML, like Gecko) Version/4.0 Chrome/90.0.4430.210 Mobile Safari/537.36"
