20.36.171.228 - - [05/Apr/2025:18:55:58 -0400] "GET /wp-content/admin.php HTTP/1.1" 404 8271 "-" "-"
20.36.171.228 - - [05/Apr/2025:18:55:58 -0400] "GET /hehe.php HTTP/1.1" 404 8272 "-" "-"
20.36.171.228 - - [05/Apr/2025:18:55:59 -0400] "GET /wp-content/ HTTP/1.1" 200 0 "-" "-"
20.36.171.228 - - [05/Apr/2025:18:55:59 -0400] "GET /wp-admin/css/colors/light/about.php HTTP/1.1" 404 8272 "-" "-"
20.36.171.228 - - [05/Apr/2025:18:55:59 -0400] "GET //user.php HTTP/1.1" 301 0 "-" "-"
20.36.171.228 - - [05/Apr/2025:18:55:59 -0400] "GET /user.php HTTP/1.1" 404 8278 "-" "-"
20.36.171.228 - - [05/Apr/2025:18:55:59 -0400] "GET /.well-known/text.php HTTP/1.1" 404 8273 "-" "-"
20.36.171.228 - - [05/Apr/2025:18:56:00 -0400] "GET /wp-admin/images/chosen.php HTTP/1.1" 404 8273 "-" "-"
20.36.171.228 - - [05/Apr/2025:18:56:00 -0400] "GET /update.php HTTP/1.1" 404 8273 "-" "-"
20.36.171.228 - - [05/Apr/2025:18:56:00 -0400] "GET /wp-admin/js/index.php HTTP/1.1" 301 0 "-" "-"
20.36.171.228 - - [05/Apr/2025:18:56:00 -0400] "GET /wp-admin/js/ HTTP/1.1" 403 1242 "-" "-"
20.36.171.228 - - [05/Apr/2025:18:56:01 -0400] "GET /wp-content/upgrade/wp-login.php HTTP/1.1" 404 8272 "-" "-"
20.36.171.228 - - [05/Apr/2025:18:56:01 -0400] "GET /wp-content/themes/wp-pridmag/init.php HTTP/1.1" 404 8272 "-" "-"
20.36.171.228 - - [05/Apr/2025:18:56:01 -0400] "GET /file_browser.php HTTP/1.1" 404 8272 "-" "-"
20.36.171.228 - - [05/Apr/2025:18:56:01 -0400] "GET /wp-content/plugins/wp-help/admin/wp-fclass.php HTTP/1.1" 404 8271 "-" "-"
20.36.171.228 - - [05/Apr/2025:18:56:02 -0400] "GET /wp-admin/maint/index.php HTTP/1.1" 301 0 "-" "-"
20.36.171.228 - - [05/Apr/2025:18:56:02 -0400] "GET /wp-admin/maint/ HTTP/1.1" 403 1242 "-" "-"
20.36.171.228 - - [05/Apr/2025:18:56:02 -0400] "GET /wp-content/plugins/dummyyummy/wp-signup.php HTTP/1.1" 404 8272 "-" "-"
20.36.171.228 - - [05/Apr/2025:18:56:02 -0400] "GET /wp-load.php HTTP/1.1" 200 0 "-" "-"
20.36.171.228 - - [05/Apr/2025:18:56:02 -0400] "GET /13.php HTTP/1.1" 404 8272 "-" "-"
20.36.171.228 - - [05/Apr/2025:18:56:02 -0400] "GET /mah/function.php HTTP/1.1" 404 8272 "-" "-"
20.36.171.228 - - [05/Apr/2025:18:56:03 -0400] "GET /wp-cron.php HTTP/1.1" 200 0 "-" "-"
20.36.171.228 - - [05/Apr/2025:18:56:03 -0400] "GET /header.php HTTP/1.1" 404 8272 "-" "-"
20.36.171.228 - - [05/Apr/2025:18:56:03 -0400] "GET /credits.php HTTP/1.1" 404 8272 "-" "-"
20.36.171.228 - - [05/Apr/2025:18:56:03 -0400] "GET /wp-content/plugins/simple/simple.php HTTP/1.1" 404 8272 "-" "-"
20.36.171.228 - - [05/Apr/2025:18:56:04 -0400] "GET /used: HTTP/1.1" 404 8272 "-" "-"
20.36.171.228 - - [05/Apr/2025:18:56:04 -0400] "GET /1.php HTTP/1.1" 404 8272 "-" "-"
20.36.171.228 - - [05/Apr/2025:18:56:05 -0400] "GET /cjfuns.php HTTP/1.1" 404 8272 "-" "-"
20.36.171.228 - - [05/Apr/2025:18:56:05 -0400] "GET /wp-includes/Text/autoload_classmap.php HTTP/1.1" 404 8272 "-" "-"
20.36.171.228 - - [05/Apr/2025:18:56:05 -0400] "GET /wp.php HTTP/1.1" 404 8272 "-" "-"
20.36.171.228 - - [05/Apr/2025:18:56:06 -0400] "GET /wp-links.php HTTP/1.1" 404 8272 "-" "-"
20.36.171.228 - - [05/Apr/2025:18:56:06 -0400] "GET /alfa.php HTTP/1.1" 404 8273 "-" "-"
20.36.171.228 - - [05/Apr/2025:18:56:06 -0400] "GET /google.php HTTP/1.1" 404 8272 "-" "-"
20.36.171.228 - - [05/Apr/2025:18:56:06 -0400] "GET /wp-admin/maint/wp-login.php HTTP/1.1" 404 8272 "-" "-"
20.36.171.228 - - [05/Apr/2025:18:56:06 -0400] "GET /wp-content/cache/index.php HTTP/1.1" 301 0 "-" "-"
20.36.171.228 - - [05/Apr/2025:18:56:06 -0400] "GET /wp-content/cache/ HTTP/1.1" 301 0 "-" "-"
20.36.171.228 - - [05/Apr/2025:18:56:08 -0400] "GET /wp-admin/js/ HTTP/1.1" 403 1242 "-" "-"
20.36.171.228 - - [05/Apr/2025:18:56:08 -0400] "GET /.well-known/pki-validation/xmrlpc.php HTTP/1.1" 404 1251 "-" "-"
20.36.171.228 - - [05/Apr/2025:18:56:08 -0400] "GET /wp-content/themes/twentytwenty/404.php HTTP/1.1" 404 8272 "-" "-"
178.128.99.84 - - [05/Apr/2025:19:03:16 -0400] "GET / HTTP/1.1" 200 98560 "-" "Mozilla/5.0 (Windows NT 10.0; Win64; x64) AppleWebKit/537.36 (KHTML, like Gecko) Chrome/95.0.4638.69 Safari/537.36"
178.128.99.84 - - [05/Apr/2025:19:03:17 -0400] "GET /wp-includes/ID3/license.txt HTTP/1.1" 200 501 "-" "Mozilla/5.0 (Windows NT 10.0; Win64; x64) AppleWebKit/537.36 (KHTML, like Gecko) Chrome/95.0.4638.69 Safari/537.36"
198.54.114.83 - - [05/Apr/2025:19:03:18 -0400] "POST /wp-cron.php?doing_wp_cron=1743894198.2164480686187744140625 HTTP/1.1" 200 0 "-" "WordPress/6.7.2; https://inversionesgoldie.com"
178.128.99.84 - - [05/Apr/2025:19:03:18 -0400] "GET /feed/ HTTP/1.1" 200 343106 "-" "Mozilla/5.0 (Windows NT 10.0; Win64; x64) AppleWebKit/537.36 (KHTML, like Gecko) Chrome/95.0.4638.69 Safari/537.36"
178.128.99.84 - - [05/Apr/2025:19:03:20 -0400] "GET /?author=1 HTTP/1.1" 200 98560 "-" "Mozilla/5.0 (Windows NT 10.0; Win64; x64) AppleWebKit/537.36 (KHTML, like Gecko) Chrome/95.0.4638.69 Safari/537.36"
178.128.99.84 - - [05/Apr/2025:19:03:21 -0400] "GET /wp-json/wp/v2/users/ HTTP/1.1" 200 1381 "-" "Mozilla/5.0 (Windows NT 10.0; Win64; x64) AppleWebKit/537.36 (KHTML, like Gecko) Chrome/95.0.4638.69 Safari/537.36"
178.128.99.84 - - [05/Apr/2025:19:03:22 -0400] "POST /xmlrpc.php HTTP/1.1" 200 0 "-" "Mozilla/5.0 (Windows NT 10.0; Win64; x64) AppleWebKit/537.36 (KHTML, like Gecko) Chrome/95.0.4638.69 Safari/537.36"
198.54.114.83 - - [05/Apr/2025:19:05:45 -0400] "POST /wp-cron.php?doing_wp_cron=1743894345.3296859264373779296875 HTTP/1.1" 200 0 "-" "WordPress/6.7.2; https://inversionesgoldie.com"
178.128.99.84 - - [05/Apr/2025:19:04:53 -0400] "POST /xmlrpc.php HTTP/1.1" 200 236 "-" "Mozilla/5.0 (Windows NT 10.0; Win64; x64) AppleWebKit/537.36 (KHTML, like Gecko) Chrome/95.0.4638.69 Safari/537.36"
198.54.114.83 - - [05/Apr/2025:19:06:31 -0400] "POST /wp-cron.php?doing_wp_cron=1743894390.9815258979797363281250 HTTP/1.1" 200 0 "-" "WordPress/6.7.2; https://inversionesgoldie.com"
178.128.99.84 - - [05/Apr/2025:19:05:45 -0400] "POST /xmlrpc.php HTTP/1.1" 200 236 "-" "Mozilla/5.0 (Windows NT 10.0; Win64; x64) AppleWebKit/537.36 (KHTML, like Gecko) Chrome/95.0.4638.69 Safari/537.36"
178.128.99.84 - - [05/Apr/2025:19:06:31 -0400] "POST /xmlrpc.php HTTP/1.1" 200 236 "-" "Mozilla/5.0 (Windows NT 10.0; Win64; x64) AppleWebKit/537.36 (KHTML, like Gecko) Chrome/95.0.4638.69 Safari/537.36"
178.128.99.84 - - [05/Apr/2025:19:07:16 -0400] "POST /xmlrpc.php HTTP/1.1" 200 0 "-" "Mozilla/5.0 (Windows NT 10.0; Win64; x64) AppleWebKit/537.36 (KHTML, like Gecko) Chrome/95.0.4638.69 Safari/537.36"
196.251.80.141 - - [05/Apr/2025:19:16:37 -0400] "GET / HTTP/1.1" 200 98560 "-" "Mozilla/5.0 (Windows NT 10.0; Win64; x64) AppleWebKit/537.36 (KHTML, like Gecko) Chrome/89.0.4389.114 Safari/537.36"
196.251.80.141 - - [05/Apr/2025:19:16:38 -0400] "GET / HTTP/1.1" 200 98560 "-" "Mozilla/5.0 (Windows NT 10.0; Win64; x64) AppleWebKit/537.36 (KHTML, like Gecko) Chrome/89.0.4389.114 Safari/537.36"
198.54.114.83 - - [05/Apr/2025:19:16:40 -0400] "POST /wp-cron.php?doing_wp_cron=1743895000.1189630031585693359375 HTTP/1.1" 200 0 "-" "WordPress/6.7.2; https://inversionesgoldie.com"
196.251.80.141 - - [05/Apr/2025:19:16:38 -0400] "GET /wp-includes/wlwmanifest.xml HTTP/1.1" 404 8272 "-" "Mozilla/5.0 (Windows NT 10.0; Win64; x64) AppleWebKit/537.36 (KHTML, like Gecko) Chrome/89.0.4389.114 Safari/537.36"
196.251.80.141 - - [05/Apr/2025:19:16:40 -0400] "GET /?author=1 HTTP/1.1" 200 98560 "-" "Mozilla/5.0 (Windows NT 10.0; Win64; x64) AppleWebKit/537.36 (KHTML, like Gecko) Chrome/89.0.4389.114 Safari/537.36"
196.251.80.141 - - [05/Apr/2025:19:16:41 -0400] "GET /?author=2 HTTP/1.1" 200 98560 "-" "Mozilla/5.0 (Windows NT 10.0; Win64; x64) AppleWebKit/537.36 (KHTML, like Gecko) Chrome/89.0.4389.114 Safari/537.36"
196.251.80.141 - - [05/Apr/2025:19:16:41 -0400] "GET /?author=3 HTTP/1.1" 200 98560 "-" "Mozilla/5.0 (Windows NT 10.0; Win64; x64) AppleWebKit/537.36 (KHTML, like Gecko) Chrome/89.0.4389.114 Safari/537.36"
196.251.80.141 - - [05/Apr/2025:19:16:42 -0400] "GET /wp-json/wp/v2/users/ HTTP/1.1" 200 1381 "-" "Mozilla/5.0 (Windows NT 10.0; Win64; x64) AppleWebKit/537.36 (KHTML, like Gecko) Chrome/89.0.4389.114 Safari/537.36"
196.251.80.141 - - [05/Apr/2025:19:16:42 -0400] "POST /xmlrpc.php HTTP/1.1" 200 212 "-" "Mozilla/5.0 (Windows NT 10.0; Win64; x64) AppleWebKit/537.36 (KHTML, like Gecko) Chrome/89.0.4389.114 Safari/537.36"
196.251.80.141 - - [05/Apr/2025:19:16:42 -0400] "POST /xmlrpc.php HTTP/1.1" 200 212 "-" "Mozilla/5.0 (Windows NT 10.0; Win64; x64) AppleWebKit/537.36 (KHTML, like Gecko) Chrome/89.0.4389.114 Safari/537.36"
196.251.80.141 - - [05/Apr/2025:19:16:42 -0400] "POST /xmlrpc.php HTTP/1.1" 200 236 "-" "Mozilla/5.0 (Windows NT 10.0; Win64; x64) AppleWebKit/537.36 (KHTML, like Gecko) Chrome/89.0.4389.114 Safari/537.36"
196.251.80.141 - - [05/Apr/2025:19:16:43 -0400] "POST /xmlrpc.php HTTP/1.1" 200 236 "-" "Mozilla/5.0 (Windows NT 10.0; Win64; x64) AppleWebKit/537.36 (KHTML, like Gecko) Chrome/89.0.4389.114 Safari/537.36"
196.251.80.141 - - [05/Apr/2025:19:16:43 -0400] "POST /xmlrpc.php HTTP/1.1" 200 212 "-" "Mozilla/5.0 (Windows NT 10.0; Win64; x64) AppleWebKit/537.36 (KHTML, like Gecko) Chrome/89.0.4389.114 Safari/537.36"
196.251.80.141 - - [05/Apr/2025:19:16:43 -0400] "POST /xmlrpc.php HTTP/1.1" 200 236 "-" "Mozilla/5.0 (Windows NT 10.0; Win64; x64) AppleWebKit/537.36 (KHTML, like Gecko) Chrome/89.0.4389.114 Safari/537.36"
37.139.53.32 - - [05/Apr/2025:19:22:57 -0400] "GET /commercial-building-disclosure-has-arrived/ HTTP/1.1" 200 13301 "http://inversionesgoldie.com/commercial-building-disclosure-has-arrived/" "Mozilla/5.0 (Windows NT 10.0; Win64; x64) AppleWebKit/537.36 (KHTML, like Gecko) Chrome/130.0.0.0 Safari/537.36 CCleaner/130.0.0.0"
198.54.114.83 - - [05/Apr/2025:19:22:59 -0400] "POST /wp-cron.php?doing_wp_cron=1743895379.5517809391021728515625 HTTP/1.1" 200 0 "-" "WordPress/6.7.2; https://inversionesgoldie.com"
37.139.53.32 - - [05/Apr/2025:19:22:58 -0400] "POST /wp-comments-post.php HTTP/1.1" 302 0 "http://inversionesgoldie.com/commercial-building-disclosure-has-arrived/" "Mozilla/5.0 (Windows NT 10.0; Win64; x64) AppleWebKit/537.36 (KHTML, like Gecko) Chrome/130.0.0.0 Safari/537.36 CCleaner/130.0.0.0"
198.54.114.83 - - [05/Apr/2025:19:29:17 -0400] "POST /wp-cron.php?doing_wp_cron=1743895757.8806760311126708984375 HTTP/1.1" 200 0 "-" "WordPress/6.7.2; https://inversionesgoldie.com"
216.244.66.243 - - [05/Apr/2025:19:29:14 -0400] "GET /counselling-what-does-it-entail/ HTTP/1.1" 200 11595 "-" "Mozilla/5.0 (compatible; DotBot/1.2; +https://opensiteexplorer.org/dotbot; help@moz.com)"
85.208.98.31 - - [05/Apr/2025:19:30:41 -0400] "GET /why-buy-an-amd-motherboard/ HTTP/1.1" 200 11674 "-" "Mozilla/5.0 (compatible; SemrushBot-BA; +http://www.semrush.com/bot.html)"
198.54.114.83 - - [05/Apr/2025:19:34:08 -0400] "POST /wp-cron.php?doing_wp_cron=1743896048.6605389118194580078125 HTTP/1.1" 200 0 "-" "WordPress/6.7.2; https://inversionesgoldie.com"
216.244.66.243 - - [05/Apr/2025:19:34:08 -0400] "GET /the-risks-of-purchasing-tiktok-views-and-followers/feed/ HTTP/1.1" 200 457 "-" "Mozilla/5.0 (compatible; DotBot/1.2; +https://opensiteexplorer.org/dotbot; help@moz.com)"
112.86.225.36 - - [05/Apr/2025:19:41:24 -0400] "GET /robots.txt HTTP/1.1" 200 132 "-" "Sogou web spider/4.0(+http://www.sogou.com/docs/help/webmasters.htm#07)"
198.54.114.83 - - [05/Apr/2025:20:00:51 -0400] "POST /wp-cron.php?doing_wp_cron=1743897651.0953741073608398437500 HTTP/1.1" 200 0 "-" "WordPress/6.7.2; https://inversionesgoldie.com"
89.21.85.27 - - [05/Apr/2025:20:00:49 -0400] "GET /wp-content/uploads/2017-------/09/wp-console.php HTTP/1.1" 404 8270 "-" "Mozilla/5.0 (Linux; Android 11; M2010J19SI) AppleWebKit/537.36 (KHTML, like Gecko) Chrome/109.0.0.0 Mobile Safari/537.36"
89.21.85.27 - - [05/Apr/2025:20:00:52 -0400] "GET /wp-includes/js/crop/uword.php HTTP/1.1" 404 8270 "-" "Mozilla/5.0 (Linux; Android 11; M2010J19SI) AppleWebKit/537.36 (KHTML, like Gecko) Chrome/109.0.0.0 Mobile Safari/537.36"
89.21.85.27 - - [05/Apr/2025:20:00:53 -0400] "GET /wp-content/themes/bltm/wp-login.php HTTP/1.1" 404 8271 "-" "Mozilla/5.0 (Linux; Android 11; M2010J19SI) AppleWebKit/537.36 (KHTML, like Gecko) Chrome/109.0.0.0 Mobile Safari/537.36"
89.21.85.27 - - [05/Apr/2025:20:00:55 -0400] "GET /autoload_classmap.php HTTP/1.1" 404 8272 "-" "Mozilla/5.0 (Linux; Android 11; M2010J19SI) AppleWebKit/537.36 (KHTML, like Gecko) Chrome/109.0.0.0 Mobile Safari/537.36"
89.21.85.27 - - [05/Apr/2025:20:00:57 -0400] "GET /wp-content/uploads/2014/07/olx.php HTTP/1.1" 404 8271 "-" "Mozilla/5.0 (Linux; Android 11; M2010J19SI) AppleWebKit/537.36 (KHTML, like Gecko) Chrome/109.0.0.0 Mobile Safari/537.36"
89.21.85.27 - - [05/Apr/2025:20:00:58 -0400] "GET /wp-admin/css/colors/midnight/index.php HTTP/1.1" 301 0 "-" "Mozilla/5.0 (Linux; Android 11; M2010J19SI) AppleWebKit/537.36 (KHTML, like Gecko) Chrome/109.0.0.0 Mobile Safari/537.36"
89.21.85.27 - - [05/Apr/2025:20:00:58 -0400] "GET /wp-admin/css/colors/midnight/ HTTP/1.1" 403 1242 "-" "Mozilla/5.0 (Linux; Android 11; M2010J19SI) AppleWebKit/537.36 (KHTML, like Gecko) Chrome/109.0.0.0 Mobile Safari/537.36"
89.21.85.27 - - [05/Apr/2025:20:01:00 -0400] "GET /wp-content/uploads/2020/wp-couldent.php.suspected HTTP/1.1" 404 8273 "-" "Mozilla/5.0 (Linux; Android 11; M2010J19SI) AppleWebKit/537.36 (KHTML, like Gecko) Chrome/109.0.0.0 Mobile Safari/537.36"
89.21.85.27 - - [05/Apr/2025:20:01:01 -0400] "GET /wp-content/plugins/523453244/ninja.php HTTP/1.1" 404 8271 "-" "Mozilla/5.0 (Linux; Android 11; M2010J19SI) AppleWebKit/537.36 (KHTML, like Gecko) Chrome/109.0.0.0 Mobile Safari/537.36"
89.21.85.27 - - [05/Apr/2025:20:01:03 -0400] "GET /wp-includes/js/imgareaselect/index.php HTTP/1.1" 301 0 "-" "Mozilla/5.0 (Linux; Android 11; M2010J19SI) AppleWebKit/537.36 (KHTML, like Gecko) Chrome/109.0.0.0 Mobile Safari/537.36"
89.21.85.27 - - [05/Apr/2025:20:01:03 -0400] "GET /wp-includes/js/imgareaselect/ HTTP/1.1" 403 1242 "-" "Mozilla/5.0 (Linux; Android 11; M2010J19SI) AppleWebKit/537.36 (KHTML, like Gecko) Chrome/109.0.0.0 Mobile Safari/537.36"
89.21.85.27 - - [05/Apr/2025:20:01:04 -0400] "GET /wp-includes/PHPMailer/load.php HTTP/1.1" 404 8273 "-" "Mozilla/5.0 (Linux; Android 11; M2010J19SI) AppleWebKit/537.36 (KHTML, like Gecko) Chrome/109.0.0.0 Mobile Safari/537.36"
89.21.85.27 - - [05/Apr/2025:20:01:06 -0400] "GET /wp-links.php HTTP/1.1" 404 8271 "-" "Mozilla/5.0 (Linux; Android 11; M2010J19SI) AppleWebKit/537.36 (KHTML, like Gecko) Chrome/109.0.0.0 Mobile Safari/537.36"
89.21.85.27 - - [05/Apr/2025:20:01:07 -0400] "GET /wp-aa.php HTTP/1.1" 404 8272 "-" "Mozilla/5.0 (Linux; Android 11; M2010J19SI) AppleWebKit/537.36 (KHTML, like Gecko) Chrome/109.0.0.0 Mobile Safari/537.36"
89.21.85.27 - - [05/Apr/2025:20:01:09 -0400] "GET /wp-content/themes/travelscape/json.php HTTP/1.1" 404 8272 "-" "Mozilla/5.0 (Linux; Android 11; M2010J19SI) AppleWebKit/537.36 (KHTML, like Gecko) Chrome/109.0.0.0 Mobile Safari/537.36"
89.21.85.27 - - [05/Apr/2025:20:01:10 -0400] "GET /wp-content/themes/travel/issue.php HTTP/1.1" 404 8271 "-" "Mozilla/5.0 (Linux; Android 11; M2010J19SI) AppleWebKit/537.36 (KHTML, like Gecko) Chrome/109.0.0.0 Mobile Safari/537.36"
89.21.85.27 - - [05/Apr/2025:20:01:13 -0400] "GET /about.php HTTP/1.1" 404 8272 "-" "Mozilla/5.0 (Linux; Android 11; M2010J19SI) AppleWebKit/537.36 (KHTML, like Gecko) Chrome/109.0.0.0 Mobile Safari/537.36"
89.21.85.27 - - [05/Apr/2025:20:01:14 -0400] "GET /xx.php HTTP/1.1" 404 8273 "-" "Mozilla/5.0 (Linux; Android 11; M2010J19SI) AppleWebKit/537.36 (KHTML, like Gecko) Chrome/109.0.0.0 Mobile Safari/537.36"
89.21.85.27 - - [05/Apr/2025:20:01:16 -0400] "GET /wp-content/themes/digital-download/new.php HTTP/1.1" 404 8272 "-" "Mozilla/5.0 (Linux; Android 11; M2010J19SI) AppleWebKit/537.36 (KHTML, like Gecko) Chrome/109.0.0.0 Mobile Safari/537.36"
89.21.85.27 - - [05/Apr/2025:20:01:17 -0400] "GET /epinyins.php HTTP/1.1" 404 8272 "-" "Mozilla/5.0 (Linux; Android 11; M2010J19SI) AppleWebKit/537.36 (KHTML, like Gecko) Chrome/109.0.0.0 Mobile Safari/537.36"
89.21.85.27 - - [05/Apr/2025:20:01:19 -0400] "GET /wp-admin/dropdown.php HTTP/1.1" 404 8272 "-" "Mozilla/5.0 (Linux; Android 11; M2010J19SI) AppleWebKit/537.36 (KHTML, like Gecko) Chrome/109.0.0.0 Mobile Safari/537.36"
89.21.85.27 - - [05/Apr/2025:20:01:20 -0400] "GET /dropdown.php HTTP/1.1" 404 8272 "-" "Mozilla/5.0 (Linux; Android 11; M2010J19SI) AppleWebKit/537.36 (KHTML, like Gecko) Chrome/109.0.0.0 Mobile Safari/537.36"
89.21.85.27 - - [05/Apr/2025:20:01:21 -0400] "GET /wp-admin/css/index.php HTTP/1.1" 301 0 "-" "Mozilla/5.0 (Linux; Android 11; M2010J19SI) AppleWebKit/537.36 (KHTML, like Gecko) Chrome/109.0.0.0 Mobile Safari/537.36"
89.21.85.27 - - [05/Apr/2025:20:01:22 -0400] "GET /wp-admin/css/ HTTP/1.1" 403 1242 "-" "Mozilla/5.0 (Linux; Android 11; M2010J19SI) AppleWebKit/537.36 (KHTML, like Gecko) Chrome/109.0.0.0 Mobile Safari/537.36"
89.21.85.27 - - [05/Apr/2025:20:01:23 -0400] "GET /wp-content/mah.php HTTP/1.1" 404 8272 "-" "Mozilla/5.0 (Linux; Android 11; M2010J19SI) AppleWebKit/537.36 (KHTML, like Gecko) Chrome/109.0.0.0 Mobile Safari/537.36"
89.21.85.27 - - [05/Apr/2025:20:01:24 -0400] "GET /wp-content/item.php HTTP/1.1" 404 8272 "-" "Mozilla/5.0 (Linux; Android 11; M2010J19SI) AppleWebKit/537.36 (KHTML, like Gecko) Chrome/109.0.0.0 Mobile Safari/537.36"
89.21.85.27 - - [05/Apr/2025:20:01:25 -0400] "GET /wp-content/plugins/shell/about.php HTTP/1.1" 404 8272 "-" "Mozilla/5.0 (Linux; Android 11; M2010J19SI) AppleWebKit/537.36 (KHTML, like Gecko) Chrome/109.0.0.0 Mobile Safari/537.36"
89.21.85.27 - - [05/Apr/2025:20:01:26 -0400] "GET /wp-content/plugins/pwnd/pwnd.php HTTP/1.1" 404 8272 "-" "Mozilla/5.0 (Linux; Android 11; M2010J19SI) AppleWebKit/537.36 (KHTML, like Gecko) Chrome/109.0.0.0 Mobile Safari/537.36"
89.21.85.27 - - [05/Apr/2025:20:01:28 -0400] "GET /wp-content/plugins/fix/up.php HTTP/1.1" 404 8272 "-" "Mozilla/5.0 (Linux; Android 11; M2010J19SI) AppleWebKit/537.36 (KHTML, like Gecko) Chrome/109.0.0.0 Mobile Safari/537.36"
89.21.85.27 - - [05/Apr/2025:20:01:29 -0400] "GET /wp-content/plugins/ph-file-manager/wp-file.php HTTP/1.1" 404 8272 "-" "Mozilla/5.0 (Linux; Android 11; M2010J19SI) AppleWebKit/537.36 (KHTML, like Gecko) Chrome/109.0.0.0 Mobile Safari/537.36"
198.54.114.83 - - [05/Apr/2025:20:01:30 -0400] "POST /wp-cron.php?doing_wp_cron=1743897690.1595339775085449218750 HTTP/1.1" 200 0 "-" "WordPress/6.7.2; https://inversionesgoldie.com"
89.21.85.27 - - [05/Apr/2025:20:01:29 -0400] "GET /wp-content/plugins/root-file-manager/wp-file.php HTTP/1.1" 404 8272 "-" "Mozilla/5.0 (Linux; Android 11; M2010J19SI) AppleWebKit/537.36 (KHTML, like Gecko) Chrome/109.0.0.0 Mobile Safari/537.36"
89.21.85.27 - - [05/Apr/2025:20:01:31 -0400] "GET /wp-content/plugins/wp-help/mini.php HTTP/1.1" 404 8271 "-" "Mozilla/5.0 (Linux; Android 11; M2010J19SI) AppleWebKit/537.36 (KHTML, like Gecko) Chrome/109.0.0.0 Mobile Safari/537.36"
89.21.85.27 - - [05/Apr/2025:20:01:32 -0400] "GET /wp-content/themes/travel/issue.php HTTP/1.1" 404 8271 "-" "Mozilla/5.0 (Linux; Android 11; M2010J19SI) AppleWebKit/537.36 (KHTML, like Gecko) Chrome/109.0.0.0 Mobile Safari/537.36"
89.21.85.27 - - [05/Apr/2025:20:01:33 -0400] "GET /wp-content/themes/jaida/lang.php HTTP/1.1" 404 8272 "-" "Mozilla/5.0 (Linux; Android 11; M2010J19SI) AppleWebKit/537.36 (KHTML, like Gecko) Chrome/109.0.0.0 Mobile Safari/537.36"
89.21.85.27 - - [05/Apr/2025:20:01:35 -0400] "GET /wp-l0gin.php HTTP/1.1" 404 8273 "-" "Mozilla/5.0 (Linux; Android 11; M2010J19SI) AppleWebKit/537.36 (KHTML, like Gecko) Chrome/109.0.0.0 Mobile Safari/537.36"
89.21.85.27 - - [05/Apr/2025:20:01:36 -0400] "GET /ext.php HTTP/1.1" 404 8272 "-" "Mozilla/5.0 (Linux; Android 11; M2010J19SI) AppleWebKit/537.36 (KHTML, like Gecko) Chrome/109.0.0.0 Mobile Safari/537.36"
89.21.85.27 - - [05/Apr/2025:20:01:37 -0400] "GET /wp-l0gin.php HTTP/1.1" 404 8273 "-" "Mozilla/5.0 (Linux; Android 11; M2010J19SI) AppleWebKit/537.36 (KHTML, like Gecko) Chrome/109.0.0.0 Mobile Safari/537.36"
216.244.66.243 - - [05/Apr/2025:20:15:49 -0400] "GET /robots.txt HTTP/1.1" 304 0 "-" "Mozilla/5.0 (compatible; DotBot/1.2; +https://opensiteexplorer.org/dotbot; help@moz.com)"
216.244.66.243 - - [05/Apr/2025:20:28:27 -0400] "GET /unlocking-the-power-of-youtube-buying-views-and-subscribers/ HTTP/1.1" 200 11724 "-" "Mozilla/5.0 (compatible; DotBot/1.2; +https://opensiteexplorer.org/dotbot; help@moz.com)"
198.54.114.83 - - [05/Apr/2025:20:33:35 -0400] "POST /wp-cron.php?doing_wp_cron=1743899615.1821560859680175781250 HTTP/1.1" 200 0 "-" "WordPress/6.7.2; https://inversionesgoldie.com"
216.244.66.243 - - [05/Apr/2025:20:33:31 -0400] "GET /keeping-your-boat-ship-shape/ HTTP/1.1" 200 12745 "-" "Mozilla/5.0 (compatible; DotBot/1.2; +https://opensiteexplorer.org/dotbot; help@moz.com)"
85.208.98.23 - - [05/Apr/2025:20:56:45 -0400] "GET /robots.txt HTTP/1.1" 304 0 "-" "Mozilla/5.0 (compatible; SemrushBot-BA; +http://www.semrush.com/bot.html)"
2a12:8102:fe91:6b58:95e1:4e16:cb6e:e358 - - [05/Apr/2025:20:57:32 -0400] "GET / HTTP/1.1" 200 98560 "http://inversionesgoldie.com/" "Mozilla/5.0 (Windows NT 10.0; Win64; x64) AppleWebKit/537.36 (KHTML, like Gecko) Chrome/131.0.0.0 Safari/537.36"
216.244.66.243 - - [05/Apr/2025:21:05:41 -0400] "GET /robots.txt HTTP/1.1" 200 132 "-" "Mozilla/5.0 (compatible; DotBot/1.2; +https://opensiteexplorer.org/dotbot; help@moz.com)"
198.54.114.83 - - [05/Apr/2025:21:36:39 -0400] "POST /wp-cron.php?doing_wp_cron=1743903399.3538749217987060546875 HTTP/1.1" 200 0 "-" "WordPress/6.7.2; https://inversionesgoldie.com"
216.244.66.243 - - [05/Apr/2025:21:36:39 -0400] "GET /15329-flonase-allergy-relief-price-16271/ HTTP/1.1" 404 8272 "-" "Mozilla/5.0 (compatible; DotBot/1.2; +https://opensiteexplorer.org/dotbot; help@moz.com)"
216.244.66.243 - - [05/Apr/2025:21:36:44 -0400] "GET /how-to-make-a-ray-ban-nose-piece-replacement/feed/ HTTP/1.1" 200 453 "-" "Mozilla/5.0 (compatible; DotBot/1.2; +https://opensiteexplorer.org/dotbot; help@moz.com)"
216.244.66.243 - - [05/Apr/2025:21:36:50 -0400] "GET /promotional-socks-useful-in-effective-marketing-campaigns/feed/ HTTP/1.1" 200 460 "-" "Mozilla/5.0 (compatible; DotBot/1.2; +https://opensiteexplorer.org/dotbot; help@moz.com)"
198.54.114.83 - - [05/Apr/2025:22:19:03 -0400] "POST /wp-cron.php?doing_wp_cron=1743905942.8771579265594482421875 HTTP/1.1" 200 0 "-" "WordPress/6.7.2; https://inversionesgoldie.com"
216.244.66.243 - - [05/Apr/2025:22:19:02 -0400] "GET /peptides-for-the-skin/ HTTP/1.1" 200 12773 "-" "Mozilla/5.0 (compatible; DotBot/1.2; +https://opensiteexplorer.org/dotbot; help@moz.com)"
216.244.66.243 - - [05/Apr/2025:22:24:04 -0400] "GET /lets-go-fly-a-kite-scotland-and-beyond/feed/ HTTP/1.1" 200 455 "-" "Mozilla/5.0 (compatible; DotBot/1.2; +https://opensiteexplorer.org/dotbot; help@moz.com)"
216.244.66.243 - - [05/Apr/2025:22:24:18 -0400] "GET /number-9-michael-kors-beverly-large-satchel/feed/ HTTP/1.1" 200 450 "-" "Mozilla/5.0 (compatible; DotBot/1.2; +https://opensiteexplorer.org/dotbot; help@moz.com)"
216.244.66.243 - - [05/Apr/2025:22:24:29 -0400] "GET /tips-to-follow-when-betting-on-sports/feed/ HTTP/1.1" 200 443 "-" "Mozilla/5.0 (compatible; DotBot/1.2; +https://opensiteexplorer.org/dotbot; help@moz.com)"
195.182.25.122 - - [05/Apr/2025:22:55:18 -0400] "GET /.git/config HTTP/1.1" 403 1242 "-" "Mozilla/5.0 (X11; Linux x86_64) AppleWebKit/537.36 (KHTML, like Gecko) Chrome/77.0.3844.0 Safari/537.36"
216.244.66.243 - - [05/Apr/2025:23:01:40 -0400] "GET /robots.txt HTTP/1.1" 304 0 "-" "Mozilla/5.0 (compatible; DotBot/1.2; +https://opensiteexplorer.org/dotbot; help@moz.com)"
198.54.114.83 - - [05/Apr/2025:23:16:13 -0400] "POST /wp-cron.php?doing_wp_cron=1743909373.2123498916625976562500 HTTP/1.1" 200 0 "-" "WordPress/6.7.2; https://inversionesgoldie.com"
216.244.66.243 - - [05/Apr/2025:23:16:12 -0400] "GET /dental-implants-the-different-types-of-dental-implants HTTP/1.1" 404 8272 "-" "Mozilla/5.0 (compatible; DotBot/1.2; +https://opensiteexplorer.org/dotbot; help@moz.com)"
216.244.66.243 - - [05/Apr/2025:23:18:25 -0400] "GET /bring-a-family-member-to-the-united-states-with-an-experienced-immigration-lawyer/ HTTP/1.1" 200 12500 "-" "Mozilla/5.0 (compatible; DotBot/1.2; +https://opensiteexplorer.org/dotbot; help@moz.com)"
198.54.114.83 - - [05/Apr/2025:23:21:20 -0400] "POST /wp-cron.php?doing_wp_cron=1743909679.7369151115417480468750 HTTP/1.1" 200 0 "-" "WordPress/6.7.2; https://inversionesgoldie.com"
47.237.31.122 - - [05/Apr/2025:23:21:16 -0400] "POST /wp-login.php HTTP/1.1" 302 0 "http://inversionesgoldie.com/wp-admin/" "Mozilla/5.0 (Windows NT 10.0; Win64; x64) AppleWebKit/537.36 (KHTML, like Gecko) Chrome/90.0.4430.85 Safari/537.36"
216.244.66.243 - - [05/Apr/2025:23:31:13 -0400] "GET /mlb-teams-looking-to-boost-rosters-with-tv-money-at-winter-meetings/feed/ HTTP/1.1" 200 484 "-" "Mozilla/5.0 (compatible; DotBot/1.2; +https://opensiteexplorer.org/dotbot; help@moz.com)"
216.244.66.243 - - [05/Apr/2025:23:51:35 -0400] "GET /robots.txt HTTP/1.1" 304 0 "-" "Mozilla/5.0 (compatible; DotBot/1.2; +https://opensiteexplorer.org/dotbot; help@moz.com)"
198.54.114.83 - - [05/Apr/2025:23:55:01 -0400] "POST /wp-cron.php?doing_wp_cron=1743911701.4940779209136962890625 HTTP/1.1" 200 0 "-" "WordPress/6.7.2; https://inversionesgoldie.com"
193.32.126.164 - - [05/Apr/2025:23:54:59 -0400] "POST /wp-login.php HTTP/1.1" 302 0 "http://inversionesgoldie.com/wp-admin/" "Mozilla/5.0 (Windows NT 10.0; Win64; x64) AppleWebKit/537.36 (KHTML, like Gecko) Chrome/90.0.4430.85 Safari/537.36"
198.54.114.83 - - [06/Apr/2025:00:01:21 -0400] "POST /wp-cron.php?doing_wp_cron=1743912081.4960489273071289062500 HTTP/1.1" 200 0 "-" "WordPress/6.7.2; https://inversionesgoldie.com"
216.244.66.243 - - [06/Apr/2025:00:01:16 -0400] "GET /choisir-des-crochets-muraux-decoratifs/ HTTP/1.1" 200 11921 "-" "Mozilla/5.0 (compatible; DotBot/1.2; +https://opensiteexplorer.org/dotbot; help@moz.com)"
45.148.10.174 - - [06/Apr/2025:00:03:31 -0400] "GET /wp-content/themes/colormag/assets/js/html5shiv.min.js?ver=3.1.11 HTTP/1.1" 200 1383 "-" "Mozilla/5.0 (Macintosh; Intel Mac OS X 10_15_7) AppleWebKit/537.36 Chrome/120.0.0.0"
198.54.114.83 - - [06/Apr/2025:00:14:26 -0400] "POST /wp-cron.php?doing_wp_cron=1743912865.6414840221405029296875 HTTP/1.1" 200 0 "-" "WordPress/6.7.2; https://inversionesgoldie.com"
216.244.66.243 - - [06/Apr/2025:00:14:22 -0400] "GET /what-kind-of-shopping-bag-should-you-use/ HTTP/1.1" 200 13070 "-" "Mozilla/5.0 (compatible; DotBot/1.2; +https://opensiteexplorer.org/dotbot; help@moz.com)"
198.54.114.83 - - [06/Apr/2025:00:22:53 -0400] "POST /wp-cron.php?doing_wp_cron=1743913373.3241009712219238281250 HTTP/1.1" 200 0 "-" "WordPress/6.7.2; https://inversionesgoldie.com"
216.244.66.243 - - [06/Apr/2025:00:22:51 -0400] "GET /programmatic-ads-dubai/feed/ HTTP/1.1" 200 422 "-" "Mozilla/5.0 (compatible; DotBot/1.2; +https://opensiteexplorer.org/dotbot; help@moz.com)"
198.54.114.83 - - [06/Apr/2025:00:23:30 -0400] "POST /wp-cron.php?doing_wp_cron=1743913410.1183929443359375000000 HTTP/1.1" 200 0 "-" "WordPress/6.7.2; https://inversionesgoldie.com"
216.244.66.243 - - [06/Apr/2025:00:23:29 -0400] "GET /what-is-coinjoin/feed/ HTTP/1.1" 200 420 "-" "Mozilla/5.0 (compatible; DotBot/1.2; +https://opensiteexplorer.org/dotbot; help@moz.com)"
198.54.114.83 - - [06/Apr/2025:00:24:40 -0400] "POST /wp-cron.php?doing_wp_cron=1743913480.4080610275268554687500 HTTP/1.1" 200 0 "-" "WordPress/6.7.2; https://inversionesgoldie.com"
216.244.66.243 - - [06/Apr/2025:00:24:40 -0400] "GET /safe-and-effective-herbal-supplements-for-breast-enhancement/feed/ HTTP/1.1" 200 462 "-" "Mozilla/5.0 (compatible; DotBot/1.2; +https://opensiteexplorer.org/dotbot; help@moz.com)"
61.130.144.178 - - [06/Apr/2025:00:25:02 -0400] "GET /e/data/images/arrow.gif HTTP/1.1" 404 8272 "http://inversionesgoldie.com/e/data/images/arrow.gif" "Mozilla/4.0 (compatible; MSIE 9.0; Windows NT 6.1)"
43.166.246.180 - - [06/Apr/2025:00:43:46 -0400] "GET / HTTP/1.1" 200 98560 "-" "Mozilla/5.0 (iPhone; CPU iPhone OS 13_2_3 like Mac OS X) AppleWebKit/605.1.15 (KHTML, like Gecko) Version/13.0.3 Mobile/15E148 Safari/604.1"
45.61.146.184 - - [06/Apr/2025:00:44:36 -0400] "POST /wp-login.php HTTP/1.1" 200 0 "http://inversionesgoldie.com" "Mozilla/5.0 (Windows NT 10.0; Win64; x64; rv:72.0) Gecko/20100101 Firefox/72.0"
216.244.66.243 - - [06/Apr/2025:00:59:02 -0400] "GET /robots.txt HTTP/1.1" 200 132 "-" "Mozilla/5.0 (compatible; DotBot/1.2; +https://opensiteexplorer.org/dotbot; help@moz.com)"
198.54.114.83 - - [06/Apr/2025:01:02:40 -0400] "POST /wp-cron.php?doing_wp_cron=1743915760.4267499446868896484375 HTTP/1.1" 200 0 "-" "WordPress/6.7.2; https://inversionesgoldie.com"
13.92.123.191 - - [06/Apr/2025:01:02:37 -0400] "GET /wp-admin/plugins HTTP/1.1" 404 8272 "-" "-"
13.92.123.191 - - [06/Apr/2025:01:02:41 -0400] "GET /wp-includes/SimplePie/HdGGN/index.php HTTP/1.1" 301 0 "-" "-"
13.92.123.191 - - [06/Apr/2025:01:02:41 -0400] "GET /wp-includes/SimplePie/HdGGN/ HTTP/1.1" 404 8272 "-" "-"
13.92.123.191 - - [06/Apr/2025:01:02:41 -0400] "GET /sidebar.php HTTP/1.1" 404 8272 "-" "-"
13.92.123.191 - - [06/Apr/2025:01:02:42 -0400] "GET /wp-includes/images/media/ HTTP/1.1" 403 1242 "-" "-"
13.92.123.191 - - [06/Apr/2025:01:02:42 -0400] "GET /wp-content/themes/aahana/ HTTP/1.1" 404 8271 "-" "-"
13.92.123.191 - - [06/Apr/2025:01:02:42 -0400] "GET /wp-admin/css/colors/blue/CasperExV1.php HTTP/1.1" 404 8271 "-" "-"
13.92.123.191 - - [06/Apr/2025:01:02:42 -0400] "GET /style.php HTTP/1.1" 404 8272 "-" "-"
13.92.123.191 - - [06/Apr/2025:01:02:43 -0400] "GET /.well-known/pki-validation/gkiliuew.php HTTP/1.1" 404 1251 "-" "-"
13.92.123.191 - - [06/Apr/2025:01:02:43 -0400] "GET /wp-includes/block-bindings/ HTTP/1.1" 403 1242 "-" "-"
13.92.123.191 - - [06/Apr/2025:01:02:43 -0400] "GET /wp-content/themes/astra/inc/builder/type/header/button/ HTTP/1.1" 404 8272 "-" "-"
13.92.123.191 - - [06/Apr/2025:01:02:43 -0400] "GET /Assets/ HTTP/1.1" 404 8272 "-" "-"
13.92.123.191 - - [06/Apr/2025:01:02:44 -0400] "GET /LA.php HTTP/1.1" 404 8272 "-" "-"
13.92.123.191 - - [06/Apr/2025:01:02:44 -0400] "GET /wp-pano.php HTTP/1.1" 404 8272 "-" "-"
13.92.123.191 - - [06/Apr/2025:01:02:44 -0400] "GET /wp-content/mah.php HTTP/1.1" 404 8274 "-" "-"
13.92.123.191 - - [06/Apr/2025:01:02:45 -0400] "GET /excel.php HTTP/1.1" 404 8274 "-" "-"
13.92.123.191 - - [06/Apr/2025:01:02:45 -0400] "GET /wp/menu.php HTTP/1.1" 404 8274 "-" "-"
13.92.123.191 - - [06/Apr/2025:01:02:45 -0400] "GET /include/lib.php HTTP/1.1" 404 8272 "-" "-"
13.92.123.191 - - [06/Apr/2025:01:02:46 -0400] "GET /libraries/vendor/ HTTP/1.1" 404 8272 "-" "-"
13.92.123.191 - - [06/Apr/2025:01:02:46 -0400] "GET /admin/index_upload.php HTTP/1.1" 404 8272 "-" "-"
13.92.123.191 - - [06/Apr/2025:01:02:46 -0400] "GET /db.php HTTP/1.1" 404 8272 "-" "-"
13.92.123.191 - - [06/Apr/2025:01:02:47 -0400] "GET /.well-known/acme-challenge/index.php HTTP/1.1" 301 0 "-" "-"
13.92.123.191 - - [06/Apr/2025:01:02:47 -0400] "GET /.well-known/acme-challenge/ HTTP/1.1" 404 8272 "-" "-"
13.92.123.191 - - [06/Apr/2025:01:02:47 -0400] "GET /xl2023.php HTTP/1.1" 404 8272 "-" "-"
13.92.123.191 - - [06/Apr/2025:01:02:47 -0400] "GET /checkbox.php HTTP/1.1" 404 8272 "-" "-"
13.92.123.191 - - [06/Apr/2025:01:02:48 -0400] "GET /wp-admin/includes/ HTTP/1.1" 403 1242 "-" "-"
13.92.123.191 - - [06/Apr/2025:01:02:48 -0400] "GET /wp-admin/css/colors/blue/cloud.php HTTP/1.1" 404 8272 "-" "-"
13.92.123.191 - - [06/Apr/2025:01:02:48 -0400] "GET /1975.php HTTP/1.1" 404 8272 "-" "-"
13.92.123.191 - - [06/Apr/2025:01:02:49 -0400] "GET /wp-content/plugins/wp-conflg.php HTTP/1.1" 404 8272 "-" "-"
13.92.123.191 - - [06/Apr/2025:01:02:49 -0400] "GET /wp-content/themes/astra/inc/ HTTP/1.1" 404 8272 "-" "-"
13.92.123.191 - - [06/Apr/2025:01:02:49 -0400] "GET /wp-includes/assets/index.php HTTP/1.1" 301 0 "-" "-"
13.92.123.191 - - [06/Apr/2025:01:02:49 -0400] "GET /wp-includes/assets/ HTTP/1.1" 403 1242 "-" "-"
13.92.123.191 - - [06/Apr/2025:01:02:50 -0400] "GET /cron_job.php HTTP/1.1" 404 8272 "-" "-"
13.92.123.191 - - [06/Apr/2025:01:02:50 -0400] "GET /wp-content/plugins/gdrxuof/ HTTP/1.1" 404 8272 "-" "-"
13.92.123.191 - - [06/Apr/2025:01:02:50 -0400] "GET /wp-content/plugins/ioxi/ioxi/ HTTP/1.1" 404 8272 "-" "-"
13.92.123.191 - - [06/Apr/2025:01:02:51 -0400] "GET /wp-admin/css/wp-login.php HTTP/1.1" 404 8272 "-" "-"
13.92.123.191 - - [06/Apr/2025:01:02:51 -0400] "GET /wp-includes/Text/7ayddz.php HTTP/1.1" 404 8272 "-" "-"
13.92.123.191 - - [06/Apr/2025:01:02:52 -0400] "GET /GOD.php HTTP/1.1" 404 8271 "-" "-"
13.92.123.191 - - [06/Apr/2025:01:02:52 -0400] "GET /payment.php HTTP/1.1" 404 8271 "-" "-"
13.92.123.191 - - [06/Apr/2025:01:02:52 -0400] "GET /activity.php HTTP/1.1" 404 8271 "-" "-"
13.92.123.191 - - [06/Apr/2025:01:02:53 -0400] "GET /wp-includes/js/tinymce/plugins/image/ HTTP/1.1" 403 1242 "-" "-"
13.92.123.191 - - [06/Apr/2025:01:02:53 -0400] "GET /wp-content/plugins/ccx/ HTTP/1.1" 404 8272 "-" "-"
13.92.123.191 - - [06/Apr/2025:01:02:53 -0400] "GET /files/journals/1/articles/2002/ HTTP/1.1" 404 8272 "-" "-"
13.92.123.191 - - [06/Apr/2025:01:02:53 -0400] "GET /xl2023.php.php HTTP/1.1" 404 8272 "-" "-"
13.92.123.191 - - [06/Apr/2025:01:02:54 -0400] "GET /wp-includes/sitemaps/providers/ HTTP/1.1" 403 1242 "-" "-"
13.92.123.191 - - [06/Apr/2025:01:02:54 -0400] "GET /wp-includes/sx.php HTTP/1.1" 404 8272 "-" "-"
13.92.123.191 - - [06/Apr/2025:01:02:54 -0400] "GET /templates/beez3/ HTTP/1.1" 404 8272 "-" "-"
13.92.123.191 - - [06/Apr/2025:01:02:55 -0400] "GET /old.php HTTP/1.1" 404 8274 "-" "-"
13.92.123.191 - - [06/Apr/2025:01:02:55 -0400] "GET /webhook.php HTTP/1.1" 404 8274 "-" "-"
13.92.123.191 - - [06/Apr/2025:01:02:55 -0400] "GET /.well-known/plugins HTTP/1.1" 404 8272 "-" "-"
13.92.123.191 - - [06/Apr/2025:01:02:56 -0400] "GET /wp-admin/ALFA_DATA/alfacgiapi/ HTTP/1.1" 404 8272 "-" "-"
13.92.123.191 - - [06/Apr/2025:01:02:56 -0400] "GET /upfile.php HTTP/1.1" 404 8272 "-" "-"
13.92.123.191 - - [06/Apr/2025:01:02:57 -0400] "GET /wp-includes/eew.php HTTP/1.1" 404 8272 "-" "-"
13.92.123.191 - - [06/Apr/2025:01:02:57 -0400] "GET /wp-content/plugins/gzzmasp/ HTTP/1.1" 404 8272 "-" "-"
13.92.123.191 - - [06/Apr/2025:01:02:57 -0400] "GET /wordpress/wp-content/plugins/erfd/ HTTP/1.1" 404 8272 "-" "-"
13.92.123.191 - - [06/Apr/2025:01:02:58 -0400] "GET /wp-content/plugins/yyobang/ HTTP/1.1" 404 8272 "-" "-"
13.92.123.191 - - [06/Apr/2025:01:02:58 -0400] "GET /wp-content/uploads/cong.php HTTP/1.1" 404 8272 "-" "-"
13.92.123.191 - - [06/Apr/2025:01:02:59 -0400] "GET /wp-includes/php-compat/wp/ HTTP/1.1" 404 8272 "-" "-"
13.92.123.191 - - [06/Apr/2025:01:02:59 -0400] "GET /wp-content/themes/krs2kdwa/ HTTP/1.1" 404 8272 "-" "-"
13.92.123.191 - - [06/Apr/2025:01:02:59 -0400] "GET /libraries/phpmailer/updates.php HTTP/1.1" 404 8273 "-" "-"
13.92.123.191 - - [06/Apr/2025:01:03:00 -0400] "GET /gzak2w.php HTTP/1.1" 404 8273 "-" "-"
13.92.123.191 - - [06/Apr/2025:01:03:00 -0400] "GET /templates/beez3/index.php HTTP/1.1" 301 0 "-" "-"
13.92.123.191 - - [06/Apr/2025:01:03:00 -0400] "GET /templates/beez3/ HTTP/1.1" 404 8272 "-" "-"
13.92.123.191 - - [06/Apr/2025:01:03:00 -0400] "GET /crop.php HTTP/1.1" 404 8272 "-" "-"
13.92.123.191 - - [06/Apr/2025:01:03:01 -0400] "GET /wp-content/plugins/html404/ HTTP/1.1" 404 8272 "-" "-"
13.92.123.191 - - [06/Apr/2025:01:03:01 -0400] "GET /wp-includes/sodium_compat/src/Core/Curve25519/Ge/wp_blog.php HTTP/1.1" 404 8271 "-" "-"
13.92.123.191 - - [06/Apr/2025:01:03:02 -0400] "GET /wp-includes/css/about.php HTTP/1.1" 404 8271 "-" "-"
13.92.123.191 - - [06/Apr/2025:01:03:02 -0400] "GET /y.php HTTP/1.1" 404 8271 "-" "-"
13.92.123.191 - - [06/Apr/2025:01:03:02 -0400] "GET /Alfa.php HTTP/1.1" 404 8271 "-" "-"
13.92.123.191 - - [06/Apr/2025:01:03:03 -0400] "GET /rc.php HTTP/1.1" 404 8271 "-" "-"
13.92.123.191 - - [06/Apr/2025:01:03:03 -0400] "GET /wp-includes/template-wploader.php HTTP/1.1" 404 8272 "-" "-"
13.92.123.191 - - [06/Apr/2025:01:03:04 -0400] "GET /wp-admin/maint/maint/ HTTP/1.1" 404 8272 "-" "-"
13.92.123.191 - - [06/Apr/2025:01:03:04 -0400] "GET /.well-knownold/ HTTP/1.1" 404 8274 "-" "-"
13.92.123.191 - - [06/Apr/2025:01:03:05 -0400] "GET /introduction.php HTTP/1.1" 404 8274 "-" "-"
13.92.123.191 - - [06/Apr/2025:01:03:05 -0400] "GET /wp-content/plugins/oyaeyim/ HTTP/1.1" 404 8274 "-" "-"
13.92.123.191 - - [06/Apr/2025:01:03:05 -0400] "GET /alfa-rex.php7 HTTP/1.1" 404 8272 "-" "-"
13.92.123.191 - - [06/Apr/2025:01:03:06 -0400] "GET /image.php HTTP/1.1" 404 8272 "-" "-"
13.92.123.191 - - [06/Apr/2025:01:03:06 -0400] "GET /wp-includes/xBrain.php HTTP/1.1" 404 8272 "-" "-"
13.92.123.191 - - [06/Apr/2025:01:03:07 -0400] "GET /as.php HTTP/1.1" 404 8272 "-" "-"
13.92.123.191 - - [06/Apr/2025:01:03:07 -0400] "GET /wp-admin/css/colors/blue/blkaabkj.php HTTP/1.1" 404 8272 "-" "-"
13.92.123.191 - - [06/Apr/2025:01:03:07 -0400] "GET /wp-content/plugins/press/wp-class.php HTTP/1.1" 404 8272 "-" "-"
13.92.123.191 - - [06/Apr/2025:01:03:08 -0400] "GET /wp-content/plugins/zupqfup/ HTTP/1.1" 404 8272 "-" "-"
13.92.123.191 - - [06/Apr/2025:01:03:08 -0400] "GET /ALFA_DATA/alfacgiapi/function.php HTTP/1.1" 404 8272 "-" "-"
13.92.123.191 - - [06/Apr/2025:01:03:08 -0400] "GET /wp-content/themes/hideo/ HTTP/1.1" 404 8272 "-" "-"
13.92.123.191 - - [06/Apr/2025:01:03:09 -0400] "GET /.tmb/wp-login.php HTTP/1.1" 404 8272 "-" "-"
13.92.123.191 - - [06/Apr/2025:01:03:09 -0400] "GET /s.php HTTP/1.1" 404 8272 "-" "-"
13.92.123.191 - - [06/Apr/2025:01:03:09 -0400] "GET /optimizer.php HTTP/1.1" 404 8272 "-" "-"
13.92.123.191 - - [06/Apr/2025:01:03:10 -0400] "GET /wp-content/themes/ HTTP/1.1" 200 0 "-" "-"
13.92.123.191 - - [06/Apr/2025:01:03:10 -0400] "GET /images/headers/ HTTP/1.1" 404 8272 "-" "-"
13.92.123.191 - - [06/Apr/2025:01:03:12 -0400] "GET /.well-known/acme-challenge/mariju.php HTTP/1.1" 404 8272 "-" "-"
13.92.123.191 - - [06/Apr/2025:01:03:12 -0400] "GET /modules/mod_simplefileuploadv1.3/elements/udd.php HTTP/1.1" 404 8272 "-" "-"
13.92.123.191 - - [06/Apr/2025:01:03:12 -0400] "GET /libraries/vendor/updates.php HTTP/1.1" 404 8272 "-" "-"
13.92.123.191 - - [06/Apr/2025:01:03:13 -0400] "GET /wp-content/plugins/WordPressCore/swvhvgnq.php HTTP/1.1" 404 8272 "-" "-"
13.92.123.191 - - [06/Apr/2025:01:03:13 -0400] "GET /wp-admin/css/colors/about.php HTTP/1.1" 404 8272 "-" "-"
13.92.123.191 - - [06/Apr/2025:01:03:14 -0400] "GET /wp-includes/sodium_compat/src/Core32/Curve25519/Ge/ HTTP/1.1" 403 1242 "-" "-"
13.92.123.191 - - [06/Apr/2025:01:03:14 -0400] "GET /wp-includes/css/dist/edit-widgets/ HTTP/1.1" 403 1242 "-" "-"
13.92.123.191 - - [06/Apr/2025:01:03:14 -0400] "GET /feedback.php HTTP/1.1" 404 8272 "-" "-"
13.92.123.191 - - [06/Apr/2025:01:03:15 -0400] "GET /wp-includes/css/ HTTP/1.1" 403 1242 "-" "-"
13.92.123.191 - - [06/Apr/2025:01:03:15 -0400] "GET /wp-includes/blocks/table/int/tmpl/index.php HTTP/1.1" 301 0 "-" "-"
13.92.123.191 - - [06/Apr/2025:01:03:15 -0400] "GET /wp-includes/blocks/table/int/tmpl/ HTTP/1.1" 404 8273 "-" "-"
13.92.123.191 - - [06/Apr/2025:01:03:16 -0400] "GET /wp-admin/uploads/init HTTP/1.1" 404 8272 "-" "-"
13.92.123.191 - - [06/Apr/2025:01:03:16 -0400] "GET /wp-content/plugins/simple/simple.php HTTP/1.1" 404 8272 "-" "-"
13.92.123.191 - - [06/Apr/2025:01:03:16 -0400] "GET /wp-content/themes/sky-pro/ HTTP/1.1" 404 8272 "-" "-"
13.92.123.191 - - [06/Apr/2025:01:03:17 -0400] "GET /wp-content/uploads/9_abc.phtml.jpg HTTP/1.1" 404 8272 "-" "-"
13.92.123.191 - - [06/Apr/2025:01:03:17 -0400] "GET /wp-admin/js/autoload_classmap.php HTTP/1.1" 404 8272 "-" "-"
13.92.123.191 - - [06/Apr/2025:01:03:17 -0400] "GET /wp-content/plugins/jvtsrel/ HTTP/1.1" 404 8272 "-" "-"
13.92.123.191 - - [06/Apr/2025:01:03:18 -0400] "GET /wp-content/plugins/vjeqbbj/ HTTP/1.1" 404 8272 "-" "-"
13.92.123.191 - - [06/Apr/2025:01:03:18 -0400] "GET /wp-includes/js/jquery/ui/3k0sm2/ HTTP/1.1" 404 8272 "-" "-"
13.92.123.191 - - [06/Apr/2025:01:03:19 -0400] "GET /wp-content/ccx/ HTTP/1.1" 404 8272 "-" "-"
13.92.123.191 - - [06/Apr/2025:01:03:19 -0400] "GET /wp-content/plugins/wp-hps/sh/b374k.php HTTP/1.1" 404 8272 "-" "-"
13.92.123.191 - - [06/Apr/2025:01:03:19 -0400] "GET /wp-includes/Text/autoload_classmap.php HTTP/1.1" 404 8272 "-" "-"
13.92.123.191 - - [06/Apr/2025:01:03:20 -0400] "GET /function.php HTTP/1.1" 404 8272 "-" "-"
13.92.123.191 - - [06/Apr/2025:01:03:20 -0400] "GET /wp-admin/plugins/init HTTP/1.1" 404 8272 "-" "-"
13.92.123.191 - - [06/Apr/2025:01:03:21 -0400] "GET /wp-content/plugins/gvkyvhp/ HTTP/1.1" 404 8272 "-" "-"
13.92.123.191 - - [06/Apr/2025:01:03:21 -0400] "GET /wp-includes/ID3/index.php HTTP/1.1" 301 0 "-" "-"
13.92.123.191 - - [06/Apr/2025:01:03:22 -0400] "GET /wp-includes/ID3/ HTTP/1.1" 403 1242 "-" "-"
13.92.123.191 - - [06/Apr/2025:01:03:22 -0400] "GET /assets/app.php HTTP/1.1" 404 8272 "-" "-"
13.92.123.191 - - [06/Apr/2025:01:03:24 -0400] "GET /wp-includes/js/install.php HTTP/1.1" 404 8272 "-" "-"
13.92.123.191 - - [06/Apr/2025:01:03:25 -0400] "GET /wp-content/plugins/ljqhmhj/ HTTP/1.1" 404 8272 "-" "-"
13.92.123.191 - - [06/Apr/2025:01:03:26 -0400] "GET /wp-includes/sitemaps/providers/class-wp-sitemaps-admin.php HTTP/1.1" 404 8272 "-" "-"
13.92.123.191 - - [06/Apr/2025:01:03:26 -0400] "GET /uploads/up.php HTTP/1.1" 404 8272 "-" "-"
13.92.123.191 - - [06/Apr/2025:01:03:27 -0400] "GET /wp-content/themes/tflow/up.php HTTP/1.1" 404 8272 "-" "-"
13.92.123.191 - - [06/Apr/2025:01:03:27 -0400] "GET /meta.php HTTP/1.1" 404 8272 "-" "-"
13.92.123.191 - - [06/Apr/2025:01:03:28 -0400] "GET /wp-content/uploads/index HTTP/1.1" 404 8272 "-" "-"
13.92.123.191 - - [06/Apr/2025:01:03:28 -0400] "GET /wp-includes/js/tinymce/wp-includes/js/tinymce/ HTTP/1.1" 404 8272 "-" "-"
13.92.123.191 - - [06/Apr/2025:01:03:28 -0400] "GET /wp-admin.php HTTP/1.1" 404 8272 "-" "-"
13.92.123.191 - - [06/Apr/2025:01:03:29 -0400] "GET /wp-content/plugins/google-seo-rank/ HTTP/1.1" 404 8272 "-" "-"
13.92.123.191 - - [06/Apr/2025:01:03:29 -0400] "GET /.well-known/acme-challenge/sx.php HTTP/1.1" 404 8272 "-" "-"
13.92.123.191 - - [06/Apr/2025:01:03:29 -0400] "GET /wp-includes/customize/upfile.php HTTP/1.1" 404 8272 "-" "-"
13.92.123.191 - - [06/Apr/2025:01:03:29 -0400] "GET /register.php HTTP/1.1" 404 8272 "-" "-"
13.92.123.191 - - [06/Apr/2025:01:03:30 -0400] "GET /wp-includes/style-engine/ HTTP/1.1" 403 1242 "-" "-"
198.54.114.83 - - [06/Apr/2025:01:03:30 -0400] "POST /wp-cron.php?doing_wp_cron=1743915810.4620919227600097656250 HTTP/1.1" 200 0 "-" "WordPress/6.7.2; https://inversionesgoldie.com"
13.92.123.191 - - [06/Apr/2025:01:03:30 -0400] "GET /wp/wp-admin/wp-setup.php HTTP/1.1" 404 8272 "-" "-"
13.92.123.191 - - [06/Apr/2025:01:03:31 -0400] "GET /wp-admin/autoload_classmap.php HTTP/1.1" 404 8272 "-" "-"
13.92.123.191 - - [06/Apr/2025:01:03:31 -0400] "GET /assets/fonts/ HTTP/1.1" 404 8271 "-" "-"
13.92.123.191 - - [06/Apr/2025:01:03:32 -0400] "GET /wp-includes/Cez57/ HTTP/1.1" 404 8271 "-" "-"
13.92.123.191 - - [06/Apr/2025:01:03:32 -0400] "GET /lib.php HTTP/1.1" 404 8271 "-" "-"
13.92.123.191 - - [06/Apr/2025:01:03:32 -0400] "GET /wp-content/berlin.php HTTP/1.1" 404 8272 "-" "-"
13.92.123.191 - - [06/Apr/2025:01:03:33 -0400] "GET /wp-content/plugins/carousel-slider/assets/ HTTP/1.1" 404 8272 "-" "-"
13.92.123.191 - - [06/Apr/2025:01:03:33 -0400] "GET /wp-includes/js/imgareaselect/ HTTP/1.1" 403 1242 "-" "-"
13.92.123.191 - - [06/Apr/2025:01:03:33 -0400] "GET /.well-known/pki-validation/sx.php HTTP/1.1" 404 1251 "-" "-"
13.92.123.191 - - [06/Apr/2025:01:03:33 -0400] "GET /.well-known/zxhfwqyt.php HTTP/1.1" 404 8272 "-" "-"
13.92.123.191 - - [06/Apr/2025:01:03:33 -0400] "GET /invoice.php HTTP/1.1" 404 8272 "-" "-"
13.92.123.191 - - [06/Apr/2025:01:03:34 -0400] "GET /index/function.php HTTP/1.1" 404 8272 "-" "-"
13.92.123.191 - - [06/Apr/2025:01:03:34 -0400] "GET /wp-includes/wp-includes/ HTTP/1.1" 404 8272 "-" "-"
13.92.123.191 - - [06/Apr/2025:01:03:34 -0400] "GET /wordpress/wp-includes/ HTTP/1.1" 404 8272 "-" "-"
13.92.123.191 - - [06/Apr/2025:01:03:34 -0400] "GET /wp-admin/maint/wp-login.php HTTP/1.1" 404 8272 "-" "-"
13.92.123.191 - - [06/Apr/2025:01:03:35 -0400] "GET /comment.php HTTP/1.1" 404 8274 "-" "-"
13.92.123.191 - - [06/Apr/2025:01:03:35 -0400] "GET /wp-includes/js/tinymce/plugins/charmap/ HTTP/1.1" 403 1242 "-" "-"
13.92.123.191 - - [06/Apr/2025:01:03:35 -0400] "GET /wp-content/uploads/2023/11/ HTTP/1.1" 403 1242 "-" "-"
13.92.123.191 - - [06/Apr/2025:01:03:35 -0400] "GET /.well-known/acme-challenge/plugins.php HTTP/1.1" 404 8274 "-" "-"
13.92.123.191 - - [06/Apr/2025:01:03:35 -0400] "GET /wp-includes/images/1.php HTTP/1.1" 404 8274 "-" "-"
13.92.123.191 - - [06/Apr/2025:01:03:35 -0400] "GET /wp-includes/blocks/xBrain.php HTTP/1.1" 404 8272 "-" "-"
13.92.123.191 - - [06/Apr/2025:01:03:36 -0400] "GET /wp-content/themes/onum-child/custom-templates/dir/ HTTP/1.1" 404 8272 "-" "-"
13.92.123.191 - - [06/Apr/2025:01:03:36 -0400] "GET /wp-content/plugins/wp-hps/sh/ HTTP/1.1" 404 8272 "-" "-"
13.92.123.191 - - [06/Apr/2025:01:03:36 -0400] "GET /wp-content/plugins/awesome-coming-soon/ HTTP/1.1" 404 8272 "-" "-"
13.92.123.191 - - [06/Apr/2025:01:03:36 -0400] "GET /.well-known/pki-validation/about.php HTTP/1.1" 404 1251 "-" "-"
13.92.123.191 - - [06/Apr/2025:01:03:36 -0400] "GET /cong.php HTTP/1.1" 404 8272 "-" "-"
13.92.123.191 - - [06/Apr/2025:01:03:37 -0400] "GET /wp-content/plugins/press/ HTTP/1.1" 404 8272 "-" "-"
13.92.123.191 - - [06/Apr/2025:01:03:37 -0400] "GET /wp-content/themes/travelscape/ HTTP/1.1" 404 8272 "-" "-"
13.92.123.191 - - [06/Apr/2025:01:03:37 -0400] "GET /smaxx.php HTTP/1.1" 404 8272 "-" "-"
13.92.123.191 - - [06/Apr/2025:01:03:37 -0400] "GET /wp-includes/smaxx.php HTTP/1.1" 404 8272 "-" "-"
13.92.123.191 - - [06/Apr/2025:01:03:38 -0400] "GET /template.php HTTP/1.1" 404 8272 "-" "-"
13.92.123.191 - - [06/Apr/2025:01:03:38 -0400] "GET /wp-includes/blocks/list/ HTTP/1.1" 403 1242 "-" "-"
13.92.123.191 - - [06/Apr/2025:01:03:38 -0400] "GET /wp-admin/css/colors/blue/blkcdojh.php HTTP/1.1" 404 8272 "-" "-"
13.92.123.191 - - [06/Apr/2025:01:03:38 -0400] "GET /wp-init.php HTTP/1.1" 404 8272 "-" "-"
13.92.123.191 - - [06/Apr/2025:01:03:39 -0400] "GET /.well-known/ HTTP/1.1" 404 8272 "-" "-"
13.92.123.191 - - [06/Apr/2025:01:03:39 -0400] "GET /user_data.php HTTP/1.1" 404 8272 "-" "-"
13.92.123.191 - - [06/Apr/2025:01:03:39 -0400] "GET /wp-content/languages/about.php HTTP/1.1" 404 8272 "-" "-"
13.92.123.191 - - [06/Apr/2025:01:03:40 -0400] "GET /.well-known/pki-validation/mar.php HTTP/1.1" 404 1251 "-" "-"
13.92.123.191 - - [06/Apr/2025:01:03:40 -0400] "GET /settings.php HTTP/1.1" 404 8272 "-" "-"
13.92.123.191 - - [06/Apr/2025:01:03:40 -0400] "GET /wp-content/fonts/ HTTP/1.1" 404 8272 "-" "-"
13.92.123.191 - - [06/Apr/2025:01:03:41 -0400] "GET /wp-admin/user/1.php HTTP/1.1" 404 8272 "-" "-"
13.92.123.191 - - [06/Apr/2025:01:03:41 -0400] "GET /wp-content/themes/jhie8k08/ HTTP/1.1" 404 8272 "-" "-"
13.92.123.191 - - [06/Apr/2025:01:03:41 -0400] "GET /wp-content/plugins/lwgvais/ HTTP/1.1" 404 8272 "-" "-"
13.92.123.191 - - [06/Apr/2025:01:03:42 -0400] "GET /wp-content/plugins/revslider/includes/external/page/ HTTP/1.1" 404 8271 "-" "-"
13.92.123.191 - - [06/Apr/2025:01:03:42 -0400] "GET /wp-includes/js/tinymce/plugins/compat3x/css/ HTTP/1.1" 403 1242 "-" "-"
13.92.123.191 - - [06/Apr/2025:01:03:42 -0400] "GET /fonts/ HTTP/1.1" 404 8271 "-" "-"
13.92.123.191 - - [06/Apr/2025:01:03:42 -0400] "GET /wp-includes/rest-api/about.php HTTP/1.1" 404 8272 "-" "-"
13.92.123.191 - - [06/Apr/2025:01:03:43 -0400] "GET /down.php HTTP/1.1" 404 8272 "-" "-"
13.92.123.191 - - [06/Apr/2025:01:03:43 -0400] "GET /wp-content/plugins/init HTTP/1.1" 404 8272 "-" "-"
13.92.123.191 - - [06/Apr/2025:01:03:43 -0400] "GET /wp-content/themes/sketch/ HTTP/1.1" 404 8272 "-" "-"
13.92.123.191 - - [06/Apr/2025:01:03:44 -0400] "GET /wp-admin/includes/xmrlpc.php HTTP/1.1" 404 8272 "-" "-"
13.92.123.191 - - [06/Apr/2025:01:03:44 -0400] "GET /wordpress/wp-includes/shell20211028.php HTTP/1.1" 404 8272 "-" "-"
13.92.123.191 - - [06/Apr/2025:01:03:44 -0400] "GET /input.php HTTP/1.1" 404 8272 "-" "-"
13.92.123.191 - - [06/Apr/2025:01:03:45 -0400] "GET /images/IMG_contenidos/ HTTP/1.1" 404 8274 "-" "-"
13.92.123.191 - - [06/Apr/2025:01:03:45 -0400] "GET /wp-content/themes/twentytwentyfour/ HTTP/1.1" 404 8274 "-" "-"
13.92.123.191 - - [06/Apr/2025:01:03:45 -0400] "GET /wp-includes/js/dist/vendor/ HTTP/1.1" 403 1242 "-" "-"
13.92.123.191 - - [06/Apr/2025:01:03:45 -0400] "GET /wp-includes/interactivity-api/ HTTP/1.1" 403 1242 "-" "-"
13.92.123.191 - - [06/Apr/2025:01:03:45 -0400] "GET /wp-content/plugins/custom/ HTTP/1.1" 404 8274 "-" "-"
13.92.123.191 - - [06/Apr/2025:01:03:46 -0400] "GET /libraries/legacy/updates.php HTTP/1.1" 404 8272 "-" "-"
13.92.123.191 - - [06/Apr/2025:01:03:46 -0400] "GET /wp-includes/certificates/wp-login.php HTTP/1.1" 404 8272 "-" "-"
13.92.123.191 - - [06/Apr/2025:01:03:46 -0400] "GET /wp-includes/js/dist/vendor/vcard.php HTTP/1.1" 404 8272 "-" "-"
13.92.123.191 - - [06/Apr/2025:01:03:47 -0400] "GET /wp-content/uploads/2016/03/wp-admin-block.php HTTP/1.1" 404 8272 "-" "-"
13.92.123.191 - - [06/Apr/2025:01:03:47 -0400] "GET /wp-admin/css/colors/ectoplasm/ HTTP/1.1" 403 1242 "-" "-"
13.92.123.191 - - [06/Apr/2025:01:03:47 -0400] "GET /wp-admin/smaxx.php HTTP/1.1" 404 8272 "-" "-"
13.92.123.191 - - [06/Apr/2025:01:03:47 -0400] "GET /wp-signup.php HTTP/1.1" 302 0 "-" "-"
13.92.123.191 - - [06/Apr/2025:01:03:48 -0400] "GET /wp-content/themes/alera/alpha.php HTTP/1.1" 404 8272 "-" "-"
13.92.123.191 - - [06/Apr/2025:01:03:48 -0400] "GET /manage.php HTTP/1.1" 404 8272 "-" "-"
13.92.123.191 - - [06/Apr/2025:01:03:49 -0400] "GET /uploads/files/merchants/NadeemHajouj/20190321194634/ HTTP/1.1" 404 8272 "-" "-"
13.92.123.191 - - [06/Apr/2025:01:03:49 -0400] "GET /wp-content/uploads/2016/03/ HTTP/1.1" 404 8272 "-" "-"
13.92.123.191 - - [06/Apr/2025:01:03:49 -0400] "GET /wp-content/plugins/instabuilder2/cache/plugins/ HTTP/1.1" 404 8272 "-" "-"
