18.232.36.1 - - [29/Mar/2025:23:22:54 -0400] "GET /gp/customer-reviews/R2DVCU4L2UJJBX/ref=cm_cr_dp_d_rvw_ttl?ASIN=B0DG4WZZPV&ie=UTF8 HTTP/1.1" 404 1251 "-" "Mozilla/5.0 AppleWebKit/537.36 (KHTML, like Gecko; compatible; Amazonbot/0.1; +https://developer.amazon.com/support/amazonbot) Chrome/119.0.6045.214 Safari/537.36"
216.244.66.201 - - [29/Mar/2025:23:30:36 -0400] "GET /robots.txt HTTP/1.1" 304 0 "-" "Mozilla/5.0 (compatible; DotBot/1.2; +https://opensiteexplorer.org/dotbot; help@moz.com)"
216.244.66.201 - - [29/Mar/2025:23:40:01 -0400] "GET /the-benefits-of-renting-a-rough-terrain-forklift/feed/ HTTP/1.1" 404 1251 "-" "Mozilla/5.0 (compatible; DotBot/1.2; +https://opensiteexplorer.org/dotbot; help@moz.com)"
45.148.10.237 - - [29/Mar/2025:23:40:20 -0400] "GET /21eqxbXzvyL.js HTTP/1.1" 404 1251 "-" "Mozilla/5.0 (Macintosh; Intel Mac OS X 10_15_7) AppleWebKit/537.36 Chrome/120.0.0.0"
216.244.66.201 - - [29/Mar/2025:23:41:07 -0400] "GET /dp/B085PVB5BP?ref=MarsFS_eero_c HTTP/1.1" 404 1251 "-" "Mozilla/5.0 (compatible; DotBot/1.2; +https://opensiteexplorer.org/dotbot; help@moz.com)"
51.159.7.211 - - [29/Mar/2025:23:41:19 -0400] "GET /ads.txt HTTP/1.1" 404 1251 "-" "-"
216.244.66.201 - - [29/Mar/2025:23:41:40 -0400] "GET /dp/B085G63QHT?ref=MarsFS_AUCC_lr HTTP/1.1" 404 1251 "-" "Mozilla/5.0 (compatible; DotBot/1.2; +https://opensiteexplorer.org/dotbot; help@moz.com)"
216.244.66.201 - - [29/Mar/2025:23:41:44 -0400] "GET /dp/B086PFKYVH?ref=MarsFS_eero_AG HTTP/1.1" 404 1251 "-" "Mozilla/5.0 (compatible; DotBot/1.2; +https://opensiteexplorer.org/dotbot; help@moz.com)"
164.90.158.68 - - [29/Mar/2025:23:44:11 -0400] "GET / HTTP/1.1" 200 211281 "-" "Mozilla/5.0 (compatible)"
164.90.158.68 - - [29/Mar/2025:23:44:11 -0400] "GET /ads.txt HTTP/1.1" 404 1251 "-" "Mozilla/5.0 (compatible)"
45.148.10.237 - - [30/Mar/2025:00:04:15 -0400] "GET /014kCoIHgIL.js HTTP/1.1" 404 1251 "-" "Mozilla/5.0 (Windows NT 10.0; Win64; x64) AppleWebKit/537.36 Chrome/121.0.0.0"
198.54.114.83 - - [30/Mar/2025:00:21:46 -0400] "POST /wp-cron.php?doing_wp_cron=1743308506.0271511077880859375000 HTTP/1.1" 200 0 "-" "WordPress/6.7.2; https://realjuggahos.com"
46.101.204.165 - - [30/Mar/2025:00:21:42 -0400] "POST /wp-login.php HTTP/1.1" 302 0 "http://realjuggahos.com/wp-admin/" "Mozilla/5.0 (Windows NT 10.0; Win64; x64) AppleWebKit/537.36 (KHTML, like Gecko) Chrome/90.0.4430.85 Safari/537.36"
182.44.9.147 - - [30/Mar/2025:00:32:29 -0400] "GET / HTTP/1.1" 200 211281 "-" "Mozilla/5.0 (iPhone; CPU iPhone OS 13_2_3 like Mac OS X) AppleWebKit/605.1.15 (KHTML, like Gecko) Version/13.0.3 Mobile/15E148 Safari/604.1"
44.209.35.147 - - [30/Mar/2025:00:36:34 -0400] "GET /dp/B09WXH9BH7?ref=MarsFS_AUCC_ch HTTP/1.1" 404 1251 "-" "Mozilla/5.0 AppleWebKit/537.36 (KHTML, like Gecko; compatible; Amazonbot/0.1; +https://developer.amazon.com/support/amazonbot) Chrome/119.0.6045.214 Safari/537.36"
18.204.89.56 - - [30/Mar/2025:00:52:58 -0400] "GET /dp/B086PGZRGK?ref=MarsFS_eero_AGALAL HTTP/1.1" 404 1251 "-" "Mozilla/5.0 AppleWebKit/537.36 (KHTML, like Gecko; compatible; Amazonbot/0.1; +https://developer.amazon.com/support/amazonbot) Chrome/119.0.6045.214 Safari/537.36"
98.84.131.195 - - [30/Mar/2025:00:53:02 -0400] "GET /dp/B0CPKX85TD?ref=MarsFS_eero_JU HTTP/1.1" 404 1251 "-" "Mozilla/5.0 AppleWebKit/537.36 (KHTML, like Gecko; compatible; Amazonbot/0.1; +https://developer.amazon.com/support/amazonbot) Chrome/119.0.6045.214 Safari/537.36"
34.226.89.140 - - [30/Mar/2025:01:10:42 -0400] "GET /gp/profile/amzn1.account.AFXQP46YJ2XUKR4MYZFNG3H2CXBQ/ref=cm_cr_dp_d_gw_tr?ie=UTF8 HTTP/1.1" 404 1251 "-" "Mozilla/5.0 AppleWebKit/537.36 (KHTML, like Gecko; compatible; Amazonbot/0.1; +https://developer.amazon.com/support/amazonbot) Chrome/119.0.6045.214 Safari/537.36"
100.28.44.58 - - [30/Mar/2025:01:10:46 -0400] "GET /dp/B0C5QRZ47P?ref=MarsFS_VICC_STUC HTTP/1.1" 404 1251 "-" "Mozilla/5.0 AppleWebKit/537.36 (KHTML, like Gecko; compatible; Amazonbot/0.1; +https://developer.amazon.com/support/amazonbot) Chrome/119.0.6045.214 Safari/537.36"
45.148.10.237 - - [30/Mar/2025:01:11:38 -0400] "GET /31YT4iYOlWL.js HTTP/1.1" 404 1251 "-" "Mozilla/5.0 (Windows NT 10.0; Win64; x64) AppleWebKit/537.36 Chrome/121.0.0.0"
43.155.188.157 - - [30/Mar/2025:01:15:15 -0400] "GET / HTTP/1.1" 200 211281 "-" "Mozilla/5.0 (iPhone; CPU iPhone OS 13_2_3 like Mac OS X) AppleWebKit/605.1.15 (KHTML, like Gecko) Version/13.0.3 Mobile/15E148 Safari/604.1"
194.38.23.16 - - [30/Mar/2025:01:22:56 -0400] "GET /public/admin/assets/plugins/file-upload/server/php/index.php?file=tf2rghf.jpg HTTP/1.1" 404 1251 "-" "ALittle Client"
194.38.23.16 - - [30/Mar/2025:01:22:56 -0400] "GET /public/admin/assets/plugins/file-upload/server/php/index.php?file=tf2rghf.jpg HTTP/1.1" 404 1251 "-" "ALittle Client"
45.148.10.237 - - [30/Mar/2025:01:23:47 -0400] "GET /11rRjDLdAVL.js HTTP/1.1" 404 1251 "-" "Mozilla/5.0 (Windows NT 10.0; Win64; x64) AppleWebKit/537.36 Chrome/121.0.0.0"
45.148.10.237 - - [30/Mar/2025:01:44:04 -0400] "GET /41q36Jp HTTP/1.1" 404 1251 "-" "Mozilla/5.0 (Macintosh; Intel Mac OS X 10_15_7) AppleWebKit/537.36 Chrome/120.0.0.0"
3.210.114.189 - - [30/Mar/2025:01:52:54 -0400] "GET /dp/B09BS5XWNS?ref=MarsFS_KINDLE_br HTTP/1.1" 404 1251 "-" "Mozilla/5.0 AppleWebKit/537.36 (KHTML, like Gecko; compatible; Amazonbot/0.1; +https://developer.amazon.com/support/amazonbot) Chrome/119.0.6045.214 Safari/537.36"
18.207.79.144 - - [30/Mar/2025:01:52:58 -0400] "GET /dp/B084NTF5ZY?ref=MarsFS_AUCC_ta HTTP/1.1" 404 1251 "-" "Mozilla/5.0 AppleWebKit/537.36 (KHTML, like Gecko; compatible; Amazonbot/0.1; +https://developer.amazon.com/support/amazonbot) Chrome/119.0.6045.214 Safari/537.36"
23.22.105.143 - - [30/Mar/2025:01:53:03 -0400] "GET /dp/B0D483WX7X?ref=MarsFS_VICC_blinksed HTTP/1.1" 404 1251 "-" "Mozilla/5.0 AppleWebKit/537.36 (KHTML, like Gecko; compatible; Amazonbot/0.1; +https://developer.amazon.com/support/amazonbot) Chrome/119.0.6045.214 Safari/537.36"
196.251.71.229 - - [30/Mar/2025:02:00:57 -0400] "POST /ALFA_DATA/alfacgiapi/perl.alfa HTTP/1.1" 404 1251 "www.google.com" "Mozlila/5.0 (Linux; Android 7.0; SM-G892A Bulid/NRD90M; wv) AppleWebKit/537.36 (KHTML, like Gecko) Version/4.0 Chrome/60.0.3112.107 Moblie Safari/537.36"
196.251.71.229 - - [30/Mar/2025:02:00:57 -0400] "POST /wp-plain.php HTTP/1.1" 404 1251 "www.google.com" "Mozilla/5.0 (Linux; Android 7.0; SM-G892A Bulid/NRD90M; wv) AppleWebKit/537.36 (KHTML, like Gecko) Version/4.0 Chrome/60.0.3112.107 Moblie Safari/537.36"
196.251.71.229 - - [30/Mar/2025:02:00:57 -0400] "GET /wp-content/themes/seotheme/db.php?u HTTP/1.1" 404 1251 "www.google.com" "Mozlila/5.0 (Linux; Android 7.0; SM-G892A Bulid/NRD90M; wv) AppleWebKit/537.36 (KHTML, like Gecko) Version/4.0 Chrome/60.0.3112.107 Moblie Safari/537.36"
196.251.71.229 - - [30/Mar/2025:02:00:57 -0400] "GET /wp-content/plugins/fix/up.php HTTP/1.1" 404 1251 "-" "Mozilla/5.0 (Windows NT 10.0; Win64; x64) AppleWebKit/537.36 (KHTML, like Gecko) Chrome/85.0.4183.102 Safari/537.36"
196.251.71.229 - - [30/Mar/2025:02:00:57 -0400] "GET / HTTP/1.1" 200 211281 "-" "Mozlila/5.0 (Linux; Android 7.0; SM-G892A Bulid/NRD90M; wv) AppleWebKit/537.36 (KHTML, like Gecko) Version/4.0 Chrome/60.0.3112.107 Moblie Safari/537.36"
196.251.71.229 - - [30/Mar/2025:02:00:57 -0400] "POST /alfacgiapi/perl.alfa HTTP/1.1" 404 1251 "www.google.com" "Mozlila/5.0 (Linux; Android 7.0; SM-G892A Bulid/NRD90M; wv) AppleWebKit/537.36 (KHTML, like Gecko) Version/4.0 Chrome/60.0.3112.107 Moblie Safari/537.36"
196.251.71.229 - - [30/Mar/2025:02:00:57 -0400] "GET /zsjqpcad.php?Fox=d3wL7 HTTP/1.1" 404 1251 "www.google.com" "Mozilla/5.0 (Linux; Android 7.0; SM-G892A Bulid/NRD90M; wv) AppleWebKit/537.36 (KHTML, like Gecko) Version/4.0 Chrome/60.0.3112.107 Moblie Safari/537.36"
85.208.98.23 - - [30/Mar/2025:02:07:00 -0400] "GET /robots.txt HTTP/1.1" 304 0 "-" "Mozilla/5.0 (compatible; SemrushBot-BA; +http://www.semrush.com/bot.html)"
167.94.138.188 - - [30/Mar/2025:02:31:47 -0400] "GET / HTTP/1.1" 200 211281 "-" "Mozilla/5.0 (compatible; CensysInspect/1.1; +https://about.censys.io/)"
167.94.138.188 - - [30/Mar/2025:02:32:12 -0400] "GET /favicon.ico HTTP/1.1" 404 1251 "-" "Mozilla/5.0 (compatible; CensysInspect/1.1; +https://about.censys.io/)"
2602:80d:1006::6c - - [30/Mar/2025:02:32:42 -0400] "GET /favicon.ico HTTP/1.1" 404 1251 "-" "Mozilla/5.0 (compatible; CensysInspect/1.1; +https://about.censys.io/)"
216.244.66.201 - - [30/Mar/2025:02:36:33 -0400] "GET /robots.txt HTTP/1.1" 304 0 "-" "Mozilla/5.0 (compatible; DotBot/1.2; +https://opensiteexplorer.org/dotbot; help@moz.com)"
216.244.66.201 - - [30/Mar/2025:02:45:50 -0400] "GET /so-reinigen-sie-ein-schneidebrett/feed/ HTTP/1.1" 404 1251 "-" "Mozilla/5.0 (compatible; DotBot/1.2; +https://opensiteexplorer.org/dotbot; help@moz.com)"
216.244.66.201 - - [30/Mar/2025:02:46:25 -0400] "GET /bugatti-chiron-for-sale/ HTTP/1.1" 404 1251 "-" "Mozilla/5.0 (compatible; DotBot/1.2; +https://opensiteexplorer.org/dotbot; help@moz.com)"
139.59.100.51 - - [30/Mar/2025:02:51:50 -0400] "GET /wp-content/plugins/pwnd/pwnd.php HTTP/1.1" 404 1251 "-" "Mozilla/5.0 (Linux; Android 7.0; SM-G892A Build/NRD90M; wv) AppleWebKit/537.36 (KHTML, like Gecko) Version/4.0 Chrome/60.0.3112.107 Mobile Safari/537.36"
139.59.100.51 - - [30/Mar/2025:02:51:52 -0400] "GET /wp-content/plugins/pwnd-1/pwnd.php HTTP/1.1" 404 1251 "-" "Mozilla/5.0 (Linux; Android 7.0; SM-G892A Build/NRD90M; wv) AppleWebKit/537.36 (KHTML, like Gecko) Version/4.0 Chrome/60.0.3112.107 Mobile Safari/537.36"
139.59.100.51 - - [30/Mar/2025:02:52:11 -0400] "GET /wp-content/plugins/pwnd-2/pwnd.php HTTP/1.1" 404 1251 "-" "Mozilla/5.0 (Linux; Android 7.0; SM-G892A Build/NRD90M; wv) AppleWebKit/537.36 (KHTML, like Gecko) Version/4.0 Chrome/60.0.3112.107 Mobile Safari/537.36"
139.59.100.51 - - [30/Mar/2025:02:52:19 -0400] "GET /wp-content/plugins/fix/up.php HTTP/1.1" 404 1251 "-" "Mozilla/5.0 (Linux; Android 7.0; SM-G892A Build/NRD90M; wv) AppleWebKit/537.36 (KHTML, like Gecko) Version/4.0 Chrome/60.0.3112.107 Mobile Safari/537.36"
54.163.169.168 - - [30/Mar/2025:02:54:11 -0400] "GET /dp/B0CQMZ24LR?ref=MarsFS_SMP_B0CQMZ24LR HTTP/1.1" 404 1251 "-" "Mozilla/5.0 AppleWebKit/537.36 (KHTML, like Gecko; compatible; Amazonbot/0.1; +https://developer.amazon.com/support/amazonbot) Chrome/119.0.6045.214 Safari/537.36"
216.244.66.201 - - [30/Mar/2025:02:58:24 -0400] "GET /dp/B0BCR4YW51?ref=MarsFS_AUCC_eh HTTP/1.1" 404 1251 "-" "Mozilla/5.0 (compatible; DotBot/1.2; +https://opensiteexplorer.org/dotbot; help@moz.com)"
100.25.120.246 - - [30/Mar/2025:03:09:30 -0400] "GET /gp/profile/amzn1.account.AF5FRYZXCS7TKUJBS42LJ5SIYFCQ/ref=cm_cr_dp_d_gw_tr?ie=UTF8 HTTP/1.1" 404 1251 "-" "Mozilla/5.0 AppleWebKit/537.36 (KHTML, like Gecko; compatible; Amazonbot/0.1; +https://developer.amazon.com/support/amazonbot) Chrome/119.0.6045.214 Safari/537.36"
45.148.10.237 - - [30/Mar/2025:03:15:34 -0400] "GET /01c9e82cOLL.js_.js?AUIClients/DetailPageDesktopImageBlockMetaAsset&xcZvtG8l HTTP/1.1" 404 1251 "-" "Mozilla/5.0 (Macintosh; Intel Mac OS X 10_15_7) AppleWebKit/537.36 Chrome/120.0.0.0"
45.148.10.237 - - [30/Mar/2025:03:20:06 -0400] "GET /01wFfxST HTTP/1.1" 404 1251 "-" "Mozilla/5.0 (Macintosh; Intel Mac OS X 10_15_7) AppleWebKit/537.36 Chrome/120.0.0.0"
43.130.39.254 - - [30/Mar/2025:03:23:36 -0400] "GET / HTTP/1.1" 200 211281 "-" "Mozilla/5.0 (iPhone; CPU iPhone OS 13_2_3 like Mac OS X) AppleWebKit/605.1.15 (KHTML, like Gecko) Version/13.0.3 Mobile/15E148 Safari/604.1"
216.244.66.201 - - [30/Mar/2025:03:24:31 -0400] "GET /robots.txt HTTP/1.1" 304 0 "-" "Mozilla/5.0 (compatible; DotBot/1.2; +https://opensiteexplorer.org/dotbot; help@moz.com)"
52.204.37.237 - - [30/Mar/2025:03:31:06 -0400] "GET /dp/B0B2BY4ZG7?ref=MarsFS_VICC_rvdw HTTP/1.1" 404 1251 "-" "Mozilla/5.0 AppleWebKit/537.36 (KHTML, like Gecko; compatible; Amazonbot/0.1; +https://developer.amazon.com/support/amazonbot) Chrome/119.0.6045.214 Safari/537.36"
216.244.66.201 - - [30/Mar/2025:03:31:51 -0400] "GET /tilman-totzke-der-gitarrenlehrer-in-essen/ HTTP/1.1" 404 1251 "-" "Mozilla/5.0 (compatible; DotBot/1.2; +https://opensiteexplorer.org/dotbot; help@moz.com)"
139.99.68.31 - - [30/Mar/2025:03:34:53 -0400] "GET /wp-content/uploads/2017-------/09/wp-console.php HTTP/1.1" 404 1251 "-" "Mozilla/5.0 (Linux; Android 11; M2010J19SI) AppleWebKit/537.36 (KHTML, like Gecko) Chrome/109.0.0.0 Mobile Safari/537.36"
139.99.68.31 - - [30/Mar/2025:03:34:54 -0400] "GET /wp-includes/js/crop/uword.php HTTP/1.1" 404 1251 "-" "Mozilla/5.0 (Linux; Android 11; M2010J19SI) AppleWebKit/537.36 (KHTML, like Gecko) Chrome/109.0.0.0 Mobile Safari/537.36"
139.99.68.31 - - [30/Mar/2025:03:34:55 -0400] "GET /wp-content/themes/bltm/wp-login.php HTTP/1.1" 404 1251 "-" "Mozilla/5.0 (Linux; Android 11; M2010J19SI) AppleWebKit/537.36 (KHTML, like Gecko) Chrome/109.0.0.0 Mobile Safari/537.36"
139.99.68.31 - - [30/Mar/2025:03:34:55 -0400] "GET /autoload_classmap.php HTTP/1.1" 404 1251 "-" "Mozilla/5.0 (Linux; Android 11; M2010J19SI) AppleWebKit/537.36 (KHTML, like Gecko) Chrome/109.0.0.0 Mobile Safari/537.36"
139.99.68.31 - - [30/Mar/2025:03:34:56 -0400] "GET /wp-content/uploads/2014/07/olx.php HTTP/1.1" 404 1251 "-" "Mozilla/5.0 (Linux; Android 11; M2010J19SI) AppleWebKit/537.36 (KHTML, like Gecko) Chrome/109.0.0.0 Mobile Safari/537.36"
139.99.68.31 - - [30/Mar/2025:03:34:56 -0400] "GET /wp-admin/css/colors/midnight/index.php HTTP/1.1" 404 1251 "-" "Mozilla/5.0 (Linux; Android 11; M2010J19SI) AppleWebKit/537.36 (KHTML, like Gecko) Chrome/109.0.0.0 Mobile Safari/537.36"
139.99.68.31 - - [30/Mar/2025:03:34:57 -0400] "GET /wp-content/uploads/2020/wp-couldent.php.suspected HTTP/1.1" 404 1251 "-" "Mozilla/5.0 (Linux; Android 11; M2010J19SI) AppleWebKit/537.36 (KHTML, like Gecko) Chrome/109.0.0.0 Mobile Safari/537.36"
139.99.68.31 - - [30/Mar/2025:03:34:58 -0400] "GET /wp-content/plugins/523453244/ninja.php HTTP/1.1" 404 1251 "-" "Mozilla/5.0 (Linux; Android 11; M2010J19SI) AppleWebKit/537.36 (KHTML, like Gecko) Chrome/109.0.0.0 Mobile Safari/537.36"
139.99.68.31 - - [30/Mar/2025:03:35:00 -0400] "GET /wp-includes/js/imgareaselect/index.php HTTP/1.1" 404 1251 "-" "Mozilla/5.0 (Linux; Android 11; M2010J19SI) AppleWebKit/537.36 (KHTML, like Gecko) Chrome/109.0.0.0 Mobile Safari/537.36"
139.99.68.31 - - [30/Mar/2025:03:35:01 -0400] "GET /wp-includes/PHPMailer/load.php HTTP/1.1" 404 1251 "-" "Mozilla/5.0 (Linux; Android 11; M2010J19SI) AppleWebKit/537.36 (KHTML, like Gecko) Chrome/109.0.0.0 Mobile Safari/537.36"
139.99.68.31 - - [30/Mar/2025:03:35:01 -0400] "GET /wp-links.php HTTP/1.1" 404 1251 "-" "Mozilla/5.0 (Linux; Android 11; M2010J19SI) AppleWebKit/537.36 (KHTML, like Gecko) Chrome/109.0.0.0 Mobile Safari/537.36"
139.99.68.31 - - [30/Mar/2025:03:35:02 -0400] "GET /wp-aa.php HTTP/1.1" 404 1251 "-" "Mozilla/5.0 (Linux; Android 11; M2010J19SI) AppleWebKit/537.36 (KHTML, like Gecko) Chrome/109.0.0.0 Mobile Safari/537.36"
139.99.68.31 - - [30/Mar/2025:03:35:03 -0400] "GET /wp-content/themes/travelscape/json.php HTTP/1.1" 404 1251 "-" "Mozilla/5.0 (Linux; Android 11; M2010J19SI) AppleWebKit/537.36 (KHTML, like Gecko) Chrome/109.0.0.0 Mobile Safari/537.36"
139.99.68.31 - - [30/Mar/2025:03:35:05 -0400] "GET /wp-content/themes/travel/issue.php HTTP/1.1" 404 1251 "-" "Mozilla/5.0 (Linux; Android 11; M2010J19SI) AppleWebKit/537.36 (KHTML, like Gecko) Chrome/109.0.0.0 Mobile Safari/537.36"
139.99.68.31 - - [30/Mar/2025:03:35:09 -0400] "GET /about.php HTTP/1.1" 404 1251 "-" "Mozilla/5.0 (Linux; Android 11; M2010J19SI) AppleWebKit/537.36 (KHTML, like Gecko) Chrome/109.0.0.0 Mobile Safari/537.36"
139.99.68.31 - - [30/Mar/2025:03:35:12 -0400] "GET /xx.php HTTP/1.1" 404 1251 "-" "Mozilla/5.0 (Linux; Android 11; M2010J19SI) AppleWebKit/537.36 (KHTML, like Gecko) Chrome/109.0.0.0 Mobile Safari/537.36"
139.99.68.31 - - [30/Mar/2025:03:35:14 -0400] "GET /wp-content/themes/digital-download/new.php HTTP/1.1" 404 1251 "-" "Mozilla/5.0 (Linux; Android 11; M2010J19SI) AppleWebKit/537.36 (KHTML, like Gecko) Chrome/109.0.0.0 Mobile Safari/537.36"
139.99.68.31 - - [30/Mar/2025:03:35:17 -0400] "GET /epinyins.php HTTP/1.1" 404 1251 "-" "Mozilla/5.0 (Linux; Android 11; M2010J19SI) AppleWebKit/537.36 (KHTML, like Gecko) Chrome/109.0.0.0 Mobile Safari/537.36"
139.99.68.31 - - [30/Mar/2025:03:35:18 -0400] "GET /wp-admin/dropdown.php HTTP/1.1" 404 1251 "-" "Mozilla/5.0 (Linux; Android 11; M2010J19SI) AppleWebKit/537.36 (KHTML, like Gecko) Chrome/109.0.0.0 Mobile Safari/537.36"
139.99.68.31 - - [30/Mar/2025:03:35:20 -0400] "GET /dropdown.php HTTP/1.1" 404 1251 "-" "Mozilla/5.0 (Linux; Android 11; M2010J19SI) AppleWebKit/537.36 (KHTML, like Gecko) Chrome/109.0.0.0 Mobile Safari/537.36"
139.99.68.31 - - [30/Mar/2025:03:35:20 -0400] "GET /wp-admin/css/index.php HTTP/1.1" 404 1251 "-" "Mozilla/5.0 (Linux; Android 11; M2010J19SI) AppleWebKit/537.36 (KHTML, like Gecko) Chrome/109.0.0.0 Mobile Safari/537.36"
139.99.68.31 - - [30/Mar/2025:03:35:23 -0400] "GET /wp-content/mah.php HTTP/1.1" 404 1251 "-" "Mozilla/5.0 (Linux; Android 11; M2010J19SI) AppleWebKit/537.36 (KHTML, like Gecko) Chrome/109.0.0.0 Mobile Safari/537.36"
139.99.68.31 - - [30/Mar/2025:03:35:24 -0400] "GET /wp-content/item.php HTTP/1.1" 404 1251 "-" "Mozilla/5.0 (Linux; Android 11; M2010J19SI) AppleWebKit/537.36 (KHTML, like Gecko) Chrome/109.0.0.0 Mobile Safari/537.36"
139.99.68.31 - - [30/Mar/2025:03:35:24 -0400] "GET /wp-content/plugins/shell/about.php HTTP/1.1" 404 1251 "-" "Mozilla/5.0 (Linux; Android 11; M2010J19SI) AppleWebKit/537.36 (KHTML, like Gecko) Chrome/109.0.0.0 Mobile Safari/537.36"
139.99.68.31 - - [30/Mar/2025:03:35:25 -0400] "GET /wp-content/plugins/pwnd/pwnd.php HTTP/1.1" 404 1251 "-" "Mozilla/5.0 (Linux; Android 11; M2010J19SI) AppleWebKit/537.36 (KHTML, like Gecko) Chrome/109.0.0.0 Mobile Safari/537.36"
139.99.68.31 - - [30/Mar/2025:03:35:26 -0400] "GET /wp-content/plugins/fix/up.php HTTP/1.1" 404 1251 "-" "Mozilla/5.0 (Linux; Android 11; M2010J19SI) AppleWebKit/537.36 (KHTML, like Gecko) Chrome/109.0.0.0 Mobile Safari/537.36"
139.99.68.31 - - [30/Mar/2025:03:35:27 -0400] "GET /wp-content/plugins/ph-file-manager/wp-file.php HTTP/1.1" 404 1251 "-" "Mozilla/5.0 (Linux; Android 11; M2010J19SI) AppleWebKit/537.36 (KHTML, like Gecko) Chrome/109.0.0.0 Mobile Safari/537.36"
139.99.68.31 - - [30/Mar/2025:03:35:29 -0400] "GET /wp-content/plugins/root-file-manager/wp-file.php HTTP/1.1" 404 1251 "-" "Mozilla/5.0 (Linux; Android 11; M2010J19SI) AppleWebKit/537.36 (KHTML, like Gecko) Chrome/109.0.0.0 Mobile Safari/537.36"
139.99.68.31 - - [30/Mar/2025:03:35:31 -0400] "GET /wp-content/plugins/wp-help/mini.php HTTP/1.1" 404 1251 "-" "Mozilla/5.0 (Linux; Android 11; M2010J19SI) AppleWebKit/537.36 (KHTML, like Gecko) Chrome/109.0.0.0 Mobile Safari/537.36"
139.99.68.31 - - [30/Mar/2025:03:35:31 -0400] "GET /wp-content/themes/travel/issue.php HTTP/1.1" 404 1251 "-" "Mozilla/5.0 (Linux; Android 11; M2010J19SI) AppleWebKit/537.36 (KHTML, like Gecko) Chrome/109.0.0.0 Mobile Safari/537.36"
139.99.68.31 - - [30/Mar/2025:03:35:32 -0400] "GET /wp-content/themes/jaida/lang.php HTTP/1.1" 404 1251 "-" "Mozilla/5.0 (Linux; Android 11; M2010J19SI) AppleWebKit/537.36 (KHTML, like Gecko) Chrome/109.0.0.0 Mobile Safari/537.36"
139.99.68.31 - - [30/Mar/2025:03:35:32 -0400] "GET /wp-l0gin.php HTTP/1.1" 404 1251 "-" "Mozilla/5.0 (Linux; Android 11; M2010J19SI) AppleWebKit/537.36 (KHTML, like Gecko) Chrome/109.0.0.0 Mobile Safari/537.36"
139.99.68.31 - - [30/Mar/2025:03:35:34 -0400] "GET /ext.php HTTP/1.1" 404 1251 "-" "Mozilla/5.0 (Linux; Android 11; M2010J19SI) AppleWebKit/537.36 (KHTML, like Gecko) Chrome/109.0.0.0 Mobile Safari/537.36"
139.99.68.31 - - [30/Mar/2025:03:35:34 -0400] "GET /wp-l0gin.php HTTP/1.1" 404 1251 "-" "Mozilla/5.0 (Linux; Android 11; M2010J19SI) AppleWebKit/537.36 (KHTML, like Gecko) Chrome/109.0.0.0 Mobile Safari/537.36"
216.244.66.201 - - [30/Mar/2025:03:40:11 -0400] "GET /the-interpretation-of-michael-jordans-coach/ HTTP/1.1" 404 1251 "-" "Mozilla/5.0 (compatible; DotBot/1.2; +https://opensiteexplorer.org/dotbot; help@moz.com)"
216.244.66.201 - - [30/Mar/2025:03:44:06 -0400] "GET /student-loans-financial-aid-both-rise-in-2009-10/feed/ HTTP/1.1" 404 1251 "-" "Mozilla/5.0 (compatible; DotBot/1.2; +https://opensiteexplorer.org/dotbot; help@moz.com)"
45.148.10.237 - - [30/Mar/2025:04:15:03 -0400] "GET /11-asXJWfkL.js HTTP/1.1" 404 1251 "-" "Mozilla/5.0 (Windows NT 10.0; Win64; x64) AppleWebKit/537.36 Chrome/121.0.0.0"
18.210.58.238 - - [30/Mar/2025:04:15:31 -0400] "GET /dp/B091G668JP?ref=MarsFS_eero_en HTTP/1.1" 404 1251 "-" "Mozilla/5.0 AppleWebKit/537.36 (KHTML, like Gecko; compatible; Amazonbot/0.1; +https://developer.amazon.com/support/amazonbot) Chrome/119.0.6045.214 Safari/537.36"
34.239.197.197 - - [30/Mar/2025:04:15:38 -0400] "GET /dp/B0CG2TPLJV?ref=MarsFS_VICC_PNTC HTTP/1.1" 404 1251 "-" "Mozilla/5.0 AppleWebKit/537.36 (KHTML, like Gecko; compatible; Amazonbot/0.1; +https://developer.amazon.com/support/amazonbot) Chrome/119.0.6045.214 Safari/537.36"
54.209.100.30 - - [30/Mar/2025:04:15:47 -0400] "GET /product-reviews/B0DG4WZZPV/ref=acr_dp_hist_5?filterByStar=five_star&ie=UTF8&reviewerType=all_reviews HTTP/1.1" 404 1251 "-" "Mozilla/5.0 AppleWebKit/537.36 (KHTML, like Gecko; compatible; Amazonbot/0.1; +https://developer.amazon.com/support/amazonbot) Chrome/119.0.6045.214 Safari/537.36"
45.148.10.237 - - [30/Mar/2025:04:16:54 -0400] "GET /01 HTTP/1.1" 404 1251 "-" "Mozilla/5.0 (Macintosh; Intel Mac OS X 10_15_7) AppleWebKit/537.36 Chrome/120.0.0.0"
23.95.132.41 - - [30/Mar/2025:04:22:29 -0400] "GET /wp-json/wp/v2/users HTTP/1.1" 404 1251 "-" "Mozilla/5.0 (Windows NT 10.0; Win64; x64; rv:109.0) Gecko/20100101 Firefox/113.0"
23.95.132.41 - - [30/Mar/2025:04:22:30 -0400] "GET /author-sitemap.xml HTTP/1.1" 404 1251 "-" "Mozilla/5.0 (Windows NT 10.0; Win64; x64; rv:109.0) Gecko/20100101 Firefox/113.0"
92.255.85.164 - - [30/Mar/2025:04:23:07 -0400] "GET / HTTP/1.1" 200 211281 "http://realjuggahos.com/" "Mozilla/5.0 (Windows NT 10.0; Win64; x64) AppleWebKit/537.36 (KHTML, like Gecko) Chrome/130.0.0.0 Safari/537.36 CCleaner/130.0.0.0"
146.190.77.47 - - [30/Mar/2025:04:28:33 -0400] "GET / HTTP/1.1" 200 211281 "-" "Mozilla/5.0 (Windows NT 10.0; Win64; x64) AppleWebKit/537.36 (KHTML, like Gecko) Chrome/80.0.3987.149 Safari/537.36"
146.190.77.47 - - [30/Mar/2025:04:28:34 -0400] "GET / HTTP/1.1" 200 211281 "-" "Mozilla/5.0 (Windows NT 10.0; Win64; x64) AppleWebKit/537.36 (KHTML, like Gecko) Chrome/80.0.3987.149 Safari/537.36"
146.190.77.47 - - [30/Mar/2025:04:28:35 -0400] "GET /wp-includes/wlwmanifest.xml HTTP/1.1" 404 1251 "-" "Mozilla/5.0 (Windows NT 10.0; Win64; x64) AppleWebKit/537.36 (KHTML, like Gecko) Chrome/80.0.3987.149 Safari/537.36"
198.54.114.83 - - [30/Mar/2025:04:28:42 -0400] "POST /wp-cron.php?doing_wp_cron=1743323321.8942680358886718750000 HTTP/1.1" 200 0 "-" "WordPress/6.7.2; https://realjuggahos.com"
146.190.77.47 - - [30/Mar/2025:04:28:35 -0400] "GET /xmlrpc.php?rsd HTTP/1.1" 200 308 "-" "Mozilla/5.0 (Windows NT 10.0; Win64; x64) AppleWebKit/537.36 (KHTML, like Gecko) Chrome/80.0.3987.149 Safari/537.36"
146.190.77.47 - - [30/Mar/2025:04:28:42 -0400] "GET /?author=1 HTTP/1.1" 200 211281 "-" "Mozilla/5.0 (Windows NT 10.0; Win64; x64) AppleWebKit/537.36 (KHTML, like Gecko) Chrome/80.0.3987.149 Safari/537.36"
146.190.77.47 - - [30/Mar/2025:04:28:43 -0400] "GET /?author=2 HTTP/1.1" 200 211281 "-" "Mozilla/5.0 (Windows NT 10.0; Win64; x64) AppleWebKit/537.36 (KHTML, like Gecko) Chrome/80.0.3987.149 Safari/537.36"
146.190.77.47 - - [30/Mar/2025:04:28:43 -0400] "GET /wp-json/wp/v2/users/ HTTP/1.1" 404 1251 "-" "Mozilla/5.0 (Windows NT 10.0; Win64; x64) AppleWebKit/537.36 (KHTML, like Gecko) Chrome/80.0.3987.149 Safari/537.36"
146.190.77.47 - - [30/Mar/2025:04:28:44 -0400] "GET /wp-json/oembed/1.0/embed?url=http://realjuggahos.com HTTP/1.1" 404 1251 "-" "Mozilla/5.0 (Windows NT 10.0; Win64; x64) AppleWebKit/537.36 (KHTML, like Gecko) Chrome/80.0.3987.149 Safari/537.36"
198.54.114.83 - - [30/Mar/2025:04:28:44 -0400] "POST /wp-cron.php?doing_wp_cron=1743323324.2515900135040283203125 HTTP/1.1" 200 0 "-" "WordPress/6.7.2; https://realjuggahos.com"
146.190.77.47 - - [30/Mar/2025:04:28:44 -0400] "POST /xmlrpc.php HTTP/1.1" 200 212 "-" "Mozilla/5.0 (Windows NT 10.0; Win64; x64) AppleWebKit/537.36 (KHTML, like Gecko) Chrome/80.0.3987.149 Safari/537.36"
146.190.77.47 - - [30/Mar/2025:04:28:44 -0400] "POST /xmlrpc.php HTTP/1.1" 503 7943 "-" "Mozilla/5.0 (Windows NT 10.0; Win64; x64) AppleWebKit/537.36 (KHTML, like Gecko) Chrome/80.0.3987.149 Safari/537.36"
45.148.10.237 - - [30/Mar/2025:04:29:54 -0400] "GET /01hcvL3758L.js_.js?AUIClients/DetailPageMetaAssetFixed&iODFtMTi HTTP/1.1" 404 1251 "-" "Mozilla/5.0 (Macintosh; Intel Mac OS X 10_15_7) AppleWebKit/537.36 Chrome/120.0.0.0"
216.244.66.201 - - [30/Mar/2025:04:30:17 -0400] "GET /pantoufles-dhopital-une-inclusion-essentielle-dans-le-sac-dhopital/ HTTP/1.1" 404 1251 "-" "Mozilla/5.0 (compatible; DotBot/1.2; +https://opensiteexplorer.org/dotbot; help@moz.com)"
216.244.66.201 - - [30/Mar/2025:04:32:51 -0400] "GET /what-is-upload-files/ HTTP/1.1" 404 1251 "-" "Mozilla/5.0 (compatible; DotBot/1.2; +https://opensiteexplorer.org/dotbot; help@moz.com)"
35.173.38.202 - - [30/Mar/2025:04:33:14 -0400] "GET /gp/registry/wishlist/ HTTP/1.1" 404 1251 "-" "Mozilla/5.0 AppleWebKit/537.36 (KHTML, like Gecko; compatible; Amazonbot/0.1; +https://developer.amazon.com/support/amazonbot) Chrome/119.0.6045.214 Safari/537.36"
124.222.196.113 - - [30/Mar/2025:04:34:49 -0400] "GET / HTTP/1.1" 200 211281 "-" "Mozilla/5.0 (Linux; Android 10; LIO-AN00 Build/HUAWEILIO-AN00; wv) MicroMessenger Weixin QQ AppleWebKit/537.36 (KHTML, like Gecko) Version/4.0 Chrome/78.0.3904.62 XWEB/2692 MMWEBSDK/200901 Mobile Safari/537.36"
216.244.66.201 - - [30/Mar/2025:04:39:32 -0400] "GET /dp/B0C5QRZ47P?ref=MarsFS_VICC_STUC HTTP/1.1" 404 1251 "-" "Mozilla/5.0 (compatible; DotBot/1.2; +https://opensiteexplorer.org/dotbot; help@moz.com)"
124.222.196.113 - - [30/Mar/2025:04:40:14 -0400] "GET / HTTP/1.1" 200 211281 "-" "Mozilla/5.0 (Linux; Android 10; LIO-AN00 Build/HUAWEILIO-AN00; wv) MicroMessenger Weixin QQ AppleWebKit/537.36 (KHTML, like Gecko) Version/4.0 Chrome/78.0.3904.62 XWEB/2692 MMWEBSDK/200901 Mobile Safari/537.36"
216.244.66.201 - - [30/Mar/2025:04:41:15 -0400] "GET /dp/B09DRX62ZV?ref=MarsFS_VICC_spotlight HTTP/1.1" 404 1251 "-" "Mozilla/5.0 (compatible; DotBot/1.2; +https://opensiteexplorer.org/dotbot; help@moz.com)"
139.99.68.31 - - [30/Mar/2025:04:46:41 -0400] "GET /wp-content/uploads/2017-------/09/wp-console.php HTTP/1.1" 404 1251 "-" "Mozilla/5.0 (Linux; Android 11; M2010J19SI) AppleWebKit/537.36 (KHTML, like Gecko) Chrome/109.0.0.0 Mobile Safari/537.36"
139.99.68.31 - - [30/Mar/2025:04:46:41 -0400] "GET /wp-includes/js/crop/uword.php HTTP/1.1" 404 1251 "-" "Mozilla/5.0 (Linux; Android 11; M2010J19SI) AppleWebKit/537.36 (KHTML, like Gecko) Chrome/109.0.0.0 Mobile Safari/537.36"
139.99.68.31 - - [30/Mar/2025:04:46:42 -0400] "GET /wp-content/themes/bltm/wp-login.php HTTP/1.1" 404 1251 "-" "Mozilla/5.0 (Linux; Android 11; M2010J19SI) AppleWebKit/537.36 (KHTML, like Gecko) Chrome/109.0.0.0 Mobile Safari/537.36"
139.99.68.31 - - [30/Mar/2025:04:46:43 -0400] "GET /autoload_classmap.php HTTP/1.1" 404 1251 "-" "Mozilla/5.0 (Linux; Android 11; M2010J19SI) AppleWebKit/537.36 (KHTML, like Gecko) Chrome/109.0.0.0 Mobile Safari/537.36"
139.99.68.31 - - [30/Mar/2025:04:46:43 -0400] "GET /wp-content/uploads/2014/07/olx.php HTTP/1.1" 404 1251 "-" "Mozilla/5.0 (Linux; Android 11; M2010J19SI) AppleWebKit/537.36 (KHTML, like Gecko) Chrome/109.0.0.0 Mobile Safari/537.36"
139.99.68.31 - - [30/Mar/2025:04:46:44 -0400] "GET /wp-admin/css/colors/midnight/index.php HTTP/1.1" 404 1251 "-" "Mozilla/5.0 (Linux; Android 11; M2010J19SI) AppleWebKit/537.36 (KHTML, like Gecko) Chrome/109.0.0.0 Mobile Safari/537.36"
139.99.68.31 - - [30/Mar/2025:04:46:45 -0400] "GET /wp-content/uploads/2020/wp-couldent.php.suspected HTTP/1.1" 404 1251 "-" "Mozilla/5.0 (Linux; Android 11; M2010J19SI) AppleWebKit/537.36 (KHTML, like Gecko) Chrome/109.0.0.0 Mobile Safari/537.36"
139.99.68.31 - - [30/Mar/2025:04:46:45 -0400] "GET /wp-content/plugins/523453244/ninja.php HTTP/1.1" 404 1251 "-" "Mozilla/5.0 (Linux; Android 11; M2010J19SI) AppleWebKit/537.36 (KHTML, like Gecko) Chrome/109.0.0.0 Mobile Safari/537.36"
139.99.68.31 - - [30/Mar/2025:04:46:46 -0400] "GET /wp-includes/js/imgareaselect/index.php HTTP/1.1" 404 1251 "-" "Mozilla/5.0 (Linux; Android 11; M2010J19SI) AppleWebKit/537.36 (KHTML, like Gecko) Chrome/109.0.0.0 Mobile Safari/537.36"
139.99.68.31 - - [30/Mar/2025:04:46:46 -0400] "GET /wp-includes/PHPMailer/load.php HTTP/1.1" 404 1251 "-" "Mozilla/5.0 (Linux; Android 11; M2010J19SI) AppleWebKit/537.36 (KHTML, like Gecko) Chrome/109.0.0.0 Mobile Safari/537.36"
139.99.68.31 - - [30/Mar/2025:04:46:47 -0400] "GET /wp-links.php HTTP/1.1" 404 1251 "-" "Mozilla/5.0 (Linux; Android 11; M2010J19SI) AppleWebKit/537.36 (KHTML, like Gecko) Chrome/109.0.0.0 Mobile Safari/537.36"
139.99.68.31 - - [30/Mar/2025:04:46:54 -0400] "GET /wp-aa.php HTTP/1.1" 404 1251 "-" "Mozilla/5.0 (Linux; Android 11; M2010J19SI) AppleWebKit/537.36 (KHTML, like Gecko) Chrome/109.0.0.0 Mobile Safari/537.36"
139.99.68.31 - - [30/Mar/2025:04:46:54 -0400] "GET /wp-content/themes/travelscape/json.php HTTP/1.1" 404 1251 "-" "Mozilla/5.0 (Linux; Android 11; M2010J19SI) AppleWebKit/537.36 (KHTML, like Gecko) Chrome/109.0.0.0 Mobile Safari/537.36"
139.99.68.31 - - [30/Mar/2025:04:46:55 -0400] "GET /wp-content/themes/travel/issue.php HTTP/1.1" 404 1251 "-" "Mozilla/5.0 (Linux; Android 11; M2010J19SI) AppleWebKit/537.36 (KHTML, like Gecko) Chrome/109.0.0.0 Mobile Safari/537.36"
139.99.68.31 - - [30/Mar/2025:04:46:55 -0400] "GET /about.php HTTP/1.1" 404 1251 "-" "Mozilla/5.0 (Linux; Android 11; M2010J19SI) AppleWebKit/537.36 (KHTML, like Gecko) Chrome/109.0.0.0 Mobile Safari/537.36"
139.99.68.31 - - [30/Mar/2025:04:46:56 -0400] "GET /xx.php HTTP/1.1" 404 1251 "-" "Mozilla/5.0 (Linux; Android 11; M2010J19SI) AppleWebKit/537.36 (KHTML, like Gecko) Chrome/109.0.0.0 Mobile Safari/537.36"
139.99.68.31 - - [30/Mar/2025:04:46:57 -0400] "GET /wp-content/themes/digital-download/new.php HTTP/1.1" 404 1251 "-" "Mozilla/5.0 (Linux; Android 11; M2010J19SI) AppleWebKit/537.36 (KHTML, like Gecko) Chrome/109.0.0.0 Mobile Safari/537.36"
139.99.68.31 - - [30/Mar/2025:04:46:58 -0400] "GET /epinyins.php HTTP/1.1" 404 1251 "-" "Mozilla/5.0 (Linux; Android 11; M2010J19SI) AppleWebKit/537.36 (KHTML, like Gecko) Chrome/109.0.0.0 Mobile Safari/537.36"
139.99.68.31 - - [30/Mar/2025:04:46:58 -0400] "GET /wp-admin/dropdown.php HTTP/1.1" 404 1251 "-" "Mozilla/5.0 (Linux; Android 11; M2010J19SI) AppleWebKit/537.36 (KHTML, like Gecko) Chrome/109.0.0.0 Mobile Safari/537.36"
139.99.68.31 - - [30/Mar/2025:04:46:59 -0400] "GET /dropdown.php HTTP/1.1" 404 1251 "-" "Mozilla/5.0 (Linux; Android 11; M2010J19SI) AppleWebKit/537.36 (KHTML, like Gecko) Chrome/109.0.0.0 Mobile Safari/537.36"
139.99.68.31 - - [30/Mar/2025:04:47:00 -0400] "GET /wp-admin/css/index.php HTTP/1.1" 404 1251 "-" "Mozilla/5.0 (Linux; Android 11; M2010J19SI) AppleWebKit/537.36 (KHTML, like Gecko) Chrome/109.0.0.0 Mobile Safari/537.36"
139.99.68.31 - - [30/Mar/2025:04:47:00 -0400] "GET /wp-content/mah.php HTTP/1.1" 404 1251 "-" "Mozilla/5.0 (Linux; Android 11; M2010J19SI) AppleWebKit/537.36 (KHTML, like Gecko) Chrome/109.0.0.0 Mobile Safari/537.36"
139.99.68.31 - - [30/Mar/2025:04:47:01 -0400] "GET /wp-content/item.php HTTP/1.1" 404 1251 "-" "Mozilla/5.0 (Linux; Android 11; M2010J19SI) AppleWebKit/537.36 (KHTML, like Gecko) Chrome/109.0.0.0 Mobile Safari/537.36"
139.99.68.31 - - [30/Mar/2025:04:47:01 -0400] "GET /wp-content/plugins/shell/about.php HTTP/1.1" 404 1251 "-" "Mozilla/5.0 (Linux; Android 11; M2010J19SI) AppleWebKit/537.36 (KHTML, like Gecko) Chrome/109.0.0.0 Mobile Safari/537.36"
139.99.68.31 - - [30/Mar/2025:04:47:02 -0400] "GET /wp-content/plugins/pwnd/pwnd.php HTTP/1.1" 404 1251 "-" "Mozilla/5.0 (Linux; Android 11; M2010J19SI) AppleWebKit/537.36 (KHTML, like Gecko) Chrome/109.0.0.0 Mobile Safari/537.36"
139.99.68.31 - - [30/Mar/2025:04:47:02 -0400] "GET /wp-content/plugins/fix/up.php HTTP/1.1" 404 1251 "-" "Mozilla/5.0 (Linux; Android 11; M2010J19SI) AppleWebKit/537.36 (KHTML, like Gecko) Chrome/109.0.0.0 Mobile Safari/537.36"
139.99.68.31 - - [30/Mar/2025:04:47:03 -0400] "GET /wp-content/plugins/ph-file-manager/wp-file.php HTTP/1.1" 404 1251 "-" "Mozilla/5.0 (Linux; Android 11; M2010J19SI) AppleWebKit/537.36 (KHTML, like Gecko) Chrome/109.0.0.0 Mobile Safari/537.36"
139.99.68.31 - - [30/Mar/2025:04:47:04 -0400] "GET /wp-content/plugins/root-file-manager/wp-file.php HTTP/1.1" 404 1251 "-" "Mozilla/5.0 (Linux; Android 11; M2010J19SI) AppleWebKit/537.36 (KHTML, like Gecko) Chrome/109.0.0.0 Mobile Safari/537.36"
139.99.68.31 - - [30/Mar/2025:04:47:04 -0400] "GET /wp-content/plugins/wp-help/mini.php HTTP/1.1" 404 1251 "-" "Mozilla/5.0 (Linux; Android 11; M2010J19SI) AppleWebKit/537.36 (KHTML, like Gecko) Chrome/109.0.0.0 Mobile Safari/537.36"
139.99.68.31 - - [30/Mar/2025:04:47:05 -0400] "GET /wp-content/themes/travel/issue.php HTTP/1.1" 404 1251 "-" "Mozilla/5.0 (Linux; Android 11; M2010J19SI) AppleWebKit/537.36 (KHTML, like Gecko) Chrome/109.0.0.0 Mobile Safari/537.36"
139.99.68.31 - - [30/Mar/2025:04:47:05 -0400] "GET /wp-content/themes/jaida/lang.php HTTP/1.1" 404 1251 "-" "Mozilla/5.0 (Linux; Android 11; M2010J19SI) AppleWebKit/537.36 (KHTML, like Gecko) Chrome/109.0.0.0 Mobile Safari/537.36"
139.99.68.31 - - [30/Mar/2025:04:47:06 -0400] "GET /wp-l0gin.php HTTP/1.1" 404 1251 "-" "Mozilla/5.0 (Linux; Android 11; M2010J19SI) AppleWebKit/537.36 (KHTML, like Gecko) Chrome/109.0.0.0 Mobile Safari/537.36"
139.99.68.31 - - [30/Mar/2025:04:47:06 -0400] "GET /ext.php HTTP/1.1" 404 1251 "-" "Mozilla/5.0 (Linux; Android 11; M2010J19SI) AppleWebKit/537.36 (KHTML, like Gecko) Chrome/109.0.0.0 Mobile Safari/537.36"
139.99.68.31 - - [30/Mar/2025:04:47:07 -0400] "GET /wp-l0gin.php HTTP/1.1" 404 1251 "-" "Mozilla/5.0 (Linux; Android 11; M2010J19SI) AppleWebKit/537.36 (KHTML, like Gecko) Chrome/109.0.0.0 Mobile Safari/537.36"
216.244.66.201 - - [30/Mar/2025:05:09:36 -0400] "GET /robots.txt HTTP/1.1" 200 23 "-" "Mozilla/5.0 (compatible; DotBot/1.2; +https://opensiteexplorer.org/dotbot; help@moz.com)"
196.251.71.229 - - [30/Mar/2025:05:11:41 -0400] "POST /wp-plain.php HTTP/1.1" 404 1251 "www.google.com" "Mozilla/5.0 (Linux; Android 7.0; SM-G892A Bulid/NRD90M; wv) AppleWebKit/537.36 (KHTML, like Gecko) Version/4.0 Chrome/60.0.3112.107 Moblie Safari/537.36"
196.251.71.229 - - [30/Mar/2025:05:11:41 -0400] "POST /ALFA_DATA/alfacgiapi/perl.alfa HTTP/1.1" 404 1251 "www.google.com" "Mozlila/5.0 (Linux; Android 7.0; SM-G892A Bulid/NRD90M; wv) AppleWebKit/537.36 (KHTML, like Gecko) Version/4.0 Chrome/60.0.3112.107 Moblie Safari/537.36"
196.251.71.229 - - [30/Mar/2025:05:11:41 -0400] "GET /wp-content/plugins/fix/up.php HTTP/1.1" 404 1251 "-" "Mozilla/5.0 (Windows NT 10.0; Win64; x64) AppleWebKit/537.36 (KHTML, like Gecko) Chrome/85.0.4183.102 Safari/537.36"
196.251.71.229 - - [30/Mar/2025:05:11:41 -0400] "GET /wp-content/themes/seotheme/db.php?u HTTP/1.1" 404 1251 "www.google.com" "Mozlila/5.0 (Linux; Android 7.0; SM-G892A Bulid/NRD90M; wv) AppleWebKit/537.36 (KHTML, like Gecko) Version/4.0 Chrome/60.0.3112.107 Moblie Safari/537.36"
196.251.71.229 - - [30/Mar/2025:05:11:41 -0400] "GET / HTTP/1.1" 200 211281 "-" "Mozlila/5.0 (Linux; Android 7.0; SM-G892A Bulid/NRD90M; wv) AppleWebKit/537.36 (KHTML, like Gecko) Version/4.0 Chrome/60.0.3112.107 Moblie Safari/537.36"
196.251.71.229 - - [30/Mar/2025:05:11:42 -0400] "POST /alfacgiapi/perl.alfa HTTP/1.1" 404 1251 "www.google.com" "Mozlila/5.0 (Linux; Android 7.0; SM-G892A Bulid/NRD90M; wv) AppleWebKit/537.36 (KHTML, like Gecko) Version/4.0 Chrome/60.0.3112.107 Moblie Safari/537.36"
196.251.71.229 - - [30/Mar/2025:05:11:42 -0400] "GET /mjviebia.php?Fox=d3wL7 HTTP/1.1" 404 1251 "www.google.com" "Mozilla/5.0 (Linux; Android 7.0; SM-G892A Bulid/NRD90M; wv) AppleWebKit/537.36 (KHTML, like Gecko) Version/4.0 Chrome/60.0.3112.107 Moblie Safari/537.36"
85.208.98.18 - - [30/Mar/2025:05:15:58 -0400] "GET /robots.txt HTTP/1.1" 304 0 "-" "Mozilla/5.0 (compatible; SemrushBot; +http://www.semrush.com/bot.html)"
216.244.66.201 - - [30/Mar/2025:05:16:04 -0400] "GET /comment-nettoyer-les-bijoux-en-or-a-la-maison/ HTTP/1.1" 404 1251 "-" "Mozilla/5.0 (compatible; DotBot/1.2; +https://opensiteexplorer.org/dotbot; help@moz.com)"
216.244.66.201 - - [30/Mar/2025:05:16:13 -0400] "GET /hamburg-fur-stressfreie-transporte/ HTTP/1.1" 404 1251 "-" "Mozilla/5.0 (compatible; DotBot/1.2; +https://opensiteexplorer.org/dotbot; help@moz.com)"
198.54.114.83 - - [30/Mar/2025:05:23:54 -0400] "POST /wp-cron.php?doing_wp_cron=1743326634.6896879673004150390625 HTTP/1.1" 200 0 "-" "WordPress/6.7.2; https://realjuggahos.com"
92.255.57.103 - - [30/Mar/2025:05:23:50 -0400] "GET /wp-login.php?wp_lang=en_US HTTP/1.1" 302 0 "http://realjuggahos.com/wp-login.php" "Mozilla/5.0 (Windows NT 10.0; Win64; x64; rv:136.0) Gecko/20100101 Firefox/135.0"
54.36.148.243 - - [30/Mar/2025:05:30:11 -0400] "GET /robots.txt HTTP/1.1" 304 0 "-" "Mozilla/5.0 (compatible; AhrefsBot/7.0; +http://ahrefs.com/robot/)"
54.36.148.84 - - [30/Mar/2025:05:30:13 -0400] "GET / HTTP/1.1" 200 211281 "-" "Mozilla/5.0 (compatible; AhrefsBot/7.0; +http://ahrefs.com/robot/)"
161.35.15.162 - - [30/Mar/2025:05:37:02 -0400] "GET /wp-includes/ID3/index.php HTTP/1.1" 404 1251 "-" "Mozlila/5.0 (Linux; Android 7.0; SM-G892A Bulid/NRD90M; wv) AppleWebKit/537.36 (KHTML, like Gecko) Version/4.0 Chrome/60.0.3112.107 Moblie Safari/537.36"
161.35.15.162 - - [30/Mar/2025:05:37:07 -0400] "GET /wp-content/plugins/index.php HTTP/1.1" 403 7164 "-" "Mozlila/5.0 (Linux; Android 7.0; SM-G892A Bulid/NRD90M; wv) AppleWebKit/537.36 (KHTML, like Gecko) Version/4.0 Chrome/60.0.3112.107 Moblie Safari/537.36"
161.35.15.162 - - [30/Mar/2025:05:37:10 -0400] "GET /wp-admin/network/index.php HTTP/1.1" 403 7164 "-" "Mozlila/5.0 (Linux; Android 7.0; SM-G892A Bulid/NRD90M; wv) AppleWebKit/537.36 (KHTML, like Gecko) Version/4.0 Chrome/60.0.3112.107 Moblie Safari/537.36"
161.35.15.162 - - [30/Mar/2025:05:37:12 -0400] "GET /wp-includes/IXR/index.php HTTP/1.1" 404 1251 "-" "Mozlila/5.0 (Linux; Android 7.0; SM-G892A Bulid/NRD90M; wv) AppleWebKit/537.36 (KHTML, like Gecko) Version/4.0 Chrome/60.0.3112.107 Moblie Safari/537.36"
161.35.15.162 - - [30/Mar/2025:05:37:13 -0400] "GET /wp-admin/images/index.php HTTP/1.1" 404 1251 "-" "Mozlila/5.0 (Linux; Android 7.0; SM-G892A Bulid/NRD90M; wv) AppleWebKit/537.36 (KHTML, like Gecko) Version/4.0 Chrome/60.0.3112.107 Moblie Safari/537.36"
161.35.15.162 - - [30/Mar/2025:05:37:16 -0400] "GET /wp-login.php HTTP/1.1" 403 7164 "-" "Mozlila/5.0 (Linux; Android 7.0; SM-G892A Bulid/NRD90M; wv) AppleWebKit/537.36 (KHTML, like Gecko) Version/4.0 Chrome/60.0.3112.107 Moblie Safari/537.36"
161.35.15.162 - - [30/Mar/2025:05:37:20 -0400] "GET /wp-content/plugins/admin.php HTTP/1.1" 404 1251 "-" "Mozlila/5.0 (Linux; Android 7.0; SM-G892A Bulid/NRD90M; wv) AppleWebKit/537.36 (KHTML, like Gecko) Version/4.0 Chrome/60.0.3112.107 Moblie Safari/537.36"
161.35.15.162 - - [30/Mar/2025:05:37:26 -0400] "GET /xmlrpc.php HTTP/1.1" 403 7164 "-" "Mozlila/5.0 (Linux; Android 7.0; SM-G892A Bulid/NRD90M; wv) AppleWebKit/537.36 (KHTML, like Gecko) Version/4.0 Chrome/60.0.3112.107 Moblie Safari/537.36"
161.35.15.162 - - [30/Mar/2025:05:37:29 -0400] "GET /wp-admin.php HTTP/1.1" 404 1251 "-" "Mozlila/5.0 (Linux; Android 7.0; SM-G892A Bulid/NRD90M; wv) AppleWebKit/537.36 (KHTML, like Gecko) Version/4.0 Chrome/60.0.3112.107 Moblie Safari/537.36"
161.35.15.162 - - [30/Mar/2025:05:37:32 -0400] "GET /wp-content/plugins/Core-Econ/upH.php HTTP/1.1" 404 1251 "-" "Mozlila/5.0 (Linux; Android 7.0; SM-G892A Bulid/NRD90M; wv) AppleWebKit/537.36 (KHTML, like Gecko) Version/4.0 Chrome/60.0.3112.107 Moblie Safari/537.36"
161.35.15.162 - - [30/Mar/2025:05:37:36 -0400] "GET /wp-content/plugins/fix/up.php HTTP/1.1" 404 1251 "-" "Mozlila/5.0 (Linux; Android 7.0; SM-G892A Bulid/NRD90M; wv) AppleWebKit/537.36 (KHTML, like Gecko) Version/4.0 Chrome/60.0.3112.107 Moblie Safari/537.36"
161.35.15.162 - - [30/Mar/2025:05:37:37 -0400] "GET /wp-content/plugins/pwnd/pwnd.php HTTP/1.1" 404 1251 "-" "Mozlila/5.0 (Linux; Android 7.0; SM-G892A Bulid/NRD90M; wv) AppleWebKit/537.36 (KHTML, like Gecko) Version/4.0 Chrome/60.0.3112.107 Moblie Safari/537.36"
161.35.15.162 - - [30/Mar/2025:05:37:46 -0400] "GET /wp-content/plugins/shell/noimg.php HTTP/1.1" 404 1251 "-" "Mozlila/5.0 (Linux; Android 7.0; SM-G892A Bulid/NRD90M; wv) AppleWebKit/537.36 (KHTML, like Gecko) Version/4.0 Chrome/60.0.3112.107 Moblie Safari/537.36"
161.35.15.162 - - [30/Mar/2025:05:37:49 -0400] "GET /WSOEnigma.php HTTP/1.1" 404 1251 "-" "Mozlila/5.0 (Linux; Android 7.0; SM-G892A Bulid/NRD90M; wv) AppleWebKit/537.36 (KHTML, like Gecko) Version/4.0 Chrome/60.0.3112.107 Moblie Safari/537.36"
161.35.15.162 - - [30/Mar/2025:05:37:59 -0400] "GET /wp-content/plugins/pwnd-1/pwnd.php HTTP/1.1" 404 1251 "-" "Mozlila/5.0 (Linux; Android 7.0; SM-G892A Bulid/NRD90M; wv) AppleWebKit/537.36 (KHTML, like Gecko) Version/4.0 Chrome/60.0.3112.107 Moblie Safari/537.36"
161.35.15.162 - - [30/Mar/2025:05:38:15 -0400] "GET /wp-content/plugins/dummyyummy/wp-signup.php HTTP/1.1" 404 1251 "-" "Mozlila/5.0 (Linux; Android 7.0; SM-G892A Bulid/NRD90M; wv) AppleWebKit/537.36 (KHTML, like Gecko) Version/4.0 Chrome/60.0.3112.107 Moblie Safari/537.36"
161.35.15.162 - - [30/Mar/2025:05:38:17 -0400] "GET /wp-content/plugins/clara/clara.php HTTP/1.1" 404 1251 "-" "Mozlila/5.0 (Linux; Android 7.0; SM-G892A Bulid/NRD90M; wv) AppleWebKit/537.36 (KHTML, like Gecko) Version/4.0 Chrome/60.0.3112.107 Moblie Safari/537.36"
172.172.6.52 - - [30/Mar/2025:05:39:26 -0400] "HEAD /wordpress HTTP/1.1" 404 0 "-" "Mozilla/5.0 (Windows NT 10.0; Win64; x64) AppleWebKit/537.36 (KHTML, like Gecko) Chrome/74.0.3729.169 Safari/537.36"
172.172.6.52 - - [30/Mar/2025:05:39:26 -0400] "HEAD / HTTP/1.1" 200 0 "-" "Mozilla/5.0 (Windows NT 10.0; Win64; x64) AppleWebKit/537.36 (KHTML, like Gecko) Chrome/74.0.3729.169 Safari/537.36"
172.172.6.52 - - [30/Mar/2025:05:39:26 -0400] "HEAD /wp HTTP/1.1" 404 0 "-" "Mozilla/5.0 (Windows NT 10.0; Win64; x64) AppleWebKit/537.36 (KHTML, like Gecko) Chrome/74.0.3729.169 Safari/537.36"
172.172.6.52 - - [30/Mar/2025:05:39:26 -0400] "HEAD /bc HTTP/1.1" 404 0 "-" "Mozilla/5.0 (Windows NT 10.0; Win64; x64) AppleWebKit/537.36 (KHTML, like Gecko) Chrome/74.0.3729.169 Safari/537.36"
172.172.6.52 - - [30/Mar/2025:05:39:27 -0400] "HEAD /bk HTTP/1.1" 404 0 "-" "Mozilla/5.0 (Windows NT 10.0; Win64; x64) AppleWebKit/537.36 (KHTML, like Gecko) Chrome/74.0.3729.169 Safari/537.36"
172.172.6.52 - - [30/Mar/2025:05:39:27 -0400] "HEAD /backup HTTP/1.1" 404 0 "-" "Mozilla/5.0 (Windows NT 10.0; Win64; x64) AppleWebKit/537.36 (KHTML, like Gecko) Chrome/74.0.3729.169 Safari/537.36"
172.172.6.52 - - [30/Mar/2025:05:39:27 -0400] "HEAD /old HTTP/1.1" 404 0 "-" "Mozilla/5.0 (Windows NT 10.0; Win64; x64) AppleWebKit/537.36 (KHTML, like Gecko) Chrome/74.0.3729.169 Safari/537.36"
172.172.6.52 - - [30/Mar/2025:05:39:27 -0400] "HEAD /new HTTP/1.1" 404 0 "-" "Mozilla/5.0 (Windows NT 10.0; Win64; x64) AppleWebKit/537.36 (KHTML, like Gecko) Chrome/74.0.3729.169 Safari/537.36"
172.172.6.52 - - [30/Mar/2025:05:39:27 -0400] "HEAD /main HTTP/1.1" 404 0 "-" "Mozilla/5.0 (Windows NT 10.0; Win64; x64) AppleWebKit/537.36 (KHTML, like Gecko) Chrome/74.0.3729.169 Safari/537.36"
172.172.6.52 - - [30/Mar/2025:05:39:27 -0400] "HEAD /home HTTP/1.1" 404 0 "-" "Mozilla/5.0 (Windows NT 10.0; Win64; x64) AppleWebKit/537.36 (KHTML, like Gecko) Chrome/74.0.3729.169 Safari/537.36"
216.244.66.201 - - [30/Mar/2025:05:48:26 -0400] "GET /product-reviews/B0DG4WZZPV/ref=acr_dp_hist_1?ie=UTF8&filterByStar=one_star&reviewerType=all_reviews HTTP/1.1" 404 1251 "-" "Mozilla/5.0 (compatible; DotBot/1.2; +https://opensiteexplorer.org/dotbot; help@moz.com)"
216.244.66.201 - - [30/Mar/2025:05:58:38 -0400] "GET /robots.txt HTTP/1.1" 304 0 "-" "Mozilla/5.0 (compatible; DotBot/1.2; +https://opensiteexplorer.org/dotbot; help@moz.com)"
54.166.104.83 - - [30/Mar/2025:06:02:02 -0400] "GET /dp/B0CP31QS6R?ref=MarsFS_KINDLE_rs HTTP/1.1" 404 1251 "-" "Mozilla/5.0 AppleWebKit/537.36 (KHTML, like Gecko; compatible; Amazonbot/0.1; +https://developer.amazon.com/support/amazonbot) Chrome/119.0.6045.214 Safari/537.36"
18.211.39.188 - - [30/Mar/2025:06:02:11 -0400] "GET /dp/B085G63QHT?ref=MarsFS_AUCC_lr HTTP/1.1" 404 1251 "-" "Mozilla/5.0 AppleWebKit/537.36 (KHTML, like Gecko; compatible; Amazonbot/0.1; +https://developer.amazon.com/support/amazonbot) Chrome/119.0.6045.214 Safari/537.36"
216.244.66.201 - - [30/Mar/2025:06:10:08 -0400] "GET /optimal-spinal-health-discovering-chiropractors-in-dubai/ HTTP/1.1" 404 1251 "-" "Mozilla/5.0 (compatible; DotBot/1.2; +https://opensiteexplorer.org/dotbot; help@moz.com)"
24.199.127.103 - - [30/Mar/2025:06:15:11 -0400] "GET /.env HTTP/1.1" 404 1251 "-" "Mozilla/5.0 (Macintosh; Intel Mac OS X 10.15; rv:77.0) Gecko/20100101 Firefox/77.0"
216.244.66.201 - - [30/Mar/2025:06:25:40 -0400] "GET /dp/B0CJKV1J9N?ref=MarsFS_SMP_B0CJKV1J9N HTTP/1.1" 404 1251 "-" "Mozilla/5.0 (compatible; DotBot/1.2; +https://opensiteexplorer.org/dotbot; help@moz.com)"
216.244.66.201 - - [30/Mar/2025:06:45:51 -0400] "GET /robots.txt HTTP/1.1" 304 0 "-" "Mozilla/5.0 (compatible; DotBot/1.2; +https://opensiteexplorer.org/dotbot; help@moz.com)"
52.7.13.143 - - [30/Mar/2025:06:50:19 -0400] "GET /dp/B0D484S271?ref=MarsFS_VICC_blinkhk HTTP/1.1" 404 1251 "-" "Mozilla/5.0 AppleWebKit/537.36 (KHTML, like Gecko; compatible; Amazonbot/0.1; +https://developer.amazon.com/support/amazonbot) Chrome/119.0.6045.214 Safari/537.36"
43.159.149.216 - - [30/Mar/2025:06:50:40 -0400] "GET / HTTP/1.1" 200 211281 "-" "Mozilla/5.0 (iPhone; CPU iPhone OS 13_2_3 like Mac OS X) AppleWebKit/605.1.15 (KHTML, like Gecko) Version/13.0.3 Mobile/15E148 Safari/604.1"
216.244.66.201 - - [30/Mar/2025:07:00:41 -0400] "GET /dp/B09B8YP8KY?ref=MarsFS_AUCC_cann HTTP/1.1" 404 1251 "-" "Mozilla/5.0 (compatible; DotBot/1.2; +https://opensiteexplorer.org/dotbot; help@moz.com)"
202.69.38.12 - - [30/Mar/2025:07:21:51 -0400] "HEAD / HTTP/1.1" 200 0 "https://realjuggahos.com/" "Mozilla/5.0 (Windows NT 10.0; Win64; x64) AppleWebKit/537.36 (KHTML, like Gecko) Chrome/91.0.4472.124 Safari/537.36"
167.172.130.206 - - [30/Mar/2025:08:03:00 -0400] "GET / HTTP/1.1" 200 211281 "-" "Mozilla/5.0 (Windows NT 10.0; Win64; x64) AppleWebKit/537.36 (KHTML, like Gecko) Chrome/80.0.3987.149 Safari/537.36"
167.172.130.206 - - [30/Mar/2025:08:03:01 -0400] "GET / HTTP/1.1" 200 211281 "-" "Mozilla/5.0 (Windows NT 10.0; Win64; x64) AppleWebKit/537.36 (KHTML, like Gecko) Chrome/80.0.3987.149 Safari/537.36"
167.172.130.206 - - [30/Mar/2025:08:03:01 -0400] "GET /wp-includes/wlwmanifest.xml HTTP/1.1" 404 1251 "-" "Mozilla/5.0 (Windows NT 10.0; Win64; x64) AppleWebKit/537.36 (KHTML, like Gecko) Chrome/80.0.3987.149 Safari/537.36"
198.54.114.83 - - [30/Mar/2025:08:03:14 -0400] "POST /wp-cron.php?doing_wp_cron=1743336194.1341159343719482421875 HTTP/1.1" 200 0 "-" "WordPress/6.7.2; https://realjuggahos.com"
167.172.130.206 - - [30/Mar/2025:08:03:02 -0400] "GET /xmlrpc.php?rsd HTTP/1.1" 200 308 "-" "Mozilla/5.0 (Windows NT 10.0; Win64; x64) AppleWebKit/537.36 (KHTML, like Gecko) Chrome/80.0.3987.149 Safari/537.36"
167.172.130.206 - - [30/Mar/2025:08:03:14 -0400] "GET /?author=1 HTTP/1.1" 200 211281 "-" "Mozilla/5.0 (Windows NT 10.0; Win64; x64) AppleWebKit/537.36 (KHTML, like Gecko) Chrome/80.0.3987.149 Safari/537.36"
167.172.130.206 - - [30/Mar/2025:08:03:15 -0400] "GET /?author=2 HTTP/1.1" 200 211281 "-" "Mozilla/5.0 (Windows NT 10.0; Win64; x64) AppleWebKit/537.36 (KHTML, like Gecko) Chrome/80.0.3987.149 Safari/537.36"
167.172.130.206 - - [30/Mar/2025:08:03:15 -0400] "GET /wp-json/wp/v2/users/ HTTP/1.1" 404 1251 "-" "Mozilla/5.0 (Windows NT 10.0; Win64; x64) AppleWebKit/537.36 (KHTML, like Gecko) Chrome/80.0.3987.149 Safari/537.36"
167.172.130.206 - - [30/Mar/2025:08:03:15 -0400] "GET /wp-json/oembed/1.0/embed?url=http://realjuggahos.com HTTP/1.1" 404 1251 "-" "Mozilla/5.0 (Windows NT 10.0; Win64; x64) AppleWebKit/537.36 (KHTML, like Gecko) Chrome/80.0.3987.149 Safari/537.36"
167.172.130.206 - - [30/Mar/2025:08:03:16 -0400] "POST /xmlrpc.php HTTP/1.1" 200 212 "-" "Mozilla/5.0 (Windows NT 10.0; Win64; x64) AppleWebKit/537.36 (KHTML, like Gecko) Chrome/80.0.3987.149 Safari/537.36"
167.172.130.206 - - [30/Mar/2025:08:03:16 -0400] "POST /xmlrpc.php HTTP/1.1" 503 7945 "-" "Mozilla/5.0 (Windows NT 10.0; Win64; x64) AppleWebKit/537.36 (KHTML, like Gecko) Chrome/80.0.3987.149 Safari/537.36"
114.168.236.183 - - [30/Mar/2025:08:19:33 -0400] "POST /wp-login.php HTTP/1.1" 200 0 "-" "Mozilla/5.0 (Windows NT 10.0; Win64; x64; rv:95.0) Gecko/20100101 Firefox/95.0"
198.54.114.83 - - [30/Mar/2025:08:19:37 -0400] "POST /wp-cron.php?doing_wp_cron=1743337177.1390609741210937500000 HTTP/1.1" 200 0 "-" "WordPress/6.7.2; https://realjuggahos.com"
198.54.114.83 - - [30/Mar/2025:08:19:39 -0400] "POST /wp-cron.php HTTP/1.1" 200 0 "-" "WordPress/6.7.2; https://realjuggahos.com"
45.148.10.237 - - [30/Mar/2025:08:20:27 -0400] "GET /11GgN1 HTTP/1.1" 404 1251 "-" "Mozilla/5.0 (Macintosh; Intel Mac OS X 10_15_7) AppleWebKit/537.36 Chrome/120.0.0.0"
196.251.80.22 - - [30/Mar/2025:08:36:04 -0400] "GET /wp-content/themes/seotheme/db.php?u HTTP/1.1" 404 1251 "www.google.com" "Mozlila/5.0 (Linux; Android 7.0; SM-G892A Bulid/NRD90M; wv) AppleWebKit/537.36 (KHTML, like Gecko) Version/4.0 Chrome/60.0.3112.107 Moblie Safari/537.36"
196.251.80.22 - - [30/Mar/2025:08:36:04 -0400] "POST /ALFA_DATA/alfacgiapi/perl.alfa HTTP/1.1" 404 1251 "www.google.com" "Mozlila/5.0 (Linux; Android 7.0; SM-G892A Bulid/NRD90M; wv) AppleWebKit/537.36 (KHTML, like Gecko) Version/4.0 Chrome/60.0.3112.107 Moblie Safari/537.36"
