140.245.43.10 - - [02/Apr/2025:06:55:33 -0400] "GET //wp-admin/maint/moon.php HTTP/1.1" 404 1251 "-" "Go-http-client/1.1"
140.245.43.10 - - [02/Apr/2025:06:55:35 -0400] "GET //wp-includes/ID3/moon.php HTTP/1.1" 404 1251 "-" "Go-http-client/1.1"
140.245.43.10 - - [02/Apr/2025:06:55:35 -0400] "GET //wp-includes/certificates/moon.php HTTP/1.1" 404 1251 "-" "Go-http-client/1.1"
140.245.43.10 - - [02/Apr/2025:06:55:36 -0400] "GET //wp-admin/includes/moon.php HTTP/1.1" 404 1251 "-" "Go-http-client/1.1"
140.245.43.10 - - [02/Apr/2025:06:55:37 -0400] "GET //wp-includes/IXR/moon.php HTTP/1.1" 404 1251 "-" "Go-http-client/1.1"
140.245.43.10 - - [02/Apr/2025:06:55:38 -0400] "GET //cjfuns.php HTTP/1.1" 404 1251 "-" "Go-http-client/1.1"
140.245.43.10 - - [02/Apr/2025:06:55:38 -0400] "GET //classfuns.php HTTP/1.1" 404 1251 "-" "Go-http-client/1.1"
140.245.43.10 - - [02/Apr/2025:06:55:39 -0400] "GET //tempfuns.php HTTP/1.1" 404 1251 "-" "Go-http-client/1.1"
140.245.43.10 - - [02/Apr/2025:06:55:40 -0400] "GET //adminfuns.php HTTP/1.1" 404 1251 "-" "Go-http-client/1.1"
140.245.43.10 - - [02/Apr/2025:06:55:41 -0400] "GET //nf_tracking.php HTTP/1.1" 404 1251 "-" "Go-http-client/1.1"
140.245.43.10 - - [02/Apr/2025:06:55:42 -0400] "GET //wp-content/wso.php HTTP/1.1" 404 1251 "-" "Go-http-client/1.1"
140.245.43.10 - - [02/Apr/2025:06:55:43 -0400] "GET //wp-includes/wso.php HTTP/1.1" 404 1251 "-" "Go-http-client/1.1"
140.245.43.10 - - [02/Apr/2025:06:55:43 -0400] "GET //wso.php HTTP/1.1" 404 1251 "-" "Go-http-client/1.1"
140.245.43.10 - - [02/Apr/2025:06:55:43 -0400] "GET //wp-content/uploads/wp-apxupx.php?apx=upx HTTP/1.1" 404 1251 "-" "Go-http-client/1.1"
140.245.43.10 - - [02/Apr/2025:06:55:44 -0400] "GET //wp-content/upgrade/class_api.php HTTP/1.1" 404 1251 "-" "Go-http-client/1.1"
140.245.43.10 - - [02/Apr/2025:06:55:45 -0400] "GET //cgi-bin/sgd.php HTTP/1.1" 404 1251 "-" "Go-http-client/1.1"
140.245.43.10 - - [02/Apr/2025:06:55:45 -0400] "GET //wp-admin/js/widgets/sgd.php HTTP/1.1" 404 1251 "-" "Go-http-client/1.1"
140.245.43.10 - - [02/Apr/2025:06:55:45 -0400] "GET //wp-apxupx.php?apx=upx HTTP/1.1" 404 1251 "-" "Go-http-client/1.1"
140.245.43.10 - - [02/Apr/2025:06:55:46 -0400] "GET //wp-includes/IXR/class.api.php HTTP/1.1" 404 1251 "-" "Go-http-client/1.1"
140.245.43.10 - - [02/Apr/2025:06:55:47 -0400] "GET //wp-content/languages/class_api.php HTTP/1.1" 404 1251 "-" "Go-http-client/1.1"
140.245.43.10 - - [02/Apr/2025:06:55:47 -0400] "GET //class_api.php HTTP/1.1" 404 1251 "-" "Go-http-client/1.1"
140.245.43.10 - - [02/Apr/2025:06:55:48 -0400] "GET //.well-known/acme-challenge/class_api.php HTTP/1.1" 404 1251 "-" "Go-http-client/1.1"
140.245.43.10 - - [02/Apr/2025:06:55:48 -0400] "GET //.tmb/mariju.php HTTP/1.1" 404 1251 "-" "Go-http-client/1.1"
140.245.43.10 - - [02/Apr/2025:06:55:49 -0400] "GET //wp-content/languages/themes/class_api.php HTTP/1.1" 404 1251 "-" "Go-http-client/1.1"
140.245.43.10 - - [02/Apr/2025:06:55:50 -0400] "GET //wp-admin/includes/class_api.php HTTP/1.1" 404 1251 "-" "Go-http-client/1.1"
140.245.43.10 - - [02/Apr/2025:06:55:50 -0400] "GET //wp-admin/js/widgets/class_api.php HTTP/1.1" 404 1251 "-" "Go-http-client/1.1"
140.245.43.10 - - [02/Apr/2025:06:55:50 -0400] "GET //wp-admin/network/class_api.php HTTP/1.1" 404 1251 "-" "Go-http-client/1.1"
140.245.43.10 - - [02/Apr/2025:06:55:51 -0400] "GET //.tmb/class_api.php HTTP/1.1" 404 1251 "-" "Go-http-client/1.1"
140.245.43.10 - - [02/Apr/2025:06:55:51 -0400] "GET //assets/class_api.php HTTP/1.1" 404 1251 "-" "Go-http-client/1.1"
140.245.43.10 - - [02/Apr/2025:06:55:51 -0400] "GET //common/css/class_api.php HTTP/1.1" 404 1251 "-" "Go-http-client/1.1"
140.245.43.10 - - [02/Apr/2025:06:55:52 -0400] "GET //common/img/class_api.php HTTP/1.1" 404 1251 "-" "Go-http-client/1.1"
140.245.43.10 - - [02/Apr/2025:06:55:52 -0400] "GET //.well-known/acme-challenge/mariju.php HTTP/1.1" 404 1251 "-" "Go-http-client/1.1"
140.245.43.10 - - [02/Apr/2025:06:55:53 -0400] "GET //wp-admin/user/class_api.php HTTP/1.1" 404 1251 "-" "Go-http-client/1.1"
140.245.43.10 - - [02/Apr/2025:06:55:53 -0400] "GET //wp-includes/rest-api/fields/cache/index.php HTTP/1.1" 404 1251 "-" "Go-http-client/1.1"
140.245.43.10 - - [02/Apr/2025:06:55:53 -0400] "GET //wp-content/themes/travel/issue.php HTTP/1.1" 404 1251 "-" "Go-http-client/1.1"
140.245.43.10 - - [02/Apr/2025:06:55:54 -0400] "GET //wp-includes/IXR/class_api.php HTTP/1.1" 404 1251 "-" "Go-http-client/1.1"
140.245.43.10 - - [02/Apr/2025:06:55:54 -0400] "GET //wp-includes/Requests/class_api.php HTTP/1.1" 404 1251 "-" "Go-http-client/1.1"
140.245.43.10 - - [02/Apr/2025:06:55:54 -0400] "GET //wp-includes/random_compat/class_api.php HTTP/1.1" 404 1251 "-" "Go-http-client/1.1"
140.245.43.10 - - [02/Apr/2025:06:55:55 -0400] "GET //wp-content/themes/hello-element/footer.php HTTP/1.1" 404 1251 "-" "Go-http-client/1.1"
195.200.29.225 - - [02/Apr/2025:07:00:02 -0400] "GET /non-conducting-thermal-paste/ HTTP/1.1" 404 1251 "http://realjuggahos.com/non-conducting-thermal-paste/" "Mozilla/5.0 (Windows NT 10.0; Win64; x64) AppleWebKit/537.36 (KHTML, like Gecko) Chrome/130.0.0.0 Safari/537.36"
195.200.29.225 - - [02/Apr/2025:07:00:06 -0400] "GET / HTTP/1.1" 200 211281 "http://realjuggahos.com/" "Mozilla/5.0 (Windows NT 10.0; Win64; x64) AppleWebKit/537.36 (KHTML, like Gecko) Chrome/130.0.0.0 Safari/537.36"
93.123.109.101 - - [02/Apr/2025:07:01:28 -0400] "GET /21YblE14ZTL.js HTTP/1.1" 404 1251 "-" "Mozilla/5.0 (Macintosh; Intel Mac OS X 10_15_7) AppleWebKit/537.36 Chrome/120.0.0.0"
167.172.130.206 - - [02/Apr/2025:07:03:36 -0400] "GET / HTTP/1.1" 200 211281 "-" "Mozilla/5.0 (Windows NT 10.0; Win64; x64) AppleWebKit/537.36 (KHTML, like Gecko) Chrome/80.0.3987.149 Safari/537.36"
167.172.130.206 - - [02/Apr/2025:07:03:38 -0400] "GET / HTTP/1.1" 200 211281 "-" "Mozilla/5.0 (Windows NT 10.0; Win64; x64) AppleWebKit/537.36 (KHTML, like Gecko) Chrome/80.0.3987.149 Safari/537.36"
167.172.130.206 - - [02/Apr/2025:07:03:40 -0400] "GET /wp-includes/wlwmanifest.xml HTTP/1.1" 404 1251 "-" "Mozilla/5.0 (Windows NT 10.0; Win64; x64) AppleWebKit/537.36 (KHTML, like Gecko) Chrome/80.0.3987.149 Safari/537.36"
198.54.114.83 - - [02/Apr/2025:07:03:49 -0400] "POST /wp-cron.php?doing_wp_cron=1743591827.7323839664459228515625 HTTP/1.1" 200 0 "-" "WordPress/6.7.2; https://realjuggahos.com"
167.172.130.206 - - [02/Apr/2025:07:03:40 -0400] "GET /xmlrpc.php?rsd HTTP/1.1" 200 308 "-" "Mozilla/5.0 (Windows NT 10.0; Win64; x64) AppleWebKit/537.36 (KHTML, like Gecko) Chrome/80.0.3987.149 Safari/537.36"
167.172.130.206 - - [02/Apr/2025:07:03:50 -0400] "GET /?author=1 HTTP/1.1" 200 211281 "-" "Mozilla/5.0 (Windows NT 10.0; Win64; x64) AppleWebKit/537.36 (KHTML, like Gecko) Chrome/80.0.3987.149 Safari/537.36"
167.172.130.206 - - [02/Apr/2025:07:03:53 -0400] "GET /?author=2 HTTP/1.1" 200 211281 "-" "Mozilla/5.0 (Windows NT 10.0; Win64; x64) AppleWebKit/537.36 (KHTML, like Gecko) Chrome/80.0.3987.149 Safari/537.36"
167.172.130.206 - - [02/Apr/2025:07:03:55 -0400] "GET /wp-json/wp/v2/users/ HTTP/1.1" 404 1251 "-" "Mozilla/5.0 (Windows NT 10.0; Win64; x64) AppleWebKit/537.36 (KHTML, like Gecko) Chrome/80.0.3987.149 Safari/537.36"
167.172.130.206 - - [02/Apr/2025:07:04:00 -0400] "GET /wp-json/oembed/1.0/embed?url=http://realjuggahos.com HTTP/1.1" 404 1251 "-" "Mozilla/5.0 (Windows NT 10.0; Win64; x64) AppleWebKit/537.36 (KHTML, like Gecko) Chrome/80.0.3987.149 Safari/537.36"
198.54.114.83 - - [02/Apr/2025:07:05:35 -0400] "POST /wp-cron.php?doing_wp_cron=1743591934.3993649482727050781250 HTTP/1.1" 200 0 "-" "WordPress/6.7.2; https://realjuggahos.com"
167.172.130.206 - - [02/Apr/2025:07:05:30 -0400] "POST /xmlrpc.php HTTP/1.1" 200 212 "-" "Mozilla/5.0 (Windows NT 10.0; Win64; x64) AppleWebKit/537.36 (KHTML, like Gecko) Chrome/80.0.3987.149 Safari/537.36"
198.54.114.83 - - [02/Apr/2025:07:07:21 -0400] "POST /wp-cron.php?doing_wp_cron=1743592041.0492460727691650390625 HTTP/1.1" 200 0 "-" "WordPress/6.7.2; https://realjuggahos.com"
167.172.130.206 - - [02/Apr/2025:07:07:17 -0400] "POST /xmlrpc.php HTTP/1.1" 503 7940 "-" "Mozilla/5.0 (Windows NT 10.0; Win64; x64) AppleWebKit/537.36 (KHTML, like Gecko) Chrome/80.0.3987.149 Safari/537.36"
216.244.66.201 - - [02/Apr/2025:07:08:28 -0400] "GET /robots.txt HTTP/1.1" 304 0 "-" "Mozilla/5.0 (compatible; DotBot/1.2; +https://opensiteexplorer.org/dotbot; help@moz.com)"
45.148.10.174 - - [02/Apr/2025:07:08:49 -0400] "GET / HTTP/1.1" 200 211281 "-" "Mozilla/5.0 (Windows NT 10.0; Win64; x64) AppleWebKit/537.36 Chrome/121.0.0.0"
43.153.12.58 - - [02/Apr/2025:07:15:57 -0400] "GET / HTTP/1.1" 200 211281 "-" "Mozilla/5.0 (iPhone; CPU iPhone OS 13_2_3 like Mac OS X) AppleWebKit/605.1.15 (KHTML, like Gecko) Version/13.0.3 Mobile/15E148 Safari/604.1"
216.244.66.201 - - [02/Apr/2025:07:17:23 -0400] "GET /bugatti-chiron-for-sale/ HTTP/1.1" 404 1251 "-" "Mozilla/5.0 (compatible; DotBot/1.2; +https://opensiteexplorer.org/dotbot; help@moz.com)"
216.244.66.201 - - [02/Apr/2025:07:17:28 -0400] "GET /so-reinigen-sie-ein-schneidebrett/feed/ HTTP/1.1" 404 1251 "-" "Mozilla/5.0 (compatible; DotBot/1.2; +https://opensiteexplorer.org/dotbot; help@moz.com)"
216.244.66.201 - - [02/Apr/2025:07:28:53 -0400] "GET /dp/B0BCR4YW51?ref=MarsFS_AUCC_eh HTTP/1.1" 404 1251 "-" "Mozilla/5.0 (compatible; DotBot/1.2; +https://opensiteexplorer.org/dotbot; help@moz.com)"
216.244.66.201 - - [02/Apr/2025:08:03:08 -0400] "GET /tilman-totzke-der-gitarrenlehrer-in-essen/ HTTP/1.1" 404 1251 "-" "Mozilla/5.0 (compatible; DotBot/1.2; +https://opensiteexplorer.org/dotbot; help@moz.com)"
216.244.66.201 - - [02/Apr/2025:08:05:22 -0400] "GET /student-loans-financial-aid-both-rise-in-2009-10/feed/ HTTP/1.1" 404 1251 "-" "Mozilla/5.0 (compatible; DotBot/1.2; +https://opensiteexplorer.org/dotbot; help@moz.com)"
216.244.66.201 - - [02/Apr/2025:08:09:55 -0400] "GET /the-interpretation-of-michael-jordans-coach/ HTTP/1.1" 404 1251 "-" "Mozilla/5.0 (compatible; DotBot/1.2; +https://opensiteexplorer.org/dotbot; help@moz.com)"
85.208.98.23 - - [02/Apr/2025:08:28:22 -0400] "GET /robots.txt HTTP/1.1" 304 0 "-" "Mozilla/5.0 (compatible; SemrushBot-BA; +http://www.semrush.com/bot.html)"
216.244.66.201 - - [02/Apr/2025:08:42:08 -0400] "GET /robots.txt HTTP/1.1" 304 0 "-" "Mozilla/5.0 (compatible; DotBot/1.2; +https://opensiteexplorer.org/dotbot; help@moz.com)"
216.244.66.201 - - [02/Apr/2025:08:50:28 -0400] "GET /pantoufles-dhopital-une-inclusion-essentielle-dans-le-sac-dhopital/ HTTP/1.1" 404 1251 "-" "Mozilla/5.0 (compatible; DotBot/1.2; +https://opensiteexplorer.org/dotbot; help@moz.com)"
216.244.66.201 - - [02/Apr/2025:08:53:10 -0400] "GET /what-is-upload-files/ HTTP/1.1" 404 1251 "-" "Mozilla/5.0 (compatible; DotBot/1.2; +https://opensiteexplorer.org/dotbot; help@moz.com)"
216.244.66.201 - - [02/Apr/2025:09:02:50 -0400] "GET /dp/B0C5QRZ47P?ref=MarsFS_VICC_STUC HTTP/1.1" 404 1251 "-" "Mozilla/5.0 (compatible; DotBot/1.2; +https://opensiteexplorer.org/dotbot; help@moz.com)"
216.244.66.201 - - [02/Apr/2025:09:04:12 -0400] "GET /dp/B09DRX62ZV?ref=MarsFS_VICC_spotlight HTTP/1.1" 404 1251 "-" "Mozilla/5.0 (compatible; DotBot/1.2; +https://opensiteexplorer.org/dotbot; help@moz.com)"
159.223.118.172 - - [02/Apr/2025:09:07:17 -0400] "GET /?rest_route=/wp/v2/users HTTP/1.1" 200 211281 "www.google.com" "Mozlila/5.0 (Linux; Android 7.0; SM-G892A Bulid/NRD90M; wv) AppleWebKit/537.36 (KHTML, like Gecko) Version/4.0 Chrome/60.0.3112.107 Moblie Safari/537.36"
216.244.66.201 - - [02/Apr/2025:09:33:45 -0400] "GET /comment-nettoyer-les-bijoux-en-or-a-la-maison/ HTTP/1.1" 404 1251 "-" "Mozilla/5.0 (compatible; DotBot/1.2; +https://opensiteexplorer.org/dotbot; help@moz.com)"
216.244.66.201 - - [02/Apr/2025:09:35:00 -0400] "GET /hamburg-fur-stressfreie-transporte/ HTTP/1.1" 404 1251 "-" "Mozilla/5.0 (compatible; DotBot/1.2; +https://opensiteexplorer.org/dotbot; help@moz.com)"
54.91.119.195 - - [02/Apr/2025:09:49:05 -0400] "GET //m.media-amazon.com/images/G/01/vap/video/airy2/prod/2.0.1460.0/js/airy.skin._CB485981857_.js HTTP/1.1" 404 1251 "-" "Mozilla/5.0 (Macintosh; Intel Mac OS X 10_13_6) AppleWebKit/605.1.15 (KHTML, like Gecko) Version/12.1 Safari/605.1.15"
54.91.119.195 - - [02/Apr/2025:09:49:05 -0400] "GET //images-fe.ssl-images-amazon.com/images/I/61PvIVKMYAL.js HTTP/1.1" 404 1251 "-" "Mozilla/5.0 (X11; Ubuntu; Linux x86_64; rv:49.0) Gecko/20100101 Firefox/49.0"
54.91.119.195 - - [02/Apr/2025:09:49:05 -0400] "GET //images-fe.ssl-images-amazon.com/images/I/41edV65p6-L.js HTTP/1.1" 404 1251 "-" "Mozilla/5.0 (Windows NT 6.1; Win64; x64) AppleWebKit/537.36 (KHTML, like Gecko) Chrome/69.0.3497.100 Safari/537.36"
54.91.119.195 - - [02/Apr/2025:09:49:05 -0400] "GET //m.media-amazon.com/images/I/01YgpCubxaL.js HTTP/1.1" 404 1251 "-" "Mozilla/5.0 (Windows NT 10.0; WOW64) AppleWebKit/537.36 (KHTML, like Gecko) Chrome/72.0.3626.121 Safari/537.36"
54.91.119.195 - - [02/Apr/2025:09:49:05 -0400] "GET //images-fe.ssl-images-amazon.com/images/I/41rRbrTuBFL.js HTTP/1.1" 404 1251 "-" "Mozilla/5.0 (Linux; Android 9; Mi A1) AppleWebKit/537.36 (KHTML, like Gecko) Chrome/76.0.3809.111 Mobile Safari/537.36"
54.91.119.195 - - [02/Apr/2025:09:49:05 -0400] "GET //c.amazon-adsystem.com/bao-csm/forensics/a9-tq-forensics-incremental.min.js HTTP/1.1" 404 1251 "-" "Mozilla/5.0 (Windows NT 10.0; WOW64) AppleWebKit/537.36 (KHTML, like Gecko) Maxthon/5.0.4.3000 Chrome/47.0.2526.73 Safari/537.36"
54.91.119.195 - - [02/Apr/2025:09:49:07 -0400] "GET //m.media-amazon.com/images/I/31diH2HLe8L.js HTTP/1.1" 404 1251 "-" "Nokia7250/1.0 (3.14) Profile/MIDP-1.0 Configuration/CLDC-1.0"
54.91.119.195 - - [02/Apr/2025:09:49:07 -0400] "GET //m.media-amazon.com/images/I/91N9kPxZ4QL.js HTTP/1.1" 404 1251 "-" "w3m/0.5.1"
54.91.119.195 - - [02/Apr/2025:09:49:07 -0400] "GET /service-worker.js HTTP/1.1" 404 1251 "-" "Mozilla/5.0 (Linux; Android 8.1.0; Redmi 6) AppleWebKit/537.36 (KHTML, like Gecko) Chrome/73.0.3683.90 Mobile Safari/537.36"
54.91.119.195 - - [02/Apr/2025:09:49:07 -0400] "GET //m.media-amazon.com/images/I/21T5HeBxb2L.js HTTP/1.1" 404 1251 "-" "Mozilla/5.0 (Linux; Android 9; SAMSUNG SM-G965F Build/PPR1.180610.011) AppleWebKit/537.36 (KHTML, like Gecko) SamsungBrowser/9.4 Chrome/67.0.3396.87 Mobile Safari/537.36"
54.91.119.195 - - [02/Apr/2025:09:49:07 -0400] "GET //m.media-amazon.com/images/I/71PGeFSJQRL.js HTTP/1.1" 404 1251 "-" "Mozilla/5.0 (Linux; Android 9; Pixel XL) AppleWebKit/537.36 (KHTML, like Gecko) Chrome/76.0.3809.89 Mobile Safari/537.36"
54.91.119.195 - - [02/Apr/2025:09:49:07 -0400] "GET //m.media-amazon.com/images/I/61Zv28mcCIL.js HTTP/1.1" 404 1251 "-" "Mozilla/5.0 (Linux; Android 9; JSN-AL00a Build/HONORJSN-AL00a; wv) AppleWebKit/537.36 (KHTML, like Gecko) Version/4.0 Chrome/66.0.3359.126 MQQBrowser/6.2 TBS/044807 Mobile Safari/537.36 MMWEBID/1961 MicroMessenger/7.0.6.1460(0x27000634) Process/tools NetType/WIFI Language/zh_CN"
54.91.119.195 - - [02/Apr/2025:09:49:07 -0400] "GET //m.media-amazon.com/images/I/313sHJh1gZL.js HTTP/1.1" 404 1251 "-" "Mozilla/5.0 (iPad; CPU OS 12_4 like Mac OS X) AppleWebKit/605.1.15 (KHTML, like Gecko) CriOS/76.0.3809.81 Mobile/15E148 Safari/605.1"
54.91.119.195 - - [02/Apr/2025:09:49:07 -0400] "GET //m.media-amazon.com/images/I/31g9ZHgCEBL.js HTTP/1.1" 404 1251 "-" "Mozilla/5.0 (Windows NT 6.1; WOW64) AppleWebKit/537.36 (KHTML like Gecko) Chrome/28.0.1469.0 Safari/537.36"
54.91.119.195 - - [02/Apr/2025:09:49:07 -0400] "GET //m.media-amazon.com/images/I/41y1nCmf9WL.js HTTP/1.1" 404 1251 "-" "Mozilla/5.0 (Linux; U; Android 0.5; en-us) AppleWebKit/522 (KHTML, like Gecko) Safari/419.3"
54.91.119.195 - - [02/Apr/2025:09:49:07 -0400] "GET //m.media-amazon.com/images/I/11cPrFWdvGL.js HTTP/1.1" 404 1251 "-" "Mozilla/4.0 (compatible; MSIE 5.5; Windows NT 5.0 )"
54.91.119.195 - - [02/Apr/2025:09:49:07 -0400] "GET //m.media-amazon.com/images/I/31FE2k3SYqL.js HTTP/1.1" 404 1251 "-" "Mozilla/5.0 (Linux; Android 6.0.1; OPPO A57 Build/MMB29M; wv) AppleWebKit/537.36 (KHTML, like Gecko) Version/4.0 Chrome/66.0.3359.126 MQQBrowser/6.2 TBS/044813 Mobile Safari/537.36 MMWEBID/6886 MicroMessenger/7.0.6.1460(0x27000634) Process/tools NetType/WIFI Language/zh_CN"
54.91.119.195 - - [02/Apr/2025:09:51:24 -0400] "GET //images-fe.ssl-images-amazon.com/images/I/61PvIVKMYAL.js HTTP/1.1" 404 1251 "-" "Mozilla/5.0 (Macintosh; U; Intel Mac OS X 10_6_4; en-US) AppleWebKit/534.3 (KHTML, like Gecko) Chrome/6.0.464.0 Safari/534.3"
54.91.119.195 - - [02/Apr/2025:09:51:24 -0400] "GET //images-fe.ssl-images-amazon.com/images/I/41rRbrTuBFL.js HTTP/1.1" 404 1251 "-" "Mozilla/5.0 (X11; Linux x86_64) AppleWebKit/537.36 (KHTML, like Gecko) Ubuntu Chromium/71.0.3578.98 Chrome/71.0.3578.98 Safari/537.36"
54.91.119.195 - - [02/Apr/2025:09:51:24 -0400] "GET //images-fe.ssl-images-amazon.com/images/I/41edV65p6-L.js HTTP/1.1" 404 1251 "-" "Mozilla/5.0 (Windows NT 6.1; Win64; x64) AppleWebKit/537.36 (KHTML, like Gecko) Chrome/68.0.3440.84 Safari/537.36"
54.91.119.195 - - [02/Apr/2025:09:51:24 -0400] "GET //m.media-amazon.com/images/I/31FE2k3SYqL.js HTTP/1.1" 404 1251 "-" "Mozilla/5.0 (Windows NT 6.3; Win64; x64) AppleWebKit/537.36 (KHTML, like Gecko) Chrome/76.0.3809.87 Safari/537.36"
54.91.119.195 - - [02/Apr/2025:09:51:24 -0400] "GET //images-fe.ssl-images-amazon.com/images/I/31bJewCvY-L.js HTTP/1.1" 404 1251 "-" "Mozilla/5.0 (Symbian/3; Series60/5.2 NokiaE7-00/010.016; Profile/MIDP-2.1 Configuration/CLDC-1.1 ) AppleWebKit/525 (KHTML, like Gecko) Version/3.0 BrowserNG/7.2.7.3 3gpp-gba"
54.91.119.195 - - [02/Apr/2025:09:51:24 -0400] "GET //m.media-amazon.com/images/I/41y1nCmf9WL.js HTTP/1.1" 404 1251 "-" "Mozilla/5.0 (Linux; U; Android 2.3.4; en-us; BNTV250 Build/GINGERBREAD) AppleWebKit/533.1 (KHTML, like Gecko) Version/4.0 Safari/533.1"
54.91.119.195 - - [02/Apr/2025:09:51:24 -0400] "GET //m.media-amazon.com/images/I/91N9kPxZ4QL.js HTTP/1.1" 404 1251 "-" "Mozilla/5.0 (Windows NT 6.1; WOW64) AppleWebKit/537.36 (KHTML, like Gecko) Chrome/74.0.3729.169 Safari/537.36"
54.91.119.195 - - [02/Apr/2025:09:51:24 -0400] "GET //m.media-amazon.com/images/G/01/csm/showads.v2.js HTTP/1.1" 404 1251 "-" "Mozilla/5.0 (Macintosh; U; Intel Mac OS X 10_6_5; en-US) AppleWebKit/534.13 (KHTML, like Gecko) Chrome/9.0.597.15 Safari/534.13"
54.91.119.195 - - [02/Apr/2025:09:51:24 -0400] "GET //m.media-amazon.com/images/I/31vB5DAPhsL.js HTTP/1.1" 404 1251 "-" "Mozilla/5.0 (iPhone; U; CPU iPhone OS) (compatible; Googlebot-Mobile/2.1; http://www.google.com/bot.html)"
54.91.119.195 - - [02/Apr/2025:09:51:24 -0400] "GET //m.media-amazon.com/images/I/81LmaXL9x7L.js HTTP/1.1" 404 1251 "-" "Mozilla/5.0 (X11; U; FreeBSD; i386; en-US; rv:1.7) Gecko"
54.91.119.195 - - [02/Apr/2025:09:51:24 -0400] "GET //m.media-amazon.com/images/I/21T5HeBxb2L.js HTTP/1.1" 404 1251 "-" "Mozilla/5.0 (Macintosh; Intel Mac OS X 10_14_6) AppleWebKit/537.36 (KHTML, like Gecko) Chrome/75.0.3770.80 Safari/537.36"
54.91.119.195 - - [02/Apr/2025:09:51:24 -0400] "GET //m.media-amazon.com/images/I/313sHJh1gZL.js HTTP/1.1" 404 1251 "-" "Mozilla/5.0 (Linux; Android 9; vivo 1805) AppleWebKit/537.36 (KHTML, like Gecko) Chrome/75.0.3770.101 Mobile Safari/537.36"
54.91.119.195 - - [02/Apr/2025:09:51:24 -0400] "GET /service-worker.js HTTP/1.1" 404 1251 "-" "Mozilla/5.0 (Windows NT 10.0; Win64; x64) AppleWebKit/537.36 (KHTML, like Gecko) Chrome/78.0.3866.0 Safari/537.36"
54.91.119.195 - - [02/Apr/2025:09:51:24 -0400] "GET //m.media-amazon.com/images/I/31g9ZHgCEBL.js HTTP/1.1" 404 1251 "-" "Mozilla/5.0 (Windows NT 6.3; Win64; x64) AppleWebKit/537.36 (KHTML, like Gecko) Chrome/74.0.3729.169 Safari/537.36"
54.91.119.195 - - [02/Apr/2025:09:51:24 -0400] "GET //m.media-amazon.com/images/I/61Zv28mcCIL.js HTTP/1.1" 404 1251 "-" "Mozilla/5.0 (Linux; Android 6.0; Lenovo A7000-a Build/MRA58K) AppleWebKit/537.36 (KHTML, like Gecko) Chrome/67.0.3396.87 Mobile Safari/537.36"
54.91.119.195 - - [02/Apr/2025:09:51:24 -0400] "GET //m.media-amazon.com/images/I/11obTMtbIdL.js HTTP/1.1" 404 1251 "-" "Mozilla/5.0 (compatible; MSIE 10.6; Windows NT 6.1; Trident/5.0; InfoPath.2; SLCC1; .NET CLR 3.0.4506.2152; .NET CLR 3.5.30729; .NET CLR 2.0.50727) 3gpp-gba UNTRUSTED/1.0"
194.127.173.102 - - [02/Apr/2025:10:04:47 -0400] "GET /top-5-uk-cbd-gummies/ HTTP/1.1" 404 1251 "http://realjuggahos.com/top-5-uk-cbd-gummies/" "Mozilla/5.0 (Windows NT 10.0; Win64; x64) AppleWebKit/537.36 (KHTML, like Gecko) Chrome/129.0.0.0 Safari/537.36"
194.127.173.102 - - [02/Apr/2025:10:04:48 -0400] "GET / HTTP/1.1" 200 211281 "http://realjuggahos.com/" "Mozilla/5.0 (Windows NT 10.0; Win64; x64) AppleWebKit/537.36 (KHTML, like Gecko) Chrome/129.0.0.0 Safari/537.36"
216.244.66.201 - - [02/Apr/2025:10:05:04 -0400] "GET /product-reviews/B0DG4WZZPV/ref=acr_dp_hist_1?ie=UTF8&filterByStar=one_star&reviewerType=all_reviews HTTP/1.1" 404 1251 "-" "Mozilla/5.0 (compatible; DotBot/1.2; +https://opensiteexplorer.org/dotbot; help@moz.com)"
216.244.66.201 - - [02/Apr/2025:10:14:23 -0400] "GET /robots.txt HTTP/1.1" 304 0 "-" "Mozilla/5.0 (compatible; DotBot/1.2; +https://opensiteexplorer.org/dotbot; help@moz.com)"
195.20.18.175 - - [02/Apr/2025:10:20:29 -0400] "GET /assets/admin/plugins/jquery-file-upload/server/php/index.php?file=tf2rghf.jpg HTTP/1.1" 404 1251 "-" "ALittle Client"
216.244.66.201 - - [02/Apr/2025:10:24:05 -0400] "GET /optimal-spinal-health-discovering-chiropractors-in-dubai/ HTTP/1.1" 404 1251 "-" "Mozilla/5.0 (compatible; DotBot/1.2; +https://opensiteexplorer.org/dotbot; help@moz.com)"
216.244.66.201 - - [02/Apr/2025:10:37:18 -0400] "GET /dp/B0CJKV1J9N?ref=MarsFS_SMP_B0CJKV1J9N HTTP/1.1" 404 1251 "-" "Mozilla/5.0 (compatible; DotBot/1.2; +https://opensiteexplorer.org/dotbot; help@moz.com)"
125.75.66.97 - - [02/Apr/2025:10:42:30 -0400] "GET / HTTP/1.1" 200 211281 "-" "Mozilla/5.0 (iPhone; CPU iPhone OS 13_2_3 like Mac OS X) AppleWebKit/605.1.15 (KHTML, like Gecko) Version/13.0.3 Mobile/15E148 Safari/604.1"
196.251.118.228 - - [02/Apr/2025:10:45:27 -0400] "GET /.env HTTP/1.1" 404 1251 "-" "Mozilla/5.0 (Macintosh; Intel Mac OS X 10.15; rv:77.0) Gecko/20100101 Firefox/77.0"
223.109.252.213 - - [02/Apr/2025:10:52:32 -0400] "GET /robots.txt HTTP/1.1" 200 23 "-" "Sogou web spider/4.0(+http://www.sogou.com/docs/help/webmasters.htm#07)"
216.244.66.201 - - [02/Apr/2025:11:00:17 -0400] "GET /robots.txt HTTP/1.1" 304 0 "-" "Mozilla/5.0 (compatible; DotBot/1.2; +https://opensiteexplorer.org/dotbot; help@moz.com)"
216.244.66.201 - - [02/Apr/2025:11:17:44 -0400] "GET /dp/B09B8YP8KY?ref=MarsFS_AUCC_cann HTTP/1.1" 404 1251 "-" "Mozilla/5.0 (compatible; DotBot/1.2; +https://opensiteexplorer.org/dotbot; help@moz.com)"
41.216.188.14 - - [02/Apr/2025:11:35:04 -0400] "GET /wp-content/plugins/WordPressCore/include.php HTTP/1.1" 404 1251 "www.google.com" "Mozlila/5.0 (Linux; Android 7.0; SM-G892A Bulid/NRD90M; wv) AppleWebKit/537.36 (KHTML, like Gecko) Version/4.0 Chrome/60.0.3112.107 Moblie Safari/537.36"
43.130.139.136 - - [02/Apr/2025:12:04:35 -0400] "GET / HTTP/1.1" 200 211281 "-" "Mozilla/5.0 (iPhone; CPU iPhone OS 13_2_3 like Mac OS X) AppleWebKit/605.1.15 (KHTML, like Gecko) Version/13.0.3 Mobile/15E148 Safari/604.1"
2a03:2880:27ff:4:: - - [02/Apr/2025:12:12:17 -0400] "GET /robots.txt HTTP/1.1" 304 0 "-" "facebookexternalhit/1.1 (+http://www.facebook.com/externalhit_uatext.php)"
2a03:2880:f800:16:: - - [02/Apr/2025:12:12:18 -0400] "GET / HTTP/1.1" 200 211281 "-" "meta-externalagent/1.1 (+https://developers.facebook.com/docs/sharing/webmasters/crawler)"
93.123.109.101 - - [02/Apr/2025:12:18:07 -0400] "GET /11Rf82oewsL.js HTTP/1.1" 404 1251 "-" "Mozilla/5.0 (Macintosh; Intel Mac OS X 10_15_7) AppleWebKit/537.36 Chrome/120.0.0.0"
2607:5300:60:7e27::1 - - [02/Apr/2025:12:24:58 -0400] "GET / HTTP/1.1" 200 211281 "-" "Mozilla/5.0 (Windows NT 10.0; Win64; x64; rv:118.0) Gecko/20100101 Firefox/118.0"
216.244.66.201 - - [02/Apr/2025:12:31:28 -0400] "GET /robots.txt HTTP/1.1" 304 0 "-" "Mozilla/5.0 (compatible; DotBot/1.2; +https://opensiteexplorer.org/dotbot; help@moz.com)"
93.123.109.101 - - [02/Apr/2025:12:43:58 -0400] "GET /41aT8jJQVvL.js HTTP/1.1" 404 1251 "-" "Mozilla/5.0 (Macintosh; Intel Mac OS X 10_15_7) AppleWebKit/537.36 Chrome/120.0.0.0"
216.244.66.201 - - [02/Apr/2025:12:47:48 -0400] "GET /dp/B09B2RL8CG?ref=MarsFS_AUCC_hyp HTTP/1.1" 404 1251 "-" "Mozilla/5.0 (compatible; DotBot/1.2; +https://opensiteexplorer.org/dotbot; help@moz.com)"
185.245.105.171 - - [02/Apr/2025:12:54:34 -0400] "GET / HTTP/1.1" 200 211281 "http://realjuggahos.com/" "Mozilla/5.0 (Windows NT 10.0; Win64; x64) AppleWebKit/537.36 (KHTML, like Gecko) Chrome/130.0.0.0 Safari/537.36"
206.189.151.18 - - [02/Apr/2025:12:56:02 -0400] "GET / HTTP/1.1" 200 211281 "-" "Mozilla/5.0 (Windows NT 10.0; Win64; x64) AppleWebKit/537.36 (KHTML, like Gecko) Chrome/78.0.3904.108 Safari/537.36"
206.189.151.18 - - [02/Apr/2025:12:56:03 -0400] "GET / HTTP/1.1" 200 211281 "-" "Mozilla/5.0 (Windows NT 10.0; Win64; x64) AppleWebKit/537.36 (KHTML, like Gecko) Chrome/78.0.3904.108 Safari/537.36"
206.189.151.18 - - [02/Apr/2025:12:56:03 -0400] "GET /wp-includes/wlwmanifest.xml HTTP/1.1" 404 1251 "-" "Mozilla/5.0 (Windows NT 10.0; Win64; x64) AppleWebKit/537.36 (KHTML, like Gecko) Chrome/78.0.3904.108 Safari/537.36"
198.54.114.83 - - [02/Apr/2025:12:56:12 -0400] "POST /wp-cron.php?doing_wp_cron=1743612971.2260780334472656250000 HTTP/1.1" 200 0 "-" "WordPress/6.7.2; https://realjuggahos.com"
206.189.151.18 - - [02/Apr/2025:12:56:04 -0400] "GET /xmlrpc.php?rsd HTTP/1.1" 200 308 "-" "Mozilla/5.0 (Windows NT 10.0; Win64; x64) AppleWebKit/537.36 (KHTML, like Gecko) Chrome/78.0.3904.108 Safari/537.36"
206.189.151.18 - - [02/Apr/2025:12:56:13 -0400] "GET /?author=1 HTTP/1.1" 200 211281 "-" "Mozilla/5.0 (Windows NT 10.0; Win64; x64) AppleWebKit/537.36 (KHTML, like Gecko) Chrome/78.0.3904.108 Safari/537.36"
206.189.151.18 - - [02/Apr/2025:12:56:15 -0400] "GET /?author=2 HTTP/1.1" 200 211281 "-" "Mozilla/5.0 (Windows NT 10.0; Win64; x64) AppleWebKit/537.36 (KHTML, like Gecko) Chrome/78.0.3904.108 Safari/537.36"
206.189.151.18 - - [02/Apr/2025:12:56:16 -0400] "GET /wp-json/wp/v2/users/ HTTP/1.1" 404 1251 "-" "Mozilla/5.0 (Windows NT 10.0; Win64; x64) AppleWebKit/537.36 (KHTML, like Gecko) Chrome/78.0.3904.108 Safari/537.36"
206.189.151.18 - - [02/Apr/2025:12:56:16 -0400] "GET /wp-json/oembed/1.0/embed?url=http://realjuggahos.com HTTP/1.1" 404 1251 "-" "Mozilla/5.0 (Windows NT 10.0; Win64; x64) AppleWebKit/537.36 (KHTML, like Gecko) Chrome/78.0.3904.108 Safari/537.36"
206.189.151.18 - - [02/Apr/2025:12:56:17 -0400] "POST /xmlrpc.php HTTP/1.1" 200 236 "-" "Mozilla/5.0 (Windows NT 10.0; Win64; x64) AppleWebKit/537.36 (KHTML, like Gecko) Chrome/78.0.3904.108 Safari/537.36"
206.189.151.18 - - [02/Apr/2025:12:56:19 -0400] "POST /xmlrpc.php HTTP/1.1" 200 236 "-" "Mozilla/5.0 (Windows NT 10.0; Win64; x64) AppleWebKit/537.36 (KHTML, like Gecko) Chrome/78.0.3904.108 Safari/537.36"
206.189.151.18 - - [02/Apr/2025:12:56:21 -0400] "POST /xmlrpc.php HTTP/1.1" 200 236 "-" "Mozilla/5.0 (Windows NT 10.0; Win64; x64) AppleWebKit/537.36 (KHTML, like Gecko) Chrome/78.0.3904.108 Safari/537.36"
206.189.151.18 - - [02/Apr/2025:12:56:22 -0400] "POST /xmlrpc.php HTTP/1.1" 200 236 "-" "Mozilla/5.0 (Windows NT 10.0; Win64; x64) AppleWebKit/537.36 (KHTML, like Gecko) Chrome/78.0.3904.108 Safari/537.36"
206.189.151.18 - - [02/Apr/2025:12:56:23 -0400] "POST /xmlrpc.php HTTP/1.1" 200 236 "-" "Mozilla/5.0 (Windows NT 10.0; Win64; x64) AppleWebKit/537.36 (KHTML, like Gecko) Chrome/78.0.3904.108 Safari/537.36"
206.189.151.18 - - [02/Apr/2025:12:56:25 -0400] "POST /xmlrpc.php HTTP/1.1" 200 236 "-" "Mozilla/5.0 (Windows NT 10.0; Win64; x64) AppleWebKit/537.36 (KHTML, like Gecko) Chrome/78.0.3904.108 Safari/537.36"
198.54.114.83 - - [02/Apr/2025:12:59:39 -0400] "POST /wp-cron.php?doing_wp_cron=1743613179.0863599777221679687500 HTTP/1.1" 200 0 "-" "WordPress/6.7.2; https://realjuggahos.com"
193.187.92.143 - - [02/Apr/2025:12:59:36 -0400] "GET /wp-login.php HTTP/1.1" 302 0 "http://realjuggahos.com/wp-login.php" "Mozilla/5.0 (Windows NT 10.0; Win64; x64) AppleWebKit/537.36 (KHTML, like Gecko) Chrome/86.0.4240.198 Safari/537.36"
46.41.137.48 - - [02/Apr/2025:13:03:36 -0400] "GET /wp-login.php HTTP/1.1" 302 0 "-" "Mozilla/5.0 (Windows NT 10.0; Win64; x64; rv:74.0) Gecko/20100101 Firefox/74.0"
198.54.114.83 - - [02/Apr/2025:13:03:44 -0400] "POST /wp-cron.php?doing_wp_cron=1743613422.3185329437255859375000 HTTP/1.1" 200 0 "-" "WordPress/6.7.2; https://realjuggahos.com"
2.58.56.137 - - [02/Apr/2025:13:18:18 -0400] "GET / HTTP/1.1" 200 211281 "-" "Mozilla/5.0 (Windows NT 10.0; Win64; x64) AppleWebKit/537.36 (KHTML, like Gecko) Chrome/104.0.0.0 Safari/537.36"
2.58.56.137 - - [02/Apr/2025:13:18:19 -0400] "GET / HTTP/1.1" 200 211281 "-" "Mozilla/5.0 (Windows NT 10.0; Win64; x64) AppleWebKit/537.36 (KHTML, like Gecko) Chrome/104.0.0.0 Safari/537.36"
2.58.56.137 - - [02/Apr/2025:13:18:20 -0400] "GET /wp HTTP/1.1" 404 1251 "-" "Mozilla/5.0 (Windows NT 10.0; Win64; x64) AppleWebKit/537.36 (KHTML, like Gecko) Chrome/104.0.0.0 Safari/537.36"
2.58.56.137 - - [02/Apr/2025:13:18:20 -0400] "GET /wordpress HTTP/1.1" 404 1251 "-" "Mozilla/5.0 (Windows NT 10.0; Win64; x64) AppleWebKit/537.36 (KHTML, like Gecko) Chrome/104.0.0.0 Safari/537.36"
198.54.114.83 - - [02/Apr/2025:13:18:26 -0400] "POST /wp-cron.php?doing_wp_cron=1743614306.4255979061126708984375 HTTP/1.1" 200 0 "-" "WordPress/6.7.2; https://realjuggahos.com"
2.58.56.137 - - [02/Apr/2025:13:18:21 -0400] "GET /wp-login.php HTTP/1.1" 302 0 "-" "Mozilla/5.0 (Windows NT 10.0; Win64; x64) AppleWebKit/537.36 (KHTML, like Gecko) Chrome/104.0.0.0 Safari/537.36"
2.58.56.137 - - [02/Apr/2025:13:18:27 -0400] "GET /blog HTTP/1.1" 404 1251 "-" "Mozilla/5.0 (Windows NT 10.0; Win64; x64) AppleWebKit/537.36 (KHTML, like Gecko) Chrome/104.0.0.0 Safari/537.36"
2.58.56.137 - - [02/Apr/2025:13:18:27 -0400] "GET /administrator/index.php HTTP/1.1" 404 1251 "-" "Mozilla/5.0 (Windows NT 10.0; Win64; x64) AppleWebKit/537.36 (KHTML, like Gecko) Chrome/104.0.0.0 Safari/537.36"
43.134.29.139 - - [02/Apr/2025:13:20:32 -0400] "GET /non-conducting-thermal-paste/ HTTP/1.1" 404 1251 "http://realjuggahos.com" "Mozilla/5.0 (Windows NT 10.0; Win64; x64) AppleWebKit/537.36 (KHTML, like Gecko) Chrome/62.0.3202.94 Safari/537.36"
43.134.29.139 - - [02/Apr/2025:13:20:34 -0400] "GET /non-conducting-thermal-paste/ HTTP/1.1" 404 1251 "http://realjuggahos.com" "Mozilla/5.0 (Windows NT 10.0; Win64; x64) AppleWebKit/537.36 (KHTML, like Gecko) Chrome/62.0.3202.94 Safari/537.36"
43.134.29.139 - - [02/Apr/2025:13:20:37 -0400] "GET /non-conducting-thermal-paste/ HTTP/1.1" 404 1251 "http://realjuggahos.com" "Mozilla/5.0 (Windows NT 10.0; Win64; x64) AppleWebKit/537.36 (KHTML, like Gecko) Chrome/62.0.3202.94 Safari/537.36"
43.134.29.139 - - [02/Apr/2025:13:20:39 -0400] "GET /non-conducting-thermal-paste/ HTTP/1.1" 404 1251 "http://realjuggahos.com" "Mozilla/5.0 (Windows NT 10.0; Win64; x64) AppleWebKit/537.36 (KHTML, like Gecko) Chrome/62.0.3202.94 Safari/537.36"
93.123.109.101 - - [02/Apr/2025:13:30:55 -0400] "GET /31vI2qZfDdL.js HTTP/1.1" 404 1251 "-" "Mozilla/5.0 (Macintosh; Intel Mac OS X 10_15_7) AppleWebKit/537.36 Chrome/120.0.0.0"
85.208.98.23 - - [02/Apr/2025:13:34:01 -0400] "GET /robots.txt HTTP/1.1" 200 23 "-" "Mozilla/5.0 (compatible; SemrushBot-BA; +http://www.semrush.com/bot.html)"
93.123.109.101 - - [02/Apr/2025:13:37:18 -0400] "GET /216mhluQMRL.js HTTP/1.1" 404 1251 "-" "Mozilla/5.0 (Windows NT 10.0; Win64; x64) AppleWebKit/537.36 Chrome/121.0.0.0"
93.123.109.101 - - [02/Apr/2025:13:37:32 -0400] "GET /41Debmz01QL.js HTTP/1.1" 404 1251 "-" "Mozilla/5.0 (Macintosh; Intel Mac OS X 10_15_7) AppleWebKit/537.36 Chrome/120.0.0.0"
114.119.151.165 - - [02/Apr/2025:13:49:21 -0400] "GET /robots.txt HTTP/1.1" 200 23 "-" "Mozilla/5.0 (compatible;PetalBot;+https://webmaster.petalsearch.com/site/petalbot)"
93.123.109.101 - - [02/Apr/2025:13:51:32 -0400] "GET /211sUPEIzRL.js HTTP/1.1" 404 1251 "-" "Mozilla/5.0 (Macintosh; Intel Mac OS X 10_15_7) AppleWebKit/537.36 Chrome/120.0.0.0"
167.99.69.132 - - [02/Apr/2025:14:04:16 -0400] "GET /wp-content/uploads/2017-------/09/wp-console.php HTTP/1.1" 404 1251 "-" "Mozilla/5.0 (Linux; Android 11; M2010J19SI) AppleWebKit/537.36 (KHTML, like Gecko) Chrome/109.0.0.0 Mobile Safari/537.36"
167.99.69.132 - - [02/Apr/2025:14:04:20 -0400] "GET /wp-includes/js/crop/uword.php HTTP/1.1" 404 1251 "-" "Mozilla/5.0 (Linux; Android 11; M2010J19SI) AppleWebKit/537.36 (KHTML, like Gecko) Chrome/109.0.0.0 Mobile Safari/537.36"
167.99.69.132 - - [02/Apr/2025:14:04:23 -0400] "GET /wp-content/themes/bltm/wp-login.php HTTP/1.1" 404 1251 "-" "Mozilla/5.0 (Linux; Android 11; M2010J19SI) AppleWebKit/537.36 (KHTML, like Gecko) Chrome/109.0.0.0 Mobile Safari/537.36"
167.99.69.132 - - [02/Apr/2025:14:04:25 -0400] "GET /autoload_classmap.php HTTP/1.1" 404 1251 "-" "Mozilla/5.0 (Linux; Android 11; M2010J19SI) AppleWebKit/537.36 (KHTML, like Gecko) Chrome/109.0.0.0 Mobile Safari/537.36"
167.99.69.132 - - [02/Apr/2025:14:04:27 -0400] "GET /wp-content/uploads/2014/07/olx.php HTTP/1.1" 404 1251 "-" "Mozilla/5.0 (Linux; Android 11; M2010J19SI) AppleWebKit/537.36 (KHTML, like Gecko) Chrome/109.0.0.0 Mobile Safari/537.36"
167.99.69.132 - - [02/Apr/2025:14:04:32 -0400] "GET /wp-admin/css/colors/midnight/index.php HTTP/1.1" 404 1251 "-" "Mozilla/5.0 (Linux; Android 11; M2010J19SI) AppleWebKit/537.36 (KHTML, like Gecko) Chrome/109.0.0.0 Mobile Safari/537.36"
167.99.69.132 - - [02/Apr/2025:14:04:36 -0400] "GET /wp-content/uploads/2020/wp-couldent.php.suspected HTTP/1.1" 404 1251 "-" "Mozilla/5.0 (Linux; Android 11; M2010J19SI) AppleWebKit/537.36 (KHTML, like Gecko) Chrome/109.0.0.0 Mobile Safari/537.36"
167.99.69.132 - - [02/Apr/2025:14:04:39 -0400] "GET /wp-content/plugins/523453244/ninja.php HTTP/1.1" 404 1251 "-" "Mozilla/5.0 (Linux; Android 11; M2010J19SI) AppleWebKit/537.36 (KHTML, like Gecko) Chrome/109.0.0.0 Mobile Safari/537.36"
167.99.69.132 - - [02/Apr/2025:14:04:46 -0400] "GET /wp-includes/js/imgareaselect/index.php HTTP/1.1" 404 1251 "-" "Mozilla/5.0 (Linux; Android 11; M2010J19SI) AppleWebKit/537.36 (KHTML, like Gecko) Chrome/109.0.0.0 Mobile Safari/537.36"
167.99.69.132 - - [02/Apr/2025:14:04:49 -0400] "GET /wp-includes/PHPMailer/load.php HTTP/1.1" 404 1251 "-" "Mozilla/5.0 (Linux; Android 11; M2010J19SI) AppleWebKit/537.36 (KHTML, like Gecko) Chrome/109.0.0.0 Mobile Safari/537.36"
167.99.69.132 - - [02/Apr/2025:14:04:52 -0400] "GET /wp-links.php HTTP/1.1" 404 1251 "-" "Mozilla/5.0 (Linux; Android 11; M2010J19SI) AppleWebKit/537.36 (KHTML, like Gecko) Chrome/109.0.0.0 Mobile Safari/537.36"
167.99.69.132 - - [02/Apr/2025:14:04:55 -0400] "GET /wp-aa.php HTTP/1.1" 404 1251 "-" "Mozilla/5.0 (Linux; Android 11; M2010J19SI) AppleWebKit/537.36 (KHTML, like Gecko) Chrome/109.0.0.0 Mobile Safari/537.36"
167.99.69.132 - - [02/Apr/2025:14:04:57 -0400] "GET /wp-content/themes/travelscape/json.php HTTP/1.1" 404 1251 "-" "Mozilla/5.0 (Linux; Android 11; M2010J19SI) AppleWebKit/537.36 (KHTML, like Gecko) Chrome/109.0.0.0 Mobile Safari/537.36"
167.99.69.132 - - [02/Apr/2025:14:05:02 -0400] "GET /wp-content/themes/travel/issue.php HTTP/1.1" 404 1251 "-" "Mozilla/5.0 (Linux; Android 11; M2010J19SI) AppleWebKit/537.36 (KHTML, like Gecko) Chrome/109.0.0.0 Mobile Safari/537.36"
167.99.69.132 - - [02/Apr/2025:14:05:10 -0400] "GET /about.php HTTP/1.1" 404 1251 "-" "Mozilla/5.0 (Linux; Android 11; M2010J19SI) AppleWebKit/537.36 (KHTML, like Gecko) Chrome/109.0.0.0 Mobile Safari/537.36"
167.99.69.132 - - [02/Apr/2025:14:05:13 -0400] "GET /xx.php HTTP/1.1" 404 1251 "-" "Mozilla/5.0 (Linux; Android 11; M2010J19SI) AppleWebKit/537.36 (KHTML, like Gecko) Chrome/109.0.0.0 Mobile Safari/537.36"
167.99.69.132 - - [02/Apr/2025:14:05:17 -0400] "GET /wp-content/themes/digital-download/new.php HTTP/1.1" 404 1251 "-" "Mozilla/5.0 (Linux; Android 11; M2010J19SI) AppleWebKit/537.36 (KHTML, like Gecko) Chrome/109.0.0.0 Mobile Safari/537.36"
167.99.69.132 - - [02/Apr/2025:14:05:21 -0400] "GET /epinyins.php HTTP/1.1" 404 1251 "-" "Mozilla/5.0 (Linux; Android 11; M2010J19SI) AppleWebKit/537.36 (KHTML, like Gecko) Chrome/109.0.0.0 Mobile Safari/537.36"
167.99.69.132 - - [02/Apr/2025:14:05:25 -0400] "GET /wp-admin/dropdown.php HTTP/1.1" 404 1251 "-" "Mozilla/5.0 (Linux; Android 11; M2010J19SI) AppleWebKit/537.36 (KHTML, like Gecko) Chrome/109.0.0.0 Mobile Safari/537.36"
167.99.69.132 - - [02/Apr/2025:14:05:29 -0400] "GET /dropdown.php HTTP/1.1" 404 1251 "-" "Mozilla/5.0 (Linux; Android 11; M2010J19SI) AppleWebKit/537.36 (KHTML, like Gecko) Chrome/109.0.0.0 Mobile Safari/537.36"
216.244.66.201 - - [02/Apr/2025:14:05:36 -0400] "GET /robots.txt HTTP/1.1" 304 0 "-" "Mozilla/5.0 (compatible; DotBot/1.2; +https://opensiteexplorer.org/dotbot; help@moz.com)"
167.99.69.132 - - [02/Apr/2025:14:05:36 -0400] "GET /wp-admin/css/index.php HTTP/1.1" 404 1251 "-" "Mozilla/5.0 (Linux; Android 11; M2010J19SI) AppleWebKit/537.36 (KHTML, like Gecko) Chrome/109.0.0.0 Mobile Safari/537.36"
167.99.69.132 - - [02/Apr/2025:14:05:39 -0400] "GET /wp-content/mah.php HTTP/1.1" 404 1251 "-" "Mozilla/5.0 (Linux; Android 11; M2010J19SI) AppleWebKit/537.36 (KHTML, like Gecko) Chrome/109.0.0.0 Mobile Safari/537.36"
167.99.69.132 - - [02/Apr/2025:14:05:43 -0400] "GET /wp-content/item.php HTTP/1.1" 404 1251 "-" "Mozilla/5.0 (Linux; Android 11; M2010J19SI) AppleWebKit/537.36 (KHTML, like Gecko) Chrome/109.0.0.0 Mobile Safari/537.36"
167.99.69.132 - - [02/Apr/2025:14:05:46 -0400] "GET /wp-content/plugins/shell/about.php HTTP/1.1" 404 1251 "-" "Mozilla/5.0 (Linux; Android 11; M2010J19SI) AppleWebKit/537.36 (KHTML, like Gecko) Chrome/109.0.0.0 Mobile Safari/537.36"
167.99.69.132 - - [02/Apr/2025:14:05:49 -0400] "GET /wp-content/plugins/pwnd/pwnd.php HTTP/1.1" 404 1251 "-" "Mozilla/5.0 (Linux; Android 11; M2010J19SI) AppleWebKit/537.36 (KHTML, like Gecko) Chrome/109.0.0.0 Mobile Safari/537.36"
167.99.69.132 - - [02/Apr/2025:14:05:53 -0400] "GET /wp-content/plugins/fix/up.php HTTP/1.1" 404 1251 "-" "Mozilla/5.0 (Linux; Android 11; M2010J19SI) AppleWebKit/537.36 (KHTML, like Gecko) Chrome/109.0.0.0 Mobile Safari/537.36"
167.99.69.132 - - [02/Apr/2025:14:05:54 -0400] "GET /wp-content/plugins/ph-file-manager/wp-file.php HTTP/1.1" 404 1251 "-" "Mozilla/5.0 (Linux; Android 11; M2010J19SI) AppleWebKit/537.36 (KHTML, like Gecko) Chrome/109.0.0.0 Mobile Safari/537.36"
167.99.69.132 - - [02/Apr/2025:14:05:58 -0400] "GET /wp-content/plugins/root-file-manager/wp-file.php HTTP/1.1" 404 1251 "-" "Mozilla/5.0 (Linux; Android 11; M2010J19SI) AppleWebKit/537.36 (KHTML, like Gecko) Chrome/109.0.0.0 Mobile Safari/537.36"
167.99.69.132 - - [02/Apr/2025:14:06:02 -0400] "GET /wp-content/plugins/wp-help/mini.php HTTP/1.1" 404 1251 "-" "Mozilla/5.0 (Linux; Android 11; M2010J19SI) AppleWebKit/537.36 (KHTML, like Gecko) Chrome/109.0.0.0 Mobile Safari/537.36"
167.99.69.132 - - [02/Apr/2025:14:06:06 -0400] "GET /wp-content/themes/travel/issue.php HTTP/1.1" 404 1251 "-" "Mozilla/5.0 (Linux; Android 11; M2010J19SI) AppleWebKit/537.36 (KHTML, like Gecko) Chrome/109.0.0.0 Mobile Safari/537.36"
167.99.69.132 - - [02/Apr/2025:14:06:12 -0400] "GET /wp-content/themes/jaida/lang.php HTTP/1.1" 404 1251 "-" "Mozilla/5.0 (Linux; Android 11; M2010J19SI) AppleWebKit/537.36 (KHTML, like Gecko) Chrome/109.0.0.0 Mobile Safari/537.36"
167.99.69.132 - - [02/Apr/2025:14:06:14 -0400] "GET /wp-l0gin.php HTTP/1.1" 404 1251 "-" "Mozilla/5.0 (Linux; Android 11; M2010J19SI) AppleWebKit/537.36 (KHTML, like Gecko) Chrome/109.0.0.0 Mobile Safari/537.36"
167.99.69.132 - - [02/Apr/2025:14:06:19 -0400] "GET /ext.php HTTP/1.1" 404 1251 "-" "Mozilla/5.0 (Linux; Android 11; M2010J19SI) AppleWebKit/537.36 (KHTML, like Gecko) Chrome/109.0.0.0 Mobile Safari/537.36"
167.99.69.132 - - [02/Apr/2025:14:06:24 -0400] "GET /wp-l0gin.php HTTP/1.1" 404 1251 "-" "Mozilla/5.0 (Linux; Android 11; M2010J19SI) AppleWebKit/537.36 (KHTML, like Gecko) Chrome/109.0.0.0 Mobile Safari/537.36"
216.244.66.201 - - [02/Apr/2025:14:15:40 -0400] "GET /all-about-allen-head-bolts/feed/ HTTP/1.1" 404 1251 "-" "Mozilla/5.0 (compatible; DotBot/1.2; +https://opensiteexplorer.org/dotbot; help@moz.com)"
216.244.66.201 - - [02/Apr/2025:14:15:47 -0400] "GET /what-is-facebook-marketplace/feed/ HTTP/1.1" 404 1251 "-" "Mozilla/5.0 (compatible; DotBot/1.2; +https://opensiteexplorer.org/dotbot; help@moz.com)"
161.97.132.59 - - [02/Apr/2025:14:16:10 -0400] "GET /wp-includes/ HTTP/1.1" 403 1242 "-" "Mozlila/5.0 (Linux; Android 7.0; SM-G892A Bulid/NRD90M; wv) AppleWebKit/537.36 (KHTML, like Gecko) Version/4.0 Chrome/60.0.3112.107 Moblie Safari/537.36"
161.97.132.59 - - [02/Apr/2025:14:16:13 -0400] "GET /wp-content/uploads/ HTTP/1.1" 403 1242 "-" "Mozlila/5.0 (Linux; Android 7.0; SM-G892A Bulid/NRD90M; wv) AppleWebKit/537.36 (KHTML, like Gecko) Version/4.0 Chrome/60.0.3112.107 Moblie Safari/537.36"
161.97.132.59 - - [02/Apr/2025:14:16:16 -0400] "GET /wp-content/plugins/ HTTP/1.1" 403 7162 "-" "Mozlila/5.0 (Linux; Android 7.0; SM-G892A Bulid/NRD90M; wv) AppleWebKit/537.36 (KHTML, like Gecko) Version/4.0 Chrome/60.0.3112.107 Moblie Safari/537.36"
161.97.132.59 - - [02/Apr/2025:14:16:21 -0400] "GET /wp-admin/maint/ HTTP/1.1" 403 1242 "-" "Mozlila/5.0 (Linux; Android 7.0; SM-G892A Bulid/NRD90M; wv) AppleWebKit/537.36 (KHTML, like Gecko) Version/4.0 Chrome/60.0.3112.107 Moblie Safari/537.36"
161.97.132.59 - - [02/Apr/2025:14:16:24 -0400] "GET /wp-admin/includes/ HTTP/1.1" 403 1242 "-" "Mozlila/5.0 (Linux; Android 7.0; SM-G892A Bulid/NRD90M; wv) AppleWebKit/537.36 (KHTML, like Gecko) Version/4.0 Chrome/60.0.3112.107 Moblie Safari/537.36"
161.97.132.59 - - [02/Apr/2025:14:16:27 -0400] "GET /wp-includes/ID3/ HTTP/1.1" 403 1242 "-" "Mozlila/5.0 (Linux; Android 7.0; SM-G892A Bulid/NRD90M; wv) AppleWebKit/537.36 (KHTML, like Gecko) Version/4.0 Chrome/60.0.3112.107 Moblie Safari/537.36"
161.97.132.59 - - [02/Apr/2025:14:16:31 -0400] "GET /wp-includes/IXR/ HTTP/1.1" 403 1242 "-" "Mozlila/5.0 (Linux; Android 7.0; SM-G892A Bulid/NRD90M; wv) AppleWebKit/537.36 (KHTML, like Gecko) Version/4.0 Chrome/60.0.3112.107 Moblie Safari/537.36"
161.97.132.59 - - [02/Apr/2025:14:16:36 -0400] "GET /.well-known/ HTTP/1.1" 404 1251 "-" "Mozlila/5.0 (Linux; Android 7.0; SM-G892A Bulid/NRD90M; wv) AppleWebKit/537.36 (KHTML, like Gecko) Version/4.0 Chrome/60.0.3112.107 Moblie Safari/537.36"
161.97.132.59 - - [02/Apr/2025:14:16:40 -0400] "GET /images/ HTTP/1.1" 404 1251 "-" "Mozlila/5.0 (Linux; Android 7.0; SM-G892A Bulid/NRD90M; wv) AppleWebKit/537.36 (KHTML, like Gecko) Version/4.0 Chrome/60.0.3112.107 Moblie Safari/537.36"
161.97.132.59 - - [02/Apr/2025:14:16:43 -0400] "GET /assets/ HTTP/1.1" 404 1251 "-" "Mozlila/5.0 (Linux; Android 7.0; SM-G892A Bulid/NRD90M; wv) AppleWebKit/537.36 (KHTML, like Gecko) Version/4.0 Chrome/60.0.3112.107 Moblie Safari/537.36"
161.97.132.59 - - [02/Apr/2025:14:16:48 -0400] "GET /test/ HTTP/1.1" 404 1251 "-" "Mozlila/5.0 (Linux; Android 7.0; SM-G892A Bulid/NRD90M; wv) AppleWebKit/537.36 (KHTML, like Gecko) Version/4.0 Chrome/60.0.3112.107 Moblie Safari/537.36"
161.97.132.59 - - [02/Apr/2025:14:16:51 -0400] "GET /img/ HTTP/1.1" 404 1251 "-" "Mozlila/5.0 (Linux; Android 7.0; SM-G892A Bulid/NRD90M; wv) AppleWebKit/537.36 (KHTML, like Gecko) Version/4.0 Chrome/60.0.3112.107 Moblie Safari/537.36"
161.97.132.59 - - [02/Apr/2025:14:16:54 -0400] "GET /wp-content/mu-plugins/ HTTP/1.1" 404 1251 "-" "Mozlila/5.0 (Linux; Android 7.0; SM-G892A Bulid/NRD90M; wv) AppleWebKit/537.36 (KHTML, like Gecko) Version/4.0 Chrome/60.0.3112.107 Moblie Safari/537.36"
161.97.132.59 - - [02/Apr/2025:14:16:55 -0400] "GET /components/ HTTP/1.1" 404 1251 "-" "Mozlila/5.0 (Linux; Android 7.0; SM-G892A Bulid/NRD90M; wv) AppleWebKit/537.36 (KHTML, like Gecko) Version/4.0 Chrome/60.0.3112.107 Moblie Safari/537.36"
161.97.132.59 - - [02/Apr/2025:14:16:59 -0400] "GET /wp-includes/js/ HTTP/1.1" 403 1242 "-" "Mozlila/5.0 (Linux; Android 7.0; SM-G892A Bulid/NRD90M; wv) AppleWebKit/537.36 (KHTML, like Gecko) Version/4.0 Chrome/60.0.3112.107 Moblie Safari/537.36"
161.97.132.59 - - [02/Apr/2025:14:17:01 -0400] "GET /wp-admin/css/ HTTP/1.1" 403 1242 "-" "Mozlila/5.0 (Linux; Android 7.0; SM-G892A Bulid/NRD90M; wv) AppleWebKit/537.36 (KHTML, like Gecko) Version/4.0 Chrome/60.0.3112.107 Moblie Safari/537.36"
161.97.132.59 - - [02/Apr/2025:14:17:03 -0400] "GET /wp-content/ HTTP/1.1" 403 7162 "-" "Mozlila/5.0 (Linux; Android 7.0; SM-G892A Bulid/NRD90M; wv) AppleWebKit/537.36 (KHTML, like Gecko) Version/4.0 Chrome/60.0.3112.107 Moblie Safari/537.36"
161.97.132.59 - - [02/Apr/2025:14:17:06 -0400] "GET /wp-content/themes/ HTTP/1.1" 403 7162 "-" "Mozlila/5.0 (Linux; Android 7.0; SM-G892A Bulid/NRD90M; wv) AppleWebKit/537.36 (KHTML, like Gecko) Version/4.0 Chrome/60.0.3112.107 Moblie Safari/537.36"
161.97.132.59 - - [02/Apr/2025:14:17:09 -0400] "GET /wp-admin/ HTTP/1.1" 403 7162 "-" "Mozlila/5.0 (Linux; Android 7.0; SM-G892A Bulid/NRD90M; wv) AppleWebKit/537.36 (KHTML, like Gecko) Version/4.0 Chrome/60.0.3112.107 Moblie Safari/537.36"
161.97.132.59 - - [02/Apr/2025:14:17:11 -0400] "GET /uploads/ HTTP/1.1" 404 1251 "-" "Mozlila/5.0 (Linux; Android 7.0; SM-G892A Bulid/NRD90M; wv) AppleWebKit/537.36 (KHTML, like Gecko) Version/4.0 Chrome/60.0.3112.107 Moblie Safari/537.36"
161.97.132.59 - - [02/Apr/2025:14:17:13 -0400] "GET /upload/ HTTP/1.1" 404 1251 "-" "Mozlila/5.0 (Linux; Android 7.0; SM-G892A Bulid/NRD90M; wv) AppleWebKit/537.36 (KHTML, like Gecko) Version/4.0 Chrome/60.0.3112.107 Moblie Safari/537.36"
161.97.132.59 - - [02/Apr/2025:14:17:15 -0400] "GET /home/ HTTP/1.1" 404 1251 "-" "Mozlila/5.0 (Linux; Android 7.0; SM-G892A Bulid/NRD90M; wv) AppleWebKit/537.36 (KHTML, like Gecko) Version/4.0 Chrome/60.0.3112.107 Moblie Safari/537.36"
161.97.132.59 - - [02/Apr/2025:14:17:16 -0400] "GET /files/ HTTP/1.1" 404 1251 "-" "Mozlila/5.0 (Linux; Android 7.0; SM-G892A Bulid/NRD90M; wv) AppleWebKit/537.36 (KHTML, like Gecko) Version/4.0 Chrome/60.0.3112.107 Moblie Safari/537.36"
93.123.109.101 - - [02/Apr/2025:14:20:13 -0400] "GET /51OPVIB HTTP/1.1" 404 1251 "-" "Mozilla/5.0 (Macintosh; Intel Mac OS X 10_15_7) AppleWebKit/537.36 Chrome/120.0.0.0"
216.244.66.201 - - [02/Apr/2025:14:23:14 -0400] "GET /dp/B0CG2TPLJV?ref=MarsFS_VICC_PNTC HTTP/1.1" 404 1251 "-" "Mozilla/5.0 (compatible; DotBot/1.2; +https://opensiteexplorer.org/dotbot; help@moz.com)"
43.130.102.7 - - [02/Apr/2025:14:42:37 -0400] "GET / HTTP/1.1" 200 211281 "-" "Mozilla/5.0 (iPhone; CPU iPhone OS 13_2_3 like Mac OS X) AppleWebKit/605.1.15 (KHTML, like Gecko) Version/13.0.3 Mobile/15E148 Safari/604.1"
216.244.66.201 - - [02/Apr/2025:14:43:13 -0400] "GET /product-reviews/B0DG4WZZPV/ref=acr_dp_hist_4?ie=UTF8&filterByStar=four_star&reviewerType=all_reviews HTTP/1.1" 404 1251 "-" "Mozilla/5.0 (compatible; DotBot/1.2; +https://opensiteexplorer.org/dotbot; help@moz.com)"
216.244.66.201 - - [02/Apr/2025:14:52:41 -0400] "GET /robots.txt HTTP/1.1" 200 23 "-" "Mozilla/5.0 (compatible; DotBot/1.2; +https://opensiteexplorer.org/dotbot; help@moz.com)"
93.123.109.101 - - [02/Apr/2025:15:03:48 -0400] "GET /01j2lSa3E HTTP/1.1" 404 1251 "-" "Mozilla/5.0 (Windows NT 10.0; Win64; x64) AppleWebKit/537.36 Chrome/121.0.0.0"
216.244.66.201 - - [02/Apr/2025:15:05:35 -0400] "GET /should-you-buy-an-extended-warranty-car/ HTTP/1.1" 404 1251 "-" "Mozilla/5.0 (compatible; DotBot/1.2; +https://opensiteexplorer.org/dotbot; help@moz.com)"
216.244.66.201 - - [02/Apr/2025:15:08:23 -0400] "GET /sample-page/feed/ HTTP/1.1" 404 1251 "-" "Mozilla/5.0 (compatible; DotBot/1.2; +https://opensiteexplorer.org/dotbot; help@moz.com)"
40.88.25.216 - - [02/Apr/2025:15:09:33 -0400] "HEAD /wordpress HTTP/1.1" 404 0 "-" "Mozilla/5.0 (Windows NT 10.0; Win64; x64) AppleWebKit/537.36 (KHTML, like Gecko) Chrome/74.0.3729.169 Safari/537.36"
40.88.25.216 - - [02/Apr/2025:15:09:34 -0400] "HEAD / HTTP/1.1" 200 0 "-" "Mozilla/5.0 (Windows NT 10.0; Win64; x64) AppleWebKit/537.36 (KHTML, like Gecko) Chrome/74.0.3729.169 Safari/537.36"
40.88.25.216 - - [02/Apr/2025:15:09:34 -0400] "HEAD /wp HTTP/1.1" 404 0 "-" "Mozilla/5.0 (Windows NT 10.0; Win64; x64) AppleWebKit/537.36 (KHTML, like Gecko) Chrome/74.0.3729.169 Safari/537.36"
40.88.25.216 - - [02/Apr/2025:15:09:36 -0400] "HEAD /bc HTTP/1.1" 404 0 "-" "Mozilla/5.0 (Windows NT 10.0; Win64; x64) AppleWebKit/537.36 (KHTML, like Gecko) Chrome/74.0.3729.169 Safari/537.36"
40.88.25.216 - - [02/Apr/2025:15:09:38 -0400] "HEAD /bk HTTP/1.1" 404 0 "-" "Mozilla/5.0 (Windows NT 10.0; Win64; x64) AppleWebKit/537.36 (KHTML, like Gecko) Chrome/74.0.3729.169 Safari/537.36"
40.88.25.216 - - [02/Apr/2025:15:09:39 -0400] "HEAD /backup HTTP/1.1" 404 0 "-" "Mozilla/5.0 (Windows NT 10.0; Win64; x64) AppleWebKit/537.36 (KHTML, like Gecko) Chrome/74.0.3729.169 Safari/537.36"
40.88.25.216 - - [02/Apr/2025:15:09:40 -0400] "HEAD /old HTTP/1.1" 404 0 "-" "Mozilla/5.0 (Windows NT 10.0; Win64; x64) AppleWebKit/537.36 (KHTML, like Gecko) Chrome/74.0.3729.169 Safari/537.36"
40.88.25.216 - - [02/Apr/2025:15:09:42 -0400] "HEAD /new HTTP/1.1" 404 0 "-" "Mozilla/5.0 (Windows NT 10.0; Win64; x64) AppleWebKit/537.36 (KHTML, like Gecko) Chrome/74.0.3729.169 Safari/537.36"
40.88.25.216 - - [02/Apr/2025:15:09:42 -0400] "HEAD /main HTTP/1.1" 404 0 "-" "Mozilla/5.0 (Windows NT 10.0; Win64; x64) AppleWebKit/537.36 (KHTML, like Gecko) Chrome/74.0.3729.169 Safari/537.36"
40.88.25.216 - - [02/Apr/2025:15:09:43 -0400] "HEAD /home HTTP/1.1" 404 0 "-" "Mozilla/5.0 (Windows NT 10.0; Win64; x64) AppleWebKit/537.36 (KHTML, like Gecko) Chrome/74.0.3729.169 Safari/537.36"
216.244.66.201 - - [02/Apr/2025:15:11:12 -0400] "GET /gp/profile/amzn1.account.AF5FRYZXCS7TKUJBS42LJ5SIYFCQ/ref=cm_cr_dp_d_gw_tr?ie=UTF8 HTTP/1.1" 404 1251 "-" "Mozilla/5.0 (compatible; DotBot/1.2; +https://opensiteexplorer.org/dotbot; help@moz.com)"
93.123.109.101 - - [02/Apr/2025:15:26:29 -0400] "GET /sushi-client.js HTTP/1.1" 404 1251 "-" "Mozilla/5.0 (Windows NT 10.0; Win64; x64) AppleWebKit/537.36 Chrome/121.0.0.0"
