34.127.29.78 - - [04/Apr/2025:17:22:31 -0400] "GET /choosing-the-right-nozzle-for-fire-hose/ HTTP/1.1" 404 0 "-" "Mozilla/5.0 (Macintosh; Intel Mac OS X 10.15; rv:109.0) Gecko/20100101 Firefox/116.0"
85.208.96.204 - - [04/Apr/2025:17:22:37 -0400] "GET /maximizing-space-smart-ideas-for-small-bathroom-renovations/ HTTP/1.1" 404 1251 "-" "Mozilla/5.0 (compatible; SemrushBot/7~bl; +http://www.semrush.com/bot.html)"
2a02:598:96:8a00::1200:122 - - [04/Apr/2025:17:23:50 -0400] "GET /top-7-most-enchanting-bays-in-vietnam/ HTTP/1.1" 404 1251 "-" "Mozilla/5.0 (compatible; SeznamBot/4.0; +https://o-seznam.cz/napoveda/vyhledavani/en/seznambot-crawler/)"
66.249.73.194 - - [04/Apr/2025:17:25:40 -0400] "GET /robots.txt HTTP/1.1" 304 0 "-" "Mozilla/5.0 (compatible; Googlebot/2.1; +http://www.google.com/bot.html)"
66.249.73.195 - - [04/Apr/2025:17:25:40 -0400] "GET /how-nail-polish-technology-has-changed-over-time/ HTTP/1.1" 404 1251 "-" "Mozilla/5.0 (Linux; Android 6.0.1; Nexus 5X Build/MMB29P) AppleWebKit/537.36 (KHTML, like Gecko) Chrome/134.0.6998.165 Mobile Safari/537.36 (compatible; Googlebot/2.1; +http://www.google.com/bot.html)"
34.145.20.211 - - [04/Apr/2025:17:29:53 -0400] "GET /breast-milk-leak-catcher/ HTTP/1.1" 404 1251 "-" "Mozilla/5.0 (Macintosh; Intel Mac OS X 10_15_7) AppleWebKit/605.1.15 (KHTML, like Gecko) Version/17.0 Safari/605.1.15"
34.127.29.78 - - [04/Apr/2025:17:30:49 -0400] "GET /how-to-design-an-outdoor-led-display/ HTTP/1.1" 404 1251 "-" "Mozilla/5.0 (Macintosh; Intel Mac OS X 10_15_7) AppleWebKit/605.1.15 (KHTML, like Gecko) Version/17.0 Safari/605.1.15"
34.83.238.29 - - [04/Apr/2025:17:30:59 -0400] "GET /adventure-travel-missouri/ HTTP/1.1" 404 1251 "-" "Mozilla/5.0 (Macintosh; Intel Mac OS X 10.15; rv:109.0) Gecko/20100101 Firefox/116.0"
85.208.96.193 - - [04/Apr/2025:17:33:19 -0400] "GET /unveiling-mypopsox-revolutionizing-comfort-and-style-in-socks/ HTTP/1.1" 404 1251 "-" "Mozilla/5.0 (compatible; SemrushBot/7~bl; +http://www.semrush.com/bot.html)"
34.83.238.29 - - [04/Apr/2025:17:36:10 -0400] "GET /quantum-energy-healing-a-holistic-approach-to-wellness/ HTTP/1.1" 404 0 "-" "Mozilla/5.0 (Macintosh; Intel Mac OS X 10_15_7) AppleWebKit/605.1.15 (KHTML, like Gecko) Version/17.0 Safari/605.1.15"
34.169.216.138 - - [04/Apr/2025:17:36:25 -0400] "GET /nusa-penida-island-tour/ HTTP/1.1" 404 1251 "-" "Mozilla/5.0 (Windows NT 10.0; Win64; x64) AppleWebKit/537.36 (KHTML, like Gecko) Chrome/123.0.0.0 Safari/537.36"
34.145.20.211 - - [04/Apr/2025:17:36:42 -0400] "GET /the-versatility-of-steak/ HTTP/1.1" 404 0 "-" "Mozilla/5.0 (Macintosh; Intel Mac OS X 10_15_7) AppleWebKit/605.1.15 (KHTML, like Gecko) Version/17.0 Safari/605.1.15"
34.169.189.46 - - [04/Apr/2025:17:37:59 -0400] "GET /in-the-realm-of-modern-wellness/ HTTP/1.1" 404 0 "-" "Mozilla/5.0 (Macintosh; Intel Mac OS X 10_15_7) AppleWebKit/605.1.15 (KHTML, like Gecko) Version/17.0 Safari/605.1.15"
34.169.189.46 - - [04/Apr/2025:17:37:59 -0400] "GET /junkyard-fort-myers/ HTTP/1.1" 404 0 "-" "Mozilla/5.0 (Macintosh; Intel Mac OS X 10_15_7) AppleWebKit/605.1.15 (KHTML, like Gecko) Version/17.0 Safari/605.1.15"
85.208.96.196 - - [04/Apr/2025:17:38:47 -0400] "GET /robots.txt HTTP/1.1" 304 0 "-" "Mozilla/5.0 (compatible; SemrushBot/7~bl; +http://www.semrush.com/bot.html)"
185.191.171.8 - - [04/Apr/2025:17:38:51 -0400] "GET /sapa-the-amazing-beauty/ HTTP/1.1" 404 1251 "-" "Mozilla/5.0 (compatible; SemrushBot/7~bl; +http://www.semrush.com/bot.html)"
34.19.85.195 - - [04/Apr/2025:17:39:05 -0400] "GET /how-to-read-a-screw-size-chart/ HTTP/1.1" 404 1251 "-" "Mozilla/5.0 (Windows NT 10.0; Win64; x64) AppleWebKit/537.36 (KHTML, like Gecko) Chrome/123.0.0.0 Safari/537.36"
34.19.85.195 - - [04/Apr/2025:17:39:06 -0400] "GET /buy-youtube-views-online-non-drop/ HTTP/1.1" 404 1251 "-" "Mozilla/5.0 (Macintosh; Intel Mac OS X 10_15_7) AppleWebKit/605.1.15 (KHTML, like Gecko) Version/17.0 Safari/605.1.15"
34.127.29.78 - - [04/Apr/2025:17:39:22 -0400] "GET /doctor-of-oriental-medicine-omd-a-growing-profession-in-traditional-chinese-medicine/ HTTP/1.1" 404 1251 "-" "Mozilla/5.0 (Windows NT 10.0; Win64; x64) AppleWebKit/537.36 (KHTML, like Gecko) Chrome/123.0.0.0 Safari/537.36"
34.169.31.233 - - [04/Apr/2025:17:40:31 -0400] "GET /how-to-select-a-custom-socks-manufacturer/ HTTP/1.1" 404 0 "-" "Mozilla/5.0 (Windows NT 10.0; Win64; x64) AppleWebKit/537.36 (KHTML, like Gecko) Chrome/123.0.0.0 Safari/537.36"
34.169.175.120 - - [04/Apr/2025:17:40:37 -0400] "GET /boostmeup-review-buy-custom-youtube-comments/ HTTP/1.1" 404 0 "-" "Mozilla/5.0 (Macintosh; Intel Mac OS X 10.15; rv:109.0) Gecko/20100101 Firefox/116.0"
34.169.189.46 - - [04/Apr/2025:17:41:49 -0400] "GET /how-to-check-for-an-online-warrant-for-your-arrest/ HTTP/1.1" 404 1251 "-" "Mozilla/5.0 (Macintosh; Intel Mac OS X 10.15; rv:109.0) Gecko/20100101 Firefox/116.0"
34.169.31.233 - - [04/Apr/2025:17:44:47 -0400] "GET /bad-dad-jokes/ HTTP/1.1" 404 0 "-" "Mozilla/5.0 (Windows NT 10.0; Win64; x64) AppleWebKit/537.36 (KHTML, like Gecko) Chrome/123.0.0.0 Safari/537.36"
34.169.189.46 - - [04/Apr/2025:17:45:37 -0400] "GET /healthy-eating-for-teenagers-how-can-the-kids-eat-healthy/ HTTP/1.1" 404 0 "-" "Mozilla/5.0 (Windows NT 10.0; Win64; x64) AppleWebKit/537.36 (KHTML, like Gecko) Chrome/123.0.0.0 Safari/537.36"
85.208.96.205 - - [04/Apr/2025:17:46:18 -0400] "GET /few-important-reasons-to-hire-houston-injury-lawyer/ HTTP/1.1" 404 1251 "-" "Mozilla/5.0 (compatible; SemrushBot/7~bl; +http://www.semrush.com/bot.html)"
34.169.31.233 - - [04/Apr/2025:17:49:53 -0400] "GET /shine-bright-how-to-clean-your-silver-necklace/ HTTP/1.1" 404 1251 "-" "Mozilla/5.0 (Macintosh; Intel Mac OS X 10.15; rv:109.0) Gecko/20100101 Firefox/116.0"
85.208.96.199 - - [04/Apr/2025:17:50:02 -0400] "GET /using-energy-bracelets-to-manifest-your-intentions-and-goals/ HTTP/1.1" 404 1251 "-" "Mozilla/5.0 (compatible; SemrushBot/7~bl; +http://www.semrush.com/bot.html)"
34.145.20.211 - - [04/Apr/2025:17:50:26 -0400] "GET /banners/your-ad-here/ HTTP/1.1" 404 1251 "-" "Mozilla/5.0 (Macintosh; Intel Mac OS X 10_15_7) AppleWebKit/605.1.15 (KHTML, like Gecko) Version/17.0 Safari/605.1.15"
34.169.31.233 - - [04/Apr/2025:17:50:32 -0400] "GET /finding-an-orthodontist-in-woodland-hills/ HTTP/1.1" 404 1251 "-" "Mozilla/5.0 (Windows NT 10.0; Win64; x64) AppleWebKit/537.36 (KHTML, like Gecko) Chrome/123.0.0.0 Safari/537.36"
34.19.85.195 - - [04/Apr/2025:17:53:00 -0400] "GET /maximizing-opportunities-the-power-of-part-time-employment/ HTTP/1.1" 404 1251 "-" "Mozilla/5.0 (Windows NT 10.0; Win64; x64) AppleWebKit/537.36 (KHTML, like Gecko) Chrome/123.0.0.0 Safari/537.36"
85.208.96.199 - - [04/Apr/2025:17:54:08 -0400] "GET /how-fine-diamonds-are-graded-for-clarity-and-what-affects-the-rating/ HTTP/1.1" 404 1251 "-" "Mozilla/5.0 (compatible; SemrushBot/7~bl; +http://www.semrush.com/bot.html)"
185.191.171.5 - - [04/Apr/2025:17:54:11 -0400] "GET /epaviste-gratuit-95/ HTTP/1.1" 404 1251 "-" "Mozilla/5.0 (compatible; SemrushBot/7~bl; +http://www.semrush.com/bot.html)"
34.169.175.120 - - [04/Apr/2025:17:54:39 -0400] "GET /what-is-apache-spark/ HTTP/1.1" 404 1251 "-" "Mozilla/5.0 (Windows NT 10.0; Win64; x64) AppleWebKit/537.36 (KHTML, like Gecko) Chrome/123.0.0.0 Safari/537.36"
17.241.227.242 - - [04/Apr/2025:17:54:50 -0400] "GET /panneau-pvc-imitation-marbre-elegance-et-polyvalence-pour-votre-interieur/ HTTP/1.1" 404 1251 "-" "Mozilla/5.0 (Macintosh; Intel Mac OS X 10_15_7) AppleWebKit/605.1.15 (KHTML, like Gecko) Version/17.4 Safari/605.1.15 (Applebot/0.1; +http://www.apple.com/go/applebot)"
2a02:598:96:8a00::1200:122 - - [04/Apr/2025:17:55:33 -0400] "GET /what-to-expect-from-your-yacht-charter-crew/ HTTP/1.1" 404 1251 "-" "Mozilla/5.0 (compatible; SeznamBot/4.0; +https://o-seznam.cz/napoveda/vyhledavani/en/seznambot-crawler/)"
114.119.145.65 - - [04/Apr/2025:18:00:25 -0400] "GET /dp/B0B2BY4ZG7?ref=MarsFS_VICC_rvdw HTTP/1.1" 404 1251 "https://realjuggahos.com/?MA" "Mozilla/5.0 (Linux; Android 7.0;) AppleWebKit/537.36 (KHTML, like Gecko) Mobile Safari/537.36 (compatible; PetalBot;+https://webmaster.petalsearch.com/site/petalbot)"
34.169.189.46 - - [04/Apr/2025:18:01:56 -0400] "GET /how-to-get-the-best-mould-removal-services/ HTTP/1.1" 404 1251 "-" "Mozilla/5.0 (Macintosh; Intel Mac OS X 10.15; rv:109.0) Gecko/20100101 Firefox/116.0"
34.169.216.138 - - [04/Apr/2025:18:02:10 -0400] "GET /digital-marketing-services-offered-by-a-digital-marketing-company/ HTTP/1.1" 404 1251 "-" "Mozilla/5.0 (Macintosh; Intel Mac OS X 10.15; rv:109.0) Gecko/20100101 Firefox/116.0"
114.119.136.12 - - [04/Apr/2025:18:03:02 -0400] "GET /robots.txt HTTP/1.1" 304 0 "-" "Mozilla/5.0 (compatible;PetalBot;+https://webmaster.petalsearch.com/site/petalbot)"
18.224.51.27 - - [04/Apr/2025:18:04:55 -0400] "GET /voraussetzungen-fur-eine-karriere-als-steuerberater HTTP/1.1" 404 1251 "-" "Mozilla/5.0 AppleWebKit/537.36 (KHTML, like Gecko; compatible; ClaudeBot/1.0; +claudebot@anthropic.com)"
34.127.29.78 - - [04/Apr/2025:18:04:57 -0400] "GET /a-stepbystep-guide-to-taxbuddys-tax-audit-calculator/ HTTP/1.1" 404 1251 "-" "Mozilla/5.0 (Windows NT 10.0; Win64; x64) AppleWebKit/537.36 (KHTML, like Gecko) Chrome/123.0.0.0 Safari/537.36"
66.249.73.195 - - [04/Apr/2025:18:05:42 -0400] "GET /wp-content/uploads/2023/02/1.jpg HTTP/1.1" 200 10928 "-" "Googlebot-Image/1.0"
85.208.96.207 - - [04/Apr/2025:18:07:33 -0400] "GET /ai-girlfriends-and-boyfriends-a-new-trend-in-digital-companionship/ HTTP/1.1" 404 1251 "-" "Mozilla/5.0 (compatible; SemrushBot/7~bl; +http://www.semrush.com/bot.html)"
66.249.73.202 - - [04/Apr/2025:18:10:41 -0400] "GET /gitarrenunterricht-in-dusseldorf-fur-anfanger-und-fortgeschrittene/ HTTP/1.1" 404 1251 "-" "Mozilla/5.0 (Linux; Android 6.0.1; Nexus 5X Build/MMB29P) AppleWebKit/537.36 (KHTML, like Gecko) Chrome/134.0.6998.165 Mobile Safari/537.36 (compatible; Googlebot/2.1; +http://www.google.com/bot.html)"
213.180.203.188 - - [04/Apr/2025:18:11:04 -0400] "GET /robots.txt HTTP/1.1" 304 0 "-" "Mozilla/5.0 (compatible; YandexBot/3.0; +http://yandex.com/bots)"
87.250.224.111 - - [04/Apr/2025:18:11:05 -0400] "GET / HTTP/1.1" 200 156172 "-" "Mozilla/5.0 (compatible; YandexBot/3.0; +http://yandex.com/bots)"
34.145.20.211 - - [04/Apr/2025:18:15:50 -0400] "GET /online-cake-decorating-courses/ HTTP/1.1" 404 1251 "-" "Mozilla/5.0 (Macintosh; Intel Mac OS X 10.15; rv:109.0) Gecko/20100101 Firefox/116.0"
34.169.175.120 - - [04/Apr/2025:18:20:47 -0400] "GET /fashionable-socks-are-a-great-way-for-men-to-jazz-up-their-formal-wear/ HTTP/1.1" 404 1251 "-" "Mozilla/5.0 (Windows NT 10.0; Win64; x64) AppleWebKit/537.36 (KHTML, like Gecko) Chrome/123.0.0.0 Safari/537.36"
34.169.31.233 - - [04/Apr/2025:18:20:50 -0400] "GET /timeless-tokens-unveiling-the-perfect-1st-anniversary-gifts/ HTTP/1.1" 404 1251 "-" "Mozilla/5.0 (Macintosh; Intel Mac OS X 10.15; rv:109.0) Gecko/20100101 Firefox/116.0"
34.127.29.78 - - [04/Apr/2025:18:23:49 -0400] "GET /revolutionizing-transactions-the-power-of-pos-terminals/ HTTP/1.1" 404 1251 "-" "Mozilla/5.0 (Macintosh; Intel Mac OS X 10.15; rv:109.0) Gecko/20100101 Firefox/116.0"
185.191.171.13 - - [04/Apr/2025:18:25:43 -0400] "GET /what-is-facebook-marketplace/ HTTP/1.1" 404 1251 "-" "Mozilla/5.0 (compatible; SemrushBot/7~bl; +http://www.semrush.com/bot.html)"
34.169.189.46 - - [04/Apr/2025:18:27:12 -0400] "GET /maximizing-youtube-engagement-understanding-the-value-of-buying-views/ HTTP/1.1" 404 1251 "-" "Mozilla/5.0 (Macintosh; Intel Mac OS X 10.15; rv:109.0) Gecko/20100101 Firefox/116.0"
34.145.20.211 - - [04/Apr/2025:18:31:15 -0400] "GET /how-to-make-your-instagram-profile-picture-full-size/ HTTP/1.1" 404 0 "-" "Mozilla/5.0 (Macintosh; Intel Mac OS X 10_15_7) AppleWebKit/605.1.15 (KHTML, like Gecko) Version/17.0 Safari/605.1.15"
47.128.16.172 - - [04/Apr/2025:18:34:28 -0400] "GET /sac-fourre-tout-personnalise/ HTTP/1.1" 404 1251 "-" "Mozilla/5.0 (Linux; Android 5.0) AppleWebKit/537.36 (KHTML, like Gecko) Mobile Safari/537.36 (compatible; TikTokSpider; ttspider-feedback@tiktok.com)"
5.139.143.215 - - [04/Apr/2025:18:39:12 -0400] "GET /what-does-strength-do-in-elden-ring/ HTTP/1.1" 404 1251 "https://yandex.ru/" "Mozilla/5.0 (Windows NT 10.0; Win64; x64; rv:136.0) Gecko/20100101 Firefox/136.0"
5.181.234.250 - - [04/Apr/2025:18:45:56 -0400] "GET /forums/users/andersoncapehart/ HTTP/1.1" 404 1251 "-" "Mozilla/5.0 (Windows NT 10.0; Win64; x64) AppleWebKit/537.36 (KHTML, like Gecko) Chrome/114.0.0.0 YaBrowser/22.7.0 Yowser/2.5 Safari/537.36"
5.181.234.250 - - [04/Apr/2025:18:45:57 -0400] "GET / HTTP/1.1" 200 156172 "-" "Mozilla/5.0 (Windows NT 10.0; Win64; x64) AppleWebKit/537.36 (KHTML, like Gecko) Chrome/114.0.0.0 YaBrowser/22.7.0 Yowser/2.5 Safari/537.36"
5.181.234.250 - - [04/Apr/2025:18:46:00 -0400] "GET /dp/B0D3RN5W37?ref=MarsFS_VICC_blinksqm HTTP/1.1" 404 1251 "https://www.realjuggahos.com" "Mozilla/5.0 (Windows NT 10.0; Win64; x64) AppleWebKit/537.36 (KHTML, like Gecko) Chrome/114.0.0.0 YaBrowser/22.7.0 Yowser/2.5 Safari/537.36"
5.181.234.250 - - [04/Apr/2025:18:46:01 -0400] "GET / HTTP/1.1" 200 156172 "https://www.realjuggahos.com" "Mozilla/5.0 (Windows NT 10.0; Win64; x64) AppleWebKit/537.36 (KHTML, like Gecko) Chrome/114.0.0.0 YaBrowser/22.7.0 Yowser/2.5 Safari/537.36"
85.208.96.200 - - [04/Apr/2025:18:47:22 -0400] "GET /caterpillar-forklift-rental-for-efficient-material-handling/ HTTP/1.1" 404 1251 "-" "Mozilla/5.0 (compatible; SemrushBot/7~bl; +http://www.semrush.com/bot.html)"
66.249.73.204 - - [04/Apr/2025:18:55:40 -0400] "GET /the-irresistible-allure-of-buying-pubg-mobile/ HTTP/1.1" 404 1251 "-" "Mozilla/5.0 (Linux; Android 6.0.1; Nexus 5X Build/MMB29P) AppleWebKit/537.36 (KHTML, like Gecko) Chrome/134.0.6998.165 Mobile Safari/537.36 (compatible; Googlebot/2.1; +http://www.google.com/bot.html)"
45.141.215.28 - - [04/Apr/2025:18:57:08 -0400] "GET / HTTP/1.1" 200 156172 "https://realjuggahos.com" "Mozilla/5.0 (Windows NT 6.3; Win64; x64) AppleWebKit/537.36 (KHTML, like Gecko) Chrome/86.0.4240.183 Safari/537.36"
198.54.114.83 - - [04/Apr/2025:18:57:38 -0400] "POST /wp-cron.php?doing_wp_cron=1743807458.2692229747772216796875 HTTP/1.1" 200 0 "-" "WordPress/6.7.2; https://realjuggahos.com"
198.54.114.83 - - [04/Apr/2025:18:57:40 -0400] "POST /wp-admin/admin-ajax.php?action=async_litespeed&nonce=Vlz6E3mkA6v30FVlp5i8kLRERwMzIZ8q&litespeed_type=imgoptm HTTP/1.1" 200 0 "-" "WordPress/6.7.2; https://realjuggahos.com"
240e:350:8003:2dc5:4ecc:6acc:9cf7:5ca9 - - [04/Apr/2025:18:57:32 -0400] "POST /wp-comments-post.php HTTP/1.1" 302 0 "-" "Mozilla/5.0 (Windows NT 10.0; Win64; x64) AppleWebKit/537.36 (KHTML, like Gecko) Chrome/108.0.0.0 Safari/537.36 Edg/108.0.1462.46"
240e:350:8003:2dc5:4ecc:6acc:9cf7:5ca9 - - [04/Apr/2025:18:57:44 -0400] "GET /revolutionizing-transactions-the-power-of-pos-terminals/?unapproved=20475&moderation-hash=5e0d1eb0fdae91aa00e8c8233e822e7e HTTP/1.1" 404 1251 "-" "Mozilla/5.0 (Windows NT 10.0; Win64; x64) AppleWebKit/537.36 (KHTML, like Gecko) Chrome/108.0.0.0 Safari/537.36 Edg/108.0.1462.46"
185.191.171.5 - - [04/Apr/2025:19:00:00 -0400] "GET /le-surf-poncho-le-compagnon-ideal-des-surfeurs/ HTTP/1.1" 404 1251 "-" "Mozilla/5.0 (compatible; SemrushBot/7~bl; +http://www.semrush.com/bot.html)"
185.191.171.3 - - [04/Apr/2025:19:01:10 -0400] "GET /how-much-money-do-youtubers-make-from-their-channel/ HTTP/1.1" 404 1251 "-" "Mozilla/5.0 (compatible; SemrushBot/7~bl; +http://www.semrush.com/bot.html)"
2a02:598:64:8a00::3100:0 - - [04/Apr/2025:19:08:39 -0400] "GET /freely-collect-youtube-videos-on-mac/ HTTP/1.1" 404 1251 "-" "Mozilla/5.0 (compatible; SeznamBot/4.0; +https://o-seznam.cz/napoveda/vyhledavani/en/seznambot-crawler/)"
85.208.96.211 - - [04/Apr/2025:19:09:22 -0400] "GET /kunst-der-videoanimationen-eine-kreative-welt-voller-moglichkeiten/ HTTP/1.1" 404 1251 "-" "Mozilla/5.0 (compatible; SemrushBot/7~bl; +http://www.semrush.com/bot.html)"
2a02:598:96:8a00::1200:122 - - [04/Apr/2025:19:14:43 -0400] "GET /why-you-need-a-jewelry-photo-retouching-service/ HTTP/1.1" 404 1251 "-" "Mozilla/5.0 (compatible; SeznamBot/4.0; +https://o-seznam.cz/napoveda/vyhledavani/en/seznambot-crawler/)"
114.119.156.188 - - [04/Apr/2025:19:15:05 -0400] "GET /?ND HTTP/1.1" 200 156172 "https://www.realjuggahos.com/?NA" "Mozilla/5.0 (Linux; Android 7.0;) AppleWebKit/537.36 (KHTML, like Gecko) Mobile Safari/537.36 (compatible; PetalBot;+https://webmaster.petalsearch.com/site/petalbot)"
114.119.131.199 - - [04/Apr/2025:19:16:27 -0400] "GET /dp/B0D47Z1SB9?ref=MarsFS_VICC_blinkvin HTTP/1.1" 404 1251 "https://realjuggahos.com/?MA" "Mozilla/5.0 (Linux; Android 7.0;) AppleWebKit/537.36 (KHTML, like Gecko) Mobile Safari/537.36 (compatible; PetalBot;+https://webmaster.petalsearch.com/site/petalbot)"
34.169.216.138 - - [04/Apr/2025:19:25:00 -0400] "GET /breast-milk-leak-catcher/ HTTP/1.1" 404 1251 "-" "Mozilla/5.0 (Macintosh; Intel Mac OS X 10_15_7) AppleWebKit/605.1.15 (KHTML, like Gecko) Version/17.0 Safari/605.1.15"
178.20.46.206 - - [04/Apr/2025:19:26:39 -0400] "GET /top-5-uk-cbd-gummies/ HTTP/1.1" 404 1251 "https://realjuggahos.com/top-5-uk-cbd-gummies/" "Mozilla/5.0 (Windows NT 10.0; Win64; x64) AppleWebKit/537.36 (KHTML, like Gecko) Chrome/131.0.0.0 Safari/537.36 Avast/131.0.0.0"
178.20.46.206 - - [04/Apr/2025:19:26:40 -0400] "GET / HTTP/1.1" 200 156172 "https://realjuggahos.com/" "Mozilla/5.0 (Windows NT 10.0; Win64; x64) AppleWebKit/537.36 (KHTML, like Gecko) Chrome/131.0.0.0 Safari/537.36 Avast/131.0.0.0"
34.19.85.195 - - [04/Apr/2025:19:30:06 -0400] "GET /navigating-the-virtual-thrill-exploring-the-world-of-online-casinos/ HTTP/1.1" 404 0 "-" "Mozilla/5.0 (Macintosh; Intel Mac OS X 10.15; rv:109.0) Gecko/20100101 Firefox/116.0"
34.83.238.29 - - [04/Apr/2025:19:35:22 -0400] "GET /timeless-tokens-unveiling-the-perfect-1st-anniversary-gifts/ HTTP/1.1" 404 0 "-" "Mozilla/5.0 (Macintosh; Intel Mac OS X 10.15; rv:109.0) Gecko/20100101 Firefox/116.0"
4.227.36.63 - - [04/Apr/2025:19:35:51 -0400] "GET /robots.txt HTTP/1.1" 304 0 "-" "Mozilla/5.0 AppleWebKit/537.36 (KHTML, like Gecko; compatible; GPTBot/1.2; +https://openai.com/gptbot)"
2a02:598:96:8a00::1200:122 - - [04/Apr/2025:19:37:47 -0400] "GET /lote-leaves/ HTTP/1.1" 404 1251 "-" "Mozilla/5.0 (compatible; SeznamBot/4.0; +https://o-seznam.cz/napoveda/vyhledavani/en/seznambot-crawler/)"
207.46.13.54 - - [04/Apr/2025:19:39:07 -0400] "GET /forums/users/bellehodges76/ HTTP/1.1" 404 1251 "-" "Mozilla/5.0 AppleWebKit/537.36 (KHTML, like Gecko; compatible; bingbot/2.0; +http://www.bing.com/bingbot.htm) Chrome/116.0.1938.76 Safari/537.36"
66.249.73.203 - - [04/Apr/2025:19:40:41 -0400] "GET /nusa-penida-tour-explore-the-natural-wonders-of-nusa-penida/ HTTP/1.1" 404 1251 "-" "Mozilla/5.0 (Linux; Android 6.0.1; Nexus 5X Build/MMB29P) AppleWebKit/537.36 (KHTML, like Gecko) Chrome/134.0.6998.165 Mobile Safari/537.36 (compatible; Googlebot/2.1; +http://www.google.com/bot.html)"
2.60.37.195 - - [04/Apr/2025:19:41:43 -0400] "GET /what-does-strength-do-in-elden-ring/ HTTP/1.1" 404 1251 "https://yandex.ru/" "Mozilla/5.0 (Windows NT 10.0; Win64; x64; rv:136.0) Gecko/20100101 Firefox/136.0"
185.191.171.15 - - [04/Apr/2025:19:42:16 -0400] "GET /things-you-need-to-know-about-acne-prescriptions/ HTTP/1.1" 404 1251 "-" "Mozilla/5.0 (compatible; SemrushBot/7~bl; +http://www.semrush.com/bot.html)"
144.76.159.163 - - [04/Apr/2025:19:42:27 -0400] "HEAD /forums/users/laverneredrick/ HTTP/1.1" 404 0 "https://www.realjuggahos.com" "Mozilla/5.0 (Windows NT 10.0; Win64; x64) AppleWebKit/537.36 (KHTML, like Gecko) Chrome/100.0.4896.127 Safari/537.36"
36.143.191.254 - - [04/Apr/2025:19:45:24 -0400] "GET /wp-login.php?checkemail=registered HTTP/1.1" 200 687 "-" "Mozilla/5.0 (Windows NT 10.0; WOW64) AppleWebKit/537.36 (KHTML, like Gecko) Chrome/114.0.0.0 Safari/537.36 Vivaldi/5.3.2679.68"
198.54.114.83 - - [04/Apr/2025:19:45:34 -0400] "POST /wp-cron.php?doing_wp_cron=1743810332.3434789180755615234375 HTTP/1.1" 200 0 "-" "WordPress/6.7.2; https://realjuggahos.com"
36.143.191.254 - - [04/Apr/2025:19:45:39 -0400] "GET /wp-login.php HTTP/1.1" 200 1740 "https://www.realjuggahos.com/wp-login.php?checkemail=registered" "Mozilla/5.0 (Windows NT 6.3; Win64; x64) AppleWebKit/537.36 (KHTML, like Gecko) Chrome/103.0.0.0 Safari/537.36"
36.143.191.254 - - [04/Apr/2025:19:45:41 -0400] "GET /wp-login.php?action=lostpassword HTTP/1.1" 200 982 "https://realjuggahos.com/wp-login.php" "Mozilla/5.0 (Windows NT 6.3; Win64; x64) AppleWebKit/537.36 (KHTML, like Gecko) Chrome/103.0.0.0 Safari/537.36"
34.169.189.46 - - [04/Apr/2025:19:46:52 -0400] "GET /shine-bright-how-to-clean-your-silver-necklace/ HTTP/1.1" 404 1251 "-" "Mozilla/5.0 (Macintosh; Intel Mac OS X 10.15; rv:109.0) Gecko/20100101 Firefox/116.0"
34.169.189.46 - - [04/Apr/2025:19:55:46 -0400] "GET /online-cake-decorating-courses/ HTTP/1.1" 404 0 "-" "Mozilla/5.0 (Windows NT 10.0; Win64; x64) AppleWebKit/537.36 (KHTML, like Gecko) Chrome/123.0.0.0 Safari/537.36"
27.42.98.173 - - [04/Apr/2025:19:58:14 -0400] "GET /immobilienkredit/ HTTP/1.1" 404 1251 "https://realjuggahos.com" "Mozilla/5.0 (Windows NT 10.0; Win64; x64) AppleWebKit/537.36 (KHTML, like Gecko) Chrome/62.0.3202.94 Safari/537.36"
27.42.98.173 - - [04/Apr/2025:19:58:17 -0400] "GET /immobilienkredit/ HTTP/1.1" 404 1251 "https://realjuggahos.com" "Mozilla/5.0 (Windows NT 10.0; Win64; x64) AppleWebKit/537.36 (KHTML, like Gecko) Chrome/62.0.3202.94 Safari/537.36"
27.42.98.173 - - [04/Apr/2025:19:58:19 -0400] "GET /immobilienkredit/ HTTP/1.1" 404 1251 "https://realjuggahos.com" "Mozilla/5.0 (Windows NT 10.0; Win64; x64) AppleWebKit/537.36 (KHTML, like Gecko) Chrome/62.0.3202.94 Safari/537.36"
27.42.98.173 - - [04/Apr/2025:19:58:22 -0400] "GET /immobilienkredit/ HTTP/1.1" 404 1251 "https://realjuggahos.com" "Mozilla/5.0 (Windows NT 10.0; Win64; x64) AppleWebKit/537.36 (KHTML, like Gecko) Chrome/62.0.3202.94 Safari/537.36"
66.249.73.194 - - [04/Apr/2025:19:58:42 -0400] "GET / HTTP/1.1" 304 0 "-" "Mozilla/5.0 (Linux; Android 6.0.1; Nexus 5X Build/MMB29P) AppleWebKit/537.36 (KHTML, like Gecko) Chrome/134.0.6998.165 Mobile Safari/537.36 (compatible; Googlebot/2.1; +http://www.google.com/bot.html)"
167.253.67.14 - - [04/Apr/2025:20:02:41 -0400] "GET /forums/users/andersoncapehart/ HTTP/1.1" 404 1251 "-" "Mozilla/5.0 (Linux x86_64; rv:114.0) Gecko/20100101 Firefox/114.0"
167.253.67.14 - - [04/Apr/2025:20:02:42 -0400] "GET / HTTP/1.1" 200 156172 "-" "Mozilla/5.0 (Linux x86_64; rv:114.0) Gecko/20100101 Firefox/114.0"
85.208.96.210 - - [04/Apr/2025:20:04:28 -0400] "GET /robots.txt HTTP/1.1" 304 0 "-" "Mozilla/5.0 (compatible; SemrushBot/7~bl; +http://www.semrush.com/bot.html)"
85.208.96.194 - - [04/Apr/2025:20:04:28 -0400] "GET /die-perfekte-kombination-von-stil-und-funktionalitat/ HTTP/1.1" 404 1251 "-" "Mozilla/5.0 (compatible; SemrushBot/7~bl; +http://www.semrush.com/bot.html)"
185.191.171.13 - - [04/Apr/2025:20:05:36 -0400] "GET /the-transformative-power-of-tretinoin-in-the-uk/ HTTP/1.1" 404 1251 "-" "Mozilla/5.0 (compatible; SemrushBot/7~bl; +http://www.semrush.com/bot.html)"
34.169.175.120 - - [04/Apr/2025:20:07:14 -0400] "GET /banners/your-ad-here/ HTTP/1.1" 404 1251 "-" "Mozilla/5.0 (Macintosh; Intel Mac OS X 10_15_7) AppleWebKit/605.1.15 (KHTML, like Gecko) Version/17.0 Safari/605.1.15"
185.253.97.251 - - [04/Apr/2025:20:07:57 -0400] "GET /forums/users/ezekielcombs957/ HTTP/1.1" 404 1251 "-" "Mozilla/5.0 (Windows NT 10.0; Win64; x64) AppleWebKit/537.36 (KHTML, like Gecko) Chrome/114.0.0.0 YaBrowser/22.7.0 Yowser/2.5 Safari/537.36"
2a02:598:64:8a00::3100:0 - - [04/Apr/2025:20:07:58 -0400] "GET /hotels-garda-lake-a-paradise-on-earth/ HTTP/1.1" 404 1251 "-" "Mozilla/5.0 (compatible; SeznamBot/4.0; +https://o-seznam.cz/napoveda/vyhledavani/en/seznambot-crawler/)"
185.253.97.251 - - [04/Apr/2025:20:07:58 -0400] "GET / HTTP/1.1" 200 156172 "-" "Mozilla/5.0 (Windows NT 10.0; Win64; x64) AppleWebKit/537.36 (KHTML, like Gecko) Chrome/114.0.0.0 YaBrowser/22.7.0 Yowser/2.5 Safari/537.36"
185.253.97.251 - - [04/Apr/2025:20:08:03 -0400] "GET /dp/B0D3RN5W37?ref=MarsFS_VICC_blinksqm HTTP/1.1" 404 1251 "https://www.realjuggahos.com" "Mozilla/5.0 (Windows NT 10.0; Win64; x64) AppleWebKit/537.36 (KHTML, like Gecko) Chrome/114.0.0.0 YaBrowser/22.7.0 Yowser/2.5 Safari/537.36"
185.253.97.251 - - [04/Apr/2025:20:08:04 -0400] "GET / HTTP/1.1" 200 156172 "https://www.realjuggahos.com" "Mozilla/5.0 (Windows NT 10.0; Win64; x64) AppleWebKit/537.36 (KHTML, like Gecko) Chrome/114.0.0.0 YaBrowser/22.7.0 Yowser/2.5 Safari/537.36"
34.169.216.138 - - [04/Apr/2025:20:08:07 -0400] "GET /bad-dad-jokes/ HTTP/1.1" 404 1251 "-" "Mozilla/5.0 (Windows NT 10.0; Win64; x64) AppleWebKit/537.36 (KHTML, like Gecko) Chrome/123.0.0.0 Safari/537.36"
2a02:598:96:8a00::1200:122 - - [04/Apr/2025:20:12:47 -0400] "GET /unveiling-the-truth-behind-buying-youtube-views/ HTTP/1.1" 404 1251 "-" "Mozilla/5.0 (compatible; SeznamBot/4.0; +https://o-seznam.cz/napoveda/vyhledavani/en/seznambot-crawler/)"
85.208.96.196 - - [04/Apr/2025:20:13:34 -0400] "GET /how-to-make-your-instagram-profile-picture-full-size/ HTTP/1.1" 404 1251 "-" "Mozilla/5.0 (compatible; SemrushBot/7~bl; +http://www.semrush.com/bot.html)"
34.145.20.211 - - [04/Apr/2025:20:15:54 -0400] "GET /healthy-eating-for-teenagers-how-can-the-kids-eat-healthy/ HTTP/1.1" 404 1251 "-" "Mozilla/5.0 (Macintosh; Intel Mac OS X 10.15; rv:109.0) Gecko/20100101 Firefox/116.0"
34.145.20.211 - - [04/Apr/2025:20:18:01 -0400] "GET /adventure-travel-missouri/ HTTP/1.1" 404 1251 "-" "Mozilla/5.0 (Macintosh; Intel Mac OS X 10.15; rv:109.0) Gecko/20100101 Firefox/116.0"
144.76.159.163 - - [04/Apr/2025:20:22:07 -0400] "HEAD /forums/users/rudolph81m/ HTTP/1.1" 404 0 "https://www.realjuggahos.com" "Mozilla/5.0 (Windows NT 10.0; Win64; x64) AppleWebKit/537.36 (KHTML, like Gecko) Chrome/100.0.4896.127 Safari/537.36"
34.19.85.195 - - [04/Apr/2025:20:23:23 -0400] "GET /how-to-design-an-outdoor-led-display/ HTTP/1.1" 404 1251 "-" "Mozilla/5.0 (Windows NT 10.0; Win64; x64) AppleWebKit/537.36 (KHTML, like Gecko) Chrome/123.0.0.0 Safari/537.36"
154.30.107.224 - - [04/Apr/2025:20:24:32 -0400] "GET /forums/users/marcelocatani5/ HTTP/1.1" 404 1251 "-" "Mozilla/5.0 (Windows NT 10.0; Win64; x64) AppleWebKit/537.36 (KHTML, like Gecko) Chrome/114.0.0.0 YaBrowser/22.7.0 Yowser/2.5 Safari/537.36"
154.30.107.224 - - [04/Apr/2025:20:24:35 -0400] "GET / HTTP/1.1" 200 156172 "-" "Mozilla/5.0 (Windows NT 10.0; Win64; x64) AppleWebKit/537.36 (KHTML, like Gecko) Chrome/114.0.0.0 YaBrowser/22.7.0 Yowser/2.5 Safari/537.36"
154.30.107.224 - - [04/Apr/2025:20:24:46 -0400] "GET /dp/B0D3RN5W37?ref=MarsFS_VICC_blinksqm HTTP/1.1" 404 1251 "https://www.realjuggahos.com" "Mozilla/5.0 (Windows NT 10.0; Win64; x64) AppleWebKit/537.36 (KHTML, like Gecko) Chrome/114.0.0.0 YaBrowser/22.7.0 Yowser/2.5 Safari/537.36"
154.30.107.224 - - [04/Apr/2025:20:24:48 -0400] "GET / HTTP/1.1" 200 156172 "https://www.realjuggahos.com" "Mozilla/5.0 (Windows NT 10.0; Win64; x64) AppleWebKit/537.36 (KHTML, like Gecko) Chrome/114.0.0.0 YaBrowser/22.7.0 Yowser/2.5 Safari/537.36"
34.83.238.29 - - [04/Apr/2025:20:25:38 -0400] "GET /how-to-check-for-an-online-warrant-for-your-arrest/ HTTP/1.1" 404 1251 "-" "Mozilla/5.0 (Macintosh; Intel Mac OS X 10_15_7) AppleWebKit/605.1.15 (KHTML, like Gecko) Version/17.0 Safari/605.1.15"
40.69.92.74 - - [04/Apr/2025:20:25:38 -0400] "GET /wp-admin/options.php HTTP/1.1" 302 0 "-" "-"
40.69.92.74 - - [04/Apr/2025:20:25:40 -0400] "GET /wp-login.php?redirect_to=https%3A%2F%2Fwww.realjuggahos.com%2Fwp-admin%2Foptions.php&reauth=1 HTTP/1.1" 200 1745 "-" "-"
66.249.73.194 - - [04/Apr/2025:20:25:41 -0400] "GET /how-to-mount-a-tv-properly/ HTTP/1.1" 404 1251 "-" "Mozilla/5.0 (Linux; Android 6.0.1; Nexus 5X Build/MMB29P) AppleWebKit/537.36 (KHTML, like Gecko) Chrome/134.0.6998.165 Mobile Safari/537.36 (compatible; Googlebot/2.1; +http://www.google.com/bot.html)"
40.69.92.74 - - [04/Apr/2025:20:26:11 -0400] "GET /wp-admin/options.php HTTP/1.1" 302 0 "-" "-"
40.69.92.74 - - [04/Apr/2025:20:26:13 -0400] "GET /wp-login.php?redirect_to=https%3A%2F%2Frealjuggahos.com%2Fwp-admin%2Foptions.php&reauth=1 HTTP/1.1" 200 1747 "-" "-"
88.80.26.2 - - [04/Apr/2025:20:28:18 -0400] "GET / HTTP/1.1" 200 156172 "https://realjuggahos.com" "Mozilla/5.0 (X11; Linux i686 on x86_64; rv:50.0) Gecko/20100101 Firefox/50.0"
34.169.189.46 - - [04/Apr/2025:20:28:50 -0400] "GET /junkyard-fort-myers/ HTTP/1.1" 404 1251 "-" "Mozilla/5.0 (Macintosh; Intel Mac OS X 10.15; rv:109.0) Gecko/20100101 Firefox/116.0"
34.169.189.46 - - [04/Apr/2025:20:28:50 -0400] "GET /in-the-realm-of-modern-wellness/ HTTP/1.1" 404 1251 "-" "Mozilla/5.0 (Macintosh; Intel Mac OS X 10_15_7) AppleWebKit/605.1.15 (KHTML, like Gecko) Version/17.0 Safari/605.1.15"
198.54.114.83 - - [04/Apr/2025:20:29:00 -0400] "POST /wp-admin/admin-ajax.php?action=async_litespeed&nonce=RYJeS7sz6Xc6VWbI0tTnBGqQw3XBSLVa&litespeed_type=imgoptm HTTP/1.1" 200 5 "-" "WordPress/6.7.2; https://realjuggahos.com"
40.69.92.74 - - [04/Apr/2025:20:29:03 -0400] "GET /wp-admin/ HTTP/1.1" 302 0 "-" "-"
40.69.92.74 - - [04/Apr/2025:20:29:04 -0400] "GET /wp-login.php?redirect_to=https%3A%2F%2Frealjuggahos.com%2Fwp-admin%2F&reauth=1 HTTP/1.1" 200 1740 "-" "-"
40.69.92.74 - - [04/Apr/2025:20:29:08 -0400] "GET /wp-login.php HTTP/1.1" 200 1740 "-" "-"
198.54.114.83 - - [04/Apr/2025:20:30:32 -0400] "POST /wp-admin/admin-ajax.php?action=async_litespeed&nonce=z2xAMybss2BR2Z3CNx6Bz5q87ajl40B9&litespeed_type=imgoptm HTTP/1.1" 200 5 "-" "WordPress/6.7.2; https://realjuggahos.com"
40.69.92.74 - - [04/Apr/2025:20:30:32 -0400] "GET /wp-admin/network/ HTTP/1.1" 302 0 "-" "-"
40.69.92.74 - - [04/Apr/2025:20:30:34 -0400] "GET /wp-admin/network/ HTTP/1.1" 302 0 "-" "-"
40.69.92.74 - - [04/Apr/2025:20:30:34 -0400] "GET /wp-login.php?redirect_to=https%3A%2F%2Fwww.realjuggahos.com%2Fwp-admin%2Fnetwork%2F&reauth=1 HTTP/1.1" 200 1748 "-" "-"
40.69.92.74 - - [04/Apr/2025:20:30:36 -0400] "GET /wp-login.php?redirect_to=https%3A%2F%2Frealjuggahos.com%2Fwp-admin%2Fnetwork%2F&reauth=1 HTTP/1.1" 200 1743 "-" "-"
40.69.92.74 - - [04/Apr/2025:20:30:38 -0400] "GET /wp-login.php?action=register HTTP/1.1" 302 0 "-" "-"
40.69.92.74 - - [04/Apr/2025:20:30:39 -0400] "GET /wp-login.php?action=register HTTP/1.1" 302 0 "-" "-"
40.69.92.74 - - [04/Apr/2025:20:30:39 -0400] "GET /wp-login.php?registration=disabled HTTP/1.1" 200 1800 "-" "-"
40.69.92.74 - - [04/Apr/2025:20:30:41 -0400] "GET /wp-login.php?registration=disabled HTTP/1.1" 200 1800 "-" "-"
40.69.92.74 - - [04/Apr/2025:20:30:51 -0400] "GET /wp-admin/about.php HTTP/1.1" 302 0 "-" "-"
40.69.92.74 - - [04/Apr/2025:20:30:52 -0400] "GET /wp-admin/about.php HTTP/1.1" 302 0 "-" "-"
40.69.92.74 - - [04/Apr/2025:20:30:53 -0400] "GET /wp-login.php?redirect_to=https%3A%2F%2Fwww.realjuggahos.com%2Fwp-admin%2Fabout.php&reauth=1 HTTP/1.1" 200 1746 "-" "-"
40.69.92.74 - - [04/Apr/2025:20:30:53 -0400] "GET /wp-login.php?redirect_to=https%3A%2F%2Frealjuggahos.com%2Fwp-admin%2Fabout.php&reauth=1 HTTP/1.1" 200 1746 "-" "-"
40.69.92.74 - - [04/Apr/2025:20:30:57 -0400] "GET /wp-admin/user/about.php HTTP/1.1" 302 0 "-" "-"
40.69.92.74 - - [04/Apr/2025:20:30:58 -0400] "GET /wp-login.php?redirect_to=https%3A%2F%2Fwww.realjuggahos.com%2Fwp-admin%2Fuser%2Fabout.php&reauth=1 HTTP/1.1" 200 1750 "-" "-"
40.69.92.74 - - [04/Apr/2025:20:30:58 -0400] "GET /wp-admin/user/about.php HTTP/1.1" 302 0 "-" "-"
198.54.114.83 - - [04/Apr/2025:20:31:00 -0400] "POST /wp-cron.php?doing_wp_cron=1743813060.4547970294952392578125 HTTP/1.1" 200 0 "-" "WordPress/6.7.2; https://realjuggahos.com"
40.69.92.74 - - [04/Apr/2025:20:31:00 -0400] "GET /wp-login.php?redirect_to=https%3A%2F%2Frealjuggahos.com%2Fwp-admin%2Fuser%2Fabout.php&reauth=1 HTTP/1.1" 200 1748 "-" "-"
198.54.114.83 - - [04/Apr/2025:20:31:01 -0400] "POST /wp-admin/admin-ajax.php?action=async_litespeed&nonce=3snIl8uXQczWQyeug1cEmlIFoG3V1vrk&litespeed_type=imgoptm HTTP/1.1" 200 0 "-" "WordPress/6.7.2; https://realjuggahos.com"
40.69.92.74 - - [04/Apr/2025:20:31:04 -0400] "GET /wp-admin/network/admin.php HTTP/1.1" 302 0 "-" "-"
40.69.92.74 - - [04/Apr/2025:20:31:06 -0400] "GET /wp-login.php?redirect_to=https%3A%2F%2Fwww.realjuggahos.com%2Fwp-admin%2Fnetwork%2Fadmin.php&reauth=1 HTTP/1.1" 200 1745 "-" "-"
40.69.92.74 - - [04/Apr/2025:20:31:09 -0400] "GET /wp-admin/network/admin.php HTTP/1.1" 302 0 "-" "-"
40.69.92.74 - - [04/Apr/2025:20:31:10 -0400] "GET /wp-login.php?redirect_to=https%3A%2F%2Frealjuggahos.com%2Fwp-admin%2Fnetwork%2Fadmin.php&reauth=1 HTTP/1.1" 200 1749 "-" "-"
40.69.92.74 - - [04/Apr/2025:20:31:12 -0400] "GET /wp-admin/network/index.php HTTP/1.1" 302 0 "-" "-"
40.69.92.74 - - [04/Apr/2025:20:31:15 -0400] "GET /wp-login.php?redirect_to=https%3A%2F%2Fwww.realjuggahos.com%2Fwp-admin%2Fnetwork%2Findex.php&reauth=1 HTTP/1.1" 200 1743 "-" "-"
40.69.92.74 - - [04/Apr/2025:20:31:18 -0400] "GET /wp-admin/network/index.php HTTP/1.1" 302 0 "-" "-"
40.69.92.74 - - [04/Apr/2025:20:31:19 -0400] "GET /wp-login.php?redirect_to=https%3A%2F%2Frealjuggahos.com%2Fwp-admin%2Fnetwork%2Findex.php&reauth=1 HTTP/1.1" 200 1748 "-" "-"
185.191.171.11 - - [04/Apr/2025:20:35:06 -0400] "GET /the-ultimate-guide-of-clean-and-organized-kitchen/ HTTP/1.1" 404 1251 "-" "Mozilla/5.0 (compatible; SemrushBot/7~bl; +http://www.semrush.com/bot.html)"
66.249.73.202 - - [04/Apr/2025:20:35:54 -0400] "GET /the-rise-of-digital-elegance-in-wedding-invitations/ HTTP/1.1" 404 1251 "-" "Mozilla/5.0 (Linux; Android 6.0.1; Nexus 5X Build/MMB29P) AppleWebKit/537.36 (KHTML, like Gecko) Chrome/134.0.6998.165 Mobile Safari/537.36 (compatible; Googlebot/2.1; +http://www.google.com/bot.html)"
2a02:598:96:8a00::1200:122 - - [04/Apr/2025:20:40:19 -0400] "GET /unveiling-the-thrills-navigating-the-world-of-online-casinos/ HTTP/1.1" 404 1251 "-" "Mozilla/5.0 (compatible; SeznamBot/4.0; +https://o-seznam.cz/napoveda/vyhledavani/en/seznambot-crawler/)"
66.249.73.195 - - [04/Apr/2025:20:43:42 -0400] "GET /how-to-do-your-taxes-at-home/ HTTP/1.1" 404 1251 "-" "Mozilla/5.0 (Linux; Android 6.0.1; Nexus 5X Build/MMB29P) AppleWebKit/537.36 (KHTML, like Gecko) Chrome/134.0.6998.165 Mobile Safari/537.36 (compatible; Googlebot/2.1; +http://www.google.com/bot.html)"
85.208.96.196 - - [04/Apr/2025:20:44:38 -0400] "GET /maximizing-opportunities-the-power-of-part-time-employment/ HTTP/1.1" 404 1251 "-" "Mozilla/5.0 (compatible; SemrushBot/7~bl; +http://www.semrush.com/bot.html)"
51.222.253.12 - - [04/Apr/2025:20:46:15 -0400] "GET /robots.txt HTTP/1.1" 200 23 "-" "Mozilla/5.0 (compatible; AhrefsBot/7.0; +http://ahrefs.com/robot/)"
85.208.96.193 - - [04/Apr/2025:20:47:33 -0400] "GET /unraveling-the-controversy-the-intricate-world-of-skin-whitening-injections/ HTTP/1.1" 404 1251 "-" "Mozilla/5.0 (compatible; SemrushBot/7~bl; +http://www.semrush.com/bot.html)"
34.19.85.195 - - [04/Apr/2025:20:48:01 -0400] "GET /nusa-penida-island-tour/ HTTP/1.1" 404 1251 "-" "Mozilla/5.0 (Windows NT 10.0; Win64; x64) AppleWebKit/537.36 (KHTML, like Gecko) Chrome/123.0.0.0 Safari/537.36"
85.208.96.200 - - [04/Apr/2025:20:48:13 -0400] "GET /how-to-clean-silver-necklaces-at-home/ HTTP/1.1" 404 1251 "-" "Mozilla/5.0 (compatible; SemrushBot/7~bl; +http://www.semrush.com/bot.html)"
85.208.96.205 - - [04/Apr/2025:20:48:58 -0400] "GET /10-successful-indian-youtubers-and-their-inspiring-journey-to-become-a-youtube-star/ HTTP/1.1" 404 1251 "-" "Mozilla/5.0 (compatible; SemrushBot/7~bl; +http://www.semrush.com/bot.html)"
85.208.96.209 - - [04/Apr/2025:20:54:10 -0400] "GET /what-is-the-average-typing-speed/ HTTP/1.1" 404 1251 "-" "Mozilla/5.0 (compatible; SemrushBot/7~bl; +http://www.semrush.com/bot.html)"
34.169.175.120 - - [04/Apr/2025:20:54:30 -0400] "GET /digital-marketing-services-offered-by-a-digital-marketing-company/ HTTP/1.1" 404 1251 "-" "Mozilla/5.0 (Macintosh; Intel Mac OS X 10.15; rv:109.0) Gecko/20100101 Firefox/116.0"
34.19.85.195 - - [04/Apr/2025:20:56:10 -0400] "GET /quantum-energy-healing-a-holistic-approach-to-wellness/ HTTP/1.1" 404 1251 "-" "Mozilla/5.0 (Macintosh; Intel Mac OS X 10.15; rv:109.0) Gecko/20100101 Firefox/116.0"
34.127.29.78 - - [04/Apr/2025:21:00:49 -0400] "GET /enhancing-performance-and-style-the-impact-of-custom-grip-socks/ HTTP/1.1" 404 1251 "-" "Mozilla/5.0 (Windows NT 10.0; Win64; x64) AppleWebKit/537.36 (KHTML, like Gecko) Chrome/123.0.0.0 Safari/537.36"
34.169.216.138 - - [04/Apr/2025:21:01:03 -0400] "GET /finding-an-orthodontist-in-woodland-hills/ HTTP/1.1" 404 1251 "-" "Mozilla/5.0 (Windows NT 10.0; Win64; x64) AppleWebKit/537.36 (KHTML, like Gecko) Chrome/123.0.0.0 Safari/537.36"
34.19.85.195 - - [04/Apr/2025:21:01:19 -0400] "GET /how-to-get-the-best-mould-removal-services/ HTTP/1.1" 404 1251 "-" "Mozilla/5.0 (Macintosh; Intel Mac OS X 10.15; rv:109.0) Gecko/20100101 Firefox/116.0"
66.249.73.195 - - [04/Apr/2025:21:01:41 -0400] "GET /entspannung-pur-agriturismo-am-gardasee-mit-pool/ HTTP/1.1" 404 1251 "-" "Mozilla/5.0 (Linux; Android 6.0.1; Nexus 5X Build/MMB29P) AppleWebKit/537.36 (KHTML, like Gecko) Chrome/134.0.6998.165 Mobile Safari/537.36 (compatible; Googlebot/2.1; +http://www.google.com/bot.html)"
192.42.116.179 - - [04/Apr/2025:21:02:48 -0400] "GET / HTTP/1.1" 200 156172 "https://realjuggahos.com" "Mozilla/5.0 (Windows NT 5.1) AppleWebKit/537.36 (KHTML, like Gecko) Chrome/47.0.2526.73 Safari/537.36 OPR/34.0.2036.25 (Edition Campaign 38)"
36.143.191.254 - - [04/Apr/2025:21:13:44 -0400] "GET /forums/users/cierrabaldwin/ HTTP/1.1" 404 1251 "-" "Mozilla/5.0 (X11; Linux x86_64) AppleWebKit/537.36 (KHTML, like Gecko) Chrome/114.0.0.0 Safari/537.36 Vivaldi/5.3.2679.68"
36.143.191.254 - - [04/Apr/2025:21:13:46 -0400] "GET / HTTP/1.1" 200 156172 "-" "Mozilla/5.0 (X11; Linux x86_64) AppleWebKit/537.36 (KHTML, like Gecko) Chrome/114.0.0.0 Safari/537.36 Vivaldi/5.3.2679.68"
121.229.156.11 - - [04/Apr/2025:21:14:58 -0400] "GET / HTTP/1.1" 200 156172 "-" "Sogou web spider/4.0(+http://www.sogou.com/docs/help/webmasters.htm#07)"
66.249.73.203 - - [04/Apr/2025:21:19:40 -0400] "GET /how-to-know-when-to-call-for-emergency-ac-services/ HTTP/1.1" 404 1251 "-" "Mozilla/5.0 (Linux; Android 6.0.1; Nexus 5X Build/MMB29P) AppleWebKit/537.36 (KHTML, like Gecko) Chrome/134.0.6998.165 Mobile Safari/537.36 (compatible; Googlebot/2.1; +http://www.google.com/bot.html)"
85.208.96.198 - - [04/Apr/2025:21:22:33 -0400] "GET /nusa-penida-tour-explore-the-natural-wonders-of-nusa-penida/ HTTP/1.1" 404 1251 "-" "Mozilla/5.0 (compatible; SemrushBot/7~bl; +http://www.semrush.com/bot.html)"
157.245.196.208 - - [04/Apr/2025:21:24:43 -0400] "GET /wp-login.php HTTP/1.1" 200 1740 "-" "Mozilla/5.0 (Windows NT 6.3; Win64; x64) AppleWebKit/537.36 (KHTML, like Gecko) Chrome/107.0.5304.62 Safari/537.36"
157.245.196.208 - - [04/Apr/2025:21:24:45 -0400] "POST /wp-login.php HTTP/1.1" 200 0 "https://www.realjuggahos.com/wp-login.php" "Mozilla/5.0 (Windows NT 6.3; Win64; x64) AppleWebKit/537.36 (KHTML, like Gecko) Chrome/107.0.5304.62 Safari/537.36"
198.54.114.83 - - [04/Apr/2025:21:24:55 -0400] "POST /wp-cron.php?doing_wp_cron=1743816293.7379269599914550781250 HTTP/1.1" 200 0 "-" "WordPress/6.7.2; https://realjuggahos.com"
157.245.196.208 - - [04/Apr/2025:21:24:56 -0400] "GET /wp-login.php HTTP/1.1" 200 1740 "-" "Mozilla/5.0 (Windows NT 6.3; Win64; x64) AppleWebKit/537.36 (KHTML, like Gecko) Chrome/102.0.5005.63 Safari/537.36"
198.54.114.83 - - [04/Apr/2025:21:24:57 -0400] "POST /wp-admin/admin-ajax.php?action=async_litespeed&nonce=C37urBqy1X6Nxh7ALzP2hKnMNS9LJu5i&litespeed_type=imgoptm HTTP/1.1" 200 0 "-" "WordPress/6.7.2; https://realjuggahos.com"
157.245.196.208 - - [04/Apr/2025:21:24:57 -0400] "POST /wp-login.php HTTP/1.1" 200 1881 "https://www.realjuggahos.com/wp-login.php" "Mozilla/5.0 (Windows NT 6.3; Win64; x64) AppleWebKit/537.36 (KHTML, like Gecko) Chrome/102.0.5005.63 Safari/537.36"
157.245.196.208 - - [04/Apr/2025:21:25:01 -0400] "GET /wp-login.php HTTP/1.1" 200 1740 "-" "Mozilla/5.0 (Windows NT 10.0) AppleWebKit/537.36 (KHTML, like Gecko) Chrome/107.0.5304.54 Safari/537.36"
157.245.196.208 - - [04/Apr/2025:21:25:05 -0400] "POST /wp-login.php HTTP/1.1" 200 1874 "https://www.realjuggahos.com/wp-login.php" "Mozilla/5.0 (Windows NT 10.0) AppleWebKit/537.36 (KHTML, like Gecko) Chrome/107.0.5304.54 Safari/537.36"
198.54.114.83 - - [04/Apr/2025:21:25:07 -0400] "POST /wp-cron.php?doing_wp_cron=1743816306.1766378879547119140625 HTTP/1.1" 200 0 "-" "WordPress/6.7.2; https://realjuggahos.com"
2a02:598:64:8a00::3100:0 - - [04/Apr/2025:21:25:50 -0400] "GET /buy-likes-and-views-ticktok/ HTTP/1.1" 404 1251 "-" "Mozilla/5.0 (compatible; SeznamBot/4.0; +https://o-seznam.cz/napoveda/vyhledavani/en/seznambot-crawler/)"
2a02:598:96:8a00::1200:122 - - [04/Apr/2025:21:31:07 -0400] "GET /angels-in-islamic-concept-as-portrayed-by-quran/ HTTP/1.1" 404 1251 "-" "Mozilla/5.0 (compatible; SeznamBot/4.0; +https://o-seznam.cz/napoveda/vyhledavani/en/seznambot-crawler/)"
14.18.120.74 - - [04/Apr/2025:21:34:58 -0400] "GET /wp-login.php HTTP/1.1" 200 1740 "-" "Apache-HttpClient/4.5.2 (Java/1.8.0_161)"
14.18.120.74 - - [04/Apr/2025:21:35:01 -0400] "GET /?author=1 HTTP/1.1" 200 156172 "-" "Apache-HttpClient/4.5.2 (Java/1.8.0_161)"
14.18.120.74 - - [04/Apr/2025:21:35:05 -0400] "GET /?author=2 HTTP/1.1" 200 156172 "-" "Apache-HttpClient/4.5.2 (Java/1.8.0_161)"
14.18.120.74 - - [04/Apr/2025:21:35:07 -0400] "GET /?author=3 HTTP/1.1" 200 156172 "-" "Apache-HttpClient/4.5.2 (Java/1.8.0_161)"
14.18.120.74 - - [04/Apr/2025:21:35:09 -0400] "GET /?author=4 HTTP/1.1" 200 156172 "-" "Apache-HttpClient/4.5.2 (Java/1.8.0_161)"
14.18.120.74 - - [04/Apr/2025:21:35:12 -0400] "GET /?author=5 HTTP/1.1" 200 156172 "-" "Apache-HttpClient/4.5.2 (Java/1.8.0_161)"
14.18.120.74 - - [04/Apr/2025:21:35:13 -0400] "GET /?author=6 HTTP/1.1" 200 156172 "-" "Apache-HttpClient/4.5.2 (Java/1.8.0_161)"
14.18.120.74 - - [04/Apr/2025:21:35:15 -0400] "GET /?author=7 HTTP/1.1" 200 156172 "-" "Apache-HttpClient/4.5.2 (Java/1.8.0_161)"
14.18.120.74 - - [04/Apr/2025:21:35:17 -0400] "GET /?author=8 HTTP/1.1" 200 156172 "-" "Apache-HttpClient/4.5.2 (Java/1.8.0_161)"
14.18.120.74 - - [04/Apr/2025:21:35:18 -0400] "GET /?author=9 HTTP/1.1" 200 156172 "-" "Apache-HttpClient/4.5.2 (Java/1.8.0_161)"
14.18.120.74 - - [04/Apr/2025:21:35:19 -0400] "GET /?author=10 HTTP/1.1" 200 156172 "-" "Apache-HttpClient/4.5.2 (Java/1.8.0_161)"
14.18.120.74 - - [04/Apr/2025:21:35:21 -0400] "GET /?author=11 HTTP/1.1" 200 156172 "-" "Apache-HttpClient/4.5.2 (Java/1.8.0_161)"
14.18.120.74 - - [04/Apr/2025:21:35:23 -0400] "GET /?author=12 HTTP/1.1" 200 156172 "-" "Apache-HttpClient/4.5.2 (Java/1.8.0_161)"
14.18.120.74 - - [04/Apr/2025:21:35:25 -0400] "GET /?author=13 HTTP/1.1" 200 156172 "-" "Apache-HttpClient/4.5.2 (Java/1.8.0_161)"
14.18.120.74 - - [04/Apr/2025:21:35:26 -0400] "GET /?author=14 HTTP/1.1" 200 156172 "-" "Apache-HttpClient/4.5.2 (Java/1.8.0_161)"
14.18.120.74 - - [04/Apr/2025:21:35:28 -0400] "GET /?author=15 HTTP/1.1" 200 156172 "-" "Apache-HttpClient/4.5.2 (Java/1.8.0_161)"
14.18.120.74 - - [04/Apr/2025:21:35:29 -0400] "GET /?author=16 HTTP/1.1" 200 156172 "-" "Apache-HttpClient/4.5.2 (Java/1.8.0_161)"
14.18.120.74 - - [04/Apr/2025:21:35:30 -0400] "GET /?author=17 HTTP/1.1" 200 156172 "-" "Apache-HttpClient/4.5.2 (Java/1.8.0_161)"
14.18.120.74 - - [04/Apr/2025:21:35:31 -0400] "GET /?author=18 HTTP/1.1" 200 156172 "-" "Apache-HttpClient/4.5.2 (Java/1.8.0_161)"
14.18.120.74 - - [04/Apr/2025:21:35:34 -0400] "GET /?author=19 HTTP/1.1" 200 156172 "-" "Apache-HttpClient/4.5.2 (Java/1.8.0_161)"
14.18.120.74 - - [04/Apr/2025:21:35:35 -0400] "GET /?author=20 HTTP/1.1" 200 156172 "-" "Apache-HttpClient/4.5.2 (Java/1.8.0_161)"
66.249.73.195 - - [04/Apr/2025:21:37:41 -0400] "GET /robots.txt HTTP/1.1" 200 23 "-" "Mozilla/5.0 (compatible; Googlebot/2.1; +http://www.google.com/bot.html)"
66.249.73.196 - - [04/Apr/2025:21:37:41 -0400] "GET /the-spiritual-power-of-a-shark-tooth-necklace/ HTTP/1.1" 404 1251 "-" "Mozilla/5.0 (Linux; Android 6.0.1; Nexus 5X Build/MMB29P) AppleWebKit/537.36 (KHTML, like Gecko) Chrome/134.0.6998.165 Mobile Safari/537.36 (compatible; Googlebot/2.1; +http://www.google.com/bot.html)"
85.208.96.203 - - [04/Apr/2025:21:37:43 -0400] "GET /cool-comfort-finding-the-best-air-conditioning-services-for-your-needs/ HTTP/1.1" 404 1251 "-" "Mozilla/5.0 (compatible; SemrushBot/7~bl; +http://www.semrush.com/bot.html)"
2a02:598:64:8a00::3100:0 - - [04/Apr/2025:21:38:48 -0400] "GET /how-to-get-a-moving-quote/ HTTP/1.1" 404 1251 "-" "Mozilla/5.0 (compatible; SeznamBot/4.0; +https://o-seznam.cz/napoveda/vyhledavani/en/seznambot-crawler/)"
43.159.128.28 - - [04/Apr/2025:21:40:20 -0400] "GET /forums/users/laverneredrick/ HTTP/1.1" 404 1251 "-" "Mozilla/5.0 (X11; Linux i686) AppleWebKit/537.36 (KHTML, like Gecko) Chrome/114.0.0.0 Safari/537.36 Vivaldi/5.3.2679.68"
43.159.128.28 - - [04/Apr/2025:21:40:22 -0400] "GET / HTTP/1.1" 200 156172 "-" "Mozilla/5.0 (X11; Linux i686) AppleWebKit/537.36 (KHTML, like Gecko) Chrome/114.0.0.0 Safari/537.36 Vivaldi/5.3.2679.68"
43.159.128.28 - - [04/Apr/2025:21:40:44 -0400] "GET /dp/B0D3RN5W37?ref=MarsFS_VICC_blinksqm HTTP/1.1" 404 1251 "https://www.realjuggahos.com" "Mozilla/5.0 (X11; Linux i686) AppleWebKit/537.36 (KHTML, like Gecko) Chrome/114.0.0.0 Safari/537.36 Vivaldi/5.3.2679.68"
43.159.128.28 - - [04/Apr/2025:21:40:56 -0400] "GET / HTTP/1.1" 200 156172 "https://www.realjuggahos.com" "Mozilla/5.0 (X11; Linux i686) AppleWebKit/537.36 (KHTML, like Gecko) Chrome/114.0.0.0 Safari/537.36 Vivaldi/5.3.2679.68"
17.241.219.8 - - [04/Apr/2025:21:41:17 -0400] "GET /the-truth-about-buying-views-and-subscribers/ HTTP/1.1" 404 1251 "-" "Mozilla/5.0 (Macintosh; Intel Mac OS X 10_15_7) AppleWebKit/605.1.15 (KHTML, like Gecko) Version/17.4 Safari/605.1.15 (Applebot/0.1; +http://www.apple.com/go/applebot)"
103.69.224.85 - - [04/Apr/2025:21:41:54 -0400] "GET /forums/users/egdrosemarie/ HTTP/1.1" 404 1251 "-" "Mozilla/5.0 (Macintosh; Intel Mac OS X 12_5) AppleWebKit/605.1.15 (KHTML, like Gecko) Version/15.4 Safari/605.1.15"
103.69.224.85 - - [04/Apr/2025:21:41:55 -0400] "GET / HTTP/1.1" 200 156172 "-" "Mozilla/5.0 (Macintosh; Intel Mac OS X 12_5) AppleWebKit/605.1.15 (KHTML, like Gecko) Version/15.4 Safari/605.1.15"
103.69.224.85 - - [04/Apr/2025:21:41:56 -0400] "GET /dp/B0D3RN5W37?ref=MarsFS_VICC_blinksqm HTTP/1.1" 404 1251 "https://www.realjuggahos.com" "Mozilla/5.0 (Macintosh; Intel Mac OS X 12_5) AppleWebKit/605.1.15 (KHTML, like Gecko) Version/15.4 Safari/605.1.15"
103.69.224.85 - - [04/Apr/2025:21:41:57 -0400] "GET / HTTP/1.1" 200 156172 "https://www.realjuggahos.com" "Mozilla/5.0 (Macintosh; Intel Mac OS X 12_5) AppleWebKit/605.1.15 (KHTML, like Gecko) Version/15.4 Safari/605.1.15"
43.159.128.28 - - [04/Apr/2025:21:43:03 -0400] "GET / HTTP/1.1" 200 156172 "https://www.realjuggahos.com" "Mozilla/5.0 (X11; Linux i686) AppleWebKit/537.36 (KHTML, like Gecko) Chrome/114.0.0.0 Safari/537.36 Vivaldi/5.3.2679.68"
34.169.31.233 - - [04/Apr/2025:21:44:19 -0400] "GET /healthy-eating-for-teenagers-how-can-the-kids-eat-healthy/ HTTP/1.1" 404 1251 "-" "Mozilla/5.0 (Macintosh; Intel Mac OS X 10_15_7) AppleWebKit/605.1.15 (KHTML, like Gecko) Version/17.0 Safari/605.1.15"
195.191.219.132 - - [04/Apr/2025:21:44:33 -0400] "GET /robots.txt HTTP/1.1" 200 23 "-" "Mozilla/5.0 (compatible; MJ12bot/v2.0.0; http://mj12bot.com/)"
195.191.219.132 - - [04/Apr/2025:21:44:35 -0400] "GET / HTTP/1.1" 200 156172 "-" "Mozilla/5.0 (compatible; MJ12bot/v2.0.0; http://mj12bot.com/)"
34.169.216.138 - - [04/Apr/2025:21:46:42 -0400] "GET /choosing-the-right-nozzle-for-fire-hose/ HTTP/1.1" 404 1251 "-" "Mozilla/5.0 (Macintosh; Intel Mac OS X 10.15; rv:109.0) Gecko/20100101 Firefox/116.0"
84.54.44.30 - - [04/Apr/2025:21:49:10 -0400] "GET /top-5-uk-cbd-gummies/ HTTP/1.1" 404 1251 "https://realjuggahos.com/top-5-uk-cbd-gummies/" "Mozilla/5.0 (Windows NT 10.0; Win64; x64) AppleWebKit/537.36 (KHTML, like Gecko) Chrome/130.0.0.0 Safari/537.36 CCleaner/130.0.0.0"
84.54.44.30 - - [04/Apr/2025:21:49:10 -0400] "GET / HTTP/1.1" 200 156172 "https://realjuggahos.com/" "Mozilla/5.0 (Windows NT 10.0; Win64; x64) AppleWebKit/537.36 (KHTML, like Gecko) Chrome/130.0.0.0 Safari/537.36 CCleaner/130.0.0.0"
136.243.228.198 - - [04/Apr/2025:21:50:09 -0400] "GET /benefits-of-heating-units/ HTTP/1.1" 404 1251 "-" "Mozilla/5.0 (compatible; DataForSeoBot/1.0; +https://dataforseo.com/dataforseo-bot)"
139.99.23.122 - - [04/Apr/2025:21:50:53 -0400] "GET /wp-login.php HTTP/1.1" 200 1740 "-" "Mozila/5.0"
34.127.29.78 - - [04/Apr/2025:21:50:57 -0400] "GET /shine-bright-how-to-clean-your-silver-necklace/ HTTP/1.1" 404 1251 "-" "Mozilla/5.0 (Windows NT 10.0; Win64; x64) AppleWebKit/537.36 (KHTML, like Gecko) Chrome/123.0.0.0 Safari/537.36"
198.54.114.83 - - [04/Apr/2025:21:50:59 -0400] "POST /wp-cron.php?doing_wp_cron=1743817859.0415980815887451171875 HTTP/1.1" 200 0 "-" "WordPress/6.7.2; https://realjuggahos.com"
139.99.23.122 - - [04/Apr/2025:21:50:53 -0400] "POST /wp-login.php HTTP/1.1" 200 1886 "-" "Mozila/5.0"
198.54.114.83 - - [04/Apr/2025:21:51:00 -0400] "POST /wp-admin/admin-ajax.php?action=async_litespeed&nonce=aoU6tqeqnziE1WgoqYoKePahDq1qXZhU&litespeed_type=imgoptm HTTP/1.1" 200 0 "-" "WordPress/6.7.2; https://realjuggahos.com"
139.99.23.122 - - [04/Apr/2025:21:51:00 -0400] "GET /wp-admin/ HTTP/1.1" 302 0 "-" "Mozila/5.0"
198.54.114.83 - - [04/Apr/2025:21:51:04 -0400] "POST /wp-cron.php?doing_wp_cron=1743817863.9333169460296630859375 HTTP/1.1" 200 0 "-" "WordPress/6.7.2; https://realjuggahos.com"
139.99.23.122 - - [04/Apr/2025:21:51:03 -0400] "GET /wp-login.php?redirect_to=https%3A%2F%2Fwww.realjuggahos.com%2Fwp-admin%2F&reauth=1 HTTP/1.1" 200 1737 "-" "Mozila/5.0"
54.236.119.214 - - [04/Apr/2025:21:52:40 -0400] "GET /choosing-card-machines-for-your-business/ HTTP/1.1" 404 1251 "-" "Grammarly/1.0 (http://www.grammarly.com)"
