34.19.85.195 - - [05/Apr/2025:14:44:03 -0400] "GET /roller-window-shutters-can-help-to-protect-your-home-from-bushfires/ HTTP/1.1" 404 1251 "-" "Mozilla/5.0 (Windows NT 10.0; Win64; x64) AppleWebKit/537.36 (KHTML, like Gecko) Chrome/123.0.0.0 Safari/537.36"
34.169.31.233 - - [05/Apr/2025:14:44:26 -0400] "GET /buy-youtube-comments-from-a-trusted-source/ HTTP/1.1" 404 1251 "-" "Mozilla/5.0 (Macintosh; Intel Mac OS X 10_15_7) AppleWebKit/605.1.15 (KHTML, like Gecko) Version/17.0 Safari/605.1.15"
85.208.96.203 - - [05/Apr/2025:14:49:06 -0400] "GET /stand-mixers/ HTTP/1.1" 404 1251 "-" "Mozilla/5.0 (compatible; SemrushBot/7~bl; +http://www.semrush.com/bot.html)"
34.169.175.120 - - [05/Apr/2025:14:50:10 -0400] "GET /buy-youtube-subscribers-to-jumpstart-your-youtube-channel/ HTTP/1.1" 404 1251 "-" "Mozilla/5.0 (Macintosh; Intel Mac OS X 10.15; rv:109.0) Gecko/20100101 Firefox/116.0"
34.127.29.78 - - [05/Apr/2025:14:53:18 -0400] "GET /how-a-tax-advisor-can-help-you-minimize-your-tax-liabilities/ HTTP/1.1" 404 1251 "-" "Mozilla/5.0 (Macintosh; Intel Mac OS X 10.15; rv:109.0) Gecko/20100101 Firefox/116.0"
34.127.29.78 - - [05/Apr/2025:14:54:29 -0400] "GET /fenbendazole-powder-for-pets/ HTTP/1.1" 404 1251 "-" "Mozilla/5.0 (Macintosh; Intel Mac OS X 10_15_7) AppleWebKit/605.1.15 (KHTML, like Gecko) Version/17.0 Safari/605.1.15"
34.169.31.233 - - [05/Apr/2025:14:58:23 -0400] "GET /explore-your-imagination-through-art-classes-weston-super-mare/ HTTP/1.1" 404 1251 "-" "Mozilla/5.0 (Macintosh; Intel Mac OS X 10.15; rv:109.0) Gecko/20100101 Firefox/116.0"
138.199.59.149 - - [05/Apr/2025:14:59:11 -0400] "GET /wp-login.php HTTP/1.1" 200 1740 "https://realjuggahos.com" "Mozilla/5.0 (Windows NT 10.0; rv:91.0) Gecko/20100101 Firefox/91.0"
198.54.114.83 - - [05/Apr/2025:14:59:19 -0400] "POST /wp-cron.php?doing_wp_cron=1743879559.4964048862457275390625 HTTP/1.1" 200 0 "-" "WordPress/6.7.2; https://realjuggahos.com"
138.199.59.149 - - [05/Apr/2025:14:59:15 -0400] "POST /wp-login.php?wpe-login=true&hide_my_wp=1&hmwp_do=login&login=1 HTTP/1.1" 503 7001 "https://realjuggahos.com" "Mozilla/5.0 (Windows NT 10.0; rv:91.0) Gecko/20100101 Firefox/91.0"
198.54.114.83 - - [05/Apr/2025:14:59:20 -0400] "POST /wp-admin/admin-ajax.php?action=async_litespeed&nonce=8Krcg5QLMnr5qTqexs1brDwVnjMrT40B&litespeed_type=imgoptm HTTP/1.1" 200 5 "-" "WordPress/6.7.2; https://realjuggahos.com"
66.249.73.202 - - [05/Apr/2025:14:59:34 -0400] "GET /types-of-conservatory-roof-replacement/ HTTP/1.1" 404 1251 "-" "Mozilla/5.0 (Linux; Android 6.0.1; Nexus 5X Build/MMB29P) AppleWebKit/537.36 (KHTML, like Gecko) Chrome/134.0.6998.165 Mobile Safari/537.36 (compatible; Googlebot/2.1; +http://www.google.com/bot.html)"
85.208.96.193 - - [05/Apr/2025:15:00:10 -0400] "GET /orchard-sophia-developer-a-statement-of-redefined-luxury/ HTTP/1.1" 404 1251 "-" "Mozilla/5.0 (compatible; SemrushBot/7~bl; +http://www.semrush.com/bot.html)"
34.19.85.195 - - [05/Apr/2025:15:01:32 -0400] "GET /diamond-painting-accessories/ HTTP/1.1" 404 1251 "-" "Mozilla/5.0 (Windows NT 10.0; Win64; x64) AppleWebKit/537.36 (KHTML, like Gecko) Chrome/123.0.0.0 Safari/537.36"
167.253.67.14 - - [05/Apr/2025:15:06:15 -0400] "GET /forums/users/andersoncapehart/ HTTP/1.1" 404 1251 "-" "Mozilla/5.0 (Windows NT 10.0; WOW64; x64) AppleWebKit/537.36 (KHTML, like Gecko) Chrome/114.0.0.0 Safari/537.36 OPR/89.0.4447.51"
167.253.67.14 - - [05/Apr/2025:15:06:15 -0400] "GET / HTTP/1.1" 200 156172 "-" "Mozilla/5.0 (Windows NT 10.0; WOW64; x64) AppleWebKit/537.36 (KHTML, like Gecko) Chrome/114.0.0.0 Safari/537.36 OPR/89.0.4447.51"
114.119.131.199 - - [05/Apr/2025:15:09:12 -0400] "GET /hz/reviews-render/report-review?ie=UTF8&ref=cm_cr_dp_d_report&=hLqtVQgYy/I9YDyopdvMpjMSL3z2hjymwxiOhxxJtXHrAAAAAGcq7rEAAAAB&reviewId=RSOLMCOFAZGYC HTTP/1.1" 404 1251 "https://realjuggahos.com/?MD" "Mozilla/5.0 (Linux; Android 7.0;) AppleWebKit/537.36 (KHTML, like Gecko) Mobile Safari/537.36 (compatible; PetalBot;+https://webmaster.petalsearch.com/site/petalbot)"
2a03:2880:f800:9:: - - [05/Apr/2025:15:13:45 -0400] "GET /page/21/ HTTP/1.1" 404 1251 "-" "meta-externalagent/1.1 (+https://developers.facebook.com/docs/sharing/webmasters/crawler)"
34.169.175.120 - - [05/Apr/2025:15:14:21 -0400] "GET /unlocking-success-the-art-of-buying-youtube-views-cheaply/ HTTP/1.1" 404 1251 "-" "Mozilla/5.0 (Windows NT 10.0; Win64; x64) AppleWebKit/537.36 (KHTML, like Gecko) Chrome/123.0.0.0 Safari/537.36"
2a02:598:96:8a00::1200:122 - - [05/Apr/2025:15:14:37 -0400] "GET /stand-mixers/ HTTP/1.1" 404 1251 "-" "Mozilla/5.0 (compatible; SeznamBot/4.0; +https://o-seznam.cz/napoveda/vyhledavani/en/seznambot-crawler/)"
34.169.175.120 - - [05/Apr/2025:15:19:22 -0400] "GET /ensuring-wellbeing-through-the-night-the-essence-of-overnight-care/ HTTP/1.1" 404 1251 "-" "Mozilla/5.0 (Macintosh; Intel Mac OS X 10.15; rv:109.0) Gecko/20100101 Firefox/116.0"
2401:4900:1c8e:84b9:7cd8:59d7:2d6c:441e - - [05/Apr/2025:15:19:30 -0400] "HEAD /contact-us/ HTTP/1.1" 404 0 "-" "python-requests/2.32.3"
34.127.29.78 - - [05/Apr/2025:15:22:32 -0400] "GET /video-editing-imovie/ HTTP/1.1" 404 1251 "-" "Mozilla/5.0 (Windows NT 10.0; Win64; x64) AppleWebKit/537.36 (KHTML, like Gecko) Chrome/123.0.0.0 Safari/537.36"
66.249.73.202 - - [05/Apr/2025:15:23:48 -0400] "GET /robots.txt HTTP/1.1" 304 0 "-" "Mozilla/5.0 (compatible; Googlebot/2.1; +http://www.google.com/bot.html)"
66.249.73.204 - - [05/Apr/2025:15:23:49 -0400] "GET /wp-content/uploads/2023/05/download-15.jpeg HTTP/1.1" 200 8593 "-" "Googlebot-Image/1.0"
51.222.253.1 - - [05/Apr/2025:15:26:43 -0400] "GET /forums/users/dldava11085/ HTTP/1.1" 404 1251 "-" "Mozilla/5.0 (compatible; AhrefsBot/7.0; +http://ahrefs.com/robot/)"
185.220.101.21 - - [05/Apr/2025:15:27:40 -0400] "GET / HTTP/1.1" 200 156172 "https://realjuggahos.com" "Mozilla/5.0 (Windows NT 6.3) AppleWebKit/537.36 (KHTML, like Gecko) Chrome/41.0.2272.190 Safari/537.36"
85.208.96.207 - - [05/Apr/2025:15:27:49 -0400] "GET /robots.txt HTTP/1.1" 304 0 "-" "Mozilla/5.0 (compatible; SemrushBot/7~bl; +http://www.semrush.com/bot.html)"
185.191.171.16 - - [05/Apr/2025:15:27:51 -0400] "GET /coping-with-autism-support-for-families/ HTTP/1.1" 404 1251 "-" "Mozilla/5.0 (compatible; SemrushBot/7~bl; +http://www.semrush.com/bot.html)"
34.83.238.29 - - [05/Apr/2025:15:28:35 -0400] "GET /the-power-of-link-shorteners/ HTTP/1.1" 404 1251 "-" "Mozilla/5.0 (Windows NT 10.0; Win64; x64) AppleWebKit/537.36 (KHTML, like Gecko) Chrome/123.0.0.0 Safari/537.36"
2a02:598:64:8a00::3100:0 - - [05/Apr/2025:15:30:23 -0400] "GET /grip-socks-manufacturer/ HTTP/1.1" 404 1251 "-" "Mozilla/5.0 (compatible; SeznamBot/4.0; +https://o-seznam.cz/napoveda/vyhledavani/en/seznambot-crawler/)"
2a02:598:96:8a00::1200:122 - - [05/Apr/2025:15:31:32 -0400] "GET /buying-messenger-bags-wholesale/ HTTP/1.1" 404 1251 "-" "Mozilla/5.0 (compatible; SeznamBot/4.0; +https://o-seznam.cz/napoveda/vyhledavani/en/seznambot-crawler/)"
185.191.171.4 - - [05/Apr/2025:15:32:50 -0400] "GET /navigating-the-virtual-casino-the-allure-and-challenges-of-online-gambling/ HTTP/1.1" 404 1251 "-" "Mozilla/5.0 (compatible; SemrushBot/7~bl; +http://www.semrush.com/bot.html)"
54.36.148.38 - - [05/Apr/2025:15:33:30 -0400] "GET /robots.txt HTTP/1.1" 200 23 "-" "Mozilla/5.0 (compatible; AhrefsBot/7.0; +http://ahrefs.com/robot/)"
109.236.93.77 - - [05/Apr/2025:15:34:34 -0400] "GET /forums/users/romayount74 HTTP/1.1" 404 1251 "-" "Mozilla/5.0 (Windows NT 10.0; Win64; x64) AppleWebKit/537.36 (KHTML, like Gecko) Chrome/118.0.0.0 Safari/537.36"
185.191.171.14 - - [05/Apr/2025:15:35:06 -0400] "GET /ivf-clinic-sharjah-emirati-fertility-specialists/ HTTP/1.1" 404 1251 "-" "Mozilla/5.0 (compatible; SemrushBot/7~bl; +http://www.semrush.com/bot.html)"
157.55.39.52 - - [05/Apr/2025:15:35:47 -0400] "GET /best-places-to-buy-youtube-views/ HTTP/1.1" 404 1251 "-" "Mozilla/5.0 AppleWebKit/537.36 (KHTML, like Gecko; compatible; bingbot/2.0; +http://www.bing.com/bingbot.htm) Chrome/116.0.1938.76 Safari/537.36"
198.54.114.83 - - [05/Apr/2025:15:36:12 -0400] "POST /wp-admin/admin-ajax.php?action=async_litespeed&nonce=6lnMroUcGJZzKDY6h9Xx4jTeMcgLuzJS&litespeed_type=imgoptm HTTP/1.1" 200 0 "-" "WordPress/6.7.2; https://realjuggahos.com"
34.169.189.46 - - [05/Apr/2025:15:36:31 -0400] "GET /matter-residences-what-is-matter/ HTTP/1.1" 404 1251 "-" "Mozilla/5.0 (Windows NT 10.0; Win64; x64) AppleWebKit/537.36 (KHTML, like Gecko) Chrome/123.0.0.0 Safari/537.36"
34.145.20.211 - - [05/Apr/2025:15:36:49 -0400] "GET /how-to-find-the-best-soccer-grip-socks/ HTTP/1.1" 404 1251 "-" "Mozilla/5.0 (Macintosh; Intel Mac OS X 10_15_7) AppleWebKit/605.1.15 (KHTML, like Gecko) Version/17.0 Safari/605.1.15"
198.54.114.83 - - [05/Apr/2025:15:37:50 -0400] "POST /wp-admin/admin-ajax.php?action=async_litespeed&nonce=uDcf0Zh8uOewdjK5oRDlnQBrOCSBjeok&litespeed_type=imgoptm HTTP/1.1" 200 5 "-" "WordPress/6.7.2; https://realjuggahos.com"
34.169.175.120 - - [05/Apr/2025:15:39:33 -0400] "GET /what-does-strength-do-in-elden-ring/ HTTP/1.1" 404 1251 "-" "Mozilla/5.0 (Macintosh; Intel Mac OS X 10.15; rv:109.0) Gecko/20100101 Firefox/116.0"
196.251.73.13 - - [05/Apr/2025:15:40:00 -0400] "GET /wp-content/plugins/fix/up.php HTTP/1.1" 404 1251 "-" "Mozilla/5.0 (Windows NT 10.0; Win64; x64) AppleWebKit/537.36 (KHTML, like Gecko) Chrome/85.0.4183.102 Safari/537.36"
196.251.73.13 - - [05/Apr/2025:15:40:00 -0400] "GET / HTTP/1.1" 200 156172 "-" "Mozlila/5.0 (Linux; Android 7.0; SM-G892A Bulid/NRD90M; wv) AppleWebKit/537.36 (KHTML, like Gecko) Version/4.0 Chrome/60.0.3112.107 Moblie Safari/537.36"
196.251.73.13 - - [05/Apr/2025:15:40:01 -0400] "POST /wp-plain.php HTTP/1.1" 404 1251 "www.google.com" "Mozilla/5.0 (Linux; Android 7.0; SM-G892A Bulid/NRD90M; wv) AppleWebKit/537.36 (KHTML, like Gecko) Version/4.0 Chrome/60.0.3112.107 Moblie Safari/537.36"
196.251.73.13 - - [05/Apr/2025:15:40:01 -0400] "GET /wp-content/themes/seotheme/db.php?u HTTP/1.1" 404 1251 "www.google.com" "Mozlila/5.0 (Linux; Android 7.0; SM-G892A Bulid/NRD90M; wv) AppleWebKit/537.36 (KHTML, like Gecko) Version/4.0 Chrome/60.0.3112.107 Moblie Safari/537.36"
196.251.73.13 - - [05/Apr/2025:15:40:01 -0400] "GET /vqupfcwl.php?Fox=d3wL7 HTTP/1.1" 404 1251 "www.google.com" "Mozilla/5.0 (Linux; Android 7.0; SM-G892A Bulid/NRD90M; wv) AppleWebKit/537.36 (KHTML, like Gecko) Version/4.0 Chrome/60.0.3112.107 Moblie Safari/537.36"
198.54.114.83 - - [05/Apr/2025:15:40:16 -0400] "POST /wp-admin/admin-ajax.php?action=async_litespeed&nonce=MKHtCdZjEkkWI82BbuJTBXlrKZJynGFU&litespeed_type=imgoptm HTTP/1.1" 200 5 "-" "WordPress/6.7.2; https://realjuggahos.com"
52.45.47.38 - - [05/Apr/2025:15:40:24 -0400] "GET /healthy-eating-for-teenagers-how-can-the-kids-eat-healthy/ HTTP/1.1" 404 1251 "-" "Grammarly/1.0 (http://www.grammarly.com)"
198.54.114.83 - - [05/Apr/2025:15:42:24 -0400] "POST /wp-admin/admin-ajax.php?action=async_litespeed&nonce=77okeIsy30skc734oxy57vh61n2Q3L10&litespeed_type=imgoptm HTTP/1.1" 200 5 "-" "WordPress/6.7.2; https://realjuggahos.com"
185.191.171.1 - - [05/Apr/2025:15:42:25 -0400] "GET /what-you-should-know-about-military-gas-masks-for-sale/ HTTP/1.1" 404 1251 "-" "Mozilla/5.0 (compatible; SemrushBot/7~bl; +http://www.semrush.com/bot.html)"
94.154.239.69 - - [05/Apr/2025:15:45:29 -0400] "GET /robots.txt HTTP/1.1" 304 0 "-" "Mozilla/5.0 (compatible; MJ12bot/v1.4.8; http://mj12bot.com/)"
94.154.239.69 - - [05/Apr/2025:15:45:31 -0400] "GET /agriturismo-lazise/ HTTP/1.1" 404 1251 "-" "Mozilla/5.0 (compatible; MJ12bot/v1.4.8; http://mj12bot.com/)"
34.169.216.138 - - [05/Apr/2025:15:46:12 -0400] "GET /how-to-check-for-an-online-warrant-for-your-arrest/ HTTP/1.1" 404 1251 "-" "Mozilla/5.0 (Macintosh; Intel Mac OS X 10_15_7) AppleWebKit/605.1.15 (KHTML, like Gecko) Version/17.0 Safari/605.1.15"
85.208.96.205 - - [05/Apr/2025:15:48:17 -0400] "GET /buy-eneba-gift-card/ HTTP/1.1" 404 1251 "-" "Mozilla/5.0 (compatible; SemrushBot/7~bl; +http://www.semrush.com/bot.html)"
157.55.39.14 - - [05/Apr/2025:15:48:33 -0400] "GET /agencia-digital-colombia/ HTTP/1.1" 404 1251 "-" "Mozilla/5.0 AppleWebKit/537.36 (KHTML, like Gecko; compatible; bingbot/2.0; +http://www.bing.com/bingbot.htm) Chrome/116.0.1938.76 Safari/537.36"
34.83.238.29 - - [05/Apr/2025:15:49:05 -0400] "GET /is-it-good-to-consume-cbd-in-clearwater/ HTTP/1.1" 404 1251 "-" "Mozilla/5.0 (Macintosh; Intel Mac OS X 10.15; rv:109.0) Gecko/20100101 Firefox/116.0"
47.82.15.75 - - [05/Apr/2025:15:49:31 -0400] "GET /online-coaching-pt-the-growing-market-for-personal-trainers/ HTTP/1.1" 404 1251 "-" "Mozilla/5.0 (Linux; Android 10; K) AppleWebKit/537.36 (KHTML, like Gecko) Chrome/121.0.0.0 Mobile Safari/537.36 EdgA/121.0.0.0"
109.236.93.77 - - [05/Apr/2025:15:53:38 -0400] "GET /is-fenben-cancer-treatment-effective HTTP/1.1" 404 1251 "-" "Mozilla/5.0 (Windows NT 10.0; Win64; x64) AppleWebKit/537.36 (KHTML, like Gecko) Chrome/118.0.0.0 Safari/537.36"
34.169.189.46 - - [05/Apr/2025:15:56:28 -0400] "GET /captivating-elegance-the-allure-of-gemstone-beaded-bracelets/ HTTP/1.1" 404 1251 "-" "Mozilla/5.0 (Macintosh; Intel Mac OS X 10_15_7) AppleWebKit/605.1.15 (KHTML, like Gecko) Version/17.0 Safari/605.1.15"
154.30.107.62 - - [05/Apr/2025:15:57:33 -0400] "GET /forums/users/marcelocatani5/ HTTP/1.1" 404 1251 "-" "Mozilla/5.0 (Linux x86_64; rv:114.0) Gecko/20100101 Firefox/114.0"
154.30.107.62 - - [05/Apr/2025:15:57:34 -0400] "GET / HTTP/1.1" 200 156172 "-" "Mozilla/5.0 (Linux x86_64; rv:114.0) Gecko/20100101 Firefox/114.0"
34.127.29.78 - - [05/Apr/2025:15:57:46 -0400] "GET /finding-a-family-friendly-suburb-in-auckland-to-invest-in/ HTTP/1.1" 404 1251 "-" "Mozilla/5.0 (Macintosh; Intel Mac OS X 10.15; rv:109.0) Gecko/20100101 Firefox/116.0"
154.30.107.62 - - [05/Apr/2025:15:57:46 -0400] "GET /dp/B0D3RN5W37?ref=MarsFS_VICC_blinksqm HTTP/1.1" 404 1251 "https://www.realjuggahos.com" "Mozilla/5.0 (Linux x86_64; rv:114.0) Gecko/20100101 Firefox/114.0"
154.30.107.62 - - [05/Apr/2025:15:57:48 -0400] "GET / HTTP/1.1" 200 156172 "https://www.realjuggahos.com" "Mozilla/5.0 (Linux x86_64; rv:114.0) Gecko/20100101 Firefox/114.0"
66.249.73.202 - - [05/Apr/2025:15:59:34 -0400] "GET /seamless-connectivity-exploring-the-evolution-of-bluetooth-headsets/ HTTP/1.1" 404 1251 "-" "Mozilla/5.0 (Linux; Android 6.0.1; Nexus 5X Build/MMB29P) AppleWebKit/537.36 (KHTML, like Gecko) Chrome/134.0.6998.165 Mobile Safari/537.36 (compatible; Googlebot/2.1; +http://www.google.com/bot.html)"
2a02:598:96:8a00::1200:122 - - [05/Apr/2025:16:01:22 -0400] "GET /robots.txt HTTP/1.1" 304 0 "-" "Mozilla/5.0 (compatible; SeznamBot/4.0; +https://o-seznam.cz/napoveda/vyhledavani/en/seznambot-crawler/)"
2a02:598:96:8a00::1200:122 - - [05/Apr/2025:16:01:22 -0400] "GET /how-to-get-youtube-live-stream-views/ HTTP/1.1" 404 1251 "-" "Mozilla/5.0 (compatible; SeznamBot/4.0; +https://o-seznam.cz/napoveda/vyhledavani/en/seznambot-crawler/)"
185.191.171.6 - - [05/Apr/2025:16:01:24 -0400] "GET /stylish-strides-embracing-crew-socks-with-designs/ HTTP/1.1" 404 1251 "-" "Mozilla/5.0 (compatible; SemrushBot/7~bl; +http://www.semrush.com/bot.html)"
34.169.31.233 - - [05/Apr/2025:16:05:31 -0400] "GET /matter-residences-what-is-matter/ HTTP/1.1" 404 1251 "-" "Mozilla/5.0 (Macintosh; Intel Mac OS X 10.15; rv:109.0) Gecko/20100101 Firefox/116.0"
34.145.20.211 - - [05/Apr/2025:16:05:38 -0400] "GET /how-to-find-the-best-soccer-grip-socks/ HTTP/1.1" 404 1251 "-" "Mozilla/5.0 (Macintosh; Intel Mac OS X 10.15; rv:109.0) Gecko/20100101 Firefox/116.0"
34.169.31.233 - - [05/Apr/2025:16:06:44 -0400] "GET /unlocking-success-the-art-of-buying-youtube-views-cheaply/ HTTP/1.1" 404 1251 "-" "Mozilla/5.0 (Macintosh; Intel Mac OS X 10.15; rv:109.0) Gecko/20100101 Firefox/116.0"
34.83.238.29 - - [05/Apr/2025:16:10:36 -0400] "GET /assumptions-the-hidden-sales-killer/ HTTP/1.1" 404 1251 "-" "Mozilla/5.0 (Macintosh; Intel Mac OS X 10_15_7) AppleWebKit/605.1.15 (KHTML, like Gecko) Version/17.0 Safari/605.1.15"
185.191.171.3 - - [05/Apr/2025:16:11:16 -0400] "GET /naviguer-dans-lengourdissement-devoiler-le-monde-de-lanesthesie-dentaire/ HTTP/1.1" 404 1251 "-" "Mozilla/5.0 (compatible; SemrushBot/7~bl; +http://www.semrush.com/bot.html)"
85.208.96.193 - - [05/Apr/2025:16:11:29 -0400] "GET /the-basics-of-plastic-injection/ HTTP/1.1" 404 1251 "-" "Mozilla/5.0 (compatible; SemrushBot/7~bl; +http://www.semrush.com/bot.html)"
151.106.181.25 - - [05/Apr/2025:16:11:49 -0400] "GET /wp-content/uploads/2020/06/your-ad-here.gif HTTP/1.1" 404 1251 "-" "Mozilla/5.0 (X11; Ubuntu; Linux x86_64; rv:72.0) Gecko/20100101 Firefox/72.0"
151.106.181.25 - - [05/Apr/2025:16:11:49 -0400] "GET /wp-content/uploads/2020/06/your-ad-here.gif HTTP/1.1" 404 1251 "-" "Mozilla/5.0 (X11; Ubuntu; Linux x86_64; rv:72.0) Gecko/20100101 Firefox/72.0"
151.106.181.25 - - [05/Apr/2025:16:11:49 -0400] "GET /wp-content/uploads/2020/06/your-ad-here.gif HTTP/1.1" 404 1251 "-" "Mozilla/5.0 (X11; Ubuntu; Linux x86_64; rv:72.0) Gecko/20100101 Firefox/72.0"
198.54.114.83 - - [05/Apr/2025:16:12:32 -0400] "POST /wp-admin/admin-ajax.php?action=async_litespeed&nonce=sC77Mu254DS253dIdJ0v5x3VNTrC34Qb&litespeed_type=imgoptm HTTP/1.1" 200 0 "-" "WordPress/6.7.2; https://realjuggahos.com"
2a02:598:96:8a00::1200:122 - - [05/Apr/2025:16:13:29 -0400] "GET /stylish-strides-embracing-crew-socks-with-designs/ HTTP/1.1" 404 1251 "-" "Mozilla/5.0 (compatible; SeznamBot/4.0; +https://o-seznam.cz/napoveda/vyhledavani/en/seznambot-crawler/)"
34.169.175.120 - - [05/Apr/2025:16:14:09 -0400] "GET /the-power-of-link-shorteners/ HTTP/1.1" 404 1251 "-" "Mozilla/5.0 (Macintosh; Intel Mac OS X 10_15_7) AppleWebKit/605.1.15 (KHTML, like Gecko) Version/17.0 Safari/605.1.15"
2a02:598:64:8a00::3100:0 - - [05/Apr/2025:16:14:27 -0400] "GET /best-places-to-buy-youtube-video-watch-hours/ HTTP/1.1" 404 1251 "-" "Mozilla/5.0 (compatible; SeznamBot/4.0; +https://o-seznam.cz/napoveda/vyhledavani/en/seznambot-crawler/)"
34.169.31.233 - - [05/Apr/2025:16:15:19 -0400] "GET /how-to-check-for-an-online-warrant-for-your-arrest/ HTTP/1.1" 404 1251 "-" "Mozilla/5.0 (Macintosh; Intel Mac OS X 10.15; rv:109.0) Gecko/20100101 Firefox/116.0"
85.208.96.209 - - [05/Apr/2025:16:15:28 -0400] "GET /unraveling-the-illusion-can-you-buy-followers-on-tiktok/ HTTP/1.1" 404 1251 "-" "Mozilla/5.0 (compatible; SemrushBot/7~bl; +http://www.semrush.com/bot.html)"
34.169.216.138 - - [05/Apr/2025:16:18:19 -0400] "GET /finding-a-family-friendly-suburb-in-auckland-to-invest-in/ HTTP/1.1" 404 1251 "-" "Mozilla/5.0 (Macintosh; Intel Mac OS X 10.15; rv:109.0) Gecko/20100101 Firefox/116.0"
212.34.147.142 - - [05/Apr/2025:16:19:38 -0400] "GET /top-5-uk-cbd-gummies/ HTTP/1.1" 404 1251 "https://realjuggahos.com/top-5-uk-cbd-gummies/" "Mozilla/5.0 (Windows NT 10.0; Win64; x64) AppleWebKit/537.36 (KHTML, like Gecko) Chrome/131.0.0.0 Safari/537.36 Avast/131.0.0.0"
212.34.147.142 - - [05/Apr/2025:16:19:39 -0400] "GET / HTTP/1.1" 200 156172 "https://realjuggahos.com/" "Mozilla/5.0 (Windows NT 10.0; Win64; x64) AppleWebKit/537.36 (KHTML, like Gecko) Chrome/131.0.0.0 Safari/537.36 Avast/131.0.0.0"
91.84.100.21 - - [05/Apr/2025:16:20:40 -0400] "GET /top-5-uk-cbd-gummies/ HTTP/1.1" 404 1251 "https://realjuggahos.com/top-5-uk-cbd-gummies/" "Mozilla/5.0 (Windows NT 10.0; Win64; x64) AppleWebKit/537.36 (KHTML, like Gecko) Chrome/130.0.0.0 Safari/537.36 CCleaner/130.0.0.0"
91.84.100.21 - - [05/Apr/2025:16:20:43 -0400] "GET / HTTP/1.1" 200 156172 "https://realjuggahos.com/" "Mozilla/5.0 (Windows NT 10.0; Win64; x64) AppleWebKit/537.36 (KHTML, like Gecko) Chrome/130.0.0.0 Safari/537.36 CCleaner/130.0.0.0"
61.130.144.139 - - [05/Apr/2025:16:24:37 -0400] "GET / HTTP/1.1" 200 156172 "https://realjuggahos.com/" "Mozilla/4.0 (compatible; MSIE 9.0; Windows NT 6.1)"
209.141.56.126 - - [05/Apr/2025:16:38:08 -0400] "GET /wp-login.php HTTP/1.1" 200 1740 "-" "Mozilla/5.0 (Macintosh; Intel Mac OS X 10.8; rv:31.0) Gecko/20100101 Firefox/31.0"
198.54.114.83 - - [05/Apr/2025:16:38:13 -0400] "POST /wp-cron.php?doing_wp_cron=1743885493.0772719383239746093750 HTTP/1.1" 200 0 "-" "WordPress/6.7.2; https://realjuggahos.com"
209.141.56.126 - - [05/Apr/2025:16:38:08 -0400] "POST /wp-login.php HTTP/1.1" 200 1878 "-" "Mozilla/5.0 (Macintosh; Intel Mac OS X 10.8; rv:31.0) Gecko/20100101 Firefox/31.0"
198.54.114.83 - - [05/Apr/2025:16:38:14 -0400] "POST /wp-admin/admin-ajax.php?action=async_litespeed&nonce=Y2X3hHTpxVHlPyT3jNdmBIMz8myVZHRr&litespeed_type=imgoptm HTTP/1.1" 200 0 "-" "WordPress/6.7.2; https://realjuggahos.com"
198.54.114.83 - - [05/Apr/2025:16:38:15 -0400] "POST /wp-admin/admin-ajax.php?action=wordfence_testAjax HTTP/1.1" 200 16 "-" "WordPress/6.7.2; https://realjuggahos.com"
198.54.114.83 - - [05/Apr/2025:16:38:16 -0400] "GET /wp-admin/admin-ajax.php?action=wordfence_doScan&isFork=0&scanMode=quick&cronKey=1cb1dfc98ade87e26225805d2ea5f4f0&signature=0ec9c55e2af98c05f77d3e940a6464dca70998230073750cd59d8ec0829951de HTTP/1.1" 200 0 "-" "WordPress/6.7.2; https://realjuggahos.com"
18.130.12.89 - - [05/Apr/2025:16:49:02 -0400] "GET /wp-includes/style-engine/wp-conflg.php HTTP/1.1" 404 1251 "www.google.com" "Mozlila/5.0 (Linux; Android 7.0; SM-G892A Bulid/NRD90M; wv) AppleWebKit/537.36 (KHTML, like Gecko) Version/4.0 Chrome/60.0.3112.107 Moblie Safari/537.36"
146.70.182.6 - - [05/Apr/2025:16:51:31 -0400] "GET /forums/users/egdrosemarie/ HTTP/1.1" 404 1251 "-" "Mozilla/5.0 (Macintosh; Intel Mac OS X 12_5) AppleWebKit/537.36 (KHTML, like Gecko) Chrome/114.0.0.0 YaBrowser/22.7.0 Yowser/2.5 Safari/537.36"
146.70.182.6 - - [05/Apr/2025:16:51:32 -0400] "GET / HTTP/1.1" 200 156172 "-" "Mozilla/5.0 (Macintosh; Intel Mac OS X 12_5) AppleWebKit/537.36 (KHTML, like Gecko) Chrome/114.0.0.0 YaBrowser/22.7.0 Yowser/2.5 Safari/537.36"
146.70.182.6 - - [05/Apr/2025:16:51:34 -0400] "GET /dp/B0D3RN5W37?ref=MarsFS_VICC_blinksqm HTTP/1.1" 404 1251 "https://www.realjuggahos.com" "Mozilla/5.0 (Macintosh; Intel Mac OS X 12_5) AppleWebKit/537.36 (KHTML, like Gecko) Chrome/114.0.0.0 YaBrowser/22.7.0 Yowser/2.5 Safari/537.36"
146.70.182.6 - - [05/Apr/2025:16:51:36 -0400] "GET / HTTP/1.1" 200 156172 "https://www.realjuggahos.com" "Mozilla/5.0 (Macintosh; Intel Mac OS X 12_5) AppleWebKit/537.36 (KHTML, like Gecko) Chrome/114.0.0.0 YaBrowser/22.7.0 Yowser/2.5 Safari/537.36"
185.191.171.15 - - [05/Apr/2025:16:53:23 -0400] "GET /can-i-get-black-out-blinds-in-my-conservatory-roof/ HTTP/1.1" 404 1251 "-" "Mozilla/5.0 (compatible; SemrushBot/7~bl; +http://www.semrush.com/bot.html)"
2a02:598:96:8a00::1200:122 - - [05/Apr/2025:16:54:41 -0400] "GET /how-to-buy-cannabis-online/ HTTP/1.1" 404 1251 "-" "Mozilla/5.0 (compatible; SeznamBot/4.0; +https://o-seznam.cz/napoveda/vyhledavani/en/seznambot-crawler/)"
185.191.171.7 - - [05/Apr/2025:16:56:10 -0400] "GET /how-to-choose-the-winning-slot-machines/ HTTP/1.1" 404 1251 "-" "Mozilla/5.0 (compatible; SemrushBot/7~bl; +http://www.semrush.com/bot.html)"
66.249.65.97 - - [05/Apr/2025:16:56:25 -0400] "GET /robots.txt HTTP/1.1" 304 0 "-" "Mozilla/5.0 (compatible; Googlebot/2.1; +http://www.google.com/bot.html)"
66.249.65.96 - - [05/Apr/2025:16:56:25 -0400] "GET /feed/ HTTP/1.1" 404 1251 "-" "Mozilla/5.0 (compatible; Googlebot/2.1; +http://www.google.com/bot.html)"
34.202.88.37 - - [05/Apr/2025:17:10:23 -0400] "GET /forums/users/juliannaubry2/ HTTP/1.1" 404 1251 "-" "Mozilla/5.0 AppleWebKit/537.36 (KHTML, like Gecko; compatible; Amazonbot/0.1; +https://developer.amazon.com/support/amazonbot) Chrome/119.0.6045.214 Safari/537.36"
185.202.175.112 - - [05/Apr/2025:17:10:59 -0400] "GET /forums/users/chastityhorning/ HTTP/1.1" 404 1251 "-" "Mozilla/5.0 (X11; Linux i686) AppleWebKit/537.36 (KHTML, like Gecko) Chrome/114.0.0.0 Safari/537.36 Vivaldi/5.3.2679.68"
185.202.175.112 - - [05/Apr/2025:17:11:00 -0400] "GET / HTTP/1.1" 200 156172 "-" "Mozilla/5.0 (X11; Linux i686) AppleWebKit/537.36 (KHTML, like Gecko) Chrome/114.0.0.0 Safari/537.36 Vivaldi/5.3.2679.68"
185.202.175.112 - - [05/Apr/2025:17:11:02 -0400] "GET /dp/B0D3RN5W37?ref=MarsFS_VICC_blinksqm HTTP/1.1" 404 1251 "https://www.realjuggahos.com" "Mozilla/5.0 (X11; Linux i686) AppleWebKit/537.36 (KHTML, like Gecko) Chrome/114.0.0.0 Safari/537.36 Vivaldi/5.3.2679.68"
185.202.175.112 - - [05/Apr/2025:17:11:03 -0400] "GET / HTTP/1.1" 200 156172 "https://www.realjuggahos.com" "Mozilla/5.0 (X11; Linux i686) AppleWebKit/537.36 (KHTML, like Gecko) Chrome/114.0.0.0 Safari/537.36 Vivaldi/5.3.2679.68"
198.54.114.83 - - [05/Apr/2025:17:18:37 -0400] "POST /wp-admin/admin-ajax.php?action=async_litespeed&nonce=jBaqzPOukm9I6kmBrqwibJLnQWwaWBCe&litespeed_type=imgoptm HTTP/1.1" 200 0 "-" "WordPress/6.7.2; https://realjuggahos.com"
9.169.172.187 - - [05/Apr/2025:17:18:37 -0400] "GET /wp-admin/network/about.php HTTP/1.1" 302 0 "-" "-"
9.169.172.187 - - [05/Apr/2025:17:18:38 -0400] "GET /wp-login.php?redirect_to=https%3A%2F%2Frealjuggahos.com%2Fwp-admin%2Fnetwork%2Fabout.php&reauth=1 HTTP/1.1" 200 0 "-" "-"
52.167.144.196 - - [05/Apr/2025:17:30:54 -0400] "GET /forums/users/jacobdoty0742/ HTTP/1.1" 404 1251 "-" "Mozilla/5.0 AppleWebKit/537.36 (KHTML, like Gecko; compatible; bingbot/2.0; +http://www.bing.com/bingbot.htm) Chrome/116.0.1938.76 Safari/537.36"
85.208.96.197 - - [05/Apr/2025:17:31:29 -0400] "GET /the-modern-convenience-of-instant-hot-and-cold-water-dispensers/ HTTP/1.1" 404 1251 "-" "Mozilla/5.0 (compatible; SemrushBot/7~bl; +http://www.semrush.com/bot.html)"
2a02:598:64:8a00::3100:0 - - [05/Apr/2025:17:33:25 -0400] "GET /online-gambling/ HTTP/1.1" 404 1251 "-" "Mozilla/5.0 (compatible; SeznamBot/4.0; +https://o-seznam.cz/napoveda/vyhledavani/en/seznambot-crawler/)"
223.109.252.194 - - [05/Apr/2025:17:39:09 -0400] "GET / HTTP/1.1" 200 156172 "-" "Sogou web spider/4.0(+http://www.sogou.com/docs/help/webmasters.htm#07)"
2a02:598:96:8a00::1200:122 - - [05/Apr/2025:17:39:19 -0400] "GET /ceramic-coating-for-cars-does-it-really-work/ HTTP/1.1" 404 1251 "-" "Mozilla/5.0 (compatible; SeznamBot/4.0; +https://o-seznam.cz/napoveda/vyhledavani/en/seznambot-crawler/)"
198.54.114.83 - - [05/Apr/2025:17:44:59 -0400] "POST /wp-cron.php?doing_wp_cron=1743889498.8060569763183593750000 HTTP/1.1" 200 0 "-" "WordPress/6.7.2; https://realjuggahos.com"
95.173.222.37 - - [05/Apr/2025:17:44:54 -0400] "POST /wp-login.php HTTP/1.1" 503 7001 "https://realjuggahos.com/wp-admin/" "Mozilla/5.0 (Windows NT 10.0; Win64; x64) AppleWebKit/537.36 (KHTML, like Gecko) Chrome/90.0.4430.85 Safari/537.36"
198.54.114.83 - - [05/Apr/2025:17:44:59 -0400] "POST /wp-admin/admin-ajax.php?action=async_litespeed&nonce=asiYMGW9qs8D0V3xIXXjdwET5OLrpxNr&litespeed_type=imgoptm HTTP/1.1" 200 5 "-" "WordPress/6.7.2; https://realjuggahos.com"
183.199.125.158 - - [05/Apr/2025:17:46:13 -0400] "GET /forums/users/carinaschmitt7/ HTTP/1.1" 404 1251 "-" "Mozilla/5.0 (Macintosh; Intel Mac OS X 12_5) AppleWebKit/537.36 (KHTML, like Gecko) Chrome/114.0.0.0 YaBrowser/22.7.0 Yowser/2.5 Safari/537.36"
183.199.125.158 - - [05/Apr/2025:17:46:15 -0400] "GET / HTTP/1.1" 200 156172 "-" "Mozilla/5.0 (Macintosh; Intel Mac OS X 12_5) AppleWebKit/537.36 (KHTML, like Gecko) Chrome/114.0.0.0 YaBrowser/22.7.0 Yowser/2.5 Safari/537.36"
185.191.171.16 - - [05/Apr/2025:17:52:25 -0400] "GET /puerto-rico-la-isla-del-encanto/ HTTP/1.1" 404 1251 "-" "Mozilla/5.0 (compatible; SemrushBot/7~bl; +http://www.semrush.com/bot.html)"
85.208.96.196 - - [05/Apr/2025:17:53:35 -0400] "GET /robots.txt HTTP/1.1" 304 0 "-" "Mozilla/5.0 (compatible; SemrushBot/7~bl; +http://www.semrush.com/bot.html)"
185.191.171.17 - - [05/Apr/2025:17:53:36 -0400] "GET /10-wine-gifts-for-wine-connoisseurs/ HTTP/1.1" 404 1251 "-" "Mozilla/5.0 (compatible; SemrushBot/7~bl; +http://www.semrush.com/bot.html)"
167.253.67.14 - - [05/Apr/2025:17:53:41 -0400] "GET /forums/users/andersoncapehart/ HTTP/1.1" 404 1251 "-" "Mozilla/5.0 (Windows NT 10.0; Win64; x64; Xbox; Xbox One) AppleWebKit/537.36 (KHTML, like Gecko) Chrome/114.0.0.0 Safari/537.36 Edge/44.18363.8131"
167.253.67.14 - - [05/Apr/2025:17:53:41 -0400] "GET / HTTP/1.1" 200 156172 "-" "Mozilla/5.0 (Windows NT 10.0; Win64; x64; Xbox; Xbox One) AppleWebKit/537.36 (KHTML, like Gecko) Chrome/114.0.0.0 Safari/537.36 Edge/44.18363.8131"
167.253.67.14 - - [05/Apr/2025:17:54:57 -0400] "GET /forums/users/andersoncapehart/ HTTP/1.1" 404 1251 "-" "Mozilla/5.0 (Windows NT 10.0; Win64; x64) AppleWebKit/537.36 (KHTML, like Gecko) Chrome/114.0.0.0 Safari/537.36"
167.253.67.14 - - [05/Apr/2025:17:54:58 -0400] "GET / HTTP/1.1" 200 156172 "-" "Mozilla/5.0 (Windows NT 10.0; Win64; x64) AppleWebKit/537.36 (KHTML, like Gecko) Chrome/114.0.0.0 Safari/537.36"
2a02:598:64:8a00::3100:0 - - [05/Apr/2025:17:56:26 -0400] "GET /orchard-sophia-developer-a-statement-of-redefined-luxury/ HTTP/1.1" 404 1251 "-" "Mozilla/5.0 (compatible; SeznamBot/4.0; +https://o-seznam.cz/napoveda/vyhledavani/en/seznambot-crawler/)"
164.92.156.36 - - [05/Apr/2025:17:59:13 -0400] "GET / HTTP/1.1" 200 156172 "-" "Mozilla/5.0 (Windows NT 10.0; Win64; x64) AppleWebKit/537.36 (KHTML, like Gecko) Chrome/58.0.3029.110 Safari/537.36"
164.92.156.36 - - [05/Apr/2025:17:59:14 -0400] "GET /This_Shit_is_Fake.php HTTP/1.1" 404 1251 "-" "Mozilla/5.0 (Windows NT 10.0; Win64; x64) AppleWebKit/537.36 (KHTML, like Gecko) Chrome/58.0.3029.110 Safari/537.36"
164.92.156.36 - - [05/Apr/2025:17:59:14 -0400] "GET /ccx/index.php HTTP/1.1" 404 1251 "-" "Mozilla/5.0 (Windows NT 10.0; Win64; x64) AppleWebKit/537.36 (KHTML, like Gecko) Chrome/58.0.3029.110 Safari/537.36"
164.92.156.36 - - [05/Apr/2025:17:59:16 -0400] "GET /wp-content/plugins/pwnd/pwnd.php HTTP/1.1" 404 1251 "-" "Mozilla/5.0 (Windows NT 10.0; Win64; x64) AppleWebKit/537.36 (KHTML, like Gecko) Chrome/58.0.3029.110 Safari/537.36"
164.92.156.36 - - [05/Apr/2025:17:59:18 -0400] "GET /templates/beez3/index.php HTTP/1.1" 404 1251 "-" "Mozilla/5.0 (Windows NT 10.0; Win64; x64) AppleWebKit/537.36 (KHTML, like Gecko) Chrome/58.0.3029.110 Safari/537.36"
164.92.156.36 - - [05/Apr/2025:17:59:21 -0400] "GET /wp-admin/css/wp-login.php HTTP/1.1" 404 1251 "-" "Mozilla/5.0 (Windows NT 10.0; Win64; x64) AppleWebKit/537.36 (KHTML, like Gecko) Chrome/58.0.3029.110 Safari/537.36"
164.92.156.36 - - [05/Apr/2025:17:59:25 -0400] "GET //admin/function.php HTTP/1.1" 404 1251 "-" "Mozilla/5.0 (Windows NT 10.0; Win64; x64) AppleWebKit/537.36 (KHTML, like Gecko) Chrome/58.0.3029.110 Safari/537.36"
164.92.156.36 - - [05/Apr/2025:17:59:30 -0400] "GET /wp-includes/themes.php HTTP/1.1" 404 1251 "-" "Mozilla/5.0 (Windows NT 10.0; Win64; x64) AppleWebKit/537.36 (KHTML, like Gecko) Chrome/58.0.3029.110 Safari/537.36"
185.191.171.7 - - [05/Apr/2025:17:59:30 -0400] "GET /the-lakegarden-residences-a-new-launch-in-jurong-lake-district/ HTTP/1.1" 404 1251 "-" "Mozilla/5.0 (compatible; SemrushBot/7~bl; +http://www.semrush.com/bot.html)"
164.92.156.36 - - [05/Apr/2025:17:59:35 -0400] "GET /wp-admin/includes/themes.php HTTP/1.1" 404 1251 "-" "Mozilla/5.0 (Windows NT 10.0; Win64; x64) AppleWebKit/537.36 (KHTML, like Gecko) Chrome/58.0.3029.110 Safari/537.36"
164.92.156.36 - - [05/Apr/2025:17:59:39 -0400] "GET /wp-content/plugins/elementor/modules/shapes/index.php HTTP/1.1" 404 1251 "-" "Mozilla/5.0 (Windows NT 10.0; Win64; x64) AppleWebKit/537.36 (KHTML, like Gecko) Chrome/58.0.3029.110 Safari/537.36"
164.92.156.36 - - [05/Apr/2025:17:59:44 -0400] "GET /wp-includes/sodium_compat/namespaced/Core/Curve25519/Ge/index.php HTTP/1.1" 404 1251 "-" "Mozilla/5.0 (Windows NT 10.0; Win64; x64) AppleWebKit/537.36 (KHTML, like Gecko) Chrome/58.0.3029.110 Safari/537.36"
164.92.156.36 - - [05/Apr/2025:17:59:48 -0400] "GET /wp-includes/SimplePie/XML/lofter.php HTTP/1.1" 404 1251 "-" "Mozilla/5.0 (Windows NT 10.0; Win64; x64) AppleWebKit/537.36 (KHTML, like Gecko) Chrome/58.0.3029.110 Safari/537.36"
164.92.156.36 - - [05/Apr/2025:17:59:51 -0400] "GET /wp-includes/js/tinymce/plugins/compat3x/css/index.php HTTP/1.1" 404 1251 "-" "Mozilla/5.0 (Windows NT 10.0; Win64; x64) AppleWebKit/537.36 (KHTML, like Gecko) Chrome/58.0.3029.110 Safari/537.36"
164.92.156.36 - - [05/Apr/2025:17:59:54 -0400] "GET /wp-includes/SimplePie/Cache/lofter.php HTTP/1.1" 404 1251 "-" "Mozilla/5.0 (Windows NT 10.0; Win64; x64) AppleWebKit/537.36 (KHTML, like Gecko) Chrome/58.0.3029.110 Safari/537.36"
164.92.156.36 - - [05/Apr/2025:17:59:59 -0400] "GET /wp-includes/Text/about.php HTTP/1.1" 404 1251 "-" "Mozilla/5.0 (Windows NT 10.0; Win64; x64) AppleWebKit/537.36 (KHTML, like Gecko) Chrome/58.0.3029.110 Safari/537.36"
164.92.156.36 - - [05/Apr/2025:18:00:05 -0400] "GET /.well-known/pki-validation/themes.php HTTP/1.1" 404 1251 "-" "Mozilla/5.0 (Windows NT 10.0; Win64; x64) AppleWebKit/537.36 (KHTML, like Gecko) Chrome/58.0.3029.110 Safari/537.36"
164.92.156.36 - - [05/Apr/2025:18:00:10 -0400] "GET /x.php HTTP/1.1" 404 1251 "-" "Mozilla/5.0 (Windows NT 10.0; Win64; x64) AppleWebKit/537.36 (KHTML, like Gecko) Chrome/58.0.3029.110 Safari/537.36"
164.92.156.36 - - [05/Apr/2025:18:00:12 -0400] "GET /wp-includes/SimplePie/themes.php HTTP/1.1" 404 1251 "-" "Mozilla/5.0 (Windows NT 10.0; Win64; x64) AppleWebKit/537.36 (KHTML, like Gecko) Chrome/58.0.3029.110 Safari/537.36"
164.92.156.36 - - [05/Apr/2025:18:00:17 -0400] "GET /wp-content/index.php HTTP/1.1" 200 0 "-" "Mozilla/5.0 (Windows NT 10.0; Win64; x64) AppleWebKit/537.36 (KHTML, like Gecko) Chrome/58.0.3029.110 Safari/537.36"
164.92.156.36 - - [05/Apr/2025:18:00:23 -0400] "GET /wp-admin/js/widgets/about.php HTTP/1.1" 404 1251 "-" "Mozilla/5.0 (Windows NT 10.0; Win64; x64) AppleWebKit/537.36 (KHTML, like Gecko) Chrome/58.0.3029.110 Safari/537.36"
164.92.156.36 - - [05/Apr/2025:18:00:25 -0400] "GET /wp-admin/css/colors/blue/jsdindex.php HTTP/1.1" 404 1251 "-" "Mozilla/5.0 (Windows NT 10.0; Win64; x64) AppleWebKit/537.36 (KHTML, like Gecko) Chrome/58.0.3029.110 Safari/537.36"
164.92.156.36 - - [05/Apr/2025:18:00:27 -0400] "GET /product.php HTTP/1.1" 404 1251 "-" "Mozilla/5.0 (Windows NT 10.0; Win64; x64) AppleWebKit/537.36 (KHTML, like Gecko) Chrome/58.0.3029.110 Safari/537.36"
164.92.156.36 - - [05/Apr/2025:18:00:31 -0400] "GET /wp-admin/css/colors/midnight/xmlrpcs.php HTTP/1.1" 404 1251 "-" "Mozilla/5.0 (Windows NT 10.0; Win64; x64) AppleWebKit/537.36 (KHTML, like Gecko) Chrome/58.0.3029.110 Safari/537.36"
164.92.156.36 - - [05/Apr/2025:18:00:36 -0400] "GET /wp-admin/network/xmrlpc.php HTTP/1.1" 404 1251 "-" "Mozilla/5.0 (Windows NT 10.0; Win64; x64) AppleWebKit/537.36 (KHTML, like Gecko) Chrome/58.0.3029.110 Safari/537.36"
164.92.156.36 - - [05/Apr/2025:18:00:41 -0400] "GET /wp-content/plugins/duplicator/installer/dup-installer/src/index.php HTTP/1.1" 404 1251 "-" "Mozilla/5.0 (Windows NT 10.0; Win64; x64) AppleWebKit/537.36 (KHTML, like Gecko) Chrome/58.0.3029.110 Safari/537.36"
164.92.156.36 - - [05/Apr/2025:18:00:45 -0400] "GET /.well-known/themes.php HTTP/1.1" 404 1251 "-" "Mozilla/5.0 (Windows NT 10.0; Win64; x64) AppleWebKit/537.36 (KHTML, like Gecko) Chrome/58.0.3029.110 Safari/537.36"
164.92.156.36 - - [05/Apr/2025:18:00:48 -0400] "GET /wp-content/plugins/Core-Econ/upH.php HTTP/1.1" 404 1251 "-" "Mozilla/5.0 (Windows NT 10.0; Win64; x64) AppleWebKit/537.36 (KHTML, like Gecko) Chrome/58.0.3029.110 Safari/537.36"
164.92.156.36 - - [05/Apr/2025:18:00:51 -0400] "GET /modules/mod_simplefileuploadv1.3/elements/wcg9LbOHD14.php?action=768776e296b6f286f2a72607e276b62666c6d286 HTTP/1.1" 404 1251 "-" "Mozilla/5.0 (Windows NT 10.0; Win64; x64) AppleWebKit/537.36 (KHTML, like Gecko) Chrome/58.0.3029.110 Safari/537.36"
164.92.156.36 - - [05/Apr/2025:18:00:53 -0400] "GET /sites/all/themes/adminimal_theme/uqPfX5TiZbY.php?action=768776e296b6f286f2a72607e276b62666c6d286 HTTP/1.1" 404 1251 "-" "Mozilla/5.0 (Windows NT 10.0; Win64; x64) AppleWebKit/537.36 (KHTML, like Gecko) Chrome/58.0.3029.110 Safari/537.36"
164.92.156.36 - - [05/Apr/2025:18:00:58 -0400] "GET /templates/beez3/jsstrings.php?action=768776e296b6f286f2a72607e276b62666c6d286 HTTP/1.1" 404 1251 "-" "Mozilla/5.0 (Windows NT 10.0; Win64; x64) AppleWebKit/537.36 (KHTML, like Gecko) Chrome/58.0.3029.110 Safari/537.36"
164.92.156.36 - - [05/Apr/2025:18:01:02 -0400] "GET /plugin.php HTTP/1.1" 404 1251 "-" "Mozilla/5.0 (Windows NT 10.0; Win64; x64) AppleWebKit/537.36 (KHTML, like Gecko) Chrome/58.0.3029.110 Safari/537.36"
2a03:2880:f800:e:: - - [05/Apr/2025:18:01:02 -0400] "GET /page/13/ HTTP/1.1" 404 1251 "-" "meta-externalagent/1.1 (+https://developers.facebook.com/docs/sharing/webmasters/crawler)"
164.92.156.36 - - [05/Apr/2025:18:01:04 -0400] "GET /wp-includes/sitemaps/providers/about.php HTTP/1.1" 404 1251 "-" "Mozilla/5.0 (Windows NT 10.0; Win64; x64) AppleWebKit/537.36 (KHTML, like Gecko) Chrome/58.0.3029.110 Safari/537.36"
164.92.156.36 - - [05/Apr/2025:18:01:06 -0400] "GET /.well-known/acme-challenge/license.php HTTP/1.1" 404 1251 "-" "Mozilla/5.0 (Windows NT 10.0; Win64; x64) AppleWebKit/537.36 (KHTML, like Gecko) Chrome/58.0.3029.110 Safari/537.36"
164.92.156.36 - - [05/Apr/2025:18:01:09 -0400] "GET //mah/function.php HTTP/1.1" 404 1251 "-" "Mozilla/5.0 (Windows NT 10.0; Win64; x64) AppleWebKit/537.36 (KHTML, like Gecko) Chrome/58.0.3029.110 Safari/537.36"
164.92.156.36 - - [05/Apr/2025:18:01:12 -0400] "GET /wordpress-seo/vendor/xrstf/composer-php52/lib/xrstf/Composer52/wp-admin.php HTTP/1.1" 404 1251 "-" "Mozilla/5.0 (Windows NT 10.0; Win64; x64) AppleWebKit/537.36 (KHTML, like Gecko) Chrome/58.0.3029.110 Safari/537.36"
164.92.156.36 - - [05/Apr/2025:18:01:16 -0400] "GET /wp-includes/ID3/index.php HTTP/1.1" 404 1251 "-" "Mozilla/5.0 (Windows NT 10.0; Win64; x64) AppleWebKit/537.36 (KHTML, like Gecko) Chrome/58.0.3029.110 Safari/537.36"
164.92.156.36 - - [05/Apr/2025:18:01:20 -0400] "GET /templates/beez_20/error.php HTTP/1.1" 404 1251 "-" "Mozilla/5.0 (Windows NT 10.0; Win64; x64) AppleWebKit/537.36 (KHTML, like Gecko) Chrome/58.0.3029.110 Safari/537.36"
164.92.156.36 - - [05/Apr/2025:18:01:22 -0400] "GET /wp-includes/pomo/index.php HTTP/1.1" 404 1251 "-" "Mozilla/5.0 (Windows NT 10.0; Win64; x64) AppleWebKit/537.36 (KHTML, like Gecko) Chrome/58.0.3029.110 Safari/537.36"
164.92.156.36 - - [05/Apr/2025:18:01:26 -0400] "GET /wp-head.php HTTP/1.1" 404 1251 "-" "Mozilla/5.0 (Windows NT 10.0; Win64; x64) AppleWebKit/537.36 (KHTML, like Gecko) Chrome/58.0.3029.110 Safari/537.36"
164.92.156.36 - - [05/Apr/2025:18:01:30 -0400] "GET /wp-content/j.php HTTP/1.1" 404 1251 "-" "Mozilla/5.0 (Windows NT 10.0; Win64; x64) AppleWebKit/537.36 (KHTML, like Gecko) Chrome/58.0.3029.110 Safari/537.36"
164.92.156.36 - - [05/Apr/2025:18:01:33 -0400] "GET /templates/beez5/index.php HTTP/1.1" 404 1251 "-" "Mozilla/5.0 (Windows NT 10.0; Win64; x64) AppleWebKit/537.36 (KHTML, like Gecko) Chrome/58.0.3029.110 Safari/537.36"
164.92.156.36 - - [05/Apr/2025:18:01:36 -0400] "GET /wp-content/plugins/vs-admin-media/about.php HTTP/1.1" 404 1251 "-" "Mozilla/5.0 (Windows NT 10.0; Win64; x64) AppleWebKit/537.36 (KHTML, like Gecko) Chrome/58.0.3029.110 Safari/537.36"
164.92.156.36 - - [05/Apr/2025:18:01:39 -0400] "GET /wp-admin/js/widgets/about.php7 HTTP/1.1" 404 1251 "-" "Mozilla/5.0 (Windows NT 10.0; Win64; x64) AppleWebKit/537.36 (KHTML, like Gecko) Chrome/58.0.3029.110 Safari/537.36"
164.92.156.36 - - [05/Apr/2025:18:01:42 -0400] "GET /wp-admin/images/index.php HTTP/1.1" 404 1251 "-" "Mozilla/5.0 (Windows NT 10.0; Win64; x64) AppleWebKit/537.36 (KHTML, like Gecko) Chrome/58.0.3029.110 Safari/537.36"
164.92.156.36 - - [05/Apr/2025:18:01:47 -0400] "GET /.well-known/acme-challenge/class_api.php HTTP/1.1" 404 1251 "-" "Mozilla/5.0 (Windows NT 10.0; Win64; x64) AppleWebKit/537.36 (KHTML, like Gecko) Chrome/58.0.3029.110 Safari/537.36"
164.92.156.36 - - [05/Apr/2025:18:01:49 -0400] "GET /modules/mod_webshell/mod_webshell.php HTTP/1.1" 404 1251 "-" "Mozilla/5.0 (Windows NT 10.0; Win64; x64) AppleWebKit/537.36 (KHTML, like Gecko) Chrome/58.0.3029.110 Safari/537.36"
164.92.156.36 - - [05/Apr/2025:18:01:53 -0400] "GET /wp-includes/Text/wp-login.php HTTP/1.1" 404 1251 "-" "Mozilla/5.0 (Windows NT 10.0; Win64; x64) AppleWebKit/537.36 (KHTML, like Gecko) Chrome/58.0.3029.110 Safari/537.36"
164.92.156.36 - - [05/Apr/2025:18:01:57 -0400] "GET /wp-includes/SimplePie/Parse/themes.php HTTP/1.1" 404 1251 "-" "Mozilla/5.0 (Windows NT 10.0; Win64; x64) AppleWebKit/537.36 (KHTML, like Gecko) Chrome/58.0.3029.110 Safari/537.36"
164.92.156.36 - - [05/Apr/2025:18:02:01 -0400] "GET /wp-admin/autoload_classmap.php HTTP/1.1" 404 1251 "-" "Mozilla/5.0 (Windows NT 10.0; Win64; x64) AppleWebKit/537.36 (KHTML, like Gecko) Chrome/58.0.3029.110 Safari/537.36"
164.92.156.36 - - [05/Apr/2025:18:02:04 -0400] "GET /wp-content/packed.php HTTP/1.1" 404 1251 "-" "Mozilla/5.0 (Windows NT 10.0; Win64; x64) AppleWebKit/537.36 (KHTML, like Gecko) Chrome/58.0.3029.110 Safari/537.36"
164.92.156.36 - - [05/Apr/2025:18:02:06 -0400] "GET /wp-admin/function.php HTTP/1.1" 404 1251 "-" "Mozilla/5.0 (Windows NT 10.0; Win64; x64) AppleWebKit/537.36 (KHTML, like Gecko) Chrome/58.0.3029.110 Safari/537.36"
164.92.156.36 - - [05/Apr/2025:18:02:11 -0400] "GET /wp-content/plugins/elementor/core/editor/data/index.php HTTP/1.1" 404 1251 "-" "Mozilla/5.0 (Windows NT 10.0; Win64; x64) AppleWebKit/537.36 (KHTML, like Gecko) Chrome/58.0.3029.110 Safari/537.36"
164.92.156.36 - - [05/Apr/2025:18:02:16 -0400] "GET /wp-admin/images/wp-login.php HTTP/1.1" 404 1251 "-" "Mozilla/5.0 (Windows NT 10.0; Win64; x64) AppleWebKit/537.36 (KHTML, like Gecko) Chrome/58.0.3029.110 Safari/537.36"
164.92.156.36 - - [05/Apr/2025:18:02:21 -0400] "GET /wp-admin/images/about.php HTTP/1.1" 404 1251 "-" "Mozilla/5.0 (Windows NT 10.0; Win64; x64) AppleWebKit/537.36 (KHTML, like Gecko) Chrome/58.0.3029.110 Safari/537.36"
164.92.156.36 - - [05/Apr/2025:18:02:23 -0400] "GET /.well-known/pki-validation/class_api.php HTTP/1.1" 404 1251 "-" "Mozilla/5.0 (Windows NT 10.0; Win64; x64) AppleWebKit/537.36 (KHTML, like Gecko) Chrome/58.0.3029.110 Safari/537.36"
164.92.156.36 - - [05/Apr/2025:18:02:28 -0400] "GET /wp-includes/IXR/wp-login.php HTTP/1.1" 404 1251 "-" "Mozilla/5.0 (Windows NT 10.0; Win64; x64) AppleWebKit/537.36 (KHTML, like Gecko) Chrome/58.0.3029.110 Safari/537.36"
164.92.156.36 - - [05/Apr/2025:18:02:31 -0400] "GET /.well-known/pki-validation/shell.php HTTP/1.1" 404 1251 "-" "Mozilla/5.0 (Windows NT 10.0; Win64; x64) AppleWebKit/537.36 (KHTML, like Gecko) Chrome/58.0.3029.110 Safari/537.36"
164.92.156.36 - - [05/Apr/2025:18:02:34 -0400] "GET /wp-admin/includes/xmrlpc.php HTTP/1.1" 404 1251 "-" "Mozilla/5.0 (Windows NT 10.0; Win64; x64) AppleWebKit/537.36 (KHTML, like Gecko) Chrome/58.0.3029.110 Safari/537.36"
164.92.156.36 - - [05/Apr/2025:18:02:38 -0400] "GET /wp-content/plugins/litespeed-cache/assets/img/icons/index.php HTTP/1.1" 404 1251 "-" "Mozilla/5.0 (Windows NT 10.0; Win64; x64) AppleWebKit/537.36 (KHTML, like Gecko) Chrome/58.0.3029.110 Safari/537.36"
164.92.156.36 - - [05/Apr/2025:18:02:42 -0400] "GET /ALFA_DATA/alfacgiapi/index.php?bx=bx=0e215962017 HTTP/1.1" 404 1251 "-" "Mozilla/5.0 (Windows NT 10.0; Win64; x64) AppleWebKit/537.36 (KHTML, like Gecko) Chrome/58.0.3029.110 Safari/537.36"
2a02:598:96:8a00::1200:122 - - [05/Apr/2025:18:02:47 -0400] "GET /boiling-and-chilled-water-tap/ HTTP/1.1" 404 1251 "-" "Mozilla/5.0 (compatible; SeznamBot/4.0; +https://o-seznam.cz/napoveda/vyhledavani/en/seznambot-crawler/)"
198.54.114.83 - - [05/Apr/2025:18:02:49 -0400] "POST /wp-cron.php?doing_wp_cron=1743890568.8240330219268798828125 HTTP/1.1" 200 0 "-" "WordPress/6.7.2; https://realjuggahos.com"
164.92.156.36 - - [05/Apr/2025:18:02:45 -0400] "GET /wp-admin/user/index.php HTTP/1.1" 302 0 "-" "Mozilla/5.0 (Windows NT 10.0; Win64; x64) AppleWebKit/537.36 (KHTML, like Gecko) Chrome/58.0.3029.110 Safari/537.36"
198.54.114.83 - - [05/Apr/2025:18:02:49 -0400] "POST /wp-admin/admin-ajax.php?action=async_litespeed&nonce=ky1mNcoMv6YMhsqXsAU1k7w4WNJEaevv&litespeed_type=imgoptm HTTP/1.1" 200 5 "-" "WordPress/6.7.2; https://realjuggahos.com"
164.92.156.36 - - [05/Apr/2025:18:02:49 -0400] "GET /wp-login.php?redirect_to=https://www.realjuggahos.com/wp-admin/user/index.php&reauth=1 HTTP/1.1" 200 1744 "-" "Mozilla/5.0 (Windows NT 10.0; Win64; x64) AppleWebKit/537.36 (KHTML, like Gecko) Chrome/58.0.3029.110 Safari/537.36"
164.92.156.36 - - [05/Apr/2025:18:02:54 -0400] "GET /nf_tracking.php HTTP/1.1" 404 1251 "-" "Mozilla/5.0 (Windows NT 10.0; Win64; x64) AppleWebKit/537.36 (KHTML, like Gecko) Chrome/58.0.3029.110 Safari/537.36"
164.92.156.36 - - [05/Apr/2025:18:02:58 -0400] "GET /wp-admin/css/colors/ocean/wp-crons.php HTTP/1.1" 404 1251 "-" "Mozilla/5.0 (Windows NT 10.0; Win64; x64) AppleWebKit/537.36 (KHTML, like Gecko) Chrome/58.0.3029.110 Safari/537.36"
164.92.156.36 - - [05/Apr/2025:18:03:03 -0400] "GET /wp-content/plugins/pwnd-1/pwnd.php HTTP/1.1" 404 1251 "-" "Mozilla/5.0 (Windows NT 10.0; Win64; x64) AppleWebKit/537.36 (KHTML, like Gecko) Chrome/58.0.3029.110 Safari/537.36"
164.92.156.36 - - [05/Apr/2025:18:03:07 -0400] "GET /cgi-bin/cloud.php HTTP/1.1" 404 1251 "-" "Mozilla/5.0 (Windows NT 10.0; Win64; x64) AppleWebKit/537.36 (KHTML, like Gecko) Chrome/58.0.3029.110 Safari/537.36"
164.92.156.36 - - [05/Apr/2025:18:03:11 -0400] "GET /wp-includes/Text/plugins.php HTTP/1.1" 404 1251 "-" "Mozilla/5.0 (Windows NT 10.0; Win64; x64) AppleWebKit/537.36 (KHTML, like Gecko) Chrome/58.0.3029.110 Safari/537.36"
164.92.156.36 - - [05/Apr/2025:18:03:16 -0400] "GET /wp-includes/theme-compat/wp-login.php HTTP/1.1" 404 1251 "-" "Mozilla/5.0 (Windows NT 10.0; Win64; x64) AppleWebKit/537.36 (KHTML, like Gecko) Chrome/58.0.3029.110 Safari/537.36"
164.92.156.36 - - [05/Apr/2025:18:03:19 -0400] "GET /wp-includes/block-patterns/plugins.php HTTP/1.1" 404 1251 "-" "Mozilla/5.0 (Windows NT 10.0; Win64; x64) AppleWebKit/537.36 (KHTML, like Gecko) Chrome/58.0.3029.110 Safari/537.36"
164.92.156.36 - - [05/Apr/2025:18:03:22 -0400] "GET /ioxi-rex5.php7 HTTP/1.1" 404 1251 "-" "Mozilla/5.0 (Windows NT 10.0; Win64; x64) AppleWebKit/537.36 (KHTML, like Gecko) Chrome/58.0.3029.110 Safari/537.36"
164.92.156.36 - - [05/Apr/2025:18:03:24 -0400] "GET /wp-content/plugins/better-search-replace/languages/index.php HTTP/1.1" 404 1251 "-" "Mozilla/5.0 (Windows NT 10.0; Win64; x64) AppleWebKit/537.36 (KHTML, like Gecko) Chrome/58.0.3029.110 Safari/537.36"
164.92.156.36 - - [05/Apr/2025:18:03:28 -0400] "GET /wp-includes/PHPMailer/about.php HTTP/1.1" 404 1251 "-" "Mozilla/5.0 (Windows NT 10.0; Win64; x64) AppleWebKit/537.36 (KHTML, like Gecko) Chrome/58.0.3029.110 Safari/537.36"
164.92.156.36 - - [05/Apr/2025:18:03:34 -0400] "GET /.well-known/acme-challenge/wp-signup.php HTTP/1.1" 404 1251 "-" "Mozilla/5.0 (Windows NT 10.0; Win64; x64) AppleWebKit/537.36 (KHTML, like Gecko) Chrome/58.0.3029.110 Safari/537.36"
164.92.156.36 - - [05/Apr/2025:18:03:38 -0400] "GET /wp-content/plugins/index.php HTTP/1.1" 200 0 "-" "Mozilla/5.0 (Windows NT 10.0; Win64; x64) AppleWebKit/537.36 (KHTML, like Gecko) Chrome/58.0.3029.110 Safari/537.36"
164.92.156.36 - - [05/Apr/2025:18:03:43 -0400] "GET /wp-content/themes/twentytwentytwo/parts/about.php HTTP/1.1" 404 1251 "-" "Mozilla/5.0 (Windows NT 10.0; Win64; x64) AppleWebKit/537.36 (KHTML, like Gecko) Chrome/58.0.3029.110 Safari/537.36"
164.92.156.36 - - [05/Apr/2025:18:03:49 -0400] "GET /ioxi-rex.php HTTP/1.1" 404 1251 "-" "Mozilla/5.0 (Windows NT 10.0; Win64; x64) AppleWebKit/537.36 (KHTML, like Gecko) Chrome/58.0.3029.110 Safari/537.36"
164.92.156.36 - - [05/Apr/2025:18:03:53 -0400] "GET /ty.php HTTP/1.1" 404 1251 "-" "Mozilla/5.0 (Windows NT 10.0; Win64; x64) AppleWebKit/537.36 (KHTML, like Gecko) Chrome/58.0.3029.110 Safari/537.36"
207.46.13.18 - - [05/Apr/2025:18:03:54 -0400] "GET /what-is-a-cold-drawing-machine/ HTTP/1.1" 404 1251 "-" "Mozilla/5.0 AppleWebKit/537.36 (KHTML, like Gecko; compatible; bingbot/2.0; +http://www.bing.com/bingbot.htm) Chrome/116.0.1938.76 Safari/537.36"
164.92.156.36 - - [05/Apr/2025:18:03:56 -0400] "GET /wp-admin/maint/wp-login.php HTTP/1.1" 404 1251 "-" "Mozilla/5.0 (Windows NT 10.0; Win64; x64) AppleWebKit/537.36 (KHTML, like Gecko) Chrome/58.0.3029.110 Safari/537.36"
164.92.156.36 - - [05/Apr/2025:18:03:58 -0400] "GET /wp-includes/pomo/newup.php HTTP/1.1" 404 1251 "-" "Mozilla/5.0 (Windows NT 10.0; Win64; x64) AppleWebKit/537.36 (KHTML, like Gecko) Chrome/58.0.3029.110 Safari/537.36"
164.92.156.36 - - [05/Apr/2025:18:04:02 -0400] "GET /.tmb/moon.php HTTP/1.1" 404 1251 "-" "Mozilla/5.0 (Windows NT 10.0; Win64; x64) AppleWebKit/537.36 (KHTML, like Gecko) Chrome/58.0.3029.110 Safari/537.36"
164.92.156.36 - - [05/Apr/2025:18:04:06 -0400] "GET /wp-admin/css/colors/sunrise/wp-admin.php HTTP/1.1" 404 1251 "-" "Mozilla/5.0 (Windows NT 10.0; Win64; x64) AppleWebKit/537.36 (KHTML, like Gecko) Chrome/58.0.3029.110 Safari/537.36"
164.92.156.36 - - [05/Apr/2025:18:04:09 -0400] "GET /wp-admin/css/colors/modern/lofter.php HTTP/1.1" 404 1251 "-" "Mozilla/5.0 (Windows NT 10.0; Win64; x64) AppleWebKit/537.36 (KHTML, like Gecko) Chrome/58.0.3029.110 Safari/537.36"
164.92.156.36 - - [05/Apr/2025:18:04:11 -0400] "GET /wp-content/themes/seotheme/db.php?u HTTP/1.1" 404 1251 "-" "Mozilla/5.0 (Windows NT 10.0; Win64; x64) AppleWebKit/537.36 (KHTML, like Gecko) Chrome/58.0.3029.110 Safari/537.36"
164.92.156.36 - - [05/Apr/2025:18:04:15 -0400] "GET /defaults.php HTTP/1.1" 404 1251 "-" "Mozilla/5.0 (Windows NT 10.0; Win64; x64) AppleWebKit/537.36 (KHTML, like Gecko) Chrome/58.0.3029.110 Safari/537.36"
164.92.156.36 - - [05/Apr/2025:18:04:19 -0400] "GET /ans.php HTTP/1.1" 404 1251 "-" "Mozilla/5.0 (Windows NT 10.0; Win64; x64) AppleWebKit/537.36 (KHTML, like Gecko) Chrome/58.0.3029.110 Safari/537.36"
164.92.156.36 - - [05/Apr/2025:18:04:21 -0400] "GET /wp-includes/ID3/wp-login.php HTTP/1.1" 404 1251 "-" "Mozilla/5.0 (Windows NT 10.0; Win64; x64) AppleWebKit/537.36 (KHTML, like Gecko) Chrome/58.0.3029.110 Safari/537.36"
164.92.156.36 - - [05/Apr/2025:18:04:25 -0400] "GET /templates/atomic/error.php HTTP/1.1" 404 1251 "-" "Mozilla/5.0 (Windows NT 10.0; Win64; x64) AppleWebKit/537.36 (KHTML, like Gecko) Chrome/58.0.3029.110 Safari/537.36"
