66.249.66.167 - - [31/Mar/2025:20:19:36 -0400] "GET /dp/B0C5QRZ47P?ref=MarsFS_VICC_STUC HTTP/1.1" 404 1251 "-" "Mozilla/5.0 (Linux; Android 6.0.1; Nexus 5X Build/MMB29P) AppleWebKit/537.36 (KHTML, like Gecko) Chrome/134.0.6998.165 Mobile Safari/537.36 (compatible; Googlebot/2.1; +http://www.google.com/bot.html)"
198.54.114.83 - - [31/Mar/2025:20:26:01 -0400] "POST /wp-cron.php?doing_wp_cron=1743467161.7041430473327636718750 HTTP/1.1" 200 0 "-" "WordPress/6.7.2; https://realjuggahos.com"
167.172.130.206 - - [31/Mar/2025:20:25:57 -0400] "POST /wp-login.php HTTP/1.1" 503 6994 "-" "Mozilla/5.0"
58.254.68.93 - - [31/Mar/2025:20:38:48 -0400] "GET /lawyer-hattingen/ HTTP/1.1" 404 1251 "https://realjuggahos.com" "Mozilla/5.0 (Windows NT 10.0; Win64; x64) AppleWebKit/537.36 (KHTML, like Gecko) Chrome/62.0.3202.94 Safari/537.36"
58.254.68.93 - - [31/Mar/2025:20:38:50 -0400] "GET /lawyer-hattingen/ HTTP/1.1" 404 1251 "https://realjuggahos.com" "Mozilla/5.0 (Windows NT 10.0; Win64; x64) AppleWebKit/537.36 (KHTML, like Gecko) Chrome/62.0.3202.94 Safari/537.36"
58.254.68.93 - - [31/Mar/2025:20:38:51 -0400] "GET /lawyer-hattingen/ HTTP/1.1" 404 1251 "https://realjuggahos.com" "Mozilla/5.0 (Windows NT 10.0; Win64; x64) AppleWebKit/537.36 (KHTML, like Gecko) Chrome/62.0.3202.94 Safari/537.36"
58.254.68.93 - - [31/Mar/2025:20:38:52 -0400] "GET /lawyer-hattingen/ HTTP/1.1" 404 1251 "https://realjuggahos.com" "Mozilla/5.0 (Windows NT 10.0; Win64; x64) AppleWebKit/537.36 (KHTML, like Gecko) Chrome/62.0.3202.94 Safari/537.36"
58.221.37.82 - - [31/Mar/2025:20:41:53 -0400] "GET / HTTP/1.1" 200 156172 "https://www.google.com/" "Mozilla/5.0 (Linux; Android 10; K) AppleWebKit/537.36 (KHTML, like Gecko) Chrome/132.0.0.0 Mobile Safari/537.36"
198.54.114.83 - - [31/Mar/2025:20:42:01 -0400] "POST /wp-cron.php?doing_wp_cron=1743468121.4615368843078613281250 HTTP/1.1" 200 0 "-" "WordPress/6.7.2; https://realjuggahos.com"
167.172.130.206 - - [31/Mar/2025:20:41:57 -0400] "POST /wp-login.php HTTP/1.1" 503 6994 "-" "Mozilla/5.0"
65.21.113.252 - - [31/Mar/2025:20:42:25 -0400] "GET /robots.txt HTTP/1.1" 304 0 "-" "Mozilla/5.0 (compatible; AwarioBot/1.0; +https://awario.com/bots.html)"
65.21.113.252 - - [31/Mar/2025:20:42:26 -0400] "GET / HTTP/1.1" 200 156172 "-" "Mozilla/5.0 (compatible; AwarioBot/1.0; +https://awario.com/bots.html)"
110.249.201.45 - - [31/Mar/2025:20:43:23 -0400] "GET /category/psychopathic-records-news/ HTTP/1.1" 404 1251 "-" "Mozilla/5.0 (Linux; Android 5.0) AppleWebKit/537.36 (KHTML, like Gecko) Mobile Safari/537.36 (compatible; Bytespider; https://zhanzhang.toutiao.com/)"
111.225.148.130 - - [31/Mar/2025:20:43:47 -0400] "GET /forums/users/shadserena/topics/ HTTP/1.1" 404 1251 "-" "Mozilla/5.0 (Linux; Android 5.0) AppleWebKit/537.36 (KHTML, like Gecko) Mobile Safari/537.36 (compatible; Bytespider; https://zhanzhang.toutiao.com/)"
2a02:598:96:8a00::1200:122 - - [31/Mar/2025:20:50:19 -0400] "GET /how-to-get-a-moving-quote/ HTTP/1.1" 404 1251 "-" "Mozilla/5.0 (compatible; SeznamBot/4.0; +https://o-seznam.cz/napoveda/vyhledavani/en/seznambot-crawler/)"
198.54.114.83 - - [31/Mar/2025:20:50:32 -0400] "POST /wp-admin/admin-ajax.php?action=async_litespeed&nonce=NxEqE69q3HzqgqZOfw8rh5pUEkkwweh3&litespeed_type=imgoptm HTTP/1.1" 200 0 "-" "WordPress/6.7.2; https://realjuggahos.com"
103.120.170.13 - - [31/Mar/2025:20:50:42 -0400] "GET /wp-login.php HTTP/1.1" 200 1740 "-" "python-requests/2.32.3"
111.225.149.169 - - [31/Mar/2025:20:50:50 -0400] "GET / HTTP/1.1" 200 156172 "-" "Mozilla/5.0 (Linux; Android 5.0) AppleWebKit/537.36 (KHTML, like Gecko) Mobile Safari/537.36 (compatible; Bytespider; https://zhanzhang.toutiao.com/)"
47.238.13.3 - - [31/Mar/2025:20:50:52 -0400] "GET /category/activity/ HTTP/1.1" 404 1251 "-" "Mozilla/5.0 (Macintosh; Intel Mac OS X 10_15_7) AppleWebKit/537.36 (KHTML, like Gecko) Chrome/109.0.0.0 Safari/537.36"
52.167.144.236 - - [31/Mar/2025:20:51:11 -0400] "GET /an-inside-look-at-the-uk-flower-industry/feed/ HTTP/1.1" 404 1251 "-" "Mozilla/5.0 AppleWebKit/537.36 (KHTML, like Gecko; compatible; bingbot/2.0; +http://www.bing.com/bingbot.htm) Chrome/116.0.1938.76 Safari/537.36"
111.225.149.169 - - [31/Mar/2025:20:51:12 -0400] "GET /rd/uedata?ld&v=0.300369.0&id=90G9DFKSFRKCQZ4KHD88&sw=375&sh=812&vw=375&vh=812&m=1&sc=90G9DFKSFRKCQZ4KHD88&ue=2&bb=560&ns=587&x1=1507&cf=2188&be=2226&pc=17659&tc=-9540&na_=-9540&ul_=-1743468651441&_ul=-1743468651441&rd_=-1743468651441&_rd=-1743468651441&fe_=-9540&lk_=-9540&_lk=-9540&co_=-9530&_co=-8716&sc_=-8977&rq_=-8716&rs_=-22&_rs=483&dl_=-19&di_=2260&de_=2260&_de=2274&_dc=17659&ld_=17659&_ld=-1743468651441&ntd=-1&ty=0&rc=0&hob=1&hoe=2&ld=17660&t=1743468669101&ctb=1&rt=cf:54-0-52-2-3-0-1__ld:114-11-55-45-8-2-1&ec=11&ecf=6&csmtags=aui|aui:aui_build_date:3.24.9-2024-10-31|mutObsYes|aui:sw:page_proxy:no_ctrl|aui:css:network|aui:js:network|color_name|configuration|defaultSelection|swatch|swatch:defaultSelection|sIMAGE|sIMAGE:defaultSelection|singleton|singleton:defaultSelection|family_size_bucket:0-3|family_size_bucket:0-3:defaultSelection|family_size_bucket:0-3:swatch|family_size_bucket:0-3:swatch:defaultSelection|family_size_bucket:0-3:sIMAGE|family_size_bucket:0-3:sIMAGE:defaultSelection|family_size_bucket:0-3:singleton|family_size_bucket:0-3:singleton:defaultSelection|variation_dimension:2|variation_dimension:2:defaultSelection|variation_dimension:2:swatch|variation_dimension:2:swatch:defaultSelection|variation_dimension:2:sIMAGE|variation_dimension:2:sIMAGE:defaultSelection|variation_dimension:2:singleton|variation_dimension:2:singleton:defaultSelection|variation_dimension:2:family_size_bucket:0-3|variation_dimension:2:family_size_bucket:0-3:defaultSelection|variation_dimension:2:family_size_bucket:0-3:swatch|variation_dimension:2:family_size_bucket:0-3:swatch:defaultSelection|variation_dimension:2:family_size_bucket:0-3:sIMAGE|variation_dimension:2:family_size_bucket:0-3:sIMAGE:defaultSelection|variation_dimension:2:family_size_bucket:0-3:singleton|variation_dimension:2:family_size_bucket:0-3:singleton:defaultSelection|DetailPageMetaAssetFixedNotCached|DetailPageEverywhereMetaAssetNotCached|DetailPagePriceTrackerAssetsNotCached|DetailPageProductSpecDepthAssetNotCached|DetailPagePQVAssetsNotCached|DetailPageTwisterPlusSubAssetsNotCached|AmazonDevicesDetailPageCriticalAssetsNotCached|DetailPagePostPurchaseAssetsNotCached|DetailPageTurboCheckoutDesktopAssetsNotCached|DetailPageNostosAssetsNotCached|auiNotCached|FWCIMEnabled|fls-fe-amazon-com-au|perfYes|adblk_no&viz=visible:2&pty=Detail&spty=Kindle_HW&pti=B0BF75VM4T&tid=90G9DFKSFRKCQZ4KHD88&aftb=1&lob=1 HTTP/1.1" 404 1251 "https://realjuggahos.com/" "Mozilla/5.0 (Linux; Android 5.0) AppleWebKit/537.36 (KHTML, like Gecko) Mobile Safari/537.36 (compatible; Bytespider; https://zhanzhang.toutiao.com/)"
110.249.202.48 - - [31/Mar/2025:20:51:56 -0400] "GET /forums/users/faithrepass1/topics/ HTTP/1.1" 404 1251 "-" "Mozilla/5.0 (Linux; Android 5.0) AppleWebKit/537.36 (KHTML, like Gecko) Mobile Safari/537.36 (compatible; Bytespider; https://zhanzhang.toutiao.com/)"
111.225.148.62 - - [31/Mar/2025:20:52:22 -0400] "GET /category/mne-news/ HTTP/1.1" 404 1251 "-" "Mozilla/5.0 (Linux; Android 5.0) AppleWebKit/537.36 (KHTML, like Gecko) Mobile Safari/537.36 (compatible; Bytespider; https://zhanzhang.toutiao.com/)"
110.249.202.142 - - [31/Mar/2025:20:52:53 -0400] "GET /robots.txt HTTP/1.1" 304 0 "-" "Mozilla/5.0 (Linux; Android 5.0) AppleWebKit/537.36 (KHTML, like Gecko) Mobile Safari/537.36 (compatible; Bytespider; https://zhanzhang.toutiao.com/)"
195.191.219.131 - - [31/Mar/2025:20:54:19 -0400] "GET /robots.txt HTTP/1.1" 304 0 "-" "Mozilla/5.0 (compatible; MJ12bot/v2.0.0; http://mj12bot.com/)"
195.191.219.131 - - [31/Mar/2025:20:54:20 -0400] "GET / HTTP/1.1" 200 156172 "-" "Mozilla/5.0 (compatible; MJ12bot/v2.0.0; http://mj12bot.com/)"
198.54.114.83 - - [31/Mar/2025:21:11:19 -0400] "POST /wp-cron.php?doing_wp_cron=1743469878.8647830486297607421875 HTTP/1.1" 200 0 "-" "WordPress/6.7.2; https://realjuggahos.com"
167.172.130.206 - - [31/Mar/2025:21:11:13 -0400] "POST /wp-login.php HTTP/1.1" 503 6992 "-" "Mozilla/5.0"
198.54.114.83 - - [31/Mar/2025:21:11:19 -0400] "POST /wp-admin/admin-ajax.php?action=async_litespeed&nonce=esbLewRRAAM0vDbH7qaFyUNtthiYpS8V&litespeed_type=imgoptm HTTP/1.1" 200 0 "-" "WordPress/6.7.2; https://realjuggahos.com"
2a02:598:64:8a00::3100:0 - - [31/Mar/2025:21:19:19 -0400] "GET /proper-cleaning-methods-for-your-wool-rugs/ HTTP/1.1" 404 1251 "-" "Mozilla/5.0 (compatible; SeznamBot/4.0; +https://o-seznam.cz/napoveda/vyhledavani/en/seznambot-crawler/)"
167.253.67.14 - - [31/Mar/2025:21:20:59 -0400] "GET /forums/users/andersoncapehart/ HTTP/1.1" 404 1251 "-" "Mozilla/5.0 (Windows NT 10.0; WOW64) AppleWebKit/537.36 (KHTML, like Gecko) Chrome/114.0.0.0 Safari/537.36"
167.253.67.14 - - [31/Mar/2025:21:20:59 -0400] "GET / HTTP/1.1" 200 156172 "-" "Mozilla/5.0 (Windows NT 10.0; WOW64) AppleWebKit/537.36 (KHTML, like Gecko) Chrome/114.0.0.0 Safari/537.36"
2a02:598:96:8a00::1200:122 - - [31/Mar/2025:21:21:32 -0400] "GET /stand-mixers/ HTTP/1.1" 404 1251 "-" "Mozilla/5.0 (compatible; SeznamBot/4.0; +https://o-seznam.cz/napoveda/vyhledavani/en/seznambot-crawler/)"
198.54.114.83 - - [31/Mar/2025:21:27:14 -0400] "POST /wp-cron.php?doing_wp_cron=1743470834.2007350921630859375000 HTTP/1.1" 200 0 "-" "WordPress/6.7.2; https://realjuggahos.com"
167.172.130.206 - - [31/Mar/2025:21:27:07 -0400] "POST /wp-login.php HTTP/1.1" 503 6994 "-" "Mozilla/5.0"
198.54.114.83 - - [31/Mar/2025:21:27:15 -0400] "POST /wp-admin/admin-ajax.php?action=async_litespeed&nonce=STQGrNFzKd4AJvAq7b3JBPBhXfk1TAjy&litespeed_type=imgoptm HTTP/1.1" 200 0 "-" "WordPress/6.7.2; https://realjuggahos.com"
2a02:598:64:8a00::3100:0 - - [31/Mar/2025:21:33:14 -0400] "GET /the-beauty-of-sea-shell-jewelry/ HTTP/1.1" 404 1251 "-" "Mozilla/5.0 (compatible; SeznamBot/4.0; +https://o-seznam.cz/napoveda/vyhledavani/en/seznambot-crawler/)"
104.244.79.50 - - [31/Mar/2025:21:38:19 -0400] "GET / HTTP/1.1" 200 156172 "https://realjuggahos.com" "Opera/9.80 (Windows NT 6.1; Edition Yx 01) Presto/2.12.388 Version/12.17"
2a02:598:64:8a00::3100:0 - - [31/Mar/2025:21:46:12 -0400] "GET /ella-fitzgerald-dream-a-little-dream-of-me/ HTTP/1.1" 404 1251 "-" "Mozilla/5.0 (compatible; SeznamBot/4.0; +https://o-seznam.cz/napoveda/vyhledavani/en/seznambot-crawler/)"
195.2.75.64 - - [31/Mar/2025:21:50:58 -0400] "GET /top-5-uk-cbd-gummies/ HTTP/1.1" 404 1251 "https://realjuggahos.com/top-5-uk-cbd-gummies/" "Mozilla/5.0 (Windows NT 10.0; Win64; x64) AppleWebKit/537.36 (KHTML, like Gecko) Chrome/130.0.0.0 Safari/537.36 CCleaner/130.0.0.0"
195.2.75.64 - - [31/Mar/2025:21:50:59 -0400] "GET / HTTP/1.1" 200 156172 "https://realjuggahos.com/" "Mozilla/5.0 (Windows NT 10.0; Win64; x64) AppleWebKit/537.36 (KHTML, like Gecko) Chrome/130.0.0.0 Safari/537.36 CCleaner/130.0.0.0"
198.54.114.83 - - [31/Mar/2025:21:55:14 -0400] "POST /wp-cron.php?doing_wp_cron=1743472513.9847168922424316406250 HTTP/1.1" 200 0 "-" "WordPress/6.7.2; https://realjuggahos.com"
167.172.130.206 - - [31/Mar/2025:21:55:08 -0400] "POST /wp-login.php HTTP/1.1" 503 6992 "-" "Mozilla/5.0"
198.54.114.83 - - [31/Mar/2025:21:55:16 -0400] "POST /wp-admin/admin-ajax.php?action=async_litespeed&nonce=h5NV7zXSrFss0ZBEvX1iarVCFFCnLIJ2&litespeed_type=imgoptm HTTP/1.1" 200 0 "-" "WordPress/6.7.2; https://realjuggahos.com"
198.98.55.56 - - [31/Mar/2025:22:03:41 -0400] "GET /wp-login.php HTTP/1.1" 200 1740 "-" "Mozilla/5.0 (Macintosh; Intel Mac OS X 10.7; rv:31.0) Gecko/20100101 Firefox/31.0"
198.54.114.83 - - [31/Mar/2025:22:03:48 -0400] "POST /wp-cron.php?doing_wp_cron=1743473027.7694380283355712890625 HTTP/1.1" 200 0 "-" "WordPress/6.7.2; https://realjuggahos.com"
198.98.55.56 - - [31/Mar/2025:22:03:41 -0400] "POST /wp-login.php HTTP/1.1" 503 6994 "-" "Mozilla/5.0 (Macintosh; Intel Mac OS X 10.7; rv:31.0) Gecko/20100101 Firefox/31.0"
198.98.55.56 - - [31/Mar/2025:22:03:49 -0400] "GET /wp-admin/themes.php HTTP/1.1" 503 6940 "-" "python-requests/2.27.1"
198.54.114.83 - - [31/Mar/2025:22:03:49 -0400] "POST /wp-admin/admin-ajax.php?action=async_litespeed&nonce=0LWNA7CaM8DUpOEXe0fsMZT6FFHFWOz4&litespeed_type=imgoptm HTTP/1.1" 200 0 "-" "WordPress/6.7.2; https://realjuggahos.com"
198.98.55.56 - - [31/Mar/2025:22:03:49 -0400] "GET /wp-admin/plugin-install.php?tab=upload HTTP/1.1" 503 6992 "-" "python-requests/2.27.1"
45.141.215.56 - - [31/Mar/2025:22:08:08 -0400] "GET / HTTP/1.1" 200 156172 "https://realjuggahos.com" "Mozilla/5.0 (X11; U; Linux i686; en-US; rv:1.0.2) Gecko/20021120 Netscape/7.01"
198.54.114.83 - - [31/Mar/2025:22:11:11 -0400] "POST /wp-cron.php?doing_wp_cron=1743473470.9892809391021728515625 HTTP/1.1" 200 0 "-" "WordPress/6.7.2; https://realjuggahos.com"
167.172.130.206 - - [31/Mar/2025:22:11:04 -0400] "POST /wp-login.php HTTP/1.1" 503 6992 "-" "Mozilla/5.0"
198.54.114.83 - - [31/Mar/2025:22:11:12 -0400] "POST /wp-admin/admin-ajax.php?action=async_litespeed&nonce=4ieVV0cEc4zp5KNMrB1CE9d5gj8O7ff5&litespeed_type=imgoptm HTTP/1.1" 200 0 "-" "WordPress/6.7.2; https://realjuggahos.com"
161.35.15.162 - - [31/Mar/2025:22:11:39 -0400] "GET /wp-content/plugins/background-image-cropper/classwithtostring.php HTTP/1.1" 404 1251 "www.google.com" "Mozlila/5.0 (Linux; Android 7.0; SM-G892A Bulid/NRD90M; wv) AppleWebKit/537.36 (KHTML, like Gecko) Version/4.0 Chrome/60.0.3112.107 Moblie Safari/537.36"
134.17.14.122 - - [31/Mar/2025:22:13:46 -0400] "GET /past.php HTTP/1.1" 404 1251 "-" "Mozilla/4.0 (compatible; MSIE 6.0; Windows NT 5.1; SV1)"
66.249.66.168 - - [31/Mar/2025:22:17:39 -0400] "GET /dp/B091G668JP?ref=MarsFS_eero_en HTTP/1.1" 404 1251 "-" "Mozilla/5.0 (Linux; Android 6.0.1; Nexus 5X Build/MMB29P) AppleWebKit/537.36 (KHTML, like Gecko) Chrome/134.0.6998.165 Mobile Safari/537.36 (compatible; Googlebot/2.1; +http://www.google.com/bot.html)"
51.89.68.103 - - [31/Mar/2025:22:20:31 -0400] "GET /wp-content/plugins/WordPressCore/include.php HTTP/1.1" 404 1251 "-" "Mozilla/5.0 (Windows NT 10.0; Win64; x64) AppleWebKit/537.36 (KHTML, like Gecko) Chrome/127.0.0.0 Safari/537.36"
112.92.70.120 - - [31/Mar/2025:22:28:43 -0400] "GET /non-conducting-thermal-paste/ HTTP/1.1" 404 1251 "https://realjuggahos.com" "Mozilla/5.0 (Windows NT 10.0; Win64; x64) AppleWebKit/537.36 (KHTML, like Gecko) Chrome/62.0.3202.94 Safari/537.36"
112.92.70.120 - - [31/Mar/2025:22:28:49 -0400] "GET /non-conducting-thermal-paste/ HTTP/1.1" 404 1251 "https://realjuggahos.com" "Mozilla/5.0 (Windows NT 10.0; Win64; x64) AppleWebKit/537.36 (KHTML, like Gecko) Chrome/62.0.3202.94 Safari/537.36"
47.128.121.145 - - [31/Mar/2025:22:29:51 -0400] "GET /car-magnets-for-your-business-vehicles/ HTTP/1.1" 404 1251 "-" "Mozilla/5.0 (Linux; Android 5.0) AppleWebKit/537.36 (KHTML, like Gecko) Mobile Safari/537.36 (compatible; TikTokSpider; ttspider-feedback@tiktok.com)"
52.167.144.237 - - [31/Mar/2025:22:34:50 -0400] "GET /the-five-as-of-access-healthcare/feed/ HTTP/1.1" 404 1251 "-" "Mozilla/5.0 AppleWebKit/537.36 (KHTML, like Gecko; compatible; bingbot/2.0; +http://www.bing.com/bingbot.htm) Chrome/116.0.1938.76 Safari/537.36"
198.54.114.83 - - [31/Mar/2025:22:39:31 -0400] "POST /wp-cron.php?doing_wp_cron=1743475170.9015989303588867187500 HTTP/1.1" 200 0 "-" "WordPress/6.7.2; https://realjuggahos.com"
167.172.130.206 - - [31/Mar/2025:22:39:26 -0400] "POST /wp-login.php HTTP/1.1" 503 6992 "-" "Mozilla/5.0"
198.54.114.83 - - [31/Mar/2025:22:39:32 -0400] "POST /wp-admin/admin-ajax.php?action=async_litespeed&nonce=CLr3OuAHoZ9QlszF6K3aHD8dlxdvsdy5&litespeed_type=imgoptm HTTP/1.1" 200 0 "-" "WordPress/6.7.2; https://realjuggahos.com"
66.249.66.167 - - [31/Mar/2025:22:40:09 -0400] "GET /car-locksmith-services/ HTTP/1.1" 404 1251 "-" "Mozilla/5.0 (Linux; Android 6.0.1; Nexus 5X Build/MMB29P) AppleWebKit/537.36 (KHTML, like Gecko) Chrome/134.0.6998.165 Mobile Safari/537.36 (compatible; Googlebot/2.1; +http://www.google.com/bot.html)"
198.54.114.83 - - [31/Mar/2025:22:55:16 -0400] "POST /wp-cron.php?doing_wp_cron=1743476115.7197129726409912109375 HTTP/1.1" 200 0 "-" "WordPress/6.7.2; https://realjuggahos.com"
167.172.130.206 - - [31/Mar/2025:22:55:10 -0400] "POST /wp-login.php HTTP/1.1" 503 6994 "-" "Mozilla/5.0"
198.54.114.83 - - [31/Mar/2025:22:55:17 -0400] "POST /wp-admin/admin-ajax.php?action=async_litespeed&nonce=Ebx7HOxWZUnaJL8dKGlM0QbTNqtRnsrS&litespeed_type=imgoptm HTTP/1.1" 200 0 "-" "WordPress/6.7.2; https://realjuggahos.com"
4.227.36.95 - - [31/Mar/2025:23:02:10 -0400] "GET /robots.txt HTTP/1.1" 304 0 "-" "Mozilla/5.0 AppleWebKit/537.36 (KHTML, like Gecko; compatible; GPTBot/1.2; +https://openai.com/gptbot)"
66.249.66.166 - - [31/Mar/2025:23:02:40 -0400] "GET /moving-quotes-the-half-truth-you-dont-know-about/ HTTP/1.1" 404 1251 "-" "Mozilla/5.0 (Linux; Android 6.0.1; Nexus 5X Build/MMB29P) AppleWebKit/537.36 (KHTML, like Gecko) Chrome/134.0.6998.165 Mobile Safari/537.36 (compatible; Googlebot/2.1; +http://www.google.com/bot.html)"
198.98.53.147 - - [31/Mar/2025:23:06:50 -0400] "GET / HTTP/1.1" 200 166298 "https://realjuggahos.com" "Mozilla/5.0 (Windows NT 6.1; WOW64; rv:54.0) Gecko/20100101 Firefox/54.0"
198.98.53.147 - - [31/Mar/2025:23:06:54 -0400] "GET /wp-login.php HTTP/1.1" 200 1740 "https://realjuggahos.com" "Mozilla/5.0 (Windows NT 6.1; WOW64; rv:54.0) Gecko/20100101 Firefox/54.0"
198.54.114.83 - - [31/Mar/2025:23:24:41 -0400] "POST /wp-cron.php?doing_wp_cron=1743477880.0442008972167968750000 HTTP/1.1" 200 0 "-" "WordPress/6.7.2; https://realjuggahos.com"
167.172.130.206 - - [31/Mar/2025:23:24:34 -0400] "POST /wp-login.php HTTP/1.1" 503 6992 "-" "Mozilla/5.0"
198.54.114.83 - - [31/Mar/2025:23:24:44 -0400] "POST /wp-admin/admin-ajax.php?action=async_litespeed&nonce=KMrkvVc2sDGIEas6kWF7DuJ27kxCNKwT&litespeed_type=imgoptm HTTP/1.1" 200 0 "-" "WordPress/6.7.2; https://realjuggahos.com"
66.249.66.168 - - [31/Mar/2025:23:25:10 -0400] "GET /haunting-elegance-the-enigmatic-charm-of-the-ghost-spider-costume/ HTTP/1.1" 404 1251 "-" "Mozilla/5.0 (Linux; Android 6.0.1; Nexus 5X Build/MMB29P) AppleWebKit/537.36 (KHTML, like Gecko) Chrome/134.0.6998.165 Mobile Safari/537.36 (compatible; Googlebot/2.1; +http://www.google.com/bot.html)"
2a02:598:96:8a00::1200:122 - - [31/Mar/2025:23:28:34 -0400] "GET /the-benefits-and-use-of-anavar-in-canada/ HTTP/1.1" 404 1251 "-" "Mozilla/5.0 (compatible; SeznamBot/4.0; +https://o-seznam.cz/napoveda/vyhledavani/en/seznambot-crawler/)"
2a02:598:64:8a00::3100:0 - - [31/Mar/2025:23:29:28 -0400] "GET /buy-likes-and-views-ticktok/ HTTP/1.1" 404 1251 "-" "Mozilla/5.0 (compatible; SeznamBot/4.0; +https://o-seznam.cz/napoveda/vyhledavani/en/seznambot-crawler/)"
93.183.92.77 - - [31/Mar/2025:23:29:32 -0400] "GET /top-5-uk-cbd-gummies/ HTTP/1.1" 404 1251 "https://realjuggahos.com/top-5-uk-cbd-gummies/" "Mozilla/5.0 (Windows NT 10.0; Win64; x64) AppleWebKit/537.36 (KHTML, like Gecko) Chrome/131.0.0.0 Safari/537.36"
93.183.92.77 - - [31/Mar/2025:23:29:33 -0400] "GET / HTTP/1.1" 200 156172 "https://realjuggahos.com/" "Mozilla/5.0 (Windows NT 10.0; Win64; x64) AppleWebKit/537.36 (KHTML, like Gecko) Chrome/131.0.0.0 Safari/537.36"
149.22.90.237 - - [31/Mar/2025:23:32:31 -0400] "GET /wp-login.php HTTP/1.1" 200 1740 "-" "Mozilla/5.0 (Windows NT 10.0; Win64; x64; rv:80.0) Gecko/20100101 Firefox/80.0"
198.54.114.83 - - [31/Mar/2025:23:32:42 -0400] "POST /wp-cron.php?doing_wp_cron=1743478362.1295950412750244140625 HTTP/1.1" 200 0 "-" "WordPress/6.7.2; https://realjuggahos.com"
149.22.90.237 - - [31/Mar/2025:23:32:33 -0400] "POST /wp-login.php HTTP/1.1" 503 6992 "-" "Mozilla/5.0 (Windows NT 10.0; Win64; x64; rv:80.0) Gecko/20100101 Firefox/80.0"
198.54.114.83 - - [31/Mar/2025:23:32:43 -0400] "POST /wp-admin/admin-ajax.php?action=async_litespeed&nonce=P3FrbEUV9vfGldWRkuRY80HGaaHK6Grg&litespeed_type=imgoptm HTTP/1.1" 200 0 "-" "WordPress/6.7.2; https://realjuggahos.com"
34.205.176.207 - - [31/Mar/2025:23:33:56 -0400] "GET /home-help-dorchester/ HTTP/1.1" 404 1251 "-" "Grammarly/1.0 (http://www.grammarly.com)"
198.54.114.83 - - [31/Mar/2025:23:40:29 -0400] "POST /wp-cron.php?doing_wp_cron=1743478829.3402090072631835937500 HTTP/1.1" 200 0 "-" "WordPress/6.7.2; https://realjuggahos.com"
167.172.130.206 - - [31/Mar/2025:23:40:23 -0400] "POST /wp-login.php HTTP/1.1" 503 6992 "-" "Mozilla/5.0"
198.54.114.83 - - [31/Mar/2025:23:40:31 -0400] "POST /wp-admin/admin-ajax.php?action=async_litespeed&nonce=Zc5P2zz8dPdifUdWOMSULTfEHyeoHTHs&litespeed_type=imgoptm HTTP/1.1" 200 0 "-" "WordPress/6.7.2; https://realjuggahos.com"
51.8.102.243 - - [31/Mar/2025:23:41:45 -0400] "GET /robots.txt HTTP/1.1" 304 0 "-" "Mozilla/5.0 (Macintosh; Intel Mac OS X 10_15_7) AppleWebKit/537.36 (KHTML, like Gecko) Chrome/131.0.0.0 Safari/537.36; compatible; OAI-SearchBot/1.0; +https://openai.com/searchbot"
2a02:598:64:8a00::3100:0 - - [01/Apr/2025:00:01:29 -0400] "GET /gas-boiler-and-the-importance-of-its-service/ HTTP/1.1" 404 1251 "-" "Mozilla/5.0 (compatible; SeznamBot/4.0; +https://o-seznam.cz/napoveda/vyhledavani/en/seznambot-crawler/)"
112.92.70.120 - - [01/Apr/2025:00:04:23 -0400] "GET /non-conducting-thermal-paste/ HTTP/1.1" 404 1251 "https://realjuggahos.com" "Mozilla/5.0 (Windows NT 10.0; Win64; x64) AppleWebKit/537.36 (KHTML, like Gecko) Chrome/62.0.3202.94 Safari/537.36"
112.92.70.120 - - [01/Apr/2025:00:04:24 -0400] "GET /non-conducting-thermal-paste/ HTTP/1.1" 404 1251 "https://realjuggahos.com" "Mozilla/5.0 (Windows NT 10.0; Win64; x64) AppleWebKit/537.36 (KHTML, like Gecko) Chrome/62.0.3202.94 Safari/537.36"
112.92.70.120 - - [01/Apr/2025:00:04:26 -0400] "GET /non-conducting-thermal-paste/ HTTP/1.1" 404 1251 "https://realjuggahos.com" "Mozilla/5.0 (Windows NT 10.0; Win64; x64) AppleWebKit/537.36 (KHTML, like Gecko) Chrome/62.0.3202.94 Safari/537.36"
112.92.70.120 - - [01/Apr/2025:00:04:27 -0400] "GET /non-conducting-thermal-paste/ HTTP/1.1" 404 1251 "https://realjuggahos.com" "Mozilla/5.0 (Windows NT 10.0; Win64; x64) AppleWebKit/537.36 (KHTML, like Gecko) Chrome/62.0.3202.94 Safari/537.36"
66.249.66.166 - - [01/Apr/2025:00:04:36 -0400] "GET /die-vorteile-des-sammelns-von-pokemon-figuren/ HTTP/1.1" 404 1251 "-" "Mozilla/5.0 (Linux; Android 6.0.1; Nexus 5X Build/MMB29P) AppleWebKit/537.36 (KHTML, like Gecko) Chrome/134.0.6998.165 Mobile Safari/537.36 (compatible; Googlebot/2.1; +http://www.google.com/bot.html)"
198.54.114.83 - - [01/Apr/2025:00:08:52 -0400] "POST /wp-cron.php?doing_wp_cron=1743480532.0449659824371337890625 HTTP/1.1" 200 0 "-" "WordPress/6.7.2; https://realjuggahos.com"
167.172.130.206 - - [01/Apr/2025:00:08:45 -0400] "POST /wp-login.php HTTP/1.1" 503 6994 "-" "Mozilla/5.0"
198.54.114.83 - - [01/Apr/2025:00:08:54 -0400] "POST /wp-admin/admin-ajax.php?action=async_litespeed&nonce=z1qdlYWPdCe4Nu7ruhw97o41JoxKZq9z&litespeed_type=imgoptm HTTP/1.1" 200 0 "-" "WordPress/6.7.2; https://realjuggahos.com"
4.227.36.89 - - [01/Apr/2025:00:15:08 -0400] "GET /robots.txt HTTP/1.1" 304 0 "-" "Mozilla/5.0 AppleWebKit/537.36 (KHTML, like Gecko; compatible; GPTBot/1.2; +https://openai.com/gptbot)"
103.17.99.13 - - [01/Apr/2025:00:15:10 -0400] "GET /wp-login.php HTTP/1.1" 200 1740 "-" "Mozilla/5.0 (Windows NT 10.0; Win64; x64) AppleWebKit/537.36 (KHTML, like Gecko) Chrome/87.0.4280.141 Safari/537.36"
198.54.114.83 - - [01/Apr/2025:00:15:19 -0400] "POST /wp-cron.php?doing_wp_cron=1743480918.8741259574890136718750 HTTP/1.1" 200 0 "-" "WordPress/6.7.2; https://realjuggahos.com"
103.17.99.13 - - [01/Apr/2025:00:15:13 -0400] "POST /wp-login.php HTTP/1.1" 200 0 "-" "Mozilla/5.0 (Windows NT 10.0; Win64; x64) AppleWebKit/537.36 (KHTML, like Gecko) Chrome/87.0.4280.141 Safari/537.36"
198.54.114.83 - - [01/Apr/2025:00:15:23 -0400] "POST /wp-admin/admin-ajax.php?action=async_litespeed&nonce=jtWhwYJdKSZ9Q56jHG87Z9ptXwkzy5Lv&litespeed_type=imgoptm HTTP/1.1" 200 0 "-" "WordPress/6.7.2; https://realjuggahos.com"
103.17.99.13 - - [01/Apr/2025:00:15:24 -0400] "POST /wp-login.php HTTP/1.1" 200 1875 "-" "Mozilla/5.0 (Windows NT 10.0; Win64; x64) AppleWebKit/537.36 (KHTML, like Gecko) Chrome/87.0.4280.141 Safari/537.36"
52.167.144.22 - - [01/Apr/2025:00:15:39 -0400] "GET /der-immobilienmarkt-in-dusseldorf-eine-florierende-branche/feed/ HTTP/1.1" 404 1251 "-" "Mozilla/5.0 AppleWebKit/537.36 (KHTML, like Gecko; compatible; bingbot/2.0; +http://www.bing.com/bingbot.htm) Chrome/116.0.1938.76 Safari/537.36"
2a02:598:96:8a00::1200:122 - - [01/Apr/2025:00:17:37 -0400] "GET /adventure-travel-missouri/ HTTP/1.1" 404 1251 "-" "Mozilla/5.0 (compatible; SeznamBot/4.0; +https://o-seznam.cz/napoveda/vyhledavani/en/seznambot-crawler/)"
198.54.114.83 - - [01/Apr/2025:00:24:47 -0400] "POST /wp-cron.php?doing_wp_cron=1743481487.4589090347290039062500 HTTP/1.1" 200 0 "-" "WordPress/6.7.2; https://realjuggahos.com"
167.172.130.206 - - [01/Apr/2025:00:24:42 -0400] "POST /wp-login.php HTTP/1.1" 503 6992 "-" "Mozilla/5.0"
198.54.114.83 - - [01/Apr/2025:00:24:50 -0400] "POST /wp-admin/admin-ajax.php?action=async_litespeed&nonce=h0llY0uh6asdHlAvGrr9wrxrwP942dJJ&litespeed_type=imgoptm HTTP/1.1" 200 0 "-" "WordPress/6.7.2; https://realjuggahos.com"
85.208.96.203 - - [01/Apr/2025:00:24:50 -0400] "GET /creative-ideas-for-bathroom-renovations-in-the-western-suburbs-of-melbourne/ HTTP/1.1" 404 1251 "-" "Mozilla/5.0 (compatible; SemrushBot/7~bl; +http://www.semrush.com/bot.html)"
2a02:598:64:8a00::3100:0 - - [01/Apr/2025:00:29:26 -0400] "GET /online-gambling/ HTTP/1.1" 404 1251 "-" "Mozilla/5.0 (compatible; SeznamBot/4.0; +https://o-seznam.cz/napoveda/vyhledavani/en/seznambot-crawler/)"
85.208.98.22 - - [01/Apr/2025:00:30:22 -0400] "GET /buy-youtube-subscribers-to-jumpstart-your-youtube-channel/ HTTP/1.1" 404 1251 "-" "Mozilla/5.0 (compatible; SemrushBot-BA; +http://www.semrush.com/bot.html)"
85.208.98.31 - - [01/Apr/2025:00:30:36 -0400] "GET /best-places-to-buy-youtube-views/ HTTP/1.1" 404 1251 "-" "Mozilla/5.0 (compatible; SemrushBot-BA; +http://www.semrush.com/bot.html)"
154.30.105.81 - - [01/Apr/2025:00:32:40 -0400] "GET /forums/users/marcelocatani5/ HTTP/1.1" 404 1251 "-" "Mozilla/5.0 (Windows NT 10.0; WOW64) AppleWebKit/537.36 (KHTML, like Gecko) Chrome/114.0.0.0 Safari/537.36 Vivaldi/5.3.2679.68"
154.30.105.81 - - [01/Apr/2025:00:32:42 -0400] "GET / HTTP/1.1" 200 156172 "-" "Mozilla/5.0 (Windows NT 10.0; WOW64) AppleWebKit/537.36 (KHTML, like Gecko) Chrome/114.0.0.0 Safari/537.36 Vivaldi/5.3.2679.68"
154.30.105.81 - - [01/Apr/2025:00:32:51 -0400] "GET /dp/B0D3RN5W37?ref=MarsFS_VICC_blinksqm HTTP/1.1" 404 1251 "https://www.realjuggahos.com" "Mozilla/5.0 (Windows NT 10.0; WOW64) AppleWebKit/537.36 (KHTML, like Gecko) Chrome/114.0.0.0 Safari/537.36 Vivaldi/5.3.2679.68"
154.30.105.81 - - [01/Apr/2025:00:32:52 -0400] "GET / HTTP/1.1" 200 156172 "https://www.realjuggahos.com" "Mozilla/5.0 (Windows NT 10.0; WOW64) AppleWebKit/537.36 (KHTML, like Gecko) Chrome/114.0.0.0 Safari/537.36 Vivaldi/5.3.2679.68"
109.202.23.171 - - [01/Apr/2025:00:34:49 -0400] "GET /gitarre-spielen-lernen/ HTTP/1.1" 404 1251 "-" "Mozilla/5.0 (Windows NT 10.0; Win64; x64; rv:108.0) Gecko/20100101 Firefox/108.0"
58.221.37.82 - - [01/Apr/2025:00:46:13 -0400] "GET / HTTP/1.1" 200 156172 "https://www.google.com/" "Mozilla/5.0 (Linux; Android 10; K) AppleWebKit/537.36 (KHTML, like Gecko) Chrome/132.0.0.0 Safari/537.36"
185.191.171.5 - - [01/Apr/2025:00:47:40 -0400] "GET /how-to-get-youtube-live-stream-views/ HTTP/1.1" 404 1251 "-" "Mozilla/5.0 (compatible; SemrushBot/7~bl; +http://www.semrush.com/bot.html)"
167.172.130.206 - - [01/Apr/2025:00:52:45 -0400] "POST /wp-login.php HTTP/1.1" 503 6994 "-" "Mozilla/5.0"
178.172.245.215 - - [01/Apr/2025:00:56:24 -0400] "GET / HTTP/1.1" 200 156172 "https://daliyuknews.com" "Mozilla/5.0 (compatible; Googlebot/2.1; +http://www.google.com/bot.html)"
139.59.18.154 - - [01/Apr/2025:01:02:46 -0400] "GET /wp-content/plugins/WordPressCore/include.php HTTP/1.1" 404 1251 "-" "ShellBot 2.0"
139.59.18.154 - - [01/Apr/2025:01:02:48 -0400] "GET /wp-content/plugins/WordPressCore-1/include.php/wp-content/themes/include.php HTTP/1.1" 404 1251 "-" "ShellBot 2.0"
139.59.18.154 - - [01/Apr/2025:01:02:49 -0400] "GET /wp-content/plugins/include.php HTTP/1.1" 404 1251 "-" "ShellBot 2.0"
136.243.228.198 - - [01/Apr/2025:01:03:41 -0400] "GET / HTTP/1.1" 200 156172 "-" "Mozilla/5.0 (compatible; DataForSeoBot/1.0; +https://dataforseo.com/dataforseo-bot)"
185.191.171.12 - - [01/Apr/2025:01:04:08 -0400] "GET /vita-glow-skin-whitening-night-cream-review/ HTTP/1.1" 404 1251 "-" "Mozilla/5.0 (compatible; SemrushBot/7~bl; +http://www.semrush.com/bot.html)"
2a02:598:64:8a00::3100:0 - - [01/Apr/2025:01:04:30 -0400] "GET /unveiling-the-marvels-of-tretinoin-cream-in-the-uk/ HTTP/1.1" 404 1251 "-" "Mozilla/5.0 (compatible; SeznamBot/4.0; +https://o-seznam.cz/napoveda/vyhledavani/en/seznambot-crawler/)"
66.249.66.160 - - [01/Apr/2025:01:04:37 -0400] "GET /how-a-katana-sword-is-made/ HTTP/1.1" 404 1251 "-" "Mozilla/5.0 (Linux; Android 6.0.1; Nexus 5X Build/MMB29P) AppleWebKit/537.36 (KHTML, like Gecko) Chrome/134.0.6998.165 Mobile Safari/537.36 (compatible; Googlebot/2.1; +http://www.google.com/bot.html)"
136.243.228.198 - - [01/Apr/2025:01:05:07 -0400] "GET /dp/B09TDTJKF1?ref=MarsFS_SMP_B09TDTJKF1 HTTP/1.1" 404 1251 "-" "Mozilla/5.0 (compatible; DataForSeoBot/1.0; +https://dataforseo.com/dataforseo-bot)"
136.243.228.198 - - [01/Apr/2025:01:05:10 -0400] "GET /dp/B08DJC1KMJ?ref=MarsFS_VICC_rvdpro2_faceplate HTTP/1.1" 404 1251 "-" "Mozilla/5.0 (compatible; DataForSeoBot/1.0; +https://dataforseo.com/dataforseo-bot)"
136.243.228.198 - - [01/Apr/2025:01:05:14 -0400] "GET /dp/B085G63QHT?ref=MarsFS_AUCC_lr HTTP/1.1" 404 1251 "-" "Mozilla/5.0 (compatible; DataForSeoBot/1.0; +https://dataforseo.com/dataforseo-bot)"
136.243.228.198 - - [01/Apr/2025:01:05:17 -0400] "GET /dp/B09DRX62ZV?ref=MarsFS_VICC_spotlight HTTP/1.1" 404 1251 "-" "Mozilla/5.0 (compatible; DataForSeoBot/1.0; +https://dataforseo.com/dataforseo-bot)"
136.243.228.198 - - [01/Apr/2025:01:05:22 -0400] "GET /dp/B08LZ3LTFV?ref=MarsFS_VICC_rvdwired_cornerkit HTTP/1.1" 404 1251 "-" "Mozilla/5.0 (compatible; DataForSeoBot/1.0; +https://dataforseo.com/dataforseo-bot)"
136.243.228.198 - - [01/Apr/2025:01:05:25 -0400] "GET /product-reviews/B0DG4WZZPV/ref=acr_dp_hist_3?ie=UTF8&filterByStar=three_star&reviewerType=all_reviews HTTP/1.1" 404 1251 "-" "Mozilla/5.0 (compatible; DataForSeoBot/1.0; +https://dataforseo.com/dataforseo-bot)"
136.243.228.198 - - [01/Apr/2025:01:05:30 -0400] "GET /dp/B09B2RL8CG?ref=MarsFS_AUCC_hyp HTTP/1.1" 404 1251 "-" "Mozilla/5.0 (compatible; DataForSeoBot/1.0; +https://dataforseo.com/dataforseo-bot)"
136.243.228.198 - - [01/Apr/2025:01:05:34 -0400] "GET /dp/B0D483WX7X?ref=MarsFS_VICC_blinksed HTTP/1.1" 404 1251 "-" "Mozilla/5.0 (compatible; DataForSeoBot/1.0; +https://dataforseo.com/dataforseo-bot)"
136.243.228.198 - - [01/Apr/2025:01:05:37 -0400] "GET /dp/B09B8YP8KY?ref=MarsFS_AUCC_cann HTTP/1.1" 404 1251 "-" "Mozilla/5.0 (compatible; DataForSeoBot/1.0; +https://dataforseo.com/dataforseo-bot)"
136.243.228.198 - - [01/Apr/2025:01:05:42 -0400] "GET /gp/registry/wishlist/ HTTP/1.1" 404 1251 "-" "Mozilla/5.0 (compatible; DataForSeoBot/1.0; +https://dataforseo.com/dataforseo-bot)"
136.243.228.198 - - [01/Apr/2025:01:05:46 -0400] "GET /dp/B0B6GK4VTC?ref=MarsFS_VICC_RINGINDC HTTP/1.1" 404 1251 "-" "Mozilla/5.0 (compatible; DataForSeoBot/1.0; +https://dataforseo.com/dataforseo-bot)"
136.243.228.198 - - [01/Apr/2025:01:05:49 -0400] "GET /dp/B091G668JP?ref=MarsFS_eero_en HTTP/1.1" 404 1251 "-" "Mozilla/5.0 (compatible; DataForSeoBot/1.0; +https://dataforseo.com/dataforseo-bot)"
136.243.228.198 - - [01/Apr/2025:01:05:54 -0400] "GET /dp/B0CFPL6CFY?ref=MarsFS_KINDLE_B0CFPL6CFY HTTP/1.1" 404 1251 "-" "Mozilla/5.0 (compatible; DataForSeoBot/1.0; +https://dataforseo.com/dataforseo-bot)"
136.243.228.198 - - [01/Apr/2025:01:05:58 -0400] "GET /dp/B0BLS3H65Z?ref=MarsFS_AUCC_ath HTTP/1.1" 404 1251 "-" "Mozilla/5.0 (compatible; DataForSeoBot/1.0; +https://dataforseo.com/dataforseo-bot)"
136.243.228.198 - - [01/Apr/2025:01:06:01 -0400] "GET /product-reviews/B0DG4WZZPV/ref=acr_dp_hist_5?ie=UTF8&filterByStar=five_star&reviewerType=all_reviews HTTP/1.1" 404 1251 "-" "Mozilla/5.0 (compatible; DataForSeoBot/1.0; +https://dataforseo.com/dataforseo-bot)"
136.243.228.198 - - [01/Apr/2025:01:06:06 -0400] "GET /hz/reviews-render/report-review?ie=UTF8&ref=cm_cr_dp_d_report&csrfT=hI7SZljMN8bG2ire57mKHlD4fY6c8uVTvZXytn4fYPolAAAAAGcq7rEAAAAB&reviewId=R1PEI6HEVK2UIC HTTP/1.1" 404 1251 "-" "Mozilla/5.0 (compatible; DataForSeoBot/1.0; +https://dataforseo.com/dataforseo-bot)"
136.243.228.198 - - [01/Apr/2025:01:06:11 -0400] "GET /gp/customer-reviews/R2DVCU4L2UJJBX/ref=cm_cr_dp_d_rvw_ttl?ie=UTF8&ASIN=B0DG4WZZPV HTTP/1.1" 404 1251 "-" "Mozilla/5.0 (compatible; DataForSeoBot/1.0; +https://dataforseo.com/dataforseo-bot)"
136.243.228.198 - - [01/Apr/2025:01:06:14 -0400] "GET /dp/B0BZWRSRWV?ref=MarsFS_VICC_rvd HTTP/1.1" 404 1251 "-" "Mozilla/5.0 (compatible; DataForSeoBot/1.0; +https://dataforseo.com/dataforseo-bot)"
136.243.228.198 - - [01/Apr/2025:01:06:17 -0400] "GET /dp/B0CP31QS6R?ref=MarsFS_KINDLE_rs HTTP/1.1" 404 1251 "-" "Mozilla/5.0 (compatible; DataForSeoBot/1.0; +https://dataforseo.com/dataforseo-bot)"
136.243.228.198 - - [01/Apr/2025:01:06:22 -0400] "GET /product-reviews/B0DG4WZZPV/ref=acr_dp_hist_2?ie=UTF8&filterByStar=two_star&reviewerType=all_reviews HTTP/1.1" 404 1251 "-" "Mozilla/5.0 (compatible; DataForSeoBot/1.0; +https://dataforseo.com/dataforseo-bot)"
136.243.228.198 - - [01/Apr/2025:01:06:26 -0400] "GET /dp/B0D3RN5W37?ref=MarsFS_VICC_blinksqm HTTP/1.1" 404 1251 "-" "Mozilla/5.0 (compatible; DataForSeoBot/1.0; +https://dataforseo.com/dataforseo-bot)"
136.243.228.198 - - [01/Apr/2025:01:06:29 -0400] "GET /Amazon/b/ref=bl_dp_s_web_7940963051?ie=UTF8&node=7940963051&field-lbr_brands_browse-bin=Amazon HTTP/1.1" 404 1251 "-" "Mozilla/5.0 (compatible; DataForSeoBot/1.0; +https://dataforseo.com/dataforseo-bot)"
136.243.228.198 - - [01/Apr/2025:01:06:34 -0400] "GET /dp/B09BS5XWNS?ref=MarsFS_KINDLE_br HTTP/1.1" 404 1251 "-" "Mozilla/5.0 (compatible; DataForSeoBot/1.0; +https://dataforseo.com/dataforseo-bot)"
136.243.228.198 - - [01/Apr/2025:01:06:38 -0400] "GET /dp/B07NQ7HNHY?ref=MarsFS_AUCC_oe HTTP/1.1" 404 1251 "-" "Mozilla/5.0 (compatible; DataForSeoBot/1.0; +https://dataforseo.com/dataforseo-bot)"
136.243.228.198 - - [01/Apr/2025:01:06:41 -0400] "GET /dp/B0CZB5RHWX?ref=MarsFS_KINDLE_pc HTTP/1.1" 404 1251 "-" "Mozilla/5.0 (compatible; DataForSeoBot/1.0; +https://dataforseo.com/dataforseo-bot)"
2a02:598:96:8a00::1200:122 - - [01/Apr/2025:01:06:43 -0400] "GET /best-auto-accident-dwi-lawyer-in-nassau-county/ HTTP/1.1" 404 1251 "-" "Mozilla/5.0 (compatible; SeznamBot/4.0; +https://o-seznam.cz/napoveda/vyhledavani/en/seznambot-crawler/)"
136.243.228.198 - - [01/Apr/2025:01:06:45 -0400] "GET /dp/B0BTG4S29L?ref=MarsFS_SMP_B0BTG4S29L HTTP/1.1" 404 1251 "-" "Mozilla/5.0 (compatible; DataForSeoBot/1.0; +https://dataforseo.com/dataforseo-bot)"
136.243.228.198 - - [01/Apr/2025:01:06:49 -0400] "GET /dp/B091G4D95D?ref=MarsFS_eero_en HTTP/1.1" 404 1251 "-" "Mozilla/5.0 (compatible; DataForSeoBot/1.0; +https://dataforseo.com/dataforseo-bot)"
136.243.228.198 - - [01/Apr/2025:01:06:54 -0400] "GET /dp/B085PVB5BP?ref=MarsFS_eero_c HTTP/1.1" 404 1251 "-" "Mozilla/5.0 (compatible; DataForSeoBot/1.0; +https://dataforseo.com/dataforseo-bot)"
136.243.228.198 - - [01/Apr/2025:01:06:58 -0400] "GET /dp/B08ZJVVMT4?ref=MarsFS_eero_en HTTP/1.1" 404 1251 "-" "Mozilla/5.0 (compatible; DataForSeoBot/1.0; +https://dataforseo.com/dataforseo-bot)"
136.243.228.198 - - [01/Apr/2025:01:07:06 -0400] "GET /dp/B09WZBPX7K?ref=MarsFS_VICC_rvdw HTTP/1.1" 404 1251 "-" "Mozilla/5.0 (compatible; DataForSeoBot/1.0; +https://dataforseo.com/dataforseo-bot)"
136.243.228.198 - - [01/Apr/2025:01:07:07 -0400] "GET /dp/B076JKHDQT?ref=MarsFS_VICC_Ring+Rechargeable+Battery+Pack HTTP/1.1" 404 1251 "-" "Mozilla/5.0 (compatible; DataForSeoBot/1.0; +https://dataforseo.com/dataforseo-bot)"
136.243.228.198 - - [01/Apr/2025:01:07:12 -0400] "GET /dp/B091D9R5XX?ref=MarsFS_VICC_rvdwired HTTP/1.1" 404 1251 "-" "Mozilla/5.0 (compatible; DataForSeoBot/1.0; +https://dataforseo.com/dataforseo-bot)"
136.243.228.198 - - [01/Apr/2025:01:07:15 -0400] "GET /dp/B08MQNGX3W?ref=MarsFS_AUCC_B08MQNGX3W HTTP/1.1" 404 1251 "-" "Mozilla/5.0 (compatible; DataForSeoBot/1.0; +https://dataforseo.com/dataforseo-bot)"
136.243.228.198 - - [01/Apr/2025:01:07:19 -0400] "GET /dp/B0CQMZ24LR?ref=MarsFS_SMP_B0CQMZ24LR HTTP/1.1" 404 1251 "-" "Mozilla/5.0 (compatible; DataForSeoBot/1.0; +https://dataforseo.com/dataforseo-bot)"
136.243.228.198 - - [01/Apr/2025:01:07:23 -0400] "GET /gp/customer-reviews/RSOLMCOFAZGYC/ref=cm_cr_dp_d_rvw_ttl?ie=UTF8&ASIN=B0DG4WZZPV HTTP/1.1" 404 1251 "-" "Mozilla/5.0 (compatible; DataForSeoBot/1.0; +https://dataforseo.com/dataforseo-bot)"
136.243.228.198 - - [01/Apr/2025:01:07:27 -0400] "GET /dp/B0B2BY4ZG7?ref=MarsFS_VICC_rvdw HTTP/1.1" 404 1251 "-" "Mozilla/5.0 (compatible; DataForSeoBot/1.0; +https://dataforseo.com/dataforseo-bot)"
136.243.228.198 - - [01/Apr/2025:01:07:31 -0400] "GET /dp/B086PGZRGK?ref=MarsFS_eero_AGALAL HTTP/1.1" 404 1251 "-" "Mozilla/5.0 (compatible; DataForSeoBot/1.0; +https://dataforseo.com/dataforseo-bot)"
136.243.228.198 - - [01/Apr/2025:01:07:35 -0400] "GET /gp/profile/amzn1.account.AEI6M6PK7YTYMMDYHFCY44VLPMYQ/ref=cm_cr_dp_d_gw_tr?ie=UTF8 HTTP/1.1" 404 1251 "-" "Mozilla/5.0 (compatible; DataForSeoBot/1.0; +https://dataforseo.com/dataforseo-bot)"
136.243.228.198 - - [01/Apr/2025:01:07:40 -0400] "GET /dp/B0D47Z1SB9?ref=MarsFS_VICC_blinkvin HTTP/1.1" 404 1251 "-" "Mozilla/5.0 (compatible; DataForSeoBot/1.0; +https://dataforseo.com/dataforseo-bot)"
136.243.228.198 - - [01/Apr/2025:01:07:44 -0400] "GET /dp/B0C5QRZ47P?ref=MarsFS_VICC_STUC HTTP/1.1" 404 1251 "-" "Mozilla/5.0 (compatible; DataForSeoBot/1.0; +https://dataforseo.com/dataforseo-bot)"
136.243.228.198 - - [01/Apr/2025:01:07:48 -0400] "GET /dp/B0CPKX85TD?ref=MarsFS_eero_JU HTTP/1.1" 404 1251 "-" "Mozilla/5.0 (compatible; DataForSeoBot/1.0; +https://dataforseo.com/dataforseo-bot)"
136.243.228.198 - - [01/Apr/2025:01:07:51 -0400] "GET /dp/B0D484S271?ref=MarsFS_VICC_blinkhk HTTP/1.1" 404 1251 "-" "Mozilla/5.0 (compatible; DataForSeoBot/1.0; +https://dataforseo.com/dataforseo-bot)"
136.243.228.198 - - [01/Apr/2025:01:07:55 -0400] "GET /dp/B09WXH9BH7?ref=MarsFS_AUCC_ch HTTP/1.1" 404 1251 "-" "Mozilla/5.0 (compatible; DataForSeoBot/1.0; +https://dataforseo.com/dataforseo-bot)"
136.243.228.198 - - [01/Apr/2025:01:07:59 -0400] "GET /dp/B0CFPHSTDD?ref=MarsFS_KINDLE_sgse HTTP/1.1" 404 1251 "-" "Mozilla/5.0 (compatible; DataForSeoBot/1.0; +https://dataforseo.com/dataforseo-bot)"
136.243.228.198 - - [01/Apr/2025:01:08:04 -0400] "GET /dp/B085Q2ZF1X?ref=MarsFS_eero_ccc HTTP/1.1" 404 1251 "-" "Mozilla/5.0 (compatible; DataForSeoBot/1.0; +https://dataforseo.com/dataforseo-bot)"
136.243.228.198 - - [01/Apr/2025:01:08:07 -0400] "GET /dp/B084NTF5ZY?ref=MarsFS_AUCC_ta HTTP/1.1" 404 1251 "-" "Mozilla/5.0 (compatible; DataForSeoBot/1.0; +https://dataforseo.com/dataforseo-bot)"
136.243.228.198 - - [01/Apr/2025:01:08:11 -0400] "GET /product-reviews/B0DG4WZZPV/ref=acr_dp_hist_4?ie=UTF8&filterByStar=four_star&reviewerType=all_reviews HTTP/1.1" 404 1251 "-" "Mozilla/5.0 (compatible; DataForSeoBot/1.0; +https://dataforseo.com/dataforseo-bot)"
136.243.228.198 - - [01/Apr/2025:01:08:15 -0400] "GET /dp/B0CJKV1J9N?ref=MarsFS_SMP_B0CJKV1J9N HTTP/1.1" 404 1251 "-" "Mozilla/5.0 (compatible; DataForSeoBot/1.0; +https://dataforseo.com/dataforseo-bot)"
136.243.228.198 - - [01/Apr/2025:01:08:20 -0400] "GET /product-reviews/B0DG4WZZPV/ref=acr_dp_hist_1?ie=UTF8&filterByStar=one_star&reviewerType=all_reviews HTTP/1.1" 404 1251 "-" "Mozilla/5.0 (compatible; DataForSeoBot/1.0; +https://dataforseo.com/dataforseo-bot)"
136.243.228.198 - - [01/Apr/2025:01:08:25 -0400] "GET /hz/reviews-render/report-review?ie=UTF8&ref=cm_cr_dp_d_report&csrfT=hLqtVQgYy%2FI9YDyopdvMpjMSL3z2hjymwxiOhxxJtXHrAAAAAGcq7rEAAAAB&reviewId=RSOLMCOFAZGYC HTTP/1.1" 404 1251 "-" "Mozilla/5.0 (compatible; DataForSeoBot/1.0; +https://dataforseo.com/dataforseo-bot)"
136.243.228.198 - - [01/Apr/2025:01:08:31 -0400] "GET /gp/customer-reviews/R1PEI6HEVK2UIC/ref=cm_cr_dp_d_rvw_ttl?ie=UTF8&ASIN=B0DG4WZZPV HTTP/1.1" 404 1251 "-" "Mozilla/5.0 (compatible; DataForSeoBot/1.0; +https://dataforseo.com/dataforseo-bot)"
136.243.228.198 - - [01/Apr/2025:01:08:37 -0400] "GET /dp/B0C2RXN77R?ref=MarsFS_AUCC_es HTTP/1.1" 404 1251 "-" "Mozilla/5.0 (compatible; DataForSeoBot/1.0; +https://dataforseo.com/dataforseo-bot)"
136.243.228.198 - - [01/Apr/2025:01:08:40 -0400] "GET /dp/B09L462YVZ?ref=MarsFS_VICC_CHIME HTTP/1.1" 404 1251 "-" "Mozilla/5.0 (compatible; DataForSeoBot/1.0; +https://dataforseo.com/dataforseo-bot)"
136.243.228.198 - - [01/Apr/2025:01:08:49 -0400] "GET /dp/B0CG2TPLJV?ref=MarsFS_VICC_PNTC HTTP/1.1" 404 1251 "-" "Mozilla/5.0 (compatible; DataForSeoBot/1.0; +https://dataforseo.com/dataforseo-bot)"
198.54.114.83 - - [01/Apr/2025:01:08:50 -0400] "POST /wp-cron.php?doing_wp_cron=1743484129.6182770729064941406250 HTTP/1.1" 200 0 "-" "WordPress/6.7.2; https://realjuggahos.com"
167.172.130.206 - - [01/Apr/2025:01:08:43 -0400] "POST /wp-login.php HTTP/1.1" 503 6992 "-" "Mozilla/5.0"
198.54.114.83 - - [01/Apr/2025:01:08:51 -0400] "POST /wp-admin/admin-ajax.php?action=async_litespeed&nonce=rMTBWqUyYNSFUJcYc3rvjU2IeiwvPoKo&litespeed_type=imgoptm HTTP/1.1" 200 0 "-" "WordPress/6.7.2; https://realjuggahos.com"
136.243.228.198 - - [01/Apr/2025:01:08:53 -0400] "GET /gp/profile/amzn1.account.AF5FRYZXCS7TKUJBS42LJ5SIYFCQ/ref=cm_cr_dp_d_gw_tr?ie=UTF8 HTTP/1.1" 404 1251 "-" "Mozilla/5.0 (compatible; DataForSeoBot/1.0; +https://dataforseo.com/dataforseo-bot)"
136.243.228.198 - - [01/Apr/2025:01:08:55 -0400] "GET /gp/profile/amzn1.account.AFXQP46YJ2XUKR4MYZFNG3H2CXBQ/ref=cm_cr_dp_d_gw_tr?ie=UTF8 HTTP/1.1" 404 1251 "-" "Mozilla/5.0 (compatible; DataForSeoBot/1.0; +https://dataforseo.com/dataforseo-bot)"
136.243.228.198 - - [01/Apr/2025:01:09:00 -0400] "GET /review/create-review/ref=cm_cr_dp_d_wr_but_top?ie=UTF8&channel=glance-detail&asin=B0DG4WZZPV HTTP/1.1" 404 1251 "-" "Mozilla/5.0 (compatible; DataForSeoBot/1.0; +https://dataforseo.com/dataforseo-bot)"
136.243.228.198 - - [01/Apr/2025:01:09:04 -0400] "GET /dp/B086PFKYVH?ref=MarsFS_eero_AG HTTP/1.1" 404 1251 "-" "Mozilla/5.0 (compatible; DataForSeoBot/1.0; +https://dataforseo.com/dataforseo-bot)"
136.243.228.198 - - [01/Apr/2025:01:09:07 -0400] "GET /dp/B0BCR4YW51?ref=MarsFS_AUCC_eh HTTP/1.1" 404 1251 "-" "Mozilla/5.0 (compatible; DataForSeoBot/1.0; +https://dataforseo.com/dataforseo-bot)"
136.243.228.198 - - [01/Apr/2025:01:09:30 -0400] "GET /dp/B09Y1GZR7T?ref=MarsFS_AUCC_gw HTTP/1.1" 404 1251 "-" "Mozilla/5.0 (compatible; DataForSeoBot/1.0; +https://dataforseo.com/dataforseo-bot)"
85.208.96.205 - - [01/Apr/2025:01:17:44 -0400] "GET /peinture-pop-art/ HTTP/1.1" 404 1251 "-" "Mozilla/5.0 (compatible; SemrushBot/7~bl; +http://www.semrush.com/bot.html)"
95.217.37.214 - - [01/Apr/2025:01:20:41 -0400] "GET /forums/users/chastityhorning/ HTTP/1.1" 404 1251 "-" "Mozilla/5.0 (Windows NT 10.0; Win64; x64) AppleWebKit/537.36 (KHTML, like Gecko) Chrome/118.0.0.0 Safari/537.36"
95.217.37.214 - - [01/Apr/2025:01:20:42 -0400] "GET /forums/users/chastityhorning/ HTTP/1.1" 404 1251 "-" "Mozilla/5.0 (Windows NT 10.0; Win64; x64) AppleWebKit/537.36 (KHTML, like Gecko) Chrome/118.0.0.0 Safari/537.36"
101.32.75.188 - - [01/Apr/2025:01:23:55 -0400] "GET /how-to-make-your-instagram-profile-picture-full-size/ HTTP/1.1" 404 1251 "-" "Python/3.10 aiohttp/3.10.5"
147.185.132.96 - - [01/Apr/2025:01:29:11 -0400] "GET / HTTP/1.1" 200 156172 "-" "Expanse, a Palo Alto Networks company, searches across the global IPv4 space multiple times per day to identify customers' presences on the Internet. If you would like to be excluded from our scans, please send IP addresses/domains to: scaninfo@paloaltonetworks.com"
51.89.68.103 - - [01/Apr/2025:01:29:22 -0400] "GET /wp-content/plugins/definite-unique/license.txt HTTP/1.1" 404 1251 "-" "Mozilla/5.0 (Windows NT 10.0; Win64; x64) AppleWebKit/537.36 (KHTML, like Gecko) Chrome/127.0.0.0 Safari/537.36"
149.126.222.218 - - [01/Apr/2025:01:34:08 -0400] "GET /forums/users/chastityhorning/ HTTP/1.1" 404 1251 "-" "Mozilla/5.0 (Windows NT 10.0; WOW64; x64) AppleWebKit/537.36 (KHTML, like Gecko) Chrome/114.0.0.0 Safari/537.36 OPR/89.0.4447.51"
149.126.222.218 - - [01/Apr/2025:01:34:11 -0400] "GET / HTTP/1.1" 200 156172 "-" "Mozilla/5.0 (Windows NT 10.0; WOW64; x64) AppleWebKit/537.36 (KHTML, like Gecko) Chrome/114.0.0.0 Safari/537.36 OPR/89.0.4447.51"
149.126.222.218 - - [01/Apr/2025:01:34:14 -0400] "GET /s/ref=nb_sb_noss?url=search-alias%3Dmobile-apps&field-keywords= HTTP/1.1" 404 1251 "https://www.realjuggahos.com" "Mozilla/5.0 (Windows NT 10.0; WOW64; x64) AppleWebKit/537.36 (KHTML, like Gecko) Chrome/114.0.0.0 Safari/537.36 OPR/89.0.4447.51"
149.126.222.218 - - [01/Apr/2025:01:34:15 -0400] "GET /s/ref=nb_sb_noss?url=search-alias%3Dmobile-apps&field-keywords= HTTP/1.1" 404 1251 "https://www.realjuggahos.com" "Mozilla/5.0 (Windows NT 10.0; WOW64; x64) AppleWebKit/537.36 (KHTML, like Gecko) Chrome/114.0.0.0 Safari/537.36 OPR/89.0.4447.51"
149.126.222.218 - - [01/Apr/2025:01:34:16 -0400] "GET /s/ref=nb_sb_noss?url=search-alias%3Dmobile-apps&field-keywords= HTTP/1.1" 404 1251 "https://www.realjuggahos.com" "Mozilla/5.0 (Windows NT 10.0; WOW64; x64) AppleWebKit/537.36 (KHTML, like Gecko) Chrome/114.0.0.0 Safari/537.36 OPR/89.0.4447.51"
149.126.222.218 - - [01/Apr/2025:01:34:17 -0400] "GET /s/ref=nb_sb_noss?url=search-alias%3Dmobile-apps&field-keywords= HTTP/1.1" 404 1251 "https://www.realjuggahos.com" "Mozilla/5.0 (Windows NT 10.0; WOW64; x64) AppleWebKit/537.36 (KHTML, like Gecko) Chrome/114.0.0.0 Safari/537.36 OPR/89.0.4447.51"
136.243.154.51 - - [01/Apr/2025:01:34:18 -0400] "GET /forums/users/chastityhorning/ HTTP/1.1" 404 1251 "-" "Mozilla/5.0 (Windows NT 10.0; WOW64; x64) AppleWebKit/537.36 (KHTML, like Gecko) Chrome/114.0.0.0 Safari/537.36 OPR/89.0.4447.51"
43.132.134.51 - - [01/Apr/2025:01:34:44 -0400] "GET /league-of-legends-lecture-by-nicothepico/ HTTP/1.1" 404 1251 "-" "Python/3.10 aiohttp/3.10.5"
167.172.130.206 - - [01/Apr/2025:01:36:26 -0400] "POST /wp-login.php HTTP/1.1" 503 6992 "-" "Mozilla/5.0"
136.243.154.51 - - [01/Apr/2025:01:38:55 -0400] "GET /forums/users/chastityhorning/ HTTP/1.1" 404 1251 "-" "Mozilla/5.0 (Windows NT 10.0; WOW64) AppleWebKit/537.36 (KHTML, like Gecko) Chrome/114.0.0.0 Safari/537.36 Vivaldi/5.3.2679.68"
167.71.219.42 - - [01/Apr/2025:01:42:17 -0400] "POST /wp-login.php HTTP/1.1" 503 6994 "https://realjuggahos.com/wp-admin/" "Mozilla/5.0 (Windows NT 10.0; Win64; x64) AppleWebKit/537.36 (KHTML, like Gecko) Chrome/90.0.4430.85 Safari/537.36"
167.71.219.42 - - [01/Apr/2025:01:42:24 -0400] "GET /wp-admin/ HTTP/1.1" 503 6992 "https://www.google.com" "Mozilla/5.0 (Windows NT 10.0; Win64; x64) AppleWebKit/537.36 (KHTML, like Gecko) Chrome/90.0.4430.85 Safari/537.36"
150.109.57.32 - - [01/Apr/2025:01:52:17 -0400] "GET /how-to-clean-water-tanks/ HTTP/1.1" 404 1251 "-" "Python/3.10 aiohttp/3.10.5"
198.54.114.83 - - [01/Apr/2025:01:52:24 -0400] "POST /wp-cron.php?doing_wp_cron=1743486743.9177439212799072265625 HTTP/1.1" 200 0 "-" "WordPress/6.7.2; https://realjuggahos.com"
167.172.130.206 - - [01/Apr/2025:01:52:19 -0400] "POST /wp-login.php HTTP/1.1" 503 6992 "-" "Mozilla/5.0"
198.54.114.83 - - [01/Apr/2025:01:52:26 -0400] "POST /wp-admin/admin-ajax.php?action=async_litespeed&nonce=y1Ikcyrl4BMLenRB1hv2yxKvs9ZPzJ67&litespeed_type=imgoptm HTTP/1.1" 200 0 "-" "WordPress/6.7.2; https://realjuggahos.com"
23.23.213.182 - - [01/Apr/2025:01:59:58 -0400] "GET /why-driveway-pressure-cleaning-gold-coast-is-important/ HTTP/1.1" 404 1251 "-" "Mozilla/5.0 AppleWebKit/537.36 (KHTML, like Gecko; compatible; Amazonbot/0.1; +https://developer.amazon.com/support/amazonbot) Chrome/119.0.6045.214 Safari/537.36"
2a02:598:96:8a00::1200:122 - - [01/Apr/2025:02:01:41 -0400] "GET /top-7-most-enchanting-bays-in-vietnam/ HTTP/1.1" 404 1251 "-" "Mozilla/5.0 (compatible; SeznamBot/4.0; +https://o-seznam.cz/napoveda/vyhledavani/en/seznambot-crawler/)"
66.249.66.166 - - [01/Apr/2025:02:04:36 -0400] "GET /types-of-conservatory-roof-replacement/ HTTP/1.1" 404 1251 "-" "Mozilla/5.0 (Linux; Android 6.0.1; Nexus 5X Build/MMB29P) AppleWebKit/537.36 (KHTML, like Gecko) Chrome/134.0.6998.165 Mobile Safari/537.36 (compatible; Googlebot/2.1; +http://www.google.com/bot.html)"
2a02:598:64:8a00::3100:0 - - [01/Apr/2025:02:12:22 -0400] "GET /the-essence-of-pesach-programs/ HTTP/1.1" 404 1251 "-" "Mozilla/5.0 (compatible; SeznamBot/4.0; +https://o-seznam.cz/napoveda/vyhledavani/en/seznambot-crawler/)"
91.142.73.116 - - [01/Apr/2025:02:19:15 -0400] "GET /top-5-uk-cbd-gummies/ HTTP/1.1" 404 1251 "https://realjuggahos.com/top-5-uk-cbd-gummies/#comment-12346/" "Mozilla/5.0 (Windows NT 10.0; Win64; x64) AppleWebKit/537.36 (KHTML, like Gecko) Chrome/129.0.0.0 Safari/537.36"
91.142.73.116 - - [01/Apr/2025:02:19:16 -0400] "GET / HTTP/1.1" 200 156172 "https://realjuggahos.com/" "Mozilla/5.0 (Windows NT 10.0; Win64; x64) AppleWebKit/537.36 (KHTML, like Gecko) Chrome/129.0.0.0 Safari/537.36"
167.172.130.206 - - [01/Apr/2025:02:20:12 -0400] "POST /wp-login.php HTTP/1.1" 503 6992 "-" "Mozilla/5.0"
167.172.20.109 - - [01/Apr/2025:02:22:24 -0400] "GET / HTTP/1.1" 200 156172 "http://realjuggahos.com" "Mozilla/5.0 (Windows NT 10.0; WOW64) AppleWebKit/537.36 (KHTML, like Gecko) Chrome/114.0.0.0 YaBrowser/22.7.0 Yowser/2.5 Safari/537.36"
119.235.224.76 - - [01/Apr/2025:02:46:38 -0400] "GET /wp-content/uploads/2020/06/ronjermycharged-610x380.jpg HTTP/1.1" 404 1251 "-" "Mozilla/5.0 (X11; Ubuntu; Linux x86_64; rv:72.0) Gecko/20100101 Firefox/72.0"
58.221.37.82 - - [01/Apr/2025:02:47:18 -0400] "GET / HTTP/1.1" 200 156172 "https://www.google.com/" "Mozilla/5.0 (Windows NT 10.0; Win64; x64) AppleWebKit/537.36 (KHTML, like Gecko) Chrome/132.0.0.0 Safari/537.36"
