164.92.156.36 - - [05/Apr/2025:18:04:30 -0400] "GET /wp-admin/css/colors/light/index.php HTTP/1.1" 404 1251 "-" "Mozilla/5.0 (Windows NT 10.0; Win64; x64) AppleWebKit/537.36 (KHTML, like Gecko) Chrome/58.0.3029.110 Safari/537.36"
198.54.114.83 - - [05/Apr/2025:18:04:35 -0400] "POST /wp-cron.php?doing_wp_cron=1743890675.3158109188079833984375 HTTP/1.1" 200 0 "-" "WordPress/6.7.2; https://realjuggahos.com"
164.92.156.36 - - [05/Apr/2025:18:04:35 -0400] "GET /wp-admin/user/about.php HTTP/1.1" 302 0 "-" "Mozilla/5.0 (Windows NT 10.0; Win64; x64) AppleWebKit/537.36 (KHTML, like Gecko) Chrome/58.0.3029.110 Safari/537.36"
198.54.114.83 - - [05/Apr/2025:18:04:35 -0400] "POST /wp-admin/admin-ajax.php?action=async_litespeed&nonce=Kd5E94q8qwl5JVSMSWWtOW3XrTOLmsWC&litespeed_type=imgoptm HTTP/1.1" 200 5 "-" "WordPress/6.7.2; https://realjuggahos.com"
164.92.156.36 - - [05/Apr/2025:18:04:36 -0400] "GET /wp-login.php?redirect_to=https://www.realjuggahos.com/wp-admin/user/about.php&reauth=1 HTTP/1.1" 200 1750 "-" "Mozilla/5.0 (Windows NT 10.0; Win64; x64) AppleWebKit/537.36 (KHTML, like Gecko) Chrome/58.0.3029.110 Safari/537.36"
164.92.156.36 - - [05/Apr/2025:18:04:38 -0400] "GET /repeater.php HTTP/1.1" 404 1251 "-" "Mozilla/5.0 (Windows NT 10.0; Win64; x64) AppleWebKit/537.36 (KHTML, like Gecko) Chrome/58.0.3029.110 Safari/537.36"
164.92.156.36 - - [05/Apr/2025:18:04:41 -0400] "GET /wp-admin/css/colors/coffee/index.php HTTP/1.1" 404 1251 "-" "Mozilla/5.0 (Windows NT 10.0; Win64; x64) AppleWebKit/537.36 (KHTML, like Gecko) Chrome/58.0.3029.110 Safari/537.36"
164.92.156.36 - - [05/Apr/2025:18:04:43 -0400] "GET /wp-content/plugins/wp-email-log/include/Core/uc.php HTTP/1.1" 404 1251 "-" "Mozilla/5.0 (Windows NT 10.0; Win64; x64) AppleWebKit/537.36 (KHTML, like Gecko) Chrome/58.0.3029.110 Safari/537.36"
164.92.156.36 - - [05/Apr/2025:18:04:48 -0400] "GET /admin/function.php HTTP/1.1" 404 1251 "-" "Mozilla/5.0 (Windows NT 10.0; Win64; x64) AppleWebKit/537.36 (KHTML, like Gecko) Chrome/58.0.3029.110 Safari/537.36"
164.92.156.36 - - [05/Apr/2025:18:04:53 -0400] "GET /autoload_classmap.php HTTP/1.1" 404 1251 "-" "Mozilla/5.0 (Windows NT 10.0; Win64; x64) AppleWebKit/537.36 (KHTML, like Gecko) Chrome/58.0.3029.110 Safari/537.36"
164.92.156.36 - - [05/Apr/2025:18:04:57 -0400] "GET /radio.php HTTP/1.1" 404 1251 "-" "Mozilla/5.0 (Windows NT 10.0; Win64; x64) AppleWebKit/537.36 (KHTML, like Gecko) Chrome/58.0.3029.110 Safari/537.36"
164.92.156.36 - - [05/Apr/2025:18:05:01 -0400] "GET /wp-content/content.php HTTP/1.1" 404 1251 "-" "Mozilla/5.0 (Windows NT 10.0; Win64; x64) AppleWebKit/537.36 (KHTML, like Gecko) Chrome/58.0.3029.110 Safari/537.36"
164.92.156.36 - - [05/Apr/2025:18:05:06 -0400] "GET /wp-admin.php HTTP/1.1" 404 1251 "-" "Mozilla/5.0 (Windows NT 10.0; Win64; x64) AppleWebKit/537.36 (KHTML, like Gecko) Chrome/58.0.3029.110 Safari/537.36"
164.92.156.36 - - [05/Apr/2025:18:05:10 -0400] "GET /wp-admin/x.php?action=768776e296b6f286f26796e2a72607e2972647 HTTP/1.1" 404 1251 "-" "Mozilla/5.0 (Windows NT 10.0; Win64; x64) AppleWebKit/537.36 (KHTML, like Gecko) Chrome/58.0.3029.110 Safari/537.36"
164.92.156.36 - - [05/Apr/2025:18:05:14 -0400] "GET /wp-includes/sodium_compat/src/Core32/Curve25519/Ge/wp_cron.php HTTP/1.1" 404 1251 "-" "Mozilla/5.0 (Windows NT 10.0; Win64; x64) AppleWebKit/537.36 (KHTML, like Gecko) Chrome/58.0.3029.110 Safari/537.36"
164.92.156.36 - - [05/Apr/2025:18:05:18 -0400] "GET /rx.php HTTP/1.1" 404 1251 "-" "Mozilla/5.0 (Windows NT 10.0; Win64; x64) AppleWebKit/537.36 (KHTML, like Gecko) Chrome/58.0.3029.110 Safari/537.36"
164.92.156.36 - - [05/Apr/2025:18:05:22 -0400] "GET /wp-admin/js/widgets/xmrlpc.php HTTP/1.1" 404 1251 "-" "Mozilla/5.0 (Windows NT 10.0; Win64; x64) AppleWebKit/537.36 (KHTML, like Gecko) Chrome/58.0.3029.110 Safari/537.36"
164.92.156.36 - - [05/Apr/2025:18:05:24 -0400] "GET /wp-includes/Requests/plugins.php HTTP/1.1" 404 1251 "-" "Mozilla/5.0 (Windows NT 10.0; Win64; x64) AppleWebKit/537.36 (KHTML, like Gecko) Chrome/58.0.3029.110 Safari/537.36"
164.92.156.36 - - [05/Apr/2025:18:05:27 -0400] "GET /wp-includes/widgets/about.php HTTP/1.1" 404 1251 "-" "Mozilla/5.0 (Windows NT 10.0; Win64; x64) AppleWebKit/537.36 (KHTML, like Gecko) Chrome/58.0.3029.110 Safari/537.36"
164.92.156.36 - - [05/Apr/2025:18:05:31 -0400] "GET /css/bak.php HTTP/1.1" 404 1251 "-" "Mozilla/5.0 (Windows NT 10.0; Win64; x64) AppleWebKit/537.36 (KHTML, like Gecko) Chrome/58.0.3029.110 Safari/537.36"
164.92.156.36 - - [05/Apr/2025:18:05:34 -0400] "GET /wp-content/defaults.php HTTP/1.1" 404 1251 "-" "Mozilla/5.0 (Windows NT 10.0; Win64; x64) AppleWebKit/537.36 (KHTML, like Gecko) Chrome/58.0.3029.110 Safari/537.36"
164.92.156.36 - - [05/Apr/2025:18:05:37 -0400] "GET /wp-content/plugins/shell/noimg.php HTTP/1.1" 404 1251 "-" "Mozilla/5.0 (Windows NT 10.0; Win64; x64) AppleWebKit/537.36 (KHTML, like Gecko) Chrome/58.0.3029.110 Safari/537.36"
164.92.156.36 - - [05/Apr/2025:18:05:42 -0400] "GET /wp-includes/random_compat/about.php HTTP/1.1" 404 1251 "-" "Mozilla/5.0 (Windows NT 10.0; Win64; x64) AppleWebKit/537.36 (KHTML, like Gecko) Chrome/58.0.3029.110 Safari/537.36"
164.92.156.36 - - [05/Apr/2025:18:05:44 -0400] "GET /mah.php HTTP/1.1" 404 1251 "-" "Mozilla/5.0 (Windows NT 10.0; Win64; x64) AppleWebKit/537.36 (KHTML, like Gecko) Chrome/58.0.3029.110 Safari/537.36"
164.92.156.36 - - [05/Apr/2025:18:05:49 -0400] "GET /wp-content/cong.php HTTP/1.1" 404 1251 "-" "Mozilla/5.0 (Windows NT 10.0; Win64; x64) AppleWebKit/537.36 (KHTML, like Gecko) Chrome/58.0.3029.110 Safari/537.36"
198.54.114.83 - - [05/Apr/2025:18:05:55 -0400] "POST /wp-cron.php?doing_wp_cron=1743890755.7341148853302001953125 HTTP/1.1" 200 0 "-" "WordPress/6.7.2; https://realjuggahos.com"
164.92.156.36 - - [05/Apr/2025:18:05:51 -0400] "GET /wp-admin/network/index.php HTTP/1.1" 302 0 "-" "Mozilla/5.0 (Windows NT 10.0; Win64; x64) AppleWebKit/537.36 (KHTML, like Gecko) Chrome/58.0.3029.110 Safari/537.36"
198.54.114.83 - - [05/Apr/2025:18:05:56 -0400] "POST /wp-admin/admin-ajax.php?action=async_litespeed&nonce=bVyb6HUe57VooiHquxxosYfXQ2146mxJ&litespeed_type=imgoptm HTTP/1.1" 200 5 "-" "WordPress/6.7.2; https://realjuggahos.com"
164.92.156.36 - - [05/Apr/2025:18:05:56 -0400] "GET /wp-login.php?redirect_to=https://www.realjuggahos.com/wp-admin/network/index.php&reauth=1 HTTP/1.1" 200 1743 "-" "Mozilla/5.0 (Windows NT 10.0; Win64; x64) AppleWebKit/537.36 (KHTML, like Gecko) Chrome/58.0.3029.110 Safari/537.36"
164.92.156.36 - - [05/Apr/2025:18:06:02 -0400] "GET /wp-includes/radio.php HTTP/1.1" 404 1251 "-" "Mozilla/5.0 (Windows NT 10.0; Win64; x64) AppleWebKit/537.36 (KHTML, like Gecko) Chrome/58.0.3029.110 Safari/537.36"
164.92.156.36 - - [05/Apr/2025:18:06:06 -0400] "GET /wp-includes/certificates/wp-login.php HTTP/1.1" 404 1251 "-" "Mozilla/5.0 (Windows NT 10.0; Win64; x64) AppleWebKit/537.36 (KHTML, like Gecko) Chrome/58.0.3029.110 Safari/537.36"
164.92.156.36 - - [05/Apr/2025:18:06:08 -0400] "GET //index/function.php HTTP/1.1" 404 1251 "-" "Mozilla/5.0 (Windows NT 10.0; Win64; x64) AppleWebKit/537.36 (KHTML, like Gecko) Chrome/58.0.3029.110 Safari/537.36"
164.92.156.36 - - [05/Apr/2025:18:06:11 -0400] "GET /wp-load/SimplePie/IXR/met/met/wp.php HTTP/1.1" 404 1251 "-" "Mozilla/5.0 (Windows NT 10.0; Win64; x64) AppleWebKit/537.36 (KHTML, like Gecko) Chrome/58.0.3029.110 Safari/537.36"
164.92.156.36 - - [05/Apr/2025:18:06:16 -0400] "GET /admin/index.php HTTP/1.1" 404 1251 "-" "Mozilla/5.0 (Windows NT 10.0; Win64; x64) AppleWebKit/537.36 (KHTML, like Gecko) Chrome/58.0.3029.110 Safari/537.36"
164.92.156.36 - - [05/Apr/2025:18:06:21 -0400] "GET /wp-admin/css/colors/blue/admin.php HTTP/1.1" 404 1251 "-" "Mozilla/5.0 (Windows NT 10.0; Win64; x64) AppleWebKit/537.36 (KHTML, like Gecko) Chrome/58.0.3029.110 Safari/537.36"
164.92.156.36 - - [05/Apr/2025:18:06:24 -0400] "GET //as/function.php HTTP/1.1" 404 1251 "-" "Mozilla/5.0 (Windows NT 10.0; Win64; x64) AppleWebKit/537.36 (KHTML, like Gecko) Chrome/58.0.3029.110 Safari/537.36"
164.92.156.36 - - [05/Apr/2025:18:06:29 -0400] "GET /wp-includes/wp-login.php HTTP/1.1" 404 1251 "-" "Mozilla/5.0 (Windows NT 10.0; Win64; x64) AppleWebKit/537.36 (KHTML, like Gecko) Chrome/58.0.3029.110 Safari/537.36"
164.92.156.36 - - [05/Apr/2025:18:06:31 -0400] "GET /wp-includes/Requests/index.php HTTP/1.1" 404 1251 "-" "Mozilla/5.0 (Windows NT 10.0; Win64; x64) AppleWebKit/537.36 (KHTML, like Gecko) Chrome/58.0.3029.110 Safari/537.36"
164.92.156.36 - - [05/Apr/2025:18:06:33 -0400] "GET /wp-includes/certificates/plugins.php HTTP/1.1" 404 1251 "-" "Mozilla/5.0 (Windows NT 10.0; Win64; x64) AppleWebKit/537.36 (KHTML, like Gecko) Chrome/58.0.3029.110 Safari/537.36"
2a02:598:64:8a00::3100:0 - - [05/Apr/2025:18:06:35 -0400] "GET /how-to-choose-the-best-voice-over-services/ HTTP/1.1" 404 1251 "-" "Mozilla/5.0 (compatible; SeznamBot/4.0; +https://o-seznam.cz/napoveda/vyhledavani/en/seznambot-crawler/)"
164.92.156.36 - - [05/Apr/2025:18:06:36 -0400] "GET /wp-includes/Text/index.php HTTP/1.1" 404 1251 "-" "Mozilla/5.0 (Windows NT 10.0; Win64; x64) AppleWebKit/537.36 (KHTML, like Gecko) Chrome/58.0.3029.110 Safari/537.36"
164.92.156.36 - - [05/Apr/2025:18:06:42 -0400] "GET /wp-admin/css/colors/ectoplasm/jsdindex.php HTTP/1.1" 404 1251 "-" "Mozilla/5.0 (Windows NT 10.0; Win64; x64) AppleWebKit/537.36 (KHTML, like Gecko) Chrome/58.0.3029.110 Safari/537.36"
164.92.156.36 - - [05/Apr/2025:18:06:47 -0400] "GET /wp-content/themes/twentytwentytwo/parts/about.php7 HTTP/1.1" 404 1251 "-" "Mozilla/5.0 (Windows NT 10.0; Win64; x64) AppleWebKit/537.36 (KHTML, like Gecko) Chrome/58.0.3029.110 Safari/537.36"
27.42.98.173 - - [05/Apr/2025:18:06:47 -0400] "GET /non-conducting-thermal-paste/ HTTP/1.1" 404 1251 "https://realjuggahos.com" "Mozilla/5.0 (Windows NT 10.0; Win64; x64) AppleWebKit/537.36 (KHTML, like Gecko) Chrome/62.0.3202.94 Safari/537.36"
27.42.98.173 - - [05/Apr/2025:18:06:48 -0400] "GET /non-conducting-thermal-paste/ HTTP/1.1" 404 1251 "https://realjuggahos.com" "Mozilla/5.0 (Windows NT 10.0; Win64; x64) AppleWebKit/537.36 (KHTML, like Gecko) Chrome/62.0.3202.94 Safari/537.36"
164.92.156.36 - - [05/Apr/2025:18:06:49 -0400] "GET /.well-known/admin.php HTTP/1.1" 404 1251 "-" "Mozilla/5.0 (Windows NT 10.0; Win64; x64) AppleWebKit/537.36 (KHTML, like Gecko) Chrome/58.0.3029.110 Safari/537.36"
27.42.98.173 - - [05/Apr/2025:18:06:49 -0400] "GET /non-conducting-thermal-paste/ HTTP/1.1" 404 1251 "https://realjuggahos.com" "Mozilla/5.0 (Windows NT 10.0; Win64; x64) AppleWebKit/537.36 (KHTML, like Gecko) Chrome/62.0.3202.94 Safari/537.36"
27.42.98.173 - - [05/Apr/2025:18:06:50 -0400] "GET /non-conducting-thermal-paste/ HTTP/1.1" 404 1251 "https://realjuggahos.com" "Mozilla/5.0 (Windows NT 10.0; Win64; x64) AppleWebKit/537.36 (KHTML, like Gecko) Chrome/62.0.3202.94 Safari/537.36"
164.92.156.36 - - [05/Apr/2025:18:06:52 -0400] "GET /wp-content/plugins/revslider/includes/external/page/index.php HTTP/1.1" 404 1251 "-" "Mozilla/5.0 (Windows NT 10.0; Win64; x64) AppleWebKit/537.36 (KHTML, like Gecko) Chrome/58.0.3029.110 Safari/537.36"
164.92.156.36 - - [05/Apr/2025:18:06:54 -0400] "GET //plugins/function.php HTTP/1.1" 404 1251 "-" "Mozilla/5.0 (Windows NT 10.0; Win64; x64) AppleWebKit/537.36 (KHTML, like Gecko) Chrome/58.0.3029.110 Safari/537.36"
164.92.156.36 - - [05/Apr/2025:18:06:58 -0400] "GET /simple.php HTTP/1.1" 404 1251 "-" "Mozilla/5.0 (Windows NT 10.0; Win64; x64) AppleWebKit/537.36 (KHTML, like Gecko) Chrome/58.0.3029.110 Safari/537.36"
164.92.156.36 - - [05/Apr/2025:18:07:03 -0400] "GET /wp-content//autoload_classmap.php HTTP/1.1" 404 1251 "-" "Mozilla/5.0 (Windows NT 10.0; Win64; x64) AppleWebKit/537.36 (KHTML, like Gecko) Chrome/58.0.3029.110 Safari/537.36"
164.92.156.36 - - [05/Apr/2025:18:07:06 -0400] "GET /wp-content/themes/about.php7 HTTP/1.1" 404 1251 "-" "Mozilla/5.0 (Windows NT 10.0; Win64; x64) AppleWebKit/537.36 (KHTML, like Gecko) Chrome/58.0.3029.110 Safari/537.36"
164.92.156.36 - - [05/Apr/2025:18:07:09 -0400] "GET /wp-admin/img/php-compat/blocks/themes/index.php HTTP/1.1" 404 1251 "-" "Mozilla/5.0 (Windows NT 10.0; Win64; x64) AppleWebKit/537.36 (KHTML, like Gecko) Chrome/58.0.3029.110 Safari/537.36"
164.92.156.36 - - [05/Apr/2025:18:07:12 -0400] "GET /wp-includes/Text/Diff/about.php HTTP/1.1" 404 1251 "-" "Mozilla/5.0 (Windows NT 10.0; Win64; x64) AppleWebKit/537.36 (KHTML, like Gecko) Chrome/58.0.3029.110 Safari/537.36"
164.92.156.36 - - [05/Apr/2025:18:07:17 -0400] "GET /wp-includes/sodium_compat/plugins.php HTTP/1.1" 404 1251 "-" "Mozilla/5.0 (Windows NT 10.0; Win64; x64) AppleWebKit/537.36 (KHTML, like Gecko) Chrome/58.0.3029.110 Safari/537.36"
164.92.156.36 - - [05/Apr/2025:18:07:22 -0400] "GET /wp-content/ty.php HTTP/1.1" 404 1251 "-" "Mozilla/5.0 (Windows NT 10.0; Win64; x64) AppleWebKit/537.36 (KHTML, like Gecko) Chrome/58.0.3029.110 Safari/537.36"
164.92.156.36 - - [05/Apr/2025:18:07:24 -0400] "GET /.well-known/acme-challenge/atomlib.php HTTP/1.1" 404 1251 "-" "Mozilla/5.0 (Windows NT 10.0; Win64; x64) AppleWebKit/537.36 (KHTML, like Gecko) Chrome/58.0.3029.110 Safari/537.36"
164.92.156.36 - - [05/Apr/2025:18:07:27 -0400] "GET /wp-admin/css/colors/coffee/lofter.php HTTP/1.1" 404 1251 "-" "Mozilla/5.0 (Windows NT 10.0; Win64; x64) AppleWebKit/537.36 (KHTML, like Gecko) Chrome/58.0.3029.110 Safari/537.36"
164.92.156.36 - - [05/Apr/2025:18:07:33 -0400] "GET /wp-admin/images/xmrlpc.php HTTP/1.1" 404 1251 "-" "Mozilla/5.0 (Windows NT 10.0; Win64; x64) AppleWebKit/537.36 (KHTML, like Gecko) Chrome/58.0.3029.110 Safari/537.36"
185.245.105.171 - - [05/Apr/2025:18:07:33 -0400] "GET /top-5-uk-cbd-gummies/ HTTP/1.1" 404 1251 "https://realjuggahos.com/top-5-uk-cbd-gummies/" "Mozilla/5.0 (Windows NT 10.0; Win64; x64) AppleWebKit/537.36 (KHTML, like Gecko) Chrome/129.0.0.0 Safari/537.36"
185.245.105.171 - - [05/Apr/2025:18:07:34 -0400] "GET / HTTP/1.1" 200 156172 "https://realjuggahos.com/" "Mozilla/5.0 (Windows NT 10.0; Win64; x64) AppleWebKit/537.36 (KHTML, like Gecko) Chrome/129.0.0.0 Safari/537.36"
164.92.156.36 - - [05/Apr/2025:18:07:37 -0400] "GET /wp-includes/pomo/wp-login.php HTTP/1.1" 404 1251 "-" "Mozilla/5.0 (Windows NT 10.0; Win64; x64) AppleWebKit/537.36 (KHTML, like Gecko) Chrome/58.0.3029.110 Safari/537.36"
164.92.156.36 - - [05/Apr/2025:18:07:40 -0400] "GET /wp-content/plugins/hellopress/wp_filemanager.php HTTP/1.1" 404 1251 "-" "Mozilla/5.0 (Windows NT 10.0; Win64; x64) AppleWebKit/537.36 (KHTML, like Gecko) Chrome/58.0.3029.110 Safari/537.36"
164.92.156.36 - - [05/Apr/2025:18:07:44 -0400] "GET /wp-includes/PHPMailer/themes.php HTTP/1.1" 404 1251 "-" "Mozilla/5.0 (Windows NT 10.0; Win64; x64) AppleWebKit/537.36 (KHTML, like Gecko) Chrome/58.0.3029.110 Safari/537.36"
164.92.156.36 - - [05/Apr/2025:18:07:49 -0400] "GET /gifshell.php HTTP/1.1" 404 1251 "-" "Mozilla/5.0 (Windows NT 10.0; Win64; x64) AppleWebKit/537.36 (KHTML, like Gecko) Chrome/58.0.3029.110 Safari/537.36"
164.92.156.36 - - [05/Apr/2025:18:07:54 -0400] "GET /jga.php HTTP/1.1" 404 1251 "-" "Mozilla/5.0 (Windows NT 10.0; Win64; x64) AppleWebKit/537.36 (KHTML, like Gecko) Chrome/58.0.3029.110 Safari/537.36"
164.92.156.36 - - [05/Apr/2025:18:07:59 -0400] "GET /.well-known/acme-challenge/xmrlpc.php HTTP/1.1" 404 1251 "-" "Mozilla/5.0 (Windows NT 10.0; Win64; x64) AppleWebKit/537.36 (KHTML, like Gecko) Chrome/58.0.3029.110 Safari/537.36"
164.92.156.36 - - [05/Apr/2025:18:08:03 -0400] "GET /wp-includes/blocks/calendar/updates.php HTTP/1.1" 404 1251 "-" "Mozilla/5.0 (Windows NT 10.0; Win64; x64) AppleWebKit/537.36 (KHTML, like Gecko) Chrome/58.0.3029.110 Safari/537.36"
164.92.156.36 - - [05/Apr/2025:18:08:08 -0400] "GET /wp-admin.php HTTP/1.1" 404 1251 "-" "Mozilla/5.0 (Windows NT 10.0; Win64; x64) AppleWebKit/537.36 (KHTML, like Gecko) Chrome/58.0.3029.110 Safari/537.36"
164.92.156.36 - - [05/Apr/2025:18:08:11 -0400] "GET /wp.php HTTP/1.1" 404 1251 "-" "Mozilla/5.0 (Windows NT 10.0; Win64; x64) AppleWebKit/537.36 (KHTML, like Gecko) Chrome/58.0.3029.110 Safari/537.36"
164.92.156.36 - - [05/Apr/2025:18:08:16 -0400] "GET /wp-includes/SimplePie/about.php HTTP/1.1" 404 1251 "-" "Mozilla/5.0 (Windows NT 10.0; Win64; x64) AppleWebKit/537.36 (KHTML, like Gecko) Chrome/58.0.3029.110 Safari/537.36"
164.92.156.36 - - [05/Apr/2025:18:08:20 -0400] "GET /.cgi/cache/index.php HTTP/1.1" 404 1251 "-" "Mozilla/5.0 (Windows NT 10.0; Win64; x64) AppleWebKit/537.36 (KHTML, like Gecko) Chrome/58.0.3029.110 Safari/537.36"
164.92.156.36 - - [05/Apr/2025:18:08:24 -0400] "GET /wp-admin/includes/wp-login.php HTTP/1.1" 404 1251 "-" "Mozilla/5.0 (Windows NT 10.0; Win64; x64) AppleWebKit/537.36 (KHTML, like Gecko) Chrome/58.0.3029.110 Safari/537.36"
164.92.156.36 - - [05/Apr/2025:18:08:29 -0400] "GET /wp-login.php HTTP/1.1" 200 1740 "-" "Mozilla/5.0 (Windows NT 10.0; Win64; x64) AppleWebKit/537.36 (KHTML, like Gecko) Chrome/58.0.3029.110 Safari/537.36"
164.92.156.36 - - [05/Apr/2025:18:08:31 -0400] "GET /wp-includes/SimplePie/wp-login.php HTTP/1.1" 404 1251 "-" "Mozilla/5.0 (Windows NT 10.0; Win64; x64) AppleWebKit/537.36 (KHTML, like Gecko) Chrome/58.0.3029.110 Safari/537.36"
85.208.98.22 - - [05/Apr/2025:18:08:33 -0400] "GET /should-you-buy-an-extended-warranty-car/ HTTP/1.1" 404 1251 "-" "Mozilla/5.0 (compatible; SemrushBot-BA; +http://www.semrush.com/bot.html)"
164.92.156.36 - - [05/Apr/2025:18:08:36 -0400] "GET /wp-includes/Requests/Text/footer.php HTTP/1.1" 404 1251 "-" "Mozilla/5.0 (Windows NT 10.0; Win64; x64) AppleWebKit/537.36 (KHTML, like Gecko) Chrome/58.0.3029.110 Safari/537.36"
164.92.156.36 - - [05/Apr/2025:18:08:38 -0400] "GET /wp-content/radio.php HTTP/1.1" 404 1251 "-" "Mozilla/5.0 (Windows NT 10.0; Win64; x64) AppleWebKit/537.36 (KHTML, like Gecko) Chrome/58.0.3029.110 Safari/537.36"
164.92.156.36 - - [05/Apr/2025:18:08:42 -0400] "GET /wp-content/plugins/elementor-pro/modules/gallery/assets/index.php HTTP/1.1" 404 1251 "-" "Mozilla/5.0 (Windows NT 10.0; Win64; x64) AppleWebKit/537.36 (KHTML, like Gecko) Chrome/58.0.3029.110 Safari/537.36"
164.92.156.36 - - [05/Apr/2025:18:08:48 -0400] "GET /wp-admin/css/colors/sunrise/admin.php HTTP/1.1" 404 1251 "-" "Mozilla/5.0 (Windows NT 10.0; Win64; x64) AppleWebKit/537.36 (KHTML, like Gecko) Chrome/58.0.3029.110 Safari/537.36"
164.92.156.36 - - [05/Apr/2025:18:08:52 -0400] "GET /wp-includes/certificates/index.php HTTP/1.1" 404 1251 "-" "Mozilla/5.0 (Windows NT 10.0; Win64; x64) AppleWebKit/537.36 (KHTML, like Gecko) Chrome/58.0.3029.110 Safari/537.36"
85.208.96.210 - - [05/Apr/2025:18:08:53 -0400] "GET /buy-youtube-views-online-non-drop/ HTTP/1.1" 404 1251 "-" "Mozilla/5.0 (compatible; SemrushBot/7~bl; +http://www.semrush.com/bot.html)"
164.92.156.36 - - [05/Apr/2025:18:08:57 -0400] "GET /wp-includes/defaults.php HTTP/1.1" 404 1251 "-" "Mozilla/5.0 (Windows NT 10.0; Win64; x64) AppleWebKit/537.36 (KHTML, like Gecko) Chrome/58.0.3029.110 Safari/537.36"
164.92.156.36 - - [05/Apr/2025:18:09:00 -0400] "GET /theme-inshpvx.php HTTP/1.1" 404 1251 "-" "Mozilla/5.0 (Windows NT 10.0; Win64; x64) AppleWebKit/537.36 (KHTML, like Gecko) Chrome/58.0.3029.110 Safari/537.36"
164.92.156.36 - - [05/Apr/2025:18:09:03 -0400] "GET /license.php HTTP/1.1" 404 1251 "-" "Mozilla/5.0 (Windows NT 10.0; Win64; x64) AppleWebKit/537.36 (KHTML, like Gecko) Chrome/58.0.3029.110 Safari/537.36"
164.92.156.36 - - [05/Apr/2025:18:09:09 -0400] "GET /wp-includes/Text/themes.php HTTP/1.1" 404 1251 "-" "Mozilla/5.0 (Windows NT 10.0; Win64; x64) AppleWebKit/537.36 (KHTML, like Gecko) Chrome/58.0.3029.110 Safari/537.36"
164.92.156.36 - - [05/Apr/2025:18:09:11 -0400] "GET /cong.php HTTP/1.1" 404 1251 "-" "Mozilla/5.0 (Windows NT 10.0; Win64; x64) AppleWebKit/537.36 (KHTML, like Gecko) Chrome/58.0.3029.110 Safari/537.36"
164.92.156.36 - - [05/Apr/2025:18:09:15 -0400] "GET /ioxi-rex3.php7 HTTP/1.1" 404 1251 "-" "Mozilla/5.0 (Windows NT 10.0; Win64; x64) AppleWebKit/537.36 (KHTML, like Gecko) Chrome/58.0.3029.110 Safari/537.36"
164.92.156.36 - - [05/Apr/2025:18:09:18 -0400] "GET /wp-content/plugins/elementor/assets/lib/font-awesome/migration/index.php HTTP/1.1" 404 1251 "-" "Mozilla/5.0 (Windows NT 10.0; Win64; x64) AppleWebKit/537.36 (KHTML, like Gecko) Chrome/58.0.3029.110 Safari/537.36"
164.92.156.36 - - [05/Apr/2025:18:09:23 -0400] "GET /.well-known/pki-validation/wp-login.php HTTP/1.1" 404 1251 "-" "Mozilla/5.0 (Windows NT 10.0; Win64; x64) AppleWebKit/537.36 (KHTML, like Gecko) Chrome/58.0.3029.110 Safari/537.36"
164.92.156.36 - - [05/Apr/2025:18:09:27 -0400] "GET /wp-includes/js/jcrop/themes.php HTTP/1.1" 404 1251 "-" "Mozilla/5.0 (Windows NT 10.0; Win64; x64) AppleWebKit/537.36 (KHTML, like Gecko) Chrome/58.0.3029.110 Safari/537.36"
164.92.156.36 - - [05/Apr/2025:18:09:29 -0400] "GET /wp-content/plugins/fix/up.php HTTP/1.1" 404 1251 "-" "Mozilla/5.0 (Windows NT 10.0; Win64; x64) AppleWebKit/537.36 (KHTML, like Gecko) Chrome/58.0.3029.110 Safari/537.36"
164.92.156.36 - - [05/Apr/2025:18:09:32 -0400] "GET /text.php HTTP/1.1" 404 1251 "-" "Mozilla/5.0 (Windows NT 10.0; Win64; x64) AppleWebKit/537.36 (KHTML, like Gecko) Chrome/58.0.3029.110 Safari/537.36"
198.54.114.83 - - [05/Apr/2025:18:09:42 -0400] "POST /wp-cron.php?doing_wp_cron=1743890981.8641970157623291015625 HTTP/1.1" 200 0 "-" "WordPress/6.7.2; https://realjuggahos.com"
164.92.156.36 - - [05/Apr/2025:18:09:38 -0400] "GET /wp-admin/index.php HTTP/1.1" 302 0 "-" "Mozilla/5.0 (Windows NT 10.0; Win64; x64) AppleWebKit/537.36 (KHTML, like Gecko) Chrome/58.0.3029.110 Safari/537.36"
198.54.114.83 - - [05/Apr/2025:18:09:42 -0400] "POST /wp-admin/admin-ajax.php?action=async_litespeed&nonce=b7qqTgVeCCSMVn99k404OhqKnSjf9eYQ&litespeed_type=imgoptm HTTP/1.1" 200 5 "-" "WordPress/6.7.2; https://realjuggahos.com"
164.92.156.36 - - [05/Apr/2025:18:09:42 -0400] "GET /wp-login.php?redirect_to=https://www.realjuggahos.com/wp-admin/index.php&reauth=1 HTTP/1.1" 200 1745 "-" "Mozilla/5.0 (Windows NT 10.0; Win64; x64) AppleWebKit/537.36 (KHTML, like Gecko) Chrome/58.0.3029.110 Safari/537.36"
164.92.156.36 - - [05/Apr/2025:18:09:46 -0400] "GET /wp-includes/Requests/Text/admin.php HTTP/1.1" 404 1251 "-" "Mozilla/5.0 (Windows NT 10.0; Win64; x64) AppleWebKit/537.36 (KHTML, like Gecko) Chrome/58.0.3029.110 Safari/537.36"
164.92.156.36 - - [05/Apr/2025:18:09:51 -0400] "GET /wp-content/themes/index.php HTTP/1.1" 200 0 "-" "Mozilla/5.0 (Windows NT 10.0; Win64; x64) AppleWebKit/537.36 (KHTML, like Gecko) Chrome/58.0.3029.110 Safari/537.36"
164.92.156.36 - - [05/Apr/2025:18:09:54 -0400] "GET /wp-includes/style-engine/index.php HTTP/1.1" 404 1251 "-" "Mozilla/5.0 (Windows NT 10.0; Win64; x64) AppleWebKit/537.36 (KHTML, like Gecko) Chrome/58.0.3029.110 Safari/537.36"
164.92.156.36 - - [05/Apr/2025:18:09:57 -0400] "GET /wp-includes/sodium_compat/src/Core32/Curve25519/Ge/index.php HTTP/1.1" 404 1251 "-" "Mozilla/5.0 (Windows NT 10.0; Win64; x64) AppleWebKit/537.36 (KHTML, like Gecko) Chrome/58.0.3029.110 Safari/537.36"
164.92.156.36 - - [05/Apr/2025:18:10:03 -0400] "GET /edit.php HTTP/1.1" 404 1251 "-" "Mozilla/5.0 (Windows NT 10.0; Win64; x64) AppleWebKit/537.36 (KHTML, like Gecko) Chrome/58.0.3029.110 Safari/537.36"
164.92.156.36 - - [05/Apr/2025:18:10:05 -0400] "GET /wp-admin/css/colors/wp-admin.php HTTP/1.1" 404 1251 "-" "Mozilla/5.0 (Windows NT 10.0; Win64; x64) AppleWebKit/537.36 (KHTML, like Gecko) Chrome/58.0.3029.110 Safari/537.36"
164.92.156.36 - - [05/Apr/2025:18:10:07 -0400] "GET /wp-admin/css/colors/light/admin.php HTTP/1.1" 404 1251 "-" "Mozilla/5.0 (Windows NT 10.0; Win64; x64) AppleWebKit/537.36 (KHTML, like Gecko) Chrome/58.0.3029.110 Safari/537.36"
164.92.156.36 - - [05/Apr/2025:18:10:09 -0400] "GET /wp-content/function.php HTTP/1.1" 404 1251 "-" "Mozilla/5.0 (Windows NT 10.0; Win64; x64) AppleWebKit/537.36 (KHTML, like Gecko) Chrome/58.0.3029.110 Safari/537.36"
164.92.156.36 - - [05/Apr/2025:18:10:14 -0400] "GET /wp-admni/js/index.php HTTP/1.1" 404 1251 "-" "Mozilla/5.0 (Windows NT 10.0; Win64; x64) AppleWebKit/537.36 (KHTML, like Gecko) Chrome/58.0.3029.110 Safari/537.36"
164.92.156.36 - - [05/Apr/2025:18:10:17 -0400] "GET /modules/mod_simplefileuploadv1.3/elements/udd.php HTTP/1.1" 404 1251 "-" "Mozilla/5.0 (Windows NT 10.0; Win64; x64) AppleWebKit/537.36 (KHTML, like Gecko) Chrome/58.0.3029.110 Safari/537.36"
164.92.156.36 - - [05/Apr/2025:18:10:22 -0400] "GET /wp-includes/ID3/vp.php HTTP/1.1" 404 1251 "-" "Mozilla/5.0 (Windows NT 10.0; Win64; x64) AppleWebKit/537.36 (KHTML, like Gecko) Chrome/58.0.3029.110 Safari/537.36"
164.92.156.36 - - [05/Apr/2025:18:10:26 -0400] "GET /wp-content/mah.php HTTP/1.1" 404 1251 "-" "Mozilla/5.0 (Windows NT 10.0; Win64; x64) AppleWebKit/537.36 (KHTML, like Gecko) Chrome/58.0.3029.110 Safari/537.36"
164.92.156.36 - - [05/Apr/2025:18:10:31 -0400] "GET /wp-content/x/index.php HTTP/1.1" 404 1251 "-" "Mozilla/5.0 (Windows NT 10.0; Win64; x64) AppleWebKit/537.36 (KHTML, like Gecko) Chrome/58.0.3029.110 Safari/537.36"
164.92.156.36 - - [05/Apr/2025:18:10:36 -0400] "GET /templates/atomic/index.php HTTP/1.1" 404 1251 "-" "Mozilla/5.0 (Windows NT 10.0; Win64; x64) AppleWebKit/537.36 (KHTML, like Gecko) Chrome/58.0.3029.110 Safari/537.36"
164.92.156.36 - - [05/Apr/2025:18:10:38 -0400] "GET /wp-admin/js/about.php HTTP/1.1" 404 1251 "-" "Mozilla/5.0 (Windows NT 10.0; Win64; x64) AppleWebKit/537.36 (KHTML, like Gecko) Chrome/58.0.3029.110 Safari/537.36"
164.92.156.36 - - [05/Apr/2025:18:10:41 -0400] "GET /wp-admin/dropdown.php HTTP/1.1" 404 1251 "-" "Mozilla/5.0 (Windows NT 10.0; Win64; x64) AppleWebKit/537.36 (KHTML, like Gecko) Chrome/58.0.3029.110 Safari/537.36"
164.92.156.36 - - [05/Apr/2025:18:10:43 -0400] "GET /wp-includes/wp-includes/js/tinymce/themes/advanced/skins/default/wp.php HTTP/1.1" 404 1251 "-" "Mozilla/5.0 (Windows NT 10.0; Win64; x64) AppleWebKit/537.36 (KHTML, like Gecko) Chrome/58.0.3029.110 Safari/537.36"
164.92.156.36 - - [05/Apr/2025:18:10:46 -0400] "GET /admin/controller/extension/extension/daDTLv3YPn6.php?action=768776e296b6f286f2a72607e276b62666c6d286 HTTP/1.1" 404 1251 "-" "Mozilla/5.0 (Windows NT 10.0; Win64; x64) AppleWebKit/537.36 (KHTML, like Gecko) Chrome/58.0.3029.110 Safari/537.36"
164.92.156.36 - - [05/Apr/2025:18:10:51 -0400] "GET /atomlib.php HTTP/1.1" 404 1251 "-" "Mozilla/5.0 (Windows NT 10.0; Win64; x64) AppleWebKit/537.36 (KHTML, like Gecko) Chrome/58.0.3029.110 Safari/537.36"
164.92.156.36 - - [05/Apr/2025:18:10:55 -0400] "GET /dropdown.php HTTP/1.1" 404 1251 "-" "Mozilla/5.0 (Windows NT 10.0; Win64; x64) AppleWebKit/537.36 (KHTML, like Gecko) Chrome/58.0.3029.110 Safari/537.36"
164.92.156.36 - - [05/Apr/2025:18:10:58 -0400] "GET /wp-content/upgrade/about.php HTTP/1.1" 404 1251 "-" "Mozilla/5.0 (Windows NT 10.0; Win64; x64) AppleWebKit/537.36 (KHTML, like Gecko) Chrome/58.0.3029.110 Safari/537.36"
164.92.156.36 - - [05/Apr/2025:18:11:03 -0400] "GET /images/wp-login.php HTTP/1.1" 404 1251 "-" "Mozilla/5.0 (Windows NT 10.0; Win64; x64) AppleWebKit/537.36 (KHTML, like Gecko) Chrome/58.0.3029.110 Safari/537.36"
164.92.156.36 - - [05/Apr/2025:18:11:07 -0400] "GET /wp-admin/product.php HTTP/1.1" 404 1251 "-" "Mozilla/5.0 (Windows NT 10.0; Win64; x64) AppleWebKit/537.36 (KHTML, like Gecko) Chrome/58.0.3029.110 Safari/537.36"
164.92.156.36 - - [05/Apr/2025:18:11:09 -0400] "GET /wp-admin/classwithtostring.php HTTP/1.1" 404 1251 "-" "Mozilla/5.0 (Windows NT 10.0; Win64; x64) AppleWebKit/537.36 (KHTML, like Gecko) Chrome/58.0.3029.110 Safari/537.36"
164.92.156.36 - - [05/Apr/2025:18:11:12 -0400] "GET /wp-admin/images/moon.php HTTP/1.1" 404 1251 "-" "Mozilla/5.0 (Windows NT 10.0; Win64; x64) AppleWebKit/537.36 (KHTML, like Gecko) Chrome/58.0.3029.110 Safari/537.36"
164.92.156.36 - - [05/Apr/2025:18:11:18 -0400] "GET /modules/mod_ariimageslidersa/mod_ariimageslidersa.php?action=768776e296b6f286f2a72607e276b62666c6d286 HTTP/1.1" 404 1251 "-" "Mozilla/5.0 (Windows NT 10.0; Win64; x64) AppleWebKit/537.36 (KHTML, like Gecko) Chrome/58.0.3029.110 Safari/537.36"
164.92.156.36 - - [05/Apr/2025:18:11:21 -0400] "GET /admin.php HTTP/1.1" 404 1251 "-" "Mozilla/5.0 (Windows NT 10.0; Win64; x64) AppleWebKit/537.36 (KHTML, like Gecko) Chrome/58.0.3029.110 Safari/537.36"
164.92.156.36 - - [05/Apr/2025:18:11:24 -0400] "GET /wp-admin/js/widgets/admin.php HTTP/1.1" 404 1251 "-" "Mozilla/5.0 (Windows NT 10.0; Win64; x64) AppleWebKit/537.36 (KHTML, like Gecko) Chrome/58.0.3029.110 Safari/537.36"
185.191.171.12 - - [05/Apr/2025:18:11:24 -0400] "GET /parapluie-personnalise-une-touche-delegance-sous-la-pluie/ HTTP/1.1" 404 1251 "-" "Mozilla/5.0 (compatible; SemrushBot/7~bl; +http://www.semrush.com/bot.html)"
164.92.156.36 - - [05/Apr/2025:18:11:29 -0400] "GET /wp-admin/css/colors/midnight/wp-admin.php HTTP/1.1" 404 1251 "-" "Mozilla/5.0 (Windows NT 10.0; Win64; x64) AppleWebKit/537.36 (KHTML, like Gecko) Chrome/58.0.3029.110 Safari/537.36"
164.92.156.36 - - [05/Apr/2025:18:11:32 -0400] "GET /checkbox.php HTTP/1.1" 404 1251 "-" "Mozilla/5.0 (Windows NT 10.0; Win64; x64) AppleWebKit/537.36 (KHTML, like Gecko) Chrome/58.0.3029.110 Safari/537.36"
164.92.156.36 - - [05/Apr/2025:18:11:35 -0400] "GET /wp-admin/css/colors/modern/wp-login.php HTTP/1.1" 404 1251 "-" "Mozilla/5.0 (Windows NT 10.0; Win64; x64) AppleWebKit/537.36 (KHTML, like Gecko) Chrome/58.0.3029.110 Safari/537.36"
164.92.156.36 - - [05/Apr/2025:18:11:40 -0400] "GET /wp-content/gifshell.php HTTP/1.1" 404 1251 "-" "Mozilla/5.0 (Windows NT 10.0; Win64; x64) AppleWebKit/537.36 (KHTML, like Gecko) Chrome/58.0.3029.110 Safari/537.36"
164.92.156.36 - - [05/Apr/2025:18:11:42 -0400] "GET /wp-content/themes/twentytwentyone/assets/sass/05-blocks/tag-clould/load.php HTTP/1.1" 404 1251 "-" "Mozilla/5.0 (Windows NT 10.0; Win64; x64) AppleWebKit/537.36 (KHTML, like Gecko) Chrome/58.0.3029.110 Safari/537.36"
164.92.156.36 - - [05/Apr/2025:18:11:47 -0400] "GET /wp-includes/style-engine/wp-conflg.php HTTP/1.1" 404 1251 "-" "Mozilla/5.0 (Windows NT 10.0; Win64; x64) AppleWebKit/537.36 (KHTML, like Gecko) Chrome/58.0.3029.110 Safari/537.36"
164.92.156.36 - - [05/Apr/2025:18:11:49 -0400] "GET /luuf.php HTTP/1.1" 404 1251 "-" "Mozilla/5.0 (Windows NT 10.0; Win64; x64) AppleWebKit/537.36 (KHTML, like Gecko) Chrome/58.0.3029.110 Safari/537.36"
164.92.156.36 - - [05/Apr/2025:18:11:51 -0400] "GET /gif.php HTTP/1.1" 404 1251 "-" "Mozilla/5.0 (Windows NT 10.0; Win64; x64) AppleWebKit/537.36 (KHTML, like Gecko) Chrome/58.0.3029.110 Safari/537.36"
164.92.156.36 - - [05/Apr/2025:18:11:54 -0400] "GET /modules/mod_simplefileuploadv1.3/elements/filemanager.php HTTP/1.1" 404 1251 "-" "Mozilla/5.0 (Windows NT 10.0; Win64; x64) AppleWebKit/537.36 (KHTML, like Gecko) Chrome/58.0.3029.110 Safari/537.36"
164.92.156.36 - - [05/Apr/2025:18:11:59 -0400] "GET /wp-includes/style-engine/themes.php HTTP/1.1" 404 1251 "-" "Mozilla/5.0 (Windows NT 10.0; Win64; x64) AppleWebKit/537.36 (KHTML, like Gecko) Chrome/58.0.3029.110 Safari/537.36"
164.92.156.36 - - [05/Apr/2025:18:12:04 -0400] "GET /wp-content/BypassBest.php HTTP/1.1" 404 1251 "-" "Mozilla/5.0 (Windows NT 10.0; Win64; x64) AppleWebKit/537.36 (KHTML, like Gecko) Chrome/58.0.3029.110 Safari/537.36"
164.92.156.36 - - [05/Apr/2025:18:12:08 -0400] "GET /plugins/background-image-cropper/ups.php HTTP/1.1" 404 1251 "-" "Mozilla/5.0 (Windows NT 10.0; Win64; x64) AppleWebKit/537.36 (KHTML, like Gecko) Chrome/58.0.3029.110 Safari/537.36"
164.92.156.36 - - [05/Apr/2025:18:12:12 -0400] "GET /wp-content/uploads/ty.php HTTP/1.1" 404 1251 "-" "Mozilla/5.0 (Windows NT 10.0; Win64; x64) AppleWebKit/537.36 (KHTML, like Gecko) Chrome/58.0.3029.110 Safari/537.36"
164.92.156.36 - - [05/Apr/2025:18:12:16 -0400] "GET /.well-known/acme-challenge/install.php HTTP/1.1" 404 1251 "-" "Mozilla/5.0 (Windows NT 10.0; Win64; x64) AppleWebKit/537.36 (KHTML, like Gecko) Chrome/58.0.3029.110 Safari/537.36"
164.92.156.36 - - [05/Apr/2025:18:12:22 -0400] "GET /wp-content/plugins/elementor/includes/elements/index.php HTTP/1.1" 404 1251 "-" "Mozilla/5.0 (Windows NT 10.0; Win64; x64) AppleWebKit/537.36 (KHTML, like Gecko) Chrome/58.0.3029.110 Safari/537.36"
164.92.156.36 - - [05/Apr/2025:18:12:24 -0400] "GET /cgi-bin/wp-login.php HTTP/1.1" 404 1251 "-" "Mozilla/5.0 (Windows NT 10.0; Win64; x64) AppleWebKit/537.36 (KHTML, like Gecko) Chrome/58.0.3029.110 Safari/537.36"
164.92.156.36 - - [05/Apr/2025:18:12:26 -0400] "GET /wp-admin/css/colors/ectoplasm/wp-crons.php HTTP/1.1" 404 1251 "-" "Mozilla/5.0 (Windows NT 10.0; Win64; x64) AppleWebKit/537.36 (KHTML, like Gecko) Chrome/58.0.3029.110 Safari/537.36"
164.92.156.36 - - [05/Apr/2025:18:12:30 -0400] "GET /alfa-rex.php7 HTTP/1.1" 404 1251 "-" "Mozilla/5.0 (Windows NT 10.0; Win64; x64) AppleWebKit/537.36 (KHTML, like Gecko) Chrome/58.0.3029.110 Safari/537.36"
164.92.156.36 - - [05/Apr/2025:18:12:32 -0400] "GET /fm.php HTTP/1.1" 404 1251 "-" "Mozilla/5.0 (Windows NT 10.0; Win64; x64) AppleWebKit/537.36 (KHTML, like Gecko) Chrome/58.0.3029.110 Safari/537.36"
164.92.156.36 - - [05/Apr/2025:18:12:36 -0400] "GET /cgi-bin/xmrlpc.php HTTP/1.1" 404 1251 "-" "Mozilla/5.0 (Windows NT 10.0; Win64; x64) AppleWebKit/537.36 (KHTML, like Gecko) Chrome/58.0.3029.110 Safari/537.36"
164.92.156.36 - - [05/Apr/2025:18:12:41 -0400] "GET /wp-includes/js/tinymce/utils/wp-config-samples.php HTTP/1.1" 404 1251 "-" "Mozilla/5.0 (Windows NT 10.0; Win64; x64) AppleWebKit/537.36 (KHTML, like Gecko) Chrome/58.0.3029.110 Safari/537.36"
164.92.156.36 - - [05/Apr/2025:18:12:43 -0400] "GET /wp-content/about.php HTTP/1.1" 404 1251 "-" "Mozilla/5.0 (Windows NT 10.0; Win64; x64) AppleWebKit/537.36 (KHTML, like Gecko) Chrome/58.0.3029.110 Safari/537.36"
164.92.156.36 - - [05/Apr/2025:18:12:48 -0400] "GET /wp-content/plugins/clara/clara.php HTTP/1.1" 404 1251 "-" "Mozilla/5.0 (Windows NT 10.0; Win64; x64) AppleWebKit/537.36 (KHTML, like Gecko) Chrome/58.0.3029.110 Safari/537.36"
164.92.156.36 - - [05/Apr/2025:18:12:50 -0400] "GET /wp-includes/SimplePie/plugins.php HTTP/1.1" 404 1251 "-" "Mozilla/5.0 (Windows NT 10.0; Win64; x64) AppleWebKit/537.36 (KHTML, like Gecko) Chrome/58.0.3029.110 Safari/537.36"
164.92.156.36 - - [05/Apr/2025:18:12:55 -0400] "GET /wp-admin/images/plugins.php HTTP/1.1" 404 1251 "-" "Mozilla/5.0 (Windows NT 10.0; Win64; x64) AppleWebKit/537.36 (KHTML, like Gecko) Chrome/58.0.3029.110 Safari/537.36"
164.92.156.36 - - [05/Apr/2025:18:12:59 -0400] "GET /wp-includes/Requests/Text/radio.php HTTP/1.1" 404 1251 "-" "Mozilla/5.0 (Windows NT 10.0; Win64; x64) AppleWebKit/537.36 (KHTML, like Gecko) Chrome/58.0.3029.110 Safari/537.36"
164.92.156.36 - - [05/Apr/2025:18:13:04 -0400] "GET /alfa-rex.php HTTP/1.1" 404 1251 "-" "Mozilla/5.0 (Windows NT 10.0; Win64; x64) AppleWebKit/537.36 (KHTML, like Gecko) Chrome/58.0.3029.110 Safari/537.36"
164.92.156.36 - - [05/Apr/2025:18:13:10 -0400] "GET /modules/mod_simplefileuploadv1.3/elements/Clean.php HTTP/1.1" 404 1251 "-" "Mozilla/5.0 (Windows NT 10.0; Win64; x64) AppleWebKit/537.36 (KHTML, like Gecko) Chrome/58.0.3029.110 Safari/537.36"
164.92.156.36 - - [05/Apr/2025:18:13:15 -0400] "GET /xmrlpc.php HTTP/1.1" 404 1251 "-" "Mozilla/5.0 (Windows NT 10.0; Win64; x64) AppleWebKit/537.36 (KHTML, like Gecko) Chrome/58.0.3029.110 Safari/537.36"
164.92.156.36 - - [05/Apr/2025:18:13:19 -0400] "GET /wp-content/cache/index.php HTTP/1.1" 404 1251 "-" "Mozilla/5.0 (Windows NT 10.0; Win64; x64) AppleWebKit/537.36 (KHTML, like Gecko) Chrome/58.0.3029.110 Safari/537.36"
164.92.156.36 - - [05/Apr/2025:18:13:22 -0400] "GET /.well-known/acme-challenge/moon.php HTTP/1.1" 404 1251 "-" "Mozilla/5.0 (Windows NT 10.0; Win64; x64) AppleWebKit/537.36 (KHTML, like Gecko) Chrome/58.0.3029.110 Safari/537.36"
164.92.156.36 - - [05/Apr/2025:18:13:24 -0400] "GET /.tmb/wp-login.php HTTP/1.1" 404 1251 "-" "Mozilla/5.0 (Windows NT 10.0; Win64; x64) AppleWebKit/537.36 (KHTML, like Gecko) Chrome/58.0.3029.110 Safari/537.36"
164.92.156.36 - - [05/Apr/2025:18:13:29 -0400] "GET /wp-admin/css/colors/light/wp-load.php HTTP/1.1" 404 1251 "-" "Mozilla/5.0 (Windows NT 10.0; Win64; x64) AppleWebKit/537.36 (KHTML, like Gecko) Chrome/58.0.3029.110 Safari/537.36"
164.92.156.36 - - [05/Apr/2025:18:13:32 -0400] "GET /cgi-bin/moon.php HTTP/1.1" 404 1251 "-" "Mozilla/5.0 (Windows NT 10.0; Win64; x64) AppleWebKit/537.36 (KHTML, like Gecko) Chrome/58.0.3029.110 Safari/537.36"
164.92.156.36 - - [05/Apr/2025:18:13:37 -0400] "GET /wp-content/plugins/index.php HTTP/1.1" 200 0 "-" "Mozilla/5.0 (Windows NT 10.0; Win64; x64) AppleWebKit/537.36 (KHTML, like Gecko) Chrome/58.0.3029.110 Safari/537.36"
164.92.156.36 - - [05/Apr/2025:18:13:42 -0400] "GET /wp-content/plugins/wordpress-seo/admin/banner/index.php HTTP/1.1" 404 1251 "-" "Mozilla/5.0 (Windows NT 10.0; Win64; x64) AppleWebKit/537.36 (KHTML, like Gecko) Chrome/58.0.3029.110 Safari/537.36"
164.92.156.36 - - [05/Apr/2025:18:13:46 -0400] "GET /beence.php HTTP/1.1" 404 1251 "-" "Mozilla/5.0 (Windows NT 10.0; Win64; x64) AppleWebKit/537.36 (KHTML, like Gecko) Chrome/58.0.3029.110 Safari/537.36"
164.92.156.36 - - [05/Apr/2025:18:13:48 -0400] "GET /wp-admin/css/colors/coffee/wp-load.php HTTP/1.1" 404 1251 "-" "Mozilla/5.0 (Windows NT 10.0; Win64; x64) AppleWebKit/537.36 (KHTML, like Gecko) Chrome/58.0.3029.110 Safari/537.36"
164.92.156.36 - - [05/Apr/2025:18:13:50 -0400] "GET /file.php HTTP/1.1" 404 1251 "-" "Mozilla/5.0 (Windows NT 10.0; Win64; x64) AppleWebKit/537.36 (KHTML, like Gecko) Chrome/58.0.3029.110 Safari/537.36"
164.92.156.36 - - [05/Apr/2025:18:13:55 -0400] "GET /wp-includes/fonts/plugins.php HTTP/1.1" 404 1251 "-" "Mozilla/5.0 (Windows NT 10.0; Win64; x64) AppleWebKit/537.36 (KHTML, like Gecko) Chrome/58.0.3029.110 Safari/537.36"
164.92.156.36 - - [05/Apr/2025:18:14:00 -0400] "GET /wp-admin/images/admin.php HTTP/1.1" 404 1251 "-" "Mozilla/5.0 (Windows NT 10.0; Win64; x64) AppleWebKit/537.36 (KHTML, like Gecko) Chrome/58.0.3029.110 Safari/537.36"
164.92.156.36 - - [05/Apr/2025:18:14:05 -0400] "GET /BypassBest.php HTTP/1.1" 404 1251 "-" "Mozilla/5.0 (Windows NT 10.0; Win64; x64) AppleWebKit/537.36 (KHTML, like Gecko) Chrome/58.0.3029.110 Safari/537.36"
164.92.156.36 - - [05/Apr/2025:18:14:10 -0400] "GET /wp-includes/js/tinymce/skins/lightgray/fonts/index.php HTTP/1.1" 404 1251 "-" "Mozilla/5.0 (Windows NT 10.0; Win64; x64) AppleWebKit/537.36 (KHTML, like Gecko) Chrome/58.0.3029.110 Safari/537.36"
164.92.156.36 - - [05/Apr/2025:18:14:14 -0400] "GET /wp-includes/block-patterns/themes.php HTTP/1.1" 404 1251 "-" "Mozilla/5.0 (Windows NT 10.0; Win64; x64) AppleWebKit/537.36 (KHTML, like Gecko) Chrome/58.0.3029.110 Safari/537.36"
164.92.156.36 - - [05/Apr/2025:18:14:16 -0400] "GET /wp-includes/style-engine/plugins.php HTTP/1.1" 404 1251 "-" "Mozilla/5.0 (Windows NT 10.0; Win64; x64) AppleWebKit/537.36 (KHTML, like Gecko) Chrome/58.0.3029.110 Safari/537.36"
164.92.156.36 - - [05/Apr/2025:18:14:21 -0400] "GET /wp-includes/IXR/index.php HTTP/1.1" 404 1251 "-" "Mozilla/5.0 (Windows NT 10.0; Win64; x64) AppleWebKit/537.36 (KHTML, like Gecko) Chrome/58.0.3029.110 Safari/537.36"
164.92.156.36 - - [05/Apr/2025:18:14:26 -0400] "GET /packed.php HTTP/1.1" 404 1251 "-" "Mozilla/5.0 (Windows NT 10.0; Win64; x64) AppleWebKit/537.36 (KHTML, like Gecko) Chrome/58.0.3029.110 Safari/537.36"
164.92.156.36 - - [05/Apr/2025:18:14:28 -0400] "GET /wp-commentin.php?pass=f0aab4595a024d626315fb786dce8282 HTTP/1.1" 404 1251 "-" "Mozilla/5.0 (Windows NT 10.0; Win64; x64) AppleWebKit/537.36 (KHTML, like Gecko) Chrome/58.0.3029.110 Safari/537.36"
164.92.156.36 - - [05/Apr/2025:18:14:32 -0400] "GET /lock.php HTTP/1.1" 404 1251 "-" "Mozilla/5.0 (Windows NT 10.0; Win64; x64) AppleWebKit/537.36 (KHTML, like Gecko) Chrome/58.0.3029.110 Safari/537.36"
164.92.156.36 - - [05/Apr/2025:18:14:35 -0400] "GET /wp-admin/css/colors/blue/xmlrpcs.php HTTP/1.1" 404 1251 "-" "Mozilla/5.0 (Windows NT 10.0; Win64; x64) AppleWebKit/537.36 (KHTML, like Gecko) Chrome/58.0.3029.110 Safari/537.36"
164.92.156.36 - - [05/Apr/2025:18:14:38 -0400] "GET /wp-admin/css/about.php HTTP/1.1" 404 1251 "-" "Mozilla/5.0 (Windows NT 10.0; Win64; x64) AppleWebKit/537.36 (KHTML, like Gecko) Chrome/58.0.3029.110 Safari/537.36"
164.92.156.36 - - [05/Apr/2025:18:14:42 -0400] "GET /admin-heade.php HTTP/1.1" 404 1251 "-" "Mozilla/5.0 (Windows NT 10.0; Win64; x64) AppleWebKit/537.36 (KHTML, like Gecko) Chrome/58.0.3029.110 Safari/537.36"
164.92.156.36 - - [05/Apr/2025:18:14:44 -0400] "GET /wp-includes/sitemaps/providers/index.php HTTP/1.1" 404 1251 "-" "Mozilla/5.0 (Windows NT 10.0; Win64; x64) AppleWebKit/537.36 (KHTML, like Gecko) Chrome/58.0.3029.110 Safari/537.36"
164.92.156.36 - - [05/Apr/2025:18:14:48 -0400] "GET /.well-known/class.api.php HTTP/1.1" 404 1251 "-" "Mozilla/5.0 (Windows NT 10.0; Win64; x64) AppleWebKit/537.36 (KHTML, like Gecko) Chrome/58.0.3029.110 Safari/537.36"
164.92.156.36 - - [05/Apr/2025:18:14:50 -0400] "GET /templates/protostar/error.php HTTP/1.1" 404 1251 "-" "Mozilla/5.0 (Windows NT 10.0; Win64; x64) AppleWebKit/537.36 (KHTML, like Gecko) Chrome/58.0.3029.110 Safari/537.36"
164.92.156.36 - - [05/Apr/2025:18:14:55 -0400] "GET /wp-content/404.php HTTP/1.1" 404 1251 "-" "Mozilla/5.0 (Windows NT 10.0; Win64; x64) AppleWebKit/537.36 (KHTML, like Gecko) Chrome/58.0.3029.110 Safari/537.36"
164.92.156.36 - - [05/Apr/2025:18:14:57 -0400] "GET /2.php HTTP/1.1" 404 1251 "-" "Mozilla/5.0 (Windows NT 10.0; Win64; x64) AppleWebKit/537.36 (KHTML, like Gecko) Chrome/58.0.3029.110 Safari/537.36"
164.92.156.36 - - [05/Apr/2025:18:15:03 -0400] "GET /wp-includes/customize/wp-login.php HTTP/1.1" 404 1251 "-" "Mozilla/5.0 (Windows NT 10.0; Win64; x64) AppleWebKit/537.36 (KHTML, like Gecko) Chrome/58.0.3029.110 Safari/537.36"
164.92.156.36 - - [05/Apr/2025:18:15:05 -0400] "GET /administrator/templates/hathor/error.php?action=768776e296b6f286f2a72607e276b62666c6d286 HTTP/1.1" 404 1251 "-" "Mozilla/5.0 (Windows NT 10.0; Win64; x64) AppleWebKit/537.36 (KHTML, like Gecko) Chrome/58.0.3029.110 Safari/537.36"
164.92.156.36 - - [05/Apr/2025:18:15:08 -0400] "GET /wp-content/plugins/seoplugins/mar.php HTTP/1.1" 404 1251 "-" "Mozilla/5.0 (Windows NT 10.0; Win64; x64) AppleWebKit/537.36 (KHTML, like Gecko) Chrome/58.0.3029.110 Safari/537.36"
164.92.156.36 - - [05/Apr/2025:18:15:13 -0400] "GET /wp-includes/blocks/about.php HTTP/1.1" 404 1251 "-" "Mozilla/5.0 (Windows NT 10.0; Win64; x64) AppleWebKit/537.36 (KHTML, like Gecko) Chrome/58.0.3029.110 Safari/537.36"
164.92.156.36 - - [05/Apr/2025:18:15:15 -0400] "GET /wp-includes/index.php HTTP/1.1" 404 1251 "-" "Mozilla/5.0 (Windows NT 10.0; Win64; x64) AppleWebKit/537.36 (KHTML, like Gecko) Chrome/58.0.3029.110 Safari/537.36"
164.92.156.36 - - [05/Apr/2025:18:15:20 -0400] "GET /zwso.php HTTP/1.1" 404 1251 "-" "Mozilla/5.0 (Windows NT 10.0; Win64; x64) AppleWebKit/537.36 (KHTML, like Gecko) Chrome/58.0.3029.110 Safari/537.36"
198.54.114.83 - - [05/Apr/2025:18:15:28 -0400] "POST /wp-cron.php?doing_wp_cron=1743891328.5138640403747558593750 HTTP/1.1" 200 0 "-" "WordPress/6.7.2; https://realjuggahos.com"
164.92.156.36 - - [05/Apr/2025:18:15:23 -0400] "GET /xmlrpc.php HTTP/1.1" 405 46 "-" "Mozilla/5.0 (Windows NT 10.0; Win64; x64) AppleWebKit/537.36 (KHTML, like Gecko) Chrome/58.0.3029.110 Safari/537.36"
198.54.114.83 - - [05/Apr/2025:18:15:29 -0400] "POST /wp-admin/admin-ajax.php?action=async_litespeed&nonce=uvXT64wn6Uk2S1b9zOi6gMJoBY5n1c9X&litespeed_type=imgoptm HTTP/1.1" 200 5 "-" "WordPress/6.7.2; https://realjuggahos.com"
2a02:598:64:8a00::3100:0 - - [05/Apr/2025:18:15:33 -0400] "GET /what-is-apache-spark/ HTTP/1.1" 404 1251 "-" "Mozilla/5.0 (compatible; SeznamBot/4.0; +https://o-seznam.cz/napoveda/vyhledavani/en/seznambot-crawler/)"
164.92.156.36 - - [05/Apr/2025:18:15:34 -0400] "GET /wp-content/plugins/moon.php HTTP/1.1" 404 1251 "-" "Mozilla/5.0 (Windows NT 10.0; Win64; x64) AppleWebKit/537.36 (KHTML, like Gecko) Chrome/58.0.3029.110 Safari/537.36"
164.92.156.36 - - [05/Apr/2025:18:15:39 -0400] "GET /wp-admin/0x1.php HTTP/1.1" 404 1251 "-" "Mozilla/5.0 (Windows NT 10.0; Win64; x64) AppleWebKit/537.36 (KHTML, like Gecko) Chrome/58.0.3029.110 Safari/537.36"
164.92.156.36 - - [05/Apr/2025:18:15:44 -0400] "GET /wp-admin/css/colors/blue/wp-crons.php HTTP/1.1" 404 1251 "-" "Mozilla/5.0 (Windows NT 10.0; Win64; x64) AppleWebKit/537.36 (KHTML, like Gecko) Chrome/58.0.3029.110 Safari/537.36"
164.92.156.36 - - [05/Apr/2025:18:15:48 -0400] "GET /wp-includes/fonts/wp-login.php HTTP/1.1" 404 1251 "-" "Mozilla/5.0 (Windows NT 10.0; Win64; x64) AppleWebKit/537.36 (KHTML, like Gecko) Chrome/58.0.3029.110 Safari/537.36"
164.92.156.36 - - [05/Apr/2025:18:15:50 -0400] "GET /wp-content/themes/about.php HTTP/1.1" 404 1251 "-" "Mozilla/5.0 (Windows NT 10.0; Win64; x64) AppleWebKit/537.36 (KHTML, like Gecko) Chrome/58.0.3029.110 Safari/537.36"
164.92.156.36 - - [05/Apr/2025:18:15:56 -0400] "GET /wp-admin/css/colors/sunrise/wp-crons.php HTTP/1.1" 404 1251 "-" "Mozilla/5.0 (Windows NT 10.0; Win64; x64) AppleWebKit/537.36 (KHTML, like Gecko) Chrome/58.0.3029.110 Safari/537.36"
164.92.156.36 - - [05/Apr/2025:18:16:01 -0400] "GET /wp-includes/blocks/post-title/index.php HTTP/1.1" 404 1251 "-" "Mozilla/5.0 (Windows NT 10.0; Win64; x64) AppleWebKit/537.36 (KHTML, like Gecko) Chrome/58.0.3029.110 Safari/537.36"
164.92.156.36 - - [05/Apr/2025:18:16:04 -0400] "GET /.well-known/pki-validation/wp-hudbud.php HTTP/1.1" 404 1251 "-" "Mozilla/5.0 (Windows NT 10.0; Win64; x64) AppleWebKit/537.36 (KHTML, like Gecko) Chrome/58.0.3029.110 Safari/537.36"
164.92.156.36 - - [05/Apr/2025:18:16:09 -0400] "GET /wp-admin/defaults.php HTTP/1.1" 404 1251 "-" "Mozilla/5.0 (Windows NT 10.0; Win64; x64) AppleWebKit/537.36 (KHTML, like Gecko) Chrome/58.0.3029.110 Safari/537.36"
164.92.156.36 - - [05/Apr/2025:18:16:15 -0400] "GET /classwithtostring.php HTTP/1.1" 404 1251 "-" "Mozilla/5.0 (Windows NT 10.0; Win64; x64) AppleWebKit/537.36 (KHTML, like Gecko) Chrome/58.0.3029.110 Safari/537.36"
164.92.156.36 - - [05/Apr/2025:18:16:19 -0400] "GET /wp-includes/classwithtostring.php HTTP/1.1" 404 1251 "-" "Mozilla/5.0 (Windows NT 10.0; Win64; x64) AppleWebKit/537.36 (KHTML, like Gecko) Chrome/58.0.3029.110 Safari/537.36"
164.92.156.36 - - [05/Apr/2025:18:16:23 -0400] "GET /locale.php HTTP/1.1" 404 1251 "-" "Mozilla/5.0 (Windows NT 10.0; Win64; x64) AppleWebKit/537.36 (KHTML, like Gecko) Chrome/58.0.3029.110 Safari/537.36"
164.92.156.36 - - [05/Apr/2025:18:16:26 -0400] "GET /wp-content/product.php HTTP/1.1" 404 1251 "-" "Mozilla/5.0 (Windows NT 10.0; Win64; x64) AppleWebKit/537.36 (KHTML, like Gecko) Chrome/58.0.3029.110 Safari/537.36"
164.92.156.36 - - [05/Apr/2025:18:16:31 -0400] "GET /wp-includes/SimplePie/index.php HTTP/1.1" 404 1251 "-" "Mozilla/5.0 (Windows NT 10.0; Win64; x64) AppleWebKit/537.36 (KHTML, like Gecko) Chrome/58.0.3029.110 Safari/537.36"
164.92.156.36 - - [05/Apr/2025:18:16:34 -0400] "GET /wp-includes/js/tinymce/skins/lightgray/img/index.php HTTP/1.1" 404 1251 "-" "Mozilla/5.0 (Windows NT 10.0; Win64; x64) AppleWebKit/537.36 (KHTML, like Gecko) Chrome/58.0.3029.110 Safari/537.36"
164.92.156.36 - - [05/Apr/2025:18:16:38 -0400] "GET /.well-known/acme-challenge/wp-login.php HTTP/1.1" 404 1251 "-" "Mozilla/5.0 (Windows NT 10.0; Win64; x64) AppleWebKit/537.36 (KHTML, like Gecko) Chrome/58.0.3029.110 Safari/537.36"
164.92.156.36 - - [05/Apr/2025:18:16:43 -0400] "GET /wp-includes/widgets/plugins.php HTTP/1.1" 404 1251 "-" "Mozilla/5.0 (Windows NT 10.0; Win64; x64) AppleWebKit/537.36 (KHTML, like Gecko) Chrome/58.0.3029.110 Safari/537.36"
164.92.156.36 - - [05/Apr/2025:18:16:45 -0400] "GET /wp-includes/widgets/wp-login.php HTTP/1.1" 404 1251 "-" "Mozilla/5.0 (Windows NT 10.0; Win64; x64) AppleWebKit/537.36 (KHTML, like Gecko) Chrome/58.0.3029.110 Safari/537.36"
164.92.156.36 - - [05/Apr/2025:18:16:50 -0400] "GET /templates/beez_20/index.php HTTP/1.1" 404 1251 "-" "Mozilla/5.0 (Windows NT 10.0; Win64; x64) AppleWebKit/537.36 (KHTML, like Gecko) Chrome/58.0.3029.110 Safari/537.36"
193.237.215.63 - - [05/Apr/2025:18:16:55 -0400] "GET / HTTP/1.1" 200 156172 "-" "Timpibot/0.9 (+http://www.timpi.io)"
164.92.156.36 - - [05/Apr/2025:18:16:55 -0400] "GET /wp-content//license.php HTTP/1.1" 404 1251 "-" "Mozilla/5.0 (Windows NT 10.0; Win64; x64) AppleWebKit/537.36 (KHTML, like Gecko) Chrome/58.0.3029.110 Safari/537.36"
164.92.156.36 - - [05/Apr/2025:18:16:59 -0400] "GET /templates/beez5/error.php HTTP/1.1" 404 1251 "-" "Mozilla/5.0 (Windows NT 10.0; Win64; x64) AppleWebKit/537.36 (KHTML, like Gecko) Chrome/58.0.3029.110 Safari/537.36"
164.92.156.36 - - [05/Apr/2025:18:17:01 -0400] "GET /lock360.php HTTP/1.1" 404 1251 "-" "Mozilla/5.0 (Windows NT 10.0; Win64; x64) AppleWebKit/537.36 (KHTML, like Gecko) Chrome/58.0.3029.110 Safari/537.36"
164.92.156.36 - - [05/Apr/2025:18:17:04 -0400] "GET /wp-includes/pomo/themes.php HTTP/1.1" 404 1251 "-" "Mozilla/5.0 (Windows NT 10.0; Win64; x64) AppleWebKit/537.36 (KHTML, like Gecko) Chrome/58.0.3029.110 Safari/537.36"
164.92.156.36 - - [05/Apr/2025:18:17:08 -0400] "GET /wp-content/plugins/about.php HTTP/1.1" 404 1251 "-" "Mozilla/5.0 (Windows NT 10.0; Win64; x64) AppleWebKit/537.36 (KHTML, like Gecko) Chrome/58.0.3029.110 Safari/537.36"
164.92.156.36 - - [05/Apr/2025:18:17:13 -0400] "GET /wp-content/plugins/cyr2lat/lib/index.php HTTP/1.1" 404 1251 "-" "Mozilla/5.0 (Windows NT 10.0; Win64; x64) AppleWebKit/537.36 (KHTML, like Gecko) Chrome/58.0.3029.110 Safari/537.36"
164.92.156.36 - - [05/Apr/2025:18:17:17 -0400] "GET /wp-admin/maint/themes.php HTTP/1.1" 404 1251 "-" "Mozilla/5.0 (Windows NT 10.0; Win64; x64) AppleWebKit/537.36 (KHTML, like Gecko) Chrome/58.0.3029.110 Safari/537.36"
164.92.156.36 - - [05/Apr/2025:18:17:20 -0400] "GET /about.php HTTP/1.1" 404 1251 "-" "Mozilla/5.0 (Windows NT 10.0; Win64; x64) AppleWebKit/537.36 (KHTML, like Gecko) Chrome/58.0.3029.110 Safari/537.36"
164.92.156.36 - - [05/Apr/2025:18:17:23 -0400] "GET /wp-admin/css/colors/ocean/lofter.php HTTP/1.1" 404 1251 "-" "Mozilla/5.0 (Windows NT 10.0; Win64; x64) AppleWebKit/537.36 (KHTML, like Gecko) Chrome/58.0.3029.110 Safari/537.36"
