164.92.156.36 - - [05/Apr/2025:18:17:26 -0400] "GET //file/function.php HTTP/1.1" 404 1251 "-" "Mozilla/5.0 (Windows NT 10.0; Win64; x64) AppleWebKit/537.36 (KHTML, like Gecko) Chrome/58.0.3029.110 Safari/537.36"
164.92.156.36 - - [05/Apr/2025:18:17:30 -0400] "GET /wp-includes/ID3/moon.php HTTP/1.1" 404 1251 "-" "Mozilla/5.0 (Windows NT 10.0; Win64; x64) AppleWebKit/537.36 (KHTML, like Gecko) Chrome/58.0.3029.110 Safari/537.36"
164.92.156.36 - - [05/Apr/2025:18:17:32 -0400] "GET /wp-includes/SimplePie/admin.php HTTP/1.1" 404 1251 "-" "Mozilla/5.0 (Windows NT 10.0; Win64; x64) AppleWebKit/537.36 (KHTML, like Gecko) Chrome/58.0.3029.110 Safari/537.36"
164.92.156.36 - - [05/Apr/2025:18:17:36 -0400] "GET //doc/function.php HTTP/1.1" 404 1251 "-" "Mozilla/5.0 (Windows NT 10.0; Win64; x64) AppleWebKit/537.36 (KHTML, like Gecko) Chrome/58.0.3029.110 Safari/537.36"
164.92.156.36 - - [05/Apr/2025:18:17:40 -0400] "GET /wp-includes/fonts/themes.php HTTP/1.1" 404 1251 "-" "Mozilla/5.0 (Windows NT 10.0; Win64; x64) AppleWebKit/537.36 (KHTML, like Gecko) Chrome/58.0.3029.110 Safari/537.36"
164.92.156.36 - - [05/Apr/2025:18:17:42 -0400] "GET /alfanew.php7 HTTP/1.1" 404 1251 "-" "Mozilla/5.0 (Windows NT 10.0; Win64; x64) AppleWebKit/537.36 (KHTML, like Gecko) Chrome/58.0.3029.110 Safari/537.36"
164.92.156.36 - - [05/Apr/2025:18:17:45 -0400] "GET /wp-includes/about.php HTTP/1.1" 404 1251 "-" "Mozilla/5.0 (Windows NT 10.0; Win64; x64) AppleWebKit/537.36 (KHTML, like Gecko) Chrome/58.0.3029.110 Safari/537.36"
164.92.156.36 - - [05/Apr/2025:18:17:49 -0400] "GET /about/function.php HTTP/1.1" 404 1251 "-" "Mozilla/5.0 (Windows NT 10.0; Win64; x64) AppleWebKit/537.36 (KHTML, like Gecko) Chrome/58.0.3029.110 Safari/537.36"
164.92.156.36 - - [05/Apr/2025:18:17:51 -0400] "GET /wp-includes/rest-api/about.php HTTP/1.1" 404 1251 "-" "Mozilla/5.0 (Windows NT 10.0; Win64; x64) AppleWebKit/537.36 (KHTML, like Gecko) Chrome/58.0.3029.110 Safari/537.36"
164.92.156.36 - - [05/Apr/2025:18:17:54 -0400] "GET /content.php HTTP/1.1" 404 1251 "-" "Mozilla/5.0 (Windows NT 10.0; Win64; x64) AppleWebKit/537.36 (KHTML, like Gecko) Chrome/58.0.3029.110 Safari/537.36"
164.92.156.36 - - [05/Apr/2025:18:17:58 -0400] "GET /wp-config-sample.php HTTP/1.1" 500 905 "-" "Mozilla/5.0 (Windows NT 10.0; Win64; x64) AppleWebKit/537.36 (KHTML, like Gecko) Chrome/58.0.3029.110 Safari/537.36"
164.92.156.36 - - [05/Apr/2025:18:18:04 -0400] "GET /templates/beez/index.php HTTP/1.1" 404 1251 "-" "Mozilla/5.0 (Windows NT 10.0; Win64; x64) AppleWebKit/537.36 (KHTML, like Gecko) Chrome/58.0.3029.110 Safari/537.36"
164.92.156.36 - - [05/Apr/2025:18:18:10 -0400] "GET /wp-content/plugins/js_composer/assets/fonts/vc_icons/fonts/index.php HTTP/1.1" 404 1251 "-" "Mozilla/5.0 (Windows NT 10.0; Win64; x64) AppleWebKit/537.36 (KHTML, like Gecko) Chrome/58.0.3029.110 Safari/537.36"
164.92.156.36 - - [05/Apr/2025:18:18:12 -0400] "GET /templates/protostar/index.php HTTP/1.1" 404 1251 "-" "Mozilla/5.0 (Windows NT 10.0; Win64; x64) AppleWebKit/537.36 (KHTML, like Gecko) Chrome/58.0.3029.110 Safari/537.36"
164.92.156.36 - - [05/Apr/2025:18:18:16 -0400] "GET /wp-content/plugins/really-simple-ssl/lets-encrypt/functions.php HTTP/1.1" 404 1251 "-" "Mozilla/5.0 (Windows NT 10.0; Win64; x64) AppleWebKit/537.36 (KHTML, like Gecko) Chrome/58.0.3029.110 Safari/537.36"
164.92.156.36 - - [05/Apr/2025:18:18:19 -0400] "GET /chosen.php HTTP/1.1" 404 1251 "-" "Mozilla/5.0 (Windows NT 10.0; Win64; x64) AppleWebKit/537.36 (KHTML, like Gecko) Chrome/58.0.3029.110 Safari/537.36"
164.92.156.36 - - [05/Apr/2025:18:18:23 -0400] "GET /wp-content/languages/wp-login.php HTTP/1.1" 404 1251 "-" "Mozilla/5.0 (Windows NT 10.0; Win64; x64) AppleWebKit/537.36 (KHTML, like Gecko) Chrome/58.0.3029.110 Safari/537.36"
164.92.156.36 - - [05/Apr/2025:18:18:25 -0400] "GET /wp-includes/IXR/bak.php HTTP/1.1" 404 1251 "-" "Mozilla/5.0 (Windows NT 10.0; Win64; x64) AppleWebKit/537.36 (KHTML, like Gecko) Chrome/58.0.3029.110 Safari/537.36"
164.92.156.36 - - [05/Apr/2025:18:18:28 -0400] "GET /tinyfilemanager.php HTTP/1.1" 404 1251 "-" "Mozilla/5.0 (Windows NT 10.0; Win64; x64) AppleWebKit/537.36 (KHTML, like Gecko) Chrome/58.0.3029.110 Safari/537.36"
164.92.156.36 - - [05/Apr/2025:18:18:32 -0400] "GET /wp-content/plugins/ccx/index.php HTTP/1.1" 404 1251 "-" "Mozilla/5.0 (Windows NT 10.0; Win64; x64) AppleWebKit/537.36 (KHTML, like Gecko) Chrome/58.0.3029.110 Safari/537.36"
164.92.156.36 - - [05/Apr/2025:18:18:34 -0400] "GET /.well-known/index.php HTTP/1.1" 404 1251 "-" "Mozilla/5.0 (Windows NT 10.0; Win64; x64) AppleWebKit/537.36 (KHTML, like Gecko) Chrome/58.0.3029.110 Safari/537.36"
164.92.156.36 - - [05/Apr/2025:18:18:36 -0400] "GET //about/function.php HTTP/1.1" 404 1251 "-" "Mozilla/5.0 (Windows NT 10.0; Win64; x64) AppleWebKit/537.36 (KHTML, like Gecko) Chrome/58.0.3029.110 Safari/537.36"
164.92.156.36 - - [05/Apr/2025:18:18:41 -0400] "GET /index/function.php HTTP/1.1" 404 1251 "-" "Mozilla/5.0 (Windows NT 10.0; Win64; x64) AppleWebKit/537.36 (KHTML, like Gecko) Chrome/58.0.3029.110 Safari/537.36"
164.92.156.36 - - [05/Apr/2025:18:18:43 -0400] "GET /templates/beez3/error.php HTTP/1.1" 404 1251 "-" "Mozilla/5.0 (Windows NT 10.0; Win64; x64) AppleWebKit/537.36 (KHTML, like Gecko) Chrome/58.0.3029.110 Safari/537.36"
164.92.156.36 - - [05/Apr/2025:18:18:49 -0400] "GET /wp-admin/network/wp-login.php HTTP/1.1" 404 1251 "-" "Mozilla/5.0 (Windows NT 10.0; Win64; x64) AppleWebKit/537.36 (KHTML, like Gecko) Chrome/58.0.3029.110 Safari/537.36"
164.92.156.36 - - [05/Apr/2025:18:18:52 -0400] "GET /wp-admin/css/colors/light/load.php HTTP/1.1" 404 1251 "-" "Mozilla/5.0 (Windows NT 10.0; Win64; x64) AppleWebKit/537.36 (KHTML, like Gecko) Chrome/58.0.3029.110 Safari/537.36"
164.92.156.36 - - [05/Apr/2025:18:18:57 -0400] "GET /wp-admin/css/colors/midnight/wp-login.php HTTP/1.1" 404 1251 "-" "Mozilla/5.0 (Windows NT 10.0; Win64; x64) AppleWebKit/537.36 (KHTML, like Gecko) Chrome/58.0.3029.110 Safari/537.36"
164.92.156.36 - - [05/Apr/2025:18:19:02 -0400] "GET /wp-includes/product.php HTTP/1.1" 404 1251 "-" "Mozilla/5.0 (Windows NT 10.0; Win64; x64) AppleWebKit/537.36 (KHTML, like Gecko) Chrome/58.0.3029.110 Safari/537.36"
164.92.156.36 - - [05/Apr/2025:18:19:06 -0400] "GET /.well-known/acme-challenge/index.php HTTP/1.1" 404 1251 "-" "Mozilla/5.0 (Windows NT 10.0; Win64; x64) AppleWebKit/537.36 (KHTML, like Gecko) Chrome/58.0.3029.110 Safari/537.36"
164.92.156.36 - - [05/Apr/2025:18:19:10 -0400] "GET /wp-content/plugins/admin.php HTTP/1.1" 404 1251 "-" "Mozilla/5.0 (Windows NT 10.0; Win64; x64) AppleWebKit/537.36 (KHTML, like Gecko) Chrome/58.0.3029.110 Safari/537.36"
164.92.156.36 - - [05/Apr/2025:18:19:14 -0400] "GET /wp-content/themes/wp-login.php HTTP/1.1" 404 1251 "-" "Mozilla/5.0 (Windows NT 10.0; Win64; x64) AppleWebKit/537.36 (KHTML, like Gecko) Chrome/58.0.3029.110 Safari/537.36"
164.92.156.36 - - [05/Apr/2025:18:19:17 -0400] "GET /3.php HTTP/1.1" 404 1251 "-" "Mozilla/5.0 (Windows NT 10.0; Win64; x64) AppleWebKit/537.36 (KHTML, like Gecko) Chrome/58.0.3029.110 Safari/537.36"
164.92.156.36 - - [05/Apr/2025:18:19:19 -0400] "GET /.well-known/acme-challenge/cloud.php HTTP/1.1" 404 1251 "-" "Mozilla/5.0 (Windows NT 10.0; Win64; x64) AppleWebKit/537.36 (KHTML, like Gecko) Chrome/58.0.3029.110 Safari/537.36"
164.92.156.36 - - [05/Apr/2025:18:19:24 -0400] "GET /tyasd.php HTTP/1.1" 404 1251 "-" "Mozilla/5.0 (Windows NT 10.0; Win64; x64) AppleWebKit/537.36 (KHTML, like Gecko) Chrome/58.0.3029.110 Safari/537.36"
164.92.156.36 - - [05/Apr/2025:18:19:29 -0400] "GET /wp-admin/css/colors/ocean/admin.php HTTP/1.1" 404 1251 "-" "Mozilla/5.0 (Windows NT 10.0; Win64; x64) AppleWebKit/537.36 (KHTML, like Gecko) Chrome/58.0.3029.110 Safari/537.36"
164.92.156.36 - - [05/Apr/2025:18:19:34 -0400] "GET /wp-includes/js/tinymce/skins/wordpress/images/index.php HTTP/1.1" 404 1251 "-" "Mozilla/5.0 (Windows NT 10.0; Win64; x64) AppleWebKit/537.36 (KHTML, like Gecko) Chrome/58.0.3029.110 Safari/537.36"
164.92.156.36 - - [05/Apr/2025:18:19:38 -0400] "GET /wp-content/plugins/dummyyummy/wp-signup.php HTTP/1.1" 404 1251 "-" "Mozilla/5.0 (Windows NT 10.0; Win64; x64) AppleWebKit/537.36 (KHTML, like Gecko) Chrome/58.0.3029.110 Safari/537.36"
164.92.156.36 - - [05/Apr/2025:18:19:43 -0400] "GET /wp-content/themes/themes.php HTTP/1.1" 404 1251 "-" "Mozilla/5.0 (Windows NT 10.0; Win64; x64) AppleWebKit/537.36 (KHTML, like Gecko) Chrome/58.0.3029.110 Safari/537.36"
164.92.156.36 - - [05/Apr/2025:18:19:48 -0400] "GET /wp-admin/radio.php HTTP/1.1" 404 1251 "-" "Mozilla/5.0 (Windows NT 10.0; Win64; x64) AppleWebKit/537.36 (KHTML, like Gecko) Chrome/58.0.3029.110 Safari/537.36"
164.92.156.36 - - [05/Apr/2025:18:19:51 -0400] "GET /wp-admin/images/revision.php HTTP/1.1" 404 1251 "-" "Mozilla/5.0 (Windows NT 10.0; Win64; x64) AppleWebKit/537.36 (KHTML, like Gecko) Chrome/58.0.3029.110 Safari/537.36"
164.92.156.36 - - [05/Apr/2025:18:19:56 -0400] "GET /wp-includes/autoload_classmap.php HTTP/1.1" 404 1251 "-" "Mozilla/5.0 (Windows NT 10.0; Win64; x64) AppleWebKit/537.36 (KHTML, like Gecko) Chrome/58.0.3029.110 Safari/537.36"
164.92.156.36 - - [05/Apr/2025:18:20:01 -0400] "GET /wp-admin/css/colors/midnight/wp-crons.php HTTP/1.1" 404 1251 "-" "Mozilla/5.0 (Windows NT 10.0; Win64; x64) AppleWebKit/537.36 (KHTML, like Gecko) Chrome/58.0.3029.110 Safari/537.36"
164.92.156.36 - - [05/Apr/2025:18:20:04 -0400] "GET /mah/function.php HTTP/1.1" 404 1251 "-" "Mozilla/5.0 (Windows NT 10.0; Win64; x64) AppleWebKit/537.36 (KHTML, like Gecko) Chrome/58.0.3029.110 Safari/537.36"
164.92.156.36 - - [05/Apr/2025:18:20:08 -0400] "GET /shx.php HTTP/1.1" 404 1251 "-" "Mozilla/5.0 (Windows NT 10.0; Win64; x64) AppleWebKit/537.36 (KHTML, like Gecko) Chrome/58.0.3029.110 Safari/537.36"
164.92.156.36 - - [05/Apr/2025:18:20:12 -0400] "GET /wp-includes/Requests/Text/index.php HTTP/1.1" 404 1251 "-" "Mozilla/5.0 (Windows NT 10.0; Win64; x64) AppleWebKit/537.36 (KHTML, like Gecko) Chrome/58.0.3029.110 Safari/537.36"
164.92.156.36 - - [05/Apr/2025:18:20:17 -0400] "GET /wp-includes/dropdown.php HTTP/1.1" 404 1251 "-" "Mozilla/5.0 (Windows NT 10.0; Win64; x64) AppleWebKit/537.36 (KHTML, like Gecko) Chrome/58.0.3029.110 Safari/537.36"
164.92.156.36 - - [05/Apr/2025:18:20:21 -0400] "GET /WSOEnigma.php HTTP/1.1" 404 1251 "-" "Mozilla/5.0 (Windows NT 10.0; Win64; x64) AppleWebKit/537.36 (KHTML, like Gecko) Chrome/58.0.3029.110 Safari/537.36"
164.92.156.36 - - [05/Apr/2025:18:20:24 -0400] "GET /wp-includes/css/plugins.php HTTP/1.1" 404 1251 "-" "Mozilla/5.0 (Windows NT 10.0; Win64; x64) AppleWebKit/537.36 (KHTML, like Gecko) Chrome/58.0.3029.110 Safari/537.36"
164.92.156.36 - - [05/Apr/2025:18:20:29 -0400] "GET /wp-content/plugins/elementor/assets/lib/swiper/index.php HTTP/1.1" 404 1251 "-" "Mozilla/5.0 (Windows NT 10.0; Win64; x64) AppleWebKit/537.36 (KHTML, like Gecko) Chrome/58.0.3029.110 Safari/537.36"
164.92.156.36 - - [05/Apr/2025:18:20:34 -0400] "GET /1.php HTTP/1.1" 404 1251 "-" "Mozilla/5.0 (Windows NT 10.0; Win64; x64) AppleWebKit/537.36 (KHTML, like Gecko) Chrome/58.0.3029.110 Safari/537.36"
164.92.156.36 - - [05/Apr/2025:18:20:36 -0400] "GET /moduless.php HTTP/1.1" 404 1251 "-" "Mozilla/5.0 (Windows NT 10.0; Win64; x64) AppleWebKit/537.36 (KHTML, like Gecko) Chrome/58.0.3029.110 Safari/537.36"
164.92.156.36 - - [05/Apr/2025:18:20:40 -0400] "GET /wp-admin/user/xmrlpc.php HTTP/1.1" 404 1251 "-" "Mozilla/5.0 (Windows NT 10.0; Win64; x64) AppleWebKit/537.36 (KHTML, like Gecko) Chrome/58.0.3029.110 Safari/537.36"
164.92.156.36 - - [05/Apr/2025:18:20:42 -0400] "GET /wp-admin/xmrlpc.php HTTP/1.1" 404 1251 "-" "Mozilla/5.0 (Windows NT 10.0; Win64; x64) AppleWebKit/537.36 (KHTML, like Gecko) Chrome/58.0.3029.110 Safari/537.36"
164.92.156.36 - - [05/Apr/2025:18:20:46 -0400] "GET /wp-includes/sodium_compat/namespaced/Core/Curve25519/Ge/wp.php HTTP/1.1" 404 1251 "-" "Mozilla/5.0 (Windows NT 10.0; Win64; x64) AppleWebKit/537.36 (KHTML, like Gecko) Chrome/58.0.3029.110 Safari/537.36"
164.92.156.36 - - [05/Apr/2025:18:20:49 -0400] "GET /wp-content/classwithtostring.php HTTP/1.1" 404 1251 "-" "Mozilla/5.0 (Windows NT 10.0; Win64; x64) AppleWebKit/537.36 (KHTML, like Gecko) Chrome/58.0.3029.110 Safari/537.36"
164.92.156.36 - - [05/Apr/2025:18:20:52 -0400] "GET /modules/mod_simplefileuploadv1.3/elements/text.php HTTP/1.1" 404 1251 "-" "Mozilla/5.0 (Windows NT 10.0; Win64; x64) AppleWebKit/537.36 (KHTML, like Gecko) Chrome/58.0.3029.110 Safari/537.36"
185.191.171.17 - - [05/Apr/2025:18:23:21 -0400] "GET /the-beauty-of-sea-shell-jewelry/ HTTP/1.1" 404 1251 "-" "Mozilla/5.0 (compatible; SemrushBot/7~bl; +http://www.semrush.com/bot.html)"
85.208.98.29 - - [05/Apr/2025:18:37:30 -0400] "GET /gas-boiler-service/ HTTP/1.1" 404 1251 "-" "Mozilla/5.0 (compatible; SemrushBot-BA; +http://www.semrush.com/bot.html)"
196.251.73.13 - - [05/Apr/2025:18:43:01 -0400] "GET /wp-content/plugins/WordPressCore/include.php HTTP/1.1" 404 1251 "-" "Mozlila/5.0 (Linux; Android 7.0; SM-G892A Bulid/NRD90M; wv) AppleWebKit/537.36 (KHTML, like Gecko) Version/4.0 Chrome/60.0.3112.107 Moblie Safari/537.36"
114.119.156.188 - - [05/Apr/2025:18:43:17 -0400] "GET /forums/users/fionabroussard2/ HTTP/1.1" 404 1251 "https://www.euro-school.it/%D1%87%D0%B5%D1%80%D0%BA%D0%B0%D1%81%D0%B8-%D0%BF%D1%80%D0%B8%D1%88%D0%B5%D0%BB%D1%8C%D1%86%D0%B5%D0%B2-%D1%81%D0%BC%D0%BE%D1%82%D1%80%D0%B5%D1%82%D1%8C-%D0%BE%D0%BD%D0%BB%D0%B0%D0%B9%D0%BD/" "Mozilla/5.0 (Linux; Android 7.0;) AppleWebKit/537.36 (KHTML, like Gecko) Mobile Safari/537.36 (compatible; PetalBot;+https://webmaster.petalsearch.com/site/petalbot)"
196.251.73.13 - - [05/Apr/2025:18:43:22 -0400] "GET /wp-content/plugins/WordPressCore/include.php HTTP/1.1" 404 1251 "-" "Mozlila/5.0 (Linux; Android 7.0; SM-G892A Bulid/NRD90M; wv) AppleWebKit/537.36 (KHTML, like Gecko) Version/4.0 Chrome/60.0.3112.107 Moblie Safari/537.36"
198.54.114.83 - - [05/Apr/2025:18:44:46 -0400] "POST /wp-cron.php?doing_wp_cron=1743893086.0177080631256103515625 HTTP/1.1" 200 0 "-" "WordPress/6.7.2; https://realjuggahos.com"
114.119.145.65 - - [05/Apr/2025:18:44:40 -0400] "GET /wp-login.php?action=lostpassword HTTP/1.1" 200 983 "https://realjuggahos.com/wp-admin/post.php?post=1106&action=edit" "Mozilla/5.0 (Linux; Android 7.0;) AppleWebKit/537.36 (KHTML, like Gecko) Mobile Safari/537.36 (compatible; PetalBot;+https://webmaster.petalsearch.com/site/petalbot)"
198.54.114.83 - - [05/Apr/2025:18:44:46 -0400] "POST /wp-admin/admin-ajax.php?action=async_litespeed&nonce=UHMZxovEAhCVhgaZ0W1CP8feHz2kGvyl&litespeed_type=imgoptm HTTP/1.1" 200 5 "-" "WordPress/6.7.2; https://realjuggahos.com"
185.191.171.17 - - [05/Apr/2025:18:47:47 -0400] "GET /youtube-help-center-why-does-everyone-have-to-pay-attention/ HTTP/1.1" 404 1251 "-" "Mozilla/5.0 (compatible; SemrushBot/7~bl; +http://www.semrush.com/bot.html)"
85.208.96.202 - - [05/Apr/2025:18:49:52 -0400] "GET /roller-window-shutters-can-help-to-protect-your-home-from-bushfires/ HTTP/1.1" 404 1251 "-" "Mozilla/5.0 (compatible; SemrushBot/7~bl; +http://www.semrush.com/bot.html)"
3.19.239.158 - - [05/Apr/2025:18:50:25 -0400] "GET /robots.txt HTTP/1.1" 304 0 "-" "Mozilla/5.0 AppleWebKit/537.36 (KHTML, like Gecko; compatible; ClaudeBot/1.0; +claudebot@anthropic.com)"
3.19.239.158 - - [05/Apr/2025:18:50:25 -0400] "GET /digital-marketing-services-offered-by-a-digital-marketing-company HTTP/1.1" 404 1251 "-" "Mozilla/5.0 AppleWebKit/537.36 (KHTML, like Gecko; compatible; ClaudeBot/1.0; +claudebot@anthropic.com)"
18.233.229.81 - - [05/Apr/2025:18:53:42 -0400] "GET /home-help-dorchester/ HTTP/1.1" 404 1251 "-" "Grammarly/1.0 (http://www.grammarly.com)"
85.208.96.199 - - [05/Apr/2025:18:56:48 -0400] "GET /fenben-as-a-cancer-treatment/ HTTP/1.1" 404 1251 "-" "Mozilla/5.0 (compatible; SemrushBot/7~bl; +http://www.semrush.com/bot.html)"
66.249.73.196 - - [05/Apr/2025:18:59:34 -0400] "GET /?ND HTTP/1.1" 200 156172 "-" "Mozilla/5.0 (Linux; Android 6.0.1; Nexus 5X Build/MMB29P) AppleWebKit/537.36 (KHTML, like Gecko) Chrome/134.0.6998.165 Mobile Safari/537.36 (compatible; Googlebot/2.1; +http://www.google.com/bot.html)"
167.253.67.14 - - [05/Apr/2025:19:09:26 -0400] "GET /forums/users/andersoncapehart/ HTTP/1.1" 404 1251 "-" "Mozilla/5.0 (Windows NT 10.0; Win64; x64) AppleWebKit/537.36 (KHTML, like Gecko) Chrome/114.0.0.0 Safari/537.36 Edg/114.0.1264.71"
167.253.67.14 - - [05/Apr/2025:19:09:27 -0400] "GET / HTTP/1.1" 200 156172 "-" "Mozilla/5.0 (Windows NT 10.0; Win64; x64) AppleWebKit/537.36 (KHTML, like Gecko) Chrome/114.0.0.0 Safari/537.36 Edg/114.0.1264.71"
185.191.171.15 - - [05/Apr/2025:19:13:37 -0400] "GET /what-to-expect-from-your-yacht-charter-crew/ HTTP/1.1" 404 1251 "-" "Mozilla/5.0 (compatible; SemrushBot/7~bl; +http://www.semrush.com/bot.html)"
217.113.194.72 - - [05/Apr/2025:19:17:58 -0400] "GET /robots.txt HTTP/1.1" 200 23 "-" "Mozilla/5.0 (compatible; Barkrowler/0.9; +https://babbar.tech/crawler)"
217.113.194.80 - - [05/Apr/2025:19:18:14 -0400] "GET /page/2/ HTTP/1.1" 404 1251 "-" "Mozilla/5.0 (compatible; Barkrowler/0.9; +https://babbar.tech/crawler)"
217.113.194.76 - - [05/Apr/2025:19:18:29 -0400] "GET /page/21/ HTTP/1.1" 404 1251 "-" "Mozilla/5.0 (compatible; Barkrowler/0.9; +https://babbar.tech/crawler)"
217.113.194.80 - - [05/Apr/2025:19:18:45 -0400] "GET /page/30/ HTTP/1.1" 404 1251 "-" "Mozilla/5.0 (compatible; Barkrowler/0.9; +https://babbar.tech/crawler)"
217.113.194.76 - - [05/Apr/2025:19:19:00 -0400] "GET /page/15/ HTTP/1.1" 404 1251 "-" "Mozilla/5.0 (compatible; Barkrowler/0.9; +https://babbar.tech/crawler)"
217.113.194.80 - - [05/Apr/2025:19:19:16 -0400] "GET /page/18/ HTTP/1.1" 404 1251 "-" "Mozilla/5.0 (compatible; Barkrowler/0.9; +https://babbar.tech/crawler)"
217.113.194.73 - - [05/Apr/2025:19:19:31 -0400] "GET /page/10/ HTTP/1.1" 404 1251 "-" "Mozilla/5.0 (compatible; Barkrowler/0.9; +https://babbar.tech/crawler)"
217.113.194.80 - - [05/Apr/2025:19:19:47 -0400] "GET /page/5/ HTTP/1.1" 404 1251 "-" "Mozilla/5.0 (compatible; Barkrowler/0.9; +https://babbar.tech/crawler)"
217.113.194.79 - - [05/Apr/2025:19:20:02 -0400] "GET /page/4/ HTTP/1.1" 404 1251 "-" "Mozilla/5.0 (compatible; Barkrowler/0.9; +https://babbar.tech/crawler)"
217.113.194.81 - - [05/Apr/2025:19:20:18 -0400] "GET /page/3/ HTTP/1.1" 404 1251 "-" "Mozilla/5.0 (compatible; Barkrowler/0.9; +https://babbar.tech/crawler)"
217.113.194.76 - - [05/Apr/2025:19:20:34 -0400] "GET /page/8/ HTTP/1.1" 404 1251 "-" "Mozilla/5.0 (compatible; Barkrowler/0.9; +https://babbar.tech/crawler)"
217.113.194.73 - - [05/Apr/2025:19:20:49 -0400] "GET /page/25/ HTTP/1.1" 404 1251 "-" "Mozilla/5.0 (compatible; Barkrowler/0.9; +https://babbar.tech/crawler)"
154.54.249.200 - - [05/Apr/2025:19:21:05 -0400] "GET /page/43/ HTTP/1.1" 404 1251 "-" "Mozilla/5.0 (compatible; Barkrowler/0.9; +https://babbar.tech/crawler)"
217.113.194.78 - - [05/Apr/2025:19:21:20 -0400] "GET /page/36/ HTTP/1.1" 404 1251 "-" "Mozilla/5.0 (compatible; Barkrowler/0.9; +https://babbar.tech/crawler)"
217.113.194.78 - - [05/Apr/2025:19:21:36 -0400] "GET /page/54/ HTTP/1.1" 404 1251 "-" "Mozilla/5.0 (compatible; Barkrowler/0.9; +https://babbar.tech/crawler)"
217.113.194.79 - - [05/Apr/2025:19:21:51 -0400] "GET /page/39/ HTTP/1.1" 404 1251 "-" "Mozilla/5.0 (compatible; Barkrowler/0.9; +https://babbar.tech/crawler)"
217.113.194.79 - - [05/Apr/2025:19:22:07 -0400] "GET /page/19/ HTTP/1.1" 404 1251 "-" "Mozilla/5.0 (compatible; Barkrowler/0.9; +https://babbar.tech/crawler)"
34.205.163.103 - - [05/Apr/2025:19:22:14 -0400] "GET /gelules-dhuile-de-graines-de-chanvre/ HTTP/1.1" 404 1251 "-" "Mozilla/5.0 AppleWebKit/537.36 (KHTML, like Gecko; compatible; Amazonbot/0.1; +https://developer.amazon.com/support/amazonbot) Chrome/119.0.6045.214 Safari/537.36"
217.113.194.81 - - [05/Apr/2025:19:22:22 -0400] "GET /page/37/ HTTP/1.1" 404 1251 "-" "Mozilla/5.0 (compatible; Barkrowler/0.9; +https://babbar.tech/crawler)"
217.113.194.74 - - [05/Apr/2025:19:22:38 -0400] "GET /page/47/ HTTP/1.1" 404 1251 "-" "Mozilla/5.0 (compatible; Barkrowler/0.9; +https://babbar.tech/crawler)"
217.113.194.80 - - [05/Apr/2025:19:22:53 -0400] "GET /page/28/ HTTP/1.1" 404 1251 "-" "Mozilla/5.0 (compatible; Barkrowler/0.9; +https://babbar.tech/crawler)"
217.113.194.76 - - [05/Apr/2025:19:23:09 -0400] "GET /page/38/ HTTP/1.1" 404 1251 "-" "Mozilla/5.0 (compatible; Barkrowler/0.9; +https://babbar.tech/crawler)"
217.113.194.79 - - [05/Apr/2025:19:23:24 -0400] "GET /page/46/ HTTP/1.1" 404 1251 "-" "Mozilla/5.0 (compatible; Barkrowler/0.9; +https://babbar.tech/crawler)"
217.113.194.72 - - [05/Apr/2025:19:23:40 -0400] "GET /page/27/ HTTP/1.1" 404 1251 "-" "Mozilla/5.0 (compatible; Barkrowler/0.9; +https://babbar.tech/crawler)"
217.113.194.78 - - [05/Apr/2025:19:23:55 -0400] "GET /category/activity/ HTTP/1.1" 404 1251 "-" "Mozilla/5.0 (compatible; Barkrowler/0.9; +https://babbar.tech/crawler)"
217.113.194.72 - - [05/Apr/2025:19:24:11 -0400] "GET /lote-leaves/ HTTP/1.1" 404 1251 "-" "Mozilla/5.0 (compatible; Barkrowler/0.9; +https://babbar.tech/crawler)"
154.54.249.200 - - [05/Apr/2025:19:24:26 -0400] "GET /long-football-socks/ HTTP/1.1" 404 1251 "-" "Mozilla/5.0 (compatible; Barkrowler/0.9; +https://babbar.tech/crawler)"
217.113.194.76 - - [05/Apr/2025:19:24:42 -0400] "GET /gas-boiler-service/ HTTP/1.1" 404 1251 "-" "Mozilla/5.0 (compatible; Barkrowler/0.9; +https://babbar.tech/crawler)"
217.113.194.80 - - [05/Apr/2025:19:24:57 -0400] "GET /immobilienkredit/feed/ HTTP/1.1" 404 1251 "-" "Mozilla/5.0 (compatible; Barkrowler/0.9; +https://babbar.tech/crawler)"
217.113.194.78 - - [05/Apr/2025:19:25:13 -0400] "GET /buy-tidal-plays/ HTTP/1.1" 404 1251 "-" "Mozilla/5.0 (compatible; Barkrowler/0.9; +https://babbar.tech/crawler)"
2a02:598:96:8a00::1200:122 - - [05/Apr/2025:19:25:26 -0400] "GET /what-to-expect-from-your-yacht-charter-crew/ HTTP/1.1" 404 1251 "-" "Mozilla/5.0 (compatible; SeznamBot/4.0; +https://o-seznam.cz/napoveda/vyhledavani/en/seznambot-crawler/)"
217.113.194.72 - - [05/Apr/2025:19:25:44 -0400] "GET /betting-money-sites/ HTTP/1.1" 404 1251 "-" "Mozilla/5.0 (compatible; Barkrowler/0.9; +https://babbar.tech/crawler)"
154.54.249.200 - - [05/Apr/2025:19:25:59 -0400] "GET /blue-topaz-ring/ HTTP/1.1" 404 1251 "-" "Mozilla/5.0 (compatible; Barkrowler/0.9; +https://babbar.tech/crawler)"
217.113.194.80 - - [05/Apr/2025:19:26:15 -0400] "GET /gp/registry/wishlist/ HTTP/1.1" 404 1251 "-" "Mozilla/5.0 (compatible; Barkrowler/0.9; +https://babbar.tech/crawler)"
217.113.194.79 - - [05/Apr/2025:19:26:30 -0400] "GET /led-cylinder-light/feed/ HTTP/1.1" 404 1251 "-" "Mozilla/5.0 (compatible; Barkrowler/0.9; +https://babbar.tech/crawler)"
154.54.249.200 - - [05/Apr/2025:19:26:46 -0400] "GET /led-cylinder-light/ HTTP/1.1" 404 1251 "-" "Mozilla/5.0 (compatible; Barkrowler/0.9; +https://babbar.tech/crawler)"
217.113.194.78 - - [05/Apr/2025:19:27:01 -0400] "GET /rv-refrigerators/ HTTP/1.1" 404 1251 "-" "Mozilla/5.0 (compatible; Barkrowler/0.9; +https://babbar.tech/crawler)"
217.113.194.80 - - [05/Apr/2025:19:27:17 -0400] "GET /family-mediation-services/ HTTP/1.1" 404 1251 "-" "Mozilla/5.0 (compatible; Barkrowler/0.9; +https://babbar.tech/crawler)"
217.113.194.72 - - [05/Apr/2025:19:27:32 -0400] "GET /benefits-of-heating-units/ HTTP/1.1" 404 1251 "-" "Mozilla/5.0 (compatible; Barkrowler/0.9; +https://babbar.tech/crawler)"
217.113.194.79 - - [05/Apr/2025:19:27:48 -0400] "GET /category/activity/page/7/ HTTP/1.1" 404 1251 "-" "Mozilla/5.0 (compatible; Barkrowler/0.9; +https://babbar.tech/crawler)"
198.54.114.83 - - [05/Apr/2025:19:27:55 -0400] "POST /wp-admin/admin-ajax.php?action=async_litespeed&nonce=2UGLXj6es3tyumeJZaPHnyjbkSKSHKgU&litespeed_type=imgoptm HTTP/1.1" 200 5 "-" "WordPress/6.7.2; https://realjuggahos.com"
217.113.194.73 - - [05/Apr/2025:19:28:03 -0400] "GET /category/activity/page/8/ HTTP/1.1" 404 1251 "-" "Mozilla/5.0 (compatible; Barkrowler/0.9; +https://babbar.tech/crawler)"
217.113.194.77 - - [05/Apr/2025:19:28:19 -0400] "GET /category/activity/page/6/ HTTP/1.1" 404 1251 "-" "Mozilla/5.0 (compatible; Barkrowler/0.9; +https://babbar.tech/crawler)"
217.113.194.79 - - [05/Apr/2025:19:28:34 -0400] "GET /category/activity/page/12/ HTTP/1.1" 404 1251 "-" "Mozilla/5.0 (compatible; Barkrowler/0.9; +https://babbar.tech/crawler)"
217.113.194.79 - - [05/Apr/2025:19:28:50 -0400] "GET /betting-money-sites/feed/ HTTP/1.1" 404 1251 "-" "Mozilla/5.0 (compatible; Barkrowler/0.9; +https://babbar.tech/crawler)"
217.113.194.78 - - [05/Apr/2025:19:29:05 -0400] "GET /grip-socks-manufacturer/ HTTP/1.1" 404 1251 "-" "Mozilla/5.0 (compatible; Barkrowler/0.9; +https://babbar.tech/crawler)"
217.113.194.81 - - [05/Apr/2025:19:29:21 -0400] "GET /patere-miroir/feed/ HTTP/1.1" 404 1251 "-" "Mozilla/5.0 (compatible; Barkrowler/0.9; +https://babbar.tech/crawler)"
217.113.194.75 - - [05/Apr/2025:19:29:36 -0400] "GET /gluten-free-brownies/ HTTP/1.1" 404 1251 "-" "Mozilla/5.0 (compatible; Barkrowler/0.9; +https://babbar.tech/crawler)"
217.113.194.80 - - [05/Apr/2025:19:29:52 -0400] "GET /category/activity/page/50/ HTTP/1.1" 404 1251 "-" "Mozilla/5.0 (compatible; Barkrowler/0.9; +https://babbar.tech/crawler)"
85.208.98.16 - - [05/Apr/2025:19:29:55 -0400] "GET /buying-a-custom-gaming-pc/ HTTP/1.1" 404 1251 "-" "Mozilla/5.0 (compatible; SemrushBot-BA; +http://www.semrush.com/bot.html)"
217.113.194.76 - - [05/Apr/2025:19:30:08 -0400] "GET /category/activity/page/43/ HTTP/1.1" 404 1251 "-" "Mozilla/5.0 (compatible; Barkrowler/0.9; +https://babbar.tech/crawler)"
217.113.194.73 - - [05/Apr/2025:19:30:23 -0400] "GET /category/activity/page/33/ HTTP/1.1" 404 1251 "-" "Mozilla/5.0 (compatible; Barkrowler/0.9; +https://babbar.tech/crawler)"
85.208.98.20 - - [05/Apr/2025:19:30:30 -0400] "GET /what-is-a-cpu/ HTTP/1.1" 404 1251 "-" "Mozilla/5.0 (compatible; SemrushBot-BA; +http://www.semrush.com/bot.html)"
217.113.194.75 - - [05/Apr/2025:19:30:39 -0400] "GET /category/activity/page/32/ HTTP/1.1" 404 1251 "-" "Mozilla/5.0 (compatible; Barkrowler/0.9; +https://babbar.tech/crawler)"
85.208.98.31 - - [05/Apr/2025:19:30:44 -0400] "GET /intel-motherboards/ HTTP/1.1" 404 1251 "-" "Mozilla/5.0 (compatible; SemrushBot-BA; +http://www.semrush.com/bot.html)"
217.113.194.74 - - [05/Apr/2025:19:30:54 -0400] "GET /category/activity/page/19/ HTTP/1.1" 404 1251 "-" "Mozilla/5.0 (compatible; Barkrowler/0.9; +https://babbar.tech/crawler)"
85.208.98.31 - - [05/Apr/2025:19:31:08 -0400] "GET /best-gaming-keyboards/ HTTP/1.1" 404 1251 "-" "Mozilla/5.0 (compatible; SemrushBot-BA; +http://www.semrush.com/bot.html)"
217.113.194.74 - - [05/Apr/2025:19:31:10 -0400] "GET /category/activity/page/16/ HTTP/1.1" 404 1251 "-" "Mozilla/5.0 (compatible; Barkrowler/0.9; +https://babbar.tech/crawler)"
109.236.93.77 - - [05/Apr/2025:19:31:18 -0400] "GET /forums/users/laverneredrick HTTP/1.1" 404 1251 "-" "Mozilla/5.0 (Windows NT 10.0; Win64; x64) AppleWebKit/537.36 (KHTML, like Gecko) Chrome/118.0.0.0 Safari/537.36"
217.113.194.72 - - [05/Apr/2025:19:31:25 -0400] "GET /category/activity/page/15/ HTTP/1.1" 404 1251 "-" "Mozilla/5.0 (compatible; Barkrowler/0.9; +https://babbar.tech/crawler)"
217.113.194.74 - - [05/Apr/2025:19:31:41 -0400] "GET /category/activity/page/34/ HTTP/1.1" 404 1251 "-" "Mozilla/5.0 (compatible; Barkrowler/0.9; +https://babbar.tech/crawler)"
217.113.194.78 - - [05/Apr/2025:19:31:56 -0400] "GET /category/activity/page/20/ HTTP/1.1" 404 1251 "-" "Mozilla/5.0 (compatible; Barkrowler/0.9; +https://babbar.tech/crawler)"
217.113.194.73 - - [05/Apr/2025:19:32:12 -0400] "GET /category/activity/page/14/ HTTP/1.1" 404 1251 "-" "Mozilla/5.0 (compatible; Barkrowler/0.9; +https://babbar.tech/crawler)"
217.113.194.78 - - [05/Apr/2025:19:32:27 -0400] "GET /how-to-find-a-chiropractor/ HTTP/1.1" 404 1251 "-" "Mozilla/5.0 (compatible; Barkrowler/0.9; +https://babbar.tech/crawler)"
217.113.194.73 - - [05/Apr/2025:19:32:43 -0400] "GET /forums/users/estellekintore/ HTTP/1.1" 404 1251 "-" "Mozilla/5.0 (compatible; Barkrowler/0.9; +https://babbar.tech/crawler)"
217.113.194.73 - - [05/Apr/2025:19:32:58 -0400] "GET /category/activity/page/39/ HTTP/1.1" 404 1251 "-" "Mozilla/5.0 (compatible; Barkrowler/0.9; +https://babbar.tech/crawler)"
217.113.194.78 - - [05/Apr/2025:19:33:14 -0400] "GET /category/activity/page/45/ HTTP/1.1" 404 1251 "-" "Mozilla/5.0 (compatible; Barkrowler/0.9; +https://babbar.tech/crawler)"
217.113.194.78 - - [05/Apr/2025:19:33:29 -0400] "GET /category/activity/page/41/ HTTP/1.1" 404 1251 "-" "Mozilla/5.0 (compatible; Barkrowler/0.9; +https://babbar.tech/crawler)"
217.113.194.81 - - [05/Apr/2025:19:33:45 -0400] "GET /category/activity/page/37/ HTTP/1.1" 404 1251 "-" "Mozilla/5.0 (compatible; Barkrowler/0.9; +https://babbar.tech/crawler)"
217.113.194.80 - - [05/Apr/2025:19:34:01 -0400] "GET /category/activity/page/44/ HTTP/1.1" 404 1251 "-" "Mozilla/5.0 (compatible; Barkrowler/0.9; +https://babbar.tech/crawler)"
217.113.194.76 - - [05/Apr/2025:19:34:16 -0400] "GET /category/activity/page/48/ HTTP/1.1" 404 1251 "-" "Mozilla/5.0 (compatible; Barkrowler/0.9; +https://babbar.tech/crawler)"
217.113.194.81 - - [05/Apr/2025:19:34:32 -0400] "GET /category/activity/page/22/ HTTP/1.1" 404 1251 "-" "Mozilla/5.0 (compatible; Barkrowler/0.9; +https://babbar.tech/crawler)"
154.54.249.200 - - [05/Apr/2025:19:34:48 -0400] "GET /category/activity/page/24/ HTTP/1.1" 404 1251 "-" "Mozilla/5.0 (compatible; Barkrowler/0.9; +https://babbar.tech/crawler)"
154.54.249.200 - - [05/Apr/2025:19:35:03 -0400] "GET /category/activity/page/26/ HTTP/1.1" 404 1251 "-" "Mozilla/5.0 (compatible; Barkrowler/0.9; +https://babbar.tech/crawler)"
217.113.194.79 - - [05/Apr/2025:19:35:19 -0400] "GET /category/activity/page/21/ HTTP/1.1" 404 1251 "-" "Mozilla/5.0 (compatible; Barkrowler/0.9; +https://babbar.tech/crawler)"
217.113.194.80 - - [05/Apr/2025:19:35:34 -0400] "GET /category/activity/page/28/ HTTP/1.1" 404 1251 "-" "Mozilla/5.0 (compatible; Barkrowler/0.9; +https://babbar.tech/crawler)"
154.54.249.200 - - [05/Apr/2025:19:35:50 -0400] "GET /category/activity/page/29/ HTTP/1.1" 404 1251 "-" "Mozilla/5.0 (compatible; Barkrowler/0.9; +https://babbar.tech/crawler)"
217.113.194.76 - - [05/Apr/2025:19:36:05 -0400] "GET /diamond-painting-accessories/feed/ HTTP/1.1" 404 1251 "-" "Mozilla/5.0 (compatible; Barkrowler/0.9; +https://babbar.tech/crawler)"
185.191.171.8 - - [05/Apr/2025:19:36:06 -0400] "GET /no-computer-sound/ HTTP/1.1" 404 1251 "-" "Mozilla/5.0 (compatible; SemrushBot/7~bl; +http://www.semrush.com/bot.html)"
217.113.194.74 - - [05/Apr/2025:19:36:21 -0400] "GET /fenben-cancer-treatment/ HTTP/1.1" 404 1251 "-" "Mozilla/5.0 (compatible; Barkrowler/0.9; +https://babbar.tech/crawler)"
217.113.194.76 - - [05/Apr/2025:19:36:36 -0400] "GET /custom-suits-and-tuxedos/ HTTP/1.1" 404 1251 "-" "Mozilla/5.0 (compatible; Barkrowler/0.9; +https://babbar.tech/crawler)"
217.113.194.80 - - [05/Apr/2025:19:36:52 -0400] "GET /apprendre-a-jouer-de-la-guitare/ HTTP/1.1" 404 1251 "-" "Mozilla/5.0 (compatible; Barkrowler/0.9; +https://babbar.tech/crawler)"
154.54.249.200 - - [05/Apr/2025:19:37:07 -0400] "GET /junkyard-fort-myers/ HTTP/1.1" 404 1251 "-" "Mozilla/5.0 (compatible; Barkrowler/0.9; +https://babbar.tech/crawler)"
217.113.194.78 - - [05/Apr/2025:19:37:23 -0400] "GET /buying-messenger-bags-wholesale/ HTTP/1.1" 404 1251 "-" "Mozilla/5.0 (compatible; Barkrowler/0.9; +https://babbar.tech/crawler)"
2a03:2880:f800:12:: - - [05/Apr/2025:19:37:37 -0400] "GET /page/14/ HTTP/1.1" 404 1251 "-" "meta-externalagent/1.1 (+https://developers.facebook.com/docs/sharing/webmasters/crawler)"
217.113.194.76 - - [05/Apr/2025:19:37:38 -0400] "GET /best-places-to-buy-youtube-views/ HTTP/1.1" 404 1251 "-" "Mozilla/5.0 (compatible; Barkrowler/0.9; +https://babbar.tech/crawler)"
217.113.194.80 - - [05/Apr/2025:19:37:54 -0400] "GET /productive-families-in-riyadh/ HTTP/1.1" 404 1251 "-" "Mozilla/5.0 (compatible; Barkrowler/0.9; +https://babbar.tech/crawler)"
217.113.194.78 - - [05/Apr/2025:19:38:09 -0400] "GET /window-shutters-north-east/feed/ HTTP/1.1" 404 1251 "-" "Mozilla/5.0 (compatible; Barkrowler/0.9; +https://babbar.tech/crawler)"
217.113.194.75 - - [05/Apr/2025:19:38:25 -0400] "GET /so-reinigen-sie-kupfer/ HTTP/1.1" 404 1251 "-" "Mozilla/5.0 (compatible; Barkrowler/0.9; +https://babbar.tech/crawler)"
217.113.194.72 - - [05/Apr/2025:19:38:40 -0400] "GET /how-to-clean-silver-necklaces-at-home/ HTTP/1.1" 404 1251 "-" "Mozilla/5.0 (compatible; Barkrowler/0.9; +https://babbar.tech/crawler)"
217.113.194.80 - - [05/Apr/2025:19:38:56 -0400] "GET /forums/users/samakehurst6/ HTTP/1.1" 404 1251 "-" "Mozilla/5.0 (compatible; Barkrowler/0.9; +https://babbar.tech/crawler)"
217.113.194.78 - - [05/Apr/2025:19:39:11 -0400] "GET /a-colorful-journey-into-gaming/ HTTP/1.1" 404 1251 "-" "Mozilla/5.0 (compatible; Barkrowler/0.9; +https://babbar.tech/crawler)"
217.113.194.81 - - [05/Apr/2025:19:39:27 -0400] "GET /the-essence-of-pesach-programs/ HTTP/1.1" 404 1251 "-" "Mozilla/5.0 (compatible; Barkrowler/0.9; +https://babbar.tech/crawler)"
217.113.194.76 - - [05/Apr/2025:19:39:42 -0400] "GET /the-rise-of-a-new-digital-phenomenon/ HTTP/1.1" 404 1251 "-" "Mozilla/5.0 (compatible; Barkrowler/0.9; +https://babbar.tech/crawler)"
217.113.194.74 - - [05/Apr/2025:19:39:58 -0400] "GET /fenben-as-a-cancer-treatment/ HTTP/1.1" 404 1251 "-" "Mozilla/5.0 (compatible; Barkrowler/0.9; +https://babbar.tech/crawler)"
217.113.194.76 - - [05/Apr/2025:19:40:13 -0400] "GET /breast-milk-leak-catcher/feed/ HTTP/1.1" 404 1251 "-" "Mozilla/5.0 (compatible; Barkrowler/0.9; +https://babbar.tech/crawler)"
217.113.194.79 - - [05/Apr/2025:19:40:29 -0400] "GET /how-to-choose-a-personal-injury-lawyer/ HTTP/1.1" 404 1251 "-" "Mozilla/5.0 (compatible; Barkrowler/0.9; +https://babbar.tech/crawler)"
217.113.194.81 - - [05/Apr/2025:19:40:44 -0400] "GET /how-to-get-youtube-live-stream-views/ HTTP/1.1" 404 1251 "-" "Mozilla/5.0 (compatible; Barkrowler/0.9; +https://babbar.tech/crawler)"
217.113.194.73 - - [05/Apr/2025:19:41:00 -0400] "GET /the-basics-of-plastic-injection/ HTTP/1.1" 404 1251 "-" "Mozilla/5.0 (compatible; Barkrowler/0.9; +https://babbar.tech/crawler)"
217.113.194.81 - - [05/Apr/2025:19:41:15 -0400] "GET /forums/users/lester95o5190/ HTTP/1.1" 404 1251 "-" "Mozilla/5.0 (compatible; Barkrowler/0.9; +https://babbar.tech/crawler)"
217.113.194.75 - - [05/Apr/2025:19:41:31 -0400] "GET /how-a-katana-sword-is-made/ HTTP/1.1" 404 1251 "-" "Mozilla/5.0 (compatible; Barkrowler/0.9; +https://babbar.tech/crawler)"
217.113.194.78 - - [05/Apr/2025:19:41:47 -0400] "GET /lilo-and-stitch-teddys/ HTTP/1.1" 404 1251 "-" "Mozilla/5.0 (compatible; Barkrowler/0.9; +https://babbar.tech/crawler)"
217.113.194.78 - - [05/Apr/2025:19:42:02 -0400] "GET /a-guide-to-auschwitz-tours/ HTTP/1.1" 404 1251 "-" "Mozilla/5.0 (compatible; Barkrowler/0.9; +https://babbar.tech/crawler)"
217.113.194.80 - - [05/Apr/2025:19:42:18 -0400] "GET /anavar-use-and-availability-in-canada/ HTTP/1.1" 404 1251 "-" "Mozilla/5.0 (compatible; Barkrowler/0.9; +https://babbar.tech/crawler)"
217.113.194.73 - - [05/Apr/2025:19:42:33 -0400] "GET /how-to-replace-norcold-cooling-units/ HTTP/1.1" 404 1251 "-" "Mozilla/5.0 (compatible; Barkrowler/0.9; +https://babbar.tech/crawler)"
217.113.194.73 - - [05/Apr/2025:19:42:49 -0400] "GET /buy-youtube-views-online-non-drop/ HTTP/1.1" 404 1251 "-" "Mozilla/5.0 (compatible; Barkrowler/0.9; +https://babbar.tech/crawler)"
217.113.194.81 - - [05/Apr/2025:19:43:04 -0400] "GET /the-best-designer-totes-of-2022/ HTTP/1.1" 404 1251 "-" "Mozilla/5.0 (compatible; Barkrowler/0.9; +https://babbar.tech/crawler)"
217.113.194.72 - - [05/Apr/2025:19:43:20 -0400] "GET /what-does-an-electrical-contractor-do/ HTTP/1.1" 404 1251 "-" "Mozilla/5.0 (compatible; Barkrowler/0.9; +https://babbar.tech/crawler)"
217.113.194.75 - - [05/Apr/2025:19:43:35 -0400] "GET /iced-coffee-cups-with-lids/ HTTP/1.1" 404 1251 "-" "Mozilla/5.0 (compatible; Barkrowler/0.9; +https://babbar.tech/crawler)"
217.113.194.79 - - [05/Apr/2025:19:43:51 -0400] "GET /how-to-choose-the-best-car-dealership-hamilton/ HTTP/1.1" 404 1251 "-" "Mozilla/5.0 (compatible; Barkrowler/0.9; +https://babbar.tech/crawler)"
154.54.249.200 - - [05/Apr/2025:19:44:06 -0400] "GET /how-to-choose-the-cheapest-smm-panel/ HTTP/1.1" 404 1251 "-" "Mozilla/5.0 (compatible; Barkrowler/0.9; +https://babbar.tech/crawler)"
217.113.194.74 - - [05/Apr/2025:19:44:22 -0400] "GET /how-to-find-the-best-soccer-grip-socks/feed/ HTTP/1.1" 404 1251 "-" "Mozilla/5.0 (compatible; Barkrowler/0.9; +https://babbar.tech/crawler)"
217.113.194.75 - - [05/Apr/2025:19:44:37 -0400] "GET /why-choose-a-melbourne-chauffeur-service/ HTTP/1.1" 404 1251 "-" "Mozilla/5.0 (compatible; Barkrowler/0.9; +https://babbar.tech/crawler)"
114.119.137.204 - - [05/Apr/2025:19:44:52 -0400] "GET /?NA HTTP/1.1" 200 156172 "https://realjuggahos.com/?NA" "Mozilla/5.0 (Linux; Android 7.0;) AppleWebKit/537.36 (KHTML, like Gecko) Mobile Safari/537.36 (compatible; PetalBot;+https://webmaster.petalsearch.com/site/petalbot)"
217.113.194.72 - - [05/Apr/2025:19:44:53 -0400] "GET /exploring-the-benefits-of-gpu-cloud-services/ HTTP/1.1" 404 1251 "-" "Mozilla/5.0 (compatible; Barkrowler/0.9; +https://babbar.tech/crawler)"
51.222.253.7 - - [05/Apr/2025:19:45:07 -0400] "GET / HTTP/1.1" 304 0 "-" "Mozilla/5.0 (compatible; AhrefsBot/7.0; +http://ahrefs.com/robot/)"
217.113.194.74 - - [05/Apr/2025:19:45:08 -0400] "GET /tailoring-your-resume-to-get-more-interviews/ HTTP/1.1" 404 1251 "-" "Mozilla/5.0 (compatible; Barkrowler/0.9; +https://babbar.tech/crawler)"
217.113.194.77 - - [05/Apr/2025:19:45:26 -0400] "GET /how-to-select-a-custom-socks-manufacturer/ HTTP/1.1" 404 1251 "-" "Mozilla/5.0 (compatible; Barkrowler/0.9; +https://babbar.tech/crawler)"
217.113.194.80 - - [05/Apr/2025:19:45:41 -0400] "GET /enjeux-de-lengouement-pour-les-paris-en-ligne/ HTTP/1.1" 404 1251 "-" "Mozilla/5.0 (compatible; Barkrowler/0.9; +https://babbar.tech/crawler)"
217.113.194.79 - - [05/Apr/2025:19:45:57 -0400] "GET /bedeutung-der-juristischen-nachhilfe/ HTTP/1.1" 404 1251 "-" "Mozilla/5.0 (compatible; Barkrowler/0.9; +https://babbar.tech/crawler)"
217.113.194.76 - - [05/Apr/2025:19:46:12 -0400] "GET /zurich-une-ville-eclairee-par-la-modernite/ HTTP/1.1" 404 1251 "-" "Mozilla/5.0 (compatible; Barkrowler/0.9; +https://babbar.tech/crawler)"
185.191.171.8 - - [05/Apr/2025:19:46:15 -0400] "GET /a-boat-rental-cabo-is-a-great-way-to-get-an-insiders-look-at-cabo-san-lucas/ HTTP/1.1" 404 1251 "-" "Mozilla/5.0 (compatible; SemrushBot/7~bl; +http://www.semrush.com/bot.html)"
217.113.194.76 - - [05/Apr/2025:19:46:28 -0400] "GET /die-schonheit-moderner-hangelampen/ HTTP/1.1" 404 1251 "-" "Mozilla/5.0 (compatible; Barkrowler/0.9; +https://babbar.tech/crawler)"
85.208.96.198 - - [05/Apr/2025:19:46:38 -0400] "GET /how-to-do-your-taxes-at-home/ HTTP/1.1" 404 1251 "-" "Mozilla/5.0 (compatible; SemrushBot/7~bl; +http://www.semrush.com/bot.html)"
217.113.194.81 - - [05/Apr/2025:19:46:43 -0400] "GET /is-fenben-cancer-treatment-effective/ HTTP/1.1" 404 1251 "-" "Mozilla/5.0 (compatible; Barkrowler/0.9; +https://babbar.tech/crawler)"
217.113.194.80 - - [05/Apr/2025:19:46:59 -0400] "GET /essential-benefits-of-a-business-trip-massage/ HTTP/1.1" 404 1251 "-" "Mozilla/5.0 (compatible; Barkrowler/0.9; +https://babbar.tech/crawler)"
154.54.249.200 - - [05/Apr/2025:19:47:14 -0400] "GET /comment-concevoir-une-affiche-scientifique/ HTTP/1.1" 404 1251 "-" "Mozilla/5.0 (compatible; Barkrowler/0.9; +https://babbar.tech/crawler)"
47.128.111.150 - - [05/Apr/2025:19:47:26 -0400] "GET /den-glanz-von-angelaufenem-silber-wiederherstellen-eine-anleitung-zur-reinigung-von-geschwarztem-silber/ HTTP/1.1" 404 1251 "-" "Mozilla/5.0 (Linux; Android 5.0) AppleWebKit/537.36 (KHTML, like Gecko) Mobile Safari/537.36 (compatible; TikTokSpider; ttspider-feedback@tiktok.com)"
217.113.194.77 - - [05/Apr/2025:19:47:30 -0400] "GET /how-you-take-advantage-of-online-poker-free-money/ HTTP/1.1" 404 1251 "-" "Mozilla/5.0 (compatible; Barkrowler/0.9; +https://babbar.tech/crawler)"
217.113.194.81 - - [05/Apr/2025:19:47:45 -0400] "GET /discovering-the-perfect-home-in-portland-oregon/ HTTP/1.1" 404 1251 "-" "Mozilla/5.0 (compatible; Barkrowler/0.9; +https://babbar.tech/crawler)"
217.113.194.78 - - [05/Apr/2025:19:48:01 -0400] "GET /ein-leitfaden-fur-geschaftsinhaber/ HTTP/1.1" 404 1251 "-" "Mozilla/5.0 (compatible; Barkrowler/0.9; +https://babbar.tech/crawler)"
217.113.194.72 - - [05/Apr/2025:19:48:16 -0400] "GET /vita-glow-skin-whitening-night-cream-review/ HTTP/1.1" 404 1251 "-" "Mozilla/5.0 (compatible; Barkrowler/0.9; +https://babbar.tech/crawler)"
217.113.194.75 - - [05/Apr/2025:19:48:32 -0400] "GET /vita-glow-skin-whitening-night-cream/ HTTP/1.1" 404 1251 "-" "Mozilla/5.0 (compatible; Barkrowler/0.9; +https://babbar.tech/crawler)"
217.113.194.81 - - [05/Apr/2025:19:48:47 -0400] "GET /types-of-backup-and-disaster-recovery-solutions/ HTTP/1.1" 404 1251 "-" "Mozilla/5.0 (compatible; Barkrowler/0.9; +https://babbar.tech/crawler)"
217.113.194.72 - - [05/Apr/2025:19:49:03 -0400] "GET /navigating-the-anyone-protocol-staking-dashboard/feed/ HTTP/1.1" 404 1251 "-" "Mozilla/5.0 (compatible; Barkrowler/0.9; +https://babbar.tech/crawler)"
217.113.194.75 - - [05/Apr/2025:19:49:18 -0400] "GET /professioneller-umzugsservice-in-luneburg/ HTTP/1.1" 404 1251 "-" "Mozilla/5.0 (compatible; Barkrowler/0.9; +https://babbar.tech/crawler)"
2a03:2880:f800:10:: - - [05/Apr/2025:19:49:33 -0400] "GET /page/17/ HTTP/1.1" 404 1251 "-" "meta-externalagent/1.1 (+https://developers.facebook.com/docs/sharing/webmasters/crawler)"
217.113.194.79 - - [05/Apr/2025:19:49:34 -0400] "GET /gelules-dhuile-de-graines-de-chanvre/ HTTP/1.1" 404 1251 "-" "Mozilla/5.0 (compatible; Barkrowler/0.9; +https://babbar.tech/crawler)"
217.113.194.79 - - [05/Apr/2025:19:49:49 -0400] "GET /ceramic-coating-for-cars-does-it-really-work/ HTTP/1.1" 404 1251 "-" "Mozilla/5.0 (compatible; Barkrowler/0.9; +https://babbar.tech/crawler)"
217.113.194.78 - - [05/Apr/2025:19:50:05 -0400] "GET /travel-tips-to-help-you-get-the-most-out-of-your-trip/ HTTP/1.1" 404 1251 "-" "Mozilla/5.0 (compatible; Barkrowler/0.9; +https://babbar.tech/crawler)"
154.54.249.200 - - [05/Apr/2025:19:50:21 -0400] "GET /lip-stain-how-to-choose-a-lip-stain/ HTTP/1.1" 404 1251 "-" "Mozilla/5.0 (compatible; Barkrowler/0.9; +https://babbar.tech/crawler)"
2a02:598:64:8a00::3100:0 - - [05/Apr/2025:19:50:26 -0400] "GET /a-career-in-health-and-social-care/ HTTP/1.1" 404 1251 "-" "Mozilla/5.0 (compatible; SeznamBot/4.0; +https://o-seznam.cz/napoveda/vyhledavani/en/seznambot-crawler/)"
217.113.194.77 - - [05/Apr/2025:19:50:36 -0400] "GET /what-residential-locksmith-services-can-do-for-you/ HTTP/1.1" 404 1251 "-" "Mozilla/5.0 (compatible; Barkrowler/0.9; +https://babbar.tech/crawler)"
154.54.249.200 - - [05/Apr/2025:19:50:52 -0400] "GET /a-dewormer-for-cancer-could-be-dangerous/ HTTP/1.1" 404 1251 "-" "Mozilla/5.0 (compatible; Barkrowler/0.9; +https://babbar.tech/crawler)"
217.113.194.73 - - [05/Apr/2025:19:51:07 -0400] "GET /choosing-the-right-style-of-conservatory-roof/ HTTP/1.1" 404 1251 "-" "Mozilla/5.0 (compatible; Barkrowler/0.9; +https://babbar.tech/crawler)"
217.113.194.75 - - [05/Apr/2025:19:51:23 -0400] "GET /the-perfect-way-to-unwind-during-business-trips/ HTTP/1.1" 404 1251 "-" "Mozilla/5.0 (compatible; Barkrowler/0.9; +https://babbar.tech/crawler)"
217.113.194.77 - - [05/Apr/2025:19:51:38 -0400] "GET /what-you-should-know-about-military-gas-masks-for-sale/ HTTP/1.1" 404 1251 "-" "Mozilla/5.0 (compatible; Barkrowler/0.9; +https://babbar.tech/crawler)"
2a02:598:96:8a00::1200:122 - - [05/Apr/2025:19:51:52 -0400] "GET /moving-quotes-the-half-truth-you-dont-know-about/ HTTP/1.1" 404 1251 "-" "Mozilla/5.0 (compatible; SeznamBot/4.0; +https://o-seznam.cz/napoveda/vyhledavani/en/seznambot-crawler/)"
217.113.194.75 - - [05/Apr/2025:19:51:54 -0400] "GET /expertenrat-scheidungsanwalt-in-hattingen/ HTTP/1.1" 404 1251 "-" "Mozilla/5.0 (compatible; Barkrowler/0.9; +https://babbar.tech/crawler)"
217.113.194.73 - - [05/Apr/2025:19:52:09 -0400] "GET /how-to-get-approved-for-a-personal-loan-for-foreigners/feed/ HTTP/1.1" 404 1251 "-" "Mozilla/5.0 (compatible; Barkrowler/0.9; +https://babbar.tech/crawler)"
217.113.194.81 - - [05/Apr/2025:19:52:25 -0400] "GET /using-energy-bracelets-to-manifest-your-intentions-and-goals/ HTTP/1.1" 404 1251 "-" "Mozilla/5.0 (compatible; Barkrowler/0.9; +https://babbar.tech/crawler)"
217.113.194.79 - - [05/Apr/2025:19:52:40 -0400] "GET /optimisation-de-la-presence-numerique-pour-les-petites-entreprises/ HTTP/1.1" 404 1251 "-" "Mozilla/5.0 (compatible; Barkrowler/0.9; +https://babbar.tech/crawler)"
180.102.110.161 - - [05/Apr/2025:19:52:41 -0400] "GET / HTTP/1.1" 200 156172 "-" "Sogou web spider/4.0(+http://www.sogou.com/docs/help/webmasters.htm#07)"
217.113.194.76 - - [05/Apr/2025:19:52:56 -0400] "GET /entdecke-deinen-perfekten-gitarrenlehrer/ HTTP/1.1" 404 1251 "-" "Mozilla/5.0 (compatible; Barkrowler/0.9; +https://babbar.tech/crawler)"
217.113.194.81 - - [05/Apr/2025:19:53:11 -0400] "GET /hiring-a-professional-photographer-for-your-dating-profile/ HTTP/1.1" 404 1251 "-" "Mozilla/5.0 (compatible; Barkrowler/0.9; +https://babbar.tech/crawler)"
217.113.194.77 - - [05/Apr/2025:19:53:27 -0400] "GET /unlocking-wellness-the-role-of-chiropractors-in-dubai/ HTTP/1.1" 404 1251 "-" "Mozilla/5.0 (compatible; Barkrowler/0.9; +https://babbar.tech/crawler)"
217.113.194.81 - - [05/Apr/2025:19:53:43 -0400] "GET /tiktok-saves-why-buy-tiktok-saves/feed/ HTTP/1.1" 404 1251 "-" "Mozilla/5.0 (compatible; Barkrowler/0.9; +https://babbar.tech/crawler)"
217.113.194.76 - - [05/Apr/2025:19:53:58 -0400] "GET /voraussetzungen-fur-eine-karriere-als-steuerberater/feed/ HTTP/1.1" 404 1251 "-" "Mozilla/5.0 (compatible; Barkrowler/0.9; +https://babbar.tech/crawler)"
217.113.194.78 - - [05/Apr/2025:19:54:14 -0400] "GET /scopri-il-paradiso-resort-sul-lago-di-garda/feed/ HTTP/1.1" 404 1251 "-" "Mozilla/5.0 (compatible; Barkrowler/0.9; +https://babbar.tech/crawler)"
217.113.194.79 - - [05/Apr/2025:19:54:29 -0400] "GET /ihr-leitfaden-fur-einen-stressfreien-umzug/ HTTP/1.1" 404 1251 "-" "Mozilla/5.0 (compatible; Barkrowler/0.9; +https://babbar.tech/crawler)"
217.113.194.72 - - [05/Apr/2025:19:54:45 -0400] "GET /lelegance-fonctionnelle-un-guide-pour-lameublement-de-bureau/ HTTP/1.1" 404 1251 "-" "Mozilla/5.0 (compatible; Barkrowler/0.9; +https://babbar.tech/crawler)"
217.113.194.80 - - [05/Apr/2025:19:55:00 -0400] "GET /maximizing-youtube-engagement-understanding-the-value-of-buying-views/ HTTP/1.1" 404 1251 "-" "Mozilla/5.0 (compatible; Barkrowler/0.9; +https://babbar.tech/crawler)"
217.113.194.80 - - [05/Apr/2025:19:55:16 -0400] "GET /how-a-tax-advisor-can-help-you-minimize-your-tax-liabilities/ HTTP/1.1" 404 1251 "-" "Mozilla/5.0 (compatible; Barkrowler/0.9; +https://babbar.tech/crawler)"
154.54.249.200 - - [05/Apr/2025:19:55:31 -0400] "GET /la-publicite-par-drapeaux-une-strategie-visuelle-impactante/feed/ HTTP/1.1" 404 1251 "-" "Mozilla/5.0 (compatible; Barkrowler/0.9; +https://babbar.tech/crawler)"
217.113.194.74 - - [05/Apr/2025:19:55:47 -0400] "GET /effiziente-haushaltsauflosungen-in-luneburg/ HTTP/1.1" 404 1251 "-" "Mozilla/5.0 (compatible; Barkrowler/0.9; +https://babbar.tech/crawler)"
85.208.96.206 - - [05/Apr/2025:19:55:57 -0400] "GET /the-importance-of-personalized-law-tutoring/ HTTP/1.1" 404 1251 "-" "Mozilla/5.0 (compatible; SemrushBot/7~bl; +http://www.semrush.com/bot.html)"
217.113.194.77 - - [05/Apr/2025:19:56:02 -0400] "GET /dachdecker-fachbetrieb-fur-hamburg-und-umgebung/ HTTP/1.1" 404 1251 "-" "Mozilla/5.0 (compatible; Barkrowler/0.9; +https://babbar.tech/crawler)"
217.113.194.73 - - [05/Apr/2025:19:56:18 -0400] "GET /dp/B091G4D95D?ref=MarsFS_eero_en HTTP/1.1" 404 1251 "-" "Mozilla/5.0 (compatible; Barkrowler/0.9; +https://babbar.tech/crawler)"
217.113.194.80 - - [05/Apr/2025:19:56:33 -0400] "GET /dp/B091G668JP?ref=MarsFS_eero_en HTTP/1.1" 404 1251 "-" "Mozilla/5.0 (compatible; Barkrowler/0.9; +https://babbar.tech/crawler)"
217.113.194.72 - - [05/Apr/2025:19:56:49 -0400] "GET /wholesale-paper-bags-in-london-for-sale-hold-at-any-journey/ HTTP/1.1" 404 1251 "-" "Mozilla/5.0 (compatible; Barkrowler/0.9; +https://babbar.tech/crawler)"
217.113.194.81 - - [05/Apr/2025:19:57:04 -0400] "GET /lelegance-fonctionnelle-un-guide-pour-lameublement-de-bureau/feed/ HTTP/1.1" 404 1251 "-" "Mozilla/5.0 (compatible; Barkrowler/0.9; +https://babbar.tech/crawler)"
154.54.249.200 - - [05/Apr/2025:19:57:20 -0400] "GET /premium-bathroom-renovation-services-in-melbournes-western-suburbs/ HTTP/1.1" 404 1251 "-" "Mozilla/5.0 (compatible; Barkrowler/0.9; +https://babbar.tech/crawler)"
217.113.194.75 - - [05/Apr/2025:19:57:35 -0400] "GET /dp/B07NQ7HNHY?ref=MarsFS_AUCC_oe HTTP/1.1" 404 1251 "-" "Mozilla/5.0 (compatible; Barkrowler/0.9; +https://babbar.tech/crawler)"
217.113.194.80 - - [05/Apr/2025:19:57:51 -0400] "GET /dp/B085PVB5BP?ref=MarsFS_eero_c HTTP/1.1" 404 1251 "-" "Mozilla/5.0 (compatible; Barkrowler/0.9; +https://babbar.tech/crawler)"
217.113.194.76 - - [05/Apr/2025:19:58:06 -0400] "GET /dp/B085G63QHT?ref=MarsFS_AUCC_lr HTTP/1.1" 404 1251 "-" "Mozilla/5.0 (compatible; Barkrowler/0.9; +https://babbar.tech/crawler)"
217.113.194.78 - - [05/Apr/2025:19:58:22 -0400] "GET /dp/B084NTF5ZY?ref=MarsFS_AUCC_ta HTTP/1.1" 404 1251 "-" "Mozilla/5.0 (compatible; Barkrowler/0.9; +https://babbar.tech/crawler)"
217.113.194.74 - - [05/Apr/2025:19:58:37 -0400] "GET /dp/B09WXH9BH7?ref=MarsFS_AUCC_ch HTTP/1.1" 404 1251 "-" "Mozilla/5.0 (compatible; Barkrowler/0.9; +https://babbar.tech/crawler)"
217.113.194.72 - - [05/Apr/2025:19:58:53 -0400] "GET /dp/B0C2RXN77R?ref=MarsFS_AUCC_es HTTP/1.1" 404 1251 "-" "Mozilla/5.0 (compatible; Barkrowler/0.9; +https://babbar.tech/crawler)"
217.113.194.78 - - [05/Apr/2025:19:59:08 -0400] "GET /dp/B0BLS3H65Z?ref=MarsFS_AUCC_ath HTTP/1.1" 404 1251 "-" "Mozilla/5.0 (compatible; Barkrowler/0.9; +https://babbar.tech/crawler)"
