Server IP : 104.21.46.188 / Your IP : 3.131.82.143 Web Server : LiteSpeed System : Linux business31.web-hosting.com 4.18.0-553.16.1.lve.1.el8.x86_64 #1 SMP Mon Sep 23 20:16:18 UTC 2024 x86_64 User : varizmol ( 2121) PHP Version : 8.0.30 Disable Function : NONE MySQL : OFF | cURL : ON | WGET : ON | Perl : ON | Python : ON | Sudo : OFF | Pkexec : OFF Directory : /home/varizmol/access-logs/ |
Upload File : |
114.119.150.120 - - [29/Mar/2025:18:41:00 -0400] "GET /review/create-review/ref=cm_cr_dp_d_wr_but_top?ie=UTF8&channel=glance-detail&=B0DG4WZZPV HTTP/1.1" 404 1251 "https://realjuggahos.com/?MD" "Mozilla/5.0 (Linux; Android 7.0;) AppleWebKit/537.36 (KHTML, like Gecko) Mobile Safari/537.36 (compatible; PetalBot;+https://webmaster.petalsearch.com/site/petalbot)"
85.208.98.16 - - [29/Mar/2025:18:41:35 -0400] "GET /finding-an-orthodontist-in-woodland-hills/ HTTP/1.1" 404 1251 "-" "Mozilla/5.0 (compatible; SemrushBot-BA; +http://www.semrush.com/bot.html)"
47.128.122.11 - - [29/Mar/2025:18:44:43 -0400] "GET /best-youtube-subscriber-buy-where-to-buy-youtube-subscribers/ HTTP/1.1" 404 1251 "-" "Mozilla/5.0 (Linux; Android 5.0) AppleWebKit/537.36 (KHTML, like Gecko) Mobile Safari/537.36 (compatible; TikTokSpider; ttspider-feedback@tiktok.com)"
51.222.253.17 - - [29/Mar/2025:18:50:30 -0400] "GET /navigating-loan-options-for-foreigners-in-singapore/ HTTP/1.1" 404 1251 "-" "Mozilla/5.0 (compatible; AhrefsBot/7.0; +http://ahrefs.com/robot/)"
136.243.228.198 - - [29/Mar/2025:18:51:30 -0400] "GET /buying-messenger-bags-wholesale/ HTTP/1.1" 404 1251 "-" "Mozilla/5.0 (compatible; DataForSeoBot/1.0; +https://dataforseo.com/dataforseo-bot)"
47.128.41.19 - - [29/Mar/2025:18:56:06 -0400] "GET /product-reviews/B0DG4WZZPV/ref=acr_dp_hist_4?filterByStar=four_star&ie=UTF8&reviewerType=all_reviews HTTP/1.1" 404 1251 "-" "Mozilla/5.0 (Linux; Android 5.0) AppleWebKit/537.36 (KHTML, like Gecko) Mobile Safari/537.36 (compatible; Bytespider; spider-feedback@bytedance.com)"
209.58.151.243 - - [29/Mar/2025:18:56:26 -0400] "GET /non-conducting-thermal-paste/ HTTP/1.1" 404 1251 "-" "Mozilla/5.0 (X11; Linux i686) AppleWebKit/537.36 (KHTML, like Gecko) Chrome/114.0.0.0 Safari/537.36 Vivaldi/5.3.2679.68"
209.58.151.243 - - [29/Mar/2025:18:56:26 -0400] "GET / HTTP/1.1" 200 156172 "-" "Mozilla/5.0 (X11; Linux i686) AppleWebKit/537.36 (KHTML, like Gecko) Chrome/114.0.0.0 Safari/537.36 Vivaldi/5.3.2679.68"
209.58.151.243 - - [29/Mar/2025:18:56:28 -0400] "GET /s/ref=nb_sb_noss?url=search-alias%3Dwarehouse-deals&field-keywords= HTTP/1.1" 404 1251 "https://realjuggahos.com" "Mozilla/5.0 (X11; Linux i686) AppleWebKit/537.36 (KHTML, like Gecko) Chrome/114.0.0.0 Safari/537.36 Vivaldi/5.3.2679.68"
209.58.151.243 - - [29/Mar/2025:18:56:28 -0400] "GET /s/ref=nb_sb_noss?url=search-alias%3Dwarehouse-deals&field-keywords= HTTP/1.1" 404 1251 "https://realjuggahos.com" "Mozilla/5.0 (X11; Linux i686) AppleWebKit/537.36 (KHTML, like Gecko) Chrome/114.0.0.0 Safari/537.36 Vivaldi/5.3.2679.68"
209.58.151.243 - - [29/Mar/2025:18:56:29 -0400] "GET /s/ref=nb_sb_noss?url=search-alias%3Dwarehouse-deals&field-keywords= HTTP/1.1" 404 1251 "https://realjuggahos.com" "Mozilla/5.0 (X11; Linux i686) AppleWebKit/537.36 (KHTML, like Gecko) Chrome/114.0.0.0 Safari/537.36 Vivaldi/5.3.2679.68"
209.58.151.243 - - [29/Mar/2025:18:56:29 -0400] "GET /s/ref=nb_sb_noss?url=search-alias%3Dwarehouse-deals&field-keywords= HTTP/1.1" 404 1251 "https://realjuggahos.com" "Mozilla/5.0 (X11; Linux i686) AppleWebKit/537.36 (KHTML, like Gecko) Chrome/114.0.0.0 Safari/537.36 Vivaldi/5.3.2679.68"
38.70.138.163 - - [29/Mar/2025:18:56:29 -0400] "GET /non-conducting-thermal-paste/ HTTP/1.1" 404 1251 "-" "Mozilla/5.0 (X11; Linux i686) AppleWebKit/537.36 (KHTML, like Gecko) Chrome/114.0.0.0 Safari/537.36 Vivaldi/5.3.2679.68"
43.156.217.156 - - [29/Mar/2025:19:00:25 -0400] "GET /gluten-free-brownies/ HTTP/1.1" 404 1251 "https://realjuggahos.com" "Mozilla/5.0 (Windows NT 10.0; Win64; x64) AppleWebKit/537.36 (KHTML, like Gecko) Chrome/62.0.3202.94 Safari/537.36"
43.156.217.156 - - [29/Mar/2025:19:00:26 -0400] "GET /gluten-free-brownies/ HTTP/1.1" 404 1251 "https://realjuggahos.com" "Mozilla/5.0 (Windows NT 10.0; Win64; x64) AppleWebKit/537.36 (KHTML, like Gecko) Chrome/62.0.3202.94 Safari/537.36"
43.156.217.156 - - [29/Mar/2025:19:00:27 -0400] "GET /gluten-free-brownies/ HTTP/1.1" 404 1251 "https://realjuggahos.com" "Mozilla/5.0 (Windows NT 10.0; Win64; x64) AppleWebKit/537.36 (KHTML, like Gecko) Chrome/62.0.3202.94 Safari/537.36"
43.156.217.156 - - [29/Mar/2025:19:00:29 -0400] "GET /gluten-free-brownies/ HTTP/1.1" 404 1251 "https://realjuggahos.com" "Mozilla/5.0 (Windows NT 10.0; Win64; x64) AppleWebKit/537.36 (KHTML, like Gecko) Chrome/62.0.3202.94 Safari/537.36"
47.128.121.56 - - [29/Mar/2025:19:00:54 -0400] "GET /appreciating-a-mans-contribution-to-relationships/ HTTP/1.1" 404 1251 "-" "Mozilla/5.0 (Linux; Android 5.0) AppleWebKit/537.36 (KHTML, like Gecko) Mobile Safari/537.36 (compatible; TikTokSpider; ttspider-feedback@tiktok.com)"
93.183.93.32 - - [29/Mar/2025:19:03:44 -0400] "GET /top-5-uk-cbd-gummies/ HTTP/1.1" 404 1251 "https://realjuggahos.com/top-5-uk-cbd-gummies/" "Mozilla/5.0 (Windows NT 10.0; Win64; x64) AppleWebKit/537.36 (KHTML, like Gecko) Chrome/129.0.0.0 Safari/537.36"
93.183.93.32 - - [29/Mar/2025:19:03:44 -0400] "GET / HTTP/1.1" 200 156172 "https://realjuggahos.com/" "Mozilla/5.0 (Windows NT 10.0; Win64; x64) AppleWebKit/537.36 (KHTML, like Gecko) Chrome/129.0.0.0 Safari/537.36"
47.238.13.11 - - [29/Mar/2025:19:04:04 -0400] "GET /page-sitemap.xml HTTP/1.1" 404 1251 "-" "Mozilla/5.0 (Macintosh; Intel Mac OS X 10_15_7) AppleWebKit/537.36 (KHTML, like Gecko) Chrome/109.0.0.0 Safari/537.36"
157.55.39.62 - - [29/Mar/2025:19:06:03 -0400] "GET /buy-youtube-comments-from-a-trusted-source/ HTTP/1.1" 404 1251 "-" "Mozilla/5.0 AppleWebKit/537.36 (KHTML, like Gecko; compatible; bingbot/2.0; +http://www.bing.com/bingbot.htm) Chrome/116.0.1938.76 Safari/537.36"
167.253.67.14 - - [29/Mar/2025:19:08:40 -0400] "GET /forums/users/andersoncapehart/ HTTP/1.1" 404 1251 "-" "Mozilla/5.0 (Macintosh; Intel Mac OS X 12_5) AppleWebKit/537.36 (KHTML, like Gecko) Chrome/114.0.0.0 YaBrowser/22.7.0 Yowser/2.5 Safari/537.36"
167.253.67.14 - - [29/Mar/2025:19:08:41 -0400] "GET / HTTP/1.1" 200 156172 "-" "Mozilla/5.0 (Macintosh; Intel Mac OS X 12_5) AppleWebKit/537.36 (KHTML, like Gecko) Chrome/114.0.0.0 YaBrowser/22.7.0 Yowser/2.5 Safari/537.36"
114.119.137.204 - - [29/Mar/2025:19:09:05 -0400] "GET /forums/users/jaredhargrove20/ HTTP/1.1" 404 1251 "http://www.15forum.com/printthread.php?tid=411350" "Mozilla/5.0 (Linux; Android 7.0;) AppleWebKit/537.36 (KHTML, like Gecko) Mobile Safari/537.36 (compatible; PetalBot;+https://webmaster.petalsearch.com/site/petalbot)"
52.167.144.202 - - [29/Mar/2025:19:11:09 -0400] "GET /eternal-chronometry-decoding-the-perpetual-calendars-timeless-precision/feed/ HTTP/1.1" 404 1251 "-" "Mozilla/5.0 AppleWebKit/537.36 (KHTML, like Gecko; compatible; bingbot/2.0; +http://www.bing.com/bingbot.htm) Chrome/116.0.1938.76 Safari/537.36"
51.222.253.9 - - [29/Mar/2025:19:13:41 -0400] "GET /how-to-clean-silver-necklaces-at-home/feed/ HTTP/1.1" 404 1251 "-" "Mozilla/5.0 (compatible; AhrefsBot/7.0; +http://ahrefs.com/robot/)"
66.249.66.169 - - [29/Mar/2025:19:17:10 -0400] "GET /car-locksmith-services/ HTTP/1.1" 404 1251 "-" "Mozilla/5.0 (Linux; Android 6.0.1; Nexus 5X Build/MMB29P) AppleWebKit/537.36 (KHTML, like Gecko) Chrome/134.0.6998.165 Mobile Safari/537.36 (compatible; Googlebot/2.1; +http://www.google.com/bot.html)"
107.189.1.220 - - [29/Mar/2025:19:17:53 -0400] "GET / HTTP/1.1" 200 156172 "https://realjuggahos.com" "Mozilla/5.0 (Macintosh; Intel Mac OS X 10_12_6) AppleWebKit/537.36 (KHTML, like Gecko) Chrome/61.0.3163.100 Safari/537.36"
107.189.1.220 - - [29/Mar/2025:19:17:55 -0400] "GET /wp-login.php HTTP/1.1" 200 1740 "https://realjuggahos.com" "Mozilla/5.0 (Macintosh; Intel Mac OS X 10_12_6) AppleWebKit/537.36 (KHTML, like Gecko) Chrome/61.0.3163.100 Safari/537.36"
47.79.62.82 - - [29/Mar/2025:19:19:55 -0400] "GET / HTTP/1.1" 200 156172 "https://www.google.com/" "Mozilla/5.0 (Linux; Android 10; K) AppleWebKit/537.36 (KHTML, like Gecko) Chrome/132.0.0.0 Mobile Safari/537.36"
43.156.217.156 - - [29/Mar/2025:19:26:38 -0400] "GET /immobilienkredit/ HTTP/1.1" 404 1251 "https://realjuggahos.com" "Mozilla/5.0 (Windows NT 10.0; Win64; x64) AppleWebKit/537.36 (KHTML, like Gecko) Chrome/62.0.3202.94 Safari/537.36"
43.156.217.156 - - [29/Mar/2025:19:26:39 -0400] "GET /immobilienkredit/ HTTP/1.1" 404 1251 "https://realjuggahos.com" "Mozilla/5.0 (Windows NT 10.0; Win64; x64) AppleWebKit/537.36 (KHTML, like Gecko) Chrome/62.0.3202.94 Safari/537.36"
43.156.217.156 - - [29/Mar/2025:19:26:40 -0400] "GET /immobilienkredit/ HTTP/1.1" 404 1251 "https://realjuggahos.com" "Mozilla/5.0 (Windows NT 10.0; Win64; x64) AppleWebKit/537.36 (KHTML, like Gecko) Chrome/62.0.3202.94 Safari/537.36"
43.156.217.156 - - [29/Mar/2025:19:26:40 -0400] "GET /immobilienkredit/ HTTP/1.1" 404 1251 "https://realjuggahos.com" "Mozilla/5.0 (Windows NT 10.0; Win64; x64) AppleWebKit/537.36 (KHTML, like Gecko) Chrome/62.0.3202.94 Safari/537.36"
178.170.197.176 - - [29/Mar/2025:19:28:57 -0400] "GET /wp-content/uploads/2020/06/104133761_3235417426489430_6647342235130461800_n.jpg HTTP/1.1" 404 1251 "-" "Mozilla/5.0 (Windows NT 10.0; Win64; x64) AppleWebKit/537.36 (KHTML, like Gecko) Chrome/120.0.0.0 Safari/537.36"
2001:4ca0:108:42::24 - - [29/Mar/2025:19:29:23 -0400] "GET /robots.txt HTTP/1.1" 304 0 "-" "Mozilla/5.0 (Windows NT 10.0; Win64; x64) AppleWebKit/537.36 (KHTML, like Gecko) Chrome/103.0.5060.134 Safari/537.36"
51.159.7.211 - - [29/Mar/2025:19:31:30 -0400] "GET /app-ads.txt HTTP/1.1" 404 1251 "-" "-"
62.3.13.50 - - [29/Mar/2025:19:32:19 -0400] "GET /wp-login.php HTTP/1.1" 200 1740 "-" "Mozilla/5.0 (Windows NT 10.0; WOW64; rv:45.0) Gecko/20100101 Firefox/45.0"
62.3.13.50 - - [29/Mar/2025:19:32:20 -0400] "GET /wp-login.php HTTP/1.1" 200 1740 "-" "Mozilla/5.0 (Windows NT 10.0; WOW64; rv:45.0) Gecko/20100101 Firefox/45.0"
62.3.13.50 - - [29/Mar/2025:19:32:20 -0400] "POST /wp-login.php HTTP/1.1" 403 6328 "https://realjuggahos.com/wp-login.php" "Mozilla/5.0 (Windows NT 10.0; WOW64; rv:45.0) Gecko/20100101 Firefox/45.0"
62.3.13.50 - - [29/Mar/2025:19:32:21 -0400] "GET /wp-admin/ HTTP/1.1" 403 6328 "-" "Mozilla/5.0 (Windows NT 10.0; WOW64; rv:45.0) Gecko/20100101 Firefox/45.0"
62.3.13.50 - - [29/Mar/2025:19:32:22 -0400] "GET /wp-login.php HTTP/1.1" 200 1740 "-" "Mozilla/5.0 (Windows NT 10.0; Win64; x64) AppleWebKit/537.36 (KHTML, like Gecko) Chrome/131.0.0.0 Safari/537.36"
62.3.13.50 - - [29/Mar/2025:19:32:23 -0400] "GET /?wordfence_syncAttackData=1743238086.1884 HTTP/1.1" 200 156172 "https://realjuggahos.com/wp-login.php" "Mozilla/5.0 (Windows NT 10.0; Win64; x64) AppleWebKit/537.36 (KHTML, like Gecko) Chrome/131.0.0.0 Safari/537.36"
62.3.13.50 - - [29/Mar/2025:19:32:23 -0400] "GET /wp-admin/load-scripts.php?c=1&load%5Bchunk_0%5D=clipboard,jquery-core,jquery-migrate,zxcvbn-async,wp-hooks&ver=6.7.2 HTTP/1.1" 200 39869 "https://realjuggahos.com/wp-login.php" "Mozilla/5.0 (Windows NT 10.0; Win64; x64) AppleWebKit/537.36 (KHTML, like Gecko) Chrome/131.0.0.0 Safari/537.36"
62.3.13.50 - - [29/Mar/2025:19:32:23 -0400] "GET /wp-includes/js/dist/dom-ready.min.js?ver=f77871ff7694fffea381 HTTP/1.1" 200 275 "https://realjuggahos.com/wp-login.php" "Mozilla/5.0 (Windows NT 10.0; Win64; x64) AppleWebKit/537.36 (KHTML, like Gecko) Chrome/131.0.0.0 Safari/537.36"
62.3.13.50 - - [29/Mar/2025:19:32:23 -0400] "GET /wp-includes/js/wp-util.min.js?ver=6.7.2 HTTP/1.1" 200 690 "https://realjuggahos.com/wp-login.php" "Mozilla/5.0 (Windows NT 10.0; Win64; x64) AppleWebKit/537.36 (KHTML, like Gecko) Chrome/131.0.0.0 Safari/537.36"
62.3.13.50 - - [29/Mar/2025:19:32:23 -0400] "GET /wp-includes/js/dist/i18n.min.js?ver=5e580eb46a90c2b997e6 HTTP/1.1" 200 3542 "https://realjuggahos.com/wp-login.php" "Mozilla/5.0 (Windows NT 10.0; Win64; x64) AppleWebKit/537.36 (KHTML, like Gecko) Chrome/131.0.0.0 Safari/537.36"
62.3.13.50 - - [29/Mar/2025:19:32:23 -0400] "GET /wp-includes/js/dist/a11y.min.js?ver=3156534cc54473497e14 HTTP/1.1" 200 827 "https://realjuggahos.com/wp-login.php" "Mozilla/5.0 (Windows NT 10.0; Win64; x64) AppleWebKit/537.36 (KHTML, like Gecko) Chrome/131.0.0.0 Safari/537.36"
62.3.13.50 - - [29/Mar/2025:19:32:23 -0400] "GET /wp-includes/js/underscore.min.js?ver=1.13.7 HTTP/1.1" 200 7197 "https://realjuggahos.com/wp-login.php" "Mozilla/5.0 (Windows NT 10.0; Win64; x64) AppleWebKit/537.36 (KHTML, like Gecko) Chrome/131.0.0.0 Safari/537.36"
62.3.13.50 - - [29/Mar/2025:19:32:23 -0400] "GET /wp-admin/js/user-profile.min.js?ver=6.7.2 HTTP/1.1" 200 2388 "https://realjuggahos.com/wp-login.php" "Mozilla/5.0 (Windows NT 10.0; Win64; x64) AppleWebKit/537.36 (KHTML, like Gecko) Chrome/131.0.0.0 Safari/537.36"
62.3.13.50 - - [29/Mar/2025:19:32:23 -0400] "GET /wp-admin/js/password-strength-meter.min.js?ver=6.7.2 HTTP/1.1" 200 558 "https://realjuggahos.com/wp-login.php" "Mozilla/5.0 (Windows NT 10.0; Win64; x64) AppleWebKit/537.36 (KHTML, like Gecko) Chrome/131.0.0.0 Safari/537.36"
62.3.13.50 - - [29/Mar/2025:19:32:24 -0400] "GET /wp-includes/js/zxcvbn.min.js HTTP/1.1" 200 389493 "https://realjuggahos.com/wp-login.php" "Mozilla/5.0 (Windows NT 10.0; Win64; x64) AppleWebKit/537.36 (KHTML, like Gecko) Chrome/131.0.0.0 Safari/537.36"
185.220.101.101 - - [29/Mar/2025:19:32:26 -0400] "GET / HTTP/1.1" 200 156172 "https://realjuggahos.com" "Mozilla/5.0 (Windows NT 6.1) AppleWebKit/537.36 (KHTML, like Gecko) Chrome/86.0.4240.75 Safari/537.36"
198.54.114.83 - - [29/Mar/2025:19:32:36 -0400] "POST /wp-cron.php?doing_wp_cron=1743291156.4045801162719726562500 HTTP/1.1" 200 0 "-" "WordPress/6.7.2; https://realjuggahos.com"
62.3.13.50 - - [29/Mar/2025:19:32:32 -0400] "POST /wp-login.php HTTP/1.1" 200 1873 "https://realjuggahos.com/wp-login.php" "Mozilla/5.0 (Windows NT 10.0; Win64; x64) AppleWebKit/537.36 (KHTML, like Gecko) Chrome/131.0.0.0 Safari/537.36"
62.3.13.50 - - [29/Mar/2025:19:32:37 -0400] "GET /?wordfence_syncAttackData=1743291157.0431 HTTP/1.1" 200 156172 "https://realjuggahos.com/wp-login.php" "Mozilla/5.0 (Windows NT 10.0; Win64; x64) AppleWebKit/537.36 (KHTML, like Gecko) Chrome/131.0.0.0 Safari/537.36"
198.54.114.83 - - [29/Mar/2025:19:32:37 -0400] "POST /wp-admin/admin-ajax.php?action=async_litespeed&nonce=SRo1PfBW1W58Ds1HJQnXRykJqLkANvbI&litespeed_type=imgoptm HTTP/1.1" 200 5 "-" "WordPress/6.7.2; https://realjuggahos.com"
51.222.253.13 - - [29/Mar/2025:19:36:53 -0400] "GET /proteger-votre-avenir-professionnel-avec-une-assurance-adaptee/ HTTP/1.1" 404 1251 "-" "Mozilla/5.0 (compatible; AhrefsBot/7.0; +http://ahrefs.com/robot/)"
178.170.197.176 - - [29/Mar/2025:19:41:50 -0400] "GET /wp-content/uploads/2020/06/104133761_3235417426489430_6647342235130461800_n.jpg HTTP/1.1" 404 1251 "-" "Mozilla/5.0 (Windows NT 10.0; Win64; x64) AppleWebKit/537.36 (KHTML, like Gecko) Chrome/120.0.0.0 Safari/537.36"
98.85.82.111 - - [29/Mar/2025:19:42:17 -0400] "GET /navigating-the-virtual-thrill-exploring-the-world-of-online-casinos/ HTTP/1.1" 404 1251 "-" "Grammarly/1.0 (http://www.grammarly.com)"
198.134.116.14 - - [29/Mar/2025:19:49:50 -0400] "GET / HTTP/1.1" 200 156172 "-" "Mozilla/5.0 (X11; Linux x86_64; rv:135.0) Gecko/20100101 Firefox/135.0"
198.134.116.14 - - [29/Mar/2025:19:50:01 -0400] "GET /gp/registry/wishlist HTTP/1.1" 404 1251 "-" "Mozilla/5.0 (X11; Linux x86_64; rv:135.0) Gecko/20100101 Firefox/135.0"
198.134.116.14 - - [29/Mar/2025:19:50:02 -0400] "GET /Amazon/b/ref=bl_dp_s_web_7940963051?ie=UTF8&node=7940963051&field-lbr_brands_browse-bin=Amazon HTTP/1.1" 404 1251 "-" "Mozilla/5.0 (X11; Linux x86_64; rv:135.0) Gecko/20100101 Firefox/135.0"
198.134.116.14 - - [29/Mar/2025:19:50:02 -0400] "GET /dp/B09WXH9BH7?ref=MarsFS_AUCC_ch HTTP/1.1" 404 1251 "-" "Mozilla/5.0 (X11; Linux x86_64; rv:135.0) Gecko/20100101 Firefox/135.0"
198.134.116.14 - - [29/Mar/2025:19:50:02 -0400] "GET /dp/B09B8YP8KY?ref=MarsFS_AUCC_cann HTTP/1.1" 404 1251 "-" "Mozilla/5.0 (X11; Linux x86_64; rv:135.0) Gecko/20100101 Firefox/135.0"
198.134.116.14 - - [29/Mar/2025:19:50:03 -0400] "GET /dp/B0C2RXN77R?ref=MarsFS_AUCC_es HTTP/1.1" 404 1251 "-" "Mozilla/5.0 (X11; Linux x86_64; rv:135.0) Gecko/20100101 Firefox/135.0"
198.134.116.14 - - [29/Mar/2025:19:50:03 -0400] "GET /dp/B085G63QHT?ref=MarsFS_AUCC_lr HTTP/1.1" 404 1251 "-" "Mozilla/5.0 (X11; Linux x86_64; rv:135.0) Gecko/20100101 Firefox/135.0"
198.134.116.14 - - [29/Mar/2025:19:50:03 -0400] "GET /dp/B07NQ7HNHY?ref=MarsFS_AUCC_oe HTTP/1.1" 404 1251 "-" "Mozilla/5.0 (X11; Linux x86_64; rv:135.0) Gecko/20100101 Firefox/135.0"
198.134.116.14 - - [29/Mar/2025:19:50:03 -0400] "GET /dp/B09B2RL8CG?ref=MarsFS_AUCC_hyp HTTP/1.1" 404 1251 "-" "Mozilla/5.0 (X11; Linux x86_64; rv:135.0) Gecko/20100101 Firefox/135.0"
198.134.116.14 - - [29/Mar/2025:19:50:04 -0400] "GET /dp/B0BLS3H65Z?ref=MarsFS_AUCC_ath HTTP/1.1" 404 1251 "-" "Mozilla/5.0 (X11; Linux x86_64; rv:135.0) Gecko/20100101 Firefox/135.0"
198.134.116.14 - - [29/Mar/2025:19:50:04 -0400] "GET /dp/B0BCR4YW51?ref=MarsFS_AUCC_eh HTTP/1.1" 404 1251 "-" "Mozilla/5.0 (X11; Linux x86_64; rv:135.0) Gecko/20100101 Firefox/135.0"
198.134.116.14 - - [29/Mar/2025:19:50:04 -0400] "GET /dp/B084NTF5ZY?ref=MarsFS_AUCC_ta HTTP/1.1" 404 1251 "-" "Mozilla/5.0 (X11; Linux x86_64; rv:135.0) Gecko/20100101 Firefox/135.0"
198.134.116.14 - - [29/Mar/2025:19:50:05 -0400] "GET /dp/B08MQNGX3W?ref=MarsFS_AUCC_B08MQNGX3W HTTP/1.1" 404 1251 "-" "Mozilla/5.0 (X11; Linux x86_64; rv:135.0) Gecko/20100101 Firefox/135.0"
198.134.116.14 - - [29/Mar/2025:19:50:05 -0400] "GET /dp/B09Y1GZR7T?ref=MarsFS_AUCC_gw HTTP/1.1" 404 1251 "-" "Mozilla/5.0 (X11; Linux x86_64; rv:135.0) Gecko/20100101 Firefox/135.0"
198.134.116.14 - - [29/Mar/2025:19:50:06 -0400] "GET /dp/B0CQMZ24LR?ref=MarsFS_SMP_B0CQMZ24LR HTTP/1.1" 404 1251 "-" "Mozilla/5.0 (X11; Linux x86_64; rv:135.0) Gecko/20100101 Firefox/135.0"
198.134.116.14 - - [29/Mar/2025:19:50:06 -0400] "GET /dp/B0CJKV1J9N?ref=MarsFS_SMP_B0CJKV1J9N HTTP/1.1" 404 1251 "-" "Mozilla/5.0 (X11; Linux x86_64; rv:135.0) Gecko/20100101 Firefox/135.0"
198.134.116.14 - - [29/Mar/2025:19:50:06 -0400] "GET /dp/B0BTG4S29L?ref=MarsFS_SMP_B0BTG4S29L HTTP/1.1" 404 1251 "-" "Mozilla/5.0 (X11; Linux x86_64; rv:135.0) Gecko/20100101 Firefox/135.0"
198.134.116.14 - - [29/Mar/2025:19:50:07 -0400] "GET /dp/B09TDTJKF1?ref=MarsFS_SMP_B09TDTJKF1 HTTP/1.1" 404 1251 "-" "Mozilla/5.0 (X11; Linux x86_64; rv:135.0) Gecko/20100101 Firefox/135.0"
198.134.116.14 - - [29/Mar/2025:19:50:07 -0400] "GET /dp/B0CP31QS6R?ref=MarsFS_KINDLE_rs HTTP/1.1" 404 1251 "-" "Mozilla/5.0 (X11; Linux x86_64; rv:135.0) Gecko/20100101 Firefox/135.0"
198.134.116.14 - - [29/Mar/2025:19:50:07 -0400] "GET /dp/B0CFPL6CFY?ref=MarsFS_KINDLE_B0CFPL6CFY HTTP/1.1" 404 1251 "-" "Mozilla/5.0 (X11; Linux x86_64; rv:135.0) Gecko/20100101 Firefox/135.0"
198.134.116.14 - - [29/Mar/2025:19:50:07 -0400] "GET /dp/B0CFPHSTDD?ref=MarsFS_KINDLE_sgse HTTP/1.1" 404 1251 "-" "Mozilla/5.0 (X11; Linux x86_64; rv:135.0) Gecko/20100101 Firefox/135.0"
198.134.116.14 - - [29/Mar/2025:19:50:07 -0400] "GET /dp/B0CZB5RHWX?ref=MarsFS_KINDLE_pc HTTP/1.1" 404 1251 "-" "Mozilla/5.0 (X11; Linux x86_64; rv:135.0) Gecko/20100101 Firefox/135.0"
198.134.116.14 - - [29/Mar/2025:19:50:08 -0400] "GET /dp/B09BS5XWNS?ref=MarsFS_KINDLE_br HTTP/1.1" 404 1251 "-" "Mozilla/5.0 (X11; Linux x86_64; rv:135.0) Gecko/20100101 Firefox/135.0"
198.134.116.14 - - [29/Mar/2025:19:50:08 -0400] "GET /dp/B091D9R5XX?ref=MarsFS_VICC_rvdwired HTTP/1.1" 404 1251 "-" "Mozilla/5.0 (X11; Linux x86_64; rv:135.0) Gecko/20100101 Firefox/135.0"
198.134.116.14 - - [29/Mar/2025:19:50:08 -0400] "GET /dp/B0BZWRSRWV?ref=MarsFS_VICC_rvd HTTP/1.1" 404 1251 "-" "Mozilla/5.0 (X11; Linux x86_64; rv:135.0) Gecko/20100101 Firefox/135.0"
198.134.116.14 - - [29/Mar/2025:19:50:09 -0400] "GET /dp/B09WZBPX7K?ref=MarsFS_VICC_rvdw HTTP/1.1" 404 1251 "-" "Mozilla/5.0 (X11; Linux x86_64; rv:135.0) Gecko/20100101 Firefox/135.0"
198.134.116.14 - - [29/Mar/2025:19:50:09 -0400] "GET /dp/B0B2BY4ZG7?ref=MarsFS_VICC_rvdw HTTP/1.1" 404 1251 "-" "Mozilla/5.0 (X11; Linux x86_64; rv:135.0) Gecko/20100101 Firefox/135.0"
198.134.116.14 - - [29/Mar/2025:19:50:09 -0400] "GET /dp/B0D484S271?ref=MarsFS_VICC_blinkhk HTTP/1.1" 404 1251 "-" "Mozilla/5.0 (X11; Linux x86_64; rv:135.0) Gecko/20100101 Firefox/135.0"
198.134.116.14 - - [29/Mar/2025:19:50:09 -0400] "GET /dp/B0B6GK4VTC?ref=MarsFS_VICC_RINGINDC HTTP/1.1" 404 1251 "-" "Mozilla/5.0 (X11; Linux x86_64; rv:135.0) Gecko/20100101 Firefox/135.0"
198.134.116.14 - - [29/Mar/2025:19:50:10 -0400] "GET /dp/B0CG2TPLJV?ref=MarsFS_VICC_PNTC HTTP/1.1" 404 1251 "-" "Mozilla/5.0 (X11; Linux x86_64; rv:135.0) Gecko/20100101 Firefox/135.0"
198.134.116.14 - - [29/Mar/2025:19:50:10 -0400] "GET /dp/B0C5QRZ47P?ref=MarsFS_VICC_STUC HTTP/1.1" 404 1251 "-" "Mozilla/5.0 (X11; Linux x86_64; rv:135.0) Gecko/20100101 Firefox/135.0"
198.134.116.14 - - [29/Mar/2025:19:50:10 -0400] "GET /dp/B0D483WX7X?ref=MarsFS_VICC_blinksed HTTP/1.1" 404 1251 "-" "Mozilla/5.0 (X11; Linux x86_64; rv:135.0) Gecko/20100101 Firefox/135.0"
198.134.116.14 - - [29/Mar/2025:19:50:10 -0400] "GET /dp/B09DRX62ZV?ref=MarsFS_VICC_spotlight HTTP/1.1" 404 1251 "-" "Mozilla/5.0 (X11; Linux x86_64; rv:135.0) Gecko/20100101 Firefox/135.0"
198.134.116.14 - - [29/Mar/2025:19:50:11 -0400] "GET /dp/B0D47Z1SB9?ref=MarsFS_VICC_blinkvin HTTP/1.1" 404 1251 "-" "Mozilla/5.0 (X11; Linux x86_64; rv:135.0) Gecko/20100101 Firefox/135.0"
198.134.116.14 - - [29/Mar/2025:19:50:11 -0400] "GET /dp/B08DJC1KMJ?ref=MarsFS_VICC_rvdpro2_faceplate HTTP/1.1" 404 1251 "-" "Mozilla/5.0 (X11; Linux x86_64; rv:135.0) Gecko/20100101 Firefox/135.0"
198.134.116.14 - - [29/Mar/2025:19:50:11 -0400] "GET /dp/B08LZ3LTFV?ref=MarsFS_VICC_rvdwired_cornerkit HTTP/1.1" 404 1251 "-" "Mozilla/5.0 (X11; Linux x86_64; rv:135.0) Gecko/20100101 Firefox/135.0"
198.134.116.14 - - [29/Mar/2025:19:50:11 -0400] "GET /dp/B09L462YVZ?ref=MarsFS_VICC_CHIME HTTP/1.1" 404 1251 "-" "Mozilla/5.0 (X11; Linux x86_64; rv:135.0) Gecko/20100101 Firefox/135.0"
198.134.116.14 - - [29/Mar/2025:19:50:11 -0400] "GET /dp/B0D3RN5W37?ref=MarsFS_VICC_blinksqm HTTP/1.1" 404 1251 "-" "Mozilla/5.0 (X11; Linux x86_64; rv:135.0) Gecko/20100101 Firefox/135.0"
198.134.116.14 - - [29/Mar/2025:19:50:12 -0400] "GET /dp/B076JKHDQT?ref=MarsFS_VICC_Ring+Rechargeable+Battery+Pack HTTP/1.1" 404 1251 "-" "Mozilla/5.0 (X11; Linux x86_64; rv:135.0) Gecko/20100101 Firefox/135.0"
198.134.116.14 - - [29/Mar/2025:19:50:12 -0400] "GET /dp/B085PVB5BP?ref=MarsFS_eero_c HTTP/1.1" 404 1251 "-" "Mozilla/5.0 (X11; Linux x86_64; rv:135.0) Gecko/20100101 Firefox/135.0"
198.134.116.14 - - [29/Mar/2025:19:50:12 -0400] "GET /dp/B085Q2ZF1X?ref=MarsFS_eero_ccc HTTP/1.1" 404 1251 "-" "Mozilla/5.0 (X11; Linux x86_64; rv:135.0) Gecko/20100101 Firefox/135.0"
198.134.116.14 - - [29/Mar/2025:19:50:12 -0400] "GET /dp/B086PFKYVH?ref=MarsFS_eero_AG HTTP/1.1" 404 1251 "-" "Mozilla/5.0 (X11; Linux x86_64; rv:135.0) Gecko/20100101 Firefox/135.0"
198.134.116.14 - - [29/Mar/2025:19:50:12 -0400] "GET /dp/B086PGZRGK?ref=MarsFS_eero_AGALAL HTTP/1.1" 404 1251 "-" "Mozilla/5.0 (X11; Linux x86_64; rv:135.0) Gecko/20100101 Firefox/135.0"
198.134.116.14 - - [29/Mar/2025:19:50:13 -0400] "GET /dp/B091G4D95D?ref=MarsFS_eero_en HTTP/1.1" 404 1251 "-" "Mozilla/5.0 (X11; Linux x86_64; rv:135.0) Gecko/20100101 Firefox/135.0"
198.134.116.14 - - [29/Mar/2025:19:50:13 -0400] "GET /dp/B08ZJVVMT4?ref=MarsFS_eero_en HTTP/1.1" 404 1251 "-" "Mozilla/5.0 (X11; Linux x86_64; rv:135.0) Gecko/20100101 Firefox/135.0"
198.134.116.14 - - [29/Mar/2025:19:50:13 -0400] "GET /dp/B091G668JP?ref=MarsFS_eero_en HTTP/1.1" 404 1251 "-" "Mozilla/5.0 (X11; Linux x86_64; rv:135.0) Gecko/20100101 Firefox/135.0"
198.134.116.14 - - [29/Mar/2025:19:50:13 -0400] "GET /dp/B0CPKX85TD?ref=MarsFS_eero_JU HTTP/1.1" 404 1251 "-" "Mozilla/5.0 (X11; Linux x86_64; rv:135.0) Gecko/20100101 Firefox/135.0"
198.134.116.14 - - [29/Mar/2025:19:50:14 -0400] "GET /product-reviews/B0DG4WZZPV/ref=acr_dp_hist_5?ie=UTF8&filterByStar=five_star&reviewerType=all_reviews HTTP/1.1" 404 1251 "-" "Mozilla/5.0 (X11; Linux x86_64; rv:135.0) Gecko/20100101 Firefox/135.0"
198.134.116.14 - - [29/Mar/2025:19:50:14 -0400] "GET /product-reviews/B0DG4WZZPV/ref=acr_dp_hist_4?ie=UTF8&filterByStar=four_star&reviewerType=all_reviews HTTP/1.1" 404 1251 "-" "Mozilla/5.0 (X11; Linux x86_64; rv:135.0) Gecko/20100101 Firefox/135.0"
198.134.116.14 - - [29/Mar/2025:19:50:14 -0400] "GET /product-reviews/B0DG4WZZPV/ref=acr_dp_hist_3?ie=UTF8&filterByStar=three_star&reviewerType=all_reviews HTTP/1.1" 404 1251 "-" "Mozilla/5.0 (X11; Linux x86_64; rv:135.0) Gecko/20100101 Firefox/135.0"
198.134.116.14 - - [29/Mar/2025:19:50:14 -0400] "GET /product-reviews/B0DG4WZZPV/ref=acr_dp_hist_2?ie=UTF8&filterByStar=two_star&reviewerType=all_reviews HTTP/1.1" 404 1251 "-" "Mozilla/5.0 (X11; Linux x86_64; rv:135.0) Gecko/20100101 Firefox/135.0"
198.134.116.14 - - [29/Mar/2025:19:50:14 -0400] "GET /product-reviews/B0DG4WZZPV/ref=acr_dp_hist_1?ie=UTF8&filterByStar=one_star&reviewerType=all_reviews HTTP/1.1" 404 1251 "-" "Mozilla/5.0 (X11; Linux x86_64; rv:135.0) Gecko/20100101 Firefox/135.0"
198.134.116.14 - - [29/Mar/2025:19:50:15 -0400] "GET /review/create-review/ref=cm_cr_dp_d_wr_but_top?ie=UTF8&channel=glance-detail&asin=B0DG4WZZPV HTTP/1.1" 404 1251 "-" "Mozilla/5.0 (X11; Linux x86_64; rv:135.0) Gecko/20100101 Firefox/135.0"
198.134.116.14 - - [29/Mar/2025:19:50:15 -0400] "GET /gp/profile/amzn1.account.AFXQP46YJ2XUKR4MYZFNG3H2CXBQ/ref=cm_cr_dp_d_gw_tr?ie=UTF8 HTTP/1.1" 404 1251 "-" "Mozilla/5.0 (X11; Linux x86_64; rv:135.0) Gecko/20100101 Firefox/135.0"
198.134.116.14 - - [29/Mar/2025:19:50:15 -0400] "GET /gp/customer-reviews/R2DVCU4L2UJJBX/ref=cm_cr_dp_d_rvw_ttl?ie=UTF8&ASIN=B0DG4WZZPV HTTP/1.1" 404 1251 "-" "Mozilla/5.0 (X11; Linux x86_64; rv:135.0) Gecko/20100101 Firefox/135.0"
198.134.116.14 - - [29/Mar/2025:19:50:15 -0400] "GET /gp/profile/amzn1.account.AF5FRYZXCS7TKUJBS42LJ5SIYFCQ/ref=cm_cr_dp_d_gw_tr?ie=UTF8 HTTP/1.1" 404 1251 "-" "Mozilla/5.0 (X11; Linux x86_64; rv:135.0) Gecko/20100101 Firefox/135.0"
198.134.116.14 - - [29/Mar/2025:19:50:16 -0400] "GET /gp/customer-reviews/RSOLMCOFAZGYC/ref=cm_cr_dp_d_rvw_ttl?ie=UTF8&ASIN=B0DG4WZZPV HTTP/1.1" 404 1251 "-" "Mozilla/5.0 (X11; Linux x86_64; rv:135.0) Gecko/20100101 Firefox/135.0"
198.134.116.14 - - [29/Mar/2025:19:50:16 -0400] "GET /hz/reviews-render/report-review?ie=UTF8&ref=cm_cr_dp_d_report&csrfT=hLqtVQgYy%2FI9YDyopdvMpjMSL3z2hjymwxiOhxxJtXHrAAAAAGcq7rEAAAAB&reviewId=RSOLMCOFAZGYC HTTP/1.1" 404 1251 "-" "Mozilla/5.0 (X11; Linux x86_64; rv:135.0) Gecko/20100101 Firefox/135.0"
198.134.116.14 - - [29/Mar/2025:19:50:16 -0400] "GET /gp/profile/amzn1.account.AEI6M6PK7YTYMMDYHFCY44VLPMYQ/ref=cm_cr_dp_d_gw_tr?ie=UTF8 HTTP/1.1" 404 1251 "-" "Mozilla/5.0 (X11; Linux x86_64; rv:135.0) Gecko/20100101 Firefox/135.0"
198.134.116.14 - - [29/Mar/2025:19:50:16 -0400] "GET /gp/customer-reviews/R1PEI6HEVK2UIC/ref=cm_cr_dp_d_rvw_ttl?ie=UTF8&ASIN=B0DG4WZZPV HTTP/1.1" 404 1251 "-" "Mozilla/5.0 (X11; Linux x86_64; rv:135.0) Gecko/20100101 Firefox/135.0"
198.134.116.14 - - [29/Mar/2025:19:50:16 -0400] "GET /hz/reviews-render/report-review?ie=UTF8&ref=cm_cr_dp_d_report&csrfT=hI7SZljMN8bG2ire57mKHlD4fY6c8uVTvZXytn4fYPolAAAAAGcq7rEAAAAB&reviewId=R1PEI6HEVK2UIC HTTP/1.1" 404 1251 "-" "Mozilla/5.0 (X11; Linux x86_64; rv:135.0) Gecko/20100101 Firefox/135.0"
198.54.114.83 - - [29/Mar/2025:19:50:29 -0400] "POST /wp-admin/admin-ajax.php?action=async_litespeed&nonce=pARsaVbTGkpdI79ZcIMvbX7VoJflHbZQ&litespeed_type=imgoptm HTTP/1.1" 200 5 "-" "WordPress/6.7.2; https://realjuggahos.com"
156.59.26.139 - - [29/Mar/2025:19:50:32 -0400] "GET /wp-login.php HTTP/1.1" 200 1740 "-" "Mozilla/5.0"
156.59.26.139 - - [29/Mar/2025:19:50:41 -0400] "GET /?author=1 HTTP/1.1" 200 156172 "-" "Mozilla/5.0"
156.59.26.139 - - [29/Mar/2025:19:50:48 -0400] "GET /?feed=rss2 HTTP/1.1" 200 156172 "-" "Mozilla/5.0"
178.170.197.176 - - [29/Mar/2025:19:58:21 -0400] "GET /wp-content/uploads/2020/07/received_1175764369473286-323x400-1-323x380.jpeg HTTP/1.1" 404 1251 "-" "Mozilla/5.0 (Windows NT 10.0; Win64; x64) AppleWebKit/537.36 (KHTML, like Gecko) Chrome/120.0.0.0 Safari/537.36"
51.222.253.20 - - [29/Mar/2025:19:59:34 -0400] "GET /the-perils-of-buying-1000-tiktok-followers/ HTTP/1.1" 404 1251 "-" "Mozilla/5.0 (compatible; AhrefsBot/7.0; +http://ahrefs.com/robot/)"
2a02:598:128:8a00::b00:1e - - [29/Mar/2025:20:01:42 -0400] "GET /how-to-find-the-best-soccer-grip-socks/ HTTP/1.1" 404 1251 "-" "Mozilla/5.0 (compatible; SeznamBot/4.0; +https://o-seznam.cz/napoveda/vyhledavani/en/seznambot-crawler/)"
167.253.67.14 - - [29/Mar/2025:20:15:02 -0400] "GET /forums/users/andersoncapehart/ HTTP/1.1" 404 1251 "-" "Mozilla/5.0 (Windows NT 10.0; Win64; x64) AppleWebKit/537.36 (KHTML, like Gecko) Chrome/114.0.0.0 Safari/537.36 Vivaldi/5.3.2679.68"
167.253.67.14 - - [29/Mar/2025:20:15:02 -0400] "GET / HTTP/1.1" 200 156172 "-" "Mozilla/5.0 (Windows NT 10.0; Win64; x64) AppleWebKit/537.36 (KHTML, like Gecko) Chrome/114.0.0.0 Safari/537.36 Vivaldi/5.3.2679.68"
192.42.116.208 - - [29/Mar/2025:20:20:28 -0400] "GET / HTTP/1.1" 200 156172 "https://realjuggahos.com" "Mozilla/5.0 (Macintosh; Intel Mac OS X 10_15_7) AppleWebKit/537.36 (KHTML, like Gecko) Chrome/91.0.4472.114 Safari/537.36"
202.14.6.174 - - [29/Mar/2025:20:22:04 -0400] "GET /forums/users/marcelocatani5/ HTTP/1.1" 404 1251 "-" "Mozilla/5.0 (X11; Linux x86_64) AppleWebKit/537.36 (KHTML, like Gecko) Chrome/114.0.0.0 Safari/537.36 OPR/89.0.4447.51"
202.14.6.174 - - [29/Mar/2025:20:22:10 -0400] "GET / HTTP/1.1" 200 156172 "-" "Mozilla/5.0 (X11; Linux x86_64) AppleWebKit/537.36 (KHTML, like Gecko) Chrome/114.0.0.0 Safari/537.36 OPR/89.0.4447.51"
51.222.253.19 - - [29/Mar/2025:20:22:28 -0400] "GET /lelegance-intemporelle-les-accessoires-feminins/ HTTP/1.1" 404 1251 "-" "Mozilla/5.0 (compatible; AhrefsBot/7.0; +http://ahrefs.com/robot/)"
202.14.6.174 - - [29/Mar/2025:20:22:53 -0400] "GET /s/ref=nb_sb_noss?url=search-alias%3Dfashion-girls&field-keywords= HTTP/1.1" 404 1251 "https://www.realjuggahos.com" "Mozilla/5.0 (X11; Linux x86_64) AppleWebKit/537.36 (KHTML, like Gecko) Chrome/114.0.0.0 Safari/537.36 OPR/89.0.4447.51"
202.14.6.174 - - [29/Mar/2025:20:22:57 -0400] "GET /s/ref=nb_sb_noss?url=search-alias%3Dfashion-girls&field-keywords= HTTP/1.1" 404 1251 "https://www.realjuggahos.com" "Mozilla/5.0 (X11; Linux x86_64) AppleWebKit/537.36 (KHTML, like Gecko) Chrome/114.0.0.0 Safari/537.36 OPR/89.0.4447.51"
202.14.6.174 - - [29/Mar/2025:20:23:01 -0400] "GET /s/ref=nb_sb_noss?url=search-alias%3Dfashion-girls&field-keywords= HTTP/1.1" 404 1251 "https://www.realjuggahos.com" "Mozilla/5.0 (X11; Linux x86_64) AppleWebKit/537.36 (KHTML, like Gecko) Chrome/114.0.0.0 Safari/537.36 OPR/89.0.4447.51"
202.14.6.174 - - [29/Mar/2025:20:23:08 -0400] "GET /s/ref=nb_sb_noss?url=search-alias%3Dfashion-girls&field-keywords= HTTP/1.1" 404 1251 "https://www.realjuggahos.com" "Mozilla/5.0 (X11; Linux x86_64) AppleWebKit/537.36 (KHTML, like Gecko) Chrome/114.0.0.0 Safari/537.36 OPR/89.0.4447.51"
125.228.216.16 - - [29/Mar/2025:20:23:10 -0400] "GET /forums/users/marcelocatani5/ HTTP/1.1" 404 1251 "-" "Mozilla/5.0 (X11; Linux x86_64) AppleWebKit/537.36 (KHTML, like Gecko) Chrome/114.0.0.0 Safari/537.36 OPR/89.0.4447.51"
125.228.216.16 - - [29/Mar/2025:20:23:35 -0400] "GET /forums/users/marcelocatani5/ HTTP/1.1" 404 1251 "-" "Mozilla/5.0 (Windows NT 10.0; WOW64) AppleWebKit/537.36 (KHTML, like Gecko) Chrome/114.0.0.0 Safari/537.36"
217.154.91.7 - - [29/Mar/2025:20:30:25 -0400] "GET /wp-login.php HTTP/1.1" 200 1740 "http://realjuggahos.com/wp-admin/" "Mozilla/5.0 (Windows NT 10.0; Win64; x64) AppleWebKit/537.36 (KHTML, like Gecko) Chrome/90.0.4430.85 Safari/537.36"
198.54.114.83 - - [29/Mar/2025:20:30:24 -0400] "POST /wp-admin/admin-ajax.php?action=async_litespeed&nonce=dQKlpltKJx0qH33PuNEc300TUCEagD9X&litespeed_type=imgoptm HTTP/1.1" 200 0 "-" "WordPress/6.7.2; https://realjuggahos.com"
217.154.91.7 - - [29/Mar/2025:20:30:25 -0400] "POST /wp-login.php HTTP/1.1" 503 6999 "http://realjuggahos.com/wp-admin/" "Mozilla/5.0 (Windows NT 10.0; Win64; x64) AppleWebKit/537.36 (KHTML, like Gecko) Chrome/90.0.4430.85 Safari/537.36"
217.154.91.7 - - [29/Mar/2025:20:30:27 -0400] "GET /wp-admin/ HTTP/1.1" 503 6946 "https://www.google.com" "Mozilla/5.0 (Windows NT 10.0; Win64; x64) AppleWebKit/537.36 (KHTML, like Gecko) Chrome/90.0.4430.85 Safari/537.36"
185.191.171.8 - - [29/Mar/2025:20:35:52 -0400] "GET /robots.txt HTTP/1.1" 304 0 "-" "Mozilla/5.0 (compatible; SemrushBot/7~bl; +http://www.semrush.com/bot.html)"
85.208.96.209 - - [29/Mar/2025:20:35:53 -0400] "GET /ein-leitfaden-fur-geschaftsinhaber/ HTTP/1.1" 404 1251 "-" "Mozilla/5.0 (compatible; SemrushBot/7~bl; +http://www.semrush.com/bot.html)"
54.164.195.82 - - [29/Mar/2025:20:36:18 -0400] "GET /ready-meals-delivered-to-your-home/ HTTP/1.1" 404 1251 "-" "Grammarly/1.0 (http://www.grammarly.com)"
193.233.140.59 - - [29/Mar/2025:20:42:10 -0400] "GET /wp-login.php HTTP/1.1" 200 1740 "-" "Mozilla/5.0 (Windows NT 10.0; Win64; x64) AppleWebKit/537.36 (KHTML, like Gecko) Chrome/115.0.0.0 Safari/537.36 Edg/115.0.1901.203"
198.54.114.83 - - [29/Mar/2025:20:42:20 -0400] "POST /wp-cron.php?doing_wp_cron=1743295340.7300539016723632812500 HTTP/1.1" 200 0 "-" "WordPress/6.7.2; https://realjuggahos.com"
193.233.140.59 - - [29/Mar/2025:20:42:12 -0400] "POST /wp-login.php HTTP/1.1" 200 1883 "https://realjuggahos.com/wp-login.php" "Mozilla/5.0 (Windows NT 10.0; Win64; x64) AppleWebKit/537.36 (KHTML, like Gecko) Chrome/115.0.0.0 Safari/537.36 Edg/115.0.1901.203"
198.54.114.83 - - [29/Mar/2025:20:42:21 -0400] "POST /wp-admin/admin-ajax.php?action=async_litespeed&nonce=bZtxgQB2nqClPw7FbnsbbkNI4furqf7t&litespeed_type=imgoptm HTTP/1.1" 200 0 "-" "WordPress/6.7.2; https://realjuggahos.com"
193.233.140.59 - - [29/Mar/2025:20:47:02 -0400] "GET /wp-login.php HTTP/1.1" 200 1740 "-" "Mozilla/5.0 (Windows NT 10.0; Win64; x64) AppleWebKit/537.36 (KHTML, like Gecko) Chrome/115.0.0.0 Safari/537.36 Edg/115.0.1901.203"
198.54.114.83 - - [29/Mar/2025:20:47:09 -0400] "POST /wp-cron.php?doing_wp_cron=1743295629.1509709358215332031250 HTTP/1.1" 200 0 "-" "WordPress/6.7.2; https://realjuggahos.com"
193.233.140.59 - - [29/Mar/2025:20:47:04 -0400] "POST /wp-login.php HTTP/1.1" 200 1882 "https://realjuggahos.com/wp-login.php" "Mozilla/5.0 (Windows NT 10.0; Win64; x64) AppleWebKit/537.36 (KHTML, like Gecko) Chrome/115.0.0.0 Safari/537.36 Edg/115.0.1901.203"
198.54.114.83 - - [29/Mar/2025:20:47:09 -0400] "POST /wp-admin/admin-ajax.php?action=async_litespeed&nonce=vwia5c4udXrEZjO1oc7YMsLy67WCZTTP&litespeed_type=imgoptm HTTP/1.1" 200 0 "-" "WordPress/6.7.2; https://realjuggahos.com"
51.222.253.20 - - [29/Mar/2025:20:53:24 -0400] "GET /the-pitfalls-of-buying-youtube-subscribers/ HTTP/1.1" 404 1251 "-" "Mozilla/5.0 (compatible; AhrefsBot/7.0; +http://ahrefs.com/robot/)"
91.84.113.162 - - [29/Mar/2025:20:54:30 -0400] "GET /top-5-uk-cbd-gummies/ HTTP/1.1" 404 1251 "https://realjuggahos.com/top-5-uk-cbd-gummies/" "Mozilla/5.0 (Windows NT 10.0; WOW64) AppleWebKit/537.36 (KHTML, like Gecko) Chrome/103.0.5060.114 Safari/537.36"
91.84.113.162 - - [29/Mar/2025:20:54:31 -0400] "GET / HTTP/1.1" 200 156172 "https://realjuggahos.com/" "Mozilla/5.0 (Windows NT 10.0; WOW64) AppleWebKit/537.36 (KHTML, like Gecko) Chrome/103.0.5060.114 Safari/537.36"
2001:4ca0:108:42::24 - - [29/Mar/2025:20:59:02 -0400] "GET /robots.txt HTTP/1.1" 200 23 "-" "Mozilla/5.0 (Windows NT 10.0; Win64; x64) AppleWebKit/537.36 (KHTML, like Gecko) Chrome/103.0.5060.134 Safari/537.36"
103.17.99.13 - - [29/Mar/2025:21:01:39 -0400] "GET /wp-login.php HTTP/1.1" 200 1740 "-" "Mozilla/5.0 (Windows NT 10.0; Win64; x64) AppleWebKit/537.36 (KHTML, like Gecko) Chrome/87.0.4280.141 Safari/537.36"
198.54.114.83 - - [29/Mar/2025:21:01:39 -0400] "POST /wp-admin/admin-ajax.php?action=async_litespeed&nonce=HgLcmKNtTfufcznidw3sJsQP0DUnv4Fv&litespeed_type=imgoptm HTTP/1.1" 200 5 "-" "WordPress/6.7.2; https://realjuggahos.com"
103.17.99.13 - - [29/Mar/2025:21:01:41 -0400] "GET /wp-login.php HTTP/1.1" 200 1740 "-" "Mozilla/5.0 (Windows NT 10.0; Win64; x64) AppleWebKit/537.36 (KHTML, like Gecko) Chrome/87.0.4280.141 Safari/537.36"
17.241.227.243 - - [29/Mar/2025:21:02:05 -0400] "GET /top-ice-breaker-questions-for-dating/ HTTP/1.1" 404 1251 "-" "Mozilla/5.0 (Macintosh; Intel Mac OS X 10_15_7) AppleWebKit/605.1.15 (KHTML, like Gecko) Version/17.4 Safari/605.1.15 (Applebot/0.1; +http://www.apple.com/go/applebot)"
2a02:598:128:8a00::b00:1e - - [29/Mar/2025:21:05:47 -0400] "GET /author-sitemap.xml HTTP/1.1" 404 1251 "-" "Mozilla/5.0 (compatible; SeznamBot/4.0; +https://o-seznam.cz/napoveda/vyhledavani/en/seznambot-crawler/)"
212.34.135.220 - - [29/Mar/2025:21:07:15 -0400] "GET /discover-your-dream-home-in-sonoma-ca/ HTTP/1.1" 404 1251 "https://realjuggahos.com/discover-your-dream-home-in-sonoma-ca/#comment-14910" "Mozilla/5.0 (Windows NT 10.0; Win64; x64) AppleWebKit/537.36 (KHTML, like Gecko) Chrome/131.0.0.0 Safari/537.36"
212.34.135.220 - - [29/Mar/2025:21:07:16 -0400] "GET / HTTP/1.1" 200 156172 "https://realjuggahos.com/" "Mozilla/5.0 (Windows NT 10.0; Win64; x64) AppleWebKit/537.36 (KHTML, like Gecko) Chrome/131.0.0.0 Safari/537.36"
219.95.70.40 - - [29/Mar/2025:21:09:55 -0400] "GET /forums/users/laverneredrick/ HTTP/1.1" 404 1251 "-" "Mozilla/5.0 (X11; Linux x86_64) AppleWebKit/537.36 (KHTML, like Gecko) Chrome/114.0.0.0 Safari/537.36 Vivaldi/5.3.2679.68"
219.95.70.40 - - [29/Mar/2025:21:09:56 -0400] "GET / HTTP/1.1" 200 156172 "-" "Mozilla/5.0 (X11; Linux x86_64) AppleWebKit/537.36 (KHTML, like Gecko) Chrome/114.0.0.0 Safari/537.36 Vivaldi/5.3.2679.68"
219.95.70.40 - - [29/Mar/2025:21:10:00 -0400] "GET /dp/B0D3RN5W37?ref=MarsFS_VICC_blinksqm HTTP/1.1" 404 1251 "https://www.realjuggahos.com" "Mozilla/5.0 (X11; Linux x86_64) AppleWebKit/537.36 (KHTML, like Gecko) Chrome/114.0.0.0 Safari/537.36 Vivaldi/5.3.2679.68"
219.95.70.40 - - [29/Mar/2025:21:10:01 -0400] "GET / HTTP/1.1" 200 156172 "https://www.realjuggahos.com" "Mozilla/5.0 (X11; Linux x86_64) AppleWebKit/537.36 (KHTML, like Gecko) Chrome/114.0.0.0 Safari/537.36 Vivaldi/5.3.2679.68"
45.84.107.97 - - [29/Mar/2025:21:12:28 -0400] "GET / HTTP/1.1" 200 156172 "https://realjuggahos.com" "Mozilla/5.0 (Windows NT 6.1; WOW64) AppleWebKit/537.36 (KHTML, like Gecko) Chrome/41.0.2272.76 Safari/537.36 OPR/28.0.1750.40"
194.99.79.62 - - [29/Mar/2025:21:13:25 -0400] "GET /wp-login.php HTTP/1.1" 200 1740 "-" "Mozilla/5.0 (Windows NT 10.0; Win64; x64) AppleWebKit/537.36 (KHTML, like Gecko) Chrome/87.0.4280.141 Safari/537.36"
198.54.114.83 - - [29/Mar/2025:21:13:30 -0400] "POST /wp-cron.php?doing_wp_cron=1743297210.5995669364929199218750 HTTP/1.1" 200 0 "-" "WordPress/6.7.2; https://realjuggahos.com"
194.99.79.62 - - [29/Mar/2025:21:13:26 -0400] "POST /wp-login.php HTTP/1.1" 200 1863 "-" "Mozilla/5.0 (Windows NT 10.0; Win64; x64) AppleWebKit/537.36 (KHTML, like Gecko) Chrome/87.0.4280.141 Safari/537.36"
198.54.114.83 - - [29/Mar/2025:21:13:31 -0400] "POST /wp-admin/admin-ajax.php?action=async_litespeed&nonce=B7gSBbGbUsJCmXbB06vCIurAmr8wR2o6&litespeed_type=imgoptm HTTP/1.1" 200 5 "-" "WordPress/6.7.2; https://realjuggahos.com"
47.128.17.63 - - [29/Mar/2025:21:15:47 -0400] "GET /dp/B08DJC1KMJ?ref=MarsFS_VICC_rvdpro2_faceplate HTTP/1.1" 404 1251 "-" "Mozilla/5.0 (Linux; Android 5.0) AppleWebKit/537.36 (KHTML, like Gecko) Mobile Safari/537.36 (compatible; Bytespider; spider-feedback@bytedance.com)"
217.154.91.7 - - [29/Mar/2025:21:16:49 -0400] "POST /wp-login.php HTTP/1.1" 200 0 "https://realjuggahos.com/wp-admin/" "Mozilla/5.0 (Windows NT 10.0; Win64; x64) AppleWebKit/537.36 (KHTML, like Gecko) Chrome/90.0.4430.85 Safari/537.36"
217.154.91.7 - - [29/Mar/2025:21:17:19 -0400] "POST /wp-login.php HTTP/1.1" 200 0 "https://realjuggahos.com/wp-admin/" "Mozilla/5.0 (Windows NT 10.0; Win64; x64) AppleWebKit/537.36 (KHTML, like Gecko) Chrome/90.0.4430.85 Safari/537.36"
51.222.253.7 - - [29/Mar/2025:21:18:44 -0400] "GET /steroids-thailand/ HTTP/1.1" 404 1251 "-" "Mozilla/5.0 (compatible; AhrefsBot/7.0; +http://ahrefs.com/robot/)"
45.61.187.191 - - [29/Mar/2025:21:21:18 -0400] "GET /wp-login.php HTTP/1.1" 200 1740 "-" "Mozilla/5.0 (Windows NT 6.1; rv:31.0) Gecko/20100101 Firefox/31.0"
198.54.114.83 - - [29/Mar/2025:21:21:23 -0400] "POST /wp-cron.php?doing_wp_cron=1743297682.7392361164093017578125 HTTP/1.1" 200 0 "-" "WordPress/6.7.2; https://realjuggahos.com"
45.61.187.191 - - [29/Mar/2025:21:21:18 -0400] "POST /wp-login.php HTTP/1.1" 503 7000 "-" "Mozilla/5.0 (Windows NT 6.1; rv:31.0) Gecko/20100101 Firefox/31.0"
45.61.187.191 - - [29/Mar/2025:21:21:23 -0400] "GET /wp-admin/themes.php HTTP/1.1" 503 6946 "-" "python-requests/2.27.1"
45.61.187.191 - - [29/Mar/2025:21:21:24 -0400] "GET /wp-admin/plugin-install.php?tab=upload HTTP/1.1" 503 6946 "-" "python-requests/2.27.1"
198.54.114.83 - - [29/Mar/2025:21:21:24 -0400] "POST /wp-admin/admin-ajax.php?action=async_litespeed&nonce=PvyrD7KJvPZWOnKjNNYQM81spQ8qaDhm&litespeed_type=imgoptm HTTP/1.1" 200 5 "-" "WordPress/6.7.2; https://realjuggahos.com"
23.105.144.9 - - [29/Mar/2025:21:24:34 -0400] "GET /forums/users/jeanninenimmo9/ HTTP/1.1" 404 1251 "-" "Mozilla/5.0 (Windows NT 10.0; WOW64) AppleWebKit/537.36 (KHTML, like Gecko) Chrome/114.0.0.0 Safari/537.36"
23.105.144.9 - - [29/Mar/2025:21:24:35 -0400] "GET / HTTP/1.1" 200 156172 "-" "Mozilla/5.0 (Windows NT 10.0; WOW64) AppleWebKit/537.36 (KHTML, like Gecko) Chrome/114.0.0.0 Safari/537.36"
23.105.144.9 - - [29/Mar/2025:21:24:45 -0400] "GET /s/ref=nb_sb_noss?url=search-alias%3Dtoys&field-keywords= HTTP/1.1" 404 1251 "https://www.realjuggahos.com" "Mozilla/5.0 (Windows NT 10.0; WOW64) AppleWebKit/537.36 (KHTML, like Gecko) Chrome/114.0.0.0 Safari/537.36"
23.105.144.9 - - [29/Mar/2025:21:24:46 -0400] "GET /s/ref=nb_sb_noss?url=search-alias%3Dtoys&field-keywords= HTTP/1.1" 404 1251 "https://www.realjuggahos.com" "Mozilla/5.0 (Windows NT 10.0; WOW64) AppleWebKit/537.36 (KHTML, like Gecko) Chrome/114.0.0.0 Safari/537.36"
23.105.144.9 - - [29/Mar/2025:21:24:46 -0400] "GET /s/ref=nb_sb_noss?url=search-alias%3Dtoys&field-keywords= HTTP/1.1" 404 1251 "https://www.realjuggahos.com" "Mozilla/5.0 (Windows NT 10.0; WOW64) AppleWebKit/537.36 (KHTML, like Gecko) Chrome/114.0.0.0 Safari/537.36"
23.105.144.9 - - [29/Mar/2025:21:24:47 -0400] "GET /s/ref=nb_sb_noss?url=search-alias%3Dtoys&field-keywords= HTTP/1.1" 404 1251 "https://www.realjuggahos.com" "Mozilla/5.0 (Windows NT 10.0; WOW64) AppleWebKit/537.36 (KHTML, like Gecko) Chrome/114.0.0.0 Safari/537.36"
178.32.206.206 - - [29/Mar/2025:21:24:52 -0400] "GET /forums/users/jeanninenimmo9/ HTTP/1.1" 404 1251 "-" "Mozilla/5.0 (Windows NT 10.0; WOW64) AppleWebKit/537.36 (KHTML, like Gecko) Chrome/114.0.0.0 Safari/537.36"
178.32.206.206 - - [29/Mar/2025:21:27:06 -0400] "GET /forums/users/jeanninenimmo9/ HTTP/1.1" 404 1251 "-" "Mozilla/5.0 (Windows NT 10.0; Win64; x64; Xbox; Xbox One) AppleWebKit/537.36 (KHTML, like Gecko) Chrome/114.0.0.0 Safari/537.36 Edge/44.18363.8131"
114.119.150.120 - - [29/Mar/2025:21:30:44 -0400] "GET /wp-content/uploads/2023/02/3.jpg HTTP/1.1" 200 10349 "https://realjuggahos.com/what-does-strength-do-in-elden-ring/" "Mozilla/5.0 (Linux; Android 7.0;) AppleWebKit/537.36 (KHTML, like Gecko) Mobile Safari/537.36 (compatible; PetalBot;+https://webmaster.petalsearch.com/site/petalbot)"
114.119.137.204 - - [29/Mar/2025:21:32:07 -0400] "GET /using-energy-bracelets-to-manifest-your-intentions-and-goals/ HTTP/1.1" 404 1251 "https://realjuggahos.com/using-energy-bracelets-to-manifest-your-intentions-and-goals/" "Mozilla/5.0 (Linux; Android 7.0;) AppleWebKit/537.36 (KHTML, like Gecko) Mobile Safari/537.36 (compatible; PetalBot;+https://webmaster.petalsearch.com/site/petalbot)"
18.237.22.163 - - [29/Mar/2025:21:33:22 -0400] "GET /wp-content/uploads/2023/02/7.jpg HTTP/1.1" 200 12964 "https://realjuggahos.com/" "Mozilla/5.0 (iPhone; CPU iPhone OS 13_4 like Mac OS X) AppleWebKit/605.1.15 (KHTML, like Gecko) Version/13.1 Mobile/15E148 Safari/604.1"
114.119.145.65 - - [29/Mar/2025:21:33:32 -0400] "GET /the-bewitching-performance-of-ipswich-and-leicester-in-portman-road-football-stadium/ HTTP/1.1" 404 1251 "https://realjuggahos.com/the-bewitching-performance-of-ipswich-and-leicester-in-portman-road-football-stadium/" "Mozilla/5.0 (Linux; Android 7.0;) AppleWebKit/537.36 (KHTML, like Gecko) Mobile Safari/537.36 (compatible; PetalBot;+https://webmaster.petalsearch.com/site/petalbot)"
114.119.137.123 - - [29/Mar/2025:21:34:56 -0400] "GET /the-basics-of-plastic-injection/ HTTP/1.1" 404 1251 "https://realjuggahos.com/the-basics-of-plastic-injection/" "Mozilla/5.0 (Linux; Android 7.0;) AppleWebKit/537.36 (KHTML, like Gecko) Mobile Safari/537.36 (compatible; PetalBot;+https://webmaster.petalsearch.com/site/petalbot)"
114.119.137.123 - - [29/Mar/2025:21:36:19 -0400] "GET /navigating-financial-security-the-essentials-of-minimum-insurances-for-the-self-insured/ HTTP/1.1" 404 1251 "https://realjuggahos.com/navigating-financial-security-the-essentials-of-minimum-insurances-for-the-self-insured/" "Mozilla/5.0 (Linux; Android 7.0;) AppleWebKit/537.36 (KHTML, like Gecko) Mobile Safari/537.36 (compatible; PetalBot;+https://webmaster.petalsearch.com/site/petalbot)"
114.119.150.120 - - [29/Mar/2025:21:37:43 -0400] "GET /button-head-bolt/ HTTP/1.1" 404 1251 "https://realjuggahos.com/button-head-bolt/" "Mozilla/5.0 (Linux; Android 7.0;) AppleWebKit/537.36 (KHTML, like Gecko) Mobile Safari/537.36 (compatible; PetalBot;+https://webmaster.petalsearch.com/site/petalbot)"
66.249.66.166 - - [29/Mar/2025:21:38:12 -0400] "GET /dp/B0CG2TPLJV?ref=MarsFS_VICC_PNTC HTTP/1.1" 404 1251 "-" "Mozilla/5.0 (Linux; Android 6.0.1; Nexus 5X Build/MMB29P) AppleWebKit/537.36 (KHTML, like Gecko) Chrome/134.0.6998.165 Mobile Safari/537.36 (compatible; Googlebot/2.1; +http://www.google.com/bot.html)"
114.119.156.188 - - [29/Mar/2025:21:39:05 -0400] "GET /before-you-call-the-refrigerator-repair-guys-a-few-simple-tips-to-fix-your-fridge-yourself/ HTTP/1.1" 404 1251 "https://realjuggahos.com/before-you-call-the-refrigerator-repair-guys-a-few-simple-tips-to-fix-your-fridge-yourself/" "Mozilla/5.0 (Linux; Android 7.0;) AppleWebKit/537.36 (KHTML, like Gecko) Mobile Safari/537.36 (compatible; PetalBot;+https://webmaster.petalsearch.com/site/petalbot)"
114.119.150.249 - - [29/Mar/2025:21:40:29 -0400] "GET /inspirational-quotes-to-uplift-you/ HTTP/1.1" 404 1251 "https://realjuggahos.com/inspirational-quotes-to-uplift-you/" "Mozilla/5.0 (Linux; Android 7.0;) AppleWebKit/537.36 (KHTML, like Gecko) Mobile Safari/537.36 (compatible; PetalBot;+https://webmaster.petalsearch.com/site/petalbot)"
114.119.137.123 - - [29/Mar/2025:21:41:53 -0400] "GET /reviving-your-laundry-pal-a-guide-to-effective-washing-machine-repair/ HTTP/1.1" 404 1251 "https://realjuggahos.com/reviving-your-laundry-pal-a-guide-to-effective-washing-machine-repair/" "Mozilla/5.0 (Linux; Android 7.0;) AppleWebKit/537.36 (KHTML, like Gecko) Mobile Safari/537.36 (compatible; PetalBot;+https://webmaster.petalsearch.com/site/petalbot)"
198.98.49.54 - - [29/Mar/2025:21:43:08 -0400] "GET / HTTP/1.1" 200 156172 "https://www.google.com" "Mozilla/5.0 (Macintosh; Intel Mac OS X 10_12_6) AppleWebKit/537.36 (KHTML, like Gecko) Chrome/61.0.3163.100 Safari/537.36"
198.98.49.54 - - [29/Mar/2025:21:43:10 -0400] "GET /wp-login.php HTTP/1.1" 200 1740 "https://www.google.com" "Mozilla/5.0 (Macintosh; Intel Mac OS X 10_12_6) AppleWebKit/537.36 (KHTML, like Gecko) Chrome/61.0.3163.100 Safari/537.36"
51.222.253.17 - - [29/Mar/2025:21:43:11 -0400] "GET /how-to-choose-the-right-design-for-visitenkarten/ HTTP/1.1" 404 1251 "-" "Mozilla/5.0 (compatible; AhrefsBot/7.0; +http://ahrefs.com/robot/)"
114.119.139.43 - - [29/Mar/2025:21:43:17 -0400] "GET /moving-quotes-out-of-state/ HTTP/1.1" 404 1251 "https://realjuggahos.com/moving-quotes-out-of-state/" "Mozilla/5.0 (Linux; Android 7.0;) AppleWebKit/537.36 (KHTML, like Gecko) Mobile Safari/537.36 (compatible; PetalBot;+https://webmaster.petalsearch.com/site/petalbot)"
195.47.238.89 - - [29/Mar/2025:21:44:00 -0400] "GET / HTTP/1.1" 200 156172 "https://realjuggahos.com" "Mozilla/5.0 (Windows NT 6.1; Win64; x64) AppleWebKit/537.36 (KHTML, like Gecko) Chrome/48.0.2564.109 Safari/537.36"
114.119.156.188 - - [29/Mar/2025:21:44:40 -0400] "GET /effiziente-haushaltsauflosungen-in-luneburg/ HTTP/1.1" 404 1251 "https://realjuggahos.com/effiziente-haushaltsauflosungen-in-luneburg/" "Mozilla/5.0 (Linux; Android 7.0;) AppleWebKit/537.36 (KHTML, like Gecko) Mobile Safari/537.36 (compatible; PetalBot;+https://webmaster.petalsearch.com/site/petalbot)"
198.54.114.83 - - [29/Mar/2025:21:51:35 -0400] "POST /wp-cron.php?doing_wp_cron=1743299494.9656429290771484375000 HTTP/1.1" 200 0 "-" "WordPress/6.7.2; https://realjuggahos.com"
192.159.99.152 - - [29/Mar/2025:21:51:31 -0400] "POST /wp-login.php HTTP/1.1" 503 6999 "https://realjuggahos.com/wp-admin/" "Mozilla/5.0 (Windows NT 10.0; Win64; x64) AppleWebKit/537.36 (KHTML, like Gecko) Chrome/90.0.4430.85 Safari/537.36"
192.159.99.152 - - [29/Mar/2025:21:51:36 -0400] "GET /wp-admin/ HTTP/1.1" 503 6946 "www.google.com" "Mozilla/5.0 (Windows NT 10.0; Win64; x64) AppleWebKit/537.36 (KHTML, like Gecko) Chrome/90.0.4430.85 Safari/537.36"
198.54.114.83 - - [29/Mar/2025:21:51:36 -0400] "POST /wp-admin/admin-ajax.php?action=async_litespeed&nonce=fAYGqrGypRNSxAKzpyxbbH1NzKhWvdOd&litespeed_type=imgoptm HTTP/1.1" 200 0 "-" "WordPress/6.7.2; https://realjuggahos.com"
