198.54.114.83 - - [03/Apr/2025:11:23:14 -0400] "POST /wp-admin/admin-ajax.php?action=async_litespeed&nonce=JMvix6N1P2wCgyL1UaLFg9rmiyBCuhsI&litespeed_type=imgoptm HTTP/1.1" 200 0 "-" "WordPress/6.7.2; https://realjuggahos.com"
2602:fb54:3d9:: - - [03/Apr/2025:11:23:13 -0400] "GET /wp-admin/ HTTP/1.1" 503 6997 "https://www.google.com" "Mozilla/5.0 (Windows NT 10.0; Win64; x64) AppleWebKit/537.36 (KHTML, like Gecko) Chrome/90.0.4430.85 Safari/537.36"
46.147.222.138 - - [03/Apr/2025:11:24:41 -0400] "GET /forums/users/chastityhorning/ HTTP/1.1" 404 1251 "https://www.realjuggahos.com/forums/users/chastityhorning/" "Mozilla/5.0 (Windows NT 10.0; Win64; x64) AppleWebKit/537.36 (KHTML, like Gecko) Chrome/129.0.0.0 Safari/537.36"
46.147.222.138 - - [03/Apr/2025:11:24:42 -0400] "GET / HTTP/1.1" 200 156172 "https://www.realjuggahos.com/" "Mozilla/5.0 (Windows NT 10.0; Win64; x64) AppleWebKit/537.36 (KHTML, like Gecko) Chrome/129.0.0.0 Safari/537.36"
4.227.36.96 - - [03/Apr/2025:11:25:15 -0400] "GET /robots.txt HTTP/1.1" 304 0 "-" "Mozilla/5.0 AppleWebKit/537.36 (KHTML, like Gecko; compatible; GPTBot/1.2; +https://openai.com/gptbot)"
74.208.42.172 - - [03/Apr/2025:11:29:30 -0400] "HEAD / HTTP/1.1" 200 0 "-" "www.deadlinkchecker.com Mozilla/5.0 (Windows NT 10.0; Win64; x64) AppleWebKit/537.36 (KHTML, like Gecko) Chrome/108.0.0.0 Safari/537.36"
185.191.171.2 - - [03/Apr/2025:11:30:54 -0400] "GET /yacht-rentals-down-by-los-angeles-way/ HTTP/1.1" 404 1251 "-" "Mozilla/5.0 (compatible; SemrushBot/7~bl; +http://www.semrush.com/bot.html)"
167.253.67.14 - - [03/Apr/2025:11:35:21 -0400] "GET /forums/users/andersoncapehart/ HTTP/1.1" 404 1251 "-" "Mozilla/5.0 (X11; Linux i686) AppleWebKit/537.36 (KHTML, like Gecko) Chrome/114.0.0.0 Safari/537.36 Vivaldi/5.3.2679.68"
167.253.67.14 - - [03/Apr/2025:11:35:22 -0400] "GET / HTTP/1.1" 200 156172 "-" "Mozilla/5.0 (X11; Linux i686) AppleWebKit/537.36 (KHTML, like Gecko) Chrome/114.0.0.0 Safari/537.36 Vivaldi/5.3.2679.68"
193.32.126.224 - - [03/Apr/2025:11:36:07 -0400] "GET /wp-login.php HTTP/1.1" 200 1740 "http://realjuggahos.com/wp-admin/" "Mozilla/5.0 (Windows NT 10.0; Win64; x64) AppleWebKit/537.36 (KHTML, like Gecko) Chrome/90.0.4430.85 Safari/537.36"
198.54.114.83 - - [03/Apr/2025:11:36:06 -0400] "POST /wp-admin/admin-ajax.php?action=async_litespeed&nonce=D9XGCaXkPw9dpdJ1i9f4wuoFlzLtQblx&litespeed_type=imgoptm HTTP/1.1" 200 0 "-" "WordPress/6.7.2; https://realjuggahos.com"
193.32.126.224 - - [03/Apr/2025:11:36:07 -0400] "POST /wp-login.php HTTP/1.1" 503 6997 "http://realjuggahos.com/wp-admin/" "Mozilla/5.0 (Windows NT 10.0; Win64; x64) AppleWebKit/537.36 (KHTML, like Gecko) Chrome/90.0.4430.85 Safari/537.36"
193.32.126.224 - - [03/Apr/2025:11:36:09 -0400] "GET /wp-admin/ HTTP/1.1" 503 6997 "www.google.com" "Mozilla/5.0 (Windows NT 10.0; Win64; x64) AppleWebKit/537.36 (KHTML, like Gecko) Chrome/90.0.4430.85 Safari/537.36"
185.191.171.17 - - [03/Apr/2025:11:41:21 -0400] "GET /navigating-the-maze-unraveling-the-conundrum-of-buying-youtube-views/ HTTP/1.1" 404 1251 "-" "Mozilla/5.0 (compatible; SemrushBot/7~bl; +http://www.semrush.com/bot.html)"
2a02:598:96:8a00::1200:122 - - [03/Apr/2025:11:50:19 -0400] "GET /what-is-a-cpu/ HTTP/1.1" 404 1251 "-" "Mozilla/5.0 (compatible; SeznamBot/4.0; +https://o-seznam.cz/napoveda/vyhledavani/en/seznambot-crawler/)"
66.249.73.194 - - [03/Apr/2025:11:56:40 -0400] "GET /a-colorful-journey-into-gaming/ HTTP/1.1" 404 1251 "-" "Mozilla/5.0 (Linux; Android 6.0.1; Nexus 5X Build/MMB29P) AppleWebKit/537.36 (KHTML, like Gecko) Chrome/134.0.6998.165 Mobile Safari/537.36 (compatible; Googlebot/2.1; +http://www.google.com/bot.html)"
38.152.102.243 - - [03/Apr/2025:12:10:59 -0400] "GET /forums/users/chastityhorning/ HTTP/1.1" 404 1251 "-" "Mozilla/5.0 (Macintosh; Intel Mac OS X 12_5) AppleWebKit/537.36 (KHTML, like Gecko) Chrome/114.0.0.0 YaBrowser/22.7.0 Yowser/2.5 Safari/537.36"
38.152.102.243 - - [03/Apr/2025:12:11:01 -0400] "GET / HTTP/1.1" 200 156172 "-" "Mozilla/5.0 (Macintosh; Intel Mac OS X 12_5) AppleWebKit/537.36 (KHTML, like Gecko) Chrome/114.0.0.0 YaBrowser/22.7.0 Yowser/2.5 Safari/537.36"
18.222.30.84 - - [03/Apr/2025:12:11:56 -0400] "GET /robots.txt HTTP/1.1" 304 0 "-" "Mozilla/5.0 AppleWebKit/537.36 (KHTML, like Gecko; compatible; ClaudeBot/1.0; +claudebot@anthropic.com)"
18.222.30.84 - - [03/Apr/2025:12:11:56 -0400] "GET /forums/users/francinehouse6 HTTP/1.1" 404 1251 "-" "Mozilla/5.0 AppleWebKit/537.36 (KHTML, like Gecko; compatible; ClaudeBot/1.0; +claudebot@anthropic.com)"
94.137.78.113 - - [03/Apr/2025:12:13:24 -0400] "GET /forums/users/chastityhorning/ HTTP/1.1" 404 1251 "-" "Mozilla/5.0 (Windows NT 10.0; WOW64; x64) AppleWebKit/537.36 (KHTML, like Gecko) Chrome/114.0.0.0 Safari/537.36 OPR/89.0.4447.51"
94.137.78.113 - - [03/Apr/2025:12:13:25 -0400] "GET / HTTP/1.1" 200 156172 "-" "Mozilla/5.0 (Windows NT 10.0; WOW64; x64) AppleWebKit/537.36 (KHTML, like Gecko) Chrome/114.0.0.0 Safari/537.36 OPR/89.0.4447.51"
94.137.78.113 - - [03/Apr/2025:12:13:29 -0400] "GET /s/ref=nb_sb_noss?url=search-alias%3Dfashion-baby&field-keywords= HTTP/1.1" 404 1251 "https://www.realjuggahos.com" "Mozilla/5.0 (Windows NT 10.0; WOW64; x64) AppleWebKit/537.36 (KHTML, like Gecko) Chrome/114.0.0.0 Safari/537.36 OPR/89.0.4447.51"
94.137.78.113 - - [03/Apr/2025:12:13:30 -0400] "GET /s/ref=nb_sb_noss?url=search-alias%3Dfashion-baby&field-keywords= HTTP/1.1" 404 1251 "https://www.realjuggahos.com" "Mozilla/5.0 (Windows NT 10.0; WOW64; x64) AppleWebKit/537.36 (KHTML, like Gecko) Chrome/114.0.0.0 Safari/537.36 OPR/89.0.4447.51"
94.137.78.113 - - [03/Apr/2025:12:13:31 -0400] "GET /s/ref=nb_sb_noss?url=search-alias%3Dfashion-baby&field-keywords= HTTP/1.1" 404 1251 "https://www.realjuggahos.com" "Mozilla/5.0 (Windows NT 10.0; WOW64; x64) AppleWebKit/537.36 (KHTML, like Gecko) Chrome/114.0.0.0 Safari/537.36 OPR/89.0.4447.51"
94.137.78.113 - - [03/Apr/2025:12:13:32 -0400] "GET /s/ref=nb_sb_noss?url=search-alias%3Dfashion-baby&field-keywords= HTTP/1.1" 404 1251 "https://www.realjuggahos.com" "Mozilla/5.0 (Windows NT 10.0; WOW64; x64) AppleWebKit/537.36 (KHTML, like Gecko) Chrome/114.0.0.0 Safari/537.36 OPR/89.0.4447.51"
95.216.226.226 - - [03/Apr/2025:12:13:33 -0400] "GET /forums/users/chastityhorning/ HTTP/1.1" 404 1251 "-" "Mozilla/5.0 (Windows NT 10.0; WOW64; x64) AppleWebKit/537.36 (KHTML, like Gecko) Chrome/114.0.0.0 Safari/537.36 OPR/89.0.4447.51"
95.216.226.226 - - [03/Apr/2025:12:17:58 -0400] "GET /forums/users/chastityhorning/ HTTP/1.1" 404 1251 "-" "Mozilla/5.0 (X11; Fedora; Linux x86_64; rv:114.0) Gecko/20100101 Firefox/114.0"
23.94.73.156 - - [03/Apr/2025:12:19:13 -0400] "GET / HTTP/1.1" 200 156172 "-" "Mozilla/5.0 (Windows NT 10.0; Win64; x64; rv:88.0) Gecko/20100101 Firefox/88.0"
193.32.126.224 - - [03/Apr/2025:12:20:59 -0400] "GET /wp-login.php HTTP/1.1" 200 1740 "http://realjuggahos.com/wp-admin/" "Mozilla/5.0 (Windows NT 10.0; Win64; x64) AppleWebKit/537.36 (KHTML, like Gecko) Chrome/90.0.4430.85 Safari/537.36"
198.54.114.83 - - [03/Apr/2025:12:20:59 -0400] "POST /wp-admin/admin-ajax.php?action=async_litespeed&nonce=H13RjaDnnJjUC0sw6BXtqze2LEPtSOdQ&litespeed_type=imgoptm HTTP/1.1" 200 0 "-" "WordPress/6.7.2; https://realjuggahos.com"
198.54.114.83 - - [03/Apr/2025:12:21:02 -0400] "POST /wp-cron.php?doing_wp_cron=1743697261.1208879947662353515625 HTTP/1.1" 200 0 "-" "WordPress/6.7.2; https://realjuggahos.com"
193.32.126.224 - - [03/Apr/2025:12:21:00 -0400] "POST /wp-login.php HTTP/1.1" 200 1869 "http://realjuggahos.com/wp-admin/" "Mozilla/5.0 (Windows NT 10.0; Win64; x64) AppleWebKit/537.36 (KHTML, like Gecko) Chrome/90.0.4430.85 Safari/537.36"
198.54.114.83 - - [03/Apr/2025:12:21:03 -0400] "POST /wp-admin/admin-ajax.php?action=async_litespeed&nonce=tQYZah4j6F0qtGTZUdNzVZgmxdHqbZqO&litespeed_type=imgoptm HTTP/1.1" 200 0 "-" "WordPress/6.7.2; https://realjuggahos.com"
198.54.114.83 - - [03/Apr/2025:12:21:04 -0400] "POST /wp-cron.php?doing_wp_cron=1743697263.9066300392150878906250 HTTP/1.1" 200 0 "-" "WordPress/6.7.2; https://realjuggahos.com"
193.32.126.224 - - [03/Apr/2025:12:21:03 -0400] "GET /wp-admin/ HTTP/1.1" 302 0 "www.google.com" "Mozilla/5.0 (Windows NT 10.0; Win64; x64) AppleWebKit/537.36 (KHTML, like Gecko) Chrome/90.0.4430.85 Safari/537.36"
193.32.126.224 - - [03/Apr/2025:12:21:04 -0400] "GET /wp-login.php?redirect_to=https%3A%2F%2Frealjuggahos.com%2Fwp-admin%2F&reauth=1 HTTP/1.1" 200 1739 "www.google.com" "Mozilla/5.0 (Windows NT 10.0; Win64; x64) AppleWebKit/537.36 (KHTML, like Gecko) Chrome/90.0.4430.85 Safari/537.36"
198.54.114.83 - - [03/Apr/2025:12:21:05 -0400] "POST /wp-admin/admin-ajax.php?action=async_litespeed&nonce=HlxoYhAbmFnBkLqBLo1fcQLJPySp9UYr&litespeed_type=imgoptm HTTP/1.1" 200 5 "-" "WordPress/6.7.2; https://realjuggahos.com"
58.254.68.93 - - [03/Apr/2025:12:26:49 -0400] "GET /immobilienkredit/ HTTP/1.1" 404 1251 "https://realjuggahos.com" "Mozilla/5.0 (Windows NT 10.0; Win64; x64) AppleWebKit/537.36 (KHTML, like Gecko) Chrome/62.0.3202.94 Safari/537.36"
157.55.39.195 - - [03/Apr/2025:12:27:29 -0400] "GET /education-et-formation-des-hygienistes-dentaires/ HTTP/1.1" 404 1251 "-" "Mozilla/5.0 AppleWebKit/537.36 (KHTML, like Gecko; compatible; bingbot/2.0; +http://www.bing.com/bingbot.htm) Chrome/116.0.1938.76 Safari/537.36"
2a02:598:96:8a00::1200:122 - - [03/Apr/2025:12:29:34 -0400] "GET /land-based-casinos-vs-online-casinos/ HTTP/1.1" 404 1251 "-" "Mozilla/5.0 (compatible; SeznamBot/4.0; +https://o-seznam.cz/napoveda/vyhledavani/en/seznambot-crawler/)"
137.226.113.44 - - [03/Apr/2025:12:36:30 -0400] "GET / HTTP/1.1" 200 156172 "-" "Mozilla/5.0 researchscan.comsys.rwth-aachen.de"
137.226.113.44 - - [03/Apr/2025:12:36:32 -0400] "GET / HTTP/1.1" 200 156172 "-" "Mozilla/5.0 researchscan.comsys.rwth-aachen.de"
156.228.182.106 - - [03/Apr/2025:12:38:54 -0400] "GET /forums/users/eugeniapoland65/ HTTP/1.1" 404 1251 "-" "Mozilla/5.0 (Macintosh; Intel Mac OS X 12_5) AppleWebKit/537.36 (KHTML, like Gecko) Chrome/114.0.0.0 Safari/537.36 Vivaldi/5.3.2679.68"
156.228.182.106 - - [03/Apr/2025:12:38:55 -0400] "GET / HTTP/1.1" 200 156172 "-" "Mozilla/5.0 (Macintosh; Intel Mac OS X 12_5) AppleWebKit/537.36 (KHTML, like Gecko) Chrome/114.0.0.0 Safari/537.36 Vivaldi/5.3.2679.68"
156.228.182.106 - - [03/Apr/2025:12:38:58 -0400] "GET /dp/B0D3RN5W37?ref=MarsFS_VICC_blinksqm HTTP/1.1" 404 1251 "https://www.realjuggahos.com" "Mozilla/5.0 (Macintosh; Intel Mac OS X 12_5) AppleWebKit/537.36 (KHTML, like Gecko) Chrome/114.0.0.0 Safari/537.36 Vivaldi/5.3.2679.68"
156.228.182.106 - - [03/Apr/2025:12:38:59 -0400] "GET / HTTP/1.1" 200 156172 "https://www.realjuggahos.com" "Mozilla/5.0 (Macintosh; Intel Mac OS X 12_5) AppleWebKit/537.36 (KHTML, like Gecko) Chrome/114.0.0.0 Safari/537.36 Vivaldi/5.3.2679.68"
114.119.131.199 - - [03/Apr/2025:12:43:49 -0400] "GET /dp/B0CJKV1J9N?ref=MarsFS_SMP_B0CJKV1J9N HTTP/1.1" 404 1251 "https://www.realjuggahos.com/?MD" "Mozilla/5.0 (Linux; Android 7.0;) AppleWebKit/537.36 (KHTML, like Gecko) Mobile Safari/537.36 (compatible; PetalBot;+https://webmaster.petalsearch.com/site/petalbot)"
156.233.73.204 - - [03/Apr/2025:12:44:48 -0400] "GET /wp-json/wp/v2/users HTTP/1.1" 404 1251 "https://www.google.com" "Mozilla/5.0 (X11; Linux x86_64) AppleWebKit/537.36 (KHTML, like Gecko) Chrome/119.0.0.0 Safari/537.36"
156.233.73.204 - - [03/Apr/2025:12:44:50 -0400] "GET /?author=1 HTTP/1.1" 200 156172 "https://www.google.com" "Mozilla/5.0 (X11; Linux x86_64) AppleWebKit/537.36 (KHTML, like Gecko) Chrome/119.0.0.0 Safari/537.36"
156.233.73.204 - - [03/Apr/2025:12:44:53 -0400] "GET /wp-login.php HTTP/1.1" 200 1740 "https://www.google.com" "Mozilla/5.0 (X11; Linux x86_64) AppleWebKit/537.36 (KHTML, like Gecko) Chrome/119.0.0.0 Safari/537.36"
198.54.114.83 - - [03/Apr/2025:12:44:59 -0400] "POST /wp-cron.php?doing_wp_cron=1743698699.0216989517211914062500 HTTP/1.1" 200 0 "-" "WordPress/6.7.2; https://realjuggahos.com"
156.233.74.121 - - [03/Apr/2025:12:44:54 -0400] "POST /wp-login.php HTTP/1.1" 200 1871 "https://realjuggahos.com/wp-login.php" "Mozilla/5.0 (X11; Linux x86_64) AppleWebKit/537.36 (KHTML, like Gecko) Chrome/119.0.0.0 Safari/537.36"
198.54.114.83 - - [03/Apr/2025:12:45:00 -0400] "POST /wp-admin/admin-ajax.php?action=async_litespeed&nonce=SjaBA6Qvbb7OqTxBLjPWxFalqQHXgjL2&litespeed_type=imgoptm HTTP/1.1" 200 0 "-" "WordPress/6.7.2; https://realjuggahos.com"
156.233.74.121 - - [03/Apr/2025:12:45:01 -0400] "GET /wp-admin/ HTTP/1.1" 302 0 "https://realjuggahos.com/wp-login.php" "Mozilla/5.0 (X11; Linux x86_64) AppleWebKit/537.36 (KHTML, like Gecko) Chrome/119.0.0.0 Safari/537.36"
156.233.74.121 - - [03/Apr/2025:12:45:05 -0400] "GET /wp-login.php?redirect_to=https%3A%2F%2Frealjuggahos.com%2Fwp-admin%2F&reauth=1 HTTP/1.1" 200 1741 "https://realjuggahos.com/wp-login.php" "Mozilla/5.0 (X11; Linux x86_64) AppleWebKit/537.36 (KHTML, like Gecko) Chrome/119.0.0.0 Safari/537.36"
114.119.150.249 - - [03/Apr/2025:12:45:09 -0400] "GET /gp/profile/amzn1.account.AFXQP46YJ2XUKR4MYZFNG3H2CXBQ/ref=cm_cr_dp_d_gw_tr?ie=UTF8 HTTP/1.1" 404 1251 "https://realjuggahos.com/?MA" "Mozilla/5.0 (Linux; Android 7.0;) AppleWebKit/537.36 (KHTML, like Gecko) Mobile Safari/537.36 (compatible; PetalBot;+https://webmaster.petalsearch.com/site/petalbot)"
114.119.131.199 - - [03/Apr/2025:12:46:32 -0400] "GET /dp/B08ZJVVMT4?ref=MarsFS_eero_en HTTP/1.1" 404 1251 "https://realjuggahos.com/?MA" "Mozilla/5.0 (Linux; Android 7.0;) AppleWebKit/537.36 (KHTML, like Gecko) Mobile Safari/537.36 (compatible; PetalBot;+https://webmaster.petalsearch.com/site/petalbot)"
52.167.144.193 - - [03/Apr/2025:12:52:49 -0400] "GET /peinture-pop-art/ HTTP/1.1" 404 1251 "-" "Mozilla/5.0 AppleWebKit/537.36 (KHTML, like Gecko; compatible; bingbot/2.0; +http://www.bing.com/bingbot.htm) Chrome/116.0.1938.76 Safari/537.36"
136.243.228.198 - - [03/Apr/2025:12:53:04 -0400] "GET /bimatoprost-what-you-need-to-know/ HTTP/1.1" 404 1251 "-" "Mozilla/5.0 (compatible; DataForSeoBot/1.0; +https://dataforseo.com/dataforseo-bot)"
45.61.187.191 - - [03/Apr/2025:12:55:50 -0400] "GET /wp-login.php HTTP/1.1" 200 1740 "-" "Mozilla/5.0 (Windows NT 6.1; Trident/7.0; rv:11.0) like Gecko"
198.54.114.83 - - [03/Apr/2025:12:55:53 -0400] "POST /wp-cron.php?doing_wp_cron=1743699353.1770310401916503906250 HTTP/1.1" 200 0 "-" "WordPress/6.7.2; https://realjuggahos.com"
45.61.187.191 - - [03/Apr/2025:12:55:50 -0400] "POST /wp-login.php HTTP/1.1" 503 6999 "-" "Mozilla/5.0 (Windows NT 6.1; Trident/7.0; rv:11.0) like Gecko"
45.61.187.191 - - [03/Apr/2025:12:55:54 -0400] "GET /wp-admin/themes.php HTTP/1.1" 503 6943 "-" "python-requests/2.27.1"
45.61.187.191 - - [03/Apr/2025:12:55:54 -0400] "GET /wp-admin/plugin-install.php?tab=upload HTTP/1.1" 503 6943 "-" "python-requests/2.27.1"
198.54.114.83 - - [03/Apr/2025:12:55:54 -0400] "POST /wp-admin/admin-ajax.php?action=async_litespeed&nonce=auCvpVGAj4BitUdiLZV9NRgmC4VOIP07&litespeed_type=imgoptm HTTP/1.1" 200 5 "-" "WordPress/6.7.2; https://realjuggahos.com"
107.152.98.5 - - [03/Apr/2025:12:58:28 -0400] "GET /forums/users/chastityhorning/ HTTP/1.1" 404 1251 "-" "Mozilla/5.0 (Windows NT 10.0; Win64; x64) AppleWebKit/537.36 (KHTML, like Gecko) Chrome/114.0.0.0 YaBrowser/22.7.0 Yowser/2.5 Safari/537.36"
107.152.98.5 - - [03/Apr/2025:12:58:30 -0400] "GET / HTTP/1.1" 200 156172 "-" "Mozilla/5.0 (Windows NT 10.0; Win64; x64) AppleWebKit/537.36 (KHTML, like Gecko) Chrome/114.0.0.0 YaBrowser/22.7.0 Yowser/2.5 Safari/537.36"
107.152.98.5 - - [03/Apr/2025:12:58:42 -0400] "GET /dp/B0D3RN5W37?ref=MarsFS_VICC_blinksqm HTTP/1.1" 404 1251 "https://www.realjuggahos.com" "Mozilla/5.0 (Windows NT 10.0; Win64; x64) AppleWebKit/537.36 (KHTML, like Gecko) Chrome/114.0.0.0 YaBrowser/22.7.0 Yowser/2.5 Safari/537.36"
107.152.98.5 - - [03/Apr/2025:12:58:47 -0400] "GET / HTTP/1.1" 200 156172 "https://www.realjuggahos.com" "Mozilla/5.0 (Windows NT 10.0; Win64; x64) AppleWebKit/537.36 (KHTML, like Gecko) Chrome/114.0.0.0 YaBrowser/22.7.0 Yowser/2.5 Safari/537.36"
188.166.234.225 - - [03/Apr/2025:12:59:33 -0400] "GET /wp-login.php HTTP/1.1" 200 1740 "-" "python-requests/2.31.0"
188.166.234.225 - - [03/Apr/2025:12:59:33 -0400] "GET /wp-login.php HTTP/1.1" 200 1740 "-" "python-requests/2.31.0"
198.54.114.83 - - [03/Apr/2025:12:59:36 -0400] "POST /wp-cron.php?doing_wp_cron=1743699576.2905640602111816406250 HTTP/1.1" 200 0 "-" "WordPress/6.7.2; https://realjuggahos.com"
188.166.234.225 - - [03/Apr/2025:12:59:34 -0400] "POST /wp-login.php HTTP/1.1" 200 1867 "-" "python-requests/2.31.0"
198.54.114.83 - - [03/Apr/2025:12:59:37 -0400] "POST /wp-admin/admin-ajax.php?action=async_litespeed&nonce=lOV7h3C8wr8vWhlUGtNriQJAbvaykZGo&litespeed_type=imgoptm HTTP/1.1" 200 5 "-" "WordPress/6.7.2; https://realjuggahos.com"
114.119.131.199 - - [03/Apr/2025:13:01:51 -0400] "GET /gp/profile/amzn1.account.AEI6M6PK7YTYMMDYHFCY44VLPMYQ/ref=cm_cr_dp_d_gw_tr?ie=UTF8 HTTP/1.1" 404 1251 "https://www.realjuggahos.com/?MD" "Mozilla/5.0 (Linux; Android 7.0;) AppleWebKit/537.36 (KHTML, like Gecko) Mobile Safari/537.36 (compatible; PetalBot;+https://webmaster.petalsearch.com/site/petalbot)"
89.58.27.229 - - [03/Apr/2025:13:04:38 -0400] "GET /forums/users/marcelocatani5/ HTTP/1.1" 404 1251 "-" "Mozilla/5.0 (Macintosh; Intel Mac OS X 12_5) AppleWebKit/605.1.15 (KHTML, like Gecko) Version/15.4 Safari/605.1.15"
89.58.27.229 - - [03/Apr/2025:13:04:39 -0400] "GET / HTTP/1.1" 200 156172 "-" "Mozilla/5.0 (Macintosh; Intel Mac OS X 12_5) AppleWebKit/605.1.15 (KHTML, like Gecko) Version/15.4 Safari/605.1.15"
89.58.27.229 - - [03/Apr/2025:13:04:40 -0400] "GET /dp/B0D3RN5W37?ref=MarsFS_VICC_blinksqm HTTP/1.1" 404 1251 "https://www.realjuggahos.com" "Mozilla/5.0 (Macintosh; Intel Mac OS X 12_5) AppleWebKit/605.1.15 (KHTML, like Gecko) Version/15.4 Safari/605.1.15"
89.58.27.229 - - [03/Apr/2025:13:04:41 -0400] "GET / HTTP/1.1" 200 156172 "https://www.realjuggahos.com" "Mozilla/5.0 (Macintosh; Intel Mac OS X 12_5) AppleWebKit/605.1.15 (KHTML, like Gecko) Version/15.4 Safari/605.1.15"
2a02:598:64:8a00::3100:0 - - [03/Apr/2025:13:07:15 -0400] "GET /how-to-mount-a-tv-properly/ HTTP/1.1" 404 1251 "-" "Mozilla/5.0 (compatible; SeznamBot/4.0; +https://o-seznam.cz/napoveda/vyhledavani/en/seznambot-crawler/)"
23.94.73.156 - - [03/Apr/2025:13:09:19 -0400] "GET / HTTP/1.1" 200 156172 "-" "Mozilla/5.0 (Windows NT 10.0; Win64; x64; rv:88.0) Gecko/20100101 Firefox/88.0"
103.20.195.72 - - [03/Apr/2025:13:11:07 -0400] "GET /wp-login.php HTTP/1.1" 200 1740 "-" "Mozilla/5.0 (Windows NT 10.0; Win64; x64) AppleWebKit/537.36 (KHTML, like Gecko) Chrome/87.0.4280.141 Safari/537.36"
198.54.114.83 - - [03/Apr/2025:13:11:10 -0400] "POST /wp-cron.php?doing_wp_cron=1743700270.5108060836791992187500 HTTP/1.1" 200 0 "-" "WordPress/6.7.2; https://realjuggahos.com"
103.20.195.72 - - [03/Apr/2025:13:11:07 -0400] "POST /wp-login.php HTTP/1.1" 200 1872 "-" "Mozilla/5.0 (Windows NT 10.0; Win64; x64) AppleWebKit/537.36 (KHTML, like Gecko) Chrome/87.0.4280.141 Safari/537.36"
198.54.114.83 - - [03/Apr/2025:13:11:11 -0400] "POST /wp-admin/admin-ajax.php?action=async_litespeed&nonce=n01OGQKEEgZQB99c3D5TbjXdqsyJra2n&litespeed_type=imgoptm HTTP/1.1" 200 5 "-" "WordPress/6.7.2; https://realjuggahos.com"
188.166.234.225 - - [03/Apr/2025:13:15:24 -0400] "GET /wp-admin HTTP/1.1" 301 795 "-" "python-requests/2.31.0"
198.54.114.83 - - [03/Apr/2025:13:15:28 -0400] "POST /wp-cron.php?doing_wp_cron=1743700528.2432620525360107421875 HTTP/1.1" 200 0 "-" "WordPress/6.7.2; https://realjuggahos.com"
188.166.234.225 - - [03/Apr/2025:13:15:25 -0400] "GET /wp-admin/ HTTP/1.1" 302 0 "-" "python-requests/2.31.0"
188.166.234.225 - - [03/Apr/2025:13:15:29 -0400] "GET /wp-login.php?redirect_to=https%3A%2F%2Frealjuggahos.com%2Fwp-admin%2F&reauth=1 HTTP/1.1" 200 1740 "-" "python-requests/2.31.0"
198.54.114.83 - - [03/Apr/2025:13:15:29 -0400] "POST /wp-admin/admin-ajax.php?action=async_litespeed&nonce=vvng7wHmqsRHLuYO23cHplWusStWgECV&litespeed_type=imgoptm HTTP/1.1" 200 5 "-" "WordPress/6.7.2; https://realjuggahos.com"
188.166.234.225 - - [03/Apr/2025:13:15:30 -0400] "GET /?cffaction=get_data_from_database&query=show%20tables HTTP/1.1" 200 156172 "-" "python-requests/2.31.0"
157.245.155.211 - - [03/Apr/2025:13:19:16 -0400] "GET /uploaded_script.php HTTP/1.1" 404 1251 "www.google.com" "Mozilla/5.0 (Linux; Android 7.0; SM-G892A Build/NRD90M; wv) AppleWebKit/537.36 (KHTML, like Gecko) Version/4.0 Chrome/60.0.3112.107 Mobile Safari/537.36"
217.15.163.143 - - [03/Apr/2025:13:19:59 -0400] "GET /wp-login.php HTTP/1.1" 200 1739 "-" "Mozila/5.0"
198.54.114.83 - - [03/Apr/2025:13:20:05 -0400] "POST /wp-cron.php?doing_wp_cron=1743700804.8663220405578613281250 HTTP/1.1" 200 0 "-" "WordPress/6.7.2; https://realjuggahos.com"
217.15.163.143 - - [03/Apr/2025:13:19:59 -0400] "POST /wp-login.php HTTP/1.1" 200 1886 "-" "Mozila/5.0"
198.54.114.83 - - [03/Apr/2025:13:20:06 -0400] "POST /wp-admin/admin-ajax.php?action=async_litespeed&nonce=8Dr1LgaTHKhMDpMeDjO1Rv2VL07O7hYv&litespeed_type=imgoptm HTTP/1.1" 200 0 "-" "WordPress/6.7.2; https://realjuggahos.com"
198.54.114.83 - - [03/Apr/2025:13:20:07 -0400] "POST /wp-cron.php?doing_wp_cron=1743700807.4791369438171386718750 HTTP/1.1" 200 0 "-" "WordPress/6.7.2; https://realjuggahos.com"
217.15.163.143 - - [03/Apr/2025:13:20:07 -0400] "GET /wp-admin/ HTTP/1.1" 302 0 "-" "Mozila/5.0"
198.54.114.83 - - [03/Apr/2025:13:20:08 -0400] "POST /wp-admin/admin-ajax.php?action=async_litespeed&nonce=t6ebEBg35k5TNXmJKawITKjcpLOctqtp&litespeed_type=imgoptm HTTP/1.1" 200 5 "-" "WordPress/6.7.2; https://realjuggahos.com"
217.15.163.143 - - [03/Apr/2025:13:20:08 -0400] "GET /wp-login.php?redirect_to=https%3A%2F%2Fwww.realjuggahos.com%2Fwp-admin%2F&reauth=1 HTTP/1.1" 200 1738 "-" "Mozila/5.0"
2a02:598:64:8a00::3100:0 - - [03/Apr/2025:13:23:15 -0400] "GET /a-guide-to-auschwitz-tours/ HTTP/1.1" 404 1251 "-" "Mozilla/5.0 (compatible; SeznamBot/4.0; +https://o-seznam.cz/napoveda/vyhledavani/en/seznambot-crawler/)"
54.254.137.198 - - [03/Apr/2025:13:27:08 -0400] "POST /wp-login.php HTTP/1.1" 403 6320 "-" "Mozlila/5.0 (Linux; Android 7.0; SM-G892A Bulid/NRD90M; wv) AppleWebKit/537.36 (KHTML, like Gecko) Version/4.0 Chrome/60.0.3112.107 Moblie Safari/537.36"
54.254.137.198 - - [03/Apr/2025:13:27:09 -0400] "GET /wp-admin/plugin-install.php?tab=upload HTTP/1.1" 403 6321 "-" "Mozlila/5.0 (Linux; Android 7.0; SM-G892A Bulid/NRD90M; wv) AppleWebKit/537.36 (KHTML, like Gecko) Version/4.0 Chrome/60.0.3112.107 Moblie Safari/537.36"
166.108.194.132 - - [03/Apr/2025:13:27:42 -0400] "GET /innovative-leuchten-moderne-hangelampen-fur-zeitgemases-ambiente/ HTTP/1.1" 404 1251 "https://realjuggahos.com/innovative-leuchten-moderne-hangelampen-fur-zeitgemases-ambiente/" "Mozilla/5.0 (Macintosh; Intel Mac OS X 10_15_7) AppleWebKit/537.36 (KHTML, like Gecko) Chrome/120.0.0.0 Safari/537.36"
18.117.71.21 - - [03/Apr/2025:13:27:59 -0400] "GET /forums/users/francescowilling HTTP/1.1" 404 1251 "-" "Mozilla/5.0 AppleWebKit/537.36 (KHTML, like Gecko; compatible; ClaudeBot/1.0; +claudebot@anthropic.com)"
2a02:598:96:8a00::1200:122 - - [03/Apr/2025:13:29:43 -0400] "GET /tiktok-saves-why-buy-tiktok-saves/ HTTP/1.1" 404 1251 "-" "Mozilla/5.0 (compatible; SeznamBot/4.0; +https://o-seznam.cz/napoveda/vyhledavani/en/seznambot-crawler/)"
4.227.36.94 - - [03/Apr/2025:13:36:48 -0400] "GET /robots.txt HTTP/1.1" 304 0 "-" "Mozilla/5.0 AppleWebKit/537.36 (KHTML, like Gecko; compatible; GPTBot/1.2; +https://openai.com/gptbot)"
4.227.36.63 - - [03/Apr/2025:13:37:42 -0400] "GET /robots.txt HTTP/1.1" 304 0 "-" "Mozilla/5.0 AppleWebKit/537.36 (KHTML, like Gecko; compatible; GPTBot/1.2; +https://openai.com/gptbot)"
114.119.131.199 - - [03/Apr/2025:13:40:15 -0400] "GET /gp/registry/wishlist/ HTTP/1.1" 404 1251 "https://realjuggahos.com/?MA" "Mozilla/5.0 (Linux; Android 7.0;) AppleWebKit/537.36 (KHTML, like Gecko) Mobile Safari/537.36 (compatible; PetalBot;+https://webmaster.petalsearch.com/site/petalbot)"
205.185.121.90 - - [03/Apr/2025:13:41:36 -0400] "GET / HTTP/1.1" 200 156172 "https://realjuggahos.com" "Mozilla/5.0 (Windows NT 6.1; WOW64; rv:54.0) Gecko/20100101 Firefox/54.0"
114.119.139.43 - - [03/Apr/2025:13:41:40 -0400] "GET /dp/B09Y1GZR7T?ref=MarsFS_AUCC_gw HTTP/1.1" 404 1251 "https://realjuggahos.com/?MA" "Mozilla/5.0 (Linux; Android 7.0;) AppleWebKit/537.36 (KHTML, like Gecko) Mobile Safari/537.36 (compatible; PetalBot;+https://webmaster.petalsearch.com/site/petalbot)"
205.185.121.90 - - [03/Apr/2025:13:41:42 -0400] "GET /wp-login.php HTTP/1.1" 200 1740 "https://realjuggahos.com" "Mozilla/5.0 (Windows NT 6.1; WOW64; rv:54.0) Gecko/20100101 Firefox/54.0"
85.208.98.31 - - [03/Apr/2025:13:43:50 -0400] "GET /how-a-katana-sword-is-made/ HTTP/1.1" 404 1251 "-" "Mozilla/5.0 (compatible; SemrushBot-BA; +http://www.semrush.com/bot.html)"
149.126.217.213 - - [03/Apr/2025:13:48:50 -0400] "GET /forums/users/chastityhorning/ HTTP/1.1" 404 1251 "-" "Mozilla/5.0 (Windows NT 10.0; Win64; x64) AppleWebKit/537.36 (KHTML, like Gecko) Chrome/114.0.0.0 Safari/537.36 Vivaldi/5.3.2679.68"
149.126.217.213 - - [03/Apr/2025:13:48:51 -0400] "GET / HTTP/1.1" 200 156172 "-" "Mozilla/5.0 (Windows NT 10.0; Win64; x64) AppleWebKit/537.36 (KHTML, like Gecko) Chrome/114.0.0.0 Safari/537.36 Vivaldi/5.3.2679.68"
149.126.217.213 - - [03/Apr/2025:13:48:54 -0400] "GET /s/ref=nb_sb_noss?url=search-alias%3Dgrocery&field-keywords= HTTP/1.1" 404 1251 "https://www.realjuggahos.com" "Mozilla/5.0 (Windows NT 10.0; Win64; x64) AppleWebKit/537.36 (KHTML, like Gecko) Chrome/114.0.0.0 Safari/537.36 Vivaldi/5.3.2679.68"
149.126.217.213 - - [03/Apr/2025:13:48:55 -0400] "GET /s/ref=nb_sb_noss?url=search-alias%3Dgrocery&field-keywords= HTTP/1.1" 404 1251 "https://www.realjuggahos.com" "Mozilla/5.0 (Windows NT 10.0; Win64; x64) AppleWebKit/537.36 (KHTML, like Gecko) Chrome/114.0.0.0 Safari/537.36 Vivaldi/5.3.2679.68"
149.126.217.213 - - [03/Apr/2025:13:48:56 -0400] "GET /s/ref=nb_sb_noss?url=search-alias%3Dgrocery&field-keywords= HTTP/1.1" 404 1251 "https://www.realjuggahos.com" "Mozilla/5.0 (Windows NT 10.0; Win64; x64) AppleWebKit/537.36 (KHTML, like Gecko) Chrome/114.0.0.0 Safari/537.36 Vivaldi/5.3.2679.68"
149.126.217.213 - - [03/Apr/2025:13:48:57 -0400] "GET /s/ref=nb_sb_noss?url=search-alias%3Dgrocery&field-keywords= HTTP/1.1" 404 1251 "https://www.realjuggahos.com" "Mozilla/5.0 (Windows NT 10.0; Win64; x64) AppleWebKit/537.36 (KHTML, like Gecko) Chrome/114.0.0.0 Safari/537.36 Vivaldi/5.3.2679.68"
95.217.35.24 - - [03/Apr/2025:13:48:57 -0400] "GET /forums/users/chastityhorning/ HTTP/1.1" 404 1251 "-" "Mozilla/5.0 (Windows NT 10.0; Win64; x64) AppleWebKit/537.36 (KHTML, like Gecko) Chrome/114.0.0.0 Safari/537.36 Vivaldi/5.3.2679.68"
95.217.35.24 - - [03/Apr/2025:13:50:45 -0400] "GET /forums/users/chastityhorning/ HTTP/1.1" 404 1251 "-" "Mozilla/5.0 (X11; Fedora; Linux x86_64; rv:114.0) Gecko/20100101 Firefox/114.0"
110.249.201.45 - - [03/Apr/2025:13:52:04 -0400] "GET /forums/users/phoebewoo079973/topics/ HTTP/1.1" 404 1251 "-" "Mozilla/5.0 (Linux; Android 5.0) AppleWebKit/537.36 (KHTML, like Gecko) Mobile Safari/537.36 (compatible; Bytespider; https://zhanzhang.toutiao.com/)"
110.249.201.70 - - [03/Apr/2025:13:52:29 -0400] "GET /robots.txt HTTP/1.1" 200 23 "-" "Mozilla/5.0 (Linux; Android 5.0) AppleWebKit/537.36 (KHTML, like Gecko) Mobile Safari/537.36 (compatible; Bytespider; https://zhanzhang.toutiao.com/)"
217.148.140.144 - - [03/Apr/2025:13:52:39 -0400] "GET / HTTP/1.1" 200 156172 "-" "Mozilla/5.0 (X11; Fedora; Linux x86_64; rv:114.0) Gecko/20100101 Firefox/114.0"
217.148.140.144 - - [03/Apr/2025:13:52:42 -0400] "GET /%22%20+%20t.href%20+%20%22 HTTP/1.1" 404 1251 "https://realjuggahos.com/" "Mozilla/5.0 (X11; Fedora; Linux x86_64; rv:114.0) Gecko/20100101 Firefox/114.0"
217.148.140.144 - - [03/Apr/2025:13:52:43 -0400] "GET / HTTP/1.1" 200 156172 "https://realjuggahos.com/" "Mozilla/5.0 (X11; Fedora; Linux x86_64; rv:114.0) Gecko/20100101 Firefox/114.0"
217.148.140.144 - - [03/Apr/2025:13:52:45 -0400] "GET /amazonfresh HTTP/1.1" 404 1251 "https://realjuggahos.com/" "Mozilla/5.0 (X11; Fedora; Linux x86_64; rv:114.0) Gecko/20100101 Firefox/114.0"
217.148.140.144 - - [03/Apr/2025:13:52:46 -0400] "GET /%3C HTTP/1.1" 404 1251 "https://realjuggahos.com/" "Mozilla/5.0 (X11; Fedora; Linux x86_64; rv:114.0) Gecko/20100101 Firefox/114.0"
217.148.140.144 - - [03/Apr/2025:13:52:47 -0400] "GET /gp/prime?ref_=nav_prime_btn_fb HTTP/1.1" 404 1251 "https://realjuggahos.com/" "Mozilla/5.0 (X11; Fedora; Linux x86_64; rv:114.0) Gecko/20100101 Firefox/114.0"
217.148.140.144 - - [03/Apr/2025:13:52:47 -0400] "GET /kindle-dbs/ku/ku-central?ref_=nav_AccountFlyout_ku HTTP/1.1" 404 1251 "https://realjuggahos.com/" "Mozilla/5.0 (X11; Fedora; Linux x86_64; rv:114.0) Gecko/20100101 Firefox/114.0"
217.148.140.144 - - [03/Apr/2025:13:52:48 -0400] "GET /gp/registry/wishlist/ HTTP/1.1" 404 1251 "https://realjuggahos.com/" "Mozilla/5.0 (X11; Fedora; Linux x86_64; rv:114.0) Gecko/20100101 Firefox/114.0"
217.148.140.144 - - [03/Apr/2025:13:52:49 -0400] "GET /photos?ref_=nav_AccountFlyout_photos HTTP/1.1" 404 1251 "https://realjuggahos.com/" "Mozilla/5.0 (X11; Fedora; Linux x86_64; rv:114.0) Gecko/20100101 Firefox/114.0"
217.148.140.144 - - [03/Apr/2025:13:52:50 -0400] "GET /Amazon/b/ref=bl_dp_s_web_7940963051?ie=UTF8&node=7940963051&field-lbr_brands_browse-bin=Amazon HTTP/1.1" 404 1251 "https://realjuggahos.com/" "Mozilla/5.0 (X11; Fedora; Linux x86_64; rv:114.0) Gecko/20100101 Firefox/114.0"
52.167.144.157 - - [03/Apr/2025:13:52:50 -0400] "GET /unveiling-the-thrills-navigating-the-world-of-online-casinos/ HTTP/1.1" 404 1251 "-" "Mozilla/5.0 AppleWebKit/537.36 (KHTML, like Gecko; compatible; bingbot/2.0; +http://www.bing.com/bingbot.htm) Chrome/116.0.1938.76 Safari/537.36"
217.148.140.144 - - [03/Apr/2025:13:52:50 -0400] "GET /gp/video/ssoredirect?pvp=/ref%3D_apv&ref_=nav_AccountFlyout__apv HTTP/1.1" 404 1251 "https://realjuggahos.com/" "Mozilla/5.0 (X11; Fedora; Linux x86_64; rv:114.0) Gecko/20100101 Firefox/114.0"
217.148.140.144 - - [03/Apr/2025:13:52:51 -0400] "GET /dp/B09WXH9BH7?ref=MarsFS_AUCC_ch HTTP/1.1" 404 1251 "https://realjuggahos.com/" "Mozilla/5.0 (X11; Fedora; Linux x86_64; rv:114.0) Gecko/20100101 Firefox/114.0"
217.148.140.144 - - [03/Apr/2025:13:52:52 -0400] "GET /gp/mas/your-account/myapps?ref_=nav_AccountFlyout_aad HTTP/1.1" 404 1251 "https://realjuggahos.com/" "Mozilla/5.0 (X11; Fedora; Linux x86_64; rv:114.0) Gecko/20100101 Firefox/114.0"
217.148.140.144 - - [03/Apr/2025:13:52:53 -0400] "GET /dp/B09B8YP8KY?ref=MarsFS_AUCC_cann HTTP/1.1" 404 1251 "https://realjuggahos.com/" "Mozilla/5.0 (X11; Fedora; Linux x86_64; rv:114.0) Gecko/20100101 Firefox/114.0"
217.148.140.144 - - [03/Apr/2025:13:52:53 -0400] "GET /hz/mycd/myx?pageType=content&ref_=nav_AccountFlyout_myk HTTP/1.1" 404 1251 "https://realjuggahos.com/" "Mozilla/5.0 (X11; Fedora; Linux x86_64; rv:114.0) Gecko/20100101 Firefox/114.0"
217.148.140.144 - - [03/Apr/2025:13:52:54 -0400] "GET /dp/B0C2RXN77R?ref=MarsFS_AUCC_es HTTP/1.1" 404 1251 "https://realjuggahos.com/" "Mozilla/5.0 (X11; Fedora; Linux x86_64; rv:114.0) Gecko/20100101 Firefox/114.0"
217.148.140.144 - - [03/Apr/2025:13:52:55 -0400] "GET /yourpets?ref_=nav_AccountFlyout_petprofiles HTTP/1.1" 404 1251 "https://realjuggahos.com/" "Mozilla/5.0 (X11; Fedora; Linux x86_64; rv:114.0) Gecko/20100101 Firefox/114.0"
217.148.140.144 - - [03/Apr/2025:13:52:56 -0400] "GET /dp/B085G63QHT?ref=MarsFS_AUCC_lr HTTP/1.1" 404 1251 "https://realjuggahos.com/" "Mozilla/5.0 (X11; Fedora; Linux x86_64; rv:114.0) Gecko/20100101 Firefox/114.0"
217.148.140.144 - - [03/Apr/2025:13:52:57 -0400] "GET /auto-deliveries?ref_=nav_AccountFlyout_sns HTTP/1.1" 404 1251 "https://realjuggahos.com/" "Mozilla/5.0 (X11; Fedora; Linux x86_64; rv:114.0) Gecko/20100101 Firefox/114.0"
217.148.140.144 - - [03/Apr/2025:13:52:57 -0400] "GET /dp/B07NQ7HNHY?ref=MarsFS_AUCC_oe HTTP/1.1" 404 1251 "https://realjuggahos.com/" "Mozilla/5.0 (X11; Fedora; Linux x86_64; rv:114.0) Gecko/20100101 Firefox/114.0"
217.148.140.144 - - [03/Apr/2025:13:52:58 -0400] "GET /hz5/yourmembershipsandsubscriptions?ref_=nav_AccountFlyout_digital_subscriptions HTTP/1.1" 404 1251 "https://realjuggahos.com/" "Mozilla/5.0 (X11; Fedora; Linux x86_64; rv:114.0) Gecko/20100101 Firefox/114.0"
217.148.140.144 - - [03/Apr/2025:13:52:59 -0400] "GET /dp/B09B2RL8CG?ref=MarsFS_AUCC_hyp HTTP/1.1" 404 1251 "https://realjuggahos.com/" "Mozilla/5.0 (X11; Fedora; Linux x86_64; rv:114.0) Gecko/20100101 Firefox/114.0"
217.148.140.144 - - [03/Apr/2025:13:53:00 -0400] "GET /gp/subs/primeclub/account/homepage.html?ref_=nav_youraccount_prime HTTP/1.1" 404 1251 "https://realjuggahos.com/" "Mozilla/5.0 (X11; Fedora; Linux x86_64; rv:114.0) Gecko/20100101 Firefox/114.0"
217.148.140.144 - - [03/Apr/2025:13:53:01 -0400] "GET /dp/B0BLS3H65Z?ref=MarsFS_AUCC_ath HTTP/1.1" 404 1251 "https://realjuggahos.com/" "Mozilla/5.0 (X11; Fedora; Linux x86_64; rv:114.0) Gecko/20100101 Firefox/114.0"
217.148.140.144 - - [03/Apr/2025:13:53:02 -0400] "GET /gp/yourstore?ref_=nav_AccountFlyout_recs HTTP/1.1" 404 1251 "https://realjuggahos.com/" "Mozilla/5.0 (X11; Fedora; Linux x86_64; rv:114.0) Gecko/20100101 Firefox/114.0"
217.148.140.144 - - [03/Apr/2025:13:53:02 -0400] "GET /dp/B0BCR4YW51?ref=MarsFS_AUCC_eh HTTP/1.1" 404 1251 "https://realjuggahos.com/" "Mozilla/5.0 (X11; Fedora; Linux x86_64; rv:114.0) Gecko/20100101 Firefox/114.0"
217.148.140.144 - - [03/Apr/2025:13:53:04 -0400] "GET /gp/css/order-history?ref_=nav_AccountFlyout_orders HTTP/1.1" 404 1251 "https://realjuggahos.com/" "Mozilla/5.0 (X11; Fedora; Linux x86_64; rv:114.0) Gecko/20100101 Firefox/114.0"
217.148.140.144 - - [03/Apr/2025:13:53:05 -0400] "GET /dp/B084NTF5ZY?ref=MarsFS_AUCC_ta HTTP/1.1" 404 1251 "https://realjuggahos.com/" "Mozilla/5.0 (X11; Fedora; Linux x86_64; rv:114.0) Gecko/20100101 Firefox/114.0"
217.148.140.144 - - [03/Apr/2025:13:53:06 -0400] "GET /gp/css/homepage.html?ref_=nav_AccountFlyout_ya HTTP/1.1" 404 1251 "https://realjuggahos.com/" "Mozilla/5.0 (X11; Fedora; Linux x86_64; rv:114.0) Gecko/20100101 Firefox/114.0"
217.148.140.144 - - [03/Apr/2025:13:53:06 -0400] "GET /dp/B08MQNGX3W?ref=MarsFS_AUCC_B08MQNGX3W HTTP/1.1" 404 1251 "https://realjuggahos.com/" "Mozilla/5.0 (X11; Fedora; Linux x86_64; rv:114.0) Gecko/20100101 Firefox/114.0"
217.148.140.144 - - [03/Apr/2025:13:53:07 -0400] "GET /baby-reg?ref_=nav_ListFlyout_gno_bw HTTP/1.1" 404 1251 "https://realjuggahos.com/" "Mozilla/5.0 (X11; Fedora; Linux x86_64; rv:114.0) Gecko/20100101 Firefox/114.0"
217.148.140.144 - - [03/Apr/2025:13:53:09 -0400] "GET /dp/B09Y1GZR7T?ref=MarsFS_AUCC_gw HTTP/1.1" 404 1251 "https://realjuggahos.com/" "Mozilla/5.0 (X11; Fedora; Linux x86_64; rv:114.0) Gecko/20100101 Firefox/114.0"
217.148.140.144 - - [03/Apr/2025:13:53:10 -0400] "GET /hz/wishlist/ls?triggerElementID=createList&ref_=nav_ListFlyout_navFlyout_createList_lv_redirect HTTP/1.1" 404 1251 "https://realjuggahos.com/" "Mozilla/5.0 (X11; Fedora; Linux x86_64; rv:114.0) Gecko/20100101 Firefox/114.0"
217.148.140.144 - - [03/Apr/2025:13:53:10 -0400] "GET /dp/B0CQMZ24LR?ref=MarsFS_SMP_B0CQMZ24LR HTTP/1.1" 404 1251 "https://realjuggahos.com/" "Mozilla/5.0 (X11; Fedora; Linux x86_64; rv:114.0) Gecko/20100101 Firefox/114.0"
217.148.140.144 - - [03/Apr/2025:13:53:11 -0400] "GET /hz/reviews-render/report-review?ie=UTF8&ref=cm_cr_dp_d_report&csrfT=hI7SZljMN8bG2ire57mKHlD4fY6c8uVTvZXytn4fYPolAAAAAGcq7rEAAAAB&reviewId=R1PEI6HEVK2UIC HTTP/1.1" 404 1251 "https://realjuggahos.com/" "Mozilla/5.0 (X11; Fedora; Linux x86_64; rv:114.0) Gecko/20100101 Firefox/114.0"
217.148.140.144 - - [03/Apr/2025:13:53:12 -0400] "GET /dp/B0CJKV1J9N?ref=MarsFS_SMP_B0CJKV1J9N HTTP/1.1" 404 1251 "https://realjuggahos.com/" "Mozilla/5.0 (X11; Fedora; Linux x86_64; rv:114.0) Gecko/20100101 Firefox/114.0"
217.148.140.144 - - [03/Apr/2025:13:53:13 -0400] "GET /gp/customer-reviews/R1PEI6HEVK2UIC/ref=cm_cr_dp_d_rvw_ttl?ie=UTF8&ASIN=B0DG4WZZPV HTTP/1.1" 404 1251 "https://realjuggahos.com/" "Mozilla/5.0 (X11; Fedora; Linux x86_64; rv:114.0) Gecko/20100101 Firefox/114.0"
217.148.140.144 - - [03/Apr/2025:13:53:14 -0400] "GET /dp/B0BTG4S29L?ref=MarsFS_SMP_B0BTG4S29L HTTP/1.1" 404 1251 "https://realjuggahos.com/" "Mozilla/5.0 (X11; Fedora; Linux x86_64; rv:114.0) Gecko/20100101 Firefox/114.0"
217.148.140.144 - - [03/Apr/2025:13:53:15 -0400] "GET /gp/profile/amzn1.account.AEI6M6PK7YTYMMDYHFCY44VLPMYQ/ref=cm_cr_dp_d_gw_tr?ie=UTF8 HTTP/1.1" 404 1251 "https://realjuggahos.com/" "Mozilla/5.0 (X11; Fedora; Linux x86_64; rv:114.0) Gecko/20100101 Firefox/114.0"
217.148.140.144 - - [03/Apr/2025:13:53:16 -0400] "GET /dp/B09TDTJKF1?ref=MarsFS_SMP_B09TDTJKF1 HTTP/1.1" 404 1251 "https://realjuggahos.com/" "Mozilla/5.0 (X11; Fedora; Linux x86_64; rv:114.0) Gecko/20100101 Firefox/114.0"
217.148.140.144 - - [03/Apr/2025:13:53:17 -0400] "GET /hz/reviews-render/report-review?ie=UTF8&ref=cm_cr_dp_d_report&csrfT=hLqtVQgYy%2FI9YDyopdvMpjMSL3z2hjymwxiOhxxJtXHrAAAAAGcq7rEAAAAB&reviewId=RSOLMCOFAZGYC HTTP/1.1" 404 1251 "https://realjuggahos.com/" "Mozilla/5.0 (X11; Fedora; Linux x86_64; rv:114.0) Gecko/20100101 Firefox/114.0"
217.148.140.144 - - [03/Apr/2025:13:53:18 -0400] "GET /dp/B0CP31QS6R?ref=MarsFS_KINDLE_rs HTTP/1.1" 404 1251 "https://realjuggahos.com/" "Mozilla/5.0 (X11; Fedora; Linux x86_64; rv:114.0) Gecko/20100101 Firefox/114.0"
217.148.140.144 - - [03/Apr/2025:13:53:19 -0400] "GET /gp/customer-reviews/RSOLMCOFAZGYC/ref=cm_cr_dp_d_rvw_ttl?ie=UTF8&ASIN=B0DG4WZZPV HTTP/1.1" 404 1251 "https://realjuggahos.com/" "Mozilla/5.0 (X11; Fedora; Linux x86_64; rv:114.0) Gecko/20100101 Firefox/114.0"
217.148.140.144 - - [03/Apr/2025:13:53:21 -0400] "GET /dp/B0CFPL6CFY?ref=MarsFS_KINDLE_B0CFPL6CFY HTTP/1.1" 404 1251 "https://realjuggahos.com/" "Mozilla/5.0 (X11; Fedora; Linux x86_64; rv:114.0) Gecko/20100101 Firefox/114.0"
217.148.140.144 - - [03/Apr/2025:13:53:21 -0400] "GET /gp/profile/amzn1.account.AF5FRYZXCS7TKUJBS42LJ5SIYFCQ/ref=cm_cr_dp_d_gw_tr?ie=UTF8 HTTP/1.1" 404 1251 "https://realjuggahos.com/" "Mozilla/5.0 (X11; Fedora; Linux x86_64; rv:114.0) Gecko/20100101 Firefox/114.0"
217.148.140.144 - - [03/Apr/2025:13:53:22 -0400] "GET /dp/B0CFPHSTDD?ref=MarsFS_KINDLE_sgse HTTP/1.1" 404 1251 "https://realjuggahos.com/" "Mozilla/5.0 (X11; Fedora; Linux x86_64; rv:114.0) Gecko/20100101 Firefox/114.0"
217.148.140.144 - - [03/Apr/2025:13:53:23 -0400] "GET /gp/customer-reviews/R2DVCU4L2UJJBX/ref=cm_cr_dp_d_rvw_ttl?ie=UTF8&ASIN=B0DG4WZZPV HTTP/1.1" 404 1251 "https://realjuggahos.com/" "Mozilla/5.0 (X11; Fedora; Linux x86_64; rv:114.0) Gecko/20100101 Firefox/114.0"
217.148.140.144 - - [03/Apr/2025:13:53:24 -0400] "GET /dp/B0CZB5RHWX?ref=MarsFS_KINDLE_pc HTTP/1.1" 404 1251 "https://realjuggahos.com/" "Mozilla/5.0 (X11; Fedora; Linux x86_64; rv:114.0) Gecko/20100101 Firefox/114.0"
217.148.140.144 - - [03/Apr/2025:13:53:24 -0400] "GET /gp/profile/amzn1.account.AFXQP46YJ2XUKR4MYZFNG3H2CXBQ/ref=cm_cr_dp_d_gw_tr?ie=UTF8 HTTP/1.1" 404 1251 "https://realjuggahos.com/" "Mozilla/5.0 (X11; Fedora; Linux x86_64; rv:114.0) Gecko/20100101 Firefox/114.0"
217.148.140.144 - - [03/Apr/2025:13:53:25 -0400] "GET /dp/B09BS5XWNS?ref=MarsFS_KINDLE_br HTTP/1.1" 404 1251 "https://realjuggahos.com/" "Mozilla/5.0 (X11; Fedora; Linux x86_64; rv:114.0) Gecko/20100101 Firefox/114.0"
217.148.140.144 - - [03/Apr/2025:13:53:26 -0400] "GET /review/create-review/ref=cm_cr_dp_d_wr_but_top?ie=UTF8&channel=glance-detail&asin=B0DG4WZZPV HTTP/1.1" 404 1251 "https://realjuggahos.com/" "Mozilla/5.0 (X11; Fedora; Linux x86_64; rv:114.0) Gecko/20100101 Firefox/114.0"
217.148.140.144 - - [03/Apr/2025:13:53:26 -0400] "GET /dp/B091D9R5XX?ref=MarsFS_VICC_rvdwired HTTP/1.1" 404 1251 "https://realjuggahos.com/" "Mozilla/5.0 (X11; Fedora; Linux x86_64; rv:114.0) Gecko/20100101 Firefox/114.0"
217.148.140.144 - - [03/Apr/2025:13:53:27 -0400] "GET /product-reviews/B0DG4WZZPV/ref=acr_dp_hist_1?ie=UTF8&filterByStar=one_star&reviewerType=all_reviews HTTP/1.1" 404 1251 "https://realjuggahos.com/" "Mozilla/5.0 (X11; Fedora; Linux x86_64; rv:114.0) Gecko/20100101 Firefox/114.0"
217.148.140.144 - - [03/Apr/2025:13:53:28 -0400] "GET /dp/B0BZWRSRWV?ref=MarsFS_VICC_rvd HTTP/1.1" 404 1251 "https://realjuggahos.com/" "Mozilla/5.0 (X11; Fedora; Linux x86_64; rv:114.0) Gecko/20100101 Firefox/114.0"
217.148.140.144 - - [03/Apr/2025:13:53:28 -0400] "GET /product-reviews/B0DG4WZZPV/ref=acr_dp_hist_2?ie=UTF8&filterByStar=two_star&reviewerType=all_reviews HTTP/1.1" 404 1251 "https://realjuggahos.com/" "Mozilla/5.0 (X11; Fedora; Linux x86_64; rv:114.0) Gecko/20100101 Firefox/114.0"
217.148.140.144 - - [03/Apr/2025:13:53:29 -0400] "GET /dp/B09WZBPX7K?ref=MarsFS_VICC_rvdw HTTP/1.1" 404 1251 "https://realjuggahos.com/" "Mozilla/5.0 (X11; Fedora; Linux x86_64; rv:114.0) Gecko/20100101 Firefox/114.0"
217.148.140.144 - - [03/Apr/2025:13:53:32 -0400] "GET /product-reviews/B0DG4WZZPV/ref=acr_dp_hist_3?ie=UTF8&filterByStar=three_star&reviewerType=all_reviews HTTP/1.1" 404 1251 "https://realjuggahos.com/" "Mozilla/5.0 (X11; Fedora; Linux x86_64; rv:114.0) Gecko/20100101 Firefox/114.0"
217.148.140.144 - - [03/Apr/2025:13:53:33 -0400] "GET /dp/B0B2BY4ZG7?ref=MarsFS_VICC_rvdw HTTP/1.1" 404 1251 "https://realjuggahos.com/" "Mozilla/5.0 (X11; Fedora; Linux x86_64; rv:114.0) Gecko/20100101 Firefox/114.0"
217.148.140.144 - - [03/Apr/2025:13:53:33 -0400] "GET /product-reviews/B0DG4WZZPV/ref=acr_dp_hist_4?ie=UTF8&filterByStar=four_star&reviewerType=all_reviews HTTP/1.1" 404 1251 "https://realjuggahos.com/" "Mozilla/5.0 (X11; Fedora; Linux x86_64; rv:114.0) Gecko/20100101 Firefox/114.0"
217.148.140.144 - - [03/Apr/2025:13:53:34 -0400] "GET /dp/B0D484S271?ref=MarsFS_VICC_blinkhk HTTP/1.1" 404 1251 "https://realjuggahos.com/" "Mozilla/5.0 (X11; Fedora; Linux x86_64; rv:114.0) Gecko/20100101 Firefox/114.0"
217.148.140.144 - - [03/Apr/2025:13:53:35 -0400] "GET /product-reviews/B0DG4WZZPV/ref=acr_dp_hist_5?ie=UTF8&filterByStar=five_star&reviewerType=all_reviews HTTP/1.1" 404 1251 "https://realjuggahos.com/" "Mozilla/5.0 (X11; Fedora; Linux x86_64; rv:114.0) Gecko/20100101 Firefox/114.0"
217.148.140.144 - - [03/Apr/2025:13:53:36 -0400] "GET /dp/B0B6GK4VTC?ref=MarsFS_VICC_RINGINDC HTTP/1.1" 404 1251 "https://realjuggahos.com/" "Mozilla/5.0 (X11; Fedora; Linux x86_64; rv:114.0) Gecko/20100101 Firefox/114.0"
217.148.140.144 - - [03/Apr/2025:13:53:37 -0400] "GET /dp/B0CPKX85TD?ref=MarsFS_eero_JU HTTP/1.1" 404 1251 "https://realjuggahos.com/" "Mozilla/5.0 (X11; Fedora; Linux x86_64; rv:114.0) Gecko/20100101 Firefox/114.0"
217.148.140.144 - - [03/Apr/2025:13:53:38 -0400] "GET /dp/B0CG2TPLJV?ref=MarsFS_VICC_PNTC HTTP/1.1" 404 1251 "https://realjuggahos.com/" "Mozilla/5.0 (X11; Fedora; Linux x86_64; rv:114.0) Gecko/20100101 Firefox/114.0"
217.148.140.144 - - [03/Apr/2025:13:53:40 -0400] "GET /dp/B091G668JP?ref=MarsFS_eero_en HTTP/1.1" 404 1251 "https://realjuggahos.com/" "Mozilla/5.0 (X11; Fedora; Linux x86_64; rv:114.0) Gecko/20100101 Firefox/114.0"
217.148.140.144 - - [03/Apr/2025:13:53:41 -0400] "GET /dp/B0C5QRZ47P?ref=MarsFS_VICC_STUC HTTP/1.1" 404 1251 "https://realjuggahos.com/" "Mozilla/5.0 (X11; Fedora; Linux x86_64; rv:114.0) Gecko/20100101 Firefox/114.0"
217.148.140.144 - - [03/Apr/2025:13:53:42 -0400] "GET /dp/B08ZJVVMT4?ref=MarsFS_eero_en HTTP/1.1" 404 1251 "https://realjuggahos.com/" "Mozilla/5.0 (X11; Fedora; Linux x86_64; rv:114.0) Gecko/20100101 Firefox/114.0"
217.148.140.144 - - [03/Apr/2025:13:53:43 -0400] "GET /dp/B0D483WX7X?ref=MarsFS_VICC_blinksed HTTP/1.1" 404 1251 "https://realjuggahos.com/" "Mozilla/5.0 (X11; Fedora; Linux x86_64; rv:114.0) Gecko/20100101 Firefox/114.0"
217.148.140.144 - - [03/Apr/2025:13:53:44 -0400] "GET /dp/B091G4D95D?ref=MarsFS_eero_en HTTP/1.1" 404 1251 "https://realjuggahos.com/" "Mozilla/5.0 (X11; Fedora; Linux x86_64; rv:114.0) Gecko/20100101 Firefox/114.0"
217.148.140.144 - - [03/Apr/2025:13:53:45 -0400] "GET /dp/B09DRX62ZV?ref=MarsFS_VICC_spotlight HTTP/1.1" 404 1251 "https://realjuggahos.com/" "Mozilla/5.0 (X11; Fedora; Linux x86_64; rv:114.0) Gecko/20100101 Firefox/114.0"
217.148.140.144 - - [03/Apr/2025:13:53:46 -0400] "GET /dp/B086PGZRGK?ref=MarsFS_eero_AGALAL HTTP/1.1" 404 1251 "https://realjuggahos.com/" "Mozilla/5.0 (X11; Fedora; Linux x86_64; rv:114.0) Gecko/20100101 Firefox/114.0"
217.148.140.144 - - [03/Apr/2025:13:53:47 -0400] "GET /dp/B0D47Z1SB9?ref=MarsFS_VICC_blinkvin HTTP/1.1" 404 1251 "https://realjuggahos.com/" "Mozilla/5.0 (X11; Fedora; Linux x86_64; rv:114.0) Gecko/20100101 Firefox/114.0"
217.148.140.144 - - [03/Apr/2025:13:53:48 -0400] "GET /dp/B086PFKYVH?ref=MarsFS_eero_AG HTTP/1.1" 404 1251 "https://realjuggahos.com/" "Mozilla/5.0 (X11; Fedora; Linux x86_64; rv:114.0) Gecko/20100101 Firefox/114.0"
217.148.140.144 - - [03/Apr/2025:13:53:49 -0400] "GET /dp/B08DJC1KMJ?ref=MarsFS_VICC_rvdpro2_faceplate HTTP/1.1" 404 1251 "https://realjuggahos.com/" "Mozilla/5.0 (X11; Fedora; Linux x86_64; rv:114.0) Gecko/20100101 Firefox/114.0"
217.148.140.144 - - [03/Apr/2025:13:53:50 -0400] "GET /dp/B085Q2ZF1X?ref=MarsFS_eero_ccc HTTP/1.1" 404 1251 "https://realjuggahos.com/" "Mozilla/5.0 (X11; Fedora; Linux x86_64; rv:114.0) Gecko/20100101 Firefox/114.0"
217.148.140.144 - - [03/Apr/2025:13:53:50 -0400] "GET /dp/B08LZ3LTFV?ref=MarsFS_VICC_rvdwired_cornerkit HTTP/1.1" 404 1251 "https://realjuggahos.com/" "Mozilla/5.0 (X11; Fedora; Linux x86_64; rv:114.0) Gecko/20100101 Firefox/114.0"
217.148.140.144 - - [03/Apr/2025:13:53:51 -0400] "GET /dp/B085PVB5BP?ref=MarsFS_eero_c HTTP/1.1" 404 1251 "https://realjuggahos.com/" "Mozilla/5.0 (X11; Fedora; Linux x86_64; rv:114.0) Gecko/20100101 Firefox/114.0"
217.148.140.144 - - [03/Apr/2025:13:53:52 -0400] "GET /dp/B09L462YVZ?ref=MarsFS_VICC_CHIME HTTP/1.1" 404 1251 "https://realjuggahos.com/" "Mozilla/5.0 (X11; Fedora; Linux x86_64; rv:114.0) Gecko/20100101 Firefox/114.0"
217.148.140.144 - - [03/Apr/2025:13:53:53 -0400] "GET /dp/B076JKHDQT?ref=MarsFS_VICC_Ring+Rechargeable+Battery+Pack HTTP/1.1" 404 1251 "https://realjuggahos.com/" "Mozilla/5.0 (X11; Fedora; Linux x86_64; rv:114.0) Gecko/20100101 Firefox/114.0"
217.148.140.144 - - [03/Apr/2025:13:53:54 -0400] "GET /dp/B0D3RN5W37?ref=MarsFS_VICC_blinksqm HTTP/1.1" 404 1251 "https://realjuggahos.com/" "Mozilla/5.0 (X11; Fedora; Linux x86_64; rv:114.0) Gecko/20100101 Firefox/114.0"
157.55.39.14 - - [03/Apr/2025:13:54:54 -0400] "GET / HTTP/1.1" 200 156172 "-" "Mozilla/5.0 AppleWebKit/537.36 (KHTML, like Gecko; compatible; bingbot/2.0; +http://www.bing.com/bingbot.htm) Chrome/116.0.1938.76 Safari/537.36"
98.85.82.111 - - [03/Apr/2025:13:55:12 -0400] "GET /navigating-the-digital-dice-the-dynamics-of-online-gambling/ HTTP/1.1" 404 1251 "-" "Grammarly/1.0 (http://www.grammarly.com)"
104.152.52.68 - - [03/Apr/2025:13:55:42 -0400] "GET / HTTP/1.1" 200 156172 "-" "curl/7.61.1"
167.253.67.14 - - [03/Apr/2025:13:56:13 -0400] "GET /forums/users/andersoncapehart/ HTTP/1.1" 404 1251 "-" "Mozilla/5.0 (X11; Ubuntu; Linux x86_64; rv:114.0) Gecko/20100101 Firefox/114.0"
167.253.67.14 - - [03/Apr/2025:13:56:13 -0400] "GET / HTTP/1.1" 200 156172 "-" "Mozilla/5.0 (X11; Ubuntu; Linux x86_64; rv:114.0) Gecko/20100101 Firefox/114.0"
167.253.67.14 - - [03/Apr/2025:13:58:34 -0400] "GET /forums/users/andersoncapehart/ HTTP/1.1" 404 1251 "-" "Mozilla/5.0 (Macintosh; Intel Mac OS X 12_5) AppleWebKit/537.36 (KHTML, like Gecko) Chrome/114.0.0.0 Safari/537.36 Vivaldi/5.3.2679.68"
167.253.67.14 - - [03/Apr/2025:13:58:34 -0400] "GET / HTTP/1.1" 200 156172 "-" "Mozilla/5.0 (Macintosh; Intel Mac OS X 12_5) AppleWebKit/537.36 (KHTML, like Gecko) Chrome/114.0.0.0 Safari/537.36 Vivaldi/5.3.2679.68"
3.144.124.142 - - [03/Apr/2025:14:00:11 -0400] "GET /forums/users/mellissafinn90 HTTP/1.1" 404 1251 "-" "Mozilla/5.0 AppleWebKit/537.36 (KHTML, like Gecko; compatible; ClaudeBot/1.0; +claudebot@anthropic.com)"
198.54.114.83 - - [03/Apr/2025:14:00:24 -0400] "POST /wp-cron.php?doing_wp_cron=1743703223.6435329914093017578125 HTTP/1.1" 200 0 "-" "WordPress/6.7.2; https://realjuggahos.com"
196.251.87.2 - - [03/Apr/2025:14:00:19 -0400] "POST /wp-login.php?wc-ajax=1 HTTP/1.1" 503 6997 "https://realjuggahos.com/wp-admin/" "Mozilla/5.0 (Windows NT 10.0; Win64; x64) AppleWebKit/537.36 (KHTML, like Gecko) Chrome/90.0.4430.85 Safari/537.36"
196.251.87.2 - - [03/Apr/2025:14:00:24 -0400] "GET /wp-admin/?wc-ajax=1 HTTP/1.1" 503 6944 "www.google.com" "Mozilla/5.0 (Windows NT 10.0; Win64; x64) AppleWebKit/537.36 (KHTML, like Gecko) Chrome/90.0.4430.85 Safari/537.36"
198.54.114.83 - - [03/Apr/2025:14:00:24 -0400] "POST /wp-admin/admin-ajax.php?action=async_litespeed&nonce=PFL2vNcU1BK9GIf7QA0LzLDqATxoQyCT&litespeed_type=imgoptm HTTP/1.1" 200 0 "-" "WordPress/6.7.2; https://realjuggahos.com"
47.79.107.188 - - [03/Apr/2025:14:00:59 -0400] "GET / HTTP/1.1" 200 156172 "https://www.google.com/" "Mozilla/5.0 (Linux; Android 10; K) AppleWebKit/537.36 (KHTML, like Gecko) Chrome/132.0.0.0 Mobile Safari/537.36"
178.20.47.39 - - [03/Apr/2025:14:01:55 -0400] "GET /top-5-uk-cbd-gummies/ HTTP/1.1" 404 1251 "https://realjuggahos.com/top-5-uk-cbd-gummies/#comment-12346/" "Mozilla/5.0 (Windows NT 10.0; Win64; x64) AppleWebKit/537.36 (KHTML, like Gecko) Chrome/131.0.0.0 Safari/537.36"
178.20.47.39 - - [03/Apr/2025:14:01:56 -0400] "GET / HTTP/1.1" 200 156172 "https://realjuggahos.com/" "Mozilla/5.0 (Windows NT 10.0; Win64; x64) AppleWebKit/537.36 (KHTML, like Gecko) Chrome/131.0.0.0 Safari/537.36"
85.208.96.205 - - [03/Apr/2025:14:03:21 -0400] "GET /robots.txt HTTP/1.1" 304 0 "-" "Mozilla/5.0 (compatible; SemrushBot/7~bl; +http://www.semrush.com/bot.html)"
185.191.171.15 - - [03/Apr/2025:14:03:21 -0400] "GET /professioneller-umzugsservice-in-luneburg/ HTTP/1.1" 404 1251 "-" "Mozilla/5.0 (compatible; SemrushBot/7~bl; +http://www.semrush.com/bot.html)"
104.207.43.197 - - [03/Apr/2025:14:05:09 -0400] "GET /forums/users/chastityhorning/ HTTP/1.1" 404 1251 "-" "Mozilla/5.0 (X11; Ubuntu; Linux i686; rv:114.0) Gecko/20100101 Firefox/114.0"
