114.119.137.204 - - [31/Mar/2025:06:38:38 -0400] "GET /exercise-caution-while-playing-a-poker-game-online/ HTTP/1.1" 404 1251 "https://realjuggahos.com/exercise-caution-while-playing-a-poker-game-online/" "Mozilla/5.0 (Linux; Android 7.0;) AppleWebKit/537.36 (KHTML, like Gecko) Mobile Safari/537.36 (compatible; PetalBot;+https://webmaster.petalsearch.com/site/petalbot)"
114.119.131.199 - - [31/Mar/2025:06:40:03 -0400] "GET /buy-youtube-views-for-less/ HTTP/1.1" 404 1251 "https://realjuggahos.com/buy-youtube-views-for-less/" "Mozilla/5.0 (Linux; Android 7.0;) AppleWebKit/537.36 (KHTML, like Gecko) Mobile Safari/537.36 (compatible; PetalBot;+https://webmaster.petalsearch.com/site/petalbot)"
176.65.138.175 - - [31/Mar/2025:06:40:08 -0400] "GET / HTTP/1.1" 200 156172 "-" "python-requests/2.25.1"
154.30.107.74 - - [31/Mar/2025:06:41:23 -0400] "GET /forums/users/marcelocatani5/ HTTP/1.1" 404 1251 "-" "Mozilla/5.0 (Windows NT 10.0; Win64; x64) AppleWebKit/537.36 (KHTML, like Gecko) Chrome/114.0.0.0 Safari/537.36 OPR/89.0.4447.51"
94.181.156.210 - - [31/Mar/2025:06:41:52 -0400] "GET /navigating-the-anyone-protocol-staking-dashboard/ HTTP/1.1" 404 1251 "-" "Mozilla/5.0 (Windows NT 6.3; Win64; x64) AppleWebKit/537.36 (KHTML, like Gecko) Chrome/75.0.3770.100 Safari/537.36"
92.113.237.112 - - [31/Mar/2025:06:46:45 -0400] "GET /forums/users/marcelocatani5/ HTTP/1.1" 404 1251 "-" "Mozilla/5.0 (Macintosh; Intel Mac OS X 12_5) AppleWebKit/537.36 (KHTML, like Gecko) Chrome/114.0.0.0 Safari/537.36"
92.113.237.112 - - [31/Mar/2025:06:46:46 -0400] "GET / HTTP/1.1" 200 156172 "-" "Mozilla/5.0 (Macintosh; Intel Mac OS X 12_5) AppleWebKit/537.36 (KHTML, like Gecko) Chrome/114.0.0.0 Safari/537.36"
2a02:598:96:8a00::1200:122 - - [31/Mar/2025:06:49:35 -0400] "GET /the-logistics-of-video-research-and-planning/ HTTP/1.1" 404 1251 "-" "Mozilla/5.0 (compatible; SeznamBot/4.0; +https://o-seznam.cz/napoveda/vyhledavani/en/seznambot-crawler/)"
198.54.114.83 - - [31/Mar/2025:06:49:49 -0400] "POST /wp-cron.php?doing_wp_cron=1743418189.0416920185089111328125 HTTP/1.1" 200 0 "-" "WordPress/6.7.2; https://realjuggahos.com"
167.172.130.206 - - [31/Mar/2025:06:49:44 -0400] "POST /wp-login.php HTTP/1.1" 503 6999 "-" "Mozilla/5.0"
198.54.114.83 - - [31/Mar/2025:06:49:49 -0400] "POST /wp-admin/admin-ajax.php?action=async_litespeed&nonce=LgVPa1Ot9zgm71RR20ylTOuBx4Q33eXh&litespeed_type=imgoptm HTTP/1.1" 200 0 "-" "WordPress/6.7.2; https://realjuggahos.com"
139.59.18.154 - - [31/Mar/2025:06:56:22 -0400] "GET /wp-content/plugins/WordPressCore/include.php HTTP/1.1" 404 1251 "-" "ShellBot 2.0"
139.59.18.154 - - [31/Mar/2025:06:56:23 -0400] "GET /wp-content/plugins/WordPressCore-1/include.php/wp-content/themes/include.php HTTP/1.1" 404 1251 "-" "ShellBot 2.0"
139.59.18.154 - - [31/Mar/2025:06:56:24 -0400] "GET /wp-content/plugins/include.php HTTP/1.1" 404 1251 "-" "ShellBot 2.0"
139.59.18.154 - - [31/Mar/2025:06:56:25 -0400] "GET /wp-content/plugins/core-plugin/include.php HTTP/1.1" 404 1251 "-" "ShellBot 2.0"
139.59.18.154 - - [31/Mar/2025:06:56:26 -0400] "GET /wp-includes/images/include.php HTTP/1.1" 404 1251 "-" "ShellBot 2.0"
139.59.18.154 - - [31/Mar/2025:06:56:27 -0400] "GET /wp-includes/widgets/include.php HTTP/1.1" 404 1251 "-" "ShellBot 2.0"
66.249.66.168 - - [31/Mar/2025:06:57:58 -0400] "GET /miles-morales-costume-for-adult/ HTTP/1.1" 404 1251 "-" "Mozilla/5.0 (Linux; Android 6.0.1; Nexus 5X Build/MMB29P) AppleWebKit/537.36 (KHTML, like Gecko) Chrome/134.0.6998.165 Mobile Safari/537.36 (compatible; Googlebot/2.1; +http://www.google.com/bot.html)"
64.233.173.25 - - [31/Mar/2025:06:58:48 -0400] "GET /.well-known/traffic-advice HTTP/1.1" 404 1251 "-" "Chrome Privacy Preserving Prefetch Proxy"
2001:4860:7:506::dc - - [31/Mar/2025:06:58:49 -0400] "GET / HTTP/1.1" 200 156172 "https://www.google.com/" "Mozilla/5.0 (Windows NT 10.0; Win64; x64) AppleWebKit/537.36 (KHTML, like Gecko) Chrome/134.0.0.0 Safari/537.36"
62.113.115.161 - - [31/Mar/2025:07:00:20 -0400] "GET /top-5-uk-cbd-gummies/ HTTP/1.1" 404 1251 "https://realjuggahos.com/top-5-uk-cbd-gummies/" "Mozilla/5.0 (Windows NT 10.0; Win64; x64) AppleWebKit/537.36 (KHTML, like Gecko) Chrome/130.0.0.0 Safari/537.36 CCleaner/130.0.0.0"
62.113.115.161 - - [31/Mar/2025:07:00:26 -0400] "GET /top-5-uk-cbd-gummies/ HTTP/1.1" 404 1251 "https://realjuggahos.com/top-5-uk-cbd-gummies/" "Mozilla/5.0 (Windows NT 10.0; Win64; x64) AppleWebKit/537.36 (KHTML, like Gecko) Chrome/131.0.0.0 Safari/537.36 Avast/131.0.0.0"
62.113.115.161 - - [31/Mar/2025:07:00:26 -0400] "GET / HTTP/1.1" 200 156172 "https://realjuggahos.com/" "Mozilla/5.0 (Windows NT 10.0; Win64; x64) AppleWebKit/537.36 (KHTML, like Gecko) Chrome/131.0.0.0 Safari/537.36 Avast/131.0.0.0"
62.113.115.161 - - [31/Mar/2025:07:00:32 -0400] "GET / HTTP/1.1" 200 156172 "https://realjuggahos.com/" "Mozilla/5.0 (Windows NT 10.0; Win64; x64) AppleWebKit/537.36 (KHTML, like Gecko) Chrome/130.0.0.0 Safari/537.36 CCleaner/130.0.0.0"
2a03:2880:f800:: - - [31/Mar/2025:07:04:27 -0400] "GET /unlocking-success-the-art-of-buying-youtube-views-cheaply/ HTTP/1.1" 404 1251 "-" "meta-externalagent/1.1 (+https://developers.facebook.com/docs/sharing/webmasters/crawler)"
2a03:2880:f800:12:: - - [31/Mar/2025:07:06:20 -0400] "GET /playstation-4-games/ HTTP/1.1" 404 1251 "-" "meta-externalagent/1.1 (+https://developers.facebook.com/docs/sharing/webmasters/crawler)"
51.222.253.5 - - [31/Mar/2025:07:09:22 -0400] "GET /what-is-the-average-typing-speed/ HTTP/1.1" 404 1251 "-" "Mozilla/5.0 (compatible; AhrefsBot/7.0; +http://ahrefs.com/robot/)"
47.128.59.82 - - [31/Mar/2025:07:10:03 -0400] "GET /gp/profile/amzn1.account.AEI6M6PK7YTYMMDYHFCY44VLPMYQ/ref=cm_cr_dp_d_gw_tr?ie=UTF8 HTTP/1.1" 404 1251 "-" "Mozilla/5.0 (Linux; Android 5.0) AppleWebKit/537.36 (KHTML, like Gecko) Mobile Safari/537.36 (compatible; Bytespider; spider-feedback@bytedance.com)"
94.181.156.210 - - [31/Mar/2025:07:14:44 -0400] "GET /navigating-the-anyone-protocol-staking-dashboard/ HTTP/1.1" 404 1251 "-" "Mozilla/5.0 (Windows NT 6.3; Win64; x64) AppleWebKit/537.36 (KHTML, like Gecko) Chrome/75.0.3770.100 Safari/537.36"
149.126.217.183 - - [31/Mar/2025:07:15:20 -0400] "GET /forums/users/chastityhorning/ HTTP/1.1" 404 1251 "-" "Mozilla/5.0 (X11; Linux x86_64) AppleWebKit/537.36 (KHTML, like Gecko) Chrome/114.0.0.0 Safari/537.36 Vivaldi/5.3.2679.68"
149.126.217.183 - - [31/Mar/2025:07:15:21 -0400] "GET / HTTP/1.1" 200 156172 "-" "Mozilla/5.0 (X11; Linux x86_64) AppleWebKit/537.36 (KHTML, like Gecko) Chrome/114.0.0.0 Safari/537.36 Vivaldi/5.3.2679.68"
149.126.217.183 - - [31/Mar/2025:07:15:24 -0400] "GET /s/ref=nb_sb_noss?url=search-alias%3Delectronics&field-keywords= HTTP/1.1" 404 1251 "https://www.realjuggahos.com" "Mozilla/5.0 (X11; Linux x86_64) AppleWebKit/537.36 (KHTML, like Gecko) Chrome/114.0.0.0 Safari/537.36 Vivaldi/5.3.2679.68"
149.126.217.183 - - [31/Mar/2025:07:15:25 -0400] "GET /s/ref=nb_sb_noss?url=search-alias%3Delectronics&field-keywords= HTTP/1.1" 404 1251 "https://www.realjuggahos.com" "Mozilla/5.0 (X11; Linux x86_64) AppleWebKit/537.36 (KHTML, like Gecko) Chrome/114.0.0.0 Safari/537.36 Vivaldi/5.3.2679.68"
149.126.217.183 - - [31/Mar/2025:07:15:26 -0400] "GET /s/ref=nb_sb_noss?url=search-alias%3Delectronics&field-keywords= HTTP/1.1" 404 1251 "https://www.realjuggahos.com" "Mozilla/5.0 (X11; Linux x86_64) AppleWebKit/537.36 (KHTML, like Gecko) Chrome/114.0.0.0 Safari/537.36 Vivaldi/5.3.2679.68"
149.126.217.183 - - [31/Mar/2025:07:15:26 -0400] "GET /s/ref=nb_sb_noss?url=search-alias%3Delectronics&field-keywords= HTTP/1.1" 404 1251 "https://www.realjuggahos.com" "Mozilla/5.0 (X11; Linux x86_64) AppleWebKit/537.36 (KHTML, like Gecko) Chrome/114.0.0.0 Safari/537.36 Vivaldi/5.3.2679.68"
95.217.35.24 - - [31/Mar/2025:07:15:27 -0400] "GET /forums/users/chastityhorning/ HTTP/1.1" 404 1251 "-" "Mozilla/5.0 (X11; Linux x86_64) AppleWebKit/537.36 (KHTML, like Gecko) Chrome/114.0.0.0 Safari/537.36 Vivaldi/5.3.2679.68"
58.254.68.93 - - [31/Mar/2025:07:17:07 -0400] "GET /immobilienkredit/ HTTP/1.1" 404 1251 "https://realjuggahos.com" "Mozilla/5.0 (Windows NT 10.0; Win64; x64) AppleWebKit/537.36 (KHTML, like Gecko) Chrome/62.0.3202.94 Safari/537.36"
58.254.68.93 - - [31/Mar/2025:07:17:08 -0400] "GET /immobilienkredit/ HTTP/1.1" 404 1251 "https://realjuggahos.com" "Mozilla/5.0 (Windows NT 10.0; Win64; x64) AppleWebKit/537.36 (KHTML, like Gecko) Chrome/62.0.3202.94 Safari/537.36"
198.54.114.83 - - [31/Mar/2025:07:19:10 -0400] "POST /wp-cron.php?doing_wp_cron=1743419950.6049289703369140625000 HTTP/1.1" 200 0 "-" "WordPress/6.7.2; https://realjuggahos.com"
167.172.130.206 - - [31/Mar/2025:07:19:07 -0400] "POST /wp-login.php HTTP/1.1" 503 7000 "-" "Mozilla/5.0"
198.54.114.83 - - [31/Mar/2025:07:19:11 -0400] "POST /wp-admin/admin-ajax.php?action=async_litespeed&nonce=DCJlrg38mqiXktrw5QQrwzSDFUXG2DNG&litespeed_type=imgoptm HTTP/1.1" 200 5 "-" "WordPress/6.7.2; https://realjuggahos.com"
66.249.66.168 - - [31/Mar/2025:07:19:39 -0400] "GET /how-to-choose-the-best-call-center-headset/ HTTP/1.1" 404 1251 "-" "Mozilla/5.0 (Linux; Android 6.0.1; Nexus 5X Build/MMB29P) AppleWebKit/537.36 (KHTML, like Gecko) Chrome/134.0.6998.165 Mobile Safari/537.36 (compatible; Googlebot/2.1; +http://www.google.com/bot.html)"
198.54.114.83 - - [31/Mar/2025:07:20:15 -0400] "POST /wp-cron.php?doing_wp_cron=1743420015.6689229011535644531250 HTTP/1.1" 200 0 "-" "WordPress/6.7.2; https://realjuggahos.com"
114.119.137.204 - - [31/Mar/2025:07:20:14 -0400] "GET /wp-login.php?action=lostpassword HTTP/1.1" 200 982 "https://realjuggahos.com/wp-admin/" "Mozilla/5.0 (Linux; Android 7.0;) AppleWebKit/537.36 (KHTML, like Gecko) Mobile Safari/537.36 (compatible; PetalBot;+https://webmaster.petalsearch.com/site/petalbot)"
198.54.114.83 - - [31/Mar/2025:07:20:16 -0400] "POST /wp-admin/admin-ajax.php?action=async_litespeed&nonce=4x0oAVk2CerjnDa5o7MpERunBhUWUpAN&litespeed_type=imgoptm HTTP/1.1" 200 5 "-" "WordPress/6.7.2; https://realjuggahos.com"
95.217.35.24 - - [31/Mar/2025:07:20:28 -0400] "GET /forums/users/chastityhorning/ HTTP/1.1" 404 1251 "-" "Mozilla/5.0 (Windows NT 10.0; WOW64) AppleWebKit/537.36 (KHTML, like Gecko) Chrome/114.0.0.0 Safari/537.36 Vivaldi/5.3.2679.68"
207.46.13.157 - - [31/Mar/2025:07:23:57 -0400] "GET /mon-bonus-adapte-nest-pas-ce-que-je-pensais/ HTTP/1.1" 404 1251 "-" "Mozilla/5.0 AppleWebKit/537.36 (KHTML, like Gecko; compatible; bingbot/2.0; +http://www.bing.com/bingbot.htm) Chrome/116.0.1938.76 Safari/537.36"
205.172.59.7 - - [31/Mar/2025:07:25:07 -0400] "HEAD /llms.txt HTTP/1.1" 404 0 "-" "curl/7.68.0"
205.172.59.7 - - [31/Mar/2025:07:25:07 -0400] "HEAD /llms.txt HTTP/1.1" 404 0 "-" "curl/7.68.0"
45.128.38.94 - - [31/Mar/2025:07:29:59 -0400] "GET /forums/users/joliebalcombe/ HTTP/1.1" 404 1251 "https://www.realjuggahos.com/forums/users/joliebalcombe/" "Mozilla/5.0 (Windows NT 10.0; Win64; x64) AppleWebKit/537.36 (KHTML, like Gecko) Chrome/129.0.0.0 Safari/537.36"
45.128.38.94 - - [31/Mar/2025:07:30:00 -0400] "GET / HTTP/1.1" 200 156172 "https://www.realjuggahos.com/" "Mozilla/5.0 (Windows NT 10.0; Win64; x64) AppleWebKit/537.36 (KHTML, like Gecko) Chrome/129.0.0.0 Safari/537.36"
198.54.114.83 - - [31/Mar/2025:07:34:37 -0400] "POST /wp-cron.php?doing_wp_cron=1743420877.6035330295562744140625 HTTP/1.1" 200 0 "-" "WordPress/6.7.2; https://realjuggahos.com"
167.172.130.206 - - [31/Mar/2025:07:34:33 -0400] "POST /wp-login.php HTTP/1.1" 503 7001 "-" "Mozilla/5.0"
198.54.114.83 - - [31/Mar/2025:07:34:38 -0400] "POST /wp-admin/admin-ajax.php?action=async_litespeed&nonce=5fbKdKl4eqfpGkDJm2xXd8zMwY9mhbOj&litespeed_type=imgoptm HTTP/1.1" 200 5 "-" "WordPress/6.7.2; https://realjuggahos.com"
58.254.68.93 - - [31/Mar/2025:07:39:13 -0400] "GET /immobilienkredit/ HTTP/1.1" 404 1251 "https://realjuggahos.com" "Mozilla/5.0 (Windows NT 10.0; Win64; x64) AppleWebKit/537.36 (KHTML, like Gecko) Chrome/62.0.3202.94 Safari/537.36"
58.254.68.93 - - [31/Mar/2025:07:39:14 -0400] "GET /immobilienkredit/ HTTP/1.1" 404 1251 "https://realjuggahos.com" "Mozilla/5.0 (Windows NT 10.0; Win64; x64) AppleWebKit/537.36 (KHTML, like Gecko) Chrome/62.0.3202.94 Safari/537.36"
58.254.68.93 - - [31/Mar/2025:07:39:15 -0400] "GET /immobilienkredit/ HTTP/1.1" 404 1251 "https://realjuggahos.com" "Mozilla/5.0 (Windows NT 10.0; Win64; x64) AppleWebKit/537.36 (KHTML, like Gecko) Chrome/62.0.3202.94 Safari/537.36"
58.254.68.93 - - [31/Mar/2025:07:39:16 -0400] "GET /immobilienkredit/ HTTP/1.1" 404 1251 "https://realjuggahos.com" "Mozilla/5.0 (Windows NT 10.0; Win64; x64) AppleWebKit/537.36 (KHTML, like Gecko) Chrome/62.0.3202.94 Safari/537.36"
66.249.66.167 - - [31/Mar/2025:07:41:21 -0400] "GET /dp/B0BZWRSRWV?ref=MarsFS_VICC_rvd HTTP/1.1" 404 1251 "-" "Mozilla/5.0 (Linux; Android 6.0.1; Nexus 5X Build/MMB29P) AppleWebKit/537.36 (KHTML, like Gecko) Chrome/134.0.6998.165 Mobile Safari/537.36 (compatible; Googlebot/2.1; +http://www.google.com/bot.html)"
114.119.145.65 - - [31/Mar/2025:07:42:48 -0400] "GET /real-estate-photography-near-me/ HTTP/1.1" 404 1251 "https://realjuggahos.com/real-estate-photography-near-me/" "Mozilla/5.0 (Linux; Android 7.0;) AppleWebKit/537.36 (KHTML, like Gecko) Mobile Safari/537.36 (compatible; PetalBot;+https://webmaster.petalsearch.com/site/petalbot)"
167.253.65.237 - - [31/Mar/2025:07:43:32 -0400] "GET /forums/users/chastityhorning/ HTTP/1.1" 404 1251 "-" "Mozilla/5.0 (Macintosh; Intel Mac OS X 12_5) AppleWebKit/537.36 (KHTML, like Gecko) Chrome/114.0.0.0 Safari/537.36"
167.253.65.237 - - [31/Mar/2025:07:43:32 -0400] "GET / HTTP/1.1" 200 156172 "-" "Mozilla/5.0 (Macintosh; Intel Mac OS X 12_5) AppleWebKit/537.36 (KHTML, like Gecko) Chrome/114.0.0.0 Safari/537.36"
51.8.102.211 - - [31/Mar/2025:07:44:27 -0400] "GET /robots.txt HTTP/1.1" 304 0 "-" "Mozilla/5.0 (Macintosh; Intel Mac OS X 10_15_7) AppleWebKit/537.36 (KHTML, like Gecko) Chrome/131.0.0.0 Safari/537.36; compatible; OAI-SearchBot/1.0; +https://openai.com/searchbot"
45.84.107.101 - - [31/Mar/2025:07:45:14 -0400] "GET / HTTP/1.1" 200 156172 "https://realjuggahos.com" "Mozilla/5.0 (Windows NT 10.0; WOW64) AppleWebKit/537.36 (KHTML, like Gecko) Chrome/81.0.4044.138 Safari/537.36 OPR/68.0.3618.173 (Edition Yx)"
213.230.76.122 - - [31/Mar/2025:07:50:30 -0400] "GET /choosing-a-ui-ux-design-agency/ HTTP/1.1" 404 1251 "-" "Mozilla/5.0 (Macintosh; Intel Mac OS X 10_15_7) AppleWebKit/537.36 (KHTML, like Gecko) Chrome/125.0.0.0 Safari/537.36"
198.54.114.83 - - [31/Mar/2025:07:54:19 -0400] "POST /wp-cron.php?doing_wp_cron=1743422058.9427371025085449218750 HTTP/1.1" 200 0 "-" "WordPress/6.7.2; https://realjuggahos.com"
104.28.198.33 - - [31/Mar/2025:07:54:15 -0400] "GET /wp-login.php?checkemail=registered HTTP/1.1" 200 686 "-" "Mozilla/5.0 (Macintosh; Intel Mac OS X 12_5) AppleWebKit/605.1.15 (KHTML, like Gecko) Version/15.4 Safari/605.1.15"
198.54.114.83 - - [31/Mar/2025:07:54:19 -0400] "POST /wp-admin/admin-ajax.php?action=async_litespeed&nonce=7nGc8hHXHXIzfGxcYqQW6ndcgKTkdnJk&litespeed_type=imgoptm HTTP/1.1" 200 5 "-" "WordPress/6.7.2; https://realjuggahos.com"
104.28.198.33 - - [31/Mar/2025:07:54:21 -0400] "GET /wp-login.php HTTP/1.1" 200 1740 "https://www.realjuggahos.com/wp-login.php?checkemail=registered" "Mozilla/5.0 (Windows NT 6.3; Win64; x64) AppleWebKit/537.36 (KHTML, like Gecko) Chrome/103.0.0.0 Safari/537.36"
104.28.198.33 - - [31/Mar/2025:07:54:22 -0400] "GET /wp-login.php HTTP/1.1" 200 1740 "https://realjuggahos.com/wp-login.php" "Mozilla/5.0 (Windows NT 6.3; Win64; x64) AppleWebKit/537.36 (KHTML, like Gecko) Chrome/103.0.0.0 Safari/537.36"
207.46.13.17 - - [31/Mar/2025:07:59:34 -0400] "GET /furnishing-your-conservatory-with-cane-furniture/ HTTP/1.1" 404 1251 "-" "Mozilla/5.0 AppleWebKit/537.36 (KHTML, like Gecko; compatible; bingbot/2.0; +http://www.bing.com/bingbot.htm) Chrome/116.0.1938.76 Safari/537.36"
198.54.114.83 - - [31/Mar/2025:08:02:01 -0400] "POST /wp-cron.php?doing_wp_cron=1743422520.9771571159362792968750 HTTP/1.1" 200 0 "-" "WordPress/6.7.2; https://realjuggahos.com"
167.172.130.206 - - [31/Mar/2025:08:01:58 -0400] "POST /wp-login.php HTTP/1.1" 503 7001 "-" "Mozilla/5.0"
198.54.114.83 - - [31/Mar/2025:08:02:01 -0400] "POST /wp-admin/admin-ajax.php?action=async_litespeed&nonce=WUDfzOUrGbIdAm0ssPk3njvfyqpVZSnA&litespeed_type=imgoptm HTTP/1.1" 200 5 "-" "WordPress/6.7.2; https://realjuggahos.com"
66.249.66.168 - - [31/Mar/2025:08:03:02 -0400] "GET /the-spiritual-power-of-a-shark-tooth-necklace/ HTTP/1.1" 404 1251 "-" "Mozilla/5.0 (Linux; Android 6.0.1; Nexus 5X Build/MMB29P) AppleWebKit/537.36 (KHTML, like Gecko) Chrome/134.0.6998.165 Mobile Safari/537.36 (compatible; Googlebot/2.1; +http://www.google.com/bot.html)"
114.119.145.65 - - [31/Mar/2025:08:06:19 -0400] "GET /product-reviews/B0DG4WZZPV/ref=acr_dp_hist_2?ie=UTF8&=all_reviews HTTP/1.1" 404 1251 "https://www.realjuggahos.com/?MD" "Mozilla/5.0 (Linux; Android 7.0;) AppleWebKit/537.36 (KHTML, like Gecko) Mobile Safari/537.36 (compatible; PetalBot;+https://webmaster.petalsearch.com/site/petalbot)"
94.181.156.210 - - [31/Mar/2025:08:06:45 -0400] "GET /navigating-the-anyone-protocol-staking-dashboard/ HTTP/1.1" 404 1251 "-" "Mozilla/5.0 (Windows NT 6.3; Win64; x64) AppleWebKit/537.36 (KHTML, like Gecko) Chrome/75.0.3770.100 Safari/537.36"
114.119.139.43 - - [31/Mar/2025:08:07:42 -0400] "GET /calcula-el-costo-de-peaje-en-mexico/ HTTP/1.1" 404 1251 "https://realjuggahos.com/calcula-el-costo-de-peaje-en-mexico/" "Mozilla/5.0 (Linux; Android 7.0;) AppleWebKit/537.36 (KHTML, like Gecko) Mobile Safari/537.36 (compatible; PetalBot;+https://webmaster.petalsearch.com/site/petalbot)"
198.54.114.83 - - [31/Mar/2025:08:17:25 -0400] "POST /wp-cron.php?doing_wp_cron=1743423445.1257050037384033203125 HTTP/1.1" 200 0 "-" "WordPress/6.7.2; https://realjuggahos.com"
167.172.130.206 - - [31/Mar/2025:08:17:22 -0400] "POST /wp-login.php HTTP/1.1" 503 7000 "-" "Mozilla/5.0"
198.54.114.83 - - [31/Mar/2025:08:17:25 -0400] "POST /wp-admin/admin-ajax.php?action=async_litespeed&nonce=NAGIUA2B4ud1NyxiGgrHVrEltg16qSRx&litespeed_type=imgoptm HTTP/1.1" 200 5 "-" "WordPress/6.7.2; https://realjuggahos.com"
47.128.110.84 - - [31/Mar/2025:08:18:32 -0400] "GET /playstation-4-games/ HTTP/1.1" 404 1251 "-" "Mozilla/5.0 (Linux; Android 5.0) AppleWebKit/537.36 (KHTML, like Gecko) Mobile Safari/537.36 (compatible; TikTokSpider; ttspider-feedback@tiktok.com)"
134.17.14.122 - - [31/Mar/2025:08:19:36 -0400] "GET /wp-content/BypassBest.php HTTP/1.1" 404 1251 "-" "Mozilla/4.0 (compatible; MSIE 6.0; Windows NT 5.1; SV1)"
66.249.66.167 - - [31/Mar/2025:08:24:43 -0400] "GET /buy-tidal-plays/ HTTP/1.1" 404 1251 "-" "Mozilla/5.0 (Linux; Android 6.0.1; Nexus 5X Build/MMB29P) AppleWebKit/537.36 (KHTML, like Gecko) Chrome/134.0.6998.165 Mobile Safari/537.36 (compatible; Googlebot/2.1; +http://www.google.com/bot.html)"
114.119.150.249 - - [31/Mar/2025:08:26:42 -0400] "GET /hz/reviews-render/report-review?ie=UTF8&ref=cm_cr_dp_d_report&=RSOLMCOFAZGYC HTTP/1.1" 404 1251 "https://realjuggahos.com/?MA" "Mozilla/5.0 (Linux; Android 7.0;) AppleWebKit/537.36 (KHTML, like Gecko) Mobile Safari/537.36 (compatible; PetalBot;+https://webmaster.petalsearch.com/site/petalbot)"
121.229.156.18 - - [31/Mar/2025:08:27:37 -0400] "GET / HTTP/1.1" 200 156172 "-" "Sogou web spider/4.0(+http://www.sogou.com/docs/help/webmasters.htm#07)"
114.119.131.199 - - [31/Mar/2025:08:28:05 -0400] "GET /home-help-dorchester/ HTTP/1.1" 404 1251 "https://realjuggahos.com/home-help-dorchester/" "Mozilla/5.0 (Linux; Android 7.0;) AppleWebKit/537.36 (KHTML, like Gecko) Mobile Safari/537.36 (compatible; PetalBot;+https://webmaster.petalsearch.com/site/petalbot)"
185.220.101.7 - - [31/Mar/2025:08:31:38 -0400] "GET / HTTP/1.1" 200 156172 "https://realjuggahos.com" "Mozilla/5.0 (Macintosh; I; Intel Mac OS X 10_6_7; ru-ru) AppleWebKit/534.31+ (KHTML, like Gecko) Version/5.0.5 Safari/533.21.1"
114.119.150.249 - - [31/Mar/2025:08:32:09 -0400] "GET /entretenir-des-sourires-sains-limportance-de-soin-gencives/ HTTP/1.1" 404 1251 "https://realjuggahos.com/entretenir-des-sourires-sains-limportance-de-soin-gencives/" "Mozilla/5.0 (Linux; Android 7.0;) AppleWebKit/537.36 (KHTML, like Gecko) Mobile Safari/537.36 (compatible; PetalBot;+https://webmaster.petalsearch.com/site/petalbot)"
94.181.156.210 - - [31/Mar/2025:08:35:59 -0400] "GET /navigating-the-anyone-protocol-staking-dashboard/ HTTP/1.1" 404 1251 "-" "Mozilla/5.0 (Windows NT 6.3; Win64; x64) AppleWebKit/537.36 (KHTML, like Gecko) Chrome/75.0.3770.100 Safari/537.36"
52.45.47.38 - - [31/Mar/2025:08:41:41 -0400] "GET /the-five-as-of-access-healthcare/ HTTP/1.1" 404 1251 "-" "Grammarly/1.0 (http://www.grammarly.com)"
198.54.114.83 - - [31/Mar/2025:08:44:47 -0400] "POST /wp-cron.php?doing_wp_cron=1743425086.9246330261230468750000 HTTP/1.1" 200 0 "-" "WordPress/6.7.2; https://realjuggahos.com"
167.172.130.206 - - [31/Mar/2025:08:44:39 -0400] "POST /wp-login.php HTTP/1.1" 503 6999 "-" "Mozilla/5.0"
58.254.68.93 - - [31/Mar/2025:08:54:45 -0400] "GET /non-conducting-thermal-paste/ HTTP/1.1" 404 1251 "https://realjuggahos.com" "Mozilla/5.0 (Windows NT 10.0; Win64; x64) AppleWebKit/537.36 (KHTML, like Gecko) Chrome/62.0.3202.94 Safari/537.36"
58.254.68.93 - - [31/Mar/2025:08:54:46 -0400] "GET /non-conducting-thermal-paste/ HTTP/1.1" 404 1251 "https://realjuggahos.com" "Mozilla/5.0 (Windows NT 10.0; Win64; x64) AppleWebKit/537.36 (KHTML, like Gecko) Chrome/62.0.3202.94 Safari/537.36"
58.254.68.93 - - [31/Mar/2025:08:54:48 -0400] "GET /non-conducting-thermal-paste/ HTTP/1.1" 404 1251 "https://realjuggahos.com" "Mozilla/5.0 (Windows NT 10.0; Win64; x64) AppleWebKit/537.36 (KHTML, like Gecko) Chrome/62.0.3202.94 Safari/537.36"
58.254.68.93 - - [31/Mar/2025:08:54:54 -0400] "GET /non-conducting-thermal-paste/ HTTP/1.1" 404 1251 "https://realjuggahos.com" "Mozilla/5.0 (Windows NT 10.0; Win64; x64) AppleWebKit/537.36 (KHTML, like Gecko) Chrome/62.0.3202.94 Safari/537.36"
198.54.114.83 - - [31/Mar/2025:09:00:07 -0400] "POST /wp-cron.php?doing_wp_cron=1743426007.6205608844757080078125 HTTP/1.1" 200 0 "-" "WordPress/6.7.2; https://realjuggahos.com"
167.172.130.206 - - [31/Mar/2025:09:00:02 -0400] "POST /wp-login.php HTTP/1.1" 503 7000 "-" "Mozilla/5.0"
198.54.114.83 - - [31/Mar/2025:09:00:08 -0400] "POST /wp-admin/admin-ajax.php?action=async_litespeed&nonce=xOQ6zIjVe5akBiMDBfVpPhv16t9esec4&litespeed_type=imgoptm HTTP/1.1" 200 5 "-" "WordPress/6.7.2; https://realjuggahos.com"
66.249.66.168 - - [31/Mar/2025:09:06:35 -0400] "GET /dp/B08ZJVVMT4?ref=MarsFS_eero_en HTTP/1.1" 404 1251 "-" "Mozilla/5.0 (Linux; Android 6.0.1; Nexus 5X Build/MMB29P) AppleWebKit/537.36 (KHTML, like Gecko) Chrome/134.0.6998.165 Mobile Safari/537.36 (compatible; Googlebot/2.1; +http://www.google.com/bot.html)"
58.253.86.32 - - [31/Mar/2025:09:08:24 -0400] "GET /how-to-choose-a-personal-injury-lawyer/ HTTP/1.1" 404 1251 "-" "Java/17.0.14"
45.128.38.94 - - [31/Mar/2025:09:11:06 -0400] "GET /forums/users/lavonmerriam66/ HTTP/1.1" 404 1251 "https://www.realjuggahos.com/forums/users/lavonmerriam66/" "Mozilla/5.0 (Windows NT 10.0; Win64; x64) AppleWebKit/537.36 (KHTML, like Gecko) Chrome/131.0.0.0 Safari/537.36 Avast/131.0.0.0"
45.128.38.94 - - [31/Mar/2025:09:11:19 -0400] "GET / HTTP/1.1" 200 156172 "https://www.realjuggahos.com/" "Mozilla/5.0 (Windows NT 10.0; Win64; x64) AppleWebKit/537.36 (KHTML, like Gecko) Chrome/131.0.0.0 Safari/537.36 Avast/131.0.0.0"
47.128.17.99 - - [31/Mar/2025:09:13:02 -0400] "GET /hz/reviews-render/report-review?csrfT=hI7SZljMN8bG2ire57mKHlD4fY6c8uVTvZXytn4fYPolAAAAAGcq7rEAAAAB&ie=UTF8&ref=cm_cr_dp_d_report&reviewId=R1PEI6HEVK2UIC HTTP/1.1" 404 1251 "-" "Mozilla/5.0 (Linux; Android 5.0) AppleWebKit/537.36 (KHTML, like Gecko) Mobile Safari/537.36 (compatible; Bytespider; spider-feedback@bytedance.com)"
36.37.209.160 - - [31/Mar/2025:09:22:16 -0400] "GET /wp-json/wp/v2/posts?per_page=1&orderby=date&order=desc HTTP/1.1" 404 1251 "-" "python-requests/2.32.3"
114.119.150.120 - - [31/Mar/2025:09:35:43 -0400] "GET /advantages-of-search-engine-optimization/ HTTP/1.1" 404 1251 "https://realjuggahos.com/advantages-of-search-engine-optimization/" "Mozilla/5.0 (Linux; Android 7.0;) AppleWebKit/537.36 (KHTML, like Gecko) Mobile Safari/537.36 (compatible; PetalBot;+https://webmaster.petalsearch.com/site/petalbot)"
45.128.38.94 - - [31/Mar/2025:09:36:52 -0400] "GET /forums/users/alisatruebridge/ HTTP/1.1" 404 1251 "https://www.realjuggahos.com/forums/users/alisatruebridge/" "Mozilla/5.0 (Windows NT 10.0; Win64; x64) AppleWebKit/537.36 (KHTML, like Gecko) Chrome/130.0.0.0 Safari/537.36"
45.128.38.94 - - [31/Mar/2025:09:37:12 -0400] "GET / HTTP/1.1" 200 156172 "https://www.realjuggahos.com/" "Mozilla/5.0 (Windows NT 10.0; Win64; x64) AppleWebKit/537.36 (KHTML, like Gecko) Chrome/130.0.0.0 Safari/537.36"
193.202.12.216 - - [31/Mar/2025:09:37:25 -0400] "GET /wp-login.php HTTP/1.1" 200 1740 "-" "Mozilla/5.0 (Windows NT 10.0; Win64; x64) AppleWebKit/537.36 (KHTML, like Gecko) Chrome/130.0.0.0 YaBrowser/24.12.0.0 Safari/537.36"
193.202.12.216 - - [31/Mar/2025:09:37:26 -0400] "GET /wp-login.php HTTP/1.1" 200 1740 "-" "Mozilla/5.0 (Windows NT 10.0; Win64; x64) AppleWebKit/537.36 (KHTML, like Gecko) Chrome/130.0.0.0 YaBrowser/24.12.0.0 Safari/537.36"
193.202.12.216 - - [31/Mar/2025:09:37:26 -0400] "GET /wp-login.php HTTP/1.1" 200 1740 "-" "Mozilla/5.0 (Windows NT 10.0; Win64; x64) AppleWebKit/537.36 (KHTML, like Gecko) Chrome/130.0.0.0 YaBrowser/24.12.0.0 Safari/537.36"
193.202.12.216 - - [31/Mar/2025:09:37:28 -0400] "GET /wp-login.php HTTP/1.1" 200 1740 "-" "Mozilla/5.0 (Windows NT 10.0; Win64; x64) AppleWebKit/537.36 (KHTML, like Gecko) Chrome/130.0.0.0 YaBrowser/24.12.0.0 Safari/537.36"
198.54.114.83 - - [31/Mar/2025:09:37:31 -0400] "POST /wp-cron.php?doing_wp_cron=1743428251.4789290428161621093750 HTTP/1.1" 200 0 "-" "WordPress/6.7.2; https://realjuggahos.com"
193.202.12.216 - - [31/Mar/2025:09:37:28 -0400] "POST /wp-login.php HTTP/1.1" 200 1867 "-" "Mozilla/5.0 (Windows NT 10.0; Win64; x64) AppleWebKit/537.36 (KHTML, like Gecko) Chrome/130.0.0.0 YaBrowser/24.12.0.0 Safari/537.36"
198.54.114.83 - - [31/Mar/2025:09:37:32 -0400] "POST /wp-admin/admin-ajax.php?action=async_litespeed&nonce=WYcDrEYAPxZardaL5WCArVdrmeQ3OWEJ&litespeed_type=imgoptm HTTP/1.1" 200 5 "-" "WordPress/6.7.2; https://realjuggahos.com"
114.119.145.65 - - [31/Mar/2025:09:38:42 -0400] "GET /a-divorce-attorney-can-help-you-resolve-a-wide-range-of-issues/ HTTP/1.1" 404 1251 "https://realjuggahos.com/a-divorce-attorney-can-help-you-resolve-a-wide-range-of-issues/" "Mozilla/5.0 (Linux; Android 7.0;) AppleWebKit/537.36 (KHTML, like Gecko) Mobile Safari/537.36 (compatible; PetalBot;+https://webmaster.petalsearch.com/site/petalbot)"
198.54.114.83 - - [31/Mar/2025:09:42:28 -0400] "POST /wp-cron.php?doing_wp_cron=1743428548.3581008911132812500000 HTTP/1.1" 200 0 "-" "WordPress/6.7.2; https://realjuggahos.com"
167.172.130.206 - - [31/Mar/2025:09:42:26 -0400] "POST /wp-login.php HTTP/1.1" 503 7000 "-" "Mozilla/5.0"
198.54.114.83 - - [31/Mar/2025:09:42:28 -0400] "POST /wp-admin/admin-ajax.php?action=async_litespeed&nonce=j6U8DWiLUhSVbdpU7fZ3tavyDuHeLZi4&litespeed_type=imgoptm HTTP/1.1" 200 5 "-" "WordPress/6.7.2; https://realjuggahos.com"
154.30.107.75 - - [31/Mar/2025:09:44:38 -0400] "GET /forums/users/marcelocatani5/ HTTP/1.1" 404 1251 "-" "Mozilla/5.0 (Linux x86_64; rv:114.0) Gecko/20100101 Firefox/114.0"
154.30.107.75 - - [31/Mar/2025:09:44:39 -0400] "GET / HTTP/1.1" 200 156172 "-" "Mozilla/5.0 (Linux x86_64; rv:114.0) Gecko/20100101 Firefox/114.0"
66.249.66.166 - - [31/Mar/2025:09:48:26 -0400] "GET /dp/B09WXH9BH7?ref=MarsFS_AUCC_ch HTTP/1.1" 404 1251 "-" "Mozilla/5.0 (Linux; Android 6.0.1; Nexus 5X Build/MMB29P) AppleWebKit/537.36 (KHTML, like Gecko) Chrome/134.0.6998.165 Mobile Safari/537.36 (compatible; Googlebot/2.1; +http://www.google.com/bot.html)"
198.98.49.67 - - [31/Mar/2025:09:52:55 -0400] "GET /wp-login.php HTTP/1.1" 200 1740 "-" "Mozilla/5.0 (Macintosh; Intel Mac OS X 10_7_5) AppleWebKit/537.77.4 (KHTML, like Gecko) Version/6.1.5 Safari/537.77.4"
198.54.114.83 - - [31/Mar/2025:09:52:58 -0400] "POST /wp-cron.php?doing_wp_cron=1743429178.8522739410400390625000 HTTP/1.1" 200 0 "-" "WordPress/6.7.2; https://realjuggahos.com"
198.98.49.67 - - [31/Mar/2025:09:52:56 -0400] "POST /wp-login.php HTTP/1.1" 503 7000 "-" "Mozilla/5.0 (Macintosh; Intel Mac OS X 10_7_5) AppleWebKit/537.77.4 (KHTML, like Gecko) Version/6.1.5 Safari/537.77.4"
198.98.49.67 - - [31/Mar/2025:09:52:59 -0400] "GET /wp-admin/themes.php HTTP/1.1" 503 6999 "-" "python-requests/2.27.1"
198.98.49.67 - - [31/Mar/2025:09:53:00 -0400] "GET /wp-admin/plugin-install.php?tab=upload HTTP/1.1" 503 6948 "-" "python-requests/2.27.1"
114.119.145.65 - - [31/Mar/2025:09:54:52 -0400] "GET /hz/reviews-render/report-review?ie=UTF8&ref=cm_cr_dp_d_report&=hI7SZljMN8bG2ire57mKHlD4fY6c8uVTvZXytn4fYPolAAAAAGcq7rEAAAAB&reviewId=R1PEI6HEVK2UIC HTTP/1.1" 404 1251 "https://www.realjuggahos.com/?MD" "Mozilla/5.0 (Linux; Android 7.0;) AppleWebKit/537.36 (KHTML, like Gecko) Mobile Safari/537.36 (compatible; PetalBot;+https://webmaster.petalsearch.com/site/petalbot)"
136.227.177.132 - - [31/Mar/2025:09:54:54 -0400] "GET / HTTP/1.1" 200 156172 "-" "Mozilla/5.0 (Macintosh; Intel Mac OS X 10_15_7) AppleWebKit/537.36 (KHTML, like Gecko) Chrome/104.0.0.0 Safari/537.36"
114.119.137.123 - - [31/Mar/2025:09:56:16 -0400] "GET /seamless-connectivity-exploring-the-evolution-of-bluetooth-headsets/ HTTP/1.1" 404 1251 "https://realjuggahos.com/seamless-connectivity-exploring-the-evolution-of-bluetooth-headsets/" "Mozilla/5.0 (Linux; Android 7.0;) AppleWebKit/537.36 (KHTML, like Gecko) Mobile Safari/537.36 (compatible; PetalBot;+https://webmaster.petalsearch.com/site/petalbot)"
80.85.245.145 - - [31/Mar/2025:09:57:21 -0400] "GET / HTTP/1.1" 200 156172 "-" "Mozilla/5.0 (Macintosh; Intel Mac OS X 10_15_7) AppleWebKit/537.36 (KHTML, like Gecko) Chrome/133.0.0.0 Safari/537.36"
80.85.245.145 - - [31/Mar/2025:09:57:26 -0400] "GET /gp/registry/wishlist/ HTTP/1.1" 404 1251 "-" "Mozilla/5.0 (Macintosh; Intel Mac OS X 10_15_7) AppleWebKit/537.36 (KHTML, like Gecko) Chrome/133.0.0.0 Safari/537.36"
212.30.36.88 - - [31/Mar/2025:09:57:26 -0400] "GET /how-to-choose-a-personal-injury-lawyer/ HTTP/1.1" 404 1251 "-" "Mozilla/5.0 (Windows NT 10.0; Win64; x64) AppleWebKit/537.36 (KHTML, like Gecko) Chrome/114.0.0.0 Safari/537.36 Vivaldi/5.3.2679.68"
80.85.245.145 - - [31/Mar/2025:09:57:46 -0400] "GET / HTTP/1.1" 200 156172 "-" "Mozilla/5.0 (Macintosh; Intel Mac OS X 10_15_7) AppleWebKit/537.36 (KHTML, like Gecko) Chrome/133.0.0.0 Safari/537.36"
212.30.36.77 - - [31/Mar/2025:09:57:46 -0400] "GET / HTTP/1.1" 200 156172 "-" "Mozilla/5.0 (Windows NT 10.0; Win64; x64) AppleWebKit/537.36 (KHTML, like Gecko) Chrome/114.0.0.0 Safari/537.36 Vivaldi/5.3.2679.68"
80.85.245.145 - - [31/Mar/2025:09:58:06 -0400] "GET / HTTP/1.1" 200 156172 "-" "Mozilla/5.0 (Macintosh; Intel Mac OS X 10_15_7) AppleWebKit/537.36 (KHTML, like Gecko) Chrome/133.0.0.0 Safari/537.36"
212.30.36.80 - - [31/Mar/2025:09:58:10 -0400] "GET /dp/B0D3RN5W37?ref=MarsFS_VICC_blinksqm HTTP/1.1" 404 1251 "https://realjuggahos.com" "Mozilla/5.0 (Windows NT 10.0; Win64; x64) AppleWebKit/537.36 (KHTML, like Gecko) Chrome/114.0.0.0 Safari/537.36 Vivaldi/5.3.2679.68"
212.30.36.79 - - [31/Mar/2025:09:58:16 -0400] "GET / HTTP/1.1" 200 156172 "https://realjuggahos.com" "Mozilla/5.0 (Windows NT 10.0; Win64; x64) AppleWebKit/537.36 (KHTML, like Gecko) Chrome/114.0.0.0 Safari/537.36 Vivaldi/5.3.2679.68"
80.85.245.145 - - [31/Mar/2025:09:58:26 -0400] "GET /product-reviews/B0DG4WZZPV/ref=acr_dp_hist_5?ie=UTF8&filterByStar=five_star&reviewerType=all_reviews HTTP/1.1" 404 1251 "-" "Mozilla/5.0 (Macintosh; Intel Mac OS X 10_15_7) AppleWebKit/537.36 (KHTML, like Gecko) Chrome/133.0.0.0 Safari/537.36"
80.85.245.145 - - [31/Mar/2025:09:58:26 -0400] "GET /product-reviews/B0DG4WZZPV/ref=acr_dp_hist_4?ie=UTF8&filterByStar=four_star&reviewerType=all_reviews HTTP/1.1" 404 1251 "-" "Mozilla/5.0 (Macintosh; Intel Mac OS X 10_15_7) AppleWebKit/537.36 (KHTML, like Gecko) Chrome/133.0.0.0 Safari/537.36"
80.85.245.145 - - [31/Mar/2025:09:58:27 -0400] "GET /product-reviews/B0DG4WZZPV/ref=acr_dp_hist_3?ie=UTF8&filterByStar=three_star&reviewerType=all_reviews HTTP/1.1" 404 1251 "-" "Mozilla/5.0 (Macintosh; Intel Mac OS X 10_15_7) AppleWebKit/537.36 (KHTML, like Gecko) Chrome/133.0.0.0 Safari/537.36"
80.85.245.145 - - [31/Mar/2025:09:58:35 -0400] "GET /product-reviews/B0DG4WZZPV/ref=acr_dp_hist_2?ie=UTF8&filterByStar=two_star&reviewerType=all_reviews HTTP/1.1" 404 1251 "-" "Mozilla/5.0 (Macintosh; Intel Mac OS X 10_15_7) AppleWebKit/537.36 (KHTML, like Gecko) Chrome/133.0.0.0 Safari/537.36"
80.85.245.145 - - [31/Mar/2025:09:58:37 -0400] "GET /product-reviews/B0DG4WZZPV/ref=acr_dp_hist_1?ie=UTF8&filterByStar=one_star&reviewerType=all_reviews HTTP/1.1" 404 1251 "-" "Mozilla/5.0 (Macintosh; Intel Mac OS X 10_15_7) AppleWebKit/537.36 (KHTML, like Gecko) Chrome/133.0.0.0 Safari/537.36"
80.85.245.145 - - [31/Mar/2025:09:58:38 -0400] "GET /review/create-review/ref=cm_cr_dp_d_wr_but_top?ie=UTF8&channel=glance-detail&asin=B0DG4WZZPV HTTP/1.1" 404 1251 "-" "Mozilla/5.0 (Macintosh; Intel Mac OS X 10_15_7) AppleWebKit/537.36 (KHTML, like Gecko) Chrome/133.0.0.0 Safari/537.36"
80.85.245.145 - - [31/Mar/2025:09:58:38 -0400] "GET /gp/profile/amzn1.account.AFXQP46YJ2XUKR4MYZFNG3H2CXBQ/ref=cm_cr_dp_d_gw_tr?ie=UTF8 HTTP/1.1" 404 1251 "-" "Mozilla/5.0 (Macintosh; Intel Mac OS X 10_15_7) AppleWebKit/537.36 (KHTML, like Gecko) Chrome/133.0.0.0 Safari/537.36"
80.85.245.145 - - [31/Mar/2025:09:58:39 -0400] "GET /gp/customer-reviews/R2DVCU4L2UJJBX/ref=cm_cr_dp_d_rvw_ttl?ie=UTF8&ASIN=B0DG4WZZPV HTTP/1.1" 404 1251 "-" "Mozilla/5.0 (Macintosh; Intel Mac OS X 10_15_7) AppleWebKit/537.36 (KHTML, like Gecko) Chrome/133.0.0.0 Safari/537.36"
80.85.245.145 - - [31/Mar/2025:09:58:44 -0400] "GET /gp/profile/amzn1.account.AF5FRYZXCS7TKUJBS42LJ5SIYFCQ/ref=cm_cr_dp_d_gw_tr?ie=UTF8 HTTP/1.1" 404 1251 "-" "Mozilla/5.0 (Macintosh; Intel Mac OS X 10_15_7) AppleWebKit/537.36 (KHTML, like Gecko) Chrome/133.0.0.0 Safari/537.36"
80.85.245.145 - - [31/Mar/2025:09:58:45 -0400] "GET /gp/customer-reviews/RSOLMCOFAZGYC/ref=cm_cr_dp_d_rvw_ttl?ie=UTF8&ASIN=B0DG4WZZPV HTTP/1.1" 404 1251 "-" "Mozilla/5.0 (Macintosh; Intel Mac OS X 10_15_7) AppleWebKit/537.36 (KHTML, like Gecko) Chrome/133.0.0.0 Safari/537.36"
114.119.145.65 - - [31/Mar/2025:09:58:45 -0400] "GET /youtube-live-a-new-way-to-watch-videos/ HTTP/1.1" 404 1251 "https://realjuggahos.com/youtube-live-a-new-way-to-watch-videos/" "Mozilla/5.0 (Linux; Android 7.0;) AppleWebKit/537.36 (KHTML, like Gecko) Mobile Safari/537.36 (compatible; PetalBot;+https://webmaster.petalsearch.com/site/petalbot)"
54.37.234.111 - - [31/Mar/2025:10:02:03 -0400] "GET /top-5-uk-cbd-gummies/ HTTP/1.1" 404 1251 "https://realjuggahos.com/top-5-uk-cbd-gummies/#comment-8411/" "Mozilla/5.0 (Windows NT 10.0; Win64; x64) AppleWebKit/537.36 (KHTML, like Gecko) Chrome/130.0.0.0 Safari/537.36"
3.22.101.47 - - [31/Mar/2025:10:02:25 -0400] "GET /robots.txt HTTP/1.1" 304 0 "-" "Mozilla/5.0 AppleWebKit/537.36 (KHTML, like Gecko; compatible; ClaudeBot/1.0; +claudebot@anthropic.com)"
3.22.101.47 - - [31/Mar/2025:10:02:31 -0400] "GET /how-a-katana-sword-is-made HTTP/1.1" 404 1251 "-" "Mozilla/5.0 AppleWebKit/537.36 (KHTML, like Gecko; compatible; ClaudeBot/1.0; +claudebot@anthropic.com)"
124.221.186.82 - - [31/Mar/2025:10:03:41 -0400] "GET / HTTP/1.1" 200 156172 "-" "Mozilla/5.0 (Linux; Android 10; LIO-AN00 Build/HUAWEILIO-AN00; wv) MicroMessenger Weixin QQ AppleWebKit/537.36 (KHTML, like Gecko) Version/4.0 Chrome/78.0.3904.62 XWEB/2692 MMWEBSDK/200901 Mobile Safari/537.36"
149.126.222.229 - - [31/Mar/2025:10:07:52 -0400] "GET / HTTP/1.1" 200 156172 "-" "Mozilla/5.0 (Windows NT 10.0; Win64; x64) AppleWebKit/537.36 (KHTML, like Gecko) Chrome/86.0.4240.75 Safari/537.36"
200.234.138.235 - - [31/Mar/2025:10:07:54 -0400] "GET / HTTP/1.1" 200 156172 "-" "-"
104.236.44.95 - - [31/Mar/2025:10:07:59 -0400] "GET / HTTP/1.1" 200 156172 "-" "Mozilla/5.0 (X11; Ubuntu; Linux x86_64; rv:66.0) WhatCMS/1.0"
104.236.44.95 - - [31/Mar/2025:10:07:59 -0400] "GET / HTTP/1.1" 200 156172 "-" "Mozilla/5.0 (X11; Ubuntu; Linux x86_64; rv:66.0) WhatCMS/1.0"
104.236.44.95 - - [31/Mar/2025:10:08:09 -0400] "GET /admin HTTP/1.1" 404 1251 "-" "Mozilla/5.0 (X11; Ubuntu; Linux x86_64; rv:66.0) WhatCMS/1.0"
2a02:598:96:8a00::1200:122 - - [31/Mar/2025:10:10:03 -0400] "GET /how-to-buy-tiktok-views/ HTTP/1.1" 404 1251 "-" "Mozilla/5.0 (compatible; SeznamBot/4.0; +https://o-seznam.cz/napoveda/vyhledavani/en/seznambot-crawler/)"
198.54.114.83 - - [31/Mar/2025:10:10:08 -0400] "POST /wp-cron.php?doing_wp_cron=1743430208.1924760341644287109375 HTTP/1.1" 200 0 "-" "WordPress/6.7.2; https://realjuggahos.com"
167.172.130.206 - - [31/Mar/2025:10:10:04 -0400] "POST /wp-login.php HTTP/1.1" 503 7000 "-" "Mozilla/5.0"
198.54.114.83 - - [31/Mar/2025:10:10:09 -0400] "POST /wp-admin/admin-ajax.php?action=async_litespeed&nonce=XuuoR6taoZe80MwxfrGP1Xf0VlP2aOWc&litespeed_type=imgoptm HTTP/1.1" 200 5 "-" "WordPress/6.7.2; https://realjuggahos.com"
114.119.156.188 - - [31/Mar/2025:10:10:38 -0400] "GET /best-youtube-subscriber-buy-where-to-buy-youtube-subscribers/ HTTP/1.1" 404 1251 "https://realjuggahos.com/best-youtube-subscriber-buy-where-to-buy-youtube-subscribers/" "Mozilla/5.0 (Linux; Android 7.0;) AppleWebKit/537.36 (KHTML, like Gecko) Mobile Safari/537.36 (compatible; PetalBot;+https://webmaster.petalsearch.com/site/petalbot)"
212.34.135.220 - - [31/Mar/2025:10:11:26 -0400] "GET /discover-your-dream-home-in-sonoma-ca/ HTTP/1.1" 404 1251 "https://realjuggahos.com/discover-your-dream-home-in-sonoma-ca/#comment-14910" "Mozilla/5.0 (Windows NT 10.0; Win64; x64) AppleWebKit/537.36 (KHTML, like Gecko) Chrome/130.0.0.0 Safari/537.36 CCleaner/130.0.0.0"
212.34.135.220 - - [31/Mar/2025:10:11:57 -0400] "GET / HTTP/1.1" 200 211281 "https://realjuggahos.com/" "Mozilla/5.0 (Windows NT 10.0; Win64; x64) AppleWebKit/537.36 (KHTML, like Gecko) Chrome/130.0.0.0 Safari/537.36 CCleaner/130.0.0.0"
52.167.144.222 - - [31/Mar/2025:10:13:56 -0400] "GET /navigating-financial-security-the-essentials-of-minimum-insurances-for-the-self-insured/feed/ HTTP/1.1" 404 1251 "-" "Mozilla/5.0 AppleWebKit/537.36 (KHTML, like Gecko; compatible; bingbot/2.0; +http://www.bing.com/bingbot.htm) Chrome/116.0.1938.76 Safari/537.36"
58.254.68.93 - - [31/Mar/2025:10:17:04 -0400] "GET /non-conducting-thermal-paste/ HTTP/1.1" 404 1251 "https://realjuggahos.com" "Mozilla/5.0 (Windows NT 10.0; Win64; x64) AppleWebKit/537.36 (KHTML, like Gecko) Chrome/62.0.3202.94 Safari/537.36"
58.254.68.93 - - [31/Mar/2025:10:17:09 -0400] "GET /non-conducting-thermal-paste/ HTTP/1.1" 404 1251 "https://realjuggahos.com" "Mozilla/5.0 (Windows NT 10.0; Win64; x64) AppleWebKit/537.36 (KHTML, like Gecko) Chrome/62.0.3202.94 Safari/537.36"
58.254.68.93 - - [31/Mar/2025:10:17:12 -0400] "GET /non-conducting-thermal-paste/ HTTP/1.1" 404 1251 "https://realjuggahos.com" "Mozilla/5.0 (Windows NT 10.0; Win64; x64) AppleWebKit/537.36 (KHTML, like Gecko) Chrome/62.0.3202.94 Safari/537.36"
58.254.68.93 - - [31/Mar/2025:10:17:14 -0400] "GET /non-conducting-thermal-paste/ HTTP/1.1" 404 1251 "https://realjuggahos.com" "Mozilla/5.0 (Windows NT 10.0; Win64; x64) AppleWebKit/537.36 (KHTML, like Gecko) Chrome/62.0.3202.94 Safari/537.36"
2a03:2880:f800:: - - [31/Mar/2025:10:22:43 -0400] "GET /estimate-your-perfect-moving-company/ HTTP/1.1" 404 1251 "-" "meta-externalagent/1.1 (+https://developers.facebook.com/docs/sharing/webmasters/crawler)"
47.79.104.184 - - [31/Mar/2025:10:28:18 -0400] "GET / HTTP/1.1" 200 156172 "https://www.google.com/" "Mozilla/5.0 (Linux; Android 10; K) AppleWebKit/537.36 (KHTML, like Gecko) Chrome/128.0.0.0 Mobile Safari/537.36"
223.109.252.139 - - [31/Mar/2025:10:35:52 -0400] "GET / HTTP/1.1" 200 156172 "-" "Sogou web spider/4.0(+http://www.sogou.com/docs/help/webmasters.htm#07)"
198.54.114.83 - - [31/Mar/2025:10:42:27 -0400] "POST /wp-admin/admin-ajax.php?action=async_litespeed&nonce=xVOjH3EC8dkOkrNxycU0ZwkJ1smkWNiE&litespeed_type=imgoptm HTTP/1.1" 200 5 "-" "WordPress/6.7.2; https://realjuggahos.com"
114.119.145.65 - - [31/Mar/2025:10:43:53 -0400] "GET /unlocking-the-secrets-of-melbournes-best-curly-hair-salon/ HTTP/1.1" 404 1251 "https://realjuggahos.com/unlocking-the-secrets-of-melbournes-best-curly-hair-salon/" "Mozilla/5.0 (Linux; Android 7.0;) AppleWebKit/537.36 (KHTML, like Gecko) Mobile Safari/537.36 (compatible; PetalBot;+https://webmaster.petalsearch.com/site/petalbot)"
198.54.114.83 - - [31/Mar/2025:10:52:25 -0400] "POST /wp-cron.php?doing_wp_cron=1743432745.5522398948669433593750 HTTP/1.1" 200 0 "-" "WordPress/6.7.2; https://realjuggahos.com"
167.172.130.206 - - [31/Mar/2025:10:52:22 -0400] "POST /wp-login.php HTTP/1.1" 503 7001 "-" "Mozilla/5.0"
198.54.114.83 - - [31/Mar/2025:10:52:26 -0400] "POST /wp-admin/admin-ajax.php?action=async_litespeed&nonce=0IAcealImoi5xg47grOFDkFXMItdOvBL&litespeed_type=imgoptm HTTP/1.1" 200 5 "-" "WordPress/6.7.2; https://realjuggahos.com"
198.54.114.83 - - [31/Mar/2025:10:54:31 -0400] "POST /wp-admin/admin-ajax.php?action=async_litespeed&nonce=PecU8BzoBTeG9Ufwni3x83kjh3serz4J&litespeed_type=imgoptm HTTP/1.1" 200 0 "-" "WordPress/6.7.2; https://realjuggahos.com"
84.54.44.30 - - [31/Mar/2025:11:00:39 -0400] "GET /top-5-uk-cbd-gummies/ HTTP/1.1" 404 1251 "https://realjuggahos.com/top-5-uk-cbd-gummies/" "Mozilla/5.0 (Windows NT 10.0; Win64; x64) AppleWebKit/537.36 (KHTML, like Gecko) Chrome/131.0.0.0 Safari/537.36"
84.54.44.30 - - [31/Mar/2025:11:00:40 -0400] "GET / HTTP/1.1" 200 156172 "https://realjuggahos.com/" "Mozilla/5.0 (Windows NT 10.0; Win64; x64) AppleWebKit/537.36 (KHTML, like Gecko) Chrome/131.0.0.0 Safari/537.36"
66.249.66.160 - - [31/Mar/2025:11:07:28 -0400] "GET /hz/reviews-render/report-review?ie=UTF8&ref=cm_cr_dp_d_report&csrfT=hLqtVQgYy%2FI9YDyopdvMpjMSL3z2hjymwxiOhxxJtXHrAAAAAGcq7rEAAAAB&reviewId=RSOLMCOFAZGYC HTTP/1.1" 404 1251 "-" "Mozilla/5.0 (Linux; Android 6.0.1; Nexus 5X Build/MMB29P) AppleWebKit/537.36 (KHTML, like Gecko) Chrome/134.0.6998.165 Mobile Safari/537.36 (compatible; Googlebot/2.1; +http://www.google.com/bot.html)"
198.54.114.83 - - [31/Mar/2025:11:07:58 -0400] "POST /wp-cron.php?doing_wp_cron=1743433677.2047359943389892578125 HTTP/1.1" 200 0 "-" "WordPress/6.7.2; https://realjuggahos.com"
167.172.130.206 - - [31/Mar/2025:11:07:50 -0400] "POST /wp-login.php HTTP/1.1" 503 6999 "-" "Mozilla/5.0"
198.54.114.83 - - [31/Mar/2025:11:08:00 -0400] "POST /wp-admin/admin-ajax.php?action=async_litespeed&nonce=lkPvX71H6apxZ1IgpXhbYABSnCgDZgQ9&litespeed_type=imgoptm HTTP/1.1" 200 0 "-" "WordPress/6.7.2; https://realjuggahos.com"
198.54.114.83 - - [31/Mar/2025:11:08:01 -0400] "POST /wp-cron.php?doing_wp_cron=1743433681.1124570369720458984375 HTTP/1.1" 200 0 "-" "WordPress/6.7.2; https://realjuggahos.com"
198.54.114.83 - - [31/Mar/2025:11:08:03 -0400] "POST /wp-admin/admin-ajax.php?action=async_litespeed&nonce=isZjeCR1dNFmpGu7jCCeDNteJUqE7dpp&litespeed_type=imgoptm HTTP/1.1" 200 0 "-" "WordPress/6.7.2; https://realjuggahos.com"
104.244.75.153 - - [31/Mar/2025:11:10:43 -0400] "GET /wp-login.php HTTP/1.1" 200 1740 "-" "Mozilla/5.0 (iPhone; CPU iPhone OS 7_1_2 like Mac OS X) AppleWebKit/537.51.1 (KHTML, like Gecko) GSA/4.1.0.31802 Mobile/11D257 Safari/9537.53"
198.54.114.83 - - [31/Mar/2025:11:11:03 -0400] "POST /wp-cron.php?doing_wp_cron=1743433862.2420101165771484375000 HTTP/1.1" 200 0 "-" "WordPress/6.7.2; https://realjuggahos.com"
104.244.75.153 - - [31/Mar/2025:11:10:58 -0400] "POST /wp-login.php HTTP/1.1" 200 1882 "-" "Mozilla/5.0 (iPhone; CPU iPhone OS 7_1_2 like Mac OS X) AppleWebKit/537.51.1 (KHTML, like Gecko) GSA/4.1.0.31802 Mobile/11D257 Safari/9537.53"
198.54.114.83 - - [31/Mar/2025:11:11:04 -0400] "POST /wp-admin/admin-ajax.php?action=async_litespeed&nonce=23QeVfkCSojuXFEllGKn0Fg6V47fFqpd&litespeed_type=imgoptm HTTP/1.1" 200 0 "-" "WordPress/6.7.2; https://realjuggahos.com"
52.167.144.22 - - [31/Mar/2025:11:14:17 -0400] "GET /precision-in-construction-the-importance-of-pilot-holes-for-5-16-lag-screws/feed/ HTTP/1.1" 404 1251 "-" "Mozilla/5.0 AppleWebKit/537.36 (KHTML, like Gecko; compatible; bingbot/2.0; +http://www.bing.com/bingbot.htm) Chrome/116.0.1938.76 Safari/537.36"
47.128.119.82 - - [31/Mar/2025:11:16:35 -0400] "GET /gp/profile/amzn1.account.AFXQP46YJ2XUKR4MYZFNG3H2CXBQ/ref=cm_cr_dp_d_gw_tr?ie=UTF8 HTTP/1.1" 404 1251 "-" "Mozilla/5.0 (Linux; Android 5.0) AppleWebKit/537.36 (KHTML, like Gecko) Mobile Safari/537.36 (compatible; Bytespider; spider-feedback@bytedance.com)"
156.228.115.7 - - [31/Mar/2025:11:17:02 -0400] "GET /wp-json/wp/v2/users HTTP/1.1" 404 1251 "https://www.google.com" "Mozilla/5.0 (X11; Linux x86_64) AppleWebKit/537.36 (KHTML, like Gecko) Chrome/119.0.0.0 Safari/537.36"
156.228.115.7 - - [31/Mar/2025:11:17:03 -0400] "GET /?author=1 HTTP/1.1" 200 156172 "https://www.google.com" "Mozilla/5.0 (X11; Linux x86_64) AppleWebKit/537.36 (KHTML, like Gecko) Chrome/119.0.0.0 Safari/537.36"
156.228.115.7 - - [31/Mar/2025:11:17:04 -0400] "GET /wp-login.php HTTP/1.1" 200 1740 "https://www.google.com" "Mozilla/5.0 (X11; Linux x86_64) AppleWebKit/537.36 (KHTML, like Gecko) Chrome/119.0.0.0 Safari/537.36"
198.54.114.83 - - [31/Mar/2025:11:17:11 -0400] "POST /wp-cron.php?doing_wp_cron=1743434231.0062940120697021484375 HTTP/1.1" 200 0 "-" "WordPress/6.7.2; https://realjuggahos.com"
156.228.115.7 - - [31/Mar/2025:11:17:06 -0400] "POST /wp-login.php HTTP/1.1" 200 1867 "https://realjuggahos.com/wp-login.php" "Mozilla/5.0 (X11; Linux x86_64) AppleWebKit/537.36 (KHTML, like Gecko) Chrome/119.0.0.0 Safari/537.36"
198.54.114.83 - - [31/Mar/2025:11:17:12 -0400] "POST /wp-admin/admin-ajax.php?action=async_litespeed&nonce=j6rJo4VuWMTW3MrJBA5Mn9YzNUE84vpK&litespeed_type=imgoptm HTTP/1.1" 200 0 "-" "WordPress/6.7.2; https://realjuggahos.com"
156.228.115.7 - - [31/Mar/2025:11:17:13 -0400] "POST /wp-login.php HTTP/1.1" 200 1867 "https://realjuggahos.com/wp-login.php" "Mozilla/5.0 (X11; Linux x86_64) AppleWebKit/537.36 (KHTML, like Gecko) Chrome/119.0.0.0 Safari/537.36"
156.228.115.7 - - [31/Mar/2025:11:17:15 -0400] "GET /wp-admin/ HTTP/1.1" 302 0 "https://realjuggahos.com/wp-login.php" "Mozilla/5.0 (X11; Linux x86_64) AppleWebKit/537.36 (KHTML, like Gecko) Chrome/119.0.0.0 Safari/537.36"
156.228.115.7 - - [31/Mar/2025:11:17:18 -0400] "GET /wp-login.php?redirect_to=https%3A%2F%2Frealjuggahos.com%2Fwp-admin%2F&reauth=1 HTTP/1.1" 200 1740 "https://realjuggahos.com/wp-login.php" "Mozilla/5.0 (X11; Linux x86_64) AppleWebKit/537.36 (KHTML, like Gecko) Chrome/119.0.0.0 Safari/537.36"
156.228.115.7 - - [31/Mar/2025:11:17:21 -0400] "GET /wp-login.php HTTP/1.1" 200 1740 "https://www.google.com" "Mozilla/5.0 (X11; Linux x86_64) AppleWebKit/537.36 (KHTML, like Gecko) Chrome/119.0.0.0 Safari/537.36"
156.228.115.7 - - [31/Mar/2025:11:17:22 -0400] "GET /admin HTTP/1.1" 404 1251 "https://www.google.com" "Mozilla/5.0 (X11; Linux x86_64) AppleWebKit/537.36 (KHTML, like Gecko) Chrome/119.0.0.0 Safari/537.36"
156.228.115.7 - - [31/Mar/2025:11:17:23 -0400] "GET /wp-login.php/ HTTP/1.1" 200 1740 "https://www.google.com" "Mozilla/5.0 (X11; Linux x86_64) AppleWebKit/537.36 (KHTML, like Gecko) Chrome/119.0.0.0 Safari/537.36"
156.228.115.7 - - [31/Mar/2025:11:17:26 -0400] "GET /admin/ HTTP/1.1" 404 1251 "https://www.google.com" "Mozilla/5.0 (X11; Linux x86_64) AppleWebKit/537.36 (KHTML, like Gecko) Chrome/119.0.0.0 Safari/537.36"
156.228.115.7 - - [31/Mar/2025:11:17:28 -0400] "GET /wp-login.php HTTP/1.1" 200 1740 "https://www.google.com" "Mozilla/5.0 (X11; Linux x86_64) AppleWebKit/537.36 (KHTML, like Gecko) Chrome/119.0.0.0 Safari/537.36"
156.228.115.7 - - [31/Mar/2025:11:17:29 -0400] "GET /administrator HTTP/1.1" 404 1251 "https://www.google.com" "Mozilla/5.0 (X11; Linux x86_64) AppleWebKit/537.36 (KHTML, like Gecko) Chrome/119.0.0.0 Safari/537.36"
156.228.115.7 - - [31/Mar/2025:11:17:30 -0400] "GET /wp-login.php HTTP/1.1" 200 1740 "https://www.google.com" "Mozilla/5.0 (X11; Linux x86_64) AppleWebKit/537.36 (KHTML, like Gecko) Chrome/119.0.0.0 Safari/537.36"
156.228.115.7 - - [31/Mar/2025:11:17:32 -0400] "GET /admin HTTP/1.1" 404 1251 "https://www.google.com" "Mozilla/5.0 (X11; Linux x86_64) AppleWebKit/537.36 (KHTML, like Gecko) Chrome/119.0.0.0 Safari/537.36"
139.59.18.154 - - [31/Mar/2025:11:20:43 -0400] "GET /wp-login.php HTTP/1.1" 200 1740 "-" "Mozila/5.0"
198.54.114.83 - - [31/Mar/2025:11:20:48 -0400] "POST /wp-cron.php?doing_wp_cron=1743434447.6428771018981933593750 HTTP/1.1" 200 0 "-" "WordPress/6.7.2; https://realjuggahos.com"
139.59.18.154 - - [31/Mar/2025:11:20:43 -0400] "POST /wp-login.php HTTP/1.1" 503 6999 "-" "Mozila/5.0"
198.54.114.83 - - [31/Mar/2025:11:20:49 -0400] "POST /wp-admin/admin-ajax.php?action=async_litespeed&nonce=ytqkPrDiC37toAQ6fDKB7zvspXnE94i9&litespeed_type=imgoptm HTTP/1.1" 200 0 "-" "WordPress/6.7.2; https://realjuggahos.com"
58.254.68.93 - - [31/Mar/2025:11:22:21 -0400] "GET /lawyer-hattingen/ HTTP/1.1" 404 1251 "https://realjuggahos.com" "Mozilla/5.0 (Windows NT 10.0; Win64; x64) AppleWebKit/537.36 (KHTML, like Gecko) Chrome/62.0.3202.94 Safari/537.36"
58.254.68.93 - - [31/Mar/2025:11:22:29 -0400] "GET /lawyer-hattingen/ HTTP/1.1" 404 1251 "https://realjuggahos.com" "Mozilla/5.0 (Windows NT 10.0; Win64; x64) AppleWebKit/537.36 (KHTML, like Gecko) Chrome/62.0.3202.94 Safari/537.36"
58.254.68.93 - - [31/Mar/2025:11:22:36 -0400] "GET /lawyer-hattingen/ HTTP/1.1" 404 1251 "https://realjuggahos.com" "Mozilla/5.0 (Windows NT 10.0; Win64; x64) AppleWebKit/537.36 (KHTML, like Gecko) Chrome/62.0.3202.94 Safari/537.36"
58.254.68.93 - - [31/Mar/2025:11:22:41 -0400] "GET /lawyer-hattingen/ HTTP/1.1" 404 1251 "https://realjuggahos.com" "Mozilla/5.0 (Windows NT 10.0; Win64; x64) AppleWebKit/537.36 (KHTML, like Gecko) Chrome/62.0.3202.94 Safari/537.36"
