47.82.10.247 - - [01/Apr/2025:18:22:29 -0400] "GET /wp-includes/js/underscore.min.js HTTP/1.1" 200 7197 "-" "Mozilla/5.0 (Windows NT 10.0; Win64; x64) AppleWebKit/537.36 (KHTML, like Gecko) Chrome/114.0.0.0 Safari/537.36 Edg/114.0.1823.43"
47.82.10.217 - - [01/Apr/2025:18:26:21 -0400] "GET /wp-includes/js/dist/a11y.min.js HTTP/1.1" 200 827 "-" "Mozilla/5.0 (Windows NT 10.0; Win64; x64) AppleWebKit/537.36 (KHTML, like Gecko) Chrome/114.0.0.0 Safari/537.36 Edg/114.0.1823.43"
185.191.171.1 - - [01/Apr/2025:18:26:50 -0400] "GET /unveiling-the-power-of-precision-the-ultimate-guide-to-blow-dryers/ HTTP/1.1" 404 1251 "-" "Mozilla/5.0 (compatible; SemrushBot/7~bl; +http://www.semrush.com/bot.html)"
47.82.11.206 - - [01/Apr/2025:18:28:15 -0400] "GET /wp-includes/js/dist/i18n.min.js HTTP/1.1" 200 3542 "-" "Mozilla/5.0 (Windows NT 10.0; Win64; x64) AppleWebKit/537.36 (KHTML, like Gecko) Chrome/114.0.0.0 Safari/537.36 Edg/114.0.1823.43"
47.82.9.10 - - [01/Apr/2025:18:28:34 -0400] "GET /wp-admin/js/user-profile.min.js HTTP/1.1" 200 2388 "-" "Mozilla/5.0 (Windows NT 10.0; Win64; x64) AppleWebKit/537.36 (KHTML, like Gecko) Chrome/114.0.0.0 Safari/537.36 Edg/114.0.1823.43"
95.217.37.214 - - [01/Apr/2025:18:29:41 -0400] "GET /forums/users/chastityhorning/ HTTP/1.1" 404 1251 "-" "Mozilla/5.0 (Windows NT 10.0; Win64; x64) AppleWebKit/537.36 (KHTML, like Gecko) Chrome/118.0.0.0 Safari/537.36"
95.217.37.214 - - [01/Apr/2025:18:29:42 -0400] "GET /forums/users/chastityhorning/ HTTP/1.1" 404 1251 "-" "Mozilla/5.0 (Windows NT 10.0; Win64; x64) AppleWebKit/537.36 (KHTML, like Gecko) Chrome/118.0.0.0 Safari/537.36"
85.208.96.204 - - [01/Apr/2025:18:30:14 -0400] "GET /lawyer-hattingen-2/ HTTP/1.1" 404 1251 "-" "Mozilla/5.0 (compatible; SemrushBot/7~bl; +http://www.semrush.com/bot.html)"
112.86.225.67 - - [01/Apr/2025:18:31:57 -0400] "GET / HTTP/1.1" 200 156172 "-" "Sogou web spider/4.0(+http://www.sogou.com/docs/help/webmasters.htm#07)"
179.43.159.194 - - [01/Apr/2025:18:33:02 -0400] "GET / HTTP/1.1" 200 156172 "https://realjuggahos.com" "Mozilla/5.0 (Windows NT 6.1) AppleWebKit/537.36 (KHTML, like Gecko) Chrome/46.0.2490.86 YaBrowser/15.12.1.6475 Yowser/2.5 Safari/537.36"
85.208.96.211 - - [01/Apr/2025:18:33:48 -0400] "GET /benefits-of-nail-gels/ HTTP/1.1" 404 1251 "-" "Mozilla/5.0 (compatible; SemrushBot/7~bl; +http://www.semrush.com/bot.html)"
66.249.66.168 - - [01/Apr/2025:18:38:03 -0400] "GET /free-job-posting-uk/ HTTP/1.1" 404 1251 "-" "Mozilla/5.0 (Linux; Android 6.0.1; Nexus 5X Build/MMB29P) AppleWebKit/537.36 (KHTML, like Gecko) Chrome/134.0.6998.165 Mobile Safari/537.36 (compatible; Googlebot/2.1; +http://www.google.com/bot.html)"
85.208.96.201 - - [01/Apr/2025:18:42:27 -0400] "GET /robots.txt HTTP/1.1" 304 0 "-" "Mozilla/5.0 (compatible; SemrushBot/7~bl; +http://www.semrush.com/bot.html)"
185.191.171.15 - - [01/Apr/2025:18:42:29 -0400] "GET /revolutionizing-motherhood-the-innovation-of-wearable-breast-pumps/ HTTP/1.1" 404 1251 "-" "Mozilla/5.0 (compatible; SemrushBot/7~bl; +http://www.semrush.com/bot.html)"
47.82.9.47 - - [01/Apr/2025:18:44:04 -0400] "GET /wp-admin/js/password-strength-meter.min.js HTTP/1.1" 200 558 "-" "Mozilla/5.0 (Windows NT 10.0; Win64; x64) AppleWebKit/537.36 (KHTML, like Gecko) Chrome/114.0.0.0 Safari/537.36 Edg/114.0.1823.43"
85.208.96.195 - - [01/Apr/2025:18:44:14 -0400] "GET /unlocking-success-the-art-of-buying-youtube-views-cheaply/ HTTP/1.1" 404 1251 "-" "Mozilla/5.0 (compatible; SemrushBot/7~bl; +http://www.semrush.com/bot.html)"
45.134.225.36 - - [01/Apr/2025:18:46:23 -0400] "GET / HTTP/1.1" 200 156172 "https://realjuggahos.com" "Mozilla/5.0 (Windows NT 6.1; rv:24.0) Gecko/20100101 Firefox/24.0"
34.169.175.120 - - [01/Apr/2025:18:49:43 -0400] "GET /fenbendazole-powder-for-pets/ HTTP/1.1" 404 1251 "-" "Mozilla/5.0 (Windows NT 10.0; Win64; x64) AppleWebKit/537.36 (KHTML, like Gecko) Chrome/123.0.0.0 Safari/537.36"
198.98.62.50 - - [01/Apr/2025:18:54:07 -0400] "GET /wp-login.php HTTP/1.1" 200 1740 "-" "Mozilla/5.0 (X11; Linux x86_64) AppleWebKit/537.36 (KHTML, like Gecko) Ubuntu Chromium/36.0.1985.125 Chrome/36.0.1985.125 Safari/537.36"
198.54.114.83 - - [01/Apr/2025:18:54:13 -0400] "POST /wp-cron.php?doing_wp_cron=1743548052.9881539344787597656250 HTTP/1.1" 200 0 "-" "WordPress/6.7.2; https://realjuggahos.com"
198.98.62.50 - - [01/Apr/2025:18:54:07 -0400] "POST /wp-login.php HTTP/1.1" 503 6998 "-" "Mozilla/5.0 (X11; Linux x86_64) AppleWebKit/537.36 (KHTML, like Gecko) Ubuntu Chromium/36.0.1985.125 Chrome/36.0.1985.125 Safari/537.36"
198.54.114.83 - - [01/Apr/2025:18:54:14 -0400] "POST /wp-admin/admin-ajax.php?action=async_litespeed&nonce=SBYQv2u5LvGDuM0SpjqfkZ0hhiMi7Xl0&litespeed_type=imgoptm HTTP/1.1" 200 0 "-" "WordPress/6.7.2; https://realjuggahos.com"
198.98.62.50 - - [01/Apr/2025:18:54:14 -0400] "GET /wp-admin/themes.php HTTP/1.1" 503 6944 "-" "python-requests/2.27.1"
198.98.62.50 - - [01/Apr/2025:18:54:15 -0400] "GET /wp-admin/plugin-install.php?tab=upload HTTP/1.1" 503 6997 "-" "python-requests/2.27.1"
51.222.253.18 - - [01/Apr/2025:18:54:36 -0400] "GET /robots.txt HTTP/1.1" 304 0 "-" "Mozilla/5.0 (compatible; AhrefsBot/7.0; +http://ahrefs.com/robot/)"
47.82.10.117 - - [01/Apr/2025:18:59:47 -0400] "GET /wp-includes/js/dist/script-modules/block-library/navigation/view.min.js HTTP/1.1" 200 1026 "-" "Mozilla/5.0 (Windows NT 10.0; Win64; x64) AppleWebKit/537.36 (KHTML, like Gecko) Chrome/114.0.0.0 Safari/537.36 Edg/114.0.1823.43"
175.37.237.170 - - [01/Apr/2025:19:07:43 -0400] "GET / HTTP/1.1" 200 156172 "-" "Mozilla/5.0 (Windows NT 10.0; Win64; x64) AppleWebKit/537.36 (KHTML, like Gecko) Chrome/110.0.0.0 Safari/537.36"
198.54.114.83 - - [01/Apr/2025:19:07:53 -0400] "POST /wp-cron.php?doing_wp_cron=1743548872.8929529190063476562500 HTTP/1.1" 200 0 "-" "WordPress/6.7.2; https://realjuggahos.com"
147.45.44.162 - - [01/Apr/2025:19:07:46 -0400] "POST /xmlrpc.php HTTP/1.1" 200 643 "-" "Mozilla/5.0 (Macintosh; Intel Mac OS X 10_15_7) AppleWebKit/605.1.15 (KHTML, like Gecko) Version/17.0 Safari/605.1.15"
198.54.114.83 - - [01/Apr/2025:19:07:54 -0400] "POST /wp-admin/admin-ajax.php?action=async_litespeed&nonce=NJ7DC8gpDNfNdyMxHLgK3rDbW7fdUTnF&litespeed_type=imgoptm HTTP/1.1" 200 0 "-" "WordPress/6.7.2; https://realjuggahos.com"
175.32.141.182 - - [01/Apr/2025:19:07:57 -0400] "GET /wp-login.php?wp_lang=en_US HTTP/1.1" 200 1740 "-" "Mozilla/5.0 (Windows NT 10.0; Win64; x64) AppleWebKit/537.36 (KHTML, like Gecko) Chrome/101.0.4951.64 Safari/537.36 Edg/101.0.1210.47"
198.54.114.83 - - [01/Apr/2025:19:08:02 -0400] "POST /wp-cron.php?doing_wp_cron=1743548881.8649580478668212890625 HTTP/1.1" 200 0 "-" "WordPress/6.7.2; https://realjuggahos.com"
115.131.101.128 - - [01/Apr/2025:19:08:01 -0400] "POST /wp-login.php?wp_lang=en_US HTTP/1.1" 200 1866 "-" "Mozilla/5.0 (Windows NT 10.0; Win64; x64) AppleWebKit/537.36 (KHTML, like Gecko) Chrome/101.0.4951.64 Safari/537.36 Edg/101.0.1210.47"
198.54.114.83 - - [01/Apr/2025:19:08:03 -0400] "POST /wp-admin/admin-ajax.php?action=async_litespeed&nonce=YgtHgkpo1DMR8b5yCFlxqP8j6pUQLS0E&litespeed_type=imgoptm HTTP/1.1" 200 0 "-" "WordPress/6.7.2; https://realjuggahos.com"
172.172.5.98 - - [01/Apr/2025:19:14:21 -0400] "GET /wp-admin/network/about.php HTTP/1.1" 302 0 "-" "-"
198.54.114.83 - - [01/Apr/2025:19:14:20 -0400] "POST /wp-admin/admin-ajax.php?action=async_litespeed&nonce=3wjYsSXuWf1ShQatN9QjepkIdF0LP03M&litespeed_type=imgoptm HTTP/1.1" 200 0 "-" "WordPress/6.7.2; https://realjuggahos.com"
172.172.5.98 - - [01/Apr/2025:19:14:21 -0400] "GET /wp-login.php?redirect_to=https%3A%2F%2Fwww.realjuggahos.com%2Fwp-admin%2Fnetwork%2Fabout.php&reauth=1 HTTP/1.1" 200 1747 "-" "-"
185.220.101.7 - - [01/Apr/2025:19:17:57 -0400] "GET /2020/06/28/post-malone-a-juggalo/ HTTP/1.1" 404 1251 "https://www.realjuggahos.com/2020/06/28/post-malone-a-juggalo/" "Mozilla/5.0 (Windows NT 10.0; WOW64) AppleWebKit/537.36 (KHTML, like Gecko) Chrome/103.0.5060.114 Safari/537.36"
185.220.101.7 - - [01/Apr/2025:19:17:59 -0400] "GET / HTTP/1.1" 200 156172 "https://www.realjuggahos.com/" "Mozilla/5.0 (Windows NT 10.0; WOW64) AppleWebKit/537.36 (KHTML, like Gecko) Chrome/103.0.5060.114 Safari/537.36"
185.191.171.3 - - [01/Apr/2025:19:20:14 -0400] "GET /the-healthycircles-medical-home-solution/ HTTP/1.1" 404 1251 "-" "Mozilla/5.0 (compatible; SemrushBot/7~bl; +http://www.semrush.com/bot.html)"
185.191.171.4 - - [01/Apr/2025:19:33:37 -0400] "GET /buy-likes-on-youtube-to-boost-your-videos-visibility-and-credibility/ HTTP/1.1" 404 1251 "-" "Mozilla/5.0 (compatible; SemrushBot/7~bl; +http://www.semrush.com/bot.html)"
34.19.85.195 - - [01/Apr/2025:19:38:29 -0400] "GET /healthy-eating-for-teenagers-how-can-the-kids-eat-healthy/ HTTP/1.1" 404 1251 "-" "Mozilla/5.0 (Macintosh; Intel Mac OS X 10.15; rv:109.0) Gecko/20100101 Firefox/116.0"
149.126.219.70 - - [01/Apr/2025:19:43:12 -0400] "GET /forums/users/marcelocatani5/ HTTP/1.1" 404 1251 "-" "Mozilla/5.0 (Linux x86_64; rv:114.0) Gecko/20100101 Firefox/114.0"
149.126.219.70 - - [01/Apr/2025:19:43:13 -0400] "GET / HTTP/1.1" 200 156172 "-" "Mozilla/5.0 (Linux x86_64; rv:114.0) Gecko/20100101 Firefox/114.0"
149.126.219.70 - - [01/Apr/2025:19:43:16 -0400] "GET /s/ref=nb_sb_noss?url=search-alias%3Dstripbooks&field-keywords= HTTP/1.1" 404 1251 "https://www.realjuggahos.com" "Mozilla/5.0 (Linux x86_64; rv:114.0) Gecko/20100101 Firefox/114.0"
149.126.219.70 - - [01/Apr/2025:19:43:17 -0400] "GET /s/ref=nb_sb_noss?url=search-alias%3Dstripbooks&field-keywords= HTTP/1.1" 404 1251 "https://www.realjuggahos.com" "Mozilla/5.0 (Linux x86_64; rv:114.0) Gecko/20100101 Firefox/114.0"
149.126.219.70 - - [01/Apr/2025:19:43:18 -0400] "GET /s/ref=nb_sb_noss?url=search-alias%3Dstripbooks&field-keywords= HTTP/1.1" 404 1251 "https://www.realjuggahos.com" "Mozilla/5.0 (Linux x86_64; rv:114.0) Gecko/20100101 Firefox/114.0"
149.126.219.70 - - [01/Apr/2025:19:43:18 -0400] "GET /s/ref=nb_sb_noss?url=search-alias%3Dstripbooks&field-keywords= HTTP/1.1" 404 1251 "https://www.realjuggahos.com" "Mozilla/5.0 (Linux x86_64; rv:114.0) Gecko/20100101 Firefox/114.0"
138.201.203.49 - - [01/Apr/2025:19:43:19 -0400] "GET /forums/users/marcelocatani5/ HTTP/1.1" 404 1251 "-" "Mozilla/5.0 (Linux x86_64; rv:114.0) Gecko/20100101 Firefox/114.0"
167.253.67.14 - - [01/Apr/2025:19:44:18 -0400] "GET /forums/users/andersoncapehart/ HTTP/1.1" 404 1251 "-" "Mozilla/5.0 (X11; Linux i686; rv:114.0) Gecko/20100101 Firefox/114.0"
167.253.67.14 - - [01/Apr/2025:19:44:19 -0400] "GET / HTTP/1.1" 200 156172 "-" "Mozilla/5.0 (X11; Linux i686; rv:114.0) Gecko/20100101 Firefox/114.0"
212.102.37.196 - - [01/Apr/2025:19:47:48 -0400] "GET /forums/users/egdrosemarie/ HTTP/1.1" 404 1251 "-" "Mozilla/5.0 (Windows NT 10.0; Win64; x64) AppleWebKit/537.36 (KHTML, like Gecko) Chrome/114.0.0.0 Safari/537.36 Edg/114.0.1264.71"
212.102.37.196 - - [01/Apr/2025:19:47:49 -0400] "GET / HTTP/1.1" 200 156172 "-" "Mozilla/5.0 (Windows NT 10.0; Win64; x64) AppleWebKit/537.36 (KHTML, like Gecko) Chrome/114.0.0.0 Safari/537.36 Edg/114.0.1264.71"
212.102.37.196 - - [01/Apr/2025:19:47:51 -0400] "GET /dp/B0D3RN5W37?ref=MarsFS_VICC_blinksqm HTTP/1.1" 404 1251 "https://www.realjuggahos.com" "Mozilla/5.0 (Windows NT 10.0; Win64; x64) AppleWebKit/537.36 (KHTML, like Gecko) Chrome/114.0.0.0 Safari/537.36 Edg/114.0.1264.71"
212.102.37.196 - - [01/Apr/2025:19:47:52 -0400] "GET / HTTP/1.1" 200 156172 "https://www.realjuggahos.com" "Mozilla/5.0 (Windows NT 10.0; Win64; x64) AppleWebKit/537.36 (KHTML, like Gecko) Chrome/114.0.0.0 Safari/537.36 Edg/114.0.1264.71"
47.128.16.18 - - [01/Apr/2025:19:48:26 -0400] "GET /property-in-austria-guide-to-buying-property-in-austria/ HTTP/1.1" 404 1251 "-" "Mozilla/5.0 (Linux; Android 5.0) AppleWebKit/537.36 (KHTML, like Gecko) Mobile Safari/537.36 (compatible; TikTokSpider; ttspider-feedback@tiktok.com)"
138.201.203.49 - - [01/Apr/2025:19:49:15 -0400] "GET /forums/users/marcelocatani5/ HTTP/1.1" 404 1251 "-" "Mozilla/5.0 (Windows NT 10.0; WOW64) AppleWebKit/537.36 (KHTML, like Gecko) Chrome/114.0.0.0 YaBrowser/22.7.0 Yowser/2.5 Safari/537.36"
185.191.171.9 - - [01/Apr/2025:19:50:10 -0400] "GET /revitalizing-your-home-the-ultimate-guide-to-exterior-house-wash/ HTTP/1.1" 404 1251 "-" "Mozilla/5.0 (compatible; SemrushBot/7~bl; +http://www.semrush.com/bot.html)"
45.84.107.33 - - [01/Apr/2025:19:50:59 -0400] "GET / HTTP/1.1" 200 156172 "https://realjuggahos.com" "Mozilla/5.0 (Windows NT 6.1; WOW64) AppleWebKit/537.36 (KHTML, like Gecko) Chrome/45.0.2454.101 YaBrowser/15.10.2454.3865 Safari/537.36"
154.30.107.212 - - [01/Apr/2025:20:00:18 -0400] "GET /forums/users/marcelocatani5/ HTTP/1.1" 404 1251 "-" "Mozilla/5.0 (Windows NT 10.0; WOW64) AppleWebKit/537.36 (KHTML, like Gecko) Chrome/114.0.0.0 Safari/537.36"
154.30.107.51 - - [01/Apr/2025:20:00:20 -0400] "GET / HTTP/1.1" 200 156172 "-" "Mozilla/5.0 (Windows NT 10.0; WOW64) AppleWebKit/537.36 (KHTML, like Gecko) Chrome/114.0.0.0 Safari/537.36"
154.30.109.107 - - [01/Apr/2025:20:00:32 -0400] "GET /s/ref=nb_sb_noss?url=search-alias%3Dhome-improvement&field-keywords= HTTP/1.1" 404 1251 "https://www.realjuggahos.com" "Mozilla/5.0 (Windows NT 10.0; WOW64) AppleWebKit/537.36 (KHTML, like Gecko) Chrome/114.0.0.0 Safari/537.36"
154.30.107.75 - - [01/Apr/2025:20:00:33 -0400] "GET /s/ref=nb_sb_noss?url=search-alias%3Dhome-improvement&field-keywords= HTTP/1.1" 404 1251 "https://www.realjuggahos.com" "Mozilla/5.0 (Windows NT 10.0; WOW64) AppleWebKit/537.36 (KHTML, like Gecko) Chrome/114.0.0.0 Safari/537.36"
154.30.107.75 - - [01/Apr/2025:20:00:34 -0400] "GET /s/ref=nb_sb_noss?url=search-alias%3Dhome-improvement&field-keywords= HTTP/1.1" 404 1251 "https://www.realjuggahos.com" "Mozilla/5.0 (Windows NT 10.0; WOW64) AppleWebKit/537.36 (KHTML, like Gecko) Chrome/114.0.0.0 Safari/537.36"
154.30.107.75 - - [01/Apr/2025:20:00:35 -0400] "GET /s/ref=nb_sb_noss?url=search-alias%3Dhome-improvement&field-keywords= HTTP/1.1" 404 1251 "https://www.realjuggahos.com" "Mozilla/5.0 (Windows NT 10.0; WOW64) AppleWebKit/537.36 (KHTML, like Gecko) Chrome/114.0.0.0 Safari/537.36"
154.30.107.75 - - [01/Apr/2025:20:00:36 -0400] "GET /forums/users/marcelocatani5/ HTTP/1.1" 404 1251 "-" "Mozilla/5.0 (Windows NT 10.0; WOW64) AppleWebKit/537.36 (KHTML, like Gecko) Chrome/114.0.0.0 Safari/537.36"
34.169.216.138 - - [01/Apr/2025:20:02:39 -0400] "GET /treating-anxiety-with-drugs/ HTTP/1.1" 404 1251 "-" "Mozilla/5.0 (Macintosh; Intel Mac OS X 10_15_7) AppleWebKit/605.1.15 (KHTML, like Gecko) Version/17.0 Safari/605.1.15"
34.169.175.120 - - [01/Apr/2025:20:08:55 -0400] "GET /shine-bright-how-to-clean-your-silver-necklace/ HTTP/1.1" 404 1251 "-" "Mozilla/5.0 (Macintosh; Intel Mac OS X 10.15; rv:109.0) Gecko/20100101 Firefox/116.0"
34.169.175.120 - - [01/Apr/2025:20:09:13 -0400] "GET /bad-dad-jokes/ HTTP/1.1" 404 1251 "-" "Mozilla/5.0 (Macintosh; Intel Mac OS X 10.15; rv:109.0) Gecko/20100101 Firefox/116.0"
45.61.184.34 - - [01/Apr/2025:20:10:13 -0400] "GET /wp-login.php HTTP/1.1" 200 1740 "-" "Mozilla/5.0 (iPhone; CPU iPhone OS 7_1_1 like Mac OS X) AppleWebKit/537.51.2 (KHTML, like Gecko) Version/7.0 Mobile/11D201 Safari/9537.53"
198.54.114.83 - - [01/Apr/2025:20:10:22 -0400] "POST /wp-cron.php?doing_wp_cron=1743552621.4686100482940673828125 HTTP/1.1" 200 0 "-" "WordPress/6.7.2; https://realjuggahos.com"
45.61.184.34 - - [01/Apr/2025:20:10:13 -0400] "POST /wp-login.php HTTP/1.1" 503 6994 "-" "Mozilla/5.0 (iPhone; CPU iPhone OS 7_1_1 like Mac OS X) AppleWebKit/537.51.2 (KHTML, like Gecko) Version/7.0 Mobile/11D201 Safari/9537.53"
198.54.114.83 - - [01/Apr/2025:20:10:24 -0400] "POST /wp-admin/admin-ajax.php?action=async_litespeed&nonce=6FWfXKjgi8xeVe9UjWvuoIzEk8JbzRnu&litespeed_type=imgoptm HTTP/1.1" 200 0 "-" "WordPress/6.7.2; https://realjuggahos.com"
45.61.184.34 - - [01/Apr/2025:20:10:24 -0400] "GET /wp-admin/themes.php HTTP/1.1" 503 6942 "-" "python-requests/2.27.1"
45.61.184.34 - - [01/Apr/2025:20:10:25 -0400] "GET /wp-admin/plugin-install.php?tab=upload HTTP/1.1" 503 6942 "-" "python-requests/2.27.1"
51.222.253.19 - - [01/Apr/2025:20:16:44 -0400] "GET /maximizing-opportunities-the-power-of-part-time-employment/feed/ HTTP/1.1" 404 1251 "-" "Mozilla/5.0 (compatible; AhrefsBot/7.0; +http://ahrefs.com/robot/)"
66.249.66.168 - - [01/Apr/2025:20:17:09 -0400] "GET /custom-sports-team-socks/ HTTP/1.1" 404 1251 "-" "Mozilla/5.0 (Linux; Android 6.0.1; Nexus 5X Build/MMB29P) AppleWebKit/537.36 (KHTML, like Gecko) Chrome/134.0.6998.165 Mobile Safari/537.36 (compatible; Googlebot/2.1; +http://www.google.com/bot.html)"
85.208.96.198 - - [01/Apr/2025:20:19:42 -0400] "GET /wellness-and-wellness-in-lake-garda/ HTTP/1.1" 404 1251 "-" "Mozilla/5.0 (compatible; SemrushBot/7~bl; +http://www.semrush.com/bot.html)"
192.42.116.211 - - [01/Apr/2025:20:19:51 -0400] "GET / HTTP/1.1" 200 156172 "https://realjuggahos.com" "Mozilla/5.0 (Windows NT 6.1; WOW64) AppleWebKit/537.36 (KHTML, like Gecko) Chrome/42.0.2311.152 Safari/537.36"
47.128.96.157 - - [01/Apr/2025:20:23:58 -0400] "GET /the-best-soccer-grip-socks-2/ HTTP/1.1" 404 1251 "-" "Mozilla/5.0 (Linux; Android 5.0) AppleWebKit/537.36 (KHTML, like Gecko) Mobile Safari/537.36 (compatible; TikTokSpider; ttspider-feedback@tiktok.com)"
85.208.96.212 - - [01/Apr/2025:20:26:53 -0400] "GET /verleihen-sie-ihrem-zuhause-mit-wandleuchten-einen-hauch-von-luxus/ HTTP/1.1" 404 1251 "-" "Mozilla/5.0 (compatible; SemrushBot/7~bl; +http://www.semrush.com/bot.html)"
191.96.252.107 - - [01/Apr/2025:20:29:02 -0400] "GET /forums/users/andersoncapehart/ HTTP/1.1" 404 1251 "-" "Mozilla/5.0 (Windows NT 10.0; WOW64) AppleWebKit/537.36 (KHTML, like Gecko) Chrome/114.0.0.0 YaBrowser/22.7.0 Yowser/2.5 Safari/537.36"
191.96.252.107 - - [01/Apr/2025:20:29:03 -0400] "GET / HTTP/1.1" 200 156172 "-" "Mozilla/5.0 (Windows NT 10.0; WOW64) AppleWebKit/537.36 (KHTML, like Gecko) Chrome/114.0.0.0 YaBrowser/22.7.0 Yowser/2.5 Safari/537.36"
154.22.0.195 - - [01/Apr/2025:20:29:31 -0400] "GET /forums/users/egdrosemarie/ HTTP/1.1" 404 1251 "-" "Mozilla/5.0 (Linux x86_64; rv:114.0) Gecko/20100101 Firefox/114.0"
154.22.0.195 - - [01/Apr/2025:20:29:31 -0400] "GET / HTTP/1.1" 200 156172 "-" "Mozilla/5.0 (Linux x86_64; rv:114.0) Gecko/20100101 Firefox/114.0"
191.96.103.17 - - [01/Apr/2025:20:29:38 -0400] "GET /s/ref=nb_sb_noss?url=search-alias%3Dluxury-beauty&field-keywords= HTTP/1.1" 404 1251 "https://www.realjuggahos.com" "Mozilla/5.0 (Linux x86_64; rv:114.0) Gecko/20100101 Firefox/114.0"
166.88.172.46 - - [01/Apr/2025:20:29:39 -0400] "GET /s/ref=nb_sb_noss?url=search-alias%3Dluxury-beauty&field-keywords= HTTP/1.1" 404 1251 "https://www.realjuggahos.com" "Mozilla/5.0 (Linux x86_64; rv:114.0) Gecko/20100101 Firefox/114.0"
191.96.67.210 - - [01/Apr/2025:20:29:41 -0400] "GET /s/ref=nb_sb_noss?url=search-alias%3Dluxury-beauty&field-keywords= HTTP/1.1" 404 1251 "https://www.realjuggahos.com" "Mozilla/5.0 (Linux x86_64; rv:114.0) Gecko/20100101 Firefox/114.0"
154.16.105.77 - - [01/Apr/2025:20:29:42 -0400] "GET /forums/users/egdrosemarie/ HTTP/1.1" 404 1251 "-" "Mozilla/5.0 (Linux x86_64; rv:114.0) Gecko/20100101 Firefox/114.0"
17.241.75.174 - - [01/Apr/2025:20:34:17 -0400] "GET /buy-eneba-gift-card/ HTTP/1.1" 404 1251 "-" "Mozilla/5.0 (Macintosh; Intel Mac OS X 10_15_7) AppleWebKit/605.1.15 (KHTML, like Gecko) Version/17.4 Safari/605.1.15 (Applebot/0.1; +http://www.apple.com/go/applebot)"
195.191.219.132 - - [01/Apr/2025:20:35:14 -0400] "GET /robots.txt HTTP/1.1" 304 0 "-" "Mozilla/5.0 (compatible; MJ12bot/v2.0.0; http://mj12bot.com/)"
195.191.219.132 - - [01/Apr/2025:20:35:15 -0400] "GET / HTTP/1.1" 200 156172 "-" "Mozilla/5.0 (compatible; MJ12bot/v2.0.0; http://mj12bot.com/)"
143.244.48.13 - - [01/Apr/2025:20:35:29 -0400] "GET /forums/users/egdrosemarie/ HTTP/1.1" 404 1251 "-" "Mozilla/5.0 (Windows NT 10.0; WOW64) AppleWebKit/537.36 (KHTML, like Gecko) Chrome/114.0.0.0 YaBrowser/22.7.0 Yowser/2.5 Safari/537.36"
13.229.78.155 - - [01/Apr/2025:20:38:20 -0400] "GET /wp-admin/ HTTP/1.1" 302 0 "-" "Mozilla/5.0 (X11; Linux x86_64; rv:52.0) Gecko/20100101 Firefox/52.0"
198.54.114.83 - - [01/Apr/2025:20:38:22 -0400] "POST /wp-admin/admin-ajax.php?action=async_litespeed&nonce=fjVMGNJXXiwjueOamoGhG8MQDs52wzzt&litespeed_type=imgoptm HTTP/1.1" 200 0 "-" "WordPress/6.7.2; https://realjuggahos.com"
13.229.78.155 - - [01/Apr/2025:20:38:22 -0400] "GET /wp-login.php?redirect_to=https%3A%2F%2Frealjuggahos.com%2Fwp-admin%2F&reauth=1 HTTP/1.1" 200 1740 "-" "Mozilla/5.0 (X11; Linux x86_64; rv:52.0) Gecko/20100101 Firefox/52.0"
85.208.96.211 - - [01/Apr/2025:20:39:26 -0400] "GET /so-reinigen-sie-kupfer/ HTTP/1.1" 404 1251 "-" "Mozilla/5.0 (compatible; SemrushBot/7~bl; +http://www.semrush.com/bot.html)"
198.54.114.83 - - [01/Apr/2025:20:40:19 -0400] "POST /wp-cron.php?doing_wp_cron=1743554419.4112288951873779296875 HTTP/1.1" 200 0 "-" "WordPress/6.7.2; https://realjuggahos.com"
193.32.126.218 - - [01/Apr/2025:20:40:14 -0400] "POST /wp-login.php HTTP/1.1" 200 1873 "https://realjuggahos.com/wp-admin/" "Mozilla/5.0 (Windows NT 10.0; Win64; x64) AppleWebKit/537.36 (KHTML, like Gecko) Chrome/90.0.4430.85 Safari/537.36"
185.220.101.38 - - [01/Apr/2025:20:40:21 -0400] "GET / HTTP/1.1" 200 156172 "https://realjuggahos.com" "Mozilla/5.0 (X11; Linux x86_64; rv:60.0) Gecko/20100101 Firefox/60.0.1"
198.54.114.83 - - [01/Apr/2025:20:40:21 -0400] "POST /wp-admin/admin-ajax.php?action=async_litespeed&nonce=kKM8h0kYbyjTV4Td9GskZblxyuuobecj&litespeed_type=imgoptm HTTP/1.1" 200 0 "-" "WordPress/6.7.2; https://realjuggahos.com"
193.32.126.218 - - [01/Apr/2025:20:40:21 -0400] "GET /wp-admin/ HTTP/1.1" 302 0 "www.google.com" "Mozilla/5.0 (Windows NT 10.0; Win64; x64) AppleWebKit/537.36 (KHTML, like Gecko) Chrome/90.0.4430.85 Safari/537.36"
193.32.126.218 - - [01/Apr/2025:20:40:22 -0400] "GET /wp-login.php?redirect_to=https%3A%2F%2Frealjuggahos.com%2Fwp-admin%2F&reauth=1 HTTP/1.1" 200 1740 "www.google.com" "Mozilla/5.0 (Windows NT 10.0; Win64; x64) AppleWebKit/537.36 (KHTML, like Gecko) Chrome/90.0.4430.85 Safari/537.36"
85.208.96.205 - - [01/Apr/2025:20:40:31 -0400] "GET /blue-topaz-ring/ HTTP/1.1" 404 1251 "-" "Mozilla/5.0 (compatible; SemrushBot/7~bl; +http://www.semrush.com/bot.html)"
34.169.175.120 - - [01/Apr/2025:20:42:05 -0400] "GET /iced-coffee-cups-with-lids/ HTTP/1.1" 404 1251 "-" "Mozilla/5.0 (Windows NT 10.0; Win64; x64) AppleWebKit/537.36 (KHTML, like Gecko) Chrome/123.0.0.0 Safari/537.36"
34.169.175.120 - - [01/Apr/2025:20:42:06 -0400] "GET /leather-know-before-you-buy/ HTTP/1.1" 404 1251 "-" "Mozilla/5.0 (Macintosh; Intel Mac OS X 10.15; rv:109.0) Gecko/20100101 Firefox/116.0"
85.208.96.202 - - [01/Apr/2025:20:44:49 -0400] "GET /how-to-choose-the-best-car-dealership-hamilton/ HTTP/1.1" 404 1251 "-" "Mozilla/5.0 (compatible; SemrushBot/7~bl; +http://www.semrush.com/bot.html)"
185.191.171.5 - - [01/Apr/2025:20:47:47 -0400] "GET /brillanz-freisetzen-die-magie-von-silber-reinigungsbad/ HTTP/1.1" 404 1251 "-" "Mozilla/5.0 (compatible; SemrushBot/7~bl; +http://www.semrush.com/bot.html)"
85.208.96.194 - - [01/Apr/2025:20:48:41 -0400] "GET /how-to-become-an-electrician-2/ HTTP/1.1" 404 1251 "-" "Mozilla/5.0 (compatible; SemrushBot/7~bl; +http://www.semrush.com/bot.html)"
185.191.171.5 - - [01/Apr/2025:20:49:09 -0400] "GET /get-the-latest-pair-of-women-socks/ HTTP/1.1" 404 1251 "-" "Mozilla/5.0 (compatible; SemrushBot/7~bl; +http://www.semrush.com/bot.html)"
185.191.171.2 - - [01/Apr/2025:20:53:53 -0400] "GET /robots.txt HTTP/1.1" 304 0 "-" "Mozilla/5.0 (compatible; SemrushBot/7~bl; +http://www.semrush.com/bot.html)"
85.208.96.193 - - [01/Apr/2025:20:53:54 -0400] "GET /best-auto-accident-dwi-lawyer-in-nassau-county/ HTTP/1.1" 404 1251 "-" "Mozilla/5.0 (compatible; SemrushBot/7~bl; +http://www.semrush.com/bot.html)"
2400:9800:371:a9e5:55c7:e9ee:92fb:28ac - - [01/Apr/2025:20:58:47 -0400] "POST /wp-login.php HTTP/1.1" 503 6994 "https://realjuggahos.com/wp-admin/" "Mozilla/5.0 (Windows NT 10.0; Win64; x64) AppleWebKit/537.36 (KHTML, like Gecko) Chrome/90.0.4430.85 Safari/537.36"
198.54.114.83 - - [01/Apr/2025:20:58:58 -0400] "POST /wp-cron.php?doing_wp_cron=1743555535.4788320064544677734375 HTTP/1.1" 200 0 "-" "WordPress/6.7.2; https://realjuggahos.com"
198.54.114.83 - - [01/Apr/2025:20:58:59 -0400] "POST /wp-admin/admin-ajax.php?action=async_litespeed&nonce=jasdDDJK4x0AjnkpsCkFdT3S048DS9mr&litespeed_type=imgoptm HTTP/1.1" 200 0 "-" "WordPress/6.7.2; https://realjuggahos.com"
2400:9800:371:a9e5:55c7:e9ee:92fb:28ac - - [01/Apr/2025:20:58:59 -0400] "GET /wp-admin/ HTTP/1.1" 503 6994 "www.google.com" "Mozilla/5.0 (Windows NT 10.0; Win64; x64) AppleWebKit/537.36 (KHTML, like Gecko) Chrome/90.0.4430.85 Safari/537.36"
79.127.187.235 - - [01/Apr/2025:21:01:12 -0400] "GET /wp-login.php HTTP/1.1" 200 1740 "-" "Mozilla/5.0 (Windows NT 10.0; Win64; x64) AppleWebKit/537.36 (KHTML, like Gecko) HeadlessChrome/131.0.6778.33 Safari/537.36"
79.127.187.235 - - [01/Apr/2025:21:01:13 -0400] "GET /wp-includes/js/dist/i18n.min.js?ver=5e580eb46a90c2b997e6 HTTP/1.1" 304 0 "https://realjuggahos.com/wp-login.php" "Mozilla/5.0 (Windows NT 10.0; Win64; x64) AppleWebKit/537.36 (KHTML, like Gecko) HeadlessChrome/131.0.6778.33 Safari/537.36"
79.127.187.235 - - [01/Apr/2025:21:01:13 -0400] "GET /wp-admin/js/password-strength-meter.min.js?ver=6.7.2 HTTP/1.1" 200 558 "https://realjuggahos.com/wp-login.php" "Mozilla/5.0 (Windows NT 10.0; Win64; x64) AppleWebKit/537.36 (KHTML, like Gecko) HeadlessChrome/131.0.6778.33 Safari/537.36"
79.127.187.235 - - [01/Apr/2025:21:01:13 -0400] "GET /wp-includes/js/dist/dom-ready.min.js?ver=f77871ff7694fffea381 HTTP/1.1" 304 0 "https://realjuggahos.com/wp-login.php" "Mozilla/5.0 (Windows NT 10.0; Win64; x64) AppleWebKit/537.36 (KHTML, like Gecko) HeadlessChrome/131.0.6778.33 Safari/537.36"
79.127.187.235 - - [01/Apr/2025:21:01:13 -0400] "GET /wp-includes/js/underscore.min.js?ver=1.13.7 HTTP/1.1" 304 0 "https://realjuggahos.com/wp-login.php" "Mozilla/5.0 (Windows NT 10.0; Win64; x64) AppleWebKit/537.36 (KHTML, like Gecko) HeadlessChrome/131.0.6778.33 Safari/537.36"
79.127.187.235 - - [01/Apr/2025:21:01:13 -0400] "GET /wp-admin/js/user-profile.min.js?ver=6.7.2 HTTP/1.1" 304 0 "https://realjuggahos.com/wp-login.php" "Mozilla/5.0 (Windows NT 10.0; Win64; x64) AppleWebKit/537.36 (KHTML, like Gecko) HeadlessChrome/131.0.6778.33 Safari/537.36"
79.127.187.235 - - [01/Apr/2025:21:01:13 -0400] "GET /wp-includes/js/wp-util.min.js?ver=6.7.2 HTTP/1.1" 304 0 "https://realjuggahos.com/wp-login.php" "Mozilla/5.0 (Windows NT 10.0; Win64; x64) AppleWebKit/537.36 (KHTML, like Gecko) HeadlessChrome/131.0.6778.33 Safari/537.36"
79.127.187.235 - - [01/Apr/2025:21:01:13 -0400] "GET /?wordfence_syncAttackData=1743321307.1206 HTTP/1.1" 200 156172 "https://realjuggahos.com/wp-login.php" "Mozilla/5.0 (Windows NT 10.0; Win64; x64) AppleWebKit/537.36 (KHTML, like Gecko) HeadlessChrome/131.0.6778.33 Safari/537.36"
79.127.187.235 - - [01/Apr/2025:21:01:13 -0400] "GET /wp-includes/js/dist/a11y.min.js?ver=3156534cc54473497e14 HTTP/1.1" 200 827 "https://realjuggahos.com/wp-login.php" "Mozilla/5.0 (Windows NT 10.0; Win64; x64) AppleWebKit/537.36 (KHTML, like Gecko) HeadlessChrome/131.0.6778.33 Safari/537.36"
79.127.187.235 - - [01/Apr/2025:21:01:13 -0400] "GET /wp-admin/load-scripts.php?c=1&load%5Bchunk_0%5D=clipboard,jquery-core,jquery-migrate,zxcvbn-async,wp-hooks&ver=6.7.2 HTTP/1.1" 200 39869 "https://realjuggahos.com/wp-login.php" "Mozilla/5.0 (Windows NT 10.0; Win64; x64) AppleWebKit/537.36 (KHTML, like Gecko) HeadlessChrome/131.0.6778.33 Safari/537.36"
79.127.187.235 - - [01/Apr/2025:21:01:13 -0400] "GET /wp-admin/load-styles.php?c=1&dir=ltr&load%5Bchunk_0%5D=dashicons,buttons,forms,l10n,login&ver=6.7.2 HTTP/1.1" 200 45467 "https://realjuggahos.com/wp-login.php" "Mozilla/5.0 (Windows NT 10.0; Win64; x64) AppleWebKit/537.36 (KHTML, like Gecko) HeadlessChrome/131.0.6778.33 Safari/537.36"
79.127.187.235 - - [01/Apr/2025:21:01:15 -0400] "GET /wp-admin/images/wordpress-logo.svg?ver=20131107 HTTP/1.1" 304 0 "https://realjuggahos.com/wp-admin/load-styles.php?c=1&dir=ltr&load%5Bchunk_0%5D=dashicons,buttons,forms,l10n,login&ver=6.7.2" "Mozilla/5.0 (Windows NT 10.0; Win64; x64) AppleWebKit/537.36 (KHTML, like Gecko) HeadlessChrome/131.0.6778.33 Safari/537.36"
79.127.187.235 - - [01/Apr/2025:21:01:17 -0400] "GET /wp-includes/js/zxcvbn.min.js HTTP/1.1" 200 389493 "https://realjuggahos.com/wp-login.php" "Mozilla/5.0 (Windows NT 10.0; Win64; x64) AppleWebKit/537.36 (KHTML, like Gecko) HeadlessChrome/131.0.6778.33 Safari/537.36"
198.54.114.83 - - [01/Apr/2025:21:01:23 -0400] "POST /wp-cron.php?doing_wp_cron=1743555683.4671940803527832031250 HTTP/1.1" 200 0 "-" "WordPress/6.7.2; https://realjuggahos.com"
79.127.187.235 - - [01/Apr/2025:21:01:19 -0400] "POST /wp-login.php HTTP/1.1" 503 6994 "https://realjuggahos.com/wp-login.php" "Mozilla/5.0 (Windows NT 10.0; Win64; x64) AppleWebKit/537.36 (KHTML, like Gecko) HeadlessChrome/131.0.6778.33 Safari/537.36"
198.54.114.83 - - [01/Apr/2025:21:01:25 -0400] "POST /wp-admin/admin-ajax.php?action=async_litespeed&nonce=jWkcvofX9avYXDz6jexJIbNgi12wgqEi&litespeed_type=imgoptm HTTP/1.1" 200 5 "-" "WordPress/6.7.2; https://realjuggahos.com"
185.191.171.15 - - [01/Apr/2025:21:04:48 -0400] "GET /choosing-the-right-caregiver/ HTTP/1.1" 404 1251 "-" "Mozilla/5.0 (compatible; SemrushBot/7~bl; +http://www.semrush.com/bot.html)"
3.141.190.171 - - [01/Apr/2025:21:27:48 -0400] "GET /robots.txt HTTP/1.1" 304 0 "-" "Mozilla/5.0 AppleWebKit/537.36 (KHTML, like Gecko; compatible; ClaudeBot/1.0; +claudebot@anthropic.com)"
3.141.190.171 - - [01/Apr/2025:21:27:49 -0400] "GET /how-to-choose-the-right-design-for-visitenkarten HTTP/1.1" 404 1251 "-" "Mozilla/5.0 AppleWebKit/537.36 (KHTML, like Gecko; compatible; ClaudeBot/1.0; +claudebot@anthropic.com)"
34.145.20.211 - - [01/Apr/2025:21:28:55 -0400] "GET /how-to-design-an-outdoor-led-display/ HTTP/1.1" 404 1251 "-" "Mozilla/5.0 (Windows NT 10.0; Win64; x64) AppleWebKit/537.36 (KHTML, like Gecko) Chrome/123.0.0.0 Safari/537.36"
34.169.31.233 - - [01/Apr/2025:21:33:18 -0400] "GET /leather-know-before-you-buy/ HTTP/1.1" 404 1251 "-" "Mozilla/5.0 (Windows NT 10.0; Win64; x64) AppleWebKit/537.36 (KHTML, like Gecko) Chrome/123.0.0.0 Safari/537.36"
34.169.31.233 - - [01/Apr/2025:21:33:19 -0400] "GET /iced-coffee-cups-with-lids/ HTTP/1.1" 404 1251 "-" "Mozilla/5.0 (Macintosh; Intel Mac OS X 10.15; rv:109.0) Gecko/20100101 Firefox/116.0"
34.169.175.120 - - [01/Apr/2025:21:36:12 -0400] "GET /the-ozark-trail/ HTTP/1.1" 404 1251 "-" "Mozilla/5.0 (Macintosh; Intel Mac OS X 10_15_7) AppleWebKit/605.1.15 (KHTML, like Gecko) Version/17.0 Safari/605.1.15"
85.208.96.204 - - [01/Apr/2025:21:37:28 -0400] "GET /breast-augmentation/ HTTP/1.1" 404 1251 "-" "Mozilla/5.0 (compatible; SemrushBot/7~bl; +http://www.semrush.com/bot.html)"
85.208.96.201 - - [01/Apr/2025:21:41:09 -0400] "GET /divorce-lawyer-in-haifa/ HTTP/1.1" 404 1251 "-" "Mozilla/5.0 (compatible; SemrushBot/7~bl; +http://www.semrush.com/bot.html)"
34.169.216.138 - - [01/Apr/2025:21:45:38 -0400] "GET /roller-window-shutters-can-help-to-protect-your-home-from-bushfires/ HTTP/1.1" 404 1251 "-" "Mozilla/5.0 (Macintosh; Intel Mac OS X 10_15_7) AppleWebKit/605.1.15 (KHTML, like Gecko) Version/17.0 Safari/605.1.15"
85.208.96.211 - - [01/Apr/2025:21:45:42 -0400] "GET /how-to-become-an-electrician/ HTTP/1.1" 404 1251 "-" "Mozilla/5.0 (compatible; SemrushBot/7~bl; +http://www.semrush.com/bot.html)"
157.55.39.58 - - [01/Apr/2025:21:48:09 -0400] "GET /the-perils-of-buying-1000-tiktok-followers/ HTTP/1.1" 404 1251 "-" "Mozilla/5.0 AppleWebKit/537.36 (KHTML, like Gecko; compatible; bingbot/2.0; +http://www.bing.com/bingbot.htm) Chrome/116.0.1938.76 Safari/537.36"
212.102.37.196 - - [01/Apr/2025:21:48:52 -0400] "GET /forums/users/egdrosemarie/ HTTP/1.1" 404 1251 "-" "Mozilla/5.0 (X11; Ubuntu; Linux x86_64; rv:114.0) Gecko/20100101 Firefox/114.0"
212.102.37.196 - - [01/Apr/2025:21:48:53 -0400] "GET / HTTP/1.1" 200 156172 "-" "Mozilla/5.0 (X11; Ubuntu; Linux x86_64; rv:114.0) Gecko/20100101 Firefox/114.0"
212.102.37.196 - - [01/Apr/2025:21:48:56 -0400] "GET /dp/B0D3RN5W37?ref=MarsFS_VICC_blinksqm HTTP/1.1" 404 1251 "https://www.realjuggahos.com" "Mozilla/5.0 (X11; Ubuntu; Linux x86_64; rv:114.0) Gecko/20100101 Firefox/114.0"
212.102.37.196 - - [01/Apr/2025:21:48:57 -0400] "GET / HTTP/1.1" 200 156172 "https://www.realjuggahos.com" "Mozilla/5.0 (X11; Ubuntu; Linux x86_64; rv:114.0) Gecko/20100101 Firefox/114.0"
34.145.20.211 - - [01/Apr/2025:21:58:56 -0400] "GET /the-ozark-trail/ HTTP/1.1" 404 1251 "-" "Mozilla/5.0 (Windows NT 10.0; Win64; x64) AppleWebKit/537.36 (KHTML, like Gecko) Chrome/123.0.0.0 Safari/537.36"
194.99.24.94 - - [01/Apr/2025:22:02:07 -0400] "GET /forums/users/roryshockey6/ HTTP/1.1" 404 1251 "-" "Mozilla/5.0 (X11; Ubuntu; Linux x86_64; rv:114.0) Gecko/20100101 Firefox/114.0"
194.99.24.94 - - [01/Apr/2025:22:02:08 -0400] "GET / HTTP/1.1" 200 156172 "-" "Mozilla/5.0 (X11; Ubuntu; Linux x86_64; rv:114.0) Gecko/20100101 Firefox/114.0"
194.99.24.94 - - [01/Apr/2025:22:02:10 -0400] "GET /dp/B0D3RN5W37?ref=MarsFS_VICC_blinksqm HTTP/1.1" 404 1251 "https://www.realjuggahos.com" "Mozilla/5.0 (X11; Ubuntu; Linux x86_64; rv:114.0) Gecko/20100101 Firefox/114.0"
194.99.24.94 - - [01/Apr/2025:22:02:11 -0400] "GET / HTTP/1.1" 200 156172 "https://www.realjuggahos.com" "Mozilla/5.0 (X11; Ubuntu; Linux x86_64; rv:114.0) Gecko/20100101 Firefox/114.0"
139.59.100.51 - - [01/Apr/2025:22:11:26 -0400] "GET /wp-content/plugins/WordPressCore/include.php HTTP/1.1" 404 1251 "-" "Mozlila/5.0 (Linux; Android 7.0; SM-G892A Build/NRD90M; wv) AppleWebKit/537.36 (KHTML, like Gecko) Version/4.0 Chrome/60.0.3112.107 Mobile Safari/537.36"
139.59.100.51 - - [01/Apr/2025:22:11:27 -0400] "GET /wp-content/plugins/WordPressCore/include.php HTTP/1.1" 404 1251 "-" "Mozlila/5.0 (Linux; Android 7.0; SM-G892A Build/NRD90M; wv) AppleWebKit/537.36 (KHTML, like Gecko) Version/4.0 Chrome/60.0.3112.107 Mobile Safari/537.36"
139.59.100.51 - - [01/Apr/2025:22:11:40 -0400] "GET /wp-content/themes/include.php HTTP/1.1" 404 1251 "-" "Mozlila/5.0 (Linux; Android 7.0; SM-G892A Build/NRD90M; wv) AppleWebKit/537.36 (KHTML, like Gecko) Version/4.0 Chrome/60.0.3112.107 Mobile Safari/537.36"
139.59.100.51 - - [01/Apr/2025:22:11:41 -0400] "GET /wp-content/themes/include.php HTTP/1.1" 404 1251 "-" "Mozlila/5.0 (Linux; Android 7.0; SM-G892A Build/NRD90M; wv) AppleWebKit/537.36 (KHTML, like Gecko) Version/4.0 Chrome/60.0.3112.107 Mobile Safari/537.36"
139.59.100.51 - - [01/Apr/2025:22:14:03 -0400] "GET /wp-content/plugins/include.php HTTP/1.1" 404 1251 "-" "Mozlila/5.0 (Linux; Android 7.0; SM-G892A Build/NRD90M; wv) AppleWebKit/537.36 (KHTML, like Gecko) Version/4.0 Chrome/60.0.3112.107 Mobile Safari/537.36"
139.59.100.51 - - [01/Apr/2025:22:14:05 -0400] "GET /wp-content/plugins/include.php HTTP/1.1" 404 1251 "-" "Mozlila/5.0 (Linux; Android 7.0; SM-G892A Build/NRD90M; wv) AppleWebKit/537.36 (KHTML, like Gecko) Version/4.0 Chrome/60.0.3112.107 Mobile Safari/537.36"
4.227.36.89 - - [01/Apr/2025:22:14:21 -0400] "GET /robots.txt HTTP/1.1" 200 23 "-" "Mozilla/5.0 AppleWebKit/537.36 (KHTML, like Gecko; compatible; GPTBot/1.2; +https://openai.com/gptbot)"
139.59.100.51 - - [01/Apr/2025:22:14:30 -0400] "GET /wp-content/plugins/core-plugin/include.php HTTP/1.1" 404 1251 "-" "Mozlila/5.0 (Linux; Android 7.0; SM-G892A Build/NRD90M; wv) AppleWebKit/537.36 (KHTML, like Gecko) Version/4.0 Chrome/60.0.3112.107 Mobile Safari/537.36"
139.59.100.51 - - [01/Apr/2025:22:14:30 -0400] "GET /wp-content/plugins/core-plugin/include.php HTTP/1.1" 404 1251 "-" "Mozlila/5.0 (Linux; Android 7.0; SM-G892A Build/NRD90M; wv) AppleWebKit/537.36 (KHTML, like Gecko) Version/4.0 Chrome/60.0.3112.107 Mobile Safari/537.36"
139.59.100.51 - - [01/Apr/2025:22:14:37 -0400] "GET /wp-includes/images/include.php HTTP/1.1" 404 1251 "-" "Mozlila/5.0 (Linux; Android 7.0; SM-G892A Build/NRD90M; wv) AppleWebKit/537.36 (KHTML, like Gecko) Version/4.0 Chrome/60.0.3112.107 Mobile Safari/537.36"
139.59.100.51 - - [01/Apr/2025:22:14:38 -0400] "GET /wp-includes/images/include.php HTTP/1.1" 404 1251 "-" "Mozlila/5.0 (Linux; Android 7.0; SM-G892A Build/NRD90M; wv) AppleWebKit/537.36 (KHTML, like Gecko) Version/4.0 Chrome/60.0.3112.107 Mobile Safari/537.36"
66.249.66.168 - - [01/Apr/2025:22:15:09 -0400] "GET /scopri-il-paradiso-resort-sul-lago-di-garda/ HTTP/1.1" 404 1251 "-" "Mozilla/5.0 (Linux; Android 6.0.1; Nexus 5X Build/MMB29P) AppleWebKit/537.36 (KHTML, like Gecko) Chrome/134.0.6998.165 Mobile Safari/537.36 (compatible; Googlebot/2.1; +http://www.google.com/bot.html)"
139.59.100.51 - - [01/Apr/2025:22:16:43 -0400] "GET /wp-includes/widgets/include.php HTTP/1.1" 404 1251 "-" "Mozlila/5.0 (Linux; Android 7.0; SM-G892A Build/NRD90M; wv) AppleWebKit/537.36 (KHTML, like Gecko) Version/4.0 Chrome/60.0.3112.107 Mobile Safari/537.36"
139.59.100.51 - - [01/Apr/2025:22:16:44 -0400] "GET /wp-includes/widgets/include.php HTTP/1.1" 404 1251 "-" "Mozlila/5.0 (Linux; Android 7.0; SM-G892A Build/NRD90M; wv) AppleWebKit/537.36 (KHTML, like Gecko) Version/4.0 Chrome/60.0.3112.107 Mobile Safari/537.36"
51.222.253.11 - - [01/Apr/2025:22:18:16 -0400] "GET /forums/users/alyssacope605/ HTTP/1.1" 404 1251 "-" "Mozilla/5.0 (compatible; AhrefsBot/7.0; +http://ahrefs.com/robot/)"
58.254.68.93 - - [01/Apr/2025:22:25:10 -0400] "GET /non-conducting-thermal-paste/ HTTP/1.1" 404 1251 "https://realjuggahos.com" "Mozilla/5.0 (Windows NT 10.0; Win64; x64) AppleWebKit/537.36 (KHTML, like Gecko) Chrome/62.0.3202.94 Safari/537.36"
85.208.96.211 - - [01/Apr/2025:22:30:22 -0400] "GET /why-choose-apartments-in-federal-way-over-single-unit-homes/ HTTP/1.1" 404 1251 "-" "Mozilla/5.0 (compatible; SemrushBot/7~bl; +http://www.semrush.com/bot.html)"
13.229.78.155 - - [01/Apr/2025:22:31:47 -0400] "GET / HTTP/1.1" 200 156172 "-" "Mozilla/5.0 (Windows NT 10.0; Win64; x64; rv:122.0) Gecko/20100101 Firefox/122.0"
198.54.114.83 - - [01/Apr/2025:22:31:54 -0400] "POST /wp-cron.php?doing_wp_cron=1743561114.5017569065093994140625 HTTP/1.1" 200 0 "-" "WordPress/6.7.2; https://realjuggahos.com"
13.229.78.155 - - [01/Apr/2025:22:31:49 -0400] "GET /xmlrpc.php HTTP/1.1" 405 46 "-" "Mozilla/5.0 (Windows NT 10.0; Win64; x64; rv:122.0) Gecko/20100101 Firefox/122.0"
13.229.78.155 - - [01/Apr/2025:22:31:55 -0400] "GET /wp-json/wp/v2/users HTTP/1.1" 404 1251 "-" "Mozilla/5.0 (Windows NT 10.0; Win64; x64; rv:122.0) Gecko/20100101 Firefox/122.0"
198.54.114.83 - - [01/Apr/2025:22:31:55 -0400] "POST /wp-admin/admin-ajax.php?action=async_litespeed&nonce=4xMiw7M2XO1W0hKqUYyYNUsO7jyKcxXM&litespeed_type=imgoptm HTTP/1.1" 200 5 "-" "WordPress/6.7.2; https://realjuggahos.com"
13.229.78.155 - - [01/Apr/2025:22:31:56 -0400] "POST /xmlrpc.php HTTP/1.1" 200 0 "-" "python-httpx/0.22.0"
13.229.78.155 - - [01/Apr/2025:22:32:16 -0400] "POST /xmlrpc.php HTTP/1.1" 200 0 "-" "python-httpx/0.22.0"
13.229.78.155 - - [01/Apr/2025:22:32:36 -0400] "POST /xmlrpc.php HTTP/1.1" 200 0 "-" "python-httpx/0.22.0"
13.229.78.155 - - [01/Apr/2025:22:32:56 -0400] "POST /xmlrpc.php HTTP/1.1" 200 0 "-" "python-httpx/0.22.0"
13.229.78.155 - - [01/Apr/2025:22:33:16 -0400] "POST /xmlrpc.php HTTP/1.1" 200 0 "-" "python-httpx/0.22.0"
13.229.78.155 - - [01/Apr/2025:22:33:38 -0400] "POST /xmlrpc.php HTTP/1.1" 200 0 "-" "python-httpx/0.22.0"
13.229.78.155 - - [01/Apr/2025:22:33:58 -0400] "POST /xmlrpc.php HTTP/1.1" 200 0 "-" "python-httpx/0.22.0"
13.229.78.155 - - [01/Apr/2025:22:34:18 -0400] "POST /xmlrpc.php HTTP/1.1" 200 0 "-" "python-httpx/0.22.0"
13.229.78.155 - - [01/Apr/2025:22:34:39 -0400] "POST /xmlrpc.php HTTP/1.1" 200 0 "-" "python-httpx/0.22.0"
13.229.78.155 - - [01/Apr/2025:22:34:58 -0400] "POST /xmlrpc.php HTTP/1.1" 200 0 "-" "python-httpx/0.22.0"
13.229.78.155 - - [01/Apr/2025:22:35:19 -0400] "POST /xmlrpc.php HTTP/1.1" 200 0 "-" "python-httpx/0.22.0"
13.229.78.155 - - [01/Apr/2025:22:35:38 -0400] "POST /xmlrpc.php HTTP/1.1" 200 0 "-" "python-httpx/0.22.0"
13.229.78.155 - - [01/Apr/2025:22:35:59 -0400] "POST /xmlrpc.php HTTP/1.1" 200 0 "-" "python-httpx/0.22.0"
13.229.78.155 - - [01/Apr/2025:22:36:18 -0400] "POST /xmlrpc.php HTTP/1.1" 200 0 "-" "python-httpx/0.22.0"
13.229.78.155 - - [01/Apr/2025:22:36:38 -0400] "POST /xmlrpc.php HTTP/1.1" 200 0 "-" "python-httpx/0.22.0"
13.229.78.155 - - [01/Apr/2025:22:36:59 -0400] "POST /xmlrpc.php HTTP/1.1" 200 0 "-" "python-httpx/0.22.0"
13.229.78.155 - - [01/Apr/2025:22:37:19 -0400] "POST /xmlrpc.php HTTP/1.1" 200 0 "-" "python-httpx/0.22.0"
13.229.78.155 - - [01/Apr/2025:22:37:39 -0400] "POST /xmlrpc.php HTTP/1.1" 200 0 "-" "python-httpx/0.22.0"
13.229.78.155 - - [01/Apr/2025:22:38:00 -0400] "POST /xmlrpc.php HTTP/1.1" 200 0 "-" "python-httpx/0.22.0"
13.229.78.155 - - [01/Apr/2025:22:38:19 -0400] "POST /xmlrpc.php HTTP/1.1" 200 0 "-" "python-httpx/0.22.0"
13.229.78.155 - - [01/Apr/2025:22:38:39 -0400] "POST /xmlrpc.php HTTP/1.1" 200 0 "-" "python-httpx/0.22.0"
13.229.78.155 - - [01/Apr/2025:22:38:59 -0400] "POST /xmlrpc.php HTTP/1.1" 200 0 "-" "python-httpx/0.22.0"
185.191.171.7 - - [01/Apr/2025:22:39:40 -0400] "GET /comment-choisir-une-agence-web/ HTTP/1.1" 404 1251 "-" "Mozilla/5.0 (compatible; SemrushBot/7~bl; +http://www.semrush.com/bot.html)"
13.229.78.155 - - [01/Apr/2025:22:39:19 -0400] "POST /xmlrpc.php HTTP/1.1" 200 0 "-" "python-httpx/0.22.0"
13.229.78.155 - - [01/Apr/2025:22:39:39 -0400] "POST /xmlrpc.php HTTP/1.1" 200 0 "-" "python-httpx/0.22.0"
13.229.78.155 - - [01/Apr/2025:22:39:59 -0400] "POST /xmlrpc.php HTTP/1.1" 200 0 "-" "python-httpx/0.22.0"
13.229.78.155 - - [01/Apr/2025:22:40:19 -0400] "POST /xmlrpc.php HTTP/1.1" 200 0 "-" "python-httpx/0.22.0"
13.229.78.155 - - [01/Apr/2025:22:40:39 -0400] "POST /xmlrpc.php HTTP/1.1" 200 0 "-" "python-httpx/0.22.0"
13.229.78.155 - - [01/Apr/2025:22:40:59 -0400] "POST /xmlrpc.php HTTP/1.1" 200 0 "-" "python-httpx/0.22.0"
13.229.78.155 - - [01/Apr/2025:22:41:19 -0400] "POST /xmlrpc.php HTTP/1.1" 200 0 "-" "python-httpx/0.22.0"
13.229.78.155 - - [01/Apr/2025:22:41:39 -0400] "POST /xmlrpc.php HTTP/1.1" 200 0 "-" "python-httpx/0.22.0"
13.229.78.155 - - [01/Apr/2025:22:41:59 -0400] "POST /xmlrpc.php HTTP/1.1" 200 0 "-" "python-httpx/0.22.0"
13.229.78.155 - - [01/Apr/2025:22:42:19 -0400] "POST /xmlrpc.php HTTP/1.1" 200 0 "-" "python-httpx/0.22.0"
13.229.78.155 - - [01/Apr/2025:22:42:39 -0400] "POST /xmlrpc.php HTTP/1.1" 200 0 "-" "python-httpx/0.22.0"
13.229.78.155 - - [01/Apr/2025:22:42:59 -0400] "POST /xmlrpc.php HTTP/1.1" 200 0 "-" "python-httpx/0.22.0"
13.229.78.155 - - [01/Apr/2025:22:43:19 -0400] "POST /xmlrpc.php HTTP/1.1" 200 0 "-" "python-httpx/0.22.0"
13.229.78.155 - - [01/Apr/2025:22:43:39 -0400] "POST /xmlrpc.php HTTP/1.1" 200 0 "-" "python-httpx/0.22.0"
13.229.78.155 - - [01/Apr/2025:22:43:59 -0400] "POST /xmlrpc.php HTTP/1.1" 200 0 "-" "python-httpx/0.22.0"
13.229.78.155 - - [01/Apr/2025:22:44:19 -0400] "POST /xmlrpc.php HTTP/1.1" 200 0 "-" "python-httpx/0.22.0"
13.229.78.155 - - [01/Apr/2025:22:44:39 -0400] "POST /xmlrpc.php HTTP/1.1" 200 0 "-" "python-httpx/0.22.0"
13.229.78.155 - - [01/Apr/2025:22:44:59 -0400] "POST /xmlrpc.php HTTP/1.1" 200 0 "-" "python-httpx/0.22.0"
13.229.78.155 - - [01/Apr/2025:22:45:19 -0400] "POST /xmlrpc.php HTTP/1.1" 200 0 "-" "python-httpx/0.22.0"
13.229.78.155 - - [01/Apr/2025:22:45:39 -0400] "POST /xmlrpc.php HTTP/1.1" 200 0 "-" "python-httpx/0.22.0"
13.229.78.155 - - [01/Apr/2025:22:45:59 -0400] "POST /xmlrpc.php HTTP/1.1" 200 0 "-" "python-httpx/0.22.0"
34.169.216.138 - - [01/Apr/2025:22:46:50 -0400] "GET /bad-dad-jokes/ HTTP/1.1" 404 1251 "-" "Mozilla/5.0 (Windows NT 10.0; Win64; x64) AppleWebKit/537.36 (KHTML, like Gecko) Chrome/123.0.0.0 Safari/537.36"
13.229.78.155 - - [01/Apr/2025:22:46:20 -0400] "POST /xmlrpc.php HTTP/1.1" 200 0 "-" "python-httpx/0.22.0"
13.229.78.155 - - [01/Apr/2025:22:46:40 -0400] "POST /xmlrpc.php HTTP/1.1" 200 0 "-" "python-httpx/0.22.0"
13.229.78.155 - - [01/Apr/2025:22:47:00 -0400] "POST /xmlrpc.php HTTP/1.1" 200 0 "-" "python-httpx/0.22.0"
13.229.78.155 - - [01/Apr/2025:22:47:20 -0400] "POST /xmlrpc.php HTTP/1.1" 200 0 "-" "python-httpx/0.22.0"
13.229.78.155 - - [01/Apr/2025:22:47:40 -0400] "POST /xmlrpc.php HTTP/1.1" 200 0 "-" "python-httpx/0.22.0"
13.229.78.155 - - [01/Apr/2025:22:48:00 -0400] "POST /xmlrpc.php HTTP/1.1" 200 0 "-" "python-httpx/0.22.0"
13.229.78.155 - - [01/Apr/2025:22:48:20 -0400] "POST /xmlrpc.php HTTP/1.1" 200 0 "-" "python-httpx/0.22.0"
13.229.78.155 - - [01/Apr/2025:22:48:40 -0400] "POST /xmlrpc.php HTTP/1.1" 200 0 "-" "python-httpx/0.22.0"
13.229.78.155 - - [01/Apr/2025:22:49:00 -0400] "POST /xmlrpc.php HTTP/1.1" 200 0 "-" "python-httpx/0.22.0"
13.229.78.155 - - [01/Apr/2025:22:49:20 -0400] "POST /xmlrpc.php HTTP/1.1" 200 0 "-" "python-httpx/0.22.0"
13.229.78.155 - - [01/Apr/2025:22:49:40 -0400] "POST /xmlrpc.php HTTP/1.1" 200 0 "-" "python-httpx/0.22.0"
13.229.78.155 - - [01/Apr/2025:22:50:00 -0400] "POST /xmlrpc.php HTTP/1.1" 200 0 "-" "python-httpx/0.22.0"
85.208.96.195 - - [01/Apr/2025:22:50:56 -0400] "GET /explore-your-imagination-through-art-classes-weston-super-mare/ HTTP/1.1" 404 1251 "-" "Mozilla/5.0 (compatible; SemrushBot/7~bl; +http://www.semrush.com/bot.html)"
13.229.78.155 - - [01/Apr/2025:22:50:20 -0400] "POST /xmlrpc.php HTTP/1.1" 200 0 "-" "python-httpx/0.22.0"
13.229.78.155 - - [01/Apr/2025:22:50:40 -0400] "POST /xmlrpc.php HTTP/1.1" 200 0 "-" "python-httpx/0.22.0"
138.199.59.149 - - [01/Apr/2025:22:51:35 -0400] "GET /wp-login.php HTTP/1.1" 200 1740 "https://realjuggahos.com" "Mozilla/5.0 (Windows NT 10.0; rv:78.0) Gecko/20100101 Firefox/78.0"
13.229.78.155 - - [01/Apr/2025:22:51:00 -0400] "POST /xmlrpc.php HTTP/1.1" 200 0 "-" "python-httpx/0.22.0"
198.54.114.83 - - [01/Apr/2025:22:51:43 -0400] "POST /wp-cron.php?doing_wp_cron=1743562302.5929780006408691406250 HTTP/1.1" 200 0 "-" "WordPress/6.7.2; https://realjuggahos.com"
138.199.59.149 - - [01/Apr/2025:22:51:37 -0400] "POST /wp-login.php?wpe-login=true&hide_my_wp=1&hmwp_do=login&login=1 HTTP/1.1" 503 6996 "https://realjuggahos.com" "Mozilla/5.0 (Windows NT 10.0; rv:78.0) Gecko/20100101 Firefox/78.0"
198.54.114.83 - - [01/Apr/2025:22:51:44 -0400] "POST /wp-admin/admin-ajax.php?action=async_litespeed&nonce=3fxXI2qjBSAaNbhSPS6Ih4LOAybPyAcf&litespeed_type=imgoptm HTTP/1.1" 200 0 "-" "WordPress/6.7.2; https://realjuggahos.com"
13.229.78.155 - - [01/Apr/2025:22:51:21 -0400] "POST /xmlrpc.php HTTP/1.1" 200 0 "-" "python-httpx/0.22.0"
13.229.78.155 - - [01/Apr/2025:22:51:41 -0400] "POST /xmlrpc.php HTTP/1.1" 200 0 "-" "python-httpx/0.22.0"
13.229.78.155 - - [01/Apr/2025:22:52:01 -0400] "POST /xmlrpc.php HTTP/1.1" 200 0 "-" "python-httpx/0.22.0"
13.229.78.155 - - [01/Apr/2025:22:52:22 -0400] "POST /xmlrpc.php HTTP/1.1" 200 0 "-" "python-httpx/0.22.0"
13.229.78.155 - - [01/Apr/2025:22:52:42 -0400] "POST /xmlrpc.php HTTP/1.1" 200 0 "-" "python-httpx/0.22.0"
13.229.78.155 - - [01/Apr/2025:22:53:03 -0400] "POST /xmlrpc.php HTTP/1.1" 200 0 "-" "python-httpx/0.22.0"
13.229.78.155 - - [01/Apr/2025:22:53:22 -0400] "POST /xmlrpc.php HTTP/1.1" 200 0 "-" "python-httpx/0.22.0"
13.229.78.155 - - [01/Apr/2025:22:53:42 -0400] "POST /xmlrpc.php HTTP/1.1" 200 0 "-" "python-httpx/0.22.0"
13.229.78.155 - - [01/Apr/2025:22:54:02 -0400] "POST /xmlrpc.php HTTP/1.1" 200 0 "-" "python-httpx/0.22.0"
13.229.78.155 - - [01/Apr/2025:22:54:22 -0400] "POST /xmlrpc.php HTTP/1.1" 200 0 "-" "python-httpx/0.22.0"
13.229.78.155 - - [01/Apr/2025:22:54:42 -0400] "POST /xmlrpc.php HTTP/1.1" 200 0 "-" "python-httpx/0.22.0"
13.229.78.155 - - [01/Apr/2025:22:55:02 -0400] "POST /xmlrpc.php HTTP/1.1" 200 0 "-" "python-httpx/0.22.0"
13.229.78.155 - - [01/Apr/2025:22:55:22 -0400] "POST /xmlrpc.php HTTP/1.1" 200 0 "-" "python-httpx/0.22.0"
13.229.78.155 - - [01/Apr/2025:22:55:42 -0400] "POST /xmlrpc.php HTTP/1.1" 200 0 "-" "python-httpx/0.22.0"
13.229.78.155 - - [01/Apr/2025:22:56:03 -0400] "POST /xmlrpc.php HTTP/1.1" 200 0 "-" "python-httpx/0.22.0"
13.229.78.155 - - [01/Apr/2025:22:56:22 -0400] "POST /xmlrpc.php HTTP/1.1" 200 0 "-" "python-httpx/0.22.0"
13.229.78.155 - - [01/Apr/2025:22:56:42 -0400] "POST /xmlrpc.php HTTP/1.1" 200 0 "-" "python-httpx/0.22.0"
13.229.78.155 - - [01/Apr/2025:22:57:02 -0400] "POST /xmlrpc.php HTTP/1.1" 200 0 "-" "python-httpx/0.22.0"
13.229.78.155 - - [01/Apr/2025:22:57:22 -0400] "POST /xmlrpc.php HTTP/1.1" 200 0 "-" "python-httpx/0.22.0"
13.229.78.155 - - [01/Apr/2025:22:57:42 -0400] "POST /xmlrpc.php HTTP/1.1" 200 0 "-" "python-httpx/0.22.0"
13.229.78.155 - - [01/Apr/2025:22:58:02 -0400] "POST /xmlrpc.php HTTP/1.1" 200 0 "-" "python-httpx/0.22.0"
13.229.78.155 - - [01/Apr/2025:22:58:22 -0400] "POST /xmlrpc.php HTTP/1.1" 200 0 "-" "python-httpx/0.22.0"
13.229.78.155 - - [01/Apr/2025:22:58:42 -0400] "POST /xmlrpc.php HTTP/1.1" 200 0 "-" "python-httpx/0.22.0"
13.229.78.155 - - [01/Apr/2025:22:59:02 -0400] "POST /xmlrpc.php HTTP/1.1" 200 0 "-" "python-httpx/0.22.0"
13.229.78.155 - - [01/Apr/2025:22:59:22 -0400] "POST /xmlrpc.php HTTP/1.1" 200 0 "-" "python-httpx/0.22.0"
13.229.78.155 - - [01/Apr/2025:22:59:43 -0400] "POST /xmlrpc.php HTTP/1.1" 200 0 "-" "python-httpx/0.22.0"
13.229.78.155 - - [01/Apr/2025:23:00:03 -0400] "POST /xmlrpc.php HTTP/1.1" 200 0 "-" "python-httpx/0.22.0"
13.229.78.155 - - [01/Apr/2025:23:00:23 -0400] "POST /xmlrpc.php HTTP/1.1" 200 0 "-" "python-httpx/0.22.0"
13.229.78.155 - - [01/Apr/2025:23:00:42 -0400] "POST /xmlrpc.php HTTP/1.1" 200 0 "-" "python-httpx/0.22.0"
13.229.78.155 - - [01/Apr/2025:23:01:02 -0400] "POST /xmlrpc.php HTTP/1.1" 200 0 "-" "python-httpx/0.22.0"
13.229.78.155 - - [01/Apr/2025:23:01:23 -0400] "POST /xmlrpc.php HTTP/1.1" 200 0 "-" "python-httpx/0.22.0"
13.229.78.155 - - [01/Apr/2025:23:01:43 -0400] "POST /xmlrpc.php HTTP/1.1" 200 0 "-" "python-httpx/0.22.0"
13.229.78.155 - - [01/Apr/2025:23:02:03 -0400] "POST /xmlrpc.php HTTP/1.1" 200 0 "-" "python-httpx/0.22.0"
