109.196.168.185 - - [31/Mar/2025:03:11:44 -0400] "GET /forums/users/chastityhorning/ HTTP/1.1" 404 1251 "-" "Mozilla/5.0 (Macintosh; Intel Mac OS X 12_5) AppleWebKit/537.36 (KHTML, like Gecko) Chrome/114.0.0.0 Safari/537.36 Edg/114.0.1264.71"
109.196.168.185 - - [31/Mar/2025:03:11:46 -0400] "GET / HTTP/1.1" 200 156172 "-" "Mozilla/5.0 (Macintosh; Intel Mac OS X 12_5) AppleWebKit/537.36 (KHTML, like Gecko) Chrome/114.0.0.0 Safari/537.36 Edg/114.0.1264.71"
58.254.68.93 - - [31/Mar/2025:03:15:41 -0400] "GET /non-conducting-thermal-paste/ HTTP/1.1" 404 1251 "https://realjuggahos.com" "Mozilla/5.0 (Windows NT 10.0; Win64; x64) AppleWebKit/537.36 (KHTML, like Gecko) Chrome/62.0.3202.94 Safari/537.36"
58.254.68.93 - - [31/Mar/2025:03:15:44 -0400] "GET /non-conducting-thermal-paste/ HTTP/1.1" 404 1251 "https://realjuggahos.com" "Mozilla/5.0 (Windows NT 10.0; Win64; x64) AppleWebKit/537.36 (KHTML, like Gecko) Chrome/62.0.3202.94 Safari/537.36"
58.254.68.93 - - [31/Mar/2025:03:15:46 -0400] "GET /non-conducting-thermal-paste/ HTTP/1.1" 404 1251 "https://realjuggahos.com" "Mozilla/5.0 (Windows NT 10.0; Win64; x64) AppleWebKit/537.36 (KHTML, like Gecko) Chrome/62.0.3202.94 Safari/537.36"
58.254.68.93 - - [31/Mar/2025:03:15:48 -0400] "GET /non-conducting-thermal-paste/ HTTP/1.1" 404 1251 "https://realjuggahos.com" "Mozilla/5.0 (Windows NT 10.0; Win64; x64) AppleWebKit/537.36 (KHTML, like Gecko) Chrome/62.0.3202.94 Safari/537.36"
4.227.36.89 - - [31/Mar/2025:03:16:33 -0400] "GET /robots.txt HTTP/1.1" 304 0 "-" "Mozilla/5.0 AppleWebKit/537.36 (KHTML, like Gecko; compatible; GPTBot/1.2; +https://openai.com/gptbot)"
157.55.39.63 - - [31/Mar/2025:03:20:50 -0400] "GET /how-a-tax-advisor-can-help-you-minimize-your-tax-liabilities/ HTTP/1.1" 404 1251 "-" "Mozilla/5.0 AppleWebKit/537.36 (KHTML, like Gecko; compatible; bingbot/2.0; +http://www.bing.com/bingbot.htm) Chrome/116.0.1938.76 Safari/537.36"
2a02:598:128:8a00::b00:1e - - [31/Mar/2025:03:28:18 -0400] "GET /signs-that-indicate-its-time-for-remodeling-the-kitchen/ HTTP/1.1" 404 1251 "-" "Mozilla/5.0 (compatible; SeznamBot/4.0; +https://o-seznam.cz/napoveda/vyhledavani/en/seznambot-crawler/)"
114.119.145.65 - - [31/Mar/2025:03:28:24 -0400] "GET /health-coaching-top-10-reasons-to-hire-or-be-one/ HTTP/1.1" 404 1251 "https://realjuggahos.com/health-coaching-top-10-reasons-to-hire-or-be-one/" "Mozilla/5.0 (Linux; Android 7.0;) AppleWebKit/537.36 (KHTML, like Gecko) Mobile Safari/537.36 (compatible; PetalBot;+https://webmaster.petalsearch.com/site/petalbot)"
198.54.114.83 - - [31/Mar/2025:03:30:53 -0400] "POST /wp-admin/admin-ajax.php?action=async_litespeed&nonce=TbHsndg69FBoVEQYhDZeiif0xWRQbIuG&litespeed_type=imgoptm HTTP/1.1" 200 0 "-" "WordPress/6.7.2; https://realjuggahos.com"
198.54.114.83 - - [31/Mar/2025:03:31:11 -0400] "POST /wp-admin/admin-ajax.php?action=async_litespeed&nonce=nSo2ZA1Q0aUIUraaCLVOOLIJIH3JCUs2&litespeed_type=imgoptm HTTP/1.1" 200 0 "-" "WordPress/6.7.2; https://realjuggahos.com"
112.92.70.120 - - [31/Mar/2025:03:38:36 -0400] "GET /non-conducting-thermal-paste/ HTTP/1.1" 404 1251 "https://realjuggahos.com" "Mozilla/5.0 (Windows NT 10.0; Win64; x64) AppleWebKit/537.36 (KHTML, like Gecko) Chrome/62.0.3202.94 Safari/537.36"
112.92.70.120 - - [31/Mar/2025:03:38:39 -0400] "GET /non-conducting-thermal-paste/ HTTP/1.1" 404 1251 "https://realjuggahos.com" "Mozilla/5.0 (Windows NT 10.0; Win64; x64) AppleWebKit/537.36 (KHTML, like Gecko) Chrome/62.0.3202.94 Safari/537.36"
112.92.70.120 - - [31/Mar/2025:03:38:41 -0400] "GET /non-conducting-thermal-paste/ HTTP/1.1" 404 1251 "https://realjuggahos.com" "Mozilla/5.0 (Windows NT 10.0; Win64; x64) AppleWebKit/537.36 (KHTML, like Gecko) Chrome/62.0.3202.94 Safari/537.36"
112.92.70.120 - - [31/Mar/2025:03:38:43 -0400] "GET /non-conducting-thermal-paste/ HTTP/1.1" 404 1251 "https://realjuggahos.com" "Mozilla/5.0 (Windows NT 10.0; Win64; x64) AppleWebKit/537.36 (KHTML, like Gecko) Chrome/62.0.3202.94 Safari/537.36"
51.222.253.1 - - [31/Mar/2025:03:41:06 -0400] "GET / HTTP/1.1" 200 156172 "-" "Mozilla/5.0 (compatible; AhrefsBot/7.0; +http://ahrefs.com/robot/)"
198.54.114.83 - - [31/Mar/2025:03:41:25 -0400] "POST /wp-admin/admin-ajax.php?action=async_litespeed&nonce=1q57YcaD4JDTjn692aBm47RsFAu8kC22&litespeed_type=imgoptm HTTP/1.1" 200 0 "-" "WordPress/6.7.2; https://realjuggahos.com"
167.172.130.206 - - [31/Mar/2025:03:41:27 -0400] "GET /wp-login.php HTTP/1.1" 200 1740 "-" "Mozilla/5.0"
167.172.130.206 - - [31/Mar/2025:03:41:28 -0400] "GET /?author=1 HTTP/1.1" 200 156172 "-" "Mozilla/5.0"
167.172.130.206 - - [31/Mar/2025:03:41:30 -0400] "GET /?feed=rss2 HTTP/1.1" 200 156172 "-" "Mozilla/5.0"
47.128.121.105 - - [31/Mar/2025:03:45:53 -0400] "GET /the-art-of-drywall-partitioning/ HTTP/1.1" 404 1251 "-" "Mozilla/5.0 (Linux; Android 5.0) AppleWebKit/537.36 (KHTML, like Gecko) Mobile Safari/537.36 (compatible; TikTokSpider; ttspider-feedback@tiktok.com)"
66.249.66.169 - - [31/Mar/2025:03:46:19 -0400] "GET /gp/css/homepage.html?ref_=nav_err_youraccount HTTP/1.1" 404 1251 "-" "Mozilla/5.0 (Linux; Android 6.0.1; Nexus 5X Build/MMB29P) AppleWebKit/537.36 (KHTML, like Gecko) Chrome/134.0.6998.165 Mobile Safari/537.36 (compatible; Googlebot/2.1; +http://www.google.com/bot.html)"
114.119.145.65 - - [31/Mar/2025:03:50:21 -0400] "GET /how-to-do-your-taxes-at-home/ HTTP/1.1" 404 1251 "https://realjuggahos.com/how-to-do-your-taxes-at-home/" "Mozilla/5.0 (Linux; Android 7.0;) AppleWebKit/537.36 (KHTML, like Gecko) Mobile Safari/537.36 (compatible; PetalBot;+https://webmaster.petalsearch.com/site/petalbot)"
66.249.66.160 - - [31/Mar/2025:03:51:45 -0400] "GET /dp/B09L462YVZ?ref=MarsFS_VICC_CHIME HTTP/1.1" 404 1251 "-" "Mozilla/5.0 (Linux; Android 6.0.1; Nexus 5X Build/MMB29P) AppleWebKit/537.36 (KHTML, like Gecko) Chrome/134.0.6998.165 Mobile Safari/537.36 (compatible; Googlebot/2.1; +http://www.google.com/bot.html)"
114.119.131.199 - - [31/Mar/2025:03:51:46 -0400] "GET /fenben-cancer-treatment/ HTTP/1.1" 404 1251 "https://realjuggahos.com/fenben-cancer-treatment/" "Mozilla/5.0 (Linux; Android 7.0;) AppleWebKit/537.36 (KHTML, like Gecko) Mobile Safari/537.36 (compatible; PetalBot;+https://webmaster.petalsearch.com/site/petalbot)"
111.225.149.107 - - [31/Mar/2025:03:52:02 -0400] "GET /robots.txt HTTP/1.1" 304 0 "-" "Mozilla/5.0 (Linux; Android 5.0) AppleWebKit/537.36 (KHTML, like Gecko) Mobile Safari/537.36 (compatible; Bytespider; https://zhanzhang.toutiao.com/)"
114.119.137.204 - - [31/Mar/2025:03:53:08 -0400] "GET /effiziente-unternehmensauflosungen-in-luneburg/ HTTP/1.1" 404 1251 "https://realjuggahos.com/effiziente-unternehmensauflosungen-in-luneburg/" "Mozilla/5.0 (Linux; Android 7.0;) AppleWebKit/537.36 (KHTML, like Gecko) Mobile Safari/537.36 (compatible; PetalBot;+https://webmaster.petalsearch.com/site/petalbot)"
114.119.139.43 - - [31/Mar/2025:03:54:34 -0400] "GET /die-rolle-eines-steuerberaters-in-hattingen/ HTTP/1.1" 404 1251 "https://realjuggahos.com/die-rolle-eines-steuerberaters-in-hattingen/" "Mozilla/5.0 (Linux; Android 7.0;) AppleWebKit/537.36 (KHTML, like Gecko) Mobile Safari/537.36 (compatible; PetalBot;+https://webmaster.petalsearch.com/site/petalbot)"
2a02:598:128:8a00::b00:1e - - [31/Mar/2025:03:56:34 -0400] "GET /lote-leaves/ HTTP/1.1" 404 1251 "-" "Mozilla/5.0 (compatible; SeznamBot/4.0; +https://o-seznam.cz/napoveda/vyhledavani/en/seznambot-crawler/)"
93.183.93.32 - - [31/Mar/2025:03:57:16 -0400] "GET /top-5-uk-cbd-gummies/ HTTP/1.1" 404 1251 "https://realjuggahos.com/top-5-uk-cbd-gummies/" "Mozilla/5.0 (Windows NT 10.0; Win64; x64) AppleWebKit/537.36 (KHTML, like Gecko) Chrome/131.0.0.0 Safari/537.36"
93.183.93.32 - - [31/Mar/2025:03:57:17 -0400] "GET / HTTP/1.1" 200 156172 "https://realjuggahos.com/" "Mozilla/5.0 (Windows NT 10.0; Win64; x64) AppleWebKit/537.36 (KHTML, like Gecko) Chrome/131.0.0.0 Safari/537.36"
178.20.46.206 - - [31/Mar/2025:03:57:17 -0400] "GET /top-5-uk-cbd-gummies/ HTTP/1.1" 404 1251 "https://realjuggahos.com/top-5-uk-cbd-gummies/" "Mozilla/5.0 (Windows NT 10.0; Win64; x64) AppleWebKit/537.36 (KHTML, like Gecko) Chrome/129.0.0.0 Safari/537.36"
178.20.46.206 - - [31/Mar/2025:03:57:18 -0400] "GET / HTTP/1.1" 200 156172 "https://realjuggahos.com/" "Mozilla/5.0 (Windows NT 10.0; Win64; x64) AppleWebKit/537.36 (KHTML, like Gecko) Chrome/129.0.0.0 Safari/537.36"
85.208.98.20 - - [31/Mar/2025:04:01:41 -0400] "GET /inspirational-quotes-to-uplift-you/ HTTP/1.1" 404 1251 "-" "Mozilla/5.0 (compatible; SemrushBot-BA; +http://www.semrush.com/bot.html)"
85.208.98.20 - - [31/Mar/2025:04:01:55 -0400] "GET /inspirational-quotes-to-keep-you-moving-forward/ HTTP/1.1" 404 1251 "-" "Mozilla/5.0 (compatible; SemrushBot-BA; +http://www.semrush.com/bot.html)"
66.249.66.168 - - [31/Mar/2025:04:02:06 -0400] "GET /the-portable-fire-fighting-pump/ HTTP/1.1" 404 1251 "-" "Mozilla/5.0 (Linux; Android 6.0.1; Nexus 5X Build/MMB29P) AppleWebKit/537.36 (KHTML, like Gecko) Chrome/134.0.6998.165 Mobile Safari/537.36 (compatible; Googlebot/2.1; +http://www.google.com/bot.html)"
2a02:598:96:8a00::1200:122 - - [31/Mar/2025:04:06:36 -0400] "GET /benefits-of-grip-socks/ HTTP/1.1" 404 1251 "-" "Mozilla/5.0 (compatible; SeznamBot/4.0; +https://o-seznam.cz/napoveda/vyhledavani/en/seznambot-crawler/)"
149.126.218.228 - - [31/Mar/2025:04:14:46 -0400] "GET /forums/users/chastityhorning/ HTTP/1.1" 404 1251 "-" "Mozilla/5.0 (Windows NT 10.0; Win64; x64; rv:114.0) Gecko/20100101 Firefox/114.0"
149.126.218.228 - - [31/Mar/2025:04:14:47 -0400] "GET / HTTP/1.1" 200 156172 "-" "Mozilla/5.0 (Windows NT 10.0; Win64; x64; rv:114.0) Gecko/20100101 Firefox/114.0"
149.126.218.228 - - [31/Mar/2025:04:14:50 -0400] "GET /s/ref=nb_sb_noss?url=search-alias%3Dkitchen&field-keywords= HTTP/1.1" 404 1251 "https://www.realjuggahos.com" "Mozilla/5.0 (Windows NT 10.0; Win64; x64; rv:114.0) Gecko/20100101 Firefox/114.0"
149.126.218.228 - - [31/Mar/2025:04:14:51 -0400] "GET /s/ref=nb_sb_noss?url=search-alias%3Dkitchen&field-keywords= HTTP/1.1" 404 1251 "https://www.realjuggahos.com" "Mozilla/5.0 (Windows NT 10.0; Win64; x64; rv:114.0) Gecko/20100101 Firefox/114.0"
149.126.218.228 - - [31/Mar/2025:04:14:51 -0400] "GET /s/ref=nb_sb_noss?url=search-alias%3Dkitchen&field-keywords= HTTP/1.1" 404 1251 "https://www.realjuggahos.com" "Mozilla/5.0 (Windows NT 10.0; Win64; x64; rv:114.0) Gecko/20100101 Firefox/114.0"
149.126.218.228 - - [31/Mar/2025:04:14:52 -0400] "GET /s/ref=nb_sb_noss?url=search-alias%3Dkitchen&field-keywords= HTTP/1.1" 404 1251 "https://www.realjuggahos.com" "Mozilla/5.0 (Windows NT 10.0; Win64; x64; rv:114.0) Gecko/20100101 Firefox/114.0"
138.201.203.49 - - [31/Mar/2025:04:14:53 -0400] "GET /forums/users/chastityhorning/ HTTP/1.1" 404 1251 "-" "Mozilla/5.0 (Windows NT 10.0; Win64; x64; rv:114.0) Gecko/20100101 Firefox/114.0"
138.201.203.49 - - [31/Mar/2025:04:18:56 -0400] "GET /forums/users/chastityhorning/ HTTP/1.1" 404 1251 "-" "Mozilla/5.0 (Windows NT 10.0; WOW64) AppleWebKit/537.36 (KHTML, like Gecko) Chrome/114.0.0.0 Safari/537.36 Vivaldi/5.3.2679.68"
114.119.139.43 - - [31/Mar/2025:04:19:56 -0400] "GET /forums/users/fionabroussard2/ HTTP/1.1" 404 1251 "https://www.euro-school.it/%D1%87%D0%B5%D1%80%D0%BA%D0%B0%D1%81%D0%B8-%D0%BF%D1%80%D0%B8%D1%88%D0%B5%D0%BB%D1%8C%D1%86%D0%B5%D0%B2-%D1%81%D0%BC%D0%BE%D1%82%D1%80%D0%B5%D1%82%D1%8C-%D0%BE%D0%BD%D0%BB%D0%B0%D0%B9%D0%BD/" "Mozilla/5.0 (Linux; Android 7.0;) AppleWebKit/537.36 (KHTML, like Gecko) Mobile Safari/537.36 (compatible; PetalBot;+https://webmaster.petalsearch.com/site/petalbot)"
66.249.66.160 - - [31/Mar/2025:04:20:19 -0400] "GET /dp/B0CQMZ24LR?ref=MarsFS_SMP_B0CQMZ24LR HTTP/1.1" 404 1251 "-" "Mozilla/5.0 (Linux; Android 6.0.1; Nexus 5X Build/MMB29P) AppleWebKit/537.36 (KHTML, like Gecko) Chrome/134.0.6998.165 Mobile Safari/537.36 (compatible; Googlebot/2.1; +http://www.google.com/bot.html)"
59.6.26.211 - - [31/Mar/2025:04:25:45 -0400] "GET /steroids-thailand/ HTTP/1.1" 404 1251 "https://realjuggahos.com/steroids-thailand/#comment-19559" "Mozilla/5.0 (Windows NT 10.0; Win64; x64) AppleWebKit/537.36 (KHTML, like Gecko) Chrome/103.0.5042.0 Safari/537.36"
59.6.26.211 - - [31/Mar/2025:04:25:45 -0400] "GET /the-rise-of-digital-elegance-in-wedding-invitations/ HTTP/1.1" 404 1251 "https://realjuggahos.com/the-rise-of-digital-elegance-in-wedding-invitations/#comment-19537" "Mozilla/5.0 (Windows NT 6.1) AppleWebKit/537.36 (KHTML, like Gecko) Chrome/103.0.0.0 Safari/537.36"
59.6.26.211 - - [31/Mar/2025:04:25:45 -0400] "GET /the-benefits-of-renting-a-rough-terrain-forklift/ HTTP/1.1" 404 1251 "https://realjuggahos.com/the-benefits-of-renting-a-rough-terrain-forklift/#comment-20058" "Mozilla/5.0 (Windows NT 6.1; Win64; x64) AppleWebKit/537.36 (KHTML, like Gecko) Chrome/103.0.0.0 Safari/537.36"
59.6.26.211 - - [31/Mar/2025:04:25:46 -0400] "GET / HTTP/1.1" 200 156172 "https://realjuggahos.com/" "Mozilla/5.0 (Windows NT 6.1; Win64; x64) AppleWebKit/537.36 (KHTML, like Gecko) Chrome/103.0.0.0 Safari/537.36"
59.6.26.211 - - [31/Mar/2025:04:25:46 -0400] "GET / HTTP/1.1" 200 156172 "https://realjuggahos.com/" "Mozilla/5.0 (Windows NT 6.1) AppleWebKit/537.36 (KHTML, like Gecko) Chrome/103.0.0.0 Safari/537.36"
59.6.26.211 - - [31/Mar/2025:04:25:48 -0400] "GET / HTTP/1.1" 200 156172 "https://realjuggahos.com/" "Mozilla/5.0 (Windows NT 10.0; Win64; x64) AppleWebKit/537.36 (KHTML, like Gecko) Chrome/103.0.5042.0 Safari/537.36"
51.222.253.17 - - [31/Mar/2025:04:29:52 -0400] "GET /robots.txt HTTP/1.1" 304 0 "-" "Mozilla/5.0 (compatible; AhrefsBot/7.0; +http://ahrefs.com/robot/)"
44.211.20.232 - - [31/Mar/2025:04:33:29 -0400] "GET /how-to-buy-youtube-views-cheaply/ HTTP/1.1" 404 1251 "-" "Grammarly/1.0 (http://www.grammarly.com)"
185.191.171.17 - - [31/Mar/2025:04:34:00 -0400] "GET /robots.txt HTTP/1.1" 304 0 "-" "Mozilla/5.0 (compatible; SemrushBot/7~bl; +http://www.semrush.com/bot.html)"
185.191.171.9 - - [31/Mar/2025:04:34:00 -0400] "GET /anavar-use-and-availability-in-canada/ HTTP/1.1" 404 1251 "-" "Mozilla/5.0 (compatible; SemrushBot/7~bl; +http://www.semrush.com/bot.html)"
128.199.201.243 - - [31/Mar/2025:04:36:53 -0400] "GET /wp-content/uploads/2023/02/6.jpg HTTP/1.1" 200 6684 "-" "Mozilla/5.0 (iPad; CPU OS 17_0_3 like Mac OS X) AppleWebKit/605.1.15 (KHTML, like Gecko) Version/17.0 Mobile/15E148 Safari/605.1.15"
2a02:598:128:8a00::b00:1e - - [31/Mar/2025:04:40:33 -0400] "GET /how-to-buy-cannabis-online/ HTTP/1.1" 404 1251 "-" "Mozilla/5.0 (compatible; SeznamBot/4.0; +https://o-seznam.cz/napoveda/vyhledavani/en/seznambot-crawler/)"
198.54.114.83 - - [31/Mar/2025:04:41:09 -0400] "POST /wp-cron.php?doing_wp_cron=1743410469.0164749622344970703125 HTTP/1.1" 200 0 "-" "WordPress/6.7.2; https://realjuggahos.com"
167.172.130.206 - - [31/Mar/2025:04:41:04 -0400] "POST /wp-login.php HTTP/1.1" 503 7001 "-" "Mozilla/5.0"
198.54.114.83 - - [31/Mar/2025:04:41:09 -0400] "POST /wp-admin/admin-ajax.php?action=async_litespeed&nonce=7fb3oV1GREXlUYGL5iwYW7drVigyDgQw&litespeed_type=imgoptm HTTP/1.1" 200 5 "-" "WordPress/6.7.2; https://realjuggahos.com"
198.54.114.83 - - [31/Mar/2025:04:41:10 -0400] "POST /wp-admin/admin-ajax.php?action=wordfence_testAjax HTTP/1.1" 200 16 "-" "WordPress/6.7.2; https://realjuggahos.com"
198.54.114.83 - - [31/Mar/2025:04:41:11 -0400] "GET /wp-admin/admin-ajax.php?action=wordfence_doScan&isFork=0&scanMode=highsensitivity&cronKey=2eaa209b91545a214afc86793f7eaca4&signature=1f12c0ae8dc286b317e9fbad8eeefa07b180943cbe42ce78528be127c27277fb HTTP/1.1" 200 0 "-" "WordPress/6.7.2; https://realjuggahos.com"
198.54.114.83 - - [31/Mar/2025:04:41:37 -0400] "GET /.user.ini HTTP/1.1" 403 1242 "-" "WordPress/6.7.2; https://realjuggahos.com"
198.54.114.83 - - [31/Mar/2025:04:41:58 -0400] "POST /wp-cron.php?doing_wp_cron=1743410518.6810069084167480468750 HTTP/1.1" 200 0 "-" "WordPress/6.7.2; https://realjuggahos.com"
198.54.114.83 - - [31/Mar/2025:04:41:58 -0400] "GET /wp-admin/admin-ajax.php?action=wordfence_doScan&isFork=1&scanMode=highsensitivity&cronKey=778f1915653ad0d8f25149613de78466&signature=1030dc27a3df3eb3e5f88011f33a55f7ed5162873edc9c9d8abc358b005178c5 HTTP/1.1" 200 0 "-" "WordPress/6.7.2; https://realjuggahos.com"
198.54.114.83 - - [31/Mar/2025:04:42:45 -0400] "POST /wp-cron.php?doing_wp_cron=1743410565.6816608905792236328125 HTTP/1.1" 200 0 "-" "WordPress/6.7.2; https://realjuggahos.com"
198.54.114.83 - - [31/Mar/2025:04:42:45 -0400] "GET /wp-admin/admin-ajax.php?action=wordfence_doScan&isFork=1&scanMode=highsensitivity&cronKey=de9ab1c077528fe5d5fbc81acdf5197a&signature=655fb172a781feec2dde67166e9a9e08cf0d27204bae662e3d99f7da3c1d11e6 HTTP/1.1" 200 0 "-" "WordPress/6.7.2; https://realjuggahos.com"
198.54.114.83 - - [31/Mar/2025:04:42:46 -0400] "POST /wp-admin/admin-ajax.php?action=async_litespeed&nonce=Z15AYeJsgdLcnfsC3hm9GNCH9ike3gAJ&litespeed_type=imgoptm HTTP/1.1" 200 5 "-" "WordPress/6.7.2; https://realjuggahos.com"
98.85.92.10 - - [31/Mar/2025:04:42:58 -0400] "GET /the-five-as-of-access-healthcare/ HTTP/1.1" 404 1251 "-" "Grammarly/1.0 (http://www.grammarly.com)"
66.249.66.167 - - [31/Mar/2025:04:48:53 -0400] "GET /a-colorful-journey-into-gaming/ HTTP/1.1" 404 1251 "-" "Mozilla/5.0 (Linux; Android 6.0.1; Nexus 5X Build/MMB29P) AppleWebKit/537.36 (KHTML, like Gecko) Chrome/134.0.6998.165 Mobile Safari/537.36 (compatible; Googlebot/2.1; +http://www.google.com/bot.html)"
114.119.139.43 - - [31/Mar/2025:04:51:46 -0400] "GET /forums/users/katherinocallagh/ HTTP/1.1" 404 1251 "https://engage.drd4gaming.com/members/veradeschamps01/profile/" "Mozilla/5.0 (Linux; Android 7.0;) AppleWebKit/537.36 (KHTML, like Gecko) Mobile Safari/537.36 (compatible; PetalBot;+https://webmaster.petalsearch.com/site/petalbot)"
114.119.145.65 - - [31/Mar/2025:04:53:10 -0400] "GET /kratom-near-me-where-to-buy-kratom/ HTTP/1.1" 404 1251 "https://realjuggahos.com/kratom-near-me-where-to-buy-kratom/" "Mozilla/5.0 (Linux; Android 7.0;) AppleWebKit/537.36 (KHTML, like Gecko) Mobile Safari/537.36 (compatible; PetalBot;+https://webmaster.petalsearch.com/site/petalbot)"
2a02:598:128:8a00::b00:1e - - [31/Mar/2025:04:53:43 -0400] "GET /a-dewormer-for-cancer-could-be-dangerous/ HTTP/1.1" 404 1251 "-" "Mozilla/5.0 (compatible; SeznamBot/4.0; +https://o-seznam.cz/napoveda/vyhledavani/en/seznambot-crawler/)"
47.128.113.50 - - [31/Mar/2025:04:54:42 -0400] "GET /robots.txt HTTP/1.1" 304 0 "-" "Mozilla/5.0 (Linux; Android 5.0) AppleWebKit/537.36 (KHTML, like Gecko) Mobile Safari/537.36 (compatible; Bytespider; spider-feedback@bytedance.com)"
185.213.246.35 - - [31/Mar/2025:04:58:09 -0400] "GET /forums/users/chastityhorning/ HTTP/1.1" 404 1251 "-" "Mozilla/5.0 (Windows NT 10.0; WOW64) AppleWebKit/537.36 (KHTML, like Gecko) Chrome/114.0.0.0 Safari/537.36 Vivaldi/5.3.2679.68"
185.213.246.35 - - [31/Mar/2025:04:58:10 -0400] "GET / HTTP/1.1" 200 156172 "-" "Mozilla/5.0 (Windows NT 10.0; WOW64) AppleWebKit/537.36 (KHTML, like Gecko) Chrome/114.0.0.0 Safari/537.36 Vivaldi/5.3.2679.68"
185.213.246.35 - - [31/Mar/2025:04:58:11 -0400] "GET /dp/B0D3RN5W37?ref=MarsFS_VICC_blinksqm HTTP/1.1" 404 1251 "https://www.realjuggahos.com" "Mozilla/5.0 (Windows NT 10.0; WOW64) AppleWebKit/537.36 (KHTML, like Gecko) Chrome/114.0.0.0 Safari/537.36 Vivaldi/5.3.2679.68"
185.213.246.35 - - [31/Mar/2025:04:58:12 -0400] "GET / HTTP/1.1" 200 156172 "https://www.realjuggahos.com" "Mozilla/5.0 (Windows NT 10.0; WOW64) AppleWebKit/537.36 (KHTML, like Gecko) Chrome/114.0.0.0 Safari/537.36 Vivaldi/5.3.2679.68"
47.128.114.103 - - [31/Mar/2025:04:58:41 -0400] "GET /product-reviews/B0DG4WZZPV/ref=acr_dp_hist_5?filterByStar=five_star&ie=UTF8&reviewerType=all_reviews HTTP/1.1" 404 1251 "-" "Mozilla/5.0 (Linux; Android 5.0) AppleWebKit/537.36 (KHTML, like Gecko) Mobile Safari/537.36 (compatible; Bytespider; spider-feedback@bytedance.com)"
114.119.150.249 - - [31/Mar/2025:05:01:52 -0400] "GET /turkey-property-is-a-wise-buy-in-the-current-economic/ HTTP/1.1" 404 1251 "https://realjuggahos.com/turkey-property-is-a-wise-buy-in-the-current-economic/" "Mozilla/5.0 (Linux; Android 7.0;) AppleWebKit/537.36 (KHTML, like Gecko) Mobile Safari/537.36 (compatible; PetalBot;+https://webmaster.petalsearch.com/site/petalbot)"
185.213.246.31 - - [31/Mar/2025:05:04:45 -0400] "GET /forums/users/chastityhorning/ HTTP/1.1" 404 1251 "-" "Mozilla/5.0 (Windows NT 10.0; WOW64; x64) AppleWebKit/537.36 (KHTML, like Gecko) Chrome/114.0.0.0 Safari/537.36 OPR/89.0.4447.51"
185.213.246.31 - - [31/Mar/2025:05:04:46 -0400] "GET / HTTP/1.1" 200 156172 "-" "Mozilla/5.0 (Windows NT 10.0; WOW64; x64) AppleWebKit/537.36 (KHTML, like Gecko) Chrome/114.0.0.0 Safari/537.36 OPR/89.0.4447.51"
185.213.246.31 - - [31/Mar/2025:05:04:50 -0400] "GET /dp/B0D3RN5W37?ref=MarsFS_VICC_blinksqm HTTP/1.1" 404 1251 "https://www.realjuggahos.com" "Mozilla/5.0 (Windows NT 10.0; WOW64; x64) AppleWebKit/537.36 (KHTML, like Gecko) Chrome/114.0.0.0 Safari/537.36 OPR/89.0.4447.51"
185.213.246.31 - - [31/Mar/2025:05:04:50 -0400] "GET / HTTP/1.1" 200 156172 "https://www.realjuggahos.com" "Mozilla/5.0 (Windows NT 10.0; WOW64; x64) AppleWebKit/537.36 (KHTML, like Gecko) Chrome/114.0.0.0 Safari/537.36 OPR/89.0.4447.51"
61.145.176.92 - - [31/Mar/2025:05:06:20 -0400] "GET / HTTP/1.1" 200 156172 "-" "Java/17.0.14"
198.54.114.83 - - [31/Mar/2025:05:08:31 -0400] "POST /wp-cron.php?doing_wp_cron=1743412111.2056639194488525390625 HTTP/1.1" 200 0 "-" "WordPress/6.7.2; https://realjuggahos.com"
167.172.130.206 - - [31/Mar/2025:05:08:27 -0400] "POST /wp-login.php HTTP/1.1" 503 7001 "-" "Mozilla/5.0"
198.54.114.83 - - [31/Mar/2025:05:08:31 -0400] "POST /wp-admin/admin-ajax.php?action=async_litespeed&nonce=FFRZOdhYe4DKaJAPeUwvWaej60rx5lzA&litespeed_type=imgoptm HTTP/1.1" 200 5 "-" "WordPress/6.7.2; https://realjuggahos.com"
185.213.245.221 - - [31/Mar/2025:05:08:36 -0400] "GET /forums/users/chastityhorning/ HTTP/1.1" 404 1251 "-" "Mozilla/5.0 (X11; Ubuntu; Linux x86_64; rv:114.0) Gecko/20100101 Firefox/114.0"
185.213.245.221 - - [31/Mar/2025:05:08:37 -0400] "GET / HTTP/1.1" 200 156172 "-" "Mozilla/5.0 (X11; Ubuntu; Linux x86_64; rv:114.0) Gecko/20100101 Firefox/114.0"
185.213.245.221 - - [31/Mar/2025:05:08:39 -0400] "GET /dp/B0D3RN5W37?ref=MarsFS_VICC_blinksqm HTTP/1.1" 404 1251 "https://www.realjuggahos.com" "Mozilla/5.0 (X11; Ubuntu; Linux x86_64; rv:114.0) Gecko/20100101 Firefox/114.0"
185.213.245.221 - - [31/Mar/2025:05:08:39 -0400] "GET / HTTP/1.1" 200 156172 "https://www.realjuggahos.com" "Mozilla/5.0 (X11; Ubuntu; Linux x86_64; rv:114.0) Gecko/20100101 Firefox/114.0"
195.2.85.173 - - [31/Mar/2025:05:09:57 -0400] "GET /top-5-uk-cbd-gummies/ HTTP/1.1" 404 1251 "https://realjuggahos.com/top-5-uk-cbd-gummies/" "Mozilla/5.0 (Windows NT 6.3; Win64; x64) AppleWebKit/537.36 (KHTML, like Gecko) Chrome/103.0.5060.66 Safari/537.36"
195.2.85.173 - - [31/Mar/2025:05:09:57 -0400] "GET / HTTP/1.1" 200 156172 "https://realjuggahos.com/" "Mozilla/5.0 (Windows NT 6.3; Win64; x64) AppleWebKit/537.36 (KHTML, like Gecko) Chrome/103.0.5060.66 Safari/537.36"
185.213.245.58 - - [31/Mar/2025:05:11:37 -0400] "GET /forums/users/chastityhorning/ HTTP/1.1" 404 1251 "-" "Mozilla/5.0 (Windows NT 10.0; Win64; x64) AppleWebKit/537.36 (KHTML, like Gecko) Chrome/114.0.0.0 Safari/537.36 Vivaldi/5.3.2679.68"
185.213.245.58 - - [31/Mar/2025:05:11:37 -0400] "GET / HTTP/1.1" 200 156172 "-" "Mozilla/5.0 (Windows NT 10.0; Win64; x64) AppleWebKit/537.36 (KHTML, like Gecko) Chrome/114.0.0.0 Safari/537.36 Vivaldi/5.3.2679.68"
185.213.245.58 - - [31/Mar/2025:05:11:39 -0400] "GET /dp/B0D3RN5W37?ref=MarsFS_VICC_blinksqm HTTP/1.1" 404 1251 "https://www.realjuggahos.com" "Mozilla/5.0 (Windows NT 10.0; Win64; x64) AppleWebKit/537.36 (KHTML, like Gecko) Chrome/114.0.0.0 Safari/537.36 Vivaldi/5.3.2679.68"
185.213.245.58 - - [31/Mar/2025:05:11:40 -0400] "GET / HTTP/1.1" 200 156172 "https://www.realjuggahos.com" "Mozilla/5.0 (Windows NT 10.0; Win64; x64) AppleWebKit/537.36 (KHTML, like Gecko) Chrome/114.0.0.0 Safari/537.36 Vivaldi/5.3.2679.68"
66.249.66.160 - - [31/Mar/2025:05:17:27 -0400] "GET /fastest-delivery-in-germany/ HTTP/1.1" 404 1251 "-" "Mozilla/5.0 (Linux; Android 6.0.1; Nexus 5X Build/MMB29P) AppleWebKit/537.36 (KHTML, like Gecko) Chrome/134.0.6998.165 Mobile Safari/537.36 (compatible; Googlebot/2.1; +http://www.google.com/bot.html)"
185.213.247.164 - - [31/Mar/2025:05:21:29 -0400] "GET /forums/users/chastityhorning/ HTTP/1.1" 404 1251 "-" "Mozilla/5.0 (Windows NT 10.0; WOW64) AppleWebKit/537.36 (KHTML, like Gecko) Chrome/114.0.0.0 Safari/537.36 Vivaldi/5.3.2679.68"
185.213.247.164 - - [31/Mar/2025:05:21:30 -0400] "GET / HTTP/1.1" 200 156172 "-" "Mozilla/5.0 (Windows NT 10.0; WOW64) AppleWebKit/537.36 (KHTML, like Gecko) Chrome/114.0.0.0 Safari/537.36 Vivaldi/5.3.2679.68"
185.213.247.164 - - [31/Mar/2025:05:21:32 -0400] "GET /dp/B0D3RN5W37?ref=MarsFS_VICC_blinksqm HTTP/1.1" 404 1251 "https://www.realjuggahos.com" "Mozilla/5.0 (Windows NT 10.0; WOW64) AppleWebKit/537.36 (KHTML, like Gecko) Chrome/114.0.0.0 Safari/537.36 Vivaldi/5.3.2679.68"
185.213.247.164 - - [31/Mar/2025:05:21:33 -0400] "GET / HTTP/1.1" 200 156172 "https://www.realjuggahos.com" "Mozilla/5.0 (Windows NT 10.0; WOW64) AppleWebKit/537.36 (KHTML, like Gecko) Chrome/114.0.0.0 Safari/537.36 Vivaldi/5.3.2679.68"
112.92.70.120 - - [31/Mar/2025:05:22:05 -0400] "GET /non-conducting-thermal-paste/ HTTP/1.1" 404 1251 "https://realjuggahos.com" "Mozilla/5.0 (Windows NT 10.0; Win64; x64) AppleWebKit/537.36 (KHTML, like Gecko) Chrome/62.0.3202.94 Safari/537.36"
112.92.70.120 - - [31/Mar/2025:05:22:06 -0400] "GET /non-conducting-thermal-paste/ HTTP/1.1" 404 1251 "https://realjuggahos.com" "Mozilla/5.0 (Windows NT 10.0; Win64; x64) AppleWebKit/537.36 (KHTML, like Gecko) Chrome/62.0.3202.94 Safari/537.36"
112.92.70.120 - - [31/Mar/2025:05:22:07 -0400] "GET /non-conducting-thermal-paste/ HTTP/1.1" 404 1251 "https://realjuggahos.com" "Mozilla/5.0 (Windows NT 10.0; Win64; x64) AppleWebKit/537.36 (KHTML, like Gecko) Chrome/62.0.3202.94 Safari/537.36"
112.92.70.120 - - [31/Mar/2025:05:22:08 -0400] "GET /non-conducting-thermal-paste/ HTTP/1.1" 404 1251 "https://realjuggahos.com" "Mozilla/5.0 (Windows NT 10.0; Win64; x64) AppleWebKit/537.36 (KHTML, like Gecko) Chrome/62.0.3202.94 Safari/537.36"
198.54.114.83 - - [31/Mar/2025:05:23:56 -0400] "POST /wp-cron.php?doing_wp_cron=1743413035.9778110980987548828125 HTTP/1.1" 200 0 "-" "WordPress/6.7.2; https://realjuggahos.com"
167.172.130.206 - - [31/Mar/2025:05:23:51 -0400] "POST /wp-login.php HTTP/1.1" 503 7001 "-" "Mozilla/5.0"
198.54.114.83 - - [31/Mar/2025:05:23:56 -0400] "POST /wp-admin/admin-ajax.php?action=async_litespeed&nonce=aaL3zCJKJrc251Q5guFZinpoNwDUq3Vb&litespeed_type=imgoptm HTTP/1.1" 200 5 "-" "WordPress/6.7.2; https://realjuggahos.com"
185.213.246.35 - - [31/Mar/2025:05:25:07 -0400] "GET /forums/users/chastityhorning/ HTTP/1.1" 404 1251 "-" "Mozilla/5.0 (Macintosh; Intel Mac OS X 12_5) AppleWebKit/537.36 (KHTML, like Gecko) Chrome/114.0.0.0 Safari/537.36 OPR/89.0.4447.51"
185.213.246.35 - - [31/Mar/2025:05:25:08 -0400] "GET / HTTP/1.1" 200 156172 "-" "Mozilla/5.0 (Macintosh; Intel Mac OS X 12_5) AppleWebKit/537.36 (KHTML, like Gecko) Chrome/114.0.0.0 Safari/537.36 OPR/89.0.4447.51"
185.213.246.35 - - [31/Mar/2025:05:25:09 -0400] "GET /dp/B0D3RN5W37?ref=MarsFS_VICC_blinksqm HTTP/1.1" 404 1251 "https://www.realjuggahos.com" "Mozilla/5.0 (Macintosh; Intel Mac OS X 12_5) AppleWebKit/537.36 (KHTML, like Gecko) Chrome/114.0.0.0 Safari/537.36 OPR/89.0.4447.51"
185.213.246.35 - - [31/Mar/2025:05:25:10 -0400] "GET / HTTP/1.1" 200 156172 "https://www.realjuggahos.com" "Mozilla/5.0 (Macintosh; Intel Mac OS X 12_5) AppleWebKit/537.36 (KHTML, like Gecko) Chrome/114.0.0.0 Safari/537.36 OPR/89.0.4447.51"
185.213.245.209 - - [31/Mar/2025:05:30:16 -0400] "GET /forums/users/chastityhorning/ HTTP/1.1" 404 1251 "-" "Mozilla/5.0 (Windows NT 10.0; Win64; x64) AppleWebKit/537.36 (KHTML, like Gecko) Chrome/114.0.0.0 Safari/537.36 OPR/89.0.4447.51"
185.213.245.209 - - [31/Mar/2025:05:30:17 -0400] "GET / HTTP/1.1" 200 156172 "-" "Mozilla/5.0 (Windows NT 10.0; Win64; x64) AppleWebKit/537.36 (KHTML, like Gecko) Chrome/114.0.0.0 Safari/537.36 OPR/89.0.4447.51"
185.213.245.209 - - [31/Mar/2025:05:30:18 -0400] "GET /dp/B0D3RN5W37?ref=MarsFS_VICC_blinksqm HTTP/1.1" 404 1251 "https://www.realjuggahos.com" "Mozilla/5.0 (Windows NT 10.0; Win64; x64) AppleWebKit/537.36 (KHTML, like Gecko) Chrome/114.0.0.0 Safari/537.36 OPR/89.0.4447.51"
185.213.245.209 - - [31/Mar/2025:05:30:19 -0400] "GET / HTTP/1.1" 200 156172 "https://www.realjuggahos.com" "Mozilla/5.0 (Windows NT 10.0; Win64; x64) AppleWebKit/537.36 (KHTML, like Gecko) Chrome/114.0.0.0 Safari/537.36 OPR/89.0.4447.51"
52.45.47.38 - - [31/Mar/2025:05:37:04 -0400] "GET /the-best-soccer-grip-socks-2/ HTTP/1.1" 404 1251 "-" "Grammarly/1.0 (http://www.grammarly.com)"
114.119.139.43 - - [31/Mar/2025:05:38:22 -0400] "GET /choosing-an-online-casino/ HTTP/1.1" 404 1251 "https://realjuggahos.com/choosing-an-online-casino/" "Mozilla/5.0 (Linux; Android 7.0;) AppleWebKit/537.36 (KHTML, like Gecko) Mobile Safari/537.36 (compatible; PetalBot;+https://webmaster.petalsearch.com/site/petalbot)"
198.54.114.83 - - [31/Mar/2025:05:40:36 -0400] "POST /wp-admin/admin-ajax.php?action=async_litespeed&nonce=egAH5J9XEeJIrulfOM1csVdylSxW5qw3&litespeed_type=imgoptm HTTP/1.1" 200 5 "-" "WordPress/6.7.2; https://realjuggahos.com"
149.88.101.23 - - [31/Mar/2025:05:40:51 -0400] "GET /wp-login.php?action=register HTTP/1.1" 302 0 "http://realjuggahos.com/wp-signup.php?FoX=sQFLZ" "Go-http-client/2.0"
149.88.101.23 - - [31/Mar/2025:05:40:52 -0400] "GET /wp-login.php?registration=disabled HTTP/1.1" 200 1799 "https://realjuggahos.com/wp-login.php?action=register" "Go-http-client/2.0"
198.54.114.83 - - [31/Mar/2025:05:41:01 -0400] "POST /wp-admin/admin-ajax.php?action=async_litespeed&nonce=jz7kYPkkaw5KXx4QbZ8gqf3ZuM6Z3BHJ&litespeed_type=imgoptm HTTP/1.1" 200 5 "-" "WordPress/6.7.2; https://realjuggahos.com"
149.88.101.23 - - [31/Mar/2025:05:41:02 -0400] "GET /wp-admin/user/about.php?p= HTTP/1.1" 302 0 "http://realjuggahos.com/wp-admin/user/about.php?p=" "Go-http-client/2.0"
149.88.101.23 - - [31/Mar/2025:05:41:02 -0400] "GET /wp-login.php?redirect_to=https%3A%2F%2Frealjuggahos.com%2Fwp-admin%2Fuser%2Fabout.php%3Fp%3D&reauth=1 HTTP/1.1" 200 1752 "https://realjuggahos.com/wp-admin/user/about.php?p=" "Go-http-client/2.0"
185.213.247.165 - - [31/Mar/2025:05:41:53 -0400] "GET /forums/users/chastityhorning/ HTTP/1.1" 404 1251 "-" "Mozilla/5.0 (Windows NT 10.0; WOW64) AppleWebKit/537.36 (KHTML, like Gecko) Chrome/114.0.0.0 Safari/537.36"
185.213.247.165 - - [31/Mar/2025:05:41:54 -0400] "GET / HTTP/1.1" 200 156172 "-" "Mozilla/5.0 (Windows NT 10.0; WOW64) AppleWebKit/537.36 (KHTML, like Gecko) Chrome/114.0.0.0 Safari/537.36"
185.213.247.165 - - [31/Mar/2025:05:41:55 -0400] "GET /dp/B0D3RN5W37?ref=MarsFS_VICC_blinksqm HTTP/1.1" 404 1251 "https://www.realjuggahos.com" "Mozilla/5.0 (Windows NT 10.0; WOW64) AppleWebKit/537.36 (KHTML, like Gecko) Chrome/114.0.0.0 Safari/537.36"
185.213.247.165 - - [31/Mar/2025:05:41:55 -0400] "GET / HTTP/1.1" 200 156172 "https://www.realjuggahos.com" "Mozilla/5.0 (Windows NT 10.0; WOW64) AppleWebKit/537.36 (KHTML, like Gecko) Chrome/114.0.0.0 Safari/537.36"
185.213.247.242 - - [31/Mar/2025:05:42:02 -0400] "GET /forums/users/chastityhorning/ HTTP/1.1" 404 1251 "-" "Mozilla/5.0 (Windows NT 10.0; Win64; x64) AppleWebKit/537.36 (KHTML, like Gecko) Chrome/114.0.0.0 Safari/537.36 Vivaldi/5.3.2679.68"
185.213.247.242 - - [31/Mar/2025:05:42:03 -0400] "GET / HTTP/1.1" 200 156172 "-" "Mozilla/5.0 (Windows NT 10.0; Win64; x64) AppleWebKit/537.36 (KHTML, like Gecko) Chrome/114.0.0.0 Safari/537.36 Vivaldi/5.3.2679.68"
185.213.247.242 - - [31/Mar/2025:05:42:04 -0400] "GET /dp/B0D3RN5W37?ref=MarsFS_VICC_blinksqm HTTP/1.1" 404 1251 "https://www.realjuggahos.com" "Mozilla/5.0 (Windows NT 10.0; Win64; x64) AppleWebKit/537.36 (KHTML, like Gecko) Chrome/114.0.0.0 Safari/537.36 Vivaldi/5.3.2679.68"
185.213.247.242 - - [31/Mar/2025:05:42:05 -0400] "GET / HTTP/1.1" 200 156172 "https://www.realjuggahos.com" "Mozilla/5.0 (Windows NT 10.0; Win64; x64) AppleWebKit/537.36 (KHTML, like Gecko) Chrome/114.0.0.0 Safari/537.36 Vivaldi/5.3.2679.68"
198.54.114.83 - - [31/Mar/2025:05:42:11 -0400] "POST /wp-admin/admin-ajax.php?action=async_litespeed&nonce=yW9Qvmhsp1Ebqi7f6cWkcwPOvgV11VR1&litespeed_type=imgoptm HTTP/1.1" 200 5 "-" "WordPress/6.7.2; https://realjuggahos.com"
149.88.101.23 - - [31/Mar/2025:05:42:12 -0400] "GET /wp-login.php?action=register HTTP/1.1" 302 0 "http://realjuggahos.com/wp-login.php?action=register" "Go-http-client/2.0"
149.88.101.23 - - [31/Mar/2025:05:42:12 -0400] "GET /wp-login.php?registration=disabled HTTP/1.1" 200 1798 "https://realjuggahos.com/wp-login.php?action=register" "Go-http-client/2.0"
185.213.245.130 - - [31/Mar/2025:05:42:19 -0400] "GET /forums/users/chastityhorning/ HTTP/1.1" 404 1251 "-" "Mozilla/5.0 (Windows NT 10.0; WOW64; x64) AppleWebKit/537.36 (KHTML, like Gecko) Chrome/114.0.0.0 Safari/537.36 OPR/89.0.4447.51"
185.213.245.130 - - [31/Mar/2025:05:42:20 -0400] "GET / HTTP/1.1" 200 156172 "-" "Mozilla/5.0 (Windows NT 10.0; WOW64; x64) AppleWebKit/537.36 (KHTML, like Gecko) Chrome/114.0.0.0 Safari/537.36 OPR/89.0.4447.51"
149.88.101.23 - - [31/Mar/2025:05:42:20 -0400] "GET /wp-login.php HTTP/1.1" 200 1740 "http://realjuggahos.com/wp-login.php" "Go-http-client/2.0"
185.213.245.130 - - [31/Mar/2025:05:42:21 -0400] "GET /dp/B0D3RN5W37?ref=MarsFS_VICC_blinksqm HTTP/1.1" 404 1251 "https://www.realjuggahos.com" "Mozilla/5.0 (Windows NT 10.0; WOW64; x64) AppleWebKit/537.36 (KHTML, like Gecko) Chrome/114.0.0.0 Safari/537.36 OPR/89.0.4447.51"
185.213.245.130 - - [31/Mar/2025:05:42:21 -0400] "GET / HTTP/1.1" 200 156172 "https://www.realjuggahos.com" "Mozilla/5.0 (Windows NT 10.0; WOW64; x64) AppleWebKit/537.36 (KHTML, like Gecko) Chrome/114.0.0.0 Safari/537.36 OPR/89.0.4447.51"
149.88.101.23 - - [31/Mar/2025:05:42:37 -0400] "GET /wp-login.php?action=register HTTP/1.1" 302 0 "http://realjuggahos.com/wp-activate.php" "Go-http-client/2.0"
149.88.101.23 - - [31/Mar/2025:05:42:39 -0400] "GET /wp-login.php?registration=disabled HTTP/1.1" 200 1798 "https://realjuggahos.com/wp-login.php?action=register" "Go-http-client/2.0"
198.54.114.83 - - [31/Mar/2025:05:43:16 -0400] "POST /wp-admin/admin-ajax.php?action=async_litespeed&nonce=rD7l6XwXwSq9QSi94ty0EeFicPhN6adC&litespeed_type=imgoptm HTTP/1.1" 200 5 "-" "WordPress/6.7.2; https://realjuggahos.com"
149.88.101.23 - - [31/Mar/2025:05:43:17 -0400] "GET /wp-admin/admin.php HTTP/1.1" 302 0 "http://realjuggahos.com/wp-admin/admin.php" "Go-http-client/2.0"
149.88.101.23 - - [31/Mar/2025:05:43:19 -0400] "GET /wp-login.php?redirect_to=https%3A%2F%2Frealjuggahos.com%2Fwp-admin%2Fadmin.php&reauth=1 HTTP/1.1" 200 1743 "https://realjuggahos.com/wp-admin/admin.php" "Go-http-client/2.0"
149.88.101.23 - - [31/Mar/2025:05:43:22 -0400] "GET /wp-admin/about.php HTTP/1.1" 302 0 "http://realjuggahos.com/wp-admin/about.php" "Go-http-client/2.0"
149.88.101.23 - - [31/Mar/2025:05:43:22 -0400] "GET /wp-login.php?redirect_to=https%3A%2F%2Frealjuggahos.com%2Fwp-admin%2Fabout.php&reauth=1 HTTP/1.1" 200 1746 "https://realjuggahos.com/wp-admin/about.php" "Go-http-client/2.0"
185.213.245.59 - - [31/Mar/2025:05:43:38 -0400] "GET /forums/users/chastityhorning/ HTTP/1.1" 404 1251 "-" "Mozilla/5.0 (Windows NT 10.0; Win64; x64) AppleWebKit/537.36 (KHTML, like Gecko) Chrome/114.0.0.0 Safari/537.36 OPR/89.0.4447.51"
185.213.245.59 - - [31/Mar/2025:05:43:38 -0400] "GET / HTTP/1.1" 200 156172 "-" "Mozilla/5.0 (Windows NT 10.0; Win64; x64) AppleWebKit/537.36 (KHTML, like Gecko) Chrome/114.0.0.0 Safari/537.36 OPR/89.0.4447.51"
185.213.245.59 - - [31/Mar/2025:05:43:40 -0400] "GET /dp/B0D3RN5W37?ref=MarsFS_VICC_blinksqm HTTP/1.1" 404 1251 "https://www.realjuggahos.com" "Mozilla/5.0 (Windows NT 10.0; Win64; x64) AppleWebKit/537.36 (KHTML, like Gecko) Chrome/114.0.0.0 Safari/537.36 OPR/89.0.4447.51"
185.213.245.59 - - [31/Mar/2025:05:43:40 -0400] "GET / HTTP/1.1" 200 156172 "https://www.realjuggahos.com" "Mozilla/5.0 (Windows NT 10.0; Win64; x64) AppleWebKit/537.36 (KHTML, like Gecko) Chrome/114.0.0.0 Safari/537.36 OPR/89.0.4447.51"
149.88.101.23 - - [31/Mar/2025:05:43:56 -0400] "GET /wp-admin/network/about.php HTTP/1.1" 302 0 "http://realjuggahos.com/wp-admin/network/about.php" "Go-http-client/2.0"
149.88.101.23 - - [31/Mar/2025:05:43:56 -0400] "GET /wp-login.php?redirect_to=https%3A%2F%2Frealjuggahos.com%2Fwp-admin%2Fnetwork%2Fabout.php&reauth=1 HTTP/1.1" 200 0 "https://realjuggahos.com/wp-admin/network/about.php" "Go-http-client/2.0"
198.54.114.83 - - [31/Mar/2025:05:44:07 -0400] "POST /wp-admin/admin-ajax.php?action=async_litespeed&nonce=x7rmQLHWhyJOUbVCw3Jphf9K9QVQaSzJ&litespeed_type=imgoptm HTTP/1.1" 200 5 "-" "WordPress/6.7.2; https://realjuggahos.com"
66.249.66.169 - - [31/Mar/2025:05:46:02 -0400] "GET /seamless-connectivity-exploring-the-evolution-of-bluetooth-headsets/ HTTP/1.1" 404 1251 "-" "Mozilla/5.0 (Linux; Android 6.0.1; Nexus 5X Build/MMB29P) AppleWebKit/537.36 (KHTML, like Gecko) Chrome/134.0.6998.165 Mobile Safari/537.36 (compatible; Googlebot/2.1; +http://www.google.com/bot.html)"
209.141.56.126 - - [31/Mar/2025:05:47:12 -0400] "GET /wp-login.php HTTP/1.1" 200 1740 "-" "Mozilla/5.0 (Windows NT 6.1; WOW64; rv:24.0) Gecko/20100101 Firefox/24.0"
198.54.114.83 - - [31/Mar/2025:05:47:16 -0400] "POST /wp-cron.php?doing_wp_cron=1743414435.9678030014038085937500 HTTP/1.1" 200 0 "-" "WordPress/6.7.2; https://realjuggahos.com"
209.141.56.126 - - [31/Mar/2025:05:47:12 -0400] "POST /wp-login.php HTTP/1.1" 200 1881 "-" "Mozilla/5.0 (Windows NT 6.1; WOW64; rv:24.0) Gecko/20100101 Firefox/24.0"
185.220.101.10 - - [31/Mar/2025:05:47:17 -0400] "GET / HTTP/1.1" 200 156172 "https://realjuggahos.com" "Mozilla/5.0 (Windows NT 6.3; Win64; x64; Trident/7.0; rv:11.0) like Gecko"
198.54.114.83 - - [31/Mar/2025:05:47:16 -0400] "POST /wp-admin/admin-ajax.php?action=async_litespeed&nonce=EnF7gGD2HreapELEL9k8qigx6GyySZTC&litespeed_type=imgoptm HTTP/1.1" 200 5 "-" "WordPress/6.7.2; https://realjuggahos.com"
198.54.114.83 - - [31/Mar/2025:05:51:06 -0400] "POST /wp-cron.php?doing_wp_cron=1743414665.8911519050598144531250 HTTP/1.1" 200 0 "-" "WordPress/6.7.2; https://realjuggahos.com"
167.172.130.206 - - [31/Mar/2025:05:51:02 -0400] "POST /wp-login.php HTTP/1.1" 503 7001 "-" "Mozilla/5.0"
198.54.114.83 - - [31/Mar/2025:05:51:06 -0400] "POST /wp-admin/admin-ajax.php?action=async_litespeed&nonce=tGAT9SopKAOz6bbE7JIwbWJdE7xShDQ9&litespeed_type=imgoptm HTTP/1.1" 200 5 "-" "WordPress/6.7.2; https://realjuggahos.com"
85.208.98.16 - - [31/Mar/2025:05:54:42 -0400] "GET /buy-youtube-views-online-non-drop/ HTTP/1.1" 404 1251 "-" "Mozilla/5.0 (compatible; SemrushBot-BA; +http://www.semrush.com/bot.html)"
45.128.38.94 - - [31/Mar/2025:05:54:55 -0400] "GET /forums/users/deliatrask10/ HTTP/1.1" 404 1251 "https://www.realjuggahos.com/forums/users/deliatrask10/" "Mozilla/5.0 (Windows NT 10.0; Win64; x64) AppleWebKit/537.36 (KHTML, like Gecko) Chrome/130.0.0.0 Safari/537.36 CCleaner/130.0.0.0"
45.128.38.94 - - [31/Mar/2025:05:54:56 -0400] "GET / HTTP/1.1" 200 156172 "https://www.realjuggahos.com/" "Mozilla/5.0 (Windows NT 10.0; Win64; x64) AppleWebKit/537.36 (KHTML, like Gecko) Chrome/130.0.0.0 Safari/537.36 CCleaner/130.0.0.0"
109.70.100.66 - - [31/Mar/2025:05:55:08 -0400] "GET / HTTP/1.1" 200 156172 "https://realjuggahos.com" "Mozilla/5.0 (compatible; DuckDuckGo-Favicons-Bot/1.0; +http://duckduckgo.com)"
2a02:598:128:8a00::b00:1e - - [31/Mar/2025:05:57:42 -0400] "GET /how-to-find-the-best-soccer-grip-socks/ HTTP/1.1" 404 1251 "-" "Mozilla/5.0 (compatible; SeznamBot/4.0; +https://o-seznam.cz/napoveda/vyhledavani/en/seznambot-crawler/)"
43.155.157.59 - - [31/Mar/2025:06:01:51 -0400] "GET /gluten-free-brownies/ HTTP/1.1" 404 1251 "https://realjuggahos.com" "Mozilla/5.0 (Windows NT 10.0; Win64; x64) AppleWebKit/537.36 (KHTML, like Gecko) Chrome/62.0.3202.94 Safari/537.36"
43.155.157.59 - - [31/Mar/2025:06:01:52 -0400] "GET /gluten-free-brownies/ HTTP/1.1" 404 1251 "https://realjuggahos.com" "Mozilla/5.0 (Windows NT 10.0; Win64; x64) AppleWebKit/537.36 (KHTML, like Gecko) Chrome/62.0.3202.94 Safari/537.36"
43.155.157.59 - - [31/Mar/2025:06:01:53 -0400] "GET /gluten-free-brownies/ HTTP/1.1" 404 1251 "https://realjuggahos.com" "Mozilla/5.0 (Windows NT 10.0; Win64; x64) AppleWebKit/537.36 (KHTML, like Gecko) Chrome/62.0.3202.94 Safari/537.36"
43.155.157.59 - - [31/Mar/2025:06:01:55 -0400] "GET /gluten-free-brownies/ HTTP/1.1" 404 1251 "https://realjuggahos.com" "Mozilla/5.0 (Windows NT 10.0; Win64; x64) AppleWebKit/537.36 (KHTML, like Gecko) Chrome/62.0.3202.94 Safari/537.36"
114.119.131.199 - - [31/Mar/2025:06:02:36 -0400] "GET /ruqyah-paper-dissolvable-quran-islamic-supplications/ HTTP/1.1" 404 1251 "https://realjuggahos.com/ruqyah-paper-dissolvable-quran-islamic-supplications/" "Mozilla/5.0 (Linux; Android 7.0;) AppleWebKit/537.36 (KHTML, like Gecko) Mobile Safari/537.36 (compatible; PetalBot;+https://webmaster.petalsearch.com/site/petalbot)"
54.36.149.81 - - [31/Mar/2025:06:02:41 -0400] "GET /robots.txt HTTP/1.1" 304 0 "-" "Mozilla/5.0 (compatible; AhrefsBot/7.0; +http://ahrefs.com/robot/)"
47.79.105.125 - - [31/Mar/2025:06:02:44 -0400] "GET / HTTP/1.1" 200 156172 "https://www.google.com/" "Mozilla/5.0 (Linux; Android 10; K) AppleWebKit/537.36 (KHTML, like Gecko) Chrome/132.0.0.0 Mobile Safari/537.36"
114.119.137.204 - - [31/Mar/2025:06:04:00 -0400] "GET /real-estate-how-can-hard-money-lenders-close-loans-so-quickly/ HTTP/1.1" 404 1251 "https://realjuggahos.com/real-estate-how-can-hard-money-lenders-close-loans-so-quickly/" "Mozilla/5.0 (Linux; Android 7.0;) AppleWebKit/537.36 (KHTML, like Gecko) Mobile Safari/537.36 (compatible; PetalBot;+https://webmaster.petalsearch.com/site/petalbot)"
2a02:598:96:8a00::1200:122 - - [31/Mar/2025:06:04:39 -0400] "GET /top-online-casinos-and-gambling-tips-articles/ HTTP/1.1" 404 1251 "-" "Mozilla/5.0 (compatible; SeznamBot/4.0; +https://o-seznam.cz/napoveda/vyhledavani/en/seznambot-crawler/)"
114.119.150.249 - - [31/Mar/2025:06:05:23 -0400] "GET /fenben-as-a-cancer-treatment/ HTTP/1.1" 404 1251 "https://realjuggahos.com/fenben-as-a-cancer-treatment/" "Mozilla/5.0 (Linux; Android 7.0;) AppleWebKit/537.36 (KHTML, like Gecko) Mobile Safari/537.36 (compatible; PetalBot;+https://webmaster.petalsearch.com/site/petalbot)"
47.128.122.0 - - [31/Mar/2025:06:05:38 -0400] "GET /the-dr-nowzaradan-diet/ HTTP/1.1" 404 1251 "-" "Mozilla/5.0 (Linux; Android 5.0) AppleWebKit/537.36 (KHTML, like Gecko) Mobile Safari/537.36 (compatible; TikTokSpider; ttspider-feedback@tiktok.com)"
198.54.114.83 - - [31/Mar/2025:06:06:39 -0400] "POST /wp-cron.php?doing_wp_cron=1743415599.0619299411773681640625 HTTP/1.1" 200 0 "-" "WordPress/6.7.2; https://realjuggahos.com"
167.172.130.206 - - [31/Mar/2025:06:06:33 -0400] "POST /wp-login.php HTTP/1.1" 503 6998 "-" "Mozilla/5.0"
198.54.114.83 - - [31/Mar/2025:06:06:39 -0400] "POST /wp-admin/admin-ajax.php?action=async_litespeed&nonce=8pYcHTQkJ0PEHBQRGs7POjPItMDzEvLU&litespeed_type=imgoptm HTTP/1.1" 200 0 "-" "WordPress/6.7.2; https://realjuggahos.com"
114.119.139.43 - - [31/Mar/2025:06:06:50 -0400] "GET /expertenrat-fur-schneidebretter/ HTTP/1.1" 404 1251 "https://realjuggahos.com/expertenrat-fur-schneidebretter/" "Mozilla/5.0 (Linux; Android 7.0;) AppleWebKit/537.36 (KHTML, like Gecko) Mobile Safari/537.36 (compatible; PetalBot;+https://webmaster.petalsearch.com/site/petalbot)"
94.181.156.210 - - [31/Mar/2025:06:07:55 -0400] "GET /navigating-the-anyone-protocol-staking-dashboard/ HTTP/1.1" 404 1251 "-" "Mozilla/5.0 (Windows NT 6.3; Win64; x64) AppleWebKit/537.36 (KHTML, like Gecko) Chrome/75.0.3770.100 Safari/537.36"
2a03:2880:f800:14:: - - [31/Mar/2025:06:08:08 -0400] "GET /tiktok-saves-buy-unleashing-the-power-of-social-commerce/ HTTP/1.1" 404 1251 "-" "meta-externalagent/1.1 (+https://developers.facebook.com/docs/sharing/webmasters/crawler)"
110.74.206.106 - - [31/Mar/2025:06:11:07 -0400] "GET /wp-login.php HTTP/1.1" 200 1740 "-" "python-requests/2.31.0"
198.54.114.83 - - [31/Mar/2025:06:11:12 -0400] "POST /wp-cron.php?doing_wp_cron=1743415871.8801660537719726562500 HTTP/1.1" 200 0 "-" "WordPress/6.7.2; https://realjuggahos.com"
198.54.114.83 - - [31/Mar/2025:06:11:12 -0400] "POST /wp-admin/admin-ajax.php?action=async_litespeed&nonce=Q5v249oWBwsJ1s2AFc6FnXTFu0Ke6nA3&litespeed_type=imgoptm HTTP/1.1" 200 0 "-" "WordPress/6.7.2; https://realjuggahos.com"
110.74.206.106 - - [31/Mar/2025:06:11:07 -0400] "POST /wp-login.php HTTP/1.1" 503 7000 "-" "Mozilla/5.0 (X11; Linux x86_64) AppleWebKit/537.36 (KHTML, like Gecko) Chrome/83.0.4103.101 Safari/537.36"
66.249.66.160 - - [31/Mar/2025:06:14:36 -0400] "GET /dp/B091D9R5XX?ref=MarsFS_VICC_rvdwired HTTP/1.1" 404 1251 "-" "Mozilla/5.0 (Linux; Android 6.0.1; Nexus 5X Build/MMB29P) AppleWebKit/537.36 (KHTML, like Gecko) Chrome/134.0.6998.165 Mobile Safari/537.36 (compatible; Googlebot/2.1; +http://www.google.com/bot.html)"
62.113.113.106 - - [31/Mar/2025:06:15:39 -0400] "GET /top-5-uk-cbd-gummies/ HTTP/1.1" 404 1251 "https://realjuggahos.com/top-5-uk-cbd-gummies/" "Mozilla/5.0 (Windows NT 10.0; Win64; x64) AppleWebKit/537.36 (KHTML, like Gecko) Chrome/131.0.0.0 Safari/537.36"
62.113.113.106 - - [31/Mar/2025:06:15:39 -0400] "GET / HTTP/1.1" 200 156172 "https://realjuggahos.com/" "Mozilla/5.0 (Windows NT 10.0; Win64; x64) AppleWebKit/537.36 (KHTML, like Gecko) Chrome/131.0.0.0 Safari/537.36"
154.30.107.177 - - [31/Mar/2025:06:21:24 -0400] "GET /forums/users/marcelocatani5/ HTTP/1.1" 404 1251 "-" "Mozilla/5.0 (X11; Linux x86_64) AppleWebKit/537.36 (KHTML, like Gecko) Chrome/114.0.0.0 Safari/537.36"
154.30.109.121 - - [31/Mar/2025:06:21:26 -0400] "GET / HTTP/1.1" 200 156172 "-" "Mozilla/5.0 (X11; Linux x86_64) AppleWebKit/537.36 (KHTML, like Gecko) Chrome/114.0.0.0 Safari/537.36"
154.30.109.121 - - [31/Mar/2025:06:21:38 -0400] "GET /dp/B0D3RN5W37?ref=MarsFS_VICC_blinksqm HTTP/1.1" 404 1251 "https://www.realjuggahos.com" "Mozilla/5.0 (X11; Linux x86_64) AppleWebKit/537.36 (KHTML, like Gecko) Chrome/114.0.0.0 Safari/537.36"
154.30.109.121 - - [31/Mar/2025:06:21:40 -0400] "GET / HTTP/1.1" 200 156172 "https://www.realjuggahos.com" "Mozilla/5.0 (X11; Linux x86_64) AppleWebKit/537.36 (KHTML, like Gecko) Chrome/114.0.0.0 Safari/537.36"
185.191.171.2 - - [31/Mar/2025:06:26:13 -0400] "GET /the-perfect-way-to-unwind-during-business-trips/ HTTP/1.1" 404 1251 "-" "Mozilla/5.0 (compatible; SemrushBot/7~bl; +http://www.semrush.com/bot.html)"
2a03:2880:f800:6:: - - [31/Mar/2025:06:27:41 -0400] "GET /accounting-hattingen/ HTTP/1.1" 404 1251 "-" "meta-externalagent/1.1 (+https://developers.facebook.com/docs/sharing/webmasters/crawler)"
43.155.157.59 - - [31/Mar/2025:06:32:12 -0400] "GET /immobilienkredit/ HTTP/1.1" 404 1251 "https://realjuggahos.com" "Mozilla/5.0 (Windows NT 10.0; Win64; x64) AppleWebKit/537.36 (KHTML, like Gecko) Chrome/62.0.3202.94 Safari/537.36"
43.155.157.59 - - [31/Mar/2025:06:32:13 -0400] "GET /immobilienkredit/ HTTP/1.1" 404 1251 "https://realjuggahos.com" "Mozilla/5.0 (Windows NT 10.0; Win64; x64) AppleWebKit/537.36 (KHTML, like Gecko) Chrome/62.0.3202.94 Safari/537.36"
43.155.157.59 - - [31/Mar/2025:06:32:17 -0400] "GET /immobilienkredit/ HTTP/1.1" 404 1251 "https://realjuggahos.com" "Mozilla/5.0 (Windows NT 10.0; Win64; x64) AppleWebKit/537.36 (KHTML, like Gecko) Chrome/62.0.3202.94 Safari/537.36"
43.155.157.59 - - [31/Mar/2025:06:32:17 -0400] "GET /immobilienkredit/ HTTP/1.1" 404 1251 "https://realjuggahos.com" "Mozilla/5.0 (Windows NT 10.0; Win64; x64) AppleWebKit/537.36 (KHTML, like Gecko) Chrome/62.0.3202.94 Safari/537.36"
198.54.114.83 - - [31/Mar/2025:06:34:15 -0400] "POST /wp-cron.php?doing_wp_cron=1743417254.7859830856323242187500 HTTP/1.1" 200 0 "-" "WordPress/6.7.2; https://realjuggahos.com"
167.172.130.206 - - [31/Mar/2025:06:34:09 -0400] "POST /wp-login.php HTTP/1.1" 503 6998 "-" "Mozilla/5.0"
198.54.114.83 - - [31/Mar/2025:06:34:16 -0400] "POST /wp-admin/admin-ajax.php?action=async_litespeed&nonce=qEEyB3NL2AX2FoCHmuXs1rZRozICQslN&litespeed_type=imgoptm HTTP/1.1" 200 0 "-" "WordPress/6.7.2; https://realjuggahos.com"
66.249.66.160 - - [31/Mar/2025:06:34:23 -0400] "GET /the-convenience-of-online-prescription-glasses-shopping/ HTTP/1.1" 404 1251 "-" "Mozilla/5.0 (Linux; Android 6.0.1; Nexus 5X Build/MMB29P) AppleWebKit/537.36 (KHTML, like Gecko) Chrome/134.0.6998.165 Mobile Safari/537.36 (compatible; Googlebot/2.1; +http://www.google.com/bot.html)"
2a02:598:128:8a00::b00:1e - - [31/Mar/2025:06:35:28 -0400] "GET /the-ultimate-guide-of-clean-and-organized-kitchen/ HTTP/1.1" 404 1251 "-" "Mozilla/5.0 (compatible; SeznamBot/4.0; +https://o-seznam.cz/napoveda/vyhledavani/en/seznambot-crawler/)"
114.119.139.43 - - [31/Mar/2025:06:35:53 -0400] "GET /Amazon/b/ref=bl_dp_s_web_7940963051?ie=UTF8&node=7940963051&=Amazon HTTP/1.1" 404 1251 "https://www.realjuggahos.com/?MD" "Mozilla/5.0 (Linux; Android 7.0;) AppleWebKit/537.36 (KHTML, like Gecko) Mobile Safari/537.36 (compatible; PetalBot;+https://webmaster.petalsearch.com/site/petalbot)"
66.249.66.160 - - [31/Mar/2025:06:36:17 -0400] "GET /how-to-mount-a-tv-properly/ HTTP/1.1" 404 1251 "-" "Mozilla/5.0 (Linux; Android 6.0.1; Nexus 5X Build/MMB29P) AppleWebKit/537.36 (KHTML, like Gecko) Chrome/134.0.6998.165 Mobile Safari/537.36 (compatible; Googlebot/2.1; +http://www.google.com/bot.html)"
114.119.145.65 - - [31/Mar/2025:06:37:18 -0400] "GET /unveiling-the-marvels-of-tretinoin-cream-in-the-uk/ HTTP/1.1" 404 1251 "https://realjuggahos.com/unveiling-the-marvels-of-tretinoin-cream-in-the-uk/" "Mozilla/5.0 (Linux; Android 7.0;) AppleWebKit/537.36 (KHTML, like Gecko) Mobile Safari/537.36 (compatible; PetalBot;+https://webmaster.petalsearch.com/site/petalbot)"
