149.88.101.23 - - [31/Mar/2025:09:54:27 -0400] "GET /wp-includes/js/tinymce/profile.php HTTP/1.1" 200 97489 "-" "Go-http-client/1.1"
149.88.101.23 - - [31/Mar/2025:09:54:27 -0400] "GET /images/wp-login.php HTTP/1.1" 200 97645 "-" "Go-http-client/1.1"
149.88.101.23 - - [31/Mar/2025:09:54:28 -0400] "GET /vendor/phpunit/phpunit/src/Util/PHP/kill.php HTTP/1.1" 200 97634 "-" "Go-http-client/1.1"
149.88.101.23 - - [31/Mar/2025:09:54:28 -0400] "GET /worksec.php HTTP/1.1" 200 97634 "-" "Go-http-client/1.1"
149.88.101.23 - - [31/Mar/2025:09:54:29 -0400] "GET /wp-includes/class-json-meta.php HTTP/1.1" 200 97612 "-" "Go-http-client/1.1"
149.88.101.23 - - [31/Mar/2025:09:54:29 -0400] "GET /user.php HTTP/1.1" 200 97612 "-" "Go-http-client/1.1"
149.88.101.23 - - [31/Mar/2025:09:54:29 -0400] "GET /.well-known/pki-validation/cong.php HTTP/1.1" 404 1251 "-" "Go-http-client/1.1"
149.88.101.23 - - [31/Mar/2025:09:54:29 -0400] "GET /wp-includes/SimplePie/about.php HTTP/1.1" 200 97529 "-" "Go-http-client/1.1"
149.88.101.23 - - [31/Mar/2025:09:54:30 -0400] "GET /wp-cron.php?ac=3 HTTP/1.1" 200 0 "-" "Go-http-client/1.1"
149.88.101.23 - - [31/Mar/2025:09:54:30 -0400] "GET /wp-content/themes/hideo/network.php HTTP/1.1" 200 97489 "-" "Go-http-client/1.1"
149.88.101.23 - - [31/Mar/2025:09:54:30 -0400] "GET /wp-admin/maint/upfile.php HTTP/1.1" 200 97489 "-" "Go-http-client/1.1"
149.88.101.23 - - [31/Mar/2025:09:54:31 -0400] "GET /wp-commentin.php?pass=f0aab4595a024d626315fb786dce8282 HTTP/1.1" 200 97524 "-" "Go-http-client/1.1"
149.88.101.23 - - [31/Mar/2025:09:54:31 -0400] "GET /ss.php?c%20c HTTP/1.1" 200 97529 "-" "Go-http-client/1.1"
149.88.101.23 - - [31/Mar/2025:09:54:31 -0400] "GET /wp-content/themes/travelscape/json.php HTTP/1.1" 200 97489 "-" "Go-http-client/1.1"
149.88.101.23 - - [31/Mar/2025:09:54:31 -0400] "GET //gelay.php HTTP/1.1" 200 97489 "-" "Go-http-client/1.1"
149.88.101.23 - - [31/Mar/2025:09:54:32 -0400] "GET //wp_wrong_datlib.php HTTP/1.1" 200 97612 "-" "Go-http-client/1.1"
149.88.101.23 - - [31/Mar/2025:09:54:32 -0400] "GET //wp-content/themes/digital-download/new.php HTTP/1.1" 200 97542 "-" "Go-http-client/1.1"
121.229.185.160 - - [31/Mar/2025:10:19:29 -0400] "GET / HTTP/1.1" 200 97542 "-" "Mozilla/5.0 (iPhone; CPU iPhone OS 13_2_3 like Mac OS X) AppleWebKit/605.1.15 (KHTML, like Gecko) Version/13.0.3 Mobile/15E148 Safari/604.1"
216.244.66.202 - - [31/Mar/2025:11:01:37 -0400] "GET /robots.txt HTTP/1.1" 200 97634 "-" "Mozilla/5.0 (compatible; DotBot/1.2; +https://opensiteexplorer.org/dotbot; help@moz.com)"
216.244.66.202 - - [31/Mar/2025:11:12:17 -0400] "GET /a-new-era-of-gaming/ HTTP/1.1" 200 97612 "-" "Mozilla/5.0 (compatible; DotBot/1.2; +https://opensiteexplorer.org/dotbot; help@moz.com)"
38.130.107.43 - - [31/Mar/2025:11:15:23 -0400] "GET / HTTP/1.1" 200 97634 "-" "Mozilla/5.0 (Windows NT 6.1; Win64; x64) AppleWebKit/537.36 (KHTML, like Gecko) Chrome/40.0.2214.85 Safari/537.36"
195.2.70.49 - - [31/Mar/2025:11:20:43 -0400] "GET /embroidered-socks/ HTTP/1.1" 200 97634 "http://saamigraphics.com/embroidered-socks/" "Mozilla/5.0 (Windows NT 10.0; Win64; x64) AppleWebKit/537.36 (KHTML, like Gecko) Chrome/130.0.0.0 Safari/537.36"
216.244.66.202 - - [31/Mar/2025:11:47:39 -0400] "GET /robots.txt HTTP/1.1" 200 97489 "-" "Mozilla/5.0 (compatible; DotBot/1.2; +https://opensiteexplorer.org/dotbot; help@moz.com)"
216.244.66.202 - - [31/Mar/2025:11:59:29 -0400] "GET /2023/12/page/7/ HTTP/1.1" 200 97651 "-" "Mozilla/5.0 (compatible; DotBot/1.2; +https://opensiteexplorer.org/dotbot; help@moz.com)"
216.244.66.202 - - [31/Mar/2025:12:04:54 -0400] "GET /a-vibrant-gaming-experience/feed/ HTTP/1.1" 200 97612 "-" "Mozilla/5.0 (compatible; DotBot/1.2; +https://opensiteexplorer.org/dotbot; help@moz.com)"
216.244.66.202 - - [31/Mar/2025:12:05:11 -0400] "GET /variety-of-games-and-features-online-casinos/ HTTP/1.1" 200 97612 "-" "Mozilla/5.0 (compatible; DotBot/1.2; +https://opensiteexplorer.org/dotbot; help@moz.com)"
170.106.107.87 - - [31/Mar/2025:12:07:43 -0400] "GET / HTTP/1.1" 200 97612 "-" "Mozilla/5.0 (iPhone; CPU iPhone OS 13_2_3 like Mac OS X) AppleWebKit/605.1.15 (KHTML, like Gecko) Version/13.0.3 Mobile/15E148 Safari/604.1"
216.244.66.202 - - [31/Mar/2025:12:13:26 -0400] "GET /effects-of-no2-supplement/feed/ HTTP/1.1" 200 97489 "-" "Mozilla/5.0 (compatible; DotBot/1.2; +https://opensiteexplorer.org/dotbot; help@moz.com)"
37.27.218.238 - - [31/Mar/2025:12:18:54 -0400] "GET /gambling-lotto-can-be-harmful/ HTTP/1.1" 200 97612 "http://saamigraphics.com/gambling-lotto-can-be-harmful/" "Mozilla/5.0 (Windows NT 10.0; Win64; x64) AppleWebKit/537.36 (KHTML, like Gecko) Chrome/130.0.0.0 Safari/537.36 CCleaner/130.0.0.0"
82.26.242.218 - - [31/Mar/2025:12:30:18 -0400] "POST /xmlrpc.php HTTP/1.1" 200 212 "-" "Mozilla/5.0 (Macintosh; Intel Mac OS X 10_15_3) AppleWebKit/538.35 (KHTML, like Gecko111) Chrome/98.1 Safari/533.38"
45.61.123.214 - - [31/Mar/2025:12:30:18 -0400] "POST /xmlrpc.php HTTP/1.1" 200 212 "-" "Mozilla/5.0 (Macintosh; Intel Mac OS X 10_15_2) AppleWebKit/538.38 (KHTML, like Gecko111) Chrome/98.5 Safari/539.35"
216.244.66.202 - - [31/Mar/2025:12:33:28 -0400] "GET /robots.txt HTTP/1.1" 200 97651 "-" "Mozilla/5.0 (compatible; DotBot/1.2; +https://opensiteexplorer.org/dotbot; help@moz.com)"
92.255.57.39 - - [31/Mar/2025:12:54:44 -0400] "GET / HTTP/1.1" 200 97634 "http://saamigraphics.com/" "Mozilla/5.0 (Windows NT 10.0; Win64; x64) AppleWebKit/537.36 (KHTML, like Gecko) Chrome/129.0.0.0 Safari/537.36"
173.245.207.242 - - [31/Mar/2025:12:56:03 -0400] "GET /cbd-for-anxiety-uk-a-natural-remedy-for-anxiety/ HTTP/1.1" 200 97634 "http://saamigraphics.com/cbd-for-anxiety-uk-a-natural-remedy-for-anxiety/" "Mozilla/5.0 (Windows NT 10.0; Win64; x64) AppleWebKit/537.36 (KHTML, like Gecko) Chrome/131.0.0.0 Safari/537.36"
216.244.66.202 - - [31/Mar/2025:13:01:16 -0400] "GET /ensuring-precision-the-importance-of-a-pilot-hole-for-3-8-lag-screw/feed/ HTTP/1.1" 200 97612 "-" "Mozilla/5.0 (compatible; DotBot/1.2; +https://opensiteexplorer.org/dotbot; help@moz.com)"
195.20.18.175 - - [31/Mar/2025:13:07:42 -0400] "GET /plugins/jquery-file-upload/server/php/index.php?file=tf2rghf.jpg HTTP/1.1" 200 97530 "-" "ALittle Client"
216.244.66.202 - - [31/Mar/2025:13:19:17 -0400] "GET /robots.txt HTTP/1.1" 200 97530 "-" "Mozilla/5.0 (compatible; DotBot/1.2; +https://opensiteexplorer.org/dotbot; help@moz.com)"
206.189.39.21 - - [31/Mar/2025:13:25:22 -0400] "GET /wp-content/themes/wp-pridmag/up.php HTTP/1.1" 200 97651 "-" "Mozilla/5.0 (Linux; Android 11; M2010J19SI) AppleWebKit/537.36 (KHTML, like Gecko) Chrome/109.0.0.0 Mobile Safari/537.36"
206.189.39.21 - - [31/Mar/2025:13:25:27 -0400] "GET /simple.php HTTP/1.1" 200 97612 "-" "Mozilla/5.0 (Linux; Android 11; M2010J19SI) AppleWebKit/537.36 (KHTML, like Gecko) Chrome/109.0.0.0 Mobile Safari/537.36"
206.189.39.21 - - [31/Mar/2025:13:25:30 -0400] "GET /cong.php HTTP/1.1" 200 97634 "-" "Mozilla/5.0 (Linux; Android 11; M2010J19SI) AppleWebKit/537.36 (KHTML, like Gecko) Chrome/109.0.0.0 Mobile Safari/537.36"
206.189.39.21 - - [31/Mar/2025:13:25:32 -0400] "GET /xxx.php HTTP/1.1" 200 97634 "-" "Mozilla/5.0 (Linux; Android 11; M2010J19SI) AppleWebKit/537.36 (KHTML, like Gecko) Chrome/109.0.0.0 Mobile Safari/537.36"
206.189.39.21 - - [31/Mar/2025:13:25:33 -0400] "GET /tmpls.php HTTP/1.1" 200 97612 "-" "Mozilla/5.0 (Linux; Android 11; M2010J19SI) AppleWebKit/537.36 (KHTML, like Gecko) Chrome/109.0.0.0 Mobile Safari/537.36"
206.189.39.21 - - [31/Mar/2025:13:25:34 -0400] "GET /wp-content/themes/travelscape/json.php HTTP/1.1" 200 97663 "-" "Mozilla/5.0 (Linux; Android 11; M2010J19SI) AppleWebKit/537.36 (KHTML, like Gecko) Chrome/109.0.0.0 Mobile Safari/537.36"
206.189.39.21 - - [31/Mar/2025:13:25:43 -0400] "GET /chosen.php?p= HTTP/1.1" 200 97634 "-" "Mozilla/5.0 (Linux; Android 11; M2010J19SI) AppleWebKit/537.36 (KHTML, like Gecko) Chrome/109.0.0.0 Mobile Safari/537.36"
216.244.66.202 - - [31/Mar/2025:13:35:11 -0400] "GET /guia-completa-para-convertidores-de-unidades-de-par/ HTTP/1.1" 200 97634 "-" "Mozilla/5.0 (compatible; DotBot/1.2; +https://opensiteexplorer.org/dotbot; help@moz.com)"
216.244.66.202 - - [31/Mar/2025:13:36:11 -0400] "GET /elevating-homes-der-gipfel-der-dachdecker-exzellenz-in-hamburg/ HTTP/1.1" 200 97634 "-" "Mozilla/5.0 (compatible; DotBot/1.2; +https://opensiteexplorer.org/dotbot; help@moz.com)"
216.244.66.202 - - [31/Mar/2025:13:38:56 -0400] "GET /conception-dinterieur/feed/ HTTP/1.1" 200 97612 "-" "Mozilla/5.0 (compatible; DotBot/1.2; +https://opensiteexplorer.org/dotbot; help@moz.com)"
216.244.66.202 - - [31/Mar/2025:13:43:53 -0400] "GET /dubai-real-estate-agents/feed/ HTTP/1.1" 200 97634 "-" "Mozilla/5.0 (compatible; DotBot/1.2; +https://opensiteexplorer.org/dotbot; help@moz.com)"
216.244.66.202 - - [31/Mar/2025:13:44:52 -0400] "GET /elbstverliebtheit-eine-tiefere-betrachtung-des-narzissmus/feed/ HTTP/1.1" 200 97612 "-" "Mozilla/5.0 (compatible; DotBot/1.2; +https://opensiteexplorer.org/dotbot; help@moz.com)"
47.238.13.14 - - [31/Mar/2025:14:01:48 -0400] "GET / HTTP/1.1" 200 97542 "-" "Mozilla/5.0 (Macintosh; Intel Mac OS X 10_15_7) AppleWebKit/537.36 (KHTML, like Gecko) Chrome/109.0.0.0 Safari/537.36"
198.54.114.83 - - [31/Mar/2025:14:17:59 -0400] "POST /wp-cron.php?doing_wp_cron=1743445079.4131588935852050781250 HTTP/1.1" 200 0 "-" "WordPress/6.7.2; https://saamigraphics.com"
204.48.18.182 - - [31/Mar/2025:14:17:55 -0400] "GET /wp-login.php HTTP/1.1" 302 0 "-" "Mozilla/5.0 (Windows NT 10.0; Win64; x64; rv:81.0) Gecko/20100101 Firefox/81.0"
216.244.66.202 - - [31/Mar/2025:14:19:40 -0400] "GET /exploring-the-world-of-unblocked-games-6x/ HTTP/1.1" 200 97634 "-" "Mozilla/5.0 (compatible; DotBot/1.2; +https://opensiteexplorer.org/dotbot; help@moz.com)"
43.159.145.149 - - [31/Mar/2025:14:36:35 -0400] "GET / HTTP/1.1" 200 97542 "-" "Mozilla/5.0 (iPhone; CPU iPhone OS 13_2_3 like Mac OS X) AppleWebKit/605.1.15 (KHTML, like Gecko) Version/13.0.3 Mobile/15E148 Safari/604.1"
216.244.66.202 - - [31/Mar/2025:14:57:52 -0400] "GET /instant-hot-cold-water-dispenser-revolutionizing-convenience/ HTTP/1.1" 200 97634 "-" "Mozilla/5.0 (compatible; DotBot/1.2; +https://opensiteexplorer.org/dotbot; help@moz.com)"
216.244.66.202 - - [31/Mar/2025:15:00:54 -0400] "GET /healthy-eating-and-fitness-go-hand-in-hand/ HTTP/1.1" 200 97489 "-" "Mozilla/5.0 (compatible; DotBot/1.2; +https://opensiteexplorer.org/dotbot; help@moz.com)"
216.244.66.202 - - [31/Mar/2025:15:03:28 -0400] "GET /vietnamese-it-industry-reviewed-sfgate-com-java-training-courses/ HTTP/1.1" 200 97489 "-" "Mozilla/5.0 (compatible; DotBot/1.2; +https://opensiteexplorer.org/dotbot; help@moz.com)"
182.42.110.255 - - [31/Mar/2025:15:11:23 -0400] "GET / HTTP/1.1" 200 97529 "-" "Mozilla/5.0 (iPhone; CPU iPhone OS 13_2_3 like Mac OS X) AppleWebKit/605.1.15 (KHTML, like Gecko) Version/13.0.3 Mobile/15E148 Safari/604.1"
216.244.66.202 - - [31/Mar/2025:15:16:15 -0400] "GET /extraction-des-dents-de-sagesse/feed/ HTTP/1.1" 200 97612 "-" "Mozilla/5.0 (compatible; DotBot/1.2; +https://opensiteexplorer.org/dotbot; help@moz.com)"
43.130.248.83 - - [31/Mar/2025:15:33:26 -0400] "GET /gambling-lotto-can-be-harmful/ HTTP/1.1" 200 97489 "http://saamigraphics.com" "Mozilla/5.0 (Windows NT 10.0; Win64; x64) AppleWebKit/537.36 (KHTML, like Gecko) Chrome/62.0.3202.94 Safari/537.36"
216.244.66.202 - - [31/Mar/2025:15:36:57 -0400] "GET /robots.txt HTTP/1.1" 200 97529 "-" "Mozilla/5.0 (compatible; DotBot/1.2; +https://opensiteexplorer.org/dotbot; help@moz.com)"
216.244.66.202 - - [31/Mar/2025:15:52:49 -0400] "GET /navigating-the-excitement-unveiling-the-allure-of-sport-toto-sites/ HTTP/1.1" 200 97634 "-" "Mozilla/5.0 (compatible; DotBot/1.2; +https://opensiteexplorer.org/dotbot; help@moz.com)"
165.154.226.62 - - [31/Mar/2025:16:02:37 -0400] "GET / HTTP/1.1" 200 97634 "-" "Embarcadero URI Client/1.0"
216.244.66.202 - - [31/Mar/2025:16:22:45 -0400] "GET /robots.txt HTTP/1.1" 200 97489 "-" "Mozilla/5.0 (compatible; DotBot/1.2; +https://opensiteexplorer.org/dotbot; help@moz.com)"
216.244.66.202 - - [31/Mar/2025:16:37:42 -0400] "GET /dental-implants-procedure-and-benefits/feed/ HTTP/1.1" 200 97634 "-" "Mozilla/5.0 (compatible; DotBot/1.2; +https://opensiteexplorer.org/dotbot; help@moz.com)"
216.244.66.202 - - [31/Mar/2025:16:38:57 -0400] "GET /the-importance-of-regular-eye-check-ups/ HTTP/1.1" 200 97634 "-" "Mozilla/5.0 (compatible; DotBot/1.2; +https://opensiteexplorer.org/dotbot; help@moz.com)"
216.244.66.202 - - [31/Mar/2025:16:40:22 -0400] "GET /optimieren-sie-ihren-umzug-mit-der-umzugsfirma-buchholz/ HTTP/1.1" 200 97612 "-" "Mozilla/5.0 (compatible; DotBot/1.2; +https://opensiteexplorer.org/dotbot; help@moz.com)"
139.59.19.10 - - [31/Mar/2025:16:50:54 -0400] "GET / HTTP/1.1" 200 97612 "-" "Mozilla/5.0 (compatible)"
216.244.66.202 - - [31/Mar/2025:16:54:51 -0400] "GET /the-future-of-entertainment-iptv-in-2024/feed/ HTTP/1.1" 200 97524 "-" "Mozilla/5.0 (compatible; DotBot/1.2; +https://opensiteexplorer.org/dotbot; help@moz.com)"
216.244.66.202 - - [31/Mar/2025:17:10:50 -0400] "GET /robots.txt HTTP/1.1" 200 97529 "-" "Mozilla/5.0 (compatible; DotBot/1.2; +https://opensiteexplorer.org/dotbot; help@moz.com)"
216.244.66.202 - - [31/Mar/2025:17:20:14 -0400] "GET /choosing-a-supplier-for-custom-socks/ HTTP/1.1" 200 97489 "-" "Mozilla/5.0 (compatible; DotBot/1.2; +https://opensiteexplorer.org/dotbot; help@moz.com)"
216.244.66.202 - - [31/Mar/2025:17:28:57 -0400] "GET /page/75/ HTTP/1.1" 200 97634 "-" "Mozilla/5.0 (compatible; DotBot/1.2; +https://opensiteexplorer.org/dotbot; help@moz.com)"
43.153.47.201 - - [31/Mar/2025:18:01:06 -0400] "GET / HTTP/1.1" 200 97663 "-" "Mozilla/5.0 (iPhone; CPU iPhone OS 13_2_3 like Mac OS X) AppleWebKit/605.1.15 (KHTML, like Gecko) Version/13.0.3 Mobile/15E148 Safari/604.1"
85.208.98.23 - - [31/Mar/2025:18:27:12 -0400] "GET /robots.txt HTTP/1.1" 200 97634 "-" "Mozilla/5.0 (compatible; SemrushBot-BA; +http://www.semrush.com/bot.html)"
216.244.66.202 - - [31/Mar/2025:18:45:10 -0400] "GET /robots.txt HTTP/1.1" 200 97612 "-" "Mozilla/5.0 (compatible; DotBot/1.2; +https://opensiteexplorer.org/dotbot; help@moz.com)"
185.147.214.14 - - [31/Mar/2025:18:50:04 -0400] "GET /cbd-for-anxiety-uk-a-natural-remedy-for-anxiety/ HTTP/1.1" 200 97548 "http://saamigraphics.com/cbd-for-anxiety-uk-a-natural-remedy-for-anxiety/" "Mozilla/5.0 (Windows NT 10.0; Win64; x64) AppleWebKit/537.36 (KHTML, like Gecko) Chrome/131.0.0.0 Safari/537.36 Avast/131.0.0.0"
198.235.24.243 - - [31/Mar/2025:18:58:48 -0400] "GET / HTTP/1.1" 200 97634 "-" "Expanse, a Palo Alto Networks company, searches across the global IPv4 space multiple times per day to identify customers' presences on the Internet. If you would like to be excluded from our scans, please send IP addresses/domains to: scaninfo@paloaltonetworks.com"
216.244.66.202 - - [31/Mar/2025:19:00:09 -0400] "GET /navigating-employment-law-your-guide-to-free-advice/ HTTP/1.1" 200 97634 "-" "Mozilla/5.0 (compatible; DotBot/1.2; +https://opensiteexplorer.org/dotbot; help@moz.com)"
125.75.66.97 - - [31/Mar/2025:19:50:53 -0400] "GET / HTTP/1.1" 200 97529 "-" "Mozilla/5.0 (iPhone; CPU iPhone OS 13_2_3 like Mac OS X) AppleWebKit/605.1.15 (KHTML, like Gecko) Version/13.0.3 Mobile/15E148 Safari/604.1"
216.244.66.202 - - [31/Mar/2025:20:15:12 -0400] "GET /robots.txt HTTP/1.1" 200 97542 "-" "Mozilla/5.0 (compatible; DotBot/1.2; +https://opensiteexplorer.org/dotbot; help@moz.com)"
216.131.108.251 - - [31/Mar/2025:20:24:49 -0400] "GET /cbd-for-anxiety-uk-a-natural-remedy-for-anxiety/ HTTP/1.1" 200 97612 "http://saamigraphics.com/cbd-for-anxiety-uk-a-natural-remedy-for-anxiety/" "Mozilla/5.0 (Windows NT 10.0; Win64; x64) AppleWebKit/537.36 (KHTML, like Gecko) Chrome/131.0.0.0 Safari/537.36"
216.244.66.202 - - [31/Mar/2025:20:28:30 -0400] "GET /advantages-of-insert-molding/feed/ HTTP/1.1" 200 97645 "-" "Mozilla/5.0 (compatible; DotBot/1.2; +https://opensiteexplorer.org/dotbot; help@moz.com)"
216.244.66.202 - - [31/Mar/2025:20:28:59 -0400] "GET /conseils-de-decoration-pour-un-interieur-harmonieux/feed/ HTTP/1.1" 200 97634 "-" "Mozilla/5.0 (compatible; DotBot/1.2; +https://opensiteexplorer.org/dotbot; help@moz.com)"
43.157.150.69 - - [31/Mar/2025:20:30:17 -0400] "GET / HTTP/1.1" 200 97634 "-" "Mozilla/5.0 (iPhone; CPU iPhone OS 13_2_3 like Mac OS X) AppleWebKit/605.1.15 (KHTML, like Gecko) Version/13.0.3 Mobile/15E148 Safari/604.1"
216.244.66.202 - - [31/Mar/2025:20:30:20 -0400] "GET /category/activity/page/44/ HTTP/1.1" 200 97612 "-" "Mozilla/5.0 (compatible; DotBot/1.2; +https://opensiteexplorer.org/dotbot; help@moz.com)"
216.244.66.202 - - [31/Mar/2025:21:00:17 -0400] "GET /robots.txt HTTP/1.1" 200 97634 "-" "Mozilla/5.0 (compatible; DotBot/1.2; +https://opensiteexplorer.org/dotbot; help@moz.com)"
104.207.55.84 - - [31/Mar/2025:21:14:01 -0400] "GET /un-examen-des-produits-de-securite-a-domicile/ HTTP/1.1" 200 97634 "-" "Mozilla/5.0 (Macintosh; Intel Mac OS X 12_5) AppleWebKit/537.36 (KHTML, like Gecko) Chrome/114.0.0.0 YaBrowser/22.7.0 Yowser/2.5 Safari/537.36"
216.244.66.202 - - [31/Mar/2025:21:15:28 -0400] "GET /page/51/ HTTP/1.1" 200 97663 "-" "Mozilla/5.0 (compatible; DotBot/1.2; +https://opensiteexplorer.org/dotbot; help@moz.com)"
198.54.114.83 - - [31/Mar/2025:21:21:04 -0400] "POST /wp-cron.php?doing_wp_cron=1743470463.6827399730682373046875 HTTP/1.1" 200 0 "-" "WordPress/6.7.2; https://saamigraphics.com"
14.116.213.102 - - [31/Mar/2025:21:20:59 -0400] "GET /wp-login.php HTTP/1.1" 302 0 "-" "Apache-HttpClient/4.5.2 (Java/1.8.0_161)"
14.116.213.102 - - [31/Mar/2025:21:21:09 -0400] "GET /?author=1 HTTP/1.1" 200 97634 "-" "Apache-HttpClient/4.5.2 (Java/1.8.0_161)"
14.116.213.102 - - [31/Mar/2025:21:21:10 -0400] "GET /?author=2 HTTP/1.1" 200 97612 "-" "Apache-HttpClient/4.5.2 (Java/1.8.0_161)"
14.116.213.102 - - [31/Mar/2025:21:21:17 -0400] "GET /?author=3 HTTP/1.1" 200 97634 "-" "Apache-HttpClient/4.5.2 (Java/1.8.0_161)"
14.116.213.102 - - [31/Mar/2025:21:21:18 -0400] "GET /?author=4 HTTP/1.1" 200 97542 "-" "Apache-HttpClient/4.5.2 (Java/1.8.0_161)"
14.116.213.102 - - [31/Mar/2025:21:21:19 -0400] "GET /?author=5 HTTP/1.1" 200 97612 "-" "Apache-HttpClient/4.5.2 (Java/1.8.0_161)"
14.116.213.102 - - [31/Mar/2025:21:21:20 -0400] "GET /?author=6 HTTP/1.1" 200 97612 "-" "Apache-HttpClient/4.5.2 (Java/1.8.0_161)"
14.116.213.102 - - [31/Mar/2025:21:21:22 -0400] "GET /?author=7 HTTP/1.1" 200 97634 "-" "Apache-HttpClient/4.5.2 (Java/1.8.0_161)"
14.116.213.102 - - [31/Mar/2025:21:21:25 -0400] "GET /?author=8 HTTP/1.1" 200 97612 "-" "Apache-HttpClient/4.5.2 (Java/1.8.0_161)"
216.244.66.202 - - [31/Mar/2025:21:21:27 -0400] "GET /elevating-homes-der-gipfel-der-dachdecker-exzellenz-in-hamburg/feed/ HTTP/1.1" 200 97634 "-" "Mozilla/5.0 (compatible; DotBot/1.2; +https://opensiteexplorer.org/dotbot; help@moz.com)"
14.116.213.102 - - [31/Mar/2025:21:21:28 -0400] "GET /?author=9 HTTP/1.1" 200 97634 "-" "Apache-HttpClient/4.5.2 (Java/1.8.0_161)"
14.116.213.102 - - [31/Mar/2025:21:21:29 -0400] "GET /?author=10 HTTP/1.1" 200 97634 "-" "Apache-HttpClient/4.5.2 (Java/1.8.0_161)"
14.116.213.102 - - [31/Mar/2025:21:21:32 -0400] "GET /?author=11 HTTP/1.1" 200 97612 "-" "Apache-HttpClient/4.5.2 (Java/1.8.0_161)"
14.116.213.102 - - [31/Mar/2025:21:21:33 -0400] "GET /?author=12 HTTP/1.1" 200 97634 "-" "Apache-HttpClient/4.5.2 (Java/1.8.0_161)"
14.116.213.102 - - [31/Mar/2025:21:21:34 -0400] "GET /?author=13 HTTP/1.1" 200 97634 "-" "Apache-HttpClient/4.5.2 (Java/1.8.0_161)"
14.116.213.102 - - [31/Mar/2025:21:21:35 -0400] "GET /?author=14 HTTP/1.1" 200 97612 "-" "Apache-HttpClient/4.5.2 (Java/1.8.0_161)"
14.116.213.102 - - [31/Mar/2025:21:21:36 -0400] "GET /?author=15 HTTP/1.1" 200 97634 "-" "Apache-HttpClient/4.5.2 (Java/1.8.0_161)"
14.116.213.102 - - [31/Mar/2025:21:21:38 -0400] "GET /?author=16 HTTP/1.1" 200 97612 "-" "Apache-HttpClient/4.5.2 (Java/1.8.0_161)"
14.116.213.102 - - [31/Mar/2025:21:21:41 -0400] "GET /?author=17 HTTP/1.1" 200 97612 "-" "Apache-HttpClient/4.5.2 (Java/1.8.0_161)"
14.116.213.102 - - [31/Mar/2025:21:21:42 -0400] "GET /?author=18 HTTP/1.1" 200 97634 "-" "Apache-HttpClient/4.5.2 (Java/1.8.0_161)"
14.116.213.102 - - [31/Mar/2025:21:21:44 -0400] "GET /?author=19 HTTP/1.1" 200 97634 "-" "Apache-HttpClient/4.5.2 (Java/1.8.0_161)"
14.116.213.102 - - [31/Mar/2025:21:21:46 -0400] "GET /?author=20 HTTP/1.1" 200 97634 "-" "Apache-HttpClient/4.5.2 (Java/1.8.0_161)"
216.244.66.202 - - [31/Mar/2025:21:26:29 -0400] "GET /2024/page/15/ HTTP/1.1" 200 97612 "-" "Mozilla/5.0 (compatible; DotBot/1.2; +https://opensiteexplorer.org/dotbot; help@moz.com)"
195.191.219.132 - - [31/Mar/2025:21:35:21 -0400] "GET /robots.txt HTTP/1.1" 200 97634 "-" "Mozilla/5.0 (compatible; MJ12bot/v2.0.0; http://mj12bot.com/)"
195.191.219.132 - - [31/Mar/2025:21:35:22 -0400] "GET / HTTP/1.1" 200 97634 "-" "Mozilla/5.0 (compatible; MJ12bot/v2.0.0; http://mj12bot.com/)"
45.55.37.107 - - [31/Mar/2025:21:54:05 -0400] "GET /wp-admin/css/ HTTP/1.1" 403 1242 "binance.com" "Mozilla/5.0 (Windows NT 10.0; Win64; x64) AppleWebKit/537.36 (KHTML, like Gecko) Chrome/90.0.4430.85 Safari/537.36"
216.244.66.202 - - [31/Mar/2025:21:54:43 -0400] "GET /author/ashdev/feed/ HTTP/1.1" 200 97489 "-" "Mozilla/5.0 (compatible; DotBot/1.2; +https://opensiteexplorer.org/dotbot; help@moz.com)"
43.130.248.83 - - [31/Mar/2025:22:21:17 -0400] "GET /verbessern-sie-ihre-personlichkeit-mit-korperschmuck/ HTTP/1.1" 200 97612 "http://saamigraphics.com" "Mozilla/5.0 (Windows NT 10.0; Win64; x64) AppleWebKit/537.36 (KHTML, like Gecko) Chrome/62.0.3202.94 Safari/537.36"
2408:821a:5631:f060:e5a6:aa14:8d6a:894c - - [31/Mar/2025:22:24:57 -0400] "GET / HTTP/1.1" 200 97634 "-" "Mozilla/5.0 (Linux; Android 13; V2231A; wv) AppleWebKit/537.36 (KHTML, like Gecko) Version/4.0 Chrome/87.0.4280.141 Mobile Safari/537.36 VivoBrowser/13.6.21.0"
212.34.135.220 - - [31/Mar/2025:23:08:15 -0400] "GET /exploring-homes-for-sale-in-sonoma-ca-your-guide-to-finding-the-perfect-property/ HTTP/1.1" 200 97634 "http://saamigraphics.com/exploring-homes-for-sale-in-sonoma-ca-your-guide-to-finding-the-perfect-property/#comment-937" "Mozilla/5.0 (Windows NT 10.0; Win64; x64) AppleWebKit/537.36 (KHTML, like Gecko) Chrome/129.0.0.0 Safari/537.36"
216.244.66.202 - - [31/Mar/2025:23:14:55 -0400] "GET /robots.txt HTTP/1.1" 200 97634 "-" "Mozilla/5.0 (compatible; DotBot/1.2; +https://opensiteexplorer.org/dotbot; help@moz.com)"
216.244.66.202 - - [31/Mar/2025:23:19:37 -0400] "GET /ein-einblick-in-den-anwaltsberuf/ HTTP/1.1" 200 97612 "-" "Mozilla/5.0 (compatible; DotBot/1.2; +https://opensiteexplorer.org/dotbot; help@moz.com)"
216.244.66.202 - - [31/Mar/2025:23:33:03 -0400] "GET /2022/03/04/gratis-pornovideoer-live-sex-porn-eskorte-jenter-trondheim-drammen/ HTTP/1.1" 200 97634 "-" "Mozilla/5.0 (compatible; DotBot/1.2; +https://opensiteexplorer.org/dotbot; help@moz.com)"
205.210.31.99 - - [31/Mar/2025:23:46:34 -0400] "GET / HTTP/1.1" 200 97634 "-" "Expanse, a Palo Alto Networks company, searches across the global IPv4 space multiple times per day to identify customers' presences on the Internet. If you would like to be excluded from our scans, please send IP addresses/domains to: scaninfo@paloaltonetworks.com"
43.134.45.13 - - [31/Mar/2025:23:47:38 -0400] "GET /un-examen-des-produits-de-securite-a-domicile/ HTTP/1.1" 200 97634 "http://saamigraphics.com" "Mozilla/5.0 (Windows NT 10.0; Win64; x64) AppleWebKit/537.36 (KHTML, like Gecko) Chrome/62.0.3202.94 Safari/537.36"
216.244.66.202 - - [31/Mar/2025:23:59:01 -0400] "GET /robots.txt HTTP/1.1" 200 97634 "-" "Mozilla/5.0 (compatible; DotBot/1.2; +https://opensiteexplorer.org/dotbot; help@moz.com)"
216.244.66.202 - - [01/Apr/2025:00:09:15 -0400] "GET /exploring-the-charm-of-rainbow-riches-casino/feed/ HTTP/1.1" 200 97612 "-" "Mozilla/5.0 (compatible; DotBot/1.2; +https://opensiteexplorer.org/dotbot; help@moz.com)"
216.244.66.202 - - [01/Apr/2025:00:25:43 -0400] "GET /2021/12/29/massasje-i-fredrikstad-knull-meg-hardt-eskorte-i-ostfold-eskorte-sarpsborg/ HTTP/1.1" 200 97612 "-" "Mozilla/5.0 (compatible; DotBot/1.2; +https://opensiteexplorer.org/dotbot; help@moz.com)"
85.208.98.23 - - [01/Apr/2025:00:27:07 -0400] "GET /robots.txt HTTP/1.1" 200 97612 "-" "Mozilla/5.0 (compatible; SemrushBot-BA; +http://www.semrush.com/bot.html)"
222.79.103.59 - - [01/Apr/2025:00:41:07 -0400] "GET / HTTP/1.1" 200 97634 "-" "Mozilla/5.0 (iPhone; CPU iPhone OS 13_2_3 like Mac OS X) AppleWebKit/605.1.15 (KHTML, like Gecko) Version/13.0.3 Mobile/15E148 Safari/604.1"
216.244.66.202 - - [01/Apr/2025:01:30:32 -0400] "GET /robots.txt HTTP/1.1" 200 97612 "-" "Mozilla/5.0 (compatible; DotBot/1.2; +https://opensiteexplorer.org/dotbot; help@moz.com)"
216.244.66.202 - - [01/Apr/2025:01:37:50 -0400] "GET /humastogel/ HTTP/1.1" 200 97530 "-" "Mozilla/5.0 (compatible; DotBot/1.2; +https://opensiteexplorer.org/dotbot; help@moz.com)"
216.244.66.202 - - [01/Apr/2025:01:46:42 -0400] "GET /the-essence-of-poetic-cinema/feed/ HTTP/1.1" 200 97542 "-" "Mozilla/5.0 (compatible; DotBot/1.2; +https://opensiteexplorer.org/dotbot; help@moz.com)"
216.244.66.202 - - [01/Apr/2025:01:56:59 -0400] "GET /2024/page/13/ HTTP/1.1" 200 97548 "-" "Mozilla/5.0 (compatible; DotBot/1.2; +https://opensiteexplorer.org/dotbot; help@moz.com)"
138.68.159.232 - - [01/Apr/2025:02:03:02 -0400] "GET / HTTP/1.1" 200 97542 "-" "Mozilla/5.0 (compatible)"
138.68.159.232 - - [01/Apr/2025:02:03:03 -0400] "GET /ads.txt HTTP/1.1" 200 97634 "-" "Mozilla/5.0 (compatible)"
161.35.15.162 - - [01/Apr/2025:02:03:35 -0400] "GET /wp-cli.php HTTP/1.1" 200 97634 "www.google.com" "Mozlila/5.0 (Linux; Android 7.0; SM-G892A Bulid/NRD90M; wv) AppleWebKit/537.36 (KHTML, like Gecko) Version/4.0 Chrome/60.0.3112.107 Moblie Safari/537.36"
216.244.66.202 - - [01/Apr/2025:02:16:28 -0400] "GET /robots.txt HTTP/1.1" 200 97634 "-" "Mozilla/5.0 (compatible; DotBot/1.2; +https://opensiteexplorer.org/dotbot; help@moz.com)"
192.36.173.21 - - [01/Apr/2025:02:17:16 -0400] "GET /robots.txt HTTP/1.1" 200 97612 "-" "Mozilla/5.0 (Android 14; Mobile; rv:123.0) Gecko/123.0 Firefox/123"
192.36.136.8 - - [01/Apr/2025:02:17:21 -0400] "GET / HTTP/1.1" 200 97634 "-" "Mozilla/5.0 (Android 14; Mobile; rv:123.0) Gecko/123.0 Firefox/123"
216.244.66.202 - - [01/Apr/2025:02:29:15 -0400] "GET /assurance-flotte-la-garantie-de-securite-pour-vos-vehicules-professionnels/feed/ HTTP/1.1" 200 97634 "-" "Mozilla/5.0 (compatible; DotBot/1.2; +https://opensiteexplorer.org/dotbot; help@moz.com)"
194.147.98.73 - - [01/Apr/2025:03:03:48 -0400] "GET / HTTP/1.1" 200 97634 "-" "Mozilla/5.0 (Windows NT 10.0; Win64; x64) AppleWebKit/537.36 (KHTML, like Gecko) Chrome/97.0.4280.67 Safari/537.36 Edg/97.0.664.52"
216.244.66.202 - - [01/Apr/2025:03:06:46 -0400] "GET /unveiling-the-power-and-versatility-of-desktop-pcs/ HTTP/1.1" 200 97634 "-" "Mozilla/5.0 (compatible; DotBot/1.2; +https://opensiteexplorer.org/dotbot; help@moz.com)"
216.244.66.202 - - [01/Apr/2025:03:08:05 -0400] "GET /7-reasons-why-you-should-stop-using-plastic-bags-and-move-to-paper-bags/ HTTP/1.1" 200 97634 "-" "Mozilla/5.0 (compatible; DotBot/1.2; +https://opensiteexplorer.org/dotbot; help@moz.com)"
216.244.66.202 - - [01/Apr/2025:03:10:35 -0400] "GET /die-schonheit-moderner-hangelampen/feed/ HTTP/1.1" 200 97612 "-" "Mozilla/5.0 (compatible; DotBot/1.2; +https://opensiteexplorer.org/dotbot; help@moz.com)"
216.244.66.202 - - [01/Apr/2025:03:10:39 -0400] "GET /the-benefits-of-training-mma/feed/ HTTP/1.1" 200 97612 "-" "Mozilla/5.0 (compatible; DotBot/1.2; +https://opensiteexplorer.org/dotbot; help@moz.com)"
216.244.66.202 - - [01/Apr/2025:03:16:04 -0400] "GET /exploring-the-enchanting-chuan-park/feed/ HTTP/1.1" 200 97634 "-" "Mozilla/5.0 (compatible; DotBot/1.2; +https://opensiteexplorer.org/dotbot; help@moz.com)"
216.244.66.202 - - [01/Apr/2025:03:16:08 -0400] "GET /luxury-retreat-on-lake-garda/feed/ HTTP/1.1" 200 97634 "-" "Mozilla/5.0 (compatible; DotBot/1.2; +https://opensiteexplorer.org/dotbot; help@moz.com)"
216.244.66.202 - - [01/Apr/2025:03:16:13 -0400] "GET /steroids-thailand-the-dangers/feed/ HTTP/1.1" 200 97663 "-" "Mozilla/5.0 (compatible; DotBot/1.2; +https://opensiteexplorer.org/dotbot; help@moz.com)"
216.244.66.202 - - [01/Apr/2025:03:17:13 -0400] "GET /exploring-omnigenceam-a-comprehensive-overview/feed/ HTTP/1.1" 200 97612 "-" "Mozilla/5.0 (compatible; DotBot/1.2; +https://opensiteexplorer.org/dotbot; help@moz.com)"
216.244.66.202 - - [01/Apr/2025:03:17:20 -0400] "GET /lelegance-mobile-decouvrez-le-monde-du-mobile-de-lit/feed/ HTTP/1.1" 200 97634 "-" "Mozilla/5.0 (compatible; DotBot/1.2; +https://opensiteexplorer.org/dotbot; help@moz.com)"
195.26.225.218 - - [01/Apr/2025:03:20:43 -0400] "GET /verbessern-sie-ihre-personlichkeit-mit-korperschmuck/ HTTP/1.1" 200 97612 "http://saamigraphics.com/verbessern-sie-ihre-personlichkeit-mit-korperschmuck/" "Mozilla/5.0 (Windows NT 10.0; Win64; x64) AppleWebKit/537.36 (KHTML, like Gecko) Chrome/131.0.0.0 Safari/537.36 Avast/131.0.0.0"
195.26.225.218 - - [01/Apr/2025:03:20:48 -0400] "GET /verbessern-sie-ihre-personlichkeit-mit-korperschmuck/ HTTP/1.1" 200 97612 "http://saamigraphics.com/verbessern-sie-ihre-personlichkeit-mit-korperschmuck/" "Mozilla/5.0 (Windows NT 10.0; Win64; x64) AppleWebKit/537.36 (KHTML, like Gecko) Chrome/131.0.0.0 Safari/537.36 Avast/131.0.0.0"
195.26.225.218 - - [01/Apr/2025:03:20:56 -0400] "GET /verbessern-sie-ihre-personlichkeit-mit-korperschmuck/ HTTP/1.1" 200 97634 "http://saamigraphics.com/verbessern-sie-ihre-personlichkeit-mit-korperschmuck/" "Mozilla/5.0 (Windows NT 10.0; Win64; x64) AppleWebKit/537.36 (KHTML, like Gecko) Chrome/131.0.0.0 Safari/537.36 Avast/131.0.0.0"
216.244.66.202 - - [01/Apr/2025:03:26:55 -0400] "GET /2024/page/39/ HTTP/1.1" 200 97663 "-" "Mozilla/5.0 (compatible; DotBot/1.2; +https://opensiteexplorer.org/dotbot; help@moz.com)"
159.223.90.203 - - [01/Apr/2025:04:00:30 -0400] "GET /wp-content/uploads/2017-------/09/wp-console.php HTTP/1.1" 200 97634 "-" "Mozilla/5.0 (Linux; Android 11; M2010J19SI) AppleWebKit/537.36 (KHTML, like Gecko) Chrome/109.0.0.0 Mobile Safari/537.36"
156.253.166.136 - - [01/Apr/2025:04:16:29 -0400] "GET /un-examen-des-produits-de-securite-a-domicile/ HTTP/1.1" 200 97634 "-" "Mozilla/5.0 (Macintosh; Intel Mac OS X 12_5) AppleWebKit/537.36 (KHTML, like Gecko) Chrome/114.0.0.0 Safari/537.36"
156.253.166.136 - - [01/Apr/2025:04:16:34 -0400] "GET /un-examen-des-produits-de-securite-a-domicile/'%20+%20item.url%20+%20' HTTP/1.1" 200 97634 "http://saamigraphics.com/un-examen-des-produits-de-securite-a-domicile/" "Mozilla/5.0 (Macintosh; Intel Mac OS X 12_5) AppleWebKit/537.36 (KHTML, like Gecko) Chrome/114.0.0.0 Safari/537.36"
198.54.114.83 - - [01/Apr/2025:04:30:39 -0400] "POST /wp-cron.php?doing_wp_cron=1743496238.3281269073486328125000 HTTP/1.1" 200 0 "-" "WordPress/6.7.2; https://saamigraphics.com"
102.157.122.249 - - [01/Apr/2025:04:30:32 -0400] "POST /wp-login.php HTTP/1.1" 302 0 "http://saamigraphics.com/wp-admin/" "Mozilla/5.0 (Windows NT 10.0; Win64; x64) AppleWebKit/537.36 (KHTML, like Gecko) Chrome/90.0.4430.85 Safari/537.36"
85.208.98.23 - - [01/Apr/2025:04:32:15 -0400] "GET /robots.txt HTTP/1.1" 200 97634 "-" "Mozilla/5.0 (compatible; SemrushBot-BA; +http://www.semrush.com/bot.html)"
216.244.66.202 - - [01/Apr/2025:05:13:57 -0400] "GET /robots.txt HTTP/1.1" 200 97634 "-" "Mozilla/5.0 (compatible; DotBot/1.2; +https://opensiteexplorer.org/dotbot; help@moz.com)"
43.155.27.244 - - [01/Apr/2025:05:18:29 -0400] "GET / HTTP/1.1" 200 97612 "-" "Mozilla/5.0 (iPhone; CPU iPhone OS 13_2_3 like Mac OS X) AppleWebKit/605.1.15 (KHTML, like Gecko) Version/13.0.3 Mobile/15E148 Safari/604.1"
216.244.66.202 - - [01/Apr/2025:05:22:12 -0400] "GET /top-10-ps4-games/ HTTP/1.1" 200 97634 "-" "Mozilla/5.0 (compatible; DotBot/1.2; +https://opensiteexplorer.org/dotbot; help@moz.com)"
125.75.66.97 - - [01/Apr/2025:05:29:36 -0400] "GET / HTTP/1.1" 200 97634 "-" "Mozilla/5.0 (iPhone; CPU iPhone OS 13_2_3 like Mac OS X) AppleWebKit/605.1.15 (KHTML, like Gecko) Version/13.0.3 Mobile/15E148 Safari/604.1"
198.46.137.164 - - [01/Apr/2025:05:46:33 -0400] "GET /verbessern-sie-ihre-personlichkeit-mit-korperschmuck/ HTTP/1.1" 200 97612 "-" "Mozilla/5.0 (X11; Ubuntu; Linux x86_64; rv:114.0) Gecko/20100101 Firefox/114.0"
198.46.137.164 - - [01/Apr/2025:05:46:35 -0400] "GET /verbessern-sie-ihre-personlichkeit-mit-korperschmuck/'%20+%20item.url%20+%20' HTTP/1.1" 200 97634 "http://saamigraphics.com/verbessern-sie-ihre-personlichkeit-mit-korperschmuck/" "Mozilla/5.0 (X11; Ubuntu; Linux x86_64; rv:114.0) Gecko/20100101 Firefox/114.0"
43.153.98.70 - - [01/Apr/2025:05:47:06 -0400] "GET /gambling-lotto-can-be-harmful/ HTTP/1.1" 200 97634 "http://saamigraphics.com/gambling-lotto-can-be-harmful/" "Mozilla/5.0 (Windows NT 10.0; Win64; x64) AppleWebKit/537.36 (KHTML, like Gecko) Chrome/130.0.0.0 Safari/537.36 CCleaner/130.0.0.0"
43.153.98.70 - - [01/Apr/2025:05:49:56 -0400] "GET / HTTP/1.1" 200 97612 "http://saamigraphics.com/" "Mozilla/5.0 (Windows NT 10.0; Win64; x64) AppleWebKit/537.36 (KHTML, like Gecko) Chrome/130.0.0.0 Safari/537.36 CCleaner/130.0.0.0"
216.244.66.202 - - [01/Apr/2025:05:57:44 -0400] "GET /robots.txt HTTP/1.1" 200 97612 "-" "Mozilla/5.0 (compatible; DotBot/1.2; +https://opensiteexplorer.org/dotbot; help@moz.com)"
216.244.66.202 - - [01/Apr/2025:06:11:39 -0400] "GET /la-passion-du-jeu-decouvrez-1x-bet/feed/ HTTP/1.1" 200 97489 "-" "Mozilla/5.0 (compatible; DotBot/1.2; +https://opensiteexplorer.org/dotbot; help@moz.com)"
167.172.130.206 - - [01/Apr/2025:06:34:30 -0400] "GET / HTTP/1.1" 200 97634 "-" "Mozilla/5.0 (Windows NT 10.0; Win64; x64) AppleWebKit/537.36 (KHTML, like Gecko) Chrome/80.0.3987.149 Safari/537.36"
167.172.130.206 - - [01/Apr/2025:06:34:32 -0400] "GET / HTTP/1.1" 200 97634 "-" "Mozilla/5.0 (Windows NT 10.0; Win64; x64) AppleWebKit/537.36 (KHTML, like Gecko) Chrome/80.0.3987.149 Safari/537.36"
167.172.130.206 - - [01/Apr/2025:06:34:33 -0400] "GET /wp-includes/wlwmanifest.xml HTTP/1.1" 200 97634 "-" "Mozilla/5.0 (Windows NT 10.0; Win64; x64) AppleWebKit/537.36 (KHTML, like Gecko) Chrome/80.0.3987.149 Safari/537.36"
198.54.114.83 - - [01/Apr/2025:06:34:40 -0400] "POST /wp-cron.php?doing_wp_cron=1743503680.1534159183502197265625 HTTP/1.1" 200 0 "-" "WordPress/6.7.2; https://saamigraphics.com"
167.172.130.206 - - [01/Apr/2025:06:34:35 -0400] "GET /xmlrpc.php?rsd HTTP/1.1" 200 308 "-" "Mozilla/5.0 (Windows NT 10.0; Win64; x64) AppleWebKit/537.36 (KHTML, like Gecko) Chrome/80.0.3987.149 Safari/537.36"
167.172.130.206 - - [01/Apr/2025:06:34:43 -0400] "GET /?author=1 HTTP/1.1" 200 97634 "-" "Mozilla/5.0 (Windows NT 10.0; Win64; x64) AppleWebKit/537.36 (KHTML, like Gecko) Chrome/80.0.3987.149 Safari/537.36"
167.172.130.206 - - [01/Apr/2025:06:34:44 -0400] "GET /?author=2 HTTP/1.1" 200 97634 "-" "Mozilla/5.0 (Windows NT 10.0; Win64; x64) AppleWebKit/537.36 (KHTML, like Gecko) Chrome/80.0.3987.149 Safari/537.36"
167.172.130.206 - - [01/Apr/2025:06:34:45 -0400] "GET /wp-json/wp/v2/users/ HTTP/1.1" 200 97612 "-" "Mozilla/5.0 (Windows NT 10.0; Win64; x64) AppleWebKit/537.36 (KHTML, like Gecko) Chrome/80.0.3987.149 Safari/537.36"
167.172.130.206 - - [01/Apr/2025:06:34:45 -0400] "GET /wp-json/oembed/1.0/embed?url=http://saamigraphics.com HTTP/1.1" 200 97634 "-" "Mozilla/5.0 (Windows NT 10.0; Win64; x64) AppleWebKit/537.36 (KHTML, like Gecko) Chrome/80.0.3987.149 Safari/537.36"
167.172.130.206 - - [01/Apr/2025:06:34:46 -0400] "POST /xmlrpc.php HTTP/1.1" 200 212 "-" "Mozilla/5.0 (Windows NT 10.0; Win64; x64) AppleWebKit/537.36 (KHTML, like Gecko) Chrome/80.0.3987.149 Safari/537.36"
167.172.130.206 - - [01/Apr/2025:06:34:47 -0400] "POST /xmlrpc.php HTTP/1.1" 200 236 "-" "Mozilla/5.0 (Windows NT 10.0; Win64; x64) AppleWebKit/537.36 (KHTML, like Gecko) Chrome/80.0.3987.149 Safari/537.36"
167.172.130.206 - - [01/Apr/2025:06:34:50 -0400] "POST /xmlrpc.php HTTP/1.1" 200 212 "-" "Mozilla/5.0 (Windows NT 10.0; Win64; x64) AppleWebKit/537.36 (KHTML, like Gecko) Chrome/80.0.3987.149 Safari/537.36"
167.172.130.206 - - [01/Apr/2025:06:34:53 -0400] "POST /xmlrpc.php HTTP/1.1" 200 236 "-" "Mozilla/5.0 (Windows NT 10.0; Win64; x64) AppleWebKit/537.36 (KHTML, like Gecko) Chrome/80.0.3987.149 Safari/537.36"
167.172.130.206 - - [01/Apr/2025:06:34:55 -0400] "POST /xmlrpc.php HTTP/1.1" 200 236 "-" "Mozilla/5.0 (Windows NT 10.0; Win64; x64) AppleWebKit/537.36 (KHTML, like Gecko) Chrome/80.0.3987.149 Safari/537.36"
198.54.114.83 - - [01/Apr/2025:06:34:58 -0400] "POST /wp-cron.php?doing_wp_cron=1743503695.8636031150817871093750 HTTP/1.1" 200 0 "-" "WordPress/6.7.2; https://saamigraphics.com"
167.172.130.206 - - [01/Apr/2025:06:34:58 -0400] "POST /xmlrpc.php HTTP/1.1" 200 236 "-" "Mozilla/5.0 (Windows NT 10.0; Win64; x64) AppleWebKit/537.36 (KHTML, like Gecko) Chrome/80.0.3987.149 Safari/537.36"
216.131.109.245 - - [01/Apr/2025:06:42:23 -0400] "GET /cbd-for-anxiety-uk-a-natural-remedy-for-anxiety/ HTTP/1.1" 200 97612 "http://saamigraphics.com/cbd-for-anxiety-uk-a-natural-remedy-for-anxiety/" "Mozilla/5.0 (Windows NT 10.0; Win64; x64) AppleWebKit/537.36 (KHTML, like Gecko) Chrome/130.0.0.0 Safari/537.36"
216.244.66.202 - - [01/Apr/2025:06:46:02 -0400] "GET /stylish-functional-and-chic/ HTTP/1.1" 200 97612 "-" "Mozilla/5.0 (compatible; DotBot/1.2; +https://opensiteexplorer.org/dotbot; help@moz.com)"
216.244.66.202 - - [01/Apr/2025:06:53:23 -0400] "GET /how-to-create-learning-videos/feed/ HTTP/1.1" 200 97634 "-" "Mozilla/5.0 (compatible; DotBot/1.2; +https://opensiteexplorer.org/dotbot; help@moz.com)"
216.244.66.202 - - [01/Apr/2025:07:30:57 -0400] "GET /how-to-choose-an-injury-lawyer/ HTTP/1.1" 200 97612 "-" "Mozilla/5.0 (compatible; DotBot/1.2; +https://opensiteexplorer.org/dotbot; help@moz.com)"
216.244.66.202 - - [01/Apr/2025:07:32:59 -0400] "GET /premier-broadcast-rights-increase-globally/ HTTP/1.1" 200 97612 "-" "Mozilla/5.0 (compatible; DotBot/1.2; +https://opensiteexplorer.org/dotbot; help@moz.com)"
185.246.194.59 - - [01/Apr/2025:07:36:33 -0400] "GET / HTTP/1.1" 200 97634 "http://saamigraphics.com/" "Mozilla/5.0 (Windows NT 10.0; Win64; x64) AppleWebKit/537.36 (KHTML, like Gecko) Chrome/130.0.0.0 Safari/537.36"
216.244.66.202 - - [01/Apr/2025:07:37:14 -0400] "GET /where-to-buy-tretinoin-online/feed/ HTTP/1.1" 200 97612 "-" "Mozilla/5.0 (compatible; DotBot/1.2; +https://opensiteexplorer.org/dotbot; help@moz.com)"
196.251.88.242 - - [01/Apr/2025:07:53:49 -0400] "GET /geju.php HTTP/1.1" 200 97612 "-" "Mozlila/5.0 (Linux; Android 7.0; SM-G892A Bulid/NRD90M; wv) AppleWebKit/537.36 (KHTML, like Gecko) Version/4.0 Chrome/60.0.3112.107 Moblie Safari/537.36"
196.251.88.242 - - [01/Apr/2025:07:53:56 -0400] "GET /wp-content/plugins/about.php HTTP/1.1" 200 97634 "-" "Mozlila/5.0 (Linux; Android 7.0; SM-G892A Bulid/NRD90M; wv) AppleWebKit/537.36 (KHTML, like Gecko) Version/4.0 Chrome/60.0.3112.107 Moblie Safari/537.36"
196.251.88.242 - - [01/Apr/2025:07:54:02 -0400] "GET /wp.php HTTP/1.1" 200 97612 "-" "Mozlila/5.0 (Linux; Android 7.0; SM-G892A Bulid/NRD90M; wv) AppleWebKit/537.36 (KHTML, like Gecko) Version/4.0 Chrome/60.0.3112.107 Moblie Safari/537.36"
216.244.66.202 - - [01/Apr/2025:08:11:08 -0400] "GET /robots.txt HTTP/1.1" 200 97634 "-" "Mozilla/5.0 (compatible; DotBot/1.2; +https://opensiteexplorer.org/dotbot; help@moz.com)"
121.229.156.40 - - [01/Apr/2025:08:11:44 -0400] "GET /robots.txt HTTP/1.1" 200 97612 "-" "Sogou web spider/4.0(+http://www.sogou.com/docs/help/webmasters.htm#07)"
119.116.110.160 - - [01/Apr/2025:08:11:52 -0400] "GET /robots.txt HTTP/1.1" 200 97612 "-" "Mozilla/5.0 (Windows NT 6.1; Win64; x64) AppleWebKit/537.36 (KHTML, like Gecko) Chrome/74.0.3729.169 Safari/537.36"
43.134.45.13 - - [01/Apr/2025:08:16:36 -0400] "GET /gambling-lotto-can-be-harmful/ HTTP/1.1" 200 97651 "http://saamigraphics.com" "Mozilla/5.0 (Windows NT 10.0; Win64; x64) AppleWebKit/537.36 (KHTML, like Gecko) Chrome/62.0.3202.94 Safari/537.36"
216.244.66.202 - - [01/Apr/2025:08:25:25 -0400] "GET /show-off-your-shoes-with-argyle-socks/feed/ HTTP/1.1" 200 97542 "-" "Mozilla/5.0 (compatible; DotBot/1.2; +https://opensiteexplorer.org/dotbot; help@moz.com)"
216.244.66.202 - - [01/Apr/2025:08:25:30 -0400] "GET /the-greatest-pizza-recipe-of-all-time/feed/ HTTP/1.1" 200 97612 "-" "Mozilla/5.0 (compatible; DotBot/1.2; +https://opensiteexplorer.org/dotbot; help@moz.com)"
216.244.66.202 - - [01/Apr/2025:08:25:59 -0400] "GET /author/jorge/page/97/ HTTP/1.1" 200 97612 "-" "Mozilla/5.0 (compatible; DotBot/1.2; +https://opensiteexplorer.org/dotbot; help@moz.com)"
216.244.66.202 - - [01/Apr/2025:08:26:05 -0400] "GET /disney-teddys-make-a-big-impact-this-holiday-season/feed/ HTTP/1.1" 200 97634 "-" "Mozilla/5.0 (compatible; DotBot/1.2; +https://opensiteexplorer.org/dotbot; help@moz.com)"
195.200.29.225 - - [01/Apr/2025:08:27:37 -0400] "GET /verbessern-sie-ihre-personlichkeit-mit-korperschmuck/ HTTP/1.1" 200 97634 "http://saamigraphics.com/verbessern-sie-ihre-personlichkeit-mit-korperschmuck/" "Mozilla/5.0 (Windows NT 10.0; Win64; x64) AppleWebKit/537.36 (KHTML, like Gecko) Chrome/129.0.0.0 Safari/537.36"
195.200.29.225 - - [01/Apr/2025:08:27:43 -0400] "GET /verbessern-sie-ihre-personlichkeit-mit-korperschmuck/ HTTP/1.1" 200 97612 "http://saamigraphics.com/verbessern-sie-ihre-personlichkeit-mit-korperschmuck/" "Mozilla/5.0 (Windows NT 10.0; Win64; x64) AppleWebKit/537.36 (KHTML, like Gecko) Chrome/129.0.0.0 Safari/537.36"
195.200.29.225 - - [01/Apr/2025:08:27:45 -0400] "GET /verbessern-sie-ihre-personlichkeit-mit-korperschmuck/ HTTP/1.1" 200 97612 "http://saamigraphics.com/verbessern-sie-ihre-personlichkeit-mit-korperschmuck/" "Mozilla/5.0 (Windows NT 10.0; Win64; x64) AppleWebKit/537.36 (KHTML, like Gecko) Chrome/129.0.0.0 Safari/537.36"
136.243.228.193 - - [01/Apr/2025:08:30:55 -0400] "GET /robots.txt HTTP/1.1" 200 97612 "-" "Mozilla/5.0 (compatible; DataForSeoBot/1.0; +https://dataforseo.com/dataforseo-bot)"
136.243.228.193 - - [01/Apr/2025:08:31:00 -0400] "GET /sitemap.xml HTTP/1.1" 200 73854 "-" "Mozilla/5.0 (compatible; DataForSeoBot/1.0; +https://dataforseo.com/dataforseo-bot)"
208.85.92.157 - - [01/Apr/2025:08:49:52 -0400] "GET / HTTP/1.1" 200 97612 "-" "Mozilla/5.0 (Windows NT 10.0; Win64; x64) AppleWebKit/537.36 (KHTML, like Gecko) Chrome/88.0.4240.193 Safari/537.36"
216.244.66.202 - - [01/Apr/2025:09:01:56 -0400] "GET /the-art-of-cashing-out-small-payments/ HTTP/1.1" 200 97612 "-" "Mozilla/5.0 (compatible; DotBot/1.2; +https://opensiteexplorer.org/dotbot; help@moz.com)"
216.244.66.202 - - [01/Apr/2025:09:02:04 -0400] "GET /transforming-lives-aba-therapy-for-kids-in-dubai/ HTTP/1.1" 200 97618 "-" "Mozilla/5.0 (compatible; DotBot/1.2; +https://opensiteexplorer.org/dotbot; help@moz.com)"
216.244.66.202 - - [01/Apr/2025:09:02:41 -0400] "GET /exploring-the-mid-face-lift/ HTTP/1.1" 200 97612 "-" "Mozilla/5.0 (compatible; DotBot/1.2; +https://opensiteexplorer.org/dotbot; help@moz.com)"
216.244.66.202 - - [01/Apr/2025:09:03:38 -0400] "GET /the-renovation-of-shaughnessy/ HTTP/1.1" 200 97634 "-" "Mozilla/5.0 (compatible; DotBot/1.2; +https://opensiteexplorer.org/dotbot; help@moz.com)"
196.251.80.22 - - [01/Apr/2025:09:04:09 -0400] "GET / HTTP/1.1" 200 97634 "-" "Mozlila/5.0 (Linux; Android 7.0; SM-G892A Bulid/NRD90M; wv) AppleWebKit/537.36 (KHTML, like Gecko) Version/4.0 Chrome/60.0.3112.107 Moblie Safari/537.36"
196.251.80.22 - - [01/Apr/2025:09:04:09 -0400] "POST /ALFA_DATA/alfacgiapi/perl.alfa HTTP/1.1" 200 97634 "www.google.com" "Mozlila/5.0 (Linux; Android 7.0; SM-G892A Bulid/NRD90M; wv) AppleWebKit/537.36 (KHTML, like Gecko) Version/4.0 Chrome/60.0.3112.107 Moblie Safari/537.36"
196.251.80.22 - - [01/Apr/2025:09:04:09 -0400] "GET /wp-content/plugins/fix/up.php HTTP/1.1" 200 97612 "-" "Mozilla/5.0 (Windows NT 10.0; Win64; x64) AppleWebKit/537.36 (KHTML, like Gecko) Chrome/85.0.4183.102 Safari/537.36"
196.251.80.22 - - [01/Apr/2025:09:04:09 -0400] "GET /wp-content/themes/seotheme/db.php?u HTTP/1.1" 200 97634 "www.google.com" "Mozlila/5.0 (Linux; Android 7.0; SM-G892A Bulid/NRD90M; wv) AppleWebKit/537.36 (KHTML, like Gecko) Version/4.0 Chrome/60.0.3112.107 Moblie Safari/537.36"
196.251.80.22 - - [01/Apr/2025:09:04:09 -0400] "POST /wp-plain.php HTTP/1.1" 200 97634 "www.google.com" "Mozilla/5.0 (Linux; Android 7.0; SM-G892A Bulid/NRD90M; wv) AppleWebKit/537.36 (KHTML, like Gecko) Version/4.0 Chrome/60.0.3112.107 Moblie Safari/537.36"
196.251.80.22 - - [01/Apr/2025:09:04:11 -0400] "POST /alfacgiapi/perl.alfa HTTP/1.1" 200 97612 "www.google.com" "Mozlila/5.0 (Linux; Android 7.0; SM-G892A Bulid/NRD90M; wv) AppleWebKit/537.36 (KHTML, like Gecko) Version/4.0 Chrome/60.0.3112.107 Moblie Safari/537.36"
196.251.80.22 - - [01/Apr/2025:09:04:11 -0400] "GET /eeqxhopv.php?Fox=d3wL7 HTTP/1.1" 200 97612 "www.google.com" "Mozilla/5.0 (Linux; Android 7.0; SM-G892A Bulid/NRD90M; wv) AppleWebKit/537.36 (KHTML, like Gecko) Version/4.0 Chrome/60.0.3112.107 Moblie Safari/537.36"
89.248.168.95 - - [01/Apr/2025:09:06:08 -0400] "GET /gambling-lotto-can-be-harmful/ HTTP/1.1" 200 97634 "http://saamigraphics.com/gambling-lotto-can-be-harmful/" "Mozilla/5.0 (Windows NT 10.0; Win64; x64) AppleWebKit/537.36 (KHTML, like Gecko) Chrome/131.0.0.0 Safari/537.36"
216.244.66.202 - - [01/Apr/2025:09:09:39 -0400] "GET /lawyer-hattingen/feed/ HTTP/1.1" 200 97612 "-" "Mozilla/5.0 (compatible; DotBot/1.2; +https://opensiteexplorer.org/dotbot; help@moz.com)"
216.244.66.202 - - [01/Apr/2025:09:10:03 -0400] "GET /electric-breast-pumps/feed/ HTTP/1.1" 200 97612 "-" "Mozilla/5.0 (compatible; DotBot/1.2; +https://opensiteexplorer.org/dotbot; help@moz.com)"
124.220.171.218 - - [01/Apr/2025:09:17:38 -0400] "GET / HTTP/1.1" 200 97634 "-" "Mozilla/5.0 (Linux; Android 10; LIO-AN00 Build/HUAWEILIO-AN00; wv) MicroMessenger Weixin QQ AppleWebKit/537.36 (KHTML, like Gecko) Version/4.0 Chrome/78.0.3904.62 XWEB/2692 MMWEBSDK/200901 Mobile Safari/537.36"
156.228.112.25 - - [01/Apr/2025:09:25:17 -0400] "GET /un-examen-des-produits-de-securite-a-domicile/ HTTP/1.1" 200 97612 "-" "Mozilla/5.0 (X11; Fedora; Linux x86_64; rv:114.0) Gecko/20100101 Firefox/114.0"
124.220.171.218 - - [01/Apr/2025:09:38:28 -0400] "GET / HTTP/1.1" 200 97612 "-" "Mozilla/5.0 (Linux; Android 10; LIO-AN00 Build/HUAWEILIO-AN00; wv) MicroMessenger Weixin QQ AppleWebKit/537.36 (KHTML, like Gecko) Version/4.0 Chrome/78.0.3904.62 XWEB/2692 MMWEBSDK/200901 Mobile Safari/537.36"
216.244.66.202 - - [01/Apr/2025:09:40:31 -0400] "GET /robots.txt HTTP/1.1" 200 97542 "-" "Mozilla/5.0 (compatible; DotBot/1.2; +https://opensiteexplorer.org/dotbot; help@moz.com)"
216.244.66.202 - - [01/Apr/2025:09:45:12 -0400] "GET /whats-new-in-skin-whitening-life-after-hydroquinone/feed/ HTTP/1.1" 200 97612 "-" "Mozilla/5.0 (compatible; DotBot/1.2; +https://opensiteexplorer.org/dotbot; help@moz.com)"
194.38.23.16 - - [01/Apr/2025:09:46:02 -0400] "GET /plugins/html5-file-upload/html5fileupload.php HTTP/1.1" 200 97634 "-" "ALittle Client"
216.244.66.202 - - [01/Apr/2025:09:49:24 -0400] "GET /die-kraft-von-stahlreiniger-entfesseln-ein-umfassender-leitfaden/feed/ HTTP/1.1" 200 97645 "-" "Mozilla/5.0 (compatible; DotBot/1.2; +https://opensiteexplorer.org/dotbot; help@moz.com)"
216.244.66.202 - - [01/Apr/2025:09:50:10 -0400] "GET /nourrir-les-sourires-le-role-vital-du-dentiste-enfant-en-dentisterie-pediatrique/feed/ HTTP/1.1" 200 97612 "-" "Mozilla/5.0 (compatible; DotBot/1.2; +https://opensiteexplorer.org/dotbot; help@moz.com)"
85.208.98.23 - - [01/Apr/2025:10:22:06 -0400] "GET /robots.txt HTTP/1.1" 200 97612 "-" "Mozilla/5.0 (compatible; SemrushBot-BA; +http://www.semrush.com/bot.html)"
182.44.67.97 - - [01/Apr/2025:10:28:11 -0400] "GET / HTTP/1.1" 200 97634 "-" "Mozilla/5.0 (iPhone; CPU iPhone OS 13_2_3 like Mac OS X) AppleWebKit/605.1.15 (KHTML, like Gecko) Version/13.0.3 Mobile/15E148 Safari/604.1"
198.54.114.83 - - [01/Apr/2025:10:41:20 -0400] "POST /wp-cron.php?doing_wp_cron=1743518480.3658111095428466796875 HTTP/1.1" 200 0 "-" "WordPress/6.7.2; https://saamigraphics.com"
142.93.57.182 - - [01/Apr/2025:10:41:16 -0400] "GET /wp-login.php HTTP/1.1" 302 0 "-" "Mozilla/5.0"
47.238.13.2 - - [01/Apr/2025:10:59:05 -0400] "GET / HTTP/1.1" 200 97612 "-" "Mozilla/5.0 (Macintosh; Intel Mac OS X 10_15_7) AppleWebKit/537.36 (KHTML, like Gecko) Chrome/109.0.0.0 Safari/537.36"
216.244.66.202 - - [01/Apr/2025:11:10:29 -0400] "GET /robots.txt HTTP/1.1" 200 97612 "-" "Mozilla/5.0 (compatible; DotBot/1.2; +https://opensiteexplorer.org/dotbot; help@moz.com)"
216.244.66.202 - - [01/Apr/2025:11:20:28 -0400] "GET /2021/12/18/eskorte-piker-thai-massage-bergen-norwegian-kontakt-real-amateur-escort/ HTTP/1.1" 200 97612 "-" "Mozilla/5.0 (compatible; DotBot/1.2; +https://opensiteexplorer.org/dotbot; help@moz.com)"
134.122.135.50 - - [01/Apr/2025:11:39:12 -0400] "GET /apps/admin/view/default/layui/css/layui.css HTTP/1.1" 200 97634 "http://saamigraphics.com/apps/admin/view/default/layui/css/layui.css" "Mozilla/4.0 (compatible; MSIE 9.0; Windows NT 6.1)"
134.122.135.50 - - [01/Apr/2025:11:39:21 -0400] "GET /plus/img/df_dedetitle.gif HTTP/1.1" 200 97612 "http://saamigraphics.com/plus/img/df_dedetitle.gif" "Mozilla/4.0 (compatible; MSIE 9.0; Windows NT 6.1)"
134.122.135.50 - - [01/Apr/2025:11:39:35 -0400] "GET /e/data/images/arrow.gif HTTP/1.1" 200 97612 "http://saamigraphics.com/e/data/images/arrow.gif" "Mozilla/4.0 (compatible; MSIE 9.0; Windows NT 6.1)"
134.122.135.77 - - [01/Apr/2025:11:41:01 -0400] "GET /include/ckeditor/images/addon.gif HTTP/1.1" 200 97612 "http://saamigraphics.com" "Mozilla/5.0 (Windows NT 10.0; Win64; x64) AppleWebKit/537.36 (KHTML, like Gecko) Chrome/128.0.0.0 Safari/537.36"
134.122.135.77 - - [01/Apr/2025:11:41:01 -0400] "GET /public/plugins/Ueditor/dialogs/attachment/fileTypeImages/icon_psd.gif HTTP/1.1" 200 97612 "http://saamigraphics.com" "Mozilla/5.0 (Windows NT 10.0; Win64; x64) AppleWebKit/537.36 (KHTML, like Gecko) Chrome/128.0.0.0 Safari/537.36"
134.122.133.12 - - [01/Apr/2025:11:45:24 -0400] "GET /xmlrpc.php HTTP/1.1" 200 0 "http://saamigraphics.com" "Mozilla/5.0 (compatible; iaskspider/1.0; MSIE 6.0)"
