198.54.114.83 - - [03/Apr/2025:18:59:03 -0400] "POST /wp-cron.php?doing_wp_cron=1743721143.1720991134643554687500 HTTP/1.1" 200 0 "-" "WordPress/6.7.2; https://saamigraphics.com"
1.14.14.169 - - [03/Apr/2025:18:58:56 -0400] "GET /wp-login.php HTTP/1.1" 302 0 "-" "Apache-HttpClient/4.5.2 (Java/1.8.0_161)"
1.14.14.169 - - [03/Apr/2025:18:59:06 -0400] "GET /?author=1 HTTP/1.1" 200 97612 "-" "Apache-HttpClient/4.5.2 (Java/1.8.0_161)"
1.14.14.169 - - [03/Apr/2025:18:59:07 -0400] "GET /?author=2 HTTP/1.1" 200 97634 "-" "Apache-HttpClient/4.5.2 (Java/1.8.0_161)"
1.14.14.169 - - [03/Apr/2025:18:59:07 -0400] "GET /?author=3 HTTP/1.1" 200 97634 "-" "Apache-HttpClient/4.5.2 (Java/1.8.0_161)"
1.14.14.169 - - [03/Apr/2025:18:59:08 -0400] "GET /?author=4 HTTP/1.1" 200 97634 "-" "Apache-HttpClient/4.5.2 (Java/1.8.0_161)"
1.14.14.169 - - [03/Apr/2025:18:59:10 -0400] "GET /?author=5 HTTP/1.1" 200 97612 "-" "Apache-HttpClient/4.5.2 (Java/1.8.0_161)"
1.14.14.169 - - [03/Apr/2025:18:59:11 -0400] "GET /?author=6 HTTP/1.1" 200 97612 "-" "Apache-HttpClient/4.5.2 (Java/1.8.0_161)"
1.14.14.169 - - [03/Apr/2025:18:59:12 -0400] "GET /?author=7 HTTP/1.1" 200 97612 "-" "Apache-HttpClient/4.5.2 (Java/1.8.0_161)"
1.14.14.169 - - [03/Apr/2025:18:59:13 -0400] "GET /?author=8 HTTP/1.1" 200 97612 "-" "Apache-HttpClient/4.5.2 (Java/1.8.0_161)"
1.14.14.169 - - [03/Apr/2025:18:59:14 -0400] "GET /?author=9 HTTP/1.1" 200 97634 "-" "Apache-HttpClient/4.5.2 (Java/1.8.0_161)"
1.14.14.169 - - [03/Apr/2025:18:59:16 -0400] "GET /?author=10 HTTP/1.1" 200 97634 "-" "Apache-HttpClient/4.5.2 (Java/1.8.0_161)"
1.14.14.169 - - [03/Apr/2025:18:59:16 -0400] "GET /?author=11 HTTP/1.1" 200 97634 "-" "Apache-HttpClient/4.5.2 (Java/1.8.0_161)"
1.14.14.169 - - [03/Apr/2025:18:59:17 -0400] "GET /?author=12 HTTP/1.1" 200 97634 "-" "Apache-HttpClient/4.5.2 (Java/1.8.0_161)"
1.14.14.169 - - [03/Apr/2025:18:59:18 -0400] "GET /?author=13 HTTP/1.1" 200 97612 "-" "Apache-HttpClient/4.5.2 (Java/1.8.0_161)"
1.14.14.169 - - [03/Apr/2025:18:59:19 -0400] "GET /?author=14 HTTP/1.1" 200 97612 "-" "Apache-HttpClient/4.5.2 (Java/1.8.0_161)"
1.14.14.169 - - [03/Apr/2025:18:59:20 -0400] "GET /?author=15 HTTP/1.1" 200 97634 "-" "Apache-HttpClient/4.5.2 (Java/1.8.0_161)"
1.14.14.169 - - [03/Apr/2025:18:59:20 -0400] "GET /?author=16 HTTP/1.1" 200 97612 "-" "Apache-HttpClient/4.5.2 (Java/1.8.0_161)"
1.14.14.169 - - [03/Apr/2025:18:59:21 -0400] "GET /?author=17 HTTP/1.1" 200 97634 "-" "Apache-HttpClient/4.5.2 (Java/1.8.0_161)"
1.14.14.169 - - [03/Apr/2025:18:59:22 -0400] "GET /?author=18 HTTP/1.1" 200 97612 "-" "Apache-HttpClient/4.5.2 (Java/1.8.0_161)"
1.14.14.169 - - [03/Apr/2025:18:59:24 -0400] "GET /?author=19 HTTP/1.1" 200 97612 "-" "Apache-HttpClient/4.5.2 (Java/1.8.0_161)"
1.14.14.169 - - [03/Apr/2025:18:59:25 -0400] "GET /?author=20 HTTP/1.1" 200 97634 "-" "Apache-HttpClient/4.5.2 (Java/1.8.0_161)"
77.238.237.38 - - [03/Apr/2025:19:01:48 -0400] "GET /embroidered-socks/ HTTP/1.1" 200 97663 "http://saamigraphics.com/embroidered-socks/" "Mozilla/5.0 (Windows NT 10.0; Win64; x64) AppleWebKit/537.36 (KHTML, like Gecko) Chrome/130.0.0.0 Safari/537.36"
2.58.56.193 - - [03/Apr/2025:19:09:38 -0400] "GET /zwso.php HTTP/1.1" 200 97612 "www.google.com" "Mozlila/5.0 (Linux; Android 7.0; SM-G892A Bulid/NRD90M; wv) AppleWebKit/537.36 (KHTML, like Gecko) Version/4.0 Chrome/60.0.3112.107 Moblie Safari/537.36"
195.2.70.49 - - [03/Apr/2025:19:13:51 -0400] "GET /embroidered-socks/ HTTP/1.1" 200 97634 "http://saamigraphics.com/embroidered-socks/" "Mozilla/5.0 (Windows NT 10.0; Win64; x64) AppleWebKit/537.36 (KHTML, like Gecko) Chrome/130.0.0.0 Safari/537.36"
82.102.18.182 - - [03/Apr/2025:19:40:25 -0400] "GET / HTTP/1.1" 200 97489 "-" "Mozilla/5.0 (Windows NT 10.0; Win64; x64) AppleWebKit/537.36 (KHTML, like Gecko) Chrome/78.0.3904.108 Safari/537.36"
82.102.18.182 - - [03/Apr/2025:19:40:26 -0400] "GET / HTTP/1.1" 200 97524 "-" "Mozilla/5.0 (Windows NT 10.0; Win64; x64) AppleWebKit/537.36 (KHTML, like Gecko) Chrome/78.0.3904.108 Safari/537.36"
82.102.18.182 - - [03/Apr/2025:19:40:26 -0400] "GET /wp-includes/wlwmanifest.xml HTTP/1.1" 200 97612 "-" "Mozilla/5.0 (Windows NT 10.0; Win64; x64) AppleWebKit/537.36 (KHTML, like Gecko) Chrome/78.0.3904.108 Safari/537.36"
198.54.114.83 - - [03/Apr/2025:19:40:28 -0400] "POST /wp-cron.php?doing_wp_cron=1743723628.7106399536132812500000 HTTP/1.1" 200 0 "-" "WordPress/6.7.2; https://saamigraphics.com"
82.102.18.182 - - [03/Apr/2025:19:40:27 -0400] "GET /xmlrpc.php?rsd HTTP/1.1" 200 308 "-" "Mozilla/5.0 (Windows NT 10.0; Win64; x64) AppleWebKit/537.36 (KHTML, like Gecko) Chrome/78.0.3904.108 Safari/537.36"
82.102.18.182 - - [03/Apr/2025:19:40:29 -0400] "GET /?author=1 HTTP/1.1" 200 97612 "-" "Mozilla/5.0 (Windows NT 10.0; Win64; x64) AppleWebKit/537.36 (KHTML, like Gecko) Chrome/78.0.3904.108 Safari/537.36"
82.102.18.182 - - [03/Apr/2025:19:40:29 -0400] "GET /?author=2 HTTP/1.1" 200 97669 "-" "Mozilla/5.0 (Windows NT 10.0; Win64; x64) AppleWebKit/537.36 (KHTML, like Gecko) Chrome/78.0.3904.108 Safari/537.36"
82.102.18.182 - - [03/Apr/2025:19:40:29 -0400] "GET /wp-json/wp/v2/users/ HTTP/1.1" 200 97663 "-" "Mozilla/5.0 (Windows NT 10.0; Win64; x64) AppleWebKit/537.36 (KHTML, like Gecko) Chrome/78.0.3904.108 Safari/537.36"
82.102.18.182 - - [03/Apr/2025:19:40:30 -0400] "GET /wp-json/oembed/1.0/embed?url=http://saamigraphics.com HTTP/1.1" 200 97663 "-" "Mozilla/5.0 (Windows NT 10.0; Win64; x64) AppleWebKit/537.36 (KHTML, like Gecko) Chrome/78.0.3904.108 Safari/537.36"
82.102.18.182 - - [03/Apr/2025:19:40:30 -0400] "POST /xmlrpc.php HTTP/1.1" 200 236 "-" "Mozilla/5.0 (Windows NT 10.0; Win64; x64) AppleWebKit/537.36 (KHTML, like Gecko) Chrome/78.0.3904.108 Safari/537.36"
82.102.18.182 - - [03/Apr/2025:19:40:31 -0400] "POST /xmlrpc.php HTTP/1.1" 200 236 "-" "Mozilla/5.0 (Windows NT 10.0; Win64; x64) AppleWebKit/537.36 (KHTML, like Gecko) Chrome/78.0.3904.108 Safari/537.36"
82.102.18.182 - - [03/Apr/2025:19:40:32 -0400] "POST /xmlrpc.php HTTP/1.1" 200 236 "-" "Mozilla/5.0 (Windows NT 10.0; Win64; x64) AppleWebKit/537.36 (KHTML, like Gecko) Chrome/78.0.3904.108 Safari/537.36"
82.102.18.182 - - [03/Apr/2025:19:40:33 -0400] "POST /xmlrpc.php HTTP/1.1" 200 236 "-" "Mozilla/5.0 (Windows NT 10.0; Win64; x64) AppleWebKit/537.36 (KHTML, like Gecko) Chrome/78.0.3904.108 Safari/537.36"
82.102.18.182 - - [03/Apr/2025:19:40:34 -0400] "POST /xmlrpc.php HTTP/1.1" 200 236 "-" "Mozilla/5.0 (Windows NT 10.0; Win64; x64) AppleWebKit/537.36 (KHTML, like Gecko) Chrome/78.0.3904.108 Safari/537.36"
82.102.18.182 - - [03/Apr/2025:19:40:35 -0400] "POST /xmlrpc.php HTTP/1.1" 200 236 "-" "Mozilla/5.0 (Windows NT 10.0; Win64; x64) AppleWebKit/537.36 (KHTML, like Gecko) Chrome/78.0.3904.108 Safari/537.36"
161.35.47.151 - - [03/Apr/2025:19:41:39 -0400] "GET /modules/mod_araticlws/mod_araticlws.php HTTP/1.1" 200 97542 "-" "Mozilla/5.0 (Linux; Android 7.0; SM-G892A Build/NRD90M; wv) AppleWebKit/537.36 (KHTML, like Gecko) Version/4.0 Chrome/60.0.3112.107 Mobile Safari/537.36"
161.35.47.151 - - [03/Apr/2025:19:41:40 -0400] "GET /modules/mod_ariimageslidersa/mod_ariimageslidersa.php HTTP/1.1" 200 97612 "-" "Mozilla/5.0 (Linux; Android 7.0; SM-G892A Build/NRD90M; wv) AppleWebKit/537.36 (KHTML, like Gecko) Version/4.0 Chrome/60.0.3112.107 Mobile Safari/537.36"
161.35.47.151 - - [03/Apr/2025:19:41:41 -0400] "GET /administrator/templates/bluestork/error.php HTTP/1.1" 200 97489 "-" "Mozilla/5.0 (Linux; Android 7.0; SM-G892A Build/NRD90M; wv) AppleWebKit/537.36 (KHTML, like Gecko) Version/4.0 Chrome/60.0.3112.107 Mobile Safari/537.36"
161.35.47.151 - - [03/Apr/2025:19:41:42 -0400] "GET /templates/atomic/error.php HTTP/1.1" 200 97489 "-" "Mozilla/5.0 (Linux; Android 7.0; SM-G892A Build/NRD90M; wv) AppleWebKit/537.36 (KHTML, like Gecko) Version/4.0 Chrome/60.0.3112.107 Mobile Safari/537.36"
161.35.47.151 - - [03/Apr/2025:19:41:43 -0400] "GET /templates/beez/index.php HTTP/1.1" 200 97634 "-" "Mozilla/5.0 (Linux; Android 7.0; SM-G892A Build/NRD90M; wv) AppleWebKit/537.36 (KHTML, like Gecko) Version/4.0 Chrome/60.0.3112.107 Mobile Safari/537.36"
167.172.130.206 - - [03/Apr/2025:19:44:17 -0400] "GET /zwso.php HTTP/1.1" 200 97524 "www.google.com" "Mozlila/5.0 (Linux; Android 7.0; SM-G892A Bulid/NRD90M; wv) AppleWebKit/537.36 (KHTML, like Gecko) Version/4.0 Chrome/60.0.3112.107 Moblie Safari/537.36"
167.172.130.206 - - [03/Apr/2025:19:44:19 -0400] "GET /zwso.php HTTP/1.1" 200 97612 "www.google.com" "Mozlila/5.0 (Linux; Android 7.0; SM-G892A Bulid/NRD90M; wv) AppleWebKit/537.36 (KHTML, like Gecko) Version/4.0 Chrome/60.0.3112.107 Moblie Safari/537.36"
110.166.71.39 - - [03/Apr/2025:20:17:20 -0400] "GET / HTTP/1.1" 200 97645 "-" "Mozilla/5.0 (iPhone; CPU iPhone OS 13_2_3 like Mac OS X) AppleWebKit/605.1.15 (KHTML, like Gecko) Version/13.0.3 Mobile/15E148 Safari/604.1"
43.165.65.75 - - [03/Apr/2025:20:22:00 -0400] "GET / HTTP/1.1" 200 97489 "-" "Mozilla/5.0 (iPhone; CPU iPhone OS 13_2_3 like Mac OS X) AppleWebKit/605.1.15 (KHTML, like Gecko) Version/13.0.3 Mobile/15E148 Safari/604.1"
185.121.234.50 - - [03/Apr/2025:20:37:02 -0400] "GET /verbessern-sie-ihre-personlichkeit-mit-korperschmuck/ HTTP/1.1" 200 97489 "http://saamigraphics.com/verbessern-sie-ihre-personlichkeit-mit-korperschmuck/" "Mozilla/5.0 (Windows NT 10.0; Win64; x64) AppleWebKit/537.36 (KHTML, like Gecko) Chrome/130.0.0.0 Safari/537.36 CCleaner/130.0.0.0"
185.121.234.50 - - [03/Apr/2025:20:37:03 -0400] "GET /verbessern-sie-ihre-personlichkeit-mit-korperschmuck/ HTTP/1.1" 200 97489 "http://saamigraphics.com/verbessern-sie-ihre-personlichkeit-mit-korperschmuck/" "Mozilla/5.0 (Windows NT 10.0; Win64; x64) AppleWebKit/537.36 (KHTML, like Gecko) Chrome/130.0.0.0 Safari/537.36 CCleaner/130.0.0.0"
185.121.234.50 - - [03/Apr/2025:20:37:10 -0400] "GET /verbessern-sie-ihre-personlichkeit-mit-korperschmuck/ HTTP/1.1" 200 97489 "http://saamigraphics.com/verbessern-sie-ihre-personlichkeit-mit-korperschmuck/" "Mozilla/5.0 (Windows NT 10.0; Win64; x64) AppleWebKit/537.36 (KHTML, like Gecko) Chrome/130.0.0.0 Safari/537.36 CCleaner/130.0.0.0"
93.183.89.12 - - [03/Apr/2025:20:50:24 -0400] "GET /verbessern-sie-ihre-personlichkeit-mit-korperschmuck/ HTTP/1.1" 200 97489 "http://saamigraphics.com/verbessern-sie-ihre-personlichkeit-mit-korperschmuck/" "Mozilla/5.0 (Windows NT 10.0; Win64; x64) AppleWebKit/537.36 (KHTML, like Gecko) Chrome/129.0.0.0 Safari/537.36"
93.183.89.12 - - [03/Apr/2025:20:50:25 -0400] "GET /verbessern-sie-ihre-personlichkeit-mit-korperschmuck/ HTTP/1.1" 200 97663 "http://saamigraphics.com/verbessern-sie-ihre-personlichkeit-mit-korperschmuck/" "Mozilla/5.0 (Windows NT 10.0; Win64; x64) AppleWebKit/537.36 (KHTML, like Gecko) Chrome/129.0.0.0 Safari/537.36"
93.183.89.12 - - [03/Apr/2025:20:50:26 -0400] "GET /verbessern-sie-ihre-personlichkeit-mit-korperschmuck/ HTTP/1.1" 200 97489 "http://saamigraphics.com/verbessern-sie-ihre-personlichkeit-mit-korperschmuck/" "Mozilla/5.0 (Windows NT 10.0; Win64; x64) AppleWebKit/537.36 (KHTML, like Gecko) Chrome/129.0.0.0 Safari/537.36"
195.200.29.225 - - [03/Apr/2025:21:02:36 -0400] "GET /verbessern-sie-ihre-personlichkeit-mit-korperschmuck/ HTTP/1.1" 200 97542 "http://saamigraphics.com/verbessern-sie-ihre-personlichkeit-mit-korperschmuck/" "Mozilla/5.0 (Windows NT 10.0; Win64; x64) AppleWebKit/537.36 (KHTML, like Gecko) Chrome/130.0.0.0 Safari/537.36 CCleaner/130.0.0.0"
195.200.29.225 - - [03/Apr/2025:21:02:37 -0400] "GET /verbessern-sie-ihre-personlichkeit-mit-korperschmuck/ HTTP/1.1" 200 97663 "http://saamigraphics.com/verbessern-sie-ihre-personlichkeit-mit-korperschmuck/" "Mozilla/5.0 (Windows NT 10.0; Win64; x64) AppleWebKit/537.36 (KHTML, like Gecko) Chrome/130.0.0.0 Safari/537.36 CCleaner/130.0.0.0"
195.200.29.225 - - [03/Apr/2025:21:02:38 -0400] "GET /verbessern-sie-ihre-personlichkeit-mit-korperschmuck/ HTTP/1.1" 200 97634 "http://saamigraphics.com/verbessern-sie-ihre-personlichkeit-mit-korperschmuck/" "Mozilla/5.0 (Windows NT 10.0; Win64; x64) AppleWebKit/537.36 (KHTML, like Gecko) Chrome/130.0.0.0 Safari/537.36 CCleaner/130.0.0.0"
2a01:239:279:8600::1 - - [03/Apr/2025:21:20:18 -0400] "GET /.env HTTP/1.1" 200 97612 "-" "Mozilla/5.0 (X11; Linux x86_64) AppleWebKit/537.36 (KHTML, like Gecko) Chrome/81.0.4044.129 Safari/537.36"
2a01:239:279:8600::1 - - [03/Apr/2025:21:20:21 -0400] "POST / HTTP/1.1" 200 97634 "-" "Mozilla/5.0 (X11; Linux x86_64) AppleWebKit/537.36 (KHTML, like Gecko) Chrome/81.0.4044.129 Safari/537.36"
2a01:239:279:8600::1 - - [03/Apr/2025:21:20:22 -0400] "GET /sendgrid/.env HTTP/1.1" 200 97634 "-" "Mozilla/5.0 (X11; Linux x86_64) AppleWebKit/537.36 (KHTML, like Gecko) Chrome/81.0.4044.129 Safari/537.36"
2a01:239:279:8600::1 - - [03/Apr/2025:21:20:24 -0400] "POST / HTTP/1.1" 200 97524 "-" "Mozilla/5.0 (X11; Linux x86_64) AppleWebKit/537.36 (KHTML, like Gecko) Chrome/81.0.4044.129 Safari/537.36"
85.208.98.23 - - [03/Apr/2025:21:21:43 -0400] "GET /robots.txt HTTP/1.1" 200 97634 "-" "Mozilla/5.0 (compatible; SemrushBot-BA; +http://www.semrush.com/bot.html)"
216.244.66.202 - - [03/Apr/2025:21:41:24 -0400] "GET /robots.txt HTTP/1.1" 200 97634 "-" "Mozilla/5.0 (compatible; DotBot/1.2; +https://opensiteexplorer.org/dotbot; help@moz.com)"
216.244.66.202 - - [03/Apr/2025:21:48:48 -0400] "GET /steroid-culture-in-thailand/feed/ HTTP/1.1" 200 97529 "-" "Mozilla/5.0 (compatible; DotBot/1.2; +https://opensiteexplorer.org/dotbot; help@moz.com)"
216.244.66.202 - - [03/Apr/2025:21:55:14 -0400] "GET /okay-that-wasnt-funny/feed/ HTTP/1.1" 200 97530 "-" "Mozilla/5.0 (compatible; DotBot/1.2; +https://opensiteexplorer.org/dotbot; help@moz.com)"
216.244.66.202 - - [03/Apr/2025:21:55:19 -0400] "GET /pistol-grip-an-overview/feed/ HTTP/1.1" 200 97524 "-" "Mozilla/5.0 (compatible; DotBot/1.2; +https://opensiteexplorer.org/dotbot; help@moz.com)"
61.130.144.178 - - [03/Apr/2025:22:24:50 -0400] "GET /public/static/common/images/file.png HTTP/1.1" 200 97634 "http://saamigraphics.com" "Mozilla/5.0 (compatible; Googlebot/2.1; +http://www.google.com/bot.html)"
61.130.144.178 - - [03/Apr/2025:22:24:51 -0400] "GET /public/static/admin/images/ok.png HTTP/1.1" 200 97612 "http://saamigraphics.com" "Mozilla/5.0 (Linux;u;Android 4.2.2;zh-cn;)"
164.90.142.103 - - [03/Apr/2025:22:58:33 -0400] "GET / HTTP/1.1" 200 97530 "-" "Mozilla/5.0 (Windows NT 10.0; Win64; x64) AppleWebKit/537.36 (KHTML, like Gecko) Chrome/95.0.4638.69 Safari/537.36"
164.90.142.103 - - [03/Apr/2025:22:58:34 -0400] "GET /wp-includes/ID3/license.txt HTTP/1.1" 200 501 "-" "Mozilla/5.0 (Windows NT 10.0; Win64; x64) AppleWebKit/537.36 (KHTML, like Gecko) Chrome/95.0.4638.69 Safari/537.36"
164.90.142.103 - - [03/Apr/2025:22:58:34 -0400] "GET /feed/ HTTP/1.1" 200 97634 "-" "Mozilla/5.0 (Windows NT 10.0; Win64; x64) AppleWebKit/537.36 (KHTML, like Gecko) Chrome/95.0.4638.69 Safari/537.36"
198.54.114.83 - - [03/Apr/2025:22:58:39 -0400] "POST /wp-cron.php?doing_wp_cron=1743735518.8547990322113037109375 HTTP/1.1" 200 0 "-" "WordPress/6.7.2; https://saamigraphics.com"
164.90.142.103 - - [03/Apr/2025:22:58:34 -0400] "GET /xmlrpc.php?rsd HTTP/1.1" 200 308 "-" "Mozilla/5.0 (Windows NT 10.0; Win64; x64) AppleWebKit/537.36 (KHTML, like Gecko) Chrome/95.0.4638.69 Safari/537.36"
164.90.142.103 - - [03/Apr/2025:22:58:39 -0400] "GET /?author=1 HTTP/1.1" 200 97612 "-" "Mozilla/5.0 (Windows NT 10.0; Win64; x64) AppleWebKit/537.36 (KHTML, like Gecko) Chrome/95.0.4638.69 Safari/537.36"
164.90.142.103 - - [03/Apr/2025:22:58:39 -0400] "GET /wp-json/wp/v2/users/ HTTP/1.1" 200 97612 "-" "Mozilla/5.0 (Windows NT 10.0; Win64; x64) AppleWebKit/537.36 (KHTML, like Gecko) Chrome/95.0.4638.69 Safari/537.36"
164.90.142.103 - - [03/Apr/2025:22:58:39 -0400] "GET /wp-json/oembed/1.0/embed?url=http://saamigraphics.com HTTP/1.1" 200 97645 "-" "Mozilla/5.0 (Windows NT 10.0; Win64; x64) AppleWebKit/537.36 (KHTML, like Gecko) Chrome/95.0.4638.69 Safari/537.36"
164.90.142.103 - - [03/Apr/2025:22:58:40 -0400] "POST /xmlrpc.php HTTP/1.1" 200 236 "-" "Mozilla/5.0 (Windows NT 10.0; Win64; x64) AppleWebKit/537.36 (KHTML, like Gecko) Chrome/95.0.4638.69 Safari/537.36"
164.90.142.103 - - [03/Apr/2025:22:58:41 -0400] "POST /xmlrpc.php HTTP/1.1" 200 236 "-" "Mozilla/5.0 (Windows NT 10.0; Win64; x64) AppleWebKit/537.36 (KHTML, like Gecko) Chrome/95.0.4638.69 Safari/537.36"
164.90.142.103 - - [03/Apr/2025:22:58:42 -0400] "POST /xmlrpc.php HTTP/1.1" 200 236 "-" "Mozilla/5.0 (Windows NT 10.0; Win64; x64) AppleWebKit/537.36 (KHTML, like Gecko) Chrome/95.0.4638.69 Safari/537.36"
164.90.142.103 - - [03/Apr/2025:22:58:43 -0400] "POST /xmlrpc.php HTTP/1.1" 200 236 "-" "Mozilla/5.0 (Windows NT 10.0; Win64; x64) AppleWebKit/537.36 (KHTML, like Gecko) Chrome/95.0.4638.69 Safari/537.36"
164.90.142.103 - - [03/Apr/2025:22:58:44 -0400] "POST /xmlrpc.php HTTP/1.1" 200 236 "-" "Mozilla/5.0 (Windows NT 10.0; Win64; x64) AppleWebKit/537.36 (KHTML, like Gecko) Chrome/95.0.4638.69 Safari/537.36"
164.90.142.103 - - [03/Apr/2025:22:58:45 -0400] "POST /xmlrpc.php HTTP/1.1" 200 236 "-" "Mozilla/5.0 (Windows NT 10.0; Win64; x64) AppleWebKit/537.36 (KHTML, like Gecko) Chrome/95.0.4638.69 Safari/537.36"
89.175.12.245 - - [03/Apr/2025:22:58:48 -0400] "GET /cbd-for-anxiety-uk-a-natural-remedy-for-anxiety/ HTTP/1.1" 200 97618 "http://saamigraphics.com/cbd-for-anxiety-uk-a-natural-remedy-for-anxiety/" "Mozilla/5.0 (Windows NT 10.0; Win64; x64) AppleWebKit/537.36 (KHTML, like Gecko) Chrome/129.0.0.0 Safari/537.36"
61.130.144.178 - - [03/Apr/2025:23:07:37 -0400] "GET /xmlrpc.php HTTP/1.1" 200 0 "http://saamigraphics.com" "Mozilla/5.0 (compatible; Googlebot/2.1; +http://www.google.com/bot.html)"
198.54.114.83 - - [03/Apr/2025:23:07:50 -0400] "POST /wp-cron.php?doing_wp_cron=1743736070.3705849647521972656250 HTTP/1.1" 200 0 "-" "WordPress/6.7.2; https://saamigraphics.com"
149.126.216.49 - - [03/Apr/2025:23:35:41 -0400] "GET /verbessern-sie-ihre-personlichkeit-mit-korperschmuck/ HTTP/1.1" 200 97612 "-" "Mozilla/5.0 (Macintosh; Intel Mac OS X 12_5) AppleWebKit/605.1.15 (KHTML, like Gecko) Version/15.4 Safari/605.1.15"
149.126.216.49 - - [03/Apr/2025:23:35:45 -0400] "GET /verbessern-sie-ihre-personlichkeit-mit-korperschmuck/'%20+%20item.url%20+%20' HTTP/1.1" 200 97634 "http://saamigraphics.com/verbessern-sie-ihre-personlichkeit-mit-korperschmuck/" "Mozilla/5.0 (Macintosh; Intel Mac OS X 12_5) AppleWebKit/605.1.15 (KHTML, like Gecko) Version/15.4 Safari/605.1.15"
43.130.100.35 - - [03/Apr/2025:23:52:50 -0400] "GET / HTTP/1.1" 200 97529 "-" "Mozilla/5.0 (iPhone; CPU iPhone OS 13_2_3 like Mac OS X) AppleWebKit/605.1.15 (KHTML, like Gecko) Version/13.0.3 Mobile/15E148 Safari/604.1"
45.92.19.136 - - [03/Apr/2025:23:59:59 -0400] "GET / HTTP/1.1" 200 97612 "-" "Mozilla/5.0 (Macintosh; Intel Mac OS X 10_15_7) AppleWebKit/537.36 (KHTML, like Gecko) Chrome/96.0.4664.110 Safari/537.36"
123.187.240.242 - - [04/Apr/2025:00:58:25 -0400] "GET / HTTP/1.1" 200 97612 "-" "Mozilla/5.0 (iPhone; CPU iPhone OS 13_2_3 like Mac OS X) AppleWebKit/605.1.15 (KHTML, like Gecko) Version/13.0.3 Mobile/15E148 Safari/604.1"
196.251.69.109 - - [04/Apr/2025:01:10:50 -0400] "GET / HTTP/1.1" 200 97529 "-" "Mozilla/5.0 (Windows NT 10.0; Win64; x64) AppleWebKit/537.36 (KHTML, like Gecko) Chrome/89.0.4389.114 Safari/537.36"
196.251.69.109 - - [04/Apr/2025:01:10:51 -0400] "GET / HTTP/1.1" 200 97489 "-" "Mozilla/5.0 (Windows NT 10.0; Win64; x64) AppleWebKit/537.36 (KHTML, like Gecko) Chrome/89.0.4389.114 Safari/537.36"
196.251.69.109 - - [04/Apr/2025:01:10:51 -0400] "GET /wp-includes/wlwmanifest.xml HTTP/1.1" 200 97612 "-" "Mozilla/5.0 (Windows NT 10.0; Win64; x64) AppleWebKit/537.36 (KHTML, like Gecko) Chrome/89.0.4389.114 Safari/537.36"
198.54.114.83 - - [04/Apr/2025:01:10:52 -0400] "POST /wp-cron.php?doing_wp_cron=1743743452.6607699394226074218750 HTTP/1.1" 200 0 "-" "WordPress/6.7.2; https://saamigraphics.com"
196.251.69.109 - - [04/Apr/2025:01:10:51 -0400] "GET /xmlrpc.php?rsd HTTP/1.1" 200 308 "-" "Mozilla/5.0 (Windows NT 10.0; Win64; x64) AppleWebKit/537.36 (KHTML, like Gecko) Chrome/89.0.4389.114 Safari/537.36"
196.251.69.109 - - [04/Apr/2025:01:10:53 -0400] "GET /?author=1 HTTP/1.1" 200 97612 "-" "Mozilla/5.0 (Windows NT 10.0; Win64; x64) AppleWebKit/537.36 (KHTML, like Gecko) Chrome/89.0.4389.114 Safari/537.36"
196.251.69.109 - - [04/Apr/2025:01:10:53 -0400] "GET /?author=2 HTTP/1.1" 200 97612 "-" "Mozilla/5.0 (Windows NT 10.0; Win64; x64) AppleWebKit/537.36 (KHTML, like Gecko) Chrome/89.0.4389.114 Safari/537.36"
196.251.69.109 - - [04/Apr/2025:01:10:53 -0400] "GET /?author=3 HTTP/1.1" 200 97645 "-" "Mozilla/5.0 (Windows NT 10.0; Win64; x64) AppleWebKit/537.36 (KHTML, like Gecko) Chrome/89.0.4389.114 Safari/537.36"
196.251.69.109 - - [04/Apr/2025:01:10:54 -0400] "GET /wp-json/wp/v2/users/ HTTP/1.1" 200 97663 "-" "Mozilla/5.0 (Windows NT 10.0; Win64; x64) AppleWebKit/537.36 (KHTML, like Gecko) Chrome/89.0.4389.114 Safari/537.36"
196.251.69.109 - - [04/Apr/2025:01:10:54 -0400] "GET /wp-json/oembed/1.0/embed?url=http://saamigraphics.com HTTP/1.1" 200 97542 "-" "Mozilla/5.0 (Windows NT 10.0; Win64; x64) AppleWebKit/537.36 (KHTML, like Gecko) Chrome/89.0.4389.114 Safari/537.36"
196.251.69.109 - - [04/Apr/2025:01:10:54 -0400] "POST /xmlrpc.php HTTP/1.1" 200 212 "-" "Mozilla/5.0 (Windows NT 10.0; Win64; x64) AppleWebKit/537.36 (KHTML, like Gecko) Chrome/89.0.4389.114 Safari/537.36"
196.251.69.109 - - [04/Apr/2025:01:10:55 -0400] "POST /xmlrpc.php HTTP/1.1" 200 212 "-" "Mozilla/5.0 (Windows NT 10.0; Win64; x64) AppleWebKit/537.36 (KHTML, like Gecko) Chrome/89.0.4389.114 Safari/537.36"
196.251.69.109 - - [04/Apr/2025:01:10:56 -0400] "POST /xmlrpc.php HTTP/1.1" 200 236 "-" "Mozilla/5.0 (Windows NT 10.0; Win64; x64) AppleWebKit/537.36 (KHTML, like Gecko) Chrome/89.0.4389.114 Safari/537.36"
196.251.69.109 - - [04/Apr/2025:01:10:57 -0400] "POST /xmlrpc.php HTTP/1.1" 200 236 "-" "Mozilla/5.0 (Windows NT 10.0; Win64; x64) AppleWebKit/537.36 (KHTML, like Gecko) Chrome/89.0.4389.114 Safari/537.36"
196.251.69.109 - - [04/Apr/2025:01:10:58 -0400] "POST /xmlrpc.php HTTP/1.1" 200 212 "-" "Mozilla/5.0 (Windows NT 10.0; Win64; x64) AppleWebKit/537.36 (KHTML, like Gecko) Chrome/89.0.4389.114 Safari/537.36"
196.251.69.109 - - [04/Apr/2025:01:10:59 -0400] "POST /xmlrpc.php HTTP/1.1" 200 236 "-" "Mozilla/5.0 (Windows NT 10.0; Win64; x64) AppleWebKit/537.36 (KHTML, like Gecko) Chrome/89.0.4389.114 Safari/537.36"
92.255.85.164 - - [04/Apr/2025:01:43:34 -0400] "GET / HTTP/1.1" 200 97612 "http://saamigraphics.com/" "Mozilla/5.0 (Windows NT 10.0; Win64; x64) AppleWebKit/537.36 (KHTML, like Gecko) Chrome/130.0.0.0 Safari/537.36 CCleaner/130.0.0.0"
185.220.101.2 - - [04/Apr/2025:01:57:10 -0400] "GET / HTTP/1.1" 200 97634 "-" "Opera/9.01 (Windows NT 5.2; U; en)"
45.84.107.101 - - [04/Apr/2025:01:57:17 -0400] "GET / HTTP/1.1" 200 97542 "-" "Mozilla/5.0 (Windows; U; Windows NT 5.0; de-DE; rv:1.7.7) Gecko/20050414 Firefox/1.0.3"
198.54.114.83 - - [04/Apr/2025:01:57:25 -0400] "POST /wp-cron.php?doing_wp_cron=1743746244.9755740165710449218750 HTTP/1.1" 200 0 "-" "WordPress/6.7.2; https://saamigraphics.com"
45.84.107.101 - - [04/Apr/2025:01:57:24 -0400] "GET /wp-login.php HTTP/1.1" 302 0 "-" "Mozilla/5.0 (Windows; U; Windows NT 5.0; de-DE; rv:1.7.7) Gecko/20050414 Firefox/1.0.3"
185.56.83.83 - - [04/Apr/2025:02:02:45 -0400] "GET / HTTP/1.1" 200 97612 "-" "Mozilla/4.0 (compatible; MSIE 4.01; Windows CE; Sprint:PPC-i830; PPC; 240x320)"
192.42.116.180 - - [04/Apr/2025:02:02:55 -0400] "GET / HTTP/1.1" 200 97612 "-" "Mozilla/4.0 (compatible; MSIE 8.0; X11; Linux x86_64; de) Opera 10.62"
198.54.114.83 - - [04/Apr/2025:02:03:03 -0400] "POST /wp-cron.php?doing_wp_cron=1743746582.4098749160766601562500 HTTP/1.1" 200 0 "-" "WordPress/6.7.2; https://saamigraphics.com"
192.42.116.180 - - [04/Apr/2025:02:03:00 -0400] "GET /wp-login.php HTTP/1.1" 302 0 "-" "Mozilla/4.0 (compatible; MSIE 8.0; X11; Linux x86_64; de) Opera 10.62"
46.148.206.226 - - [04/Apr/2025:02:11:47 -0400] "GET /cbd-for-anxiety-uk-a-natural-remedy-for-anxiety/ HTTP/1.1" 200 97634 "http://saamigraphics.com/cbd-for-anxiety-uk-a-natural-remedy-for-anxiety/" "Mozilla/5.0 (Windows NT 10.0; Win64; x64) AppleWebKit/537.36 (KHTML, like Gecko) Chrome/131.0.0.0 Safari/537.36 Avast/131.0.0.0"
43.153.7.172 - - [04/Apr/2025:02:39:16 -0400] "GET /gambling-lotto-can-be-harmful/ HTTP/1.1" 200 97542 "http://saamigraphics.com/gambling-lotto-can-be-harmful/" "Mozilla/5.0 (Windows NT 10.0; Win64; x64) AppleWebKit/537.36 (KHTML, like Gecko) Chrome/131.0.0.0 Safari/537.36 Avast/131.0.0.0"
103.49.203.178 - - [04/Apr/2025:02:40:17 -0400] "GET /gambling-lotto-can-be-harmful/ HTTP/1.1" 200 97612 "http://saamigraphics.com/gambling-lotto-can-be-harmful/" "Mozilla/5.0 (Windows NT 10.0; Win64; x64) AppleWebKit/537.36 (KHTML, like Gecko) Chrome/131.0.0.0 Safari/537.36 Avast/131.0.0.0"
102.129.235.186 - - [04/Apr/2025:02:41:28 -0400] "GET / HTTP/1.1" 200 97612 "-" "Mozilla/5.0 (Macintosh; Intel Mac OS X 12_5) AppleWebKit/537.36 (KHTML, like Gecko) Chrome/114.0.0.0 Safari/537.36"
102.129.235.186 - - [04/Apr/2025:02:41:29 -0400] "GET /'%20+%20item.url%20+%20' HTTP/1.1" 200 97634 "http://saamigraphics.com" "Mozilla/5.0 (Macintosh; Intel Mac OS X 12_5) AppleWebKit/537.36 (KHTML, like Gecko) Chrome/114.0.0.0 Safari/537.36"
43.135.133.241 - - [04/Apr/2025:02:46:19 -0400] "GET / HTTP/1.1" 200 97634 "-" "Mozilla/5.0 (iPhone; CPU iPhone OS 13_2_3 like Mac OS X) AppleWebKit/605.1.15 (KHTML, like Gecko) Version/13.0.3 Mobile/15E148 Safari/604.1"
198.235.24.176 - - [04/Apr/2025:02:47:58 -0400] "GET / HTTP/1.1" 200 97669 "-" "Expanse, a Palo Alto Networks company, searches across the global IPv4 space multiple times per day to identify customers' presences on the Internet. If you would like to be excluded from our scans, please send IP addresses/domains to: scaninfo@paloaltonetworks.com"
216.244.66.202 - - [04/Apr/2025:02:55:25 -0400] "GET /robots.txt HTTP/1.1" 200 97663 "-" "Mozilla/5.0 (compatible; DotBot/1.2; +https://opensiteexplorer.org/dotbot; help@moz.com)"
216.244.66.202 - - [04/Apr/2025:03:09:36 -0400] "GET /cosplay-totally-spies/feed/ HTTP/1.1" 200 97634 "-" "Mozilla/5.0 (compatible; DotBot/1.2; +https://opensiteexplorer.org/dotbot; help@moz.com)"
194.38.23.16 - - [04/Apr/2025:03:19:40 -0400] "GET / HTTP/1.1" 200 97618 "-" "ALittle Client"
146.70.194.246 - - [04/Apr/2025:03:37:23 -0400] "GET / HTTP/1.1" 200 97612 "-" "Mozilla/5.0 (Windows NT 10.0; Win64; x64) AppleWebKit/537.36 (KHTML, like Gecko) Chrome/78.0.3904.108 Safari/537.36"
146.70.194.246 - - [04/Apr/2025:03:37:24 -0400] "GET / HTTP/1.1" 200 97634 "-" "Mozilla/5.0 (Windows NT 10.0; Win64; x64) AppleWebKit/537.36 (KHTML, like Gecko) Chrome/78.0.3904.108 Safari/537.36"
146.70.194.246 - - [04/Apr/2025:03:37:24 -0400] "GET /wp-includes/wlwmanifest.xml HTTP/1.1" 200 97663 "-" "Mozilla/5.0 (Windows NT 10.0; Win64; x64) AppleWebKit/537.36 (KHTML, like Gecko) Chrome/78.0.3904.108 Safari/537.36"
146.70.194.246 - - [04/Apr/2025:03:37:25 -0400] "GET / HTTP/1.1" 200 97663 "-" "Mozilla/5.0 (Windows NT 10.0; Win64; x64) AppleWebKit/537.36 (KHTML, like Gecko) Chrome/78.0.3904.108 Safari/537.36"
146.70.194.246 - - [04/Apr/2025:03:37:25 -0400] "GET /blog/wp-includes/wlwmanifest.xml HTTP/1.1" 200 97612 "-" "Mozilla/5.0 (Windows NT 10.0; Win64; x64) AppleWebKit/537.36 (KHTML, like Gecko) Chrome/78.0.3904.108 Safari/537.36"
146.70.194.246 - - [04/Apr/2025:03:37:25 -0400] "GET /web/wp-includes/wlwmanifest.xml HTTP/1.1" 200 97634 "-" "Mozilla/5.0 (Windows NT 10.0; Win64; x64) AppleWebKit/537.36 (KHTML, like Gecko) Chrome/78.0.3904.108 Safari/537.36"
146.70.194.246 - - [04/Apr/2025:03:37:26 -0400] "GET /wordpress/wp-includes/wlwmanifest.xml HTTP/1.1" 200 97612 "-" "Mozilla/5.0 (Windows NT 10.0; Win64; x64) AppleWebKit/537.36 (KHTML, like Gecko) Chrome/78.0.3904.108 Safari/537.36"
146.70.194.246 - - [04/Apr/2025:03:37:26 -0400] "GET /website/wp-includes/wlwmanifest.xml HTTP/1.1" 200 97612 "-" "Mozilla/5.0 (Windows NT 10.0; Win64; x64) AppleWebKit/537.36 (KHTML, like Gecko) Chrome/78.0.3904.108 Safari/537.36"
146.70.194.246 - - [04/Apr/2025:03:37:26 -0400] "GET /wp/wp-includes/wlwmanifest.xml HTTP/1.1" 200 97612 "-" "Mozilla/5.0 (Windows NT 10.0; Win64; x64) AppleWebKit/537.36 (KHTML, like Gecko) Chrome/78.0.3904.108 Safari/537.36"
146.70.194.246 - - [04/Apr/2025:03:37:26 -0400] "GET /news/wp-includes/wlwmanifest.xml HTTP/1.1" 200 97634 "-" "Mozilla/5.0 (Windows NT 10.0; Win64; x64) AppleWebKit/537.36 (KHTML, like Gecko) Chrome/78.0.3904.108 Safari/537.36"
146.70.194.246 - - [04/Apr/2025:03:37:27 -0400] "GET /2018/wp-includes/wlwmanifest.xml HTTP/1.1" 200 97634 "-" "Mozilla/5.0 (Windows NT 10.0; Win64; x64) AppleWebKit/537.36 (KHTML, like Gecko) Chrome/78.0.3904.108 Safari/537.36"
146.70.194.246 - - [04/Apr/2025:03:37:27 -0400] "GET /2019/wp-includes/wlwmanifest.xml HTTP/1.1" 200 97612 "-" "Mozilla/5.0 (Windows NT 10.0; Win64; x64) AppleWebKit/537.36 (KHTML, like Gecko) Chrome/78.0.3904.108 Safari/537.36"
146.70.194.246 - - [04/Apr/2025:03:37:28 -0400] "GET /shop/wp-includes/wlwmanifest.xml HTTP/1.1" 200 97634 "-" "Mozilla/5.0 (Windows NT 10.0; Win64; x64) AppleWebKit/537.36 (KHTML, like Gecko) Chrome/78.0.3904.108 Safari/537.36"
146.70.194.246 - - [04/Apr/2025:03:37:28 -0400] "GET /wp1/wp-includes/wlwmanifest.xml HTTP/1.1" 200 97524 "-" "Mozilla/5.0 (Windows NT 10.0; Win64; x64) AppleWebKit/537.36 (KHTML, like Gecko) Chrome/78.0.3904.108 Safari/537.36"
146.70.194.246 - - [04/Apr/2025:03:37:28 -0400] "GET /test/wp-includes/wlwmanifest.xml HTTP/1.1" 200 97612 "-" "Mozilla/5.0 (Windows NT 10.0; Win64; x64) AppleWebKit/537.36 (KHTML, like Gecko) Chrome/78.0.3904.108 Safari/537.36"
146.70.194.246 - - [04/Apr/2025:03:37:29 -0400] "GET /media/wp-includes/wlwmanifest.xml HTTP/1.1" 200 97634 "-" "Mozilla/5.0 (Windows NT 10.0; Win64; x64) AppleWebKit/537.36 (KHTML, like Gecko) Chrome/78.0.3904.108 Safari/537.36"
146.70.194.246 - - [04/Apr/2025:03:37:29 -0400] "GET /wp2/wp-includes/wlwmanifest.xml HTTP/1.1" 200 97634 "-" "Mozilla/5.0 (Windows NT 10.0; Win64; x64) AppleWebKit/537.36 (KHTML, like Gecko) Chrome/78.0.3904.108 Safari/537.36"
146.70.194.246 - - [04/Apr/2025:03:37:29 -0400] "GET /site/wp-includes/wlwmanifest.xml HTTP/1.1" 200 97634 "-" "Mozilla/5.0 (Windows NT 10.0; Win64; x64) AppleWebKit/537.36 (KHTML, like Gecko) Chrome/78.0.3904.108 Safari/537.36"
146.70.194.246 - - [04/Apr/2025:03:37:30 -0400] "GET /cms/wp-includes/wlwmanifest.xml HTTP/1.1" 200 97634 "-" "Mozilla/5.0 (Windows NT 10.0; Win64; x64) AppleWebKit/537.36 (KHTML, like Gecko) Chrome/78.0.3904.108 Safari/537.36"
146.70.194.246 - - [04/Apr/2025:03:37:30 -0400] "GET /sito/wp-includes/wlwmanifest.xml HTTP/1.1" 200 97634 "-" "Mozilla/5.0 (Windows NT 10.0; Win64; x64) AppleWebKit/537.36 (KHTML, like Gecko) Chrome/78.0.3904.108 Safari/537.36"
85.208.98.23 - - [04/Apr/2025:04:07:58 -0400] "GET /robots.txt HTTP/1.1" 200 97612 "-" "Mozilla/5.0 (compatible; SemrushBot-BA; +http://www.semrush.com/bot.html)"
216.244.66.202 - - [04/Apr/2025:04:32:06 -0400] "GET /hangelampen-modern/feed/ HTTP/1.1" 200 97612 "-" "Mozilla/5.0 (compatible; DotBot/1.2; +https://opensiteexplorer.org/dotbot; help@moz.com)"
216.244.66.202 - - [04/Apr/2025:04:32:15 -0400] "GET /2024/06/page/5/ HTTP/1.1" 200 97645 "-" "Mozilla/5.0 (compatible; DotBot/1.2; +https://opensiteexplorer.org/dotbot; help@moz.com)"
195.20.18.175 - - [04/Apr/2025:04:34:16 -0400] "GET / HTTP/1.1" 200 97612 "-" "ALittle Client"
89.175.12.245 - - [04/Apr/2025:05:10:25 -0400] "GET /cbd-for-anxiety-uk-a-natural-remedy-for-anxiety/ HTTP/1.1" 200 97634 "http://saamigraphics.com/cbd-for-anxiety-uk-a-natural-remedy-for-anxiety/" "Mozilla/5.0 (Windows NT 10.0; Win64; x64) AppleWebKit/537.36 (KHTML, like Gecko) Chrome/130.0.0.0 Safari/537.36 CCleaner/130.0.0.0"
216.244.66.202 - - [04/Apr/2025:05:11:50 -0400] "GET /robots.txt HTTP/1.1" 200 97612 "-" "Mozilla/5.0 (compatible; DotBot/1.2; +https://opensiteexplorer.org/dotbot; help@moz.com)"
216.244.66.202 - - [04/Apr/2025:05:16:51 -0400] "GET /bfj-design-bathrooms-in-coal-harbour/feed/ HTTP/1.1" 200 97634 "-" "Mozilla/5.0 (compatible; DotBot/1.2; +https://opensiteexplorer.org/dotbot; help@moz.com)"
216.244.66.202 - - [04/Apr/2025:05:16:56 -0400] "GET /dometic-fridge-the-best-camper-refrigerator/feed/ HTTP/1.1" 200 97645 "-" "Mozilla/5.0 (compatible; DotBot/1.2; +https://opensiteexplorer.org/dotbot; help@moz.com)"
216.244.66.202 - - [04/Apr/2025:05:17:32 -0400] "GET /luxuriose-erholung-am-gardasee/feed/ HTTP/1.1" 200 97645 "-" "Mozilla/5.0 (compatible; DotBot/1.2; +https://opensiteexplorer.org/dotbot; help@moz.com)"
216.244.66.202 - - [04/Apr/2025:05:24:41 -0400] "GET /in-store-marketing-tactics/feed/ HTTP/1.1" 200 97612 "-" "Mozilla/5.0 (compatible; DotBot/1.2; +https://opensiteexplorer.org/dotbot; help@moz.com)"
182.44.2.148 - - [04/Apr/2025:05:51:59 -0400] "GET / HTTP/1.1" 200 97529 "-" "Mozilla/5.0 (iPhone; CPU iPhone OS 13_2_3 like Mac OS X) AppleWebKit/605.1.15 (KHTML, like Gecko) Version/13.0.3 Mobile/15E148 Safari/604.1"
43.156.202.34 - - [04/Apr/2025:05:52:09 -0400] "GET / HTTP/1.1" 200 97612 "-" "Mozilla/5.0 (iPhone; CPU iPhone OS 13_2_3 like Mac OS X) AppleWebKit/605.1.15 (KHTML, like Gecko) Version/13.0.3 Mobile/15E148 Safari/604.1"
216.244.66.202 - - [04/Apr/2025:05:56:29 -0400] "GET /robots.txt HTTP/1.1" 200 97612 "-" "Mozilla/5.0 (compatible; DotBot/1.2; +https://opensiteexplorer.org/dotbot; help@moz.com)"
216.244.66.202 - - [04/Apr/2025:06:02:07 -0400] "GET /unveiling-the-trend-custom-brand-socks/feed/ HTTP/1.1" 200 97663 "-" "Mozilla/5.0 (compatible; DotBot/1.2; +https://opensiteexplorer.org/dotbot; help@moz.com)"
216.244.66.202 - - [04/Apr/2025:06:11:57 -0400] "GET /apartment-living-downsize-with-a-garage-sale-before-your-move/feed/ HTTP/1.1" 200 97634 "-" "Mozilla/5.0 (compatible; DotBot/1.2; +https://opensiteexplorer.org/dotbot; help@moz.com)"
134.199.161.191 - - [04/Apr/2025:07:37:23 -0400] "GET /wp-admin/css/ HTTP/1.1" 403 1242 "binance.com" "Mozilla/5.0 (Windows NT 10.0; Win64; x64) AppleWebKit/537.36 (KHTML, like Gecko) Chrome/90.0.4430.85 Safari/537.36"
216.244.66.202 - - [04/Apr/2025:08:09:03 -0400] "GET /robots.txt HTTP/1.1" 200 97612 "-" "Mozilla/5.0 (compatible; DotBot/1.2; +https://opensiteexplorer.org/dotbot; help@moz.com)"
216.244.66.202 - - [04/Apr/2025:08:13:39 -0400] "GET /navigating-the-pc-builder-website/feed/ HTTP/1.1" 200 97634 "-" "Mozilla/5.0 (compatible; DotBot/1.2; +https://opensiteexplorer.org/dotbot; help@moz.com)"
216.244.66.202 - - [04/Apr/2025:08:21:10 -0400] "GET /the-basics-of-apparel-screen-printing/feed/ HTTP/1.1" 200 97663 "-" "Mozilla/5.0 (compatible; DotBot/1.2; +https://opensiteexplorer.org/dotbot; help@moz.com)"
216.244.66.202 - - [04/Apr/2025:08:23:06 -0400] "GET /magnetic-calendar-magic-a-revolution-in-timekeeping/feed/ HTTP/1.1" 200 97682 "-" "Mozilla/5.0 (compatible; DotBot/1.2; +https://opensiteexplorer.org/dotbot; help@moz.com)"
124.156.226.179 - - [04/Apr/2025:08:28:09 -0400] "GET / HTTP/1.1" 200 97612 "-" "Mozilla/5.0 (iPhone; CPU iPhone OS 13_2_3 like Mac OS X) AppleWebKit/605.1.15 (KHTML, like Gecko) Version/13.0.3 Mobile/15E148 Safari/604.1"
216.244.66.202 - - [04/Apr/2025:08:52:01 -0400] "GET /robots.txt HTTP/1.1" 200 97612 "-" "Mozilla/5.0 (compatible; DotBot/1.2; +https://opensiteexplorer.org/dotbot; help@moz.com)"
216.244.66.202 - - [04/Apr/2025:08:57:13 -0400] "GET /runner-rugs-for-warmth-and-cosiness/feed/ HTTP/1.1" 200 97529 "-" "Mozilla/5.0 (compatible; DotBot/1.2; +https://opensiteexplorer.org/dotbot; help@moz.com)"
216.244.66.202 - - [04/Apr/2025:08:57:18 -0400] "GET /healthy-eating-and-fitness-go-hand-in-hand/feed/ HTTP/1.1" 200 97489 "-" "Mozilla/5.0 (compatible; DotBot/1.2; +https://opensiteexplorer.org/dotbot; help@moz.com)"
216.244.66.202 - - [04/Apr/2025:08:58:01 -0400] "GET /category/activity/page/116/ HTTP/1.1" 200 97612 "-" "Mozilla/5.0 (compatible; DotBot/1.2; +https://opensiteexplorer.org/dotbot; help@moz.com)"
85.208.98.23 - - [04/Apr/2025:08:58:28 -0400] "GET /robots.txt HTTP/1.1" 200 97612 "-" "Mozilla/5.0 (compatible; SemrushBot-BA; +http://www.semrush.com/bot.html)"
45.14.195.103 - - [04/Apr/2025:09:00:38 -0400] "GET / HTTP/1.1" 200 97612 "-" "Mozilla/5.0 (Windows; U; Windows NT 6.0; en-US; rv:1.9.0.3) Gecko/2008092417 Firefox/3.0.3"
45.14.195.103 - - [04/Apr/2025:09:00:38 -0400] "GET //group.lazada.com/en/about/ HTTP/1.1" 200 97524 "-" "Mozilla/5.0 (Windows; U; Windows NT 6.0; en-US; rv:1.9.0.3) Gecko/2008092417 Firefox/3.0.3"
173.244.56.227 - - [04/Apr/2025:09:00:56 -0400] "GET /.env HTTP/1.1" 200 97612 "-" "Mozilla/5.0 (Macintosh; Intel Mac OS X 10.15; rv:77.0) Gecko/20100101 Firefox/77.0"
173.244.56.227 - - [04/Apr/2025:09:00:56 -0400] "GET /wp-content/ HTTP/1.1" 200 0 "-" "Mozilla/5.0 (Macintosh; Intel Mac OS X 10.15; rv:77.0) Gecko/20100101 Firefox/77.0"
216.244.66.202 - - [04/Apr/2025:09:04:37 -0400] "GET /digital-currency-transforming-employment/feed/ HTTP/1.1" 200 97489 "-" "Mozilla/5.0 (compatible; DotBot/1.2; +https://opensiteexplorer.org/dotbot; help@moz.com)"
216.244.66.202 - - [04/Apr/2025:09:35:37 -0400] "GET /robots.txt HTTP/1.1" 200 97634 "-" "Mozilla/5.0 (compatible; DotBot/1.2; +https://opensiteexplorer.org/dotbot; help@moz.com)"
216.244.66.202 - - [04/Apr/2025:09:40:24 -0400] "GET /the-most-comfortable-sandals-for-women/feed/ HTTP/1.1" 200 97634 "-" "Mozilla/5.0 (compatible; DotBot/1.2; +https://opensiteexplorer.org/dotbot; help@moz.com)"
216.244.66.202 - - [04/Apr/2025:09:48:14 -0400] "GET /enchanting-cuddles-the-magical-world-of-disney-teddys/feed/ HTTP/1.1" 200 97612 "-" "Mozilla/5.0 (compatible; DotBot/1.2; +https://opensiteexplorer.org/dotbot; help@moz.com)"
216.244.66.202 - - [04/Apr/2025:09:48:18 -0400] "GET /rediscovering-kassia-a-trailblazing-voice-in-byzantine-hymnography/feed/ HTTP/1.1" 200 97634 "-" "Mozilla/5.0 (compatible; DotBot/1.2; +https://opensiteexplorer.org/dotbot; help@moz.com)"
182.44.10.67 - - [04/Apr/2025:10:45:00 -0400] "GET / HTTP/1.1" 200 97634 "-" "Mozilla/5.0 (iPhone; CPU iPhone OS 13_2_3 like Mac OS X) AppleWebKit/605.1.15 (KHTML, like Gecko) Version/13.0.3 Mobile/15E148 Safari/604.1"
216.244.66.202 - - [04/Apr/2025:11:03:41 -0400] "GET /robots.txt HTTP/1.1" 200 97634 "-" "Mozilla/5.0 (compatible; DotBot/1.2; +https://opensiteexplorer.org/dotbot; help@moz.com)"
216.244.66.202 - - [04/Apr/2025:11:08:57 -0400] "GET /guide-to-selecting-moving-companies/feed/ HTTP/1.1" 200 97663 "-" "Mozilla/5.0 (compatible; DotBot/1.2; +https://opensiteexplorer.org/dotbot; help@moz.com)"
216.244.66.202 - - [04/Apr/2025:11:09:06 -0400] "GET /exploring-the-charms-of-vietnam-a-korean-travelers-guide/feed/ HTTP/1.1" 200 97612 "-" "Mozilla/5.0 (compatible; DotBot/1.2; +https://opensiteexplorer.org/dotbot; help@moz.com)"
216.244.66.202 - - [04/Apr/2025:11:18:26 -0400] "GET /exploring-the-vibrant-real-estate-market-in-portland-oregon/feed/ HTTP/1.1" 200 97634 "-" "Mozilla/5.0 (compatible; DotBot/1.2; +https://opensiteexplorer.org/dotbot; help@moz.com)"
216.244.66.202 - - [04/Apr/2025:11:18:30 -0400] "GET /the-benefits-and-implications-of-electronic-warrants/feed/ HTTP/1.1" 200 97612 "-" "Mozilla/5.0 (compatible; DotBot/1.2; +https://opensiteexplorer.org/dotbot; help@moz.com)"
216.244.66.202 - - [04/Apr/2025:11:18:33 -0400] "GET /unlocking-human-potential-the-role-of-hr-consultants/feed/ HTTP/1.1" 200 97612 "-" "Mozilla/5.0 (compatible; DotBot/1.2; +https://opensiteexplorer.org/dotbot; help@moz.com)"
23.88.77.150 - - [04/Apr/2025:11:27:29 -0400] "GET / HTTP/1.1" 200 97634 "-" "Mozilla/5.0 (Macintosh; Intel Mac OS X 14_3) AppleWebKit/605.1.15 (KHTML, like Gecko) Version/17.2 Safari/605.1.15"
43.159.145.153 - - [04/Apr/2025:11:40:18 -0400] "GET / HTTP/1.1" 200 97529 "-" "Mozilla/5.0 (iPhone; CPU iPhone OS 13_2_3 like Mac OS X) AppleWebKit/605.1.15 (KHTML, like Gecko) Version/13.0.3 Mobile/15E148 Safari/604.1"
222.186.134.245 - - [04/Apr/2025:11:57:17 -0400] "GET /apps/admin/view/default/layui/css/layui.css HTTP/1.1" 200 97634 "http://saamigraphics.com/apps/admin/view/default/layui/css/layui.css" "Mozilla/4.0 (compatible; MSIE 9.0; Windows NT 6.1)"
1.14.66.207 - - [04/Apr/2025:12:14:27 -0400] "GET /wp-login.php HTTP/1.1" 302 0 "-" "Apache-HttpClient/4.5.2 (Java/1.8.0_151)"
198.54.114.83 - - [04/Apr/2025:12:14:33 -0400] "POST /wp-cron.php?doing_wp_cron=1743783272.3871479034423828125000 HTTP/1.1" 200 0 "-" "WordPress/6.7.2; https://saamigraphics.com"
1.14.66.207 - - [04/Apr/2025:12:14:38 -0400] "GET /?author=1 HTTP/1.1" 200 97634 "-" "Apache-HttpClient/4.5.2 (Java/1.8.0_151)"
1.14.66.207 - - [04/Apr/2025:12:14:39 -0400] "GET /?author=2 HTTP/1.1" 200 97634 "-" "Apache-HttpClient/4.5.2 (Java/1.8.0_151)"
1.14.66.207 - - [04/Apr/2025:12:14:40 -0400] "GET /?author=3 HTTP/1.1" 200 97634 "-" "Apache-HttpClient/4.5.2 (Java/1.8.0_151)"
1.14.66.207 - - [04/Apr/2025:12:14:42 -0400] "GET /?author=4 HTTP/1.1" 200 97612 "-" "Apache-HttpClient/4.5.2 (Java/1.8.0_151)"
1.14.66.207 - - [04/Apr/2025:12:14:43 -0400] "GET /?author=5 HTTP/1.1" 200 97612 "-" "Apache-HttpClient/4.5.2 (Java/1.8.0_151)"
1.14.66.207 - - [04/Apr/2025:12:14:45 -0400] "GET /?author=6 HTTP/1.1" 200 97634 "-" "Apache-HttpClient/4.5.2 (Java/1.8.0_151)"
1.14.66.207 - - [04/Apr/2025:12:14:47 -0400] "GET /?author=7 HTTP/1.1" 200 97612 "-" "Apache-HttpClient/4.5.2 (Java/1.8.0_151)"
1.14.66.207 - - [04/Apr/2025:12:14:51 -0400] "GET /?author=8 HTTP/1.1" 200 97612 "-" "Apache-HttpClient/4.5.2 (Java/1.8.0_151)"
1.14.66.207 - - [04/Apr/2025:12:14:53 -0400] "GET /?author=9 HTTP/1.1" 200 97612 "-" "Apache-HttpClient/4.5.2 (Java/1.8.0_151)"
1.14.66.207 - - [04/Apr/2025:12:14:55 -0400] "GET /?author=10 HTTP/1.1" 200 97612 "-" "Apache-HttpClient/4.5.2 (Java/1.8.0_151)"
1.14.66.207 - - [04/Apr/2025:12:14:56 -0400] "GET /?author=11 HTTP/1.1" 200 97634 "-" "Apache-HttpClient/4.5.2 (Java/1.8.0_151)"
1.14.66.207 - - [04/Apr/2025:12:14:58 -0400] "GET /?author=12 HTTP/1.1" 200 97612 "-" "Apache-HttpClient/4.5.2 (Java/1.8.0_151)"
1.14.66.207 - - [04/Apr/2025:12:15:00 -0400] "GET /?author=13 HTTP/1.1" 200 97612 "-" "Apache-HttpClient/4.5.2 (Java/1.8.0_151)"
1.14.66.207 - - [04/Apr/2025:12:15:02 -0400] "GET /?author=14 HTTP/1.1" 200 97612 "-" "Apache-HttpClient/4.5.2 (Java/1.8.0_151)"
1.14.66.207 - - [04/Apr/2025:12:15:06 -0400] "GET /?author=15 HTTP/1.1" 200 97612 "-" "Apache-HttpClient/4.5.2 (Java/1.8.0_151)"
1.14.66.207 - - [04/Apr/2025:12:15:12 -0400] "GET /?author=16 HTTP/1.1" 200 97634 "-" "Apache-HttpClient/4.5.2 (Java/1.8.0_151)"
1.14.66.207 - - [04/Apr/2025:12:15:17 -0400] "GET /?author=17 HTTP/1.1" 200 97634 "-" "Apache-HttpClient/4.5.2 (Java/1.8.0_151)"
1.14.66.207 - - [04/Apr/2025:12:15:22 -0400] "GET /?author=18 HTTP/1.1" 200 97612 "-" "Apache-HttpClient/4.5.2 (Java/1.8.0_151)"
1.14.66.207 - - [04/Apr/2025:12:15:27 -0400] "GET /?author=19 HTTP/1.1" 200 97634 "-" "Apache-HttpClient/4.5.2 (Java/1.8.0_151)"
1.14.66.207 - - [04/Apr/2025:12:15:31 -0400] "GET /?author=20 HTTP/1.1" 200 97634 "-" "Apache-HttpClient/4.5.2 (Java/1.8.0_151)"
147.53.114.25 - - [04/Apr/2025:12:31:14 -0400] "GET /cbd-for-anxiety-uk-a-natural-remedy-for-anxiety/ HTTP/1.1" 200 97634 "-" "Mozilla/5.0 (Macintosh; Intel Mac OS X 12_5) AppleWebKit/605.1.15 (KHTML, like Gecko) Version/15.4 Safari/605.1.15"
85.208.98.23 - - [04/Apr/2025:13:14:19 -0400] "GET /robots.txt HTTP/1.1" 200 97634 "-" "Mozilla/5.0 (compatible; SemrushBot-BA; +http://www.semrush.com/bot.html)"
205.210.31.252 - - [04/Apr/2025:13:20:24 -0400] "GET / HTTP/1.1" 200 97634 "-" "Expanse, a Palo Alto Networks company, searches across the global IPv4 space multiple times per day to identify customers' presences on the Internet. If you would like to be excluded from our scans, please send IP addresses/domains to: scaninfo@paloaltonetworks.com"
89.21.85.27 - - [04/Apr/2025:13:27:41 -0400] "GET /wp-content/uploads/2017-------/09/wp-console.php HTTP/1.1" 200 97612 "-" "Mozilla/5.0 (Linux; Android 11; M2010J19SI) AppleWebKit/537.36 (KHTML, like Gecko) Chrome/109.0.0.0 Mobile Safari/537.36"
89.21.85.27 - - [04/Apr/2025:13:27:44 -0400] "GET /wp-includes/js/crop/uword.php HTTP/1.1" 200 97612 "-" "Mozilla/5.0 (Linux; Android 11; M2010J19SI) AppleWebKit/537.36 (KHTML, like Gecko) Chrome/109.0.0.0 Mobile Safari/537.36"
89.21.85.27 - - [04/Apr/2025:13:27:47 -0400] "GET /wp-content/themes/bltm/wp-login.php HTTP/1.1" 200 97634 "-" "Mozilla/5.0 (Linux; Android 11; M2010J19SI) AppleWebKit/537.36 (KHTML, like Gecko) Chrome/109.0.0.0 Mobile Safari/537.36"
89.21.85.27 - - [04/Apr/2025:13:27:50 -0400] "GET /autoload_classmap.php HTTP/1.1" 200 97634 "-" "Mozilla/5.0 (Linux; Android 11; M2010J19SI) AppleWebKit/537.36 (KHTML, like Gecko) Chrome/109.0.0.0 Mobile Safari/537.36"
89.21.85.27 - - [04/Apr/2025:13:27:53 -0400] "GET /wp-content/uploads/2014/07/olx.php HTTP/1.1" 200 97612 "-" "Mozilla/5.0 (Linux; Android 11; M2010J19SI) AppleWebKit/537.36 (KHTML, like Gecko) Chrome/109.0.0.0 Mobile Safari/537.36"
89.21.85.27 - - [04/Apr/2025:13:27:55 -0400] "GET /wp-admin/css/colors/midnight/index.php HTTP/1.1" 200 97612 "-" "Mozilla/5.0 (Linux; Android 11; M2010J19SI) AppleWebKit/537.36 (KHTML, like Gecko) Chrome/109.0.0.0 Mobile Safari/537.36"
89.21.85.27 - - [04/Apr/2025:13:27:56 -0400] "GET /wp-content/uploads/2020/wp-couldent.php.suspected HTTP/1.1" 200 97634 "-" "Mozilla/5.0 (Linux; Android 11; M2010J19SI) AppleWebKit/537.36 (KHTML, like Gecko) Chrome/109.0.0.0 Mobile Safari/537.36"
89.21.85.27 - - [04/Apr/2025:13:27:57 -0400] "GET /wp-content/plugins/523453244/ninja.php HTTP/1.1" 200 97634 "-" "Mozilla/5.0 (Linux; Android 11; M2010J19SI) AppleWebKit/537.36 (KHTML, like Gecko) Chrome/109.0.0.0 Mobile Safari/537.36"
89.21.85.27 - - [04/Apr/2025:13:27:59 -0400] "GET /wp-includes/js/imgareaselect/index.php HTTP/1.1" 200 97612 "-" "Mozilla/5.0 (Linux; Android 11; M2010J19SI) AppleWebKit/537.36 (KHTML, like Gecko) Chrome/109.0.0.0 Mobile Safari/537.36"
89.21.85.27 - - [04/Apr/2025:13:28:00 -0400] "GET /wp-includes/PHPMailer/load.php HTTP/1.1" 200 97634 "-" "Mozilla/5.0 (Linux; Android 11; M2010J19SI) AppleWebKit/537.36 (KHTML, like Gecko) Chrome/109.0.0.0 Mobile Safari/537.36"
89.21.85.27 - - [04/Apr/2025:13:28:02 -0400] "GET /wp-links.php HTTP/1.1" 200 97634 "-" "Mozilla/5.0 (Linux; Android 11; M2010J19SI) AppleWebKit/537.36 (KHTML, like Gecko) Chrome/109.0.0.0 Mobile Safari/537.36"
89.21.85.27 - - [04/Apr/2025:13:28:03 -0400] "GET /wp-aa.php HTTP/1.1" 200 97634 "-" "Mozilla/5.0 (Linux; Android 11; M2010J19SI) AppleWebKit/537.36 (KHTML, like Gecko) Chrome/109.0.0.0 Mobile Safari/537.36"
89.21.85.27 - - [04/Apr/2025:13:28:04 -0400] "GET /wp-content/themes/travelscape/json.php HTTP/1.1" 200 97612 "-" "Mozilla/5.0 (Linux; Android 11; M2010J19SI) AppleWebKit/537.36 (KHTML, like Gecko) Chrome/109.0.0.0 Mobile Safari/537.36"
89.21.85.27 - - [04/Apr/2025:13:28:05 -0400] "GET /wp-content/themes/travel/issue.php HTTP/1.1" 200 97612 "-" "Mozilla/5.0 (Linux; Android 11; M2010J19SI) AppleWebKit/537.36 (KHTML, like Gecko) Chrome/109.0.0.0 Mobile Safari/537.36"
89.21.85.27 - - [04/Apr/2025:13:28:07 -0400] "GET /about.php HTTP/1.1" 200 97634 "-" "Mozilla/5.0 (Linux; Android 11; M2010J19SI) AppleWebKit/537.36 (KHTML, like Gecko) Chrome/109.0.0.0 Mobile Safari/537.36"
89.21.85.27 - - [04/Apr/2025:13:28:08 -0400] "GET /xx.php HTTP/1.1" 200 97634 "-" "Mozilla/5.0 (Linux; Android 11; M2010J19SI) AppleWebKit/537.36 (KHTML, like Gecko) Chrome/109.0.0.0 Mobile Safari/537.36"
89.21.85.27 - - [04/Apr/2025:13:28:09 -0400] "GET /wp-content/themes/digital-download/new.php HTTP/1.1" 200 97634 "-" "Mozilla/5.0 (Linux; Android 11; M2010J19SI) AppleWebKit/537.36 (KHTML, like Gecko) Chrome/109.0.0.0 Mobile Safari/537.36"
89.21.85.27 - - [04/Apr/2025:13:28:11 -0400] "GET /epinyins.php HTTP/1.1" 200 97634 "-" "Mozilla/5.0 (Linux; Android 11; M2010J19SI) AppleWebKit/537.36 (KHTML, like Gecko) Chrome/109.0.0.0 Mobile Safari/537.36"
89.21.85.27 - - [04/Apr/2025:13:28:12 -0400] "GET /wp-admin/dropdown.php HTTP/1.1" 200 97634 "-" "Mozilla/5.0 (Linux; Android 11; M2010J19SI) AppleWebKit/537.36 (KHTML, like Gecko) Chrome/109.0.0.0 Mobile Safari/537.36"
89.21.85.27 - - [04/Apr/2025:13:28:13 -0400] "GET /dropdown.php HTTP/1.1" 200 97612 "-" "Mozilla/5.0 (Linux; Android 11; M2010J19SI) AppleWebKit/537.36 (KHTML, like Gecko) Chrome/109.0.0.0 Mobile Safari/537.36"
89.21.85.27 - - [04/Apr/2025:13:28:14 -0400] "GET /wp-admin/css/index.php HTTP/1.1" 200 97634 "-" "Mozilla/5.0 (Linux; Android 11; M2010J19SI) AppleWebKit/537.36 (KHTML, like Gecko) Chrome/109.0.0.0 Mobile Safari/537.36"
89.21.85.27 - - [04/Apr/2025:13:28:15 -0400] "GET /wp-content/mah.php HTTP/1.1" 200 97612 "-" "Mozilla/5.0 (Linux; Android 11; M2010J19SI) AppleWebKit/537.36 (KHTML, like Gecko) Chrome/109.0.0.0 Mobile Safari/537.36"
89.21.85.27 - - [04/Apr/2025:13:28:16 -0400] "GET /wp-content/item.php HTTP/1.1" 200 97489 "-" "Mozilla/5.0 (Linux; Android 11; M2010J19SI) AppleWebKit/537.36 (KHTML, like Gecko) Chrome/109.0.0.0 Mobile Safari/537.36"
89.21.85.27 - - [04/Apr/2025:13:28:17 -0400] "GET /wp-content/plugins/shell/about.php HTTP/1.1" 200 97634 "-" "Mozilla/5.0 (Linux; Android 11; M2010J19SI) AppleWebKit/537.36 (KHTML, like Gecko) Chrome/109.0.0.0 Mobile Safari/537.36"
89.21.85.27 - - [04/Apr/2025:13:28:18 -0400] "GET /wp-content/plugins/pwnd/pwnd.php HTTP/1.1" 200 97612 "-" "Mozilla/5.0 (Linux; Android 11; M2010J19SI) AppleWebKit/537.36 (KHTML, like Gecko) Chrome/109.0.0.0 Mobile Safari/537.36"
89.21.85.27 - - [04/Apr/2025:13:28:19 -0400] "GET /wp-content/plugins/fix/up.php HTTP/1.1" 200 97634 "-" "Mozilla/5.0 (Linux; Android 11; M2010J19SI) AppleWebKit/537.36 (KHTML, like Gecko) Chrome/109.0.0.0 Mobile Safari/537.36"
89.21.85.27 - - [04/Apr/2025:13:28:20 -0400] "GET /wp-content/plugins/ph-file-manager/wp-file.php HTTP/1.1" 200 97634 "-" "Mozilla/5.0 (Linux; Android 11; M2010J19SI) AppleWebKit/537.36 (KHTML, like Gecko) Chrome/109.0.0.0 Mobile Safari/537.36"
