198.54.114.83 - - [01/Apr/2025:11:45:42 -0400] "POST /wp-cron.php?doing_wp_cron=1743522342.1148540973663330078125 HTTP/1.1" 200 0 "-" "WordPress/6.7.2; https://saamigraphics.com"
2a12:a800:2:1:45:138:16:240 - - [01/Apr/2025:11:48:41 -0400] "GET /database.sql HTTP/1.1" 200 97634 "-" "Mozilla/5.0 (Linux; Android 4.1.1; GT-P5113 Build/JRO03C) AppleWebKit/537.22 (KHTML, like Gecko) Chrome/25.0.1364.169 Safari/537.22"
2001:67c:6ec:203:192:42:116:215 - - [01/Apr/2025:11:48:43 -0400] "GET /wp-content/database.sql HTTP/1.1" 200 97634 "-" "Mozilla/5.0 (Linux; Android 4.1.1; GT-P5113 Build/JRO03C) AppleWebKit/537.22 (KHTML, like Gecko) Chrome/25.0.1364.169 Safari/537.22"
134.122.133.12 - - [01/Apr/2025:11:48:44 -0400] "GET / HTTP/1.1" 200 97618 "http://saamigraphics.com" "Mozilla/5.0 (compatible; Yahoo! Slurp; http://help.yahoo.com/help/us/ysearch/slurp\xa1\xb1)"
134.122.133.12 - - [01/Apr/2025:11:50:49 -0400] "GET /images/loadinglit.gif HTTP/1.1" 200 97634 "http://saamigraphics.com" "Mozilla/5.0 (Linux;u;Android 4.2.2;zh-cn;)"
23.235.185.18 - - [01/Apr/2025:11:51:08 -0400] "GET / HTTP/1.1" 200 97634 "-" "Mozilla/5.0"
134.122.133.12 - - [01/Apr/2025:11:51:44 -0400] "GET /public/static/common/images/file.png HTTP/1.1" 200 97634 "http://saamigraphics.com" "msnbot/1.0 (+http://search.msn.com/msnbot.htm\xa1\xb1)"
134.122.133.12 - - [01/Apr/2025:11:51:45 -0400] "GET /public/static/admin/images/ok.png HTTP/1.1" 200 97634 "http://saamigraphics.com" "Googlebot/2.1 (+http://www.googlebot.com/bot.html)"
216.244.66.202 - - [01/Apr/2025:12:07:17 -0400] "GET /category/activity/page/65/ HTTP/1.1" 200 97612 "-" "Mozilla/5.0 (compatible; DotBot/1.2; +https://opensiteexplorer.org/dotbot; help@moz.com)"
212.8.248.108 - - [01/Apr/2025:12:19:28 -0400] "GET /un-examen-des-produits-de-securite-a-domicile/ HTTP/1.1" 200 97612 "-" "Mozilla/5.0 (Windows NT 10.0; Win64; x64) AppleWebKit/537.36 (KHTML, like Gecko) Chrome/58.0.3029.110 Safari/537.3"
216.244.66.202 - - [01/Apr/2025:12:42:20 -0400] "GET /robots.txt HTTP/1.1" 200 97612 "-" "Mozilla/5.0 (compatible; DotBot/1.2; +https://opensiteexplorer.org/dotbot; help@moz.com)"
198.54.114.83 - - [01/Apr/2025:12:43:26 -0400] "POST /wp-cron.php?doing_wp_cron=1743525806.3950579166412353515625 HTTP/1.1" 200 0 "-" "WordPress/6.7.2; https://saamigraphics.com"
194.163.180.153 - - [01/Apr/2025:12:43:25 -0400] "POST /xmlrpc.php HTTP/1.1" 200 212 "http://saamigraphics.com" "Mozilla/5.0 (Macintosh; Intel Mac OS X 10_15_7; rv:125.0.1) Gecko/20100101 Firefox/125.0.1"
216.244.66.202 - - [01/Apr/2025:12:47:42 -0400] "GET /guide-to-tasting-wine/feed/ HTTP/1.1" 200 97612 "-" "Mozilla/5.0 (compatible; DotBot/1.2; +https://opensiteexplorer.org/dotbot; help@moz.com)"
216.244.66.202 - - [01/Apr/2025:12:47:48 -0400] "GET /modern-kitchen-cabinet-design/feed/ HTTP/1.1" 200 97634 "-" "Mozilla/5.0 (compatible; DotBot/1.2; +https://opensiteexplorer.org/dotbot; help@moz.com)"
216.244.66.202 - - [01/Apr/2025:12:48:13 -0400] "GET /category/activity/page/95/ HTTP/1.1" 200 97612 "-" "Mozilla/5.0 (compatible; DotBot/1.2; +https://opensiteexplorer.org/dotbot; help@moz.com)"
216.244.66.202 - - [01/Apr/2025:12:51:44 -0400] "GET /panacur-fenbendazole-powder/feed/ HTTP/1.1" 200 97612 "-" "Mozilla/5.0 (compatible; DotBot/1.2; +https://opensiteexplorer.org/dotbot; help@moz.com)"
43.166.131.228 - - [01/Apr/2025:12:59:04 -0400] "GET / HTTP/1.1" 200 97612 "-" "Mozilla/5.0 (iPhone; CPU iPhone OS 13_2_3 like Mac OS X) AppleWebKit/605.1.15 (KHTML, like Gecko) Version/13.0.3 Mobile/15E148 Safari/604.1"
216.244.66.202 - - [01/Apr/2025:13:02:27 -0400] "GET /2021/11/24/thai-massage-sex-real-escorte-trondheim-kristen-date-norge-escort-snap/ HTTP/1.1" 200 97612 "-" "Mozilla/5.0 (compatible; DotBot/1.2; +https://opensiteexplorer.org/dotbot; help@moz.com)"
13.229.78.155 - - [01/Apr/2025:13:02:27 -0400] "GET /wp-cli.php HTTP/1.1" 200 97612 "www.google.com" "Mozlila/5.0 (Linux; Android 7.0; SM-G892A Bulid/NRD90M; wv) AppleWebKit/537.36 (KHTML, like Gecko) Version/4.0 Chrome/60.0.3112.107 Moblie Safari/537.36"
198.54.114.83 - - [01/Apr/2025:13:11:11 -0400] "POST /wp-cron.php?doing_wp_cron=1743527471.4018468856811523437500 HTTP/1.1" 200 0 "-" "WordPress/6.7.2; https://saamigraphics.com"
128.199.126.239 - - [01/Apr/2025:13:11:10 -0400] "POST /xmlrpc.php HTTP/1.1" 200 212 "http://saamigraphics.com" "Mozilla/5.0 (Macintosh; Intel Mac OS X 10_15_7) AppleWebKit/537.36 (KHTML, like Gecko) Chrome/116.0.5845.96 Safari/537.36"
212.8.248.108 - - [01/Apr/2025:13:20:07 -0400] "GET /un-examen-des-produits-de-securite-a-domicile/ HTTP/1.1" 200 97634 "-" "Mozilla/5.0 (Windows NT 10.0; Win64; x64) AppleWebKit/537.36 (KHTML, like Gecko) Chrome/58.0.3029.110 Safari/537.3"
2408:821a:5631:f060:884e:fa70:82c9:ca9d - - [01/Apr/2025:13:22:58 -0400] "GET / HTTP/1.1" 200 97634 "-" "Mozilla/5.0 (Windows NT 10.0; Win64; x64) AppleWebKit/537.36 (KHTML, like Gecko) Chrome/97.0.4280.67 Safari/537.36 Edg/97.0.664.52"
216.244.66.202 - - [01/Apr/2025:13:30:50 -0400] "GET / HTTP/1.1" 200 97612 "-" "Mozilla/5.0 (compatible; DotBot/1.2; +https://opensiteexplorer.org/dotbot; help@moz.com)"
198.54.125.232 - - [01/Apr/2025:13:38:33 -0400] "POST /xmlrpc.php HTTP/1.1" 200 212 "http://saamigraphics.com" "Mozilla/5.0 (Windows NT 10.0; Win64; x64) AppleWebKit/537.36 (KHTML, like Gecko) Chrome/114.0.5735.134 Safari/537.36"
198.54.114.83 - - [01/Apr/2025:13:38:42 -0400] "POST /wp-cron.php?doing_wp_cron=1743529118.8554029464721679687500 HTTP/1.1" 200 0 "-" "WordPress/6.7.2; https://saamigraphics.com"
198.54.114.83 - - [01/Apr/2025:14:05:15 -0400] "POST /wp-cron.php?doing_wp_cron=1743530714.8818058967590332031250 HTTP/1.1" 200 0 "-" "WordPress/6.7.2; https://saamigraphics.com"
51.178.45.73 - - [01/Apr/2025:14:05:10 -0400] "POST /xmlrpc.php HTTP/1.1" 200 212 "http://saamigraphics.com" "Mozilla/5.0 (Windows NT 10.0; Win64; x64) AppleWebKit/537.36 (KHTML, like Gecko) Chrome/115.0.5790.171 Safari/537.36 Edg/115.0.1901.203"
13.229.78.155 - - [01/Apr/2025:14:07:52 -0400] "GET /wp-includes/ID3/index.php HTTP/1.1" 200 97612 "-" "Mozlila/5.0 (Linux; Android 7.0; SM-G892A Bulid/NRD90M; wv) AppleWebKit/537.36 (KHTML, like Gecko) Version/4.0 Chrome/60.0.3112.107 Moblie Safari/537.36"
13.229.78.155 - - [01/Apr/2025:14:07:53 -0400] "GET /wp-content/plugins/index.php HTTP/1.1" 200 0 "-" "Mozlila/5.0 (Linux; Android 7.0; SM-G892A Bulid/NRD90M; wv) AppleWebKit/537.36 (KHTML, like Gecko) Version/4.0 Chrome/60.0.3112.107 Moblie Safari/537.36"
198.54.114.83 - - [01/Apr/2025:14:08:00 -0400] "POST /wp-cron.php?doing_wp_cron=1743530879.4691140651702880859375 HTTP/1.1" 200 0 "-" "WordPress/6.7.2; https://saamigraphics.com"
13.229.78.155 - - [01/Apr/2025:14:07:54 -0400] "GET /wp-admin/network/index.php HTTP/1.1" 302 0 "-" "Mozlila/5.0 (Linux; Android 7.0; SM-G892A Bulid/NRD90M; wv) AppleWebKit/537.36 (KHTML, like Gecko) Version/4.0 Chrome/60.0.3112.107 Moblie Safari/537.36"
13.229.78.155 - - [01/Apr/2025:14:08:08 -0400] "GET /wp-includes/IXR/index.php HTTP/1.1" 200 97663 "-" "Mozlila/5.0 (Linux; Android 7.0; SM-G892A Bulid/NRD90M; wv) AppleWebKit/537.36 (KHTML, like Gecko) Version/4.0 Chrome/60.0.3112.107 Moblie Safari/537.36"
13.229.78.155 - - [01/Apr/2025:14:08:12 -0400] "GET /wp-admin/images/index.php HTTP/1.1" 200 97612 "-" "Mozlila/5.0 (Linux; Android 7.0; SM-G892A Bulid/NRD90M; wv) AppleWebKit/537.36 (KHTML, like Gecko) Version/4.0 Chrome/60.0.3112.107 Moblie Safari/537.36"
13.229.78.155 - - [01/Apr/2025:14:08:14 -0400] "GET /wp-login.php HTTP/1.1" 302 0 "-" "Mozlila/5.0 (Linux; Android 7.0; SM-G892A Bulid/NRD90M; wv) AppleWebKit/537.36 (KHTML, like Gecko) Version/4.0 Chrome/60.0.3112.107 Moblie Safari/537.36"
13.229.78.155 - - [01/Apr/2025:14:08:17 -0400] "GET /wp-content/plugins/admin.php HTTP/1.1" 200 97612 "-" "Mozlila/5.0 (Linux; Android 7.0; SM-G892A Bulid/NRD90M; wv) AppleWebKit/537.36 (KHTML, like Gecko) Version/4.0 Chrome/60.0.3112.107 Moblie Safari/537.36"
13.229.78.155 - - [01/Apr/2025:14:08:19 -0400] "GET /xmlrpc.php HTTP/1.1" 405 60 "-" "Mozlila/5.0 (Linux; Android 7.0; SM-G892A Bulid/NRD90M; wv) AppleWebKit/537.36 (KHTML, like Gecko) Version/4.0 Chrome/60.0.3112.107 Moblie Safari/537.36"
13.229.78.155 - - [01/Apr/2025:14:08:21 -0400] "GET /wp-admin.php HTTP/1.1" 200 97634 "-" "Mozlila/5.0 (Linux; Android 7.0; SM-G892A Bulid/NRD90M; wv) AppleWebKit/537.36 (KHTML, like Gecko) Version/4.0 Chrome/60.0.3112.107 Moblie Safari/537.36"
13.229.78.155 - - [01/Apr/2025:14:08:24 -0400] "GET /wp-content/plugins/Core-Econ/upH.php HTTP/1.1" 200 97612 "-" "Mozlila/5.0 (Linux; Android 7.0; SM-G892A Bulid/NRD90M; wv) AppleWebKit/537.36 (KHTML, like Gecko) Version/4.0 Chrome/60.0.3112.107 Moblie Safari/537.36"
13.229.78.155 - - [01/Apr/2025:14:08:26 -0400] "GET /wp-content/plugins/fix/up.php HTTP/1.1" 200 97634 "-" "Mozlila/5.0 (Linux; Android 7.0; SM-G892A Bulid/NRD90M; wv) AppleWebKit/537.36 (KHTML, like Gecko) Version/4.0 Chrome/60.0.3112.107 Moblie Safari/537.36"
13.229.78.155 - - [01/Apr/2025:14:08:28 -0400] "GET /wp-content/plugins/pwnd/pwnd.php HTTP/1.1" 200 97634 "-" "Mozlila/5.0 (Linux; Android 7.0; SM-G892A Bulid/NRD90M; wv) AppleWebKit/537.36 (KHTML, like Gecko) Version/4.0 Chrome/60.0.3112.107 Moblie Safari/537.36"
13.229.78.155 - - [01/Apr/2025:14:08:29 -0400] "GET /wp-content/plugins/shell/noimg.php HTTP/1.1" 200 97612 "-" "Mozlila/5.0 (Linux; Android 7.0; SM-G892A Bulid/NRD90M; wv) AppleWebKit/537.36 (KHTML, like Gecko) Version/4.0 Chrome/60.0.3112.107 Moblie Safari/537.36"
13.229.78.155 - - [01/Apr/2025:14:08:30 -0400] "GET /WSOEnigma.php HTTP/1.1" 200 97489 "-" "Mozlila/5.0 (Linux; Android 7.0; SM-G892A Bulid/NRD90M; wv) AppleWebKit/537.36 (KHTML, like Gecko) Version/4.0 Chrome/60.0.3112.107 Moblie Safari/537.36"
13.229.78.155 - - [01/Apr/2025:14:08:32 -0400] "GET /wp-content/plugins/pwnd-1/pwnd.php HTTP/1.1" 200 97634 "-" "Mozlila/5.0 (Linux; Android 7.0; SM-G892A Bulid/NRD90M; wv) AppleWebKit/537.36 (KHTML, like Gecko) Version/4.0 Chrome/60.0.3112.107 Moblie Safari/537.36"
13.229.78.155 - - [01/Apr/2025:14:08:35 -0400] "GET /wp-content/plugins/dummyyummy/wp-signup.php HTTP/1.1" 200 97612 "-" "Mozlila/5.0 (Linux; Android 7.0; SM-G892A Bulid/NRD90M; wv) AppleWebKit/537.36 (KHTML, like Gecko) Version/4.0 Chrome/60.0.3112.107 Moblie Safari/537.36"
13.229.78.155 - - [01/Apr/2025:14:08:36 -0400] "GET /wp-content/plugins/clara/clara.php HTTP/1.1" 200 97634 "-" "Mozlila/5.0 (Linux; Android 7.0; SM-G892A Bulid/NRD90M; wv) AppleWebKit/537.36 (KHTML, like Gecko) Version/4.0 Chrome/60.0.3112.107 Moblie Safari/537.36"
216.244.66.202 - - [01/Apr/2025:14:11:56 -0400] "GET /robots.txt HTTP/1.1" 200 97634 "-" "Mozilla/5.0 (compatible; DotBot/1.2; +https://opensiteexplorer.org/dotbot; help@moz.com)"
54.91.119.195 - - [01/Apr/2025:14:17:12 -0400] "GET /lzd-h5-utils-logger/1.1.52/index.js HTTP/1.1" 200 0 "-" "Mozilla/5.0 (Macintosh; Intel Mac OS X 10_14_1) AppleWebKit/537.36 (KHTML, like Gecko) Chrome/62.0.3202.94 Safari/537.36"
54.91.119.195 - - [01/Apr/2025:14:17:12 -0400] "GET /lib-mtop/2.5.1/mtop.js HTTP/1.1" 200 97612 "-" "Mozilla/5.0 (Linux; Android 9; SM-G973W) AppleWebKit/537.36 (KHTML, like Gecko) Chrome/76.0.3809.89 Mobile Safari/537.36"
54.91.119.195 - - [01/Apr/2025:14:17:12 -0400] "GET /site-nav-pc/5.2.38/assets/logo-bar/index.js HTTP/1.1" 200 73854 "-" "Mozilla/5.0 (X11; Linux i686; rv:49.0) Gecko/20100101 Firefox/49.0 SeaMonkey/2.46"
54.91.119.195 - - [01/Apr/2025:14:17:12 -0400] "GET /lzd-h5-utils-qs/0.1.11/index.js HTTP/1.1" 200 73854 "-" "mukewang/7.2.0 (iPhone; iOS 12.3.1; Scale/2.00) webview"
54.91.119.195 - - [01/Apr/2025:14:17:12 -0400] "GET //g.lazcdn.com/g/lzdmod/loader/5.0.2/??index.js HTTP/1.1" 200 97634 "-" "Nokia7250/1.0 (3.14) Profile/MIDP-1.0 Configuration/CLDC-1.0"
54.91.119.195 - - [01/Apr/2025:14:17:12 -0400] "GET /site-nav-pc/5.2.38/assets/track-order/index.js HTTP/1.1" 200 97612 "-" "Mozilla/5.0 (Linux; Android 7.1.2; FP2) AppleWebKit/537.36 (KHTML, like Gecko) Chrome/78.0.3888.0 Mobile Safari/537.36"
54.91.119.195 - - [01/Apr/2025:14:17:12 -0400] "GET //g.lazcdn.com/g/lzdfe/pdp-platform/0.1.22/pc.js HTTP/1.1" 200 97612 "-" "Mozilla/5.0 (Linux; Android 9; SM-G901F Build/PQ3A.190705.003) AppleWebKit/537.36 (KHTML, like Gecko) Version/4.0 Chrome/76.0.3809.89 Mobile Safari/537.36"
54.91.119.195 - - [01/Apr/2025:14:17:12 -0400] "GET /lzd-h5-utils-sites/1.1.11/index.js HTTP/1.1" 200 73854 "-" "Mozilla/5.0 (Linux; Android 9; CLT-L29 Build/HUAWEICLT-L29) AppleWebKit/537.36 (KHTML, like Gecko) Chrome/69.0.3497.100 Mobile Safari/537.36 OPR/48.1.2331.132804"
54.91.119.195 - - [01/Apr/2025:14:17:12 -0400] "GET /desktop-footer/6.1.1/pc/reqwest/index.js HTTP/1.1" 200 97634 "-" "Mozilla/5.0 (Windows NT 6.1; WOW64) AppleWebKit/537.36 (KHTML, like Gecko) Chrome/70.0.3538.25 Safari/537.36 Core/1.70.3704.400 QQBrowser/10.4.3587.400"
54.91.119.195 - - [01/Apr/2025:14:17:12 -0400] "GET /16.8.0/react.production.min.js HTTP/1.1" 200 97612 "-" "Mozilla/5.0 (Macintosh; U; PPC Mac OS X 10.5; en-US; rv:1.9.0.3) Gecko/2008092414 Firefox/3.0.3"
54.91.119.195 - - [01/Apr/2025:14:17:13 -0400] "GET /site-nav-pc/5.2.38/assets/switch-lang/index.js HTTP/1.1" 200 97634 "-" "Mozilla/5.0 (Macintosh; Intel Mac OS X 10_13_6) AppleWebKit/537.36 (KHTML, like Gecko) Chrome/71.0.3542.0 Safari/537.36"
54.91.119.195 - - [01/Apr/2025:14:17:13 -0400] "GET /jquery/5.0.9/index.js HTTP/1.1" 200 97612 "-" "Mozilla/5.0 (Linux; Android 7.0; LGUS997 Build/NRD90U) AppleWebKit/537.36 (KHTML, like Gecko) Chrome/59.0.3071.125 Mobile Safari/537.36"
54.91.119.195 - - [01/Apr/2025:14:17:13 -0400] "GET /site-nav-pc/5.2.38/assets/cart/index.js HTTP/1.1" 200 97634 "-" "Mozilla/5.0 (Linux; Android 4.4.4; XT1032 Build/KXB21.14-L1.61) AppleWebKit/537.36 (KHTML, like Gecko) Chrome/45.0.2454.94 Mobile Safari/537.36"
54.91.119.195 - - [01/Apr/2025:14:17:13 -0400] "GET /site-nav-pc/5.2.38/assets/search-box/index.js HTTP/1.1" 200 97634 "-" "Mozilla/5.0 (Macintosh; Intel Mac OS X 10_14_2) AppleWebKit/537.36 (KHTML, like Gecko) Chrome/74.0.3729.157 Safari/537.36"
216.244.66.202 - - [01/Apr/2025:14:17:21 -0400] "GET /fastest-delivery-in-germany/feed/ HTTP/1.1" 200 97634 "-" "Mozilla/5.0 (compatible; DotBot/1.2; +https://opensiteexplorer.org/dotbot; help@moz.com)"
216.244.66.202 - - [01/Apr/2025:14:17:26 -0400] "GET /property-management-for-rentals/feed/ HTTP/1.1" 200 97634 "-" "Mozilla/5.0 (compatible; DotBot/1.2; +https://opensiteexplorer.org/dotbot; help@moz.com)"
54.91.119.195 - - [01/Apr/2025:14:19:11 -0400] "GET /assets/1.1.18/require/2.3.6/require.js HTTP/1.1" 200 97612 "-" "Mozilla/4.0 (compatible; MSIE 7.0; Windows Phone OS 7.0; Trident/3.1; IEMobile/7.0) Asus;Galaxy6"
54.91.119.195 - - [01/Apr/2025:14:19:13 -0400] "GET //g.lazcdn.com/g/lzdmod/im/5.0.103/index.js HTTP/1.1" 200 97634 "-" "Mozilla/5.0 (Linux; Android 5.1.1; vivo Y31L.RastaMod\xe2\x84\xa2_Version) AppleWebKit/537.36 (KHTML, like Gecko) Chrome/75.0.3770.143 Mobile Safari/537.36"
54.91.119.195 - - [01/Apr/2025:14:19:13 -0400] "GET //o.alicdn.com/lzd_sec/LWSC/index.js HTTP/1.1" 200 97612 "-" "Mozilla/5.0 (Windows NT 5.1) AppleWebKit/537.36 (KHTML, like Gecko) Chrome/49.0.2623.112 Safari/537.36"
54.91.119.195 - - [01/Apr/2025:14:19:13 -0400] "GET //g.lazcdn.com/g/mui/i18n/5.0.4/??index.js HTTP/1.1" 200 97618 "-" "Mozilla/5.0 (Windows NT 10.0; Win64; x64) AppleWebKit/537.36 (KHTML, like Gecko) Chrome/55.0.2883.87 Safari/537.36"
54.91.119.195 - - [01/Apr/2025:14:19:14 -0400] "GET /site-nav-pc/5.2.38/assets/affiliate/index.js HTTP/1.1" 200 97634 "-" "Mozilla/5.0 (Windows NT 10.0; Win64; x64) AppleWebKit/537.36 (KHTML, like Gecko) Chrome/72.0.3626.109 Safari/537.36"
54.91.119.195 - - [01/Apr/2025:14:19:15 -0400] "GET /common-info/5.0.30/index.js HTTP/1.1" 200 97634 "-" "Mozilla/5.0 (Linux; Android 8.1.0; Moto G (5S) Plus) AppleWebKit/537.36 (KHTML, like Gecko) Chrome/75.0.3770.143 Mobile Safari/537.36"
198.54.114.83 - - [01/Apr/2025:14:31:07 -0400] "POST /wp-cron.php?doing_wp_cron=1743532266.2066910266876220703125 HTTP/1.1" 200 0 "-" "WordPress/6.7.2; https://saamigraphics.com"
103.213.38.226 - - [01/Apr/2025:14:31:00 -0400] "POST /xmlrpc.php HTTP/1.1" 200 212 "http://saamigraphics.com" "Mozilla/5.0 (Windows NT 10.0; Win64; x64; rv:127.0) Gecko/20100101 Firefox/127.0"
85.208.98.23 - - [01/Apr/2025:14:49:19 -0400] "GET /robots.txt HTTP/1.1" 200 97612 "-" "Mozilla/5.0 (compatible; SemrushBot-BA; +http://www.semrush.com/bot.html)"
67.223.118.141 - - [01/Apr/2025:14:56:08 -0400] "POST /xmlrpc.php HTTP/1.1" 200 212 "http://saamigraphics.com" "Mozilla/5.0 (Windows NT 10.0; Win64; x64) AppleWebKit/537.36 (KHTML, like Gecko) Chrome/116.0.5845.96 Safari/537.36"
198.54.114.83 - - [01/Apr/2025:14:56:11 -0400] "POST /wp-cron.php?doing_wp_cron=1743533769.5598831176757812500000 HTTP/1.1" 200 0 "-" "WordPress/6.7.2; https://saamigraphics.com"
106.119.167.146 - - [01/Apr/2025:15:19:11 -0400] "GET / HTTP/1.1" 200 97612 "-" "Mozilla/5.0 (iPhone; CPU iPhone OS 13_2_3 like Mac OS X) AppleWebKit/605.1.15 (KHTML, like Gecko) Version/13.0.3 Mobile/15E148 Safari/604.1"
198.54.114.83 - - [01/Apr/2025:15:21:02 -0400] "POST /wp-cron.php?doing_wp_cron=1743535261.9750680923461914062500 HTTP/1.1" 200 0 "-" "WordPress/6.7.2; https://saamigraphics.com"
185.103.39.36 - - [01/Apr/2025:15:20:56 -0400] "POST /xmlrpc.php HTTP/1.1" 200 212 "http://saamigraphics.com" "Mozilla/5.0 (Macintosh; Intel Mac OS X 10_15_7; rv:126.0) Gecko/20100101 Firefox/126.0"
43.134.45.13 - - [01/Apr/2025:15:28:30 -0400] "GET /verbessern-sie-ihre-personlichkeit-mit-korperschmuck/ HTTP/1.1" 200 97651 "http://saamigraphics.com" "Mozilla/5.0 (Windows NT 10.0; Win64; x64) AppleWebKit/537.36 (KHTML, like Gecko) Chrome/62.0.3202.94 Safari/537.36"
206.189.133.183 - - [01/Apr/2025:15:31:54 -0400] "GET /wp-admin/css/ HTTP/1.1" 403 1242 "binance.com" "Mozilla/5.0 (Windows NT 10.0; Win64; x64) AppleWebKit/537.36 (KHTML, like Gecko) Chrome/90.0.4430.85 Safari/537.36"
216.244.66.202 - - [01/Apr/2025:15:39:51 -0400] "GET /robots.txt HTTP/1.1" 200 97548 "-" "Mozilla/5.0 (compatible; DotBot/1.2; +https://opensiteexplorer.org/dotbot; help@moz.com)"
68.154.19.154 - - [01/Apr/2025:15:42:21 -0400] "HEAD /wordpress HTTP/1.1" 200 0 "-" "Mozilla/5.0 (Windows NT 10.0; Win64; x64) AppleWebKit/537.36 (KHTML, like Gecko) Chrome/74.0.3729.169 Safari/537.36"
68.154.19.154 - - [01/Apr/2025:15:42:22 -0400] "HEAD / HTTP/1.1" 200 0 "-" "Mozilla/5.0 (Windows NT 10.0; Win64; x64) AppleWebKit/537.36 (KHTML, like Gecko) Chrome/74.0.3729.169 Safari/537.36"
68.154.19.154 - - [01/Apr/2025:15:42:23 -0400] "HEAD /wp HTTP/1.1" 200 0 "-" "Mozilla/5.0 (Windows NT 10.0; Win64; x64) AppleWebKit/537.36 (KHTML, like Gecko) Chrome/74.0.3729.169 Safari/537.36"
68.154.19.154 - - [01/Apr/2025:15:42:24 -0400] "HEAD /bc HTTP/1.1" 200 0 "-" "Mozilla/5.0 (Windows NT 10.0; Win64; x64) AppleWebKit/537.36 (KHTML, like Gecko) Chrome/74.0.3729.169 Safari/537.36"
68.154.19.154 - - [01/Apr/2025:15:42:25 -0400] "HEAD /bk HTTP/1.1" 200 0 "-" "Mozilla/5.0 (Windows NT 10.0; Win64; x64) AppleWebKit/537.36 (KHTML, like Gecko) Chrome/74.0.3729.169 Safari/537.36"
68.154.19.154 - - [01/Apr/2025:15:42:25 -0400] "HEAD /backup HTTP/1.1" 200 0 "-" "Mozilla/5.0 (Windows NT 10.0; Win64; x64) AppleWebKit/537.36 (KHTML, like Gecko) Chrome/74.0.3729.169 Safari/537.36"
68.154.19.154 - - [01/Apr/2025:15:42:26 -0400] "HEAD /old HTTP/1.1" 200 0 "-" "Mozilla/5.0 (Windows NT 10.0; Win64; x64) AppleWebKit/537.36 (KHTML, like Gecko) Chrome/74.0.3729.169 Safari/537.36"
68.154.19.154 - - [01/Apr/2025:15:42:26 -0400] "HEAD /new HTTP/1.1" 200 0 "-" "Mozilla/5.0 (Windows NT 10.0; Win64; x64) AppleWebKit/537.36 (KHTML, like Gecko) Chrome/74.0.3729.169 Safari/537.36"
68.154.19.154 - - [01/Apr/2025:15:42:26 -0400] "HEAD /main HTTP/1.1" 200 0 "-" "Mozilla/5.0 (Windows NT 10.0; Win64; x64) AppleWebKit/537.36 (KHTML, like Gecko) Chrome/74.0.3729.169 Safari/537.36"
68.154.19.154 - - [01/Apr/2025:15:42:26 -0400] "HEAD /home HTTP/1.1" 200 0 "-" "Mozilla/5.0 (Windows NT 10.0; Win64; x64) AppleWebKit/537.36 (KHTML, like Gecko) Chrome/74.0.3729.169 Safari/537.36"
198.54.114.83 - - [01/Apr/2025:15:45:13 -0400] "POST /wp-cron.php?doing_wp_cron=1743536712.0541219711303710937500 HTTP/1.1" 200 0 "-" "WordPress/6.7.2; https://saamigraphics.com"
103.227.176.18 - - [01/Apr/2025:15:45:07 -0400] "POST /xmlrpc.php HTTP/1.1" 200 212 "http://saamigraphics.com" "Mozilla/5.0 (Macintosh; Intel Mac OS X 14.5) AppleWebKit/618.3.5 (KHTML, like Gecko) Version/17.4 Safari/618.3.5"
216.244.66.202 - - [01/Apr/2025:15:45:25 -0400] "GET /the-cozy-charm-of-stitch-pajamas-embracing-comfort-with-style/feed/ HTTP/1.1" 200 97634 "-" "Mozilla/5.0 (compatible; DotBot/1.2; +https://opensiteexplorer.org/dotbot; help@moz.com)"
13.229.78.155 - - [01/Apr/2025:15:47:32 -0400] "GET /wp-includes/ID3/index.php HTTP/1.1" 200 97634 "-" "Mozlila/5.0 (Linux; Android 7.0; SM-G892A Bulid/NRD90M; wv) AppleWebKit/537.36 (KHTML, like Gecko) Version/4.0 Chrome/60.0.3112.107 Moblie Safari/537.36"
13.229.78.155 - - [01/Apr/2025:15:47:34 -0400] "GET /wp-content/plugins/index.php HTTP/1.1" 200 0 "-" "Mozlila/5.0 (Linux; Android 7.0; SM-G892A Bulid/NRD90M; wv) AppleWebKit/537.36 (KHTML, like Gecko) Version/4.0 Chrome/60.0.3112.107 Moblie Safari/537.36"
198.54.114.83 - - [01/Apr/2025:15:47:39 -0400] "POST /wp-cron.php?doing_wp_cron=1743536859.5371410846710205078125 HTTP/1.1" 200 0 "-" "WordPress/6.7.2; https://saamigraphics.com"
13.229.78.155 - - [01/Apr/2025:15:47:34 -0400] "GET /wp-admin/network/index.php HTTP/1.1" 302 0 "-" "Mozlila/5.0 (Linux; Android 7.0; SM-G892A Bulid/NRD90M; wv) AppleWebKit/537.36 (KHTML, like Gecko) Version/4.0 Chrome/60.0.3112.107 Moblie Safari/537.36"
13.229.78.155 - - [01/Apr/2025:15:47:46 -0400] "GET /wp-includes/IXR/index.php HTTP/1.1" 200 97612 "-" "Mozlila/5.0 (Linux; Android 7.0; SM-G892A Bulid/NRD90M; wv) AppleWebKit/537.36 (KHTML, like Gecko) Version/4.0 Chrome/60.0.3112.107 Moblie Safari/537.36"
13.229.78.155 - - [01/Apr/2025:15:47:47 -0400] "GET /wp-admin/images/index.php HTTP/1.1" 200 97612 "-" "Mozlila/5.0 (Linux; Android 7.0; SM-G892A Bulid/NRD90M; wv) AppleWebKit/537.36 (KHTML, like Gecko) Version/4.0 Chrome/60.0.3112.107 Moblie Safari/537.36"
13.229.78.155 - - [01/Apr/2025:15:47:48 -0400] "GET /wp-login.php HTTP/1.1" 302 0 "-" "Mozlila/5.0 (Linux; Android 7.0; SM-G892A Bulid/NRD90M; wv) AppleWebKit/537.36 (KHTML, like Gecko) Version/4.0 Chrome/60.0.3112.107 Moblie Safari/537.36"
13.229.78.155 - - [01/Apr/2025:15:47:51 -0400] "GET /wp-content/plugins/admin.php HTTP/1.1" 200 97634 "-" "Mozlila/5.0 (Linux; Android 7.0; SM-G892A Bulid/NRD90M; wv) AppleWebKit/537.36 (KHTML, like Gecko) Version/4.0 Chrome/60.0.3112.107 Moblie Safari/537.36"
13.229.78.155 - - [01/Apr/2025:15:47:52 -0400] "GET /xmlrpc.php HTTP/1.1" 405 60 "-" "Mozlila/5.0 (Linux; Android 7.0; SM-G892A Bulid/NRD90M; wv) AppleWebKit/537.36 (KHTML, like Gecko) Version/4.0 Chrome/60.0.3112.107 Moblie Safari/537.36"
13.229.78.155 - - [01/Apr/2025:15:47:53 -0400] "GET /wp-admin.php HTTP/1.1" 200 97634 "-" "Mozlila/5.0 (Linux; Android 7.0; SM-G892A Bulid/NRD90M; wv) AppleWebKit/537.36 (KHTML, like Gecko) Version/4.0 Chrome/60.0.3112.107 Moblie Safari/537.36"
13.229.78.155 - - [01/Apr/2025:15:47:54 -0400] "GET /wp-content/plugins/Core-Econ/upH.php HTTP/1.1" 200 97634 "-" "Mozlila/5.0 (Linux; Android 7.0; SM-G892A Bulid/NRD90M; wv) AppleWebKit/537.36 (KHTML, like Gecko) Version/4.0 Chrome/60.0.3112.107 Moblie Safari/537.36"
13.229.78.155 - - [01/Apr/2025:15:47:55 -0400] "GET /wp-content/plugins/fix/up.php HTTP/1.1" 200 97634 "-" "Mozlila/5.0 (Linux; Android 7.0; SM-G892A Bulid/NRD90M; wv) AppleWebKit/537.36 (KHTML, like Gecko) Version/4.0 Chrome/60.0.3112.107 Moblie Safari/537.36"
13.229.78.155 - - [01/Apr/2025:15:47:56 -0400] "GET /wp-content/plugins/pwnd/pwnd.php HTTP/1.1" 200 97612 "-" "Mozlila/5.0 (Linux; Android 7.0; SM-G892A Bulid/NRD90M; wv) AppleWebKit/537.36 (KHTML, like Gecko) Version/4.0 Chrome/60.0.3112.107 Moblie Safari/537.36"
13.229.78.155 - - [01/Apr/2025:15:47:57 -0400] "GET /wp-content/plugins/shell/noimg.php HTTP/1.1" 200 97634 "-" "Mozlila/5.0 (Linux; Android 7.0; SM-G892A Bulid/NRD90M; wv) AppleWebKit/537.36 (KHTML, like Gecko) Version/4.0 Chrome/60.0.3112.107 Moblie Safari/537.36"
13.229.78.155 - - [01/Apr/2025:15:47:58 -0400] "GET /WSOEnigma.php HTTP/1.1" 200 97634 "-" "Mozlila/5.0 (Linux; Android 7.0; SM-G892A Bulid/NRD90M; wv) AppleWebKit/537.36 (KHTML, like Gecko) Version/4.0 Chrome/60.0.3112.107 Moblie Safari/537.36"
13.229.78.155 - - [01/Apr/2025:15:47:59 -0400] "GET /wp-content/plugins/pwnd-1/pwnd.php HTTP/1.1" 200 97612 "-" "Mozlila/5.0 (Linux; Android 7.0; SM-G892A Bulid/NRD90M; wv) AppleWebKit/537.36 (KHTML, like Gecko) Version/4.0 Chrome/60.0.3112.107 Moblie Safari/537.36"
13.229.78.155 - - [01/Apr/2025:15:48:00 -0400] "GET /wp-content/plugins/dummyyummy/wp-signup.php HTTP/1.1" 200 97612 "-" "Mozlila/5.0 (Linux; Android 7.0; SM-G892A Bulid/NRD90M; wv) AppleWebKit/537.36 (KHTML, like Gecko) Version/4.0 Chrome/60.0.3112.107 Moblie Safari/537.36"
13.229.78.155 - - [01/Apr/2025:15:48:01 -0400] "GET /wp-content/plugins/clara/clara.php HTTP/1.1" 200 97542 "-" "Mozlila/5.0 (Linux; Android 7.0; SM-G892A Bulid/NRD90M; wv) AppleWebKit/537.36 (KHTML, like Gecko) Version/4.0 Chrome/60.0.3112.107 Moblie Safari/537.36"
216.244.66.202 - - [01/Apr/2025:15:50:50 -0400] "GET /making-youtube-videos-safety-tips-you-should-know/feed/ HTTP/1.1" 200 97634 "-" "Mozilla/5.0 (compatible; DotBot/1.2; +https://opensiteexplorer.org/dotbot; help@moz.com)"
13.229.78.155 - - [01/Apr/2025:15:51:27 -0400] "GET /wp-cli.php HTTP/1.1" 200 97634 "www.google.com" "Mozlila/5.0 (Linux; Android 7.0; SM-G892A Bulid/NRD90M; wv) AppleWebKit/537.36 (KHTML, like Gecko) Version/4.0 Chrome/60.0.3112.107 Moblie Safari/537.36"
198.54.114.83 - - [01/Apr/2025:16:08:39 -0400] "POST /wp-cron.php?doing_wp_cron=1743538119.2089719772338867187500 HTTP/1.1" 200 0 "-" "WordPress/6.7.2; https://saamigraphics.com"
23.111.188.34 - - [01/Apr/2025:16:08:36 -0400] "POST /xmlrpc.php HTTP/1.1" 200 212 "http://saamigraphics.com" "Mozilla/5.0 (Macintosh; Intel Mac OS X 10_15_7; rv:126.0) Gecko/20100101 Firefox/126.0"
198.181.163.253 - - [01/Apr/2025:16:17:36 -0400] "GET /cbd-for-anxiety-uk-a-natural-remedy-for-anxiety/ HTTP/1.1" 200 97612 "http://saamigraphics.com/cbd-for-anxiety-uk-a-natural-remedy-for-anxiety/" "Mozilla/5.0 (Windows NT 10.0; Win64; x64) AppleWebKit/537.36 (KHTML, like Gecko) Chrome/129.0.0.0 Safari/537.36"
216.244.66.202 - - [01/Apr/2025:16:23:38 -0400] "GET /robots.txt HTTP/1.1" 200 97634 "-" "Mozilla/5.0 (compatible; DotBot/1.2; +https://opensiteexplorer.org/dotbot; help@moz.com)"
198.54.114.83 - - [01/Apr/2025:16:31:27 -0400] "POST /wp-cron.php?doing_wp_cron=1743539487.6545970439910888671875 HTTP/1.1" 200 0 "-" "WordPress/6.7.2; https://saamigraphics.com"
216.244.65.154 - - [01/Apr/2025:16:31:25 -0400] "POST /xmlrpc.php HTTP/1.1" 200 212 "http://saamigraphics.com" "Mozilla/5.0 (Macintosh; Intel Mac OS X 14.3) AppleWebKit/614.31.14 (KHTML, like Gecko) Version/17.0.96 Safari/614.31.14"
216.244.66.202 - - [01/Apr/2025:16:33:57 -0400] "GET /le-lait-damande-pour-maigrir/feed/ HTTP/1.1" 200 97634 "-" "Mozilla/5.0 (compatible; DotBot/1.2; +https://opensiteexplorer.org/dotbot; help@moz.com)"
216.244.66.202 - - [01/Apr/2025:16:34:36 -0400] "GET /eleganter-glanz-die-moderne-hangeleuchte/feed/ HTTP/1.1" 200 97612 "-" "Mozilla/5.0 (compatible; DotBot/1.2; +https://opensiteexplorer.org/dotbot; help@moz.com)"
216.244.66.202 - - [01/Apr/2025:16:35:43 -0400] "GET /navigating-the-world-of-online-casino-gambling-a-comprehensive-guide/feed/ HTTP/1.1" 200 97612 "-" "Mozilla/5.0 (compatible; DotBot/1.2; +https://opensiteexplorer.org/dotbot; help@moz.com)"
154.108.15.49 - - [01/Apr/2025:16:38:06 -0400] "HEAD / HTTP/1.1" 200 0 "-" "python-requests/2.32.3"
198.54.114.83 - - [01/Apr/2025:16:56:22 -0400] "POST /wp-cron.php?doing_wp_cron=1743540981.7591800689697265625000 HTTP/1.1" 200 0 "-" "WordPress/6.7.2; https://saamigraphics.com"
188.166.237.78 - - [01/Apr/2025:16:56:20 -0400] "POST /xmlrpc.php HTTP/1.1" 200 212 "http://saamigraphics.com" "Mozilla/5.0 (Windows NT 10.0; Win64; x64; rv:125.0.1) Gecko/20100101 Firefox/125.0.1"
216.244.66.202 - - [01/Apr/2025:17:07:37 -0400] "GET /robots.txt HTTP/1.1" 200 97634 "-" "Mozilla/5.0 (compatible; DotBot/1.2; +https://opensiteexplorer.org/dotbot; help@moz.com)"
216.244.66.202 - - [01/Apr/2025:17:12:15 -0400] "GET /ella-fitzgerald-and-louis-armstrong-dream-a-little-dream-of-me/feed/ HTTP/1.1" 200 97489 "-" "Mozilla/5.0 (compatible; DotBot/1.2; +https://opensiteexplorer.org/dotbot; help@moz.com)"
198.54.114.83 - - [01/Apr/2025:17:20:18 -0400] "POST /wp-cron.php?doing_wp_cron=1743542418.4310319423675537109375 HTTP/1.1" 200 0 "-" "WordPress/6.7.2; https://saamigraphics.com"
185.199.236.107 - - [01/Apr/2025:17:20:14 -0400] "POST /xmlrpc.php HTTP/1.1" 200 212 "http://saamigraphics.com" "Mozilla/5.0 (Windows NT 10.0; Win64; x64) AppleWebKit/537.36 (KHTML, like Gecko) Chrome/115.0.5790.171 Safari/537.36 Edg/115.0.1901.203"
192.64.117.43 - - [01/Apr/2025:17:44:16 -0400] "POST /xmlrpc.php HTTP/1.1" 200 212 "http://saamigraphics.com" "Mozilla/5.0 (Macintosh; Intel Mac OS X 10_15_7; rv:127.0) Gecko/20100101 Firefox/127.0"
216.244.66.202 - - [01/Apr/2025:17:51:28 -0400] "GET /robots.txt HTTP/1.1" 200 97489 "-" "Mozilla/5.0 (compatible; DotBot/1.2; +https://opensiteexplorer.org/dotbot; help@moz.com)"
216.244.66.202 - - [01/Apr/2025:17:56:19 -0400] "GET /restoring-brilliance-the-art-of-pressure-washing-your-house/feed/ HTTP/1.1" 200 97663 "-" "Mozilla/5.0 (compatible; DotBot/1.2; +https://opensiteexplorer.org/dotbot; help@moz.com)"
216.244.66.202 - - [01/Apr/2025:17:56:24 -0400] "GET /shining-legacies-exploring-the-elegance-of-silver-judaica/feed/ HTTP/1.1" 200 97663 "-" "Mozilla/5.0 (compatible; DotBot/1.2; +https://opensiteexplorer.org/dotbot; help@moz.com)"
216.244.66.202 - - [01/Apr/2025:18:01:12 -0400] "GET /benefits-of-family-mediation-online/feed/ HTTP/1.1" 200 97634 "-" "Mozilla/5.0 (compatible; DotBot/1.2; +https://opensiteexplorer.org/dotbot; help@moz.com)"
216.244.66.202 - - [01/Apr/2025:18:01:56 -0400] "GET /cbd-for-anxiety-uk-a-natural-remedy-for-anxiety/feed/ HTTP/1.1" 200 97612 "-" "Mozilla/5.0 (compatible; DotBot/1.2; +https://opensiteexplorer.org/dotbot; help@moz.com)"
198.54.114.83 - - [01/Apr/2025:18:08:35 -0400] "POST /wp-cron.php?doing_wp_cron=1743545315.5162179470062255859375 HTTP/1.1" 200 0 "-" "WordPress/6.7.2; https://saamigraphics.com"
47.244.50.243 - - [01/Apr/2025:18:08:30 -0400] "POST /xmlrpc.php HTTP/1.1" 200 212 "http://saamigraphics.com" "Mozilla/5.0 (Windows NT 10.0; Win64; x64) AppleWebKit/537.36 (KHTML, like Gecko) Chrome/126.0.0.0 Safari/537.36"
43.157.168.43 - - [01/Apr/2025:18:15:00 -0400] "GET / HTTP/1.1" 200 97634 "-" "Mozilla/5.0 (iPhone; CPU iPhone OS 13_2_3 like Mac OS X) AppleWebKit/605.1.15 (KHTML, like Gecko) Version/13.0.3 Mobile/15E148 Safari/604.1"
198.54.114.83 - - [01/Apr/2025:18:18:17 -0400] "POST /wp-cron.php?doing_wp_cron=1743545897.5814828872680664062500 HTTP/1.1" 200 0 "-" "WordPress/6.7.2; https://saamigraphics.com"
13.229.78.155 - - [01/Apr/2025:18:18:16 -0400] "GET /wp-admin/install.php?step=1 HTTP/1.1" 200 521 "-" "Mozilla/5.0 (X11; Linux x86_64; rv:52.0) Gecko/20100101 Firefox/52.0"
13.229.78.155 - - [01/Apr/2025:18:18:18 -0400] "GET /wp-admin/setup-config.php HTTP/1.1" 409 1222 "-" "Mozilla/5.0 (X11; Linux x86_64; rv:52.0) Gecko/20100101 Firefox/52.0"
13.229.78.155 - - [01/Apr/2025:18:18:19 -0400] "GET /new/wp-admin/install.php?step=1 HTTP/1.1" 200 97612 "-" "Mozilla/5.0 (X11; Linux x86_64; rv:52.0) Gecko/20100101 Firefox/52.0"
13.229.78.155 - - [01/Apr/2025:18:18:20 -0400] "GET /new/wp-admin/setup-config.php HTTP/1.1" 200 97612 "-" "Mozilla/5.0 (X11; Linux x86_64; rv:52.0) Gecko/20100101 Firefox/52.0"
13.229.78.155 - - [01/Apr/2025:18:18:22 -0400] "GET /blog/wp-admin/install.php?step=1 HTTP/1.1" 200 97612 "-" "Mozilla/5.0 (X11; Linux x86_64; rv:52.0) Gecko/20100101 Firefox/52.0"
13.229.78.155 - - [01/Apr/2025:18:18:23 -0400] "GET /blog/wp-admin/setup-config.php HTTP/1.1" 200 97634 "-" "Mozilla/5.0 (X11; Linux x86_64; rv:52.0) Gecko/20100101 Firefox/52.0"
13.229.78.155 - - [01/Apr/2025:18:18:24 -0400] "GET /blogs/wp-admin/install.php?step=1 HTTP/1.1" 200 97634 "-" "Mozilla/5.0 (X11; Linux x86_64; rv:52.0) Gecko/20100101 Firefox/52.0"
13.229.78.155 - - [01/Apr/2025:18:18:25 -0400] "GET /blogs/wp-admin/setup-config.php HTTP/1.1" 200 97634 "-" "Mozilla/5.0 (X11; Linux x86_64; rv:52.0) Gecko/20100101 Firefox/52.0"
13.229.78.155 - - [01/Apr/2025:18:18:26 -0400] "GET /demo/wp-admin/install.php?step=1 HTTP/1.1" 200 97634 "-" "Mozilla/5.0 (X11; Linux x86_64; rv:52.0) Gecko/20100101 Firefox/52.0"
13.229.78.155 - - [01/Apr/2025:18:18:27 -0400] "GET /demo/wp-admin/setup-config.php HTTP/1.1" 200 97612 "-" "Mozilla/5.0 (X11; Linux x86_64; rv:52.0) Gecko/20100101 Firefox/52.0"
13.229.78.155 - - [01/Apr/2025:18:18:28 -0400] "GET /wp/wp-admin/install.php?step=1 HTTP/1.1" 200 97645 "-" "Mozilla/5.0 (X11; Linux x86_64; rv:52.0) Gecko/20100101 Firefox/52.0"
13.229.78.155 - - [01/Apr/2025:18:18:31 -0400] "GET /wp/wp-admin/setup-config.php HTTP/1.1" 200 97542 "-" "Mozilla/5.0 (X11; Linux x86_64; rv:52.0) Gecko/20100101 Firefox/52.0"
13.229.78.155 - - [01/Apr/2025:18:18:34 -0400] "GET /wordpress/wp-admin/install.php?step=1 HTTP/1.1" 200 97612 "-" "Mozilla/5.0 (X11; Linux x86_64; rv:52.0) Gecko/20100101 Firefox/52.0"
13.229.78.155 - - [01/Apr/2025:18:18:35 -0400] "GET /wordpress/wp-admin/setup-config.php HTTP/1.1" 200 97634 "-" "Mozilla/5.0 (X11; Linux x86_64; rv:52.0) Gecko/20100101 Firefox/52.0"
13.229.78.155 - - [01/Apr/2025:18:18:36 -0400] "GET /tes/wp-admin/install.php?step=1 HTTP/1.1" 200 97634 "-" "Mozilla/5.0 (X11; Linux x86_64; rv:52.0) Gecko/20100101 Firefox/52.0"
13.229.78.155 - - [01/Apr/2025:18:18:37 -0400] "GET /tes/wp-admin/setup-config.php HTTP/1.1" 200 97663 "-" "Mozilla/5.0 (X11; Linux x86_64; rv:52.0) Gecko/20100101 Firefox/52.0"
13.229.78.155 - - [01/Apr/2025:18:18:39 -0400] "GET /test/wp-admin/install.php?step=1 HTTP/1.1" 200 97634 "-" "Mozilla/5.0 (X11; Linux x86_64; rv:52.0) Gecko/20100101 Firefox/52.0"
13.229.78.155 - - [01/Apr/2025:18:18:42 -0400] "GET /test/wp-admin/setup-config.php HTTP/1.1" 200 97612 "-" "Mozilla/5.0 (X11; Linux x86_64; rv:52.0) Gecko/20100101 Firefox/52.0"
13.229.78.155 - - [01/Apr/2025:18:18:45 -0400] "GET /web/wp-admin/install.php?step=1 HTTP/1.1" 200 97634 "-" "Mozilla/5.0 (X11; Linux x86_64; rv:52.0) Gecko/20100101 Firefox/52.0"
13.229.78.155 - - [01/Apr/2025:18:18:47 -0400] "GET /web/wp-admin/setup-config.php HTTP/1.1" 200 97634 "-" "Mozilla/5.0 (X11; Linux x86_64; rv:52.0) Gecko/20100101 Firefox/52.0"
13.229.78.155 - - [01/Apr/2025:18:18:49 -0400] "GET /cms/wp-admin/install.php?step=1 HTTP/1.1" 200 97634 "-" "Mozilla/5.0 (X11; Linux x86_64; rv:52.0) Gecko/20100101 Firefox/52.0"
13.229.78.155 - - [01/Apr/2025:18:18:51 -0400] "GET /cms/wp-admin/setup-config.php HTTP/1.1" 200 97612 "-" "Mozilla/5.0 (X11; Linux x86_64; rv:52.0) Gecko/20100101 Firefox/52.0"
13.229.78.155 - - [01/Apr/2025:18:18:54 -0400] "POST /wp-admin/admin-ajax.php HTTP/1.1" 400 21 "-" "Mozilla/5.0 (X11; Linux x86_64; rv:52.0) Gecko/20100101 Firefox/52.0"
198.54.114.83 - - [01/Apr/2025:18:18:58 -0400] "POST /wp-cron.php?doing_wp_cron=1743545936.6270980834960937500000 HTTP/1.1" 200 0 "-" "WordPress/6.7.2; https://saamigraphics.com"
13.229.78.155 - - [01/Apr/2025:18:18:58 -0400] "GET /wp-admin/ HTTP/1.1" 302 0 "-" "Mozilla/5.0 (X11; Linux x86_64; rv:52.0) Gecko/20100101 Firefox/52.0"
198.54.114.83 - - [01/Apr/2025:18:32:50 -0400] "POST /wp-cron.php?doing_wp_cron=1743546770.4986870288848876953125 HTTP/1.1" 200 0 "-" "WordPress/6.7.2; https://saamigraphics.com"
148.72.126.119 - - [01/Apr/2025:18:32:48 -0400] "POST /xmlrpc.php HTTP/1.1" 200 212 "http://saamigraphics.com" "Mozilla/5.0 (Macintosh; Intel Mac OS X 13_3) AppleWebKit/537.36 (KHTML, like Gecko) Chrome/126.0.0.0 Safari/537.36 Edg/126.0.0.0"
77.238.251.212 - - [01/Apr/2025:18:43:32 -0400] "GET /cbd-for-anxiety-uk-a-natural-remedy-for-anxiety/ HTTP/1.1" 200 97663 "http://saamigraphics.com/cbd-for-anxiety-uk-a-natural-remedy-for-anxiety/" "Mozilla/5.0 (Windows NT 10.0; Win64; x64) AppleWebKit/537.36 (KHTML, like Gecko) Chrome/130.0.0.0 Safari/537.36 CCleaner/130.0.0.0"
216.244.66.202 - - [01/Apr/2025:18:45:21 -0400] "GET /how-to-increase-your-youtube-subscribers/feed/ HTTP/1.1" 200 97634 "-" "Mozilla/5.0 (compatible; DotBot/1.2; +https://opensiteexplorer.org/dotbot; help@moz.com)"
216.244.66.202 - - [01/Apr/2025:18:45:26 -0400] "GET /right-time-to-get-into-elegant-cbd-oil-packaging-game/feed/ HTTP/1.1" 200 97612 "-" "Mozilla/5.0 (compatible; DotBot/1.2; +https://opensiteexplorer.org/dotbot; help@moz.com)"
2604:a880:400:d0::8f4:f001 - - [01/Apr/2025:18:56:57 -0400] "POST /xmlrpc.php HTTP/1.1" 200 212 "http://saamigraphics.com" "Mozilla/5.0 (Windows NT 10.0; Win64; x64) AppleWebKit/537.36 (KHTML, like Gecko) Chrome/112.0.5615.138 Safari/537.36 Edg/112.0.1722.68"
198.54.114.83 - - [01/Apr/2025:19:00:47 -0400] "POST /wp-cron.php?doing_wp_cron=1743548446.8520588874816894531250 HTTP/1.1" 200 0 "-" "WordPress/6.7.2; https://saamigraphics.com"
13.229.78.155 - - [01/Apr/2025:19:00:46 -0400] "GET /wp-admin/install.php?step=1 HTTP/1.1" 200 521 "-" "Mozilla/5.0 (X11; Linux x86_64; rv:52.0) Gecko/20100101 Firefox/52.0"
13.229.78.155 - - [01/Apr/2025:19:00:47 -0400] "GET /wp-admin/setup-config.php HTTP/1.1" 409 1222 "-" "Mozilla/5.0 (X11; Linux x86_64; rv:52.0) Gecko/20100101 Firefox/52.0"
13.229.78.155 - - [01/Apr/2025:19:00:48 -0400] "GET /new/wp-admin/install.php?step=1 HTTP/1.1" 200 97542 "-" "Mozilla/5.0 (X11; Linux x86_64; rv:52.0) Gecko/20100101 Firefox/52.0"
13.229.78.155 - - [01/Apr/2025:19:00:49 -0400] "GET /new/wp-admin/setup-config.php HTTP/1.1" 200 97663 "-" "Mozilla/5.0 (X11; Linux x86_64; rv:52.0) Gecko/20100101 Firefox/52.0"
13.229.78.155 - - [01/Apr/2025:19:00:49 -0400] "GET /blog/wp-admin/install.php?step=1 HTTP/1.1" 200 97542 "-" "Mozilla/5.0 (X11; Linux x86_64; rv:52.0) Gecko/20100101 Firefox/52.0"
13.229.78.155 - - [01/Apr/2025:19:00:50 -0400] "GET /blog/wp-admin/setup-config.php HTTP/1.1" 200 97489 "-" "Mozilla/5.0 (X11; Linux x86_64; rv:52.0) Gecko/20100101 Firefox/52.0"
13.229.78.155 - - [01/Apr/2025:19:00:54 -0400] "GET /blogs/wp-admin/install.php?step=1 HTTP/1.1" 200 97612 "-" "Mozilla/5.0 (X11; Linux x86_64; rv:52.0) Gecko/20100101 Firefox/52.0"
13.229.78.155 - - [01/Apr/2025:19:00:56 -0400] "GET /blogs/wp-admin/setup-config.php HTTP/1.1" 200 97612 "-" "Mozilla/5.0 (X11; Linux x86_64; rv:52.0) Gecko/20100101 Firefox/52.0"
13.229.78.155 - - [01/Apr/2025:19:00:57 -0400] "GET /demo/wp-admin/install.php?step=1 HTTP/1.1" 200 97524 "-" "Mozilla/5.0 (X11; Linux x86_64; rv:52.0) Gecko/20100101 Firefox/52.0"
13.229.78.155 - - [01/Apr/2025:19:00:58 -0400] "GET /demo/wp-admin/setup-config.php HTTP/1.1" 200 97663 "-" "Mozilla/5.0 (X11; Linux x86_64; rv:52.0) Gecko/20100101 Firefox/52.0"
13.229.78.155 - - [01/Apr/2025:19:01:00 -0400] "GET /wp/wp-admin/install.php?step=1 HTTP/1.1" 200 97612 "-" "Mozilla/5.0 (X11; Linux x86_64; rv:52.0) Gecko/20100101 Firefox/52.0"
13.229.78.155 - - [01/Apr/2025:19:01:05 -0400] "GET /wp/wp-admin/setup-config.php HTTP/1.1" 200 97634 "-" "Mozilla/5.0 (X11; Linux x86_64; rv:52.0) Gecko/20100101 Firefox/52.0"
13.229.78.155 - - [01/Apr/2025:19:01:07 -0400] "GET /wordpress/wp-admin/install.php?step=1 HTTP/1.1" 200 97634 "-" "Mozilla/5.0 (X11; Linux x86_64; rv:52.0) Gecko/20100101 Firefox/52.0"
13.229.78.155 - - [01/Apr/2025:19:01:10 -0400] "GET /wordpress/wp-admin/setup-config.php HTTP/1.1" 200 97612 "-" "Mozilla/5.0 (X11; Linux x86_64; rv:52.0) Gecko/20100101 Firefox/52.0"
13.229.78.155 - - [01/Apr/2025:19:01:12 -0400] "GET /tes/wp-admin/install.php?step=1 HTTP/1.1" 200 97612 "-" "Mozilla/5.0 (X11; Linux x86_64; rv:52.0) Gecko/20100101 Firefox/52.0"
13.229.78.155 - - [01/Apr/2025:19:01:14 -0400] "GET /tes/wp-admin/setup-config.php HTTP/1.1" 200 97612 "-" "Mozilla/5.0 (X11; Linux x86_64; rv:52.0) Gecko/20100101 Firefox/52.0"
13.229.78.155 - - [01/Apr/2025:19:01:15 -0400] "GET /test/wp-admin/install.php?step=1 HTTP/1.1" 200 97612 "-" "Mozilla/5.0 (X11; Linux x86_64; rv:52.0) Gecko/20100101 Firefox/52.0"
13.229.78.155 - - [01/Apr/2025:19:01:16 -0400] "GET /test/wp-admin/setup-config.php HTTP/1.1" 200 97529 "-" "Mozilla/5.0 (X11; Linux x86_64; rv:52.0) Gecko/20100101 Firefox/52.0"
13.229.78.155 - - [01/Apr/2025:19:01:19 -0400] "GET /web/wp-admin/install.php?step=1 HTTP/1.1" 200 97489 "-" "Mozilla/5.0 (X11; Linux x86_64; rv:52.0) Gecko/20100101 Firefox/52.0"
13.229.78.155 - - [01/Apr/2025:19:01:21 -0400] "GET /web/wp-admin/setup-config.php HTTP/1.1" 200 97489 "-" "Mozilla/5.0 (X11; Linux x86_64; rv:52.0) Gecko/20100101 Firefox/52.0"
13.229.78.155 - - [01/Apr/2025:19:01:23 -0400] "GET /cms/wp-admin/install.php?step=1 HTTP/1.1" 200 97612 "-" "Mozilla/5.0 (X11; Linux x86_64; rv:52.0) Gecko/20100101 Firefox/52.0"
13.229.78.155 - - [01/Apr/2025:19:01:24 -0400] "GET /cms/wp-admin/setup-config.php HTTP/1.1" 200 97612 "-" "Mozilla/5.0 (X11; Linux x86_64; rv:52.0) Gecko/20100101 Firefox/52.0"
198.54.114.83 - - [01/Apr/2025:19:01:26 -0400] "POST /wp-cron.php?doing_wp_cron=1743548485.9484789371490478515625 HTTP/1.1" 200 0 "-" "WordPress/6.7.2; https://saamigraphics.com"
13.229.78.155 - - [01/Apr/2025:19:01:24 -0400] "POST /wp-admin/admin-ajax.php HTTP/1.1" 400 21 "-" "Mozilla/5.0 (X11; Linux x86_64; rv:52.0) Gecko/20100101 Firefox/52.0"
13.229.78.155 - - [01/Apr/2025:19:01:26 -0400] "GET /wp-admin/ HTTP/1.1" 302 0 "-" "Mozilla/5.0 (X11; Linux x86_64; rv:52.0) Gecko/20100101 Firefox/52.0"
198.54.114.83 - - [01/Apr/2025:19:21:09 -0400] "POST /wp-cron.php?doing_wp_cron=1743549668.8588879108428955078125 HTTP/1.1" 200 0 "-" "WordPress/6.7.2; https://saamigraphics.com"
162.0.235.2 - - [01/Apr/2025:19:21:07 -0400] "POST /xmlrpc.php HTTP/1.1" 200 212 "http://saamigraphics.com" "Mozilla/5.0 (Windows NT 10.0; Win64; x64) AppleWebKit/537.36 (KHTML, like Gecko) Chrome/114.0.5735.199 Safari/537.36 Edg/114.0.1823.67"
216.244.66.202 - - [01/Apr/2025:19:22:13 -0400] "GET /capitalizing-capital-landscaping/feed/ HTTP/1.1" 200 97612 "-" "Mozilla/5.0 (compatible; DotBot/1.2; +https://opensiteexplorer.org/dotbot; help@moz.com)"
216.244.66.202 - - [01/Apr/2025:19:27:41 -0400] "GET /chocolate-rich-in-antioxidants-taste-and-history/feed/ HTTP/1.1" 200 97634 "-" "Mozilla/5.0 (compatible; DotBot/1.2; +https://opensiteexplorer.org/dotbot; help@moz.com)"
198.54.114.83 - - [01/Apr/2025:19:45:38 -0400] "POST /wp-cron.php?doing_wp_cron=1743551138.3894500732421875000000 HTTP/1.1" 200 0 "-" "WordPress/6.7.2; https://saamigraphics.com"
89.46.109.92 - - [01/Apr/2025:19:45:36 -0400] "POST /xmlrpc.php HTTP/1.1" 200 212 "http://saamigraphics.com" "Mozilla/5.0 (Windows NT 11.0; Win64; x64) AppleWebKit/537.36 (KHTML, like Gecko) Chrome/126.0.0.0 Safari/537.36"
216.244.66.202 - - [01/Apr/2025:20:00:21 -0400] "GET /robots.txt HTTP/1.1" 200 97548 "-" "Mozilla/5.0 (compatible; DotBot/1.2; +https://opensiteexplorer.org/dotbot; help@moz.com)"
216.244.66.202 - - [01/Apr/2025:20:05:10 -0400] "GET /what-is-a-hydraulic-cutting-machine/feed/ HTTP/1.1" 200 97612 "-" "Mozilla/5.0 (compatible; DotBot/1.2; +https://opensiteexplorer.org/dotbot; help@moz.com)"
182.42.105.144 - - [01/Apr/2025:20:05:26 -0400] "GET / HTTP/1.1" 200 97634 "-" "Mozilla/5.0 (iPhone; CPU iPhone OS 13_2_3 like Mac OS X) AppleWebKit/605.1.15 (KHTML, like Gecko) Version/13.0.3 Mobile/15E148 Safari/604.1"
23.111.188.34 - - [01/Apr/2025:20:10:06 -0400] "POST /xmlrpc.php HTTP/1.1" 200 212 "http://saamigraphics.com" "Mozilla/5.0 (Windows NT 10.0; Win64; x64) AppleWebKit/537.36 (KHTML, like Gecko) Chrome/112.0.5615.138 Safari/537.36 Edg/112.0.1722.68"
198.54.114.83 - - [01/Apr/2025:20:10:10 -0400] "POST /wp-cron.php?doing_wp_cron=1743552609.4064440727233886718750 HTTP/1.1" 200 0 "-" "WordPress/6.7.2; https://saamigraphics.com"
216.244.66.202 - - [01/Apr/2025:20:10:29 -0400] "GET /why-you-should-buy-youtube-social-shares/feed/ HTTP/1.1" 200 97634 "-" "Mozilla/5.0 (compatible; DotBot/1.2; +https://opensiteexplorer.org/dotbot; help@moz.com)"
216.244.66.202 - - [01/Apr/2025:20:11:16 -0400] "GET /a-simple-data-compression-algorithm-to-reduce-video-bandwidth-demand-and-lower-costs/feed/ HTTP/1.1" 200 97634 "-" "Mozilla/5.0 (compatible; DotBot/1.2; +https://opensiteexplorer.org/dotbot; help@moz.com)"
195.191.219.132 - - [01/Apr/2025:20:31:50 -0400] "GET /robots.txt HTTP/1.1" 200 97612 "-" "Mozilla/5.0 (compatible; MJ12bot/v2.0.0; http://mj12bot.com/)"
195.191.219.132 - - [01/Apr/2025:20:31:51 -0400] "GET / HTTP/1.1" 200 97542 "-" "Mozilla/5.0 (compatible; MJ12bot/v2.0.0; http://mj12bot.com/)"
8.219.147.213 - - [01/Apr/2025:20:34:46 -0400] "POST /xmlrpc.php HTTP/1.1" 200 212 "http://saamigraphics.com" "Mozilla/5.0 (Macintosh; Intel Mac OS X 10_15_7) AppleWebKit/537.36 (KHTML, like Gecko) Chrome/116.0.5845.96 Safari/537.36"
198.54.114.83 - - [01/Apr/2025:20:34:49 -0400] "POST /wp-cron.php?doing_wp_cron=1743554087.8276760578155517578125 HTTP/1.1" 200 0 "-" "WordPress/6.7.2; https://saamigraphics.com"
216.244.66.202 - - [01/Apr/2025:20:43:41 -0400] "GET /robots.txt HTTP/1.1" 200 97612 "-" "Mozilla/5.0 (compatible; DotBot/1.2; +https://opensiteexplorer.org/dotbot; help@moz.com)"
216.244.66.202 - - [01/Apr/2025:20:47:37 -0400] "GET /custom-stirrup-socks/ HTTP/1.1" 200 97634 "-" "Mozilla/5.0 (compatible; DotBot/1.2; +https://opensiteexplorer.org/dotbot; help@moz.com)"
198.54.114.83 - - [01/Apr/2025:20:59:37 -0400] "POST /wp-cron.php?doing_wp_cron=1743555577.6939320564270019531250 HTTP/1.1" 200 0 "-" "WordPress/6.7.2; https://saamigraphics.com"
113.36.242.229 - - [01/Apr/2025:20:59:35 -0400] "POST /xmlrpc.php HTTP/1.1" 200 212 "http://saamigraphics.com" "Mozilla/5.0 (Macintosh; Intel Mac OS X 10_15_7) AppleWebKit/537.36 (KHTML, like Gecko) Chrome/114.0.5735.134 Safari/537.36"
45.128.38.94 - - [01/Apr/2025:21:04:10 -0400] "GET /cbd-for-anxiety-uk-a-natural-remedy-for-anxiety/ HTTP/1.1" 200 97634 "-" "Mozilla/5.0 (Macintosh; Intel Mac OS X 12.5; rv:114.0) Gecko/20100101 Firefox/114.0"
45.128.38.94 - - [01/Apr/2025:21:04:17 -0400] "GET /cbd-for-anxiety-uk-a-natural-remedy-for-anxiety/'%20+%20item.url%20+%20' HTTP/1.1" 200 97612 "http://saamigraphics.com/cbd-for-anxiety-uk-a-natural-remedy-for-anxiety/" "Mozilla/5.0 (Macintosh; Intel Mac OS X 12.5; rv:114.0) Gecko/20100101 Firefox/114.0"
93.183.89.12 - - [01/Apr/2025:21:20:45 -0400] "GET /verbessern-sie-ihre-personlichkeit-mit-korperschmuck/ HTTP/1.1" 200 97524 "http://saamigraphics.com/verbessern-sie-ihre-personlichkeit-mit-korperschmuck/" "Mozilla/5.0 (Windows NT 10.0; Win64; x64) AppleWebKit/537.36 (KHTML, like Gecko) Chrome/129.0.0.0 Safari/537.36"
93.183.89.12 - - [01/Apr/2025:21:20:46 -0400] "GET /verbessern-sie-ihre-personlichkeit-mit-korperschmuck/ HTTP/1.1" 200 97663 "http://saamigraphics.com/verbessern-sie-ihre-personlichkeit-mit-korperschmuck/" "Mozilla/5.0 (Windows NT 10.0; Win64; x64) AppleWebKit/537.36 (KHTML, like Gecko) Chrome/129.0.0.0 Safari/537.36"
93.183.89.12 - - [01/Apr/2025:21:20:47 -0400] "GET /verbessern-sie-ihre-personlichkeit-mit-korperschmuck/ HTTP/1.1" 200 97612 "http://saamigraphics.com/verbessern-sie-ihre-personlichkeit-mit-korperschmuck/" "Mozilla/5.0 (Windows NT 10.0; Win64; x64) AppleWebKit/537.36 (KHTML, like Gecko) Chrome/129.0.0.0 Safari/537.36"
198.54.114.83 - - [01/Apr/2025:21:24:29 -0400] "POST /wp-cron.php?doing_wp_cron=1743557068.8622260093688964843750 HTTP/1.1" 200 0 "-" "WordPress/6.7.2; https://saamigraphics.com"
68.65.122.90 - - [01/Apr/2025:21:24:26 -0400] "POST /xmlrpc.php HTTP/1.1" 200 212 "http://saamigraphics.com" "Mozilla/5.0 (Windows NT 10.0; Win64; x64) AppleWebKit/537.36 (KHTML, like Gecko) Chrome/114.0.5735.199 Safari/537.36 Edg/114.0.1823.67"
216.244.66.202 - - [01/Apr/2025:21:27:18 -0400] "GET /robots.txt HTTP/1.1" 200 97612 "-" "Mozilla/5.0 (compatible; DotBot/1.2; +https://opensiteexplorer.org/dotbot; help@moz.com)"
216.244.66.202 - - [01/Apr/2025:21:38:09 -0400] "GET /mastering-rental-property-management-a-guide-to-success/feed/ HTTP/1.1" 200 97634 "-" "Mozilla/5.0 (compatible; DotBot/1.2; +https://opensiteexplorer.org/dotbot; help@moz.com)"
198.54.129.44 - - [01/Apr/2025:21:47:07 -0400] "GET /ququos HTTP/1.1" 200 97634 "-" "Mozilla/5.0 (Windows NT 10.0; Win64; x64) AppleWebKit/537.36 (KHTML, like Gecko) Chrome/127.0.0.0 Safari/537.36"
198.54.114.83 - - [01/Apr/2025:21:47:13 -0400] "POST /wp-cron.php?doing_wp_cron=1743558432.8886458873748779296875 HTTP/1.1" 200 0 "-" "WordPress/6.7.2; https://saamigraphics.com"
198.54.129.44 - - [01/Apr/2025:21:47:10 -0400] "GET /wp-login.php HTTP/1.1" 302 0 "http://saamigraphics.com" "Mozilla/5.0 (Windows NT 10.0; Win64; x64) AppleWebKit/537.36 (KHTML, like Gecko) Chrome/127.0.0.0 Safari/537.36"
198.54.114.83 - - [01/Apr/2025:21:49:27 -0400] "POST /wp-cron.php?doing_wp_cron=1743558567.0645599365234375000000 HTTP/1.1" 200 0 "-" "WordPress/6.7.2; https://saamigraphics.com"
199.188.207.168 - - [01/Apr/2025:21:49:25 -0400] "POST /xmlrpc.php HTTP/1.1" 200 212 "http://saamigraphics.com" "Mozilla/5.0 (Macintosh; Intel Mac OS X 10.15; rv:126.0) Gecko/20100101 Firefox/126.0"
198.54.114.83 - - [01/Apr/2025:22:14:57 -0400] "POST /wp-cron.php?doing_wp_cron=1743560097.6878008842468261718750 HTTP/1.1" 200 0 "-" "WordPress/6.7.2; https://saamigraphics.com"
199.188.200.191 - - [01/Apr/2025:22:14:53 -0400] "POST /xmlrpc.php HTTP/1.1" 200 212 "http://saamigraphics.com" "Mozilla/5.0 (Macintosh; Intel Mac OS X 10_15_7; rv:129.0) Gecko/20100101 Firefox/129.0"
158.69.23.79 - - [01/Apr/2025:22:34:42 -0400] "GET /wp-content/mu-plugins/index.php HTTP/1.1" 200 97634 "-" "Linux Mozilla"
212.34.141.234 - - [01/Apr/2025:22:40:18 -0400] "GET /embroidered-socks/ HTTP/1.1" 200 97663 "http://saamigraphics.com/embroidered-socks/" "Mozilla/5.0 (Windows NT 10.0; Win64; x64) AppleWebKit/537.36 (KHTML, like Gecko) Chrome/130.0.0.0 Safari/537.36"
