Server IP : 104.21.46.188 / Your IP : 3.144.45.224 Web Server : LiteSpeed System : Linux business31.web-hosting.com 4.18.0-553.16.1.lve.1.el8.x86_64 #1 SMP Mon Sep 23 20:16:18 UTC 2024 x86_64 User : varizmol ( 2121) PHP Version : 8.0.30 Disable Function : NONE MySQL : OFF | cURL : ON | WGET : ON | Perl : ON | Python : ON | Sudo : OFF | Pkexec : OFF Directory : /home/varizmol/access-logs/ |
Upload File : |
85.208.98.23 - - [29/Mar/2025:18:40:48 -0400] "GET /robots.txt HTTP/1.1" 200 97634 "-" "Mozilla/5.0 (compatible; SemrushBot-BA; +http://www.semrush.com/bot.html)"
216.244.66.202 - - [29/Mar/2025:18:42:19 -0400] "GET /the-unveiling-of-elle-brooke-a-talented-journey/ HTTP/1.1" 200 97634 "-" "Mozilla/5.0 (compatible; DotBot/1.2; +https://opensiteexplorer.org/dotbot; help@moz.com)"
216.244.66.202 - - [29/Mar/2025:18:45:00 -0400] "GET /bfj-design-bathrooms-in-coal-harbour/ HTTP/1.1" 200 97542 "-" "Mozilla/5.0 (compatible; DotBot/1.2; +https://opensiteexplorer.org/dotbot; help@moz.com)"
216.244.66.202 - - [29/Mar/2025:18:48:26 -0400] "GET /custom-logo-socks-no-minimum/feed/ HTTP/1.1" 200 97529 "-" "Mozilla/5.0 (compatible; DotBot/1.2; +https://opensiteexplorer.org/dotbot; help@moz.com)"
195.20.18.175 - - [29/Mar/2025:18:56:07 -0400] "GET /admin/assets/jquery-file-upload/server/php/index.php?file=tf2rghf.jpg HTTP/1.1" 200 97663 "-" "ALittle Client"
77.238.237.38 - - [29/Mar/2025:19:05:03 -0400] "GET /embroidered-socks/ HTTP/1.1" 200 97612 "http://saamigraphics.com/embroidered-socks/" "Mozilla/5.0 (Windows NT 10.0; Win64; x64) AppleWebKit/537.36 (KHTML, like Gecko) Chrome/131.0.0.0 Safari/537.36 Avast/131.0.0.0"
216.244.66.202 - - [29/Mar/2025:19:32:43 -0400] "GET /a-new-era-of-gaming-2/feed/ HTTP/1.1" 200 97542 "-" "Mozilla/5.0 (compatible; DotBot/1.2; +https://opensiteexplorer.org/dotbot; help@moz.com)"
196.251.69.226 - - [29/Mar/2025:19:32:52 -0400] "GET /wp-content/plugins/pwnd/pwnd.php HTTP/1.1" 200 97542 "-" "Mozlila/5.0 (Linux; Android 7.0; SM-G892A Bulid/NRD90M; wv) AppleWebKit/537.36 (KHTML, like Gecko) Version/4.0 Chrome/60.0.3112.107 Moblie Safari/537.36"
216.244.66.202 - - [29/Mar/2025:19:38:00 -0400] "GET /2023/11/page/9/ HTTP/1.1" 200 97489 "-" "Mozilla/5.0 (compatible; DotBot/1.2; +https://opensiteexplorer.org/dotbot; help@moz.com)"
124.226.222.66 - - [29/Mar/2025:19:52:07 -0400] "GET / HTTP/1.1" 200 97612 "-" "Mozilla/5.0 (iPhone; CPU iPhone OS 13_2_3 like Mac OS X) AppleWebKit/605.1.15 (KHTML, like Gecko) Version/13.0.3 Mobile/15E148 Safari/604.1"
142.93.182.3 - - [29/Mar/2025:19:54:22 -0400] "GET / HTTP/1.1" 200 97530 "-" "Mozilla/5.0 (Windows NT 10.0; Win64; x64) AppleWebKit/537.36 (KHTML, like Gecko) Chrome/80.0.3987.149 Safari/537.36"
142.93.182.3 - - [29/Mar/2025:19:54:23 -0400] "GET / HTTP/1.1" 200 97542 "-" "Mozilla/5.0 (Windows NT 10.0; Win64; x64) AppleWebKit/537.36 (KHTML, like Gecko) Chrome/80.0.3987.149 Safari/537.36"
142.93.182.3 - - [29/Mar/2025:19:54:23 -0400] "GET /wp-includes/wlwmanifest.xml HTTP/1.1" 200 97634 "-" "Mozilla/5.0 (Windows NT 10.0; Win64; x64) AppleWebKit/537.36 (KHTML, like Gecko) Chrome/80.0.3987.149 Safari/537.36"
142.93.182.3 - - [29/Mar/2025:19:54:23 -0400] "GET / HTTP/1.1" 200 97645 "-" "Mozilla/5.0 (Windows NT 10.0; Win64; x64) AppleWebKit/537.36 (KHTML, like Gecko) Chrome/80.0.3987.149 Safari/537.36"
142.93.182.3 - - [29/Mar/2025:19:54:23 -0400] "GET /blog/wp-includes/wlwmanifest.xml HTTP/1.1" 200 97489 "-" "Mozilla/5.0 (Windows NT 10.0; Win64; x64) AppleWebKit/537.36 (KHTML, like Gecko) Chrome/80.0.3987.149 Safari/537.36"
142.93.182.3 - - [29/Mar/2025:19:54:23 -0400] "GET /web/wp-includes/wlwmanifest.xml HTTP/1.1" 200 97612 "-" "Mozilla/5.0 (Windows NT 10.0; Win64; x64) AppleWebKit/537.36 (KHTML, like Gecko) Chrome/80.0.3987.149 Safari/537.36"
142.93.182.3 - - [29/Mar/2025:19:54:23 -0400] "GET /wordpress/wp-includes/wlwmanifest.xml HTTP/1.1" 200 97489 "-" "Mozilla/5.0 (Windows NT 10.0; Win64; x64) AppleWebKit/537.36 (KHTML, like Gecko) Chrome/80.0.3987.149 Safari/537.36"
142.93.182.3 - - [29/Mar/2025:19:54:23 -0400] "GET /website/wp-includes/wlwmanifest.xml HTTP/1.1" 200 97612 "-" "Mozilla/5.0 (Windows NT 10.0; Win64; x64) AppleWebKit/537.36 (KHTML, like Gecko) Chrome/80.0.3987.149 Safari/537.36"
142.93.182.3 - - [29/Mar/2025:19:54:24 -0400] "GET /wp/wp-includes/wlwmanifest.xml HTTP/1.1" 200 97634 "-" "Mozilla/5.0 (Windows NT 10.0; Win64; x64) AppleWebKit/537.36 (KHTML, like Gecko) Chrome/80.0.3987.149 Safari/537.36"
142.93.182.3 - - [29/Mar/2025:19:54:24 -0400] "GET /news/wp-includes/wlwmanifest.xml HTTP/1.1" 200 97612 "-" "Mozilla/5.0 (Windows NT 10.0; Win64; x64) AppleWebKit/537.36 (KHTML, like Gecko) Chrome/80.0.3987.149 Safari/537.36"
142.93.182.3 - - [29/Mar/2025:19:54:24 -0400] "GET /2018/wp-includes/wlwmanifest.xml HTTP/1.1" 200 97645 "-" "Mozilla/5.0 (Windows NT 10.0; Win64; x64) AppleWebKit/537.36 (KHTML, like Gecko) Chrome/80.0.3987.149 Safari/537.36"
142.93.182.3 - - [29/Mar/2025:19:54:24 -0400] "GET /2019/wp-includes/wlwmanifest.xml HTTP/1.1" 200 97634 "-" "Mozilla/5.0 (Windows NT 10.0; Win64; x64) AppleWebKit/537.36 (KHTML, like Gecko) Chrome/80.0.3987.149 Safari/537.36"
142.93.182.3 - - [29/Mar/2025:19:54:24 -0400] "GET /shop/wp-includes/wlwmanifest.xml HTTP/1.1" 200 97663 "-" "Mozilla/5.0 (Windows NT 10.0; Win64; x64) AppleWebKit/537.36 (KHTML, like Gecko) Chrome/80.0.3987.149 Safari/537.36"
142.93.182.3 - - [29/Mar/2025:19:54:24 -0400] "GET /wp1/wp-includes/wlwmanifest.xml HTTP/1.1" 200 97645 "-" "Mozilla/5.0 (Windows NT 10.0; Win64; x64) AppleWebKit/537.36 (KHTML, like Gecko) Chrome/80.0.3987.149 Safari/537.36"
142.93.182.3 - - [29/Mar/2025:19:54:24 -0400] "GET /test/wp-includes/wlwmanifest.xml HTTP/1.1" 200 97524 "-" "Mozilla/5.0 (Windows NT 10.0; Win64; x64) AppleWebKit/537.36 (KHTML, like Gecko) Chrome/80.0.3987.149 Safari/537.36"
142.93.182.3 - - [29/Mar/2025:19:54:25 -0400] "GET /media/wp-includes/wlwmanifest.xml HTTP/1.1" 200 97663 "-" "Mozilla/5.0 (Windows NT 10.0; Win64; x64) AppleWebKit/537.36 (KHTML, like Gecko) Chrome/80.0.3987.149 Safari/537.36"
142.93.182.3 - - [29/Mar/2025:19:54:25 -0400] "GET /wp2/wp-includes/wlwmanifest.xml HTTP/1.1" 200 97630 "-" "Mozilla/5.0 (Windows NT 10.0; Win64; x64) AppleWebKit/537.36 (KHTML, like Gecko) Chrome/80.0.3987.149 Safari/537.36"
142.93.182.3 - - [29/Mar/2025:19:54:25 -0400] "GET /site/wp-includes/wlwmanifest.xml HTTP/1.1" 200 97612 "-" "Mozilla/5.0 (Windows NT 10.0; Win64; x64) AppleWebKit/537.36 (KHTML, like Gecko) Chrome/80.0.3987.149 Safari/537.36"
142.93.182.3 - - [29/Mar/2025:19:54:25 -0400] "GET /cms/wp-includes/wlwmanifest.xml HTTP/1.1" 200 97612 "-" "Mozilla/5.0 (Windows NT 10.0; Win64; x64) AppleWebKit/537.36 (KHTML, like Gecko) Chrome/80.0.3987.149 Safari/537.36"
142.93.182.3 - - [29/Mar/2025:19:54:25 -0400] "GET /sito/wp-includes/wlwmanifest.xml HTTP/1.1" 200 97612 "-" "Mozilla/5.0 (Windows NT 10.0; Win64; x64) AppleWebKit/537.36 (KHTML, like Gecko) Chrome/80.0.3987.149 Safari/537.36"
196.251.69.226 - - [29/Mar/2025:20:39:27 -0400] "GET /wp-content/themes/wp-pridmag/up.php HTTP/1.1" 200 97612 "www.google.com" "Mozlila/5.0 (Linux; Android 7.0; SM-G892A Bulid/NRD90M; wv) AppleWebKit/537.36 (KHTML, like Gecko) Version/4.0 Chrome/60.0.3112.107 Moblie Safari/537.36"
198.54.114.83 - - [29/Mar/2025:20:53:14 -0400] "POST /wp-cron.php?doing_wp_cron=1743295993.8387539386749267578125 HTTP/1.1" 200 0 "-" "WordPress/6.7.2; https://saamigraphics.com"
217.154.91.7 - - [29/Mar/2025:20:53:13 -0400] "POST /wp-login.php HTTP/1.1" 302 0 "http://saamigraphics.com/wp-admin/" "Mozilla/5.0 (Windows NT 10.0; Win64; x64) AppleWebKit/537.36 (KHTML, like Gecko) Chrome/90.0.4430.85 Safari/537.36"
43.133.187.11 - - [29/Mar/2025:21:03:28 -0400] "GET / HTTP/1.1" 200 97529 "-" "Mozilla/5.0 (iPhone; CPU iPhone OS 13_2_3 like Mac OS X) AppleWebKit/605.1.15 (KHTML, like Gecko) Version/13.0.3 Mobile/15E148 Safari/604.1"
198.54.114.83 - - [29/Mar/2025:21:12:00 -0400] "POST /wp-cron.php?doing_wp_cron=1743297120.7609920501708984375000 HTTP/1.1" 200 0 "-" "WordPress/6.7.2; https://saamigraphics.com"
95.169.166.97 - - [29/Mar/2025:21:11:56 -0400] "GET /wp-login.php HTTP/1.1" 302 0 "-" "Mozilla/5.0 (Windows NT 10.0; Win64; x64) AppleWebKit/537.36 (KHTML, like Gecko) Chrome/87.0.4280.141 Safari/537.36"
95.169.166.97 - - [29/Mar/2025:21:12:03 -0400] "POST /wp-login.php HTTP/1.1" 302 0 "-" "Mozilla/5.0 (Windows NT 10.0; Win64; x64) AppleWebKit/537.36 (KHTML, like Gecko) Chrome/87.0.4280.141 Safari/537.36"
196.251.88.242 - - [29/Mar/2025:21:38:36 -0400] "GET /wp-content/plugins/wp-catcher/index.php HTTP/1.1" 200 97489 "www.google.com" "Mozlila/5.0 (Linux; Android 7.0; SM-G892A Bulid/NRD90M; wv) AppleWebKit/537.36 (KHTML, like Gecko) Version/4.0 Chrome/60.0.3112.107 Moblie Safari/537.36"
216.244.66.202 - - [29/Mar/2025:21:38:47 -0400] "GET /robots.txt HTTP/1.1" 200 97542 "-" "Mozilla/5.0 (compatible; DotBot/1.2; +https://opensiteexplorer.org/dotbot; help@moz.com)"
217.154.91.7 - - [29/Mar/2025:21:40:38 -0400] "POST /wp-login.php HTTP/1.1" 200 0 "http://saamigraphics.com/wp-admin/" "Mozilla/5.0 (Windows NT 10.0; Win64; x64) AppleWebKit/537.36 (KHTML, like Gecko) Chrome/90.0.4430.85 Safari/537.36"
217.154.91.7 - - [29/Mar/2025:21:41:08 -0400] "POST /wp-login.php HTTP/1.1" 200 0 "http://saamigraphics.com/wp-admin/" "Mozilla/5.0 (Windows NT 10.0; Win64; x64) AppleWebKit/537.36 (KHTML, like Gecko) Chrome/90.0.4430.85 Safari/537.36"
216.244.66.202 - - [29/Mar/2025:21:47:29 -0400] "GET /reviving-efficiency-ottawa-dryer-repair-services/feed/ HTTP/1.1" 200 97663 "-" "Mozilla/5.0 (compatible; DotBot/1.2; +https://opensiteexplorer.org/dotbot; help@moz.com)"
147.182.128.242 - - [29/Mar/2025:21:56:43 -0400] "GET /bk/index.php HTTP/1.1" 200 97612 "www.google.com" "Mozilla/5.0 (Linux; Android 7.0; SM-G892A Build/NRD90M; wv) AppleWebKit/537.36 (KHTML, like Gecko) Version/4.0 Chrome/60.0.3112.107 Mobile Safari/537.36"
147.182.128.242 - - [29/Mar/2025:21:56:45 -0400] "GET /wp-admin/bk/index.php HTTP/1.1" 200 97524 "www.google.com" "Mozilla/5.0 (Linux; Android 7.0; SM-G892A Build/NRD90M; wv) AppleWebKit/537.36 (KHTML, like Gecko) Version/4.0 Chrome/60.0.3112.107 Mobile Safari/537.36"
147.182.128.242 - - [29/Mar/2025:21:56:46 -0400] "GET /wp-content/bk/index.php HTTP/1.1" 200 97529 "www.google.com" "Mozilla/5.0 (Linux; Android 7.0; SM-G892A Build/NRD90M; wv) AppleWebKit/537.36 (KHTML, like Gecko) Version/4.0 Chrome/60.0.3112.107 Mobile Safari/537.36"
147.182.128.242 - - [29/Mar/2025:21:56:47 -0400] "GET /wp-content/themes/bk/index.php HTTP/1.1" 200 97542 "www.google.com" "Mozilla/5.0 (Linux; Android 7.0; SM-G892A Build/NRD90M; wv) AppleWebKit/537.36 (KHTML, like Gecko) Version/4.0 Chrome/60.0.3112.107 Mobile Safari/537.36"
147.182.128.242 - - [29/Mar/2025:21:56:48 -0400] "GET /wp-content/plugins/bk/index.php HTTP/1.1" 200 97612 "www.google.com" "Mozilla/5.0 (Linux; Android 7.0; SM-G892A Build/NRD90M; wv) AppleWebKit/537.36 (KHTML, like Gecko) Version/4.0 Chrome/60.0.3112.107 Mobile Safari/537.36"
147.182.128.242 - - [29/Mar/2025:21:56:49 -0400] "GET /wp-content/uploads/bk/index.php HTTP/1.1" 200 97524 "www.google.com" "Mozilla/5.0 (Linux; Android 7.0; SM-G892A Build/NRD90M; wv) AppleWebKit/537.36 (KHTML, like Gecko) Version/4.0 Chrome/60.0.3112.107 Mobile Safari/537.36"
147.182.128.242 - - [29/Mar/2025:21:56:50 -0400] "GET /wp-includes/bk/index.php HTTP/1.1" 200 97489 "www.google.com" "Mozilla/5.0 (Linux; Android 7.0; SM-G892A Build/NRD90M; wv) AppleWebKit/537.36 (KHTML, like Gecko) Version/4.0 Chrome/60.0.3112.107 Mobile Safari/537.36"
216.244.66.202 - - [29/Mar/2025:22:30:02 -0400] "GET /the-evolution-and-impact-of-online-gambling-a-comprehensive-overview/feed/ HTTP/1.1" 200 97542 "-" "Mozilla/5.0 (compatible; DotBot/1.2; +https://opensiteexplorer.org/dotbot; help@moz.com)"
43.155.157.59 - - [29/Mar/2025:22:35:15 -0400] "GET /un-examen-des-produits-de-securite-a-domicile/ HTTP/1.1" 200 97634 "http://saamigraphics.com" "Mozilla/5.0 (Windows NT 10.0; Win64; x64) AppleWebKit/537.36 (KHTML, like Gecko) Chrome/62.0.3202.94 Safari/537.36"
176.67.82.123 - - [29/Mar/2025:22:35:34 -0400] "GET /cbd-for-anxiety-uk-a-natural-remedy-for-anxiety/ HTTP/1.1" 200 97489 "http://saamigraphics.com/cbd-for-anxiety-uk-a-natural-remedy-for-anxiety/" "Mozilla/5.0 (Windows NT 10.0; Win64; x64) AppleWebKit/537.36 (KHTML, like Gecko) Chrome/130.0.0.0 Safari/537.36 CCleaner/130.0.0.0"
172.184.190.202 - - [29/Mar/2025:22:42:12 -0400] "GET /.env HTTP/1.1" 200 97634 "-" "Mozilla/5.0 (Macintosh; Intel Mac OS X 10.15; rv:77.0) Gecko/20100101 Firefox/77.0"
101.33.77.217 - - [29/Mar/2025:22:55:39 -0400] "GET /un-examen-des-produits-de-securite-a-domicile/ HTTP/1.1" 200 97612 "http://saamigraphics.com" "Mozilla/5.0 (Windows NT 10.0; Win64; x64) AppleWebKit/537.36 (KHTML, like Gecko) Chrome/62.0.3202.94 Safari/537.36"
216.244.66.202 - - [29/Mar/2025:23:07:51 -0400] "GET /robots.txt HTTP/1.1" 200 97612 "-" "Mozilla/5.0 (compatible; DotBot/1.2; +https://opensiteexplorer.org/dotbot; help@moz.com)"
216.244.66.202 - - [29/Mar/2025:23:23:15 -0400] "GET /author/jorge/page/114/ HTTP/1.1" 200 97489 "-" "Mozilla/5.0 (compatible; DotBot/1.2; +https://opensiteexplorer.org/dotbot; help@moz.com)"
198.54.114.83 - - [29/Mar/2025:23:37:38 -0400] "POST /wp-cron.php?doing_wp_cron=1743305858.4035279750823974609375 HTTP/1.1" 200 0 "-" "WordPress/6.7.2; https://saamigraphics.com"
46.101.204.165 - - [29/Mar/2025:23:37:35 -0400] "POST /wp-login.php HTTP/1.1" 302 0 "http://saamigraphics.com/wp-admin/" "Mozilla/5.0 (Windows NT 10.0; Win64; x64) AppleWebKit/537.36 (KHTML, like Gecko) Chrome/90.0.4430.85 Safari/537.36"
205.210.31.128 - - [29/Mar/2025:23:42:30 -0400] "GET / HTTP/1.1" 200 97663 "-" "-"
216.244.66.202 - - [29/Mar/2025:23:53:00 -0400] "GET /robots.txt HTTP/1.1" 200 97489 "-" "Mozilla/5.0 (compatible; DotBot/1.2; +https://opensiteexplorer.org/dotbot; help@moz.com)"
216.244.66.202 - - [29/Mar/2025:23:59:13 -0400] "GET /finding-the-right-osteopath-in-dubai/ HTTP/1.1" 200 97612 "-" "Mozilla/5.0 (compatible; DotBot/1.2; +https://opensiteexplorer.org/dotbot; help@moz.com)"
216.244.66.202 - - [30/Mar/2025:00:00:41 -0400] "GET /the-potential-risks-of-ai-girlfriends/ HTTP/1.1" 200 97634 "-" "Mozilla/5.0 (compatible; DotBot/1.2; +https://opensiteexplorer.org/dotbot; help@moz.com)"
82.24.200.110 - - [30/Mar/2025:00:28:17 -0400] "GET / HTTP/1.1" 200 97548 "-" "Mozilla/5.0 (Windows NT 10.0; Win64; x64) AppleWebKit/537.36 (KHTML, like Gecko) Chrome/76.0.3809.132 Safari/537.36"
82.24.200.110 - - [30/Mar/2025:00:28:17 -0400] "GET /wp-includes/wlwmanifest.xml HTTP/1.1" 200 97612 "-" "Mozilla/5.0 (Windows NT 10.0; Win64; x64) AppleWebKit/537.36 (KHTML, like Gecko) Chrome/76.0.3809.132 Safari/537.36"
82.24.200.110 - - [30/Mar/2025:00:28:18 -0400] "GET / HTTP/1.1" 200 97618 "-" "Mozilla/5.0 (Windows NT 10.0; Win64; x64) AppleWebKit/537.36 (KHTML, like Gecko) Chrome/76.0.3809.132 Safari/537.36"
82.24.200.110 - - [30/Mar/2025:00:28:18 -0400] "GET /blog/wp-includes/wlwmanifest.xml HTTP/1.1" 200 97663 "-" "Mozilla/5.0 (Windows NT 10.0; Win64; x64) AppleWebKit/537.36 (KHTML, like Gecko) Chrome/76.0.3809.132 Safari/537.36"
82.24.200.110 - - [30/Mar/2025:00:28:18 -0400] "GET /web/wp-includes/wlwmanifest.xml HTTP/1.1" 200 97529 "-" "Mozilla/5.0 (Windows NT 10.0; Win64; x64) AppleWebKit/537.36 (KHTML, like Gecko) Chrome/76.0.3809.132 Safari/537.36"
82.24.200.110 - - [30/Mar/2025:00:28:19 -0400] "GET /wordpress/wp-includes/wlwmanifest.xml HTTP/1.1" 200 97634 "-" "Mozilla/5.0 (Windows NT 10.0; Win64; x64) AppleWebKit/537.36 (KHTML, like Gecko) Chrome/76.0.3809.132 Safari/537.36"
82.24.200.110 - - [30/Mar/2025:00:28:19 -0400] "GET /website/wp-includes/wlwmanifest.xml HTTP/1.1" 200 97524 "-" "Mozilla/5.0 (Windows NT 10.0; Win64; x64) AppleWebKit/537.36 (KHTML, like Gecko) Chrome/76.0.3809.132 Safari/537.36"
82.24.200.110 - - [30/Mar/2025:00:28:19 -0400] "GET /wp/wp-includes/wlwmanifest.xml HTTP/1.1" 200 97489 "-" "Mozilla/5.0 (Windows NT 10.0; Win64; x64) AppleWebKit/537.36 (KHTML, like Gecko) Chrome/76.0.3809.132 Safari/537.36"
82.24.200.110 - - [30/Mar/2025:00:28:19 -0400] "GET /news/wp-includes/wlwmanifest.xml HTTP/1.1" 200 97634 "-" "Mozilla/5.0 (Windows NT 10.0; Win64; x64) AppleWebKit/537.36 (KHTML, like Gecko) Chrome/76.0.3809.132 Safari/537.36"
82.24.200.110 - - [30/Mar/2025:00:28:20 -0400] "GET /2018/wp-includes/wlwmanifest.xml HTTP/1.1" 200 97663 "-" "Mozilla/5.0 (Windows NT 10.0; Win64; x64) AppleWebKit/537.36 (KHTML, like Gecko) Chrome/76.0.3809.132 Safari/537.36"
82.24.200.110 - - [30/Mar/2025:00:28:20 -0400] "GET /2019/wp-includes/wlwmanifest.xml HTTP/1.1" 200 97524 "-" "Mozilla/5.0 (Windows NT 10.0; Win64; x64) AppleWebKit/537.36 (KHTML, like Gecko) Chrome/76.0.3809.132 Safari/537.36"
82.24.200.110 - - [30/Mar/2025:00:28:21 -0400] "GET /shop/wp-includes/wlwmanifest.xml HTTP/1.1" 200 97542 "-" "Mozilla/5.0 (Windows NT 10.0; Win64; x64) AppleWebKit/537.36 (KHTML, like Gecko) Chrome/76.0.3809.132 Safari/537.36"
82.24.200.110 - - [30/Mar/2025:00:28:21 -0400] "GET /wp1/wp-includes/wlwmanifest.xml HTTP/1.1" 200 97634 "-" "Mozilla/5.0 (Windows NT 10.0; Win64; x64) AppleWebKit/537.36 (KHTML, like Gecko) Chrome/76.0.3809.132 Safari/537.36"
82.24.200.110 - - [30/Mar/2025:00:28:22 -0400] "GET /test/wp-includes/wlwmanifest.xml HTTP/1.1" 200 97612 "-" "Mozilla/5.0 (Windows NT 10.0; Win64; x64) AppleWebKit/537.36 (KHTML, like Gecko) Chrome/76.0.3809.132 Safari/537.36"
82.24.200.110 - - [30/Mar/2025:00:28:22 -0400] "GET /media/wp-includes/wlwmanifest.xml HTTP/1.1" 200 97612 "-" "Mozilla/5.0 (Windows NT 10.0; Win64; x64) AppleWebKit/537.36 (KHTML, like Gecko) Chrome/76.0.3809.132 Safari/537.36"
82.24.200.110 - - [30/Mar/2025:00:28:23 -0400] "GET /wp2/wp-includes/wlwmanifest.xml HTTP/1.1" 200 97612 "-" "Mozilla/5.0 (Windows NT 10.0; Win64; x64) AppleWebKit/537.36 (KHTML, like Gecko) Chrome/76.0.3809.132 Safari/537.36"
82.24.200.110 - - [30/Mar/2025:00:28:23 -0400] "GET /site/wp-includes/wlwmanifest.xml HTTP/1.1" 200 97634 "-" "Mozilla/5.0 (Windows NT 10.0; Win64; x64) AppleWebKit/537.36 (KHTML, like Gecko) Chrome/76.0.3809.132 Safari/537.36"
82.24.200.110 - - [30/Mar/2025:00:28:23 -0400] "GET /cms/wp-includes/wlwmanifest.xml HTTP/1.1" 200 97542 "-" "Mozilla/5.0 (Windows NT 10.0; Win64; x64) AppleWebKit/537.36 (KHTML, like Gecko) Chrome/76.0.3809.132 Safari/537.36"
82.24.200.110 - - [30/Mar/2025:00:28:24 -0400] "GET /sito/wp-includes/wlwmanifest.xml HTTP/1.1" 200 97542 "-" "Mozilla/5.0 (Windows NT 10.0; Win64; x64) AppleWebKit/537.36 (KHTML, like Gecko) Chrome/76.0.3809.132 Safari/537.36"
216.244.66.202 - - [30/Mar/2025:00:37:56 -0400] "GET /robots.txt HTTP/1.1" 200 97634 "-" "Mozilla/5.0 (compatible; DotBot/1.2; +https://opensiteexplorer.org/dotbot; help@moz.com)"
49.51.196.42 - - [30/Mar/2025:00:40:43 -0400] "GET / HTTP/1.1" 200 97529 "-" "Mozilla/5.0 (iPhone; CPU iPhone OS 13_2_3 like Mac OS X) AppleWebKit/605.1.15 (KHTML, like Gecko) Version/13.0.3 Mobile/15E148 Safari/604.1"
3.110.153.170 - - [30/Mar/2025:00:43:45 -0400] "GET /wp-content/plugins/woocommerce-payments/readme.txt HTTP/1.1" 200 97612 "www.google.com" "Mozlila/5.0 (Linux; Android 7.0; SM-G892A Bulid/NRD90M; wv) AppleWebKit/537.36 (KHTML, like Gecko) Version/4.0 Chrome/60.0.3112.107 Moblie Safari/537.36"
221.229.106.25 - - [30/Mar/2025:00:46:28 -0400] "GET / HTTP/1.1" 200 97663 "-" "Mozilla/5.0 (iPhone; CPU iPhone OS 13_2_3 like Mac OS X) AppleWebKit/605.1.15 (KHTML, like Gecko) Version/13.0.3 Mobile/15E148 Safari/604.1"
216.244.66.202 - - [30/Mar/2025:00:47:28 -0400] "GET /single-dose-mephedrone/feed/ HTTP/1.1" 200 97524 "-" "Mozilla/5.0 (compatible; DotBot/1.2; +https://opensiteexplorer.org/dotbot; help@moz.com)"
62.171.167.190 - - [30/Mar/2025:00:47:44 -0400] "GET / HTTP/1.1" 200 97651 "www.google.com" "Mozilla/5.0 (Windows NT 10.0; Win64; x64) AppleWebKit/537.36 (KHTML, like Gecko) Chrome/90.0.4430.85 Safari/537.36"
216.244.66.202 - - [30/Mar/2025:00:50:27 -0400] "GET /una-passione-crescente/ HTTP/1.1" 200 97489 "-" "Mozilla/5.0 (compatible; DotBot/1.2; +https://opensiteexplorer.org/dotbot; help@moz.com)"
216.244.66.202 - - [30/Mar/2025:00:52:49 -0400] "GET /2022/02/11/tine-paradise-hotel-pikk-i-fitte-tantric-massage-in-oslo-knulle-porno/ HTTP/1.1" 200 97618 "-" "Mozilla/5.0 (compatible; DotBot/1.2; +https://opensiteexplorer.org/dotbot; help@moz.com)"
198.54.114.83 - - [30/Mar/2025:01:01:48 -0400] "POST /wp-cron.php?doing_wp_cron=1743310908.8065450191497802734375 HTTP/1.1" 200 0 "-" "WordPress/6.7.2; https://saamigraphics.com"
92.255.57.103 - - [30/Mar/2025:01:01:46 -0400] "GET /wp-login.php?wp_lang=en_US HTTP/1.1" 302 0 "http://saamigraphics.com/wp-login.php" "Mozilla/5.0 (Windows NT 10.0; Win64; x64; rv:136.0) Gecko/20100101 Firefox/135.0"
104.209.141.64 - - [30/Mar/2025:01:18:44 -0400] "HEAD /wordpress HTTP/1.1" 200 0 "-" "Mozilla/5.0 (Windows NT 10.0; Win64; x64) AppleWebKit/537.36 (KHTML, like Gecko) Chrome/74.0.3729.169 Safari/537.36"
104.209.141.64 - - [30/Mar/2025:01:18:44 -0400] "HEAD / HTTP/1.1" 200 0 "-" "Mozilla/5.0 (Windows NT 10.0; Win64; x64) AppleWebKit/537.36 (KHTML, like Gecko) Chrome/74.0.3729.169 Safari/537.36"
104.209.141.64 - - [30/Mar/2025:01:18:44 -0400] "HEAD /wp HTTP/1.1" 200 0 "-" "Mozilla/5.0 (Windows NT 10.0; Win64; x64) AppleWebKit/537.36 (KHTML, like Gecko) Chrome/74.0.3729.169 Safari/537.36"
104.209.141.64 - - [30/Mar/2025:01:18:44 -0400] "HEAD /bc HTTP/1.1" 200 0 "-" "Mozilla/5.0 (Windows NT 10.0; Win64; x64) AppleWebKit/537.36 (KHTML, like Gecko) Chrome/74.0.3729.169 Safari/537.36"
104.209.141.64 - - [30/Mar/2025:01:18:44 -0400] "HEAD /bk HTTP/1.1" 200 0 "-" "Mozilla/5.0 (Windows NT 10.0; Win64; x64) AppleWebKit/537.36 (KHTML, like Gecko) Chrome/74.0.3729.169 Safari/537.36"
104.209.141.64 - - [30/Mar/2025:01:18:45 -0400] "HEAD /backup HTTP/1.1" 200 0 "-" "Mozilla/5.0 (Windows NT 10.0; Win64; x64) AppleWebKit/537.36 (KHTML, like Gecko) Chrome/74.0.3729.169 Safari/537.36"
104.209.141.64 - - [30/Mar/2025:01:18:45 -0400] "HEAD /old HTTP/1.1" 200 0 "-" "Mozilla/5.0 (Windows NT 10.0; Win64; x64) AppleWebKit/537.36 (KHTML, like Gecko) Chrome/74.0.3729.169 Safari/537.36"
104.209.141.64 - - [30/Mar/2025:01:18:45 -0400] "HEAD /new HTTP/1.1" 200 0 "-" "Mozilla/5.0 (Windows NT 10.0; Win64; x64) AppleWebKit/537.36 (KHTML, like Gecko) Chrome/74.0.3729.169 Safari/537.36"
104.209.141.64 - - [30/Mar/2025:01:18:46 -0400] "HEAD /main HTTP/1.1" 200 0 "-" "Mozilla/5.0 (Windows NT 10.0; Win64; x64) AppleWebKit/537.36 (KHTML, like Gecko) Chrome/74.0.3729.169 Safari/537.36"
104.209.141.64 - - [30/Mar/2025:01:18:46 -0400] "HEAD /home HTTP/1.1" 200 0 "-" "Mozilla/5.0 (Windows NT 10.0; Win64; x64) AppleWebKit/537.36 (KHTML, like Gecko) Chrome/74.0.3729.169 Safari/537.36"
216.244.66.202 - - [30/Mar/2025:01:23:26 -0400] "GET /robots.txt HTTP/1.1" 200 97634 "-" "Mozilla/5.0 (compatible; DotBot/1.2; +https://opensiteexplorer.org/dotbot; help@moz.com)"
43.155.157.59 - - [30/Mar/2025:01:33:25 -0400] "GET /gambling-lotto-can-be-harmful/ HTTP/1.1" 200 97634 "http://saamigraphics.com" "Mozilla/5.0 (Windows NT 10.0; Win64; x64) AppleWebKit/537.36 (KHTML, like Gecko) Chrome/62.0.3202.94 Safari/537.36"
216.244.66.202 - - [30/Mar/2025:01:34:02 -0400] "GET /author/jorge/page/62/ HTTP/1.1" 200 97669 "-" "Mozilla/5.0 (compatible; DotBot/1.2; +https://opensiteexplorer.org/dotbot; help@moz.com)"
216.244.66.202 - - [30/Mar/2025:01:34:57 -0400] "GET /top-fertility-clinic-in-dubai-excellence-in-reproductive-care/ HTTP/1.1" 200 97663 "-" "Mozilla/5.0 (compatible; DotBot/1.2; +https://opensiteexplorer.org/dotbot; help@moz.com)"
216.244.66.202 - - [30/Mar/2025:01:38:56 -0400] "GET /die-moderne-hangeleuchte/feed/ HTTP/1.1" 200 97634 "-" "Mozilla/5.0 (compatible; DotBot/1.2; +https://opensiteexplorer.org/dotbot; help@moz.com)"
216.244.66.202 - - [30/Mar/2025:01:40:27 -0400] "GET /ecommerce-image-editing-service/feed/ HTTP/1.1" 200 97634 "-" "Mozilla/5.0 (compatible; DotBot/1.2; +https://opensiteexplorer.org/dotbot; help@moz.com)"
196.251.71.229 - - [30/Mar/2025:02:01:31 -0400] "POST /ALFA_DATA/alfacgiapi/perl.alfa HTTP/1.1" 200 97542 "www.google.com" "Mozlila/5.0 (Linux; Android 7.0; SM-G892A Bulid/NRD90M; wv) AppleWebKit/537.36 (KHTML, like Gecko) Version/4.0 Chrome/60.0.3112.107 Moblie Safari/537.36"
196.251.71.229 - - [30/Mar/2025:02:01:31 -0400] "GET / HTTP/1.1" 200 97612 "-" "Mozlila/5.0 (Linux; Android 7.0; SM-G892A Bulid/NRD90M; wv) AppleWebKit/537.36 (KHTML, like Gecko) Version/4.0 Chrome/60.0.3112.107 Moblie Safari/537.36"
196.251.71.229 - - [30/Mar/2025:02:01:31 -0400] "GET /wp-content/themes/seotheme/db.php?u HTTP/1.1" 200 97634 "www.google.com" "Mozlila/5.0 (Linux; Android 7.0; SM-G892A Bulid/NRD90M; wv) AppleWebKit/537.36 (KHTML, like Gecko) Version/4.0 Chrome/60.0.3112.107 Moblie Safari/537.36"
196.251.71.229 - - [30/Mar/2025:02:01:31 -0400] "POST /wp-plain.php HTTP/1.1" 200 97634 "www.google.com" "Mozilla/5.0 (Linux; Android 7.0; SM-G892A Bulid/NRD90M; wv) AppleWebKit/537.36 (KHTML, like Gecko) Version/4.0 Chrome/60.0.3112.107 Moblie Safari/537.36"
196.251.71.229 - - [30/Mar/2025:02:01:31 -0400] "GET /wp-content/plugins/fix/up.php HTTP/1.1" 200 97612 "-" "Mozilla/5.0 (Windows NT 10.0; Win64; x64) AppleWebKit/537.36 (KHTML, like Gecko) Chrome/85.0.4183.102 Safari/537.36"
196.251.71.229 - - [30/Mar/2025:02:01:31 -0400] "POST /alfacgiapi/perl.alfa HTTP/1.1" 200 97529 "www.google.com" "Mozlila/5.0 (Linux; Android 7.0; SM-G892A Bulid/NRD90M; wv) AppleWebKit/537.36 (KHTML, like Gecko) Version/4.0 Chrome/60.0.3112.107 Moblie Safari/537.36"
196.251.71.229 - - [30/Mar/2025:02:01:31 -0400] "GET /tprrrkhj.php?Fox=d3wL7 HTTP/1.1" 200 97542 "www.google.com" "Mozilla/5.0 (Linux; Android 7.0; SM-G892A Bulid/NRD90M; wv) AppleWebKit/537.36 (KHTML, like Gecko) Version/4.0 Chrome/60.0.3112.107 Moblie Safari/537.36"
194.38.23.16 - - [30/Mar/2025:02:02:20 -0400] "GET /public/admin/assets/plugins/file-upload/server/php/index.php?file=tf2rghf.jpg HTTP/1.1" 200 97612 "-" "ALittle Client"
85.208.98.23 - - [30/Mar/2025:02:07:00 -0400] "GET /robots.txt HTTP/1.1" 200 97542 "-" "Mozilla/5.0 (compatible; SemrushBot-BA; +http://www.semrush.com/bot.html)"
216.244.66.202 - - [30/Mar/2025:02:15:40 -0400] "GET /get-a-michael-kors-satchel-crossbody-for-less/ HTTP/1.1" 200 97612 "-" "Mozilla/5.0 (compatible; DotBot/1.2; +https://opensiteexplorer.org/dotbot; help@moz.com)"
139.59.100.51 - - [30/Mar/2025:02:16:42 -0400] "GET /wp-content/plugins/pwnd/pwnd.php HTTP/1.1" 200 97530 "-" "Mozilla/5.0 (Linux; Android 7.0; SM-G892A Build/NRD90M; wv) AppleWebKit/537.36 (KHTML, like Gecko) Version/4.0 Chrome/60.0.3112.107 Mobile Safari/537.36"
139.59.100.51 - - [30/Mar/2025:02:17:00 -0400] "GET /wp-content/plugins/pwnd-1/pwnd.php HTTP/1.1" 200 97489 "-" "Mozilla/5.0 (Linux; Android 7.0; SM-G892A Build/NRD90M; wv) AppleWebKit/537.36 (KHTML, like Gecko) Version/4.0 Chrome/60.0.3112.107 Mobile Safari/537.36"
139.59.100.51 - - [30/Mar/2025:02:18:12 -0400] "GET /wp-content/plugins/pwnd-2/pwnd.php HTTP/1.1" 200 97612 "-" "Mozilla/5.0 (Linux; Android 7.0; SM-G892A Build/NRD90M; wv) AppleWebKit/537.36 (KHTML, like Gecko) Version/4.0 Chrome/60.0.3112.107 Mobile Safari/537.36"
139.59.100.51 - - [30/Mar/2025:02:18:23 -0400] "GET /wp-content/plugins/fix/up.php HTTP/1.1" 200 97645 "-" "Mozilla/5.0 (Linux; Android 7.0; SM-G892A Build/NRD90M; wv) AppleWebKit/537.36 (KHTML, like Gecko) Version/4.0 Chrome/60.0.3112.107 Mobile Safari/537.36"
216.244.66.202 - - [30/Mar/2025:02:31:01 -0400] "GET /how-to-choose-an-mba-online-program/feed/ HTTP/1.1" 200 97663 "-" "Mozilla/5.0 (compatible; DotBot/1.2; +https://opensiteexplorer.org/dotbot; help@moz.com)"
216.244.66.202 - - [30/Mar/2025:02:43:27 -0400] "GET /une-approche-holistique-pour-le-bien-etre/feed/ HTTP/1.1" 200 97548 "-" "Mozilla/5.0 (compatible; DotBot/1.2; +https://opensiteexplorer.org/dotbot; help@moz.com)"
216.244.66.202 - - [30/Mar/2025:02:50:09 -0400] "GET /league-of-legends-lecture/feed/ HTTP/1.1" 200 97542 "-" "Mozilla/5.0 (compatible; DotBot/1.2; +https://opensiteexplorer.org/dotbot; help@moz.com)"
216.244.66.202 - - [30/Mar/2025:02:56:05 -0400] "GET /robots.txt HTTP/1.1" 200 97612 "-" "Mozilla/5.0 (compatible; DotBot/1.2; +https://opensiteexplorer.org/dotbot; help@moz.com)"
216.244.66.202 - - [30/Mar/2025:03:05:26 -0400] "GET /the-dynamics-of-youtube-views/ HTTP/1.1" 200 97489 "-" "Mozilla/5.0 (compatible; DotBot/1.2; +https://opensiteexplorer.org/dotbot; help@moz.com)"
101.33.77.217 - - [30/Mar/2025:03:22:22 -0400] "GET /gambling-lotto-can-be-harmful/ HTTP/1.1" 200 97612 "http://saamigraphics.com" "Mozilla/5.0 (Windows NT 10.0; Win64; x64) AppleWebKit/537.36 (KHTML, like Gecko) Chrome/62.0.3202.94 Safari/537.36"
85.203.36.70 - - [30/Mar/2025:03:22:50 -0400] "GET /cbd-for-anxiety-uk-a-natural-remedy-for-anxiety/ HTTP/1.1" 200 97663 "-" "Mozilla/5.0 (Windows NT 10.0; WOW64) AppleWebKit/537.36 (KHTML, like Gecko) Chrome/114.0.0.0 Safari/537.36 Vivaldi/5.3.2679.68"
85.203.36.55 - - [30/Mar/2025:03:22:51 -0400] "GET /cbd-for-anxiety-uk-a-natural-remedy-for-anxiety/'%20+%20item.url%20+%20' HTTP/1.1" 200 97612 "http://saamigraphics.com/cbd-for-anxiety-uk-a-natural-remedy-for-anxiety/" "Mozilla/5.0 (Windows NT 10.0; WOW64) AppleWebKit/537.36 (KHTML, like Gecko) Chrome/114.0.0.0 Safari/537.36 Vivaldi/5.3.2679.68"
85.203.36.65 - - [30/Mar/2025:03:29:39 -0400] "GET /cbd-for-anxiety-uk-a-natural-remedy-for-anxiety/ HTTP/1.1" 200 97669 "-" "Mozilla/5.0 (X11; Ubuntu; Linux i686; rv:114.0) Gecko/20100101 Firefox/114.0"
216.244.66.202 - - [30/Mar/2025:03:34:03 -0400] "GET /dentiste-geneve/feed/ HTTP/1.1" 200 97612 "-" "Mozilla/5.0 (compatible; DotBot/1.2; +https://opensiteexplorer.org/dotbot; help@moz.com)"
216.244.66.202 - - [30/Mar/2025:03:42:19 -0400] "GET /robots.txt HTTP/1.1" 200 97634 "-" "Mozilla/5.0 (compatible; DotBot/1.2; +https://opensiteexplorer.org/dotbot; help@moz.com)"
43.166.134.114 - - [30/Mar/2025:03:44:04 -0400] "GET / HTTP/1.1" 200 73854 "-" "Mozilla/5.0 (iPhone; CPU iPhone OS 13_2_3 like Mac OS X) AppleWebKit/605.1.15 (KHTML, like Gecko) Version/13.0.3 Mobile/15E148 Safari/604.1"
216.244.66.202 - - [30/Mar/2025:03:49:24 -0400] "GET /how-to-get-a-moving-cost-quote/ HTTP/1.1" 200 97634 "-" "Mozilla/5.0 (compatible; DotBot/1.2; +https://opensiteexplorer.org/dotbot; help@moz.com)"
139.99.68.31 - - [30/Mar/2025:03:50:11 -0400] "GET /wp-content/uploads/2017-------/09/wp-console.php HTTP/1.1" 200 97634 "-" "Mozilla/5.0 (Linux; Android 11; M2010J19SI) AppleWebKit/537.36 (KHTML, like Gecko) Chrome/109.0.0.0 Mobile Safari/537.36"
139.99.68.31 - - [30/Mar/2025:03:50:14 -0400] "GET /wp-includes/js/crop/uword.php HTTP/1.1" 200 97634 "-" "Mozilla/5.0 (Linux; Android 11; M2010J19SI) AppleWebKit/537.36 (KHTML, like Gecko) Chrome/109.0.0.0 Mobile Safari/537.36"
139.99.68.31 - - [30/Mar/2025:03:50:18 -0400] "GET /wp-content/themes/bltm/wp-login.php HTTP/1.1" 200 97612 "-" "Mozilla/5.0 (Linux; Android 11; M2010J19SI) AppleWebKit/537.36 (KHTML, like Gecko) Chrome/109.0.0.0 Mobile Safari/537.36"
139.99.68.31 - - [30/Mar/2025:03:50:20 -0400] "GET /autoload_classmap.php HTTP/1.1" 200 97612 "-" "Mozilla/5.0 (Linux; Android 11; M2010J19SI) AppleWebKit/537.36 (KHTML, like Gecko) Chrome/109.0.0.0 Mobile Safari/537.36"
139.99.68.31 - - [30/Mar/2025:03:50:23 -0400] "GET /wp-content/uploads/2014/07/olx.php HTTP/1.1" 200 97634 "-" "Mozilla/5.0 (Linux; Android 11; M2010J19SI) AppleWebKit/537.36 (KHTML, like Gecko) Chrome/109.0.0.0 Mobile Safari/537.36"
139.99.68.31 - - [30/Mar/2025:03:50:26 -0400] "GET /wp-admin/css/colors/midnight/index.php HTTP/1.1" 200 97634 "-" "Mozilla/5.0 (Linux; Android 11; M2010J19SI) AppleWebKit/537.36 (KHTML, like Gecko) Chrome/109.0.0.0 Mobile Safari/537.36"
139.99.68.31 - - [30/Mar/2025:03:50:34 -0400] "GET /wp-content/uploads/2020/wp-couldent.php.suspected HTTP/1.1" 200 97612 "-" "Mozilla/5.0 (Linux; Android 11; M2010J19SI) AppleWebKit/537.36 (KHTML, like Gecko) Chrome/109.0.0.0 Mobile Safari/537.36"
139.99.68.31 - - [30/Mar/2025:03:50:35 -0400] "GET /wp-content/plugins/523453244/ninja.php HTTP/1.1" 200 97634 "-" "Mozilla/5.0 (Linux; Android 11; M2010J19SI) AppleWebKit/537.36 (KHTML, like Gecko) Chrome/109.0.0.0 Mobile Safari/537.36"
139.99.68.31 - - [30/Mar/2025:03:50:37 -0400] "GET /wp-includes/js/imgareaselect/index.php HTTP/1.1" 200 97612 "-" "Mozilla/5.0 (Linux; Android 11; M2010J19SI) AppleWebKit/537.36 (KHTML, like Gecko) Chrome/109.0.0.0 Mobile Safari/537.36"
139.99.68.31 - - [30/Mar/2025:03:50:39 -0400] "GET /wp-includes/PHPMailer/load.php HTTP/1.1" 200 97612 "-" "Mozilla/5.0 (Linux; Android 11; M2010J19SI) AppleWebKit/537.36 (KHTML, like Gecko) Chrome/109.0.0.0 Mobile Safari/537.36"
139.99.68.31 - - [30/Mar/2025:03:50:41 -0400] "GET /wp-links.php HTTP/1.1" 200 97634 "-" "Mozilla/5.0 (Linux; Android 11; M2010J19SI) AppleWebKit/537.36 (KHTML, like Gecko) Chrome/109.0.0.0 Mobile Safari/537.36"
139.99.68.31 - - [30/Mar/2025:03:50:44 -0400] "GET /wp-aa.php HTTP/1.1" 200 97634 "-" "Mozilla/5.0 (Linux; Android 11; M2010J19SI) AppleWebKit/537.36 (KHTML, like Gecko) Chrome/109.0.0.0 Mobile Safari/537.36"
139.99.68.31 - - [30/Mar/2025:03:50:46 -0400] "GET /wp-content/themes/travelscape/json.php HTTP/1.1" 200 97612 "-" "Mozilla/5.0 (Linux; Android 11; M2010J19SI) AppleWebKit/537.36 (KHTML, like Gecko) Chrome/109.0.0.0 Mobile Safari/537.36"
139.99.68.31 - - [30/Mar/2025:03:50:48 -0400] "GET /wp-content/themes/travel/issue.php HTTP/1.1" 200 97634 "-" "Mozilla/5.0 (Linux; Android 11; M2010J19SI) AppleWebKit/537.36 (KHTML, like Gecko) Chrome/109.0.0.0 Mobile Safari/537.36"
139.99.68.31 - - [30/Mar/2025:03:50:50 -0400] "GET /about.php HTTP/1.1" 200 97634 "-" "Mozilla/5.0 (Linux; Android 11; M2010J19SI) AppleWebKit/537.36 (KHTML, like Gecko) Chrome/109.0.0.0 Mobile Safari/537.36"
139.99.68.31 - - [30/Mar/2025:03:50:51 -0400] "GET /xx.php HTTP/1.1" 200 97634 "-" "Mozilla/5.0 (Linux; Android 11; M2010J19SI) AppleWebKit/537.36 (KHTML, like Gecko) Chrome/109.0.0.0 Mobile Safari/537.36"
139.99.68.31 - - [30/Mar/2025:03:50:52 -0400] "GET /wp-content/themes/digital-download/new.php HTTP/1.1" 200 97634 "-" "Mozilla/5.0 (Linux; Android 11; M2010J19SI) AppleWebKit/537.36 (KHTML, like Gecko) Chrome/109.0.0.0 Mobile Safari/537.36"
139.99.68.31 - - [30/Mar/2025:03:50:53 -0400] "GET /epinyins.php HTTP/1.1" 200 97663 "-" "Mozilla/5.0 (Linux; Android 11; M2010J19SI) AppleWebKit/537.36 (KHTML, like Gecko) Chrome/109.0.0.0 Mobile Safari/537.36"
139.99.68.31 - - [30/Mar/2025:03:50:54 -0400] "GET /wp-admin/dropdown.php HTTP/1.1" 200 97634 "-" "Mozilla/5.0 (Linux; Android 11; M2010J19SI) AppleWebKit/537.36 (KHTML, like Gecko) Chrome/109.0.0.0 Mobile Safari/537.36"
139.99.68.31 - - [30/Mar/2025:03:50:55 -0400] "GET /dropdown.php HTTP/1.1" 200 97612 "-" "Mozilla/5.0 (Linux; Android 11; M2010J19SI) AppleWebKit/537.36 (KHTML, like Gecko) Chrome/109.0.0.0 Mobile Safari/537.36"
139.99.68.31 - - [30/Mar/2025:03:50:56 -0400] "GET /wp-admin/css/index.php HTTP/1.1" 200 97612 "-" "Mozilla/5.0 (Linux; Android 11; M2010J19SI) AppleWebKit/537.36 (KHTML, like Gecko) Chrome/109.0.0.0 Mobile Safari/537.36"
139.99.68.31 - - [30/Mar/2025:03:50:58 -0400] "GET /wp-content/mah.php HTTP/1.1" 200 97634 "-" "Mozilla/5.0 (Linux; Android 11; M2010J19SI) AppleWebKit/537.36 (KHTML, like Gecko) Chrome/109.0.0.0 Mobile Safari/537.36"
139.99.68.31 - - [30/Mar/2025:03:51:01 -0400] "GET /wp-content/item.php HTTP/1.1" 200 97634 "-" "Mozilla/5.0 (Linux; Android 11; M2010J19SI) AppleWebKit/537.36 (KHTML, like Gecko) Chrome/109.0.0.0 Mobile Safari/537.36"
139.99.68.31 - - [30/Mar/2025:03:51:10 -0400] "GET /wp-content/plugins/shell/about.php HTTP/1.1" 200 97612 "-" "Mozilla/5.0 (Linux; Android 11; M2010J19SI) AppleWebKit/537.36 (KHTML, like Gecko) Chrome/109.0.0.0 Mobile Safari/537.36"
139.99.68.31 - - [30/Mar/2025:03:51:15 -0400] "GET /wp-content/plugins/pwnd/pwnd.php HTTP/1.1" 200 97612 "-" "Mozilla/5.0 (Linux; Android 11; M2010J19SI) AppleWebKit/537.36 (KHTML, like Gecko) Chrome/109.0.0.0 Mobile Safari/537.36"
139.99.68.31 - - [30/Mar/2025:03:51:17 -0400] "GET /wp-content/plugins/fix/up.php HTTP/1.1" 200 97634 "-" "Mozilla/5.0 (Linux; Android 11; M2010J19SI) AppleWebKit/537.36 (KHTML, like Gecko) Chrome/109.0.0.0 Mobile Safari/537.36"
139.99.68.31 - - [30/Mar/2025:03:51:18 -0400] "GET /wp-content/plugins/ph-file-manager/wp-file.php HTTP/1.1" 200 97634 "-" "Mozilla/5.0 (Linux; Android 11; M2010J19SI) AppleWebKit/537.36 (KHTML, like Gecko) Chrome/109.0.0.0 Mobile Safari/537.36"
139.99.68.31 - - [30/Mar/2025:03:51:20 -0400] "GET /wp-content/plugins/root-file-manager/wp-file.php HTTP/1.1" 200 97634 "-" "Mozilla/5.0 (Linux; Android 11; M2010J19SI) AppleWebKit/537.36 (KHTML, like Gecko) Chrome/109.0.0.0 Mobile Safari/537.36"
139.99.68.31 - - [30/Mar/2025:03:51:22 -0400] "GET /wp-content/plugins/wp-help/mini.php HTTP/1.1" 200 97663 "-" "Mozilla/5.0 (Linux; Android 11; M2010J19SI) AppleWebKit/537.36 (KHTML, like Gecko) Chrome/109.0.0.0 Mobile Safari/537.36"
139.99.68.31 - - [30/Mar/2025:03:51:23 -0400] "GET /wp-content/themes/travel/issue.php HTTP/1.1" 200 97612 "-" "Mozilla/5.0 (Linux; Android 11; M2010J19SI) AppleWebKit/537.36 (KHTML, like Gecko) Chrome/109.0.0.0 Mobile Safari/537.36"
139.99.68.31 - - [30/Mar/2025:03:51:24 -0400] "GET /wp-content/themes/jaida/lang.php HTTP/1.1" 200 97612 "-" "Mozilla/5.0 (Linux; Android 11; M2010J19SI) AppleWebKit/537.36 (KHTML, like Gecko) Chrome/109.0.0.0 Mobile Safari/537.36"
139.99.68.31 - - [30/Mar/2025:03:51:25 -0400] "GET /wp-l0gin.php HTTP/1.1" 200 97618 "-" "Mozilla/5.0 (Linux; Android 11; M2010J19SI) AppleWebKit/537.36 (KHTML, like Gecko) Chrome/109.0.0.0 Mobile Safari/537.36"
139.99.68.31 - - [30/Mar/2025:03:51:27 -0400] "GET /ext.php HTTP/1.1" 200 97612 "-" "Mozilla/5.0 (Linux; Android 11; M2010J19SI) AppleWebKit/537.36 (KHTML, like Gecko) Chrome/109.0.0.0 Mobile Safari/537.36"
139.99.68.31 - - [30/Mar/2025:03:51:29 -0400] "GET /wp-l0gin.php HTTP/1.1" 200 97630 "-" "Mozilla/5.0 (Linux; Android 11; M2010J19SI) AppleWebKit/537.36 (KHTML, like Gecko) Chrome/109.0.0.0 Mobile Safari/537.36"
43.155.157.59 - - [30/Mar/2025:04:02:04 -0400] "GET /verbessern-sie-ihre-personlichkeit-mit-korperschmuck/ HTTP/1.1" 200 97634 "http://saamigraphics.com" "Mozilla/5.0 (Windows NT 10.0; Win64; x64) AppleWebKit/537.36 (KHTML, like Gecko) Chrome/62.0.3202.94 Safari/537.36"
216.244.66.202 - - [30/Mar/2025:04:16:52 -0400] "GET /author/jorge/page/91/ HTTP/1.1" 200 97634 "-" "Mozilla/5.0 (compatible; DotBot/1.2; +https://opensiteexplorer.org/dotbot; help@moz.com)"
209.97.157.80 - - [30/Mar/2025:04:18:51 -0400] "GET /wp-admin/css/ HTTP/1.1" 403 1242 "binance.com" "Mozilla/5.0 (Windows NT 10.0; Win64; x64) AppleWebKit/537.36 (KHTML, like Gecko) Chrome/90.0.4430.85 Safari/537.36"
216.244.66.202 - - [30/Mar/2025:04:19:56 -0400] "GET /finden-sie-einen-dachdecker-in-hamburg/feed/ HTTP/1.1" 200 97663 "-" "Mozilla/5.0 (compatible; DotBot/1.2; +https://opensiteexplorer.org/dotbot; help@moz.com)"
216.244.66.202 - - [30/Mar/2025:04:22:10 -0400] "GET /category/activity/page/115/ HTTP/1.1" 200 97612 "-" "Mozilla/5.0 (compatible; DotBot/1.2; +https://opensiteexplorer.org/dotbot; help@moz.com)"
164.92.95.50 - - [30/Mar/2025:04:25:51 -0400] "GET /geju.php HTTP/1.1" 200 97634 "-" "Mozilla/5.0 (iPhone; CPU iPhone OS 14_0 like Mac OS X) AppleWebKit/537.36 (KHTML, like Gecko) CriOS/87.0.4280.163 Mobile/15E148 Safari/537.36"
164.92.95.50 - - [30/Mar/2025:04:25:52 -0400] "GET /wp-content/plugins/about.php HTTP/1.1" 200 97634 "-" "Mozilla/5.0 (iPhone; CPU iPhone OS 14_0 like Mac OS X) AppleWebKit/537.36 (KHTML, like Gecko) CriOS/87.0.4280.163 Mobile/15E148 Safari/537.36"
164.92.95.50 - - [30/Mar/2025:04:25:53 -0400] "GET /wp.php HTTP/1.1" 200 97634 "-" "Mozilla/5.0 (iPhone; CPU iPhone OS 14_0 like Mac OS X) AppleWebKit/537.36 (KHTML, like Gecko) CriOS/87.0.4280.163 Mobile/15E148 Safari/537.36"
164.92.95.50 - - [30/Mar/2025:04:25:54 -0400] "GET /hoot.php HTTP/1.1" 200 97612 "-" "Mozilla/5.0 (iPhone; CPU iPhone OS 14_0 like Mac OS X) AppleWebKit/537.36 (KHTML, like Gecko) CriOS/87.0.4280.163 Mobile/15E148 Safari/537.36"
164.92.95.50 - - [30/Mar/2025:04:25:55 -0400] "GET /about.php HTTP/1.1" 200 97489 "-" "Mozilla/5.0 (iPhone; CPU iPhone OS 14_0 like Mac OS X) AppleWebKit/537.36 (KHTML, like Gecko) CriOS/87.0.4280.163 Mobile/15E148 Safari/537.36"
164.92.95.50 - - [30/Mar/2025:04:25:56 -0400] "GET /admin.php HTTP/1.1" 200 97612 "-" "Mozilla/5.0 (iPhone; CPU iPhone OS 14_0 like Mac OS X) AppleWebKit/537.36 (KHTML, like Gecko) CriOS/87.0.4280.163 Mobile/15E148 Safari/537.36"
164.92.95.50 - - [30/Mar/2025:04:25:58 -0400] "GET /login.php HTTP/1.1" 200 97634 "-" "Mozilla/5.0 (iPhone; CPU iPhone OS 14_0 like Mac OS X) AppleWebKit/537.36 (KHTML, like Gecko) CriOS/87.0.4280.163 Mobile/15E148 Safari/537.36"
164.92.95.50 - - [30/Mar/2025:04:26:00 -0400] "GET /config.php HTTP/1.1" 200 97634 "-" "Mozilla/5.0 (iPhone; CPU iPhone OS 14_0 like Mac OS X) AppleWebKit/537.36 (KHTML, like Gecko) CriOS/87.0.4280.163 Mobile/15E148 Safari/537.36"
164.92.95.50 - - [30/Mar/2025:04:26:02 -0400] "GET /includes/admin.php HTTP/1.1" 200 97663 "-" "Mozilla/5.0 (iPhone; CPU iPhone OS 14_0 like Mac OS X) AppleWebKit/537.36 (KHTML, like Gecko) CriOS/87.0.4280.163 Mobile/15E148 Safari/537.36"
216.244.66.202 - - [30/Mar/2025:04:29:03 -0400] "GET /robots.txt HTTP/1.1" 200 97612 "-" "Mozilla/5.0 (compatible; DotBot/1.2; +https://opensiteexplorer.org/dotbot; help@moz.com)"
196.251.88.242 - - [30/Mar/2025:04:30:49 -0400] "GET /geju.php HTTP/1.1" 200 97669 "-" "Mozlila/5.0 (Linux; Android 7.0; SM-G892A Bulid/NRD90M; wv) AppleWebKit/537.36 (KHTML, like Gecko) Version/4.0 Chrome/60.0.3112.107 Moblie Safari/537.36"
196.251.88.242 - - [30/Mar/2025:04:31:01 -0400] "GET /wp-content/plugins/wp-catcher/index.php HTTP/1.1" 200 97651 "www.google.com" "Mozlila/5.0 (Linux; Android 7.0; SM-G892A Bulid/NRD90M; wv) AppleWebKit/537.36 (KHTML, like Gecko) Version/4.0 Chrome/60.0.3112.107 Moblie Safari/537.36"
196.251.88.242 - - [30/Mar/2025:04:31:02 -0400] "GET /wp-content/plugins/about.php HTTP/1.1" 200 97612 "-" "Mozlila/5.0 (Linux; Android 7.0; SM-G892A Bulid/NRD90M; wv) AppleWebKit/537.36 (KHTML, like Gecko) Version/4.0 Chrome/60.0.3112.107 Moblie Safari/537.36"
196.251.88.242 - - [30/Mar/2025:04:31:23 -0400] "GET /wp.php HTTP/1.1" 200 97618 "-" "Mozlila/5.0 (Linux; Android 7.0; SM-G892A Bulid/NRD90M; wv) AppleWebKit/537.36 (KHTML, like Gecko) Version/4.0 Chrome/60.0.3112.107 Moblie Safari/537.36"
139.99.68.31 - - [30/Mar/2025:04:50:06 -0400] "GET /wp-content/uploads/2017-------/09/wp-console.php HTTP/1.1" 200 97612 "-" "Mozilla/5.0 (Linux; Android 11; M2010J19SI) AppleWebKit/537.36 (KHTML, like Gecko) Chrome/109.0.0.0 Mobile Safari/537.36"
139.99.68.31 - - [30/Mar/2025:04:50:07 -0400] "GET /wp-includes/js/crop/uword.php HTTP/1.1" 200 97634 "-" "Mozilla/5.0 (Linux; Android 11; M2010J19SI) AppleWebKit/537.36 (KHTML, like Gecko) Chrome/109.0.0.0 Mobile Safari/537.36"
139.99.68.31 - - [30/Mar/2025:04:50:08 -0400] "GET /wp-content/themes/bltm/wp-login.php HTTP/1.1" 200 97634 "-" "Mozilla/5.0 (Linux; Android 11; M2010J19SI) AppleWebKit/537.36 (KHTML, like Gecko) Chrome/109.0.0.0 Mobile Safari/537.36"
139.99.68.31 - - [30/Mar/2025:04:50:09 -0400] "GET /autoload_classmap.php HTTP/1.1" 200 97612 "-" "Mozilla/5.0 (Linux; Android 11; M2010J19SI) AppleWebKit/537.36 (KHTML, like Gecko) Chrome/109.0.0.0 Mobile Safari/537.36"
139.99.68.31 - - [30/Mar/2025:04:50:10 -0400] "GET /wp-content/uploads/2014/07/olx.php HTTP/1.1" 200 97612 "-" "Mozilla/5.0 (Linux; Android 11; M2010J19SI) AppleWebKit/537.36 (KHTML, like Gecko) Chrome/109.0.0.0 Mobile Safari/537.36"
139.99.68.31 - - [30/Mar/2025:04:50:11 -0400] "GET /wp-admin/css/colors/midnight/index.php HTTP/1.1" 200 97524 "-" "Mozilla/5.0 (Linux; Android 11; M2010J19SI) AppleWebKit/537.36 (KHTML, like Gecko) Chrome/109.0.0.0 Mobile Safari/537.36"
139.99.68.31 - - [30/Mar/2025:04:50:12 -0400] "GET /wp-content/uploads/2020/wp-couldent.php.suspected HTTP/1.1" 200 97529 "-" "Mozilla/5.0 (Linux; Android 11; M2010J19SI) AppleWebKit/537.36 (KHTML, like Gecko) Chrome/109.0.0.0 Mobile Safari/537.36"
139.99.68.31 - - [30/Mar/2025:04:50:13 -0400] "GET /wp-content/plugins/523453244/ninja.php HTTP/1.1" 200 97542 "-" "Mozilla/5.0 (Linux; Android 11; M2010J19SI) AppleWebKit/537.36 (KHTML, like Gecko) Chrome/109.0.0.0 Mobile Safari/537.36"
139.99.68.31 - - [30/Mar/2025:04:50:14 -0400] "GET /wp-includes/js/imgareaselect/index.php HTTP/1.1" 200 97663 "-" "Mozilla/5.0 (Linux; Android 11; M2010J19SI) AppleWebKit/537.36 (KHTML, like Gecko) Chrome/109.0.0.0 Mobile Safari/537.36"
139.99.68.31 - - [30/Mar/2025:04:50:15 -0400] "GET /wp-includes/PHPMailer/load.php HTTP/1.1" 200 97489 "-" "Mozilla/5.0 (Linux; Android 11; M2010J19SI) AppleWebKit/537.36 (KHTML, like Gecko) Chrome/109.0.0.0 Mobile Safari/537.36"
139.99.68.31 - - [30/Mar/2025:04:50:17 -0400] "GET /wp-links.php HTTP/1.1" 200 97612 "-" "Mozilla/5.0 (Linux; Android 11; M2010J19SI) AppleWebKit/537.36 (KHTML, like Gecko) Chrome/109.0.0.0 Mobile Safari/537.36"
139.99.68.31 - - [30/Mar/2025:04:50:18 -0400] "GET /wp-aa.php HTTP/1.1" 200 97645 "-" "Mozilla/5.0 (Linux; Android 11; M2010J19SI) AppleWebKit/537.36 (KHTML, like Gecko) Chrome/109.0.0.0 Mobile Safari/537.36"
139.99.68.31 - - [30/Mar/2025:04:50:19 -0400] "GET /wp-content/themes/travelscape/json.php HTTP/1.1" 200 97634 "-" "Mozilla/5.0 (Linux; Android 11; M2010J19SI) AppleWebKit/537.36 (KHTML, like Gecko) Chrome/109.0.0.0 Mobile Safari/537.36"
139.99.68.31 - - [30/Mar/2025:04:50:20 -0400] "GET /wp-content/themes/travel/issue.php HTTP/1.1" 200 97504 "-" "Mozilla/5.0 (Linux; Android 11; M2010J19SI) AppleWebKit/537.36 (KHTML, like Gecko) Chrome/109.0.0.0 Mobile Safari/537.36"
139.99.68.31 - - [30/Mar/2025:04:50:21 -0400] "GET /about.php HTTP/1.1" 200 97524 "-" "Mozilla/5.0 (Linux; Android 11; M2010J19SI) AppleWebKit/537.36 (KHTML, like Gecko) Chrome/109.0.0.0 Mobile Safari/537.36"
139.99.68.31 - - [30/Mar/2025:04:50:22 -0400] "GET /xx.php HTTP/1.1" 200 97542 "-" "Mozilla/5.0 (Linux; Android 11; M2010J19SI) AppleWebKit/537.36 (KHTML, like Gecko) Chrome/109.0.0.0 Mobile Safari/537.36"
139.99.68.31 - - [30/Mar/2025:04:50:22 -0400] "GET /wp-content/themes/digital-download/new.php HTTP/1.1" 200 97634 "-" "Mozilla/5.0 (Linux; Android 11; M2010J19SI) AppleWebKit/537.36 (KHTML, like Gecko) Chrome/109.0.0.0 Mobile Safari/537.36"
139.99.68.31 - - [30/Mar/2025:04:50:23 -0400] "GET /epinyins.php HTTP/1.1" 200 97529 "-" "Mozilla/5.0 (Linux; Android 11; M2010J19SI) AppleWebKit/537.36 (KHTML, like Gecko) Chrome/109.0.0.0 Mobile Safari/537.36"
139.99.68.31 - - [30/Mar/2025:04:50:31 -0400] "GET /wp-admin/dropdown.php HTTP/1.1" 200 97634 "-" "Mozilla/5.0 (Linux; Android 11; M2010J19SI) AppleWebKit/537.36 (KHTML, like Gecko) Chrome/109.0.0.0 Mobile Safari/537.36"
139.99.68.31 - - [30/Mar/2025:04:50:32 -0400] "GET /dropdown.php HTTP/1.1" 200 97645 "-" "Mozilla/5.0 (Linux; Android 11; M2010J19SI) AppleWebKit/537.36 (KHTML, like Gecko) Chrome/109.0.0.0 Mobile Safari/537.36"
139.99.68.31 - - [30/Mar/2025:04:50:33 -0400] "GET /wp-admin/css/index.php HTTP/1.1" 200 97612 "-" "Mozilla/5.0 (Linux; Android 11; M2010J19SI) AppleWebKit/537.36 (KHTML, like Gecko) Chrome/109.0.0.0 Mobile Safari/537.36"
139.99.68.31 - - [30/Mar/2025:04:50:34 -0400] "GET /wp-content/mah.php HTTP/1.1" 200 97645 "-" "Mozilla/5.0 (Linux; Android 11; M2010J19SI) AppleWebKit/537.36 (KHTML, like Gecko) Chrome/109.0.0.0 Mobile Safari/537.36"
139.99.68.31 - - [30/Mar/2025:04:50:35 -0400] "GET /wp-content/item.php HTTP/1.1" 200 97634 "-" "Mozilla/5.0 (Linux; Android 11; M2010J19SI) AppleWebKit/537.36 (KHTML, like Gecko) Chrome/109.0.0.0 Mobile Safari/537.36"
139.99.68.31 - - [30/Mar/2025:04:50:36 -0400] "GET /wp-content/plugins/shell/about.php HTTP/1.1" 200 97634 "-" "Mozilla/5.0 (Linux; Android 11; M2010J19SI) AppleWebKit/537.36 (KHTML, like Gecko) Chrome/109.0.0.0 Mobile Safari/537.36"
139.99.68.31 - - [30/Mar/2025:04:50:37 -0400] "GET /wp-content/plugins/pwnd/pwnd.php HTTP/1.1" 200 97663 "-" "Mozilla/5.0 (Linux; Android 11; M2010J19SI) AppleWebKit/537.36 (KHTML, like Gecko) Chrome/109.0.0.0 Mobile Safari/537.36"
139.99.68.31 - - [30/Mar/2025:04:50:38 -0400] "GET /wp-content/plugins/fix/up.php HTTP/1.1" 200 97634 "-" "Mozilla/5.0 (Linux; Android 11; M2010J19SI) AppleWebKit/537.36 (KHTML, like Gecko) Chrome/109.0.0.0 Mobile Safari/537.36"
139.99.68.31 - - [30/Mar/2025:04:50:39 -0400] "GET /wp-content/plugins/ph-file-manager/wp-file.php HTTP/1.1" 200 97612 "-" "Mozilla/5.0 (Linux; Android 11; M2010J19SI) AppleWebKit/537.36 (KHTML, like Gecko) Chrome/109.0.0.0 Mobile Safari/537.36"
139.99.68.31 - - [30/Mar/2025:04:50:40 -0400] "GET /wp-content/plugins/root-file-manager/wp-file.php HTTP/1.1" 200 97524 "-" "Mozilla/5.0 (Linux; Android 11; M2010J19SI) AppleWebKit/537.36 (KHTML, like Gecko) Chrome/109.0.0.0 Mobile Safari/537.36"
139.99.68.31 - - [30/Mar/2025:04:50:41 -0400] "GET /wp-content/plugins/wp-help/mini.php HTTP/1.1" 200 97663 "-" "Mozilla/5.0 (Linux; Android 11; M2010J19SI) AppleWebKit/537.36 (KHTML, like Gecko) Chrome/109.0.0.0 Mobile Safari/537.36"
139.99.68.31 - - [30/Mar/2025:04:50:42 -0400] "GET /wp-content/themes/travel/issue.php HTTP/1.1" 200 97529 "-" "Mozilla/5.0 (Linux; Android 11; M2010J19SI) AppleWebKit/537.36 (KHTML, like Gecko) Chrome/109.0.0.0 Mobile Safari/537.36"
139.99.68.31 - - [30/Mar/2025:04:50:43 -0400] "GET /wp-content/themes/jaida/lang.php HTTP/1.1" 200 97612 "-" "Mozilla/5.0 (Linux; Android 11; M2010J19SI) AppleWebKit/537.36 (KHTML, like Gecko) Chrome/109.0.0.0 Mobile Safari/537.36"
139.99.68.31 - - [30/Mar/2025:04:50:44 -0400] "GET /wp-l0gin.php HTTP/1.1" 200 97489 "-" "Mozilla/5.0 (Linux; Android 11; M2010J19SI) AppleWebKit/537.36 (KHTML, like Gecko) Chrome/109.0.0.0 Mobile Safari/537.36"
139.99.68.31 - - [30/Mar/2025:04:50:44 -0400] "GET /ext.php HTTP/1.1" 200 97489 "-" "Mozilla/5.0 (Linux; Android 11; M2010J19SI) AppleWebKit/537.36 (KHTML, like Gecko) Chrome/109.0.0.0 Mobile Safari/537.36"
