198.54.114.83 - - [01/Apr/2025:22:40:49 -0400] "POST /wp-cron.php?doing_wp_cron=1743561649.2293519973754882812500 HTTP/1.1" 200 0 "-" "WordPress/6.7.2; https://saamigraphics.com"
38.57.3.35 - - [01/Apr/2025:22:40:48 -0400] "POST /xmlrpc.php HTTP/1.1" 200 212 "http://saamigraphics.com" "Mozilla/5.0 (Windows NT 10.0; Win64; x64; rv:128.0) Gecko/20100101 Firefox/128.0"
54.87.255.211 - - [01/Apr/2025:22:50:32 -0400] "GET /robots.txt HTTP/1.1" 200 97634 "-" "Mozilla/5.0 (Macintosh; Intel Mac OS X 10_15_7) AppleWebKit/537.36 (KHTML, like Gecko) Chrome/108.0.0.0 Safari/537.36"
216.244.66.202 - - [01/Apr/2025:22:54:16 -0400] "GET /robots.txt HTTP/1.1" 200 97634 "-" "Mozilla/5.0 (compatible; DotBot/1.2; +https://opensiteexplorer.org/dotbot; help@moz.com)"
216.244.66.202 - - [01/Apr/2025:22:57:47 -0400] "GET /the-unveiling-of-elle-brooke-a-talented-journey/ HTTP/1.1" 200 97489 "-" "Mozilla/5.0 (compatible; DotBot/1.2; +https://opensiteexplorer.org/dotbot; help@moz.com)"
216.244.66.202 - - [01/Apr/2025:23:04:34 -0400] "GET /pauric-sweeney-metallic-python-overnight-handbags/feed/ HTTP/1.1" 200 97612 "-" "Mozilla/5.0 (compatible; DotBot/1.2; +https://opensiteexplorer.org/dotbot; help@moz.com)"
216.244.66.202 - - [01/Apr/2025:23:05:26 -0400] "GET /a-quick-guide-to-the-different-styles-of-bathroom-vanity-cabinets-available/feed/ HTTP/1.1" 200 97634 "-" "Mozilla/5.0 (compatible; DotBot/1.2; +https://opensiteexplorer.org/dotbot; help@moz.com)"
216.244.66.202 - - [01/Apr/2025:23:05:30 -0400] "GET /navigating-the-legal-landscape-finding-the-right-divorce-lawyer-in-nahariya/feed/ HTTP/1.1" 200 97612 "-" "Mozilla/5.0 (compatible; DotBot/1.2; +https://opensiteexplorer.org/dotbot; help@moz.com)"
192.99.19.65 - - [01/Apr/2025:23:06:48 -0400] "POST /xmlrpc.php HTTP/1.1" 200 0 "http://saamigraphics.com" "Mozilla/5.0 (Macintosh; Intel Mac OS X 10_15_7) AppleWebKit/537.36 (KHTML, like Gecko) Chrome/113.0.5672.93 Safari/537.36"
198.54.114.83 - - [01/Apr/2025:23:07:03 -0400] "POST /wp-cron.php?doing_wp_cron=1743563222.5072739124298095703125 HTTP/1.1" 200 0 "-" "WordPress/6.7.2; https://saamigraphics.com"
198.54.114.83 - - [01/Apr/2025:23:33:12 -0400] "POST /wp-cron.php?doing_wp_cron=1743564790.9858810901641845703125 HTTP/1.1" 200 0 "-" "WordPress/6.7.2; https://saamigraphics.com"
173.212.223.204 - - [01/Apr/2025:23:33:04 -0400] "POST /xmlrpc.php HTTP/1.1" 200 212 "http://saamigraphics.com" "Mozilla/5.0 (Windows NT 10.0; Win64; x64; rv:125.0.1) Gecko/20100101 Firefox/125.0.1"
45.55.37.107 - - [01/Apr/2025:23:33:51 -0400] "GET / HTTP/1.1" 200 97612 "-" "Mozilla/5.0 (Windows NT 10.0; Win64; x64) AppleWebKit/537.36 (KHTML, like Gecko) Chrome/80.0.3987.149 Safari/537.36"
45.55.37.107 - - [01/Apr/2025:23:33:54 -0400] "GET / HTTP/1.1" 200 97634 "-" "Mozilla/5.0 (Windows NT 10.0; Win64; x64) AppleWebKit/537.36 (KHTML, like Gecko) Chrome/80.0.3987.149 Safari/537.36"
45.55.37.107 - - [01/Apr/2025:23:33:55 -0400] "GET /wp-includes/wlwmanifest.xml HTTP/1.1" 200 97634 "-" "Mozilla/5.0 (Windows NT 10.0; Win64; x64) AppleWebKit/537.36 (KHTML, like Gecko) Chrome/80.0.3987.149 Safari/537.36"
45.55.37.107 - - [01/Apr/2025:23:33:55 -0400] "GET /xmlrpc.php?rsd HTTP/1.1" 200 308 "-" "Mozilla/5.0 (Windows NT 10.0; Win64; x64) AppleWebKit/537.36 (KHTML, like Gecko) Chrome/80.0.3987.149 Safari/537.36"
198.54.114.83 - - [01/Apr/2025:23:33:59 -0400] "POST /wp-cron.php?doing_wp_cron=1743564837.3419299125671386718750 HTTP/1.1" 200 0 "-" "WordPress/6.7.2; https://saamigraphics.com"
45.55.37.107 - - [01/Apr/2025:23:33:59 -0400] "GET /?author=1 HTTP/1.1" 200 97634 "-" "Mozilla/5.0 (Windows NT 10.0; Win64; x64) AppleWebKit/537.36 (KHTML, like Gecko) Chrome/80.0.3987.149 Safari/537.36"
45.55.37.107 - - [01/Apr/2025:23:34:00 -0400] "GET /?author=2 HTTP/1.1" 200 97634 "-" "Mozilla/5.0 (Windows NT 10.0; Win64; x64) AppleWebKit/537.36 (KHTML, like Gecko) Chrome/80.0.3987.149 Safari/537.36"
45.55.37.107 - - [01/Apr/2025:23:34:00 -0400] "GET /wp-json/wp/v2/users/ HTTP/1.1" 200 97634 "-" "Mozilla/5.0 (Windows NT 10.0; Win64; x64) AppleWebKit/537.36 (KHTML, like Gecko) Chrome/80.0.3987.149 Safari/537.36"
45.55.37.107 - - [01/Apr/2025:23:34:00 -0400] "GET /wp-json/oembed/1.0/embed?url=http://saamigraphics.com HTTP/1.1" 200 97645 "-" "Mozilla/5.0 (Windows NT 10.0; Win64; x64) AppleWebKit/537.36 (KHTML, like Gecko) Chrome/80.0.3987.149 Safari/537.36"
45.55.37.107 - - [01/Apr/2025:23:34:02 -0400] "POST /xmlrpc.php HTTP/1.1" 200 212 "-" "Mozilla/5.0 (Windows NT 10.0; Win64; x64) AppleWebKit/537.36 (KHTML, like Gecko) Chrome/80.0.3987.149 Safari/537.36"
45.55.37.107 - - [01/Apr/2025:23:34:03 -0400] "POST /xmlrpc.php HTTP/1.1" 200 236 "-" "Mozilla/5.0 (Windows NT 10.0; Win64; x64) AppleWebKit/537.36 (KHTML, like Gecko) Chrome/80.0.3987.149 Safari/537.36"
45.55.37.107 - - [01/Apr/2025:23:34:07 -0400] "POST /xmlrpc.php HTTP/1.1" 200 212 "-" "Mozilla/5.0 (Windows NT 10.0; Win64; x64) AppleWebKit/537.36 (KHTML, like Gecko) Chrome/80.0.3987.149 Safari/537.36"
45.55.37.107 - - [01/Apr/2025:23:34:12 -0400] "POST /xmlrpc.php HTTP/1.1" 200 236 "-" "Mozilla/5.0 (Windows NT 10.0; Win64; x64) AppleWebKit/537.36 (KHTML, like Gecko) Chrome/80.0.3987.149 Safari/537.36"
45.55.37.107 - - [01/Apr/2025:23:34:19 -0400] "POST /xmlrpc.php HTTP/1.1" 200 236 "-" "Mozilla/5.0 (Windows NT 10.0; Win64; x64) AppleWebKit/537.36 (KHTML, like Gecko) Chrome/80.0.3987.149 Safari/537.36"
45.55.37.107 - - [01/Apr/2025:23:34:26 -0400] "POST /xmlrpc.php HTTP/1.1" 200 236 "-" "Mozilla/5.0 (Windows NT 10.0; Win64; x64) AppleWebKit/537.36 (KHTML, like Gecko) Chrome/80.0.3987.149 Safari/537.36"
216.244.66.202 - - [01/Apr/2025:23:38:01 -0400] "GET /robots.txt HTTP/1.1" 200 97618 "-" "Mozilla/5.0 (compatible; DotBot/1.2; +https://opensiteexplorer.org/dotbot; help@moz.com)"
216.244.66.202 - - [01/Apr/2025:23:50:16 -0400] "GET /le-magicien-enigmatique-maitrise-de-lart-de-lillusion/feed/ HTTP/1.1" 200 97634 "-" "Mozilla/5.0 (compatible; DotBot/1.2; +https://opensiteexplorer.org/dotbot; help@moz.com)"
216.244.66.202 - - [01/Apr/2025:23:50:21 -0400] "GET /limpact-des-drapeaux-publicitaires-exterieurs/feed/ HTTP/1.1" 200 97634 "-" "Mozilla/5.0 (compatible; DotBot/1.2; +https://opensiteexplorer.org/dotbot; help@moz.com)"
198.54.114.83 - - [01/Apr/2025:23:58:53 -0400] "POST /wp-cron.php?doing_wp_cron=1743566333.0710179805755615234375 HTTP/1.1" 200 0 "-" "WordPress/6.7.2; https://saamigraphics.com"
185.36.145.205 - - [01/Apr/2025:23:58:52 -0400] "POST /xmlrpc.php HTTP/1.1" 200 212 "http://saamigraphics.com" "Mozilla/5.0 (Macintosh; Intel Mac OS X 10_15_7; rv:129.0) Gecko/20100101 Firefox/129.0"
77.238.237.38 - - [02/Apr/2025:00:08:48 -0400] "GET /embroidered-socks/ HTTP/1.1" 200 97612 "http://saamigraphics.com/embroidered-socks/" "Mozilla/5.0 (Windows NT 10.0; Win64; x64) AppleWebKit/537.36 (KHTML, like Gecko) Chrome/130.0.0.0 Safari/537.36"
43.131.39.179 - - [02/Apr/2025:00:09:03 -0400] "GET / HTTP/1.1" 200 97634 "-" "Mozilla/5.0 (iPhone; CPU iPhone OS 13_2_3 like Mac OS X) AppleWebKit/605.1.15 (KHTML, like Gecko) Version/13.0.3 Mobile/15E148 Safari/604.1"
198.54.114.83 - - [02/Apr/2025:00:09:42 -0400] "POST /wp-cron.php?doing_wp_cron=1743566981.9555180072784423828125 HTTP/1.1" 200 0 "-" "WordPress/6.7.2; https://saamigraphics.com"
146.70.14.24 - - [02/Apr/2025:00:09:40 -0400] "POST /wp-login.php HTTP/1.1" 302 0 "http://saamigraphics.com/wp-admin/" "Mozilla/5.0 (Windows NT 10.0; Win64; x64) AppleWebKit/537.36 (KHTML, like Gecko) Chrome/90.0.4430.85 Safari/537.36"
91.202.4.43 - - [02/Apr/2025:00:33:35 -0400] "GET / HTTP/1.1" 200 97634 "-" "Mozilla/5.0 (Windows NT 10.0; Win64; x64) AppleWebKit/537.36 (KHTML, like Gecko) Chrome/58.0.3029.110 Safari/537.3"
216.244.66.202 - - [02/Apr/2025:00:48:53 -0400] "GET /unlocking-the-world-of-online-betting-money-sites/feed/ HTTP/1.1" 200 97612 "-" "Mozilla/5.0 (compatible; DotBot/1.2; +https://opensiteexplorer.org/dotbot; help@moz.com)"
221.229.106.25 - - [02/Apr/2025:00:58:44 -0400] "GET / HTTP/1.1" 200 97612 "-" "Mozilla/5.0 (iPhone; CPU iPhone OS 13_2_3 like Mac OS X) AppleWebKit/605.1.15 (KHTML, like Gecko) Version/13.0.3 Mobile/15E148 Safari/604.1"
198.54.114.83 - - [02/Apr/2025:01:10:54 -0400] "POST /wp-cron.php?doing_wp_cron=1743570654.3700840473175048828125 HTTP/1.1" 200 0 "-" "WordPress/6.7.2; https://saamigraphics.com"
35.187.250.253 - - [02/Apr/2025:01:10:50 -0400] "POST /xmlrpc.php HTTP/1.1" 200 212 "http://saamigraphics.com" "Mozilla/5.0 (Macintosh; Intel Mac OS X 14_6) AppleWebKit/605.1.15 (KHTML, like Gecko) Version/17.5 Safari/605.1.15"
216.244.66.202 - - [02/Apr/2025:01:22:01 -0400] "GET /fenbendazole-for-pancreatic-cancer/feed/ HTTP/1.1" 200 97529 "-" "Mozilla/5.0 (compatible; DotBot/1.2; +https://opensiteexplorer.org/dotbot; help@moz.com)"
216.244.66.202 - - [02/Apr/2025:01:22:06 -0400] "GET /introduction/feed/ HTTP/1.1" 200 97634 "-" "Mozilla/5.0 (compatible; DotBot/1.2; +https://opensiteexplorer.org/dotbot; help@moz.com)"
216.244.66.202 - - [02/Apr/2025:01:22:28 -0400] "GET /discovering-nusa-penida-a-paradise-beyond-bali/feed/ HTTP/1.1" 200 97489 "-" "Mozilla/5.0 (compatible; DotBot/1.2; +https://opensiteexplorer.org/dotbot; help@moz.com)"
2a01:4f8:c012:c85f::1 - - [02/Apr/2025:01:22:30 -0400] "GET / HTTP/1.1" 200 97524 "https://www.google.com/" "Mozilla/5.0 (Windows NT 10.0; Win64; x64; rv:110.0) Gecko/20100101 Firefox/110.0"
216.244.66.202 - - [02/Apr/2025:01:22:31 -0400] "GET /how-to-buy-vyvanse-30-mg-at-a-lower-cost/feed/ HTTP/1.1" 200 97542 "-" "Mozilla/5.0 (compatible; DotBot/1.2; +https://opensiteexplorer.org/dotbot; help@moz.com)"
216.244.66.202 - - [02/Apr/2025:01:22:34 -0400] "GET /solar-energy-solutions-for-homes-and-businesses/feed/ HTTP/1.1" 200 97663 "-" "Mozilla/5.0 (compatible; DotBot/1.2; +https://opensiteexplorer.org/dotbot; help@moz.com)"
47.238.13.15 - - [02/Apr/2025:01:25:45 -0400] "GET / HTTP/1.1" 200 97634 "-" "Mozilla/5.0 (Macintosh; Intel Mac OS X 10_15_7) AppleWebKit/537.36 (KHTML, like Gecko) Chrome/109.0.0.0 Safari/537.36"
216.244.66.202 - - [02/Apr/2025:01:33:32 -0400] "GET /diamond-jewelry/feed/ HTTP/1.1" 200 97634 "-" "Mozilla/5.0 (compatible; DotBot/1.2; +https://opensiteexplorer.org/dotbot; help@moz.com)"
216.244.66.202 - - [02/Apr/2025:01:34:50 -0400] "GET /electrical-contractor-clearwater/feed/ HTTP/1.1" 200 97612 "-" "Mozilla/5.0 (compatible; DotBot/1.2; +https://opensiteexplorer.org/dotbot; help@moz.com)"
198.54.114.83 - - [02/Apr/2025:01:36:27 -0400] "POST /wp-cron.php?doing_wp_cron=1743572186.0636930465698242187500 HTTP/1.1" 200 0 "-" "WordPress/6.7.2; https://saamigraphics.com"
107.172.243.11 - - [02/Apr/2025:01:36:20 -0400] "POST /xmlrpc.php HTTP/1.1" 200 212 "http://saamigraphics.com" "Mozilla/5.0 (Windows NT 10.0; Win64; x64) AppleWebKit/537.36 (KHTML, like Gecko) Chrome/113.0.5672.126 Safari/537.36 Edg/113.0.1774.50"
103.216.223.206 - - [02/Apr/2025:01:54:58 -0400] "GET /wp-content/uploads/2017-------/09/wp-console.php HTTP/1.1" 200 97663 "-" "Mozilla/5.0 (Linux; Android 11; M2010J19SI) AppleWebKit/537.36 (KHTML, like Gecko) Chrome/109.0.0.0 Mobile Safari/537.36"
103.216.223.206 - - [02/Apr/2025:01:54:59 -0400] "GET /wp-includes/js/crop/uword.php HTTP/1.1" 200 97612 "-" "Mozilla/5.0 (Linux; Android 11; M2010J19SI) AppleWebKit/537.36 (KHTML, like Gecko) Chrome/109.0.0.0 Mobile Safari/537.36"
103.216.223.206 - - [02/Apr/2025:01:55:00 -0400] "GET /wp-content/themes/bltm/wp-login.php HTTP/1.1" 200 97634 "-" "Mozilla/5.0 (Linux; Android 11; M2010J19SI) AppleWebKit/537.36 (KHTML, like Gecko) Chrome/109.0.0.0 Mobile Safari/537.36"
103.216.223.206 - - [02/Apr/2025:01:55:01 -0400] "GET /autoload_classmap.php HTTP/1.1" 200 97634 "-" "Mozilla/5.0 (Linux; Android 11; M2010J19SI) AppleWebKit/537.36 (KHTML, like Gecko) Chrome/109.0.0.0 Mobile Safari/537.36"
103.216.223.206 - - [02/Apr/2025:01:55:04 -0400] "GET /wp-content/uploads/2014/07/olx.php HTTP/1.1" 200 97612 "-" "Mozilla/5.0 (Linux; Android 11; M2010J19SI) AppleWebKit/537.36 (KHTML, like Gecko) Chrome/109.0.0.0 Mobile Safari/537.36"
103.216.223.206 - - [02/Apr/2025:01:55:06 -0400] "GET /wp-admin/css/colors/midnight/index.php HTTP/1.1" 200 97634 "-" "Mozilla/5.0 (Linux; Android 11; M2010J19SI) AppleWebKit/537.36 (KHTML, like Gecko) Chrome/109.0.0.0 Mobile Safari/537.36"
103.216.223.206 - - [02/Apr/2025:01:55:08 -0400] "GET /wp-content/uploads/2020/wp-couldent.php.suspected HTTP/1.1" 200 97612 "-" "Mozilla/5.0 (Linux; Android 11; M2010J19SI) AppleWebKit/537.36 (KHTML, like Gecko) Chrome/109.0.0.0 Mobile Safari/537.36"
103.216.223.206 - - [02/Apr/2025:01:55:10 -0400] "GET /wp-content/plugins/523453244/ninja.php HTTP/1.1" 200 97634 "-" "Mozilla/5.0 (Linux; Android 11; M2010J19SI) AppleWebKit/537.36 (KHTML, like Gecko) Chrome/109.0.0.0 Mobile Safari/537.36"
103.216.223.206 - - [02/Apr/2025:01:55:13 -0400] "GET /wp-includes/js/imgareaselect/index.php HTTP/1.1" 200 97634 "-" "Mozilla/5.0 (Linux; Android 11; M2010J19SI) AppleWebKit/537.36 (KHTML, like Gecko) Chrome/109.0.0.0 Mobile Safari/537.36"
103.216.223.206 - - [02/Apr/2025:01:55:14 -0400] "GET /wp-includes/PHPMailer/load.php HTTP/1.1" 200 97634 "-" "Mozilla/5.0 (Linux; Android 11; M2010J19SI) AppleWebKit/537.36 (KHTML, like Gecko) Chrome/109.0.0.0 Mobile Safari/537.36"
103.216.223.206 - - [02/Apr/2025:01:55:15 -0400] "GET /wp-links.php HTTP/1.1" 200 97612 "-" "Mozilla/5.0 (Linux; Android 11; M2010J19SI) AppleWebKit/537.36 (KHTML, like Gecko) Chrome/109.0.0.0 Mobile Safari/537.36"
103.216.223.206 - - [02/Apr/2025:01:55:17 -0400] "GET /wp-aa.php HTTP/1.1" 200 97634 "-" "Mozilla/5.0 (Linux; Android 11; M2010J19SI) AppleWebKit/537.36 (KHTML, like Gecko) Chrome/109.0.0.0 Mobile Safari/537.36"
103.216.223.206 - - [02/Apr/2025:01:55:18 -0400] "GET /wp-content/themes/travelscape/json.php HTTP/1.1" 200 97542 "-" "Mozilla/5.0 (Linux; Android 11; M2010J19SI) AppleWebKit/537.36 (KHTML, like Gecko) Chrome/109.0.0.0 Mobile Safari/537.36"
103.216.223.206 - - [02/Apr/2025:01:55:19 -0400] "GET /wp-content/themes/travel/issue.php HTTP/1.1" 200 97634 "-" "Mozilla/5.0 (Linux; Android 11; M2010J19SI) AppleWebKit/537.36 (KHTML, like Gecko) Chrome/109.0.0.0 Mobile Safari/537.36"
103.216.223.206 - - [02/Apr/2025:01:55:19 -0400] "GET /about.php HTTP/1.1" 200 97612 "-" "Mozilla/5.0 (Linux; Android 11; M2010J19SI) AppleWebKit/537.36 (KHTML, like Gecko) Chrome/109.0.0.0 Mobile Safari/537.36"
103.216.223.206 - - [02/Apr/2025:01:55:20 -0400] "GET /xx.php HTTP/1.1" 200 97529 "-" "Mozilla/5.0 (Linux; Android 11; M2010J19SI) AppleWebKit/537.36 (KHTML, like Gecko) Chrome/109.0.0.0 Mobile Safari/537.36"
103.216.223.206 - - [02/Apr/2025:01:55:22 -0400] "GET /wp-content/themes/digital-download/new.php HTTP/1.1" 200 97612 "-" "Mozilla/5.0 (Linux; Android 11; M2010J19SI) AppleWebKit/537.36 (KHTML, like Gecko) Chrome/109.0.0.0 Mobile Safari/537.36"
103.216.223.206 - - [02/Apr/2025:01:55:23 -0400] "GET /epinyins.php HTTP/1.1" 200 97634 "-" "Mozilla/5.0 (Linux; Android 11; M2010J19SI) AppleWebKit/537.36 (KHTML, like Gecko) Chrome/109.0.0.0 Mobile Safari/537.36"
103.216.223.206 - - [02/Apr/2025:01:55:24 -0400] "GET /wp-admin/dropdown.php HTTP/1.1" 200 97612 "-" "Mozilla/5.0 (Linux; Android 11; M2010J19SI) AppleWebKit/537.36 (KHTML, like Gecko) Chrome/109.0.0.0 Mobile Safari/537.36"
103.216.223.206 - - [02/Apr/2025:01:55:25 -0400] "GET /dropdown.php HTTP/1.1" 200 97618 "-" "Mozilla/5.0 (Linux; Android 11; M2010J19SI) AppleWebKit/537.36 (KHTML, like Gecko) Chrome/109.0.0.0 Mobile Safari/537.36"
103.216.223.206 - - [02/Apr/2025:01:55:26 -0400] "GET /wp-admin/css/index.php HTTP/1.1" 200 97634 "-" "Mozilla/5.0 (Linux; Android 11; M2010J19SI) AppleWebKit/537.36 (KHTML, like Gecko) Chrome/109.0.0.0 Mobile Safari/537.36"
103.216.223.206 - - [02/Apr/2025:01:55:27 -0400] "GET /wp-content/mah.php HTTP/1.1" 200 97612 "-" "Mozilla/5.0 (Linux; Android 11; M2010J19SI) AppleWebKit/537.36 (KHTML, like Gecko) Chrome/109.0.0.0 Mobile Safari/537.36"
103.216.223.206 - - [02/Apr/2025:01:55:28 -0400] "GET /wp-content/item.php HTTP/1.1" 200 97634 "-" "Mozilla/5.0 (Linux; Android 11; M2010J19SI) AppleWebKit/537.36 (KHTML, like Gecko) Chrome/109.0.0.0 Mobile Safari/537.36"
103.216.223.206 - - [02/Apr/2025:01:55:29 -0400] "GET /wp-content/plugins/shell/about.php HTTP/1.1" 200 97618 "-" "Mozilla/5.0 (Linux; Android 11; M2010J19SI) AppleWebKit/537.36 (KHTML, like Gecko) Chrome/109.0.0.0 Mobile Safari/537.36"
103.216.223.206 - - [02/Apr/2025:01:55:30 -0400] "GET /wp-content/plugins/pwnd/pwnd.php HTTP/1.1" 200 97489 "-" "Mozilla/5.0 (Linux; Android 11; M2010J19SI) AppleWebKit/537.36 (KHTML, like Gecko) Chrome/109.0.0.0 Mobile Safari/537.36"
103.216.223.206 - - [02/Apr/2025:01:55:31 -0400] "GET /wp-content/plugins/fix/up.php HTTP/1.1" 200 97612 "-" "Mozilla/5.0 (Linux; Android 11; M2010J19SI) AppleWebKit/537.36 (KHTML, like Gecko) Chrome/109.0.0.0 Mobile Safari/537.36"
103.216.223.206 - - [02/Apr/2025:01:55:31 -0400] "GET /wp-content/plugins/ph-file-manager/wp-file.php HTTP/1.1" 200 97489 "-" "Mozilla/5.0 (Linux; Android 11; M2010J19SI) AppleWebKit/537.36 (KHTML, like Gecko) Chrome/109.0.0.0 Mobile Safari/537.36"
103.216.223.206 - - [02/Apr/2025:01:55:32 -0400] "GET /wp-content/plugins/root-file-manager/wp-file.php HTTP/1.1" 200 97634 "-" "Mozilla/5.0 (Linux; Android 11; M2010J19SI) AppleWebKit/537.36 (KHTML, like Gecko) Chrome/109.0.0.0 Mobile Safari/537.36"
103.216.223.206 - - [02/Apr/2025:01:55:33 -0400] "GET /wp-content/plugins/wp-help/mini.php HTTP/1.1" 200 97634 "-" "Mozilla/5.0 (Linux; Android 11; M2010J19SI) AppleWebKit/537.36 (KHTML, like Gecko) Chrome/109.0.0.0 Mobile Safari/537.36"
103.216.223.206 - - [02/Apr/2025:01:55:34 -0400] "GET /wp-content/themes/travel/issue.php HTTP/1.1" 200 97612 "-" "Mozilla/5.0 (Linux; Android 11; M2010J19SI) AppleWebKit/537.36 (KHTML, like Gecko) Chrome/109.0.0.0 Mobile Safari/537.36"
103.216.223.206 - - [02/Apr/2025:01:55:35 -0400] "GET /wp-content/themes/jaida/lang.php HTTP/1.1" 200 97612 "-" "Mozilla/5.0 (Linux; Android 11; M2010J19SI) AppleWebKit/537.36 (KHTML, like Gecko) Chrome/109.0.0.0 Mobile Safari/537.36"
103.216.223.206 - - [02/Apr/2025:01:55:36 -0400] "GET /wp-l0gin.php HTTP/1.1" 200 97612 "-" "Mozilla/5.0 (Linux; Android 11; M2010J19SI) AppleWebKit/537.36 (KHTML, like Gecko) Chrome/109.0.0.0 Mobile Safari/537.36"
103.216.223.206 - - [02/Apr/2025:01:55:37 -0400] "GET /ext.php HTTP/1.1" 200 97634 "-" "Mozilla/5.0 (Linux; Android 11; M2010J19SI) AppleWebKit/537.36 (KHTML, like Gecko) Chrome/109.0.0.0 Mobile Safari/537.36"
103.216.223.206 - - [02/Apr/2025:01:55:38 -0400] "GET /wp-l0gin.php HTTP/1.1" 200 97634 "-" "Mozilla/5.0 (Linux; Android 11; M2010J19SI) AppleWebKit/537.36 (KHTML, like Gecko) Chrome/109.0.0.0 Mobile Safari/537.36"
216.244.66.202 - - [02/Apr/2025:01:56:46 -0400] "GET /robots.txt HTTP/1.1" 200 97634 "-" "Mozilla/5.0 (compatible; DotBot/1.2; +https://opensiteexplorer.org/dotbot; help@moz.com)"
198.54.114.83 - - [02/Apr/2025:02:01:54 -0400] "POST /wp-cron.php?doing_wp_cron=1743573714.1753630638122558593750 HTTP/1.1" 200 0 "-" "WordPress/6.7.2; https://saamigraphics.com"
123.1.133.4 - - [02/Apr/2025:02:01:51 -0400] "POST /xmlrpc.php HTTP/1.1" 200 212 "http://saamigraphics.com" "Mozilla/5.0 (Macintosh; Intel Mac OS X 10_15_7; rv:128.0) Gecko/20100101 Firefox/128.0"
216.244.66.202 - - [02/Apr/2025:02:08:31 -0400] "GET /reviving-efficiency-ottawa-dryer-repair-services/feed/ HTTP/1.1" 200 97634 "-" "Mozilla/5.0 (compatible; DotBot/1.2; +https://opensiteexplorer.org/dotbot; help@moz.com)"
216.244.66.202 - - [02/Apr/2025:02:10:33 -0400] "GET /category/activity/page/25/ HTTP/1.1" 200 97524 "-" "Mozilla/5.0 (compatible; DotBot/1.2; +https://opensiteexplorer.org/dotbot; help@moz.com)"
216.244.66.202 - - [02/Apr/2025:02:19:05 -0400] "GET /energy-efficient-spiral-freezers/feed/ HTTP/1.1" 200 97645 "-" "Mozilla/5.0 (compatible; DotBot/1.2; +https://opensiteexplorer.org/dotbot; help@moz.com)"
216.244.66.202 - - [02/Apr/2025:02:22:35 -0400] "GET /real-time-utility-monitoring-is-a-game-changer-in-smart-energy-management/feed/ HTTP/1.1" 200 97612 "-" "Mozilla/5.0 (compatible; DotBot/1.2; +https://opensiteexplorer.org/dotbot; help@moz.com)"
198.54.114.83 - - [02/Apr/2025:02:27:18 -0400] "POST /wp-cron.php?doing_wp_cron=1743575237.2354989051818847656250 HTTP/1.1" 200 0 "-" "WordPress/6.7.2; https://saamigraphics.com"
162.0.209.35 - - [02/Apr/2025:02:27:12 -0400] "POST /xmlrpc.php HTTP/1.1" 200 212 "http://saamigraphics.com" "Mozilla/5.0 (Macintosh; Intel Mac OS X 10_15_7) AppleWebKit/537.36 (KHTML, like Gecko) Chrome/114.0.5735.134 Safari/537.36"
216.244.66.202 - - [02/Apr/2025:02:42:41 -0400] "GET /robots.txt HTTP/1.1" 200 97612 "-" "Mozilla/5.0 (compatible; DotBot/1.2; +https://opensiteexplorer.org/dotbot; help@moz.com)"
216.244.66.202 - - [02/Apr/2025:02:51:25 -0400] "GET /the-evolution-and-impact-of-online-gambling-a-comprehensive-overview/feed/ HTTP/1.1" 200 97634 "-" "Mozilla/5.0 (compatible; DotBot/1.2; +https://opensiteexplorer.org/dotbot; help@moz.com)"
198.54.114.83 - - [02/Apr/2025:02:51:32 -0400] "POST /wp-cron.php?doing_wp_cron=1743576692.7473020553588867187500 HTTP/1.1" 200 0 "-" "WordPress/6.7.2; https://saamigraphics.com"
68.178.168.103 - - [02/Apr/2025:02:51:28 -0400] "POST /xmlrpc.php HTTP/1.1" 200 212 "http://saamigraphics.com" "Mozilla/5.0 (Windows NT 11.0; Win64; x64) AppleWebKit/537.36 (KHTML, like Gecko) Chrome/126.0.0.0 Safari/537.36"
212.34.141.234 - - [02/Apr/2025:02:59:45 -0400] "GET /embroidered-socks/ HTTP/1.1" 200 97612 "http://saamigraphics.com/embroidered-socks/" "Mozilla/5.0 (Windows NT 10.0; Win64; x64) AppleWebKit/537.36 (KHTML, like Gecko) Chrome/129.0.0.0 Safari/537.36"
216.244.66.202 - - [02/Apr/2025:03:05:16 -0400] "GET /the-benefits-of-disaster-recovery-cloud-services/feed/ HTTP/1.1" 200 97612 "-" "Mozilla/5.0 (compatible; DotBot/1.2; +https://opensiteexplorer.org/dotbot; help@moz.com)"
216.244.66.202 - - [02/Apr/2025:03:05:31 -0400] "GET /things-to-do-on-a-stag-party-in-budapest/feed/ HTTP/1.1" 200 97634 "-" "Mozilla/5.0 (compatible; DotBot/1.2; +https://opensiteexplorer.org/dotbot; help@moz.com)"
216.244.66.202 - - [02/Apr/2025:03:05:43 -0400] "GET /trillion-credit-loan-for-foreigners-singapore/feed/ HTTP/1.1" 200 97634 "-" "Mozilla/5.0 (compatible; DotBot/1.2; +https://opensiteexplorer.org/dotbot; help@moz.com)"
198.54.114.83 - - [02/Apr/2025:03:15:40 -0400] "POST /wp-cron.php?doing_wp_cron=1743578139.6984460353851318359375 HTTP/1.1" 200 0 "-" "WordPress/6.7.2; https://saamigraphics.com"
198.187.29.183 - - [02/Apr/2025:03:15:33 -0400] "POST /xmlrpc.php HTTP/1.1" 200 212 "http://saamigraphics.com" "Mozilla/5.0 (Windows NT 10.0; Win64; x64) AppleWebKit/537.36 (KHTML, like Gecko) Chrome/115.0.5790.171 Safari/537.36 Edg/115.0.1901.203"
173.249.144.88 - - [02/Apr/2025:03:40:04 -0400] "POST /xmlrpc.php HTTP/1.1" 200 212 "http://saamigraphics.com" "Mozilla/5.0 (Macintosh; Intel Mac OS X 10_15_7; rv:128.0) Gecko/20100101 Firefox/128.0"
198.54.114.83 - - [02/Apr/2025:03:40:12 -0400] "POST /wp-cron.php?doing_wp_cron=1743579610.9815239906311035156250 HTTP/1.1" 200 0 "-" "WordPress/6.7.2; https://saamigraphics.com"
194.127.173.102 - - [02/Apr/2025:03:46:51 -0400] "GET /cbd-for-anxiety-uk-a-natural-remedy-for-anxiety/ HTTP/1.1" 200 97634 "http://saamigraphics.com/cbd-for-anxiety-uk-a-natural-remedy-for-anxiety/" "Mozilla/5.0 (Windows NT 10.0; Win64; x64) AppleWebKit/537.36 (KHTML, like Gecko) Chrome/131.0.0.0 Safari/537.36 Avast/131.0.0.0"
84.246.210.111 - - [02/Apr/2025:03:47:04 -0400] "GET /wp-login.php HTTP/1.1" 302 0 "-" "Mozilla/5.0 (Windows NT 10.0; Win64; x64; rv:82.0) Gecko/20100101 Firefox/82.0"
216.244.66.202 - - [02/Apr/2025:03:50:17 -0400] "GET /author/jorge/page/114/ HTTP/1.1" 200 97634 "-" "Mozilla/5.0 (compatible; DotBot/1.2; +https://opensiteexplorer.org/dotbot; help@moz.com)"
216.244.66.202 - - [02/Apr/2025:03:51:11 -0400] "GET /the-led-cylinder-light-fixture/feed/ HTTP/1.1" 200 97612 "-" "Mozilla/5.0 (compatible; DotBot/1.2; +https://opensiteexplorer.org/dotbot; help@moz.com)"
216.244.66.202 - - [02/Apr/2025:03:52:59 -0400] "GET /sexy-tbdress-club-dresses-for-cheap-sale/feed/ HTTP/1.1" 200 97612 "-" "Mozilla/5.0 (compatible; DotBot/1.2; +https://opensiteexplorer.org/dotbot; help@moz.com)"
43.153.58.28 - - [02/Apr/2025:03:58:03 -0400] "GET / HTTP/1.1" 200 73854 "-" "Mozilla/5.0 (iPhone; CPU iPhone OS 13_2_3 like Mac OS X) AppleWebKit/605.1.15 (KHTML, like Gecko) Version/13.0.3 Mobile/15E148 Safari/604.1"
198.54.114.83 - - [02/Apr/2025:04:07:21 -0400] "POST /wp-cron.php?doing_wp_cron=1743581241.3482439517974853515625 HTTP/1.1" 200 0 "-" "WordPress/6.7.2; https://saamigraphics.com"
35.187.250.253 - - [02/Apr/2025:04:07:19 -0400] "POST /xmlrpc.php HTTP/1.1" 200 212 "http://saamigraphics.com" "Mozilla/5.0 (Windows NT 10.0; Win64; x64) AppleWebKit/537.36 (KHTML, like Gecko) Chrome/114.0.5735.199 Safari/537.36 Edg/114.0.1823.67"
3.141.27.243 - - [02/Apr/2025:04:10:32 -0400] "GET /.env HTTP/1.1" 200 97612 "-" "Mozilla/5.0 (Macintosh; Intel Mac OS X 10.15; rv:77.0) Gecko/20100101 Firefox/77.0"
216.244.66.202 - - [02/Apr/2025:04:14:59 -0400] "GET /robots.txt HTTP/1.1" 200 97634 "-" "Mozilla/5.0 (compatible; DotBot/1.2; +https://opensiteexplorer.org/dotbot; help@moz.com)"
216.244.66.202 - - [02/Apr/2025:04:21:04 -0400] "GET /finding-the-right-osteopath-in-dubai/ HTTP/1.1" 200 97634 "-" "Mozilla/5.0 (compatible; DotBot/1.2; +https://opensiteexplorer.org/dotbot; help@moz.com)"
216.244.66.202 - - [02/Apr/2025:04:23:10 -0400] "GET /the-potential-risks-of-ai-girlfriends/ HTTP/1.1" 200 97634 "-" "Mozilla/5.0 (compatible; DotBot/1.2; +https://opensiteexplorer.org/dotbot; help@moz.com)"
216.244.66.202 - - [02/Apr/2025:04:26:51 -0400] "GET /best-anti-wrinkle-cream-for-sensitive-skin/feed/ HTTP/1.1" 200 97612 "-" "Mozilla/5.0 (compatible; DotBot/1.2; +https://opensiteexplorer.org/dotbot; help@moz.com)"
198.54.114.83 - - [02/Apr/2025:04:35:06 -0400] "POST /wp-cron.php?doing_wp_cron=1743582905.8920569419860839843750 HTTP/1.1" 200 0 "-" "WordPress/6.7.2; https://saamigraphics.com"
160.16.215.164 - - [02/Apr/2025:04:35:04 -0400] "POST /xmlrpc.php HTTP/1.1" 200 212 "http://saamigraphics.com" "Mozilla/5.0 (Macintosh; Intel Mac OS X 10_15_7) AppleWebKit/537.36 (KHTML, like Gecko) Chrome/112.0.5615.138 Safari/537.36"
216.244.66.202 - - [02/Apr/2025:04:36:58 -0400] "GET /diamond-painting-accessories-2/feed/ HTTP/1.1" 200 97612 "-" "Mozilla/5.0 (compatible; DotBot/1.2; +https://opensiteexplorer.org/dotbot; help@moz.com)"
51.222.253.9 - - [02/Apr/2025:04:53:54 -0400] "GET /robots.txt HTTP/1.1" 200 97612 "-" "Mozilla/5.0 (compatible; AhrefsBot/7.0; +http://ahrefs.com/robot/)"
195.26.225.218 - - [02/Apr/2025:04:58:43 -0400] "GET /verbessern-sie-ihre-personlichkeit-mit-korperschmuck/ HTTP/1.1" 200 97634 "http://saamigraphics.com/verbessern-sie-ihre-personlichkeit-mit-korperschmuck/" "Mozilla/5.0 (Windows NT 10.0; Win64; x64) AppleWebKit/537.36 (KHTML, like Gecko) Chrome/131.0.0.0 Safari/537.36"
195.26.225.218 - - [02/Apr/2025:04:58:46 -0400] "GET /verbessern-sie-ihre-personlichkeit-mit-korperschmuck/ HTTP/1.1" 200 97612 "http://saamigraphics.com/verbessern-sie-ihre-personlichkeit-mit-korperschmuck/" "Mozilla/5.0 (Windows NT 10.0; Win64; x64) AppleWebKit/537.36 (KHTML, like Gecko) Chrome/131.0.0.0 Safari/537.36"
195.26.225.218 - - [02/Apr/2025:04:58:46 -0400] "GET /verbessern-sie-ihre-personlichkeit-mit-korperschmuck/ HTTP/1.1" 200 97663 "http://saamigraphics.com/verbessern-sie-ihre-personlichkeit-mit-korperschmuck/" "Mozilla/5.0 (Windows NT 10.0; Win64; x64) AppleWebKit/537.36 (KHTML, like Gecko) Chrome/131.0.0.0 Safari/537.36"
216.244.66.202 - - [02/Apr/2025:05:01:24 -0400] "GET /robots.txt HTTP/1.1" 200 97634 "-" "Mozilla/5.0 (compatible; DotBot/1.2; +https://opensiteexplorer.org/dotbot; help@moz.com)"
198.54.114.83 - - [02/Apr/2025:05:03:29 -0400] "POST /wp-cron.php?doing_wp_cron=1743584608.9358301162719726562500 HTTP/1.1" 200 0 "-" "WordPress/6.7.2; https://saamigraphics.com"
103.159.37.228 - - [02/Apr/2025:05:03:27 -0400] "POST /xmlrpc.php HTTP/1.1" 200 212 "http://saamigraphics.com" "Mozilla/5.0 (Macintosh; Intel Mac OS X 14.5) AppleWebKit/618.3.5 (KHTML, like Gecko) Version/17.4 Safari/618.3.5"
2806:104e:23:92c2:2963:c839:5edb:407e - - [02/Apr/2025:05:12:12 -0400] "POST /xmlrpc.php HTTP/1.1" 200 212 "-" "Mozilla/5.0 (X11; Linux x86_64) AppleWebKit/537.36 (KHTML, like Gecko) Chrome/91.0.4472.114 Safari/537.36"
198.54.114.83 - - [02/Apr/2025:05:12:15 -0400] "POST /wp-cron.php?doing_wp_cron=1743585133.9573299884796142578125 HTTP/1.1" 200 0 "-" "WordPress/6.7.2; https://saamigraphics.com"
177.212.27.168 - - [02/Apr/2025:05:12:17 -0400] "POST /xmlrpc.php HTTP/1.1" 200 212 "-" "Mozilla/5.0 (Windows NT 10.0; Win64; x64) AppleWebKit/537.36 (KHTML, like Gecko) Chrome/97.0.4692.99 Safari/537.36"
216.244.66.202 - - [02/Apr/2025:05:13:19 -0400] "GET /single-dose-mephedrone/feed/ HTTP/1.1" 200 97612 "-" "Mozilla/5.0 (compatible; DotBot/1.2; +https://opensiteexplorer.org/dotbot; help@moz.com)"
216.244.66.202 - - [02/Apr/2025:05:18:03 -0400] "GET /una-passione-crescente/ HTTP/1.1" 200 97663 "-" "Mozilla/5.0 (compatible; DotBot/1.2; +https://opensiteexplorer.org/dotbot; help@moz.com)"
216.244.66.202 - - [02/Apr/2025:05:23:10 -0400] "GET /2022/02/11/tine-paradise-hotel-pikk-i-fitte-tantric-massage-in-oslo-knulle-porno/ HTTP/1.1" 200 97634 "-" "Mozilla/5.0 (compatible; DotBot/1.2; +https://opensiteexplorer.org/dotbot; help@moz.com)"
216.244.66.202 - - [02/Apr/2025:05:24:19 -0400] "GET /bitcoin-mixing-services/feed/ HTTP/1.1" 200 97612 "-" "Mozilla/5.0 (compatible; DotBot/1.2; +https://opensiteexplorer.org/dotbot; help@moz.com)"
216.244.66.202 - - [02/Apr/2025:05:24:23 -0400] "GET /the-ultimate-typing-game-experience/feed/ HTTP/1.1" 200 97612 "-" "Mozilla/5.0 (compatible; DotBot/1.2; +https://opensiteexplorer.org/dotbot; help@moz.com)"
216.244.66.202 - - [02/Apr/2025:05:26:05 -0400] "GET /accessoires-feminins-lelegance-a-la-mode/feed/ HTTP/1.1" 200 97634 "-" "Mozilla/5.0 (compatible; DotBot/1.2; +https://opensiteexplorer.org/dotbot; help@moz.com)"
216.244.66.202 - - [02/Apr/2025:05:26:08 -0400] "GET /kids-party-magician-pour-un-evenement-eternel-inoubliable/feed/ HTTP/1.1" 200 97634 "-" "Mozilla/5.0 (compatible; DotBot/1.2; +https://opensiteexplorer.org/dotbot; help@moz.com)"
216.244.66.202 - - [02/Apr/2025:05:26:10 -0400] "GET /le-poncho-surfing-allier-confort-et-praticite/feed/ HTTP/1.1" 200 97634 "-" "Mozilla/5.0 (compatible; DotBot/1.2; +https://opensiteexplorer.org/dotbot; help@moz.com)"
198.54.114.83 - - [02/Apr/2025:05:32:14 -0400] "POST /wp-cron.php?doing_wp_cron=1743586334.2573380470275878906250 HTTP/1.1" 200 0 "-" "WordPress/6.7.2; https://saamigraphics.com"
66.29.146.47 - - [02/Apr/2025:05:32:12 -0400] "POST /xmlrpc.php HTTP/1.1" 200 212 "http://saamigraphics.com" "Mozilla/5.0 (Windows NT 10.0; Win64; x64) AppleWebKit/537.36 (KHTML, like Gecko) Chrome/114.0.5735.134 Safari/537.36"
182.44.10.67 - - [02/Apr/2025:05:53:12 -0400] "GET / HTTP/1.1" 200 97612 "-" "Mozilla/5.0 (iPhone; CPU iPhone OS 13_2_3 like Mac OS X) AppleWebKit/605.1.15 (KHTML, like Gecko) Version/13.0.3 Mobile/15E148 Safari/604.1"
196.251.118.228 - - [02/Apr/2025:05:53:44 -0400] "GET /.env HTTP/1.1" 200 97634 "-" "Mozilla/5.0 (Macintosh; Intel Mac OS X 10.15; rv:77.0) Gecko/20100101 Firefox/77.0"
85.208.98.23 - - [02/Apr/2025:05:57:22 -0400] "GET /robots.txt HTTP/1.1" 200 97612 "-" "Mozilla/5.0 (compatible; SemrushBot-BA; +http://www.semrush.com/bot.html)"
216.244.66.202 - - [02/Apr/2025:06:00:50 -0400] "GET /exploring-the-best-portable-fire-pump/feed/ HTTP/1.1" 200 97634 "-" "Mozilla/5.0 (compatible; DotBot/1.2; +https://opensiteexplorer.org/dotbot; help@moz.com)"
173.212.223.204 - - [02/Apr/2025:06:01:34 -0400] "POST /xmlrpc.php HTTP/1.1" 200 212 "http://saamigraphics.com" "Mozilla/5.0 (Windows NT 10.0; Win64; x64; rv:128.0) Gecko/20100101 Firefox/128.0"
198.54.114.83 - - [02/Apr/2025:06:01:40 -0400] "POST /wp-cron.php?doing_wp_cron=1743588099.2420849800109863281250 HTTP/1.1" 200 0 "-" "WordPress/6.7.2; https://saamigraphics.com"
216.244.66.202 - - [02/Apr/2025:06:03:08 -0400] "GET /author/jorge/page/62/ HTTP/1.1" 200 97524 "-" "Mozilla/5.0 (compatible; DotBot/1.2; +https://opensiteexplorer.org/dotbot; help@moz.com)"
216.244.66.202 - - [02/Apr/2025:06:06:18 -0400] "GET /top-fertility-clinic-in-dubai-excellence-in-reproductive-care/ HTTP/1.1" 200 97612 "-" "Mozilla/5.0 (compatible; DotBot/1.2; +https://opensiteexplorer.org/dotbot; help@moz.com)"
216.244.66.202 - - [02/Apr/2025:06:10:14 -0400] "GET /ferrari-for-sale/feed/ HTTP/1.1" 200 97612 "-" "Mozilla/5.0 (compatible; DotBot/1.2; +https://opensiteexplorer.org/dotbot; help@moz.com)"
198.54.114.83 - - [02/Apr/2025:06:11:18 -0400] "POST /wp-cron.php?doing_wp_cron=1743588678.0273449420928955078125 HTTP/1.1" 200 0 "-" "WordPress/6.7.2; https://saamigraphics.com"
199.189.149.14 - - [02/Apr/2025:06:11:16 -0400] "POST /xmlrpc.php HTTP/1.1" 200 212 "-" "Mozilla/5.0 (X11; Linux x86_64) AppleWebKit/537.36 (KHTML, like Gecko) Chrome/91.0.4472.114 Safari/537.36"
200.107.21.41 - - [02/Apr/2025:06:11:19 -0400] "POST /xmlrpc.php HTTP/1.1" 200 212 "-" "Mozilla/5.0 (Macintosh; Intel Mac OS X 10_15_7) AppleWebKit/605.1.15 (KHTML, like Gecko) Version/15.1 Safari/605.1.15"
216.244.66.202 - - [02/Apr/2025:06:11:34 -0400] "GET /die-moderne-hangeleuchte/feed/ HTTP/1.1" 200 97634 "-" "Mozilla/5.0 (compatible; DotBot/1.2; +https://opensiteexplorer.org/dotbot; help@moz.com)"
216.244.66.202 - - [02/Apr/2025:06:11:37 -0400] "GET /ecommerce-image-editing-service/feed/ HTTP/1.1" 200 97634 "-" "Mozilla/5.0 (compatible; DotBot/1.2; +https://opensiteexplorer.org/dotbot; help@moz.com)"
216.244.66.202 - - [02/Apr/2025:06:11:41 -0400] "GET /ein-unvergessliches-erlebnis/feed/ HTTP/1.1" 200 97634 "-" "Mozilla/5.0 (compatible; DotBot/1.2; +https://opensiteexplorer.org/dotbot; help@moz.com)"
216.244.66.202 - - [02/Apr/2025:06:13:30 -0400] "GET /experience-modern-living-at-the-botany-showflat/feed/ HTTP/1.1" 200 97634 "-" "Mozilla/5.0 (compatible; DotBot/1.2; +https://opensiteexplorer.org/dotbot; help@moz.com)"
216.244.66.202 - - [02/Apr/2025:06:13:35 -0400] "GET /five-things-you-should-be-sure-to-recycle/feed/ HTTP/1.1" 200 97634 "-" "Mozilla/5.0 (compatible; DotBot/1.2; +https://opensiteexplorer.org/dotbot; help@moz.com)"
216.244.66.202 - - [02/Apr/2025:06:13:40 -0400] "GET /unforgettable-bliss-matrimonio-sul-lago-di-garda/feed/ HTTP/1.1" 200 97645 "-" "Mozilla/5.0 (compatible; DotBot/1.2; +https://opensiteexplorer.org/dotbot; help@moz.com)"
111.231.12.66 - - [02/Apr/2025:06:17:02 -0400] "GET / HTTP/1.1" 200 97634 "-" "Mozilla/5.0 (Linux; Android 10; LIO-AN00 Build/HUAWEILIO-AN00; wv) MicroMessenger Weixin QQ AppleWebKit/537.36 (KHTML, like Gecko) Version/4.0 Chrome/78.0.3904.62 XWEB/2692 MMWEBSDK/200901 Mobile Safari/537.36"
111.231.12.66 - - [02/Apr/2025:06:22:14 -0400] "GET / HTTP/1.1" 200 97634 "-" "Mozilla/5.0 (Linux; Android 10; LIO-AN00 Build/HUAWEILIO-AN00; wv) MicroMessenger Weixin QQ AppleWebKit/537.36 (KHTML, like Gecko) Version/4.0 Chrome/78.0.3904.62 XWEB/2692 MMWEBSDK/200901 Mobile Safari/537.36"
93.183.89.12 - - [02/Apr/2025:06:29:07 -0400] "GET /verbessern-sie-ihre-personlichkeit-mit-korperschmuck/ HTTP/1.1" 200 97634 "http://saamigraphics.com/verbessern-sie-ihre-personlichkeit-mit-korperschmuck/" "Mozilla/5.0 (Windows NT 10.0; Win64; x64) AppleWebKit/537.36 (KHTML, like Gecko) Chrome/131.0.0.0 Safari/537.36"
93.183.89.12 - - [02/Apr/2025:06:29:10 -0400] "GET /verbessern-sie-ihre-personlichkeit-mit-korperschmuck/ HTTP/1.1" 200 97634 "http://saamigraphics.com/verbessern-sie-ihre-personlichkeit-mit-korperschmuck/" "Mozilla/5.0 (Windows NT 10.0; Win64; x64) AppleWebKit/537.36 (KHTML, like Gecko) Chrome/131.0.0.0 Safari/537.36"
93.183.89.12 - - [02/Apr/2025:06:29:13 -0400] "GET /verbessern-sie-ihre-personlichkeit-mit-korperschmuck/ HTTP/1.1" 200 97618 "http://saamigraphics.com/verbessern-sie-ihre-personlichkeit-mit-korperschmuck/" "Mozilla/5.0 (Windows NT 10.0; Win64; x64) AppleWebKit/537.36 (KHTML, like Gecko) Chrome/131.0.0.0 Safari/537.36"
13.235.180.144 - - [02/Apr/2025:06:31:29 -0400] "POST /xmlrpc.php HTTP/1.1" 200 212 "http://saamigraphics.com" "Mozilla/5.0 (Windows NT 10.0; Win64; x64) AppleWebKit/537.36 (KHTML, like Gecko) Chrome/114.0.5735.199 Safari/537.36 Edg/114.0.1823.67"
198.54.114.83 - - [02/Apr/2025:06:31:33 -0400] "POST /wp-cron.php?doing_wp_cron=1743589891.8336389064788818359375 HTTP/1.1" 200 0 "-" "WordPress/6.7.2; https://saamigraphics.com"
216.244.66.202 - - [02/Apr/2025:06:38:47 -0400] "GET /robots.txt HTTP/1.1" 200 97612 "-" "Mozilla/5.0 (compatible; DotBot/1.2; +https://opensiteexplorer.org/dotbot; help@moz.com)"
216.244.66.202 - - [02/Apr/2025:06:43:31 -0400] "GET /get-a-michael-kors-satchel-crossbody-for-less/ HTTP/1.1" 200 97648 "-" "Mozilla/5.0 (compatible; DotBot/1.2; +https://opensiteexplorer.org/dotbot; help@moz.com)"
216.244.66.202 - - [02/Apr/2025:06:48:55 -0400] "GET /5-best-caregiver-agency-montreal/feed/ HTTP/1.1" 200 97612 "-" "Mozilla/5.0 (compatible; DotBot/1.2; +https://opensiteexplorer.org/dotbot; help@moz.com)"
216.244.66.202 - - [02/Apr/2025:06:49:18 -0400] "GET /anti-aging-benefits-of-glutathione-injection/feed/ HTTP/1.1" 200 97634 "-" "Mozilla/5.0 (compatible; DotBot/1.2; +https://opensiteexplorer.org/dotbot; help@moz.com)"
185.121.234.50 - - [02/Apr/2025:06:54:18 -0400] "GET /verbessern-sie-ihre-personlichkeit-mit-korperschmuck/ HTTP/1.1" 200 97612 "http://saamigraphics.com/verbessern-sie-ihre-personlichkeit-mit-korperschmuck/" "Mozilla/5.0 (Windows NT 10.0; Win64; x64) AppleWebKit/537.36 (KHTML, like Gecko) Chrome/129.0.0.0 Safari/537.36"
185.121.234.50 - - [02/Apr/2025:06:54:21 -0400] "GET /verbessern-sie-ihre-personlichkeit-mit-korperschmuck/ HTTP/1.1" 200 97612 "http://saamigraphics.com/verbessern-sie-ihre-personlichkeit-mit-korperschmuck/" "Mozilla/5.0 (Windows NT 10.0; Win64; x64) AppleWebKit/537.36 (KHTML, like Gecko) Chrome/129.0.0.0 Safari/537.36"
185.121.234.50 - - [02/Apr/2025:06:54:31 -0400] "GET /verbessern-sie-ihre-personlichkeit-mit-korperschmuck/ HTTP/1.1" 200 97612 "http://saamigraphics.com/verbessern-sie-ihre-personlichkeit-mit-korperschmuck/" "Mozilla/5.0 (Windows NT 10.0; Win64; x64) AppleWebKit/537.36 (KHTML, like Gecko) Chrome/129.0.0.0 Safari/537.36"
216.244.66.202 - - [02/Apr/2025:07:00:41 -0400] "GET /passive-real-estate-investing/feed/ HTTP/1.1" 200 97634 "-" "Mozilla/5.0 (compatible; DotBot/1.2; +https://opensiteexplorer.org/dotbot; help@moz.com)"
198.54.114.83 - - [02/Apr/2025:07:01:11 -0400] "POST /wp-cron.php?doing_wp_cron=1743591670.6099579334259033203125 HTTP/1.1" 200 0 "-" "WordPress/6.7.2; https://saamigraphics.com"
115.245.68.141 - - [02/Apr/2025:07:01:08 -0400] "POST /xmlrpc.php HTTP/1.1" 200 212 "http://saamigraphics.com" "Mozilla/5.0 (Windows NT 10.0; Win64; x64) AppleWebKit/537.36 (KHTML, like Gecko) Chrome/114.0.5735.134 Safari/537.36"
216.244.66.202 - - [02/Apr/2025:07:01:55 -0400] "GET /the-best-non-perishable-foods-to-add-to-your-food-storage/feed/ HTTP/1.1" 200 97663 "-" "Mozilla/5.0 (compatible; DotBot/1.2; +https://opensiteexplorer.org/dotbot; help@moz.com)"
216.244.66.202 - - [02/Apr/2025:07:02:03 -0400] "GET /unveiling-the-legal-expertise-of-gunnmckaylaw/feed/ HTTP/1.1" 200 97634 "-" "Mozilla/5.0 (compatible; DotBot/1.2; +https://opensiteexplorer.org/dotbot; help@moz.com)"
40.88.21.235 - - [02/Apr/2025:07:13:49 -0400] "GET / HTTP/1.1" 200 97612 "http://saamigraphics.com/" "DuckDuckBot/1.1; (+http://duckduckgo.com/duckduckbot.html)"
40.88.21.235 - - [02/Apr/2025:07:13:51 -0400] "GET /favicon.ico HTTP/1.1" 404 1251 "http://saamigraphics.com/favicon.ico" "DuckDuckBot/1.1; (+http://duckduckgo.com/duckduckbot.html)"
216.244.66.202 - - [02/Apr/2025:07:23:53 -0400] "GET /robots.txt HTTP/1.1" 200 97634 "-" "Mozilla/5.0 (compatible; DotBot/1.2; +https://opensiteexplorer.org/dotbot; help@moz.com)"
198.54.114.83 - - [02/Apr/2025:07:30:41 -0400] "POST /wp-cron.php?doing_wp_cron=1743593441.2402260303497314453125 HTTP/1.1" 200 0 "-" "WordPress/6.7.2; https://saamigraphics.com"
89.46.109.92 - - [02/Apr/2025:07:30:36 -0400] "POST /xmlrpc.php HTTP/1.1" 200 212 "http://saamigraphics.com" "Mozilla/5.0 (Macintosh; Intel Mac OS X 10_15_7) AppleWebKit/537.36 (KHTML, like Gecko) Chrome/126.0.0.0 Safari/537.36"
216.244.66.202 - - [02/Apr/2025:07:31:13 -0400] "GET /exploring-the-tranquil-charms-of-the-hill/ HTTP/1.1" 200 97634 "-" "Mozilla/5.0 (compatible; DotBot/1.2; +https://opensiteexplorer.org/dotbot; help@moz.com)"
195.200.29.225 - - [02/Apr/2025:07:39:12 -0400] "GET /verbessern-sie-ihre-personlichkeit-mit-korperschmuck/ HTTP/1.1" 200 97612 "http://saamigraphics.com/verbessern-sie-ihre-personlichkeit-mit-korperschmuck/" "Mozilla/5.0 (Windows NT 10.0; Win64; x64) AppleWebKit/537.36 (KHTML, like Gecko) Chrome/131.0.0.0 Safari/537.36"
195.200.29.225 - - [02/Apr/2025:07:39:13 -0400] "GET /verbessern-sie-ihre-personlichkeit-mit-korperschmuck/ HTTP/1.1" 200 97634 "http://saamigraphics.com/verbessern-sie-ihre-personlichkeit-mit-korperschmuck/" "Mozilla/5.0 (Windows NT 10.0; Win64; x64) AppleWebKit/537.36 (KHTML, like Gecko) Chrome/131.0.0.0 Safari/537.36"
195.200.29.225 - - [02/Apr/2025:07:39:14 -0400] "GET /verbessern-sie-ihre-personlichkeit-mit-korperschmuck/ HTTP/1.1" 200 97489 "http://saamigraphics.com/verbessern-sie-ihre-personlichkeit-mit-korperschmuck/" "Mozilla/5.0 (Windows NT 10.0; Win64; x64) AppleWebKit/537.36 (KHTML, like Gecko) Chrome/131.0.0.0 Safari/537.36"
139.59.100.51 - - [02/Apr/2025:07:47:07 -0400] "GET /wp-content/plugins/pwnd/pwnd.php HTTP/1.1" 200 97489 "-" "Mozilla/5.0 (Linux; Android 7.0; SM-G892A Build/NRD90M; wv) AppleWebKit/537.36 (KHTML, like Gecko) Version/4.0 Chrome/60.0.3112.107 Mobile Safari/537.36"
139.59.100.51 - - [02/Apr/2025:07:47:21 -0400] "GET /wp-content/plugins/pwnd-1/pwnd.php HTTP/1.1" 200 97612 "-" "Mozilla/5.0 (Linux; Android 7.0; SM-G892A Build/NRD90M; wv) AppleWebKit/537.36 (KHTML, like Gecko) Version/4.0 Chrome/60.0.3112.107 Mobile Safari/537.36"
139.59.100.51 - - [02/Apr/2025:07:47:47 -0400] "GET /wp-content/plugins/pwnd-2/pwnd.php HTTP/1.1" 200 97634 "-" "Mozilla/5.0 (Linux; Android 7.0; SM-G892A Build/NRD90M; wv) AppleWebKit/537.36 (KHTML, like Gecko) Version/4.0 Chrome/60.0.3112.107 Mobile Safari/537.36"
139.59.100.51 - - [02/Apr/2025:07:48:23 -0400] "GET /wp-content/plugins/fix/up.php HTTP/1.1" 200 97529 "-" "Mozilla/5.0 (Linux; Android 7.0; SM-G892A Build/NRD90M; wv) AppleWebKit/537.36 (KHTML, like Gecko) Version/4.0 Chrome/60.0.3112.107 Mobile Safari/537.36"
198.54.114.83 - - [02/Apr/2025:08:00:28 -0400] "POST /wp-cron.php?doing_wp_cron=1743595228.2013189792633056640625 HTTP/1.1" 200 0 "-" "WordPress/6.7.2; https://saamigraphics.com"
196.32.220.226 - - [02/Apr/2025:08:00:22 -0400] "POST /xmlrpc.php HTTP/1.1" 200 212 "http://saamigraphics.com" "Mozilla/5.0 (Macintosh; Intel Mac OS X 13_3) AppleWebKit/537.36 (KHTML, like Gecko) Chrome/126.0.0.0 Safari/537.36"
49.51.72.76 - - [02/Apr/2025:08:07:22 -0400] "GET / HTTP/1.1" 200 97634 "-" "Mozilla/5.0 (iPhone; CPU iPhone OS 13_2_3 like Mac OS X) AppleWebKit/605.1.15 (KHTML, like Gecko) Version/13.0.3 Mobile/15E148 Safari/604.1"
216.244.66.202 - - [02/Apr/2025:08:11:35 -0400] "GET /robots.txt HTTP/1.1" 200 97634 "-" "Mozilla/5.0 (compatible; DotBot/1.2; +https://opensiteexplorer.org/dotbot; help@moz.com)"
85.208.98.23 - - [02/Apr/2025:08:13:00 -0400] "GET /robots.txt HTTP/1.1" 200 97612 "-" "Mozilla/5.0 (compatible; SemrushBot-BA; +http://www.semrush.com/bot.html)"
66.249.66.40 - - [02/Apr/2025:08:20:07 -0400] "GET /react.js HTTP/1.1" 200 97612 "https://saamigraphics.com/exploring-iptv-subscriptions-the-modern-way-to-watch-tv" "Mozilla/5.0 AppleWebKit/537.36 (KHTML, like Gecko; compatible; Googlebot/2.1; +http://www.google.com/bot.html) Chrome/134.0.6998.165 Safari/537.36"
66.249.66.40 - - [02/Apr/2025:08:20:09 -0400] "GET /react-dom.js HTTP/1.1" 200 97634 "https://saamigraphics.com/exploring-iptv-subscriptions-the-modern-way-to-watch-tv" "Mozilla/5.0 AppleWebKit/537.36 (KHTML, like Gecko; compatible; Googlebot/2.1; +http://www.google.com/bot.html) Chrome/134.0.6998.165 Safari/537.36"
35.238.203.213 - - [02/Apr/2025:08:30:23 -0400] "POST /xmlrpc.php HTTP/1.1" 200 212 "http://saamigraphics.com" "Mozilla/5.0 (Macintosh; Intel Mac OS X 10_15_7; rv:129.0) Gecko/20100101 Firefox/129.0"
216.244.66.202 - - [02/Apr/2025:08:34:03 -0400] "GET /category/activity/page/115/ HTTP/1.1" 200 97612 "-" "Mozilla/5.0 (compatible; DotBot/1.2; +https://opensiteexplorer.org/dotbot; help@moz.com)"
205.169.39.12 - - [02/Apr/2025:08:34:45 -0400] "GET / HTTP/1.1" 200 97634 "-" "Mozilla/5.0 (Windows NT 10.0; Win64; x64) AppleWebKit/537.36 (KHTML, like Gecko) Chrome/117.0.5938.132 Safari/537.36"
216.244.66.202 - - [02/Apr/2025:08:35:54 -0400] "GET /how-to-install-a-tv-wall-mount/feed/ HTTP/1.1" 200 97634 "-" "Mozilla/5.0 (compatible; DotBot/1.2; +https://opensiteexplorer.org/dotbot; help@moz.com)"
51.222.253.12 - - [02/Apr/2025:08:36:43 -0400] "GET / HTTP/1.1" 200 97634 "-" "Mozilla/5.0 (compatible; AhrefsBot/7.0; +http://ahrefs.com/robot/)"
216.244.66.202 - - [02/Apr/2025:08:57:46 -0400] "GET /robots.txt HTTP/1.1" 200 97634 "-" "Mozilla/5.0 (compatible; DotBot/1.2; +https://opensiteexplorer.org/dotbot; help@moz.com)"
198.54.114.83 - - [02/Apr/2025:09:01:48 -0400] "POST /wp-cron.php?doing_wp_cron=1743598908.0600600242614746093750 HTTP/1.1" 200 0 "-" "WordPress/6.7.2; https://saamigraphics.com"
198.54.121.141 - - [02/Apr/2025:09:01:42 -0400] "POST /xmlrpc.php HTTP/1.1" 200 212 "http://saamigraphics.com" "Mozilla/5.0 (Windows NT 10.0; Win64; x64; rv:129.0) Gecko/20100101 Firefox/129.0"
216.244.66.202 - - [02/Apr/2025:09:08:22 -0400] "GET /buy-gamestop-gift-card/feed/ HTTP/1.1" 200 97634 "-" "Mozilla/5.0 (compatible; DotBot/1.2; +https://opensiteexplorer.org/dotbot; help@moz.com)"
216.244.66.202 - - [02/Apr/2025:09:08:30 -0400] "GET /what-is-liquid-rubber/feed/ HTTP/1.1" 200 97634 "-" "Mozilla/5.0 (compatible; DotBot/1.2; +https://opensiteexplorer.org/dotbot; help@moz.com)"
216.244.66.202 - - [02/Apr/2025:09:16:08 -0400] "GET /category/activity/page/126/ HTTP/1.1" 200 97634 "-" "Mozilla/5.0 (compatible; DotBot/1.2; +https://opensiteexplorer.org/dotbot; help@moz.com)"
216.244.66.202 - - [02/Apr/2025:09:21:27 -0400] "GET /a-nusa-penida-day-tour/feed/ HTTP/1.1" 200 97529 "-" "Mozilla/5.0 (compatible; DotBot/1.2; +https://opensiteexplorer.org/dotbot; help@moz.com)"
216.244.66.202 - - [02/Apr/2025:09:21:31 -0400] "GET /health-and-social-care/feed/ HTTP/1.1" 200 97612 "-" "Mozilla/5.0 (compatible; DotBot/1.2; +https://opensiteexplorer.org/dotbot; help@moz.com)"
216.244.66.202 - - [02/Apr/2025:09:21:35 -0400] "GET /how-to-clean-silver-jewellery/feed/ HTTP/1.1" 200 97612 "-" "Mozilla/5.0 (compatible; DotBot/1.2; +https://opensiteexplorer.org/dotbot; help@moz.com)"
205.169.39.170 - - [02/Apr/2025:09:37:35 -0400] "GET / HTTP/1.1" 200 97634 "-" "Mozilla/5.0 (Windows NT 6.1; Win64; x64) AppleWebKit/537.36 (KHTML, like Gecko) Chrome/83.0.4103.61 Safari/537.36"
216.244.66.202 - - [02/Apr/2025:09:57:29 -0400] "GET /the-ozark-trail/feed/ HTTP/1.1" 200 97634 "-" "Mozilla/5.0 (compatible; DotBot/1.2; +https://opensiteexplorer.org/dotbot; help@moz.com)"
216.244.66.202 - - [02/Apr/2025:09:58:33 -0400] "GET /auto-cold-drawing-machine/feed/ HTTP/1.1" 200 97634 "-" "Mozilla/5.0 (compatible; DotBot/1.2; +https://opensiteexplorer.org/dotbot; help@moz.com)"
216.244.66.202 - - [02/Apr/2025:09:58:38 -0400] "GET /choosing-the-best-iced-coffee-cup/feed/ HTTP/1.1" 200 97612 "-" "Mozilla/5.0 (compatible; DotBot/1.2; +https://opensiteexplorer.org/dotbot; help@moz.com)"
216.244.66.202 - - [02/Apr/2025:09:58:42 -0400] "GET /productive-families-in-riyadh/feed/ HTTP/1.1" 200 97612 "-" "Mozilla/5.0 (compatible; DotBot/1.2; +https://opensiteexplorer.org/dotbot; help@moz.com)"
216.244.66.202 - - [02/Apr/2025:09:59:49 -0400] "GET /how-to-win-the-power-ball-lottery-using-five-simple-strategies/feed/ HTTP/1.1" 200 97634 "-" "Mozilla/5.0 (compatible; DotBot/1.2; +https://opensiteexplorer.org/dotbot; help@moz.com)"
216.244.66.202 - - [02/Apr/2025:09:59:53 -0400] "GET /the-essential-guide-to-choosing-the-right-breast-pump/feed/ HTTP/1.1" 200 97634 "-" "Mozilla/5.0 (compatible; DotBot/1.2; +https://opensiteexplorer.org/dotbot; help@moz.com)"
216.244.66.202 - - [02/Apr/2025:09:59:55 -0400] "GET /what-time-does-witch-queen-come-out-in-the-witcher-3-wild-hunt/feed/ HTTP/1.1" 200 97612 "-" "Mozilla/5.0 (compatible; DotBot/1.2; +https://opensiteexplorer.org/dotbot; help@moz.com)"
216.244.66.202 - - [02/Apr/2025:10:28:28 -0400] "GET /robots.txt HTTP/1.1" 200 97612 "-" "Mozilla/5.0 (compatible; DotBot/1.2; +https://opensiteexplorer.org/dotbot; help@moz.com)"
216.244.66.202 - - [02/Apr/2025:10:43:48 -0400] "GET /how-to-get-quotes-on-movers/feed/ HTTP/1.1" 200 97634 "-" "Mozilla/5.0 (compatible; DotBot/1.2; +https://opensiteexplorer.org/dotbot; help@moz.com)"
45.148.10.199 - - [02/Apr/2025:11:06:31 -0400] "GET / HTTP/1.1" 200 97634 "-" "-"
216.244.66.202 - - [02/Apr/2025:11:13:57 -0400] "GET /robots.txt HTTP/1.1" 200 97612 "-" "Mozilla/5.0 (compatible; DotBot/1.2; +https://opensiteexplorer.org/dotbot; help@moz.com)"
216.244.66.202 - - [02/Apr/2025:11:20:58 -0400] "GET /how-to-get-a-moving-cost-quote/feed/ HTTP/1.1" 200 97634 "-" "Mozilla/5.0 (compatible; DotBot/1.2; +https://opensiteexplorer.org/dotbot; help@moz.com)"
216.244.66.202 - - [02/Apr/2025:11:31:00 -0400] "GET /meisterin-der-musik/feed/ HTTP/1.1" 200 97634 "-" "Mozilla/5.0 (compatible; DotBot/1.2; +https://opensiteexplorer.org/dotbot; help@moz.com)"
101.32.208.70 - - [02/Apr/2025:11:38:38 -0400] "GET / HTTP/1.1" 200 88746 "-" "Mozilla/5.0 (iPhone; CPU iPhone OS 13_2_3 like Mac OS X) AppleWebKit/605.1.15 (KHTML, like Gecko) Version/13.0.3 Mobile/15E148 Safari/604.1"
216.244.66.202 - - [02/Apr/2025:11:59:37 -0400] "GET /robots.txt HTTP/1.1" 200 97634 "-" "Mozilla/5.0 (compatible; DotBot/1.2; +https://opensiteexplorer.org/dotbot; help@moz.com)"
