216.244.66.202 - - [05/Apr/2025:17:12:32 -0400] "GET /eine-welt-voller-sammlerstucke/feed/ HTTP/1.1" 200 97634 "-" "Mozilla/5.0 (compatible; DotBot/1.2; +https://opensiteexplorer.org/dotbot; help@moz.com)"
216.244.66.202 - - [05/Apr/2025:17:12:38 -0400] "GET /shining-elegance-how-to-clean-silver-jewelry/feed/ HTTP/1.1" 200 97634 "-" "Mozilla/5.0 (compatible; DotBot/1.2; +https://opensiteexplorer.org/dotbot; help@moz.com)"
61.130.144.178 - - [05/Apr/2025:17:34:58 -0400] "GET /public/static/common/images/file.png HTTP/1.1" 200 97634 "http://saamigraphics.com" "Mozilla/5.0 (compatible; Googlebot/2.1; +http://www.google.com/bot.html)"
61.130.144.178 - - [05/Apr/2025:17:34:59 -0400] "GET /public/static/admin/images/ok.png HTTP/1.1" 200 97542 "http://saamigraphics.com" "Mozilla/5.0 (compatible; Yahoo! Slurp; http://help.yahoo.com/help/us/ysearch/slurp\xa1\xb1)"
85.208.98.23 - - [05/Apr/2025:17:52:50 -0400] "GET /robots.txt HTTP/1.1" 200 97634 "-" "Mozilla/5.0 (compatible; SemrushBot-BA; +http://www.semrush.com/bot.html)"
195.26.225.218 - - [05/Apr/2025:17:55:57 -0400] "GET /verbessern-sie-ihre-personlichkeit-mit-korperschmuck/ HTTP/1.1" 200 97489 "http://saamigraphics.com/verbessern-sie-ihre-personlichkeit-mit-korperschmuck/" "Mozilla/5.0 (Windows NT 10.0; Win64; x64) AppleWebKit/537.36 (KHTML, like Gecko) Chrome/131.0.0.0 Safari/537.36"
195.26.225.218 - - [05/Apr/2025:17:56:01 -0400] "GET /verbessern-sie-ihre-personlichkeit-mit-korperschmuck/ HTTP/1.1" 200 97634 "http://saamigraphics.com/verbessern-sie-ihre-personlichkeit-mit-korperschmuck/" "Mozilla/5.0 (Windows NT 10.0; Win64; x64) AppleWebKit/537.36 (KHTML, like Gecko) Chrome/131.0.0.0 Safari/537.36"
195.26.225.218 - - [05/Apr/2025:17:56:02 -0400] "GET /verbessern-sie-ihre-personlichkeit-mit-korperschmuck/ HTTP/1.1" 200 97651 "http://saamigraphics.com/verbessern-sie-ihre-personlichkeit-mit-korperschmuck/" "Mozilla/5.0 (Windows NT 10.0; Win64; x64) AppleWebKit/537.36 (KHTML, like Gecko) Chrome/131.0.0.0 Safari/537.36"
216.244.66.202 - - [05/Apr/2025:17:59:38 -0400] "GET /screw-types-and-sizes/ HTTP/1.1" 200 97489 "-" "Mozilla/5.0 (compatible; DotBot/1.2; +https://opensiteexplorer.org/dotbot; help@moz.com)"
216.244.66.202 - - [05/Apr/2025:18:00:02 -0400] "GET /expert-legal-representation-in-estate-litigation/ HTTP/1.1" 200 97612 "-" "Mozilla/5.0 (compatible; DotBot/1.2; +https://opensiteexplorer.org/dotbot; help@moz.com)"
216.244.66.202 - - [05/Apr/2025:18:00:34 -0400] "GET /revolutionizing-digital-transactions/ HTTP/1.1" 200 97489 "-" "Mozilla/5.0 (compatible; DotBot/1.2; +https://opensiteexplorer.org/dotbot; help@moz.com)"
173.208.248.50 - - [05/Apr/2025:18:10:26 -0400] "GET / HTTP/1.1" 200 97489 "-" "Mozilla/5.0 (Windows NT 10.0; Win64; x64) AppleWebKit/537.36 (KHTML, like Gecko) Chrome/91.0.4472.124 Safari/537.36"
216.244.66.202 - - [05/Apr/2025:18:19:54 -0400] "GET /page/10/ HTTP/1.1" 200 97489 "-" "Mozilla/5.0 (compatible; DotBot/1.2; +https://opensiteexplorer.org/dotbot; help@moz.com)"
216.244.66.202 - - [05/Apr/2025:18:41:48 -0400] "GET /robots.txt HTTP/1.1" 200 97612 "-" "Mozilla/5.0 (compatible; DotBot/1.2; +https://opensiteexplorer.org/dotbot; help@moz.com)"
216.244.66.202 - - [05/Apr/2025:18:53:01 -0400] "GET /cbd-for-anxiety-uk-a-natural-remedy-for-anxiety/ HTTP/1.1" 200 97663 "-" "Mozilla/5.0 (compatible; DotBot/1.2; +https://opensiteexplorer.org/dotbot; help@moz.com)"
216.244.66.202 - - [05/Apr/2025:19:14:18 -0400] "GET /category/activity/page/63/ HTTP/1.1" 200 97634 "-" "Mozilla/5.0 (compatible; DotBot/1.2; +https://opensiteexplorer.org/dotbot; help@moz.com)"
89.248.168.95 - - [05/Apr/2025:19:16:23 -0400] "GET /un-examen-des-produits-de-securite-a-domicile/ HTTP/1.1" 200 97489 "http://saamigraphics.com/un-examen-des-produits-de-securite-a-domicile/" "Mozilla/5.0 (Windows NT 10.0; Win64; x64) AppleWebKit/537.36 (KHTML, like Gecko) Chrome/130.0.0.0 Safari/537.36 CCleaner/130.0.0.0"
89.248.168.95 - - [05/Apr/2025:19:16:24 -0400] "GET /un-examen-des-produits-de-securite-a-domicile/ HTTP/1.1" 200 97612 "http://saamigraphics.com/un-examen-des-produits-de-securite-a-domicile/" "Mozilla/5.0 (Windows NT 10.0; Win64; x64) AppleWebKit/537.36 (KHTML, like Gecko) Chrome/130.0.0.0 Safari/537.36 CCleaner/130.0.0.0"
89.248.168.95 - - [05/Apr/2025:19:16:24 -0400] "GET /un-examen-des-produits-de-securite-a-domicile/ HTTP/1.1" 200 97542 "http://saamigraphics.com/un-examen-des-produits-de-securite-a-domicile/" "Mozilla/5.0 (Windows NT 10.0; Win64; x64) AppleWebKit/537.36 (KHTML, like Gecko) Chrome/130.0.0.0 Safari/537.36 CCleaner/130.0.0.0"
216.244.66.202 - - [05/Apr/2025:19:32:41 -0400] "GET /robots.txt HTTP/1.1" 200 97489 "-" "Mozilla/5.0 (compatible; DotBot/1.2; +https://opensiteexplorer.org/dotbot; help@moz.com)"
216.244.66.202 - - [05/Apr/2025:19:43:44 -0400] "GET /the-rise-of-prefab-homes-in-california/ HTTP/1.1" 200 97489 "-" "Mozilla/5.0 (compatible; DotBot/1.2; +https://opensiteexplorer.org/dotbot; help@moz.com)"
216.244.66.202 - - [05/Apr/2025:19:45:23 -0400] "GET /internet-gambling-can-be-quite-lucrative/ HTTP/1.1" 200 97489 "-" "Mozilla/5.0 (compatible; DotBot/1.2; +https://opensiteexplorer.org/dotbot; help@moz.com)"
216.244.66.202 - - [05/Apr/2025:20:00:24 -0400] "GET /how-to-optimize-your-youtube-comments-stream-with-hootsuite/feed/ HTTP/1.1" 200 97651 "-" "Mozilla/5.0 (compatible; DotBot/1.2; +https://opensiteexplorer.org/dotbot; help@moz.com)"
216.244.66.202 - - [05/Apr/2025:20:24:54 -0400] "GET /robots.txt HTTP/1.1" 200 97634 "-" "Mozilla/5.0 (compatible; DotBot/1.2; +https://opensiteexplorer.org/dotbot; help@moz.com)"
182.42.104.32 - - [05/Apr/2025:20:28:47 -0400] "GET / HTTP/1.1" 200 97612 "-" "Mozilla/5.0 (iPhone; CPU iPhone OS 13_2_3 like Mac OS X) AppleWebKit/605.1.15 (KHTML, like Gecko) Version/13.0.3 Mobile/15E148 Safari/604.1"
216.244.66.202 - - [05/Apr/2025:20:36:54 -0400] "GET /professionelle-haushaltsauflosungen-in-luneburg/ HTTP/1.1" 200 97663 "-" "Mozilla/5.0 (compatible; DotBot/1.2; +https://opensiteexplorer.org/dotbot; help@moz.com)"
216.244.66.202 - - [05/Apr/2025:20:50:55 -0400] "GET /exploring-the-myst/feed/ HTTP/1.1" 200 97663 "-" "Mozilla/5.0 (compatible; DotBot/1.2; +https://opensiteexplorer.org/dotbot; help@moz.com)"
85.208.98.23 - - [05/Apr/2025:21:27:52 -0400] "GET /robots.txt HTTP/1.1" 200 97612 "-" "Mozilla/5.0 (compatible; SemrushBot-BA; +http://www.semrush.com/bot.html)"
216.244.66.202 - - [05/Apr/2025:21:28:01 -0400] "GET /robots.txt HTTP/1.1" 200 97612 "-" "Mozilla/5.0 (compatible; DotBot/1.2; +https://opensiteexplorer.org/dotbot; help@moz.com)"
93.183.89.12 - - [05/Apr/2025:21:30:38 -0400] "GET /verbessern-sie-ihre-personlichkeit-mit-korperschmuck/ HTTP/1.1" 200 97612 "http://saamigraphics.com/verbessern-sie-ihre-personlichkeit-mit-korperschmuck/" "Mozilla/5.0 (Windows NT 10.0; Win64; x64) AppleWebKit/537.36 (KHTML, like Gecko) Chrome/130.0.0.0 Safari/537.36 CCleaner/130.0.0.0"
93.183.89.12 - - [05/Apr/2025:21:30:39 -0400] "GET /verbessern-sie-ihre-personlichkeit-mit-korperschmuck/ HTTP/1.1" 200 97612 "http://saamigraphics.com/verbessern-sie-ihre-personlichkeit-mit-korperschmuck/" "Mozilla/5.0 (Windows NT 10.0; Win64; x64) AppleWebKit/537.36 (KHTML, like Gecko) Chrome/130.0.0.0 Safari/537.36 CCleaner/130.0.0.0"
93.183.89.12 - - [05/Apr/2025:21:30:40 -0400] "GET /verbessern-sie-ihre-personlichkeit-mit-korperschmuck/ HTTP/1.1" 200 97612 "http://saamigraphics.com/verbessern-sie-ihre-personlichkeit-mit-korperschmuck/" "Mozilla/5.0 (Windows NT 10.0; Win64; x64) AppleWebKit/537.36 (KHTML, like Gecko) Chrome/130.0.0.0 Safari/537.36 CCleaner/130.0.0.0"
185.121.234.50 - - [05/Apr/2025:21:38:07 -0400] "GET /verbessern-sie-ihre-personlichkeit-mit-korperschmuck/ HTTP/1.1" 200 97529 "http://saamigraphics.com/verbessern-sie-ihre-personlichkeit-mit-korperschmuck/" "Mozilla/5.0 (Windows NT 10.0; Win64; x64) AppleWebKit/537.36 (KHTML, like Gecko) Chrome/129.0.0.0 Safari/537.36"
185.121.234.50 - - [05/Apr/2025:21:38:08 -0400] "GET /verbessern-sie-ihre-personlichkeit-mit-korperschmuck/ HTTP/1.1" 200 97663 "http://saamigraphics.com/verbessern-sie-ihre-personlichkeit-mit-korperschmuck/" "Mozilla/5.0 (Windows NT 10.0; Win64; x64) AppleWebKit/537.36 (KHTML, like Gecko) Chrome/129.0.0.0 Safari/537.36"
185.121.234.50 - - [05/Apr/2025:21:38:16 -0400] "GET /verbessern-sie-ihre-personlichkeit-mit-korperschmuck/ HTTP/1.1" 200 97612 "http://saamigraphics.com/verbessern-sie-ihre-personlichkeit-mit-korperschmuck/" "Mozilla/5.0 (Windows NT 10.0; Win64; x64) AppleWebKit/537.36 (KHTML, like Gecko) Chrome/129.0.0.0 Safari/537.36"
167.94.145.100 - - [05/Apr/2025:21:38:33 -0400] "GET / HTTP/1.1" 200 97634 "-" "Mozilla/5.0 (compatible; CensysInspect/1.1; +https://about.censys.io/)"
2602:80d:1002::14 - - [05/Apr/2025:21:38:35 -0400] "GET /favicon.ico HTTP/1.1" 404 1251 "-" "Mozilla/5.0 (compatible; CensysInspect/1.1; +https://about.censys.io/)"
2602:80d:1002::14 - - [05/Apr/2025:21:38:43 -0400] "GET /favicon.ico HTTP/1.1" 404 1251 "-" "Mozilla/5.0 (compatible; CensysInspect/1.1; +https://about.censys.io/)"
216.244.66.202 - - [05/Apr/2025:21:54:32 -0400] "GET /a-refreshing-edge-to-corporate-travel/feed/ HTTP/1.1" 200 97612 "-" "Mozilla/5.0 (compatible; DotBot/1.2; +https://opensiteexplorer.org/dotbot; help@moz.com)"
216.244.66.202 - - [05/Apr/2025:22:00:28 -0400] "GET /author/jorge/page/68/ HTTP/1.1" 200 97618 "-" "Mozilla/5.0 (compatible; DotBot/1.2; +https://opensiteexplorer.org/dotbot; help@moz.com)"
195.200.29.225 - - [05/Apr/2025:22:05:12 -0400] "GET /verbessern-sie-ihre-personlichkeit-mit-korperschmuck/ HTTP/1.1" 200 97634 "http://saamigraphics.com/verbessern-sie-ihre-personlichkeit-mit-korperschmuck/" "Mozilla/5.0 (Windows NT 10.0; Win64; x64) AppleWebKit/537.36 (KHTML, like Gecko) Chrome/131.0.0.0 Safari/537.36 Avast/131.0.0.0"
195.200.29.225 - - [05/Apr/2025:22:05:13 -0400] "GET /verbessern-sie-ihre-personlichkeit-mit-korperschmuck/ HTTP/1.1" 200 97612 "http://saamigraphics.com/verbessern-sie-ihre-personlichkeit-mit-korperschmuck/" "Mozilla/5.0 (Windows NT 10.0; Win64; x64) AppleWebKit/537.36 (KHTML, like Gecko) Chrome/131.0.0.0 Safari/537.36 Avast/131.0.0.0"
195.200.29.225 - - [05/Apr/2025:22:05:15 -0400] "GET /verbessern-sie-ihre-personlichkeit-mit-korperschmuck/ HTTP/1.1" 200 97634 "http://saamigraphics.com/verbessern-sie-ihre-personlichkeit-mit-korperschmuck/" "Mozilla/5.0 (Windows NT 10.0; Win64; x64) AppleWebKit/537.36 (KHTML, like Gecko) Chrome/131.0.0.0 Safari/537.36 Avast/131.0.0.0"
89.248.168.95 - - [05/Apr/2025:22:53:26 -0400] "GET /verbessern-sie-ihre-personlichkeit-mit-korperschmuck/ HTTP/1.1" 200 97489 "http://saamigraphics.com/verbessern-sie-ihre-personlichkeit-mit-korperschmuck/" "Mozilla/5.0 (Windows NT 10.0; Win64; x64) AppleWebKit/537.36 (KHTML, like Gecko) Chrome/130.0.0.0 Safari/537.36 CCleaner/130.0.0.0"
89.248.168.95 - - [05/Apr/2025:22:53:27 -0400] "GET /verbessern-sie-ihre-personlichkeit-mit-korperschmuck/ HTTP/1.1" 200 97612 "http://saamigraphics.com/verbessern-sie-ihre-personlichkeit-mit-korperschmuck/" "Mozilla/5.0 (Windows NT 10.0; Win64; x64) AppleWebKit/537.36 (KHTML, like Gecko) Chrome/130.0.0.0 Safari/537.36 CCleaner/130.0.0.0"
89.248.168.95 - - [05/Apr/2025:22:53:28 -0400] "GET /verbessern-sie-ihre-personlichkeit-mit-korperschmuck/ HTTP/1.1" 200 97634 "http://saamigraphics.com/verbessern-sie-ihre-personlichkeit-mit-korperschmuck/" "Mozilla/5.0 (Windows NT 10.0; Win64; x64) AppleWebKit/537.36 (KHTML, like Gecko) Chrome/130.0.0.0 Safari/537.36 CCleaner/130.0.0.0"
216.244.66.202 - - [05/Apr/2025:23:08:44 -0400] "GET /robots.txt HTTP/1.1" 200 97618 "-" "Mozilla/5.0 (compatible; DotBot/1.2; +https://opensiteexplorer.org/dotbot; help@moz.com)"
52.167.144.150 - - [05/Apr/2025:23:15:59 -0400] "GET / HTTP/1.1" 200 97634 "-" "Mozilla/5.0 AppleWebKit/537.36 (KHTML, like Gecko; compatible; bingbot/2.0; +http://www.bing.com/bingbot.htm) Chrome/116.0.1938.76 Safari/537.36"
216.244.66.202 - - [05/Apr/2025:23:31:34 -0400] "GET /maintaining-your-rv-fridge/feed/ HTTP/1.1" 200 97612 "-" "Mozilla/5.0 (compatible; DotBot/1.2; +https://opensiteexplorer.org/dotbot; help@moz.com)"
216.244.66.202 - - [05/Apr/2025:23:34:25 -0400] "GET /law-tutor-find-a-law-tutor-near-you/ HTTP/1.1" 200 97645 "-" "Mozilla/5.0 (compatible; DotBot/1.2; +https://opensiteexplorer.org/dotbot; help@moz.com)"
216.244.66.202 - - [05/Apr/2025:23:34:55 -0400] "GET /decoding-the-dangers-of-buying-youtube-subscribers/ HTTP/1.1" 200 97634 "-" "Mozilla/5.0 (compatible; DotBot/1.2; +https://opensiteexplorer.org/dotbot; help@moz.com)"
98.158.100.12 - - [05/Apr/2025:23:48:09 -0400] "GET /cbd-for-anxiety-uk-a-natural-remedy-for-anxiety/ HTTP/1.1" 200 97634 "-" "Mozilla/5.0 (Windows NT 10.0; Win64; x64) AppleWebKit/537.36 (KHTML, like Gecko) Chrome/114.0.0.0 Safari/537.36"
98.158.100.12 - - [05/Apr/2025:23:48:14 -0400] "GET /cbd-for-anxiety-uk-a-natural-remedy-for-anxiety/'%20+%20item.url%20+%20' HTTP/1.1" 200 97634 "http://saamigraphics.com/cbd-for-anxiety-uk-a-natural-remedy-for-anxiety/" "Mozilla/5.0 (Windows NT 10.0; Win64; x64) AppleWebKit/537.36 (KHTML, like Gecko) Chrome/114.0.0.0 Safari/537.36"
212.34.135.220 - - [06/Apr/2025:00:08:02 -0400] "GET /exploring-homes-for-sale-in-sonoma-ca-your-guide-to-finding-the-perfect-property/ HTTP/1.1" 200 97612 "http://saamigraphics.com/exploring-homes-for-sale-in-sonoma-ca-your-guide-to-finding-the-perfect-property/#comment-937" "Mozilla/5.0 (Windows NT 10.0; Win64; x64) AppleWebKit/537.36 (KHTML, like Gecko) Chrome/130.0.0.0 Safari/537.36 CCleaner/130.0.0.0"
216.244.66.202 - - [06/Apr/2025:00:14:40 -0400] "GET /robots.txt HTTP/1.1" 200 97663 "-" "Mozilla/5.0 (compatible; DotBot/1.2; +https://opensiteexplorer.org/dotbot; help@moz.com)"
216.244.66.202 - - [06/Apr/2025:00:21:12 -0400] "GET /effiziente-haushaltsauflosungen-in-luneburg/ HTTP/1.1" 200 97612 "-" "Mozilla/5.0 (compatible; DotBot/1.2; +https://opensiteexplorer.org/dotbot; help@moz.com)"
216.244.66.202 - - [06/Apr/2025:00:26:29 -0400] "GET /convenience-and-efficiency/feed/ HTTP/1.1" 200 97634 "-" "Mozilla/5.0 (compatible; DotBot/1.2; +https://opensiteexplorer.org/dotbot; help@moz.com)"
216.244.66.202 - - [06/Apr/2025:00:39:15 -0400] "GET /learn-python-to-advance-your-career/feed/ HTTP/1.1" 200 97634 "-" "Mozilla/5.0 (compatible; DotBot/1.2; +https://opensiteexplorer.org/dotbot; help@moz.com)"
216.244.66.202 - - [06/Apr/2025:00:39:18 -0400] "GET /the-benefits-of-a-ppr-pipe-supplier/feed/ HTTP/1.1" 200 97634 "-" "Mozilla/5.0 (compatible; DotBot/1.2; +https://opensiteexplorer.org/dotbot; help@moz.com)"
45.61.146.184 - - [06/Apr/2025:00:45:57 -0400] "POST /wp-login.php HTTP/1.1" 200 0 "http://saamigraphics.com" "Mozilla/5.0 (Windows NT 10.0; Win64; x64; rv:72.0) Gecko/20100101 Firefox/72.0"
43.156.228.27 - - [06/Apr/2025:00:53:31 -0400] "GET / HTTP/1.1" 200 97489 "-" "Mozilla/5.0 (iPhone; CPU iPhone OS 13_2_3 like Mac OS X) AppleWebKit/605.1.15 (KHTML, like Gecko) Version/13.0.3 Mobile/15E148 Safari/604.1"
216.244.66.202 - - [06/Apr/2025:01:03:09 -0400] "GET /robots.txt HTTP/1.1" 200 97669 "-" "Mozilla/5.0 (compatible; DotBot/1.2; +https://opensiteexplorer.org/dotbot; help@moz.com)"
94.247.172.129 - - [06/Apr/2025:01:05:51 -0400] "GET / HTTP/1.1" 200 97612 "-" "Mozilla/5.0 (Macintosh; Intel Mac OS X 10_9_2)"
113.219.218.197 - - [06/Apr/2025:01:08:03 -0400] "GET / HTTP/1.1" 200 97663 "-" "Mozilla/5.0 (iPhone; CPU iPhone OS 13_2_3 like Mac OS X) AppleWebKit/605.1.15 (KHTML, like Gecko) Version/13.0.3 Mobile/15E148 Safari/604.1"
52.254.9.238 - - [06/Apr/2025:01:26:14 -0400] "GET /autoload_classmap.php HTTP/1.1" 200 97634 "-" "-"
52.254.9.238 - - [06/Apr/2025:01:26:14 -0400] "GET /post.php HTTP/1.1" 200 97612 "-" "-"
52.254.9.238 - - [06/Apr/2025:01:26:14 -0400] "GET /1.php HTTP/1.1" 200 97612 "-" "-"
52.254.9.238 - - [06/Apr/2025:01:26:14 -0400] "GET /flower.php HTTP/1.1" 200 97529 "-" "-"
52.254.9.238 - - [06/Apr/2025:01:26:14 -0400] "GET /admin.php HTTP/1.1" 200 97489 "-" "-"
52.254.9.238 - - [06/Apr/2025:01:26:15 -0400] "GET /file.php HTTP/1.1" 200 97489 "-" "-"
52.254.9.238 - - [06/Apr/2025:01:26:15 -0400] "GET /meta.php HTTP/1.1" 200 97612 "-" "-"
52.254.9.238 - - [06/Apr/2025:01:26:15 -0400] "GET /index.php HTTP/1.1" 200 97612 "-" "-"
52.254.9.238 - - [06/Apr/2025:01:26:15 -0400] "GET /about.php HTTP/1.1" 200 97529 "-" "-"
52.254.9.238 - - [06/Apr/2025:01:26:15 -0400] "GET /randkeyword.php HTTP/1.1" 200 97612 "-" "-"
52.254.9.238 - - [06/Apr/2025:01:26:15 -0400] "GET /goods.php HTTP/1.1" 200 97612 "-" "-"
52.254.9.238 - - [06/Apr/2025:01:26:16 -0400] "GET /hehe.php HTTP/1.1" 200 97634 "-" "-"
52.254.9.238 - - [06/Apr/2025:01:26:16 -0400] "GET /yindu.php HTTP/1.1" 200 97663 "-" "-"
52.254.9.238 - - [06/Apr/2025:01:26:16 -0400] "GET /wp-admin/class-db.php HTTP/1.1" 200 97663 "-" "-"
52.254.9.238 - - [06/Apr/2025:01:26:16 -0400] "GET /baxa1.phP8 HTTP/1.1" 200 97634 "-" "-"
52.254.9.238 - - [06/Apr/2025:01:26:16 -0400] "GET /baxa1.php HTTP/1.1" 200 97663 "-" "-"
52.254.9.238 - - [06/Apr/2025:01:26:16 -0400] "GET /.well-known//index.php HTTP/1.1" 200 97651 "-" "-"
52.254.9.238 - - [06/Apr/2025:01:26:16 -0400] "GET /libraries/phpmailer//index.php HTTP/1.1" 200 97634 "-" "-"
52.254.9.238 - - [06/Apr/2025:01:26:17 -0400] "GET /wp-admin/autoload_classmap.php HTTP/1.1" 200 97645 "-" "-"
52.254.9.238 - - [06/Apr/2025:01:26:17 -0400] "GET /wp-admin/css/colors/blue//1.php HTTP/1.1" 200 97529 "-" "-"
52.254.9.238 - - [06/Apr/2025:01:26:17 -0400] "GET /wp-content/plugins//about.php HTTP/1.1" 200 97634 "-" "-"
52.254.9.238 - - [06/Apr/2025:01:26:17 -0400] "GET /wp-content/plugins//index.php HTTP/1.1" 200 0 "-" "-"
52.254.9.238 - - [06/Apr/2025:01:26:17 -0400] "GET /wp-content/plugins/about.php HTTP/1.1" 200 97663 "-" "-"
52.254.9.238 - - [06/Apr/2025:01:26:17 -0400] "GET /wp-content/uploads/BbUMY/flower.php HTTP/1.1" 200 97634 "-" "-"
52.254.9.238 - - [06/Apr/2025:01:26:17 -0400] "GET /wp-includes/ID3//file.php HTTP/1.1" 200 97612 "-" "-"
52.254.9.238 - - [06/Apr/2025:01:26:18 -0400] "GET /wp-includes/Text/Diff/Engine//about.php HTTP/1.1" 200 97663 "-" "-"
52.254.9.238 - - [06/Apr/2025:01:26:18 -0400] "GET /wp-includes/Text/Diff/Engine//index.php HTTP/1.1" 200 97634 "-" "-"
52.254.9.238 - - [06/Apr/2025:01:26:18 -0400] "GET /wp-includes/css//index.php HTTP/1.1" 200 97524 "-" "-"
52.254.9.238 - - [06/Apr/2025:01:26:18 -0400] "GET /wp-includes/css//xc.php HTTP/1.1" 200 97612 "-" "-"
52.254.9.238 - - [06/Apr/2025:01:26:18 -0400] "GET /wp-includes/images//about.php HTTP/1.1" 200 97663 "-" "-"
52.254.9.238 - - [06/Apr/2025:01:26:18 -0400] "GET /wp-includes/images/crystal//index.php HTTP/1.1" 200 97634 "-" "-"
52.254.9.238 - - [06/Apr/2025:01:26:19 -0400] "GET /wp//index.php HTTP/1.1" 200 97612 "-" "-"
52.254.9.238 - - [06/Apr/2025:01:26:19 -0400] "GET /user.php HTTP/1.1" 200 97524 "-" "-"
52.254.9.238 - - [06/Apr/2025:01:26:19 -0400] "GET /wp-2019.php HTTP/1.1" 200 97524 "-" "-"
52.254.9.238 - - [06/Apr/2025:01:26:19 -0400] "GET /chosen.php HTTP/1.1" 200 97542 "-" "-"
52.254.9.238 - - [06/Apr/2025:01:26:19 -0400] "GET /functions.php HTTP/1.1" 200 97645 "-" "-"
52.254.9.238 - - [06/Apr/2025:01:26:20 -0400] "GET /cron.php HTTP/1.1" 200 97663 "-" "-"
52.254.9.238 - - [06/Apr/2025:01:26:20 -0400] "GET /edit.php HTTP/1.1" 200 97634 "-" "-"
52.254.9.238 - - [06/Apr/2025:01:26:20 -0400] "GET /gecko-new.php HTTP/1.1" 200 97542 "-" "-"
52.254.9.238 - - [06/Apr/2025:01:26:20 -0400] "GET /cookie.php HTTP/1.1" 200 97489 "-" "-"
52.254.9.238 - - [06/Apr/2025:01:26:20 -0400] "GET /xleet.php HTTP/1.1" 200 97489 "-" "-"
52.254.9.238 - - [06/Apr/2025:01:26:20 -0400] "GET /spip.php HTTP/1.1" 200 97489 "-" "-"
52.254.9.238 - - [06/Apr/2025:01:26:20 -0400] "GET /22.php HTTP/1.1" 200 97542 "-" "-"
52.254.9.238 - - [06/Apr/2025:01:26:21 -0400] "GET /room.php HTTP/1.1" 200 97612 "-" "-"
52.254.9.238 - - [06/Apr/2025:01:26:21 -0400] "GET /disagreed.php HTTP/1.1" 200 97663 "-" "-"
52.254.9.238 - - [06/Apr/2025:01:26:21 -0400] "GET /text.php HTTP/1.1" 200 97634 "-" "-"
52.254.9.238 - - [06/Apr/2025:01:26:21 -0400] "GET /alfa-rex.php HTTP/1.1" 200 97612 "-" "-"
52.254.9.238 - - [06/Apr/2025:01:26:21 -0400] "GET /alfa-rex.php7 HTTP/1.1" 200 97612 "-" "-"
52.254.9.238 - - [06/Apr/2025:01:26:22 -0400] "GET /feeds.php HTTP/1.1" 200 97634 "-" "-"
52.254.9.238 - - [06/Apr/2025:01:26:22 -0400] "GET /radio.php HTTP/1.1" 200 97489 "-" "-"
52.254.9.238 - - [06/Apr/2025:01:26:22 -0400] "GET /dropdown.php HTTP/1.1" 200 97612 "-" "-"
52.254.9.238 - - [06/Apr/2025:01:26:22 -0400] "GET /defaults.php HTTP/1.1" 200 97645 "-" "-"
52.254.9.238 - - [06/Apr/2025:01:26:22 -0400] "GET /system.php HTTP/1.1" 200 97529 "-" "-"
198.54.114.83 - - [06/Apr/2025:01:26:26 -0400] "POST /wp-cron.php?doing_wp_cron=1743917186.6840300559997558593750 HTTP/1.1" 200 0 "-" "WordPress/6.7.2; https://saamigraphics.com"
52.254.9.238 - - [06/Apr/2025:01:26:23 -0400] "GET /xmlrpc.php HTTP/1.1" 405 60 "-" "-"
52.254.9.238 - - [06/Apr/2025:01:26:27 -0400] "GET /xmlrpc.php0 HTTP/1.1" 200 97529 "-" "-"
52.254.9.238 - - [06/Apr/2025:01:26:27 -0400] "GET /colors.php HTTP/1.1" 200 97634 "-" "-"
52.254.9.238 - - [06/Apr/2025:01:26:27 -0400] "GET /updates.php HTTP/1.1" 200 97663 "-" "-"
52.254.9.238 - - [06/Apr/2025:01:26:27 -0400] "GET /alfa-rex1.php HTTP/1.1" 200 97489 "-" "-"
52.254.9.238 - - [06/Apr/2025:01:26:27 -0400] "GET /wp-index.php HTTP/1.1" 200 97542 "-" "-"
52.254.9.238 - - [06/Apr/2025:01:26:28 -0400] "GET /wp-admin.php HTTP/1.1" 200 97524 "-" "-"
52.254.9.238 - - [06/Apr/2025:01:26:28 -0400] "GET /alfa.php HTTP/1.1" 200 97663 "-" "-"
52.254.9.238 - - [06/Apr/2025:01:26:28 -0400] "GET /alfanew.php7 HTTP/1.1" 200 97542 "-" "-"
52.254.9.238 - - [06/Apr/2025:01:26:28 -0400] "GET /locale.php HTTP/1.1" 200 97542 "-" "-"
52.254.9.238 - - [06/Apr/2025:01:26:28 -0400] "GET /wxo.php HTTP/1.1" 200 97634 "-" "-"
52.254.9.238 - - [06/Apr/2025:01:26:28 -0400] "GET /colour.php HTTP/1.1" 200 97663 "-" "-"
52.254.9.238 - - [06/Apr/2025:01:26:28 -0400] "GET /files.php HTTP/1.1" 200 97663 "-" "-"
52.254.9.238 - - [06/Apr/2025:01:26:29 -0400] "GET /install.php HTTP/1.1" 200 97524 "-" "-"
52.254.9.238 - - [06/Apr/2025:01:26:29 -0400] "GET /wp-contentt.php HTTP/1.1" 200 97634 "-" "-"
52.254.9.238 - - [06/Apr/2025:01:26:29 -0400] "GET /config.php7 HTTP/1.1" 200 97645 "-" "-"
52.254.9.238 - - [06/Apr/2025:01:26:29 -0400] "GET /config.php HTTP/1.1" 200 97634 "-" "-"
52.254.9.238 - - [06/Apr/2025:01:26:29 -0400] "GET /theme.php HTTP/1.1" 200 97489 "-" "-"
52.254.9.238 - - [06/Apr/2025:01:26:29 -0400] "GET /block-bindings.php HTTP/1.1" 200 97612 "-" "-"
52.254.9.238 - - [06/Apr/2025:01:26:30 -0400] "GET /class_api.php HTTP/1.1" 200 97645 "-" "-"
52.254.9.238 - - [06/Apr/2025:01:26:30 -0400] "GET /inputs.php HTTP/1.1" 200 97645 "-" "-"
52.254.9.238 - - [06/Apr/2025:01:26:30 -0400] "GET /root.php HTTP/1.1" 200 97634 "-" "-"
52.254.9.238 - - [06/Apr/2025:01:26:30 -0400] "GET /menu.php HTTP/1.1" 200 97612 "-" "-"
52.254.9.238 - - [06/Apr/2025:01:26:30 -0400] "GET /plugin.php HTTP/1.1" 200 97634 "-" "-"
52.254.9.238 - - [06/Apr/2025:01:26:30 -0400] "GET /cloud.php HTTP/1.1" 200 97663 "-" "-"
52.254.9.238 - - [06/Apr/2025:01:26:30 -0400] "GET /configs.php HTTP/1.1" 200 97612 "-" "-"
52.254.9.238 - - [06/Apr/2025:01:26:31 -0400] "GET /wp-configs.php HTTP/1.1" 200 97663 "-" "-"
52.254.9.238 - - [06/Apr/2025:01:26:31 -0400] "GET /update.php HTTP/1.1" 200 97634 "-" "-"
52.254.9.238 - - [06/Apr/2025:01:26:31 -0400] "GET /2.php HTTP/1.1" 200 97663 "-" "-"
52.254.9.238 - - [06/Apr/2025:01:26:31 -0400] "GET /input.php HTTP/1.1" 200 97663 "-" "-"
52.254.9.238 - - [06/Apr/2025:01:26:31 -0400] "GET /aaa.php HTTP/1.1" 200 97529 "-" "-"
216.244.66.202 - - [06/Apr/2025:01:26:59 -0400] "GET /looks-can-be-deceiving/feed/ HTTP/1.1" 200 97634 "-" "Mozilla/5.0 (compatible; DotBot/1.2; +https://opensiteexplorer.org/dotbot; help@moz.com)"
193.32.126.164 - - [06/Apr/2025:01:37:44 -0400] "POST /wp-login.php HTTP/1.1" 302 0 "http://saamigraphics.com/wp-admin/" "Mozilla/5.0 (Windows NT 10.0; Win64; x64) AppleWebKit/537.36 (KHTML, like Gecko) Chrome/90.0.4430.85 Safari/537.36"
198.54.114.83 - - [06/Apr/2025:01:37:55 -0400] "POST /wp-cron.php?doing_wp_cron=1743917873.4127109050750732421875 HTTP/1.1" 200 0 "-" "WordPress/6.7.2; https://saamigraphics.com"
181.214.206.41 - - [06/Apr/2025:01:38:22 -0400] "GET / HTTP/1.1" 200 97634 "-" "Mozilla/5.0 (Windows NT 10.0; Win64; x64) AppleWebKit/537.36 (KHTML, like Gecko) Chrome/95.0.4638.69 Safari/537.36"
181.214.206.41 - - [06/Apr/2025:01:38:23 -0400] "GET /wp-includes/ID3/license.txt HTTP/1.1" 200 501 "-" "Mozilla/5.0 (Windows NT 10.0; Win64; x64) AppleWebKit/537.36 (KHTML, like Gecko) Chrome/95.0.4638.69 Safari/537.36"
181.214.206.41 - - [06/Apr/2025:01:38:24 -0400] "GET /feed/ HTTP/1.1" 200 97634 "-" "Mozilla/5.0 (Windows NT 10.0; Win64; x64) AppleWebKit/537.36 (KHTML, like Gecko) Chrome/95.0.4638.69 Safari/537.36"
181.214.206.41 - - [06/Apr/2025:01:38:26 -0400] "GET /xmlrpc.php?rsd HTTP/1.1" 200 308 "-" "Mozilla/5.0 (Windows NT 10.0; Win64; x64) AppleWebKit/537.36 (KHTML, like Gecko) Chrome/95.0.4638.69 Safari/537.36"
181.214.206.41 - - [06/Apr/2025:01:38:27 -0400] "GET /wp-login.php HTTP/1.1" 302 0 "-" "Mozilla/5.0 (Windows NT 10.0; Win64; x64) AppleWebKit/537.36 (KHTML, like Gecko) Chrome/95.0.4638.69 Safari/537.36"
198.54.114.83 - - [06/Apr/2025:02:32:04 -0400] "POST /wp-cron.php?doing_wp_cron=1743921124.0684740543365478515625 HTTP/1.1" 200 0 "-" "WordPress/6.7.2; https://saamigraphics.com"
185.42.12.6 - - [06/Apr/2025:02:32:00 -0400] "GET /wp-login.php HTTP/1.1" 302 0 "-" "Mozilla/5.0 (Windows NT 10.0; Win64; x64) AppleWebKit/537.36 (KHTML, like Gecko) Chrome/131.0.0.0 Safari/537.36"
185.42.12.6 - - [06/Apr/2025:02:32:06 -0400] "GET /wp-login.php HTTP/1.1" 302 0 "-" "Mozilla/5.0 (Windows NT 10.0; Win64; x64) AppleWebKit/537.36 (KHTML, like Gecko) Chrome/131.0.0.0 Safari/537.36"
185.42.12.6 - - [06/Apr/2025:02:32:09 -0400] "GET /wp-login.php HTTP/1.1" 302 0 "-" "Mozilla/5.0 (Windows NT 10.0; Win64; x64) AppleWebKit/537.36 (KHTML, like Gecko) Chrome/131.0.0.0 Safari/537.36"
205.210.31.2 - - [06/Apr/2025:03:38:14 -0400] "GET / HTTP/1.1" 200 97663 "-" "-"
216.244.66.202 - - [06/Apr/2025:04:11:38 -0400] "GET /robots.txt HTTP/1.1" 200 97634 "-" "Mozilla/5.0 (compatible; DotBot/1.2; +https://opensiteexplorer.org/dotbot; help@moz.com)"
216.244.66.202 - - [06/Apr/2025:04:16:14 -0400] "GET /conseils-pour-nettoyer-les-bijoux-en-argent/ HTTP/1.1" 200 97612 "-" "Mozilla/5.0 (compatible; DotBot/1.2; +https://opensiteexplorer.org/dotbot; help@moz.com)"
52.81.248.110 - - [06/Apr/2025:04:21:05 -0400] "GET / HTTP/1.1" 200 97634 "-" "Mozilla/5.0 (Windows NT 9_1_2; Win64; x64) AppleWebKit/537.36 (KHTML, like Gecko) Chrome/87.0.2525 Safari/537.36"
52.81.248.110 - - [06/Apr/2025:04:21:24 -0400] "GET / HTTP/1.1" 200 97634 "-" "Mozilla/5.0 (Windows NT 8_1_2; Win64; x64) AppleWebKit/574.41 (KHTML, like Gecko) Chrome/74.0.2161 Safari/537.36"
52.81.248.110 - - [06/Apr/2025:04:22:30 -0400] "GET / HTTP/1.1" 200 97641 "-" "Mozilla/5.0 (X11; Linux x86_64) AppleWebKit/536.37 (KHTML, like Gecko) Chrome/99.0.62 Safari/537.36"
52.81.248.110 - - [06/Apr/2025:04:22:53 -0400] "GET /sitemap.xml HTTP/1.1" 200 97612 "-" "Go-http-client/1.1"
52.81.248.110 - - [06/Apr/2025:04:22:53 -0400] "GET /robots.txt HTTP/1.1" 200 97634 "-" "Go-http-client/1.1"
185.174.156.124 - - [06/Apr/2025:04:41:47 -0400] "GET /cbd-for-anxiety-uk-a-natural-remedy-for-anxiety/ HTTP/1.1" 200 97612 "http://saamigraphics.com/cbd-for-anxiety-uk-a-natural-remedy-for-anxiety/" "Mozilla/5.0 (Windows NT 10.0; Win64; x64) AppleWebKit/537.36 (KHTML, like Gecko) Chrome/130.0.0.0 Safari/537.36"
52.233.69.50 - - [06/Apr/2025:05:25:04 -0400] "GET / HTTP/1.1" 200 97612 "www.google.com" "Mozilla/5.0 (Windows NT 10.0; Win64; x64) AppleWebKit/537.36 (KHTML, like Gecko) Chrome/90.0.4430.85 Safari/537.36"
170.106.113.159 - - [06/Apr/2025:05:28:39 -0400] "GET / HTTP/1.1" 200 97618 "-" "Mozilla/5.0 (iPhone; CPU iPhone OS 13_2_3 like Mac OS X) AppleWebKit/605.1.15 (KHTML, like Gecko) Version/13.0.3 Mobile/15E148 Safari/604.1"
161.97.113.8 - - [06/Apr/2025:05:31:06 -0400] "GET /wp-admin/dropdown.php HTTP/1.1" 200 97634 "-" "Mozilla/5.0 (Linux; Android 7.0; SM-G892A Build/NRD90M; wv) AppleWebKit/537.36 (KHTML, like Gecko) Version/4.0 Chrome/60.0.3112.107 Mobile Safari/537.36"
161.97.113.8 - - [06/Apr/2025:05:31:08 -0400] "GET /simple.php HTTP/1.1" 200 97634 "-" "Mozilla/5.0 (Linux; Android 7.0; SM-G892A Build/NRD90M; wv) AppleWebKit/537.36 (KHTML, like Gecko) Version/4.0 Chrome/60.0.3112.107 Mobile Safari/537.36"
161.97.113.8 - - [06/Apr/2025:05:31:13 -0400] "GET /wp-includes/index.php HTTP/1.1" 200 97612 "-" "Mozilla/5.0 (Linux; Android 7.0; SM-G892A Build/NRD90M; wv) AppleWebKit/537.36 (KHTML, like Gecko) Version/4.0 Chrome/60.0.3112.107 Mobile Safari/537.36"
161.97.113.8 - - [06/Apr/2025:05:31:17 -0400] "GET /wp-includes/SimplePie/plugins.php HTTP/1.1" 200 97663 "-" "Mozilla/5.0 (Linux; Android 7.0; SM-G892A Build/NRD90M; wv) AppleWebKit/537.36 (KHTML, like Gecko) Version/4.0 Chrome/60.0.3112.107 Mobile Safari/537.36"
161.97.113.8 - - [06/Apr/2025:05:31:20 -0400] "GET /wp-admin/bk/index.php HTTP/1.1" 200 97634 "-" "Mozilla/5.0 (Linux; Android 7.0; SM-G892A Build/NRD90M; wv) AppleWebKit/537.36 (KHTML, like Gecko) Version/4.0 Chrome/60.0.3112.107 Mobile Safari/537.36"
161.97.113.8 - - [06/Apr/2025:05:31:24 -0400] "GET /wp-includes/bala.php HTTP/1.1" 200 97618 "-" "Mozilla/5.0 (Linux; Android 7.0; SM-G892A Build/NRD90M; wv) AppleWebKit/537.36 (KHTML, like Gecko) Version/4.0 Chrome/60.0.3112.107 Mobile Safari/537.36"
161.97.113.8 - - [06/Apr/2025:05:31:30 -0400] "GET /ws.php HTTP/1.1" 200 97634 "-" "Mozilla/5.0 (Linux; Android 7.0; SM-G892A Build/NRD90M; wv) AppleWebKit/537.36 (KHTML, like Gecko) Version/4.0 Chrome/60.0.3112.107 Mobile Safari/537.36"
161.97.113.8 - - [06/Apr/2025:05:31:35 -0400] "GET /054erfgh.php7 HTTP/1.1" 200 97634 "-" "Mozilla/5.0 (Linux; Android 7.0; SM-G892A Build/NRD90M; wv) AppleWebKit/537.36 (KHTML, like Gecko) Version/4.0 Chrome/60.0.3112.107 Mobile Safari/537.36"
161.97.113.8 - - [06/Apr/2025:05:31:39 -0400] "GET /ioxi002.PhP7 HTTP/1.1" 200 97634 "-" "Mozilla/5.0 (Linux; Android 7.0; SM-G892A Build/NRD90M; wv) AppleWebKit/537.36 (KHTML, like Gecko) Version/4.0 Chrome/60.0.3112.107 Mobile Safari/537.36"
161.97.113.8 - - [06/Apr/2025:05:31:42 -0400] "GET /wp-includes/ID3/wp-login.php HTTP/1.1" 200 97663 "-" "Mozilla/5.0 (Linux; Android 7.0; SM-G892A Build/NRD90M; wv) AppleWebKit/537.36 (KHTML, like Gecko) Version/4.0 Chrome/60.0.3112.107 Mobile Safari/537.36"
161.97.113.8 - - [06/Apr/2025:05:31:47 -0400] "GET /wp-content/admin.php HTTP/1.1" 200 97529 "-" "Mozilla/5.0 (Linux; Android 7.0; SM-G892A Build/NRD90M; wv) AppleWebKit/537.36 (KHTML, like Gecko) Version/4.0 Chrome/60.0.3112.107 Mobile Safari/537.36"
161.97.113.8 - - [06/Apr/2025:05:31:54 -0400] "GET /wp-includes/Text/about.php HTTP/1.1" 200 97634 "-" "Mozilla/5.0 (Linux; Android 7.0; SM-G892A Build/NRD90M; wv) AppleWebKit/537.36 (KHTML, like Gecko) Version/4.0 Chrome/60.0.3112.107 Mobile Safari/537.36"
161.97.113.8 - - [06/Apr/2025:05:31:59 -0400] "GET /wp-includes/ID3/index.php HTTP/1.1" 200 97612 "-" "Mozilla/5.0 (Linux; Android 7.0; SM-G892A Build/NRD90M; wv) AppleWebKit/537.36 (KHTML, like Gecko) Version/4.0 Chrome/60.0.3112.107 Mobile Safari/537.36"
161.97.113.8 - - [06/Apr/2025:05:32:02 -0400] "GET /wp-content/shell20211028.php HTTP/1.1" 200 97634 "-" "Mozilla/5.0 (Linux; Android 7.0; SM-G892A Build/NRD90M; wv) AppleWebKit/537.36 (KHTML, like Gecko) Version/4.0 Chrome/60.0.3112.107 Mobile Safari/537.36"
161.97.113.8 - - [06/Apr/2025:05:32:05 -0400] "GET /wp-content/uploads/wp-login.php HTTP/1.1" 200 97634 "-" "Mozilla/5.0 (Linux; Android 7.0; SM-G892A Build/NRD90M; wv) AppleWebKit/537.36 (KHTML, like Gecko) Version/4.0 Chrome/60.0.3112.107 Mobile Safari/537.36"
161.97.113.8 - - [06/Apr/2025:05:32:10 -0400] "GET /utchiha505.php HTTP/1.1" 200 97612 "-" "Mozilla/5.0 (Linux; Android 7.0; SM-G892A Build/NRD90M; wv) AppleWebKit/537.36 (KHTML, like Gecko) Version/4.0 Chrome/60.0.3112.107 Mobile Safari/537.36"
161.97.113.8 - - [06/Apr/2025:05:32:16 -0400] "GET /wp-includes/class-wordpress-license.php HTTP/1.1" 200 97634 "-" "Mozilla/5.0 (Linux; Android 7.0; SM-G892A Build/NRD90M; wv) AppleWebKit/537.36 (KHTML, like Gecko) Version/4.0 Chrome/60.0.3112.107 Mobile Safari/537.36"
161.97.113.8 - - [06/Apr/2025:05:32:19 -0400] "GET /ws.php.php HTTP/1.1" 200 97634 "-" "Mozilla/5.0 (Linux; Android 7.0; SM-G892A Build/NRD90M; wv) AppleWebKit/537.36 (KHTML, like Gecko) Version/4.0 Chrome/60.0.3112.107 Mobile Safari/537.36"
161.97.113.8 - - [06/Apr/2025:05:32:26 -0400] "GET /as/function HTTP/1.1" 200 97663 "-" "Mozilla/5.0 (Linux; Android 7.0; SM-G892A Build/NRD90M; wv) AppleWebKit/537.36 (KHTML, like Gecko) Version/4.0 Chrome/60.0.3112.107 Mobile Safari/537.36"
161.97.113.8 - - [06/Apr/2025:05:32:31 -0400] "GET /wp-includes/js/jcrop/Jcrop.php HTTP/1.1" 200 97663 "-" "Mozilla/5.0 (Linux; Android 7.0; SM-G892A Build/NRD90M; wv) AppleWebKit/537.36 (KHTML, like Gecko) Version/4.0 Chrome/60.0.3112.107 Mobile Safari/537.36"
161.97.113.8 - - [06/Apr/2025:05:32:33 -0400] "GET /wp-admin/user/023wesd.php HTTP/1.1" 200 97612 "-" "Mozilla/5.0 (Linux; Android 7.0; SM-G892A Build/NRD90M; wv) AppleWebKit/537.36 (KHTML, like Gecko) Version/4.0 Chrome/60.0.3112.107 Mobile Safari/537.36"
161.97.113.8 - - [06/Apr/2025:05:32:38 -0400] "GET /1.php HTTP/1.1" 200 97612 "-" "Mozilla/5.0 (Linux; Android 7.0; SM-G892A Build/NRD90M; wv) AppleWebKit/537.36 (KHTML, like Gecko) Version/4.0 Chrome/60.0.3112.107 Mobile Safari/537.36"
161.97.113.8 - - [06/Apr/2025:05:32:40 -0400] "GET /wp-content/themes/wso112233.php HTTP/1.1" 200 97612 "-" "Mozilla/5.0 (Linux; Android 7.0; SM-G892A Build/NRD90M; wv) AppleWebKit/537.36 (KHTML, like Gecko) Version/4.0 Chrome/60.0.3112.107 Mobile Safari/537.36"
161.97.113.8 - - [06/Apr/2025:05:32:46 -0400] "GET /wp-admin/wso112233.php HTTP/1.1" 200 97663 "-" "Mozilla/5.0 (Linux; Android 7.0; SM-G892A Build/NRD90M; wv) AppleWebKit/537.36 (KHTML, like Gecko) Version/4.0 Chrome/60.0.3112.107 Mobile Safari/537.36"
161.97.113.8 - - [06/Apr/2025:05:32:50 -0400] "GET /cgi-bin/wp-login.php HTTP/1.1" 500 108 "-" "Mozilla/5.0 (Linux; Android 7.0; SM-G892A Build/NRD90M; wv) AppleWebKit/537.36 (KHTML, like Gecko) Version/4.0 Chrome/60.0.3112.107 Mobile Safari/537.36"
161.97.113.8 - - [06/Apr/2025:05:32:52 -0400] "GET /wp-includes/css/dist/niil.php HTTP/1.1" 200 97612 "-" "Mozilla/5.0 (Linux; Android 7.0; SM-G892A Build/NRD90M; wv) AppleWebKit/537.36 (KHTML, like Gecko) Version/4.0 Chrome/60.0.3112.107 Mobile Safari/537.36"
161.97.113.8 - - [06/Apr/2025:05:32:56 -0400] "GET /indoxploit.php HTTP/1.1" 200 97663 "-" "Mozilla/5.0 (Linux; Android 7.0; SM-G892A Build/NRD90M; wv) AppleWebKit/537.36 (KHTML, like Gecko) Version/4.0 Chrome/60.0.3112.107 Mobile Safari/537.36"
161.97.113.8 - - [06/Apr/2025:05:32:57 -0400] "GET /wp-content/languages/about.php HTTP/1.1" 200 97612 "-" "Mozilla/5.0 (Linux; Android 7.0; SM-G892A Build/NRD90M; wv) AppleWebKit/537.36 (KHTML, like Gecko) Version/4.0 Chrome/60.0.3112.107 Mobile Safari/537.36"
157.230.237.134 - - [06/Apr/2025:05:46:28 -0400] "GET /wp-admin/css/ HTTP/1.1" 403 1242 "binance.com" "Mozilla/5.0 (Windows NT 10.0; Win64; x64) AppleWebKit/537.36 (KHTML, like Gecko) Chrome/90.0.4430.85 Safari/537.36"
89.117.41.70 - - [06/Apr/2025:06:03:53 -0400] "GET /wp-content/uploads/2017-------/09/wp-console.php HTTP/1.1" 200 97634 "-" "Mozilla/5.0 (Linux; Android 11; M2010J19SI) AppleWebKit/537.36 (KHTML, like Gecko) Chrome/109.0.0.0 Mobile Safari/537.36"
89.117.41.70 - - [06/Apr/2025:06:03:55 -0400] "GET /wp-includes/js/crop/uword.php HTTP/1.1" 200 97634 "-" "Mozilla/5.0 (Linux; Android 11; M2010J19SI) AppleWebKit/537.36 (KHTML, like Gecko) Chrome/109.0.0.0 Mobile Safari/537.36"
89.117.41.70 - - [06/Apr/2025:06:03:57 -0400] "GET /wp-content/themes/bltm/wp-login.php HTTP/1.1" 200 97612 "-" "Mozilla/5.0 (Linux; Android 11; M2010J19SI) AppleWebKit/537.36 (KHTML, like Gecko) Chrome/109.0.0.0 Mobile Safari/537.36"
89.117.41.70 - - [06/Apr/2025:06:03:59 -0400] "GET /autoload_classmap.php HTTP/1.1" 200 97634 "-" "Mozilla/5.0 (Linux; Android 11; M2010J19SI) AppleWebKit/537.36 (KHTML, like Gecko) Chrome/109.0.0.0 Mobile Safari/537.36"
89.117.41.70 - - [06/Apr/2025:06:04:01 -0400] "GET /wp-content/uploads/2014/07/olx.php HTTP/1.1" 200 97489 "-" "Mozilla/5.0 (Linux; Android 11; M2010J19SI) AppleWebKit/537.36 (KHTML, like Gecko) Chrome/109.0.0.0 Mobile Safari/537.36"
89.117.41.70 - - [06/Apr/2025:06:04:04 -0400] "GET /wp-admin/css/colors/midnight/index.php HTTP/1.1" 200 97612 "-" "Mozilla/5.0 (Linux; Android 11; M2010J19SI) AppleWebKit/537.36 (KHTML, like Gecko) Chrome/109.0.0.0 Mobile Safari/537.36"
89.117.41.70 - - [06/Apr/2025:06:04:06 -0400] "GET /wp-content/uploads/2020/wp-couldent.php.suspected HTTP/1.1" 200 97663 "-" "Mozilla/5.0 (Linux; Android 11; M2010J19SI) AppleWebKit/537.36 (KHTML, like Gecko) Chrome/109.0.0.0 Mobile Safari/537.36"
89.117.41.70 - - [06/Apr/2025:06:04:08 -0400] "GET /wp-content/plugins/523453244/ninja.php HTTP/1.1" 200 97634 "-" "Mozilla/5.0 (Linux; Android 11; M2010J19SI) AppleWebKit/537.36 (KHTML, like Gecko) Chrome/109.0.0.0 Mobile Safari/537.36"
89.117.41.70 - - [06/Apr/2025:06:04:11 -0400] "GET /wp-includes/js/imgareaselect/index.php HTTP/1.1" 200 97663 "-" "Mozilla/5.0 (Linux; Android 11; M2010J19SI) AppleWebKit/537.36 (KHTML, like Gecko) Chrome/109.0.0.0 Mobile Safari/537.36"
89.117.41.70 - - [06/Apr/2025:06:04:13 -0400] "GET /wp-includes/PHPMailer/load.php HTTP/1.1" 200 97634 "-" "Mozilla/5.0 (Linux; Android 11; M2010J19SI) AppleWebKit/537.36 (KHTML, like Gecko) Chrome/109.0.0.0 Mobile Safari/537.36"
89.117.41.70 - - [06/Apr/2025:06:04:15 -0400] "GET /wp-links.php HTTP/1.1" 200 97634 "-" "Mozilla/5.0 (Linux; Android 11; M2010J19SI) AppleWebKit/537.36 (KHTML, like Gecko) Chrome/109.0.0.0 Mobile Safari/537.36"
89.117.41.70 - - [06/Apr/2025:06:04:18 -0400] "GET /wp-aa.php HTTP/1.1" 200 97612 "-" "Mozilla/5.0 (Linux; Android 11; M2010J19SI) AppleWebKit/537.36 (KHTML, like Gecko) Chrome/109.0.0.0 Mobile Safari/537.36"
89.117.41.70 - - [06/Apr/2025:06:04:21 -0400] "GET /wp-content/themes/travelscape/json.php HTTP/1.1" 200 97634 "-" "Mozilla/5.0 (Linux; Android 11; M2010J19SI) AppleWebKit/537.36 (KHTML, like Gecko) Chrome/109.0.0.0 Mobile Safari/537.36"
89.117.41.70 - - [06/Apr/2025:06:04:23 -0400] "GET /wp-content/themes/travel/issue.php HTTP/1.1" 200 97634 "-" "Mozilla/5.0 (Linux; Android 11; M2010J19SI) AppleWebKit/537.36 (KHTML, like Gecko) Chrome/109.0.0.0 Mobile Safari/537.36"
89.117.41.70 - - [06/Apr/2025:06:04:26 -0400] "GET /about.php HTTP/1.1" 200 97612 "-" "Mozilla/5.0 (Linux; Android 11; M2010J19SI) AppleWebKit/537.36 (KHTML, like Gecko) Chrome/109.0.0.0 Mobile Safari/537.36"
89.117.41.70 - - [06/Apr/2025:06:04:28 -0400] "GET /xx.php HTTP/1.1" 200 97612 "-" "Mozilla/5.0 (Linux; Android 11; M2010J19SI) AppleWebKit/537.36 (KHTML, like Gecko) Chrome/109.0.0.0 Mobile Safari/537.36"
89.117.41.70 - - [06/Apr/2025:06:04:30 -0400] "GET /wp-content/themes/digital-download/new.php HTTP/1.1" 200 97645 "-" "Mozilla/5.0 (Linux; Android 11; M2010J19SI) AppleWebKit/537.36 (KHTML, like Gecko) Chrome/109.0.0.0 Mobile Safari/537.36"
89.117.41.70 - - [06/Apr/2025:06:04:32 -0400] "GET /epinyins.php HTTP/1.1" 200 97612 "-" "Mozilla/5.0 (Linux; Android 11; M2010J19SI) AppleWebKit/537.36 (KHTML, like Gecko) Chrome/109.0.0.0 Mobile Safari/537.36"
89.117.41.70 - - [06/Apr/2025:06:04:34 -0400] "GET /wp-admin/dropdown.php HTTP/1.1" 200 97542 "-" "Mozilla/5.0 (Linux; Android 11; M2010J19SI) AppleWebKit/537.36 (KHTML, like Gecko) Chrome/109.0.0.0 Mobile Safari/537.36"
89.117.41.70 - - [06/Apr/2025:06:04:36 -0400] "GET /dropdown.php HTTP/1.1" 200 97630 "-" "Mozilla/5.0 (Linux; Android 11; M2010J19SI) AppleWebKit/537.36 (KHTML, like Gecko) Chrome/109.0.0.0 Mobile Safari/537.36"
89.117.41.70 - - [06/Apr/2025:06:04:39 -0400] "GET /wp-admin/css/index.php HTTP/1.1" 200 97634 "-" "Mozilla/5.0 (Linux; Android 11; M2010J19SI) AppleWebKit/537.36 (KHTML, like Gecko) Chrome/109.0.0.0 Mobile Safari/537.36"
89.117.41.70 - - [06/Apr/2025:06:04:41 -0400] "GET /wp-content/mah.php HTTP/1.1" 200 97634 "-" "Mozilla/5.0 (Linux; Android 11; M2010J19SI) AppleWebKit/537.36 (KHTML, like Gecko) Chrome/109.0.0.0 Mobile Safari/537.36"
89.117.41.70 - - [06/Apr/2025:06:04:44 -0400] "GET /wp-content/item.php HTTP/1.1" 200 97634 "-" "Mozilla/5.0 (Linux; Android 11; M2010J19SI) AppleWebKit/537.36 (KHTML, like Gecko) Chrome/109.0.0.0 Mobile Safari/537.36"
89.117.41.70 - - [06/Apr/2025:06:04:46 -0400] "GET /wp-content/plugins/shell/about.php HTTP/1.1" 200 97634 "-" "Mozilla/5.0 (Linux; Android 11; M2010J19SI) AppleWebKit/537.36 (KHTML, like Gecko) Chrome/109.0.0.0 Mobile Safari/537.36"
89.117.41.70 - - [06/Apr/2025:06:04:49 -0400] "GET /wp-content/plugins/pwnd/pwnd.php HTTP/1.1" 200 97634 "-" "Mozilla/5.0 (Linux; Android 11; M2010J19SI) AppleWebKit/537.36 (KHTML, like Gecko) Chrome/109.0.0.0 Mobile Safari/537.36"
89.117.41.70 - - [06/Apr/2025:06:04:51 -0400] "GET /wp-content/plugins/fix/up.php HTTP/1.1" 200 97634 "-" "Mozilla/5.0 (Linux; Android 11; M2010J19SI) AppleWebKit/537.36 (KHTML, like Gecko) Chrome/109.0.0.0 Mobile Safari/537.36"
89.117.41.70 - - [06/Apr/2025:06:04:53 -0400] "GET /wp-content/plugins/ph-file-manager/wp-file.php HTTP/1.1" 200 97612 "-" "Mozilla/5.0 (Linux; Android 11; M2010J19SI) AppleWebKit/537.36 (KHTML, like Gecko) Chrome/109.0.0.0 Mobile Safari/537.36"
89.117.41.70 - - [06/Apr/2025:06:04:55 -0400] "GET /wp-content/plugins/root-file-manager/wp-file.php HTTP/1.1" 200 97634 "-" "Mozilla/5.0 (Linux; Android 11; M2010J19SI) AppleWebKit/537.36 (KHTML, like Gecko) Chrome/109.0.0.0 Mobile Safari/537.36"
89.117.41.70 - - [06/Apr/2025:06:04:58 -0400] "GET /wp-content/plugins/wp-help/mini.php HTTP/1.1" 200 97634 "-" "Mozilla/5.0 (Linux; Android 11; M2010J19SI) AppleWebKit/537.36 (KHTML, like Gecko) Chrome/109.0.0.0 Mobile Safari/537.36"
89.117.41.70 - - [06/Apr/2025:06:05:00 -0400] "GET /wp-content/themes/travel/issue.php HTTP/1.1" 200 97634 "-" "Mozilla/5.0 (Linux; Android 11; M2010J19SI) AppleWebKit/537.36 (KHTML, like Gecko) Chrome/109.0.0.0 Mobile Safari/537.36"
89.117.41.70 - - [06/Apr/2025:06:05:03 -0400] "GET /wp-content/themes/jaida/lang.php HTTP/1.1" 200 97634 "-" "Mozilla/5.0 (Linux; Android 11; M2010J19SI) AppleWebKit/537.36 (KHTML, like Gecko) Chrome/109.0.0.0 Mobile Safari/537.36"
89.117.41.70 - - [06/Apr/2025:06:05:07 -0400] "GET /wp-l0gin.php HTTP/1.1" 200 97634 "-" "Mozilla/5.0 (Linux; Android 11; M2010J19SI) AppleWebKit/537.36 (KHTML, like Gecko) Chrome/109.0.0.0 Mobile Safari/537.36"
89.117.41.70 - - [06/Apr/2025:06:05:10 -0400] "GET /ext.php HTTP/1.1" 200 97634 "-" "Mozilla/5.0 (Linux; Android 11; M2010J19SI) AppleWebKit/537.36 (KHTML, like Gecko) Chrome/109.0.0.0 Mobile Safari/537.36"
89.117.41.70 - - [06/Apr/2025:06:05:14 -0400] "GET /wp-l0gin.php HTTP/1.1" 200 97612 "-" "Mozilla/5.0 (Linux; Android 11; M2010J19SI) AppleWebKit/537.36 (KHTML, like Gecko) Chrome/109.0.0.0 Mobile Safari/537.36"
46.8.22.233 - - [06/Apr/2025:06:11:07 -0400] "GET /wp-content/themes/woffice/readme.txt HTTP/1.1" 200 97542 "-" "Mozilla/5.0 (compatible; Googlebot/2.1; +http://www.google.com/bot.html)"
216.244.66.202 - - [06/Apr/2025:06:31:10 -0400] "GET /robots.txt HTTP/1.1" 200 97634 "-" "Mozilla/5.0 (compatible; DotBot/1.2; +https://opensiteexplorer.org/dotbot; help@moz.com)"
216.244.66.202 - - [06/Apr/2025:06:40:01 -0400] "GET /2024/02/page/6/ HTTP/1.1" 200 97612 "-" "Mozilla/5.0 (compatible; DotBot/1.2; +https://opensiteexplorer.org/dotbot; help@moz.com)"
216.244.66.202 - - [06/Apr/2025:06:40:07 -0400] "GET /5-steps-that-ensure-your-online-food-delivery-restaurant-success/feed/ HTTP/1.1" 200 97634 "-" "Mozilla/5.0 (compatible; DotBot/1.2; +https://opensiteexplorer.org/dotbot; help@moz.com)"
216.244.66.202 - - [06/Apr/2025:07:15:40 -0400] "GET /robots.txt HTTP/1.1" 200 97489 "-" "Mozilla/5.0 (compatible; DotBot/1.2; +https://opensiteexplorer.org/dotbot; help@moz.com)"
216.244.66.202 - - [06/Apr/2025:07:19:46 -0400] "GET /crochets-muraux-decoratifs/ HTTP/1.1" 200 97542 "-" "Mozilla/5.0 (compatible; DotBot/1.2; +https://opensiteexplorer.org/dotbot; help@moz.com)"
216.244.66.202 - - [06/Apr/2025:07:19:52 -0400] "GET /vita-glow-night-cream/ HTTP/1.1" 200 97542 "-" "Mozilla/5.0 (compatible; DotBot/1.2; +https://opensiteexplorer.org/dotbot; help@moz.com)"
89.175.12.245 - - [06/Apr/2025:07:29:14 -0400] "GET /cbd-for-anxiety-uk-a-natural-remedy-for-anxiety/ HTTP/1.1" 200 97634 "http://saamigraphics.com/cbd-for-anxiety-uk-a-natural-remedy-for-anxiety/" "Mozilla/5.0 (Windows NT 10.0; Win64; x64) AppleWebKit/537.36 (KHTML, like Gecko) Chrome/130.0.0.0 Safari/537.36"
45.61.146.184 - - [06/Apr/2025:07:36:01 -0400] "POST /wp-login.php HTTP/1.1" 200 0 "http://saamigraphics.com" "Mozilla/5.0 (Windows NT 10.0; Win64; x64; rv:72.0) Gecko/20100101 Firefox/72.0"
185.121.234.50 - - [06/Apr/2025:07:56:34 -0400] "GET /verbessern-sie-ihre-personlichkeit-mit-korperschmuck/ HTTP/1.1" 200 97542 "http://saamigraphics.com/verbessern-sie-ihre-personlichkeit-mit-korperschmuck/" "Mozilla/5.0 (Windows NT 10.0; Win64; x64) AppleWebKit/537.36 (KHTML, like Gecko) Chrome/131.0.0.0 Safari/537.36"
185.121.234.50 - - [06/Apr/2025:07:56:36 -0400] "GET /verbessern-sie-ihre-personlichkeit-mit-korperschmuck/ HTTP/1.1" 200 97612 "http://saamigraphics.com/verbessern-sie-ihre-personlichkeit-mit-korperschmuck/" "Mozilla/5.0 (Windows NT 10.0; Win64; x64) AppleWebKit/537.36 (KHTML, like Gecko) Chrome/131.0.0.0 Safari/537.36"
185.121.234.50 - - [06/Apr/2025:07:56:37 -0400] "GET /verbessern-sie-ihre-personlichkeit-mit-korperschmuck/ HTTP/1.1" 200 97612 "http://saamigraphics.com/verbessern-sie-ihre-personlichkeit-mit-korperschmuck/" "Mozilla/5.0 (Windows NT 10.0; Win64; x64) AppleWebKit/537.36 (KHTML, like Gecko) Chrome/131.0.0.0 Safari/537.36"
216.244.66.202 - - [06/Apr/2025:08:00:14 -0400] "GET /robots.txt HTTP/1.1" 200 97634 "-" "Mozilla/5.0 (compatible; DotBot/1.2; +https://opensiteexplorer.org/dotbot; help@moz.com)"
45.61.146.184 - - [06/Apr/2025:08:02:44 -0400] "POST /wp-login.php HTTP/1.1" 200 0 "http://saamigraphics.com" "Mozilla/5.0 (Windows NT 10.0; Win64; x64; rv:72.0) Gecko/20100101 Firefox/72.0"
216.244.66.202 - - [06/Apr/2025:08:08:28 -0400] "GET /why-you-should-have-a-custom-window-shutter-on-every-window/feed/ HTTP/1.1" 200 97530 "-" "Mozilla/5.0 (compatible; DotBot/1.2; +https://opensiteexplorer.org/dotbot; help@moz.com)"
31.23.147.114 - - [06/Apr/2025:08:15:45 -0400] "GET /gambling-lotto-can-be-harmful/ HTTP/1.1" 200 97548 "http://a-ryungpowercool.com/__media__/js/netsoltrademark.php?d=tobolsk.med-36.ru%2Freview%2Fmed-v-sotah%2Fa-productive-collaboration-with-snargl-in-ai-arts-logo-design-experience%2F" "Mozilla/5.0 (Windows NT 6.3; Win64; x64) AppleWebKit/537.36 (KHTML, like Gecko) Chrome/103.0.5060.114 Safari/537.36"
216.244.66.202 - - [06/Apr/2025:08:17:16 -0400] "GET /lhygieniste-geneve-2/feed/ HTTP/1.1" 200 97612 "-" "Mozilla/5.0 (compatible; DotBot/1.2; +https://opensiteexplorer.org/dotbot; help@moz.com)"
43.159.145.149 - - [06/Apr/2025:09:03:25 -0400] "GET / HTTP/1.1" 200 97612 "-" "Mozilla/5.0 (iPhone; CPU iPhone OS 13_2_3 like Mac OS X) AppleWebKit/605.1.15 (KHTML, like Gecko) Version/13.0.3 Mobile/15E148 Safari/604.1"
216.244.66.202 - - [06/Apr/2025:09:31:54 -0400] "GET /robots.txt HTTP/1.1" 200 97612 "-" "Mozilla/5.0 (compatible; DotBot/1.2; +https://opensiteexplorer.org/dotbot; help@moz.com)"
216.244.66.202 - - [06/Apr/2025:09:47:20 -0400] "GET /2021/12/16/escorte-i-bergen-real-escorts-eu-krepsen-passer-med-kongsvinger/ HTTP/1.1" 200 97612 "-" "Mozilla/5.0 (compatible; DotBot/1.2; +https://opensiteexplorer.org/dotbot; help@moz.com)"
93.183.89.12 - - [06/Apr/2025:10:31:30 -0400] "GET /verbessern-sie-ihre-personlichkeit-mit-korperschmuck/ HTTP/1.1" 200 97530 "http://saamigraphics.com/verbessern-sie-ihre-personlichkeit-mit-korperschmuck/" "Mozilla/5.0 (Windows NT 10.0; Win64; x64) AppleWebKit/537.36 (KHTML, like Gecko) Chrome/130.0.0.0 Safari/537.36"
93.183.89.12 - - [06/Apr/2025:10:31:31 -0400] "GET /verbessern-sie-ihre-personlichkeit-mit-korperschmuck/ HTTP/1.1" 200 97663 "http://saamigraphics.com/verbessern-sie-ihre-personlichkeit-mit-korperschmuck/" "Mozilla/5.0 (Windows NT 10.0; Win64; x64) AppleWebKit/537.36 (KHTML, like Gecko) Chrome/130.0.0.0 Safari/537.36"
93.183.89.12 - - [06/Apr/2025:10:31:32 -0400] "GET /verbessern-sie-ihre-personlichkeit-mit-korperschmuck/ HTTP/1.1" 200 97645 "http://saamigraphics.com/verbessern-sie-ihre-personlichkeit-mit-korperschmuck/" "Mozilla/5.0 (Windows NT 10.0; Win64; x64) AppleWebKit/537.36 (KHTML, like Gecko) Chrome/130.0.0.0 Safari/537.36"
52.167.144.196 - - [06/Apr/2025:10:38:36 -0400] "GET /awg-wire-size-chart/ HTTP/1.1" 200 97529 "-" "Mozilla/5.0 AppleWebKit/537.36 (KHTML, like Gecko; compatible; bingbot/2.0; +http://www.bing.com/bingbot.htm) Chrome/116.0.1938.76 Safari/537.36"
113.219.218.197 - - [06/Apr/2025:10:48:06 -0400] "GET / HTTP/1.1" 200 97634 "-" "Mozilla/5.0 (iPhone; CPU iPhone OS 13_2_3 like Mac OS X) AppleWebKit/605.1.15 (KHTML, like Gecko) Version/13.0.3 Mobile/15E148 Safari/604.1"
195.200.29.225 - - [06/Apr/2025:10:50:15 -0400] "GET /verbessern-sie-ihre-personlichkeit-mit-korperschmuck/ HTTP/1.1" 200 97663 "http://saamigraphics.com/verbessern-sie-ihre-personlichkeit-mit-korperschmuck/" "Mozilla/5.0 (Windows NT 10.0; Win64; x64) AppleWebKit/537.36 (KHTML, like Gecko) Chrome/131.0.0.0 Safari/537.36 Avast/131.0.0.0"
195.200.29.225 - - [06/Apr/2025:10:50:17 -0400] "GET /verbessern-sie-ihre-personlichkeit-mit-korperschmuck/ HTTP/1.1" 200 97489 "http://saamigraphics.com/verbessern-sie-ihre-personlichkeit-mit-korperschmuck/" "Mozilla/5.0 (Windows NT 10.0; Win64; x64) AppleWebKit/537.36 (KHTML, like Gecko) Chrome/131.0.0.0 Safari/537.36 Avast/131.0.0.0"
