139.99.68.31 - - [30/Mar/2025:04:50:45 -0400] "GET /wp-l0gin.php HTTP/1.1" 200 97489 "-" "Mozilla/5.0 (Linux; Android 11; M2010J19SI) AppleWebKit/537.36 (KHTML, like Gecko) Chrome/109.0.0.0 Mobile Safari/537.36"
196.251.71.229 - - [30/Mar/2025:05:11:01 -0400] "POST /ALFA_DATA/alfacgiapi/perl.alfa HTTP/1.1" 200 97612 "www.google.com" "Mozlila/5.0 (Linux; Android 7.0; SM-G892A Bulid/NRD90M; wv) AppleWebKit/537.36 (KHTML, like Gecko) Version/4.0 Chrome/60.0.3112.107 Moblie Safari/537.36"
196.251.71.229 - - [30/Mar/2025:05:11:01 -0400] "GET /wp-content/plugins/fix/up.php HTTP/1.1" 200 97634 "-" "Mozilla/5.0 (Windows NT 10.0; Win64; x64) AppleWebKit/537.36 (KHTML, like Gecko) Chrome/85.0.4183.102 Safari/537.36"
196.251.71.229 - - [30/Mar/2025:05:11:01 -0400] "GET /wp-content/themes/seotheme/db.php?u HTTP/1.1" 200 97634 "www.google.com" "Mozlila/5.0 (Linux; Android 7.0; SM-G892A Bulid/NRD90M; wv) AppleWebKit/537.36 (KHTML, like Gecko) Version/4.0 Chrome/60.0.3112.107 Moblie Safari/537.36"
196.251.71.229 - - [30/Mar/2025:05:11:01 -0400] "POST /wp-plain.php HTTP/1.1" 200 97634 "www.google.com" "Mozilla/5.0 (Linux; Android 7.0; SM-G892A Bulid/NRD90M; wv) AppleWebKit/537.36 (KHTML, like Gecko) Version/4.0 Chrome/60.0.3112.107 Moblie Safari/537.36"
196.251.71.229 - - [30/Mar/2025:05:11:01 -0400] "GET / HTTP/1.1" 200 97634 "-" "Mozlila/5.0 (Linux; Android 7.0; SM-G892A Bulid/NRD90M; wv) AppleWebKit/537.36 (KHTML, like Gecko) Version/4.0 Chrome/60.0.3112.107 Moblie Safari/537.36"
196.251.71.229 - - [30/Mar/2025:05:11:03 -0400] "GET /ykfcltow.php?Fox=d3wL7 HTTP/1.1" 200 97612 "www.google.com" "Mozilla/5.0 (Linux; Android 7.0; SM-G892A Bulid/NRD90M; wv) AppleWebKit/537.36 (KHTML, like Gecko) Version/4.0 Chrome/60.0.3112.107 Moblie Safari/537.36"
196.251.71.229 - - [30/Mar/2025:05:11:03 -0400] "POST /alfacgiapi/perl.alfa HTTP/1.1" 200 97634 "www.google.com" "Mozlila/5.0 (Linux; Android 7.0; SM-G892A Bulid/NRD90M; wv) AppleWebKit/537.36 (KHTML, like Gecko) Version/4.0 Chrome/60.0.3112.107 Moblie Safari/537.36"
125.94.144.102 - - [30/Mar/2025:05:29:11 -0400] "GET / HTTP/1.1" 200 97489 "-" "Mozilla/5.0 (iPhone; CPU iPhone OS 13_2_3 like Mac OS X) AppleWebKit/605.1.15 (KHTML, like Gecko) Version/13.0.3 Mobile/15E148 Safari/604.1"
216.244.66.202 - - [30/Mar/2025:05:32:45 -0400] "GET /how-to-find-a-reputable-refrigerator-repair-service/feed/ HTTP/1.1" 200 97645 "-" "Mozilla/5.0 (compatible; DotBot/1.2; +https://opensiteexplorer.org/dotbot; help@moz.com)"
216.244.66.202 - - [30/Mar/2025:05:49:11 -0400] "GET /vita-glow-night-cream/feed/ HTTP/1.1" 200 97612 "-" "Mozilla/5.0 (compatible; DotBot/1.2; +https://opensiteexplorer.org/dotbot; help@moz.com)"
20.191.45.212 - - [30/Mar/2025:06:02:20 -0400] "GET / HTTP/1.1" 200 97634 "http://saamigraphics.com/" "DuckDuckBot/1.1; (+http://duckduckgo.com/duckduckbot.html)"
20.191.45.212 - - [30/Mar/2025:06:02:23 -0400] "GET /favicon.ico HTTP/1.1" 404 1251 "http://saamigraphics.com/favicon.ico" "DuckDuckBot/1.1; (+http://duckduckgo.com/duckduckbot.html)"
216.244.66.202 - - [30/Mar/2025:06:03:59 -0400] "GET /robots.txt HTTP/1.1" 200 97634 "-" "Mozilla/5.0 (compatible; DotBot/1.2; +https://opensiteexplorer.org/dotbot; help@moz.com)"
18.208.209.60 - - [30/Mar/2025:06:08:52 -0400] "GET / HTTP/1.1" 200 97612 "-" "Mozilla/5.0 (Windows NT 10.0; Win64; x64) AppleWebKit/537.36 (KHTML, like Gecko) Chrome/125.0.0.0 Safari/537.36"
216.244.66.202 - - [30/Mar/2025:06:10:58 -0400] "GET /2023/ HTTP/1.1" 200 97612 "-" "Mozilla/5.0 (compatible; DotBot/1.2; +https://opensiteexplorer.org/dotbot; help@moz.com)"
216.244.66.202 - - [30/Mar/2025:06:12:05 -0400] "GET /unveiling-the-whispering-breeze-the-electric-fan/ HTTP/1.1" 200 97634 "-" "Mozilla/5.0 (compatible; DotBot/1.2; +https://opensiteexplorer.org/dotbot; help@moz.com)"
43.157.153.236 - - [30/Mar/2025:06:12:26 -0400] "GET / HTTP/1.1" 200 88746 "-" "Mozilla/5.0 (iPhone; CPU iPhone OS 13_2_3 like Mac OS X) AppleWebKit/605.1.15 (KHTML, like Gecko) Version/13.0.3 Mobile/15E148 Safari/604.1"
132.145.29.111 - - [30/Mar/2025:06:33:12 -0400] "GET /.env HTTP/1.1" 200 97634 "-" "Mozilla/5.0 (X11; Linux x86_64) AppleWebKit/537.36 (KHTML, like Gecko) Chrome/81.0.4044.129 Safari/537.36"
132.145.29.111 - - [30/Mar/2025:06:33:14 -0400] "POST / HTTP/1.1" 200 97634 "-" "Mozilla/5.0 (X11; Linux x86_64) AppleWebKit/537.36 (KHTML, like Gecko) Chrome/81.0.4044.129 Safari/537.36"
216.244.66.202 - - [30/Mar/2025:06:52:03 -0400] "GET /robots.txt HTTP/1.1" 200 97612 "-" "Mozilla/5.0 (compatible; DotBot/1.2; +https://opensiteexplorer.org/dotbot; help@moz.com)"
167.71.21.36 - - [30/Mar/2025:06:52:40 -0400] "GET / HTTP/1.1" 200 97634 "-" "Mozilla/5.0 (Windows NT 10.0; Win64; x64) AppleWebKit/537.36 (KHTML, like Gecko) Chrome/80.0.3987.149 Safari/537.36"
167.71.21.36 - - [30/Mar/2025:06:52:42 -0400] "GET / HTTP/1.1" 200 97612 "-" "Mozilla/5.0 (Windows NT 10.0; Win64; x64) AppleWebKit/537.36 (KHTML, like Gecko) Chrome/80.0.3987.149 Safari/537.36"
167.71.21.36 - - [30/Mar/2025:06:52:43 -0400] "GET /wp-includes/wlwmanifest.xml HTTP/1.1" 200 97634 "-" "Mozilla/5.0 (Windows NT 10.0; Win64; x64) AppleWebKit/537.36 (KHTML, like Gecko) Chrome/80.0.3987.149 Safari/537.36"
198.54.114.83 - - [30/Mar/2025:06:52:52 -0400] "POST /wp-cron.php?doing_wp_cron=1743331972.1866199970245361328125 HTTP/1.1" 200 0 "-" "WordPress/6.7.2; https://saamigraphics.com"
167.71.21.36 - - [30/Mar/2025:06:52:43 -0400] "GET /xmlrpc.php?rsd HTTP/1.1" 200 308 "-" "Mozilla/5.0 (Windows NT 10.0; Win64; x64) AppleWebKit/537.36 (KHTML, like Gecko) Chrome/80.0.3987.149 Safari/537.36"
167.71.21.36 - - [30/Mar/2025:06:52:53 -0400] "GET /?author=1 HTTP/1.1" 200 97489 "-" "Mozilla/5.0 (Windows NT 10.0; Win64; x64) AppleWebKit/537.36 (KHTML, like Gecko) Chrome/80.0.3987.149 Safari/537.36"
167.71.21.36 - - [30/Mar/2025:06:52:54 -0400] "GET /?author=2 HTTP/1.1" 200 97663 "-" "Mozilla/5.0 (Windows NT 10.0; Win64; x64) AppleWebKit/537.36 (KHTML, like Gecko) Chrome/80.0.3987.149 Safari/537.36"
167.71.21.36 - - [30/Mar/2025:06:52:55 -0400] "GET /wp-json/wp/v2/users/ HTTP/1.1" 200 97612 "-" "Mozilla/5.0 (Windows NT 10.0; Win64; x64) AppleWebKit/537.36 (KHTML, like Gecko) Chrome/80.0.3987.149 Safari/537.36"
167.71.21.36 - - [30/Mar/2025:06:52:56 -0400] "GET /wp-json/oembed/1.0/embed?url=http://saamigraphics.com HTTP/1.1" 200 97612 "-" "Mozilla/5.0 (Windows NT 10.0; Win64; x64) AppleWebKit/537.36 (KHTML, like Gecko) Chrome/80.0.3987.149 Safari/537.36"
167.71.21.36 - - [30/Mar/2025:06:53:00 -0400] "POST /xmlrpc.php HTTP/1.1" 200 212 "-" "Mozilla/5.0 (Windows NT 10.0; Win64; x64) AppleWebKit/537.36 (KHTML, like Gecko) Chrome/80.0.3987.149 Safari/537.36"
167.71.21.36 - - [30/Mar/2025:06:53:02 -0400] "POST /xmlrpc.php HTTP/1.1" 200 236 "-" "Mozilla/5.0 (Windows NT 10.0; Win64; x64) AppleWebKit/537.36 (KHTML, like Gecko) Chrome/80.0.3987.149 Safari/537.36"
167.71.21.36 - - [30/Mar/2025:06:53:03 -0400] "POST /xmlrpc.php HTTP/1.1" 200 212 "-" "Mozilla/5.0 (Windows NT 10.0; Win64; x64) AppleWebKit/537.36 (KHTML, like Gecko) Chrome/80.0.3987.149 Safari/537.36"
167.71.21.36 - - [30/Mar/2025:06:53:04 -0400] "POST /xmlrpc.php HTTP/1.1" 200 236 "-" "Mozilla/5.0 (Windows NT 10.0; Win64; x64) AppleWebKit/537.36 (KHTML, like Gecko) Chrome/80.0.3987.149 Safari/537.36"
167.71.21.36 - - [30/Mar/2025:06:53:05 -0400] "POST /xmlrpc.php HTTP/1.1" 200 236 "-" "Mozilla/5.0 (Windows NT 10.0; Win64; x64) AppleWebKit/537.36 (KHTML, like Gecko) Chrome/80.0.3987.149 Safari/537.36"
167.71.21.36 - - [30/Mar/2025:06:53:07 -0400] "POST /xmlrpc.php HTTP/1.1" 200 236 "-" "Mozilla/5.0 (Windows NT 10.0; Win64; x64) AppleWebKit/537.36 (KHTML, like Gecko) Chrome/80.0.3987.149 Safari/537.36"
216.244.66.202 - - [30/Mar/2025:07:00:00 -0400] "GET /revolutionizing-workplace-connectivity-the-employee-communication-app/ HTTP/1.1" 200 97634 "-" "Mozilla/5.0 (compatible; DotBot/1.2; +https://opensiteexplorer.org/dotbot; help@moz.com)"
196.251.85.190 - - [30/Mar/2025:07:05:55 -0400] "GET / HTTP/1.1" 200 97663 "-" "Mozilla/5.0 (Windows NT 10.0; Win64; x64) AppleWebKit/537.36 (KHTML, like Gecko) Chrome/89.0.4389.114 Safari/537.36"
196.251.85.190 - - [30/Mar/2025:07:05:55 -0400] "GET / HTTP/1.1" 200 97489 "-" "Mozilla/5.0 (Windows NT 10.0; Win64; x64) AppleWebKit/537.36 (KHTML, like Gecko) Chrome/89.0.4389.114 Safari/537.36"
196.251.85.190 - - [30/Mar/2025:07:05:56 -0400] "GET /wp-includes/wlwmanifest.xml HTTP/1.1" 200 97663 "-" "Mozilla/5.0 (Windows NT 10.0; Win64; x64) AppleWebKit/537.36 (KHTML, like Gecko) Chrome/89.0.4389.114 Safari/537.36"
198.54.114.83 - - [30/Mar/2025:07:05:58 -0400] "POST /wp-cron.php?doing_wp_cron=1743332758.0058081150054931640625 HTTP/1.1" 200 0 "-" "WordPress/6.7.2; https://saamigraphics.com"
196.251.85.190 - - [30/Mar/2025:07:05:57 -0400] "GET /xmlrpc.php?rsd HTTP/1.1" 200 308 "-" "Mozilla/5.0 (Windows NT 10.0; Win64; x64) AppleWebKit/537.36 (KHTML, like Gecko) Chrome/89.0.4389.114 Safari/537.36"
196.251.85.190 - - [30/Mar/2025:07:05:58 -0400] "GET /?author=1 HTTP/1.1" 200 97489 "-" "Mozilla/5.0 (Windows NT 10.0; Win64; x64) AppleWebKit/537.36 (KHTML, like Gecko) Chrome/89.0.4389.114 Safari/537.36"
196.251.85.190 - - [30/Mar/2025:07:05:59 -0400] "GET /?author=2 HTTP/1.1" 200 97634 "-" "Mozilla/5.0 (Windows NT 10.0; Win64; x64) AppleWebKit/537.36 (KHTML, like Gecko) Chrome/89.0.4389.114 Safari/537.36"
196.251.85.190 - - [30/Mar/2025:07:06:00 -0400] "GET /?author=3 HTTP/1.1" 200 97524 "-" "Mozilla/5.0 (Windows NT 10.0; Win64; x64) AppleWebKit/537.36 (KHTML, like Gecko) Chrome/89.0.4389.114 Safari/537.36"
196.251.85.190 - - [30/Mar/2025:07:06:00 -0400] "GET /wp-json/wp/v2/users/ HTTP/1.1" 200 97634 "-" "Mozilla/5.0 (Windows NT 10.0; Win64; x64) AppleWebKit/537.36 (KHTML, like Gecko) Chrome/89.0.4389.114 Safari/537.36"
196.251.85.190 - - [30/Mar/2025:07:06:01 -0400] "GET /wp-json/oembed/1.0/embed?url=http://saamigraphics.com HTTP/1.1" 200 97618 "-" "Mozilla/5.0 (Windows NT 10.0; Win64; x64) AppleWebKit/537.36 (KHTML, like Gecko) Chrome/89.0.4389.114 Safari/537.36"
196.251.85.190 - - [30/Mar/2025:07:06:01 -0400] "POST /xmlrpc.php HTTP/1.1" 200 212 "-" "Mozilla/5.0 (Windows NT 10.0; Win64; x64) AppleWebKit/537.36 (KHTML, like Gecko) Chrome/89.0.4389.114 Safari/537.36"
196.251.85.190 - - [30/Mar/2025:07:06:02 -0400] "POST /xmlrpc.php HTTP/1.1" 200 212 "-" "Mozilla/5.0 (Windows NT 10.0; Win64; x64) AppleWebKit/537.36 (KHTML, like Gecko) Chrome/89.0.4389.114 Safari/537.36"
196.251.85.190 - - [30/Mar/2025:07:06:03 -0400] "POST /xmlrpc.php HTTP/1.1" 200 236 "-" "Mozilla/5.0 (Windows NT 10.0; Win64; x64) AppleWebKit/537.36 (KHTML, like Gecko) Chrome/89.0.4389.114 Safari/537.36"
196.251.85.190 - - [30/Mar/2025:07:06:04 -0400] "POST /xmlrpc.php HTTP/1.1" 200 236 "-" "Mozilla/5.0 (Windows NT 10.0; Win64; x64) AppleWebKit/537.36 (KHTML, like Gecko) Chrome/89.0.4389.114 Safari/537.36"
196.251.85.190 - - [30/Mar/2025:07:06:06 -0400] "POST /xmlrpc.php HTTP/1.1" 200 212 "-" "Mozilla/5.0 (Windows NT 10.0; Win64; x64) AppleWebKit/537.36 (KHTML, like Gecko) Chrome/89.0.4389.114 Safari/537.36"
196.251.85.190 - - [30/Mar/2025:07:06:07 -0400] "POST /xmlrpc.php HTTP/1.1" 200 236 "-" "Mozilla/5.0 (Windows NT 10.0; Win64; x64) AppleWebKit/537.36 (KHTML, like Gecko) Chrome/89.0.4389.114 Safari/537.36"
216.244.66.202 - - [30/Mar/2025:07:09:13 -0400] "GET /exploring-udon-thani-with-convenient-car-rentals/ HTTP/1.1" 200 97529 "-" "Mozilla/5.0 (compatible; DotBot/1.2; +https://opensiteexplorer.org/dotbot; help@moz.com)"
216.244.66.202 - - [30/Mar/2025:07:11:30 -0400] "GET /der-ultimative-leitfaden-fur-ihren-online-shop/ HTTP/1.1" 200 97489 "-" "Mozilla/5.0 (compatible; DotBot/1.2; +https://opensiteexplorer.org/dotbot; help@moz.com)"
216.244.66.202 - - [30/Mar/2025:07:12:58 -0400] "GET /best-locksmith-chicago/feed/ HTTP/1.1" 200 97612 "-" "Mozilla/5.0 (compatible; DotBot/1.2; +https://opensiteexplorer.org/dotbot; help@moz.com)"
66.249.68.5 - - [30/Mar/2025:07:14:15 -0400] "GET / HTTP/1.1" 200 97919 "-" "Mozilla/5.0 (Linux; Android 6.0.1; Nexus 5X Build/MMB29P) AppleWebKit/537.36 (KHTML, like Gecko) Chrome/99.0.4844.84 Mobile Safari/537.36 (compatible; Googlebot/2.1; +http://www.google.com/bot.html)"
66.249.68.5 - - [30/Mar/2025:07:14:16 -0400] "GET / HTTP/1.1" 200 97634 "-" "Mozilla/5.0 (compatible; Googlebot/2.1; +http://www.google.com/bot.html)"
216.244.66.202 - - [30/Mar/2025:07:14:25 -0400] "GET /free-money-through-poker-referral-codes/feed/ HTTP/1.1" 200 97634 "-" "Mozilla/5.0 (compatible; DotBot/1.2; +https://opensiteexplorer.org/dotbot; help@moz.com)"
216.244.66.202 - - [30/Mar/2025:07:14:28 -0400] "GET /gulfstream-for-sale/feed/ HTTP/1.1" 200 97634 "-" "Mozilla/5.0 (compatible; DotBot/1.2; +https://opensiteexplorer.org/dotbot; help@moz.com)"
66.249.68.5 - - [30/Mar/2025:07:18:53 -0400] "GET /react.js HTTP/1.1" 200 97645 "http://saamigraphics.com/" "Mozilla/5.0 AppleWebKit/537.36 (KHTML, like Gecko; compatible; Googlebot/2.1; +http://www.google.com/bot.html) Chrome/134.0.6998.165 Safari/537.36"
101.33.77.217 - - [30/Mar/2025:07:22:51 -0400] "GET /verbessern-sie-ihre-personlichkeit-mit-korperschmuck/ HTTP/1.1" 200 97663 "http://saamigraphics.com" "Mozilla/5.0 (Windows NT 10.0; Win64; x64) AppleWebKit/537.36 (KHTML, like Gecko) Chrome/62.0.3202.94 Safari/537.36"
66.249.68.5 - - [30/Mar/2025:07:22:56 -0400] "GET /react-dom.js HTTP/1.1" 200 97542 "http://saamigraphics.com/" "Mozilla/5.0 (Linux; Android 6.0.1; Nexus 5X Build/MMB29P) AppleWebKit/537.36 (KHTML, like Gecko) Chrome/134.0.6998.165 Mobile Safari/537.36 (compatible; Googlebot/2.1; +http://www.google.com/bot.html)"
66.249.68.6 - - [30/Mar/2025:07:23:00 -0400] "GET /favicon.ico HTTP/1.1" 404 1251 "-" "Googlebot-Image/1.0"
102.129.223.92 - - [30/Mar/2025:07:33:24 -0400] "GET / HTTP/1.1" 200 97489 "-" "Mozilla/5.0 (X11; Ubuntu; Linux i686; rv:114.0) Gecko/20100101 Firefox/114.0"
102.129.223.92 - - [30/Mar/2025:07:33:25 -0400] "GET /'%20+%20item.url%20+%20' HTTP/1.1" 200 97634 "http://saamigraphics.com" "Mozilla/5.0 (X11; Ubuntu; Linux i686; rv:114.0) Gecko/20100101 Firefox/114.0"
46.147.222.254 - - [30/Mar/2025:07:41:24 -0400] "GET /gambling-lotto-can-be-harmful/ HTTP/1.1" 200 97634 "http://saamigraphics.com/gambling-lotto-can-be-harmful/" "Mozilla/5.0 (Windows NT 10.0; Win64; x64) AppleWebKit/537.36 (KHTML, like Gecko) Chrome/131.0.0.0 Safari/537.36"
216.244.66.202 - - [30/Mar/2025:07:59:29 -0400] "GET /author/jorge/ HTTP/1.1" 200 97529 "-" "Mozilla/5.0 (compatible; DotBot/1.2; +https://opensiteexplorer.org/dotbot; help@moz.com)"
198.54.114.83 - - [30/Mar/2025:08:11:51 -0400] "POST /wp-cron.php?doing_wp_cron=1743336711.1218640804290771484375 HTTP/1.1" 200 0 "-" "WordPress/6.7.2; https://saamigraphics.com"
114.168.236.183 - - [30/Mar/2025:08:11:49 -0400] "POST /wp-login.php HTTP/1.1" 302 0 "-" "Mozilla/5.0 (Windows NT 10.0; Win64; x64; rv:95.0) Gecko/20100101 Firefox/95.0"
216.244.66.202 - - [30/Mar/2025:08:13:44 -0400] "GET /a-paradigm-shift-in-communication/feed/ HTTP/1.1" 200 97542 "-" "Mozilla/5.0 (compatible; DotBot/1.2; +https://opensiteexplorer.org/dotbot; help@moz.com)"
216.244.66.202 - - [30/Mar/2025:08:13:48 -0400] "GET /the-concept-of-multicanais/feed/ HTTP/1.1" 200 97489 "-" "Mozilla/5.0 (compatible; DotBot/1.2; +https://opensiteexplorer.org/dotbot; help@moz.com)"
87.239.191.53 - - [30/Mar/2025:08:21:47 -0400] "GET / HTTP/1.1" 200 97634 "http://saamigraphics.com/" "Mozilla/5.0 (Windows NT 10.0; Win64; x64) AppleWebKit/537.36 (KHTML, like Gecko) Chrome/130.0.0.0 Safari/537.36 CCleaner/130.0.0.0"
196.251.80.22 - - [30/Mar/2025:08:26:21 -0400] "GET / HTTP/1.1" 200 97634 "-" "Mozlila/5.0 (Linux; Android 7.0; SM-G892A Bulid/NRD90M; wv) AppleWebKit/537.36 (KHTML, like Gecko) Version/4.0 Chrome/60.0.3112.107 Moblie Safari/537.36"
196.251.80.22 - - [30/Mar/2025:08:26:21 -0400] "POST /wp-plain.php HTTP/1.1" 200 97634 "www.google.com" "Mozilla/5.0 (Linux; Android 7.0; SM-G892A Bulid/NRD90M; wv) AppleWebKit/537.36 (KHTML, like Gecko) Version/4.0 Chrome/60.0.3112.107 Moblie Safari/537.36"
196.251.80.22 - - [30/Mar/2025:08:26:21 -0400] "GET /wp-content/themes/seotheme/db.php?u HTTP/1.1" 200 97634 "www.google.com" "Mozlila/5.0 (Linux; Android 7.0; SM-G892A Bulid/NRD90M; wv) AppleWebKit/537.36 (KHTML, like Gecko) Version/4.0 Chrome/60.0.3112.107 Moblie Safari/537.36"
196.251.80.22 - - [30/Mar/2025:08:26:21 -0400] "POST /ALFA_DATA/alfacgiapi/perl.alfa HTTP/1.1" 200 97612 "www.google.com" "Mozlila/5.0 (Linux; Android 7.0; SM-G892A Bulid/NRD90M; wv) AppleWebKit/537.36 (KHTML, like Gecko) Version/4.0 Chrome/60.0.3112.107 Moblie Safari/537.36"
196.251.80.22 - - [30/Mar/2025:08:26:21 -0400] "GET /wp-content/plugins/fix/up.php HTTP/1.1" 200 97634 "-" "Mozilla/5.0 (Windows NT 10.0; Win64; x64) AppleWebKit/537.36 (KHTML, like Gecko) Chrome/85.0.4183.102 Safari/537.36"
196.251.80.22 - - [30/Mar/2025:08:26:22 -0400] "POST /alfacgiapi/perl.alfa HTTP/1.1" 200 97634 "www.google.com" "Mozlila/5.0 (Linux; Android 7.0; SM-G892A Bulid/NRD90M; wv) AppleWebKit/537.36 (KHTML, like Gecko) Version/4.0 Chrome/60.0.3112.107 Moblie Safari/537.36"
196.251.80.22 - - [30/Mar/2025:08:26:22 -0400] "GET /rmgoghwv.php?Fox=d3wL7 HTTP/1.1" 200 97618 "www.google.com" "Mozilla/5.0 (Linux; Android 7.0; SM-G892A Bulid/NRD90M; wv) AppleWebKit/537.36 (KHTML, like Gecko) Version/4.0 Chrome/60.0.3112.107 Moblie Safari/537.36"
216.244.66.202 - - [30/Mar/2025:08:26:29 -0400] "GET /page/115/ HTTP/1.1" 200 97634 "-" "Mozilla/5.0 (compatible; DotBot/1.2; +https://opensiteexplorer.org/dotbot; help@moz.com)"
216.244.66.202 - - [30/Mar/2025:08:26:58 -0400] "GET /author/jorge/page/92/ HTTP/1.1" 200 97634 "-" "Mozilla/5.0 (compatible; DotBot/1.2; +https://opensiteexplorer.org/dotbot; help@moz.com)"
216.244.66.202 - - [30/Mar/2025:08:29:26 -0400] "GET /2021/11/17/gratis-cumshots-urverk-sex-boker-erotic-comics-dating-sex-lingam-massage-pornstar-escort-agency-submissive-escort-prague/ HTTP/1.1" 200 97529 "-" "Mozilla/5.0 (compatible; DotBot/1.2; +https://opensiteexplorer.org/dotbot; help@moz.com)"
196.251.69.226 - - [30/Mar/2025:08:31:41 -0400] "POST /wp-content/plugins/about.php HTTP/1.1" 200 97663 "http://saamigraphics.com" "Mozilla/5.0 (Windows NT 10.0; Win64; x64) AppleWebKit/537.36 (KHTML, like Gecko) Chrome/91.0.4472.124 Safari/537.36"
196.251.69.226 - - [30/Mar/2025:08:31:42 -0400] "GET /wp-content/about.php HTTP/1.1" 200 97612 "http://saamigraphics.com" "Mozilla/5.0 (Windows NT 10.0; Win64; x64) AppleWebKit/537.36 (KHTML, like Gecko) Chrome/91.0.4472.124 Safari/537.36"
196.251.69.226 - - [30/Mar/2025:08:31:45 -0400] "POST /wp-content/plugins/about.php HTTP/1.1" 200 97612 "http://saamigraphics.com" "Mozilla/5.0 (Windows NT 10.0; Win64; x64) AppleWebKit/537.36 (KHTML, like Gecko) Chrome/91.0.4472.124 Safari/537.36"
196.251.69.226 - - [30/Mar/2025:08:31:46 -0400] "GET /wp-content/about.php HTTP/1.1" 200 97612 "http://saamigraphics.com" "Mozilla/5.0 (Windows NT 10.0; Win64; x64) AppleWebKit/537.36 (KHTML, like Gecko) Chrome/91.0.4472.124 Safari/537.36"
196.251.69.226 - - [30/Mar/2025:08:31:49 -0400] "POST /wp-content/plugins/about.php HTTP/1.1" 200 97634 "http://saamigraphics.com" "Mozilla/5.0 (Windows NT 10.0; Win64; x64) AppleWebKit/537.36 (KHTML, like Gecko) Chrome/91.0.4472.124 Safari/537.36"
196.251.69.226 - - [30/Mar/2025:08:31:50 -0400] "GET /wp-content/about.php HTTP/1.1" 200 97542 "http://saamigraphics.com" "Mozilla/5.0 (Windows NT 10.0; Win64; x64) AppleWebKit/537.36 (KHTML, like Gecko) Chrome/91.0.4472.124 Safari/537.36"
196.251.69.226 - - [30/Mar/2025:08:31:53 -0400] "POST /wp.php HTTP/1.1" 200 97612 "http://saamigraphics.com" "Mozilla/5.0 (Windows NT 10.0; Win64; x64) AppleWebKit/537.36 (KHTML, like Gecko) Chrome/91.0.4472.124 Safari/537.36"
196.251.69.226 - - [30/Mar/2025:08:31:54 -0400] "GET /about.php HTTP/1.1" 200 97542 "http://saamigraphics.com" "Mozilla/5.0 (Windows NT 10.0; Win64; x64) AppleWebKit/537.36 (KHTML, like Gecko) Chrome/91.0.4472.124 Safari/537.36"
43.218.226.199 - - [30/Mar/2025:08:32:52 -0400] "GET /wp-content/uploads/wpr-addons/forms/b1ack.php HTTP/1.1" 200 97634 "-" "Mozilla/5.0 (Windows NT 10.0; Win64; x64) AppleWebKit/537.36 (KHTML, like Gecko) Chrome/85.0.4183.102 Safari/537.36"
43.218.226.199 - - [30/Mar/2025:08:32:58 -0400] "GET /wp-content/plugins/fix/up.php HTTP/1.1" 200 97612 "-" "Mozilla/5.0 (Windows NT 10.0; Win64; x64) AppleWebKit/537.36 (KHTML, like Gecko) Chrome/85.0.4183.102 Safari/537.36"
43.218.226.199 - - [30/Mar/2025:08:33:01 -0400] "GET /defaults.php HTTP/1.1" 200 97634 "-" "Mozilla/5.0 (Windows NT 10.0; Win64; x64) AppleWebKit/537.36 (KHTML, like Gecko) Chrome/85.0.4183.102 Safari/537.36"
43.218.226.199 - - [30/Mar/2025:08:33:03 -0400] "GET /dropdown.php HTTP/1.1" 200 97612 "-" "Mozilla/5.0 (Windows NT 10.0; Win64; x64) AppleWebKit/537.36 (KHTML, like Gecko) Chrome/85.0.4183.102 Safari/537.36"
198.54.114.83 - - [30/Mar/2025:08:33:13 -0400] "POST /wp-cron.php?doing_wp_cron=1743337993.4312989711761474609375 HTTP/1.1" 200 0 "-" "WordPress/6.7.2; https://saamigraphics.com"
43.218.226.199 - - [30/Mar/2025:08:33:07 -0400] "GET /wp-admin/user/about.php HTTP/1.1" 302 0 "-" "Mozilla/5.0 (Windows NT 10.0; Win64; x64) AppleWebKit/537.36 (KHTML, like Gecko) Chrome/85.0.4183.102 Safari/537.36"
43.218.226.199 - - [30/Mar/2025:08:33:18 -0400] "GET /simple.php HTTP/1.1" 200 97663 "-" "Mozilla/5.0 (Windows NT 10.0; Win64; x64) AppleWebKit/537.36 (KHTML, like Gecko) Chrome/85.0.4183.102 Safari/537.36"
43.218.226.199 - - [30/Mar/2025:08:33:21 -0400] "GET /wp-includes/install.php HTTP/1.1" 200 97618 "-" "Mozilla/5.0 (Windows NT 10.0; Win64; x64) AppleWebKit/537.36 (KHTML, like Gecko) Chrome/85.0.4183.102 Safari/537.36"
43.218.226.199 - - [30/Mar/2025:08:33:22 -0400] "GET /wp-content/themes/twentyfive/include.php HTTP/1.1" 200 97524 "-" "Mozilla/5.0 (Windows NT 10.0; Win64; x64) AppleWebKit/537.36 (KHTML, like Gecko) Chrome/85.0.4183.102 Safari/537.36"
43.218.226.199 - - [30/Mar/2025:08:33:24 -0400] "GET /install.php HTTP/1.1" 200 97612 "-" "Mozilla/5.0 (Windows NT 10.0; Win64; x64) AppleWebKit/537.36 (KHTML, like Gecko) Chrome/85.0.4183.102 Safari/537.36"
43.218.226.199 - - [30/Mar/2025:08:33:27 -0400] "GET /wp-content/uploads/wp-login.php HTTP/1.1" 200 97612 "-" "Mozilla/5.0 (Windows NT 10.0; Win64; x64) AppleWebKit/537.36 (KHTML, like Gecko) Chrome/85.0.4183.102 Safari/537.36"
43.218.226.199 - - [30/Mar/2025:08:33:32 -0400] "GET /wp-admin/install.php HTTP/1.1" 200 521 "-" "Mozilla/5.0 (Windows NT 10.0; Win64; x64) AppleWebKit/537.36 (KHTML, like Gecko) Chrome/85.0.4183.102 Safari/537.36"
43.218.226.199 - - [30/Mar/2025:08:33:33 -0400] "GET /about.php HTTP/1.1" 200 97634 "-" "Mozilla/5.0 (Windows NT 10.0; Win64; x64) AppleWebKit/537.36 (KHTML, like Gecko) Chrome/85.0.4183.102 Safari/537.36"
43.218.226.199 - - [30/Mar/2025:08:33:36 -0400] "GET /simple.php HTTP/1.1" 200 97634 "-" "Mozilla/5.0 (Windows NT 10.0; Win64; x64) AppleWebKit/537.36 (KHTML, like Gecko) Chrome/85.0.4183.102 Safari/537.36"
43.218.226.199 - - [30/Mar/2025:08:33:41 -0400] "GET /dropdown.php HTTP/1.1" 200 97634 "-" "Mozilla/5.0 (Windows NT 10.0; Win64; x64) AppleWebKit/537.36 (KHTML, like Gecko) Chrome/85.0.4183.102 Safari/537.36"
216.244.66.202 - - [30/Mar/2025:08:38:32 -0400] "GET /robots.txt HTTP/1.1" 200 97612 "-" "Mozilla/5.0 (compatible; DotBot/1.2; +https://opensiteexplorer.org/dotbot; help@moz.com)"
216.244.66.202 - - [30/Mar/2025:08:46:29 -0400] "GET /sports-predictions-ncaa-football-freshmen-ineligibility-considered-by-big-ten-conference/ HTTP/1.1" 200 97634 "-" "Mozilla/5.0 (compatible; DotBot/1.2; +https://opensiteexplorer.org/dotbot; help@moz.com)"
216.244.66.202 - - [30/Mar/2025:08:46:57 -0400] "GET /author/jorge/feed/ HTTP/1.1" 200 97634 "-" "Mozilla/5.0 (compatible; DotBot/1.2; +https://opensiteexplorer.org/dotbot; help@moz.com)"
216.244.66.202 - - [30/Mar/2025:08:54:40 -0400] "GET /buy-cheap-rugs-instead/ HTTP/1.1" 200 97542 "-" "Mozilla/5.0 (compatible; DotBot/1.2; +https://opensiteexplorer.org/dotbot; help@moz.com)"
43.159.143.187 - - [30/Mar/2025:08:56:55 -0400] "GET / HTTP/1.1" 200 73854 "-" "Mozilla/5.0 (iPhone; CPU iPhone OS 13_2_3 like Mac OS X) AppleWebKit/605.1.15 (KHTML, like Gecko) Version/13.0.3 Mobile/15E148 Safari/604.1"
216.244.66.202 - - [30/Mar/2025:09:11:53 -0400] "GET /embroidered-socks/feed/ HTTP/1.1" 200 97634 "-" "Mozilla/5.0 (compatible; DotBot/1.2; +https://opensiteexplorer.org/dotbot; help@moz.com)"
216.244.66.202 - - [30/Mar/2025:09:16:16 -0400] "GET /youtube-phenomenon/feed/ HTTP/1.1" 200 97612 "-" "Mozilla/5.0 (compatible; DotBot/1.2; +https://opensiteexplorer.org/dotbot; help@moz.com)"
216.244.66.202 - - [30/Mar/2025:09:25:07 -0400] "GET /robots.txt HTTP/1.1" 200 97618 "-" "Mozilla/5.0 (compatible; DotBot/1.2; +https://opensiteexplorer.org/dotbot; help@moz.com)"
198.54.114.83 - - [30/Mar/2025:09:28:16 -0400] "POST /wp-cron.php?doing_wp_cron=1743341296.0691449642181396484375 HTTP/1.1" 200 0 "-" "WordPress/6.7.2; https://saamigraphics.com"
80.64.30.32 - - [30/Mar/2025:09:28:01 -0400] "GET /wp-login.php?wp_lang=en_US HTTP/1.1" 302 0 "http://saamigraphics.com/wp-login.php" "Mozilla/5.0 (Windows NT 10.0; Win64; x64) AppleWebKit/537.36 (KHTML, like Gecko) Chrome/134.0.0.0 Safari/537.36"
216.244.66.202 - - [30/Mar/2025:09:32:48 -0400] "GET /navigating-the-pc-builder-website/ HTTP/1.1" 200 97529 "-" "Mozilla/5.0 (compatible; DotBot/1.2; +https://opensiteexplorer.org/dotbot; help@moz.com)"
198.54.114.83 - - [30/Mar/2025:09:36:43 -0400] "POST /wp-cron.php?doing_wp_cron=1743341802.4360940456390380859375 HTTP/1.1" 200 0 "-" "WordPress/6.7.2; https://saamigraphics.com"
80.64.30.32 - - [30/Mar/2025:09:36:24 -0400] "GET /wp-login.php?wp_lang=en_US HTTP/1.1" 302 0 "http://saamigraphics.com/wp-login.php" "Mozilla/5.0 (Windows NT 10.0; Win64; x64; rv:136.0) Gecko/20100101 Firefox/136.0"
216.244.66.202 - - [30/Mar/2025:09:41:46 -0400] "GET /exploring-vietnam-a-comprehensive-guide-for-korean-travelers/feed/ HTTP/1.1" 200 97612 "-" "Mozilla/5.0 (compatible; DotBot/1.2; +https://opensiteexplorer.org/dotbot; help@moz.com)"
216.244.66.202 - - [30/Mar/2025:09:42:38 -0400] "GET /2023/09/page/2/ HTTP/1.1" 200 97489 "-" "Mozilla/5.0 (compatible; DotBot/1.2; +https://opensiteexplorer.org/dotbot; help@moz.com)"
198.54.114.83 - - [30/Mar/2025:09:45:42 -0400] "POST /wp-cron.php?doing_wp_cron=1743342342.5053560733795166015625 HTTP/1.1" 200 0 "-" "WordPress/6.7.2; https://saamigraphics.com"
80.64.30.32 - - [30/Mar/2025:09:45:22 -0400] "GET /wp-login.php?wp_lang=en_US HTTP/1.1" 302 0 "http://saamigraphics.com/wp-login.php" "Mozilla/5.0 (Windows NT 10.0; Win64; x64) AppleWebKit/537.36 (KHTML, like Gecko) Chrome/134.0.0.0 Safari/537.36"
13.201.67.233 - - [30/Mar/2025:09:47:08 -0400] "GET / HTTP/1.1" 200 97542 "-" "Mozilla/5.0 (Windows NT 10.0; Win64; x64) AppleWebKit/537.36 (KHTML, like Gecko) Chrome/89.0.4389.114 Safari/537.36"
13.201.67.233 - - [30/Mar/2025:09:47:09 -0400] "GET / HTTP/1.1" 200 97542 "-" "Mozilla/5.0 (Windows NT 10.0; Win64; x64) AppleWebKit/537.36 (KHTML, like Gecko) Chrome/89.0.4389.114 Safari/537.36"
13.201.67.233 - - [30/Mar/2025:09:47:09 -0400] "GET /wp-includes/wlwmanifest.xml HTTP/1.1" 200 97634 "-" "Mozilla/5.0 (Windows NT 10.0; Win64; x64) AppleWebKit/537.36 (KHTML, like Gecko) Chrome/89.0.4389.114 Safari/537.36"
13.201.67.233 - - [30/Mar/2025:09:47:10 -0400] "GET /xmlrpc.php?rsd HTTP/1.1" 200 308 "-" "Mozilla/5.0 (Windows NT 10.0; Win64; x64) AppleWebKit/537.36 (KHTML, like Gecko) Chrome/89.0.4389.114 Safari/537.36"
13.201.67.233 - - [30/Mar/2025:09:47:11 -0400] "GET /?author=1 HTTP/1.1" 200 97529 "-" "Mozilla/5.0 (Windows NT 10.0; Win64; x64) AppleWebKit/537.36 (KHTML, like Gecko) Chrome/89.0.4389.114 Safari/537.36"
13.201.67.233 - - [30/Mar/2025:09:47:12 -0400] "GET /?author=2 HTTP/1.1" 200 97634 "-" "Mozilla/5.0 (Windows NT 10.0; Win64; x64) AppleWebKit/537.36 (KHTML, like Gecko) Chrome/89.0.4389.114 Safari/537.36"
13.201.67.233 - - [30/Mar/2025:09:47:12 -0400] "GET /?author=3 HTTP/1.1" 200 97612 "-" "Mozilla/5.0 (Windows NT 10.0; Win64; x64) AppleWebKit/537.36 (KHTML, like Gecko) Chrome/89.0.4389.114 Safari/537.36"
13.201.67.233 - - [30/Mar/2025:09:47:12 -0400] "GET /wp-json/wp/v2/users/ HTTP/1.1" 200 97634 "-" "Mozilla/5.0 (Windows NT 10.0; Win64; x64) AppleWebKit/537.36 (KHTML, like Gecko) Chrome/89.0.4389.114 Safari/537.36"
13.201.67.233 - - [30/Mar/2025:09:47:13 -0400] "GET /wp-json/oembed/1.0/embed?url=http://saamigraphics.com HTTP/1.1" 200 97634 "-" "Mozilla/5.0 (Windows NT 10.0; Win64; x64) AppleWebKit/537.36 (KHTML, like Gecko) Chrome/89.0.4389.114 Safari/537.36"
13.201.67.233 - - [30/Mar/2025:09:47:13 -0400] "POST /xmlrpc.php HTTP/1.1" 200 236 "-" "Mozilla/5.0 (Windows NT 10.0; Win64; x64) AppleWebKit/537.36 (KHTML, like Gecko) Chrome/89.0.4389.114 Safari/537.36"
13.201.67.233 - - [30/Mar/2025:09:47:14 -0400] "POST /xmlrpc.php HTTP/1.1" 200 236 "-" "Mozilla/5.0 (Windows NT 10.0; Win64; x64) AppleWebKit/537.36 (KHTML, like Gecko) Chrome/89.0.4389.114 Safari/537.36"
13.201.67.233 - - [30/Mar/2025:09:47:16 -0400] "POST /xmlrpc.php HTTP/1.1" 200 236 "-" "Mozilla/5.0 (Windows NT 10.0; Win64; x64) AppleWebKit/537.36 (KHTML, like Gecko) Chrome/89.0.4389.114 Safari/537.36"
13.201.67.233 - - [30/Mar/2025:09:47:17 -0400] "POST /xmlrpc.php HTTP/1.1" 200 236 "-" "Mozilla/5.0 (Windows NT 10.0; Win64; x64) AppleWebKit/537.36 (KHTML, like Gecko) Chrome/89.0.4389.114 Safari/537.36"
13.201.67.233 - - [30/Mar/2025:09:47:19 -0400] "POST /xmlrpc.php HTTP/1.1" 200 236 "-" "Mozilla/5.0 (Windows NT 10.0; Win64; x64) AppleWebKit/537.36 (KHTML, like Gecko) Chrome/89.0.4389.114 Safari/537.36"
13.201.67.233 - - [30/Mar/2025:09:47:20 -0400] "POST /xmlrpc.php HTTP/1.1" 200 236 "-" "Mozilla/5.0 (Windows NT 10.0; Win64; x64) AppleWebKit/537.36 (KHTML, like Gecko) Chrome/89.0.4389.114 Safari/537.36"
85.208.98.18 - - [30/Mar/2025:09:48:32 -0400] "GET /robots.txt HTTP/1.1" 200 97634 "-" "Mozilla/5.0 (compatible; SemrushBot; +http://www.semrush.com/bot.html)"
216.244.66.202 - - [30/Mar/2025:10:00:14 -0400] "GET /2023/08/page/4/ HTTP/1.1" 200 97612 "-" "Mozilla/5.0 (compatible; DotBot/1.2; +https://opensiteexplorer.org/dotbot; help@moz.com)"
216.244.66.202 - - [30/Mar/2025:10:02:01 -0400] "GET /2022/04/24/escort-girls-for-sex-realescort-eu-gratis-telefon-sex-swingers-klubb-oslo/ HTTP/1.1" 200 97663 "-" "Mozilla/5.0 (compatible; DotBot/1.2; +https://opensiteexplorer.org/dotbot; help@moz.com)"
216.244.66.202 - - [30/Mar/2025:10:02:35 -0400] "GET /page/71/ HTTP/1.1" 200 97663 "-" "Mozilla/5.0 (compatible; DotBot/1.2; +https://opensiteexplorer.org/dotbot; help@moz.com)"
216.244.66.202 - - [30/Mar/2025:10:10:53 -0400] "GET /robots.txt HTTP/1.1" 200 97634 "-" "Mozilla/5.0 (compatible; DotBot/1.2; +https://opensiteexplorer.org/dotbot; help@moz.com)"
216.244.66.202 - - [30/Mar/2025:10:20:23 -0400] "GET /vehicle-extended-warranties/ HTTP/1.1" 200 97634 "-" "Mozilla/5.0 (compatible; DotBot/1.2; +https://opensiteexplorer.org/dotbot; help@moz.com)"
104.209.141.64 - - [30/Mar/2025:10:21:25 -0400] "HEAD /wordpress HTTP/1.1" 200 0 "-" "Mozilla/5.0 (Windows NT 10.0; Win64; x64) AppleWebKit/537.36 (KHTML, like Gecko) Chrome/74.0.3729.169 Safari/537.36"
104.209.141.64 - - [30/Mar/2025:10:21:27 -0400] "HEAD / HTTP/1.1" 200 0 "-" "Mozilla/5.0 (Windows NT 10.0; Win64; x64) AppleWebKit/537.36 (KHTML, like Gecko) Chrome/74.0.3729.169 Safari/537.36"
104.209.141.64 - - [30/Mar/2025:10:21:29 -0400] "HEAD /wp HTTP/1.1" 200 0 "-" "Mozilla/5.0 (Windows NT 10.0; Win64; x64) AppleWebKit/537.36 (KHTML, like Gecko) Chrome/74.0.3729.169 Safari/537.36"
104.209.141.64 - - [30/Mar/2025:10:21:30 -0400] "HEAD /bc HTTP/1.1" 200 0 "-" "Mozilla/5.0 (Windows NT 10.0; Win64; x64) AppleWebKit/537.36 (KHTML, like Gecko) Chrome/74.0.3729.169 Safari/537.36"
104.209.141.64 - - [30/Mar/2025:10:21:33 -0400] "HEAD /bk HTTP/1.1" 200 0 "-" "Mozilla/5.0 (Windows NT 10.0; Win64; x64) AppleWebKit/537.36 (KHTML, like Gecko) Chrome/74.0.3729.169 Safari/537.36"
104.209.141.64 - - [30/Mar/2025:10:21:37 -0400] "HEAD /backup HTTP/1.1" 200 0 "-" "Mozilla/5.0 (Windows NT 10.0; Win64; x64) AppleWebKit/537.36 (KHTML, like Gecko) Chrome/74.0.3729.169 Safari/537.36"
104.209.141.64 - - [30/Mar/2025:10:21:39 -0400] "HEAD /old HTTP/1.1" 200 0 "-" "Mozilla/5.0 (Windows NT 10.0; Win64; x64) AppleWebKit/537.36 (KHTML, like Gecko) Chrome/74.0.3729.169 Safari/537.36"
104.209.141.64 - - [30/Mar/2025:10:21:42 -0400] "HEAD /new HTTP/1.1" 200 0 "-" "Mozilla/5.0 (Windows NT 10.0; Win64; x64) AppleWebKit/537.36 (KHTML, like Gecko) Chrome/74.0.3729.169 Safari/537.36"
104.209.141.64 - - [30/Mar/2025:10:21:44 -0400] "HEAD /main HTTP/1.1" 200 0 "-" "Mozilla/5.0 (Windows NT 10.0; Win64; x64) AppleWebKit/537.36 (KHTML, like Gecko) Chrome/74.0.3729.169 Safari/537.36"
104.209.141.64 - - [30/Mar/2025:10:21:47 -0400] "HEAD /home HTTP/1.1" 200 0 "-" "Mozilla/5.0 (Windows NT 10.0; Win64; x64) AppleWebKit/537.36 (KHTML, like Gecko) Chrome/74.0.3729.169 Safari/537.36"
216.244.66.202 - - [30/Mar/2025:10:22:02 -0400] "GET /exploring-the-world-of-zeichentrick/ HTTP/1.1" 200 97634 "-" "Mozilla/5.0 (compatible; DotBot/1.2; +https://opensiteexplorer.org/dotbot; help@moz.com)"
202.69.38.12 - - [30/Mar/2025:10:25:10 -0400] "HEAD / HTTP/1.1" 200 0 "https://saamigraphics.com/" "Mozilla/5.0 (Windows NT 10.0; Win64; x64) AppleWebKit/537.36 (KHTML, like Gecko) Chrome/91.0.4472.124 Safari/537.36"
216.244.66.202 - - [30/Mar/2025:10:37:30 -0400] "GET /the-magic-of-custom-pet-photo-gifts/feed/ HTTP/1.1" 200 97634 "-" "Mozilla/5.0 (compatible; DotBot/1.2; +https://opensiteexplorer.org/dotbot; help@moz.com)"
216.244.66.202 - - [30/Mar/2025:10:39:17 -0400] "GET /capturing-cherished-moments-the-art-of-custom-pet-portraits/feed/ HTTP/1.1" 200 97612 "-" "Mozilla/5.0 (compatible; DotBot/1.2; +https://opensiteexplorer.org/dotbot; help@moz.com)"
216.244.66.202 - - [30/Mar/2025:10:47:57 -0400] "GET /navigating-emotions-in-open-relationships/feed/ HTTP/1.1" 200 97612 "-" "Mozilla/5.0 (compatible; DotBot/1.2; +https://opensiteexplorer.org/dotbot; help@moz.com)"
216.244.66.202 - - [30/Mar/2025:10:57:41 -0400] "GET /robots.txt HTTP/1.1" 200 97634 "-" "Mozilla/5.0 (compatible; DotBot/1.2; +https://opensiteexplorer.org/dotbot; help@moz.com)"
149.40.62.54 - - [30/Mar/2025:11:02:50 -0400] "GET /.env HTTP/1.1" 200 97634 "-" "Mozilla/5.0 (X11; Linux x86_64) AppleWebKit/537.36 (KHTML, like Gecko) Chrome/81.0.4044.129 Safari/537.36"
149.40.62.54 - - [30/Mar/2025:11:02:51 -0400] "POST / HTTP/1.1" 200 97634 "-" "Mozilla/5.0 (X11; Linux x86_64) AppleWebKit/537.36 (KHTML, like Gecko) Chrome/81.0.4044.129 Safari/537.36"
185.174.156.124 - - [30/Mar/2025:11:09:03 -0400] "GET /cbd-for-anxiety-uk-a-natural-remedy-for-anxiety/ HTTP/1.1" 200 97612 "http://saamigraphics.com/cbd-for-anxiety-uk-a-natural-remedy-for-anxiety/" "Mozilla/5.0 (Windows NT 10.0; Win64; x64) AppleWebKit/537.36 (KHTML, like Gecko) Chrome/130.0.0.0 Safari/537.36"
170.106.163.84 - - [30/Mar/2025:11:17:46 -0400] "GET / HTTP/1.1" 200 97634 "-" "Mozilla/5.0 (iPhone; CPU iPhone OS 13_2_3 like Mac OS X) AppleWebKit/605.1.15 (KHTML, like Gecko) Version/13.0.3 Mobile/15E148 Safari/604.1"
216.244.66.202 - - [30/Mar/2025:11:23:15 -0400] "GET /the-role-of-freight-shipping-services/feed/ HTTP/1.1" 200 97612 "-" "Mozilla/5.0 (compatible; DotBot/1.2; +https://opensiteexplorer.org/dotbot; help@moz.com)"
216.244.66.202 - - [30/Mar/2025:11:31:58 -0400] "GET /calculadora-de-edad-cuantos-anos-tengo/feed/ HTTP/1.1" 200 97530 "-" "Mozilla/5.0 (compatible; DotBot/1.2; +https://opensiteexplorer.org/dotbot; help@moz.com)"
216.244.66.202 - - [30/Mar/2025:11:32:03 -0400] "GET /exploring-the-best-massage-gun-for-ultimate-relaxation/feed/ HTTP/1.1" 200 97634 "-" "Mozilla/5.0 (compatible; DotBot/1.2; +https://opensiteexplorer.org/dotbot; help@moz.com)"
216.244.66.202 - - [30/Mar/2025:11:33:02 -0400] "GET /category/sign-up/feed/ HTTP/1.1" 200 97542 "-" "Mozilla/5.0 (compatible; DotBot/1.2; +https://opensiteexplorer.org/dotbot; help@moz.com)"
156.228.89.22 - - [30/Mar/2025:11:40:49 -0400] "GET /vendor/phpunit/phpunit/LICENSE HTTP/1.1" 200 97612 "-" "Mozilla/5.0 (Windows NT 10.0; Win64; x64) AppleWebKit/537.36 (KHTML, like Gecko) Chrome/106.0.0.0 Safari/537.36"
156.228.89.22 - - [30/Mar/2025:11:40:49 -0400] "GET /vendor/phpunit/phpunit/src/Util/PHP/ HTTP/1.1" 200 97634 "-" "Mozilla/5.0 (Windows NT 10.0; Win64; x64) AppleWebKit/537.36 (KHTML, like Gecko) Chrome/106.0.0.0 Safari/537.36"
198.54.114.83 - - [30/Mar/2025:11:40:54 -0400] "POST /wp-cron.php?doing_wp_cron=1743349253.9176890850067138671875 HTTP/1.1" 200 0 "-" "WordPress/6.7.2; https://saamigraphics.com"
156.228.89.22 - - [30/Mar/2025:11:40:49 -0400] "GET /wp-login.php HTTP/1.1" 302 0 "-" "Mozilla/5.0 (Windows NT 10.0; Win64; x64) AppleWebKit/537.36 (KHTML, like Gecko) Chrome/106.0.0.0 Safari/537.36"
196.251.88.242 - - [30/Mar/2025:11:50:58 -0400] "GET /geju.php HTTP/1.1" 200 97612 "-" "Mozlila/5.0 (Linux; Android 7.0; SM-G892A Bulid/NRD90M; wv) AppleWebKit/537.36 (KHTML, like Gecko) Version/4.0 Chrome/60.0.3112.107 Moblie Safari/537.36"
196.251.88.242 - - [30/Mar/2025:11:51:12 -0400] "GET /wp-content/plugins/about.php HTTP/1.1" 200 97612 "-" "Mozlila/5.0 (Linux; Android 7.0; SM-G892A Bulid/NRD90M; wv) AppleWebKit/537.36 (KHTML, like Gecko) Version/4.0 Chrome/60.0.3112.107 Moblie Safari/537.36"
196.251.88.242 - - [30/Mar/2025:11:51:24 -0400] "GET /wp.php HTTP/1.1" 200 97634 "-" "Mozlila/5.0 (Linux; Android 7.0; SM-G892A Bulid/NRD90M; wv) AppleWebKit/537.36 (KHTML, like Gecko) Version/4.0 Chrome/60.0.3112.107 Moblie Safari/537.36"
216.244.66.202 - - [30/Mar/2025:12:01:24 -0400] "GET /lelegance-fonctionnelle-reinventer-lamenagement-de-bureau/feed/ HTTP/1.1" 200 97542 "-" "Mozilla/5.0 (compatible; DotBot/1.2; +https://opensiteexplorer.org/dotbot; help@moz.com)"
2602:fb54:35c:: - - [30/Mar/2025:12:11:41 -0400] "GET /wp-content/plugins/WordPressCore/include.php HTTP/1.1" 200 97612 "www.google.com" "Mozlila/5.0 (Linux; Android 7.0; SM-G892A Bulid/NRD90M; wv) AppleWebKit/537.36 (KHTML, like Gecko) Version/4.0 Chrome/60.0.3112.107 Moblie Safari/537.36"
216.244.66.202 - - [30/Mar/2025:12:14:33 -0400] "GET /football-socks-grip/feed/ HTTP/1.1" 200 97489 "-" "Mozilla/5.0 (compatible; DotBot/1.2; +https://opensiteexplorer.org/dotbot; help@moz.com)"
216.244.66.202 - - [30/Mar/2025:12:15:56 -0400] "GET /across-the-spider-verse-spider-gwen-luminous-mask/feed/ HTTP/1.1" 200 97612 "-" "Mozilla/5.0 (compatible; DotBot/1.2; +https://opensiteexplorer.org/dotbot; help@moz.com)"
216.244.66.202 - - [30/Mar/2025:12:28:49 -0400] "GET /robots.txt HTTP/1.1" 200 97634 "-" "Mozilla/5.0 (compatible; DotBot/1.2; +https://opensiteexplorer.org/dotbot; help@moz.com)"
196.251.69.226 - - [30/Mar/2025:12:30:38 -0400] "POST /wp-content/plugins/about.php HTTP/1.1" 200 97612 "http://saamigraphics.com" "Mozilla/5.0 (Windows NT 10.0; Win64; x64) AppleWebKit/537.36 (KHTML, like Gecko) Chrome/91.0.4472.124 Safari/537.36"
196.251.69.226 - - [30/Mar/2025:12:30:39 -0400] "GET /wp-content/about.php HTTP/1.1" 200 97663 "http://saamigraphics.com" "Mozilla/5.0 (Windows NT 10.0; Win64; x64) AppleWebKit/537.36 (KHTML, like Gecko) Chrome/91.0.4472.124 Safari/537.36"
196.251.69.226 - - [30/Mar/2025:12:30:41 -0400] "POST /wp-content/plugins/about.php HTTP/1.1" 200 97612 "http://saamigraphics.com" "Mozilla/5.0 (Windows NT 10.0; Win64; x64) AppleWebKit/537.36 (KHTML, like Gecko) Chrome/91.0.4472.124 Safari/537.36"
196.251.69.226 - - [30/Mar/2025:12:30:42 -0400] "GET /wp-content/about.php HTTP/1.1" 200 97645 "http://saamigraphics.com" "Mozilla/5.0 (Windows NT 10.0; Win64; x64) AppleWebKit/537.36 (KHTML, like Gecko) Chrome/91.0.4472.124 Safari/537.36"
196.251.69.226 - - [30/Mar/2025:12:30:44 -0400] "POST /wp-content/plugins/about.php HTTP/1.1" 200 97489 "http://saamigraphics.com" "Mozilla/5.0 (Windows NT 10.0; Win64; x64) AppleWebKit/537.36 (KHTML, like Gecko) Chrome/91.0.4472.124 Safari/537.36"
196.251.69.226 - - [30/Mar/2025:12:30:45 -0400] "GET /wp-content/about.php HTTP/1.1" 200 97524 "http://saamigraphics.com" "Mozilla/5.0 (Windows NT 10.0; Win64; x64) AppleWebKit/537.36 (KHTML, like Gecko) Chrome/91.0.4472.124 Safari/537.36"
196.251.69.226 - - [30/Mar/2025:12:30:52 -0400] "POST /wp.php HTTP/1.1" 200 97634 "http://saamigraphics.com" "Mozilla/5.0 (Windows NT 10.0; Win64; x64) AppleWebKit/537.36 (KHTML, like Gecko) Chrome/91.0.4472.124 Safari/537.36"
196.251.69.226 - - [30/Mar/2025:12:30:53 -0400] "GET /about.php HTTP/1.1" 200 97612 "http://saamigraphics.com" "Mozilla/5.0 (Windows NT 10.0; Win64; x64) AppleWebKit/537.36 (KHTML, like Gecko) Chrome/91.0.4472.124 Safari/537.36"
89.248.172.183 - - [30/Mar/2025:12:36:11 -0400] "GET /wp-content/plugins/security-malware-firewall/readme.txt HTTP/1.1" 200 97634 "-" "Mozilla/5.0 (iPhone; CPU iPhone OS 17_0_3 like Mac OS X) AppleWebKit/605.1.15 (KHTML, like Gecko) Version/17.0.1 Mobile/15E148 Safari/604.1"
216.244.66.202 - - [30/Mar/2025:12:40:33 -0400] "GET /entendiendo-el-consumo-de-combustible/ HTTP/1.1" 200 97663 "-" "Mozilla/5.0 (compatible; DotBot/1.2; +https://opensiteexplorer.org/dotbot; help@moz.com)"
216.244.66.202 - - [30/Mar/2025:12:42:28 -0400] "GET /2024/page/70/ HTTP/1.1" 200 97634 "-" "Mozilla/5.0 (compatible; DotBot/1.2; +https://opensiteexplorer.org/dotbot; help@moz.com)"
216.244.66.202 - - [30/Mar/2025:13:00:13 -0400] "GET /category/activity/page/42/ HTTP/1.1" 200 97634 "-" "Mozilla/5.0 (compatible; DotBot/1.2; +https://opensiteexplorer.org/dotbot; help@moz.com)"
216.244.66.202 - - [30/Mar/2025:13:14:00 -0400] "GET /robots.txt HTTP/1.1" 200 97634 "-" "Mozilla/5.0 (compatible; DotBot/1.2; +https://opensiteexplorer.org/dotbot; help@moz.com)"
74.176.50.3 - - [30/Mar/2025:13:25:05 -0400] "GET /403.php HTTP/1.1" 200 97634 "-" "-"
74.176.50.3 - - [30/Mar/2025:13:25:06 -0400] "GET /content.php HTTP/1.1" 200 97634 "-" "-"
74.176.50.3 - - [30/Mar/2025:13:25:09 -0400] "GET /wp-content/plugins/not/includes/about.php HTTP/1.1" 200 97634 "-" "-"
74.176.50.3 - - [30/Mar/2025:13:25:12 -0400] "GET /wp-content/plugins/simple/simple.php HTTP/1.1" 200 97612 "-" "-"
74.176.50.3 - - [30/Mar/2025:13:25:15 -0400] "GET /wp-content/plugins/wp-theme-editor/include.php HTTP/1.1" 200 97634 "-" "-"
74.176.50.3 - - [30/Mar/2025:13:25:16 -0400] "GET /wp-content/themes/aahana/json.php HTTP/1.1" 200 97612 "-" "-"
74.176.50.3 - - [30/Mar/2025:13:25:18 -0400] "GET /admin.php HTTP/1.1" 200 97634 "-" "-"
74.176.50.3 - - [30/Mar/2025:13:25:20 -0400] "GET /wp-content/plugins/awesome-coming-soon/come.php HTTP/1.1" 200 97612 "-" "-"
74.176.50.3 - - [30/Mar/2025:13:25:21 -0400] "GET /wp-content/plugins/wp-conflg.php HTTP/1.1" 200 97612 "-" "-"
74.176.50.3 - - [30/Mar/2025:13:25:23 -0400] "GET /berlin.php HTTP/1.1" 200 97634 "-" "-"
74.176.50.3 - - [30/Mar/2025:13:25:24 -0400] "GET /wp-includes/Requests/about.php HTTP/1.1" 200 97612 "-" "-"
74.176.50.3 - - [30/Mar/2025:13:25:25 -0400] "GET /wp-includes/style-engine/about.php HTTP/1.1" 200 97612 "-" "-"
74.176.50.3 - - [30/Mar/2025:13:25:26 -0400] "GET /wp-includes/rest-api/about.php HTTP/1.1" 200 97612 "-" "-"
74.176.50.3 - - [30/Mar/2025:13:25:27 -0400] "GET /wp-includes/SimplePie/about.php HTTP/1.1" 200 97612 "-" "-"
74.176.50.3 - - [30/Mar/2025:13:25:28 -0400] "GET /wp-content/banners/about.php HTTP/1.1" 200 97612 "-" "-"
74.176.50.3 - - [30/Mar/2025:13:25:29 -0400] "GET /wp-content/about.php HTTP/1.1" 200 97634 "-" "-"
74.176.50.3 - - [30/Mar/2025:13:25:31 -0400] "GET /.well-known/about.php HTTP/1.1" 200 97634 "-" "-"
74.176.50.3 - - [30/Mar/2025:13:25:32 -0400] "GET /wp-includes/Text/about.php HTTP/1.1" 200 97634 "-" "-"
74.176.50.3 - - [30/Mar/2025:13:25:33 -0400] "GET /wp-includes/ID3/about.php HTTP/1.1" 200 97612 "-" "-"
74.176.50.3 - - [30/Mar/2025:13:25:35 -0400] "GET /img/about.php HTTP/1.1" 200 97612 "-" "-"
74.176.50.3 - - [30/Mar/2025:13:25:36 -0400] "GET /wp-content/languages/about.php HTTP/1.1" 200 97612 "-" "-"
74.176.50.3 - - [30/Mar/2025:13:25:37 -0400] "GET /wp-includes/customize/about.php HTTP/1.1" 200 97612 "-" "-"
74.176.50.3 - - [30/Mar/2025:13:25:39 -0400] "GET /wp-includes.bak/html-api/about.php HTTP/1.1" 200 97634 "-" "-"
74.176.50.3 - - [30/Mar/2025:13:25:41 -0400] "GET /wp-includes/widgets/about.php HTTP/1.1" 200 97634 "-" "-"
74.176.50.3 - - [30/Mar/2025:13:25:42 -0400] "GET /wp-includes/IXR/about.php HTTP/1.1" 200 97612 "-" "-"
74.176.50.3 - - [30/Mar/2025:13:25:42 -0400] "GET /wp-admin/js/about.php HTTP/1.1" 200 97645 "-" "-"
74.176.50.3 - - [30/Mar/2025:13:25:42 -0400] "GET /.well-known/pki-validation/about.php HTTP/1.1" 404 1251 "-" "-"
74.176.50.3 - - [30/Mar/2025:13:25:42 -0400] "GET /wp-includes/pomo/about.php HTTP/1.1" 200 97634 "-" "-"
74.176.50.3 - - [30/Mar/2025:13:25:43 -0400] "GET /wp-includes/block-patterns/about.php HTTP/1.1" 200 97489 "-" "-"
74.176.50.3 - - [30/Mar/2025:13:25:43 -0400] "GET /wp-content/updraft/about.php HTTP/1.1" 200 97634 "-" "-"
74.176.50.3 - - [30/Mar/2025:13:25:45 -0400] "GET /wp-content/upgrade-temp-backup/about.php HTTP/1.1" 200 97634 "-" "-"
74.176.50.3 - - [30/Mar/2025:13:25:47 -0400] "GET /wp-content/themes/about.php HTTP/1.1" 200 97634 "-" "-"
74.176.50.3 - - [30/Mar/2025:13:25:49 -0400] "GET /wp-admin/includes/about.php HTTP/1.1" 200 97634 "-" "-"
74.176.50.3 - - [30/Mar/2025:13:25:52 -0400] "GET /images/about.php HTTP/1.1" 200 97612 "-" "-"
74.176.50.3 - - [30/Mar/2025:13:25:53 -0400] "GET /wp-content/blogs.dir/about.php HTTP/1.1" 200 97634 "-" "-"
74.176.50.3 - - [30/Mar/2025:13:25:56 -0400] "GET /wp-includes/images/about.php HTTP/1.1" 200 97612 "-" "-"
74.176.50.3 - - [30/Mar/2025:13:26:00 -0400] "GET /wp-includes/about.php HTTP/1.1" 200 97634 "-" "-"
74.176.50.3 - - [30/Mar/2025:13:26:02 -0400] "GET /cgi-bin/about.php HTTP/1.1" 200 97634 "-" "-"
74.176.50.3 - - [30/Mar/2025:13:26:04 -0400] "GET /wp-content/gallery/about.php HTTP/1.1" 200 97612 "-" "-"
74.176.50.3 - - [30/Mar/2025:13:26:05 -0400] "GET /wp-includes/blocks/about.php HTTP/1.1" 200 97612 "-" "-"
74.176.50.3 - - [30/Mar/2025:13:26:08 -0400] "GET /wp-admin/css/about.php HTTP/1.1" 200 97612 "-" "-"
74.176.50.3 - - [30/Mar/2025:13:26:09 -0400] "GET /wp-admin/images/about.php HTTP/1.1" 200 97612 "-" "-"
74.176.50.3 - - [30/Mar/2025:13:26:10 -0400] "GET /.well-known/pki-validation/cloud.php HTTP/1.1" 404 1251 "-" "-"
74.176.50.3 - - [30/Mar/2025:13:26:11 -0400] "GET /.well-known/acme-challenge/cloud.php HTTP/1.1" 200 97634 "-" "-"
74.176.50.3 - - [30/Mar/2025:13:26:13 -0400] "GET /wp-admin/network/cloud.php HTTP/1.1" 200 97634 "-" "-"
74.176.50.3 - - [30/Mar/2025:13:26:14 -0400] "GET /cloud.php HTTP/1.1" 200 97634 "-" "-"
74.176.50.3 - - [30/Mar/2025:13:26:16 -0400] "GET /cgi-bin/cloud.php HTTP/1.1" 200 97612 "-" "-"
74.176.50.3 - - [30/Mar/2025:13:26:17 -0400] "GET /wp-content/updates.php HTTP/1.1" 200 97634 "-" "-"
74.176.50.3 - - [30/Mar/2025:13:26:18 -0400] "GET /css/cloud.php HTTP/1.1" 200 97634 "-" "-"
74.176.50.3 - - [30/Mar/2025:13:26:19 -0400] "GET /wp-admin/user/cloud.php HTTP/1.1" 200 97618 "-" "-"
74.176.50.3 - - [30/Mar/2025:13:26:21 -0400] "GET /img/cloud.php HTTP/1.1" 200 97612 "-" "-"
74.176.50.3 - - [30/Mar/2025:13:26:22 -0400] "GET /wp-admin/css/colors/coffee/cloud.php HTTP/1.1" 200 97634 "-" "-"
74.176.50.3 - - [30/Mar/2025:13:26:23 -0400] "GET /wp-admin/images/cloud.php HTTP/1.1" 200 97634 "-" "-"
74.176.50.3 - - [30/Mar/2025:13:26:25 -0400] "GET /avaa.php HTTP/1.1" 200 97634 "-" "-"
74.176.50.3 - - [30/Mar/2025:13:26:26 -0400] "GET /images/cloud.php HTTP/1.1" 200 97634 "-" "-"
74.176.50.3 - - [30/Mar/2025:13:26:28 -0400] "GET /wp-admin/js/widgets/cloud.php HTTP/1.1" 200 97612 "-" "-"
74.176.50.3 - - [30/Mar/2025:13:26:29 -0400] "GET /wp-includes/Requests/Text/admin.php HTTP/1.1" 200 97612 "-" "-"
74.176.50.3 - - [30/Mar/2025:13:26:29 -0400] "GET /wp-admin/css/colors/cloud.php HTTP/1.1" 200 97634 "-" "-"
74.176.50.3 - - [30/Mar/2025:13:26:30 -0400] "GET /wp-admin/includes/cloud.php HTTP/1.1" 200 97663 "-" "-"
74.176.50.3 - - [30/Mar/2025:13:26:31 -0400] "GET /wp-admin/css/colors/blue/cloud.php HTTP/1.1" 200 97634 "-" "-"
74.176.50.3 - - [30/Mar/2025:13:26:32 -0400] "GET /wp-admin/cloud.php HTTP/1.1" 200 97634 "-" "-"
74.176.50.3 - - [30/Mar/2025:13:26:33 -0400] "GET /updates.php HTTP/1.1" 200 97634 "-" "-"
74.176.50.3 - - [30/Mar/2025:13:26:34 -0400] "GET /libraries/legacy/updates.php HTTP/1.1" 200 97612 "-" "-"
74.176.50.3 - - [30/Mar/2025:13:26:36 -0400] "GET /libraries/phpmailer/updates.php HTTP/1.1" 200 97634 "-" "-"
74.176.50.3 - - [30/Mar/2025:13:26:37 -0400] "GET /libraries/vendor/updates.php HTTP/1.1" 200 97612 "-" "-"
74.176.50.3 - - [30/Mar/2025:13:26:38 -0400] "GET /alfa-rex.php7 HTTP/1.1" 200 97634 "-" "-"
74.176.50.3 - - [30/Mar/2025:13:26:39 -0400] "GET /alfanew.php HTTP/1.1" 200 97634 "-" "-"
74.176.50.3 - - [30/Mar/2025:13:26:40 -0400] "GET /wp-content/plugins/Cache/Cache.php HTTP/1.1" 200 97634 "-" "-"
74.176.50.3 - - [30/Mar/2025:13:26:40 -0400] "GET /wp-admin/js/widgets/about.php7 HTTP/1.1" 200 97612 "-" "-"
74.176.50.3 - - [30/Mar/2025:13:26:42 -0400] "GET /wp-p.php7 HTTP/1.1" 200 97612 "-" "-"
74.176.50.3 - - [30/Mar/2025:13:26:43 -0400] "GET /wp-admin/repeater.php HTTP/1.1" 200 97634 "-" "-"
74.176.50.3 - - [30/Mar/2025:13:26:44 -0400] "GET /wp-includes/repeater.php HTTP/1.1" 200 97612 "-" "-"
74.176.50.3 - - [30/Mar/2025:13:26:45 -0400] "GET /wp-content/repeater.php HTTP/1.1" 200 97612 "-" "-"
74.176.50.3 - - [30/Mar/2025:13:26:46 -0400] "GET /wsoyanz.php HTTP/1.1" 200 97634 "-" "-"
74.176.50.3 - - [30/Mar/2025:13:26:47 -0400] "GET /yanz.php HTTP/1.1" 200 97634 "-" "-"
74.176.50.3 - - [30/Mar/2025:13:26:48 -0400] "GET /wp-admin/js/about.php HTTP/1.1" 200 97612 "-" "-"
74.176.50.3 - - [30/Mar/2025:13:26:49 -0400] "GET /wp-content/plugins/seoo/wsoyanz.php HTTP/1.1" 200 97612 "-" "-"
74.176.50.3 - - [30/Mar/2025:13:26:50 -0400] "GET /wp-content/plugins/seoo/wsoyanz1.php HTTP/1.1" 200 97612 "-" "-"
74.176.50.3 - - [30/Mar/2025:13:26:51 -0400] "GET /cache-compat.php HTTP/1.1" 200 97612 "-" "-"
74.176.50.3 - - [30/Mar/2025:13:26:51 -0400] "GET /ajax-actions.php HTTP/1.1" 200 97612 "-" "-"
