216.244.66.202 - - [02/Apr/2025:12:11:38 -0400] "GET /a-paradigm-shift-in-communication/feed/ HTTP/1.1" 200 97634 "-" "Mozilla/5.0 (compatible; DotBot/1.2; +https://opensiteexplorer.org/dotbot; help@moz.com)"
216.244.66.202 - - [02/Apr/2025:12:11:43 -0400] "GET /the-concept-of-multicanais/feed/ HTTP/1.1" 200 97634 "-" "Mozilla/5.0 (compatible; DotBot/1.2; +https://opensiteexplorer.org/dotbot; help@moz.com)"
216.244.66.202 - - [02/Apr/2025:12:25:22 -0400] "GET /page/115/ HTTP/1.1" 200 97612 "-" "Mozilla/5.0 (compatible; DotBot/1.2; +https://opensiteexplorer.org/dotbot; help@moz.com)"
195.20.18.175 - - [02/Apr/2025:12:28:23 -0400] "GET /assets/admin/plugins/jquery-file-upload/server/php/index.php?file=tf2rghf.jpg HTTP/1.1" 200 97634 "-" "ALittle Client"
216.244.66.202 - - [02/Apr/2025:12:29:33 -0400] "GET /author/jorge/page/92/ HTTP/1.1" 200 97634 "-" "Mozilla/5.0 (compatible; DotBot/1.2; +https://opensiteexplorer.org/dotbot; help@moz.com)"
216.244.66.202 - - [02/Apr/2025:12:29:43 -0400] "GET /mens-bamboo-sock/feed/ HTTP/1.1" 200 97612 "-" "Mozilla/5.0 (compatible; DotBot/1.2; +https://opensiteexplorer.org/dotbot; help@moz.com)"
216.244.66.202 - - [02/Apr/2025:12:31:02 -0400] "GET /2021/11/17/gratis-cumshots-urverk-sex-boker-erotic-comics-dating-sex-lingam-massage-pornstar-escort-agency-submissive-escort-prague/ HTTP/1.1" 200 97612 "-" "Mozilla/5.0 (compatible; DotBot/1.2; +https://opensiteexplorer.org/dotbot; help@moz.com)"
216.244.66.202 - - [02/Apr/2025:12:31:09 -0400] "GET /eine-welt-voller-sammlerstucke/feed/ HTTP/1.1" 200 97634 "-" "Mozilla/5.0 (compatible; DotBot/1.2; +https://opensiteexplorer.org/dotbot; help@moz.com)"
216.244.66.202 - - [02/Apr/2025:12:32:37 -0400] "GET /experiencing-luxury-a-tour-of-ardor-residence-showflat/feed/ HTTP/1.1" 200 97612 "-" "Mozilla/5.0 (compatible; DotBot/1.2; +https://opensiteexplorer.org/dotbot; help@moz.com)"
216.244.66.202 - - [02/Apr/2025:12:32:44 -0400] "GET /shining-elegance-how-to-clean-silver-jewelry/feed/ HTTP/1.1" 200 97489 "-" "Mozilla/5.0 (compatible; DotBot/1.2; +https://opensiteexplorer.org/dotbot; help@moz.com)"
198.54.114.83 - - [02/Apr/2025:12:49:05 -0400] "POST /wp-cron.php?doing_wp_cron=1743612545.0760419368743896484375 HTTP/1.1" 200 0 "-" "WordPress/6.7.2; https://saamigraphics.com"
141.95.52.122 - - [02/Apr/2025:12:48:58 -0400] "GET /wp-login.php HTTP/1.1" 302 0 "-" "Mozilla/5.0 (Windows NT 10.0; Win64; x64; rv:65.0) Gecko/20100101 Firefox/65.0"
216.244.66.202 - - [02/Apr/2025:12:56:47 -0400] "GET /buy-cheap-rugs-instead/ HTTP/1.1" 200 97612 "-" "Mozilla/5.0 (compatible; DotBot/1.2; +https://opensiteexplorer.org/dotbot; help@moz.com)"
216.244.66.202 - - [02/Apr/2025:13:08:14 -0400] "GET /embroidered-socks/feed/ HTTP/1.1" 200 97612 "-" "Mozilla/5.0 (compatible; DotBot/1.2; +https://opensiteexplorer.org/dotbot; help@moz.com)"
167.172.130.206 - - [02/Apr/2025:13:08:18 -0400] "GET / HTTP/1.1" 200 97634 "-" "Mozilla/5.0 (Windows NT 10.0; Win64; x64) AppleWebKit/537.36 (KHTML, like Gecko) Chrome/80.0.3987.149 Safari/537.36"
167.172.130.206 - - [02/Apr/2025:13:08:20 -0400] "GET /wp-includes/wlwmanifest.xml HTTP/1.1" 200 97634 "-" "Mozilla/5.0 (Windows NT 10.0; Win64; x64) AppleWebKit/537.36 (KHTML, like Gecko) Chrome/80.0.3987.149 Safari/537.36"
167.172.130.206 - - [02/Apr/2025:13:08:23 -0400] "GET /xmlrpc.php?rsd HTTP/1.1" 200 308 "-" "Mozilla/5.0 (Windows NT 10.0; Win64; x64) AppleWebKit/537.36 (KHTML, like Gecko) Chrome/80.0.3987.149 Safari/537.36"
198.54.114.83 - - [02/Apr/2025:13:08:30 -0400] "POST /wp-cron.php?doing_wp_cron=1743613708.2066519260406494140625 HTTP/1.1" 200 0 "-" "WordPress/6.7.2; https://saamigraphics.com"
167.99.69.132 - - [02/Apr/2025:13:08:34 -0400] "GET /wp-content/uploads/2017-------/09/wp-console.php HTTP/1.1" 200 97612 "-" "Mozilla/5.0 (Linux; Android 11; M2010J19SI) AppleWebKit/537.36 (KHTML, like Gecko) Chrome/109.0.0.0 Mobile Safari/537.36"
167.172.130.206 - - [02/Apr/2025:13:08:36 -0400] "GET /?author=1 HTTP/1.1" 200 97612 "-" "Mozilla/5.0 (Windows NT 10.0; Win64; x64) AppleWebKit/537.36 (KHTML, like Gecko) Chrome/80.0.3987.149 Safari/537.36"
167.99.69.132 - - [02/Apr/2025:13:08:38 -0400] "GET /wp-includes/js/crop/uword.php HTTP/1.1" 200 97634 "-" "Mozilla/5.0 (Linux; Android 11; M2010J19SI) AppleWebKit/537.36 (KHTML, like Gecko) Chrome/109.0.0.0 Mobile Safari/537.36"
167.172.130.206 - - [02/Apr/2025:13:08:38 -0400] "GET /?author=2 HTTP/1.1" 200 97612 "-" "Mozilla/5.0 (Windows NT 10.0; Win64; x64) AppleWebKit/537.36 (KHTML, like Gecko) Chrome/80.0.3987.149 Safari/537.36"
167.172.130.206 - - [02/Apr/2025:13:08:41 -0400] "GET /wp-json/wp/v2/users/ HTTP/1.1" 200 97634 "-" "Mozilla/5.0 (Windows NT 10.0; Win64; x64) AppleWebKit/537.36 (KHTML, like Gecko) Chrome/80.0.3987.149 Safari/537.36"
167.99.69.132 - - [02/Apr/2025:13:08:41 -0400] "GET /wp-content/themes/bltm/wp-login.php HTTP/1.1" 200 97612 "-" "Mozilla/5.0 (Linux; Android 11; M2010J19SI) AppleWebKit/537.36 (KHTML, like Gecko) Chrome/109.0.0.0 Mobile Safari/537.36"
167.172.130.206 - - [02/Apr/2025:13:08:44 -0400] "GET /wp-json/oembed/1.0/embed?url=http://saamigraphics.com HTTP/1.1" 200 97634 "-" "Mozilla/5.0 (Windows NT 10.0; Win64; x64) AppleWebKit/537.36 (KHTML, like Gecko) Chrome/80.0.3987.149 Safari/537.36"
167.99.69.132 - - [02/Apr/2025:13:08:44 -0400] "GET /autoload_classmap.php HTTP/1.1" 200 97618 "-" "Mozilla/5.0 (Linux; Android 11; M2010J19SI) AppleWebKit/537.36 (KHTML, like Gecko) Chrome/109.0.0.0 Mobile Safari/537.36"
167.172.130.206 - - [02/Apr/2025:13:08:45 -0400] "POST /xmlrpc.php HTTP/1.1" 200 212 "-" "Mozilla/5.0 (Windows NT 10.0; Win64; x64) AppleWebKit/537.36 (KHTML, like Gecko) Chrome/80.0.3987.149 Safari/537.36"
167.99.69.132 - - [02/Apr/2025:13:08:47 -0400] "GET /wp-content/uploads/2014/07/olx.php HTTP/1.1" 200 97634 "-" "Mozilla/5.0 (Linux; Android 11; M2010J19SI) AppleWebKit/537.36 (KHTML, like Gecko) Chrome/109.0.0.0 Mobile Safari/537.36"
167.172.130.206 - - [02/Apr/2025:13:08:47 -0400] "POST /xmlrpc.php HTTP/1.1" 200 236 "-" "Mozilla/5.0 (Windows NT 10.0; Win64; x64) AppleWebKit/537.36 (KHTML, like Gecko) Chrome/80.0.3987.149 Safari/537.36"
167.99.69.132 - - [02/Apr/2025:13:08:49 -0400] "GET /wp-admin/css/colors/midnight/index.php HTTP/1.1" 200 97634 "-" "Mozilla/5.0 (Linux; Android 11; M2010J19SI) AppleWebKit/537.36 (KHTML, like Gecko) Chrome/109.0.0.0 Mobile Safari/537.36"
167.172.130.206 - - [02/Apr/2025:13:08:50 -0400] "POST /xmlrpc.php HTTP/1.1" 200 212 "-" "Mozilla/5.0 (Windows NT 10.0; Win64; x64) AppleWebKit/537.36 (KHTML, like Gecko) Chrome/80.0.3987.149 Safari/537.36"
167.172.130.206 - - [02/Apr/2025:13:08:51 -0400] "POST /xmlrpc.php HTTP/1.1" 200 236 "-" "Mozilla/5.0 (Windows NT 10.0; Win64; x64) AppleWebKit/537.36 (KHTML, like Gecko) Chrome/80.0.3987.149 Safari/537.36"
167.99.69.132 - - [02/Apr/2025:13:08:54 -0400] "GET /wp-content/uploads/2020/wp-couldent.php.suspected HTTP/1.1" 200 97634 "-" "Mozilla/5.0 (Linux; Android 11; M2010J19SI) AppleWebKit/537.36 (KHTML, like Gecko) Chrome/109.0.0.0 Mobile Safari/537.36"
167.172.130.206 - - [02/Apr/2025:13:08:53 -0400] "POST /xmlrpc.php HTTP/1.1" 200 236 "-" "Mozilla/5.0 (Windows NT 10.0; Win64; x64) AppleWebKit/537.36 (KHTML, like Gecko) Chrome/80.0.3987.149 Safari/537.36"
167.172.130.206 - - [02/Apr/2025:13:08:56 -0400] "POST /xmlrpc.php HTTP/1.1" 200 236 "-" "Mozilla/5.0 (Windows NT 10.0; Win64; x64) AppleWebKit/537.36 (KHTML, like Gecko) Chrome/80.0.3987.149 Safari/537.36"
167.99.69.132 - - [02/Apr/2025:13:08:59 -0400] "GET /wp-content/plugins/523453244/ninja.php HTTP/1.1" 200 97634 "-" "Mozilla/5.0 (Linux; Android 11; M2010J19SI) AppleWebKit/537.36 (KHTML, like Gecko) Chrome/109.0.0.0 Mobile Safari/537.36"
167.99.69.132 - - [02/Apr/2025:13:09:05 -0400] "GET /wp-includes/js/imgareaselect/index.php HTTP/1.1" 200 97634 "-" "Mozilla/5.0 (Linux; Android 11; M2010J19SI) AppleWebKit/537.36 (KHTML, like Gecko) Chrome/109.0.0.0 Mobile Safari/537.36"
167.99.69.132 - - [02/Apr/2025:13:09:08 -0400] "GET /wp-includes/PHPMailer/load.php HTTP/1.1" 200 97612 "-" "Mozilla/5.0 (Linux; Android 11; M2010J19SI) AppleWebKit/537.36 (KHTML, like Gecko) Chrome/109.0.0.0 Mobile Safari/537.36"
167.99.69.132 - - [02/Apr/2025:13:09:10 -0400] "GET /wp-links.php HTTP/1.1" 200 97634 "-" "Mozilla/5.0 (Linux; Android 11; M2010J19SI) AppleWebKit/537.36 (KHTML, like Gecko) Chrome/109.0.0.0 Mobile Safari/537.36"
167.99.69.132 - - [02/Apr/2025:13:09:18 -0400] "GET /wp-aa.php HTTP/1.1" 200 97612 "-" "Mozilla/5.0 (Linux; Android 11; M2010J19SI) AppleWebKit/537.36 (KHTML, like Gecko) Chrome/109.0.0.0 Mobile Safari/537.36"
167.99.69.132 - - [02/Apr/2025:13:09:22 -0400] "GET /wp-content/themes/travelscape/json.php HTTP/1.1" 200 97612 "-" "Mozilla/5.0 (Linux; Android 11; M2010J19SI) AppleWebKit/537.36 (KHTML, like Gecko) Chrome/109.0.0.0 Mobile Safari/537.36"
167.99.69.132 - - [02/Apr/2025:13:09:30 -0400] "GET /wp-content/themes/travel/issue.php HTTP/1.1" 200 97612 "-" "Mozilla/5.0 (Linux; Android 11; M2010J19SI) AppleWebKit/537.36 (KHTML, like Gecko) Chrome/109.0.0.0 Mobile Safari/537.36"
167.99.69.132 - - [02/Apr/2025:13:09:34 -0400] "GET /about.php HTTP/1.1" 200 97612 "-" "Mozilla/5.0 (Linux; Android 11; M2010J19SI) AppleWebKit/537.36 (KHTML, like Gecko) Chrome/109.0.0.0 Mobile Safari/537.36"
167.99.69.132 - - [02/Apr/2025:13:09:36 -0400] "GET /xx.php HTTP/1.1" 200 97634 "-" "Mozilla/5.0 (Linux; Android 11; M2010J19SI) AppleWebKit/537.36 (KHTML, like Gecko) Chrome/109.0.0.0 Mobile Safari/537.36"
167.99.69.132 - - [02/Apr/2025:13:09:40 -0400] "GET /wp-content/themes/digital-download/new.php HTTP/1.1" 200 97634 "-" "Mozilla/5.0 (Linux; Android 11; M2010J19SI) AppleWebKit/537.36 (KHTML, like Gecko) Chrome/109.0.0.0 Mobile Safari/537.36"
167.99.69.132 - - [02/Apr/2025:13:09:43 -0400] "GET /epinyins.php HTTP/1.1" 200 97634 "-" "Mozilla/5.0 (Linux; Android 11; M2010J19SI) AppleWebKit/537.36 (KHTML, like Gecko) Chrome/109.0.0.0 Mobile Safari/537.36"
167.99.69.132 - - [02/Apr/2025:13:09:52 -0400] "GET /wp-admin/dropdown.php HTTP/1.1" 200 97634 "-" "Mozilla/5.0 (Linux; Android 11; M2010J19SI) AppleWebKit/537.36 (KHTML, like Gecko) Chrome/109.0.0.0 Mobile Safari/537.36"
167.99.69.132 - - [02/Apr/2025:13:09:55 -0400] "GET /dropdown.php HTTP/1.1" 200 97634 "-" "Mozilla/5.0 (Linux; Android 11; M2010J19SI) AppleWebKit/537.36 (KHTML, like Gecko) Chrome/109.0.0.0 Mobile Safari/537.36"
167.99.69.132 - - [02/Apr/2025:13:10:01 -0400] "GET /wp-admin/css/index.php HTTP/1.1" 200 97634 "-" "Mozilla/5.0 (Linux; Android 11; M2010J19SI) AppleWebKit/537.36 (KHTML, like Gecko) Chrome/109.0.0.0 Mobile Safari/537.36"
167.99.69.132 - - [02/Apr/2025:13:10:09 -0400] "GET /wp-content/mah.php HTTP/1.1" 200 97634 "-" "Mozilla/5.0 (Linux; Android 11; M2010J19SI) AppleWebKit/537.36 (KHTML, like Gecko) Chrome/109.0.0.0 Mobile Safari/537.36"
167.99.69.132 - - [02/Apr/2025:13:10:13 -0400] "GET /wp-content/item.php HTTP/1.1" 200 97634 "-" "Mozilla/5.0 (Linux; Android 11; M2010J19SI) AppleWebKit/537.36 (KHTML, like Gecko) Chrome/109.0.0.0 Mobile Safari/537.36"
167.99.69.132 - - [02/Apr/2025:13:10:18 -0400] "GET /wp-content/plugins/shell/about.php HTTP/1.1" 200 97612 "-" "Mozilla/5.0 (Linux; Android 11; M2010J19SI) AppleWebKit/537.36 (KHTML, like Gecko) Chrome/109.0.0.0 Mobile Safari/537.36"
167.99.69.132 - - [02/Apr/2025:13:10:21 -0400] "GET /wp-content/plugins/pwnd/pwnd.php HTTP/1.1" 200 97612 "-" "Mozilla/5.0 (Linux; Android 11; M2010J19SI) AppleWebKit/537.36 (KHTML, like Gecko) Chrome/109.0.0.0 Mobile Safari/537.36"
167.99.69.132 - - [02/Apr/2025:13:10:24 -0400] "GET /wp-content/plugins/fix/up.php HTTP/1.1" 200 97634 "-" "Mozilla/5.0 (Linux; Android 11; M2010J19SI) AppleWebKit/537.36 (KHTML, like Gecko) Chrome/109.0.0.0 Mobile Safari/537.36"
167.99.69.132 - - [02/Apr/2025:13:10:27 -0400] "GET /wp-content/plugins/ph-file-manager/wp-file.php HTTP/1.1" 200 97612 "-" "Mozilla/5.0 (Linux; Android 11; M2010J19SI) AppleWebKit/537.36 (KHTML, like Gecko) Chrome/109.0.0.0 Mobile Safari/537.36"
167.99.69.132 - - [02/Apr/2025:13:10:29 -0400] "GET /wp-content/plugins/root-file-manager/wp-file.php HTTP/1.1" 200 97634 "-" "Mozilla/5.0 (Linux; Android 11; M2010J19SI) AppleWebKit/537.36 (KHTML, like Gecko) Chrome/109.0.0.0 Mobile Safari/537.36"
167.99.69.132 - - [02/Apr/2025:13:10:33 -0400] "GET /wp-content/plugins/wp-help/mini.php HTTP/1.1" 200 97634 "-" "Mozilla/5.0 (Linux; Android 11; M2010J19SI) AppleWebKit/537.36 (KHTML, like Gecko) Chrome/109.0.0.0 Mobile Safari/537.36"
167.99.69.132 - - [02/Apr/2025:13:10:36 -0400] "GET /wp-content/themes/travel/issue.php HTTP/1.1" 200 97634 "-" "Mozilla/5.0 (Linux; Android 11; M2010J19SI) AppleWebKit/537.36 (KHTML, like Gecko) Chrome/109.0.0.0 Mobile Safari/537.36"
167.99.69.132 - - [02/Apr/2025:13:10:40 -0400] "GET /wp-content/themes/jaida/lang.php HTTP/1.1" 200 97634 "-" "Mozilla/5.0 (Linux; Android 11; M2010J19SI) AppleWebKit/537.36 (KHTML, like Gecko) Chrome/109.0.0.0 Mobile Safari/537.36"
167.99.69.132 - - [02/Apr/2025:13:10:42 -0400] "GET /wp-l0gin.php HTTP/1.1" 200 97634 "-" "Mozilla/5.0 (Linux; Android 11; M2010J19SI) AppleWebKit/537.36 (KHTML, like Gecko) Chrome/109.0.0.0 Mobile Safari/537.36"
167.99.69.132 - - [02/Apr/2025:13:10:45 -0400] "GET /ext.php HTTP/1.1" 200 97634 "-" "Mozilla/5.0 (Linux; Android 11; M2010J19SI) AppleWebKit/537.36 (KHTML, like Gecko) Chrome/109.0.0.0 Mobile Safari/537.36"
167.99.69.132 - - [02/Apr/2025:13:10:48 -0400] "GET /wp-l0gin.php HTTP/1.1" 200 97634 "-" "Mozilla/5.0 (Linux; Android 11; M2010J19SI) AppleWebKit/537.36 (KHTML, like Gecko) Chrome/109.0.0.0 Mobile Safari/537.36"
216.244.66.202 - - [02/Apr/2025:13:14:57 -0400] "GET /youtube-phenomenon/feed/ HTTP/1.1" 200 97634 "-" "Mozilla/5.0 (compatible; DotBot/1.2; +https://opensiteexplorer.org/dotbot; help@moz.com)"
216.244.66.202 - - [02/Apr/2025:13:18:11 -0400] "GET /fertility-clinic-sharjah-how-to-lower-the-cost-of-ivf/feed/ HTTP/1.1" 200 97634 "-" "Mozilla/5.0 (compatible; DotBot/1.2; +https://opensiteexplorer.org/dotbot; help@moz.com)"
216.244.66.202 - - [02/Apr/2025:13:18:14 -0400] "GET /unlocking-creativity-the-power-of-ai-image-generators/feed/ HTTP/1.1" 200 97634 "-" "Mozilla/5.0 (compatible; DotBot/1.2; +https://opensiteexplorer.org/dotbot; help@moz.com)"
216.244.66.202 - - [02/Apr/2025:13:20:08 -0400] "GET /streamlining-plumbing-solutions-the-role-of-ppr-fittings-suppliers/feed/ HTTP/1.1" 200 97634 "-" "Mozilla/5.0 (compatible; DotBot/1.2; +https://opensiteexplorer.org/dotbot; help@moz.com)"
216.244.66.202 - - [02/Apr/2025:13:32:24 -0400] "GET /robots.txt HTTP/1.1" 200 97634 "-" "Mozilla/5.0 (compatible; DotBot/1.2; +https://opensiteexplorer.org/dotbot; help@moz.com)"
85.208.98.23 - - [02/Apr/2025:13:34:00 -0400] "GET /robots.txt HTTP/1.1" 200 97634 "-" "Mozilla/5.0 (compatible; SemrushBot-BA; +http://www.semrush.com/bot.html)"
216.244.66.202 - - [02/Apr/2025:13:40:34 -0400] "GET /conseils-pour-nettoyer-les-bijoux-en-argent/feed/ HTTP/1.1" 200 97634 "-" "Mozilla/5.0 (compatible; DotBot/1.2; +https://opensiteexplorer.org/dotbot; help@moz.com)"
216.244.66.202 - - [02/Apr/2025:13:40:38 -0400] "GET /exploring-vietnam-a-comprehensive-guide-for-korean-travelers/feed/ HTTP/1.1" 200 97634 "-" "Mozilla/5.0 (compatible; DotBot/1.2; +https://opensiteexplorer.org/dotbot; help@moz.com)"
216.244.66.202 - - [02/Apr/2025:13:57:50 -0400] "GET /2023/08/page/4/ HTTP/1.1" 200 97634 "-" "Mozilla/5.0 (compatible; DotBot/1.2; +https://opensiteexplorer.org/dotbot; help@moz.com)"
216.244.66.202 - - [02/Apr/2025:13:58:48 -0400] "GET /2022/04/24/escort-girls-for-sex-realescort-eu-gratis-telefon-sex-swingers-klubb-oslo/ HTTP/1.1" 200 97618 "-" "Mozilla/5.0 (compatible; DotBot/1.2; +https://opensiteexplorer.org/dotbot; help@moz.com)"
216.244.66.202 - - [02/Apr/2025:13:58:54 -0400] "GET /page/71/ HTTP/1.1" 200 97634 "-" "Mozilla/5.0 (compatible; DotBot/1.2; +https://opensiteexplorer.org/dotbot; help@moz.com)"
216.244.66.202 - - [02/Apr/2025:14:01:32 -0400] "GET /best-valentines-gifts-for-teens/feed/ HTTP/1.1" 200 97612 "-" "Mozilla/5.0 (compatible; DotBot/1.2; +https://opensiteexplorer.org/dotbot; help@moz.com)"
157.230.1.83 - - [02/Apr/2025:14:11:28 -0400] "GET /wp-admin/css/ HTTP/1.1" 403 1242 "binance.com" "Mozilla/5.0 (Windows NT 10.0; Win64; x64) AppleWebKit/537.36 (KHTML, like Gecko) Chrome/90.0.4430.85 Safari/537.36"
154.83.103.19 - - [02/Apr/2025:14:13:24 -0400] "GET /.git/HEAD HTTP/1.1" 403 1242 "-" "-"
154.83.103.19 - - [02/Apr/2025:14:13:28 -0400] "GET /server-info HTTP/1.1" 200 97612 "-" "Mozilla/5.0 (Windows NT 10.0; Win64; x64) AppleWebKit/537.36 (KHTML, like Gecko) Chrome/91.0.4472.124 Safari/537.36"
154.83.103.19 - - [02/Apr/2025:14:13:32 -0400] "GET /.htaccess HTTP/1.1" 403 1242 "-" "Mozilla/5.0 (Windows NT 10.0; Win64; x64) AppleWebKit/537.36 (KHTML, like Gecko) Chrome/91.0.4472.124 Safari/537.36"
154.83.103.19 - - [02/Apr/2025:14:13:36 -0400] "GET /.htpasswd HTTP/1.1" 403 1242 "-" "Mozilla/5.0 (Windows NT 10.0; Win64; x64) AppleWebKit/537.36 (KHTML, like Gecko) Chrome/91.0.4472.124 Safari/537.36"
154.83.103.19 - - [02/Apr/2025:14:13:39 -0400] "GET /backup/.htpasswd HTTP/1.1" 403 1242 "-" "Mozilla/5.0 (Windows NT 10.0; Win64; x64) AppleWebKit/537.36 (KHTML, like Gecko) Chrome/91.0.4472.124 Safari/537.36"
154.83.103.19 - - [02/Apr/2025:14:13:43 -0400] "GET /backup/.htaccess HTTP/1.1" 403 1242 "-" "Mozilla/5.0 (Windows NT 10.0; Win64; x64) AppleWebKit/537.36 (KHTML, like Gecko) Chrome/91.0.4472.124 Safari/537.36"
154.83.103.19 - - [02/Apr/2025:14:13:47 -0400] "GET /old/.htaccess HTTP/1.1" 403 1242 "-" "Mozilla/5.0 (Windows NT 10.0; Win64; x64) AppleWebKit/537.36 (KHTML, like Gecko) Chrome/91.0.4472.124 Safari/537.36"
154.83.103.19 - - [02/Apr/2025:14:13:49 -0400] "GET /logs/access.log HTTP/1.1" 200 97612 "-" "Mozilla/5.0 (Windows NT 10.0; Win64; x64) AppleWebKit/537.36 (KHTML, like Gecko) Chrome/91.0.4472.124 Safari/537.36"
154.83.103.19 - - [02/Apr/2025:14:13:53 -0400] "GET /logs/error.log HTTP/1.1" 200 97612 "-" "Mozilla/5.0 (Windows NT 10.0; Win64; x64) AppleWebKit/537.36 (KHTML, like Gecko) Chrome/91.0.4472.124 Safari/537.36"
154.83.103.19 - - [02/Apr/2025:14:13:56 -0400] "GET /conf/httpd.conf HTTP/1.1" 200 97634 "-" "Mozilla/5.0 (Windows NT 10.0; Win64; x64) AppleWebKit/537.36 (KHTML, like Gecko) Chrome/91.0.4472.124 Safari/537.36"
154.83.103.19 - - [02/Apr/2025:14:13:58 -0400] "GET /conf/apache2.conf HTTP/1.1" 200 97634 "-" "Mozilla/5.0 (Windows NT 10.0; Win64; x64) AppleWebKit/537.36 (KHTML, like Gecko) Chrome/91.0.4472.124 Safari/537.36"
154.83.103.19 - - [02/Apr/2025:14:13:59 -0400] "GET /.env HTTP/1.1" 200 97634 "-" "Mozilla/5.0 (Windows NT 10.0; Win64; x64) AppleWebKit/537.36 (KHTML, like Gecko) Chrome/91.0.4472.124 Safari/537.36"
154.83.103.19 - - [02/Apr/2025:14:14:05 -0400] "GET /.env.example HTTP/1.1" 200 97612 "-" "Mozilla/5.0 (Windows NT 10.0; Win64; x64) AppleWebKit/537.36 (KHTML, like Gecko) Chrome/91.0.4472.124 Safari/537.36"
154.83.103.19 - - [02/Apr/2025:14:14:08 -0400] "GET /storage/logs/laravel.log HTTP/1.1" 200 97634 "-" "Mozilla/5.0 (Windows NT 10.0; Win64; x64) AppleWebKit/537.36 (KHTML, like Gecko) Chrome/91.0.4472.124 Safari/537.36"
154.83.103.19 - - [02/Apr/2025:14:14:13 -0400] "GET /bootstrap/cache/config.php HTTP/1.1" 200 97634 "-" "Mozilla/5.0 (Windows NT 10.0; Win64; x64) AppleWebKit/537.36 (KHTML, like Gecko) Chrome/91.0.4472.124 Safari/537.36"
154.83.103.19 - - [02/Apr/2025:14:14:15 -0400] "GET /bootstrap/cache/routes.php HTTP/1.1" 200 97612 "-" "Mozilla/5.0 (Windows NT 10.0; Win64; x64) AppleWebKit/537.36 (KHTML, like Gecko) Chrome/91.0.4472.124 Safari/537.36"
154.83.103.19 - - [02/Apr/2025:14:14:19 -0400] "GET /public/storage/ HTTP/1.1" 200 97634 "-" "Mozilla/5.0 (Windows NT 10.0; Win64; x64) AppleWebKit/537.36 (KHTML, like Gecko) Chrome/91.0.4472.124 Safari/537.36"
154.83.103.19 - - [02/Apr/2025:14:14:22 -0400] "GET /config/app.php HTTP/1.1" 200 97634 "-" "Mozilla/5.0 (Windows NT 10.0; Win64; x64) AppleWebKit/537.36 (KHTML, like Gecko) Chrome/91.0.4472.124 Safari/537.36"
154.83.103.19 - - [02/Apr/2025:14:14:25 -0400] "GET /config/database.php HTTP/1.1" 200 97634 "-" "Mozilla/5.0 (Windows NT 10.0; Win64; x64) AppleWebKit/537.36 (KHTML, like Gecko) Chrome/91.0.4472.124 Safari/537.36"
154.83.103.19 - - [02/Apr/2025:14:14:28 -0400] "GET /routes/web.php HTTP/1.1" 200 97634 "-" "Mozilla/5.0 (Windows NT 10.0; Win64; x64) AppleWebKit/537.36 (KHTML, like Gecko) Chrome/91.0.4472.124 Safari/537.36"
154.83.103.19 - - [02/Apr/2025:14:14:32 -0400] "GET /routes/api.php HTTP/1.1" 200 97612 "-" "Mozilla/5.0 (Windows NT 10.0; Win64; x64) AppleWebKit/537.36 (KHTML, like Gecko) Chrome/91.0.4472.124 Safari/537.36"
154.83.103.19 - - [02/Apr/2025:14:14:37 -0400] "GET /.svn/ HTTP/1.1" 403 1242 "-" "Mozilla/5.0 (Windows NT 10.0; Win64; x64) AppleWebKit/537.36 (KHTML, like Gecko) Chrome/91.0.4472.124 Safari/537.36"
154.83.103.19 - - [02/Apr/2025:14:14:40 -0400] "GET /.svn/wc.db HTTP/1.1" 403 1242 "-" "Mozilla/5.0 (Windows NT 10.0; Win64; x64) AppleWebKit/537.36 (KHTML, like Gecko) Chrome/91.0.4472.124 Safari/537.36"
154.83.103.19 - - [02/Apr/2025:14:14:42 -0400] "GET /.svn/entries HTTP/1.1" 403 1242 "-" "Mozilla/5.0 (Windows NT 10.0; Win64; x64) AppleWebKit/537.36 (KHTML, like Gecko) Chrome/91.0.4472.124 Safari/537.36"
154.83.103.19 - - [02/Apr/2025:14:14:45 -0400] "GET /.svn/all-wcprops HTTP/1.1" 403 1242 "-" "Mozilla/5.0 (Windows NT 10.0; Win64; x64) AppleWebKit/537.36 (KHTML, like Gecko) Chrome/91.0.4472.124 Safari/537.36"
154.83.103.19 - - [02/Apr/2025:14:14:48 -0400] "GET /.svn/pristine/ HTTP/1.1" 403 1242 "-" "Mozilla/5.0 (Windows NT 10.0; Win64; x64) AppleWebKit/537.36 (KHTML, like Gecko) Chrome/91.0.4472.124 Safari/537.36"
154.83.103.19 - - [02/Apr/2025:14:14:50 -0400] "GET /.svn/text-base/ HTTP/1.1" 403 1242 "-" "Mozilla/5.0 (Windows NT 10.0; Win64; x64) AppleWebKit/537.36 (KHTML, like Gecko) Chrome/91.0.4472.124 Safari/537.36"
154.83.103.19 - - [02/Apr/2025:14:14:53 -0400] "GET /.svn/tmp/ HTTP/1.1" 403 1242 "-" "Mozilla/5.0 (Windows NT 10.0; Win64; x64) AppleWebKit/537.36 (KHTML, like Gecko) Chrome/91.0.4472.124 Safari/537.36"
154.83.103.19 - - [02/Apr/2025:14:14:55 -0400] "GET /.svn/log HTTP/1.1" 403 1242 "-" "Mozilla/5.0 (Windows NT 10.0; Win64; x64) AppleWebKit/537.36 (KHTML, like Gecko) Chrome/91.0.4472.124 Safari/537.36"
154.83.103.19 - - [02/Apr/2025:14:14:58 -0400] "GET /.svn/format HTTP/1.1" 403 1242 "-" "Mozilla/5.0 (Windows NT 10.0; Win64; x64) AppleWebKit/537.36 (KHTML, like Gecko) Chrome/91.0.4472.124 Safari/537.36"
154.83.103.19 - - [02/Apr/2025:14:15:01 -0400] "GET /.svn/auth/ HTTP/1.1" 403 1242 "-" "Mozilla/5.0 (Windows NT 10.0; Win64; x64) AppleWebKit/537.36 (KHTML, like Gecko) Chrome/91.0.4472.124 Safari/537.36"
154.83.103.19 - - [02/Apr/2025:14:15:06 -0400] "GET /.env HTTP/1.1" 200 97634 "-" "Mozilla/5.0 (Windows NT 10.0; Win64; x64) AppleWebKit/537.36 (KHTML, like Gecko) Chrome/91.0.4472.124 Safari/537.36"
154.83.103.19 - - [02/Apr/2025:14:15:10 -0400] "GET /.env.local HTTP/1.1" 200 97612 "-" "Mozilla/5.0 (Windows NT 10.0; Win64; x64) AppleWebKit/537.36 (KHTML, like Gecko) Chrome/91.0.4472.124 Safari/537.36"
154.83.103.19 - - [02/Apr/2025:14:15:15 -0400] "GET /.env.production HTTP/1.1" 200 97634 "-" "Mozilla/5.0 (Windows NT 10.0; Win64; x64) AppleWebKit/537.36 (KHTML, like Gecko) Chrome/91.0.4472.124 Safari/537.36"
154.83.103.19 - - [02/Apr/2025:14:15:20 -0400] "GET /.env.development HTTP/1.1" 200 97634 "-" "Mozilla/5.0 (Windows NT 10.0; Win64; x64) AppleWebKit/537.36 (KHTML, like Gecko) Chrome/91.0.4472.124 Safari/537.36"
154.83.103.19 - - [02/Apr/2025:14:15:23 -0400] "GET /.env.testing HTTP/1.1" 200 97634 "-" "Mozilla/5.0 (Windows NT 10.0; Win64; x64) AppleWebKit/537.36 (KHTML, like Gecko) Chrome/91.0.4472.124 Safari/537.36"
154.83.103.19 - - [02/Apr/2025:14:15:27 -0400] "GET /.env.staging HTTP/1.1" 200 97612 "-" "Mozilla/5.0 (Windows NT 10.0; Win64; x64) AppleWebKit/537.36 (KHTML, like Gecko) Chrome/91.0.4472.124 Safari/537.36"
154.83.103.19 - - [02/Apr/2025:14:15:29 -0400] "GET /.env.backup HTTP/1.1" 200 97612 "-" "Mozilla/5.0 (Windows NT 10.0; Win64; x64) AppleWebKit/537.36 (KHTML, like Gecko) Chrome/91.0.4472.124 Safari/537.36"
154.83.103.19 - - [02/Apr/2025:14:15:33 -0400] "GET /config/.env HTTP/1.1" 200 97634 "-" "Mozilla/5.0 (Windows NT 10.0; Win64; x64) AppleWebKit/537.36 (KHTML, like Gecko) Chrome/91.0.4472.124 Safari/537.36"
154.83.103.19 - - [02/Apr/2025:14:15:37 -0400] "GET /var/www/.env HTTP/1.1" 200 97634 "-" "Mozilla/5.0 (Windows NT 10.0; Win64; x64) AppleWebKit/537.36 (KHTML, like Gecko) Chrome/91.0.4472.124 Safari/537.36"
154.83.103.19 - - [02/Apr/2025:14:15:40 -0400] "GET /backup/.env HTTP/1.1" 200 97634 "-" "Mozilla/5.0 (Windows NT 10.0; Win64; x64) AppleWebKit/537.36 (KHTML, like Gecko) Chrome/91.0.4472.124 Safari/537.36"
154.83.103.19 - - [02/Apr/2025:14:15:41 -0400] "GET /.git/ HTTP/1.1" 403 1242 "-" "Mozilla/5.0 (Windows NT 10.0; Win64; x64) AppleWebKit/537.36 (KHTML, like Gecko) Chrome/91.0.4472.124 Safari/537.36"
154.83.103.19 - - [02/Apr/2025:14:15:44 -0400] "GET /.git/config HTTP/1.1" 403 1242 "-" "Mozilla/5.0 (Windows NT 10.0; Win64; x64) AppleWebKit/537.36 (KHTML, like Gecko) Chrome/91.0.4472.124 Safari/537.36"
154.83.103.19 - - [02/Apr/2025:14:15:47 -0400] "GET /.git/index HTTP/1.1" 403 1242 "-" "Mozilla/5.0 (Windows NT 10.0; Win64; x64) AppleWebKit/537.36 (KHTML, like Gecko) Chrome/91.0.4472.124 Safari/537.36"
154.83.103.19 - - [02/Apr/2025:14:15:49 -0400] "GET /.git/HEAD HTTP/1.1" 403 1242 "-" "Mozilla/5.0 (Windows NT 10.0; Win64; x64) AppleWebKit/537.36 (KHTML, like Gecko) Chrome/91.0.4472.124 Safari/537.36"
154.83.103.19 - - [02/Apr/2025:14:15:51 -0400] "GET /.git/logs/HEAD HTTP/1.1" 403 1242 "-" "Mozilla/5.0 (Windows NT 10.0; Win64; x64) AppleWebKit/537.36 (KHTML, like Gecko) Chrome/91.0.4472.124 Safari/537.36"
154.83.103.19 - - [02/Apr/2025:14:15:53 -0400] "GET /.git/objects/ HTTP/1.1" 403 1242 "-" "Mozilla/5.0 (Windows NT 10.0; Win64; x64) AppleWebKit/537.36 (KHTML, like Gecko) Chrome/91.0.4472.124 Safari/537.36"
154.83.103.19 - - [02/Apr/2025:14:15:56 -0400] "GET /.git/refs/ HTTP/1.1" 403 1242 "-" "Mozilla/5.0 (Windows NT 10.0; Win64; x64) AppleWebKit/537.36 (KHTML, like Gecko) Chrome/91.0.4472.124 Safari/537.36"
154.83.103.19 - - [02/Apr/2025:14:15:59 -0400] "GET /.git/hooks/ HTTP/1.1" 403 1242 "-" "Mozilla/5.0 (Windows NT 10.0; Win64; x64) AppleWebKit/537.36 (KHTML, like Gecko) Chrome/91.0.4472.124 Safari/537.36"
154.83.103.19 - - [02/Apr/2025:14:16:01 -0400] "GET /.git/info/exclude HTTP/1.1" 403 1242 "-" "Mozilla/5.0 (Windows NT 10.0; Win64; x64) AppleWebKit/537.36 (KHTML, like Gecko) Chrome/91.0.4472.124 Safari/537.36"
154.83.103.19 - - [02/Apr/2025:14:16:05 -0400] "GET /.gitignore HTTP/1.1" 200 97612 "-" "Mozilla/5.0 (Windows NT 10.0; Win64; x64) AppleWebKit/537.36 (KHTML, like Gecko) Chrome/91.0.4472.124 Safari/537.36"
154.83.103.19 - - [02/Apr/2025:14:16:08 -0400] "GET /.aws/credentials HTTP/1.1" 200 97612 "-" "Mozilla/5.0 (Windows NT 10.0; Win64; x64) AppleWebKit/537.36 (KHTML, like Gecko) Chrome/91.0.4472.124 Safari/537.36"
154.83.103.19 - - [02/Apr/2025:14:16:12 -0400] "GET /.aws/config HTTP/1.1" 200 97634 "-" "Mozilla/5.0 (Windows NT 10.0; Win64; x64) AppleWebKit/537.36 (KHTML, like Gecko) Chrome/91.0.4472.124 Safari/537.36"
154.83.103.19 - - [02/Apr/2025:14:16:16 -0400] "GET /backup/aws_keys.txt HTTP/1.1" 200 97634 "-" "Mozilla/5.0 (Windows NT 10.0; Win64; x64) AppleWebKit/537.36 (KHTML, like Gecko) Chrome/91.0.4472.124 Safari/537.36"
154.83.103.19 - - [02/Apr/2025:14:16:20 -0400] "GET /config/aws_keys.json HTTP/1.1" 200 97634 "-" "Mozilla/5.0 (Windows NT 10.0; Win64; x64) AppleWebKit/537.36 (KHTML, like Gecko) Chrome/91.0.4472.124 Safari/537.36"
154.83.103.19 - - [02/Apr/2025:14:16:24 -0400] "GET /var/www/aws_credentials HTTP/1.1" 200 97612 "-" "Mozilla/5.0 (Windows NT 10.0; Win64; x64) AppleWebKit/537.36 (KHTML, like Gecko) Chrome/91.0.4472.124 Safari/537.36"
154.83.103.19 - - [02/Apr/2025:14:16:29 -0400] "GET /s3_backup/ HTTP/1.1" 200 97634 "-" "Mozilla/5.0 (Windows NT 10.0; Win64; x64) AppleWebKit/537.36 (KHTML, like Gecko) Chrome/91.0.4472.124 Safari/537.36"
154.83.103.19 - - [02/Apr/2025:14:16:33 -0400] "GET /s3_config.json HTTP/1.1" 200 97618 "-" "Mozilla/5.0 (Windows NT 10.0; Win64; x64) AppleWebKit/537.36 (KHTML, like Gecko) Chrome/91.0.4472.124 Safari/537.36"
154.83.103.19 - - [02/Apr/2025:14:16:38 -0400] "GET /s3_private/ HTTP/1.1" 200 97634 "-" "Mozilla/5.0 (Windows NT 10.0; Win64; x64) AppleWebKit/537.36 (KHTML, like Gecko) Chrome/91.0.4472.124 Safari/537.36"
154.83.103.19 - - [02/Apr/2025:14:16:43 -0400] "GET /logs/s3_access.log HTTP/1.1" 200 97634 "-" "Mozilla/5.0 (Windows NT 10.0; Win64; x64) AppleWebKit/537.36 (KHTML, like Gecko) Chrome/91.0.4472.124 Safari/537.36"
154.83.103.19 - - [02/Apr/2025:14:16:48 -0400] "GET /old/aws_config HTTP/1.1" 200 97634 "-" "Mozilla/5.0 (Windows NT 10.0; Win64; x64) AppleWebKit/537.36 (KHTML, like Gecko) Chrome/91.0.4472.124 Safari/537.36"
154.83.103.19 - - [02/Apr/2025:14:16:51 -0400] "GET /phpinfo.php HTTP/1.1" 200 97634 "-" "Mozilla/5.0 (Windows NT 10.0; Win64; x64) AppleWebKit/537.36 (KHTML, like Gecko) Chrome/91.0.4472.124 Safari/537.36"
154.83.103.19 - - [02/Apr/2025:14:16:54 -0400] "GET /web.config HTTP/1.1" 200 97634 "-" "Mozilla/5.0 (Windows NT 10.0; Win64; x64) AppleWebKit/537.36 (KHTML, like Gecko) Chrome/91.0.4472.124 Safari/537.36"
154.83.103.19 - - [02/Apr/2025:14:16:59 -0400] "GET /config/database.yml HTTP/1.1" 200 97634 "-" "Mozilla/5.0 (Windows NT 10.0; Win64; x64) AppleWebKit/537.36 (KHTML, like Gecko) Chrome/91.0.4472.124 Safari/537.36"
154.83.103.19 - - [02/Apr/2025:14:17:01 -0400] "GET /config/secrets.yml HTTP/1.1" 200 97634 "-" "Mozilla/5.0 (Windows NT 10.0; Win64; x64) AppleWebKit/537.36 (KHTML, like Gecko) Chrome/91.0.4472.124 Safari/537.36"
154.83.103.19 - - [02/Apr/2025:14:17:04 -0400] "GET /backup/database.sql HTTP/1.1" 200 97634 "-" "Mozilla/5.0 (Windows NT 10.0; Win64; x64) AppleWebKit/537.36 (KHTML, like Gecko) Chrome/91.0.4472.124 Safari/537.36"
154.83.103.19 - - [02/Apr/2025:14:17:08 -0400] "GET /logs/debug.log HTTP/1.1" 200 97612 "-" "Mozilla/5.0 (Windows NT 10.0; Win64; x64) AppleWebKit/537.36 (KHTML, like Gecko) Chrome/91.0.4472.124 Safari/537.36"
154.83.103.19 - - [02/Apr/2025:14:17:11 -0400] "GET /logs/system.log HTTP/1.1" 200 97612 "-" "Mozilla/5.0 (Windows NT 10.0; Win64; x64) AppleWebKit/537.36 (KHTML, like Gecko) Chrome/91.0.4472.124 Safari/537.36"
154.83.103.19 - - [02/Apr/2025:14:17:14 -0400] "GET /logs/application.log HTTP/1.1" 200 97634 "-" "Mozilla/5.0 (Windows NT 10.0; Win64; x64) AppleWebKit/537.36 (KHTML, like Gecko) Chrome/91.0.4472.124 Safari/537.36"
154.83.103.19 - - [02/Apr/2025:14:17:15 -0400] "GET /var/log/syslog HTTP/1.1" 200 97634 "-" "Mozilla/5.0 (Windows NT 10.0; Win64; x64) AppleWebKit/537.36 (KHTML, like Gecko) Chrome/91.0.4472.124 Safari/537.36"
154.83.103.19 - - [02/Apr/2025:14:17:17 -0400] "GET /var/log/auth.log HTTP/1.1" 200 97612 "-" "Mozilla/5.0 (Windows NT 10.0; Win64; x64) AppleWebKit/537.36 (KHTML, like Gecko) Chrome/91.0.4472.124 Safari/537.36"
154.83.103.19 - - [02/Apr/2025:14:17:19 -0400] "GET /config.php HTTP/1.1" 200 97634 "-" "Mozilla/5.0 (Windows NT 10.0; Win64; x64) AppleWebKit/537.36 (KHTML, like Gecko) Chrome/91.0.4472.124 Safari/537.36"
154.83.103.19 - - [02/Apr/2025:14:17:21 -0400] "GET /database.sql HTTP/1.1" 200 97634 "-" "Mozilla/5.0 (Windows NT 10.0; Win64; x64) AppleWebKit/537.36 (KHTML, like Gecko) Chrome/91.0.4472.124 Safari/537.36"
154.83.103.19 - - [02/Apr/2025:14:17:23 -0400] "GET /dump.sql HTTP/1.1" 200 97612 "-" "Mozilla/5.0 (Windows NT 10.0; Win64; x64) AppleWebKit/537.36 (KHTML, like Gecko) Chrome/91.0.4472.124 Safari/537.36"
154.83.103.19 - - [02/Apr/2025:14:17:24 -0400] "GET /admin/config.php HTTP/1.1" 200 97612 "-" "Mozilla/5.0 (Windows NT 10.0; Win64; x64) AppleWebKit/537.36 (KHTML, like Gecko) Chrome/91.0.4472.124 Safari/537.36"
154.83.103.19 - - [02/Apr/2025:14:17:26 -0400] "GET /backup.tar.gz HTTP/1.1" 200 97634 "-" "Mozilla/5.0 (Windows NT 10.0; Win64; x64) AppleWebKit/537.36 (KHTML, like Gecko) Chrome/91.0.4472.124 Safari/537.36"
154.83.103.19 - - [02/Apr/2025:14:17:28 -0400] "GET /backup.zip HTTP/1.1" 200 97634 "-" "Mozilla/5.0 (Windows NT 10.0; Win64; x64) AppleWebKit/537.36 (KHTML, like Gecko) Chrome/91.0.4472.124 Safari/537.36"
154.83.103.19 - - [02/Apr/2025:14:17:29 -0400] "GET /backup.sql HTTP/1.1" 200 97612 "-" "Mozilla/5.0 (Windows NT 10.0; Win64; x64) AppleWebKit/537.36 (KHTML, like Gecko) Chrome/91.0.4472.124 Safari/537.36"
154.83.103.19 - - [02/Apr/2025:14:17:31 -0400] "GET /logs/errors.log HTTP/1.1" 200 97634 "-" "Mozilla/5.0 (Windows NT 10.0; Win64; x64) AppleWebKit/537.36 (KHTML, like Gecko) Chrome/91.0.4472.124 Safari/537.36"
154.83.103.19 - - [02/Apr/2025:14:17:36 -0400] "GET /debug.log HTTP/1.1" 200 97634 "-" "Mozilla/5.0 (Windows NT 10.0; Win64; x64) AppleWebKit/537.36 (KHTML, like Gecko) Chrome/91.0.4472.124 Safari/537.36"
216.244.66.202 - - [02/Apr/2025:14:18:15 -0400] "GET /robots.txt HTTP/1.1" 200 97634 "-" "Mozilla/5.0 (compatible; DotBot/1.2; +https://opensiteexplorer.org/dotbot; help@moz.com)"
216.244.66.202 - - [02/Apr/2025:14:26:58 -0400] "GET /die-bedeutung-von-sicherheitskameras-in-der-moderne/feed/ HTTP/1.1" 200 97634 "-" "Mozilla/5.0 (compatible; DotBot/1.2; +https://opensiteexplorer.org/dotbot; help@moz.com)"
216.244.66.202 - - [02/Apr/2025:14:27:05 -0400] "GET /papier-peint-pour-les-idees-de-chambre-a-coucher/feed/ HTTP/1.1" 200 97634 "-" "Mozilla/5.0 (compatible; DotBot/1.2; +https://opensiteexplorer.org/dotbot; help@moz.com)"
216.244.66.202 - - [02/Apr/2025:14:27:09 -0400] "GET /unveiling-the-ultimate-elegance-choosing-the-best-hair-dryer-for-your-tresses/feed/ HTTP/1.1" 200 97634 "-" "Mozilla/5.0 (compatible; DotBot/1.2; +https://opensiteexplorer.org/dotbot; help@moz.com)"
216.244.66.202 - - [02/Apr/2025:14:31:25 -0400] "GET /the-magic-of-custom-pet-photo-gifts/feed/ HTTP/1.1" 200 97634 "-" "Mozilla/5.0 (compatible; DotBot/1.2; +https://opensiteexplorer.org/dotbot; help@moz.com)"
216.244.66.202 - - [02/Apr/2025:14:33:04 -0400] "GET /capturing-cherished-moments-the-art-of-custom-pet-portraits/feed/ HTTP/1.1" 200 97612 "-" "Mozilla/5.0 (compatible; DotBot/1.2; +https://opensiteexplorer.org/dotbot; help@moz.com)"
216.244.66.202 - - [02/Apr/2025:14:44:25 -0400] "GET /navigating-emotions-in-open-relationships/feed/ HTTP/1.1" 200 97612 "-" "Mozilla/5.0 (compatible; DotBot/1.2; +https://opensiteexplorer.org/dotbot; help@moz.com)"
212.102.39.196 - - [02/Apr/2025:14:50:38 -0400] "GET /un-examen-des-produits-de-securite-a-domicile/ HTTP/1.1" 200 97634 "http://saamigraphics.com/un-examen-des-produits-de-securite-a-domicile/" "Mozilla/5.0 (Windows NT 10.0; Win64; x64) AppleWebKit/537.36 (KHTML, like Gecko) Chrome/129.0.0.0 Safari/537.36"
216.244.66.202 - - [02/Apr/2025:14:52:57 -0400] "GET /elevate-your-performance-with-custom-grip-socks/feed/ HTTP/1.1" 200 97663 "-" "Mozilla/5.0 (compatible; DotBot/1.2; +https://opensiteexplorer.org/dotbot; help@moz.com)"
216.244.66.202 - - [02/Apr/2025:14:53:06 -0400] "GET /the-future-of-artificial-intelligence-and-alignment/feed/ HTTP/1.1" 200 97634 "-" "Mozilla/5.0 (compatible; DotBot/1.2; +https://opensiteexplorer.org/dotbot; help@moz.com)"
216.244.66.202 - - [02/Apr/2025:15:04:31 -0400] "GET /robots.txt HTTP/1.1" 200 97634 "-" "Mozilla/5.0 (compatible; DotBot/1.2; +https://opensiteexplorer.org/dotbot; help@moz.com)"
43.166.131.228 - - [02/Apr/2025:15:14:21 -0400] "GET / HTTP/1.1" 200 97489 "-" "Mozilla/5.0 (iPhone; CPU iPhone OS 13_2_3 like Mac OS X) AppleWebKit/605.1.15 (KHTML, like Gecko) Version/13.0.3 Mobile/15E148 Safari/604.1"
216.244.66.202 - - [02/Apr/2025:15:15:58 -0400] "GET /the-role-of-freight-shipping-services/feed/ HTTP/1.1" 200 97634 "-" "Mozilla/5.0 (compatible; DotBot/1.2; +https://opensiteexplorer.org/dotbot; help@moz.com)"
161.97.132.59 - - [02/Apr/2025:15:27:41 -0400] "GET /wp-includes/ HTTP/1.1" 403 1242 "-" "Mozlila/5.0 (Linux; Android 7.0; SM-G892A Bulid/NRD90M; wv) AppleWebKit/537.36 (KHTML, like Gecko) Version/4.0 Chrome/60.0.3112.107 Moblie Safari/537.36"
161.97.132.59 - - [02/Apr/2025:15:27:41 -0400] "GET /wp-content/uploads/ HTTP/1.1" 403 1242 "-" "Mozlila/5.0 (Linux; Android 7.0; SM-G892A Bulid/NRD90M; wv) AppleWebKit/537.36 (KHTML, like Gecko) Version/4.0 Chrome/60.0.3112.107 Moblie Safari/537.36"
161.97.132.59 - - [02/Apr/2025:15:27:41 -0400] "GET /wp-content/plugins/ HTTP/1.1" 200 0 "-" "Mozlila/5.0 (Linux; Android 7.0; SM-G892A Bulid/NRD90M; wv) AppleWebKit/537.36 (KHTML, like Gecko) Version/4.0 Chrome/60.0.3112.107 Moblie Safari/537.36"
161.97.132.59 - - [02/Apr/2025:15:27:42 -0400] "GET /wp-admin/maint/ HTTP/1.1" 403 1242 "-" "Mozlila/5.0 (Linux; Android 7.0; SM-G892A Bulid/NRD90M; wv) AppleWebKit/537.36 (KHTML, like Gecko) Version/4.0 Chrome/60.0.3112.107 Moblie Safari/537.36"
161.97.132.59 - - [02/Apr/2025:15:27:42 -0400] "GET /wp-admin/includes/ HTTP/1.1" 403 1242 "-" "Mozlila/5.0 (Linux; Android 7.0; SM-G892A Bulid/NRD90M; wv) AppleWebKit/537.36 (KHTML, like Gecko) Version/4.0 Chrome/60.0.3112.107 Moblie Safari/537.36"
161.97.132.59 - - [02/Apr/2025:15:27:43 -0400] "GET /wp-includes/ID3/ HTTP/1.1" 403 1242 "-" "Mozlila/5.0 (Linux; Android 7.0; SM-G892A Bulid/NRD90M; wv) AppleWebKit/537.36 (KHTML, like Gecko) Version/4.0 Chrome/60.0.3112.107 Moblie Safari/537.36"
161.97.132.59 - - [02/Apr/2025:15:27:43 -0400] "GET /wp-includes/IXR/ HTTP/1.1" 403 1242 "-" "Mozlila/5.0 (Linux; Android 7.0; SM-G892A Bulid/NRD90M; wv) AppleWebKit/537.36 (KHTML, like Gecko) Version/4.0 Chrome/60.0.3112.107 Moblie Safari/537.36"
161.97.132.59 - - [02/Apr/2025:15:27:44 -0400] "GET /.well-known/ HTTP/1.1" 200 97524 "-" "Mozlila/5.0 (Linux; Android 7.0; SM-G892A Bulid/NRD90M; wv) AppleWebKit/537.36 (KHTML, like Gecko) Version/4.0 Chrome/60.0.3112.107 Moblie Safari/537.36"
161.97.132.59 - - [02/Apr/2025:15:27:44 -0400] "GET /images/ HTTP/1.1" 200 97612 "-" "Mozlila/5.0 (Linux; Android 7.0; SM-G892A Bulid/NRD90M; wv) AppleWebKit/537.36 (KHTML, like Gecko) Version/4.0 Chrome/60.0.3112.107 Moblie Safari/537.36"
161.97.132.59 - - [02/Apr/2025:15:27:45 -0400] "GET /assets/ HTTP/1.1" 200 97634 "-" "Mozlila/5.0 (Linux; Android 7.0; SM-G892A Bulid/NRD90M; wv) AppleWebKit/537.36 (KHTML, like Gecko) Version/4.0 Chrome/60.0.3112.107 Moblie Safari/537.36"
161.97.132.59 - - [02/Apr/2025:15:27:46 -0400] "GET /test/ HTTP/1.1" 200 97612 "-" "Mozlila/5.0 (Linux; Android 7.0; SM-G892A Bulid/NRD90M; wv) AppleWebKit/537.36 (KHTML, like Gecko) Version/4.0 Chrome/60.0.3112.107 Moblie Safari/537.36"
161.97.132.59 - - [02/Apr/2025:15:27:47 -0400] "GET /img/ HTTP/1.1" 200 97634 "-" "Mozlila/5.0 (Linux; Android 7.0; SM-G892A Bulid/NRD90M; wv) AppleWebKit/537.36 (KHTML, like Gecko) Version/4.0 Chrome/60.0.3112.107 Moblie Safari/537.36"
161.97.132.59 - - [02/Apr/2025:15:27:47 -0400] "GET /wp-content/mu-plugins/ HTTP/1.1" 200 97634 "-" "Mozlila/5.0 (Linux; Android 7.0; SM-G892A Bulid/NRD90M; wv) AppleWebKit/537.36 (KHTML, like Gecko) Version/4.0 Chrome/60.0.3112.107 Moblie Safari/537.36"
161.97.132.59 - - [02/Apr/2025:15:27:48 -0400] "GET /components/ HTTP/1.1" 200 97645 "-" "Mozlila/5.0 (Linux; Android 7.0; SM-G892A Bulid/NRD90M; wv) AppleWebKit/537.36 (KHTML, like Gecko) Version/4.0 Chrome/60.0.3112.107 Moblie Safari/537.36"
161.97.132.59 - - [02/Apr/2025:15:27:49 -0400] "GET /wp-includes/js/ HTTP/1.1" 403 1242 "-" "Mozlila/5.0 (Linux; Android 7.0; SM-G892A Bulid/NRD90M; wv) AppleWebKit/537.36 (KHTML, like Gecko) Version/4.0 Chrome/60.0.3112.107 Moblie Safari/537.36"
161.97.132.59 - - [02/Apr/2025:15:27:49 -0400] "GET /wp-admin/css/ HTTP/1.1" 403 1242 "-" "Mozlila/5.0 (Linux; Android 7.0; SM-G892A Bulid/NRD90M; wv) AppleWebKit/537.36 (KHTML, like Gecko) Version/4.0 Chrome/60.0.3112.107 Moblie Safari/537.36"
161.97.132.59 - - [02/Apr/2025:15:27:49 -0400] "GET /wp-content/ HTTP/1.1" 200 0 "-" "Mozlila/5.0 (Linux; Android 7.0; SM-G892A Bulid/NRD90M; wv) AppleWebKit/537.36 (KHTML, like Gecko) Version/4.0 Chrome/60.0.3112.107 Moblie Safari/537.36"
161.97.132.59 - - [02/Apr/2025:15:27:50 -0400] "GET /wp-content/themes/ HTTP/1.1" 200 0 "-" "Mozlila/5.0 (Linux; Android 7.0; SM-G892A Bulid/NRD90M; wv) AppleWebKit/537.36 (KHTML, like Gecko) Version/4.0 Chrome/60.0.3112.107 Moblie Safari/537.36"
161.97.132.59 - - [02/Apr/2025:15:27:51 -0400] "GET /wp-admin/ HTTP/1.1" 302 0 "-" "Mozlila/5.0 (Linux; Android 7.0; SM-G892A Bulid/NRD90M; wv) AppleWebKit/537.36 (KHTML, like Gecko) Version/4.0 Chrome/60.0.3112.107 Moblie Safari/537.36"
161.97.132.59 - - [02/Apr/2025:15:27:59 -0400] "GET /uploads/ HTTP/1.1" 200 97663 "-" "Mozlila/5.0 (Linux; Android 7.0; SM-G892A Bulid/NRD90M; wv) AppleWebKit/537.36 (KHTML, like Gecko) Version/4.0 Chrome/60.0.3112.107 Moblie Safari/537.36"
161.97.132.59 - - [02/Apr/2025:15:27:59 -0400] "GET /upload/ HTTP/1.1" 200 97542 "-" "Mozlila/5.0 (Linux; Android 7.0; SM-G892A Bulid/NRD90M; wv) AppleWebKit/537.36 (KHTML, like Gecko) Version/4.0 Chrome/60.0.3112.107 Moblie Safari/537.36"
161.97.132.59 - - [02/Apr/2025:15:28:00 -0400] "GET /home/ HTTP/1.1" 200 97612 "-" "Mozlila/5.0 (Linux; Android 7.0; SM-G892A Bulid/NRD90M; wv) AppleWebKit/537.36 (KHTML, like Gecko) Version/4.0 Chrome/60.0.3112.107 Moblie Safari/537.36"
161.97.132.59 - - [02/Apr/2025:15:28:01 -0400] "GET /files/ HTTP/1.1" 200 97645 "-" "Mozlila/5.0 (Linux; Android 7.0; SM-G892A Bulid/NRD90M; wv) AppleWebKit/537.36 (KHTML, like Gecko) Version/4.0 Chrome/60.0.3112.107 Moblie Safari/537.36"
216.244.66.202 - - [02/Apr/2025:15:28:26 -0400] "GET /calculadora-de-edad-cuantos-anos-tengo/feed/ HTTP/1.1" 200 97634 "-" "Mozilla/5.0 (compatible; DotBot/1.2; +https://opensiteexplorer.org/dotbot; help@moz.com)"
216.244.66.202 - - [02/Apr/2025:15:29:14 -0400] "GET /exploring-the-best-massage-gun-for-ultimate-relaxation/feed/ HTTP/1.1" 200 97489 "-" "Mozilla/5.0 (compatible; DotBot/1.2; +https://opensiteexplorer.org/dotbot; help@moz.com)"
178.62.45.144 - - [02/Apr/2025:15:30:03 -0400] "GET / HTTP/1.1" 200 97634 "-" "Mozilla/5.0 (compatible)"
216.244.66.202 - - [02/Apr/2025:15:30:48 -0400] "GET /category/sign-up/feed/ HTTP/1.1" 200 97634 "-" "Mozilla/5.0 (compatible; DotBot/1.2; +https://opensiteexplorer.org/dotbot; help@moz.com)"
216.244.66.202 - - [02/Apr/2025:15:36:41 -0400] "GET /coconut-flour-nutrition/feed/ HTTP/1.1" 200 97489 "-" "Mozilla/5.0 (compatible; DotBot/1.2; +https://opensiteexplorer.org/dotbot; help@moz.com)"
216.244.66.202 - - [02/Apr/2025:15:38:38 -0400] "GET /understanding-betting-systems-a-comprehensive-guide/feed/ HTTP/1.1" 200 97618 "-" "Mozilla/5.0 (compatible; DotBot/1.2; +https://opensiteexplorer.org/dotbot; help@moz.com)"
110.166.71.39 - - [02/Apr/2025:15:45:53 -0400] "GET / HTTP/1.1" 200 97612 "-" "Mozilla/5.0 (iPhone; CPU iPhone OS 13_2_3 like Mac OS X) AppleWebKit/605.1.15 (KHTML, like Gecko) Version/13.0.3 Mobile/15E148 Safari/604.1"
216.244.66.202 - - [02/Apr/2025:15:49:45 -0400] "GET /robots.txt HTTP/1.1" 200 97651 "-" "Mozilla/5.0 (compatible; DotBot/1.2; +https://opensiteexplorer.org/dotbot; help@moz.com)"
40.88.25.216 - - [02/Apr/2025:15:53:04 -0400] "HEAD /wordpress HTTP/1.1" 200 0 "-" "Mozilla/5.0 (Windows NT 10.0; Win64; x64) AppleWebKit/537.36 (KHTML, like Gecko) Chrome/74.0.3729.169 Safari/537.36"
40.88.25.216 - - [02/Apr/2025:15:53:04 -0400] "HEAD / HTTP/1.1" 200 0 "-" "Mozilla/5.0 (Windows NT 10.0; Win64; x64) AppleWebKit/537.36 (KHTML, like Gecko) Chrome/74.0.3729.169 Safari/537.36"
40.88.25.216 - - [02/Apr/2025:15:53:04 -0400] "HEAD /wp HTTP/1.1" 200 0 "-" "Mozilla/5.0 (Windows NT 10.0; Win64; x64) AppleWebKit/537.36 (KHTML, like Gecko) Chrome/74.0.3729.169 Safari/537.36"
40.88.25.216 - - [02/Apr/2025:15:53:04 -0400] "HEAD /bc HTTP/1.1" 200 0 "-" "Mozilla/5.0 (Windows NT 10.0; Win64; x64) AppleWebKit/537.36 (KHTML, like Gecko) Chrome/74.0.3729.169 Safari/537.36"
40.88.25.216 - - [02/Apr/2025:15:53:04 -0400] "HEAD /bk HTTP/1.1" 200 0 "-" "Mozilla/5.0 (Windows NT 10.0; Win64; x64) AppleWebKit/537.36 (KHTML, like Gecko) Chrome/74.0.3729.169 Safari/537.36"
40.88.25.216 - - [02/Apr/2025:15:53:05 -0400] "HEAD /backup HTTP/1.1" 200 0 "-" "Mozilla/5.0 (Windows NT 10.0; Win64; x64) AppleWebKit/537.36 (KHTML, like Gecko) Chrome/74.0.3729.169 Safari/537.36"
40.88.25.216 - - [02/Apr/2025:15:53:05 -0400] "HEAD /old HTTP/1.1" 200 0 "-" "Mozilla/5.0 (Windows NT 10.0; Win64; x64) AppleWebKit/537.36 (KHTML, like Gecko) Chrome/74.0.3729.169 Safari/537.36"
40.88.25.216 - - [02/Apr/2025:15:53:05 -0400] "HEAD /new HTTP/1.1" 200 0 "-" "Mozilla/5.0 (Windows NT 10.0; Win64; x64) AppleWebKit/537.36 (KHTML, like Gecko) Chrome/74.0.3729.169 Safari/537.36"
40.88.25.216 - - [02/Apr/2025:15:53:05 -0400] "HEAD /main HTTP/1.1" 200 0 "-" "Mozilla/5.0 (Windows NT 10.0; Win64; x64) AppleWebKit/537.36 (KHTML, like Gecko) Chrome/74.0.3729.169 Safari/537.36"
40.88.25.216 - - [02/Apr/2025:15:53:05 -0400] "HEAD /home HTTP/1.1" 200 0 "-" "Mozilla/5.0 (Windows NT 10.0; Win64; x64) AppleWebKit/537.36 (KHTML, like Gecko) Chrome/74.0.3729.169 Safari/537.36"
216.244.66.202 - - [02/Apr/2025:16:14:56 -0400] "GET /football-socks-grip/feed/ HTTP/1.1" 200 97634 "-" "Mozilla/5.0 (compatible; DotBot/1.2; +https://opensiteexplorer.org/dotbot; help@moz.com)"
216.244.66.202 - - [02/Apr/2025:16:18:29 -0400] "GET /across-the-spider-verse-spider-gwen-luminous-mask/feed/ HTTP/1.1" 200 97634 "-" "Mozilla/5.0 (compatible; DotBot/1.2; +https://opensiteexplorer.org/dotbot; help@moz.com)"
216.244.66.202 - - [02/Apr/2025:16:46:35 -0400] "GET /category/activity/page/122/ HTTP/1.1" 200 97634 "-" "Mozilla/5.0 (compatible; DotBot/1.2; +https://opensiteexplorer.org/dotbot; help@moz.com)"
89.175.12.242 - - [02/Apr/2025:16:52:26 -0400] "GET /cbd-for-anxiety-uk-a-natural-remedy-for-anxiety/ HTTP/1.1" 200 97634 "http://saamigraphics.com/cbd-for-anxiety-uk-a-natural-remedy-for-anxiety/" "Mozilla/5.0 (Windows NT 10.0; Win64; x64) AppleWebKit/537.36 (KHTML, like Gecko) Chrome/130.0.0.0 Safari/537.36 CCleaner/130.0.0.0"
185.245.105.171 - - [02/Apr/2025:16:53:21 -0400] "GET / HTTP/1.1" 200 97634 "http://saamigraphics.com/" "Mozilla/5.0 (Windows NT 10.0; Win64; x64) AppleWebKit/537.36 (KHTML, like Gecko) Chrome/131.0.0.0 Safari/537.36"
216.244.66.202 - - [02/Apr/2025:17:00:43 -0400] "GET /category/activity/page/42/ HTTP/1.1" 200 97612 "-" "Mozilla/5.0 (compatible; DotBot/1.2; +https://opensiteexplorer.org/dotbot; help@moz.com)"
216.244.66.202 - - [02/Apr/2025:17:09:28 -0400] "GET /explorando-la-belleza-y-cultura-de-puerto-rico/feed/ HTTP/1.1" 200 97634 "-" "Mozilla/5.0 (compatible; DotBot/1.2; +https://opensiteexplorer.org/dotbot; help@moz.com)"
216.244.66.202 - - [02/Apr/2025:17:09:32 -0400] "GET /explosion-proof-high-performance-butterfly-valves/feed/ HTTP/1.1" 200 97612 "-" "Mozilla/5.0 (compatible; DotBot/1.2; +https://opensiteexplorer.org/dotbot; help@moz.com)"
216.244.66.202 - - [02/Apr/2025:17:09:35 -0400] "GET /finding-the-best-custom-pc-builder-near-you/feed/ HTTP/1.1" 200 97612 "-" "Mozilla/5.0 (compatible; DotBot/1.2; +https://opensiteexplorer.org/dotbot; help@moz.com)"
216.244.66.202 - - [02/Apr/2025:17:09:38 -0400] "GET /vietnamese-it-industry-reviewed-sfgate-com-java-training-courses/feed/ HTTP/1.1" 200 97618 "-" "Mozilla/5.0 (compatible; DotBot/1.2; +https://opensiteexplorer.org/dotbot; help@moz.com)"
216.244.66.202 - - [02/Apr/2025:17:19:58 -0400] "GET /robots.txt HTTP/1.1" 200 97489 "-" "Mozilla/5.0 (compatible; DotBot/1.2; +https://opensiteexplorer.org/dotbot; help@moz.com)"
13.74.103.50 - - [02/Apr/2025:17:37:59 -0400] "GET /wp-includes/wp-load.php HTTP/1.1" 200 97612 "-" "-"
13.74.103.50 - - [02/Apr/2025:17:38:00 -0400] "GET /wp-includes/SimplePie/about.php HTTP/1.1" 200 97612 "-" "-"
13.74.103.50 - - [02/Apr/2025:17:38:00 -0400] "GET /wp-admin/includes/index.php HTTP/1.1" 200 97634 "-" "-"
13.74.103.50 - - [02/Apr/2025:17:38:01 -0400] "GET /cgi-bin/wp-login.php HTTP/1.1" 500 108 "-" "-"
13.74.103.50 - - [02/Apr/2025:17:38:01 -0400] "GET /options.php HTTP/1.1" 200 97612 "-" "-"
13.74.103.50 - - [02/Apr/2025:17:38:02 -0400] "GET /cgi-bin/themes.php HTTP/1.1" 500 106 "-" "-"
13.74.103.50 - - [02/Apr/2025:17:38:03 -0400] "GET /wp-content/themes/admin.php HTTP/1.1" 200 97634 "-" "-"
13.74.103.50 - - [02/Apr/2025:17:38:03 -0400] "GET /.well-known/acme-challenge/install.php HTTP/1.1" 200 97663 "-" "-"
13.74.103.50 - - [02/Apr/2025:17:38:03 -0400] "GET /test.php HTTP/1.1" 200 97663 "-" "-"
13.74.103.50 - - [02/Apr/2025:17:38:04 -0400] "GET /.well-known/plugins.php HTTP/1.1" 200 97634 "-" "-"
13.74.103.50 - - [02/Apr/2025:17:38:04 -0400] "GET /wp-includes/blocks/about.php HTTP/1.1" 200 97634 "-" "-"
13.74.103.50 - - [02/Apr/2025:17:38:05 -0400] "GET /wp-admin/includes/cloud.php HTTP/1.1" 200 97612 "-" "-"
13.74.103.50 - - [02/Apr/2025:17:38:06 -0400] "GET /.well-known/iwpairbj.php HTTP/1.1" 200 97612 "-" "-"
13.74.103.50 - - [02/Apr/2025:17:38:06 -0400] "GET /wp-admin/css/colors/blue/blkafewl.php HTTP/1.1" 200 97612 "-" "-"
13.74.103.50 - - [02/Apr/2025:17:38:08 -0400] "GET /wp-admin/includes/xmrlpc.php?p= HTTP/1.1" 200 97634 "-" "-"
13.74.103.50 - - [02/Apr/2025:17:38:09 -0400] "GET /wp-includes/admin.php HTTP/1.1" 200 97612 "-" "-"
13.74.103.50 - - [02/Apr/2025:17:38:09 -0400] "GET /wordpress/about.php HTTP/1.1" 200 97634 "-" "-"
13.74.103.50 - - [02/Apr/2025:17:38:10 -0400] "GET /wp-admin/includes/1975Team.php HTTP/1.1" 200 97634 "-" "-"
13.74.103.50 - - [02/Apr/2025:17:38:10 -0400] "GET /wp-includes/SimplePie/gzdecodes.php.suspected HTTP/1.1" 200 97612 "-" "-"
13.74.103.50 - - [02/Apr/2025:17:38:10 -0400] "GET /wp-includes/pomo/install.php HTTP/1.1" 200 97634 "-" "-"
13.74.103.50 - - [02/Apr/2025:17:38:12 -0400] "GET /wp-links-opml.php HTTP/1.1" 200 186 "-" "-"
13.74.103.50 - - [02/Apr/2025:17:38:17 -0400] "GET /repeater.php HTTP/1.1" 200 97634 "-" "-"
13.74.103.50 - - [02/Apr/2025:17:38:18 -0400] "GET /sidwsi.php HTTP/1.1" 200 97634 "-" "-"
13.74.103.50 - - [02/Apr/2025:17:38:19 -0400] "GET /css/index.php HTTP/1.1" 200 97618 "-" "-"
13.74.103.50 - - [02/Apr/2025:17:38:19 -0400] "GET /mah.php HTTP/1.1" 200 97612 "-" "-"
