216.244.66.202 - - [06/Apr/2025:22:45:23 -0400] "GET /buy-tiktok-likes-and-comments/feed/ HTTP/1.1" 200 97612 "-" "Mozilla/5.0 (compatible; DotBot/1.2; +https://opensiteexplorer.org/dotbot; help@moz.com)"
216.244.66.202 - - [06/Apr/2025:22:45:28 -0400] "GET /how-to-tell-if-a-michael-kors-bag-is-fake/feed/ HTTP/1.1" 200 97612 "-" "Mozilla/5.0 (compatible; DotBot/1.2; +https://opensiteexplorer.org/dotbot; help@moz.com)"
216.244.66.202 - - [06/Apr/2025:22:45:32 -0400] "GET /trends-in-quilted-handbags/feed/ HTTP/1.1" 200 97612 "-" "Mozilla/5.0 (compatible; DotBot/1.2; +https://opensiteexplorer.org/dotbot; help@moz.com)"
103.79.155.30 - - [06/Apr/2025:23:08:15 -0400] "POST /vendor/phpunit/phpunit/src/Util/PHP/eval-stdin.php HTTP/1.1" 200 97634 "-" "python-requests/2.32.3"
103.79.155.30 - - [06/Apr/2025:23:08:20 -0400] "POST /vendor/phpunits/phpunit/src/Util/PHP/eval-stdin.php HTTP/1.1" 200 97612 "-" "python-requests/2.32.3"
103.79.155.30 - - [06/Apr/2025:23:08:26 -0400] "POST /assets/vendor/phpunit/phpunit/src/Util/PHP/eval-stdin.php HTTP/1.1" 200 97612 "-" "python-requests/2.32.3"
103.79.155.30 - - [06/Apr/2025:23:08:29 -0400] "POST /admin/vendor/phpunit/phpunit/src/Util/PHP/eval-stdin.php HTTP/1.1" 200 97612 "-" "python-requests/2.32.3"
103.79.155.30 - - [06/Apr/2025:23:08:33 -0400] "POST /lib/vendor/phpunit/phpunit/src/Util/PHP/eval-stdin.php HTTP/1.1" 200 97612 "-" "python-requests/2.32.3"
103.79.155.30 - - [06/Apr/2025:23:08:35 -0400] "POST /_vendor/phpunit/phpunit/src/Util/PHP/eval-stdin.php HTTP/1.1" 200 97634 "-" "python-requests/2.32.3"
103.79.155.30 - - [06/Apr/2025:23:08:37 -0400] "POST /adminstrator/vendor/phpunit/phpunit/src/Util/PHP/eval-stdin.php HTTP/1.1" 200 97645 "-" "python-requests/2.32.3"
103.79.155.30 - - [06/Apr/2025:23:08:41 -0400] "POST /plugins/vendor/phpunit/phpunit/src/Util/PHP/eval-stdin.php HTTP/1.1" 200 97634 "-" "python-requests/2.32.3"
216.244.66.202 - - [06/Apr/2025:23:22:22 -0400] "GET /robots.txt HTTP/1.1" 200 97634 "-" "Mozilla/5.0 (compatible; DotBot/1.2; +https://opensiteexplorer.org/dotbot; help@moz.com)"
216.244.66.202 - - [06/Apr/2025:23:27:35 -0400] "GET /7-reasons-why-you-should-stop-using-plastic-bags-and-move-to-paper-bags/feed/ HTTP/1.1" 200 97530 "-" "Mozilla/5.0 (compatible; DotBot/1.2; +https://opensiteexplorer.org/dotbot; help@moz.com)"
216.244.66.202 - - [06/Apr/2025:23:32:03 -0400] "GET /how-to-incorporate-a-company-in-singapore/feed/ HTTP/1.1" 200 97542 "-" "Mozilla/5.0 (compatible; DotBot/1.2; +https://opensiteexplorer.org/dotbot; help@moz.com)"
216.244.66.202 - - [06/Apr/2025:23:33:11 -0400] "GET /unlocking-the-potential-the-marvels-of-glutathione-injection/feed/ HTTP/1.1" 200 97612 "-" "Mozilla/5.0 (compatible; DotBot/1.2; +https://opensiteexplorer.org/dotbot; help@moz.com)"
2a00:6800:3:78a::1 - - [06/Apr/2025:23:49:49 -0400] "GET / HTTP/1.1" 200 97634 "-" "Mozilla/5.0 (Windows NT 10.0; Win64; x64) AppleWebKit/537.36 (KHTML, like Gecko) Chrome/91.0.4472.114 Safari/537.36 Edg/91.0.864.54"
143.244.57.82 - - [06/Apr/2025:23:51:12 -0400] "GET / HTTP/1.1" 200 97634 "-" "Mozilla/5.0 (Windows NT 10.0; Win64; x64) AppleWebKit/537.36 (KHTML, like Gecko) Chrome/78.0.3904.108 Safari/537.36"
143.244.57.82 - - [06/Apr/2025:23:51:15 -0400] "GET / HTTP/1.1" 200 97612 "-" "Mozilla/5.0 (Windows NT 10.0; Win64; x64) AppleWebKit/537.36 (KHTML, like Gecko) Chrome/78.0.3904.108 Safari/537.36"
143.244.57.82 - - [06/Apr/2025:23:51:17 -0400] "GET /wp-includes/wlwmanifest.xml HTTP/1.1" 200 97634 "-" "Mozilla/5.0 (Windows NT 10.0; Win64; x64) AppleWebKit/537.36 (KHTML, like Gecko) Chrome/78.0.3904.108 Safari/537.36"
198.54.114.83 - - [06/Apr/2025:23:51:26 -0400] "POST /wp-cron.php?doing_wp_cron=1743997886.1154561042785644531250 HTTP/1.1" 200 0 "-" "WordPress/6.7.2; https://saamigraphics.com"
143.244.57.82 - - [06/Apr/2025:23:51:19 -0400] "GET /xmlrpc.php?rsd HTTP/1.1" 200 308 "-" "Mozilla/5.0 (Windows NT 10.0; Win64; x64) AppleWebKit/537.36 (KHTML, like Gecko) Chrome/78.0.3904.108 Safari/537.36"
143.244.57.82 - - [06/Apr/2025:23:51:27 -0400] "GET /?author=1 HTTP/1.1" 200 97663 "-" "Mozilla/5.0 (Windows NT 10.0; Win64; x64) AppleWebKit/537.36 (KHTML, like Gecko) Chrome/78.0.3904.108 Safari/537.36"
143.244.57.82 - - [06/Apr/2025:23:51:28 -0400] "GET /?author=2 HTTP/1.1" 200 97663 "-" "Mozilla/5.0 (Windows NT 10.0; Win64; x64) AppleWebKit/537.36 (KHTML, like Gecko) Chrome/78.0.3904.108 Safari/537.36"
143.244.57.82 - - [06/Apr/2025:23:51:28 -0400] "GET /wp-json/wp/v2/users/ HTTP/1.1" 200 97612 "-" "Mozilla/5.0 (Windows NT 10.0; Win64; x64) AppleWebKit/537.36 (KHTML, like Gecko) Chrome/78.0.3904.108 Safari/537.36"
143.244.57.82 - - [06/Apr/2025:23:51:30 -0400] "GET /wp-json/oembed/1.0/embed?url=http://saamigraphics.com HTTP/1.1" 200 97634 "-" "Mozilla/5.0 (Windows NT 10.0; Win64; x64) AppleWebKit/537.36 (KHTML, like Gecko) Chrome/78.0.3904.108 Safari/537.36"
143.244.57.82 - - [06/Apr/2025:23:51:31 -0400] "POST /xmlrpc.php HTTP/1.1" 200 236 "-" "Mozilla/5.0 (Windows NT 10.0; Win64; x64) AppleWebKit/537.36 (KHTML, like Gecko) Chrome/78.0.3904.108 Safari/537.36"
143.244.57.82 - - [06/Apr/2025:23:51:32 -0400] "POST /xmlrpc.php HTTP/1.1" 200 236 "-" "Mozilla/5.0 (Windows NT 10.0; Win64; x64) AppleWebKit/537.36 (KHTML, like Gecko) Chrome/78.0.3904.108 Safari/537.36"
143.244.57.82 - - [06/Apr/2025:23:51:34 -0400] "POST /xmlrpc.php HTTP/1.1" 200 236 "-" "Mozilla/5.0 (Windows NT 10.0; Win64; x64) AppleWebKit/537.36 (KHTML, like Gecko) Chrome/78.0.3904.108 Safari/537.36"
143.244.57.82 - - [06/Apr/2025:23:51:35 -0400] "POST /xmlrpc.php HTTP/1.1" 200 236 "-" "Mozilla/5.0 (Windows NT 10.0; Win64; x64) AppleWebKit/537.36 (KHTML, like Gecko) Chrome/78.0.3904.108 Safari/537.36"
143.244.57.82 - - [06/Apr/2025:23:51:36 -0400] "POST /xmlrpc.php HTTP/1.1" 200 236 "-" "Mozilla/5.0 (Windows NT 10.0; Win64; x64) AppleWebKit/537.36 (KHTML, like Gecko) Chrome/78.0.3904.108 Safari/537.36"
198.54.114.83 - - [06/Apr/2025:23:51:40 -0400] "POST /wp-cron.php?doing_wp_cron=1743997899.7224359512329101562500 HTTP/1.1" 200 0 "-" "WordPress/6.7.2; https://saamigraphics.com"
143.244.57.82 - - [06/Apr/2025:23:51:37 -0400] "POST /xmlrpc.php HTTP/1.1" 200 236 "-" "Mozilla/5.0 (Windows NT 10.0; Win64; x64) AppleWebKit/537.36 (KHTML, like Gecko) Chrome/78.0.3904.108 Safari/537.36"
216.244.66.202 - - [07/Apr/2025:00:13:42 -0400] "GET /manicure-tables/feed/ HTTP/1.1" 200 97634 "-" "Mozilla/5.0 (compatible; DotBot/1.2; +https://opensiteexplorer.org/dotbot; help@moz.com)"
216.244.66.202 - - [07/Apr/2025:00:13:47 -0400] "GET /palo-santo-auf-der-disney-cruise-line/feed/ HTTP/1.1" 200 97634 "-" "Mozilla/5.0 (compatible; DotBot/1.2; +https://opensiteexplorer.org/dotbot; help@moz.com)"
13.90.231.128 - - [07/Apr/2025:00:16:28 -0400] "HEAD /wordpress HTTP/1.1" 200 0 "-" "Mozilla/5.0 (Windows NT 10.0; Win64; x64) AppleWebKit/537.36 (KHTML, like Gecko) Chrome/74.0.3729.169 Safari/537.36"
13.90.231.128 - - [07/Apr/2025:00:16:28 -0400] "HEAD / HTTP/1.1" 200 0 "-" "Mozilla/5.0 (Windows NT 10.0; Win64; x64) AppleWebKit/537.36 (KHTML, like Gecko) Chrome/74.0.3729.169 Safari/537.36"
13.90.231.128 - - [07/Apr/2025:00:16:28 -0400] "HEAD /wp HTTP/1.1" 200 0 "-" "Mozilla/5.0 (Windows NT 10.0; Win64; x64) AppleWebKit/537.36 (KHTML, like Gecko) Chrome/74.0.3729.169 Safari/537.36"
13.90.231.128 - - [07/Apr/2025:00:16:28 -0400] "HEAD /bc HTTP/1.1" 200 0 "-" "Mozilla/5.0 (Windows NT 10.0; Win64; x64) AppleWebKit/537.36 (KHTML, like Gecko) Chrome/74.0.3729.169 Safari/537.36"
13.90.231.128 - - [07/Apr/2025:00:16:28 -0400] "HEAD /bk HTTP/1.1" 200 0 "-" "Mozilla/5.0 (Windows NT 10.0; Win64; x64) AppleWebKit/537.36 (KHTML, like Gecko) Chrome/74.0.3729.169 Safari/537.36"
13.90.231.128 - - [07/Apr/2025:00:16:28 -0400] "HEAD /backup HTTP/1.1" 200 0 "-" "Mozilla/5.0 (Windows NT 10.0; Win64; x64) AppleWebKit/537.36 (KHTML, like Gecko) Chrome/74.0.3729.169 Safari/537.36"
13.90.231.128 - - [07/Apr/2025:00:16:29 -0400] "HEAD /old HTTP/1.1" 200 0 "-" "Mozilla/5.0 (Windows NT 10.0; Win64; x64) AppleWebKit/537.36 (KHTML, like Gecko) Chrome/74.0.3729.169 Safari/537.36"
13.90.231.128 - - [07/Apr/2025:00:16:29 -0400] "HEAD /new HTTP/1.1" 200 0 "-" "Mozilla/5.0 (Windows NT 10.0; Win64; x64) AppleWebKit/537.36 (KHTML, like Gecko) Chrome/74.0.3729.169 Safari/537.36"
13.90.231.128 - - [07/Apr/2025:00:16:29 -0400] "HEAD /main HTTP/1.1" 200 0 "-" "Mozilla/5.0 (Windows NT 10.0; Win64; x64) AppleWebKit/537.36 (KHTML, like Gecko) Chrome/74.0.3729.169 Safari/537.36"
13.90.231.128 - - [07/Apr/2025:00:16:29 -0400] "HEAD /home HTTP/1.1" 200 0 "-" "Mozilla/5.0 (Windows NT 10.0; Win64; x64) AppleWebKit/537.36 (KHTML, like Gecko) Chrome/74.0.3729.169 Safari/537.36"
216.244.66.202 - - [07/Apr/2025:00:19:33 -0400] "GET /un-examen-des-produits-de-securite-a-domicile/feed/ HTTP/1.1" 200 97548 "-" "Mozilla/5.0 (compatible; DotBot/1.2; +https://opensiteexplorer.org/dotbot; help@moz.com)"
91.201.113.132 - - [07/Apr/2025:00:44:14 -0400] "GET /verbessern-sie-ihre-personlichkeit-mit-korperschmuck/ HTTP/1.1" 200 97612 "http://saamigraphics.com/verbessern-sie-ihre-personlichkeit-mit-korperschmuck/" "Mozilla/5.0 (Windows NT 10.0; Win64; x64) AppleWebKit/537.36 (KHTML, like Gecko) Chrome/131.0.0.0 Safari/537.36"
216.244.66.202 - - [07/Apr/2025:00:55:47 -0400] "GET /robots.txt HTTP/1.1" 200 97634 "-" "Mozilla/5.0 (compatible; DotBot/1.2; +https://opensiteexplorer.org/dotbot; help@moz.com)"
216.244.66.202 - - [07/Apr/2025:01:01:46 -0400] "GET /online-moving-quotes/feed/ HTTP/1.1" 200 97663 "-" "Mozilla/5.0 (compatible; DotBot/1.2; +https://opensiteexplorer.org/dotbot; help@moz.com)"
216.244.66.202 - - [07/Apr/2025:01:08:18 -0400] "GET /cheesy-pickup-lines-for-women/feed/ HTTP/1.1" 200 97634 "-" "Mozilla/5.0 (compatible; DotBot/1.2; +https://opensiteexplorer.org/dotbot; help@moz.com)"
106.227.49.113 - - [07/Apr/2025:01:08:30 -0400] "GET / HTTP/1.1" 200 97529 "-" "Mozilla/5.0 (iPhone; CPU iPhone OS 13_2_3 like Mac OS X) AppleWebKit/605.1.15 (KHTML, like Gecko) Version/13.0.3 Mobile/15E148 Safari/604.1"
216.244.66.202 - - [07/Apr/2025:01:42:49 -0400] "GET /robots.txt HTTP/1.1" 200 97612 "-" "Mozilla/5.0 (compatible; DotBot/1.2; +https://opensiteexplorer.org/dotbot; help@moz.com)"
216.244.66.202 - - [07/Apr/2025:01:53:34 -0400] "GET /the-best-employee-communication-apps/ HTTP/1.1" 200 97612 "-" "Mozilla/5.0 (compatible; DotBot/1.2; +https://opensiteexplorer.org/dotbot; help@moz.com)"
216.244.66.202 - - [07/Apr/2025:02:36:22 -0400] "GET /un-eclat-dans-la-ville/ HTTP/1.1" 200 97612 "-" "Mozilla/5.0 (compatible; DotBot/1.2; +https://opensiteexplorer.org/dotbot; help@moz.com)"
216.244.66.202 - - [07/Apr/2025:02:37:09 -0400] "GET /how-to-find-a-reputable-online-casino/ HTTP/1.1" 200 97634 "-" "Mozilla/5.0 (compatible; DotBot/1.2; +https://opensiteexplorer.org/dotbot; help@moz.com)"
216.244.66.202 - - [07/Apr/2025:02:38:49 -0400] "GET /the-benefits-of-sports-grip-socks/feed/ HTTP/1.1" 200 97489 "-" "Mozilla/5.0 (compatible; DotBot/1.2; +https://opensiteexplorer.org/dotbot; help@moz.com)"
198.54.114.83 - - [07/Apr/2025:02:52:07 -0400] "POST /wp-cron.php?doing_wp_cron=1744008727.2376229763031005859375 HTTP/1.1" 200 0 "-" "WordPress/6.7.2; https://saamigraphics.com"
80.246.226.11 - - [07/Apr/2025:02:52:05 -0400] "GET /wp-login.php HTTP/1.1" 302 0 "-" "Mozilla/5.0 (Windows NT 10.0; Win64; x64) AppleWebKit/537.36 (KHTML, like Gecko) Chrome/87.0.4280.141 Safari/537.36"
84.252.115.4 - - [07/Apr/2025:02:52:10 -0400] "POST /wp-login.php HTTP/1.1" 302 0 "-" "Mozilla/5.0 (Windows NT 10.0; Win64; x64) AppleWebKit/537.36 (KHTML, like Gecko) Chrome/87.0.4280.141 Safari/537.36"
85.209.132.14 - - [07/Apr/2025:02:55:45 -0400] "GET / HTTP/1.1" 200 97612 "https://www.google.com/" "Mozilla/5.0 (Windows NT 10.0; Win64; x64; rv:110.0) Gecko/20100101 Firefox/110.0"
124.156.179.141 - - [07/Apr/2025:03:03:12 -0400] "GET / HTTP/1.1" 200 97634 "-" "Mozilla/5.0 (iPhone; CPU iPhone OS 13_2_3 like Mac OS X) AppleWebKit/605.1.15 (KHTML, like Gecko) Version/13.0.3 Mobile/15E148 Safari/604.1"
85.208.98.23 - - [07/Apr/2025:03:26:09 -0400] "GET /robots.txt HTTP/1.1" 200 97618 "-" "Mozilla/5.0 (compatible; SemrushBot-BA; +http://www.semrush.com/bot.html)"
91.201.113.132 - - [07/Apr/2025:03:37:56 -0400] "GET /verbessern-sie-ihre-personlichkeit-mit-korperschmuck/ HTTP/1.1" 200 97612 "http://saamigraphics.com/verbessern-sie-ihre-personlichkeit-mit-korperschmuck/" "Mozilla/5.0 (Windows NT 10.0; Win64; x64) AppleWebKit/537.36 (KHTML, like Gecko) Chrome/131.0.0.0 Safari/537.36"
154.83.103.107 - - [07/Apr/2025:03:51:17 -0400] "GET /.git/HEAD HTTP/1.1" 403 1242 "-" "-"
192.121.135.97 - - [07/Apr/2025:04:03:58 -0400] "GET /robots.txt HTTP/1.1" 200 97489 "-" "Mozilla/5.0 (Linux; Android 14; SM-S901B) AppleWebKit/537.36 (KHTML, like Gecko) Chrome/120.0.6099.280 Mobile Safari/537.36 OPR/80.4.4244.7786"
192.121.136.190 - - [07/Apr/2025:04:03:59 -0400] "GET / HTTP/1.1" 200 97634 "-" "Mozilla/5.0 (Linux; Android 14; SM-S901B) AppleWebKit/537.36 (KHTML, like Gecko) Chrome/120.0.6099.280 Mobile Safari/537.36 OPR/80.4.4244.7786"
216.244.66.202 - - [07/Apr/2025:04:04:10 -0400] "GET /robots.txt HTTP/1.1" 200 97634 "-" "Mozilla/5.0 (compatible; DotBot/1.2; +https://opensiteexplorer.org/dotbot; help@moz.com)"
125.88.229.99 - - [07/Apr/2025:04:04:34 -0400] "GET /wp-login.php HTTP/1.1" 302 0 "-" "Apache-HttpClient/4.5.2 (Java/1.8.0_161)"
125.88.229.99 - - [07/Apr/2025:04:04:44 -0400] "GET /?author=1 HTTP/1.1" 200 97612 "-" "Apache-HttpClient/4.5.2 (Java/1.8.0_161)"
125.88.229.99 - - [07/Apr/2025:04:04:46 -0400] "GET /?author=2 HTTP/1.1" 200 97612 "-" "Apache-HttpClient/4.5.2 (Java/1.8.0_161)"
125.88.229.99 - - [07/Apr/2025:04:04:47 -0400] "GET /?author=3 HTTP/1.1" 200 97634 "-" "Apache-HttpClient/4.5.2 (Java/1.8.0_161)"
125.88.229.99 - - [07/Apr/2025:04:04:50 -0400] "GET /?author=4 HTTP/1.1" 200 97634 "-" "Apache-HttpClient/4.5.2 (Java/1.8.0_161)"
125.88.229.99 - - [07/Apr/2025:04:04:52 -0400] "GET /?author=5 HTTP/1.1" 200 97634 "-" "Apache-HttpClient/4.5.2 (Java/1.8.0_161)"
125.88.229.99 - - [07/Apr/2025:04:04:54 -0400] "GET /?author=6 HTTP/1.1" 200 97612 "-" "Apache-HttpClient/4.5.2 (Java/1.8.0_161)"
125.88.229.99 - - [07/Apr/2025:04:04:56 -0400] "GET /?author=7 HTTP/1.1" 200 97634 "-" "Apache-HttpClient/4.5.2 (Java/1.8.0_161)"
125.88.229.99 - - [07/Apr/2025:04:04:57 -0400] "GET /?author=8 HTTP/1.1" 200 97612 "-" "Apache-HttpClient/4.5.2 (Java/1.8.0_161)"
125.88.229.99 - - [07/Apr/2025:04:05:00 -0400] "GET /?author=9 HTTP/1.1" 200 97612 "-" "Apache-HttpClient/4.5.2 (Java/1.8.0_161)"
125.88.229.99 - - [07/Apr/2025:04:05:03 -0400] "GET /?author=10 HTTP/1.1" 200 97634 "-" "Apache-HttpClient/4.5.2 (Java/1.8.0_161)"
125.88.229.99 - - [07/Apr/2025:04:05:07 -0400] "GET /?author=11 HTTP/1.1" 200 97634 "-" "Apache-HttpClient/4.5.2 (Java/1.8.0_161)"
125.88.229.99 - - [07/Apr/2025:04:05:11 -0400] "GET /?author=12 HTTP/1.1" 200 97634 "-" "Apache-HttpClient/4.5.2 (Java/1.8.0_161)"
125.88.229.99 - - [07/Apr/2025:04:05:15 -0400] "GET /?author=13 HTTP/1.1" 200 97634 "-" "Apache-HttpClient/4.5.2 (Java/1.8.0_161)"
125.88.229.99 - - [07/Apr/2025:04:05:18 -0400] "GET /?author=14 HTTP/1.1" 200 97618 "-" "Apache-HttpClient/4.5.2 (Java/1.8.0_161)"
125.88.229.99 - - [07/Apr/2025:04:05:21 -0400] "GET /?author=15 HTTP/1.1" 200 97634 "-" "Apache-HttpClient/4.5.2 (Java/1.8.0_161)"
125.88.229.99 - - [07/Apr/2025:04:05:23 -0400] "GET /?author=16 HTTP/1.1" 200 97612 "-" "Apache-HttpClient/4.5.2 (Java/1.8.0_161)"
125.88.229.99 - - [07/Apr/2025:04:05:24 -0400] "GET /?author=17 HTTP/1.1" 200 97612 "-" "Apache-HttpClient/4.5.2 (Java/1.8.0_161)"
125.88.229.99 - - [07/Apr/2025:04:05:27 -0400] "GET /?author=18 HTTP/1.1" 200 97634 "-" "Apache-HttpClient/4.5.2 (Java/1.8.0_161)"
125.88.229.99 - - [07/Apr/2025:04:05:29 -0400] "GET /?author=19 HTTP/1.1" 200 97612 "-" "Apache-HttpClient/4.5.2 (Java/1.8.0_161)"
125.88.229.99 - - [07/Apr/2025:04:05:32 -0400] "GET /?author=20 HTTP/1.1" 200 97634 "-" "Apache-HttpClient/4.5.2 (Java/1.8.0_161)"
216.244.66.202 - - [07/Apr/2025:04:21:56 -0400] "GET /comment-faire-un-anneau-de-lait-maternel/feed/ HTTP/1.1" 200 97634 "-" "Mozilla/5.0 (compatible; DotBot/1.2; +https://opensiteexplorer.org/dotbot; help@moz.com)"
216.244.66.202 - - [07/Apr/2025:04:23:28 -0400] "GET /conservatory-roof-blinds-that-need-no-holes-to-fix/feed/ HTTP/1.1" 200 97612 "-" "Mozilla/5.0 (compatible; DotBot/1.2; +https://opensiteexplorer.org/dotbot; help@moz.com)"
216.244.66.202 - - [07/Apr/2025:04:23:32 -0400] "GET /le-pouvoir-visuel-des-autocollants-publicitaires/feed/ HTTP/1.1" 200 97634 "-" "Mozilla/5.0 (compatible; DotBot/1.2; +https://opensiteexplorer.org/dotbot; help@moz.com)"
216.244.66.202 - - [07/Apr/2025:05:44:00 -0400] "GET /the-truth-about-buying-youtube-views/ HTTP/1.1" 200 97634 "-" "Mozilla/5.0 (compatible; DotBot/1.2; +https://opensiteexplorer.org/dotbot; help@moz.com)"
216.244.66.202 - - [07/Apr/2025:05:49:32 -0400] "GET /2023/page/23/ HTTP/1.1" 200 97542 "-" "Mozilla/5.0 (compatible; DotBot/1.2; +https://opensiteexplorer.org/dotbot; help@moz.com)"
36.41.75.167 - - [07/Apr/2025:06:16:54 -0400] "GET / HTTP/1.1" 200 97634 "-" "Mozilla/5.0 (iPhone; CPU iPhone OS 13_2_3 like Mac OS X) AppleWebKit/605.1.15 (KHTML, like Gecko) Version/13.0.3 Mobile/15E148 Safari/604.1"
216.244.66.202 - - [07/Apr/2025:06:24:08 -0400] "GET /robots.txt HTTP/1.1" 200 97612 "-" "Mozilla/5.0 (compatible; DotBot/1.2; +https://opensiteexplorer.org/dotbot; help@moz.com)"
216.244.66.202 - - [07/Apr/2025:06:30:06 -0400] "GET /der-schlussel-zum-erfolg-im-jurastudium/ HTTP/1.1" 200 97612 "-" "Mozilla/5.0 (compatible; DotBot/1.2; +https://opensiteexplorer.org/dotbot; help@moz.com)"
49.51.183.220 - - [07/Apr/2025:06:34:29 -0400] "GET / HTTP/1.1" 200 97663 "-" "Mozilla/5.0 (iPhone; CPU iPhone OS 13_2_3 like Mac OS X) AppleWebKit/605.1.15 (KHTML, like Gecko) Version/13.0.3 Mobile/15E148 Safari/604.1"
216.244.66.202 - - [07/Apr/2025:06:42:24 -0400] "GET /sportosteopathie/feed/ HTTP/1.1" 200 97634 "-" "Mozilla/5.0 (compatible; DotBot/1.2; +https://opensiteexplorer.org/dotbot; help@moz.com)"
216.244.66.202 - - [07/Apr/2025:06:43:36 -0400] "GET /is-cbd-isolate-right-for-me/feed/ HTTP/1.1" 200 97634 "-" "Mozilla/5.0 (compatible; DotBot/1.2; +https://opensiteexplorer.org/dotbot; help@moz.com)"
216.244.66.202 - - [07/Apr/2025:07:10:48 -0400] "GET /robots.txt HTTP/1.1" 200 97634 "-" "Mozilla/5.0 (compatible; DotBot/1.2; +https://opensiteexplorer.org/dotbot; help@moz.com)"
185.121.234.50 - - [07/Apr/2025:07:12:48 -0400] "GET /verbessern-sie-ihre-personlichkeit-mit-korperschmuck/ HTTP/1.1" 200 97634 "http://saamigraphics.com/verbessern-sie-ihre-personlichkeit-mit-korperschmuck/" "Mozilla/5.0 (Windows NT 10.0; Win64; x64) AppleWebKit/537.36 (KHTML, like Gecko) Chrome/131.0.0.0 Safari/537.36"
185.121.234.50 - - [07/Apr/2025:07:12:52 -0400] "GET /verbessern-sie-ihre-personlichkeit-mit-korperschmuck/ HTTP/1.1" 200 97634 "http://saamigraphics.com/verbessern-sie-ihre-personlichkeit-mit-korperschmuck/" "Mozilla/5.0 (Windows NT 10.0; Win64; x64) AppleWebKit/537.36 (KHTML, like Gecko) Chrome/131.0.0.0 Safari/537.36"
185.121.234.50 - - [07/Apr/2025:07:12:55 -0400] "GET /verbessern-sie-ihre-personlichkeit-mit-korperschmuck/ HTTP/1.1" 200 97663 "http://saamigraphics.com/verbessern-sie-ihre-personlichkeit-mit-korperschmuck/" "Mozilla/5.0 (Windows NT 10.0; Win64; x64) AppleWebKit/537.36 (KHTML, like Gecko) Chrome/131.0.0.0 Safari/537.36"
216.244.66.202 - - [07/Apr/2025:07:17:05 -0400] "GET /how-to-live-your-best-life/ HTTP/1.1" 200 97612 "-" "Mozilla/5.0 (compatible; DotBot/1.2; +https://opensiteexplorer.org/dotbot; help@moz.com)"
216.244.66.202 - - [07/Apr/2025:07:23:15 -0400] "GET /renovation-de-salle-de-bain-guide-complet-pour-transformer-votre-espace/feed/ HTTP/1.1" 200 97612 "-" "Mozilla/5.0 (compatible; DotBot/1.2; +https://opensiteexplorer.org/dotbot; help@moz.com)"
91.201.113.132 - - [07/Apr/2025:07:51:47 -0400] "GET /verbessern-sie-ihre-personlichkeit-mit-korperschmuck/ HTTP/1.1" 200 97634 "http://saamigraphics.com/verbessern-sie-ihre-personlichkeit-mit-korperschmuck/" "Mozilla/5.0 (Windows NT 10.0; Win64; x64) AppleWebKit/537.36 (KHTML, like Gecko) Chrome/130.0.0.0 Safari/537.36"
85.208.98.23 - - [07/Apr/2025:08:03:54 -0400] "GET /robots.txt HTTP/1.1" 200 97612 "-" "Mozilla/5.0 (compatible; SemrushBot-BA; +http://www.semrush.com/bot.html)"
216.244.66.202 - - [07/Apr/2025:08:13:35 -0400] "GET /cbd-uk/feed/ HTTP/1.1" 200 97663 "-" "Mozilla/5.0 (compatible; DotBot/1.2; +https://opensiteexplorer.org/dotbot; help@moz.com)"
43.143.28.57 - - [07/Apr/2025:08:29:28 -0400] "GET / HTTP/1.1" 200 0 "-" "Mozilla/5.0 (Linux; Android 10; LIO-AN00 Build/HUAWEILIO-AN00; wv) MicroMessenger Weixin QQ AppleWebKit/537.36 (KHTML, like Gecko) Version/4.0 Chrome/78.0.3904.62 XWEB/2692 MMWEBSDK/200901 Mobile Safari/537.36"
43.143.28.57 - - [07/Apr/2025:08:29:36 -0400] "GET / HTTP/1.1" 200 97612 "-" "Mozilla/5.0 (Linux; Android 10; LIO-AN00 Build/HUAWEILIO-AN00; wv) MicroMessenger Weixin QQ AppleWebKit/537.36 (KHTML, like Gecko) Version/4.0 Chrome/78.0.3904.62 XWEB/2692 MMWEBSDK/200901 Mobile Safari/537.36"
43.143.28.57 - - [07/Apr/2025:08:30:02 -0400] "GET / HTTP/1.1" 200 97612 "-" "Mozilla/5.0 (Linux; Android 10; LIO-AN00 Build/HUAWEILIO-AN00; wv) MicroMessenger Weixin QQ AppleWebKit/537.36 (KHTML, like Gecko) Version/4.0 Chrome/78.0.3904.62 XWEB/2692 MMWEBSDK/200901 Mobile Safari/537.36"
216.244.66.202 - - [07/Apr/2025:08:43:33 -0400] "GET /robots.txt HTTP/1.1" 200 97612 "-" "Mozilla/5.0 (compatible; DotBot/1.2; +https://opensiteexplorer.org/dotbot; help@moz.com)"
2408:821a:5631:f060:e879:8b13:5d1f:eccd - - [07/Apr/2025:08:45:23 -0400] "GET / HTTP/1.1" 200 97634 "-" "Mozilla/5.0 (Windows NT 10.0; Win64; x64) AppleWebKit/537.36 (KHTML, like Gecko) Chrome/97.0.4280.67 Safari/537.36 Edg/97.0.664.52"
13.59.215.179 - - [07/Apr/2025:08:47:53 -0400] "GET / HTTP/1.1" 200 97634 "-" "python-requests/2.27.1"
43.143.28.57 - - [07/Apr/2025:08:49:26 -0400] "GET / HTTP/1.1" 200 97634 "-" "Mozilla/5.0 (Linux; Android 10; LIO-AN00 Build/HUAWEILIO-AN00; wv) MicroMessenger Weixin QQ AppleWebKit/537.36 (KHTML, like Gecko) Version/4.0 Chrome/78.0.3904.62 XWEB/2692 MMWEBSDK/200901 Mobile Safari/537.36"
216.244.66.202 - - [07/Apr/2025:09:01:50 -0400] "GET /benefits-of-a-baked-bar-vape/feed/ HTTP/1.1" 200 97634 "-" "Mozilla/5.0 (compatible; DotBot/1.2; +https://opensiteexplorer.org/dotbot; help@moz.com)"
216.244.66.202 - - [07/Apr/2025:09:01:55 -0400] "GET /what-hair-products-do-you-use/feed/ HTTP/1.1" 200 97612 "-" "Mozilla/5.0 (compatible; DotBot/1.2; +https://opensiteexplorer.org/dotbot; help@moz.com)"
185.220.101.86 - - [07/Apr/2025:09:06:10 -0400] "GET / HTTP/1.1" 200 97612 "-" "Mozilla/5.0 (Windows; U; Windows NT 5.1; pl-PL) AppleWebKit/525.19 (KHTML, like Gecko) Version/3.1.2 Safari/525.21"
93.183.89.12 - - [07/Apr/2025:09:16:53 -0400] "GET /verbessern-sie-ihre-personlichkeit-mit-korperschmuck/ HTTP/1.1" 200 97634 "http://saamigraphics.com/verbessern-sie-ihre-personlichkeit-mit-korperschmuck/" "Mozilla/5.0 (Windows NT 10.0; Win64; x64) AppleWebKit/537.36 (KHTML, like Gecko) Chrome/131.0.0.0 Safari/537.36"
93.183.89.12 - - [07/Apr/2025:09:16:55 -0400] "GET /verbessern-sie-ihre-personlichkeit-mit-korperschmuck/ HTTP/1.1" 200 97634 "http://saamigraphics.com/verbessern-sie-ihre-personlichkeit-mit-korperschmuck/" "Mozilla/5.0 (Windows NT 10.0; Win64; x64) AppleWebKit/537.36 (KHTML, like Gecko) Chrome/131.0.0.0 Safari/537.36"
93.183.89.12 - - [07/Apr/2025:09:16:58 -0400] "GET /verbessern-sie-ihre-personlichkeit-mit-korperschmuck/ HTTP/1.1" 200 97634 "http://saamigraphics.com/verbessern-sie-ihre-personlichkeit-mit-korperschmuck/" "Mozilla/5.0 (Windows NT 10.0; Win64; x64) AppleWebKit/537.36 (KHTML, like Gecko) Chrome/131.0.0.0 Safari/537.36"
102.164.17.131 - - [07/Apr/2025:09:25:42 -0400] "GET / HTTP/1.1" 200 97634 "-" "Mozilla/5.0 (Windows NT 6.3; Win64; x64) AppleWebKit/537.36 (KHTML, like Gecko) Chrome/101.0.4951.54 Safari/537.36"
102.164.17.131 - - [07/Apr/2025:09:26:21 -0400] "POST /wp-login.php HTTP/1.1" 302 0 "-" "Mozilla/5.0 (Windows NT 6.3; Win64; x64) AppleWebKit/537.36 (KHTML, like Gecko) Chrome/101.0.4951.54 Safari/537.36"
198.54.114.83 - - [07/Apr/2025:09:26:28 -0400] "POST /wp-cron.php?doing_wp_cron=1744032387.0011360645294189453125 HTTP/1.1" 200 0 "-" "WordPress/6.7.2; https://saamigraphics.com"
102.164.17.131 - - [07/Apr/2025:09:27:18 -0400] "POST /wp-login.php HTTP/1.1" 302 0 "-" "Mozilla/5.0 (Windows NT 6.3; Win64; x64) AppleWebKit/537.36 (KHTML, like Gecko) Chrome/101.0.4951.54 Safari/537.36"
104.207.61.1 - - [07/Apr/2025:09:28:29 -0400] "GET /un-examen-des-produits-de-securite-a-domicile/ HTTP/1.1" 200 97612 "-" "Mozilla/5.0 (Windows NT 10.0; WOW64) AppleWebKit/537.36 (KHTML, like Gecko) Chrome/114.0.0.0 Safari/537.36"
198.54.114.83 - - [07/Apr/2025:09:28:31 -0400] "POST /wp-cron.php?doing_wp_cron=1744032511.3892679214477539062500 HTTP/1.1" 200 0 "-" "WordPress/6.7.2; https://saamigraphics.com"
45.236.162.198 - - [07/Apr/2025:09:28:30 -0400] "POST /wp-login.php HTTP/1.1" 302 0 "-" "Mozilla/5.0 (Windows NT 6.3; Win64; x64) AppleWebKit/537.36 (KHTML, like Gecko) Chrome/101.0.4951.54 Safari/537.36"
104.207.61.1 - - [07/Apr/2025:09:28:33 -0400] "GET /un-examen-des-produits-de-securite-a-domicile/'%20+%20item.url%20+%20' HTTP/1.1" 200 97612 "http://saamigraphics.com/un-examen-des-produits-de-securite-a-domicile/" "Mozilla/5.0 (Windows NT 10.0; WOW64) AppleWebKit/537.36 (KHTML, like Gecko) Chrome/114.0.0.0 Safari/537.36"
13.90.231.128 - - [07/Apr/2025:09:29:00 -0400] "HEAD /wordpress HTTP/1.1" 200 0 "-" "Mozilla/5.0 (Windows NT 10.0; Win64; x64) AppleWebKit/537.36 (KHTML, like Gecko) Chrome/74.0.3729.169 Safari/537.36"
13.90.231.128 - - [07/Apr/2025:09:29:01 -0400] "HEAD / HTTP/1.1" 200 0 "-" "Mozilla/5.0 (Windows NT 10.0; Win64; x64) AppleWebKit/537.36 (KHTML, like Gecko) Chrome/74.0.3729.169 Safari/537.36"
13.90.231.128 - - [07/Apr/2025:09:29:02 -0400] "HEAD /wp HTTP/1.1" 200 0 "-" "Mozilla/5.0 (Windows NT 10.0; Win64; x64) AppleWebKit/537.36 (KHTML, like Gecko) Chrome/74.0.3729.169 Safari/537.36"
13.90.231.128 - - [07/Apr/2025:09:29:02 -0400] "HEAD /bc HTTP/1.1" 200 0 "-" "Mozilla/5.0 (Windows NT 10.0; Win64; x64) AppleWebKit/537.36 (KHTML, like Gecko) Chrome/74.0.3729.169 Safari/537.36"
13.90.231.128 - - [07/Apr/2025:09:29:03 -0400] "HEAD /bk HTTP/1.1" 200 0 "-" "Mozilla/5.0 (Windows NT 10.0; Win64; x64) AppleWebKit/537.36 (KHTML, like Gecko) Chrome/74.0.3729.169 Safari/537.36"
13.90.231.128 - - [07/Apr/2025:09:29:05 -0400] "HEAD /backup HTTP/1.1" 200 0 "-" "Mozilla/5.0 (Windows NT 10.0; Win64; x64) AppleWebKit/537.36 (KHTML, like Gecko) Chrome/74.0.3729.169 Safari/537.36"
13.90.231.128 - - [07/Apr/2025:09:29:06 -0400] "HEAD /old HTTP/1.1" 200 0 "-" "Mozilla/5.0 (Windows NT 10.0; Win64; x64) AppleWebKit/537.36 (KHTML, like Gecko) Chrome/74.0.3729.169 Safari/537.36"
13.90.231.128 - - [07/Apr/2025:09:29:06 -0400] "HEAD /new HTTP/1.1" 200 0 "-" "Mozilla/5.0 (Windows NT 10.0; Win64; x64) AppleWebKit/537.36 (KHTML, like Gecko) Chrome/74.0.3729.169 Safari/537.36"
13.90.231.128 - - [07/Apr/2025:09:29:07 -0400] "HEAD /main HTTP/1.1" 200 0 "-" "Mozilla/5.0 (Windows NT 10.0; Win64; x64) AppleWebKit/537.36 (KHTML, like Gecko) Chrome/74.0.3729.169 Safari/537.36"
13.90.231.128 - - [07/Apr/2025:09:29:09 -0400] "HEAD /home HTTP/1.1" 200 0 "-" "Mozilla/5.0 (Windows NT 10.0; Win64; x64) AppleWebKit/537.36 (KHTML, like Gecko) Chrome/74.0.3729.169 Safari/537.36"
45.236.162.198 - - [07/Apr/2025:09:29:37 -0400] "POST /wp-login.php HTTP/1.1" 302 0 "-" "Mozilla/5.0 (Windows NT 6.3; Win64; x64) AppleWebKit/537.36 (KHTML, like Gecko) Chrome/101.0.4951.54 Safari/537.36"
198.54.114.83 - - [07/Apr/2025:09:29:40 -0400] "POST /wp-cron.php?doing_wp_cron=1744032578.9584779739379882812500 HTTP/1.1" 200 0 "-" "WordPress/6.7.2; https://saamigraphics.com"
216.244.66.202 - - [07/Apr/2025:09:30:24 -0400] "GET /robots.txt HTTP/1.1" 200 97634 "-" "Mozilla/5.0 (compatible; DotBot/1.2; +https://opensiteexplorer.org/dotbot; help@moz.com)"
216.244.66.202 - - [07/Apr/2025:09:36:57 -0400] "GET /la-lueur-eclatante-de-lugano/ HTTP/1.1" 200 97634 "-" "Mozilla/5.0 (compatible; DotBot/1.2; +https://opensiteexplorer.org/dotbot; help@moz.com)"
43.130.53.252 - - [07/Apr/2025:10:07:59 -0400] "GET / HTTP/1.1" 200 97612 "-" "Mozilla/5.0 (iPhone; CPU iPhone OS 13_2_3 like Mac OS X) AppleWebKit/605.1.15 (KHTML, like Gecko) Version/13.0.3 Mobile/15E148 Safari/604.1"
195.200.29.225 - - [07/Apr/2025:10:13:24 -0400] "GET /verbessern-sie-ihre-personlichkeit-mit-korperschmuck/ HTTP/1.1" 200 97634 "http://saamigraphics.com/verbessern-sie-ihre-personlichkeit-mit-korperschmuck/" "Mozilla/5.0 (Windows NT 10.0; Win64; x64) AppleWebKit/537.36 (KHTML, like Gecko) Chrome/130.0.0.0 Safari/537.36 CCleaner/130.0.0.0"
195.200.29.225 - - [07/Apr/2025:10:13:25 -0400] "GET /verbessern-sie-ihre-personlichkeit-mit-korperschmuck/ HTTP/1.1" 200 97663 "http://saamigraphics.com/verbessern-sie-ihre-personlichkeit-mit-korperschmuck/" "Mozilla/5.0 (Windows NT 10.0; Win64; x64) AppleWebKit/537.36 (KHTML, like Gecko) Chrome/130.0.0.0 Safari/537.36 CCleaner/130.0.0.0"
195.200.29.225 - - [07/Apr/2025:10:13:26 -0400] "GET /verbessern-sie-ihre-personlichkeit-mit-korperschmuck/ HTTP/1.1" 200 97645 "http://saamigraphics.com/verbessern-sie-ihre-personlichkeit-mit-korperschmuck/" "Mozilla/5.0 (Windows NT 10.0; Win64; x64) AppleWebKit/537.36 (KHTML, like Gecko) Chrome/130.0.0.0 Safari/537.36 CCleaner/130.0.0.0"
198.54.114.83 - - [07/Apr/2025:10:23:51 -0400] "POST /wp-cron.php?doing_wp_cron=1744035831.0684130191802978515625 HTTP/1.1" 200 0 "-" "WordPress/6.7.2; https://saamigraphics.com"
54.254.137.198 - - [07/Apr/2025:10:23:47 -0400] "POST /wp-login.php HTTP/1.1" 302 0 "www.google.com" "Mozilla/5.0 (Windows NT 10.0; Win64; x64)"
216.244.66.202 - - [07/Apr/2025:10:28:50 -0400] "GET /the-best-gas-masks-for-preppers/feed/ HTTP/1.1" 200 97634 "-" "Mozilla/5.0 (compatible; DotBot/1.2; +https://opensiteexplorer.org/dotbot; help@moz.com)"
216.244.66.202 - - [07/Apr/2025:10:37:15 -0400] "GET /uploading-your-videos-to-youtube/feed/ HTTP/1.1" 200 97618 "-" "Mozilla/5.0 (compatible; DotBot/1.2; +https://opensiteexplorer.org/dotbot; help@moz.com)"
89.175.12.245 - - [07/Apr/2025:10:52:05 -0400] "GET /cbd-for-anxiety-uk-a-natural-remedy-for-anxiety/ HTTP/1.1" 200 97634 "http://saamigraphics.com/cbd-for-anxiety-uk-a-natural-remedy-for-anxiety/" "Mozilla/5.0 (Windows NT 10.0; Win64; x64) AppleWebKit/537.36 (KHTML, like Gecko) Chrome/131.0.0.0 Safari/537.36"
216.244.66.202 - - [07/Apr/2025:11:10:42 -0400] "GET /robots.txt HTTP/1.1" 200 97663 "-" "Mozilla/5.0 (compatible; DotBot/1.2; +https://opensiteexplorer.org/dotbot; help@moz.com)"
106.119.167.146 - - [07/Apr/2025:11:15:04 -0400] "GET / HTTP/1.1" 200 97634 "-" "Mozilla/5.0 (iPhone; CPU iPhone OS 13_2_3 like Mac OS X) AppleWebKit/605.1.15 (KHTML, like Gecko) Version/13.0.3 Mobile/15E148 Safari/604.1"
216.244.66.202 - - [07/Apr/2025:11:22:40 -0400] "GET /key-insights-and-regulations/ HTTP/1.1" 200 97634 "-" "Mozilla/5.0 (compatible; DotBot/1.2; +https://opensiteexplorer.org/dotbot; help@moz.com)"
198.54.114.83 - - [07/Apr/2025:11:47:47 -0400] "POST /wp-cron.php?doing_wp_cron=1744040866.0357289314270019531250 HTTP/1.1" 200 0 "-" "WordPress/6.7.2; https://saamigraphics.com"
222.73.135.73 - - [07/Apr/2025:11:47:40 -0400] "GET /wp-login.php HTTP/1.1" 302 0 "-" "Apache-HttpClient/4.5.2 (Java/1.8.0_151)"
216.244.66.202 - - [07/Apr/2025:12:17:22 -0400] "GET /physical-therapy-jobs-in-ohio/ HTTP/1.1" 200 97612 "-" "Mozilla/5.0 (compatible; DotBot/1.2; +https://opensiteexplorer.org/dotbot; help@moz.com)"
2602:fa59:5:72c::1 - - [07/Apr/2025:12:24:48 -0400] "GET /wp-admin/network/index.php HTTP/1.1" 302 0 "-" "Mozlila/5.0 (Linux; Android 7.0; SM-G892A Bulid/NRD90M; wv) AppleWebKit/537.36 (KHTML, like Gecko) Version/4.0 Chrome/60.0.3112.107 Moblie Safari/537.36"
198.54.114.83 - - [07/Apr/2025:12:24:51 -0400] "POST /wp-cron.php?doing_wp_cron=1744043089.9918019771575927734375 HTTP/1.1" 200 0 "-" "WordPress/6.7.2; https://saamigraphics.com"
91.201.113.132 - - [07/Apr/2025:12:25:31 -0400] "GET /verbessern-sie-ihre-personlichkeit-mit-korperschmuck/ HTTP/1.1" 200 97612 "http://saamigraphics.com/verbessern-sie-ihre-personlichkeit-mit-korperschmuck/" "Mozilla/5.0 (Windows NT 10.0; Win64; x64) AppleWebKit/537.36 (KHTML, like Gecko) Chrome/130.0.0.0 Safari/537.36 CCleaner/130.0.0.0"
216.244.66.202 - - [07/Apr/2025:12:25:33 -0400] "GET /buy-youtube-comment-likes-to-boost-the-popularity-of-your-channel/feed/ HTTP/1.1" 200 97634 "-" "Mozilla/5.0 (compatible; DotBot/1.2; +https://opensiteexplorer.org/dotbot; help@moz.com)"
2602:fa59:5:72c::1 - - [07/Apr/2025:12:25:51 -0400] "GET /wp-admin/js/index.php HTTP/1.1" 200 97634 "-" "Mozlila/5.0 (Linux; Android 7.0; SM-G892A Bulid/NRD90M; wv) AppleWebKit/537.36 (KHTML, like Gecko) Version/4.0 Chrome/60.0.3112.107 Moblie Safari/537.36"
2602:fa59:5:72c::1 - - [07/Apr/2025:12:26:05 -0400] "GET /wp-admin/images/index.php HTTP/1.1" 200 97634 "-" "Mozlila/5.0 (Linux; Android 7.0; SM-G892A Bulid/NRD90M; wv) AppleWebKit/537.36 (KHTML, like Gecko) Version/4.0 Chrome/60.0.3112.107 Moblie Safari/537.36"
2602:fa59:5:72c::1 - - [07/Apr/2025:12:26:21 -0400] "GET /wp-admin/css/index.php HTTP/1.1" 200 97634 "-" "Mozlila/5.0 (Linux; Android 7.0; SM-G892A Bulid/NRD90M; wv) AppleWebKit/537.36 (KHTML, like Gecko) Version/4.0 Chrome/60.0.3112.107 Moblie Safari/537.36"
2602:fa59:5:72c::1 - - [07/Apr/2025:12:26:33 -0400] "GET /wp-includes/SimplePie/Content/Type/index.php HTTP/1.1" 200 97634 "-" "Mozlila/5.0 (Linux; Android 7.0; SM-G892A Bulid/NRD90M; wv) AppleWebKit/537.36 (KHTML, like Gecko) Version/4.0 Chrome/60.0.3112.107 Moblie Safari/537.36"
2602:fa59:5:72c::1 - - [07/Apr/2025:12:27:01 -0400] "GET /wp-includes/Requests/Auth/index.php HTTP/1.1" 200 97634 "-" "Mozlila/5.0 (Linux; Android 7.0; SM-G892A Bulid/NRD90M; wv) AppleWebKit/537.36 (KHTML, like Gecko) Version/4.0 Chrome/60.0.3112.107 Moblie Safari/537.36"
2602:fa59:5:72c::1 - - [07/Apr/2025:12:27:19 -0400] "GET /wp-admin/css/colors/index.php HTTP/1.1" 200 97612 "-" "Mozlila/5.0 (Linux; Android 7.0; SM-G892A Bulid/NRD90M; wv) AppleWebKit/537.36 (KHTML, like Gecko) Version/4.0 Chrome/60.0.3112.107 Moblie Safari/537.36"
2602:fa59:5:72c::1 - - [07/Apr/2025:12:27:28 -0400] "GET /wp-content/languages/index.php HTTP/1.1" 200 97634 "-" "Mozlila/5.0 (Linux; Android 7.0; SM-G892A Bulid/NRD90M; wv) AppleWebKit/537.36 (KHTML, like Gecko) Version/4.0 Chrome/60.0.3112.107 Moblie Safari/537.36"
2602:fa59:5:72c::1 - - [07/Apr/2025:12:27:46 -0400] "GET /wp-content/upgrade/index.php HTTP/1.1" 200 97634 "-" "Mozlila/5.0 (Linux; Android 7.0; SM-G892A Bulid/NRD90M; wv) AppleWebKit/537.36 (KHTML, like Gecko) Version/4.0 Chrome/60.0.3112.107 Moblie Safari/537.36"
2602:fa59:5:72c::1 - - [07/Apr/2025:12:28:10 -0400] "GET /wp-content/IXR/index.php HTTP/1.1" 200 97612 "-" "Mozlila/5.0 (Linux; Android 7.0; SM-G892A Bulid/NRD90M; wv) AppleWebKit/537.36 (KHTML, like Gecko) Version/4.0 Chrome/60.0.3112.107 Moblie Safari/537.36"
198.54.114.83 - - [07/Apr/2025:12:48:07 -0400] "POST /wp-cron.php?doing_wp_cron=1744044487.0623750686645507812500 HTTP/1.1" 200 0 "-" "WordPress/6.7.2; https://saamigraphics.com"
54.254.137.198 - - [07/Apr/2025:12:48:06 -0400] "POST /wp-login.php HTTP/1.1" 302 0 "www.google.com" "Mozilla/5.0 (Windows NT 10.0; Win64; x64)"
216.244.66.202 - - [07/Apr/2025:12:58:08 -0400] "GET /robots.txt HTTP/1.1" 200 97634 "-" "Mozilla/5.0 (compatible; DotBot/1.2; +https://opensiteexplorer.org/dotbot; help@moz.com)"
216.244.66.202 - - [07/Apr/2025:13:04:21 -0400] "GET /ein-beruf-im-dienste-der-gerechtigkeit/ HTTP/1.1" 200 97634 "-" "Mozilla/5.0 (compatible; DotBot/1.2; +https://opensiteexplorer.org/dotbot; help@moz.com)"
216.244.66.202 - - [07/Apr/2025:13:04:39 -0400] "GET /cache-level-3-and-early-learning-centres/ HTTP/1.1" 200 97612 "-" "Mozilla/5.0 (compatible; DotBot/1.2; +https://opensiteexplorer.org/dotbot; help@moz.com)"
216.244.66.202 - - [07/Apr/2025:13:05:40 -0400] "GET /what-type-of-card-terminal-is-right-for-your-business/ HTTP/1.1" 200 97634 "-" "Mozilla/5.0 (compatible; DotBot/1.2; +https://opensiteexplorer.org/dotbot; help@moz.com)"
216.244.66.202 - - [07/Apr/2025:13:06:07 -0400] "GET /getting-a-vyvanse-prescription-online/ HTTP/1.1" 200 97634 "-" "Mozilla/5.0 (compatible; DotBot/1.2; +https://opensiteexplorer.org/dotbot; help@moz.com)"
216.244.66.202 - - [07/Apr/2025:13:14:12 -0400] "GET /buy-youtube-favorites-from-a-trusted-and-reputable-provider/feed/ HTTP/1.1" 200 97634 "-" "Mozilla/5.0 (compatible; DotBot/1.2; +https://opensiteexplorer.org/dotbot; help@moz.com)"
43.130.150.80 - - [07/Apr/2025:13:16:29 -0400] "GET / HTTP/1.1" 200 97612 "-" "Mozilla/5.0 (iPhone; CPU iPhone OS 13_2_3 like Mac OS X) AppleWebKit/605.1.15 (KHTML, like Gecko) Version/13.0.3 Mobile/15E148 Safari/604.1"
212.8.248.108 - - [07/Apr/2025:13:26:15 -0400] "GET /un-examen-des-produits-de-securite-a-domicile/ HTTP/1.1" 200 97612 "-" "Mozilla/5.0 (Windows NT 10.0; Win64; x64) AppleWebKit/537.36 (KHTML, like Gecko) Chrome/58.0.3029.110 Safari/537.3"
216.244.66.202 - - [07/Apr/2025:13:44:19 -0400] "GET /robots.txt HTTP/1.1" 200 97648 "-" "Mozilla/5.0 (compatible; DotBot/1.2; +https://opensiteexplorer.org/dotbot; help@moz.com)"
216.244.66.202 - - [07/Apr/2025:13:49:34 -0400] "GET /a-guide-to-pesach-programs/ HTTP/1.1" 200 97612 "-" "Mozilla/5.0 (compatible; DotBot/1.2; +https://opensiteexplorer.org/dotbot; help@moz.com)"
216.244.66.202 - - [07/Apr/2025:13:49:41 -0400] "GET /die-perfekte-moderne-hangelampe-fur-ihr-zuhause/ HTTP/1.1" 200 97612 "-" "Mozilla/5.0 (compatible; DotBot/1.2; +https://opensiteexplorer.org/dotbot; help@moz.com)"
216.244.66.202 - - [07/Apr/2025:13:50:43 -0400] "GET /the-greatest-pizza-recipe-of-all-time/ HTTP/1.1" 200 97634 "-" "Mozilla/5.0 (compatible; DotBot/1.2; +https://opensiteexplorer.org/dotbot; help@moz.com)"
45.148.10.174 - - [07/Apr/2025:14:12:13 -0400] "GET /products/sw.js HTTP/1.1" 200 97612 "-" "Mozilla/5.0 (Macintosh; Intel Mac OS X 10_15_7) AppleWebKit/537.36 Chrome/120.0.0.0"
134.17.14.122 - - [07/Apr/2025:14:30:18 -0400] "GET /nope.php HTTP/1.1" 200 97612 "-" "Mozilla/4.0 (compatible; MSIE 6.0; Windows NT 5.1; SV1)"
172.176.76.195 - - [07/Apr/2025:15:11:26 -0400] "HEAD /wordpress HTTP/1.1" 200 0 "-" "Mozilla/5.0 (Windows NT 10.0; Win64; x64) AppleWebKit/537.36 (KHTML, like Gecko) Chrome/74.0.3729.169 Safari/537.36"
172.176.76.195 - - [07/Apr/2025:15:11:26 -0400] "HEAD / HTTP/1.1" 200 0 "-" "Mozilla/5.0 (Windows NT 10.0; Win64; x64) AppleWebKit/537.36 (KHTML, like Gecko) Chrome/74.0.3729.169 Safari/537.36"
172.176.76.195 - - [07/Apr/2025:15:11:27 -0400] "HEAD /wp HTTP/1.1" 200 0 "-" "Mozilla/5.0 (Windows NT 10.0; Win64; x64) AppleWebKit/537.36 (KHTML, like Gecko) Chrome/74.0.3729.169 Safari/537.36"
172.176.76.195 - - [07/Apr/2025:15:11:28 -0400] "HEAD /bc HTTP/1.1" 200 0 "-" "Mozilla/5.0 (Windows NT 10.0; Win64; x64) AppleWebKit/537.36 (KHTML, like Gecko) Chrome/74.0.3729.169 Safari/537.36"
172.176.76.195 - - [07/Apr/2025:15:11:29 -0400] "HEAD /bk HTTP/1.1" 200 0 "-" "Mozilla/5.0 (Windows NT 10.0; Win64; x64) AppleWebKit/537.36 (KHTML, like Gecko) Chrome/74.0.3729.169 Safari/537.36"
172.176.76.195 - - [07/Apr/2025:15:11:30 -0400] "HEAD /backup HTTP/1.1" 200 0 "-" "Mozilla/5.0 (Windows NT 10.0; Win64; x64) AppleWebKit/537.36 (KHTML, like Gecko) Chrome/74.0.3729.169 Safari/537.36"
172.176.76.195 - - [07/Apr/2025:15:11:31 -0400] "HEAD /old HTTP/1.1" 200 0 "-" "Mozilla/5.0 (Windows NT 10.0; Win64; x64) AppleWebKit/537.36 (KHTML, like Gecko) Chrome/74.0.3729.169 Safari/537.36"
172.176.76.195 - - [07/Apr/2025:15:11:31 -0400] "HEAD /new HTTP/1.1" 200 0 "-" "Mozilla/5.0 (Windows NT 10.0; Win64; x64) AppleWebKit/537.36 (KHTML, like Gecko) Chrome/74.0.3729.169 Safari/537.36"
172.176.76.195 - - [07/Apr/2025:15:11:32 -0400] "HEAD /main HTTP/1.1" 200 0 "-" "Mozilla/5.0 (Windows NT 10.0; Win64; x64) AppleWebKit/537.36 (KHTML, like Gecko) Chrome/74.0.3729.169 Safari/537.36"
172.176.76.195 - - [07/Apr/2025:15:11:33 -0400] "HEAD /home HTTP/1.1" 200 0 "-" "Mozilla/5.0 (Windows NT 10.0; Win64; x64) AppleWebKit/537.36 (KHTML, like Gecko) Chrome/74.0.3729.169 Safari/537.36"
185.220.101.166 - - [07/Apr/2025:15:11:56 -0400] "GET / HTTP/1.1" 200 97634 "-" "Opera/9.80 (Windows NT 6.0; U; zh-cn) Presto/2.5.22 Version/10.50"
192.42.116.193 - - [07/Apr/2025:15:12:52 -0400] "GET / HTTP/1.1" 200 97634 "-" "Mozilla/5.0 (Windows; U; Windows NT 5.0; de-DE; rv:1.7) Gecko/20040803 Firefox/0.9.3"
216.244.66.202 - - [07/Apr/2025:15:19:26 -0400] "GET /robots.txt HTTP/1.1" 200 97634 "-" "Mozilla/5.0 (compatible; DotBot/1.2; +https://opensiteexplorer.org/dotbot; help@moz.com)"
85.208.98.23 - - [07/Apr/2025:15:24:11 -0400] "GET /robots.txt HTTP/1.1" 200 97634 "-" "Mozilla/5.0 (compatible; SemrushBot-BA; +http://www.semrush.com/bot.html)"
216.244.66.202 - - [07/Apr/2025:15:26:05 -0400] "GET /the-key-to-efficiency/ HTTP/1.1" 200 97634 "-" "Mozilla/5.0 (compatible; DotBot/1.2; +https://opensiteexplorer.org/dotbot; help@moz.com)"
216.244.66.202 - - [07/Apr/2025:15:26:31 -0400] "GET /the-art-of-typing-speed-test/ HTTP/1.1" 200 97634 "-" "Mozilla/5.0 (compatible; DotBot/1.2; +https://opensiteexplorer.org/dotbot; help@moz.com)"
216.244.66.202 - - [07/Apr/2025:15:36:42 -0400] "GET /navigating-finances-a-comprehensive-accountant-salary-guide/feed/ HTTP/1.1" 200 97634 "-" "Mozilla/5.0 (compatible; DotBot/1.2; +https://opensiteexplorer.org/dotbot; help@moz.com)"
182.44.10.67 - - [07/Apr/2025:15:59:03 -0400] "GET / HTTP/1.1" 200 97612 "-" "Mozilla/5.0 (iPhone; CPU iPhone OS 13_2_3 like Mac OS X) AppleWebKit/605.1.15 (KHTML, like Gecko) Version/13.0.3 Mobile/15E148 Safari/604.1"
216.244.66.202 - - [07/Apr/2025:16:05:55 -0400] "GET /robots.txt HTTP/1.1" 200 97612 "-" "Mozilla/5.0 (compatible; DotBot/1.2; +https://opensiteexplorer.org/dotbot; help@moz.com)"
216.244.66.202 - - [07/Apr/2025:16:18:31 -0400] "GET /2024/02/page/3/ HTTP/1.1" 200 97634 "-" "Mozilla/5.0 (compatible; DotBot/1.2; +https://opensiteexplorer.org/dotbot; help@moz.com)"
216.244.66.202 - - [07/Apr/2025:16:21:06 -0400] "GET /the-evolutions-of-online-casino/feed/ HTTP/1.1" 200 97634 "-" "Mozilla/5.0 (compatible; DotBot/1.2; +https://opensiteexplorer.org/dotbot; help@moz.com)"
216.244.66.202 - - [07/Apr/2025:16:22:25 -0400] "GET /superbowl-betting-guide-before-and-during-visiting-indianapolis/feed/ HTTP/1.1" 200 97524 "-" "Mozilla/5.0 (compatible; DotBot/1.2; +https://opensiteexplorer.org/dotbot; help@moz.com)"
93.183.89.12 - - [07/Apr/2025:16:44:54 -0400] "GET /verbessern-sie-ihre-personlichkeit-mit-korperschmuck/ HTTP/1.1" 200 97542 "http://saamigraphics.com/verbessern-sie-ihre-personlichkeit-mit-korperschmuck/" "Mozilla/5.0 (Windows NT 10.0; Win64; x64) AppleWebKit/537.36 (KHTML, like Gecko) Chrome/130.0.0.0 Safari/537.36"
93.183.89.12 - - [07/Apr/2025:16:44:55 -0400] "GET /verbessern-sie-ihre-personlichkeit-mit-korperschmuck/ HTTP/1.1" 200 97612 "http://saamigraphics.com/verbessern-sie-ihre-personlichkeit-mit-korperschmuck/" "Mozilla/5.0 (Windows NT 10.0; Win64; x64) AppleWebKit/537.36 (KHTML, like Gecko) Chrome/130.0.0.0 Safari/537.36"
93.183.89.12 - - [07/Apr/2025:16:44:56 -0400] "GET /verbessern-sie-ihre-personlichkeit-mit-korperschmuck/ HTTP/1.1" 200 97634 "http://saamigraphics.com/verbessern-sie-ihre-personlichkeit-mit-korperschmuck/" "Mozilla/5.0 (Windows NT 10.0; Win64; x64) AppleWebKit/537.36 (KHTML, like Gecko) Chrome/130.0.0.0 Safari/537.36"
45.148.10.174 - - [07/Apr/2025:17:19:31 -0400] "GET /lzdmod/site-nav-pc/5.2.38/assets/cart/index.js HTTP/1.1" 200 97542 "-" "Mozilla/5.0 (Macintosh; Intel Mac OS X 10_15_7) AppleWebKit/537.36 Chrome/120.0.0.0"
43.156.156.96 - - [07/Apr/2025:17:23:03 -0400] "GET / HTTP/1.1" 200 97612 "-" "Mozilla/5.0 (iPhone; CPU iPhone OS 13_2_3 like Mac OS X) AppleWebKit/605.1.15 (KHTML, like Gecko) Version/13.0.3 Mobile/15E148 Safari/604.1"
216.244.66.202 - - [07/Apr/2025:17:38:49 -0400] "GET /robots.txt HTTP/1.1" 200 97612 "-" "Mozilla/5.0 (compatible; DotBot/1.2; +https://opensiteexplorer.org/dotbot; help@moz.com)"
216.244.66.202 - - [07/Apr/2025:17:44:48 -0400] "GET /how-to-find-legitimate-cbd-in-the-uk/ HTTP/1.1" 200 97489 "-" "Mozilla/5.0 (compatible; DotBot/1.2; +https://opensiteexplorer.org/dotbot; help@moz.com)"
93.123.109.25 - - [07/Apr/2025:17:57:08 -0400] "GET / HTTP/1.1" 200 97663 "-" "Mozilla/5.0 (Windows NT 10.0; Win64; x64) AppleWebKit/537.36 (KHTML, like Gecko) Chrome/42.0.2311.135 Safari/537.36 Edge/12.246"
93.123.109.25 - - [07/Apr/2025:17:57:10 -0400] "GET / HTTP/1.1" 200 97672 "-" "Mozilla/5.0 (Windows NT 10.0; Win64; x64) AppleWebKit/537.36 (KHTML, like Gecko) Chrome/42.0.2311.135 Safari/537.36 Edge/12.246"
93.123.109.25 - - [07/Apr/2025:17:57:11 -0400] "GET / HTTP/1.1" 200 97663 "-" "Mozilla/5.0 (Windows NT 10.0; Win64; x64) AppleWebKit/537.36 (KHTML, like Gecko) Chrome/42.0.2311.135 Safari/537.36 Edge/12.246"
216.244.66.202 - - [07/Apr/2025:18:25:38 -0400] "GET /robots.txt HTTP/1.1" 200 97612 "-" "Mozilla/5.0 (compatible; DotBot/1.2; +https://opensiteexplorer.org/dotbot; help@moz.com)"
216.244.66.202 - - [07/Apr/2025:18:31:31 -0400] "GET /umzugsunternehmen-in-luneburg-ihr-zuverlassiger-partner-fur-einen-stressfreien-umzug/ HTTP/1.1" 200 97634 "-" "Mozilla/5.0 (compatible; DotBot/1.2; +https://opensiteexplorer.org/dotbot; help@moz.com)"
216.244.66.202 - - [07/Apr/2025:18:31:54 -0400] "GET /dienstleistungen-fur-wohnungsauflosungen/ HTTP/1.1" 200 97612 "-" "Mozilla/5.0 (compatible; DotBot/1.2; +https://opensiteexplorer.org/dotbot; help@moz.com)"
216.244.66.202 - - [07/Apr/2025:18:35:16 -0400] "GET /a-new-era-of-gambling/ HTTP/1.1" 200 97634 "-" "Mozilla/5.0 (compatible; DotBot/1.2; +https://opensiteexplorer.org/dotbot; help@moz.com)"
13.90.231.128 - - [07/Apr/2025:18:49:47 -0400] "HEAD /wordpress HTTP/1.1" 200 0 "-" "Mozilla/5.0 (Windows NT 10.0; Win64; x64) AppleWebKit/537.36 (KHTML, like Gecko) Chrome/74.0.3729.169 Safari/537.36"
13.90.231.128 - - [07/Apr/2025:18:49:47 -0400] "HEAD / HTTP/1.1" 200 0 "-" "Mozilla/5.0 (Windows NT 10.0; Win64; x64) AppleWebKit/537.36 (KHTML, like Gecko) Chrome/74.0.3729.169 Safari/537.36"
13.90.231.128 - - [07/Apr/2025:18:49:48 -0400] "HEAD /wp HTTP/1.1" 200 0 "-" "Mozilla/5.0 (Windows NT 10.0; Win64; x64) AppleWebKit/537.36 (KHTML, like Gecko) Chrome/74.0.3729.169 Safari/537.36"
13.90.231.128 - - [07/Apr/2025:18:49:48 -0400] "HEAD /bc HTTP/1.1" 200 0 "-" "Mozilla/5.0 (Windows NT 10.0; Win64; x64) AppleWebKit/537.36 (KHTML, like Gecko) Chrome/74.0.3729.169 Safari/537.36"
13.90.231.128 - - [07/Apr/2025:18:49:49 -0400] "HEAD /bk HTTP/1.1" 200 0 "-" "Mozilla/5.0 (Windows NT 10.0; Win64; x64) AppleWebKit/537.36 (KHTML, like Gecko) Chrome/74.0.3729.169 Safari/537.36"
13.90.231.128 - - [07/Apr/2025:18:49:49 -0400] "HEAD /backup HTTP/1.1" 200 0 "-" "Mozilla/5.0 (Windows NT 10.0; Win64; x64) AppleWebKit/537.36 (KHTML, like Gecko) Chrome/74.0.3729.169 Safari/537.36"
13.90.231.128 - - [07/Apr/2025:18:49:50 -0400] "HEAD /old HTTP/1.1" 200 0 "-" "Mozilla/5.0 (Windows NT 10.0; Win64; x64) AppleWebKit/537.36 (KHTML, like Gecko) Chrome/74.0.3729.169 Safari/537.36"
13.90.231.128 - - [07/Apr/2025:18:49:50 -0400] "HEAD /new HTTP/1.1" 200 0 "-" "Mozilla/5.0 (Windows NT 10.0; Win64; x64) AppleWebKit/537.36 (KHTML, like Gecko) Chrome/74.0.3729.169 Safari/537.36"
13.90.231.128 - - [07/Apr/2025:18:49:50 -0400] "HEAD /main HTTP/1.1" 200 0 "-" "Mozilla/5.0 (Windows NT 10.0; Win64; x64) AppleWebKit/537.36 (KHTML, like Gecko) Chrome/74.0.3729.169 Safari/537.36"
13.90.231.128 - - [07/Apr/2025:18:49:50 -0400] "HEAD /home HTTP/1.1" 200 0 "-" "Mozilla/5.0 (Windows NT 10.0; Win64; x64) AppleWebKit/537.36 (KHTML, like Gecko) Chrome/74.0.3729.169 Safari/537.36"
13.74.98.226 - - [07/Apr/2025:18:52:30 -0400] "GET /gins/wp-help/ HTTP/1.1" 200 97663 "-" "-"
13.74.98.226 - - [07/Apr/2025:18:52:31 -0400] "GET /wp-content HTTP/1.1" 301 795 "-" "-"
13.74.98.226 - - [07/Apr/2025:18:52:31 -0400] "GET /wp-content/ HTTP/1.1" 200 0 "-" "-"
13.74.98.226 - - [07/Apr/2025:18:52:31 -0400] "GET /wp-includes/images/wlw/ HTTP/1.1" 200 97612 "-" "-"
13.74.98.226 - - [07/Apr/2025:18:52:32 -0400] "GET /sim.php/wp-includes/certificates/plugins.php HTTP/1.1" 200 97634 "-" "-"
13.74.98.226 - - [07/Apr/2025:18:52:32 -0400] "GET /site/ HTTP/1.1" 200 97645 "-" "-"
13.74.98.226 - - [07/Apr/2025:18:52:32 -0400] "GET /templates/beez3/ HTTP/1.1" 200 97645 "-" "-"
13.74.98.226 - - [07/Apr/2025:18:52:33 -0400] "GET /wp-content/plugins/dummyyummy/ HTTP/1.1" 200 97634 "-" "-"
13.74.98.226 - - [07/Apr/2025:18:52:33 -0400] "GET /wp/wp-admin/includes/ HTTP/1.1" 200 97634 "-" "-"
13.74.98.226 - - [07/Apr/2025:18:52:34 -0400] "GET /wp-includes/Text/autoload_classmap.php HTTP/1.1" 200 97634 "-" "-"
13.74.98.226 - - [07/Apr/2025:18:52:34 -0400] "GET /wp-content/plugins/dazmhjz/ HTTP/1.1" 200 97542 "-" "-"
13.74.98.226 - - [07/Apr/2025:18:52:34 -0400] "GET /wp-content/languages/about.php HTTP/1.1" 200 97645 "-" "-"
13.74.98.226 - - [07/Apr/2025:18:52:34 -0400] "GET /storage/ HTTP/1.1" 200 97524 "-" "-"
13.74.98.226 - - [07/Apr/2025:18:52:35 -0400] "GET /wp-content/themes/twentytwenty/404.php HTTP/1.1" 200 97645 "-" "-"
13.74.98.226 - - [07/Apr/2025:18:52:35 -0400] "GET /pomo/ HTTP/1.1" 200 97663 "-" "-"
13.74.98.226 - - [07/Apr/2025:18:52:35 -0400] "GET /wp-content/upgrade/sx.php HTTP/1.1" 200 97634 "-" "-"
13.74.98.226 - - [07/Apr/2025:18:52:36 -0400] "GET /wp-content/plugins/WordPressCore/fm.php HTTP/1.1" 200 97645 "-" "-"
13.74.98.226 - - [07/Apr/2025:18:52:36 -0400] "GET /wp-includes/images/include.php HTTP/1.1" 200 97663 "-" "-"
13.74.98.226 - - [07/Apr/2025:18:52:37 -0400] "GET /admin-post.php HTTP/1.1" 200 97612 "-" "-"
216.244.66.202 - - [07/Apr/2025:19:12:11 -0400] "GET /robots.txt HTTP/1.1" 200 97634 "-" "Mozilla/5.0 (compatible; DotBot/1.2; +https://opensiteexplorer.org/dotbot; help@moz.com)"
2.58.46.205 - - [07/Apr/2025:19:17:17 -0400] "GET /.env HTTP/1.1" 200 97634 "-" "Mozilla/5.0 (Macintosh; Intel Mac OS X 10.15; rv:77.0) Gecko/20100101 Firefox/77.0"
