159.65.152.66 - - [31/Mar/2025:09:29:50 -0400] "GET /wp-login.php HTTP/1.1" 302 0 "-" "Mozilla/5.0 (X11; Fedora; Linux x86_64; rv:94.0) Gecko/20100101 Firefox/95.0"
198.54.114.83 - - [31/Mar/2025:09:30:25 -0400] "POST /wp-cron.php?doing_wp_cron=1743427825.4652590751647949218750 HTTP/1.1" 200 0 "-" "WordPress/6.7.2; https://shahmeenaindustry.com"
216.244.66.200 - - [31/Mar/2025:09:30:25 -0400] "GET /holistic-medicine-austin/feed/ HTTP/1.1" 200 426 "-" "Mozilla/5.0 (compatible; DotBot/1.2; +https://opensiteexplorer.org/dotbot; help@moz.com)"
159.65.152.66 - - [31/Mar/2025:09:30:30 -0400] "GET ///?author=1 HTTP/1.1" 301 0 "-" "Mozilla/5.0 (X11; Fedora; Linux x86_64; rv:94.0) Gecko/20100101 Firefox/95.0"
159.65.152.66 - - [31/Mar/2025:09:31:00 -0400] "GET ///wp-json/wp/v2/users/ HTTP/1.1" 200 1381 "-" "Mozilla/5.0 (X11; Fedora; Linux x86_64; rv:94.0) Gecko/20100101 Firefox/95.0"
198.54.114.83 - - [31/Mar/2025:09:33:21 -0400] "POST /wp-cron.php?doing_wp_cron=1743428001.5259680747985839843750 HTTP/1.1" 200 0 "-" "WordPress/6.7.2; https://shahmeenaindustry.com"
103.156.90.227 - - [31/Mar/2025:09:33:19 -0400] "POST /xmlrpc.php HTTP/1.1" 200 212 "-" "Mozilla/5.0 (Windows NT 10.0; Win64; x64) AppleWebKit/537.36 (KHTML, like Gecko) Chrome/97.0.4692.99 Safari/537.36"
42.96.2.89 - - [31/Mar/2025:09:33:23 -0400] "POST /xmlrpc.php HTTP/1.1" 200 212 "-" "Mozilla/5.0 (Windows NT 10.0; Win64; x64) AppleWebKit/537.36 (KHTML, like Gecko) Chrome/97.0.4692.99 Safari/537.36"
162.213.249.63 - - [31/Mar/2025:09:40:47 -0400] "POST /xmlrpc.php HTTP/1.1" 200 212 "http://shahmeenaindustry.com" "Mozilla/5.0 (Macintosh; Intel Mac OS X 14_6) AppleWebKit/605.1.15 (KHTML, like Gecko) Version/17.5 Safari/605.1.15"
216.244.66.200 - - [31/Mar/2025:09:53:39 -0400] "GET /robots.txt HTTP/1.1" 304 0 "-" "Mozilla/5.0 (compatible; DotBot/1.2; +https://opensiteexplorer.org/dotbot; help@moz.com)"
198.54.114.83 - - [31/Mar/2025:09:53:43 -0400] "POST /wp-cron.php?doing_wp_cron=1743429223.4315888881683349609375 HTTP/1.1" 200 0 "-" "WordPress/6.7.2; https://shahmeenaindustry.com"
162.0.235.20 - - [31/Mar/2025:09:53:41 -0400] "POST /xmlrpc.php HTTP/1.1" 200 212 "http://shahmeenaindustry.com" "Mozilla/5.0 (Windows NT 10.0; Win64; x64) AppleWebKit/537.36 (KHTML, like Gecko) Chrome/116.0.5845.96 Safari/537.36 Edg/116.0.1938.62"
198.54.114.83 - - [31/Mar/2025:09:58:22 -0400] "POST /wp-cron.php?doing_wp_cron=1743429502.4794108867645263671875 HTTP/1.1" 200 0 "-" "WordPress/6.7.2; https://shahmeenaindustry.com"
216.244.66.200 - - [31/Mar/2025:09:58:21 -0400] "GET /the-best-site-to-buy-tiktok-followers/ HTTP/1.1" 200 21191 "-" "Mozilla/5.0 (compatible; DotBot/1.2; +https://opensiteexplorer.org/dotbot; help@moz.com)"
66.249.64.107 - - [31/Mar/2025:10:00:47 -0400] "GET /wp-content/themes/chromenews/assets/jquery.cookie.js?ver=6.7.2 HTTP/1.1" 200 1470 "https://shahmeenaindustry.com/" "Mozilla/5.0 (Linux; Android 6.0.1; Nexus 5X Build/MMB29P) AppleWebKit/537.36 (KHTML, like Gecko) Chrome/134.0.6998.165 Mobile Safari/537.36 (compatible; Googlebot/2.1; +http://www.google.com/bot.html)"
66.249.64.106 - - [31/Mar/2025:10:00:47 -0400] "GET /wp-content/themes/chromenews/assets/slick/js/slick.min.js?ver=4.9.3 HTTP/1.1" 200 12554 "https://shahmeenaindustry.com/" "Mozilla/5.0 (Linux; Android 6.0.1; Nexus 5X Build/MMB29P) AppleWebKit/537.36 (KHTML, like Gecko) Chrome/134.0.6998.165 Mobile Safari/537.36 (compatible; Googlebot/2.1; +http://www.google.com/bot.html)"
198.54.114.83 - - [31/Mar/2025:10:02:10 -0400] "POST /wp-cron.php?doing_wp_cron=1743429730.5106639862060546875000 HTTP/1.1" 200 0 "-" "WordPress/6.7.2; https://shahmeenaindustry.com"
216.244.66.200 - - [31/Mar/2025:10:02:08 -0400] "GET /what-is-sexual-addiction-therapy/ HTTP/1.1" 200 21429 "-" "Mozilla/5.0 (compatible; DotBot/1.2; +https://opensiteexplorer.org/dotbot; help@moz.com)"
85.208.98.23 - - [31/Mar/2025:10:04:35 -0400] "GET /robots.txt HTTP/1.1" 304 0 "-" "Mozilla/5.0 (compatible; SemrushBot-BA; +http://www.semrush.com/bot.html)"
216.244.66.200 - - [31/Mar/2025:10:04:46 -0400] "GET /the-pitfalls-and-perils-of-buying-youtube-subscribers/feed/ HTTP/1.1" 200 463 "-" "Mozilla/5.0 (compatible; DotBot/1.2; +https://opensiteexplorer.org/dotbot; help@moz.com)"
198.54.114.83 - - [31/Mar/2025:10:06:31 -0400] "POST /wp-cron.php?doing_wp_cron=1743429991.7936511039733886718750 HTTP/1.1" 200 0 "-" "WordPress/6.7.2; https://shahmeenaindustry.com"
35.187.250.253 - - [31/Mar/2025:10:06:30 -0400] "POST /xmlrpc.php HTTP/1.1" 200 212 "http://shahmeenaindustry.com" "Mozilla/5.0 (Macintosh; Intel Mac OS X 10_15_7; rv:127.0) Gecko/20100101 Firefox/127.0"
198.54.114.83 - - [31/Mar/2025:10:19:25 -0400] "POST /wp-cron.php?doing_wp_cron=1743430765.0906589031219482421875 HTTP/1.1" 200 0 "-" "WordPress/6.7.2; https://shahmeenaindustry.com"
52.117.30.9 - - [31/Mar/2025:10:19:23 -0400] "POST /xmlrpc.php HTTP/1.1" 200 212 "http://shahmeenaindustry.com" "Mozilla/5.0 (Windows NT 10.0; Win64; x64; rv:125.0.1) Gecko/20100101 Firefox/125.0.1"
109.248.14.242 - - [31/Mar/2025:10:27:03 -0400] "GET /wp-content/plugins/wp-automatic/changelog HTTP/1.1" 404 16543 "-" "Mozilla/5.0 (compatible; Googlebot/2.1; +http://www.google.com/bot.html)"
46.8.212.217 - - [31/Mar/2025:10:27:19 -0400] "GET /wp-content/plugins/wp-automatic/changelog HTTP/1.1" 404 16543 "-" "Mozilla/5.0 (compatible; Googlebot/2.1; +http://www.google.com/bot.html)"
198.54.114.83 - - [31/Mar/2025:10:32:29 -0400] "POST /wp-cron.php?doing_wp_cron=1743431549.7659180164337158203125 HTTP/1.1" 200 0 "-" "WordPress/6.7.2; https://shahmeenaindustry.com"
217.156.65.24 - - [31/Mar/2025:10:32:27 -0400] "POST /xmlrpc.php HTTP/1.1" 200 212 "http://shahmeenaindustry.com" "Mozilla/5.0 (Macintosh; Intel Mac OS X 10_15_7) AppleWebKit/537.36 (KHTML, like Gecko) Chrome/116.0.5845.96 Safari/537.36"
49.51.245.241 - - [31/Mar/2025:10:36:57 -0400] "GET / HTTP/1.1" 200 24560 "-" "Mozilla/5.0 (iPhone; CPU iPhone OS 13_2_3 like Mac OS X) AppleWebKit/605.1.15 (KHTML, like Gecko) Version/13.0.3 Mobile/15E148 Safari/604.1"
216.244.66.200 - - [31/Mar/2025:10:38:22 -0400] "GET /robots.txt HTTP/1.1" 304 0 "-" "Mozilla/5.0 (compatible; DotBot/1.2; +https://opensiteexplorer.org/dotbot; help@moz.com)"
216.244.66.200 - - [31/Mar/2025:10:44:55 -0400] "GET /modern-medicine-versus-nature-in-treating-cancer/ HTTP/1.1" 200 21997 "-" "Mozilla/5.0 (compatible; DotBot/1.2; +https://opensiteexplorer.org/dotbot; help@moz.com)"
199.188.201.234 - - [31/Mar/2025:10:45:38 -0400] "POST /xmlrpc.php HTTP/1.1" 200 212 "http://shahmeenaindustry.com" "Mozilla/5.0 (Macintosh; Intel Mac OS X 14.3) AppleWebKit/614.31.14 (KHTML, like Gecko) Version/17.0.96 Safari/614.31.14"
216.244.66.200 - - [31/Mar/2025:10:45:58 -0400] "GET /zu-besuch-in-einem-ferienpark-an-der-ostsee/ HTTP/1.1" 200 21585 "-" "Mozilla/5.0 (compatible; DotBot/1.2; +https://opensiteexplorer.org/dotbot; help@moz.com)"
198.54.114.83 - - [31/Mar/2025:10:49:48 -0400] "POST /wp-cron.php?doing_wp_cron=1743432587.9431040287017822265625 HTTP/1.1" 200 0 "-" "WordPress/6.7.2; https://shahmeenaindustry.com"
216.244.66.200 - - [31/Mar/2025:10:49:44 -0400] "GET /michael-kors-satchel-bag/feed/ HTTP/1.1" 200 432 "-" "Mozilla/5.0 (compatible; DotBot/1.2; +https://opensiteexplorer.org/dotbot; help@moz.com)"
140.245.43.10 - - [31/Mar/2025:10:55:02 -0400] "GET / HTTP/1.1" 200 24560 "-" "Go-http-client/1.1"
140.245.43.10 - - [31/Mar/2025:10:55:04 -0400] "GET //woh.php HTTP/1.1" 301 0 "-" "Go-http-client/1.1"
198.54.114.83 - - [31/Mar/2025:10:55:09 -0400] "POST /wp-cron.php?doing_wp_cron=1743432907.5120151042938232421875 HTTP/1.1" 200 0 "-" "WordPress/6.7.2; https://shahmeenaindustry.com"
140.245.43.10 - - [31/Mar/2025:10:55:09 -0400] "GET /woh.php HTTP/1.1" 404 16543 "http://shahmeenaindustry.com//woh.php" "Go-http-client/1.1"
140.245.43.10 - - [31/Mar/2025:10:55:11 -0400] "GET //classwithtostring.php HTTP/1.1" 301 0 "-" "Go-http-client/1.1"
140.245.43.10 - - [31/Mar/2025:10:55:12 -0400] "GET /classwithtostring.php HTTP/1.1" 404 16543 "http://shahmeenaindustry.com//classwithtostring.php" "Go-http-client/1.1"
140.245.43.10 - - [31/Mar/2025:10:55:13 -0400] "GET //simple.php HTTP/1.1" 301 0 "-" "Go-http-client/1.1"
140.245.43.10 - - [31/Mar/2025:10:55:13 -0400] "GET /simple.php HTTP/1.1" 404 16543 "http://shahmeenaindustry.com//simple.php" "Go-http-client/1.1"
140.245.43.10 - - [31/Mar/2025:10:55:14 -0400] "GET //zero.php HTTP/1.1" 301 0 "-" "Go-http-client/1.1"
140.245.43.10 - - [31/Mar/2025:10:55:15 -0400] "GET /zero.php HTTP/1.1" 404 16543 "http://shahmeenaindustry.com//zero.php" "Go-http-client/1.1"
140.245.43.10 - - [31/Mar/2025:10:55:15 -0400] "GET //wp-content/plugins/include.php HTTP/1.1" 301 0 "-" "Go-http-client/1.1"
140.245.43.10 - - [31/Mar/2025:10:55:17 -0400] "GET /wp-content/plugins/include.php HTTP/1.1" 404 16543 "http://shahmeenaindustry.com//wp-content/plugins/include.php#admin" "Go-http-client/1.1"
140.245.43.10 - - [31/Mar/2025:10:55:17 -0400] "GET //phpmailer.lang-sv.php HTTP/1.1" 301 0 "-" "Go-http-client/1.1"
140.245.43.10 - - [31/Mar/2025:10:55:18 -0400] "GET /phpmailer.lang-sv.php HTTP/1.1" 404 16543 "http://shahmeenaindustry.com//phpmailer.lang-sv.php" "Go-http-client/1.1"
140.245.43.10 - - [31/Mar/2025:10:55:18 -0400] "GET //wp-content/themes/sketch/404.php HTTP/1.1" 301 0 "-" "Go-http-client/1.1"
140.245.43.10 - - [31/Mar/2025:10:55:19 -0400] "GET /wp-content/themes/sketch/404.php HTTP/1.1" 404 16543 "http://shahmeenaindustry.com//wp-content/themes/sketch/404.php#admin" "Go-http-client/1.1"
140.245.43.10 - - [31/Mar/2025:10:55:20 -0400] "GET //wp-admin/css/colors/ectoplasm/load-styles.php HTTP/1.1" 301 0 "-" "Go-http-client/1.1"
140.245.43.10 - - [31/Mar/2025:10:55:21 -0400] "GET /wp-admin/css/colors/ectoplasm/load-styles.php HTTP/1.1" 404 16543 "http://shahmeenaindustry.com//wp-admin/css/colors/ectoplasm/load-styles.php" "Go-http-client/1.1"
140.245.43.10 - - [31/Mar/2025:10:55:21 -0400] "GET //wp-content/plugins/wp-help/admin/wp-fclass.php HTTP/1.1" 301 0 "-" "Go-http-client/1.1"
140.245.43.10 - - [31/Mar/2025:10:55:22 -0400] "GET /wp-content/plugins/wp-help/admin/wp-fclass.php HTTP/1.1" 404 16543 "http://shahmeenaindustry.com//wp-content/plugins/wp-help/admin/wp-fclass.php" "Go-http-client/1.1"
140.245.43.10 - - [31/Mar/2025:10:55:22 -0400] "GET //wp-content/plugins/wp-help/index.php HTTP/1.1" 301 0 "-" "Go-http-client/1.1"
140.245.43.10 - - [31/Mar/2025:10:55:23 -0400] "GET /wp-content/plugins/wp-help/ HTTP/1.1" 404 16543 "http://shahmeenaindustry.com//wp-content/plugins/wp-help/index.php" "Go-http-client/1.1"
140.245.43.10 - - [31/Mar/2025:10:55:23 -0400] "GET //cgi-bin/class_api.php HTTP/1.1" 301 0 "-" "Go-http-client/1.1"
140.245.43.10 - - [31/Mar/2025:10:55:24 -0400] "GET /cgi-bin/class_api.php HTTP/1.1" 404 16544 "http://shahmeenaindustry.com//cgi-bin/class_api.php#888xyz999" "Go-http-client/1.1"
140.245.43.10 - - [31/Mar/2025:10:55:25 -0400] "GET //wp-admin/images/class.api.php HTTP/1.1" 301 0 "-" "Go-http-client/1.1"
140.245.43.10 - - [31/Mar/2025:10:55:26 -0400] "GET /wp-admin/images/class.api.php HTTP/1.1" 404 16543 "http://shahmeenaindustry.com//wp-admin/images/class.api.php#888xyz999" "Go-http-client/1.1"
140.245.43.10 - - [31/Mar/2025:10:55:26 -0400] "GET //wp-admin/js/widgets/class.api.php HTTP/1.1" 301 0 "-" "Go-http-client/1.1"
140.245.43.10 - - [31/Mar/2025:10:55:27 -0400] "GET /wp-admin/js/widgets/class.api.php HTTP/1.1" 404 16543 "http://shahmeenaindustry.com//wp-admin/js/widgets/class.api.php#888xyz999" "Go-http-client/1.1"
140.245.43.10 - - [31/Mar/2025:10:55:27 -0400] "GET //.well-known/pki-validation/class_api.php HTTP/1.1" 301 0 "-" "Go-http-client/1.1"
140.245.43.10 - - [31/Mar/2025:10:55:28 -0400] "GET /.well-known/pki-validation/class_api.php HTTP/1.1" 404 1251 "http://shahmeenaindustry.com//.well-known/pki-validation/class_api.php#888xyz999" "Go-http-client/1.1"
140.245.43.10 - - [31/Mar/2025:10:55:28 -0400] "GET //class_api.php HTTP/1.1" 301 0 "-" "Go-http-client/1.1"
140.245.43.10 - - [31/Mar/2025:10:55:29 -0400] "GET /class_api.php HTTP/1.1" 404 16543 "http://shahmeenaindustry.com//class_api.php#888xyz999" "Go-http-client/1.1"
140.245.43.10 - - [31/Mar/2025:10:55:29 -0400] "GET //class.api.php HTTP/1.1" 301 0 "-" "Go-http-client/1.1"
140.245.43.10 - - [31/Mar/2025:10:55:30 -0400] "GET /class.api.php HTTP/1.1" 404 16542 "http://shahmeenaindustry.com//class.api.php#888xyz999" "Go-http-client/1.1"
140.245.43.10 - - [31/Mar/2025:10:55:32 -0400] "GET //wp-content/themes/tflow/up.php HTTP/1.1" 301 0 "-" "Go-http-client/1.1"
140.245.43.10 - - [31/Mar/2025:10:55:33 -0400] "GET /wp-content/themes/tflow/up.php HTTP/1.1" 404 16543 "http://shahmeenaindustry.com//wp-content/themes/tflow/up.php" "Go-http-client/1.1"
140.245.43.10 - - [31/Mar/2025:10:55:33 -0400] "GET //wp-content/themes/wp-pridmag/up.php HTTP/1.1" 301 0 "-" "Go-http-client/1.1"
140.245.43.10 - - [31/Mar/2025:10:55:34 -0400] "GET /wp-content/themes/wp-pridmag/up.php HTTP/1.1" 404 16543 "http://shahmeenaindustry.com//wp-content/themes/wp-pridmag/up.php" "Go-http-client/1.1"
140.245.43.10 - - [31/Mar/2025:10:55:34 -0400] "GET //.well-known/acme-challenge/atomlib.php HTTP/1.1" 301 0 "-" "Go-http-client/1.1"
140.245.43.10 - - [31/Mar/2025:10:55:35 -0400] "GET /.well-known/acme-challenge/atomlib.php HTTP/1.1" 404 16543 "http://shahmeenaindustry.com//.well-known/acme-challenge/atomlib.php" "Go-http-client/1.1"
140.245.43.10 - - [31/Mar/2025:10:55:36 -0400] "GET //.well-known/pki-validation/atomlib.php HTTP/1.1" 301 0 "-" "Go-http-client/1.1"
140.245.43.10 - - [31/Mar/2025:10:55:37 -0400] "GET /.well-known/pki-validation/atomlib.php HTTP/1.1" 404 1251 "http://shahmeenaindustry.com//.well-known/pki-validation/atomlib.php" "Go-http-client/1.1"
140.245.43.10 - - [31/Mar/2025:10:55:37 -0400] "GET //images/atomlib.php HTTP/1.1" 301 0 "-" "Go-http-client/1.1"
140.245.43.10 - - [31/Mar/2025:10:55:39 -0400] "GET /images/atomlib.php HTTP/1.1" 404 16543 "http://shahmeenaindustry.com//images/atomlib.php" "Go-http-client/1.1"
140.245.43.10 - - [31/Mar/2025:10:55:40 -0400] "GET //wp-admin/css/atomlib.php HTTP/1.1" 301 0 "-" "Go-http-client/1.1"
140.245.43.10 - - [31/Mar/2025:10:55:41 -0400] "GET /wp-admin/css/atomlib.php HTTP/1.1" 404 16543 "http://shahmeenaindustry.com//wp-admin/css/atomlib.php" "Go-http-client/1.1"
140.245.43.10 - - [31/Mar/2025:10:55:42 -0400] "GET //wp-admin/css/colors/blue/atomlib.php HTTP/1.1" 301 0 "-" "Go-http-client/1.1"
140.245.43.10 - - [31/Mar/2025:10:55:43 -0400] "GET /wp-admin/css/colors/blue/atomlib.php HTTP/1.1" 404 16543 "http://shahmeenaindustry.com//wp-admin/css/colors/blue/atomlib.php" "Go-http-client/1.1"
140.245.43.10 - - [31/Mar/2025:10:55:44 -0400] "GET //wp-admin/includes/atomlib.php HTTP/1.1" 301 0 "-" "Go-http-client/1.1"
140.245.43.10 - - [31/Mar/2025:10:55:44 -0400] "GET /wp-admin/includes/atomlib.php HTTP/1.1" 404 16543 "http://shahmeenaindustry.com//wp-admin/includes/atomlib.php" "Go-http-client/1.1"
140.245.43.10 - - [31/Mar/2025:10:55:45 -0400] "GET //wp-admin/maint/atomlib.php HTTP/1.1" 301 0 "-" "Go-http-client/1.1"
140.245.43.10 - - [31/Mar/2025:10:55:46 -0400] "GET /wp-admin/maint/atomlib.php HTTP/1.1" 404 16543 "http://shahmeenaindustry.com//wp-admin/maint/atomlib.php" "Go-http-client/1.1"
140.245.43.10 - - [31/Mar/2025:10:55:46 -0400] "GET //wp-content/languages/themes/atomlib.php HTTP/1.1" 301 0 "-" "Go-http-client/1.1"
140.245.43.10 - - [31/Mar/2025:10:55:47 -0400] "GET /wp-content/languages/themes/atomlib.php HTTP/1.1" 404 16543 "http://shahmeenaindustry.com//wp-content/languages/themes/atomlib.php" "Go-http-client/1.1"
140.245.43.10 - - [31/Mar/2025:10:55:48 -0400] "GET //wp-content/themes/atomlib.php HTTP/1.1" 301 0 "-" "Go-http-client/1.1"
140.245.43.10 - - [31/Mar/2025:10:55:49 -0400] "GET /wp-content/themes/atomlib.php HTTP/1.1" 404 16543 "http://shahmeenaindustry.com//wp-content/themes/atomlib.php" "Go-http-client/1.1"
140.245.43.10 - - [31/Mar/2025:10:55:49 -0400] "GET //wp-admin/images/moon.php HTTP/1.1" 301 0 "-" "Go-http-client/1.1"
140.245.43.10 - - [31/Mar/2025:10:55:50 -0400] "GET /wp-admin/images/moon.php HTTP/1.1" 404 16543 "http://shahmeenaindustry.com//wp-admin/images/moon.php" "Go-http-client/1.1"
140.245.43.10 - - [31/Mar/2025:10:55:52 -0400] "GET //.tmb/moon.php HTTP/1.1" 301 0 "-" "Go-http-client/1.1"
140.245.43.10 - - [31/Mar/2025:10:55:52 -0400] "GET /.tmb/moon.php HTTP/1.1" 404 16543 "http://shahmeenaindustry.com//.tmb/moon.php" "Go-http-client/1.1"
140.245.43.10 - - [31/Mar/2025:10:55:54 -0400] "GET //.well-known/acme-challenge/moon.php HTTP/1.1" 301 0 "-" "Go-http-client/1.1"
140.245.43.10 - - [31/Mar/2025:10:55:55 -0400] "GET /.well-known/acme-challenge/moon.php HTTP/1.1" 404 16542 "http://shahmeenaindustry.com//.well-known/acme-challenge/moon.php" "Go-http-client/1.1"
140.245.43.10 - - [31/Mar/2025:10:55:56 -0400] "GET //cgi-bin/moon.php HTTP/1.1" 301 0 "-" "Go-http-client/1.1"
140.245.43.10 - - [31/Mar/2025:10:55:56 -0400] "GET /cgi-bin/moon.php HTTP/1.1" 404 16543 "http://shahmeenaindustry.com//cgi-bin/moon.php" "Go-http-client/1.1"
140.245.43.10 - - [31/Mar/2025:10:55:57 -0400] "GET //wp-admin/user/moon.php HTTP/1.1" 301 0 "-" "Go-http-client/1.1"
140.245.43.10 - - [31/Mar/2025:10:55:58 -0400] "GET /wp-admin/user/moon.php HTTP/1.1" 404 16543 "http://shahmeenaindustry.com//wp-admin/user/moon.php" "Go-http-client/1.1"
140.245.43.10 - - [31/Mar/2025:10:55:59 -0400] "GET //wp-content/upgrade/moon.php HTTP/1.1" 301 0 "-" "Go-http-client/1.1"
140.245.43.10 - - [31/Mar/2025:10:56:00 -0400] "GET /wp-content/upgrade/moon.php HTTP/1.1" 404 16543 "http://shahmeenaindustry.com//wp-content/upgrade/moon.php" "Go-http-client/1.1"
140.245.43.10 - - [31/Mar/2025:10:56:00 -0400] "GET //wp-admin/js/widgets/moon.php HTTP/1.1" 301 0 "-" "Go-http-client/1.1"
140.245.43.10 - - [31/Mar/2025:10:56:01 -0400] "GET /wp-admin/js/widgets/moon.php HTTP/1.1" 404 16543 "http://shahmeenaindustry.com//wp-admin/js/widgets/moon.php" "Go-http-client/1.1"
140.245.43.10 - - [31/Mar/2025:10:56:02 -0400] "GET //wp-admin/maint/moon.php HTTP/1.1" 301 0 "-" "Go-http-client/1.1"
140.245.43.10 - - [31/Mar/2025:10:56:02 -0400] "GET /wp-admin/maint/moon.php HTTP/1.1" 404 16543 "http://shahmeenaindustry.com//wp-admin/maint/moon.php" "Go-http-client/1.1"
140.245.43.10 - - [31/Mar/2025:10:56:03 -0400] "GET //wp-includes/ID3/moon.php HTTP/1.1" 301 0 "-" "Go-http-client/1.1"
140.245.43.10 - - [31/Mar/2025:10:56:04 -0400] "GET /wp-includes/ID3/moon.php HTTP/1.1" 404 16543 "http://shahmeenaindustry.com//wp-includes/ID3/moon.php" "Go-http-client/1.1"
140.245.43.10 - - [31/Mar/2025:10:56:04 -0400] "GET //wp-includes/certificates/moon.php HTTP/1.1" 301 0 "-" "Go-http-client/1.1"
140.245.43.10 - - [31/Mar/2025:10:56:05 -0400] "GET /wp-includes/certificates/moon.php HTTP/1.1" 404 16543 "http://shahmeenaindustry.com//wp-includes/certificates/moon.php" "Go-http-client/1.1"
140.245.43.10 - - [31/Mar/2025:10:56:05 -0400] "GET //wp-admin/includes/moon.php HTTP/1.1" 301 0 "-" "Go-http-client/1.1"
140.245.43.10 - - [31/Mar/2025:10:56:06 -0400] "GET /wp-admin/includes/moon.php HTTP/1.1" 404 16543 "http://shahmeenaindustry.com//wp-admin/includes/moon.php" "Go-http-client/1.1"
140.245.43.10 - - [31/Mar/2025:10:56:06 -0400] "GET //wp-includes/IXR/moon.php HTTP/1.1" 301 0 "-" "Go-http-client/1.1"
140.245.43.10 - - [31/Mar/2025:10:56:07 -0400] "GET /wp-includes/IXR/moon.php HTTP/1.1" 404 16543 "http://shahmeenaindustry.com//wp-includes/IXR/moon.php" "Go-http-client/1.1"
198.54.114.83 - - [31/Mar/2025:10:56:08 -0400] "POST /wp-cron.php?doing_wp_cron=1743432968.2068529129028320312500 HTTP/1.1" 200 0 "-" "WordPress/6.7.2; https://shahmeenaindustry.com"
140.245.43.10 - - [31/Mar/2025:10:56:08 -0400] "GET //cjfuns.php HTTP/1.1" 301 0 "-" "Go-http-client/1.1"
140.245.43.10 - - [31/Mar/2025:10:56:08 -0400] "GET /cjfuns.php HTTP/1.1" 404 16543 "http://shahmeenaindustry.com//cjfuns.php" "Go-http-client/1.1"
140.245.43.10 - - [31/Mar/2025:10:56:09 -0400] "GET //classfuns.php HTTP/1.1" 301 0 "-" "Go-http-client/1.1"
140.245.43.10 - - [31/Mar/2025:10:56:10 -0400] "GET /classfuns.php HTTP/1.1" 404 16543 "http://shahmeenaindustry.com//classfuns.php" "Go-http-client/1.1"
140.245.43.10 - - [31/Mar/2025:10:56:12 -0400] "GET //tempfuns.php HTTP/1.1" 301 0 "-" "Go-http-client/1.1"
140.245.43.10 - - [31/Mar/2025:10:56:13 -0400] "GET /tempfuns.php HTTP/1.1" 404 16543 "http://shahmeenaindustry.com//tempfuns.php" "Go-http-client/1.1"
140.245.43.10 - - [31/Mar/2025:10:56:13 -0400] "GET //adminfuns.php HTTP/1.1" 301 0 "-" "Go-http-client/1.1"
140.245.43.10 - - [31/Mar/2025:10:56:15 -0400] "GET /adminfuns.php HTTP/1.1" 404 16543 "http://shahmeenaindustry.com//adminfuns.php" "Go-http-client/1.1"
140.245.43.10 - - [31/Mar/2025:10:56:16 -0400] "GET //nf_tracking.php HTTP/1.1" 301 0 "-" "Go-http-client/1.1"
140.245.43.10 - - [31/Mar/2025:10:56:17 -0400] "GET /nf_tracking.php HTTP/1.1" 404 16543 "http://shahmeenaindustry.com//nf_tracking.php#password" "Go-http-client/1.1"
140.245.43.10 - - [31/Mar/2025:10:56:18 -0400] "GET //wp-content/wso.php HTTP/1.1" 301 0 "-" "Go-http-client/1.1"
140.245.43.10 - - [31/Mar/2025:10:56:18 -0400] "GET /wp-content/wso.php HTTP/1.1" 404 16543 "http://shahmeenaindustry.com//wp-content/wso.php#UEjlZcWL%23UEjlZcWL" "Go-http-client/1.1"
140.245.43.10 - - [31/Mar/2025:10:56:20 -0400] "GET //wp-includes/wso.php HTTP/1.1" 301 0 "-" "Go-http-client/1.1"
140.245.43.10 - - [31/Mar/2025:10:56:21 -0400] "GET /wp-includes/wso.php HTTP/1.1" 404 16543 "http://shahmeenaindustry.com//wp-includes/wso.php#UEjlZcWL%23UEjlZcWL" "Go-http-client/1.1"
140.245.43.10 - - [31/Mar/2025:10:56:22 -0400] "GET //wso.php HTTP/1.1" 301 0 "-" "Go-http-client/1.1"
140.245.43.10 - - [31/Mar/2025:10:56:23 -0400] "GET /wso.php HTTP/1.1" 404 16543 "http://shahmeenaindustry.com//wso.php#UEjlZcWL" "Go-http-client/1.1"
140.245.43.10 - - [31/Mar/2025:10:56:24 -0400] "GET //wp-content/uploads/wp-apxupx.php?apx=upx HTTP/1.1" 301 0 "-" "Go-http-client/1.1"
140.245.43.10 - - [31/Mar/2025:10:56:24 -0400] "GET /wp-content/uploads/wp-apxupx.php?apx=upx HTTP/1.1" 404 16544 "http://shahmeenaindustry.com//wp-content/uploads/wp-apxupx.php?apx=upx" "Go-http-client/1.1"
198.54.114.83 - - [31/Mar/2025:10:56:26 -0400] "POST /wp-cron.php?doing_wp_cron=1743432986.1292960643768310546875 HTTP/1.1" 200 0 "-" "WordPress/6.7.2; https://shahmeenaindustry.com"
140.245.43.10 - - [31/Mar/2025:10:56:25 -0400] "GET //wp-content/upgrade/class_api.php HTTP/1.1" 301 0 "-" "Go-http-client/1.1"
140.245.43.10 - - [31/Mar/2025:10:56:26 -0400] "GET /wp-content/upgrade/class_api.php HTTP/1.1" 404 16543 "http://shahmeenaindustry.com//wp-content/upgrade/class_api.php" "Go-http-client/1.1"
140.245.43.10 - - [31/Mar/2025:10:56:27 -0400] "GET //cgi-bin/sgd.php HTTP/1.1" 301 0 "-" "Go-http-client/1.1"
140.245.43.10 - - [31/Mar/2025:10:56:28 -0400] "GET /cgi-bin/sgd.php HTTP/1.1" 404 16543 "http://shahmeenaindustry.com//cgi-bin/sgd.php" "Go-http-client/1.1"
140.245.43.10 - - [31/Mar/2025:10:56:28 -0400] "GET //wp-admin/js/widgets/sgd.php HTTP/1.1" 301 0 "-" "Go-http-client/1.1"
140.245.43.10 - - [31/Mar/2025:10:56:29 -0400] "GET /wp-admin/js/widgets/sgd.php HTTP/1.1" 404 16543 "http://shahmeenaindustry.com//wp-admin/js/widgets/sgd.php#fg123" "Go-http-client/1.1"
140.245.43.10 - - [31/Mar/2025:10:56:30 -0400] "GET //wp-apxupx.php?apx=upx HTTP/1.1" 301 0 "-" "Go-http-client/1.1"
140.245.43.10 - - [31/Mar/2025:10:56:31 -0400] "GET /wp-apxupx.php?apx=upx HTTP/1.1" 404 16542 "http://shahmeenaindustry.com//wp-apxupx.php?apx=upx" "Go-http-client/1.1"
140.245.43.10 - - [31/Mar/2025:10:56:31 -0400] "GET //wp-includes/IXR/class.api.php HTTP/1.1" 301 0 "-" "Go-http-client/1.1"
140.245.43.10 - - [31/Mar/2025:10:56:32 -0400] "GET /wp-includes/IXR/class.api.php HTTP/1.1" 404 16543 "http://shahmeenaindustry.com//wp-includes/IXR/class.api.php" "Go-http-client/1.1"
140.245.43.10 - - [31/Mar/2025:10:56:33 -0400] "GET //wp-content/languages/class_api.php HTTP/1.1" 301 0 "-" "Go-http-client/1.1"
140.245.43.10 - - [31/Mar/2025:10:56:34 -0400] "GET /wp-content/languages/class_api.php HTTP/1.1" 404 16543 "http://shahmeenaindustry.com//wp-content/languages/class_api.php" "Go-http-client/1.1"
140.245.43.10 - - [31/Mar/2025:10:56:35 -0400] "GET //class_api.php HTTP/1.1" 301 0 "-" "Go-http-client/1.1"
140.245.43.10 - - [31/Mar/2025:10:56:35 -0400] "GET /class_api.php HTTP/1.1" 404 16543 "http://shahmeenaindustry.com//class_api.php" "Go-http-client/1.1"
140.245.43.10 - - [31/Mar/2025:10:56:35 -0400] "GET //.well-known/acme-challenge/class_api.php HTTP/1.1" 301 0 "-" "Go-http-client/1.1"
140.245.43.10 - - [31/Mar/2025:10:56:36 -0400] "GET /.well-known/acme-challenge/class_api.php HTTP/1.1" 404 16543 "http://shahmeenaindustry.com//.well-known/acme-challenge/class_api.php" "Go-http-client/1.1"
140.245.43.10 - - [31/Mar/2025:10:56:37 -0400] "GET //.tmb/mariju.php HTTP/1.1" 301 0 "-" "Go-http-client/1.1"
140.245.43.10 - - [31/Mar/2025:10:56:37 -0400] "GET /.tmb/mariju.php HTTP/1.1" 404 16543 "http://shahmeenaindustry.com//.tmb/mariju.php" "Go-http-client/1.1"
140.245.43.10 - - [31/Mar/2025:10:56:37 -0400] "GET //wp-content/languages/themes/class_api.php HTTP/1.1" 301 0 "-" "Go-http-client/1.1"
140.245.43.10 - - [31/Mar/2025:10:56:38 -0400] "GET /wp-content/languages/themes/class_api.php HTTP/1.1" 404 16543 "http://shahmeenaindustry.com//wp-content/languages/themes/class_api.php" "Go-http-client/1.1"
140.245.43.10 - - [31/Mar/2025:10:56:38 -0400] "GET //wp-admin/includes/class_api.php HTTP/1.1" 301 0 "-" "Go-http-client/1.1"
140.245.43.10 - - [31/Mar/2025:10:56:39 -0400] "GET /wp-admin/includes/class_api.php HTTP/1.1" 404 16543 "http://shahmeenaindustry.com//wp-admin/includes/class_api.php" "Go-http-client/1.1"
140.245.43.10 - - [31/Mar/2025:10:56:39 -0400] "GET //wp-admin/js/widgets/class_api.php HTTP/1.1" 301 0 "-" "Go-http-client/1.1"
140.245.43.10 - - [31/Mar/2025:10:56:39 -0400] "GET /wp-admin/js/widgets/class_api.php HTTP/1.1" 404 16543 "http://shahmeenaindustry.com//wp-admin/js/widgets/class_api.php" "Go-http-client/1.1"
140.245.43.10 - - [31/Mar/2025:10:56:40 -0400] "GET //wp-admin/network/class_api.php HTTP/1.1" 301 0 "-" "Go-http-client/1.1"
140.245.43.10 - - [31/Mar/2025:10:56:40 -0400] "GET /wp-admin/network/class_api.php HTTP/1.1" 404 16543 "http://shahmeenaindustry.com//wp-admin/network/class_api.php" "Go-http-client/1.1"
140.245.43.10 - - [31/Mar/2025:10:56:41 -0400] "GET //.tmb/class_api.php HTTP/1.1" 301 0 "-" "Go-http-client/1.1"
140.245.43.10 - - [31/Mar/2025:10:56:42 -0400] "GET /.tmb/class_api.php HTTP/1.1" 404 16543 "http://shahmeenaindustry.com//.tmb/class_api.php" "Go-http-client/1.1"
140.245.43.10 - - [31/Mar/2025:10:56:42 -0400] "GET //assets/class_api.php HTTP/1.1" 301 0 "-" "Go-http-client/1.1"
140.245.43.10 - - [31/Mar/2025:10:56:43 -0400] "GET /assets/class_api.php HTTP/1.1" 404 16543 "http://shahmeenaindustry.com//assets/class_api.php" "Go-http-client/1.1"
140.245.43.10 - - [31/Mar/2025:10:56:44 -0400] "GET //common/css/class_api.php HTTP/1.1" 301 0 "-" "Go-http-client/1.1"
140.245.43.10 - - [31/Mar/2025:10:56:44 -0400] "GET /common/css/class_api.php HTTP/1.1" 404 16543 "http://shahmeenaindustry.com//common/css/class_api.php" "Go-http-client/1.1"
140.245.43.10 - - [31/Mar/2025:10:56:45 -0400] "GET //common/img/class_api.php HTTP/1.1" 301 0 "-" "Go-http-client/1.1"
140.245.43.10 - - [31/Mar/2025:10:56:45 -0400] "GET /common/img/class_api.php HTTP/1.1" 404 16543 "http://shahmeenaindustry.com//common/img/class_api.php" "Go-http-client/1.1"
140.245.43.10 - - [31/Mar/2025:10:56:46 -0400] "GET //.well-known/acme-challenge/mariju.php HTTP/1.1" 301 0 "-" "Go-http-client/1.1"
140.245.43.10 - - [31/Mar/2025:10:56:47 -0400] "GET /.well-known/acme-challenge/mariju.php HTTP/1.1" 404 16543 "http://shahmeenaindustry.com//.well-known/acme-challenge/mariju.php" "Go-http-client/1.1"
140.245.43.10 - - [31/Mar/2025:10:56:47 -0400] "GET //wp-admin/user/class_api.php HTTP/1.1" 301 0 "-" "Go-http-client/1.1"
140.245.43.10 - - [31/Mar/2025:10:56:48 -0400] "GET /wp-admin/user/class_api.php HTTP/1.1" 404 16543 "http://shahmeenaindustry.com//wp-admin/user/class_api.php" "Go-http-client/1.1"
140.245.43.10 - - [31/Mar/2025:10:56:49 -0400] "GET //wp-includes/rest-api/fields/cache/index.php HTTP/1.1" 301 0 "-" "Go-http-client/1.1"
140.245.43.10 - - [31/Mar/2025:10:56:49 -0400] "GET /wp-includes/rest-api/fields/cache/ HTTP/1.1" 404 16543 "http://shahmeenaindustry.com//wp-includes/rest-api/fields/cache/index.php" "Go-http-client/1.1"
140.245.43.10 - - [31/Mar/2025:10:56:50 -0400] "GET //wp-content/themes/travel/issue.php HTTP/1.1" 301 0 "-" "Go-http-client/1.1"
140.245.43.10 - - [31/Mar/2025:10:56:51 -0400] "GET /wp-content/themes/travel/issue.php HTTP/1.1" 404 16543 "http://shahmeenaindustry.com//wp-content/themes/travel/issue.php" "Go-http-client/1.1"
140.245.43.10 - - [31/Mar/2025:10:56:53 -0400] "GET //wp-includes/IXR/class_api.php HTTP/1.1" 301 0 "-" "Go-http-client/1.1"
140.245.43.10 - - [31/Mar/2025:10:56:55 -0400] "GET /wp-includes/IXR/class_api.php HTTP/1.1" 404 16543 "http://shahmeenaindustry.com//wp-includes/IXR/class_api.php" "Go-http-client/1.1"
140.245.43.10 - - [31/Mar/2025:10:56:56 -0400] "GET //wp-includes/Requests/class_api.php HTTP/1.1" 301 0 "-" "Go-http-client/1.1"
140.245.43.10 - - [31/Mar/2025:10:56:57 -0400] "GET /wp-includes/Requests/class_api.php HTTP/1.1" 404 16543 "http://shahmeenaindustry.com//wp-includes/Requests/class_api.php" "Go-http-client/1.1"
140.245.43.10 - - [31/Mar/2025:10:56:58 -0400] "GET //wp-includes/random_compat/class_api.php HTTP/1.1" 301 0 "-" "Go-http-client/1.1"
140.245.43.10 - - [31/Mar/2025:10:56:58 -0400] "GET /wp-includes/random_compat/class_api.php HTTP/1.1" 404 16543 "http://shahmeenaindustry.com//wp-includes/random_compat/class_api.php" "Go-http-client/1.1"
140.245.43.10 - - [31/Mar/2025:10:57:00 -0400] "GET //wp-content/themes/hello-element/footer.php HTTP/1.1" 301 0 "-" "Go-http-client/1.1"
140.245.43.10 - - [31/Mar/2025:10:57:01 -0400] "GET /wp-content/themes/hello-element/footer.php HTTP/1.1" 404 16543 "http://shahmeenaindustry.com//wp-content/themes/hello-element/footer.php" "Go-http-client/1.1"
198.54.114.83 - - [31/Mar/2025:10:58:46 -0400] "POST /wp-cron.php?doing_wp_cron=1743433126.8211541175842285156250 HTTP/1.1" 200 0 "-" "WordPress/6.7.2; https://shahmeenaindustry.com"
114.55.74.90 - - [31/Mar/2025:10:58:44 -0400] "POST /xmlrpc.php HTTP/1.1" 200 212 "http://shahmeenaindustry.com" "Mozilla/5.0 (Windows NT 10.0; Win64; x64) AppleWebKit/537.36 (KHTML, like Gecko) Chrome/112.0.5615.138 Safari/537.36 Edg/112.0.1722.68"
198.54.114.83 - - [31/Mar/2025:11:08:23 -0400] "POST /wp-cron.php?doing_wp_cron=1743433703.6691188812255859375000 HTTP/1.1" 200 0 "-" "WordPress/6.7.2; https://shahmeenaindustry.com"
216.244.66.200 - - [31/Mar/2025:11:08:20 -0400] "GET /grand-dunman-a-prime-location-in-the-heart-of-marina-bay/feed/ HTTP/1.1" 200 478 "-" "Mozilla/5.0 (compatible; DotBot/1.2; +https://opensiteexplorer.org/dotbot; help@moz.com)"
198.54.114.83 - - [31/Mar/2025:11:12:02 -0400] "POST /wp-cron.php?doing_wp_cron=1743433921.7440979480743408203125 HTTP/1.1" 200 0 "-" "WordPress/6.7.2; https://shahmeenaindustry.com"
217.182.158.226 - - [31/Mar/2025:11:12:01 -0400] "POST /xmlrpc.php HTTP/1.1" 200 212 "http://shahmeenaindustry.com" "Mozilla/5.0 (Windows NT 10.0; Win64; x64; rv:126.0) Gecko/20100101 Firefox/126.0"
198.54.114.83 - - [31/Mar/2025:11:14:02 -0400] "POST /wp-cron.php?doing_wp_cron=1743434042.2554628849029541015625 HTTP/1.1" 200 0 "-" "WordPress/6.7.2; https://shahmeenaindustry.com"
194.38.23.16 - - [31/Mar/2025:11:14:01 -0400] "GET /plugins/html5-file-upload/html5fileupload.remove.php HTTP/1.1" 404 16543 "-" "ALittle Client"
216.244.66.200 - - [31/Mar/2025:11:24:04 -0400] "GET /robots.txt HTTP/1.1" 304 0 "-" "Mozilla/5.0 (compatible; DotBot/1.2; +https://opensiteexplorer.org/dotbot; help@moz.com)"
216.244.66.200 - - [31/Mar/2025:11:37:07 -0400] "GET /innovative-strategies-for-casino-solution-distribution/ HTTP/1.1" 200 21061 "-" "Mozilla/5.0 (compatible; DotBot/1.2; +https://opensiteexplorer.org/dotbot; help@moz.com)"
198.54.114.83 - - [31/Mar/2025:11:38:24 -0400] "POST /wp-cron.php?doing_wp_cron=1743435504.4090859889984130859375 HTTP/1.1" 200 0 "-" "WordPress/6.7.2; https://shahmeenaindustry.com"
203.161.63.215 - - [31/Mar/2025:11:38:24 -0400] "POST /xmlrpc.php HTTP/1.1" 200 212 "http://shahmeenaindustry.com" "Mozilla/5.0 (Macintosh; Intel Mac OS X 10_15_7; rv:128.0) Gecko/20100101 Firefox/128.0"
198.54.114.83 - - [31/Mar/2025:11:51:37 -0400] "POST /wp-cron.php?doing_wp_cron=1743436297.7821619510650634765625 HTTP/1.1" 200 0 "-" "WordPress/6.7.2; https://shahmeenaindustry.com"
89.28.217.3 - - [31/Mar/2025:11:51:37 -0400] "POST /xmlrpc.php HTTP/1.1" 200 212 "http://shahmeenaindustry.com" "Mozilla/5.0 (Macintosh; Intel Mac OS X 14_4_1) AppleWebKit/605.1.15 (KHTML, like Gecko) Version/17.3.1 Safari/605.1.15"
198.54.114.83 - - [31/Mar/2025:11:56:16 -0400] "POST /wp-cron.php?doing_wp_cron=1743436575.9022769927978515625000 HTTP/1.1" 200 0 "-" "WordPress/6.7.2; https://shahmeenaindustry.com"
206.189.39.21 - - [31/Mar/2025:11:56:15 -0400] "GET /wp-content/themes/wp-pridmag/up.php HTTP/1.1" 404 16543 "-" "Mozilla/5.0 (Linux; Android 11; M2010J19SI) AppleWebKit/537.36 (KHTML, like Gecko) Chrome/109.0.0.0 Mobile Safari/537.36"
206.189.39.21 - - [31/Mar/2025:11:56:17 -0400] "GET /simple.php HTTP/1.1" 404 16543 "-" "Mozilla/5.0 (Linux; Android 11; M2010J19SI) AppleWebKit/537.36 (KHTML, like Gecko) Chrome/109.0.0.0 Mobile Safari/537.36"
206.189.39.21 - - [31/Mar/2025:11:56:18 -0400] "GET /cong.php HTTP/1.1" 404 16543 "-" "Mozilla/5.0 (Linux; Android 11; M2010J19SI) AppleWebKit/537.36 (KHTML, like Gecko) Chrome/109.0.0.0 Mobile Safari/537.36"
206.189.39.21 - - [31/Mar/2025:11:56:19 -0400] "GET /xxx.php HTTP/1.1" 404 16543 "-" "Mozilla/5.0 (Linux; Android 11; M2010J19SI) AppleWebKit/537.36 (KHTML, like Gecko) Chrome/109.0.0.0 Mobile Safari/537.36"
206.189.39.21 - - [31/Mar/2025:11:56:20 -0400] "GET /tmpls.php HTTP/1.1" 404 16543 "-" "Mozilla/5.0 (Linux; Android 11; M2010J19SI) AppleWebKit/537.36 (KHTML, like Gecko) Chrome/109.0.0.0 Mobile Safari/537.36"
206.189.39.21 - - [31/Mar/2025:11:56:21 -0400] "GET /wp-content/themes/travelscape/json.php HTTP/1.1" 404 16543 "-" "Mozilla/5.0 (Linux; Android 11; M2010J19SI) AppleWebKit/537.36 (KHTML, like Gecko) Chrome/109.0.0.0 Mobile Safari/537.36"
206.189.39.21 - - [31/Mar/2025:11:56:23 -0400] "GET /chosen.php?p= HTTP/1.1" 301 0 "-" "Mozilla/5.0 (Linux; Android 11; M2010J19SI) AppleWebKit/537.36 (KHTML, like Gecko) Chrome/109.0.0.0 Mobile Safari/537.36"
206.189.39.21 - - [31/Mar/2025:11:56:23 -0400] "GET /chosen.php HTTP/1.1" 404 16543 "-" "Mozilla/5.0 (Linux; Android 11; M2010J19SI) AppleWebKit/537.36 (KHTML, like Gecko) Chrome/109.0.0.0 Mobile Safari/537.36"
206.189.39.21 - - [31/Mar/2025:11:56:25 -0400] "GET /wp-cron.php?ac=3 HTTP/1.1" 200 0 "-" "Mozilla/5.0 (Linux; Android 11; M2010J19SI) AppleWebKit/537.36 (KHTML, like Gecko) Chrome/109.0.0.0 Mobile Safari/537.36"
198.54.114.83 - - [31/Mar/2025:11:56:26 -0400] "POST /wp-cron.php?doing_wp_cron=1743436586.4412069320678710937500 HTTP/1.1" 200 0 "-" "WordPress/6.7.2; https://shahmeenaindustry.com"
206.189.39.21 - - [31/Mar/2025:11:56:26 -0400] "GET /wp-content/themes/pridmag/db.php?u HTTP/1.1" 404 16543 "-" "Mozilla/5.0 (Linux; Android 11; M2010J19SI) AppleWebKit/537.36 (KHTML, like Gecko) Chrome/109.0.0.0 Mobile Safari/537.36"
206.189.39.21 - - [31/Mar/2025:11:56:27 -0400] "GET /wp-content/themes/seotheme/mar.php HTTP/1.1" 404 16543 "-" "Mozilla/5.0 (Linux; Android 11; M2010J19SI) AppleWebKit/537.36 (KHTML, like Gecko) Chrome/109.0.0.0 Mobile Safari/537.36"
206.189.39.21 - - [31/Mar/2025:11:56:29 -0400] "GET /wp-includes/Text/index.php HTTP/1.1" 301 0 "-" "Mozilla/5.0 (Linux; Android 11; M2010J19SI) AppleWebKit/537.36 (KHTML, like Gecko) Chrome/109.0.0.0 Mobile Safari/537.36"
206.189.39.21 - - [31/Mar/2025:11:56:29 -0400] "GET /wp-includes/Text/ HTTP/1.1" 403 1242 "-" "Mozilla/5.0 (Linux; Android 11; M2010J19SI) AppleWebKit/537.36 (KHTML, like Gecko) Chrome/109.0.0.0 Mobile Safari/537.36"
206.189.39.21 - - [31/Mar/2025:11:56:30 -0400] "GET /wp-content/themes/seotheme/mar.php HTTP/1.1" 404 16543 "-" "Mozilla/5.0 (Linux; Android 11; M2010J19SI) AppleWebKit/537.36 (KHTML, like Gecko) Chrome/109.0.0.0 Mobile Safari/537.36"
206.189.39.21 - - [31/Mar/2025:11:56:31 -0400] "GET /Njima.php HTTP/1.1" 404 16542 "-" "Mozilla/5.0 (Linux; Android 11; M2010J19SI) AppleWebKit/537.36 (KHTML, like Gecko) Chrome/109.0.0.0 Mobile Safari/537.36"
206.189.39.21 - - [31/Mar/2025:11:56:32 -0400] "GET /wp-admin/images/Mhbgf.php HTTP/1.1" 404 16543 "-" "Mozilla/5.0 (Linux; Android 11; M2010J19SI) AppleWebKit/537.36 (KHTML, like Gecko) Chrome/109.0.0.0 Mobile Safari/537.36"
206.189.39.21 - - [31/Mar/2025:11:56:34 -0400] "GET /wp-admin/css/index.php HTTP/1.1" 301 0 "-" "Mozilla/5.0 (Linux; Android 11; M2010J19SI) AppleWebKit/537.36 (KHTML, like Gecko) Chrome/109.0.0.0 Mobile Safari/537.36"
206.189.39.21 - - [31/Mar/2025:11:56:34 -0400] "GET /wp-admin/css/ HTTP/1.1" 403 1242 "-" "Mozilla/5.0 (Linux; Android 11; M2010J19SI) AppleWebKit/537.36 (KHTML, like Gecko) Chrome/109.0.0.0 Mobile Safari/537.36"
206.189.39.21 - - [31/Mar/2025:11:56:35 -0400] "GET /wp-admin/css/ysirlifn.php HTTP/1.1" 404 16543 "-" "Mozilla/5.0 (Linux; Android 11; M2010J19SI) AppleWebKit/537.36 (KHTML, like Gecko) Chrome/109.0.0.0 Mobile Safari/537.36"
206.189.39.21 - - [31/Mar/2025:11:56:36 -0400] "GET /repeater.php HTTP/1.1" 404 16543 "-" "Mozilla/5.0 (Linux; Android 11; M2010J19SI) AppleWebKit/537.36 (KHTML, like Gecko) Chrome/109.0.0.0 Mobile Safari/537.36"
206.189.39.21 - - [31/Mar/2025:11:56:37 -0400] "GET /wp-content/plugins/linkpreview/db.php?u HTTP/1.1" 404 16543 "-" "Mozilla/5.0 (Linux; Android 11; M2010J19SI) AppleWebKit/537.36 (KHTML, like Gecko) Chrome/109.0.0.0 Mobile Safari/537.36"
206.189.39.21 - - [31/Mar/2025:11:56:39 -0400] "GET /ioxi002.PhP7 HTTP/1.1" 404 16543 "-" "Mozilla/5.0 (Linux; Android 11; M2010J19SI) AppleWebKit/537.36 (KHTML, like Gecko) Chrome/109.0.0.0 Mobile Safari/537.36"
206.189.39.21 - - [31/Mar/2025:11:56:40 -0400] "GET /radio.php HTTP/1.1" 404 16543 "-" "Mozilla/5.0 (Linux; Android 11; M2010J19SI) AppleWebKit/537.36 (KHTML, like Gecko) Chrome/109.0.0.0 Mobile Safari/537.36"
206.189.39.21 - - [31/Mar/2025:11:56:40 -0400] "GET /radio.php HTTP/1.1" 404 16543 "-" "Mozilla/5.0 (Linux; Android 11; M2010J19SI) AppleWebKit/537.36 (KHTML, like Gecko) Chrome/109.0.0.0 Mobile Safari/537.36"
206.189.39.21 - - [31/Mar/2025:11:56:41 -0400] "GET /wp-admin/css/colors/index.php HTTP/1.1" 301 0 "-" "Mozilla/5.0 (Linux; Android 11; M2010J19SI) AppleWebKit/537.36 (KHTML, like Gecko) Chrome/109.0.0.0 Mobile Safari/537.36"
206.189.39.21 - - [31/Mar/2025:11:56:42 -0400] "GET /wp-admin/css/colors/ HTTP/1.1" 403 1242 "-" "Mozilla/5.0 (Linux; Android 11; M2010J19SI) AppleWebKit/537.36 (KHTML, like Gecko) Chrome/109.0.0.0 Mobile Safari/537.36"
206.189.39.21 - - [31/Mar/2025:11:56:42 -0400] "GET /ofso64.php HTTP/1.1" 404 16543 "-" "Mozilla/5.0 (Linux; Android 11; M2010J19SI) AppleWebKit/537.36 (KHTML, like Gecko) Chrome/109.0.0.0 Mobile Safari/537.36"
206.189.39.21 - - [31/Mar/2025:11:56:44 -0400] "GET /wp-content/plugins/TOPXHOH/wDR.php HTTP/1.1" 404 16543 "-" "Mozilla/5.0 (Linux; Android 11; M2010J19SI) AppleWebKit/537.36 (KHTML, like Gecko) Chrome/109.0.0.0 Mobile Safari/537.36"
206.189.39.21 - - [31/Mar/2025:11:56:45 -0400] "GET /wp-content/plugins/IOptimize.php?rchk HTTP/1.1" 404 16543 "-" "Mozilla/5.0 (Linux; Android 11; M2010J19SI) AppleWebKit/537.36 (KHTML, like Gecko) Chrome/109.0.0.0 Mobile Safari/537.36"
206.189.39.21 - - [31/Mar/2025:11:56:47 -0400] "GET /wp-content/themes/ccx/index.php HTTP/1.1" 301 0 "-" "Mozilla/5.0 (Linux; Android 11; M2010J19SI) AppleWebKit/537.36 (KHTML, like Gecko) Chrome/109.0.0.0 Mobile Safari/537.36"
206.189.39.21 - - [31/Mar/2025:11:56:47 -0400] "GET /wp-content/themes/ccx/ HTTP/1.1" 404 16543 "-" "Mozilla/5.0 (Linux; Android 11; M2010J19SI) AppleWebKit/537.36 (KHTML, like Gecko) Chrome/109.0.0.0 Mobile Safari/537.36"
206.189.39.21 - - [31/Mar/2025:11:56:48 -0400] "GET /wp-content/uploads/2017-------/09/wp-console.php HTTP/1.1" 404 16543 "-" "Mozilla/5.0 (Linux; Android 11; M2010J19SI) AppleWebKit/537.36 (KHTML, like Gecko) Chrome/109.0.0.0 Mobile Safari/537.36"
206.189.39.21 - - [31/Mar/2025:11:56:49 -0400] "GET /wp-includes/js/crop/uword.php HTTP/1.1" 404 16543 "-" "Mozilla/5.0 (Linux; Android 11; M2010J19SI) AppleWebKit/537.36 (KHTML, like Gecko) Chrome/109.0.0.0 Mobile Safari/537.36"
206.189.39.21 - - [31/Mar/2025:11:56:50 -0400] "GET /wp-content/themes/bltm/wp-login.php HTTP/1.1" 404 16543 "-" "Mozilla/5.0 (Linux; Android 11; M2010J19SI) AppleWebKit/537.36 (KHTML, like Gecko) Chrome/109.0.0.0 Mobile Safari/537.36"
198.54.114.83 - - [31/Mar/2025:12:05:02 -0400] "POST /wp-cron.php?doing_wp_cron=1743437101.4621250629425048828125 HTTP/1.1" 200 0 "-" "WordPress/6.7.2; https://shahmeenaindustry.com"
162.243.72.223 - - [31/Mar/2025:12:05:00 -0400] "POST /xmlrpc.php HTTP/1.1" 200 212 "http://shahmeenaindustry.com" "Mozilla/5.0 (Windows NT 10.0; Win64; x64; rv:127.0) Gecko/20100101 Firefox/127.0"
198.54.114.83 - - [31/Mar/2025:12:18:27 -0400] "POST /wp-cron.php?doing_wp_cron=1743437906.8196051120758056640625 HTTP/1.1" 200 0 "-" "WordPress/6.7.2; https://shahmeenaindustry.com"
89.46.109.92 - - [31/Mar/2025:12:18:25 -0400] "POST /xmlrpc.php HTTP/1.1" 200 212 "http://shahmeenaindustry.com" "Mozilla/5.0 (Windows NT 10.0; Win64; x64) AppleWebKit/537.36 (KHTML, like Gecko) Chrome/114.0.5735.199 Safari/537.36 Edg/114.0.1823.67"
173.212.223.204 - - [31/Mar/2025:12:31:48 -0400] "POST /xmlrpc.php HTTP/1.1" 200 212 "http://shahmeenaindustry.com" "Mozilla/5.0 (Windows NT 10.0; Win64; x64) AppleWebKit/537.36 (KHTML, like Gecko) Chrome/113.0.5672.93 Safari/537.36"
66.78.32.229 - - [31/Mar/2025:12:34:20 -0400] "POST /xmlrpc.php HTTP/1.1" 200 212 "-" "Mozilla/5.0 (Macintosh; Intel Mac OS X 10_15_4) AppleWebKit/539.34 (KHTML, like Gecko111) Chrome/96.5 Safari/531.38"
198.54.114.83 - - [31/Mar/2025:12:34:21 -0400] "POST /wp-cron.php?doing_wp_cron=1743438860.9154551029205322265625 HTTP/1.1" 200 0 "-" "WordPress/6.7.2; https://shahmeenaindustry.com"
194.116.249.206 - - [31/Mar/2025:12:34:20 -0400] "POST /xmlrpc.php HTTP/1.1" 200 212 "-" "Mozilla/5.0 (Macintosh; Intel Mac OS X 10_15_3) AppleWebKit/532.36 (KHTML, like Gecko111) Chrome/98.1 Safari/531.34"
216.244.66.200 - - [31/Mar/2025:12:55:02 -0400] "GET /robots.txt HTTP/1.1" 304 0 "-" "Mozilla/5.0 (compatible; DotBot/1.2; +https://opensiteexplorer.org/dotbot; help@moz.com)"
198.54.114.83 - - [31/Mar/2025:13:09:02 -0400] "POST /wp-cron.php?doing_wp_cron=1743440942.6866009235382080078125 HTTP/1.1" 200 0 "-" "WordPress/6.7.2; https://shahmeenaindustry.com"
216.244.66.200 - - [31/Mar/2025:13:09:00 -0400] "GET /what-is-a-gaming-keyboard/feed/ HTTP/1.1" 200 433 "-" "Mozilla/5.0 (compatible; DotBot/1.2; +https://opensiteexplorer.org/dotbot; help@moz.com)"
162.0.217.136 - - [31/Mar/2025:13:09:34 -0400] "POST /xmlrpc.php HTTP/1.1" 200 212 "http://shahmeenaindustry.com" "Mozilla/5.0 (Macintosh; Intel Mac OS X 10_15_7; rv:127.0) Gecko/20100101 Firefox/127.0"
164.160.91.19 - - [31/Mar/2025:13:21:50 -0400] "POST /xmlrpc.php HTTP/1.1" 200 212 "http://shahmeenaindustry.com" "Mozilla/5.0 (Macintosh; Intel Mac OS X 13.3; rv:126.0) Gecko/20100101 Firefox/126.0"
198.54.114.83 - - [31/Mar/2025:13:24:35 -0400] "POST /wp-cron.php?doing_wp_cron=1743441875.5764079093933105468750 HTTP/1.1" 200 0 "-" "WordPress/6.7.2; https://shahmeenaindustry.com"
216.244.66.200 - - [31/Mar/2025:13:24:35 -0400] "GET /essence-of-file-transfer-apps-in-real-life/feed/ HTTP/1.1" 200 444 "-" "Mozilla/5.0 (compatible; DotBot/1.2; +https://opensiteexplorer.org/dotbot; help@moz.com)"
198.54.114.83 - - [31/Mar/2025:13:24:47 -0400] "POST /wp-cron.php?doing_wp_cron=1743441887.3592200279235839843750 HTTP/1.1" 200 0 "-" "WordPress/6.7.2; https://shahmeenaindustry.com"
216.244.66.200 - - [31/Mar/2025:13:24:47 -0400] "GET /the-arden-fair-and-the-village-of-arden/feed/ HTTP/1.1" 200 443 "-" "Mozilla/5.0 (compatible; DotBot/1.2; +https://opensiteexplorer.org/dotbot; help@moz.com)"
216.244.66.200 - - [31/Mar/2025:13:24:55 -0400] "GET /what-are-peptides-and-how-do-they-work/feed/ HTTP/1.1" 200 450 "-" "Mozilla/5.0 (compatible; DotBot/1.2; +https://opensiteexplorer.org/dotbot; help@moz.com)"
198.54.114.83 - - [31/Mar/2025:13:26:36 -0400] "POST /wp-cron.php?doing_wp_cron=1743441995.9054870605468750000000 HTTP/1.1" 200 0 "-" "WordPress/6.7.2; https://shahmeenaindustry.com"
216.244.66.200 - - [31/Mar/2025:13:26:32 -0400] "GET /how-to-check-online-for-a-warrant-out-for-your-arrest/feed/ HTTP/1.1" 200 466 "-" "Mozilla/5.0 (compatible; DotBot/1.2; +https://opensiteexplorer.org/dotbot; help@moz.com)"
216.244.66.200 - - [31/Mar/2025:13:40:22 -0400] "GET /robots.txt HTTP/1.1" 304 0 "-" "Mozilla/5.0 (compatible; DotBot/1.2; +https://opensiteexplorer.org/dotbot; help@moz.com)"
198.54.114.83 - - [31/Mar/2025:13:45:45 -0400] "POST /wp-cron.php?doing_wp_cron=1743443145.1486539840698242187500 HTTP/1.1" 200 0 "-" "WordPress/6.7.2; https://shahmeenaindustry.com"
183.90.180.104 - - [31/Mar/2025:13:45:44 -0400] "POST /xmlrpc.php HTTP/1.1" 200 212 "http://shahmeenaindustry.com" "Mozilla/5.0 (Windows NT 10.0; Win64; x64) AppleWebKit/537.36 (KHTML, like Gecko) Chrome/126.0.0.0 Safari/537.36"
2a05:d018:1d9d:e701:cbab:c174:cb3e:13e - - [31/Mar/2025:13:50:03 -0400] "GET /robots.txt HTTP/1.1" 200 131 "-" "Pandalytics/2.0 (https://domainsbot.com/pandalytics/)"
2a05:d018:1d9d:e701:cbab:c174:cb3e:13e - - [31/Mar/2025:13:50:04 -0400] "GET / HTTP/1.1" 200 24560 "-" "Pandalytics/2.0 (https://domainsbot.com/pandalytics/)"
198.54.114.83 - - [31/Mar/2025:13:53:56 -0400] "POST /wp-cron.php?doing_wp_cron=1743443635.5202300548553466796875 HTTP/1.1" 200 0 "-" "WordPress/6.7.2; https://shahmeenaindustry.com"
216.244.66.200 - - [31/Mar/2025:13:53:55 -0400] "GET /the-gentle-touch-exploring-the-advantages-of-soft-wash-car-wash/feed/ HTTP/1.1" 200 473 "-" "Mozilla/5.0 (compatible; DotBot/1.2; +https://opensiteexplorer.org/dotbot; help@moz.com)"
164.92.175.159 - - [31/Mar/2025:13:57:33 -0400] "POST /xmlrpc.php HTTP/1.1" 200 212 "http://shahmeenaindustry.com" "Mozilla/5.0 (Macintosh; Intel Mac OS X 10_15_7) AppleWebKit/537.36 (KHTML, like Gecko) Chrome/116.0.5845.96 Safari/537.36"
148.72.126.119 - - [31/Mar/2025:14:09:11 -0400] "POST /xmlrpc.php HTTP/1.1" 200 212 "http://shahmeenaindustry.com" "Mozilla/5.0 (Macintosh; Intel Mac OS X 10_15_7) AppleWebKit/537.36 (KHTML, like Gecko) Chrome/116.0.5845.96 Safari/537.36"
198.54.114.15 - - [31/Mar/2025:14:20:37 -0400] "POST /xmlrpc.php HTTP/1.1" 200 212 "http://shahmeenaindustry.com" "Mozilla/5.0 (Macintosh; Intel Mac OS X 14_6) AppleWebKit/605.1.15 (KHTML, like Gecko) Version/17.5 Safari/605.1.15"
213.136.81.226 - - [31/Mar/2025:14:38:25 -0400] "GET /wp-includes/ HTTP/1.1" 403 1242 "-" "Mozlila/5.0 (Linux; Android 7.0; SM-G892A Bulid/NRD90M; wv) AppleWebKit/537.36 (KHTML, like Gecko) Version/4.0 Chrome/60.0.3112.107 Moblie Safari/537.36"
213.136.81.226 - - [31/Mar/2025:14:38:26 -0400] "GET /wp-content/uploads/ HTTP/1.1" 403 1242 "-" "Mozlila/5.0 (Linux; Android 7.0; SM-G892A Bulid/NRD90M; wv) AppleWebKit/537.36 (KHTML, like Gecko) Version/4.0 Chrome/60.0.3112.107 Moblie Safari/537.36"
213.136.81.226 - - [31/Mar/2025:14:38:31 -0400] "GET /wp-content/plugins/ HTTP/1.1" 200 0 "-" "Mozlila/5.0 (Linux; Android 7.0; SM-G892A Bulid/NRD90M; wv) AppleWebKit/537.36 (KHTML, like Gecko) Version/4.0 Chrome/60.0.3112.107 Moblie Safari/537.36"
213.136.81.226 - - [31/Mar/2025:14:38:32 -0400] "GET /wp-admin/maint/ HTTP/1.1" 403 1242 "-" "Mozlila/5.0 (Linux; Android 7.0; SM-G892A Bulid/NRD90M; wv) AppleWebKit/537.36 (KHTML, like Gecko) Version/4.0 Chrome/60.0.3112.107 Moblie Safari/537.36"
213.136.81.226 - - [31/Mar/2025:14:38:32 -0400] "GET /wp-admin/includes/ HTTP/1.1" 403 1242 "-" "Mozlila/5.0 (Linux; Android 7.0; SM-G892A Bulid/NRD90M; wv) AppleWebKit/537.36 (KHTML, like Gecko) Version/4.0 Chrome/60.0.3112.107 Moblie Safari/537.36"
213.136.81.226 - - [31/Mar/2025:14:38:33 -0400] "GET /wp-includes/ID3/ HTTP/1.1" 403 1242 "-" "Mozlila/5.0 (Linux; Android 7.0; SM-G892A Bulid/NRD90M; wv) AppleWebKit/537.36 (KHTML, like Gecko) Version/4.0 Chrome/60.0.3112.107 Moblie Safari/537.36"
213.136.81.226 - - [31/Mar/2025:14:38:33 -0400] "GET /wp-includes/IXR/ HTTP/1.1" 403 1242 "-" "Mozlila/5.0 (Linux; Android 7.0; SM-G892A Bulid/NRD90M; wv) AppleWebKit/537.36 (KHTML, like Gecko) Version/4.0 Chrome/60.0.3112.107 Moblie Safari/537.36"
161.97.119.41 - - [31/Mar/2025:14:40:04 -0400] "GET /wp-login.php HTTP/1.1" 302 0 "-" "Mozilla/5.0 (Windows NT 10.0; Win64; x64; rv:94.0) Gecko/20100101 Firefox/94.0"
78.153.140.222 - - [31/Mar/2025:14:55:50 -0400] "GET /.env HTTP/1.1" 403 1242 "-" "Mozilla/5.0 (Macintosh; U; PPC Mac OS X; de-de) AppleWebKit/312.8 (KHTML, like Gecko) Safari/312.5"
78.153.140.222 - - [31/Mar/2025:14:55:55 -0400] "GET /.aws/credentials HTTP/1.1" 404 16542 "-" "Mozilla/5.0 (X11; U; Linux i686; hu-HU; rv:1.9.0.10) Gecko/2009042718 CentOS/3.0.10-1.el5.centos Firefox/3.0.10"
78.153.140.222 - - [31/Mar/2025:14:56:03 -0400] "GET /.env.example HTTP/1.1" 403 1242 "-" "Mozilla/5.0 (Mobile; LYF/F90M/LYF-F90M-000-02-18-121017; rv:48.0) Gecko/48.0 Firefox/48.0 KAIOS/2.0"
78.153.140.222 - - [31/Mar/2025:14:56:04 -0400] "GET /.env.production HTTP/1.1" 403 1242 "-" "Mozilla/5.0 (Linux; U; Android 2.2.1; en-us; SAMSUNG-SGH-I997 Build/FROYO) AppleWebKit/533.1 (KHTML, like Gecko) Version/4.0 Mobile Safari/533.1"
78.153.140.222 - - [31/Mar/2025:14:56:07 -0400] "GET /admin/.env HTTP/1.1" 403 1242 "-" "Mozilla/5.0 (X11; U; Linux i686; fr; rv:1.8.0.6) Gecko/20060728 Firefox/1.5.0.6"
