185.198.191.227 - - [09/Apr/2025:08:37:25 -0400] "GET /wp-content/uploads/kaswara/fonts_icon/lrdroj/rc.php HTTP/1.1" 404 16532 "-" "Mozilla/5.0 (Macintosh; Intel Mac OS X 10_15_6) AppleWebKit/605.1.15 (KHTML, like Gecko) Version/15.6.6 Safari/605.1.15"
198.54.114.83 - - [09/Apr/2025:08:44:54 -0400] "POST /wp-cron.php?doing_wp_cron=1744202691.8718531131744384765625 HTTP/1.1" 200 0 "-" "WordPress/6.7.2; https://shahmeenaindustry.com"
2a01:4f8:231:75c::2 - - [09/Apr/2025:08:44:45 -0400] "POST /xmlrpc.php HTTP/1.1" 200 236 "-" "Mozilla/5.0 (X11; Fedora; Linux x86_64; rv:94.0) Gecko/20100101 Firefox/95.0"
216.244.66.200 - - [09/Apr/2025:09:00:21 -0400] "GET /online-casino-games/feed/ HTTP/1.1" 200 422 "-" "Mozilla/5.0 (compatible; DotBot/1.2; +https://opensiteexplorer.org/dotbot; help@moz.com)"
216.244.66.200 - - [09/Apr/2025:09:00:30 -0400] "GET /what-is-an-agreement/feed/ HTTP/1.1" 200 421 "-" "Mozilla/5.0 (compatible; DotBot/1.2; +https://opensiteexplorer.org/dotbot; help@moz.com)"
135.119.207.61 - - [09/Apr/2025:09:07:15 -0400] "GET /wp-content/plugins/hellopress/wp_filemanager.php HTTP/1.1" 404 16532 "-" "-"
135.119.207.61 - - [09/Apr/2025:09:07:21 -0400] "GET /wp-includes/Text/network.php HTTP/1.1" 404 16532 "-" "-"
135.119.207.61 - - [09/Apr/2025:09:07:26 -0400] "GET /wp-content/upgrade-temp-backup/wp-login.php HTTP/1.1" 404 16532 "-" "-"
135.119.207.61 - - [09/Apr/2025:09:07:32 -0400] "GET /js/fm.php HTTP/1.1" 404 16532 "-" "-"
135.119.207.61 - - [09/Apr/2025:09:07:37 -0400] "GET /wp-content/themes/astra/inc/ki1k.php HTTP/1.1" 404 16532 "-" "-"
135.119.207.61 - - [09/Apr/2025:09:07:42 -0400] "GET /WordPress/wp-admin/includes/zmFM.php HTTP/1.1" 404 16532 "-" "-"
135.119.207.61 - - [09/Apr/2025:09:07:45 -0400] "GET /default.php HTTP/1.1" 404 16532 "-" "-"
135.119.207.61 - - [09/Apr/2025:09:07:50 -0400] "GET /ty.php HTTP/1.1" 404 16532 "-" "-"
135.119.207.61 - - [09/Apr/2025:09:07:55 -0400] "GET /wp-content/themes/cay-van-phong/filemanager.php HTTP/1.1" 404 16532 "-" "-"
135.119.207.61 - - [09/Apr/2025:09:08:00 -0400] "GET /fm.php HTTP/1.1" 404 16532 "-" "-"
135.119.207.61 - - [09/Apr/2025:09:08:07 -0400] "GET /wp-content/plugins/seoplugins/index.php HTTP/1.1" 301 0 "-" "-"
198.54.114.83 - - [09/Apr/2025:09:08:12 -0400] "POST /wp-cron.php?doing_wp_cron=1744204088.4197919368743896484375 HTTP/1.1" 200 0 "-" "WordPress/6.7.2; https://shahmeenaindustry.com"
135.119.207.61 - - [09/Apr/2025:09:08:14 -0400] "GET /wp-content/plugins/seoplugins/ HTTP/1.1" 200 0 "-" "-"
216.244.66.200 - - [09/Apr/2025:09:15:53 -0400] "GET /robots.txt HTTP/1.1" 304 0 "-" "Mozilla/5.0 (compatible; DotBot/1.2; +https://opensiteexplorer.org/dotbot; help@moz.com)"
43.157.150.69 - - [09/Apr/2025:09:17:38 -0400] "GET / HTTP/1.1" 200 24558 "-" "Mozilla/5.0 (iPhone; CPU iPhone OS 13_2_3 like Mac OS X) AppleWebKit/605.1.15 (KHTML, like Gecko) Version/13.0.3 Mobile/15E148 Safari/604.1"
216.244.66.200 - - [09/Apr/2025:09:21:42 -0400] "GET /medusa-tattoo-meaning/ HTTP/1.1" 404 16532 "-" "Mozilla/5.0 (compatible; DotBot/1.2; +https://opensiteexplorer.org/dotbot; help@moz.com)"
198.54.114.83 - - [09/Apr/2025:09:21:50 -0400] "POST /wp-cron.php?doing_wp_cron=1744204908.0452361106872558593750 HTTP/1.1" 200 0 "-" "WordPress/6.7.2; https://shahmeenaindustry.com"
68.71.254.6 - - [09/Apr/2025:09:22:51 -0400] "GET /nearest-hotels-to-disneyland-paris-with-free-shuttle-bus/ HTTP/1.1" 200 21215 "-" "Mozilla/5.0 (Windows NT 10.0; Win64; x64) AppleWebKit/537.36 (KHTML, like Gecko) Chrome/114.0.0.0 Safari/537.36 Vivaldi/5.3.2679.68"
198.54.114.83 - - [09/Apr/2025:09:22:54 -0400] "POST /wp-cron.php?doing_wp_cron=1744204971.9519829750061035156250 HTTP/1.1" 200 0 "-" "WordPress/6.7.2; https://shahmeenaindustry.com"
216.244.66.200 - - [09/Apr/2025:09:26:00 -0400] "GET /page/77/ HTTP/1.1" 200 21007 "-" "Mozilla/5.0 (compatible; DotBot/1.2; +https://opensiteexplorer.org/dotbot; help@moz.com)"
198.54.114.83 - - [09/Apr/2025:09:26:06 -0400] "POST /wp-cron.php?doing_wp_cron=1744205164.0777831077575683593750 HTTP/1.1" 200 0 "-" "WordPress/6.7.2; https://shahmeenaindustry.com"
185.198.191.227 - - [09/Apr/2025:09:37:20 -0400] "GET /wp-content/plugins/wpcargo/includes/2vUHYaJucqhxvC3xsiNNp9t3JBt.php HTTP/1.1" 404 16532 "-" "Mozilla/5.0 (Macintosh; Intel Mac OS X 10_15_7) AppleWebKit/605.1.15 (KHTML, like Gecko) Version/16.2 Safari/605.1.15"
185.198.191.227 - - [09/Apr/2025:09:37:24 -0400] "GET /wp-content/plugins/wpcargo/includes/barcode.php?text=x1x1111x1xx1xx111xx11111xx1x111x1x1x1xxx11x1111xx1x11xxxx1xx1xxxxx1x1x1xx1x1x11xx1xxxx1x11xx111xxx1xx1xx1x1x1xxx11x1111xxx1xxx1xx1x111xxx1x1xx1xxx1x1x1xx1x1x11xxx11xx1x11xx111xx1xxx1xx11x1x11x11x1111x1x11111x1x1xxxx&sizefactor=.090909090909&size=1&filepath=2vUHYaJucqhxvC3xsiNNp9t3JBt.php HTTP/1.1" 404 16533 "-" "Mozilla/5.0 (Macintosh; Intel Mac OS X 11) AppleWebKit/617.16.12 (KHTML, like Gecko) Version/17.7.92 Safari/617.16.12"
185.198.191.227 - - [09/Apr/2025:09:37:30 -0400] "POST /wp-content/plugins/wpcargo/includes/2vUHYaJucqhxvC3xsiNNp9t3JBt.php?1=var_dump HTTP/1.1" 404 16479 "-" "Mozilla/5.0 (CentOS; Linux x86_64) AppleWebKit/537.36 (KHTML, like Gecko) Chrome/126.0.0.0 Safari/537.36"
85.208.98.23 - - [09/Apr/2025:09:45:24 -0400] "GET /robots.txt HTTP/1.1" 200 131 "-" "Mozilla/5.0 (compatible; SemrushBot-BA; +http://www.semrush.com/bot.html)"
198.54.114.83 - - [09/Apr/2025:09:47:40 -0400] "POST /wp-cron.php?doing_wp_cron=1744206460.6366770267486572265625 HTTP/1.1" 200 0 "-" "WordPress/6.7.2; https://shahmeenaindustry.com"
114.189.38.69 - - [09/Apr/2025:09:47:39 -0400] "POST /xmlrpc.php HTTP/1.1" 200 236 "-" "Mozilla/5.0 (X11; Fedora; Linux x86_64; rv:94.0) Gecko/20100101 Firefox/95.0"
216.244.66.200 - - [09/Apr/2025:10:01:21 -0400] "GET /robots.txt HTTP/1.1" 200 131 "-" "Mozilla/5.0 (compatible; DotBot/1.2; +https://opensiteexplorer.org/dotbot; help@moz.com)"
198.54.114.83 - - [09/Apr/2025:10:10:32 -0400] "POST /wp-cron.php?doing_wp_cron=1744207832.0610930919647216796875 HTTP/1.1" 200 0 "-" "WordPress/6.7.2; https://shahmeenaindustry.com"
216.244.66.200 - - [09/Apr/2025:10:10:31 -0400] "GET /crochets-muraux-decoratifs/feed/ HTTP/1.1" 200 430 "-" "Mozilla/5.0 (compatible; DotBot/1.2; +https://opensiteexplorer.org/dotbot; help@moz.com)"
198.54.114.83 - - [09/Apr/2025:10:13:39 -0400] "POST /wp-cron.php?doing_wp_cron=1744208018.7468390464782714843750 HTTP/1.1" 200 0 "-" "WordPress/6.7.2; https://shahmeenaindustry.com"
216.244.66.200 - - [09/Apr/2025:10:13:38 -0400] "GET /how-to-get-more-youtube-subscribers/feed/ HTTP/1.1" 200 446 "-" "Mozilla/5.0 (compatible; DotBot/1.2; +https://opensiteexplorer.org/dotbot; help@moz.com)"
198.54.114.36 - - [09/Apr/2025:10:15:11 -0400] "GET / HTTP/1.1" 200 24558 "https://www.google.it" "Mozilla/5.0 (Macintosh; Intel Mac OS X 10_15_7; rv:127.0) Gecko/20100101 Firefox/127.0"
198.54.114.83 - - [09/Apr/2025:10:15:16 -0400] "POST /wp-cron.php?doing_wp_cron=1744208115.5895230770111083984375 HTTP/1.1" 200 0 "-" "WordPress/6.7.2; https://shahmeenaindustry.com"
198.54.114.36 - - [09/Apr/2025:10:15:12 -0400] "GET /index.php?rest_route=/wp/v2/users HTTP/1.1" 200 1381 "http://shahmeenaindustry.com" "Mozilla/5.0 (Windows NT 10.0; Win64; x64) AppleWebKit/537.36 (KHTML, like Gecko) Chrome/126.0.0.0 Safari/537.36"
185.117.225.133 - - [09/Apr/2025:10:15:24 -0400] "GET / HTTP/1.1" 200 24558 "-" "Mozilla/5.0 (compatible; BitSightBot/1.0)"
185.117.225.133 - - [09/Apr/2025:10:15:26 -0400] "GET /wp-content/themes/chromenews/style.min.css?ver=4.9.3 HTTP/1.1" 200 67447 "http://shahmeenaindustry.com/" "Mozilla/5.0 (compatible; BitSightBot/1.0)"
185.117.225.133 - - [09/Apr/2025:10:15:26 -0400] "GET /wp-includes/css/dist/block-library/style.min.css?ver=6.7.2 HTTP/1.1" 200 19532 "http://shahmeenaindustry.com/" "Mozilla/5.0 (compatible; BitSightBot/1.0)"
185.117.225.133 - - [09/Apr/2025:10:15:26 -0400] "GET /wp-content/themes/chromenews/assets/slick/css/slick.min.css?ver=4.9.3 HTTP/1.1" 200 506 "http://shahmeenaindustry.com/" "Mozilla/5.0 (compatible; BitSightBot/1.0)"
185.117.225.133 - - [09/Apr/2025:10:15:26 -0400] "GET /wp-content/themes/chromenews/assets/icons/style.css?ver=6.7.2 HTTP/1.1" 200 1271 "http://shahmeenaindustry.com/" "Mozilla/5.0 (compatible; BitSightBot/1.0)"
185.117.225.133 - - [09/Apr/2025:10:15:26 -0400] "GET /wp-content/themes/chromenews/assets/sidr/css/jquery.sidr.dark.css?ver=4.9.3 HTTP/1.1" 200 445 "http://shahmeenaindustry.com/" "Mozilla/5.0 (compatible; BitSightBot/1.0)"
185.117.225.133 - - [09/Apr/2025:10:15:26 -0400] "GET /wp-includes/js/jquery/jquery.min.js?ver=3.7.1 HTTP/1.1" 200 35438 "http://shahmeenaindustry.com/" "Mozilla/5.0 (compatible; BitSightBot/1.0)"
185.117.225.133 - - [09/Apr/2025:10:15:27 -0400] "GET /wp-content/themes/chromenews/assets/jquery.cookie.js?ver=6.7.2 HTTP/1.1" 200 1470 "http://shahmeenaindustry.com/" "Mozilla/5.0 (compatible; BitSightBot/1.0)"
185.117.225.133 - - [09/Apr/2025:10:15:27 -0400] "GET /wp-includes/js/jquery/jquery-migrate.min.js?ver=3.4.1 HTTP/1.1" 200 5342 "http://shahmeenaindustry.com/" "Mozilla/5.0 (compatible; BitSightBot/1.0)"
185.117.225.133 - - [09/Apr/2025:10:15:27 -0400] "GET /wp-content/themes/chromenews/assets/toggle-script.js?ver=4.9.3 HTTP/1.1" 200 499 "http://shahmeenaindustry.com/" "Mozilla/5.0 (compatible; BitSightBot/1.0)"
185.117.225.133 - - [09/Apr/2025:10:15:27 -0400] "GET /wp-content/themes/chromenews/js/navigation.js?ver=20151215 HTTP/1.1" 200 1179 "http://shahmeenaindustry.com/" "Mozilla/5.0 (compatible; BitSightBot/1.0)"
185.117.225.133 - - [09/Apr/2025:10:15:27 -0400] "GET /wp-content/themes/chromenews/js/skip-link-focus-fix.js?ver=4.9.3 HTTP/1.1" 200 426 "http://shahmeenaindustry.com/" "Mozilla/5.0 (compatible; BitSightBot/1.0)"
185.117.225.133 - - [09/Apr/2025:10:15:27 -0400] "GET /wp-content/themes/chromenews/assets/script.js?ver=4.9.3 HTTP/1.1" 200 5660 "http://shahmeenaindustry.com/" "Mozilla/5.0 (compatible; BitSightBot/1.0)"
185.117.225.133 - - [09/Apr/2025:10:15:28 -0400] "GET /wp-content/themes/chromenews/assets/sidr/js/jquery.sidr.min.js?ver=4.9.3 HTTP/1.1" 200 2846 "http://shahmeenaindustry.com/" "Mozilla/5.0 (compatible; BitSightBot/1.0)"
185.117.225.133 - - [09/Apr/2025:10:15:28 -0400] "GET /wp-content/themes/chromenews/assets/marquee/jquery.marquee.js?ver=4.9.3 HTTP/1.1" 200 5494 "http://shahmeenaindustry.com/" "Mozilla/5.0 (compatible; BitSightBot/1.0)"
185.117.225.133 - - [09/Apr/2025:10:15:28 -0400] "GET /wp-content/themes/chromenews/assets/bootstrap/js/bootstrap.min.js?ver=4.9.3 HTTP/1.1" 200 18928 "http://shahmeenaindustry.com/" "Mozilla/5.0 (compatible; BitSightBot/1.0)"
185.117.225.133 - - [09/Apr/2025:10:15:28 -0400] "GET /wp-content/themes/chromenews/assets/slick/js/slick.min.js?ver=4.9.3 HTTP/1.1" 200 12554 "http://shahmeenaindustry.com/" "Mozilla/5.0 (compatible; BitSightBot/1.0)"
185.117.225.133 - - [09/Apr/2025:10:15:28 -0400] "GET /wp-content/themes/chromenews/assets/jquery-match-height/jquery.matchHeight.min.js?ver=4.9.3 HTTP/1.1" 200 1470 "http://shahmeenaindustry.com/" "Mozilla/5.0 (compatible; BitSightBot/1.0)"
185.117.225.133 - - [09/Apr/2025:10:15:29 -0400] "GET /wp-content/themes/chromenews/assets/icons/fonts/aft-icons.ttf?e3nek0 HTTP/1.1" 200 19272 "http://shahmeenaindustry.com/wp-content/themes/chromenews/assets/icons/style.css?ver=6.7.2" "Mozilla/5.0 (compatible; BitSightBot/1.0)"
185.117.225.133 - - [09/Apr/2025:10:15:29 -0400] "GET /wp-includes/js/wp-emoji-release.min.js?ver=6.7.2 HTTP/1.1" 200 5857 "http://shahmeenaindustry.com/" "Mozilla/5.0 (compatible; BitSightBot/1.0)"
216.244.66.200 - - [09/Apr/2025:10:52:08 -0400] "GET /what-does-a-celebrity-bodyguard-do/ HTTP/1.1" 200 21129 "-" "Mozilla/5.0 (compatible; DotBot/1.2; +https://opensiteexplorer.org/dotbot; help@moz.com)"
198.54.114.83 - - [09/Apr/2025:10:52:52 -0400] "POST /wp-cron.php?doing_wp_cron=1744210372.7641611099243164062500 HTTP/1.1" 200 0 "-" "WordPress/6.7.2; https://shahmeenaindustry.com"
216.244.66.200 - - [09/Apr/2025:10:52:52 -0400] "GET /pick-up-lines-for-flirting/ HTTP/1.1" 200 20841 "-" "Mozilla/5.0 (compatible; DotBot/1.2; +https://opensiteexplorer.org/dotbot; help@moz.com)"
94.229.76.74 - - [09/Apr/2025:10:55:39 -0400] "POST /xmlrpc.php HTTP/1.1" 200 236 "-" "Mozilla/5.0 (X11; Fedora; Linux x86_64; rv:94.0) Gecko/20100101 Firefox/95.0"
34.209.40.40 - - [09/Apr/2025:11:05:14 -0400] "GET / HTTP/1.1" 200 24558 "-" "Mozilla/5.0 (Windows NT 10.0; Win64; x64) AppleWebKit/537.36 (KHTML, like Gecko) Chrome/58.0.3029.110 Safari/537.3"
198.54.114.83 - - [09/Apr/2025:11:12:43 -0400] "POST /wp-cron.php?doing_wp_cron=1744211563.2568190097808837890625 HTTP/1.1" 200 0 "-" "WordPress/6.7.2; https://shahmeenaindustry.com"
216.244.66.200 - - [09/Apr/2025:11:12:39 -0400] "GET /what-can-peptides-do-for-your-skin/feed/ HTTP/1.1" 200 445 "-" "Mozilla/5.0 (compatible; DotBot/1.2; +https://opensiteexplorer.org/dotbot; help@moz.com)"
140.245.49.235 - - [09/Apr/2025:11:27:31 -0400] "GET / HTTP/1.1" 200 24558 "-" "Mozilla/5.0 (Windows NT 10.0; Win64; x64) AppleWebKit/537.36 (KHTML, like Gecko) Chrome/95.0.4638.69 Safari/537.36"
140.245.49.235 - - [09/Apr/2025:11:27:33 -0400] "GET /wp-includes/ID3/license.txt HTTP/1.1" 200 501 "-" "Mozilla/5.0 (Windows NT 10.0; Win64; x64) AppleWebKit/537.36 (KHTML, like Gecko) Chrome/95.0.4638.69 Safari/537.36"
140.245.49.235 - - [09/Apr/2025:11:27:34 -0400] "GET /feed/ HTTP/1.1" 200 217282 "-" "Mozilla/5.0 (Windows NT 10.0; Win64; x64) AppleWebKit/537.36 (KHTML, like Gecko) Chrome/95.0.4638.69 Safari/537.36"
140.245.49.235 - - [09/Apr/2025:11:27:37 -0400] "GET /wp-login.php HTTP/1.1" 302 0 "-" "Mozilla/5.0 (Windows NT 10.0; Win64; x64) AppleWebKit/537.36 (KHTML, like Gecko) Chrome/95.0.4638.69 Safari/537.36"
198.74.51.79 - - [09/Apr/2025:11:35:06 -0400] "GET /omnivoid-is-changing-the-game-in-augmented-and-mixed-realityomnivoid-is-changing-the-game-in-augmented-and-mixed-reality/ HTTP/1.1" 200 21973 "-" "Mozilla/5.0 (Windows NT 10.0; Win64; x64) AppleWebKit/537.36 (KHTML, like Gecko) Chrome/114.0.0.0 Safari/537.36 Vivaldi/5.3.2679.68"
60.188.57.0 - - [09/Apr/2025:11:36:25 -0400] "GET / HTTP/1.1" 200 24558 "-" "Mozilla/5.0 (iPhone; CPU iPhone OS 13_2_3 like Mac OS X) AppleWebKit/605.1.15 (KHTML, like Gecko) Version/13.0.3 Mobile/15E148 Safari/604.1"
135.125.107.12 - - [09/Apr/2025:11:46:14 -0400] "POST /xmlrpc.php HTTP/1.1" 200 236 "-" "Mozilla/5.0 (X11; Fedora; Linux x86_64; rv:94.0) Gecko/20100101 Firefox/95.0"
40.117.194.168 - - [09/Apr/2025:11:55:38 -0400] "HEAD /wordpress HTTP/1.1" 404 0 "-" "Mozilla/5.0 (Windows NT 10.0; Win64; x64) AppleWebKit/537.36 (KHTML, like Gecko) Chrome/74.0.3729.169 Safari/537.36"
40.117.194.168 - - [09/Apr/2025:11:55:40 -0400] "HEAD / HTTP/1.1" 200 0 "-" "Mozilla/5.0 (Windows NT 10.0; Win64; x64) AppleWebKit/537.36 (KHTML, like Gecko) Chrome/74.0.3729.169 Safari/537.36"
40.117.194.168 - - [09/Apr/2025:11:55:40 -0400] "HEAD /wp HTTP/1.1" 404 0 "-" "Mozilla/5.0 (Windows NT 10.0; Win64; x64) AppleWebKit/537.36 (KHTML, like Gecko) Chrome/74.0.3729.169 Safari/537.36"
40.117.194.168 - - [09/Apr/2025:11:55:41 -0400] "HEAD /bc HTTP/1.1" 404 0 "-" "Mozilla/5.0 (Windows NT 10.0; Win64; x64) AppleWebKit/537.36 (KHTML, like Gecko) Chrome/74.0.3729.169 Safari/537.36"
40.117.194.168 - - [09/Apr/2025:11:55:43 -0400] "HEAD /bk HTTP/1.1" 404 0 "-" "Mozilla/5.0 (Windows NT 10.0; Win64; x64) AppleWebKit/537.36 (KHTML, like Gecko) Chrome/74.0.3729.169 Safari/537.36"
40.117.194.168 - - [09/Apr/2025:11:55:44 -0400] "HEAD /backup HTTP/1.1" 404 0 "-" "Mozilla/5.0 (Windows NT 10.0; Win64; x64) AppleWebKit/537.36 (KHTML, like Gecko) Chrome/74.0.3729.169 Safari/537.36"
40.117.194.168 - - [09/Apr/2025:11:55:46 -0400] "HEAD /old HTTP/1.1" 404 0 "-" "Mozilla/5.0 (Windows NT 10.0; Win64; x64) AppleWebKit/537.36 (KHTML, like Gecko) Chrome/74.0.3729.169 Safari/537.36"
40.117.194.168 - - [09/Apr/2025:11:55:47 -0400] "HEAD /new HTTP/1.1" 301 0 "-" "Mozilla/5.0 (Windows NT 10.0; Win64; x64) AppleWebKit/537.36 (KHTML, like Gecko) Chrome/74.0.3729.169 Safari/537.36"
40.117.194.168 - - [09/Apr/2025:11:55:50 -0400] "HEAD /main HTTP/1.1" 404 0 "-" "Mozilla/5.0 (Windows NT 10.0; Win64; x64) AppleWebKit/537.36 (KHTML, like Gecko) Chrome/74.0.3729.169 Safari/537.36"
40.117.194.168 - - [09/Apr/2025:11:55:51 -0400] "HEAD /home HTTP/1.1" 301 0 "-" "Mozilla/5.0 (Windows NT 10.0; Win64; x64) AppleWebKit/537.36 (KHTML, like Gecko) Chrome/74.0.3729.169 Safari/537.36"
85.208.98.23 - - [09/Apr/2025:12:15:20 -0400] "GET /robots.txt HTTP/1.1" 304 0 "-" "Mozilla/5.0 (compatible; SemrushBot-BA; +http://www.semrush.com/bot.html)"
198.54.114.83 - - [09/Apr/2025:12:18:23 -0400] "POST /wp-cron.php?doing_wp_cron=1744215502.0317149162292480468750 HTTP/1.1" 200 0 "-" "WordPress/6.7.2; https://shahmeenaindustry.com"
172.172.103.138 - - [09/Apr/2025:12:18:21 -0400] "HEAD /wordpress HTTP/1.1" 404 0 "-" "Mozilla/5.0 (Windows NT 10.0; Win64; x64) AppleWebKit/537.36 (KHTML, like Gecko) Chrome/74.0.3729.169 Safari/537.36"
172.172.103.138 - - [09/Apr/2025:12:18:23 -0400] "HEAD / HTTP/1.1" 200 0 "-" "Mozilla/5.0 (Windows NT 10.0; Win64; x64) AppleWebKit/537.36 (KHTML, like Gecko) Chrome/74.0.3729.169 Safari/537.36"
172.172.103.138 - - [09/Apr/2025:12:18:24 -0400] "HEAD /wp HTTP/1.1" 404 0 "-" "Mozilla/5.0 (Windows NT 10.0; Win64; x64) AppleWebKit/537.36 (KHTML, like Gecko) Chrome/74.0.3729.169 Safari/537.36"
172.172.103.138 - - [09/Apr/2025:12:18:25 -0400] "HEAD /bc HTTP/1.1" 404 0 "-" "Mozilla/5.0 (Windows NT 10.0; Win64; x64) AppleWebKit/537.36 (KHTML, like Gecko) Chrome/74.0.3729.169 Safari/537.36"
172.172.103.138 - - [09/Apr/2025:12:18:26 -0400] "HEAD /bk HTTP/1.1" 404 0 "-" "Mozilla/5.0 (Windows NT 10.0; Win64; x64) AppleWebKit/537.36 (KHTML, like Gecko) Chrome/74.0.3729.169 Safari/537.36"
172.172.103.138 - - [09/Apr/2025:12:18:27 -0400] "HEAD /backup HTTP/1.1" 404 0 "-" "Mozilla/5.0 (Windows NT 10.0; Win64; x64) AppleWebKit/537.36 (KHTML, like Gecko) Chrome/74.0.3729.169 Safari/537.36"
172.172.103.138 - - [09/Apr/2025:12:18:28 -0400] "HEAD /old HTTP/1.1" 404 0 "-" "Mozilla/5.0 (Windows NT 10.0; Win64; x64) AppleWebKit/537.36 (KHTML, like Gecko) Chrome/74.0.3729.169 Safari/537.36"
198.54.114.83 - - [09/Apr/2025:12:18:31 -0400] "POST /wp-cron.php?doing_wp_cron=1744215511.1452550888061523437500 HTTP/1.1" 200 0 "-" "WordPress/6.7.2; https://shahmeenaindustry.com"
172.172.103.138 - - [09/Apr/2025:12:18:30 -0400] "HEAD /new HTTP/1.1" 301 0 "-" "Mozilla/5.0 (Windows NT 10.0; Win64; x64) AppleWebKit/537.36 (KHTML, like Gecko) Chrome/74.0.3729.169 Safari/537.36"
172.172.103.138 - - [09/Apr/2025:12:18:36 -0400] "HEAD /main HTTP/1.1" 404 0 "-" "Mozilla/5.0 (Windows NT 10.0; Win64; x64) AppleWebKit/537.36 (KHTML, like Gecko) Chrome/74.0.3729.169 Safari/537.36"
172.172.103.138 - - [09/Apr/2025:12:18:40 -0400] "HEAD /home HTTP/1.1" 301 0 "-" "Mozilla/5.0 (Windows NT 10.0; Win64; x64) AppleWebKit/537.36 (KHTML, like Gecko) Chrome/74.0.3729.169 Safari/537.36"
198.54.114.83 - - [09/Apr/2025:12:18:42 -0400] "POST /wp-cron.php?doing_wp_cron=1744215520.2632119655609130859375 HTTP/1.1" 200 0 "-" "WordPress/6.7.2; https://shahmeenaindustry.com"
107.151.214.58 - - [09/Apr/2025:12:44:22 -0400] "GET / HTTP/1.1" 200 24558 "-" "Mozilla/5.0 (Windows NT 10.0; Win64; x64) AppleWebKit/537.36 (KHTML, like Gecko) Chrome/80.0.3987.149 Safari/537.36"
107.151.214.58 - - [09/Apr/2025:12:44:22 -0400] "GET /?author=1 HTTP/1.1" 301 0 "-" "Mozilla/5.0 (Windows NT 10.0; Win64; x64) AppleWebKit/537.36 (KHTML, like Gecko) Chrome/80.0.3987.149 Safari/537.36"
107.151.214.58 - - [09/Apr/2025:12:44:24 -0400] "GET /?author=2 HTTP/1.1" 301 0 "-" "Mozilla/5.0 (Windows NT 10.0; Win64; x64) AppleWebKit/537.36 (KHTML, like Gecko) Chrome/80.0.3987.149 Safari/537.36"
107.151.214.58 - - [09/Apr/2025:12:44:26 -0400] "GET /wp-json/wp/v2/users/ HTTP/1.1" 200 1381 "-" "Mozilla/5.0 (Windows NT 10.0; Win64; x64) AppleWebKit/537.36 (KHTML, like Gecko) Chrome/80.0.3987.149 Safari/537.36"
107.151.214.58 - - [09/Apr/2025:12:44:28 -0400] "POST /xmlrpc.php HTTP/1.1" 200 212 "-" "Mozilla/5.0 (Windows NT 10.0; Win64; x64) AppleWebKit/537.36 (KHTML, like Gecko) Chrome/80.0.3987.149 Safari/537.36"
107.151.214.58 - - [09/Apr/2025:12:44:29 -0400] "POST /xmlrpc.php HTTP/1.1" 200 236 "-" "Mozilla/5.0 (Windows NT 10.0; Win64; x64) AppleWebKit/537.36 (KHTML, like Gecko) Chrome/80.0.3987.149 Safari/537.36"
107.151.214.58 - - [09/Apr/2025:12:44:30 -0400] "POST /xmlrpc.php HTTP/1.1" 200 212 "-" "Mozilla/5.0 (Windows NT 10.0; Win64; x64) AppleWebKit/537.36 (KHTML, like Gecko) Chrome/80.0.3987.149 Safari/537.36"
107.151.214.58 - - [09/Apr/2025:12:44:31 -0400] "POST /xmlrpc.php HTTP/1.1" 200 236 "-" "Mozilla/5.0 (Windows NT 10.0; Win64; x64) AppleWebKit/537.36 (KHTML, like Gecko) Chrome/80.0.3987.149 Safari/537.36"
107.151.214.58 - - [09/Apr/2025:12:44:32 -0400] "POST /xmlrpc.php HTTP/1.1" 200 236 "-" "Mozilla/5.0 (Windows NT 10.0; Win64; x64) AppleWebKit/537.36 (KHTML, like Gecko) Chrome/80.0.3987.149 Safari/537.36"
107.151.214.58 - - [09/Apr/2025:12:44:33 -0400] "POST /xmlrpc.php HTTP/1.1" 200 236 "-" "Mozilla/5.0 (Windows NT 10.0; Win64; x64) AppleWebKit/537.36 (KHTML, like Gecko) Chrome/80.0.3987.149 Safari/537.36"
143.244.57.88 - - [09/Apr/2025:12:46:33 -0400] "GET / HTTP/1.1" 200 24558 "-" "Mozilla/5.0 (Windows NT 10.0; Win64; x64) AppleWebKit/537.36 (KHTML, like Gecko) Chrome/78.0.3904.108 Safari/537.36"
198.54.114.83 - - [09/Apr/2025:12:46:34 -0400] "POST /wp-cron.php?doing_wp_cron=1744217194.2788128852844238281250 HTTP/1.1" 200 0 "-" "WordPress/6.7.2; https://shahmeenaindustry.com"
143.244.57.88 - - [09/Apr/2025:12:46:34 -0400] "GET /?author=1 HTTP/1.1" 301 0 "-" "Mozilla/5.0 (Windows NT 10.0; Win64; x64) AppleWebKit/537.36 (KHTML, like Gecko) Chrome/78.0.3904.108 Safari/537.36"
143.244.57.88 - - [09/Apr/2025:12:46:34 -0400] "GET /?author=2 HTTP/1.1" 301 0 "-" "Mozilla/5.0 (Windows NT 10.0; Win64; x64) AppleWebKit/537.36 (KHTML, like Gecko) Chrome/78.0.3904.108 Safari/537.36"
143.244.57.88 - - [09/Apr/2025:12:46:35 -0400] "GET /wp-json/wp/v2/users/ HTTP/1.1" 200 1381 "-" "Mozilla/5.0 (Windows NT 10.0; Win64; x64) AppleWebKit/537.36 (KHTML, like Gecko) Chrome/78.0.3904.108 Safari/537.36"
143.244.57.88 - - [09/Apr/2025:12:46:37 -0400] "POST /xmlrpc.php HTTP/1.1" 200 236 "-" "Mozilla/5.0 (Windows NT 10.0; Win64; x64) AppleWebKit/537.36 (KHTML, like Gecko) Chrome/78.0.3904.108 Safari/537.36"
143.244.57.88 - - [09/Apr/2025:12:46:37 -0400] "POST /xmlrpc.php HTTP/1.1" 200 236 "-" "Mozilla/5.0 (Windows NT 10.0; Win64; x64) AppleWebKit/537.36 (KHTML, like Gecko) Chrome/78.0.3904.108 Safari/537.36"
143.244.57.88 - - [09/Apr/2025:12:46:38 -0400] "POST /xmlrpc.php HTTP/1.1" 200 236 "-" "Mozilla/5.0 (Windows NT 10.0; Win64; x64) AppleWebKit/537.36 (KHTML, like Gecko) Chrome/78.0.3904.108 Safari/537.36"
143.244.57.88 - - [09/Apr/2025:12:46:38 -0400] "POST /xmlrpc.php HTTP/1.1" 200 236 "-" "Mozilla/5.0 (Windows NT 10.0; Win64; x64) AppleWebKit/537.36 (KHTML, like Gecko) Chrome/78.0.3904.108 Safari/537.36"
143.244.57.88 - - [09/Apr/2025:12:46:39 -0400] "POST /xmlrpc.php HTTP/1.1" 200 236 "-" "Mozilla/5.0 (Windows NT 10.0; Win64; x64) AppleWebKit/537.36 (KHTML, like Gecko) Chrome/78.0.3904.108 Safari/537.36"
198.54.114.83 - - [09/Apr/2025:12:46:40 -0400] "POST /wp-cron.php?doing_wp_cron=1744217200.5920460224151611328125 HTTP/1.1" 200 0 "-" "WordPress/6.7.2; https://shahmeenaindustry.com"
143.244.57.88 - - [09/Apr/2025:12:46:39 -0400] "POST /xmlrpc.php HTTP/1.1" 200 236 "-" "Mozilla/5.0 (Windows NT 10.0; Win64; x64) AppleWebKit/537.36 (KHTML, like Gecko) Chrome/78.0.3904.108 Safari/537.36"
198.54.114.83 - - [09/Apr/2025:13:19:40 -0400] "POST /wp-cron.php?doing_wp_cron=1744219179.6166698932647705078125 HTTP/1.1" 200 0 "-" "WordPress/6.7.2; https://shahmeenaindustry.com"
89.46.7.238 - - [09/Apr/2025:13:19:33 -0400] "POST /xmlrpc.php HTTP/1.1" 200 212 "http://shahmeenaindustry.com" "Mozilla/5.0 (Macintosh; Intel Mac OS X 10_15_7) AppleWebKit/537.36 (KHTML, like Gecko) Chrome/112.0.5615.138 Safari/537.36"
198.54.114.83 - - [09/Apr/2025:13:24:53 -0400] "POST /wp-cron.php?doing_wp_cron=1744219492.6982290744781494140625 HTTP/1.1" 200 0 "-" "WordPress/6.7.2; https://shahmeenaindustry.com"
164.160.91.40 - - [09/Apr/2025:13:24:51 -0400] "POST /xmlrpc.php HTTP/1.1" 200 212 "http://shahmeenaindustry.com" "Mozilla/5.0 (Macintosh; Intel Mac OS X 10_15_7) AppleWebKit/537.36 (KHTML, like Gecko) Chrome/115.0.5790.102 Safari/537.36"
198.54.114.83 - - [09/Apr/2025:13:30:19 -0400] "POST /wp-cron.php?doing_wp_cron=1744219817.9738380908966064453125 HTTP/1.1" 200 0 "-" "WordPress/6.7.2; https://shahmeenaindustry.com"
103.163.214.43 - - [09/Apr/2025:13:30:16 -0400] "POST /xmlrpc.php HTTP/1.1" 200 212 "http://shahmeenaindustry.com" "Mozilla/5.0 (Macintosh; Intel Mac OS X 10_15_7) AppleWebKit/537.36 (KHTML, like Gecko) Chrome/116.0.5845.96 Safari/537.36"
138.128.162.50 - - [09/Apr/2025:13:36:13 -0400] "POST /xmlrpc.php HTTP/1.1" 200 212 "http://shahmeenaindustry.com" "Mozilla/5.0 (Macintosh; Intel Mac OS X 13_3) AppleWebKit/537.36 (KHTML, like Gecko) Chrome/126.0.0.0 Safari/537.36"
198.54.114.83 - - [09/Apr/2025:13:41:48 -0400] "POST /wp-cron.php?doing_wp_cron=1744220508.0879468917846679687500 HTTP/1.1" 200 0 "-" "WordPress/6.7.2; https://shahmeenaindustry.com"
192.250.229.82 - - [09/Apr/2025:13:41:42 -0400] "POST /xmlrpc.php HTTP/1.1" 200 212 "http://shahmeenaindustry.com" "Mozilla/5.0 (Windows NT 10.0; Win64; x64) AppleWebKit/537.36 (KHTML, like Gecko) Chrome/113.0.5672.93 Safari/537.36"
190.92.175.93 - - [09/Apr/2025:13:43:16 -0400] "POST /xmlrpc.php HTTP/1.1" 200 236 "-" "Mozilla/5.0 (X11; Fedora; Linux x86_64; rv:94.0) Gecko/20100101 Firefox/95.0"
77.72.2.74 - - [09/Apr/2025:13:47:36 -0400] "POST /xmlrpc.php HTTP/1.1" 200 0 "http://shahmeenaindustry.com" "Mozilla/5.0 (Macintosh; Intel Mac OS X 10_15_7; rv:129.0) Gecko/20100101 Firefox/129.0"
89.28.217.3 - - [09/Apr/2025:13:53:10 -0400] "POST /xmlrpc.php HTTP/1.1" 200 212 "http://shahmeenaindustry.com" "Mozilla/5.0 (Macintosh; Intel Mac OS X 10_15_7; rv:127.0) Gecko/20100101 Firefox/127.0"
172.200.255.137 - - [09/Apr/2025:13:56:23 -0400] "HEAD /wordpress HTTP/1.1" 404 0 "-" "Mozilla/5.0 (Windows NT 10.0; Win64; x64) AppleWebKit/537.36 (KHTML, like Gecko) Chrome/74.0.3729.169 Safari/537.36"
172.200.255.137 - - [09/Apr/2025:13:56:25 -0400] "HEAD / HTTP/1.1" 200 0 "-" "Mozilla/5.0 (Windows NT 10.0; Win64; x64) AppleWebKit/537.36 (KHTML, like Gecko) Chrome/74.0.3729.169 Safari/537.36"
172.200.255.137 - - [09/Apr/2025:13:56:26 -0400] "HEAD /wp HTTP/1.1" 404 0 "-" "Mozilla/5.0 (Windows NT 10.0; Win64; x64) AppleWebKit/537.36 (KHTML, like Gecko) Chrome/74.0.3729.169 Safari/537.36"
198.54.114.83 - - [09/Apr/2025:13:56:27 -0400] "POST /wp-cron.php?doing_wp_cron=1744221386.1960470676422119140625 HTTP/1.1" 200 0 "-" "WordPress/6.7.2; https://shahmeenaindustry.com"
172.200.255.137 - - [09/Apr/2025:13:56:28 -0400] "HEAD /bc HTTP/1.1" 404 0 "-" "Mozilla/5.0 (Windows NT 10.0; Win64; x64) AppleWebKit/537.36 (KHTML, like Gecko) Chrome/74.0.3729.169 Safari/537.36"
172.200.255.137 - - [09/Apr/2025:13:56:28 -0400] "HEAD /bk HTTP/1.1" 404 0 "-" "Mozilla/5.0 (Windows NT 10.0; Win64; x64) AppleWebKit/537.36 (KHTML, like Gecko) Chrome/74.0.3729.169 Safari/537.36"
172.200.255.137 - - [09/Apr/2025:13:56:29 -0400] "HEAD /backup HTTP/1.1" 404 0 "-" "Mozilla/5.0 (Windows NT 10.0; Win64; x64) AppleWebKit/537.36 (KHTML, like Gecko) Chrome/74.0.3729.169 Safari/537.36"
172.200.255.137 - - [09/Apr/2025:13:56:30 -0400] "HEAD /old HTTP/1.1" 404 0 "-" "Mozilla/5.0 (Windows NT 10.0; Win64; x64) AppleWebKit/537.36 (KHTML, like Gecko) Chrome/74.0.3729.169 Safari/537.36"
172.200.255.137 - - [09/Apr/2025:13:56:32 -0400] "HEAD /new HTTP/1.1" 301 0 "-" "Mozilla/5.0 (Windows NT 10.0; Win64; x64) AppleWebKit/537.36 (KHTML, like Gecko) Chrome/74.0.3729.169 Safari/537.36"
172.200.255.137 - - [09/Apr/2025:13:56:34 -0400] "HEAD /main HTTP/1.1" 404 0 "-" "Mozilla/5.0 (Windows NT 10.0; Win64; x64) AppleWebKit/537.36 (KHTML, like Gecko) Chrome/74.0.3729.169 Safari/537.36"
172.200.255.137 - - [09/Apr/2025:13:56:35 -0400] "HEAD /home HTTP/1.1" 301 0 "-" "Mozilla/5.0 (Windows NT 10.0; Win64; x64) AppleWebKit/537.36 (KHTML, like Gecko) Chrome/74.0.3729.169 Safari/537.36"
5.16.130.107 - - [09/Apr/2025:14:02:43 -0400] "GET /omnivoid-is-changing-the-game-in-augmented-and-mixed-realityomnivoid-is-changing-the-game-in-augmented-and-mixed-reality/ HTTP/1.1" 200 21973 "http://shahmeenaindustry.com/omnivoid-is-changing-the-game-in-augmented-and-mixed-realityomnivoid-is-changing-the-game-in-augmented-and-mixed-reality/" "Mozilla/5.0 (Windows NT 10.0; Win64; x64) AppleWebKit/537.36 (KHTML, like Gecko) Chrome/131.0.0.0 Safari/537.36"
198.54.114.83 - - [09/Apr/2025:14:02:49 -0400] "POST /wp-cron.php?doing_wp_cron=1744221768.8339469432830810546875 HTTP/1.1" 200 0 "-" "WordPress/6.7.2; https://shahmeenaindustry.com"
5.16.130.107 - - [09/Apr/2025:14:02:44 -0400] "POST /wp-comments-post.php HTTP/1.1" 302 0 "http://shahmeenaindustry.com/omnivoid-is-changing-the-game-in-augmented-and-mixed-realityomnivoid-is-changing-the-game-in-augmented-and-mixed-reality/" "Mozilla/5.0 (Windows NT 10.0; Win64; x64) AppleWebKit/537.36 (KHTML, like Gecko) Chrome/131.0.0.0 Safari/537.36"
34.143.143.61 - - [09/Apr/2025:14:13:33 -0400] "GET /instant-boiling-water-tap/ HTTP/1.1" 200 21167 "-" "Mozilla/5.0 (Windows NT 10.0; Win64; x64) AppleWebKit/537.36 (KHTML, like Gecko) Chrome/114.0.0.0 YaBrowser/22.7.0 Yowser/2.5 Safari/537.36"
198.44.189.120 - - [09/Apr/2025:14:55:13 -0400] "GET /wp-admin/css/ HTTP/1.1" 403 1242 "binance.com" "Mozilla/5.0 (Windows NT 10.0; Win64; x64) AppleWebKit/537.36 (KHTML, like Gecko) Chrome/90.0.4430.85 Safari/537.36"
198.54.114.83 - - [09/Apr/2025:15:01:33 -0400] "POST /wp-cron.php?doing_wp_cron=1744225291.5499989986419677734375 HTTP/1.1" 200 0 "-" "WordPress/6.7.2; https://shahmeenaindustry.com"
195.26.225.218 - - [09/Apr/2025:15:01:26 -0400] "GET /how-to-get-the-most-out-of-a-jade-roller/ HTTP/1.1" 200 21758 "http://shahmeenaindustry.com/how-to-get-the-most-out-of-a-jade-roller/" "Mozilla/5.0 (Windows NT 10.0; Win64; x64) AppleWebKit/537.36 (KHTML, like Gecko) Chrome/129.0.0.0 Safari/537.36"
195.26.225.218 - - [09/Apr/2025:15:01:36 -0400] "POST /wp-comments-post.php HTTP/1.1" 302 0 "http://shahmeenaindustry.com/how-to-get-the-most-out-of-a-jade-roller/" "Mozilla/5.0 (Windows NT 10.0; Win64; x64) AppleWebKit/537.36 (KHTML, like Gecko) Chrome/129.0.0.0 Safari/537.36"
85.208.98.23 - - [09/Apr/2025:15:21:35 -0400] "GET /robots.txt HTTP/1.1" 200 131 "-" "Mozilla/5.0 (compatible; SemrushBot-BA; +http://www.semrush.com/bot.html)"
3.17.66.8 - - [09/Apr/2025:15:37:17 -0400] "GET /.env HTTP/1.1" 403 1242 "-" "Mozilla/5.0 (Macintosh; Intel Mac OS X 10.15; rv:77.0) Gecko/20100101 Firefox/77.0"
43.131.36.84 - - [09/Apr/2025:16:26:19 -0400] "GET / HTTP/1.1" 200 24558 "-" "Mozilla/5.0 (iPhone; CPU iPhone OS 13_2_3 like Mac OS X) AppleWebKit/605.1.15 (KHTML, like Gecko) Version/13.0.3 Mobile/15E148 Safari/604.1"
107.151.215.114 - - [09/Apr/2025:16:32:20 -0400] "GET /wp-admin/css/ HTTP/1.1" 403 1242 "binance.com" "Mozilla/5.0 (Windows NT 10.0; Win64; x64) AppleWebKit/537.36 (KHTML, like Gecko) Chrome/90.0.4430.85 Safari/537.36"
85.208.98.23 - - [09/Apr/2025:17:12:05 -0400] "GET /robots.txt HTTP/1.1" 304 0 "-" "Mozilla/5.0 (compatible; SemrushBot-BA; +http://www.semrush.com/bot.html)"
72.195.34.35 - - [09/Apr/2025:19:26:03 -0400] "GET /nearest-hotels-to-disneyland-paris-with-free-shuttle-bus/ HTTP/1.1" 200 21215 "-" "Mozilla/5.0 (Windows NT 10.0; Win64; x64) AppleWebKit/537.36 (KHTML, like Gecko) Chrome/114.0.0.0 YaBrowser/22.7.0 Yowser/2.5 Safari/537.36"
198.54.114.83 - - [09/Apr/2025:19:26:09 -0400] "POST /wp-cron.php?doing_wp_cron=1744241169.0804600715637207031250 HTTP/1.1" 200 0 "-" "WordPress/6.7.2; https://shahmeenaindustry.com"
89.175.12.245 - - [09/Apr/2025:19:26:03 -0400] "GET /cbd-shop-uk-review/ HTTP/1.1" 200 23133 "http://shahmeenaindustry.com/cbd-shop-uk-review/" "Mozilla/5.0 (Windows NT 10.0; Win64; x64) AppleWebKit/537.36 (KHTML, like Gecko) Chrome/131.0.0.0 Safari/537.36"
198.54.114.83 - - [09/Apr/2025:19:44:03 -0400] "POST /wp-cron.php?doing_wp_cron=1744242243.8069670200347900390625 HTTP/1.1" 200 0 "-" "WordPress/6.7.2; https://shahmeenaindustry.com"
52.168.148.175 - - [09/Apr/2025:19:43:58 -0400] "GET /adminfuns.php HTTP/1.1" 404 16532 "-" "-"
52.168.148.175 - - [09/Apr/2025:19:44:05 -0400] "GET /room.php HTTP/1.1" 404 16532 "-" "-"
52.168.148.175 - - [09/Apr/2025:19:44:06 -0400] "GET /defaults.php HTTP/1.1" 404 16532 "-" "-"
52.168.148.175 - - [09/Apr/2025:19:44:07 -0400] "GET /.well-known/lofmebwd.php HTTP/1.1" 404 16532 "-" "-"
52.168.148.175 - - [09/Apr/2025:19:44:09 -0400] "GET /wp-includes/ID3/autoload_classmap.php HTTP/1.1" 404 16532 "-" "-"
52.168.148.175 - - [09/Apr/2025:19:44:10 -0400] "GET /goods.php HTTP/1.1" 404 16532 "-" "-"
52.168.148.175 - - [09/Apr/2025:19:44:12 -0400] "GET /alfa-rex.php7 HTTP/1.1" 404 16532 "-" "-"
52.168.148.175 - - [09/Apr/2025:19:44:13 -0400] "GET /radio.php HTTP/1.1" 404 16532 "-" "-"
52.168.148.175 - - [09/Apr/2025:19:44:16 -0400] "GET /inputs.php HTTP/1.1" 404 16532 "-" "-"
52.168.148.175 - - [09/Apr/2025:19:44:16 -0400] "GET /wp-includes/blocks/heading/autoload_classmap.php HTTP/1.1" 404 16532 "-" "-"
52.168.148.175 - - [09/Apr/2025:19:44:17 -0400] "GET /wp-contentt.php HTTP/1.1" 404 16532 "-" "-"
52.168.148.175 - - [09/Apr/2025:19:44:19 -0400] "GET /cloud.php HTTP/1.1" 404 16532 "-" "-"
52.168.148.175 - - [09/Apr/2025:19:44:20 -0400] "GET /wp-content/uploads/2023/05/autoload_classmap.php HTTP/1.1" 404 16532 "-" "-"
52.168.148.175 - - [09/Apr/2025:19:44:21 -0400] "GET /.well-known/acme-challenge/new.php HTTP/1.1" 404 16532 "-" "-"
52.168.148.175 - - [09/Apr/2025:19:44:22 -0400] "GET /wp-index.php HTTP/1.1" 404 16532 "-" "-"
52.168.148.175 - - [09/Apr/2025:19:44:22 -0400] "GET /wp-admin.php HTTP/1.1" 404 16532 "-" "-"
52.168.148.175 - - [09/Apr/2025:19:44:23 -0400] "GET /alfa.php HTTP/1.1" 404 16532 "-" "-"
52.168.148.175 - - [09/Apr/2025:19:44:24 -0400] "GET /classwithtostring.php/rbzccnnp.php/ HTTP/1.1" 404 16533 "-" "-"
52.168.148.175 - - [09/Apr/2025:19:44:26 -0400] "GET /wp-content/about.php HTTP/1.1" 404 16532 "-" "-"
52.168.148.175 - - [09/Apr/2025:19:44:27 -0400] "GET /xleet.php HTTP/1.1" 404 16532 "-" "-"
52.168.148.175 - - [09/Apr/2025:19:44:29 -0400] "GET /wp-content/index.php HTTP/1.1" 200 0 "-" "-"
52.168.148.175 - - [09/Apr/2025:19:44:29 -0400] "GET /wp-includes/Requests/file.php HTTP/1.1" 404 16532 "-" "-"
52.168.148.175 - - [09/Apr/2025:19:44:30 -0400] "GET /.well-known/pki-validation/xmrlpc.php HTTP/1.1" 404 1251 "-" "-"
52.168.148.175 - - [09/Apr/2025:19:44:30 -0400] "GET /wp-content/upgrade/autoload_classmap.php HTTP/1.1" 404 16532 "-" "-"
198.54.114.83 - - [09/Apr/2025:19:44:31 -0400] "POST /wp-cron.php?doing_wp_cron=1744242271.6882209777832031250000 HTTP/1.1" 200 0 "-" "WordPress/6.7.2; https://shahmeenaindustry.com"
52.168.148.175 - - [09/Apr/2025:19:44:31 -0400] "GET /flower.php HTTP/1.1" 404 16532 "-" "-"
52.168.148.175 - - [09/Apr/2025:19:44:32 -0400] "GET /about.php HTTP/1.1" 404 16538 "-" "-"
52.168.148.175 - - [09/Apr/2025:19:44:34 -0400] "GET /wp-admin/index.php HTTP/1.1" 302 0 "-" "-"
52.168.148.175 - - [09/Apr/2025:19:44:36 -0400] "GET /.well-known/admin.php HTTP/1.1" 404 16532 "-" "-"
52.168.148.175 - - [09/Apr/2025:19:44:37 -0400] "GET /wp-content/plugins/ HTTP/1.1" 200 0 "-" "-"
52.168.148.175 - - [09/Apr/2025:19:44:38 -0400] "GET /past.php HTTP/1.1" 404 16532 "-" "-"
52.168.148.175 - - [09/Apr/2025:19:44:39 -0400] "GET /post.php HTTP/1.1" 404 16532 "-" "-"
198.54.114.83 - - [09/Apr/2025:19:44:41 -0400] "POST /wp-cron.php?doing_wp_cron=1744242280.9806609153747558593750 HTTP/1.1" 200 0 "-" "WordPress/6.7.2; https://shahmeenaindustry.com"
52.168.148.175 - - [09/Apr/2025:19:44:40 -0400] "GET /hehe.php HTTP/1.1" 404 16532 "-" "-"
52.168.148.175 - - [09/Apr/2025:19:44:43 -0400] "GET /spip.php HTTP/1.1" 404 16531 "-" "-"
52.168.148.175 - - [09/Apr/2025:19:44:45 -0400] "GET /config.php HTTP/1.1" 404 16532 "-" "-"
52.168.148.175 - - [09/Apr/2025:19:44:45 -0400] "GET /root.php HTTP/1.1" 404 16532 "-" "-"
52.168.148.175 - - [09/Apr/2025:19:44:47 -0400] "GET /.well-known/acme-challenge/classwithtostring.php HTTP/1.1" 404 16532 "-" "-"
52.168.148.175 - - [09/Apr/2025:19:44:48 -0400] "GET /index.php HTTP/1.1" 301 0 "-" "-"
52.168.148.175 - - [09/Apr/2025:19:44:49 -0400] "GET / HTTP/1.1" 200 24558 "-" "-"
52.168.148.175 - - [09/Apr/2025:19:44:49 -0400] "GET /cookie.php HTTP/1.1" 404 16532 "-" "-"
52.168.148.175 - - [09/Apr/2025:19:44:50 -0400] "GET /locale.php HTTP/1.1" 404 16532 "-" "-"
52.168.148.175 - - [09/Apr/2025:19:44:51 -0400] "GET /ds.php HTTP/1.1" 404 16532 "-" "-"
52.168.148.175 - - [09/Apr/2025:19:44:52 -0400] "GET /wp-includes/style-engine/gecko-new.php HTTP/1.1" 404 16532 "-" "-"
52.168.148.175 - - [09/Apr/2025:19:44:53 -0400] "GET /wp-includes/assets/autoload_classmap.php HTTP/1.1" 404 16532 "-" "-"
52.168.148.175 - - [09/Apr/2025:19:44:54 -0400] "GET /.well-known/pki-validation/index.php HTTP/1.1" 404 1251 "-" "-"
52.168.148.175 - - [09/Apr/2025:19:44:55 -0400] "GET /wp-content/uploads/autoload_classmap.php HTTP/1.1" 404 16532 "-" "-"
52.168.148.175 - - [09/Apr/2025:19:44:56 -0400] "GET /text.php HTTP/1.1" 404 16532 "-" "-"
52.168.148.175 - - [09/Apr/2025:19:44:57 -0400] "GET /ok.php HTTP/1.1" 404 16539 "-" "-"
52.168.148.175 - - [09/Apr/2025:19:44:58 -0400] "GET /wp-content/uploads/index.php HTTP/1.1" 301 0 "-" "-"
52.168.148.175 - - [09/Apr/2025:19:44:59 -0400] "GET /wp-content/uploads/ HTTP/1.1" 403 1242 "-" "-"
52.168.148.175 - - [09/Apr/2025:19:44:59 -0400] "GET /wp-admin/images/ HTTP/1.1" 403 1242 "-" "-"
52.168.148.175 - - [09/Apr/2025:19:44:59 -0400] "GET /colors.php HTTP/1.1" 404 16532 "-" "-"
52.168.148.175 - - [09/Apr/2025:19:45:02 -0400] "GET /configs.php HTTP/1.1" 404 16532 "-" "-"
52.168.148.175 - - [09/Apr/2025:19:45:07 -0400] "GET /k.php HTTP/1.1" 404 16532 "-" "-"
52.168.148.175 - - [09/Apr/2025:19:45:10 -0400] "GET /wp-includes/SimplePie/file.php HTTP/1.1" 404 16532 "-" "-"
52.168.148.175 - - [09/Apr/2025:19:45:14 -0400] "GET /randkeyword.php HTTP/1.1" 404 16532 "-" "-"
52.168.148.175 - - [09/Apr/2025:19:45:15 -0400] "GET /wp-content/admin.php HTTP/1.1" 404 16532 "-" "-"
52.168.148.175 - - [09/Apr/2025:19:45:16 -0400] "GET /wp-includes/js/crop/ HTTP/1.1" 403 1242 "-" "-"
52.168.148.175 - - [09/Apr/2025:19:45:16 -0400] "GET /feeds.php HTTP/1.1" 404 16532 "-" "-"
52.168.148.175 - - [09/Apr/2025:19:45:17 -0400] "GET /menu.php HTTP/1.1" 404 16532 "-" "-"
52.168.148.175 - - [09/Apr/2025:19:45:19 -0400] "GET /wp-includes/blocks/shortcode/ HTTP/1.1" 403 1242 "-" "-"
52.168.148.175 - - [09/Apr/2025:19:45:19 -0400] "GET /click.php HTTP/1.1" 404 16532 "-" "-"
52.168.148.175 - - [09/Apr/2025:19:45:22 -0400] "GET /files.php HTTP/1.1" 404 16532 "-" "-"
52.168.148.175 - - [09/Apr/2025:19:45:24 -0400] "GET /config.php7 HTTP/1.1" 404 16532 "-" "-"
52.168.148.175 - - [09/Apr/2025:19:45:25 -0400] "GET /theme.php HTTP/1.1" 404 16532 "-" "-"
52.168.148.175 - - [09/Apr/2025:19:45:26 -0400] "GET /block-bindings.php HTTP/1.1" 404 16532 "-" "-"
52.168.148.175 - - [09/Apr/2025:19:45:27 -0400] "GET /wp-includes/blocks/more/ HTTP/1.1" 403 1242 "-" "-"
52.168.148.175 - - [09/Apr/2025:19:45:27 -0400] "GET /wp-content/bk.php HTTP/1.1" 404 16532 "-" "-"
52.168.148.175 - - [09/Apr/2025:19:45:29 -0400] "GET /wp-admin/css/autoload_classmap.php HTTP/1.1" 404 16532 "-" "-"
198.54.114.83 - - [09/Apr/2025:19:45:31 -0400] "POST /wp-cron.php?doing_wp_cron=1744242331.2425029277801513671875 HTTP/1.1" 200 0 "-" "WordPress/6.7.2; https://shahmeenaindustry.com"
52.168.148.175 - - [09/Apr/2025:19:45:30 -0400] "GET /.tmb/autoload_classmap.php HTTP/1.1" 404 16532 "-" "-"
52.168.148.175 - - [09/Apr/2025:19:45:32 -0400] "GET /wp-includes/sitemaps/autoload_classmap.php HTTP/1.1" 404 16532 "-" "-"
52.168.148.175 - - [09/Apr/2025:19:45:34 -0400] "GET /ova.php HTTP/1.1" 404 16532 "-" "-"
52.168.148.175 - - [09/Apr/2025:19:45:34 -0400] "GET /dropdown.php HTTP/1.1" 404 16532 "-" "-"
52.168.148.175 - - [09/Apr/2025:19:45:35 -0400] "GET /xcc.php HTTP/1.1" 404 16532 "-" "-"
52.168.148.175 - - [09/Apr/2025:19:45:36 -0400] "GET /wp-content/file.php HTTP/1.1" 404 16532 "-" "-"
52.168.148.175 - - [09/Apr/2025:19:45:37 -0400] "GET /wp-admin/images/admin.php HTTP/1.1" 404 16532 "-" "-"
52.168.148.175 - - [09/Apr/2025:19:45:38 -0400] "GET /file.php HTTP/1.1" 404 16532 "-" "-"
52.168.148.175 - - [09/Apr/2025:19:45:39 -0400] "GET /wp-configs.php HTTP/1.1" 404 16532 "-" "-"
198.54.114.83 - - [09/Apr/2025:19:45:41 -0400] "POST /wp-cron.php?doing_wp_cron=1744242341.0066399574279785156250 HTTP/1.1" 200 0 "-" "WordPress/6.7.2; https://shahmeenaindustry.com"
52.168.148.175 - - [09/Apr/2025:19:45:40 -0400] "GET /wp-content/autoload_classmap.php HTTP/1.1" 404 16532 "-" "-"
52.168.148.175 - - [09/Apr/2025:19:45:42 -0400] "GET /wp-includes/theme-compat/autoload_classmap.php HTTP/1.1" 404 16532 "-" "-"
52.168.148.175 - - [09/Apr/2025:19:45:43 -0400] "GET /wp-includes/css/dist/edit-widgets/ HTTP/1.1" 403 1242 "-" "-"
52.168.148.175 - - [09/Apr/2025:19:45:43 -0400] "GET /functions.php HTTP/1.1" 404 16532 "-" "-"
52.168.148.175 - - [09/Apr/2025:19:45:44 -0400] "GET /edit.php HTTP/1.1" 404 16532 "-" "-"
52.168.148.175 - - [09/Apr/2025:19:45:45 -0400] "GET /update.php HTTP/1.1" 404 16532 "-" "-"
52.168.148.175 - - [09/Apr/2025:19:45:47 -0400] "GET /wp-content/classwithtostring.php HTTP/1.1" 404 16532 "-" "-"
52.168.148.175 - - [09/Apr/2025:19:45:47 -0400] "GET /bak.php HTTP/1.1" 404 16532 "-" "-"
52.168.148.175 - - [09/Apr/2025:19:45:48 -0400] "GET /plugin.php HTTP/1.1" 404 16532 "-" "-"
52.168.148.175 - - [09/Apr/2025:19:45:49 -0400] "GET /wp-content/uploads/2023/10/autoload_classmap.php HTTP/1.1" 404 16532 "-" "-"
52.168.148.175 - - [09/Apr/2025:19:45:50 -0400] "GET /meta.php HTTP/1.1" 404 16532 "-" "-"
52.168.148.175 - - [09/Apr/2025:19:45:51 -0400] "GET /2.php HTTP/1.1" 404 16532 "-" "-"
52.168.148.175 - - [09/Apr/2025:19:45:52 -0400] "GET /public/makeasmtp.php HTTP/1.1" 404 16532 "-" "-"
52.168.148.175 - - [09/Apr/2025:19:45:53 -0400] "GET /buy.php HTTP/1.1" 404 16532 "-" "-"
52.168.148.175 - - [09/Apr/2025:19:45:54 -0400] "GET /wp-admin/user/file.php HTTP/1.1" 404 16532 "-" "-"
52.168.148.175 - - [09/Apr/2025:19:45:56 -0400] "GET /admin.php HTTP/1.1" 404 16532 "-" "-"
52.168.148.175 - - [09/Apr/2025:19:45:58 -0400] "GET /sim.php HTTP/1.1" 404 16532 "-" "-"
52.168.148.175 - - [09/Apr/2025:19:45:59 -0400] "GET /1.php HTTP/1.1" 404 16532 "-" "-"
52.168.148.175 - - [09/Apr/2025:19:45:59 -0400] "GET /updates.php HTTP/1.1" 404 16532 "-" "-"
52.168.148.175 - - [09/Apr/2025:19:46:00 -0400] "GET /wp-content/uploads/admin.php HTTP/1.1" 404 16532 "-" "-"
52.168.148.175 - - [09/Apr/2025:19:46:01 -0400] "GET /autoload_classmap.php HTTP/1.1" 404 16532 "-" "-"
52.168.148.175 - - [09/Apr/2025:19:46:02 -0400] "GET /user.php HTTP/1.1" 404 16532 "-" "-"
52.168.148.175 - - [09/Apr/2025:19:46:03 -0400] "GET /wp-admin/classwithtostring.php HTTP/1.1" 404 16532 "-" "-"
52.168.148.175 - - [09/Apr/2025:19:46:04 -0400] "GET /wp-includes/blocks/loginout/ HTTP/1.1" 403 1242 "-" "-"
52.168.148.175 - - [09/Apr/2025:19:46:05 -0400] "GET /wp-includes/blocks/autoload_classmap.php HTTP/1.1" 404 16532 "-" "-"
52.168.148.175 - - [09/Apr/2025:19:46:06 -0400] "GET /gecko-new.php HTTP/1.1" 404 16532 "-" "-"
52.168.148.175 - - [09/Apr/2025:19:46:07 -0400] "GET /install.php HTTP/1.1" 404 16532 "-" "-"
52.168.148.175 - - [09/Apr/2025:19:46:07 -0400] "GET /input.php HTTP/1.1" 404 16532 "-" "-"
52.168.148.175 - - [09/Apr/2025:19:46:08 -0400] "GET /wp-content/plugins/WordPressCore/ HTTP/1.1" 404 16531 "-" "-"
52.168.148.175 - - [09/Apr/2025:19:46:09 -0400] "GET /wp-content/themes/about.php HTTP/1.1" 404 16532 "-" "-"
52.168.148.175 - - [09/Apr/2025:19:46:12 -0400] "GET /.well-known/acme-challenge/xmrlpc.php HTTP/1.1" 404 16532 "-" "-"
52.168.148.175 - - [09/Apr/2025:19:46:13 -0400] "GET /wp-2019.php HTTP/1.1" 404 16532 "-" "-"
52.168.148.175 - - [09/Apr/2025:19:46:14 -0400] "GET /cron.php HTTP/1.1" 404 16532 "-" "-"
52.168.148.175 - - [09/Apr/2025:19:46:15 -0400] "GET /class_api.php HTTP/1.1" 404 16532 "-" "-"
52.168.148.175 - - [09/Apr/2025:19:46:16 -0400] "GET /wp-includes/Requests/autoload_classmap.php HTTP/1.1" 404 16532 "-" "-"
52.168.148.175 - - [09/Apr/2025:19:46:17 -0400] "GET /wp-includes/certificates/autoload_classmap.php HTTP/1.1" 404 16532 "-" "-"
52.168.148.175 - - [09/Apr/2025:19:46:18 -0400] "GET /alfa-rex1.php HTTP/1.1" 404 16532 "-" "-"
52.168.148.175 - - [09/Apr/2025:19:46:19 -0400] "GET /wxo.php HTTP/1.1" 404 16532 "-" "-"
52.168.148.175 - - [09/Apr/2025:19:46:20 -0400] "GET /admin/autoload_classmap.php HTTP/1.1" 404 16532 "-" "-"
52.168.148.175 - - [09/Apr/2025:19:46:21 -0400] "GET /wp-includes/css/dist/ HTTP/1.1" 403 1242 "-" "-"
52.168.148.175 - - [09/Apr/2025:19:46:21 -0400] "GET /wp-admin/user/autoload_classmap.php HTTP/1.1" 404 16532 "-" "-"
52.168.148.175 - - [09/Apr/2025:19:46:23 -0400] "GET /aaa.php HTTP/1.1" 404 16532 "-" "-"
52.168.148.175 - - [09/Apr/2025:19:46:24 -0400] "GET /simple.php HTTP/1.1" 404 16533 "-" "-"
52.168.148.175 - - [09/Apr/2025:19:46:25 -0400] "GET /mah/function.php HTTP/1.1" 404 16532 "-" "-"
52.168.148.175 - - [09/Apr/2025:19:46:26 -0400] "GET /wp-includes/images/autoload_classmap.php HTTP/1.1" 404 16532 "-" "-"
52.168.148.175 - - [09/Apr/2025:19:46:27 -0400] "GET /chosen.php HTTP/1.1" 404 16532 "-" "-"
52.168.148.175 - - [09/Apr/2025:19:46:29 -0400] "GET /22.php HTTP/1.1" 404 16532 "-" "-"
52.168.148.175 - - [09/Apr/2025:19:46:30 -0400] "GET /alfa-rex.php HTTP/1.1" 404 16532 "-" "-"
198.54.114.83 - - [09/Apr/2025:19:46:33 -0400] "POST /wp-cron.php?doing_wp_cron=1744242393.2372870445251464843750 HTTP/1.1" 200 0 "-" "WordPress/6.7.2; https://shahmeenaindustry.com"
52.168.148.175 - - [09/Apr/2025:19:46:32 -0400] "GET /system.php HTTP/1.1" 404 16532 "-" "-"
52.168.148.175 - - [09/Apr/2025:19:46:34 -0400] "GET /colour.php HTTP/1.1" 404 16532 "-" "-"
52.168.148.175 - - [09/Apr/2025:19:46:35 -0400] "GET /wp-admin/css/about.php HTTP/1.1" 404 16532 "-" "-"
52.168.148.175 - - [09/Apr/2025:19:46:36 -0400] "GET /alfanew.php7 HTTP/1.1" 404 16532 "-" "-"
52.168.148.175 - - [09/Apr/2025:19:46:38 -0400] "GET /index/function.php HTTP/1.1" 404 16532 "-" "-"
52.168.148.175 - - [09/Apr/2025:19:46:39 -0400] "GET /epinyins.php HTTP/1.1" 404 16532 "-" "-"
198.54.114.83 - - [09/Apr/2025:19:46:42 -0400] "POST /wp-cron.php?doing_wp_cron=1744242401.7822089195251464843750 HTTP/1.1" 200 0 "-" "WordPress/6.7.2; https://shahmeenaindustry.com"
52.168.148.175 - - [09/Apr/2025:19:46:41 -0400] "GET /wp-trackback.php HTTP/1.1" 404 130 "-" "-"
52.168.148.175 - - [09/Apr/2025:19:46:43 -0400] "GET /disagreed.php HTTP/1.1" 404 16532 "-" "-"
52.168.148.175 - - [09/Apr/2025:19:46:44 -0400] "GET /wp-config-sample.php HTTP/1.1" 500 1083 "-" "-"
121.229.185.160 - - [09/Apr/2025:21:04:10 -0400] "GET / HTTP/1.1" 200 24558 "-" "Mozilla/5.0 (iPhone; CPU iPhone OS 13_2_3 like Mac OS X) AppleWebKit/605.1.15 (KHTML, like Gecko) Version/13.0.3 Mobile/15E148 Safari/604.1"
172.172.103.138 - - [09/Apr/2025:21:23:56 -0400] "HEAD /wordpress HTTP/1.1" 404 0 "-" "Mozilla/5.0 (Windows NT 10.0; Win64; x64) AppleWebKit/537.36 (KHTML, like Gecko) Chrome/74.0.3729.169 Safari/537.36"
172.172.103.138 - - [09/Apr/2025:21:23:57 -0400] "HEAD / HTTP/1.1" 200 0 "-" "Mozilla/5.0 (Windows NT 10.0; Win64; x64) AppleWebKit/537.36 (KHTML, like Gecko) Chrome/74.0.3729.169 Safari/537.36"
172.172.103.138 - - [09/Apr/2025:21:23:57 -0400] "HEAD /wp HTTP/1.1" 404 0 "-" "Mozilla/5.0 (Windows NT 10.0; Win64; x64) AppleWebKit/537.36 (KHTML, like Gecko) Chrome/74.0.3729.169 Safari/537.36"
172.172.103.138 - - [09/Apr/2025:21:23:57 -0400] "HEAD /bc HTTP/1.1" 404 0 "-" "Mozilla/5.0 (Windows NT 10.0; Win64; x64) AppleWebKit/537.36 (KHTML, like Gecko) Chrome/74.0.3729.169 Safari/537.36"
172.172.103.138 - - [09/Apr/2025:21:23:57 -0400] "HEAD /bk HTTP/1.1" 404 0 "-" "Mozilla/5.0 (Windows NT 10.0; Win64; x64) AppleWebKit/537.36 (KHTML, like Gecko) Chrome/74.0.3729.169 Safari/537.36"
172.172.103.138 - - [09/Apr/2025:21:23:58 -0400] "HEAD /backup HTTP/1.1" 404 0 "-" "Mozilla/5.0 (Windows NT 10.0; Win64; x64) AppleWebKit/537.36 (KHTML, like Gecko) Chrome/74.0.3729.169 Safari/537.36"
172.172.103.138 - - [09/Apr/2025:21:23:58 -0400] "HEAD /old HTTP/1.1" 404 0 "-" "Mozilla/5.0 (Windows NT 10.0; Win64; x64) AppleWebKit/537.36 (KHTML, like Gecko) Chrome/74.0.3729.169 Safari/537.36"
172.172.103.138 - - [09/Apr/2025:21:23:58 -0400] "HEAD /new HTTP/1.1" 301 0 "-" "Mozilla/5.0 (Windows NT 10.0; Win64; x64) AppleWebKit/537.36 (KHTML, like Gecko) Chrome/74.0.3729.169 Safari/537.36"
172.172.103.138 - - [09/Apr/2025:21:23:59 -0400] "HEAD /main HTTP/1.1" 404 0 "-" "Mozilla/5.0 (Windows NT 10.0; Win64; x64) AppleWebKit/537.36 (KHTML, like Gecko) Chrome/74.0.3729.169 Safari/537.36"
172.172.103.138 - - [09/Apr/2025:21:24:00 -0400] "HEAD /home HTTP/1.1" 301 0 "-" "Mozilla/5.0 (Windows NT 10.0; Win64; x64) AppleWebKit/537.36 (KHTML, like Gecko) Chrome/74.0.3729.169 Safari/537.36"
198.54.114.83 - - [09/Apr/2025:21:37:32 -0400] "POST /wp-cron.php?doing_wp_cron=1744249052.3113479614257812500000 HTTP/1.1" 200 0 "-" "WordPress/6.7.2; https://shahmeenaindustry.com"
103.118.44.176 - - [09/Apr/2025:21:37:32 -0400] "GET //omnivoid-is-changing-the-game-in-augmented-and-mixed-realityomnivoid-is-changing-the-game-in-augmented-and-mixed-reality/ HTTP/1.1" 301 0 "-" "Mozilla/5.0 (Windows NT 10.0; Win64; x64) AppleWebKit/537.36 (KHTML, like Gecko) Chrome/114.0.0.0 YaBrowser/22.7.0 Yowser/2.5 Safari/537.36"
