54.254.137.198 - - [04/Apr/2025:16:40:17 -0400] "GET /wp-includes/IXR/ HTTP/1.1" 403 1242 "-" "Mozlila/5.0 (Linux; Android 7.0; SM-G892A Bulid/NRD90M; wv) AppleWebKit/537.36 (KHTML, like Gecko) Version/4.0 Chrome/60.0.3112.107 Moblie Safari/537.36"
54.254.137.198 - - [04/Apr/2025:16:40:18 -0400] "GET /wp-admin/images/index.php HTTP/1.1" 301 0 "-" "Mozlila/5.0 (Linux; Android 7.0; SM-G892A Bulid/NRD90M; wv) AppleWebKit/537.36 (KHTML, like Gecko) Version/4.0 Chrome/60.0.3112.107 Moblie Safari/537.36"
54.254.137.198 - - [04/Apr/2025:16:40:24 -0400] "GET /wp-admin/images/ HTTP/1.1" 403 1242 "-" "Mozlila/5.0 (Linux; Android 7.0; SM-G892A Bulid/NRD90M; wv) AppleWebKit/537.36 (KHTML, like Gecko) Version/4.0 Chrome/60.0.3112.107 Moblie Safari/537.36"
54.254.137.198 - - [04/Apr/2025:16:40:26 -0400] "GET /wp-login.php HTTP/1.1" 302 0 "-" "Mozlila/5.0 (Linux; Android 7.0; SM-G892A Bulid/NRD90M; wv) AppleWebKit/537.36 (KHTML, like Gecko) Version/4.0 Chrome/60.0.3112.107 Moblie Safari/537.36"
54.254.137.198 - - [04/Apr/2025:16:40:31 -0400] "GET /wp-content/plugins/admin.php HTTP/1.1" 404 16532 "-" "Mozlila/5.0 (Linux; Android 7.0; SM-G892A Bulid/NRD90M; wv) AppleWebKit/537.36 (KHTML, like Gecko) Version/4.0 Chrome/60.0.3112.107 Moblie Safari/537.36"
54.254.137.198 - - [04/Apr/2025:16:40:35 -0400] "GET /xmlrpc.php HTTP/1.1" 405 60 "-" "Mozlila/5.0 (Linux; Android 7.0; SM-G892A Bulid/NRD90M; wv) AppleWebKit/537.36 (KHTML, like Gecko) Version/4.0 Chrome/60.0.3112.107 Moblie Safari/537.36"
54.254.137.198 - - [04/Apr/2025:16:40:37 -0400] "GET /wp-admin.php HTTP/1.1" 404 16533 "-" "Mozlila/5.0 (Linux; Android 7.0; SM-G892A Bulid/NRD90M; wv) AppleWebKit/537.36 (KHTML, like Gecko) Version/4.0 Chrome/60.0.3112.107 Moblie Safari/537.36"
54.254.137.198 - - [04/Apr/2025:16:40:39 -0400] "GET /wp-content/plugins/Core-Econ/upH.php HTTP/1.1" 404 16530 "-" "Mozlila/5.0 (Linux; Android 7.0; SM-G892A Bulid/NRD90M; wv) AppleWebKit/537.36 (KHTML, like Gecko) Version/4.0 Chrome/60.0.3112.107 Moblie Safari/537.36"
54.254.137.198 - - [04/Apr/2025:16:40:42 -0400] "GET /wp-content/plugins/fix/up.php HTTP/1.1" 404 16531 "-" "Mozlila/5.0 (Linux; Android 7.0; SM-G892A Bulid/NRD90M; wv) AppleWebKit/537.36 (KHTML, like Gecko) Version/4.0 Chrome/60.0.3112.107 Moblie Safari/537.36"
54.254.137.198 - - [04/Apr/2025:16:40:44 -0400] "GET /wp-content/plugins/pwnd/pwnd.php HTTP/1.1" 404 16531 "-" "Mozlila/5.0 (Linux; Android 7.0; SM-G892A Bulid/NRD90M; wv) AppleWebKit/537.36 (KHTML, like Gecko) Version/4.0 Chrome/60.0.3112.107 Moblie Safari/537.36"
54.254.137.198 - - [04/Apr/2025:16:40:46 -0400] "GET /wp-content/plugins/shell/noimg.php HTTP/1.1" 404 16532 "-" "Mozlila/5.0 (Linux; Android 7.0; SM-G892A Bulid/NRD90M; wv) AppleWebKit/537.36 (KHTML, like Gecko) Version/4.0 Chrome/60.0.3112.107 Moblie Safari/537.36"
198.54.114.83 - - [04/Apr/2025:16:40:51 -0400] "POST /wp-cron.php?doing_wp_cron=1743799250.9417970180511474609375 HTTP/1.1" 200 0 "-" "WordPress/6.7.2; https://shahmeenaindustry.com"
54.254.137.198 - - [04/Apr/2025:16:40:50 -0400] "GET /WSOEnigma.php HTTP/1.1" 404 16532 "-" "Mozlila/5.0 (Linux; Android 7.0; SM-G892A Bulid/NRD90M; wv) AppleWebKit/537.36 (KHTML, like Gecko) Version/4.0 Chrome/60.0.3112.107 Moblie Safari/537.36"
54.254.137.198 - - [04/Apr/2025:16:40:56 -0400] "GET /wp-content/plugins/pwnd-1/pwnd.php HTTP/1.1" 404 16533 "-" "Mozlila/5.0 (Linux; Android 7.0; SM-G892A Bulid/NRD90M; wv) AppleWebKit/537.36 (KHTML, like Gecko) Version/4.0 Chrome/60.0.3112.107 Moblie Safari/537.36"
54.254.137.198 - - [04/Apr/2025:16:41:00 -0400] "GET /wp-content/plugins/dummyyummy/wp-signup.php HTTP/1.1" 404 16532 "-" "Mozlila/5.0 (Linux; Android 7.0; SM-G892A Bulid/NRD90M; wv) AppleWebKit/537.36 (KHTML, like Gecko) Version/4.0 Chrome/60.0.3112.107 Moblie Safari/537.36"
54.254.137.198 - - [04/Apr/2025:16:41:03 -0400] "GET /wp-content/plugins/clara/clara.php HTTP/1.1" 404 16532 "-" "Mozlila/5.0 (Linux; Android 7.0; SM-G892A Bulid/NRD90M; wv) AppleWebKit/537.36 (KHTML, like Gecko) Version/4.0 Chrome/60.0.3112.107 Moblie Safari/537.36"
62.60.160.33 - - [04/Apr/2025:16:41:23 -0400] "POST /xmlrpc.php HTTP/1.1" 200 212 "http://shahmeenaindustry.com" "Mozilla/5.0 (Windows NT 11.0; Win64; x64) AppleWebKit/537.36 (KHTML, like Gecko) Chrome/126.0.0.0 Safari/537.36 Edg/126.0.0.0"
54.254.137.198 - - [04/Apr/2025:16:43:31 -0400] "GET /wp-includes/ID3/index.php HTTP/1.1" 301 0 "-" "Mozlila/5.0 (Linux; Android 7.0; SM-G892A Bulid/NRD90M; wv) AppleWebKit/537.36 (KHTML, like Gecko) Version/4.0 Chrome/60.0.3112.107 Moblie Safari/537.36"
54.254.137.198 - - [04/Apr/2025:16:43:32 -0400] "GET /wp-includes/ID3/ HTTP/1.1" 403 1242 "-" "Mozlila/5.0 (Linux; Android 7.0; SM-G892A Bulid/NRD90M; wv) AppleWebKit/537.36 (KHTML, like Gecko) Version/4.0 Chrome/60.0.3112.107 Moblie Safari/537.36"
54.254.137.198 - - [04/Apr/2025:16:43:34 -0400] "GET /wp-content/plugins/index.php HTTP/1.1" 200 0 "-" "Mozlila/5.0 (Linux; Android 7.0; SM-G892A Bulid/NRD90M; wv) AppleWebKit/537.36 (KHTML, like Gecko) Version/4.0 Chrome/60.0.3112.107 Moblie Safari/537.36"
54.254.137.198 - - [04/Apr/2025:16:43:35 -0400] "GET /wp-admin/network/index.php HTTP/1.1" 302 0 "-" "Mozlila/5.0 (Linux; Android 7.0; SM-G892A Bulid/NRD90M; wv) AppleWebKit/537.36 (KHTML, like Gecko) Version/4.0 Chrome/60.0.3112.107 Moblie Safari/537.36"
54.254.137.198 - - [04/Apr/2025:16:43:47 -0400] "GET /wp-includes/IXR/index.php HTTP/1.1" 301 0 "-" "Mozlila/5.0 (Linux; Android 7.0; SM-G892A Bulid/NRD90M; wv) AppleWebKit/537.36 (KHTML, like Gecko) Version/4.0 Chrome/60.0.3112.107 Moblie Safari/537.36"
54.254.137.198 - - [04/Apr/2025:16:43:50 -0400] "GET /wp-includes/IXR/ HTTP/1.1" 403 1242 "-" "Mozlila/5.0 (Linux; Android 7.0; SM-G892A Bulid/NRD90M; wv) AppleWebKit/537.36 (KHTML, like Gecko) Version/4.0 Chrome/60.0.3112.107 Moblie Safari/537.36"
54.254.137.198 - - [04/Apr/2025:16:43:51 -0400] "GET /wp-admin/images/index.php HTTP/1.1" 301 0 "-" "Mozlila/5.0 (Linux; Android 7.0; SM-G892A Bulid/NRD90M; wv) AppleWebKit/537.36 (KHTML, like Gecko) Version/4.0 Chrome/60.0.3112.107 Moblie Safari/537.36"
54.254.137.198 - - [04/Apr/2025:16:43:56 -0400] "GET /wp-admin/images/ HTTP/1.1" 403 1242 "-" "Mozlila/5.0 (Linux; Android 7.0; SM-G892A Bulid/NRD90M; wv) AppleWebKit/537.36 (KHTML, like Gecko) Version/4.0 Chrome/60.0.3112.107 Moblie Safari/537.36"
54.254.137.198 - - [04/Apr/2025:16:43:57 -0400] "GET /wp-login.php HTTP/1.1" 302 0 "-" "Mozlila/5.0 (Linux; Android 7.0; SM-G892A Bulid/NRD90M; wv) AppleWebKit/537.36 (KHTML, like Gecko) Version/4.0 Chrome/60.0.3112.107 Moblie Safari/537.36"
54.254.137.198 - - [04/Apr/2025:16:44:11 -0400] "GET /wp-content/plugins/admin.php HTTP/1.1" 404 16532 "-" "Mozlila/5.0 (Linux; Android 7.0; SM-G892A Bulid/NRD90M; wv) AppleWebKit/537.36 (KHTML, like Gecko) Version/4.0 Chrome/60.0.3112.107 Moblie Safari/537.36"
198.54.114.83 - - [04/Apr/2025:16:44:14 -0400] "POST /wp-cron.php?doing_wp_cron=1743799453.6247189044952392578125 HTTP/1.1" 200 0 "-" "WordPress/6.7.2; https://shahmeenaindustry.com"
54.254.137.198 - - [04/Apr/2025:16:44:13 -0400] "GET /xmlrpc.php HTTP/1.1" 405 60 "-" "Mozlila/5.0 (Linux; Android 7.0; SM-G892A Bulid/NRD90M; wv) AppleWebKit/537.36 (KHTML, like Gecko) Version/4.0 Chrome/60.0.3112.107 Moblie Safari/537.36"
54.254.137.198 - - [04/Apr/2025:16:44:16 -0400] "GET /wp-admin.php HTTP/1.1" 404 16533 "-" "Mozlila/5.0 (Linux; Android 7.0; SM-G892A Bulid/NRD90M; wv) AppleWebKit/537.36 (KHTML, like Gecko) Version/4.0 Chrome/60.0.3112.107 Moblie Safari/537.36"
54.254.137.198 - - [04/Apr/2025:16:44:19 -0400] "GET /wp-content/plugins/Core-Econ/upH.php HTTP/1.1" 404 16530 "-" "Mozlila/5.0 (Linux; Android 7.0; SM-G892A Bulid/NRD90M; wv) AppleWebKit/537.36 (KHTML, like Gecko) Version/4.0 Chrome/60.0.3112.107 Moblie Safari/537.36"
54.254.137.198 - - [04/Apr/2025:16:44:25 -0400] "GET /wp-content/plugins/fix/up.php HTTP/1.1" 404 16531 "-" "Mozlila/5.0 (Linux; Android 7.0; SM-G892A Bulid/NRD90M; wv) AppleWebKit/537.36 (KHTML, like Gecko) Version/4.0 Chrome/60.0.3112.107 Moblie Safari/537.36"
54.254.137.198 - - [04/Apr/2025:16:44:28 -0400] "GET /wp-content/plugins/pwnd/pwnd.php HTTP/1.1" 404 16531 "-" "Mozlila/5.0 (Linux; Android 7.0; SM-G892A Bulid/NRD90M; wv) AppleWebKit/537.36 (KHTML, like Gecko) Version/4.0 Chrome/60.0.3112.107 Moblie Safari/537.36"
54.254.137.198 - - [04/Apr/2025:16:44:31 -0400] "GET /wp-content/plugins/shell/noimg.php HTTP/1.1" 404 16532 "-" "Mozlila/5.0 (Linux; Android 7.0; SM-G892A Bulid/NRD90M; wv) AppleWebKit/537.36 (KHTML, like Gecko) Version/4.0 Chrome/60.0.3112.107 Moblie Safari/537.36"
54.254.137.198 - - [04/Apr/2025:16:44:34 -0400] "GET /WSOEnigma.php HTTP/1.1" 404 16532 "-" "Mozlila/5.0 (Linux; Android 7.0; SM-G892A Bulid/NRD90M; wv) AppleWebKit/537.36 (KHTML, like Gecko) Version/4.0 Chrome/60.0.3112.107 Moblie Safari/537.36"
54.254.137.198 - - [04/Apr/2025:16:44:37 -0400] "GET /wp-content/plugins/pwnd-1/pwnd.php HTTP/1.1" 404 16533 "-" "Mozlila/5.0 (Linux; Android 7.0; SM-G892A Bulid/NRD90M; wv) AppleWebKit/537.36 (KHTML, like Gecko) Version/4.0 Chrome/60.0.3112.107 Moblie Safari/537.36"
54.254.137.198 - - [04/Apr/2025:16:44:41 -0400] "GET /wp-content/plugins/dummyyummy/wp-signup.php HTTP/1.1" 404 16532 "-" "Mozlila/5.0 (Linux; Android 7.0; SM-G892A Bulid/NRD90M; wv) AppleWebKit/537.36 (KHTML, like Gecko) Version/4.0 Chrome/60.0.3112.107 Moblie Safari/537.36"
54.254.137.198 - - [04/Apr/2025:16:44:43 -0400] "GET /wp-content/plugins/clara/clara.php HTTP/1.1" 404 16532 "-" "Mozlila/5.0 (Linux; Android 7.0; SM-G892A Bulid/NRD90M; wv) AppleWebKit/537.36 (KHTML, like Gecko) Version/4.0 Chrome/60.0.3112.107 Moblie Safari/537.36"
103.157.142.103 - - [04/Apr/2025:16:45:59 -0400] "GET /wp-content/ HTTP/1.1" 200 0 "-" "Mozilla/5.0 (Windows NT 10.0; Win64; x64) AppleWebKit/537.36 (KHTML, like Gecko) Chrome/91.0.4472.124 Safari/537.36"
103.157.142.103 - - [04/Apr/2025:16:46:00 -0400] "GET /.env HTTP/1.1" 403 1242 "-" "Mozilla/5.0 (Windows NT 10.0; Win64; x64) AppleWebKit/537.36 (KHTML, like Gecko) Chrome/91.0.4472.124 Safari/537.36"
148.72.126.119 - - [04/Apr/2025:16:55:46 -0400] "POST /xmlrpc.php HTTP/1.1" 200 212 "http://shahmeenaindustry.com" "Mozilla/5.0 (Windows NT 10.0; Win64; x64) AppleWebKit/537.36 (KHTML, like Gecko) Chrome/126.0.0.0 Safari/537.36"
103.148.164.166 - - [04/Apr/2025:17:09:44 -0400] "POST /xmlrpc.php HTTP/1.1" 200 212 "http://shahmeenaindustry.com" "Mozilla/5.0 (Windows NT 10.0; Win64; x64; rv:127.0) Gecko/20100101 Firefox/127.0"
198.54.114.83 - - [04/Apr/2025:17:09:50 -0400] "POST /wp-cron.php?doing_wp_cron=1743800985.9934320449829101562500 HTTP/1.1" 200 0 "-" "WordPress/6.7.2; https://shahmeenaindustry.com"
66.29.132.86 - - [04/Apr/2025:17:23:32 -0400] "POST /xmlrpc.php HTTP/1.1" 200 212 "http://shahmeenaindustry.com" "Mozilla/5.0 (Macintosh; Intel Mac OS X 14_6) AppleWebKit/605.1.15 (KHTML, like Gecko) Version/17.5 Safari/605.1.15"
198.54.114.83 - - [04/Apr/2025:17:23:38 -0400] "POST /wp-cron.php?doing_wp_cron=1743801815.3482670783996582031250 HTTP/1.1" 200 0 "-" "WordPress/6.7.2; https://shahmeenaindustry.com"
107.172.243.11 - - [04/Apr/2025:17:37:04 -0400] "POST /xmlrpc.php HTTP/1.1" 200 212 "http://shahmeenaindustry.com" "Mozilla/5.0 (Windows NT 10.0; Win64; x64) AppleWebKit/537.36 (KHTML, like Gecko) Chrome/116.0.5845.96 Safari/537.36 Edg/116.0.1938.62"
198.54.114.83 - - [04/Apr/2025:17:37:08 -0400] "POST /wp-cron.php?doing_wp_cron=1743802625.5766849517822265625000 HTTP/1.1" 200 0 "-" "WordPress/6.7.2; https://shahmeenaindustry.com"
2605:6f00:1234:701:1::14d - - [04/Apr/2025:17:50:23 -0400] "POST /xmlrpc.php HTTP/1.1" 200 212 "http://shahmeenaindustry.com" "Mozilla/5.0 (Macintosh; Intel Mac OS X 10_15_7; rv:126.0) Gecko/20100101 Firefox/126.0"
45.88.91.131 - - [04/Apr/2025:17:54:11 -0400] "GET /.env HTTP/1.1" 403 1242 "-" "Mozilla/5.0 (Macintosh; Intel Mac OS X 10.15; rv:77.0) Gecko/20100101 Firefox/77.0"
208.109.173.103 - - [04/Apr/2025:18:03:29 -0400] "POST /xmlrpc.php HTTP/1.1" 200 212 "http://shahmeenaindustry.com" "Mozilla/5.0 (Windows NT 10.0; Win64; x64; rv:128.0) Gecko/20100101 Firefox/128.0"
192.252.215.2 - - [04/Apr/2025:18:14:56 -0400] "GET /cbd-shop-uk-review/ HTTP/1.1" 200 23132 "http://shahmeenaindustry.com/cbd-shop-uk-review/" "Mozilla/5.0 (Windows NT 10.0; Win64; x64) AppleWebKit/537.36 (KHTML, like Gecko) Chrome/131.0.0.0 Safari/537.36"
198.54.114.83 - - [04/Apr/2025:18:15:02 -0400] "POST /wp-cron.php?doing_wp_cron=1743804900.9538791179656982421875 HTTP/1.1" 200 0 "-" "WordPress/6.7.2; https://shahmeenaindustry.com"
192.252.215.2 - - [04/Apr/2025:18:15:00 -0400] "POST /wp-comments-post.php HTTP/1.1" 200 1168 "http://shahmeenaindustry.com/cbd-shop-uk-review/" "Mozilla/5.0 (Windows NT 10.0; Win64; x64) AppleWebKit/537.36 (KHTML, like Gecko) Chrome/131.0.0.0 Safari/537.36"
162.0.232.11 - - [04/Apr/2025:18:16:39 -0400] "POST /xmlrpc.php HTTP/1.1" 200 0 "http://shahmeenaindustry.com" "Mozilla/5.0 (Windows NT 11.0; Win64; x64) AppleWebKit/537.36 (KHTML, like Gecko) Chrome/126.0.0.0 Safari/537.36"
198.54.114.83 - - [04/Apr/2025:18:16:49 -0400] "POST /wp-cron.php?doing_wp_cron=1743805006.4681329727172851562500 HTTP/1.1" 200 0 "-" "WordPress/6.7.2; https://shahmeenaindustry.com"
216.244.66.200 - - [04/Apr/2025:18:20:34 -0400] "GET /robots.txt HTTP/1.1" 200 131 "-" "Mozilla/5.0 (compatible; DotBot/1.2; +https://opensiteexplorer.org/dotbot; help@moz.com)"
216.244.66.200 - - [04/Apr/2025:18:27:57 -0400] "GET /the-growing-demand-for-townhouses/feed/ HTTP/1.1" 200 438 "-" "Mozilla/5.0 (compatible; DotBot/1.2; +https://opensiteexplorer.org/dotbot; help@moz.com)"
192.99.19.65 - - [04/Apr/2025:18:29:23 -0400] "POST /xmlrpc.php HTTP/1.1" 200 212 "http://shahmeenaindustry.com" "Mozilla/5.0 (Macintosh; Intel Mac OS X 10_15_7) AppleWebKit/537.36 (KHTML, like Gecko) Chrome/126.0.0.0 Safari/537.36"
110.172.98.2 - - [04/Apr/2025:18:30:51 -0400] "GET / HTTP/1.1" 200 24612 "-" "Mozilla/5.0 (Windows NT 10.0; Win64; x64) AppleWebKit/537.36 (KHTML, like Gecko) Chrome/79.0.3945.130 Safari/537.36"
147.53.122.221 - - [04/Apr/2025:18:35:01 -0400] "GET /cbd-shop-uk-review/ HTTP/1.1" 200 23132 "-" "Mozilla/5.0 (Windows NT 10.0) AppleWebKit/537.36 (KHTML, like Gecko) Chrome/114.0.0.0 Safari/537.36"
198.54.114.83 - - [04/Apr/2025:18:41:56 -0400] "POST /wp-cron.php?doing_wp_cron=1743806514.6568779945373535156250 HTTP/1.1" 200 0 "-" "WordPress/6.7.2; https://shahmeenaindustry.com"
111.229.111.163 - - [04/Apr/2025:18:41:54 -0400] "POST /xmlrpc.php HTTP/1.1" 200 212 "http://shahmeenaindustry.com" "Mozilla/5.0 (Macintosh; Intel Mac OS X 10_15_7) AppleWebKit/537.36 (KHTML, like Gecko) Chrome/116.0.5845.96 Safari/537.36"
198.54.114.83 - - [04/Apr/2025:18:54:31 -0400] "POST /wp-cron.php?doing_wp_cron=1743807268.8419299125671386718750 HTTP/1.1" 200 0 "-" "WordPress/6.7.2; https://shahmeenaindustry.com"
162.0.235.2 - - [04/Apr/2025:18:54:27 -0400] "POST /xmlrpc.php HTTP/1.1" 200 212 "http://shahmeenaindustry.com" "Mozilla/5.0 (Macintosh; Intel Mac OS X 10_15_7) AppleWebKit/537.36 (KHTML, like Gecko) Chrome/114.0.5735.134 Safari/537.36"
205.210.31.38 - - [04/Apr/2025:19:00:29 -0400] "GET / HTTP/1.1" 200 24612 "-" "-"
2a03:2880:11ff:6:: - - [04/Apr/2025:19:03:20 -0400] "GET /robots.txt HTTP/1.1" 200 131 "-" "facebookexternalhit/1.1 (+http://www.facebook.com/externalhit_uatext.php)"
134.209.100.42 - - [04/Apr/2025:19:06:45 -0400] "POST /xmlrpc.php HTTP/1.1" 200 212 "http://shahmeenaindustry.com" "Mozilla/5.0 (Windows NT 10.0; Win64; x64) AppleWebKit/537.36 (KHTML, like Gecko) Chrome/116.0.5845.96 Safari/537.36 Edg/116.0.1938.62"
103.163.214.43 - - [04/Apr/2025:19:30:53 -0400] "POST /xmlrpc.php HTTP/1.1" 200 0 "http://shahmeenaindustry.com" "Mozilla/5.0 (Macintosh; Intel Mac OS X 10_15_7) AppleWebKit/537.36 (KHTML, like Gecko) Chrome/115.0.5790.102 Safari/537.36"
198.54.114.83 - - [04/Apr/2025:19:31:01 -0400] "POST /wp-cron.php?doing_wp_cron=1743809458.6257059574127197265625 HTTP/1.1" 200 0 "-" "WordPress/6.7.2; https://shahmeenaindustry.com"
68.178.168.103 - - [04/Apr/2025:19:42:33 -0400] "POST /xmlrpc.php HTTP/1.1" 200 212 "http://shahmeenaindustry.com" "Mozilla/5.0 (Windows NT 10.0; Win64; x64) AppleWebKit/537.36 (KHTML, like Gecko) Chrome/113.0.5672.93 Safari/537.36"
2603:3:6106:3ce0:: - - [04/Apr/2025:19:54:17 -0400] "POST /xmlrpc.php HTTP/1.1" 200 212 "http://shahmeenaindustry.com" "Mozilla/5.0 (Windows NT 10.0; Win64; x64) AppleWebKit/537.36 (KHTML, like Gecko) Chrome/114.0.5735.199 Safari/537.36 Edg/114.0.1823.67"
54.36.209.164 - - [04/Apr/2025:20:06:07 -0400] "POST /xmlrpc.php HTTP/1.1" 200 212 "http://shahmeenaindustry.com" "Mozilla/5.0 (Macintosh; Intel Mac OS X 13.3; rv:126.0) Gecko/20100101 Firefox/126.0"
198.54.114.83 - - [04/Apr/2025:20:17:56 -0400] "POST /wp-cron.php?doing_wp_cron=1743812276.6111650466918945312500 HTTP/1.1" 200 0 "-" "WordPress/6.7.2; https://shahmeenaindustry.com"
51.222.110.187 - - [04/Apr/2025:20:17:49 -0400] "POST /xmlrpc.php HTTP/1.1" 200 212 "http://shahmeenaindustry.com" "Mozilla/5.0 (Windows NT 10.0; Win64; x64) AppleWebKit/537.36 (KHTML, like Gecko) Chrome/116.0.5845.96 Safari/537.36 Edg/116.0.1938.62"
212.102.39.211 - - [04/Apr/2025:20:19:47 -0400] "GET /nearest-hotels-to-disneyland-paris-with-free-shuttle-bus/ HTTP/1.1" 200 21215 "http://shahmeenaindustry.com/nearest-hotels-to-disneyland-paris-with-free-shuttle-bus/" "Mozilla/5.0 (Windows NT 10.0; Win64; x64) AppleWebKit/537.36 (KHTML, like Gecko) Chrome/131.0.0.0 Safari/537.36 Avast/131.0.0.0"
212.102.39.211 - - [04/Apr/2025:20:19:52 -0400] "POST /wp-comments-post.php HTTP/1.1" 302 0 "http://shahmeenaindustry.com/nearest-hotels-to-disneyland-paris-with-free-shuttle-bus/" "Mozilla/5.0 (Windows NT 10.0; Win64; x64) AppleWebKit/537.36 (KHTML, like Gecko) Chrome/131.0.0.0 Safari/537.36 Avast/131.0.0.0"
103.7.8.179 - - [04/Apr/2025:20:29:10 -0400] "POST /xmlrpc.php HTTP/1.1" 200 212 "http://shahmeenaindustry.com" "Mozilla/5.0 (Macintosh; Intel Mac OS X 10_15_7; rv:128.0) Gecko/20100101 Firefox/128.0"
112.86.225.221 - - [04/Apr/2025:20:33:35 -0400] "GET /robots.txt HTTP/1.1" 200 131 "-" "Sogou web spider/4.0(+http://www.sogou.com/docs/help/webmasters.htm#07)"
103.148.164.166 - - [04/Apr/2025:20:40:24 -0400] "POST /xmlrpc.php HTTP/1.1" 200 212 "http://shahmeenaindustry.com" "Mozilla/5.0 (Windows NT 10.0; Win64; x64) AppleWebKit/537.36 (KHTML, like Gecko) Chrome/112.0.5615.138 Safari/537.36"
203.175.9.41 - - [04/Apr/2025:20:51:38 -0400] "POST /xmlrpc.php HTTP/1.1" 200 212 "http://shahmeenaindustry.com" "Mozilla/5.0 (Macintosh; Intel Mac OS X 10_15_7; rv:126.0) Gecko/20100101 Firefox/126.0"
198.54.114.83 - - [04/Apr/2025:21:03:05 -0400] "POST /wp-cron.php?doing_wp_cron=1743814985.5010120868682861328125 HTTP/1.1" 200 0 "-" "WordPress/6.7.2; https://shahmeenaindustry.com"
188.164.195.65 - - [04/Apr/2025:21:03:05 -0400] "POST /xmlrpc.php HTTP/1.1" 200 212 "http://shahmeenaindustry.com" "Mozilla/5.0 (Windows NT 10.0; Win64; x64) AppleWebKit/537.36 (KHTML, like Gecko) Chrome/114.0.5735.199 Safari/537.36 Edg/114.0.1823.67"
186.64.116.45 - - [04/Apr/2025:21:14:29 -0400] "POST /xmlrpc.php HTTP/1.1" 200 212 "http://shahmeenaindustry.com" "Mozilla/5.0 (Macintosh; Intel Mac OS X 10_15_7; rv:128.0) Gecko/20100101 Firefox/128.0"
66.249.79.5 - - [04/Apr/2025:21:24:48 -0400] "GET /robots.txt HTTP/1.1" 200 131 "-" "Mozilla/5.0 (compatible; Googlebot/2.1; +http://www.google.com/bot.html)"
66.249.79.4 - - [04/Apr/2025:21:24:48 -0400] "GET /wp-includes/js/jquery/jquery-migrate.min.js?ver=3.4.1 HTTP/1.1" 200 5342 "https://shahmeenaindustry.com/youtube-mp4-downloader/" "Mozilla/5.0 (Linux; Android 6.0.1; Nexus 5X Build/MMB29P) AppleWebKit/537.36 (KHTML, like Gecko) Chrome/134.0.6998.165 Mobile Safari/537.36 (compatible; Googlebot/2.1; +http://www.google.com/bot.html)"
66.249.79.4 - - [04/Apr/2025:21:24:50 -0400] "GET /wp-content/themes/chromenews/assets/sidr/css/jquery.sidr.dark.css?ver=4.9.3 HTTP/1.1" 200 445 "https://shahmeenaindustry.com/youtube-mp4-downloader/" "Mozilla/5.0 (Linux; Android 6.0.1; Nexus 5X Build/MMB29P) AppleWebKit/537.36 (KHTML, like Gecko) Chrome/134.0.6998.165 Mobile Safari/537.36 (compatible; Googlebot/2.1; +http://www.google.com/bot.html)"
198.54.114.83 - - [04/Apr/2025:21:26:03 -0400] "POST /wp-cron.php?doing_wp_cron=1743816362.9706609249114990234375 HTTP/1.1" 200 0 "-" "WordPress/6.7.2; https://shahmeenaindustry.com"
51.178.81.248 - - [04/Apr/2025:21:25:58 -0400] "POST /xmlrpc.php HTTP/1.1" 200 212 "http://shahmeenaindustry.com" "Mozilla/5.0 (Macintosh; Intel Mac OS X 10_15_7) AppleWebKit/537.36 (KHTML, like Gecko) Chrome/126.0.0.0 Safari/537.36"
198.54.114.83 - - [04/Apr/2025:21:37:36 -0400] "POST /wp-cron.php?doing_wp_cron=1743817056.6396639347076416015625 HTTP/1.1" 200 0 "-" "WordPress/6.7.2; https://shahmeenaindustry.com"
198.54.125.232 - - [04/Apr/2025:21:37:32 -0400] "POST /xmlrpc.php HTTP/1.1" 200 212 "http://shahmeenaindustry.com" "Mozilla/5.0 (Windows NT 10.0; Win64; x64) AppleWebKit/537.36 (KHTML, like Gecko) Chrome/114.0.5735.199 Safari/537.36 Edg/114.0.1823.67"
49.51.183.15 - - [04/Apr/2025:21:48:50 -0400] "GET / HTTP/1.1" 200 24612 "-" "Mozilla/5.0 (iPhone; CPU iPhone OS 13_2_3 like Mac OS X) AppleWebKit/605.1.15 (KHTML, like Gecko) Version/13.0.3 Mobile/15E148 Safari/604.1"
134.122.118.246 - - [04/Apr/2025:21:49:15 -0400] "POST /xmlrpc.php HTTP/1.1" 200 212 "http://shahmeenaindustry.com" "Mozilla/5.0 (Macintosh; Intel Mac OS X 10_15_7) AppleWebKit/537.36 (KHTML, like Gecko) Chrome/126.0.0.0 Safari/537.36"
198.54.114.83 - - [04/Apr/2025:22:00:57 -0400] "POST /wp-cron.php?doing_wp_cron=1743818456.9896450042724609375000 HTTP/1.1" 200 0 "-" "WordPress/6.7.2; https://shahmeenaindustry.com"
198.54.114.126 - - [04/Apr/2025:22:00:56 -0400] "POST /xmlrpc.php HTTP/1.1" 200 212 "http://shahmeenaindustry.com" "Mozilla/5.0 (Windows NT 10.0; Win64; x64) AppleWebKit/537.36 (KHTML, like Gecko) Chrome/113.0.5672.126 Safari/537.36 Edg/113.0.1774.50"
54.36.209.164 - - [04/Apr/2025:22:13:34 -0400] "POST /xmlrpc.php HTTP/1.1" 200 212 "http://shahmeenaindustry.com" "Mozilla/5.0 (Macintosh; Intel Mac OS X 13.3; rv:126.0) Gecko/20100101 Firefox/126.0"
134.209.215.33 - - [04/Apr/2025:22:24:04 -0400] "GET /wp-admin/css/ HTTP/1.1" 403 1242 "binance.com" "Mozilla/5.0 (Windows NT 10.0; Win64; x64) AppleWebKit/537.36 (KHTML, like Gecko) Chrome/90.0.4430.85 Safari/537.36"
37.187.26.72 - - [04/Apr/2025:22:25:56 -0400] "POST /xmlrpc.php HTTP/1.1" 200 212 "http://shahmeenaindustry.com" "Mozilla/5.0 (Macintosh; Intel Mac OS X 10_15_7; rv:125.0.1) Gecko/20100101 Firefox/125.0.1"
198.54.114.83 - - [04/Apr/2025:22:26:04 -0400] "POST /wp-cron.php?doing_wp_cron=1743819961.1770200729370117187500 HTTP/1.1" 200 0 "-" "WordPress/6.7.2; https://shahmeenaindustry.com"
134.122.117.101 - - [04/Apr/2025:22:31:49 -0400] "GET / HTTP/1.1" 200 24612 "-" "Mozilla/5.0 (compatible)"
134.122.117.101 - - [04/Apr/2025:22:31:50 -0400] "GET /favicon.ico HTTP/1.1" 404 1251 "http://shahmeenaindustry.com/" "Mozilla/5.0 (compatible)"
199.188.201.3 - - [04/Apr/2025:22:38:30 -0400] "POST /xmlrpc.php HTTP/1.1" 200 212 "http://shahmeenaindustry.com" "Mozilla/5.0 (Macintosh; Intel Mac OS X 10.15; rv:126.0) Gecko/20100101 Firefox/126.0"
198.54.114.83 - - [04/Apr/2025:23:03:42 -0400] "POST /wp-cron.php?doing_wp_cron=1743822221.3399279117584228515625 HTTP/1.1" 200 0 "-" "WordPress/6.7.2; https://shahmeenaindustry.com"
198.54.114.37 - - [04/Apr/2025:23:03:36 -0400] "POST /xmlrpc.php HTTP/1.1" 200 212 "http://shahmeenaindustry.com" "Mozilla/5.0 (Windows NT 10.0; Win64; x64; rv:128.0) Gecko/20100101 Firefox/128.0"
18.142.254.69 - - [04/Apr/2025:23:12:00 -0400] "GET /zwso.php HTTP/1.1" 404 16534 "www.google.com" "Mozlila/5.0 (Linux; Android 7.0; SM-G892A Bulid/NRD90M; wv) AppleWebKit/537.36 (KHTML, like Gecko) Version/4.0 Chrome/60.0.3112.107 Moblie Safari/537.36"
198.54.114.83 - - [04/Apr/2025:23:16:18 -0400] "POST /wp-cron.php?doing_wp_cron=1743822978.3727190494537353515625 HTTP/1.1" 200 0 "-" "WordPress/6.7.2; https://shahmeenaindustry.com"
199.188.207.168 - - [04/Apr/2025:23:16:15 -0400] "POST /xmlrpc.php HTTP/1.1" 200 212 "http://shahmeenaindustry.com" "Mozilla/5.0 (Macintosh; Intel Mac OS X 13.3; rv:126.0) Gecko/20100101 Firefox/126.0"
85.208.98.23 - - [04/Apr/2025:23:24:54 -0400] "GET /robots.txt HTTP/1.1" 304 0 "-" "Mozilla/5.0 (compatible; SemrushBot-BA; +http://www.semrush.com/bot.html)"
188.164.195.65 - - [04/Apr/2025:23:29:04 -0400] "POST /xmlrpc.php HTTP/1.1" 200 212 "http://shahmeenaindustry.com" "Mozilla/5.0 (Macintosh; Intel Mac OS X 10_15_7; rv:127.0) Gecko/20100101 Firefox/127.0"
3.255.190.11 - - [04/Apr/2025:23:36:29 -0400] "GET / HTTP/1.1" 200 24612 "-" "Mozilla/5.0 (compatible; NetcraftSurveyAgent/1.0; +info@netcraft.com)"
198.54.114.83 - - [04/Apr/2025:23:41:56 -0400] "POST /wp-cron.php?doing_wp_cron=1743824516.8466610908508300781250 HTTP/1.1" 200 0 "-" "WordPress/6.7.2; https://shahmeenaindustry.com"
111.229.111.163 - - [04/Apr/2025:23:41:56 -0400] "POST /xmlrpc.php HTTP/1.1" 200 212 "http://shahmeenaindustry.com" "Mozilla/5.0 (Macintosh; Intel Mac OS X 10_15_7) AppleWebKit/537.36 (KHTML, like Gecko) Chrome/126.0.0.0 Safari/537.36"
170.9.235.232 - - [04/Apr/2025:23:54:16 -0400] "GET / HTTP/1.1" 200 24612 "-" "Go-http-client/1.1"
198.54.114.83 - - [04/Apr/2025:23:54:19 -0400] "POST /wp-cron.php?doing_wp_cron=1743825259.6699149608612060546875 HTTP/1.1" 200 0 "-" "WordPress/6.7.2; https://shahmeenaindustry.com"
170.9.235.232 - - [04/Apr/2025:23:54:17 -0400] "GET //woh.php HTTP/1.1" 301 0 "-" "Go-http-client/1.1"
170.9.235.232 - - [04/Apr/2025:23:54:20 -0400] "GET /woh.php HTTP/1.1" 404 16534 "http://shahmeenaindustry.com//woh.php" "Go-http-client/1.1"
170.9.235.232 - - [04/Apr/2025:23:54:21 -0400] "GET //classwithtostring.php HTTP/1.1" 301 0 "-" "Go-http-client/1.1"
170.9.235.232 - - [04/Apr/2025:23:54:22 -0400] "GET /classwithtostring.php HTTP/1.1" 404 16534 "http://shahmeenaindustry.com//classwithtostring.php" "Go-http-client/1.1"
170.9.235.232 - - [04/Apr/2025:23:54:23 -0400] "GET //simple.php HTTP/1.1" 301 0 "-" "Go-http-client/1.1"
170.9.235.232 - - [04/Apr/2025:23:54:23 -0400] "GET /simple.php HTTP/1.1" 404 16535 "http://shahmeenaindustry.com//simple.php" "Go-http-client/1.1"
170.9.235.232 - - [04/Apr/2025:23:54:24 -0400] "GET //zero.php HTTP/1.1" 301 0 "-" "Go-http-client/1.1"
170.9.235.232 - - [04/Apr/2025:23:54:24 -0400] "GET /zero.php HTTP/1.1" 404 16535 "http://shahmeenaindustry.com//zero.php" "Go-http-client/1.1"
170.9.235.232 - - [04/Apr/2025:23:54:25 -0400] "GET //wp-content/plugins/include.php HTTP/1.1" 301 0 "-" "Go-http-client/1.1"
170.9.235.232 - - [04/Apr/2025:23:54:26 -0400] "GET /wp-content/plugins/include.php HTTP/1.1" 404 16535 "http://shahmeenaindustry.com//wp-content/plugins/include.php#admin" "Go-http-client/1.1"
170.9.235.232 - - [04/Apr/2025:23:54:27 -0400] "GET //phpmailer.lang-sv.php HTTP/1.1" 301 0 "-" "Go-http-client/1.1"
170.9.235.232 - - [04/Apr/2025:23:54:27 -0400] "GET /phpmailer.lang-sv.php HTTP/1.1" 404 16535 "http://shahmeenaindustry.com//phpmailer.lang-sv.php" "Go-http-client/1.1"
170.9.235.232 - - [04/Apr/2025:23:54:28 -0400] "GET //wp-content/themes/sketch/404.php HTTP/1.1" 301 0 "-" "Go-http-client/1.1"
170.9.235.232 - - [04/Apr/2025:23:54:29 -0400] "GET /wp-content/themes/sketch/404.php HTTP/1.1" 404 16535 "http://shahmeenaindustry.com//wp-content/themes/sketch/404.php#admin" "Go-http-client/1.1"
198.54.114.83 - - [04/Apr/2025:23:54:31 -0400] "POST /wp-cron.php?doing_wp_cron=1743825271.1797978878021240234375 HTTP/1.1" 200 0 "-" "WordPress/6.7.2; https://shahmeenaindustry.com"
170.9.235.232 - - [04/Apr/2025:23:54:30 -0400] "GET //wp-admin/css/colors/ectoplasm/load-styles.php HTTP/1.1" 301 0 "-" "Go-http-client/1.1"
170.9.235.232 - - [04/Apr/2025:23:54:31 -0400] "GET /wp-admin/css/colors/ectoplasm/load-styles.php HTTP/1.1" 404 16535 "http://shahmeenaindustry.com//wp-admin/css/colors/ectoplasm/load-styles.php" "Go-http-client/1.1"
170.9.235.232 - - [04/Apr/2025:23:54:32 -0400] "GET //wp-content/plugins/wp-help/admin/wp-fclass.php HTTP/1.1" 301 0 "-" "Go-http-client/1.1"
170.9.235.232 - - [04/Apr/2025:23:54:33 -0400] "GET /wp-content/plugins/wp-help/admin/wp-fclass.php HTTP/1.1" 404 16535 "http://shahmeenaindustry.com//wp-content/plugins/wp-help/admin/wp-fclass.php" "Go-http-client/1.1"
170.9.235.232 - - [04/Apr/2025:23:54:34 -0400] "GET //wp-content/plugins/wp-help/index.php HTTP/1.1" 301 0 "-" "Go-http-client/1.1"
170.9.235.232 - - [04/Apr/2025:23:54:34 -0400] "GET /wp-content/plugins/wp-help/ HTTP/1.1" 404 16535 "http://shahmeenaindustry.com//wp-content/plugins/wp-help/index.php" "Go-http-client/1.1"
170.9.235.232 - - [04/Apr/2025:23:54:35 -0400] "GET //cgi-bin/class_api.php HTTP/1.1" 301 0 "-" "Go-http-client/1.1"
170.9.235.232 - - [04/Apr/2025:23:54:35 -0400] "GET /cgi-bin/class_api.php HTTP/1.1" 404 16535 "http://shahmeenaindustry.com//cgi-bin/class_api.php#888xyz999" "Go-http-client/1.1"
170.9.235.232 - - [04/Apr/2025:23:54:36 -0400] "GET //wp-admin/images/class.api.php HTTP/1.1" 301 0 "-" "Go-http-client/1.1"
170.9.235.232 - - [04/Apr/2025:23:54:36 -0400] "GET /wp-admin/images/class.api.php HTTP/1.1" 404 16535 "http://shahmeenaindustry.com//wp-admin/images/class.api.php#888xyz999" "Go-http-client/1.1"
170.9.235.232 - - [04/Apr/2025:23:54:37 -0400] "GET //wp-admin/js/widgets/class.api.php HTTP/1.1" 301 0 "-" "Go-http-client/1.1"
170.9.235.232 - - [04/Apr/2025:23:54:38 -0400] "GET /wp-admin/js/widgets/class.api.php HTTP/1.1" 404 16535 "http://shahmeenaindustry.com//wp-admin/js/widgets/class.api.php#888xyz999" "Go-http-client/1.1"
170.9.235.232 - - [04/Apr/2025:23:54:38 -0400] "GET //.well-known/pki-validation/class_api.php HTTP/1.1" 301 0 "-" "Go-http-client/1.1"
170.9.235.232 - - [04/Apr/2025:23:54:39 -0400] "GET /.well-known/pki-validation/class_api.php HTTP/1.1" 404 1251 "http://shahmeenaindustry.com//.well-known/pki-validation/class_api.php#888xyz999" "Go-http-client/1.1"
170.9.235.232 - - [04/Apr/2025:23:54:39 -0400] "GET //class_api.php HTTP/1.1" 301 0 "-" "Go-http-client/1.1"
198.54.114.83 - - [04/Apr/2025:23:54:40 -0400] "POST /wp-cron.php?doing_wp_cron=1743825280.1174468994140625000000 HTTP/1.1" 200 0 "-" "WordPress/6.7.2; https://shahmeenaindustry.com"
170.9.235.232 - - [04/Apr/2025:23:54:39 -0400] "GET /class_api.php HTTP/1.1" 404 16535 "http://shahmeenaindustry.com//class_api.php#888xyz999" "Go-http-client/1.1"
170.9.235.232 - - [04/Apr/2025:23:54:41 -0400] "GET //class.api.php HTTP/1.1" 301 0 "-" "Go-http-client/1.1"
170.9.235.232 - - [04/Apr/2025:23:54:41 -0400] "GET /class.api.php HTTP/1.1" 404 16535 "http://shahmeenaindustry.com//class.api.php#888xyz999" "Go-http-client/1.1"
170.9.235.232 - - [04/Apr/2025:23:54:42 -0400] "GET //wp-content/themes/tflow/up.php HTTP/1.1" 301 0 "-" "Go-http-client/1.1"
170.9.235.232 - - [04/Apr/2025:23:54:42 -0400] "GET /wp-content/themes/tflow/up.php HTTP/1.1" 404 16535 "http://shahmeenaindustry.com//wp-content/themes/tflow/up.php" "Go-http-client/1.1"
170.9.235.232 - - [04/Apr/2025:23:54:43 -0400] "GET //wp-content/themes/wp-pridmag/up.php HTTP/1.1" 301 0 "-" "Go-http-client/1.1"
170.9.235.232 - - [04/Apr/2025:23:54:44 -0400] "GET /wp-content/themes/wp-pridmag/up.php HTTP/1.1" 404 16535 "http://shahmeenaindustry.com//wp-content/themes/wp-pridmag/up.php" "Go-http-client/1.1"
170.9.235.232 - - [04/Apr/2025:23:54:45 -0400] "GET //.well-known/acme-challenge/atomlib.php HTTP/1.1" 301 0 "-" "Go-http-client/1.1"
170.9.235.232 - - [04/Apr/2025:23:54:45 -0400] "GET /.well-known/acme-challenge/atomlib.php HTTP/1.1" 404 16535 "http://shahmeenaindustry.com//.well-known/acme-challenge/atomlib.php" "Go-http-client/1.1"
170.9.235.232 - - [04/Apr/2025:23:54:45 -0400] "GET //.well-known/pki-validation/atomlib.php HTTP/1.1" 301 0 "-" "Go-http-client/1.1"
170.9.235.232 - - [04/Apr/2025:23:54:46 -0400] "GET /.well-known/pki-validation/atomlib.php HTTP/1.1" 404 1251 "http://shahmeenaindustry.com//.well-known/pki-validation/atomlib.php" "Go-http-client/1.1"
170.9.235.232 - - [04/Apr/2025:23:54:46 -0400] "GET //images/atomlib.php HTTP/1.1" 301 0 "-" "Go-http-client/1.1"
170.9.235.232 - - [04/Apr/2025:23:54:46 -0400] "GET /images/atomlib.php HTTP/1.1" 404 16535 "http://shahmeenaindustry.com//images/atomlib.php" "Go-http-client/1.1"
170.9.235.232 - - [04/Apr/2025:23:54:47 -0400] "GET //wp-admin/css/atomlib.php HTTP/1.1" 301 0 "-" "Go-http-client/1.1"
170.9.235.232 - - [04/Apr/2025:23:54:47 -0400] "GET /wp-admin/css/atomlib.php HTTP/1.1" 404 16535 "http://shahmeenaindustry.com//wp-admin/css/atomlib.php" "Go-http-client/1.1"
170.9.235.232 - - [04/Apr/2025:23:54:47 -0400] "GET //wp-admin/css/colors/blue/atomlib.php HTTP/1.1" 301 0 "-" "Go-http-client/1.1"
170.9.235.232 - - [04/Apr/2025:23:54:48 -0400] "GET /wp-admin/css/colors/blue/atomlib.php HTTP/1.1" 404 16535 "http://shahmeenaindustry.com//wp-admin/css/colors/blue/atomlib.php" "Go-http-client/1.1"
170.9.235.232 - - [04/Apr/2025:23:54:48 -0400] "GET //wp-admin/includes/atomlib.php HTTP/1.1" 301 0 "-" "Go-http-client/1.1"
170.9.235.232 - - [04/Apr/2025:23:54:48 -0400] "GET /wp-admin/includes/atomlib.php HTTP/1.1" 404 16535 "http://shahmeenaindustry.com//wp-admin/includes/atomlib.php" "Go-http-client/1.1"
170.9.235.232 - - [04/Apr/2025:23:54:49 -0400] "GET //wp-admin/maint/atomlib.php HTTP/1.1" 301 0 "-" "Go-http-client/1.1"
170.9.235.232 - - [04/Apr/2025:23:54:49 -0400] "GET /wp-admin/maint/atomlib.php HTTP/1.1" 404 16535 "http://shahmeenaindustry.com//wp-admin/maint/atomlib.php" "Go-http-client/1.1"
170.9.235.232 - - [04/Apr/2025:23:54:50 -0400] "GET //wp-content/languages/themes/atomlib.php HTTP/1.1" 301 0 "-" "Go-http-client/1.1"
170.9.235.232 - - [04/Apr/2025:23:54:50 -0400] "GET /wp-content/languages/themes/atomlib.php HTTP/1.1" 404 16535 "http://shahmeenaindustry.com//wp-content/languages/themes/atomlib.php" "Go-http-client/1.1"
170.9.235.232 - - [04/Apr/2025:23:54:50 -0400] "GET //wp-content/themes/atomlib.php HTTP/1.1" 301 0 "-" "Go-http-client/1.1"
170.9.235.232 - - [04/Apr/2025:23:54:51 -0400] "GET /wp-content/themes/atomlib.php HTTP/1.1" 404 16535 "http://shahmeenaindustry.com//wp-content/themes/atomlib.php" "Go-http-client/1.1"
170.9.235.232 - - [04/Apr/2025:23:54:51 -0400] "GET //wp-admin/images/moon.php HTTP/1.1" 301 0 "-" "Go-http-client/1.1"
170.9.235.232 - - [04/Apr/2025:23:54:51 -0400] "GET /wp-admin/images/moon.php HTTP/1.1" 404 16535 "http://shahmeenaindustry.com//wp-admin/images/moon.php" "Go-http-client/1.1"
170.9.235.232 - - [04/Apr/2025:23:54:52 -0400] "GET //.tmb/moon.php HTTP/1.1" 301 0 "-" "Go-http-client/1.1"
35.238.203.213 - - [04/Apr/2025:23:54:52 -0400] "POST /xmlrpc.php HTTP/1.1" 200 212 "http://shahmeenaindustry.com" "Mozilla/5.0 (Macintosh; Intel Mac OS X 10.15; rv:126.0) Gecko/20100101 Firefox/126.0"
170.9.235.232 - - [04/Apr/2025:23:54:52 -0400] "GET /.tmb/moon.php HTTP/1.1" 404 16535 "http://shahmeenaindustry.com//.tmb/moon.php" "Go-http-client/1.1"
170.9.235.232 - - [04/Apr/2025:23:54:52 -0400] "GET //.well-known/acme-challenge/moon.php HTTP/1.1" 301 0 "-" "Go-http-client/1.1"
170.9.235.232 - - [04/Apr/2025:23:54:53 -0400] "GET /.well-known/acme-challenge/moon.php HTTP/1.1" 404 16535 "http://shahmeenaindustry.com//.well-known/acme-challenge/moon.php" "Go-http-client/1.1"
170.9.235.232 - - [04/Apr/2025:23:54:53 -0400] "GET //cgi-bin/moon.php HTTP/1.1" 301 0 "-" "Go-http-client/1.1"
170.9.235.232 - - [04/Apr/2025:23:54:54 -0400] "GET /cgi-bin/moon.php HTTP/1.1" 404 16533 "http://shahmeenaindustry.com//cgi-bin/moon.php" "Go-http-client/1.1"
170.9.235.232 - - [04/Apr/2025:23:54:54 -0400] "GET //wp-admin/user/moon.php HTTP/1.1" 301 0 "-" "Go-http-client/1.1"
170.9.235.232 - - [04/Apr/2025:23:54:54 -0400] "GET /wp-admin/user/moon.php HTTP/1.1" 404 16535 "http://shahmeenaindustry.com//wp-admin/user/moon.php" "Go-http-client/1.1"
170.9.235.232 - - [04/Apr/2025:23:54:55 -0400] "GET //wp-content/upgrade/moon.php HTTP/1.1" 301 0 "-" "Go-http-client/1.1"
170.9.235.232 - - [04/Apr/2025:23:54:56 -0400] "GET /wp-content/upgrade/moon.php HTTP/1.1" 404 16535 "http://shahmeenaindustry.com//wp-content/upgrade/moon.php" "Go-http-client/1.1"
170.9.235.232 - - [04/Apr/2025:23:54:56 -0400] "GET //wp-admin/js/widgets/moon.php HTTP/1.1" 301 0 "-" "Go-http-client/1.1"
170.9.235.232 - - [04/Apr/2025:23:54:57 -0400] "GET /wp-admin/js/widgets/moon.php HTTP/1.1" 404 16535 "http://shahmeenaindustry.com//wp-admin/js/widgets/moon.php" "Go-http-client/1.1"
170.9.235.232 - - [04/Apr/2025:23:54:58 -0400] "GET //wp-admin/maint/moon.php HTTP/1.1" 301 0 "-" "Go-http-client/1.1"
170.9.235.232 - - [04/Apr/2025:23:54:59 -0400] "GET /wp-admin/maint/moon.php HTTP/1.1" 404 16535 "http://shahmeenaindustry.com//wp-admin/maint/moon.php" "Go-http-client/1.1"
170.9.235.232 - - [04/Apr/2025:23:55:00 -0400] "GET //wp-includes/ID3/moon.php HTTP/1.1" 301 0 "-" "Go-http-client/1.1"
170.9.235.232 - - [04/Apr/2025:23:55:01 -0400] "GET /wp-includes/ID3/moon.php HTTP/1.1" 404 16534 "http://shahmeenaindustry.com//wp-includes/ID3/moon.php" "Go-http-client/1.1"
170.9.235.232 - - [04/Apr/2025:23:55:02 -0400] "GET //wp-includes/certificates/moon.php HTTP/1.1" 301 0 "-" "Go-http-client/1.1"
170.9.235.232 - - [04/Apr/2025:23:55:05 -0400] "GET /wp-includes/certificates/moon.php HTTP/1.1" 404 16534 "http://shahmeenaindustry.com//wp-includes/certificates/moon.php" "Go-http-client/1.1"
170.9.235.232 - - [04/Apr/2025:23:55:06 -0400] "GET //wp-admin/includes/moon.php HTTP/1.1" 301 0 "-" "Go-http-client/1.1"
170.9.235.232 - - [04/Apr/2025:23:55:07 -0400] "GET /wp-admin/includes/moon.php HTTP/1.1" 404 16535 "http://shahmeenaindustry.com//wp-admin/includes/moon.php" "Go-http-client/1.1"
170.9.235.232 - - [04/Apr/2025:23:55:09 -0400] "GET //wp-includes/IXR/moon.php HTTP/1.1" 301 0 "-" "Go-http-client/1.1"
170.9.235.232 - - [04/Apr/2025:23:55:10 -0400] "GET /wp-includes/IXR/moon.php HTTP/1.1" 404 16534 "http://shahmeenaindustry.com//wp-includes/IXR/moon.php" "Go-http-client/1.1"
170.9.235.232 - - [04/Apr/2025:23:55:11 -0400] "GET //cjfuns.php HTTP/1.1" 301 0 "-" "Go-http-client/1.1"
170.9.235.232 - - [04/Apr/2025:23:55:12 -0400] "GET /cjfuns.php HTTP/1.1" 404 16535 "http://shahmeenaindustry.com//cjfuns.php" "Go-http-client/1.1"
170.9.235.232 - - [04/Apr/2025:23:55:13 -0400] "GET //classfuns.php HTTP/1.1" 301 0 "-" "Go-http-client/1.1"
170.9.235.232 - - [04/Apr/2025:23:55:14 -0400] "GET /classfuns.php HTTP/1.1" 404 16535 "http://shahmeenaindustry.com//classfuns.php" "Go-http-client/1.1"
170.9.235.232 - - [04/Apr/2025:23:55:15 -0400] "GET //tempfuns.php HTTP/1.1" 301 0 "-" "Go-http-client/1.1"
170.9.235.232 - - [04/Apr/2025:23:55:15 -0400] "GET /tempfuns.php HTTP/1.1" 404 16535 "http://shahmeenaindustry.com//tempfuns.php" "Go-http-client/1.1"
170.9.235.232 - - [04/Apr/2025:23:55:16 -0400] "GET //adminfuns.php HTTP/1.1" 301 0 "-" "Go-http-client/1.1"
170.9.235.232 - - [04/Apr/2025:23:55:17 -0400] "GET /adminfuns.php HTTP/1.1" 404 16535 "http://shahmeenaindustry.com//adminfuns.php" "Go-http-client/1.1"
170.9.235.232 - - [04/Apr/2025:23:55:18 -0400] "GET //nf_tracking.php HTTP/1.1" 301 0 "-" "Go-http-client/1.1"
170.9.235.232 - - [04/Apr/2025:23:55:18 -0400] "GET /nf_tracking.php HTTP/1.1" 404 16535 "http://shahmeenaindustry.com//nf_tracking.php#password" "Go-http-client/1.1"
170.9.235.232 - - [04/Apr/2025:23:55:19 -0400] "GET //wp-content/wso.php HTTP/1.1" 301 0 "-" "Go-http-client/1.1"
170.9.235.232 - - [04/Apr/2025:23:55:20 -0400] "GET /wp-content/wso.php HTTP/1.1" 404 16534 "http://shahmeenaindustry.com//wp-content/wso.php#UEjlZcWL%23UEjlZcWL" "Go-http-client/1.1"
170.9.235.232 - - [04/Apr/2025:23:55:21 -0400] "GET //wp-includes/wso.php HTTP/1.1" 301 0 "-" "Go-http-client/1.1"
170.9.235.232 - - [04/Apr/2025:23:55:21 -0400] "GET /wp-includes/wso.php HTTP/1.1" 404 16534 "http://shahmeenaindustry.com//wp-includes/wso.php#UEjlZcWL%23UEjlZcWL" "Go-http-client/1.1"
170.9.235.232 - - [04/Apr/2025:23:55:23 -0400] "GET //wso.php HTTP/1.1" 301 0 "-" "Go-http-client/1.1"
170.9.235.232 - - [04/Apr/2025:23:55:23 -0400] "GET /wso.php HTTP/1.1" 404 16535 "http://shahmeenaindustry.com//wso.php#UEjlZcWL" "Go-http-client/1.1"
170.9.235.232 - - [04/Apr/2025:23:55:24 -0400] "GET //wp-content/uploads/wp-apxupx.php?apx=upx HTTP/1.1" 301 0 "-" "Go-http-client/1.1"
170.9.235.232 - - [04/Apr/2025:23:55:25 -0400] "GET /wp-content/uploads/wp-apxupx.php?apx=upx HTTP/1.1" 404 16535 "http://shahmeenaindustry.com//wp-content/uploads/wp-apxupx.php?apx=upx" "Go-http-client/1.1"
170.9.235.232 - - [04/Apr/2025:23:55:27 -0400] "GET //wp-content/upgrade/class_api.php HTTP/1.1" 301 0 "-" "Go-http-client/1.1"
170.9.235.232 - - [04/Apr/2025:23:55:28 -0400] "GET /wp-content/upgrade/class_api.php HTTP/1.1" 404 16535 "http://shahmeenaindustry.com//wp-content/upgrade/class_api.php" "Go-http-client/1.1"
170.9.235.232 - - [04/Apr/2025:23:55:30 -0400] "GET //cgi-bin/sgd.php HTTP/1.1" 301 0 "-" "Go-http-client/1.1"
198.54.114.83 - - [04/Apr/2025:23:55:31 -0400] "POST /wp-cron.php?doing_wp_cron=1743825331.2004361152648925781250 HTTP/1.1" 200 0 "-" "WordPress/6.7.2; https://shahmeenaindustry.com"
170.9.235.232 - - [04/Apr/2025:23:55:31 -0400] "GET /cgi-bin/sgd.php HTTP/1.1" 404 16535 "http://shahmeenaindustry.com//cgi-bin/sgd.php" "Go-http-client/1.1"
170.9.235.232 - - [04/Apr/2025:23:55:32 -0400] "GET //wp-admin/js/widgets/sgd.php HTTP/1.1" 301 0 "-" "Go-http-client/1.1"
170.9.235.232 - - [04/Apr/2025:23:55:33 -0400] "GET /wp-admin/js/widgets/sgd.php HTTP/1.1" 404 16535 "http://shahmeenaindustry.com//wp-admin/js/widgets/sgd.php#fg123" "Go-http-client/1.1"
170.9.235.232 - - [04/Apr/2025:23:55:34 -0400] "GET //wp-apxupx.php?apx=upx HTTP/1.1" 301 0 "-" "Go-http-client/1.1"
170.9.235.232 - - [04/Apr/2025:23:55:35 -0400] "GET /wp-apxupx.php?apx=upx HTTP/1.1" 404 16535 "http://shahmeenaindustry.com//wp-apxupx.php?apx=upx" "Go-http-client/1.1"
170.9.235.232 - - [04/Apr/2025:23:55:37 -0400] "GET //wp-includes/IXR/class.api.php HTTP/1.1" 301 0 "-" "Go-http-client/1.1"
170.9.235.232 - - [04/Apr/2025:23:55:38 -0400] "GET /wp-includes/IXR/class.api.php HTTP/1.1" 404 16535 "http://shahmeenaindustry.com//wp-includes/IXR/class.api.php" "Go-http-client/1.1"
198.54.114.83 - - [04/Apr/2025:23:55:41 -0400] "POST /wp-cron.php?doing_wp_cron=1743825341.0039060115814208984375 HTTP/1.1" 200 0 "-" "WordPress/6.7.2; https://shahmeenaindustry.com"
170.9.235.232 - - [04/Apr/2025:23:55:40 -0400] "GET //wp-content/languages/class_api.php HTTP/1.1" 301 0 "-" "Go-http-client/1.1"
170.9.235.232 - - [04/Apr/2025:23:55:41 -0400] "GET /wp-content/languages/class_api.php HTTP/1.1" 404 16535 "http://shahmeenaindustry.com//wp-content/languages/class_api.php" "Go-http-client/1.1"
170.9.235.232 - - [04/Apr/2025:23:55:43 -0400] "GET //class_api.php HTTP/1.1" 301 0 "-" "Go-http-client/1.1"
170.9.235.232 - - [04/Apr/2025:23:55:43 -0400] "GET /class_api.php HTTP/1.1" 404 16535 "http://shahmeenaindustry.com//class_api.php" "Go-http-client/1.1"
170.9.235.232 - - [04/Apr/2025:23:55:44 -0400] "GET //.well-known/acme-challenge/class_api.php HTTP/1.1" 301 0 "-" "Go-http-client/1.1"
170.9.235.232 - - [04/Apr/2025:23:55:45 -0400] "GET /.well-known/acme-challenge/class_api.php HTTP/1.1" 404 16535 "http://shahmeenaindustry.com//.well-known/acme-challenge/class_api.php" "Go-http-client/1.1"
170.9.235.232 - - [04/Apr/2025:23:55:46 -0400] "GET //.tmb/mariju.php HTTP/1.1" 301 0 "-" "Go-http-client/1.1"
170.9.235.232 - - [04/Apr/2025:23:55:47 -0400] "GET /.tmb/mariju.php HTTP/1.1" 404 16535 "http://shahmeenaindustry.com//.tmb/mariju.php" "Go-http-client/1.1"
170.9.235.232 - - [04/Apr/2025:23:55:48 -0400] "GET //wp-content/languages/themes/class_api.php HTTP/1.1" 301 0 "-" "Go-http-client/1.1"
170.9.235.232 - - [04/Apr/2025:23:55:48 -0400] "GET /wp-content/languages/themes/class_api.php HTTP/1.1" 404 16535 "http://shahmeenaindustry.com//wp-content/languages/themes/class_api.php" "Go-http-client/1.1"
170.9.235.232 - - [04/Apr/2025:23:55:50 -0400] "GET //wp-admin/includes/class_api.php HTTP/1.1" 301 0 "-" "Go-http-client/1.1"
170.9.235.232 - - [04/Apr/2025:23:55:50 -0400] "GET /wp-admin/includes/class_api.php HTTP/1.1" 404 16535 "http://shahmeenaindustry.com//wp-admin/includes/class_api.php" "Go-http-client/1.1"
170.9.235.232 - - [04/Apr/2025:23:55:52 -0400] "GET //wp-admin/js/widgets/class_api.php HTTP/1.1" 301 0 "-" "Go-http-client/1.1"
170.9.235.232 - - [04/Apr/2025:23:55:53 -0400] "GET /wp-admin/js/widgets/class_api.php HTTP/1.1" 404 16535 "http://shahmeenaindustry.com//wp-admin/js/widgets/class_api.php" "Go-http-client/1.1"
170.9.235.232 - - [04/Apr/2025:23:55:54 -0400] "GET //wp-admin/network/class_api.php HTTP/1.1" 301 0 "-" "Go-http-client/1.1"
170.9.235.232 - - [04/Apr/2025:23:55:55 -0400] "GET /wp-admin/network/class_api.php HTTP/1.1" 404 16533 "http://shahmeenaindustry.com//wp-admin/network/class_api.php" "Go-http-client/1.1"
170.9.235.232 - - [04/Apr/2025:23:55:56 -0400] "GET //.tmb/class_api.php HTTP/1.1" 301 0 "-" "Go-http-client/1.1"
170.9.235.232 - - [04/Apr/2025:23:55:56 -0400] "GET /.tmb/class_api.php HTTP/1.1" 404 16535 "http://shahmeenaindustry.com//.tmb/class_api.php" "Go-http-client/1.1"
170.9.235.232 - - [04/Apr/2025:23:55:58 -0400] "GET //assets/class_api.php HTTP/1.1" 301 0 "-" "Go-http-client/1.1"
170.9.235.232 - - [04/Apr/2025:23:56:00 -0400] "GET /assets/class_api.php HTTP/1.1" 404 16534 "http://shahmeenaindustry.com//assets/class_api.php" "Go-http-client/1.1"
170.9.235.232 - - [04/Apr/2025:23:56:02 -0400] "GET //common/css/class_api.php HTTP/1.1" 301 0 "-" "Go-http-client/1.1"
170.9.235.232 - - [04/Apr/2025:23:56:04 -0400] "GET /common/css/class_api.php HTTP/1.1" 404 16535 "http://shahmeenaindustry.com//common/css/class_api.php" "Go-http-client/1.1"
170.9.235.232 - - [04/Apr/2025:23:56:05 -0400] "GET //common/img/class_api.php HTTP/1.1" 301 0 "-" "Go-http-client/1.1"
170.9.235.232 - - [04/Apr/2025:23:56:07 -0400] "GET /common/img/class_api.php HTTP/1.1" 404 16535 "http://shahmeenaindustry.com//common/img/class_api.php" "Go-http-client/1.1"
170.9.235.232 - - [04/Apr/2025:23:56:08 -0400] "GET //.well-known/acme-challenge/mariju.php HTTP/1.1" 301 0 "-" "Go-http-client/1.1"
170.9.235.232 - - [04/Apr/2025:23:56:10 -0400] "GET /.well-known/acme-challenge/mariju.php HTTP/1.1" 404 16534 "http://shahmeenaindustry.com//.well-known/acme-challenge/mariju.php" "Go-http-client/1.1"
170.9.235.232 - - [04/Apr/2025:23:56:12 -0400] "GET //wp-admin/user/class_api.php HTTP/1.1" 301 0 "-" "Go-http-client/1.1"
170.9.235.232 - - [04/Apr/2025:23:56:13 -0400] "GET /wp-admin/user/class_api.php HTTP/1.1" 404 16535 "http://shahmeenaindustry.com//wp-admin/user/class_api.php" "Go-http-client/1.1"
170.9.235.232 - - [04/Apr/2025:23:56:15 -0400] "GET //wp-includes/rest-api/fields/cache/index.php HTTP/1.1" 301 0 "-" "Go-http-client/1.1"
170.9.235.232 - - [04/Apr/2025:23:56:16 -0400] "GET /wp-includes/rest-api/fields/cache/ HTTP/1.1" 404 16535 "http://shahmeenaindustry.com//wp-includes/rest-api/fields/cache/index.php" "Go-http-client/1.1"
170.9.235.232 - - [04/Apr/2025:23:56:18 -0400] "GET //wp-content/themes/travel/issue.php HTTP/1.1" 301 0 "-" "Go-http-client/1.1"
170.9.235.232 - - [04/Apr/2025:23:56:19 -0400] "GET /wp-content/themes/travel/issue.php HTTP/1.1" 404 16534 "http://shahmeenaindustry.com//wp-content/themes/travel/issue.php" "Go-http-client/1.1"
170.9.235.232 - - [04/Apr/2025:23:56:21 -0400] "GET //wp-includes/IXR/class_api.php HTTP/1.1" 301 0 "-" "Go-http-client/1.1"
170.9.235.232 - - [04/Apr/2025:23:56:21 -0400] "GET /wp-includes/IXR/class_api.php HTTP/1.1" 404 16535 "http://shahmeenaindustry.com//wp-includes/IXR/class_api.php" "Go-http-client/1.1"
170.9.235.232 - - [04/Apr/2025:23:56:24 -0400] "GET //wp-includes/Requests/class_api.php HTTP/1.1" 301 0 "-" "Go-http-client/1.1"
170.9.235.232 - - [04/Apr/2025:23:56:24 -0400] "GET /wp-includes/Requests/class_api.php HTTP/1.1" 404 16535 "http://shahmeenaindustry.com//wp-includes/Requests/class_api.php" "Go-http-client/1.1"
198.54.114.83 - - [04/Apr/2025:23:56:27 -0400] "POST /wp-cron.php?doing_wp_cron=1743825387.5513629913330078125000 HTTP/1.1" 200 0 "-" "WordPress/6.7.2; https://shahmeenaindustry.com"
170.9.235.232 - - [04/Apr/2025:23:56:27 -0400] "GET //wp-includes/random_compat/class_api.php HTTP/1.1" 301 0 "-" "Go-http-client/1.1"
170.9.235.232 - - [04/Apr/2025:23:56:28 -0400] "GET /wp-includes/random_compat/class_api.php HTTP/1.1" 404 16535 "http://shahmeenaindustry.com//wp-includes/random_compat/class_api.php" "Go-http-client/1.1"
170.9.235.232 - - [04/Apr/2025:23:56:28 -0400] "GET //wp-content/themes/hello-element/footer.php HTTP/1.1" 301 0 "-" "Go-http-client/1.1"
170.9.235.232 - - [04/Apr/2025:23:56:29 -0400] "GET /wp-content/themes/hello-element/footer.php HTTP/1.1" 404 16535 "http://shahmeenaindustry.com//wp-content/themes/hello-element/footer.php" "Go-http-client/1.1"
205.210.31.11 - - [05/Apr/2025:00:04:47 -0400] "GET / HTTP/1.1" 200 24612 "-" "-"
198.54.114.83 - - [05/Apr/2025:00:07:53 -0400] "POST /wp-cron.php?doing_wp_cron=1743826072.9811999797821044921875 HTTP/1.1" 200 0 "-" "WordPress/6.7.2; https://shahmeenaindustry.com"
103.8.25.98 - - [05/Apr/2025:00:07:47 -0400] "POST /xmlrpc.php HTTP/1.1" 200 212 "http://shahmeenaindustry.com" "Mozilla/5.0 (Windows NT 10.0; Win64; x64) AppleWebKit/537.36 (KHTML, like Gecko) Chrome/116.0.5845.96 Safari/537.36 Edg/116.0.1938.62"
198.54.120.130 - - [05/Apr/2025:00:21:01 -0400] "POST /xmlrpc.php HTTP/1.1" 200 0 "http://shahmeenaindustry.com" "Mozilla/5.0 (Macintosh; Intel Mac OS X 10_15_7; rv:127.0) Gecko/20100101 Firefox/127.0"
198.54.114.83 - - [05/Apr/2025:00:21:11 -0400] "POST /wp-cron.php?doing_wp_cron=1743826865.2986440658569335937500 HTTP/1.1" 200 0 "-" "WordPress/6.7.2; https://shahmeenaindustry.com"
173.249.144.88 - - [05/Apr/2025:00:34:11 -0400] "POST /xmlrpc.php HTTP/1.1" 200 212 "http://shahmeenaindustry.com" "Mozilla/5.0 (Macintosh; Intel Mac OS X 14_4_1) AppleWebKit/605.1.15 (KHTML, like Gecko) Version/17.3.1 Safari/605.1.15"
