216.244.66.200 - - [07/Apr/2025:01:27:57 -0400] "GET /the-evolution-of-entertainment/feed/ HTTP/1.1" 200 430 "-" "Mozilla/5.0 (compatible; DotBot/1.2; +https://opensiteexplorer.org/dotbot; help@moz.com)"
198.54.114.83 - - [07/Apr/2025:01:31:33 -0400] "POST /wp-cron.php?doing_wp_cron=1744003892.9033310413360595703125 HTTP/1.1" 200 0 "-" "WordPress/6.7.2; https://shahmeenaindustry.com"
185.218.125.245 - - [07/Apr/2025:01:31:29 -0400] "POST /xmlrpc.php HTTP/1.1" 200 236 "-" "Mozilla/5.0 (X11; Fedora; Linux x86_64; rv:94.0) Gecko/20100101 Firefox/95.0"
66.249.79.5 - - [07/Apr/2025:01:35:58 -0400] "GET /wp-includes/js/jquery/jquery-migrate.min.js?ver=3.4.1 HTTP/1.1" 200 5342 "https://shahmeenaindustry.com/the-benefits-of-dog-bandanas/" "Mozilla/5.0 (Linux; Android 6.0.1; Nexus 5X Build/MMB29P) AppleWebKit/537.36 (KHTML, like Gecko) Chrome/134.0.6998.165 Mobile Safari/537.36 (compatible; Googlebot/2.1; +http://www.google.com/bot.html)"
8.210.103.127 - - [07/Apr/2025:01:36:27 -0400] "POST /wp-login.php HTTP/1.1" 302 0 "http://shahmeenaindustry.com" "Mozilla/5.0 (Windows NT 10.0; Win64; x64; rv:125.0.1) Gecko/20100101 Firefox/125.0.1"
198.54.114.83 - - [07/Apr/2025:01:36:33 -0400] "POST /wp-cron.php?doing_wp_cron=1744004191.3591670989990234375000 HTTP/1.1" 200 0 "-" "WordPress/6.7.2; https://shahmeenaindustry.com"
198.54.114.83 - - [07/Apr/2025:01:52:07 -0400] "POST /wp-cron.php?doing_wp_cron=1744005127.0413849353790283203125 HTTP/1.1" 200 0 "-" "WordPress/6.7.2; https://shahmeenaindustry.com"
103.8.25.98 - - [07/Apr/2025:01:52:01 -0400] "POST /wp-login.php HTTP/1.1" 302 0 "http://shahmeenaindustry.com" "Mozilla/5.0 (Windows NT 10.0; Win64; x64) AppleWebKit/537.36 (KHTML, like Gecko) Chrome/116.0.5845.96 Safari/537.36 Edg/116.0.1938.62"
198.54.114.83 - - [07/Apr/2025:02:02:39 -0400] "POST /wp-cron.php?doing_wp_cron=1744005758.1754810810089111328125 HTTP/1.1" 200 0 "-" "WordPress/6.7.2; https://shahmeenaindustry.com"
162.14.71.213 - - [07/Apr/2025:02:02:33 -0400] "POST /xmlrpc.php HTTP/1.1" 200 236 "-" "Mozilla/5.0 (X11; Fedora; Linux x86_64; rv:94.0) Gecko/20100101 Firefox/95.0"
198.54.114.83 - - [07/Apr/2025:02:07:38 -0400] "POST /wp-cron.php?doing_wp_cron=1744006057.9591009616851806640625 HTTP/1.1" 200 0 "-" "WordPress/6.7.2; https://shahmeenaindustry.com"
213.199.36.148 - - [07/Apr/2025:02:07:33 -0400] "POST /wp-login.php HTTP/1.1" 302 0 "http://shahmeenaindustry.com" "Mozilla/5.0 (Macintosh; Intel Mac OS X 10_15_7; rv:128.0) Gecko/20100101 Firefox/128.0"
198.54.114.83 - - [07/Apr/2025:02:22:59 -0400] "POST /wp-cron.php?doing_wp_cron=1744006979.7740280628204345703125 HTTP/1.1" 200 0 "-" "WordPress/6.7.2; https://shahmeenaindustry.com"
198.54.114.91 - - [07/Apr/2025:02:22:59 -0400] "POST /wp-login.php HTTP/1.1" 302 0 "http://shahmeenaindustry.com" "Mozilla/5.0 (Windows NT 11.0; Win64; x64) AppleWebKit/537.36 (KHTML, like Gecko) Chrome/126.0.0.0 Safari/537.36"
198.54.114.83 - - [07/Apr/2025:02:28:09 -0400] "POST /wp-cron.php?doing_wp_cron=1744007289.4537940025329589843750 HTTP/1.1" 200 0 "-" "WordPress/6.7.2; https://shahmeenaindustry.com"
206.119.147.128 - - [07/Apr/2025:02:28:04 -0400] "GET /wp-login.php HTTP/1.1" 302 0 "-" "Mozilla/5.0 (Windows NT 10.0; Win64; x64) AppleWebKit/537.36 (KHTML, like Gecko) Chrome/87.0.4280.141 Safari/537.36"
103.17.99.13 - - [07/Apr/2025:02:28:12 -0400] "POST /wp-login.php HTTP/1.1" 302 0 "-" "Mozilla/5.0 (Windows NT 10.0; Win64; x64) AppleWebKit/537.36 (KHTML, like Gecko) Chrome/87.0.4280.141 Safari/537.36"
198.54.114.83 - - [07/Apr/2025:02:38:02 -0400] "POST /wp-cron.php?doing_wp_cron=1744007882.0681219100952148437500 HTTP/1.1" 200 0 "-" "WordPress/6.7.2; https://shahmeenaindustry.com"
184.168.126.97 - - [07/Apr/2025:02:37:56 -0400] "POST /xmlrpc.php HTTP/1.1" 200 236 "-" "Mozilla/5.0 (X11; Fedora; Linux x86_64; rv:94.0) Gecko/20100101 Firefox/95.0"
89.46.109.92 - - [07/Apr/2025:02:38:25 -0400] "POST /wp-login.php HTTP/1.1" 302 0 "http://shahmeenaindustry.com" "Mozilla/5.0 (Windows NT 10.0; Win64; x64) AppleWebKit/537.36 (KHTML, like Gecko) Chrome/126.0.0.0 Safari/537.36"
198.54.114.83 - - [07/Apr/2025:02:53:56 -0400] "POST /wp-cron.php?doing_wp_cron=1744008835.9058399200439453125000 HTTP/1.1" 200 0 "-" "WordPress/6.7.2; https://shahmeenaindustry.com"
37.187.26.72 - - [07/Apr/2025:02:53:53 -0400] "POST /wp-login.php HTTP/1.1" 302 0 "http://shahmeenaindustry.com" "Mozilla/5.0 (Macintosh; Intel Mac OS X 10_15_7; rv:125.0.1) Gecko/20100101 Firefox/125.0.1"
192.64.117.93 - - [07/Apr/2025:03:09:34 -0400] "POST /wp-login.php HTTP/1.1" 200 0 "http://shahmeenaindustry.com" "Mozilla/5.0 (Macintosh; Intel Mac OS X 13.3; rv:126.0) Gecko/20100101 Firefox/126.0"
198.54.114.83 - - [07/Apr/2025:03:09:45 -0400] "POST /wp-cron.php?doing_wp_cron=1744009779.2256510257720947265625 HTTP/1.1" 200 0 "-" "WordPress/6.7.2; https://shahmeenaindustry.com"
85.208.98.23 - - [07/Apr/2025:03:10:31 -0400] "GET /robots.txt HTTP/1.1" 304 0 "-" "Mozilla/5.0 (compatible; SemrushBot-BA; +http://www.semrush.com/bot.html)"
103.169.35.190 - - [07/Apr/2025:03:41:21 -0400] "POST /wp-login.php HTTP/1.1" 302 0 "http://shahmeenaindustry.com" "Mozilla/5.0 (Windows NT 10.0; Win64; x64) AppleWebKit/537.36 (KHTML, like Gecko) Chrome/116.0.5845.96 Safari/537.36 Edg/116.0.1938.62"
216.244.66.200 - - [07/Apr/2025:03:42:49 -0400] "GET /robots.txt HTTP/1.1" 304 0 "-" "Mozilla/5.0 (compatible; DotBot/1.2; +https://opensiteexplorer.org/dotbot; help@moz.com)"
154.83.103.107 - - [07/Apr/2025:03:43:00 -0400] "GET /.git/HEAD HTTP/1.1" 403 1242 "-" "-"
216.244.66.200 - - [07/Apr/2025:03:48:07 -0400] "GET / HTTP/1.1" 200 24612 "-" "Mozilla/5.0 (compatible; DotBot/1.2; +https://opensiteexplorer.org/dotbot; help@moz.com)"
185.121.234.50 - - [07/Apr/2025:03:58:40 -0400] "GET /how-to-get-the-most-out-of-a-jade-roller/ HTTP/1.1" 200 21757 "http://shahmeenaindustry.com/how-to-get-the-most-out-of-a-jade-roller/" "Mozilla/5.0 (Windows NT 10.0; Win64; x64) AppleWebKit/537.36 (KHTML, like Gecko) Chrome/131.0.0.0 Safari/537.36"
185.121.234.50 - - [07/Apr/2025:03:58:41 -0400] "POST /wp-comments-post.php HTTP/1.1" 302 0 "http://shahmeenaindustry.com/how-to-get-the-most-out-of-a-jade-roller/" "Mozilla/5.0 (Windows NT 10.0; Win64; x64) AppleWebKit/537.36 (KHTML, like Gecko) Chrome/131.0.0.0 Safari/537.36"
113.36.242.229 - - [07/Apr/2025:03:59:02 -0400] "POST /wp-login.php HTTP/1.1" 302 0 "http://shahmeenaindustry.com" "Mozilla/5.0 (Macintosh; Intel Mac OS X 10_15_7) AppleWebKit/537.36 (KHTML, like Gecko) Chrome/113.0.5672.93 Safari/537.36"
162.213.255.38 - - [07/Apr/2025:04:16:53 -0400] "POST /wp-login.php HTTP/1.1" 302 0 "http://shahmeenaindustry.com" "Mozilla/5.0 (Macintosh; Intel Mac OS X 13_3) AppleWebKit/537.36 (KHTML, like Gecko) Chrome/126.0.0.0 Safari/537.36 Edg/126.0.0.0"
185.42.12.6 - - [07/Apr/2025:04:17:32 -0400] "GET /wp-login.php HTTP/1.1" 302 0 "-" "Mozilla/5.0 (Windows NT 10.0; Win64; x64) AppleWebKit/537.36 (KHTML, like Gecko) Chrome/131.0.0.0 Safari/537.36"
185.42.12.6 - - [07/Apr/2025:04:17:34 -0400] "GET /wp-login.php HTTP/1.1" 302 0 "-" "Mozilla/5.0 (Windows NT 10.0; Win64; x64) AppleWebKit/537.36 (KHTML, like Gecko) Chrome/131.0.0.0 Safari/537.36"
185.42.12.6 - - [07/Apr/2025:04:17:36 -0400] "GET /wp-login.php HTTP/1.1" 302 0 "-" "Mozilla/5.0 (Windows NT 10.0; Win64; x64) AppleWebKit/537.36 (KHTML, like Gecko) Chrome/131.0.0.0 Safari/537.36"
93.183.89.12 - - [07/Apr/2025:04:23:22 -0400] "GET /how-to-get-the-most-out-of-a-jade-roller/ HTTP/1.1" 200 21757 "http://shahmeenaindustry.com/how-to-get-the-most-out-of-a-jade-roller/" "Mozilla/5.0 (Windows NT 10.0; Win64; x64) AppleWebKit/537.36 (KHTML, like Gecko) Chrome/130.0.0.0 Safari/537.36 CCleaner/130.0.0.0"
93.183.89.12 - - [07/Apr/2025:04:23:23 -0400] "POST /wp-comments-post.php HTTP/1.1" 302 0 "http://shahmeenaindustry.com/how-to-get-the-most-out-of-a-jade-roller/" "Mozilla/5.0 (Windows NT 10.0; Win64; x64) AppleWebKit/537.36 (KHTML, like Gecko) Chrome/130.0.0.0 Safari/537.36 CCleaner/130.0.0.0"
107.172.243.11 - - [07/Apr/2025:04:34:43 -0400] "POST /wp-login.php HTTP/1.1" 302 0 "http://shahmeenaindustry.com" "Mozilla/5.0 (Macintosh; Intel Mac OS X 10_15_7) AppleWebKit/537.36 (KHTML, like Gecko) Chrome/126.0.0.0 Safari/537.36"
195.200.29.225 - - [07/Apr/2025:04:38:02 -0400] "GET /how-to-get-the-most-out-of-a-jade-roller/ HTTP/1.1" 200 21757 "http://shahmeenaindustry.com/how-to-get-the-most-out-of-a-jade-roller/" "Mozilla/5.0 (Windows NT 10.0; Win64; x64) AppleWebKit/537.36 (KHTML, like Gecko) Chrome/130.0.0.0 Safari/537.36 CCleaner/130.0.0.0"
195.200.29.225 - - [07/Apr/2025:04:38:03 -0400] "POST /wp-comments-post.php HTTP/1.1" 302 0 "http://shahmeenaindustry.com/how-to-get-the-most-out-of-a-jade-roller/" "Mozilla/5.0 (Windows NT 10.0; Win64; x64) AppleWebKit/537.36 (KHTML, like Gecko) Chrome/130.0.0.0 Safari/537.36 CCleaner/130.0.0.0"
162.0.232.248 - - [07/Apr/2025:04:52:38 -0400] "POST /wp-login.php HTTP/1.1" 302 0 "http://shahmeenaindustry.com" "Mozilla/5.0 (Macintosh; Intel Mac OS X 10_15_7) AppleWebKit/537.36 (KHTML, like Gecko) Chrome/115.0.5790.102 Safari/537.36"
159.65.33.135 - - [07/Apr/2025:04:52:43 -0400] "GET /cbd-shop-uk-review/ HTTP/1.1" 200 23132 "http://shahmeenaindustry.com/cbd-shop-uk-review/" "Mozilla/5.0 (Windows NT 10.0; Win64; x64) AppleWebKit/537.36 (KHTML, like Gecko) Chrome/131.0.0.0 Safari/537.36"
159.65.33.135 - - [07/Apr/2025:04:52:49 -0400] "POST /wp-comments-post.php HTTP/1.1" 200 1166 "http://shahmeenaindustry.com/cbd-shop-uk-review/" "Mozilla/5.0 (Windows NT 10.0; Win64; x64) AppleWebKit/537.36 (KHTML, like Gecko) Chrome/131.0.0.0 Safari/537.36"
192.64.117.93 - - [07/Apr/2025:05:10:35 -0400] "POST /wp-login.php HTTP/1.1" 302 0 "http://shahmeenaindustry.com" "Mozilla/5.0 (Windows NT 10.0; Win64; x64) AppleWebKit/537.36 (KHTML, like Gecko) Chrome/115.0.5790.171 Safari/537.36 Edg/115.0.1901.203"
82.102.18.118 - - [07/Apr/2025:05:21:34 -0400] "GET / HTTP/1.1" 200 24560 "-" "Mozilla/5.0 (Windows NT 10.0; Win64; x64) AppleWebKit/537.36 (KHTML, like Gecko) Chrome/78.0.3904.108 Safari/537.36"
82.102.18.118 - - [07/Apr/2025:05:21:40 -0400] "GET /?author=1 HTTP/1.1" 301 0 "-" "Mozilla/5.0 (Windows NT 10.0; Win64; x64) AppleWebKit/537.36 (KHTML, like Gecko) Chrome/78.0.3904.108 Safari/537.36"
82.102.18.118 - - [07/Apr/2025:05:21:40 -0400] "GET /?author=2 HTTP/1.1" 301 0 "-" "Mozilla/5.0 (Windows NT 10.0; Win64; x64) AppleWebKit/537.36 (KHTML, like Gecko) Chrome/78.0.3904.108 Safari/537.36"
82.102.18.118 - - [07/Apr/2025:05:21:40 -0400] "GET /wp-json/wp/v2/users/ HTTP/1.1" 200 1381 "-" "Mozilla/5.0 (Windows NT 10.0; Win64; x64) AppleWebKit/537.36 (KHTML, like Gecko) Chrome/78.0.3904.108 Safari/537.36"
66.249.79.4 - - [07/Apr/2025:05:23:20 -0400] "GET /robots.txt HTTP/1.1" 200 131 "-" "Mozilla/5.0 (compatible; Googlebot/2.1; +http://www.google.com/bot.html)"
66.249.79.4 - - [07/Apr/2025:05:23:20 -0400] "GET /wp-includes/js/jquery/jquery-migrate.min.js?ver=3.4.1 HTTP/1.1" 200 5342 "https://shahmeenaindustry.com/1st-anniversary-gifts-to-help-your-relationship-thrive/" "Mozilla/5.0 (Linux; Android 6.0.1; Nexus 5X Build/MMB29P) AppleWebKit/537.36 (KHTML, like Gecko) Chrome/134.0.6998.165 Mobile Safari/537.36 (compatible; Googlebot/2.1; +http://www.google.com/bot.html)"
115.245.68.141 - - [07/Apr/2025:05:28:39 -0400] "POST /wp-login.php HTTP/1.1" 302 0 "http://shahmeenaindustry.com" "Mozilla/5.0 (Macintosh; Intel Mac OS X 10_15_7; rv:127.0) Gecko/20100101 Firefox/127.0"
78.83.64.60 - - [07/Apr/2025:05:42:50 -0400] "GET /cbd-shop-uk-review/ HTTP/1.1" 200 23134 "http://shahmeenaindustry.com/cbd-shop-uk-review/" "Mozilla/5.0 (Windows NT 10.0; Win64; x64) AppleWebKit/537.36 (KHTML, like Gecko) Chrome/131.0.0.0 Safari/537.36"
78.83.64.60 - - [07/Apr/2025:05:42:58 -0400] "POST /wp-comments-post.php HTTP/1.1" 200 1168 "http://shahmeenaindustry.com/cbd-shop-uk-review/" "Mozilla/5.0 (Windows NT 10.0; Win64; x64) AppleWebKit/537.36 (KHTML, like Gecko) Chrome/131.0.0.0 Safari/537.36"
118.139.180.100 - - [07/Apr/2025:05:46:41 -0400] "POST /wp-login.php HTTP/1.1" 302 0 "http://shahmeenaindustry.com" "Mozilla/5.0 (Windows NT 10.0; Win64; x64) AppleWebKit/537.36 (KHTML, like Gecko) Chrome/113.0.5672.126 Safari/537.36 Edg/113.0.1774.50"
89.46.109.92 - - [07/Apr/2025:06:04:44 -0400] "POST /wp-login.php HTTP/1.1" 302 0 "http://shahmeenaindustry.com" "Mozilla/5.0 (Windows NT 10.0; Win64; x64) AppleWebKit/537.36 (KHTML, like Gecko) Chrome/116.0.5845.96 Safari/537.36 Edg/116.0.1938.62"
162.241.126.57 - - [07/Apr/2025:06:22:52 -0400] "POST /wp-login.php HTTP/1.1" 302 0 "http://shahmeenaindustry.com" "Mozilla/5.0 (Windows NT 10.0; Win64; x64; rv:127.0) Gecko/20100101 Firefox/127.0"
146.70.92.67 - - [07/Apr/2025:06:41:03 -0400] "GET /cbd-shop-uk-review/ HTTP/1.1" 200 23134 "http://shahmeenaindustry.com/cbd-shop-uk-review/" "Mozilla/5.0 (Windows NT 10.0; Win64; x64) AppleWebKit/537.36 (KHTML, like Gecko) Chrome/129.0.0.0 Safari/537.36"
146.70.92.67 - - [07/Apr/2025:06:41:06 -0400] "GET /cbd-shop-uk-review/ HTTP/1.1" 200 23134 "http://shahmeenaindustry.com/cbd-shop-uk-review/" "Mozilla/5.0 (Windows NT 10.0; Win64; x64) AppleWebKit/537.36 (KHTML, like Gecko) Chrome/129.0.0.0 Safari/537.36"
146.70.92.67 - - [07/Apr/2025:06:41:06 -0400] "POST /wp-comments-post.php HTTP/1.1" 200 0 "http://shahmeenaindustry.com/cbd-shop-uk-review/" "Mozilla/5.0 (Windows NT 10.0; Win64; x64) AppleWebKit/537.36 (KHTML, like Gecko) Chrome/129.0.0.0 Safari/537.36"
103.163.214.43 - - [07/Apr/2025:06:41:04 -0400] "POST /wp-login.php HTTP/1.1" 302 0 "http://shahmeenaindustry.com" "Mozilla/5.0 (Macintosh; Intel Mac OS X 14.5) AppleWebKit/618.3.5 (KHTML, like Gecko) Version/17.4 Safari/618.3.5"
85.208.98.23 - - [07/Apr/2025:06:53:35 -0400] "GET /robots.txt HTTP/1.1" 200 131 "-" "Mozilla/5.0 (compatible; SemrushBot-BA; +http://www.semrush.com/bot.html)"
115.245.68.141 - - [07/Apr/2025:06:59:31 -0400] "POST /wp-login.php HTTP/1.1" 302 0 "http://shahmeenaindustry.com" "Mozilla/5.0 (Macintosh; Intel Mac OS X 10_15_7) AppleWebKit/537.36 (KHTML, like Gecko) Chrome/116.0.5845.96 Safari/537.36"
198.54.114.83 - - [07/Apr/2025:06:59:38 -0400] "POST /wp-cron.php?doing_wp_cron=1744023576.1337170600891113281250 HTTP/1.1" 200 0 "-" "WordPress/6.7.2; https://shahmeenaindustry.com"
138.199.29.131 - - [07/Apr/2025:07:01:47 -0400] "GET / HTTP/1.1" 200 24560 "-" "Mozilla/5.0 (Windows NT 10.0; Win64; x64) AppleWebKit/537.36 (KHTML, like Gecko) Chrome/78.0.3904.108 Safari/537.36"
138.199.29.131 - - [07/Apr/2025:07:01:50 -0400] "GET /?author=1 HTTP/1.1" 301 0 "-" "Mozilla/5.0 (Windows NT 10.0; Win64; x64) AppleWebKit/537.36 (KHTML, like Gecko) Chrome/78.0.3904.108 Safari/537.36"
138.199.29.131 - - [07/Apr/2025:07:01:51 -0400] "GET /?author=2 HTTP/1.1" 301 0 "-" "Mozilla/5.0 (Windows NT 10.0; Win64; x64) AppleWebKit/537.36 (KHTML, like Gecko) Chrome/78.0.3904.108 Safari/537.36"
138.199.29.131 - - [07/Apr/2025:07:01:55 -0400] "GET /wp-json/wp/v2/users/ HTTP/1.1" 200 1381 "-" "Mozilla/5.0 (Windows NT 10.0; Win64; x64) AppleWebKit/537.36 (KHTML, like Gecko) Chrome/78.0.3904.108 Safari/537.36"
199.188.205.87 - - [07/Apr/2025:07:17:46 -0400] "POST /wp-login.php HTTP/1.1" 302 0 "http://shahmeenaindustry.com" "Mozilla/5.0 (Macintosh; Intel Mac OS X 10_15_7) AppleWebKit/537.36 (KHTML, like Gecko) Chrome/112.0.5615.138 Safari/537.36"
208.107.66.243 - - [07/Apr/2025:07:35:48 -0400] "POST /wp-login.php HTTP/1.1" 302 0 "http://shahmeenaindustry.com" "Mozilla/5.0 (Windows NT 10.0; Win64; x64) AppleWebKit/537.36 (KHTML, like Gecko) Chrome/113.0.5672.93 Safari/537.36"
198.54.114.83 - - [07/Apr/2025:08:10:47 -0400] "POST /wp-cron.php?doing_wp_cron=1744027846.8749380111694335937500 HTTP/1.1" 200 0 "-" "WordPress/6.7.2; https://shahmeenaindustry.com"
40.71.4.65 - - [07/Apr/2025:08:10:46 -0400] "HEAD /wordpress HTTP/1.1" 404 0 "-" "Mozilla/5.0 (Windows NT 10.0; Win64; x64) AppleWebKit/537.36 (KHTML, like Gecko) Chrome/74.0.3729.169 Safari/537.36"
40.71.4.65 - - [07/Apr/2025:08:10:47 -0400] "HEAD / HTTP/1.1" 200 0 "-" "Mozilla/5.0 (Windows NT 10.0; Win64; x64) AppleWebKit/537.36 (KHTML, like Gecko) Chrome/74.0.3729.169 Safari/537.36"
40.71.4.65 - - [07/Apr/2025:08:10:47 -0400] "HEAD /wp HTTP/1.1" 404 0 "-" "Mozilla/5.0 (Windows NT 10.0; Win64; x64) AppleWebKit/537.36 (KHTML, like Gecko) Chrome/74.0.3729.169 Safari/537.36"
40.71.4.65 - - [07/Apr/2025:08:10:47 -0400] "HEAD /bc HTTP/1.1" 404 0 "-" "Mozilla/5.0 (Windows NT 10.0; Win64; x64) AppleWebKit/537.36 (KHTML, like Gecko) Chrome/74.0.3729.169 Safari/537.36"
40.71.4.65 - - [07/Apr/2025:08:10:48 -0400] "HEAD /bk HTTP/1.1" 404 0 "-" "Mozilla/5.0 (Windows NT 10.0; Win64; x64) AppleWebKit/537.36 (KHTML, like Gecko) Chrome/74.0.3729.169 Safari/537.36"
40.71.4.65 - - [07/Apr/2025:08:10:48 -0400] "HEAD /backup HTTP/1.1" 404 0 "-" "Mozilla/5.0 (Windows NT 10.0; Win64; x64) AppleWebKit/537.36 (KHTML, like Gecko) Chrome/74.0.3729.169 Safari/537.36"
40.71.4.65 - - [07/Apr/2025:08:10:48 -0400] "HEAD /old HTTP/1.1" 404 0 "-" "Mozilla/5.0 (Windows NT 10.0; Win64; x64) AppleWebKit/537.36 (KHTML, like Gecko) Chrome/74.0.3729.169 Safari/537.36"
40.71.4.65 - - [07/Apr/2025:08:10:49 -0400] "HEAD /new HTTP/1.1" 301 0 "-" "Mozilla/5.0 (Windows NT 10.0; Win64; x64) AppleWebKit/537.36 (KHTML, like Gecko) Chrome/74.0.3729.169 Safari/537.36"
40.71.4.65 - - [07/Apr/2025:08:10:50 -0400] "HEAD /main HTTP/1.1" 404 0 "-" "Mozilla/5.0 (Windows NT 10.0; Win64; x64) AppleWebKit/537.36 (KHTML, like Gecko) Chrome/74.0.3729.169 Safari/537.36"
40.71.4.65 - - [07/Apr/2025:08:10:50 -0400] "HEAD /home HTTP/1.1" 301 0 "-" "Mozilla/5.0 (Windows NT 10.0; Win64; x64) AppleWebKit/537.36 (KHTML, like Gecko) Chrome/74.0.3729.169 Safari/537.36"
43.167.245.18 - - [07/Apr/2025:08:13:27 -0400] "GET / HTTP/1.1" 200 24560 "-" "Mozilla/5.0 (iPhone; CPU iPhone OS 13_2_3 like Mac OS X) AppleWebKit/605.1.15 (KHTML, like Gecko) Version/13.0.3 Mobile/15E148 Safari/604.1"
213.199.36.148 - - [07/Apr/2025:08:33:24 -0400] "POST /wp-login.php HTTP/1.1" 302 0 "http://shahmeenaindustry.com" "Mozilla/5.0 (Macintosh; Intel Mac OS X 14.3) AppleWebKit/614.31.14 (KHTML, like Gecko) Version/17.0.96 Safari/614.31.14"
85.208.98.23 - - [07/Apr/2025:09:02:25 -0400] "GET /robots.txt HTTP/1.1" 304 0 "-" "Mozilla/5.0 (compatible; SemrushBot-BA; +http://www.semrush.com/bot.html)"
198.54.114.83 - - [07/Apr/2025:09:16:11 -0400] "POST /wp-cron.php?doing_wp_cron=1744031771.5204489231109619140625 HTTP/1.1" 200 0 "-" "WordPress/6.7.2; https://shahmeenaindustry.com"
198.54.114.15 - - [07/Apr/2025:09:16:11 -0400] "POST /wp-login.php HTTP/1.1" 302 0 "http://shahmeenaindustry.com" "Mozilla/5.0 (Macintosh; Intel Mac OS X 14_6) AppleWebKit/605.1.15 (KHTML, like Gecko) Version/17.5 Safari/605.1.15"
216.244.66.200 - - [07/Apr/2025:09:22:44 -0400] "GET /robots.txt HTTP/1.1" 200 131 "-" "Mozilla/5.0 (compatible; DotBot/1.2; +https://opensiteexplorer.org/dotbot; help@moz.com)"
198.54.114.83 - - [07/Apr/2025:09:28:33 -0400] "POST /wp-cron.php?doing_wp_cron=1744032513.0881950855255126953125 HTTP/1.1" 200 0 "-" "WordPress/6.7.2; https://shahmeenaindustry.com"
216.244.66.200 - - [07/Apr/2025:09:28:32 -0400] "GET /a-comprehensive-guide/ HTTP/1.1" 200 21020 "-" "Mozilla/5.0 (compatible; DotBot/1.2; +https://opensiteexplorer.org/dotbot; help@moz.com)"
13.59.215.179 - - [07/Apr/2025:09:44:56 -0400] "GET / HTTP/1.1" 200 24560 "-" "python-requests/2.27.1"
198.54.114.83 - - [07/Apr/2025:09:58:34 -0400] "POST /wp-cron.php?doing_wp_cron=1744034314.6771659851074218750000 HTTP/1.1" 200 0 "-" "WordPress/6.7.2; https://shahmeenaindustry.com"
103.7.8.179 - - [07/Apr/2025:09:58:34 -0400] "POST /wp-login.php HTTP/1.1" 302 0 "http://shahmeenaindustry.com" "Mozilla/5.0 (Windows NT 10.0; Win64; x64) AppleWebKit/537.36 (KHTML, like Gecko) Chrome/113.0.5672.126 Safari/537.36 Edg/113.0.1774.50"
198.54.114.83 - - [07/Apr/2025:10:11:54 -0400] "POST /wp-cron.php?doing_wp_cron=1744035114.7612340450286865234375 HTTP/1.1" 200 0 "-" "WordPress/6.7.2; https://shahmeenaindustry.com"
172.86.91.119 - - [07/Apr/2025:10:11:52 -0400] "GET /wp-content/plugins/about.php HTTP/1.1" 404 16532 "-" "Mozlila/5.0 (Linux; Android 7.0; SM-G892A Bulid/NRD90M; wv) AppleWebKit/537.36 (KHTML, like Gecko) Version/4.0 Chrome/60.0.3112.107 Moblie Safari/537.36"
172.86.91.119 - - [07/Apr/2025:10:12:10 -0400] "GET /geju.php HTTP/1.1" 404 16532 "-" "Mozlila/5.0 (Linux; Android 7.0; SM-G892A Bulid/NRD90M; wv) AppleWebKit/537.36 (KHTML, like Gecko) Version/4.0 Chrome/60.0.3112.107 Moblie Safari/537.36"
198.54.114.83 - - [07/Apr/2025:10:12:31 -0400] "POST /wp-cron.php?doing_wp_cron=1744035151.7293999195098876953125 HTTP/1.1" 200 0 "-" "WordPress/6.7.2; https://shahmeenaindustry.com"
172.86.91.119 - - [07/Apr/2025:10:12:31 -0400] "GET /wp.php HTTP/1.1" 404 16532 "-" "Mozlila/5.0 (Linux; Android 7.0; SM-G892A Bulid/NRD90M; wv) AppleWebKit/537.36 (KHTML, like Gecko) Version/4.0 Chrome/60.0.3112.107 Moblie Safari/537.36"
136.243.228.193 - - [07/Apr/2025:10:26:40 -0400] "GET /robots.txt HTTP/1.1" 200 131 "-" "Mozilla/5.0 (compatible; DataForSeoBot/1.0; +https://dataforseo.com/dataforseo-bot)"
54.254.137.198 - - [07/Apr/2025:10:35:49 -0400] "POST /wp-login.php HTTP/1.1" 302 0 "www.google.com" "Mozilla/5.0 (Windows NT 10.0; Win64; x64)"
198.54.114.83 - - [07/Apr/2025:10:41:45 -0400] "POST /wp-cron.php?doing_wp_cron=1744036905.5368449687957763671875 HTTP/1.1" 200 0 "-" "WordPress/6.7.2; https://shahmeenaindustry.com"
4.240.72.125 - - [07/Apr/2025:10:41:45 -0400] "POST /wp-login.php HTTP/1.1" 302 0 "http://shahmeenaindustry.com" "Mozilla/5.0 (Windows NT 10.0; Win64; x64) AppleWebKit/537.36 (KHTML, like Gecko) Chrome/112.0.5615.138 Safari/537.36 Edg/112.0.1722.68"
178.128.99.84 - - [07/Apr/2025:10:44:42 -0400] "GET / HTTP/1.1" 200 24560 "-" "Mozilla/5.0 (Windows NT 10.0; Win64; x64) AppleWebKit/537.36 (KHTML, like Gecko) Chrome/95.0.4638.69 Safari/537.36"
178.128.99.84 - - [07/Apr/2025:10:44:42 -0400] "GET /wp-includes/ID3/license.txt HTTP/1.1" 200 501 "-" "Mozilla/5.0 (Windows NT 10.0; Win64; x64) AppleWebKit/537.36 (KHTML, like Gecko) Chrome/95.0.4638.69 Safari/537.36"
198.54.114.83 - - [07/Apr/2025:10:44:47 -0400] "POST /wp-cron.php?doing_wp_cron=1744037087.6295139789581298828125 HTTP/1.1" 200 0 "-" "WordPress/6.7.2; https://shahmeenaindustry.com"
178.128.99.84 - - [07/Apr/2025:10:44:43 -0400] "GET /feed/ HTTP/1.1" 200 217282 "-" "Mozilla/5.0 (Windows NT 10.0; Win64; x64) AppleWebKit/537.36 (KHTML, like Gecko) Chrome/95.0.4638.69 Safari/537.36"
178.128.99.84 - - [07/Apr/2025:10:44:51 -0400] "GET /?author=1 HTTP/1.1" 301 0 "-" "Mozilla/5.0 (Windows NT 10.0; Win64; x64) AppleWebKit/537.36 (KHTML, like Gecko) Chrome/95.0.4638.69 Safari/537.36"
178.128.99.84 - - [07/Apr/2025:10:44:51 -0400] "GET /wp-json/wp/v2/users/ HTTP/1.1" 200 1381 "-" "Mozilla/5.0 (Windows NT 10.0; Win64; x64) AppleWebKit/537.36 (KHTML, like Gecko) Chrome/95.0.4638.69 Safari/537.36"
216.244.66.200 - - [07/Apr/2025:10:56:01 -0400] "GET /robots.txt HTTP/1.1" 200 131 "-" "Mozilla/5.0 (compatible; DotBot/1.2; +https://opensiteexplorer.org/dotbot; help@moz.com)"
198.54.114.83 - - [07/Apr/2025:11:00:56 -0400] "POST /wp-cron.php?doing_wp_cron=1744038056.4749460220336914062500 HTTP/1.1" 200 0 "-" "WordPress/6.7.2; https://shahmeenaindustry.com"
216.244.66.200 - - [07/Apr/2025:11:00:51 -0400] "GET /vita-glow-night-cream-review/ HTTP/1.1" 200 21205 "-" "Mozilla/5.0 (compatible; DotBot/1.2; +https://opensiteexplorer.org/dotbot; help@moz.com)"
216.244.66.200 - - [07/Apr/2025:11:02:04 -0400] "GET /assurer-votre-avenir-professionnel-guide-complet-sur-lassurance-professionnelle/ HTTP/1.1" 200 21109 "-" "Mozilla/5.0 (compatible; DotBot/1.2; +https://opensiteexplorer.org/dotbot; help@moz.com)"
198.54.114.83 - - [07/Apr/2025:11:09:37 -0400] "POST /wp-cron.php?doing_wp_cron=1744038577.2087869644165039062500 HTTP/1.1" 200 0 "-" "WordPress/6.7.2; https://shahmeenaindustry.com"
93.183.89.12 - - [07/Apr/2025:11:09:36 -0400] "GET /how-to-get-the-most-out-of-a-jade-roller/ HTTP/1.1" 200 21757 "http://shahmeenaindustry.com/how-to-get-the-most-out-of-a-jade-roller/" "Mozilla/5.0 (Windows NT 10.0; Win64; x64) AppleWebKit/537.36 (KHTML, like Gecko) Chrome/131.0.0.0 Safari/537.36"
198.54.114.83 - - [07/Apr/2025:11:09:41 -0400] "POST /wp-cron.php?doing_wp_cron=1744038580.7810800075531005859375 HTTP/1.1" 200 0 "-" "WordPress/6.7.2; https://shahmeenaindustry.com"
93.183.89.12 - - [07/Apr/2025:11:09:40 -0400] "POST /wp-comments-post.php HTTP/1.1" 409 1194 "http://shahmeenaindustry.com/how-to-get-the-most-out-of-a-jade-roller/" "Mozilla/5.0 (Windows NT 10.0; Win64; x64) AppleWebKit/537.36 (KHTML, like Gecko) Chrome/131.0.0.0 Safari/537.36"
93.183.89.12 - - [07/Apr/2025:11:09:42 -0400] "GET /how-to-get-the-most-out-of-a-jade-roller/ HTTP/1.1" 200 21757 "http://shahmeenaindustry.com/how-to-get-the-most-out-of-a-jade-roller/" "Mozilla/5.0 (Windows NT 10.0; Win64; x64) AppleWebKit/537.36 (KHTML, like Gecko) Chrome/131.0.0.0 Safari/537.36"
36.41.75.167 - - [07/Apr/2025:11:22:00 -0400] "GET / HTTP/1.1" 200 24560 "-" "Mozilla/5.0 (iPhone; CPU iPhone OS 13_2_3 like Mac OS X) AppleWebKit/605.1.15 (KHTML, like Gecko) Version/13.0.3 Mobile/15E148 Safari/604.1"
85.208.98.23 - - [07/Apr/2025:11:48:01 -0400] "GET /robots.txt HTTP/1.1" 304 0 "-" "Mozilla/5.0 (compatible; SemrushBot-BA; +http://www.semrush.com/bot.html)"
216.244.66.200 - - [07/Apr/2025:12:31:57 -0400] "GET /robots.txt HTTP/1.1" 304 0 "-" "Mozilla/5.0 (compatible; DotBot/1.2; +https://opensiteexplorer.org/dotbot; help@moz.com)"
66.29.132.86 - - [07/Apr/2025:12:33:27 -0400] "GET / HTTP/1.1" 200 24560 "-" "Mozilla/5.0 (Windows NT 10.0; Win64; x64) AppleWebKit/537.36 (KHTML, like Gecko) Chrome/113.0.5672.126 Safari/537.36 Edg/113.0.1774.50"
198.54.114.83 - - [07/Apr/2025:12:33:31 -0400] "POST /wp-cron.php?doing_wp_cron=1744043611.2709999084472656250000 HTTP/1.1" 200 0 "-" "WordPress/6.7.2; https://shahmeenaindustry.com"
66.29.132.86 - - [07/Apr/2025:12:33:28 -0400] "GET /index.php?rest_route=/wp/v2/users HTTP/1.1" 200 1381 "http://shahmeenaindustry.com" "Mozilla/5.0 (Windows NT 11.0; Win64; x64) AppleWebKit/537.36 (KHTML, like Gecko) Chrome/126.0.0.0 Safari/537.36 Edg/126.0.0.0"
216.244.66.200 - - [07/Apr/2025:12:36:24 -0400] "GET /godetevi-una-vacanza-rilassante-al-lake-garda-relais/ HTTP/1.1" 200 21221 "-" "Mozilla/5.0 (compatible; DotBot/1.2; +https://opensiteexplorer.org/dotbot; help@moz.com)"
54.254.137.198 - - [07/Apr/2025:12:49:37 -0400] "POST /wp-login.php HTTP/1.1" 302 0 "www.google.com" "Mozilla/5.0 (Windows NT 10.0; Win64; x64)"
198.54.114.83 - - [07/Apr/2025:12:49:39 -0400] "POST /wp-cron.php?doing_wp_cron=1744044578.1101949214935302734375 HTTP/1.1" 200 0 "-" "WordPress/6.7.2; https://shahmeenaindustry.com"
59.110.91.68 - - [07/Apr/2025:13:17:55 -0400] "GET / HTTP/1.1" 200 24560 "-" "Mozilla/5.0 (X11; Fedora; Linux x86_64) AppleWebKit/537.36 (KHTML, like Gecko) Chrome/58.0.3029.110 Safari/537.36"
134.17.14.122 - - [07/Apr/2025:13:57:59 -0400] "GET /nope.php HTTP/1.1" 404 16533 "-" "Mozilla/4.0 (compatible; MSIE 6.0; Windows NT 5.1; SV1)"
216.244.66.200 - - [07/Apr/2025:14:01:56 -0400] "GET /robots.txt HTTP/1.1" 200 131 "-" "Mozilla/5.0 (compatible; DotBot/1.2; +https://opensiteexplorer.org/dotbot; help@moz.com)"
216.244.66.200 - - [07/Apr/2025:14:08:35 -0400] "GET /the-rise-of-online-casinos/feed/ HTTP/1.1" 200 430 "-" "Mozilla/5.0 (compatible; DotBot/1.2; +https://opensiteexplorer.org/dotbot; help@moz.com)"
198.54.114.83 - - [07/Apr/2025:14:08:39 -0400] "POST /wp-cron.php?doing_wp_cron=1744049316.3598749637603759765625 HTTP/1.1" 200 0 "-" "WordPress/6.7.2; https://shahmeenaindustry.com"
198.54.114.83 - - [07/Apr/2025:14:36:01 -0400] "POST /wp-cron.php?doing_wp_cron=1744050960.8904569149017333984375 HTTP/1.1" 200 0 "-" "WordPress/6.7.2; https://shahmeenaindustry.com"
172.172.103.138 - - [07/Apr/2025:14:36:00 -0400] "HEAD /wordpress HTTP/1.1" 404 0 "-" "Mozilla/5.0 (Windows NT 10.0; Win64; x64) AppleWebKit/537.36 (KHTML, like Gecko) Chrome/74.0.3729.169 Safari/537.36"
172.172.103.138 - - [07/Apr/2025:14:36:03 -0400] "HEAD / HTTP/1.1" 200 0 "-" "Mozilla/5.0 (Windows NT 10.0; Win64; x64) AppleWebKit/537.36 (KHTML, like Gecko) Chrome/74.0.3729.169 Safari/537.36"
172.172.103.138 - - [07/Apr/2025:14:36:05 -0400] "HEAD /wp HTTP/1.1" 404 0 "-" "Mozilla/5.0 (Windows NT 10.0; Win64; x64) AppleWebKit/537.36 (KHTML, like Gecko) Chrome/74.0.3729.169 Safari/537.36"
172.172.103.138 - - [07/Apr/2025:14:36:07 -0400] "HEAD /bc HTTP/1.1" 404 0 "-" "Mozilla/5.0 (Windows NT 10.0; Win64; x64) AppleWebKit/537.36 (KHTML, like Gecko) Chrome/74.0.3729.169 Safari/537.36"
172.172.103.138 - - [07/Apr/2025:14:36:08 -0400] "HEAD /bk HTTP/1.1" 404 0 "-" "Mozilla/5.0 (Windows NT 10.0; Win64; x64) AppleWebKit/537.36 (KHTML, like Gecko) Chrome/74.0.3729.169 Safari/537.36"
172.172.103.138 - - [07/Apr/2025:14:36:10 -0400] "HEAD /backup HTTP/1.1" 404 0 "-" "Mozilla/5.0 (Windows NT 10.0; Win64; x64) AppleWebKit/537.36 (KHTML, like Gecko) Chrome/74.0.3729.169 Safari/537.36"
172.172.103.138 - - [07/Apr/2025:14:36:12 -0400] "HEAD /old HTTP/1.1" 404 0 "-" "Mozilla/5.0 (Windows NT 10.0; Win64; x64) AppleWebKit/537.36 (KHTML, like Gecko) Chrome/74.0.3729.169 Safari/537.36"
172.172.103.138 - - [07/Apr/2025:14:36:13 -0400] "HEAD /new HTTP/1.1" 301 0 "-" "Mozilla/5.0 (Windows NT 10.0; Win64; x64) AppleWebKit/537.36 (KHTML, like Gecko) Chrome/74.0.3729.169 Safari/537.36"
172.172.103.138 - - [07/Apr/2025:14:36:16 -0400] "HEAD /main HTTP/1.1" 404 0 "-" "Mozilla/5.0 (Windows NT 10.0; Win64; x64) AppleWebKit/537.36 (KHTML, like Gecko) Chrome/74.0.3729.169 Safari/537.36"
172.172.103.138 - - [07/Apr/2025:14:36:18 -0400] "HEAD /home HTTP/1.1" 301 0 "-" "Mozilla/5.0 (Windows NT 10.0; Win64; x64) AppleWebKit/537.36 (KHTML, like Gecko) Chrome/74.0.3729.169 Safari/537.36"
45.76.177.72 - - [07/Apr/2025:14:36:51 -0400] "GET / HTTP/1.1" 200 24560 "-" "Mozilla/5.0 (Windows NT 10.0; Win64; x64) AppleWebKit/537.36 (KHTML, like Gecko) Chrome/95.0.4638.69 Safari/537.36"
45.76.177.72 - - [07/Apr/2025:14:36:53 -0400] "GET /wp-includes/ID3/license.txt HTTP/1.1" 200 501 "-" "Mozilla/5.0 (Windows NT 10.0; Win64; x64) AppleWebKit/537.36 (KHTML, like Gecko) Chrome/95.0.4638.69 Safari/537.36"
45.76.177.72 - - [07/Apr/2025:14:36:55 -0400] "GET /feed/ HTTP/1.1" 200 217282 "-" "Mozilla/5.0 (Windows NT 10.0; Win64; x64) AppleWebKit/537.36 (KHTML, like Gecko) Chrome/95.0.4638.69 Safari/537.36"
198.54.114.83 - - [07/Apr/2025:14:36:57 -0400] "POST /wp-cron.php?doing_wp_cron=1744051016.9454300403594970703125 HTTP/1.1" 200 0 "-" "WordPress/6.7.2; https://shahmeenaindustry.com"
45.76.177.72 - - [07/Apr/2025:14:36:56 -0400] "GET /wp-login.php HTTP/1.1" 302 0 "-" "Mozilla/5.0 (Windows NT 10.0; Win64; x64) AppleWebKit/537.36 (KHTML, like Gecko) Chrome/95.0.4638.69 Safari/537.36"
216.244.66.200 - - [07/Apr/2025:14:50:25 -0400] "GET /robots.txt HTTP/1.1" 304 0 "-" "Mozilla/5.0 (compatible; DotBot/1.2; +https://opensiteexplorer.org/dotbot; help@moz.com)"
172.200.46.210 - - [07/Apr/2025:14:53:27 -0400] "GET /sts.php HTTP/1.1" 404 16533 "-" "-"
172.200.46.210 - - [07/Apr/2025:14:53:28 -0400] "GET /wp-hoard.php HTTP/1.1" 404 16532 "-" "-"
172.200.46.210 - - [07/Apr/2025:14:53:29 -0400] "GET /wp-l0gin.php HTTP/1.1" 404 16532 "-" "-"
172.200.46.210 - - [07/Apr/2025:14:53:30 -0400] "GET /priv8.php HTTP/1.1" 404 16532 "-" "-"
198.54.114.83 - - [07/Apr/2025:14:53:32 -0400] "POST /wp-cron.php?doing_wp_cron=1744052011.8453209400177001953125 HTTP/1.1" 200 0 "-" "WordPress/6.7.2; https://shahmeenaindustry.com"
172.200.46.210 - - [07/Apr/2025:14:53:31 -0400] "GET /wp-post-editor.php HTTP/1.1" 404 16532 "-" "-"
172.200.46.210 - - [07/Apr/2025:14:53:34 -0400] "GET /404.php HTTP/1.1" 404 16532 "-" "-"
172.200.46.210 - - [07/Apr/2025:14:53:36 -0400] "GET /users.php HTTP/1.1" 404 16532 "-" "-"
172.200.46.210 - - [07/Apr/2025:14:53:39 -0400] "GET /classwithtostring.php HTTP/1.1" 404 16532 "-" "-"
198.54.114.83 - - [07/Apr/2025:14:53:40 -0400] "POST /wp-cron.php?doing_wp_cron=1744052020.4903249740600585937500 HTTP/1.1" 200 0 "-" "WordPress/6.7.2; https://shahmeenaindustry.com"
172.200.46.210 - - [07/Apr/2025:14:53:40 -0400] "GET /wp-head.php HTTP/1.1" 404 16532 "-" "-"
172.200.46.210 - - [07/Apr/2025:14:53:42 -0400] "GET /admin.php HTTP/1.1" 404 16532 "-" "-"
172.200.46.210 - - [07/Apr/2025:14:53:44 -0400] "GET /about.php HTTP/1.1" 404 16532 "-" "-"
172.200.46.210 - - [07/Apr/2025:14:53:46 -0400] "GET /dropdown.php HTTP/1.1" 404 16533 "-" "-"
172.200.46.210 - - [07/Apr/2025:14:53:48 -0400] "GET /wp-header.php HTTP/1.1" 404 16532 "-" "-"
172.200.46.210 - - [07/Apr/2025:14:53:51 -0400] "GET /radio.php HTTP/1.1" 404 16532 "-" "-"
172.200.46.210 - - [07/Apr/2025:14:53:53 -0400] "GET /simple.php HTTP/1.1" 404 16531 "-" "-"
172.200.46.210 - - [07/Apr/2025:14:53:54 -0400] "GET /cong.php HTTP/1.1" 404 16532 "-" "-"
172.200.46.210 - - [07/Apr/2025:14:53:56 -0400] "GET /options.php HTTP/1.1" 404 16533 "-" "-"
172.200.46.210 - - [07/Apr/2025:14:53:57 -0400] "GET /wp-content/index.php?x=ooo HTTP/1.1" 200 0 "-" "-"
172.200.46.210 - - [07/Apr/2025:14:53:58 -0400] "GET /wp-admin/options.php HTTP/1.1" 302 0 "-" "-"
172.200.46.210 - - [07/Apr/2025:14:54:00 -0400] "GET /wp-content/plugins/fix/up.php HTTP/1.1" 404 16532 "-" "-"
172.200.46.210 - - [07/Apr/2025:14:54:01 -0400] "GET /1index.php HTTP/1.1" 404 16532 "-" "-"
172.200.46.210 - - [07/Apr/2025:14:54:02 -0400] "GET /11index.php HTTP/1.1" 404 16532 "-" "-"
172.200.46.210 - - [07/Apr/2025:14:54:03 -0400] "GET /2index.php HTTP/1.1" 404 16533 "-" "-"
172.200.46.210 - - [07/Apr/2025:14:54:04 -0400] "GET /3index.php HTTP/1.1" 404 16532 "-" "-"
172.200.46.210 - - [07/Apr/2025:14:54:06 -0400] "GET /wp_wrong_datlib.php HTTP/1.1" 404 16532 "-" "-"
172.200.46.210 - - [07/Apr/2025:14:54:08 -0400] "GET /wp-adminincludesclass-wp-media-list-data.php HTTP/1.1" 404 16532 "-" "-"
172.200.46.210 - - [07/Apr/2025:14:54:09 -0400] "GET /autoload_classmap.php HTTP/1.1" 404 16532 "-" "-"
172.200.46.210 - - [07/Apr/2025:14:54:11 -0400] "GET /wso.php HTTP/1.1" 404 16532 "-" "-"
172.200.46.210 - - [07/Apr/2025:14:54:13 -0400] "GET /doc.php HTTP/1.1" 404 16532 "-" "-"
172.200.46.210 - - [07/Apr/2025:14:54:15 -0400] "GET /stindex.php HTTP/1.1" 404 16532 "-" "-"
172.200.46.210 - - [07/Apr/2025:14:54:17 -0400] "GET /alwso.php HTTP/1.1" 404 16532 "-" "-"
172.200.46.210 - - [07/Apr/2025:14:54:19 -0400] "GET /ups.php HTTP/1.1" 404 16532 "-" "-"
172.200.46.210 - - [07/Apr/2025:14:54:21 -0400] "GET /media-admin.php HTTP/1.1" 404 16532 "-" "-"
172.200.46.210 - - [07/Apr/2025:14:54:24 -0400] "GET /sym.php HTTP/1.1" 404 16532 "-" "-"
172.200.46.210 - - [07/Apr/2025:14:54:26 -0400] "GET /sym403.php HTTP/1.1" 404 16532 "-" "-"
172.200.46.210 - - [07/Apr/2025:14:54:27 -0400] "GET /fw.php HTTP/1.1" 404 16533 "-" "-"
172.200.46.210 - - [07/Apr/2025:14:54:28 -0400] "GET /symlink.php HTTP/1.1" 404 16532 "-" "-"
172.200.46.210 - - [07/Apr/2025:14:54:30 -0400] "GET /shell.php HTTP/1.1" 404 16532 "-" "-"
198.54.114.83 - - [07/Apr/2025:14:54:33 -0400] "POST /wp-cron.php?doing_wp_cron=1744052072.6013879776000976562500 HTTP/1.1" 200 0 "-" "WordPress/6.7.2; https://shahmeenaindustry.com"
172.200.46.210 - - [07/Apr/2025:14:54:32 -0400] "GET /1.php HTTP/1.1" 404 16532 "-" "-"
172.200.46.210 - - [07/Apr/2025:14:54:34 -0400] "GET /data.php HTTP/1.1" 404 16532 "-" "-"
172.200.46.210 - - [07/Apr/2025:14:54:35 -0400] "GET /wp-blog.php HTTP/1.1" 404 16532 "-" "-"
172.200.46.210 - - [07/Apr/2025:14:54:36 -0400] "GET /b.php HTTP/1.1" 404 16533 "-" "-"
172.200.46.210 - - [07/Apr/2025:14:54:38 -0400] "GET /c.php HTTP/1.1" 404 16532 "-" "-"
172.200.46.210 - - [07/Apr/2025:14:54:38 -0400] "GET /shx.php HTTP/1.1" 404 16532 "-" "-"
198.54.114.83 - - [07/Apr/2025:14:54:41 -0400] "POST /wp-cron.php?doing_wp_cron=1744052080.7617878913879394531250 HTTP/1.1" 200 0 "-" "WordPress/6.7.2; https://shahmeenaindustry.com"
172.200.46.210 - - [07/Apr/2025:14:54:40 -0400] "GET /alfa.php HTTP/1.1" 404 16532 "-" "-"
172.200.46.210 - - [07/Apr/2025:14:54:43 -0400] "GET /a.php HTTP/1.1" 404 16532 "-" "-"
172.200.46.210 - - [07/Apr/2025:14:54:44 -0400] "GET /old-index.php HTTP/1.1" 404 16532 "-" "-"
172.200.46.210 - - [07/Apr/2025:14:54:45 -0400] "GET /FoxWSO.php HTTP/1.1" 404 16532 "-" "-"
172.200.46.210 - - [07/Apr/2025:14:54:46 -0400] "GET /x.php HTTP/1.1" 404 16533 "-" "-"
172.200.46.210 - - [07/Apr/2025:14:54:48 -0400] "GET /403.php HTTP/1.1" 404 16532 "-" "-"
172.200.46.210 - - [07/Apr/2025:14:54:49 -0400] "GET /mini.php HTTP/1.1" 404 16532 "-" "-"
172.200.46.210 - - [07/Apr/2025:14:54:50 -0400] "GET /imagesvuln.php HTTP/1.1" 404 16532 "-" "-"
172.200.46.210 - - [07/Apr/2025:14:54:50 -0400] "GET /edit-form.php HTTP/1.1" 404 16532 "-" "-"
172.200.46.210 - - [07/Apr/2025:14:54:51 -0400] "GET /wikindex.php HTTP/1.1" 404 16532 "-" "-"
172.200.46.210 - - [07/Apr/2025:14:54:52 -0400] "GET /m.php HTTP/1.1" 404 16532 "-" "-"
172.200.46.210 - - [07/Apr/2025:14:54:53 -0400] "GET /0byte.php HTTP/1.1" 404 16531 "-" "-"
172.200.46.210 - - [07/Apr/2025:14:54:54 -0400] "GET /xx.php HTTP/1.1" 404 16532 "-" "-"
172.200.46.210 - - [07/Apr/2025:14:54:55 -0400] "GET /new-index.php HTTP/1.1" 404 16532 "-" "-"
172.200.46.210 - - [07/Apr/2025:14:54:56 -0400] "GET /wp.php HTTP/1.1" 404 16533 "-" "-"
172.200.46.210 - - [07/Apr/2025:14:54:57 -0400] "GET /wp-wso.php HTTP/1.1" 404 16532 "-" "-"
172.200.46.210 - - [07/Apr/2025:14:54:58 -0400] "GET /qindex.php HTTP/1.1" 404 16532 "-" "-"
172.200.46.210 - - [07/Apr/2025:14:54:59 -0400] "GET /minimo.php HTTP/1.1" 404 16532 "-" "-"
172.200.46.210 - - [07/Apr/2025:14:55:00 -0400] "GET /xleet.php HTTP/1.1" 404 16532 "-" "-"
172.200.46.210 - - [07/Apr/2025:14:55:01 -0400] "GET /V3.php HTTP/1.1" 404 16532 "-" "-"
172.200.46.210 - - [07/Apr/2025:14:55:02 -0400] "GET /V5.php HTTP/1.1" 404 16532 "-" "-"
172.200.46.210 - - [07/Apr/2025:14:55:05 -0400] "GET /up.php HTTP/1.1" 404 16532 "-" "-"
172.200.46.210 - - [07/Apr/2025:14:55:07 -0400] "GET /www.php HTTP/1.1" 404 16532 "-" "-"
172.200.46.210 - - [07/Apr/2025:14:55:08 -0400] "GET /100.php HTTP/1.1" 404 16532 "-" "-"
172.200.46.210 - - [07/Apr/2025:14:55:11 -0400] "GET /777.php HTTP/1.1" 404 16532 "-" "-"
172.200.46.210 - - [07/Apr/2025:14:55:12 -0400] "GET /defau1t.php HTTP/1.1" 404 16532 "-" "-"
172.200.46.210 - - [07/Apr/2025:14:55:14 -0400] "GET /f.php HTTP/1.1" 404 16532 "-" "-"
172.200.46.210 - - [07/Apr/2025:14:55:16 -0400] "GET /xox.php HTTP/1.1" 404 16533 "-" "-"
172.200.46.210 - - [07/Apr/2025:14:55:17 -0400] "GET /o.php HTTP/1.1" 404 16532 "-" "-"
172.200.46.210 - - [07/Apr/2025:14:55:18 -0400] "GET /new.php HTTP/1.1" 404 16532 "-" "-"
172.200.46.210 - - [07/Apr/2025:14:55:19 -0400] "GET /sindex.php HTTP/1.1" 404 16532 "-" "-"
172.200.46.210 - - [07/Apr/2025:14:55:21 -0400] "GET /baindex.php HTTP/1.1" 404 16532 "-" "-"
172.200.46.210 - - [07/Apr/2025:14:55:22 -0400] "GET /wi.php HTTP/1.1" 404 16532 "-" "-"
172.200.46.210 - - [07/Apr/2025:14:55:22 -0400] "GET /mar.php HTTP/1.1" 404 16532 "-" "-"
172.200.46.210 - - [07/Apr/2025:14:55:24 -0400] "GET /root.php HTTP/1.1" 404 16532 "-" "-"
172.200.46.210 - - [07/Apr/2025:14:55:25 -0400] "GET /nee.php HTTP/1.1" 404 16533 "-" "-"
172.200.46.210 - - [07/Apr/2025:14:55:26 -0400] "GET /v.php HTTP/1.1" 404 16532 "-" "-"
172.200.46.210 - - [07/Apr/2025:14:55:27 -0400] "GET /z.php HTTP/1.1" 404 16533 "-" "-"
172.200.46.210 - - [07/Apr/2025:14:55:28 -0400] "GET /g.php HTTP/1.1" 404 16532 "-" "-"
172.200.46.210 - - [07/Apr/2025:14:55:29 -0400] "GET /c99.php HTTP/1.1" 404 16532 "-" "-"
172.200.46.210 - - [07/Apr/2025:14:55:30 -0400] "GET /w.php HTTP/1.1" 404 16532 "-" "-"
198.54.114.83 - - [07/Apr/2025:14:55:31 -0400] "POST /wp-cron.php?doing_wp_cron=1744052131.4271268844604492187500 HTTP/1.1" 200 0 "-" "WordPress/6.7.2; https://shahmeenaindustry.com"
172.200.46.210 - - [07/Apr/2025:14:55:31 -0400] "GET /ws.php HTTP/1.1" 404 16532 "-" "-"
172.200.46.210 - - [07/Apr/2025:14:55:32 -0400] "GET /2.php HTTP/1.1" 404 16532 "-" "-"
172.200.46.210 - - [07/Apr/2025:14:55:33 -0400] "GET /lol.php HTTP/1.1" 404 16532 "-" "-"
172.200.46.210 - - [07/Apr/2025:14:55:34 -0400] "GET /87.php HTTP/1.1" 404 16532 "-" "-"
172.200.46.210 - - [07/Apr/2025:14:55:35 -0400] "GET /7yn.php HTTP/1.1" 404 16532 "-" "-"
172.200.46.210 - - [07/Apr/2025:14:55:35 -0400] "GET /haxor.php HTTP/1.1" 404 16532 "-" "-"
172.200.46.210 - - [07/Apr/2025:14:55:36 -0400] "GET /13.php HTTP/1.1" 404 16533 "-" "-"
172.200.46.210 - - [07/Apr/2025:14:55:37 -0400] "GET /e.php HTTP/1.1" 404 16533 "-" "-"
172.200.46.210 - - [07/Apr/2025:14:55:38 -0400] "GET /r.php HTTP/1.1" 404 16532 "-" "-"
172.200.46.210 - - [07/Apr/2025:14:55:38 -0400] "GET /t.php HTTP/1.1" 404 16532 "-" "-"
172.200.46.210 - - [07/Apr/2025:14:55:39 -0400] "GET /y.php HTTP/1.1" 404 16532 "-" "-"
198.54.114.83 - - [07/Apr/2025:14:55:40 -0400] "POST /wp-cron.php?doing_wp_cron=1744052140.4534349441528320312500 HTTP/1.1" 200 0 "-" "WordPress/6.7.2; https://shahmeenaindustry.com"
172.200.46.210 - - [07/Apr/2025:14:55:40 -0400] "GET /u.php HTTP/1.1" 404 16532 "-" "-"
172.200.46.210 - - [07/Apr/2025:14:55:41 -0400] "GET /i.php HTTP/1.1" 404 16532 "-" "-"
172.200.46.210 - - [07/Apr/2025:14:55:43 -0400] "GET /p.php HTTP/1.1" 404 16532 "-" "-"
172.200.46.210 - - [07/Apr/2025:14:55:44 -0400] "GET /q.php HTTP/1.1" 404 16532 "-" "-"
172.200.46.210 - - [07/Apr/2025:14:55:46 -0400] "GET /s.php HTTP/1.1" 404 16533 "-" "-"
172.200.46.210 - - [07/Apr/2025:14:55:47 -0400] "GET /d.php HTTP/1.1" 404 16532 "-" "-"
172.200.46.210 - - [07/Apr/2025:14:55:49 -0400] "GET /h.php HTTP/1.1" 404 16532 "-" "-"
172.200.46.210 - - [07/Apr/2025:14:55:50 -0400] "GET /j.php HTTP/1.1" 404 16532 "-" "-"
172.200.46.210 - - [07/Apr/2025:14:55:52 -0400] "GET /k.php HTTP/1.1" 404 16532 "-" "-"
172.200.46.210 - - [07/Apr/2025:14:55:54 -0400] "GET /l.php HTTP/1.1" 404 16531 "-" "-"
172.200.46.210 - - [07/Apr/2025:14:55:57 -0400] "GET /n.php HTTP/1.1" 404 16532 "-" "-"
172.200.46.210 - - [07/Apr/2025:14:55:58 -0400] "GET /xindex.php HTTP/1.1" 404 16532 "-" "-"
172.200.46.210 - - [07/Apr/2025:14:56:00 -0400] "GET /kindex.php HTTP/1.1" 404 16532 "-" "-"
172.200.46.210 - - [07/Apr/2025:14:56:02 -0400] "GET /FoxWSOv1.php HTTP/1.1" 404 16532 "-" "-"
172.200.46.210 - - [07/Apr/2025:14:56:03 -0400] "GET /alf.php HTTP/1.1" 404 16533 "-" "-"
172.200.46.210 - - [07/Apr/2025:14:56:05 -0400] "GET /bb.php HTTP/1.1" 404 16532 "-" "-"
172.200.46.210 - - [07/Apr/2025:14:56:06 -0400] "GET /lf.php HTTP/1.1" 404 16532 "-" "-"
172.200.46.210 - - [07/Apr/2025:14:56:08 -0400] "GET /WSO.php HTTP/1.1" 404 16532 "-" "-"
172.200.46.210 - - [07/Apr/2025:14:56:10 -0400] "GET /xxx.php HTTP/1.1" 404 16532 "-" "-"
172.200.46.210 - - [07/Apr/2025:14:56:12 -0400] "GET /hello.php HTTP/1.1" 404 16532 "-" "-"
216.244.66.200 - - [07/Apr/2025:14:56:13 -0400] "GET /how-to-play-at-an-online-casino/ HTTP/1.1" 200 21147 "-" "Mozilla/5.0 (compatible; DotBot/1.2; +https://opensiteexplorer.org/dotbot; help@moz.com)"
172.200.46.210 - - [07/Apr/2025:14:56:14 -0400] "GET /ok.php HTTP/1.1" 404 16532 "-" "-"
172.200.46.210 - - [07/Apr/2025:14:56:15 -0400] "GET /if.php HTTP/1.1" 404 16532 "-" "-"
172.200.46.210 - - [07/Apr/2025:14:56:17 -0400] "GET /kk.php HTTP/1.1" 404 16533 "-" "-"
172.200.46.210 - - [07/Apr/2025:14:56:18 -0400] "GET /mrjn.php HTTP/1.1" 404 16532 "-" "-"
172.200.46.210 - - [07/Apr/2025:14:56:19 -0400] "GET /kn.php HTTP/1.1" 404 16532 "-" "-"
172.200.46.210 - - [07/Apr/2025:14:56:20 -0400] "GET /3301.php HTTP/1.1" 404 16532 "-" "-"
172.200.46.210 - - [07/Apr/2025:14:56:21 -0400] "GET /leaf.php HTTP/1.1" 404 16532 "-" "-"
172.200.46.210 - - [07/Apr/2025:14:56:22 -0400] "GET /alex.php HTTP/1.1" 404 16532 "-" "-"
172.200.46.210 - - [07/Apr/2025:14:56:23 -0400] "GET /mailer.php HTTP/1.1" 404 16532 "-" "-"
172.200.46.210 - - [07/Apr/2025:14:56:24 -0400] "GET /anone.php HTTP/1.1" 404 16533 "-" "-"
172.200.46.210 - - [07/Apr/2025:14:56:25 -0400] "GET /wp-configer.php HTTP/1.1" 404 16532 "-" "-"
198.54.114.83 - - [07/Apr/2025:14:56:27 -0400] "POST /wp-cron.php?doing_wp_cron=1744052187.0399041175842285156250 HTTP/1.1" 200 0 "-" "WordPress/6.7.2; https://shahmeenaindustry.com"
172.200.46.210 - - [07/Apr/2025:14:56:26 -0400] "GET /wp-ad.php HTTP/1.1" 404 16533 "-" "-"
172.200.46.210 - - [07/Apr/2025:14:56:28 -0400] "GET /send.php HTTP/1.1" 404 16532 "-" "-"
172.200.46.210 - - [07/Apr/2025:14:56:29 -0400] "GET /3.php HTTP/1.1" 404 16532 "-" "-"
198.54.114.83 - - [07/Apr/2025:14:56:31 -0400] "POST /wp-cron.php?doing_wp_cron=1744052191.2487459182739257812500 HTTP/1.1" 200 0 "-" "WordPress/6.7.2; https://shahmeenaindustry.com"
172.200.46.210 - - [07/Apr/2025:14:56:31 -0400] "GET /.wp-cache.php HTTP/1.1" 404 16532 "-" "-"
172.200.46.210 - - [07/Apr/2025:14:56:32 -0400] "GET /sendmail.php HTTP/1.1" 404 16532 "-" "-"
172.200.46.210 - - [07/Apr/2025:14:56:33 -0400] "GET /rahma.php HTTP/1.1" 404 16532 "-" "-"
172.200.46.210 - - [07/Apr/2025:14:56:34 -0400] "GET /nasgor.php HTTP/1.1" 404 16532 "-" "-"
172.200.46.210 - - [07/Apr/2025:14:56:36 -0400] "GET /wp-confirm.php HTTP/1.1" 404 16533 "-" "-"
172.200.46.210 - - [07/Apr/2025:14:56:38 -0400] "GET /alfa123.php HTTP/1.1" 404 16532 "-" "-"
172.200.46.210 - - [07/Apr/2025:14:56:39 -0400] "GET /upload.php HTTP/1.1" 404 16532 "-" "-"
198.54.114.83 - - [07/Apr/2025:14:56:42 -0400] "POST /wp-cron.php?doing_wp_cron=1744052202.0873680114746093750000 HTTP/1.1" 200 0 "-" "WordPress/6.7.2; https://shahmeenaindustry.com"
172.200.46.210 - - [07/Apr/2025:14:56:41 -0400] "GET /bypass.php HTTP/1.1" 404 16532 "-" "-"
172.200.46.210 - - [07/Apr/2025:14:56:43 -0400] "GET /wp-one.php HTTP/1.1" 404 16532 "-" "-"
172.200.46.210 - - [07/Apr/2025:14:56:45 -0400] "GET /alexus.php HTTP/1.1" 404 16532 "-" "-"
172.200.46.210 - - [07/Apr/2025:14:56:47 -0400] "GET /wso1337.php HTTP/1.1" 404 16532 "-" "-"
172.200.46.210 - - [07/Apr/2025:14:56:49 -0400] "GET /1337.php HTTP/1.1" 404 16532 "-" "-"
172.200.46.210 - - [07/Apr/2025:14:56:50 -0400] "GET /blog.php HTTP/1.1" 404 16532 "-" "-"
172.200.46.210 - - [07/Apr/2025:14:56:52 -0400] "GET /it.php HTTP/1.1" 404 16532 "-" "-"
172.200.46.210 - - [07/Apr/2025:14:56:55 -0400] "GET /kiss.php HTTP/1.1" 404 16532 "-" "-"
172.200.46.210 - - [07/Apr/2025:14:56:57 -0400] "GET /0.php HTTP/1.1" 404 16533 "-" "-"
172.200.46.210 - - [07/Apr/2025:14:56:58 -0400] "GET /wp2.php HTTP/1.1" 404 16532 "-" "-"
172.200.46.210 - - [07/Apr/2025:14:57:00 -0400] "GET /owl.php HTTP/1.1" 404 16532 "-" "-"
172.200.46.210 - - [07/Apr/2025:14:57:01 -0400] "GET /vuln.php HTTP/1.1" 404 16532 "-" "-"
172.200.46.210 - - [07/Apr/2025:14:57:05 -0400] "GET /ohayo.php HTTP/1.1" 404 16532 "-" "-"
172.200.46.210 - - [07/Apr/2025:14:57:06 -0400] "GET /wp-admin.php HTTP/1.1" 404 16532 "-" "-"
172.200.46.210 - - [07/Apr/2025:14:57:08 -0400] "GET /cms.php HTTP/1.1" 404 16532 "-" "-"
172.200.46.210 - - [07/Apr/2025:14:57:09 -0400] "GET /wp-uploads.php HTTP/1.1" 404 16532 "-" "-"
172.200.46.210 - - [07/Apr/2025:14:57:11 -0400] "GET /Gel.php HTTP/1.1" 404 16532 "-" "-"
172.200.46.210 - - [07/Apr/2025:14:57:13 -0400] "GET /41.php HTTP/1.1" 404 16532 "-" "-"
172.200.46.210 - - [07/Apr/2025:14:57:14 -0400] "GET /4price.php HTTP/1.1" 404 16532 "-" "-"
172.200.46.210 - - [07/Apr/2025:14:57:15 -0400] "GET /MARIJUANA.php HTTP/1.1" 404 16532 "-" "-"
172.200.46.210 - - [07/Apr/2025:14:57:17 -0400] "GET /marijuana.php HTTP/1.1" 404 16532 "-" "-"
172.200.46.210 - - [07/Apr/2025:14:57:18 -0400] "GET /.fk.php HTTP/1.1" 404 16532 "-" "-"
172.200.46.210 - - [07/Apr/2025:14:57:21 -0400] "GET /XxX.php HTTP/1.1" 404 16532 "-" "-"
172.200.46.210 - - [07/Apr/2025:14:57:23 -0400] "GET /alexuse.php HTTP/1.1" 404 16532 "-" "-"
172.200.46.210 - - [07/Apr/2025:14:57:25 -0400] "GET /Sendemail.php HTTP/1.1" 404 16532 "-" "-"
172.200.46.210 - - [07/Apr/2025:14:57:26 -0400] "GET /content.php HTTP/1.1" 404 16533 "-" "-"
172.200.46.210 - - [07/Apr/2025:14:57:28 -0400] "GET /leafmailer2.8.php HTTP/1.1" 404 16532 "-" "-"
172.200.46.210 - - [07/Apr/2025:14:57:30 -0400] "GET /olu.php HTTP/1.1" 404 16532 "-" "-"
198.54.114.83 - - [07/Apr/2025:14:57:32 -0400] "POST /wp-cron.php?doing_wp_cron=1744052252.0532619953155517578125 HTTP/1.1" 200 0 "-" "WordPress/6.7.2; https://shahmeenaindustry.com"
172.200.46.210 - - [07/Apr/2025:14:57:31 -0400] "GET /alexusmailer2.0.php HTTP/1.1" 404 16532 "-" "-"
172.200.46.210 - - [07/Apr/2025:14:57:33 -0400] "GET /rss.php HTTP/1.1" 404 16532 "-" "-"
172.200.46.210 - - [07/Apr/2025:14:57:35 -0400] "GET /alexus-mailer.php HTTP/1.1" 404 16532 "-" "-"
172.200.46.210 - - [07/Apr/2025:14:57:36 -0400] "GET /wp-file.php HTTP/1.1" 404 16533 "-" "-"
172.200.46.210 - - [07/Apr/2025:14:57:38 -0400] "GET /wso2.php HTTP/1.1" 404 16532 "-" "-"
198.54.114.83 - - [07/Apr/2025:14:57:40 -0400] "POST /wp-cron.php?doing_wp_cron=1744052260.1031699180603027343750 HTTP/1.1" 200 0 "-" "WordPress/6.7.2; https://shahmeenaindustry.com"
172.200.46.210 - - [07/Apr/2025:14:57:39 -0400] "GET /wso1.php HTTP/1.1" 404 16532 "-" "-"
172.200.46.210 - - [07/Apr/2025:14:57:41 -0400] "GET /olux.php HTTP/1.1" 404 16532 "-" "-"
172.200.46.210 - - [07/Apr/2025:14:57:42 -0400] "GET /wp-info.php HTTP/1.1" 404 16532 "-" "-"
172.200.46.210 - - [07/Apr/2025:14:57:43 -0400] "GET /xl.php HTTP/1.1" 404 16532 "-" "-"
172.200.46.210 - - [07/Apr/2025:14:57:44 -0400] "GET /wp-confiig.php HTTP/1.1" 404 16532 "-" "-"
172.200.46.210 - - [07/Apr/2025:14:57:45 -0400] "GET /file-manager.php HTTP/1.1" 404 16532 "-" "-"
172.200.46.210 - - [07/Apr/2025:14:57:46 -0400] "GET /uploader.php HTTP/1.1" 404 16532 "-" "-"
172.200.46.210 - - [07/Apr/2025:14:57:47 -0400] "GET /leafmailer.php HTTP/1.1" 404 16532 "-" "-"
172.200.46.210 - - [07/Apr/2025:14:57:48 -0400] "GET /ALFA_DATA/alfacgiapi/perl.alfa.php HTTP/1.1" 404 16532 "-" "-"
172.200.46.210 - - [07/Apr/2025:14:57:49 -0400] "GET /.well-known/ALFA_DATA/alfacgiapi/perl.alfa.php HTTP/1.1" 404 16532 "-" "-"
172.200.46.210 - - [07/Apr/2025:14:57:50 -0400] "GET /tmp_images/alfacgiapi/perl.alfa.php HTTP/1.1" 404 16532 "-" "-"
172.200.46.210 - - [07/Apr/2025:14:57:50 -0400] "GET /wp-admin/alfacgiapi/perl.alfa.php HTTP/1.1" 404 16532 "-" "-"
