162.213.255.38 - - [05/Apr/2025:21:37:06 -0400] "POST /xmlrpc.php HTTP/1.1" 200 212 "http://shahmeenaindustry.com" "Mozilla/5.0 (Windows NT 10.0; Win64; x64) AppleWebKit/537.36 (KHTML, like Gecko) Chrome/116.0.5845.96 Safari/537.36 Edg/116.0.1938.62"
198.54.114.83 - - [05/Apr/2025:21:49:42 -0400] "POST /wp-cron.php?doing_wp_cron=1743904181.8047449588775634765625 HTTP/1.1" 200 0 "-" "WordPress/6.7.2; https://shahmeenaindustry.com"
208.109.27.194 - - [05/Apr/2025:21:49:39 -0400] "POST /xmlrpc.php HTTP/1.1" 200 212 "http://shahmeenaindustry.com" "Mozilla/5.0 (Windows NT 10.0; Win64; x64; rv:129.0) Gecko/20100101 Firefox/129.0"
47.237.31.122 - - [05/Apr/2025:21:49:47 -0400] "POST /wp-login.php HTTP/1.1" 302 0 "http://shahmeenaindustry.com/wp-admin/" "Mozilla/5.0 (Windows NT 10.0; Win64; x64) AppleWebKit/537.36 (KHTML, like Gecko) Chrome/90.0.4430.85 Safari/537.36"
198.54.114.83 - - [05/Apr/2025:21:50:38 -0400] "POST /wp-cron.php?doing_wp_cron=1743904238.0114109516143798828125 HTTP/1.1" 200 0 "-" "WordPress/6.7.2; https://shahmeenaindustry.com"
216.244.66.200 - - [05/Apr/2025:21:50:37 -0400] "GET /the-convenience-of-instant-hot-water-taps-in-australia/feed/ HTTP/1.1" 200 466 "-" "Mozilla/5.0 (compatible; DotBot/1.2; +https://opensiteexplorer.org/dotbot; help@moz.com)"
198.54.114.83 - - [05/Apr/2025:22:02:28 -0400] "POST /wp-cron.php?doing_wp_cron=1743904948.0022399425506591796875 HTTP/1.1" 200 0 "-" "WordPress/6.7.2; https://shahmeenaindustry.com"
198.54.121.141 - - [05/Apr/2025:22:02:27 -0400] "POST /xmlrpc.php HTTP/1.1" 200 212 "http://shahmeenaindustry.com" "Mozilla/5.0 (Windows NT 10.0; Win64; x64) AppleWebKit/537.36 (KHTML, like Gecko) Chrome/114.0.5735.134 Safari/537.36"
89.175.12.245 - - [05/Apr/2025:22:05:46 -0400] "GET /cbd-shop-uk-review/ HTTP/1.1" 200 23132 "http://shahmeenaindustry.com/cbd-shop-uk-review/" "Mozilla/5.0 (Windows NT 10.0; Win64; x64) AppleWebKit/537.36 (KHTML, like Gecko) Chrome/130.0.0.0 Safari/537.36 CCleaner/130.0.0.0"
198.54.114.83 - - [05/Apr/2025:22:16:04 -0400] "POST /wp-cron.php?doing_wp_cron=1743905764.0751450061798095703125 HTTP/1.1" 200 0 "-" "WordPress/6.7.2; https://shahmeenaindustry.com"
152.42.170.66 - - [05/Apr/2025:22:15:59 -0400] "POST /xmlrpc.php HTTP/1.1" 200 212 "http://shahmeenaindustry.com" "Mozilla/5.0 (Macintosh; Intel Mac OS X 13.3; rv:126.0) Gecko/20100101 Firefox/126.0"
66.29.132.191 - - [05/Apr/2025:22:29:17 -0400] "POST /xmlrpc.php HTTP/1.1" 200 212 "http://shahmeenaindustry.com" "Mozilla/5.0 (Macintosh; Intel Mac OS X 10.15; rv:126.0) Gecko/20100101 Firefox/126.0"
198.54.114.83 - - [05/Apr/2025:22:42:55 -0400] "POST /wp-cron.php?doing_wp_cron=1743907375.6883449554443359375000 HTTP/1.1" 200 0 "-" "WordPress/6.7.2; https://shahmeenaindustry.com"
190.3.171.54 - - [05/Apr/2025:22:42:55 -0400] "POST /xmlrpc.php HTTP/1.1" 200 212 "http://shahmeenaindustry.com" "Mozilla/5.0 (Macintosh; Intel Mac OS X 13_3) AppleWebKit/537.36 (KHTML, like Gecko) Chrome/126.0.0.0 Safari/537.36"
199.188.200.101 - - [05/Apr/2025:22:56:24 -0400] "POST /xmlrpc.php HTTP/1.1" 200 212 "http://shahmeenaindustry.com" "Mozilla/5.0 (Macintosh; Intel Mac OS X 10_15_7; rv:128.0) Gecko/20100101 Firefox/128.0"
216.244.66.200 - - [05/Apr/2025:23:01:07 -0400] "GET /robots.txt HTTP/1.1" 304 0 "-" "Mozilla/5.0 (compatible; DotBot/1.2; +https://opensiteexplorer.org/dotbot; help@moz.com)"
198.54.114.83 - - [05/Apr/2025:23:07:29 -0400] "POST /wp-cron.php?doing_wp_cron=1743908849.3563899993896484375000 HTTP/1.1" 200 0 "-" "WordPress/6.7.2; https://shahmeenaindustry.com"
216.244.66.200 - - [05/Apr/2025:23:07:29 -0400] "GET /what-is-counselling/ HTTP/1.1" 200 21007 "-" "Mozilla/5.0 (compatible; DotBot/1.2; +https://opensiteexplorer.org/dotbot; help@moz.com)"
162.213.251.40 - - [05/Apr/2025:23:10:05 -0400] "POST /xmlrpc.php HTTP/1.1" 200 212 "http://shahmeenaindustry.com" "Mozilla/5.0 (Macintosh; Intel Mac OS X 10_15_7; rv:125.0.1) Gecko/20100101 Firefox/125.0.1"
216.244.66.200 - - [05/Apr/2025:23:13:29 -0400] "GET /what-can-peptides-do-for-your-skin/ HTTP/1.1" 200 21098 "-" "Mozilla/5.0 (compatible; DotBot/1.2; +https://opensiteexplorer.org/dotbot; help@moz.com)"
198.54.114.83 - - [05/Apr/2025:23:17:32 -0400] "POST /wp-cron.php?doing_wp_cron=1743909452.5391769409179687500000 HTTP/1.1" 200 0 "-" "WordPress/6.7.2; https://shahmeenaindustry.com"
216.244.66.200 - - [05/Apr/2025:23:17:27 -0400] "GET /custom-grip-socks/feed/ HTTP/1.1" 200 417 "-" "Mozilla/5.0 (compatible; DotBot/1.2; +https://opensiteexplorer.org/dotbot; help@moz.com)"
94.247.172.129 - - [05/Apr/2025:23:21:55 -0400] "GET / HTTP/1.1" 200 24612 "-" "Mozilla/5.0 (Macintosh; Intel Mac OS X 10_9_2)"
198.54.114.83 - - [05/Apr/2025:23:23:52 -0400] "POST /wp-cron.php?doing_wp_cron=1743909832.1316370964050292968750 HTTP/1.1" 200 0 "-" "WordPress/6.7.2; https://shahmeenaindustry.com"
188.164.195.65 - - [05/Apr/2025:23:23:51 -0400] "POST /xmlrpc.php HTTP/1.1" 200 212 "http://shahmeenaindustry.com" "Mozilla/5.0 (Windows NT 10.0; Win64; x64; rv:126.0) Gecko/20100101 Firefox/126.0"
198.54.114.83 - - [05/Apr/2025:23:27:54 -0400] "POST /wp-cron.php?doing_wp_cron=1743910073.7534289360046386718750 HTTP/1.1" 200 0 "-" "WordPress/6.7.2; https://shahmeenaindustry.com"
216.244.66.200 - - [05/Apr/2025:23:27:49 -0400] "GET /what-to-look-for-in-a-good-hair-dryer/feed/ HTTP/1.1" 200 450 "-" "Mozilla/5.0 (compatible; DotBot/1.2; +https://opensiteexplorer.org/dotbot; help@moz.com)"
82.165.125.50 - - [05/Apr/2025:23:37:39 -0400] "GET / HTTP/1.1" 200 24612 "-" "python-requests/2.27.1"
107.172.243.11 - - [05/Apr/2025:23:37:39 -0400] "POST /xmlrpc.php HTTP/1.1" 200 212 "http://shahmeenaindustry.com" "Mozilla/5.0 (Macintosh; Intel Mac OS X 13_3) AppleWebKit/537.36 (KHTML, like Gecko) Chrome/126.0.0.0 Safari/537.36"
165.227.188.67 - - [05/Apr/2025:23:45:50 -0400] "GET /wp-admin/css/ HTTP/1.1" 403 1242 "binance.com" "Mozilla/5.0 (Windows NT 10.0; Win64; x64) AppleWebKit/537.36 (KHTML, like Gecko) Chrome/90.0.4430.85 Safari/537.36"
216.244.66.200 - - [05/Apr/2025:23:47:57 -0400] "GET /robots.txt HTTP/1.1" 304 0 "-" "Mozilla/5.0 (compatible; DotBot/1.2; +https://opensiteexplorer.org/dotbot; help@moz.com)"
198.54.114.83 - - [05/Apr/2025:23:51:34 -0400] "POST /wp-cron.php?doing_wp_cron=1743911493.8888220787048339843750 HTTP/1.1" 200 0 "-" "WordPress/6.7.2; https://shahmeenaindustry.com"
162.0.217.136 - - [05/Apr/2025:23:51:33 -0400] "POST /xmlrpc.php HTTP/1.1" 200 212 "http://shahmeenaindustry.com" "Mozilla/5.0 (Macintosh; Intel Mac OS X 10_15_7; rv:127.0) Gecko/20100101 Firefox/127.0"
198.54.114.83 - - [06/Apr/2025:00:03:49 -0400] "POST /wp-cron.php?doing_wp_cron=1743912228.7637848854064941406250 HTTP/1.1" 200 0 "-" "WordPress/6.7.2; https://shahmeenaindustry.com"
216.244.66.200 - - [06/Apr/2025:00:03:48 -0400] "GET /star-plus-plumbing/feed/ HTTP/1.1" 200 420 "-" "Mozilla/5.0 (compatible; DotBot/1.2; +https://opensiteexplorer.org/dotbot; help@moz.com)"
2a06:6440:0:2caa::1 - - [06/Apr/2025:00:05:18 -0400] "POST /xmlrpc.php HTTP/1.1" 200 212 "http://shahmeenaindustry.com" "Mozilla/5.0 (Macintosh; Intel Mac OS X 10_15_7) AppleWebKit/537.36 (KHTML, like Gecko) Chrome/126.0.0.0 Safari/537.36"
103.132.20.2 - - [06/Apr/2025:00:19:08 -0400] "POST /xmlrpc.php HTTP/1.1" 200 212 "http://shahmeenaindustry.com" "Mozilla/5.0 (Macintosh; Intel Mac OS X 10.15; rv:126.0) Gecko/20100101 Firefox/126.0"
198.54.114.83 - - [06/Apr/2025:00:33:14 -0400] "POST /wp-cron.php?doing_wp_cron=1743913994.7817759513854980468750 HTTP/1.1" 200 0 "-" "WordPress/6.7.2; https://shahmeenaindustry.com"
38.57.3.35 - - [06/Apr/2025:00:33:14 -0400] "POST /xmlrpc.php HTTP/1.1" 200 212 "http://shahmeenaindustry.com" "Mozilla/5.0 (Macintosh; Intel Mac OS X 13.3; rv:126.0) Gecko/20100101 Firefox/126.0"
198.54.114.83 - - [06/Apr/2025:00:47:33 -0400] "POST /wp-cron.php?doing_wp_cron=1743914853.3813929557800292968750 HTTP/1.1" 200 0 "-" "WordPress/6.7.2; https://shahmeenaindustry.com"
68.183.88.238 - - [06/Apr/2025:00:47:29 -0400] "POST /xmlrpc.php HTTP/1.1" 200 212 "http://shahmeenaindustry.com" "Mozilla/5.0 (Windows NT 10.0; Win64; x64) AppleWebKit/537.36 (KHTML, like Gecko) Chrome/112.0.5615.138 Safari/537.36"
45.61.146.184 - - [06/Apr/2025:00:47:39 -0400] "POST /wp-login.php HTTP/1.1" 200 0 "http://shahmeenaindustry.com" "Mozilla/5.0 (Windows NT 10.0; Win64; x64; rv:72.0) Gecko/20100101 Firefox/72.0"
198.54.114.83 - - [06/Apr/2025:01:00:56 -0400] "POST /wp-cron.php?doing_wp_cron=1743915655.9156820774078369140625 HTTP/1.1" 200 0 "-" "WordPress/6.7.2; https://shahmeenaindustry.com"
216.244.66.200 - - [06/Apr/2025:01:00:52 -0400] "GET /how-to-become-a-voice-over-artist/feed/ HTTP/1.1" 200 441 "-" "Mozilla/5.0 (compatible; DotBot/1.2; +https://opensiteexplorer.org/dotbot; help@moz.com)"
216.244.66.200 - - [06/Apr/2025:01:01:05 -0400] "GET /what-does-a-criminal-lawyer-do/feed/ HTTP/1.1" 200 435 "-" "Mozilla/5.0 (compatible; DotBot/1.2; +https://opensiteexplorer.org/dotbot; help@moz.com)"
198.54.114.83 - - [06/Apr/2025:01:01:44 -0400] "POST /wp-cron.php?doing_wp_cron=1743915704.6597080230712890625000 HTTP/1.1" 200 0 "-" "WordPress/6.7.2; https://shahmeenaindustry.com"
192.250.230.11 - - [06/Apr/2025:01:01:44 -0400] "POST /xmlrpc.php HTTP/1.1" 200 212 "http://shahmeenaindustry.com" "Mozilla/5.0 (Windows NT 10.0; Win64; x64) AppleWebKit/537.36 (KHTML, like Gecko) Chrome/126.0.0.0 Safari/537.36"
198.54.114.83 - - [06/Apr/2025:01:16:20 -0400] "POST /wp-cron.php?doing_wp_cron=1743916580.4610319137573242187500 HTTP/1.1" 200 0 "-" "WordPress/6.7.2; https://shahmeenaindustry.com"
162.213.255.38 - - [06/Apr/2025:01:16:16 -0400] "POST /xmlrpc.php HTTP/1.1" 200 212 "http://shahmeenaindustry.com" "Mozilla/5.0 (Macintosh; Intel Mac OS X 13_3) AppleWebKit/537.36 (KHTML, like Gecko) Chrome/126.0.0.0 Safari/537.36"
198.54.114.83 - - [06/Apr/2025:01:18:31 -0400] "POST /wp-cron.php?doing_wp_cron=1743916711.4293570518493652343750 HTTP/1.1" 200 0 "-" "WordPress/6.7.2; https://shahmeenaindustry.com"
193.32.126.164 - - [06/Apr/2025:01:18:31 -0400] "POST /wp-login.php HTTP/1.1" 302 0 "http://shahmeenaindustry.com/wp-admin/" "Mozilla/5.0 (Windows NT 10.0; Win64; x64) AppleWebKit/537.36 (KHTML, like Gecko) Chrome/90.0.4430.85 Safari/537.36"
198.54.114.83 - - [06/Apr/2025:01:30:37 -0400] "POST /wp-cron.php?doing_wp_cron=1743917437.3012409210205078125000 HTTP/1.1" 200 0 "-" "WordPress/6.7.2; https://shahmeenaindustry.com"
192.64.117.93 - - [06/Apr/2025:01:30:35 -0400] "POST /xmlrpc.php HTTP/1.1" 200 212 "http://shahmeenaindustry.com" "Mozilla/5.0 (Windows NT 10.0; Win64; x64) AppleWebKit/537.36 (KHTML, like Gecko) Chrome/116.0.5845.96 Safari/537.36"
198.54.114.83 - - [06/Apr/2025:01:44:08 -0400] "POST /wp-cron.php?doing_wp_cron=1743918247.1665320396423339843750 HTTP/1.1" 200 0 "-" "WordPress/6.7.2; https://shahmeenaindustry.com"
13.68.85.218 - - [06/Apr/2025:01:44:06 -0400] "GET /templates/ HTTP/1.1" 404 16531 "-" "-"
13.68.85.218 - - [06/Apr/2025:01:44:10 -0400] "GET /admin/ HTTP/1.1" 302 0 "-" "-"
13.68.85.218 - - [06/Apr/2025:01:44:16 -0400] "GET /wp-content/uploads/2023/11/system.php HTTP/1.1" 404 16532 "-" "-"
13.68.85.218 - - [06/Apr/2025:01:44:18 -0400] "GET /wp-admin/ccx/ HTTP/1.1" 404 16532 "-" "-"
13.68.85.218 - - [06/Apr/2025:01:44:19 -0400] "GET /wp-content/plugins/oekqtzj/ HTTP/1.1" 404 16531 "-" "-"
13.68.85.218 - - [06/Apr/2025:01:44:21 -0400] "GET /cgi-bin/xmrlpc.php HTTP/1.1" 404 16531 "-" "-"
13.68.85.218 - - [06/Apr/2025:01:44:22 -0400] "GET /wp-admin/xmrlpc.php HTTP/1.1" 404 16531 "-" "-"
13.68.85.218 - - [06/Apr/2025:01:44:24 -0400] "GET /wp-includes/assets/autoload_classmap.php HTTP/1.1" 404 16532 "-" "-"
13.68.85.218 - - [06/Apr/2025:01:44:26 -0400] "GET /sitemap.php HTTP/1.1" 404 16532 "-" "-"
13.68.85.218 - - [06/Apr/2025:01:44:28 -0400] "GET /wp-content/banners/ HTTP/1.1" 404 16532 "-" "-"
13.68.85.218 - - [06/Apr/2025:01:44:29 -0400] "GET /wp-admin/cloud.php HTTP/1.1" 404 16531 "-" "-"
13.68.85.218 - - [06/Apr/2025:01:44:30 -0400] "GET /.well-known/pki-validation/xmrlpc.php HTTP/1.1" 404 1251 "-" "-"
13.68.85.218 - - [06/Apr/2025:01:44:30 -0400] "GET /wp-includes/js/tinymce/plugins/directionality/ HTTP/1.1" 403 1242 "-" "-"
13.68.85.218 - - [06/Apr/2025:01:44:30 -0400] "GET /wp-includes/images/wlw/ HTTP/1.1" 404 16531 "-" "-"
13.68.85.218 - - [06/Apr/2025:01:44:34 -0400] "GET /wp-content/plugins/backup-backup/includes/923924098...php HTTP/1.1" 404 16531 "-" "-"
13.68.85.218 - - [06/Apr/2025:01:44:35 -0400] "GET /todo.php HTTP/1.1" 404 16531 "-" "-"
13.68.85.218 - - [06/Apr/2025:01:44:37 -0400] "GET /wp-content/uploads/2018/03/ab.php HTTP/1.1" 404 16532 "-" "-"
13.68.85.218 - - [06/Apr/2025:01:44:39 -0400] "GET /wp-includes/js/tinymce/wp-tinymce.php HTTP/1.1" 200 146897 "-" "-"
13.68.85.218 - - [06/Apr/2025:01:44:40 -0400] "GET /wp-content/plugins/ninja-forms/ HTTP/1.1" 404 16531 "-" "-"
13.68.85.218 - - [06/Apr/2025:01:44:41 -0400] "GET /wp-includes/Requests/Response/ HTTP/1.1" 404 16531 "-" "-"
13.68.85.218 - - [06/Apr/2025:01:44:43 -0400] "GET /wp-crom.php HTTP/1.1" 404 16531 "-" "-"
13.68.85.218 - - [06/Apr/2025:01:44:44 -0400] "GET /wp-content/uploads/wpr-addons/forms/ HTTP/1.1" 404 16531 "-" "-"
13.68.85.218 - - [06/Apr/2025:01:44:45 -0400] "GET /wp-includes/block-supports/autoload_classmap.php HTTP/1.1" 404 16531 "-" "-"
13.68.85.218 - - [06/Apr/2025:01:44:47 -0400] "GET /wp-content/ HTTP/1.1" 200 0 "-" "-"
13.68.85.218 - - [06/Apr/2025:01:44:47 -0400] "GET /wp-includes/mah.php HTTP/1.1" 404 16532 "-" "-"
13.68.85.218 - - [06/Apr/2025:01:44:48 -0400] "GET /wp-content/themes/9geiaoo5/ HTTP/1.1" 404 16532 "-" "-"
199.188.205.87 - - [06/Apr/2025:01:44:49 -0400] "POST /xmlrpc.php HTTP/1.1" 200 212 "http://shahmeenaindustry.com" "Mozilla/5.0 (Windows NT 11.0; Win64; x64; rv:126.0) Gecko/20100101 Firefox/126.0"
13.68.85.218 - - [06/Apr/2025:01:44:49 -0400] "GET /cache-compat.php HTTP/1.1" 404 16531 "-" "-"
13.68.85.218 - - [06/Apr/2025:01:44:50 -0400] "GET /moddofuns.php HTTP/1.1" 404 16531 "-" "-"
13.68.85.218 - - [06/Apr/2025:01:44:51 -0400] "GET /logs_view.php HTTP/1.1" 404 16531 "-" "-"
13.68.85.218 - - [06/Apr/2025:01:44:53 -0400] "GET /wp/wp-admin/install.php HTTP/1.1" 404 16531 "-" "-"
13.68.85.218 - - [06/Apr/2025:01:44:54 -0400] "GET /wp-content/plugins/backup-backup/includes/1a895fa06f.php HTTP/1.1" 404 16531 "-" "-"
13.68.85.218 - - [06/Apr/2025:01:44:55 -0400] "GET /wp-includes/ID3/wp-login.php HTTP/1.1" 404 16531 "-" "-"
13.68.85.218 - - [06/Apr/2025:01:44:57 -0400] "GET /environment.php HTTP/1.1" 404 16532 "-" "-"
13.68.85.218 - - [06/Apr/2025:01:44:58 -0400] "GET /plugins/broken-link-checker/core/utils/ HTTP/1.1" 404 16532 "-" "-"
13.68.85.218 - - [06/Apr/2025:01:44:59 -0400] "GET /class-wp-lock.php HTTP/1.1" 404 16532 "-" "-"
13.68.85.218 - - [06/Apr/2025:01:45:00 -0400] "GET /wp-content/plugins/qwfdsop/ HTTP/1.1" 404 16531 "-" "-"
13.68.85.218 - - [06/Apr/2025:01:45:01 -0400] "GET /wp-content/plugins/seox/ HTTP/1.1" 404 16531 "-" "-"
13.68.85.218 - - [06/Apr/2025:01:45:04 -0400] "GET /alfanew.php HTTP/1.1" 404 16531 "-" "-"
13.68.85.218 - - [06/Apr/2025:01:45:05 -0400] "GET /wp-content/themes/7nd9yzxp/ HTTP/1.1" 404 16531 "-" "-"
198.54.114.83 - - [06/Apr/2025:01:45:09 -0400] "POST /wp-cron.php?doing_wp_cron=1743918308.7917919158935546875000 HTTP/1.1" 200 0 "-" "WordPress/6.7.2; https://shahmeenaindustry.com"
13.68.85.218 - - [06/Apr/2025:01:45:08 -0400] "GET /wp-content/plugins/td-cloud-library/includes/dir/ HTTP/1.1" 404 16531 "-" "-"
13.68.85.218 - - [06/Apr/2025:01:45:10 -0400] "GET /wp-content/plugins/WordPressCore/smaxx.php HTTP/1.1" 404 16531 "-" "-"
13.68.85.218 - - [06/Apr/2025:01:45:12 -0400] "GET /media-new.php HTTP/1.1" 404 16531 "-" "-"
13.68.85.218 - - [06/Apr/2025:01:45:14 -0400] "GET /wp-theme.php HTTP/1.1" 404 16531 "-" "-"
13.68.85.218 - - [06/Apr/2025:01:45:15 -0400] "GET /wp-includes/Cez57/index.php HTTP/1.1" 301 0 "-" "-"
13.68.85.218 - - [06/Apr/2025:01:45:16 -0400] "GET /wp-includes/Cez57/ HTTP/1.1" 404 16531 "-" "-"
13.68.85.218 - - [06/Apr/2025:01:45:17 -0400] "GET /wp-content/plugins/qvkwtfvfez/ HTTP/1.1" 404 16532 "-" "-"
13.68.85.218 - - [06/Apr/2025:01:45:19 -0400] "GET /wp-content/themes/digital-download/ HTTP/1.1" 404 16531 "-" "-"
13.68.85.218 - - [06/Apr/2025:01:45:21 -0400] "GET /assets/css/ HTTP/1.1" 404 16531 "-" "-"
13.68.85.218 - - [06/Apr/2025:01:45:23 -0400] "GET /wp-admin/includes/about.php HTTP/1.1" 404 16531 "-" "-"
13.68.85.218 - - [06/Apr/2025:01:45:25 -0400] "GET /wp-includes/class-flitert.php HTTP/1.1" 404 16531 "-" "-"
13.68.85.218 - - [06/Apr/2025:01:45:26 -0400] "GET /install.php HTTP/1.1" 404 16532 "-" "-"
13.68.85.218 - - [06/Apr/2025:01:45:29 -0400] "GET /stats.php HTTP/1.1" 404 16531 "-" "-"
198.54.114.83 - - [06/Apr/2025:01:45:32 -0400] "POST /wp-cron.php?doing_wp_cron=1743918332.2500379085540771484375 HTTP/1.1" 200 0 "-" "WordPress/6.7.2; https://shahmeenaindustry.com"
13.68.85.218 - - [06/Apr/2025:01:45:32 -0400] "GET /wp-includes/assets/XeRzQ.php HTTP/1.1" 404 16531 "-" "-"
13.68.85.218 - - [06/Apr/2025:01:45:35 -0400] "GET /images/server.php HTTP/1.1" 404 16531 "-" "-"
13.68.85.218 - - [06/Apr/2025:01:45:36 -0400] "GET /wp-admin/setup HTTP/1.1" 404 16532 "-" "-"
13.68.85.218 - - [06/Apr/2025:01:45:38 -0400] "GET /wp-content/themes/fag0z08y/ HTTP/1.1" 404 16532 "-" "-"
198.54.114.83 - - [06/Apr/2025:01:45:41 -0400] "POST /wp-cron.php?doing_wp_cron=1743918340.3971500396728515625000 HTTP/1.1" 200 0 "-" "WordPress/6.7.2; https://shahmeenaindustry.com"
13.68.85.218 - - [06/Apr/2025:01:45:39 -0400] "GET /rendixd.php HTTP/1.1" 404 16530 "-" "-"
13.68.85.218 - - [06/Apr/2025:01:45:42 -0400] "GET /assets/ HTTP/1.1" 404 16530 "-" "-"
13.68.85.218 - - [06/Apr/2025:01:45:43 -0400] "GET /local/ HTTP/1.1" 404 16530 "-" "-"
13.68.85.218 - - [06/Apr/2025:01:45:45 -0400] "GET /logout.php HTTP/1.1" 404 16530 "-" "-"
13.68.85.218 - - [06/Apr/2025:01:45:46 -0400] "GET /wp-content/plugins/index HTTP/1.1" 404 16530 "-" "-"
13.68.85.218 - - [06/Apr/2025:01:45:47 -0400] "GET /upload/2021_02_08/ HTTP/1.1" 404 16530 "-" "-"
13.68.85.218 - - [06/Apr/2025:01:45:49 -0400] "GET /authorize.php HTTP/1.1" 404 16530 "-" "-"
13.68.85.218 - - [06/Apr/2025:01:45:50 -0400] "GET /version.php HTTP/1.1" 404 16531 "-" "-"
13.68.85.218 - - [06/Apr/2025:01:45:52 -0400] "GET /video.php HTTP/1.1" 404 16531 "-" "-"
13.68.85.218 - - [06/Apr/2025:01:45:52 -0400] "GET /wp-links.php HTTP/1.1" 404 16531 "-" "-"
13.68.85.218 - - [06/Apr/2025:01:45:53 -0400] "GET /woh.php HTTP/1.1" 404 16531 "-" "-"
13.68.85.218 - - [06/Apr/2025:01:45:55 -0400] "GET /images/admin.php HTTP/1.1" 404 16531 "-" "-"
13.68.85.218 - - [06/Apr/2025:01:45:56 -0400] "GET /wp-apxupx.php?apx=upx HTTP/1.1" 404 16532 "-" "-"
13.68.85.218 - - [06/Apr/2025:01:45:57 -0400] "GET /sim.php/wp-includes/certificates/plugins.php HTTP/1.1" 404 16532 "-" "-"
13.68.85.218 - - [06/Apr/2025:01:45:59 -0400] "GET /wp-includes/css/str_replace.php HTTP/1.1" 404 16532 "-" "-"
13.68.85.218 - - [06/Apr/2025:01:46:00 -0400] "GET /img/xmrlpc.php HTTP/1.1" 404 16531 "-" "-"
13.68.85.218 - - [06/Apr/2025:01:46:01 -0400] "GET /wp-content/index.php HTTP/1.1" 200 0 "-" "-"
13.68.85.218 - - [06/Apr/2025:01:46:01 -0400] "GET /.well-known/acme-challenge/about.php HTTP/1.1" 404 16531 "-" "-"
13.68.85.218 - - [06/Apr/2025:01:46:02 -0400] "GET /docs/cc.php HTTP/1.1" 404 16531 "-" "-"
13.68.85.218 - - [06/Apr/2025:01:46:03 -0400] "GET /wp-admin/uploads HTTP/1.1" 404 16532 "-" "-"
13.68.85.218 - - [06/Apr/2025:01:46:04 -0400] "GET /wp-content/themes/fswefy0o/ HTTP/1.1" 404 16531 "-" "-"
13.68.85.218 - - [06/Apr/2025:01:46:05 -0400] "GET /wp-content/plugins/sdxxcfgt/ HTTP/1.1" 404 16531 "-" "-"
13.68.85.218 - - [06/Apr/2025:01:46:06 -0400] "GET /wp-admin/css/ HTTP/1.1" 403 1242 "-" "-"
13.68.85.218 - - [06/Apr/2025:01:46:06 -0400] "GET /wp-content/plugins/linkpreview/ HTTP/1.1" 404 16531 "-" "-"
13.68.85.218 - - [06/Apr/2025:01:46:06 -0400] "GET /components/ HTTP/1.1" 404 16532 "-" "-"
13.68.85.218 - - [06/Apr/2025:01:46:07 -0400] "GET /wp-content/plugins/ttsgmsw/ HTTP/1.1" 404 16532 "-" "-"
13.68.85.218 - - [06/Apr/2025:01:46:08 -0400] "GET /cc.php HTTP/1.1" 404 16531 "-" "-"
13.68.85.218 - - [06/Apr/2025:01:46:09 -0400] "GET /wp-content/plugins/whusrhk/ HTTP/1.1" 404 16531 "-" "-"
13.68.85.218 - - [06/Apr/2025:01:46:10 -0400] "GET /f0x.php HTTP/1.1" 404 16531 "-" "-"
13.68.85.218 - - [06/Apr/2025:01:46:12 -0400] "GET /components/5173e.php HTTP/1.1" 404 16531 "-" "-"
13.68.85.218 - - [06/Apr/2025:01:46:13 -0400] "GET /wp-includes/mah.php999 HTTP/1.1" 404 16531 "-" "-"
13.68.85.218 - - [06/Apr/2025:01:46:14 -0400] "GET /st.php HTTP/1.1" 404 16531 "-" "-"
13.68.85.218 - - [06/Apr/2025:01:46:16 -0400] "GET /wp-content/uploads/--wp-lgj.php HTTP/1.1" 404 16532 "-" "-"
13.68.85.218 - - [06/Apr/2025:01:46:18 -0400] "GET /vendor/ HTTP/1.1" 404 16531 "-" "-"
13.68.85.218 - - [06/Apr/2025:01:46:19 -0400] "GET /atomlib.php HTTP/1.1" 404 16531 "-" "-"
13.68.85.218 - - [06/Apr/2025:01:46:21 -0400] "GET /wp-content/plugins/plugins/ HTTP/1.1" 404 16531 "-" "-"
13.68.85.218 - - [06/Apr/2025:01:46:23 -0400] "GET /wp-admin/images/sx.php HTTP/1.1" 404 16531 "-" "-"
13.68.85.218 - - [06/Apr/2025:01:46:24 -0400] "GET /wp-admin/atomlib.php HTTP/1.1" 404 16532 "-" "-"
13.68.85.218 - - [06/Apr/2025:01:46:26 -0400] "GET /images/class-config.php HTTP/1.1" 404 16531 "-" "-"
13.68.85.218 - - [06/Apr/2025:01:46:26 -0400] "GET /wp-admin/user/about.php HTTP/1.1" 302 0 "-" "-"
13.68.85.218 - - [06/Apr/2025:01:46:28 -0400] "GET /wp-includes/themes.php HTTP/1.1" 404 16532 "-" "-"
13.68.85.218 - - [06/Apr/2025:01:46:29 -0400] "GET /wp-content/plugins/zgtzwun/ HTTP/1.1" 404 16531 "-" "-"
13.68.85.218 - - [06/Apr/2025:01:46:29 -0400] "GET /wp-admin/css/colors/coffee/cloud.php HTTP/1.1" 404 16531 "-" "-"
198.54.114.83 - - [06/Apr/2025:01:46:31 -0400] "POST /wp-cron.php?doing_wp_cron=1743918391.0967130661010742187500 HTTP/1.1" 200 0 "-" "WordPress/6.7.2; https://shahmeenaindustry.com"
13.68.85.218 - - [06/Apr/2025:01:46:30 -0400] "GET /class.api.php HTTP/1.1" 404 16531 "-" "-"
13.68.85.218 - - [06/Apr/2025:01:46:31 -0400] "GET /google.php HTTP/1.1" 404 16531 "-" "-"
13.68.85.218 - - [06/Apr/2025:01:46:32 -0400] "GET /wp-includes/class-ftps.php HTTP/1.1" 404 16531 "-" "-"
13.68.85.218 - - [06/Apr/2025:01:46:33 -0400] "GET /wp-content/uploads/2018/03/equipe-background-570x536.php HTTP/1.1" 404 16531 "-" "-"
13.68.85.218 - - [06/Apr/2025:01:46:34 -0400] "GET /ab.php HTTP/1.1" 404 16531 "-" "-"
13.68.85.218 - - [06/Apr/2025:01:46:35 -0400] "GET /.well-known/about HTTP/1.1" 301 0 "-" "-"
13.68.85.218 - - [06/Apr/2025:01:46:35 -0400] "GET /wp-content/plugins/elementor/ HTTP/1.1" 404 16531 "-" "-"
13.68.85.218 - - [06/Apr/2025:01:46:36 -0400] "GET /wp-admin/maint/maint/ajax-actions.php HTTP/1.1" 404 16532 "-" "-"
13.68.85.218 - - [06/Apr/2025:01:46:38 -0400] "GET /wikindex.php HTTP/1.1" 404 16532 "-" "-"
13.68.85.218 - - [06/Apr/2025:01:46:39 -0400] "GET /MARIJUANA.php HTTP/1.1" 404 16532 "-" "-"
198.54.114.83 - - [06/Apr/2025:01:46:40 -0400] "POST /wp-cron.php?doing_wp_cron=1743918400.5989630222320556640625 HTTP/1.1" 200 0 "-" "WordPress/6.7.2; https://shahmeenaindustry.com"
13.68.85.218 - - [06/Apr/2025:01:46:40 -0400] "GET /wizard.php HTTP/1.1" 404 16531 "-" "-"
13.68.85.218 - - [06/Apr/2025:01:46:42 -0400] "GET /wp-admin/js/wp-admin/js/ HTTP/1.1" 404 16531 "-" "-"
13.68.85.218 - - [06/Apr/2025:01:46:43 -0400] "GET /adminfuns.php HTTP/1.1" 404 16531 "-" "-"
13.68.85.218 - - [06/Apr/2025:01:46:44 -0400] "GET /images/headers/strenms.php HTTP/1.1" 404 16531 "-" "-"
13.68.85.218 - - [06/Apr/2025:01:46:46 -0400] "GET /120f9.php HTTP/1.1" 404 16532 "-" "-"
13.68.85.218 - - [06/Apr/2025:01:46:47 -0400] "GET /.well-known/init HTTP/1.1" 404 16532 "-" "-"
13.68.85.218 - - [06/Apr/2025:01:46:49 -0400] "GET /wp-content/plugins/ImageManager/ HTTP/1.1" 404 16532 "-" "-"
13.68.85.218 - - [06/Apr/2025:01:46:50 -0400] "GET /wp-content/plugins/dfgs/ HTTP/1.1" 404 16531 "-" "-"
13.68.85.218 - - [06/Apr/2025:01:46:51 -0400] "GET /wp-admin/css/colors/coffee/xmrlpc.php HTTP/1.1" 404 16531 "-" "-"
13.68.85.218 - - [06/Apr/2025:01:46:51 -0400] "GET /.well-known//.well-known/owlmailer.php HTTP/1.1" 301 0 "-" "-"
13.68.85.218 - - [06/Apr/2025:01:46:52 -0400] "GET /.well-known/.well-known/owlmailer.php HTTP/1.1" 404 16531 "-" "-"
13.68.85.218 - - [06/Apr/2025:01:46:53 -0400] "GET /.well-known/pki-validation/autoload_classmap.php HTTP/1.1" 404 1251 "-" "-"
13.68.85.218 - - [06/Apr/2025:01:46:53 -0400] "GET /wp-includes/sodium_compat/src/Core/Curve25519/Ge/info.php.suspected HTTP/1.1" 404 16531 "-" "-"
13.68.85.218 - - [06/Apr/2025:01:46:54 -0400] "GET /config_load.php HTTP/1.1" 404 16531 "-" "-"
13.68.85.218 - - [06/Apr/2025:01:46:55 -0400] "GET /Njima.php HTTP/1.1" 404 16531 "-" "-"
13.68.85.218 - - [06/Apr/2025:01:46:55 -0400] "GET /wp-includes/agTOMuSfW6r.php HTTP/1.1" 404 16531 "-" "-"
13.68.85.218 - - [06/Apr/2025:01:46:56 -0400] "GET /wp-includes.bak/html-api/ HTTP/1.1" 404 16531 "-" "-"
13.68.85.218 - - [06/Apr/2025:01:46:57 -0400] "GET /wp-content/themes/wp-classic/inc/ HTTP/1.1" 404 16532 "-" "-"
13.68.85.218 - - [06/Apr/2025:01:46:57 -0400] "GET /wp-admin/css/colors/blue/xmrlpc.php HTTP/1.1" 404 16532 "-" "-"
13.68.85.218 - - [06/Apr/2025:01:46:59 -0400] "GET /cjfuns.php HTTP/1.1" 404 16531 "-" "-"
13.68.85.218 - - [06/Apr/2025:01:47:00 -0400] "GET /role.php HTTP/1.1" 404 16531 "-" "-"
13.68.85.218 - - [06/Apr/2025:01:47:01 -0400] "GET /wp-content/themes/phocsqfz/ HTTP/1.1" 404 16531 "-" "-"
13.68.85.218 - - [06/Apr/2025:01:47:03 -0400] "GET /wp-admin/css/colors/blue/blkdimxx.php HTTP/1.1" 404 16531 "-" "-"
13.68.85.218 - - [06/Apr/2025:01:47:04 -0400] "GET /user-edit.php HTTP/1.1" 404 16531 "-" "-"
13.68.85.218 - - [06/Apr/2025:01:47:06 -0400] "GET /wp-includes/Text/Diff/Engine/ftp_rmdir.php HTTP/1.1" 404 16531 "-" "-"
13.68.85.218 - - [06/Apr/2025:01:47:07 -0400] "GET /wp-content/themes/wp-classic/inc/index.php HTTP/1.1" 301 0 "-" "-"
13.68.85.218 - - [06/Apr/2025:01:47:07 -0400] "GET /wp-content/themes/wp-classic/inc/ HTTP/1.1" 404 16532 "-" "-"
13.68.85.218 - - [06/Apr/2025:01:47:07 -0400] "GET /wp-admin/js/privacy-tools.min.php HTTP/1.1" 404 16531 "-" "-"
198.54.114.83 - - [06/Apr/2025:01:58:58 -0400] "POST /wp-cron.php?doing_wp_cron=1743919137.9952619075775146484375 HTTP/1.1" 200 0 "-" "WordPress/6.7.2; https://shahmeenaindustry.com"
198.54.121.141 - - [06/Apr/2025:01:58:52 -0400] "POST /xmlrpc.php HTTP/1.1" 200 212 "http://shahmeenaindustry.com" "Mozilla/5.0 (Macintosh; Intel Mac OS X 10_15_7; rv:129.0) Gecko/20100101 Firefox/129.0"
198.54.114.83 - - [06/Apr/2025:02:12:37 -0400] "POST /wp-cron.php?doing_wp_cron=1743919957.6218719482421875000000 HTTP/1.1" 200 0 "-" "WordPress/6.7.2; https://shahmeenaindustry.com"
198.177.120.19 - - [06/Apr/2025:02:12:37 -0400] "POST /xmlrpc.php HTTP/1.1" 200 212 "http://shahmeenaindustry.com" "Mozilla/5.0 (Windows NT 10.0; Win64; x64) AppleWebKit/537.36 (KHTML, like Gecko) Chrome/113.0.5672.93 Safari/537.36"
195.182.25.122 - - [06/Apr/2025:02:16:17 -0400] "GET /.git/config HTTP/1.1" 403 1242 "-" "Mozilla/5.0 (SymbianOS/9.1; U; en-us) AppleWebKit/413 (KHTML, like Gecko) Safari/413"
198.54.114.83 - - [06/Apr/2025:02:26:18 -0400] "POST /wp-cron.php?doing_wp_cron=1743920777.7800300121307373046875 HTTP/1.1" 200 0 "-" "WordPress/6.7.2; https://shahmeenaindustry.com"
217.156.65.24 - - [06/Apr/2025:02:26:17 -0400] "POST /xmlrpc.php HTTP/1.1" 200 212 "http://shahmeenaindustry.com" "Mozilla/5.0 (Windows NT 10.0; Win64; x64; rv:126.0) Gecko/20100101 Firefox/126.0"
198.54.114.83 - - [06/Apr/2025:02:39:40 -0400] "POST /wp-cron.php?doing_wp_cron=1743921580.5575430393218994140625 HTTP/1.1" 200 0 "-" "WordPress/6.7.2; https://shahmeenaindustry.com"
162.0.217.136 - - [06/Apr/2025:02:39:40 -0400] "POST /xmlrpc.php HTTP/1.1" 200 212 "http://shahmeenaindustry.com" "Mozilla/5.0 (Windows NT 10.0; Win64; x64) AppleWebKit/537.36 (KHTML, like Gecko) Chrome/114.0.5735.134 Safari/537.36"
198.54.114.83 - - [06/Apr/2025:02:53:14 -0400] "POST /wp-cron.php?doing_wp_cron=1743922393.9687669277191162109375 HTTP/1.1" 200 0 "-" "WordPress/6.7.2; https://shahmeenaindustry.com"
217.156.65.24 - - [06/Apr/2025:02:53:10 -0400] "POST /xmlrpc.php HTTP/1.1" 200 212 "http://shahmeenaindustry.com" "Mozilla/5.0 (Macintosh; Intel Mac OS X 10_15_7; rv:126.0) Gecko/20100101 Firefox/126.0"
198.54.114.83 - - [06/Apr/2025:03:06:51 -0400] "POST /wp-cron.php?doing_wp_cron=1743923210.1499860286712646484375 HTTP/1.1" 200 0 "-" "WordPress/6.7.2; https://shahmeenaindustry.com"
67.223.118.141 - - [06/Apr/2025:03:06:44 -0400] "POST /xmlrpc.php HTTP/1.1" 200 212 "http://shahmeenaindustry.com" "Mozilla/5.0 (Macintosh; Intel Mac OS X 10_15_7) AppleWebKit/537.36 (KHTML, like Gecko) Chrome/114.0.5735.134 Safari/537.36"
198.54.114.83 - - [06/Apr/2025:03:20:22 -0400] "POST /wp-cron.php?doing_wp_cron=1743924021.9792470932006835937500 HTTP/1.1" 200 0 "-" "WordPress/6.7.2; https://shahmeenaindustry.com"
208.107.66.243 - - [06/Apr/2025:03:20:19 -0400] "POST /xmlrpc.php HTTP/1.1" 200 212 "http://shahmeenaindustry.com" "Mozilla/5.0 (Macintosh; Intel Mac OS X 13_3) AppleWebKit/537.36 (KHTML, like Gecko) Chrome/126.0.0.0 Safari/537.36"
2001:67c:2660:425:1b::2f8 - - [06/Apr/2025:03:33:26 -0400] "GET /__media__/js/netsoltrademark.php?d=example.com HTTP/1.1" 404 16532 "-" "Mozilla/5.0 (Macintosh; Intel Mac OS X 10_15_7) AppleWebKit/537.36 (KHTML, like Gecko) Chrome/134.0.0.0 Safari/537.36"
198.54.114.83 - - [06/Apr/2025:03:34:05 -0400] "POST /wp-cron.php?doing_wp_cron=1743924844.9451479911804199218750 HTTP/1.1" 200 0 "-" "WordPress/6.7.2; https://shahmeenaindustry.com"
134.209.100.42 - - [06/Apr/2025:03:34:04 -0400] "POST /xmlrpc.php HTTP/1.1" 200 212 "http://shahmeenaindustry.com" "Mozilla/5.0 (Windows NT 10.0; Win64; x64) AppleWebKit/537.36 (KHTML, like Gecko) Chrome/114.0.5735.134 Safari/537.36"
185.174.156.124 - - [06/Apr/2025:04:02:48 -0400] "GET /cbd-shop-uk-review/ HTTP/1.1" 200 23132 "http://shahmeenaindustry.com/cbd-shop-uk-review/" "Mozilla/5.0 (Windows NT 10.0; Win64; x64) AppleWebKit/537.36 (KHTML, like Gecko) Chrome/131.0.0.0 Safari/537.36 Avast/131.0.0.0"
198.54.114.83 - - [06/Apr/2025:04:02:50 -0400] "POST /wp-cron.php?doing_wp_cron=1743926570.1211938858032226562500 HTTP/1.1" 200 0 "-" "WordPress/6.7.2; https://shahmeenaindustry.com"
185.174.156.124 - - [06/Apr/2025:04:02:49 -0400] "POST /wp-comments-post.php HTTP/1.1" 302 0 "http://shahmeenaindustry.com/cbd-shop-uk-review/" "Mozilla/5.0 (Windows NT 10.0; Win64; x64) AppleWebKit/537.36 (KHTML, like Gecko) Chrome/131.0.0.0 Safari/537.36 Avast/131.0.0.0"
198.54.114.83 - - [06/Apr/2025:04:03:57 -0400] "POST /wp-cron.php?doing_wp_cron=1743926637.4058771133422851562500 HTTP/1.1" 200 0 "-" "WordPress/6.7.2; https://shahmeenaindustry.com"
2a02:4780:11:1234::73 - - [06/Apr/2025:04:03:56 -0400] "POST /xmlrpc.php HTTP/1.1" 200 212 "http://shahmeenaindustry.com" "Mozilla/5.0 (Windows NT 10.0; Win64; x64; rv:128.0) Gecko/20100101 Firefox/128.0"
198.54.114.83 - - [06/Apr/2025:04:05:50 -0400] "POST /wp-cron.php?doing_wp_cron=1743926749.8391089439392089843750 HTTP/1.1" 200 0 "-" "WordPress/6.7.2; https://shahmeenaindustry.com"
124.243.178.138 - - [06/Apr/2025:04:05:49 -0400] "GET /2023/09 HTTP/1.1" 301 0 "http://shahmeenaindustry.com/2023/09" "Mozilla/5.0 (Windows NT 10.0; Win64; x64) AppleWebKit/537.36 (KHTML, like Gecko) Chrome/101.0.4951.67 Safari/537.36"
198.54.114.83 - - [06/Apr/2025:04:19:00 -0400] "POST /wp-cron.php?doing_wp_cron=1743927540.4534521102905273437500 HTTP/1.1" 200 0 "-" "WordPress/6.7.2; https://shahmeenaindustry.com"
2a06:6440:0:2c3d::1 - - [06/Apr/2025:04:18:57 -0400] "POST /xmlrpc.php HTTP/1.1" 200 212 "http://shahmeenaindustry.com" "Mozilla/5.0 (Windows NT 10.0; Win64; x64) AppleWebKit/537.36 (KHTML, like Gecko) Chrome/112.0.5615.138 Safari/537.36 Edg/112.0.1722.68"
133.242.131.226 - - [06/Apr/2025:04:33:53 -0400] "POST /xmlrpc.php HTTP/1.1" 200 212 "http://shahmeenaindustry.com" "Mozilla/5.0 (Windows NT 10.0; Win64; x64; rv:128.0) Gecko/20100101 Firefox/128.0"
185.121.234.50 - - [06/Apr/2025:04:39:59 -0400] "GET /how-to-get-the-most-out-of-a-jade-roller/ HTTP/1.1" 200 21757 "http://shahmeenaindustry.com/how-to-get-the-most-out-of-a-jade-roller/" "Mozilla/5.0 (Windows NT 10.0; Win64; x64) AppleWebKit/537.36 (KHTML, like Gecko) Chrome/131.0.0.0 Safari/537.36 Avast/131.0.0.0"
185.121.234.50 - - [06/Apr/2025:04:40:00 -0400] "POST /wp-comments-post.php HTTP/1.1" 302 0 "http://shahmeenaindustry.com/how-to-get-the-most-out-of-a-jade-roller/" "Mozilla/5.0 (Windows NT 10.0; Win64; x64) AppleWebKit/537.36 (KHTML, like Gecko) Chrome/131.0.0.0 Safari/537.36 Avast/131.0.0.0"
198.54.114.83 - - [06/Apr/2025:04:48:38 -0400] "POST /wp-cron.php?doing_wp_cron=1743929317.9689800739288330078125 HTTP/1.1" 200 0 "-" "WordPress/6.7.2; https://shahmeenaindustry.com"
38.57.3.35 - - [06/Apr/2025:04:48:37 -0400] "POST /xmlrpc.php HTTP/1.1" 200 212 "http://shahmeenaindustry.com" "Mozilla/5.0 (Windows NT 10.0; Win64; x64; rv:126.0) Gecko/20100101 Firefox/126.0"
178.128.99.84 - - [06/Apr/2025:04:56:45 -0400] "GET / HTTP/1.1" 200 24612 "-" "Mozilla/5.0 (Windows NT 10.0; Win64; x64) AppleWebKit/537.36 (KHTML, like Gecko) Chrome/95.0.4638.69 Safari/537.36"
178.128.99.84 - - [06/Apr/2025:04:56:46 -0400] "GET /wp-includes/ID3/license.txt HTTP/1.1" 200 501 "-" "Mozilla/5.0 (Windows NT 10.0; Win64; x64) AppleWebKit/537.36 (KHTML, like Gecko) Chrome/95.0.4638.69 Safari/537.36"
178.128.99.84 - - [06/Apr/2025:04:56:46 -0400] "GET /feed/ HTTP/1.1" 200 217282 "-" "Mozilla/5.0 (Windows NT 10.0; Win64; x64) AppleWebKit/537.36 (KHTML, like Gecko) Chrome/95.0.4638.69 Safari/537.36"
198.54.114.83 - - [06/Apr/2025:04:56:47 -0400] "POST /wp-cron.php?doing_wp_cron=1743929807.3137540817260742187500 HTTP/1.1" 200 0 "-" "WordPress/6.7.2; https://shahmeenaindustry.com"
178.128.99.84 - - [06/Apr/2025:04:56:47 -0400] "GET /?author=1 HTTP/1.1" 301 0 "-" "Mozilla/5.0 (Windows NT 10.0; Win64; x64) AppleWebKit/537.36 (KHTML, like Gecko) Chrome/95.0.4638.69 Safari/537.36"
178.128.99.84 - - [06/Apr/2025:04:56:48 -0400] "GET /wp-json/wp/v2/users/ HTTP/1.1" 200 1381 "-" "Mozilla/5.0 (Windows NT 10.0; Win64; x64) AppleWebKit/537.36 (KHTML, like Gecko) Chrome/95.0.4638.69 Safari/537.36"
178.128.99.84 - - [06/Apr/2025:04:56:49 -0400] "POST /xmlrpc.php HTTP/1.1" 200 236 "-" "Mozilla/5.0 (Windows NT 10.0; Win64; x64) AppleWebKit/537.36 (KHTML, like Gecko) Chrome/95.0.4638.69 Safari/537.36"
178.128.99.84 - - [06/Apr/2025:04:57:15 -0400] "POST /xmlrpc.php HTTP/1.1" 200 0 "-" "Mozilla/5.0 (Windows NT 10.0; Win64; x64) AppleWebKit/537.36 (KHTML, like Gecko) Chrome/95.0.4638.69 Safari/537.36"
178.128.99.84 - - [06/Apr/2025:04:58:46 -0400] "POST /xmlrpc.php HTTP/1.1" 200 0 "-" "Mozilla/5.0 (Windows NT 10.0; Win64; x64) AppleWebKit/537.36 (KHTML, like Gecko) Chrome/95.0.4638.69 Safari/537.36"
198.54.114.83 - - [06/Apr/2025:05:03:01 -0400] "POST /wp-cron.php?doing_wp_cron=1743930181.1369640827178955078125 HTTP/1.1" 200 0 "-" "WordPress/6.7.2; https://shahmeenaindustry.com"
45.67.14.64 - - [06/Apr/2025:05:03:00 -0400] "POST /xmlrpc.php HTTP/1.1" 200 212 "http://shahmeenaindustry.com" "Mozilla/5.0 (Windows NT 10.0; Win64; x64) AppleWebKit/537.36 (KHTML, like Gecko) Chrome/126.0.0.0 Safari/537.36 Edg/126.0.0.0"
93.183.89.12 - - [06/Apr/2025:05:03:49 -0400] "GET /how-to-get-the-most-out-of-a-jade-roller/ HTTP/1.1" 200 21757 "http://shahmeenaindustry.com/how-to-get-the-most-out-of-a-jade-roller/" "Mozilla/5.0 (Windows NT 10.0; Win64; x64) AppleWebKit/537.36 (KHTML, like Gecko) Chrome/130.0.0.0 Safari/537.36"
198.54.114.83 - - [06/Apr/2025:05:03:50 -0400] "POST /wp-cron.php?doing_wp_cron=1743930230.6305201053619384765625 HTTP/1.1" 200 0 "-" "WordPress/6.7.2; https://shahmeenaindustry.com"
93.183.89.12 - - [06/Apr/2025:05:03:50 -0400] "POST /wp-comments-post.php HTTP/1.1" 302 0 "http://shahmeenaindustry.com/how-to-get-the-most-out-of-a-jade-roller/" "Mozilla/5.0 (Windows NT 10.0; Win64; x64) AppleWebKit/537.36 (KHTML, like Gecko) Chrome/130.0.0.0 Safari/537.36"
195.200.29.225 - - [06/Apr/2025:05:04:58 -0400] "GET /how-to-get-the-most-out-of-a-jade-roller/ HTTP/1.1" 200 21757 "http://shahmeenaindustry.com/how-to-get-the-most-out-of-a-jade-roller/" "Mozilla/5.0 (Windows NT 10.0; Win64; x64) AppleWebKit/537.36 (KHTML, like Gecko) Chrome/130.0.0.0 Safari/537.36"
195.200.29.225 - - [06/Apr/2025:05:04:58 -0400] "POST /wp-comments-post.php HTTP/1.1" 302 0 "http://shahmeenaindustry.com/how-to-get-the-most-out-of-a-jade-roller/" "Mozilla/5.0 (Windows NT 10.0; Win64; x64) AppleWebKit/537.36 (KHTML, like Gecko) Chrome/130.0.0.0 Safari/537.36"
216.244.66.200 - - [06/Apr/2025:05:15:00 -0400] "GET /robots.txt HTTP/1.1" 304 0 "-" "Mozilla/5.0 (compatible; DotBot/1.2; +https://opensiteexplorer.org/dotbot; help@moz.com)"
198.186.130.214 - - [06/Apr/2025:05:17:03 -0400] "POST /xmlrpc.php HTTP/1.1" 200 212 "http://shahmeenaindustry.com" "Mozilla/5.0 (Macintosh; Intel Mac OS X 10_15_7; rv:127.0) Gecko/20100101 Firefox/127.0"
198.54.114.83 - - [06/Apr/2025:05:21:35 -0400] "POST /wp-cron.php?doing_wp_cron=1743931295.4533278942108154296875 HTTP/1.1" 200 0 "-" "WordPress/6.7.2; https://shahmeenaindustry.com"
216.244.66.200 - - [06/Apr/2025:05:21:35 -0400] "GET /finding-a-curly-hair-specialist/ HTTP/1.1" 200 21005 "-" "Mozilla/5.0 (compatible; DotBot/1.2; +https://opensiteexplorer.org/dotbot; help@moz.com)"
198.54.114.83 - - [06/Apr/2025:05:21:41 -0400] "POST /wp-cron.php?doing_wp_cron=1743931301.6923799514770507812500 HTTP/1.1" 200 0 "-" "WordPress/6.7.2; https://shahmeenaindustry.com"
216.244.66.200 - - [06/Apr/2025:05:21:41 -0400] "GET /natural-colors-are-a-safe-alternative-to-synthetic-colors/ HTTP/1.1" 200 21105 "-" "Mozilla/5.0 (compatible; DotBot/1.2; +https://opensiteexplorer.org/dotbot; help@moz.com)"
198.54.114.83 - - [06/Apr/2025:05:31:01 -0400] "POST /wp-cron.php?doing_wp_cron=1743931861.5781528949737548828125 HTTP/1.1" 200 0 "-" "WordPress/6.7.2; https://shahmeenaindustry.com"
23.111.188.34 - - [06/Apr/2025:05:30:55 -0400] "POST /xmlrpc.php HTTP/1.1" 200 212 "http://shahmeenaindustry.com" "Mozilla/5.0 (Macintosh; Intel Mac OS X 10.15; rv:126.0) Gecko/20100101 Firefox/126.0"
68.65.120.171 - - [06/Apr/2025:05:59:05 -0400] "POST /xmlrpc.php HTTP/1.1" 200 212 "http://shahmeenaindustry.com" "Mozilla/5.0 (Windows NT 11.0; Win64; x64) AppleWebKit/537.36 (KHTML, like Gecko) Chrome/126.0.0.0 Safari/537.36 Edg/126.0.0.0"
198.54.114.83 - - [06/Apr/2025:05:59:13 -0400] "POST /wp-cron.php?doing_wp_cron=1743933551.7551290988922119140625 HTTP/1.1" 200 0 "-" "WordPress/6.7.2; https://shahmeenaindustry.com"
60.188.57.0 - - [06/Apr/2025:06:06:36 -0400] "GET / HTTP/1.1" 200 24612 "-" "Mozilla/5.0 (iPhone; CPU iPhone OS 13_2_3 like Mac OS X) AppleWebKit/605.1.15 (KHTML, like Gecko) Version/13.0.3 Mobile/15E148 Safari/604.1"
45.236.48.45 - - [06/Apr/2025:06:08:25 -0400] "GET /.env HTTP/1.1" 403 1242 "-" "Mozilla/5.0 (Windows NT 10.0; Win64; x64; rv:58.0) Gecko/20100101 Firefox/58.0"
45.236.48.45 - - [06/Apr/2025:06:08:34 -0400] "GET /.env.example HTTP/1.1" 403 1242 "-" "Mozilla/5.0 (Windows NT 10.0; Win64; x64; rv:58.0) Gecko/20100101 Firefox/58.0"
45.236.48.45 - - [06/Apr/2025:06:08:39 -0400] "GET /blog/.env HTTP/1.1" 403 1242 "-" "Mozilla/5.0 (Windows NT 10.0; Win64; x64; rv:58.0) Gecko/20100101 Firefox/58.0"
45.236.48.45 - - [06/Apr/2025:06:08:45 -0400] "GET /api/.env HTTP/1.1" 403 1242 "-" "Mozilla/5.0 (Windows NT 10.0; Win64; x64; rv:58.0) Gecko/20100101 Firefox/58.0"
45.236.48.45 - - [06/Apr/2025:06:08:53 -0400] "GET /laravel/.env HTTP/1.1" 403 1242 "-" "Mozilla/5.0 (Windows NT 10.0; Win64; x64; rv:58.0) Gecko/20100101 Firefox/58.0"
45.236.48.45 - - [06/Apr/2025:06:09:01 -0400] "GET /docs/.env HTTP/1.1" 403 1242 "-" "Mozilla/5.0 (Windows NT 10.0; Win64; x64; rv:58.0) Gecko/20100101 Firefox/58.0"
45.236.48.45 - - [06/Apr/2025:06:09:10 -0400] "GET /_profiler/phpinfo HTTP/1.1" 404 16531 "-" "Mozilla/5.0 (Windows NT 10.0; Win64; x64; rv:58.0) Gecko/20100101 Firefox/58.0"
45.236.48.45 - - [06/Apr/2025:06:09:20 -0400] "POST / HTTP/1.1" 200 24505 "-" "Mozilla/5.0 (Windows NT 10.0; Win64; x64; rv:58.0) Gecko/20100101 Firefox/58.0"
198.54.114.83 - - [06/Apr/2025:06:13:24 -0400] "POST /wp-cron.php?doing_wp_cron=1743934404.2949678897857666015625 HTTP/1.1" 200 0 "-" "WordPress/6.7.2; https://shahmeenaindustry.com"
208.109.173.103 - - [06/Apr/2025:06:13:19 -0400] "POST /xmlrpc.php HTTP/1.1" 200 212 "http://shahmeenaindustry.com" "Mozilla/5.0 (Windows NT 10.0; Win64; x64; rv:129.0) Gecko/20100101 Firefox/129.0"
198.54.114.83 - - [06/Apr/2025:06:27:31 -0400] "POST /wp-cron.php?doing_wp_cron=1743935251.1618380546569824218750 HTTP/1.1" 200 0 "-" "WordPress/6.7.2; https://shahmeenaindustry.com"
162.0.232.166 - - [06/Apr/2025:06:27:27 -0400] "POST /xmlrpc.php HTTP/1.1" 200 212 "http://shahmeenaindustry.com" "Mozilla/5.0 (Windows NT 10.0; Win64; x64) AppleWebKit/537.36 (KHTML, like Gecko) Chrome/112.0.5615.138 Safari/537.36"
198.54.114.83 - - [06/Apr/2025:06:41:39 -0400] "POST /wp-cron.php?doing_wp_cron=1743936098.9674279689788818359375 HTTP/1.1" 200 0 "-" "WordPress/6.7.2; https://shahmeenaindustry.com"
198.54.114.56 - - [06/Apr/2025:06:41:34 -0400] "POST /xmlrpc.php HTTP/1.1" 200 212 "http://shahmeenaindustry.com" "Mozilla/5.0 (Macintosh; Intel Mac OS X 10_15_7) AppleWebKit/537.36 (KHTML, like Gecko) Chrome/114.0.5735.134 Safari/537.36"
198.54.114.83 - - [06/Apr/2025:06:55:46 -0400] "POST /wp-cron.php?doing_wp_cron=1743936946.6004920005798339843750 HTTP/1.1" 200 0 "-" "WordPress/6.7.2; https://shahmeenaindustry.com"
68.178.145.83 - - [06/Apr/2025:06:55:46 -0400] "POST /xmlrpc.php HTTP/1.1" 200 212 "http://shahmeenaindustry.com" "Mozilla/5.0 (Macintosh; Intel Mac OS X 14_4_1) AppleWebKit/605.1.15 (KHTML, like Gecko) Version/17.3.1 Safari/605.1.15"
43.167.236.228 - - [06/Apr/2025:07:02:55 -0400] "GET / HTTP/1.1" 200 24612 "-" "Mozilla/5.0 (iPhone; CPU iPhone OS 13_2_3 like Mac OS X) AppleWebKit/605.1.15 (KHTML, like Gecko) Version/13.0.3 Mobile/15E148 Safari/604.1"
198.54.114.83 - - [06/Apr/2025:07:03:10 -0400] "POST /wp-cron.php?doing_wp_cron=1743937390.5052978992462158203125 HTTP/1.1" 200 0 "-" "WordPress/6.7.2; https://shahmeenaindustry.com"
34.60.22.40 - - [06/Apr/2025:07:03:10 -0400] "GET /ads.txt HTTP/1.1" 404 16531 "-" "Scrapy/2.8.0 (+https://scrapy.org)"
43.135.133.241 - - [06/Apr/2025:07:15:48 -0400] "GET / HTTP/1.1" 200 24612 "-" "Mozilla/5.0 (iPhone; CPU iPhone OS 13_2_3 like Mac OS X) AppleWebKit/605.1.15 (KHTML, like Gecko) Version/13.0.3 Mobile/15E148 Safari/604.1"
198.54.114.83 - - [06/Apr/2025:07:27:21 -0400] "POST /wp-cron.php?doing_wp_cron=1743938841.2612400054931640625000 HTTP/1.1" 200 0 "-" "WordPress/6.7.2; https://shahmeenaindustry.com"
52.186.87.44 - - [06/Apr/2025:07:27:21 -0400] "GET /wp-includes/pomo/fgertreyersd.php.suspected HTTP/1.1" 404 16531 "-" "-"
52.186.87.44 - - [06/Apr/2025:07:27:21 -0400] "GET /wp-admin/images/system.php HTTP/1.1" 404 16531 "-" "-"
52.186.87.44 - - [06/Apr/2025:07:27:22 -0400] "GET /wp-includes/IXR/themes.php HTTP/1.1" 404 16531 "-" "-"
52.186.87.44 - - [06/Apr/2025:07:27:24 -0400] "GET /wp-content/install.php HTTP/1.1" 404 16531 "-" "-"
52.186.87.44 - - [06/Apr/2025:07:27:25 -0400] "GET /wp-content/uploads/option.php HTTP/1.1" 404 16531 "-" "-"
52.186.87.44 - - [06/Apr/2025:07:27:26 -0400] "GET /chosen.php HTTP/1.1" 404 16531 "-" "-"
52.186.87.44 - - [06/Apr/2025:07:27:26 -0400] "GET /alfanew.php7 HTTP/1.1" 404 16530 "-" "-"
52.186.87.44 - - [06/Apr/2025:07:27:27 -0400] "GET /wp-content/plugins/zxmunes/ HTTP/1.1" 404 16531 "-" "-"
43.130.16.140 - - [06/Apr/2025:07:27:28 -0400] "GET / HTTP/1.1" 200 24612 "-" "Mozilla/5.0 (iPhone; CPU iPhone OS 13_2_3 like Mac OS X) AppleWebKit/605.1.15 (KHTML, like Gecko) Version/13.0.3 Mobile/15E148 Safari/604.1"
52.186.87.44 - - [06/Apr/2025:07:27:28 -0400] "GET /wp-includes/php-compat/ HTTP/1.1" 403 1242 "-" "-"
52.186.87.44 - - [06/Apr/2025:07:27:28 -0400] "GET /modules/mod_ariimageslidersa/ HTTP/1.1" 404 16531 "-" "-"
52.186.87.44 - - [06/Apr/2025:07:27:29 -0400] "GET /wp-content/blogs.dir/ HTTP/1.1" 404 16531 "-" "-"
52.186.87.44 - - [06/Apr/2025:07:27:29 -0400] "GET /wp-header.php HTTP/1.1" 404 16531 "-" "-"
52.186.87.44 - - [06/Apr/2025:07:27:30 -0400] "GET /css_editor.php HTTP/1.1" 404 16531 "-" "-"
52.186.87.44 - - [06/Apr/2025:07:27:30 -0400] "GET /.well-known/acme-challenge/ HTTP/1.1" 404 16531 "-" "-"
198.54.114.83 - - [06/Apr/2025:07:27:31 -0400] "POST /wp-cron.php?doing_wp_cron=1743938851.2220630645751953125000 HTTP/1.1" 200 0 "-" "WordPress/6.7.2; https://shahmeenaindustry.com"
52.186.87.44 - - [06/Apr/2025:07:27:31 -0400] "GET /wp-includes/blocks/sx.php HTTP/1.1" 404 16531 "-" "-"
52.186.87.44 - - [06/Apr/2025:07:27:31 -0400] "GET /wp-content/themes/config HTTP/1.1" 404 16531 "-" "-"
52.186.87.44 - - [06/Apr/2025:07:27:32 -0400] "GET /unix.php HTTP/1.1" 404 16531 "-" "-"
52.186.87.44 - - [06/Apr/2025:07:27:32 -0400] "GET /wp-includes/PHPMailer/about.php HTTP/1.1" 404 16531 "-" "-"
52.186.87.44 - - [06/Apr/2025:07:27:33 -0400] "GET /index/function.php HTTP/1.1" 404 16531 "-" "-"
52.186.87.44 - - [06/Apr/2025:07:27:33 -0400] "GET /wp-includes/ID3/autoload_classmap.php HTTP/1.1" 404 16531 "-" "-"
52.186.87.44 - - [06/Apr/2025:07:27:34 -0400] "GET /b0.php HTTP/1.1" 404 16531 "-" "-"
162.240.168.197 - - [06/Apr/2025:07:27:35 -0400] "POST /xmlrpc.php HTTP/1.1" 200 212 "http://shahmeenaindustry.com" "Mozilla/5.0 (Windows NT 10.0; Win64; x64; rv:129.0) Gecko/20100101 Firefox/129.0"
52.186.87.44 - - [06/Apr/2025:07:27:35 -0400] "GET /gecko.php HTTP/1.1" 404 16531 "-" "-"
52.186.87.44 - - [06/Apr/2025:07:27:36 -0400] "GET /sites/default/files/ HTTP/1.1" 404 16531 "-" "-"
52.186.87.44 - - [06/Apr/2025:07:27:37 -0400] "GET /fm.php HTTP/1.1" 404 16532 "-" "-"
52.186.87.44 - - [06/Apr/2025:07:27:37 -0400] "GET /mail_logs.php HTTP/1.1" 404 16532 "-" "-"
52.186.87.44 - - [06/Apr/2025:07:27:38 -0400] "GET /wp-includes/SimplePie/plugins.php HTTP/1.1" 404 16531 "-" "-"
52.186.87.44 - - [06/Apr/2025:07:27:38 -0400] "GET /wp-includes/cqhnpmqs.php HTTP/1.1" 404 16531 "-" "-"
52.186.87.44 - - [06/Apr/2025:07:27:38 -0400] "GET /wp-includes/css/dist/block-library/ HTTP/1.1" 403 1242 "-" "-"
52.186.87.44 - - [06/Apr/2025:07:27:39 -0400] "GET /wp-admin/repeater.php HTTP/1.1" 404 16531 "-" "-"
52.186.87.44 - - [06/Apr/2025:07:27:39 -0400] "GET /wp-includes/js/tinymce/skins/wordpress/images/index.php HTTP/1.1" 301 0 "-" "-"
52.186.87.44 - - [06/Apr/2025:07:27:39 -0400] "GET /wp-includes/js/tinymce/skins/wordpress/images/ HTTP/1.1" 403 1242 "-" "-"
52.186.87.44 - - [06/Apr/2025:07:27:39 -0400] "GET /colors.php HTTP/1.1" 404 16531 "-" "-"
198.54.114.83 - - [06/Apr/2025:07:27:40 -0400] "POST /wp-cron.php?doing_wp_cron=1743938860.3523399829864501953125 HTTP/1.1" 200 0 "-" "WordPress/6.7.2; https://shahmeenaindustry.com"
52.186.87.44 - - [06/Apr/2025:07:27:40 -0400] "GET /wp-admin/dropdown.php HTTP/1.1" 404 16531 "-" "-"
52.186.87.44 - - [06/Apr/2025:07:27:40 -0400] "GET /menu.php HTTP/1.1" 404 16531 "-" "-"
52.186.87.44 - - [06/Apr/2025:07:27:41 -0400] "GET /wp/wp-admin/includes/wp-admin/ HTTP/1.1" 404 16531 "-" "-"
52.186.87.44 - - [06/Apr/2025:07:27:41 -0400] "GET /wp-content/plugins/nsplvxi/ HTTP/1.1" 404 16531 "-" "-"
52.186.87.44 - - [06/Apr/2025:07:27:42 -0400] "GET /wp-includes/css/dist/widgets/ HTTP/1.1" 403 1242 "-" "-"
52.186.87.44 - - [06/Apr/2025:07:27:42 -0400] "GET /wp/wp-content/themes/f6pe9wcj/ HTTP/1.1" 404 16531 "-" "-"
52.186.87.44 - - [06/Apr/2025:07:27:42 -0400] "GET /css/dmtixucz/golden-access/ HTTP/1.1" 404 16531 "-" "-"
52.186.87.44 - - [06/Apr/2025:07:27:43 -0400] "GET /wp-content/plugins/wp-theme-editor/ HTTP/1.1" 404 16531 "-" "-"
52.186.87.44 - - [06/Apr/2025:07:27:44 -0400] "GET /wp-includes/images/about.php HTTP/1.1" 404 16531 "-" "-"
52.186.87.44 - - [06/Apr/2025:07:27:44 -0400] "GET /wp-admin/js/widgets/cloud.php HTTP/1.1" 404 16531 "-" "-"
52.186.87.44 - - [06/Apr/2025:07:27:45 -0400] "GET /wp-admin/YP1cuvy6WrD.php HTTP/1.1" 404 16531 "-" "-"
52.186.87.44 - - [06/Apr/2025:07:27:45 -0400] "GET /alert.php HTTP/1.1" 404 16531 "-" "-"
52.186.87.44 - - [06/Apr/2025:07:27:46 -0400] "GET /wp-content/plugins/config HTTP/1.1" 404 16531 "-" "-"
52.186.87.44 - - [06/Apr/2025:07:27:46 -0400] "GET /wp-content/themes/bltm/ HTTP/1.1" 404 16532 "-" "-"
52.186.87.44 - - [06/Apr/2025:07:27:47 -0400] "GET /wp-content/plugins/6i85g10k/ HTTP/1.1" 404 16532 "-" "-"
52.186.87.44 - - [06/Apr/2025:07:27:47 -0400] "GET /wp-content/uploads/2014/03/smile.php HTTP/1.1" 404 16531 "-" "-"
52.186.87.44 - - [06/Apr/2025:07:27:48 -0400] "GET //wp-2019.php HTTP/1.1" 301 0 "-" "-"
52.186.87.44 - - [06/Apr/2025:07:27:48 -0400] "GET /wp-2019.php HTTP/1.1" 404 16531 "-" "-"
52.186.87.44 - - [06/Apr/2025:07:27:49 -0400] "GET /wp-includes/ HTTP/1.1" 403 1242 "-" "-"
52.186.87.44 - - [06/Apr/2025:07:27:49 -0400] "GET /wp-includes/wp-class.php/wp-content/uploads/wp_live_chat/ HTTP/1.1" 404 16531 "-" "-"
52.186.87.44 - - [06/Apr/2025:07:27:50 -0400] "GET /wp-admin/js/widgets/about.php7 HTTP/1.1" 404 16531 "-" "-"
52.186.87.44 - - [06/Apr/2025:07:27:51 -0400] "GET /edit.php HTTP/1.1" 404 16531 "-" "-"
52.186.87.44 - - [06/Apr/2025:07:27:51 -0400] "GET /backup.php HTTP/1.1" 404 16531 "-" "-"
52.186.87.44 - - [06/Apr/2025:07:27:52 -0400] "GET /editor.php HTTP/1.1" 404 16531 "-" "-"
52.186.87.44 - - [06/Apr/2025:07:27:52 -0400] "GET /bitrix/js/seo/ads/client_selector/lang/ru/ HTTP/1.1" 404 16531 "-" "-"
52.186.87.44 - - [06/Apr/2025:07:27:53 -0400] "GET /wp-content/themes/twentyfive/ HTTP/1.1" 404 16531 "-" "-"
52.186.87.44 - - [06/Apr/2025:07:27:54 -0400] "GET /.well-known/pki-validation/iR7SzrsOUEP.php HTTP/1.1" 404 1251 "-" "-"
52.186.87.44 - - [06/Apr/2025:07:27:54 -0400] "GET /.well-known/amaxx.php HTTP/1.1" 404 16531 "-" "-"
52.186.87.44 - - [06/Apr/2025:07:27:54 -0400] "GET /block-bindings.php HTTP/1.1" 404 16531 "-" "-"
52.186.87.44 - - [06/Apr/2025:07:27:55 -0400] "GET /css/autoload_classmap.php HTTP/1.1" 404 16531 "-" "-"
