Server IP : 172.67.141.100 / Your IP : 18.222.197.132 Web Server : LiteSpeed System : Linux business31.web-hosting.com 4.18.0-553.16.1.lve.1.el8.x86_64 #1 SMP Mon Sep 23 20:16:18 UTC 2024 x86_64 User : varizmol ( 2121) PHP Version : 8.0.30 Disable Function : NONE MySQL : OFF | cURL : ON | WGET : ON | Perl : ON | Python : ON | Sudo : OFF | Pkexec : OFF Directory : /home/varizmol/access-logs/ |
Upload File : |
198.54.114.83 - - [29/Mar/2025:18:39:37 -0400] "POST /wp-cron.php?doing_wp_cron=1743287976.9953100681304931640625 HTTP/1.1" 200 0 "-" "WordPress/6.7.2; https://shahmeenaindustry.com"
20.171.207.43 - - [29/Mar/2025:18:39:36 -0400] "GET /wp-content/languages/themes/atomlib.php HTTP/1.1" 404 16530 "-" "Mozilla/5.0 AppleWebKit/537.36 (KHTML, like Gecko; compatible; GPTBot/1.2; +https://openai.com/gptbot)"
198.54.114.83 - - [29/Mar/2025:18:40:24 -0400] "POST /wp-cron.php?doing_wp_cron=1743288023.8201661109924316406250 HTTP/1.1" 200 0 "-" "WordPress/6.7.2; https://shahmeenaindustry.com"
20.171.207.43 - - [29/Mar/2025:18:40:23 -0400] "GET /.well-known/acme-challenge/mariju.php HTTP/1.1" 404 16529 "-" "Mozilla/5.0 AppleWebKit/537.36 (KHTML, like Gecko; compatible; GPTBot/1.2; +https://openai.com/gptbot)"
85.208.98.23 - - [29/Mar/2025:18:40:48 -0400] "GET /robots.txt HTTP/1.1" 304 0 "-" "Mozilla/5.0 (compatible; SemrushBot-BA; +http://www.semrush.com/bot.html)"
198.54.114.83 - - [29/Mar/2025:18:41:14 -0400] "POST /wp-cron.php?doing_wp_cron=1743288073.8527770042419433593750 HTTP/1.1" 200 0 "-" "WordPress/6.7.2; https://shahmeenaindustry.com"
20.171.207.43 - - [29/Mar/2025:18:41:13 -0400] "GET /.well-known/acme-challenge/index.php HTTP/1.1" 301 0 "-" "Mozilla/5.0 AppleWebKit/537.36 (KHTML, like Gecko; compatible; GPTBot/1.2; +https://openai.com/gptbot)"
20.171.207.43 - - [29/Mar/2025:18:41:59 -0400] "GET /.well-known/acme-challenge/moon.php HTTP/1.1" 404 16529 "-" "Mozilla/5.0 AppleWebKit/537.36 (KHTML, like Gecko; compatible; GPTBot/1.2; +https://openai.com/gptbot)"
20.171.207.43 - - [29/Mar/2025:18:44:01 -0400] "GET /nf_tracking.php HTTP/1.1" 404 16529 "-" "Mozilla/5.0 AppleWebKit/537.36 (KHTML, like Gecko; compatible; GPTBot/1.2; +https://openai.com/gptbot)"
198.54.114.83 - - [29/Mar/2025:18:44:38 -0400] "POST /wp-cron.php?doing_wp_cron=1743288277.9381248950958251953125 HTTP/1.1" 200 0 "-" "WordPress/6.7.2; https://shahmeenaindustry.com"
20.171.207.43 - - [29/Mar/2025:18:44:37 -0400] "GET /wp-content/themes/travel/issue.php HTTP/1.1" 404 16529 "-" "Mozilla/5.0 AppleWebKit/537.36 (KHTML, like Gecko; compatible; GPTBot/1.2; +https://openai.com/gptbot)"
198.54.114.83 - - [29/Mar/2025:18:45:15 -0400] "POST /wp-cron.php?doing_wp_cron=1743288314.9449610710144042968750 HTTP/1.1" 200 0 "-" "WordPress/6.7.2; https://shahmeenaindustry.com"
20.171.207.43 - - [29/Mar/2025:18:45:14 -0400] "GET /wp-content/themes/tflow/up.php HTTP/1.1" 404 16529 "-" "Mozilla/5.0 AppleWebKit/537.36 (KHTML, like Gecko; compatible; GPTBot/1.2; +https://openai.com/gptbot)"
20.171.207.43 - - [29/Mar/2025:18:45:53 -0400] "GET /wp-content/plugins/wp-help/ HTTP/1.1" 404 16529 "-" "Mozilla/5.0 AppleWebKit/537.36 (KHTML, like Gecko; compatible; GPTBot/1.2; +https://openai.com/gptbot)"
198.54.114.83 - - [29/Mar/2025:18:46:19 -0400] "POST /wp-cron.php?doing_wp_cron=1743288379.5919899940490722656250 HTTP/1.1" 200 0 "-" "WordPress/6.7.2; https://shahmeenaindustry.com"
216.244.66.200 - - [29/Mar/2025:18:46:19 -0400] "GET /mediation-services/ HTTP/1.1" 200 20880 "-" "Mozilla/5.0 (compatible; DotBot/1.2; +https://opensiteexplorer.org/dotbot; help@moz.com)"
20.171.207.43 - - [29/Mar/2025:18:46:32 -0400] "GET /wp-content/themes/sketch/404.php HTTP/1.1" 404 16529 "-" "Mozilla/5.0 AppleWebKit/537.36 (KHTML, like Gecko; compatible; GPTBot/1.2; +https://openai.com/gptbot)"
198.54.114.83 - - [29/Mar/2025:18:47:11 -0400] "POST /wp-cron.php?doing_wp_cron=1743288431.6269319057464599609375 HTTP/1.1" 200 0 "-" "WordPress/6.7.2; https://shahmeenaindustry.com"
20.171.207.43 - - [29/Mar/2025:18:47:11 -0400] "GET /wp-includes/random_compat/class_api.php HTTP/1.1" 404 16529 "-" "Mozilla/5.0 AppleWebKit/537.36 (KHTML, like Gecko; compatible; GPTBot/1.2; +https://openai.com/gptbot)"
20.171.207.43 - - [29/Mar/2025:18:47:46 -0400] "GET /.well-known/acme-challenge/ HTTP/1.1" 404 16528 "-" "Mozilla/5.0 AppleWebKit/537.36 (KHTML, like Gecko; compatible; GPTBot/1.2; +https://openai.com/gptbot)"
198.54.114.83 - - [29/Mar/2025:18:48:25 -0400] "POST /wp-cron.php?doing_wp_cron=1743288505.5665171146392822265625 HTTP/1.1" 200 0 "-" "WordPress/6.7.2; https://shahmeenaindustry.com"
20.171.207.43 - - [29/Mar/2025:18:48:25 -0400] "GET /wp-content/plugins/wp-help/admin/wp-fclass.php HTTP/1.1" 404 16529 "-" "Mozilla/5.0 AppleWebKit/537.36 (KHTML, like Gecko; compatible; GPTBot/1.2; +https://openai.com/gptbot)"
20.171.207.43 - - [29/Mar/2025:18:49:02 -0400] "GET /.tmb/class_api.php HTTP/1.1" 404 16529 "-" "Mozilla/5.0 AppleWebKit/537.36 (KHTML, like Gecko; compatible; GPTBot/1.2; +https://openai.com/gptbot)"
198.54.114.83 - - [29/Mar/2025:18:49:39 -0400] "POST /wp-cron.php?doing_wp_cron=1743288579.7642929553985595703125 HTTP/1.1" 200 0 "-" "WordPress/6.7.2; https://shahmeenaindustry.com"
20.171.207.43 - - [29/Mar/2025:18:49:39 -0400] "GET /cgi-bin/moon.php HTTP/1.1" 404 16529 "-" "Mozilla/5.0 AppleWebKit/537.36 (KHTML, like Gecko; compatible; GPTBot/1.2; +https://openai.com/gptbot)"
198.54.114.83 - - [29/Mar/2025:18:50:18 -0400] "POST /wp-cron.php?doing_wp_cron=1743288618.2454988956451416015625 HTTP/1.1" 200 0 "-" "WordPress/6.7.2; https://shahmeenaindustry.com"
20.171.207.43 - - [29/Mar/2025:18:50:18 -0400] "GET /cgi-bin/class_api.php HTTP/1.1" 404 16529 "-" "Mozilla/5.0 AppleWebKit/537.36 (KHTML, like Gecko; compatible; GPTBot/1.2; +https://openai.com/gptbot)"
20.171.207.43 - - [29/Mar/2025:18:50:55 -0400] "GET /wp-includes/ID3/index.php HTTP/1.1" 301 0 "-" "Mozilla/5.0 AppleWebKit/537.36 (KHTML, like Gecko; compatible; GPTBot/1.2; +https://openai.com/gptbot)"
198.54.114.83 - - [29/Mar/2025:18:51:32 -0400] "POST /wp-cron.php?doing_wp_cron=1743288692.3598670959472656250000 HTTP/1.1" 200 0 "-" "WordPress/6.7.2; https://shahmeenaindustry.com"
20.171.207.43 - - [29/Mar/2025:18:51:31 -0400] "GET /.tmb/mariju.php HTTP/1.1" 404 16529 "-" "Mozilla/5.0 AppleWebKit/537.36 (KHTML, like Gecko; compatible; GPTBot/1.2; +https://openai.com/gptbot)"
198.54.114.83 - - [29/Mar/2025:18:52:10 -0400] "POST /wp-cron.php?doing_wp_cron=1743288730.0203680992126464843750 HTTP/1.1" 200 0 "-" "WordPress/6.7.2; https://shahmeenaindustry.com"
20.171.207.43 - - [29/Mar/2025:18:52:06 -0400] "GET /cgi-bin/sgd.php HTTP/1.1" 404 16529 "-" "Mozilla/5.0 AppleWebKit/537.36 (KHTML, like Gecko; compatible; GPTBot/1.2; +https://openai.com/gptbot)"
20.171.207.43 - - [29/Mar/2025:18:52:38 -0400] "GET /.tmb/moon.php HTTP/1.1" 404 16529 "-" "Mozilla/5.0 AppleWebKit/537.36 (KHTML, like Gecko; compatible; GPTBot/1.2; +https://openai.com/gptbot)"
198.54.114.83 - - [29/Mar/2025:18:53:12 -0400] "POST /wp-cron.php?doing_wp_cron=1743288792.5407419204711914062500 HTTP/1.1" 200 0 "-" "WordPress/6.7.2; https://shahmeenaindustry.com"
20.171.207.43 - - [29/Mar/2025:18:53:12 -0400] "GET /templates/beez/index.php HTTP/1.1" 301 0 "-" "Mozilla/5.0 AppleWebKit/537.36 (KHTML, like Gecko; compatible; GPTBot/1.2; +https://openai.com/gptbot)"
20.171.207.43 - - [29/Mar/2025:18:53:46 -0400] "GET /wp-includes/Requests/class_api.php HTTP/1.1" 404 16529 "-" "Mozilla/5.0 AppleWebKit/537.36 (KHTML, like Gecko; compatible; GPTBot/1.2; +https://openai.com/gptbot)"
198.54.114.83 - - [29/Mar/2025:18:54:47 -0400] "POST /wp-cron.php?doing_wp_cron=1743288887.0688939094543457031250 HTTP/1.1" 200 0 "-" "WordPress/6.7.2; https://shahmeenaindustry.com"
20.171.207.43 - - [29/Mar/2025:18:54:46 -0400] "GET /blog/index.php HTTP/1.1" 301 0 "-" "Mozilla/5.0 AppleWebKit/537.36 (KHTML, like Gecko; compatible; GPTBot/1.2; +https://openai.com/gptbot)"
198.54.114.83 - - [29/Mar/2025:18:55:51 -0400] "POST /wp-cron.php?doing_wp_cron=1743288950.9122099876403808593750 HTTP/1.1" 200 0 "-" "WordPress/6.7.2; https://shahmeenaindustry.com"
20.171.207.43 - - [29/Mar/2025:18:55:50 -0400] "GET /wp-includes/IXR/class.api.php HTTP/1.1" 404 16529 "-" "Mozilla/5.0 AppleWebKit/537.36 (KHTML, like Gecko; compatible; GPTBot/1.2; +https://openai.com/gptbot)"
198.54.114.83 - - [29/Mar/2025:18:56:47 -0400] "POST /wp-cron.php?doing_wp_cron=1743289007.2773699760437011718750 HTTP/1.1" 200 0 "-" "WordPress/6.7.2; https://shahmeenaindustry.com"
20.171.207.43 - - [29/Mar/2025:18:56:47 -0400] "GET /wp-includes/IXR/class_api.php HTTP/1.1" 404 16529 "-" "Mozilla/5.0 AppleWebKit/537.36 (KHTML, like Gecko; compatible; GPTBot/1.2; +https://openai.com/gptbot)"
198.54.114.83 - - [29/Mar/2025:18:57:42 -0400] "POST /wp-cron.php?doing_wp_cron=1743289061.7393760681152343750000 HTTP/1.1" 200 0 "-" "WordPress/6.7.2; https://shahmeenaindustry.com"
20.171.207.43 - - [29/Mar/2025:18:57:41 -0400] "GET /wp-includes/rest-api/index.php HTTP/1.1" 301 0 "-" "Mozilla/5.0 AppleWebKit/537.36 (KHTML, like Gecko; compatible; GPTBot/1.2; +https://openai.com/gptbot)"
198.54.114.83 - - [29/Mar/2025:18:58:36 -0400] "POST /wp-cron.php?doing_wp_cron=1743289116.6458690166473388671875 HTTP/1.1" 200 0 "-" "WordPress/6.7.2; https://shahmeenaindustry.com"
20.171.207.43 - - [29/Mar/2025:18:58:36 -0400] "GET /wp-admin/includes/class_api.php HTTP/1.1" 404 16530 "-" "Mozilla/5.0 AppleWebKit/537.36 (KHTML, like Gecko; compatible; GPTBot/1.2; +https://openai.com/gptbot)"
198.54.114.83 - - [29/Mar/2025:18:59:27 -0400] "POST /wp-cron.php?doing_wp_cron=1743289167.7866630554199218750000 HTTP/1.1" 200 0 "-" "WordPress/6.7.2; https://shahmeenaindustry.com"
20.171.207.43 - - [29/Mar/2025:18:59:27 -0400] "GET /wp-admin/network/class_api.php HTTP/1.1" 404 16529 "-" "Mozilla/5.0 AppleWebKit/537.36 (KHTML, like Gecko; compatible; GPTBot/1.2; +https://openai.com/gptbot)"
198.54.114.83 - - [29/Mar/2025:19:00:18 -0400] "POST /wp-cron.php?doing_wp_cron=1743289218.4718821048736572265625 HTTP/1.1" 200 0 "-" "WordPress/6.7.2; https://shahmeenaindustry.com"
20.171.207.43 - - [29/Mar/2025:19:00:18 -0400] "GET /wp-admin/maint/moon.php HTTP/1.1" 404 16529 "-" "Mozilla/5.0 AppleWebKit/537.36 (KHTML, like Gecko; compatible; GPTBot/1.2; +https://openai.com/gptbot)"
198.54.114.83 - - [29/Mar/2025:19:01:10 -0400] "POST /wp-cron.php?doing_wp_cron=1743289270.3442270755767822265625 HTTP/1.1" 200 0 "-" "WordPress/6.7.2; https://shahmeenaindustry.com"
20.171.207.43 - - [29/Mar/2025:19:01:10 -0400] "GET /wp-includes/ID3/moon.php HTTP/1.1" 404 16529 "-" "Mozilla/5.0 AppleWebKit/537.36 (KHTML, like Gecko; compatible; GPTBot/1.2; +https://openai.com/gptbot)"
216.244.66.200 - - [29/Mar/2025:19:02:01 -0400] "GET /combien-coute-un-photographe-de-mariage/feed/ HTTP/1.1" 200 445 "-" "Mozilla/5.0 (compatible; DotBot/1.2; +https://opensiteexplorer.org/dotbot; help@moz.com)"
20.171.207.43 - - [29/Mar/2025:19:02:02 -0400] "GET /wp-admin/js/widgets/class.api.php HTTP/1.1" 404 16529 "-" "Mozilla/5.0 AppleWebKit/537.36 (KHTML, like Gecko; compatible; GPTBot/1.2; +https://openai.com/gptbot)"
198.54.114.83 - - [29/Mar/2025:19:02:52 -0400] "POST /wp-cron.php?doing_wp_cron=1743289372.0043070316314697265625 HTTP/1.1" 200 0 "-" "WordPress/6.7.2; https://shahmeenaindustry.com"
20.171.207.43 - - [29/Mar/2025:19:02:51 -0400] "GET /wp-admin/js/widgets/class_api.php HTTP/1.1" 404 16529 "-" "Mozilla/5.0 AppleWebKit/537.36 (KHTML, like Gecko; compatible; GPTBot/1.2; +https://openai.com/gptbot)"
198.54.114.83 - - [29/Mar/2025:19:03:43 -0400] "POST /wp-cron.php?doing_wp_cron=1743289423.7210021018981933593750 HTTP/1.1" 200 0 "-" "WordPress/6.7.2; https://shahmeenaindustry.com"
20.171.207.43 - - [29/Mar/2025:19:03:43 -0400] "GET /wp-admin/images/class.api.php HTTP/1.1" 404 16529 "-" "Mozilla/5.0 AppleWebKit/537.36 (KHTML, like Gecko; compatible; GPTBot/1.2; +https://openai.com/gptbot)"
20.171.207.43 - - [29/Mar/2025:19:04:33 -0400] "GET /blog/ HTTP/1.1" 404 16529 "-" "Mozilla/5.0 AppleWebKit/537.36 (KHTML, like Gecko; compatible; GPTBot/1.2; +https://openai.com/gptbot)"
198.54.114.83 - - [29/Mar/2025:19:05:26 -0400] "POST /wp-cron.php?doing_wp_cron=1743289525.8956589698791503906250 HTTP/1.1" 200 0 "-" "WordPress/6.7.2; https://shahmeenaindustry.com"
20.171.207.43 - - [29/Mar/2025:19:05:25 -0400] "GET /wp-includes/SimplePie/index.php HTTP/1.1" 301 0 "-" "Mozilla/5.0 AppleWebKit/537.36 (KHTML, like Gecko; compatible; GPTBot/1.2; +https://openai.com/gptbot)"
20.171.207.43 - - [29/Mar/2025:19:06:18 -0400] "GET /wp-includes/rest-api/ HTTP/1.1" 403 1242 "-" "Mozilla/5.0 AppleWebKit/537.36 (KHTML, like Gecko; compatible; GPTBot/1.2; +https://openai.com/gptbot)"
198.54.114.83 - - [29/Mar/2025:19:07:06 -0400] "POST /wp-cron.php?doing_wp_cron=1743289626.2328720092773437500000 HTTP/1.1" 200 0 "-" "WordPress/6.7.2; https://shahmeenaindustry.com"
20.171.207.43 - - [29/Mar/2025:19:07:06 -0400] "GET /wp-admin/maint/index.php HTTP/1.1" 301 0 "-" "Mozilla/5.0 AppleWebKit/537.36 (KHTML, like Gecko; compatible; GPTBot/1.2; +https://openai.com/gptbot)"
20.171.207.43 - - [29/Mar/2025:19:07:53 -0400] "GET /wp-includes/IXR/moon.php HTTP/1.1" 404 16529 "-" "Mozilla/5.0 AppleWebKit/537.36 (KHTML, like Gecko; compatible; GPTBot/1.2; +https://openai.com/gptbot)"
198.54.114.83 - - [29/Mar/2025:19:08:35 -0400] "POST /wp-cron.php?doing_wp_cron=1743289715.5750548839569091796875 HTTP/1.1" 200 0 "-" "WordPress/6.7.2; https://shahmeenaindustry.com"
20.171.207.43 - - [29/Mar/2025:19:08:35 -0400] "GET /wp-includes/customize/index.php HTTP/1.1" 301 0 "-" "Mozilla/5.0 AppleWebKit/537.36 (KHTML, like Gecko; compatible; GPTBot/1.2; +https://openai.com/gptbot)"
20.171.207.43 - - [29/Mar/2025:19:09:16 -0400] "GET /wp-includes/ID3/ HTTP/1.1" 403 1242 "-" "Mozilla/5.0 AppleWebKit/537.36 (KHTML, like Gecko; compatible; GPTBot/1.2; +https://openai.com/gptbot)"
20.171.207.43 - - [29/Mar/2025:19:09:55 -0400] "GET /wp-includes/fonts/index.php HTTP/1.1" 301 0 "-" "Mozilla/5.0 AppleWebKit/537.36 (KHTML, like Gecko; compatible; GPTBot/1.2; +https://openai.com/gptbot)"
198.54.114.83 - - [29/Mar/2025:19:10:33 -0400] "POST /wp-cron.php?doing_wp_cron=1743289833.6662950515747070312500 HTTP/1.1" 200 0 "-" "WordPress/6.7.2; https://shahmeenaindustry.com"
20.171.207.43 - - [29/Mar/2025:19:10:33 -0400] "GET /wp-admin/includes/atomlib.php HTTP/1.1" 404 16529 "-" "Mozilla/5.0 AppleWebKit/537.36 (KHTML, like Gecko; compatible; GPTBot/1.2; +https://openai.com/gptbot)"
198.54.114.83 - - [29/Mar/2025:19:11:07 -0400] "POST /wp-cron.php?doing_wp_cron=1743289867.5702109336853027343750 HTTP/1.1" 200 0 "-" "WordPress/6.7.2; https://shahmeenaindustry.com"
20.171.207.43 - - [29/Mar/2025:19:11:07 -0400] "GET /wp-includes/assets/index.php HTTP/1.1" 301 0 "-" "Mozilla/5.0 AppleWebKit/537.36 (KHTML, like Gecko; compatible; GPTBot/1.2; +https://openai.com/gptbot)"
20.171.207.43 - - [29/Mar/2025:19:11:42 -0400] "GET /wp-includes/certificates/moon.php HTTP/1.1" 404 16529 "-" "Mozilla/5.0 AppleWebKit/537.36 (KHTML, like Gecko; compatible; GPTBot/1.2; +https://openai.com/gptbot)"
198.54.114.83 - - [29/Mar/2025:19:12:11 -0400] "POST /wp-cron.php?doing_wp_cron=1743289931.3112199306488037109375 HTTP/1.1" 200 0 "-" "WordPress/6.7.2; https://shahmeenaindustry.com"
20.171.207.43 - - [29/Mar/2025:19:12:11 -0400] "GET /wp-includes/js/index.php HTTP/1.1" 301 0 "-" "Mozilla/5.0 AppleWebKit/537.36 (KHTML, like Gecko; compatible; GPTBot/1.2; +https://openai.com/gptbot)"
20.171.207.43 - - [29/Mar/2025:19:12:40 -0400] "GET /wp-includes/SimplePie/ HTTP/1.1" 403 1242 "-" "Mozilla/5.0 AppleWebKit/537.36 (KHTML, like Gecko; compatible; GPTBot/1.2; +https://openai.com/gptbot)"
198.54.114.83 - - [29/Mar/2025:19:13:07 -0400] "POST /wp-cron.php?doing_wp_cron=1743289987.8228700160980224609375 HTTP/1.1" 200 0 "-" "WordPress/6.7.2; https://shahmeenaindustry.com"
20.171.207.43 - - [29/Mar/2025:19:13:07 -0400] "GET /wp-admin/includes/moon.php HTTP/1.1" 404 16529 "-" "Mozilla/5.0 AppleWebKit/537.36 (KHTML, like Gecko; compatible; GPTBot/1.2; +https://openai.com/gptbot)"
20.171.207.43 - - [29/Mar/2025:19:13:35 -0400] "GET /wp-admin/maint/atomlib.php HTTP/1.1" 404 16529 "-" "Mozilla/5.0 AppleWebKit/537.36 (KHTML, like Gecko; compatible; GPTBot/1.2; +https://openai.com/gptbot)"
20.171.207.43 - - [29/Mar/2025:19:14:03 -0400] "GET /wp-admin/images/index.php HTTP/1.1" 301 0 "-" "Mozilla/5.0 AppleWebKit/537.36 (KHTML, like Gecko; compatible; GPTBot/1.2; +https://openai.com/gptbot)"
198.54.114.83 - - [29/Mar/2025:19:14:31 -0400] "POST /wp-cron.php?doing_wp_cron=1743290071.0802879333496093750000 HTTP/1.1" 200 0 "-" "WordPress/6.7.2; https://shahmeenaindustry.com"
20.171.207.43 - - [29/Mar/2025:19:14:30 -0400] "GET /wp-admin/images/moon.php HTTP/1.1" 404 16529 "-" "Mozilla/5.0 AppleWebKit/537.36 (KHTML, like Gecko; compatible; GPTBot/1.2; +https://openai.com/gptbot)"
20.171.207.43 - - [29/Mar/2025:19:14:54 -0400] "GET /assets/class_api.php HTTP/1.1" 404 16529 "-" "Mozilla/5.0 AppleWebKit/537.36 (KHTML, like Gecko; compatible; GPTBot/1.2; +https://openai.com/gptbot)"
198.54.114.83 - - [29/Mar/2025:19:15:19 -0400] "POST /wp-cron.php?doing_wp_cron=1743290118.8960471153259277343750 HTTP/1.1" 200 0 "-" "WordPress/6.7.2; https://shahmeenaindustry.com"
20.171.207.43 - - [29/Mar/2025:19:15:18 -0400] "GET /images/atomlib.php HTTP/1.1" 404 16529 "-" "Mozilla/5.0 AppleWebKit/537.36 (KHTML, like Gecko; compatible; GPTBot/1.2; +https://openai.com/gptbot)"
20.171.207.43 - - [29/Mar/2025:19:15:44 -0400] "GET /wp-admin/js/widgets/sgd.php HTTP/1.1" 404 16529 "-" "Mozilla/5.0 AppleWebKit/537.36 (KHTML, like Gecko; compatible; GPTBot/1.2; +https://openai.com/gptbot)"
198.54.114.83 - - [29/Mar/2025:19:16:09 -0400] "POST /wp-cron.php?doing_wp_cron=1743290169.5527329444885253906250 HTTP/1.1" 200 0 "-" "WordPress/6.7.2; https://shahmeenaindustry.com"
20.171.207.43 - - [29/Mar/2025:19:16:09 -0400] "GET /wp-admin/js/widgets/moon.php HTTP/1.1" 404 16529 "-" "Mozilla/5.0 AppleWebKit/537.36 (KHTML, like Gecko; compatible; GPTBot/1.2; +https://openai.com/gptbot)"
20.171.207.43 - - [29/Mar/2025:19:16:34 -0400] "GET /wp-includes/js/ HTTP/1.1" 403 1242 "-" "Mozilla/5.0 AppleWebKit/537.36 (KHTML, like Gecko; compatible; GPTBot/1.2; +https://openai.com/gptbot)"
20.171.207.43 - - [29/Mar/2025:19:16:58 -0400] "GET /wp-admin/maint/ HTTP/1.1" 403 1242 "-" "Mozilla/5.0 AppleWebKit/537.36 (KHTML, like Gecko; compatible; GPTBot/1.2; +https://openai.com/gptbot)"
198.54.114.83 - - [29/Mar/2025:19:17:23 -0400] "POST /wp-cron.php?doing_wp_cron=1743290243.8741409778594970703125 HTTP/1.1" 200 0 "-" "WordPress/6.7.2; https://shahmeenaindustry.com"
20.171.207.43 - - [29/Mar/2025:19:17:23 -0400] "GET /wp-admin/user/class_api.php HTTP/1.1" 404 16529 "-" "Mozilla/5.0 AppleWebKit/537.36 (KHTML, like Gecko; compatible; GPTBot/1.2; +https://openai.com/gptbot)"
20.171.207.43 - - [29/Mar/2025:19:17:49 -0400] "GET /wp-includes/customize/ HTTP/1.1" 403 1242 "-" "Mozilla/5.0 AppleWebKit/537.36 (KHTML, like Gecko; compatible; GPTBot/1.2; +https://openai.com/gptbot)"
20.171.207.43 - - [29/Mar/2025:19:18:13 -0400] "GET /wp-admin/images/ HTTP/1.1" 403 1242 "-" "Mozilla/5.0 AppleWebKit/537.36 (KHTML, like Gecko; compatible; GPTBot/1.2; +https://openai.com/gptbot)"
198.54.114.83 - - [29/Mar/2025:19:18:19 -0400] "POST /wp-cron.php?doing_wp_cron=1743290299.1541779041290283203125 HTTP/1.1" 200 0 "-" "WordPress/6.7.2; https://shahmeenaindustry.com"
3.110.153.170 - - [29/Mar/2025:19:18:18 -0400] "GET /wp-content/plugins/woocommerce-payments/readme.txt HTTP/1.1" 404 16529 "www.google.com" "Mozlila/5.0 (Linux; Android 7.0; SM-G892A Bulid/NRD90M; wv) AppleWebKit/537.36 (KHTML, like Gecko) Version/4.0 Chrome/60.0.3112.107 Moblie Safari/537.36"
20.171.207.43 - - [29/Mar/2025:19:19:01 -0400] "GET /wp-includes/rest-api/fields/cache/index.php HTTP/1.1" 301 0 "-" "Mozilla/5.0 AppleWebKit/537.36 (KHTML, like Gecko; compatible; GPTBot/1.2; +https://openai.com/gptbot)"
20.171.207.43 - - [29/Mar/2025:19:19:23 -0400] "GET /wp-includes/assets/ HTTP/1.1" 403 1242 "-" "Mozilla/5.0 AppleWebKit/537.36 (KHTML, like Gecko; compatible; GPTBot/1.2; +https://openai.com/gptbot)"
43.166.131.228 - - [29/Mar/2025:19:19:37 -0400] "GET / HTTP/1.1" 200 24556 "-" "Mozilla/5.0 (iPhone; CPU iPhone OS 13_2_3 like Mac OS X) AppleWebKit/605.1.15 (KHTML, like Gecko) Version/13.0.3 Mobile/15E148 Safari/604.1"
198.54.114.83 - - [29/Mar/2025:19:19:43 -0400] "POST /wp-cron.php?doing_wp_cron=1743290383.1644470691680908203125 HTTP/1.1" 200 0 "-" "WordPress/6.7.2; https://shahmeenaindustry.com"
20.171.207.43 - - [29/Mar/2025:19:19:43 -0400] "GET /templates/beez/ HTTP/1.1" 404 16529 "-" "Mozilla/5.0 AppleWebKit/537.36 (KHTML, like Gecko; compatible; GPTBot/1.2; +https://openai.com/gptbot)"
20.171.207.43 - - [29/Mar/2025:19:20:03 -0400] "GET /wp-includes/fonts/ HTTP/1.1" 403 1242 "-" "Mozilla/5.0 AppleWebKit/537.36 (KHTML, like Gecko; compatible; GPTBot/1.2; +https://openai.com/gptbot)"
198.54.114.83 - - [29/Mar/2025:19:20:24 -0400] "POST /wp-cron.php?doing_wp_cron=1743290424.2749099731445312500000 HTTP/1.1" 200 0 "-" "WordPress/6.7.2; https://shahmeenaindustry.com"
20.171.207.43 - - [29/Mar/2025:19:20:23 -0400] "GET /wp-admin/user/moon.php HTTP/1.1" 404 16529 "-" "Mozilla/5.0 AppleWebKit/537.36 (KHTML, like Gecko; compatible; GPTBot/1.2; +https://openai.com/gptbot)"
20.171.207.43 - - [29/Mar/2025:19:21:02 -0400] "GET /wp-admin/js/index.php HTTP/1.1" 301 0 "-" "Mozilla/5.0 AppleWebKit/537.36 (KHTML, like Gecko; compatible; GPTBot/1.2; +https://openai.com/gptbot)"
198.54.114.83 - - [29/Mar/2025:19:21:20 -0400] "POST /wp-cron.php?doing_wp_cron=1743290480.2597761154174804687500 HTTP/1.1" 200 0 "-" "WordPress/6.7.2; https://shahmeenaindustry.com"
20.171.207.43 - - [29/Mar/2025:19:21:20 -0400] "GET /wp-includes/wso.php HTTP/1.1" 404 16529 "-" "Mozilla/5.0 AppleWebKit/537.36 (KHTML, like Gecko; compatible; GPTBot/1.2; +https://openai.com/gptbot)"
20.171.207.43 - - [29/Mar/2025:19:21:36 -0400] "GET /wp-includes/js/comment-reply.min.js?ver=6.7.2 HTTP/1.1" 200 1422 "-" "Mozilla/5.0 AppleWebKit/537.36 (KHTML, like Gecko; compatible; GPTBot/1.2; +https://openai.com/gptbot)"
20.171.207.43 - - [29/Mar/2025:19:21:53 -0400] "GET /common/img/class_api.php HTTP/1.1" 404 16529 "-" "Mozilla/5.0 AppleWebKit/537.36 (KHTML, like Gecko; compatible; GPTBot/1.2; +https://openai.com/gptbot)"
198.54.114.83 - - [29/Mar/2025:19:22:08 -0400] "POST /wp-cron.php?doing_wp_cron=1743290528.0179650783538818359375 HTTP/1.1" 200 0 "-" "WordPress/6.7.2; https://shahmeenaindustry.com"
20.171.207.43 - - [29/Mar/2025:19:22:07 -0400] "GET /wp-includes/rest-api/fields/cache/ HTTP/1.1" 404 16529 "-" "Mozilla/5.0 AppleWebKit/537.36 (KHTML, like Gecko; compatible; GPTBot/1.2; +https://openai.com/gptbot)"
20.171.207.43 - - [29/Mar/2025:19:22:21 -0400] "GET /wp-content/uploads/wp-apxupx.php?apx=upx HTTP/1.1" 404 16527 "-" "Mozilla/5.0 AppleWebKit/537.36 (KHTML, like Gecko; compatible; GPTBot/1.2; +https://openai.com/gptbot)"
20.171.207.43 - - [29/Mar/2025:19:22:36 -0400] "GET /wp-content/plugins/revslider/includes/external/page/index.php HTTP/1.1" 301 0 "-" "Mozilla/5.0 AppleWebKit/537.36 (KHTML, like Gecko; compatible; GPTBot/1.2; +https://openai.com/gptbot)"
20.171.207.43 - - [29/Mar/2025:19:22:51 -0400] "GET /x/index.php HTTP/1.1" 301 0 "-" "Mozilla/5.0 AppleWebKit/537.36 (KHTML, like Gecko; compatible; GPTBot/1.2; +https://openai.com/gptbot)"
20.171.207.43 - - [29/Mar/2025:19:23:04 -0400] "GET /en/index.php HTTP/1.1" 301 0 "-" "Mozilla/5.0 AppleWebKit/537.36 (KHTML, like Gecko; compatible; GPTBot/1.2; +https://openai.com/gptbot)"
20.171.207.43 - - [29/Mar/2025:19:23:25 -0400] "GET /wp-admin/js/ HTTP/1.1" 403 1242 "-" "Mozilla/5.0 AppleWebKit/537.36 (KHTML, like Gecko; compatible; GPTBot/1.2; +https://openai.com/gptbot)"
20.171.207.43 - - [29/Mar/2025:19:23:34 -0400] "GET /bk/index.php HTTP/1.1" 301 0 "-" "Mozilla/5.0 AppleWebKit/537.36 (KHTML, like Gecko; compatible; GPTBot/1.2; +https://openai.com/gptbot)"
20.171.207.43 - - [29/Mar/2025:19:23:44 -0400] "GET /xt/index.php HTTP/1.1" 301 0 "-" "Mozilla/5.0 AppleWebKit/537.36 (KHTML, like Gecko; compatible; GPTBot/1.2; +https://openai.com/gptbot)"
20.171.207.43 - - [29/Mar/2025:19:23:52 -0400] "GET /wp-apxupx.php?apx=upx HTTP/1.1" 404 16528 "-" "Mozilla/5.0 AppleWebKit/537.36 (KHTML, like Gecko; compatible; GPTBot/1.2; +https://openai.com/gptbot)"
20.171.207.43 - - [29/Mar/2025:19:24:00 -0400] "GET /wp-admin/css/colors/coffee/index.php HTTP/1.1" 301 0 "-" "Mozilla/5.0 AppleWebKit/537.36 (KHTML, like Gecko; compatible; GPTBot/1.2; +https://openai.com/gptbot)"
20.171.207.43 - - [29/Mar/2025:19:24:14 -0400] "GET /wp-content/plugins/revslider/includes/external/page/ HTTP/1.1" 404 16529 "-" "Mozilla/5.0 AppleWebKit/537.36 (KHTML, like Gecko; compatible; GPTBot/1.2; +https://openai.com/gptbot)"
20.171.207.43 - - [29/Mar/2025:19:24:20 -0400] "GET /x/ HTTP/1.1" 404 16529 "-" "Mozilla/5.0 AppleWebKit/537.36 (KHTML, like Gecko; compatible; GPTBot/1.2; +https://openai.com/gptbot)"
198.54.114.83 - - [29/Mar/2025:19:24:39 -0400] "POST /wp-cron.php?doing_wp_cron=1743290679.0201280117034912109375 HTTP/1.1" 200 0 "-" "WordPress/6.7.2; https://shahmeenaindustry.com"
20.171.207.43 - - [29/Mar/2025:19:24:38 -0400] "GET /wp-admin/css/atomlib.php HTTP/1.1" 404 16529 "-" "Mozilla/5.0 AppleWebKit/537.36 (KHTML, like Gecko; compatible; GPTBot/1.2; +https://openai.com/gptbot)"
20.171.207.43 - - [29/Mar/2025:19:24:43 -0400] "GET /common/css/class_api.php HTTP/1.1" 404 16529 "-" "Mozilla/5.0 AppleWebKit/537.36 (KHTML, like Gecko; compatible; GPTBot/1.2; +https://openai.com/gptbot)"
20.171.207.43 - - [29/Mar/2025:19:24:49 -0400] "GET /bk/ HTTP/1.1" 404 16529 "-" "Mozilla/5.0 AppleWebKit/537.36 (KHTML, like Gecko; compatible; GPTBot/1.2; +https://openai.com/gptbot)"
20.171.207.43 - - [29/Mar/2025:19:24:54 -0400] "GET /xt/ HTTP/1.1" 404 16529 "-" "Mozilla/5.0 AppleWebKit/537.36 (KHTML, like Gecko; compatible; GPTBot/1.2; +https://openai.com/gptbot)"
20.171.207.43 - - [29/Mar/2025:19:24:59 -0400] "GET /wp-admin/css/colors/coffee/ HTTP/1.1" 403 1242 "-" "Mozilla/5.0 AppleWebKit/537.36 (KHTML, like Gecko; compatible; GPTBot/1.2; +https://openai.com/gptbot)"
20.171.207.43 - - [29/Mar/2025:19:25:04 -0400] "GET /wp-admin/css/colors/index.php HTTP/1.1" 301 0 "-" "Mozilla/5.0 AppleWebKit/537.36 (KHTML, like Gecko; compatible; GPTBot/1.2; +https://openai.com/gptbot)"
198.54.114.83 - - [29/Mar/2025:19:25:09 -0400] "POST /wp-cron.php?doing_wp_cron=1743290709.4202730655670166015625 HTTP/1.1" 200 0 "-" "WordPress/6.7.2; https://shahmeenaindustry.com"
20.171.207.43 - - [29/Mar/2025:19:25:09 -0400] "GET /wp-includes/css/index.php HTTP/1.1" 301 0 "-" "Mozilla/5.0 AppleWebKit/537.36 (KHTML, like Gecko; compatible; GPTBot/1.2; +https://openai.com/gptbot)"
20.171.207.43 - - [29/Mar/2025:19:25:13 -0400] "GET /wp-admin/css/index.php HTTP/1.1" 301 0 "-" "Mozilla/5.0 AppleWebKit/537.36 (KHTML, like Gecko; compatible; GPTBot/1.2; +https://openai.com/gptbot)"
20.171.207.43 - - [29/Mar/2025:19:25:24 -0400] "GET /wp-admin/css/colors/ectoplasm/load-styles.php HTTP/1.1" 404 16529 "-" "Mozilla/5.0 AppleWebKit/537.36 (KHTML, like Gecko; compatible; GPTBot/1.2; +https://openai.com/gptbot)"
20.171.207.43 - - [29/Mar/2025:19:25:27 -0400] "GET /wp-admin/css/colors/blue/atomlib.php HTTP/1.1" 404 16529 "-" "Mozilla/5.0 AppleWebKit/537.36 (KHTML, like Gecko; compatible; GPTBot/1.2; +https://openai.com/gptbot)"
20.171.207.43 - - [29/Mar/2025:19:25:30 -0400] "GET /css/index.php HTTP/1.1" 301 0 "-" "Mozilla/5.0 AppleWebKit/537.36 (KHTML, like Gecko; compatible; GPTBot/1.2; +https://openai.com/gptbot)"
20.171.207.43 - - [29/Mar/2025:19:25:34 -0400] "GET /wp-admin/css/colors/ HTTP/1.1" 403 1242 "-" "Mozilla/5.0 AppleWebKit/537.36 (KHTML, like Gecko; compatible; GPTBot/1.2; +https://openai.com/gptbot)"
20.171.207.43 - - [29/Mar/2025:19:25:37 -0400] "GET /wp-includes/css/ HTTP/1.1" 403 1242 "-" "Mozilla/5.0 AppleWebKit/537.36 (KHTML, like Gecko; compatible; GPTBot/1.2; +https://openai.com/gptbot)"
20.171.207.43 - - [29/Mar/2025:19:25:40 -0400] "GET /wp-admin/css/ HTTP/1.1" 403 1242 "-" "Mozilla/5.0 AppleWebKit/537.36 (KHTML, like Gecko; compatible; GPTBot/1.2; +https://openai.com/gptbot)"
20.171.207.43 - - [29/Mar/2025:19:25:42 -0400] "GET /css/ HTTP/1.1" 404 16529 "-" "Mozilla/5.0 AppleWebKit/537.36 (KHTML, like Gecko; compatible; GPTBot/1.2; +https://openai.com/gptbot)"
198.54.114.83 - - [29/Mar/2025:19:39:18 -0400] "POST /wp-cron.php?doing_wp_cron=1743291558.5135579109191894531250 HTTP/1.1" 200 0 "-" "WordPress/6.7.2; https://shahmeenaindustry.com"
196.251.69.226 - - [29/Mar/2025:19:39:16 -0400] "GET /wp-content/themes/wp-pridmag/up.php HTTP/1.1" 404 16529 "www.google.com" "Mozlila/5.0 (Linux; Android 7.0; SM-G892A Bulid/NRD90M; wv) AppleWebKit/537.36 (KHTML, like Gecko) Version/4.0 Chrome/60.0.3112.107 Moblie Safari/537.36"
45.130.114.7 - - [29/Mar/2025:19:48:25 -0400] "GET / HTTP/1.1" 200 24556 "-" "Mozilla/5.0 (Windows NT 10.0; Win64; x64) AppleWebKit/537.36 (KHTML, like Gecko) Chrome/86.0.4240.111 Safari/537.36"
69.16.157.195 - - [29/Mar/2025:20:05:28 -0400] "GET /cbd-shop-uk-review/ HTTP/1.1" 200 23133 "http://shahmeenaindustry.com/cbd-shop-uk-review/" "Mozilla/5.0 (Windows NT 10.0; Win64; x64) AppleWebKit/537.36 (KHTML, like Gecko) Chrome/131.0.0.0 Safari/537.36 Avast/131.0.0.0"
198.54.114.83 - - [29/Mar/2025:20:05:31 -0400] "POST /wp-cron.php?doing_wp_cron=1743293131.4054689407348632812500 HTTP/1.1" 200 0 "-" "WordPress/6.7.2; https://shahmeenaindustry.com"
69.16.157.195 - - [29/Mar/2025:20:05:28 -0400] "POST /wp-comments-post.php HTTP/1.1" 302 0 "http://shahmeenaindustry.com/cbd-shop-uk-review/" "Mozilla/5.0 (Windows NT 10.0; Win64; x64) AppleWebKit/537.36 (KHTML, like Gecko) Chrome/131.0.0.0 Safari/537.36 Avast/131.0.0.0"
178.125.94.94 - - [29/Mar/2025:20:14:24 -0400] "GET /cbd-shop-uk-review/ HTTP/1.1" 200 23133 "http://shahmeenaindustry.com/cbd-shop-uk-review/" "Mozilla/5.0 (Windows NT 10.0; Win64; x64) AppleWebKit/537.36 (KHTML, like Gecko) Chrome/130.0.0.0 Safari/537.36 CCleaner/130.0.0.0"
198.54.114.83 - - [29/Mar/2025:20:14:26 -0400] "POST /wp-cron.php?doing_wp_cron=1743293666.4816050529479980468750 HTTP/1.1" 200 0 "-" "WordPress/6.7.2; https://shahmeenaindustry.com"
178.125.94.94 - - [29/Mar/2025:20:14:25 -0400] "POST /wp-comments-post.php HTTP/1.1" 200 1168 "http://shahmeenaindustry.com/cbd-shop-uk-review/" "Mozilla/5.0 (Windows NT 10.0; Win64; x64) AppleWebKit/537.36 (KHTML, like Gecko) Chrome/130.0.0.0 Safari/537.36 CCleaner/130.0.0.0"
198.54.114.83 - - [29/Mar/2025:20:31:00 -0400] "POST /wp-cron.php?doing_wp_cron=1743294660.0603580474853515625000 HTTP/1.1" 200 0 "-" "WordPress/6.7.2; https://shahmeenaindustry.com"
147.182.128.242 - - [29/Mar/2025:20:30:57 -0400] "GET /bk/index.php HTTP/1.1" 301 0 "www.google.com" "Mozilla/5.0 (Linux; Android 7.0; SM-G892A Build/NRD90M; wv) AppleWebKit/537.36 (KHTML, like Gecko) Version/4.0 Chrome/60.0.3112.107 Mobile Safari/537.36"
147.182.128.242 - - [29/Mar/2025:20:31:00 -0400] "GET /bk/ HTTP/1.1" 404 16531 "www.google.com" "Mozilla/5.0 (Linux; Android 7.0; SM-G892A Build/NRD90M; wv) AppleWebKit/537.36 (KHTML, like Gecko) Version/4.0 Chrome/60.0.3112.107 Mobile Safari/537.36"
147.182.128.242 - - [29/Mar/2025:20:31:01 -0400] "GET /wp-admin/bk/index.php HTTP/1.1" 301 0 "www.google.com" "Mozilla/5.0 (Linux; Android 7.0; SM-G892A Build/NRD90M; wv) AppleWebKit/537.36 (KHTML, like Gecko) Version/4.0 Chrome/60.0.3112.107 Mobile Safari/537.36"
147.182.128.242 - - [29/Mar/2025:20:31:01 -0400] "GET /wp-admin/bk/ HTTP/1.1" 404 16531 "www.google.com" "Mozilla/5.0 (Linux; Android 7.0; SM-G892A Build/NRD90M; wv) AppleWebKit/537.36 (KHTML, like Gecko) Version/4.0 Chrome/60.0.3112.107 Mobile Safari/537.36"
147.182.128.242 - - [29/Mar/2025:20:31:02 -0400] "GET /wp-content/bk/index.php HTTP/1.1" 301 0 "www.google.com" "Mozilla/5.0 (Linux; Android 7.0; SM-G892A Build/NRD90M; wv) AppleWebKit/537.36 (KHTML, like Gecko) Version/4.0 Chrome/60.0.3112.107 Mobile Safari/537.36"
147.182.128.242 - - [29/Mar/2025:20:31:03 -0400] "GET /wp-content/bk/ HTTP/1.1" 404 16531 "www.google.com" "Mozilla/5.0 (Linux; Android 7.0; SM-G892A Build/NRD90M; wv) AppleWebKit/537.36 (KHTML, like Gecko) Version/4.0 Chrome/60.0.3112.107 Mobile Safari/537.36"
147.182.128.242 - - [29/Mar/2025:20:31:04 -0400] "GET /wp-content/themes/bk/index.php HTTP/1.1" 301 0 "www.google.com" "Mozilla/5.0 (Linux; Android 7.0; SM-G892A Build/NRD90M; wv) AppleWebKit/537.36 (KHTML, like Gecko) Version/4.0 Chrome/60.0.3112.107 Mobile Safari/537.36"
198.54.114.83 - - [29/Mar/2025:20:31:05 -0400] "POST /wp-cron.php?doing_wp_cron=1743294665.3103430271148681640625 HTTP/1.1" 200 0 "-" "WordPress/6.7.2; https://shahmeenaindustry.com"
147.182.128.242 - - [29/Mar/2025:20:31:05 -0400] "GET /wp-content/themes/bk/ HTTP/1.1" 404 16532 "www.google.com" "Mozilla/5.0 (Linux; Android 7.0; SM-G892A Build/NRD90M; wv) AppleWebKit/537.36 (KHTML, like Gecko) Version/4.0 Chrome/60.0.3112.107 Mobile Safari/537.36"
147.182.128.242 - - [29/Mar/2025:20:31:06 -0400] "GET /wp-content/plugins/bk/index.php HTTP/1.1" 301 0 "www.google.com" "Mozilla/5.0 (Linux; Android 7.0; SM-G892A Build/NRD90M; wv) AppleWebKit/537.36 (KHTML, like Gecko) Version/4.0 Chrome/60.0.3112.107 Mobile Safari/537.36"
147.182.128.242 - - [29/Mar/2025:20:31:06 -0400] "GET /wp-content/plugins/bk/ HTTP/1.1" 404 16532 "www.google.com" "Mozilla/5.0 (Linux; Android 7.0; SM-G892A Build/NRD90M; wv) AppleWebKit/537.36 (KHTML, like Gecko) Version/4.0 Chrome/60.0.3112.107 Mobile Safari/537.36"
147.182.128.242 - - [29/Mar/2025:20:31:07 -0400] "GET /wp-content/uploads/bk/index.php HTTP/1.1" 301 0 "www.google.com" "Mozilla/5.0 (Linux; Android 7.0; SM-G892A Build/NRD90M; wv) AppleWebKit/537.36 (KHTML, like Gecko) Version/4.0 Chrome/60.0.3112.107 Mobile Safari/537.36"
147.182.128.242 - - [29/Mar/2025:20:31:07 -0400] "GET /wp-content/uploads/bk/ HTTP/1.1" 404 16532 "www.google.com" "Mozilla/5.0 (Linux; Android 7.0; SM-G892A Build/NRD90M; wv) AppleWebKit/537.36 (KHTML, like Gecko) Version/4.0 Chrome/60.0.3112.107 Mobile Safari/537.36"
147.182.128.242 - - [29/Mar/2025:20:31:08 -0400] "GET /wp-includes/bk/index.php HTTP/1.1" 301 0 "www.google.com" "Mozilla/5.0 (Linux; Android 7.0; SM-G892A Build/NRD90M; wv) AppleWebKit/537.36 (KHTML, like Gecko) Version/4.0 Chrome/60.0.3112.107 Mobile Safari/537.36"
147.182.128.242 - - [29/Mar/2025:20:31:09 -0400] "GET /wp-includes/bk/ HTTP/1.1" 404 16531 "www.google.com" "Mozilla/5.0 (Linux; Android 7.0; SM-G892A Build/NRD90M; wv) AppleWebKit/537.36 (KHTML, like Gecko) Version/4.0 Chrome/60.0.3112.107 Mobile Safari/537.36"
185.147.212.247 - - [29/Mar/2025:20:51:12 -0400] "GET /cbd-shop-uk-review/ HTTP/1.1" 200 23133 "http://shahmeenaindustry.com/cbd-shop-uk-review/" "Mozilla/5.0 (Windows NT 10.0; Win64; x64) AppleWebKit/537.36 (KHTML, like Gecko) Chrome/131.0.0.0 Safari/537.36"
198.54.114.83 - - [29/Mar/2025:20:51:14 -0400] "POST /wp-cron.php?doing_wp_cron=1743295873.9392790794372558593750 HTTP/1.1" 200 0 "-" "WordPress/6.7.2; https://shahmeenaindustry.com"
185.147.212.247 - - [29/Mar/2025:20:51:13 -0400] "POST /wp-comments-post.php HTTP/1.1" 302 0 "http://shahmeenaindustry.com/cbd-shop-uk-review/" "Mozilla/5.0 (Windows NT 10.0; Win64; x64) AppleWebKit/537.36 (KHTML, like Gecko) Chrome/131.0.0.0 Safari/537.36"
216.244.66.200 - - [29/Mar/2025:20:52:07 -0400] "GET /robots.txt HTTP/1.1" 304 0 "-" "Mozilla/5.0 (compatible; DotBot/1.2; +https://opensiteexplorer.org/dotbot; help@moz.com)"
198.54.114.83 - - [29/Mar/2025:20:54:43 -0400] "POST /wp-cron.php?doing_wp_cron=1743296082.9493219852447509765625 HTTP/1.1" 200 0 "-" "WordPress/6.7.2; https://shahmeenaindustry.com"
195.20.18.175 - - [29/Mar/2025:20:54:41 -0400] "GET /admin/assets/jquery-file-upload/server/php/index.php?file=tf2rghf.jpg HTTP/1.1" 301 0 "-" "ALittle Client"
198.54.114.83 - - [29/Mar/2025:20:56:24 -0400] "POST /wp-cron.php?doing_wp_cron=1743296184.4802010059356689453125 HTTP/1.1" 200 0 "-" "WordPress/6.7.2; https://shahmeenaindustry.com"
195.20.18.175 - - [29/Mar/2025:20:56:24 -0400] "GET /admin/assets/jquery-file-upload/server/php/?file=tf2rghf.jpg HTTP/1.1" 404 16532 "-" "ALittle Client"
161.35.90.166 - - [29/Mar/2025:20:58:08 -0400] "GET / HTTP/1.1" 200 24556 "-" "Mozilla/5.0 (compatible)"
161.35.90.166 - - [29/Mar/2025:20:58:08 -0400] "GET /favicon.ico HTTP/1.1" 404 1251 "http://shahmeenaindustry.com/" "Mozilla/5.0 (compatible)"
198.54.114.83 - - [29/Mar/2025:20:58:51 -0400] "POST /wp-cron.php?doing_wp_cron=1743296331.3035380840301513671875 HTTP/1.1" 200 0 "-" "WordPress/6.7.2; https://shahmeenaindustry.com"
216.244.66.200 - - [29/Mar/2025:20:58:48 -0400] "GET /what-you-need-to-knows/ HTTP/1.1" 200 21044 "-" "Mozilla/5.0 (compatible; DotBot/1.2; +https://opensiteexplorer.org/dotbot; help@moz.com)"
198.54.114.83 - - [29/Mar/2025:21:01:10 -0400] "POST /wp-cron.php?doing_wp_cron=1743296470.4818530082702636718750 HTTP/1.1" 200 0 "-" "WordPress/6.7.2; https://shahmeenaindustry.com"
217.154.91.7 - - [29/Mar/2025:21:01:10 -0400] "POST /wp-login.php HTTP/1.1" 302 0 "http://shahmeenaindustry.com/wp-admin/" "Mozilla/5.0 (Windows NT 10.0; Win64; x64) AppleWebKit/537.36 (KHTML, like Gecko) Chrome/90.0.4430.85 Safari/537.36"
216.244.66.200 - - [29/Mar/2025:21:01:10 -0400] "GET /exploring-the-multicanais-phenomenon/feed/ HTTP/1.1" 200 436 "-" "Mozilla/5.0 (compatible; DotBot/1.2; +https://opensiteexplorer.org/dotbot; help@moz.com)"
198.54.114.83 - - [29/Mar/2025:21:14:43 -0400] "POST /wp-cron.php?doing_wp_cron=1743297283.2373230457305908203125 HTTP/1.1" 200 0 "-" "WordPress/6.7.2; https://shahmeenaindustry.com"
196.251.88.242 - - [29/Mar/2025:21:14:41 -0400] "GET /geju.php HTTP/1.1" 404 16532 "-" "Mozlila/5.0 (Linux; Android 7.0; SM-G892A Bulid/NRD90M; wv) AppleWebKit/537.36 (KHTML, like Gecko) Version/4.0 Chrome/60.0.3112.107 Moblie Safari/537.36"
196.251.88.242 - - [29/Mar/2025:21:14:53 -0400] "GET /wp-content/plugins/about.php HTTP/1.1" 404 16532 "-" "Mozlila/5.0 (Linux; Android 7.0; SM-G892A Bulid/NRD90M; wv) AppleWebKit/537.36 (KHTML, like Gecko) Version/4.0 Chrome/60.0.3112.107 Moblie Safari/537.36"
196.251.88.242 - - [29/Mar/2025:21:15:02 -0400] "GET /wp.php HTTP/1.1" 404 16532 "-" "Mozlila/5.0 (Linux; Android 7.0; SM-G892A Bulid/NRD90M; wv) AppleWebKit/537.36 (KHTML, like Gecko) Version/4.0 Chrome/60.0.3112.107 Moblie Safari/537.36"
217.154.91.7 - - [29/Mar/2025:21:16:14 -0400] "POST /wp-login.php HTTP/1.1" 200 0 "http://shahmeenaindustry.com/wp-admin/" "Mozilla/5.0 (Windows NT 10.0; Win64; x64) AppleWebKit/537.36 (KHTML, like Gecko) Chrome/90.0.4430.85 Safari/537.36"
217.154.91.7 - - [29/Mar/2025:21:16:44 -0400] "POST /wp-login.php HTTP/1.1" 200 0 "http://shahmeenaindustry.com/wp-admin/" "Mozilla/5.0 (Windows NT 10.0; Win64; x64) AppleWebKit/537.36 (KHTML, like Gecko) Chrome/90.0.4430.85 Safari/537.36"
198.54.114.83 - - [29/Mar/2025:21:45:33 -0400] "POST /wp-cron.php?doing_wp_cron=1743299133.7785298824310302734375 HTTP/1.1" 200 0 "-" "WordPress/6.7.2; https://shahmeenaindustry.com"
103.17.99.13 - - [29/Mar/2025:21:45:31 -0400] "GET /wp-login.php HTTP/1.1" 302 0 "-" "Mozilla/5.0 (Windows NT 10.0; Win64; x64) AppleWebKit/537.36 (KHTML, like Gecko) Chrome/87.0.4280.141 Safari/537.36"
103.17.99.13 - - [29/Mar/2025:21:45:35 -0400] "POST /wp-login.php HTTP/1.1" 302 0 "-" "Mozilla/5.0 (Windows NT 10.0; Win64; x64) AppleWebKit/537.36 (KHTML, like Gecko) Chrome/87.0.4280.141 Safari/537.36"
196.251.69.226 - - [29/Mar/2025:22:58:41 -0400] "POST /wp-content/plugins/about.php HTTP/1.1" 403 1242 "http://shahmeenaindustry.com" "Mozilla/5.0 (Windows NT 10.0; Win64; x64) AppleWebKit/537.36 (KHTML, like Gecko) Chrome/91.0.4472.124 Safari/537.36"
196.251.69.226 - - [29/Mar/2025:22:58:41 -0400] "GET /wp-content/about.php HTTP/1.1" 404 16532 "http://shahmeenaindustry.com" "Mozilla/5.0 (Windows NT 10.0; Win64; x64) AppleWebKit/537.36 (KHTML, like Gecko) Chrome/91.0.4472.124 Safari/537.36"
196.251.69.226 - - [29/Mar/2025:22:58:43 -0400] "POST /wp-content/plugins/about.php HTTP/1.1" 403 1242 "http://shahmeenaindustry.com" "Mozilla/5.0 (Windows NT 10.0; Win64; x64) AppleWebKit/537.36 (KHTML, like Gecko) Chrome/91.0.4472.124 Safari/537.36"
196.251.69.226 - - [29/Mar/2025:22:58:43 -0400] "GET /wp-content/about.php HTTP/1.1" 404 16532 "http://shahmeenaindustry.com" "Mozilla/5.0 (Windows NT 10.0; Win64; x64) AppleWebKit/537.36 (KHTML, like Gecko) Chrome/91.0.4472.124 Safari/537.36"
196.251.69.226 - - [29/Mar/2025:22:58:45 -0400] "POST /wp-content/plugins/about.php HTTP/1.1" 403 1242 "http://shahmeenaindustry.com" "Mozilla/5.0 (Windows NT 10.0; Win64; x64) AppleWebKit/537.36 (KHTML, like Gecko) Chrome/91.0.4472.124 Safari/537.36"
196.251.69.226 - - [29/Mar/2025:22:58:46 -0400] "GET /wp-content/about.php HTTP/1.1" 404 16532 "http://shahmeenaindustry.com" "Mozilla/5.0 (Windows NT 10.0; Win64; x64) AppleWebKit/537.36 (KHTML, like Gecko) Chrome/91.0.4472.124 Safari/537.36"
196.251.69.226 - - [29/Mar/2025:22:58:47 -0400] "POST /wp.php HTTP/1.1" 403 1242 "http://shahmeenaindustry.com" "Mozilla/5.0 (Windows NT 10.0; Win64; x64) AppleWebKit/537.36 (KHTML, like Gecko) Chrome/91.0.4472.124 Safari/537.36"
196.251.69.226 - - [29/Mar/2025:22:58:48 -0400] "GET /about.php HTTP/1.1" 404 16532 "http://shahmeenaindustry.com" "Mozilla/5.0 (Windows NT 10.0; Win64; x64) AppleWebKit/537.36 (KHTML, like Gecko) Chrome/91.0.4472.124 Safari/537.36"
147.53.122.221 - - [29/Mar/2025:23:03:23 -0400] "GET /cbd-shop-uk-review/ HTTP/1.1" 200 23133 "-" "Mozilla/5.0 (Windows NT 10.0; Win64; x64) AppleWebKit/537.36 (KHTML, like Gecko) Chrome/114.0.0.0 Safari/537.36"
198.54.114.83 - - [29/Mar/2025:23:03:28 -0400] "POST /wp-cron.php?doing_wp_cron=1743303808.5734879970550537109375 HTTP/1.1" 200 0 "-" "WordPress/6.7.2; https://shahmeenaindustry.com"
147.53.122.221 - - [29/Mar/2025:23:03:24 -0400] "POST /wp-comments-post.php HTTP/1.1" 302 0 "http://shahmeenaindustry.com/cbd-shop-uk-review/" "Mozilla/5.0 (Windows NT 10.0; Win64; x64) AppleWebKit/537.36 (KHTML, like Gecko) Chrome/114.0.0.0 Safari/537.36"
147.53.122.221 - - [29/Mar/2025:23:03:33 -0400] "GET /cbd-shop-uk-review/ HTTP/1.1" 200 23133 "-" "Mozilla/5.0 (Windows NT 10.0; Win64; x64) AppleWebKit/537.36 (KHTML, like Gecko) Chrome/114.0.0.0 Safari/537.36"
147.53.122.221 - - [29/Mar/2025:23:04:39 -0400] "GET /cbd-shop-uk-review/ HTTP/1.1" 200 23133 "-" "Mozilla/5.0 (Macintosh; Intel Mac OS X 12_5) AppleWebKit/537.36 (KHTML, like Gecko) Chrome/114.0.0.0 Safari/537.36"
216.244.66.200 - - [29/Mar/2025:23:06:38 -0400] "GET /robots.txt HTTP/1.1" 304 0 "-" "Mozilla/5.0 (compatible; DotBot/1.2; +https://opensiteexplorer.org/dotbot; help@moz.com)"
198.54.114.83 - - [29/Mar/2025:23:10:46 -0400] "POST /wp-cron.php?doing_wp_cron=1743304246.6029760837554931640625 HTTP/1.1" 200 0 "-" "WordPress/6.7.2; https://shahmeenaindustry.com"
216.244.66.200 - - [29/Mar/2025:23:10:46 -0400] "GET /choisir-le-bon-produit-de-nettoyage-pour-largenterie/ HTTP/1.1" 200 21607 "-" "Mozilla/5.0 (compatible; DotBot/1.2; +https://opensiteexplorer.org/dotbot; help@moz.com)"
198.54.114.83 - - [29/Mar/2025:23:13:39 -0400] "POST /wp-cron.php?doing_wp_cron=1743304418.1153440475463867187500 HTTP/1.1" 200 0 "-" "WordPress/6.7.2; https://shahmeenaindustry.com"
216.244.66.200 - - [29/Mar/2025:23:13:33 -0400] "GET /page/127/ HTTP/1.1" 200 18918 "-" "Mozilla/5.0 (compatible; DotBot/1.2; +https://opensiteexplorer.org/dotbot; help@moz.com)"
198.54.114.83 - - [29/Mar/2025:23:17:20 -0400] "POST /wp-cron.php?doing_wp_cron=1743304639.8053879737854003906250 HTTP/1.1" 200 0 "-" "WordPress/6.7.2; https://shahmeenaindustry.com"
196.251.69.226 - - [29/Mar/2025:23:17:17 -0400] "GET /thoms.php HTTP/1.1" 404 16532 "www.google.com" "Mozlila/5.0 (Linux; Android 7.0; SM-G892A Bulid/NRD90M; wv) AppleWebKit/537.36 (KHTML, like Gecko) Version/4.0 Chrome/60.0.3112.107 Moblie Safari/537.36"
198.54.114.83 - - [29/Mar/2025:23:40:52 -0400] "POST /wp-cron.php?doing_wp_cron=1743306052.1524550914764404296875 HTTP/1.1" 200 0 "-" "WordPress/6.7.2; https://shahmeenaindustry.com"
172.203.72.37 - - [29/Mar/2025:23:40:48 -0400] "HEAD /wordpress HTTP/1.1" 404 0 "-" "Mozilla/5.0 (Windows NT 10.0; Win64; x64) AppleWebKit/537.36 (KHTML, like Gecko) Chrome/74.0.3729.169 Safari/537.36"
172.203.72.37 - - [29/Mar/2025:23:40:52 -0400] "HEAD / HTTP/1.1" 200 0 "-" "Mozilla/5.0 (Windows NT 10.0; Win64; x64) AppleWebKit/537.36 (KHTML, like Gecko) Chrome/74.0.3729.169 Safari/537.36"
172.203.72.37 - - [29/Mar/2025:23:40:52 -0400] "HEAD /wp HTTP/1.1" 404 0 "-" "Mozilla/5.0 (Windows NT 10.0; Win64; x64) AppleWebKit/537.36 (KHTML, like Gecko) Chrome/74.0.3729.169 Safari/537.36"
172.203.72.37 - - [29/Mar/2025:23:40:52 -0400] "HEAD /bc HTTP/1.1" 404 0 "-" "Mozilla/5.0 (Windows NT 10.0; Win64; x64) AppleWebKit/537.36 (KHTML, like Gecko) Chrome/74.0.3729.169 Safari/537.36"
172.203.72.37 - - [29/Mar/2025:23:40:53 -0400] "HEAD /bk HTTP/1.1" 404 0 "-" "Mozilla/5.0 (Windows NT 10.0; Win64; x64) AppleWebKit/537.36 (KHTML, like Gecko) Chrome/74.0.3729.169 Safari/537.36"
172.203.72.37 - - [29/Mar/2025:23:40:53 -0400] "HEAD /backup HTTP/1.1" 404 0 "-" "Mozilla/5.0 (Windows NT 10.0; Win64; x64) AppleWebKit/537.36 (KHTML, like Gecko) Chrome/74.0.3729.169 Safari/537.36"
172.203.72.37 - - [29/Mar/2025:23:40:53 -0400] "HEAD /old HTTP/1.1" 404 0 "-" "Mozilla/5.0 (Windows NT 10.0; Win64; x64) AppleWebKit/537.36 (KHTML, like Gecko) Chrome/74.0.3729.169 Safari/537.36"
172.203.72.37 - - [29/Mar/2025:23:40:53 -0400] "HEAD /new HTTP/1.1" 301 0 "-" "Mozilla/5.0 (Windows NT 10.0; Win64; x64) AppleWebKit/537.36 (KHTML, like Gecko) Chrome/74.0.3729.169 Safari/537.36"
172.203.72.37 - - [29/Mar/2025:23:40:54 -0400] "HEAD /main HTTP/1.1" 404 0 "-" "Mozilla/5.0 (Windows NT 10.0; Win64; x64) AppleWebKit/537.36 (KHTML, like Gecko) Chrome/74.0.3729.169 Safari/537.36"
172.203.72.37 - - [29/Mar/2025:23:40:54 -0400] "HEAD /home HTTP/1.1" 301 0 "-" "Mozilla/5.0 (Windows NT 10.0; Win64; x64) AppleWebKit/537.36 (KHTML, like Gecko) Chrome/74.0.3729.169 Safari/537.36"
193.70.36.100 - - [30/Mar/2025:00:28:48 -0400] "GET /cbd-shop-uk-review/ HTTP/1.1" 200 23133 "http://shahmeenaindustry.com/cbd-shop-uk-review/" "Mozilla/5.0 (Windows NT 10.0; Win64; x64) AppleWebKit/537.36 (KHTML, like Gecko) Chrome/131.0.0.0 Safari/537.36 Avast/131.0.0.0"
198.54.114.83 - - [30/Mar/2025:00:29:02 -0400] "POST /wp-cron.php?doing_wp_cron=1743308942.6617999076843261718750 HTTP/1.1" 200 0 "-" "WordPress/6.7.2; https://shahmeenaindustry.com"
193.70.36.100 - - [30/Mar/2025:00:29:00 -0400] "POST /wp-comments-post.php HTTP/1.1" 200 1168 "http://shahmeenaindustry.com/cbd-shop-uk-review/" "Mozilla/5.0 (Windows NT 10.0; Win64; x64) AppleWebKit/537.36 (KHTML, like Gecko) Chrome/131.0.0.0 Safari/537.36 Avast/131.0.0.0"
46.101.204.165 - - [30/Mar/2025:00:40:31 -0400] "POST /wp-login.php HTTP/1.1" 302 0 "http://shahmeenaindustry.com/wp-admin/" "Mozilla/5.0 (Windows NT 10.0; Win64; x64) AppleWebKit/537.36 (KHTML, like Gecko) Chrome/90.0.4430.85 Safari/537.36"
196.251.88.242 - - [30/Mar/2025:00:40:32 -0400] "GET /wp-content/plugins/wp-catcher/index.php HTTP/1.1" 403 1242 "www.google.com" "Mozlila/5.0 (Linux; Android 7.0; SM-G892A Bulid/NRD90M; wv) AppleWebKit/537.36 (KHTML, like Gecko) Version/4.0 Chrome/60.0.3112.107 Moblie Safari/537.36"
198.54.114.83 - - [30/Mar/2025:01:34:55 -0400] "POST /wp-cron.php?doing_wp_cron=1743312895.6603889465332031250000 HTTP/1.1" 200 0 "-" "WordPress/6.7.2; https://shahmeenaindustry.com"
164.92.95.50 - - [30/Mar/2025:01:34:53 -0400] "GET /geju.php HTTP/1.1" 404 16532 "-" "Mozilla/5.0 (X11; Linux x86_64) AppleWebKit/537.36 (KHTML, like Gecko) Chrome/88.0.4324.150 Safari/537.36"
164.92.95.50 - - [30/Mar/2025:01:34:56 -0400] "GET /wp-content/plugins/about.php HTTP/1.1" 404 16532 "-" "Mozilla/5.0 (X11; Linux x86_64) AppleWebKit/537.36 (KHTML, like Gecko) Chrome/88.0.4324.150 Safari/537.36"
164.92.95.50 - - [30/Mar/2025:01:34:57 -0400] "GET /wp.php HTTP/1.1" 404 16532 "-" "Mozilla/5.0 (X11; Linux x86_64) AppleWebKit/537.36 (KHTML, like Gecko) Chrome/88.0.4324.150 Safari/537.36"
164.92.95.50 - - [30/Mar/2025:01:34:58 -0400] "GET /hoot.php HTTP/1.1" 404 16532 "-" "Mozilla/5.0 (X11; Linux x86_64) AppleWebKit/537.36 (KHTML, like Gecko) Chrome/88.0.4324.150 Safari/537.36"
164.92.95.50 - - [30/Mar/2025:01:34:59 -0400] "GET /about.php HTTP/1.1" 404 16532 "-" "Mozilla/5.0 (X11; Linux x86_64) AppleWebKit/537.36 (KHTML, like Gecko) Chrome/88.0.4324.150 Safari/537.36"
164.92.95.50 - - [30/Mar/2025:01:34:59 -0400] "GET /admin.php HTTP/1.1" 404 16532 "-" "Mozilla/5.0 (X11; Linux x86_64) AppleWebKit/537.36 (KHTML, like Gecko) Chrome/88.0.4324.150 Safari/537.36"
164.92.95.50 - - [30/Mar/2025:01:35:00 -0400] "GET /login.php HTTP/1.1" 302 0 "-" "Mozilla/5.0 (X11; Linux x86_64) AppleWebKit/537.36 (KHTML, like Gecko) Chrome/88.0.4324.150 Safari/537.36"
164.92.95.50 - - [30/Mar/2025:01:35:01 -0400] "GET /config.php HTTP/1.1" 404 16532 "-" "Mozilla/5.0 (X11; Linux x86_64) AppleWebKit/537.36 (KHTML, like Gecko) Chrome/88.0.4324.150 Safari/537.36"
164.92.95.50 - - [30/Mar/2025:01:35:03 -0400] "GET /includes/admin.php HTTP/1.1" 404 16531 "-" "Mozilla/5.0 (X11; Linux x86_64) AppleWebKit/537.36 (KHTML, like Gecko) Chrome/88.0.4324.150 Safari/537.36"
43.135.144.126 - - [30/Mar/2025:02:00:50 -0400] "GET / HTTP/1.1" 200 24556 "-" "Mozilla/5.0 (iPhone; CPU iPhone OS 13_2_3 like Mac OS X) AppleWebKit/605.1.15 (KHTML, like Gecko) Version/13.0.3 Mobile/15E148 Safari/604.1"
43.155.157.59 - - [30/Mar/2025:02:05:48 -0400] "GET /how-to-get-the-most-out-of-a-jade-roller/ HTTP/1.1" 200 21756 "http://shahmeenaindustry.com" "Mozilla/5.0 (Windows NT 10.0; Win64; x64) AppleWebKit/537.36 (KHTML, like Gecko) Chrome/62.0.3202.94 Safari/537.36"
198.54.114.83 - - [30/Mar/2025:02:05:54 -0400] "POST /wp-cron.php?doing_wp_cron=1743314754.2486250400543212890625 HTTP/1.1" 200 0 "-" "WordPress/6.7.2; https://shahmeenaindustry.com"
