13.77.79.46 - - [06/Apr/2025:14:46:38 -0400] "GET /wp-includes/images/smilies/ HTTP/1.1" 403 1242 "-" "-"
13.77.79.46 - - [06/Apr/2025:14:46:38 -0400] "GET /wp-content/themes/aahana/json.php HTTP/1.1" 404 16532 "-" "-"
13.77.79.46 - - [06/Apr/2025:14:46:39 -0400] "GET /wp-includes/html-api/about.php HTTP/1.1" 404 16532 "-" "-"
198.54.114.83 - - [06/Apr/2025:14:46:40 -0400] "POST /wp-cron.php?doing_wp_cron=1743965200.4259738922119140625000 HTTP/1.1" 200 0 "-" "WordPress/6.7.2; https://shahmeenaindustry.com"
13.77.79.46 - - [06/Apr/2025:14:46:40 -0400] "GET /wp-content/uploads/index.php HTTP/1.1" 301 0 "-" "-"
13.77.79.46 - - [06/Apr/2025:14:46:40 -0400] "GET /wp-content/uploads/ HTTP/1.1" 403 1242 "-" "-"
13.77.79.46 - - [06/Apr/2025:14:46:40 -0400] "GET /wp-includes/images/smilies/about.php HTTP/1.1" 404 16532 "-" "-"
13.77.79.46 - - [06/Apr/2025:14:46:41 -0400] "GET /assets/plugins/jquery-file-upload/server/php/include.php HTTP/1.1" 404 16532 "-" "-"
13.77.79.46 - - [06/Apr/2025:14:46:42 -0400] "GET /images/lmfi2.php HTTP/1.1" 404 16532 "-" "-"
13.77.79.46 - - [06/Apr/2025:14:46:49 -0400] "GET /wp-admin/function.php HTTP/1.1" 404 16532 "-" "-"
13.77.79.46 - - [06/Apr/2025:14:46:50 -0400] "GET /wp-includes/Text/Diff/alfa-rex.php HTTP/1.1" 404 16532 "-" "-"
13.77.79.46 - - [06/Apr/2025:14:46:51 -0400] "GET /images/chosen.php HTTP/1.1" 404 16532 "-" "-"
13.77.79.46 - - [06/Apr/2025:14:46:52 -0400] "GET /mah.php HTTP/1.1" 404 16532 "-" "-"
13.77.79.46 - - [06/Apr/2025:14:46:52 -0400] "GET /wp-content/json.php HTTP/1.1" 404 16532 "-" "-"
13.77.79.46 - - [06/Apr/2025:14:46:53 -0400] "GET /wp-includes/fonts/index.php HTTP/1.1" 301 0 "-" "-"
13.77.79.46 - - [06/Apr/2025:14:46:55 -0400] "GET /wp-includes/fonts/ HTTP/1.1" 403 1242 "-" "-"
13.77.79.46 - - [06/Apr/2025:14:46:55 -0400] "GET /wp-includes/Requests/file.php HTTP/1.1" 404 16532 "-" "-"
13.77.79.46 - - [06/Apr/2025:14:46:57 -0400] "GET /wp-content/themes/seotheme/classwithtostring.php HTTP/1.1" 404 16532 "-" "-"
13.77.79.46 - - [06/Apr/2025:14:46:58 -0400] "GET /wp-includes/widgets/parx.php HTTP/1.1" 404 16532 "-" "-"
13.77.79.46 - - [06/Apr/2025:14:46:59 -0400] "GET /wp-content/plugins/Cache/footer.php HTTP/1.1" 404 16531 "-" "-"
13.77.79.46 - - [06/Apr/2025:14:47:00 -0400] "GET /content.php HTTP/1.1" 404 16531 "-" "-"
13.77.79.46 - - [06/Apr/2025:14:47:01 -0400] "GET /wp-includes/css/wp-conflg.php HTTP/1.1" 404 16531 "-" "-"
13.77.79.46 - - [06/Apr/2025:14:47:02 -0400] "GET /wp-admin/admin-post.php HTTP/1.1" 200 0 "-" "-"
13.77.79.46 - - [06/Apr/2025:14:47:02 -0400] "GET /wp-includes/html-api/chosen.php HTTP/1.1" 404 16531 "-" "-"
13.77.79.46 - - [06/Apr/2025:14:47:03 -0400] "GET /wp-admin/includes/cong.php HTTP/1.1" 404 16531 "-" "-"
13.77.79.46 - - [06/Apr/2025:14:47:03 -0400] "GET /wp-admin/network/shell.php HTTP/1.1" 404 16532 "-" "-"
13.77.79.46 - - [06/Apr/2025:14:47:04 -0400] "GET /cgi-bin/upfile.php HTTP/1.1" 404 16531 "-" "-"
13.77.79.46 - - [06/Apr/2025:14:47:06 -0400] "GET /wp-includes/images/smilies/wp-login.php HTTP/1.1" 404 16532 "-" "-"
13.77.79.46 - - [06/Apr/2025:14:47:08 -0400] "GET /cong.php HTTP/1.1" 404 16531 "-" "-"
13.77.79.46 - - [06/Apr/2025:14:47:09 -0400] "GET /wp-login.php HTTP/1.1" 302 0 "-" "-"
13.77.79.46 - - [06/Apr/2025:14:47:11 -0400] "GET /makeasmtp.php HTTP/1.1" 404 16531 "-" "-"
13.77.79.46 - - [06/Apr/2025:14:47:13 -0400] "GET /wp-admin/css/colors/blue/lock.php HTTP/1.1" 404 16531 "-" "-"
13.77.79.46 - - [06/Apr/2025:14:47:14 -0400] "GET /wp-content/plugins/pwnd/classwithtostring.php HTTP/1.1" 404 16531 "-" "-"
13.77.79.46 - - [06/Apr/2025:14:47:16 -0400] "GET /wp-includes/Text/Diff/Renderer/about.php HTTP/1.1" 404 16531 "-" "-"
13.77.79.46 - - [06/Apr/2025:14:47:17 -0400] "GET /13.php HTTP/1.1" 404 16531 "-" "-"
13.77.79.46 - - [06/Apr/2025:14:47:18 -0400] "GET /wp-includes/sodium_compat/index.php HTTP/1.1" 301 0 "-" "-"
13.77.79.46 - - [06/Apr/2025:14:47:19 -0400] "GET /wp-includes/sodium_compat/ HTTP/1.1" 403 1242 "-" "-"
13.77.79.46 - - [06/Apr/2025:14:47:20 -0400] "GET /.well-known/cache-compat.php HTTP/1.1" 404 16531 "-" "-"
13.77.79.46 - - [06/Apr/2025:14:47:21 -0400] "GET /wp-mail.php/wp-includes/ID3/rnEPv9.php HTTP/1.1" 403 1123 "-" "-"
13.77.79.46 - - [06/Apr/2025:14:47:22 -0400] "GET /wp-includes/php-compat/content.php HTTP/1.1" 404 16531 "-" "-"
13.77.79.46 - - [06/Apr/2025:14:47:22 -0400] "GET /admin/function.php HTTP/1.1" 404 16531 "-" "-"
13.77.79.46 - - [06/Apr/2025:14:47:23 -0400] "GET /wp-includes/fonts/admin.php HTTP/1.1" 404 16531 "-" "-"
13.77.79.46 - - [06/Apr/2025:14:47:24 -0400] "GET /doc.php HTTP/1.1" 404 16531 "-" "-"
13.77.79.46 - - [06/Apr/2025:14:47:25 -0400] "GET /wp-includes/block-patterns/autoload_classmap.php HTTP/1.1" 404 16532 "-" "-"
13.77.79.46 - - [06/Apr/2025:14:47:25 -0400] "GET /wp-includes/images/autoload_classmap.php HTTP/1.1" 404 16531 "-" "-"
13.77.79.46 - - [06/Apr/2025:14:47:26 -0400] "GET /wp-includes/certificates/index.php HTTP/1.1" 301 0 "-" "-"
13.77.79.46 - - [06/Apr/2025:14:47:27 -0400] "GET /wp-includes/certificates/ HTTP/1.1" 403 1242 "-" "-"
13.77.79.46 - - [06/Apr/2025:14:47:27 -0400] "GET /.well-known/pki-validation/wp-login.php HTTP/1.1" 404 1251 "-" "-"
13.77.79.46 - - [06/Apr/2025:14:47:27 -0400] "GET /css/install.php HTTP/1.1" 404 16531 "-" "-"
13.77.79.46 - - [06/Apr/2025:14:47:28 -0400] "GET /wp-includes/theme-compat/wp-conflg.php/wp-content/plugins/google-seo-rank/index.php HTTP/1.1" 301 0 "-" "-"
13.77.79.46 - - [06/Apr/2025:14:47:29 -0400] "GET /wp-includes/theme-compat/wp-conflg.php/wp-content/plugins/google-seo-rank/ HTTP/1.1" 404 16531 "-" "-"
13.77.79.46 - - [06/Apr/2025:14:47:29 -0400] "GET /xmrlpc.php HTTP/1.1" 404 16531 "-" "-"
13.77.79.46 - - [06/Apr/2025:14:47:30 -0400] "GET /wp-admin/css/colors/classwithtostring.php HTTP/1.1" 404 16531 "-" "-"
198.54.114.83 - - [06/Apr/2025:14:47:31 -0400] "POST /wp-cron.php?doing_wp_cron=1743965251.5840339660644531250000 HTTP/1.1" 200 0 "-" "WordPress/6.7.2; https://shahmeenaindustry.com"
13.77.79.46 - - [06/Apr/2025:14:47:31 -0400] "GET /wp-includes/index.php HTTP/1.1" 301 0 "-" "-"
13.77.79.46 - - [06/Apr/2025:14:47:32 -0400] "GET /wp-includes/ HTTP/1.1" 403 1242 "-" "-"
13.77.79.46 - - [06/Apr/2025:14:47:33 -0400] "GET /wp-includes/fonts/install.php HTTP/1.1" 404 16531 "-" "-"
13.77.79.46 - - [06/Apr/2025:14:47:34 -0400] "GET /assets/edit.php HTTP/1.1" 404 16531 "-" "-"
13.77.79.46 - - [06/Apr/2025:14:47:35 -0400] "GET /file.php HTTP/1.1" 404 16531 "-" "-"
13.77.79.46 - - [06/Apr/2025:14:47:36 -0400] "GET /wp-admin/index.php HTTP/1.1" 302 0 "-" "-"
13.77.79.46 - - [06/Apr/2025:14:47:37 -0400] "GET /wp-includes/Text/Diff/Engine/wp-login.php HTTP/1.1" 404 16531 "-" "-"
13.77.79.46 - - [06/Apr/2025:14:47:38 -0400] "GET /wp-admin/user/chosen.php HTTP/1.1" 404 16531 "-" "-"
13.77.79.46 - - [06/Apr/2025:14:47:39 -0400] "GET /wp-content/uploads/wp-conflg.php HTTP/1.1" 404 16531 "-" "-"
198.54.114.83 - - [06/Apr/2025:14:47:40 -0400] "POST /wp-cron.php?doing_wp_cron=1743965260.7698318958282470703125 HTTP/1.1" 200 0 "-" "WordPress/6.7.2; https://shahmeenaindustry.com"
13.77.79.46 - - [06/Apr/2025:14:47:40 -0400] "GET /ok.php HTTP/1.1" 404 16531 "-" "-"
13.77.79.46 - - [06/Apr/2025:14:47:41 -0400] "GET /wp-includes/IXR/alfa-rex.php HTTP/1.1" 404 16531 "-" "-"
13.77.79.46 - - [06/Apr/2025:14:47:42 -0400] "GET /wp-admin/autoload_classmap.php HTTP/1.1" 404 16531 "-" "-"
13.77.79.46 - - [06/Apr/2025:14:47:43 -0400] "GET /wp-includes/sodium_compat/src/index.php HTTP/1.1" 301 0 "-" "-"
13.77.79.46 - - [06/Apr/2025:14:47:44 -0400] "GET /wp-includes/sodium_compat/src/ HTTP/1.1" 403 1242 "-" "-"
13.77.79.46 - - [06/Apr/2025:14:47:44 -0400] "GET /wp-includes/block-patterns/about.php HTTP/1.1" 404 16531 "-" "-"
13.77.79.46 - - [06/Apr/2025:14:47:45 -0400] "GET /wp-includes/css/alfa-rex.php HTTP/1.1" 404 16531 "-" "-"
13.77.79.46 - - [06/Apr/2025:14:47:46 -0400] "GET /images/stories/admin-post.php HTTP/1.1" 403 1242 "-" "-"
198.54.114.83 - - [06/Apr/2025:15:00:28 -0400] "POST /wp-cron.php?doing_wp_cron=1743966027.9274349212646484375000 HTTP/1.1" 200 0 "-" "WordPress/6.7.2; https://shahmeenaindustry.com"
198.54.120.87 - - [06/Apr/2025:15:00:23 -0400] "POST /wp-login.php HTTP/1.1" 302 0 "http://shahmeenaindustry.com" "Mozilla/5.0 (Macintosh; Intel Mac OS X 14.5) AppleWebKit/618.3.5 (KHTML, like Gecko) Version/17.4 Safari/618.3.5"
198.54.114.83 - - [06/Apr/2025:15:07:56 -0400] "POST /wp-cron.php?doing_wp_cron=1743966475.9426970481872558593750 HTTP/1.1" 200 0 "-" "WordPress/6.7.2; https://shahmeenaindustry.com"
18.158.88.235 - - [06/Apr/2025:15:07:52 -0400] "POST /xmlrpc.php HTTP/1.1" 200 236 "-" "Mozilla/5.0 (X11; Fedora; Linux x86_64; rv:94.0) Gecko/20100101 Firefox/95.0"
198.54.114.83 - - [06/Apr/2025:15:15:40 -0400] "POST /wp-cron.php?doing_wp_cron=1743966940.5526039600372314453125 HTTP/1.1" 200 0 "-" "WordPress/6.7.2; https://shahmeenaindustry.com"
85.13.217.246 - - [06/Apr/2025:15:15:40 -0400] "POST /wp-login.php HTTP/1.1" 302 0 "http://shahmeenaindustry.com" "Mozilla/5.0 (Windows NT 10.0; Win64; x64) AppleWebKit/537.36 (KHTML, like Gecko) Chrome/116.0.5845.96 Safari/537.36"
145.220.91.19 - - [06/Apr/2025:15:16:07 -0400] "GET / HTTP/1.1" 200 24612 "-" "Mozilla/5.0 (Macintosh; Intel Mac OS X 10.15; rv:122.0) Gecko/20100101 Firefox/122.0"
198.54.114.83 - - [06/Apr/2025:15:31:01 -0400] "POST /wp-cron.php?doing_wp_cron=1743967861.4540350437164306640625 HTTP/1.1" 200 0 "-" "WordPress/6.7.2; https://shahmeenaindustry.com"
178.32.112.62 - - [06/Apr/2025:15:31:00 -0400] "POST /wp-login.php HTTP/1.1" 302 0 "http://shahmeenaindustry.com" "Mozilla/5.0 (Macintosh; Intel Mac OS X 10_15_7; rv:128.0) Gecko/20100101 Firefox/128.0"
198.54.114.83 - - [06/Apr/2025:15:33:19 -0400] "POST /wp-cron.php?doing_wp_cron=1743967999.6054890155792236328125 HTTP/1.1" 200 0 "-" "WordPress/6.7.2; https://shahmeenaindustry.com"
167.114.126.89 - - [06/Apr/2025:15:33:15 -0400] "POST /xmlrpc.php HTTP/1.1" 200 236 "-" "Mozilla/5.0 (X11; Fedora; Linux x86_64; rv:94.0) Gecko/20100101 Firefox/95.0"
37.139.53.32 - - [06/Apr/2025:15:35:25 -0400] "GET /cbd-shop-uk-review/ HTTP/1.1" 200 23132 "http://shahmeenaindustry.com/cbd-shop-uk-review/" "Mozilla/5.0 (Windows NT 10.0; Win64; x64) AppleWebKit/537.36 (KHTML, like Gecko) Chrome/131.0.0.0 Safari/537.36 Avast/131.0.0.0"
198.54.114.83 - - [06/Apr/2025:15:35:31 -0400] "POST /wp-cron.php?doing_wp_cron=1743968131.2165141105651855468750 HTTP/1.1" 200 0 "-" "WordPress/6.7.2; https://shahmeenaindustry.com"
37.139.53.32 - - [06/Apr/2025:15:35:26 -0400] "POST /wp-comments-post.php HTTP/1.1" 302 0 "http://shahmeenaindustry.com/cbd-shop-uk-review/" "Mozilla/5.0 (Windows NT 10.0; Win64; x64) AppleWebKit/537.36 (KHTML, like Gecko) Chrome/131.0.0.0 Safari/537.36 Avast/131.0.0.0"
198.54.114.83 - - [06/Apr/2025:15:45:32 -0400] "POST /wp-cron.php?doing_wp_cron=1743968732.4157230854034423828125 HTTP/1.1" 200 0 "-" "WordPress/6.7.2; https://shahmeenaindustry.com"
199.188.200.191 - - [06/Apr/2025:15:45:32 -0400] "POST /wp-login.php HTTP/1.1" 302 0 "http://shahmeenaindustry.com" "Mozilla/5.0 (Macintosh; Intel Mac OS X 10_15_7; rv:128.0) Gecko/20100101 Firefox/128.0"
182.44.9.147 - - [06/Apr/2025:15:47:17 -0400] "GET / HTTP/1.1" 200 24612 "-" "Mozilla/5.0 (iPhone; CPU iPhone OS 13_2_3 like Mac OS X) AppleWebKit/605.1.15 (KHTML, like Gecko) Version/13.0.3 Mobile/15E148 Safari/604.1"
198.54.114.83 - - [06/Apr/2025:16:00:22 -0400] "POST /wp-cron.php?doing_wp_cron=1743969621.2810740470886230468750 HTTP/1.1" 200 0 "-" "WordPress/6.7.2; https://shahmeenaindustry.com"
103.169.35.190 - - [06/Apr/2025:16:00:22 -0400] "POST /wp-login.php HTTP/1.1" 302 0 "http://shahmeenaindustry.com" "Mozilla/5.0 (Windows NT 11.0; Win64; x64; rv:126.0) Gecko/20100101 Firefox/126.0"
119.91.214.45 - - [06/Apr/2025:16:00:15 -0400] "POST /xmlrpc.php HTTP/1.1" 200 236 "-" "Mozilla/5.0 (X11; Fedora; Linux x86_64; rv:94.0) Gecko/20100101 Firefox/95.0"
103.110.183.74 - - [06/Apr/2025:16:07:35 -0400] "GET /AdminBeat/login.asp HTTP/1.1" 404 16531 "-" "Mozilla/5.0 (Windows NT 10.0; Win64; x64) AppleWebKit/537.36 (KHTML, like Gecko) Chrome/120.0.0.0 Safari/537.36"
198.54.114.83 - - [06/Apr/2025:16:07:39 -0400] "POST /wp-cron.php?doing_wp_cron=1743970055.6594660282135009765625 HTTP/1.1" 200 0 "-" "WordPress/6.7.2; https://shahmeenaindustry.com"
198.54.114.83 - - [06/Apr/2025:16:15:22 -0400] "POST /wp-cron.php?doing_wp_cron=1743970522.6766929626464843750000 HTTP/1.1" 200 0 "-" "WordPress/6.7.2; https://shahmeenaindustry.com"
37.187.26.72 - - [06/Apr/2025:16:15:21 -0400] "POST /wp-login.php HTTP/1.1" 302 0 "http://shahmeenaindustry.com" "Mozilla/5.0 (Macintosh; Intel Mac OS X 14.3) AppleWebKit/614.31.14 (KHTML, like Gecko) Version/17.0.96 Safari/614.31.14"
198.54.114.83 - - [06/Apr/2025:16:27:39 -0400] "POST /wp-cron.php?doing_wp_cron=1743971258.4695689678192138671875 HTTP/1.1" 200 0 "-" "WordPress/6.7.2; https://shahmeenaindustry.com"
54.254.137.198 - - [06/Apr/2025:16:27:36 -0400] "POST /wp-login.php HTTP/1.1" 302 0 "www.google.com" "Mozilla/5.0 (Windows NT 10.0; Win64; x64)"
208.109.173.103 - - [06/Apr/2025:16:29:58 -0400] "POST /wp-login.php HTTP/1.1" 200 0 "http://shahmeenaindustry.com" "Mozilla/5.0 (Windows NT 10.0; Win64; x64; rv:127.0) Gecko/20100101 Firefox/127.0"
186.64.116.130 - - [06/Apr/2025:16:29:57 -0400] "POST /xmlrpc.php HTTP/1.1" 200 236 "-" "Mozilla/5.0 (X11; Fedora; Linux x86_64; rv:94.0) Gecko/20100101 Firefox/95.0"
198.54.114.83 - - [06/Apr/2025:16:30:08 -0400] "POST /wp-cron.php?doing_wp_cron=1743971404.2226738929748535156250 HTTP/1.1" 200 0 "-" "WordPress/6.7.2; https://shahmeenaindustry.com"
198.54.114.83 - - [06/Apr/2025:16:44:27 -0400] "POST /wp-cron.php?doing_wp_cron=1743972267.5128450393676757812500 HTTP/1.1" 200 0 "-" "WordPress/6.7.2; https://shahmeenaindustry.com"
89.46.109.92 - - [06/Apr/2025:16:44:27 -0400] "POST /wp-login.php HTTP/1.1" 302 0 "http://shahmeenaindustry.com" "Mozilla/5.0 (Macintosh; Intel Mac OS X 14_6) AppleWebKit/605.1.15 (KHTML, like Gecko) Version/17.5 Safari/605.1.15"
5.62.20.37 - - [06/Apr/2025:16:53:21 -0400] "GET /.env HTTP/1.1" 403 1242 "-" "Mozilla/5.0 (Macintosh; Intel Mac OS X 10.15; rv:77.0) Gecko/20100101 Firefox/77.0"
85.208.98.23 - - [06/Apr/2025:16:58:25 -0400] "GET /robots.txt HTTP/1.1" 304 0 "-" "Mozilla/5.0 (compatible; SemrushBot-BA; +http://www.semrush.com/bot.html)"
198.54.114.83 - - [06/Apr/2025:16:58:43 -0400] "POST /wp-cron.php?doing_wp_cron=1743973122.8983380794525146484375 HTTP/1.1" 200 0 "-" "WordPress/6.7.2; https://shahmeenaindustry.com"
103.148.164.166 - - [06/Apr/2025:16:58:38 -0400] "POST /wp-login.php HTTP/1.1" 302 0 "http://shahmeenaindustry.com" "Mozilla/5.0 (Macintosh; Intel Mac OS X 14.3) AppleWebKit/614.31.14 (KHTML, like Gecko) Version/17.0.96 Safari/614.31.14"
47.106.201.134 - - [06/Apr/2025:17:00:50 -0400] "POST /xmlrpc.php HTTP/1.1" 200 236 "-" "Mozilla/5.0 (X11; Fedora; Linux x86_64; rv:94.0) Gecko/20100101 Firefox/95.0"
198.54.114.83 - - [06/Apr/2025:17:12:57 -0400] "POST /wp-cron.php?doing_wp_cron=1743973977.5499188899993896484375 HTTP/1.1" 200 0 "-" "WordPress/6.7.2; https://shahmeenaindustry.com"
2a06:6440:0:2caa::1 - - [06/Apr/2025:17:12:54 -0400] "POST /wp-login.php HTTP/1.1" 302 0 "http://shahmeenaindustry.com" "Mozilla/5.0 (Windows NT 10.0; Win64; x64) AppleWebKit/537.36 (KHTML, like Gecko) Chrome/116.0.5845.96 Safari/537.36"
216.244.66.200 - - [06/Apr/2025:17:31:38 -0400] "GET /robots.txt HTTP/1.1" 200 131 "-" "Mozilla/5.0 (compatible; DotBot/1.2; +https://opensiteexplorer.org/dotbot; help@moz.com)"
198.54.114.83 - - [06/Apr/2025:17:36:33 -0400] "POST /wp-cron.php?doing_wp_cron=1743975392.9775800704956054687500 HTTP/1.1" 200 0 "-" "WordPress/6.7.2; https://shahmeenaindustry.com"
74.120.221.122 - - [06/Apr/2025:17:36:32 -0400] "POST /xmlrpc.php HTTP/1.1" 200 236 "-" "Mozilla/5.0 (X11; Fedora; Linux x86_64; rv:94.0) Gecko/20100101 Firefox/95.0"
216.244.66.200 - - [06/Apr/2025:17:38:09 -0400] "GET /shower-renovations-melbourne/ HTTP/1.1" 200 21129 "-" "Mozilla/5.0 (compatible; DotBot/1.2; +https://opensiteexplorer.org/dotbot; help@moz.com)"
198.54.114.83 - - [06/Apr/2025:17:41:25 -0400] "POST /wp-cron.php?doing_wp_cron=1743975685.6903259754180908203125 HTTP/1.1" 200 0 "-" "WordPress/6.7.2; https://shahmeenaindustry.com"
82.156.199.117 - - [06/Apr/2025:17:41:25 -0400] "POST /wp-login.php HTTP/1.1" 302 0 "http://shahmeenaindustry.com" "Mozilla/5.0 (Macintosh; Intel Mac OS X 13_3) AppleWebKit/537.36 (KHTML, like Gecko) Chrome/126.0.0.0 Safari/537.36"
198.54.114.83 - - [06/Apr/2025:17:55:44 -0400] "POST /wp-cron.php?doing_wp_cron=1743976543.9655449390411376953125 HTTP/1.1" 200 0 "-" "WordPress/6.7.2; https://shahmeenaindustry.com"
72.167.57.117 - - [06/Apr/2025:17:55:43 -0400] "POST /wp-login.php HTTP/1.1" 302 0 "http://shahmeenaindustry.com" "Mozilla/5.0 (Windows NT 10.0; Win64; x64) AppleWebKit/537.36 (KHTML, like Gecko) Chrome/112.0.5615.138 Safari/537.36 Edg/112.0.1722.68"
95.217.147.111 - - [06/Apr/2025:18:10:23 -0400] "POST /wp-login.php HTTP/1.1" 302 0 "http://shahmeenaindustry.com" "Mozilla/5.0 (Macintosh; Intel Mac OS X 10_15_7) AppleWebKit/537.36 (KHTML, like Gecko) Chrome/115.0.5790.102 Safari/537.36"
198.54.114.83 - - [06/Apr/2025:18:15:53 -0400] "POST /wp-cron.php?doing_wp_cron=1743977753.1532649993896484375000 HTTP/1.1" 200 0 "-" "WordPress/6.7.2; https://shahmeenaindustry.com"
184.168.126.97 - - [06/Apr/2025:18:15:47 -0400] "POST /xmlrpc.php HTTP/1.1" 200 236 "-" "Mozilla/5.0 (X11; Fedora; Linux x86_64; rv:94.0) Gecko/20100101 Firefox/95.0"
198.54.114.83 - - [06/Apr/2025:18:25:09 -0400] "POST /wp-cron.php?doing_wp_cron=1743978308.7357239723205566406250 HTTP/1.1" 200 0 "-" "WordPress/6.7.2; https://shahmeenaindustry.com"
95.217.147.111 - - [06/Apr/2025:18:25:07 -0400] "POST /wp-login.php HTTP/1.1" 302 0 "http://shahmeenaindustry.com" "Mozilla/5.0 (Macintosh; Intel Mac OS X 14_4_1) AppleWebKit/605.1.15 (KHTML, like Gecko) Version/17.3.1 Safari/605.1.15"
2406:4f40:8:1000::6f97 - - [06/Apr/2025:18:26:42 -0400] "GET / HTTP/1.1" 200 24612 "-" "Mozilla/5.0 (Windows NT 10.0; Win64; x64) AppleWebKit/537.36 (KHTML, like Gecko) Chrome/95.0.4638.69 Safari/537.36"
2406:4f40:8:1000::6f97 - - [06/Apr/2025:18:26:43 -0400] "GET /wp-includes/ID3/license.txt HTTP/1.1" 200 501 "-" "Mozilla/5.0 (Windows NT 10.0; Win64; x64) AppleWebKit/537.36 (KHTML, like Gecko) Chrome/95.0.4638.69 Safari/537.36"
2406:4f40:8:1000::6f97 - - [06/Apr/2025:18:26:45 -0400] "GET /feed/ HTTP/1.1" 200 217282 "-" "Mozilla/5.0 (Windows NT 10.0; Win64; x64) AppleWebKit/537.36 (KHTML, like Gecko) Chrome/95.0.4638.69 Safari/537.36"
2406:4f40:8:1000::6f97 - - [06/Apr/2025:18:26:46 -0400] "GET /?author=1 HTTP/1.1" 301 0 "-" "Mozilla/5.0 (Windows NT 10.0; Win64; x64) AppleWebKit/537.36 (KHTML, like Gecko) Chrome/95.0.4638.69 Safari/537.36"
2406:4f40:8:1000::6f97 - - [06/Apr/2025:18:26:47 -0400] "GET /wp-json/wp/v2/users/ HTTP/1.1" 200 1381 "-" "Mozilla/5.0 (Windows NT 10.0; Win64; x64) AppleWebKit/537.36 (KHTML, like Gecko) Chrome/95.0.4638.69 Safari/537.36"
2406:4f40:8:1000::6f97 - - [06/Apr/2025:18:26:49 -0400] "POST /xmlrpc.php HTTP/1.1" 200 212 "-" "Mozilla/5.0 (Windows NT 10.0; Win64; x64) AppleWebKit/537.36 (KHTML, like Gecko) Chrome/95.0.4638.69 Safari/537.36"
2406:4f40:8:1000::6f97 - - [06/Apr/2025:18:26:50 -0400] "POST /xmlrpc.php HTTP/1.1" 200 236 "-" "Mozilla/5.0 (Windows NT 10.0; Win64; x64) AppleWebKit/537.36 (KHTML, like Gecko) Chrome/95.0.4638.69 Safari/537.36"
2406:4f40:8:1000::6f97 - - [06/Apr/2025:18:26:50 -0400] "POST /xmlrpc.php HTTP/1.1" 200 236 "-" "Mozilla/5.0 (Windows NT 10.0; Win64; x64) AppleWebKit/537.36 (KHTML, like Gecko) Chrome/95.0.4638.69 Safari/537.36"
2406:4f40:8:1000::6f97 - - [06/Apr/2025:18:26:51 -0400] "POST /xmlrpc.php HTTP/1.1" 200 212 "-" "Mozilla/5.0 (Windows NT 10.0; Win64; x64) AppleWebKit/537.36 (KHTML, like Gecko) Chrome/95.0.4638.69 Safari/537.36"
2406:4f40:8:1000::6f97 - - [06/Apr/2025:18:26:52 -0400] "POST /xmlrpc.php HTTP/1.1" 200 236 "-" "Mozilla/5.0 (Windows NT 10.0; Win64; x64) AppleWebKit/537.36 (KHTML, like Gecko) Chrome/95.0.4638.69 Safari/537.36"
2406:4f40:8:1000::6f97 - - [06/Apr/2025:18:26:53 -0400] "POST /xmlrpc.php HTTP/1.1" 200 236 "-" "Mozilla/5.0 (Windows NT 10.0; Win64; x64) AppleWebKit/537.36 (KHTML, like Gecko) Chrome/95.0.4638.69 Safari/537.36"
198.54.114.83 - - [06/Apr/2025:18:39:56 -0400] "POST /wp-cron.php?doing_wp_cron=1743979196.2266860008239746093750 HTTP/1.1" 200 0 "-" "WordPress/6.7.2; https://shahmeenaindustry.com"
103.148.164.166 - - [06/Apr/2025:18:39:51 -0400] "POST /wp-login.php HTTP/1.1" 302 0 "http://shahmeenaindustry.com" "Mozilla/5.0 (Macintosh; Intel Mac OS X 10_15_7; rv:125.0.1) Gecko/20100101 Firefox/125.0.1"
198.54.114.83 - - [06/Apr/2025:18:54:36 -0400] "POST /wp-cron.php?doing_wp_cron=1743980075.9569818973541259765625 HTTP/1.1" 200 0 "-" "WordPress/6.7.2; https://shahmeenaindustry.com"
199.188.200.101 - - [06/Apr/2025:18:54:30 -0400] "POST /wp-login.php HTTP/1.1" 302 0 "http://shahmeenaindustry.com" "Mozilla/5.0 (Windows NT 10.0; Win64; x64) AppleWebKit/537.36 (KHTML, like Gecko) Chrome/115.0.5790.102 Safari/537.36"
185.220.206.115 - - [06/Apr/2025:18:59:22 -0400] "POST /xmlrpc.php HTTP/1.1" 200 236 "-" "Mozilla/5.0 (X11; Fedora; Linux x86_64; rv:94.0) Gecko/20100101 Firefox/95.0"
103.8.25.98 - - [06/Apr/2025:19:09:07 -0400] "POST /wp-login.php HTTP/1.1" 302 0 "http://shahmeenaindustry.com" "Mozilla/5.0 (Macintosh; Intel Mac OS X 10_15_7) AppleWebKit/537.36 (KHTML, like Gecko) Chrome/116.0.5845.96 Safari/537.36"
212.30.36.155 - - [06/Apr/2025:19:20:39 -0400] "GET /cbd-shop-uk-review/ HTTP/1.1" 200 23132 "http://shahmeenaindustry.com/cbd-shop-uk-review/" "Mozilla/5.0 (Windows NT 10.0; Win64; x64) AppleWebKit/537.36 (KHTML, like Gecko) Chrome/129.0.0.0 Safari/537.36"
198.54.114.83 - - [06/Apr/2025:19:20:47 -0400] "POST /wp-cron.php?doing_wp_cron=1743981646.6962239742279052734375 HTTP/1.1" 200 0 "-" "WordPress/6.7.2; https://shahmeenaindustry.com"
212.30.36.146 - - [06/Apr/2025:19:20:42 -0400] "POST /wp-comments-post.php HTTP/1.1" 302 0 "http://shahmeenaindustry.com/cbd-shop-uk-review/" "Mozilla/5.0 (Windows NT 10.0; Win64; x64) AppleWebKit/537.36 (KHTML, like Gecko) Chrome/129.0.0.0 Safari/537.36"
198.54.114.83 - - [06/Apr/2025:19:21:42 -0400] "POST /wp-cron.php?doing_wp_cron=1743981702.1187620162963867187500 HTTP/1.1" 200 0 "-" "WordPress/6.7.2; https://shahmeenaindustry.com"
216.244.66.200 - - [06/Apr/2025:19:21:41 -0400] "GET /mba-online/feed/ HTTP/1.1" 200 412 "-" "Mozilla/5.0 (compatible; DotBot/1.2; +https://opensiteexplorer.org/dotbot; help@moz.com)"
198.54.114.83 - - [06/Apr/2025:19:23:49 -0400] "POST /wp-cron.php?doing_wp_cron=1743981829.2436211109161376953125 HTTP/1.1" 200 0 "-" "WordPress/6.7.2; https://shahmeenaindustry.com"
162.0.229.109 - - [06/Apr/2025:19:23:45 -0400] "POST /wp-login.php HTTP/1.1" 302 0 "http://shahmeenaindustry.com" "Mozilla/5.0 (Windows NT 11.0; Win64; x64) AppleWebKit/537.36 (KHTML, like Gecko) Chrome/126.0.0.0 Safari/537.36 Edg/126.0.0.0"
198.54.114.83 - - [06/Apr/2025:19:38:17 -0400] "POST /wp-cron.php?doing_wp_cron=1743982697.4610059261322021484375 HTTP/1.1" 200 0 "-" "WordPress/6.7.2; https://shahmeenaindustry.com"
162.0.232.73 - - [06/Apr/2025:19:38:14 -0400] "POST /wp-login.php HTTP/1.1" 302 0 "http://shahmeenaindustry.com" "Mozilla/5.0 (Macintosh; Intel Mac OS X 13_3) AppleWebKit/537.36 (KHTML, like Gecko) Chrome/126.0.0.0 Safari/537.36 Edg/126.0.0.0"
198.54.114.83 - - [06/Apr/2025:19:48:42 -0400] "POST /wp-cron.php?doing_wp_cron=1743983322.8384239673614501953125 HTTP/1.1" 200 0 "-" "WordPress/6.7.2; https://shahmeenaindustry.com"
101.132.97.62 - - [06/Apr/2025:19:48:39 -0400] "POST /xmlrpc.php HTTP/1.1" 200 236 "-" "Mozilla/5.0 (X11; Gentoo; Linux x86_64; rv:91.0) Gecko/20100101 Firefox/91.0"
198.54.114.83 - - [06/Apr/2025:19:52:53 -0400] "POST /wp-cron.php?doing_wp_cron=1743983573.2126390933990478515625 HTTP/1.1" 200 0 "-" "WordPress/6.7.2; https://shahmeenaindustry.com"
192.99.19.65 - - [06/Apr/2025:19:52:49 -0400] "POST /wp-login.php HTTP/1.1" 302 0 "http://shahmeenaindustry.com" "Mozilla/5.0 (Windows NT 10.0; Win64; x64) AppleWebKit/537.36 (KHTML, like Gecko) Chrome/116.0.5845.96 Safari/537.36 Edg/116.0.1938.62"
198.54.114.83 - - [06/Apr/2025:20:07:38 -0400] "POST /wp-cron.php?doing_wp_cron=1743984457.7895269393920898437500 HTTP/1.1" 200 0 "-" "WordPress/6.7.2; https://shahmeenaindustry.com"
103.169.35.190 - - [06/Apr/2025:20:07:37 -0400] "POST /wp-login.php HTTP/1.1" 302 0 "http://shahmeenaindustry.com" "Mozilla/5.0 (Macintosh; Intel Mac OS X 10_15_7) AppleWebKit/537.36 (KHTML, like Gecko) Chrome/116.0.5845.96 Safari/537.36"
198.54.120.17 - - [06/Apr/2025:20:22:24 -0400] "POST /wp-login.php HTTP/1.1" 302 0 "http://shahmeenaindustry.com" "Mozilla/5.0 (Macintosh; Intel Mac OS X 10_15_7; rv:126.0) Gecko/20100101 Firefox/126.0"
78.153.140.218 - - [06/Apr/2025:20:29:38 -0400] "GET /.env HTTP/1.1" 403 1242 "-" "Mozilla/5.0 (Macintosh; Intel Mac OS X 10_10_2) AppleWebKit/600.3.18 (KHTML, like Gecko) Version/8.0.4 Safari/600.4.10"
78.153.140.218 - - [06/Apr/2025:20:29:38 -0400] "GET /.aws/credentials HTTP/1.1" 404 16532 "-" "Mozilla/4.0 (compatible; MSIE 8.0; Windows NT 5.1; Trident/4.0; .NET CLR 2.0.50727; .NET CLR 3.0.4506.2152; .NET CLR 3.5.30729; .NET CLR 1.1.4322; .NET4.0C)"
78.153.140.218 - - [06/Apr/2025:20:29:40 -0400] "GET /.env.example HTTP/1.1" 403 1242 "-" "Mozilla/5.0 (Macintosh; Intel Mac OS X 10_10_5) AppleWebKit/537.36 (KHTML, like Gecko) Chrome/51.0.2704.106 Safari/537.36"
78.153.140.218 - - [06/Apr/2025:20:29:41 -0400] "GET /.env.production HTTP/1.1" 403 1242 "-" "Mozilla/5.0 (Windows NT 6.3; Win64; x64) AppleWebKit/537.36 (KHTML, like Gecko) Chrome/65.0.3325.162 Safari/537.36"
78.153.140.218 - - [06/Apr/2025:20:29:41 -0400] "GET /admin/.env HTTP/1.1" 403 1242 "-" "Mozilla/5.0 (Windows NT 5.1) AppleWebKit/535.11 (KHTML, like Gecko) Chrome/17.0.963.66 Safari/535.11"
78.153.140.218 - - [06/Apr/2025:20:29:42 -0400] "GET /api/.env HTTP/1.1" 403 1242 "-" "Mozilla/4.0 (compatible; MSIE 6.0; Windows NT 5.0) Opera 7.11 [fr]"
78.153.140.218 - - [06/Apr/2025:20:29:43 -0400] "GET /app/.env HTTP/1.1" 403 1242 "-" "Mozilla/5.0 (Windows NT 6.3; WOW64) AppleWebKit/537.36 (KHTML, like Gecko) Chrome/39.0.2171.65 Safari/537.36"
78.153.140.218 - - [06/Apr/2025:20:29:43 -0400] "GET /app_dev.php/_profiler/open?file=app/config/parameters.yml HTTP/1.1" 403 1242 "-" "Mozilla/5.0 (X11; U; FreeBSD i386; zh-tw; rv:31.0) Gecko/20100101 Firefox/31.0 Opera/13.0"
198.54.114.83 - - [06/Apr/2025:20:29:44 -0400] "POST /wp-cron.php?doing_wp_cron=1743985784.3406701087951660156250 HTTP/1.1" 200 0 "-" "WordPress/6.7.2; https://shahmeenaindustry.com"
78.153.140.218 - - [06/Apr/2025:20:29:44 -0400] "GET /app_dev.php/_profiler/phpinfo HTTP/1.1" 404 16532 "-" "Mozilla/5.0 (X11; U; Linux x86_64; en-US; rv:1.8.1) Gecko/20060601 Firefox/2.0 (Ubuntu-edgy)"
78.153.140.218 - - [06/Apr/2025:20:29:46 -0400] "GET /backend/.env HTTP/1.1" 403 1242 "-" "Mozilla/5.0 (Windows NT 6.1; Win64; x64; rv:52.0) Gecko/20100101 Firefox/52.0"
78.153.140.218 - - [06/Apr/2025:20:29:48 -0400] "GET /core/.env HTTP/1.1" 403 1242 "-" "Mozilla/5.0 (Macintosh; U; Intel Mac OS X; ja-jp) AppleWebKit/523.12.2 (KHTML, like Gecko) Version/3.0.4 Safari/523.12.2"
78.153.140.218 - - [06/Apr/2025:20:29:48 -0400] "GET /credentials HTTP/1.1" 404 16532 "-" "Mozilla/5.0 (Linux; Android 7.1.2; Redmi 4 Build/N2G47H) AppleWebKit/537.36 (KHTML, like Gecko) Chrome/64.0.3282.137 Mobile Safari/537.36"
78.153.140.218 - - [06/Apr/2025:20:29:51 -0400] "GET /crm/.env HTTP/1.1" 403 1242 "-" "Mozilla/5.0 (Windows; U; Windows NT 5.1; en-US) AppleWebKit/533.3 (KHTML, like Gecko) Chrome/5.0.353.0 Safari/533.3"
78.153.140.218 - - [06/Apr/2025:20:29:52 -0400] "GET /demo/.env HTTP/1.1" 403 1242 "-" "Mozilla/5.0 (compatible; MSIE 9.0; Windows NT 6.0; Trident/5.0; FunWebProducts)"
78.153.140.218 - - [06/Apr/2025:20:29:53 -0400] "GET /info/ HTTP/1.1" 404 16532 "-" "Opera/9.80 (Linux mips; ) Presto/2.12.407 Version/12.51 MB97/0.0.39.18 (POLAROID, Mxl661L32, wireless) VSTVB_MB97 SmartTvA/3.0.0"
78.153.140.218 - - [06/Apr/2025:20:29:55 -0400] "GET /infos/ HTTP/1.1" 404 16532 "-" "Mozilla/5.0 (X11; U; Linux i686; es-AR; rv:1.9.0.9) Gecko/2009042113 Ubuntu/9.04 (jaunty) Firefox/3.0.9"
78.153.140.218 - - [06/Apr/2025:20:29:57 -0400] "GET /pinfo.php HTTP/1.1" 404 16532 "-" "Mozilla/5.0 (Macintosh; U; Intel Mac OS X 10.6; de; rv:1.9.2.12) Gecko/20101026 Firefox/3.6.12 GTB5"
78.153.140.218 - - [06/Apr/2025:20:30:00 -0400] "GET /vendor/.env HTTP/1.1" 403 1242 "-" "Opera/9.00 (Windows NT 5.1; U; it)"
45.135.232.50 - - [06/Apr/2025:20:30:25 -0400] "GET /.svn HTTP/1.1" 403 1242 "-" "python-requests/2.32.3"
216.244.66.200 - - [06/Apr/2025:20:35:51 -0400] "GET /robots.txt HTTP/1.1" 304 0 "-" "Mozilla/5.0 (compatible; DotBot/1.2; +https://opensiteexplorer.org/dotbot; help@moz.com)"
198.54.114.83 - - [06/Apr/2025:20:37:21 -0400] "POST /wp-cron.php?doing_wp_cron=1743986241.2772400379180908203125 HTTP/1.1" 200 0 "-" "WordPress/6.7.2; https://shahmeenaindustry.com"
162.0.232.248 - - [06/Apr/2025:20:37:15 -0400] "POST /wp-login.php HTTP/1.1" 302 0 "http://shahmeenaindustry.com" "Mozilla/5.0 (Windows NT 10.0; Win64; x64; rv:128.0) Gecko/20100101 Firefox/128.0"
198.54.114.83 - - [06/Apr/2025:20:43:35 -0400] "POST /wp-cron.php?doing_wp_cron=1743986615.0502960681915283203125 HTTP/1.1" 200 0 "-" "WordPress/6.7.2; https://shahmeenaindustry.com"
115.78.7.179 - - [06/Apr/2025:20:43:28 -0400] "POST /xmlrpc.php HTTP/1.1" 200 236 "-" "Mozilla/5.0 (X11; Fedora; Linux x86_64; rv:94.0) Gecko/20100101 Firefox/95.0"
216.244.66.200 - - [06/Apr/2025:20:50:07 -0400] "GET /choosing-the-right-pan-head-screw/feed/ HTTP/1.1" 200 440 "-" "Mozilla/5.0 (compatible; DotBot/1.2; +https://opensiteexplorer.org/dotbot; help@moz.com)"
85.208.98.18 - - [06/Apr/2025:20:51:51 -0400] "GET /robots.txt HTTP/1.1" 304 0 "-" "Mozilla/5.0 (compatible; SemrushBot; +http://www.semrush.com/bot.html)"
186.64.116.45 - - [06/Apr/2025:20:52:17 -0400] "POST /wp-login.php HTTP/1.1" 302 0 "http://shahmeenaindustry.com" "Mozilla/5.0 (Macintosh; Intel Mac OS X 10_15_7; rv:128.0) Gecko/20100101 Firefox/128.0"
103.17.99.13 - - [06/Apr/2025:21:06:03 -0400] "GET /wp-login.php HTTP/1.1" 302 0 "-" "Mozilla/5.0 (Windows NT 10.0; Win64; x64) AppleWebKit/537.36 (KHTML, like Gecko) Chrome/87.0.4280.141 Safari/537.36"
198.54.114.83 - - [06/Apr/2025:21:06:12 -0400] "POST /wp-cron.php?doing_wp_cron=1743987967.5692150592803955078125 HTTP/1.1" 200 0 "-" "WordPress/6.7.2; https://shahmeenaindustry.com"
122.248.32.190 - - [06/Apr/2025:21:06:21 -0400] "POST /wp-login.php HTTP/1.1" 302 0 "-" "Mozilla/5.0 (Windows NT 10.0; Win64; x64) AppleWebKit/537.36 (KHTML, like Gecko) Chrome/87.0.4280.141 Safari/537.36"
198.54.114.83 - - [06/Apr/2025:21:07:29 -0400] "POST /wp-cron.php?doing_wp_cron=1743988048.5713570117950439453125 HTTP/1.1" 200 0 "-" "WordPress/6.7.2; https://shahmeenaindustry.com"
54.36.209.164 - - [06/Apr/2025:21:07:27 -0400] "POST /wp-login.php HTTP/1.1" 302 0 "http://shahmeenaindustry.com" "Mozilla/5.0 (Macintosh; Intel Mac OS X 14.3) AppleWebKit/614.31.14 (KHTML, like Gecko) Version/17.0.96 Safari/614.31.14"
117.132.188.204 - - [06/Apr/2025:21:20:00 -0400] "GET / HTTP/1.1" 200 24612 "-" "Mozilla/5.0 (Windows NT 10.0; Win64; x64) AppleWebKit/537.36 (KHTML, like Gecko) Chrome/107.0.0.0 Safari/537.36"
198.54.114.83 - - [06/Apr/2025:21:22:39 -0400] "POST /wp-cron.php?doing_wp_cron=1743988959.5148699283599853515625 HTTP/1.1" 200 0 "-" "WordPress/6.7.2; https://shahmeenaindustry.com"
51.178.81.248 - - [06/Apr/2025:21:22:38 -0400] "POST /wp-login.php HTTP/1.1" 302 0 "http://shahmeenaindustry.com" "Mozilla/5.0 (Windows NT 10.0; Win64; x64) AppleWebKit/537.36 (KHTML, like Gecko) Chrome/126.0.0.0 Safari/537.36 Edg/126.0.0.0"
216.244.66.200 - - [06/Apr/2025:21:26:08 -0400] "GET /sweet-and-spicy/ HTTP/1.1" 200 23739 "-" "Mozilla/5.0 (compatible; DotBot/1.2; +https://opensiteexplorer.org/dotbot; help@moz.com)"
198.54.114.83 - - [06/Apr/2025:21:30:42 -0400] "POST /wp-cron.php?doing_wp_cron=1743989442.1255578994750976562500 HTTP/1.1" 200 0 "-" "WordPress/6.7.2; https://shahmeenaindustry.com"
216.244.66.200 - - [06/Apr/2025:21:30:41 -0400] "GET /what-is-family-mediation/feed/ HTTP/1.1" 200 424 "-" "Mozilla/5.0 (compatible; DotBot/1.2; +https://opensiteexplorer.org/dotbot; help@moz.com)"
37.187.26.72 - - [06/Apr/2025:21:37:56 -0400] "POST /wp-login.php HTTP/1.1" 302 0 "http://shahmeenaindustry.com" "Mozilla/5.0 (Windows NT 10.0; Win64; x64) AppleWebKit/537.36 (KHTML, like Gecko) Chrome/112.0.5615.138 Safari/537.36 Edg/112.0.1722.68"
198.54.114.83 - - [06/Apr/2025:21:38:48 -0400] "POST /wp-cron.php?doing_wp_cron=1743989927.1873760223388671875000 HTTP/1.1" 200 0 "-" "WordPress/6.7.2; https://shahmeenaindustry.com"
216.244.66.200 - - [06/Apr/2025:21:38:46 -0400] "GET /what-is-mediation/feed/ HTTP/1.1" 200 418 "-" "Mozilla/5.0 (compatible; DotBot/1.2; +https://opensiteexplorer.org/dotbot; help@moz.com)"
198.54.114.83 - - [06/Apr/2025:21:47:54 -0400] "POST /wp-cron.php?doing_wp_cron=1743990473.9094710350036621093750 HTTP/1.1" 200 0 "-" "WordPress/6.7.2; https://shahmeenaindustry.com"
34.64.218.102 - - [06/Apr/2025:21:47:49 -0400] "POST /xmlrpc.php HTTP/1.1" 200 236 "-" "Mozilla/5.0 (X11; Fedora; Linux x86_64; rv:94.0) Gecko/20100101 Firefox/95.0"
198.54.114.83 - - [06/Apr/2025:21:52:01 -0400] "POST /wp-cron.php?doing_wp_cron=1743990721.4629089832305908203125 HTTP/1.1" 200 0 "-" "WordPress/6.7.2; https://shahmeenaindustry.com"
18.216.177.48 - - [06/Apr/2025:21:51:57 -0400] "GET /adminfuns.php HTTP/1.1" 404 16532 "www.google.com" "Mozlila/5.0 (Linux; Android 7.0; SM-G892A Bulid/NRD90M; wv) AppleWebKit/537.36 (KHTML, like Gecko) Version/4.0 Chrome/60.0.3112.107 Moblie Safari/537.36"
18.216.177.48 - - [06/Apr/2025:21:52:07 -0400] "GET /thoms.php HTTP/1.1" 404 16532 "www.google.com" "Mozlila/5.0 (Linux; Android 7.0; SM-G892A Bulid/NRD90M; wv) AppleWebKit/537.36 (KHTML, like Gecko) Version/4.0 Chrome/60.0.3112.107 Moblie Safari/537.36"
18.216.177.48 - - [06/Apr/2025:21:52:15 -0400] "GET /termps.php HTTP/1.1" 404 16532 "www.google.com" "Mozlila/5.0 (Linux; Android 7.0; SM-G892A Bulid/NRD90M; wv) AppleWebKit/537.36 (KHTML, like Gecko) Version/4.0 Chrome/60.0.3112.107 Moblie Safari/537.36"
198.54.114.83 - - [06/Apr/2025:21:53:14 -0400] "POST /wp-cron.php?doing_wp_cron=1743990793.8763639926910400390625 HTTP/1.1" 200 0 "-" "WordPress/6.7.2; https://shahmeenaindustry.com"
162.254.39.79 - - [06/Apr/2025:21:53:13 -0400] "POST /wp-login.php HTTP/1.1" 302 0 "http://shahmeenaindustry.com" "Mozilla/5.0 (Macintosh; Intel Mac OS X 10_15_7) AppleWebKit/537.36 (KHTML, like Gecko) Chrome/115.0.5790.102 Safari/537.36"
167.71.96.61 - - [06/Apr/2025:22:04:03 -0400] "GET / HTTP/1.1" 200 24612 "-" "Mozilla/5.0 (compatible)"
167.71.96.61 - - [06/Apr/2025:22:04:05 -0400] "GET /favicon.ico HTTP/1.1" 404 1251 "http://shahmeenaindustry.com/" "Mozilla/5.0 (compatible)"
196.251.89.80 - - [06/Apr/2025:22:06:24 -0400] "GET / HTTP/1.1" 200 24612 "-" "Mozilla/5.0 (Windows NT 10.0; Win64; x64) AppleWebKit/537.36 (KHTML, like Gecko) Chrome/89.0.4389.114 Safari/537.36"
196.251.89.80 - - [06/Apr/2025:22:06:25 -0400] "GET /?author=1 HTTP/1.1" 301 0 "-" "Mozilla/5.0 (Windows NT 10.0; Win64; x64) AppleWebKit/537.36 (KHTML, like Gecko) Chrome/89.0.4389.114 Safari/537.36"
196.251.89.80 - - [06/Apr/2025:22:06:26 -0400] "GET /?author=2 HTTP/1.1" 301 0 "-" "Mozilla/5.0 (Windows NT 10.0; Win64; x64) AppleWebKit/537.36 (KHTML, like Gecko) Chrome/89.0.4389.114 Safari/537.36"
196.251.89.80 - - [06/Apr/2025:22:06:27 -0400] "GET /?author=3 HTTP/1.1" 404 16532 "-" "Mozilla/5.0 (Windows NT 10.0; Win64; x64) AppleWebKit/537.36 (KHTML, like Gecko) Chrome/89.0.4389.114 Safari/537.36"
196.251.89.80 - - [06/Apr/2025:22:06:30 -0400] "GET /wp-json/wp/v2/users/ HTTP/1.1" 200 1381 "-" "Mozilla/5.0 (Windows NT 10.0; Win64; x64) AppleWebKit/537.36 (KHTML, like Gecko) Chrome/89.0.4389.114 Safari/537.36"
198.54.114.83 - - [06/Apr/2025:22:06:33 -0400] "POST /wp-cron.php?doing_wp_cron=1743991593.5516970157623291015625 HTTP/1.1" 200 0 "-" "WordPress/6.7.2; https://shahmeenaindustry.com"
196.251.89.80 - - [06/Apr/2025:22:06:33 -0400] "POST /xmlrpc.php HTTP/1.1" 200 212 "-" "Mozilla/5.0 (Windows NT 10.0; Win64; x64) AppleWebKit/537.36 (KHTML, like Gecko) Chrome/89.0.4389.114 Safari/537.36"
196.251.89.80 - - [06/Apr/2025:22:06:35 -0400] "POST /xmlrpc.php HTTP/1.1" 200 212 "-" "Mozilla/5.0 (Windows NT 10.0; Win64; x64) AppleWebKit/537.36 (KHTML, like Gecko) Chrome/89.0.4389.114 Safari/537.36"
196.251.89.80 - - [06/Apr/2025:22:06:35 -0400] "POST /xmlrpc.php HTTP/1.1" 200 236 "-" "Mozilla/5.0 (Windows NT 10.0; Win64; x64) AppleWebKit/537.36 (KHTML, like Gecko) Chrome/89.0.4389.114 Safari/537.36"
196.251.89.80 - - [06/Apr/2025:22:06:36 -0400] "POST /xmlrpc.php HTTP/1.1" 200 236 "-" "Mozilla/5.0 (Windows NT 10.0; Win64; x64) AppleWebKit/537.36 (KHTML, like Gecko) Chrome/89.0.4389.114 Safari/537.36"
196.251.89.80 - - [06/Apr/2025:22:06:38 -0400] "POST /xmlrpc.php HTTP/1.1" 200 212 "-" "Mozilla/5.0 (Windows NT 10.0; Win64; x64) AppleWebKit/537.36 (KHTML, like Gecko) Chrome/89.0.4389.114 Safari/537.36"
198.54.114.83 - - [06/Apr/2025:22:06:41 -0400] "POST /wp-cron.php?doing_wp_cron=1743991601.0052940845489501953125 HTTP/1.1" 200 0 "-" "WordPress/6.7.2; https://shahmeenaindustry.com"
196.251.89.80 - - [06/Apr/2025:22:06:39 -0400] "POST /xmlrpc.php HTTP/1.1" 200 236 "-" "Mozilla/5.0 (Windows NT 10.0; Win64; x64) AppleWebKit/537.36 (KHTML, like Gecko) Chrome/89.0.4389.114 Safari/537.36"
213.199.36.148 - - [06/Apr/2025:22:09:08 -0400] "POST /wp-login.php HTTP/1.1" 302 0 "http://shahmeenaindustry.com" "Mozilla/5.0 (Windows NT 10.0; Win64; x64) AppleWebKit/537.36 (KHTML, like Gecko) Chrome/115.0.5790.102 Safari/537.36"
198.54.114.83 - - [06/Apr/2025:22:09:15 -0400] "POST /wp-cron.php?doing_wp_cron=1743991754.3808710575103759765625 HTTP/1.1" 200 0 "-" "WordPress/6.7.2; https://shahmeenaindustry.com"
198.54.114.83 - - [06/Apr/2025:22:25:40 -0400] "POST /wp-cron.php?doing_wp_cron=1743992740.0188510417938232421875 HTTP/1.1" 200 0 "-" "WordPress/6.7.2; https://shahmeenaindustry.com"
68.65.123.38 - - [06/Apr/2025:22:25:36 -0400] "POST /wp-login.php HTTP/1.1" 302 0 "http://shahmeenaindustry.com" "Mozilla/5.0 (Macintosh; Intel Mac OS X 14_4_1) AppleWebKit/605.1.15 (KHTML, like Gecko) Version/17.3.1 Safari/605.1.15"
198.54.114.83 - - [06/Apr/2025:22:42:01 -0400] "POST /wp-cron.php?doing_wp_cron=1743993721.2273130416870117187500 HTTP/1.1" 200 0 "-" "WordPress/6.7.2; https://shahmeenaindustry.com"
66.85.153.202 - - [06/Apr/2025:22:41:57 -0400] "POST /wp-login.php HTTP/1.1" 302 0 "http://shahmeenaindustry.com" "Mozilla/5.0 (Macintosh; Intel Mac OS X 10_15_7; rv:128.0) Gecko/20100101 Firefox/128.0"
198.54.114.83 - - [06/Apr/2025:22:54:57 -0400] "POST /wp-cron.php?doing_wp_cron=1743994497.8212881088256835937500 HTTP/1.1" 200 0 "-" "WordPress/6.7.2; https://shahmeenaindustry.com"
186.64.119.220 - - [06/Apr/2025:22:54:54 -0400] "POST /xmlrpc.php HTTP/1.1" 200 236 "-" "Mozilla/5.0 (X11; Fedora; Linux x86_64; rv:94.0) Gecko/20100101 Firefox/95.0"
198.54.114.83 - - [06/Apr/2025:22:58:07 -0400] "POST /wp-cron.php?doing_wp_cron=1743994687.4894719123840332031250 HTTP/1.1" 200 0 "-" "WordPress/6.7.2; https://shahmeenaindustry.com"
162.0.232.211 - - [06/Apr/2025:22:58:03 -0400] "POST /wp-login.php HTTP/1.1" 302 0 "http://shahmeenaindustry.com" "Mozilla/5.0 (Windows NT 10.0; Win64; x64) AppleWebKit/537.36 (KHTML, like Gecko) Chrome/126.0.0.0 Safari/537.36"
40.71.4.65 - - [06/Apr/2025:23:10:12 -0400] "HEAD /wordpress HTTP/1.1" 404 0 "-" "Mozilla/5.0 (Windows NT 10.0; Win64; x64) AppleWebKit/537.36 (KHTML, like Gecko) Chrome/74.0.3729.169 Safari/537.36"
40.71.4.65 - - [06/Apr/2025:23:10:16 -0400] "HEAD / HTTP/1.1" 200 0 "-" "Mozilla/5.0 (Windows NT 10.0; Win64; x64) AppleWebKit/537.36 (KHTML, like Gecko) Chrome/74.0.3729.169 Safari/537.36"
40.71.4.65 - - [06/Apr/2025:23:10:16 -0400] "HEAD /wp HTTP/1.1" 404 0 "-" "Mozilla/5.0 (Windows NT 10.0; Win64; x64) AppleWebKit/537.36 (KHTML, like Gecko) Chrome/74.0.3729.169 Safari/537.36"
40.71.4.65 - - [06/Apr/2025:23:10:17 -0400] "HEAD /bc HTTP/1.1" 404 0 "-" "Mozilla/5.0 (Windows NT 10.0; Win64; x64) AppleWebKit/537.36 (KHTML, like Gecko) Chrome/74.0.3729.169 Safari/537.36"
40.71.4.65 - - [06/Apr/2025:23:10:19 -0400] "HEAD /bk HTTP/1.1" 404 0 "-" "Mozilla/5.0 (Windows NT 10.0; Win64; x64) AppleWebKit/537.36 (KHTML, like Gecko) Chrome/74.0.3729.169 Safari/537.36"
40.71.4.65 - - [06/Apr/2025:23:10:20 -0400] "HEAD /backup HTTP/1.1" 404 0 "-" "Mozilla/5.0 (Windows NT 10.0; Win64; x64) AppleWebKit/537.36 (KHTML, like Gecko) Chrome/74.0.3729.169 Safari/537.36"
40.71.4.65 - - [06/Apr/2025:23:10:20 -0400] "HEAD /old HTTP/1.1" 404 0 "-" "Mozilla/5.0 (Windows NT 10.0; Win64; x64) AppleWebKit/537.36 (KHTML, like Gecko) Chrome/74.0.3729.169 Safari/537.36"
40.71.4.65 - - [06/Apr/2025:23:10:21 -0400] "HEAD /new HTTP/1.1" 301 0 "-" "Mozilla/5.0 (Windows NT 10.0; Win64; x64) AppleWebKit/537.36 (KHTML, like Gecko) Chrome/74.0.3729.169 Safari/537.36"
40.71.4.65 - - [06/Apr/2025:23:10:21 -0400] "HEAD /main HTTP/1.1" 404 0 "-" "Mozilla/5.0 (Windows NT 10.0; Win64; x64) AppleWebKit/537.36 (KHTML, like Gecko) Chrome/74.0.3729.169 Safari/537.36"
40.71.4.65 - - [06/Apr/2025:23:10:21 -0400] "HEAD /home HTTP/1.1" 301 0 "-" "Mozilla/5.0 (Windows NT 10.0; Win64; x64) AppleWebKit/537.36 (KHTML, like Gecko) Chrome/74.0.3729.169 Safari/537.36"
37.27.60.109 - - [06/Apr/2025:23:14:07 -0400] "POST /wp-login.php HTTP/1.1" 302 0 "http://shahmeenaindustry.com" "Mozilla/5.0 (Windows NT 10.0; Win64; x64) AppleWebKit/537.36 (KHTML, like Gecko) Chrome/126.0.0.0 Safari/537.36"
85.208.98.18 - - [06/Apr/2025:23:14:45 -0400] "GET /robots.txt HTTP/1.1" 304 0 "-" "Mozilla/5.0 (compatible; SemrushBot; +http://www.semrush.com/bot.html)"
198.54.114.83 - - [06/Apr/2025:23:29:56 -0400] "POST /wp-cron.php?doing_wp_cron=1743996596.0378170013427734375000 HTTP/1.1" 200 0 "-" "WordPress/6.7.2; https://shahmeenaindustry.com"
123.1.133.4 - - [06/Apr/2025:23:29:55 -0400] "POST /wp-login.php HTTP/1.1" 302 0 "http://shahmeenaindustry.com" "Mozilla/5.0 (Macintosh; Intel Mac OS X 10_15_7) AppleWebKit/537.36 (KHTML, like Gecko) Chrome/116.0.5845.96 Safari/537.36"
198.54.114.83 - - [06/Apr/2025:23:35:25 -0400] "POST /wp-cron.php?doing_wp_cron=1743996925.2717020511627197265625 HTTP/1.1" 200 0 "-" "WordPress/6.7.2; https://shahmeenaindustry.com"
150.95.110.113 - - [06/Apr/2025:23:35:24 -0400] "POST /xmlrpc.php HTTP/1.1" 200 236 "-" "Mozilla/5.0 (X11; Fedora; Linux x86_64; rv:94.0) Gecko/20100101 Firefox/95.0"
198.54.114.83 - - [06/Apr/2025:23:45:54 -0400] "POST /wp-cron.php?doing_wp_cron=1743997554.1163880825042724609375 HTTP/1.1" 200 0 "-" "WordPress/6.7.2; https://shahmeenaindustry.com"
123.1.133.4 - - [06/Apr/2025:23:45:48 -0400] "POST /wp-login.php HTTP/1.1" 302 0 "http://shahmeenaindustry.com" "Mozilla/5.0 (Macintosh; Intel Mac OS X 10.15; rv:126.0) Gecko/20100101 Firefox/126.0"
198.54.114.83 - - [07/Apr/2025:00:01:30 -0400] "POST /wp-cron.php?doing_wp_cron=1743998489.9870560169219970703125 HTTP/1.1" 200 0 "-" "WordPress/6.7.2; https://shahmeenaindustry.com"
192.64.117.93 - - [07/Apr/2025:00:01:23 -0400] "POST /wp-login.php HTTP/1.1" 302 0 "http://shahmeenaindustry.com" "Mozilla/5.0 (Macintosh; Intel Mac OS X 14.3) AppleWebKit/614.31.14 (KHTML, like Gecko) Version/17.0.96 Safari/614.31.14"
198.54.114.83 - - [07/Apr/2025:00:16:54 -0400] "POST /wp-cron.php?doing_wp_cron=1743999414.0574800968170166015625 HTTP/1.1" 200 0 "-" "WordPress/6.7.2; https://shahmeenaindustry.com"
186.64.119.35 - - [07/Apr/2025:00:16:53 -0400] "POST /wp-login.php HTTP/1.1" 302 0 "http://shahmeenaindustry.com" "Mozilla/5.0 (Macintosh; Intel Mac OS X 10_15_7) AppleWebKit/537.36 (KHTML, like Gecko) Chrome/126.0.0.0 Safari/537.36"
66.249.79.6 - - [07/Apr/2025:00:22:01 -0400] "GET /robots.txt HTTP/1.1" 200 131 "-" "Mozilla/5.0 (compatible; Googlebot/2.1; +http://www.google.com/bot.html)"
66.249.79.6 - - [07/Apr/2025:00:22:01 -0400] "GET /wp-includes/js/jquery/jquery-migrate.min.js?ver=3.4.1 HTTP/1.1" 200 5342 "https://shahmeenaindustry.com/the-best-calisthenics-leg-exercises/" "Mozilla/5.0 (Linux; Android 6.0.1; Nexus 5X Build/MMB29P) AppleWebKit/537.36 (KHTML, like Gecko) Chrome/134.0.6998.165 Mobile Safari/537.36 (compatible; Googlebot/2.1; +http://www.google.com/bot.html)"
93.123.109.25 - - [07/Apr/2025:00:26:32 -0400] "GET / HTTP/1.1" 200 24612 "-" "Mozilla/5.0 (Windows NT 10.0; Win64; x64) AppleWebKit/537.36 (KHTML, like Gecko) Chrome/42.0.2311.135 Safari/537.36 Edge/12.246"
93.123.109.25 - - [07/Apr/2025:00:26:33 -0400] "GET /favicon.ico HTTP/1.1" 404 1251 "-" "Mozilla/5.0 (Windows NT 10.0; Win64; x64) AppleWebKit/537.36 (KHTML, like Gecko) Chrome/42.0.2311.135 Safari/537.36 Edge/12.246"
198.54.114.83 - - [07/Apr/2025:00:33:03 -0400] "POST /wp-cron.php?doing_wp_cron=1744000382.8453149795532226562500 HTTP/1.1" 200 0 "-" "WordPress/6.7.2; https://shahmeenaindustry.com"
2a02:4780:11:1234::73 - - [07/Apr/2025:00:33:02 -0400] "POST /wp-login.php HTTP/1.1" 302 0 "http://shahmeenaindustry.com" "Mozilla/5.0 (Macintosh; Intel Mac OS X 13_3) AppleWebKit/537.36 (KHTML, like Gecko) Chrome/126.0.0.0 Safari/537.36 Edg/126.0.0.0"
198.54.114.83 - - [07/Apr/2025:00:35:44 -0400] "POST /wp-cron.php?doing_wp_cron=1744000544.0844080448150634765625 HTTP/1.1" 200 0 "-" "WordPress/6.7.2; https://shahmeenaindustry.com"
138.128.245.84 - - [07/Apr/2025:00:35:43 -0400] "POST /xmlrpc.php HTTP/1.1" 200 236 "-" "Mozilla/5.0 (X11; Fedora; Linux x86_64; rv:94.0) Gecko/20100101 Firefox/95.0"
170.106.65.93 - - [07/Apr/2025:00:40:10 -0400] "GET / HTTP/1.1" 200 24612 "-" "Mozilla/5.0 (iPhone; CPU iPhone OS 13_2_3 like Mac OS X) AppleWebKit/605.1.15 (KHTML, like Gecko) Version/13.0.3 Mobile/15E148 Safari/604.1"
65.21.168.228 - - [07/Apr/2025:00:49:07 -0400] "POST /wp-login.php HTTP/1.1" 302 0 "http://shahmeenaindustry.com" "Mozilla/5.0 (Macintosh; Intel Mac OS X 14_6) AppleWebKit/605.1.15 (KHTML, like Gecko) Version/17.5 Safari/605.1.15"
34.29.181.170 - - [07/Apr/2025:00:53:51 -0400] "GET / HTTP/1.1" 200 24612 "-" "Mozilla/5.0 (Windows NT 10.0; Win64; x64) AppleWebKit/537.36 (KHTML, like Gecko) Chrome/78.0.3904.108 Safari/537.36"
198.54.114.83 - - [07/Apr/2025:00:53:53 -0400] "POST /wp-cron.php?doing_wp_cron=1744001633.6591160297393798828125 HTTP/1.1" 200 0 "-" "WordPress/6.7.2; https://shahmeenaindustry.com"
34.29.181.170 - - [07/Apr/2025:00:53:51 -0400] "GET /?author=1 HTTP/1.1" 301 0 "-" "Mozilla/5.0 (Windows NT 10.0; Win64; x64) AppleWebKit/537.36 (KHTML, like Gecko) Chrome/78.0.3904.108 Safari/537.36"
34.29.181.170 - - [07/Apr/2025:00:53:53 -0400] "GET /?author=2 HTTP/1.1" 301 0 "-" "Mozilla/5.0 (Windows NT 10.0; Win64; x64) AppleWebKit/537.36 (KHTML, like Gecko) Chrome/78.0.3904.108 Safari/537.36"
34.29.181.170 - - [07/Apr/2025:00:53:54 -0400] "GET /wp-json/wp/v2/users/ HTTP/1.1" 200 1381 "-" "Mozilla/5.0 (Windows NT 10.0; Win64; x64) AppleWebKit/537.36 (KHTML, like Gecko) Chrome/78.0.3904.108 Safari/537.36"
34.29.181.170 - - [07/Apr/2025:00:53:54 -0400] "POST /xmlrpc.php HTTP/1.1" 200 236 "-" "Mozilla/5.0 (Windows NT 10.0; Win64; x64) AppleWebKit/537.36 (KHTML, like Gecko) Chrome/78.0.3904.108 Safari/537.36"
34.29.181.170 - - [07/Apr/2025:00:53:55 -0400] "POST /xmlrpc.php HTTP/1.1" 200 236 "-" "Mozilla/5.0 (Windows NT 10.0; Win64; x64) AppleWebKit/537.36 (KHTML, like Gecko) Chrome/78.0.3904.108 Safari/537.36"
34.29.181.170 - - [07/Apr/2025:00:53:55 -0400] "POST /xmlrpc.php HTTP/1.1" 200 236 "-" "Mozilla/5.0 (Windows NT 10.0; Win64; x64) AppleWebKit/537.36 (KHTML, like Gecko) Chrome/78.0.3904.108 Safari/537.36"
34.29.181.170 - - [07/Apr/2025:00:53:55 -0400] "POST /xmlrpc.php HTTP/1.1" 200 236 "-" "Mozilla/5.0 (Windows NT 10.0; Win64; x64) AppleWebKit/537.36 (KHTML, like Gecko) Chrome/78.0.3904.108 Safari/537.36"
34.29.181.170 - - [07/Apr/2025:00:53:55 -0400] "POST /xmlrpc.php HTTP/1.1" 200 236 "-" "Mozilla/5.0 (Windows NT 10.0; Win64; x64) AppleWebKit/537.36 (KHTML, like Gecko) Chrome/78.0.3904.108 Safari/537.36"
34.29.181.170 - - [07/Apr/2025:00:53:55 -0400] "POST /xmlrpc.php HTTP/1.1" 200 236 "-" "Mozilla/5.0 (Windows NT 10.0; Win64; x64) AppleWebKit/537.36 (KHTML, like Gecko) Chrome/78.0.3904.108 Safari/537.36"
158.255.80.210 - - [07/Apr/2025:01:03:07 -0400] "POST /xmlrpc.php HTTP/1.1" 200 236 "-" "Mozilla/5.0 (X11; Fedora; Linux x86_64; rv:94.0) Gecko/20100101 Firefox/95.0"
198.54.114.83 - - [07/Apr/2025:01:04:58 -0400] "POST /wp-cron.php?doing_wp_cron=1744002297.9794299602508544921875 HTTP/1.1" 200 0 "-" "WordPress/6.7.2; https://shahmeenaindustry.com"
51.161.7.9 - - [07/Apr/2025:01:04:55 -0400] "POST /wp-login.php HTTP/1.1" 302 0 "http://shahmeenaindustry.com" "Mozilla/5.0 (Windows NT 10.0; Win64; x64) AppleWebKit/537.36 (KHTML, like Gecko) Chrome/112.0.5615.138 Safari/537.36 Edg/112.0.1722.68"
110.166.71.39 - - [07/Apr/2025:01:15:42 -0400] "GET / HTTP/1.1" 200 24612 "-" "Mozilla/5.0 (iPhone; CPU iPhone OS 13_2_3 like Mac OS X) AppleWebKit/605.1.15 (KHTML, like Gecko) Version/13.0.3 Mobile/15E148 Safari/604.1"
216.244.66.200 - - [07/Apr/2025:01:20:25 -0400] "GET /robots.txt HTTP/1.1" 200 131 "-" "Mozilla/5.0 (compatible; DotBot/1.2; +https://opensiteexplorer.org/dotbot; help@moz.com)"
198.54.114.83 - - [07/Apr/2025:01:20:39 -0400] "POST /wp-cron.php?doing_wp_cron=1744003239.6512250900268554687500 HTTP/1.1" 200 0 "-" "WordPress/6.7.2; https://shahmeenaindustry.com"
162.241.126.57 - - [07/Apr/2025:01:20:39 -0400] "POST /wp-login.php HTTP/1.1" 302 0 "http://shahmeenaindustry.com" "Mozilla/5.0 (Macintosh; Intel Mac OS X 14_4_1) AppleWebKit/605.1.15 (KHTML, like Gecko) Version/17.3.1 Safari/605.1.15"
198.54.114.83 - - [07/Apr/2025:01:27:57 -0400] "POST /wp-cron.php?doing_wp_cron=1744003677.8921580314636230468750 HTTP/1.1" 200 0 "-" "WordPress/6.7.2; https://shahmeenaindustry.com"
