52.170.79.168 - - [05/Apr/2025:15:53:53 -0400] "GET /wsoyanz.php HTTP/1.1" 404 16533 "-" "-"
52.170.79.168 - - [05/Apr/2025:15:53:55 -0400] "GET /yanz.php HTTP/1.1" 404 16535 "-" "-"
52.170.79.168 - - [05/Apr/2025:15:53:57 -0400] "GET /wp-content/plugins/seoo/wsoyanz.php HTTP/1.1" 404 16535 "-" "-"
52.170.79.168 - - [05/Apr/2025:15:53:59 -0400] "GET /wp-content/plugins/seoo/wsoyanz1.php HTTP/1.1" 404 16535 "-" "-"
52.170.79.168 - - [05/Apr/2025:15:54:01 -0400] "GET /cache-compat.php HTTP/1.1" 404 16535 "-" "-"
52.170.79.168 - - [05/Apr/2025:15:54:02 -0400] "GET /ajax-actions.php HTTP/1.1" 404 16535 "-" "-"
52.170.79.168 - - [05/Apr/2025:15:54:04 -0400] "GET /wp-admin/ajax-actions.php HTTP/1.1" 404 16535 "-" "-"
52.170.79.168 - - [05/Apr/2025:15:54:05 -0400] "GET /wp-consar.php HTTP/1.1" 404 16535 "-" "-"
52.170.79.168 - - [05/Apr/2025:15:54:08 -0400] "GET /repeater.php HTTP/1.1" 404 16535 "-" "-"
52.170.79.168 - - [05/Apr/2025:15:54:10 -0400] "GET /admin-post.php HTTP/1.1" 404 16535 "-" "-"
52.170.79.168 - - [05/Apr/2025:15:54:12 -0400] "GET /wp-admin/maint/maint/ajax-actions.php HTTP/1.1" 404 16535 "-" "-"
52.170.79.168 - - [05/Apr/2025:15:54:14 -0400] "GET /wp-admin/dropdown.php HTTP/1.1" 404 16535 "-" "-"
52.170.79.168 - - [05/Apr/2025:15:54:15 -0400] "GET /wp-admin/css/index.php HTTP/1.1" 301 0 "-" "-"
52.170.79.168 - - [05/Apr/2025:15:54:15 -0400] "GET /wp-admin/css/ HTTP/1.1" 403 1242 "-" "-"
52.170.79.168 - - [05/Apr/2025:15:54:16 -0400] "GET /dropdown.php HTTP/1.1" 404 16535 "-" "-"
52.170.79.168 - - [05/Apr/2025:15:54:17 -0400] "GET /about.php HTTP/1.1" 404 16535 "-" "-"
52.170.79.168 - - [05/Apr/2025:15:54:18 -0400] "GET /admin.php HTTP/1.1" 404 16535 "-" "-"
52.170.79.168 - - [05/Apr/2025:15:54:19 -0400] "GET /about.php7 HTTP/1.1" 404 16535 "-" "-"
52.170.79.168 - - [05/Apr/2025:15:54:21 -0400] "GET /alfanew.php7 HTTP/1.1" 404 16535 "-" "-"
52.170.79.168 - - [05/Apr/2025:15:54:21 -0400] "GET /adminfuns.php7 HTTP/1.1" 404 16535 "-" "-"
52.170.79.168 - - [05/Apr/2025:15:54:22 -0400] "GET /ebs.php7 HTTP/1.1" 404 16535 "-" "-"
52.170.79.168 - - [05/Apr/2025:15:54:23 -0400] "GET /ws.php7 HTTP/1.1" 404 16535 "-" "-"
52.170.79.168 - - [05/Apr/2025:15:54:24 -0400] "GET /alfanew2.php7 HTTP/1.1" 404 16535 "-" "-"
52.170.79.168 - - [05/Apr/2025:15:54:25 -0400] "GET /alfa-rex2.php7 HTTP/1.1" 404 16535 "-" "-"
52.170.79.168 - - [05/Apr/2025:15:54:26 -0400] "GET /wp-admin/images/index.php HTTP/1.1" 301 0 "-" "-"
52.170.79.168 - - [05/Apr/2025:15:54:26 -0400] "GET /wp-admin/images/ HTTP/1.1" 403 1242 "-" "-"
52.170.79.168 - - [05/Apr/2025:15:54:27 -0400] "GET /wp-admin/css/colors/index.php HTTP/1.1" 301 0 "-" "-"
52.170.79.168 - - [05/Apr/2025:15:54:27 -0400] "GET /wp-admin/css/colors/ HTTP/1.1" 403 1242 "-" "-"
52.170.79.168 - - [05/Apr/2025:15:54:28 -0400] "GET /wp-content/themes/pridmag/db.php HTTP/1.1" 404 16535 "-" "-"
52.170.79.168 - - [05/Apr/2025:15:54:29 -0400] "GET /wp-content/themes/seotheme/mar.php HTTP/1.1" 404 16535 "-" "-"
52.170.79.168 - - [05/Apr/2025:15:54:30 -0400] "GET /wp-content/plugins/linkpreview/db.php HTTP/1.1" 404 16535 "-" "-"
52.170.79.168 - - [05/Apr/2025:15:54:31 -0400] "GET /wp-content/themes/seotheme/db.php HTTP/1.1" 404 16535 "-" "-"
52.170.79.168 - - [05/Apr/2025:15:54:33 -0400] "GET /wp-content/plugins/seoplugins/db.php HTTP/1.1" 404 16535 "-" "-"
198.54.114.83 - - [05/Apr/2025:15:54:35 -0400] "POST /wp-cron.php?doing_wp_cron=1743882874.9722089767456054687500 HTTP/1.1" 200 0 "-" "WordPress/6.7.2; https://shahmeenaindustry.com"
52.170.79.168 - - [05/Apr/2025:15:54:34 -0400] "GET /wp-content/plugins/seoplugins/mar.php HTTP/1.1" 404 16535 "-" "-"
52.170.79.168 - - [05/Apr/2025:15:54:37 -0400] "GET /.well-known/pki-validation/xmrlpc.php HTTP/1.1" 404 1251 "-" "-"
52.170.79.168 - - [05/Apr/2025:15:54:38 -0400] "GET /.well-known/acme-challenge/xmrlpc.php HTTP/1.1" 404 16535 "-" "-"
198.54.114.83 - - [05/Apr/2025:15:54:42 -0400] "POST /wp-cron.php?doing_wp_cron=1743882880.7134039402008056640625 HTTP/1.1" 200 0 "-" "WordPress/6.7.2; https://shahmeenaindustry.com"
52.170.79.168 - - [05/Apr/2025:15:54:40 -0400] "GET /wp-admin/network/xmrlpc.php HTTP/1.1" 404 16535 "-" "-"
52.170.79.168 - - [05/Apr/2025:15:54:43 -0400] "GET /xmrlpc.php HTTP/1.1" 404 16535 "-" "-"
52.170.79.168 - - [05/Apr/2025:15:54:44 -0400] "GET /cgi-bin/xmrlpc.php HTTP/1.1" 404 16535 "-" "-"
52.170.79.168 - - [05/Apr/2025:15:54:46 -0400] "GET /css/xmrlpc.php HTTP/1.1" 404 16535 "-" "-"
52.170.79.168 - - [05/Apr/2025:15:54:48 -0400] "GET /wp-admin/user/xmrlpc.php HTTP/1.1" 404 16535 "-" "-"
52.170.79.168 - - [05/Apr/2025:15:54:49 -0400] "GET /img/xmrlpc.php HTTP/1.1" 404 16535 "-" "-"
52.170.79.168 - - [05/Apr/2025:15:54:51 -0400] "GET /wp-admin/css/colors/coffee/xmrlpc.php HTTP/1.1" 404 16535 "-" "-"
52.170.79.168 - - [05/Apr/2025:15:54:53 -0400] "GET /wp-admin/images/xmrlpc.php HTTP/1.1" 404 16535 "-" "-"
52.170.79.168 - - [05/Apr/2025:15:54:54 -0400] "GET /images/xmrlpc.php HTTP/1.1" 404 16533 "-" "-"
52.170.79.168 - - [05/Apr/2025:15:54:55 -0400] "GET /wp-admin/js/widgets/xmrlpc.php HTTP/1.1" 404 16535 "-" "-"
52.170.79.168 - - [05/Apr/2025:15:54:56 -0400] "GET /wp-admin/css/colors/xmrlpc.php HTTP/1.1" 404 16535 "-" "-"
52.170.79.168 - - [05/Apr/2025:15:54:59 -0400] "GET /wp-admin/includes/xmrlpc.php HTTP/1.1" 404 16535 "-" "-"
52.170.79.168 - - [05/Apr/2025:15:55:03 -0400] "GET /wp-admin/css/colors/blue/xmrlpc.php HTTP/1.1" 404 16535 "-" "-"
52.170.79.168 - - [05/Apr/2025:15:55:06 -0400] "GET /wp-admin/xmrlpc.php HTTP/1.1" 404 16535 "-" "-"
52.170.79.168 - - [05/Apr/2025:15:55:09 -0400] "GET /smaxx.php HTTP/1.1" 404 16535 "-" "-"
216.244.66.200 - - [05/Apr/2025:15:55:11 -0400] "GET /robots.txt HTTP/1.1" 304 0 "-" "Mozilla/5.0 (compatible; DotBot/1.2; +https://opensiteexplorer.org/dotbot; help@moz.com)"
52.170.79.168 - - [05/Apr/2025:15:55:12 -0400] "GET /wp-admin/smaxx.php HTTP/1.1" 404 16535 "-" "-"
52.170.79.168 - - [05/Apr/2025:15:55:14 -0400] "GET /wp-content/plugins/WordPressCore/smaxx.php HTTP/1.1" 404 16535 "-" "-"
52.170.79.168 - - [05/Apr/2025:15:55:16 -0400] "GET /wp-includes/images/smaxx.php HTTP/1.1" 404 16535 "-" "-"
52.170.79.168 - - [05/Apr/2025:15:55:18 -0400] "GET /wp-content/plugins/core-plugin/smaxx.php HTTP/1.1" 404 16535 "-" "-"
52.170.79.168 - - [05/Apr/2025:15:55:19 -0400] "GET /wp-includes/smaxx.php HTTP/1.1" 404 16535 "-" "-"
52.170.79.168 - - [05/Apr/2025:15:55:21 -0400] "GET /wp-content/plugins/smaxx.php HTTP/1.1" 404 16535 "-" "-"
52.170.79.168 - - [05/Apr/2025:15:55:23 -0400] "GET /xt/smaxx.php HTTP/1.1" 404 16535 "-" "-"
52.170.79.168 - - [05/Apr/2025:15:55:24 -0400] "GET /wp-content/smaxx.php HTTP/1.1" 404 16535 "-" "-"
52.170.79.168 - - [05/Apr/2025:15:55:26 -0400] "GET /wp-content/themes/twentyfive/smaxx.php HTTP/1.1" 404 16535 "-" "-"
52.170.79.168 - - [05/Apr/2025:15:55:28 -0400] "GET /wp-content/upgrade/sx.php HTTP/1.1" 404 16535 "-" "-"
52.170.79.168 - - [05/Apr/2025:15:55:30 -0400] "GET /.well-known/pki-validation/sx.php HTTP/1.1" 404 1251 "-" "-"
52.170.79.168 - - [05/Apr/2025:15:55:31 -0400] "GET /wp-admin/user/sx.php HTTP/1.1" 404 16535 "-" "-"
52.170.79.168 - - [05/Apr/2025:15:55:32 -0400] "GET /wp-includes/ID3/sx.php HTTP/1.1" 404 16535 "-" "-"
52.170.79.168 - - [05/Apr/2025:15:55:35 -0400] "GET /wp-includes/blocks/sx.php HTTP/1.1" 404 16535 "-" "-"
52.170.79.168 - - [05/Apr/2025:15:55:37 -0400] "GET /sx.php HTTP/1.1" 404 16535 "-" "-"
52.170.79.168 - - [05/Apr/2025:15:55:39 -0400] "GET /wp-includes/sx.php HTTP/1.1" 404 16535 "-" "-"
198.54.114.83 - - [05/Apr/2025:15:55:42 -0400] "POST /wp-cron.php?doing_wp_cron=1743882940.9883089065551757812500 HTTP/1.1" 200 0 "-" "WordPress/6.7.2; https://shahmeenaindustry.com"
52.170.79.168 - - [05/Apr/2025:15:55:40 -0400] "GET /wp-admin/sx.php HTTP/1.1" 404 16535 "-" "-"
52.170.79.168 - - [05/Apr/2025:15:55:43 -0400] "GET /wp-content/plugins/fix/sx.php HTTP/1.1" 404 16535 "-" "-"
52.170.79.168 - - [05/Apr/2025:15:55:45 -0400] "GET /wp-admin/includes/sx.php HTTP/1.1" 404 16535 "-" "-"
52.170.79.168 - - [05/Apr/2025:15:55:46 -0400] "GET /cgi-bin/sx.php HTTP/1.1" 404 16535 "-" "-"
52.170.79.168 - - [05/Apr/2025:15:55:48 -0400] "GET /wp-admin/css/sx.php HTTP/1.1" 404 16535 "-" "-"
52.170.79.168 - - [05/Apr/2025:15:55:50 -0400] "GET /wp-admin/network/sx.php HTTP/1.1" 404 16535 "-" "-"
52.170.79.168 - - [05/Apr/2025:15:55:53 -0400] "GET /wp-includes/block-supports/sx.php HTTP/1.1" 404 16535 "-" "-"
52.170.79.168 - - [05/Apr/2025:15:55:54 -0400] "GET /wp-includes/IXR/sx.php HTTP/1.1" 404 16533 "-" "-"
52.170.79.168 - - [05/Apr/2025:15:55:57 -0400] "GET /.well-known/sx.php HTTP/1.1" 404 16535 "-" "-"
52.170.79.168 - - [05/Apr/2025:15:55:59 -0400] "GET /wp-includes/js/tinymce/skins/lightgray/fonts/sx.php HTTP/1.1" 404 16535 "-" "-"
52.170.79.168 - - [05/Apr/2025:15:56:01 -0400] "GET /wp-content/sx.php HTTP/1.1" 404 16535 "-" "-"
52.170.79.168 - - [05/Apr/2025:15:56:03 -0400] "GET /wp-content/plugins/elementor/sx.php HTTP/1.1" 404 16535 "-" "-"
52.170.79.168 - - [05/Apr/2025:15:56:05 -0400] "GET /.well-known/acme-challenge/sx.php HTTP/1.1" 404 16535 "-" "-"
52.170.79.168 - - [05/Apr/2025:15:56:08 -0400] "GET /wp-includes/js/jcrop/sx.php HTTP/1.1" 404 16535 "-" "-"
52.170.79.168 - - [05/Apr/2025:15:56:09 -0400] "GET /wp-includes/rest-api/sx.php HTTP/1.1" 404 16535 "-" "-"
52.170.79.168 - - [05/Apr/2025:15:56:12 -0400] "GET /wp-admin/images/sx.php HTTP/1.1" 404 16535 "-" "-"
52.170.79.168 - - [05/Apr/2025:15:56:13 -0400] "GET /wp-admin/css/colors/blue/blue.php HTTP/1.1" 404 16535 "-" "-"
52.170.79.168 - - [05/Apr/2025:15:56:15 -0400] "GET /chosen HTTP/1.1" 404 16535 "-" "-"
52.170.79.168 - - [05/Apr/2025:15:56:17 -0400] "GET /wp-content/plugins/fix/up.php HTTP/1.1" 404 16535 "-" "-"
52.170.79.168 - - [05/Apr/2025:15:56:18 -0400] "GET /install.php HTTP/1.1" 404 16535 "-" "-"
52.170.79.168 - - [05/Apr/2025:15:56:20 -0400] "GET /wp-includes/images/include.php HTTP/1.1" 404 16535 "-" "-"
52.170.79.168 - - [05/Apr/2025:15:56:23 -0400] "GET /gel4y.php HTTP/1.1" 404 16535 "-" "-"
52.170.79.168 - - [05/Apr/2025:15:56:25 -0400] "GET /comfunctions.php HTTP/1.1" 404 16535 "-" "-"
198.54.114.83 - - [05/Apr/2025:15:56:29 -0400] "POST /wp-cron.php?doing_wp_cron=1743882987.8439099788665771484375 HTTP/1.1" 200 0 "-" "WordPress/6.7.2; https://shahmeenaindustry.com"
52.170.79.168 - - [05/Apr/2025:15:56:27 -0400] "GET /wp-content/plugins/core-plugin/include.php HTTP/1.1" 404 16535 "-" "-"
52.170.79.168 - - [05/Apr/2025:15:56:30 -0400] "GET /wp-content/themes/wp-classic/inc/index.php HTTP/1.1" 301 0 "-" "-"
52.170.79.168 - - [05/Apr/2025:15:56:31 -0400] "GET /wp-content/themes/wp-classic/inc/ HTTP/1.1" 404 16535 "-" "-"
52.170.79.168 - - [05/Apr/2025:15:56:38 -0400] "GET /assets/images/1p.php HTTP/1.1" 404 16535 "-" "-"
52.170.79.168 - - [05/Apr/2025:15:56:41 -0400] "GET /class.api.php HTTP/1.1" 404 16535 "-" "-"
52.170.79.168 - - [05/Apr/2025:15:56:43 -0400] "GET /plugin.php HTTP/1.1" 404 16535 "-" "-"
52.170.79.168 - - [05/Apr/2025:15:56:45 -0400] "GET /wp-mail.php HTTP/1.1" 403 1123 "-" "-"
52.170.79.168 - - [05/Apr/2025:15:56:48 -0400] "GET /cong.php HTTP/1.1" 404 16535 "-" "-"
52.170.79.168 - - [05/Apr/2025:15:56:50 -0400] "GET /wp-content/index.php HTTP/1.1" 200 0 "-" "-"
52.170.79.168 - - [05/Apr/2025:15:56:51 -0400] "GET /.well-known/acme-challenge/xmrlpc.php HTTP/1.1" 404 16535 "-" "-"
52.170.79.168 - - [05/Apr/2025:15:56:52 -0400] "GET /wp-configs.php HTTP/1.1" 404 16535 "-" "-"
52.170.79.168 - - [05/Apr/2025:15:56:53 -0400] "GET /mah.php HTTP/1.1" 404 16535 "-" "-"
52.170.79.168 - - [05/Apr/2025:15:56:55 -0400] "GET /defaults.php HTTP/1.1" 404 16533 "-" "-"
52.170.79.168 - - [05/Apr/2025:15:56:57 -0400] "GET /wp-content/themes/sketch/404.php HTTP/1.1" 404 16535 "-" "-"
52.170.79.168 - - [05/Apr/2025:15:56:59 -0400] "GET /input.php HTTP/1.1" 404 16535 "-" "-"
52.170.79.168 - - [05/Apr/2025:15:57:02 -0400] "GET /admin-ajax.php HTTP/1.1" 404 16535 "-" "-"
52.170.79.168 - - [05/Apr/2025:15:57:03 -0400] "GET /0z.php HTTP/1.1" 404 16535 "-" "-"
52.170.79.168 - - [05/Apr/2025:15:57:04 -0400] "GET /media.php HTTP/1.1" 404 16535 "-" "-"
52.170.79.168 - - [05/Apr/2025:15:57:07 -0400] "GET /chosen.php HTTP/1.1" 404 16535 "-" "-"
52.170.79.168 - - [05/Apr/2025:15:57:09 -0400] "GET /wp-includes/fonts/wp-login.php HTTP/1.1" 404 16535 "-" "-"
52.170.79.168 - - [05/Apr/2025:15:57:12 -0400] "GET /wp-admin/users.php HTTP/1.1" 302 0 "-" "-"
52.170.79.168 - - [05/Apr/2025:15:57:18 -0400] "GET /wp-content/uploads/cache.php HTTP/1.1" 404 16535 "-" "-"
52.170.79.168 - - [05/Apr/2025:15:57:21 -0400] "GET /.well-known/pki-validation/file.php HTTP/1.1" 404 1251 "-" "-"
52.170.79.168 - - [05/Apr/2025:15:57:22 -0400] "GET /.wp-cli/wp-login.php HTTP/1.1" 404 16535 "-" "-"
198.54.114.83 - - [05/Apr/2025:15:57:29 -0400] "POST /wp-cron.php?doing_wp_cron=1743883048.7055931091308593750000 HTTP/1.1" 200 0 "-" "WordPress/6.7.2; https://shahmeenaindustry.com"
52.170.79.168 - - [05/Apr/2025:15:57:28 -0400] "GET /authorize.php HTTP/1.1" 404 16535 "-" "-"
198.54.114.83 - - [05/Apr/2025:15:57:34 -0400] "POST /wp-cron.php?doing_wp_cron=1743883053.1879870891571044921875 HTTP/1.1" 200 0 "-" "WordPress/6.7.2; https://shahmeenaindustry.com"
52.170.79.168 - - [05/Apr/2025:15:57:32 -0400] "GET /wp-admin/css/colors/blue/CasperExV1.php HTTP/1.1" 404 16535 "-" "-"
52.170.79.168 - - [05/Apr/2025:15:57:35 -0400] "GET /wp-admin/includes/users.php HTTP/1.1" 404 16535 "-" "-"
52.170.79.168 - - [05/Apr/2025:15:57:38 -0400] "GET /wp-content/plugins/revslider/includes/external/page/index.php HTTP/1.1" 301 0 "-" "-"
52.170.79.168 - - [05/Apr/2025:15:57:39 -0400] "GET /wp-content/plugins/revslider/includes/external/page/ HTTP/1.1" 404 16535 "-" "-"
52.170.79.168 - - [05/Apr/2025:15:57:41 -0400] "GET /wp.php HTTP/1.1" 404 16535 "-" "-"
52.170.79.168 - - [05/Apr/2025:15:57:43 -0400] "GET /wp-content/plugins/WordPressCore/include.php HTTP/1.1" 404 16535 "-" "-"
52.170.79.168 - - [05/Apr/2025:15:57:45 -0400] "GET /wp-2019.php HTTP/1.1" 404 16535 "-" "-"
52.170.79.168 - - [05/Apr/2025:15:57:46 -0400] "GET /upload.php HTTP/1.1" 404 16535 "-" "-"
52.170.79.168 - - [05/Apr/2025:15:57:47 -0400] "GET /themes.php HTTP/1.1" 404 16535 "-" "-"
52.170.79.168 - - [05/Apr/2025:15:57:49 -0400] "GET /wp-admin/network/index.php HTTP/1.1" 302 0 "-" "-"
52.170.79.168 - - [05/Apr/2025:15:57:52 -0400] "GET /wp-content/plugins/WordPressCore/blkfqnikz.php HTTP/1.1" 404 16535 "-" "-"
52.170.79.168 - - [05/Apr/2025:15:57:54 -0400] "GET /wp/wp-admin/includes/class-wp-page-mvb2yr.php HTTP/1.1" 404 16535 "-" "-"
52.170.79.168 - - [05/Apr/2025:15:57:55 -0400] "GET /content.php HTTP/1.1" 404 16535 "-" "-"
52.170.79.168 - - [05/Apr/2025:15:57:57 -0400] "GET /st.php HTTP/1.1" 404 16533 "-" "-"
52.170.79.168 - - [05/Apr/2025:15:57:58 -0400] "GET /wp-includes/images/smilies/about.php HTTP/1.1" 404 16535 "-" "-"
52.170.79.168 - - [05/Apr/2025:15:58:00 -0400] "GET /simple.php HTTP/1.1" 404 16535 "-" "-"
52.170.79.168 - - [05/Apr/2025:15:58:01 -0400] "GET /function.php HTTP/1.1" 404 16535 "-" "-"
52.170.79.168 - - [05/Apr/2025:15:58:03 -0400] "GET /ynz.PhP7 HTTP/1.1" 404 16536 "-" "-"
52.170.79.168 - - [05/Apr/2025:15:58:04 -0400] "GET /wp-content/style-css.php HTTP/1.1" 404 16535 "-" "-"
52.170.79.168 - - [05/Apr/2025:15:58:05 -0400] "GET /wp-includes/IXR/wp-login.php HTTP/1.1" 404 16535 "-" "-"
52.170.79.168 - - [05/Apr/2025:15:58:07 -0400] "GET /.well-known/acme-challenge/about.php HTTP/1.1" 404 16535 "-" "-"
52.170.79.168 - - [05/Apr/2025:15:58:08 -0400] "GET /wordpress/wp-includes/IXR/allez.php HTTP/1.1" 404 16535 "-" "-"
52.170.79.168 - - [05/Apr/2025:15:58:09 -0400] "GET /rendixd.php HTTP/1.1" 404 16535 "-" "-"
52.170.79.168 - - [05/Apr/2025:15:58:10 -0400] "GET /wp-admin/css/admin.php HTTP/1.1" 404 16535 "-" "-"
52.170.79.168 - - [05/Apr/2025:15:58:12 -0400] "GET /filefuns.php HTTP/1.1" 404 16535 "-" "-"
52.170.79.168 - - [05/Apr/2025:15:58:14 -0400] "GET /options.php HTTP/1.1" 404 16535 "-" "-"
52.170.79.168 - - [05/Apr/2025:15:58:16 -0400] "GET /wp-includes/js/tinymce/skins/lightgray/img/index.php HTTP/1.1" 301 0 "-" "-"
52.170.79.168 - - [05/Apr/2025:15:58:17 -0400] "GET /wp-includes/js/tinymce/skins/lightgray/img/ HTTP/1.1" 403 1242 "-" "-"
52.170.79.168 - - [05/Apr/2025:15:58:17 -0400] "GET /edit.php HTTP/1.1" 404 16535 "-" "-"
52.170.79.168 - - [05/Apr/2025:15:58:18 -0400] "GET /user.php HTTP/1.1" 404 16535 "-" "-"
52.170.79.168 - - [05/Apr/2025:15:58:21 -0400] "GET /worm0.PhP7 HTTP/1.1" 404 16535 "-" "-"
52.170.79.168 - - [05/Apr/2025:15:58:22 -0400] "GET /wp-includes/js/tinymce/skins/wordpress/images/index.php HTTP/1.1" 301 0 "-" "-"
52.170.79.168 - - [05/Apr/2025:15:58:22 -0400] "GET /wp-includes/js/tinymce/skins/wordpress/images/ HTTP/1.1" 403 1242 "-" "-"
52.170.79.168 - - [05/Apr/2025:15:58:22 -0400] "GET /.well-known//.well-known/owlmailer.php HTTP/1.1" 301 0 "-" "-"
52.170.79.168 - - [05/Apr/2025:15:58:23 -0400] "GET /.well-known/.well-known/owlmailer.php HTTP/1.1" 404 16535 "-" "-"
52.170.79.168 - - [05/Apr/2025:15:58:24 -0400] "GET /wp-content/uploads/cong.php HTTP/1.1" 404 16536 "-" "-"
52.170.79.168 - - [05/Apr/2025:15:58:25 -0400] "GET /01.php HTTP/1.1" 404 16535 "-" "-"
52.170.79.168 - - [05/Apr/2025:15:58:26 -0400] "GET /wp-content/uploads/wp-login.php.suspected HTTP/1.1" 404 16535 "-" "-"
52.170.79.168 - - [05/Apr/2025:15:58:28 -0400] "GET /wp-includes/rest-api/endpoints/html.php HTTP/1.1" 404 16535 "-" "-"
52.170.79.168 - - [05/Apr/2025:15:58:29 -0400] "GET /wp-admin/js/widgets/cong.php HTTP/1.1" 404 16535 "-" "-"
52.170.79.168 - - [05/Apr/2025:15:58:30 -0400] "GET /doc.php HTTP/1.1" 404 16535 "-" "-"
52.170.79.168 - - [05/Apr/2025:15:58:31 -0400] "GET /ws.php HTTP/1.1" 404 16535 "-" "-"
52.170.79.168 - - [05/Apr/2025:15:58:32 -0400] "GET /link.php HTTP/1.1" 404 16535 "-" "-"
198.54.114.83 - - [05/Apr/2025:15:58:34 -0400] "POST /wp-cron.php?doing_wp_cron=1743883114.0755538940429687500000 HTTP/1.1" 200 0 "-" "WordPress/6.7.2; https://shahmeenaindustry.com"
52.170.79.168 - - [05/Apr/2025:15:58:33 -0400] "GET /autoload_classmap.php HTTP/1.1" 404 16535 "-" "-"
52.170.79.168 - - [05/Apr/2025:15:58:35 -0400] "GET /wp-admin/js/privacy-tools.min.php HTTP/1.1" 404 16535 "-" "-"
52.170.79.168 - - [05/Apr/2025:15:58:36 -0400] "GET /wp-includes/pomo/wp-login.php HTTP/1.1" 404 16536 "-" "-"
52.170.79.168 - - [05/Apr/2025:15:58:38 -0400] "GET /db.php HTTP/1.1" 404 16535 "-" "-"
52.170.79.168 - - [05/Apr/2025:15:58:39 -0400] "GET /wp-content/uploads/error_log.php HTTP/1.1" 404 16535 "-" "-"
198.54.114.83 - - [05/Apr/2025:15:58:40 -0400] "POST /wp-cron.php?doing_wp_cron=1743883120.8127799034118652343750 HTTP/1.1" 200 0 "-" "WordPress/6.7.2; https://shahmeenaindustry.com"
52.170.79.168 - - [05/Apr/2025:15:58:40 -0400] "GET /google.php HTTP/1.1" 404 16535 "-" "-"
52.170.79.168 - - [05/Apr/2025:15:58:42 -0400] "GET /wp-includes/sts.php HTTP/1.1" 404 16535 "-" "-"
52.170.79.168 - - [05/Apr/2025:15:58:43 -0400] "GET /wp-includes/pomo/fgertreyersd.php.suspected HTTP/1.1" 404 16535 "-" "-"
52.170.79.168 - - [05/Apr/2025:15:58:44 -0400] "GET /wp-includes/Requests/dropdown.php HTTP/1.1" 404 16535 "-" "-"
52.170.79.168 - - [05/Apr/2025:15:58:45 -0400] "GET /wp-content/install.php HTTP/1.1" 404 16535 "-" "-"
52.170.79.168 - - [05/Apr/2025:15:58:46 -0400] "GET /.well-known/admin.php HTTP/1.1" 404 16536 "-" "-"
52.170.79.168 - - [05/Apr/2025:15:58:48 -0400] "GET /revision.php HTTP/1.1" 404 16535 "-" "-"
52.170.79.168 - - [05/Apr/2025:15:58:49 -0400] "GET /css/sgd.php HTTP/1.1" 404 16535 "-" "-"
52.170.79.168 - - [05/Apr/2025:15:58:51 -0400] "GET /wp-content/plugins/index.php HTTP/1.1" 200 0 "-" "-"
198.54.114.83 - - [05/Apr/2025:16:06:34 -0400] "POST /wp-cron.php?doing_wp_cron=1743883593.5615830421447753906250 HTTP/1.1" 200 0 "-" "WordPress/6.7.2; https://shahmeenaindustry.com"
216.244.66.200 - - [05/Apr/2025:16:06:33 -0400] "GET /page/54/ HTTP/1.1" 200 21031 "-" "Mozilla/5.0 (compatible; DotBot/1.2; +https://opensiteexplorer.org/dotbot; help@moz.com)"
2602:fa59:5:866::1 - - [05/Apr/2025:16:08:19 -0400] "GET /wp-admin/network/index.php HTTP/1.1" 302 0 "-" "Mozlila/5.0 (Linux; Android 7.0; SM-G892A Bulid/NRD90M; wv) AppleWebKit/537.36 (KHTML, like Gecko) Version/4.0 Chrome/60.0.3112.107 Moblie Safari/537.36"
2602:fa59:5:866::1 - - [05/Apr/2025:16:08:45 -0400] "GET /wp-admin/js/index.php HTTP/1.1" 301 0 "-" "Mozlila/5.0 (Linux; Android 7.0; SM-G892A Bulid/NRD90M; wv) AppleWebKit/537.36 (KHTML, like Gecko) Version/4.0 Chrome/60.0.3112.107 Moblie Safari/537.36"
2602:fa59:5:866::1 - - [05/Apr/2025:16:08:46 -0400] "GET /wp-admin/js/ HTTP/1.1" 403 1242 "-" "Mozlila/5.0 (Linux; Android 7.0; SM-G892A Bulid/NRD90M; wv) AppleWebKit/537.36 (KHTML, like Gecko) Version/4.0 Chrome/60.0.3112.107 Moblie Safari/537.36"
2602:fa59:5:866::1 - - [05/Apr/2025:16:08:56 -0400] "GET /wp-admin/images/index.php HTTP/1.1" 301 0 "-" "Mozlila/5.0 (Linux; Android 7.0; SM-G892A Bulid/NRD90M; wv) AppleWebKit/537.36 (KHTML, like Gecko) Version/4.0 Chrome/60.0.3112.107 Moblie Safari/537.36"
2602:fa59:5:866::1 - - [05/Apr/2025:16:08:57 -0400] "GET /wp-admin/images/ HTTP/1.1" 403 1242 "-" "Mozlila/5.0 (Linux; Android 7.0; SM-G892A Bulid/NRD90M; wv) AppleWebKit/537.36 (KHTML, like Gecko) Version/4.0 Chrome/60.0.3112.107 Moblie Safari/537.36"
2602:fa59:5:866::1 - - [05/Apr/2025:16:09:08 -0400] "GET /wp-admin/css/index.php HTTP/1.1" 301 0 "-" "Mozlila/5.0 (Linux; Android 7.0; SM-G892A Bulid/NRD90M; wv) AppleWebKit/537.36 (KHTML, like Gecko) Version/4.0 Chrome/60.0.3112.107 Moblie Safari/537.36"
2602:fa59:5:866::1 - - [05/Apr/2025:16:09:10 -0400] "GET /wp-admin/css/ HTTP/1.1" 403 1242 "-" "Mozlila/5.0 (Linux; Android 7.0; SM-G892A Bulid/NRD90M; wv) AppleWebKit/537.36 (KHTML, like Gecko) Version/4.0 Chrome/60.0.3112.107 Moblie Safari/537.36"
2602:fa59:5:866::1 - - [05/Apr/2025:16:09:21 -0400] "GET /wp-includes/SimplePie/Content/Type/index.php HTTP/1.1" 301 0 "-" "Mozlila/5.0 (Linux; Android 7.0; SM-G892A Bulid/NRD90M; wv) AppleWebKit/537.36 (KHTML, like Gecko) Version/4.0 Chrome/60.0.3112.107 Moblie Safari/537.36"
2602:fa59:5:866::1 - - [05/Apr/2025:16:09:22 -0400] "GET /wp-includes/SimplePie/Content/Type/ HTTP/1.1" 404 16535 "-" "Mozlila/5.0 (Linux; Android 7.0; SM-G892A Bulid/NRD90M; wv) AppleWebKit/537.36 (KHTML, like Gecko) Version/4.0 Chrome/60.0.3112.107 Moblie Safari/537.36"
195.26.225.218 - - [05/Apr/2025:16:09:30 -0400] "GET /how-to-get-the-most-out-of-a-jade-roller/ HTTP/1.1" 200 21757 "http://shahmeenaindustry.com/how-to-get-the-most-out-of-a-jade-roller/" "Mozilla/5.0 (Windows NT 10.0; Win64; x64) AppleWebKit/537.36 (KHTML, like Gecko) Chrome/129.0.0.0 Safari/537.36"
2602:fa59:5:866::1 - - [05/Apr/2025:16:09:31 -0400] "GET /wp-includes/Requests/Auth/index.php HTTP/1.1" 301 0 "-" "Mozlila/5.0 (Linux; Android 7.0; SM-G892A Bulid/NRD90M; wv) AppleWebKit/537.36 (KHTML, like Gecko) Version/4.0 Chrome/60.0.3112.107 Moblie Safari/537.36"
2602:fa59:5:866::1 - - [05/Apr/2025:16:09:31 -0400] "GET /wp-includes/Requests/Auth/ HTTP/1.1" 404 16534 "-" "Mozlila/5.0 (Linux; Android 7.0; SM-G892A Bulid/NRD90M; wv) AppleWebKit/537.36 (KHTML, like Gecko) Version/4.0 Chrome/60.0.3112.107 Moblie Safari/537.36"
198.54.114.83 - - [05/Apr/2025:16:09:33 -0400] "POST /wp-cron.php?doing_wp_cron=1743883772.5978069305419921875000 HTTP/1.1" 200 0 "-" "WordPress/6.7.2; https://shahmeenaindustry.com"
195.26.225.218 - - [05/Apr/2025:16:09:31 -0400] "POST /wp-comments-post.php HTTP/1.1" 302 0 "http://shahmeenaindustry.com/how-to-get-the-most-out-of-a-jade-roller/" "Mozilla/5.0 (Windows NT 10.0; Win64; x64) AppleWebKit/537.36 (KHTML, like Gecko) Chrome/129.0.0.0 Safari/537.36"
2602:fa59:5:866::1 - - [05/Apr/2025:16:09:53 -0400] "GET /wp-admin/css/colors/index.php HTTP/1.1" 301 0 "-" "Mozlila/5.0 (Linux; Android 7.0; SM-G892A Bulid/NRD90M; wv) AppleWebKit/537.36 (KHTML, like Gecko) Version/4.0 Chrome/60.0.3112.107 Moblie Safari/537.36"
2602:fa59:5:866::1 - - [05/Apr/2025:16:09:55 -0400] "GET /wp-admin/css/colors/ HTTP/1.1" 403 1242 "-" "Mozlila/5.0 (Linux; Android 7.0; SM-G892A Bulid/NRD90M; wv) AppleWebKit/537.36 (KHTML, like Gecko) Version/4.0 Chrome/60.0.3112.107 Moblie Safari/537.36"
2602:fa59:5:866::1 - - [05/Apr/2025:16:10:04 -0400] "GET /wp-content/languages/index.php HTTP/1.1" 301 0 "-" "Mozlila/5.0 (Linux; Android 7.0; SM-G892A Bulid/NRD90M; wv) AppleWebKit/537.36 (KHTML, like Gecko) Version/4.0 Chrome/60.0.3112.107 Moblie Safari/537.36"
2602:fa59:5:866::1 - - [05/Apr/2025:16:10:05 -0400] "GET /wp-content/languages/ HTTP/1.1" 404 16535 "-" "Mozlila/5.0 (Linux; Android 7.0; SM-G892A Bulid/NRD90M; wv) AppleWebKit/537.36 (KHTML, like Gecko) Version/4.0 Chrome/60.0.3112.107 Moblie Safari/537.36"
216.244.66.200 - - [05/Apr/2025:16:10:10 -0400] "GET /modern-medicine-versus-nature-in-treating-cancer/feed/ HTTP/1.1" 200 452 "-" "Mozilla/5.0 (compatible; DotBot/1.2; +https://opensiteexplorer.org/dotbot; help@moz.com)"
2602:fa59:5:866::1 - - [05/Apr/2025:16:10:15 -0400] "GET /wp-content/upgrade/index.php HTTP/1.1" 301 0 "-" "Mozlila/5.0 (Linux; Android 7.0; SM-G892A Bulid/NRD90M; wv) AppleWebKit/537.36 (KHTML, like Gecko) Version/4.0 Chrome/60.0.3112.107 Moblie Safari/537.36"
2602:fa59:5:866::1 - - [05/Apr/2025:16:10:16 -0400] "GET /wp-content/upgrade/ HTTP/1.1" 403 1242 "-" "Mozlila/5.0 (Linux; Android 7.0; SM-G892A Bulid/NRD90M; wv) AppleWebKit/537.36 (KHTML, like Gecko) Version/4.0 Chrome/60.0.3112.107 Moblie Safari/537.36"
2602:fa59:5:866::1 - - [05/Apr/2025:16:10:30 -0400] "GET /wp-content/IXR/index.php HTTP/1.1" 301 0 "-" "Mozlila/5.0 (Linux; Android 7.0; SM-G892A Bulid/NRD90M; wv) AppleWebKit/537.36 (KHTML, like Gecko) Version/4.0 Chrome/60.0.3112.107 Moblie Safari/537.36"
2602:fa59:5:866::1 - - [05/Apr/2025:16:10:31 -0400] "GET /wp-content/IXR/ HTTP/1.1" 404 16535 "-" "Mozlila/5.0 (Linux; Android 7.0; SM-G892A Bulid/NRD90M; wv) AppleWebKit/537.36 (KHTML, like Gecko) Version/4.0 Chrome/60.0.3112.107 Moblie Safari/537.36"
84.17.60.251 - - [05/Apr/2025:16:22:56 -0400] "GET / HTTP/1.1" 200 24612 "-" "Mozilla/5.0 (Windows NT 10.0; Win64; x64) AppleWebKit/537.36 (KHTML, like Gecko) Chrome/78.0.3904.108 Safari/537.36"
198.54.114.83 - - [05/Apr/2025:16:22:56 -0400] "POST /wp-cron.php?doing_wp_cron=1743884576.7831261157989501953125 HTTP/1.1" 200 0 "-" "WordPress/6.7.2; https://shahmeenaindustry.com"
84.17.60.251 - - [05/Apr/2025:16:22:56 -0400] "GET /?author=1 HTTP/1.1" 301 0 "-" "Mozilla/5.0 (Windows NT 10.0; Win64; x64) AppleWebKit/537.36 (KHTML, like Gecko) Chrome/78.0.3904.108 Safari/537.36"
84.17.60.251 - - [05/Apr/2025:16:22:58 -0400] "GET /?author=2 HTTP/1.1" 301 0 "-" "Mozilla/5.0 (Windows NT 10.0; Win64; x64) AppleWebKit/537.36 (KHTML, like Gecko) Chrome/78.0.3904.108 Safari/537.36"
84.17.60.251 - - [05/Apr/2025:16:22:59 -0400] "GET /wp-json/wp/v2/users/ HTTP/1.1" 200 1381 "-" "Mozilla/5.0 (Windows NT 10.0; Win64; x64) AppleWebKit/537.36 (KHTML, like Gecko) Chrome/78.0.3904.108 Safari/537.36"
84.17.60.251 - - [05/Apr/2025:16:23:01 -0400] "POST /xmlrpc.php HTTP/1.1" 200 236 "-" "Mozilla/5.0 (Windows NT 10.0; Win64; x64) AppleWebKit/537.36 (KHTML, like Gecko) Chrome/78.0.3904.108 Safari/537.36"
84.17.60.251 - - [05/Apr/2025:16:23:02 -0400] "POST /xmlrpc.php HTTP/1.1" 200 236 "-" "Mozilla/5.0 (Windows NT 10.0; Win64; x64) AppleWebKit/537.36 (KHTML, like Gecko) Chrome/78.0.3904.108 Safari/537.36"
84.17.60.251 - - [05/Apr/2025:16:23:04 -0400] "POST /xmlrpc.php HTTP/1.1" 200 236 "-" "Mozilla/5.0 (Windows NT 10.0; Win64; x64) AppleWebKit/537.36 (KHTML, like Gecko) Chrome/78.0.3904.108 Safari/537.36"
84.17.60.251 - - [05/Apr/2025:16:23:05 -0400] "POST /xmlrpc.php HTTP/1.1" 200 236 "-" "Mozilla/5.0 (Windows NT 10.0; Win64; x64) AppleWebKit/537.36 (KHTML, like Gecko) Chrome/78.0.3904.108 Safari/537.36"
84.17.60.251 - - [05/Apr/2025:16:23:05 -0400] "POST /xmlrpc.php HTTP/1.1" 200 236 "-" "Mozilla/5.0 (Windows NT 10.0; Win64; x64) AppleWebKit/537.36 (KHTML, like Gecko) Chrome/78.0.3904.108 Safari/537.36"
84.17.60.251 - - [05/Apr/2025:16:23:06 -0400] "POST /xmlrpc.php HTTP/1.1" 200 236 "-" "Mozilla/5.0 (Windows NT 10.0; Win64; x64) AppleWebKit/537.36 (KHTML, like Gecko) Chrome/78.0.3904.108 Safari/537.36"
103.79.155.30 - - [05/Apr/2025:16:39:04 -0400] "POST /vendor/phpunit/phpunit/src/Util/PHP/eval-stdin.php HTTP/1.1" 403 1242 "-" "python-requests/2.32.3"
103.79.155.30 - - [05/Apr/2025:16:39:05 -0400] "POST /vendor/phpunits/phpunit/src/Util/PHP/eval-stdin.php HTTP/1.1" 403 1242 "-" "python-requests/2.32.3"
103.79.155.30 - - [05/Apr/2025:16:39:06 -0400] "POST /assets/vendor/phpunit/phpunit/src/Util/PHP/eval-stdin.php HTTP/1.1" 403 1242 "-" "python-requests/2.32.3"
103.79.155.30 - - [05/Apr/2025:16:39:07 -0400] "POST /admin/vendor/phpunit/phpunit/src/Util/PHP/eval-stdin.php HTTP/1.1" 403 1242 "-" "python-requests/2.32.3"
103.79.155.30 - - [05/Apr/2025:16:39:08 -0400] "POST /lib/vendor/phpunit/phpunit/src/Util/PHP/eval-stdin.php HTTP/1.1" 403 1242 "-" "python-requests/2.32.3"
103.79.155.30 - - [05/Apr/2025:16:39:09 -0400] "POST /_vendor/phpunit/phpunit/src/Util/PHP/eval-stdin.php HTTP/1.1" 403 1242 "-" "python-requests/2.32.3"
103.79.155.30 - - [05/Apr/2025:16:39:12 -0400] "POST /adminstrator/vendor/phpunit/phpunit/src/Util/PHP/eval-stdin.php HTTP/1.1" 403 1242 "-" "python-requests/2.32.3"
103.79.155.30 - - [05/Apr/2025:16:39:13 -0400] "POST /plugins/vendor/phpunit/phpunit/src/Util/PHP/eval-stdin.php HTTP/1.1" 403 1242 "-" "python-requests/2.32.3"
216.244.66.200 - - [05/Apr/2025:16:41:01 -0400] "GET /robots.txt HTTP/1.1" 304 0 "-" "Mozilla/5.0 (compatible; DotBot/1.2; +https://opensiteexplorer.org/dotbot; help@moz.com)"
185.7.214.130 - - [05/Apr/2025:16:45:23 -0400] "GET / HTTP/1.1" 200 24612 "http://shahmeenaindustry.com/" "Mozilla/5.0 (Windows NT 10.0; Win64; x64) AppleWebKit/537.36 (KHTML, like Gecko) Chrome/129.0.0.0 Safari/537.36"
216.244.66.200 - - [05/Apr/2025:16:45:39 -0400] "GET /2025/03/ HTTP/1.1" 301 0 "-" "Mozilla/5.0 (compatible; DotBot/1.2; +https://opensiteexplorer.org/dotbot; help@moz.com)"
198.54.114.83 - - [05/Apr/2025:16:47:31 -0400] "POST /wp-cron.php?doing_wp_cron=1743886051.6566751003265380859375 HTTP/1.1" 200 0 "-" "WordPress/6.7.2; https://shahmeenaindustry.com"
216.244.66.200 - - [05/Apr/2025:16:47:29 -0400] "GET /restoring-alignment-effective-strategies-for-correcting-forward-head-posture/ HTTP/1.1" 200 21441 "-" "Mozilla/5.0 (compatible; DotBot/1.2; +https://opensiteexplorer.org/dotbot; help@moz.com)"
198.54.114.83 - - [05/Apr/2025:16:48:50 -0400] "POST /wp-cron.php?doing_wp_cron=1743886130.7166750431060791015625 HTTP/1.1" 200 0 "-" "WordPress/6.7.2; https://shahmeenaindustry.com"
216.244.66.200 - - [05/Apr/2025:16:48:50 -0400] "GET /best-pc-builder-website/feed/ HTTP/1.1" 200 428 "-" "Mozilla/5.0 (compatible; DotBot/1.2; +https://opensiteexplorer.org/dotbot; help@moz.com)"
216.244.66.200 - - [05/Apr/2025:16:49:15 -0400] "GET /unlocking-the-secrets-of-radiant-skin-the-art-of-skincare/feed/ HTTP/1.1" 200 464 "-" "Mozilla/5.0 (compatible; DotBot/1.2; +https://opensiteexplorer.org/dotbot; help@moz.com)"
185.121.234.50 - - [05/Apr/2025:17:18:37 -0400] "GET /how-to-get-the-most-out-of-a-jade-roller/ HTTP/1.1" 200 21757 "http://shahmeenaindustry.com/how-to-get-the-most-out-of-a-jade-roller/" "Mozilla/5.0 (Windows NT 10.0; Win64; x64) AppleWebKit/537.36 (KHTML, like Gecko) Chrome/130.0.0.0 Safari/537.36 CCleaner/130.0.0.0"
93.183.89.12 - - [05/Apr/2025:17:18:43 -0400] "GET /how-to-get-the-most-out-of-a-jade-roller/ HTTP/1.1" 200 21757 "http://shahmeenaindustry.com/how-to-get-the-most-out-of-a-jade-roller/" "Mozilla/5.0 (Windows NT 10.0; Win64; x64) AppleWebKit/537.36 (KHTML, like Gecko) Chrome/131.0.0.0 Safari/537.36"
198.54.114.83 - - [05/Apr/2025:17:18:44 -0400] "POST /wp-cron.php?doing_wp_cron=1743887923.6379399299621582031250 HTTP/1.1" 200 0 "-" "WordPress/6.7.2; https://shahmeenaindustry.com"
185.121.234.50 - - [05/Apr/2025:17:18:38 -0400] "POST /wp-comments-post.php HTTP/1.1" 409 1194 "http://shahmeenaindustry.com/how-to-get-the-most-out-of-a-jade-roller/" "Mozilla/5.0 (Windows NT 10.0; Win64; x64) AppleWebKit/537.36 (KHTML, like Gecko) Chrome/130.0.0.0 Safari/537.36 CCleaner/130.0.0.0"
93.183.89.12 - - [05/Apr/2025:17:18:44 -0400] "POST /wp-comments-post.php HTTP/1.1" 409 1194 "http://shahmeenaindustry.com/how-to-get-the-most-out-of-a-jade-roller/" "Mozilla/5.0 (Windows NT 10.0; Win64; x64) AppleWebKit/537.36 (KHTML, like Gecko) Chrome/131.0.0.0 Safari/537.36"
185.121.234.50 - - [05/Apr/2025:17:18:45 -0400] "GET /how-to-get-the-most-out-of-a-jade-roller/ HTTP/1.1" 200 21757 "http://shahmeenaindustry.com/how-to-get-the-most-out-of-a-jade-roller/" "Mozilla/5.0 (Windows NT 10.0; Win64; x64) AppleWebKit/537.36 (KHTML, like Gecko) Chrome/130.0.0.0 Safari/537.36 CCleaner/130.0.0.0"
93.183.89.12 - - [05/Apr/2025:17:18:46 -0400] "GET /how-to-get-the-most-out-of-a-jade-roller/ HTTP/1.1" 200 21757 "http://shahmeenaindustry.com/how-to-get-the-most-out-of-a-jade-roller/" "Mozilla/5.0 (Windows NT 10.0; Win64; x64) AppleWebKit/537.36 (KHTML, like Gecko) Chrome/131.0.0.0 Safari/537.36"
216.244.66.200 - - [05/Apr/2025:17:32:43 -0400] "GET /dental-cost-how-routine-care-can-prevent-costly-problems/ HTTP/1.1" 200 23277 "-" "Mozilla/5.0 (compatible; DotBot/1.2; +https://opensiteexplorer.org/dotbot; help@moz.com)"
195.200.29.225 - - [05/Apr/2025:17:33:44 -0400] "GET /how-to-get-the-most-out-of-a-jade-roller/ HTTP/1.1" 200 21757 "http://shahmeenaindustry.com/how-to-get-the-most-out-of-a-jade-roller/" "Mozilla/5.0 (Windows NT 10.0; Win64; x64) AppleWebKit/537.36 (KHTML, like Gecko) Chrome/131.0.0.0 Safari/537.36 Avast/131.0.0.0"
198.54.114.83 - - [05/Apr/2025:17:33:44 -0400] "POST /wp-cron.php?doing_wp_cron=1743888824.8045530319213867187500 HTTP/1.1" 200 0 "-" "WordPress/6.7.2; https://shahmeenaindustry.com"
195.200.29.225 - - [05/Apr/2025:17:33:44 -0400] "POST /wp-comments-post.php HTTP/1.1" 302 0 "http://shahmeenaindustry.com/how-to-get-the-most-out-of-a-jade-roller/" "Mozilla/5.0 (Windows NT 10.0; Win64; x64) AppleWebKit/537.36 (KHTML, like Gecko) Chrome/131.0.0.0 Safari/537.36 Avast/131.0.0.0"
216.244.66.200 - - [05/Apr/2025:17:42:24 -0400] "GET /so-erstellen-sie-rockgitarren-solo-improvisationen/feed/ HTTP/1.1" 200 447 "-" "Mozilla/5.0 (compatible; DotBot/1.2; +https://opensiteexplorer.org/dotbot; help@moz.com)"
85.208.98.23 - - [05/Apr/2025:17:52:50 -0400] "GET /robots.txt HTTP/1.1" 304 0 "-" "Mozilla/5.0 (compatible; SemrushBot-BA; +http://www.semrush.com/bot.html)"
198.54.114.83 - - [05/Apr/2025:17:55:28 -0400] "POST /wp-cron.php?doing_wp_cron=1743890128.6969699859619140625000 HTTP/1.1" 200 0 "-" "WordPress/6.7.2; https://shahmeenaindustry.com"
37.139.53.198 - - [05/Apr/2025:17:55:25 -0400] "GET /drei-wichtige-fehler-die-sie-vermeiden-mussen-wenn-sie-gitarrenunterricht-geben/ HTTP/1.1" 200 21878 "-" "Mozilla/5.0 (Macintosh; Intel Mac OS X 12_5) AppleWebKit/537.36 (KHTML, like Gecko) Chrome/114.0.0.0 Safari/537.36 Vivaldi/5.3.2679.68"
37.139.53.198 - - [05/Apr/2025:17:55:38 -0400] "GET /drei-wichtige-fehler-die-sie-vermeiden-mussen-wenn-sie-gitarrenunterricht-geben/ HTTP/1.1" 200 21878 "http://shahmeenaindustry.com/drei-wichtige-fehler-die-sie-vermeiden-mussen-wenn-sie-gitarrenunterricht-geben/" "Mozilla/5.0 (Windows NT 6.3; Win64; x64) AppleWebKit/537.36 (KHTML, like Gecko) Chrome/103.0.0.0 Safari/537.36"
198.54.114.83 - - [05/Apr/2025:17:55:40 -0400] "POST /wp-cron.php?doing_wp_cron=1743890140.2604660987854003906250 HTTP/1.1" 200 0 "-" "WordPress/6.7.2; https://shahmeenaindustry.com"
37.139.53.198 - - [05/Apr/2025:17:55:39 -0400] "POST /wp-comments-post.php HTTP/1.1" 302 0 "http://shahmeenaindustry.com/drei-wichtige-fehler-die-sie-vermeiden-mussen-wenn-sie-gitarrenunterricht-geben/" "Mozilla/5.0 (Windows NT 6.3; Win64; x64) AppleWebKit/537.36 (KHTML, like Gecko) Chrome/103.0.0.0 Safari/537.36"
37.139.53.198 - - [05/Apr/2025:17:55:45 -0400] "GET /drei-wichtige-fehler-die-sie-vermeiden-mussen-wenn-sie-gitarrenunterricht-geben/ HTTP/1.1" 200 21878 "-" "Mozilla/5.0 (Windows NT 6.3; Win64; x64) AppleWebKit/537.36 (KHTML, like Gecko) Chrome/103.0.0.0 Safari/537.36"
98.158.100.12 - - [05/Apr/2025:18:05:53 -0400] "GET /cbd-shop-uk-review/ HTTP/1.1" 200 23132 "-" "Mozilla/5.0 (Macintosh; Intel Mac OS X 12_5) AppleWebKit/537.36 (KHTML, like Gecko) Chrome/114.0.0.0 Safari/537.36"
216.244.66.200 - - [05/Apr/2025:18:15:19 -0400] "GET /robots.txt HTTP/1.1" 304 0 "-" "Mozilla/5.0 (compatible; DotBot/1.2; +https://opensiteexplorer.org/dotbot; help@moz.com)"
185.174.156.124 - - [05/Apr/2025:18:17:02 -0400] "GET /cbd-shop-uk-review/ HTTP/1.1" 200 23132 "http://shahmeenaindustry.com/cbd-shop-uk-review/" "Mozilla/5.0 (Windows NT 10.0; Win64; x64) AppleWebKit/537.36 (KHTML, like Gecko) Chrome/131.0.0.0 Safari/537.36 Avast/131.0.0.0"
198.54.114.83 - - [05/Apr/2025:18:17:05 -0400] "POST /wp-cron.php?doing_wp_cron=1743891425.4793388843536376953125 HTTP/1.1" 200 0 "-" "WordPress/6.7.2; https://shahmeenaindustry.com"
185.174.156.124 - - [05/Apr/2025:18:17:03 -0400] "POST /wp-comments-post.php HTTP/1.1" 302 0 "http://shahmeenaindustry.com/cbd-shop-uk-review/" "Mozilla/5.0 (Windows NT 10.0; Win64; x64) AppleWebKit/537.36 (KHTML, like Gecko) Chrome/131.0.0.0 Safari/537.36 Avast/131.0.0.0"
198.54.114.83 - - [05/Apr/2025:18:21:01 -0400] "POST /wp-cron.php?doing_wp_cron=1743891661.6058309078216552734375 HTTP/1.1" 200 0 "-" "WordPress/6.7.2; https://shahmeenaindustry.com"
216.244.66.200 - - [05/Apr/2025:18:20:59 -0400] "GET /mba-online/ HTTP/1.1" 200 21090 "-" "Mozilla/5.0 (compatible; DotBot/1.2; +https://opensiteexplorer.org/dotbot; help@moz.com)"
172.184.190.202 - - [05/Apr/2025:18:58:51 -0400] "GET /.env HTTP/1.1" 403 1242 "-" "Mozilla/5.0 (Macintosh; Intel Mac OS X 10.15; rv:77.0) Gecko/20100101 Firefox/77.0"
172.184.190.202 - - [05/Apr/2025:18:58:51 -0400] "GET /wp-content/ HTTP/1.1" 200 0 "-" "Mozilla/5.0 (Macintosh; Intel Mac OS X 10.15; rv:77.0) Gecko/20100101 Firefox/77.0"
216.244.66.200 - - [05/Apr/2025:19:04:24 -0400] "GET /robots.txt HTTP/1.1" 304 0 "-" "Mozilla/5.0 (compatible; DotBot/1.2; +https://opensiteexplorer.org/dotbot; help@moz.com)"
178.128.99.84 - - [05/Apr/2025:19:06:43 -0400] "GET / HTTP/1.1" 200 24612 "-" "Mozilla/5.0 (Windows NT 10.0; Win64; x64) AppleWebKit/537.36 (KHTML, like Gecko) Chrome/95.0.4638.69 Safari/537.36"
178.128.99.84 - - [05/Apr/2025:19:06:44 -0400] "GET /wp-includes/ID3/license.txt HTTP/1.1" 200 501 "-" "Mozilla/5.0 (Windows NT 10.0; Win64; x64) AppleWebKit/537.36 (KHTML, like Gecko) Chrome/95.0.4638.69 Safari/537.36"
198.54.114.83 - - [05/Apr/2025:19:06:44 -0400] "POST /wp-cron.php?doing_wp_cron=1743894404.7065989971160888671875 HTTP/1.1" 200 0 "-" "WordPress/6.7.2; https://shahmeenaindustry.com"
178.128.99.84 - - [05/Apr/2025:19:06:44 -0400] "GET /feed/ HTTP/1.1" 200 217282 "-" "Mozilla/5.0 (Windows NT 10.0; Win64; x64) AppleWebKit/537.36 (KHTML, like Gecko) Chrome/95.0.4638.69 Safari/537.36"
178.128.99.84 - - [05/Apr/2025:19:06:46 -0400] "GET /?author=1 HTTP/1.1" 301 0 "-" "Mozilla/5.0 (Windows NT 10.0; Win64; x64) AppleWebKit/537.36 (KHTML, like Gecko) Chrome/95.0.4638.69 Safari/537.36"
178.128.99.84 - - [05/Apr/2025:19:06:47 -0400] "GET /wp-json/wp/v2/users/ HTTP/1.1" 200 1381 "-" "Mozilla/5.0 (Windows NT 10.0; Win64; x64) AppleWebKit/537.36 (KHTML, like Gecko) Chrome/95.0.4638.69 Safari/537.36"
178.128.99.84 - - [05/Apr/2025:19:06:48 -0400] "POST /xmlrpc.php HTTP/1.1" 200 236 "-" "Mozilla/5.0 (Windows NT 10.0; Win64; x64) AppleWebKit/537.36 (KHTML, like Gecko) Chrome/95.0.4638.69 Safari/537.36"
178.128.99.84 - - [05/Apr/2025:19:07:16 -0400] "POST /xmlrpc.php HTTP/1.1" 200 0 "-" "Mozilla/5.0 (Windows NT 10.0; Win64; x64) AppleWebKit/537.36 (KHTML, like Gecko) Chrome/95.0.4638.69 Safari/537.36"
198.54.114.83 - - [05/Apr/2025:19:10:15 -0400] "POST /wp-cron.php?doing_wp_cron=1743894615.6338679790496826171875 HTTP/1.1" 200 0 "-" "WordPress/6.7.2; https://shahmeenaindustry.com"
178.128.99.84 - - [05/Apr/2025:19:08:46 -0400] "POST /xmlrpc.php HTTP/1.1" 200 236 "-" "Mozilla/5.0 (Windows NT 10.0; Win64; x64) AppleWebKit/537.36 (KHTML, like Gecko) Chrome/95.0.4638.69 Safari/537.36"
198.54.114.83 - - [05/Apr/2025:19:11:15 -0400] "POST /wp-cron.php?doing_wp_cron=1743894675.4874119758605957031250 HTTP/1.1" 200 0 "-" "WordPress/6.7.2; https://shahmeenaindustry.com"
178.128.99.84 - - [05/Apr/2025:19:10:16 -0400] "POST /xmlrpc.php HTTP/1.1" 200 236 "-" "Mozilla/5.0 (Windows NT 10.0; Win64; x64) AppleWebKit/537.36 (KHTML, like Gecko) Chrome/95.0.4638.69 Safari/537.36"
198.54.114.83 - - [05/Apr/2025:19:11:39 -0400] "POST /wp-cron.php?doing_wp_cron=1743894699.3599610328674316406250 HTTP/1.1" 200 0 "-" "WordPress/6.7.2; https://shahmeenaindustry.com"
216.244.66.200 - - [05/Apr/2025:19:11:39 -0400] "GET /syndrome-de-legius/ HTTP/1.1" 200 21371 "-" "Mozilla/5.0 (compatible; DotBot/1.2; +https://opensiteexplorer.org/dotbot; help@moz.com)"
178.128.99.84 - - [05/Apr/2025:19:11:16 -0400] "POST /xmlrpc.php HTTP/1.1" 200 236 "-" "Mozilla/5.0 (Windows NT 10.0; Win64; x64) AppleWebKit/537.36 (KHTML, like Gecko) Chrome/95.0.4638.69 Safari/537.36"
178.128.99.84 - - [05/Apr/2025:19:12:00 -0400] "POST /xmlrpc.php HTTP/1.1" 200 236 "-" "Mozilla/5.0 (Windows NT 10.0; Win64; x64) AppleWebKit/537.36 (KHTML, like Gecko) Chrome/95.0.4638.69 Safari/537.36"
198.54.114.83 - - [05/Apr/2025:19:13:15 -0400] "POST /wp-cron.php?doing_wp_cron=1743894795.3530600070953369140625 HTTP/1.1" 200 0 "-" "WordPress/6.7.2; https://shahmeenaindustry.com"
178.128.99.84 - - [05/Apr/2025:19:12:31 -0400] "POST /xmlrpc.php HTTP/1.1" 200 236 "-" "Mozilla/5.0 (Windows NT 10.0; Win64; x64) AppleWebKit/537.36 (KHTML, like Gecko) Chrome/95.0.4638.69 Safari/537.36"
198.54.114.83 - - [05/Apr/2025:19:14:01 -0400] "POST /wp-cron.php?doing_wp_cron=1743894840.9522449970245361328125 HTTP/1.1" 200 0 "-" "WordPress/6.7.2; https://shahmeenaindustry.com"
178.128.99.84 - - [05/Apr/2025:19:13:16 -0400] "POST /xmlrpc.php HTTP/1.1" 200 236 "-" "Mozilla/5.0 (Windows NT 10.0; Win64; x64) AppleWebKit/537.36 (KHTML, like Gecko) Chrome/95.0.4638.69 Safari/537.36"
198.54.114.83 - - [05/Apr/2025:19:14:45 -0400] "POST /wp-cron.php?doing_wp_cron=1743894885.6077959537506103515625 HTTP/1.1" 200 0 "-" "WordPress/6.7.2; https://shahmeenaindustry.com"
178.128.99.84 - - [05/Apr/2025:19:14:01 -0400] "POST /xmlrpc.php HTTP/1.1" 200 236 "-" "Mozilla/5.0 (Windows NT 10.0; Win64; x64) AppleWebKit/537.36 (KHTML, like Gecko) Chrome/95.0.4638.69 Safari/537.36"
178.128.99.84 - - [05/Apr/2025:19:14:46 -0400] "POST /xmlrpc.php HTTP/1.1" 200 236 "-" "Mozilla/5.0 (Windows NT 10.0; Win64; x64) AppleWebKit/537.36 (KHTML, like Gecko) Chrome/95.0.4638.69 Safari/537.36"
178.128.99.84 - - [05/Apr/2025:19:15:15 -0400] "POST /xmlrpc.php HTTP/1.1" 200 0 "-" "Mozilla/5.0 (Windows NT 10.0; Win64; x64) AppleWebKit/537.36 (KHTML, like Gecko) Chrome/95.0.4638.69 Safari/537.36"
198.54.114.83 - - [05/Apr/2025:19:35:05 -0400] "POST /wp-cron.php?doing_wp_cron=1743896104.8983459472656250000000 HTTP/1.1" 200 0 "-" "WordPress/6.7.2; https://shahmeenaindustry.com"
216.244.66.200 - - [05/Apr/2025:19:35:03 -0400] "GET /mediation-services-2/feed/ HTTP/1.1" 200 418 "-" "Mozilla/5.0 (compatible; DotBot/1.2; +https://opensiteexplorer.org/dotbot; help@moz.com)"
198.54.114.83 - - [05/Apr/2025:20:04:18 -0400] "POST /wp-cron.php?doing_wp_cron=1743897857.8282749652862548828125 HTTP/1.1" 200 0 "-" "WordPress/6.7.2; https://shahmeenaindustry.com"
216.244.66.200 - - [05/Apr/2025:20:04:14 -0400] "GET /kitchen-remodeling-services-vancouver-bc/ HTTP/1.1" 200 21048 "-" "Mozilla/5.0 (compatible; DotBot/1.2; +https://opensiteexplorer.org/dotbot; help@moz.com)"
216.244.66.200 - - [05/Apr/2025:20:08:06 -0400] "GET /senior-mutual-insurance/ HTTP/1.1" 200 21026 "-" "Mozilla/5.0 (compatible; DotBot/1.2; +https://opensiteexplorer.org/dotbot; help@moz.com)"
103.169.35.190 - - [05/Apr/2025:20:10:16 -0400] "POST /xmlrpc.php HTTP/1.1" 200 212 "http://shahmeenaindustry.com" "Mozilla/5.0 (Windows NT 10.0; Win64; x64) AppleWebKit/537.36 (KHTML, like Gecko) Chrome/115.0.5790.171 Safari/537.36 Edg/115.0.1901.203"
216.244.66.200 - - [05/Apr/2025:20:22:24 -0400] "GET /how-to-change-the-name-of-your-airpods/feed/ HTTP/1.1" 200 475 "-" "Mozilla/5.0 (compatible; DotBot/1.2; +https://opensiteexplorer.org/dotbot; help@moz.com)"
209.74.67.35 - - [05/Apr/2025:20:22:27 -0400] "POST /xmlrpc.php HTTP/1.1" 200 212 "http://shahmeenaindustry.com" "Mozilla/5.0 (Macintosh; Intel Mac OS X 10_15_7) AppleWebKit/537.36 (KHTML, like Gecko) Chrome/114.0.5735.134 Safari/537.36"
198.54.114.83 - - [05/Apr/2025:20:28:58 -0400] "POST /wp-cron.php?doing_wp_cron=1743899338.3393580913543701171875 HTTP/1.1" 200 0 "-" "WordPress/6.7.2; https://shahmeenaindustry.com"
103.110.183.68 - - [05/Apr/2025:20:28:58 -0400] "GET /Adminbcq/login.asp HTTP/1.1" 404 16532 "-" "Mozilla/5.0 (Windows NT 10.0; Win64; x64) AppleWebKit/537.36 (KHTML, like Gecko) Chrome/120.0.0.0 Safari/537.36"
43.157.250.180 - - [05/Apr/2025:20:34:42 -0400] "GET / HTTP/1.1" 200 24612 "-" "Mozilla/5.0 (iPhone; CPU iPhone OS 13_2_3 like Mac OS X) AppleWebKit/605.1.15 (KHTML, like Gecko) Version/13.0.3 Mobile/15E148 Safari/604.1"
198.54.120.17 - - [05/Apr/2025:20:34:42 -0400] "POST /xmlrpc.php HTTP/1.1" 200 212 "http://shahmeenaindustry.com" "Mozilla/5.0 (Windows NT 10.0; Win64; x64) AppleWebKit/537.36 (KHTML, like Gecko) Chrome/112.0.5615.138 Safari/537.36"
182.43.70.143 - - [05/Apr/2025:20:36:21 -0400] "GET / HTTP/1.1" 200 24612 "-" "Mozilla/5.0 (iPhone; CPU iPhone OS 13_2_3 like Mac OS X) AppleWebKit/605.1.15 (KHTML, like Gecko) Version/13.0.3 Mobile/15E148 Safari/604.1"
216.244.66.200 - - [05/Apr/2025:20:38:50 -0400] "GET /robots.txt HTTP/1.1" 304 0 "-" "Mozilla/5.0 (compatible; DotBot/1.2; +https://opensiteexplorer.org/dotbot; help@moz.com)"
198.54.114.83 - - [05/Apr/2025:20:47:01 -0400] "POST /wp-cron.php?doing_wp_cron=1743900421.4393041133880615234375 HTTP/1.1" 200 0 "-" "WordPress/6.7.2; https://shahmeenaindustry.com"
52.117.30.9 - - [05/Apr/2025:20:46:57 -0400] "POST /xmlrpc.php HTTP/1.1" 200 212 "http://shahmeenaindustry.com" "Mozilla/5.0 (Windows NT 10.0; Win64; x64; rv:128.0) Gecko/20100101 Firefox/128.0"
198.54.114.83 - - [05/Apr/2025:20:51:54 -0400] "POST /wp-cron.php?doing_wp_cron=1743900714.5520339012145996093750 HTTP/1.1" 200 0 "-" "WordPress/6.7.2; https://shahmeenaindustry.com"
216.244.66.200 - - [05/Apr/2025:20:51:54 -0400] "GET /where-to-buy-sarms/ HTTP/1.1" 200 20844 "-" "Mozilla/5.0 (compatible; DotBot/1.2; +https://opensiteexplorer.org/dotbot; help@moz.com)"
198.54.114.83 - - [05/Apr/2025:20:54:51 -0400] "POST /wp-cron.php?doing_wp_cron=1743900891.3102269172668457031250 HTTP/1.1" 200 0 "-" "WordPress/6.7.2; https://shahmeenaindustry.com"
216.244.66.200 - - [05/Apr/2025:20:54:46 -0400] "GET /the-role-of-a-custody-lawyer-in-tehran/ HTTP/1.1" 200 21275 "-" "Mozilla/5.0 (compatible; DotBot/1.2; +https://opensiteexplorer.org/dotbot; help@moz.com)"
85.208.98.23 - - [05/Apr/2025:20:56:46 -0400] "GET /robots.txt HTTP/1.1" 304 0 "-" "Mozilla/5.0 (compatible; SemrushBot-BA; +http://www.semrush.com/bot.html)"
198.54.114.83 - - [05/Apr/2025:20:59:24 -0400] "POST /wp-cron.php?doing_wp_cron=1743901164.6084311008453369140625 HTTP/1.1" 200 0 "-" "WordPress/6.7.2; https://shahmeenaindustry.com"
2600:1f18:7497:3900:a8b:a2f9:7144:e846 - - [05/Apr/2025:20:59:22 -0400] "POST /xmlrpc.php HTTP/1.1" 200 212 "http://shahmeenaindustry.com" "Mozilla/5.0 (Macintosh; Intel Mac OS X 13_3) AppleWebKit/537.36 (KHTML, like Gecko) Chrome/126.0.0.0 Safari/537.36"
91.126.166.158 - - [05/Apr/2025:21:03:45 -0400] "GET /cbd-shop-uk-review/ HTTP/1.1" 200 23132 "http://shahmeenaindustry.com/cbd-shop-uk-review/" "Mozilla/5.0 (Windows NT 10.0; Win64; x64) AppleWebKit/537.36 (KHTML, like Gecko) Chrome/130.0.0.0 Safari/537.36 CCleaner/130.0.0.0"
91.126.166.158 - - [05/Apr/2025:21:03:48 -0400] "POST /wp-comments-post.php HTTP/1.1" 200 1166 "http://shahmeenaindustry.com/cbd-shop-uk-review/" "Mozilla/5.0 (Windows NT 10.0; Win64; x64) AppleWebKit/537.36 (KHTML, like Gecko) Chrome/130.0.0.0 Safari/537.36 CCleaner/130.0.0.0"
185.174.156.124 - - [05/Apr/2025:21:09:22 -0400] "GET /cbd-shop-uk-review/ HTTP/1.1" 200 23132 "http://shahmeenaindustry.com/cbd-shop-uk-review/" "Mozilla/5.0 (Windows NT 10.0; Win64; x64) AppleWebKit/537.36 (KHTML, like Gecko) Chrome/131.0.0.0 Safari/537.36 Avast/131.0.0.0"
185.174.156.124 - - [05/Apr/2025:21:09:22 -0400] "POST /wp-comments-post.php HTTP/1.1" 302 0 "http://shahmeenaindustry.com/cbd-shop-uk-review/" "Mozilla/5.0 (Windows NT 10.0; Win64; x64) AppleWebKit/537.36 (KHTML, like Gecko) Chrome/131.0.0.0 Safari/537.36 Avast/131.0.0.0"
198.54.114.83 - - [05/Apr/2025:21:12:06 -0400] "POST /wp-cron.php?doing_wp_cron=1743901926.1776809692382812500000 HTTP/1.1" 200 0 "-" "WordPress/6.7.2; https://shahmeenaindustry.com"
198.54.114.56 - - [05/Apr/2025:21:12:02 -0400] "POST /xmlrpc.php HTTP/1.1" 200 212 "http://shahmeenaindustry.com" "Mozilla/5.0 (Windows NT 11.0; Win64; x64) AppleWebKit/537.36 (KHTML, like Gecko) Chrome/126.0.0.0 Safari/537.36"
43.153.115.164 - - [05/Apr/2025:21:14:00 -0400] "GET /instant-boiling-water-tap/ HTTP/1.1" 200 21166 "-" "Mozilla/5.0 (Windows NT 10.0; Win64; x64) AppleWebKit/537.36 (KHTML, like Gecko) Chrome/114.0.0.0 Safari/537.36"
198.54.114.83 - - [05/Apr/2025:21:24:36 -0400] "POST /wp-cron.php?doing_wp_cron=1743902676.5272130966186523437500 HTTP/1.1" 200 0 "-" "WordPress/6.7.2; https://shahmeenaindustry.com"
162.240.168.197 - - [05/Apr/2025:21:24:36 -0400] "POST /xmlrpc.php HTTP/1.1" 200 212 "http://shahmeenaindustry.com" "Mozilla/5.0 (Windows NT 11.0; Win64; x64; rv:126.0) Gecko/20100101 Firefox/126.0"
216.244.66.200 - - [05/Apr/2025:21:26:07 -0400] "GET /robots.txt HTTP/1.1" 304 0 "-" "Mozilla/5.0 (compatible; DotBot/1.2; +https://opensiteexplorer.org/dotbot; help@moz.com)"
198.54.114.83 - - [05/Apr/2025:21:37:11 -0400] "POST /wp-cron.php?doing_wp_cron=1743903430.5729780197143554687500 HTTP/1.1" 200 0 "-" "WordPress/6.7.2; https://shahmeenaindustry.com"
