52.167.171.219 - - [05/Apr/2025:08:03:54 -0400] "GET /wp-includes/Text/Diff/Engine/ HTTP/1.1" 403 1242 "-" "-"
52.167.171.219 - - [05/Apr/2025:08:03:54 -0400] "GET /wp-includes/html-api/cloud.php HTTP/1.1" 404 16534 "-" "-"
52.167.171.219 - - [05/Apr/2025:08:03:55 -0400] "GET /wp-includes/wp-includes/alfa-rex.php HTTP/1.1" 404 16534 "-" "-"
52.167.171.219 - - [05/Apr/2025:08:03:56 -0400] "GET /wp-admin/network/index.php HTTP/1.1" 302 0 "-" "-"
52.167.171.219 - - [05/Apr/2025:08:03:58 -0400] "GET /.well-known/acme-challenge/classwithtostring.php HTTP/1.1" 404 16535 "-" "-"
52.167.171.219 - - [05/Apr/2025:08:03:58 -0400] "GET /wp-includes/pomo/rk2.php HTTP/1.1" 404 16535 "-" "-"
52.167.171.219 - - [05/Apr/2025:08:04:00 -0400] "GET /wp-content/uploads/2024/index.php HTTP/1.1" 301 0 "-" "-"
52.167.171.219 - - [05/Apr/2025:08:04:00 -0400] "GET /wp-content/uploads/2024/ HTTP/1.1" 403 1242 "-" "-"
52.167.171.219 - - [05/Apr/2025:08:04:00 -0400] "GET /.well-known/pki-validation/xmrlpc.php HTTP/1.1" 404 1251 "-" "-"
52.167.171.219 - - [05/Apr/2025:08:04:01 -0400] "GET /wp-content/themes/plugin.php HTTP/1.1" 404 16534 "-" "-"
52.167.171.219 - - [05/Apr/2025:08:04:02 -0400] "GET /admin/controller/extension/extension/blue.php HTTP/1.1" 404 16534 "-" "-"
52.167.171.219 - - [05/Apr/2025:08:04:03 -0400] "GET /wp-admin/maint/buy.php HTTP/1.1" 404 16534 "-" "-"
52.167.171.219 - - [05/Apr/2025:08:04:04 -0400] "GET /.well-known/acme-challenge/wso112233.php HTTP/1.1" 404 16533 "-" "-"
52.167.171.219 - - [05/Apr/2025:08:04:04 -0400] "GET /wp-includes/js/crop/shell.php HTTP/1.1" 404 16534 "-" "-"
52.167.171.219 - - [05/Apr/2025:08:04:05 -0400] "GET /dropdown.php HTTP/1.1" 404 16534 "-" "-"
52.167.171.219 - - [05/Apr/2025:08:04:06 -0400] "GET /wp-links.php HTTP/1.1" 404 16534 "-" "-"
52.167.171.219 - - [05/Apr/2025:08:04:07 -0400] "GET /wp-mail.php/wp-includes/ID3/esyfvxgmdq.php HTTP/1.1" 403 1123 "-" "-"
52.167.171.219 - - [05/Apr/2025:08:04:07 -0400] "GET /wp-includes/sodium_compat/autoload_classmap.php HTTP/1.1" 404 16535 "-" "-"
52.167.171.219 - - [05/Apr/2025:08:04:08 -0400] "GET /wp-includes/certificates/wp-login.php HTTP/1.1" 404 16535 "-" "-"
52.167.171.219 - - [05/Apr/2025:08:04:09 -0400] "GET /wp-includes/customize/index.php HTTP/1.1" 301 0 "-" "-"
52.167.171.219 - - [05/Apr/2025:08:04:09 -0400] "GET /wp-includes/customize/ HTTP/1.1" 403 1242 "-" "-"
52.167.171.219 - - [05/Apr/2025:08:04:09 -0400] "GET /wp-includes/customize/wp-conflg.php HTTP/1.1" 404 16534 "-" "-"
52.167.171.219 - - [05/Apr/2025:08:04:11 -0400] "GET /wp-content/themes/sketch/404.php HTTP/1.1" 404 16534 "-" "-"
52.167.171.219 - - [05/Apr/2025:08:04:11 -0400] "GET /wp-includes/images/media/text.php HTTP/1.1" 404 16534 "-" "-"
52.167.171.219 - - [05/Apr/2025:08:04:12 -0400] "GET /wp-includes/customize/muse.php HTTP/1.1" 404 16534 "-" "-"
52.167.171.219 - - [05/Apr/2025:08:04:12 -0400] "GET /wp-admin/js/admin.php HTTP/1.1" 404 16534 "-" "-"
52.167.171.219 - - [05/Apr/2025:08:04:13 -0400] "GET /wp-includes/certificates/about.php HTTP/1.1" 404 16534 "-" "-"
52.167.171.219 - - [05/Apr/2025:08:04:14 -0400] "GET /wp-admin/classwithtostring.php HTTP/1.1" 404 16534 "-" "-"
52.167.171.219 - - [05/Apr/2025:08:04:15 -0400] "GET /wp-includes/php-compat/chosen.php HTTP/1.1" 404 16534 "-" "-"
52.167.171.219 - - [05/Apr/2025:08:04:15 -0400] "GET /wp-content/uploads/2022/update.php HTTP/1.1" 404 16534 "-" "-"
52.167.171.219 - - [05/Apr/2025:08:04:16 -0400] "GET /wp-admin/images/wp-login.php HTTP/1.1" 404 16534 "-" "-"
52.167.171.219 - - [05/Apr/2025:08:04:16 -0400] "GET /wp-content/themes/astra/inc/network.php HTTP/1.1" 404 16535 "-" "-"
52.167.171.219 - - [05/Apr/2025:08:04:17 -0400] "GET /shell.php HTTP/1.1" 404 16535 "-" "-"
52.167.171.219 - - [05/Apr/2025:08:04:17 -0400] "GET /wp-admin/includes/wp-conflg.php HTTP/1.1" 404 16535 "-" "-"
52.167.171.219 - - [05/Apr/2025:08:04:18 -0400] "GET /wp-admin/js/wp-conflg.php HTTP/1.1" 404 16535 "-" "-"
52.167.171.219 - - [05/Apr/2025:08:04:18 -0400] "GET /.well-knownold/inputs.php HTTP/1.1" 404 16535 "-" "-"
52.167.171.219 - - [05/Apr/2025:08:04:19 -0400] "GET /wp-content/plugins/seoplugins/mar.php HTTP/1.1" 404 16534 "-" "-"
52.167.171.219 - - [05/Apr/2025:08:04:19 -0400] "GET /wp-includes/random_compat/chosen.php HTTP/1.1" 404 16534 "-" "-"
52.167.171.219 - - [05/Apr/2025:08:04:20 -0400] "GET /assets/images/about.php HTTP/1.1" 404 16534 "-" "-"
52.167.171.219 - - [05/Apr/2025:08:04:21 -0400] "GET /wp-content/uploads/json.php HTTP/1.1" 404 16534 "-" "-"
52.167.171.219 - - [05/Apr/2025:08:04:21 -0400] "GET /admin/uploads/lv.php HTTP/1.1" 404 16534 "-" "-"
52.167.171.219 - - [05/Apr/2025:08:04:22 -0400] "GET /wp-includes/wp-includes/about.php HTTP/1.1" 404 16534 "-" "-"
52.167.171.219 - - [05/Apr/2025:08:04:22 -0400] "GET /wp-content/themes/wp-pridmag/lock.php HTTP/1.1" 404 16534 "-" "-"
52.167.171.219 - - [05/Apr/2025:08:04:22 -0400] "GET /wp-admin/js/about.php HTTP/1.1" 404 16534 "-" "-"
52.167.171.219 - - [05/Apr/2025:08:04:23 -0400] "GET /admin/uploads/media.php HTTP/1.1" 404 16534 "-" "-"
52.167.171.219 - - [05/Apr/2025:08:04:24 -0400] "GET /wp-admin/images/index.php HTTP/1.1" 301 0 "-" "-"
52.167.171.219 - - [05/Apr/2025:08:04:24 -0400] "GET /wp-admin/images/ HTTP/1.1" 403 1242 "-" "-"
52.167.171.219 - - [05/Apr/2025:08:04:24 -0400] "GET /wp-admin/css/colors/coffee/about.php HTTP/1.1" 404 16534 "-" "-"
52.167.171.219 - - [05/Apr/2025:08:04:25 -0400] "GET /browse.php HTTP/1.1" 404 16535 "-" "-"
52.167.171.219 - - [05/Apr/2025:08:04:25 -0400] "GET /shell20211028.php HTTP/1.1" 404 16535 "-" "-"
52.167.171.219 - - [05/Apr/2025:08:04:25 -0400] "GET /wp-content/themes/twenty/twenty.php HTTP/1.1" 404 16535 "-" "-"
52.167.171.219 - - [05/Apr/2025:08:04:25 -0400] "GET /wp-content/themes/twentytwentytwo/alfa-rex.php HTTP/1.1" 404 16535 "-" "-"
52.167.171.219 - - [05/Apr/2025:08:04:26 -0400] "GET /index/lock.php HTTP/1.1" 404 16534 "-" "-"
52.167.171.219 - - [05/Apr/2025:08:04:26 -0400] "GET /wp-includes/style-engine/about.php HTTP/1.1" 404 16534 "-" "-"
52.167.171.219 - - [05/Apr/2025:08:04:27 -0400] "GET /wp-includes/theme-compat/chosen.php HTTP/1.1" 404 16535 "-" "-"
52.167.171.219 - - [05/Apr/2025:08:04:27 -0400] "GET /wp-content/config.php HTTP/1.1" 404 16535 "-" "-"
52.167.171.219 - - [05/Apr/2025:08:04:28 -0400] "GET /moon.php HTTP/1.1" 404 16535 "-" "-"
52.167.171.219 - - [05/Apr/2025:08:04:28 -0400] "GET /wp-includes/ID3/index.php HTTP/1.1" 301 0 "-" "-"
52.167.171.219 - - [05/Apr/2025:08:04:28 -0400] "GET /wp-includes/ID3/ HTTP/1.1" 403 1242 "-" "-"
52.167.171.219 - - [05/Apr/2025:08:04:28 -0400] "GET /wp-admin/css/wp-conflg.php HTTP/1.1" 404 16535 "-" "-"
52.167.171.219 - - [05/Apr/2025:08:04:29 -0400] "GET /wp-admin/css/colors/index.php HTTP/1.1" 301 0 "-" "-"
52.167.171.219 - - [05/Apr/2025:08:04:29 -0400] "GET /wp-admin/css/colors/ HTTP/1.1" 403 1242 "-" "-"
52.167.171.219 - - [05/Apr/2025:08:04:29 -0400] "GET /css/chosen.php HTTP/1.1" 404 16534 "-" "-"
52.167.171.219 - - [05/Apr/2025:08:04:29 -0400] "GET /wp-includes/Requests/Utility/cc.php HTTP/1.1" 404 16534 "-" "-"
52.167.171.219 - - [05/Apr/2025:08:04:30 -0400] "GET /wp-includes/Text/index.php HTTP/1.1" 301 0 "-" "-"
52.167.171.219 - - [05/Apr/2025:08:04:30 -0400] "GET /wp-includes/Text/ HTTP/1.1" 403 1242 "-" "-"
52.167.171.219 - - [05/Apr/2025:08:04:30 -0400] "GET /packed.php HTTP/1.1" 404 16534 "-" "-"
198.54.114.83 - - [05/Apr/2025:08:04:31 -0400] "POST /wp-cron.php?doing_wp_cron=1743854671.4369769096374511718750 HTTP/1.1" 200 0 "-" "WordPress/6.7.2; https://shahmeenaindustry.com"
52.167.171.219 - - [05/Apr/2025:08:04:31 -0400] "GET /wp-admin/update.php HTTP/1.1" 302 0 "-" "-"
52.167.171.219 - - [05/Apr/2025:08:04:32 -0400] "GET /wp-content/themes/astra/inc/fm.php HTTP/1.1" 404 16534 "-" "-"
52.167.171.219 - - [05/Apr/2025:08:04:32 -0400] "GET /link.php HTTP/1.1" 404 16534 "-" "-"
52.167.171.219 - - [05/Apr/2025:08:04:33 -0400] "GET /wp-content/mu-plugins/gecko.php HTTP/1.1" 404 16534 "-" "-"
52.167.171.219 - - [05/Apr/2025:08:04:33 -0400] "GET /footer.php HTTP/1.1" 404 16534 "-" "-"
52.167.171.219 - - [05/Apr/2025:08:04:34 -0400] "GET /wp-includes/js/codemirror/index.php HTTP/1.1" 301 0 "-" "-"
52.167.171.219 - - [05/Apr/2025:08:04:34 -0400] "GET /wp-includes/js/codemirror/ HTTP/1.1" 403 1242 "-" "-"
52.167.171.219 - - [05/Apr/2025:08:04:34 -0400] "GET /config.php HTTP/1.1" 404 16534 "-" "-"
52.167.171.219 - - [05/Apr/2025:08:04:35 -0400] "GET /fw.php HTTP/1.1" 404 16534 "-" "-"
52.167.171.219 - - [05/Apr/2025:08:04:35 -0400] "GET /post.php HTTP/1.1" 404 16534 "-" "-"
52.167.171.219 - - [05/Apr/2025:08:04:36 -0400] "GET /ALFA_DATA/index.php HTTP/1.1" 301 0 "-" "-"
52.167.171.219 - - [05/Apr/2025:08:04:36 -0400] "GET /ALFA_DATA/ HTTP/1.1" 404 16534 "-" "-"
52.167.171.219 - - [05/Apr/2025:08:04:36 -0400] "GET /wp-admin/css/colors/blue/moon.php HTTP/1.1" 404 16535 "-" "-"
52.167.171.219 - - [05/Apr/2025:08:04:37 -0400] "GET /wp-content/themes/wp-pridmag/up.php HTTP/1.1" 404 16535 "-" "-"
52.167.171.219 - - [05/Apr/2025:08:04:37 -0400] "GET /wp-includes/html-api/alfa-rex.php HTTP/1.1" 404 16535 "-" "-"
52.167.171.219 - - [05/Apr/2025:08:04:38 -0400] "GET /wp-content/upgrade-temp-backup/about.php HTTP/1.1" 404 16535 "-" "-"
52.167.171.219 - - [05/Apr/2025:08:04:39 -0400] "GET /wp-admin/includes/m.php HTTP/1.1" 404 16535 "-" "-"
52.167.171.219 - - [05/Apr/2025:08:04:39 -0400] "GET /images/admin.php HTTP/1.1" 404 16534 "-" "-"
198.54.114.83 - - [05/Apr/2025:08:04:40 -0400] "POST /wp-cron.php?doing_wp_cron=1743854680.2793989181518554687500 HTTP/1.1" 200 0 "-" "WordPress/6.7.2; https://shahmeenaindustry.com"
52.167.171.219 - - [05/Apr/2025:08:04:40 -0400] "GET /admin/fckeditor/editor/filemanager/alfanew.php HTTP/1.1" 404 16534 "-" "-"
52.167.171.219 - - [05/Apr/2025:08:04:41 -0400] "GET /wp-admin/user/admin.php HTTP/1.1" 302 0 "-" "-"
52.167.171.219 - - [05/Apr/2025:08:04:41 -0400] "GET /wp-includes/IXR/shell.php HTTP/1.1" 404 16534 "-" "-"
52.167.171.219 - - [05/Apr/2025:08:04:42 -0400] "GET /wp-trackback.php HTTP/1.1" 404 130 "-" "-"
52.167.171.219 - - [05/Apr/2025:08:04:42 -0400] "GET /wp-content/content.php HTTP/1.1" 404 16534 "-" "-"
52.167.171.219 - - [05/Apr/2025:08:04:42 -0400] "GET /wp-admin/wp-conflg.php HTTP/1.1" 404 16534 "-" "-"
52.167.171.219 - - [05/Apr/2025:08:04:43 -0400] "GET /wp-includes/Requests/Utility/alfa-rex.php HTTP/1.1" 404 16534 "-" "-"
52.167.171.219 - - [05/Apr/2025:08:04:43 -0400] "GET /wp-content/upgrade-temp-backup/ty.php HTTP/1.1" 404 16534 "-" "-"
52.167.171.219 - - [05/Apr/2025:08:04:43 -0400] "GET /.well-known/content.php HTTP/1.1" 404 16534 "-" "-"
52.167.171.219 - - [05/Apr/2025:08:04:44 -0400] "GET /index/index.php HTTP/1.1" 301 0 "-" "-"
52.167.171.219 - - [05/Apr/2025:08:04:44 -0400] "GET /index/ HTTP/1.1" 404 16534 "-" "-"
52.167.171.219 - - [05/Apr/2025:08:04:44 -0400] "GET /wp-includes/autoload_classmap.php HTTP/1.1" 404 16534 "-" "-"
52.167.171.219 - - [05/Apr/2025:08:04:45 -0400] "GET /include/wp-configs.php HTTP/1.1" 404 16534 "-" "-"
52.167.171.219 - - [05/Apr/2025:08:04:46 -0400] "GET /wp-admin/js/chosen.php HTTP/1.1" 404 16534 "-" "-"
52.167.171.219 - - [05/Apr/2025:08:04:46 -0400] "GET /wp-admin/maint/about.php HTTP/1.1" 404 16535 "-" "-"
52.167.171.219 - - [05/Apr/2025:08:04:47 -0400] "GET /wp-includes/sodium_compat/alfa-rex.php HTTP/1.1" 404 16535 "-" "-"
52.167.171.219 - - [05/Apr/2025:08:04:47 -0400] "GET /bg/xmrlpc.php HTTP/1.1" 404 16535 "-" "-"
52.167.171.219 - - [05/Apr/2025:08:04:48 -0400] "GET /wp-content/plugins/core-plugin/file-manager.php HTTP/1.1" 404 16535 "-" "-"
52.167.171.219 - - [05/Apr/2025:08:04:48 -0400] "GET /wp-content/uploads/423_index.php HTTP/1.1" 404 16535 "-" "-"
52.167.171.219 - - [05/Apr/2025:08:04:48 -0400] "GET /wp-admin/network/wp-conflg.php HTTP/1.1" 404 16535 "-" "-"
52.167.171.219 - - [05/Apr/2025:08:04:48 -0400] "GET /wp-admin/css/colors/blue/atomlib.php HTTP/1.1" 404 16535 "-" "-"
52.167.171.219 - - [05/Apr/2025:08:04:49 -0400] "GET /wp-admin/byp.php HTTP/1.1" 404 16535 "-" "-"
52.167.171.219 - - [05/Apr/2025:08:04:49 -0400] "GET /wp-includes/theme-compat/index.php HTTP/1.1" 301 0 "-" "-"
52.167.171.219 - - [05/Apr/2025:08:04:50 -0400] "GET /wp-includes/theme-compat/ HTTP/1.1" 403 1242 "-" "-"
52.167.171.219 - - [05/Apr/2025:08:04:50 -0400] "GET /wp-content/wp-login.php HTTP/1.1" 404 16534 "-" "-"
52.167.171.219 - - [05/Apr/2025:08:04:50 -0400] "GET /admin/editor/engine.php HTTP/1.1" 404 16534 "-" "-"
52.167.171.219 - - [05/Apr/2025:08:04:51 -0400] "GET /chosen.php HTTP/1.1" 404 16534 "-" "-"
52.167.171.219 - - [05/Apr/2025:08:04:51 -0400] "GET /wp-includes/images/smilies/index.php HTTP/1.1" 301 0 "-" "-"
52.167.171.219 - - [05/Apr/2025:08:04:51 -0400] "GET /wp-includes/images/smilies/ HTTP/1.1" 403 1242 "-" "-"
52.167.171.219 - - [05/Apr/2025:08:04:51 -0400] "GET /wp-content/themes/aahana/json.php HTTP/1.1" 404 16534 "-" "-"
52.167.171.219 - - [05/Apr/2025:08:04:52 -0400] "GET /wp-includes/html-api/about.php HTTP/1.1" 404 16534 "-" "-"
52.167.171.219 - - [05/Apr/2025:08:04:52 -0400] "GET /wp-content/uploads/index.php HTTP/1.1" 301 0 "-" "-"
52.167.171.219 - - [05/Apr/2025:08:04:53 -0400] "GET /wp-content/uploads/ HTTP/1.1" 403 1242 "-" "-"
52.167.171.219 - - [05/Apr/2025:08:04:53 -0400] "GET /wp-includes/images/smilies/about.php HTTP/1.1" 404 16534 "-" "-"
52.167.171.219 - - [05/Apr/2025:08:04:53 -0400] "GET /assets/plugins/jquery-file-upload/server/php/include.php HTTP/1.1" 404 16534 "-" "-"
52.167.171.219 - - [05/Apr/2025:08:04:54 -0400] "GET /images/lmfi2.php HTTP/1.1" 404 16534 "-" "-"
52.167.171.219 - - [05/Apr/2025:08:04:54 -0400] "GET /wp-admin/function.php HTTP/1.1" 404 16534 "-" "-"
52.167.171.219 - - [05/Apr/2025:08:04:54 -0400] "GET /wp-includes/Text/Diff/alfa-rex.php HTTP/1.1" 404 16534 "-" "-"
52.167.171.219 - - [05/Apr/2025:08:04:55 -0400] "GET /images/chosen.php HTTP/1.1" 404 16534 "-" "-"
52.167.171.219 - - [05/Apr/2025:08:04:55 -0400] "GET /mah.php HTTP/1.1" 404 16534 "-" "-"
52.167.171.219 - - [05/Apr/2025:08:04:56 -0400] "GET /wp-content/json.php HTTP/1.1" 404 16534 "-" "-"
52.167.171.219 - - [05/Apr/2025:08:04:56 -0400] "GET /wp-includes/fonts/index.php HTTP/1.1" 301 0 "-" "-"
52.167.171.219 - - [05/Apr/2025:08:04:56 -0400] "GET /wp-includes/fonts/ HTTP/1.1" 403 1242 "-" "-"
52.167.171.219 - - [05/Apr/2025:08:04:56 -0400] "GET /wp-includes/Requests/file.php HTTP/1.1" 404 16534 "-" "-"
52.167.171.219 - - [05/Apr/2025:08:04:57 -0400] "GET /wp-content/themes/seotheme/classwithtostring.php HTTP/1.1" 404 16535 "-" "-"
52.167.171.219 - - [05/Apr/2025:08:04:57 -0400] "GET /wp-includes/widgets/parx.php HTTP/1.1" 404 16535 "-" "-"
52.167.171.219 - - [05/Apr/2025:08:04:57 -0400] "GET /wp-content/plugins/Cache/footer.php HTTP/1.1" 404 16535 "-" "-"
52.167.171.219 - - [05/Apr/2025:08:04:58 -0400] "GET /content.php HTTP/1.1" 404 16535 "-" "-"
52.167.171.219 - - [05/Apr/2025:08:04:58 -0400] "GET /wp-includes/css/wp-conflg.php HTTP/1.1" 404 16535 "-" "-"
52.167.171.219 - - [05/Apr/2025:08:04:58 -0400] "GET /wp-admin/admin-post.php HTTP/1.1" 200 0 "-" "-"
52.167.171.219 - - [05/Apr/2025:08:04:59 -0400] "GET /wp-includes/html-api/chosen.php HTTP/1.1" 404 16535 "-" "-"
52.167.171.219 - - [05/Apr/2025:08:04:59 -0400] "GET /wp-admin/includes/cong.php HTTP/1.1" 404 16535 "-" "-"
52.167.171.219 - - [05/Apr/2025:08:05:00 -0400] "GET /wp-admin/network/shell.php HTTP/1.1" 404 16534 "-" "-"
52.167.171.219 - - [05/Apr/2025:08:05:00 -0400] "GET /cgi-bin/upfile.php HTTP/1.1" 404 16534 "-" "-"
52.167.171.219 - - [05/Apr/2025:08:05:01 -0400] "GET /wp-includes/images/smilies/wp-login.php HTTP/1.1" 404 16534 "-" "-"
52.167.171.219 - - [05/Apr/2025:08:05:01 -0400] "GET /cong.php HTTP/1.1" 404 16534 "-" "-"
52.167.171.219 - - [05/Apr/2025:08:05:01 -0400] "GET /wp-login.php HTTP/1.1" 302 0 "-" "-"
52.167.171.219 - - [05/Apr/2025:08:05:02 -0400] "GET /makeasmtp.php HTTP/1.1" 404 16534 "-" "-"
52.167.171.219 - - [05/Apr/2025:08:05:03 -0400] "GET /wp-admin/css/colors/blue/lock.php HTTP/1.1" 404 16535 "-" "-"
52.167.171.219 - - [05/Apr/2025:08:05:04 -0400] "GET /wp-content/plugins/pwnd/classwithtostring.php HTTP/1.1" 404 16533 "-" "-"
52.167.171.219 - - [05/Apr/2025:08:05:05 -0400] "GET /wp-includes/Text/Diff/Renderer/about.php HTTP/1.1" 404 16534 "-" "-"
52.167.171.219 - - [05/Apr/2025:08:05:06 -0400] "GET /13.php HTTP/1.1" 404 16535 "-" "-"
52.167.171.219 - - [05/Apr/2025:08:05:07 -0400] "GET /wp-includes/sodium_compat/index.php HTTP/1.1" 301 0 "-" "-"
52.167.171.219 - - [05/Apr/2025:08:05:07 -0400] "GET /wp-includes/sodium_compat/ HTTP/1.1" 403 1242 "-" "-"
52.167.171.219 - - [05/Apr/2025:08:05:07 -0400] "GET /.well-known/cache-compat.php HTTP/1.1" 404 16535 "-" "-"
52.167.171.219 - - [05/Apr/2025:08:05:08 -0400] "GET /wp-mail.php/wp-includes/ID3/rnEPv9.php HTTP/1.1" 403 1123 "-" "-"
52.167.171.219 - - [05/Apr/2025:08:05:08 -0400] "GET /wp-includes/php-compat/content.php HTTP/1.1" 404 16534 "-" "-"
52.167.171.219 - - [05/Apr/2025:08:05:09 -0400] "GET /admin/function.php HTTP/1.1" 404 16534 "-" "-"
52.167.171.219 - - [05/Apr/2025:08:05:11 -0400] "GET /wp-includes/fonts/admin.php HTTP/1.1" 404 16534 "-" "-"
52.167.171.219 - - [05/Apr/2025:08:05:11 -0400] "GET /doc.php HTTP/1.1" 404 16534 "-" "-"
52.167.171.219 - - [05/Apr/2025:08:05:12 -0400] "GET /wp-includes/block-patterns/autoload_classmap.php HTTP/1.1" 404 16534 "-" "-"
52.167.171.219 - - [05/Apr/2025:08:05:13 -0400] "GET /wp-includes/images/autoload_classmap.php HTTP/1.1" 404 16534 "-" "-"
52.167.171.219 - - [05/Apr/2025:08:05:14 -0400] "GET /wp-includes/certificates/index.php HTTP/1.1" 301 0 "-" "-"
52.167.171.219 - - [05/Apr/2025:08:05:14 -0400] "GET /wp-includes/certificates/ HTTP/1.1" 403 1242 "-" "-"
52.167.171.219 - - [05/Apr/2025:08:05:15 -0400] "GET /.well-known/pki-validation/wp-login.php HTTP/1.1" 404 1251 "-" "-"
52.167.171.219 - - [05/Apr/2025:08:05:15 -0400] "GET /css/install.php HTTP/1.1" 404 16534 "-" "-"
52.167.171.219 - - [05/Apr/2025:08:05:15 -0400] "GET /wp-includes/theme-compat/wp-conflg.php/wp-content/plugins/google-seo-rank/index.php HTTP/1.1" 301 0 "-" "-"
52.167.171.219 - - [05/Apr/2025:08:05:16 -0400] "GET /wp-includes/theme-compat/wp-conflg.php/wp-content/plugins/google-seo-rank/ HTTP/1.1" 404 16534 "-" "-"
52.167.171.219 - - [05/Apr/2025:08:05:17 -0400] "GET /xmrlpc.php HTTP/1.1" 404 16535 "-" "-"
52.167.171.219 - - [05/Apr/2025:08:05:17 -0400] "GET /wp-admin/css/colors/classwithtostring.php HTTP/1.1" 404 16535 "-" "-"
52.167.171.219 - - [05/Apr/2025:08:05:18 -0400] "GET /wp-includes/index.php HTTP/1.1" 301 0 "-" "-"
52.167.171.219 - - [05/Apr/2025:08:05:18 -0400] "GET /wp-includes/ HTTP/1.1" 403 1242 "-" "-"
52.167.171.219 - - [05/Apr/2025:08:05:18 -0400] "GET /wp-includes/fonts/install.php HTTP/1.1" 404 16534 "-" "-"
52.167.171.219 - - [05/Apr/2025:08:05:19 -0400] "GET /assets/edit.php HTTP/1.1" 404 16534 "-" "-"
52.167.171.219 - - [05/Apr/2025:08:05:20 -0400] "GET /file.php HTTP/1.1" 404 16534 "-" "-"
52.167.171.219 - - [05/Apr/2025:08:05:21 -0400] "GET /wp-admin/index.php HTTP/1.1" 302 0 "-" "-"
52.167.171.219 - - [05/Apr/2025:08:05:22 -0400] "GET /wp-includes/Text/Diff/Engine/wp-login.php HTTP/1.1" 404 16534 "-" "-"
52.167.171.219 - - [05/Apr/2025:08:05:24 -0400] "GET /wp-admin/user/chosen.php HTTP/1.1" 404 16534 "-" "-"
52.167.171.219 - - [05/Apr/2025:08:05:25 -0400] "GET /wp-content/uploads/wp-conflg.php HTTP/1.1" 404 16535 "-" "-"
52.167.171.219 - - [05/Apr/2025:08:05:26 -0400] "GET /ok.php HTTP/1.1" 404 16534 "-" "-"
52.167.171.219 - - [05/Apr/2025:08:05:27 -0400] "GET /wp-includes/IXR/alfa-rex.php HTTP/1.1" 404 16535 "-" "-"
52.167.171.219 - - [05/Apr/2025:08:05:28 -0400] "GET /wp-admin/autoload_classmap.php HTTP/1.1" 404 16534 "-" "-"
52.167.171.219 - - [05/Apr/2025:08:05:30 -0400] "GET /wp-includes/sodium_compat/src/index.php HTTP/1.1" 301 0 "-" "-"
52.167.171.219 - - [05/Apr/2025:08:05:31 -0400] "GET /wp-includes/sodium_compat/src/ HTTP/1.1" 403 1242 "-" "-"
198.54.114.83 - - [05/Apr/2025:08:05:32 -0400] "POST /wp-cron.php?doing_wp_cron=1743854732.5823569297790527343750 HTTP/1.1" 200 0 "-" "WordPress/6.7.2; https://shahmeenaindustry.com"
52.167.171.219 - - [05/Apr/2025:08:05:31 -0400] "GET /wp-includes/block-patterns/about.php HTTP/1.1" 404 16534 "-" "-"
52.167.171.219 - - [05/Apr/2025:08:05:34 -0400] "GET /wp-includes/css/alfa-rex.php HTTP/1.1" 404 16534 "-" "-"
52.167.171.219 - - [05/Apr/2025:08:05:35 -0400] "GET /images/stories/admin-post.php HTTP/1.1" 403 1242 "-" "-"
216.244.66.200 - - [05/Apr/2025:09:19:05 -0400] "GET /robots.txt HTTP/1.1" 200 131 "-" "Mozilla/5.0 (compatible; DotBot/1.2; +https://opensiteexplorer.org/dotbot; help@moz.com)"
43.135.182.43 - - [05/Apr/2025:09:26:15 -0400] "GET / HTTP/1.1" 200 24612 "-" "Mozilla/5.0 (iPhone; CPU iPhone OS 13_2_3 like Mac OS X) AppleWebKit/605.1.15 (KHTML, like Gecko) Version/13.0.3 Mobile/15E148 Safari/604.1"
198.54.114.83 - - [05/Apr/2025:09:29:43 -0400] "POST /wp-cron.php?doing_wp_cron=1743859783.6585268974304199218750 HTTP/1.1" 200 0 "-" "WordPress/6.7.2; https://shahmeenaindustry.com"
216.244.66.200 - - [05/Apr/2025:09:29:40 -0400] "GET /lab-diamond-engagement-rings-illuminate-torontos-love-stories/feed/ HTTP/1.1" 200 481 "-" "Mozilla/5.0 (compatible; DotBot/1.2; +https://opensiteexplorer.org/dotbot; help@moz.com)"
198.54.114.83 - - [05/Apr/2025:09:31:36 -0400] "POST /wp-cron.php?doing_wp_cron=1743859896.5889379978179931640625 HTTP/1.1" 200 0 "-" "WordPress/6.7.2; https://shahmeenaindustry.com"
216.244.66.200 - - [05/Apr/2025:09:31:36 -0400] "GET /innovative-strategies-for-casino-solution-distribution/feed/ HTTP/1.1" 200 455 "-" "Mozilla/5.0 (compatible; DotBot/1.2; +https://opensiteexplorer.org/dotbot; help@moz.com)"
195.211.191.170 - - [05/Apr/2025:09:33:11 -0400] "GET /.git/config HTTP/1.1" 403 1242 "-" "Mozilla/5.0 (X11; Linux x86_64) AppleWebKit/537.36 (KHTML, like Gecko) Chrome/81.0.4044.129 Safari/537.36"
196.251.89.80 - - [05/Apr/2025:09:55:09 -0400] "GET / HTTP/1.1" 200 24612 "-" "Mozilla/5.0 (Windows NT 10.0; Win64; x64) AppleWebKit/537.36 (KHTML, like Gecko) Chrome/89.0.4389.114 Safari/537.36"
198.54.114.83 - - [05/Apr/2025:09:55:15 -0400] "POST /wp-cron.php?doing_wp_cron=1743861314.9681649208068847656250 HTTP/1.1" 200 0 "-" "WordPress/6.7.2; https://shahmeenaindustry.com"
196.251.89.80 - - [05/Apr/2025:09:55:13 -0400] "GET /?author=1 HTTP/1.1" 301 0 "-" "Mozilla/5.0 (Windows NT 10.0; Win64; x64) AppleWebKit/537.36 (KHTML, like Gecko) Chrome/89.0.4389.114 Safari/537.36"
196.251.89.80 - - [05/Apr/2025:09:55:24 -0400] "GET /?author=2 HTTP/1.1" 301 0 "-" "Mozilla/5.0 (Windows NT 10.0; Win64; x64) AppleWebKit/537.36 (KHTML, like Gecko) Chrome/89.0.4389.114 Safari/537.36"
196.251.89.80 - - [05/Apr/2025:09:55:25 -0400] "GET /?author=3 HTTP/1.1" 404 16535 "-" "Mozilla/5.0 (Windows NT 10.0; Win64; x64) AppleWebKit/537.36 (KHTML, like Gecko) Chrome/89.0.4389.114 Safari/537.36"
196.251.89.80 - - [05/Apr/2025:09:55:26 -0400] "GET /wp-json/wp/v2/users/ HTTP/1.1" 200 1381 "-" "Mozilla/5.0 (Windows NT 10.0; Win64; x64) AppleWebKit/537.36 (KHTML, like Gecko) Chrome/89.0.4389.114 Safari/537.36"
85.208.98.23 - - [05/Apr/2025:10:00:37 -0400] "GET /robots.txt HTTP/1.1" 304 0 "-" "Mozilla/5.0 (compatible; SemrushBot-BA; +http://www.semrush.com/bot.html)"
113.219.218.197 - - [05/Apr/2025:11:05:12 -0400] "GET / HTTP/1.1" 200 24612 "-" "Mozilla/5.0 (iPhone; CPU iPhone OS 13_2_3 like Mac OS X) AppleWebKit/605.1.15 (KHTML, like Gecko) Version/13.0.3 Mobile/15E148 Safari/604.1"
198.54.114.83 - - [05/Apr/2025:11:09:44 -0400] "POST /wp-cron.php?doing_wp_cron=1743865783.1353890895843505859375 HTTP/1.1" 200 0 "-" "WordPress/6.7.2; https://shahmeenaindustry.com"
216.244.66.200 - - [05/Apr/2025:11:09:39 -0400] "GET /the-rise-of-online-casinos/ HTTP/1.1" 200 20912 "-" "Mozilla/5.0 (compatible; DotBot/1.2; +https://opensiteexplorer.org/dotbot; help@moz.com)"
198.54.114.83 - - [05/Apr/2025:11:23:02 -0400] "POST /wp-cron.php?doing_wp_cron=1743866582.6738920211791992187500 HTTP/1.1" 200 0 "-" "WordPress/6.7.2; https://shahmeenaindustry.com"
216.244.66.200 - - [05/Apr/2025:11:23:02 -0400] "GET /elevating-urban-living-exploring-the-park-hill-condo/feed/ HTTP/1.1" 200 464 "-" "Mozilla/5.0 (compatible; DotBot/1.2; +https://opensiteexplorer.org/dotbot; help@moz.com)"
216.244.66.200 - - [05/Apr/2025:11:42:32 -0400] "GET /robots.txt HTTP/1.1" 200 131 "-" "Mozilla/5.0 (compatible; DotBot/1.2; +https://opensiteexplorer.org/dotbot; help@moz.com)"
198.54.114.83 - - [05/Apr/2025:11:58:31 -0400] "POST /wp-cron.php?doing_wp_cron=1743868711.5199790000915527343750 HTTP/1.1" 200 0 "-" "WordPress/6.7.2; https://shahmeenaindustry.com"
216.244.66.200 - - [05/Apr/2025:11:58:31 -0400] "GET /combien-coute-un-photographe-de-mariage/ HTTP/1.1" 200 22734 "-" "Mozilla/5.0 (compatible; DotBot/1.2; +https://opensiteexplorer.org/dotbot; help@moz.com)"
216.244.66.200 - - [05/Apr/2025:12:30:20 -0400] "GET /robots.txt HTTP/1.1" 304 0 "-" "Mozilla/5.0 (compatible; DotBot/1.2; +https://opensiteexplorer.org/dotbot; help@moz.com)"
111.124.201.196 - - [05/Apr/2025:12:38:10 -0400] "GET / HTTP/1.1" 200 24612 "-" "TMP"
198.54.114.83 - - [05/Apr/2025:12:38:33 -0400] "POST /wp-cron.php?doing_wp_cron=1743871113.5896730422973632812500 HTTP/1.1" 200 0 "-" "WordPress/6.7.2; https://shahmeenaindustry.com"
216.244.66.200 - - [05/Apr/2025:12:38:30 -0400] "GET /so-werden-sie-steuerberater/ HTTP/1.1" 200 21427 "-" "Mozilla/5.0 (compatible; DotBot/1.2; +https://opensiteexplorer.org/dotbot; help@moz.com)"
208.109.27.194 - - [05/Apr/2025:12:40:44 -0400] "GET / HTTP/1.1" 200 24612 "-" "Mozilla/5.0 (Windows NT 10.0; Win64; x64) AppleWebKit/537.36 (KHTML, like Gecko) Chrome/114.0.5735.134 Safari/537.36"
198.54.114.83 - - [05/Apr/2025:12:40:44 -0400] "POST /wp-cron.php?doing_wp_cron=1743871244.5102279186248779296875 HTTP/1.1" 200 0 "-" "WordPress/6.7.2; https://shahmeenaindustry.com"
208.109.27.194 - - [05/Apr/2025:12:40:44 -0400] "GET /index.php?rest_route=/wp/v2/users HTTP/1.1" 200 1381 "http://shahmeenaindustry.com" "Mozilla/5.0 (Macintosh; Intel Mac OS X 10_15_7) AppleWebKit/537.36 (KHTML, like Gecko) Chrome/126.0.0.0 Safari/537.36"
198.54.114.83 - - [05/Apr/2025:12:52:11 -0400] "POST /wp-cron.php?doing_wp_cron=1743871931.0340509414672851562500 HTTP/1.1" 200 0 "-" "WordPress/6.7.2; https://shahmeenaindustry.com"
216.244.66.200 - - [05/Apr/2025:12:52:08 -0400] "GET /melbet-india-review/feed/ HTTP/1.1" 200 422 "-" "Mozilla/5.0 (compatible; DotBot/1.2; +https://opensiteexplorer.org/dotbot; help@moz.com)"
198.54.114.83 - - [05/Apr/2025:12:55:27 -0400] "POST /wp-cron.php?doing_wp_cron=1743872127.5771849155426025390625 HTTP/1.1" 200 0 "-" "WordPress/6.7.2; https://shahmeenaindustry.com"
216.244.66.200 - - [05/Apr/2025:12:55:24 -0400] "GET /page/107/ HTTP/1.1" 200 20629 "-" "Mozilla/5.0 (compatible; DotBot/1.2; +https://opensiteexplorer.org/dotbot; help@moz.com)"
171.232.78.220 - - [05/Apr/2025:12:58:14 -0400] "GET /cbd-shop-uk-review/ HTTP/1.1" 200 23132 "http://shahmeenaindustry.com/cbd-shop-uk-review/" "Mozilla/5.0 (Windows NT 10.0; Win64; x64) AppleWebKit/537.36 (KHTML, like Gecko) Chrome/130.0.0.0 Safari/537.36 CCleaner/130.0.0.0"
171.232.78.220 - - [05/Apr/2025:12:58:40 -0400] "GET / HTTP/1.1" 200 24612 "http://shahmeenaindustry.com/" "Mozilla/5.0 (Windows NT 10.0; Win64; x64) AppleWebKit/537.36 (KHTML, like Gecko) Chrome/130.0.0.0 Safari/537.36 CCleaner/130.0.0.0"
2a01:239:279:8600::1 - - [05/Apr/2025:13:22:46 -0400] "GET /.env HTTP/1.1" 403 1242 "-" "Mozilla/5.0 (X11; Linux x86_64) AppleWebKit/537.36 (KHTML, like Gecko) Chrome/81.0.4044.129 Safari/537.36"
198.54.114.83 - - [05/Apr/2025:13:22:51 -0400] "POST /wp-cron.php?doing_wp_cron=1743873771.0858149528503417968750 HTTP/1.1" 200 0 "-" "WordPress/6.7.2; https://shahmeenaindustry.com"
2a01:239:279:8600::1 - - [05/Apr/2025:13:22:48 -0400] "POST / HTTP/1.1" 200 24561 "-" "Mozilla/5.0 (X11; Linux x86_64) AppleWebKit/537.36 (KHTML, like Gecko) Chrome/81.0.4044.129 Safari/537.36"
2a01:239:279:8600::1 - - [05/Apr/2025:13:23:02 -0400] "GET /sendgrid/.env HTTP/1.1" 403 1242 "-" "Mozilla/5.0 (X11; Linux x86_64) AppleWebKit/537.36 (KHTML, like Gecko) Chrome/81.0.4044.129 Safari/537.36"
2a01:239:279:8600::1 - - [05/Apr/2025:13:23:04 -0400] "POST / HTTP/1.1" 200 24561 "-" "Mozilla/5.0 (X11; Linux x86_64) AppleWebKit/537.36 (KHTML, like Gecko) Chrome/81.0.4044.129 Safari/537.36"
198.54.114.83 - - [05/Apr/2025:14:02:40 -0400] "POST /wp-cron.php?doing_wp_cron=1743876160.0819919109344482421875 HTTP/1.1" 200 0 "-" "WordPress/6.7.2; https://shahmeenaindustry.com"
40.84.41.169 - - [05/Apr/2025:14:02:39 -0400] "HEAD /wordpress HTTP/1.1" 404 0 "-" "Mozilla/5.0 (Windows NT 10.0; Win64; x64) AppleWebKit/537.36 (KHTML, like Gecko) Chrome/74.0.3729.169 Safari/537.36"
40.84.41.169 - - [05/Apr/2025:14:02:40 -0400] "HEAD / HTTP/1.1" 200 0 "-" "Mozilla/5.0 (Windows NT 10.0; Win64; x64) AppleWebKit/537.36 (KHTML, like Gecko) Chrome/74.0.3729.169 Safari/537.36"
40.84.41.169 - - [05/Apr/2025:14:02:40 -0400] "HEAD /wp HTTP/1.1" 404 0 "-" "Mozilla/5.0 (Windows NT 10.0; Win64; x64) AppleWebKit/537.36 (KHTML, like Gecko) Chrome/74.0.3729.169 Safari/537.36"
40.84.41.169 - - [05/Apr/2025:14:02:40 -0400] "HEAD /bc HTTP/1.1" 404 0 "-" "Mozilla/5.0 (Windows NT 10.0; Win64; x64) AppleWebKit/537.36 (KHTML, like Gecko) Chrome/74.0.3729.169 Safari/537.36"
40.84.41.169 - - [05/Apr/2025:14:02:41 -0400] "HEAD /bk HTTP/1.1" 404 0 "-" "Mozilla/5.0 (Windows NT 10.0; Win64; x64) AppleWebKit/537.36 (KHTML, like Gecko) Chrome/74.0.3729.169 Safari/537.36"
40.84.41.169 - - [05/Apr/2025:14:02:41 -0400] "HEAD /backup HTTP/1.1" 404 0 "-" "Mozilla/5.0 (Windows NT 10.0; Win64; x64) AppleWebKit/537.36 (KHTML, like Gecko) Chrome/74.0.3729.169 Safari/537.36"
40.84.41.169 - - [05/Apr/2025:14:02:41 -0400] "HEAD /old HTTP/1.1" 404 0 "-" "Mozilla/5.0 (Windows NT 10.0; Win64; x64) AppleWebKit/537.36 (KHTML, like Gecko) Chrome/74.0.3729.169 Safari/537.36"
40.84.41.169 - - [05/Apr/2025:14:02:41 -0400] "HEAD /new HTTP/1.1" 301 0 "-" "Mozilla/5.0 (Windows NT 10.0; Win64; x64) AppleWebKit/537.36 (KHTML, like Gecko) Chrome/74.0.3729.169 Safari/537.36"
40.84.41.169 - - [05/Apr/2025:14:02:43 -0400] "HEAD /main HTTP/1.1" 404 0 "-" "Mozilla/5.0 (Windows NT 10.0; Win64; x64) AppleWebKit/537.36 (KHTML, like Gecko) Chrome/74.0.3729.169 Safari/537.36"
40.84.41.169 - - [05/Apr/2025:14:02:43 -0400] "HEAD /home HTTP/1.1" 301 0 "-" "Mozilla/5.0 (Windows NT 10.0; Win64; x64) AppleWebKit/537.36 (KHTML, like Gecko) Chrome/74.0.3729.169 Safari/537.36"
198.54.114.83 - - [05/Apr/2025:14:10:34 -0400] "POST /wp-cron.php?doing_wp_cron=1743876633.9446959495544433593750 HTTP/1.1" 200 0 "-" "WordPress/6.7.2; https://shahmeenaindustry.com"
111.68.8.138 - - [05/Apr/2025:14:10:33 -0400] "GET /ote.php?ote HTTP/1.1" 404 16535 "-" "Mozilla/5.0 (Windows NT 10.0; WOW64; rv:48.0) Gecko/20100101 Firefox/48.0"
111.68.8.138 - - [05/Apr/2025:14:10:35 -0400] "GET /1234.php HTTP/1.1" 404 16535 "-" "Mozilla/5.0 (Windows NT 10.0; WOW64; rv:48.0) Gecko/20100101 Firefox/48.0"
216.244.66.200 - - [05/Apr/2025:14:14:14 -0400] "GET /robots.txt HTTP/1.1" 200 131 "-" "Mozilla/5.0 (compatible; DotBot/1.2; +https://opensiteexplorer.org/dotbot; help@moz.com)"
198.54.114.83 - - [05/Apr/2025:14:26:48 -0400] "POST /wp-cron.php?doing_wp_cron=1743877608.3341588973999023437500 HTTP/1.1" 200 0 "-" "WordPress/6.7.2; https://shahmeenaindustry.com"
216.244.66.200 - - [05/Apr/2025:14:26:48 -0400] "GET /removing-your-old-sliding-glass-door/ HTTP/1.1" 200 22130 "-" "Mozilla/5.0 (compatible; DotBot/1.2; +https://opensiteexplorer.org/dotbot; help@moz.com)"
198.54.114.83 - - [05/Apr/2025:14:39:34 -0400] "POST /wp-cron.php?doing_wp_cron=1743878374.1615641117095947265625 HTTP/1.1" 200 0 "-" "WordPress/6.7.2; https://shahmeenaindustry.com"
92.62.121.102 - - [05/Apr/2025:14:39:34 -0400] "GET /wp-conf.php HTTP/1.1" 404 16535 "-" "Mozilla/5.0 (Windows NT 10.0; Win64; x64; rv:74.0) Gecko/20100101 Firefox/74.0"
92.62.121.102 - - [05/Apr/2025:14:39:35 -0400] "GET /wp-admin/maint/index.php HTTP/1.1" 301 0 "-" "Mozilla/5.0 (Windows NT 10.0; Win64; x64; rv:76.0) Gecko/20100101 Firefox/76.0"
92.62.121.102 - - [05/Apr/2025:14:39:35 -0400] "GET /.well-known/acme-challenge/index.php HTTP/1.1" 301 0 "-" "Mozilla/5.0 (Windows NT 10.0; Win64; x64) AppleWebKit/537.36 (KHTML, like Gecko) Chrome/77.0.3865.90 Safari/537.36"
92.62.121.102 - - [05/Apr/2025:14:39:36 -0400] "GET /wp-content/plugins/core-plugin/include.php HTTP/1.1" 404 16535 "-" "Mozilla/5.0 (Windows NT 10.0; Win64; x64) AppleWebKit/537.36 (KHTML, like Gecko) Chrome/84.0.4147.105 Safari/537.36"
92.62.121.102 - - [05/Apr/2025:14:39:36 -0400] "GET /randkeyword.php HTTP/1.1" 404 16554 "-" "Mozilla/5.0 (Windows NT 10.0; WOW64; x64) AppleWebKit/537.36 (KHTML, like Gecko) Chrome/84.0.4147.105 Safari/537.36 OPR/70.0.3728.95"
92.62.121.102 - - [05/Apr/2025:14:39:37 -0400] "GET /wp-content/index.php HTTP/1.1" 200 0 "-" "Mozilla/5.0 (X11; Fedora; Linux x86_64; rv:79.0) Gecko/20100101 Firefox/79.0"
92.62.121.102 - - [05/Apr/2025:14:39:38 -0400] "GET /404.php HTTP/1.1" 404 16535 "-" "Mozilla/5.0 (Windows NT 10.0) AppleWebKit/537.36 (KHTML, like Gecko) Chrome/84.0.4147.105 Safari/537.36"
92.62.121.102 - - [05/Apr/2025:14:39:39 -0400] "GET /wp-admin/network/index.php HTTP/1.1" 302 0 "-" "Mozilla/5.0 (Windows NT 10.0; Win64; x64) AppleWebKit/537.36 (KHTML, like Gecko) Chrome/74.0.3729.157 Safari/537.36"
92.62.121.102 - - [05/Apr/2025:14:39:39 -0400] "GET /.well-known/index.php HTTP/1.1" 301 0 "-" "Mozilla/5.0 (Windows NT 10.0; WOW64) AppleWebKit/537.36 (KHTML, like Gecko) Chrome/84.0.4147.105 Safari/537.36"
198.54.114.83 - - [05/Apr/2025:14:39:40 -0400] "POST /wp-cron.php?doing_wp_cron=1743878380.0265970230102539062500 HTTP/1.1" 200 0 "-" "WordPress/6.7.2; https://shahmeenaindustry.com"
92.62.121.102 - - [05/Apr/2025:14:39:39 -0400] "GET /wp-login.php HTTP/1.1" 302 0 "-" "Mozilla/5.0 (Windows NT 10.0; Win64; x64) AppleWebKit/537.36 (KHTML, like Gecko) Chrome/79.0.3945.88 Safari/537.36"
92.62.121.102 - - [05/Apr/2025:14:39:40 -0400] "GET /plugin.php HTTP/1.1" 404 16535 "-" "Mozilla/5.0 (Windows NT 10.0; WOW64) AppleWebKit/537.36 (KHTML, like Gecko) Chrome/72.0.3626.121 Safari/537.36"
92.62.121.102 - - [05/Apr/2025:14:39:41 -0400] "GET /install.php HTTP/1.1" 404 16535 "-" "Mozilla/5.0 (X11; Linux x86_64) AppleWebKit/537.36 (KHTML, like Gecko) Chrome/84.0.4147.105 Safari/537.36"
92.62.121.102 - - [05/Apr/2025:14:39:42 -0400] "GET /function.php HTTP/1.1" 404 16535 "-" "Mozilla/5.0 (X11; Fedora; Linux x86_64; rv:79.0) Gecko/20100101 Firefox/79.0"
92.62.121.102 - - [05/Apr/2025:14:39:43 -0400] "GET /wp-content/uploads/2023/05/404.php HTTP/1.1" 404 16535 "-" "Mozilla/5.0 (Macintosh; Intel Mac OS X 10_12_6) AppleWebKit/537.36 (KHTML, like Gecko) Chrome/58.0.3029.110 Safari/537.3"
84.247.50.194 - - [05/Apr/2025:14:40:36 -0400] "GET /cbd-shop-uk-review/ HTTP/1.1" 200 23132 "http://shahmeenaindustry.com/cbd-shop-uk-review/" "Mozilla/5.0 (Windows NT 10.0; Win64; x64) AppleWebKit/537.36 (KHTML, like Gecko) Chrome/131.0.0.0 Safari/537.36 Avast/131.0.0.0"
198.54.114.83 - - [05/Apr/2025:14:40:37 -0400] "POST /wp-cron.php?doing_wp_cron=1743878437.0879290103912353515625 HTTP/1.1" 200 0 "-" "WordPress/6.7.2; https://shahmeenaindustry.com"
84.247.50.194 - - [05/Apr/2025:14:40:36 -0400] "POST /wp-comments-post.php HTTP/1.1" 302 0 "http://shahmeenaindustry.com/cbd-shop-uk-review/" "Mozilla/5.0 (Windows NT 10.0; Win64; x64) AppleWebKit/537.36 (KHTML, like Gecko) Chrome/131.0.0.0 Safari/537.36 Avast/131.0.0.0"
216.244.66.200 - - [05/Apr/2025:15:09:39 -0400] "GET /robots.txt HTTP/1.1" 200 131 "-" "Mozilla/5.0 (compatible; DotBot/1.2; +https://opensiteexplorer.org/dotbot; help@moz.com)"
198.54.114.83 - - [05/Apr/2025:15:21:29 -0400] "POST /wp-cron.php?doing_wp_cron=1743880889.7491559982299804687500 HTTP/1.1" 200 0 "-" "WordPress/6.7.2; https://shahmeenaindustry.com"
192.159.99.152 - - [05/Apr/2025:15:21:29 -0400] "GET /wp-aa.php HTTP/1.1" 404 16534 "-" "Mozilla/5.0 (Windows NT 10.0; Win64; x64; rv:77.0) Gecko/20100101 Firefox/77.0"
192.159.99.152 - - [05/Apr/2025:15:21:30 -0400] "GET /wp-content/plugins/wp-automatic/inc/csv.php HTTP/1.1" 404 16534 "-" "Mozilla/5.0 (Windows NT 10.0; Win64; x64; rv:77.0) Gecko/20100101 Firefox/77.0"
2602:fa59:5:873::1 - - [05/Apr/2025:15:41:00 -0400] "GET /wp-admin/network/index.php HTTP/1.1" 302 0 "-" "Mozlila/5.0 (Linux; Android 7.0; SM-G892A Bulid/NRD90M; wv) AppleWebKit/537.36 (KHTML, like Gecko) Version/4.0 Chrome/60.0.3112.107 Moblie Safari/537.36"
2602:fa59:5:873::1 - - [05/Apr/2025:15:41:15 -0400] "GET /wp-admin/js/index.php HTTP/1.1" 301 0 "-" "Mozlila/5.0 (Linux; Android 7.0; SM-G892A Bulid/NRD90M; wv) AppleWebKit/537.36 (KHTML, like Gecko) Version/4.0 Chrome/60.0.3112.107 Moblie Safari/537.36"
2602:fa59:5:873::1 - - [05/Apr/2025:15:41:15 -0400] "GET /wp-admin/js/ HTTP/1.1" 403 1242 "-" "Mozlila/5.0 (Linux; Android 7.0; SM-G892A Bulid/NRD90M; wv) AppleWebKit/537.36 (KHTML, like Gecko) Version/4.0 Chrome/60.0.3112.107 Moblie Safari/537.36"
2602:fa59:5:873::1 - - [05/Apr/2025:15:41:22 -0400] "GET /wp-admin/images/index.php HTTP/1.1" 301 0 "-" "Mozlila/5.0 (Linux; Android 7.0; SM-G892A Bulid/NRD90M; wv) AppleWebKit/537.36 (KHTML, like Gecko) Version/4.0 Chrome/60.0.3112.107 Moblie Safari/537.36"
2602:fa59:5:873::1 - - [05/Apr/2025:15:41:22 -0400] "GET /wp-admin/images/ HTTP/1.1" 403 1242 "-" "Mozlila/5.0 (Linux; Android 7.0; SM-G892A Bulid/NRD90M; wv) AppleWebKit/537.36 (KHTML, like Gecko) Version/4.0 Chrome/60.0.3112.107 Moblie Safari/537.36"
198.54.114.83 - - [05/Apr/2025:15:41:30 -0400] "POST /wp-cron.php?doing_wp_cron=1743882090.6035099029541015625000 HTTP/1.1" 200 0 "-" "WordPress/6.7.2; https://shahmeenaindustry.com"
2602:fa59:5:873::1 - - [05/Apr/2025:15:41:30 -0400] "GET /wp-admin/css/index.php HTTP/1.1" 301 0 "-" "Mozlila/5.0 (Linux; Android 7.0; SM-G892A Bulid/NRD90M; wv) AppleWebKit/537.36 (KHTML, like Gecko) Version/4.0 Chrome/60.0.3112.107 Moblie Safari/537.36"
2602:fa59:5:873::1 - - [05/Apr/2025:15:41:30 -0400] "GET /wp-admin/css/ HTTP/1.1" 403 1242 "-" "Mozlila/5.0 (Linux; Android 7.0; SM-G892A Bulid/NRD90M; wv) AppleWebKit/537.36 (KHTML, like Gecko) Version/4.0 Chrome/60.0.3112.107 Moblie Safari/537.36"
198.54.114.83 - - [05/Apr/2025:15:41:41 -0400] "POST /wp-cron.php?doing_wp_cron=1743882101.4801549911499023437500 HTTP/1.1" 200 0 "-" "WordPress/6.7.2; https://shahmeenaindustry.com"
2602:fa59:5:873::1 - - [05/Apr/2025:15:41:41 -0400] "GET /wp-includes/SimplePie/Content/Type/index.php HTTP/1.1" 301 0 "-" "Mozlila/5.0 (Linux; Android 7.0; SM-G892A Bulid/NRD90M; wv) AppleWebKit/537.36 (KHTML, like Gecko) Version/4.0 Chrome/60.0.3112.107 Moblie Safari/537.36"
2602:fa59:5:873::1 - - [05/Apr/2025:15:41:41 -0400] "GET /wp-includes/SimplePie/Content/Type/ HTTP/1.1" 404 16535 "-" "Mozlila/5.0 (Linux; Android 7.0; SM-G892A Bulid/NRD90M; wv) AppleWebKit/537.36 (KHTML, like Gecko) Version/4.0 Chrome/60.0.3112.107 Moblie Safari/537.36"
2602:fa59:5:873::1 - - [05/Apr/2025:15:41:59 -0400] "GET /wp-includes/Requests/Auth/index.php HTTP/1.1" 301 0 "-" "Mozlila/5.0 (Linux; Android 7.0; SM-G892A Bulid/NRD90M; wv) AppleWebKit/537.36 (KHTML, like Gecko) Version/4.0 Chrome/60.0.3112.107 Moblie Safari/537.36"
2602:fa59:5:873::1 - - [05/Apr/2025:15:42:00 -0400] "GET /wp-includes/Requests/Auth/ HTTP/1.1" 404 16534 "-" "Mozlila/5.0 (Linux; Android 7.0; SM-G892A Bulid/NRD90M; wv) AppleWebKit/537.36 (KHTML, like Gecko) Version/4.0 Chrome/60.0.3112.107 Moblie Safari/537.36"
2602:fa59:5:873::1 - - [05/Apr/2025:15:42:09 -0400] "GET /wp-admin/css/colors/index.php HTTP/1.1" 301 0 "-" "Mozlila/5.0 (Linux; Android 7.0; SM-G892A Bulid/NRD90M; wv) AppleWebKit/537.36 (KHTML, like Gecko) Version/4.0 Chrome/60.0.3112.107 Moblie Safari/537.36"
2602:fa59:5:873::1 - - [05/Apr/2025:15:42:09 -0400] "GET /wp-admin/css/colors/ HTTP/1.1" 403 1242 "-" "Mozlila/5.0 (Linux; Android 7.0; SM-G892A Bulid/NRD90M; wv) AppleWebKit/537.36 (KHTML, like Gecko) Version/4.0 Chrome/60.0.3112.107 Moblie Safari/537.36"
2602:fa59:5:873::1 - - [05/Apr/2025:15:42:15 -0400] "GET /wp-content/languages/index.php HTTP/1.1" 301 0 "-" "Mozlila/5.0 (Linux; Android 7.0; SM-G892A Bulid/NRD90M; wv) AppleWebKit/537.36 (KHTML, like Gecko) Version/4.0 Chrome/60.0.3112.107 Moblie Safari/537.36"
2602:fa59:5:873::1 - - [05/Apr/2025:15:42:15 -0400] "GET /wp-content/languages/ HTTP/1.1" 404 16535 "-" "Mozlila/5.0 (Linux; Android 7.0; SM-G892A Bulid/NRD90M; wv) AppleWebKit/537.36 (KHTML, like Gecko) Version/4.0 Chrome/60.0.3112.107 Moblie Safari/537.36"
198.54.114.83 - - [05/Apr/2025:15:42:35 -0400] "POST /wp-cron.php?doing_wp_cron=1743882154.9628770351409912109375 HTTP/1.1" 200 0 "-" "WordPress/6.7.2; https://shahmeenaindustry.com"
2602:fa59:5:873::1 - - [05/Apr/2025:15:42:34 -0400] "GET /wp-content/upgrade/index.php HTTP/1.1" 301 0 "-" "Mozlila/5.0 (Linux; Android 7.0; SM-G892A Bulid/NRD90M; wv) AppleWebKit/537.36 (KHTML, like Gecko) Version/4.0 Chrome/60.0.3112.107 Moblie Safari/537.36"
2602:fa59:5:873::1 - - [05/Apr/2025:15:42:35 -0400] "GET /wp-content/upgrade/ HTTP/1.1" 403 1242 "-" "Mozlila/5.0 (Linux; Android 7.0; SM-G892A Bulid/NRD90M; wv) AppleWebKit/537.36 (KHTML, like Gecko) Version/4.0 Chrome/60.0.3112.107 Moblie Safari/537.36"
198.54.114.83 - - [05/Apr/2025:15:43:10 -0400] "POST /wp-cron.php?doing_wp_cron=1743882190.8505170345306396484375 HTTP/1.1" 200 0 "-" "WordPress/6.7.2; https://shahmeenaindustry.com"
2602:fa59:5:873::1 - - [05/Apr/2025:15:43:10 -0400] "GET /wp-content/IXR/index.php HTTP/1.1" 301 0 "-" "Mozlila/5.0 (Linux; Android 7.0; SM-G892A Bulid/NRD90M; wv) AppleWebKit/537.36 (KHTML, like Gecko) Version/4.0 Chrome/60.0.3112.107 Moblie Safari/537.36"
2602:fa59:5:873::1 - - [05/Apr/2025:15:43:11 -0400] "GET /wp-content/IXR/ HTTP/1.1" 404 16535 "-" "Mozlila/5.0 (Linux; Android 7.0; SM-G892A Bulid/NRD90M; wv) AppleWebKit/537.36 (KHTML, like Gecko) Version/4.0 Chrome/60.0.3112.107 Moblie Safari/537.36"
198.54.114.83 - - [05/Apr/2025:15:43:48 -0400] "POST /wp-cron.php?doing_wp_cron=1743882228.4429841041564941406250 HTTP/1.1" 200 0 "-" "WordPress/6.7.2; https://shahmeenaindustry.com"
216.244.66.200 - - [05/Apr/2025:15:43:48 -0400] "GET /how-to-buy-tiktok-views-safely-and-securely/feed/ HTTP/1.1" 200 454 "-" "Mozilla/5.0 (compatible; DotBot/1.2; +https://opensiteexplorer.org/dotbot; help@moz.com)"
198.54.114.83 - - [05/Apr/2025:15:52:03 -0400] "POST /wp-cron.php?doing_wp_cron=1743882722.6555409431457519531250 HTTP/1.1" 200 0 "-" "WordPress/6.7.2; https://shahmeenaindustry.com"
52.170.79.168 - - [05/Apr/2025:15:52:01 -0400] "GET /lv.php HTTP/1.1" 404 16535 "-" "-"
52.170.79.168 - - [05/Apr/2025:15:52:06 -0400] "GET /wp-content/plugins/pwnd/pwnd.php HTTP/1.1" 404 16535 "-" "-"
52.170.79.168 - - [05/Apr/2025:15:52:08 -0400] "GET /wp-content/plugins/pwnd-1/pwnd.php HTTP/1.1" 404 16535 "-" "-"
52.170.79.168 - - [05/Apr/2025:15:52:09 -0400] "GET /wp-includes/Requests/about.php HTTP/1.1" 404 16535 "-" "-"
52.170.79.168 - - [05/Apr/2025:15:52:10 -0400] "GET /wp-includes/style-engine/about.php HTTP/1.1" 404 16534 "-" "-"
52.170.79.168 - - [05/Apr/2025:15:52:12 -0400] "GET /wp-includes/rest-api/about.php HTTP/1.1" 404 16534 "-" "-"
52.170.79.168 - - [05/Apr/2025:15:52:13 -0400] "GET /wp-includes/SimplePie/about.php HTTP/1.1" 404 16535 "-" "-"
52.170.79.168 - - [05/Apr/2025:15:52:14 -0400] "GET /wp-content/banners/about.php HTTP/1.1" 404 16535 "-" "-"
52.170.79.168 - - [05/Apr/2025:15:52:17 -0400] "GET /wp-content/about.php HTTP/1.1" 404 16535 "-" "-"
52.170.79.168 - - [05/Apr/2025:15:52:20 -0400] "GET /.well-known/about.php HTTP/1.1" 404 16534 "-" "-"
52.170.79.168 - - [05/Apr/2025:15:52:21 -0400] "GET /wp-includes/Text/about.php HTTP/1.1" 404 16534 "-" "-"
52.170.79.168 - - [05/Apr/2025:15:52:22 -0400] "GET /wp-includes/ID3/about.php HTTP/1.1" 404 16535 "-" "-"
52.170.79.168 - - [05/Apr/2025:15:52:23 -0400] "GET /img/about.php HTTP/1.1" 404 16535 "-" "-"
52.170.79.168 - - [05/Apr/2025:15:52:25 -0400] "GET /wp-content/languages/about.php HTTP/1.1" 404 16535 "-" "-"
52.170.79.168 - - [05/Apr/2025:15:52:26 -0400] "GET /wp-includes/customize/about.php HTTP/1.1" 404 16535 "-" "-"
52.170.79.168 - - [05/Apr/2025:15:52:26 -0400] "GET /wp-includes.bak/html-api/about.php HTTP/1.1" 404 16535 "-" "-"
52.170.79.168 - - [05/Apr/2025:15:52:28 -0400] "GET /wp-includes/widgets/about.php HTTP/1.1" 404 16535 "-" "-"
52.170.79.168 - - [05/Apr/2025:15:52:29 -0400] "GET /wp-includes/IXR/about.php HTTP/1.1" 404 16535 "-" "-"
52.170.79.168 - - [05/Apr/2025:15:52:30 -0400] "GET /wp-admin/js/about.php HTTP/1.1" 404 16535 "-" "-"
52.170.79.168 - - [05/Apr/2025:15:52:32 -0400] "GET /.well-known/pki-validation/about.php HTTP/1.1" 404 1251 "-" "-"
198.54.114.83 - - [05/Apr/2025:15:52:34 -0400] "POST /wp-cron.php?doing_wp_cron=1743882753.1295559406280517578125 HTTP/1.1" 200 0 "-" "WordPress/6.7.2; https://shahmeenaindustry.com"
52.170.79.168 - - [05/Apr/2025:15:52:32 -0400] "GET /wp-includes/pomo/about.php HTTP/1.1" 404 16535 "-" "-"
52.170.79.168 - - [05/Apr/2025:15:52:35 -0400] "GET /wp-includes/block-patterns/about.php HTTP/1.1" 404 16535 "-" "-"
52.170.79.168 - - [05/Apr/2025:15:52:37 -0400] "GET /wp-content/updraft/about.php HTTP/1.1" 404 16535 "-" "-"
52.170.79.168 - - [05/Apr/2025:15:52:38 -0400] "GET /wp-content/upgrade-temp-backup/about.php HTTP/1.1" 404 16535 "-" "-"
52.170.79.168 - - [05/Apr/2025:15:52:39 -0400] "GET /wp-content/themes/about.php HTTP/1.1" 404 16535 "-" "-"
52.170.79.168 - - [05/Apr/2025:15:52:40 -0400] "GET /wp-admin/includes/about.php HTTP/1.1" 404 16535 "-" "-"
52.170.79.168 - - [05/Apr/2025:15:52:42 -0400] "GET /images/about.php HTTP/1.1" 404 16535 "-" "-"
52.170.79.168 - - [05/Apr/2025:15:52:43 -0400] "GET /wp-content/blogs.dir/about.php HTTP/1.1" 404 16535 "-" "-"
52.170.79.168 - - [05/Apr/2025:15:52:44 -0400] "GET /wp-includes/images/about.php HTTP/1.1" 404 16535 "-" "-"
52.170.79.168 - - [05/Apr/2025:15:52:45 -0400] "GET /wp-includes/about.php HTTP/1.1" 404 16535 "-" "-"
52.170.79.168 - - [05/Apr/2025:15:52:46 -0400] "GET /cgi-bin/about.php HTTP/1.1" 404 16535 "-" "-"
52.170.79.168 - - [05/Apr/2025:15:52:49 -0400] "GET /wp-content/gallery/about.php HTTP/1.1" 404 16535 "-" "-"
52.170.79.168 - - [05/Apr/2025:15:52:50 -0400] "GET /wp-includes/blocks/about.php HTTP/1.1" 404 16535 "-" "-"
52.170.79.168 - - [05/Apr/2025:15:52:51 -0400] "GET /wp-admin/css/about.php HTTP/1.1" 404 16533 "-" "-"
52.170.79.168 - - [05/Apr/2025:15:52:53 -0400] "GET /wp-admin/images/about.php HTTP/1.1" 404 16535 "-" "-"
52.170.79.168 - - [05/Apr/2025:15:52:55 -0400] "GET /.well-known/pki-validation/cloud.php HTTP/1.1" 404 1251 "-" "-"
52.170.79.168 - - [05/Apr/2025:15:52:56 -0400] "GET /.well-known/acme-challenge/cloud.php HTTP/1.1" 404 16535 "-" "-"
52.170.79.168 - - [05/Apr/2025:15:52:58 -0400] "GET /wp-admin/network/cloud.php HTTP/1.1" 404 16535 "-" "-"
52.170.79.168 - - [05/Apr/2025:15:53:01 -0400] "GET /cloud.php HTTP/1.1" 404 16535 "-" "-"
52.170.79.168 - - [05/Apr/2025:15:53:05 -0400] "GET /cgi-bin/cloud.php HTTP/1.1" 404 16535 "-" "-"
52.170.79.168 - - [05/Apr/2025:15:53:08 -0400] "GET /wp-content/updates.php HTTP/1.1" 404 16535 "-" "-"
52.170.79.168 - - [05/Apr/2025:15:53:12 -0400] "GET /css/cloud.php HTTP/1.1" 404 16535 "-" "-"
52.170.79.168 - - [05/Apr/2025:15:53:15 -0400] "GET /wp-admin/user/cloud.php HTTP/1.1" 404 16535 "-" "-"
52.170.79.168 - - [05/Apr/2025:15:53:17 -0400] "GET /img/cloud.php HTTP/1.1" 404 16535 "-" "-"
52.170.79.168 - - [05/Apr/2025:15:53:18 -0400] "GET /wp-admin/css/colors/coffee/cloud.php HTTP/1.1" 404 16535 "-" "-"
52.170.79.168 - - [05/Apr/2025:15:53:20 -0400] "GET /wp-admin/images/cloud.php HTTP/1.1" 404 16535 "-" "-"
52.170.79.168 - - [05/Apr/2025:15:53:22 -0400] "GET /avaa.php HTTP/1.1" 404 16535 "-" "-"
52.170.79.168 - - [05/Apr/2025:15:53:23 -0400] "GET /images/cloud.php HTTP/1.1" 404 16535 "-" "-"
52.170.79.168 - - [05/Apr/2025:15:53:24 -0400] "GET /wp-admin/js/widgets/cloud.php HTTP/1.1" 404 16535 "-" "-"
52.170.79.168 - - [05/Apr/2025:15:53:27 -0400] "GET /wp-includes/Requests/Text/admin.php HTTP/1.1" 404 16535 "-" "-"
52.170.79.168 - - [05/Apr/2025:15:53:29 -0400] "GET /wp-admin/css/colors/cloud.php HTTP/1.1" 404 16535 "-" "-"
52.170.79.168 - - [05/Apr/2025:15:53:31 -0400] "GET /wp-admin/includes/cloud.php HTTP/1.1" 404 16535 "-" "-"
52.170.79.168 - - [05/Apr/2025:15:53:32 -0400] "GET /wp-admin/css/colors/blue/cloud.php HTTP/1.1" 404 16535 "-" "-"
52.170.79.168 - - [05/Apr/2025:15:53:33 -0400] "GET /wp-admin/cloud.php HTTP/1.1" 404 16535 "-" "-"
198.54.114.83 - - [05/Apr/2025:15:53:35 -0400] "POST /wp-cron.php?doing_wp_cron=1743882813.6571130752563476562500 HTTP/1.1" 200 0 "-" "WordPress/6.7.2; https://shahmeenaindustry.com"
52.170.79.168 - - [05/Apr/2025:15:53:35 -0400] "GET /updates.php HTTP/1.1" 404 16535 "-" "-"
52.170.79.168 - - [05/Apr/2025:15:53:36 -0400] "GET /libraries/legacy/updates.php HTTP/1.1" 404 16535 "-" "-"
52.170.79.168 - - [05/Apr/2025:15:53:38 -0400] "GET /libraries/phpmailer/updates.php HTTP/1.1" 404 16535 "-" "-"
52.170.79.168 - - [05/Apr/2025:15:53:40 -0400] "GET /libraries/vendor/updates.php HTTP/1.1" 404 16535 "-" "-"
52.170.79.168 - - [05/Apr/2025:15:53:41 -0400] "GET /alfa-rex.php7 HTTP/1.1" 404 16535 "-" "-"
52.170.79.168 - - [05/Apr/2025:15:53:44 -0400] "GET /alfanew.php HTTP/1.1" 404 16535 "-" "-"
52.170.79.168 - - [05/Apr/2025:15:53:45 -0400] "GET /wp-content/plugins/Cache/Cache.php HTTP/1.1" 404 16535 "-" "-"
52.170.79.168 - - [05/Apr/2025:15:53:46 -0400] "GET /wp-admin/js/widgets/about.php7 HTTP/1.1" 404 16535 "-" "-"
52.170.79.168 - - [05/Apr/2025:15:53:47 -0400] "GET /wp-p.php7 HTTP/1.1" 404 16535 "-" "-"
52.170.79.168 - - [05/Apr/2025:15:53:48 -0400] "GET /wp-admin/repeater.php HTTP/1.1" 404 16535 "-" "-"
52.170.79.168 - - [05/Apr/2025:15:53:51 -0400] "GET /wp-includes/repeater.php HTTP/1.1" 404 16535 "-" "-"
52.170.79.168 - - [05/Apr/2025:15:53:51 -0400] "GET /wp-content/repeater.php HTTP/1.1" 404 16535 "-" "-"
