195.26.225.218 - - [02/Apr/2025:03:08:17 -0400] "GET /how-to-get-the-most-out-of-a-jade-roller/ HTTP/1.1" 200 21756 "http://shahmeenaindustry.com/how-to-get-the-most-out-of-a-jade-roller/" "Mozilla/5.0 (Windows NT 10.0; Win64; x64) AppleWebKit/537.36 (KHTML, like Gecko) Chrome/130.0.0.0 Safari/537.36 CCleaner/130.0.0.0"
198.54.114.83 - - [02/Apr/2025:03:08:22 -0400] "POST /wp-cron.php?doing_wp_cron=1743577701.8083910942077636718750 HTTP/1.1" 200 0 "-" "WordPress/6.7.2; https://shahmeenaindustry.com"
195.26.225.218 - - [02/Apr/2025:03:08:19 -0400] "POST /wp-comments-post.php HTTP/1.1" 302 0 "http://shahmeenaindustry.com/how-to-get-the-most-out-of-a-jade-roller/" "Mozilla/5.0 (Windows NT 10.0; Win64; x64) AppleWebKit/537.36 (KHTML, like Gecko) Chrome/130.0.0.0 Safari/537.36 CCleaner/130.0.0.0"
216.244.66.200 - - [02/Apr/2025:03:12:41 -0400] "GET /robots.txt HTTP/1.1" 304 0 "-" "Mozilla/5.0 (compatible; DotBot/1.2; +https://opensiteexplorer.org/dotbot; help@moz.com)"
198.54.114.83 - - [02/Apr/2025:03:17:57 -0400] "POST /wp-cron.php?doing_wp_cron=1743578277.3984038829803466796875 HTTP/1.1" 200 0 "-" "WordPress/6.7.2; https://shahmeenaindustry.com"
216.244.66.200 - - [02/Apr/2025:03:17:53 -0400] "GET /choisir-le-bon-produit-de-nettoyage-pour-largenterie/ HTTP/1.1" 200 21608 "-" "Mozilla/5.0 (compatible; DotBot/1.2; +https://opensiteexplorer.org/dotbot; help@moz.com)"
198.54.114.83 - - [02/Apr/2025:03:18:18 -0400] "POST /wp-cron.php?doing_wp_cron=1743578298.1502330303192138671875 HTTP/1.1" 200 0 "-" "WordPress/6.7.2; https://shahmeenaindustry.com"
216.244.66.200 - - [02/Apr/2025:03:18:17 -0400] "GET /page/127/ HTTP/1.1" 200 18915 "-" "Mozilla/5.0 (compatible; DotBot/1.2; +https://opensiteexplorer.org/dotbot; help@moz.com)"
194.127.173.102 - - [02/Apr/2025:03:19:57 -0400] "GET /cbd-shop-uk-review/ HTTP/1.1" 200 23136 "http://shahmeenaindustry.com/cbd-shop-uk-review/" "Mozilla/5.0 (Windows NT 10.0; Win64; x64) AppleWebKit/537.36 (KHTML, like Gecko) Chrome/131.0.0.0 Safari/537.36"
198.54.114.83 - - [02/Apr/2025:03:20:01 -0400] "POST /wp-cron.php?doing_wp_cron=1743578401.6601819992065429687500 HTTP/1.1" 200 0 "-" "WordPress/6.7.2; https://shahmeenaindustry.com"
194.127.173.102 - - [02/Apr/2025:03:19:58 -0400] "POST /wp-comments-post.php HTTP/1.1" 302 0 "http://shahmeenaindustry.com/cbd-shop-uk-review/" "Mozilla/5.0 (Windows NT 10.0; Win64; x64) AppleWebKit/537.36 (KHTML, like Gecko) Chrome/131.0.0.0 Safari/537.36"
198.54.114.83 - - [02/Apr/2025:03:21:13 -0400] "POST /wp-cron.php?doing_wp_cron=1743578472.7460179328918457031250 HTTP/1.1" 200 0 "-" "WordPress/6.7.2; https://shahmeenaindustry.com"
216.244.66.200 - - [02/Apr/2025:03:21:12 -0400] "GET /the-modern-kitchen-cabinet-revolution/ HTTP/1.1" 200 20996 "-" "Mozilla/5.0 (compatible; DotBot/1.2; +https://opensiteexplorer.org/dotbot; help@moz.com)"
66.29.146.29 - - [02/Apr/2025:03:32:38 -0400] "POST /xmlrpc.php HTTP/1.1" 200 212 "http://shahmeenaindustry.com" "Mozilla/5.0 (Macintosh; Intel Mac OS X 10_15_7) AppleWebKit/537.36 (KHTML, like Gecko) Chrome/114.0.5735.134 Safari/537.36"
198.54.114.83 - - [02/Apr/2025:03:34:57 -0400] "POST /wp-cron.php?doing_wp_cron=1743579296.7669088840484619140625 HTTP/1.1" 200 0 "-" "WordPress/6.7.2; https://shahmeenaindustry.com"
103.205.211.78 - - [02/Apr/2025:03:34:53 -0400] "POST /xmlrpc.php HTTP/1.1" 200 236 "-" "Mozilla/5.0 (X11; Fedora; Linux x86_64; rv:94.0) Gecko/20100101 Firefox/95.0"
192.252.216.81 - - [02/Apr/2025:03:46:14 -0400] "GET /cbd-shop-uk-review/ HTTP/1.1" 200 23136 "http://shahmeenaindustry.com/cbd-shop-uk-review/" "Mozilla/5.0 (Windows NT 10.0; Win64; x64) AppleWebKit/537.36 (KHTML, like Gecko) Chrome/129.0.0.0 Safari/537.36"
198.54.114.83 - - [02/Apr/2025:03:46:21 -0400] "POST /wp-cron.php?doing_wp_cron=1743579980.9973340034484863281250 HTTP/1.1" 200 0 "-" "WordPress/6.7.2; https://shahmeenaindustry.com"
192.252.216.81 - - [02/Apr/2025:03:46:15 -0400] "POST /wp-comments-post.php HTTP/1.1" 200 1168 "http://shahmeenaindustry.com/cbd-shop-uk-review/" "Mozilla/5.0 (Windows NT 10.0; Win64; x64) AppleWebKit/537.36 (KHTML, like Gecko) Chrome/129.0.0.0 Safari/537.36"
198.54.114.83 - - [02/Apr/2025:03:59:10 -0400] "POST /wp-cron.php?doing_wp_cron=1743580749.3154170513153076171875 HTTP/1.1" 200 0 "-" "WordPress/6.7.2; https://shahmeenaindustry.com"
91.238.162.8 - - [02/Apr/2025:03:59:06 -0400] "POST /xmlrpc.php HTTP/1.1" 200 212 "http://shahmeenaindustry.com" "Mozilla/5.0 (Macintosh; Intel Mac OS X 10_15_7) AppleWebKit/537.36 (KHTML, like Gecko) Chrome/112.0.5615.138 Safari/537.36"
173.249.34.96 - - [02/Apr/2025:04:06:59 -0400] "GET / HTTP/1.1" 200 24560 "-" "Mozilla/5.0 (compatible; t3versionsBot/1.0; +https://www.t3versions.com/bot)"
198.54.114.83 - - [02/Apr/2025:04:12:51 -0400] "POST /wp-cron.php?doing_wp_cron=1743581570.3604040145874023437500 HTTP/1.1" 200 0 "-" "WordPress/6.7.2; https://shahmeenaindustry.com"
119.91.214.45 - - [02/Apr/2025:04:12:46 -0400] "POST /xmlrpc.php HTTP/1.1" 200 236 "-" "Mozilla/5.0 (X11; Fedora; Linux x86_64; rv:94.0) Gecko/20100101 Firefox/95.0"
95.217.147.111 - - [02/Apr/2025:04:26:46 -0400] "POST /xmlrpc.php HTTP/1.1" 200 212 "http://shahmeenaindustry.com" "Mozilla/5.0 (Windows NT 10.0; Win64; x64) AppleWebKit/537.36 (KHTML, like Gecko) Chrome/113.0.5672.93 Safari/537.36"
198.54.114.83 - - [02/Apr/2025:04:55:00 -0400] "POST /wp-cron.php?doing_wp_cron=1743584099.6973390579223632812500 HTTP/1.1" 200 0 "-" "WordPress/6.7.2; https://shahmeenaindustry.com"
208.109.27.194 - - [02/Apr/2025:04:54:55 -0400] "POST /xmlrpc.php HTTP/1.1" 200 212 "http://shahmeenaindustry.com" "Mozilla/5.0 (Windows NT 10.0; Win64; x64) AppleWebKit/537.36 (KHTML, like Gecko) Chrome/126.0.0.0 Safari/537.36 Edg/126.0.0.0"
198.54.114.83 - - [02/Apr/2025:04:55:32 -0400] "POST /wp-cron.php?doing_wp_cron=1743584132.0416619777679443359375 HTTP/1.1" 200 0 "-" "WordPress/6.7.2; https://shahmeenaindustry.com"
92.222.181.205 - - [02/Apr/2025:04:55:31 -0400] "POST /xmlrpc.php HTTP/1.1" 200 236 "-" "Mozilla/5.0 (X11; Fedora; Linux x86_64; rv:94.0) Gecko/20100101 Firefox/95.0"
181.189.83.163 - - [02/Apr/2025:05:15:29 -0400] "POST /xmlrpc.php HTTP/1.1" 200 212 "-" "Mozilla/5.0 (Windows NT 10.0; Win64; x64) AppleWebKit/537.36 (KHTML, like Gecko) Chrome/97.0.4692.99 Safari/537.36"
38.225.14.46 - - [02/Apr/2025:05:15:32 -0400] "POST /xmlrpc.php HTTP/1.1" 200 212 "-" "Mozilla/5.0 (Windows NT 6.3; WOW64; rv:43.0) Gecko/20100101 Firefox/43.0"
103.124.95.168 - - [02/Apr/2025:05:23:32 -0400] "POST /xmlrpc.php HTTP/1.1" 200 212 "http://shahmeenaindustry.com" "Mozilla/5.0 (Windows NT 10.0; Win64; x64) AppleWebKit/537.36 (KHTML, like Gecko) Chrome/115.0.5790.102 Safari/537.36"
85.208.98.23 - - [02/Apr/2025:05:41:24 -0400] "GET /robots.txt HTTP/1.1" 304 0 "-" "Mozilla/5.0 (compatible; SemrushBot-BA; +http://www.semrush.com/bot.html)"
198.54.114.83 - - [02/Apr/2025:05:44:15 -0400] "POST /wp-cron.php?doing_wp_cron=1743587055.6652050018310546875000 HTTP/1.1" 200 0 "-" "WordPress/6.7.2; https://shahmeenaindustry.com"
45.76.209.208 - - [02/Apr/2025:05:44:15 -0400] "GET /wp-login.php HTTP/1.1" 302 0 "-" "Mozilla/5.0"
43.173.1.57 - - [02/Apr/2025:05:46:19 -0400] "GET / HTTP/1.1" 200 24560 "-" "Mozilla/5.0 (iPhone; CPU iPhone OS 13_2_3 like Mac OS X) AppleWebKit/605.1.15 (KHTML, like Gecko) Version/13.0.3 Mobile/15E148 Safari/604.1"
198.54.114.83 - - [02/Apr/2025:05:48:51 -0400] "POST /wp-cron.php?doing_wp_cron=1743587331.5639810562133789062500 HTTP/1.1" 200 0 "-" "WordPress/6.7.2; https://shahmeenaindustry.com"
62.210.25.105 - - [02/Apr/2025:05:48:50 -0400] "GET /wp-login.php HTTP/1.1" 302 0 "-" "Mozilla/5.0 (Windows NT 10.0; Win64; x64; rv:100.0) Gecko/20100101 Firefox/100.0"
117.62.235.53 - - [02/Apr/2025:06:00:53 -0400] "GET / HTTP/1.1" 200 24560 "-" "Mozilla/5.0 (iPhone; CPU iPhone OS 13_2_3 like Mac OS X) AppleWebKit/605.1.15 (KHTML, like Gecko) Version/13.0.3 Mobile/15E148 Safari/604.1"
198.54.114.83 - - [02/Apr/2025:06:09:27 -0400] "POST /wp-cron.php?doing_wp_cron=1743588567.6710860729217529296875 HTTP/1.1" 200 0 "-" "WordPress/6.7.2; https://shahmeenaindustry.com"
142.198.168.57 - - [02/Apr/2025:06:09:27 -0400] "POST /xmlrpc.php HTTP/1.1" 200 212 "-" "Mozilla/5.0 (Windows NT 6.3; WOW64; rv:43.0) Gecko/20100101 Firefox/43.0"
192.46.190.133 - - [02/Apr/2025:06:09:29 -0400] "POST /xmlrpc.php HTTP/1.1" 200 212 "-" "Mozilla/5.0 (Windows NT 10.0; Win64; x64) AppleWebKit/537.36 (KHTML, like Gecko) Chrome/97.0.4692.99 Safari/537.36"
198.177.120.19 - - [02/Apr/2025:06:22:29 -0400] "POST /xmlrpc.php HTTP/1.1" 200 212 "http://shahmeenaindustry.com" "Mozilla/5.0 (Windows NT 10.0; Win64; x64; rv:127.0) Gecko/20100101 Firefox/127.0"
139.155.172.226 - - [02/Apr/2025:06:34:06 -0400] "POST /xmlrpc.php HTTP/1.1" 200 236 "-" "Mozilla/5.0 (X11; Fedora; Linux x86_64; rv:94.0) Gecko/20100101 Firefox/95.0"
198.54.114.83 - - [02/Apr/2025:06:34:12 -0400] "POST /wp-cron.php?doing_wp_cron=1743590050.7979569435119628906250 HTTP/1.1" 200 0 "-" "WordPress/6.7.2; https://shahmeenaindustry.com"
198.54.114.83 - - [02/Apr/2025:06:52:16 -0400] "POST /wp-cron.php?doing_wp_cron=1743591136.8966400623321533203125 HTTP/1.1" 200 0 "-" "WordPress/6.7.2; https://shahmeenaindustry.com"
111.229.111.163 - - [02/Apr/2025:06:52:15 -0400] "POST /xmlrpc.php HTTP/1.1" 200 212 "http://shahmeenaindustry.com" "Mozilla/5.0 (Windows NT 10.0; Win64; x64; rv:128.0) Gecko/20100101 Firefox/128.0"
216.244.66.200 - - [02/Apr/2025:07:03:02 -0400] "GET /robots.txt HTTP/1.1" 304 0 "-" "Mozilla/5.0 (compatible; DotBot/1.2; +https://opensiteexplorer.org/dotbot; help@moz.com)"
157.230.237.134 - - [02/Apr/2025:07:11:49 -0400] "GET /wp-admin/css/ HTTP/1.1" 403 1242 "binance.com" "Mozilla/5.0 (Windows NT 10.0; Win64; x64) AppleWebKit/537.36 (KHTML, like Gecko) Chrome/90.0.4430.85 Safari/537.36"
198.54.114.83 - - [02/Apr/2025:07:11:59 -0400] "POST /wp-cron.php?doing_wp_cron=1743592318.9156839847564697265625 HTTP/1.1" 200 0 "-" "WordPress/6.7.2; https://shahmeenaindustry.com"
216.244.66.200 - - [02/Apr/2025:07:11:57 -0400] "GET /the-rise-of-online-casinos/ HTTP/1.1" 200 20913 "-" "Mozilla/5.0 (compatible; DotBot/1.2; +https://opensiteexplorer.org/dotbot; help@moz.com)"
216.244.66.200 - - [02/Apr/2025:07:17:27 -0400] "GET /elevating-urban-living-exploring-the-park-hill-condo/feed/ HTTP/1.1" 200 464 "-" "Mozilla/5.0 (compatible; DotBot/1.2; +https://opensiteexplorer.org/dotbot; help@moz.com)"
198.54.114.83 - - [02/Apr/2025:07:17:31 -0400] "POST /wp-cron.php?doing_wp_cron=1743592649.6809859275817871093750 HTTP/1.1" 200 0 "-" "WordPress/6.7.2; https://shahmeenaindustry.com"
198.54.120.130 - - [02/Apr/2025:07:21:45 -0400] "POST /xmlrpc.php HTTP/1.1" 200 212 "http://shahmeenaindustry.com" "Mozilla/5.0 (Windows NT 10.0; Win64; x64) AppleWebKit/537.36 (KHTML, like Gecko) Chrome/112.0.5615.138 Safari/537.36 Edg/112.0.1722.68"
198.54.114.83 - - [02/Apr/2025:07:29:40 -0400] "POST /wp-cron.php?doing_wp_cron=1743593380.0065228939056396484375 HTTP/1.1" 200 0 "-" "WordPress/6.7.2; https://shahmeenaindustry.com"
103.205.211.78 - - [02/Apr/2025:07:29:37 -0400] "POST /xmlrpc.php HTTP/1.1" 200 236 "-" "Mozilla/5.0 (X11; Fedora; Linux x86_64; rv:94.0) Gecko/20100101 Firefox/95.0"
198.54.114.83 - - [02/Apr/2025:07:51:33 -0400] "POST /wp-cron.php?doing_wp_cron=1743594693.5317978858947753906250 HTTP/1.1" 200 0 "-" "WordPress/6.7.2; https://shahmeenaindustry.com"
182.92.110.55 - - [02/Apr/2025:07:51:29 -0400] "POST /xmlrpc.php HTTP/1.1" 200 212 "http://shahmeenaindustry.com" "Mozilla/5.0 (Macintosh; Intel Mac OS X 10_15_7) AppleWebKit/537.36 (KHTML, like Gecko) Chrome/114.0.5735.134 Safari/537.36"
92.53.96.131 - - [02/Apr/2025:08:04:24 -0400] "GET /cbd-shop-uk-review/ HTTP/1.1" 200 23136 "http://shahmeenaindustry.com/cbd-shop-uk-review/" "Mozilla/5.0 (Windows NT 10.0; Win64; x64) AppleWebKit/537.36 (KHTML, like Gecko) Chrome/131.0.0.0 Safari/537.36 Avast/131.0.0.0"
198.54.114.83 - - [02/Apr/2025:08:04:31 -0400] "POST /wp-cron.php?doing_wp_cron=1743595471.7352950572967529296875 HTTP/1.1" 200 0 "-" "WordPress/6.7.2; https://shahmeenaindustry.com"
92.53.96.131 - - [02/Apr/2025:08:04:27 -0400] "POST /wp-comments-post.php HTTP/1.1" 200 1168 "http://shahmeenaindustry.com/cbd-shop-uk-review/" "Mozilla/5.0 (Windows NT 10.0; Win64; x64) AppleWebKit/537.36 (KHTML, like Gecko) Chrome/131.0.0.0 Safari/537.36 Avast/131.0.0.0"
85.208.98.23 - - [02/Apr/2025:08:13:00 -0400] "GET /robots.txt HTTP/1.1" 304 0 "-" "Mozilla/5.0 (compatible; SemrushBot-BA; +http://www.semrush.com/bot.html)"
198.54.114.83 - - [02/Apr/2025:08:21:30 -0400] "POST /wp-cron.php?doing_wp_cron=1743596490.6470229625701904296875 HTTP/1.1" 200 0 "-" "WordPress/6.7.2; https://shahmeenaindustry.com"
199.188.207.168 - - [02/Apr/2025:08:21:30 -0400] "POST /xmlrpc.php HTTP/1.1" 200 212 "http://shahmeenaindustry.com" "Mozilla/5.0 (Macintosh; Intel Mac OS X 10_15_7; rv:125.0.1) Gecko/20100101 Firefox/125.0.1"
198.54.114.83 - - [02/Apr/2025:08:35:17 -0400] "POST /wp-cron.php?doing_wp_cron=1743597316.6486010551452636718750 HTTP/1.1" 200 0 "-" "WordPress/6.7.2; https://shahmeenaindustry.com"
109.207.79.205 - - [02/Apr/2025:08:35:12 -0400] "POST /xmlrpc.php HTTP/1.1" 200 236 "-" "Mozilla/5.0 (X11; Fedora; Linux x86_64; rv:94.0) Gecko/20100101 Firefox/95.0"
212.102.39.196 - - [02/Apr/2025:08:38:03 -0400] "GET /how-to-get-the-most-out-of-a-jade-roller/ HTTP/1.1" 200 21756 "http://shahmeenaindustry.com/how-to-get-the-most-out-of-a-jade-roller/" "Mozilla/5.0 (Windows NT 10.0; Win64; x64) AppleWebKit/537.36 (KHTML, like Gecko) Chrome/130.0.0.0 Safari/537.36 CCleaner/130.0.0.0"
198.54.114.83 - - [02/Apr/2025:08:38:10 -0400] "POST /wp-cron.php?doing_wp_cron=1743597490.3932900428771972656250 HTTP/1.1" 200 0 "-" "WordPress/6.7.2; https://shahmeenaindustry.com"
212.102.39.196 - - [02/Apr/2025:08:38:03 -0400] "POST /wp-comments-post.php HTTP/1.1" 302 0 "http://shahmeenaindustry.com/how-to-get-the-most-out-of-a-jade-roller/" "Mozilla/5.0 (Windows NT 10.0; Win64; x64) AppleWebKit/537.36 (KHTML, like Gecko) Chrome/130.0.0.0 Safari/537.36 CCleaner/130.0.0.0"
66.249.79.5 - - [02/Apr/2025:08:48:31 -0400] "GET /robots.txt HTTP/1.1" 304 0 "-" "Mozilla/5.0 (compatible; Googlebot/2.1; +http://www.google.com/bot.html)"
66.249.79.4 - - [02/Apr/2025:08:48:33 -0400] "GET /wp-includes/js/jquery/jquery.min.js?ver=3.7.1 HTTP/1.1" 200 35438 "https://shahmeenaindustry.com/custom-grip-socks/" "Mozilla/5.0 (Linux; Android 6.0.1; Nexus 5X Build/MMB29P) AppleWebKit/537.36 (KHTML, like Gecko) Chrome/134.0.6998.165 Mobile Safari/537.36 (compatible; Googlebot/2.1; +http://www.google.com/bot.html)"
66.249.79.4 - - [02/Apr/2025:08:48:34 -0400] "GET /wp-content/themes/chromenews/assets/sidr/js/jquery.sidr.min.js?ver=4.9.3 HTTP/1.1" 200 2846 "https://shahmeenaindustry.com/custom-grip-socks/" "Mozilla/5.0 (Linux; Android 6.0.1; Nexus 5X Build/MMB29P) AppleWebKit/537.36 (KHTML, like Gecko) Chrome/134.0.6998.165 Mobile Safari/537.36 (compatible; Googlebot/2.1; +http://www.google.com/bot.html)"
198.54.114.83 - - [02/Apr/2025:08:52:18 -0400] "POST /wp-cron.php?doing_wp_cron=1743598338.2726039886474609375000 HTTP/1.1" 200 0 "-" "WordPress/6.7.2; https://shahmeenaindustry.com"
66.29.146.47 - - [02/Apr/2025:08:52:18 -0400] "POST /xmlrpc.php HTTP/1.1" 200 212 "http://shahmeenaindustry.com" "Mozilla/5.0 (Windows NT 10.0; Win64; x64; rv:129.0) Gecko/20100101 Firefox/129.0"
156.249.205.124 - - [02/Apr/2025:08:56:06 -0400] "GET /star-plus-plumbing/ HTTP/1.1" 200 21213 "-" "Mozilla/5.0 (Windows NT 10.0; WOW64) AppleWebKit/537.36 (KHTML, like Gecko) Chrome/114.0.0.0 Safari/537.36 Vivaldi/5.3.2679.68"
156.249.205.124 - - [02/Apr/2025:08:56:10 -0400] "GET /category/sign-up/ HTTP/1.1" 200 17828 "https://shahmeenaindustry.com/star-plus-plumbing/" "Mozilla/5.0 (Windows NT 6.3; Win64; x64) AppleWebKit/537.36 (KHTML, like Gecko) Chrome/103.0.0.0 Safari/537.36"
156.249.205.124 - - [02/Apr/2025:08:56:14 -0400] "GET /category/sign-up/ HTTP/1.1" 200 17828 "https://shahmeenaindustry.com/category/sign-up/" "Mozilla/5.0 (Windows NT 6.3; Win64; x64) AppleWebKit/537.36 (KHTML, like Gecko) Chrome/103.0.0.0 Safari/537.36"
66.249.79.4 - - [02/Apr/2025:08:58:15 -0400] "GET /wp-content/themes/chromenews/assets/toggle-script.js?ver=4.9.3 HTTP/1.1" 200 499 "https://shahmeenaindustry.com/mac-oils-cart/" "Mozilla/5.0 (Linux; Android 6.0.1; Nexus 5X Build/MMB29P) AppleWebKit/537.36 (KHTML, like Gecko) Chrome/134.0.6998.165 Mobile Safari/537.36 (compatible; Googlebot/2.1; +http://www.google.com/bot.html)"
66.249.79.4 - - [02/Apr/2025:08:58:16 -0400] "GET /wp-content/themes/chromenews/assets/sidr/css/jquery.sidr.dark.css?ver=4.9.3 HTTP/1.1" 200 445 "https://shahmeenaindustry.com/mac-oils-cart/" "Mozilla/5.0 (Linux; Android 6.0.1; Nexus 5X Build/MMB29P) AppleWebKit/537.36 (KHTML, like Gecko) Chrome/134.0.6998.165 Mobile Safari/537.36 (compatible; Googlebot/2.1; +http://www.google.com/bot.html)"
66.249.79.5 - - [02/Apr/2025:08:58:17 -0400] "GET /wp-includes/js/jquery/jquery-migrate.min.js?ver=3.4.1 HTTP/1.1" 200 5342 "https://shahmeenaindustry.com/mac-oils-cart/" "Mozilla/5.0 (Linux; Android 6.0.1; Nexus 5X Build/MMB29P) AppleWebKit/537.36 (KHTML, like Gecko) Chrome/134.0.6998.165 Mobile Safari/537.36 (compatible; Googlebot/2.1; +http://www.google.com/bot.html)"
198.54.114.83 - - [02/Apr/2025:09:07:28 -0400] "POST /wp-cron.php?doing_wp_cron=1743599247.2205359935760498046875 HTTP/1.1" 200 0 "-" "WordPress/6.7.2; https://shahmeenaindustry.com"
139.59.100.51 - - [02/Apr/2025:09:07:21 -0400] "GET /wp-content/plugins/pwnd/pwnd.php HTTP/1.1" 404 16532 "-" "Mozilla/5.0 (Linux; Android 7.0; SM-G892A Build/NRD90M; wv) AppleWebKit/537.36 (KHTML, like Gecko) Version/4.0 Chrome/60.0.3112.107 Mobile Safari/537.36"
139.59.100.51 - - [02/Apr/2025:09:08:44 -0400] "GET /wp-content/plugins/pwnd-1/pwnd.php HTTP/1.1" 404 16532 "-" "Mozilla/5.0 (Linux; Android 7.0; SM-G892A Build/NRD90M; wv) AppleWebKit/537.36 (KHTML, like Gecko) Version/4.0 Chrome/60.0.3112.107 Mobile Safari/537.36"
198.54.114.83 - - [02/Apr/2025:09:09:18 -0400] "POST /wp-cron.php?doing_wp_cron=1743599356.8738079071044921875000 HTTP/1.1" 200 0 "-" "WordPress/6.7.2; https://shahmeenaindustry.com"
139.59.100.51 - - [02/Apr/2025:09:09:16 -0400] "GET /wp-content/plugins/pwnd-2/pwnd.php HTTP/1.1" 404 16532 "-" "Mozilla/5.0 (Linux; Android 7.0; SM-G892A Build/NRD90M; wv) AppleWebKit/537.36 (KHTML, like Gecko) Version/4.0 Chrome/60.0.3112.107 Mobile Safari/537.36"
139.59.100.51 - - [02/Apr/2025:09:09:23 -0400] "GET /wp-content/plugins/fix/up.php HTTP/1.1" 404 16532 "-" "Mozilla/5.0 (Linux; Android 7.0; SM-G892A Build/NRD90M; wv) AppleWebKit/537.36 (KHTML, like Gecko) Version/4.0 Chrome/60.0.3112.107 Mobile Safari/537.36"
198.54.114.83 - - [02/Apr/2025:09:51:18 -0400] "POST /wp-cron.php?doing_wp_cron=1743601877.6701719760894775390625 HTTP/1.1" 200 0 "-" "WordPress/6.7.2; https://shahmeenaindustry.com"
62.169.20.37 - - [02/Apr/2025:09:51:13 -0400] "POST /xmlrpc.php HTTP/1.1" 200 236 "-" "Mozilla/5.0 (X11; Fedora; Linux x86_64; rv:94.0) Gecko/20100101 Firefox/95.0"
66.249.79.6 - - [02/Apr/2025:10:07:07 -0400] "GET /wp-content/themes/chromenews/assets/sidr/css/jquery.sidr.dark.css?ver=4.9.3 HTTP/1.1" 200 445 "https://shahmeenaindustry.com/get-iphone-screen-to-rotate/" "Mozilla/5.0 (Linux; Android 6.0.1; Nexus 5X Build/MMB29P) AppleWebKit/537.36 (KHTML, like Gecko) Chrome/134.0.6998.165 Mobile Safari/537.36 (compatible; Googlebot/2.1; +http://www.google.com/bot.html)"
66.249.79.5 - - [02/Apr/2025:10:09:44 -0400] "GET /wp-includes/js/jquery/jquery-migrate.min.js?ver=3.4.1 HTTP/1.1" 200 5342 "https://shahmeenaindustry.com/business-registration-what-you-need-to-know/" "Mozilla/5.0 (Linux; Android 6.0.1; Nexus 5X Build/MMB29P) AppleWebKit/537.36 (KHTML, like Gecko) Chrome/134.0.6998.165 Mobile Safari/537.36 (compatible; Googlebot/2.1; +http://www.google.com/bot.html)"
196.251.118.228 - - [02/Apr/2025:10:10:15 -0400] "GET /.env HTTP/1.1" 403 1242 "-" "Mozilla/5.0 (Macintosh; Intel Mac OS X 10.15; rv:77.0) Gecko/20100101 Firefox/77.0"
142.93.57.182 - - [02/Apr/2025:10:40:07 -0400] "GET / HTTP/1.1" 200 24560 "-" "Mozilla/5.0 (Windows NT 10.0; Win64; x64) AppleWebKit/537.36 (KHTML, like Gecko) Chrome/80.0.3987.149 Safari/537.36"
198.54.114.83 - - [02/Apr/2025:10:40:13 -0400] "POST /wp-cron.php?doing_wp_cron=1743604812.8779540061950683593750 HTTP/1.1" 200 0 "-" "WordPress/6.7.2; https://shahmeenaindustry.com"
142.93.57.182 - - [02/Apr/2025:10:40:08 -0400] "GET /?author=1 HTTP/1.1" 301 0 "-" "Mozilla/5.0 (Windows NT 10.0; Win64; x64) AppleWebKit/537.36 (KHTML, like Gecko) Chrome/80.0.3987.149 Safari/537.36"
142.93.57.182 - - [02/Apr/2025:10:40:15 -0400] "GET /?author=2 HTTP/1.1" 301 0 "-" "Mozilla/5.0 (Windows NT 10.0; Win64; x64) AppleWebKit/537.36 (KHTML, like Gecko) Chrome/80.0.3987.149 Safari/537.36"
142.93.57.182 - - [02/Apr/2025:10:40:19 -0400] "GET /wp-json/wp/v2/users/ HTTP/1.1" 200 1381 "-" "Mozilla/5.0 (Windows NT 10.0; Win64; x64) AppleWebKit/537.36 (KHTML, like Gecko) Chrome/80.0.3987.149 Safari/537.36"
142.93.57.182 - - [02/Apr/2025:10:40:23 -0400] "POST /xmlrpc.php HTTP/1.1" 200 212 "-" "Mozilla/5.0 (Windows NT 10.0; Win64; x64) AppleWebKit/537.36 (KHTML, like Gecko) Chrome/80.0.3987.149 Safari/537.36"
142.93.57.182 - - [02/Apr/2025:10:40:24 -0400] "POST /xmlrpc.php HTTP/1.1" 200 236 "-" "Mozilla/5.0 (Windows NT 10.0; Win64; x64) AppleWebKit/537.36 (KHTML, like Gecko) Chrome/80.0.3987.149 Safari/537.36"
142.93.57.182 - - [02/Apr/2025:10:40:26 -0400] "POST /xmlrpc.php HTTP/1.1" 200 212 "-" "Mozilla/5.0 (Windows NT 10.0; Win64; x64) AppleWebKit/537.36 (KHTML, like Gecko) Chrome/80.0.3987.149 Safari/537.36"
142.93.57.182 - - [02/Apr/2025:10:40:27 -0400] "POST /xmlrpc.php HTTP/1.1" 200 236 "-" "Mozilla/5.0 (Windows NT 10.0; Win64; x64) AppleWebKit/537.36 (KHTML, like Gecko) Chrome/80.0.3987.149 Safari/537.36"
142.93.57.182 - - [02/Apr/2025:10:40:30 -0400] "POST /xmlrpc.php HTTP/1.1" 200 236 "-" "Mozilla/5.0 (Windows NT 10.0; Win64; x64) AppleWebKit/537.36 (KHTML, like Gecko) Chrome/80.0.3987.149 Safari/537.36"
142.93.57.182 - - [02/Apr/2025:10:40:31 -0400] "POST /xmlrpc.php HTTP/1.1" 200 236 "-" "Mozilla/5.0 (Windows NT 10.0; Win64; x64) AppleWebKit/537.36 (KHTML, like Gecko) Chrome/80.0.3987.149 Safari/537.36"
208.74.151.235 - - [02/Apr/2025:10:45:18 -0400] "GET /cbd-shop-uk-review/ HTTP/1.1" 200 23136 "http://shahmeenaindustry.com/cbd-shop-uk-review/" "Mozilla/5.0 (Windows NT 10.0; Win64; x64) AppleWebKit/537.36 (KHTML, like Gecko) Chrome/131.0.0.0 Safari/537.36 Avast/131.0.0.0"
198.54.114.83 - - [02/Apr/2025:10:45:27 -0400] "POST /wp-cron.php?doing_wp_cron=1743605126.7638509273529052734375 HTTP/1.1" 200 0 "-" "WordPress/6.7.2; https://shahmeenaindustry.com"
208.74.151.235 - - [02/Apr/2025:10:45:22 -0400] "POST /wp-comments-post.php HTTP/1.1" 200 1168 "http://shahmeenaindustry.com/cbd-shop-uk-review/" "Mozilla/5.0 (Windows NT 10.0; Win64; x64) AppleWebKit/537.36 (KHTML, like Gecko) Chrome/131.0.0.0 Safari/537.36 Avast/131.0.0.0"
216.244.66.200 - - [02/Apr/2025:10:50:56 -0400] "GET /robots.txt HTTP/1.1" 304 0 "-" "Mozilla/5.0 (compatible; DotBot/1.2; +https://opensiteexplorer.org/dotbot; help@moz.com)"
198.54.114.83 - - [02/Apr/2025:10:52:50 -0400] "POST /wp-cron.php?doing_wp_cron=1743605570.0153710842132568359375 HTTP/1.1" 200 0 "-" "WordPress/6.7.2; https://shahmeenaindustry.com"
103.169.35.190 - - [02/Apr/2025:10:52:44 -0400] "POST /xmlrpc.php HTTP/1.1" 200 212 "http://shahmeenaindustry.com" "Mozilla/5.0 (Windows NT 10.0; Win64; x64) AppleWebKit/537.36 (KHTML, like Gecko) Chrome/116.0.5845.96 Safari/537.36"
216.244.66.200 - - [02/Apr/2025:10:59:41 -0400] "GET /womens-knickers/ HTTP/1.1" 200 21119 "-" "Mozilla/5.0 (compatible; DotBot/1.2; +https://opensiteexplorer.org/dotbot; help@moz.com)"
198.54.114.83 - - [02/Apr/2025:11:06:51 -0400] "POST /wp-cron.php?doing_wp_cron=1743606410.8071188926696777343750 HTTP/1.1" 200 0 "-" "WordPress/6.7.2; https://shahmeenaindustry.com"
67.223.118.141 - - [02/Apr/2025:11:06:47 -0400] "POST /xmlrpc.php HTTP/1.1" 200 212 "http://shahmeenaindustry.com" "Mozilla/5.0 (Macintosh; Intel Mac OS X 10_15_7) AppleWebKit/537.36 (KHTML, like Gecko) Chrome/113.0.5672.93 Safari/537.36"
198.54.114.83 - - [02/Apr/2025:11:10:47 -0400] "POST /wp-cron.php?doing_wp_cron=1743606647.5837659835815429687500 HTTP/1.1" 200 0 "-" "WordPress/6.7.2; https://shahmeenaindustry.com"
171.244.0.91 - - [02/Apr/2025:11:10:44 -0400] "POST /xmlrpc.php HTTP/1.1" 200 236 "-" "Mozilla/5.0 (X11; Fedora; Linux x86_64; rv:94.0) Gecko/20100101 Firefox/95.0"
68.65.122.90 - - [02/Apr/2025:11:20:59 -0400] "POST /xmlrpc.php HTTP/1.1" 200 212 "http://shahmeenaindustry.com" "Mozilla/5.0 (Macintosh; Intel Mac OS X 14.3) AppleWebKit/614.31.14 (KHTML, like Gecko) Version/17.0.96 Safari/614.31.14"
198.54.114.83 - - [02/Apr/2025:11:21:03 -0400] "POST /wp-cron.php?doing_wp_cron=1743607262.3523619174957275390625 HTTP/1.1" 200 0 "-" "WordPress/6.7.2; https://shahmeenaindustry.com"
198.54.114.83 - - [02/Apr/2025:11:34:38 -0400] "POST /wp-cron.php?doing_wp_cron=1743608077.0236999988555908203125 HTTP/1.1" 200 0 "-" "WordPress/6.7.2; https://shahmeenaindustry.com"
198.187.29.24 - - [02/Apr/2025:11:34:32 -0400] "POST /xmlrpc.php HTTP/1.1" 200 212 "http://shahmeenaindustry.com" "Mozilla/5.0 (Macintosh; Intel Mac OS X 10_15_7) AppleWebKit/537.36 (KHTML, like Gecko) Chrome/112.0.5615.138 Safari/537.36"
212.102.39.211 - - [02/Apr/2025:11:42:38 -0400] "GET /cbd-shop-uk-review/ HTTP/1.1" 200 23136 "http://shahmeenaindustry.com/cbd-shop-uk-review/" "Mozilla/5.0 (Windows NT 10.0; Win64; x64) AppleWebKit/537.36 (KHTML, like Gecko) Chrome/130.0.0.0 Safari/537.36 CCleaner/130.0.0.0"
198.54.114.83 - - [02/Apr/2025:11:42:45 -0400] "POST /wp-cron.php?doing_wp_cron=1743608563.6505470275878906250000 HTTP/1.1" 200 0 "-" "WordPress/6.7.2; https://shahmeenaindustry.com"
212.102.39.211 - - [02/Apr/2025:11:42:41 -0400] "POST /wp-comments-post.php HTTP/1.1" 302 0 "http://shahmeenaindustry.com/cbd-shop-uk-review/" "Mozilla/5.0 (Windows NT 10.0; Win64; x64) AppleWebKit/537.36 (KHTML, like Gecko) Chrome/130.0.0.0 Safari/537.36 CCleaner/130.0.0.0"
2a02:4780:12:ec93::1 - - [02/Apr/2025:11:48:12 -0400] "POST /xmlrpc.php HTTP/1.1" 200 212 "http://shahmeenaindustry.com" "Mozilla/5.0 (Windows NT 10.0; Win64; x64) AppleWebKit/537.36 (KHTML, like Gecko) Chrome/112.0.5615.138 Safari/537.36 Edg/112.0.1722.68"
198.54.114.83 - - [02/Apr/2025:11:48:19 -0400] "POST /wp-cron.php?doing_wp_cron=1743608897.6638660430908203125000 HTTP/1.1" 200 0 "-" "WordPress/6.7.2; https://shahmeenaindustry.com"
198.54.114.83 - - [02/Apr/2025:11:55:25 -0400] "POST /wp-cron.php?doing_wp_cron=1743609324.2112689018249511718750 HTTP/1.1" 200 0 "-" "WordPress/6.7.2; https://shahmeenaindustry.com"
184.168.126.97 - - [02/Apr/2025:11:55:22 -0400] "POST /xmlrpc.php HTTP/1.1" 200 236 "-" "Mozilla/5.0 (X11; Fedora; Linux x86_64; rv:94.0) Gecko/20100101 Firefox/95.0"
198.54.114.83 - - [02/Apr/2025:12:01:21 -0400] "POST /wp-cron.php?doing_wp_cron=1743609679.8405959606170654296875 HTTP/1.1" 200 0 "-" "WordPress/6.7.2; https://shahmeenaindustry.com"
2a04:3544:1000:1510:c0ca:ff:feca:1a5e - - [02/Apr/2025:12:01:15 -0400] "POST /xmlrpc.php HTTP/1.1" 200 212 "http://shahmeenaindustry.com" "Mozilla/5.0 (Windows NT 10.0; Win64; x64) AppleWebKit/537.36 (KHTML, like Gecko) Chrome/113.0.5672.126 Safari/537.36 Edg/113.0.1774.50"
3.141.27.243 - - [02/Apr/2025:12:02:53 -0400] "GET /.env HTTP/1.1" 403 1242 "-" "Mozilla/5.0 (Macintosh; Intel Mac OS X 10.15; rv:77.0) Gecko/20100101 Firefox/77.0"
45.55.35.120 - - [02/Apr/2025:12:10:28 -0400] "GET /wp-admin/css/ HTTP/1.1" 403 1242 "binance.com" "Mozilla/5.0 (Windows NT 10.0; Win64; x64) AppleWebKit/537.36 (KHTML, like Gecko) Chrome/90.0.4430.85 Safari/537.36"
198.54.114.83 - - [02/Apr/2025:12:14:00 -0400] "POST /wp-cron.php?doing_wp_cron=1743610439.9776821136474609375000 HTTP/1.1" 200 0 "-" "WordPress/6.7.2; https://shahmeenaindustry.com"
162.213.251.40 - - [02/Apr/2025:12:13:56 -0400] "POST /xmlrpc.php HTTP/1.1" 200 212 "http://shahmeenaindustry.com" "Mozilla/5.0 (Macintosh; Intel Mac OS X 13_3) AppleWebKit/537.36 (KHTML, like Gecko) Chrome/126.0.0.0 Safari/537.36 Edg/126.0.0.0"
216.244.66.200 - - [02/Apr/2025:12:22:03 -0400] "GET /robots.txt HTTP/1.1" 304 0 "-" "Mozilla/5.0 (compatible; DotBot/1.2; +https://opensiteexplorer.org/dotbot; help@moz.com)"
198.54.114.83 - - [02/Apr/2025:12:25:29 -0400] "POST /wp-cron.php?doing_wp_cron=1743611128.3145239353179931640625 HTTP/1.1" 200 0 "-" "WordPress/6.7.2; https://shahmeenaindustry.com"
212.102.39.211 - - [02/Apr/2025:12:25:23 -0400] "GET /drei-wichtige-fehler-die-sie-vermeiden-mussen-wenn-sie-gitarrenunterricht-geben/ HTTP/1.1" 200 21881 "http://shahmeenaindustry.com/drei-wichtige-fehler-die-sie-vermeiden-mussen-wenn-sie-gitarrenunterricht-geben/" "Mozilla/5.0 (Windows NT 10.0; Win64; x64) AppleWebKit/537.36 (KHTML, like Gecko) Chrome/131.0.0.0 Safari/537.36 Avast/131.0.0.0"
212.102.39.211 - - [02/Apr/2025:12:25:32 -0400] "POST /wp-comments-post.php HTTP/1.1" 302 0 "http://shahmeenaindustry.com/drei-wichtige-fehler-die-sie-vermeiden-mussen-wenn-sie-gitarrenunterricht-geben/" "Mozilla/5.0 (Windows NT 10.0; Win64; x64) AppleWebKit/537.36 (KHTML, like Gecko) Chrome/131.0.0.0 Safari/537.36 Avast/131.0.0.0"
103.213.38.226 - - [02/Apr/2025:12:26:12 -0400] "POST /xmlrpc.php HTTP/1.1" 200 212 "http://shahmeenaindustry.com" "Mozilla/5.0 (Windows NT 10.0; Win64; x64) AppleWebKit/537.36 (KHTML, like Gecko) Chrome/113.0.5672.93 Safari/537.36"
198.54.114.83 - - [02/Apr/2025:12:26:53 -0400] "POST /wp-cron.php?doing_wp_cron=1743611213.1191189289093017578125 HTTP/1.1" 200 0 "-" "WordPress/6.7.2; https://shahmeenaindustry.com"
216.244.66.200 - - [02/Apr/2025:12:26:52 -0400] "GET /2025/03/ HTTP/1.1" 301 0 "-" "Mozilla/5.0 (compatible; DotBot/1.2; +https://opensiteexplorer.org/dotbot; help@moz.com)"
45.10.151.10 - - [02/Apr/2025:12:29:49 -0400] "POST /xmlrpc.php HTTP/1.1" 200 236 "-" "Mozilla/5.0 (X11; Fedora; Linux x86_64; rv:94.0) Gecko/20100101 Firefox/95.0"
198.54.114.83 - - [02/Apr/2025:12:34:37 -0400] "POST /wp-cron.php?doing_wp_cron=1743611676.2240619659423828125000 HTTP/1.1" 200 0 "-" "WordPress/6.7.2; https://shahmeenaindustry.com"
216.244.66.200 - - [02/Apr/2025:12:34:30 -0400] "GET /unlocking-the-secrets-of-radiant-skin-the-art-of-skincare/feed/ HTTP/1.1" 200 464 "-" "Mozilla/5.0 (compatible; DotBot/1.2; +https://opensiteexplorer.org/dotbot; help@moz.com)"
103.159.37.228 - - [02/Apr/2025:12:38:43 -0400] "POST /xmlrpc.php HTTP/1.1" 200 212 "http://shahmeenaindustry.com" "Mozilla/5.0 (Windows NT 10.0; Win64; x64) AppleWebKit/537.36 (KHTML, like Gecko) Chrome/116.0.5845.96 Safari/537.36"
198.54.114.83 - - [02/Apr/2025:12:38:51 -0400] "POST /wp-cron.php?doing_wp_cron=1743611928.6362299919128417968750 HTTP/1.1" 200 0 "-" "WordPress/6.7.2; https://shahmeenaindustry.com"
45.15.18.72 - - [02/Apr/2025:12:49:55 -0400] "GET / HTTP/1.1" 200 24560 "-" "Mozilla/5.0 (Macintosh; Intel Mac OS X 10_15_7) AppleWebKit/537.36 (KHTML, like Gecko) Chrome/96.0.4664.110 Safari/537.36"
45.15.18.72 - - [02/Apr/2025:12:49:58 -0400] "GET / HTTP/1.1" 200 24560 "-" "Mozilla/5.0 (Macintosh; Intel Mac OS X 11_0_0) AppleWebKit/537.36 (KHTML, like Gecko) Chrome/87.0.4280.88 Safari/537.36"
45.15.18.72 - - [02/Apr/2025:12:49:59 -0400] "GET /wp-content/themes/chromenews/assets/jquery-match-height/jquery.matchHeight.min.js?ver=4.9.3 HTTP/1.1" 200 1470 "http://shahmeenaindustry.com/" "Mozilla/5.0 (Macintosh; Intel Mac OS X 11_0_0) AppleWebKit/537.36 (KHTML, like Gecko) Chrome/87.0.4280.88 Safari/537.36"
45.15.18.72 - - [02/Apr/2025:12:49:59 -0400] "GET /wp-content/themes/chromenews/assets/script.js?ver=4.9.3 HTTP/1.1" 200 5660 "http://shahmeenaindustry.com/" "Mozilla/5.0 (Macintosh; Intel Mac OS X 11_0_0) AppleWebKit/537.36 (KHTML, like Gecko) Chrome/87.0.4280.88 Safari/537.36"
45.15.18.72 - - [02/Apr/2025:12:49:59 -0400] "GET /wp-content/themes/chromenews/assets/sidr/js/jquery.sidr.min.js?ver=4.9.3 HTTP/1.1" 200 2846 "http://shahmeenaindustry.com/" "Mozilla/5.0 (Macintosh; Intel Mac OS X 11_0_0) AppleWebKit/537.36 (KHTML, like Gecko) Chrome/87.0.4280.88 Safari/537.36"
45.15.18.72 - - [02/Apr/2025:12:49:59 -0400] "GET /wp-content/themes/chromenews/js/skip-link-focus-fix.js?ver=4.9.3 HTTP/1.1" 200 426 "http://shahmeenaindustry.com/" "Mozilla/5.0 (Macintosh; Intel Mac OS X 11_0_0) AppleWebKit/537.36 (KHTML, like Gecko) Chrome/87.0.4280.88 Safari/537.36"
45.15.18.72 - - [02/Apr/2025:12:49:59 -0400] "GET /wp-content/themes/chromenews/js/navigation.js?ver=20151215 HTTP/1.1" 200 1179 "http://shahmeenaindustry.com/" "Mozilla/5.0 (Macintosh; Intel Mac OS X 11_0_0) AppleWebKit/537.36 (KHTML, like Gecko) Chrome/87.0.4280.88 Safari/537.36"
45.15.18.72 - - [02/Apr/2025:12:49:59 -0400] "GET /wp-content/themes/chromenews/assets/marquee/jquery.marquee.js?ver=4.9.3 HTTP/1.1" 200 5494 "http://shahmeenaindustry.com/" "Mozilla/5.0 (Macintosh; Intel Mac OS X 11_0_0) AppleWebKit/537.36 (KHTML, like Gecko) Chrome/87.0.4280.88 Safari/537.36"
45.15.18.72 - - [02/Apr/2025:12:49:59 -0400] "GET /wp-content/themes/chromenews/assets/bootstrap/js/bootstrap.min.js?ver=4.9.3 HTTP/1.1" 200 18928 "http://shahmeenaindustry.com/" "Mozilla/5.0 (Macintosh; Intel Mac OS X 11_0_0) AppleWebKit/537.36 (KHTML, like Gecko) Chrome/87.0.4280.88 Safari/537.36"
45.15.18.72 - - [02/Apr/2025:12:49:59 -0400] "GET /wp-content/themes/chromenews/assets/slick/js/slick.min.js?ver=4.9.3 HTTP/1.1" 200 12554 "http://shahmeenaindustry.com/" "Mozilla/5.0 (Macintosh; Intel Mac OS X 11_0_0) AppleWebKit/537.36 (KHTML, like Gecko) Chrome/87.0.4280.88 Safari/537.36"
45.15.18.72 - - [02/Apr/2025:12:49:59 -0400] "GET /wp-content/themes/chromenews/assets/jquery.cookie.js?ver=6.7.2 HTTP/1.1" 200 1470 "http://shahmeenaindustry.com/" "Mozilla/5.0 (Macintosh; Intel Mac OS X 11_0_0) AppleWebKit/537.36 (KHTML, like Gecko) Chrome/87.0.4280.88 Safari/537.36"
45.15.18.72 - - [02/Apr/2025:12:49:59 -0400] "GET /wp-content/themes/chromenews/assets/toggle-script.js?ver=4.9.3 HTTP/1.1" 200 499 "http://shahmeenaindustry.com/" "Mozilla/5.0 (Macintosh; Intel Mac OS X 11_0_0) AppleWebKit/537.36 (KHTML, like Gecko) Chrome/87.0.4280.88 Safari/537.36"
45.15.18.72 - - [02/Apr/2025:12:49:59 -0400] "GET /wp-includes/js/jquery/jquery-migrate.min.js?ver=3.4.1 HTTP/1.1" 200 5342 "http://shahmeenaindustry.com/" "Mozilla/5.0 (Macintosh; Intel Mac OS X 11_0_0) AppleWebKit/537.36 (KHTML, like Gecko) Chrome/87.0.4280.88 Safari/537.36"
45.15.18.72 - - [02/Apr/2025:12:49:59 -0400] "GET /wp-includes/js/jquery/jquery.min.js?ver=3.7.1 HTTP/1.1" 200 35438 "http://shahmeenaindustry.com/" "Mozilla/5.0 (Macintosh; Intel Mac OS X 11_0_0) AppleWebKit/537.36 (KHTML, like Gecko) Chrome/87.0.4280.88 Safari/537.36"
2a01:4f9:c011:4882::1 - - [02/Apr/2025:12:51:07 -0400] "GET /wp-login.php HTTP/1.1" 302 0 "-" "Mozilla/5.0 (Windows NT 10.0; Win64; x64; rv:100.0) Gecko/20100101 Firefox/100.0"
198.54.114.83 - - [02/Apr/2025:12:51:12 -0400] "POST /wp-cron.php?doing_wp_cron=1743612671.8456408977508544921875 HTTP/1.1" 200 0 "-" "WordPress/6.7.2; https://shahmeenaindustry.com"
85.13.217.246 - - [02/Apr/2025:12:51:10 -0400] "POST /xmlrpc.php HTTP/1.1" 200 212 "http://shahmeenaindustry.com" "Mozilla/5.0 (Windows NT 11.0; Win64; x64; rv:126.0) Gecko/20100101 Firefox/126.0"
216.81.248.154 - - [02/Apr/2025:12:57:31 -0400] "GET / HTTP/1.1" 200 24560 "-" "MOTORIZR-Z8/46.00.00 Mozilla/4.0 (compatible; MSIE 6.0; Symbian OS; 356) Opera 8.65 [it] UP.Link/6.3.0.0.0"
216.81.248.154 - - [02/Apr/2025:12:57:56 -0400] "GET //shahmeenaindustry.com/wp-content/themes/chromenews/assets/jquery.cookie.js HTTP/1.1" 301 0 "-" "Mozilla/4.0 (Windows; U; MSIE 7.0; Windows NT 6.0; .NET CLR 1.0.40727; Media Center PC 4.0; InfoPath.1; en-NZ)"
216.81.248.154 - - [02/Apr/2025:12:57:56 -0400] "GET /wp-emoji-release.min.js HTTP/1.1" 404 16530 "-" "Mozilla/5.0 (Macintosh; Intel Mac OS X 10_14_3) AppleWebKit/537.36 (KHTML, like Gecko) Chrome/72.0.3626.121 Safari/537.36"
216.81.248.154 - - [02/Apr/2025:12:57:56 -0400] "GET //shahmeenaindustry.com/wp-includes/js/jquery/jquery.min.js HTTP/1.1" 301 0 "-" "Opera/9.5 (Microsoft Windows; PPC; Opera Mobi; U) SonyEricssonX1i/R2AA Profile/MIDP-2.0 Configuration/CLDC-1.1"
216.81.248.154 - - [02/Apr/2025:12:57:57 -0400] "GET //shahmeenaindustry.com/wp-content/themes/chromenews/assets/toggle-script.js HTTP/1.1" 301 0 "-" "Mozilla/5.0 (Windows NT 6.1; Win64; x64) AppleWebKit/537.36 (KHTML, like Gecko) Chrome/69.0.3497.102 Safari/537.36 Vivaldi/2.0.1309.3"
216.81.248.154 - - [02/Apr/2025:12:57:56 -0400] "GET /a.nel.cloud HTTP/1.1" 404 16530 "-" "Mozilla/5.0 (Macintosh; Intel Mac OS X 10_14_4) AppleWebKit/537.36 (KHTML, like Gecko) Chrome/76.0.3809.100 Safari/537.36"
216.81.248.154 - - [02/Apr/2025:12:57:57 -0400] "GET //shahmeenaindustry.com/wp-content/themes/chromenews/assets/bootstrap/js/bootstrap.min.js HTTP/1.1" 301 0 "-" "Mozilla/5.0 (Windows; U; Windows CE 5.1; rv:1.8.1a3) Gecko/20060610 Minimo/0.016"
216.81.248.154 - - [02/Apr/2025:12:57:57 -0400] "GET //shahmeenaindustry.com/wp-content/themes/chromenews/js/skip-link-focus-fix.js HTTP/1.1" 301 0 "-" "Mozilla/5.0 (Linux; Android 8.0.0; SM-G935F) AppleWebKit/537.36 (KHTML, like Gecko) Chrome/76.0.3809.89 Mobile Safari/537.36"
216.81.248.154 - - [02/Apr/2025:12:57:58 -0400] "GET //shahmeenaindustry.com/xmlrpc.php HTTP/1.1" 301 0 "-" "Mozilla/5.0 (Windows NT 10.0; Win64; x64) AppleWebKit/537.36 (KHTML, like Gecko) Chrome/74.0.3729.172 Safari/537.36 Vivaldi/2.5.1525.48"
216.81.248.154 - - [02/Apr/2025:12:57:58 -0400] "GET //shahmeenaindustry.com/wp-content/themes/chromenews/assets/marquee/jquery.marquee.js HTTP/1.1" 301 0 "-" "Mozilla/5.0 (SymbianOS 9.4; Series60/5.0 NokiaN97-1/10.0.012; Profile/MIDP-2.1 Configuration/CLDC-1.1; en-us) AppleWebKit/525 (KHTML, like Gecko) WicKed/7.1.12344"
216.81.248.154 - - [02/Apr/2025:12:57:58 -0400] "GET //shahmeenaindustry.com/wp-content/themes/chromenews/assets/jquery-match-height/jquery.matchHeight.min.js HTTP/1.1" 301 0 "-" "Mozilla/5.0 (Windows; U; WinNT4.0; en-US; rv:1.2b) Gecko/20021001 Phoenix/0.2"
216.81.248.154 - - [02/Apr/2025:12:57:58 -0400] "GET //shahmeenaindustry.com/wp-includes/js/jquery/jquery-migrate.min.js HTTP/1.1" 301 0 "-" "Mozilla/5.0 (MeeGo; NokiaN9) AppleWebKit/534.13 (KHTML, like Gecko) NokiaBrowser/8.5.0 Mobile Safari/534.13"
216.81.248.154 - - [02/Apr/2025:12:57:59 -0400] "GET //shahmeenaindustry.com/wp-content/themes/chromenews/js/navigation.js HTTP/1.1" 301 0 "-" "Mozilla/5.0 (X11; Linux i686) AppleWebKit/538.1 (KHTML, like Gecko) QupZilla/1.8.6 Safari/538.1"
216.81.248.154 - - [02/Apr/2025:12:58:47 -0400] "GET //shahmeenaindustry.com/wp-content/themes/chromenews/assets/bootstrap/js/bootstrap.min.js HTTP/1.1" 301 0 "-" "Opera/9.80 (Android; Opera Mini/7.5.33361/31.1543; U; en) Presto/2.8.119 Version/11.1010"
216.81.248.154 - - [02/Apr/2025:12:58:47 -0400] "GET //shahmeenaindustry.com/wp-content/themes/chromenews/js/skip-link-focus-fix.js HTTP/1.1" 301 0 "-" "Mozilla/5.0 (Linux; U; Android 8.1.0; es-us; Redmi Note 5 Build/OPM1.171019.011) AppleWebKit/537.36 (KHTML, like Gecko) Version/4.0 Chrome/71.0.3578.141 Mobile Safari/537.36 XiaoMi/MiuiBrowser/10.9.7-g"
216.81.248.154 - - [02/Apr/2025:12:58:47 -0400] "GET //shahmeenaindustry.com/wp-content/themes/chromenews/js/navigation.js HTTP/1.1" 301 0 "-" "Mozilla/5.0 (Windows NT 10.0; WOW64) AppleWebKit/537.36 (KHTML, like Gecko) Chrome/76.0.3809.100 Safari/537.36"
216.81.248.154 - - [02/Apr/2025:12:58:47 -0400] "GET //shahmeenaindustry.com/xmlrpc.php HTTP/1.1" 301 0 "-" "Mozilla/5.0 (Macintosh; Intel Mac OS X 10_13_6) AppleWebKit/537.36 (KHTML, like Gecko) Chrome/77.0.3865.19 Safari/537.36"
216.81.248.154 - - [02/Apr/2025:12:58:47 -0400] "GET //shahmeenaindustry.com/wp-content/themes/chromenews/assets/jquery-match-height/jquery.matchHeight.min.js HTTP/1.1" 301 0 "-" "Mozilla/5.0 (compatible; Konqueror/4.5; Windows) KHTML/4.5.4 (like Gecko)"
216.81.248.154 - - [02/Apr/2025:12:58:47 -0400] "GET //shahmeenaindustry.com/wp-content/themes/chromenews/assets/jquery.cookie.js HTTP/1.1" 301 0 "-" "Mozilla/5.0 (Windows NT 6.1; Win64; x64) AppleWebKit/537.36 (KHTML, like Gecko) Chrome/75.0.3770.142 Safari/537.36 OPR/62.0.3331.116"
216.81.248.154 - - [02/Apr/2025:12:58:47 -0400] "GET //shahmeenaindustry.com/wp-includes/js/jquery/jquery-migrate.min.js HTTP/1.1" 301 0 "-" "Mozilla/5.0 (Linux; Android 9; SM-A600G) AppleWebKit/537.36 (KHTML, like Gecko) Chrome/76.0.3809.111 Mobile Safari/537.36"
216.81.248.154 - - [02/Apr/2025:12:58:49 -0400] "GET //shahmeenaindustry.com/wp-content/themes/chromenews/assets/slick/js/slick.min.js HTTP/1.1" 301 0 "-" "Mozilla/5.0 (Linux; Android 9; SM-G950F) AppleWebKit/537.36 (KHTML, like Gecko) Chrome/76.0.3809.111 Mobile Safari/537.36"
216.81.248.154 - - [02/Apr/2025:12:58:49 -0400] "GET //shahmeenaindustry.com/wp-includes/js/jquery/jquery.min.js HTTP/1.1" 301 0 "-" "Mozilla/5.0 (X11; Linux i686) AppleWebKit/538.1 (KHTML, like Gecko) QupZilla/1.8.6 Safari/538.1"
216.81.248.154 - - [02/Apr/2025:12:58:49 -0400] "GET //shahmeenaindustry.com/wp-content/themes/chromenews/assets/script.js HTTP/1.1" 301 0 "-" "Mozilla/5.0 (Linux; Android 9; PH-1) AppleWebKit/537.36 (KHTML, like Gecko) Chrome/76.0.3809.111 Mobile Safari/537.36"
216.81.248.154 - - [02/Apr/2025:12:58:50 -0400] "GET /wp-emoji-release.min.js HTTP/1.1" 404 16530 "-" "Opera/7.50 (Windows ME; U) [en]"
216.81.248.154 - - [02/Apr/2025:12:58:50 -0400] "GET //shahmeenaindustry.com/wp-content/themes/chromenews/assets/marquee/jquery.marquee.js HTTP/1.1" 301 0 "-" "Mozilla/5.0 (Macintosh; Intel Mac OS X 10_14_6) AppleWebKit/537.36 (KHTML, like Gecko) Chrome/73.0.3683.75 Safari/537.36"
216.81.248.154 - - [02/Apr/2025:12:58:50 -0400] "GET //shahmeenaindustry.com/wp-content/themes/chromenews/assets/sidr/js/jquery.sidr.min.js HTTP/1.1" 301 0 "-" "Mozilla/5.0 (Macintosh; Intel Mac OS X 10_14_6) AppleWebKit/537.36 (KHTML, like Gecko) Chrome/72.0.3626.119 Safari/537.36"
162.0.229.109 - - [02/Apr/2025:13:03:36 -0400] "POST /xmlrpc.php HTTP/1.1" 200 212 "http://shahmeenaindustry.com" "Mozilla/5.0 (Macintosh; Intel Mac OS X 10.15; rv:126.0) Gecko/20100101 Firefox/126.0"
176.97.122.93 - - [02/Apr/2025:13:05:12 -0400] "GET / HTTP/1.1" 200 24560 "-" "Mozilla/5.0 (X11; U; Linux i686; en-US; rv:0.9.3) Gecko/20010801"
216.244.66.200 - - [02/Apr/2025:13:07:29 -0400] "GET /robots.txt HTTP/1.1" 304 0 "-" "Mozilla/5.0 (compatible; DotBot/1.2; +https://opensiteexplorer.org/dotbot; help@moz.com)"
43.131.243.61 - - [02/Apr/2025:13:09:02 -0400] "GET / HTTP/1.1" 200 24560 "-" "Mozilla/5.0 (iPhone; CPU iPhone OS 13_2_3 like Mac OS X) AppleWebKit/605.1.15 (KHTML, like Gecko) Version/13.0.3 Mobile/15E148 Safari/604.1"
216.244.66.200 - - [02/Apr/2025:13:12:36 -0400] "GET /dental-cost-how-routine-care-can-prevent-costly-problems/ HTTP/1.1" 200 23276 "-" "Mozilla/5.0 (compatible; DotBot/1.2; +https://opensiteexplorer.org/dotbot; help@moz.com)"
89.46.109.92 - - [02/Apr/2025:13:15:43 -0400] "POST /xmlrpc.php HTTP/1.1" 200 212 "http://shahmeenaindustry.com" "Mozilla/5.0 (Macintosh; Intel Mac OS X 14.5) AppleWebKit/618.3.5 (KHTML, like Gecko) Version/17.4 Safari/618.3.5"
198.54.114.83 - - [02/Apr/2025:13:15:51 -0400] "POST /wp-cron.php?doing_wp_cron=1743614148.8342850208282470703125 HTTP/1.1" 200 0 "-" "WordPress/6.7.2; https://shahmeenaindustry.com"
216.244.66.200 - - [02/Apr/2025:13:16:03 -0400] "GET /redefining-entertainment-and-accessibility/ HTTP/1.1" 200 21286 "-" "Mozilla/5.0 (compatible; DotBot/1.2; +https://opensiteexplorer.org/dotbot; help@moz.com)"
162.0.232.211 - - [02/Apr/2025:13:27:34 -0400] "POST /xmlrpc.php HTTP/1.1" 200 212 "http://shahmeenaindustry.com" "Mozilla/5.0 (Windows NT 10.0; Win64; x64) AppleWebKit/537.36 (KHTML, like Gecko) Chrome/116.0.5845.96 Safari/537.36"
198.54.114.83 - - [02/Apr/2025:13:27:37 -0400] "POST /wp-cron.php?doing_wp_cron=1743614855.0560350418090820312500 HTTP/1.1" 200 0 "-" "WordPress/6.7.2; https://shahmeenaindustry.com"
184.168.109.20 - - [02/Apr/2025:13:28:17 -0400] "POST /xmlrpc.php HTTP/1.1" 200 236 "-" "Mozilla/5.0 (X11; Fedora; Linux x86_64; rv:94.0) Gecko/20100101 Firefox/95.0"
154.83.103.19 - - [02/Apr/2025:13:32:04 -0400] "GET /.git/HEAD HTTP/1.1" 403 1242 "-" "-"
154.83.103.19 - - [02/Apr/2025:13:32:07 -0400] "GET /server-info HTTP/1.1" 404 16532 "-" "Mozilla/5.0 (Windows NT 10.0; Win64; x64) AppleWebKit/537.36 (KHTML, like Gecko) Chrome/91.0.4472.124 Safari/537.36"
154.83.103.19 - - [02/Apr/2025:13:32:11 -0400] "GET /.htaccess HTTP/1.1" 403 1242 "-" "Mozilla/5.0 (Windows NT 10.0; Win64; x64) AppleWebKit/537.36 (KHTML, like Gecko) Chrome/91.0.4472.124 Safari/537.36"
154.83.103.19 - - [02/Apr/2025:13:32:12 -0400] "GET /.htpasswd HTTP/1.1" 403 1242 "-" "Mozilla/5.0 (Windows NT 10.0; Win64; x64) AppleWebKit/537.36 (KHTML, like Gecko) Chrome/91.0.4472.124 Safari/537.36"
154.83.103.19 - - [02/Apr/2025:13:32:13 -0400] "GET /backup/.htpasswd HTTP/1.1" 403 1242 "-" "Mozilla/5.0 (Windows NT 10.0; Win64; x64) AppleWebKit/537.36 (KHTML, like Gecko) Chrome/91.0.4472.124 Safari/537.36"
154.83.103.19 - - [02/Apr/2025:13:32:16 -0400] "GET /backup/.htaccess HTTP/1.1" 403 1242 "-" "Mozilla/5.0 (Windows NT 10.0; Win64; x64) AppleWebKit/537.36 (KHTML, like Gecko) Chrome/91.0.4472.124 Safari/537.36"
154.83.103.19 - - [02/Apr/2025:13:32:17 -0400] "GET /old/.htaccess HTTP/1.1" 403 1242 "-" "Mozilla/5.0 (Windows NT 10.0; Win64; x64) AppleWebKit/537.36 (KHTML, like Gecko) Chrome/91.0.4472.124 Safari/537.36"
154.83.103.19 - - [02/Apr/2025:13:32:19 -0400] "GET /logs/access.log HTTP/1.1" 404 16532 "-" "Mozilla/5.0 (Windows NT 10.0; Win64; x64) AppleWebKit/537.36 (KHTML, like Gecko) Chrome/91.0.4472.124 Safari/537.36"
154.83.103.19 - - [02/Apr/2025:13:32:22 -0400] "GET /logs/error.log HTTP/1.1" 404 16532 "-" "Mozilla/5.0 (Windows NT 10.0; Win64; x64) AppleWebKit/537.36 (KHTML, like Gecko) Chrome/91.0.4472.124 Safari/537.36"
154.83.103.19 - - [02/Apr/2025:13:32:25 -0400] "GET /conf/httpd.conf HTTP/1.1" 404 16532 "-" "Mozilla/5.0 (Windows NT 10.0; Win64; x64) AppleWebKit/537.36 (KHTML, like Gecko) Chrome/91.0.4472.124 Safari/537.36"
198.54.114.83 - - [02/Apr/2025:13:32:29 -0400] "POST /wp-cron.php?doing_wp_cron=1743615148.2007310390472412109375 HTTP/1.1" 200 0 "-" "WordPress/6.7.2; https://shahmeenaindustry.com"
154.83.103.19 - - [02/Apr/2025:13:32:27 -0400] "GET /conf/apache2.conf HTTP/1.1" 404 16532 "-" "Mozilla/5.0 (Windows NT 10.0; Win64; x64) AppleWebKit/537.36 (KHTML, like Gecko) Chrome/91.0.4472.124 Safari/537.36"
154.83.103.19 - - [02/Apr/2025:13:32:31 -0400] "GET /.env HTTP/1.1" 403 1242 "-" "Mozilla/5.0 (Windows NT 10.0; Win64; x64) AppleWebKit/537.36 (KHTML, like Gecko) Chrome/91.0.4472.124 Safari/537.36"
154.83.103.19 - - [02/Apr/2025:13:32:32 -0400] "GET /.env.example HTTP/1.1" 403 1242 "-" "Mozilla/5.0 (Windows NT 10.0; Win64; x64) AppleWebKit/537.36 (KHTML, like Gecko) Chrome/91.0.4472.124 Safari/537.36"
154.83.103.19 - - [02/Apr/2025:13:32:33 -0400] "GET /storage/logs/laravel.log HTTP/1.1" 404 16532 "-" "Mozilla/5.0 (Windows NT 10.0; Win64; x64) AppleWebKit/537.36 (KHTML, like Gecko) Chrome/91.0.4472.124 Safari/537.36"
154.83.103.19 - - [02/Apr/2025:13:32:36 -0400] "GET /bootstrap/cache/config.php HTTP/1.1" 404 16532 "-" "Mozilla/5.0 (Windows NT 10.0; Win64; x64) AppleWebKit/537.36 (KHTML, like Gecko) Chrome/91.0.4472.124 Safari/537.36"
154.83.103.19 - - [02/Apr/2025:13:32:37 -0400] "GET /bootstrap/cache/routes.php HTTP/1.1" 404 16532 "-" "Mozilla/5.0 (Windows NT 10.0; Win64; x64) AppleWebKit/537.36 (KHTML, like Gecko) Chrome/91.0.4472.124 Safari/537.36"
154.83.103.19 - - [02/Apr/2025:13:32:38 -0400] "GET /public/storage/ HTTP/1.1" 404 16532 "-" "Mozilla/5.0 (Windows NT 10.0; Win64; x64) AppleWebKit/537.36 (KHTML, like Gecko) Chrome/91.0.4472.124 Safari/537.36"
154.83.103.19 - - [02/Apr/2025:13:32:39 -0400] "GET /config/app.php HTTP/1.1" 404 16532 "-" "Mozilla/5.0 (Windows NT 10.0; Win64; x64) AppleWebKit/537.36 (KHTML, like Gecko) Chrome/91.0.4472.124 Safari/537.36"
154.83.103.19 - - [02/Apr/2025:13:32:40 -0400] "GET /config/database.php HTTP/1.1" 404 16532 "-" "Mozilla/5.0 (Windows NT 10.0; Win64; x64) AppleWebKit/537.36 (KHTML, like Gecko) Chrome/91.0.4472.124 Safari/537.36"
154.83.103.19 - - [02/Apr/2025:13:32:41 -0400] "GET /routes/web.php HTTP/1.1" 404 16532 "-" "Mozilla/5.0 (Windows NT 10.0; Win64; x64) AppleWebKit/537.36 (KHTML, like Gecko) Chrome/91.0.4472.124 Safari/537.36"
154.83.103.19 - - [02/Apr/2025:13:32:42 -0400] "GET /routes/api.php HTTP/1.1" 404 16532 "-" "Mozilla/5.0 (Windows NT 10.0; Win64; x64) AppleWebKit/537.36 (KHTML, like Gecko) Chrome/91.0.4472.124 Safari/537.36"
154.83.103.19 - - [02/Apr/2025:13:32:43 -0400] "GET /.svn/ HTTP/1.1" 403 1242 "-" "Mozilla/5.0 (Windows NT 10.0; Win64; x64) AppleWebKit/537.36 (KHTML, like Gecko) Chrome/91.0.4472.124 Safari/537.36"
154.83.103.19 - - [02/Apr/2025:13:32:43 -0400] "GET /.svn/wc.db HTTP/1.1" 403 1242 "-" "Mozilla/5.0 (Windows NT 10.0; Win64; x64) AppleWebKit/537.36 (KHTML, like Gecko) Chrome/91.0.4472.124 Safari/537.36"
154.83.103.19 - - [02/Apr/2025:13:32:44 -0400] "GET /.svn/entries HTTP/1.1" 403 1242 "-" "Mozilla/5.0 (Windows NT 10.0; Win64; x64) AppleWebKit/537.36 (KHTML, like Gecko) Chrome/91.0.4472.124 Safari/537.36"
154.83.103.19 - - [02/Apr/2025:13:32:44 -0400] "GET /.svn/all-wcprops HTTP/1.1" 403 1242 "-" "Mozilla/5.0 (Windows NT 10.0; Win64; x64) AppleWebKit/537.36 (KHTML, like Gecko) Chrome/91.0.4472.124 Safari/537.36"
154.83.103.19 - - [02/Apr/2025:13:32:44 -0400] "GET /.svn/pristine/ HTTP/1.1" 403 1242 "-" "Mozilla/5.0 (Windows NT 10.0; Win64; x64) AppleWebKit/537.36 (KHTML, like Gecko) Chrome/91.0.4472.124 Safari/537.36"
154.83.103.19 - - [02/Apr/2025:13:32:46 -0400] "GET /.svn/text-base/ HTTP/1.1" 403 1242 "-" "Mozilla/5.0 (Windows NT 10.0; Win64; x64) AppleWebKit/537.36 (KHTML, like Gecko) Chrome/91.0.4472.124 Safari/537.36"
154.83.103.19 - - [02/Apr/2025:13:32:47 -0400] "GET /.svn/tmp/ HTTP/1.1" 403 1242 "-" "Mozilla/5.0 (Windows NT 10.0; Win64; x64) AppleWebKit/537.36 (KHTML, like Gecko) Chrome/91.0.4472.124 Safari/537.36"
