20.161.23.71 - - [31/Mar/2025:15:22:35 -0400] "GET /index/index.php HTTP/1.1" 301 0 "-" "-"
20.161.23.71 - - [31/Mar/2025:15:22:36 -0400] "GET /index/ HTTP/1.1" 404 16543 "-" "-"
20.161.23.71 - - [31/Mar/2025:15:22:38 -0400] "GET /wp-includes/autoload_classmap.php HTTP/1.1" 404 16543 "-" "-"
20.161.23.71 - - [31/Mar/2025:15:22:39 -0400] "GET /include/wp-configs.php HTTP/1.1" 404 16543 "-" "-"
20.161.23.71 - - [31/Mar/2025:15:22:40 -0400] "GET /wp-admin/js/chosen.php HTTP/1.1" 404 16543 "-" "-"
20.161.23.71 - - [31/Mar/2025:15:22:40 -0400] "GET /wp-admin/maint/about.php HTTP/1.1" 404 16543 "-" "-"
20.161.23.71 - - [31/Mar/2025:15:22:41 -0400] "GET /wp-includes/sodium_compat/alfa-rex.php HTTP/1.1" 404 16543 "-" "-"
20.161.23.71 - - [31/Mar/2025:15:22:42 -0400] "GET /bg/xmrlpc.php HTTP/1.1" 404 16543 "-" "-"
20.161.23.71 - - [31/Mar/2025:15:22:42 -0400] "GET /wp-content/plugins/core-plugin/file-manager.php HTTP/1.1" 404 16543 "-" "-"
20.161.23.71 - - [31/Mar/2025:15:22:43 -0400] "GET /wp-content/uploads/423_index.php HTTP/1.1" 404 16543 "-" "-"
20.161.23.71 - - [31/Mar/2025:15:22:44 -0400] "GET /wp-admin/network/wp-conflg.php HTTP/1.1" 404 16543 "-" "-"
20.161.23.71 - - [31/Mar/2025:15:22:44 -0400] "GET /wp-admin/css/colors/blue/atomlib.php HTTP/1.1" 404 16543 "-" "-"
20.161.23.71 - - [31/Mar/2025:15:22:44 -0400] "GET /wp-admin/byp.php HTTP/1.1" 404 16543 "-" "-"
20.161.23.71 - - [31/Mar/2025:15:22:45 -0400] "GET /wp-includes/theme-compat/index.php HTTP/1.1" 301 0 "-" "-"
20.161.23.71 - - [31/Mar/2025:15:22:45 -0400] "GET /wp-includes/theme-compat/ HTTP/1.1" 403 1242 "-" "-"
20.161.23.71 - - [31/Mar/2025:15:22:45 -0400] "GET /wp-content/wp-login.php HTTP/1.1" 404 16543 "-" "-"
20.161.23.71 - - [31/Mar/2025:15:22:45 -0400] "GET /admin/editor/engine.php HTTP/1.1" 404 16543 "-" "-"
20.161.23.71 - - [31/Mar/2025:15:22:46 -0400] "GET /chosen.php HTTP/1.1" 404 16543 "-" "-"
20.161.23.71 - - [31/Mar/2025:15:22:47 -0400] "GET /wp-includes/images/smilies/index.php HTTP/1.1" 301 0 "-" "-"
20.161.23.71 - - [31/Mar/2025:15:22:47 -0400] "GET /wp-includes/images/smilies/ HTTP/1.1" 403 1242 "-" "-"
20.161.23.71 - - [31/Mar/2025:15:22:47 -0400] "GET /wp-content/themes/aahana/json.php HTTP/1.1" 404 16543 "-" "-"
20.161.23.71 - - [31/Mar/2025:15:22:48 -0400] "GET /wp-includes/html-api/about.php HTTP/1.1" 404 16543 "-" "-"
20.161.23.71 - - [31/Mar/2025:15:22:48 -0400] "GET /wp-content/uploads/index.php HTTP/1.1" 301 0 "-" "-"
20.161.23.71 - - [31/Mar/2025:15:22:49 -0400] "GET /wp-content/uploads/ HTTP/1.1" 403 1242 "-" "-"
20.161.23.71 - - [31/Mar/2025:15:22:49 -0400] "GET /wp-includes/images/smilies/about.php HTTP/1.1" 404 16543 "-" "-"
20.161.23.71 - - [31/Mar/2025:15:22:49 -0400] "GET /assets/plugins/jquery-file-upload/server/php/include.php HTTP/1.1" 404 16543 "-" "-"
20.161.23.71 - - [31/Mar/2025:15:22:50 -0400] "GET /images/lmfi2.php HTTP/1.1" 404 16543 "-" "-"
20.161.23.71 - - [31/Mar/2025:15:22:50 -0400] "GET /wp-admin/function.php HTTP/1.1" 404 16543 "-" "-"
20.161.23.71 - - [31/Mar/2025:15:22:51 -0400] "GET /wp-includes/Text/Diff/alfa-rex.php HTTP/1.1" 404 16543 "-" "-"
20.161.23.71 - - [31/Mar/2025:15:22:51 -0400] "GET /images/chosen.php HTTP/1.1" 404 16543 "-" "-"
20.161.23.71 - - [31/Mar/2025:15:22:51 -0400] "GET /mah.php HTTP/1.1" 404 16543 "-" "-"
20.161.23.71 - - [31/Mar/2025:15:22:52 -0400] "GET /wp-content/json.php HTTP/1.1" 404 16543 "-" "-"
20.161.23.71 - - [31/Mar/2025:15:22:53 -0400] "GET /wp-includes/fonts/index.php HTTP/1.1" 301 0 "-" "-"
20.161.23.71 - - [31/Mar/2025:15:22:53 -0400] "GET /wp-includes/fonts/ HTTP/1.1" 403 1242 "-" "-"
20.161.23.71 - - [31/Mar/2025:15:22:53 -0400] "GET /wp-includes/Requests/file.php HTTP/1.1" 404 16543 "-" "-"
20.161.23.71 - - [31/Mar/2025:15:22:54 -0400] "GET /wp-content/themes/seotheme/classwithtostring.php HTTP/1.1" 404 16543 "-" "-"
20.161.23.71 - - [31/Mar/2025:15:22:55 -0400] "GET /wp-includes/widgets/parx.php HTTP/1.1" 404 16543 "-" "-"
20.161.23.71 - - [31/Mar/2025:15:22:55 -0400] "GET /wp-content/plugins/Cache/footer.php HTTP/1.1" 404 16543 "-" "-"
20.161.23.71 - - [31/Mar/2025:15:22:56 -0400] "GET /content.php HTTP/1.1" 404 16543 "-" "-"
20.161.23.71 - - [31/Mar/2025:15:22:56 -0400] "GET /wp-includes/css/wp-conflg.php HTTP/1.1" 404 16543 "-" "-"
20.161.23.71 - - [31/Mar/2025:15:22:57 -0400] "GET /wp-admin/admin-post.php HTTP/1.1" 200 0 "-" "-"
20.161.23.71 - - [31/Mar/2025:15:22:57 -0400] "GET /wp-includes/html-api/chosen.php HTTP/1.1" 404 16543 "-" "-"
20.161.23.71 - - [31/Mar/2025:15:22:57 -0400] "GET /wp-admin/includes/cong.php HTTP/1.1" 404 16543 "-" "-"
20.161.23.71 - - [31/Mar/2025:15:22:58 -0400] "GET /wp-admin/network/shell.php HTTP/1.1" 404 16543 "-" "-"
20.161.23.71 - - [31/Mar/2025:15:22:58 -0400] "GET /cgi-bin/upfile.php HTTP/1.1" 404 16543 "-" "-"
20.161.23.71 - - [31/Mar/2025:15:22:58 -0400] "GET /wp-includes/images/smilies/wp-login.php HTTP/1.1" 404 16543 "-" "-"
20.161.23.71 - - [31/Mar/2025:15:22:59 -0400] "GET /cong.php HTTP/1.1" 404 16543 "-" "-"
20.161.23.71 - - [31/Mar/2025:15:22:59 -0400] "GET /wp-login.php HTTP/1.1" 302 0 "-" "-"
20.161.23.71 - - [31/Mar/2025:15:22:59 -0400] "GET /makeasmtp.php HTTP/1.1" 404 16543 "-" "-"
20.161.23.71 - - [31/Mar/2025:15:23:00 -0400] "GET /wp-admin/css/colors/blue/lock.php HTTP/1.1" 404 16543 "-" "-"
20.161.23.71 - - [31/Mar/2025:15:23:00 -0400] "GET /wp-content/plugins/pwnd/classwithtostring.php HTTP/1.1" 404 16543 "-" "-"
20.161.23.71 - - [31/Mar/2025:15:23:01 -0400] "GET /wp-includes/Text/Diff/Renderer/about.php HTTP/1.1" 404 16543 "-" "-"
20.161.23.71 - - [31/Mar/2025:15:23:01 -0400] "GET /13.php HTTP/1.1" 404 16543 "-" "-"
20.161.23.71 - - [31/Mar/2025:15:23:02 -0400] "GET /wp-includes/sodium_compat/index.php HTTP/1.1" 301 0 "-" "-"
20.161.23.71 - - [31/Mar/2025:15:23:02 -0400] "GET /wp-includes/sodium_compat/ HTTP/1.1" 403 1242 "-" "-"
20.161.23.71 - - [31/Mar/2025:15:23:02 -0400] "GET /.well-known/cache-compat.php HTTP/1.1" 404 16543 "-" "-"
20.161.23.71 - - [31/Mar/2025:15:23:03 -0400] "GET /wp-mail.php/wp-includes/ID3/rnEPv9.php HTTP/1.1" 403 1123 "-" "-"
20.161.23.71 - - [31/Mar/2025:15:23:03 -0400] "GET /wp-includes/php-compat/content.php HTTP/1.1" 404 16543 "-" "-"
20.161.23.71 - - [31/Mar/2025:15:23:04 -0400] "GET /admin/function.php HTTP/1.1" 404 16543 "-" "-"
20.161.23.71 - - [31/Mar/2025:15:23:05 -0400] "GET /wp-includes/fonts/admin.php HTTP/1.1" 404 16543 "-" "-"
20.161.23.71 - - [31/Mar/2025:15:23:05 -0400] "GET /doc.php HTTP/1.1" 404 16543 "-" "-"
20.161.23.71 - - [31/Mar/2025:15:23:06 -0400] "GET /wp-includes/block-patterns/autoload_classmap.php HTTP/1.1" 404 16543 "-" "-"
20.161.23.71 - - [31/Mar/2025:15:23:06 -0400] "GET /wp-includes/images/autoload_classmap.php HTTP/1.1" 404 16543 "-" "-"
20.161.23.71 - - [31/Mar/2025:15:23:07 -0400] "GET /wp-includes/certificates/index.php HTTP/1.1" 301 0 "-" "-"
20.161.23.71 - - [31/Mar/2025:15:23:07 -0400] "GET /wp-includes/certificates/ HTTP/1.1" 403 1242 "-" "-"
20.161.23.71 - - [31/Mar/2025:15:23:07 -0400] "GET /.well-known/pki-validation/wp-login.php HTTP/1.1" 404 1251 "-" "-"
20.161.23.71 - - [31/Mar/2025:15:23:07 -0400] "GET /css/install.php HTTP/1.1" 404 16543 "-" "-"
20.161.23.71 - - [31/Mar/2025:15:23:08 -0400] "GET /wp-includes/theme-compat/wp-conflg.php/wp-content/plugins/google-seo-rank/index.php HTTP/1.1" 301 0 "-" "-"
20.161.23.71 - - [31/Mar/2025:15:23:08 -0400] "GET /wp-includes/theme-compat/wp-conflg.php/wp-content/plugins/google-seo-rank/ HTTP/1.1" 404 16543 "-" "-"
20.161.23.71 - - [31/Mar/2025:15:23:09 -0400] "GET /xmrlpc.php HTTP/1.1" 404 16543 "-" "-"
20.161.23.71 - - [31/Mar/2025:15:23:09 -0400] "GET /wp-admin/css/colors/classwithtostring.php HTTP/1.1" 404 16543 "-" "-"
20.161.23.71 - - [31/Mar/2025:15:23:10 -0400] "GET /wp-includes/index.php HTTP/1.1" 301 0 "-" "-"
20.161.23.71 - - [31/Mar/2025:15:23:10 -0400] "GET /wp-includes/ HTTP/1.1" 403 1242 "-" "-"
20.161.23.71 - - [31/Mar/2025:15:23:10 -0400] "GET /wp-includes/fonts/install.php HTTP/1.1" 404 16543 "-" "-"
20.161.23.71 - - [31/Mar/2025:15:23:11 -0400] "GET /assets/edit.php HTTP/1.1" 404 16543 "-" "-"
20.161.23.71 - - [31/Mar/2025:15:23:11 -0400] "GET /file.php HTTP/1.1" 404 16543 "-" "-"
20.161.23.71 - - [31/Mar/2025:15:23:12 -0400] "GET /wp-admin/index.php HTTP/1.1" 302 0 "-" "-"
20.161.23.71 - - [31/Mar/2025:15:23:12 -0400] "GET /wp-includes/Text/Diff/Engine/wp-login.php HTTP/1.1" 404 16543 "-" "-"
20.161.23.71 - - [31/Mar/2025:15:23:13 -0400] "GET /wp-admin/user/chosen.php HTTP/1.1" 404 16543 "-" "-"
20.161.23.71 - - [31/Mar/2025:15:23:13 -0400] "GET /wp-content/uploads/wp-conflg.php HTTP/1.1" 404 16543 "-" "-"
20.161.23.71 - - [31/Mar/2025:15:23:14 -0400] "GET /ok.php HTTP/1.1" 404 16543 "-" "-"
20.161.23.71 - - [31/Mar/2025:15:23:14 -0400] "GET /wp-includes/IXR/alfa-rex.php HTTP/1.1" 404 16543 "-" "-"
20.161.23.71 - - [31/Mar/2025:15:23:15 -0400] "GET /wp-admin/autoload_classmap.php HTTP/1.1" 404 16543 "-" "-"
20.161.23.71 - - [31/Mar/2025:15:23:15 -0400] "GET /wp-includes/sodium_compat/src/index.php HTTP/1.1" 301 0 "-" "-"
20.161.23.71 - - [31/Mar/2025:15:23:16 -0400] "GET /wp-includes/sodium_compat/src/ HTTP/1.1" 403 1242 "-" "-"
20.161.23.71 - - [31/Mar/2025:15:23:16 -0400] "GET /wp-includes/block-patterns/about.php HTTP/1.1" 404 16543 "-" "-"
20.161.23.71 - - [31/Mar/2025:15:23:17 -0400] "GET /wp-includes/css/alfa-rex.php HTTP/1.1" 404 16543 "-" "-"
20.161.23.71 - - [31/Mar/2025:15:23:17 -0400] "GET /images/stories/admin-post.php HTTP/1.1" 403 1242 "-" "-"
216.244.66.200 - - [31/Mar/2025:15:25:18 -0400] "GET /how-long-does-file-transfer-take/feed/ HTTP/1.1" 200 443 "-" "Mozilla/5.0 (compatible; DotBot/1.2; +https://opensiteexplorer.org/dotbot; help@moz.com)"
216.244.66.200 - - [31/Mar/2025:15:28:49 -0400] "GET /lake-champlain-and-5-ways-to-enjoy-this-great-lake/feed/ HTTP/1.1" 200 460 "-" "Mozilla/5.0 (compatible; DotBot/1.2; +https://opensiteexplorer.org/dotbot; help@moz.com)"
54.91.119.195 - - [31/Mar/2025:15:45:18 -0400] "GET //shahmeenaindustry.com/wp-content/themes/chromenews/assets/jquery.cookie.js HTTP/1.1" 301 0 "-" "Baiduspider ( http://www.baidu.com/search/spider.htm)"
54.91.119.195 - - [31/Mar/2025:15:45:18 -0400] "GET //shahmeenaindustry.com/wp-content/themes/chromenews/assets/slick/js/slick.min.js HTTP/1.1" 301 0 "-" "Xenu Link Sleuth/1.3.8"
54.91.119.195 - - [31/Mar/2025:15:45:18 -0400] "GET /wp-emoji-release.min.js HTTP/1.1" 404 16543 "-" "Mozilla/5.0 (Macintosh; Intel Mac OS X 10_13_2) AppleWebKit/537.36 (KHTML, like Gecko) Chrome/76.0.3809.100 Safari/537.36"
54.91.119.195 - - [31/Mar/2025:15:45:19 -0400] "GET //shahmeenaindustry.com/wp-includes/js/jquery/jquery-migrate.min.js HTTP/1.1" 301 0 "-" "Mozilla/5.0 (BlackBerry; U; BlackBerry 9930; en-US) AppleWebKit/534.11+ (KHTML, like Gecko) Version/7.1.0.267 Mobile Safari/534.11+"
185.174.156.124 - - [31/Mar/2025:15:46:44 -0400] "GET /cbd-shop-uk-review/ HTTP/1.1" 200 23136 "http://shahmeenaindustry.com/cbd-shop-uk-review/" "Mozilla/5.0 (Windows NT 10.0; Win64; x64) AppleWebKit/537.36 (KHTML, like Gecko) Chrome/129.0.0.0 Safari/537.36"
185.174.156.124 - - [31/Mar/2025:15:46:45 -0400] "POST /wp-comments-post.php HTTP/1.1" 302 0 "http://shahmeenaindustry.com/cbd-shop-uk-review/" "Mozilla/5.0 (Windows NT 10.0; Win64; x64) AppleWebKit/537.36 (KHTML, like Gecko) Chrome/129.0.0.0 Safari/537.36"
54.91.119.195 - - [31/Mar/2025:15:46:53 -0400] "GET //shahmeenaindustry.com/wp-content/themes/chromenews/assets/sidr/js/jquery.sidr.min.js HTTP/1.1" 301 0 "-" "Mozilla/5.0 (Linux; Android 7.1.2; Pixel Build/NHG47N) AppleWebKit/537.36 (KHTML, like Gecko) Chrome/58.0.3029.83 Mobile Safari/537.36"
54.91.119.195 - - [31/Mar/2025:15:46:53 -0400] "GET //shahmeenaindustry.com/wp-content/themes/chromenews/assets/jquery-match-height/jquery.matchHeight.min.js HTTP/1.1" 301 0 "-" "Mozilla/5.0 (Macintosh; Intel Mac OS X 10_14_0) AppleWebKit/537.36 (KHTML, like Gecko) Chrome/74.0.3729.131 Safari/537.36"
54.91.119.195 - - [31/Mar/2025:15:46:53 -0400] "GET //shahmeenaindustry.com/wp-includes/js/jquery/jquery-migrate.min.js HTTP/1.1" 301 0 "-" "Mozilla/4.0 (compatible; MSIE 5.0; Series80/2.0 Nokia9500/4.51 Profile/MIDP-2.0 Configuration/CLDC-1.1)"
54.91.119.195 - - [31/Mar/2025:15:46:53 -0400] "GET //shahmeenaindustry.com/wp-content/themes/chromenews/js/navigation.js HTTP/1.1" 301 0 "-" "Mozilla/5.0 (Linux; Android 7.0; Redmi Note 4) AppleWebKit/537.36 (KHTML, like Gecko) Chrome/78.0.3880.5 Mobile Safari/537.36"
54.91.119.195 - - [31/Mar/2025:15:46:53 -0400] "GET //shahmeenaindustry.com/wp-content/themes/chromenews/js/skip-link-focus-fix.js HTTP/1.1" 301 0 "-" "Mozilla/5.0 (Macintosh; Intel Mac OS X 10_14_1) AppleWebKit/537.36 (KHTML, like Gecko) Chrome/75.0.3770.142 Safari/537.36"
54.91.119.195 - - [31/Mar/2025:15:46:53 -0400] "GET //shahmeenaindustry.com/wp-content/themes/chromenews/assets/slick/js/slick.min.js HTTP/1.1" 301 0 "-" "Mozilla/5.0 (compatible; alexa site audit/1.0; +http://www.alexa.com/help/webmasters; )"
54.91.119.195 - - [31/Mar/2025:15:46:53 -0400] "GET //shahmeenaindustry.com/wp-content/themes/chromenews/assets/script.js HTTP/1.1" 301 0 "-" "Mozilla/5.0 (X11; Linux x86_64) AppleWebKit/537.36 (KHTML, like Gecko) Chrome/46.0.2490.86 Safari/537.36"
54.91.119.195 - - [31/Mar/2025:15:46:53 -0400] "GET //shahmeenaindustry.com/wp-includes/js/jquery/jquery.min.js HTTP/1.1" 301 0 "-" "Opera/9.80 (X11; FreeBSD 8.1-RELEASE i386; Edition Next) Presto/2.12.388 Version/12.10"
54.91.119.195 - - [31/Mar/2025:15:46:55 -0400] "GET /wp-emoji-release.min.js HTTP/1.1" 404 16543 "-" "Mozilla/5.0 (X11; Linux x86_64) AppleWebKit/537.36 (KHTML, like Gecko) Chrome/75.0.3770.145 Safari/537.36 Vivaldi/2.6.1566.51"
43.166.134.114 - - [31/Mar/2025:16:08:20 -0400] "GET / HTTP/1.1" 200 24560 "-" "Mozilla/5.0 (iPhone; CPU iPhone OS 13_2_3 like Mac OS X) AppleWebKit/605.1.15 (KHTML, like Gecko) Version/13.0.3 Mobile/15E148 Safari/604.1"
176.97.122.93 - - [31/Mar/2025:16:36:58 -0400] "GET / HTTP/1.1" 200 24560 "-" "Mozilla/5.0 (X11; U; Linux i686; en-US; rv:0.9.3) Gecko/20010801"
216.244.66.200 - - [31/Mar/2025:16:37:46 -0400] "GET /robots.txt HTTP/1.1" 304 0 "-" "Mozilla/5.0 (compatible; DotBot/1.2; +https://opensiteexplorer.org/dotbot; help@moz.com)"
165.154.226.62 - - [31/Mar/2025:16:38:14 -0400] "GET / HTTP/1.1" 200 24560 "-" "Embarcadero URI Client/1.0"
216.244.66.200 - - [31/Mar/2025:16:42:43 -0400] "GET /page/103/ HTTP/1.1" 200 20999 "-" "Mozilla/5.0 (compatible; DotBot/1.2; +https://opensiteexplorer.org/dotbot; help@moz.com)"
216.244.66.200 - - [31/Mar/2025:16:43:41 -0400] "GET /rhinoplasty-what-you-need-to-know/feed/ HTTP/1.1" 200 451 "-" "Mozilla/5.0 (compatible; DotBot/1.2; +https://opensiteexplorer.org/dotbot; help@moz.com)"
43.130.248.83 - - [31/Mar/2025:16:59:51 -0400] "GET /how-to-get-the-most-out-of-a-jade-roller/ HTTP/1.1" 200 21756 "http://shahmeenaindustry.com" "Mozilla/5.0 (Windows NT 10.0; Win64; x64) AppleWebKit/537.36 (KHTML, like Gecko) Chrome/62.0.3202.94 Safari/537.36"
43.130.248.83 - - [31/Mar/2025:16:59:53 -0400] "POST /wp-comments-post.php HTTP/1.1" 302 0 "http://shahmeenaindustry.com" "Mozilla/5.0 (Windows NT 10.0; Win64; x64) AppleWebKit/537.36 (KHTML, like Gecko) Chrome/62.0.3202.94 Safari/537.36"
216.244.66.200 - - [31/Mar/2025:17:03:31 -0400] "GET /fensterputzer-luneburg-your-competent-partner-in-the-field-of-gebaudereinigung-bauendreinigung-glasreinigung-terrassenreinigung-winterdienst-und-schneeraumung/feed/ HTTP/1.1" 200 562 "-" "Mozilla/5.0 (compatible; DotBot/1.2; +https://opensiteexplorer.org/dotbot; help@moz.com)"
216.244.66.200 - - [31/Mar/2025:17:22:25 -0400] "GET /robots.txt HTTP/1.1" 304 0 "-" "Mozilla/5.0 (compatible; DotBot/1.2; +https://opensiteexplorer.org/dotbot; help@moz.com)"
216.244.66.200 - - [31/Mar/2025:17:27:45 -0400] "GET /convenience-at-your-fingertips/feed/ HTTP/1.1" 200 432 "-" "Mozilla/5.0 (compatible; DotBot/1.2; +https://opensiteexplorer.org/dotbot; help@moz.com)"
85.208.98.23 - - [31/Mar/2025:17:32:31 -0400] "GET /robots.txt HTTP/1.1" 304 0 "-" "Mozilla/5.0 (compatible; SemrushBot-BA; +http://www.semrush.com/bot.html)"
89.248.165.81 - - [31/Mar/2025:17:54:56 -0400] "GET /cbd-shop-uk-review/ HTTP/1.1" 200 23136 "http://shahmeenaindustry.com/cbd-shop-uk-review/" "Mozilla/5.0 (Windows NT 10.0; Win64; x64) AppleWebKit/537.36 (KHTML, like Gecko) Chrome/131.0.0.0 Safari/537.36 Avast/131.0.0.0"
89.248.165.81 - - [31/Mar/2025:17:54:58 -0400] "POST /wp-comments-post.php HTTP/1.1" 302 0 "http://shahmeenaindustry.com/cbd-shop-uk-review/" "Mozilla/5.0 (Windows NT 10.0; Win64; x64) AppleWebKit/537.36 (KHTML, like Gecko) Chrome/131.0.0.0 Safari/537.36 Avast/131.0.0.0"
46.8.223.232 - - [31/Mar/2025:18:28:06 -0400] "GET /cbd-shop-uk-review/ HTTP/1.1" 200 23136 "http://shahmeenaindustry.com/cbd-shop-uk-review/" "Mozilla/5.0 (Windows NT 10.0; Win64; x64) AppleWebKit/537.36 (KHTML, like Gecko) Chrome/130.0.0.0 Safari/537.36 CCleaner/130.0.0.0"
46.8.223.232 - - [31/Mar/2025:18:29:07 -0400] "GET /cbd-shop-uk-review/ HTTP/1.1" 200 23136 "http://shahmeenaindustry.com/cbd-shop-uk-review/" "Mozilla/5.0 (Windows NT 10.0; Win64; x64) AppleWebKit/537.36 (KHTML, like Gecko) Chrome/130.0.0.0 Safari/537.36 CCleaner/130.0.0.0"
216.244.66.200 - - [31/Mar/2025:18:50:59 -0400] "GET /robots.txt HTTP/1.1" 304 0 "-" "Mozilla/5.0 (compatible; DotBot/1.2; +https://opensiteexplorer.org/dotbot; help@moz.com)"
216.244.66.200 - - [31/Mar/2025:18:54:47 -0400] "GET / HTTP/1.1" 200 24560 "-" "Mozilla/5.0 (compatible; DotBot/1.2; +https://opensiteexplorer.org/dotbot; help@moz.com)"
173.245.207.242 - - [31/Mar/2025:19:33:33 -0400] "GET /cbd-shop-uk-review/ HTTP/1.1" 200 23136 "http://shahmeenaindustry.com/cbd-shop-uk-review/" "Mozilla/5.0 (Windows NT 10.0; Win64; x64) AppleWebKit/537.36 (KHTML, like Gecko) Chrome/130.0.0.0 Safari/537.36 CCleaner/130.0.0.0"
198.54.114.83 - - [31/Mar/2025:19:33:40 -0400] "POST /wp-cron.php?doing_wp_cron=1743464020.0191359519958496093750 HTTP/1.1" 200 0 "-" "WordPress/6.7.2; https://shahmeenaindustry.com"
173.245.207.242 - - [31/Mar/2025:19:33:36 -0400] "POST /wp-comments-post.php HTTP/1.1" 302 0 "http://shahmeenaindustry.com/cbd-shop-uk-review/" "Mozilla/5.0 (Windows NT 10.0; Win64; x64) AppleWebKit/537.36 (KHTML, like Gecko) Chrome/130.0.0.0 Safari/537.36 CCleaner/130.0.0.0"
198.54.114.83 - - [31/Mar/2025:19:41:27 -0400] "POST /wp-cron.php?doing_wp_cron=1743464487.2950561046600341796875 HTTP/1.1" 200 0 "-" "WordPress/6.7.2; https://shahmeenaindustry.com"
216.244.66.200 - - [31/Mar/2025:19:41:24 -0400] "GET /so-buchen-sie-einen-reinigungsservice-fur-ihr-hamburger-zuhause/ HTTP/1.1" 200 21605 "-" "Mozilla/5.0 (compatible; DotBot/1.2; +https://opensiteexplorer.org/dotbot; help@moz.com)"
216.244.66.200 - - [31/Mar/2025:19:42:01 -0400] "GET /the-best-way-to-send-large-files-online/ HTTP/1.1" 200 21477 "-" "Mozilla/5.0 (compatible; DotBot/1.2; +https://opensiteexplorer.org/dotbot; help@moz.com)"
198.54.114.83 - - [31/Mar/2025:19:51:45 -0400] "POST /wp-cron.php?doing_wp_cron=1743465105.3081550598144531250000 HTTP/1.1" 200 0 "-" "WordPress/6.7.2; https://shahmeenaindustry.com"
216.244.66.200 - - [31/Mar/2025:19:51:41 -0400] "GET /the-best-way-to-send-large-files-online/feed/ HTTP/1.1" 200 451 "-" "Mozilla/5.0 (compatible; DotBot/1.2; +https://opensiteexplorer.org/dotbot; help@moz.com)"
146.70.160.238 - - [31/Mar/2025:19:52:26 -0400] "GET / HTTP/1.1" 200 24560 "-" "Mozilla/5.0 (Windows NT 10.0; Win64; x64) AppleWebKit/537.36 (KHTML, like Gecko) Chrome/58.0.3029.110 Safari/537.3"
198.54.114.83 - - [31/Mar/2025:19:52:27 -0400] "POST /wp-cron.php?doing_wp_cron=1743465147.5639760494232177734375 HTTP/1.1" 200 0 "-" "WordPress/6.7.2; https://shahmeenaindustry.com"
146.70.160.238 - - [31/Mar/2025:19:52:27 -0400] "GET /phpinfo.php HTTP/1.1" 404 16543 "-" "Mozilla/5.0 (Windows NT 10.0; Win64; x64) AppleWebKit/537.36 (KHTML, like Gecko) Chrome/58.0.3029.110 Safari/537.3"
146.70.160.238 - - [31/Mar/2025:19:52:31 -0400] "GET /info.php HTTP/1.1" 404 16543 "-" "Mozilla/5.0 (Windows NT 10.0; Win64; x64) AppleWebKit/537.36 (KHTML, like Gecko) Chrome/58.0.3029.110 Safari/537.3"
146.70.160.238 - - [31/Mar/2025:19:52:34 -0400] "GET /phpinfo HTTP/1.1" 404 16543 "-" "Mozilla/5.0 (Windows NT 10.0; Win64; x64) AppleWebKit/537.36 (KHTML, like Gecko) Chrome/58.0.3029.110 Safari/537.3"
146.70.160.238 - - [31/Mar/2025:19:52:38 -0400] "GET /php_info.php HTTP/1.1" 404 16543 "-" "Mozilla/5.0 (Windows NT 10.0; Win64; x64) AppleWebKit/537.36 (KHTML, like Gecko) Chrome/58.0.3029.110 Safari/537.3"
146.70.160.238 - - [31/Mar/2025:19:52:40 -0400] "GET /test.php HTTP/1.1" 404 16543 "-" "Mozilla/5.0 (Windows NT 10.0; Win64; x64) AppleWebKit/537.36 (KHTML, like Gecko) Chrome/58.0.3029.110 Safari/537.3"
146.70.160.238 - - [31/Mar/2025:19:52:41 -0400] "GET /_profiler/phpinfo HTTP/1.1" 404 16543 "-" "Mozilla/5.0 (Windows NT 10.0; Win64; x64) AppleWebKit/537.36 (KHTML, like Gecko) Chrome/58.0.3029.110 Safari/537.3"
146.70.160.238 - - [31/Mar/2025:19:52:50 -0400] "GET /.env HTTP/1.1" 403 1242 "-" "Mozilla/5.0 (Windows NT 10.0; Win64; x64) AppleWebKit/537.36 (KHTML, like Gecko) Chrome/58.0.3029.110 Safari/537.3"
146.70.160.238 - - [31/Mar/2025:19:52:55 -0400] "GET /config/.env HTTP/1.1" 403 1242 "-" "Mozilla/5.0 (Windows NT 10.0; Win64; x64) AppleWebKit/537.36 (KHTML, like Gecko) Chrome/58.0.3029.110 Safari/537.3"
146.70.160.238 - - [31/Mar/2025:19:53:03 -0400] "GET /.env.production HTTP/1.1" 403 1242 "-" "Mozilla/5.0 (Windows NT 10.0; Win64; x64) AppleWebKit/537.36 (KHTML, like Gecko) Chrome/58.0.3029.110 Safari/537.3"
146.70.160.238 - - [31/Mar/2025:19:53:04 -0400] "GET /.env.local HTTP/1.1" 403 1242 "-" "Mozilla/5.0 (Windows NT 10.0; Win64; x64) AppleWebKit/537.36 (KHTML, like Gecko) Chrome/58.0.3029.110 Safari/537.3"
146.70.160.238 - - [31/Mar/2025:19:53:16 -0400] "GET /api/shared/config/config.env HTTP/1.1" 200 0 "-" "Mozilla/5.0 (Windows NT 10.0; Win64; x64) AppleWebKit/537.36 (KHTML, like Gecko) Chrome/58.0.3029.110 Safari/537.3"
146.70.160.238 - - [31/Mar/2025:19:53:20 -0400] "GET /api/.env HTTP/1.1" 403 1242 "-" "Mozilla/5.0 (Windows NT 10.0; Win64; x64) AppleWebKit/537.36 (KHTML, like Gecko) Chrome/58.0.3029.110 Safari/537.3"
198.54.114.83 - - [31/Mar/2025:19:53:24 -0400] "POST /wp-cron.php?doing_wp_cron=1743465197.5597119331359863281250 HTTP/1.1" 200 0 "-" "WordPress/6.7.2; https://shahmeenaindustry.com"
146.70.160.238 - - [31/Mar/2025:19:53:29 -0400] "GET / HTTP/1.1" 200 24560 "-" "Mozilla/5.0 (Windows NT 10.0; Win64; x64) AppleWebKit/537.36 (KHTML, like Gecko) Chrome/58.0.3029.110 Safari/537.3"
146.70.160.238 - - [31/Mar/2025:19:53:30 -0400] "GET /register/ HTTP/1.1" 404 16543 "-" "Mozilla/5.0 (Windows NT 10.0; Win64; x64) AppleWebKit/537.36 (KHTML, like Gecko) Chrome/58.0.3029.110 Safari/537.3"
146.70.160.238 - - [31/Mar/2025:19:53:31 -0400] "GET /contact/ HTTP/1.1" 404 16543 "-" "Mozilla/5.0 (Windows NT 10.0; Win64; x64) AppleWebKit/537.36 (KHTML, like Gecko) Chrome/58.0.3029.110 Safari/537.3"
146.70.160.238 - - [31/Mar/2025:19:53:33 -0400] "GET /.AWS_/credentials HTTP/1.1" 404 16543 "-" "Mozilla/5.0 (Windows NT 10.0; Win64; x64) AppleWebKit/537.36 (KHTML, like Gecko) Chrome/58.0.3029.110 Safari/537.3"
146.70.160.238 - - [31/Mar/2025:19:53:35 -0400] "GET /karma.conf.json HTTP/1.1" 404 16543 "-" "Mozilla/5.0 (Windows NT 10.0; Win64; x64) AppleWebKit/537.36 (KHTML, like Gecko) Chrome/58.0.3029.110 Safari/537.3"
146.70.160.238 - - [31/Mar/2025:19:53:38 -0400] "GET /index.php HTTP/1.1" 301 0 "-" "Mozilla/5.0 (Windows NT 10.0; Win64; x64) AppleWebKit/537.36 (KHTML, like Gecko) Chrome/58.0.3029.110 Safari/537.3"
146.70.160.238 - - [31/Mar/2025:19:53:38 -0400] "GET / HTTP/1.1" 200 24560 "-" "Mozilla/5.0 (Windows NT 10.0; Win64; x64) AppleWebKit/537.36 (KHTML, like Gecko) Chrome/58.0.3029.110 Safari/537.3"
146.70.160.238 - - [31/Mar/2025:19:53:50 -0400] "GET /.aws/credentials HTTP/1.1" 404 16542 "-" "Mozilla/5.0 (Windows NT 10.0; Win64; x64) AppleWebKit/537.36 (KHTML, like Gecko) Chrome/58.0.3029.110 Safari/537.3"
85.208.98.23 - - [31/Mar/2025:20:02:28 -0400] "GET /robots.txt HTTP/1.1" 304 0 "-" "Mozilla/5.0 (compatible; SemrushBot-BA; +http://www.semrush.com/bot.html)"
216.244.66.200 - - [31/Mar/2025:20:08:50 -0400] "GET /german-lessons-near-me/feed/ HTTP/1.1" 200 430 "-" "Mozilla/5.0 (compatible; DotBot/1.2; +https://opensiteexplorer.org/dotbot; help@moz.com)"
216.244.66.200 - - [31/Mar/2025:21:21:13 -0400] "GET /robots.txt HTTP/1.1" 304 0 "-" "Mozilla/5.0 (compatible; DotBot/1.2; +https://opensiteexplorer.org/dotbot; help@moz.com)"
198.54.114.83 - - [31/Mar/2025:21:27:47 -0400] "POST /wp-cron.php?doing_wp_cron=1743470865.5965619087219238281250 HTTP/1.1" 200 0 "-" "WordPress/6.7.2; https://shahmeenaindustry.com"
216.244.66.200 - - [31/Mar/2025:21:27:45 -0400] "GET /bjk-enterprises/ HTTP/1.1" 301 0 "-" "Mozilla/5.0 (compatible; DotBot/1.2; +https://opensiteexplorer.org/dotbot; help@moz.com)"
20.27.222.193 - - [31/Mar/2025:21:27:58 -0400] "GET //wp-content/plugins/fix/up.php HTTP/1.1" 301 0 "-" "Mozilla/5.0 (Windows NT 10.0; Win64; x64) AppleWebKit/537.36 (KHTML, like Gecko) Chrome/85.0.4183.102 Safari/537.36"
20.27.222.193 - - [31/Mar/2025:21:27:59 -0400] "GET /wp-content/plugins/fix/up.php HTTP/1.1" 404 16544 "-" "Mozilla/5.0 (Windows NT 10.0; Win64; x64) AppleWebKit/537.36 (KHTML, like Gecko) Chrome/85.0.4183.102 Safari/537.36"
198.54.114.83 - - [31/Mar/2025:21:40:14 -0400] "POST /wp-cron.php?doing_wp_cron=1743471614.6226170063018798828125 HTTP/1.1" 200 0 "-" "WordPress/6.7.2; https://shahmeenaindustry.com"
216.244.66.200 - - [31/Mar/2025:21:40:14 -0400] "GET /das-smart-wallet/feed/ HTTP/1.1" 200 417 "-" "Mozilla/5.0 (compatible; DotBot/1.2; +https://opensiteexplorer.org/dotbot; help@moz.com)"
43.157.170.126 - - [31/Mar/2025:21:57:44 -0400] "GET / HTTP/1.1" 200 24560 "-" "Mozilla/5.0 (iPhone; CPU iPhone OS 13_2_3 like Mac OS X) AppleWebKit/605.1.15 (KHTML, like Gecko) Version/13.0.3 Mobile/15E148 Safari/604.1"
216.244.66.200 - - [31/Mar/2025:22:05:48 -0400] "GET /robots.txt HTTP/1.1" 304 0 "-" "Mozilla/5.0 (compatible; DotBot/1.2; +https://opensiteexplorer.org/dotbot; help@moz.com)"
198.54.114.83 - - [31/Mar/2025:22:20:04 -0400] "POST /wp-cron.php?doing_wp_cron=1743474003.5353128910064697265625 HTTP/1.1" 200 0 "-" "WordPress/6.7.2; https://shahmeenaindustry.com"
216.244.66.200 - - [31/Mar/2025:22:19:58 -0400] "GET /page/75/ HTTP/1.1" 200 20821 "-" "Mozilla/5.0 (compatible; DotBot/1.2; +https://opensiteexplorer.org/dotbot; help@moz.com)"
159.203.8.178 - - [31/Mar/2025:22:23:38 -0400] "GET / HTTP/1.1" 200 24560 "-" "Mozilla/5.0 (compatible)"
159.203.8.178 - - [31/Mar/2025:22:23:39 -0400] "GET /favicon.ico HTTP/1.1" 404 1251 "http://shahmeenaindustry.com/" "Mozilla/5.0 (compatible)"
198.54.114.83 - - [31/Mar/2025:22:27:58 -0400] "POST /wp-cron.php?doing_wp_cron=1743474478.3548479080200195312500 HTTP/1.1" 200 0 "-" "WordPress/6.7.2; https://shahmeenaindustry.com"
216.244.66.200 - - [31/Mar/2025:22:27:55 -0400] "GET /page/104/ HTTP/1.1" 200 21029 "-" "Mozilla/5.0 (compatible; DotBot/1.2; +https://opensiteexplorer.org/dotbot; help@moz.com)"
198.54.114.83 - - [31/Mar/2025:22:32:18 -0400] "POST /wp-cron.php?doing_wp_cron=1743474738.3429338932037353515625 HTTP/1.1" 200 0 "-" "WordPress/6.7.2; https://shahmeenaindustry.com"
216.244.66.200 - - [31/Mar/2025:22:32:16 -0400] "GET /choosing-the-right-kitchen-cabinet-manufacturer-key-considerations/feed/ HTTP/1.1" 200 477 "-" "Mozilla/5.0 (compatible; DotBot/1.2; +https://opensiteexplorer.org/dotbot; help@moz.com)"
216.244.66.200 - - [31/Mar/2025:22:32:49 -0400] "GET /elevate-your-planning-with-the-best-planner-stickers/feed/ HTTP/1.1" 200 461 "-" "Mozilla/5.0 (compatible; DotBot/1.2; +https://opensiteexplorer.org/dotbot; help@moz.com)"
216.244.66.200 - - [31/Mar/2025:22:50:49 -0400] "GET /robots.txt HTTP/1.1" 304 0 "-" "Mozilla/5.0 (compatible; DotBot/1.2; +https://opensiteexplorer.org/dotbot; help@moz.com)"
216.244.66.200 - - [31/Mar/2025:23:12:08 -0400] "GET /2021/06/top-mr-bet-casino/ HTTP/1.1" 404 16544 "-" "Mozilla/5.0 (compatible; DotBot/1.2; +https://opensiteexplorer.org/dotbot; help@moz.com)"
198.54.114.83 - - [31/Mar/2025:23:12:12 -0400] "POST /wp-cron.php?doing_wp_cron=1743477129.3664920330047607421875 HTTP/1.1" 200 0 "-" "WordPress/6.7.2; https://shahmeenaindustry.com"
85.208.98.23 - - [01/Apr/2025:00:11:17 -0400] "GET /robots.txt HTTP/1.1" 304 0 "-" "Mozilla/5.0 (compatible; SemrushBot-BA; +http://www.semrush.com/bot.html)"
136.143.177.62 - - [01/Apr/2025:00:31:25 -0400] "GET / HTTP/1.1" 200 24560 "-" "Mozilla/5.0 (X11; Linux x86_64) AppleWebKit/537.36 (KHTML, like Gecko) Chrome/128.0.0.0 Safari/537.36"
106.227.49.113 - - [01/Apr/2025:00:49:28 -0400] "GET / HTTP/1.1" 200 24560 "-" "Mozilla/5.0 (iPhone; CPU iPhone OS 13_2_3 like Mac OS X) AppleWebKit/605.1.15 (KHTML, like Gecko) Version/13.0.3 Mobile/15E148 Safari/604.1"
216.244.66.200 - - [01/Apr/2025:01:05:03 -0400] "GET /robots.txt HTTP/1.1" 304 0 "-" "Mozilla/5.0 (compatible; DotBot/1.2; +https://opensiteexplorer.org/dotbot; help@moz.com)"
157.230.237.134 - - [01/Apr/2025:01:07:27 -0400] "GET /wp-admin/css/ HTTP/1.1" 403 1242 "binance.com" "Mozilla/5.0 (Windows NT 10.0; Win64; x64) AppleWebKit/537.36 (KHTML, like Gecko) Chrome/90.0.4430.85 Safari/537.36"
198.54.114.83 - - [01/Apr/2025:01:29:12 -0400] "POST /wp-cron.php?doing_wp_cron=1743485351.7434439659118652343750 HTTP/1.1" 200 0 "-" "WordPress/6.7.2; https://shahmeenaindustry.com"
216.244.66.200 - - [01/Apr/2025:01:29:09 -0400] "GET /reservez-un-photographe-via-book-an-artist/feed/ HTTP/1.1" 200 454 "-" "Mozilla/5.0 (compatible; DotBot/1.2; +https://opensiteexplorer.org/dotbot; help@moz.com)"
195.26.225.218 - - [01/Apr/2025:01:39:46 -0400] "GET /how-to-get-the-most-out-of-a-jade-roller/ HTTP/1.1" 200 21756 "http://shahmeenaindustry.com/how-to-get-the-most-out-of-a-jade-roller/" "Mozilla/5.0 (Windows NT 10.0; Win64; x64) AppleWebKit/537.36 (KHTML, like Gecko) Chrome/131.0.0.0 Safari/537.36"
195.26.225.218 - - [01/Apr/2025:01:39:47 -0400] "POST /wp-comments-post.php HTTP/1.1" 302 0 "http://shahmeenaindustry.com/how-to-get-the-most-out-of-a-jade-roller/" "Mozilla/5.0 (Windows NT 10.0; Win64; x64) AppleWebKit/537.36 (KHTML, like Gecko) Chrome/131.0.0.0 Safari/537.36"
216.244.66.200 - - [01/Apr/2025:01:50:32 -0400] "GET /robots.txt HTTP/1.1" 304 0 "-" "Mozilla/5.0 (compatible; DotBot/1.2; +https://opensiteexplorer.org/dotbot; help@moz.com)"
216.244.66.200 - - [01/Apr/2025:01:54:50 -0400] "GET /vita-glow-night-cream-review/ HTTP/1.1" 200 21205 "-" "Mozilla/5.0 (compatible; DotBot/1.2; +https://opensiteexplorer.org/dotbot; help@moz.com)"
66.249.64.100 - - [01/Apr/2025:02:14:32 -0400] "GET /robots.txt HTTP/1.1" 304 0 "-" "Mozilla/5.0 (compatible; Googlebot/2.1; +http://www.google.com/bot.html)"
66.249.64.99 - - [01/Apr/2025:02:14:39 -0400] "GET /wp-content/themes/chromenews/assets/toggle-script.js?ver=4.9.3 HTTP/1.1" 304 0 "https://shahmeenaindustry.com/schnell-und-zuverlassig/" "Mozilla/5.0 (Linux; Android 6.0.1; Nexus 5X Build/MMB29P) AppleWebKit/537.36 (KHTML, like Gecko) Chrome/134.0.6998.165 Mobile Safari/537.36 (compatible; Googlebot/2.1; +http://www.google.com/bot.html)"
66.249.64.98 - - [01/Apr/2025:02:14:41 -0400] "GET /wp-includes/js/jquery/jquery-migrate.min.js?ver=3.4.1 HTTP/1.1" 304 0 "https://shahmeenaindustry.com/schnell-und-zuverlassig/" "Mozilla/5.0 (Linux; Android 6.0.1; Nexus 5X Build/MMB29P) AppleWebKit/537.36 (KHTML, like Gecko) Chrome/134.0.6998.165 Mobile Safari/537.36 (compatible; Googlebot/2.1; +http://www.google.com/bot.html)"
66.249.64.99 - - [01/Apr/2025:02:14:42 -0400] "GET /wp-content/themes/chromenews/assets/sidr/js/jquery.sidr.min.js?ver=4.9.3 HTTP/1.1" 304 0 "https://shahmeenaindustry.com/schnell-und-zuverlassig/" "Mozilla/5.0 (Linux; Android 6.0.1; Nexus 5X Build/MMB29P) AppleWebKit/537.36 (KHTML, like Gecko) Chrome/134.0.6998.165 Mobile Safari/537.36 (compatible; Googlebot/2.1; +http://www.google.com/bot.html)"
85.208.98.18 - - [01/Apr/2025:02:14:45 -0400] "GET /robots.txt HTTP/1.1" 304 0 "-" "Mozilla/5.0 (compatible; SemrushBot; +http://www.semrush.com/bot.html)"
198.54.114.83 - - [01/Apr/2025:02:25:49 -0400] "POST /wp-cron.php?doing_wp_cron=1743488748.3733448982238769531250 HTTP/1.1" 200 0 "-" "WordPress/6.7.2; https://shahmeenaindustry.com"
27.106.100.235 - - [01/Apr/2025:02:25:48 -0400] "GET /milestone-cards-for-bad-credit HTTP/1.1" 404 16545 "http://shahmeenaindustry.com/milestone-cards-for-bad-credit" "Mozilla/5.0 (Windows NT 10.0; Win64; x64) AppleWebKit/537.36 (KHTML, like Gecko) Chrome/107.0.0.0 Safari/537.36"
216.244.66.200 - - [01/Apr/2025:02:35:11 -0400] "GET /robots.txt HTTP/1.1" 304 0 "-" "Mozilla/5.0 (compatible; DotBot/1.2; +https://opensiteexplorer.org/dotbot; help@moz.com)"
208.52.181.240 - - [01/Apr/2025:02:42:32 -0400] "GET /cbd-shop-uk-review/ HTTP/1.1" 200 23136 "-" "Mozilla/5.0 (Macintosh; Intel Mac OS X 12_5) AppleWebKit/537.36 (KHTML, like Gecko) Chrome/114.0.0.0 Safari/537.36 Vivaldi/5.3.2679.68"
156.248.102.175 - - [01/Apr/2025:02:42:36 -0400] "GET /cbd-shop-uk-review/ HTTP/1.1" 200 23136 "-" "PHP/6.3.20"
198.54.114.83 - - [01/Apr/2025:02:45:09 -0400] "POST /wp-cron.php?doing_wp_cron=1743489908.7747790813446044921875 HTTP/1.1" 200 0 "-" "WordPress/6.7.2; https://shahmeenaindustry.com"
216.244.66.200 - - [01/Apr/2025:02:45:06 -0400] "GET /page/53/ HTTP/1.1" 200 20785 "-" "Mozilla/5.0 (compatible; DotBot/1.2; +https://opensiteexplorer.org/dotbot; help@moz.com)"
216.244.66.200 - - [01/Apr/2025:02:45:22 -0400] "GET /small-bathroom-renovation-tips/ HTTP/1.1" 200 20934 "-" "Mozilla/5.0 (compatible; DotBot/1.2; +https://opensiteexplorer.org/dotbot; help@moz.com)"
208.52.181.240 - - [01/Apr/2025:02:51:40 -0400] "GET /cbd-shop-uk-review/ HTTP/1.1" 200 23136 "-" "Mozilla/5.0 (Macintosh; Intel Mac OS X 12_5) AppleWebKit/537.36 (KHTML, like Gecko) Chrome/114.0.0.0 Safari/537.36 OPR/89.0.4447.51"
216.244.66.200 - - [01/Apr/2025:03:02:13 -0400] "GET /how-to-find-the-best-sport-betting-sites/feed/ HTTP/1.1" 200 448 "-" "Mozilla/5.0 (compatible; DotBot/1.2; +https://opensiteexplorer.org/dotbot; help@moz.com)"
216.131.105.249 - - [01/Apr/2025:03:16:38 -0400] "GET /cbd-shop-uk-review/ HTTP/1.1" 200 23136 "http://shahmeenaindustry.com/cbd-shop-uk-review/" "Mozilla/5.0 (Windows NT 10.0; Win64; x64) AppleWebKit/537.36 (KHTML, like Gecko) Chrome/131.0.0.0 Safari/537.36"
198.54.114.83 - - [01/Apr/2025:03:16:46 -0400] "POST /wp-cron.php?doing_wp_cron=1743491805.0774860382080078125000 HTTP/1.1" 200 0 "-" "WordPress/6.7.2; https://shahmeenaindustry.com"
216.131.105.249 - - [01/Apr/2025:03:16:40 -0400] "POST /wp-comments-post.php HTTP/1.1" 302 0 "http://shahmeenaindustry.com/cbd-shop-uk-review/" "Mozilla/5.0 (Windows NT 10.0; Win64; x64) AppleWebKit/537.36 (KHTML, like Gecko) Chrome/131.0.0.0 Safari/537.36"
216.244.66.200 - - [01/Apr/2025:03:20:32 -0400] "GET /robots.txt HTTP/1.1" 304 0 "-" "Mozilla/5.0 (compatible; DotBot/1.2; +https://opensiteexplorer.org/dotbot; help@moz.com)"
198.54.114.83 - - [01/Apr/2025:03:24:40 -0400] "POST /wp-cron.php?doing_wp_cron=1743492280.6002290248870849609375 HTTP/1.1" 200 0 "-" "WordPress/6.7.2; https://shahmeenaindustry.com"
216.244.66.200 - - [01/Apr/2025:03:24:36 -0400] "GET /godetevi-una-vacanza-rilassante-al-lake-garda-relais/ HTTP/1.1" 200 21221 "-" "Mozilla/5.0 (compatible; DotBot/1.2; +https://opensiteexplorer.org/dotbot; help@moz.com)"
195.200.29.225 - - [01/Apr/2025:03:25:43 -0400] "GET /how-to-get-the-most-out-of-a-jade-roller/ HTTP/1.1" 200 21756 "http://shahmeenaindustry.com/how-to-get-the-most-out-of-a-jade-roller/" "Mozilla/5.0 (Windows NT 10.0; Win64; x64) AppleWebKit/537.36 (KHTML, like Gecko) Chrome/130.0.0.0 Safari/537.36 CCleaner/130.0.0.0"
198.54.114.83 - - [01/Apr/2025:03:25:44 -0400] "POST /wp-cron.php?doing_wp_cron=1743492344.8477509021759033203125 HTTP/1.1" 200 0 "-" "WordPress/6.7.2; https://shahmeenaindustry.com"
195.200.29.225 - - [01/Apr/2025:03:25:44 -0400] "POST /wp-comments-post.php HTTP/1.1" 302 0 "http://shahmeenaindustry.com/how-to-get-the-most-out-of-a-jade-roller/" "Mozilla/5.0 (Windows NT 10.0; Win64; x64) AppleWebKit/537.36 (KHTML, like Gecko) Chrome/130.0.0.0 Safari/537.36 CCleaner/130.0.0.0"
198.54.114.83 - - [01/Apr/2025:03:28:16 -0400] "POST /wp-cron.php?doing_wp_cron=1743492496.1418581008911132812500 HTTP/1.1" 200 0 "-" "WordPress/6.7.2; https://shahmeenaindustry.com"
216.244.66.200 - - [01/Apr/2025:03:28:11 -0400] "GET /cache-level-3-and-early-learning-centres/ HTTP/1.1" 200 22198 "-" "Mozilla/5.0 (compatible; DotBot/1.2; +https://opensiteexplorer.org/dotbot; help@moz.com)"
66.249.64.98 - - [01/Apr/2025:03:44:42 -0400] "GET /wp-content/themes/chromenews/assets/jquery.cookie.js?ver=6.7.2 HTTP/1.1" 304 0 "https://shahmeenaindustry.com/the-future-of-weddings-embracing-paperless-invitations-with-rsvp/" "Mozilla/5.0 (Linux; Android 6.0.1; Nexus 5X Build/MMB29P) AppleWebKit/537.36 (KHTML, like Gecko) Chrome/134.0.6998.165 Mobile Safari/537.36 (compatible; Googlebot/2.1; +http://www.google.com/bot.html)"
198.54.114.83 - - [01/Apr/2025:03:47:59 -0400] "POST /wp-cron.php?doing_wp_cron=1743493678.3476669788360595703125 HTTP/1.1" 200 0 "-" "WordPress/6.7.2; https://shahmeenaindustry.com"
216.244.66.200 - - [01/Apr/2025:03:47:54 -0400] "GET /kuwait-visa/feed/ HTTP/1.1" 200 414 "-" "Mozilla/5.0 (compatible; DotBot/1.2; +https://opensiteexplorer.org/dotbot; help@moz.com)"
198.54.114.83 - - [01/Apr/2025:03:48:37 -0400] "POST /wp-cron.php?doing_wp_cron=1743493716.5287520885467529296875 HTTP/1.1" 200 0 "-" "WordPress/6.7.2; https://shahmeenaindustry.com"
216.244.66.200 - - [01/Apr/2025:03:48:36 -0400] "GET /benefits-of-a-tiled-conservatory-roof/feed/ HTTP/1.1" 200 441 "-" "Mozilla/5.0 (compatible; DotBot/1.2; +https://opensiteexplorer.org/dotbot; help@moz.com)"
198.54.114.83 - - [01/Apr/2025:03:49:06 -0400] "POST /wp-cron.php?doing_wp_cron=1743493746.2274799346923828125000 HTTP/1.1" 200 0 "-" "WordPress/6.7.2; https://shahmeenaindustry.com"
216.244.66.200 - - [01/Apr/2025:03:49:06 -0400] "GET /finding-a-curly-hair-specialist/feed/ HTTP/1.1" 200 433 "-" "Mozilla/5.0 (compatible; DotBot/1.2; +https://opensiteexplorer.org/dotbot; help@moz.com)"
185.141.57.94 - - [01/Apr/2025:03:50:47 -0400] "GET /cbd-shop-uk-review/ HTTP/1.1" 200 23136 "http://shahmeenaindustry.com/cbd-shop-uk-review/" "Mozilla/5.0 (Windows NT 10.0; Win64; x64) AppleWebKit/537.36 (KHTML, like Gecko) Chrome/129.0.0.0 Safari/537.36"
198.54.114.83 - - [01/Apr/2025:03:50:51 -0400] "POST /wp-cron.php?doing_wp_cron=1743493850.8389248847961425781250 HTTP/1.1" 200 0 "-" "WordPress/6.7.2; https://shahmeenaindustry.com"
185.141.57.94 - - [01/Apr/2025:03:50:48 -0400] "POST /wp-comments-post.php HTTP/1.1" 302 0 "http://shahmeenaindustry.com/cbd-shop-uk-review/" "Mozilla/5.0 (Windows NT 10.0; Win64; x64) AppleWebKit/537.36 (KHTML, like Gecko) Chrome/129.0.0.0 Safari/537.36"
45.84.176.157 - - [01/Apr/2025:04:02:06 -0400] "GET / HTTP/1.1" 200 24560 "http://shahmeenaindustry.com/" "Mozilla/5.0 (Windows NT 10.0; Win64; x64) AppleWebKit/537.36 (KHTML, like Gecko) Chrome/130.0.0.0 Safari/537.36"
216.244.66.200 - - [01/Apr/2025:04:04:26 -0400] "GET /robots.txt HTTP/1.1" 304 0 "-" "Mozilla/5.0 (compatible; DotBot/1.2; +https://opensiteexplorer.org/dotbot; help@moz.com)"
216.244.66.200 - - [01/Apr/2025:04:36:49 -0400] "GET /tips-to-choose-a-cooling-mattress-for-hot-sleepers/feed/ HTTP/1.1" 200 450 "-" "Mozilla/5.0 (compatible; DotBot/1.2; +https://opensiteexplorer.org/dotbot; help@moz.com)"
147.53.125.255 - - [01/Apr/2025:04:38:36 -0400] "GET /cbd-shop-uk-review/ HTTP/1.1" 200 23136 "-" "Mozilla/5.0 (Macintosh; Intel Mac OS X 12_5) AppleWebKit/537.36 (KHTML, like Gecko) Chrome/114.0.0.0 Safari/537.36 OPR/89.0.4447.51"
103.227.176.18 - - [01/Apr/2025:04:39:15 -0400] "POST /xmlrpc.php HTTP/1.1" 200 212 "http://shahmeenaindustry.com" "Mozilla/5.0 (Macintosh; Intel Mac OS X 13.3; rv:126.0) Gecko/20100101 Firefox/126.0"
216.244.66.200 - - [01/Apr/2025:04:49:26 -0400] "GET /robots.txt HTTP/1.1" 304 0 "-" "Mozilla/5.0 (compatible; DotBot/1.2; +https://opensiteexplorer.org/dotbot; help@moz.com)"
134.122.118.246 - - [01/Apr/2025:04:51:23 -0400] "POST /xmlrpc.php HTTP/1.1" 200 212 "http://shahmeenaindustry.com" "Mozilla/5.0 (Macintosh; Intel Mac OS X 10_15_7) AppleWebKit/537.36 (KHTML, like Gecko) Chrome/112.0.5615.138 Safari/537.36"
198.54.114.83 - - [01/Apr/2025:04:51:25 -0400] "POST /wp-cron.php?doing_wp_cron=1743497483.6898639202117919921875 HTTP/1.1" 200 0 "-" "WordPress/6.7.2; https://shahmeenaindustry.com"
198.54.114.83 - - [01/Apr/2025:04:53:50 -0400] "POST /wp-cron.php?doing_wp_cron=1743497629.9225559234619140625000 HTTP/1.1" 200 0 "-" "WordPress/6.7.2; https://shahmeenaindustry.com"
216.244.66.200 - - [01/Apr/2025:04:53:45 -0400] "GET /what-is-family-mediation/ HTTP/1.1" 200 21050 "-" "Mozilla/5.0 (compatible; DotBot/1.2; +https://opensiteexplorer.org/dotbot; help@moz.com)"
198.54.114.80 - - [01/Apr/2025:05:03:37 -0400] "POST /xmlrpc.php HTTP/1.1" 200 212 "http://shahmeenaindustry.com" "Mozilla/5.0 (Macintosh; Intel Mac OS X 10_15_7) AppleWebKit/537.36 (KHTML, like Gecko) Chrome/115.0.5790.102 Safari/537.36"
192.252.216.86 - - [01/Apr/2025:05:15:25 -0400] "GET /cbd-shop-uk-review/ HTTP/1.1" 200 23136 "http://shahmeenaindustry.com/cbd-shop-uk-review/" "Mozilla/5.0 (Windows NT 10.0; Win64; x64) AppleWebKit/537.36 (KHTML, like Gecko) Chrome/129.0.0.0 Safari/537.36"
192.252.216.86 - - [01/Apr/2025:05:15:28 -0400] "POST /wp-comments-post.php HTTP/1.1" 200 1168 "http://shahmeenaindustry.com/cbd-shop-uk-review/" "Mozilla/5.0 (Windows NT 10.0; Win64; x64) AppleWebKit/537.36 (KHTML, like Gecko) Chrome/129.0.0.0 Safari/537.36"
216.244.66.200 - - [01/Apr/2025:05:17:14 -0400] "GET /barbaros-reserve-residences-in-bodrum-turkey/feed/ HTTP/1.1" 200 450 "-" "Mozilla/5.0 (compatible; DotBot/1.2; +https://opensiteexplorer.org/dotbot; help@moz.com)"
216.244.66.200 - - [01/Apr/2025:05:17:48 -0400] "GET /zahnimplantate-ersetzen-sie-wurzelkanale/feed/ HTTP/1.1" 200 451 "-" "Mozilla/5.0 (compatible; DotBot/1.2; +https://opensiteexplorer.org/dotbot; help@moz.com)"
198.54.114.83 - - [01/Apr/2025:05:18:20 -0400] "POST /wp-cron.php?doing_wp_cron=1743499100.5215609073638916015625 HTTP/1.1" 200 0 "-" "WordPress/6.7.2; https://shahmeenaindustry.com"
216.244.66.200 - - [01/Apr/2025:05:18:20 -0400] "GET /upgrade-your-conservatory-with-a-solid-conservatory-roof/feed/ HTTP/1.1" 200 454 "-" "Mozilla/5.0 (compatible; DotBot/1.2; +https://opensiteexplorer.org/dotbot; help@moz.com)"
216.244.66.200 - - [01/Apr/2025:05:33:43 -0400] "GET /robots.txt HTTP/1.1" 304 0 "-" "Mozilla/5.0 (compatible; DotBot/1.2; +https://opensiteexplorer.org/dotbot; help@moz.com)"
198.54.114.83 - - [01/Apr/2025:05:37:56 -0400] "POST /wp-cron.php?doing_wp_cron=1743500275.9274439811706542968750 HTTP/1.1" 200 0 "-" "WordPress/6.7.2; https://shahmeenaindustry.com"
216.244.66.200 - - [01/Apr/2025:05:37:50 -0400] "GET /ai-converter-convert-your-ai-files-for-free-online/ HTTP/1.1" 200 129263 "-" "Mozilla/5.0 (compatible; DotBot/1.2; +https://opensiteexplorer.org/dotbot; help@moz.com)"
198.54.114.83 - - [01/Apr/2025:05:42:00 -0400] "POST /wp-cron.php?doing_wp_cron=1743500519.9443650245666503906250 HTTP/1.1" 200 0 "-" "WordPress/6.7.2; https://shahmeenaindustry.com"
45.67.14.64 - - [01/Apr/2025:05:41:54 -0400] "POST /xmlrpc.php HTTP/1.1" 200 212 "http://shahmeenaindustry.com" "Mozilla/5.0 (Macintosh; Intel Mac OS X 10_15_7) AppleWebKit/537.36 (KHTML, like Gecko) Chrome/115.0.5790.102 Safari/537.36"
198.54.114.83 - - [01/Apr/2025:05:54:47 -0400] "POST /wp-cron.php?doing_wp_cron=1743501286.8309400081634521484375 HTTP/1.1" 200 0 "-" "WordPress/6.7.2; https://shahmeenaindustry.com"
107.172.243.11 - - [01/Apr/2025:05:54:43 -0400] "POST /xmlrpc.php HTTP/1.1" 200 212 "http://shahmeenaindustry.com" "Mozilla/5.0 (Windows NT 10.0; Win64; x64) AppleWebKit/537.36 (KHTML, like Gecko) Chrome/114.0.5735.199 Safari/537.36 Edg/114.0.1823.67"
198.54.114.83 - - [01/Apr/2025:06:09:26 -0400] "POST /wp-cron.php?doing_wp_cron=1743502166.8195130825042724609375 HTTP/1.1" 200 0 "-" "WordPress/6.7.2; https://shahmeenaindustry.com"
158.69.25.207 - - [01/Apr/2025:06:09:26 -0400] "POST /xmlrpc.php HTTP/1.1" 200 212 "http://shahmeenaindustry.com" "Mozilla/5.0 (Macintosh; Intel Mac OS X 13.3; rv:126.0) Gecko/20100101 Firefox/126.0"
216.244.66.200 - - [01/Apr/2025:06:19:01 -0400] "GET /robots.txt HTTP/1.1" 304 0 "-" "Mozilla/5.0 (compatible; DotBot/1.2; +https://opensiteexplorer.org/dotbot; help@moz.com)"
147.53.125.255 - - [01/Apr/2025:06:21:27 -0400] "GET /cbd-shop-uk-review/ HTTP/1.1" 200 23136 "-" "Mozilla/5.0 (Macintosh; Intel Mac OS X 12_5) AppleWebKit/537.36 (KHTML, like Gecko) Chrome/114.0.0.0 Safari/537.36 OPR/89.0.4447.51"
198.54.114.83 - - [01/Apr/2025:06:22:27 -0400] "POST /wp-cron.php?doing_wp_cron=1743502946.6548640727996826171875 HTTP/1.1" 200 0 "-" "WordPress/6.7.2; https://shahmeenaindustry.com"
66.29.132.86 - - [01/Apr/2025:06:22:21 -0400] "POST /xmlrpc.php HTTP/1.1" 200 212 "http://shahmeenaindustry.com" "Mozilla/5.0 (Windows NT 10.0; Win64; x64) AppleWebKit/537.36 (KHTML, like Gecko) Chrome/126.0.0.0 Safari/537.36"
198.54.114.83 - - [01/Apr/2025:06:26:22 -0400] "POST /wp-cron.php?doing_wp_cron=1743503182.0279340744018554687500 HTTP/1.1" 200 0 "-" "WordPress/6.7.2; https://shahmeenaindustry.com"
216.244.66.200 - - [01/Apr/2025:06:26:18 -0400] "GET /the-convenience-of-instant-hot-water-taps-in-australia/ HTTP/1.1" 200 21127 "-" "Mozilla/5.0 (compatible; DotBot/1.2; +https://opensiteexplorer.org/dotbot; help@moz.com)"
198.54.114.83 - - [01/Apr/2025:06:35:39 -0400] "POST /wp-cron.php?doing_wp_cron=1743503737.3609941005706787109375 HTTP/1.1" 200 0 "-" "WordPress/6.7.2; https://shahmeenaindustry.com"
23.94.181.5 - - [01/Apr/2025:06:35:32 -0400] "POST /xmlrpc.php HTTP/1.1" 200 212 "http://shahmeenaindustry.com" "Mozilla/5.0 (Windows NT 10.0; Win64; x64) AppleWebKit/537.36 (KHTML, like Gecko) Chrome/115.0.5790.171 Safari/537.36 Edg/115.0.1901.203"
36.70.233.182 - - [01/Apr/2025:06:37:53 -0400] "GET /cbd-shop-uk-review/ HTTP/1.1" 200 23136 "http://shahmeenaindustry.com/cbd-shop-uk-review/" "Mozilla/5.0 (Windows NT 10.0; Win64; x64) AppleWebKit/537.36 (KHTML, like Gecko) Chrome/131.0.0.0 Safari/537.36 Avast/131.0.0.0"
198.54.114.83 - - [01/Apr/2025:06:42:49 -0400] "POST /wp-cron.php?doing_wp_cron=1743504167.6507909297943115234375 HTTP/1.1" 200 0 "-" "WordPress/6.7.2; https://shahmeenaindustry.com"
216.244.66.200 - - [01/Apr/2025:06:42:41 -0400] "GET /the-myst-cdl-developer/feed/ HTTP/1.1" 200 429 "-" "Mozilla/5.0 (compatible; DotBot/1.2; +https://opensiteexplorer.org/dotbot; help@moz.com)"
20.245.238.242 - - [01/Apr/2025:06:48:22 -0400] "POST /xmlrpc.php HTTP/1.1" 200 0 "http://shahmeenaindustry.com" "Mozilla/5.0 (Windows NT 10.0; Win64; x64) AppleWebKit/537.36 (KHTML, like Gecko) Chrome/126.0.0.0 Safari/537.36 Edg/126.0.0.0"
198.54.114.83 - - [01/Apr/2025:06:48:31 -0400] "POST /wp-cron.php?doing_wp_cron=1743504508.8137149810791015625000 HTTP/1.1" 200 0 "-" "WordPress/6.7.2; https://shahmeenaindustry.com"
208.109.27.194 - - [01/Apr/2025:07:01:20 -0400] "POST /xmlrpc.php HTTP/1.1" 200 0 "http://shahmeenaindustry.com" "Mozilla/5.0 (Macintosh; Intel Mac OS X 10_15_7) AppleWebKit/537.36 (KHTML, like Gecko) Chrome/112.0.5615.138 Safari/537.36"
198.54.114.83 - - [01/Apr/2025:07:01:28 -0400] "POST /wp-cron.php?doing_wp_cron=1743505285.3898890018463134765625 HTTP/1.1" 200 0 "-" "WordPress/6.7.2; https://shahmeenaindustry.com"
198.54.114.83 - - [01/Apr/2025:07:14:21 -0400] "POST /wp-cron.php?doing_wp_cron=1743506060.9158120155334472656250 HTTP/1.1" 200 0 "-" "WordPress/6.7.2; https://shahmeenaindustry.com"
199.188.200.191 - - [01/Apr/2025:07:14:16 -0400] "POST /xmlrpc.php HTTP/1.1" 200 212 "http://shahmeenaindustry.com" "Mozilla/5.0 (Macintosh; Intel Mac OS X 14.3) AppleWebKit/614.31.14 (KHTML, like Gecko) Version/17.0.96 Safari/614.31.14"
198.54.114.83 - - [01/Apr/2025:07:19:10 -0400] "POST /wp-cron.php?doing_wp_cron=1743506349.4782838821411132812500 HTTP/1.1" 200 0 "-" "WordPress/6.7.2; https://shahmeenaindustry.com"
216.244.66.200 - - [01/Apr/2025:07:19:05 -0400] "GET /modern-kitchen-cabinet-design/feed/ HTTP/1.1" 200 433 "-" "Mozilla/5.0 (compatible; DotBot/1.2; +https://opensiteexplorer.org/dotbot; help@moz.com)"
198.54.114.83 - - [01/Apr/2025:07:27:16 -0400] "POST /wp-cron.php?doing_wp_cron=1743506835.1673181056976318359375 HTTP/1.1" 200 0 "-" "WordPress/6.7.2; https://shahmeenaindustry.com"
162.241.126.57 - - [01/Apr/2025:07:27:14 -0400] "POST /xmlrpc.php HTTP/1.1" 200 212 "http://shahmeenaindustry.com" "Mozilla/5.0 (Macintosh; Intel Mac OS X 14.3) AppleWebKit/614.31.14 (KHTML, like Gecko) Version/17.0.96 Safari/614.31.14"
198.54.114.83 - - [01/Apr/2025:07:29:50 -0400] "POST /wp-cron.php?doing_wp_cron=1743506989.6886940002441406250000 HTTP/1.1" 200 0 "-" "WordPress/6.7.2; https://shahmeenaindustry.com"
102.157.122.249 - - [01/Apr/2025:07:29:44 -0400] "POST /wp-login.php HTTP/1.1" 302 0 "http://shahmeenaindustry.com/wp-admin/" "Mozilla/5.0 (Windows NT 10.0; Win64; x64) AppleWebKit/537.36 (KHTML, like Gecko) Chrome/90.0.4430.85 Safari/537.36"
198.54.114.83 - - [01/Apr/2025:07:40:27 -0400] "POST /wp-cron.php?doing_wp_cron=1743507626.4280281066894531250000 HTTP/1.1" 200 0 "-" "WordPress/6.7.2; https://shahmeenaindustry.com"
52.117.30.9 - - [01/Apr/2025:07:40:22 -0400] "POST /xmlrpc.php HTTP/1.1" 200 212 "http://shahmeenaindustry.com" "Mozilla/5.0 (Windows NT 10.0; Win64; x64) AppleWebKit/537.36 (KHTML, like Gecko) Chrome/112.0.5615.138 Safari/537.36"
198.54.114.83 - - [01/Apr/2025:07:53:37 -0400] "POST /wp-cron.php?doing_wp_cron=1743508417.2808899879455566406250 HTTP/1.1" 200 0 "-" "WordPress/6.7.2; https://shahmeenaindustry.com"
103.169.35.190 - - [01/Apr/2025:07:53:36 -0400] "POST /xmlrpc.php HTTP/1.1" 200 212 "http://shahmeenaindustry.com" "Mozilla/5.0 (Windows NT 10.0; Win64; x64) AppleWebKit/537.36 (KHTML, like Gecko) Chrome/113.0.5672.93 Safari/537.36"
