3.146.206.83 - - [03/Apr/2025:05:34:03 -0400] "HEAD /2025/?rest_route=/wp/v2/users HTTP/1.1" 200 0 "https://www.google.com/" "Mozilla/5.0 (Windows NT 6.1; WOW64; rv:57.0) Gecko/20100101 Firefox/57.0Mozilla/5.0 (Windows NT 10.0; Win64; x64) AppleWebKit/537.36 (KHTML, like Gecko) Chrome/114.0.0.0 Safari/537.36"
198.54.114.83 - - [03/Apr/2025:05:40:36 -0400] "POST /wp-cron.php?doing_wp_cron=1743673236.5164089202880859375000 HTTP/1.1" 200 0 "-" "WordPress/6.7.2; https://shahmeenaindustry.com"
216.244.66.200 - - [03/Apr/2025:05:40:36 -0400] "GET /umgang-mit-angst-panik-attacken/ HTTP/1.1" 200 23398 "-" "Mozilla/5.0 (compatible; DotBot/1.2; +https://opensiteexplorer.org/dotbot; help@moz.com)"
85.208.98.23 - - [03/Apr/2025:06:03:56 -0400] "GET /robots.txt HTTP/1.1" 200 131 "-" "Mozilla/5.0 (compatible; SemrushBot-BA; +http://www.semrush.com/bot.html)"
157.230.185.203 - - [03/Apr/2025:06:07:53 -0400] "GET /wp-admin/css/ HTTP/1.1" 403 1242 "binance.com" "Mozilla/5.0 (Windows NT 10.0; Win64; x64) AppleWebKit/537.36 (KHTML, like Gecko) Chrome/90.0.4430.85 Safari/537.36"
216.244.66.200 - - [03/Apr/2025:07:08:13 -0400] "GET /robots.txt HTTP/1.1" 200 131 "-" "Mozilla/5.0 (compatible; DotBot/1.2; +https://opensiteexplorer.org/dotbot; help@moz.com)"
103.180.139.231 - - [03/Apr/2025:07:15:09 -0400] "GET /how-to-get-the-most-out-of-a-jade-roller/ HTTP/1.1" 200 21758 "-" "Mozilla/5.0 (X11; Linux i686; rv:114.0) Gecko/20100101 Firefox/114.0"
216.244.66.200 - - [03/Apr/2025:07:15:20 -0400] "GET /what-is-a-crypto-mixer/ HTTP/1.1" 200 21238 "-" "Mozilla/5.0 (compatible; DotBot/1.2; +https://opensiteexplorer.org/dotbot; help@moz.com)"
103.180.139.231 - - [03/Apr/2025:07:15:22 -0400] "GET /how-to-get-the-most-out-of-a-jade-roller/ HTTP/1.1" 200 21758 "http://shahmeenaindustry.com/how-to-get-the-most-out-of-a-jade-roller/" "Mozilla/5.0 (Windows NT 6.3; Win64; x64) AppleWebKit/537.36 (KHTML, like Gecko) Chrome/103.0.0.0 Safari/537.36"
103.180.139.231 - - [03/Apr/2025:07:15:23 -0400] "POST /wp-comments-post.php HTTP/1.1" 302 0 "http://shahmeenaindustry.com/how-to-get-the-most-out-of-a-jade-roller/" "Mozilla/5.0 (Windows NT 6.3; Win64; x64) AppleWebKit/537.36 (KHTML, like Gecko) Chrome/103.0.0.0 Safari/537.36"
103.15.222.42 - - [03/Apr/2025:07:15:31 -0400] "GET /how-to-get-the-most-out-of-a-jade-roller/ HTTP/1.1" 200 21758 "-" "Mozilla/5.0 (Windows NT 6.3; Win64; x64) AppleWebKit/537.36 (KHTML, like Gecko) Chrome/103.0.0.0 Safari/537.36"
198.54.114.83 - - [03/Apr/2025:07:17:00 -0400] "POST /wp-cron.php?doing_wp_cron=1743679020.6177480220794677734375 HTTP/1.1" 200 0 "-" "WordPress/6.7.2; https://shahmeenaindustry.com"
170.9.235.232 - - [03/Apr/2025:07:16:58 -0400] "GET /media/system/js/core.js HTTP/1.1" 404 16532 "-" "Mozilla/5.0 (Macintosh; Intel Mac OS X 10_10_1) AppleWebKit/537.36 (KHTML, like Gecko) Chrome/39.0.2171.95 Safari/537.36"
170.9.235.232 - - [03/Apr/2025:07:17:01 -0400] "GET /wp-includes/js/jquery/jquery.js HTTP/1.1" 200 102492 "-" "Mozilla/5.0 (Macintosh; Intel Mac OS X 10_10_1) AppleWebKit/537.36 (KHTML, like Gecko) Chrome/39.0.2171.95 Safari/537.36"
198.54.114.83 - - [03/Apr/2025:07:17:52 -0400] "POST /wp-cron.php?doing_wp_cron=1743679071.7354540824890136718750 HTTP/1.1" 200 0 "-" "WordPress/6.7.2; https://shahmeenaindustry.com"
216.244.66.200 - - [03/Apr/2025:07:17:51 -0400] "GET /football-kit-shops-for-everyone/ HTTP/1.1" 200 21794 "-" "Mozilla/5.0 (compatible; DotBot/1.2; +https://opensiteexplorer.org/dotbot; help@moz.com)"
103.15.222.42 - - [03/Apr/2025:07:21:57 -0400] "GET /how-to-get-the-most-out-of-a-jade-roller/ HTTP/1.1" 200 21758 "-" "Mozilla/5.0 (Macintosh; Intel Mac OS X 12_5) AppleWebKit/537.36 (KHTML, like Gecko) Chrome/114.0.0.0 YaBrowser/22.7.0 Yowser/2.5 Safari/537.36"
198.54.114.83 - - [03/Apr/2025:07:29:37 -0400] "POST /wp-cron.php?doing_wp_cron=1743679776.7365310192108154296875 HTTP/1.1" 200 0 "-" "WordPress/6.7.2; https://shahmeenaindustry.com"
18.175.231.172 - - [03/Apr/2025:07:29:33 -0400] "GET /wp-includes/ID3/index.php HTTP/1.1" 301 0 "-" "Mozilla/5.0 (Linux; Android 7.0; SM-G892A Build/NRD90M; wv) AppleWebKit/537.36 (KHTML, like Gecko) Version/4.0 Chrome/60.0.3112.107 Mobile Safari/537.36"
18.175.231.172 - - [03/Apr/2025:07:29:37 -0400] "GET /wp-includes/ID3/ HTTP/1.1" 403 1242 "-" "Mozilla/5.0 (Linux; Android 7.0; SM-G892A Build/NRD90M; wv) AppleWebKit/537.36 (KHTML, like Gecko) Version/4.0 Chrome/60.0.3112.107 Mobile Safari/537.36"
18.175.231.172 - - [03/Apr/2025:07:29:38 -0400] "GET /wp-content/plugins/index.php HTTP/1.1" 200 0 "-" "Mozilla/5.0 (Linux; Android 7.0; SM-G892A Build/NRD90M; wv) AppleWebKit/537.36 (KHTML, like Gecko) Version/4.0 Chrome/60.0.3112.107 Mobile Safari/537.36"
18.175.231.172 - - [03/Apr/2025:07:29:38 -0400] "GET /wp-admin/network/index.php HTTP/1.1" 302 0 "-" "Mozilla/5.0 (Linux; Android 7.0; SM-G892A Build/NRD90M; wv) AppleWebKit/537.36 (KHTML, like Gecko) Version/4.0 Chrome/60.0.3112.107 Mobile Safari/537.36"
18.175.231.172 - - [03/Apr/2025:07:29:41 -0400] "GET /wp-includes/IXR/index.php HTTP/1.1" 301 0 "-" "Mozilla/5.0 (Linux; Android 7.0; SM-G892A Build/NRD90M; wv) AppleWebKit/537.36 (KHTML, like Gecko) Version/4.0 Chrome/60.0.3112.107 Mobile Safari/537.36"
18.175.231.172 - - [03/Apr/2025:07:29:42 -0400] "GET /wp-includes/IXR/ HTTP/1.1" 403 1242 "-" "Mozilla/5.0 (Linux; Android 7.0; SM-G892A Build/NRD90M; wv) AppleWebKit/537.36 (KHTML, like Gecko) Version/4.0 Chrome/60.0.3112.107 Mobile Safari/537.36"
18.175.231.172 - - [03/Apr/2025:07:29:43 -0400] "GET /wp-admin/images/index.php HTTP/1.1" 301 0 "-" "Mozilla/5.0 (Linux; Android 7.0; SM-G892A Build/NRD90M; wv) AppleWebKit/537.36 (KHTML, like Gecko) Version/4.0 Chrome/60.0.3112.107 Mobile Safari/537.36"
18.175.231.172 - - [03/Apr/2025:07:29:44 -0400] "GET /wp-admin/images/ HTTP/1.1" 403 1242 "-" "Mozilla/5.0 (Linux; Android 7.0; SM-G892A Build/NRD90M; wv) AppleWebKit/537.36 (KHTML, like Gecko) Version/4.0 Chrome/60.0.3112.107 Mobile Safari/537.36"
18.175.231.172 - - [03/Apr/2025:07:29:45 -0400] "GET /wp-login.php HTTP/1.1" 302 0 "-" "Mozilla/5.0 (Linux; Android 7.0; SM-G892A Build/NRD90M; wv) AppleWebKit/537.36 (KHTML, like Gecko) Version/4.0 Chrome/60.0.3112.107 Mobile Safari/537.36"
18.175.231.172 - - [03/Apr/2025:07:29:48 -0400] "GET /wp-content/plugins/admin.php HTTP/1.1" 404 16532 "-" "Mozilla/5.0 (Linux; Android 7.0; SM-G892A Build/NRD90M; wv) AppleWebKit/537.36 (KHTML, like Gecko) Version/4.0 Chrome/60.0.3112.107 Mobile Safari/537.36"
18.175.231.172 - - [03/Apr/2025:07:29:51 -0400] "GET /wp-admin.php HTTP/1.1" 404 16532 "-" "Mozilla/5.0 (Linux; Android 7.0; SM-G892A Build/NRD90M; wv) AppleWebKit/537.36 (KHTML, like Gecko) Version/4.0 Chrome/60.0.3112.107 Mobile Safari/537.36"
18.175.231.172 - - [03/Apr/2025:07:29:54 -0400] "GET /wp-content/plugins/Core-Econ/upH.php HTTP/1.1" 404 16532 "-" "Mozilla/5.0 (Linux; Android 7.0; SM-G892A Build/NRD90M; wv) AppleWebKit/537.36 (KHTML, like Gecko) Version/4.0 Chrome/60.0.3112.107 Mobile Safari/537.36"
18.175.231.172 - - [03/Apr/2025:07:29:57 -0400] "GET /wp-content/plugins/fix/up.php HTTP/1.1" 404 16532 "-" "Mozilla/5.0 (Linux; Android 7.0; SM-G892A Build/NRD90M; wv) AppleWebKit/537.36 (KHTML, like Gecko) Version/4.0 Chrome/60.0.3112.107 Mobile Safari/537.36"
18.175.231.172 - - [03/Apr/2025:07:29:59 -0400] "GET /wp-content/plugins/pwnd/pwnd.php HTTP/1.1" 404 16532 "-" "Mozilla/5.0 (Linux; Android 7.0; SM-G892A Build/NRD90M; wv) AppleWebKit/537.36 (KHTML, like Gecko) Version/4.0 Chrome/60.0.3112.107 Mobile Safari/537.36"
18.175.231.172 - - [03/Apr/2025:07:30:03 -0400] "GET /wp-content/plugins/shell/noimg.php HTTP/1.1" 404 16532 "-" "Mozilla/5.0 (Linux; Android 7.0; SM-G892A Build/NRD90M; wv) AppleWebKit/537.36 (KHTML, like Gecko) Version/4.0 Chrome/60.0.3112.107 Mobile Safari/537.36"
18.175.231.172 - - [03/Apr/2025:07:30:06 -0400] "GET /WSOEnigma.php HTTP/1.1" 404 16532 "-" "Mozilla/5.0 (Linux; Android 7.0; SM-G892A Build/NRD90M; wv) AppleWebKit/537.36 (KHTML, like Gecko) Version/4.0 Chrome/60.0.3112.107 Mobile Safari/537.36"
18.175.231.172 - - [03/Apr/2025:07:30:12 -0400] "GET /wp-content/plugins/pwnd-1/pwnd.php HTTP/1.1" 404 16532 "-" "Mozilla/5.0 (Linux; Android 7.0; SM-G892A Build/NRD90M; wv) AppleWebKit/537.36 (KHTML, like Gecko) Version/4.0 Chrome/60.0.3112.107 Mobile Safari/537.36"
18.175.231.172 - - [03/Apr/2025:07:30:13 -0400] "GET /wp-content/plugins/dummyyummy/wp-signup.php HTTP/1.1" 404 16532 "-" "Mozilla/5.0 (Linux; Android 7.0; SM-G892A Build/NRD90M; wv) AppleWebKit/537.36 (KHTML, like Gecko) Version/4.0 Chrome/60.0.3112.107 Mobile Safari/537.36"
18.175.231.172 - - [03/Apr/2025:07:30:15 -0400] "GET /wp-content/plugins/clara/clara.php HTTP/1.1" 404 16532 "-" "Mozilla/5.0 (Linux; Android 7.0; SM-G892A Build/NRD90M; wv) AppleWebKit/537.36 (KHTML, like Gecko) Version/4.0 Chrome/60.0.3112.107 Mobile Safari/537.36"
216.244.66.200 - - [03/Apr/2025:07:41:11 -0400] "GET /what-are-peptide-capsules/feed/ HTTP/1.1" 200 427 "-" "Mozilla/5.0 (compatible; DotBot/1.2; +https://opensiteexplorer.org/dotbot; help@moz.com)"
216.244.66.200 - - [03/Apr/2025:07:53:01 -0400] "GET /robots.txt HTTP/1.1" 200 131 "-" "Mozilla/5.0 (compatible; DotBot/1.2; +https://opensiteexplorer.org/dotbot; help@moz.com)"
198.54.114.83 - - [03/Apr/2025:08:06:45 -0400] "POST /wp-cron.php?doing_wp_cron=1743682005.5940299034118652343750 HTTP/1.1" 200 0 "-" "WordPress/6.7.2; https://shahmeenaindustry.com"
216.244.66.200 - - [03/Apr/2025:08:06:43 -0400] "GET /what-is-mediation/ HTTP/1.1" 200 20890 "-" "Mozilla/5.0 (compatible; DotBot/1.2; +https://opensiteexplorer.org/dotbot; help@moz.com)"
198.54.114.83 - - [03/Apr/2025:08:09:03 -0400] "POST /wp-cron.php?doing_wp_cron=1743682143.8541738986968994140625 HTTP/1.1" 200 0 "-" "WordPress/6.7.2; https://shahmeenaindustry.com"
216.244.66.200 - - [03/Apr/2025:08:09:03 -0400] "GET /the-best-coffeeshops-in-amsterdam/ HTTP/1.1" 200 21251 "-" "Mozilla/5.0 (compatible; DotBot/1.2; +https://opensiteexplorer.org/dotbot; help@moz.com)"
198.54.114.83 - - [03/Apr/2025:08:28:07 -0400] "POST /wp-cron.php?doing_wp_cron=1743683287.6798720359802246093750 HTTP/1.1" 200 0 "-" "WordPress/6.7.2; https://shahmeenaindustry.com"
197.11.70.170 - - [03/Apr/2025:08:28:05 -0400] "GET /wp-login.php HTTP/1.1" 302 0 "-" "Mozilla/5.0 (Windows NT 10.0; Win64; x64) AppleWebKit/537.36 (KHTML, like Gecko) Chrome/91.0.4472.124 Safari/537.36"
103.15.222.42 - - [03/Apr/2025:08:47:26 -0400] "GET /how-to-get-the-most-out-of-a-jade-roller/ HTTP/1.1" 200 21758 "-" "Mozilla/5.0 (Macintosh; Intel Mac OS X 12_5) AppleWebKit/537.36 (KHTML, like Gecko) Chrome/114.0.0.0 YaBrowser/22.7.0 Yowser/2.5 Safari/537.36"
85.208.98.23 - - [03/Apr/2025:09:15:51 -0400] "GET /robots.txt HTTP/1.1" 304 0 "-" "Mozilla/5.0 (compatible; SemrushBot-BA; +http://www.semrush.com/bot.html)"
43.153.10.13 - - [03/Apr/2025:09:16:29 -0400] "GET / HTTP/1.1" 200 24558 "-" "Mozilla/5.0 (iPhone; CPU iPhone OS 13_2_3 like Mac OS X) AppleWebKit/605.1.15 (KHTML, like Gecko) Version/13.0.3 Mobile/15E148 Safari/604.1"
198.54.114.83 - - [03/Apr/2025:09:17:11 -0400] "POST /wp-cron.php?doing_wp_cron=1743686231.6201529502868652343750 HTTP/1.1" 200 0 "-" "WordPress/6.7.2; https://shahmeenaindustry.com"
197.11.70.170 - - [03/Apr/2025:09:17:11 -0400] "GET /wp-login.php HTTP/1.1" 302 0 "-" "Mozilla/5.0 (Windows NT 10.0; Win64; x64) AppleWebKit/537.36 (KHTML, like Gecko) Chrome/91.0.4472.124 Safari/537.36"
216.244.66.200 - - [03/Apr/2025:09:22:26 -0400] "GET /robots.txt HTTP/1.1" 200 131 "-" "Mozilla/5.0 (compatible; DotBot/1.2; +https://opensiteexplorer.org/dotbot; help@moz.com)"
18.221.239.67 - - [03/Apr/2025:09:26:56 -0400] "GET / HTTP/1.1" 200 24558 "-" "Mozilla/5.0 (Windows NT 10.0; Win64; x64) AppleWebKit/537.36 (KHTML, like Gecko) Chrome/90.0.4430.85 Safari/537.36"
198.54.114.83 - - [03/Apr/2025:09:27:01 -0400] "POST /wp-cron.php?doing_wp_cron=1743686821.0243189334869384765625 HTTP/1.1" 200 0 "-" "WordPress/6.7.2; https://shahmeenaindustry.com"
18.221.239.67 - - [03/Apr/2025:09:26:57 -0400] "GET /?author=1 HTTP/1.1" 301 0 "-" "Mozilla/5.0 (Windows NT 10.0; Win64; x64) AppleWebKit/537.36 (KHTML, like Gecko) Chrome/90.0.4430.85 Safari/537.36"
18.221.239.67 - - [03/Apr/2025:09:27:03 -0400] "GET /?author=2 HTTP/1.1" 301 0 "-" "Mozilla/5.0 (Windows NT 10.0; Win64; x64) AppleWebKit/537.36 (KHTML, like Gecko) Chrome/90.0.4430.85 Safari/537.36"
18.221.239.67 - - [03/Apr/2025:09:27:06 -0400] "GET /wp-json/wp/v2/users/ HTTP/1.1" 200 1381 "-" "Mozilla/5.0 (Windows NT 10.0; Win64; x64) AppleWebKit/537.36 (KHTML, like Gecko) Chrome/90.0.4430.85 Safari/537.36"
198.54.114.83 - - [03/Apr/2025:09:56:25 -0400] "POST /wp-cron.php?doing_wp_cron=1743688585.1207950115203857421875 HTTP/1.1" 200 0 "-" "WordPress/6.7.2; https://shahmeenaindustry.com"
216.244.66.200 - - [03/Apr/2025:09:56:22 -0400] "GET /zu-besuch-in-einem-ferienpark-an-der-ostsee/feed/ HTTP/1.1" 200 450 "-" "Mozilla/5.0 (compatible; DotBot/1.2; +https://opensiteexplorer.org/dotbot; help@moz.com)"
216.244.66.200 - - [03/Apr/2025:10:09:47 -0400] "GET /robots.txt HTTP/1.1" 304 0 "-" "Mozilla/5.0 (compatible; DotBot/1.2; +https://opensiteexplorer.org/dotbot; help@moz.com)"
198.54.114.83 - - [03/Apr/2025:10:14:10 -0400] "POST /wp-cron.php?doing_wp_cron=1743689650.1206738948822021484375 HTTP/1.1" 200 0 "-" "WordPress/6.7.2; https://shahmeenaindustry.com"
216.244.66.200 - - [03/Apr/2025:10:14:08 -0400] "GET /be-a-big-winner-with-online-poker/ HTTP/1.1" 200 21954 "-" "Mozilla/5.0 (compatible; DotBot/1.2; +https://opensiteexplorer.org/dotbot; help@moz.com)"
216.244.66.200 - - [03/Apr/2025:10:14:18 -0400] "GET /footwear-tend-to-be-available-online/ HTTP/1.1" 200 21641 "-" "Mozilla/5.0 (compatible; DotBot/1.2; +https://opensiteexplorer.org/dotbot; help@moz.com)"
198.54.114.83 - - [03/Apr/2025:10:14:38 -0400] "POST /wp-cron.php?doing_wp_cron=1743689678.1729650497436523437500 HTTP/1.1" 200 0 "-" "WordPress/6.7.2; https://shahmeenaindustry.com"
216.244.66.200 - - [03/Apr/2025:10:14:38 -0400] "GET /hair-highlights-101/ HTTP/1.1" 200 21154 "-" "Mozilla/5.0 (compatible; DotBot/1.2; +https://opensiteexplorer.org/dotbot; help@moz.com)"
198.54.114.83 - - [03/Apr/2025:10:19:40 -0400] "POST /wp-cron.php?doing_wp_cron=1743689980.7968440055847167968750 HTTP/1.1" 200 0 "-" "WordPress/6.7.2; https://shahmeenaindustry.com"
193.32.126.224 - - [03/Apr/2025:10:19:38 -0400] "POST /wp-login.php HTTP/1.1" 302 0 "http://shahmeenaindustry.com/wp-admin/" "Mozilla/5.0 (Windows NT 10.0; Win64; x64) AppleWebKit/537.36 (KHTML, like Gecko) Chrome/90.0.4430.85 Safari/537.36"
198.54.114.83 - - [03/Apr/2025:10:47:35 -0400] "POST /wp-cron.php?doing_wp_cron=1743691655.7292668819427490234375 HTTP/1.1" 200 0 "-" "WordPress/6.7.2; https://shahmeenaindustry.com"
161.35.47.151 - - [03/Apr/2025:10:47:34 -0400] "GET /chosen.php?p= HTTP/1.1" 301 0 "-" "Mozilla/5.0 (Linux; Android 7.0; SM-G892A Build/NRD90M; wv) AppleWebKit/537.36 (KHTML, like Gecko) Version/4.0 Chrome/60.0.3112.107 Mobile Safari/537.36"
161.35.47.151 - - [03/Apr/2025:10:47:36 -0400] "GET /chosen.php HTTP/1.1" 404 16532 "-" "Mozilla/5.0 (Linux; Android 7.0; SM-G892A Build/NRD90M; wv) AppleWebKit/537.36 (KHTML, like Gecko) Version/4.0 Chrome/60.0.3112.107 Mobile Safari/537.36"
223.15.245.170 - - [03/Apr/2025:10:59:02 -0400] "GET / HTTP/1.1" 200 24558 "-" "Mozilla/5.0 (iPhone; CPU iPhone OS 13_2_3 like Mac OS X) AppleWebKit/605.1.15 (KHTML, like Gecko) Version/13.0.3 Mobile/15E148 Safari/604.1"
203.161.32.161 - - [03/Apr/2025:11:10:56 -0400] "GET / HTTP/1.1" 200 24558 "-" "Mozilla/5.0 (Windows NT 10.0; Win64; x64; rv:62.0) Gecko/20100101 Firefox/62.0"
85.208.98.18 - - [03/Apr/2025:11:26:29 -0400] "GET /robots.txt HTTP/1.1" 304 0 "-" "Mozilla/5.0 (compatible; SemrushBot; +http://www.semrush.com/bot.html)"
198.54.114.83 - - [03/Apr/2025:11:47:58 -0400] "POST /wp-cron.php?doing_wp_cron=1743695278.4131290912628173828125 HTTP/1.1" 200 0 "-" "WordPress/6.7.2; https://shahmeenaindustry.com"
193.32.126.220 - - [03/Apr/2025:11:47:56 -0400] "POST /wp-login.php HTTP/1.1" 302 0 "http://shahmeenaindustry.com/wp-admin/" "Mozilla/5.0 (Windows NT 10.0; Win64; x64) AppleWebKit/537.36 (KHTML, like Gecko) Chrome/90.0.4430.85 Safari/537.36"
110.172.98.2 - - [03/Apr/2025:12:32:11 -0400] "GET / HTTP/1.1" 200 24558 "-" "Mozilla/5.0 (Windows NT 10.0; Win64; x64) AppleWebKit/537.36 (KHTML, like Gecko) Chrome/79.0.3945.130 Safari/537.36"
198.54.114.83 - - [03/Apr/2025:12:55:42 -0400] "POST /wp-cron.php?doing_wp_cron=1743699342.1948258876800537109375 HTTP/1.1" 200 0 "-" "WordPress/6.7.2; https://shahmeenaindustry.com"
193.32.126.224 - - [03/Apr/2025:12:55:39 -0400] "POST /wp-login.php HTTP/1.1" 302 0 "http://shahmeenaindustry.com/wp-admin/" "Mozilla/5.0 (Windows NT 10.0; Win64; x64) AppleWebKit/537.36 (KHTML, like Gecko) Chrome/90.0.4430.85 Safari/537.36"
85.208.98.23 - - [03/Apr/2025:13:06:15 -0400] "GET /robots.txt HTTP/1.1" 200 131 "-" "Mozilla/5.0 (compatible; SemrushBot-BA; +http://www.semrush.com/bot.html)"
198.54.114.83 - - [03/Apr/2025:13:09:00 -0400] "POST /wp-cron.php?doing_wp_cron=1743700140.6685318946838378906250 HTTP/1.1" 200 0 "-" "WordPress/6.7.2; https://shahmeenaindustry.com"
157.245.155.211 - - [03/Apr/2025:13:08:59 -0400] "GET /uploaded_script.php HTTP/1.1" 404 16532 "www.google.com" "Mozilla/5.0 (Linux; Android 7.0; SM-G892A Build/NRD90M; wv) AppleWebKit/537.36 (KHTML, like Gecko) Version/4.0 Chrome/60.0.3112.107 Mobile Safari/537.36"
212.102.39.196 - - [03/Apr/2025:13:14:28 -0400] "GET /omnivoid-is-changing-the-game-in-augmented-and-mixed-realityomnivoid-is-changing-the-game-in-augmented-and-mixed-reality/ HTTP/1.1" 200 21973 "http://shahmeenaindustry.com/omnivoid-is-changing-the-game-in-augmented-and-mixed-realityomnivoid-is-changing-the-game-in-augmented-and-mixed-reality/" "Mozilla/5.0 (Windows NT 10.0; Win64; x64) AppleWebKit/537.36 (KHTML, like Gecko) Chrome/130.0.0.0 Safari/537.36 CCleaner/130.0.0.0"
212.102.39.196 - - [03/Apr/2025:13:14:29 -0400] "POST /wp-comments-post.php HTTP/1.1" 302 0 "http://shahmeenaindustry.com/omnivoid-is-changing-the-game-in-augmented-and-mixed-realityomnivoid-is-changing-the-game-in-augmented-and-mixed-reality/" "Mozilla/5.0 (Windows NT 10.0; Win64; x64) AppleWebKit/537.36 (KHTML, like Gecko) Chrome/130.0.0.0 Safari/537.36 CCleaner/130.0.0.0"
85.208.98.23 - - [03/Apr/2025:13:26:44 -0400] "GET /robots.txt HTTP/1.1" 304 0 "-" "Mozilla/5.0 (compatible; SemrushBot-BA; +http://www.semrush.com/bot.html)"
167.99.54.225 - - [03/Apr/2025:14:06:05 -0400] "GET /geju.php HTTP/1.1" 404 16532 "-" "Mozlila/5.0 (Linux; Android 7.0; SM-G892A Build/NRD90M; wv) AppleWebKit/537.36 (KHTML, like Gecko) Version/4.0 Chrome/60.0.3112.107 Mobile Safari/537.36"
167.99.54.225 - - [03/Apr/2025:14:06:07 -0400] "GET /wp-content/plugins/about.php HTTP/1.1" 404 16532 "-" "Mozlila/5.0 (Linux; Android 7.0; SM-G892A Build/NRD90M; wv) AppleWebKit/537.36 (KHTML, like Gecko) Version/4.0 Chrome/60.0.3112.107 Mobile Safari/537.36"
167.99.54.225 - - [03/Apr/2025:14:06:09 -0400] "GET /wp.php HTTP/1.1" 404 16532 "-" "Mozlila/5.0 (Linux; Android 7.0; SM-G892A Build/NRD90M; wv) AppleWebKit/537.36 (KHTML, like Gecko) Version/4.0 Chrome/60.0.3112.107 Mobile Safari/537.36"
35.185.110.164 - - [03/Apr/2025:14:28:08 -0400] "GET /robots.txt HTTP/1.1" 200 131 "-" "Mozilla/5.0/(X11; Linux x86_64) AppleWebKit/537.36 (KHTML, like Gecko) Chrome/125.0.0.0 Safari/537.36"
35.185.110.164 - - [03/Apr/2025:14:28:09 -0400] "GET / HTTP/1.1" 200 24558 "-" "Mozilla/5.0/(X11; Linux x86_64) AppleWebKit/537.36 (KHTML, like Gecko) Chrome/125.0.0.0 Safari/537.36"
216.244.66.200 - - [03/Apr/2025:14:35:58 -0400] "GET /robots.txt HTTP/1.1" 200 131 "-" "Mozilla/5.0 (compatible; DotBot/1.2; +https://opensiteexplorer.org/dotbot; help@moz.com)"
216.244.66.200 - - [03/Apr/2025:14:41:53 -0400] "GET /redefining-entertainment-and-accessibility/feed/ HTTP/1.1" 200 442 "-" "Mozilla/5.0 (compatible; DotBot/1.2; +https://opensiteexplorer.org/dotbot; help@moz.com)"
35.185.58.62 - - [03/Apr/2025:14:47:07 -0400] "GET /text/javas HTTP/1.1" 404 16532 "-" "Mozilla/5.0/(X11; Linux x86_64) AppleWebKit/537.36 (KHTML, like Gecko) Chrome/125.0.0.0 Safari/537.36"
35.185.58.62 - - [03/Apr/2025:14:47:07 -0400] "GET /min.t HTTP/1.1" 404 16532 "-" "Mozilla/5.0/(X11; Linux x86_64) AppleWebKit/537.36 (KHTML, like Gecko) Chrome/125.0.0.0 Safari/537.36"
185.7.214.130 - - [03/Apr/2025:15:02:35 -0400] "GET / HTTP/1.1" 200 24558 "http://shahmeenaindustry.com/" "Mozilla/5.0 (Windows NT 10.0; Win64; x64) AppleWebKit/537.36 (KHTML, like Gecko) Chrome/130.0.0.0 Safari/537.36"
85.208.98.23 - - [03/Apr/2025:15:21:09 -0400] "GET /robots.txt HTTP/1.1" 304 0 "-" "Mozilla/5.0 (compatible; SemrushBot-BA; +http://www.semrush.com/bot.html)"
216.244.66.200 - - [03/Apr/2025:15:25:07 -0400] "GET /exploring-the-world-of-plushies/ HTTP/1.1" 200 21458 "-" "Mozilla/5.0 (compatible; DotBot/1.2; +https://opensiteexplorer.org/dotbot; help@moz.com)"
49.51.73.183 - - [03/Apr/2025:15:25:24 -0400] "GET / HTTP/1.1" 200 24558 "-" "Mozilla/5.0 (iPhone; CPU iPhone OS 13_2_3 like Mac OS X) AppleWebKit/605.1.15 (KHTML, like Gecko) Version/13.0.3 Mobile/15E148 Safari/604.1"
198.54.114.83 - - [03/Apr/2025:15:33:20 -0400] "POST /wp-cron.php?doing_wp_cron=1743708800.4625699520111083984375 HTTP/1.1" 200 0 "-" "WordPress/6.7.2; https://shahmeenaindustry.com"
216.244.66.200 - - [03/Apr/2025:15:33:16 -0400] "GET /how-to-find-an-emergency-dentist/feed/ HTTP/1.1" 200 439 "-" "Mozilla/5.0 (compatible; DotBot/1.2; +https://opensiteexplorer.org/dotbot; help@moz.com)"
198.54.114.83 - - [03/Apr/2025:16:14:51 -0400] "POST /wp-cron.php?doing_wp_cron=1743711291.3305749893188476562500 HTTP/1.1" 200 0 "-" "WordPress/6.7.2; https://shahmeenaindustry.com"
46.250.252.58 - - [03/Apr/2025:16:14:51 -0400] "GET /zwso.php HTTP/1.1" 404 16531 "www.google.com" "Mozlila/5.0 (Linux; Android 7.0; SM-G892A Bulid/NRD90M; wv) AppleWebKit/537.36 (KHTML, like Gecko) Version/4.0 Chrome/60.0.3112.107 Moblie Safari/537.36"
46.250.252.58 - - [03/Apr/2025:16:18:41 -0400] "POST /wp-login.php HTTP/1.1" 200 0 "-" "Mozilla/5.0 (X11; Linux x86_64) AppleWebKit/537.36 (KHTML, like Gecko) Chrome/90.0.4430.212 Safari/537.36"
93.183.89.12 - - [03/Apr/2025:16:48:38 -0400] "GET /how-to-get-the-most-out-of-a-jade-roller/ HTTP/1.1" 200 21758 "http://shahmeenaindustry.com/how-to-get-the-most-out-of-a-jade-roller/" "Mozilla/5.0 (Windows NT 10.0; Win64; x64) AppleWebKit/537.36 (KHTML, like Gecko) Chrome/130.0.0.0 Safari/537.36 CCleaner/130.0.0.0"
198.54.114.83 - - [03/Apr/2025:16:48:39 -0400] "POST /wp-cron.php?doing_wp_cron=1743713319.0167748928070068359375 HTTP/1.1" 200 0 "-" "WordPress/6.7.2; https://shahmeenaindustry.com"
93.183.89.12 - - [03/Apr/2025:16:48:38 -0400] "POST /wp-comments-post.php HTTP/1.1" 409 1194 "http://shahmeenaindustry.com/how-to-get-the-most-out-of-a-jade-roller/" "Mozilla/5.0 (Windows NT 10.0; Win64; x64) AppleWebKit/537.36 (KHTML, like Gecko) Chrome/130.0.0.0 Safari/537.36 CCleaner/130.0.0.0"
93.183.89.12 - - [03/Apr/2025:16:48:40 -0400] "GET /how-to-get-the-most-out-of-a-jade-roller/ HTTP/1.1" 200 21758 "http://shahmeenaindustry.com/how-to-get-the-most-out-of-a-jade-roller/" "Mozilla/5.0 (Windows NT 10.0; Win64; x64) AppleWebKit/537.36 (KHTML, like Gecko) Chrome/130.0.0.0 Safari/537.36 CCleaner/130.0.0.0"
185.121.234.50 - - [03/Apr/2025:16:49:45 -0400] "GET /how-to-get-the-most-out-of-a-jade-roller/ HTTP/1.1" 200 21758 "http://shahmeenaindustry.com/how-to-get-the-most-out-of-a-jade-roller/" "Mozilla/5.0 (Windows NT 10.0; Win64; x64) AppleWebKit/537.36 (KHTML, like Gecko) Chrome/130.0.0.0 Safari/537.36"
198.54.114.83 - - [03/Apr/2025:16:49:47 -0400] "POST /wp-cron.php?doing_wp_cron=1743713387.3471620082855224609375 HTTP/1.1" 200 0 "-" "WordPress/6.7.2; https://shahmeenaindustry.com"
185.121.234.50 - - [03/Apr/2025:16:49:47 -0400] "POST /wp-comments-post.php HTTP/1.1" 409 1194 "http://shahmeenaindustry.com/how-to-get-the-most-out-of-a-jade-roller/" "Mozilla/5.0 (Windows NT 10.0; Win64; x64) AppleWebKit/537.36 (KHTML, like Gecko) Chrome/130.0.0.0 Safari/537.36"
185.121.234.50 - - [03/Apr/2025:16:49:48 -0400] "GET /how-to-get-the-most-out-of-a-jade-roller/ HTTP/1.1" 200 21758 "http://shahmeenaindustry.com/how-to-get-the-most-out-of-a-jade-roller/" "Mozilla/5.0 (Windows NT 10.0; Win64; x64) AppleWebKit/537.36 (KHTML, like Gecko) Chrome/130.0.0.0 Safari/537.36"
195.200.29.225 - - [03/Apr/2025:16:53:03 -0400] "GET /how-to-get-the-most-out-of-a-jade-roller/ HTTP/1.1" 200 21758 "http://shahmeenaindustry.com/how-to-get-the-most-out-of-a-jade-roller/" "Mozilla/5.0 (Windows NT 10.0; Win64; x64) AppleWebKit/537.36 (KHTML, like Gecko) Chrome/129.0.0.0 Safari/537.36"
195.200.29.225 - - [03/Apr/2025:16:53:04 -0400] "POST /wp-comments-post.php HTTP/1.1" 302 0 "http://shahmeenaindustry.com/how-to-get-the-most-out-of-a-jade-roller/" "Mozilla/5.0 (Windows NT 10.0; Win64; x64) AppleWebKit/537.36 (KHTML, like Gecko) Chrome/129.0.0.0 Safari/537.36"
116.203.135.62 - - [03/Apr/2025:17:18:13 -0400] "GET / HTTP/1.1" 200 24558 "-" "Mozilla/5.0 (Windows NT 10.0; Win64; x64; rv:91.0) Gecko/20100101 Firefox/91.0"
85.208.98.23 - - [03/Apr/2025:18:02:07 -0400] "GET /robots.txt HTTP/1.1" 304 0 "-" "Mozilla/5.0 (compatible; SemrushBot-BA; +http://www.semrush.com/bot.html)"
85.208.98.23 - - [03/Apr/2025:18:20:38 -0400] "GET /robots.txt HTTP/1.1" 304 0 "-" "Mozilla/5.0 (compatible; SemrushBot-BA; +http://www.semrush.com/bot.html)"
18.142.254.69 - - [03/Apr/2025:18:44:21 -0400] "GET /uploaded_script.php HTTP/1.1" 404 16532 "www.google.com" "Mozilla/5.0 (Linux; Android 7.0; SM-G892A Build/NRD90M; wv) AppleWebKit/537.36 (KHTML, like Gecko) Version/4.0 Chrome/60.0.3112.107 Mobile Safari/537.36"
198.54.114.83 - - [03/Apr/2025:18:54:43 -0400] "POST /wp-cron.php?doing_wp_cron=1743720883.6811408996582031250000 HTTP/1.1" 200 0 "-" "WordPress/6.7.2; https://shahmeenaindustry.com"
13.67.166.237 - - [03/Apr/2025:18:54:43 -0400] "GET /themes.php HTTP/1.1" 404 16532 "-" "-"
13.67.166.237 - - [03/Apr/2025:18:54:44 -0400] "GET /first.php HTTP/1.1" 404 16532 "-" "-"
13.67.166.237 - - [03/Apr/2025:18:54:45 -0400] "GET /admin.php HTTP/1.1" 404 16532 "-" "-"
13.67.166.237 - - [03/Apr/2025:18:54:46 -0400] "GET /dropdown.php HTTP/1.1" 404 16532 "-" "-"
13.67.166.237 - - [03/Apr/2025:18:54:47 -0400] "GET /radio.php HTTP/1.1" 404 16532 "-" "-"
13.67.166.237 - - [03/Apr/2025:18:54:47 -0400] "GET /randkeyword.php HTTP/1.1" 404 16532 "-" "-"
13.67.166.237 - - [03/Apr/2025:18:54:48 -0400] "GET /flower.php HTTP/1.1" 404 16532 "-" "-"
13.67.166.237 - - [03/Apr/2025:18:54:49 -0400] "GET /item.php HTTP/1.1" 404 16532 "-" "-"
13.67.166.237 - - [03/Apr/2025:18:54:50 -0400] "GET /sim.php HTTP/1.1" 404 16532 "-" "-"
13.67.166.237 - - [03/Apr/2025:18:54:51 -0400] "GET /about.php HTTP/1.1" 404 16532 "-" "-"
13.67.166.237 - - [03/Apr/2025:18:54:52 -0400] "GET /wp-content/admin.php HTTP/1.1" 404 16532 "-" "-"
13.67.166.237 - - [03/Apr/2025:18:54:53 -0400] "GET /edit.php HTTP/1.1" 404 16530 "-" "-"
13.67.166.237 - - [03/Apr/2025:18:54:54 -0400] "GET /wp-content/plugins/index.php HTTP/1.1" 200 0 "-" "-"
13.67.166.237 - - [03/Apr/2025:18:54:55 -0400] "GET /wp-includes/ID3/index.php HTTP/1.1" 301 0 "-" "-"
13.67.166.237 - - [03/Apr/2025:18:54:55 -0400] "GET /wp-includes/ID3/ HTTP/1.1" 403 1242 "-" "-"
13.67.166.237 - - [03/Apr/2025:18:54:55 -0400] "GET /wp-admin/maint/index.php HTTP/1.1" 301 0 "-" "-"
13.67.166.237 - - [03/Apr/2025:18:54:55 -0400] "GET /wp-admin/maint/ HTTP/1.1" 403 1242 "-" "-"
13.67.166.237 - - [03/Apr/2025:18:54:56 -0400] "GET /wp-admin/css/index.php HTTP/1.1" 301 0 "-" "-"
13.67.166.237 - - [03/Apr/2025:18:54:56 -0400] "GET /wp-admin/css/ HTTP/1.1" 403 1242 "-" "-"
13.67.166.237 - - [03/Apr/2025:18:54:56 -0400] "GET /wp-includes/widgets/index.php HTTP/1.1" 301 0 "-" "-"
13.67.166.237 - - [03/Apr/2025:18:54:57 -0400] "GET /wp-includes/widgets/ HTTP/1.1" 403 1242 "-" "-"
13.67.166.237 - - [03/Apr/2025:18:54:57 -0400] "GET /wp-content/index.php HTTP/1.1" 200 0 "-" "-"
13.67.166.237 - - [03/Apr/2025:18:54:57 -0400] "GET /wp-includes/images/index.php HTTP/1.1" 301 0 "-" "-"
13.67.166.237 - - [03/Apr/2025:18:54:58 -0400] "GET /wp-includes/images/ HTTP/1.1" 403 1242 "-" "-"
13.67.166.237 - - [03/Apr/2025:18:54:58 -0400] "GET /wp-includes/Text/Diff/index.php HTTP/1.1" 301 0 "-" "-"
13.67.166.237 - - [03/Apr/2025:18:54:58 -0400] "GET /wp-includes/Text/Diff/ HTTP/1.1" 403 1242 "-" "-"
13.67.166.237 - - [03/Apr/2025:18:54:58 -0400] "GET /wp-admin/network/index.php HTTP/1.1" 302 0 "-" "-"
13.67.166.237 - - [03/Apr/2025:18:55:00 -0400] "GET /xmlrpc.php HTTP/1.1" 405 60 "-" "-"
13.67.166.237 - - [03/Apr/2025:18:55:00 -0400] "GET /wp-admin/includes/nav.php HTTP/1.1" 404 16532 "-" "-"
13.67.166.237 - - [03/Apr/2025:18:55:02 -0400] "GET /wp-includes/sodium_compat/src/Core32/Curve25519/Ge/Core32.php HTTP/1.1" 404 16532 "-" "-"
13.67.166.237 - - [03/Apr/2025:18:55:02 -0400] "GET /.well-known/acme-challenge/zmFM.php HTTP/1.1" 404 16532 "-" "-"
13.67.166.237 - - [03/Apr/2025:18:55:04 -0400] "GET /wp-includes/sitemaps/providers/zmFM.php HTTP/1.1" 404 16532 "-" "-"
13.67.166.237 - - [03/Apr/2025:18:55:06 -0400] "GET /wp-includes/pomo/zmFM.php HTTP/1.1" 404 16532 "-" "-"
13.67.166.237 - - [03/Apr/2025:18:55:07 -0400] "GET /wp-admin/css/colors/ectoplasm/zmFM.php HTTP/1.1" 404 16532 "-" "-"
13.67.166.237 - - [03/Apr/2025:18:55:09 -0400] "GET /wp-includes/PHPMailer//zmFM.php HTTP/1.1" 301 0 "-" "-"
13.67.166.237 - - [03/Apr/2025:18:55:10 -0400] "GET /wp-includes/PHPMailer/zmFM.php HTTP/1.1" 404 16532 "-" "-"
13.67.166.237 - - [03/Apr/2025:18:55:11 -0400] "GET /wp-includes/customize/zmFM.php HTTP/1.1" 404 16532 "-" "-"
13.67.166.237 - - [03/Apr/2025:18:55:12 -0400] "GET /wp-includes/certificates/zmFM.php HTTP/1.1" 404 16532 "-" "-"
13.67.166.237 - - [03/Apr/2025:18:55:13 -0400] "GET /wp-includes/theme-compat/zmFM.php HTTP/1.1" 404 16532 "-" "-"
13.67.166.237 - - [03/Apr/2025:18:55:14 -0400] "GET /heh.php HTTP/1.1" 404 16532 "-" "-"
13.67.166.237 - - [03/Apr/2025:18:55:15 -0400] "GET /NewFile.php HTTP/1.1" 404 16532 "-" "-"
13.67.166.237 - - [03/Apr/2025:18:55:16 -0400] "GET /wp-content/plugins/view-more/ioxi.php HTTP/1.1" 404 16532 "-" "-"
13.67.166.237 - - [03/Apr/2025:18:55:18 -0400] "GET /wp-content/plugins/erinyani/baxa1.php7 HTTP/1.1" 404 16532 "-" "-"
13.67.166.237 - - [03/Apr/2025:18:55:19 -0400] "GET /baxa1.php7 HTTP/1.1" 404 16532 "-" "-"
13.67.166.237 - - [03/Apr/2025:18:55:20 -0400] "GET /wp-content/plugins/erinyani/baxa1.php HTTP/1.1" 404 16532 "-" "-"
13.67.166.237 - - [03/Apr/2025:18:55:21 -0400] "GET /baxa1.php HTTP/1.1" 404 16532 "-" "-"
13.67.166.237 - - [03/Apr/2025:18:55:22 -0400] "GET /wp-content/plugins/seoxx/randkeyword.php HTTP/1.1" 404 16532 "-" "-"
13.67.166.237 - - [03/Apr/2025:18:55:23 -0400] "GET /403.php HTTP/1.1" 404 16532 "-" "-"
13.67.166.237 - - [03/Apr/2025:18:55:23 -0400] "GET /content.php HTTP/1.1" 404 16532 "-" "-"
13.67.166.237 - - [03/Apr/2025:18:55:24 -0400] "GET /wp-content/plugins/not/includes/about.php HTTP/1.1" 404 16533 "-" "-"
13.67.166.237 - - [03/Apr/2025:18:55:25 -0400] "GET /wp-content/plugins/simple/simple.php HTTP/1.1" 404 16532 "-" "-"
13.67.166.237 - - [03/Apr/2025:18:55:26 -0400] "GET /wp-content/plugins/wp-theme-editor/include.php HTTP/1.1" 404 16532 "-" "-"
13.67.166.237 - - [03/Apr/2025:18:55:27 -0400] "GET /wp-content/themes/aahana/json.php HTTP/1.1" 404 16532 "-" "-"
13.67.166.237 - - [03/Apr/2025:18:55:28 -0400] "GET /wp-content/plugins/awesome-coming-soon/come.php HTTP/1.1" 404 16532 "-" "-"
13.67.166.237 - - [03/Apr/2025:18:55:29 -0400] "GET /wp-content/plugins/wp-conflg.php HTTP/1.1" 404 16532 "-" "-"
13.67.166.237 - - [03/Apr/2025:18:55:30 -0400] "GET /berlin.php HTTP/1.1" 404 16532 "-" "-"
198.54.114.83 - - [03/Apr/2025:18:55:32 -0400] "POST /wp-cron.php?doing_wp_cron=1743720931.9143419265747070312500 HTTP/1.1" 200 0 "-" "WordPress/6.7.2; https://shahmeenaindustry.com"
13.67.166.237 - - [03/Apr/2025:18:55:31 -0400] "GET /wp-includes/Requests/about.php HTTP/1.1" 404 16532 "-" "-"
13.67.166.237 - - [03/Apr/2025:18:55:32 -0400] "GET /wp-includes/style-engine/about.php HTTP/1.1" 404 16532 "-" "-"
13.67.166.237 - - [03/Apr/2025:18:55:33 -0400] "GET /wp-includes/rest-api/about.php HTTP/1.1" 404 16532 "-" "-"
13.67.166.237 - - [03/Apr/2025:18:55:34 -0400] "GET /wp-includes/SimplePie/about.php HTTP/1.1" 404 16532 "-" "-"
13.67.166.237 - - [03/Apr/2025:18:55:35 -0400] "GET /wp-content/banners/about.php HTTP/1.1" 404 16532 "-" "-"
13.67.166.237 - - [03/Apr/2025:18:55:36 -0400] "GET /wp-content/about.php HTTP/1.1" 404 16532 "-" "-"
13.67.166.237 - - [03/Apr/2025:18:55:36 -0400] "GET /.well-known/about.php HTTP/1.1" 404 16532 "-" "-"
13.67.166.237 - - [03/Apr/2025:18:55:37 -0400] "GET /wp-includes/Text/about.php HTTP/1.1" 404 16532 "-" "-"
13.67.166.237 - - [03/Apr/2025:18:55:38 -0400] "GET /wp-includes/ID3/about.php HTTP/1.1" 404 16532 "-" "-"
13.67.166.237 - - [03/Apr/2025:18:55:39 -0400] "GET /img/about.php HTTP/1.1" 404 16532 "-" "-"
198.54.114.83 - - [03/Apr/2025:18:55:41 -0400] "POST /wp-cron.php?doing_wp_cron=1743720941.0346689224243164062500 HTTP/1.1" 200 0 "-" "WordPress/6.7.2; https://shahmeenaindustry.com"
13.67.166.237 - - [03/Apr/2025:18:55:40 -0400] "GET /wp-content/languages/about.php HTTP/1.1" 404 16532 "-" "-"
13.67.166.237 - - [03/Apr/2025:18:55:42 -0400] "GET /wp-includes/customize/about.php HTTP/1.1" 404 16532 "-" "-"
13.67.166.237 - - [03/Apr/2025:18:55:43 -0400] "GET /wp-includes.bak/html-api/about.php HTTP/1.1" 404 16532 "-" "-"
13.67.166.237 - - [03/Apr/2025:18:55:44 -0400] "GET /wp-includes/widgets/about.php HTTP/1.1" 404 16532 "-" "-"
13.67.166.237 - - [03/Apr/2025:18:55:45 -0400] "GET /wp-includes/IXR/about.php HTTP/1.1" 404 16532 "-" "-"
13.67.166.237 - - [03/Apr/2025:18:55:47 -0400] "GET /wp-admin/js/about.php HTTP/1.1" 404 16532 "-" "-"
13.67.166.237 - - [03/Apr/2025:18:55:48 -0400] "GET /.well-known/pki-validation/about.php HTTP/1.1" 404 1251 "-" "-"
13.67.166.237 - - [03/Apr/2025:18:55:48 -0400] "GET /wp-includes/pomo/about.php HTTP/1.1" 404 16532 "-" "-"
13.67.166.237 - - [03/Apr/2025:18:55:49 -0400] "GET /wp-includes/block-patterns/about.php HTTP/1.1" 404 16532 "-" "-"
13.67.166.237 - - [03/Apr/2025:18:55:50 -0400] "GET /wp-content/updraft/about.php HTTP/1.1" 404 16532 "-" "-"
13.67.166.237 - - [03/Apr/2025:18:55:54 -0400] "GET /wp-content/upgrade-temp-backup/about.php HTTP/1.1" 404 16530 "-" "-"
13.67.166.237 - - [03/Apr/2025:18:55:56 -0400] "GET /wp-content/themes/about.php HTTP/1.1" 404 16532 "-" "-"
13.67.166.237 - - [03/Apr/2025:18:55:58 -0400] "GET /wp-admin/includes/about.php HTTP/1.1" 404 16532 "-" "-"
13.67.166.237 - - [03/Apr/2025:18:56:00 -0400] "GET /images/about.php HTTP/1.1" 404 16532 "-" "-"
13.67.166.237 - - [03/Apr/2025:18:56:01 -0400] "GET /wp-content/blogs.dir/about.php HTTP/1.1" 404 16532 "-" "-"
13.67.166.237 - - [03/Apr/2025:18:56:03 -0400] "GET /wp-includes/images/about.php HTTP/1.1" 404 16531 "-" "-"
13.67.166.237 - - [03/Apr/2025:18:56:04 -0400] "GET /wp-includes/about.php HTTP/1.1" 404 16532 "-" "-"
13.67.166.237 - - [03/Apr/2025:18:56:06 -0400] "GET /cgi-bin/about.php HTTP/1.1" 404 16532 "-" "-"
13.67.166.237 - - [03/Apr/2025:18:56:07 -0400] "GET /wp-content/gallery/about.php HTTP/1.1" 404 16532 "-" "-"
13.67.166.237 - - [03/Apr/2025:18:56:09 -0400] "GET /wp-includes/blocks/about.php HTTP/1.1" 404 16532 "-" "-"
13.67.166.237 - - [03/Apr/2025:18:56:10 -0400] "GET /wp-admin/css/about.php HTTP/1.1" 404 16532 "-" "-"
13.67.166.237 - - [03/Apr/2025:18:56:12 -0400] "GET /wp-admin/images/about.php HTTP/1.1" 404 16532 "-" "-"
13.67.166.237 - - [03/Apr/2025:18:56:14 -0400] "GET /.well-known/pki-validation/cloud.php HTTP/1.1" 404 1251 "-" "-"
13.67.166.237 - - [03/Apr/2025:18:56:14 -0400] "GET /.well-known/acme-challenge/cloud.php HTTP/1.1" 404 16532 "-" "-"
13.67.166.237 - - [03/Apr/2025:18:56:16 -0400] "GET /wp-admin/network/cloud.php HTTP/1.1" 404 16532 "-" "-"
13.67.166.237 - - [03/Apr/2025:18:56:17 -0400] "GET /cloud.php HTTP/1.1" 404 16532 "-" "-"
13.67.166.237 - - [03/Apr/2025:18:56:18 -0400] "GET /cgi-bin/cloud.php HTTP/1.1" 404 16532 "-" "-"
13.67.166.237 - - [03/Apr/2025:18:56:19 -0400] "GET /wp-content/updates.php HTTP/1.1" 404 16532 "-" "-"
13.67.166.237 - - [03/Apr/2025:18:56:20 -0400] "GET /css/cloud.php HTTP/1.1" 404 16532 "-" "-"
13.67.166.237 - - [03/Apr/2025:18:56:22 -0400] "GET /wp-admin/user/cloud.php HTTP/1.1" 404 16532 "-" "-"
13.67.166.237 - - [03/Apr/2025:18:56:23 -0400] "GET /img/cloud.php HTTP/1.1" 404 16532 "-" "-"
13.67.166.237 - - [03/Apr/2025:18:56:23 -0400] "GET /wp-admin/css/colors/coffee/cloud.php HTTP/1.1" 404 16533 "-" "-"
13.67.166.237 - - [03/Apr/2025:18:56:25 -0400] "GET /wp-admin/images/cloud.php HTTP/1.1" 404 16532 "-" "-"
198.54.114.83 - - [03/Apr/2025:18:56:27 -0400] "POST /wp-cron.php?doing_wp_cron=1743720986.9684720039367675781250 HTTP/1.1" 200 0 "-" "WordPress/6.7.2; https://shahmeenaindustry.com"
13.67.166.237 - - [03/Apr/2025:18:56:26 -0400] "GET /avaa.php HTTP/1.1" 404 16532 "-" "-"
13.67.166.237 - - [03/Apr/2025:18:56:29 -0400] "GET /images/cloud.php HTTP/1.1" 404 16532 "-" "-"
13.67.166.237 - - [03/Apr/2025:18:56:30 -0400] "GET /wp-admin/js/widgets/cloud.php HTTP/1.1" 404 16532 "-" "-"
198.54.114.83 - - [03/Apr/2025:18:56:32 -0400] "POST /wp-cron.php?doing_wp_cron=1743720992.0233259201049804687500 HTTP/1.1" 200 0 "-" "WordPress/6.7.2; https://shahmeenaindustry.com"
13.67.166.237 - - [03/Apr/2025:18:56:31 -0400] "GET /wp-includes/Requests/Text/admin.php HTTP/1.1" 404 16532 "-" "-"
13.67.166.237 - - [03/Apr/2025:18:56:33 -0400] "GET /wp-admin/css/colors/cloud.php HTTP/1.1" 404 16532 "-" "-"
13.67.166.237 - - [03/Apr/2025:18:56:34 -0400] "GET /wp-admin/includes/cloud.php HTTP/1.1" 404 16532 "-" "-"
13.67.166.237 - - [03/Apr/2025:18:56:35 -0400] "GET /wp-admin/css/colors/blue/cloud.php HTTP/1.1" 404 16532 "-" "-"
13.67.166.237 - - [03/Apr/2025:18:56:37 -0400] "GET /wp-admin/cloud.php HTTP/1.1" 404 16532 "-" "-"
13.67.166.237 - - [03/Apr/2025:18:56:38 -0400] "GET /updates.php HTTP/1.1" 404 16532 "-" "-"
13.67.166.237 - - [03/Apr/2025:18:56:39 -0400] "GET /libraries/legacy/updates.php HTTP/1.1" 404 16532 "-" "-"
198.54.114.83 - - [03/Apr/2025:18:56:40 -0400] "POST /wp-cron.php?doing_wp_cron=1743721000.2890040874481201171875 HTTP/1.1" 200 0 "-" "WordPress/6.7.2; https://shahmeenaindustry.com"
13.67.166.237 - - [03/Apr/2025:18:56:40 -0400] "GET /libraries/phpmailer/updates.php HTTP/1.1" 404 16532 "-" "-"
13.67.166.237 - - [03/Apr/2025:18:56:41 -0400] "GET /libraries/vendor/updates.php HTTP/1.1" 404 16532 "-" "-"
13.67.166.237 - - [03/Apr/2025:18:56:42 -0400] "GET /alfa-rex.php7 HTTP/1.1" 404 16532 "-" "-"
13.67.166.237 - - [03/Apr/2025:18:56:43 -0400] "GET /alfanew.php HTTP/1.1" 404 16532 "-" "-"
13.67.166.237 - - [03/Apr/2025:18:56:43 -0400] "GET /wp-content/plugins/Cache/Cache.php HTTP/1.1" 404 16532 "-" "-"
13.67.166.237 - - [03/Apr/2025:18:56:44 -0400] "GET /wp-admin/js/widgets/about.php7 HTTP/1.1" 404 16532 "-" "-"
13.67.166.237 - - [03/Apr/2025:18:56:45 -0400] "GET /wp-p.php7 HTTP/1.1" 404 16532 "-" "-"
13.67.166.237 - - [03/Apr/2025:18:56:45 -0400] "GET /wp-admin/repeater.php HTTP/1.1" 404 16532 "-" "-"
13.67.166.237 - - [03/Apr/2025:18:56:46 -0400] "GET /wp-includes/repeater.php HTTP/1.1" 404 16532 "-" "-"
13.67.166.237 - - [03/Apr/2025:18:56:47 -0400] "GET /wp-content/repeater.php HTTP/1.1" 404 16532 "-" "-"
13.67.166.237 - - [03/Apr/2025:18:56:48 -0400] "GET /wsoyanz.php HTTP/1.1" 404 16532 "-" "-"
13.67.166.237 - - [03/Apr/2025:18:56:48 -0400] "GET /yanz.php HTTP/1.1" 404 16532 "-" "-"
13.67.166.237 - - [03/Apr/2025:18:56:49 -0400] "GET /wp-content/plugins/seoo/wsoyanz.php HTTP/1.1" 404 16532 "-" "-"
13.67.166.237 - - [03/Apr/2025:18:56:49 -0400] "GET /wp-content/plugins/seoo/wsoyanz1.php HTTP/1.1" 404 16532 "-" "-"
13.67.166.237 - - [03/Apr/2025:18:56:50 -0400] "GET /cache-compat.php HTTP/1.1" 404 16532 "-" "-"
13.67.166.237 - - [03/Apr/2025:18:56:51 -0400] "GET /ajax-actions.php HTTP/1.1" 404 16532 "-" "-"
13.67.166.237 - - [03/Apr/2025:18:56:52 -0400] "GET /wp-admin/ajax-actions.php HTTP/1.1" 404 16532 "-" "-"
13.67.166.237 - - [03/Apr/2025:18:56:54 -0400] "GET /wp-consar.php HTTP/1.1" 404 16532 "-" "-"
13.67.166.237 - - [03/Apr/2025:18:56:55 -0400] "GET /repeater.php HTTP/1.1" 404 16530 "-" "-"
13.67.166.237 - - [03/Apr/2025:18:56:57 -0400] "GET /admin-post.php HTTP/1.1" 404 16532 "-" "-"
13.67.166.237 - - [03/Apr/2025:18:56:58 -0400] "GET /wp-admin/maint/maint/ajax-actions.php HTTP/1.1" 404 16532 "-" "-"
13.67.166.237 - - [03/Apr/2025:18:56:59 -0400] "GET /wp-admin/dropdown.php HTTP/1.1" 404 16532 "-" "-"
13.67.166.237 - - [03/Apr/2025:18:57:00 -0400] "GET /about.php7 HTTP/1.1" 404 16532 "-" "-"
13.67.166.237 - - [03/Apr/2025:18:57:01 -0400] "GET /alfanew.php7 HTTP/1.1" 404 16532 "-" "-"
13.67.166.237 - - [03/Apr/2025:18:57:02 -0400] "GET /adminfuns.php7 HTTP/1.1" 404 16532 "-" "-"
13.67.166.237 - - [03/Apr/2025:18:57:03 -0400] "GET /ebs.php7 HTTP/1.1" 404 16531 "-" "-"
13.67.166.237 - - [03/Apr/2025:18:57:04 -0400] "GET /ws.php7 HTTP/1.1" 404 16532 "-" "-"
13.67.166.237 - - [03/Apr/2025:18:57:04 -0400] "GET /makeasmtp.php HTTP/1.1" 404 16532 "-" "-"
13.67.166.237 - - [03/Apr/2025:18:57:05 -0400] "GET /wp-sigunq.php HTTP/1.1" 404 16532 "-" "-"
13.67.166.237 - - [03/Apr/2025:18:57:06 -0400] "GET /wso112233.php HTTP/1.1" 404 16532 "-" "-"
13.67.166.237 - - [03/Apr/2025:18:57:06 -0400] "GET /fw.php HTTP/1.1" 404 16532 "-" "-"
13.67.166.237 - - [03/Apr/2025:18:57:07 -0400] "GET /install.php HTTP/1.1" 404 16532 "-" "-"
13.67.166.237 - - [03/Apr/2025:18:57:08 -0400] "GET /wp-login.php HTTP/1.1" 302 0 "-" "-"
13.67.166.237 - - [03/Apr/2025:18:57:08 -0400] "GET /chosen.php HTTP/1.1" 404 16532 "-" "-"
13.67.166.237 - - [03/Apr/2025:18:57:09 -0400] "GET /simple.php HTTP/1.1" 404 16532 "-" "-"
13.67.166.237 - - [03/Apr/2025:18:57:10 -0400] "GET /inputs.php HTTP/1.1" 404 16532 "-" "-"
13.67.166.237 - - [03/Apr/2025:18:57:11 -0400] "GET /classsmtps.php HTTP/1.1" 404 16532 "-" "-"
13.67.166.237 - - [03/Apr/2025:18:57:12 -0400] "GET /wp-blog-header.php HTTP/1.1" 404 0 "-" "-"
13.67.166.237 - - [03/Apr/2025:18:57:12 -0400] "GET /wp-trackback.php HTTP/1.1" 404 130 "-" "-"
13.67.166.237 - - [03/Apr/2025:18:57:12 -0400] "GET /wp-signup.php HTTP/1.1" 302 0 "-" "-"
13.67.166.237 - - [03/Apr/2025:18:57:13 -0400] "GET /wp-comments-post.php HTTP/1.1" 405 0 "-" "-"
13.67.166.237 - - [03/Apr/2025:18:57:14 -0400] "GET /wp-cron.php HTTP/1.1" 200 0 "-" "-"
13.67.166.237 - - [03/Apr/2025:18:57:14 -0400] "GET /wp-load.php HTTP/1.1" 200 0 "-" "-"
13.67.166.237 - - [03/Apr/2025:18:57:14 -0400] "GET /wp-mail.php HTTP/1.1" 403 1123 "-" "-"
13.67.166.237 - - [03/Apr/2025:18:57:14 -0400] "GET /wp-activate.php HTTP/1.1" 302 0 "-" "-"
13.67.166.237 - - [03/Apr/2025:18:57:16 -0400] "GET /plugins.php HTTP/1.1" 404 16532 "-" "-"
13.67.166.237 - - [03/Apr/2025:18:57:17 -0400] "GET /post.php HTTP/1.1" 404 16532 "-" "-"
13.67.166.237 - - [03/Apr/2025:18:57:17 -0400] "GET /wp-2019.php HTTP/1.1" 404 16532 "-" "-"
13.67.166.237 - - [03/Apr/2025:18:57:18 -0400] "GET /geju.php HTTP/1.1" 404 16532 "-" "-"
13.67.166.237 - - [03/Apr/2025:18:57:19 -0400] "GET /wp.php HTTP/1.1" 404 16532 "-" "-"
13.67.166.237 - - [03/Apr/2025:18:57:19 -0400] "GET /hoot.php HTTP/1.1" 404 16532 "-" "-"
13.67.166.237 - - [03/Apr/2025:18:57:20 -0400] "GET /css.php HTTP/1.1" 404 16532 "-" "-"
13.67.166.237 - - [03/Apr/2025:18:57:21 -0400] "GET /log.php HTTP/1.1" 404 16532 "-" "-"
13.67.166.237 - - [03/Apr/2025:18:57:22 -0400] "GET /mail.php HTTP/1.1" 404 16532 "-" "-"
13.67.166.237 - - [03/Apr/2025:18:57:23 -0400] "GET /bak.php HTTP/1.1" 404 16532 "-" "-"
13.67.166.237 - - [03/Apr/2025:18:57:23 -0400] "GET /upfile.php HTTP/1.1" 404 16532 "-" "-"
13.67.166.237 - - [03/Apr/2025:18:57:24 -0400] "GET /wp-conflg.php HTTP/1.1" 404 16532 "-" "-"
13.67.166.237 - - [03/Apr/2025:18:57:25 -0400] "GET /bypass.php HTTP/1.1" 404 16533 "-" "-"
13.67.166.237 - - [03/Apr/2025:18:57:25 -0400] "GET /404.php HTTP/1.1" 404 16532 "-" "-"
13.67.166.237 - - [03/Apr/2025:18:57:26 -0400] "GET /xmrlpc.php HTTP/1.1" 404 16532 "-" "-"
13.67.166.237 - - [03/Apr/2025:18:57:27 -0400] "GET /ae.php HTTP/1.1" 404 16532 "-" "-"
13.67.166.237 - - [03/Apr/2025:18:57:27 -0400] "GET /moon.php HTTP/1.1" 404 16532 "-" "-"
13.67.166.237 - - [03/Apr/2025:18:57:28 -0400] "GET /blog.php HTTP/1.1" 404 16532 "-" "-"
13.67.166.237 - - [03/Apr/2025:18:57:29 -0400] "GET /ini.php HTTP/1.1" 404 16532 "-" "-"
13.67.166.237 - - [03/Apr/2025:18:57:30 -0400] "GET /as.php HTTP/1.1" 404 16532 "-" "-"
198.54.114.83 - - [03/Apr/2025:18:57:31 -0400] "POST /wp-cron.php?doing_wp_cron=1743721051.4327731132507324218750 HTTP/1.1" 200 0 "-" "WordPress/6.7.2; https://shahmeenaindustry.com"
13.67.166.237 - - [03/Apr/2025:18:57:31 -0400] "GET /shell.php HTTP/1.1" 404 16532 "-" "-"
13.67.166.237 - - [03/Apr/2025:18:57:32 -0400] "GET /ws.php HTTP/1.1" 404 16532 "-" "-"
13.67.166.237 - - [03/Apr/2025:18:57:33 -0400] "GET /alfanew2.php7 HTTP/1.1" 404 16532 "-" "-"
13.67.166.237 - - [03/Apr/2025:18:57:34 -0400] "GET /alfa-rex2.php7 HTTP/1.1" 404 16532 "-" "-"
13.67.166.237 - - [03/Apr/2025:18:57:34 -0400] "GET /wp-admin/images/index.php HTTP/1.1" 301 0 "-" "-"
13.67.166.237 - - [03/Apr/2025:18:57:35 -0400] "GET /wp-admin/images/ HTTP/1.1" 403 1242 "-" "-"
13.67.166.237 - - [03/Apr/2025:18:57:35 -0400] "GET /wp-admin/css/colors/index.php HTTP/1.1" 301 0 "-" "-"
13.67.166.237 - - [03/Apr/2025:18:57:36 -0400] "GET /wp-admin/css/colors/ HTTP/1.1" 403 1242 "-" "-"
13.67.166.237 - - [03/Apr/2025:18:57:36 -0400] "GET /wp-content/themes/pridmag/db.php?u HTTP/1.1" 404 16532 "-" "-"
13.67.166.237 - - [03/Apr/2025:18:57:36 -0400] "GET /wp-content/themes/seotheme/mar.php HTTP/1.1" 404 16532 "-" "-"
13.67.166.237 - - [03/Apr/2025:18:57:37 -0400] "GET /wp-content/plugins/linkpreview/db.php?u HTTP/1.1" 404 16532 "-" "-"
13.67.166.237 - - [03/Apr/2025:18:57:38 -0400] "GET /wp-content/themes/seotheme/db.php?u HTTP/1.1" 404 16532 "-" "-"
13.67.166.237 - - [03/Apr/2025:18:57:39 -0400] "GET /wp-content/plugins/seoplugins/db.php?u HTTP/1.1" 404 16532 "-" "-"
198.54.114.83 - - [03/Apr/2025:18:57:42 -0400] "POST /wp-cron.php?doing_wp_cron=1743721061.8611500263214111328125 HTTP/1.1" 200 0 "-" "WordPress/6.7.2; https://shahmeenaindustry.com"
13.67.166.237 - - [03/Apr/2025:18:57:41 -0400] "GET /wp-content/plugins/seoplugins/mar.php HTTP/1.1" 404 16532 "-" "-"
13.67.166.237 - - [03/Apr/2025:18:57:44 -0400] "GET /.well-known/pki-validation/xmrlpc.php?p= HTTP/1.1" 404 1251 "-" "-"
13.67.166.237 - - [03/Apr/2025:18:57:44 -0400] "GET /.well-known/acme-challenge/xmrlpc.php?p= HTTP/1.1" 301 0 "-" "-"
13.67.166.237 - - [03/Apr/2025:18:57:45 -0400] "GET /.well-known/acme-challenge/xmrlpc.php HTTP/1.1" 404 16532 "-" "-"
13.67.166.237 - - [03/Apr/2025:18:57:48 -0400] "GET /wp-admin/network/xmrlpc.php?p= HTTP/1.1" 301 0 "-" "-"
13.67.166.237 - - [03/Apr/2025:18:57:48 -0400] "GET /wp-admin/network/xmrlpc.php HTTP/1.1" 404 16532 "-" "-"
13.67.166.237 - - [03/Apr/2025:18:57:50 -0400] "GET /xmrlpc.php?p= HTTP/1.1" 301 0 "-" "-"
13.67.166.237 - - [03/Apr/2025:18:57:50 -0400] "GET /xmrlpc.php HTTP/1.1" 404 16532 "-" "-"
13.67.166.237 - - [03/Apr/2025:18:57:51 -0400] "GET /cgi-bin/xmrlpc.php?p= HTTP/1.1" 301 0 "-" "-"
13.67.166.237 - - [03/Apr/2025:18:57:51 -0400] "GET /cgi-bin/xmrlpc.php HTTP/1.1" 404 16532 "-" "-"
13.67.166.237 - - [03/Apr/2025:18:57:52 -0400] "GET /css/xmrlpc.php?p= HTTP/1.1" 301 0 "-" "-"
13.67.166.237 - - [03/Apr/2025:18:57:53 -0400] "GET /css/xmrlpc.php HTTP/1.1" 404 16532 "-" "-"
13.67.166.237 - - [03/Apr/2025:18:57:54 -0400] "GET /wp-admin/user/xmrlpc.php?p= HTTP/1.1" 301 0 "-" "-"
13.67.166.237 - - [03/Apr/2025:18:57:54 -0400] "GET /wp-admin/user/xmrlpc.php HTTP/1.1" 404 16532 "-" "-"
13.67.166.237 - - [03/Apr/2025:18:57:55 -0400] "GET /img/xmrlpc.php?p= HTTP/1.1" 301 0 "-" "-"
13.67.166.237 - - [03/Apr/2025:18:57:56 -0400] "GET /img/xmrlpc.php HTTP/1.1" 404 16532 "-" "-"
13.67.166.237 - - [03/Apr/2025:18:57:58 -0400] "GET /wp-admin/css/colors/coffee/xmrlpc.php?p= HTTP/1.1" 301 0 "-" "-"
13.67.166.237 - - [03/Apr/2025:18:57:58 -0400] "GET /wp-admin/css/colors/coffee/xmrlpc.php HTTP/1.1" 404 16532 "-" "-"
13.67.166.237 - - [03/Apr/2025:18:57:59 -0400] "GET /wp-admin/images/xmrlpc.php?p= HTTP/1.1" 301 0 "-" "-"
13.67.166.237 - - [03/Apr/2025:18:58:00 -0400] "GET /wp-admin/images/xmrlpc.php HTTP/1.1" 404 16532 "-" "-"
13.67.166.237 - - [03/Apr/2025:18:58:00 -0400] "GET /images/xmrlpc.php?p= HTTP/1.1" 301 0 "-" "-"
13.67.166.237 - - [03/Apr/2025:18:58:00 -0400] "GET /images/xmrlpc.php HTTP/1.1" 404 16532 "-" "-"
13.67.166.237 - - [03/Apr/2025:18:58:01 -0400] "GET /wp-admin/js/widgets/xmrlpc.php?p= HTTP/1.1" 301 0 "-" "-"
13.67.166.237 - - [03/Apr/2025:18:58:01 -0400] "GET /wp-admin/js/widgets/xmrlpc.php HTTP/1.1" 404 16532 "-" "-"
13.67.166.237 - - [03/Apr/2025:18:58:02 -0400] "GET /wp-admin/css/colors/xmrlpc.php?p= HTTP/1.1" 301 0 "-" "-"
13.67.166.237 - - [03/Apr/2025:18:58:02 -0400] "GET /wp-admin/css/colors/xmrlpc.php HTTP/1.1" 404 16532 "-" "-"
13.67.166.237 - - [03/Apr/2025:18:58:03 -0400] "GET /wp-admin/includes/xmrlpc.php?p= HTTP/1.1" 301 0 "-" "-"
13.67.166.237 - - [03/Apr/2025:18:58:04 -0400] "GET /wp-admin/includes/xmrlpc.php HTTP/1.1" 404 16532 "-" "-"
13.67.166.237 - - [03/Apr/2025:18:58:05 -0400] "GET /wp-admin/css/colors/blue/xmrlpc.php?p= HTTP/1.1" 301 0 "-" "-"
13.67.166.237 - - [03/Apr/2025:18:58:06 -0400] "GET /wp-admin/css/colors/blue/xmrlpc.php HTTP/1.1" 404 16533 "-" "-"
13.67.166.237 - - [03/Apr/2025:18:58:07 -0400] "GET /wp-admin/xmrlpc.php?p= HTTP/1.1" 301 0 "-" "-"
13.67.166.237 - - [03/Apr/2025:18:58:07 -0400] "GET /wp-admin/xmrlpc.php HTTP/1.1" 404 16533 "-" "-"
198.54.114.83 - - [03/Apr/2025:19:00:40 -0400] "POST /wp-cron.php?doing_wp_cron=1743721240.2733759880065917968750 HTTP/1.1" 200 0 "-" "WordPress/6.7.2; https://shahmeenaindustry.com"
