38.154.233.58 - - [30/Mar/2025:06:49:32 -0400] "GET / HTTP/1.1" 200 24560 "-" "Mozilla/5.0 (Windows NT 11.0; Win64; x64) AppleWebKit/537.36 (KHTML, like Gecko) Chrome/134.0.6998.166 Safari/537.36"
198.54.114.83 - - [30/Mar/2025:07:00:36 -0400] "POST /wp-cron.php?doing_wp_cron=1743332436.5851850509643554687500 HTTP/1.1" 200 0 "-" "WordPress/6.7.2; https://shahmeenaindustry.com"
34.171.90.44 - - [30/Mar/2025:07:00:32 -0400] "GET /ads.txt HTTP/1.1" 200 0 "-" "Scrapy/2.8.0 (+https://scrapy.org)"
216.244.66.200 - - [30/Mar/2025:07:00:42 -0400] "GET /womens-knickers/ HTTP/1.1" 200 21119 "-" "Mozilla/5.0 (compatible; DotBot/1.2; +https://opensiteexplorer.org/dotbot; help@moz.com)"
62.171.167.190 - - [30/Mar/2025:07:07:36 -0400] "GET / HTTP/1.1" 200 24560 "www.google.com" "Mozilla/5.0 (Windows NT 10.0; Win64; x64) AppleWebKit/537.36 (KHTML, like Gecko) Chrome/90.0.4430.85 Safari/537.36"
62.171.167.190 - - [30/Mar/2025:07:07:36 -0400] "GET //?rest_route=/wp/v2/users HTTP/1.1" 200 1381 "www.google.com" "Mozilla/5.0 (Windows NT 10.0; Win64; x64) AppleWebKit/537.36 (KHTML, like Gecko) Chrome/90.0.4430.85 Safari/537.36"
62.171.167.190 - - [30/Mar/2025:07:07:37 -0400] "POST /xmlrpc.php HTTP/1.1" 200 212 "www.google.com" "Mozilla/5.0 (Windows NT 10.0; Win64; x64) AppleWebKit/537.36 (KHTML, like Gecko) Chrome/90.0.4430.85 Safari/537.36"
62.171.167.190 - - [30/Mar/2025:07:07:38 -0400] "POST /xmlrpc.php HTTP/1.1" 200 212 "www.google.com" "Mozilla/5.0 (Windows NT 10.0; Win64; x64) AppleWebKit/537.36 (KHTML, like Gecko) Chrome/90.0.4430.85 Safari/537.36"
62.171.167.190 - - [30/Mar/2025:07:07:38 -0400] "POST /xmlrpc.php HTTP/1.1" 200 212 "www.google.com" "Mozilla/5.0 (Windows NT 10.0; Win64; x64) AppleWebKit/537.36 (KHTML, like Gecko) Chrome/90.0.4430.85 Safari/537.36"
62.171.167.190 - - [30/Mar/2025:07:07:39 -0400] "POST /xmlrpc.php HTTP/1.1" 200 212 "www.google.com" "Mozilla/5.0 (Windows NT 10.0; Win64; x64) AppleWebKit/537.36 (KHTML, like Gecko) Chrome/90.0.4430.85 Safari/537.36"
66.249.64.106 - - [30/Mar/2025:07:11:14 -0400] "GET /wp-content/themes/chromenews/js/navigation.js?ver=20151215 HTTP/1.1" 304 0 "https://shahmeenaindustry.com/devoiler-lenigme-lillusionniste-extraordinaire/" "Mozilla/5.0 (Linux; Android 6.0.1; Nexus 5X Build/MMB29P) AppleWebKit/537.36 (KHTML, like Gecko) Chrome/133.0.6943.141 Mobile Safari/537.36 (compatible; Googlebot/2.1; +http://www.google.com/bot.html)"
49.51.245.241 - - [30/Mar/2025:07:22:24 -0400] "GET / HTTP/1.1" 200 24560 "-" "Mozilla/5.0 (iPhone; CPU iPhone OS 13_2_3 like Mac OS X) AppleWebKit/605.1.15 (KHTML, like Gecko) Version/13.0.3 Mobile/15E148 Safari/604.1"
198.54.114.83 - - [30/Mar/2025:07:24:40 -0400] "POST /wp-cron.php?doing_wp_cron=1743333880.1609759330749511718750 HTTP/1.1" 200 0 "-" "WordPress/6.7.2; https://shahmeenaindustry.com"
2001:b90:a:14:250:56ff:fe9c:8d12 - - [30/Mar/2025:07:24:39 -0400] "POST /xmlrpc.php HTTP/1.1" 200 236 "-" "Mozilla/5.0 (X11; Fedora; Linux x86_64; rv:94.0) Gecko/20100101 Firefox/95.0"
216.244.66.200 - - [30/Mar/2025:07:33:07 -0400] "GET /robots.txt HTTP/1.1" 200 131 "-" "Mozilla/5.0 (compatible; DotBot/1.2; +https://opensiteexplorer.org/dotbot; help@moz.com)"
198.54.114.83 - - [30/Mar/2025:07:52:13 -0400] "POST /wp-cron.php?doing_wp_cron=1743335533.8921210765838623046875 HTTP/1.1" 200 0 "-" "WordPress/6.7.2; https://shahmeenaindustry.com"
216.244.66.200 - - [30/Mar/2025:07:52:12 -0400] "GET /die-vielfalt-der-formen-und-materialien/ HTTP/1.1" 200 21034 "-" "Mozilla/5.0 (compatible; DotBot/1.2; +https://opensiteexplorer.org/dotbot; help@moz.com)"
216.244.66.200 - - [30/Mar/2025:08:06:50 -0400] "GET /the-hill-condo-is-a-great-choice-for-buyers/feed/ HTTP/1.1" 200 455 "-" "Mozilla/5.0 (compatible; DotBot/1.2; +https://opensiteexplorer.org/dotbot; help@moz.com)"
198.54.114.83 - - [30/Mar/2025:08:12:06 -0400] "POST /wp-cron.php?doing_wp_cron=1743336726.5256121158599853515625 HTTP/1.1" 200 0 "-" "WordPress/6.7.2; https://shahmeenaindustry.com"
150.95.140.248 - - [30/Mar/2025:08:12:02 -0400] "POST /xmlrpc.php HTTP/1.1" 200 236 "-" "Mozilla/5.0 (X11; Fedora; Linux x86_64; rv:94.0) Gecko/20100101 Firefox/95.0"
114.168.236.183 - - [30/Mar/2025:08:17:18 -0400] "POST /wp-login.php HTTP/1.1" 302 0 "-" "Mozilla/5.0 (Windows NT 10.0; Win64; x64; rv:95.0) Gecko/20100101 Firefox/95.0"
198.54.114.83 - - [30/Mar/2025:08:27:22 -0400] "POST /wp-cron.php?doing_wp_cron=1743337641.8386909961700439453125 HTTP/1.1" 200 0 "-" "WordPress/6.7.2; https://shahmeenaindustry.com"
172.203.72.37 - - [30/Mar/2025:08:27:17 -0400] "HEAD /wordpress HTTP/1.1" 404 0 "-" "Mozilla/5.0 (Windows NT 10.0; Win64; x64) AppleWebKit/537.36 (KHTML, like Gecko) Chrome/74.0.3729.169 Safari/537.36"
172.203.72.37 - - [30/Mar/2025:08:27:24 -0400] "HEAD / HTTP/1.1" 200 0 "-" "Mozilla/5.0 (Windows NT 10.0; Win64; x64) AppleWebKit/537.36 (KHTML, like Gecko) Chrome/74.0.3729.169 Safari/537.36"
172.203.72.37 - - [30/Mar/2025:08:27:24 -0400] "HEAD /wp HTTP/1.1" 404 0 "-" "Mozilla/5.0 (Windows NT 10.0; Win64; x64) AppleWebKit/537.36 (KHTML, like Gecko) Chrome/74.0.3729.169 Safari/537.36"
172.203.72.37 - - [30/Mar/2025:08:27:25 -0400] "HEAD /bc HTTP/1.1" 404 0 "-" "Mozilla/5.0 (Windows NT 10.0; Win64; x64) AppleWebKit/537.36 (KHTML, like Gecko) Chrome/74.0.3729.169 Safari/537.36"
172.203.72.37 - - [30/Mar/2025:08:27:26 -0400] "HEAD /bk HTTP/1.1" 404 0 "-" "Mozilla/5.0 (Windows NT 10.0; Win64; x64) AppleWebKit/537.36 (KHTML, like Gecko) Chrome/74.0.3729.169 Safari/537.36"
172.203.72.37 - - [30/Mar/2025:08:27:26 -0400] "HEAD /backup HTTP/1.1" 404 0 "-" "Mozilla/5.0 (Windows NT 10.0; Win64; x64) AppleWebKit/537.36 (KHTML, like Gecko) Chrome/74.0.3729.169 Safari/537.36"
172.203.72.37 - - [30/Mar/2025:08:27:28 -0400] "HEAD /old HTTP/1.1" 404 0 "-" "Mozilla/5.0 (Windows NT 10.0; Win64; x64) AppleWebKit/537.36 (KHTML, like Gecko) Chrome/74.0.3729.169 Safari/537.36"
172.203.72.37 - - [30/Mar/2025:08:27:28 -0400] "HEAD /new HTTP/1.1" 301 0 "-" "Mozilla/5.0 (Windows NT 10.0; Win64; x64) AppleWebKit/537.36 (KHTML, like Gecko) Chrome/74.0.3729.169 Safari/537.36"
172.203.72.37 - - [30/Mar/2025:08:27:31 -0400] "HEAD /main HTTP/1.1" 404 0 "-" "Mozilla/5.0 (Windows NT 10.0; Win64; x64) AppleWebKit/537.36 (KHTML, like Gecko) Chrome/74.0.3729.169 Safari/537.36"
172.203.72.37 - - [30/Mar/2025:08:27:32 -0400] "HEAD /home HTTP/1.1" 301 0 "-" "Mozilla/5.0 (Windows NT 10.0; Win64; x64) AppleWebKit/537.36 (KHTML, like Gecko) Chrome/74.0.3729.169 Safari/537.36"
196.251.80.22 - - [30/Mar/2025:08:33:09 -0400] "GET / HTTP/1.1" 200 24560 "-" "Mozlila/5.0 (Linux; Android 7.0; SM-G892A Bulid/NRD90M; wv) AppleWebKit/537.36 (KHTML, like Gecko) Version/4.0 Chrome/60.0.3112.107 Moblie Safari/537.36"
196.251.80.22 - - [30/Mar/2025:08:33:09 -0400] "POST /wp-plain.php HTTP/1.1" 404 16479 "www.google.com" "Mozilla/5.0 (Linux; Android 7.0; SM-G892A Bulid/NRD90M; wv) AppleWebKit/537.36 (KHTML, like Gecko) Version/4.0 Chrome/60.0.3112.107 Moblie Safari/537.36"
196.251.80.22 - - [30/Mar/2025:08:33:09 -0400] "POST /ALFA_DATA/alfacgiapi/perl.alfa HTTP/1.1" 404 16479 "www.google.com" "Mozlila/5.0 (Linux; Android 7.0; SM-G892A Bulid/NRD90M; wv) AppleWebKit/537.36 (KHTML, like Gecko) Version/4.0 Chrome/60.0.3112.107 Moblie Safari/537.36"
198.54.114.83 - - [30/Mar/2025:08:33:10 -0400] "POST /wp-cron.php?doing_wp_cron=1743337990.0611839294433593750000 HTTP/1.1" 200 0 "-" "WordPress/6.7.2; https://shahmeenaindustry.com"
196.251.80.22 - - [30/Mar/2025:08:33:09 -0400] "GET /wp-content/plugins/fix/up.php HTTP/1.1" 404 16531 "-" "Mozilla/5.0 (Windows NT 10.0; Win64; x64) AppleWebKit/537.36 (KHTML, like Gecko) Chrome/85.0.4183.102 Safari/537.36"
196.251.80.22 - - [30/Mar/2025:08:33:10 -0400] "GET /wp-content/plugins/apikey/apikey.php?test=hello HTTP/1.1" 404 16531 "-" "Mozlila/5.0 (Linux; Android 7.0; SM-G892A Bulid/NRD90M; wv) AppleWebKit/537.36 (KHTML, like Gecko) Version/4.0 Chrome/60.0.3112.107 Moblie Safari/537.36"
196.251.80.22 - - [30/Mar/2025:08:33:09 -0400] "GET /wp-content/themes/seotheme/db.php?u HTTP/1.1" 404 16531 "www.google.com" "Mozlila/5.0 (Linux; Android 7.0; SM-G892A Bulid/NRD90M; wv) AppleWebKit/537.36 (KHTML, like Gecko) Version/4.0 Chrome/60.0.3112.107 Moblie Safari/537.36"
196.251.80.22 - - [30/Mar/2025:08:33:11 -0400] "GET /kksucnbo.php?Fox=d3wL7 HTTP/1.1" 404 16531 "www.google.com" "Mozilla/5.0 (Linux; Android 7.0; SM-G892A Bulid/NRD90M; wv) AppleWebKit/537.36 (KHTML, like Gecko) Version/4.0 Chrome/60.0.3112.107 Moblie Safari/537.36"
196.251.80.22 - - [30/Mar/2025:08:33:11 -0400] "POST /alfacgiapi/perl.alfa HTTP/1.1" 404 16479 "www.google.com" "Mozlila/5.0 (Linux; Android 7.0; SM-G892A Bulid/NRD90M; wv) AppleWebKit/537.36 (KHTML, like Gecko) Version/4.0 Chrome/60.0.3112.107 Moblie Safari/537.36"
196.251.80.22 - - [30/Mar/2025:08:33:12 -0400] "GET /plugins/content/apismtp/apismtp.php?test=hello HTTP/1.1" 404 16531 "-" "Mozlila/5.0 (Linux; Android 7.0; SM-G892A Bulid/NRD90M; wv) AppleWebKit/537.36 (KHTML, like Gecko) Version/4.0 Chrome/60.0.3112.107 Moblie Safari/537.36"
196.251.80.22 - - [30/Mar/2025:08:33:13 -0400] "GET /wp-content/plugins/apikey/apikey.php.suspected?test=hello HTTP/1.1" 404 16531 "-" "Mozlila/5.0 (Linux; Android 7.0; SM-G892A Bulid/NRD90M; wv) AppleWebKit/537.36 (KHTML, like Gecko) Version/4.0 Chrome/60.0.3112.107 Moblie Safari/537.36"
196.251.80.22 - - [30/Mar/2025:08:33:14 -0400] "GET /plugins/content/apismtp/apismtp.php.suspected?test=hello HTTP/1.1" 404 16531 "-" "Mozlila/5.0 (Linux; Android 7.0; SM-G892A Bulid/NRD90M; wv) AppleWebKit/537.36 (KHTML, like Gecko) Version/4.0 Chrome/60.0.3112.107 Moblie Safari/537.36"
198.54.114.83 - - [30/Mar/2025:08:39:56 -0400] "POST /wp-cron.php?doing_wp_cron=1743338395.7540230751037597656250 HTTP/1.1" 200 0 "-" "WordPress/6.7.2; https://shahmeenaindustry.com"
128.199.126.239 - - [30/Mar/2025:08:39:55 -0400] "POST /xmlrpc.php HTTP/1.1" 200 212 "http://shahmeenaindustry.com" "Mozilla/5.0 (Windows NT 10.0; Win64; x64) AppleWebKit/537.36 (KHTML, like Gecko) Chrome/112.0.5615.138 Safari/537.36 Edg/112.0.1722.68"
198.54.114.83 - - [30/Mar/2025:08:50:49 -0400] "POST /wp-cron.php?doing_wp_cron=1743339049.4228079319000244140625 HTTP/1.1" 200 0 "-" "WordPress/6.7.2; https://shahmeenaindustry.com"
62.60.160.33 - - [30/Mar/2025:08:50:48 -0400] "POST /xmlrpc.php HTTP/1.1" 200 212 "http://shahmeenaindustry.com" "Mozilla/5.0 (Macintosh; Intel Mac OS X 10_15_7) AppleWebKit/537.36 (KHTML, like Gecko) Chrome/114.0.5735.134 Safari/537.36"
198.54.114.36 - - [30/Mar/2025:09:01:30 -0400] "POST /xmlrpc.php HTTP/1.1" 200 212 "http://shahmeenaindustry.com" "Mozilla/5.0 (Macintosh; Intel Mac OS X 10_15_7) AppleWebKit/537.36 (KHTML, like Gecko) Chrome/114.0.5735.134 Safari/537.36"
208.52.181.240 - - [30/Mar/2025:09:08:03 -0400] "GET /cbd-shop-uk-review/ HTTP/1.1" 200 23136 "-" "Mozilla/5.0 (Macintosh; Intel Mac OS X 12_5) AppleWebKit/537.36 (KHTML, like Gecko) Chrome/114.0.0.0 Safari/537.36"
198.54.114.83 - - [30/Mar/2025:09:12:19 -0400] "POST /wp-cron.php?doing_wp_cron=1743340339.0549550056457519531250 HTTP/1.1" 200 0 "-" "WordPress/6.7.2; https://shahmeenaindustry.com"
133.242.131.226 - - [30/Mar/2025:09:12:15 -0400] "POST /xmlrpc.php HTTP/1.1" 200 212 "http://shahmeenaindustry.com" "Mozilla/5.0 (Macintosh; Intel Mac OS X 13_3) AppleWebKit/537.36 (KHTML, like Gecko) Chrome/126.0.0.0 Safari/537.36"
198.54.114.83 - - [30/Mar/2025:09:14:11 -0400] "POST /wp-cron.php?doing_wp_cron=1743340451.4137639999389648437500 HTTP/1.1" 200 0 "-" "WordPress/6.7.2; https://shahmeenaindustry.com"
216.244.66.200 - - [30/Mar/2025:09:14:11 -0400] "GET /dental-cost-how-routine-care-can-prevent-costly-problems/ HTTP/1.1" 200 23276 "-" "Mozilla/5.0 (compatible; DotBot/1.2; +https://opensiteexplorer.org/dotbot; help@moz.com)"
198.54.114.83 - - [30/Mar/2025:09:20:17 -0400] "POST /wp-cron.php?doing_wp_cron=1743340816.8803989887237548828125 HTTP/1.1" 200 0 "-" "WordPress/6.7.2; https://shahmeenaindustry.com"
196.251.69.226 - - [30/Mar/2025:09:20:15 -0400] "GET /thoms.php HTTP/1.1" 404 16532 "www.google.com" "Mozlila/5.0 (Linux; Android 7.0; SM-G892A Bulid/NRD90M; wv) AppleWebKit/537.36 (KHTML, like Gecko) Version/4.0 Chrome/60.0.3112.107 Moblie Safari/537.36"
216.244.66.200 - - [30/Mar/2025:09:22:56 -0400] "GET /redefining-entertainment-and-accessibility/ HTTP/1.1" 200 21286 "-" "Mozilla/5.0 (compatible; DotBot/1.2; +https://opensiteexplorer.org/dotbot; help@moz.com)"
45.132.194.23 - - [30/Mar/2025:09:47:09 -0400] "GET /cbd-shop-uk-review/ HTTP/1.1" 200 23136 "http://shahmeenaindustry.com/cbd-shop-uk-review/" "Mozilla/5.0 (Windows NT 10.0; Win64; x64) AppleWebKit/537.36 (KHTML, like Gecko) Chrome/130.0.0.0 Safari/537.36"
216.244.66.200 - - [30/Mar/2025:09:55:01 -0400] "GET /robots.txt HTTP/1.1" 304 0 "-" "Mozilla/5.0 (compatible; DotBot/1.2; +https://opensiteexplorer.org/dotbot; help@moz.com)"
198.54.114.83 - - [30/Mar/2025:10:00:41 -0400] "POST /wp-cron.php?doing_wp_cron=1743343241.0303618907928466796875 HTTP/1.1" 200 0 "-" "WordPress/6.7.2; https://shahmeenaindustry.com"
69.10.52.140 - - [30/Mar/2025:10:00:40 -0400] "POST /xmlrpc.php HTTP/1.1" 200 236 "-" "Mozilla/5.0 (X11; Fedora; Linux x86_64; rv:94.0) Gecko/20100101 Firefox/95.0"
198.54.114.83 - - [30/Mar/2025:10:02:20 -0400] "POST /wp-cron.php?doing_wp_cron=1743343340.5784969329833984375000 HTTP/1.1" 200 0 "-" "WordPress/6.7.2; https://shahmeenaindustry.com"
216.244.66.200 - - [30/Mar/2025:10:02:20 -0400] "GET /upgrade-your-conservatory-with-a-solid-conservatory-roof/ HTTP/1.1" 200 21299 "-" "Mozilla/5.0 (compatible; DotBot/1.2; +https://opensiteexplorer.org/dotbot; help@moz.com)"
196.251.69.226 - - [30/Mar/2025:10:03:51 -0400] "GET /thoms.php HTTP/1.1" 404 16532 "www.google.com" "Mozlila/5.0 (Linux; Android 7.0; SM-G892A Bulid/NRD90M; wv) AppleWebKit/537.36 (KHTML, like Gecko) Version/4.0 Chrome/60.0.3112.107 Moblie Safari/537.36"
2a02:c206:3015:63::1 - - [30/Mar/2025:10:04:59 -0400] "GET / HTTP/1.1" 200 24560 "-" "Mozilla/5.0 (Windows NT 10.0; Win64; x64) AppleWebKit/537.36 (KHTML, like Gecko) Chrome/91.0.4472.114 Safari/537.36 Edg/91.0.864.54"
111.172.249.49 - - [30/Mar/2025:10:35:18 -0400] "GET / HTTP/1.1" 200 24560 "-" "Mozilla/5.0 (iPhone; CPU iPhone OS 13_2_3 like Mac OS X) AppleWebKit/605.1.15 (KHTML, like Gecko) Version/13.0.3 Mobile/15E148 Safari/604.1"
198.54.114.83 - - [30/Mar/2025:10:40:56 -0400] "POST /wp-cron.php?doing_wp_cron=1743345655.5313260555267333984375 HTTP/1.1" 200 0 "-" "WordPress/6.7.2; https://shahmeenaindustry.com"
173.212.223.204 - - [30/Mar/2025:10:40:55 -0400] "POST /xmlrpc.php HTTP/1.1" 200 212 "http://shahmeenaindustry.com" "Mozilla/5.0 (Windows NT 10.0; Win64; x64) AppleWebKit/537.36 (KHTML, like Gecko) Chrome/126.0.0.0 Safari/537.36"
216.244.66.200 - - [30/Mar/2025:10:41:33 -0400] "GET /robots.txt HTTP/1.1" 304 0 "-" "Mozilla/5.0 (compatible; DotBot/1.2; +https://opensiteexplorer.org/dotbot; help@moz.com)"
202.69.38.12 - - [30/Mar/2025:10:48:40 -0400] "HEAD / HTTP/1.1" 200 0 "https://shahmeenaindustry.com/" "Mozilla/5.0 (Windows NT 10.0; Win64; x64) AppleWebKit/537.36 (KHTML, like Gecko) Chrome/91.0.4472.124 Safari/537.36"
68.178.145.83 - - [30/Mar/2025:10:51:37 -0400] "POST /xmlrpc.php HTTP/1.1" 200 212 "http://shahmeenaindustry.com" "Mozilla/5.0 (Windows NT 11.0; Win64; x64) AppleWebKit/537.36 (KHTML, like Gecko) Chrome/126.0.0.0 Safari/537.36"
216.244.66.200 - - [30/Mar/2025:10:55:38 -0400] "GET /limportance-de-lassurance-professionnelle/feed/ HTTP/1.1" 200 452 "-" "Mozilla/5.0 (compatible; DotBot/1.2; +https://opensiteexplorer.org/dotbot; help@moz.com)"
103.127.134.129 - - [30/Mar/2025:11:00:17 -0400] "POST /xmlrpc.php HTTP/1.1" 200 236 "-" "Mozilla/5.0 (X11; Fedora; Linux x86_64; rv:94.0) Gecko/20100101 Firefox/95.0"
35.238.203.213 - - [30/Mar/2025:11:02:46 -0400] "POST /xmlrpc.php HTTP/1.1" 200 212 "http://shahmeenaindustry.com" "Mozilla/5.0 (Windows NT 10.0; Win64; x64) AppleWebKit/537.36 (KHTML, like Gecko) Chrome/113.0.5672.93 Safari/537.36"
196.251.69.226 - - [30/Mar/2025:11:10:14 -0400] "POST /wp-content/plugins/about.php HTTP/1.1" 403 1242 "http://shahmeenaindustry.com" "Mozilla/5.0 (Windows NT 10.0; Win64; x64) AppleWebKit/537.36 (KHTML, like Gecko) Chrome/91.0.4472.124 Safari/537.36"
196.251.69.226 - - [30/Mar/2025:11:10:17 -0400] "GET /wp-content/about.php HTTP/1.1" 404 16532 "http://shahmeenaindustry.com" "Mozilla/5.0 (Windows NT 10.0; Win64; x64) AppleWebKit/537.36 (KHTML, like Gecko) Chrome/91.0.4472.124 Safari/537.36"
196.251.69.226 - - [30/Mar/2025:11:10:24 -0400] "POST /wp-content/plugins/about.php HTTP/1.1" 403 1242 "http://shahmeenaindustry.com" "Mozilla/5.0 (Windows NT 10.0; Win64; x64) AppleWebKit/537.36 (KHTML, like Gecko) Chrome/91.0.4472.124 Safari/537.36"
196.251.69.226 - - [30/Mar/2025:11:10:26 -0400] "GET /wp-content/about.php HTTP/1.1" 404 16532 "http://shahmeenaindustry.com" "Mozilla/5.0 (Windows NT 10.0; Win64; x64) AppleWebKit/537.36 (KHTML, like Gecko) Chrome/91.0.4472.124 Safari/537.36"
196.251.69.226 - - [30/Mar/2025:11:10:31 -0400] "POST /wp-content/plugins/about.php HTTP/1.1" 403 1242 "http://shahmeenaindustry.com" "Mozilla/5.0 (Windows NT 10.0; Win64; x64) AppleWebKit/537.36 (KHTML, like Gecko) Chrome/91.0.4472.124 Safari/537.36"
196.251.69.226 - - [30/Mar/2025:11:10:32 -0400] "GET /wp-content/about.php HTTP/1.1" 404 16532 "http://shahmeenaindustry.com" "Mozilla/5.0 (Windows NT 10.0; Win64; x64) AppleWebKit/537.36 (KHTML, like Gecko) Chrome/91.0.4472.124 Safari/537.36"
196.251.69.226 - - [30/Mar/2025:11:10:39 -0400] "POST /wp.php HTTP/1.1" 403 1242 "http://shahmeenaindustry.com" "Mozilla/5.0 (Windows NT 10.0; Win64; x64) AppleWebKit/537.36 (KHTML, like Gecko) Chrome/91.0.4472.124 Safari/537.36"
196.251.69.226 - - [30/Mar/2025:11:10:40 -0400] "GET /about.php HTTP/1.1" 404 16531 "http://shahmeenaindustry.com" "Mozilla/5.0 (Windows NT 10.0; Win64; x64) AppleWebKit/537.36 (KHTML, like Gecko) Chrome/91.0.4472.124 Safari/537.36"
51.161.7.9 - - [30/Mar/2025:11:13:50 -0400] "POST /xmlrpc.php HTTP/1.1" 200 212 "http://shahmeenaindustry.com" "Mozilla/5.0 (Windows NT 10.0; Win64; x64; rv:128.0) Gecko/20100101 Firefox/128.0"
192.64.117.193 - - [30/Mar/2025:11:24:34 -0400] "POST /xmlrpc.php HTTP/1.1" 200 212 "http://shahmeenaindustry.com" "Mozilla/5.0 (Windows NT 10.0; Win64; x64) AppleWebKit/537.36 (KHTML, like Gecko) Chrome/112.0.5615.138 Safari/537.36 Edg/112.0.1722.68"
198.54.114.83 - - [30/Mar/2025:11:35:23 -0400] "POST /wp-cron.php?doing_wp_cron=1743348922.9888789653778076171875 HTTP/1.1" 200 0 "-" "WordPress/6.7.2; https://shahmeenaindustry.com"
199.188.200.151 - - [30/Mar/2025:11:35:18 -0400] "POST /xmlrpc.php HTTP/1.1" 200 212 "http://shahmeenaindustry.com" "Mozilla/5.0 (Windows NT 11.0; Win64; x64) AppleWebKit/537.36 (KHTML, like Gecko) Chrome/126.0.0.0 Safari/537.36 Edg/126.0.0.0"
198.54.114.83 - - [30/Mar/2025:11:46:01 -0400] "POST /wp-cron.php?doing_wp_cron=1743349561.4635488986968994140625 HTTP/1.1" 200 0 "-" "WordPress/6.7.2; https://shahmeenaindustry.com"
162.214.124.144 - - [30/Mar/2025:11:45:55 -0400] "POST /xmlrpc.php HTTP/1.1" 200 212 "http://shahmeenaindustry.com" "Mozilla/5.0 (Macintosh; Intel Mac OS X 10_15_7) AppleWebKit/537.36 (KHTML, like Gecko) Chrome/126.0.0.0 Safari/537.36"
198.54.114.83 - - [30/Mar/2025:11:51:06 -0400] "POST /wp-cron.php?doing_wp_cron=1743349866.7076010704040527343750 HTTP/1.1" 200 0 "-" "WordPress/6.7.2; https://shahmeenaindustry.com"
62.169.20.37 - - [30/Mar/2025:11:51:04 -0400] "POST /xmlrpc.php HTTP/1.1" 200 236 "-" "Mozilla/5.0 (X11; Fedora; Linux x86_64; rv:94.0) Gecko/20100101 Firefox/95.0"
162.240.238.246 - - [30/Mar/2025:11:56:20 -0400] "POST /xmlrpc.php HTTP/1.1" 200 0 "http://shahmeenaindustry.com" "Mozilla/5.0 (Windows NT 10.0; Win64; x64) AppleWebKit/537.36 (KHTML, like Gecko) Chrome/115.0.5790.171 Safari/537.36 Edg/115.0.1901.203"
198.54.114.83 - - [30/Mar/2025:11:56:33 -0400] "POST /wp-cron.php?doing_wp_cron=1743350192.5788760185241699218750 HTTP/1.1" 200 0 "-" "WordPress/6.7.2; https://shahmeenaindustry.com"
192.99.19.65 - - [30/Mar/2025:12:06:38 -0400] "POST /xmlrpc.php HTTP/1.1" 200 212 "http://shahmeenaindustry.com" "Mozilla/5.0 (Macintosh; Intel Mac OS X 14_6) AppleWebKit/605.1.15 (KHTML, like Gecko) Version/17.5 Safari/605.1.15"
84.247.50.194 - - [30/Mar/2025:12:13:47 -0400] "GET /cbd-shop-uk-review/ HTTP/1.1" 200 23136 "http://shahmeenaindustry.com/cbd-shop-uk-review/" "Mozilla/5.0 (Windows NT 10.0; Win64; x64) AppleWebKit/537.36 (KHTML, like Gecko) Chrome/130.0.0.0 Safari/537.36"
84.247.50.194 - - [30/Mar/2025:12:13:48 -0400] "POST /wp-comments-post.php HTTP/1.1" 302 0 "http://shahmeenaindustry.com/cbd-shop-uk-review/" "Mozilla/5.0 (Windows NT 10.0; Win64; x64) AppleWebKit/537.36 (KHTML, like Gecko) Chrome/130.0.0.0 Safari/537.36"
208.109.27.194 - - [30/Mar/2025:12:17:03 -0400] "POST /xmlrpc.php HTTP/1.1" 200 212 "http://shahmeenaindustry.com" "Mozilla/5.0 (Windows NT 10.0; Win64; x64; rv:129.0) Gecko/20100101 Firefox/129.0"
216.131.68.244 - - [30/Mar/2025:12:23:24 -0400] "GET /cbd-shop-uk-review/ HTTP/1.1" 200 23136 "http://shahmeenaindustry.com/cbd-shop-uk-review/" "Mozilla/5.0 (Windows NT 10.0; Win64; x64) AppleWebKit/537.36 (KHTML, like Gecko) Chrome/131.0.0.0 Safari/537.36"
198.54.114.83 - - [30/Mar/2025:12:23:32 -0400] "POST /wp-cron.php?doing_wp_cron=1743351811.7361900806427001953125 HTTP/1.1" 200 0 "-" "WordPress/6.7.2; https://shahmeenaindustry.com"
216.131.68.244 - - [30/Mar/2025:12:23:26 -0400] "POST /wp-comments-post.php HTTP/1.1" 302 0 "http://shahmeenaindustry.com/cbd-shop-uk-review/" "Mozilla/5.0 (Windows NT 10.0; Win64; x64) AppleWebKit/537.36 (KHTML, like Gecko) Chrome/131.0.0.0 Safari/537.36"
49.51.183.75 - - [30/Mar/2025:12:24:40 -0400] "GET / HTTP/1.1" 200 24560 "-" "Mozilla/5.0 (iPhone; CPU iPhone OS 13_2_3 like Mac OS X) AppleWebKit/605.1.15 (KHTML, like Gecko) Version/13.0.3 Mobile/15E148 Safari/604.1"
198.54.114.83 - - [30/Mar/2025:12:27:09 -0400] "POST /wp-cron.php?doing_wp_cron=1743352029.7559740543365478515625 HTTP/1.1" 200 0 "-" "WordPress/6.7.2; https://shahmeenaindustry.com"
209.74.67.29 - - [30/Mar/2025:12:27:09 -0400] "POST /xmlrpc.php HTTP/1.1" 200 212 "http://shahmeenaindustry.com" "Mozilla/5.0 (Windows NT 10.0; Win64; x64; rv:127.0) Gecko/20100101 Firefox/127.0"
185.2.4.33 - - [30/Mar/2025:12:27:32 -0400] "POST /xmlrpc.php HTTP/1.1" 200 236 "-" "Mozilla/5.0 (X11; Fedora; Linux x86_64; rv:94.0) Gecko/20100101 Firefox/95.0"
198.54.114.83 - - [30/Mar/2025:12:41:11 -0400] "POST /wp-cron.php?doing_wp_cron=1743352871.5236730575561523437500 HTTP/1.1" 200 0 "-" "WordPress/6.7.2; https://shahmeenaindustry.com"
216.244.66.200 - - [30/Mar/2025:12:41:11 -0400] "GET /la-magie-du-the-dallaitement/feed/ HTTP/1.1" 200 446 "-" "Mozilla/5.0 (compatible; DotBot/1.2; +https://opensiteexplorer.org/dotbot; help@moz.com)"
198.54.114.83 - - [30/Mar/2025:12:59:05 -0400] "POST /wp-cron.php?doing_wp_cron=1743353945.2949841022491455078125 HTTP/1.1" 200 0 "-" "WordPress/6.7.2; https://shahmeenaindustry.com"
20.198.224.111 - - [30/Mar/2025:12:59:02 -0400] "POST /xmlrpc.php HTTP/1.1" 200 236 "-" "Mozilla/5.0 (X11; Fedora; Linux x86_64; rv:94.0) Gecko/20100101 Firefox/95.0"
178.128.31.153 - - [30/Mar/2025:13:06:16 -0400] "GET /cbd-shop-uk-review/ HTTP/1.1" 200 23136 "http://shahmeenaindustry.com/cbd-shop-uk-review/" "Mozilla/5.0 (Windows NT 10.0; Win64; x64) AppleWebKit/537.36 (KHTML, like Gecko) Chrome/130.0.0.0 Safari/537.36 CCleaner/130.0.0.0"
198.54.114.83 - - [30/Mar/2025:13:06:24 -0400] "POST /wp-cron.php?doing_wp_cron=1743354384.2171530723571777343750 HTTP/1.1" 200 0 "-" "WordPress/6.7.2; https://shahmeenaindustry.com"
178.128.31.153 - - [30/Mar/2025:13:06:24 -0400] "POST /wp-comments-post.php HTTP/1.1" 200 1166 "http://shahmeenaindustry.com/cbd-shop-uk-review/" "Mozilla/5.0 (Windows NT 10.0; Win64; x64) AppleWebKit/537.36 (KHTML, like Gecko) Chrome/130.0.0.0 Safari/537.36 CCleaner/130.0.0.0"
196.251.69.226 - - [30/Mar/2025:13:11:03 -0400] "GET /wp-content/themes/wp-pridmag/up.php HTTP/1.1" 404 16532 "www.google.com" "Mozlila/5.0 (Linux; Android 7.0; SM-G892A Bulid/NRD90M; wv) AppleWebKit/537.36 (KHTML, like Gecko) Version/4.0 Chrome/60.0.3112.107 Moblie Safari/537.36"
198.54.114.83 - - [30/Mar/2025:13:11:06 -0400] "POST /wp-cron.php?doing_wp_cron=1743354663.5713460445404052734375 HTTP/1.1" 200 0 "-" "WordPress/6.7.2; https://shahmeenaindustry.com"
198.54.114.83 - - [30/Mar/2025:13:27:55 -0400] "POST /wp-cron.php?doing_wp_cron=1743355674.9407041072845458984375 HTTP/1.1" 200 0 "-" "WordPress/6.7.2; https://shahmeenaindustry.com"
186.64.116.130 - - [30/Mar/2025:13:27:51 -0400] "POST /xmlrpc.php HTTP/1.1" 200 236 "-" "Mozilla/5.0 (X11; Fedora; Linux x86_64; rv:94.0) Gecko/20100101 Firefox/95.0"
176.67.86.247 - - [30/Mar/2025:13:43:11 -0400] "GET /cbd-shop-uk-review/ HTTP/1.1" 200 23136 "http://shahmeenaindustry.com/cbd-shop-uk-review/" "Mozilla/5.0 (Windows NT 10.0; Win64; x64) AppleWebKit/537.36 (KHTML, like Gecko) Chrome/130.0.0.0 Safari/537.36"
198.54.114.83 - - [30/Mar/2025:13:43:12 -0400] "POST /wp-cron.php?doing_wp_cron=1743356592.5577609539031982421875 HTTP/1.1" 200 0 "-" "WordPress/6.7.2; https://shahmeenaindustry.com"
176.67.86.247 - - [30/Mar/2025:13:43:12 -0400] "POST /wp-comments-post.php HTTP/1.1" 302 0 "http://shahmeenaindustry.com/cbd-shop-uk-review/" "Mozilla/5.0 (Windows NT 10.0; Win64; x64) AppleWebKit/537.36 (KHTML, like Gecko) Chrome/130.0.0.0 Safari/537.36"
196.251.69.226 - - [30/Mar/2025:13:50:17 -0400] "GET /wp-content/themes/wp-pridmag/up.php HTTP/1.1" 404 16532 "www.google.com" "Mozlila/5.0 (Linux; Android 7.0; SM-G892A Bulid/NRD90M; wv) AppleWebKit/537.36 (KHTML, like Gecko) Version/4.0 Chrome/60.0.3112.107 Moblie Safari/537.36"
198.54.114.83 - - [30/Mar/2025:14:00:36 -0400] "POST /wp-cron.php?doing_wp_cron=1743357635.5132129192352294921875 HTTP/1.1" 200 0 "-" "WordPress/6.7.2; https://shahmeenaindustry.com"
196.251.69.226 - - [30/Mar/2025:14:00:31 -0400] "GET /wp-content/plugins/pwnd/pwnd.php HTTP/1.1" 404 16532 "-" "Mozlila/5.0 (Linux; Android 7.0; SM-G892A Bulid/NRD90M; wv) AppleWebKit/537.36 (KHTML, like Gecko) Version/4.0 Chrome/60.0.3112.107 Moblie Safari/537.36"
196.251.69.226 - - [30/Mar/2025:14:01:16 -0400] "GET /wp-content/plugins/pwnd-1/pwnd.php HTTP/1.1" 404 16532 "-" "Mozlila/5.0 (Linux; Android 7.0; SM-G892A Bulid/NRD90M; wv) AppleWebKit/537.36 (KHTML, like Gecko) Version/4.0 Chrome/60.0.3112.107 Moblie Safari/537.36"
216.244.66.200 - - [30/Mar/2025:14:01:38 -0400] "GET /robots.txt HTTP/1.1" 304 0 "-" "Mozilla/5.0 (compatible; DotBot/1.2; +https://opensiteexplorer.org/dotbot; help@moz.com)"
198.54.114.83 - - [30/Mar/2025:14:01:41 -0400] "POST /wp-cron.php?doing_wp_cron=1743357701.4822349548339843750000 HTTP/1.1" 200 0 "-" "WordPress/6.7.2; https://shahmeenaindustry.com"
196.251.69.226 - - [30/Mar/2025:14:01:41 -0400] "GET /wp-content/plugins/pwnd-2/pwnd.php HTTP/1.1" 404 16532 "-" "Mozlila/5.0 (Linux; Android 7.0; SM-G892A Bulid/NRD90M; wv) AppleWebKit/537.36 (KHTML, like Gecko) Version/4.0 Chrome/60.0.3112.107 Moblie Safari/537.36"
198.54.114.83 - - [30/Mar/2025:14:02:19 -0400] "POST /wp-cron.php?doing_wp_cron=1743357739.4893109798431396484375 HTTP/1.1" 200 0 "-" "WordPress/6.7.2; https://shahmeenaindustry.com"
196.251.69.226 - - [30/Mar/2025:14:02:19 -0400] "GET /wp-content/plugins/fix/up.php HTTP/1.1" 404 16532 "-" "Mozlila/5.0 (Linux; Android 7.0; SM-G892A Bulid/NRD90M; wv) AppleWebKit/537.36 (KHTML, like Gecko) Version/4.0 Chrome/60.0.3112.107 Moblie Safari/537.36"
198.54.114.83 - - [30/Mar/2025:14:11:21 -0400] "POST /wp-cron.php?doing_wp_cron=1743358280.9031770229339599609375 HTTP/1.1" 200 0 "-" "WordPress/6.7.2; https://shahmeenaindustry.com"
216.244.66.200 - - [30/Mar/2025:14:11:18 -0400] "GET /choosing-the-right-kitchen-cabinet-manufacturer-key-considerations/ HTTP/1.1" 200 20975 "-" "Mozilla/5.0 (compatible; DotBot/1.2; +https://opensiteexplorer.org/dotbot; help@moz.com)"
216.244.66.200 - - [30/Mar/2025:14:14:53 -0400] "GET /category/activity/page/96/ HTTP/1.1" 200 21531 "-" "Mozilla/5.0 (compatible; DotBot/1.2; +https://opensiteexplorer.org/dotbot; help@moz.com)"
94.25.225.56 - - [30/Mar/2025:14:21:21 -0400] "GET /cbd-shop-uk-review/ HTTP/1.1" 200 23136 "http://shahmeenaindustry.com/cbd-shop-uk-review/" "Mozilla/5.0 (Windows NT 10.0; Win64; x64) AppleWebKit/537.36 (KHTML, like Gecko) Chrome/129.0.0.0 Safari/537.36"
195.26.225.218 - - [30/Mar/2025:14:40:05 -0400] "GET /how-to-get-the-most-out-of-a-jade-roller/ HTTP/1.1" 200 21756 "http://shahmeenaindustry.com/how-to-get-the-most-out-of-a-jade-roller/" "Mozilla/5.0 (Windows NT 10.0; Win64; x64) AppleWebKit/537.36 (KHTML, like Gecko) Chrome/131.0.0.0 Safari/537.36"
198.54.114.83 - - [30/Mar/2025:14:40:07 -0400] "POST /wp-cron.php?doing_wp_cron=1743360007.3430960178375244140625 HTTP/1.1" 200 0 "-" "WordPress/6.7.2; https://shahmeenaindustry.com"
195.26.225.218 - - [30/Mar/2025:14:40:06 -0400] "POST /wp-comments-post.php HTTP/1.1" 302 0 "http://shahmeenaindustry.com/how-to-get-the-most-out-of-a-jade-roller/" "Mozilla/5.0 (Windows NT 10.0; Win64; x64) AppleWebKit/537.36 (KHTML, like Gecko) Chrome/131.0.0.0 Safari/537.36"
198.54.114.36 - - [30/Mar/2025:14:48:05 -0400] "GET / HTTP/1.1" 200 24560 "-" "Mozilla/5.0 (Macintosh; Intel Mac OS X 10_15_7) AppleWebKit/537.36 (KHTML, like Gecko) Chrome/112.0.5615.138 Safari/537.36"
198.54.114.83 - - [30/Mar/2025:14:48:05 -0400] "POST /wp-cron.php?doing_wp_cron=1743360485.7225990295410156250000 HTTP/1.1" 200 0 "-" "WordPress/6.7.2; https://shahmeenaindustry.com"
198.54.114.36 - - [30/Mar/2025:14:48:05 -0400] "GET /index.php?rest_route=/wp/v2/users HTTP/1.1" 200 1381 "http://shahmeenaindustry.com" "Mozilla/5.0 (Macintosh; Intel Mac OS X 10.15; rv:126.0) Gecko/20100101 Firefox/126.0"
142.93.182.3 - - [30/Mar/2025:14:58:17 -0400] "GET / HTTP/1.1" 200 24560 "-" "Mozilla/5.0 (Windows NT 10.0; Win64; x64) AppleWebKit/537.36 (KHTML, like Gecko) Chrome/80.0.3987.149 Safari/537.36"
198.54.114.83 - - [30/Mar/2025:14:58:17 -0400] "POST /wp-cron.php?doing_wp_cron=1743361097.7737538814544677734375 HTTP/1.1" 200 0 "-" "WordPress/6.7.2; https://shahmeenaindustry.com"
142.93.182.3 - - [30/Mar/2025:14:58:17 -0400] "GET /?author=1 HTTP/1.1" 301 0 "-" "Mozilla/5.0 (Windows NT 10.0; Win64; x64) AppleWebKit/537.36 (KHTML, like Gecko) Chrome/80.0.3987.149 Safari/537.36"
142.93.182.3 - - [30/Mar/2025:14:58:18 -0400] "GET /?author=2 HTTP/1.1" 301 0 "-" "Mozilla/5.0 (Windows NT 10.0; Win64; x64) AppleWebKit/537.36 (KHTML, like Gecko) Chrome/80.0.3987.149 Safari/537.36"
142.93.182.3 - - [30/Mar/2025:14:58:18 -0400] "GET /wp-json/wp/v2/users/ HTTP/1.1" 200 1381 "-" "Mozilla/5.0 (Windows NT 10.0; Win64; x64) AppleWebKit/537.36 (KHTML, like Gecko) Chrome/80.0.3987.149 Safari/537.36"
185.226.197.60 - - [30/Mar/2025:15:12:17 -0400] "GET / HTTP/1.1" 200 24560 "-" "Mozilla/5.0 (Windows NT 10.0; Win64; x64) AppleWebKit/537.36 (KHTML, like Gecko) Chrome/60.0.3112.113 Safari/537.36"
185.226.197.60 - - [30/Mar/2025:15:12:18 -0400] "GET /aspera/faspex/ HTTP/1.1" 404 16532 "-" "Mozilla/5.0 (Windows NT 10.0; Win64; x64) AppleWebKit/537.36 (KHTML, like Gecko) Chrome/60.0.3112.113 Safari/537.36"
185.226.197.59 - - [30/Mar/2025:15:12:19 -0400] "GET / HTTP/1.1" 200 24560 "-" "Mozilla/5.0 (Windows NT 10.0; Win64; x64) AppleWebKit/537.36 (KHTML, like Gecko) Chrome/60.0.3112.113 Safari/537.36"
185.226.197.57 - - [30/Mar/2025:15:12:24 -0400] "GET /favicon.ico HTTP/1.1" 404 1251 "-" "Mozilla/5.0 (Windows NT 10.0; WOW64) AppleWebKit/537.36 (KHTML, like Gecko) Chrome/66.0.3359.117 Safari/537.36"
185.226.197.59 - - [30/Mar/2025:15:12:25 -0400] "GET /license.txt HTTP/1.1" 200 8314 "-" "Mozilla/5.0 (Windows NT 10.0; Win64; x64) AppleWebKit/537.36 (KHTML, like Gecko) Chrome/60.0.3112.113 Safari/537.36"
185.226.197.60 - - [30/Mar/2025:15:12:32 -0400] "GET /wp-content/plugins/wp-video-lightbox/readme.txt HTTP/1.1" 404 16532 "-" "Mozilla/5.0 (Windows NT 10.0; Win64; x64) AppleWebKit/537.36 (KHTML, like Gecko) Chrome/60.0.3112.113 Safari/537.36"
185.226.197.57 - - [30/Mar/2025:15:12:40 -0400] "GET /wp-content/plugins/fancy-product-designer/readme.txt HTTP/1.1" 404 16532 "-" "Mozilla/5.0 (Windows NT 10.0; Win64; x64) AppleWebKit/537.36 (KHTML, like Gecko) Chrome/60.0.3112.113 Safari/537.36"
185.226.197.57 - - [30/Mar/2025:15:12:48 -0400] "GET /wp-content/plugins/optinmonster/readme.txt HTTP/1.1" 404 16532 "-" "Mozilla/5.0 (Windows NT 10.0; Win64; x64) AppleWebKit/537.36 (KHTML, like Gecko) Chrome/60.0.3112.113 Safari/537.36"
185.226.197.59 - - [30/Mar/2025:15:12:59 -0400] "GET /wp-content/plugins/wp-fastest-cache/readme.txt HTTP/1.1" 404 16532 "-" "Mozilla/5.0 (Windows NT 10.0; Win64; x64) AppleWebKit/537.36 (KHTML, like Gecko) Chrome/60.0.3112.113 Safari/537.36"
185.226.197.58 - - [30/Mar/2025:15:13:05 -0400] "GET /wp-content/plugins/iwp-client/readme.txt HTTP/1.1" 404 16532 "-" "Mozilla/5.0 (Windows NT 10.0; Win64; x64) AppleWebKit/537.36 (KHTML, like Gecko) Chrome/60.0.3112.113 Safari/537.36"
185.226.197.57 - - [30/Mar/2025:15:13:18 -0400] "GET /wp-content/plugins/wordpress-database-reset/readme.txt HTTP/1.1" 404 16532 "-" "Mozilla/5.0 (Windows NT 10.0; Win64; x64) AppleWebKit/537.36 (KHTML, like Gecko) Chrome/60.0.3112.113 Safari/537.36"
185.226.197.58 - - [30/Mar/2025:15:13:41 -0400] "GET /wp-content/plugins/wp-central/readme.txt HTTP/1.1" 404 16532 "-" "Mozilla/5.0 (Windows NT 10.0; Win64; x64) AppleWebKit/537.36 (KHTML, like Gecko) Chrome/60.0.3112.113 Safari/537.36"
198.54.114.83 - - [30/Mar/2025:15:14:32 -0400] "POST /wp-cron.php?doing_wp_cron=1743362072.3089048862457275390625 HTTP/1.1" 200 0 "-" "WordPress/6.7.2; https://shahmeenaindustry.com"
185.226.197.60 - - [30/Mar/2025:15:14:32 -0400] "GET /wp-content/plugins/kingcomposer/readme.txt HTTP/1.1" 404 16532 "-" "Mozilla/5.0 (Windows NT 10.0; Win64; x64) AppleWebKit/537.36 (KHTML, like Gecko) Chrome/60.0.3112.113 Safari/537.36"
185.226.197.57 - - [30/Mar/2025:15:15:01 -0400] "GET /wp-content/plugins/code-snippets/readme.txt HTTP/1.1" 404 16532 "-" "Mozilla/5.0 (Windows NT 10.0; Win64; x64) AppleWebKit/537.36 (KHTML, like Gecko) Chrome/60.0.3112.113 Safari/537.36"
198.54.114.83 - - [30/Mar/2025:15:15:32 -0400] "POST /wp-cron.php?doing_wp_cron=1743362131.0446360111236572265625 HTTP/1.1" 200 0 "-" "WordPress/6.7.2; https://shahmeenaindustry.com"
185.226.197.59 - - [30/Mar/2025:15:15:30 -0400] "GET /wp-content/plugins/wp-user-avatar/readme.txt HTTP/1.1" 404 16532 "-" "Mozilla/5.0 (Windows NT 10.0; Win64; x64) AppleWebKit/537.36 (KHTML, like Gecko) Chrome/60.0.3112.113 Safari/537.36"
185.226.197.58 - - [30/Mar/2025:15:15:58 -0400] "GET /wp-content/plugins/bbpress/readme.txt HTTP/1.1" 404 16532 "-" "Mozilla/5.0 (Windows NT 10.0; Win64; x64) AppleWebKit/537.36 (KHTML, like Gecko) Chrome/60.0.3112.113 Safari/537.36"
198.54.114.83 - - [30/Mar/2025:15:16:42 -0400] "POST /wp-cron.php?doing_wp_cron=1743362202.3372828960418701171875 HTTP/1.1" 200 0 "-" "WordPress/6.7.2; https://shahmeenaindustry.com"
185.226.197.58 - - [30/Mar/2025:15:16:42 -0400] "GET /wp-content/plugins/wp-time-capsule/readme.txt HTTP/1.1" 404 16532 "-" "Mozilla/5.0 (Windows NT 10.0; Win64; x64) AppleWebKit/537.36 (KHTML, like Gecko) Chrome/60.0.3112.113 Safari/537.36"
198.54.114.83 - - [30/Mar/2025:15:17:05 -0400] "POST /wp-cron.php?doing_wp_cron=1743362225.6977019309997558593750 HTTP/1.1" 200 0 "-" "WordPress/6.7.2; https://shahmeenaindustry.com"
185.226.197.57 - - [30/Mar/2025:15:17:05 -0400] "GET /wp-content/plugins/wpschoolpress/readme.txt HTTP/1.1" 404 16532 "-" "Mozilla/5.0 (Windows NT 10.0; Win64; x64) AppleWebKit/537.36 (KHTML, like Gecko) Chrome/60.0.3112.113 Safari/537.36"
185.226.197.60 - - [30/Mar/2025:15:17:36 -0400] "GET /wp-content/plugins/elementor/readme.txt HTTP/1.1" 404 16532 "-" "Mozilla/5.0 (Windows NT 10.0; Win64; x64) AppleWebKit/537.36 (KHTML, like Gecko) Chrome/60.0.3112.113 Safari/537.36"
185.226.197.57 - - [30/Mar/2025:15:17:51 -0400] "GET /wp-content/plugins/litespeed-cache/readme.txt HTTP/1.1" 200 12489 "-" "Mozilla/5.0 (Windows NT 10.0; Win64; x64) AppleWebKit/537.36 (KHTML, like Gecko) Chrome/60.0.3112.113 Safari/537.36"
185.226.197.57 - - [30/Mar/2025:15:17:51 -0400] "GET /wp-content/plugins/wordpress-seo/readme.txt HTTP/1.1" 200 9714 "-" "Mozilla/5.0 (Windows NT 10.0; Win64; x64) AppleWebKit/537.36 (KHTML, like Gecko) Chrome/60.0.3112.113 Safari/537.36"
185.226.197.60 - - [30/Mar/2025:15:17:51 -0400] "GET /wp-content/plugins/wordfence/readme.txt HTTP/1.1" 404 16532 "-" "Mozilla/5.0 (Windows NT 10.0; Win64; x64) AppleWebKit/537.36 (KHTML, like Gecko) Chrome/60.0.3112.113 Safari/537.36"
185.226.197.60 - - [30/Mar/2025:15:17:51 -0400] "GET /wp-content/plugins/wps-hide-login/readme.txt HTTP/1.1" 404 16532 "-" "Mozilla/5.0 (Windows NT 10.0; Win64; x64) AppleWebKit/537.36 (KHTML, like Gecko) Chrome/60.0.3112.113 Safari/537.36"
185.226.197.58 - - [30/Mar/2025:15:17:51 -0400] "GET /wp-content/plugins/akismet/readme.txt HTTP/1.1" 404 16532 "-" "Mozilla/5.0 (Windows NT 10.0; Win64; x64) AppleWebKit/537.36 (KHTML, like Gecko) Chrome/60.0.3112.113 Safari/537.36"
185.226.197.59 - - [30/Mar/2025:15:17:51 -0400] "GET /wp-content/plugins/updraftplus/readme.txt HTTP/1.1" 404 16532 "-" "Mozilla/5.0 (Windows NT 10.0; Win64; x64) AppleWebKit/537.36 (KHTML, like Gecko) Chrome/60.0.3112.113 Safari/537.36"
185.226.197.58 - - [30/Mar/2025:15:17:51 -0400] "GET /wp-content/plugins/advanced-custom-fields/readme.txt HTTP/1.1" 404 16532 "-" "Mozilla/5.0 (Windows NT 10.0; Win64; x64) AppleWebKit/537.36 (KHTML, like Gecko) Chrome/60.0.3112.113 Safari/537.36"
185.226.197.60 - - [30/Mar/2025:15:17:51 -0400] "GET /wp-content/plugins/header-footer-elementor/readme.txt HTTP/1.1" 404 16532 "-" "Mozilla/5.0 (Windows NT 10.0; Win64; x64) AppleWebKit/537.36 (KHTML, like Gecko) Chrome/60.0.3112.113 Safari/537.36"
185.226.197.60 - - [30/Mar/2025:15:17:51 -0400] "GET /wp-content/plugins/all-in-one-seo-pack/readme.txt HTTP/1.1" 404 16532 "-" "Mozilla/5.0 (Windows NT 10.0; Win64; x64) AppleWebKit/537.36 (KHTML, like Gecko) Chrome/60.0.3112.113 Safari/537.36"
185.226.197.59 - - [30/Mar/2025:15:17:51 -0400] "GET /wp-content/plugins/duplicate-post/readme.txt HTTP/1.1" 404 16532 "-" "Mozilla/5.0 (Windows NT 10.0; Win64; x64) AppleWebKit/537.36 (KHTML, like Gecko) Chrome/60.0.3112.113 Safari/537.36"
185.226.197.57 - - [30/Mar/2025:15:17:51 -0400] "GET /wp-content/plugins/wpforms-lite/readme.txt HTTP/1.1" 404 16532 "-" "Mozilla/5.0 (Windows NT 10.0; Win64; x64) AppleWebKit/537.36 (KHTML, like Gecko) Chrome/60.0.3112.113 Safari/537.36"
185.226.197.60 - - [30/Mar/2025:15:17:51 -0400] "GET /wp-content/plugins/all-in-one-wp-migration/readme.txt HTTP/1.1" 404 16532 "-" "Mozilla/5.0 (Windows NT 10.0; Win64; x64) AppleWebKit/537.36 (KHTML, like Gecko) Chrome/60.0.3112.113 Safari/537.36"
185.226.197.60 - - [30/Mar/2025:15:17:51 -0400] "GET /wp-content/plugins/duplicate-page/readme.txt HTTP/1.1" 404 16532 "-" "Mozilla/5.0 (Windows NT 10.0; Win64; x64) AppleWebKit/537.36 (KHTML, like Gecko) Chrome/60.0.3112.113 Safari/537.36"
185.226.197.60 - - [30/Mar/2025:15:17:51 -0400] "GET /wp-content/plugins/really-simple-ssl/readme.txt HTTP/1.1" 404 16532 "-" "Mozilla/5.0 (Windows NT 10.0; Win64; x64) AppleWebKit/537.36 (KHTML, like Gecko) Chrome/60.0.3112.113 Safari/537.36"
185.226.197.57 - - [30/Mar/2025:15:17:51 -0400] "GET /wp-content/plugins/insert-headers-and-footers/readme.txt HTTP/1.1" 404 16532 "-" "Mozilla/5.0 (Windows NT 10.0; Win64; x64) AppleWebKit/537.36 (KHTML, like Gecko) Chrome/60.0.3112.113 Safari/537.36"
185.226.197.58 - - [30/Mar/2025:15:17:51 -0400] "GET /wp-content/plugins/wp-super-cache/readme.txt HTTP/1.1" 404 16532 "-" "Mozilla/5.0 (Windows NT 10.0; Win64; x64) AppleWebKit/537.36 (KHTML, like Gecko) Chrome/60.0.3112.113 Safari/537.36"
185.226.197.60 - - [30/Mar/2025:15:17:51 -0400] "GET /wp-content/plugins/seo-by-rank-math/readme.txt HTTP/1.1" 404 16532 "-" "Mozilla/5.0 (Windows NT 10.0; Win64; x64) AppleWebKit/537.36 (KHTML, like Gecko) Chrome/60.0.3112.113 Safari/537.36"
185.226.197.58 - - [30/Mar/2025:15:17:51 -0400] "GET /wp-content/plugins/jetpack/readme.txt HTTP/1.1" 404 16532 "-" "Mozilla/5.0 (Windows NT 10.0; Win64; x64) AppleWebKit/537.36 (KHTML, like Gecko) Chrome/60.0.3112.113 Safari/537.36"
185.226.197.60 - - [30/Mar/2025:15:17:51 -0400] "GET /wp-content/plugins/envato-elements/readme.txt HTTP/1.1" 404 16532 "-" "Mozilla/5.0 (Windows NT 10.0; Win64; x64) AppleWebKit/537.36 (KHTML, like Gecko) Chrome/60.0.3112.113 Safari/537.36"
185.226.197.60 - - [30/Mar/2025:15:17:51 -0400] "GET /wp-content/plugins/google-analytics-for-wordpress/readme.txt HTTP/1.1" 404 16532 "-" "Mozilla/5.0 (Windows NT 10.0; Win64; x64) AppleWebKit/537.36 (KHTML, like Gecko) Chrome/60.0.3112.113 Safari/537.36"
185.226.197.59 - - [30/Mar/2025:15:17:51 -0400] "GET /wp-content/plugins/woocommerce/readme.txt HTTP/1.1" 404 16532 "-" "Mozilla/5.0 (Windows NT 10.0; Win64; x64) AppleWebKit/537.36 (KHTML, like Gecko) Chrome/60.0.3112.113 Safari/537.36"
185.226.197.60 - - [30/Mar/2025:15:17:51 -0400] "GET /wp-content/plugins/ultimate-addons-for-gutenberg/readme.txt HTTP/1.1" 404 16532 "-" "Mozilla/5.0 (Windows NT 10.0; Win64; x64) AppleWebKit/537.36 (KHTML, like Gecko) Chrome/60.0.3112.113 Safari/537.36"
185.226.197.58 - - [30/Mar/2025:15:17:51 -0400] "GET /wp-content/plugins/redirection/readme.txt HTTP/1.1" 404 16532 "-" "Mozilla/5.0 (Windows NT 10.0; Win64; x64) AppleWebKit/537.36 (KHTML, like Gecko) Chrome/60.0.3112.113 Safari/537.36"
185.226.197.60 - - [30/Mar/2025:15:17:51 -0400] "GET /wp-content/plugins/wp-optimize/readme.txt HTTP/1.1" 404 16532 "-" "Mozilla/5.0 (Windows NT 10.0; Win64; x64) AppleWebKit/537.36 (KHTML, like Gecko) Chrome/60.0.3112.113 Safari/537.36"
185.226.197.57 - - [30/Mar/2025:15:17:51 -0400] "GET /wp-content/plugins/duplicator/readme.txt HTTP/1.1" 404 16532 "-" "Mozilla/5.0 (Windows NT 10.0; Win64; x64) AppleWebKit/537.36 (KHTML, like Gecko) Chrome/60.0.3112.113 Safari/537.36"
185.226.197.58 - - [30/Mar/2025:15:17:51 -0400] "GET /wp-content/plugins/better-search-replace/readme.txt HTTP/1.1" 404 16532 "-" "Mozilla/5.0 (Windows NT 10.0; Win64; x64) AppleWebKit/537.36 (KHTML, like Gecko) Chrome/60.0.3112.113 Safari/537.36"
185.226.197.60 - - [30/Mar/2025:15:17:51 -0400] "GET /wp-content/plugins/ewww-image-optimizer/readme.txt HTTP/1.1" 404 16532 "-" "Mozilla/5.0 (Windows NT 10.0; Win64; x64) AppleWebKit/537.36 (KHTML, like Gecko) Chrome/60.0.3112.113 Safari/537.36"
185.226.197.59 - - [30/Mar/2025:15:17:51 -0400] "GET /wp-content/plugins/svg-support/readme.txt HTTP/1.1" 404 16532 "-" "Mozilla/5.0 (Windows NT 10.0; Win64; x64) AppleWebKit/537.36 (KHTML, like Gecko) Chrome/60.0.3112.113 Safari/537.36"
185.226.197.59 - - [30/Mar/2025:15:17:51 -0400] "GET /wp-content/plugins/essential-addons-for-elementor-lite/readme.txt HTTP/1.1" 404 16532 "-" "Mozilla/5.0 (Windows NT 10.0; Win64; x64) AppleWebKit/537.36 (KHTML, like Gecko) Chrome/60.0.3112.113 Safari/537.36"
185.226.197.59 - - [30/Mar/2025:15:17:51 -0400] "GET /wp-content/plugins/hostinger/readme.txt HTTP/1.1" 404 16532 "-" "Mozilla/5.0 (Windows NT 10.0; Win64; x64) AppleWebKit/537.36 (KHTML, like Gecko) Chrome/60.0.3112.113 Safari/537.36"
185.226.197.60 - - [30/Mar/2025:15:17:51 -0400] "GET /wp-content/plugins/contact-form-7/readme.txt HTTP/1.1" 404 16532 "-" "Mozilla/5.0 (Windows NT 10.0; Win64; x64) AppleWebKit/537.36 (KHTML, like Gecko) Chrome/60.0.3112.113 Safari/537.36"
185.226.197.60 - - [30/Mar/2025:15:17:51 -0400] "GET /wp-content/plugins/sg-security/readme.txt HTTP/1.1" 404 16532 "-" "Mozilla/5.0 (Windows NT 10.0; Win64; x64) AppleWebKit/537.36 (KHTML, like Gecko) Chrome/60.0.3112.113 Safari/537.36"
185.226.197.57 - - [30/Mar/2025:15:17:51 -0400] "GET /wp-content/plugins/limit-login-attempts-reloaded/readme.txt HTTP/1.1" 404 16532 "-" "Mozilla/5.0 (Windows NT 10.0; Win64; x64) AppleWebKit/537.36 (KHTML, like Gecko) Chrome/60.0.3112.113 Safari/537.36"
185.226.197.60 - - [30/Mar/2025:15:17:51 -0400] "GET /wp-content/plugins/wp-file-manager/readme.txt HTTP/1.1" 404 16532 "-" "Mozilla/5.0 (Windows NT 10.0; Win64; x64) AppleWebKit/537.36 (KHTML, like Gecko) Chrome/60.0.3112.113 Safari/537.36"
185.226.197.59 - - [30/Mar/2025:15:17:51 -0400] "GET /wp-content/plugins/smart-slider-3/readme.txt HTTP/1.1" 404 16532 "-" "Mozilla/5.0 (Windows NT 10.0; Win64; x64) AppleWebKit/537.36 (KHTML, like Gecko) Chrome/60.0.3112.113 Safari/537.36"
185.226.197.60 - - [30/Mar/2025:15:17:51 -0400] "GET /wp-content/plugins/coming-soon/readme.txt HTTP/1.1" 404 16532 "-" "Mozilla/5.0 (Windows NT 10.0; Win64; x64) AppleWebKit/537.36 (KHTML, like Gecko) Chrome/60.0.3112.113 Safari/537.36"
185.226.197.59 - - [30/Mar/2025:15:17:51 -0400] "GET /wp-content/plugins/better-wp-security/readme.txt HTTP/1.1" 404 16532 "-" "Mozilla/5.0 (Windows NT 10.0; Win64; x64) AppleWebKit/537.36 (KHTML, like Gecko) Chrome/60.0.3112.113 Safari/537.36"
185.226.197.59 - - [30/Mar/2025:15:17:51 -0400] "GET /wp-content/plugins/disable-comments/readme.txt HTTP/1.1" 404 16532 "-" "Mozilla/5.0 (Windows NT 10.0; Win64; x64) AppleWebKit/537.36 (KHTML, like Gecko) Chrome/60.0.3112.113 Safari/537.36"
185.226.197.58 - - [30/Mar/2025:15:17:51 -0400] "GET /wp-content/plugins/mailchimp-for-wp/readme.txt HTTP/1.1" 404 16532 "-" "Mozilla/5.0 (Windows NT 10.0; Win64; x64) AppleWebKit/537.36 (KHTML, like Gecko) Chrome/60.0.3112.113 Safari/537.36"
185.226.197.58 - - [30/Mar/2025:15:17:51 -0400] "GET /wp-content/plugins/autoptimize/readme.txt HTTP/1.1" 404 16532 "-" "Mozilla/5.0 (Windows NT 10.0; Win64; x64) AppleWebKit/537.36 (KHTML, like Gecko) Chrome/60.0.3112.113 Safari/537.36"
185.226.197.58 - - [30/Mar/2025:15:17:51 -0400] "GET /wp-content/plugins/w3-total-cache/readme.txt HTTP/1.1" 404 16532 "-" "Mozilla/5.0 (Windows NT 10.0; Win64; x64) AppleWebKit/537.36 (KHTML, like Gecko) Chrome/60.0.3112.113 Safari/537.36"
185.226.197.59 - - [30/Mar/2025:15:17:51 -0400] "GET /wp-content/plugins/complianz-gdpr/readme.txt HTTP/1.1" 404 16532 "-" "Mozilla/5.0 (Windows NT 10.0; Win64; x64) AppleWebKit/537.36 (KHTML, like Gecko) Chrome/60.0.3112.113 Safari/537.36"
185.226.197.60 - - [30/Mar/2025:15:17:51 -0400] "GET /wp-content/plugins/loginizer/readme.txt HTTP/1.1" 404 16532 "-" "Mozilla/5.0 (Windows NT 10.0; Win64; x64) AppleWebKit/537.36 (KHTML, like Gecko) Chrome/60.0.3112.113 Safari/537.36"
185.226.197.60 - - [30/Mar/2025:15:17:51 -0400] "GET /wp-content/plugins/all-in-one-wp-security-and-firewall/readme.txt HTTP/1.1" 404 16532 "-" "Mozilla/5.0 (Windows NT 10.0; Win64; x64) AppleWebKit/537.36 (KHTML, like Gecko) Chrome/60.0.3112.113 Safari/537.36"
185.226.197.58 - - [30/Mar/2025:15:17:51 -0400] "GET /wp-content/plugins/google-site-kit/readme.txt HTTP/1.1" 404 16532 "-" "Mozilla/5.0 (Windows NT 10.0; Win64; x64) AppleWebKit/537.36 (KHTML, like Gecko) Chrome/60.0.3112.113 Safari/537.36"
185.226.197.57 - - [30/Mar/2025:15:17:51 -0400] "GET /wp-content/plugins/redux-framework/readme.txt HTTP/1.1" 404 16532 "-" "Mozilla/5.0 (Windows NT 10.0; Win64; x64) AppleWebKit/537.36 (KHTML, like Gecko) Chrome/60.0.3112.113 Safari/537.36"
185.226.197.59 - - [30/Mar/2025:15:17:51 -0400] "GET /wp-content/plugins/astra-sites/readme.txt HTTP/1.1" 404 16532 "-" "Mozilla/5.0 (Windows NT 10.0; Win64; x64) AppleWebKit/537.36 (KHTML, like Gecko) Chrome/60.0.3112.113 Safari/537.36"
198.54.114.83 - - [30/Mar/2025:15:21:11 -0400] "POST /wp-cron.php?doing_wp_cron=1743362471.2784299850463867187500 HTTP/1.1" 200 0 "-" "WordPress/6.7.2; https://shahmeenaindustry.com"
196.251.69.226 - - [30/Mar/2025:15:21:10 -0400] "GET /wp-content/plugins/pwnd/pwnd.php HTTP/1.1" 404 16532 "-" "Mozlila/5.0 (Linux; Android 7.0; SM-G892A Bulid/NRD90M; wv) AppleWebKit/537.36 (KHTML, like Gecko) Version/4.0 Chrome/60.0.3112.107 Moblie Safari/537.36"
196.251.69.226 - - [30/Mar/2025:15:21:25 -0400] "GET /wp-content/plugins/pwnd-1/pwnd.php HTTP/1.1" 404 16532 "-" "Mozlila/5.0 (Linux; Android 7.0; SM-G892A Bulid/NRD90M; wv) AppleWebKit/537.36 (KHTML, like Gecko) Version/4.0 Chrome/60.0.3112.107 Moblie Safari/537.36"
196.251.69.226 - - [30/Mar/2025:15:21:51 -0400] "GET /wp-content/plugins/pwnd-2/pwnd.php HTTP/1.1" 404 16532 "-" "Mozlila/5.0 (Linux; Android 7.0; SM-G892A Bulid/NRD90M; wv) AppleWebKit/537.36 (KHTML, like Gecko) Version/4.0 Chrome/60.0.3112.107 Moblie Safari/537.36"
196.251.69.226 - - [30/Mar/2025:15:22:17 -0400] "GET /wp-content/plugins/fix/up.php HTTP/1.1" 404 16532 "-" "Mozlila/5.0 (Linux; Android 7.0; SM-G892A Bulid/NRD90M; wv) AppleWebKit/537.36 (KHTML, like Gecko) Version/4.0 Chrome/60.0.3112.107 Moblie Safari/537.36"
198.54.114.83 - - [30/Mar/2025:15:26:13 -0400] "POST /wp-cron.php?doing_wp_cron=1743362773.6762480735778808593750 HTTP/1.1" 200 0 "-" "WordPress/6.7.2; https://shahmeenaindustry.com"
172.200.235.115 - - [30/Mar/2025:15:26:13 -0400] "GET /lv.php HTTP/1.1" 404 16532 "-" "-"
172.200.235.115 - - [30/Mar/2025:15:26:14 -0400] "GET /wp-22.php HTTP/1.1" 404 16532 "-" "-"
172.200.235.115 - - [30/Mar/2025:15:26:15 -0400] "GET /wp-content/plugins/pwnd/pwnd.php HTTP/1.1" 404 16532 "-" "-"
172.200.235.115 - - [30/Mar/2025:15:26:15 -0400] "GET /wp-content/plugins/pwnd-1/pwnd.php HTTP/1.1" 404 16532 "-" "-"
172.200.235.115 - - [30/Mar/2025:15:26:15 -0400] "GET /wp-includes/Requests/about.php HTTP/1.1" 404 16532 "-" "-"
172.200.235.115 - - [30/Mar/2025:15:26:16 -0400] "GET /wp-includes/style-engine/about.php HTTP/1.1" 404 16532 "-" "-"
172.200.235.115 - - [30/Mar/2025:15:26:17 -0400] "GET /wp-includes/rest-api/about.php HTTP/1.1" 404 16532 "-" "-"
172.200.235.115 - - [30/Mar/2025:15:26:17 -0400] "GET /wp-includes/SimplePie/about.php HTTP/1.1" 404 16532 "-" "-"
172.200.235.115 - - [30/Mar/2025:15:26:18 -0400] "GET /wp-content/banners/about.php HTTP/1.1" 404 16532 "-" "-"
172.200.235.115 - - [30/Mar/2025:15:26:19 -0400] "GET /wp-content/about.php HTTP/1.1" 404 16532 "-" "-"
172.200.235.115 - - [30/Mar/2025:15:26:21 -0400] "GET /.well-known/about.php HTTP/1.1" 404 16532 "-" "-"
172.200.235.115 - - [30/Mar/2025:15:26:21 -0400] "GET /wp-includes/Text/about.php HTTP/1.1" 404 16532 "-" "-"
