52.184.145.216 - - [07/Apr/2025:21:17:02 -0400] "GET /wp-includes/style-engine/about.php HTTP/1.1" 404 16532 "-" "-"
52.184.145.216 - - [07/Apr/2025:21:17:03 -0400] "GET /Text/Diff/ HTTP/1.1" 301 0 "-" "-"
52.184.145.216 - - [07/Apr/2025:21:17:05 -0400] "GET /ee.php HTTP/1.1" 404 16532 "-" "-"
52.184.145.216 - - [07/Apr/2025:21:17:07 -0400] "GET /wp-content/upgrade/wp-login.php HTTP/1.1" 404 16532 "-" "-"
52.184.145.216 - - [07/Apr/2025:21:17:08 -0400] "GET /filter.php HTTP/1.1" 404 16532 "-" "-"
52.184.145.216 - - [07/Apr/2025:21:17:09 -0400] "GET /wp-content/plugins/WordPressCore/blkfqnikz.php HTTP/1.1" 404 16532 "-" "-"
52.184.145.216 - - [07/Apr/2025:21:17:11 -0400] "GET /wp-includes/gCdfg/index.php HTTP/1.1" 301 0 "-" "-"
52.184.145.216 - - [07/Apr/2025:21:17:12 -0400] "GET /wp-includes/gCdfg/ HTTP/1.1" 404 16532 "-" "-"
52.184.145.216 - - [07/Apr/2025:21:17:12 -0400] "GET /aaa.php HTTP/1.1" 404 16532 "-" "-"
52.184.145.216 - - [07/Apr/2025:21:17:14 -0400] "GET /files.php HTTP/1.1" 404 16532 "-" "-"
52.184.145.216 - - [07/Apr/2025:21:17:15 -0400] "GET /wp-includes/sodium_compat/namespaced/ HTTP/1.1" 403 1242 "-" "-"
52.184.145.216 - - [07/Apr/2025:21:17:16 -0400] "GET /wp-includes/wp-widgets.php HTTP/1.1" 404 16532 "-" "-"
52.184.145.216 - - [07/Apr/2025:21:17:17 -0400] "GET /tinyfilemanager/ HTTP/1.1" 404 16532 "-" "-"
52.184.145.216 - - [07/Apr/2025:21:17:18 -0400] "GET /lai/robotica/wp-content/themes/seotheme/ HTTP/1.1" 404 16532 "-" "-"
52.184.145.216 - - [07/Apr/2025:21:17:19 -0400] "GET /wp-content/plugins/upspy/ HTTP/1.1" 404 16532 "-" "-"
52.184.145.216 - - [07/Apr/2025:21:17:20 -0400] "GET /thumbnail.php HTTP/1.1" 404 16532 "-" "-"
52.184.145.216 - - [07/Apr/2025:21:17:20 -0400] "GET /wp-admin/js/ HTTP/1.1" 403 1242 "-" "-"
52.184.145.216 - - [07/Apr/2025:21:17:21 -0400] "GET /wp-includes/blocks/block/ HTTP/1.1" 403 1242 "-" "-"
52.184.145.216 - - [07/Apr/2025:21:17:21 -0400] "GET /wp-content/plugins/yfsmxkj/ HTTP/1.1" 404 16532 "-" "-"
52.184.145.216 - - [07/Apr/2025:21:17:24 -0400] "GET /cgi-bin/cloud.php HTTP/1.1" 404 16532 "-" "-"
52.184.145.216 - - [07/Apr/2025:21:17:24 -0400] "GET /wp-content/themes/aahana/ HTTP/1.1" 404 16533 "-" "-"
52.184.145.216 - - [07/Apr/2025:21:17:25 -0400] "GET /.well-known/pki-validation/gkiliuew.php HTTP/1.1" 404 1251 "-" "-"
52.184.145.216 - - [07/Apr/2025:21:17:26 -0400] "GET /video.php HTTP/1.1" 404 16532 "-" "-"
52.184.145.216 - - [07/Apr/2025:21:17:27 -0400] "GET /wp-content/shell20211028.php HTTP/1.1" 404 16532 "-" "-"
52.184.145.216 - - [07/Apr/2025:21:17:28 -0400] "GET /ALFA_DATA/alfacgiapi/function.php HTTP/1.1" 404 16532 "-" "-"
52.184.145.216 - - [07/Apr/2025:21:17:30 -0400] "GET /wp-admin/css/colors/coffee/about.php HTTP/1.1" 404 16532 "-" "-"
198.54.114.83 - - [07/Apr/2025:21:17:33 -0400] "POST /wp-cron.php?doing_wp_cron=1744075052.6167929172515869140625 HTTP/1.1" 200 0 "-" "WordPress/6.7.2; https://shahmeenaindustry.com"
52.184.145.216 - - [07/Apr/2025:21:17:32 -0400] "GET /vendor/bin/loader.php/wp-admin/ HTTP/1.1" 404 16532 "-" "-"
52.184.145.216 - - [07/Apr/2025:21:17:34 -0400] "GET /wp-content/plugins/core/include.php HTTP/1.1" 404 16532 "-" "-"
52.184.145.216 - - [07/Apr/2025:21:17:36 -0400] "GET /avaa.php HTTP/1.1" 404 16532 "-" "-"
52.184.145.216 - - [07/Apr/2025:21:17:37 -0400] "GET /ern.PhP7 HTTP/1.1" 404 16532 "-" "-"
52.184.145.216 - - [07/Apr/2025:21:17:38 -0400] "GET /upload/2021_02_08/ HTTP/1.1" 404 16532 "-" "-"
198.54.114.83 - - [07/Apr/2025:21:17:40 -0400] "POST /wp-cron.php?doing_wp_cron=1744075060.1209321022033691406250 HTTP/1.1" 200 0 "-" "WordPress/6.7.2; https://shahmeenaindustry.com"
52.184.145.216 - - [07/Apr/2025:21:17:39 -0400] "GET /wp-includes/customize/themes.php HTTP/1.1" 404 16532 "-" "-"
52.184.145.216 - - [07/Apr/2025:21:17:41 -0400] "GET /payment.php HTTP/1.1" 404 16532 "-" "-"
52.184.145.216 - - [07/Apr/2025:21:17:42 -0400] "GET /wp-init.php HTTP/1.1" 404 16532 "-" "-"
52.184.145.216 - - [07/Apr/2025:21:17:43 -0400] "GET /indec.php HTTP/1.1" 404 16532 "-" "-"
52.184.145.216 - - [07/Apr/2025:21:17:44 -0400] "GET /.well-known/plugins/default HTTP/1.1" 404 16532 "-" "-"
52.184.145.216 - - [07/Apr/2025:21:17:46 -0400] "GET /wp-content/uploads/cache.php HTTP/1.1" 404 16532 "-" "-"
52.184.145.216 - - [07/Apr/2025:21:17:47 -0400] "GET /chtmlfuns.php HTTP/1.1" 404 16532 "-" "-"
52.184.145.216 - - [07/Apr/2025:21:17:48 -0400] "GET /assets/libs/filemanager/ HTTP/1.1" 404 16532 "-" "-"
52.184.145.216 - - [07/Apr/2025:21:17:49 -0400] "GET /wp-includes/images/wp-login.php HTTP/1.1" 404 16532 "-" "-"
52.184.145.216 - - [07/Apr/2025:21:17:50 -0400] "GET /wp-includes/product.php HTTP/1.1" 404 16532 "-" "-"
52.184.145.216 - - [07/Apr/2025:21:17:51 -0400] "GET /wp-content/upload.php HTTP/1.1" 404 16532 "-" "-"
52.184.145.216 - - [07/Apr/2025:21:17:52 -0400] "GET /wp-admin/plugins/config HTTP/1.1" 404 16532 "-" "-"
52.184.145.216 - - [07/Apr/2025:21:17:53 -0400] "GET /wp-includes/css/wp-login.php HTTP/1.1" 404 16532 "-" "-"
52.184.145.216 - - [07/Apr/2025:21:17:54 -0400] "GET /wp-content/plugins/fix/00.php HTTP/1.1" 404 16532 "-" "-"
52.184.145.216 - - [07/Apr/2025:21:17:55 -0400] "GET /wp-includes/rest-api/ZVQCc/ HTTP/1.1" 404 16532 "-" "-"
52.184.145.216 - - [07/Apr/2025:21:17:56 -0400] "GET /wp-admin/includes/themes.php HTTP/1.1" 404 16532 "-" "-"
52.184.145.216 - - [07/Apr/2025:21:17:57 -0400] "GET /.well-known/acme-challenge/doc.php HTTP/1.1" 404 16532 "-" "-"
52.184.145.216 - - [07/Apr/2025:21:17:59 -0400] "GET /wp-content/plugins/gzzmasp/ HTTP/1.1" 404 16532 "-" "-"
52.184.145.216 - - [07/Apr/2025:21:18:00 -0400] "GET /admin/upload/css.php HTTP/1.1" 404 16532 "-" "-"
52.184.145.216 - - [07/Apr/2025:21:18:01 -0400] "GET /shell.php HTTP/1.1" 404 16532 "-" "-"
52.184.145.216 - - [07/Apr/2025:21:18:02 -0400] "GET /config.php HTTP/1.1" 404 16532 "-" "-"
52.184.145.216 - - [07/Apr/2025:21:18:04 -0400] "GET /wp-includes/css/index.php HTTP/1.1" 301 0 "-" "-"
52.184.145.216 - - [07/Apr/2025:21:18:04 -0400] "GET /wp-includes/css/ HTTP/1.1" 403 1242 "-" "-"
52.184.145.216 - - [07/Apr/2025:21:18:05 -0400] "GET /estudiante16/ HTTP/1.1" 404 16532 "-" "-"
52.184.145.216 - - [07/Apr/2025:21:18:06 -0400] "GET /access.php HTTP/1.1" 404 16533 "-" "-"
52.184.145.216 - - [07/Apr/2025:21:18:08 -0400] "GET /lv.php HTTP/1.1" 404 16532 "-" "-"
52.184.145.216 - - [07/Apr/2025:21:18:09 -0400] "GET /wp-content/uploads/wp-booter.php HTTP/1.1" 404 16532 "-" "-"
52.184.145.216 - - [07/Apr/2025:21:18:10 -0400] "GET /wp-admin/css/colors/blue/atomlib.php HTTP/1.1" 404 16532 "-" "-"
52.184.145.216 - - [07/Apr/2025:21:18:12 -0400] "GET /11index.php HTTP/1.1" 404 16532 "-" "-"
52.184.145.216 - - [07/Apr/2025:21:18:13 -0400] "GET /b0.php HTTP/1.1" 404 16532 "-" "-"
52.184.145.216 - - [07/Apr/2025:21:18:14 -0400] "GET /invoice.php HTTP/1.1" 404 16532 "-" "-"
52.184.145.216 - - [07/Apr/2025:21:18:15 -0400] "GET /logs_view.php HTTP/1.1" 404 16532 "-" "-"
52.184.145.216 - - [07/Apr/2025:21:18:16 -0400] "GET /wikindex.php HTTP/1.1" 404 16533 "-" "-"
52.184.145.216 - - [07/Apr/2025:21:18:18 -0400] "GET /ern1.php HTTP/1.1" 404 16531 "-" "-"
52.184.145.216 - - [07/Apr/2025:21:18:19 -0400] "GET /access_logs.php HTTP/1.1" 404 16532 "-" "-"
52.184.145.216 - - [07/Apr/2025:21:18:20 -0400] "GET /wp-content/plugins/instabuilder2/cache/plugins/ HTTP/1.1" 404 16532 "-" "-"
52.184.145.216 - - [07/Apr/2025:21:18:22 -0400] "GET /wp-content/plugins/masterx/ HTTP/1.1" 404 16532 "-" "-"
52.184.145.216 - - [07/Apr/2025:21:18:24 -0400] "GET /1.php7 HTTP/1.1" 404 16533 "-" "-"
52.184.145.216 - - [07/Apr/2025:21:18:26 -0400] "GET /defaults.php HTTP/1.1" 404 16533 "-" "-"
52.184.145.216 - - [07/Apr/2025:21:18:28 -0400] "GET /wp-content/plugins/WordPressCore/ HTTP/1.1" 404 16532 "-" "-"
52.184.145.216 - - [07/Apr/2025:21:18:29 -0400] "GET /wp-includes/js/tinymce/skins/wordpress/images/index.php HTTP/1.1" 301 0 "-" "-"
52.184.145.216 - - [07/Apr/2025:21:18:30 -0400] "GET /wp-includes/js/tinymce/skins/wordpress/images/ HTTP/1.1" 403 1242 "-" "-"
52.184.145.216 - - [07/Apr/2025:21:18:30 -0400] "GET /audio.php HTTP/1.1" 404 16532 "-" "-"
198.54.114.83 - - [07/Apr/2025:21:18:33 -0400] "POST /wp-cron.php?doing_wp_cron=1744075112.0094280242919921875000 HTTP/1.1" 200 0 "-" "WordPress/6.7.2; https://shahmeenaindustry.com"
52.184.145.216 - - [07/Apr/2025:21:18:31 -0400] "GET /block-bindings.php HTTP/1.1" 404 16532 "-" "-"
52.184.145.216 - - [07/Apr/2025:21:18:34 -0400] "GET /wso.php HTTP/1.1" 404 16532 "-" "-"
52.184.145.216 - - [07/Apr/2025:21:18:35 -0400] "GET /activity.php HTTP/1.1" 404 16532 "-" "-"
52.184.145.216 - - [07/Apr/2025:21:18:36 -0400] "GET /database.php HTTP/1.1" 404 16533 "-" "-"
52.184.145.216 - - [07/Apr/2025:21:18:37 -0400] "GET /endpoint.php HTTP/1.1" 404 16532 "-" "-"
52.184.145.216 - - [07/Apr/2025:21:18:38 -0400] "GET /wp-admin/css/colors/sunrise/about.php HTTP/1.1" 404 16533 "-" "-"
52.184.145.216 - - [07/Apr/2025:21:18:40 -0400] "GET /admin.php7 HTTP/1.1" 404 16532 "-" "-"
52.184.145.216 - - [07/Apr/2025:21:18:41 -0400] "GET /tutorial.php HTTP/1.1" 404 16532 "-" "-"
52.184.145.216 - - [07/Apr/2025:21:18:42 -0400] "GET /logs.php HTTP/1.1" 404 16532 "-" "-"
52.184.145.216 - - [07/Apr/2025:21:18:44 -0400] "GET /wp-includes/js/imgareaselect/ HTTP/1.1" 403 1242 "-" "-"
52.184.145.216 - - [07/Apr/2025:21:18:44 -0400] "GET /wp-content/languages/wp-login.php HTTP/1.1" 404 16532 "-" "-"
52.184.145.216 - - [07/Apr/2025:21:18:45 -0400] "GET /wp-content/themes/twentytwenty/ HTTP/1.1" 404 16532 "-" "-"
52.184.145.216 - - [07/Apr/2025:21:18:47 -0400] "GET /cgi-bin/upfile.php HTTP/1.1" 404 16533 "-" "-"
52.184.145.216 - - [07/Apr/2025:21:18:47 -0400] "GET /cgi-sys/ HTTP/1.1" 403 1242 "-" "-"
52.184.145.216 - - [07/Apr/2025:21:18:48 -0400] "GET /wp-includes/blocks/more/ HTTP/1.1" 403 1242 "-" "-"
52.184.145.216 - - [07/Apr/2025:21:18:48 -0400] "GET /shellv3.php HTTP/1.1" 404 16532 "-" "-"
52.184.145.216 - - [07/Apr/2025:21:18:49 -0400] "GET /wp-admin/includes/xmrlpc.php HTTP/1.1" 404 16533 "-" "-"
52.184.145.216 - - [07/Apr/2025:21:18:49 -0400] "GET /wp-content/themes/9geiaoo5/ HTTP/1.1" 404 16532 "-" "-"
52.184.145.216 - - [07/Apr/2025:21:18:51 -0400] "GET /wp-2019.php HTTP/1.1" 404 16532 "-" "-"
52.184.145.216 - - [07/Apr/2025:21:18:52 -0400] "GET /.well-known/acme-challenge/about.php HTTP/1.1" 404 16532 "-" "-"
52.184.145.216 - - [07/Apr/2025:21:18:53 -0400] "GET /wp-content/plugins/whusrhk/ HTTP/1.1" 404 16532 "-" "-"
52.184.145.216 - - [07/Apr/2025:21:18:55 -0400] "GET /articles.php HTTP/1.1" 404 16532 "-" "-"
52.184.145.216 - - [07/Apr/2025:21:18:56 -0400] "GET /wp-content/upgrade-temp-backup/ HTTP/1.1" 403 1242 "-" "-"
2a01:4f8:160:9058::2 - - [07/Apr/2025:21:24:14 -0400] "POST /xmlrpc.php HTTP/1.1" 200 236 "-" "Mozilla/5.0 (X11; Fedora; Linux x86_64; rv:94.0) Gecko/20100101 Firefox/95.0"
85.208.98.23 - - [07/Apr/2025:21:40:31 -0400] "GET /robots.txt HTTP/1.1" 304 0 "-" "Mozilla/5.0 (compatible; SemrushBot-BA; +http://www.semrush.com/bot.html)"
198.54.114.83 - - [07/Apr/2025:21:48:46 -0400] "POST /wp-cron.php?doing_wp_cron=1744076925.8273720741271972656250 HTTP/1.1" 200 0 "-" "WordPress/6.7.2; https://shahmeenaindustry.com"
13.74.98.90 - - [07/Apr/2025:21:48:45 -0400] "GET /gins/wp-help/ HTTP/1.1" 404 16533 "-" "-"
13.74.98.90 - - [07/Apr/2025:21:48:47 -0400] "GET /wp-content HTTP/1.1" 301 795 "-" "-"
13.74.98.90 - - [07/Apr/2025:21:48:48 -0400] "GET /wp-content/ HTTP/1.1" 200 0 "-" "-"
13.74.98.90 - - [07/Apr/2025:21:48:48 -0400] "GET /wp-includes/images/wlw/ HTTP/1.1" 404 16533 "-" "-"
13.74.98.90 - - [07/Apr/2025:21:48:50 -0400] "GET /sim.php/wp-includes/certificates/plugins.php HTTP/1.1" 404 16532 "-" "-"
13.74.98.90 - - [07/Apr/2025:21:48:51 -0400] "GET /site/ HTTP/1.1" 404 16532 "-" "-"
13.74.98.90 - - [07/Apr/2025:21:48:53 -0400] "GET /templates/beez3/ HTTP/1.1" 404 16533 "-" "-"
13.74.98.90 - - [07/Apr/2025:21:48:54 -0400] "GET /wp-content/plugins/dummyyummy/ HTTP/1.1" 404 16539 "-" "-"
13.74.98.90 - - [07/Apr/2025:21:48:55 -0400] "GET /wp/wp-admin/includes/ HTTP/1.1" 404 16533 "-" "-"
13.74.98.90 - - [07/Apr/2025:21:48:56 -0400] "GET /wp-includes/Text/autoload_classmap.php HTTP/1.1" 404 16532 "-" "-"
13.74.98.90 - - [07/Apr/2025:21:48:56 -0400] "GET /wp-content/plugins/dazmhjz/ HTTP/1.1" 404 16533 "-" "-"
13.74.98.90 - - [07/Apr/2025:21:48:57 -0400] "GET /wp-content/languages/about.php HTTP/1.1" 404 16533 "-" "-"
13.74.98.90 - - [07/Apr/2025:21:48:58 -0400] "GET /storage/ HTTP/1.1" 404 16533 "-" "-"
13.74.98.90 - - [07/Apr/2025:21:48:59 -0400] "GET /wp-content/themes/twentytwenty/404.php HTTP/1.1" 404 16532 "-" "-"
13.74.98.90 - - [07/Apr/2025:21:49:00 -0400] "GET /pomo/ HTTP/1.1" 404 16532 "-" "-"
13.74.98.90 - - [07/Apr/2025:21:49:01 -0400] "GET /wp-content/upgrade/sx.php HTTP/1.1" 404 16532 "-" "-"
13.74.98.90 - - [07/Apr/2025:21:49:02 -0400] "GET /wp-content/plugins/WordPressCore/fm.php HTTP/1.1" 404 16533 "-" "-"
13.74.98.90 - - [07/Apr/2025:21:49:04 -0400] "GET /wp-includes/images/include.php HTTP/1.1" 404 16533 "-" "-"
13.74.98.90 - - [07/Apr/2025:21:49:04 -0400] "GET /admin-post.php HTTP/1.1" 404 16533 "-" "-"
216.244.66.200 - - [07/Apr/2025:21:55:40 -0400] "GET /robots.txt HTTP/1.1" 304 0 "-" "Mozilla/5.0 (compatible; DotBot/1.2; +https://opensiteexplorer.org/dotbot; help@moz.com)"
198.54.114.83 - - [07/Apr/2025:22:02:52 -0400] "POST /wp-cron.php?doing_wp_cron=1744077772.6108090877532958984375 HTTP/1.1" 200 0 "-" "WordPress/6.7.2; https://shahmeenaindustry.com"
216.244.66.200 - - [07/Apr/2025:22:02:46 -0400] "GET /what-is-an-agreement/ HTTP/1.1" 200 20846 "-" "Mozilla/5.0 (compatible; DotBot/1.2; +https://opensiteexplorer.org/dotbot; help@moz.com)"
43.159.149.216 - - [07/Apr/2025:22:21:17 -0400] "GET / HTTP/1.1" 200 24560 "-" "Mozilla/5.0 (iPhone; CPU iPhone OS 13_2_3 like Mac OS X) AppleWebKit/605.1.15 (KHTML, like Gecko) Version/13.0.3 Mobile/15E148 Safari/604.1"
198.54.114.83 - - [07/Apr/2025:22:41:01 -0400] "POST /wp-cron.php?doing_wp_cron=1744080061.6456930637359619140625 HTTP/1.1" 200 0 "-" "WordPress/6.7.2; https://shahmeenaindustry.com"
103.97.126.116 - - [07/Apr/2025:22:40:58 -0400] "POST /xmlrpc.php HTTP/1.1" 200 236 "-" "Mozilla/5.0 (X11; Fedora; Linux x86_64; rv:94.0) Gecko/20100101 Firefox/95.0"
216.244.66.200 - - [07/Apr/2025:22:44:04 -0400] "GET /robots.txt HTTP/1.1" 200 131 "-" "Mozilla/5.0 (compatible; DotBot/1.2; +https://opensiteexplorer.org/dotbot; help@moz.com)"
198.54.114.83 - - [07/Apr/2025:22:47:35 -0400] "POST /wp-cron.php?doing_wp_cron=1744080454.6344070434570312500000 HTTP/1.1" 200 0 "-" "WordPress/6.7.2; https://shahmeenaindustry.com"
162.0.215.103 - - [07/Apr/2025:22:47:31 -0400] "POST /xmlrpc.php HTTP/1.1" 200 212 "http://shahmeenaindustry.com" "Mozilla/5.0 (Macintosh; Intel Mac OS X 10_15_7) AppleWebKit/537.36 (KHTML, like Gecko) Chrome/115.0.5790.102 Safari/537.36"
198.54.114.83 - - [07/Apr/2025:22:50:53 -0400] "POST /wp-cron.php?doing_wp_cron=1744080652.8299150466918945312500 HTTP/1.1" 200 0 "-" "WordPress/6.7.2; https://shahmeenaindustry.com"
216.244.66.200 - - [07/Apr/2025:22:50:49 -0400] "GET /nearest-hotels-to-disneyland-paris-with-free-shuttle-bus/ HTTP/1.1" 200 21359 "-" "Mozilla/5.0 (compatible; DotBot/1.2; +https://opensiteexplorer.org/dotbot; help@moz.com)"
196.251.80.228 - - [07/Apr/2025:22:59:54 -0400] "GET / HTTP/1.1" 200 24560 "-" "-"
198.54.114.83 - - [07/Apr/2025:23:00:02 -0400] "POST /wp-cron.php?doing_wp_cron=1744081200.9102458953857421875000 HTTP/1.1" 200 0 "-" "WordPress/6.7.2; https://shahmeenaindustry.com"
196.251.80.228 - - [07/Apr/2025:22:59:56 -0400] "GET /wp-admin/install.php HTTP/1.1" 200 523 "-" "-"
196.251.80.228 - - [07/Apr/2025:23:00:04 -0400] "GET /wp-admin/setup-config.php HTTP/1.1" 409 1222 "-" "-"
198.54.114.83 - - [07/Apr/2025:23:00:19 -0400] "POST /wp-cron.php?doing_wp_cron=1744081218.1530749797821044921875 HTTP/1.1" 200 0 "-" "WordPress/6.7.2; https://shahmeenaindustry.com"
103.8.25.98 - - [07/Apr/2025:23:00:15 -0400] "POST /xmlrpc.php HTTP/1.1" 200 212 "http://shahmeenaindustry.com" "Mozilla/5.0 (Macintosh; Intel Mac OS X 10_15_7) AppleWebKit/537.36 (KHTML, like Gecko) Chrome/115.0.5790.102 Safari/537.36"
216.244.66.200 - - [07/Apr/2025:23:01:02 -0400] "GET /unveiling-the-digital-domain-the-evolution-of-online-casinos/feed/ HTTP/1.1" 200 466 "-" "Mozilla/5.0 (compatible; DotBot/1.2; +https://opensiteexplorer.org/dotbot; help@moz.com)"
92.255.57.39 - - [07/Apr/2025:23:04:41 -0400] "GET / HTTP/1.1" 200 24560 "http://shahmeenaindustry.com/" "Mozilla/5.0 (Windows NT 10.0; Win64; x64) AppleWebKit/537.36 (KHTML, like Gecko) Chrome/130.0.0.0 Safari/537.36 CCleaner/130.0.0.0"
132.148.183.184 - - [07/Apr/2025:23:12:57 -0400] "POST /xmlrpc.php HTTP/1.1" 200 212 "http://shahmeenaindustry.com" "Mozilla/5.0 (Macintosh; Intel Mac OS X 10_15_7) AppleWebKit/537.36 (KHTML, like Gecko) Chrome/126.0.0.0 Safari/537.36"
198.54.114.83 - - [07/Apr/2025:23:13:04 -0400] "POST /wp-cron.php?doing_wp_cron=1744081982.4873878955841064453125 HTTP/1.1" 200 0 "-" "WordPress/6.7.2; https://shahmeenaindustry.com"
198.54.114.83 - - [07/Apr/2025:23:18:18 -0400] "POST /wp-cron.php?doing_wp_cron=1744082296.5959470272064208984375 HTTP/1.1" 200 0 "-" "WordPress/6.7.2; https://shahmeenaindustry.com"
90.156.142.52 - - [07/Apr/2025:23:18:10 -0400] "POST /xmlrpc.php HTTP/1.1" 200 236 "-" "Mozilla/5.0 (X11; Fedora; Linux x86_64; rv:94.0) Gecko/20100101 Firefox/95.0"
123.1.133.4 - - [07/Apr/2025:23:26:10 -0400] "POST /xmlrpc.php HTTP/1.1" 200 212 "http://shahmeenaindustry.com" "Mozilla/5.0 (Macintosh; Intel Mac OS X 14.5) AppleWebKit/618.3.5 (KHTML, like Gecko) Version/17.4 Safari/618.3.5"
199.188.207.168 - - [07/Apr/2025:23:39:34 -0400] "POST /xmlrpc.php HTTP/1.1" 200 212 "http://shahmeenaindustry.com" "Mozilla/5.0 (Macintosh; Intel Mac OS X 10_15_7; rv:126.0) Gecko/20100101 Firefox/126.0"
172.172.103.138 - - [07/Apr/2025:23:41:17 -0400] "HEAD /wordpress HTTP/1.1" 404 0 "-" "Mozilla/5.0 (Windows NT 10.0; Win64; x64) AppleWebKit/537.36 (KHTML, like Gecko) Chrome/74.0.3729.169 Safari/537.36"
172.172.103.138 - - [07/Apr/2025:23:41:20 -0400] "HEAD / HTTP/1.1" 200 0 "-" "Mozilla/5.0 (Windows NT 10.0; Win64; x64) AppleWebKit/537.36 (KHTML, like Gecko) Chrome/74.0.3729.169 Safari/537.36"
172.172.103.138 - - [07/Apr/2025:23:41:24 -0400] "HEAD /wp HTTP/1.1" 404 0 "-" "Mozilla/5.0 (Windows NT 10.0; Win64; x64) AppleWebKit/537.36 (KHTML, like Gecko) Chrome/74.0.3729.169 Safari/537.36"
172.172.103.138 - - [07/Apr/2025:23:41:29 -0400] "HEAD /bc HTTP/1.1" 404 0 "-" "Mozilla/5.0 (Windows NT 10.0; Win64; x64) AppleWebKit/537.36 (KHTML, like Gecko) Chrome/74.0.3729.169 Safari/537.36"
172.172.103.138 - - [07/Apr/2025:23:41:31 -0400] "HEAD /bk HTTP/1.1" 404 0 "-" "Mozilla/5.0 (Windows NT 10.0; Win64; x64) AppleWebKit/537.36 (KHTML, like Gecko) Chrome/74.0.3729.169 Safari/537.36"
172.172.103.138 - - [07/Apr/2025:23:41:35 -0400] "HEAD /backup HTTP/1.1" 404 0 "-" "Mozilla/5.0 (Windows NT 10.0; Win64; x64) AppleWebKit/537.36 (KHTML, like Gecko) Chrome/74.0.3729.169 Safari/537.36"
172.172.103.138 - - [07/Apr/2025:23:41:37 -0400] "HEAD /old HTTP/1.1" 404 0 "-" "Mozilla/5.0 (Windows NT 10.0; Win64; x64) AppleWebKit/537.36 (KHTML, like Gecko) Chrome/74.0.3729.169 Safari/537.36"
172.172.103.138 - - [07/Apr/2025:23:41:40 -0400] "HEAD /new HTTP/1.1" 301 0 "-" "Mozilla/5.0 (Windows NT 10.0; Win64; x64) AppleWebKit/537.36 (KHTML, like Gecko) Chrome/74.0.3729.169 Safari/537.36"
172.172.103.138 - - [07/Apr/2025:23:41:45 -0400] "HEAD /main HTTP/1.1" 404 0 "-" "Mozilla/5.0 (Windows NT 10.0; Win64; x64) AppleWebKit/537.36 (KHTML, like Gecko) Chrome/74.0.3729.169 Safari/537.36"
172.172.103.138 - - [07/Apr/2025:23:41:48 -0400] "HEAD /home HTTP/1.1" 301 0 "-" "Mozilla/5.0 (Windows NT 10.0; Win64; x64) AppleWebKit/537.36 (KHTML, like Gecko) Chrome/74.0.3729.169 Safari/537.36"
85.208.98.23 - - [07/Apr/2025:23:44:51 -0400] "GET /robots.txt HTTP/1.1" 304 0 "-" "Mozilla/5.0 (compatible; SemrushBot-BA; +http://www.semrush.com/bot.html)"
216.244.66.200 - - [07/Apr/2025:23:46:18 -0400] "GET /footwear-tend-to-be-available-online/feed/ HTTP/1.1" 200 441 "-" "Mozilla/5.0 (compatible; DotBot/1.2; +https://opensiteexplorer.org/dotbot; help@moz.com)"
23.111.188.34 - - [07/Apr/2025:23:53:02 -0400] "POST /xmlrpc.php HTTP/1.1" 200 212 "http://shahmeenaindustry.com" "Mozilla/5.0 (Macintosh; Intel Mac OS X 10_15_7) AppleWebKit/537.36 (KHTML, like Gecko) Chrome/113.0.5672.93 Safari/537.36"
2a02:4780:2b:1234::16 - - [08/Apr/2025:00:06:30 -0400] "POST /xmlrpc.php HTTP/1.1" 200 0 "http://shahmeenaindustry.com" "Mozilla/5.0 (Macintosh; Intel Mac OS X 14_4_1) AppleWebKit/605.1.15 (KHTML, like Gecko) Version/17.3.1 Safari/605.1.15"
198.54.114.83 - - [08/Apr/2025:00:06:39 -0400] "POST /wp-cron.php?doing_wp_cron=1744085197.2054970264434814453125 HTTP/1.1" 200 0 "-" "WordPress/6.7.2; https://shahmeenaindustry.com"
78.153.130.8 - - [08/Apr/2025:00:10:32 -0400] "GET /cbd-shop-uk-review/ HTTP/1.1" 200 23134 "http://shahmeenaindustry.com/cbd-shop-uk-review/" "Mozilla/5.0 (Windows NT 10.0; Win64; x64) AppleWebKit/537.36 (KHTML, like Gecko) Chrome/131.0.0.0 Safari/537.36 Avast/131.0.0.0"
78.153.130.8 - - [08/Apr/2025:00:10:33 -0400] "GET / HTTP/1.1" 200 24560 "http://shahmeenaindustry.com/" "Mozilla/5.0 (Windows NT 10.0; Win64; x64) AppleWebKit/537.36 (KHTML, like Gecko) Chrome/131.0.0.0 Safari/537.36 Avast/131.0.0.0"
198.54.114.83 - - [08/Apr/2025:00:19:51 -0400] "POST /wp-cron.php?doing_wp_cron=1744085990.6353509426116943359375 HTTP/1.1" 200 0 "-" "WordPress/6.7.2; https://shahmeenaindustry.com"
199.188.200.151 - - [08/Apr/2025:00:19:45 -0400] "POST /xmlrpc.php HTTP/1.1" 200 212 "http://shahmeenaindustry.com" "Mozilla/5.0 (Macintosh; Intel Mac OS X 10_15_7) AppleWebKit/537.36 (KHTML, like Gecko) Chrome/126.0.0.0 Safari/537.36"
216.244.66.200 - - [08/Apr/2025:00:21:36 -0400] "GET /robots.txt HTTP/1.1" 200 131 "-" "Mozilla/5.0 (compatible; DotBot/1.2; +https://opensiteexplorer.org/dotbot; help@moz.com)"
198.54.114.83 - - [08/Apr/2025:00:28:11 -0400] "POST /wp-cron.php?doing_wp_cron=1744086489.3648939132690429687500 HTTP/1.1" 200 0 "-" "WordPress/6.7.2; https://shahmeenaindustry.com"
216.244.66.200 - - [08/Apr/2025:00:28:03 -0400] "GET /kuwait-visa/ HTTP/1.1" 200 21536 "-" "Mozilla/5.0 (compatible; DotBot/1.2; +https://opensiteexplorer.org/dotbot; help@moz.com)"
216.244.66.200 - - [08/Apr/2025:00:28:45 -0400] "GET /online-casino-games/ HTTP/1.1" 200 23604 "-" "Mozilla/5.0 (compatible; DotBot/1.2; +https://opensiteexplorer.org/dotbot; help@moz.com)"
198.54.114.83 - - [08/Apr/2025:00:31:56 -0400] "POST /wp-cron.php?doing_wp_cron=1744086714.3878080844879150390625 HTTP/1.1" 200 0 "-" "WordPress/6.7.2; https://shahmeenaindustry.com"
216.244.66.200 - - [08/Apr/2025:00:31:49 -0400] "GET /what-does-it-take-to-be-a-writer/ HTTP/1.1" 200 21143 "-" "Mozilla/5.0 (compatible; DotBot/1.2; +https://opensiteexplorer.org/dotbot; help@moz.com)"
51.222.110.187 - - [08/Apr/2025:00:32:48 -0400] "POST /xmlrpc.php HTTP/1.1" 200 212 "http://shahmeenaindustry.com" "Mozilla/5.0 (Macintosh; Intel Mac OS X 13_3) AppleWebKit/537.36 (KHTML, like Gecko) Chrome/126.0.0.0 Safari/537.36 Edg/126.0.0.0"
198.54.114.83 - - [08/Apr/2025:00:34:57 -0400] "POST /wp-cron.php?doing_wp_cron=1744086895.9483489990234375000000 HTTP/1.1" 200 0 "-" "WordPress/6.7.2; https://shahmeenaindustry.com"
216.244.66.200 - - [08/Apr/2025:00:34:49 -0400] "GET /gitarrenkurse-fur-anfanger/feed/ HTTP/1.1" 200 432 "-" "Mozilla/5.0 (compatible; DotBot/1.2; +https://opensiteexplorer.org/dotbot; help@moz.com)"
190.3.171.54 - - [08/Apr/2025:00:35:17 -0400] "POST /xmlrpc.php HTTP/1.1" 200 236 "-" "Mozilla/5.0 (X11; Fedora; Linux x86_64; rv:94.0) Gecko/20100101 Firefox/95.0"
198.54.114.83 - - [08/Apr/2025:00:46:00 -0400] "POST /wp-cron.php?doing_wp_cron=1744087558.9574871063232421875000 HTTP/1.1" 200 0 "-" "WordPress/6.7.2; https://shahmeenaindustry.com"
198.54.126.140 - - [08/Apr/2025:00:45:53 -0400] "POST /xmlrpc.php HTTP/1.1" 200 212 "http://shahmeenaindustry.com" "Mozilla/5.0 (Macintosh; Intel Mac OS X 10_15_7; rv:125.0.1) Gecko/20100101 Firefox/125.0.1"
198.54.114.83 - - [08/Apr/2025:00:58:55 -0400] "POST /wp-cron.php?doing_wp_cron=1744088334.3721001148223876953125 HTTP/1.1" 200 0 "-" "WordPress/6.7.2; https://shahmeenaindustry.com"
68.65.120.246 - - [08/Apr/2025:00:58:49 -0400] "POST /xmlrpc.php HTTP/1.1" 200 212 "http://shahmeenaindustry.com" "Mozilla/5.0 (Windows NT 10.0; Win64; x64; rv:128.0) Gecko/20100101 Firefox/128.0"
45.119.84.18 - - [08/Apr/2025:01:03:48 -0400] "POST /xmlrpc.php HTTP/1.1" 200 236 "-" "Mozilla/5.0 (X11; Fedora; Linux x86_64; rv:94.0) Gecko/20100101 Firefox/95.0"
216.244.66.200 - - [08/Apr/2025:01:09:49 -0400] "GET /robots.txt HTTP/1.1" 304 0 "-" "Mozilla/5.0 (compatible; DotBot/1.2; +https://opensiteexplorer.org/dotbot; help@moz.com)"
198.54.114.83 - - [08/Apr/2025:01:12:01 -0400] "POST /wp-cron.php?doing_wp_cron=1744089119.7451930046081542968750 HTTP/1.1" 200 0 "-" "WordPress/6.7.2; https://shahmeenaindustry.com"
51.178.81.248 - - [08/Apr/2025:01:11:55 -0400] "POST /xmlrpc.php HTTP/1.1" 200 212 "http://shahmeenaindustry.com" "Mozilla/5.0 (Macintosh; Intel Mac OS X 10_15_7) AppleWebKit/537.36 (KHTML, like Gecko) Chrome/116.0.5845.96 Safari/537.36"
198.54.114.83 - - [08/Apr/2025:01:17:42 -0400] "POST /wp-cron.php?doing_wp_cron=1744089462.2587919235229492187500 HTTP/1.1" 200 0 "-" "WordPress/6.7.2; https://shahmeenaindustry.com"
216.244.66.200 - - [08/Apr/2025:01:17:38 -0400] "GET /how-to-change-language-on-google/ HTTP/1.1" 200 22635 "-" "Mozilla/5.0 (compatible; DotBot/1.2; +https://opensiteexplorer.org/dotbot; help@moz.com)"
198.54.114.83 - - [08/Apr/2025:01:25:19 -0400] "POST /wp-cron.php?doing_wp_cron=1744089918.6346120834350585937500 HTTP/1.1" 200 0 "-" "WordPress/6.7.2; https://shahmeenaindustry.com"
199.188.205.87 - - [08/Apr/2025:01:25:18 -0400] "POST /xmlrpc.php HTTP/1.1" 200 212 "http://shahmeenaindustry.com" "Mozilla/5.0 (Windows NT 10.0; Win64; x64) AppleWebKit/537.36 (KHTML, like Gecko) Chrome/112.0.5615.138 Safari/537.36"
198.54.114.83 - - [08/Apr/2025:01:31:21 -0400] "POST /wp-cron.php?doing_wp_cron=1744090280.4768190383911132812500 HTTP/1.1" 200 0 "-" "WordPress/6.7.2; https://shahmeenaindustry.com"
184.168.126.97 - - [08/Apr/2025:01:31:15 -0400] "POST /xmlrpc.php HTTP/1.1" 200 236 "-" "Mozilla/5.0 (X11; Fedora; Linux x86_64; rv:94.0) Gecko/20100101 Firefox/95.0"
52.172.143.149 - - [08/Apr/2025:01:34:14 -0400] "GET /wp-admin/css/ HTTP/1.1" 403 1242 "binance.com" "Mozilla/5.0 (Windows NT 10.0; Win64; x64) AppleWebKit/537.36 (KHTML, like Gecko) Chrome/90.0.4430.85 Safari/537.36"
216.244.66.200 - - [08/Apr/2025:01:36:13 -0400] "GET /houston-drain-cleaning-services/feed/ HTTP/1.1" 200 433 "-" "Mozilla/5.0 (compatible; DotBot/1.2; +https://opensiteexplorer.org/dotbot; help@moz.com)"
198.54.114.83 - - [08/Apr/2025:01:36:19 -0400] "POST /wp-cron.php?doing_wp_cron=1744090577.2427499294281005859375 HTTP/1.1" 200 0 "-" "WordPress/6.7.2; https://shahmeenaindustry.com"
103.186.31.45 - - [08/Apr/2025:01:37:06 -0400] "GET / HTTP/1.1" 200 24560 "-" "Mozilla/5.0 (Windows NT 10.0; Win64; x64) AppleWebKit/537.36 (KHTML, like Gecko) Chrome/80.0.3987.149 Safari/537.36"
103.186.31.45 - - [08/Apr/2025:01:37:08 -0400] "GET /?author=1 HTTP/1.1" 301 0 "-" "Mozilla/5.0 (Windows NT 10.0; Win64; x64) AppleWebKit/537.36 (KHTML, like Gecko) Chrome/80.0.3987.149 Safari/537.36"
103.186.31.45 - - [08/Apr/2025:01:37:11 -0400] "GET /?author=2 HTTP/1.1" 301 0 "-" "Mozilla/5.0 (Windows NT 10.0; Win64; x64) AppleWebKit/537.36 (KHTML, like Gecko) Chrome/80.0.3987.149 Safari/537.36"
103.186.31.45 - - [08/Apr/2025:01:37:14 -0400] "GET /wp-json/wp/v2/users/ HTTP/1.1" 200 1381 "-" "Mozilla/5.0 (Windows NT 10.0; Win64; x64) AppleWebKit/537.36 (KHTML, like Gecko) Chrome/80.0.3987.149 Safari/537.36"
103.186.31.45 - - [08/Apr/2025:01:37:17 -0400] "POST /xmlrpc.php HTTP/1.1" 200 212 "-" "Mozilla/5.0 (Windows NT 10.0; Win64; x64) AppleWebKit/537.36 (KHTML, like Gecko) Chrome/80.0.3987.149 Safari/537.36"
198.54.114.83 - - [08/Apr/2025:01:37:20 -0400] "POST /wp-cron.php?doing_wp_cron=1744090638.4601700305938720703125 HTTP/1.1" 200 0 "-" "WordPress/6.7.2; https://shahmeenaindustry.com"
103.186.31.45 - - [08/Apr/2025:01:37:21 -0400] "POST /xmlrpc.php HTTP/1.1" 200 212 "-" "Mozilla/5.0 (Windows NT 10.0; Win64; x64) AppleWebKit/537.36 (KHTML, like Gecko) Chrome/80.0.3987.149 Safari/537.36"
103.186.31.45 - - [08/Apr/2025:01:37:25 -0400] "POST /xmlrpc.php HTTP/1.1" 200 236 "-" "Mozilla/5.0 (Windows NT 10.0; Win64; x64) AppleWebKit/537.36 (KHTML, like Gecko) Chrome/80.0.3987.149 Safari/537.36"
103.186.31.45 - - [08/Apr/2025:01:37:28 -0400] "POST /xmlrpc.php HTTP/1.1" 200 236 "-" "Mozilla/5.0 (Windows NT 10.0; Win64; x64) AppleWebKit/537.36 (KHTML, like Gecko) Chrome/80.0.3987.149 Safari/537.36"
103.186.31.45 - - [08/Apr/2025:01:37:32 -0400] "POST /xmlrpc.php HTTP/1.1" 200 236 "-" "Mozilla/5.0 (Windows NT 10.0; Win64; x64) AppleWebKit/537.36 (KHTML, like Gecko) Chrome/80.0.3987.149 Safari/537.36"
103.186.31.45 - - [08/Apr/2025:01:37:34 -0400] "POST /xmlrpc.php HTTP/1.1" 200 236 "-" "Mozilla/5.0 (Windows NT 10.0; Win64; x64) AppleWebKit/537.36 (KHTML, like Gecko) Chrome/80.0.3987.149 Safari/537.36"
143.110.144.210 - - [08/Apr/2025:01:53:12 -0400] "POST /xmlrpc.php HTTP/1.1" 200 236 "-" "Mozilla/5.0 (X11; Fedora; Linux x86_64; rv:94.0) Gecko/20100101 Firefox/95.0"
198.54.114.83 - - [08/Apr/2025:02:03:17 -0400] "POST /wp-cron.php?doing_wp_cron=1744092196.6554689407348632812500 HTTP/1.1" 200 0 "-" "WordPress/6.7.2; https://shahmeenaindustry.com"
216.244.66.200 - - [08/Apr/2025:02:03:11 -0400] "GET /kohl-for-eyes/ HTTP/1.1" 200 21628 "-" "Mozilla/5.0 (compatible; DotBot/1.2; +https://opensiteexplorer.org/dotbot; help@moz.com)"
198.54.114.83 - - [08/Apr/2025:02:09:02 -0400] "POST /wp-cron.php?doing_wp_cron=1744092541.8340950012207031250000 HTTP/1.1" 200 0 "-" "WordPress/6.7.2; https://shahmeenaindustry.com"
216.244.66.200 - - [08/Apr/2025:02:08:57 -0400] "GET /die-besten-scheidungsanwalte-in-hattingen/ HTTP/1.1" 200 21024 "-" "Mozilla/5.0 (compatible; DotBot/1.2; +https://opensiteexplorer.org/dotbot; help@moz.com)"
198.54.114.83 - - [08/Apr/2025:02:10:15 -0400] "POST /wp-cron.php?doing_wp_cron=1744092614.3743979930877685546875 HTTP/1.1" 200 0 "-" "WordPress/6.7.2; https://shahmeenaindustry.com"
216.244.66.200 - - [08/Apr/2025:02:10:14 -0400] "GET /be-a-big-winner-with-online-poker/feed/ HTTP/1.1" 200 441 "-" "Mozilla/5.0 (compatible; DotBot/1.2; +https://opensiteexplorer.org/dotbot; help@moz.com)"
109.248.15.151 - - [08/Apr/2025:02:10:25 -0400] "GET /wp-json/wp/v2/users HTTP/1.1" 200 1381 "-" "Mozilla/5.0 (compatible; Googlebot/2.1; +http://www.google.com/bot.html)"
198.54.114.83 - - [08/Apr/2025:02:12:42 -0400] "POST /wp-cron.php?doing_wp_cron=1744092761.3198390007019042968750 HTTP/1.1" 200 0 "-" "WordPress/6.7.2; https://shahmeenaindustry.com"
119.3.239.232 - - [08/Apr/2025:02:12:35 -0400] "POST /xmlrpc.php HTTP/1.1" 200 236 "-" "Mozilla/5.0 (X11; Fedora; Linux x86_64; rv:94.0) Gecko/20100101 Firefox/95.0"
198.54.114.83 - - [08/Apr/2025:02:18:29 -0400] "POST /wp-cron.php?doing_wp_cron=1744093109.6823539733886718750000 HTTP/1.1" 200 0 "-" "WordPress/6.7.2; https://shahmeenaindustry.com"
68.65.122.90 - - [08/Apr/2025:02:18:29 -0400] "POST /xmlrpc.php HTTP/1.1" 200 212 "http://shahmeenaindustry.com" "Mozilla/5.0 (Macintosh; Intel Mac OS X 10.15; rv:126.0) Gecko/20100101 Firefox/126.0"
216.244.66.200 - - [08/Apr/2025:02:23:48 -0400] "GET /blumen-und-ihre-schonheit/feed/ HTTP/1.1" 200 435 "-" "Mozilla/5.0 (compatible; DotBot/1.2; +https://opensiteexplorer.org/dotbot; help@moz.com)"
198.54.114.83 - - [08/Apr/2025:02:29:51 -0400] "POST /wp-cron.php?doing_wp_cron=1744093791.2693409919738769531250 HTTP/1.1" 200 0 "-" "WordPress/6.7.2; https://shahmeenaindustry.com"
109.207.79.205 - - [08/Apr/2025:02:29:45 -0400] "POST /xmlrpc.php HTTP/1.1" 200 236 "-" "Mozilla/5.0 (X11; Fedora; Linux x86_64; rv:94.0) Gecko/20100101 Firefox/95.0"
198.54.114.98 - - [08/Apr/2025:02:31:21 -0400] "POST /xmlrpc.php HTTP/1.1" 200 212 "http://shahmeenaindustry.com" "Mozilla/5.0 (Windows NT 10.0; Win64; x64; rv:126.0) Gecko/20100101 Firefox/126.0"
40.71.4.65 - - [08/Apr/2025:02:42:51 -0400] "HEAD /wordpress HTTP/1.1" 404 0 "-" "Mozilla/5.0 (Windows NT 10.0; Win64; x64) AppleWebKit/537.36 (KHTML, like Gecko) Chrome/74.0.3729.169 Safari/537.36"
198.54.114.83 - - [08/Apr/2025:02:43:00 -0400] "POST /wp-cron.php?doing_wp_cron=1744094577.5370171070098876953125 HTTP/1.1" 200 0 "-" "WordPress/6.7.2; https://shahmeenaindustry.com"
40.71.4.65 - - [08/Apr/2025:02:43:02 -0400] "HEAD / HTTP/1.1" 200 0 "-" "Mozilla/5.0 (Windows NT 10.0; Win64; x64) AppleWebKit/537.36 (KHTML, like Gecko) Chrome/74.0.3729.169 Safari/537.36"
40.71.4.65 - - [08/Apr/2025:02:43:04 -0400] "HEAD /wp HTTP/1.1" 404 0 "-" "Mozilla/5.0 (Windows NT 10.0; Win64; x64) AppleWebKit/537.36 (KHTML, like Gecko) Chrome/74.0.3729.169 Safari/537.36"
40.71.4.65 - - [08/Apr/2025:02:43:09 -0400] "HEAD /bc HTTP/1.1" 404 0 "-" "Mozilla/5.0 (Windows NT 10.0; Win64; x64) AppleWebKit/537.36 (KHTML, like Gecko) Chrome/74.0.3729.169 Safari/537.36"
40.71.4.65 - - [08/Apr/2025:02:43:12 -0400] "HEAD /bk HTTP/1.1" 404 0 "-" "Mozilla/5.0 (Windows NT 10.0; Win64; x64) AppleWebKit/537.36 (KHTML, like Gecko) Chrome/74.0.3729.169 Safari/537.36"
40.71.4.65 - - [08/Apr/2025:02:43:13 -0400] "HEAD /backup HTTP/1.1" 404 0 "-" "Mozilla/5.0 (Windows NT 10.0; Win64; x64) AppleWebKit/537.36 (KHTML, like Gecko) Chrome/74.0.3729.169 Safari/537.36"
40.71.4.65 - - [08/Apr/2025:02:43:16 -0400] "HEAD /old HTTP/1.1" 404 0 "-" "Mozilla/5.0 (Windows NT 10.0; Win64; x64) AppleWebKit/537.36 (KHTML, like Gecko) Chrome/74.0.3729.169 Safari/537.36"
40.71.4.65 - - [08/Apr/2025:02:43:18 -0400] "HEAD /new HTTP/1.1" 301 0 "-" "Mozilla/5.0 (Windows NT 10.0; Win64; x64) AppleWebKit/537.36 (KHTML, like Gecko) Chrome/74.0.3729.169 Safari/537.36"
40.71.4.65 - - [08/Apr/2025:02:43:22 -0400] "HEAD /main HTTP/1.1" 404 0 "-" "Mozilla/5.0 (Windows NT 10.0; Win64; x64) AppleWebKit/537.36 (KHTML, like Gecko) Chrome/74.0.3729.169 Safari/537.36"
40.71.4.65 - - [08/Apr/2025:02:43:24 -0400] "HEAD /home HTTP/1.1" 301 0 "-" "Mozilla/5.0 (Windows NT 10.0; Win64; x64) AppleWebKit/537.36 (KHTML, like Gecko) Chrome/74.0.3729.169 Safari/537.36"
2a02:4780:12:ec93::1 - - [08/Apr/2025:02:43:45 -0400] "POST /xmlrpc.php HTTP/1.1" 200 212 "http://shahmeenaindustry.com" "Mozilla/5.0 (Windows NT 10.0; Win64; x64) AppleWebKit/537.36 (KHTML, like Gecko) Chrome/113.0.5672.93 Safari/537.36"
198.54.114.83 - - [08/Apr/2025:02:48:24 -0400] "POST /wp-cron.php?doing_wp_cron=1744094904.4423139095306396484375 HTTP/1.1" 200 0 "-" "WordPress/6.7.2; https://shahmeenaindustry.com"
80.94.97.38 - - [08/Apr/2025:02:48:23 -0400] "POST /xmlrpc.php HTTP/1.1" 200 236 "-" "Mozilla/5.0 (X11; Fedora; Linux x86_64; rv:94.0) Gecko/20100101 Firefox/95.0"
198.235.24.142 - - [08/Apr/2025:02:48:36 -0400] "GET / HTTP/1.1" 200 24560 "-" "Expanse, a Palo Alto Networks company, searches across the global IPv4 space multiple times per day to identify customers' presences on the Internet. If you would like to be excluded from our scans, please send IP addresses/domains to: scaninfo@paloaltonetworks.com"
95.188.65.216 - - [08/Apr/2025:02:55:18 -0400] "POST /xmlrpc.php HTTP/1.1" 200 212 "http://shahmeenaindustry.com" "Mozilla/5.0 (Windows NT 11.0; Win64; x64) AppleWebKit/537.36 (KHTML, like Gecko) Chrome/126.0.0.0 Safari/537.36 Edg/126.0.0.0"
93.183.89.12 - - [08/Apr/2025:02:56:17 -0400] "GET /how-to-get-the-most-out-of-a-jade-roller/ HTTP/1.1" 200 21757 "http://shahmeenaindustry.com/how-to-get-the-most-out-of-a-jade-roller/" "Mozilla/5.0 (Windows NT 10.0; Win64; x64) AppleWebKit/537.36 (KHTML, like Gecko) Chrome/131.0.0.0 Safari/537.36"
198.54.114.83 - - [08/Apr/2025:02:56:19 -0400] "POST /wp-cron.php?doing_wp_cron=1744095379.2838149070739746093750 HTTP/1.1" 200 0 "-" "WordPress/6.7.2; https://shahmeenaindustry.com"
93.183.89.12 - - [08/Apr/2025:02:56:18 -0400] "POST /wp-comments-post.php HTTP/1.1" 302 0 "http://shahmeenaindustry.com/how-to-get-the-most-out-of-a-jade-roller/" "Mozilla/5.0 (Windows NT 10.0; Win64; x64) AppleWebKit/537.36 (KHTML, like Gecko) Chrome/131.0.0.0 Safari/537.36"
195.200.29.225 - - [08/Apr/2025:02:57:47 -0400] "GET /how-to-get-the-most-out-of-a-jade-roller/ HTTP/1.1" 200 21757 "http://shahmeenaindustry.com/how-to-get-the-most-out-of-a-jade-roller/" "Mozilla/5.0 (Windows NT 10.0; Win64; x64) AppleWebKit/537.36 (KHTML, like Gecko) Chrome/131.0.0.0 Safari/537.36 Avast/131.0.0.0"
198.54.114.83 - - [08/Apr/2025:02:57:54 -0400] "POST /wp-cron.php?doing_wp_cron=1744095473.5856161117553710937500 HTTP/1.1" 200 0 "-" "WordPress/6.7.2; https://shahmeenaindustry.com"
195.200.29.225 - - [08/Apr/2025:02:57:49 -0400] "POST /wp-comments-post.php HTTP/1.1" 302 0 "http://shahmeenaindustry.com/how-to-get-the-most-out-of-a-jade-roller/" "Mozilla/5.0 (Windows NT 10.0; Win64; x64) AppleWebKit/537.36 (KHTML, like Gecko) Chrome/131.0.0.0 Safari/537.36 Avast/131.0.0.0"
143.244.135.8 - - [08/Apr/2025:03:02:23 -0400] "GET /wp-admin/css/ HTTP/1.1" 403 1242 "binance.com" "Mozilla/5.0 (Windows NT 10.0; Win64; x64) AppleWebKit/537.36 (KHTML, like Gecko) Chrome/90.0.4430.85 Safari/537.36"
147.185.132.48 - - [08/Apr/2025:03:04:01 -0400] "GET / HTTP/1.1" 200 24560 "-" "Expanse, a Palo Alto Networks company, searches across the global IPv4 space multiple times per day to identify customers' presences on the Internet. If you would like to be excluded from our scans, please send IP addresses/domains to: scaninfo@paloaltonetworks.com"
199.188.200.151 - - [08/Apr/2025:03:06:58 -0400] "POST /xmlrpc.php HTTP/1.1" 200 212 "http://shahmeenaindustry.com" "Mozilla/5.0 (Macintosh; Intel Mac OS X 10_15_7) AppleWebKit/537.36 (KHTML, like Gecko) Chrome/114.0.5735.134 Safari/537.36"
23.105.169.224 - - [08/Apr/2025:03:08:29 -0400] "POST /xmlrpc.php HTTP/1.1" 200 236 "-" "Mozilla/5.0 (X11; Fedora; Linux x86_64; rv:94.0) Gecko/20100101 Firefox/95.0"
198.54.114.83 - - [08/Apr/2025:03:08:35 -0400] "POST /wp-cron.php?doing_wp_cron=1744096112.1294550895690917968750 HTTP/1.1" 200 0 "-" "WordPress/6.7.2; https://shahmeenaindustry.com"
91.238.162.8 - - [08/Apr/2025:03:18:23 -0400] "POST /xmlrpc.php HTTP/1.1" 200 0 "http://shahmeenaindustry.com" "Mozilla/5.0 (Macintosh; Intel Mac OS X 10_15_7) AppleWebKit/537.36 (KHTML, like Gecko) Chrome/112.0.5615.138 Safari/537.36"
198.54.114.83 - - [08/Apr/2025:03:18:33 -0400] "POST /wp-cron.php?doing_wp_cron=1744096709.4169030189514160156250 HTTP/1.1" 200 0 "-" "WordPress/6.7.2; https://shahmeenaindustry.com"
162.213.251.71 - - [08/Apr/2025:03:29:21 -0400] "POST /xmlrpc.php HTTP/1.1" 200 212 "http://shahmeenaindustry.com" "Mozilla/5.0 (Windows NT 10.0; Win64; x64) AppleWebKit/537.36 (KHTML, like Gecko) Chrome/126.0.0.0 Safari/537.36"
46.183.25.68 - - [08/Apr/2025:03:29:45 -0400] "POST /xmlrpc.php HTTP/1.1" 200 236 "-" "Mozilla/5.0 (X11; Fedora; Linux x86_64; rv:94.0) Gecko/20100101 Firefox/95.0"
198.54.114.83 - - [08/Apr/2025:03:29:49 -0400] "POST /wp-cron.php?doing_wp_cron=1744097385.7315320968627929687500 HTTP/1.1" 200 0 "-" "WordPress/6.7.2; https://shahmeenaindustry.com"
85.208.98.23 - - [08/Apr/2025:03:32:27 -0400] "GET /robots.txt HTTP/1.1" 304 0 "-" "Mozilla/5.0 (compatible; SemrushBot-BA; +http://www.semrush.com/bot.html)"
104.219.248.236 - - [08/Apr/2025:03:40:19 -0400] "POST /xmlrpc.php HTTP/1.1" 200 212 "http://shahmeenaindustry.com" "Mozilla/5.0 (Macintosh; Intel Mac OS X 10_15_7) AppleWebKit/537.36 (KHTML, like Gecko) Chrome/112.0.5615.138 Safari/537.36"
20.204.164.126 - - [08/Apr/2025:03:51:39 -0400] "POST /xmlrpc.php HTTP/1.1" 200 212 "http://shahmeenaindustry.com" "Mozilla/5.0 (Macintosh; Intel Mac OS X 10_15_7) AppleWebKit/537.36 (KHTML, like Gecko) Chrome/126.0.0.0 Safari/537.36"
198.54.114.83 - - [08/Apr/2025:03:51:43 -0400] "POST /wp-cron.php?doing_wp_cron=1744098700.6910929679870605468750 HTTP/1.1" 200 0 "-" "WordPress/6.7.2; https://shahmeenaindustry.com"
213.199.38.109 - - [08/Apr/2025:03:53:12 -0400] "POST /xmlrpc.php HTTP/1.1" 200 236 "-" "Mozilla/5.0 (X11; Fedora; Linux x86_64; rv:94.0) Gecko/20100101 Firefox/95.0"
198.54.114.83 - - [08/Apr/2025:03:53:20 -0400] "POST /wp-cron.php?doing_wp_cron=1744098798.3814809322357177734375 HTTP/1.1" 200 0 "-" "WordPress/6.7.2; https://shahmeenaindustry.com"
150.95.110.113 - - [08/Apr/2025:04:02:46 -0400] "POST /xmlrpc.php HTTP/1.1" 200 0 "http://shahmeenaindustry.com" "Mozilla/5.0 (Macintosh; Intel Mac OS X 14.3) AppleWebKit/614.31.14 (KHTML, like Gecko) Version/17.0.96 Safari/614.31.14"
198.54.114.83 - - [08/Apr/2025:04:02:59 -0400] "POST /wp-cron.php?doing_wp_cron=1744099377.0817589759826660156250 HTTP/1.1" 200 0 "-" "WordPress/6.7.2; https://shahmeenaindustry.com"
95.217.147.111 - - [08/Apr/2025:04:13:45 -0400] "POST /xmlrpc.php HTTP/1.1" 200 212 "http://shahmeenaindustry.com" "Mozilla/5.0 (Windows NT 11.0; Win64; x64) AppleWebKit/537.36 (KHTML, like Gecko) Chrome/126.0.0.0 Safari/537.36"
159.89.104.182 - - [08/Apr/2025:04:18:29 -0400] "POST /xmlrpc.php HTTP/1.1" 200 236 "-" "Mozilla/5.0 (X11; Fedora; Linux x86_64; rv:94.0) Gecko/20100101 Firefox/95.0"
198.54.114.83 - - [08/Apr/2025:04:18:37 -0400] "POST /wp-cron.php?doing_wp_cron=1744100315.7981851100921630859375 HTTP/1.1" 200 0 "-" "WordPress/6.7.2; https://shahmeenaindustry.com"
103.169.35.190 - - [08/Apr/2025:04:24:30 -0400] "POST /xmlrpc.php HTTP/1.1" 200 212 "http://shahmeenaindustry.com" "Mozilla/5.0 (Macintosh; Intel Mac OS X 10_15_7) AppleWebKit/537.36 (KHTML, like Gecko) Chrome/126.0.0.0 Safari/537.36"
198.54.114.83 - - [08/Apr/2025:04:24:38 -0400] "POST /wp-cron.php?doing_wp_cron=1744100676.0942540168762207031250 HTTP/1.1" 200 0 "-" "WordPress/6.7.2; https://shahmeenaindustry.com"
82.165.125.50 - - [08/Apr/2025:04:26:35 -0400] "GET /style.php HTTP/1.1" 404 16533 "www.google.com" "Mozlila/5.0 (Linux; Android 7.0; SM-G892A Bulid/NRD90M; wv) AppleWebKit/537.36 (KHTML, like Gecko) Version/4.0 Chrome/60.0.3112.107 Moblie Safari/537.36"
2a06:6440:0:2c40::1 - - [08/Apr/2025:04:34:46 -0400] "POST /xmlrpc.php HTTP/1.1" 200 212 "http://shahmeenaindustry.com" "Mozilla/5.0 (Windows NT 10.0; Win64; x64) AppleWebKit/537.36 (KHTML, like Gecko) Chrome/113.0.5672.93 Safari/537.36"
198.54.114.98 - - [08/Apr/2025:04:44:37 -0400] "POST /xmlrpc.php HTTP/1.1" 200 212 "http://shahmeenaindustry.com" "Mozilla/5.0 (Windows NT 10.0; Win64; x64) AppleWebKit/537.36 (KHTML, like Gecko) Chrome/116.0.5845.96 Safari/537.36"
114.119.174.226 - - [08/Apr/2025:04:44:51 -0400] "POST /xmlrpc.php HTTP/1.1" 200 236 "-" "Mozilla/5.0 (X11; Fedora; Linux x86_64; rv:94.0) Gecko/20100101 Firefox/95.0"
45.236.48.45 - - [08/Apr/2025:04:57:55 -0400] "GET /.env HTTP/1.1" 403 1242 "-" "Mozilla/5.0 (Windows NT 10.0; Win64; x64; rv:58.0) Gecko/20100101 Firefox/58.0"
45.236.48.45 - - [08/Apr/2025:04:58:02 -0400] "GET /.env.example HTTP/1.1" 403 1242 "-" "Mozilla/5.0 (Windows NT 10.0; Win64; x64; rv:58.0) Gecko/20100101 Firefox/58.0"
45.236.48.45 - - [08/Apr/2025:04:58:08 -0400] "GET /blog/.env HTTP/1.1" 403 1242 "-" "Mozilla/5.0 (Windows NT 10.0; Win64; x64; rv:58.0) Gecko/20100101 Firefox/58.0"
45.236.48.45 - - [08/Apr/2025:04:58:17 -0400] "GET /api/.env HTTP/1.1" 403 1242 "-" "Mozilla/5.0 (Windows NT 10.0; Win64; x64; rv:58.0) Gecko/20100101 Firefox/58.0"
45.236.48.45 - - [08/Apr/2025:04:58:26 -0400] "GET /laravel/.env HTTP/1.1" 403 1242 "-" "Mozilla/5.0 (Windows NT 10.0; Win64; x64; rv:58.0) Gecko/20100101 Firefox/58.0"
45.236.48.45 - - [08/Apr/2025:04:58:34 -0400] "GET /docs/.env HTTP/1.1" 403 1242 "-" "Mozilla/5.0 (Windows NT 10.0; Win64; x64; rv:58.0) Gecko/20100101 Firefox/58.0"
45.236.48.45 - - [08/Apr/2025:04:58:47 -0400] "GET /_profiler/phpinfo HTTP/1.1" 404 16533 "-" "Mozilla/5.0 (Windows NT 10.0; Win64; x64; rv:58.0) Gecko/20100101 Firefox/58.0"
159.65.152.66 - - [08/Apr/2025:05:03:42 -0400] "POST /xmlrpc.php HTTP/1.1" 200 212 "http://shahmeenaindustry.com" "Mozilla/5.0 (Macintosh; Intel Mac OS X 14_4_1) AppleWebKit/605.1.15 (KHTML, like Gecko) Version/17.3.1 Safari/605.1.15"
198.54.114.83 - - [08/Apr/2025:05:05:55 -0400] "POST /wp-cron.php?doing_wp_cron=1744103154.0200660228729248046875 HTTP/1.1" 200 0 "-" "WordPress/6.7.2; https://shahmeenaindustry.com"
101.33.66.34 - - [08/Apr/2025:05:05:48 -0400] "GET / HTTP/1.1" 200 24559 "-" "Mozilla/5.0 (iPhone; CPU iPhone OS 13_2_3 like Mac OS X) AppleWebKit/605.1.15 (KHTML, like Gecko) Version/13.0.3 Mobile/15E148 Safari/604.1"
216.244.66.200 - - [08/Apr/2025:05:09:43 -0400] "GET /robots.txt HTTP/1.1" 200 131 "-" "Mozilla/5.0 (compatible; DotBot/1.2; +https://opensiteexplorer.org/dotbot; help@moz.com)"
209.182.203.50 - - [08/Apr/2025:05:13:05 -0400] "POST /xmlrpc.php HTTP/1.1" 200 212 "http://shahmeenaindustry.com" "Mozilla/5.0 (Macintosh; Intel Mac OS X 13.3; rv:126.0) Gecko/20100101 Firefox/126.0"
198.54.114.83 - - [08/Apr/2025:05:19:17 -0400] "POST /wp-cron.php?doing_wp_cron=1744103956.2406759262084960937500 HTTP/1.1" 200 0 "-" "WordPress/6.7.2; https://shahmeenaindustry.com"
216.244.66.200 - - [08/Apr/2025:05:19:13 -0400] "GET /how-to-choose-the-right-law-tutor/ HTTP/1.1" 200 21447 "-" "Mozilla/5.0 (compatible; DotBot/1.2; +https://opensiteexplorer.org/dotbot; help@moz.com)"
2a01:4f8:210:20a3::2 - - [08/Apr/2025:05:22:27 -0400] "POST /xmlrpc.php HTTP/1.1" 200 212 "http://shahmeenaindustry.com" "Mozilla/5.0 (Macintosh; Intel Mac OS X 10_15_7) AppleWebKit/537.36 (KHTML, like Gecko) Chrome/113.0.5672.93 Safari/537.36"
198.54.114.83 - - [08/Apr/2025:05:22:35 -0400] "POST /wp-cron.php?doing_wp_cron=1744104153.4002759456634521484375 HTTP/1.1" 200 0 "-" "WordPress/6.7.2; https://shahmeenaindustry.com"
45.10.151.10 - - [08/Apr/2025:05:31:51 -0400] "POST /xmlrpc.php HTTP/1.1" 200 212 "http://shahmeenaindustry.com" "Mozilla/5.0 (Windows NT 10.0; Win64; x64) AppleWebKit/537.36 (KHTML, like Gecko) Chrome/115.0.5790.102 Safari/537.36"
198.54.114.83 - - [08/Apr/2025:05:41:19 -0400] "POST /wp-cron.php?doing_wp_cron=1744105277.9480609893798828125000 HTTP/1.1" 200 0 "-" "WordPress/6.7.2; https://shahmeenaindustry.com"
89.28.217.3 - - [08/Apr/2025:05:41:11 -0400] "POST /xmlrpc.php HTTP/1.1" 200 212 "http://shahmeenaindustry.com" "Mozilla/5.0 (Macintosh; Intel Mac OS X 10_15_7) AppleWebKit/537.36 (KHTML, like Gecko) Chrome/115.0.5790.102 Safari/537.36"
195.88.211.130 - - [08/Apr/2025:05:43:23 -0400] "POST /xmlrpc.php HTTP/1.1" 200 236 "-" "Mozilla/5.0 (X11; Fedora; Linux x86_64; rv:94.0) Gecko/20100101 Firefox/95.0"
51.178.45.73 - - [08/Apr/2025:05:50:23 -0400] "POST /xmlrpc.php HTTP/1.1" 200 212 "http://shahmeenaindustry.com" "Mozilla/5.0 (Macintosh; Intel Mac OS X 10_15_7; rv:126.0) Gecko/20100101 Firefox/126.0"
216.244.66.200 - - [08/Apr/2025:05:59:09 -0400] "GET /robots.txt HTTP/1.1" 200 131 "-" "Mozilla/5.0 (compatible; DotBot/1.2; +https://opensiteexplorer.org/dotbot; help@moz.com)"
198.54.114.83 - - [08/Apr/2025:05:59:30 -0400] "POST /wp-cron.php?doing_wp_cron=1744106369.4660069942474365234375 HTTP/1.1" 200 0 "-" "WordPress/6.7.2; https://shahmeenaindustry.com"
31.11.36.228 - - [08/Apr/2025:05:59:23 -0400] "POST /xmlrpc.php HTTP/1.1" 200 212 "http://shahmeenaindustry.com" "Mozilla/5.0 (Macintosh; Intel Mac OS X 10_15_7; rv:126.0) Gecko/20100101 Firefox/126.0"
35.87.96.5 - - [08/Apr/2025:06:04:23 -0400] "GET / HTTP/1.1" 200 24559 "-" "Mozilla/5.0 (X11; Linux x86_64) AppleWebKit/537.36 (KHTML, like Gecko) Chrome/83.0.4103.97 Safari/537.36"
159.65.152.66 - - [08/Apr/2025:06:08:26 -0400] "POST /xmlrpc.php HTTP/1.1" 200 212 "http://shahmeenaindustry.com" "Mozilla/5.0 (Macintosh; Intel Mac OS X 13_3) AppleWebKit/537.36 (KHTML, like Gecko) Chrome/126.0.0.0 Safari/537.36 Edg/126.0.0.0"
198.54.114.83 - - [08/Apr/2025:06:09:42 -0400] "POST /wp-cron.php?doing_wp_cron=1744106981.5496349334716796875000 HTTP/1.1" 200 0 "-" "WordPress/6.7.2; https://shahmeenaindustry.com"
216.244.66.200 - - [08/Apr/2025:06:09:40 -0400] "GET /artificial-intelligence-is-transforming-our-world/feed/ HTTP/1.1" 200 477 "-" "Mozilla/5.0 (compatible; DotBot/1.2; +https://opensiteexplorer.org/dotbot; help@moz.com)"
209.172.2.50 - - [08/Apr/2025:06:17:14 -0400] "POST /xmlrpc.php HTTP/1.1" 200 212 "http://shahmeenaindustry.com" "Mozilla/5.0 (Windows NT 10.0; Win64; x64) AppleWebKit/537.36 (KHTML, like Gecko) Chrome/126.0.0.0 Safari/537.36"
198.54.126.20 - - [08/Apr/2025:06:25:57 -0400] "POST /xmlrpc.php HTTP/1.1" 200 212 "http://shahmeenaindustry.com" "Mozilla/5.0 (Windows NT 10.0; Win64; x64) AppleWebKit/537.36 (KHTML, like Gecko) Chrome/115.0.5790.171 Safari/537.36 Edg/115.0.1901.203"
216.244.66.200 - - [08/Apr/2025:06:31:50 -0400] "GET /so-buchen-sie-einen-reinigungsservice-fur-ihr-hamburger-zuhause/feed/ HTTP/1.1" 200 479 "-" "Mozilla/5.0 (compatible; DotBot/1.2; +https://opensiteexplorer.org/dotbot; help@moz.com)"
182.42.105.85 - - [08/Apr/2025:06:34:42 -0400] "GET / HTTP/1.1" 200 24559 "-" "Mozilla/5.0 (iPhone; CPU iPhone OS 13_2_3 like Mac OS X) AppleWebKit/605.1.15 (KHTML, like Gecko) Version/13.0.3 Mobile/15E148 Safari/604.1"
162.241.126.57 - - [08/Apr/2025:06:42:53 -0400] "POST /xmlrpc.php HTTP/1.1" 200 212 "http://shahmeenaindustry.com" "Mozilla/5.0 (Macintosh; Intel Mac OS X 10.15; rv:126.0) Gecko/20100101 Firefox/126.0"
216.244.66.200 - - [08/Apr/2025:06:48:44 -0400] "GET /robots.txt HTTP/1.1" 200 131 "-" "Mozilla/5.0 (compatible; DotBot/1.2; +https://opensiteexplorer.org/dotbot; help@moz.com)"
52.230.98.98 - - [08/Apr/2025:06:49:48 -0400] "POST /xmlrpc.php HTTP/1.1" 200 236 "-" "Mozilla/5.0 (X11; Gentoo; Linux x86_64; rv:91.0) Gecko/20100101 Firefox/91.0"
208.107.66.243 - - [08/Apr/2025:06:51:27 -0400] "POST /xmlrpc.php HTTP/1.1" 200 212 "http://shahmeenaindustry.com" "Mozilla/5.0 (Macintosh; Intel Mac OS X 14.3) AppleWebKit/614.31.14 (KHTML, like Gecko) Version/17.0.96 Safari/614.31.14"
216.244.66.200 - - [08/Apr/2025:06:58:04 -0400] "GET /so-erstellen-sie-rockgitarren-solo-improvisationen/ HTTP/1.1" 200 22979 "-" "Mozilla/5.0 (compatible; DotBot/1.2; +https://opensiteexplorer.org/dotbot; help@moz.com)"
