2806:2f0:6280:4a5:659a:7672:8200:5ef2 - - [15/Apr/2025:08:00:19 -0400] "POST /xmlrpc.php HTTP/1.1" 200 186 "-" "Mozilla/5.0 (Windows NT 10.0; Win64; x64) AppleWebKit/537.36 (KHTML, like Gecko) Chrome/91.0.4472.124 Safari/537.36"
198.54.114.83 - - [15/Apr/2025:08:01:00 -0400] "POST /wp-cron.php?doing_wp_cron=1744718459.4919540882110595703125 HTTP/1.1" 200 0 "-" "WordPress/6.7.2; https://sunquicksf.com"
51.222.253.19 - - [15/Apr/2025:08:00:59 -0400] "GET /top-quality-pert-pipes-and-fittings-at-wholesale-prices/ HTTP/1.1" 200 10008 "-" "Mozilla/5.0 (compatible; AhrefsBot/7.0; +http://ahrefs.com/robot/)"
2806:2f0:6280:4a5:659a:7672:8200:5ef2 - - [15/Apr/2025:08:01:18 -0400] "POST /xmlrpc.php HTTP/1.1" 200 186 "-" "Mozilla/5.0 (Windows NT 10.0; Win64; x64) AppleWebKit/537.36 (KHTML, like Gecko) Chrome/91.0.4472.124 Safari/537.36"
51.222.253.2 - - [15/Apr/2025:08:03:47 -0400] "GET /water-soluble-film-packaging-machine/ HTTP/1.1" 200 10105 "-" "Mozilla/5.0 (compatible; AhrefsBot/7.0; +http://ahrefs.com/robot/)"
198.54.114.83 - - [15/Apr/2025:08:03:54 -0400] "POST /wp-cron.php?doing_wp_cron=1744718632.1247859001159667968750 HTTP/1.1" 200 0 "-" "WordPress/6.7.2; https://sunquicksf.com"
178.217.98.213 - - [15/Apr/2025:08:04:07 -0400] "GET /the-benefits-of-manufacturing-automation/ HTTP/1.1" 200 10553 "https://sunquicksf.com/the-benefits-of-manufacturing-automation/" "Mozilla/5.0 (Windows NT 10.0; Win64; x64) AppleWebKit/537.36 (KHTML, like Gecko) Chrome/130.0.0.0 Safari/537.36 CCleaner/130.0.0.0"
178.217.98.213 - - [15/Apr/2025:08:04:09 -0400] "POST /wp-comments-post.php HTTP/1.1" 302 0 "https://sunquicksf.com/the-benefits-of-manufacturing-automation/" "Mozilla/5.0 (Windows NT 10.0; Win64; x64) AppleWebKit/537.36 (KHTML, like Gecko) Chrome/130.0.0.0 Safari/537.36 CCleaner/130.0.0.0"
178.217.98.213 - - [15/Apr/2025:08:04:15 -0400] "GET /the-benefits-of-manufacturing-automation/ HTTP/1.1" 200 11183 "https://sunquicksf.com/the-benefits-of-manufacturing-automation/#comment-50114" "Mozilla/5.0 (Windows NT 10.0; Win64; x64) AppleWebKit/537.36 (KHTML, like Gecko) Chrome/130.0.0.0 Safari/537.36 CCleaner/130.0.0.0"
51.222.253.5 - - [15/Apr/2025:08:06:50 -0400] "GET /buy-youtube-views-cheap-and-working/ HTTP/1.1" 200 10014 "-" "Mozilla/5.0 (compatible; AhrefsBot/7.0; +http://ahrefs.com/robot/)"
198.54.114.83 - - [15/Apr/2025:08:06:58 -0400] "POST /wp-cron.php?doing_wp_cron=1744718815.6159710884094238281250 HTTP/1.1" 200 0 "-" "WordPress/6.7.2; https://sunquicksf.com"
119.28.5.18 - - [15/Apr/2025:08:08:18 -0400] "GET /cardio-fitness/ HTTP/1.1" 200 10561 "-" "Python/3.10 aiohttp/3.10.5"
198.54.114.83 - - [15/Apr/2025:08:08:25 -0400] "POST /wp-cron.php?doing_wp_cron=1744718902.6478240489959716796875 HTTP/1.1" 200 0 "-" "WordPress/6.7.2; https://sunquicksf.com"
198.54.114.83 - - [15/Apr/2025:08:09:44 -0400] "POST /wp-cron.php?doing_wp_cron=1744718983.6464140415191650390625 HTTP/1.1" 200 0 "-" "WordPress/6.7.2; https://sunquicksf.com"
114.119.147.233 - - [15/Apr/2025:08:09:43 -0400] "GET /une-exploration-de-lelegance/ HTTP/1.1" 200 10019 "https://sunquicksf.com/category/activity/page/22/" "Mozilla/5.0 (Linux; Android 7.0;) AppleWebKit/537.36 (KHTML, like Gecko) Mobile Safari/537.36 (compatible; PetalBot;+https://webmaster.petalsearch.com/site/petalbot)"
51.222.253.5 - - [15/Apr/2025:08:09:44 -0400] "GET /enhancing-quality-of-life-through-occupational-therapy-in-dubai/feed/ HTTP/1.1" 200 430 "-" "Mozilla/5.0 (compatible; AhrefsBot/7.0; +http://ahrefs.com/robot/)"
109.236.93.77 - - [15/Apr/2025:08:10:34 -0400] "GET /produits-et-accessoires-militaires HTTP/1.1" 301 0 "-" "Mozilla/5.0 (Windows NT 10.0; Win64; x64) AppleWebKit/537.36 (KHTML, like Gecko) Chrome/118.0.0.0 Safari/537.36"
109.236.93.77 - - [15/Apr/2025:08:10:38 -0400] "GET /produits-et-accessoires-militaires/ HTTP/1.1" 200 10603 "-" "Mozilla/5.0 (Windows NT 10.0; Win64; x64) AppleWebKit/537.36 (KHTML, like Gecko) Chrome/118.0.0.0 Safari/537.36"
114.119.147.233 - - [15/Apr/2025:08:11:04 -0400] "GET /the-woom-air-mountain-biking-bike/ HTTP/1.1" 200 10612 "https://sunquicksf.com/page/106/" "Mozilla/5.0 (Linux; Android 7.0;) AppleWebKit/537.36 (KHTML, like Gecko) Mobile Safari/537.36 (compatible; PetalBot;+https://webmaster.petalsearch.com/site/petalbot)"
114.119.138.5 - - [15/Apr/2025:08:12:27 -0400] "GET /mushroom-chocolate-bars-for-sale HTTP/1.1" 301 0 "https://www.aapestores.com/blog/new-products/journal-blog" "Mozilla/5.0 (Linux; Android 7.0;) AppleWebKit/537.36 (KHTML, like Gecko) Mobile Safari/537.36 (compatible; PetalBot;+https://webmaster.petalsearch.com/site/petalbot)"
114.119.138.5 - - [15/Apr/2025:08:12:29 -0400] "GET /mushroom-chocolate-bars-for-sale/ HTTP/1.1" 200 10850 "https://www.aapestores.com/blog/new-products/journal-blog" "Mozilla/5.0 (Linux; Android 7.0;) AppleWebKit/537.36 (KHTML, like Gecko) Mobile Safari/537.36 (compatible; PetalBot;+https://webmaster.petalsearch.com/site/petalbot)"
51.222.253.15 - - [15/Apr/2025:08:12:53 -0400] "GET /top-roofing-contractors-in-portland-your-guide-to-quality-roofing-services/ HTTP/1.1" 200 10008 "-" "Mozilla/5.0 (compatible; AhrefsBot/7.0; +http://ahrefs.com/robot/)"
114.119.156.71 - - [15/Apr/2025:08:13:49 -0400] "GET /category/about-us/page/4/ HTTP/1.1" 200 9984 "https://sunquicksf.com/category/about-us/page/3/" "Mozilla/5.0 (Linux; Android 7.0;) AppleWebKit/537.36 (KHTML, like Gecko) Mobile Safari/537.36 (compatible; PetalBot;+https://webmaster.petalsearch.com/site/petalbot)"
51.222.253.20 - - [15/Apr/2025:08:15:51 -0400] "GET /deciphering-youtube-views-the-metrics-behind-digital-stardom/feed/ HTTP/1.1" 304 0 "-" "Mozilla/5.0 (compatible; AhrefsBot/7.0; +http://ahrefs.com/robot/)"
185.157.212.157 - - [15/Apr/2025:08:16:42 -0400] "GET /the-benefits-of-manufacturing-automation/ HTTP/1.1" 200 10553 "https://sunquicksf.com/the-benefits-of-manufacturing-automation/" "Mozilla/5.0 (Windows NT 10.0; Win64; x64) AppleWebKit/537.36 (KHTML, like Gecko) Chrome/131.0.0.0 Safari/537.36"
185.157.212.157 - - [15/Apr/2025:08:16:46 -0400] "POST /wp-comments-post.php HTTP/1.1" 302 0 "https://sunquicksf.com/the-benefits-of-manufacturing-automation/" "Mozilla/5.0 (Windows NT 10.0; Win64; x64) AppleWebKit/537.36 (KHTML, like Gecko) Chrome/131.0.0.0 Safari/537.36"
185.157.212.157 - - [15/Apr/2025:08:16:51 -0400] "GET /the-benefits-of-manufacturing-automation/ HTTP/1.1" 200 10203 "https://sunquicksf.com/the-benefits-of-manufacturing-automation/#comment-50115" "Mozilla/5.0 (Windows NT 10.0; Win64; x64) AppleWebKit/537.36 (KHTML, like Gecko) Chrome/131.0.0.0 Safari/537.36"
198.54.114.83 - - [15/Apr/2025:08:18:59 -0400] "POST /wp-cron.php?doing_wp_cron=1744719538.0110349655151367187500 HTTP/1.1" 200 0 "-" "WordPress/6.7.2; https://sunquicksf.com"
51.222.253.14 - - [15/Apr/2025:08:18:53 -0400] "GET /achieving-excellence-through-customized-guidance/feed/ HTTP/1.1" 200 405 "-" "Mozilla/5.0 (compatible; AhrefsBot/7.0; +http://ahrefs.com/robot/)"
198.54.114.83 - - [15/Apr/2025:08:20:49 -0400] "POST /wp-cron.php?doing_wp_cron=1744719648.7860670089721679687500 HTTP/1.1" 200 0 "-" "WordPress/6.7.2; https://sunquicksf.com"
91.84.98.204 - - [15/Apr/2025:08:20:46 -0400] "GET /the-benefits-of-manufacturing-automation/ HTTP/1.1" 200 10594 "https://sunquicksf.com/the-benefits-of-manufacturing-automation/" "Mozilla/5.0 (Windows NT 10.0; Win64; x64) AppleWebKit/537.36 (KHTML, like Gecko) Chrome/129.0.0.0 Safari/537.36"
91.84.98.204 - - [15/Apr/2025:08:20:53 -0400] "POST /wp-comments-post.php HTTP/1.1" 302 0 "https://sunquicksf.com/the-benefits-of-manufacturing-automation/" "Mozilla/5.0 (Windows NT 10.0; Win64; x64) AppleWebKit/537.36 (KHTML, like Gecko) Chrome/129.0.0.0 Safari/537.36"
91.84.98.204 - - [15/Apr/2025:08:20:57 -0400] "GET /the-benefits-of-manufacturing-automation/ HTTP/1.1" 200 12099 "https://sunquicksf.com/the-benefits-of-manufacturing-automation/#comment-50116" "Mozilla/5.0 (Windows NT 10.0; Win64; x64) AppleWebKit/537.36 (KHTML, like Gecko) Chrome/129.0.0.0 Safari/537.36"
150.109.117.52 - - [15/Apr/2025:08:21:01 -0400] "GET /how-to-jailbreak-a-switch-like-a-pro/ HTTP/1.1" 200 12996 "-" "Python/3.10 aiohttp/3.10.5"
51.222.253.7 - - [15/Apr/2025:08:21:53 -0400] "GET /navigating-history-the-rich-heritage-of-joo-chiats-straits/ HTTP/1.1" 200 10048 "-" "Mozilla/5.0 (compatible; AhrefsBot/7.0; +http://ahrefs.com/robot/)"
110.249.201.168 - - [15/Apr/2025:08:22:03 -0400] "GET /robots.txt HTTP/1.1" 200 109 "-" "Mozilla/5.0 (Linux; Android 5.0) AppleWebKit/537.36 (KHTML, like Gecko) Mobile Safari/537.36 (compatible; Bytespider; https://zhanzhang.toutiao.com/)"
51.222.253.16 - - [15/Apr/2025:08:24:55 -0400] "GET /how-to-repair-a-norcold-rv-refrigerator/feed/ HTTP/1.1" 200 405 "-" "Mozilla/5.0 (compatible; AhrefsBot/7.0; +http://ahrefs.com/robot/)"
129.226.52.30 - - [15/Apr/2025:08:27:09 -0400] "GET /starting-a-fitness-enterprise/ HTTP/1.1" 200 10611 "-" "Python/3.10 aiohttp/3.10.5"
51.222.253.2 - - [15/Apr/2025:08:28:10 -0400] "GET /german-classes-london/ HTTP/1.1" 200 9944 "-" "Mozilla/5.0 (compatible; AhrefsBot/7.0; +http://ahrefs.com/robot/)"
114.119.156.71 - - [15/Apr/2025:08:29:52 -0400] "GET /the-power-of-3cx-pbx/ HTTP/1.1" 200 10116 "https://sunquicksf.com/page/123/" "Mozilla/5.0 (Linux; Android 7.0;) AppleWebKit/537.36 (KHTML, like Gecko) Mobile Safari/537.36 (compatible; PetalBot;+https://webmaster.petalsearch.com/site/petalbot)"
51.222.253.8 - - [15/Apr/2025:08:31:12 -0400] "GET /unlocking-convenience-the-gift-certificate-small-payment-option/ HTTP/1.1" 200 10199 "-" "Mozilla/5.0 (compatible; AhrefsBot/7.0; +http://ahrefs.com/robot/)"
114.119.156.133 - - [15/Apr/2025:08:31:16 -0400] "GET /rare-yugioh-trading-cards/ HTTP/1.1" 200 10555 "https://sunquicksf.com/page/95/" "Mozilla/5.0 (Linux; Android 7.0;) AppleWebKit/537.36 (KHTML, like Gecko) Mobile Safari/537.36 (compatible; PetalBot;+https://webmaster.petalsearch.com/site/petalbot)"
114.119.156.133 - - [15/Apr/2025:08:32:39 -0400] "GET /rachat-voiture/ HTTP/1.1" 200 10325 "https://sunquicksf.com/category/activity/page/34/" "Mozilla/5.0 (Linux; Android 7.0;) AppleWebKit/537.36 (KHTML, like Gecko) Mobile Safari/537.36 (compatible; PetalBot;+https://webmaster.petalsearch.com/site/petalbot)"
207.174.7.210 - - [15/Apr/2025:08:32:45 -0400] "GET /wp-login.php HTTP/1.1" 200 1721 "-" "Mozilla/5.0 (Windows NT 10.0; Win64; x64) AppleWebKit/537.36 (KHTML, like Gecko) Chrome/87.0.4280.141 Safari/537.36"
207.174.7.210 - - [15/Apr/2025:08:32:50 -0400] "GET /wp-login.php HTTP/1.1" 200 1721 "-" "Mozilla/5.0 (Windows NT 10.0; Win64; x64) AppleWebKit/537.36 (KHTML, like Gecko) Chrome/87.0.4280.141 Safari/537.36"
114.119.135.64 - - [15/Apr/2025:08:34:02 -0400] "GET /grip-socks-for-sports-2/ HTTP/1.1" 200 10020 "https://sunquicksf.com/grip-socks-for-sports-2/" "Mozilla/5.0 (Linux; Android 7.0;) AppleWebKit/537.36 (KHTML, like Gecko) Mobile Safari/537.36 (compatible; PetalBot;+https://webmaster.petalsearch.com/site/petalbot)"
51.222.253.14 - - [15/Apr/2025:08:34:15 -0400] "GET /novacare-rehabilitation-in-belden-village-offers-inpatient-and-outpatient-physical-therapy/ HTTP/1.1" 200 9941 "-" "Mozilla/5.0 (compatible; AhrefsBot/7.0; +http://ahrefs.com/robot/)"
114.119.135.64 - - [15/Apr/2025:08:35:26 -0400] "GET /best-interior-detailing-products/ HTTP/1.1" 200 10617 "https://sunquicksf.com/page/118/" "Mozilla/5.0 (Linux; Android 7.0;) AppleWebKit/537.36 (KHTML, like Gecko) Mobile Safari/537.36 (compatible; PetalBot;+https://webmaster.petalsearch.com/site/petalbot)"
119.28.225.114 - - [15/Apr/2025:08:36:10 -0400] "GET /how-socks-are-made-and-sold-by-sock-manufacturers/ HTTP/1.1" 200 10828 "-" "Python/3.10 aiohttp/3.10.5"
51.222.253.14 - - [15/Apr/2025:08:36:50 -0400] "GET /elevated-living-exploring-the-essence-of-park-hill-condo/feed/ HTTP/1.1" 200 429 "-" "Mozilla/5.0 (compatible; AhrefsBot/7.0; +http://ahrefs.com/robot/)"
51.222.253.8 - - [15/Apr/2025:08:39:24 -0400] "GET /essentiel-pour-un-espace-de-travail-productif/feed/ HTTP/1.1" 304 0 "-" "Mozilla/5.0 (compatible; AhrefsBot/7.0; +http://ahrefs.com/robot/)"
198.54.114.83 - - [15/Apr/2025:08:42:18 -0400] "POST /wp-cron.php?doing_wp_cron=1744720937.4990949630737304687500 HTTP/1.1" 200 0 "-" "WordPress/6.7.2; https://sunquicksf.com"
51.222.253.5 - - [15/Apr/2025:08:42:13 -0400] "GET /discovering-luxury-living-at-one-bernam-showflat/ HTTP/1.1" 200 10326 "-" "Mozilla/5.0 (compatible; AhrefsBot/7.0; +http://ahrefs.com/robot/)"
43.132.219.33 - - [15/Apr/2025:08:43:36 -0400] "GET /enviar-flores-online/ HTTP/1.1" 200 9908 "-" "Python/3.10 aiohttp/3.10.5"
85.208.98.20 - - [15/Apr/2025:08:43:55 -0400] "GET /maximizing-space-smart-tips-for-small-bathroom-renovations/ HTTP/1.1" 200 10101 "-" "Mozilla/5.0 (compatible; SemrushBot-BA; +http://www.semrush.com/bot.html)"
85.208.98.20 - - [15/Apr/2025:08:44:12 -0400] "GET /creative-solutions-for-small-bathroom-renovations/ HTTP/1.1" 200 9905 "-" "Mozilla/5.0 (compatible; SemrushBot-BA; +http://www.semrush.com/bot.html)"
51.222.253.12 - - [15/Apr/2025:08:44:54 -0400] "GET /starting-a-social-media-agency/feed/ HTTP/1.1" 200 400 "-" "Mozilla/5.0 (compatible; AhrefsBot/7.0; +http://ahrefs.com/robot/)"
51.222.253.14 - - [15/Apr/2025:08:47:35 -0400] "GET /unveiling-the-emblematic-identity-decoding-car-make-badges/feed/ HTTP/1.1" 304 0 "-" "Mozilla/5.0 (compatible; AhrefsBot/7.0; +http://ahrefs.com/robot/)"
51.222.253.17 - - [15/Apr/2025:08:49:52 -0400] "GET /effektive-haushaltsauflosung-in-luneburg/ HTTP/1.1" 200 10094 "-" "Mozilla/5.0 (compatible; AhrefsBot/7.0; +http://ahrefs.com/robot/)"
91.84.98.204 - - [15/Apr/2025:08:50:05 -0400] "GET /the-benefits-of-manufacturing-automation/ HTTP/1.1" 200 10553 "https://sunquicksf.com/the-benefits-of-manufacturing-automation/" "Mozilla/5.0 (Windows NT 10.0; Win64; x64) AppleWebKit/537.36 (KHTML, like Gecko) Chrome/131.0.0.0 Safari/537.36 Avast/131.0.0.0"
91.84.98.204 - - [15/Apr/2025:08:50:08 -0400] "POST /wp-comments-post.php HTTP/1.1" 302 0 "https://sunquicksf.com/the-benefits-of-manufacturing-automation/" "Mozilla/5.0 (Windows NT 10.0; Win64; x64) AppleWebKit/537.36 (KHTML, like Gecko) Chrome/131.0.0.0 Safari/537.36 Avast/131.0.0.0"
91.84.98.204 - - [15/Apr/2025:08:50:11 -0400] "GET /the-benefits-of-manufacturing-automation/ HTTP/1.1" 200 11999 "https://sunquicksf.com/the-benefits-of-manufacturing-automation/#comment-50117" "Mozilla/5.0 (Windows NT 10.0; Win64; x64) AppleWebKit/537.36 (KHTML, like Gecko) Chrome/131.0.0.0 Safari/537.36 Avast/131.0.0.0"
223.25.58.82 - - [15/Apr/2025:08:50:21 -0400] "GET /which-ice-maker-machine-is-right-for-you/ HTTP/1.1" 200 10081 "-" "Mozilla/5.0 (Android 2.3.7; Mobile; rv:11.0) Gecko/11.0 Firefox/11.0"
129.226.176.117 - - [15/Apr/2025:08:50:21 -0400] "GET /lakegarden-residences-a-perfect-blend-of-nature-and-modern-amenities/ HTTP/1.1" 200 10696 "-" "Python/3.10 aiohttp/3.10.5"
178.20.46.206 - - [15/Apr/2025:08:50:37 -0400] "GET /ally-bank-customer-service/ HTTP/1.1" 200 10706 "https://sunquicksf.com/ally-bank-customer-service/" "Mozilla/5.0 (Windows NT 10.0; Win64; x64) AppleWebKit/537.36 (KHTML, like Gecko) Chrome/130.0.0.0 Safari/537.36"
178.20.46.206 - - [15/Apr/2025:08:50:39 -0400] "POST /wp-comments-post.php HTTP/1.1" 302 0 "https://sunquicksf.com/ally-bank-customer-service/" "Mozilla/5.0 (Windows NT 10.0; Win64; x64) AppleWebKit/537.36 (KHTML, like Gecko) Chrome/130.0.0.0 Safari/537.36"
178.20.46.206 - - [15/Apr/2025:08:50:44 -0400] "GET /ally-bank-customer-service/ HTTP/1.1" 200 10180 "https://sunquicksf.com/ally-bank-customer-service/#comment-50118" "Mozilla/5.0 (Windows NT 10.0; Win64; x64) AppleWebKit/537.36 (KHTML, like Gecko) Chrome/130.0.0.0 Safari/537.36"
43.129.84.140 - - [15/Apr/2025:08:51:42 -0400] "GET /back-to-school-dresses-for-girls/ HTTP/1.1" 200 10691 "-" "Python/3.10 aiohttp/3.10.5"
51.222.253.3 - - [15/Apr/2025:08:52:36 -0400] "GET /the-appeal-of-used-designer-furniture/ HTTP/1.1" 200 9998 "-" "Mozilla/5.0 (compatible; AhrefsBot/7.0; +http://ahrefs.com/robot/)"
114.119.147.233 - - [15/Apr/2025:08:54:06 -0400] "GET /intel-motherboards-choosing-the-right-one/ HTTP/1.1" 200 10215 "https://sunquicksf.com/category/activity/page/34/" "Mozilla/5.0 (Linux; Android 7.0;) AppleWebKit/537.36 (KHTML, like Gecko) Mobile Safari/537.36 (compatible; PetalBot;+https://webmaster.petalsearch.com/site/petalbot)"
51.222.253.13 - - [15/Apr/2025:08:55:11 -0400] "GET /a-perfect-blend-of-functionality-and-cuteness/feed/ HTTP/1.1" 304 0 "-" "Mozilla/5.0 (compatible; AhrefsBot/7.0; +http://ahrefs.com/robot/)"
114.119.156.71 - - [15/Apr/2025:08:55:31 -0400] "GET /how-to-turn-off-voice-control-on-your-iphone/ HTTP/1.1" 200 12758 "https://sunquicksf.com/page/113/" "Mozilla/5.0 (Linux; Android 7.0;) AppleWebKit/537.36 (KHTML, like Gecko) Mobile Safari/537.36 (compatible; PetalBot;+https://webmaster.petalsearch.com/site/petalbot)"
198.54.114.83 - - [15/Apr/2025:08:56:56 -0400] "POST /wp-cron.php?doing_wp_cron=1744721814.9396190643310546875000 HTTP/1.1" 200 0 "-" "WordPress/6.7.2; https://sunquicksf.com"
114.119.130.3 - - [15/Apr/2025:08:56:54 -0400] "GET /how-to-operate-a-fire-fighting-pump/ HTTP/1.1" 200 10493 "https://sunquicksf.com/category/activity/page/84/" "Mozilla/5.0 (Linux; Android 7.0;) AppleWebKit/537.36 (KHTML, like Gecko) Mobile Safari/537.36 (compatible; PetalBot;+https://webmaster.petalsearch.com/site/petalbot)"
101.32.75.188 - - [15/Apr/2025:08:57:08 -0400] "GET /how-to-take-sarm-properly/ HTTP/1.1" 200 10516 "-" "Python/3.10 aiohttp/3.10.5"
198.54.114.83 - - [15/Apr/2025:08:57:58 -0400] "POST /wp-cron.php?doing_wp_cron=1744721876.8415598869323730468750 HTTP/1.1" 200 0 "-" "WordPress/6.7.2; https://sunquicksf.com"
51.222.253.3 - - [15/Apr/2025:08:57:56 -0400] "GET /personnalisation-de-la-plaque-dimmatriculation-un-style-unique-sur-la-route/ HTTP/1.1" 200 10198 "-" "Mozilla/5.0 (compatible; AhrefsBot/7.0; +http://ahrefs.com/robot/)"
114.119.156.133 - - [15/Apr/2025:08:58:17 -0400] "GET /page/48/ HTTP/1.1" 200 9993 "https://sunquicksf.com/page/49/" "Mozilla/5.0 (Linux; Android 7.0;) AppleWebKit/537.36 (KHTML, like Gecko) Mobile Safari/537.36 (compatible; PetalBot;+https://webmaster.petalsearch.com/site/petalbot)"
198.54.114.83 - - [15/Apr/2025:08:59:42 -0400] "POST /wp-cron.php?doing_wp_cron=1744721981.3344349861145019531250 HTTP/1.1" 200 0 "-" "WordPress/6.7.2; https://sunquicksf.com"
114.119.138.5 - - [15/Apr/2025:08:59:40 -0400] "GET /flathead-boat-rental-fishing-scenic-cruising-and-tubing/ HTTP/1.1" 200 10280 "https://sunquicksf.com/page/94/" "Mozilla/5.0 (Linux; Android 7.0;) AppleWebKit/537.36 (KHTML, like Gecko) Mobile Safari/537.36 (compatible; PetalBot;+https://webmaster.petalsearch.com/site/petalbot)"
51.222.253.10 - - [15/Apr/2025:09:00:20 -0400] "GET /kokomo-indiana-home-to-stellantis-and-samsungs-first-north-american-electric-vehicle-battery-plant/ HTTP/1.1" 200 10039 "-" "Mozilla/5.0 (compatible; AhrefsBot/7.0; +http://ahrefs.com/robot/)"
43.154.125.44 - - [15/Apr/2025:09:00:38 -0400] "GET /semenax-review-does-it-really-work/ HTTP/1.1" 200 10494 "-" "Python/3.10 aiohttp/3.10.5"
198.54.114.83 - - [15/Apr/2025:09:00:55 -0400] "POST /wp-cron.php?doing_wp_cron=1744722053.8868100643157958984375 HTTP/1.1" 200 0 "-" "WordPress/6.7.2; https://sunquicksf.com"
43.129.84.140 - - [15/Apr/2025:09:00:53 -0400] "GET /can-fenbendazole-for-humans-cure-cancer/ HTTP/1.1" 200 10739 "-" "Python/3.10 aiohttp/3.10.5"
114.119.156.133 - - [15/Apr/2025:09:01:04 -0400] "GET /benefits-of-studying-for-an-mba-online/ HTTP/1.1" 200 9992 "https://sunquicksf.com/category/activity/page/39/" "Mozilla/5.0 (Linux; Android 7.0;) AppleWebKit/537.36 (KHTML, like Gecko) Mobile Safari/537.36 (compatible; PetalBot;+https://webmaster.petalsearch.com/site/petalbot)"
185.157.212.157 - - [15/Apr/2025:09:01:42 -0400] "GET /the-benefits-of-manufacturing-automation/ HTTP/1.1" 200 10553 "https://sunquicksf.com/the-benefits-of-manufacturing-automation/" "Mozilla/5.0 (Windows NT 10.0; Win64; x64) AppleWebKit/537.36 (KHTML, like Gecko) Chrome/131.0.0.0 Safari/537.36 Avast/131.0.0.0"
43.135.121.153 - - [15/Apr/2025:09:01:45 -0400] "GET /flathead-lake-boat-rentals/ HTTP/1.1" 200 10269 "-" "Python/3.10 aiohttp/3.10.5"
185.157.212.157 - - [15/Apr/2025:09:01:45 -0400] "POST /wp-comments-post.php HTTP/1.1" 302 0 "https://sunquicksf.com/the-benefits-of-manufacturing-automation/" "Mozilla/5.0 (Windows NT 10.0; Win64; x64) AppleWebKit/537.36 (KHTML, like Gecko) Chrome/131.0.0.0 Safari/537.36 Avast/131.0.0.0"
185.157.212.157 - - [15/Apr/2025:09:01:49 -0400] "GET /the-benefits-of-manufacturing-automation/ HTTP/1.1" 200 12005 "https://sunquicksf.com/the-benefits-of-manufacturing-automation/#comment-50119" "Mozilla/5.0 (Windows NT 10.0; Win64; x64) AppleWebKit/537.36 (KHTML, like Gecko) Chrome/131.0.0.0 Safari/537.36 Avast/131.0.0.0"
198.54.114.83 - - [15/Apr/2025:09:02:19 -0400] "POST /wp-cron.php?doing_wp_cron=1744722138.0605609416961669921875 HTTP/1.1" 200 0 "-" "WordPress/6.7.2; https://sunquicksf.com"
129.226.133.55 - - [15/Apr/2025:09:02:17 -0400] "GET /the-various-classes-of-old-fashioned-adornments/ HTTP/1.1" 200 10892 "-" "Python/3.10 aiohttp/3.10.5"
114.119.134.207 - - [15/Apr/2025:09:02:27 -0400] "GET /assurance-professionnelle-protegez-votre-entreprise/ HTTP/1.1" 200 10153 "https://sunquicksf.com/category/activity/page/27/" "Mozilla/5.0 (Linux; Android 7.0;) AppleWebKit/537.36 (KHTML, like Gecko) Mobile Safari/537.36 (compatible; PetalBot;+https://webmaster.petalsearch.com/site/petalbot)"
51.222.253.12 - - [15/Apr/2025:09:02:47 -0400] "GET /unveiling-the-digital-playground-exploring-the-world-of-online-casinos/feed/ HTTP/1.1" 304 0 "-" "Mozilla/5.0 (compatible; AhrefsBot/7.0; +http://ahrefs.com/robot/)"
114.119.130.3 - - [15/Apr/2025:09:03:51 -0400] "GET /discovering-elegance-the-ardor-residence-showflat-experience/ HTTP/1.1" 200 10248 "https://sunquicksf.com/page/9/" "Mozilla/5.0 (Linux; Android 7.0;) AppleWebKit/537.36 (KHTML, like Gecko) Mobile Safari/537.36 (compatible; PetalBot;+https://webmaster.petalsearch.com/site/petalbot)"
198.54.114.83 - - [15/Apr/2025:09:03:55 -0400] "POST /wp-cron.php?doing_wp_cron=1744722232.9615519046783447265625 HTTP/1.1" 200 0 "-" "WordPress/6.7.2; https://sunquicksf.com"
129.226.131.246 - - [15/Apr/2025:09:04:28 -0400] "GET /essential-safety-guidelines-for-kitesurfers/ HTTP/1.1" 200 10708 "-" "Python/3.10 aiohttp/3.10.5"
51.222.253.13 - - [15/Apr/2025:09:04:55 -0400] "GET /understanding-electronic-warrants/ HTTP/1.1" 200 10165 "-" "Mozilla/5.0 (compatible; AhrefsBot/7.0; +http://ahrefs.com/robot/)"
198.54.114.83 - - [15/Apr/2025:09:04:57 -0400] "POST /wp-cron.php?doing_wp_cron=1744722295.8593370914459228515625 HTTP/1.1" 200 0 "-" "WordPress/6.7.2; https://sunquicksf.com"
114.119.156.71 - - [15/Apr/2025:09:05:14 -0400] "GET /effektive-unternehmensauflosungen-in-luneburg/ HTTP/1.1" 200 10054 "https://sunquicksf.com/page/3/" "Mozilla/5.0 (Linux; Android 7.0;) AppleWebKit/537.36 (KHTML, like Gecko) Mobile Safari/537.36 (compatible; PetalBot;+https://webmaster.petalsearch.com/site/petalbot)"
129.226.131.165 - - [15/Apr/2025:09:05:36 -0400] "GET /michael-kors-handbags-for-ladies/ HTTP/1.1" 200 10116 "-" "Python/3.10 aiohttp/3.10.5"
114.119.147.233 - - [15/Apr/2025:09:06:38 -0400] "GET /so-youre-thinking-about-financing-a-boat/ HTTP/1.1" 200 11007 "https://sunquicksf.com/page/95/" "Mozilla/5.0 (Linux; Android 7.0;) AppleWebKit/537.36 (KHTML, like Gecko) Mobile Safari/537.36 (compatible; PetalBot;+https://webmaster.petalsearch.com/site/petalbot)"
198.54.114.83 - - [15/Apr/2025:09:06:41 -0400] "POST /wp-cron.php?doing_wp_cron=1744722398.8937320709228515625000 HTTP/1.1" 200 0 "-" "WordPress/6.7.2; https://sunquicksf.com"
51.222.253.4 - - [15/Apr/2025:09:07:15 -0400] "GET /navigating-the-thrills-and-risks-of-online-casinos/feed/ HTTP/1.1" 200 413 "-" "Mozilla/5.0 (compatible; AhrefsBot/7.0; +http://ahrefs.com/robot/)"
58.254.68.125 - - [15/Apr/2025:09:08:44 -0400] "GET /mk-shoulder-bag/ HTTP/1.1" 200 0 "https://sunquicksf.com" "Mozilla/5.0 (Windows NT 10.0; Win64; x64) AppleWebKit/537.36 (KHTML, like Gecko) Chrome/62.0.3202.94 Safari/537.36"
198.54.114.83 - - [15/Apr/2025:09:08:50 -0400] "POST /wp-cron.php?doing_wp_cron=1744722528.6065709590911865234375 HTTP/1.1" 200 0 "-" "WordPress/6.7.2; https://sunquicksf.com"
51.222.253.1 - - [15/Apr/2025:09:09:43 -0400] "GET /hypnosis-san-diego/ HTTP/1.1" 200 10006 "-" "Mozilla/5.0 (compatible; AhrefsBot/7.0; +http://ahrefs.com/robot/)"
114.119.134.207 - - [15/Apr/2025:09:10:48 -0400] "GET /buy-youtube-views-to-monetize-your-youtube-channel/ HTTP/1.1" 200 10617 "https://sunquicksf.com/buy-youtube-views-to-monetize-your-youtube-channel/" "Mozilla/5.0 (Linux; Android 7.0;) AppleWebKit/537.36 (KHTML, like Gecko) Mobile Safari/537.36 (compatible; PetalBot;+https://webmaster.petalsearch.com/site/petalbot)"
198.54.114.83 - - [15/Apr/2025:09:10:51 -0400] "POST /wp-cron.php?doing_wp_cron=1744722648.9077680110931396484375 HTTP/1.1" 200 0 "-" "WordPress/6.7.2; https://sunquicksf.com"
51.222.253.12 - - [15/Apr/2025:09:12:02 -0400] "GET /category/activity/page/94/ HTTP/1.1" 200 10092 "-" "Mozilla/5.0 (compatible; AhrefsBot/7.0; +http://ahrefs.com/robot/)"
198.54.114.83 - - [15/Apr/2025:09:12:05 -0400] "POST /wp-cron.php?doing_wp_cron=1744722723.2245440483093261718750 HTTP/1.1" 200 0 "-" "WordPress/6.7.2; https://sunquicksf.com"
114.119.156.71 - - [15/Apr/2025:09:12:11 -0400] "GET /unleashing-the-power-of-qr-code-generator-free/ HTTP/1.1" 200 9905 "https://sunquicksf.com/page/21/" "Mozilla/5.0 (Linux; Android 7.0;) AppleWebKit/537.36 (KHTML, like Gecko) Mobile Safari/537.36 (compatible; PetalBot;+https://webmaster.petalsearch.com/site/petalbot)"
198.54.114.83 - - [15/Apr/2025:09:14:14 -0400] "POST /wp-cron.php?doing_wp_cron=1744722852.7840149402618408203125 HTTP/1.1" 200 0 "-" "WordPress/6.7.2; https://sunquicksf.com"
58.254.68.125 - - [15/Apr/2025:09:14:08 -0400] "GET /how-to-find-a-24-7-locksmith-near-you/ HTTP/1.1" 200 10580 "-" "Mozilla/5.0 (Windows NT 6.1; WOW64) AppleWebKit/537.36 (KHTML, like Gecko) Chrome/34.0.1847.131 Safari/537.36"
124.156.119.193 - - [15/Apr/2025:09:14:15 -0400] "GET /how-to-find-a-24-7-locksmith-near-you/ HTTP/1.1" 200 10580 "-" "Python/3.10 aiohttp/3.10.5"
51.222.253.13 - - [15/Apr/2025:09:14:16 -0400] "GET /page/47/ HTTP/1.1" 200 9956 "-" "Mozilla/5.0 (compatible; AhrefsBot/7.0; +http://ahrefs.com/robot/)"
51.222.253.12 - - [15/Apr/2025:09:16:36 -0400] "GET /2022/01/ HTTP/1.1" 301 0 "-" "Mozilla/5.0 (compatible; AhrefsBot/7.0; +http://ahrefs.com/robot/)"
198.54.114.83 - - [15/Apr/2025:09:16:42 -0400] "POST /wp-cron.php?doing_wp_cron=1744723000.0653600692749023437500 HTTP/1.1" 200 0 "-" "WordPress/6.7.2; https://sunquicksf.com"
129.226.64.249 - - [15/Apr/2025:09:18:37 -0400] "GET /top-5-mistakes-to-avoid-when-you-start-a-small-business/ HTTP/1.1" 200 11348 "-" "Python/3.10 aiohttp/3.10.5"
198.54.114.83 - - [15/Apr/2025:09:18:42 -0400] "POST /wp-cron.php?doing_wp_cron=1744723120.7218298912048339843750 HTTP/1.1" 200 0 "-" "WordPress/6.7.2; https://sunquicksf.com"
109.172.87.122 - - [15/Apr/2025:09:18:49 -0400] "GET /the-benefits-of-manufacturing-automation/ HTTP/1.1" 200 10553 "https://sunquicksf.com/the-benefits-of-manufacturing-automation/" "Mozilla/5.0 (Windows NT 10.0; Win64; x64) AppleWebKit/537.36 (KHTML, like Gecko) Chrome/131.0.0.0 Safari/537.36 Avast/131.0.0.0"
51.222.253.8 - - [15/Apr/2025:09:18:53 -0400] "GET /tour-de-lit-tresse/ HTTP/1.1" 200 10231 "-" "Mozilla/5.0 (compatible; AhrefsBot/7.0; +http://ahrefs.com/robot/)"
109.172.87.122 - - [15/Apr/2025:09:18:52 -0400] "POST /wp-comments-post.php HTTP/1.1" 302 0 "https://sunquicksf.com/the-benefits-of-manufacturing-automation/" "Mozilla/5.0 (Windows NT 10.0; Win64; x64) AppleWebKit/537.36 (KHTML, like Gecko) Chrome/131.0.0.0 Safari/537.36 Avast/131.0.0.0"
109.172.87.122 - - [15/Apr/2025:09:18:57 -0400] "GET /the-benefits-of-manufacturing-automation/ HTTP/1.1" 200 11730 "https://sunquicksf.com/the-benefits-of-manufacturing-automation/#comment-50120" "Mozilla/5.0 (Windows NT 10.0; Win64; x64) AppleWebKit/537.36 (KHTML, like Gecko) Chrome/131.0.0.0 Safari/537.36 Avast/131.0.0.0"
198.54.114.83 - - [15/Apr/2025:09:21:27 -0400] "POST /wp-cron.php?doing_wp_cron=1744723286.2499260902404785156250 HTTP/1.1" 200 0 "-" "WordPress/6.7.2; https://sunquicksf.com"
51.222.253.20 - - [15/Apr/2025:09:21:23 -0400] "GET /ways-of-making-individuals-test-for-dui/ HTTP/1.1" 200 10374 "-" "Mozilla/5.0 (compatible; AhrefsBot/7.0; +http://ahrefs.com/robot/)"
119.28.140.91 - - [15/Apr/2025:09:21:32 -0400] "GET /how-to-turn-off-sound-and-haptics-on-your-iphone/ HTTP/1.1" 200 12789 "-" "Python/3.10 aiohttp/3.10.5"
43.134.216.64 - - [15/Apr/2025:09:23:00 -0400] "GET /wellness-and-spa-a-business-opportunity-thats-both-lucrative-and-satisfying/ HTTP/1.1" 200 10173 "-" "Python/3.10 aiohttp/3.10.5"
43.134.216.64 - - [15/Apr/2025:09:23:01 -0400] "GET /cabo-boat-rentals/ HTTP/1.1" 200 10600 "-" "Python/3.10 aiohttp/3.10.5"
198.54.114.83 - - [15/Apr/2025:09:23:05 -0400] "POST /wp-cron.php?doing_wp_cron=1744723383.9028201103210449218750 HTTP/1.1" 200 0 "-" "WordPress/6.7.2; https://sunquicksf.com"
198.54.114.83 - - [15/Apr/2025:09:23:05 -0400] "POST /wp-cron.php?doing_wp_cron=1744723383.9030389785766601562500 HTTP/1.1" 200 0 "-" "WordPress/6.7.2; https://sunquicksf.com"
51.222.253.11 - - [15/Apr/2025:09:23:51 -0400] "GET /the-latest-led-display-technology/ HTTP/1.1" 200 10834 "-" "Mozilla/5.0 (compatible; AhrefsBot/7.0; +http://ahrefs.com/robot/)"
119.28.27.236 - - [15/Apr/2025:09:25:36 -0400] "GET /finding-the-best-cbd-oil-for-you/ HTTP/1.1" 200 10889 "-" "Python/3.10 aiohttp/3.10.5"
198.54.114.83 - - [15/Apr/2025:09:25:43 -0400] "POST /wp-cron.php?doing_wp_cron=1744723540.8053820133209228515625 HTTP/1.1" 200 0 "-" "WordPress/6.7.2; https://sunquicksf.com"
185.157.212.157 - - [15/Apr/2025:09:26:14 -0400] "GET /the-benefits-of-manufacturing-automation/ HTTP/1.1" 200 10569 "https://sunquicksf.com/the-benefits-of-manufacturing-automation/" "Mozilla/5.0 (Windows NT 10.0; Win64; x64) AppleWebKit/537.36 (KHTML, like Gecko) Chrome/131.0.0.0 Safari/537.36 Avast/131.0.0.0"
91.84.98.204 - - [15/Apr/2025:09:26:14 -0400] "GET /the-benefits-of-manufacturing-automation/ HTTP/1.1" 200 10569 "https://sunquicksf.com/the-benefits-of-manufacturing-automation/" "Mozilla/5.0 (Windows NT 10.0; Win64; x64) AppleWebKit/537.36 (KHTML, like Gecko) Chrome/130.0.0.0 Safari/537.36 CCleaner/130.0.0.0"
51.222.253.18 - - [15/Apr/2025:09:26:16 -0400] "GET /insurance-requirements/feed/ HTTP/1.1" 304 0 "-" "Mozilla/5.0 (compatible; AhrefsBot/7.0; +http://ahrefs.com/robot/)"
185.157.212.157 - - [15/Apr/2025:09:26:17 -0400] "POST /wp-comments-post.php HTTP/1.1" 302 0 "https://sunquicksf.com/the-benefits-of-manufacturing-automation/" "Mozilla/5.0 (Windows NT 10.0; Win64; x64) AppleWebKit/537.36 (KHTML, like Gecko) Chrome/131.0.0.0 Safari/537.36 Avast/131.0.0.0"
91.84.98.204 - - [15/Apr/2025:09:26:17 -0400] "POST /wp-comments-post.php HTTP/1.1" 302 0 "https://sunquicksf.com/the-benefits-of-manufacturing-automation/" "Mozilla/5.0 (Windows NT 10.0; Win64; x64) AppleWebKit/537.36 (KHTML, like Gecko) Chrome/130.0.0.0 Safari/537.36 CCleaner/130.0.0.0"
91.84.98.204 - - [15/Apr/2025:09:26:20 -0400] "GET /the-benefits-of-manufacturing-automation/ HTTP/1.1" 200 12075 "https://sunquicksf.com/the-benefits-of-manufacturing-automation/#comment-50122" "Mozilla/5.0 (Windows NT 10.0; Win64; x64) AppleWebKit/537.36 (KHTML, like Gecko) Chrome/130.0.0.0 Safari/537.36 CCleaner/130.0.0.0"
185.157.212.157 - - [15/Apr/2025:09:26:20 -0400] "GET /the-benefits-of-manufacturing-automation/ HTTP/1.1" 200 11992 "https://sunquicksf.com/the-benefits-of-manufacturing-automation/#comment-50121" "Mozilla/5.0 (Windows NT 10.0; Win64; x64) AppleWebKit/537.36 (KHTML, like Gecko) Chrome/131.0.0.0 Safari/537.36 Avast/131.0.0.0"
114.119.138.5 - - [15/Apr/2025:09:27:18 -0400] "GET /wednesday-addams-costume-shop/ HTTP/1.1" 200 10084 "https://sunquicksf.com/page/40/" "Mozilla/5.0 (Linux; Android 7.0;) AppleWebKit/537.36 (KHTML, like Gecko) Mobile Safari/537.36 (compatible; PetalBot;+https://webmaster.petalsearch.com/site/petalbot)"
198.54.114.83 - - [15/Apr/2025:09:27:21 -0400] "POST /wp-cron.php?doing_wp_cron=1744723638.9472649097442626953125 HTTP/1.1" 200 0 "-" "WordPress/6.7.2; https://sunquicksf.com"
51.222.253.2 - - [15/Apr/2025:09:28:29 -0400] "GET /outside-joy-with-deck-warmers-and-open-air-furniture/ HTTP/1.1" 200 10245 "-" "Mozilla/5.0 (compatible; AhrefsBot/7.0; +http://ahrefs.com/robot/)"
198.54.114.83 - - [15/Apr/2025:09:28:33 -0400] "POST /wp-cron.php?doing_wp_cron=1744723710.4675509929656982421875 HTTP/1.1" 200 0 "-" "WordPress/6.7.2; https://sunquicksf.com"
85.208.98.31 - - [15/Apr/2025:09:29:13 -0400] "GET /ifc-solutions-natural-food-colors-as-a-substitute-for-synthetic-dye/ HTTP/1.1" 200 10085 "-" "Mozilla/5.0 (compatible; SemrushBot-BA; +http://www.semrush.com/bot.html)"
93.183.93.19 - - [15/Apr/2025:09:29:26 -0400] "GET /the-benefits-of-manufacturing-automation/ HTTP/1.1" 200 10569 "https://sunquicksf.com/the-benefits-of-manufacturing-automation/" "Mozilla/5.0 (Windows NT 10.0; Win64; x64) AppleWebKit/537.36 (KHTML, like Gecko) Chrome/130.0.0.0 Safari/537.36 CCleaner/130.0.0.0"
93.183.93.19 - - [15/Apr/2025:09:29:28 -0400] "GET /the-benefits-of-manufacturing-automation/ HTTP/1.1" 200 10553 "https://sunquicksf.com/the-benefits-of-manufacturing-automation/" "Mozilla/5.0 (Windows NT 10.0; Win64; x64) AppleWebKit/537.36 (KHTML, like Gecko) Chrome/131.0.0.0 Safari/537.36 Avast/131.0.0.0"
93.183.93.19 - - [15/Apr/2025:09:29:33 -0400] "POST /wp-comments-post.php HTTP/1.1" 429 982 "https://sunquicksf.com/the-benefits-of-manufacturing-automation/" "Mozilla/5.0 (Windows NT 10.0; Win64; x64) AppleWebKit/537.36 (KHTML, like Gecko) Chrome/131.0.0.0 Safari/537.36 Avast/131.0.0.0"
93.183.93.19 - - [15/Apr/2025:09:29:32 -0400] "POST /wp-comments-post.php HTTP/1.1" 302 0 "https://sunquicksf.com/the-benefits-of-manufacturing-automation/" "Mozilla/5.0 (Windows NT 10.0; Win64; x64) AppleWebKit/537.36 (KHTML, like Gecko) Chrome/130.0.0.0 Safari/537.36 CCleaner/130.0.0.0"
198.54.114.83 - - [15/Apr/2025:09:29:35 -0400] "POST /wp-cron.php?doing_wp_cron=1744723772.6875920295715332031250 HTTP/1.1" 200 0 "-" "WordPress/6.7.2; https://sunquicksf.com"
93.183.93.19 - - [15/Apr/2025:09:29:37 -0400] "GET /the-benefits-of-manufacturing-automation/ HTTP/1.1" 200 10553 "https://sunquicksf.com/the-benefits-of-manufacturing-automation/" "Mozilla/5.0 (Windows NT 10.0; Win64; x64) AppleWebKit/537.36 (KHTML, like Gecko) Chrome/131.0.0.0 Safari/537.36 Avast/131.0.0.0"
93.183.93.19 - - [15/Apr/2025:09:29:39 -0400] "GET /the-benefits-of-manufacturing-automation/ HTTP/1.1" 200 11975 "https://sunquicksf.com/the-benefits-of-manufacturing-automation/#comment-50123" "Mozilla/5.0 (Windows NT 10.0; Win64; x64) AppleWebKit/537.36 (KHTML, like Gecko) Chrome/130.0.0.0 Safari/537.36 CCleaner/130.0.0.0"
51.222.253.8 - - [15/Apr/2025:09:30:57 -0400] "GET /how-to-find-a-caregiver/feed/ HTTP/1.1" 200 386 "-" "Mozilla/5.0 (compatible; AhrefsBot/7.0; +http://ahrefs.com/robot/)"
198.54.114.83 - - [15/Apr/2025:09:31:03 -0400] "POST /wp-cron.php?doing_wp_cron=1744723858.7025759220123291015625 HTTP/1.1" 200 0 "-" "WordPress/6.7.2; https://sunquicksf.com"
51.222.253.18 - - [15/Apr/2025:09:33:21 -0400] "GET /how-to-find-a-reliable-house-painter/feed/ HTTP/1.1" 304 0 "-" "Mozilla/5.0 (compatible; AhrefsBot/7.0; +http://ahrefs.com/robot/)"
198.54.114.83 - - [15/Apr/2025:09:33:27 -0400] "POST /wp-cron.php?doing_wp_cron=1744724005.6101090908050537109375 HTTP/1.1" 200 0 "-" "WordPress/6.7.2; https://sunquicksf.com"
51.222.253.4 - - [15/Apr/2025:09:35:44 -0400] "GET /play-ragdoll-archers-without-restrictions/ HTTP/1.1" 200 10083 "-" "Mozilla/5.0 (compatible; AhrefsBot/7.0; +http://ahrefs.com/robot/)"
198.54.114.83 - - [15/Apr/2025:09:35:51 -0400] "POST /wp-cron.php?doing_wp_cron=1744724148.3120269775390625000000 HTTP/1.1" 200 0 "-" "WordPress/6.7.2; https://sunquicksf.com"
119.28.64.119 - - [15/Apr/2025:09:37:19 -0400] "GET /why-you-should-buy-likes-for-your-youtube-videos/ HTTP/1.1" 200 10762 "-" "Python/3.10 aiohttp/3.10.5"
198.54.114.83 - - [15/Apr/2025:09:37:26 -0400] "POST /wp-cron.php?doing_wp_cron=1744724243.9694249629974365234375 HTTP/1.1" 200 0 "-" "WordPress/6.7.2; https://sunquicksf.com"
150.109.107.200 - - [15/Apr/2025:09:37:59 -0400] "GET /all-about-ecommerce-product-photo-editing-solution/ HTTP/1.1" 200 10406 "-" "Python/3.10 aiohttp/3.10.5"
51.222.253.16 - - [15/Apr/2025:09:38:29 -0400] "GET /what-does-extended-warranty-cover-on-a-car/ HTTP/1.1" 200 10718 "-" "Mozilla/5.0 (compatible; AhrefsBot/7.0; +http://ahrefs.com/robot/)"
198.54.114.83 - - [15/Apr/2025:09:38:32 -0400] "POST /wp-cron.php?doing_wp_cron=1744724309.3897678852081298828125 HTTP/1.1" 200 0 "-" "WordPress/6.7.2; https://sunquicksf.com"
51.222.253.3 - - [15/Apr/2025:09:40:34 -0400] "GET /2023/07/ HTTP/1.1" 301 0 "-" "Mozilla/5.0 (compatible; AhrefsBot/7.0; +http://ahrefs.com/robot/)"
198.54.114.83 - - [15/Apr/2025:09:40:43 -0400] "POST /wp-cron.php?doing_wp_cron=1744724440.3163299560546875000000 HTTP/1.1" 200 0 "-" "WordPress/6.7.2; https://sunquicksf.com"
198.54.114.83 - - [15/Apr/2025:09:42:39 -0400] "POST /wp-cron.php?doing_wp_cron=1744724558.2941629886627197265625 HTTP/1.1" 200 0 "-" "WordPress/6.7.2; https://sunquicksf.com"
150.109.117.52 - - [15/Apr/2025:09:42:34 -0400] "GET /womens-clothing-is-a-big-business/ HTTP/1.1" 200 10149 "-" "Python/3.10 aiohttp/3.10.5"
51.222.253.8 - - [15/Apr/2025:09:43:53 -0400] "GET /sitemap_index.xml HTTP/1.1" 200 273 "-" "Mozilla/5.0 (compatible; AhrefsBot/7.0; +http://ahrefs.com/robot/)"
198.54.114.83 - - [15/Apr/2025:09:43:56 -0400] "POST /wp-cron.php?doing_wp_cron=1744724634.0908269882202148437500 HTTP/1.1" 200 0 "-" "WordPress/6.7.2; https://sunquicksf.com"
114.119.134.207 - - [15/Apr/2025:09:44:08 -0400] "GET /unlocking-wellness-dubai-osteopathy/ HTTP/1.1" 200 9917 "https://sunquicksf.com/category/activity/page/14/" "Mozilla/5.0 (Linux; Android 7.0;) AppleWebKit/537.36 (KHTML, like Gecko) Mobile Safari/537.36 (compatible; PetalBot;+https://webmaster.petalsearch.com/site/petalbot)"
51.222.253.15 - - [15/Apr/2025:09:44:00 -0400] "GET /post-sitemap.xml HTTP/1.1" 200 26932 "-" "Mozilla/5.0 (compatible; AhrefsBot/7.0; +http://ahrefs.com/robot/)"
51.222.253.8 - - [15/Apr/2025:09:44:14 -0400] "GET /post-sitemap2.xml HTTP/1.1" 200 6677 "-" "Mozilla/5.0 (compatible; AhrefsBot/7.0; +http://ahrefs.com/robot/)"
51.222.253.20 - - [15/Apr/2025:09:44:21 -0400] "GET /category-sitemap.xml HTTP/1.1" 200 419 "-" "Mozilla/5.0 (compatible; AhrefsBot/7.0; +http://ahrefs.com/robot/)"
109.172.87.122 - - [15/Apr/2025:09:44:52 -0400] "GET /the-benefits-of-manufacturing-automation/ HTTP/1.1" 200 10569 "https://sunquicksf.com/the-benefits-of-manufacturing-automation/" "Mozilla/5.0 (Windows NT 10.0; Win64; x64) AppleWebKit/537.36 (KHTML, like Gecko) Chrome/131.0.0.0 Safari/537.36"
198.54.114.83 - - [15/Apr/2025:09:44:58 -0400] "POST /wp-cron.php?doing_wp_cron=1744724697.0626940727233886718750 HTTP/1.1" 200 0 "-" "WordPress/6.7.2; https://sunquicksf.com"
109.172.87.122 - - [15/Apr/2025:09:44:56 -0400] "POST /wp-comments-post.php HTTP/1.1" 302 0 "https://sunquicksf.com/the-benefits-of-manufacturing-automation/" "Mozilla/5.0 (Windows NT 10.0; Win64; x64) AppleWebKit/537.36 (KHTML, like Gecko) Chrome/131.0.0.0 Safari/537.36"
109.172.87.122 - - [15/Apr/2025:09:45:03 -0400] "GET /the-benefits-of-manufacturing-automation/ HTTP/1.1" 200 11753 "https://sunquicksf.com/the-benefits-of-manufacturing-automation/#comment-50124" "Mozilla/5.0 (Windows NT 10.0; Win64; x64) AppleWebKit/537.36 (KHTML, like Gecko) Chrome/131.0.0.0 Safari/537.36"
114.119.130.3 - - [15/Apr/2025:09:45:30 -0400] "GET /redefining-the-casino-experience/ HTTP/1.1" 200 10034 "https://sunquicksf.com/page/21/" "Mozilla/5.0 (Linux; Android 7.0;) AppleWebKit/537.36 (KHTML, like Gecko) Mobile Safari/537.36 (compatible; PetalBot;+https://webmaster.petalsearch.com/site/petalbot)"
198.54.114.83 - - [15/Apr/2025:09:46:59 -0400] "POST /wp-cron.php?doing_wp_cron=1744724818.2158060073852539062500 HTTP/1.1" 200 0 "-" "WordPress/6.7.2; https://sunquicksf.com"
114.119.147.233 - - [15/Apr/2025:09:46:53 -0400] "GET /einfuhrung-in-videoanimationen/ HTTP/1.1" 200 10118 "https://sunquicksf.com/category/activity/page/25/" "Mozilla/5.0 (Linux; Android 7.0;) AppleWebKit/537.36 (KHTML, like Gecko) Mobile Safari/537.36 (compatible; PetalBot;+https://webmaster.petalsearch.com/site/petalbot)"
51.222.253.10 - - [15/Apr/2025:09:47:03 -0400] "GET /back-shoulder-blade-pain/ HTTP/1.1" 200 9962 "-" "Mozilla/5.0 (compatible; AhrefsBot/7.0; +http://ahrefs.com/robot/)"
198.54.114.83 - - [15/Apr/2025:09:48:19 -0400] "POST /wp-cron.php?doing_wp_cron=1744724897.7332880496978759765625 HTTP/1.1" 200 0 "-" "WordPress/6.7.2; https://sunquicksf.com"
114.119.138.5 - - [15/Apr/2025:09:48:17 -0400] "GET /decouvrez-les-avantages-de-1xbet-une-plateforme-de-paris-sportifs-innovante/ HTTP/1.1" 200 9958 "https://sunquicksf.com/category/activity/page/28/" "Mozilla/5.0 (Linux; Android 7.0;) AppleWebKit/537.36 (KHTML, like Gecko) Mobile Safari/537.36 (compatible; PetalBot;+https://webmaster.petalsearch.com/site/petalbot)"
185.157.212.157 - - [15/Apr/2025:09:48:59 -0400] "GET /the-benefits-of-manufacturing-automation/ HTTP/1.1" 200 10569 "-" "Mozilla/5.0 (Linux x86_64; rv:114.0) Gecko/20100101 Firefox/114.0"
212.34.140.72 - - [15/Apr/2025:09:49:40 -0400] "GET /ally-bank-customer-service/ HTTP/1.1" 200 10674 "https://sunquicksf.com/ally-bank-customer-service/#comment-49666" "Mozilla/5.0 (Windows NT 10.0; Win64; x64) AppleWebKit/537.36 (KHTML, like Gecko) Chrome/129.0.0.0 Safari/537.36"
114.119.138.5 - - [15/Apr/2025:09:49:40 -0400] "GET /der-beste-edelstahlreiniger/ HTTP/1.1" 200 10444 "https://sunquicksf.com/page/57/" "Mozilla/5.0 (Linux; Android 7.0;) AppleWebKit/537.36 (KHTML, like Gecko) Mobile Safari/537.36 (compatible; PetalBot;+https://webmaster.petalsearch.com/site/petalbot)"
198.54.114.83 - - [15/Apr/2025:09:49:43 -0400] "POST /wp-cron.php?doing_wp_cron=1744724981.0100920200347900390625 HTTP/1.1" 200 0 "-" "WordPress/6.7.2; https://sunquicksf.com"
212.34.140.72 - - [15/Apr/2025:09:49:44 -0400] "POST /wp-comments-post.php HTTP/1.1" 302 0 "https://sunquicksf.com/ally-bank-customer-service/#comment-49666" "Mozilla/5.0 (Windows NT 10.0; Win64; x64) AppleWebKit/537.36 (KHTML, like Gecko) Chrome/129.0.0.0 Safari/537.36"
212.34.140.72 - - [15/Apr/2025:09:49:49 -0400] "GET /ally-bank-customer-service/ HTTP/1.1" 200 10038 "https://sunquicksf.com/ally-bank-customer-service/#comment-50125" "Mozilla/5.0 (Windows NT 10.0; Win64; x64) AppleWebKit/537.36 (KHTML, like Gecko) Chrome/129.0.0.0 Safari/537.36"
51.222.253.14 - - [15/Apr/2025:09:50:01 -0400] "GET /blues-gitarre-lernen-in-essen-fur-anfanger/ HTTP/1.1" 200 10361 "-" "Mozilla/5.0 (compatible; AhrefsBot/7.0; +http://ahrefs.com/robot/)"
198.54.114.83 - - [15/Apr/2025:09:51:05 -0400] "POST /wp-cron.php?doing_wp_cron=1744725064.0245048999786376953125 HTTP/1.1" 200 0 "-" "WordPress/6.7.2; https://sunquicksf.com"
114.119.155.230 - - [15/Apr/2025:09:51:03 -0400] "GET /buy-tazorac-online HTTP/1.1" 301 0 "https://badeia.com/journal3-blog-post?journal_blog_post_id=12" "Mozilla/5.0 (Linux; Android 7.0;) AppleWebKit/537.36 (KHTML, like Gecko) Mobile Safari/537.36 (compatible; PetalBot;+https://webmaster.petalsearch.com/site/petalbot)"
114.119.155.230 - - [15/Apr/2025:09:51:07 -0400] "GET /buy-tazorac-online/ HTTP/1.1" 200 10812 "https://badeia.com/journal3-blog-post?journal_blog_post_id=12" "Mozilla/5.0 (Linux; Android 7.0;) AppleWebKit/537.36 (KHTML, like Gecko) Mobile Safari/537.36 (compatible; PetalBot;+https://webmaster.petalsearch.com/site/petalbot)"
43.154.120.205 - - [15/Apr/2025:09:51:31 -0400] "GET /photography-school-unlocks-creative-potential/ HTTP/1.1" 200 10664 "-" "Python/3.10 aiohttp/3.10.5"
114.119.134.207 - - [15/Apr/2025:09:52:27 -0400] "GET /steroids-thailand-is-it-legal-to-buy-steroids-in-thailand/ HTTP/1.1" 200 10069 "https://sunquicksf.com/category/activity/page/27/" "Mozilla/5.0 (Linux; Android 7.0;) AppleWebKit/537.36 (KHTML, like Gecko) Mobile Safari/537.36 (compatible; PetalBot;+https://webmaster.petalsearch.com/site/petalbot)"
198.54.114.83 - - [15/Apr/2025:09:52:30 -0400] "POST /wp-cron.php?doing_wp_cron=1744725147.5384099483489990234375 HTTP/1.1" 200 0 "-" "WordPress/6.7.2; https://sunquicksf.com"
51.222.253.15 - - [15/Apr/2025:09:52:29 -0400] "GET /starting-a-social-media-agency/ HTTP/1.1" 200 10779 "-" "Mozilla/5.0 (compatible; AhrefsBot/7.0; +http://ahrefs.com/robot/)"
51.222.253.12 - - [15/Apr/2025:09:54:58 -0400] "GET /page/94/ HTTP/1.1" 200 10197 "-" "Mozilla/5.0 (compatible; AhrefsBot/7.0; +http://ahrefs.com/robot/)"
198.54.114.83 - - [15/Apr/2025:09:55:09 -0400] "POST /wp-cron.php?doing_wp_cron=1744725305.1033859252929687500000 HTTP/1.1" 200 0 "-" "WordPress/6.7.2; https://sunquicksf.com"
151.106.186.76 - - [15/Apr/2025:09:55:51 -0400] "GET /wp-content/uploads/2023/03/How-to-Get-Rainbow-Pets-in-Pet-Simulator-X.jpg HTTP/1.1" 200 6395 "-" "Mozilla/5.0 (X11; Ubuntu; Linux x86_64; rv:72.0) Gecko/20100101 Firefox/72.0"
93.183.93.19 - - [15/Apr/2025:09:56:27 -0400] "GET /the-benefits-of-manufacturing-automation/ HTTP/1.1" 200 10553 "https://sunquicksf.com/the-benefits-of-manufacturing-automation/" "Mozilla/5.0 (Windows NT 10.0; Win64; x64) AppleWebKit/537.36 (KHTML, like Gecko) Chrome/130.0.0.0 Safari/537.36"
93.183.93.19 - - [15/Apr/2025:09:56:27 -0400] "GET /the-benefits-of-manufacturing-automation/ HTTP/1.1" 200 10585 "https://sunquicksf.com/the-benefits-of-manufacturing-automation/" "Mozilla/5.0 (Windows NT 10.0; Win64; x64) AppleWebKit/537.36 (KHTML, like Gecko) Chrome/129.0.0.0 Safari/537.36"
198.54.114.83 - - [15/Apr/2025:09:56:31 -0400] "POST /wp-cron.php?doing_wp_cron=1744725387.5815439224243164062500 HTTP/1.1" 200 0 "-" "WordPress/6.7.2; https://sunquicksf.com"
93.183.93.19 - - [15/Apr/2025:09:56:33 -0400] "POST /wp-comments-post.php HTTP/1.1" 429 982 "https://sunquicksf.com/the-benefits-of-manufacturing-automation/" "Mozilla/5.0 (Windows NT 10.0; Win64; x64) AppleWebKit/537.36 (KHTML, like Gecko) Chrome/129.0.0.0 Safari/537.36"
93.183.93.19 - - [15/Apr/2025:09:56:33 -0400] "POST /wp-comments-post.php HTTP/1.1" 302 0 "https://sunquicksf.com/the-benefits-of-manufacturing-automation/" "Mozilla/5.0 (Windows NT 10.0; Win64; x64) AppleWebKit/537.36 (KHTML, like Gecko) Chrome/130.0.0.0 Safari/537.36"
93.183.93.19 - - [15/Apr/2025:09:56:37 -0400] "GET /the-benefits-of-manufacturing-automation/ HTTP/1.1" 200 10553 "https://sunquicksf.com/the-benefits-of-manufacturing-automation/" "Mozilla/5.0 (Windows NT 10.0; Win64; x64) AppleWebKit/537.36 (KHTML, like Gecko) Chrome/129.0.0.0 Safari/537.36"
93.183.93.19 - - [15/Apr/2025:09:56:38 -0400] "GET /the-benefits-of-manufacturing-automation/ HTTP/1.1" 200 11930 "https://sunquicksf.com/the-benefits-of-manufacturing-automation/#comment-50126" "Mozilla/5.0 (Windows NT 10.0; Win64; x64) AppleWebKit/537.36 (KHTML, like Gecko) Chrome/130.0.0.0 Safari/537.36"
91.84.98.204 - - [15/Apr/2025:09:56:40 -0400] "GET /the-benefits-of-manufacturing-automation/ HTTP/1.1" 200 10553 "https://sunquicksf.com/the-benefits-of-manufacturing-automation/" "Mozilla/5.0 (Windows NT 10.0; Win64; x64) AppleWebKit/537.36 (KHTML, like Gecko) Chrome/129.0.0.0 Safari/537.36"
91.84.98.204 - - [15/Apr/2025:09:56:44 -0400] "POST /wp-comments-post.php HTTP/1.1" 302 0 "https://sunquicksf.com/the-benefits-of-manufacturing-automation/" "Mozilla/5.0 (Windows NT 10.0; Win64; x64) AppleWebKit/537.36 (KHTML, like Gecko) Chrome/129.0.0.0 Safari/537.36"
91.84.98.204 - - [15/Apr/2025:09:56:48 -0400] "GET /the-benefits-of-manufacturing-automation/ HTTP/1.1" 200 12117 "https://sunquicksf.com/the-benefits-of-manufacturing-automation/#comment-50127" "Mozilla/5.0 (Windows NT 10.0; Win64; x64) AppleWebKit/537.36 (KHTML, like Gecko) Chrome/129.0.0.0 Safari/537.36"
101.32.178.116 - - [15/Apr/2025:09:56:55 -0400] "GET /is-free-chatgpt-a-real-life-apocalypse/ HTTP/1.1" 200 10739 "-" "Python/3.10 aiohttp/3.10.5"
198.54.114.83 - - [15/Apr/2025:09:57:40 -0400] "POST /wp-cron.php?doing_wp_cron=1744725459.5888669490814208984375 HTTP/1.1" 200 0 "-" "WordPress/6.7.2; https://sunquicksf.com"
51.222.253.19 - - [15/Apr/2025:09:57:38 -0400] "GET /un-agriturismo-sul-lago-di-garda-con-spa/ HTTP/1.1" 200 10410 "-" "Mozilla/5.0 (compatible; AhrefsBot/7.0; +http://ahrefs.com/robot/)"
51.222.253.4 - - [15/Apr/2025:10:00:31 -0400] "GET /a-digital-playground-for-gamblers/feed/ HTTP/1.1" 200 396 "-" "Mozilla/5.0 (compatible; AhrefsBot/7.0; +http://ahrefs.com/robot/)"
198.54.114.83 - - [15/Apr/2025:10:00:38 -0400] "POST /wp-cron.php?doing_wp_cron=1744725635.4241828918457031250000 HTTP/1.1" 200 0 "-" "WordPress/6.7.2; https://sunquicksf.com"
51.222.253.1 - - [15/Apr/2025:10:02:59 -0400] "GET /grand-dunman-the-newest-mega-new-launch-condo-in-2023/ HTTP/1.1" 200 9982 "-" "Mozilla/5.0 (compatible; AhrefsBot/7.0; +http://ahrefs.com/robot/)"
198.54.114.83 - - [15/Apr/2025:10:03:07 -0400] "POST /wp-cron.php?doing_wp_cron=1744725784.9715859889984130859375 HTTP/1.1" 200 0 "-" "WordPress/6.7.2; https://sunquicksf.com"
52.204.37.237 - - [15/Apr/2025:10:03:16 -0400] "GET /robots.txt HTTP/1.1" 200 109 "-" "Mozilla/5.0 AppleWebKit/537.36 (KHTML, like Gecko; compatible; Amazonbot/0.1; +https://developer.amazon.com/support/amazonbot) Chrome/119.0.6045.214 Safari/537.36"
18.213.27.222 - - [15/Apr/2025:10:03:23 -0400] "GET /discover-the-elegance-of-toa-payoh-condo-showflat/ HTTP/1.1" 200 9975 "-" "Mozilla/5.0 AppleWebKit/537.36 (KHTML, like Gecko; compatible; Amazonbot/0.1; +https://developer.amazon.com/support/amazonbot) Chrome/119.0.6045.214 Safari/537.36"
