51.222.253.13 - - [14/Apr/2025:13:06:22 -0400] "GET /blue-topaz-ring/ HTTP/1.1" 200 10509 "-" "Mozilla/5.0 (compatible; AhrefsBot/7.0; +http://ahrefs.com/robot/)"
109.172.87.122 - - [14/Apr/2025:13:07:35 -0400] "GET /the-benefits-of-manufacturing-automation/ HTTP/1.1" 200 10569 "https://sunquicksf.com/the-benefits-of-manufacturing-automation/" "Mozilla/5.0 (Windows NT 10.0; Win64; x64) AppleWebKit/537.36 (KHTML, like Gecko) Chrome/130.0.0.0 Safari/537.36"
109.172.87.122 - - [14/Apr/2025:13:07:40 -0400] "POST /wp-comments-post.php HTTP/1.1" 302 0 "https://sunquicksf.com/the-benefits-of-manufacturing-automation/" "Mozilla/5.0 (Windows NT 10.0; Win64; x64) AppleWebKit/537.36 (KHTML, like Gecko) Chrome/130.0.0.0 Safari/537.36"
109.172.87.122 - - [14/Apr/2025:13:07:52 -0400] "GET /the-benefits-of-manufacturing-automation/ HTTP/1.1" 200 12077 "https://sunquicksf.com/the-benefits-of-manufacturing-automation/#comment-49989" "Mozilla/5.0 (Windows NT 10.0; Win64; x64) AppleWebKit/537.36 (KHTML, like Gecko) Chrome/130.0.0.0 Safari/537.36"
51.222.253.12 - - [14/Apr/2025:13:08:24 -0400] "GET /how-to-choose-the-right-money-lender-singapore/ HTTP/1.1" 200 9992 "-" "Mozilla/5.0 (compatible; AhrefsBot/7.0; +http://ahrefs.com/robot/)"
51.222.253.8 - - [14/Apr/2025:13:10:22 -0400] "GET /the-various-classes-of-old-fashioned-adornments/ HTTP/1.1" 200 10911 "-" "Mozilla/5.0 (compatible; AhrefsBot/7.0; +http://ahrefs.com/robot/)"
43.132.229.118 - - [14/Apr/2025:13:12:09 -0400] "GET /how-to-turn-off-sos-on-iphone-once-activated/ HTTP/1.1" 200 12691 "-" "Python/3.10 aiohttp/3.10.5"
93.183.93.19 - - [14/Apr/2025:13:12:20 -0400] "GET /the-benefits-of-manufacturing-automation/ HTTP/1.1" 200 10553 "https://sunquicksf.com/the-benefits-of-manufacturing-automation/" "Mozilla/5.0 (Windows NT 10.0; Win64; x64) AppleWebKit/537.36 (KHTML, like Gecko) Chrome/130.0.0.0 Safari/537.36 CCleaner/130.0.0.0"
93.183.93.19 - - [14/Apr/2025:13:12:21 -0400] "GET /the-benefits-of-manufacturing-automation/ HTTP/1.1" 200 10569 "https://sunquicksf.com/the-benefits-of-manufacturing-automation/" "Mozilla/5.0 (Windows NT 10.0; Win64; x64) AppleWebKit/537.36 (KHTML, like Gecko) Chrome/130.0.0.0 Safari/537.36 CCleaner/130.0.0.0"
93.183.93.19 - - [14/Apr/2025:13:12:25 -0400] "POST /wp-comments-post.php HTTP/1.1" 429 982 "https://sunquicksf.com/the-benefits-of-manufacturing-automation/" "Mozilla/5.0 (Windows NT 10.0; Win64; x64) AppleWebKit/537.36 (KHTML, like Gecko) Chrome/130.0.0.0 Safari/537.36 CCleaner/130.0.0.0"
93.183.93.19 - - [14/Apr/2025:13:12:24 -0400] "POST /wp-comments-post.php HTTP/1.1" 302 0 "https://sunquicksf.com/the-benefits-of-manufacturing-automation/" "Mozilla/5.0 (Windows NT 10.0; Win64; x64) AppleWebKit/537.36 (KHTML, like Gecko) Chrome/130.0.0.0 Safari/537.36 CCleaner/130.0.0.0"
93.183.93.19 - - [14/Apr/2025:13:12:29 -0400] "GET /the-benefits-of-manufacturing-automation/ HTTP/1.1" 200 11939 "https://sunquicksf.com/the-benefits-of-manufacturing-automation/#comment-49990" "Mozilla/5.0 (Windows NT 10.0; Win64; x64) AppleWebKit/537.36 (KHTML, like Gecko) Chrome/130.0.0.0 Safari/537.36 CCleaner/130.0.0.0"
93.183.93.19 - - [14/Apr/2025:13:12:28 -0400] "GET /the-benefits-of-manufacturing-automation/ HTTP/1.1" 200 10569 "https://sunquicksf.com/the-benefits-of-manufacturing-automation/" "Mozilla/5.0 (Windows NT 10.0; Win64; x64) AppleWebKit/537.36 (KHTML, like Gecko) Chrome/130.0.0.0 Safari/537.36 CCleaner/130.0.0.0"
51.222.253.10 - - [14/Apr/2025:13:12:30 -0400] "GET /how-to-wear-low-cut-shirts-to-work/ HTTP/1.1" 200 9855 "-" "Mozilla/5.0 (compatible; AhrefsBot/7.0; +http://ahrefs.com/robot/)"
178.217.98.213 - - [14/Apr/2025:13:12:55 -0400] "GET /the-benefits-of-manufacturing-automation/ HTTP/1.1" 200 10553 "https://sunquicksf.com/the-benefits-of-manufacturing-automation/" "Mozilla/5.0 (Windows NT 10.0; Win64; x64) AppleWebKit/537.36 (KHTML, like Gecko) Chrome/131.0.0.0 Safari/537.36 Avast/131.0.0.0"
178.217.98.213 - - [14/Apr/2025:13:12:57 -0400] "POST /wp-comments-post.php HTTP/1.1" 302 0 "https://sunquicksf.com/the-benefits-of-manufacturing-automation/" "Mozilla/5.0 (Windows NT 10.0; Win64; x64) AppleWebKit/537.36 (KHTML, like Gecko) Chrome/131.0.0.0 Safari/537.36 Avast/131.0.0.0"
178.217.98.213 - - [14/Apr/2025:13:13:01 -0400] "GET /the-benefits-of-manufacturing-automation/ HTTP/1.1" 200 11155 "https://sunquicksf.com/the-benefits-of-manufacturing-automation/#comment-49991" "Mozilla/5.0 (Windows NT 10.0; Win64; x64) AppleWebKit/537.36 (KHTML, like Gecko) Chrome/131.0.0.0 Safari/537.36 Avast/131.0.0.0"
150.109.114.17 - - [14/Apr/2025:13:13:07 -0400] "GET /australian-optometrists/ HTTP/1.1" 200 10674 "-" "Python/3.10 aiohttp/3.10.5"
129.226.177.116 - - [14/Apr/2025:13:14:28 -0400] "GET /understanding-us-bolts/ HTTP/1.1" 200 10401 "-" "Python/3.10 aiohttp/3.10.5"
51.222.253.4 - - [14/Apr/2025:13:14:36 -0400] "GET /pre-mixed-peptide-pens/ HTTP/1.1" 200 9706 "-" "Mozilla/5.0 (compatible; AhrefsBot/7.0; +http://ahrefs.com/robot/)"
85.208.98.20 - - [14/Apr/2025:13:15:04 -0400] "GET /ifc-solutions-natural-food-colors-as-a-substitute-for-synthetic-dye/ HTTP/1.1" 200 10115 "-" "Mozilla/5.0 (compatible; SemrushBot-BA; +http://www.semrush.com/bot.html)"
51.222.253.13 - - [14/Apr/2025:13:16:45 -0400] "GET /how-to-find-personal-fitness-trainers-near-me/feed/ HTTP/1.1" 304 0 "-" "Mozilla/5.0 (compatible; AhrefsBot/7.0; +http://ahrefs.com/robot/)"
114.119.156.71 - - [14/Apr/2025:13:18:07 -0400] "GET /which-ice-maker-machine-is-right-for-you/ HTTP/1.1" 200 10038 "https://sunquicksf.com/page/49/" "Mozilla/5.0 (Linux; Android 7.0;) AppleWebKit/537.36 (KHTML, like Gecko) Mobile Safari/537.36 (compatible; PetalBot;+https://webmaster.petalsearch.com/site/petalbot)"
85.208.98.22 - - [14/Apr/2025:13:18:52 -0400] "GET /good-night-quotes/ HTTP/1.1" 200 9853 "-" "Mozilla/5.0 (compatible; SemrushBot-BA; +http://www.semrush.com/bot.html)"
198.54.114.83 - - [14/Apr/2025:13:18:55 -0400] "POST /wp-cron.php?doing_wp_cron=1744651132.8788189888000488281250 HTTP/1.1" 200 0 "-" "WordPress/6.7.2; https://sunquicksf.com"
51.222.253.2 - - [14/Apr/2025:13:19:06 -0400] "GET /mit-kunstlichen-blumen-konnen-sie-wertvolles-geld-sparen/ HTTP/1.1" 200 10496 "-" "Mozilla/5.0 (compatible; AhrefsBot/7.0; +http://ahrefs.com/robot/)"
85.208.98.31 - - [14/Apr/2025:13:19:08 -0400] "GET /winnie-the-pooh-quotes/ HTTP/1.1" 404 7833 "-" "Mozilla/5.0 (compatible; SemrushBot-BA; +http://www.semrush.com/bot.html)"
114.119.134.207 - - [14/Apr/2025:13:19:28 -0400] "GET /house-cleaning-services-in-bangalore/ HTTP/1.1" 200 10598 "https://sunquicksf.com/category/activity/page/89/" "Mozilla/5.0 (Linux; Android 7.0;) AppleWebKit/537.36 (KHTML, like Gecko) Mobile Safari/537.36 (compatible; PetalBot;+https://webmaster.petalsearch.com/site/petalbot)"
114.119.155.230 - - [14/Apr/2025:13:20:52 -0400] "GET /cake-bars-carts-pre-roll-review/ HTTP/1.1" 200 12102 "https://sunquicksf.com/category/activity/page/109/" "Mozilla/5.0 (Linux; Android 7.0;) AppleWebKit/537.36 (KHTML, like Gecko) Mobile Safari/537.36 (compatible; PetalBot;+https://webmaster.petalsearch.com/site/petalbot)"
51.222.253.12 - - [14/Apr/2025:13:21:35 -0400] "GET /car-warranty-explained/ HTTP/1.1" 200 10033 "-" "Mozilla/5.0 (compatible; AhrefsBot/7.0; +http://ahrefs.com/robot/)"
198.54.114.83 - - [14/Apr/2025:13:22:07 -0400] "POST /wp-cron.php?doing_wp_cron=1744651326.0285689830780029296875 HTTP/1.1" 200 0 "-" "WordPress/6.7.2; https://sunquicksf.com"
85.208.98.19 - - [14/Apr/2025:13:22:05 -0400] "GET /comment-creer-un-budget-pour-votre-idee-de-renovation-de-salle-de-bain/ HTTP/1.1" 200 10395 "-" "Mozilla/5.0 (compatible; SemrushBot-BA; +http://www.semrush.com/bot.html)"
43.139.4.103 - - [14/Apr/2025:13:22:10 -0400] "GET /wp-login.php HTTP/1.1" 200 1720 "-" "Apache-HttpClient/4.5.2 (Java/1.8.0_151)"
43.139.4.103 - - [14/Apr/2025:13:22:13 -0400] "GET /?author=1 HTTP/1.1" 200 77991 "-" "Apache-HttpClient/4.5.2 (Java/1.8.0_151)"
114.119.130.3 - - [14/Apr/2025:13:22:16 -0400] "GET /does-buying-property-in-dubai-make-sense/ HTTP/1.1" 200 10798 "https://sunquicksf.com/page/99/" "Mozilla/5.0 (Linux; Android 7.0;) AppleWebKit/537.36 (KHTML, like Gecko) Mobile Safari/537.36 (compatible; PetalBot;+https://webmaster.petalsearch.com/site/petalbot)"
85.208.98.24 - - [14/Apr/2025:13:22:16 -0400] "GET /ma-prime-adapt-2023/ HTTP/1.1" 200 10061 "-" "Mozilla/5.0 (compatible; SemrushBot-BA; +http://www.semrush.com/bot.html)"
43.139.4.103 - - [14/Apr/2025:13:22:19 -0400] "GET /?author=2 HTTP/1.1" 200 77991 "-" "Apache-HttpClient/4.5.2 (Java/1.8.0_151)"
43.139.4.103 - - [14/Apr/2025:13:22:20 -0400] "GET /?author=3 HTTP/1.1" 200 77991 "-" "Apache-HttpClient/4.5.2 (Java/1.8.0_151)"
43.139.4.103 - - [14/Apr/2025:13:22:24 -0400] "GET /?author=4 HTTP/1.1" 200 77991 "-" "Apache-HttpClient/4.5.2 (Java/1.8.0_151)"
43.139.4.103 - - [14/Apr/2025:13:22:25 -0400] "GET /?author=5 HTTP/1.1" 200 77991 "-" "Apache-HttpClient/4.5.2 (Java/1.8.0_151)"
43.139.4.103 - - [14/Apr/2025:13:22:28 -0400] "GET /?author=6 HTTP/1.1" 200 77991 "-" "Apache-HttpClient/4.5.2 (Java/1.8.0_151)"
43.139.4.103 - - [14/Apr/2025:13:22:31 -0400] "GET /?author=7 HTTP/1.1" 200 77991 "-" "Apache-HttpClient/4.5.2 (Java/1.8.0_151)"
43.139.4.103 - - [14/Apr/2025:13:22:35 -0400] "GET /?author=8 HTTP/1.1" 200 77991 "-" "Apache-HttpClient/4.5.2 (Java/1.8.0_151)"
43.139.4.103 - - [14/Apr/2025:13:22:37 -0400] "GET /?author=9 HTTP/1.1" 200 77991 "-" "Apache-HttpClient/4.5.2 (Java/1.8.0_151)"
43.139.4.103 - - [14/Apr/2025:13:22:42 -0400] "GET /?author=10 HTTP/1.1" 200 77991 "-" "Apache-HttpClient/4.5.2 (Java/1.8.0_151)"
43.139.4.103 - - [14/Apr/2025:13:22:44 -0400] "GET /?author=11 HTTP/1.1" 200 77991 "-" "Apache-HttpClient/4.5.2 (Java/1.8.0_151)"
43.139.4.103 - - [14/Apr/2025:13:22:46 -0400] "GET /?author=12 HTTP/1.1" 200 77991 "-" "Apache-HttpClient/4.5.2 (Java/1.8.0_151)"
43.139.4.103 - - [14/Apr/2025:13:22:47 -0400] "GET /?author=13 HTTP/1.1" 200 77991 "-" "Apache-HttpClient/4.5.2 (Java/1.8.0_151)"
43.139.4.103 - - [14/Apr/2025:13:22:49 -0400] "GET /?author=14 HTTP/1.1" 200 77991 "-" "Apache-HttpClient/4.5.2 (Java/1.8.0_151)"
43.139.4.103 - - [14/Apr/2025:13:22:52 -0400] "GET /?author=15 HTTP/1.1" 200 77991 "-" "Apache-HttpClient/4.5.2 (Java/1.8.0_151)"
43.139.4.103 - - [14/Apr/2025:13:22:54 -0400] "GET /?author=16 HTTP/1.1" 200 77991 "-" "Apache-HttpClient/4.5.2 (Java/1.8.0_151)"
43.139.4.103 - - [14/Apr/2025:13:22:56 -0400] "GET /?author=17 HTTP/1.1" 200 77991 "-" "Apache-HttpClient/4.5.2 (Java/1.8.0_151)"
43.139.4.103 - - [14/Apr/2025:13:22:58 -0400] "GET /?author=18 HTTP/1.1" 200 77991 "-" "Apache-HttpClient/4.5.2 (Java/1.8.0_151)"
43.139.4.103 - - [14/Apr/2025:13:23:00 -0400] "GET /?author=19 HTTP/1.1" 200 77991 "-" "Apache-HttpClient/4.5.2 (Java/1.8.0_151)"
43.139.4.103 - - [14/Apr/2025:13:23:02 -0400] "GET /?author=20 HTTP/1.1" 200 77991 "-" "Apache-HttpClient/4.5.2 (Java/1.8.0_151)"
51.222.253.8 - - [14/Apr/2025:13:23:33 -0400] "GET /select-the-best-women-socks/ HTTP/1.1" 200 10126 "-" "Mozilla/5.0 (compatible; AhrefsBot/7.0; +http://ahrefs.com/robot/)"
198.54.114.83 - - [14/Apr/2025:13:23:35 -0400] "POST /wp-cron.php?doing_wp_cron=1744651413.6306900978088378906250 HTTP/1.1" 200 0 "-" "WordPress/6.7.2; https://sunquicksf.com"
101.32.49.9 - - [14/Apr/2025:13:25:15 -0400] "GET /tips-on-finding-cheap-womens-sandals-for-sale-near-me/ HTTP/1.1" 200 11018 "-" "Python/3.10 aiohttp/3.10.5"
51.222.253.9 - - [14/Apr/2025:13:25:45 -0400] "GET /womens-clothing-is-a-big-business/feed/ HTTP/1.1" 304 0 "-" "Mozilla/5.0 (compatible; AhrefsBot/7.0; +http://ahrefs.com/robot/)"
43.154.122.150 - - [14/Apr/2025:13:27:00 -0400] "GET /land-shutting-strategy/ HTTP/1.1" 200 10646 "-" "Python/3.10 aiohttp/3.10.5"
124.156.164.49 - - [14/Apr/2025:13:28:05 -0400] "GET /lag-screws-for-wood/ HTTP/1.1" 200 10411 "-" "Python/3.10 aiohttp/3.10.5"
43.132.214.139 - - [14/Apr/2025:13:28:05 -0400] "GET /vyvanse-50-mg-side-effects/ HTTP/1.1" 200 10633 "-" "Python/3.10 aiohttp/3.10.5"
51.222.253.16 - - [14/Apr/2025:13:28:33 -0400] "GET /ma-prime-adapt-2023/ HTTP/1.1" 200 10015 "-" "Mozilla/5.0 (compatible; AhrefsBot/7.0; +http://ahrefs.com/robot/)"
51.222.253.16 - - [14/Apr/2025:13:30:24 -0400] "GET /one-bernam-a-new-mixed-distribution-development-in-the-cbd/feed/ HTTP/1.1" 200 427 "-" "Mozilla/5.0 (compatible; AhrefsBot/7.0; +http://ahrefs.com/robot/)"
51.222.253.12 - - [14/Apr/2025:13:32:18 -0400] "GET /bamboo-as-food-and-medicine/ HTTP/1.1" 200 10596 "-" "Mozilla/5.0 (compatible; AhrefsBot/7.0; +http://ahrefs.com/robot/)"
51.222.253.1 - - [14/Apr/2025:13:33:59 -0400] "GET /best-cbd-oil-for-sleep-uk/feed/ HTTP/1.1" 304 0 "-" "Mozilla/5.0 (compatible; AhrefsBot/7.0; +http://ahrefs.com/robot/)"
51.222.253.17 - - [14/Apr/2025:13:35:51 -0400] "GET /how-to-change-wallpaper-on-chromebook/feed/ HTTP/1.1" 304 0 "-" "Mozilla/5.0 (compatible; AhrefsBot/7.0; +http://ahrefs.com/robot/)"
129.226.13.120 - - [14/Apr/2025:13:35:51 -0400] "GET /thailand-long-stay-visa-options/ HTTP/1.1" 200 10628 "-" "Python/3.10 aiohttp/3.10.5"
51.222.253.5 - - [14/Apr/2025:13:37:40 -0400] "GET /objectif-publicitaire/feed/ HTTP/1.1" 200 376 "-" "Mozilla/5.0 (compatible; AhrefsBot/7.0; +http://ahrefs.com/robot/)"
51.222.253.12 - - [14/Apr/2025:13:39:31 -0400] "GET /what-are-sarm-stacks/ HTTP/1.1" 200 9962 "-" "Mozilla/5.0 (compatible; AhrefsBot/7.0; +http://ahrefs.com/robot/)"
93.183.93.19 - - [14/Apr/2025:13:39:49 -0400] "GET /the-benefits-of-manufacturing-automation/ HTTP/1.1" 200 10553 "https://sunquicksf.com/the-benefits-of-manufacturing-automation/" "Mozilla/5.0 (Windows NT 10.0; Win64; x64) AppleWebKit/537.36 (KHTML, like Gecko) Chrome/129.0.0.0 Safari/537.36"
93.183.93.19 - - [14/Apr/2025:13:39:52 -0400] "GET /the-benefits-of-manufacturing-automation/ HTTP/1.1" 200 10553 "https://sunquicksf.com/the-benefits-of-manufacturing-automation/" "Mozilla/5.0 (Windows NT 10.0; Win64; x64) AppleWebKit/537.36 (KHTML, like Gecko) Chrome/129.0.0.0 Safari/537.36"
93.183.93.19 - - [14/Apr/2025:13:39:53 -0400] "POST /wp-comments-post.php HTTP/1.1" 302 0 "https://sunquicksf.com/the-benefits-of-manufacturing-automation/" "Mozilla/5.0 (Windows NT 10.0; Win64; x64) AppleWebKit/537.36 (KHTML, like Gecko) Chrome/129.0.0.0 Safari/537.36"
178.217.98.213 - - [14/Apr/2025:13:39:55 -0400] "GET /the-benefits-of-manufacturing-automation/ HTTP/1.1" 200 10553 "https://sunquicksf.com/the-benefits-of-manufacturing-automation/" "Mozilla/5.0 (Windows NT 10.0; Win64; x64) AppleWebKit/537.36 (KHTML, like Gecko) Chrome/130.0.0.0 Safari/537.36 CCleaner/130.0.0.0"
93.183.93.19 - - [14/Apr/2025:13:39:56 -0400] "POST /wp-comments-post.php HTTP/1.1" 429 982 "https://sunquicksf.com/the-benefits-of-manufacturing-automation/" "Mozilla/5.0 (Windows NT 10.0; Win64; x64) AppleWebKit/537.36 (KHTML, like Gecko) Chrome/129.0.0.0 Safari/537.36"
93.183.93.19 - - [14/Apr/2025:13:39:59 -0400] "GET /the-benefits-of-manufacturing-automation/ HTTP/1.1" 200 11834 "https://sunquicksf.com/the-benefits-of-manufacturing-automation/#comment-49992" "Mozilla/5.0 (Windows NT 10.0; Win64; x64) AppleWebKit/537.36 (KHTML, like Gecko) Chrome/129.0.0.0 Safari/537.36"
93.183.93.19 - - [14/Apr/2025:13:40:00 -0400] "GET /the-benefits-of-manufacturing-automation/ HTTP/1.1" 200 10569 "https://sunquicksf.com/the-benefits-of-manufacturing-automation/" "Mozilla/5.0 (Windows NT 10.0; Win64; x64) AppleWebKit/537.36 (KHTML, like Gecko) Chrome/129.0.0.0 Safari/537.36"
178.217.98.213 - - [14/Apr/2025:13:39:59 -0400] "POST /wp-comments-post.php HTTP/1.1" 302 0 "https://sunquicksf.com/the-benefits-of-manufacturing-automation/" "Mozilla/5.0 (Windows NT 10.0; Win64; x64) AppleWebKit/537.36 (KHTML, like Gecko) Chrome/130.0.0.0 Safari/537.36 CCleaner/130.0.0.0"
178.217.98.213 - - [14/Apr/2025:13:40:06 -0400] "GET /the-benefits-of-manufacturing-automation/ HTTP/1.1" 200 11181 "https://sunquicksf.com/the-benefits-of-manufacturing-automation/#comment-49993" "Mozilla/5.0 (Windows NT 10.0; Win64; x64) AppleWebKit/537.36 (KHTML, like Gecko) Chrome/130.0.0.0 Safari/537.36 CCleaner/130.0.0.0"
100.28.49.152 - - [14/Apr/2025:13:40:45 -0400] "GET /shuttle-mediation-an-alternative-to-face-to-face-mediation/ HTTP/1.1" 200 10698 "-" "Mozilla/5.0 AppleWebKit/537.36 (KHTML, like Gecko; compatible; Amazonbot/0.1; +https://developer.amazon.com/support/amazonbot) Chrome/119.0.6045.214 Safari/537.36"
185.157.212.157 - - [14/Apr/2025:13:40:57 -0400] "GET /the-benefits-of-manufacturing-automation/ HTTP/1.1" 200 10553 "-" "Mozilla/5.0 (X11; Ubuntu; Linux x86_64; rv:114.0) Gecko/20100101 Firefox/114.0"
51.222.253.1 - - [14/Apr/2025:13:41:17 -0400] "GET /buy-peptides-from-a-reputable-vendor/feed/ HTTP/1.1" 200 398 "-" "Mozilla/5.0 (compatible; AhrefsBot/7.0; +http://ahrefs.com/robot/)"
198.54.114.83 - - [14/Apr/2025:13:43:20 -0400] "POST /wp-cron.php?doing_wp_cron=1744652598.5288980007171630859375 HTTP/1.1" 200 0 "-" "WordPress/6.7.2; https://sunquicksf.com"
51.222.253.16 - - [14/Apr/2025:13:43:15 -0400] "GET /cardio-fitness/ HTTP/1.1" 200 10561 "-" "Mozilla/5.0 (compatible; AhrefsBot/7.0; +http://ahrefs.com/robot/)"
91.84.98.204 - - [14/Apr/2025:13:43:51 -0400] "GET /the-benefits-of-manufacturing-automation/ HTTP/1.1" 200 10585 "https://sunquicksf.com/the-benefits-of-manufacturing-automation/" "Mozilla/5.0 (Windows NT 10.0; Win64; x64) AppleWebKit/537.36 (KHTML, like Gecko) Chrome/130.0.0.0 Safari/537.36"
91.84.98.204 - - [14/Apr/2025:13:43:54 -0400] "POST /wp-comments-post.php HTTP/1.1" 302 0 "https://sunquicksf.com/the-benefits-of-manufacturing-automation/" "Mozilla/5.0 (Windows NT 10.0; Win64; x64) AppleWebKit/537.36 (KHTML, like Gecko) Chrome/130.0.0.0 Safari/537.36"
91.84.98.204 - - [14/Apr/2025:13:43:58 -0400] "GET /the-benefits-of-manufacturing-automation/ HTTP/1.1" 200 12093 "https://sunquicksf.com/the-benefits-of-manufacturing-automation/#comment-49994" "Mozilla/5.0 (Windows NT 10.0; Win64; x64) AppleWebKit/537.36 (KHTML, like Gecko) Chrome/130.0.0.0 Safari/537.36"
198.54.114.83 - - [14/Apr/2025:13:45:28 -0400] "POST /wp-cron.php?doing_wp_cron=1744652726.8420910835266113281250 HTTP/1.1" 200 0 "-" "WordPress/6.7.2; https://sunquicksf.com"
51.222.253.14 - - [14/Apr/2025:13:45:24 -0400] "GET /sitemap_index.xml HTTP/1.1" 200 273 "-" "Mozilla/5.0 (compatible; AhrefsBot/7.0; +http://ahrefs.com/robot/)"
51.222.253.8 - - [14/Apr/2025:13:45:33 -0400] "GET /post-sitemap.xml HTTP/1.1" 200 26932 "-" "Mozilla/5.0 (compatible; AhrefsBot/7.0; +http://ahrefs.com/robot/)"
51.222.253.12 - - [14/Apr/2025:13:45:43 -0400] "GET /post-sitemap2.xml HTTP/1.1" 200 6677 "-" "Mozilla/5.0 (compatible; AhrefsBot/7.0; +http://ahrefs.com/robot/)"
51.222.253.12 - - [14/Apr/2025:13:45:48 -0400] "GET /category-sitemap.xml HTTP/1.1" 200 419 "-" "Mozilla/5.0 (compatible; AhrefsBot/7.0; +http://ahrefs.com/robot/)"
114.10.47.95 - - [14/Apr/2025:13:46:17 -0400] "POST /wp-login.php/wp-login.php HTTP/1.1" 200 0 "-" "python-requests/2.32.3"
198.54.114.83 - - [14/Apr/2025:13:48:50 -0400] "POST /wp-cron.php?doing_wp_cron=1744652929.6184809207916259765625 HTTP/1.1" 200 0 "-" "WordPress/6.7.2; https://sunquicksf.com"
51.222.253.14 - - [14/Apr/2025:13:48:46 -0400] "GET /a-guide-for-buying-and-using-doge-nfts/feed/ HTTP/1.1" 200 409 "-" "Mozilla/5.0 (compatible; AhrefsBot/7.0; +http://ahrefs.com/robot/)"
185.157.212.157 - - [14/Apr/2025:13:49:54 -0400] "GET /the-benefits-of-manufacturing-automation/ HTTP/1.1" 200 10569 "https://sunquicksf.com/the-benefits-of-manufacturing-automation/" "Mozilla/5.0 (Windows NT 10.0; Win64; x64) AppleWebKit/537.36 (KHTML, like Gecko) Chrome/129.0.0.0 Safari/537.36"
185.157.212.157 - - [14/Apr/2025:13:49:59 -0400] "POST /wp-comments-post.php HTTP/1.1" 302 0 "https://sunquicksf.com/the-benefits-of-manufacturing-automation/" "Mozilla/5.0 (Windows NT 10.0; Win64; x64) AppleWebKit/537.36 (KHTML, like Gecko) Chrome/129.0.0.0 Safari/537.36"
43.129.81.131 - - [14/Apr/2025:13:50:04 -0400] "GET /which-smm-panel-is-right-for-your-business/ HTTP/1.1" 200 10448 "-" "Python/3.10 aiohttp/3.10.5"
43.129.81.131 - - [14/Apr/2025:13:50:04 -0400] "GET /what-are-sarm-stacks/ HTTP/1.1" 200 9962 "-" "Python/3.10 aiohttp/3.10.5"
185.157.212.157 - - [14/Apr/2025:13:50:05 -0400] "GET /the-benefits-of-manufacturing-automation/ HTTP/1.1" 200 11733 "https://sunquicksf.com/the-benefits-of-manufacturing-automation/#comment-49995" "Mozilla/5.0 (Windows NT 10.0; Win64; x64) AppleWebKit/537.36 (KHTML, like Gecko) Chrome/129.0.0.0 Safari/537.36"
112.92.74.179 - - [14/Apr/2025:13:50:55 -0400] "GET /how-to-find-a-24-7-locksmith-near-you/ HTTP/1.1" 200 10558 "https://sunquicksf.com" "Mozilla/5.0 (Windows NT 10.0; Win64; x64) AppleWebKit/537.36 (KHTML, like Gecko) Chrome/62.0.3202.94 Safari/537.36"
51.222.253.19 - - [14/Apr/2025:13:51:54 -0400] "GET /category/activity/ HTTP/1.1" 200 10070 "-" "Mozilla/5.0 (compatible; AhrefsBot/7.0; +http://ahrefs.com/robot/)"
185.231.154.128 - - [14/Apr/2025:13:53:48 -0400] "GET /ally-bank-customer-service/ HTTP/1.1" 200 10691 "https://sunquicksf.com/ally-bank-customer-service/#comment-13507" "Mozilla/5.0 (Windows NT 10.0; Win64; x64) AppleWebKit/537.36 (KHTML, like Gecko) Chrome/129.0.0.0 Safari/537.36"
185.231.154.128 - - [14/Apr/2025:13:53:49 -0400] "GET /ally-bank-customer-service/ HTTP/1.1" 200 10709 "https://sunquicksf.com/ally-bank-customer-service/#comment-13507" "Mozilla/5.0 (Windows NT 10.0; Win64; x64) AppleWebKit/537.36 (KHTML, like Gecko) Chrome/131.0.0.0 Safari/537.36 Avast/131.0.0.0"
185.231.154.128 - - [14/Apr/2025:13:53:53 -0400] "POST /wp-comments-post.php HTTP/1.1" 429 982 "https://sunquicksf.com/ally-bank-customer-service/#comment-13507" "Mozilla/5.0 (Windows NT 10.0; Win64; x64) AppleWebKit/537.36 (KHTML, like Gecko) Chrome/131.0.0.0 Safari/537.36 Avast/131.0.0.0"
185.231.154.128 - - [14/Apr/2025:13:53:53 -0400] "POST /wp-comments-post.php HTTP/1.1" 302 0 "https://sunquicksf.com/ally-bank-customer-service/#comment-13507" "Mozilla/5.0 (Windows NT 10.0; Win64; x64) AppleWebKit/537.36 (KHTML, like Gecko) Chrome/129.0.0.0 Safari/537.36"
185.231.154.128 - - [14/Apr/2025:13:53:56 -0400] "GET /ally-bank-customer-service/ HTTP/1.1" 200 6529 "https://sunquicksf.com/ally-bank-customer-service/#comment-49996" "Mozilla/5.0 (Windows NT 10.0; Win64; x64) AppleWebKit/537.36 (KHTML, like Gecko) Chrome/129.0.0.0 Safari/537.36"
51.222.253.7 - - [14/Apr/2025:13:54:39 -0400] "GET /apprendre-a-jouer-de-la-guitare-un-voyage-musical/ HTTP/1.1" 200 10511 "-" "Mozilla/5.0 (compatible; AhrefsBot/7.0; +http://ahrefs.com/robot/)"
178.128.18.12 - - [14/Apr/2025:13:56:20 -0400] "GET /wp-admin/network/index.php HTTP/1.1" 302 0 "-" "Mozlila/5.0 (Linux; Android 7.0; SM-G892A Bulid/NRD90M; wv) AppleWebKit/537.36 (KHTML, like Gecko) Version/4.0 Chrome/60.0.3112.107 Moblie Safari/537.36"
178.128.18.12 - - [14/Apr/2025:13:56:22 -0400] "GET /wp-login.php?redirect_to=https%3A%2F%2Fsunquicksf.com%2Fwp-admin%2Fnetwork%2Findex.php&reauth=1 HTTP/1.1" 200 1729 "-" "Mozlila/5.0 (Linux; Android 7.0; SM-G892A Bulid/NRD90M; wv) AppleWebKit/537.36 (KHTML, like Gecko) Version/4.0 Chrome/60.0.3112.107 Moblie Safari/537.36"
114.119.155.230 - - [14/Apr/2025:13:57:38 -0400] "GET /page/121/ HTTP/1.1" 200 9695 "https://sunquicksf.com/page/122/" "Mozilla/5.0 (Linux; Android 7.0;) AppleWebKit/537.36 (KHTML, like Gecko) Mobile Safari/537.36 (compatible; PetalBot;+https://webmaster.petalsearch.com/site/petalbot)"
198.54.114.83 - - [14/Apr/2025:13:57:41 -0400] "POST /wp-cron.php?doing_wp_cron=1744653459.1163499355316162109375 HTTP/1.1" 200 0 "-" "WordPress/6.7.2; https://sunquicksf.com"
51.222.253.20 - - [14/Apr/2025:13:57:44 -0400] "GET /what-is-a-bespoke-suit/ HTTP/1.1" 200 9843 "-" "Mozilla/5.0 (compatible; AhrefsBot/7.0; +http://ahrefs.com/robot/)"
114.119.155.230 - - [14/Apr/2025:13:59:01 -0400] "GET /page/114/ HTTP/1.1" 200 9861 "https://sunquicksf.com/page/113/" "Mozilla/5.0 (Linux; Android 7.0;) AppleWebKit/537.36 (KHTML, like Gecko) Mobile Safari/537.36 (compatible; PetalBot;+https://webmaster.petalsearch.com/site/petalbot)"
198.54.114.83 - - [14/Apr/2025:13:59:06 -0400] "POST /wp-cron.php?doing_wp_cron=1744653544.8054289817810058593750 HTTP/1.1" 200 0 "-" "WordPress/6.7.2; https://sunquicksf.com"
198.54.114.83 - - [14/Apr/2025:14:00:29 -0400] "POST /wp-cron.php?doing_wp_cron=1744653627.6308200359344482421875 HTTP/1.1" 200 0 "-" "WordPress/6.7.2; https://sunquicksf.com"
114.119.155.230 - - [14/Apr/2025:14:00:25 -0400] "GET /mushroom-chocolate-bars-for-sale/ HTTP/1.1" 200 10825 "https://sunquicksf.com/category/activity/page/109/" "Mozilla/5.0 (Linux; Android 7.0;) AppleWebKit/537.36 (KHTML, like Gecko) Mobile Safari/537.36 (compatible; PetalBot;+https://webmaster.petalsearch.com/site/petalbot)"
51.222.253.4 - - [14/Apr/2025:14:00:51 -0400] "GET /how-to-file-a-tax-declaration/feed/ HTTP/1.1" 200 388 "-" "Mozilla/5.0 (compatible; AhrefsBot/7.0; +http://ahrefs.com/robot/)"
198.54.114.83 - - [14/Apr/2025:14:01:51 -0400] "POST /wp-cron.php?doing_wp_cron=1744653709.2142128944396972656250 HTTP/1.1" 200 0 "-" "WordPress/6.7.2; https://sunquicksf.com"
114.119.147.233 - - [14/Apr/2025:14:01:48 -0400] "GET /how-to-turn-off-sos-on-iphone-once-activated/ HTTP/1.1" 200 12660 "https://sunquicksf.com/page/98/" "Mozilla/5.0 (Linux; Android 7.0;) AppleWebKit/537.36 (KHTML, like Gecko) Mobile Safari/537.36 (compatible; PetalBot;+https://webmaster.petalsearch.com/site/petalbot)"
178.128.18.12 - - [14/Apr/2025:14:02:10 -0400] "GET /NewFile.php HTTP/1.1" 404 7833 "www.google.com" "Mozlila/5.0 (Linux; Android 7.0; SM-G892A Bulid/NRD90M; wv) AppleWebKit/537.36 (KHTML, like Gecko) Version/4.0 Chrome/60.0.3112.107 Moblie Safari/537.36"
178.128.18.12 - - [14/Apr/2025:14:02:28 -0400] "GET /wp-content/plugins/erinyani/baxa1.php7 HTTP/1.1" 404 7833 "www.google.com" "Mozlila/5.0 (Linux; Android 7.0; SM-G892A Bulid/NRD90M; wv) AppleWebKit/537.36 (KHTML, like Gecko) Version/4.0 Chrome/60.0.3112.107 Moblie Safari/537.36"
178.128.18.12 - - [14/Apr/2025:14:02:31 -0400] "GET /baxa1.php7 HTTP/1.1" 404 7854 "www.google.com" "Mozlila/5.0 (Linux; Android 7.0; SM-G892A Bulid/NRD90M; wv) AppleWebKit/537.36 (KHTML, like Gecko) Version/4.0 Chrome/60.0.3112.107 Moblie Safari/537.36"
178.128.18.12 - - [14/Apr/2025:14:02:44 -0400] "GET /baxa1.php HTTP/1.1" 404 7854 "www.google.com" "Mozlila/5.0 (Linux; Android 7.0; SM-G892A Bulid/NRD90M; wv) AppleWebKit/537.36 (KHTML, like Gecko) Version/4.0 Chrome/60.0.3112.107 Moblie Safari/537.36"
178.128.18.12 - - [14/Apr/2025:14:02:49 -0400] "GET /wp-content/plugins/seoxx/randkeyword.php HTTP/1.1" 404 7862 "www.google.com" "Mozlila/5.0 (Linux; Android 7.0; SM-G892A Bulid/NRD90M; wv) AppleWebKit/537.36 (KHTML, like Gecko) Version/4.0 Chrome/60.0.3112.107 Moblie Safari/537.36"
198.54.114.83 - - [14/Apr/2025:14:02:51 -0400] "POST /wp-cron.php?doing_wp_cron=1744653769.9686861038208007812500 HTTP/1.1" 200 0 "-" "WordPress/6.7.2; https://sunquicksf.com"
114.119.156.71 - - [14/Apr/2025:14:03:11 -0400] "GET /dental-equipment-suppliers-in-the-uk/ HTTP/1.1" 200 10112 "https://sunquicksf.com/category/activity/page/61/" "Mozilla/5.0 (Linux; Android 7.0;) AppleWebKit/537.36 (KHTML, like Gecko) Mobile Safari/537.36 (compatible; PetalBot;+https://webmaster.petalsearch.com/site/petalbot)"
198.54.114.83 - - [14/Apr/2025:14:04:06 -0400] "POST /wp-cron.php?doing_wp_cron=1744653845.5958719253540039062500 HTTP/1.1" 200 0 "-" "WordPress/6.7.2; https://sunquicksf.com"
51.222.253.1 - - [14/Apr/2025:14:04:05 -0400] "GET /how-to-paint-wood-vs-laminate-cabinet-doors/ HTTP/1.1" 200 10004 "-" "Mozilla/5.0 (compatible; AhrefsBot/7.0; +http://ahrefs.com/robot/)"
91.84.98.204 - - [14/Apr/2025:14:04:35 -0400] "GET /the-benefits-of-manufacturing-automation/ HTTP/1.1" 200 10553 "https://sunquicksf.com/the-benefits-of-manufacturing-automation/" "Mozilla/5.0 (Windows NT 10.0; Win64; x64) AppleWebKit/537.36 (KHTML, like Gecko) Chrome/130.0.0.0 Safari/537.36 CCleaner/130.0.0.0"
114.119.138.5 - - [14/Apr/2025:14:04:37 -0400] "GET /blow-their-socks-off-customer-service/ HTTP/1.1" 200 10853 "https://sunquicksf.com/category/activity/page/101/" "Mozilla/5.0 (Linux; Android 7.0;) AppleWebKit/537.36 (KHTML, like Gecko) Mobile Safari/537.36 (compatible; PetalBot;+https://webmaster.petalsearch.com/site/petalbot)"
91.84.98.204 - - [14/Apr/2025:14:04:37 -0400] "POST /wp-comments-post.php HTTP/1.1" 302 0 "https://sunquicksf.com/the-benefits-of-manufacturing-automation/" "Mozilla/5.0 (Windows NT 10.0; Win64; x64) AppleWebKit/537.36 (KHTML, like Gecko) Chrome/130.0.0.0 Safari/537.36 CCleaner/130.0.0.0"
91.84.98.204 - - [14/Apr/2025:14:04:41 -0400] "GET /the-benefits-of-manufacturing-automation/ HTTP/1.1" 200 12072 "https://sunquicksf.com/the-benefits-of-manufacturing-automation/#comment-49997" "Mozilla/5.0 (Windows NT 10.0; Win64; x64) AppleWebKit/537.36 (KHTML, like Gecko) Chrome/130.0.0.0 Safari/537.36 CCleaner/130.0.0.0"
114.119.134.207 - - [14/Apr/2025:14:06:00 -0400] "GET /a-haven-of-modern-living-exploring-arina-east-residences/ HTTP/1.1" 200 9960 "https://sunquicksf.com/page/20/" "Mozilla/5.0 (Linux; Android 7.0;) AppleWebKit/537.36 (KHTML, like Gecko) Mobile Safari/537.36 (compatible; PetalBot;+https://webmaster.petalsearch.com/site/petalbot)"
240e:350:8003:14dc:4ecc:6a24:a3f7:5ca9 - - [14/Apr/2025:14:06:23 -0400] "POST /wp-comments-post.php HTTP/1.1" 302 0 "-" "Mozilla/5.0 (Windows NT 10.0; Win64; x64) AppleWebKit/537.36 (KHTML, like Gecko) Chrome/108.0.0.0 Safari/537.36 Edg/108.0.1462.46"
240e:350:8003:14dc:4ecc:6a24:a3f7:5ca9 - - [14/Apr/2025:14:06:29 -0400] "GET /lakegarden-residences-the-first-private-residential-launch-in-jurong-in-7-years/?unapproved=49998&moderation-hash=0486e45b337c53e4e0aa243e2554e8a7 HTTP/1.1" 200 10741 "-" "Mozilla/5.0 (Windows NT 10.0; Win64; x64) AppleWebKit/537.36 (KHTML, like Gecko) Chrome/108.0.0.0 Safari/537.36 Edg/108.0.1462.46"
157.90.114.254 - - [14/Apr/2025:14:06:39 -0400] "POST /xmlrpc.php HTTP/1.1" 200 186 "-" "Symfony HttpClient (Curl)"
51.222.253.7 - - [14/Apr/2025:14:06:59 -0400] "GET /category/iphone/ HTTP/1.1" 200 8531 "-" "Mozilla/5.0 (compatible; AhrefsBot/7.0; +http://ahrefs.com/robot/)"
52.167.144.56 - - [14/Apr/2025:14:07:05 -0400] "GET /robots.txt HTTP/1.1" 200 109 "-" "Mozilla/5.0 AppleWebKit/537.36 (KHTML, like Gecko; compatible; bingbot/2.0; +http://www.bing.com/bingbot.htm) Chrome/116.0.1938.76 Safari/537.36"
207.46.13.64 - - [14/Apr/2025:14:07:39 -0400] "GET /how-to-change-the-name-of-your-iphone/ HTTP/1.1" 200 12171 "-" "Mozilla/5.0 AppleWebKit/537.36 (KHTML, like Gecko; compatible; bingbot/2.0; +http://www.bing.com/bingbot.htm) Chrome/116.0.1938.76 Safari/537.36"
51.222.253.9 - - [14/Apr/2025:14:09:46 -0400] "GET /the-advantages-and-disadvantages-of-insert-molding/ HTTP/1.1" 200 10608 "-" "Mozilla/5.0 (compatible; AhrefsBot/7.0; +http://ahrefs.com/robot/)"
101.32.51.206 - - [14/Apr/2025:14:10:58 -0400] "GET /the-myth-about-reserve-residences/ HTTP/1.1" 200 10195 "-" "Python/3.10 aiohttp/3.10.5"
34.145.20.211 - - [14/Apr/2025:14:11:24 -0400] "GET /how-to-choose-a-custom-socks-manufacturer/ HTTP/1.1" 200 11500 "-" "Mozilla/5.0 (Windows NT 10.0; Win64; x64) AppleWebKit/537.36 (KHTML, like Gecko) Chrome/123.0.0.0 Safari/537.36"
23.22.107.123 - - [14/Apr/2025:14:11:42 -0400] "GET /how-to-find-the-best-personal-injury-attorneys/ HTTP/1.1" 200 9954 "-" "Grammarly/1.0 (http://www.grammarly.com)"
51.222.253.6 - - [14/Apr/2025:14:12:30 -0400] "GET /the-rise-of-omnivoid-inc/ HTTP/1.1" 200 10260 "-" "Mozilla/5.0 (compatible; AhrefsBot/7.0; +http://ahrefs.com/robot/)"
114.119.138.5 - - [14/Apr/2025:14:13:53 -0400] "GET /exciting-outdoor-games-to-amp-up-your-event/ HTTP/1.1" 200 9949 "https://sunquicksf.com/category/activity/page/14/" "Mozilla/5.0 (Linux; Android 7.0;) AppleWebKit/537.36 (KHTML, like Gecko) Mobile Safari/537.36 (compatible; PetalBot;+https://webmaster.petalsearch.com/site/petalbot)"
185.157.212.157 - - [14/Apr/2025:14:15:05 -0400] "GET /the-benefits-of-manufacturing-automation/ HTTP/1.1" 200 10594 "https://sunquicksf.com/the-benefits-of-manufacturing-automation/" "Mozilla/5.0 (Windows NT 10.0; Win64; x64) AppleWebKit/537.36 (KHTML, like Gecko) Chrome/131.0.0.0 Safari/537.36"
51.222.253.5 - - [14/Apr/2025:14:15:08 -0400] "GET /what-to-look-for-in-sport-betting-sites/ HTTP/1.1" 200 10000 "-" "Mozilla/5.0 (compatible; AhrefsBot/7.0; +http://ahrefs.com/robot/)"
185.157.212.157 - - [14/Apr/2025:14:15:09 -0400] "POST /wp-comments-post.php HTTP/1.1" 302 0 "https://sunquicksf.com/the-benefits-of-manufacturing-automation/" "Mozilla/5.0 (Windows NT 10.0; Win64; x64) AppleWebKit/537.36 (KHTML, like Gecko) Chrome/131.0.0.0 Safari/537.36"
185.157.212.157 - - [14/Apr/2025:14:15:17 -0400] "GET /the-benefits-of-manufacturing-automation/ HTTP/1.1" 200 11631 "https://sunquicksf.com/the-benefits-of-manufacturing-automation/#comment-49999" "Mozilla/5.0 (Windows NT 10.0; Win64; x64) AppleWebKit/537.36 (KHTML, like Gecko) Chrome/131.0.0.0 Safari/537.36"
114.119.156.71 - - [14/Apr/2025:14:15:19 -0400] "GET /choosing-the-right-mba-program/ HTTP/1.1" 200 10008 "https://sunquicksf.com/category/activity/page/48/" "Mozilla/5.0 (Linux; Android 7.0;) AppleWebKit/537.36 (KHTML, like Gecko) Mobile Safari/537.36 (compatible; PetalBot;+https://webmaster.petalsearch.com/site/petalbot)"
195.2.75.64 - - [14/Apr/2025:14:15:35 -0400] "GET /ally-bank-customer-service/ HTTP/1.1" 200 10706 "https://sunquicksf.com/ally-bank-customer-service/" "Mozilla/5.0 (Windows NT 10.0; Win64; x64) AppleWebKit/537.36 (KHTML, like Gecko) Chrome/131.0.0.0 Safari/537.36"
195.2.75.64 - - [14/Apr/2025:14:15:35 -0400] "GET /ally-bank-customer-service/ HTTP/1.1" 200 10706 "https://sunquicksf.com/ally-bank-customer-service/" "Mozilla/5.0 (Windows NT 10.0; Win64; x64) AppleWebKit/537.36 (KHTML, like Gecko) Chrome/130.0.0.0 Safari/537.36 CCleaner/130.0.0.0"
195.2.75.64 - - [14/Apr/2025:14:15:37 -0400] "POST /wp-comments-post.php HTTP/1.1" 429 982 "https://sunquicksf.com/ally-bank-customer-service/" "Mozilla/5.0 (Windows NT 10.0; Win64; x64) AppleWebKit/537.36 (KHTML, like Gecko) Chrome/130.0.0.0 Safari/537.36 CCleaner/130.0.0.0"
195.2.75.64 - - [14/Apr/2025:14:15:37 -0400] "POST /wp-comments-post.php HTTP/1.1" 302 0 "https://sunquicksf.com/ally-bank-customer-service/" "Mozilla/5.0 (Windows NT 10.0; Win64; x64) AppleWebKit/537.36 (KHTML, like Gecko) Chrome/131.0.0.0 Safari/537.36"
195.2.75.64 - - [14/Apr/2025:14:15:43 -0400] "GET /ally-bank-customer-service/ HTTP/1.1" 200 10178 "https://sunquicksf.com/ally-bank-customer-service/#comment-50000" "Mozilla/5.0 (Windows NT 10.0; Win64; x64) AppleWebKit/537.36 (KHTML, like Gecko) Chrome/131.0.0.0 Safari/537.36"
43.132.229.118 - - [14/Apr/2025:14:16:17 -0400] "GET /the-benefits-of-an-industrial-air-purifier/ HTTP/1.1" 200 10692 "-" "Python/3.10 aiohttp/3.10.5"
35.247.174.80 - - [14/Apr/2025:14:14:51 -0400] "POST /wp-login.php HTTP/1.1" 200 0 "-" "Mozlila/5.0 (Linux; Android 7.0; SM-G892A Bulid/NRD90M; wv) AppleWebKit/537.36 (KHTML, like Gecko) Version/4.0 Chrome/60.0.3112.107 Moblie Safari/537.36"
35.247.174.80 - - [14/Apr/2025:14:16:27 -0400] "GET /wp-admin/plugin-install.php?tab=upload HTTP/1.1" 302 0 "-" "Mozlila/5.0 (Linux; Android 7.0; SM-G892A Bulid/NRD90M; wv) AppleWebKit/537.36 (KHTML, like Gecko) Version/4.0 Chrome/60.0.3112.107 Moblie Safari/537.36"
35.247.174.80 - - [14/Apr/2025:14:16:29 -0400] "GET /wp-login.php?redirect_to=https%3A%2F%2Fsunquicksf.com%2Fwp-admin%2Fplugin-install.php%3Ftab%3Dupload&reauth=1 HTTP/1.1" 200 1740 "-" "Mozlila/5.0 (Linux; Android 7.0; SM-G892A Bulid/NRD90M; wv) AppleWebKit/537.36 (KHTML, like Gecko) Version/4.0 Chrome/60.0.3112.107 Moblie Safari/537.36"
157.90.209.76 - - [14/Apr/2025:14:17:20 -0400] "GET /robots.txt HTTP/1.1" 200 109 "-" "Mozilla/5.0 (compatible; BLEXBot/1.0; +https://help.seranking.com/en/blex-crawler)"
157.90.209.76 - - [14/Apr/2025:14:17:24 -0400] "GET / HTTP/1.1" 200 77991 "-" "Mozilla/5.0 (compatible; BLEXBot/1.0; +https://help.seranking.com/en/blex-crawler)"
51.222.253.16 - - [14/Apr/2025:14:17:50 -0400] "GET /fun-single-guy-party-thoughts-in-chicago/ HTTP/1.1" 200 11242 "-" "Mozilla/5.0 (compatible; AhrefsBot/7.0; +http://ahrefs.com/robot/)"
198.54.114.83 - - [14/Apr/2025:14:18:18 -0400] "POST /wp-cron.php?doing_wp_cron=1744654697.1908519268035888671875 HTTP/1.1" 200 0 "-" "WordPress/6.7.2; https://sunquicksf.com"
43.129.84.140 - - [14/Apr/2025:14:18:16 -0400] "GET /online-club-betting-tips-for-amateurs/ HTTP/1.1" 200 10888 "-" "Python/3.10 aiohttp/3.10.5"
150.109.57.32 - - [14/Apr/2025:14:20:10 -0400] "GET /advantages-of-setting-up-an-office-in-the-central-business-district-and-in-other-prime-location/ HTTP/1.1" 200 10401 "-" "Python/3.10 aiohttp/3.10.5"
51.222.253.10 - - [14/Apr/2025:14:21:02 -0400] "GET /your-decisions-in-computerized-camera-packs/ HTTP/1.1" 200 10447 "-" "Mozilla/5.0 (compatible; AhrefsBot/7.0; +http://ahrefs.com/robot/)"
119.28.74.148 - - [14/Apr/2025:14:21:55 -0400] "GET /power-washing-and-degreasing-trains/ HTTP/1.1" 200 10589 "-" "Python/3.10 aiohttp/3.10.5"
58.254.68.38 - - [14/Apr/2025:14:22:40 -0400] "GET /mk-shoulder-bag/ HTTP/1.1" 200 10466 "https://sunquicksf.com" "Mozilla/5.0 (Windows NT 10.0; Win64; x64) AppleWebKit/537.36 (KHTML, like Gecko) Chrome/62.0.3202.94 Safari/537.36"
58.254.68.38 - - [14/Apr/2025:14:22:46 -0400] "POST /wp-comments-post.php HTTP/1.1" 302 0 "https://sunquicksf.com" "Mozilla/5.0 (Windows NT 10.0; Win64; x64) AppleWebKit/537.36 (KHTML, like Gecko) Chrome/62.0.3202.94 Safari/537.36"
58.254.68.38 - - [14/Apr/2025:14:22:54 -0400] "GET /mk-shoulder-bag/ HTTP/1.1" 200 11159 "https://sunquicksf.com" "Mozilla/4.0 (compatible; MSIE 6.0; Windows NT 5.1; en) Opera 8.50"
51.222.253.9 - - [14/Apr/2025:14:24:04 -0400] "GET /category/mobile/ HTTP/1.1" 200 8912 "-" "Mozilla/5.0 (compatible; AhrefsBot/7.0; +http://ahrefs.com/robot/)"
101.32.49.9 - - [14/Apr/2025:14:26:26 -0400] "GET /what-does-a-lawyer-do/ HTTP/1.1" 200 10489 "-" "Python/3.10 aiohttp/3.10.5"
101.32.49.9 - - [14/Apr/2025:14:26:26 -0400] "GET /the-continuum-thiam-siew-in-district-15/ HTTP/1.1" 200 9300 "-" "Python/3.10 aiohttp/3.10.5"
51.222.253.19 - - [14/Apr/2025:14:28:04 -0400] "GET /explore-the-ocean-with-a-boat-rental-in-bali/ HTTP/1.1" 200 10748 "-" "Mozilla/5.0 (compatible; AhrefsBot/7.0; +http://ahrefs.com/robot/)"
114.119.135.64 - - [14/Apr/2025:14:29:12 -0400] "GET /what-is-a-belt-cutting-machine/ HTTP/1.1" 200 10460 "https://sunquicksf.com/category/activity/page/72/" "Mozilla/5.0 (Linux; Android 7.0;) AppleWebKit/537.36 (KHTML, like Gecko) Mobile Safari/537.36 (compatible; PetalBot;+https://webmaster.petalsearch.com/site/petalbot)"
114.119.147.233 - - [14/Apr/2025:14:30:36 -0400] "GET /brutal-force-sarms-for-sale/ HTTP/1.1" 200 10057 "https://sunquicksf.com/category/activity/page/67/" "Mozilla/5.0 (Linux; Android 7.0;) AppleWebKit/537.36 (KHTML, like Gecko) Mobile Safari/537.36 (compatible; PetalBot;+https://webmaster.petalsearch.com/site/petalbot)"
51.222.253.12 - - [14/Apr/2025:14:31:55 -0400] "GET /how-to-become-a-successful-author-through-comprehensive-courses/ HTTP/1.1" 200 10338 "-" "Mozilla/5.0 (compatible; AhrefsBot/7.0; +http://ahrefs.com/robot/)"
43.132.134.51 - - [14/Apr/2025:14:33:30 -0400] "GET /can-you-buy-youtube-shares/ HTTP/1.1" 200 10471 "-" "Python/3.10 aiohttp/3.10.5"
43.132.134.51 - - [14/Apr/2025:14:33:54 -0400] "GET /aura-review-the-best-mindfulness-app/ HTTP/1.1" 200 10561 "-" "Python/3.10 aiohttp/3.10.5"
51.222.253.5 - - [14/Apr/2025:14:35:27 -0400] "GET /der-beste-edelstahlreiniger/ HTTP/1.1" 200 10459 "-" "Mozilla/5.0 (compatible; AhrefsBot/7.0; +http://ahrefs.com/robot/)"
3.23.79.111 - - [14/Apr/2025:14:37:11 -0400] "GET /robots.txt HTTP/1.1" 200 109 "-" "Scrapy/2.12.0 (+https://scrapy.org)"
3.23.79.111 - - [14/Apr/2025:14:37:18 -0400] "GET /the-landmark-condominium-in-aventura-florida/ HTTP/1.1" 200 10913 "https://sunquicksf.com/post-sitemap.xml" "Scrapy/2.12.0 (+https://scrapy.org)"
3.23.79.111 - - [14/Apr/2025:14:37:21 -0400] "GET /innovative-bathroom-renovations-for-small-spaces/ HTTP/1.1" 200 10212 "https://sunquicksf.com/post-sitemap2.xml" "Scrapy/2.12.0 (+https://scrapy.org)"
3.23.79.111 - - [14/Apr/2025:14:37:26 -0400] "GET /unraveling-the-mystery-behind-instagram-account-freeze-links/ HTTP/1.1" 200 10041 "https://sunquicksf.com/post-sitemap2.xml" "Scrapy/2.12.0 (+https://scrapy.org)"
3.23.79.111 - - [14/Apr/2025:14:37:31 -0400] "GET /frosting-your-instagram-a-guide-to-freezing-your-account/ HTTP/1.1" 200 10068 "https://sunquicksf.com/post-sitemap2.xml" "Scrapy/2.12.0 (+https://scrapy.org)"
3.23.79.111 - - [14/Apr/2025:14:37:36 -0400] "GET /la-revolution-de-leconomie-denergie/ HTTP/1.1" 200 10054 "https://sunquicksf.com/post-sitemap2.xml" "Scrapy/2.12.0 (+https://scrapy.org)"
3.23.79.111 - - [14/Apr/2025:14:37:40 -0400] "GET /revolution-verte-la-tonte-sans-fil-avec-les-tondeuses-robotisees/ HTTP/1.1" 200 10115 "https://sunquicksf.com/post-sitemap2.xml" "Scrapy/2.12.0 (+https://scrapy.org)"
3.23.79.111 - - [14/Apr/2025:14:37:44 -0400] "GET /an-essential-asset-for-content-creators/ HTTP/1.1" 200 9942 "https://sunquicksf.com/post-sitemap2.xml" "Scrapy/2.12.0 (+https://scrapy.org)"
3.23.79.111 - - [14/Apr/2025:14:37:50 -0400] "GET /bento-brilliance-unwrapping-the-japanese-lunch-box-tradition/ HTTP/1.1" 200 10247 "https://sunquicksf.com/post-sitemap2.xml" "Scrapy/2.12.0 (+https://scrapy.org)"
3.23.79.111 - - [14/Apr/2025:14:37:53 -0400] "GET /le-charme-intemporel-de-lours-en-peluche/ HTTP/1.1" 200 10026 "https://sunquicksf.com/post-sitemap2.xml" "Scrapy/2.12.0 (+https://scrapy.org)"
3.23.79.111 - - [14/Apr/2025:14:37:58 -0400] "GET /the-influence-and-impact-of-instagram-likes/ HTTP/1.1" 200 9950 "https://sunquicksf.com/post-sitemap2.xml" "Scrapy/2.12.0 (+https://scrapy.org)"
3.23.79.111 - - [14/Apr/2025:14:38:03 -0400] "GET /embracing-comfort-the-journey-within-a-sleeping-bag/ HTTP/1.1" 200 10171 "https://sunquicksf.com/post-sitemap2.xml" "Scrapy/2.12.0 (+https://scrapy.org)"
3.23.79.111 - - [14/Apr/2025:14:38:08 -0400] "GET /unveiling-the-truth-behind-buying-youtube-views-and-subscribers/ HTTP/1.1" 200 10016 "https://sunquicksf.com/post-sitemap2.xml" "Scrapy/2.12.0 (+https://scrapy.org)"
3.23.79.111 - - [14/Apr/2025:14:38:13 -0400] "GET /deciphering-youtube-views-the-metrics-behind-digital-stardom/ HTTP/1.1" 200 9950 "https://sunquicksf.com/post-sitemap2.xml" "Scrapy/2.12.0 (+https://scrapy.org)"
3.23.79.111 - - [14/Apr/2025:14:38:18 -0400] "GET /understanding-the-algorithm/ HTTP/1.1" 200 10002 "https://sunquicksf.com/post-sitemap2.xml" "Scrapy/2.12.0 (+https://scrapy.org)"
3.23.79.111 - - [14/Apr/2025:14:38:22 -0400] "GET /navigating-the-maze-unlocking-success-with-tiktok-views-and-followers/ HTTP/1.1" 200 10141 "https://sunquicksf.com/post-sitemap2.xml" "Scrapy/2.12.0 (+https://scrapy.org)"
3.23.79.111 - - [14/Apr/2025:14:38:27 -0400] "GET /unveiling-elegance-exploring-the-arden-showflat/ HTTP/1.1" 200 10018 "https://sunquicksf.com/post-sitemap2.xml" "Scrapy/2.12.0 (+https://scrapy.org)"
3.23.79.111 - - [14/Apr/2025:14:38:33 -0400] "GET /a-glimpse-into-the-terrahill-showflat/ HTTP/1.1" 200 9936 "https://sunquicksf.com/post-sitemap2.xml" "Scrapy/2.12.0 (+https://scrapy.org)"
3.23.79.111 - - [14/Apr/2025:14:38:38 -0400] "GET /a-glimpse-into-elegance-exploring-the-sophia-regency-showflat/ HTTP/1.1" 200 10284 "https://sunquicksf.com/post-sitemap2.xml" "Scrapy/2.12.0 (+https://scrapy.org)"
3.23.79.111 - - [14/Apr/2025:14:38:42 -0400] "GET /exploring-the-botany-showflat/ HTTP/1.1" 200 9956 "https://sunquicksf.com/post-sitemap2.xml" "Scrapy/2.12.0 (+https://scrapy.org)"
3.23.79.111 - - [14/Apr/2025:14:38:49 -0400] "GET /discovering-luxury-living-at-one-bernam-showflat/ HTTP/1.1" 200 10313 "https://sunquicksf.com/post-sitemap2.xml" "Scrapy/2.12.0 (+https://scrapy.org)"
3.23.79.111 - - [14/Apr/2025:14:38:53 -0400] "GET /sac-a-dos-militaire-lequipement-essentiel-pour-les-operations-sur-le-terrain/ HTTP/1.1" 200 10255 "https://sunquicksf.com/post-sitemap2.xml" "Scrapy/2.12.0 (+https://scrapy.org)"
35.247.174.80 - - [14/Apr/2025:14:37:18 -0400] "POST /wp-login.php HTTP/1.1" 200 0 "-" "Mozlila/5.0 (Linux; Android 7.0; SM-G892A Bulid/NRD90M; wv) AppleWebKit/537.36 (KHTML, like Gecko) Version/4.0 Chrome/60.0.3112.107 Moblie Safari/537.36"
3.23.79.111 - - [14/Apr/2025:14:38:58 -0400] "GET /mastering-the-keyboard-the-art-of-typing-speed-test/ HTTP/1.1" 200 10091 "https://sunquicksf.com/post-sitemap2.xml" "Scrapy/2.12.0 (+https://scrapy.org)"
35.247.174.80 - - [14/Apr/2025:14:38:58 -0400] "GET /wp-admin/plugin-install.php?tab=upload HTTP/1.1" 302 0 "-" "Mozlila/5.0 (Linux; Android 7.0; SM-G892A Bulid/NRD90M; wv) AppleWebKit/537.36 (KHTML, like Gecko) Version/4.0 Chrome/60.0.3112.107 Moblie Safari/537.36"
51.222.253.17 - - [14/Apr/2025:14:39:00 -0400] "GET /what-is-paint-by-numbers/ HTTP/1.1" 200 10658 "-" "Mozilla/5.0 (compatible; AhrefsBot/7.0; +http://ahrefs.com/robot/)"
35.247.174.80 - - [14/Apr/2025:14:39:00 -0400] "GET /wp-login.php?redirect_to=https%3A%2F%2Fsunquicksf.com%2Fwp-admin%2Fplugin-install.php%3Ftab%3Dupload&reauth=1 HTTP/1.1" 200 1740 "-" "Mozlila/5.0 (Linux; Android 7.0; SM-G892A Bulid/NRD90M; wv) AppleWebKit/537.36 (KHTML, like Gecko) Version/4.0 Chrome/60.0.3112.107 Moblie Safari/537.36"
3.23.79.111 - - [14/Apr/2025:14:39:02 -0400] "GET /the-key-to-efficiency/ HTTP/1.1" 200 10300 "https://sunquicksf.com/post-sitemap2.xml" "Scrapy/2.12.0 (+https://scrapy.org)"
3.23.79.111 - - [14/Apr/2025:14:39:08 -0400] "GET /hvad-er-de-forskellige-typer-armband/ HTTP/1.1" 200 10615 "https://sunquicksf.com/post-sitemap.xml" "Scrapy/2.12.0 (+https://scrapy.org)"
3.23.79.111 - - [14/Apr/2025:14:39:13 -0400] "GET /discount-michael-kors-bags/ HTTP/1.1" 200 11125 "https://sunquicksf.com/post-sitemap.xml" "Scrapy/2.12.0 (+https://scrapy.org)"
3.23.79.111 - - [14/Apr/2025:14:39:17 -0400] "GET /michael-kors-handbags-for-ladies/ HTTP/1.1" 200 10074 "https://sunquicksf.com/post-sitemap.xml" "Scrapy/2.12.0 (+https://scrapy.org)"
3.23.79.111 - - [14/Apr/2025:14:39:23 -0400] "GET /six-tips-for-successful-football-betting/ HTTP/1.1" 200 10054 "https://sunquicksf.com/post-sitemap.xml" "Scrapy/2.12.0 (+https://scrapy.org)"
3.23.79.111 - - [14/Apr/2025:14:39:26 -0400] "GET /betting-shops/ HTTP/1.1" 200 10151 "https://sunquicksf.com/post-sitemap.xml" "Scrapy/2.12.0 (+https://scrapy.org)"
3.23.79.111 - - [14/Apr/2025:14:39:33 -0400] "GET /how-to-win-at-football-betting/ HTTP/1.1" 200 10061 "https://sunquicksf.com/post-sitemap.xml" "Scrapy/2.12.0 (+https://scrapy.org)"
3.23.79.111 - - [14/Apr/2025:14:39:38 -0400] "GET /how-to-find-a-reliable-house-painter/ HTTP/1.1" 200 11319 "https://sunquicksf.com/post-sitemap.xml" "Scrapy/2.12.0 (+https://scrapy.org)"
3.23.79.111 - - [14/Apr/2025:14:39:43 -0400] "GET /michael-kors-bags-for-women/ HTTP/1.1" 200 10777 "https://sunquicksf.com/post-sitemap.xml" "Scrapy/2.12.0 (+https://scrapy.org)"
3.23.79.111 - - [14/Apr/2025:14:39:46 -0400] "GET /find-a-local-painter-and-decorator-near-you/ HTTP/1.1" 200 10798 "https://sunquicksf.com/post-sitemap.xml" "Scrapy/2.12.0 (+https://scrapy.org)"
3.23.79.111 - - [14/Apr/2025:14:39:51 -0400] "GET /midtown-modern-the-newest-development-in-bugis-district/ HTTP/1.1" 200 10050 "https://sunquicksf.com/post-sitemap.xml" "Scrapy/2.12.0 (+https://scrapy.org)"
3.23.79.111 - - [14/Apr/2025:14:39:57 -0400] "GET /the-forest-of-arden/ HTTP/1.1" 200 10341 "https://sunquicksf.com/post-sitemap.xml" "Scrapy/2.12.0 (+https://scrapy.org)"
3.23.79.111 - - [14/Apr/2025:14:40:04 -0400] "GET /amber-sea-is-rich-in-history-and-symbolism/ HTTP/1.1" 200 10687 "https://sunquicksf.com/post-sitemap.xml" "Scrapy/2.12.0 (+https://scrapy.org)"
3.23.79.111 - - [14/Apr/2025:14:40:10 -0400] "GET /colorado-real-estate-schools/ HTTP/1.1" 200 10548 "https://sunquicksf.com/post-sitemap.xml" "Scrapy/2.12.0 (+https://scrapy.org)"
3.23.79.111 - - [14/Apr/2025:14:40:16 -0400] "GET /cherry-blossoms-by-the-park/ HTTP/1.1" 200 10514 "https://sunquicksf.com/post-sitemap.xml" "Scrapy/2.12.0 (+https://scrapy.org)"
3.23.79.111 - - [14/Apr/2025:14:40:21 -0400] "GET /the-atelier-ups-the-ante-for-modern-brooklyn-living/ HTTP/1.1" 200 11076 "https://sunquicksf.com/post-sitemap.xml" "Scrapy/2.12.0 (+https://scrapy.org)"
3.23.79.111 - - [14/Apr/2025:14:40:26 -0400] "GET /grand-dunman-a-prime-district-15-precinct/ HTTP/1.1" 200 10699 "https://sunquicksf.com/post-sitemap.xml" "Scrapy/2.12.0 (+https://scrapy.org)"
3.23.79.111 - - [14/Apr/2025:14:40:32 -0400] "GET /real-estate-101-firing-a-bad-agent/ HTTP/1.1" 200 10654 "https://sunquicksf.com/post-sitemap.xml" "Scrapy/2.12.0 (+https://scrapy.org)"
3.23.79.111 - - [14/Apr/2025:14:40:37 -0400] "GET /what-to-do-when-real-estate-falls/ HTTP/1.1" 200 10929 "https://sunquicksf.com/post-sitemap.xml" "Scrapy/2.12.0 (+https://scrapy.org)"
3.23.79.111 - - [14/Apr/2025:14:40:42 -0400] "GET /the-benefits-of-reserve-residences/ HTTP/1.1" 200 10659 "https://sunquicksf.com/post-sitemap.xml" "Scrapy/2.12.0 (+https://scrapy.org)"
3.23.79.111 - - [14/Apr/2025:14:40:46 -0400] "GET /piccadilly-grand-singapores-newest-integrated-development/ HTTP/1.1" 200 10075 "https://sunquicksf.com/post-sitemap.xml" "Scrapy/2.12.0 (+https://scrapy.org)"
3.23.79.111 - - [14/Apr/2025:14:40:51 -0400] "GET /top-10-reasons-why-you-should-buy-at-lentor-hills-residences/ HTTP/1.1" 200 10131 "https://sunquicksf.com/post-sitemap.xml" "Scrapy/2.12.0 (+https://scrapy.org)"
3.23.79.111 - - [14/Apr/2025:14:40:56 -0400] "GET /newport-residences-condominiums/ HTTP/1.1" 200 10114 "https://sunquicksf.com/post-sitemap.xml" "Scrapy/2.12.0 (+https://scrapy.org)"
3.23.79.111 - - [14/Apr/2025:14:41:00 -0400] "GET /the-transformative-power-of-part-time-work/ HTTP/1.1" 200 10181 "https://sunquicksf.com/post-sitemap2.xml" "Scrapy/2.12.0 (+https://scrapy.org)"
3.23.79.111 - - [14/Apr/2025:14:41:05 -0400] "GET /the-ultimate-guide-to-bodybuilding-supplements/ HTTP/1.1" 200 10156 "https://sunquicksf.com/post-sitemap2.xml" "Scrapy/2.12.0 (+https://scrapy.org)"
