RIFF¤ WEBPVP8 ˜ ðÑ *ôô>‘HŸK¥¤"§£±¨àð ....................................../////.===Shadow-Here===./////................................................ > < > < > < > < > < > < > < > < > < > < > < > < > < > < > < > < > < > < > < > < > < > < > < > < > < > < > < > < > < ------------------------------------------------------------------------------------------------------------------- /////////////////////////////////////////////////////////////////////////////////////////////////////////////////// RIFF¤ WEBPVP8 ˜ ðÑ *ôô>‘HŸK¥¤"§£±¨àð enü¹%½_F‘åè¿2ºQú³íªú`N¿­3ÿƒügµJžaÿ¯ÿ°~¼ÎùnúîÞÖô•òíôÁÉß®Sm¥Ü/ ‡ó˜f£Ùà<˜„xëJ¢Ù€SO3x<ªÔ©4¿+ç¶A`q@Ì“Úñè™ÍÿJÌ´ª-˜ÆtÊÛL]Ïq*‘Ý”ì#ŸÌÏãY]@ê`¿ /ªfkØB4·®£ó z—Üw¥Pxù–ÞLШKÇN¾AkÙTf½è'‰g gÆv›Øuh~ a˜Z— ïj*á¥t d£“uÒ ¨`K˜¹ßþ]b>˜]_ÏÔ6W—è2r4x•íÖ…"ƒÖNîä!¦å Ú}ýxGøÌ —@ ;ÆÚŠ=ɾ1ý8lªË¥ô ^yf®Œ¢u&2©nÙÇ›ñÂñŒ³ aPo['½»øFùà­+4ê“$!lövlüÞ=;N®3ð‚õ›DÉKòÞ>ÄÍ ¥ˆuߤ#ˆ$6ù™¥îЇy’ÍB¼ çxÛ;X"WL£R÷͝*ó-¶Zu}º.s¸sšXqù–DþÿvªhüïwyŸ ¯é³lÀ:KCûÄ£Ëá\…­ ~—ýóî ¼ûûÜTÓüÇy…ŽÆvc»¾×U ñ¸žþоP÷¦ó:Ò¨¨5;Ð#&#ÖúñläÿÁœ GxÉ­/ñ‡áQðìYÉtÒw޼GÔ´zàÒò ð*ëzƒ•4~H]Ø‹f ñÓÈñ`NåWçs'ÆÏW^ø¹!XžµmQ5ÃËoLœÎ: ÞËÍ¥J ù…î èo£ßPÎñ¶ž8.Œ]ʵ~5›ÙË-ù*8ÙÖß±~ ©¹rÓê‚j¶d¸{^Q'˜±Crß ÚH—#¥¥QlÀ×ëã‡DÜ«èî þ&Çæžî;ŽÏºò6ÒLÃXy&ZŒ'j‚¢Ù€IßÚù+–MGi‰*jE€‘JcÜ ÓÌ EÏÚj]o˜ Þr <¾U ûŪæÍ/šÝH¥˜b”¼ ÁñßX GP›ï2›4WŠÏà×£…íÓk†¦H·ÅíMh–*nó÷à]ÁjCº€b7<ب‹¨5車bp2:Á[UªM„QŒçiNMa#<5›áËó¸HýÊ"…×Éw¹¦ì2º–x<›»a±¸3Weü®FÝ⑱ö–î–³|LPÈ~çð~Çå‡|º kD¢µÏàÆAI %1À% ¹Ò – ”ϝS¦‰4&¶£°à Öý”û_Ò Áw°A«Å€?mÇÛgHÉ/8)á¾ÛìáöŽP í¨PŸNÙµº¦‡§Ùš"ÿ«>+ªÕ`Ê÷‡‚ß Õû˜þãÇ-PÍ.¾XV‘€ dÜ"þ4¹ ±Oú‘©t¥¦FªÄÃÄ•b‚znýu½—#cDs˜ÃiÑOˆñ×QO=*IAÊ,¶ŽZƒ;‡wøXè%EÐk:F±Ú” .Ѽ+Áu&Ç`."pÈÉw o&¿dE6‘’EqTuK@Ì¥ã™À(Êk(h‰,H}RÀIXÛš3µ1©_OqÚÒJAñ$ÊÙÜ;D3çŒ[þùœh¬Ã³™ö6ç†NY".Ú‰ï[ªŸŒ '²Ð öø_¨ÂÉ9ué¶³ÒŠõTàîMØ#û¯gN‡bÙ놚X„ö …ÉeüÌ^J ‹€.œ$Æ)βÄeæW#óüßĺŸ€ ÀzwV 9oä»f4V*uB «Ë†¹ì¯žR霓æHXa=&“I4K;¯ç‹h×·"UŠ~<•╪Vêª&ÍSÃÆÅ?ÔqÎ*mTM ˜›µwêd#[C¡©§‘D<©àb†–ÁœøvH/,í:¯( ²£|4-„Æövv„Yͼ™^Á$ˆ„¢Û[6yB.åH*V¨æ?$=˜Ñ€•ñ·­(VlŸ‘ nÀt8W÷´Bûba?q9ú¶Xƒl«ÿ\ù¶’þòUÐj/õ¢Ìµ³g$ƒÎR!¸»|Oߍë’BhîÚÑ¢ñåŒJ„®„£2Ð3•ô02Nt…!£Í]Ïc½Qÿ?ˆ<&ÃA¾Ú,JˆijÌ#5yz„‰Î|ÊŽ5QÏ:‹ÐaóVÔxW—CpeÏzÐïíçôÿÅ_[hãsÐ_/ŽTÝ?BîˆííV$<¿i>²F¬_Eß¿ †bÊŒº­ÿ®Z H“C}”¬,Mp ý/Bá£w>˜YV°aƒúh+cŠ- r/[%|üUMHäQ°X»|û/@|°¥Ð !BÔ Ç¢Ä©š+Õì D«7ìN¶ŽðÔ " ƶ’ÖçtA‰Û×}{tþz­¾GÍ›k¹OEJR$ Â׃ «ëÁ"oÉôž$oUK(Ä)Ãz³Ê-‹êN[Ò3Œñbï8P 4ƒ×q¢bo|?<ÛX¬òÄͰL–±›(™ûG?ýË©ÚÄ–ÂDØÐ_Ç¡ô ¾–ÄÏø ×e8Ë©$ÄF¹Å‹ì[©óìl:F¾f´‹‹Xì²ï®\¬ôùƒ ÿat¥óèÒùHß0äe‚;ü×h:ÆWðHž=Ã8骣"kœ'Y?³}Tûè€>?0l›e1Lòñ„aæKÆw…hÖŠùW…ÈÆÄ0ši·›[pcwËþñiêíY/~-Á5˜!¿†A›™Mÿþ(±“t@â“ö2­´TG5yé]çå僳 .·ÍïçÝ7UÚ±Ð/Nè»,_Ï ùdj7\ï Wì4›„»c¸àešg#ÒÊ⥭áØo5‘?ÌdÝô¯ ¹kzsƒ=´#ëÉK›Ø´±-¥eW?‡çßtòTã…$Ý+qÿ±ƒ÷_3Ô¥í÷:æ–ž<·Ö‡‰Å¢ š‡%Ô—utÌÈìðžgÖÀz²À—ï÷Óîäõ{K'´È÷³yaÏÁjƒô}ž§®æÊydÕÈë5¯èˆõvÕ©ã*çD„ “z„Ó‡^^xÂ3M§A´JG‚öï 3W'ˆ.OvXè¡ÊÕª?5º7†˜(˜Ç¶#çê’¶!ÌdZK§æ 0fãaN]òY³RV ™î$®K2R¨`W!1Ôó\;Ý ýB%qæK•&ÓÈe9È0êI±žeŸß -ú@žQr¦ ö4»M¼Áè¹µmw 9 EÆE_°2ó„ŸXKWÁ×Hóì^´²GѝF©óäR†¦‰ç"V»eØ<3ùd3ÿÚ¤Žú“Gi" —‘_ÙËÎ~Üö¯¥½Î»üŸEÚŽåmÞþí ;ÞólËΦMzA"Âf(´òá;Éï(/7½ûñÌ­cïÕçлþÝz¾-ÍvÑ“pH­–ðÓj$¸Äû¤‚‘ãUBË-n“2åPkS5&‹Â|+g^œ®Ì͆d!OïäîU«c;{Û!ÅŽ«ëZ9Ókóˆ]¯ƒ›né `ÇÒ+tÆš (ØKá¾—=3œ®•vuMñg²\ï Ec€ 05±d™‡×iÇ×›UúvÌ¢£Èþ¡ÕØô¶ßÎA"ß±#Ö²ˆÊŸ¦*Ä~ij|àø.-¼'»Ú¥£h ofº¦‡VsR=N½„Î v˜Z*SÌ{=jÑB‹tê…;’HžH¯8–îDù8ñ¢|Q•bÛçš–‹m³“ê¨ åÏ^m¬Žãþ©ïêO‡½6] µÆ„Ooòü ²x}N¦Ë3ïé¿»€›HA˜m%çÞ/¿í7Fø“‹léUk)É°Œµ8Q8›:ÀŠeT*šõ~ôڝG6 ¢}`ùH­–”¡k ‰P1>š†®9z11!X wKfmÁ¦xÑ,N1Q”–æB¶M…ÒÃv6SMˆhU¬ÊPŽï‘öj=·CŒ¯u¹ƒVIЃsx4’ömÛýcå¡¶7ßŠß 57^\wÒÐÆ k§h,Œý î«q^R½3]J¸ÇðN ‚çU¬ôº^Áì} ³f©Õœ§ˆã:FÄÈ‚é(€™?àýÓüè1Gô£¼éj‚OÅñ  #>×—ßtà 0G¥Åa뀐kßhc™À_ÉñÞ#±)GD" YîäË-ÿÙ̪ ¹™a¯´¢E\ÝÒö‚;™„ë]_ p8‰o¡ñ+^÷ 3‘'dT4œŽ ðVë½° :¬víÑ«£tßÚS-3¶“þ2 †üüʨòrš¹M{É_¤`Û¨0ìjœøJ‡:÷ÃáZ˜†@GP&œÑDGÏs¡þ¦þDGú‘1Yá9Ôþ¼ ûø…§÷8&–ÜÑnÄ_m®^üÆ`;ÉVÁJ£?â€-ßê}suÍ2sõA NÌúA磸‘îÿÚ»ƒìö·á¿±tÑÐ"Tÿü˜[@/äj¬€uüªìù¥Ý˜á8Ý´sõj 8@rˆð äþZÇD®ÿUÏ2ùôõrBzÆÏÞž>Ì™xœ“ wiÎ×7_… ¸ \#€MɁV¶¥üÕÿPÔ9Z‡ø§É8#H:ƒ5ÀÝå9ÍIŒ5åKÙŠ÷qÄ>1AÈøžj"µÂд/ªnÀ qªã}"iŸBå˜ÓÛŽ¦…&ݧ;G@—³b¯“•"´4í¨ôM¨åñC‹ïùÉó¯ÓsSH2Ý@ßáM‡ˆKÀªÛUeø/4\gnm¥‹ŸŒ qÄ b9ÞwÒNÏ_4Ég³ú=܆‚´ •â¥õeíþkjz>éÚyU«Íӝ݃6"8/ø{=Ô¢»G¥ äUw°W«,ô—¿ãㆅү¢³xŠUû™yŒ (øSópÐ 9\åTâ»—*oG$/×ÍT†Y¿1¤Þ¢_‡ ¼ „±ÍçèSaÓ 3ÛMÁBkxs‰’R/¡¤ˆÙçª(*õ„üXÌ´ƒ E§´¬EF"Ù”R/ÐNyÆÂ^°?™6¡œïJ·±$§?º>ÖüœcNÌù¯G ‹ñ2ЁBB„^·úìaz¨k:#¨Æ¨8LÎõލ£^§S&cŒÐU€ü(‡F±Š¼&P>8ÙÁ ‰ p5?0ÊÆƒZl¸aô š¼¡}gÿ¶zÆC²¹¬ÎÖG*HB¡O<º2#ñŒAƒ–¡B˜´É$¥›É:FÀÔx¾u?XÜÏÓvN©RS{2ʈãk9rmP¼Qq̳ è¼ÐFׄ^¡Öì fE“F4A…!ì/…¦Lƒ… … $%´¾yã@CI¬ á—3PþBÏNÿ<ý°4Ü ËÃ#ØÍ~âW«rEñw‹eùMMHß²`¬Öó½íf³:‹k˜¯÷}Z!ã¿<¥,\#öµÀ¯aÒNÆIé,Ћ–lŽ#Àæ9ÀÒS·I’½-Ïp Äz¤Š Â* ­íÄ9­< h>׍3ZkËU¹§˜ŒŠ±f­’¤º³Q ÏB?‹#µíÃ¥®@(Gs«†vI¥Mµ‹Á©e~2ú³ÁP4ìÕi‚²Ê^ö@-DþÓàlÜOÍ]n"µã:žpsŽ¢:! Aõ.ç~ÓBûH÷JCÌ]õVƒd «ú´QÙEA–¯¯Œ!.ˆˆëQ±ù œ·Ì!Õâ )ùL„ÅÀlÚè5@B…o´Æ¸XÓ&Û…O«˜”_#‡ƒ„ûÈt!¤ÁÏ›ÎÝŠ?c9 â\>lÓÁVÄÑ™£eØY]:fÝ–—ù+p{™ðè û³”g±OƒÚSù£áÁÊ„ä,ï7š²G ÕÌBk)~ÑiCµ|h#u¤¶îK¨² #²vݯGãeÖ϶ú…¾múÀ¶þÔñ‚Š9'^($¤§ò “š½{éúp÷J›ušS¹áªCÂubÃH9™D™/ZöØÁ‡¦ÝÙŸ·kð*_”.C‹{áXó€‡c¡c€§/šò/&éš÷,àéJþ‰X›fµ“C¨œ®r¬"kL‰Â_q…Z–.ÉL~O µ›zn‚¹À¦Öª7\àHµšÖ %»ÇníV[¥*Õ;ƒ#½¾HK-ÖIÊdÏEÚ#=o÷Óò³´Š: Ç?{¾+9›–‘OEáU·S€˜j"ÄaÜ ŒÛWt› á–c#a»pÔZÞdŽtWê=9éöÊ¢µ~ ë ;Öe‡Œ®:bî3±ýê¢wà¼îpêñ¹¾4 zc¾ðÖÿzdêŒÑÒŝÀ‰s6¤í³ÎÙB¿OZ”+F¤á‡3@Ñëäg©·Ž ˆèª<ù@É{&S„œÕúÀA)‰h:YÀ5^ÂÓŒ°õäU\ ùËÍû#²?Xe¬tu‰^zÒÔãë¼ÛWtEtû …‚g¶Úüâî*moGè¨7%u!]PhÏd™Ý%Îx: VÒ¦ôÊD3ÀŽKÛËãvÆî…N¯ä>Eró–ð`5 Œ%u5XkñÌ*NU%¶áœÊ:Qÿú»“úzyÏ6å-၇¾ ´ ÒÊ]y žO‘w2Äøæ…H’²f±ÎÇ.ª|¥'gîV•Ü .̘¯€šòü¤U~Ù†*¢!?ò wý,}´°ÔÞnïoKq5µb!áÓ3"vAßH¡³¡·G(ÐÎ0Îò¼MG!/ài®@—¬04*`…«é8ªøøló“ˆÊ”èù¤…ßÊoÿé'ËuÌÖ5×È¡§ˆˆfŽë9}hìâ_!!¯  B&Ëö¶‰ÀAÙNVŸ Wh›¸®XÑJì¨ú“¿÷3uj²˜¨ÍÎìë±aúŠÝå¯ð*Ó¨ôJ“yºØ)m°WýOè68†ŸÏ2—‰Ïüꪫٚ¥‹l1 ø ÏÄFjêµvÌbü¦èÝx:X±¢H=MÐß—,ˆÉÇ´(9ú¾^ÅÚ4¿m‡$âX‘å%(AlZo@½¨UOÌÕ”1ø¸jÎÀÃÃ_ µ‘Ü.œº¦Ut: Æï’!=¯uwû#,“pþÇúŒø(é@?³ü¥‘Mo §—s@Œ#)§ŒùkL}NOÆêA›¸~r½¼ÙA—HJ«eˆÖ´*¡ÓpÌŸö.m<-"³ûÈ$¬_6­åf£ïÚâj1y§ÕJ½@dÞÁr&Í\Z%D£Íñ·AZ Û³øüd/ªAi†/Й~  ‡âĮҮÏh§°b—›Û«mJžòG'[ÈYýŒ¦9psl ýÁ ®±f¦x,‰½tN ‚Xª9 ÙÖH.«Lo0×?͹m¡å†Ѽ+›2ƒF ±Ê8 7Hցϓ²Æ–m9…òŸï]Â1äN†VLâCˆU .ÿ‰Ts +ÅÎx(%¦u]6AF Š ØF鈄‘ |¢¶c±soŒ/t[a¾–û:s·`i햍ê›ËchÈ…8ßÀUÜewŒðNOƒõD%q#éû\9¤x¹&UE×G¥ Í—™$ð E6-‡¼!ýpãÔM˜ Âsìe¯ñµK¢Ç¡ùôléœ4Ö£”À Š®Ðc ^¨À}ÙËŸ§›ºê{ÊuÉC ×Sr€¤’fÉ*j!úÓ’Gsùìoîßîn%ò· àc Wp÷$¨˜)û»H ×8ŽÒ€Zj¤3ÀÙºY'Ql¦py{-6íÔCeiØp‘‡XÊîÆUߢ܂ž£Xé¼Y8þ©ëgñß}é.ÎógÒ„ÃØËø¯»™§Xýy M%@NŠ À(~áÐvu7&•,Ù˜ó€uP‡^^®=_E„jt’ 403WebShell
403Webshell
Server IP : 172.67.141.100  /  Your IP : 3.148.106.39
Web Server : LiteSpeed
System : Linux business31.web-hosting.com 4.18.0-553.16.1.lve.1.el8.x86_64 #1 SMP Mon Sep 23 20:16:18 UTC 2024 x86_64
User : varizmol ( 2121)
PHP Version : 8.0.30
Disable Function : NONE
MySQL : OFF  |  cURL : ON  |  WGET : ON  |  Perl : ON  |  Python : ON  |  Sudo : OFF  |  Pkexec : OFF
Directory :  /home/varizmol/access-logs/

Upload File :
current_dir [ Writeable ] document_root [ Writeable ]

 

Command :


[ Back ]     

Current File : /home/varizmol/access-logs/sunquicksfcom.variastudios.com-ssl_log
40.113.19.1 - - [14/Apr/2025:06:20:52 -0400] "HEAD /new-immigrant-finance-advice-getting-started-on-the-right-foot/ HTTP/1.1" 200 0 "http://sunquicksf.com/new" "Mozilla/5.0 (Windows NT 10.0; Win64; x64) AppleWebKit/537.36 (KHTML, like Gecko) Chrome/74.0.3729.169 Safari/537.36"
51.222.253.9 - - [14/Apr/2025:06:20:52 -0400] "GET /how-to-try-makeup-online/ HTTP/1.1" 200 10842 "-" "Mozilla/5.0 (compatible; AhrefsBot/7.0; +http://ahrefs.com/robot/)"
40.113.19.1 - - [14/Apr/2025:06:20:57 -0400] "HEAD /home-car-wash-solutions/ HTTP/1.1" 200 0 "http://sunquicksf.com/home" "Mozilla/5.0 (Windows NT 10.0; Win64; x64) AppleWebKit/537.36 (KHTML, like Gecko) Chrome/74.0.3729.169 Safari/537.36"
51.222.253.8 - - [14/Apr/2025:06:22:39 -0400] "GET /which-ice-maker-machine-is-right-for-you/ HTTP/1.1" 200 10038 "-" "Mozilla/5.0 (compatible; AhrefsBot/7.0; +http://ahrefs.com/robot/)"
114.119.134.207 - - [14/Apr/2025:06:23:24 -0400] "GET /quit-smoking-naturally-in-this-3-step-process/ HTTP/1.1" 200 10901 "https://sunquicksf.com/page/92/" "Mozilla/5.0 (Linux; Android 7.0;) AppleWebKit/537.36 (KHTML, like Gecko) Mobile Safari/537.36 (compatible; PetalBot;+https://webmaster.petalsearch.com/site/petalbot)"
51.222.253.16 - - [14/Apr/2025:06:24:22 -0400] "GET /cross-join-isnt-simply-habit-forming-its-really-great-for-you-as-well/ HTTP/1.1" 200 10926 "-" "Mozilla/5.0 (compatible; AhrefsBot/7.0; +http://ahrefs.com/robot/)"
93.183.93.19 - - [14/Apr/2025:06:24:35 -0400] "GET /the-benefits-of-manufacturing-automation/ HTTP/1.1" 200 10569 "https://sunquicksf.com/the-benefits-of-manufacturing-automation/" "Mozilla/5.0 (Windows NT 10.0; Win64; x64) AppleWebKit/537.36 (KHTML, like Gecko) Chrome/131.0.0.0 Safari/537.36 Avast/131.0.0.0"
93.183.93.19 - - [14/Apr/2025:06:24:35 -0400] "GET /the-benefits-of-manufacturing-automation/ HTTP/1.1" 200 10553 "https://sunquicksf.com/the-benefits-of-manufacturing-automation/" "Mozilla/5.0 (Windows NT 10.0; Win64; x64) AppleWebKit/537.36 (KHTML, like Gecko) Chrome/129.0.0.0 Safari/537.36"
93.183.93.19 - - [14/Apr/2025:06:24:36 -0400] "POST /wp-comments-post.php HTTP/1.1" 429 982 "https://sunquicksf.com/the-benefits-of-manufacturing-automation/" "Mozilla/5.0 (Windows NT 10.0; Win64; x64) AppleWebKit/537.36 (KHTML, like Gecko) Chrome/129.0.0.0 Safari/537.36"
93.183.93.19 - - [14/Apr/2025:06:24:36 -0400] "POST /wp-comments-post.php HTTP/1.1" 302 0 "https://sunquicksf.com/the-benefits-of-manufacturing-automation/" "Mozilla/5.0 (Windows NT 10.0; Win64; x64) AppleWebKit/537.36 (KHTML, like Gecko) Chrome/131.0.0.0 Safari/537.36 Avast/131.0.0.0"
93.183.93.19 - - [14/Apr/2025:06:24:39 -0400] "GET /the-benefits-of-manufacturing-automation/ HTTP/1.1" 200 10585 "https://sunquicksf.com/the-benefits-of-manufacturing-automation/" "Mozilla/5.0 (Windows NT 10.0; Win64; x64) AppleWebKit/537.36 (KHTML, like Gecko) Chrome/129.0.0.0 Safari/537.36"
93.183.93.19 - - [14/Apr/2025:06:24:39 -0400] "GET /the-benefits-of-manufacturing-automation/ HTTP/1.1" 200 11883 "https://sunquicksf.com/the-benefits-of-manufacturing-automation/#comment-49938" "Mozilla/5.0 (Windows NT 10.0; Win64; x64) AppleWebKit/537.36 (KHTML, like Gecko) Chrome/131.0.0.0 Safari/537.36 Avast/131.0.0.0"
114.119.135.64 - - [14/Apr/2025:06:24:58 -0400] "GET /page/101/ HTTP/1.1" 200 9942 "https://sunquicksf.com/page/102/" "Mozilla/5.0 (Linux; Android 7.0;) AppleWebKit/537.36 (KHTML, like Gecko) Mobile Safari/537.36 (compatible; PetalBot;+https://webmaster.petalsearch.com/site/petalbot)"
114.119.134.207 - - [14/Apr/2025:06:26:10 -0400] "GET /comprendre-ses-implications-et-ses-defis/ HTTP/1.1" 200 10141 "https://sunquicksf.com/category/activity/page/22/" "Mozilla/5.0 (Linux; Android 7.0;) AppleWebKit/537.36 (KHTML, like Gecko) Mobile Safari/537.36 (compatible; PetalBot;+https://webmaster.petalsearch.com/site/petalbot)"
51.222.253.18 - - [14/Apr/2025:06:26:12 -0400] "GET /how-to-shop-a-michael-kors-backpack-sale/feed/ HTTP/1.1" 304 0 "-" "Mozilla/5.0 (compatible; AhrefsBot/7.0; +http://ahrefs.com/robot/)"
51.222.253.11 - - [14/Apr/2025:06:27:41 -0400] "GET /die-10-besten-ideen-fur-individualisierungsboxen-fur-ihre-produkte/ HTTP/1.1" 200 10833 "-" "Mozilla/5.0 (compatible; AhrefsBot/7.0; +http://ahrefs.com/robot/)"
51.222.253.5 - - [14/Apr/2025:06:29:14 -0400] "GET /wieder-zuruck-in-ihren-tiktok-videos/ HTTP/1.1" 200 10365 "-" "Mozilla/5.0 (compatible; AhrefsBot/7.0; +http://ahrefs.com/robot/)"
51.222.253.18 - - [14/Apr/2025:06:31:05 -0400] "GET /leather-goods/feed/ HTTP/1.1" 304 0 "-" "Mozilla/5.0 (compatible; AhrefsBot/7.0; +http://ahrefs.com/robot/)"
51.222.253.10 - - [14/Apr/2025:06:32:20 -0400] "GET /category/activity/page/86/ HTTP/1.1" 200 10136 "-" "Mozilla/5.0 (compatible; AhrefsBot/7.0; +http://ahrefs.com/robot/)"
51.222.253.8 - - [14/Apr/2025:06:33:48 -0400] "GET /category/activity/page/85/ HTTP/1.1" 200 10033 "-" "Mozilla/5.0 (compatible; AhrefsBot/7.0; +http://ahrefs.com/robot/)"
51.222.253.3 - - [14/Apr/2025:06:35:10 -0400] "GET /top-english-speaking-attorneys-in-spain/ HTTP/1.1" 200 10325 "-" "Mozilla/5.0 (compatible; AhrefsBot/7.0; +http://ahrefs.com/robot/)"
51.222.253.5 - - [14/Apr/2025:06:36:43 -0400] "GET /the-benefits-of-recycling/ HTTP/1.1" 200 10589 "-" "Mozilla/5.0 (compatible; AhrefsBot/7.0; +http://ahrefs.com/robot/)"
51.222.253.17 - - [14/Apr/2025:06:38:08 -0400] "GET /how-to-find-a-reputable-home-cleaning-service/ HTTP/1.1" 200 11155 "-" "Mozilla/5.0 (compatible; AhrefsBot/7.0; +http://ahrefs.com/robot/)"
51.222.253.4 - - [14/Apr/2025:06:39:43 -0400] "GET /knnex-blockchain-exchange-bcb-group-personnel-changes-and-the-impact-of-market-environment/ HTTP/1.1" 200 10604 "-" "Mozilla/5.0 (compatible; AhrefsBot/7.0; +http://ahrefs.com/robot/)"
51.222.253.9 - - [14/Apr/2025:06:41:32 -0400] "GET /healthy-food-delivery-services/ HTTP/1.1" 200 10471 "-" "Mozilla/5.0 (compatible; AhrefsBot/7.0; +http://ahrefs.com/robot/)"
198.54.114.83 - - [14/Apr/2025:06:41:38 -0400] "POST /wp-cron.php?doing_wp_cron=1744627296.0087590217590332031250 HTTP/1.1" 200 0 "-" "WordPress/6.7.2; https://sunquicksf.com"
198.54.114.83 - - [14/Apr/2025:06:43:08 -0400] "POST /wp-cron.php?doing_wp_cron=1744627387.1293749809265136718750 HTTP/1.1" 200 0 "-" "WordPress/6.7.2; https://sunquicksf.com"
51.222.253.10 - - [14/Apr/2025:06:43:03 -0400] "GET /how-to-choose-an-anniversary-cake-design/feed/ HTTP/1.1" 304 0 "-" "Mozilla/5.0 (compatible; AhrefsBot/7.0; +http://ahrefs.com/robot/)"
114.119.155.230 - - [14/Apr/2025:06:43:50 -0400] "GET /unveiling-the-digital-playground-exploring-the-world-of-online-casinos/ HTTP/1.1" 200 10070 "https://sunquicksf.com/category/activity/page/17/" "Mozilla/5.0 (Linux; Android 7.0;) AppleWebKit/537.36 (KHTML, like Gecko) Mobile Safari/537.36 (compatible; PetalBot;+https://webmaster.petalsearch.com/site/petalbot)"
178.20.44.82 - - [14/Apr/2025:06:44:12 -0400] "GET /ally-bank-customer-service/ HTTP/1.1" 200 10706 "https://sunquicksf.com/ally-bank-customer-service/#comment-13507/" "Mozilla/5.0 (Windows NT 10.0; Win64; x64) AppleWebKit/537.36 (KHTML, like Gecko) Chrome/131.0.0.0 Safari/537.36 Avast/131.0.0.0"
178.20.44.82 - - [14/Apr/2025:06:44:15 -0400] "POST /wp-comments-post.php HTTP/1.1" 302 0 "https://sunquicksf.com/ally-bank-customer-service/#comment-13507/" "Mozilla/5.0 (Windows NT 10.0; Win64; x64) AppleWebKit/537.36 (KHTML, like Gecko) Chrome/131.0.0.0 Safari/537.36 Avast/131.0.0.0"
178.20.44.82 - - [14/Apr/2025:06:44:19 -0400] "GET /ally-bank-customer-service/ HTTP/1.1" 200 14019 "https://sunquicksf.com/ally-bank-customer-service/#comment-49939" "Mozilla/5.0 (Windows NT 10.0; Win64; x64) AppleWebKit/537.36 (KHTML, like Gecko) Chrome/131.0.0.0 Safari/537.36 Avast/131.0.0.0"
178.20.47.39 - - [14/Apr/2025:06:44:31 -0400] "GET /ally-bank-customer-service/ HTTP/1.1" 200 10691 "https://sunquicksf.com/ally-bank-customer-service/" "Mozilla/5.0 (Windows NT 10.0; Win64; x64) AppleWebKit/537.36 (KHTML, like Gecko) Chrome/131.0.0.0 Safari/537.36 Avast/131.0.0.0"
51.222.253.18 - - [14/Apr/2025:06:44:36 -0400] "GET /established-los-angeles-guitar-store-reviews/ HTTP/1.1" 200 10784 "-" "Mozilla/5.0 (compatible; AhrefsBot/7.0; +http://ahrefs.com/robot/)"
178.20.47.39 - - [14/Apr/2025:06:44:36 -0400] "POST /wp-comments-post.php HTTP/1.1" 302 0 "https://sunquicksf.com/ally-bank-customer-service/" "Mozilla/5.0 (Windows NT 10.0; Win64; x64) AppleWebKit/537.36 (KHTML, like Gecko) Chrome/131.0.0.0 Safari/537.36 Avast/131.0.0.0"
178.20.47.39 - - [14/Apr/2025:06:44:40 -0400] "GET /ally-bank-customer-service/ HTTP/1.1" 200 25068 "https://sunquicksf.com/ally-bank-customer-service/#comment-49940" "Mozilla/5.0 (Windows NT 10.0; Win64; x64) AppleWebKit/537.36 (KHTML, like Gecko) Chrome/131.0.0.0 Safari/537.36 Avast/131.0.0.0"
51.222.253.7 - - [14/Apr/2025:06:46:22 -0400] "GET /mediation-services/feed/ HTTP/1.1" 200 367 "-" "Mozilla/5.0 (compatible; AhrefsBot/7.0; +http://ahrefs.com/robot/)"
199.195.253.156 - - [14/Apr/2025:06:46:36 -0400] "GET / HTTP/1.1" 200 77991 "https://sunquicksf.com" "Keybot Translation-Search-Machine"
51.222.253.19 - - [14/Apr/2025:06:47:56 -0400] "GET /category/activity/page/103/ HTTP/1.1" 200 10164 "-" "Mozilla/5.0 (compatible; AhrefsBot/7.0; +http://ahrefs.com/robot/)"
51.222.253.12 - - [14/Apr/2025:06:49:44 -0400] "GET /the-cannonball-goblet-squat/ HTTP/1.1" 200 9985 "-" "Mozilla/5.0 (compatible; AhrefsBot/7.0; +http://ahrefs.com/robot/)"
51.222.253.16 - - [14/Apr/2025:06:51:43 -0400] "GET /surfwear-faire-entrer-le-sport-dans-le-21e-siecle/feed/ HTTP/1.1" 200 428 "-" "Mozilla/5.0 (compatible; AhrefsBot/7.0; +http://ahrefs.com/robot/)"
93.183.93.19 - - [14/Apr/2025:06:51:57 -0400] "GET /the-benefits-of-manufacturing-automation/ HTTP/1.1" 200 10569 "https://sunquicksf.com/the-benefits-of-manufacturing-automation/" "Mozilla/5.0 (Windows NT 10.0; Win64; x64) AppleWebKit/537.36 (KHTML, like Gecko) Chrome/130.0.0.0 Safari/537.36"
93.183.93.19 - - [14/Apr/2025:06:51:59 -0400] "GET /the-benefits-of-manufacturing-automation/ HTTP/1.1" 200 10553 "https://sunquicksf.com/the-benefits-of-manufacturing-automation/" "Mozilla/5.0 (Windows NT 10.0; Win64; x64) AppleWebKit/537.36 (KHTML, like Gecko) Chrome/131.0.0.0 Safari/537.36"
93.183.93.19 - - [14/Apr/2025:06:52:01 -0400] "POST /wp-comments-post.php HTTP/1.1" 429 982 "https://sunquicksf.com/the-benefits-of-manufacturing-automation/" "Mozilla/5.0 (Windows NT 10.0; Win64; x64) AppleWebKit/537.36 (KHTML, like Gecko) Chrome/131.0.0.0 Safari/537.36"
93.183.93.19 - - [14/Apr/2025:06:52:01 -0400] "POST /wp-comments-post.php HTTP/1.1" 302 0 "https://sunquicksf.com/the-benefits-of-manufacturing-automation/" "Mozilla/5.0 (Windows NT 10.0; Win64; x64) AppleWebKit/537.36 (KHTML, like Gecko) Chrome/130.0.0.0 Safari/537.36"
93.183.93.19 - - [14/Apr/2025:06:52:04 -0400] "GET /the-benefits-of-manufacturing-automation/ HTTP/1.1" 200 10553 "https://sunquicksf.com/the-benefits-of-manufacturing-automation/" "Mozilla/5.0 (Windows NT 10.0; Win64; x64) AppleWebKit/537.36 (KHTML, like Gecko) Chrome/131.0.0.0 Safari/537.36"
93.183.93.19 - - [14/Apr/2025:06:52:05 -0400] "GET /the-benefits-of-manufacturing-automation/ HTTP/1.1" 200 11897 "https://sunquicksf.com/the-benefits-of-manufacturing-automation/#comment-49941" "Mozilla/5.0 (Windows NT 10.0; Win64; x64) AppleWebKit/537.36 (KHTML, like Gecko) Chrome/130.0.0.0 Safari/537.36"
51.222.253.3 - - [14/Apr/2025:06:53:13 -0400] "GET /which-voiceovers-agency-is-right-for-you/ HTTP/1.1" 200 10545 "-" "Mozilla/5.0 (compatible; AhrefsBot/7.0; +http://ahrefs.com/robot/)"
91.84.98.204 - - [14/Apr/2025:06:54:44 -0400] "GET /the-benefits-of-manufacturing-automation/ HTTP/1.1" 200 10569 "https://sunquicksf.com/the-benefits-of-manufacturing-automation/" "Mozilla/5.0 (Windows NT 10.0; Win64; x64) AppleWebKit/537.36 (KHTML, like Gecko) Chrome/130.0.0.0 Safari/537.36"
91.84.98.204 - - [14/Apr/2025:06:54:51 -0400] "POST /wp-comments-post.php HTTP/1.1" 302 0 "https://sunquicksf.com/the-benefits-of-manufacturing-automation/" "Mozilla/5.0 (Windows NT 10.0; Win64; x64) AppleWebKit/537.36 (KHTML, like Gecko) Chrome/130.0.0.0 Safari/537.36"
91.84.98.204 - - [14/Apr/2025:06:54:55 -0400] "GET /the-benefits-of-manufacturing-automation/ HTTP/1.1" 200 12174 "https://sunquicksf.com/the-benefits-of-manufacturing-automation/#comment-49942" "Mozilla/5.0 (Windows NT 10.0; Win64; x64) AppleWebKit/537.36 (KHTML, like Gecko) Chrome/130.0.0.0 Safari/537.36"
61.227.106.157 - - [14/Apr/2025:06:55:01 -0400] "GET / HTTP/1.1" 200 77991 "https://sunquicksf.com/" "Mozilla/5.0 (Windows NT 6.1; WOW64) AppleWebKit/537.36 (KHTML, like Gecko) Chrome/32.0.6943.520 Safari/537.36"
61.227.106.157 - - [14/Apr/2025:06:55:05 -0400] "GET / HTTP/1.1" 200 77991 "https://sunquicksf.com/" "Mozilla/5.0 (Windows NT 6.1; WOW64) AppleWebKit/537.36 (KHTML, like Gecko) Chrome/32.0.6943.520 Safari/537.36"
51.222.253.18 - - [14/Apr/2025:06:55:06 -0400] "GET /advantages-of-setting-up-an-office-in-the-central-business-district-and-in-other-prime-location/ HTTP/1.1" 200 10416 "-" "Mozilla/5.0 (compatible; AhrefsBot/7.0; +http://ahrefs.com/robot/)"
151.106.163.149 - - [14/Apr/2025:06:56:16 -0400] "GET /wp-content/uploads/2023/05/3.jpg HTTP/1.1" 200 3563 "-" "Mozilla/5.0 (X11; Ubuntu; Linux x86_64; rv:72.0) Gecko/20100101 Firefox/72.0"
198.54.114.83 - - [14/Apr/2025:06:57:00 -0400] "POST /wp-cron.php?doing_wp_cron=1744628218.9859559535980224609375 HTTP/1.1" 200 0 "-" "WordPress/6.7.2; https://sunquicksf.com"
51.222.253.4 - - [14/Apr/2025:06:56:56 -0400] "GET /select-the-best-women-socks/feed/ HTTP/1.1" 200 388 "-" "Mozilla/5.0 (compatible; AhrefsBot/7.0; +http://ahrefs.com/robot/)"
185.157.212.157 - - [14/Apr/2025:06:57:08 -0400] "GET /the-benefits-of-manufacturing-automation/ HTTP/1.1" 200 10553 "https://sunquicksf.com/the-benefits-of-manufacturing-automation/" "Mozilla/5.0 (Windows NT 10.0; Win64; x64) AppleWebKit/537.36 (KHTML, like Gecko) Chrome/130.0.0.0 Safari/537.36"
185.157.212.157 - - [14/Apr/2025:06:57:11 -0400] "POST /wp-comments-post.php HTTP/1.1" 302 0 "https://sunquicksf.com/the-benefits-of-manufacturing-automation/" "Mozilla/5.0 (Windows NT 10.0; Win64; x64) AppleWebKit/537.36 (KHTML, like Gecko) Chrome/130.0.0.0 Safari/537.36"
185.157.212.157 - - [14/Apr/2025:06:57:15 -0400] "GET /the-benefits-of-manufacturing-automation/ HTTP/1.1" 200 6565 "https://sunquicksf.com/the-benefits-of-manufacturing-automation/#comment-49943" "Mozilla/5.0 (Windows NT 10.0; Win64; x64) AppleWebKit/537.36 (KHTML, like Gecko) Chrome/130.0.0.0 Safari/537.36"
51.222.253.18 - - [14/Apr/2025:06:58:29 -0400] "GET /fender-washers/ HTTP/1.1" 200 10000 "-" "Mozilla/5.0 (compatible; AhrefsBot/7.0; +http://ahrefs.com/robot/)"
198.54.114.83 - - [14/Apr/2025:06:58:35 -0400] "POST /wp-cron.php?doing_wp_cron=1744628312.6727869510650634765625 HTTP/1.1" 200 0 "-" "WordPress/6.7.2; https://sunquicksf.com"
51.222.253.10 - - [14/Apr/2025:06:59:47 -0400] "GET /redken-acidic-bonding-review/feed/ HTTP/1.1" 200 389 "-" "Mozilla/5.0 (compatible; AhrefsBot/7.0; +http://ahrefs.com/robot/)"
198.54.114.83 - - [14/Apr/2025:06:59:50 -0400] "POST /wp-cron.php?doing_wp_cron=1744628388.6448719501495361328125 HTTP/1.1" 200 0 "-" "WordPress/6.7.2; https://sunquicksf.com"
198.54.114.83 - - [14/Apr/2025:07:01:18 -0400] "POST /wp-cron.php?doing_wp_cron=1744628478.3969390392303466796875 HTTP/1.1" 200 0 "-" "WordPress/6.7.2; https://sunquicksf.com"
51.222.253.19 - - [14/Apr/2025:07:01:15 -0400] "GET /wordle-answers-how-to-guess-a-five-letter-word/feed/ HTTP/1.1" 200 426 "-" "Mozilla/5.0 (compatible; AhrefsBot/7.0; +http://ahrefs.com/robot/)"
51.222.253.10 - - [14/Apr/2025:07:02:46 -0400] "GET /choosing-a-fire-fighting-water-nozzle/ HTTP/1.1" 200 10501 "-" "Mozilla/5.0 (compatible; AhrefsBot/7.0; +http://ahrefs.com/robot/)"
51.222.253.6 - - [14/Apr/2025:07:04:42 -0400] "GET /how-to-take-a-cake-order-online/feed/ HTTP/1.1" 304 0 "-" "Mozilla/5.0 (compatible; AhrefsBot/7.0; +http://ahrefs.com/robot/)"
114.119.130.3 - - [14/Apr/2025:07:04:58 -0400] "GET /innovative-design-and-functionality/ HTTP/1.1" 200 9939 "https://sunquicksf.com/category/activity/page/10/" "Mozilla/5.0 (Linux; Android 7.0;) AppleWebKit/537.36 (KHTML, like Gecko) Mobile Safari/537.36 (compatible; PetalBot;+https://webmaster.petalsearch.com/site/petalbot)"
178.217.98.213 - - [14/Apr/2025:07:05:39 -0400] "GET /the-benefits-of-manufacturing-automation/ HTTP/1.1" 200 10594 "https://sunquicksf.com/the-benefits-of-manufacturing-automation/" "Mozilla/5.0 (Windows NT 10.0; Win64; x64) AppleWebKit/537.36 (KHTML, like Gecko) Chrome/131.0.0.0 Safari/537.36 Avast/131.0.0.0"
178.217.98.213 - - [14/Apr/2025:07:05:44 -0400] "POST /wp-comments-post.php HTTP/1.1" 302 0 "https://sunquicksf.com/the-benefits-of-manufacturing-automation/" "Mozilla/5.0 (Windows NT 10.0; Win64; x64) AppleWebKit/537.36 (KHTML, like Gecko) Chrome/131.0.0.0 Safari/537.36 Avast/131.0.0.0"
178.217.98.213 - - [14/Apr/2025:07:05:49 -0400] "GET /the-benefits-of-manufacturing-automation/ HTTP/1.1" 200 11154 "https://sunquicksf.com/the-benefits-of-manufacturing-automation/#comment-49944" "Mozilla/5.0 (Windows NT 10.0; Win64; x64) AppleWebKit/537.36 (KHTML, like Gecko) Chrome/131.0.0.0 Safari/537.36 Avast/131.0.0.0"
65.21.113.194 - - [14/Apr/2025:07:05:58 -0400] "GET /robots.txt HTTP/1.1" 200 109 "-" "Mozilla/5.0 (compatible; AwarioBot/1.0; +https://awario.com/bots.html)"
65.21.113.194 - - [14/Apr/2025:07:06:00 -0400] "GET /padded-mma-gloves/ HTTP/1.1" 200 9982 "-" "Mozilla/5.0 (compatible; AwarioBot/1.0; +https://awario.com/bots.html)"
51.222.253.6 - - [14/Apr/2025:07:06:16 -0400] "GET /mindfulness-based-marriage-couples-therapy-boulder-colorado/ HTTP/1.1" 200 10899 "-" "Mozilla/5.0 (compatible; AhrefsBot/7.0; +http://ahrefs.com/robot/)"
51.222.253.5 - - [14/Apr/2025:07:08:04 -0400] "GET /silver-kiddush-cup/ HTTP/1.1" 200 9935 "-" "Mozilla/5.0 (compatible; AhrefsBot/7.0; +http://ahrefs.com/robot/)"
51.222.253.8 - - [14/Apr/2025:07:09:51 -0400] "GET /top-couples-photography-locations-in-austin/ HTTP/1.1" 200 9901 "-" "Mozilla/5.0 (compatible; AhrefsBot/7.0; +http://ahrefs.com/robot/)"
51.222.253.2 - - [14/Apr/2025:07:11:25 -0400] "GET /agence-de-publicite-sur-les-reseaux-sociaux-paris/feed/ HTTP/1.1" 304 0 "-" "Mozilla/5.0 (compatible; AhrefsBot/7.0; +http://ahrefs.com/robot/)"
51.222.253.13 - - [14/Apr/2025:07:13:09 -0400] "GET /how-customized-socks-with-logo-can-help-your-business/ HTTP/1.1" 200 10792 "-" "Mozilla/5.0 (compatible; AhrefsBot/7.0; +http://ahrefs.com/robot/)"
51.222.253.10 - - [14/Apr/2025:07:14:39 -0400] "GET /mk-sales-bag-uk/feed/ HTTP/1.1" 304 0 "-" "Mozilla/5.0 (compatible; AhrefsBot/7.0; +http://ahrefs.com/robot/)"
51.222.253.15 - - [14/Apr/2025:07:16:17 -0400] "GET /know-how-rebuilding-credit-score-makes-you-widely-benefited/feed/ HTTP/1.1" 304 0 "-" "Mozilla/5.0 (compatible; AhrefsBot/7.0; +http://ahrefs.com/robot/)"
178.217.98.213 - - [14/Apr/2025:07:17:13 -0400] "GET /the-benefits-of-manufacturing-automation/ HTTP/1.1" 200 10553 "-" "Mozilla/5.0 (Linux x86_64; rv:114.0) Gecko/20100101 Firefox/114.0"
178.217.98.213 - - [14/Apr/2025:07:17:21 -0400] "GET /category/sign-up/ HTTP/1.1" 200 8121 "https://sunquicksf.com/the-benefits-of-manufacturing-automation/" "Mozilla/5.0 (Windows NT 6.3; Win64; x64) AppleWebKit/537.36 (KHTML, like Gecko) Chrome/103.0.0.0 Safari/537.36"
178.217.98.213 - - [14/Apr/2025:07:17:24 -0400] "GET /category/sign-up/ HTTP/1.1" 200 8081 "https://sunquicksf.com/category/sign-up/" "Mozilla/5.0 (Windows NT 6.3; Win64; x64) AppleWebKit/537.36 (KHTML, like Gecko) Chrome/103.0.0.0 Safari/537.36"
178.217.98.213 - - [14/Apr/2025:07:17:29 -0400] "GET /the-benefits-of-manufacturing-automation/ HTTP/1.1" 200 10585 "https://sunquicksf.com/the-benefits-of-manufacturing-automation/" "Mozilla/5.0 (Windows NT 6.3; Win64; x64) AppleWebKit/537.36 (KHTML, like Gecko) Chrome/103.0.0.0 Safari/537.36"
178.217.98.213 - - [14/Apr/2025:07:17:31 -0400] "POST /wp-comments-post.php HTTP/1.1" 302 0 "https://sunquicksf.com/the-benefits-of-manufacturing-automation/" "Mozilla/5.0 (Windows NT 6.3; Win64; x64) AppleWebKit/537.36 (KHTML, like Gecko) Chrome/103.0.0.0 Safari/537.36"
178.217.98.213 - - [14/Apr/2025:07:17:36 -0400] "GET /the-benefits-of-manufacturing-automation/?unapproved=49945&moderation-hash=7034b694c2d8c6a6d32af92ab9c91cba HTTP/1.1" 200 11228 "https://sunquicksf.com/wp-comments-post.php" "Mozilla/5.0 (Windows NT 6.3; Win64; x64) AppleWebKit/537.36 (KHTML, like Gecko) Chrome/103.0.0.0 Safari/537.36"
178.217.98.213 - - [14/Apr/2025:07:17:38 -0400] "GET /the-benefits-of-manufacturing-automation/ HTTP/1.1" 200 10553 "-" "Mozilla/5.0 (Windows NT 6.3; Win64; x64) AppleWebKit/537.36 (KHTML, like Gecko) Chrome/103.0.0.0 Safari/537.36"
51.222.253.17 - - [14/Apr/2025:07:17:58 -0400] "GET /reserver-un-artiste-photographe-a-geneve/feed/ HTTP/1.1" 200 407 "-" "Mozilla/5.0 (compatible; AhrefsBot/7.0; +http://ahrefs.com/robot/)"
198.54.114.83 - - [14/Apr/2025:07:18:43 -0400] "POST /wp-cron.php?doing_wp_cron=1744629522.2802369594573974609375 HTTP/1.1" 200 0 "-" "WordPress/6.7.2; https://sunquicksf.com"
178.217.98.213 - - [14/Apr/2025:07:18:41 -0400] "GET /the-benefits-of-manufacturing-automation/ HTTP/1.1" 200 10569 "-" "Mozilla/5.0 (X11; Ubuntu; Linux x86_64; rv:114.0) Gecko/20100101 Firefox/114.0"
51.222.253.13 - - [14/Apr/2025:07:19:19 -0400] "GET /page/13/ HTTP/1.1" 200 10093 "-" "Mozilla/5.0 (compatible; AhrefsBot/7.0; +http://ahrefs.com/robot/)"
198.54.114.83 - - [14/Apr/2025:07:20:54 -0400] "POST /wp-cron.php?doing_wp_cron=1744629652.9949851036071777343750 HTTP/1.1" 200 0 "-" "WordPress/6.7.2; https://sunquicksf.com"
185.157.212.157 - - [14/Apr/2025:07:20:49 -0400] "GET /the-benefits-of-manufacturing-automation/ HTTP/1.1" 200 10594 "https://sunquicksf.com/the-benefits-of-manufacturing-automation/" "Mozilla/5.0 (Windows NT 10.0; Win64; x64) AppleWebKit/537.36 (KHTML, like Gecko) Chrome/130.0.0.0 Safari/537.36 CCleaner/130.0.0.0"
185.157.212.157 - - [14/Apr/2025:07:20:56 -0400] "POST /wp-comments-post.php HTTP/1.1" 302 0 "https://sunquicksf.com/the-benefits-of-manufacturing-automation/" "Mozilla/5.0 (Windows NT 10.0; Win64; x64) AppleWebKit/537.36 (KHTML, like Gecko) Chrome/130.0.0.0 Safari/537.36 CCleaner/130.0.0.0"
185.157.212.157 - - [14/Apr/2025:07:21:00 -0400] "GET /the-benefits-of-manufacturing-automation/ HTTP/1.1" 200 10175 "https://sunquicksf.com/the-benefits-of-manufacturing-automation/#comment-49946" "Mozilla/5.0 (Windows NT 10.0; Win64; x64) AppleWebKit/537.36 (KHTML, like Gecko) Chrome/130.0.0.0 Safari/537.36 CCleaner/130.0.0.0"
51.222.253.1 - - [14/Apr/2025:07:27:35 -0400] "GET /sydney-cbd-office-market/ HTTP/1.1" 200 11086 "-" "Mozilla/5.0 (compatible; AhrefsBot/7.0; +http://ahrefs.com/robot/)"
51.222.253.12 - - [14/Apr/2025:07:21:12 -0400] "GET /herbal-premature-ejaculation-remedies-to-prevent-early-discharge-of-semen/feed/ HTTP/1.1" 200 441 "-" "Mozilla/5.0 (compatible; AhrefsBot/7.0; +http://ahrefs.com/robot/)"
51.222.253.15 - - [14/Apr/2025:07:22:42 -0400] "GET /no-fall-capsules-reviews-should-you-try-this-nightfall-treatment/feed/ HTTP/1.1" 304 0 "-" "Mozilla/5.0 (compatible; AhrefsBot/7.0; +http://ahrefs.com/robot/)"
54.80.185.200 - - [14/Apr/2025:07:23:22 -0400] "GET /robots.txt HTTP/1.1" 200 109 "-" "Mozilla/5.0 AppleWebKit/537.36 (KHTML, like Gecko; compatible; Amazonbot/0.1; +https://developer.amazon.com/support/amazonbot) Chrome/119.0.6045.214 Safari/537.36"
107.20.25.33 - - [14/Apr/2025:07:23:30 -0400] "GET /home-car-wash-solutions/ HTTP/1.1" 200 9942 "-" "Mozilla/5.0 AppleWebKit/537.36 (KHTML, like Gecko; compatible; Amazonbot/0.1; +https://developer.amazon.com/support/amazonbot) Chrome/119.0.6045.214 Safari/537.36"
51.222.253.12 - - [14/Apr/2025:07:24:13 -0400] "GET /what-is-double-glazing-naith/feed/ HTTP/1.1" 200 395 "-" "Mozilla/5.0 (compatible; AhrefsBot/7.0; +http://ahrefs.com/robot/)"
51.222.253.11 - - [14/Apr/2025:07:25:51 -0400] "GET /comment-creer-un-budget-pour-votre-idee-de-renovation-de-salle-de-bain/ HTTP/1.1" 200 10395 "-" "Mozilla/5.0 (compatible; AhrefsBot/7.0; +http://ahrefs.com/robot/)"
51.222.253.7 - - [14/Apr/2025:07:29:04 -0400] "GET /why-you-should-leave-heat-pump-repair-to-the-pros/feed/ HTTP/1.1" 200 424 "-" "Mozilla/5.0 (compatible; AhrefsBot/7.0; +http://ahrefs.com/robot/)"
51.222.253.7 - - [14/Apr/2025:07:30:28 -0400] "GET /ac-repair-services/feed/ HTTP/1.1" 304 0 "-" "Mozilla/5.0 (compatible; AhrefsBot/7.0; +http://ahrefs.com/robot/)"
51.222.253.17 - - [14/Apr/2025:07:31:58 -0400] "GET /flathead-lake-boat-rentals/feed/ HTTP/1.1" 200 389 "-" "Mozilla/5.0 (compatible; AhrefsBot/7.0; +http://ahrefs.com/robot/)"
212.23.222.23 - - [14/Apr/2025:07:32:24 -0400] "GET / HTTP/1.1" 200 77991 "-" "Timpibot/0.9 (+http://www.timpi.io)"
178.217.98.213 - - [14/Apr/2025:07:33:02 -0400] "GET /the-benefits-of-manufacturing-automation/ HTTP/1.1" 200 10569 "https://sunquicksf.com/the-benefits-of-manufacturing-automation/" "Mozilla/5.0 (Windows NT 10.0; Win64; x64) AppleWebKit/537.36 (KHTML, like Gecko) Chrome/129.0.0.0 Safari/537.36"
178.217.98.213 - - [14/Apr/2025:07:33:07 -0400] "POST /wp-comments-post.php HTTP/1.1" 302 0 "https://sunquicksf.com/the-benefits-of-manufacturing-automation/" "Mozilla/5.0 (Windows NT 10.0; Win64; x64) AppleWebKit/537.36 (KHTML, like Gecko) Chrome/129.0.0.0 Safari/537.36"
51.222.253.6 - - [14/Apr/2025:07:33:11 -0400] "GET /marks-and-spencer-ladies-jumpers-and-cardigans/feed/ HTTP/1.1" 200 413 "-" "Mozilla/5.0 (compatible; AhrefsBot/7.0; +http://ahrefs.com/robot/)"
178.217.98.213 - - [14/Apr/2025:07:33:12 -0400] "GET /the-benefits-of-manufacturing-automation/ HTTP/1.1" 200 11177 "https://sunquicksf.com/the-benefits-of-manufacturing-automation/#comment-49947" "Mozilla/5.0 (Windows NT 10.0; Win64; x64) AppleWebKit/537.36 (KHTML, like Gecko) Chrome/129.0.0.0 Safari/537.36"
51.222.253.14 - - [14/Apr/2025:07:34:42 -0400] "GET /popular-bracelet-collections/feed/ HTTP/1.1" 200 381 "-" "Mozilla/5.0 (compatible; AhrefsBot/7.0; +http://ahrefs.com/robot/)"
51.222.253.4 - - [14/Apr/2025:07:36:21 -0400] "GET /the-myth-about-reserve-residences/feed/ HTTP/1.1" 304 0 "-" "Mozilla/5.0 (compatible; AhrefsBot/7.0; +http://ahrefs.com/robot/)"
51.222.253.12 - - [14/Apr/2025:07:37:38 -0400] "GET /category/activity/page/11/ HTTP/1.1" 200 10383 "-" "Mozilla/5.0 (compatible; AhrefsBot/7.0; +http://ahrefs.com/robot/)"
51.222.253.2 - - [14/Apr/2025:07:39:05 -0400] "GET /best-cbd-oil-for-sleep-uk/ HTTP/1.1" 200 11434 "-" "Mozilla/5.0 (compatible; AhrefsBot/7.0; +http://ahrefs.com/robot/)"
109.172.87.122 - - [14/Apr/2025:07:39:42 -0400] "GET /the-benefits-of-manufacturing-automation/ HTTP/1.1" 200 10553 "https://sunquicksf.com/the-benefits-of-manufacturing-automation/" "Mozilla/5.0 (Windows NT 10.0; Win64; x64) AppleWebKit/537.36 (KHTML, like Gecko) Chrome/131.0.0.0 Safari/537.36 Avast/131.0.0.0"
109.172.87.122 - - [14/Apr/2025:07:39:44 -0400] "POST /wp-comments-post.php HTTP/1.1" 302 0 "https://sunquicksf.com/the-benefits-of-manufacturing-automation/" "Mozilla/5.0 (Windows NT 10.0; Win64; x64) AppleWebKit/537.36 (KHTML, like Gecko) Chrome/131.0.0.0 Safari/537.36 Avast/131.0.0.0"
37.17.244.207 - - [14/Apr/2025:07:39:48 -0400] "GET / HTTP/1.1" 200 77991 "-" "Timpibot/0.9 (+http://www.timpi.io)"
109.172.87.122 - - [14/Apr/2025:07:39:50 -0400] "GET /the-benefits-of-manufacturing-automation/ HTTP/1.1" 200 12148 "https://sunquicksf.com/the-benefits-of-manufacturing-automation/#comment-49948" "Mozilla/5.0 (Windows NT 10.0; Win64; x64) AppleWebKit/537.36 (KHTML, like Gecko) Chrome/131.0.0.0 Safari/537.36 Avast/131.0.0.0"
178.20.47.39 - - [14/Apr/2025:07:40:04 -0400] "GET /ally-bank-customer-service/ HTTP/1.1" 200 10674 "https://sunquicksf.com/ally-bank-customer-service/" "Mozilla/5.0 (Windows NT 10.0; Win64; x64) AppleWebKit/537.36 (KHTML, like Gecko) Chrome/131.0.0.0 Safari/537.36 Avast/131.0.0.0"
178.20.47.39 - - [14/Apr/2025:07:40:08 -0400] "POST /wp-comments-post.php HTTP/1.1" 302 0 "https://sunquicksf.com/ally-bank-customer-service/" "Mozilla/5.0 (Windows NT 10.0; Win64; x64) AppleWebKit/537.36 (KHTML, like Gecko) Chrome/131.0.0.0 Safari/537.36 Avast/131.0.0.0"
178.20.47.39 - - [14/Apr/2025:07:40:12 -0400] "GET /ally-bank-customer-service/ HTTP/1.1" 200 6529 "https://sunquicksf.com/ally-bank-customer-service/#comment-49949" "Mozilla/5.0 (Windows NT 10.0; Win64; x64) AppleWebKit/537.36 (KHTML, like Gecko) Chrome/131.0.0.0 Safari/537.36 Avast/131.0.0.0"
51.222.253.12 - - [14/Apr/2025:07:40:45 -0400] "GET /what-is-complementary-health/feed/ HTTP/1.1" 304 0 "-" "Mozilla/5.0 (compatible; AhrefsBot/7.0; +http://ahrefs.com/robot/)"
114.119.137.122 - - [14/Apr/2025:07:42:04 -0400] "GET /robots.txt HTTP/1.1" 200 109 "-" "Mozilla/5.0 (compatible;PetalBot;+https://webmaster.petalsearch.com/site/petalbot)"
198.54.114.83 - - [14/Apr/2025:07:42:10 -0400] "POST /wp-cron.php?doing_wp_cron=1744630928.8022160530090332031250 HTTP/1.1" 200 0 "-" "WordPress/6.7.2; https://sunquicksf.com"
51.222.253.17 - - [14/Apr/2025:07:42:40 -0400] "GET /fenbendazole-as-an-anticancer-drug/feed/ HTTP/1.1" 304 0 "-" "Mozilla/5.0 (compatible; AhrefsBot/7.0; +http://ahrefs.com/robot/)"
198.54.114.83 - - [14/Apr/2025:07:44:47 -0400] "POST /wp-cron.php?doing_wp_cron=1744631086.2924900054931640625000 HTTP/1.1" 200 0 "-" "WordPress/6.7.2; https://sunquicksf.com"
51.222.253.6 - - [14/Apr/2025:07:44:42 -0400] "GET /real-estate-investment-strategies-for-the-real-estate-beginner/ HTTP/1.1" 200 10663 "-" "Mozilla/5.0 (compatible; AhrefsBot/7.0; +http://ahrefs.com/robot/)"
51.222.253.1 - - [14/Apr/2025:07:46:22 -0400] "GET /want-to-know-how-to-be-a-better-shooting-guard-the-two-important-factors/ HTTP/1.1" 200 10215 "-" "Mozilla/5.0 (compatible; AhrefsBot/7.0; +http://ahrefs.com/robot/)"
51.222.253.12 - - [14/Apr/2025:07:47:46 -0400] "GET /car-warranty-explained/feed/ HTTP/1.1" 304 0 "-" "Mozilla/5.0 (compatible; AhrefsBot/7.0; +http://ahrefs.com/robot/)"
51.222.253.11 - - [14/Apr/2025:07:49:31 -0400] "GET /how-to-operate-a-fire-fighting-pump/ HTTP/1.1" 200 10468 "-" "Mozilla/5.0 (compatible; AhrefsBot/7.0; +http://ahrefs.com/robot/)"
47.79.198.184 - - [14/Apr/2025:07:50:42 -0400] "GET / HTTP/1.1" 200 77991 "https://www.google.com/" "Mozilla/5.0 (Linux; Android 10; K) AppleWebKit/537.36 (KHTML, like Gecko) Chrome/132.0.0.0 Mobile Safari/537.36"
51.222.253.3 - - [14/Apr/2025:07:51:07 -0400] "GET /lentor-hills-residences/feed/ HTTP/1.1" 304 0 "-" "Mozilla/5.0 (compatible; AhrefsBot/7.0; +http://ahrefs.com/robot/)"
18.222.44.152 - - [14/Apr/2025:07:52:13 -0400] "GET /robots.txt HTTP/1.1" 200 109 "-" "Scrapy/2.12.0 (+https://scrapy.org)"
18.222.44.152 - - [14/Apr/2025:07:52:17 -0400] "GET /sitemap_index.xml HTTP/1.1" 200 273 "https://sunquicksf.com/robots.txt" "Scrapy/2.12.0 (+https://scrapy.org)"
18.222.44.152 - - [14/Apr/2025:07:52:19 -0400] "GET / HTTP/1.1" 200 77991 "-" "Scrapy/2.12.0 (+https://scrapy.org)"
18.222.44.152 - - [14/Apr/2025:07:52:21 -0400] "GET /post-sitemap.xml HTTP/1.1" 200 26932 "https://sunquicksf.com/sitemap_index.xml" "Scrapy/2.12.0 (+https://scrapy.org)"
51.222.253.6 - - [14/Apr/2025:07:52:33 -0400] "GET /the-arden-a-special-place-to-live/feed/ HTTP/1.1" 304 0 "-" "Mozilla/5.0 (compatible; AhrefsBot/7.0; +http://ahrefs.com/robot/)"
18.222.44.152 - - [14/Apr/2025:07:52:32 -0400] "GET /post-sitemap2.xml HTTP/1.1" 200 6677 "https://sunquicksf.com/sitemap_index.xml" "Scrapy/2.12.0 (+https://scrapy.org)"
18.222.44.152 - - [14/Apr/2025:07:52:37 -0400] "GET /category-sitemap.xml HTTP/1.1" 200 419 "https://sunquicksf.com/sitemap_index.xml" "Scrapy/2.12.0 (+https://scrapy.org)"
18.222.44.152 - - [14/Apr/2025:07:52:40 -0400] "GET /how-to-screenshot-on-iphone-xr/ HTTP/1.1" 200 11590 "https://sunquicksf.com/post-sitemap.xml" "Scrapy/2.12.0 (+https://scrapy.org)"
18.222.44.152 - - [14/Apr/2025:07:52:43 -0400] "GET /how-to-make-iphone-charge-faster/ HTTP/1.1" 200 12127 "https://sunquicksf.com/post-sitemap.xml" "Scrapy/2.12.0 (+https://scrapy.org)"
18.222.44.152 - - [14/Apr/2025:07:52:46 -0400] "GET /how-to-take-screenshot-on-iphone-11/ HTTP/1.1" 200 11768 "https://sunquicksf.com/post-sitemap.xml" "Scrapy/2.12.0 (+https://scrapy.org)"
18.222.44.152 - - [14/Apr/2025:07:52:49 -0400] "GET /how-to-crop-a-video-on-iphone/ HTTP/1.1" 200 11434 "https://sunquicksf.com/post-sitemap.xml" "Scrapy/2.12.0 (+https://scrapy.org)"
18.222.44.152 - - [14/Apr/2025:07:52:51 -0400] "GET /how-to-retrieve-deleted-emails-on-iphone/ HTTP/1.1" 200 11362 "https://sunquicksf.com/post-sitemap.xml" "Scrapy/2.12.0 (+https://scrapy.org)"
18.222.44.152 - - [14/Apr/2025:07:52:54 -0400] "GET /how-to-invert-photo-on-iphone/ HTTP/1.1" 200 11479 "https://sunquicksf.com/post-sitemap.xml" "Scrapy/2.12.0 (+https://scrapy.org)"
18.222.44.152 - - [14/Apr/2025:07:52:57 -0400] "GET /how-to-cook-broccoli/ HTTP/1.1" 200 11309 "https://sunquicksf.com/post-sitemap.xml" "Scrapy/2.12.0 (+https://scrapy.org)"
18.222.44.152 - - [14/Apr/2025:07:53:00 -0400] "GET /how-to-print-notes-from-iphone/ HTTP/1.1" 200 11469 "https://sunquicksf.com/post-sitemap.xml" "Scrapy/2.12.0 (+https://scrapy.org)"
18.222.44.152 - - [14/Apr/2025:07:53:04 -0400] "GET /how-to-cook-corn-on-the-cob/ HTTP/1.1" 200 11883 "https://sunquicksf.com/post-sitemap.xml" "Scrapy/2.12.0 (+https://scrapy.org)"
18.222.44.152 - - [14/Apr/2025:07:53:08 -0400] "GET /how-to-cut-watermelon/ HTTP/1.1" 200 11610 "https://sunquicksf.com/post-sitemap.xml" "Scrapy/2.12.0 (+https://scrapy.org)"
18.222.44.152 - - [14/Apr/2025:07:53:13 -0400] "GET /the-land-air-pocket-is-a-fabrication/ HTTP/1.1" 200 11118 "https://sunquicksf.com/post-sitemap.xml" "Scrapy/2.12.0 (+https://scrapy.org)"
18.222.44.152 - - [14/Apr/2025:07:53:16 -0400] "GET /fruitful-ira-real-estate-putting-resources-into-difficult-stretches/ HTTP/1.1" 200 10887 "https://sunquicksf.com/post-sitemap.xml" "Scrapy/2.12.0 (+https://scrapy.org)"
18.222.44.152 - - [14/Apr/2025:07:53:21 -0400] "GET /land-courses/ HTTP/1.1" 200 10477 "https://sunquicksf.com/post-sitemap.xml" "Scrapy/2.12.0 (+https://scrapy.org)"
178.20.47.39 - - [14/Apr/2025:07:53:25 -0400] "GET /ally-bank-customer-service/ HTTP/1.1" 200 10674 "https://sunquicksf.com/ally-bank-customer-service/" "Mozilla/5.0 (Windows NT 10.0; Win64; x64) AppleWebKit/537.36 (KHTML, like Gecko) Chrome/131.0.0.0 Safari/537.36"
18.222.44.152 - - [14/Apr/2025:07:53:26 -0400] "GET /online-land-schools/ HTTP/1.1" 200 10328 "https://sunquicksf.com/post-sitemap.xml" "Scrapy/2.12.0 (+https://scrapy.org)"
103.170.66.48 - - [14/Apr/2025:07:53:27 -0400] "GET /the-benefits-of-manufacturing-automation/ HTTP/1.1" 200 10594 "-" "Mozilla/5.0 (Macintosh; Intel Mac OS X 12.5; rv:114.0) Gecko/20100101 Firefox/114.0"
178.20.47.39 - - [14/Apr/2025:07:53:27 -0400] "POST /wp-comments-post.php HTTP/1.1" 302 0 "https://sunquicksf.com/ally-bank-customer-service/" "Mozilla/5.0 (Windows NT 10.0; Win64; x64) AppleWebKit/537.36 (KHTML, like Gecko) Chrome/131.0.0.0 Safari/537.36"
18.222.44.152 - - [14/Apr/2025:07:53:31 -0400] "GET /benefits-of-playing-on-the-web-versus-land-based-club/ HTTP/1.1" 200 11084 "https://sunquicksf.com/post-sitemap.xml" "Scrapy/2.12.0 (+https://scrapy.org)"
178.20.47.39 - - [14/Apr/2025:07:53:32 -0400] "GET /ally-bank-customer-service/ HTTP/1.1" 200 19394 "https://sunquicksf.com/ally-bank-customer-service/#comment-49950" "Mozilla/5.0 (Windows NT 10.0; Win64; x64) AppleWebKit/537.36 (KHTML, like Gecko) Chrome/131.0.0.0 Safari/537.36"
18.222.44.152 - - [14/Apr/2025:07:53:35 -0400] "GET /commercializing-stem-cell-treatment/ HTTP/1.1" 200 10673 "https://sunquicksf.com/post-sitemap.xml" "Scrapy/2.12.0 (+https://scrapy.org)"
18.222.44.152 - - [14/Apr/2025:07:53:39 -0400] "GET /land-is-the-best-business-there-is/ HTTP/1.1" 200 10759 "https://sunquicksf.com/post-sitemap.xml" "Scrapy/2.12.0 (+https://scrapy.org)"
18.222.44.152 - - [14/Apr/2025:07:53:42 -0400] "GET /land-shutting-strategy/ HTTP/1.1" 200 10709 "https://sunquicksf.com/post-sitemap.xml" "Scrapy/2.12.0 (+https://scrapy.org)"
18.222.44.152 - - [14/Apr/2025:07:53:45 -0400] "GET /upsides-and-downsides-of-taking-a-web-based-land-course/ HTTP/1.1" 200 10638 "https://sunquicksf.com/post-sitemap.xml" "Scrapy/2.12.0 (+https://scrapy.org)"
18.222.44.152 - - [14/Apr/2025:07:53:48 -0400] "GET /how-innovation-has-been-utilized-to-plan-present-day-structures/ HTTP/1.1" 200 10859 "https://sunquicksf.com/post-sitemap.xml" "Scrapy/2.12.0 (+https://scrapy.org)"
18.222.44.152 - - [14/Apr/2025:07:53:51 -0400] "GET /what-to-search-for-in-your-putting-out-fires-siphon/ HTTP/1.1" 200 10937 "https://sunquicksf.com/post-sitemap.xml" "Scrapy/2.12.0 (+https://scrapy.org)"
18.222.44.152 - - [14/Apr/2025:07:53:54 -0400] "GET /positioning-high-on-google-is-more-straightforward-on-the-off-chance-that-your-recordings-have-a-great-deal-of-perspectives-on-youtube/ HTTP/1.1" 200 10604 "https://sunquicksf.com/post-sitemap.xml" "Scrapy/2.12.0 (+https://scrapy.org)"
18.222.44.152 - - [14/Apr/2025:07:53:57 -0400] "GET /drain-establishment-ought-to-i-get-it-done-myself/ HTTP/1.1" 200 10954 "https://sunquicksf.com/post-sitemap.xml" "Scrapy/2.12.0 (+https://scrapy.org)"
18.222.44.152 - - [14/Apr/2025:07:53:59 -0400] "GET /sandwich-holders-what-you-should-be-aware-prior-to-getting-them/ HTTP/1.1" 200 10569 "https://sunquicksf.com/post-sitemap.xml" "Scrapy/2.12.0 (+https://scrapy.org)"
18.222.44.152 - - [14/Apr/2025:07:54:03 -0400] "GET /furious-birds-meets-star-wars-new-energy-and-affectionate-recollections/ HTTP/1.1" 200 10680 "https://sunquicksf.com/post-sitemap.xml" "Scrapy/2.12.0 (+https://scrapy.org)"
18.222.44.152 - - [14/Apr/2025:07:54:06 -0400] "GET /stop-people-in-their-tracks-with-star-wars-halloween-ensembles/ HTTP/1.1" 200 10886 "https://sunquicksf.com/post-sitemap.xml" "Scrapy/2.12.0 (+https://scrapy.org)"
18.222.44.152 - - [14/Apr/2025:07:54:09 -0400] "GET /auto-body-fix-shops-need-an-internet-presence-as-well/ HTTP/1.1" 200 10691 "https://sunquicksf.com/post-sitemap.xml" "Scrapy/2.12.0 (+https://scrapy.org)"
51.222.253.16 - - [14/Apr/2025:07:54:12 -0400] "GET /solar-energy-solutions/feed/ HTTP/1.1" 304 0 "-" "Mozilla/5.0 (compatible; AhrefsBot/7.0; +http://ahrefs.com/robot/)"
18.222.44.152 - - [14/Apr/2025:07:54:12 -0400] "GET /the-benefits-of-having-a-site-for-your-auto-body-shop/ HTTP/1.1" 200 10658 "https://sunquicksf.com/post-sitemap.xml" "Scrapy/2.12.0 (+https://scrapy.org)"
18.222.44.152 - - [14/Apr/2025:07:54:15 -0400] "GET /choosing-a-tattoo-evacuation-laser-facility/ HTTP/1.1" 200 10834 "https://sunquicksf.com/post-sitemap.xml" "Scrapy/2.12.0 (+https://scrapy.org)"
18.222.44.152 - - [14/Apr/2025:07:54:18 -0400] "GET /exceptionally-printed-handbags-for-halloween-occasions/ HTTP/1.1" 200 12210 "https://sunquicksf.com/post-sitemap.xml" "Scrapy/2.12.0 (+https://scrapy.org)"
18.222.44.152 - - [14/Apr/2025:07:54:20 -0400] "GET /best-interior-detailing-products/ HTTP/1.1" 200 10664 "https://sunquicksf.com/post-sitemap.xml" "Scrapy/2.12.0 (+https://scrapy.org)"
18.222.44.152 - - [14/Apr/2025:07:54:24 -0400] "GET /carport-entryway-support-tips/ HTTP/1.1" 200 11028 "https://sunquicksf.com/post-sitemap.xml" "Scrapy/2.12.0 (+https://scrapy.org)"
18.222.44.152 - - [14/Apr/2025:07:54:28 -0400] "GET /roofing-companies-in-baton-rouge/ HTTP/1.1" 200 13364 "https://sunquicksf.com/post-sitemap.xml" "Scrapy/2.12.0 (+https://scrapy.org)"
18.222.44.152 - - [14/Apr/2025:07:54:31 -0400] "GET /what-are-incidental-advantages/ HTTP/1.1" 200 10455 "https://sunquicksf.com/post-sitemap.xml" "Scrapy/2.12.0 (+https://scrapy.org)"
18.222.44.152 - - [14/Apr/2025:07:54:35 -0400] "GET /tips-for-shingle-roof-substitution/ HTTP/1.1" 200 10617 "https://sunquicksf.com/post-sitemap.xml" "Scrapy/2.12.0 (+https://scrapy.org)"
18.222.44.152 - - [14/Apr/2025:07:54:38 -0400] "GET /bohemian-caftans-and-maxi-dresses/ HTTP/1.1" 200 10679 "https://sunquicksf.com/post-sitemap.xml" "Scrapy/2.12.0 (+https://scrapy.org)"
18.222.44.152 - - [14/Apr/2025:07:54:42 -0400] "GET /regdefense-survey-might-this-product-at-any-point-truly-keep-your-pc-solid/ HTTP/1.1" 200 10280 "https://sunquicksf.com/post-sitemap.xml" "Scrapy/2.12.0 (+https://scrapy.org)"
18.222.44.152 - - [14/Apr/2025:07:54:45 -0400] "GET /outside-joy-with-deck-warmers-and-open-air-furniture/ HTTP/1.1" 200 10274 "https://sunquicksf.com/post-sitemap.xml" "Scrapy/2.12.0 (+https://scrapy.org)"
18.222.44.152 - - [14/Apr/2025:07:54:49 -0400] "GET /cross-join-isnt-simply-habit-forming-its-really-great-for-you-as-well/ HTTP/1.1" 200 10926 "https://sunquicksf.com/post-sitemap.xml" "Scrapy/2.12.0 (+https://scrapy.org)"
18.222.44.152 - - [14/Apr/2025:07:54:53 -0400] "GET /portable-truck-washing-organizations-ought-to-think-about-rental-truck-yards-as-clients/ HTTP/1.1" 200 10195 "https://sunquicksf.com/post-sitemap.xml" "Scrapy/2.12.0 (+https://scrapy.org)"
18.222.44.152 - - [14/Apr/2025:07:54:57 -0400] "GET /power-washing-and-degreasing-trains/ HTTP/1.1" 200 10598 "https://sunquicksf.com/post-sitemap.xml" "Scrapy/2.12.0 (+https://scrapy.org)"
18.222.44.152 - - [14/Apr/2025:07:55:01 -0400] "GET /the-various-classes-of-old-fashioned-adornments/ HTTP/1.1" 200 10878 "https://sunquicksf.com/post-sitemap.xml" "Scrapy/2.12.0 (+https://scrapy.org)"
18.222.44.152 - - [14/Apr/2025:07:55:06 -0400] "GET /the-ageless-onyx-gems/ HTTP/1.1" 200 10770 "https://sunquicksf.com/post-sitemap.xml" "Scrapy/2.12.0 (+https://scrapy.org)"
18.222.44.152 - - [14/Apr/2025:07:55:10 -0400] "GET /fun-single-guy-party-thoughts-in-chicago/ HTTP/1.1" 200 11242 "https://sunquicksf.com/post-sitemap.xml" "Scrapy/2.12.0 (+https://scrapy.org)"
18.222.44.152 - - [14/Apr/2025:07:55:14 -0400] "GET /pack-buxton/ HTTP/1.1" 200 10937 "https://sunquicksf.com/post-sitemap.xml" "Scrapy/2.12.0 (+https://scrapy.org)"
18.222.44.152 - - [14/Apr/2025:07:55:17 -0400] "GET /a-propos-des-sacs-a-main-b-makowsky/ HTTP/1.1" 200 10498 "https://sunquicksf.com/post-sitemap.xml" "Scrapy/2.12.0 (+https://scrapy.org)"
18.222.44.152 - - [14/Apr/2025:07:55:21 -0400] "GET /culinary-spices-and-disease/ HTTP/1.1" 200 10644 "https://sunquicksf.com/post-sitemap.xml" "Scrapy/2.12.0 (+https://scrapy.org)"
18.222.44.152 - - [14/Apr/2025:07:55:23 -0400] "GET /your-decisions-in-computerized-camera-packs/ HTTP/1.1" 200 10418 "https://sunquicksf.com/post-sitemap.xml" "Scrapy/2.12.0 (+https://scrapy.org)"
18.222.44.152 - - [14/Apr/2025:07:55:27 -0400] "GET /australian-optometrists/ HTTP/1.1" 200 10674 "https://sunquicksf.com/post-sitemap.xml" "Scrapy/2.12.0 (+https://scrapy.org)"
18.222.44.152 - - [14/Apr/2025:07:55:29 -0400] "GET /digital-photo-software-review-what-type-of-photo-editor-do-you-need/ HTTP/1.1" 200 10801 "https://sunquicksf.com/post-sitemap.xml" "Scrapy/2.12.0 (+https://scrapy.org)"
51.222.253.14 - - [14/Apr/2025:07:55:33 -0400] "GET /private-party-cartagena/feed/ HTTP/1.1" 200 380 "-" "Mozilla/5.0 (compatible; AhrefsBot/7.0; +http://ahrefs.com/robot/)"
18.222.44.152 - - [14/Apr/2025:07:55:35 -0400] "GET /ways-of-making-individuals-test-for-dui/ HTTP/1.1" 200 10374 "https://sunquicksf.com/post-sitemap.xml" "Scrapy/2.12.0 (+https://scrapy.org)"
18.222.44.152 - - [14/Apr/2025:07:55:39 -0400] "GET /youtube-showcasing/ HTTP/1.1" 200 10186 "https://sunquicksf.com/post-sitemap.xml" "Scrapy/2.12.0 (+https://scrapy.org)"
18.222.44.152 - - [14/Apr/2025:07:55:44 -0400] "GET /online-gambling-clubs-keep-on-coming-down-on-physical-gambling-clubs/ HTTP/1.1" 200 10781 "https://sunquicksf.com/post-sitemap.xml" "Scrapy/2.12.0 (+https://scrapy.org)"
18.222.44.152 - - [14/Apr/2025:07:55:47 -0400] "GET /buy-quality-and-cheap-youtube-subscribers/ HTTP/1.1" 200 11113 "https://sunquicksf.com/post-sitemap.xml" "Scrapy/2.12.0 (+https://scrapy.org)"
