13.82.180.200 - - [15/Apr/2025:15:02:42 -0400] "GET /feed/atom/ HTTP/1.1" 200 392156 "-" "-"
114.119.138.5 - - [15/Apr/2025:15:03:19 -0400] "GET /runner-rugs-versatile-and-easy-to-install/ HTTP/1.1" 200 9977 "https://sunquicksf.com/category/activity/page/63/" "Mozilla/5.0 (Linux; Android 7.0;) AppleWebKit/537.36 (KHTML, like Gecko) Mobile Safari/537.36 (compatible; PetalBot;+https://webmaster.petalsearch.com/site/petalbot)"
51.222.253.3 - - [15/Apr/2025:15:04:05 -0400] "GET /elevated-living-exploring-the-essence-of-park-hill-condo/ HTTP/1.1" 200 10160 "-" "Mozilla/5.0 (compatible; AhrefsBot/7.0; +http://ahrefs.com/robot/)"
114.119.156.133 - - [15/Apr/2025:15:04:57 -0400] "GET /page/25/ HTTP/1.1" 200 10090 "https://sunquicksf.com/page/25/" "Mozilla/5.0 (Linux; Android 7.0;) AppleWebKit/537.36 (KHTML, like Gecko) Mobile Safari/537.36 (compatible; PetalBot;+https://webmaster.petalsearch.com/site/petalbot)"
13.94.94.255 - - [15/Apr/2025:15:06:19 -0400] "GET /mediation-process/ HTTP/1.1" 200 10012 "-" "-"
114.119.155.230 - - [15/Apr/2025:15:06:20 -0400] "GET /matter-residences-connecting-your-home-to-the-cloud/ HTTP/1.1" 200 10026 "https://sunquicksf.com/category/activity/page/39/" "Mozilla/5.0 (Linux; Android 7.0;) AppleWebKit/537.36 (KHTML, like Gecko) Mobile Safari/537.36 (compatible; PetalBot;+https://webmaster.petalsearch.com/site/petalbot)"
51.222.253.11 - - [15/Apr/2025:15:06:43 -0400] "GET /navigating-the-maze-unlocking-success-with-tiktok-views-and-followers/ HTTP/1.1" 200 10141 "-" "Mozilla/5.0 (compatible; AhrefsBot/7.0; +http://ahrefs.com/robot/)"
114.119.147.233 - - [15/Apr/2025:15:07:25 -0400] "GET /ten-tennis-prediction-strategies/ HTTP/1.1" 200 10523 "https://sunquicksf.com/page/95/" "Mozilla/5.0 (Linux; Android 7.0;) AppleWebKit/537.36 (KHTML, like Gecko) Mobile Safari/537.36 (compatible; PetalBot;+https://webmaster.petalsearch.com/site/petalbot)"
51.222.253.17 - - [15/Apr/2025:15:08:59 -0400] "GET /starting-a-fitness-enterprise/ HTTP/1.1" 200 10629 "-" "Mozilla/5.0 (compatible; AhrefsBot/7.0; +http://ahrefs.com/robot/)"
13.94.94.255 - - [15/Apr/2025:15:09:44 -0400] "GET /pack-buxton/ HTTP/1.1" 200 10868 "-" "-"
114.119.156.133 - - [15/Apr/2025:15:09:48 -0400] "GET /les-bases-de-la-creation-de-sites-web/ HTTP/1.1" 200 10364 "https://sunquicksf.com/page/40/" "Mozilla/5.0 (Linux; Android 7.0;) AppleWebKit/537.36 (KHTML, like Gecko) Mobile Safari/537.36 (compatible; PetalBot;+https://webmaster.petalsearch.com/site/petalbot)"
114.119.156.71 - - [15/Apr/2025:15:10:27 -0400] "GET /wp-content/uploads/2023/09/bigstock-Croupier-behind-gambling-table-177601672.jpg HTTP/1.1" 200 828669 "https://sunquicksf.com/online-casino-games/" "Mozilla/5.0 (Linux; Android 7.0;) AppleWebKit/537.36 (KHTML, like Gecko) Mobile Safari/537.36 (compatible; PetalBot;+https://webmaster.petalsearch.com/site/petalbot)"
51.222.253.10 - - [15/Apr/2025:15:11:17 -0400] "GET /the-bonuses-system-in-online-gambling-sites/ HTTP/1.1" 200 10648 "-" "Mozilla/5.0 (compatible; AhrefsBot/7.0; +http://ahrefs.com/robot/)"
114.119.135.64 - - [15/Apr/2025:15:11:35 -0400] "GET /una-conversacion-virtual-con-kimberly-ming-autora-de-repensar-la-lucha-por-los-derechos-de-puerto-rico/ HTTP/1.1" 200 10263 "https://sunquicksf.com/a-virtual-conversation-with-kimberly-ming-author-of-rethinking-the-struggle-for-puerto-rican-rights/" "Mozilla/5.0 (Linux; Android 7.0;) AppleWebKit/537.36 (KHTML, like Gecko) Mobile Safari/537.36 (compatible; PetalBot;+https://webmaster.petalsearch.com/site/petalbot)"
114.119.138.5 - - [15/Apr/2025:15:12:59 -0400] "GET /lelegance-fonctionnelle-du-surf-poncho/ HTTP/1.1" 200 10178 "https://sunquicksf.com/page/12/" "Mozilla/5.0 (Linux; Android 7.0;) AppleWebKit/537.36 (KHTML, like Gecko) Mobile Safari/537.36 (compatible; PetalBot;+https://webmaster.petalsearch.com/site/petalbot)"
51.222.253.13 - - [15/Apr/2025:15:13:32 -0400] "GET /wp-comments-post.php HTTP/1.1" 405 0 "-" "Mozilla/5.0 (compatible; AhrefsBot/7.0; +http://ahrefs.com/robot/)"
114.119.147.233 - - [15/Apr/2025:15:14:21 -0400] "GET /understanding-omnigenceam-a-comprehensive-overview/ HTTP/1.1" 200 10020 "https://sunquicksf.com/understanding-omnigenceam-a-comprehensive-overview/" "Mozilla/5.0 (Linux; Android 7.0;) AppleWebKit/537.36 (KHTML, like Gecko) Mobile Safari/537.36 (compatible; PetalBot;+https://webmaster.petalsearch.com/site/petalbot)"
51.222.253.14 - - [15/Apr/2025:15:15:40 -0400] "GET /steroids-thailand-is-it-legal-to-buy-steroids-in-thailand/feed/ HTTP/1.1" 200 427 "-" "Mozilla/5.0 (compatible; AhrefsBot/7.0; +http://ahrefs.com/robot/)"
114.119.156.71 - - [15/Apr/2025:15:15:45 -0400] "GET /how-to-turn-on-5g-on-iphone-12/ HTTP/1.1" 200 11819 "https://sunquicksf.com/page/113/" "Mozilla/5.0 (Linux; Android 7.0;) AppleWebKit/537.36 (KHTML, like Gecko) Mobile Safari/537.36 (compatible; PetalBot;+https://webmaster.petalsearch.com/site/petalbot)"
114.119.156.133 - - [15/Apr/2025:15:17:09 -0400] "GET /how-to-turn-do-not-disturb-off-on-iphone/ HTTP/1.1" 200 11182 "https://sunquicksf.com/page/113/" "Mozilla/5.0 (Linux; Android 7.0;) AppleWebKit/537.36 (KHTML, like Gecko) Mobile Safari/537.36 (compatible; PetalBot;+https://webmaster.petalsearch.com/site/petalbot)"
51.222.253.11 - - [15/Apr/2025:15:18:06 -0400] "GET /puerto-aventuras-yachts/feed/ HTTP/1.1" 304 0 "-" "Mozilla/5.0 (compatible; AhrefsBot/7.0; +http://ahrefs.com/robot/)"
198.54.114.83 - - [15/Apr/2025:15:18:36 -0400] "POST /wp-cron.php?doing_wp_cron=1744744713.4922618865966796875000 HTTP/1.1" 200 0 "-" "WordPress/6.7.2; https://sunquicksf.com"
114.119.156.71 - - [15/Apr/2025:15:18:33 -0400] "GET /how-to-increase-your-youtube-subscribers-in-2024/ HTTP/1.1" 200 10016 "https://kenreilly.com/mastering-the-art-of-subscriber-surge-strategies-for-skyrocketing-youtube-subscribers-in-2024/" "Mozilla/5.0 (Linux; Android 7.0;) AppleWebKit/537.36 (KHTML, like Gecko) Mobile Safari/537.36 (compatible; PetalBot;+https://webmaster.petalsearch.com/site/petalbot)"
114.119.138.5 - - [15/Apr/2025:15:19:55 -0400] "GET /how-to-find-a-property-manager-in-london/ HTTP/1.1" 200 9959 "https://sunquicksf.com/page/53/" "Mozilla/5.0 (Linux; Android 7.0;) AppleWebKit/537.36 (KHTML, like Gecko) Mobile Safari/537.36 (compatible; PetalBot;+https://webmaster.petalsearch.com/site/petalbot)"
198.54.114.83 - - [15/Apr/2025:15:19:57 -0400] "POST /wp-cron.php?doing_wp_cron=1744744795.5659549236297607421875 HTTP/1.1" 200 0 "-" "WordPress/6.7.2; https://sunquicksf.com"
51.222.253.1 - - [15/Apr/2025:15:20:44 -0400] "GET /exploring-the-excitement-of-rainbow-riches-casino/ HTTP/1.1" 200 9849 "-" "Mozilla/5.0 (compatible; AhrefsBot/7.0; +http://ahrefs.com/robot/)"
114.119.155.230 - - [15/Apr/2025:15:21:17 -0400] "GET /exploring-homes-for-sale-in-sonoma-ca/ HTTP/1.1" 200 10070 "https://sunquicksf.com/category/activity/page/7/" "Mozilla/5.0 (Linux; Android 7.0;) AppleWebKit/537.36 (KHTML, like Gecko) Mobile Safari/537.36 (compatible; PetalBot;+https://webmaster.petalsearch.com/site/petalbot)"
198.54.114.83 - - [15/Apr/2025:15:22:20 -0400] "POST /wp-cron.php?doing_wp_cron=1744744939.4860088825225830078125 HTTP/1.1" 200 0 "-" "WordPress/6.7.2; https://sunquicksf.com"
119.28.15.73 - - [15/Apr/2025:15:22:19 -0400] "GET /buy-youtube-subscribers-legit-the-best-places-to-buy-youtube-subscribers-legit/ HTTP/1.1" 200 10027 "-" "Python/3.10 aiohttp/3.10.5"
114.119.155.230 - - [15/Apr/2025:15:22:41 -0400] "GET /choosing-the-right-gaming-mousepad/ HTTP/1.1" 200 10215 "https://sunquicksf.com/category/activity/page/29/" "Mozilla/5.0 (Linux; Android 7.0;) AppleWebKit/537.36 (KHTML, like Gecko) Mobile Safari/537.36 (compatible; PetalBot;+https://webmaster.petalsearch.com/site/petalbot)"
51.222.253.2 - - [15/Apr/2025:15:23:12 -0400] "GET /top-10-reasons-why-you-should-buy-at-lentor-hills-residences/feed/ HTTP/1.1" 304 0 "-" "Mozilla/5.0 (compatible; AhrefsBot/7.0; +http://ahrefs.com/robot/)"
114.119.156.71 - - [15/Apr/2025:15:24:04 -0400] "GET /category/activity/page/80/ HTTP/1.1" 200 10177 "https://sunquicksf.com/category/activity/page/79/" "Mozilla/5.0 (Linux; Android 7.0;) AppleWebKit/537.36 (KHTML, like Gecko) Mobile Safari/537.36 (compatible; PetalBot;+https://webmaster.petalsearch.com/site/petalbot)"
114.119.134.207 - - [15/Apr/2025:15:25:29 -0400] "GET /category/activity/page/31/ HTTP/1.1" 200 10260 "https://sunquicksf.com/category/activity/page/30/" "Mozilla/5.0 (Linux; Android 7.0;) AppleWebKit/537.36 (KHTML, like Gecko) Mobile Safari/537.36 (compatible; PetalBot;+https://webmaster.petalsearch.com/site/petalbot)"
51.222.253.19 - - [15/Apr/2025:15:25:57 -0400] "GET /page/115/ HTTP/1.1" 200 10015 "-" "Mozilla/5.0 (compatible; AhrefsBot/7.0; +http://ahrefs.com/robot/)"
114.119.156.71 - - [15/Apr/2025:15:26:52 -0400] "GET /category/activity/page/12/ HTTP/1.1" 200 10272 "https://sunquicksf.com/category/activity/page/11/" "Mozilla/5.0 (Linux; Android 7.0;) AppleWebKit/537.36 (KHTML, like Gecko) Mobile Safari/537.36 (compatible; PetalBot;+https://webmaster.petalsearch.com/site/petalbot)"
103.84.178.104 - - [15/Apr/2025:15:27:32 -0400] "GET / HTTP/1.1" 200 77991 "-" "Mozilla/5.0 (Windows NT 6.2; Win64; x64) AppleWebKit/537.36 (KHTML, like Gecko) Chrome/60.0.3112.90 Safari/537.36"
114.119.147.233 - - [15/Apr/2025:15:28:15 -0400] "GET /2023/12/ HTTP/1.1" 301 0 "https://sunquicksf.com/category/activity/page/29/" "Mozilla/5.0 (Linux; Android 7.0;) AppleWebKit/537.36 (KHTML, like Gecko) Mobile Safari/537.36 (compatible; PetalBot;+https://webmaster.petalsearch.com/site/petalbot)"
51.222.253.9 - - [15/Apr/2025:15:28:15 -0400] "GET /the-importance-of-cyber-security/feed/ HTTP/1.1" 200 395 "-" "Mozilla/5.0 (compatible; AhrefsBot/7.0; +http://ahrefs.com/robot/)"
114.119.147.233 - - [15/Apr/2025:15:28:19 -0400] "GET / HTTP/1.1" 200 77991 "https://sunquicksf.com/category/activity/page/29/" "Mozilla/5.0 (Linux; Android 7.0;) AppleWebKit/537.36 (KHTML, like Gecko) Mobile Safari/537.36 (compatible; PetalBot;+https://webmaster.petalsearch.com/site/petalbot)"
114.119.155.230 - - [15/Apr/2025:15:29:39 -0400] "GET /12-essential-oils-for-adhd-and-add/ HTTP/1.1" 200 10163 "https://sunquicksf.com/category/activity/page/64/" "Mozilla/5.0 (Linux; Android 7.0;) AppleWebKit/537.36 (KHTML, like Gecko) Mobile Safari/537.36 (compatible; PetalBot;+https://webmaster.petalsearch.com/site/petalbot)"
51.222.253.1 - - [15/Apr/2025:15:30:55 -0400] "GET /terra-hill-condominiums-in-district-5/ HTTP/1.1" 200 10154 "-" "Mozilla/5.0 (compatible; AhrefsBot/7.0; +http://ahrefs.com/robot/)"
115.144.70.63 - - [15/Apr/2025:15:32:49 -0400] "GET /buy-youtube-views-to-monetize-your-youtube-channel HTTP/1.1" 301 0 "-" "Mozilla/5.0 (Macintosh; Intel Mac OS X 12.5; rv:114.0) Gecko/20100101 Firefox/114.0"
115.144.70.63 - - [15/Apr/2025:15:33:00 -0400] "GET /buy-youtube-views-to-monetize-your-youtube-channel/ HTTP/1.1" 200 10640 "https://sunquicksf.com/buy-youtube-views-to-monetize-your-youtube-channel" "Mozilla/5.0 (Macintosh; Intel Mac OS X 12.5; rv:114.0) Gecko/20100101 Firefox/114.0"
66.249.79.98 - - [15/Apr/2025:15:33:04 -0400] "GET /robots.txt HTTP/1.1" 200 109 "-" "Mozilla/5.0 (compatible; Googlebot/2.1; +http://www.google.com/bot.html)"
66.249.79.98 - - [15/Apr/2025:15:33:08 -0400] "GET /melbet-india-login/feed/ HTTP/1.1" 200 378 "-" "Mozilla/5.0 (Linux; Android 6.0.1; Nexus 5X Build/MMB29P) AppleWebKit/537.36 (KHTML, like Gecko) Chrome/135.0.7049.84 Mobile Safari/537.36 (compatible; Googlebot/2.1; +http://www.google.com/bot.html)"
51.222.253.8 - - [15/Apr/2025:15:33:19 -0400] "GET /sac-a-dos-militaire-lequipement-essentiel-pour-les-operations-sur-le-terrain/ HTTP/1.1" 200 10221 "-" "Mozilla/5.0 (compatible; AhrefsBot/7.0; +http://ahrefs.com/robot/)"
206.189.44.176 - - [15/Apr/2025:15:34:00 -0400] "GET /wp-admin/network/index.php HTTP/1.1" 302 0 "-" "Mozlila/5.0 (Linux; Android 7.0; SM-G892A Bulid/NRD90M; wv) AppleWebKit/537.36 (KHTML, like Gecko) Version/4.0 Chrome/60.0.3112.107 Moblie Safari/537.36"
206.189.44.176 - - [15/Apr/2025:15:34:01 -0400] "GET /wp-login.php?redirect_to=https%3A%2F%2Fsunquicksf.com%2Fwp-admin%2Fnetwork%2Findex.php&reauth=1 HTTP/1.1" 200 1730 "-" "Mozlila/5.0 (Linux; Android 7.0; SM-G892A Bulid/NRD90M; wv) AppleWebKit/537.36 (KHTML, like Gecko) Version/4.0 Chrome/60.0.3112.107 Moblie Safari/537.36"
51.222.253.12 - - [15/Apr/2025:15:35:37 -0400] "GET /frosting-your-instagram-a-guide-to-freezing-your-account/ HTTP/1.1" 200 10068 "-" "Mozilla/5.0 (compatible; AhrefsBot/7.0; +http://ahrefs.com/robot/)"
51.222.253.10 - - [15/Apr/2025:15:38:03 -0400] "GET /innovative-bathroom-renovations-for-small-spaces/ HTTP/1.1" 200 10227 "-" "Mozilla/5.0 (compatible; AhrefsBot/7.0; +http://ahrefs.com/robot/)"
66.249.79.99 - - [15/Apr/2025:15:38:47 -0400] "GET /feed/ HTTP/1.1" 200 251204 "-" "Mozilla/5.0 (Linux; Android 6.0.1; Nexus 5X Build/MMB29P) AppleWebKit/537.36 (KHTML, like Gecko) Chrome/135.0.7049.84 Mobile Safari/537.36 (compatible; Googlebot/2.1; +http://www.google.com/bot.html)"
51.222.253.1 - - [15/Apr/2025:15:40:22 -0400] "GET /online-casino/ HTTP/1.1" 200 9951 "-" "Mozilla/5.0 (compatible; AhrefsBot/7.0; +http://ahrefs.com/robot/)"
198.54.114.83 - - [15/Apr/2025:15:43:06 -0400] "POST /wp-cron.php?doing_wp_cron=1744746184.6293039321899414062500 HTTP/1.1" 200 0 "-" "WordPress/6.7.2; https://sunquicksf.com"
51.222.253.3 - - [15/Apr/2025:15:42:58 -0400] "GET /michael-kors-handbags-for-ladies/ HTTP/1.1" 200 10127 "-" "Mozilla/5.0 (compatible; AhrefsBot/7.0; +http://ahrefs.com/robot/)"
198.54.114.83 - - [15/Apr/2025:15:45:40 -0400] "POST /wp-cron.php?doing_wp_cron=1744746338.2119929790496826171875 HTTP/1.1" 200 0 "-" "WordPress/6.7.2; https://sunquicksf.com"
51.222.253.17 - - [15/Apr/2025:15:45:32 -0400] "GET /luxurious-living-at-emerald-of-katong-condo/ HTTP/1.1" 200 10050 "-" "Mozilla/5.0 (compatible; AhrefsBot/7.0; +http://ahrefs.com/robot/)"
198.54.114.83 - - [15/Apr/2025:15:47:56 -0400] "POST /wp-cron.php?doing_wp_cron=1744746474.4561560153961181640625 HTTP/1.1" 200 0 "-" "WordPress/6.7.2; https://sunquicksf.com"
51.222.253.1 - - [15/Apr/2025:15:47:50 -0400] "GET /a-world-of-slots-and-bonuses/ HTTP/1.1" 200 10057 "-" "Mozilla/5.0 (compatible; AhrefsBot/7.0; +http://ahrefs.com/robot/)"
198.54.114.83 - - [15/Apr/2025:15:50:38 -0400] "POST /wp-cron.php?doing_wp_cron=1744746636.5606939792633056640625 HTTP/1.1" 200 0 "-" "WordPress/6.7.2; https://sunquicksf.com"
51.222.253.15 - - [15/Apr/2025:15:50:32 -0400] "GET /top-5-best-coffeeshops/ HTTP/1.1" 200 10159 "-" "Mozilla/5.0 (compatible; AhrefsBot/7.0; +http://ahrefs.com/robot/)"
198.54.114.83 - - [15/Apr/2025:15:52:13 -0400] "POST /wp-cron.php?doing_wp_cron=1744746731.7502009868621826171875 HTTP/1.1" 200 0 "-" "WordPress/6.7.2; https://sunquicksf.com"
114.119.134.207 - - [15/Apr/2025:15:52:06 -0400] "GET /types-of-dog-collars/ HTTP/1.1" 200 10051 "https://sunquicksf.com/category/activity/page/36/" "Mozilla/5.0 (Linux; Android 7.0;) AppleWebKit/537.36 (KHTML, like Gecko) Mobile Safari/537.36 (compatible; PetalBot;+https://webmaster.petalsearch.com/site/petalbot)"
51.222.253.13 - - [15/Apr/2025:15:52:59 -0400] "GET /what-do-salesforce-recruiters-do/ HTTP/1.1" 200 9956 "-" "Mozilla/5.0 (compatible; AhrefsBot/7.0; +http://ahrefs.com/robot/)"
114.119.135.64 - - [15/Apr/2025:15:53:29 -0400] "GET /types-of-business-insurance/ HTTP/1.1" 200 10791 "https://sunquicksf.com/category/activity/page/75/" "Mozilla/5.0 (Linux; Android 7.0;) AppleWebKit/537.36 (KHTML, like Gecko) Mobile Safari/537.36 (compatible; PetalBot;+https://webmaster.petalsearch.com/site/petalbot)"
198.54.114.83 - - [15/Apr/2025:15:53:34 -0400] "POST /wp-cron.php?doing_wp_cron=1744746810.6507949829101562500000 HTTP/1.1" 200 0 "-" "WordPress/6.7.2; https://sunquicksf.com"
77.238.235.209 - - [15/Apr/2025:15:53:42 -0400] "GET /ally-bank-customer-service/ HTTP/1.1" 200 10691 "https://sunquicksf.com/ally-bank-customer-service/" "Mozilla/5.0 (Windows NT 10.0; Win64; x64) AppleWebKit/537.36 (KHTML, like Gecko) Chrome/131.0.0.0 Safari/537.36"
77.238.235.209 - - [15/Apr/2025:15:53:45 -0400] "POST /wp-comments-post.php HTTP/1.1" 302 0 "https://sunquicksf.com/ally-bank-customer-service/" "Mozilla/5.0 (Windows NT 10.0; Win64; x64) AppleWebKit/537.36 (KHTML, like Gecko) Chrome/131.0.0.0 Safari/537.36"
77.238.235.209 - - [15/Apr/2025:15:53:49 -0400] "GET /ally-bank-customer-service/ HTTP/1.1" 200 11363 "https://sunquicksf.com/ally-bank-customer-service/#comment-50162" "Mozilla/5.0 (Windows NT 10.0; Win64; x64) AppleWebKit/537.36 (KHTML, like Gecko) Chrome/131.0.0.0 Safari/537.36"
114.119.155.230 - - [15/Apr/2025:15:54:52 -0400] "GET /sba-women-owned-business-loans/ HTTP/1.1" 200 10206 "https://sunquicksf.com/category/activity/page/46/" "Mozilla/5.0 (Linux; Android 7.0;) AppleWebKit/537.36 (KHTML, like Gecko) Mobile Safari/537.36 (compatible; PetalBot;+https://webmaster.petalsearch.com/site/petalbot)"
198.54.114.83 - - [15/Apr/2025:15:54:56 -0400] "POST /wp-cron.php?doing_wp_cron=1744746893.6897211074829101562500 HTTP/1.1" 200 0 "-" "WordPress/6.7.2; https://sunquicksf.com"
51.222.253.13 - - [15/Apr/2025:15:55:43 -0400] "GET /luxurious-living-in-casares-villas/ HTTP/1.1" 200 10195 "-" "Mozilla/5.0 (compatible; AhrefsBot/7.0; +http://ahrefs.com/robot/)"
114.119.156.71 - - [15/Apr/2025:15:56:16 -0400] "GET /custom-athletic-socks-with-brand/ HTTP/1.1" 200 10592 "https://sunquicksf.com/page/84/" "Mozilla/5.0 (Linux; Android 7.0;) AppleWebKit/537.36 (KHTML, like Gecko) Mobile Safari/537.36 (compatible; PetalBot;+https://webmaster.petalsearch.com/site/petalbot)"
198.54.114.83 - - [15/Apr/2025:15:56:18 -0400] "POST /wp-cron.php?doing_wp_cron=1744746976.7654249668121337890625 HTTP/1.1" 200 0 "-" "WordPress/6.7.2; https://sunquicksf.com"
114.119.155.230 - - [15/Apr/2025:15:57:40 -0400] "GET /culinary-spices-and-disease HTTP/1.1" 301 0 "https://casaapei.md/season-essentials" "Mozilla/5.0 (Linux; Android 7.0;) AppleWebKit/537.36 (KHTML, like Gecko) Mobile Safari/537.36 (compatible; PetalBot;+https://webmaster.petalsearch.com/site/petalbot)"
198.54.114.83 - - [15/Apr/2025:15:57:52 -0400] "POST /wp-cron.php?doing_wp_cron=1744747066.6300880908966064453125 HTTP/1.1" 200 0 "-" "WordPress/6.7.2; https://sunquicksf.com"
114.119.155.230 - - [15/Apr/2025:15:57:52 -0400] "GET /culinary-spices-and-disease/ HTTP/1.1" 200 10566 "https://casaapei.md/season-essentials" "Mozilla/5.0 (Linux; Android 7.0;) AppleWebKit/537.36 (KHTML, like Gecko) Mobile Safari/537.36 (compatible; PetalBot;+https://webmaster.petalsearch.com/site/petalbot)"
66.249.79.99 - - [15/Apr/2025:15:58:22 -0400] "GET /comments/feed/ HTTP/1.1" 200 363 "-" "Mozilla/5.0 (Linux; Android 6.0.1; Nexus 5X Build/MMB29P) AppleWebKit/537.36 (KHTML, like Gecko) Chrome/135.0.7049.84 Mobile Safari/537.36 (compatible; Googlebot/2.1; +http://www.google.com/bot.html)"
51.222.253.2 - - [15/Apr/2025:15:58:24 -0400] "GET /understanding-the-algorithm/ HTTP/1.1" 200 10002 "-" "Mozilla/5.0 (compatible; AhrefsBot/7.0; +http://ahrefs.com/robot/)"
114.119.134.207 - - [15/Apr/2025:15:59:03 -0400] "GET /buy-youtube-views-to-monetize-your-youtube-channel/ HTTP/1.1" 200 10632 "https://sunquicksf.com/page/110/" "Mozilla/5.0 (Linux; Android 7.0;) AppleWebKit/537.36 (KHTML, like Gecko) Mobile Safari/537.36 (compatible; PetalBot;+https://webmaster.petalsearch.com/site/petalbot)"
198.54.114.83 - - [15/Apr/2025:15:59:07 -0400] "POST /wp-cron.php?doing_wp_cron=1744747144.5093460083007812500000 HTTP/1.1" 200 0 "-" "WordPress/6.7.2; https://sunquicksf.com"
114.119.135.64 - - [15/Apr/2025:16:00:28 -0400] "GET /add-value-to-your-home-with-basement-finishing/ HTTP/1.1" 200 11235 "https://sunquicksf.com/category/activity/page/80/" "Mozilla/5.0 (Linux; Android 7.0;) AppleWebKit/537.36 (KHTML, like Gecko) Mobile Safari/537.36 (compatible; PetalBot;+https://webmaster.petalsearch.com/site/petalbot)"
198.54.114.83 - - [15/Apr/2025:16:00:38 -0400] "POST /wp-cron.php?doing_wp_cron=1744747234.0242700576782226562500 HTTP/1.1" 200 0 "-" "WordPress/6.7.2; https://sunquicksf.com"
51.222.253.11 - - [15/Apr/2025:16:01:01 -0400] "GET /the-influence-and-impact-of-instagram-likes/ HTTP/1.1" 200 9944 "-" "Mozilla/5.0 (compatible; AhrefsBot/7.0; +http://ahrefs.com/robot/)"
51.222.253.15 - - [15/Apr/2025:16:03:28 -0400] "GET /find-a-local-painter-and-decorator-near-you/feed/ HTTP/1.1" 200 413 "-" "Mozilla/5.0 (compatible; AhrefsBot/7.0; +http://ahrefs.com/robot/)"
198.54.114.83 - - [15/Apr/2025:16:03:35 -0400] "POST /wp-cron.php?doing_wp_cron=1744747414.1385889053344726562500 HTTP/1.1" 200 0 "-" "WordPress/6.7.2; https://sunquicksf.com"
198.54.114.83 - - [15/Apr/2025:16:05:57 -0400] "POST /wp-cron.php?doing_wp_cron=1744747554.0700778961181640625000 HTTP/1.1" 200 0 "-" "WordPress/6.7.2; https://sunquicksf.com"
51.222.253.7 - - [15/Apr/2025:16:05:48 -0400] "GET /a-comprehensive-overview/ HTTP/1.1" 200 10231 "-" "Mozilla/5.0 (compatible; AhrefsBot/7.0; +http://ahrefs.com/robot/)"
101.32.45.201 - - [15/Apr/2025:16:06:09 -0400] "GET /choosing-the-best-rv-refrigerator-parts/ HTTP/1.1" 200 9899 "-" "Python/3.10 aiohttp/3.10.5"
51.222.253.17 - - [15/Apr/2025:16:08:25 -0400] "GET /le-charme-intemporel-de-lours-en-peluche/ HTTP/1.1" 200 10075 "-" "Mozilla/5.0 (compatible; AhrefsBot/7.0; +http://ahrefs.com/robot/)"
198.54.114.83 - - [15/Apr/2025:16:08:34 -0400] "POST /wp-cron.php?doing_wp_cron=1744747709.8626089096069335937500 HTTP/1.1" 200 0 "-" "WordPress/6.7.2; https://sunquicksf.com"
64.23.162.105 - - [15/Apr/2025:16:10:23 -0400] "GET /wp-login.php HTTP/1.1" 200 1721 "-" "Mozilla/5.0"
64.23.162.105 - - [15/Apr/2025:16:10:29 -0400] "GET /?author=1 HTTP/1.1" 200 77991 "-" "Mozilla/5.0"
64.23.162.105 - - [15/Apr/2025:16:10:33 -0400] "GET /?feed=rss2 HTTP/1.1" 200 77991 "-" "Mozilla/5.0"
51.222.253.8 - - [15/Apr/2025:16:11:00 -0400] "GET /exploring-the-multicanais-phenomenon/ HTTP/1.1" 200 10193 "-" "Mozilla/5.0 (compatible; AhrefsBot/7.0; +http://ahrefs.com/robot/)"
198.54.114.83 - - [15/Apr/2025:16:14:00 -0400] "POST /wp-cron.php?doing_wp_cron=1744748039.9012389183044433593750 HTTP/1.1" 200 0 "-" "WordPress/6.7.2; https://sunquicksf.com"
51.222.253.12 - - [15/Apr/2025:16:13:54 -0400] "GET /buy-youtube-subscribers-legit-the-best-places-to-buy-youtube-subscribers-legit/ HTTP/1.1" 200 10027 "-" "Mozilla/5.0 (compatible; AhrefsBot/7.0; +http://ahrefs.com/robot/)"
178.217.98.213 - - [15/Apr/2025:16:15:21 -0400] "GET /the-benefits-of-manufacturing-automation/ HTTP/1.1" 200 10553 "-" "Mozilla/5.0 (Linux x86_64; rv:114.0) Gecko/20100101 Firefox/114.0"
198.54.114.83 - - [15/Apr/2025:16:15:29 -0400] "POST /wp-cron.php?doing_wp_cron=1744748126.6815619468688964843750 HTTP/1.1" 200 0 "-" "WordPress/6.7.2; https://sunquicksf.com"
185.157.212.157 - - [15/Apr/2025:16:15:51 -0400] "GET /the-benefits-of-manufacturing-automation/ HTTP/1.1" 200 10585 "https://sunquicksf.com/the-benefits-of-manufacturing-automation/" "Mozilla/5.0 (Windows NT 10.0; Win64; x64) AppleWebKit/537.36 (KHTML, like Gecko) Chrome/131.0.0.0 Safari/537.36 Avast/131.0.0.0"
185.157.212.157 - - [15/Apr/2025:16:15:57 -0400] "POST /wp-comments-post.php HTTP/1.1" 302 0 "https://sunquicksf.com/the-benefits-of-manufacturing-automation/" "Mozilla/5.0 (Windows NT 10.0; Win64; x64) AppleWebKit/537.36 (KHTML, like Gecko) Chrome/131.0.0.0 Safari/537.36 Avast/131.0.0.0"
185.157.212.157 - - [15/Apr/2025:16:16:05 -0400] "GET /the-benefits-of-manufacturing-automation/ HTTP/1.1" 200 10138 "https://sunquicksf.com/the-benefits-of-manufacturing-automation/#comment-50163" "Mozilla/5.0 (Windows NT 10.0; Win64; x64) AppleWebKit/537.36 (KHTML, like Gecko) Chrome/131.0.0.0 Safari/537.36 Avast/131.0.0.0"
51.222.253.6 - - [15/Apr/2025:16:17:12 -0400] "GET /the-best-kitchen-cabinet-manufacturers-a-guide-to-quality-and-innovation/ HTTP/1.1" 200 10077 "-" "Mozilla/5.0 (compatible; AhrefsBot/7.0; +http://ahrefs.com/robot/)"
198.54.114.83 - - [15/Apr/2025:16:17:15 -0400] "POST /wp-cron.php?doing_wp_cron=1744748232.6525239944458007812500 HTTP/1.1" 200 0 "-" "WordPress/6.7.2; https://sunquicksf.com"
195.200.31.148 - - [15/Apr/2025:16:17:59 -0400] "GET /ally-bank-customer-service/ HTTP/1.1" 200 10691 "https://sunquicksf.com/ally-bank-customer-service/#comment-49666" "Mozilla/5.0 (Windows NT 6.1; WOW64) AppleWebKit/537.36 (KHTML, like Gecko) Chrome/103.0.0.0 Safari/537.36"
195.200.31.148 - - [15/Apr/2025:16:18:04 -0400] "POST /wp-comments-post.php HTTP/1.1" 302 0 "https://sunquicksf.com/ally-bank-customer-service/#comment-49666" "Mozilla/5.0 (Windows NT 6.1; WOW64) AppleWebKit/537.36 (KHTML, like Gecko) Chrome/103.0.0.0 Safari/537.36"
195.200.31.148 - - [15/Apr/2025:16:18:08 -0400] "GET /ally-bank-customer-service/ HTTP/1.1" 200 11371 "https://sunquicksf.com/ally-bank-customer-service/#comment-50164" "Mozilla/5.0 (Windows NT 6.1; WOW64) AppleWebKit/537.36 (KHTML, like Gecko) Chrome/103.0.0.0 Safari/537.36"
198.54.114.83 - - [15/Apr/2025:16:19:12 -0400] "POST /wp-cron.php?doing_wp_cron=1744748350.9810369014739990234375 HTTP/1.1" 200 0 "-" "WordPress/6.7.2; https://sunquicksf.com"
93.183.93.19 - - [15/Apr/2025:16:19:10 -0400] "GET /the-benefits-of-manufacturing-automation/ HTTP/1.1" 200 10585 "https://sunquicksf.com/the-benefits-of-manufacturing-automation/" "Mozilla/5.0 (Windows NT 10.0; Win64; x64) AppleWebKit/537.36 (KHTML, like Gecko) Chrome/130.0.0.0 Safari/537.36 CCleaner/130.0.0.0"
93.183.93.19 - - [15/Apr/2025:16:19:10 -0400] "GET /the-benefits-of-manufacturing-automation/ HTTP/1.1" 200 10553 "https://sunquicksf.com/the-benefits-of-manufacturing-automation/" "Mozilla/5.0 (Windows NT 10.0; Win64; x64) AppleWebKit/537.36 (KHTML, like Gecko) Chrome/130.0.0.0 Safari/537.36 CCleaner/130.0.0.0"
93.183.93.19 - - [15/Apr/2025:16:19:13 -0400] "POST /wp-comments-post.php HTTP/1.1" 200 980 "https://sunquicksf.com/the-benefits-of-manufacturing-automation/" "Mozilla/5.0 (Windows NT 10.0; Win64; x64) AppleWebKit/537.36 (KHTML, like Gecko) Chrome/130.0.0.0 Safari/537.36 CCleaner/130.0.0.0"
93.183.93.19 - - [15/Apr/2025:16:19:13 -0400] "POST /wp-comments-post.php HTTP/1.1" 302 0 "https://sunquicksf.com/the-benefits-of-manufacturing-automation/" "Mozilla/5.0 (Windows NT 10.0; Win64; x64) AppleWebKit/537.36 (KHTML, like Gecko) Chrome/130.0.0.0 Safari/537.36 CCleaner/130.0.0.0"
93.183.93.19 - - [15/Apr/2025:16:19:16 -0400] "GET /the-benefits-of-manufacturing-automation/ HTTP/1.1" 200 11884 "https://sunquicksf.com/the-benefits-of-manufacturing-automation/#comment-50165" "Mozilla/5.0 (Windows NT 10.0; Win64; x64) AppleWebKit/537.36 (KHTML, like Gecko) Chrome/130.0.0.0 Safari/537.36 CCleaner/130.0.0.0"
93.183.93.19 - - [15/Apr/2025:16:19:15 -0400] "GET /the-benefits-of-manufacturing-automation/ HTTP/1.1" 200 10569 "https://sunquicksf.com/the-benefits-of-manufacturing-automation/" "Mozilla/5.0 (Windows NT 10.0; Win64; x64) AppleWebKit/537.36 (KHTML, like Gecko) Chrome/130.0.0.0 Safari/537.36 CCleaner/130.0.0.0"
198.54.114.83 - - [15/Apr/2025:16:20:19 -0400] "POST /wp-cron.php?doing_wp_cron=1744748418.0757799148559570312500 HTTP/1.1" 200 0 "-" "WordPress/6.7.2; https://sunquicksf.com"
51.222.253.19 - - [15/Apr/2025:16:20:17 -0400] "GET /la-revolution-de-leconomie-denergie/ HTTP/1.1" 200 10099 "-" "Mozilla/5.0 (compatible; AhrefsBot/7.0; +http://ahrefs.com/robot/)"
54.37.234.111 - - [15/Apr/2025:16:22:19 -0400] "GET /how-to-find-a-24-7-locksmith-near-you/ HTTP/1.1" 200 10558 "https://sunquicksf.com/how-to-find-a-24-7-locksmith-near-you/#comment-44513" "Mozilla/5.0 (Windows NT 10.0; Win64; x64) AppleWebKit/537.36 (KHTML, like Gecko) Chrome/130.0.0.0 Safari/537.36"
198.54.114.83 - - [15/Apr/2025:16:22:26 -0400] "POST /wp-cron.php?doing_wp_cron=1744748544.7148358821868896484375 HTTP/1.1" 200 0 "-" "WordPress/6.7.2; https://sunquicksf.com"
54.37.234.111 - - [15/Apr/2025:16:22:29 -0400] "POST /wp-comments-post.php HTTP/1.1" 302 0 "https://sunquicksf.com/how-to-find-a-24-7-locksmith-near-you/#comment-44513" "Mozilla/5.0 (Windows NT 10.0; Win64; x64) AppleWebKit/537.36 (KHTML, like Gecko) Chrome/130.0.0.0 Safari/537.36"
54.37.234.111 - - [15/Apr/2025:16:22:36 -0400] "GET /how-to-find-a-24-7-locksmith-near-you/ HTTP/1.1" 200 11398 "https://sunquicksf.com/how-to-find-a-24-7-locksmith-near-you/#comment-50166" "Mozilla/5.0 (Windows NT 10.0; Win64; x64) AppleWebKit/537.36 (KHTML, like Gecko) Chrome/130.0.0.0 Safari/537.36"
51.222.253.19 - - [15/Apr/2025:16:23:38 -0400] "GET /category/activity/page/47/ HTTP/1.1" 200 10129 "-" "Mozilla/5.0 (compatible; AhrefsBot/7.0; +http://ahrefs.com/robot/)"
51.222.253.5 - - [15/Apr/2025:16:26:45 -0400] "GET /the-emergence-of-multicanais/ HTTP/1.1" 200 10092 "-" "Mozilla/5.0 (compatible; AhrefsBot/7.0; +http://ahrefs.com/robot/)"
91.84.98.204 - - [15/Apr/2025:16:27:03 -0400] "GET /the-benefits-of-manufacturing-automation/ HTTP/1.1" 200 10569 "https://sunquicksf.com/the-benefits-of-manufacturing-automation/" "Mozilla/5.0 (Windows NT 10.0; Win64; x64) AppleWebKit/537.36 (KHTML, like Gecko) Chrome/131.0.0.0 Safari/537.36"
91.84.98.204 - - [15/Apr/2025:16:27:05 -0400] "POST /wp-comments-post.php HTTP/1.1" 302 0 "https://sunquicksf.com/the-benefits-of-manufacturing-automation/" "Mozilla/5.0 (Windows NT 10.0; Win64; x64) AppleWebKit/537.36 (KHTML, like Gecko) Chrome/131.0.0.0 Safari/537.36"
91.84.98.204 - - [15/Apr/2025:16:27:09 -0400] "GET /the-benefits-of-manufacturing-automation/ HTTP/1.1" 200 12134 "https://sunquicksf.com/the-benefits-of-manufacturing-automation/#comment-50167" "Mozilla/5.0 (Windows NT 10.0; Win64; x64) AppleWebKit/537.36 (KHTML, like Gecko) Chrome/131.0.0.0 Safari/537.36"
51.222.253.11 - - [15/Apr/2025:16:29:30 -0400] "GET /deciphering-youtube-views-the-metrics-behind-digital-stardom/ HTTP/1.1" 200 9990 "-" "Mozilla/5.0 (compatible; AhrefsBot/7.0; +http://ahrefs.com/robot/)"
51.222.253.7 - - [15/Apr/2025:16:32:02 -0400] "GET /page/101/ HTTP/1.1" 200 9942 "-" "Mozilla/5.0 (compatible; AhrefsBot/7.0; +http://ahrefs.com/robot/)"
51.222.253.7 - - [15/Apr/2025:16:34:41 -0400] "GET /youtube-showcasing/ HTTP/1.1" 200 10247 "-" "Mozilla/5.0 (compatible; AhrefsBot/7.0; +http://ahrefs.com/robot/)"
51.222.253.2 - - [15/Apr/2025:16:37:27 -0400] "GET /building-a-vibrant-community/ HTTP/1.1" 200 9992 "-" "Mozilla/5.0 (compatible; AhrefsBot/7.0; +http://ahrefs.com/robot/)"
124.156.110.185 - - [15/Apr/2025:16:38:37 -0400] "GET /how-to-get-to-alfornada/ HTTP/1.1" 200 11430 "-" "Python/3.10 aiohttp/3.10.5"
185.157.212.157 - - [15/Apr/2025:16:38:46 -0400] "GET /the-benefits-of-manufacturing-automation/ HTTP/1.1" 200 10585 "https://sunquicksf.com/the-benefits-of-manufacturing-automation/" "Mozilla/5.0 (Windows NT 10.0; Win64; x64) AppleWebKit/537.36 (KHTML, like Gecko) Chrome/129.0.0.0 Safari/537.36"
185.157.212.157 - - [15/Apr/2025:16:38:49 -0400] "POST /wp-comments-post.php HTTP/1.1" 302 0 "https://sunquicksf.com/the-benefits-of-manufacturing-automation/" "Mozilla/5.0 (Windows NT 10.0; Win64; x64) AppleWebKit/537.36 (KHTML, like Gecko) Chrome/129.0.0.0 Safari/537.36"
185.157.212.157 - - [15/Apr/2025:16:38:51 -0400] "GET /the-benefits-of-manufacturing-automation/ HTTP/1.1" 200 11861 "https://sunquicksf.com/the-benefits-of-manufacturing-automation/#comment-50168" "Mozilla/5.0 (Windows NT 10.0; Win64; x64) AppleWebKit/537.36 (KHTML, like Gecko) Chrome/129.0.0.0 Safari/537.36"
51.222.253.13 - - [15/Apr/2025:16:40:14 -0400] "GET /unveiling-the-truth-behind-buying-youtube-views-and-subscribers/ HTTP/1.1" 200 10028 "-" "Mozilla/5.0 (compatible; AhrefsBot/7.0; +http://ahrefs.com/robot/)"
38.170.112.59 - - [15/Apr/2025:16:40:19 -0400] "GET /the-benefits-of-a-rose-quartz-roller/ HTTP/1.1" 200 10542 "-" "Mozilla/5.0 (Linux x86_64; rv:114.0) Gecko/20100101 Firefox/114.0"
34.236.41.241 - - [15/Apr/2025:16:40:54 -0400] "GET /discover-the-elegance-of-one-bernam-showflat/ HTTP/1.1" 200 9914 "-" "Mozilla/5.0 AppleWebKit/537.36 (KHTML, like Gecko; compatible; Amazonbot/0.1; +https://developer.amazon.com/support/amazonbot) Chrome/119.0.6045.214 Safari/537.36"
3.221.50.71 - - [15/Apr/2025:16:40:55 -0400] "GET /discovering-elegance-the-ardor-residence-showflat-experience/ HTTP/1.1" 200 10266 "-" "Mozilla/5.0 AppleWebKit/537.36 (KHTML, like Gecko; compatible; Amazonbot/0.1; +https://developer.amazon.com/support/amazonbot) Chrome/119.0.6045.214 Safari/537.36"
198.54.114.83 - - [15/Apr/2025:16:41:49 -0400] "POST /wp-cron.php?doing_wp_cron=1744749708.7289381027221679687500 HTTP/1.1" 200 0 "-" "WordPress/6.7.2; https://sunquicksf.com"
178.217.98.213 - - [15/Apr/2025:16:41:48 -0400] "GET /the-benefits-of-manufacturing-automation/ HTTP/1.1" 200 10553 "https://sunquicksf.com/the-benefits-of-manufacturing-automation/" "Mozilla/5.0 (Windows NT 10.0; Win64; x64) AppleWebKit/537.36 (KHTML, like Gecko) Chrome/130.0.0.0 Safari/537.36 CCleaner/130.0.0.0"
178.217.98.213 - - [15/Apr/2025:16:41:52 -0400] "POST /wp-comments-post.php HTTP/1.1" 302 0 "https://sunquicksf.com/the-benefits-of-manufacturing-automation/" "Mozilla/5.0 (Windows NT 10.0; Win64; x64) AppleWebKit/537.36 (KHTML, like Gecko) Chrome/130.0.0.0 Safari/537.36 CCleaner/130.0.0.0"
178.217.98.213 - - [15/Apr/2025:16:41:56 -0400] "GET /the-benefits-of-manufacturing-automation/ HTTP/1.1" 200 11203 "https://sunquicksf.com/the-benefits-of-manufacturing-automation/#comment-50169" "Mozilla/5.0 (Windows NT 10.0; Win64; x64) AppleWebKit/537.36 (KHTML, like Gecko) Chrome/130.0.0.0 Safari/537.36 CCleaner/130.0.0.0"
51.222.253.18 - - [15/Apr/2025:16:42:52 -0400] "GET /a-haven-of-modern-living-exploring-arina-east-residences/ HTTP/1.1" 200 9960 "-" "Mozilla/5.0 (compatible; AhrefsBot/7.0; +http://ahrefs.com/robot/)"
51.222.253.6 - - [15/Apr/2025:16:45:31 -0400] "GET /page/59/ HTTP/1.1" 200 9916 "-" "Mozilla/5.0 (compatible; AhrefsBot/7.0; +http://ahrefs.com/robot/)"
134.17.14.122 - - [15/Apr/2025:16:45:35 -0400] "GET /goat.php HTTP/1.1" 404 7833 "-" "Mozilla/4.0 (compatible; MSIE 6.0; Windows NT 5.1; SV1)"
93.183.93.19 - - [15/Apr/2025:16:46:34 -0400] "GET /the-benefits-of-manufacturing-automation/ HTTP/1.1" 200 10553 "https://sunquicksf.com/the-benefits-of-manufacturing-automation/" "Mozilla/5.0 (Windows NT 10.0; Win64; x64) AppleWebKit/537.36 (KHTML, like Gecko) Chrome/130.0.0.0 Safari/537.36 CCleaner/130.0.0.0"
93.183.93.19 - - [15/Apr/2025:16:46:34 -0400] "GET /the-benefits-of-manufacturing-automation/ HTTP/1.1" 200 10553 "https://sunquicksf.com/the-benefits-of-manufacturing-automation/" "Mozilla/5.0 (Windows NT 10.0; Win64; x64) AppleWebKit/537.36 (KHTML, like Gecko) Chrome/131.0.0.0 Safari/537.36 Avast/131.0.0.0"
93.183.93.19 - - [15/Apr/2025:16:46:40 -0400] "POST /wp-comments-post.php HTTP/1.1" 429 982 "https://sunquicksf.com/the-benefits-of-manufacturing-automation/" "Mozilla/5.0 (Windows NT 10.0; Win64; x64) AppleWebKit/537.36 (KHTML, like Gecko) Chrome/131.0.0.0 Safari/537.36 Avast/131.0.0.0"
93.183.93.19 - - [15/Apr/2025:16:46:38 -0400] "POST /wp-comments-post.php HTTP/1.1" 302 0 "https://sunquicksf.com/the-benefits-of-manufacturing-automation/" "Mozilla/5.0 (Windows NT 10.0; Win64; x64) AppleWebKit/537.36 (KHTML, like Gecko) Chrome/130.0.0.0 Safari/537.36 CCleaner/130.0.0.0"
93.183.93.19 - - [15/Apr/2025:16:46:43 -0400] "GET /the-benefits-of-manufacturing-automation/ HTTP/1.1" 200 11906 "https://sunquicksf.com/the-benefits-of-manufacturing-automation/#comment-50170" "Mozilla/5.0 (Windows NT 10.0; Win64; x64) AppleWebKit/537.36 (KHTML, like Gecko) Chrome/130.0.0.0 Safari/537.36 CCleaner/130.0.0.0"
93.183.93.19 - - [15/Apr/2025:16:46:44 -0400] "GET /the-benefits-of-manufacturing-automation/ HTTP/1.1" 200 10585 "https://sunquicksf.com/the-benefits-of-manufacturing-automation/" "Mozilla/5.0 (Windows NT 10.0; Win64; x64) AppleWebKit/537.36 (KHTML, like Gecko) Chrome/131.0.0.0 Safari/537.36 Avast/131.0.0.0"
51.222.253.4 - - [15/Apr/2025:16:48:05 -0400] "GET /how-to-repair-a-norcold-rv-refrigerator/ HTTP/1.1" 200 10701 "-" "Mozilla/5.0 (compatible; AhrefsBot/7.0; +http://ahrefs.com/robot/)"
202.8.41.196 - - [15/Apr/2025:16:48:07 -0400] "GET /wp-content/themes/newspaperly/style.css?ver=6.7.2 HTTP/1.1" 200 10093 "https://sunquicksf.com/how-to-repair-a-norcold-rv-refrigerator/" "Mozilla/5.0 (compatible; AhrefsBot/7.0; +http://ahrefs.com/robot/)"
202.8.41.196 - - [15/Apr/2025:16:48:07 -0400] "GET /wp-includes/js/jquery/jquery.min.js?ver=3.7.1 HTTP/1.1" 200 29744 "https://sunquicksf.com/how-to-repair-a-norcold-rv-refrigerator/" "Mozilla/5.0 (compatible; AhrefsBot/7.0; +http://ahrefs.com/robot/)"
202.8.41.196 - - [15/Apr/2025:16:48:07 -0400] "GET /wp-includes/css/dist/block-library/style.min.css?ver=6.7.2 HTTP/1.1" 200 14225 "https://sunquicksf.com/how-to-repair-a-norcold-rv-refrigerator/" "Mozilla/5.0 (compatible; AhrefsBot/7.0; +http://ahrefs.com/robot/)"
202.8.41.196 - - [15/Apr/2025:16:48:07 -0400] "GET /wp-content/themes/minimalist-newspaper/style.css?ver=1.0 HTTP/1.1" 200 9677 "https://sunquicksf.com/how-to-repair-a-norcold-rv-refrigerator/" "Mozilla/5.0 (compatible; AhrefsBot/7.0; +http://ahrefs.com/robot/)"
202.8.41.196 - - [15/Apr/2025:16:48:07 -0400] "GET /wp-content/themes/newspaperly/css/font-awesome.min.css?ver=6.7.2 HTTP/1.1" 200 6658 "https://sunquicksf.com/how-to-repair-a-norcold-rv-refrigerator/" "Mozilla/5.0 (compatible; AhrefsBot/7.0; +http://ahrefs.com/robot/)"
202.8.41.196 - - [15/Apr/2025:16:48:07 -0400] "GET /wp-content/themes/newspaperly/js/skip-link-focus-fix.js?ver=20170823 HTTP/1.1" 200 332 "https://sunquicksf.com/how-to-repair-a-norcold-rv-refrigerator/" "Mozilla/5.0 (compatible; AhrefsBot/7.0; +http://ahrefs.com/robot/)"
202.8.41.196 - - [15/Apr/2025:16:48:07 -0400] "GET /wp-content/themes/newspaperly/js/script.js?ver=20160720 HTTP/1.1" 200 996 "https://sunquicksf.com/how-to-repair-a-norcold-rv-refrigerator/" "Mozilla/5.0 (compatible; AhrefsBot/7.0; +http://ahrefs.com/robot/)"
202.8.41.196 - - [15/Apr/2025:16:48:07 -0400] "GET /wp-content/themes/newspaperly/js/navigation.js?ver=20170823 HTTP/1.1" 200 951 "https://sunquicksf.com/how-to-repair-a-norcold-rv-refrigerator/" "Mozilla/5.0 (compatible; AhrefsBot/7.0; +http://ahrefs.com/robot/)"
202.8.41.196 - - [15/Apr/2025:16:48:07 -0400] "GET /wp-content/themes/newspaperly/js/accessibility.js?ver=20160720 HTTP/1.1" 200 430 "https://sunquicksf.com/how-to-repair-a-norcold-rv-refrigerator/" "Mozilla/5.0 (compatible; AhrefsBot/7.0; +http://ahrefs.com/robot/)"
202.8.41.196 - - [15/Apr/2025:16:48:07 -0400] "GET /wp-includes/js/jquery/jquery-migrate.min.js?ver=3.4.1 HTTP/1.1" 200 4678 "https://sunquicksf.com/how-to-repair-a-norcold-rv-refrigerator/" "Mozilla/5.0 (compatible; AhrefsBot/7.0; +http://ahrefs.com/robot/)"
202.8.41.196 - - [15/Apr/2025:16:48:07 -0400] "GET /wp-content/themes/newspaperly/js/jquery.flexslider.js?ver=20150423 HTTP/1.1" 200 11140 "https://sunquicksf.com/how-to-repair-a-norcold-rv-refrigerator/" "Mozilla/5.0 (compatible; AhrefsBot/7.0; +http://ahrefs.com/robot/)"
202.8.41.196 - - [15/Apr/2025:16:48:07 -0400] "GET /wp-content/themes/minimalist-newspaper/style.css?ver=6.7.2 HTTP/1.1" 200 9677 "https://sunquicksf.com/how-to-repair-a-norcold-rv-refrigerator/" "Mozilla/5.0 (compatible; AhrefsBot/7.0; +http://ahrefs.com/robot/)"
202.8.41.196 - - [15/Apr/2025:16:48:07 -0400] "GET /wp-content/fonts/3d89f6149ebc4974ee514dabc317e4f2.css?ver=1.0 HTTP/1.1" 200 394 "https://sunquicksf.com/how-to-repair-a-norcold-rv-refrigerator/" "Mozilla/5.0 (compatible; AhrefsBot/7.0; +http://ahrefs.com/robot/)"
202.8.41.196 - - [15/Apr/2025:16:48:09 -0400] "GET /wp-content/fonts/poppins/pxiEyp8kv8JHgFVrJJfecg.woff2 HTTP/1.1" 200 7884 "https://sunquicksf.com/wp-content/fonts/3d89f6149ebc4974ee514dabc317e4f2.css?ver=1.0" "Mozilla/5.0 (compatible; AhrefsBot/7.0; +http://ahrefs.com/robot/)"
202.8.41.196 - - [15/Apr/2025:16:48:09 -0400] "GET /wp-content/fonts/poppins/pxiByp8kv8JHgFVrLGT9Z1xlFQ.woff2 HTTP/1.1" 200 7748 "https://sunquicksf.com/wp-content/fonts/3d89f6149ebc4974ee514dabc317e4f2.css?ver=1.0" "Mozilla/5.0 (compatible; AhrefsBot/7.0; +http://ahrefs.com/robot/)"
202.8.41.196 - - [15/Apr/2025:16:48:09 -0400] "GET /wp-content/fonts/poppins/pxiByp8kv8JHgFVrLEj6Z1xlFQ.woff2 HTTP/1.1" 200 8000 "https://sunquicksf.com/wp-content/fonts/3d89f6149ebc4974ee514dabc317e4f2.css?ver=1.0" "Mozilla/5.0 (compatible; AhrefsBot/7.0; +http://ahrefs.com/robot/)"
202.8.41.196 - - [15/Apr/2025:16:48:09 -0400] "GET /wp-includes/js/comment-reply.min.js?ver=6.7.2 HTTP/1.1" 200 1247 "https://sunquicksf.com/how-to-repair-a-norcold-rv-refrigerator/" "Mozilla/5.0 (compatible; AhrefsBot/7.0; +http://ahrefs.com/robot/)"
202.8.41.196 - - [15/Apr/2025:16:48:09 -0400] "GET /wp-includes/js/wp-emoji-release.min.js?ver=6.7.2 HTTP/1.1" 200 4676 "https://sunquicksf.com/how-to-repair-a-norcold-rv-refrigerator/" "Mozilla/5.0 (compatible; AhrefsBot/7.0; +http://ahrefs.com/robot/)"
119.28.2.109 - - [15/Apr/2025:16:49:45 -0400] "GET /bookmakers-closing-times/ HTTP/1.1" 200 10694 "-" "Python/3.10 aiohttp/3.10.5"
51.222.253.2 - - [15/Apr/2025:16:50:52 -0400] "GET /newport-residences-condominiums/ HTTP/1.1" 200 10114 "-" "Mozilla/5.0 (compatible; AhrefsBot/7.0; +http://ahrefs.com/robot/)"
67.201.58.190 - - [15/Apr/2025:16:52:56 -0400] "GET /cosa-sono-i-gadget/ HTTP/1.1" 200 10705 "https://sunquicksf.com/cosa-sono-i-gadget/" "Mozilla/5.0 (Windows NT 10.0; Win64; x64) AppleWebKit/537.36 (KHTML, like Gecko) Chrome/103.0.0.0 Safari/537.36 OpenWave/97.4.2043.44"
67.201.58.190 - - [15/Apr/2025:16:53:16 -0400] "GET /cosa-sono-i-gadget/ HTTP/1.1" 200 10705 "https://sunquicksf.com/cosa-sono-i-gadget/" "Mozilla/5.0 (Windows NT 10.0; Win64; x64) AppleWebKit/537.36 (KHTML, like Gecko) Chrome/103.0.0.0 Safari/537.36 OpenWave/97.4.2043.44"
51.222.253.18 - - [15/Apr/2025:16:53:24 -0400] "GET /unveiling-the-evolution-of-online-casinos-a-modern-gaming-phenomenon/ HTTP/1.1" 200 10080 "-" "Mozilla/5.0 (compatible; AhrefsBot/7.0; +http://ahrefs.com/robot/)"
114.119.156.71 - - [15/Apr/2025:16:53:59 -0400] "GET /how-to-choose-the-right-money-lender-singapore/ HTTP/1.1" 200 9992 "https://sunquicksf.com/page/57/" "Mozilla/5.0 (Linux; Android 7.0;) AppleWebKit/537.36 (KHTML, like Gecko) Mobile Safari/537.36 (compatible; PetalBot;+https://webmaster.petalsearch.com/site/petalbot)"
109.172.87.122 - - [15/Apr/2025:16:54:27 -0400] "GET /the-benefits-of-manufacturing-automation/ HTTP/1.1" 200 10594 "https://sunquicksf.com/the-benefits-of-manufacturing-automation/" "Mozilla/5.0 (Windows NT 10.0; Win64; x64) AppleWebKit/537.36 (KHTML, like Gecko) Chrome/131.0.0.0 Safari/537.36 Avast/131.0.0.0"
109.172.87.122 - - [15/Apr/2025:16:54:28 -0400] "POST /wp-comments-post.php HTTP/1.1" 302 0 "https://sunquicksf.com/the-benefits-of-manufacturing-automation/" "Mozilla/5.0 (Windows NT 10.0; Win64; x64) AppleWebKit/537.36 (KHTML, like Gecko) Chrome/131.0.0.0 Safari/537.36 Avast/131.0.0.0"
109.172.87.122 - - [15/Apr/2025:16:54:32 -0400] "GET /the-benefits-of-manufacturing-automation/ HTTP/1.1" 200 10115 "https://sunquicksf.com/the-benefits-of-manufacturing-automation/#comment-50171" "Mozilla/5.0 (Windows NT 10.0; Win64; x64) AppleWebKit/537.36 (KHTML, like Gecko) Chrome/131.0.0.0 Safari/537.36 Avast/131.0.0.0"
51.222.253.10 - - [15/Apr/2025:16:55:54 -0400] "GET /innovative-beleuchtung-moderne-hangelampen/ HTTP/1.1" 200 10328 "-" "Mozilla/5.0 (compatible; AhrefsBot/7.0; +http://ahrefs.com/robot/)"
198.54.114.83 - - [15/Apr/2025:16:58:40 -0400] "POST /wp-cron.php?doing_wp_cron=1744750716.0634920597076416015625 HTTP/1.1" 200 0 "-" "WordPress/6.7.2; https://sunquicksf.com"
51.222.253.16 - - [15/Apr/2025:16:58:29 -0400] "GET /innovating-the-game-revolutionizing-casino-solution-distribution/ HTTP/1.1" 200 0 "-" "Mozilla/5.0 (compatible; AhrefsBot/7.0; +http://ahrefs.com/robot/)"
198.54.114.83 - - [15/Apr/2025:17:01:10 -0400] "POST /wp-cron.php?doing_wp_cron=1744750869.0890450477600097656250 HTTP/1.1" 200 0 "-" "WordPress/6.7.2; https://sunquicksf.com"
51.222.253.5 - - [15/Apr/2025:17:01:04 -0400] "GET /exploring-the-world-of-rainbow-riches-casinos/feed/ HTTP/1.1" 304 0 "-" "Mozilla/5.0 (compatible; AhrefsBot/7.0; +http://ahrefs.com/robot/)"
185.157.212.157 - - [15/Apr/2025:17:01:21 -0400] "GET /the-benefits-of-manufacturing-automation/ HTTP/1.1" 200 10569 "-" "Mozilla/5.0 (Linux x86_64; rv:114.0) Gecko/20100101 Firefox/114.0"
85.208.98.22 - - [15/Apr/2025:17:05:44 -0400] "GET /ifc-solutions-natural-food-colors-as-a-substitute-for-synthetic-dye/ HTTP/1.1" 200 10085 "-" "Mozilla/5.0 (compatible; SemrushBot-BA; +http://www.semrush.com/bot.html)"
51.222.253.16 - - [15/Apr/2025:17:05:45 -0400] "GET /generosity-unleashed-the-impact-of-mrbeasts-gift-card-giveaway/ HTTP/1.1" 200 10019 "-" "Mozilla/5.0 (compatible; AhrefsBot/7.0; +http://ahrefs.com/robot/)"
119.28.204.247 - - [15/Apr/2025:17:06:00 -0400] "GET /what-are-ustensiles/ HTTP/1.1" 200 9937 "-" "Python/3.10 aiohttp/3.10.5"
178.217.98.213 - - [15/Apr/2025:17:08:28 -0400] "GET /the-benefits-of-manufacturing-automation/ HTTP/1.1" 200 10569 "https://sunquicksf.com/the-benefits-of-manufacturing-automation/" "Mozilla/5.0 (Windows NT 10.0; Win64; x64) AppleWebKit/537.36 (KHTML, like Gecko) Chrome/130.0.0.0 Safari/537.36 CCleaner/130.0.0.0"
178.217.98.213 - - [15/Apr/2025:17:08:35 -0400] "POST /wp-comments-post.php HTTP/1.1" 302 0 "https://sunquicksf.com/the-benefits-of-manufacturing-automation/" "Mozilla/5.0 (Windows NT 10.0; Win64; x64) AppleWebKit/537.36 (KHTML, like Gecko) Chrome/130.0.0.0 Safari/537.36 CCleaner/130.0.0.0"
178.217.98.213 - - [15/Apr/2025:17:08:38 -0400] "GET /the-benefits-of-manufacturing-automation/ HTTP/1.1" 200 6565 "https://sunquicksf.com/the-benefits-of-manufacturing-automation/#comment-50172" "Mozilla/5.0 (Windows NT 10.0; Win64; x64) AppleWebKit/537.36 (KHTML, like Gecko) Chrome/130.0.0.0 Safari/537.36 CCleaner/130.0.0.0"
51.222.253.1 - - [15/Apr/2025:17:10:47 -0400] "GET /the-benefits-of-reserve-residences/ HTTP/1.1" 200 10691 "-" "Mozilla/5.0 (compatible; AhrefsBot/7.0; +http://ahrefs.com/robot/)"
51.222.253.20 - - [15/Apr/2025:17:16:04 -0400] "GET /a-growing-trend-in-canada/ HTTP/1.1" 200 10055 "-" "Mozilla/5.0 (compatible; AhrefsBot/7.0; +http://ahrefs.com/robot/)"
198.54.114.83 - - [15/Apr/2025:17:18:31 -0400] "POST /wp-cron.php?doing_wp_cron=1744751909.9961299896240234375000 HTTP/1.1" 200 0 "-" "WordPress/6.7.2; https://sunquicksf.com"
84.54.44.30 - - [15/Apr/2025:17:18:26 -0400] "GET /ally-bank-customer-service/ HTTP/1.1" 200 10691 "https://sunquicksf.com/ally-bank-customer-service/" "Mozilla/5.0 (Windows NT 10.0; Win64; x64) AppleWebKit/537.36 (KHTML, like Gecko) Chrome/130.0.0.0 Safari/537.36"
84.54.44.30 - - [15/Apr/2025:17:18:32 -0400] "POST /wp-comments-post.php HTTP/1.1" 302 0 "https://sunquicksf.com/ally-bank-customer-service/" "Mozilla/5.0 (Windows NT 10.0; Win64; x64) AppleWebKit/537.36 (KHTML, like Gecko) Chrome/130.0.0.0 Safari/537.36"
84.54.44.30 - - [15/Apr/2025:17:18:36 -0400] "GET /ally-bank-customer-service/ HTTP/1.1" 200 6529 "https://sunquicksf.com/ally-bank-customer-service/#comment-50173" "Mozilla/5.0 (Windows NT 10.0; Win64; x64) AppleWebKit/537.36 (KHTML, like Gecko) Chrome/130.0.0.0 Safari/537.36"
150.109.45.190 - - [15/Apr/2025:17:19:23 -0400] "GET /what-is-frequency-healing/ HTTP/1.1" 200 10136 "-" "Python/3.10 aiohttp/3.10.5"
198.54.114.83 - - [15/Apr/2025:17:20:35 -0400] "POST /wp-cron.php?doing_wp_cron=1744752034.8352279663085937500000 HTTP/1.1" 200 0 "-" "WordPress/6.7.2; https://sunquicksf.com"
109.172.87.122 - - [15/Apr/2025:17:20:33 -0400] "GET /the-benefits-of-manufacturing-automation/ HTTP/1.1" 200 10569 "https://sunquicksf.com/the-benefits-of-manufacturing-automation/" "Mozilla/5.0 (Windows NT 10.0; Win64; x64) AppleWebKit/537.36 (KHTML, like Gecko) Chrome/131.0.0.0 Safari/537.36"
109.172.87.122 - - [15/Apr/2025:17:20:38 -0400] "POST /wp-comments-post.php HTTP/1.1" 302 0 "https://sunquicksf.com/the-benefits-of-manufacturing-automation/" "Mozilla/5.0 (Windows NT 10.0; Win64; x64) AppleWebKit/537.36 (KHTML, like Gecko) Chrome/131.0.0.0 Safari/537.36"
109.172.87.122 - - [15/Apr/2025:17:20:42 -0400] "GET /the-benefits-of-manufacturing-automation/ HTTP/1.1" 200 11725 "https://sunquicksf.com/the-benefits-of-manufacturing-automation/#comment-50174" "Mozilla/5.0 (Windows NT 10.0; Win64; x64) AppleWebKit/537.36 (KHTML, like Gecko) Chrome/131.0.0.0 Safari/537.36"
51.222.253.4 - - [15/Apr/2025:17:21:28 -0400] "GET /streamlining-information-sharing/ HTTP/1.1" 200 10189 "-" "Mozilla/5.0 (compatible; AhrefsBot/7.0; +http://ahrefs.com/robot/)"
185.157.212.157 - - [15/Apr/2025:17:21:38 -0400] "GET /the-benefits-of-manufacturing-automation/ HTTP/1.1" 200 10569 "https://sunquicksf.com/the-benefits-of-manufacturing-automation/" "Mozilla/5.0 (Windows NT 10.0; Win64; x64) AppleWebKit/537.36 (KHTML, like Gecko) Chrome/131.0.0.0 Safari/537.36 Avast/131.0.0.0"
185.157.212.157 - - [15/Apr/2025:17:21:41 -0400] "POST /wp-comments-post.php HTTP/1.1" 302 0 "https://sunquicksf.com/the-benefits-of-manufacturing-automation/" "Mozilla/5.0 (Windows NT 10.0; Win64; x64) AppleWebKit/537.36 (KHTML, like Gecko) Chrome/131.0.0.0 Safari/537.36 Avast/131.0.0.0"
185.157.212.157 - - [15/Apr/2025:17:21:45 -0400] "GET /the-benefits-of-manufacturing-automation/ HTTP/1.1" 200 11637 "https://sunquicksf.com/the-benefits-of-manufacturing-automation/#comment-50175" "Mozilla/5.0 (Windows NT 10.0; Win64; x64) AppleWebKit/537.36 (KHTML, like Gecko) Chrome/131.0.0.0 Safari/537.36 Avast/131.0.0.0"
51.222.253.14 - - [15/Apr/2025:17:26:30 -0400] "GET /un-art-intemporel/ HTTP/1.1" 200 10273 "-" "Mozilla/5.0 (compatible; AhrefsBot/7.0; +http://ahrefs.com/robot/)"
51.222.253.5 - - [15/Apr/2025:17:30:51 -0400] "GET /unleashing-the-power-of-qr-code-generator-free/ HTTP/1.1" 200 9872 "-" "Mozilla/5.0 (compatible; AhrefsBot/7.0; +http://ahrefs.com/robot/)"
43.132.214.139 - - [15/Apr/2025:17:33:15 -0400] "GET /how-to-find-a-caregiver-3/ HTTP/1.1" 200 10783 "-" "Python/3.10 aiohttp/3.10.5"
51.222.253.7 - - [15/Apr/2025:17:35:57 -0400] "GET /finding-a-childminder-near-me/ HTTP/1.1" 200 10579 "-" "Mozilla/5.0 (compatible; AhrefsBot/7.0; +http://ahrefs.com/robot/)"
