193.189.100.200 - - [15/Apr/2025:12:45:23 -0400] "GET / HTTP/1.1" 200 77991 "https://sunquicksf.com" "Mozilla/5.0 (Windows NT 10.0; WOW64) AppleWebKit/537.36 (KHTML, like Gecko) Chrome/66.0.3359.139 Safari/537.36"
51.222.253.14 - - [15/Apr/2025:12:45:25 -0400] "GET /portable-truck-washing-organizations-ought-to-think-about-rental-truck-yards-as-clients/ HTTP/1.1" 200 10233 "-" "Mozilla/5.0 (compatible; AhrefsBot/7.0; +http://ahrefs.com/robot/)"
40.121.145.151 - - [15/Apr/2025:12:46:03 -0400] "GET /wp-admin/about.php HTTP/1.1" 302 0 "-" "-"
40.121.145.151 - - [15/Apr/2025:12:46:07 -0400] "GET /wp-login.php?redirect_to=https%3A%2F%2Fsunquicksf.com%2Fwp-admin%2Fabout.php&reauth=1 HTTP/1.1" 200 1733 "-" "-"
198.54.114.83 - - [15/Apr/2025:12:46:11 -0400] "POST /wp-cron.php?doing_wp_cron=1744735567.4630599021911621093750 HTTP/1.1" 200 0 "-" "WordPress/6.7.2; https://sunquicksf.com"
65.21.113.194 - - [15/Apr/2025:12:46:22 -0400] "GET /robots.txt HTTP/1.1" 200 109 "-" "Mozilla/5.0 (compatible; AwarioBot/1.0; +https://awario.com/bots.html)"
40.121.145.151 - - [15/Apr/2025:12:46:23 -0400] "GET /wp-admin/index.php HTTP/1.1" 302 0 "-" "-"
65.21.113.194 - - [15/Apr/2025:12:46:28 -0400] "GET / HTTP/1.1" 200 77991 "-" "Mozilla/5.0 (compatible; AwarioBot/1.0; +https://awario.com/bots.html)"
40.121.145.151 - - [15/Apr/2025:12:46:28 -0400] "GET /wp-login.php?redirect_to=https%3A%2F%2Fsunquicksf.com%2Fwp-admin%2Findex.php&reauth=1 HTTP/1.1" 200 1731 "-" "-"
51.222.253.4 - - [15/Apr/2025:12:48:00 -0400] "GET /unveiling-the-digital-playground-exploring-the-world-of-online-casinos/ HTTP/1.1" 200 10070 "-" "Mozilla/5.0 (compatible; AhrefsBot/7.0; +http://ahrefs.com/robot/)"
40.121.145.151 - - [15/Apr/2025:12:48:19 -0400] "GET /wp-admin/themes.php HTTP/1.1" 302 0 "-" "-"
40.121.145.151 - - [15/Apr/2025:12:48:23 -0400] "GET /wp-login.php?redirect_to=https%3A%2F%2Fsunquicksf.com%2Fwp-admin%2Fthemes.php&reauth=1 HTTP/1.1" 200 1732 "-" "-"
40.121.145.151 - - [15/Apr/2025:12:49:31 -0400] "GET /wp-admin/user/index.php HTTP/1.1" 302 0 "-" "-"
40.121.145.151 - - [15/Apr/2025:12:49:34 -0400] "GET /wp-login.php?redirect_to=https%3A%2F%2Fsunquicksf.com%2Fwp-admin%2Fuser%2Findex.php&reauth=1 HTTP/1.1" 200 1729 "-" "-"
51.222.253.7 - - [15/Apr/2025:12:50:24 -0400] "GET /why-you-need-locksmith-services/ HTTP/1.1" 200 10429 "-" "Mozilla/5.0 (compatible; AhrefsBot/7.0; +http://ahrefs.com/robot/)"
85.208.98.20 - - [15/Apr/2025:12:50:51 -0400] "GET /un-mondo-di-divertimento-il-carousel-3-in-1/ HTTP/1.1" 200 0 "-" "Mozilla/5.0 (compatible; SemrushBot-BA; +http://www.semrush.com/bot.html)"
40.121.145.151 - - [15/Apr/2025:12:52:46 -0400] "GET /wp-login.php?action=register HTTP/1.1" 302 0 "-" "-"
40.121.145.151 - - [15/Apr/2025:12:52:50 -0400] "GET /wp-login.php?registration=disabled HTTP/1.1" 200 1785 "-" "-"
51.222.253.5 - - [15/Apr/2025:12:53:02 -0400] "GET /understanding-the-algorithm/feed/ HTTP/1.1" 304 0 "-" "Mozilla/5.0 (compatible; AhrefsBot/7.0; +http://ahrefs.com/robot/)"
93.183.93.19 - - [15/Apr/2025:12:53:58 -0400] "GET /the-benefits-of-manufacturing-automation/ HTTP/1.1" 200 10569 "https://sunquicksf.com/the-benefits-of-manufacturing-automation/" "Mozilla/5.0 (Windows NT 10.0; Win64; x64) AppleWebKit/537.36 (KHTML, like Gecko) Chrome/130.0.0.0 Safari/537.36"
93.183.93.19 - - [15/Apr/2025:12:53:58 -0400] "GET /the-benefits-of-manufacturing-automation/ HTTP/1.1" 200 10594 "https://sunquicksf.com/the-benefits-of-manufacturing-automation/" "Mozilla/5.0 (Windows NT 10.0; Win64; x64) AppleWebKit/537.36 (KHTML, like Gecko) Chrome/130.0.0.0 Safari/537.36"
93.183.93.19 - - [15/Apr/2025:12:54:02 -0400] "POST /wp-comments-post.php HTTP/1.1" 429 982 "https://sunquicksf.com/the-benefits-of-manufacturing-automation/" "Mozilla/5.0 (Windows NT 10.0; Win64; x64) AppleWebKit/537.36 (KHTML, like Gecko) Chrome/130.0.0.0 Safari/537.36"
93.183.93.19 - - [15/Apr/2025:12:54:02 -0400] "POST /wp-comments-post.php HTTP/1.1" 302 0 "https://sunquicksf.com/the-benefits-of-manufacturing-automation/" "Mozilla/5.0 (Windows NT 10.0; Win64; x64) AppleWebKit/537.36 (KHTML, like Gecko) Chrome/130.0.0.0 Safari/537.36"
93.183.93.19 - - [15/Apr/2025:12:54:12 -0400] "GET /the-benefits-of-manufacturing-automation/ HTTP/1.1" 200 11853 "https://sunquicksf.com/the-benefits-of-manufacturing-automation/#comment-50141" "Mozilla/5.0 (Windows NT 10.0; Win64; x64) AppleWebKit/537.36 (KHTML, like Gecko) Chrome/130.0.0.0 Safari/537.36"
93.183.93.19 - - [15/Apr/2025:12:54:11 -0400] "GET /the-benefits-of-manufacturing-automation/ HTTP/1.1" 200 10569 "https://sunquicksf.com/the-benefits-of-manufacturing-automation/" "Mozilla/5.0 (Windows NT 10.0; Win64; x64) AppleWebKit/537.36 (KHTML, like Gecko) Chrome/130.0.0.0 Safari/537.36"
51.222.253.6 - - [15/Apr/2025:12:55:41 -0400] "GET /a-camping-fridge-is-one-of-the-most-important-accessories-you-can-add-to-your-van-4x4-or-camper/ HTTP/1.1" 200 10165 "-" "Mozilla/5.0 (compatible; AhrefsBot/7.0; +http://ahrefs.com/robot/)"
51.222.253.12 - - [15/Apr/2025:12:58:24 -0400] "GET /vita-glow-skin-whitening-fairness-night-cream-30gm-review/ HTTP/1.1" 200 11754 "-" "Mozilla/5.0 (compatible; AhrefsBot/7.0; +http://ahrefs.com/robot/)"
101.32.39.34 - - [15/Apr/2025:13:00:43 -0400] "GET /benefits-of-ithmid/ HTTP/1.1" 200 10019 "-" "Python/3.10 aiohttp/3.10.5"
51.222.253.19 - - [15/Apr/2025:13:01:26 -0400] "GET / HTTP/1.1" 304 0 "-" "Mozilla/5.0 (compatible; AhrefsBot/7.0; +http://ahrefs.com/robot/)"
178.20.45.182 - - [15/Apr/2025:13:01:35 -0400] "GET /ally-bank-customer-service/ HTTP/1.1" 200 10691 "https://sunquicksf.com/ally-bank-customer-service/#comment-16570/" "Mozilla/5.0 (Windows NT 10.0; Win64; x64) AppleWebKit/537.36 (KHTML, like Gecko) Chrome/131.0.0.0 Safari/537.36"
178.20.45.182 - - [15/Apr/2025:13:01:41 -0400] "POST /wp-comments-post.php HTTP/1.1" 302 0 "https://sunquicksf.com/ally-bank-customer-service/#comment-16570/" "Mozilla/5.0 (Windows NT 10.0; Win64; x64) AppleWebKit/537.36 (KHTML, like Gecko) Chrome/131.0.0.0 Safari/537.36"
198.54.114.83 - - [15/Apr/2025:13:01:45 -0400] "POST /wp-cron.php?doing_wp_cron=1744736502.1894989013671875000000 HTTP/1.1" 200 0 "-" "WordPress/6.7.2; https://sunquicksf.com"
178.20.45.182 - - [15/Apr/2025:13:01:49 -0400] "GET /ally-bank-customer-service/ HTTP/1.1" 200 23858 "https://sunquicksf.com/ally-bank-customer-service/#comment-50142" "Mozilla/5.0 (Windows NT 10.0; Win64; x64) AppleWebKit/537.36 (KHTML, like Gecko) Chrome/131.0.0.0 Safari/537.36"
91.84.113.162 - - [15/Apr/2025:13:02:17 -0400] "GET /ally-bank-customer-service/ HTTP/1.1" 200 10674 "https://sunquicksf.com/ally-bank-customer-service/#comment-49666" "Mozilla/5.0 (Windows NT 6.3; Win64; x64) AppleWebKit/537.36 (KHTML, like Gecko) Chrome/103.0.5060.66 Safari/537.36"
91.84.113.162 - - [15/Apr/2025:13:02:21 -0400] "POST /wp-comments-post.php HTTP/1.1" 302 0 "https://sunquicksf.com/ally-bank-customer-service/#comment-49666" "Mozilla/5.0 (Windows NT 6.3; Win64; x64) AppleWebKit/537.36 (KHTML, like Gecko) Chrome/103.0.5060.66 Safari/537.36"
91.84.113.162 - - [15/Apr/2025:13:02:28 -0400] "GET /ally-bank-customer-service/ HTTP/1.1" 200 11416 "https://sunquicksf.com/ally-bank-customer-service/#comment-50143" "Mozilla/5.0 (Windows NT 6.3; Win64; x64) AppleWebKit/537.36 (KHTML, like Gecko) Chrome/103.0.5060.66 Safari/537.36"
40.121.145.151 - - [15/Apr/2025:13:03:17 -0400] "GET /wp-admin/network/index.php HTTP/1.1" 302 0 "-" "-"
40.121.145.151 - - [15/Apr/2025:13:03:20 -0400] "GET /wp-login.php?redirect_to=https%3A%2F%2Fsunquicksf.com%2Fwp-admin%2Fnetwork%2Findex.php&reauth=1 HTTP/1.1" 200 1730 "-" "-"
51.222.253.7 - - [15/Apr/2025:13:04:57 -0400] "GET /why-its-time-for-a-gas-boiler-service/ HTTP/1.1" 200 9991 "-" "Mozilla/5.0 (compatible; AhrefsBot/7.0; +http://ahrefs.com/robot/)"
198.54.114.83 - - [15/Apr/2025:13:05:05 -0400] "POST /wp-cron.php?doing_wp_cron=1744736702.2918610572814941406250 HTTP/1.1" 200 0 "-" "WordPress/6.7.2; https://sunquicksf.com"
178.62.200.135 - - [15/Apr/2025:13:05:09 -0400] "GET /wp-json/wp/v2/tags?per_page=50&page=1&orderby=count&order=desc HTTP/1.1" 200 2 "-" "axios/1.7.7"
178.62.200.135 - - [15/Apr/2025:13:05:16 -0400] "GET /wp-json/wp/v2/categories?per_page=50&page=1&orderby=count&order=desc HTTP/1.1" 200 33252 "-" "axios/1.7.7"
51.222.253.19 - - [15/Apr/2025:13:07:59 -0400] "GET /page/49/ HTTP/1.1" 200 10138 "-" "Mozilla/5.0 (compatible; AhrefsBot/7.0; +http://ahrefs.com/robot/)"
51.222.253.12 - - [15/Apr/2025:13:10:50 -0400] "GET /unveiling-mypopsox-revolutionizing-comfort-and-style/ HTTP/1.1" 200 11029 "-" "Mozilla/5.0 (compatible; AhrefsBot/7.0; +http://ahrefs.com/robot/)"
91.84.98.204 - - [15/Apr/2025:13:13:00 -0400] "GET /the-benefits-of-manufacturing-automation/ HTTP/1.1" 200 10553 "https://sunquicksf.com/the-benefits-of-manufacturing-automation/" "Mozilla/5.0 (Windows NT 10.0; Win64; x64) AppleWebKit/537.36 (KHTML, like Gecko) Chrome/130.0.0.0 Safari/537.36 CCleaner/130.0.0.0"
91.84.98.204 - - [15/Apr/2025:13:13:13 -0400] "POST /wp-comments-post.php HTTP/1.1" 302 0 "https://sunquicksf.com/the-benefits-of-manufacturing-automation/" "Mozilla/5.0 (Windows NT 10.0; Win64; x64) AppleWebKit/537.36 (KHTML, like Gecko) Chrome/130.0.0.0 Safari/537.36 CCleaner/130.0.0.0"
91.84.98.204 - - [15/Apr/2025:13:13:21 -0400] "GET /the-benefits-of-manufacturing-automation/ HTTP/1.1" 200 12107 "https://sunquicksf.com/the-benefits-of-manufacturing-automation/#comment-50144" "Mozilla/5.0 (Windows NT 10.0; Win64; x64) AppleWebKit/537.36 (KHTML, like Gecko) Chrome/130.0.0.0 Safari/537.36 CCleaner/130.0.0.0"
51.222.253.9 - - [15/Apr/2025:13:13:41 -0400] "GET /exceptionally-printed-handbags-for-halloween-occasions/ HTTP/1.1" 200 12189 "-" "Mozilla/5.0 (compatible; AhrefsBot/7.0; +http://ahrefs.com/robot/)"
51.222.253.8 - - [15/Apr/2025:13:16:42 -0400] "GET /category/activity/page/93/ HTTP/1.1" 200 10094 "-" "Mozilla/5.0 (compatible; AhrefsBot/7.0; +http://ahrefs.com/robot/)"
198.54.114.83 - - [15/Apr/2025:13:16:53 -0400] "POST /wp-cron.php?doing_wp_cron=1744737407.2390489578247070312500 HTTP/1.1" 200 0 "-" "WordPress/6.7.2; https://sunquicksf.com"
84.54.44.204 - - [15/Apr/2025:13:19:12 -0400] "GET /ally-bank-customer-service/ HTTP/1.1" 200 10691 "https://sunquicksf.com/ally-bank-customer-service/" "Mozilla/5.0 (Windows NT 10.0; Win64; x64) AppleWebKit/537.36 (KHTML, like Gecko) Chrome/130.0.0.0 Safari/537.36"
84.54.44.204 - - [15/Apr/2025:13:19:26 -0400] "POST /wp-comments-post.php HTTP/1.1" 302 0 "https://sunquicksf.com/ally-bank-customer-service/" "Mozilla/5.0 (Windows NT 10.0; Win64; x64) AppleWebKit/537.36 (KHTML, like Gecko) Chrome/130.0.0.0 Safari/537.36"
51.222.253.18 - - [15/Apr/2025:13:19:36 -0400] "GET /air-conditioning/ HTTP/1.1" 200 9539 "-" "Mozilla/5.0 (compatible; AhrefsBot/7.0; +http://ahrefs.com/robot/)"
84.54.44.204 - - [15/Apr/2025:13:19:36 -0400] "GET /ally-bank-customer-service/ HTTP/1.1" 200 6529 "https://sunquicksf.com/ally-bank-customer-service/#comment-50145" "Mozilla/5.0 (Windows NT 10.0; Win64; x64) AppleWebKit/537.36 (KHTML, like Gecko) Chrome/130.0.0.0 Safari/537.36"
93.183.93.19 - - [15/Apr/2025:13:21:58 -0400] "GET /the-benefits-of-manufacturing-automation/ HTTP/1.1" 200 10553 "https://sunquicksf.com/the-benefits-of-manufacturing-automation/" "Mozilla/5.0 (Windows NT 10.0; Win64; x64) AppleWebKit/537.36 (KHTML, like Gecko) Chrome/131.0.0.0 Safari/537.36"
93.183.93.19 - - [15/Apr/2025:13:21:56 -0400] "GET /the-benefits-of-manufacturing-automation/ HTTP/1.1" 200 10553 "https://sunquicksf.com/the-benefits-of-manufacturing-automation/" "Mozilla/5.0 (Windows NT 10.0; Win64; x64) AppleWebKit/537.36 (KHTML, like Gecko) Chrome/131.0.0.0 Safari/537.36"
93.183.93.19 - - [15/Apr/2025:13:22:09 -0400] "POST /wp-comments-post.php HTTP/1.1" 302 0 "https://sunquicksf.com/the-benefits-of-manufacturing-automation/" "Mozilla/5.0 (Windows NT 10.0; Win64; x64) AppleWebKit/537.36 (KHTML, like Gecko) Chrome/131.0.0.0 Safari/537.36"
93.183.93.19 - - [15/Apr/2025:13:22:09 -0400] "POST /wp-comments-post.php HTTP/1.1" 302 0 "https://sunquicksf.com/the-benefits-of-manufacturing-automation/" "Mozilla/5.0 (Windows NT 10.0; Win64; x64) AppleWebKit/537.36 (KHTML, like Gecko) Chrome/131.0.0.0 Safari/537.36"
93.183.93.19 - - [15/Apr/2025:13:22:17 -0400] "GET /the-benefits-of-manufacturing-automation/ HTTP/1.1" 200 11960 "https://sunquicksf.com/the-benefits-of-manufacturing-automation/#comment-50147" "Mozilla/5.0 (Windows NT 10.0; Win64; x64) AppleWebKit/537.36 (KHTML, like Gecko) Chrome/131.0.0.0 Safari/537.36"
93.183.93.19 - - [15/Apr/2025:13:22:17 -0400] "GET /the-benefits-of-manufacturing-automation/ HTTP/1.1" 200 11881 "https://sunquicksf.com/the-benefits-of-manufacturing-automation/#comment-50146" "Mozilla/5.0 (Windows NT 10.0; Win64; x64) AppleWebKit/537.36 (KHTML, like Gecko) Chrome/131.0.0.0 Safari/537.36"
51.222.253.7 - - [15/Apr/2025:13:22:46 -0400] "GET /top-10-reasons-why-you-should-buy-at-lentor-hills-residences/ HTTP/1.1" 200 10131 "-" "Mozilla/5.0 (compatible; AhrefsBot/7.0; +http://ahrefs.com/robot/)"
51.222.253.18 - - [15/Apr/2025:13:25:25 -0400] "GET /a-digital-revolution-in-gambling/ HTTP/1.1" 200 9915 "-" "Mozilla/5.0 (compatible; AhrefsBot/7.0; +http://ahrefs.com/robot/)"
198.54.114.83 - - [15/Apr/2025:13:25:34 -0400] "POST /wp-cron.php?doing_wp_cron=1744737929.5796420574188232421875 HTTP/1.1" 200 0 "-" "WordPress/6.7.2; https://sunquicksf.com"
178.217.98.213 - - [15/Apr/2025:13:26:28 -0400] "GET /the-benefits-of-manufacturing-automation/ HTTP/1.1" 200 10594 "-" "Mozilla/5.0 (Linux x86_64; rv:114.0) Gecko/20100101 Firefox/114.0"
185.157.212.157 - - [15/Apr/2025:13:27:04 -0400] "GET /the-benefits-of-manufacturing-automation/ HTTP/1.1" 200 10553 "https://sunquicksf.com/the-benefits-of-manufacturing-automation/" "Mozilla/5.0 (Windows NT 10.0; Win64; x64) AppleWebKit/537.36 (KHTML, like Gecko) Chrome/129.0.0.0 Safari/537.36"
185.157.212.157 - - [15/Apr/2025:13:27:14 -0400] "POST /wp-comments-post.php HTTP/1.1" 302 0 "https://sunquicksf.com/the-benefits-of-manufacturing-automation/" "Mozilla/5.0 (Windows NT 10.0; Win64; x64) AppleWebKit/537.36 (KHTML, like Gecko) Chrome/129.0.0.0 Safari/537.36"
185.157.212.157 - - [15/Apr/2025:13:27:25 -0400] "GET /the-benefits-of-manufacturing-automation/ HTTP/1.1" 200 11852 "https://sunquicksf.com/the-benefits-of-manufacturing-automation/#comment-50148" "Mozilla/5.0 (Windows NT 10.0; Win64; x64) AppleWebKit/537.36 (KHTML, like Gecko) Chrome/129.0.0.0 Safari/537.36"
51.222.253.19 - - [15/Apr/2025:13:28:55 -0400] "GET /back-shoulder-blade-pain/feed/ HTTP/1.1" 304 0 "-" "Mozilla/5.0 (compatible; AhrefsBot/7.0; +http://ahrefs.com/robot/)"
198.54.114.83 - - [15/Apr/2025:13:29:05 -0400] "POST /wp-cron.php?doing_wp_cron=1744738140.4236729145050048828125 HTTP/1.1" 200 0 "-" "WordPress/6.7.2; https://sunquicksf.com"
51.222.253.18 - - [15/Apr/2025:13:31:42 -0400] "GET /page/92/ HTTP/1.1" 200 9869 "-" "Mozilla/5.0 (compatible; AhrefsBot/7.0; +http://ahrefs.com/robot/)"
198.54.114.83 - - [15/Apr/2025:13:31:52 -0400] "POST /wp-cron.php?doing_wp_cron=1744738307.7683250904083251953125 HTTP/1.1" 200 0 "-" "WordPress/6.7.2; https://sunquicksf.com"
51.222.253.8 - - [15/Apr/2025:13:34:55 -0400] "GET /the-benefits-of-a-part-time-job/ HTTP/1.1" 200 10139 "-" "Mozilla/5.0 (compatible; AhrefsBot/7.0; +http://ahrefs.com/robot/)"
163.223.210.21 - - [15/Apr/2025:13:35:10 -0400] "GET /tinyfilemanager.php HTTP/1.1" 200 0 "-" "Mozilla/5.0 (Windows NT 10.0; Win64; x64) AppleWebKit/537.36 (KHTML, like Gecko) Chrome/91.0.4472.124 Safari/537.36"
198.54.114.83 - - [15/Apr/2025:13:35:10 -0400] "POST /wp-cron.php?doing_wp_cron=1744738502.6559009552001953125000 HTTP/1.1" 200 0 "-" "WordPress/6.7.2; https://sunquicksf.com"
163.223.210.21 - - [15/Apr/2025:13:35:11 -0400] "GET /fm.php HTTP/1.1" 200 0 "-" "Mozilla/5.0 (Macintosh; Intel Mac OS X 10_15_7) AppleWebKit/537.36 (KHTML, like Gecko) Chrome/91.0.4472.124 Safari/537.36"
163.223.210.21 - - [15/Apr/2025:13:35:16 -0400] "GET /filemanager.php HTTP/1.1" 200 0 "-" "Mozilla/5.0 (Windows NT 10.0; Win64; x64) AppleWebKit/537.36 (KHTML, like Gecko) Chrome/91.0.4472.124 Safari/537.36"
92.251.103.63 - - [15/Apr/2025:13:36:25 -0400] "GET /choosing-the-right-gaming-mousepad/ HTTP/1.1" 200 10200 "-" "Mozilla/5.0 (Windows NT 10.0; Win64; x64) AppleWebKit/537.36 (KHTML, like Gecko) Chrome/121.0.0.0 Safari/537.36"
198.54.114.83 - - [15/Apr/2025:13:36:31 -0400] "POST /wp-cron.php?doing_wp_cron=1744738585.7573270797729492187500 HTTP/1.1" 200 0 "-" "WordPress/6.7.2; https://sunquicksf.com"
91.84.98.204 - - [15/Apr/2025:13:36:31 -0400] "GET /the-benefits-of-manufacturing-automation/ HTTP/1.1" 200 10553 "https://sunquicksf.com/the-benefits-of-manufacturing-automation/" "Mozilla/5.0 (Windows NT 10.0; Win64; x64) AppleWebKit/537.36 (KHTML, like Gecko) Chrome/131.0.0.0 Safari/537.36"
91.84.98.204 - - [15/Apr/2025:13:36:37 -0400] "POST /wp-comments-post.php HTTP/1.1" 302 0 "https://sunquicksf.com/the-benefits-of-manufacturing-automation/" "Mozilla/5.0 (Windows NT 10.0; Win64; x64) AppleWebKit/537.36 (KHTML, like Gecko) Chrome/131.0.0.0 Safari/537.36"
91.84.98.204 - - [15/Apr/2025:13:36:44 -0400] "GET /the-benefits-of-manufacturing-automation/ HTTP/1.1" 200 12052 "https://sunquicksf.com/the-benefits-of-manufacturing-automation/#comment-50149" "Mozilla/5.0 (Windows NT 10.0; Win64; x64) AppleWebKit/537.36 (KHTML, like Gecko) Chrome/131.0.0.0 Safari/537.36"
51.222.253.10 - - [15/Apr/2025:13:38:06 -0400] "GET /puerto-aventuras-yachts/ HTTP/1.1" 200 10508 "-" "Mozilla/5.0 (compatible; AhrefsBot/7.0; +http://ahrefs.com/robot/)"
178.217.98.213 - - [15/Apr/2025:13:39:34 -0400] "GET /the-benefits-of-manufacturing-automation/ HTTP/1.1" 200 10569 "https://sunquicksf.com/the-benefits-of-manufacturing-automation/" "Mozilla/5.0 (Windows NT 10.0; Win64; x64) AppleWebKit/537.36 (KHTML, like Gecko) Chrome/130.0.0.0 Safari/537.36 CCleaner/130.0.0.0"
198.54.114.83 - - [15/Apr/2025:13:39:40 -0400] "POST /wp-cron.php?doing_wp_cron=1744738775.8148510456085205078125 HTTP/1.1" 200 0 "-" "WordPress/6.7.2; https://sunquicksf.com"
178.217.98.213 - - [15/Apr/2025:13:39:43 -0400] "POST /wp-comments-post.php HTTP/1.1" 302 0 "https://sunquicksf.com/the-benefits-of-manufacturing-automation/" "Mozilla/5.0 (Windows NT 10.0; Win64; x64) AppleWebKit/537.36 (KHTML, like Gecko) Chrome/130.0.0.0 Safari/537.36 CCleaner/130.0.0.0"
178.217.98.213 - - [15/Apr/2025:13:39:51 -0400] "GET /the-benefits-of-manufacturing-automation/ HTTP/1.1" 200 11152 "https://sunquicksf.com/the-benefits-of-manufacturing-automation/#comment-50150" "Mozilla/5.0 (Windows NT 10.0; Win64; x64) AppleWebKit/537.36 (KHTML, like Gecko) Chrome/130.0.0.0 Safari/537.36 CCleaner/130.0.0.0"
154.38.167.39 - - [15/Apr/2025:13:40:24 -0400] "GET /category/contact-us/ HTTP/1.1" 200 8105 "-" "Mozilla/5.0 (Linux x86_64; rv:114.0) Gecko/20100101 Firefox/114.0"
154.38.167.39 - - [15/Apr/2025:13:40:32 -0400] "GET /category/contact-us/feed/ HTTP/1.1" 200 430 "https://sunquicksf.com/category/contact-us/" "Mozilla/5.0 (Linux x86_64; rv:114.0) Gecko/20100101 Firefox/114.0"
154.38.167.39 - - [15/Apr/2025:13:40:38 -0400] "GET / HTTP/1.1" 200 77991 "-" "Mozilla/5.0 (Linux x86_64; rv:114.0) Gecko/20100101 Firefox/114.0"
154.38.167.39 - - [15/Apr/2025:13:40:44 -0400] "GET /'%20+%20item.url%20+%20' HTTP/1.1" 301 0 "https://sunquicksf.com/" "Mozilla/5.0 (Linux x86_64; rv:114.0) Gecko/20100101 Firefox/114.0"
198.54.114.83 - - [15/Apr/2025:13:40:49 -0400] "POST /wp-cron.php?doing_wp_cron=1744738845.0564129352569580078125 HTTP/1.1" 200 0 "-" "WordPress/6.7.2; https://sunquicksf.com"
154.38.167.39 - - [15/Apr/2025:13:40:51 -0400] "GET /%20+%20item.url%20+%20 HTTP/1.1" 301 0 "https://sunquicksf.com/'%20+%20item.url%20+%20'" "Mozilla/5.0 (Linux x86_64; rv:114.0) Gecko/20100101 Firefox/114.0"
154.38.167.39 - - [15/Apr/2025:13:40:57 -0400] "GET /%20+%20item.url%20+ HTTP/1.1" 404 7854 "https://sunquicksf.com/%20+%20item.url%20+%20" "Mozilla/5.0 (Linux x86_64; rv:114.0) Gecko/20100101 Firefox/114.0"
85.208.98.31 - - [15/Apr/2025:13:41:02 -0400] "GET /ifc-solutions-natural-food-colors-as-a-substitute-for-synthetic-dye/ HTTP/1.1" 200 0 "-" "Mozilla/5.0 (compatible; SemrushBot-BA; +http://www.semrush.com/bot.html)"
154.38.167.39 - - [15/Apr/2025:13:41:06 -0400] "GET /category/contact-us/ HTTP/1.1" 200 8105 "https://sunquicksf.com/category/contact-us/" "Mozilla/5.0 (Linux x86_64; rv:114.0) Gecko/20100101 Firefox/114.0"
51.222.253.6 - - [15/Apr/2025:13:41:25 -0400] "GET /how-to-find-a-reliable-house-painter/ HTTP/1.1" 200 11319 "-" "Mozilla/5.0 (compatible; AhrefsBot/7.0; +http://ahrefs.com/robot/)"
85.208.98.19 - - [15/Apr/2025:13:41:28 -0400] "GET /demon-slayer-katana-plus-quun-simple-katana-demon-slayer/ HTTP/1.1" 200 0 "-" "Mozilla/5.0 (compatible; SemrushBot-BA; +http://www.semrush.com/bot.html)"
34.16.56.79 - - [15/Apr/2025:13:42:57 -0400] "GET / HTTP/1.1" 200 77991 "-" "Mozilla/5.0 (Windows NT 10.0; Win64; x64) AppleWebKit/537.36 (KHTML, like Gecko) Chrome/120.0.0.0 Safari/537.36"
51.222.253.14 - - [15/Apr/2025:13:44:02 -0400] "GET /buy-youtube-views-to-monetize-your-youtube-channel/ HTTP/1.1" 200 10649 "-" "Mozilla/5.0 (compatible; AhrefsBot/7.0; +http://ahrefs.com/robot/)"
198.54.114.83 - - [15/Apr/2025:13:44:12 -0400] "POST /wp-cron.php?doing_wp_cron=1744739048.5421628952026367187500 HTTP/1.1" 200 0 "-" "WordPress/6.7.2; https://sunquicksf.com"
51.222.253.12 - - [15/Apr/2025:13:47:06 -0400] "GET /warum-sie-die-haufigsten-ratschlage-von-gitarrenlehrern-vergessen-sollten/ HTTP/1.1" 200 0 "-" "Mozilla/5.0 (compatible; AhrefsBot/7.0; +http://ahrefs.com/robot/)"
163.5.30.162 - - [15/Apr/2025:13:48:45 -0400] "GET /the-benefits-of-a-rose-quartz-roller/ HTTP/1.1" 200 10542 "-" "Mozilla/5.0 (Linux x86_64; rv:114.0) Gecko/20100101 Firefox/114.0"
198.54.114.83 - - [15/Apr/2025:13:48:49 -0400] "POST /wp-cron.php?doing_wp_cron=1744739325.5634429454803466796875 HTTP/1.1" 200 0 "-" "WordPress/6.7.2; https://sunquicksf.com"
51.222.253.1 - - [15/Apr/2025:13:50:16 -0400] "GET /a-comprehensive-overviews/ HTTP/1.1" 200 9923 "-" "Mozilla/5.0 (compatible; AhrefsBot/7.0; +http://ahrefs.com/robot/)"
185.157.212.157 - - [15/Apr/2025:13:50:35 -0400] "GET /the-benefits-of-manufacturing-automation/ HTTP/1.1" 200 10569 "https://sunquicksf.com/the-benefits-of-manufacturing-automation/" "Mozilla/5.0 (Windows NT 10.0; Win64; x64) AppleWebKit/537.36 (KHTML, like Gecko) Chrome/130.0.0.0 Safari/537.36 CCleaner/130.0.0.0"
185.157.212.157 - - [15/Apr/2025:13:50:42 -0400] "POST /wp-comments-post.php HTTP/1.1" 302 0 "https://sunquicksf.com/the-benefits-of-manufacturing-automation/" "Mozilla/5.0 (Windows NT 10.0; Win64; x64) AppleWebKit/537.36 (KHTML, like Gecko) Chrome/130.0.0.0 Safari/537.36 CCleaner/130.0.0.0"
185.157.212.157 - - [15/Apr/2025:13:50:49 -0400] "GET /the-benefits-of-manufacturing-automation/ HTTP/1.1" 200 11856 "https://sunquicksf.com/the-benefits-of-manufacturing-automation/#comment-50151" "Mozilla/5.0 (Windows NT 10.0; Win64; x64) AppleWebKit/537.36 (KHTML, like Gecko) Chrome/130.0.0.0 Safari/537.36 CCleaner/130.0.0.0"
107.175.149.167 - - [15/Apr/2025:13:52:42 -0400] "GET /how-to-find-a-24-7-locksmith-near-you/ HTTP/1.1" 200 10580 "-" "Mozilla/5.0 (Windows NT 10.0; Win64; x64) AppleWebKit/537.36 (KHTML, like Gecko) Chrome/114.0.0.0 Safari/537.36"
198.54.114.83 - - [15/Apr/2025:13:52:50 -0400] "POST /wp-cron.php?doing_wp_cron=1744739568.0847229957580566406250 HTTP/1.1" 200 0 "-" "WordPress/6.7.2; https://sunquicksf.com"
107.175.149.167 - - [15/Apr/2025:13:52:58 -0400] "GET /category/sign-up/ HTTP/1.1" 200 8081 "https://sunquicksf.com/how-to-find-a-24-7-locksmith-near-you/" "Mozilla/5.0 (Windows NT 6.3; Win64; x64) AppleWebKit/537.36 (KHTML, like Gecko) Chrome/103.0.0.0 Safari/537.36"
107.175.149.167 - - [15/Apr/2025:13:53:07 -0400] "GET /category/sign-up/ HTTP/1.1" 200 8121 "https://sunquicksf.com/category/sign-up/" "Mozilla/5.0 (Windows NT 6.3; Win64; x64) AppleWebKit/537.36 (KHTML, like Gecko) Chrome/103.0.0.0 Safari/537.36"
107.175.149.167 - - [15/Apr/2025:13:53:13 -0400] "GET /how-to-find-a-24-7-locksmith-near-you/ HTTP/1.1" 200 10580 "https://sunquicksf.com/how-to-find-a-24-7-locksmith-near-you/" "Mozilla/5.0 (Windows NT 6.3; Win64; x64) AppleWebKit/537.36 (KHTML, like Gecko) Chrome/103.0.0.0 Safari/537.36"
51.222.253.14 - - [15/Apr/2025:13:55:36 -0400] "GET /michael-kors-bags-for-women/feed/ HTTP/1.1" 200 384 "-" "Mozilla/5.0 (compatible; AhrefsBot/7.0; +http://ahrefs.com/robot/)"
198.54.114.83 - - [15/Apr/2025:13:55:45 -0400] "POST /wp-cron.php?doing_wp_cron=1744739740.4368269443511962890625 HTTP/1.1" 200 0 "-" "WordPress/6.7.2; https://sunquicksf.com"
154.195.136.205 - - [15/Apr/2025:13:56:48 -0400] "GET /ally-bank-customer-service/ HTTP/1.1" 200 10674 "https://sunquicksf.com/ally-bank-customer-service/#comment-38673" "Mozilla/5.0 (Windows NT 10.0; Win64; x64) AppleWebKit/537.36 (KHTML, like Gecko) Chrome/130.0.0.0 Safari/537.36 CCleaner/130.0.0.0"
154.195.136.205 - - [15/Apr/2025:13:56:58 -0400] "POST /wp-comments-post.php HTTP/1.1" 302 0 "https://sunquicksf.com/ally-bank-customer-service/#comment-38673" "Mozilla/5.0 (Windows NT 10.0; Win64; x64) AppleWebKit/537.36 (KHTML, like Gecko) Chrome/130.0.0.0 Safari/537.36 CCleaner/130.0.0.0"
154.195.136.205 - - [15/Apr/2025:13:57:08 -0400] "GET /ally-bank-customer-service/ HTTP/1.1" 200 6529 "https://sunquicksf.com/ally-bank-customer-service/#comment-50152" "Mozilla/5.0 (Windows NT 10.0; Win64; x64) AppleWebKit/537.36 (KHTML, like Gecko) Chrome/130.0.0.0 Safari/537.36 CCleaner/130.0.0.0"
18.205.91.101 - - [15/Apr/2025:13:57:32 -0400] "GET /a-showcase-of-contemporary-design/ HTTP/1.1" 200 10037 "-" "Mozilla/5.0 AppleWebKit/537.36 (KHTML, like Gecko; compatible; Amazonbot/0.1; +https://developer.amazon.com/support/amazonbot) Chrome/119.0.6045.214 Safari/537.36"
54.84.147.79 - - [15/Apr/2025:13:57:35 -0400] "GET /how-to-find-a-reputable-home-cleaning-service/ HTTP/1.1" 200 11165 "-" "Mozilla/5.0 AppleWebKit/537.36 (KHTML, like Gecko; compatible; Amazonbot/0.1; +https://developer.amazon.com/support/amazonbot) Chrome/119.0.6045.214 Safari/537.36"
51.222.253.11 - - [15/Apr/2025:14:01:14 -0400] "GET /la-lampe-a-lave/ HTTP/1.1" 200 10110 "-" "Mozilla/5.0 (compatible; AhrefsBot/7.0; +http://ahrefs.com/robot/)"
51.222.253.14 - - [15/Apr/2025:14:06:57 -0400] "GET /how-to-win-at-football-betting/ HTTP/1.1" 200 10079 "-" "Mozilla/5.0 (compatible; AhrefsBot/7.0; +http://ahrefs.com/robot/)"
178.217.98.213 - - [15/Apr/2025:14:06:53 -0400] "GET /the-benefits-of-manufacturing-automation/ HTTP/1.1" 200 10569 "https://sunquicksf.com/the-benefits-of-manufacturing-automation/" "Mozilla/5.0 (Windows NT 10.0; Win64; x64) AppleWebKit/537.36 (KHTML, like Gecko) Chrome/129.0.0.0 Safari/537.36"
198.54.114.83 - - [15/Apr/2025:14:07:01 -0400] "POST /wp-cron.php?doing_wp_cron=1744740416.9308140277862548828125 HTTP/1.1" 200 0 "-" "WordPress/6.7.2; https://sunquicksf.com"
178.217.98.213 - - [15/Apr/2025:14:07:04 -0400] "POST /wp-comments-post.php HTTP/1.1" 302 0 "https://sunquicksf.com/the-benefits-of-manufacturing-automation/" "Mozilla/5.0 (Windows NT 10.0; Win64; x64) AppleWebKit/537.36 (KHTML, like Gecko) Chrome/129.0.0.0 Safari/537.36"
178.217.98.213 - - [15/Apr/2025:14:07:11 -0400] "GET /the-benefits-of-manufacturing-automation/ HTTP/1.1" 200 11180 "https://sunquicksf.com/the-benefits-of-manufacturing-automation/#comment-50153" "Mozilla/5.0 (Windows NT 10.0; Win64; x64) AppleWebKit/537.36 (KHTML, like Gecko) Chrome/129.0.0.0 Safari/537.36"
183.56.249.124 - - [15/Apr/2025:14:08:20 -0400] "GET /wp-login.php HTTP/1.1" 200 1721 "-" "Apache-HttpClient/4.5.2 (Java/1.8.0_161)"
198.54.114.83 - - [15/Apr/2025:14:08:24 -0400] "POST /wp-cron.php?doing_wp_cron=1744740501.2044229507446289062500 HTTP/1.1" 200 0 "-" "WordPress/6.7.2; https://sunquicksf.com"
183.56.249.124 - - [15/Apr/2025:14:08:32 -0400] "GET /?author=1 HTTP/1.1" 200 77991 "-" "Apache-HttpClient/4.5.2 (Java/1.8.0_161)"
183.56.249.124 - - [15/Apr/2025:14:08:37 -0400] "GET /?author=2 HTTP/1.1" 200 77991 "-" "Apache-HttpClient/4.5.2 (Java/1.8.0_161)"
183.56.249.124 - - [15/Apr/2025:14:08:42 -0400] "GET /?author=3 HTTP/1.1" 200 77991 "-" "Apache-HttpClient/4.5.2 (Java/1.8.0_161)"
183.56.249.124 - - [15/Apr/2025:14:08:46 -0400] "GET /?author=4 HTTP/1.1" 200 77991 "-" "Apache-HttpClient/4.5.2 (Java/1.8.0_161)"
183.56.249.124 - - [15/Apr/2025:14:08:50 -0400] "GET /?author=5 HTTP/1.1" 200 77991 "-" "Apache-HttpClient/4.5.2 (Java/1.8.0_161)"
183.56.249.124 - - [15/Apr/2025:14:08:54 -0400] "GET /?author=6 HTTP/1.1" 200 77991 "-" "Apache-HttpClient/4.5.2 (Java/1.8.0_161)"
183.56.249.124 - - [15/Apr/2025:14:09:00 -0400] "GET /?author=7 HTTP/1.1" 200 77991 "-" "Apache-HttpClient/4.5.2 (Java/1.8.0_161)"
183.56.249.124 - - [15/Apr/2025:14:09:05 -0400] "GET /?author=8 HTTP/1.1" 200 77991 "-" "Apache-HttpClient/4.5.2 (Java/1.8.0_161)"
183.56.249.124 - - [15/Apr/2025:14:09:10 -0400] "GET /?author=9 HTTP/1.1" 200 77991 "-" "Apache-HttpClient/4.5.2 (Java/1.8.0_161)"
183.56.249.124 - - [15/Apr/2025:14:09:14 -0400] "GET /?author=10 HTTP/1.1" 200 77991 "-" "Apache-HttpClient/4.5.2 (Java/1.8.0_161)"
183.56.249.124 - - [15/Apr/2025:14:09:19 -0400] "GET /?author=11 HTTP/1.1" 200 77991 "-" "Apache-HttpClient/4.5.2 (Java/1.8.0_161)"
183.56.249.124 - - [15/Apr/2025:14:09:24 -0400] "GET /?author=12 HTTP/1.1" 200 77991 "-" "Apache-HttpClient/4.5.2 (Java/1.8.0_161)"
183.56.249.124 - - [15/Apr/2025:14:09:29 -0400] "GET /?author=13 HTTP/1.1" 200 77991 "-" "Apache-HttpClient/4.5.2 (Java/1.8.0_161)"
183.56.249.124 - - [15/Apr/2025:14:09:34 -0400] "GET /?author=14 HTTP/1.1" 200 77991 "-" "Apache-HttpClient/4.5.2 (Java/1.8.0_161)"
183.56.249.124 - - [15/Apr/2025:14:09:38 -0400] "GET /?author=15 HTTP/1.1" 200 77991 "-" "Apache-HttpClient/4.5.2 (Java/1.8.0_161)"
183.56.249.124 - - [15/Apr/2025:14:09:45 -0400] "GET /?author=16 HTTP/1.1" 200 77991 "-" "Apache-HttpClient/4.5.2 (Java/1.8.0_161)"
183.56.249.124 - - [15/Apr/2025:14:09:49 -0400] "GET /?author=17 HTTP/1.1" 200 77991 "-" "Apache-HttpClient/4.5.2 (Java/1.8.0_161)"
183.56.249.124 - - [15/Apr/2025:14:09:55 -0400] "GET /?author=18 HTTP/1.1" 200 77991 "-" "Apache-HttpClient/4.5.2 (Java/1.8.0_161)"
183.56.249.124 - - [15/Apr/2025:14:10:01 -0400] "GET /?author=19 HTTP/1.1" 200 77991 "-" "Apache-HttpClient/4.5.2 (Java/1.8.0_161)"
183.56.249.124 - - [15/Apr/2025:14:10:09 -0400] "GET /?author=20 HTTP/1.1" 200 77991 "-" "Apache-HttpClient/4.5.2 (Java/1.8.0_161)"
51.222.253.15 - - [15/Apr/2025:14:12:50 -0400] "GET /sac-a-dos-militaire-lequipement-essentiel-pour-les-operations-sur-le-terrain/feed/ HTTP/1.1" 200 464 "-" "Mozilla/5.0 (compatible; AhrefsBot/7.0; +http://ahrefs.com/robot/)"
91.84.98.204 - - [15/Apr/2025:14:13:42 -0400] "GET /the-benefits-of-manufacturing-automation/ HTTP/1.1" 200 10569 "https://sunquicksf.com/the-benefits-of-manufacturing-automation/" "Mozilla/5.0 (Windows NT 10.0; Win64; x64) AppleWebKit/537.36 (KHTML, like Gecko) Chrome/131.0.0.0 Safari/537.36"
91.84.98.204 - - [15/Apr/2025:14:13:47 -0400] "POST /wp-comments-post.php HTTP/1.1" 302 0 "https://sunquicksf.com/the-benefits-of-manufacturing-automation/" "Mozilla/5.0 (Windows NT 10.0; Win64; x64) AppleWebKit/537.36 (KHTML, like Gecko) Chrome/131.0.0.0 Safari/537.36"
91.84.98.204 - - [15/Apr/2025:14:13:55 -0400] "GET /the-benefits-of-manufacturing-automation/ HTTP/1.1" 200 10130 "https://sunquicksf.com/the-benefits-of-manufacturing-automation/#comment-50154" "Mozilla/5.0 (Windows NT 10.0; Win64; x64) AppleWebKit/537.36 (KHTML, like Gecko) Chrome/131.0.0.0 Safari/537.36"
51.8.102.40 - - [15/Apr/2025:14:16:11 -0400] "GET /robots.txt HTTP/1.1" 200 109 "-" "Mozilla/5.0 (Macintosh; Intel Mac OS X 10_15_7) AppleWebKit/537.36 (KHTML, like Gecko) Chrome/131.0.0.0 Safari/537.36; compatible; OAI-SearchBot/1.0; +https://openai.com/searchbot"
198.54.114.83 - - [15/Apr/2025:14:16:16 -0400] "POST /wp-cron.php?doing_wp_cron=1744740972.8444480895996093750000 HTTP/1.1" 200 0 "-" "WordPress/6.7.2; https://sunquicksf.com"
51.222.253.8 - - [15/Apr/2025:14:18:56 -0400] "GET /le-charme-intemporel-de-lours-en-peluche/feed/ HTTP/1.1" 200 416 "-" "Mozilla/5.0 (compatible; AhrefsBot/7.0; +http://ahrefs.com/robot/)"
51.222.253.10 - - [15/Apr/2025:14:23:45 -0400] "GET /what-are-ustensiles/ HTTP/1.1" 200 9937 "-" "Mozilla/5.0 (compatible; AhrefsBot/7.0; +http://ahrefs.com/robot/)"
198.54.114.83 - - [15/Apr/2025:14:23:50 -0400] "POST /wp-cron.php?doing_wp_cron=1744741425.6100039482116699218750 HTTP/1.1" 200 0 "-" "WordPress/6.7.2; https://sunquicksf.com"
109.172.87.122 - - [15/Apr/2025:14:24:09 -0400] "GET /the-benefits-of-manufacturing-automation/ HTTP/1.1" 200 10569 "https://sunquicksf.com/the-benefits-of-manufacturing-automation/" "Mozilla/5.0 (Windows NT 10.0; Win64; x64) AppleWebKit/537.36 (KHTML, like Gecko) Chrome/129.0.0.0 Safari/537.36"
109.172.87.122 - - [15/Apr/2025:14:24:16 -0400] "POST /wp-comments-post.php HTTP/1.1" 302 0 "https://sunquicksf.com/the-benefits-of-manufacturing-automation/" "Mozilla/5.0 (Windows NT 10.0; Win64; x64) AppleWebKit/537.36 (KHTML, like Gecko) Chrome/129.0.0.0 Safari/537.36"
109.172.87.122 - - [15/Apr/2025:14:24:23 -0400] "GET /the-benefits-of-manufacturing-automation/ HTTP/1.1" 200 12256 "https://sunquicksf.com/the-benefits-of-manufacturing-automation/#comment-50155" "Mozilla/5.0 (Windows NT 10.0; Win64; x64) AppleWebKit/537.36 (KHTML, like Gecko) Chrome/129.0.0.0 Safari/537.36"
114.119.156.133 - - [15/Apr/2025:14:24:43 -0400] "GET /professionelle-wohnungsauflosungen-in-luneburg/ HTTP/1.1" 200 10335 "https://sunquicksf.com/category/activity/page/3/" "Mozilla/5.0 (Linux; Android 7.0;) AppleWebKit/537.36 (KHTML, like Gecko) Mobile Safari/537.36 (compatible; PetalBot;+https://webmaster.petalsearch.com/site/petalbot)"
114.119.147.233 - - [15/Apr/2025:14:25:38 -0400] "GET /page/3/ HTTP/1.1" 200 9882 "https://sunquicksf.com/page/2/" "Mozilla/5.0 (Linux; Android 7.0;) AppleWebKit/537.36 (KHTML, like Gecko) Mobile Safari/537.36 (compatible; PetalBot;+https://webmaster.petalsearch.com/site/petalbot)"
13.94.94.255 - - [15/Apr/2025:14:26:20 -0400] "GET //wp-admin/about.php HTTP/1.1" 302 0 "-" "-"
13.94.94.255 - - [15/Apr/2025:14:26:24 -0400] "GET /wp-login.php?redirect_to=https%3A%2F%2Fsunquicksf.com%2F%2Fwp-admin%2Fabout.php&reauth=1 HTTP/1.1" 200 1734 "-" "-"
114.119.156.71 - - [15/Apr/2025:14:26:49 -0400] "GET /category/activity/page/50/ HTTP/1.1" 200 10229 "https://sunquicksf.com/category/activity/page/49/" "Mozilla/5.0 (Linux; Android 7.0;) AppleWebKit/537.36 (KHTML, like Gecko) Mobile Safari/537.36 (compatible; PetalBot;+https://webmaster.petalsearch.com/site/petalbot)"
114.119.156.133 - - [15/Apr/2025:14:27:51 -0400] "GET /hillhaven-is-a-family-owned-senior-living-facility/ HTTP/1.1" 200 10184 "https://sunquicksf.com/category/activity/page/36/" "Mozilla/5.0 (Linux; Android 7.0;) AppleWebKit/537.36 (KHTML, like Gecko) Mobile Safari/537.36 (compatible; PetalBot;+https://webmaster.petalsearch.com/site/petalbot)"
13.94.94.255 - - [15/Apr/2025:14:28:25 -0400] "GET //wp-admin/network/admin.php HTTP/1.1" 302 0 "-" "-"
13.94.94.255 - - [15/Apr/2025:14:28:30 -0400] "GET /wp-login.php?redirect_to=https%3A%2F%2Fsunquicksf.com%2F%2Fwp-admin%2Fnetwork%2Fadmin.php&reauth=1 HTTP/1.1" 200 1733 "-" "-"
51.222.253.6 - - [15/Apr/2025:14:28:36 -0400] "GET /the-evolution-and-impact-of-online-casinos/ HTTP/1.1" 200 9968 "-" "Mozilla/5.0 (compatible; AhrefsBot/7.0; +http://ahrefs.com/robot/)"
13.94.94.255 - - [15/Apr/2025:14:28:47 -0400] "GET //wp-admin/network/index.php HTTP/1.1" 302 0 "-" "-"
13.94.94.255 - - [15/Apr/2025:14:28:52 -0400] "GET /wp-login.php?redirect_to=https%3A%2F%2Fsunquicksf.com%2F%2Fwp-admin%2Fnetwork%2Findex.php&reauth=1 HTTP/1.1" 200 1732 "-" "-"
185.231.154.128 - - [15/Apr/2025:14:30:39 -0400] "GET /ally-bank-customer-service/ HTTP/1.1" 200 10706 "https://sunquicksf.com/ally-bank-customer-service/#comment-13507" "Mozilla/5.0 (Windows NT 10.0; Win64; x64) AppleWebKit/537.36 (KHTML, like Gecko) Chrome/131.0.0.0 Safari/537.36 Avast/131.0.0.0"
185.231.154.128 - - [15/Apr/2025:14:30:44 -0400] "POST /wp-comments-post.php HTTP/1.1" 302 0 "https://sunquicksf.com/ally-bank-customer-service/#comment-13507" "Mozilla/5.0 (Windows NT 10.0; Win64; x64) AppleWebKit/537.36 (KHTML, like Gecko) Chrome/131.0.0.0 Safari/537.36 Avast/131.0.0.0"
185.231.154.128 - - [15/Apr/2025:14:30:49 -0400] "GET /ally-bank-customer-service/ HTTP/1.1" 200 10548 "https://sunquicksf.com/ally-bank-customer-service/#comment-50156" "Mozilla/5.0 (Windows NT 10.0; Win64; x64) AppleWebKit/537.36 (KHTML, like Gecko) Chrome/131.0.0.0 Safari/537.36 Avast/131.0.0.0"
114.119.156.71 - - [15/Apr/2025:14:31:58 -0400] "GET /page/90/ HTTP/1.1" 200 10032 "https://sunquicksf.com/page/90/" "Mozilla/5.0 (Linux; Android 7.0;) AppleWebKit/537.36 (KHTML, like Gecko) Mobile Safari/537.36 (compatible; PetalBot;+https://webmaster.petalsearch.com/site/petalbot)"
85.208.98.29 - - [15/Apr/2025:14:33:18 -0400] "GET /what-is-family-mediation/ HTTP/1.1" 200 0 "-" "Mozilla/5.0 (compatible; SemrushBot-BA; +http://www.semrush.com/bot.html)"
114.119.156.71 - - [15/Apr/2025:14:33:26 -0400] "GET /why-you-should-buy-likes-for-your-youtube-videos/ HTTP/1.1" 200 10730 "https://sunquicksf.com/category/activity/page/108/" "Mozilla/5.0 (Linux; Android 7.0;) AppleWebKit/537.36 (KHTML, like Gecko) Mobile Safari/537.36 (compatible; PetalBot;+https://webmaster.petalsearch.com/site/petalbot)"
51.222.253.14 - - [15/Apr/2025:14:33:47 -0400] "GET /unleashing-the-power-of-precision-the-art-of-commercial-pressure-washing/ HTTP/1.1" 200 10996 "-" "Mozilla/5.0 (compatible; AhrefsBot/7.0; +http://ahrefs.com/robot/)"
185.157.212.157 - - [15/Apr/2025:14:34:20 -0400] "GET /the-benefits-of-manufacturing-automation/ HTTP/1.1" 200 10553 "https://sunquicksf.com/the-benefits-of-manufacturing-automation/" "Mozilla/5.0 (Windows NT 10.0; Win64; x64) AppleWebKit/537.36 (KHTML, like Gecko) Chrome/131.0.0.0 Safari/537.36 Avast/131.0.0.0"
185.157.212.157 - - [15/Apr/2025:14:34:26 -0400] "POST /wp-comments-post.php HTTP/1.1" 302 0 "https://sunquicksf.com/the-benefits-of-manufacturing-automation/" "Mozilla/5.0 (Windows NT 10.0; Win64; x64) AppleWebKit/537.36 (KHTML, like Gecko) Chrome/131.0.0.0 Safari/537.36 Avast/131.0.0.0"
185.157.212.157 - - [15/Apr/2025:14:34:33 -0400] "GET /the-benefits-of-manufacturing-automation/ HTTP/1.1" 200 6565 "https://sunquicksf.com/the-benefits-of-manufacturing-automation/#comment-50157" "Mozilla/5.0 (Windows NT 10.0; Win64; x64) AppleWebKit/537.36 (KHTML, like Gecko) Chrome/131.0.0.0 Safari/537.36 Avast/131.0.0.0"
114.119.130.3 - - [15/Apr/2025:14:35:00 -0400] "GET /the-botany-condo-an-urban-oasis/ HTTP/1.1" 200 10019 "https://sunquicksf.com/page/106/" "Mozilla/5.0 (Linux; Android 7.0;) AppleWebKit/537.36 (KHTML, like Gecko) Mobile Safari/537.36 (compatible; PetalBot;+https://webmaster.petalsearch.com/site/petalbot)"
98.83.73.139 - - [15/Apr/2025:14:35:05 -0400] "GET /mk-sales-bag-uk-how-to-identify-an-authentic-mk-sales-bag/ HTTP/1.1" 200 10011 "-" "Grammarly/1.0 (http://www.grammarly.com)"
114.119.156.71 - - [15/Apr/2025:14:35:57 -0400] "GET /page/44/ HTTP/1.1" 200 10013 "https://sunquicksf.com/page/44/" "Mozilla/5.0 (Linux; Android 7.0;) AppleWebKit/537.36 (KHTML, like Gecko) Mobile Safari/537.36 (compatible; PetalBot;+https://webmaster.petalsearch.com/site/petalbot)"
129.226.160.68 - - [15/Apr/2025:14:36:20 -0400] "GET /rent-a-car-in-skopje-north-macedonia/ HTTP/1.1" 200 11521 "-" "Python/3.10 aiohttp/3.10.5"
114.119.134.207 - - [15/Apr/2025:14:37:42 -0400] "GET /lag-screws-for-wood-2/ HTTP/1.1" 200 10027 "https://sunquicksf.com/category/activity/page/52/" "Mozilla/5.0 (Linux; Android 7.0;) AppleWebKit/537.36 (KHTML, like Gecko) Mobile Safari/537.36 (compatible; PetalBot;+https://webmaster.petalsearch.com/site/petalbot)"
13.94.94.255 - - [15/Apr/2025:14:38:29 -0400] "GET /wp-admin/ HTTP/1.1" 302 0 "-" "-"
13.94.94.255 - - [15/Apr/2025:14:38:31 -0400] "GET /wp-login.php?redirect_to=https%3A%2F%2Fsunquicksf.com%2Fwp-admin%2F&reauth=1 HTTP/1.1" 200 1721 "-" "-"
51.222.253.4 - - [15/Apr/2025:14:38:59 -0400] "GET /find-a-local-painter-and-decorator-near-you/ HTTP/1.1" 200 10787 "-" "Mozilla/5.0 (compatible; AhrefsBot/7.0; +http://ahrefs.com/robot/)"
13.94.94.255 - - [15/Apr/2025:14:39:15 -0400] "GET /wp-admin/ HTTP/1.1" 302 0 "-" "-"
13.94.94.255 - - [15/Apr/2025:14:39:20 -0400] "GET /wp-login.php?redirect_to=https%3A%2F%2Fsunquicksf.com%2Fwp-admin%2F&reauth=1 HTTP/1.1" 200 1721 "-" "-"
114.119.130.3 - - [15/Apr/2025:14:39:37 -0400] "GET /how-to-make-stuffed-cabbage/ HTTP/1.1" 200 10071 "https://sunquicksf.com/category/activity/page/41/" "Mozilla/5.0 (Linux; Android 7.0;) AppleWebKit/537.36 (KHTML, like Gecko) Mobile Safari/537.36 (compatible; PetalBot;+https://webmaster.petalsearch.com/site/petalbot)"
114.119.134.207 - - [15/Apr/2025:14:40:46 -0400] "GET /enjoy-flathead-lake-on-boat-tours/ HTTP/1.1" 200 11012 "https://sunquicksf.com/enjoy-flathead-lake-on-boat-tours/" "Mozilla/5.0 (Linux; Android 7.0;) AppleWebKit/537.36 (KHTML, like Gecko) Mobile Safari/537.36 (compatible; PetalBot;+https://webmaster.petalsearch.com/site/petalbot)"
114.119.156.71 - - [15/Apr/2025:14:42:02 -0400] "GET /dometic-cooling-units-and-norcold-rv-refrigerators/ HTTP/1.1" 200 10171 "https://sunquicksf.com/page/66/" "Mozilla/5.0 (Linux; Android 7.0;) AppleWebKit/537.36 (KHTML, like Gecko) Mobile Safari/537.36 (compatible; PetalBot;+https://webmaster.petalsearch.com/site/petalbot)"
51.222.253.17 - - [15/Apr/2025:14:43:51 -0400] "GET /how-to-send-big-files-without-running-into-email-attachment-limits/feed/ HTTP/1.1" 200 456 "-" "Mozilla/5.0 (compatible; AhrefsBot/7.0; +http://ahrefs.com/robot/)"
51.222.253.1 - - [15/Apr/2025:14:46:27 -0400] "GET /innovative-hangelampen-ein-blick-auf-moderne-beleuchtungskonzepte/feed/ HTTP/1.1" 200 437 "-" "Mozilla/5.0 (compatible; AhrefsBot/7.0; +http://ahrefs.com/robot/)"
129.226.52.30 - - [15/Apr/2025:14:47:50 -0400] "GET /kratom-for-sale-where-to-find-high-quality-kratom/ HTTP/1.1" 200 11754 "-" "Python/3.10 aiohttp/3.10.5"
129.226.52.30 - - [15/Apr/2025:14:47:50 -0400] "GET /pokemon-training-not-unlike-horses/ HTTP/1.1" 200 10656 "-" "Python/3.10 aiohttp/3.10.5"
13.82.180.200 - - [15/Apr/2025:14:48:59 -0400] "GET /wp-admin/ HTTP/1.1" 302 0 "-" "-"
13.82.180.200 - - [15/Apr/2025:14:49:02 -0400] "GET /wp-login.php?redirect_to=https%3A%2F%2Fsunquicksf.com%2Fwp-admin%2F&reauth=1 HTTP/1.1" 200 1721 "-" "-"
51.222.253.8 - - [15/Apr/2025:14:49:07 -0400] "GET /category/activity/page/111/ HTTP/1.1" 200 10087 "-" "Mozilla/5.0 (compatible; AhrefsBot/7.0; +http://ahrefs.com/robot/)"
13.82.180.200 - - [15/Apr/2025:14:49:30 -0400] "GET /wp-admin/network/ HTTP/1.1" 302 0 "-" "-"
13.82.180.200 - - [15/Apr/2025:14:49:32 -0400] "GET /wp-login.php?redirect_to=https%3A%2F%2Fsunquicksf.com%2Fwp-admin%2Fnetwork%2F&reauth=1 HTTP/1.1" 200 1726 "-" "-"
13.82.180.200 - - [15/Apr/2025:14:49:58 -0400] "GET /wp-admin/ HTTP/1.1" 302 0 "-" "-"
13.82.180.200 - - [15/Apr/2025:14:50:03 -0400] "GET /wp-login.php?redirect_to=https%3A%2F%2Fsunquicksf.com%2Fwp-admin%2F&reauth=1 HTTP/1.1" 200 1721 "-" "-"
91.84.98.204 - - [15/Apr/2025:14:50:12 -0400] "GET /the-benefits-of-manufacturing-automation/ HTTP/1.1" 200 10569 "https://sunquicksf.com/the-benefits-of-manufacturing-automation/" "Mozilla/5.0 (Windows NT 10.0; Win64; x64) AppleWebKit/537.36 (KHTML, like Gecko) Chrome/129.0.0.0 Safari/537.36"
129.226.119.118 - - [15/Apr/2025:14:50:16 -0400] "GET /what-does-a-rechtsanwalt-do/ HTTP/1.1" 200 10594 "-" "Python/3.10 aiohttp/3.10.5"
91.84.98.204 - - [15/Apr/2025:14:50:17 -0400] "POST /wp-comments-post.php HTTP/1.1" 302 0 "https://sunquicksf.com/the-benefits-of-manufacturing-automation/" "Mozilla/5.0 (Windows NT 10.0; Win64; x64) AppleWebKit/537.36 (KHTML, like Gecko) Chrome/129.0.0.0 Safari/537.36"
91.84.98.204 - - [15/Apr/2025:14:50:23 -0400] "GET /the-benefits-of-manufacturing-automation/ HTTP/1.1" 200 12129 "https://sunquicksf.com/the-benefits-of-manufacturing-automation/#comment-50158" "Mozilla/5.0 (Windows NT 10.0; Win64; x64) AppleWebKit/537.36 (KHTML, like Gecko) Chrome/129.0.0.0 Safari/537.36"
109.172.87.122 - - [15/Apr/2025:14:51:21 -0400] "GET /the-benefits-of-manufacturing-automation/ HTTP/1.1" 200 10569 "https://sunquicksf.com/the-benefits-of-manufacturing-automation/" "Mozilla/5.0 (Windows NT 10.0; Win64; x64) AppleWebKit/537.36 (KHTML, like Gecko) Chrome/131.0.0.0 Safari/537.36 Avast/131.0.0.0"
109.172.87.122 - - [15/Apr/2025:14:51:25 -0400] "POST /wp-comments-post.php HTTP/1.1" 302 0 "https://sunquicksf.com/the-benefits-of-manufacturing-automation/" "Mozilla/5.0 (Windows NT 10.0; Win64; x64) AppleWebKit/537.36 (KHTML, like Gecko) Chrome/131.0.0.0 Safari/537.36 Avast/131.0.0.0"
109.172.87.122 - - [15/Apr/2025:14:51:30 -0400] "GET /the-benefits-of-manufacturing-automation/ HTTP/1.1" 200 12208 "https://sunquicksf.com/the-benefits-of-manufacturing-automation/#comment-50159" "Mozilla/5.0 (Windows NT 10.0; Win64; x64) AppleWebKit/537.36 (KHTML, like Gecko) Chrome/131.0.0.0 Safari/537.36 Avast/131.0.0.0"
51.222.253.8 - - [15/Apr/2025:14:52:00 -0400] "GET /types-of-business-insurance/ HTTP/1.1" 200 10791 "-" "Mozilla/5.0 (compatible; AhrefsBot/7.0; +http://ahrefs.com/robot/)"
114.119.135.64 - - [15/Apr/2025:14:53:36 -0400] "GET /christchurch-a-global-symbol-of-hope/ HTTP/1.1" 200 11227 "https://sunquicksf.com/category/activity/page/62/" "Mozilla/5.0 (Linux; Android 7.0;) AppleWebKit/537.36 (KHTML, like Gecko) Mobile Safari/537.36 (compatible; PetalBot;+https://webmaster.petalsearch.com/site/petalbot)"
51.222.253.12 - - [15/Apr/2025:14:54:30 -0400] "GET /frosting-your-instagram-a-guide-to-freezing-your-account/feed/ HTTP/1.1" 200 422 "-" "Mozilla/5.0 (compatible; AhrefsBot/7.0; +http://ahrefs.com/robot/)"
13.82.180.200 - - [15/Apr/2025:14:54:45 -0400] "GET /wp-admin/user/ HTTP/1.1" 302 0 "-" "-"
13.82.180.200 - - [15/Apr/2025:14:54:47 -0400] "GET /wp-login.php?redirect_to=https%3A%2F%2Fsunquicksf.com%2Fwp-admin%2Fuser%2F&reauth=1 HTTP/1.1" 200 1725 "-" "-"
51.222.253.6 - - [15/Apr/2025:14:57:26 -0400] "GET /precision-excellence-choosing-the-right-cnc-milling-parts-supplier/ HTTP/1.1" 200 10428 "-" "Mozilla/5.0 (compatible; AhrefsBot/7.0; +http://ahrefs.com/robot/)"
13.82.180.200 - - [15/Apr/2025:14:59:08 -0400] "GET /wp-login.php HTTP/1.1" 200 1721 "-" "-"
114.119.135.64 - - [15/Apr/2025:14:59:08 -0400] "GET /wie-schreibe-ich-eine-aussagekraftige-anwaltsbiografie/ HTTP/1.1" 200 10294 "https://sunquicksf.com/category/activity/page/42/" "Mozilla/5.0 (Linux; Android 7.0;) AppleWebKit/537.36 (KHTML, like Gecko) Mobile Safari/537.36 (compatible; PetalBot;+https://webmaster.petalsearch.com/site/petalbot)"
51.222.253.14 - - [15/Apr/2025:14:59:35 -0400] "GET /category/activity/page/110/ HTTP/1.1" 200 9982 "-" "Mozilla/5.0 (compatible; AhrefsBot/7.0; +http://ahrefs.com/robot/)"
13.82.180.200 - - [15/Apr/2025:14:59:42 -0400] "GET /custom-athletic-socks-with-brand/ HTTP/1.1" 200 10629 "-" "-"
185.157.212.157 - - [15/Apr/2025:15:00:05 -0400] "GET /the-benefits-of-manufacturing-automation/ HTTP/1.1" 200 10569 "https://sunquicksf.com/the-benefits-of-manufacturing-automation/" "Mozilla/5.0 (Windows NT 10.0; Win64; x64) AppleWebKit/537.36 (KHTML, like Gecko) Chrome/129.0.0.0 Safari/537.36"
47.79.200.223 - - [15/Apr/2025:15:00:07 -0400] "GET / HTTP/1.1" 200 77991 "https://www.google.com/" "Mozilla/5.0 (Linux; Android 10; K) AppleWebKit/537.36 (KHTML, like Gecko) Chrome/132.0.0.0 Mobile Safari/537.36"
185.157.212.157 - - [15/Apr/2025:15:00:13 -0400] "POST /wp-comments-post.php HTTP/1.1" 302 0 "https://sunquicksf.com/the-benefits-of-manufacturing-automation/" "Mozilla/5.0 (Windows NT 10.0; Win64; x64) AppleWebKit/537.36 (KHTML, like Gecko) Chrome/129.0.0.0 Safari/537.36"
185.157.212.157 - - [15/Apr/2025:15:00:21 -0400] "GET /the-benefits-of-manufacturing-automation/ HTTP/1.1" 200 12016 "https://sunquicksf.com/the-benefits-of-manufacturing-automation/#comment-50160" "Mozilla/5.0 (Windows NT 10.0; Win64; x64) AppleWebKit/537.36 (KHTML, like Gecko) Chrome/129.0.0.0 Safari/537.36"
114.119.138.5 - - [15/Apr/2025:15:00:51 -0400] "GET /what-you-should-know-about-muay-thai-boxing/ HTTP/1.1" 200 10640 "https://sunquicksf.com/what-you-should-know-about-muay-thai-boxing/" "Mozilla/5.0 (Linux; Android 7.0;) AppleWebKit/537.36 (KHTML, like Gecko) Mobile Safari/537.36 (compatible; PetalBot;+https://webmaster.petalsearch.com/site/petalbot)"
13.82.180.200 - - [15/Apr/2025:15:01:07 -0400] "GET /wp-admin/ HTTP/1.1" 302 0 "-" "-"
13.82.180.200 - - [15/Apr/2025:15:01:12 -0400] "GET /wp-login.php?redirect_to=https%3A%2F%2Fsunquicksf.com%2Fwp-admin%2F&reauth=1 HTTP/1.1" 200 1721 "-" "-"
13.82.180.200 - - [15/Apr/2025:15:01:21 -0400] "GET /wp-admin/admin.php HTTP/1.1" 302 0 "-" "-"
13.82.180.200 - - [15/Apr/2025:15:01:27 -0400] "GET /wp-login.php?redirect_to=https%3A%2F%2Fsunquicksf.com%2Fwp-admin%2Fadmin.php&reauth=1 HTTP/1.1" 200 1731 "-" "-"
114.119.135.64 - - [15/Apr/2025:15:01:58 -0400] "GET /un-service-de-traiteur-sur-mesure-pour-vos-evenements/ HTTP/1.1" 200 10119 "https://sunquicksf.com/page/12/" "Mozilla/5.0 (Linux; Android 7.0;) AppleWebKit/537.36 (KHTML, like Gecko) Mobile Safari/537.36 (compatible; PetalBot;+https://webmaster.petalsearch.com/site/petalbot)"
51.222.253.12 - - [15/Apr/2025:15:01:59 -0400] "GET /the-key-to-efficiency/ HTTP/1.1" 200 10300 "-" "Mozilla/5.0 (compatible; AhrefsBot/7.0; +http://ahrefs.com/robot/)"
240e:350:8003:efcd:4ecc:6aa7:f0f7:5ca9 - - [15/Apr/2025:15:02:10 -0400] "POST /wp-comments-post.php HTTP/1.1" 302 0 "-" "Mozilla/5.0 (Windows NT 10.0; Win64; x64) AppleWebKit/537.36 (KHTML, like Gecko) Chrome/108.0.0.0 Safari/537.36 Edg/108.0.1462.46"
240e:350:8003:efcd:4ecc:6aa7:f0f7:5ca9 - - [15/Apr/2025:15:02:16 -0400] "GET /choosing-a-retail-marketing-agency/?unapproved=50161&moderation-hash=5710660458e18bc65882b8b341248f31 HTTP/1.1" 200 10517 "-" "Mozilla/5.0 (Windows NT 10.0; Win64; x64) AppleWebKit/537.36 (KHTML, like Gecko) Chrome/108.0.0.0 Safari/537.36 Edg/108.0.1462.46"
