18.222.44.152 - - [14/Apr/2025:07:55:51 -0400] "GET /low-cost-dental-plans-why-are-they-so-important/ HTTP/1.1" 200 11033 "https://sunquicksf.com/post-sitemap.xml" "Scrapy/2.12.0 (+https://scrapy.org)"
18.222.44.152 - - [14/Apr/2025:07:55:56 -0400] "GET /where-to-buy-satisfying-evening-bags/ HTTP/1.1" 200 11306 "https://sunquicksf.com/post-sitemap.xml" "Scrapy/2.12.0 (+https://scrapy.org)"
18.222.44.152 - - [14/Apr/2025:07:55:58 -0400] "GET /how-to-be-a-good-defender/ HTTP/1.1" 200 11570 "https://sunquicksf.com/post-sitemap.xml" "Scrapy/2.12.0 (+https://scrapy.org)"
18.222.44.152 - - [14/Apr/2025:07:56:02 -0400] "GET /in-store-vs-online-acquiring-golf-gifts-for-women/ HTTP/1.1" 200 10856 "https://sunquicksf.com/post-sitemap.xml" "Scrapy/2.12.0 (+https://scrapy.org)"
18.222.44.152 - - [14/Apr/2025:07:56:06 -0400] "GET /three-tips-for-womens-self-defense/ HTTP/1.1" 200 12340 "https://sunquicksf.com/post-sitemap.xml" "Scrapy/2.12.0 (+https://scrapy.org)"
18.222.44.152 - - [14/Apr/2025:07:56:09 -0400] "GET /the-importance-of-having-bags/ HTTP/1.1" 200 10504 "https://sunquicksf.com/post-sitemap.xml" "Scrapy/2.12.0 (+https://scrapy.org)"
18.222.44.152 - - [14/Apr/2025:07:56:12 -0400] "GET /booking-a-mega-yacht/ HTTP/1.1" 200 10541 "https://sunquicksf.com/post-sitemap.xml" "Scrapy/2.12.0 (+https://scrapy.org)"
18.222.44.152 - - [14/Apr/2025:07:56:16 -0400] "GET /how-does-a-dental-crown-work/ HTTP/1.1" 200 10654 "https://sunquicksf.com/post-sitemap.xml" "Scrapy/2.12.0 (+https://scrapy.org)"
18.222.44.152 - - [14/Apr/2025:07:56:18 -0400] "GET /discount-dental-plans-vs-dental-insurance/ HTTP/1.1" 200 10288 "https://sunquicksf.com/post-sitemap.xml" "Scrapy/2.12.0 (+https://scrapy.org)"
18.222.44.152 - - [14/Apr/2025:07:56:21 -0400] "GET /geography-trips-to-morocco-with-a-school-travel-service/ HTTP/1.1" 200 10924 "https://sunquicksf.com/post-sitemap.xml" "Scrapy/2.12.0 (+https://scrapy.org)"
18.222.44.152 - - [14/Apr/2025:07:56:24 -0400] "GET /what-are-the-common-liver-failure-symptoms/ HTTP/1.1" 200 10572 "https://sunquicksf.com/post-sitemap.xml" "Scrapy/2.12.0 (+https://scrapy.org)"
198.54.114.83 - - [14/Apr/2025:07:56:27 -0400] "POST /wp-cron.php?doing_wp_cron=1744631787.3568489551544189453125 HTTP/1.1" 200 0 "-" "WordPress/6.7.2; https://sunquicksf.com"
18.222.44.152 - - [14/Apr/2025:07:56:27 -0400] "GET /inside-a-ladbrokes-betting-shop/ HTTP/1.1" 200 10833 "https://sunquicksf.com/post-sitemap.xml" "Scrapy/2.12.0 (+https://scrapy.org)"
18.222.44.152 - - [14/Apr/2025:07:56:30 -0400] "GET /types-of-fire-places/ HTTP/1.1" 200 10871 "https://sunquicksf.com/post-sitemap.xml" "Scrapy/2.12.0 (+https://scrapy.org)"
18.222.44.152 - - [14/Apr/2025:07:56:33 -0400] "GET /dometic-refrigerators-are-reliable-and-efficient/ HTTP/1.1" 200 10817 "https://sunquicksf.com/post-sitemap.xml" "Scrapy/2.12.0 (+https://scrapy.org)"
18.222.44.152 - - [14/Apr/2025:07:56:37 -0400] "GET /how-to-get-rainbow-pets-in-pet-simulator-x/ HTTP/1.1" 200 10456 "https://sunquicksf.com/post-sitemap.xml" "Scrapy/2.12.0 (+https://scrapy.org)"
18.222.44.152 - - [14/Apr/2025:07:56:40 -0400] "GET /how-to-turn-a-picture-into-a-pdf-on-iphone/ HTTP/1.1" 200 11215 "https://sunquicksf.com/post-sitemap.xml" "Scrapy/2.12.0 (+https://scrapy.org)"
18.222.44.152 - - [14/Apr/2025:07:56:45 -0400] "GET /how-to-turn-caller-id-off-on-iphone/ HTTP/1.1" 200 11706 "https://sunquicksf.com/post-sitemap.xml" "Scrapy/2.12.0 (+https://scrapy.org)"
18.222.44.152 - - [14/Apr/2025:07:56:49 -0400] "GET /how-to-turn-off-caps-on-an-iphone/ HTTP/1.1" 200 11346 "https://sunquicksf.com/post-sitemap.xml" "Scrapy/2.12.0 (+https://scrapy.org)"
18.222.44.152 - - [14/Apr/2025:07:56:52 -0400] "GET /how-to-turn-off-data-on-iphone/ HTTP/1.1" 200 11739 "https://sunquicksf.com/post-sitemap.xml" "Scrapy/2.12.0 (+https://scrapy.org)"
18.222.44.152 - - [14/Apr/2025:07:56:55 -0400] "GET /how-to-turn-off-do-not-disturb-on-iphone/ HTTP/1.1" 200 11640 "https://sunquicksf.com/post-sitemap.xml" "Scrapy/2.12.0 (+https://scrapy.org)"
18.222.44.152 - - [14/Apr/2025:07:56:59 -0400] "GET /how-to-turn-off-iphone-12-pro-max-when-frozen/ HTTP/1.1" 200 11593 "https://sunquicksf.com/post-sitemap.xml" "Scrapy/2.12.0 (+https://scrapy.org)"
18.222.44.152 - - [14/Apr/2025:07:57:01 -0400] "GET /how-to-turn-off-led-flash-for-alerts-on-your-iphone-11/ HTTP/1.1" 200 11394 "https://sunquicksf.com/post-sitemap.xml" "Scrapy/2.12.0 (+https://scrapy.org)"
18.222.44.152 - - [14/Apr/2025:07:57:04 -0400] "GET /how-to-turn-on-flash-on-iphone-without-unlocking-your-phone/ HTTP/1.1" 200 11950 "https://sunquicksf.com/post-sitemap.xml" "Scrapy/2.12.0 (+https://scrapy.org)"
18.222.44.152 - - [14/Apr/2025:07:57:07 -0400] "GET /how-to-turn-on-hotspot-on-iphone-11/ HTTP/1.1" 200 11642 "https://sunquicksf.com/post-sitemap.xml" "Scrapy/2.12.0 (+https://scrapy.org)"
18.222.44.152 - - [14/Apr/2025:07:57:11 -0400] "GET /how-to-turn-off-find-my-iphone-without-notification/ HTTP/1.1" 200 12131 "https://sunquicksf.com/post-sitemap.xml" "Scrapy/2.12.0 (+https://scrapy.org)"
51.222.253.11 - - [14/Apr/2025:07:57:14 -0400] "GET /can-fenben-for-humans-cure-cancer/ HTTP/1.1" 200 12038 "-" "Mozilla/5.0 (compatible; AhrefsBot/7.0; +http://ahrefs.com/robot/)"
18.222.44.152 - - [14/Apr/2025:07:57:14 -0400] "GET /how-to-turn-off-light-on-iphone/ HTTP/1.1" 200 12277 "https://sunquicksf.com/post-sitemap.xml" "Scrapy/2.12.0 (+https://scrapy.org)"
18.222.44.152 - - [14/Apr/2025:07:57:18 -0400] "GET /how-to-turn-off-low-power-mode-on-iphone/ HTTP/1.1" 200 11628 "https://sunquicksf.com/post-sitemap.xml" "Scrapy/2.12.0 (+https://scrapy.org)"
18.222.44.152 - - [14/Apr/2025:07:57:21 -0400] "GET /how-to-turn-off-voice-control-on-your-iphone/ HTTP/1.1" 200 12738 "https://sunquicksf.com/post-sitemap.xml" "Scrapy/2.12.0 (+https://scrapy.org)"
18.222.44.152 - - [14/Apr/2025:07:57:25 -0400] "GET /how-to-turn-on-5g-on-iphone-12/ HTTP/1.1" 200 11819 "https://sunquicksf.com/post-sitemap.xml" "Scrapy/2.12.0 (+https://scrapy.org)"
18.222.44.152 - - [14/Apr/2025:07:57:29 -0400] "GET /how-to-turn-on-iphone-12-mini/ HTTP/1.1" 200 11602 "https://sunquicksf.com/post-sitemap.xml" "Scrapy/2.12.0 (+https://scrapy.org)"
18.222.44.152 - - [14/Apr/2025:07:57:33 -0400] "GET /how-to-turn-picture-into-pdf-on-iphone/ HTTP/1.1" 200 12172 "https://sunquicksf.com/post-sitemap.xml" "Scrapy/2.12.0 (+https://scrapy.org)"
18.222.44.152 - - [14/Apr/2025:07:57:36 -0400] "GET /how-to-make-dark-matter-pets-in-pet-simulator-x/ HTTP/1.1" 200 10140 "https://sunquicksf.com/post-sitemap.xml" "Scrapy/2.12.0 (+https://scrapy.org)"
18.222.44.152 - - [14/Apr/2025:07:57:40 -0400] "GET /how-to-play-super-auto-pets-on-iphone/ HTTP/1.1" 200 11520 "https://sunquicksf.com/post-sitemap.xml" "Scrapy/2.12.0 (+https://scrapy.org)"
207.46.13.31 - - [14/Apr/2025:07:57:41 -0400] "GET /ifc-solutions-natural-food-colors-as-a-substitute-for-synthetic-dye/ HTTP/1.1" 200 10115 "-" "Mozilla/5.0 AppleWebKit/537.36 (KHTML, like Gecko; compatible; bingbot/2.0; +http://www.bing.com/bingbot.htm) Chrome/116.0.1938.76 Safari/537.36"
18.222.44.152 - - [14/Apr/2025:07:57:44 -0400] "GET /how-to-turn-do-not-disturb-off-on-iphone/ HTTP/1.1" 200 11184 "https://sunquicksf.com/post-sitemap.xml" "Scrapy/2.12.0 (+https://scrapy.org)"
18.222.44.152 - - [14/Apr/2025:07:57:48 -0400] "GET /what-are-the-characteristics-of-counter-depth-refrigerators/ HTTP/1.1" 200 10796 "https://sunquicksf.com/post-sitemap.xml" "Scrapy/2.12.0 (+https://scrapy.org)"
18.222.44.152 - - [14/Apr/2025:07:57:51 -0400] "GET /norcold-rv-refrigerators/ HTTP/1.1" 200 10804 "https://sunquicksf.com/post-sitemap.xml" "Scrapy/2.12.0 (+https://scrapy.org)"
18.222.44.152 - - [14/Apr/2025:07:57:54 -0400] "GET /how-to-make-money-from-online-betting/ HTTP/1.1" 200 11607 "https://sunquicksf.com/post-sitemap.xml" "Scrapy/2.12.0 (+https://scrapy.org)"
18.222.44.152 - - [14/Apr/2025:07:57:58 -0400] "GET /how-to-make-a-hazelnut-cake/ HTTP/1.1" 200 10572 "https://sunquicksf.com/post-sitemap.xml" "Scrapy/2.12.0 (+https://scrapy.org)"
18.222.44.152 - - [14/Apr/2025:07:58:01 -0400] "GET /5-paint-by-number-top-tips/ HTTP/1.1" 200 10960 "https://sunquicksf.com/post-sitemap.xml" "Scrapy/2.12.0 (+https://scrapy.org)"
50.47.238.84 - - [14/Apr/2025:07:58:04 -0400] "GET / HTTP/1.1" 200 77991 "-" "Timpibot/0.9 (+http://www.timpi.io)"
18.222.44.152 - - [14/Apr/2025:07:58:05 -0400] "GET /what-is-paint-by-numbers/ HTTP/1.1" 200 10699 "https://sunquicksf.com/post-sitemap.xml" "Scrapy/2.12.0 (+https://scrapy.org)"
18.222.44.152 - - [14/Apr/2025:07:58:09 -0400] "GET /exploring-the-thrills-of-online-casinos/ HTTP/1.1" 200 10140 "https://sunquicksf.com/post-sitemap2.xml" "Scrapy/2.12.0 (+https://scrapy.org)"
18.222.44.152 - - [14/Apr/2025:07:58:13 -0400] "GET /a-thriving-virtual-gaming-experience/ HTTP/1.1" 200 10079 "https://sunquicksf.com/post-sitemap2.xml" "Scrapy/2.12.0 (+https://scrapy.org)"
18.222.44.152 - - [14/Apr/2025:07:58:17 -0400] "GET /comprendre-ses-implications-et-ses-defis/ HTTP/1.1" 200 10141 "https://sunquicksf.com/post-sitemap2.xml" "Scrapy/2.12.0 (+https://scrapy.org)"
18.222.44.152 - - [14/Apr/2025:07:58:21 -0400] "GET /navigating-financial-waters-understanding-the-role-of-money-lenders-in-singapore/ HTTP/1.1" 200 10222 "https://sunquicksf.com/post-sitemap2.xml" "Scrapy/2.12.0 (+https://scrapy.org)"
18.222.44.152 - - [14/Apr/2025:07:58:25 -0400] "GET /the-crucial-role-of-licensed-moneylenders/ HTTP/1.1" 200 9829 "https://sunquicksf.com/post-sitemap2.xml" "Scrapy/2.12.0 (+https://scrapy.org)"
18.222.44.152 - - [14/Apr/2025:07:58:29 -0400] "GET /the-pitfalls-of-buying-youtube-subscribers/ HTTP/1.1" 200 9996 "https://sunquicksf.com/post-sitemap2.xml" "Scrapy/2.12.0 (+https://scrapy.org)"
18.222.44.152 - - [14/Apr/2025:07:58:32 -0400] "GET /the-power-of-3cx-pbx/ HTTP/1.1" 200 10137 "https://sunquicksf.com/post-sitemap2.xml" "Scrapy/2.12.0 (+https://scrapy.org)"
18.222.44.152 - - [14/Apr/2025:07:58:35 -0400] "GET /unveiling-the-truth-behind-buying-instagram-followers/ HTTP/1.1" 200 10207 "https://sunquicksf.com/post-sitemap2.xml" "Scrapy/2.12.0 (+https://scrapy.org)"
18.222.44.152 - - [14/Apr/2025:07:58:39 -0400] "GET /building-a-vibrant-community/ HTTP/1.1" 200 10026 "https://sunquicksf.com/post-sitemap2.xml" "Scrapy/2.12.0 (+https://scrapy.org)"
18.222.44.152 - - [14/Apr/2025:07:58:43 -0400] "GET /leclat-dune-cure-de-jus/ HTTP/1.1" 200 10259 "https://sunquicksf.com/post-sitemap2.xml" "Scrapy/2.12.0 (+https://scrapy.org)"
18.222.44.152 - - [14/Apr/2025:07:58:47 -0400] "GET /une-exploration-de-lelegance/ HTTP/1.1" 200 10019 "https://sunquicksf.com/post-sitemap2.xml" "Scrapy/2.12.0 (+https://scrapy.org)"
18.222.44.152 - - [14/Apr/2025:07:58:51 -0400] "GET /understanding-the-appeal-of-tiktok-followers/ HTTP/1.1" 200 10049 "https://sunquicksf.com/post-sitemap2.xml" "Scrapy/2.12.0 (+https://scrapy.org)"
18.222.44.152 - - [14/Apr/2025:07:58:54 -0400] "GET /un-art-intemporel/ HTTP/1.1" 200 10310 "https://sunquicksf.com/post-sitemap2.xml" "Scrapy/2.12.0 (+https://scrapy.org)"
51.222.253.14 - - [14/Apr/2025:07:58:58 -0400] "GET /category/activity/page/87/ HTTP/1.1" 200 10292 "-" "Mozilla/5.0 (compatible; AhrefsBot/7.0; +http://ahrefs.com/robot/)"
18.222.44.152 - - [14/Apr/2025:07:58:58 -0400] "GET /innovative-hangelampen-ein-blick-auf-moderne-beleuchtungskonzepte/ HTTP/1.1" 200 10160 "https://sunquicksf.com/post-sitemap2.xml" "Scrapy/2.12.0 (+https://scrapy.org)"
18.222.44.152 - - [14/Apr/2025:07:59:01 -0400] "GET /die-vielfalt-moderner-hangelampen/ HTTP/1.1" 200 9899 "https://sunquicksf.com/post-sitemap2.xml" "Scrapy/2.12.0 (+https://scrapy.org)"
18.222.44.152 - - [14/Apr/2025:07:59:05 -0400] "GET /inside-the-fertility-clinic-dubai/ HTTP/1.1" 200 10022 "https://sunquicksf.com/post-sitemap2.xml" "Scrapy/2.12.0 (+https://scrapy.org)"
18.222.44.152 - - [14/Apr/2025:07:59:09 -0400] "GET /the-power-of-custom-branded-games/ HTTP/1.1" 200 10010 "https://sunquicksf.com/post-sitemap2.xml" "Scrapy/2.12.0 (+https://scrapy.org)"
18.222.44.152 - - [14/Apr/2025:07:59:12 -0400] "GET /how-to-protect-your-own-private-picture/ HTTP/1.1" 200 10193 "https://sunquicksf.com/post-sitemap.xml" "Scrapy/2.12.0 (+https://scrapy.org)"
18.222.44.152 - - [14/Apr/2025:07:59:16 -0400] "GET /the-rule-of-paint-by-numbers/ HTTP/1.1" 200 10626 "https://sunquicksf.com/post-sitemap.xml" "Scrapy/2.12.0 (+https://scrapy.org)"
18.222.44.152 - - [14/Apr/2025:07:59:20 -0400] "GET /coral-bookies-review/ HTTP/1.1" 200 10718 "https://sunquicksf.com/post-sitemap.xml" "Scrapy/2.12.0 (+https://scrapy.org)"
18.222.44.152 - - [14/Apr/2025:07:59:23 -0400] "GET /betting-shops-bank-holiday-opening-hours/ HTTP/1.1" 200 10658 "https://sunquicksf.com/post-sitemap.xml" "Scrapy/2.12.0 (+https://scrapy.org)"
18.222.44.152 - - [14/Apr/2025:07:59:26 -0400] "GET /efforts-to-legalize-online-gambling-again-in-the-usa/ HTTP/1.1" 200 10937 "https://sunquicksf.com/post-sitemap.xml" "Scrapy/2.12.0 (+https://scrapy.org)"
18.222.44.152 - - [14/Apr/2025:07:59:28 -0400] "GET /types-of-therapy-for-autism/ HTTP/1.1" 200 10593 "https://sunquicksf.com/post-sitemap.xml" "Scrapy/2.12.0 (+https://scrapy.org)"
18.222.44.152 - - [14/Apr/2025:07:59:31 -0400] "GET /bookmakers-closing-times/ HTTP/1.1" 200 10673 "https://sunquicksf.com/post-sitemap.xml" "Scrapy/2.12.0 (+https://scrapy.org)"
18.222.44.152 - - [14/Apr/2025:07:59:35 -0400] "GET /the-fun-activities-of-face-and-body-painting/ HTTP/1.1" 200 10592 "https://sunquicksf.com/post-sitemap.xml" "Scrapy/2.12.0 (+https://scrapy.org)"
18.222.44.152 - - [14/Apr/2025:07:59:38 -0400] "GET /the-simple-facts-about-colored-diamonds/ HTTP/1.1" 200 10366 "https://sunquicksf.com/post-sitemap.xml" "Scrapy/2.12.0 (+https://scrapy.org)"
18.222.44.152 - - [14/Apr/2025:07:59:40 -0400] "GET /online-club-betting-tips-for-amateurs/ HTTP/1.1" 200 10907 "https://sunquicksf.com/post-sitemap.xml" "Scrapy/2.12.0 (+https://scrapy.org)"
18.222.44.152 - - [14/Apr/2025:07:59:44 -0400] "GET /custom-baseball-socks-with-logo/ HTTP/1.1" 200 10649 "https://sunquicksf.com/post-sitemap.xml" "Scrapy/2.12.0 (+https://scrapy.org)"
18.222.44.152 - - [14/Apr/2025:07:59:47 -0400] "GET /how-to-choose-a-custom-socks-manufacturer/ HTTP/1.1" 200 11516 "https://sunquicksf.com/post-sitemap.xml" "Scrapy/2.12.0 (+https://scrapy.org)"
18.222.44.152 - - [14/Apr/2025:07:59:51 -0400] "GET /choosing-the-right-loan-agency-services/ HTTP/1.1" 200 10625 "https://sunquicksf.com/post-sitemap.xml" "Scrapy/2.12.0 (+https://scrapy.org)"
18.222.44.152 - - [14/Apr/2025:07:59:54 -0400] "GET /5-advantages-of-a-licensed-money-lender/ HTTP/1.1" 200 11356 "https://sunquicksf.com/post-sitemap.xml" "Scrapy/2.12.0 (+https://scrapy.org)"
18.222.44.152 - - [14/Apr/2025:07:59:57 -0400] "GET /cbd-vape-and-cbd-edibles/ HTTP/1.1" 200 10846 "https://sunquicksf.com/post-sitemap.xml" "Scrapy/2.12.0 (+https://scrapy.org)"
18.222.44.152 - - [14/Apr/2025:08:00:02 -0400] "GET /why-do-you-need-custom-display-boxes-for-presentation/ HTTP/1.1" 200 10961 "https://sunquicksf.com/post-sitemap.xml" "Scrapy/2.12.0 (+https://scrapy.org)"
18.222.44.152 - - [14/Apr/2025:08:00:06 -0400] "GET /best-cbd-uk-brands/ HTTP/1.1" 200 12475 "https://sunquicksf.com/post-sitemap.xml" "Scrapy/2.12.0 (+https://scrapy.org)"
18.222.44.152 - - [14/Apr/2025:08:00:10 -0400] "GET /a-small-revolution-the-rise-of-small-bars-in-sydney/ HTTP/1.1" 200 10657 "https://sunquicksf.com/post-sitemap.xml" "Scrapy/2.12.0 (+https://scrapy.org)"
18.222.44.152 - - [14/Apr/2025:08:00:15 -0400] "GET /the-lakegarden-floor-plan/ HTTP/1.1" 200 10482 "https://sunquicksf.com/post-sitemap.xml" "Scrapy/2.12.0 (+https://scrapy.org)"
18.222.44.152 - - [14/Apr/2025:08:00:23 -0400] "GET /mushroom-chocolate-bars-for-sale/ HTTP/1.1" 200 10825 "https://sunquicksf.com/post-sitemap.xml" "Scrapy/2.12.0 (+https://scrapy.org)"
18.222.44.152 - - [14/Apr/2025:08:00:27 -0400] "GET /exploring-the-multicanais-phenomenon/ HTTP/1.1" 200 10167 "https://sunquicksf.com/post-sitemap2.xml" "Scrapy/2.12.0 (+https://scrapy.org)"
18.222.44.152 - - [14/Apr/2025:08:00:30 -0400] "GET /streamlining-information-sharing/ HTTP/1.1" 200 10189 "https://sunquicksf.com/post-sitemap2.xml" "Scrapy/2.12.0 (+https://scrapy.org)"
18.222.44.152 - - [14/Apr/2025:08:00:33 -0400] "GET /unleashing-the-power-of-qr-code-generator-free/ HTTP/1.1" 200 9905 "https://sunquicksf.com/post-sitemap2.xml" "Scrapy/2.12.0 (+https://scrapy.org)"
18.222.44.152 - - [14/Apr/2025:08:00:37 -0400] "GET /innovating-the-game-revolutionizing-casino-solution-distribution/ HTTP/1.1" 200 10135 "https://sunquicksf.com/post-sitemap2.xml" "Scrapy/2.12.0 (+https://scrapy.org)"
51.222.253.12 - - [14/Apr/2025:08:00:39 -0400] "GET /voice-actor-training/ HTTP/1.1" 200 9962 "-" "Mozilla/5.0 (compatible; AhrefsBot/7.0; +http://ahrefs.com/robot/)"
18.222.44.152 - - [14/Apr/2025:08:00:40 -0400] "GET /redefining-the-casino-experience/ HTTP/1.1" 200 10066 "https://sunquicksf.com/post-sitemap2.xml" "Scrapy/2.12.0 (+https://scrapy.org)"
18.222.44.152 - - [14/Apr/2025:08:00:44 -0400] "GET /a-comprehensive-overview/ HTTP/1.1" 200 10255 "https://sunquicksf.com/post-sitemap2.xml" "Scrapy/2.12.0 (+https://scrapy.org)"
18.222.44.152 - - [14/Apr/2025:08:00:47 -0400] "GET /the-emergence-of-multicanais/ HTTP/1.1" 200 10174 "https://sunquicksf.com/post-sitemap2.xml" "Scrapy/2.12.0 (+https://scrapy.org)"
18.222.44.152 - - [14/Apr/2025:08:00:50 -0400] "GET /unveiling-the-enchantment-of-puerto-de-la-duquesa/ HTTP/1.1" 200 10041 "https://sunquicksf.com/post-sitemap2.xml" "Scrapy/2.12.0 (+https://scrapy.org)"
18.222.44.152 - - [14/Apr/2025:08:00:52 -0400] "GET /unveiling-the-evolution-of-online-casinos-a-modern-gaming-phenomenon/ HTTP/1.1" 200 10121 "https://sunquicksf.com/post-sitemap2.xml" "Scrapy/2.12.0 (+https://scrapy.org)"
18.222.44.152 - - [14/Apr/2025:08:00:56 -0400] "GET /generosity-unleashed-the-impact-of-mrbeasts-gift-card-giveaway/ HTTP/1.1" 200 10112 "https://sunquicksf.com/post-sitemap2.xml" "Scrapy/2.12.0 (+https://scrapy.org)"
18.222.44.152 - - [14/Apr/2025:08:00:59 -0400] "GET /finding-nearby-food-donation-centers/ HTTP/1.1" 200 10040 "https://sunquicksf.com/post-sitemap2.xml" "Scrapy/2.12.0 (+https://scrapy.org)"
18.222.44.152 - - [14/Apr/2025:08:01:02 -0400] "GET /unlocking-the-secrets-to-radiant-skin-a-journey-into-skincare/ HTTP/1.1" 200 9974 "https://sunquicksf.com/post-sitemap2.xml" "Scrapy/2.12.0 (+https://scrapy.org)"
18.222.44.152 - - [14/Apr/2025:08:01:05 -0400] "GET /creative-solutions-for-small-bathroom-renovations/ HTTP/1.1" 200 9937 "https://sunquicksf.com/post-sitemap2.xml" "Scrapy/2.12.0 (+https://scrapy.org)"
18.222.44.152 - - [14/Apr/2025:08:01:08 -0400] "GET /exploring-christchurch-a-real-estate-video-tour/ HTTP/1.1" 200 9971 "https://sunquicksf.com/post-sitemap2.xml" "Scrapy/2.12.0 (+https://scrapy.org)"
18.222.44.152 - - [14/Apr/2025:08:01:11 -0400] "GET /a-haven-of-modern-living-exploring-arina-east-residences/ HTTP/1.1" 200 10061 "https://sunquicksf.com/post-sitemap2.xml" "Scrapy/2.12.0 (+https://scrapy.org)"
18.222.44.152 - - [14/Apr/2025:08:01:14 -0400] "GET /luxurious-living-at-emerald-of-katong-condo/ HTTP/1.1" 200 10087 "https://sunquicksf.com/post-sitemap2.xml" "Scrapy/2.12.0 (+https://scrapy.org)"
18.222.44.152 - - [14/Apr/2025:08:01:17 -0400] "GET /elevated-living-exploring-the-essence-of-park-hill-condo/ HTTP/1.1" 200 10201 "https://sunquicksf.com/post-sitemap2.xml" "Scrapy/2.12.0 (+https://scrapy.org)"
18.222.44.152 - - [14/Apr/2025:08:01:20 -0400] "GET /luxurious-living-in-casares-villas/ HTTP/1.1" 200 10229 "https://sunquicksf.com/post-sitemap2.xml" "Scrapy/2.12.0 (+https://scrapy.org)"
18.222.44.152 - - [14/Apr/2025:08:01:22 -0400] "GET /cake-bars-carts-pre-roll-review/ HTTP/1.1" 200 12117 "https://sunquicksf.com/post-sitemap.xml" "Scrapy/2.12.0 (+https://scrapy.org)"
18.222.44.152 - - [14/Apr/2025:08:01:26 -0400] "GET /dangers-of-buying-real-estate-foreclosures-too-quickly/ HTTP/1.1" 200 10692 "https://sunquicksf.com/post-sitemap.xml" "Scrapy/2.12.0 (+https://scrapy.org)"
18.222.44.152 - - [14/Apr/2025:08:01:28 -0400] "GET /pine-tree-hill-condos-a-new-launch-along-pine-grove-in-district-21/ HTTP/1.1" 200 10863 "https://sunquicksf.com/post-sitemap.xml" "Scrapy/2.12.0 (+https://scrapy.org)"
18.222.44.152 - - [14/Apr/2025:08:01:31 -0400] "GET /tmw-maxwell-location-map/ HTTP/1.1" 200 10709 "https://sunquicksf.com/post-sitemap.xml" "Scrapy/2.12.0 (+https://scrapy.org)"
18.222.44.152 - - [14/Apr/2025:08:01:34 -0400] "GET /buy-youtube-views-to-monetize-your-youtube-channel/ HTTP/1.1" 200 10675 "https://sunquicksf.com/post-sitemap.xml" "Scrapy/2.12.0 (+https://scrapy.org)"
18.222.44.152 - - [14/Apr/2025:08:01:37 -0400] "GET /kassia-developer/ HTTP/1.1" 200 11596 "https://sunquicksf.com/post-sitemap.xml" "Scrapy/2.12.0 (+https://scrapy.org)"
18.222.44.152 - - [14/Apr/2025:08:01:40 -0400] "GET /cake-bars-carts-are-a-great-alternative-to-traditional-weed-smoking/ HTTP/1.1" 200 10660 "https://sunquicksf.com/post-sitemap.xml" "Scrapy/2.12.0 (+https://scrapy.org)"
18.222.44.152 - - [14/Apr/2025:08:01:43 -0400] "GET /god-too-awaits-light/ HTTP/1.1" 200 10937 "https://sunquicksf.com/post-sitemap.xml" "Scrapy/2.12.0 (+https://scrapy.org)"
18.222.44.152 - - [14/Apr/2025:08:01:45 -0400] "GET /why-you-should-buy-likes-for-your-youtube-videos/ HTTP/1.1" 200 10703 "https://sunquicksf.com/post-sitemap.xml" "Scrapy/2.12.0 (+https://scrapy.org)"
18.222.44.152 - - [14/Apr/2025:08:01:48 -0400] "GET /how-to-get-free-traffic-from-youtube-using-the-video-response-technique/ HTTP/1.1" 200 10752 "https://sunquicksf.com/post-sitemap.xml" "Scrapy/2.12.0 (+https://scrapy.org)"
18.222.44.152 - - [14/Apr/2025:08:01:50 -0400] "GET /thrredup-michael-kors-bags-sales-get-your-hands-on-trendy-designer-handbags-at-up-to-90-off/ HTTP/1.1" 200 10964 "https://sunquicksf.com/post-sitemap.xml" "Scrapy/2.12.0 (+https://scrapy.org)"
18.222.44.152 - - [14/Apr/2025:08:01:54 -0400] "GET /how-the-continuum-is-defined/ HTTP/1.1" 200 10395 "https://sunquicksf.com/post-sitemap.xml" "Scrapy/2.12.0 (+https://scrapy.org)"
18.222.44.152 - - [14/Apr/2025:08:01:56 -0400] "GET /how-to-select-a-good-wordpress-real-estate-theme/ HTTP/1.1" 200 11477 "https://sunquicksf.com/post-sitemap.xml" "Scrapy/2.12.0 (+https://scrapy.org)"
18.222.44.152 - - [14/Apr/2025:08:02:00 -0400] "GET /6-tips-til-at-finde-de-perfekte-oreringe/ HTTP/1.1" 200 10592 "https://sunquicksf.com/post-sitemap.xml" "Scrapy/2.12.0 (+https://scrapy.org)"
18.222.44.152 - - [14/Apr/2025:08:02:04 -0400] "GET /hill-house-condo-a-new-launch-development-in-institution-hill-river-valley-district-9/ HTTP/1.1" 200 10779 "https://sunquicksf.com/post-sitemap.xml" "Scrapy/2.12.0 (+https://scrapy.org)"
178.20.45.128 - - [14/Apr/2025:08:02:14 -0400] "GET /ally-bank-customer-service/ HTTP/1.1" 200 10741 "https://sunquicksf.com/ally-bank-customer-service/" "Mozilla/5.0 (Windows NT 10.0; Win64; x64) AppleWebKit/537.36 (KHTML, like Gecko) Chrome/130.0.0.0 Safari/537.36 CCleaner/130.0.0.0"
178.20.45.128 - - [14/Apr/2025:08:02:15 -0400] "POST /wp-comments-post.php HTTP/1.1" 302 0 "https://sunquicksf.com/ally-bank-customer-service/" "Mozilla/5.0 (Windows NT 10.0; Win64; x64) AppleWebKit/537.36 (KHTML, like Gecko) Chrome/130.0.0.0 Safari/537.36 CCleaner/130.0.0.0"
178.20.45.128 - - [14/Apr/2025:08:02:17 -0400] "GET /ally-bank-customer-service/ HTTP/1.1" 200 28535 "https://sunquicksf.com/ally-bank-customer-service/#comment-49951" "Mozilla/5.0 (Windows NT 10.0; Win64; x64) AppleWebKit/537.36 (KHTML, like Gecko) Chrome/130.0.0.0 Safari/537.36 CCleaner/130.0.0.0"
51.222.253.5 - - [14/Apr/2025:08:02:22 -0400] "GET /roller-shutters-gateshead/ HTTP/1.1" 200 9896 "-" "Mozilla/5.0 (compatible; AhrefsBot/7.0; +http://ahrefs.com/robot/)"
18.222.44.152 - - [14/Apr/2025:08:02:36 -0400] "GET /the-landmark-condominium-in-aventura-florida/ HTTP/1.1" 200 10878 "https://sunquicksf.com/post-sitemap.xml" "Scrapy/2.12.0 (+https://scrapy.org)"
18.222.44.152 - - [14/Apr/2025:08:02:39 -0400] "GET /innovative-bathroom-renovations-for-small-spaces/ HTTP/1.1" 200 10256 "https://sunquicksf.com/post-sitemap2.xml" "Scrapy/2.12.0 (+https://scrapy.org)"
18.222.44.152 - - [14/Apr/2025:08:02:41 -0400] "GET /unraveling-the-mystery-behind-instagram-account-freeze-links/ HTTP/1.1" 200 10041 "https://sunquicksf.com/post-sitemap2.xml" "Scrapy/2.12.0 (+https://scrapy.org)"
18.222.44.152 - - [14/Apr/2025:08:02:44 -0400] "GET /frosting-your-instagram-a-guide-to-freezing-your-account/ HTTP/1.1" 200 10068 "https://sunquicksf.com/post-sitemap2.xml" "Scrapy/2.12.0 (+https://scrapy.org)"
18.222.44.152 - - [14/Apr/2025:08:02:47 -0400] "GET /la-revolution-de-leconomie-denergie/ HTTP/1.1" 200 10060 "https://sunquicksf.com/post-sitemap2.xml" "Scrapy/2.12.0 (+https://scrapy.org)"
18.222.44.152 - - [14/Apr/2025:08:02:50 -0400] "GET /revolution-verte-la-tonte-sans-fil-avec-les-tondeuses-robotisees/ HTTP/1.1" 200 10151 "https://sunquicksf.com/post-sitemap2.xml" "Scrapy/2.12.0 (+https://scrapy.org)"
18.222.44.152 - - [14/Apr/2025:08:02:53 -0400] "GET /an-essential-asset-for-content-creators/ HTTP/1.1" 200 9921 "https://sunquicksf.com/post-sitemap2.xml" "Scrapy/2.12.0 (+https://scrapy.org)"
18.222.44.152 - - [14/Apr/2025:08:02:57 -0400] "GET /bento-brilliance-unwrapping-the-japanese-lunch-box-tradition/ HTTP/1.1" 200 10229 "https://sunquicksf.com/post-sitemap2.xml" "Scrapy/2.12.0 (+https://scrapy.org)"
18.222.44.152 - - [14/Apr/2025:08:03:01 -0400] "GET /le-charme-intemporel-de-lours-en-peluche/ HTTP/1.1" 200 10026 "https://sunquicksf.com/post-sitemap2.xml" "Scrapy/2.12.0 (+https://scrapy.org)"
18.222.44.152 - - [14/Apr/2025:08:03:05 -0400] "GET /the-influence-and-impact-of-instagram-likes/ HTTP/1.1" 200 9944 "https://sunquicksf.com/post-sitemap2.xml" "Scrapy/2.12.0 (+https://scrapy.org)"
18.222.44.152 - - [14/Apr/2025:08:03:08 -0400] "GET /embracing-comfort-the-journey-within-a-sleeping-bag/ HTTP/1.1" 200 10236 "https://sunquicksf.com/post-sitemap2.xml" "Scrapy/2.12.0 (+https://scrapy.org)"
18.222.44.152 - - [14/Apr/2025:08:03:11 -0400] "GET /unveiling-the-truth-behind-buying-youtube-views-and-subscribers/ HTTP/1.1" 200 10028 "https://sunquicksf.com/post-sitemap2.xml" "Scrapy/2.12.0 (+https://scrapy.org)"
18.222.44.152 - - [14/Apr/2025:08:03:14 -0400] "GET /deciphering-youtube-views-the-metrics-behind-digital-stardom/ HTTP/1.1" 200 9950 "https://sunquicksf.com/post-sitemap2.xml" "Scrapy/2.12.0 (+https://scrapy.org)"
18.222.44.152 - - [14/Apr/2025:08:03:17 -0400] "GET /understanding-the-algorithm/ HTTP/1.1" 200 9994 "https://sunquicksf.com/post-sitemap2.xml" "Scrapy/2.12.0 (+https://scrapy.org)"
18.222.44.152 - - [14/Apr/2025:08:03:20 -0400] "GET /navigating-the-maze-unlocking-success-with-tiktok-views-and-followers/ HTTP/1.1" 200 10154 "https://sunquicksf.com/post-sitemap2.xml" "Scrapy/2.12.0 (+https://scrapy.org)"
18.222.44.152 - - [14/Apr/2025:08:03:22 -0400] "GET /unveiling-elegance-exploring-the-arden-showflat/ HTTP/1.1" 200 10070 "https://sunquicksf.com/post-sitemap2.xml" "Scrapy/2.12.0 (+https://scrapy.org)"
18.222.44.152 - - [14/Apr/2025:08:03:25 -0400] "GET /a-glimpse-into-the-terrahill-showflat/ HTTP/1.1" 200 9922 "https://sunquicksf.com/post-sitemap2.xml" "Scrapy/2.12.0 (+https://scrapy.org)"
18.222.44.152 - - [14/Apr/2025:08:03:27 -0400] "GET /a-glimpse-into-elegance-exploring-the-sophia-regency-showflat/ HTTP/1.1" 200 10248 "https://sunquicksf.com/post-sitemap2.xml" "Scrapy/2.12.0 (+https://scrapy.org)"
18.222.44.152 - - [14/Apr/2025:08:03:30 -0400] "GET /exploring-the-botany-showflat/ HTTP/1.1" 200 9982 "https://sunquicksf.com/post-sitemap2.xml" "Scrapy/2.12.0 (+https://scrapy.org)"
18.222.44.152 - - [14/Apr/2025:08:03:33 -0400] "GET /discovering-luxury-living-at-one-bernam-showflat/ HTTP/1.1" 200 10297 "https://sunquicksf.com/post-sitemap2.xml" "Scrapy/2.12.0 (+https://scrapy.org)"
18.222.44.152 - - [14/Apr/2025:08:03:37 -0400] "GET /sac-a-dos-militaire-lequipement-essentiel-pour-les-operations-sur-le-terrain/ HTTP/1.1" 200 10209 "https://sunquicksf.com/post-sitemap2.xml" "Scrapy/2.12.0 (+https://scrapy.org)"
18.222.44.152 - - [14/Apr/2025:08:03:40 -0400] "GET /mastering-the-keyboard-the-art-of-typing-speed-test/ HTTP/1.1" 200 10083 "https://sunquicksf.com/post-sitemap2.xml" "Scrapy/2.12.0 (+https://scrapy.org)"
18.222.44.152 - - [14/Apr/2025:08:03:43 -0400] "GET /the-key-to-efficiency/ HTTP/1.1" 200 10328 "https://sunquicksf.com/post-sitemap2.xml" "Scrapy/2.12.0 (+https://scrapy.org)"
18.222.44.152 - - [14/Apr/2025:08:03:48 -0400] "GET /hvad-er-de-forskellige-typer-armband/ HTTP/1.1" 200 10662 "https://sunquicksf.com/post-sitemap.xml" "Scrapy/2.12.0 (+https://scrapy.org)"
18.222.44.152 - - [14/Apr/2025:08:03:51 -0400] "GET /discount-michael-kors-bags/ HTTP/1.1" 200 11199 "https://sunquicksf.com/post-sitemap.xml" "Scrapy/2.12.0 (+https://scrapy.org)"
18.222.44.152 - - [14/Apr/2025:08:03:54 -0400] "GET /michael-kors-handbags-for-ladies/ HTTP/1.1" 200 10127 "https://sunquicksf.com/post-sitemap.xml" "Scrapy/2.12.0 (+https://scrapy.org)"
18.222.44.152 - - [14/Apr/2025:08:03:57 -0400] "GET /six-tips-for-successful-football-betting/ HTTP/1.1" 200 10108 "https://sunquicksf.com/post-sitemap.xml" "Scrapy/2.12.0 (+https://scrapy.org)"
18.222.44.152 - - [14/Apr/2025:08:04:00 -0400] "GET /betting-shops/ HTTP/1.1" 200 10103 "https://sunquicksf.com/post-sitemap.xml" "Scrapy/2.12.0 (+https://scrapy.org)"
18.222.44.152 - - [14/Apr/2025:08:04:04 -0400] "GET /how-to-win-at-football-betting/ HTTP/1.1" 200 10103 "https://sunquicksf.com/post-sitemap.xml" "Scrapy/2.12.0 (+https://scrapy.org)"
18.222.44.152 - - [14/Apr/2025:08:04:09 -0400] "GET /how-to-find-a-reliable-house-painter/ HTTP/1.1" 200 11311 "https://sunquicksf.com/post-sitemap.xml" "Scrapy/2.12.0 (+https://scrapy.org)"
18.222.44.152 - - [14/Apr/2025:08:04:13 -0400] "GET /michael-kors-bags-for-women/ HTTP/1.1" 200 10784 "https://sunquicksf.com/post-sitemap.xml" "Scrapy/2.12.0 (+https://scrapy.org)"
18.222.44.152 - - [14/Apr/2025:08:04:18 -0400] "GET /find-a-local-painter-and-decorator-near-you/ HTTP/1.1" 200 10798 "https://sunquicksf.com/post-sitemap.xml" "Scrapy/2.12.0 (+https://scrapy.org)"
18.222.44.152 - - [14/Apr/2025:08:04:21 -0400] "GET /midtown-modern-the-newest-development-in-bugis-district/ HTTP/1.1" 200 10037 "https://sunquicksf.com/post-sitemap.xml" "Scrapy/2.12.0 (+https://scrapy.org)"
51.222.253.17 - - [14/Apr/2025:08:04:23 -0400] "GET /what-is-a-platform/feed/ HTTP/1.1" 304 0 "-" "Mozilla/5.0 (compatible; AhrefsBot/7.0; +http://ahrefs.com/robot/)"
18.222.44.152 - - [14/Apr/2025:08:04:26 -0400] "GET /the-forest-of-arden/ HTTP/1.1" 200 10353 "https://sunquicksf.com/post-sitemap.xml" "Scrapy/2.12.0 (+https://scrapy.org)"
18.222.44.152 - - [14/Apr/2025:08:04:29 -0400] "GET /amber-sea-is-rich-in-history-and-symbolism/ HTTP/1.1" 200 10687 "https://sunquicksf.com/post-sitemap.xml" "Scrapy/2.12.0 (+https://scrapy.org)"
18.222.44.152 - - [14/Apr/2025:08:04:35 -0400] "GET /colorado-real-estate-schools/ HTTP/1.1" 200 10548 "https://sunquicksf.com/post-sitemap.xml" "Scrapy/2.12.0 (+https://scrapy.org)"
18.222.44.152 - - [14/Apr/2025:08:04:37 -0400] "GET /cherry-blossoms-by-the-park/ HTTP/1.1" 200 10550 "https://sunquicksf.com/post-sitemap.xml" "Scrapy/2.12.0 (+https://scrapy.org)"
18.222.44.152 - - [14/Apr/2025:08:04:40 -0400] "GET /the-atelier-ups-the-ante-for-modern-brooklyn-living/ HTTP/1.1" 200 11119 "https://sunquicksf.com/post-sitemap.xml" "Scrapy/2.12.0 (+https://scrapy.org)"
45.84.107.76 - - [14/Apr/2025:08:04:41 -0400] "GET / HTTP/1.1" 200 77991 "https://sunquicksf.com" "Mozilla/5.0 (Windows NT 10.0; Win64; x64) AppleWebKit/537.36 (KHTML, like Gecko) Chrome/90.0.4430.85 Safari/537.36"
18.222.44.152 - - [14/Apr/2025:08:04:42 -0400] "GET /grand-dunman-a-prime-district-15-precinct/ HTTP/1.1" 200 10668 "https://sunquicksf.com/post-sitemap.xml" "Scrapy/2.12.0 (+https://scrapy.org)"
18.222.44.152 - - [14/Apr/2025:08:04:44 -0400] "GET /real-estate-101-firing-a-bad-agent/ HTTP/1.1" 200 10617 "https://sunquicksf.com/post-sitemap.xml" "Scrapy/2.12.0 (+https://scrapy.org)"
18.222.44.152 - - [14/Apr/2025:08:04:47 -0400] "GET /what-to-do-when-real-estate-falls/ HTTP/1.1" 200 10990 "https://sunquicksf.com/post-sitemap.xml" "Scrapy/2.12.0 (+https://scrapy.org)"
18.222.44.152 - - [14/Apr/2025:08:04:50 -0400] "GET /the-benefits-of-reserve-residences/ HTTP/1.1" 200 10659 "https://sunquicksf.com/post-sitemap.xml" "Scrapy/2.12.0 (+https://scrapy.org)"
18.222.44.152 - - [14/Apr/2025:08:04:53 -0400] "GET /piccadilly-grand-singapores-newest-integrated-development/ HTTP/1.1" 200 10091 "https://sunquicksf.com/post-sitemap.xml" "Scrapy/2.12.0 (+https://scrapy.org)"
18.222.44.152 - - [14/Apr/2025:08:04:57 -0400] "GET /top-10-reasons-why-you-should-buy-at-lentor-hills-residences/ HTTP/1.1" 200 10156 "https://sunquicksf.com/post-sitemap.xml" "Scrapy/2.12.0 (+https://scrapy.org)"
18.222.44.152 - - [14/Apr/2025:08:05:00 -0400] "GET /newport-residences-condominiums/ HTTP/1.1" 200 10083 "https://sunquicksf.com/post-sitemap.xml" "Scrapy/2.12.0 (+https://scrapy.org)"
18.222.44.152 - - [14/Apr/2025:08:05:03 -0400] "GET /the-transformative-power-of-part-time-work/ HTTP/1.1" 200 10136 "https://sunquicksf.com/post-sitemap2.xml" "Scrapy/2.12.0 (+https://scrapy.org)"
51.222.253.4 - - [14/Apr/2025:08:06:01 -0400] "GET /german-classes-london/feed/ HTTP/1.1" 200 377 "-" "Mozilla/5.0 (compatible; AhrefsBot/7.0; +http://ahrefs.com/robot/)"
66.249.64.167 - - [14/Apr/2025:08:06:19 -0400] "GET /robots.txt HTTP/1.1" 200 109 "-" "Mozilla/5.0 (compatible; Googlebot/2.1; +http://www.google.com/bot.html)"
66.249.64.169 - - [14/Apr/2025:08:06:20 -0400] "GET /wp-content/uploads/2024/02/Stop-Screen-Rotation-on-Iphone.jpg HTTP/1.1" 200 9260 "-" "Googlebot-Image/1.0"
212.23.222.55 - - [14/Apr/2025:08:06:42 -0400] "GET / HTTP/1.1" 200 77991 "-" "Timpibot/0.9 (+http://www.timpi.io)"
109.172.87.122 - - [14/Apr/2025:08:07:14 -0400] "GET /the-benefits-of-manufacturing-automation/ HTTP/1.1" 200 10594 "https://sunquicksf.com/the-benefits-of-manufacturing-automation/" "Mozilla/5.0 (Windows NT 10.0; Win64; x64) AppleWebKit/537.36 (KHTML, like Gecko) Chrome/129.0.0.0 Safari/537.36"
109.172.87.122 - - [14/Apr/2025:08:07:16 -0400] "POST /wp-comments-post.php HTTP/1.1" 302 0 "https://sunquicksf.com/the-benefits-of-manufacturing-automation/" "Mozilla/5.0 (Windows NT 10.0; Win64; x64) AppleWebKit/537.36 (KHTML, like Gecko) Chrome/129.0.0.0 Safari/537.36"
109.172.87.122 - - [14/Apr/2025:08:07:19 -0400] "GET /the-benefits-of-manufacturing-automation/ HTTP/1.1" 200 12168 "https://sunquicksf.com/the-benefits-of-manufacturing-automation/#comment-49952" "Mozilla/5.0 (Windows NT 10.0; Win64; x64) AppleWebKit/537.36 (KHTML, like Gecko) Chrome/129.0.0.0 Safari/537.36"
51.222.253.2 - - [14/Apr/2025:08:07:53 -0400] "GET /mk-sales-bag-uk-2/feed/ HTTP/1.1" 304 0 "-" "Mozilla/5.0 (compatible; AhrefsBot/7.0; +http://ahrefs.com/robot/)"
51.222.253.5 - - [14/Apr/2025:08:09:26 -0400] "GET /tembusu-grand-the-evergreen-of-district-15/feed/ HTTP/1.1" 200 419 "-" "Mozilla/5.0 (compatible; AhrefsBot/7.0; +http://ahrefs.com/robot/)"
51.222.253.15 - - [14/Apr/2025:08:11:06 -0400] "GET /manifesting-create-your-own-reality/feed/ HTTP/1.1" 200 407 "-" "Mozilla/5.0 (compatible; AhrefsBot/7.0; +http://ahrefs.com/robot/)"
51.222.253.10 - - [14/Apr/2025:08:13:06 -0400] "GET /cbd-uk/ HTTP/1.1" 200 9481 "-" "Mozilla/5.0 (compatible; AhrefsBot/7.0; +http://ahrefs.com/robot/)"
185.157.212.157 - - [14/Apr/2025:08:13:34 -0400] "GET /the-benefits-of-manufacturing-automation/ HTTP/1.1" 200 10553 "https://sunquicksf.com/the-benefits-of-manufacturing-automation/" "Mozilla/5.0 (Windows NT 10.0; Win64; x64) AppleWebKit/537.36 (KHTML, like Gecko) Chrome/129.0.0.0 Safari/537.36"
185.157.212.157 - - [14/Apr/2025:08:13:36 -0400] "POST /wp-comments-post.php HTTP/1.1" 302 0 "https://sunquicksf.com/the-benefits-of-manufacturing-automation/" "Mozilla/5.0 (Windows NT 10.0; Win64; x64) AppleWebKit/537.36 (KHTML, like Gecko) Chrome/129.0.0.0 Safari/537.36"
185.157.212.157 - - [14/Apr/2025:08:13:39 -0400] "GET /the-benefits-of-manufacturing-automation/ HTTP/1.1" 200 11645 "https://sunquicksf.com/the-benefits-of-manufacturing-automation/#comment-49953" "Mozilla/5.0 (Windows NT 10.0; Win64; x64) AppleWebKit/537.36 (KHTML, like Gecko) Chrome/129.0.0.0 Safari/537.36"
185.231.154.128 - - [14/Apr/2025:08:14:04 -0400] "GET /ally-bank-customer-service/ HTTP/1.1" 200 10674 "https://sunquicksf.com/ally-bank-customer-service/#comment-13507" "Mozilla/5.0 (Windows NT 10.0; Win64; x64) AppleWebKit/537.36 (KHTML, like Gecko) Chrome/131.0.0.0 Safari/537.36 Avast/131.0.0.0"
51.222.253.1 - - [14/Apr/2025:08:14:38 -0400] "GET /how-to-choose-a-british-male-voiceover-artist/feed/ HTTP/1.1" 200 412 "-" "Mozilla/5.0 (compatible; AhrefsBot/7.0; +http://ahrefs.com/robot/)"
114.119.130.3 - - [14/Apr/2025:08:15:29 -0400] "GET /seashell-ring-a-symbol-of-beauty-transformation-and-treasures-uncovered-by-the-ocean/ HTTP/1.1" 200 10182 "https://sunquicksf.com/seashell-ring-a-symbol-of-beauty-transformation-and-treasures-uncovered-by-the-ocean/" "Mozilla/5.0 (Linux; Android 7.0;) AppleWebKit/537.36 (KHTML, like Gecko) Mobile Safari/537.36 (compatible; PetalBot;+https://webmaster.petalsearch.com/site/petalbot)"
91.84.98.204 - - [14/Apr/2025:08:16:10 -0400] "GET /the-benefits-of-manufacturing-automation/ HTTP/1.1" 200 10585 "https://sunquicksf.com/the-benefits-of-manufacturing-automation/" "Mozilla/5.0 (Windows NT 10.0; Win64; x64) AppleWebKit/537.36 (KHTML, like Gecko) Chrome/131.0.0.0 Safari/537.36 Avast/131.0.0.0"
91.84.98.204 - - [14/Apr/2025:08:16:13 -0400] "POST /wp-comments-post.php HTTP/1.1" 302 0 "https://sunquicksf.com/the-benefits-of-manufacturing-automation/" "Mozilla/5.0 (Windows NT 10.0; Win64; x64) AppleWebKit/537.36 (KHTML, like Gecko) Chrome/131.0.0.0 Safari/537.36 Avast/131.0.0.0"
91.84.98.204 - - [14/Apr/2025:08:16:17 -0400] "GET /the-benefits-of-manufacturing-automation/ HTTP/1.1" 200 12127 "https://sunquicksf.com/the-benefits-of-manufacturing-automation/#comment-49954" "Mozilla/5.0 (Windows NT 10.0; Win64; x64) AppleWebKit/537.36 (KHTML, like Gecko) Chrome/131.0.0.0 Safari/537.36 Avast/131.0.0.0"
51.222.253.12 - - [14/Apr/2025:08:16:19 -0400] "GET /aura-review-the-best-mindfulness-app/feed/ HTTP/1.1" 200 410 "-" "Mozilla/5.0 (compatible; AhrefsBot/7.0; +http://ahrefs.com/robot/)"
114.119.135.64 - - [14/Apr/2025:08:16:51 -0400] "GET /raising-tvs-4-ways-to-raise-your-tv-without-making-your-kids-uncomfortable/ HTTP/1.1" 200 10725 "https://sunquicksf.com/category/activity/page/80/" "Mozilla/5.0 (Linux; Android 7.0;) AppleWebKit/537.36 (KHTML, like Gecko) Mobile Safari/537.36 (compatible; PetalBot;+https://webmaster.petalsearch.com/site/petalbot)"
51.222.253.5 - - [14/Apr/2025:08:17:56 -0400] "GET /how-to-open-company-in-singapore/feed/ HTTP/1.1" 304 0 "-" "Mozilla/5.0 (compatible; AhrefsBot/7.0; +http://ahrefs.com/robot/)"
198.54.114.83 - - [14/Apr/2025:08:18:15 -0400] "POST /wp-cron.php?doing_wp_cron=1744633094.9264569282531738281250 HTTP/1.1" 200 0 "-" "WordPress/6.7.2; https://sunquicksf.com"
114.119.156.133 - - [14/Apr/2025:08:18:14 -0400] "GET /page/14/ HTTP/1.1" 200 10094 "https://sunquicksf.com/page/15/" "Mozilla/5.0 (Linux; Android 7.0;) AppleWebKit/537.36 (KHTML, like Gecko) Mobile Safari/537.36 (compatible; PetalBot;+https://webmaster.petalsearch.com/site/petalbot)"
114.119.156.71 - - [14/Apr/2025:08:19:38 -0400] "GET /the-key-to-efficiency/ HTTP/1.1" 200 10305 "https://sunquicksf.com/page/18/" "Mozilla/5.0 (Linux; Android 7.0;) AppleWebKit/537.36 (KHTML, like Gecko) Mobile Safari/537.36 (compatible; PetalBot;+https://webmaster.petalsearch.com/site/petalbot)"
51.222.253.20 - - [14/Apr/2025:08:19:45 -0400] "GET /gina-approved-curly-hair-specialist/feed/ HTTP/1.1" 304 0 "-" "Mozilla/5.0 (compatible; AhrefsBot/7.0; +http://ahrefs.com/robot/)"
114.119.156.133 - - [14/Apr/2025:08:21:03 -0400] "GET /category/activity/page/100/ HTTP/1.1" 200 10130 "https://sunquicksf.com/category/activity/page/101/" "Mozilla/5.0 (Linux; Android 7.0;) AppleWebKit/537.36 (KHTML, like Gecko) Mobile Safari/537.36 (compatible; PetalBot;+https://webmaster.petalsearch.com/site/petalbot)"
51.222.253.8 - - [14/Apr/2025:08:22:04 -0400] "GET /men-and-women-of-the-world-you-need-no-longer-be-stuck-wearing-boring-t-shirts-see-why/ HTTP/1.1" 200 11113 "-" "Mozilla/5.0 (compatible; AhrefsBot/7.0; +http://ahrefs.com/robot/)"
65.21.113.194 - - [14/Apr/2025:08:23:51 -0400] "GET /robots.txt HTTP/1.1" 200 109 "-" "Mozilla/5.0 (compatible; AwarioBot/1.0; +https://awario.com/bots.html)"
65.21.113.194 - - [14/Apr/2025:08:23:55 -0400] "GET / HTTP/1.1" 200 77991 "-" "Mozilla/5.0 (compatible; AwarioBot/1.0; +https://awario.com/bots.html)"
51.222.253.17 - - [14/Apr/2025:08:23:56 -0400] "GET /how-to-find-a-property-manager-in-london/ HTTP/1.1" 200 9959 "-" "Mozilla/5.0 (compatible; AhrefsBot/7.0; +http://ahrefs.com/robot/)"
51.222.253.17 - - [14/Apr/2025:08:25:51 -0400] "GET /wellness-and-spa-a-business-opportunity-thats-both-lucrative-and-satisfying/feed/ HTTP/1.1" 304 0 "-" "Mozilla/5.0 (compatible; AhrefsBot/7.0; +http://ahrefs.com/robot/)"
185.220.100.254 - - [14/Apr/2025:08:27:23 -0400] "GET / HTTP/1.1" 200 77991 "https://sunquicksf.com" "Mozilla/5.0 (Windows NT 6.1; WOW64) AppleWebKit/537.36 (KHTML, like Gecko) Chrome/44.0.2403.157 Safari/537.36"
51.222.253.5 - - [14/Apr/2025:08:27:46 -0400] "GET /how-custom-team-socks-can-unify-your-team/feed/ HTTP/1.1" 200 416 "-" "Mozilla/5.0 (compatible; AhrefsBot/7.0; +http://ahrefs.com/robot/)"
185.231.154.128 - - [14/Apr/2025:08:28:54 -0400] "GET /ally-bank-customer-service/ HTTP/1.1" 200 10706 "https://sunquicksf.com/ally-bank-customer-service/#comment-13507" "Mozilla/5.0 (Windows NT 10.0; Win64; x64) AppleWebKit/537.36 (KHTML, like Gecko) Chrome/131.0.0.0 Safari/537.36 Avast/131.0.0.0"
185.231.154.128 - - [14/Apr/2025:08:28:57 -0400] "POST /wp-comments-post.php HTTP/1.1" 302 0 "https://sunquicksf.com/ally-bank-customer-service/#comment-13507" "Mozilla/5.0 (Windows NT 10.0; Win64; x64) AppleWebKit/537.36 (KHTML, like Gecko) Chrome/131.0.0.0 Safari/537.36 Avast/131.0.0.0"
185.231.154.128 - - [14/Apr/2025:08:29:00 -0400] "GET /ally-bank-customer-service/ HTTP/1.1" 200 17099 "https://sunquicksf.com/ally-bank-customer-service/#comment-49955" "Mozilla/5.0 (Windows NT 10.0; Win64; x64) AppleWebKit/537.36 (KHTML, like Gecko) Chrome/131.0.0.0 Safari/537.36 Avast/131.0.0.0"
51.222.253.3 - - [14/Apr/2025:08:30:00 -0400] "GET /how-to-change-username-on-spotify/feed/ HTTP/1.1" 200 419 "-" "Mozilla/5.0 (compatible; AhrefsBot/7.0; +http://ahrefs.com/robot/)"
51.222.253.7 - - [14/Apr/2025:08:31:36 -0400] "GET /what-is-a-belt-cutting-machine/feed/ HTTP/1.1" 304 0 "-" "Mozilla/5.0 (compatible; AhrefsBot/7.0; +http://ahrefs.com/robot/)"
152.42.172.190 - - [14/Apr/2025:08:32:35 -0400] "GET / HTTP/1.1" 200 77991 "-" "python-requests/2.32.3"
152.42.172.190 - - [14/Apr/2025:08:32:36 -0400] "GET /wp-content/plugins/wp-time-capsule/wp-tcapsule-bridge/upload.php HTTP/1.1" 404 7833 "-" "python-requests/2.32.3"
51.222.253.20 - - [14/Apr/2025:08:33:12 -0400] "GET /what-is-a-crypto-tumbler/ HTTP/1.1" 200 9986 "-" "Mozilla/5.0 (compatible; AhrefsBot/7.0; +http://ahrefs.com/robot/)"
114.119.130.3 - - [14/Apr/2025:08:34:16 -0400] "GET /speech-therapy-in-dubai/ HTTP/1.1" 200 9937 "https://sunquicksf.com/page/12/" "Mozilla/5.0 (Linux; Android 7.0;) AppleWebKit/537.36 (KHTML, like Gecko) Mobile Safari/537.36 (compatible; PetalBot;+https://webmaster.petalsearch.com/site/petalbot)"
51.222.253.14 - - [14/Apr/2025:08:34:59 -0400] "GET /objectif-publicitaire/ HTTP/1.1" 200 10527 "-" "Mozilla/5.0 (compatible; AhrefsBot/7.0; +http://ahrefs.com/robot/)"
114.119.135.64 - - [14/Apr/2025:08:35:39 -0400] "GET /oui-lawyer-what-to-expect-from-an-oui-lawyer/ HTTP/1.1" 200 9897 "https://sunquicksf.com/page/50/" "Mozilla/5.0 (Linux; Android 7.0;) AppleWebKit/537.36 (KHTML, like Gecko) Mobile Safari/537.36 (compatible; PetalBot;+https://webmaster.petalsearch.com/site/petalbot)"
51.222.253.4 - - [14/Apr/2025:08:36:40 -0400] "GET /dental-equipment-suppliers-in-the-uk/ HTTP/1.1" 200 10112 "-" "Mozilla/5.0 (compatible; AhrefsBot/7.0; +http://ahrefs.com/robot/)"
51.222.253.1 - - [14/Apr/2025:08:38:14 -0400] "GET /explore-the-ocean-with-a-boat-rental-in-bali/feed/ HTTP/1.1" 200 415 "-" "Mozilla/5.0 (compatible; AhrefsBot/7.0; +http://ahrefs.com/robot/)"
185.157.212.157 - - [14/Apr/2025:08:39:06 -0400] "GET /the-benefits-of-manufacturing-automation/ HTTP/1.1" 200 10553 "https://sunquicksf.com/the-benefits-of-manufacturing-automation/" "Mozilla/5.0 (Windows NT 10.0; Win64; x64) AppleWebKit/537.36 (KHTML, like Gecko) Chrome/129.0.0.0 Safari/537.36"
185.157.212.157 - - [14/Apr/2025:08:39:10 -0400] "POST /wp-comments-post.php HTTP/1.1" 302 0 "https://sunquicksf.com/the-benefits-of-manufacturing-automation/" "Mozilla/5.0 (Windows NT 10.0; Win64; x64) AppleWebKit/537.36 (KHTML, like Gecko) Chrome/129.0.0.0 Safari/537.36"
185.157.212.157 - - [14/Apr/2025:08:39:14 -0400] "GET /the-benefits-of-manufacturing-automation/ HTTP/1.1" 200 11709 "https://sunquicksf.com/the-benefits-of-manufacturing-automation/#comment-49956" "Mozilla/5.0 (Windows NT 10.0; Win64; x64) AppleWebKit/537.36 (KHTML, like Gecko) Chrome/129.0.0.0 Safari/537.36"
51.222.253.7 - - [14/Apr/2025:08:39:31 -0400] "GET /what-are-shoes-and-how-are-they-constructed/ HTTP/1.1" 200 9970 "-" "Mozilla/5.0 (compatible; AhrefsBot/7.0; +http://ahrefs.com/robot/)"
51.222.253.19 - - [14/Apr/2025:08:40:59 -0400] "GET /mediation-services/ HTTP/1.1" 200 10020 "-" "Mozilla/5.0 (compatible; AhrefsBot/7.0; +http://ahrefs.com/robot/)"
58.254.68.38 - - [14/Apr/2025:08:41:35 -0400] "GET /mk-shoulder-bag/ HTTP/1.1" 200 10421 "-" "Mozilla/5.0 (Windows NT 6.1; WOW64) AppleWebKit/537.36 (KHTML, like Gecko) Chrome/34.0.1847.131 Safari/537.36"
198.54.114.83 - - [14/Apr/2025:08:41:38 -0400] "POST /wp-cron.php?doing_wp_cron=1744634496.0516951084136962890625 HTTP/1.1" 200 0 "-" "WordPress/6.7.2; https://sunquicksf.com"
51.222.253.17 - - [14/Apr/2025:08:42:26 -0400] "GET /limportance-de-porter-des-chaussures-confortables/feed/ HTTP/1.1" 304 0 "-" "Mozilla/5.0 (compatible; AhrefsBot/7.0; +http://ahrefs.com/robot/)"
198.54.114.83 - - [14/Apr/2025:08:43:59 -0400] "POST /wp-cron.php?doing_wp_cron=1744634638.3039228916168212890625 HTTP/1.1" 200 0 "-" "WordPress/6.7.2; https://sunquicksf.com"
51.222.253.7 - - [14/Apr/2025:08:43:56 -0400] "GET /lakegarden-residences-a-perfect-blend-of-nature-and-modern-amenities/feed/ HTTP/1.1" 200 447 "-" "Mozilla/5.0 (compatible; AhrefsBot/7.0; +http://ahrefs.com/robot/)"
51.222.253.5 - - [14/Apr/2025:08:45:25 -0400] "GET /digital-agencies-in-london/ HTTP/1.1" 200 11157 "-" "Mozilla/5.0 (compatible; AhrefsBot/7.0; +http://ahrefs.com/robot/)"
91.84.98.204 - - [14/Apr/2025:08:45:49 -0400] "GET /the-benefits-of-manufacturing-automation/ HTTP/1.1" 200 10553 "https://sunquicksf.com/the-benefits-of-manufacturing-automation/" "Mozilla/5.0 (Windows NT 10.0; Win64; x64) AppleWebKit/537.36 (KHTML, like Gecko) Chrome/131.0.0.0 Safari/537.36 Avast/131.0.0.0"
91.84.98.204 - - [14/Apr/2025:08:45:52 -0400] "POST /wp-comments-post.php HTTP/1.1" 302 0 "https://sunquicksf.com/the-benefits-of-manufacturing-automation/" "Mozilla/5.0 (Windows NT 10.0; Win64; x64) AppleWebKit/537.36 (KHTML, like Gecko) Chrome/131.0.0.0 Safari/537.36 Avast/131.0.0.0"
91.84.98.204 - - [14/Apr/2025:08:45:56 -0400] "GET /the-benefits-of-manufacturing-automation/ HTTP/1.1" 200 10118 "https://sunquicksf.com/the-benefits-of-manufacturing-automation/#comment-49957" "Mozilla/5.0 (Windows NT 10.0; Win64; x64) AppleWebKit/537.36 (KHTML, like Gecko) Chrome/131.0.0.0 Safari/537.36 Avast/131.0.0.0"
51.222.253.3 - - [14/Apr/2025:08:47:03 -0400] "GET /what-does-a-creative-director-do/feed/ HTTP/1.1" 200 393 "-" "Mozilla/5.0 (compatible; AhrefsBot/7.0; +http://ahrefs.com/robot/)"
51.222.253.6 - - [14/Apr/2025:08:48:41 -0400] "GET /jden-capitaland-condominium/feed/ HTTP/1.1" 304 0 "-" "Mozilla/5.0 (compatible; AhrefsBot/7.0; +http://ahrefs.com/robot/)"
51.222.253.13 - - [14/Apr/2025:08:50:01 -0400] "GET /funny-pick-up-lines-that-will-make-her-laugh/feed/ HTTP/1.1" 200 419 "-" "Mozilla/5.0 (compatible; AhrefsBot/7.0; +http://ahrefs.com/robot/)"
44.217.146.197 - - [14/Apr/2025:08:51:55 -0400] "GET /shooting-budapest/ HTTP/1.1" 200 10566 "-" "Grammarly/1.0 (http://www.grammarly.com)"
51.222.253.20 - - [14/Apr/2025:08:52:02 -0400] "GET /the-rise-of-omnivoid-inc/feed/ HTTP/1.1" 200 389 "-" "Mozilla/5.0 (compatible; AhrefsBot/7.0; +http://ahrefs.com/robot/)"
51.222.253.12 - - [14/Apr/2025:08:53:16 -0400] "GET /which-voiceovers-agency-is-right-for-you/feed/ HTTP/1.1" 200 409 "-" "Mozilla/5.0 (compatible; AhrefsBot/7.0; +http://ahrefs.com/robot/)"
51.222.253.11 - - [14/Apr/2025:08:54:40 -0400] "GET /flake-ice-machine-the-best-choice-for-seafood-restaurants-bars-and-cafes/feed/ HTTP/1.1" 200 464 "-" "Mozilla/5.0 (compatible; AhrefsBot/7.0; +http://ahrefs.com/robot/)"
81.177.27.74 - - [14/Apr/2025:08:55:39 -0400] "GET /the-benefits-of-manufacturing-automation/ HTTP/1.1" 200 10553 "-" "Mozilla/5.0 (Windows NT 10.0; WOW64; x64) AppleWebKit/537.36 (KHTML, like Gecko) Chrome/114.0.0.0 Safari/537.36 OPR/89.0.4447.51"
81.177.27.74 - - [14/Apr/2025:08:55:42 -0400] "GET /category/sign-up/ HTTP/1.1" 200 8104 "https://sunquicksf.com/the-benefits-of-manufacturing-automation/" "Mozilla/5.0 (Windows NT 6.3; Win64; x64) AppleWebKit/537.36 (KHTML, like Gecko) Chrome/103.0.0.0 Safari/537.36"
81.177.27.74 - - [14/Apr/2025:08:55:44 -0400] "GET /category/sign-up/ HTTP/1.1" 200 8081 "https://sunquicksf.com/category/sign-up/" "Mozilla/5.0 (Windows NT 6.3; Win64; x64) AppleWebKit/537.36 (KHTML, like Gecko) Chrome/103.0.0.0 Safari/537.36"
51.222.253.10 - - [14/Apr/2025:08:56:18 -0400] "GET /exploring-the-world-of-rainbow-riches-casinos/ HTTP/1.1" 200 9921 "-" "Mozilla/5.0 (compatible; AhrefsBot/7.0; +http://ahrefs.com/robot/)"
