85.208.98.22 - - [15/Apr/2025:20:42:23 -0400] "GET /australian-optometrists/ HTTP/1.1" 200 10719 "-" "Mozilla/5.0 (compatible; SemrushBot-BA; +http://www.semrush.com/bot.html)"
85.208.98.16 - - [15/Apr/2025:20:43:35 -0400] "GET /choosing-a-tattoo-evacuation-laser-facility/ HTTP/1.1" 200 10818 "-" "Mozilla/5.0 (compatible; SemrushBot-BA; +http://www.semrush.com/bot.html)"
91.84.98.204 - - [15/Apr/2025:20:43:39 -0400] "GET /the-benefits-of-manufacturing-automation/ HTTP/1.1" 200 10569 "https://sunquicksf.com/the-benefits-of-manufacturing-automation/" "Mozilla/5.0 (Windows NT 10.0; Win64; x64) AppleWebKit/537.36 (KHTML, like Gecko) Chrome/129.0.0.0 Safari/537.36"
91.84.98.204 - - [15/Apr/2025:20:43:41 -0400] "POST /wp-comments-post.php HTTP/1.1" 302 0 "https://sunquicksf.com/the-benefits-of-manufacturing-automation/" "Mozilla/5.0 (Windows NT 10.0; Win64; x64) AppleWebKit/537.36 (KHTML, like Gecko) Chrome/129.0.0.0 Safari/537.36"
91.84.98.204 - - [15/Apr/2025:20:43:44 -0400] "GET /the-benefits-of-manufacturing-automation/ HTTP/1.1" 200 12070 "https://sunquicksf.com/the-benefits-of-manufacturing-automation/#comment-50195" "Mozilla/5.0 (Windows NT 10.0; Win64; x64) AppleWebKit/537.36 (KHTML, like Gecko) Chrome/129.0.0.0 Safari/537.36"
51.222.253.19 - - [15/Apr/2025:20:44:16 -0400] "GET /navigating-financial-waters-understanding-the-role-of-money-lenders-in-singapore/feed/ HTTP/1.1" 304 0 "-" "Mozilla/5.0 (compatible; AhrefsBot/7.0; +http://ahrefs.com/robot/)"
51.222.253.9 - - [15/Apr/2025:20:46:25 -0400] "GET /comprendre-ses-implications-et-ses-defis/feed/ HTTP/1.1" 200 399 "-" "Mozilla/5.0 (compatible; AhrefsBot/7.0; +http://ahrefs.com/robot/)"
51.222.253.18 - - [15/Apr/2025:20:48:28 -0400] "GET /understanding-the-appeal-of-tiktok-followers/feed/ HTTP/1.1" 200 411 "-" "Mozilla/5.0 (compatible; AhrefsBot/7.0; +http://ahrefs.com/robot/)"
114.119.147.233 - - [15/Apr/2025:20:49:02 -0400] "GET /consejos-de-apuestas-deportivas-en-linea-que-necesita-saber/ HTTP/1.1" 200 10815 "https://sunquicksf.com/consejos-de-apuestas-deportivas-en-linea-que-necesita-saber/" "Mozilla/5.0 (Linux; Android 7.0;) AppleWebKit/537.36 (KHTML, like Gecko) Mobile Safari/537.36 (compatible; PetalBot;+https://webmaster.petalsearch.com/site/petalbot)"
50.117.101.79 - - [15/Apr/2025:20:49:12 -0400] "GET /novacare-rehabilitation-in-belden-village-offers-inpatient-and-outpatient-physical-therapy/ HTTP/1.1" 200 9888 "-" "Mozilla/5.0 (Linux x86_64; rv:114.0) Gecko/20100101 Firefox/114.0"
51.222.253.16 - - [15/Apr/2025:20:50:36 -0400] "GET /page/53/ HTTP/1.1" 200 10215 "-" "Mozilla/5.0 (compatible; AhrefsBot/7.0; +http://ahrefs.com/robot/)"
62.113.115.161 - - [15/Apr/2025:20:51:12 -0400] "GET /ally-bank-customer-service/ HTTP/1.1" 200 10674 "https://sunquicksf.com/ally-bank-customer-service/" "Mozilla/5.0 (Windows NT 10.0; Win64; x64) AppleWebKit/537.36 (KHTML, like Gecko) Chrome/131.0.0.0 Safari/537.36 Avast/131.0.0.0"
62.113.115.161 - - [15/Apr/2025:20:51:18 -0400] "POST /wp-comments-post.php HTTP/1.1" 302 0 "https://sunquicksf.com/ally-bank-customer-service/" "Mozilla/5.0 (Windows NT 10.0; Win64; x64) AppleWebKit/537.36 (KHTML, like Gecko) Chrome/131.0.0.0 Safari/537.36 Avast/131.0.0.0"
62.113.115.161 - - [15/Apr/2025:20:51:23 -0400] "GET /ally-bank-customer-service/ HTTP/1.1" 200 11600 "https://sunquicksf.com/ally-bank-customer-service/#comment-50196" "Mozilla/5.0 (Windows NT 10.0; Win64; x64) AppleWebKit/537.36 (KHTML, like Gecko) Chrome/131.0.0.0 Safari/537.36 Avast/131.0.0.0"
51.222.253.10 - - [15/Apr/2025:20:52:43 -0400] "GET /what-is-a-remote-receptionist/feed/ HTTP/1.1" 304 0 "-" "Mozilla/5.0 (compatible; AhrefsBot/7.0; +http://ahrefs.com/robot/)"
107.173.137.41 - - [15/Apr/2025:20:54:09 -0400] "GET /wp-login.php HTTP/1.1" 200 1720 "-" "Mozilla/5.0 (Windows NT 10.0; Win64; x64) AppleWebKit/537.36 (KHTML, like Gecko) Chrome/115.0.0.0 Safari/537.36 Edg/115.0.1901.203"
107.173.137.41 - - [15/Apr/2025:20:54:16 -0400] "POST /wp-login.php HTTP/1.1" 200 1850 "https://sunquicksf.com/wp-login.php" "Mozilla/5.0 (Windows NT 10.0; Win64; x64) AppleWebKit/537.36 (KHTML, like Gecko) Chrome/115.0.0.0 Safari/537.36 Edg/115.0.1901.203"
51.222.253.10 - - [15/Apr/2025:20:54:56 -0400] "GET /positioning-high-on-google-is-more-straightforward-on-the-off-chance-that-your-recordings-have-a-great-deal-of-perspectives-on-youtube/ HTTP/1.1" 200 10548 "-" "Mozilla/5.0 (compatible; AhrefsBot/7.0; +http://ahrefs.com/robot/)"
51.222.253.17 - - [15/Apr/2025:20:57:16 -0400] "GET /mastering-the-art-of-tiling-unveiling-singapores-premier-contractors/ HTTP/1.1" 200 10141 "-" "Mozilla/5.0 (compatible; AhrefsBot/7.0; +http://ahrefs.com/robot/)"
198.54.114.83 - - [15/Apr/2025:20:57:22 -0400] "POST /wp-cron.php?doing_wp_cron=1744765040.0903968811035156250000 HTTP/1.1" 200 0 "-" "WordPress/6.7.2; https://sunquicksf.com"
198.54.114.83 - - [15/Apr/2025:20:59:26 -0400] "POST /wp-cron.php?doing_wp_cron=1744765165.7133688926696777343750 HTTP/1.1" 200 0 "-" "WordPress/6.7.2; https://sunquicksf.com"
51.222.253.12 - - [15/Apr/2025:20:59:22 -0400] "GET /so-lassen-sie-ein-video-erstellen-2/ HTTP/1.1" 200 10081 "-" "Mozilla/5.0 (compatible; AhrefsBot/7.0; +http://ahrefs.com/robot/)"
47.79.196.203 - - [15/Apr/2025:21:00:06 -0400] "GET / HTTP/1.1" 200 77991 "https://www.google.com/" "Mozilla/5.0 (Linux; Android 10; K) AppleWebKit/537.36 (KHTML, like Gecko) Chrome/132.0.0.0 Mobile Safari/537.36"
2a03:2880:f800:8:: - - [15/Apr/2025:21:01:22 -0400] "GET /robots.txt HTTP/1.1" 200 109 "-" "meta-externalagent/1.1 (+https://developers.facebook.com/docs/sharing/webmasters/crawler)"
51.222.253.19 - - [15/Apr/2025:21:01:39 -0400] "GET /is-fenbendazole-for-cancer-right-for-you/feed/ HTTP/1.1" 200 408 "-" "Mozilla/5.0 (compatible; AhrefsBot/7.0; +http://ahrefs.com/robot/)"
51.222.253.3 - - [15/Apr/2025:21:03:43 -0400] "GET /house-cleaning-services-in-bangalore/feed/ HTTP/1.1" 200 395 "-" "Mozilla/5.0 (compatible; AhrefsBot/7.0; +http://ahrefs.com/robot/)"
51.222.253.5 - - [15/Apr/2025:21:06:00 -0400] "GET /insight-into-the-union-square-residences/ HTTP/1.1" 200 10049 "-" "Mozilla/5.0 (compatible; AhrefsBot/7.0; +http://ahrefs.com/robot/)"
51.222.253.17 - - [15/Apr/2025:21:08:29 -0400] "GET /online-gambling-clubs-keep-on-coming-down-on-physical-gambling-clubs/ HTTP/1.1" 200 10819 "-" "Mozilla/5.0 (compatible; AhrefsBot/7.0; +http://ahrefs.com/robot/)"
114.119.134.207 - - [15/Apr/2025:21:10:19 -0400] "GET /revolutionizing-entertainment/ HTTP/1.1" 200 9913 "https://sunquicksf.com/category/activity/page/11/" "Mozilla/5.0 (Linux; Android 7.0;) AppleWebKit/537.36 (KHTML, like Gecko) Mobile Safari/537.36 (compatible; PetalBot;+https://webmaster.petalsearch.com/site/petalbot)"
51.222.253.16 - - [15/Apr/2025:21:10:40 -0400] "GET /cultivating-success-the-essential-supplies-for-mushroom-cultivation/ HTTP/1.1" 200 9991 "-" "Mozilla/5.0 (compatible; AhrefsBot/7.0; +http://ahrefs.com/robot/)"
114.119.134.207 - - [15/Apr/2025:21:11:42 -0400] "GET /pyjama-pilou-pilou-femme/ HTTP/1.1" 200 10314 "https://sunquicksf.com/page/105/" "Mozilla/5.0 (Linux; Android 7.0;) AppleWebKit/537.36 (KHTML, like Gecko) Mobile Safari/537.36 (compatible; PetalBot;+https://webmaster.petalsearch.com/site/petalbot)"
51.222.253.2 - - [15/Apr/2025:21:12:55 -0400] "GET /page/60/ HTTP/1.1" 200 10004 "-" "Mozilla/5.0 (compatible; AhrefsBot/7.0; +http://ahrefs.com/robot/)"
114.119.156.133 - - [15/Apr/2025:21:13:07 -0400] "GET /page/45/ HTTP/1.1" 200 10116 "https://sunquicksf.com/page/46/" "Mozilla/5.0 (Linux; Android 7.0;) AppleWebKit/537.36 (KHTML, like Gecko) Mobile Safari/537.36 (compatible; PetalBot;+https://webmaster.petalsearch.com/site/petalbot)"
114.119.134.207 - - [15/Apr/2025:21:14:29 -0400] "GET /leclat-de-geneve-une-marque-de-prestige/ HTTP/1.1" 200 10370 "https://sunquicksf.com/page/14/" "Mozilla/5.0 (Linux; Android 7.0;) AppleWebKit/537.36 (KHTML, like Gecko) Mobile Safari/537.36 (compatible; PetalBot;+https://webmaster.petalsearch.com/site/petalbot)"
178.150.14.250 - - [15/Apr/2025:21:15:14 -0400] "GET /robots.txt HTTP/1.1" 200 109 "-" "Mozilla/5.0 (compatible; MJ12bot/v1.4.8; http://mj12bot.com/)"
51.222.253.6 - - [15/Apr/2025:21:15:13 -0400] "GET /the-majesty-of-the-king-plus-casino/ HTTP/1.1" 200 10381 "-" "Mozilla/5.0 (compatible; AhrefsBot/7.0; +http://ahrefs.com/robot/)"
178.150.14.250 - - [15/Apr/2025:21:15:18 -0400] "GET /buy-youtube-views-cheap-and-working/ HTTP/1.1" 200 9996 "-" "Mozilla/5.0 (compatible; MJ12bot/v1.4.8; http://mj12bot.com/)"
178.150.14.250 - - [15/Apr/2025:21:15:24 -0400] "GET /buy-youtube-views-cheap-and-working/feed/ HTTP/1.1" 200 409 "-" "Mozilla/5.0 (compatible; MJ12bot/v1.4.8; http://mj12bot.com/)"
114.119.156.71 - - [15/Apr/2025:21:15:52 -0400] "GET /finding-a-childminder-near-me HTTP/1.1" 301 0 "https://www.variouscosmetics.com/journal-blog" "Mozilla/5.0 (Linux; Android 7.0;) AppleWebKit/537.36 (KHTML, like Gecko) Mobile Safari/537.36 (compatible; PetalBot;+https://webmaster.petalsearch.com/site/petalbot)"
114.119.156.71 - - [15/Apr/2025:21:15:57 -0400] "GET /finding-a-childminder-near-me/ HTTP/1.1" 200 10590 "https://www.variouscosmetics.com/journal-blog" "Mozilla/5.0 (Linux; Android 7.0;) AppleWebKit/537.36 (KHTML, like Gecko) Mobile Safari/537.36 (compatible; PetalBot;+https://webmaster.petalsearch.com/site/petalbot)"
114.119.147.233 - - [15/Apr/2025:21:17:15 -0400] "GET /edit-lock-screen-on-iphone/ HTTP/1.1" 200 14011 "https://sunquicksf.com/category/activity/page/43/" "Mozilla/5.0 (Linux; Android 7.0;) AppleWebKit/537.36 (KHTML, like Gecko) Mobile Safari/537.36 (compatible; PetalBot;+https://webmaster.petalsearch.com/site/petalbot)"
51.222.253.5 - - [15/Apr/2025:21:17:28 -0400] "GET /navigating-the-digital-gambling-boom/ HTTP/1.1" 200 10047 "-" "Mozilla/5.0 (compatible; AhrefsBot/7.0; +http://ahrefs.com/robot/)"
114.119.156.133 - - [15/Apr/2025:21:18:38 -0400] "GET /amber-sea-is-rich-in-history-and-symbolism/ HTTP/1.1" 200 10687 "https://sunquicksf.com/category/activity/page/106/" "Mozilla/5.0 (Linux; Android 7.0;) AppleWebKit/537.36 (KHTML, like Gecko) Mobile Safari/537.36 (compatible; PetalBot;+https://webmaster.petalsearch.com/site/petalbot)"
51.222.253.20 - - [15/Apr/2025:21:19:37 -0400] "GET /a-comprehensive-guide-to-removing-your-instagram-account/ HTTP/1.1" 200 10267 "-" "Mozilla/5.0 (compatible; AhrefsBot/7.0; +http://ahrefs.com/robot/)"
198.54.114.83 - - [15/Apr/2025:21:19:40 -0400] "POST /wp-cron.php?doing_wp_cron=1744766378.2433118820190429687500 HTTP/1.1" 200 0 "-" "WordPress/6.7.2; https://sunquicksf.com"
51.222.253.20 - - [15/Apr/2025:21:22:10 -0400] "GET /the-evolution-of-mobile-gaming-unveiling-the-trends-of-2024/feed/ HTTP/1.1" 304 0 "-" "Mozilla/5.0 (compatible; AhrefsBot/7.0; +http://ahrefs.com/robot/)"
198.54.114.83 - - [15/Apr/2025:21:22:18 -0400] "POST /wp-cron.php?doing_wp_cron=1744766534.8625569343566894531250 HTTP/1.1" 200 0 "-" "WordPress/6.7.2; https://sunquicksf.com"
198.54.114.83 - - [15/Apr/2025:21:24:19 -0400] "POST /wp-cron.php?doing_wp_cron=1744766657.3260378837585449218750 HTTP/1.1" 200 0 "-" "WordPress/6.7.2; https://sunquicksf.com"
51.222.253.14 - - [15/Apr/2025:21:24:11 -0400] "GET /category/activity/page/109/ HTTP/1.1" 200 10121 "-" "Mozilla/5.0 (compatible; AhrefsBot/7.0; +http://ahrefs.com/robot/)"
51.222.253.2 - - [15/Apr/2025:21:26:28 -0400] "GET /the-best-site-to-buy-youtube-views/ HTTP/1.1" 200 10548 "-" "Mozilla/5.0 (compatible; AhrefsBot/7.0; +http://ahrefs.com/robot/)"
198.54.114.83 - - [15/Apr/2025:21:26:37 -0400] "POST /wp-cron.php?doing_wp_cron=1744766793.7713079452514648437500 HTTP/1.1" 200 0 "-" "WordPress/6.7.2; https://sunquicksf.com"
198.54.114.83 - - [15/Apr/2025:21:28:46 -0400] "POST /wp-cron.php?doing_wp_cron=1744766924.8002529144287109375000 HTTP/1.1" 200 0 "-" "WordPress/6.7.2; https://sunquicksf.com"
51.222.253.14 - - [15/Apr/2025:21:28:38 -0400] "GET /category/activity/page/48/ HTTP/1.1" 200 10168 "-" "Mozilla/5.0 (compatible; AhrefsBot/7.0; +http://ahrefs.com/robot/)"
51.222.253.18 - - [15/Apr/2025:21:30:45 -0400] "GET /the-complete-guide-to-deleting-your-instagram-account/ HTTP/1.1" 200 10055 "-" "Mozilla/5.0 (compatible; AhrefsBot/7.0; +http://ahrefs.com/robot/)"
198.54.114.83 - - [15/Apr/2025:21:31:15 -0400] "POST /wp-cron.php?doing_wp_cron=1744767073.6200098991394042968750 HTTP/1.1" 200 0 "-" "WordPress/6.7.2; https://sunquicksf.com"
119.28.3.194 - - [15/Apr/2025:21:31:12 -0400] "GET /coral-bookies-review/ HTTP/1.1" 200 10668 "-" "Python/3.10 aiohttp/3.10.5"
51.222.253.1 - - [15/Apr/2025:21:33:07 -0400] "GET /page/14/ HTTP/1.1" 200 10123 "-" "Mozilla/5.0 (compatible; AhrefsBot/7.0; +http://ahrefs.com/robot/)"
198.54.114.83 - - [15/Apr/2025:21:33:16 -0400] "POST /wp-cron.php?doing_wp_cron=1744767193.2269001007080078125000 HTTP/1.1" 200 0 "-" "WordPress/6.7.2; https://sunquicksf.com"
198.54.114.83 - - [15/Apr/2025:21:34:55 -0400] "POST /wp-cron.php?doing_wp_cron=1744767293.4442520141601562500000 HTTP/1.1" 200 0 "-" "WordPress/6.7.2; https://sunquicksf.com"
114.119.138.5 - - [15/Apr/2025:21:34:47 -0400] "GET /category/activity/page/110/ HTTP/1.1" 200 9982 "https://sunquicksf.com/category/activity/page/109/" "Mozilla/5.0 (Linux; Android 7.0;) AppleWebKit/537.36 (KHTML, like Gecko) Mobile Safari/537.36 (compatible; PetalBot;+https://webmaster.petalsearch.com/site/petalbot)"
51.222.253.20 - - [15/Apr/2025:21:35:34 -0400] "GET /die-faszination-von-hangelampen-eine-erleuchtung-fur-ihr-zuhause/ HTTP/1.1" 200 9935 "-" "Mozilla/5.0 (compatible; AhrefsBot/7.0; +http://ahrefs.com/robot/)"
51.222.253.4 - - [15/Apr/2025:21:37:53 -0400] "GET /the-benefits-of-having-a-site-for-your-auto-body-shop/ HTTP/1.1" 200 10589 "-" "Mozilla/5.0 (compatible; AhrefsBot/7.0; +http://ahrefs.com/robot/)"
198.54.114.83 - - [15/Apr/2025:21:38:03 -0400] "POST /wp-cron.php?doing_wp_cron=1744767479.7343540191650390625000 HTTP/1.1" 200 0 "-" "WordPress/6.7.2; https://sunquicksf.com"
198.54.114.83 - - [15/Apr/2025:21:41:00 -0400] "POST /wp-cron.php?doing_wp_cron=1744767658.5915529727935791015625 HTTP/1.1" 200 0 "-" "WordPress/6.7.2; https://sunquicksf.com"
51.222.253.18 - - [15/Apr/2025:21:40:52 -0400] "GET /the-best-site-to-buy-youtube-views/feed/ HTTP/1.1" 200 404 "-" "Mozilla/5.0 (compatible; AhrefsBot/7.0; +http://ahrefs.com/robot/)"
198.54.114.83 - - [15/Apr/2025:21:43:16 -0400] "POST /wp-cron.php?doing_wp_cron=1744767795.6241118907928466796875 HTTP/1.1" 200 0 "-" "WordPress/6.7.2; https://sunquicksf.com"
51.222.253.4 - - [15/Apr/2025:21:43:11 -0400] "GET /best-ai-programming-languages-python-r-julia-more/ HTTP/1.1" 200 152153 "-" "Mozilla/5.0 (compatible; AhrefsBot/7.0; +http://ahrefs.com/robot/)"
5.253.161.143 - - [15/Apr/2025:21:45:24 -0400] "GET /category/sign-up/ HTTP/1.1" 200 8104 "http://sunquicksf.com/how-to-find-a-24-7-locksmith-near-you/" "Mozilla/5.0 (Windows NT 6.3; Win64; x64) AppleWebKit/537.36 (KHTML, like Gecko) Chrome/103.0.0.0 Safari/537.36"
5.253.161.143 - - [15/Apr/2025:21:45:29 -0400] "GET /category/sign-up/ HTTP/1.1" 200 8121 "https://sunquicksf.com/category/sign-up/" "Mozilla/5.0 (Windows NT 6.3; Win64; x64) AppleWebKit/537.36 (KHTML, like Gecko) Chrome/103.0.0.0 Safari/537.36"
5.253.161.143 - - [15/Apr/2025:21:45:39 -0400] "GET /how-to-find-a-24-7-locksmith-near-you/?unapproved=50197&moderation-hash=356606dcdea5bdb4d7254731704e1eea HTTP/1.1" 200 11212 "http://sunquicksf.com/wp-comments-post.php" "Mozilla/5.0 (Windows NT 6.3; Win64; x64) AppleWebKit/537.36 (KHTML, like Gecko) Chrome/103.0.0.0 Safari/537.36"
51.222.253.8 - - [15/Apr/2025:21:46:02 -0400] "GET /a-look-into-the-world-of-meyer-blau/ HTTP/1.1" 200 9937 "-" "Mozilla/5.0 (compatible; AhrefsBot/7.0; +http://ahrefs.com/robot/)"
51.222.253.20 - - [15/Apr/2025:21:48:56 -0400] "GET /when-will-gpt-5-be-released-2025/ HTTP/1.1" 200 105132 "-" "Mozilla/5.0 (compatible; AhrefsBot/7.0; +http://ahrefs.com/robot/)"
43.228.86.30 - - [15/Apr/2025:21:48:58 -0400] "GET /the-benefits-of-manufacturing-automation/ HTTP/1.1" 200 10594 "-" "Mozilla/5.0 (Macintosh; Intel Mac OS X 12.5; rv:114.0) Gecko/20100101 Firefox/114.0"
207.46.13.18 - - [15/Apr/2025:21:49:32 -0400] "GET /what-qualifications-do-you-need-to-become-a-pt-online/feed/ HTTP/1.1" 200 421 "-" "Mozilla/5.0 AppleWebKit/537.36 (KHTML, like Gecko; compatible; bingbot/2.0; +http://www.bing.com/bingbot.htm) Chrome/116.0.1938.76 Safari/537.36"
185.157.212.157 - - [15/Apr/2025:21:50:47 -0400] "GET /the-benefits-of-manufacturing-automation/ HTTP/1.1" 200 10585 "https://sunquicksf.com/the-benefits-of-manufacturing-automation/" "Mozilla/5.0 (Windows NT 10.0; Win64; x64) AppleWebKit/537.36 (KHTML, like Gecko) Chrome/130.0.0.0 Safari/537.36 CCleaner/130.0.0.0"
185.157.212.157 - - [15/Apr/2025:21:50:52 -0400] "POST /wp-comments-post.php HTTP/1.1" 302 0 "https://sunquicksf.com/the-benefits-of-manufacturing-automation/" "Mozilla/5.0 (Windows NT 10.0; Win64; x64) AppleWebKit/537.36 (KHTML, like Gecko) Chrome/130.0.0.0 Safari/537.36 CCleaner/130.0.0.0"
185.157.212.157 - - [15/Apr/2025:21:50:57 -0400] "GET /the-benefits-of-manufacturing-automation/ HTTP/1.1" 200 6565 "https://sunquicksf.com/the-benefits-of-manufacturing-automation/#comment-50198" "Mozilla/5.0 (Windows NT 10.0; Win64; x64) AppleWebKit/537.36 (KHTML, like Gecko) Chrome/130.0.0.0 Safari/537.36 CCleaner/130.0.0.0"
119.28.214.61 - - [15/Apr/2025:21:51:12 -0400] "GET /how-to-turn-off-find-my-iphone-without-notification/ HTTP/1.1" 200 12064 "-" "Python/3.10 aiohttp/3.10.5"
51.222.253.7 - - [15/Apr/2025:21:51:43 -0400] "GET /how-to-turn-on-hotspot-on-iphone-11-pro-max/feed/ HTTP/1.1" 200 415 "-" "Mozilla/5.0 (compatible; AhrefsBot/7.0; +http://ahrefs.com/robot/)"
23.23.99.55 - - [15/Apr/2025:21:52:00 -0400] "GET /discover-the-elegance-of-arcady-showflat-a-modern-haven/ HTTP/1.1" 200 10103 "-" "Mozilla/5.0 AppleWebKit/537.36 (KHTML, like Gecko; compatible; Amazonbot/0.1; +https://developer.amazon.com/support/amazonbot) Chrome/119.0.6045.214 Safari/537.36"
114.119.134.207 - - [15/Apr/2025:21:52:34 -0400] "GET /how-to-find-the-best-cbd-for-anxiety-uk-products/ HTTP/1.1" 200 10737 "https://sunquicksf.com/page/88/" "Mozilla/5.0 (Linux; Android 7.0;) AppleWebKit/537.36 (KHTML, like Gecko) Mobile Safari/537.36 (compatible; PetalBot;+https://webmaster.petalsearch.com/site/petalbot)"
85.208.98.29 - - [15/Apr/2025:21:52:43 -0400] "GET /navigating-the-world-of-online-prescription-glasses/ HTTP/1.1" 200 10017 "-" "Mozilla/5.0 (compatible; SemrushBot-BA; +http://www.semrush.com/bot.html)"
114.119.134.207 - - [15/Apr/2025:21:53:58 -0400] "GET /how-to-create-and-optimize-a-youtube-playlist/ HTTP/1.1" 200 10238 "https://sunquicksf.com/category/activity/page/88/" "Mozilla/5.0 (Linux; Android 7.0;) AppleWebKit/537.36 (KHTML, like Gecko) Mobile Safari/537.36 (compatible; PetalBot;+https://webmaster.petalsearch.com/site/petalbot)"
51.222.253.9 - - [15/Apr/2025:21:54:12 -0400] "GET /what-is-a-crypto-tumbler/feed/ HTTP/1.1" 304 0 "-" "Mozilla/5.0 (compatible; AhrefsBot/7.0; +http://ahrefs.com/robot/)"
35.240.128.90 - - [15/Apr/2025:21:54:37 -0400] "POST /wp-login.php HTTP/1.1" 200 1846 "-" "Mozlila/5.0 (Linux; Android 7.0; SM-G892A Bulid/NRD90M; wv) AppleWebKit/537.36 (KHTML, like Gecko) Version/4.0 Chrome/60.0.3112.107 Moblie Safari/537.36"
35.240.128.90 - - [15/Apr/2025:21:54:40 -0400] "GET /wp-admin/plugin-install.php?tab=upload HTTP/1.1" 302 0 "-" "Mozlila/5.0 (Linux; Android 7.0; SM-G892A Bulid/NRD90M; wv) AppleWebKit/537.36 (KHTML, like Gecko) Version/4.0 Chrome/60.0.3112.107 Moblie Safari/537.36"
35.240.128.90 - - [15/Apr/2025:21:54:42 -0400] "GET /wp-login.php?redirect_to=https%3A%2F%2Fsunquicksf.com%2Fwp-admin%2Fplugin-install.php%3Ftab%3Dupload&reauth=1 HTTP/1.1" 200 1739 "-" "Mozlila/5.0 (Linux; Android 7.0; SM-G892A Bulid/NRD90M; wv) AppleWebKit/537.36 (KHTML, like Gecko) Version/4.0 Chrome/60.0.3112.107 Moblie Safari/537.36"
114.119.135.64 - - [15/Apr/2025:21:55:22 -0400] "GET /edit-iphone-home-screen/ HTTP/1.1" 200 15308 "https://sunquicksf.com/edit-iphone-home-screen/" "Mozilla/5.0 (Linux; Android 7.0;) AppleWebKit/537.36 (KHTML, like Gecko) Mobile Safari/537.36 (compatible; PetalBot;+https://webmaster.petalsearch.com/site/petalbot)"
198.54.114.83 - - [15/Apr/2025:21:56:33 -0400] "POST /wp-cron.php?doing_wp_cron=1744768592.6330358982086181640625 HTTP/1.1" 200 0 "-" "WordPress/6.7.2; https://sunquicksf.com"
51.222.253.20 - - [15/Apr/2025:21:56:32 -0400] "GET /page/76/ HTTP/1.1" 200 10107 "-" "Mozilla/5.0 (compatible; AhrefsBot/7.0; +http://ahrefs.com/robot/)"
109.172.87.122 - - [15/Apr/2025:21:58:45 -0400] "GET /the-benefits-of-manufacturing-automation/ HTTP/1.1" 200 10594 "https://sunquicksf.com/the-benefits-of-manufacturing-automation/" "Mozilla/5.0 (Windows NT 10.0; Win64; x64) AppleWebKit/537.36 (KHTML, like Gecko) Chrome/129.0.0.0 Safari/537.36"
109.172.87.122 - - [15/Apr/2025:21:58:59 -0400] "POST /wp-comments-post.php HTTP/1.1" 302 0 "https://sunquicksf.com/the-benefits-of-manufacturing-automation/" "Mozilla/5.0 (Windows NT 10.0; Win64; x64) AppleWebKit/537.36 (KHTML, like Gecko) Chrome/129.0.0.0 Safari/537.36"
109.172.87.122 - - [15/Apr/2025:21:59:04 -0400] "GET /the-benefits-of-manufacturing-automation/ HTTP/1.1" 200 6565 "https://sunquicksf.com/the-benefits-of-manufacturing-automation/#comment-50199" "Mozilla/5.0 (Windows NT 10.0; Win64; x64) AppleWebKit/537.36 (KHTML, like Gecko) Chrome/129.0.0.0 Safari/537.36"
51.222.253.16 - - [15/Apr/2025:21:59:29 -0400] "GET /sitemap_index.xml HTTP/1.1" 200 273 "-" "Mozilla/5.0 (compatible; AhrefsBot/7.0; +http://ahrefs.com/robot/)"
51.222.253.16 - - [15/Apr/2025:21:59:34 -0400] "GET /post-sitemap.xml HTTP/1.1" 200 26932 "-" "Mozilla/5.0 (compatible; AhrefsBot/7.0; +http://ahrefs.com/robot/)"
51.222.253.14 - - [15/Apr/2025:21:59:52 -0400] "GET /post-sitemap2.xml HTTP/1.1" 200 6677 "-" "Mozilla/5.0 (compatible; AhrefsBot/7.0; +http://ahrefs.com/robot/)"
51.222.253.1 - - [15/Apr/2025:22:00:00 -0400] "GET /category-sitemap.xml HTTP/1.1" 200 419 "-" "Mozilla/5.0 (compatible; AhrefsBot/7.0; +http://ahrefs.com/robot/)"
51.222.253.3 - - [15/Apr/2025:22:02:34 -0400] "GET /category/activity/page/108/ HTTP/1.1" 200 10119 "-" "Mozilla/5.0 (compatible; AhrefsBot/7.0; +http://ahrefs.com/robot/)"
51.222.253.2 - - [15/Apr/2025:22:05:37 -0400] "GET /como-calcular-el-costo-de-peaje-en-mexico/feed/ HTTP/1.1" 304 0 "-" "Mozilla/5.0 (compatible; AhrefsBot/7.0; +http://ahrefs.com/robot/)"
91.84.98.204 - - [15/Apr/2025:22:07:29 -0400] "GET /the-benefits-of-manufacturing-automation/ HTTP/1.1" 200 10553 "https://sunquicksf.com/the-benefits-of-manufacturing-automation/" "Mozilla/5.0 (Windows NT 10.0; Win64; x64) AppleWebKit/537.36 (KHTML, like Gecko) Chrome/131.0.0.0 Safari/537.36 Avast/131.0.0.0"
91.84.98.204 - - [15/Apr/2025:22:07:36 -0400] "POST /wp-comments-post.php HTTP/1.1" 302 0 "https://sunquicksf.com/the-benefits-of-manufacturing-automation/" "Mozilla/5.0 (Windows NT 10.0; Win64; x64) AppleWebKit/537.36 (KHTML, like Gecko) Chrome/131.0.0.0 Safari/537.36 Avast/131.0.0.0"
91.84.98.204 - - [15/Apr/2025:22:07:41 -0400] "GET /the-benefits-of-manufacturing-automation/ HTTP/1.1" 200 6565 "https://sunquicksf.com/the-benefits-of-manufacturing-automation/#comment-50200" "Mozilla/5.0 (Windows NT 10.0; Win64; x64) AppleWebKit/537.36 (KHTML, like Gecko) Chrome/131.0.0.0 Safari/537.36 Avast/131.0.0.0"
51.222.253.9 - - [15/Apr/2025:22:08:31 -0400] "GET /page/54/ HTTP/1.1" 200 10035 "-" "Mozilla/5.0 (compatible; AhrefsBot/7.0; +http://ahrefs.com/robot/)"
91.84.98.204 - - [15/Apr/2025:22:08:35 -0400] "GET /the-benefits-of-manufacturing-automation/ HTTP/1.1" 200 10585 "https://sunquicksf.com/the-benefits-of-manufacturing-automation/" "Mozilla/5.0 (Windows NT 10.0; Win64; x64) AppleWebKit/537.36 (KHTML, like Gecko) Chrome/131.0.0.0 Safari/537.36 Avast/131.0.0.0"
91.84.98.204 - - [15/Apr/2025:22:08:38 -0400] "POST /wp-comments-post.php HTTP/1.1" 302 0 "https://sunquicksf.com/the-benefits-of-manufacturing-automation/" "Mozilla/5.0 (Windows NT 10.0; Win64; x64) AppleWebKit/537.36 (KHTML, like Gecko) Chrome/131.0.0.0 Safari/537.36 Avast/131.0.0.0"
91.84.98.204 - - [15/Apr/2025:22:08:42 -0400] "GET /the-benefits-of-manufacturing-automation/ HTTP/1.1" 200 12088 "https://sunquicksf.com/the-benefits-of-manufacturing-automation/#comment-50201" "Mozilla/5.0 (Windows NT 10.0; Win64; x64) AppleWebKit/537.36 (KHTML, like Gecko) Chrome/131.0.0.0 Safari/537.36 Avast/131.0.0.0"
51.222.253.5 - - [15/Apr/2025:22:11:36 -0400] "GET /assurance-professionnelle-proteger-votre-activite-avec-sagesse/feed/ HTTP/1.1" 304 0 "-" "Mozilla/5.0 (compatible; AhrefsBot/7.0; +http://ahrefs.com/robot/)"
114.119.134.207 - - [15/Apr/2025:22:14:40 -0400] "GET /types-of-therapy-for-autism/ HTTP/1.1" 200 10569 "https://sunquicksf.com/category/activity/page/111/" "Mozilla/5.0 (Linux; Android 7.0;) AppleWebKit/537.36 (KHTML, like Gecko) Mobile Safari/537.36 (compatible; PetalBot;+https://webmaster.petalsearch.com/site/petalbot)"
51.222.253.10 - - [15/Apr/2025:22:14:35 -0400] "GET /how-to-find-the-best-cbd-products-in-the-uk/ HTTP/1.1" 200 11746 "-" "Mozilla/5.0 (compatible; AhrefsBot/7.0; +http://ahrefs.com/robot/)"
185.157.212.157 - - [15/Apr/2025:22:14:49 -0400] "GET /the-benefits-of-manufacturing-automation/ HTTP/1.1" 200 10553 "https://sunquicksf.com/the-benefits-of-manufacturing-automation/" "Mozilla/5.0 (Windows NT 10.0; Win64; x64) AppleWebKit/537.36 (KHTML, like Gecko) Chrome/130.0.0.0 Safari/537.36 CCleaner/130.0.0.0"
185.157.212.157 - - [15/Apr/2025:22:14:51 -0400] "POST /wp-comments-post.php HTTP/1.1" 302 0 "https://sunquicksf.com/the-benefits-of-manufacturing-automation/" "Mozilla/5.0 (Windows NT 10.0; Win64; x64) AppleWebKit/537.36 (KHTML, like Gecko) Chrome/130.0.0.0 Safari/537.36 CCleaner/130.0.0.0"
185.157.212.157 - - [15/Apr/2025:22:14:56 -0400] "GET /the-benefits-of-manufacturing-automation/ HTTP/1.1" 200 6565 "https://sunquicksf.com/the-benefits-of-manufacturing-automation/#comment-50202" "Mozilla/5.0 (Windows NT 10.0; Win64; x64) AppleWebKit/537.36 (KHTML, like Gecko) Chrome/130.0.0.0 Safari/537.36 CCleaner/130.0.0.0"
198.54.114.83 - - [15/Apr/2025:22:16:04 -0400] "POST /wp-cron.php?doing_wp_cron=1744769764.6749920845031738281250 HTTP/1.1" 200 0 "-" "WordPress/6.7.2; https://sunquicksf.com"
114.119.156.133 - - [15/Apr/2025:22:16:04 -0400] "GET /category/activity/page/90/ HTTP/1.1" 200 10156 "https://sunquicksf.com/category/activity/page/89/" "Mozilla/5.0 (Linux; Android 7.0;) AppleWebKit/537.36 (KHTML, like Gecko) Mobile Safari/537.36 (compatible; PetalBot;+https://webmaster.petalsearch.com/site/petalbot)"
198.54.114.83 - - [15/Apr/2025:22:17:30 -0400] "POST /wp-cron.php?doing_wp_cron=1744769850.3836309909820556640625 HTTP/1.1" 200 0 "-" "WordPress/6.7.2; https://sunquicksf.com"
51.222.253.16 - - [15/Apr/2025:22:17:31 -0400] "GET /cape-coral-florida-an-eco-friendly-community/ HTTP/1.1" 200 10133 "-" "Mozilla/5.0 (compatible; AhrefsBot/7.0; +http://ahrefs.com/robot/)"
114.119.156.71 - - [15/Apr/2025:22:17:27 -0400] "GET /category/activity/page/27/ HTTP/1.1" 200 10164 "https://sunquicksf.com/category/activity/page/26/" "Mozilla/5.0 (Linux; Android 7.0;) AppleWebKit/537.36 (KHTML, like Gecko) Mobile Safari/537.36 (compatible; PetalBot;+https://webmaster.petalsearch.com/site/petalbot)"
114.119.138.5 - - [15/Apr/2025:22:18:49 -0400] "GET / HTTP/1.1" 200 77991 "https://sunquicksf.com/category/activity/page/29/" "Mozilla/5.0 (Linux; Android 7.0;) AppleWebKit/537.36 (KHTML, like Gecko) Mobile Safari/537.36 (compatible; PetalBot;+https://webmaster.petalsearch.com/site/petalbot)"
51.222.253.18 - - [15/Apr/2025:22:19:59 -0400] "GET /insight-into-the-union-square-residences/feed/ HTTP/1.1" 304 0 "-" "Mozilla/5.0 (compatible; AhrefsBot/7.0; +http://ahrefs.com/robot/)"
198.54.114.83 - - [15/Apr/2025:22:20:07 -0400] "POST /wp-cron.php?doing_wp_cron=1744770004.2371261119842529296875 HTTP/1.1" 200 0 "-" "WordPress/6.7.2; https://sunquicksf.com"
45.140.53.216 - - [15/Apr/2025:22:21:03 -0400] "GET /the-benefits-of-electronic-warrants/Q HTTP/1.1" 301 0 "-" "Mozilla/5.0 (Windows NT 10.0; WOW64) AppleWebKit/537.36 (KHTML, like Gecko) Chrome/114.0.0.0 YaBrowser/22.7.0 Yowser/2.5 Safari/537.36"
198.54.114.83 - - [15/Apr/2025:22:21:06 -0400] "POST /wp-cron.php?doing_wp_cron=1744770065.7824010848999023437500 HTTP/1.1" 200 0 "-" "WordPress/6.7.2; https://sunquicksf.com"
77.83.84.240 - - [15/Apr/2025:22:21:05 -0400] "GET /quit-smoking-naturally-in-this-3-step-process/ HTTP/1.1" 200 10901 "https://sunquicksf.com/the-benefits-of-electronic-warrants/Q" "Mozilla/5.0 (Windows NT 10.0; WOW64) AppleWebKit/537.36 (KHTML, like Gecko) Chrome/114.0.0.0 YaBrowser/22.7.0 Yowser/2.5 Safari/537.36"
188.130.137.229 - - [15/Apr/2025:22:21:15 -0400] "GET /category/sign-up/ HTTP/1.1" 200 8121 "https://sunquicksf.com/quit-smoking-naturally-in-this-3-step-process/" "Mozilla/5.0 (Windows NT 6.3; Win64; x64) AppleWebKit/537.36 (KHTML, like Gecko) Chrome/103.0.0.0 Safari/537.36"
45.145.118.185 - - [15/Apr/2025:22:21:18 -0400] "GET /category/sign-up/ HTTP/1.1" 200 8104 "https://sunquicksf.com/category/sign-up/" "Mozilla/5.0 (Windows NT 6.3; Win64; x64) AppleWebKit/537.36 (KHTML, like Gecko) Chrome/103.0.0.0 Safari/537.36"
45.135.33.108 - - [15/Apr/2025:22:21:20 -0400] "GET /the-benefits-of-electronic-warrants/Q HTTP/1.1" 301 0 "https://sunquicksf.com/the-benefits-of-electronic-warrants/Q" "Mozilla/5.0 (Windows NT 6.3; Win64; x64) AppleWebKit/537.36 (KHTML, like Gecko) Chrome/103.0.0.0 Safari/537.36"
188.130.137.229 - - [15/Apr/2025:22:21:22 -0400] "GET /quit-smoking-naturally-in-this-3-step-process/ HTTP/1.1" 200 10940 "https://sunquicksf.com/the-benefits-of-electronic-warrants/Q" "Mozilla/5.0 (Windows NT 6.3; Win64; x64) AppleWebKit/537.36 (KHTML, like Gecko) Chrome/103.0.0.0 Safari/537.36"
194.156.123.14 - - [15/Apr/2025:22:21:25 -0400] "POST /wp-comments-post.php HTTP/1.1" 302 0 "https://sunquicksf.com/quit-smoking-naturally-in-this-3-step-process/" "Mozilla/5.0 (Windows NT 6.3; Win64; x64) AppleWebKit/537.36 (KHTML, like Gecko) Chrome/103.0.0.0 Safari/537.36"
45.135.33.108 - - [15/Apr/2025:22:21:33 -0400] "GET /quit-smoking-naturally-in-this-3-step-process/?unapproved=50203&moderation-hash=c52b1191b47f0806524ca47c4ef4be70 HTTP/1.1" 200 11692 "https://sunquicksf.com/wp-comments-post.php" "Mozilla/5.0 (Windows NT 6.3; Win64; x64) AppleWebKit/537.36 (KHTML, like Gecko) Chrome/103.0.0.0 Safari/537.36"
188.130.137.229 - - [15/Apr/2025:22:21:35 -0400] "GET /the-benefits-of-electronic-warrants/Q HTTP/1.1" 301 0 "-" "Mozilla/5.0 (Windows NT 6.3; Win64; x64) AppleWebKit/537.36 (KHTML, like Gecko) Chrome/103.0.0.0 Safari/537.36"
45.140.53.216 - - [15/Apr/2025:22:21:38 -0400] "GET /quit-smoking-naturally-in-this-3-step-process/ HTTP/1.1" 200 10904 "https://sunquicksf.com/the-benefits-of-electronic-warrants/Q" "Mozilla/5.0 (Windows NT 6.3; Win64; x64) AppleWebKit/537.36 (KHTML, like Gecko) Chrome/103.0.0.0 Safari/537.36"
51.222.253.11 - - [15/Apr/2025:22:22:55 -0400] "GET /mk-shoulder-bag/ HTTP/1.1" 200 10454 "-" "Mozilla/5.0 (compatible; AhrefsBot/7.0; +http://ahrefs.com/robot/)"
95.164.34.133 - - [15/Apr/2025:22:23:24 -0400] "GET /buy-youtube-subscribers-legit-the-best-places-to-buy-youtube-subscribers-legit/ HTTP/1.1" 200 10027 "-" "Mozilla/5.0 (Linux x86_64; rv:114.0) Gecko/20100101 Firefox/114.0"
46.8.156.158 - - [15/Apr/2025:22:25:22 -0400] "GET /the-benefits-of-electronic-warrants/Q HTTP/1.1" 301 0 "-" "Mozilla/5.0 (Macintosh; Intel Mac OS X 12.5; rv:114.0) Gecko/20100101 Firefox/114.0"
109.172.87.122 - - [15/Apr/2025:22:25:25 -0400] "GET /the-benefits-of-manufacturing-automation/ HTTP/1.1" 200 10569 "https://sunquicksf.com/the-benefits-of-manufacturing-automation/" "Mozilla/5.0 (Windows NT 10.0; Win64; x64) AppleWebKit/537.36 (KHTML, like Gecko) Chrome/130.0.0.0 Safari/537.36 CCleaner/130.0.0.0"
45.140.53.216 - - [15/Apr/2025:22:25:29 -0400] "GET /quit-smoking-naturally-in-this-3-step-process/ HTTP/1.1" 200 10941 "https://sunquicksf.com/the-benefits-of-electronic-warrants/Q" "Mozilla/5.0 (Macintosh; Intel Mac OS X 12.5; rv:114.0) Gecko/20100101 Firefox/114.0"
109.172.87.122 - - [15/Apr/2025:22:25:29 -0400] "POST /wp-comments-post.php HTTP/1.1" 302 0 "https://sunquicksf.com/the-benefits-of-manufacturing-automation/" "Mozilla/5.0 (Windows NT 10.0; Win64; x64) AppleWebKit/537.36 (KHTML, like Gecko) Chrome/130.0.0.0 Safari/537.36 CCleaner/130.0.0.0"
109.172.87.122 - - [15/Apr/2025:22:25:33 -0400] "GET /the-benefits-of-manufacturing-automation/ HTTP/1.1" 200 12190 "https://sunquicksf.com/the-benefits-of-manufacturing-automation/#comment-50204" "Mozilla/5.0 (Windows NT 10.0; Win64; x64) AppleWebKit/537.36 (KHTML, like Gecko) Chrome/130.0.0.0 Safari/537.36 CCleaner/130.0.0.0"
51.222.253.1 - - [15/Apr/2025:22:25:39 -0400] "GET /explore-the-streets-of-joo-chiat/feed/ HTTP/1.1" 304 0 "-" "Mozilla/5.0 (compatible; AhrefsBot/7.0; +http://ahrefs.com/robot/)"
51.222.253.3 - - [15/Apr/2025:22:28:35 -0400] "GET /the-michael-kors-tote-bag-is-a-symbol-of-upscale-fashion/ HTTP/1.1" 200 10206 "-" "Mozilla/5.0 (compatible; AhrefsBot/7.0; +http://ahrefs.com/robot/)"
51.222.253.17 - - [15/Apr/2025:22:31:28 -0400] "GET /how-to-do-a-commercial-lock-change/ HTTP/1.1" 200 9891 "-" "Mozilla/5.0 (compatible; AhrefsBot/7.0; +http://ahrefs.com/robot/)"
119.28.52.89 - - [15/Apr/2025:22:33:48 -0400] "GET /how-to-make-dark-matter-pets-in-pet-simulator-x/ HTTP/1.1" 200 10140 "-" "Python/3.10 aiohttp/3.10.5"
51.222.253.8 - - [15/Apr/2025:22:34:05 -0400] "GET /a-journey-through-history-and-memory/ HTTP/1.1" 200 10223 "-" "Mozilla/5.0 (compatible; AhrefsBot/7.0; +http://ahrefs.com/robot/)"
101.32.12.10 - - [15/Apr/2025:22:36:25 -0400] "GET /grip-socks-for-sports/ HTTP/1.1" 200 9996 "-" "Python/3.10 aiohttp/3.10.5"
51.222.253.15 - - [15/Apr/2025:22:36:41 -0400] "GET /die-faszination-von-hangelampen-eine-erleuchtung-fur-ihr-zuhause/feed/ HTTP/1.1" 304 0 "-" "Mozilla/5.0 (compatible; AhrefsBot/7.0; +http://ahrefs.com/robot/)"
129.226.130.181 - - [15/Apr/2025:22:39:09 -0400] "GET /steuererklarung-hattingen/ HTTP/1.1" 200 10685 "-" "Python/3.10 aiohttp/3.10.5"
178.217.98.213 - - [15/Apr/2025:22:39:26 -0400] "GET /the-benefits-of-manufacturing-automation/ HTTP/1.1" 200 10594 "https://sunquicksf.com/the-benefits-of-manufacturing-automation/" "Mozilla/5.0 (Windows NT 10.0; Win64; x64) AppleWebKit/537.36 (KHTML, like Gecko) Chrome/129.0.0.0 Safari/537.36"
51.222.253.19 - - [15/Apr/2025:22:39:27 -0400] "GET /plan-your-taxes-efficiently-with-taxbuddys-advance-tax-calculator/ HTTP/1.1" 200 11518 "-" "Mozilla/5.0 (compatible; AhrefsBot/7.0; +http://ahrefs.com/robot/)"
178.217.98.213 - - [15/Apr/2025:22:39:29 -0400] "POST /wp-comments-post.php HTTP/1.1" 302 0 "https://sunquicksf.com/the-benefits-of-manufacturing-automation/" "Mozilla/5.0 (Windows NT 10.0; Win64; x64) AppleWebKit/537.36 (KHTML, like Gecko) Chrome/129.0.0.0 Safari/537.36"
178.217.98.213 - - [15/Apr/2025:22:39:33 -0400] "GET /the-benefits-of-manufacturing-automation/ HTTP/1.1" 200 11153 "https://sunquicksf.com/the-benefits-of-manufacturing-automation/#comment-50205" "Mozilla/5.0 (Windows NT 10.0; Win64; x64) AppleWebKit/537.36 (KHTML, like Gecko) Chrome/129.0.0.0 Safari/537.36"
91.84.98.204 - - [15/Apr/2025:22:40:24 -0400] "GET /the-benefits-of-manufacturing-automation/ HTTP/1.1" 200 10569 "https://sunquicksf.com/the-benefits-of-manufacturing-automation/" "Mozilla/5.0 (Windows NT 10.0; Win64; x64) AppleWebKit/537.36 (KHTML, like Gecko) Chrome/129.0.0.0 Safari/537.36"
91.84.98.204 - - [15/Apr/2025:22:40:29 -0400] "POST /wp-comments-post.php HTTP/1.1" 302 0 "https://sunquicksf.com/the-benefits-of-manufacturing-automation/" "Mozilla/5.0 (Windows NT 10.0; Win64; x64) AppleWebKit/537.36 (KHTML, like Gecko) Chrome/129.0.0.0 Safari/537.36"
91.84.98.204 - - [15/Apr/2025:22:40:32 -0400] "GET /the-benefits-of-manufacturing-automation/ HTTP/1.1" 200 12055 "https://sunquicksf.com/the-benefits-of-manufacturing-automation/#comment-50206" "Mozilla/5.0 (Windows NT 10.0; Win64; x64) AppleWebKit/537.36 (KHTML, like Gecko) Chrome/129.0.0.0 Safari/537.36"
198.54.114.83 - - [15/Apr/2025:22:41:49 -0400] "POST /wp-cron.php?doing_wp_cron=1744771308.2564148902893066406250 HTTP/1.1" 200 0 "-" "WordPress/6.7.2; https://sunquicksf.com"
51.222.253.15 - - [15/Apr/2025:22:41:47 -0400] "GET /benefits-of-a-divorce-mediation-service/ HTTP/1.1" 200 9905 "-" "Mozilla/5.0 (compatible; AhrefsBot/7.0; +http://ahrefs.com/robot/)"
51.222.253.3 - - [15/Apr/2025:22:44:19 -0400] "GET /category/activity/page/49/ HTTP/1.1" 200 10367 "-" "Mozilla/5.0 (compatible; AhrefsBot/7.0; +http://ahrefs.com/robot/)"
51.222.253.17 - - [15/Apr/2025:22:47:03 -0400] "GET /page/55/ HTTP/1.1" 200 10030 "-" "Mozilla/5.0 (compatible; AhrefsBot/7.0; +http://ahrefs.com/robot/)"
185.157.212.157 - - [15/Apr/2025:22:47:49 -0400] "GET /the-benefits-of-manufacturing-automation/ HTTP/1.1" 200 10569 "https://sunquicksf.com/the-benefits-of-manufacturing-automation/" "Mozilla/5.0 (Windows NT 10.0; Win64; x64) AppleWebKit/537.36 (KHTML, like Gecko) Chrome/130.0.0.0 Safari/537.36"
185.157.212.157 - - [15/Apr/2025:22:47:51 -0400] "POST /wp-comments-post.php HTTP/1.1" 302 0 "https://sunquicksf.com/the-benefits-of-manufacturing-automation/" "Mozilla/5.0 (Windows NT 10.0; Win64; x64) AppleWebKit/537.36 (KHTML, like Gecko) Chrome/130.0.0.0 Safari/537.36"
185.157.212.157 - - [15/Apr/2025:22:47:54 -0400] "GET /the-benefits-of-manufacturing-automation/ HTTP/1.1" 200 10079 "https://sunquicksf.com/the-benefits-of-manufacturing-automation/#comment-50207" "Mozilla/5.0 (Windows NT 10.0; Win64; x64) AppleWebKit/537.36 (KHTML, like Gecko) Chrome/130.0.0.0 Safari/537.36"
51.222.253.3 - - [15/Apr/2025:22:49:29 -0400] "GET /instant-hot-water-tap/ HTTP/1.1" 200 11721 "-" "Mozilla/5.0 (compatible; AhrefsBot/7.0; +http://ahrefs.com/robot/)"
51.222.253.11 - - [15/Apr/2025:22:52:15 -0400] "GET /mastering-the-art-of-tiling-unveiling-singapores-premier-contractors/feed/ HTTP/1.1" 304 0 "-" "Mozilla/5.0 (compatible; AhrefsBot/7.0; +http://ahrefs.com/robot/)"
43.135.121.251 - - [15/Apr/2025:22:53:41 -0400] "GET /the-forest-of-arden/ HTTP/1.1" 200 10369 "-" "Python/3.10 aiohttp/3.10.5"
51.222.253.20 - - [15/Apr/2025:22:54:33 -0400] "GET /the-future-of-computing-gpu-cloud-services/ HTTP/1.1" 200 9934 "-" "Mozilla/5.0 (compatible; AhrefsBot/7.0; +http://ahrefs.com/robot/)"
198.54.114.83 - - [15/Apr/2025:22:56:38 -0400] "POST /wp-cron.php?doing_wp_cron=1744772197.2602910995483398437500 HTTP/1.1" 200 0 "-" "WordPress/6.7.2; https://sunquicksf.com"
114.119.155.230 - - [15/Apr/2025:22:56:33 -0400] "GET /private-party-cartagena/ HTTP/1.1" 200 10641 "https://sunquicksf.com/private-party-cartagena/" "Mozilla/5.0 (Linux; Android 7.0;) AppleWebKit/537.36 (KHTML, like Gecko) Mobile Safari/537.36 (compatible; PetalBot;+https://webmaster.petalsearch.com/site/petalbot)"
51.222.253.19 - - [15/Apr/2025:22:57:04 -0400] "GET /navigating-the-world-of-online-prescription-glasses/ HTTP/1.1" 200 10025 "-" "Mozilla/5.0 (compatible; AhrefsBot/7.0; +http://ahrefs.com/robot/)"
198.54.114.83 - - [15/Apr/2025:22:57:55 -0400] "POST /wp-cron.php?doing_wp_cron=1744772274.7843511104583740234375 HTTP/1.1" 200 0 "-" "WordPress/6.7.2; https://sunquicksf.com"
93.183.93.19 - - [15/Apr/2025:22:57:54 -0400] "GET /the-benefits-of-manufacturing-automation/ HTTP/1.1" 200 10594 "https://sunquicksf.com/the-benefits-of-manufacturing-automation/" "Mozilla/5.0 (Windows NT 10.0; Win64; x64) AppleWebKit/537.36 (KHTML, like Gecko) Chrome/130.0.0.0 Safari/537.36 CCleaner/130.0.0.0"
93.183.93.19 - - [15/Apr/2025:22:57:54 -0400] "GET /the-benefits-of-manufacturing-automation/ HTTP/1.1" 200 10594 "https://sunquicksf.com/the-benefits-of-manufacturing-automation/" "Mozilla/5.0 (Windows NT 10.0; Win64; x64) AppleWebKit/537.36 (KHTML, like Gecko) Chrome/131.0.0.0 Safari/537.36"
114.119.147.233 - - [15/Apr/2025:22:57:57 -0400] "GET /gambling-poker-how-to-gamble-responsibly/ HTTP/1.1" 200 10772 "https://sunquicksf.com/page/101/" "Mozilla/5.0 (Linux; Android 7.0;) AppleWebKit/537.36 (KHTML, like Gecko) Mobile Safari/537.36 (compatible; PetalBot;+https://webmaster.petalsearch.com/site/petalbot)"
93.183.93.19 - - [15/Apr/2025:22:57:57 -0400] "POST /wp-comments-post.php HTTP/1.1" 429 982 "https://sunquicksf.com/the-benefits-of-manufacturing-automation/" "Mozilla/5.0 (Windows NT 10.0; Win64; x64) AppleWebKit/537.36 (KHTML, like Gecko) Chrome/131.0.0.0 Safari/537.36"
93.183.93.19 - - [15/Apr/2025:22:57:56 -0400] "POST /wp-comments-post.php HTTP/1.1" 302 0 "https://sunquicksf.com/the-benefits-of-manufacturing-automation/" "Mozilla/5.0 (Windows NT 10.0; Win64; x64) AppleWebKit/537.36 (KHTML, like Gecko) Chrome/130.0.0.0 Safari/537.36 CCleaner/130.0.0.0"
93.183.93.19 - - [15/Apr/2025:22:57:58 -0400] "GET /the-benefits-of-manufacturing-automation/ HTTP/1.1" 200 10594 "https://sunquicksf.com/the-benefits-of-manufacturing-automation/" "Mozilla/5.0 (Windows NT 10.0; Win64; x64) AppleWebKit/537.36 (KHTML, like Gecko) Chrome/131.0.0.0 Safari/537.36"
93.183.93.19 - - [15/Apr/2025:22:58:00 -0400] "GET /the-benefits-of-manufacturing-automation/ HTTP/1.1" 200 11812 "https://sunquicksf.com/the-benefits-of-manufacturing-automation/#comment-50208" "Mozilla/5.0 (Windows NT 10.0; Win64; x64) AppleWebKit/537.36 (KHTML, like Gecko) Chrome/130.0.0.0 Safari/537.36 CCleaner/130.0.0.0"
27.42.99.212 - - [15/Apr/2025:22:58:07 -0400] "GET /mk-shoulder-bag/ HTTP/1.1" 200 10454 "-" "Mozilla/5.0 (Windows NT 6.1; WOW64) AppleWebKit/537.36 (KHTML, like Gecko) Chrome/34.0.1847.131 Safari/537.36"
114.119.130.3 - - [15/Apr/2025:22:59:20 -0400] "GET /book-an-artist-photographer-in-geneva/ HTTP/1.1" 301 0 "https://sunquicksf.com/how-to-screenshot-on-iphone-xr/" "Mozilla/5.0 (Linux; Android 7.0;) AppleWebKit/537.36 (KHTML, like Gecko) Mobile Safari/537.36 (compatible; PetalBot;+https://webmaster.petalsearch.com/site/petalbot)"
114.119.130.3 - - [15/Apr/2025:22:59:22 -0400] "GET /reserver-un-artiste-photographe-a-geneve/ HTTP/1.1" 200 11011 "https://sunquicksf.com/how-to-screenshot-on-iphone-xr/" "Mozilla/5.0 (Linux; Android 7.0;) AppleWebKit/537.36 (KHTML, like Gecko) Mobile Safari/537.36 (compatible; PetalBot;+https://webmaster.petalsearch.com/site/petalbot)"
51.222.253.12 - - [15/Apr/2025:22:59:30 -0400] "GET /the-art-of-cement-screed/ HTTP/1.1" 200 9977 "-" "Mozilla/5.0 (compatible; AhrefsBot/7.0; +http://ahrefs.com/robot/)"
47.79.194.10 - - [15/Apr/2025:23:01:26 -0400] "GET / HTTP/1.1" 200 77991 "https://www.google.com/" "Mozilla/5.0 (Windows NT 10.0; Win64; x64) AppleWebKit/537.36 (KHTML, like Gecko) Chrome/132.0.0.0 Safari/537.36"
51.222.253.17 - - [15/Apr/2025:23:01:42 -0400] "GET /category/activity/page/37/ HTTP/1.1" 200 10001 "-" "Mozilla/5.0 (compatible; AhrefsBot/7.0; +http://ahrefs.com/robot/)"
51.222.253.1 - - [15/Apr/2025:23:04:07 -0400] "GET /a-melbourne-airport-chauffeur-makes-your-trip-stress-free/ HTTP/1.1" 200 10038 "-" "Mozilla/5.0 (compatible; AhrefsBot/7.0; +http://ahrefs.com/robot/)"
195.2.70.49 - - [15/Apr/2025:23:04:41 -0400] "GET /navigating-the-digital-dice-exploring-the-world-of-online-gambling/ HTTP/1.1" 200 10175 "https://sunquicksf.com/navigating-the-digital-dice-exploring-the-world-of-online-gambling/" "Mozilla/5.0 (Windows NT 10.0; Win64; x64) AppleWebKit/537.36 (KHTML, like Gecko) Chrome/131.0.0.0 Safari/537.36"
195.2.70.49 - - [15/Apr/2025:23:04:44 -0400] "POST /wp-comments-post.php HTTP/1.1" 302 0 "https://sunquicksf.com/navigating-the-digital-dice-exploring-the-world-of-online-gambling/" "Mozilla/5.0 (Windows NT 10.0; Win64; x64) AppleWebKit/537.36 (KHTML, like Gecko) Chrome/131.0.0.0 Safari/537.36"
195.2.70.49 - - [15/Apr/2025:23:04:49 -0400] "GET /navigating-the-digital-dice-exploring-the-world-of-online-gambling/ HTTP/1.1" 200 9587 "https://sunquicksf.com/navigating-the-digital-dice-exploring-the-world-of-online-gambling/#comment-50209" "Mozilla/5.0 (Windows NT 10.0; Win64; x64) AppleWebKit/537.36 (KHTML, like Gecko) Chrome/131.0.0.0 Safari/537.36"
51.222.253.5 - - [15/Apr/2025:23:06:24 -0400] "GET /boiling-water-kitchen-taps/ HTTP/1.1" 200 9906 "-" "Mozilla/5.0 (compatible; AhrefsBot/7.0; +http://ahrefs.com/robot/)"
178.217.98.213 - - [15/Apr/2025:23:06:23 -0400] "GET /the-benefits-of-manufacturing-automation/ HTTP/1.1" 200 10594 "https://sunquicksf.com/the-benefits-of-manufacturing-automation/" "Mozilla/5.0 (Windows NT 10.0; Win64; x64) AppleWebKit/537.36 (KHTML, like Gecko) Chrome/131.0.0.0 Safari/537.36"
178.217.98.213 - - [15/Apr/2025:23:06:27 -0400] "POST /wp-comments-post.php HTTP/1.1" 302 0 "https://sunquicksf.com/the-benefits-of-manufacturing-automation/" "Mozilla/5.0 (Windows NT 10.0; Win64; x64) AppleWebKit/537.36 (KHTML, like Gecko) Chrome/131.0.0.0 Safari/537.36"
178.217.98.213 - - [15/Apr/2025:23:06:30 -0400] "GET /the-benefits-of-manufacturing-automation/ HTTP/1.1" 200 6565 "https://sunquicksf.com/the-benefits-of-manufacturing-automation/#comment-50210" "Mozilla/5.0 (Windows NT 10.0; Win64; x64) AppleWebKit/537.36 (KHTML, like Gecko) Chrome/131.0.0.0 Safari/537.36"
51.222.253.1 - - [15/Apr/2025:23:08:25 -0400] "GET /lentor-hills-residences/ HTTP/1.1" 200 10023 "-" "Mozilla/5.0 (compatible; AhrefsBot/7.0; +http://ahrefs.com/robot/)"
51.222.253.4 - - [15/Apr/2025:23:10:39 -0400] "GET /the-benefits-of-rubber-runner-rugs/ HTTP/1.1" 200 10141 "-" "Mozilla/5.0 (compatible; AhrefsBot/7.0; +http://ahrefs.com/robot/)"
51.222.253.18 - - [15/Apr/2025:23:12:52 -0400] "GET /upsides-and-downsides-of-taking-a-web-based-land-course/ HTTP/1.1" 200 10582 "-" "Mozilla/5.0 (compatible; AhrefsBot/7.0; +http://ahrefs.com/robot/)"
114.119.147.233 - - [15/Apr/2025:23:13:05 -0400] "GET /discount-michael-kors-bags/ HTTP/1.1" 200 11125 "https://sunquicksf.com/category/activity/page/107/" "Mozilla/5.0 (Linux; Android 7.0;) AppleWebKit/537.36 (KHTML, like Gecko) Mobile Safari/537.36 (compatible; PetalBot;+https://webmaster.petalsearch.com/site/petalbot)"
185.157.212.157 - - [15/Apr/2025:23:13:33 -0400] "GET /the-benefits-of-manufacturing-automation/ HTTP/1.1" 200 10569 "https://sunquicksf.com/the-benefits-of-manufacturing-automation/" "Mozilla/5.0 (Windows NT 10.0; Win64; x64) AppleWebKit/537.36 (KHTML, like Gecko) Chrome/131.0.0.0 Safari/537.36"
185.157.212.157 - - [15/Apr/2025:23:13:35 -0400] "POST /wp-comments-post.php HTTP/1.1" 302 0 "https://sunquicksf.com/the-benefits-of-manufacturing-automation/" "Mozilla/5.0 (Windows NT 10.0; Win64; x64) AppleWebKit/537.36 (KHTML, like Gecko) Chrome/131.0.0.0 Safari/537.36"
185.157.212.157 - - [15/Apr/2025:23:13:39 -0400] "GET /the-benefits-of-manufacturing-automation/ HTTP/1.1" 200 10064 "https://sunquicksf.com/the-benefits-of-manufacturing-automation/#comment-50211" "Mozilla/5.0 (Windows NT 10.0; Win64; x64) AppleWebKit/537.36 (KHTML, like Gecko) Chrome/131.0.0.0 Safari/537.36"
51.222.253.7 - - [15/Apr/2025:23:14:54 -0400] "GET /how-custom-team-socks-can-unify-your-team/ HTTP/1.1" 200 10332 "-" "Mozilla/5.0 (compatible; AhrefsBot/7.0; +http://ahrefs.com/robot/)"
198.54.114.83 - - [15/Apr/2025:23:17:12 -0400] "POST /wp-cron.php?doing_wp_cron=1744773431.3869569301605224609375 HTTP/1.1" 200 0 "-" "WordPress/6.7.2; https://sunquicksf.com"
51.222.253.3 - - [15/Apr/2025:23:17:07 -0400] "GET /page/3/ HTTP/1.1" 200 9851 "-" "Mozilla/5.0 (compatible; AhrefsBot/7.0; +http://ahrefs.com/robot/)"
51.222.253.20 - - [15/Apr/2025:23:19:21 -0400] "GET /when-will-gpt-5-be-released-2025/feed/ HTTP/1.1" 200 403 "-" "Mozilla/5.0 (compatible; AhrefsBot/7.0; +http://ahrefs.com/robot/)"
198.54.114.83 - - [15/Apr/2025:23:19:29 -0400] "POST /wp-cron.php?doing_wp_cron=1744773566.6921350955963134765625 HTTP/1.1" 200 0 "-" "WordPress/6.7.2; https://sunquicksf.com"
37.139.53.253 - - [15/Apr/2025:23:21:38 -0400] "GET / HTTP/1.1" 200 77991 "-" "Mozilla/5.0 (Windows NT 11.0; Win64; x64) AppleWebKit/537.36 (KHTML, like Gecko) Chrome/135.0.7049.42 Safari/537.36"
198.54.114.83 - - [15/Apr/2025:23:21:40 -0400] "POST /wp-cron.php?doing_wp_cron=1744773698.7510321140289306640625 HTTP/1.1" 200 0 "-" "WordPress/6.7.2; https://sunquicksf.com"
51.222.253.17 - - [15/Apr/2025:23:21:34 -0400] "GET /page/113/ HTTP/1.1" 200 9904 "-" "Mozilla/5.0 (compatible; AhrefsBot/7.0; +http://ahrefs.com/robot/)"
198.54.114.83 - - [15/Apr/2025:23:23:57 -0400] "POST /wp-cron.php?doing_wp_cron=1744773836.2239840030670166015625 HTTP/1.1" 200 0 "-" "WordPress/6.7.2; https://sunquicksf.com"
51.222.253.20 - - [15/Apr/2025:23:23:52 -0400] "GET /category/activity/page/12/ HTTP/1.1" 200 10312 "-" "Mozilla/5.0 (compatible; AhrefsBot/7.0; +http://ahrefs.com/robot/)"
93.183.93.19 - - [15/Apr/2025:23:25:31 -0400] "GET /the-benefits-of-manufacturing-automation/ HTTP/1.1" 200 10569 "https://sunquicksf.com/the-benefits-of-manufacturing-automation/" "Mozilla/5.0 (Windows NT 10.0; Win64; x64) AppleWebKit/537.36 (KHTML, like Gecko) Chrome/130.0.0.0 Safari/537.36"
93.183.93.19 - - [15/Apr/2025:23:25:31 -0400] "GET /the-benefits-of-manufacturing-automation/ HTTP/1.1" 200 10569 "https://sunquicksf.com/the-benefits-of-manufacturing-automation/" "Mozilla/5.0 (Windows NT 10.0; Win64; x64) AppleWebKit/537.36 (KHTML, like Gecko) Chrome/129.0.0.0 Safari/537.36"
93.183.93.19 - - [15/Apr/2025:23:25:35 -0400] "POST /wp-comments-post.php HTTP/1.1" 429 982 "https://sunquicksf.com/the-benefits-of-manufacturing-automation/" "Mozilla/5.0 (Windows NT 10.0; Win64; x64) AppleWebKit/537.36 (KHTML, like Gecko) Chrome/129.0.0.0 Safari/537.36"
93.183.93.19 - - [15/Apr/2025:23:25:34 -0400] "POST /wp-comments-post.php HTTP/1.1" 302 0 "https://sunquicksf.com/the-benefits-of-manufacturing-automation/" "Mozilla/5.0 (Windows NT 10.0; Win64; x64) AppleWebKit/537.36 (KHTML, like Gecko) Chrome/130.0.0.0 Safari/537.36"
93.183.93.19 - - [15/Apr/2025:23:25:37 -0400] "GET /the-benefits-of-manufacturing-automation/ HTTP/1.1" 200 10569 "https://sunquicksf.com/the-benefits-of-manufacturing-automation/" "Mozilla/5.0 (Windows NT 10.0; Win64; x64) AppleWebKit/537.36 (KHTML, like Gecko) Chrome/129.0.0.0 Safari/537.36"
