3.23.79.111 - - [14/Apr/2025:14:41:10 -0400] "GET /the-benefits-of-a-part-time-job/ HTTP/1.1" 200 10139 "https://sunquicksf.com/post-sitemap2.xml" "Scrapy/2.12.0 (+https://scrapy.org)"
3.23.79.111 - - [14/Apr/2025:14:41:14 -0400] "GET /innovative-beleuchtung-moderne-hangelampen/ HTTP/1.1" 200 10299 "https://sunquicksf.com/post-sitemap2.xml" "Scrapy/2.12.0 (+https://scrapy.org)"
3.23.79.111 - - [14/Apr/2025:14:41:18 -0400] "GET /eleganz-in-design-und-funktionalitat/ HTTP/1.1" 200 9976 "https://sunquicksf.com/post-sitemap2.xml" "Scrapy/2.12.0 (+https://scrapy.org)"
3.23.79.111 - - [14/Apr/2025:14:41:22 -0400] "GET /understanding-fda-cosmetic-labeling-requirements/ HTTP/1.1" 200 10034 "https://sunquicksf.com/post-sitemap2.xml" "Scrapy/2.12.0 (+https://scrapy.org)"
198.54.114.83 - - [14/Apr/2025:14:41:28 -0400] "POST /wp-cron.php?doing_wp_cron=1744656087.3517019748687744140625 HTTP/1.1" 200 0 "-" "WordPress/6.7.2; https://sunquicksf.com"
3.23.79.111 - - [14/Apr/2025:14:41:27 -0400] "GET /air-conditioning/ HTTP/1.1" 200 9539 "https://sunquicksf.com/post-sitemap2.xml" "Scrapy/2.12.0 (+https://scrapy.org)"
3.23.79.111 - - [14/Apr/2025:14:41:33 -0400] "GET /a-digital-revolution-in-gambling/ HTTP/1.1" 200 9915 "https://sunquicksf.com/post-sitemap2.xml" "Scrapy/2.12.0 (+https://scrapy.org)"
3.23.79.111 - - [14/Apr/2025:14:41:38 -0400] "GET /navigating-the-thrills-and-risks-of-online-casinos/ HTTP/1.1" 200 10043 "https://sunquicksf.com/post-sitemap2.xml" "Scrapy/2.12.0 (+https://scrapy.org)"
3.23.79.111 - - [14/Apr/2025:14:41:42 -0400] "GET /unveiling-the-digital-playground-exploring-the-world-of-online-casinos/ HTTP/1.1" 200 10079 "https://sunquicksf.com/post-sitemap2.xml" "Scrapy/2.12.0 (+https://scrapy.org)"
3.23.79.111 - - [14/Apr/2025:14:41:46 -0400] "GET /a-digital-playground-for-gamblers/ HTTP/1.1" 200 9858 "https://sunquicksf.com/post-sitemap2.xml" "Scrapy/2.12.0 (+https://scrapy.org)"
3.23.79.111 - - [14/Apr/2025:14:41:49 -0400] "GET /the-evolution-of-convenience-instant-hot-and-cold-water-taps/ HTTP/1.1" 200 10075 "https://sunquicksf.com/post-sitemap2.xml" "Scrapy/2.12.0 (+https://scrapy.org)"
51.222.253.3 - - [14/Apr/2025:14:41:53 -0400] "GET /branding-firms-in-chicago/ HTTP/1.1" 200 10197 "-" "Mozilla/5.0 (compatible; AhrefsBot/7.0; +http://ahrefs.com/robot/)"
3.23.79.111 - - [14/Apr/2025:14:41:52 -0400] "GET /le-mobilier-de-bureau-moderne-un-amenagement-ergonomique-pour-un-environnement-productif/ HTTP/1.1" 200 10024 "https://sunquicksf.com/post-sitemap2.xml" "Scrapy/2.12.0 (+https://scrapy.org)"
3.23.79.111 - - [14/Apr/2025:14:41:58 -0400] "GET /revolutionize-your-kitchen-with-a-boiling-water-tap/ HTTP/1.1" 200 9922 "https://sunquicksf.com/post-sitemap2.xml" "Scrapy/2.12.0 (+https://scrapy.org)"
3.23.79.111 - - [14/Apr/2025:14:42:02 -0400] "GET /the-power-of-custom-branded-game/ HTTP/1.1" 200 9779 "https://sunquicksf.com/post-sitemap2.xml" "Scrapy/2.12.0 (+https://scrapy.org)"
3.23.79.111 - - [14/Apr/2025:14:42:07 -0400] "GET /ameliorez-votre-fertilite-masculine-avec-ce-supplement-alimentaire/ HTTP/1.1" 200 10202 "https://sunquicksf.com/post-sitemap2.xml" "Scrapy/2.12.0 (+https://scrapy.org)"
3.23.79.111 - - [14/Apr/2025:14:42:12 -0400] "GET /a-perfect-blend-of-functionality-and-cuteness/ HTTP/1.1" 200 9961 "https://sunquicksf.com/post-sitemap2.xml" "Scrapy/2.12.0 (+https://scrapy.org)"
3.23.79.111 - - [14/Apr/2025:14:42:18 -0400] "GET /essentiel-pour-un-espace-de-travail-productif/ HTTP/1.1" 200 10016 "https://sunquicksf.com/post-sitemap2.xml" "Scrapy/2.12.0 (+https://scrapy.org)"
3.23.79.111 - - [14/Apr/2025:14:42:22 -0400] "GET /un-allie-naturel-pour-les-mamans/ HTTP/1.1" 200 10003 "https://sunquicksf.com/post-sitemap2.xml" "Scrapy/2.12.0 (+https://scrapy.org)"
3.23.79.111 - - [14/Apr/2025:14:42:26 -0400] "GET /unlocking-wellness-the-role-of-an-osteopath-in-dubai/ HTTP/1.1" 200 10028 "https://sunquicksf.com/post-sitemap2.xml" "Scrapy/2.12.0 (+https://scrapy.org)"
198.54.114.83 - - [14/Apr/2025:14:42:32 -0400] "POST /wp-cron.php?doing_wp_cron=1744656150.8155999183654785156250 HTTP/1.1" 200 0 "-" "WordPress/6.7.2; https://sunquicksf.com"
3.23.79.111 - - [14/Apr/2025:14:42:30 -0400] "GET /the-digital-frontier-exploring-the-rise-of-online-casinos/ HTTP/1.1" 200 10222 "https://sunquicksf.com/post-sitemap2.xml" "Scrapy/2.12.0 (+https://scrapy.org)"
3.23.79.111 - - [14/Apr/2025:14:42:36 -0400] "GET /the-botany-condo-an-urban-oasis/ HTTP/1.1" 200 10042 "https://sunquicksf.com/post-sitemap.xml" "Scrapy/2.12.0 (+https://scrapy.org)"
3.23.79.111 - - [14/Apr/2025:14:42:40 -0400] "GET /puerto-aventuras-yachts/ HTTP/1.1" 200 10530 "https://sunquicksf.com/post-sitemap.xml" "Scrapy/2.12.0 (+https://scrapy.org)"
3.23.79.111 - - [14/Apr/2025:14:42:43 -0400] "GET /terra-hill-condominiums-in-district-5/ HTTP/1.1" 200 10154 "https://sunquicksf.com/post-sitemap.xml" "Scrapy/2.12.0 (+https://scrapy.org)"
3.23.79.111 - - [14/Apr/2025:14:42:47 -0400] "GET /the-woom-air-mountain-biking-bike/ HTTP/1.1" 200 10625 "https://sunquicksf.com/post-sitemap.xml" "Scrapy/2.12.0 (+https://scrapy.org)"
3.23.79.111 - - [14/Apr/2025:14:42:53 -0400] "GET /what-is-a-wasserfiler/ HTTP/1.1" 200 10449 "https://sunquicksf.com/post-sitemap.xml" "Scrapy/2.12.0 (+https://scrapy.org)"
3.23.79.111 - - [14/Apr/2025:14:42:57 -0400] "GET /how-to-find-a-caregiver/ HTTP/1.1" 200 10662 "https://sunquicksf.com/post-sitemap.xml" "Scrapy/2.12.0 (+https://scrapy.org)"
3.23.79.111 - - [14/Apr/2025:14:43:07 -0400] "GET /how-to-find-a-caregiver-2/ HTTP/1.1" 200 10785 "https://sunquicksf.com/post-sitemap.xml" "Scrapy/2.12.0 (+https://scrapy.org)"
3.23.79.111 - - [14/Apr/2025:14:43:12 -0400] "GET /the-wrong-day-care/ HTTP/1.1" 200 11334 "https://sunquicksf.com/post-sitemap.xml" "Scrapy/2.12.0 (+https://scrapy.org)"
3.23.79.111 - - [14/Apr/2025:14:43:21 -0400] "GET /steuererklarung-hattingen/ HTTP/1.1" 200 10671 "https://sunquicksf.com/post-sitemap.xml" "Scrapy/2.12.0 (+https://scrapy.org)"
3.23.79.111 - - [14/Apr/2025:14:43:27 -0400] "GET /what-does-a-rechtsanwalt-do/ HTTP/1.1" 200 10616 "https://sunquicksf.com/post-sitemap.xml" "Scrapy/2.12.0 (+https://scrapy.org)"
3.23.79.111 - - [14/Apr/2025:14:43:33 -0400] "GET /why-hire-iron-fist-personal-injury-lawyers/ HTTP/1.1" 200 10823 "https://sunquicksf.com/post-sitemap.xml" "Scrapy/2.12.0 (+https://scrapy.org)"
198.54.114.83 - - [14/Apr/2025:14:43:36 -0400] "POST /wp-cron.php?doing_wp_cron=1744656213.8450651168823242187500 HTTP/1.1" 200 0 "-" "WordPress/6.7.2; https://sunquicksf.com"
3.23.79.111 - - [14/Apr/2025:14:43:40 -0400] "GET /how-to-play-the-powerball-online/ HTTP/1.1" 200 10697 "https://sunquicksf.com/post-sitemap.xml" "Scrapy/2.12.0 (+https://scrapy.org)"
3.23.79.111 - - [14/Apr/2025:14:43:46 -0400] "GET /how-to-create-face-filters-on-instagram/ HTTP/1.1" 200 10801 "https://sunquicksf.com/post-sitemap.xml" "Scrapy/2.12.0 (+https://scrapy.org)"
3.23.79.111 - - [14/Apr/2025:14:43:51 -0400] "GET /how-to-choose-the-best-car-seats-for-your-child/ HTTP/1.1" 200 10595 "https://sunquicksf.com/post-sitemap.xml" "Scrapy/2.12.0 (+https://scrapy.org)"
3.23.79.111 - - [14/Apr/2025:14:43:56 -0400] "GET /category/about-us/ HTTP/1.1" 200 9863 "https://sunquicksf.com/category-sitemap.xml" "Scrapy/2.12.0 (+https://scrapy.org)"
3.23.79.111 - - [14/Apr/2025:14:44:02 -0400] "GET /category/activity/ HTTP/1.1" 200 10030 "https://sunquicksf.com/category-sitemap.xml" "Scrapy/2.12.0 (+https://scrapy.org)"
3.23.79.111 - - [14/Apr/2025:14:44:07 -0400] "GET /category/how-to/ HTTP/1.1" 200 9436 "https://sunquicksf.com/category-sitemap.xml" "Scrapy/2.12.0 (+https://scrapy.org)"
3.23.79.111 - - [14/Apr/2025:14:44:12 -0400] "GET /category/iphone/ HTTP/1.1" 200 8531 "https://sunquicksf.com/category-sitemap.xml" "Scrapy/2.12.0 (+https://scrapy.org)"
3.23.79.111 - - [14/Apr/2025:14:44:17 -0400] "GET /category/mobile/ HTTP/1.1" 200 8912 "https://sunquicksf.com/category-sitemap.xml" "Scrapy/2.12.0 (+https://scrapy.org)"
3.23.79.111 - - [14/Apr/2025:14:44:22 -0400] "GET /the-role-of-chiropractors-in-dubai/ HTTP/1.1" 200 10002 "https://sunquicksf.com/post-sitemap2.xml" "Scrapy/2.12.0 (+https://scrapy.org)"
3.23.79.111 - - [14/Apr/2025:14:44:26 -0400] "GET /the-truth-about-buying-youtube-views/ HTTP/1.1" 200 10095 "https://sunquicksf.com/post-sitemap2.xml" "Scrapy/2.12.0 (+https://scrapy.org)"
3.23.79.111 - - [14/Apr/2025:14:44:32 -0400] "GET /der-beste-scheidungsanwalt-in-hattingen-expertise-und-unterstutzung-in-schwierigen-zeiten/ HTTP/1.1" 200 10258 "https://sunquicksf.com/post-sitemap2.xml" "Scrapy/2.12.0 (+https://scrapy.org)"
3.23.79.111 - - [14/Apr/2025:14:44:37 -0400] "GET /achieving-excellence-through-customized-guidance/ HTTP/1.1" 200 10112 "https://sunquicksf.com/post-sitemap2.xml" "Scrapy/2.12.0 (+https://scrapy.org)"
198.54.114.83 - - [14/Apr/2025:14:44:40 -0400] "POST /wp-cron.php?doing_wp_cron=1744656278.1391038894653320312500 HTTP/1.1" 200 0 "-" "WordPress/6.7.2; https://sunquicksf.com"
3.23.79.111 - - [14/Apr/2025:14:44:42 -0400] "GET /the-convenience-of-online-games-with-no-downloads/ HTTP/1.1" 200 10072 "https://sunquicksf.com/post-sitemap2.xml" "Scrapy/2.12.0 (+https://scrapy.org)"
3.23.79.111 - - [14/Apr/2025:14:44:47 -0400] "GET /the-role-of-a-consensual-divorce-lawyer/ HTTP/1.1" 200 9823 "https://sunquicksf.com/post-sitemap2.xml" "Scrapy/2.12.0 (+https://scrapy.org)"
3.23.79.111 - - [14/Apr/2025:14:44:51 -0400] "GET /the-impact-of-youtube-views-on-content-success/ HTTP/1.1" 200 10179 "https://sunquicksf.com/post-sitemap2.xml" "Scrapy/2.12.0 (+https://scrapy.org)"
114.119.138.5 - - [14/Apr/2025:14:44:51 -0400] "GET /how-to-change-ps5-background/ HTTP/1.1" 200 11424 "https://sunquicksf.com/page/63/" "Mozilla/5.0 (Linux; Android 7.0;) AppleWebKit/537.36 (KHTML, like Gecko) Mobile Safari/537.36 (compatible; PetalBot;+https://webmaster.petalsearch.com/site/petalbot)"
3.23.79.111 - - [14/Apr/2025:14:44:55 -0400] "GET /a-modern-gambling-frontier/ HTTP/1.1" 200 10085 "https://sunquicksf.com/post-sitemap2.xml" "Scrapy/2.12.0 (+https://scrapy.org)"
3.23.79.111 - - [14/Apr/2025:14:45:00 -0400] "GET /navigating-the-complex-terrain-of-challenging-a-will/ HTTP/1.1" 200 10175 "https://sunquicksf.com/post-sitemap2.xml" "Scrapy/2.12.0 (+https://scrapy.org)"
3.23.79.111 - - [14/Apr/2025:14:45:05 -0400] "GET /enhancing-quality-of-life-through-occupational-therapy-in-dubai/ HTTP/1.1" 200 10102 "https://sunquicksf.com/post-sitemap2.xml" "Scrapy/2.12.0 (+https://scrapy.org)"
129.226.66.188 - - [14/Apr/2025:14:45:04 -0400] "GET /tips-for-credit-score-improvement/ HTTP/1.1" 200 6555 "-" "Python/3.10 aiohttp/3.10.5"
3.23.79.111 - - [14/Apr/2025:14:45:10 -0400] "GET /innovative-beleuchtung-fur-ihr-zuhause-moderne-pendelleuchten/ HTTP/1.1" 200 10232 "https://sunquicksf.com/post-sitemap2.xml" "Scrapy/2.12.0 (+https://scrapy.org)"
51.222.253.2 - - [14/Apr/2025:14:45:14 -0400] "GET /what-is-an-online-training-course/feed/ HTTP/1.1" 200 396 "-" "Mozilla/5.0 (compatible; AhrefsBot/7.0; +http://ahrefs.com/robot/)"
3.23.79.111 - - [14/Apr/2025:14:45:15 -0400] "GET /eine-expertise-fur-trennung-und-neuanfang/ HTTP/1.1" 200 10219 "https://sunquicksf.com/post-sitemap2.xml" "Scrapy/2.12.0 (+https://scrapy.org)"
3.23.79.111 - - [14/Apr/2025:14:45:23 -0400] "GET /leclat-de-geneve-une-marque-de-prestige/ HTTP/1.1" 200 10399 "https://sunquicksf.com/post-sitemap2.xml" "Scrapy/2.12.0 (+https://scrapy.org)"
3.23.79.111 - - [14/Apr/2025:14:45:27 -0400] "GET /elegantes-design-und-funktionalitat/ HTTP/1.1" 200 10034 "https://sunquicksf.com/post-sitemap2.xml" "Scrapy/2.12.0 (+https://scrapy.org)"
3.23.79.111 - - [14/Apr/2025:14:45:31 -0400] "GET /un-coussin-de-lecture-pour-le-lit-confort-et-praticite/ HTTP/1.1" 200 10205 "https://sunquicksf.com/post-sitemap2.xml" "Scrapy/2.12.0 (+https://scrapy.org)"
3.23.79.111 - - [14/Apr/2025:14:45:35 -0400] "GET /decouverte-de-lenseigne-rade-geneve/ HTTP/1.1" 200 10181 "https://sunquicksf.com/post-sitemap2.xml" "Scrapy/2.12.0 (+https://scrapy.org)"
198.54.114.83 - - [14/Apr/2025:14:45:41 -0400] "POST /wp-cron.php?doing_wp_cron=1744656340.0698208808898925781250 HTTP/1.1" 200 0 "-" "WordPress/6.7.2; https://sunquicksf.com"
3.23.79.111 - - [14/Apr/2025:14:45:39 -0400] "GET /unlocking-wellness-dubai-osteopathy/ HTTP/1.1" 200 9941 "https://sunquicksf.com/post-sitemap2.xml" "Scrapy/2.12.0 (+https://scrapy.org)"
3.23.79.111 - - [14/Apr/2025:14:45:45 -0400] "GET /a-holistic-approach-to-health/ HTTP/1.1" 200 10094 "https://sunquicksf.com/post-sitemap2.xml" "Scrapy/2.12.0 (+https://scrapy.org)"
3.23.79.111 - - [14/Apr/2025:14:45:49 -0400] "GET /the-ultimate-guide-to-fertility-clinics-in-dubai/ HTTP/1.1" 200 9968 "https://sunquicksf.com/post-sitemap2.xml" "Scrapy/2.12.0 (+https://scrapy.org)"
3.23.79.111 - - [14/Apr/2025:14:45:54 -0400] "GET /ppr-pipe-manufacturers-innovators-in-plumbing-solutions/ HTTP/1.1" 200 9967 "https://sunquicksf.com/post-sitemap2.xml" "Scrapy/2.12.0 (+https://scrapy.org)"
3.23.79.111 - - [14/Apr/2025:14:45:59 -0400] "GET /finding-a-childminder-near-me/ HTTP/1.1" 200 10590 "https://sunquicksf.com/post-sitemap.xml" "Scrapy/2.12.0 (+https://scrapy.org)"
164.92.107.174 - - [14/Apr/2025:14:46:04 -0400] "GET / HTTP/1.1" 200 0 "-" "-"
3.23.79.111 - - [14/Apr/2025:14:46:04 -0400] "GET /how-to-try-makeup-online/ HTTP/1.1" 200 10814 "https://sunquicksf.com/post-sitemap.xml" "Scrapy/2.12.0 (+https://scrapy.org)"
164.92.107.174 - - [14/Apr/2025:14:46:05 -0400] "GET / HTTP/1.1" 200 77991 "-" "Mozilla/5.0 (Linux; Android 6.0; HTC One M9 Build/MRA131700) AppleWebKit/537.36 (KHTML, like Gecko) Chrome/52.0.2890.98 Mobile Safari/537.3"
164.92.107.174 - - [14/Apr/2025:14:46:07 -0400] "GET /@vite/env HTTP/1.1" 301 0 "-" "Go-http-client/1.1"
3.23.79.111 - - [14/Apr/2025:14:46:08 -0400] "GET /betting-on-horse-racing-sensible-money-management-part-4/ HTTP/1.1" 200 12611 "https://sunquicksf.com/post-sitemap.xml" "Scrapy/2.12.0 (+https://scrapy.org)"
164.92.107.174 - - [14/Apr/2025:14:46:08 -0400] "GET /actuator/env HTTP/1.1" 301 0 "-" "Go-http-client/1.1"
164.92.107.174 - - [14/Apr/2025:14:46:11 -0400] "GET /server HTTP/1.1" 404 7862 "-" "Go-http-client/1.1"
164.92.107.174 - - [14/Apr/2025:14:46:12 -0400] "GET /.vscode/sftp.json HTTP/1.1" 404 7829 "-" "Go-http-client/1.1"
3.23.79.111 - - [14/Apr/2025:14:46:13 -0400] "GET /powerball-number-how-to-pick-the-best-number-and-win-today/ HTTP/1.1" 200 10711 "https://sunquicksf.com/post-sitemap.xml" "Scrapy/2.12.0 (+https://scrapy.org)"
164.92.107.174 - - [14/Apr/2025:14:46:14 -0400] "GET /about HTTP/1.1" 404 7829 "-" "Go-http-client/1.1"
164.92.107.174 - - [14/Apr/2025:14:46:16 -0400] "GET /debug/default/view?panel=config HTTP/1.1" 404 7862 "-" "Go-http-client/1.1"
3.23.79.111 - - [14/Apr/2025:14:46:17 -0400] "GET /pyjama-pilou-pilou-femme/ HTTP/1.1" 200 10314 "https://sunquicksf.com/post-sitemap.xml" "Scrapy/2.12.0 (+https://scrapy.org)"
164.92.107.174 - - [14/Apr/2025:14:46:20 -0400] "GET /v2/_catalog HTTP/1.1" 404 5420 "-" "Go-http-client/1.1"
164.92.107.174 - - [14/Apr/2025:14:46:22 -0400] "GET /ecp/Current/exporttool/microsoft.exchange.ediscovery.exporttool.application HTTP/1.1" 404 7862 "-" "Go-http-client/1.1"
3.23.79.111 - - [14/Apr/2025:14:46:23 -0400] "GET /pilou-pilou-artist-and-songwriter/ HTTP/1.1" 200 10796 "https://sunquicksf.com/post-sitemap.xml" "Scrapy/2.12.0 (+https://scrapy.org)"
164.92.107.174 - - [14/Apr/2025:14:46:25 -0400] "GET /login.action HTTP/1.1" 404 7829 "-" "Go-http-client/1.1"
164.92.107.174 - - [14/Apr/2025:14:46:27 -0400] "GET /_all_dbs HTTP/1.1" 404 5420 "-" "Mozilla/5.0 (l9scan/2.0.833313e2931323e27363e2237313; +https://leakix.net)"
3.23.79.111 - - [14/Apr/2025:14:46:27 -0400] "GET /pyjama-pilou-pilou-homme/ HTTP/1.1" 200 12199 "https://sunquicksf.com/post-sitemap.xml" "Scrapy/2.12.0 (+https://scrapy.org)"
164.92.107.174 - - [14/Apr/2025:14:46:28 -0400] "GET /.DS_Store HTTP/1.1" 404 7833 "-" "Go-http-client/1.1"
164.92.107.174 - - [14/Apr/2025:14:46:30 -0400] "GET /.env HTTP/1.1" 403 1242 "-" "Go-http-client/1.1"
164.92.107.174 - - [14/Apr/2025:14:46:31 -0400] "GET /.git/config HTTP/1.1" 403 1242 "-" "Go-http-client/1.1"
3.23.79.111 - - [14/Apr/2025:14:46:31 -0400] "GET /lampe-de-chevet-tactile/ HTTP/1.1" 200 10856 "https://sunquicksf.com/post-sitemap.xml" "Scrapy/2.12.0 (+https://scrapy.org)"
164.92.107.174 - - [14/Apr/2025:14:46:33 -0400] "GET /s/833313e2931323e27363e2237313/_/;/META-INF/maven/com.atlassian.jira/jira-webapp-dist/pom.properties HTTP/1.1" 404 7854 "-" "Go-http-client/1.1"
164.92.107.174 - - [14/Apr/2025:14:46:35 -0400] "GET /config.json HTTP/1.1" 404 7854 "-" "Go-http-client/1.1"
3.23.79.111 - - [14/Apr/2025:14:46:36 -0400] "GET /pilou-pilou-the-drummer-of-the-buffycats-and-one-of-the-main-characters-in-44-cats/ HTTP/1.1" 200 11065 "https://sunquicksf.com/post-sitemap.xml" "Scrapy/2.12.0 (+https://scrapy.org)"
164.92.107.174 - - [14/Apr/2025:14:46:36 -0400] "GET /telescope/requests HTTP/1.1" 404 7862 "-" "Go-http-client/1.1"
164.92.107.174 - - [14/Apr/2025:14:46:37 -0400] "GET /info.php HTTP/1.1" 404 7833 "-" "Go-http-client/1.1"
164.92.107.174 - - [14/Apr/2025:14:46:39 -0400] "GET /?rest_route=/wp/v2/users/ HTTP/1.1" 200 77991 "-" "Go-http-client/1.1"
3.23.79.111 - - [14/Apr/2025:14:46:41 -0400] "GET /a-concise-history-of-the-lamp/ HTTP/1.1" 200 10847 "https://sunquicksf.com/post-sitemap.xml" "Scrapy/2.12.0 (+https://scrapy.org)"
198.54.114.83 - - [14/Apr/2025:14:46:43 -0400] "POST /wp-cron.php?doing_wp_cron=1744656401.7034120559692382812500 HTTP/1.1" 200 0 "-" "WordPress/6.7.2; https://sunquicksf.com"
3.23.79.111 - - [14/Apr/2025:14:46:47 -0400] "GET /small-touch-bedside-lamps/ HTTP/1.1" 200 10635 "https://sunquicksf.com/post-sitemap.xml" "Scrapy/2.12.0 (+https://scrapy.org)"
3.23.79.111 - - [14/Apr/2025:14:46:52 -0400] "GET /analysis-of-chinese-lamp-market-in-2006-and-2007/ HTTP/1.1" 200 10994 "https://sunquicksf.com/post-sitemap.xml" "Scrapy/2.12.0 (+https://scrapy.org)"
114.119.130.3 - - [14/Apr/2025:14:46:53 -0400] "GET /category/activity/page/93/ HTTP/1.1" 200 10070 "https://sunquicksf.com/category/activity/page/94/" "Mozilla/5.0 (Linux; Android 7.0;) AppleWebKit/537.36 (KHTML, like Gecko) Mobile Safari/537.36 (compatible; PetalBot;+https://webmaster.petalsearch.com/site/petalbot)"
3.23.79.111 - - [14/Apr/2025:14:46:58 -0400] "GET /skylights-roof-windows-a-short-history-of-roof-lanterns-how-they-can-be-used-today/ HTTP/1.1" 200 10850 "https://sunquicksf.com/post-sitemap.xml" "Scrapy/2.12.0 (+https://scrapy.org)"
3.23.79.111 - - [14/Apr/2025:14:47:41 -0400] "GET /pokemon-plush-uk/ HTTP/1.1" 200 11316 "https://sunquicksf.com/post-sitemap.xml" "Scrapy/2.12.0 (+https://scrapy.org)"
198.54.114.83 - - [14/Apr/2025:14:47:47 -0400] "POST /wp-cron.php?doing_wp_cron=1744656467.6417739391326904296875 HTTP/1.1" 200 0 "-" "WordPress/6.7.2; https://sunquicksf.com"
3.23.79.111 - - [14/Apr/2025:14:47:46 -0400] "GET /pokemon-training-not-unlike-horses/ HTTP/1.1" 200 10667 "https://sunquicksf.com/post-sitemap.xml" "Scrapy/2.12.0 (+https://scrapy.org)"
3.23.79.111 - - [14/Apr/2025:14:47:52 -0400] "GET /the-best-places-to-buy-pokemon-cards/ HTTP/1.1" 200 10558 "https://sunquicksf.com/post-sitemap.xml" "Scrapy/2.12.0 (+https://scrapy.org)"
3.23.79.111 - - [14/Apr/2025:14:47:57 -0400] "GET /comment-creer-des-vases-en-ceramique/ HTTP/1.1" 200 11181 "https://sunquicksf.com/post-sitemap.xml" "Scrapy/2.12.0 (+https://scrapy.org)"
3.23.79.111 - - [14/Apr/2025:14:48:03 -0400] "GET /comment-creer-un-vase-en-ceramique-beige/ HTTP/1.1" 200 10187 "https://sunquicksf.com/post-sitemap.xml" "Scrapy/2.12.0 (+https://scrapy.org)"
3.23.79.111 - - [14/Apr/2025:14:48:06 -0400] "GET /top-10-des-utilisations-dun-vase-de-murano/ HTTP/1.1" 200 10955 "https://sunquicksf.com/post-sitemap.xml" "Scrapy/2.12.0 (+https://scrapy.org)"
3.23.79.111 - - [14/Apr/2025:14:48:13 -0400] "GET /how-to-get-started-in-diamond-painting/ HTTP/1.1" 200 10723 "https://sunquicksf.com/post-sitemap.xml" "Scrapy/2.12.0 (+https://scrapy.org)"
3.23.79.111 - - [14/Apr/2025:14:48:18 -0400] "GET /how-to-create-a-diamond-painting/ HTTP/1.1" 200 10717 "https://sunquicksf.com/post-sitemap.xml" "Scrapy/2.12.0 (+https://scrapy.org)"
3.23.79.111 - - [14/Apr/2025:14:48:22 -0400] "GET /revolutionizing-plumbing-systems/ HTTP/1.1" 200 10266 "https://sunquicksf.com/post-sitemap2.xml" "Scrapy/2.12.0 (+https://scrapy.org)"
3.23.79.111 - - [14/Apr/2025:14:48:28 -0400] "GET /exciting-outdoor-games-to-amp-up-your-event/ HTTP/1.1" 200 9967 "https://sunquicksf.com/post-sitemap2.xml" "Scrapy/2.12.0 (+https://scrapy.org)"
3.23.79.111 - - [14/Apr/2025:14:48:33 -0400] "GET /the-importance-of-american-heart-association-bls/ HTTP/1.1" 200 10220 "https://sunquicksf.com/post-sitemap2.xml" "Scrapy/2.12.0 (+https://scrapy.org)"
51.222.253.7 - - [14/Apr/2025:14:48:38 -0400] "GET /vyvanse-50-mg-side-effects/ HTTP/1.1" 200 10616 "-" "Mozilla/5.0 (compatible; AhrefsBot/7.0; +http://ahrefs.com/robot/)"
3.23.79.111 - - [14/Apr/2025:14:48:39 -0400] "GET /optimal-health-with-physio-auckland/ HTTP/1.1" 200 9750 "https://sunquicksf.com/post-sitemap2.xml" "Scrapy/2.12.0 (+https://scrapy.org)"
3.23.79.111 - - [14/Apr/2025:14:48:43 -0400] "GET /discover-expert-audiologist-services-in-auckland/ HTTP/1.1" 200 10139 "https://sunquicksf.com/post-sitemap2.xml" "Scrapy/2.12.0 (+https://scrapy.org)"
3.23.79.111 - - [14/Apr/2025:14:48:47 -0400] "GET /a-gateway-to-entertainment/ HTTP/1.1" 200 9889 "https://sunquicksf.com/post-sitemap2.xml" "Scrapy/2.12.0 (+https://scrapy.org)"
3.23.79.111 - - [14/Apr/2025:14:48:52 -0400] "GET /cosmetic-facility-registration/ HTTP/1.1" 200 10081 "https://sunquicksf.com/post-sitemap2.xml" "Scrapy/2.12.0 (+https://scrapy.org)"
3.23.79.111 - - [14/Apr/2025:14:48:58 -0400] "GET /transformez-votre-salon-avec-des-housses-de-canape/ HTTP/1.1" 200 10579 "https://sunquicksf.com/post-sitemap2.xml" "Scrapy/2.12.0 (+https://scrapy.org)"
3.23.79.111 - - [14/Apr/2025:14:49:02 -0400] "GET /les-fondements-de-lisolation-thermique/ HTTP/1.1" 200 10428 "https://sunquicksf.com/post-sitemap2.xml" "Scrapy/2.12.0 (+https://scrapy.org)"
3.23.79.111 - - [14/Apr/2025:14:49:07 -0400] "GET /plongez-dans-lart-du-massage-a-geneve-detente-tradition-et-bien-etre/ HTTP/1.1" 200 10535 "https://sunquicksf.com/post-sitemap2.xml" "Scrapy/2.12.0 (+https://scrapy.org)"
3.23.79.111 - - [14/Apr/2025:14:49:12 -0400] "GET /protegez-et-embellissez-votre-fauteuil-avec-une-housse-elegante/ HTTP/1.1" 200 10022 "https://sunquicksf.com/post-sitemap2.xml" "Scrapy/2.12.0 (+https://scrapy.org)"
3.23.79.111 - - [14/Apr/2025:14:49:18 -0400] "GET /the-power-of-link-shorteners/ HTTP/1.1" 200 9666 "https://sunquicksf.com/post-sitemap2.xml" "Scrapy/2.12.0 (+https://scrapy.org)"
3.23.79.111 - - [14/Apr/2025:14:49:24 -0400] "GET /reduire-les-pertes-denergie/ HTTP/1.1" 200 10029 "https://sunquicksf.com/post-sitemap2.xml" "Scrapy/2.12.0 (+https://scrapy.org)"
3.23.79.111 - - [14/Apr/2025:14:49:31 -0400] "GET /unveiling-the-stake-ator-a-revolutionary-tool-for-stakeholders/ HTTP/1.1" 200 9946 "https://sunquicksf.com/post-sitemap2.xml" "Scrapy/2.12.0 (+https://scrapy.org)"
3.23.79.111 - - [14/Apr/2025:14:49:38 -0400] "GET /natural-wonders-of-nusa-penida/ HTTP/1.1" 200 10050 "https://sunquicksf.com/post-sitemap2.xml" "Scrapy/2.12.0 (+https://scrapy.org)"
3.23.79.111 - - [14/Apr/2025:14:49:44 -0400] "GET /entertainment-at-your-fingertips/ HTTP/1.1" 200 9961 "https://sunquicksf.com/post-sitemap2.xml" "Scrapy/2.12.0 (+https://scrapy.org)"
3.23.79.111 - - [14/Apr/2025:14:49:49 -0400] "GET /discovering-nusa-penida-a-hidden-gem-in-indonesia/ HTTP/1.1" 200 9896 "https://sunquicksf.com/post-sitemap2.xml" "Scrapy/2.12.0 (+https://scrapy.org)"
3.23.79.111 - - [14/Apr/2025:14:49:55 -0400] "GET /streamlining-digital-connections/ HTTP/1.1" 200 9933 "https://sunquicksf.com/post-sitemap2.xml" "Scrapy/2.12.0 (+https://scrapy.org)"
3.23.79.111 - - [14/Apr/2025:14:50:01 -0400] "GET /un-service-de-traiteur-sur-mesure-pour-vos-evenements/ HTTP/1.1" 200 10119 "https://sunquicksf.com/post-sitemap2.xml" "Scrapy/2.12.0 (+https://scrapy.org)"
3.23.79.111 - - [14/Apr/2025:14:50:06 -0400] "GET /diamond-painting-a-beginners-guide/ HTTP/1.1" 200 10756 "https://sunquicksf.com/post-sitemap.xml" "Scrapy/2.12.0 (+https://scrapy.org)"
3.23.79.111 - - [14/Apr/2025:14:50:12 -0400] "GET /diamond-painting-eigenes-bild/ HTTP/1.1" 200 10899 "https://sunquicksf.com/post-sitemap.xml" "Scrapy/2.12.0 (+https://scrapy.org)"
3.23.79.111 - - [14/Apr/2025:14:50:17 -0400] "GET /buy-youtube-watch-time-from-a-trusted-provider/ HTTP/1.1" 200 10816 "https://sunquicksf.com/post-sitemap.xml" "Scrapy/2.12.0 (+https://scrapy.org)"
3.23.79.111 - - [14/Apr/2025:14:50:22 -0400] "GET /where-to-buy-4000-hours-youtube-watch-time/ HTTP/1.1" 200 10750 "https://sunquicksf.com/post-sitemap.xml" "Scrapy/2.12.0 (+https://scrapy.org)"
3.23.79.111 - - [14/Apr/2025:14:50:26 -0400] "GET /how-to-build-your-mlm-business-using-youtube-set-up-a-channel-on-youtube/ HTTP/1.1" 200 11348 "https://sunquicksf.com/post-sitemap.xml" "Scrapy/2.12.0 (+https://scrapy.org)"
3.23.79.111 - - [14/Apr/2025:14:50:31 -0400] "GET /how-customized-socks-with-logo-can-help-your-business/ HTTP/1.1" 200 10774 "https://sunquicksf.com/post-sitemap.xml" "Scrapy/2.12.0 (+https://scrapy.org)"
3.23.79.111 - - [14/Apr/2025:14:50:36 -0400] "GET /blow-their-socks-off-customer-service/ HTTP/1.1" 200 10853 "https://sunquicksf.com/post-sitemap.xml" "Scrapy/2.12.0 (+https://scrapy.org)"
3.23.79.111 - - [14/Apr/2025:14:50:39 -0400] "GET /the-socks-factory/ HTTP/1.1" 200 10745 "https://sunquicksf.com/post-sitemap.xml" "Scrapy/2.12.0 (+https://scrapy.org)"
3.23.79.111 - - [14/Apr/2025:14:50:43 -0400] "GET /congress-is-thinking-of-allowing-online-gambling/ HTTP/1.1" 200 10814 "https://sunquicksf.com/post-sitemap.xml" "Scrapy/2.12.0 (+https://scrapy.org)"
3.23.79.111 - - [14/Apr/2025:14:50:48 -0400] "GET /perfecting-punctuation-how-to-put-the-apostrophe-to-work/ HTTP/1.1" 200 12020 "https://sunquicksf.com/post-sitemap.xml" "Scrapy/2.12.0 (+https://scrapy.org)"
3.23.79.111 - - [14/Apr/2025:14:50:55 -0400] "GET /how-to-find-the-best-move-out-cleaning-services/ HTTP/1.1" 200 10591 "https://sunquicksf.com/post-sitemap.xml" "Scrapy/2.12.0 (+https://scrapy.org)"
3.23.79.111 - - [14/Apr/2025:14:50:59 -0400] "GET /honda-financial-services-customer-service-settlement-announced/ HTTP/1.1" 200 10110 "https://sunquicksf.com/post-sitemap.xml" "Scrapy/2.12.0 (+https://scrapy.org)"
3.23.79.111 - - [14/Apr/2025:14:51:03 -0400] "GET /how-to-turn-a-document-into-a-pdf-on-your-iphone/ HTTP/1.1" 200 12416 "https://sunquicksf.com/post-sitemap.xml" "Scrapy/2.12.0 (+https://scrapy.org)"
3.23.79.111 - - [14/Apr/2025:14:51:08 -0400] "GET /how-to-turn-on-hotspot-on-iphone-11-pro-max/ HTTP/1.1" 200 12792 "https://sunquicksf.com/post-sitemap.xml" "Scrapy/2.12.0 (+https://scrapy.org)"
3.23.79.111 - - [14/Apr/2025:14:51:12 -0400] "GET /les-plateaux-repas-en-entreprise-une-solution-pratique-et-gourmande/ HTTP/1.1" 200 9942 "https://sunquicksf.com/post-sitemap2.xml" "Scrapy/2.12.0 (+https://scrapy.org)"
3.23.79.111 - - [14/Apr/2025:14:51:16 -0400] "GET /bathroom-renovations-for-small-bathrooms/ HTTP/1.1" 200 9964 "https://sunquicksf.com/post-sitemap2.xml" "Scrapy/2.12.0 (+https://scrapy.org)"
3.23.79.111 - - [14/Apr/2025:14:51:20 -0400] "GET /top-roofing-contractors-in-portland-your-guide-to-quality-roofing-services/ HTTP/1.1" 200 10027 "https://sunquicksf.com/post-sitemap2.xml" "Scrapy/2.12.0 (+https://scrapy.org)"
3.23.79.111 - - [14/Apr/2025:14:51:24 -0400] "GET /maximizing-space-smart-tips-for-small-bathroom-renovations/ HTTP/1.1" 200 10072 "https://sunquicksf.com/post-sitemap2.xml" "Scrapy/2.12.0 (+https://scrapy.org)"
3.23.79.111 - - [14/Apr/2025:14:51:28 -0400] "GET /speech-therapy-in-dubai/ HTTP/1.1" 200 9899 "https://sunquicksf.com/post-sitemap2.xml" "Scrapy/2.12.0 (+https://scrapy.org)"
3.23.79.111 - - [14/Apr/2025:14:51:33 -0400] "GET /exploring-santorinis-iconic-landscapes/ HTTP/1.1" 200 9848 "https://sunquicksf.com/post-sitemap2.xml" "Scrapy/2.12.0 (+https://scrapy.org)"
3.23.79.111 - - [14/Apr/2025:14:51:39 -0400] "GET /exploring-the-diversity-of-homes-for-sale-in-portland-oregon/ HTTP/1.1" 200 10505 "https://sunquicksf.com/post-sitemap2.xml" "Scrapy/2.12.0 (+https://scrapy.org)"
3.23.79.111 - - [14/Apr/2025:14:51:45 -0400] "GET /laccessoire-indispensable-des-surfeurs/ HTTP/1.1" 200 10035 "https://sunquicksf.com/post-sitemap2.xml" "Scrapy/2.12.0 (+https://scrapy.org)"
3.23.79.111 - - [14/Apr/2025:14:51:50 -0400] "GET /revolutionizing-entertainment/ HTTP/1.1" 200 9913 "https://sunquicksf.com/post-sitemap2.xml" "Scrapy/2.12.0 (+https://scrapy.org)"
3.23.79.111 - - [14/Apr/2025:14:51:54 -0400] "GET /lelegance-fonctionnelle-du-surf-poncho/ HTTP/1.1" 200 10218 "https://sunquicksf.com/post-sitemap2.xml" "Scrapy/2.12.0 (+https://scrapy.org)"
3.23.79.111 - - [14/Apr/2025:14:51:58 -0400] "GET /unleashing-computational-power-with-on-demand-gpus/ HTTP/1.1" 200 10016 "https://sunquicksf.com/post-sitemap2.xml" "Scrapy/2.12.0 (+https://scrapy.org)"
3.23.79.111 - - [14/Apr/2025:14:52:03 -0400] "GET /navigating-the-ai-gpu-market-pricing-trends-and-availability/ HTTP/1.1" 200 10115 "https://sunquicksf.com/post-sitemap2.xml" "Scrapy/2.12.0 (+https://scrapy.org)"
3.23.79.111 - - [14/Apr/2025:14:52:07 -0400] "GET /lart-de-rue-une-expression-libre-et-coloree/ HTTP/1.1" 200 10094 "https://sunquicksf.com/post-sitemap2.xml" "Scrapy/2.12.0 (+https://scrapy.org)"
3.23.79.111 - - [14/Apr/2025:14:52:11 -0400] "GET /choosing-the-right-style/ HTTP/1.1" 200 9961 "https://sunquicksf.com/post-sitemap2.xml" "Scrapy/2.12.0 (+https://scrapy.org)"
3.23.79.111 - - [14/Apr/2025:14:52:14 -0400] "GET /how-to-turn-off-sound-and-haptics-on-your-iphone/ HTTP/1.1" 200 12789 "https://sunquicksf.com/post-sitemap.xml" "Scrapy/2.12.0 (+https://scrapy.org)"
3.23.79.111 - - [14/Apr/2025:14:52:17 -0400] "GET /how-to-turn-off-sos-on-iphone-once-activated/ HTTP/1.1" 200 12691 "https://sunquicksf.com/post-sitemap.xml" "Scrapy/2.12.0 (+https://scrapy.org)"
3.23.79.111 - - [14/Apr/2025:14:52:23 -0400] "GET /buy-tazorac-online/ HTTP/1.1" 200 10778 "https://sunquicksf.com/post-sitemap.xml" "Scrapy/2.12.0 (+https://scrapy.org)"
3.23.79.111 - - [14/Apr/2025:14:52:27 -0400] "GET /tretinoin-for-stretch-marks-how-effective-is-it/ HTTP/1.1" 200 10334 "https://sunquicksf.com/post-sitemap.xml" "Scrapy/2.12.0 (+https://scrapy.org)"
3.23.79.111 - - [14/Apr/2025:14:52:31 -0400] "GET /how-to-win-at-slot-gas-stations/ HTTP/1.1" 200 10543 "https://sunquicksf.com/post-sitemap.xml" "Scrapy/2.12.0 (+https://scrapy.org)"
3.23.79.111 - - [14/Apr/2025:14:52:35 -0400] "GET /gambling-poker-how-to-gamble-responsibly/ HTTP/1.1" 200 10757 "https://sunquicksf.com/post-sitemap.xml" "Scrapy/2.12.0 (+https://scrapy.org)"
3.23.79.111 - - [14/Apr/2025:14:52:40 -0400] "GET /what-are-the-best-online-gambling-websites/ HTTP/1.1" 200 10713 "https://sunquicksf.com/post-sitemap.xml" "Scrapy/2.12.0 (+https://scrapy.org)"
3.23.79.111 - - [14/Apr/2025:14:52:43 -0400] "GET /the-basics-of-gaming-betting/ HTTP/1.1" 200 10668 "https://sunquicksf.com/post-sitemap.xml" "Scrapy/2.12.0 (+https://scrapy.org)"
51.222.253.13 - - [14/Apr/2025:14:52:44 -0400] "GET /disaster-recovery-as-a-service/feed/ HTTP/1.1" 304 0 "-" "Mozilla/5.0 (compatible; AhrefsBot/7.0; +http://ahrefs.com/robot/)"
3.23.79.111 - - [14/Apr/2025:14:52:48 -0400] "GET /history-of-gambling-and-transformation-into-gaming/ HTTP/1.1" 200 10730 "https://sunquicksf.com/post-sitemap.xml" "Scrapy/2.12.0 (+https://scrapy.org)"
3.23.79.111 - - [14/Apr/2025:14:52:52 -0400] "GET /voyance-par-telephone/ HTTP/1.1" 200 11076 "https://sunquicksf.com/post-sitemap.xml" "Scrapy/2.12.0 (+https://scrapy.org)"
3.23.79.111 - - [14/Apr/2025:14:52:56 -0400] "GET /innovative-design-and-functionality/ HTTP/1.1" 200 9974 "https://sunquicksf.com/post-sitemap2.xml" "Scrapy/2.12.0 (+https://scrapy.org)"
3.23.79.111 - - [14/Apr/2025:14:52:59 -0400] "GET /elegant-design-and-sophistication/ HTTP/1.1" 200 9921 "https://sunquicksf.com/post-sitemap2.xml" "Scrapy/2.12.0 (+https://scrapy.org)"
3.23.79.111 - - [14/Apr/2025:14:53:04 -0400] "GET /a-glimpse-of-luxurious-living/ HTTP/1.1" 200 9891 "https://sunquicksf.com/post-sitemap2.xml" "Scrapy/2.12.0 (+https://scrapy.org)"
3.23.79.111 - - [14/Apr/2025:14:53:08 -0400] "GET /discover-terrahill-showflat-your-future-dream-home/ HTTP/1.1" 200 9894 "https://sunquicksf.com/post-sitemap2.xml" "Scrapy/2.12.0 (+https://scrapy.org)"
3.23.79.111 - - [14/Apr/2025:14:53:13 -0400] "GET /a-glimpse-into-luxurious-living/ HTTP/1.1" 200 10009 "https://sunquicksf.com/post-sitemap2.xml" "Scrapy/2.12.0 (+https://scrapy.org)"
3.23.79.111 - - [14/Apr/2025:14:53:17 -0400] "GET /exploring-the-elegance-of-sophia-regency-showflat/ HTTP/1.1" 200 10063 "https://sunquicksf.com/post-sitemap2.xml" "Scrapy/2.12.0 (+https://scrapy.org)"
3.23.79.111 - - [14/Apr/2025:14:53:21 -0400] "GET /discover-the-elegance-of-botany-showflat/ HTTP/1.1" 200 9966 "https://sunquicksf.com/post-sitemap2.xml" "Scrapy/2.12.0 (+https://scrapy.org)"
3.23.79.111 - - [14/Apr/2025:14:53:26 -0400] "GET /discover-the-elegance-of-one-bernam-showflat/ HTTP/1.1" 200 9861 "https://sunquicksf.com/post-sitemap2.xml" "Scrapy/2.12.0 (+https://scrapy.org)"
3.23.79.111 - - [14/Apr/2025:14:53:31 -0400] "GET /the-charm-of-contemporary-design/ HTTP/1.1" 200 10017 "https://sunquicksf.com/post-sitemap2.xml" "Scrapy/2.12.0 (+https://scrapy.org)"
3.23.79.111 - - [14/Apr/2025:14:53:36 -0400] "GET /an-exquisite-display-of-modern-elegance/ HTTP/1.1" 200 9995 "https://sunquicksf.com/post-sitemap2.xml" "Scrapy/2.12.0 (+https://scrapy.org)"
3.23.79.111 - - [14/Apr/2025:14:53:40 -0400] "GET /a-showcase-of-contemporary-design/ HTTP/1.1" 200 10044 "https://sunquicksf.com/post-sitemap2.xml" "Scrapy/2.12.0 (+https://scrapy.org)"
3.23.79.111 - - [14/Apr/2025:14:53:44 -0400] "GET /discover-the-elegance-of-toa-payoh-condo-showflat/ HTTP/1.1" 200 10022 "https://sunquicksf.com/post-sitemap2.xml" "Scrapy/2.12.0 (+https://scrapy.org)"
3.23.79.111 - - [14/Apr/2025:14:53:48 -0400] "GET /discover-the-elegance-of-sora-showflat/ HTTP/1.1" 200 9971 "https://sunquicksf.com/post-sitemap2.xml" "Scrapy/2.12.0 (+https://scrapy.org)"
3.23.79.111 - - [14/Apr/2025:14:53:53 -0400] "GET /arcady-showflat/ HTTP/1.1" 200 9869 "https://sunquicksf.com/post-sitemap2.xml" "Scrapy/2.12.0 (+https://scrapy.org)"
3.23.79.111 - - [14/Apr/2025:14:53:58 -0400] "GET /discover-the-elegance-of-arcady-showflat-a-modern-haven/ HTTP/1.1" 200 10122 "https://sunquicksf.com/post-sitemap2.xml" "Scrapy/2.12.0 (+https://scrapy.org)"
3.23.79.111 - - [14/Apr/2025:14:54:03 -0400] "GET /discovering-elegance-the-ardor-residence-showflat-experience/ HTTP/1.1" 200 10226 "https://sunquicksf.com/post-sitemap2.xml" "Scrapy/2.12.0 (+https://scrapy.org)"
3.23.79.111 - - [14/Apr/2025:14:54:06 -0400] "GET /discovering-elegance-the-midtown-modern-showflat-experience/ HTTP/1.1" 200 10113 "https://sunquicksf.com/post-sitemap2.xml" "Scrapy/2.12.0 (+https://scrapy.org)"
3.23.79.111 - - [14/Apr/2025:14:54:11 -0400] "GET /klimt-cairnhill-showroom-a-vision-of-opulence/ HTTP/1.1" 200 10000 "https://sunquicksf.com/post-sitemap2.xml" "Scrapy/2.12.0 (+https://scrapy.org)"
3.23.79.111 - - [14/Apr/2025:14:54:15 -0400] "GET /the-ardor-residence-showflat-experience/ HTTP/1.1" 200 10003 "https://sunquicksf.com/post-sitemap2.xml" "Scrapy/2.12.0 (+https://scrapy.org)"
3.23.79.111 - - [14/Apr/2025:14:54:20 -0400] "GET /a-vision-of-contemporary-luxury/ HTTP/1.1" 200 9976 "https://sunquicksf.com/post-sitemap2.xml" "Scrapy/2.12.0 (+https://scrapy.org)"
3.23.79.111 - - [14/Apr/2025:14:54:24 -0400] "GET /discover-the-elegance-of-klimt-cairnhill-showflat/ HTTP/1.1" 200 9974 "https://sunquicksf.com/post-sitemap2.xml" "Scrapy/2.12.0 (+https://scrapy.org)"
124.156.108.107 - - [14/Apr/2025:14:54:26 -0400] "GET /kassia-developer/ HTTP/1.1" 200 11572 "-" "Python/3.10 aiohttp/3.10.5"
3.23.79.111 - - [14/Apr/2025:14:54:28 -0400] "GET /vous-voulez-parler-a-un-vrai-medium-comment-obtenir-une-lecture-psychique-pour-10/ HTTP/1.1" 200 12105 "https://sunquicksf.com/post-sitemap.xml" "Scrapy/2.12.0 (+https://scrapy.org)"
3.23.79.111 - - [14/Apr/2025:14:54:33 -0400] "GET /restaurants-for-rent-in-qatar/ HTTP/1.1" 200 10734 "https://sunquicksf.com/post-sitemap.xml" "Scrapy/2.12.0 (+https://scrapy.org)"
3.23.79.111 - - [14/Apr/2025:14:54:38 -0400] "GET /how-to-find-a-caregiver-3/ HTTP/1.1" 200 10752 "https://sunquicksf.com/post-sitemap.xml" "Scrapy/2.12.0 (+https://scrapy.org)"
3.23.79.111 - - [14/Apr/2025:14:54:42 -0400] "GET /how-to-find-a-good-divorce-attorney/ HTTP/1.1" 200 10486 "https://sunquicksf.com/post-sitemap.xml" "Scrapy/2.12.0 (+https://scrapy.org)"
3.23.79.111 - - [14/Apr/2025:14:54:45 -0400] "GET /repay-irs-debt-and-obtain-tax-help-to-fix-your-problems/ HTTP/1.1" 200 11132 "https://sunquicksf.com/post-sitemap.xml" "Scrapy/2.12.0 (+https://scrapy.org)"
3.23.79.111 - - [14/Apr/2025:14:54:49 -0400] "GET /article-about-accounting-hattingen/ HTTP/1.1" 200 9840 "https://sunquicksf.com/post-sitemap.xml" "Scrapy/2.12.0 (+https://scrapy.org)"
3.23.79.111 - - [14/Apr/2025:14:54:53 -0400] "GET /what-is-man-tea-rock-hard-formula/ HTTP/1.1" 200 11611 "https://sunquicksf.com/post-sitemap.xml" "Scrapy/2.12.0 (+https://scrapy.org)"
3.23.79.111 - - [14/Apr/2025:14:54:57 -0400] "GET /buy-zaza-red/ HTTP/1.1" 200 10728 "https://sunquicksf.com/post-sitemap.xml" "Scrapy/2.12.0 (+https://scrapy.org)"
3.23.79.111 - - [14/Apr/2025:14:55:00 -0400] "GET /advantages-of-using-a-swaging-machine-to-point-rod-or-tube/ HTTP/1.1" 200 10247 "https://sunquicksf.com/post-sitemap.xml" "Scrapy/2.12.0 (+https://scrapy.org)"
40.71.17.37 - - [14/Apr/2025:14:55:06 -0400] "GET /wp-admin/users.php HTTP/1.1" 302 0 "-" "-"
3.23.79.111 - - [14/Apr/2025:14:55:07 -0400] "GET /in-home-care-toronto/ HTTP/1.1" 200 10313 "https://sunquicksf.com/post-sitemap.xml" "Scrapy/2.12.0 (+https://scrapy.org)"
40.71.17.37 - - [14/Apr/2025:14:55:08 -0400] "GET /wp-login.php?redirect_to=https%3A%2F%2Fsunquicksf.com%2Fwp-admin%2Fusers.php&reauth=1 HTTP/1.1" 200 1731 "-" "-"
3.23.79.111 - - [14/Apr/2025:14:55:14 -0400] "GET /the-benefits-of-a-rose-quartz-roller/ HTTP/1.1" 200 10536 "https://sunquicksf.com/post-sitemap.xml" "Scrapy/2.12.0 (+https://scrapy.org)"
3.23.79.111 - - [14/Apr/2025:14:55:19 -0400] "GET /best-moisturizers-for-acne/ HTTP/1.1" 200 9960 "https://sunquicksf.com/post-sitemap.xml" "Scrapy/2.12.0 (+https://scrapy.org)"
3.23.79.111 - - [14/Apr/2025:14:55:23 -0400] "GET /couples-therapy-nyc/ HTTP/1.1" 200 10212 "https://sunquicksf.com/post-sitemap.xml" "Scrapy/2.12.0 (+https://scrapy.org)"
3.23.79.111 - - [14/Apr/2025:14:55:28 -0400] "GET /what-to-look-for-when-using-organic-skin-care-products/ HTTP/1.1" 200 11134 "https://sunquicksf.com/post-sitemap.xml" "Scrapy/2.12.0 (+https://scrapy.org)"
3.23.79.111 - - [14/Apr/2025:14:55:32 -0400] "GET /does-buying-property-in-dubai-make-sense/ HTTP/1.1" 200 10798 "https://sunquicksf.com/post-sitemap.xml" "Scrapy/2.12.0 (+https://scrapy.org)"
3.23.79.111 - - [14/Apr/2025:14:55:37 -0400] "GET /vegan-face-care/ HTTP/1.1" 200 10889 "https://sunquicksf.com/post-sitemap.xml" "Scrapy/2.12.0 (+https://scrapy.org)"
40.71.17.37 - - [14/Apr/2025:14:55:42 -0400] "GET /wp-admin/network/index.php HTTP/1.1" 302 0 "-" "-"
3.23.79.111 - - [14/Apr/2025:14:55:42 -0400] "GET /efficient-and-stress-free-gatwick-airport-transfers/ HTTP/1.1" 200 10042 "https://sunquicksf.com/post-sitemap2.xml" "Scrapy/2.12.0 (+https://scrapy.org)"
40.71.17.37 - - [14/Apr/2025:14:55:45 -0400] "GET /wp-login.php?redirect_to=https%3A%2F%2Fsunquicksf.com%2Fwp-admin%2Fnetwork%2Findex.php&reauth=1 HTTP/1.1" 200 1729 "-" "-"
3.23.79.111 - - [14/Apr/2025:14:55:48 -0400] "GET /sublimez-votre-salon-avec-une-nappe-personnalisee-au-logo/ HTTP/1.1" 200 10038 "https://sunquicksf.com/post-sitemap2.xml" "Scrapy/2.12.0 (+https://scrapy.org)"
112.92.74.179 - - [14/Apr/2025:14:55:51 -0400] "GET /how-to-find-a-24-7-locksmith-near-you/ HTTP/1.1" 200 10598 "https://sunquicksf.com" "Mozilla/5.0 (Windows NT 10.0; Win64; x64) AppleWebKit/537.36 (KHTML, like Gecko) Chrome/62.0.3202.94 Safari/537.36"
3.23.79.111 - - [14/Apr/2025:14:55:52 -0400] "GET /navigating-london-the-ultimate-guide-to-airport-taxis/ HTTP/1.1" 200 10052 "https://sunquicksf.com/post-sitemap2.xml" "Scrapy/2.12.0 (+https://scrapy.org)"
112.92.74.179 - - [14/Apr/2025:14:55:54 -0400] "POST /wp-comments-post.php HTTP/1.1" 302 0 "https://sunquicksf.com" "Mozilla/5.0 (Windows NT 10.0; Win64; x64) AppleWebKit/537.36 (KHTML, like Gecko) Chrome/62.0.3202.94 Safari/537.36"
51.222.253.14 - - [14/Apr/2025:14:55:56 -0400] "GET /connect-your-nintendo-switch-to-a-tv/ HTTP/1.1" 200 11802 "-" "Mozilla/5.0 (compatible; AhrefsBot/7.0; +http://ahrefs.com/robot/)"
3.23.79.111 - - [14/Apr/2025:14:55:56 -0400] "GET /habiller-votre-salon-avec-une-nappe-personnalisee/ HTTP/1.1" 200 10031 "https://sunquicksf.com/post-sitemap2.xml" "Scrapy/2.12.0 (+https://scrapy.org)"
112.92.74.179 - - [14/Apr/2025:14:55:58 -0400] "GET /how-to-find-a-24-7-locksmith-near-you/ HTTP/1.1" 200 11276 "https://sunquicksf.com" "Mozilla/4.0 (compatible; MSIE 6.0; Windows NT 5.1; en) Opera 8.50"
3.23.79.111 - - [14/Apr/2025:14:56:01 -0400] "GET /the-essential-guide-to-breast-pumps/ HTTP/1.1" 200 9986 "https://sunquicksf.com/post-sitemap2.xml" "Scrapy/2.12.0 (+https://scrapy.org)"
3.23.79.111 - - [14/Apr/2025:14:56:04 -0400] "GET /navigating-the-anyone-protocol-staking-dashboard-a-comprehensive-overview/ HTTP/1.1" 200 9875 "https://sunquicksf.com/post-sitemap2.xml" "Scrapy/2.12.0 (+https://scrapy.org)"
3.23.79.111 - - [14/Apr/2025:14:56:07 -0400] "GET /the-convenience-of-instant-hot-and-cold-water-dispensers/ HTTP/1.1" 200 9924 "https://sunquicksf.com/post-sitemap2.xml" "Scrapy/2.12.0 (+https://scrapy.org)"
3.23.79.111 - - [14/Apr/2025:14:56:11 -0400] "GET /the-world-of-unblocked-games-6x-a-gamers-paradise/ HTTP/1.1" 200 9989 "https://sunquicksf.com/post-sitemap2.xml" "Scrapy/2.12.0 (+https://scrapy.org)"
3.23.79.111 - - [14/Apr/2025:14:56:15 -0400] "GET /die-eleganz-der-moderne-hangelampen-fur-zeitgemases-wohnen/ HTTP/1.1" 200 10150 "https://sunquicksf.com/post-sitemap2.xml" "Scrapy/2.12.0 (+https://scrapy.org)"
3.23.79.111 - - [14/Apr/2025:14:56:20 -0400] "GET /introduction-to-unblocked-games-6x/ HTTP/1.1" 200 9797 "https://sunquicksf.com/post-sitemap2.xml" "Scrapy/2.12.0 (+https://scrapy.org)"
3.23.79.111 - - [14/Apr/2025:14:56:23 -0400] "GET /making-motherhood-easier/ HTTP/1.1" 200 10049 "https://sunquicksf.com/post-sitemap2.xml" "Scrapy/2.12.0 (+https://scrapy.org)"
3.23.79.111 - - [14/Apr/2025:14:56:28 -0400] "GET /home-car-wash-solutions/ HTTP/1.1" 200 9957 "https://sunquicksf.com/post-sitemap2.xml" "Scrapy/2.12.0 (+https://scrapy.org)"
3.23.79.111 - - [14/Apr/2025:14:56:32 -0400] "GET /the-ultimate-guide-to-shopping-for-prescription-glasses/ HTTP/1.1" 200 10068 "https://sunquicksf.com/post-sitemap2.xml" "Scrapy/2.12.0 (+https://scrapy.org)"
3.23.79.111 - - [14/Apr/2025:14:56:36 -0400] "GET /boiling-water-kitchen-taps/ HTTP/1.1" 200 9877 "https://sunquicksf.com/post-sitemap2.xml" "Scrapy/2.12.0 (+https://scrapy.org)"
3.23.79.111 - - [14/Apr/2025:14:56:40 -0400] "GET /navigating-the-world-of-online-prescription-glasses/ HTTP/1.1" 200 10017 "https://sunquicksf.com/post-sitemap2.xml" "Scrapy/2.12.0 (+https://scrapy.org)"
3.23.79.111 - - [14/Apr/2025:14:56:45 -0400] "GET /limpact-des-drapeaux-publicitaires-sur-la-visibilite/ HTTP/1.1" 200 10266 "https://sunquicksf.com/post-sitemap2.xml" "Scrapy/2.12.0 (+https://scrapy.org)"
3.23.79.111 - - [14/Apr/2025:14:56:49 -0400] "GET /la-publicite-par-drapeau-un-outil-visuel-efficace/ HTTP/1.1" 200 10070 "https://sunquicksf.com/post-sitemap2.xml" "Scrapy/2.12.0 (+https://scrapy.org)"
3.23.79.111 - - [14/Apr/2025:14:56:53 -0400] "GET /plan-your-taxes-efficiently-with-taxbuddys-advance-tax-calculator/ HTTP/1.1" 200 11505 "https://sunquicksf.com/post-sitemap2.xml" "Scrapy/2.12.0 (+https://scrapy.org)"
3.23.79.111 - - [14/Apr/2025:14:56:57 -0400] "GET /characters-that-define-the-game/ HTTP/1.1" 200 9973 "https://sunquicksf.com/post-sitemap2.xml" "Scrapy/2.12.0 (+https://scrapy.org)"
3.23.79.111 - - [14/Apr/2025:14:57:01 -0400] "GET /top-heroes-in-watcher-of-realms-the-ultimate-list/ HTTP/1.1" 200 9924 "https://sunquicksf.com/post-sitemap2.xml" "Scrapy/2.12.0 (+https://scrapy.org)"
3.23.79.111 - - [14/Apr/2025:14:57:03 -0400] "GET /exploring-homes-for-sale-in-sonoma-ca/ HTTP/1.1" 200 10106 "https://sunquicksf.com/post-sitemap2.xml" "Scrapy/2.12.0 (+https://scrapy.org)"
3.23.79.111 - - [14/Apr/2025:14:57:07 -0400] "GET /das-flaggengeschaft/ HTTP/1.1" 200 10754 "https://sunquicksf.com/post-sitemap.xml" "Scrapy/2.12.0 (+https://scrapy.org)"
119.28.52.89 - - [14/Apr/2025:14:57:07 -0400] "GET /rare-yugioh-trading-cards/ HTTP/1.1" 200 10585 "-" "Python/3.10 aiohttp/3.10.5"
3.23.79.111 - - [14/Apr/2025:14:57:12 -0400] "GET /deje-que-una-agencia-digital-promueva-su-negocio/ HTTP/1.1" 200 10857 "https://sunquicksf.com/post-sitemap.xml" "Scrapy/2.12.0 (+https://scrapy.org)"
3.23.79.111 - - [14/Apr/2025:14:57:16 -0400] "GET /how-much-to-replace-conservatory-roof/ HTTP/1.1" 200 10491 "https://sunquicksf.com/post-sitemap.xml" "Scrapy/2.12.0 (+https://scrapy.org)"
3.23.79.111 - - [14/Apr/2025:14:57:21 -0400] "GET /how-much-does-a-replacement-conservatory-roof-cost/ HTTP/1.1" 200 10643 "https://sunquicksf.com/post-sitemap.xml" "Scrapy/2.12.0 (+https://scrapy.org)"
198.54.114.83 - - [14/Apr/2025:14:57:26 -0400] "POST /wp-cron.php?doing_wp_cron=1744657045.0939190387725830078125 HTTP/1.1" 200 0 "-" "WordPress/6.7.2; https://sunquicksf.com"
3.23.79.111 - - [14/Apr/2025:14:57:24 -0400] "GET /a-bugatti-chiron-for-sale/ HTTP/1.1" 200 10783 "https://sunquicksf.com/post-sitemap.xml" "Scrapy/2.12.0 (+https://scrapy.org)"
3.23.79.111 - - [14/Apr/2025:14:58:05 -0400] "GET /why-commercial-locksmith-services-are-so-important/ HTTP/1.1" 200 10608 "https://sunquicksf.com/post-sitemap.xml" "Scrapy/2.12.0 (+https://scrapy.org)"
3.23.79.111 - - [14/Apr/2025:14:58:07 -0400] "GET /fruit-slot-games-feel-the-rush-of-adrenaline-on-your-body/ HTTP/1.1" 200 10487 "https://sunquicksf.com/post-sitemap.xml" "Scrapy/2.12.0 (+https://scrapy.org)"
3.23.79.111 - - [14/Apr/2025:14:58:10 -0400] "GET /the-best-place-to-buy-youtube-comments/ HTTP/1.1" 200 10738 "https://sunquicksf.com/post-sitemap.xml" "Scrapy/2.12.0 (+https://scrapy.org)"
3.23.79.111 - - [14/Apr/2025:14:58:13 -0400] "GET /buy-custom-youtube-comments/ HTTP/1.1" 200 10766 "https://sunquicksf.com/post-sitemap.xml" "Scrapy/2.12.0 (+https://scrapy.org)"
3.23.79.111 - - [14/Apr/2025:14:58:18 -0400] "GET /cheap-data-recovery/ HTTP/1.1" 200 11669 "https://sunquicksf.com/post-sitemap.xml" "Scrapy/2.12.0 (+https://scrapy.org)"
3.23.79.111 - - [14/Apr/2025:14:58:22 -0400] "GET /buy-leads-online/ HTTP/1.1" 200 10662 "https://sunquicksf.com/post-sitemap.xml" "Scrapy/2.12.0 (+https://scrapy.org)"
3.23.79.111 - - [14/Apr/2025:14:58:26 -0400] "GET /insurance-requirements/ HTTP/1.1" 200 10584 "https://sunquicksf.com/post-sitemap.xml" "Scrapy/2.12.0 (+https://scrapy.org)"
3.23.79.111 - - [14/Apr/2025:14:58:29 -0400] "GET /profit-recovery-partners-and-the-covid-19-public-health-emergency/ HTTP/1.1" 200 10505 "https://sunquicksf.com/post-sitemap.xml" "Scrapy/2.12.0 (+https://scrapy.org)"
3.23.79.111 - - [14/Apr/2025:14:58:33 -0400] "GET /fine-pitch-led-display/ HTTP/1.1" 200 10705 "https://sunquicksf.com/post-sitemap.xml" "Scrapy/2.12.0 (+https://scrapy.org)"
3.23.79.111 - - [14/Apr/2025:14:58:37 -0400] "GET /major-league-broadcasting-and-the-cord-cutter/ HTTP/1.1" 200 10544 "https://sunquicksf.com/post-sitemap.xml" "Scrapy/2.12.0 (+https://scrapy.org)"
3.23.79.111 - - [14/Apr/2025:14:58:40 -0400] "GET /how-to-choose-an-outdoor-led-display/ HTTP/1.1" 200 10553 "https://sunquicksf.com/post-sitemap.xml" "Scrapy/2.12.0 (+https://scrapy.org)"
3.23.79.111 - - [14/Apr/2025:14:58:45 -0400] "GET /socks-manufacturer/ HTTP/1.1" 200 10803 "https://sunquicksf.com/post-sitemap.xml" "Scrapy/2.12.0 (+https://scrapy.org)"
3.23.79.111 - - [14/Apr/2025:14:58:49 -0400] "GET /a-concise-history-of-knitting/ HTTP/1.1" 200 11013 "https://sunquicksf.com/post-sitemap.xml" "Scrapy/2.12.0 (+https://scrapy.org)"
3.23.79.111 - - [14/Apr/2025:14:58:53 -0400] "GET /buying-overseas-vacation-homes-how-to-purchase-your-dream-home/ HTTP/1.1" 200 11190 "https://sunquicksf.com/post-sitemap.xml" "Scrapy/2.12.0 (+https://scrapy.org)"
3.23.79.111 - - [14/Apr/2025:14:58:57 -0400] "GET /the-big-smoke/ HTTP/1.1" 200 11020 "https://sunquicksf.com/post-sitemap.xml" "Scrapy/2.12.0 (+https://scrapy.org)"
43.154.249.136 - - [14/Apr/2025:14:58:58 -0400] "GET /the-socks-factory/ HTTP/1.1" 200 10700 "-" "Python/3.10 aiohttp/3.10.5"
3.23.79.111 - - [14/Apr/2025:14:59:01 -0400] "GET /how-to-find-the-best-personal-injury-attorneys/ HTTP/1.1" 200 9990 "https://sunquicksf.com/post-sitemap.xml" "Scrapy/2.12.0 (+https://scrapy.org)"
3.23.79.111 - - [14/Apr/2025:14:59:04 -0400] "GET /womens-sandals-for-every-occasion/ HTTP/1.1" 200 10355 "https://sunquicksf.com/post-sitemap.xml" "Scrapy/2.12.0 (+https://scrapy.org)"
3.23.79.111 - - [14/Apr/2025:14:59:08 -0400] "GET /explore-the-charm-of-sonoma-homes/ HTTP/1.1" 200 10070 "https://sunquicksf.com/post-sitemap2.xml" "Scrapy/2.12.0 (+https://scrapy.org)"
3.23.79.111 - - [14/Apr/2025:14:59:11 -0400] "GET /paradiso-delle-vacanze-resort-sul-lago-di-garda/ HTTP/1.1" 200 10055 "https://sunquicksf.com/post-sitemap2.xml" "Scrapy/2.12.0 (+https://scrapy.org)"
3.23.79.111 - - [14/Apr/2025:14:59:16 -0400] "GET /discover-the-charm-of-resort-lake-garda/ HTTP/1.1" 200 10012 "https://sunquicksf.com/post-sitemap2.xml" "Scrapy/2.12.0 (+https://scrapy.org)"
3.23.79.111 - - [14/Apr/2025:14:59:22 -0400] "GET /unvergesslicher-urlaub-am-gardasee/ HTTP/1.1" 200 10009 "https://sunquicksf.com/post-sitemap2.xml" "Scrapy/2.12.0 (+https://scrapy.org)"
