3.23.79.111 - - [14/Apr/2025:15:17:31 -0400] "GET /established-los-angeles-guitar-store-reviews/ HTTP/1.1" 200 10801 "https://sunquicksf.com/post-sitemap.xml" "Scrapy/2.12.0 (+https://scrapy.org)"
3.23.79.111 - - [14/Apr/2025:15:17:36 -0400] "GET /all-about-ecommerce-product-photo-editing-solution/ HTTP/1.1" 200 10442 "https://sunquicksf.com/post-sitemap.xml" "Scrapy/2.12.0 (+https://scrapy.org)"
3.23.79.111 - - [14/Apr/2025:15:17:39 -0400] "GET /how-to-change-the-name-of-your-iphone/ HTTP/1.1" 200 12198 "https://sunquicksf.com/post-sitemap.xml" "Scrapy/2.12.0 (+https://scrapy.org)"
3.23.79.111 - - [14/Apr/2025:15:17:43 -0400] "GET /how-to-change-time-font-on-iphone/ HTTP/1.1" 200 12189 "https://sunquicksf.com/post-sitemap.xml" "Scrapy/2.12.0 (+https://scrapy.org)"
3.23.79.111 - - [14/Apr/2025:15:17:48 -0400] "GET /how-to-change-username-on-spotify/ HTTP/1.1" 200 12256 "https://sunquicksf.com/post-sitemap.xml" "Scrapy/2.12.0 (+https://scrapy.org)"
3.23.79.111 - - [14/Apr/2025:15:17:52 -0400] "GET /how-to-change-wallpaper-on-chromebook/ HTTP/1.1" 200 12543 "https://sunquicksf.com/post-sitemap.xml" "Scrapy/2.12.0 (+https://scrapy.org)"
3.23.79.111 - - [14/Apr/2025:15:17:55 -0400] "GET /how-to-choose-a-commercial-air-cleaner/ HTTP/1.1" 200 10645 "https://sunquicksf.com/post-sitemap.xml" "Scrapy/2.12.0 (+https://scrapy.org)"
3.23.79.111 - - [14/Apr/2025:15:17:59 -0400] "GET /using-brush-machine-factory-equipment-to-reduce-production-costs/ HTTP/1.1" 200 10720 "https://sunquicksf.com/post-sitemap.xml" "Scrapy/2.12.0 (+https://scrapy.org)"
51.222.253.18 - - [14/Apr/2025:15:18:02 -0400] "GET /choosing-a-fire-fighting-water-nozzle/feed/ HTTP/1.1" 304 0 "-" "Mozilla/5.0 (compatible; AhrefsBot/7.0; +http://ahrefs.com/robot/)"
3.23.79.111 - - [14/Apr/2025:15:18:03 -0400] "GET /how-to-file-a-tax-declaration/ HTTP/1.1" 200 10443 "https://sunquicksf.com/post-sitemap.xml" "Scrapy/2.12.0 (+https://scrapy.org)"
3.23.79.111 - - [14/Apr/2025:15:18:08 -0400] "GET /rationale-to-hire-a-newton-dui-lawyer/ HTTP/1.1" 200 10229 "https://sunquicksf.com/post-sitemap.xml" "Scrapy/2.12.0 (+https://scrapy.org)"
198.54.114.83 - - [14/Apr/2025:15:18:14 -0400] "POST /wp-cron.php?doing_wp_cron=1744658292.5428700447082519531250 HTTP/1.1" 200 0 "-" "WordPress/6.7.2; https://sunquicksf.com"
3.23.79.111 - - [14/Apr/2025:15:18:11 -0400] "GET /back-to-school-dresses-for-girls/ HTTP/1.1" 200 10674 "https://sunquicksf.com/post-sitemap.xml" "Scrapy/2.12.0 (+https://scrapy.org)"
3.23.79.111 - - [14/Apr/2025:15:18:16 -0400] "GET /what-is-the-best-multiroom-audio-system/ HTTP/1.1" 200 10645 "https://sunquicksf.com/post-sitemap.xml" "Scrapy/2.12.0 (+https://scrapy.org)"
3.23.79.111 - - [14/Apr/2025:15:18:21 -0400] "GET /how-does-tretinoin-work-on-acne-and-aging/ HTTP/1.1" 200 11313 "https://sunquicksf.com/post-sitemap.xml" "Scrapy/2.12.0 (+https://scrapy.org)"
3.23.79.111 - - [14/Apr/2025:15:19:00 -0400] "GET /voice-over-artists/ HTTP/1.1" 200 10640 "https://sunquicksf.com/post-sitemap.xml" "Scrapy/2.12.0 (+https://scrapy.org)"
3.23.79.111 - - [14/Apr/2025:15:19:03 -0400] "GET /plumbing-financing-for-bad-credit/ HTTP/1.1" 200 10524 "https://sunquicksf.com/post-sitemap.xml" "Scrapy/2.12.0 (+https://scrapy.org)"
3.23.79.111 - - [14/Apr/2025:15:19:08 -0400] "GET /small-business-loans-no-credit-check/ HTTP/1.1" 200 10156 "https://sunquicksf.com/post-sitemap.xml" "Scrapy/2.12.0 (+https://scrapy.org)"
198.54.114.83 - - [14/Apr/2025:15:19:16 -0400] "POST /wp-cron.php?doing_wp_cron=1744658355.9399940967559814453125 HTTP/1.1" 200 0 "-" "WordPress/6.7.2; https://sunquicksf.com"
3.23.79.111 - - [14/Apr/2025:15:19:15 -0400] "GET /secured-personal-loans-constructive-structuring-for-financial-success/ HTTP/1.1" 200 10713 "https://sunquicksf.com/post-sitemap.xml" "Scrapy/2.12.0 (+https://scrapy.org)"
3.23.79.111 - - [14/Apr/2025:15:19:20 -0400] "GET /led-screen-manufacturers/ HTTP/1.1" 200 10578 "https://sunquicksf.com/post-sitemap.xml" "Scrapy/2.12.0 (+https://scrapy.org)"
109.172.87.122 - - [14/Apr/2025:15:19:25 -0400] "GET /the-benefits-of-manufacturing-automation/ HTTP/1.1" 200 10594 "https://sunquicksf.com/the-benefits-of-manufacturing-automation/" "Mozilla/5.0 (Windows NT 10.0; Win64; x64) AppleWebKit/537.36 (KHTML, like Gecko) Chrome/131.0.0.0 Safari/537.36 Avast/131.0.0.0"
3.23.79.111 - - [14/Apr/2025:15:19:26 -0400] "GET /warum-sie-die-haufigsten-ratschlage-von-gitarrenlehrern-vergessen-sollten/ HTTP/1.1" 200 11646 "https://sunquicksf.com/post-sitemap.xml" "Scrapy/2.12.0 (+https://scrapy.org)"
109.172.87.122 - - [14/Apr/2025:15:19:32 -0400] "POST /wp-comments-post.php HTTP/1.1" 302 0 "https://sunquicksf.com/the-benefits-of-manufacturing-automation/" "Mozilla/5.0 (Windows NT 10.0; Win64; x64) AppleWebKit/537.36 (KHTML, like Gecko) Chrome/131.0.0.0 Safari/537.36 Avast/131.0.0.0"
3.23.79.111 - - [14/Apr/2025:15:19:34 -0400] "GET /online-iop-is-online-iop-the-right-option-for-you/ HTTP/1.1" 200 10637 "https://sunquicksf.com/post-sitemap.xml" "Scrapy/2.12.0 (+https://scrapy.org)"
109.172.87.122 - - [14/Apr/2025:15:19:37 -0400] "GET /the-benefits-of-manufacturing-automation/ HTTP/1.1" 200 6565 "https://sunquicksf.com/the-benefits-of-manufacturing-automation/#comment-50003" "Mozilla/5.0 (Windows NT 10.0; Win64; x64) AppleWebKit/537.36 (KHTML, like Gecko) Chrome/131.0.0.0 Safari/537.36 Avast/131.0.0.0"
3.23.79.111 - - [14/Apr/2025:15:19:38 -0400] "GET /where-to-buy-kratom/ HTTP/1.1" 200 9990 "https://sunquicksf.com/post-sitemap.xml" "Scrapy/2.12.0 (+https://scrapy.org)"
3.23.79.111 - - [14/Apr/2025:15:19:43 -0400] "GET /types-of-business-insurance/ HTTP/1.1" 200 10820 "https://sunquicksf.com/post-sitemap.xml" "Scrapy/2.12.0 (+https://scrapy.org)"
185.157.212.157 - - [14/Apr/2025:15:19:49 -0400] "GET /the-benefits-of-manufacturing-automation/ HTTP/1.1" 200 10594 "https://sunquicksf.com/the-benefits-of-manufacturing-automation/" "Mozilla/5.0 (Windows NT 10.0; Win64; x64) AppleWebKit/537.36 (KHTML, like Gecko) Chrome/130.0.0.0 Safari/537.36 CCleaner/130.0.0.0"
3.23.79.111 - - [14/Apr/2025:15:19:49 -0400] "GET /tips-for-credit-score-improvement/ HTTP/1.1" 200 10274 "https://sunquicksf.com/post-sitemap.xml" "Scrapy/2.12.0 (+https://scrapy.org)"
185.157.212.157 - - [14/Apr/2025:15:19:51 -0400] "POST /wp-comments-post.php HTTP/1.1" 302 0 "https://sunquicksf.com/the-benefits-of-manufacturing-automation/" "Mozilla/5.0 (Windows NT 10.0; Win64; x64) AppleWebKit/537.36 (KHTML, like Gecko) Chrome/130.0.0.0 Safari/537.36 CCleaner/130.0.0.0"
3.23.79.111 - - [14/Apr/2025:15:19:53 -0400] "GET /know-how-rebuilding-credit-score-makes-you-widely-benefited/ HTTP/1.1" 200 10988 "https://sunquicksf.com/post-sitemap.xml" "Scrapy/2.12.0 (+https://scrapy.org)"
185.157.212.157 - - [14/Apr/2025:15:19:56 -0400] "GET /the-benefits-of-manufacturing-automation/ HTTP/1.1" 200 11874 "https://sunquicksf.com/the-benefits-of-manufacturing-automation/#comment-50004" "Mozilla/5.0 (Windows NT 10.0; Win64; x64) AppleWebKit/537.36 (KHTML, like Gecko) Chrome/130.0.0.0 Safari/537.36 CCleaner/130.0.0.0"
3.23.79.111 - - [14/Apr/2025:15:19:58 -0400] "GET /is-fenbendazole-for-cancer-right-for-you/ HTTP/1.1" 200 10582 "https://sunquicksf.com/post-sitemap.xml" "Scrapy/2.12.0 (+https://scrapy.org)"
3.23.79.111 - - [14/Apr/2025:15:20:03 -0400] "GET /herbal-premature-ejaculation-remedies-to-prevent-early-discharge-of-semen/ HTTP/1.1" 200 10631 "https://sunquicksf.com/post-sitemap.xml" "Scrapy/2.12.0 (+https://scrapy.org)"
3.23.79.111 - - [14/Apr/2025:15:20:09 -0400] "GET /jden-capitaland-condominium/ HTTP/1.1" 200 10591 "https://sunquicksf.com/post-sitemap.xml" "Scrapy/2.12.0 (+https://scrapy.org)"
3.23.79.111 - - [14/Apr/2025:15:20:12 -0400] "GET /lakegarden-residences-a-perfect-blend-of-nature-and-modern-amenities/ HTTP/1.1" 200 10696 "https://sunquicksf.com/post-sitemap.xml" "Scrapy/2.12.0 (+https://scrapy.org)"
3.23.79.111 - - [14/Apr/2025:15:20:15 -0400] "GET /the-myst-a-narrative-of-sophisticated-living/ HTTP/1.1" 200 10524 "https://sunquicksf.com/post-sitemap.xml" "Scrapy/2.12.0 (+https://scrapy.org)"
3.23.79.111 - - [14/Apr/2025:15:20:19 -0400] "GET /rv-detailers-in-my-area/ HTTP/1.1" 200 10397 "https://sunquicksf.com/post-sitemap.xml" "Scrapy/2.12.0 (+https://scrapy.org)"
3.23.79.111 - - [14/Apr/2025:15:20:23 -0400] "GET /how-to-buy-youtube-watch-hours/ HTTP/1.1" 200 10227 "https://sunquicksf.com/post-sitemap.xml" "Scrapy/2.12.0 (+https://scrapy.org)"
3.23.79.111 - - [14/Apr/2025:15:20:27 -0400] "GET /youtubes-test-tube-what-is-it/ HTTP/1.1" 200 10651 "https://sunquicksf.com/post-sitemap.xml" "Scrapy/2.12.0 (+https://scrapy.org)"
3.23.79.111 - - [14/Apr/2025:15:20:29 -0400] "GET /7-tipps-zur-pflege-ihrer-zahnimplantate/ HTTP/1.1" 200 11331 "https://sunquicksf.com/post-sitemap.xml" "Scrapy/2.12.0 (+https://scrapy.org)"
51.222.253.4 - - [14/Apr/2025:15:20:30 -0400] "GET /what-is-complementary-health/ HTTP/1.1" 200 9939 "-" "Mozilla/5.0 (compatible; AhrefsBot/7.0; +http://ahrefs.com/robot/)"
124.156.110.185 - - [14/Apr/2025:15:20:31 -0400] "GET /how-to-leave-life360-without-the-others-knowing/ HTTP/1.1" 200 12473 "-" "Python/3.10 aiohttp/3.10.5"
3.23.79.111 - - [14/Apr/2025:15:20:32 -0400] "GET /pine-tree-hill-elementary-school/ HTTP/1.1" 200 10042 "https://sunquicksf.com/post-sitemap.xml" "Scrapy/2.12.0 (+https://scrapy.org)"
3.23.79.111 - - [14/Apr/2025:15:20:36 -0400] "GET /limportance-de-porter-des-chaussures-confortables/ HTTP/1.1" 200 11090 "https://sunquicksf.com/post-sitemap.xml" "Scrapy/2.12.0 (+https://scrapy.org)"
3.23.79.111 - - [14/Apr/2025:15:20:39 -0400] "GET /explore-the-ocean-with-a-boat-rental-in-bali/ HTTP/1.1" 200 10703 "https://sunquicksf.com/post-sitemap.xml" "Scrapy/2.12.0 (+https://scrapy.org)"
3.23.79.111 - - [14/Apr/2025:15:20:42 -0400] "GET /troi-torain-a-controversial-hip-hop-celebrity/ HTTP/1.1" 200 10388 "https://sunquicksf.com/post-sitemap.xml" "Scrapy/2.12.0 (+https://scrapy.org)"
3.23.79.111 - - [14/Apr/2025:15:20:48 -0400] "GET /the-benefits-of-an-industrial-air-purifier/ HTTP/1.1" 200 10707 "https://sunquicksf.com/post-sitemap.xml" "Scrapy/2.12.0 (+https://scrapy.org)"
3.23.79.111 - - [14/Apr/2025:15:20:52 -0400] "GET /how-to-build-an-enterprise-intranet-to-foster-collaboration-in-the-digital-workplace/ HTTP/1.1" 200 12114 "https://sunquicksf.com/post-sitemap.xml" "Scrapy/2.12.0 (+https://scrapy.org)"
3.23.79.111 - - [14/Apr/2025:15:20:57 -0400] "GET /the-data-center-temperature-debate/ HTTP/1.1" 200 11315 "https://sunquicksf.com/post-sitemap.xml" "Scrapy/2.12.0 (+https://scrapy.org)"
3.23.79.111 - - [14/Apr/2025:15:21:02 -0400] "GET /the-advantages-and-disadvantages-of-insert-molding/ HTTP/1.1" 200 10603 "https://sunquicksf.com/post-sitemap.xml" "Scrapy/2.12.0 (+https://scrapy.org)"
5.196.78.175 - - [14/Apr/2025:15:21:05 -0400] "GET /why-you-should-leave-heat-pump-repair-to-the-pros/ HTTP/1.1" 200 9938 "-" "Mozilla/5.0 (X11; Ubuntu; Linux x86_64; rv:114.0) Gecko/20100101 Firefox/114.0"
3.23.79.111 - - [14/Apr/2025:15:21:06 -0400] "GET /what-is-a-belt-cutting-machine/ HTTP/1.1" 200 10460 "https://sunquicksf.com/post-sitemap.xml" "Scrapy/2.12.0 (+https://scrapy.org)"
3.23.79.111 - - [14/Apr/2025:15:21:09 -0400] "GET /how-to-find-a-window-tinting-service/ HTTP/1.1" 200 10449 "https://sunquicksf.com/post-sitemap.xml" "Scrapy/2.12.0 (+https://scrapy.org)"
3.23.79.111 - - [14/Apr/2025:15:21:12 -0400] "GET /unique-gifts-for-cyclists/ HTTP/1.1" 200 10636 "https://sunquicksf.com/post-sitemap.xml" "Scrapy/2.12.0 (+https://scrapy.org)"
3.23.79.111 - - [14/Apr/2025:15:21:16 -0400] "GET /junk-in-the-trunk-vintage-market-apporte-un-noel-vintage-a-la-icehouse-le-10-novembre/ HTTP/1.1" 200 11132 "https://sunquicksf.com/post-sitemap.xml" "Scrapy/2.12.0 (+https://scrapy.org)"
3.23.79.111 - - [14/Apr/2025:15:21:19 -0400] "GET /the-hill-at-one-north/ HTTP/1.1" 200 10496 "https://sunquicksf.com/post-sitemap.xml" "Scrapy/2.12.0 (+https://scrapy.org)"
3.23.79.111 - - [14/Apr/2025:15:21:22 -0400] "GET /aura-review-the-best-mindfulness-app/ HTTP/1.1" 200 10525 "https://sunquicksf.com/post-sitemap.xml" "Scrapy/2.12.0 (+https://scrapy.org)"
3.23.79.111 - - [14/Apr/2025:15:21:25 -0400] "GET /holistic-and-alternative-medicine-at-austin-preferred/ HTTP/1.1" 200 9990 "https://sunquicksf.com/post-sitemap.xml" "Scrapy/2.12.0 (+https://scrapy.org)"
3.23.79.111 - - [14/Apr/2025:15:21:31 -0400] "GET /tembusu-grand-the-evergreen-of-district-15/ HTTP/1.1" 200 10495 "https://sunquicksf.com/post-sitemap.xml" "Scrapy/2.12.0 (+https://scrapy.org)"
3.23.79.111 - - [14/Apr/2025:15:21:36 -0400] "GET /mk-sales-bag-uk-2/ HTTP/1.1" 200 9978 "https://sunquicksf.com/post-sitemap.xml" "Scrapy/2.12.0 (+https://scrapy.org)"
3.23.79.111 - - [14/Apr/2025:15:21:39 -0400] "GET /wellness-and-spa-a-business-opportunity-thats-both-lucrative-and-satisfying/ HTTP/1.1" 200 10173 "https://sunquicksf.com/post-sitemap.xml" "Scrapy/2.12.0 (+https://scrapy.org)"
101.32.178.116 - - [14/Apr/2025:15:21:39 -0400] "GET /what-are-the-characteristics-of-counter-depth-refrigerators/ HTTP/1.1" 200 10718 "-" "Python/3.10 aiohttp/3.10.5"
3.23.79.111 - - [14/Apr/2025:15:21:42 -0400] "GET /a-first-visit-to-lake-garda/ HTTP/1.1" 200 10013 "https://sunquicksf.com/post-sitemap.xml" "Scrapy/2.12.0 (+https://scrapy.org)"
3.23.79.111 - - [14/Apr/2025:15:21:45 -0400] "GET /gina-approved-curly-hair-specialist/ HTTP/1.1" 200 10179 "https://sunquicksf.com/post-sitemap.xml" "Scrapy/2.12.0 (+https://scrapy.org)"
3.23.79.111 - - [14/Apr/2025:15:21:50 -0400] "GET /the-continuum-thiam-siew-in-district-15/ HTTP/1.1" 200 10094 "https://sunquicksf.com/post-sitemap.xml" "Scrapy/2.12.0 (+https://scrapy.org)"
3.23.79.111 - - [14/Apr/2025:15:21:54 -0400] "GET /lentor-hills-residences/ HTTP/1.1" 200 9965 "https://sunquicksf.com/post-sitemap.xml" "Scrapy/2.12.0 (+https://scrapy.org)"
3.23.79.111 - - [14/Apr/2025:15:21:59 -0400] "GET /grand-dunman-the-newest-mega-new-launch-condo-in-2023/ HTTP/1.1" 200 9978 "https://sunquicksf.com/post-sitemap.xml" "Scrapy/2.12.0 (+https://scrapy.org)"
3.23.79.111 - - [14/Apr/2025:15:22:03 -0400] "GET /german-classes-london/ HTTP/1.1" 200 9925 "https://sunquicksf.com/post-sitemap.xml" "Scrapy/2.12.0 (+https://scrapy.org)"
3.23.79.111 - - [14/Apr/2025:15:22:08 -0400] "GET /small-business-loans-with-no-credit-check-is-it-possible/ HTTP/1.1" 200 10663 "https://sunquicksf.com/post-sitemap.xml" "Scrapy/2.12.0 (+https://scrapy.org)"
3.23.79.111 - - [14/Apr/2025:15:22:12 -0400] "GET /the-botany-at-dairy-farm/ HTTP/1.1" 200 9915 "https://sunquicksf.com/post-sitemap.xml" "Scrapy/2.12.0 (+https://scrapy.org)"
3.23.79.111 - - [14/Apr/2025:15:22:15 -0400] "GET /the-myth-about-reserve-residences/ HTTP/1.1" 200 10164 "https://sunquicksf.com/post-sitemap.xml" "Scrapy/2.12.0 (+https://scrapy.org)"
3.23.79.111 - - [14/Apr/2025:15:22:19 -0400] "GET /how-to-recognize-and-overcome-your-fears/ HTTP/1.1" 200 10624 "https://sunquicksf.com/post-sitemap.xml" "Scrapy/2.12.0 (+https://scrapy.org)"
162.0.229.102 - - [14/Apr/2025:15:22:23 -0400] "GET / HTTP/1.1" 200 77991 "-" "Mozilla/5.0 (Windows NT 10.0; Win64; x64; rv:122.0) Gecko/20100101 Firefox/122.0"
3.23.79.111 - - [14/Apr/2025:15:22:23 -0400] "GET /mindfulness-based-marriage-couples-therapy-boulder-colorado/ HTTP/1.1" 200 10933 "https://sunquicksf.com/post-sitemap.xml" "Scrapy/2.12.0 (+https://scrapy.org)"
3.23.79.111 - - [14/Apr/2025:15:22:28 -0400] "GET /hypnosis-san-diego/ HTTP/1.1" 200 10006 "https://sunquicksf.com/post-sitemap.xml" "Scrapy/2.12.0 (+https://scrapy.org)"
3.23.79.111 - - [14/Apr/2025:15:22:34 -0400] "GET /find-a-sex-therapist-in-san-diego-or-marriage-and-family-therapists-in-san-diego/ HTTP/1.1" 200 10193 "https://sunquicksf.com/post-sitemap.xml" "Scrapy/2.12.0 (+https://scrapy.org)"
51.222.253.11 - - [14/Apr/2025:15:22:34 -0400] "GET /online-gambling-goes-hi-tech/feed/ HTTP/1.1" 200 388 "-" "Mozilla/5.0 (compatible; AhrefsBot/7.0; +http://ahrefs.com/robot/)"
3.23.79.111 - - [14/Apr/2025:15:22:39 -0400] "GET /the-arden-a-special-place-to-live/ HTTP/1.1" 200 10240 "https://sunquicksf.com/post-sitemap.xml" "Scrapy/2.12.0 (+https://scrapy.org)"
3.23.79.111 - - [14/Apr/2025:15:22:41 -0400] "GET /kayak-rental-pensacola/ HTTP/1.1" 200 9987 "https://sunquicksf.com/post-sitemap.xml" "Scrapy/2.12.0 (+https://scrapy.org)"
3.23.79.111 - - [14/Apr/2025:15:22:46 -0400] "GET /car-warranty-explained/ HTTP/1.1" 200 10000 "https://sunquicksf.com/post-sitemap.xml" "Scrapy/2.12.0 (+https://scrapy.org)"
3.23.79.111 - - [14/Apr/2025:15:22:50 -0400] "GET /what-does-extended-warranty-cover-on-a-car/ HTTP/1.1" 200 10753 "https://sunquicksf.com/post-sitemap.xml" "Scrapy/2.12.0 (+https://scrapy.org)"
3.23.79.111 - - [14/Apr/2025:15:22:53 -0400] "GET /the-landmark-condo-in-downtown-atlanta/ HTTP/1.1" 200 10256 "https://sunquicksf.com/post-sitemap.xml" "Scrapy/2.12.0 (+https://scrapy.org)"
3.23.79.111 - - [14/Apr/2025:15:22:57 -0400] "GET /one-bernam-a-new-mixed-distribution-development-in-the-cbd/ HTTP/1.1" 200 10079 "https://sunquicksf.com/post-sitemap.xml" "Scrapy/2.12.0 (+https://scrapy.org)"
3.23.79.111 - - [14/Apr/2025:15:23:02 -0400] "GET /what-is-complementary-health/ HTTP/1.1" 200 9942 "https://sunquicksf.com/post-sitemap.xml" "Scrapy/2.12.0 (+https://scrapy.org)"
3.23.79.111 - - [14/Apr/2025:15:23:06 -0400] "GET /free-file-transfers-to-help-send-large-files/ HTTP/1.1" 200 10488 "https://sunquicksf.com/post-sitemap.xml" "Scrapy/2.12.0 (+https://scrapy.org)"
3.23.79.111 - - [14/Apr/2025:15:23:12 -0400] "GET /reserver-un-artiste-photographe-a-geneve/ HTTP/1.1" 200 11014 "https://sunquicksf.com/post-sitemap.xml" "Scrapy/2.12.0 (+https://scrapy.org)"
3.23.79.111 - - [14/Apr/2025:15:23:16 -0400] "GET /how-to-send-big-files-without-running-into-email-attachment-limits/ HTTP/1.1" 200 10515 "https://sunquicksf.com/post-sitemap.xml" "Scrapy/2.12.0 (+https://scrapy.org)"
3.23.79.111 - - [14/Apr/2025:15:23:20 -0400] "GET /what-are-shoes-and-how-are-they-constructed/ HTTP/1.1" 200 9970 "https://sunquicksf.com/post-sitemap.xml" "Scrapy/2.12.0 (+https://scrapy.org)"
3.23.79.111 - - [14/Apr/2025:15:23:23 -0400] "GET /zip-hot-water-filtered-drinking-water-systems-for-homes-and-businesses/ HTTP/1.1" 200 10079 "https://sunquicksf.com/post-sitemap.xml" "Scrapy/2.12.0 (+https://scrapy.org)"
3.23.79.111 - - [14/Apr/2025:15:23:26 -0400] "GET /select-the-best-women-socks/ HTTP/1.1" 200 10158 "https://sunquicksf.com/post-sitemap.xml" "Scrapy/2.12.0 (+https://scrapy.org)"
3.23.79.111 - - [14/Apr/2025:15:23:30 -0400] "GET /kokomo-indiana-home-to-stellantis-and-samsungs-first-north-american-electric-vehicle-battery-plant/ HTTP/1.1" 200 10025 "https://sunquicksf.com/post-sitemap.xml" "Scrapy/2.12.0 (+https://scrapy.org)"
3.23.79.111 - - [14/Apr/2025:15:23:33 -0400] "GET /how-custom-team-socks-can-unify-your-team/ HTTP/1.1" 200 10356 "https://sunquicksf.com/post-sitemap.xml" "Scrapy/2.12.0 (+https://scrapy.org)"
3.23.79.111 - - [14/Apr/2025:15:23:37 -0400] "GET /wordle-answers-how-to-guess-a-five-letter-word/ HTTP/1.1" 200 10132 "https://sunquicksf.com/post-sitemap.xml" "Scrapy/2.12.0 (+https://scrapy.org)"
3.23.79.111 - - [14/Apr/2025:15:23:39 -0400] "GET /for-the-treatment-of-cancer-know-the-advanced-treatment-of-cancer/ HTTP/1.1" 200 10132 "https://sunquicksf.com/post-sitemap.xml" "Scrapy/2.12.0 (+https://scrapy.org)"
3.23.79.111 - - [14/Apr/2025:15:23:42 -0400] "GET /the-benefits-of-rubber-runner-rugs/ HTTP/1.1" 200 10170 "https://sunquicksf.com/post-sitemap.xml" "Scrapy/2.12.0 (+https://scrapy.org)"
3.23.79.111 - - [14/Apr/2025:15:23:44 -0400] "GET /buy-peptides-from-a-reputable-vendor/ HTTP/1.1" 200 9998 "https://sunquicksf.com/post-sitemap.xml" "Scrapy/2.12.0 (+https://scrapy.org)"
3.23.79.111 - - [14/Apr/2025:15:23:47 -0400] "GET /fenben-lab-fenbendazol/ HTTP/1.1" 200 10614 "https://sunquicksf.com/post-sitemap.xml" "Scrapy/2.12.0 (+https://scrapy.org)"
3.23.79.111 - - [14/Apr/2025:15:23:50 -0400] "GET /the-fertility-centre-dubai-can-help-you-get-pregnant/ HTTP/1.1" 200 10659 "https://sunquicksf.com/post-sitemap.xml" "Scrapy/2.12.0 (+https://scrapy.org)"
3.23.79.111 - - [14/Apr/2025:15:23:53 -0400] "GET /womens-clothing-is-a-big-business/ HTTP/1.1" 200 10140 "https://sunquicksf.com/post-sitemap.xml" "Scrapy/2.12.0 (+https://scrapy.org)"
3.23.79.111 - - [14/Apr/2025:15:23:56 -0400] "GET /mediation-services/ HTTP/1.1" 200 10052 "https://sunquicksf.com/post-sitemap.xml" "Scrapy/2.12.0 (+https://scrapy.org)"
3.23.79.111 - - [14/Apr/2025:15:24:00 -0400] "GET /benefits-of-a-divorce-mediation-service/ HTTP/1.1" 200 9885 "https://sunquicksf.com/post-sitemap.xml" "Scrapy/2.12.0 (+https://scrapy.org)"
3.23.79.111 - - [14/Apr/2025:15:24:03 -0400] "GET /peptides-what-are-they/ HTTP/1.1" 200 11554 "https://sunquicksf.com/post-sitemap.xml" "Scrapy/2.12.0 (+https://scrapy.org)"
3.23.79.111 - - [14/Apr/2025:15:24:06 -0400] "GET /ifc-solutions-natural-food-colors-as-a-substitute-for-synthetic-dye/ HTTP/1.1" 200 10126 "https://sunquicksf.com/post-sitemap.xml" "Scrapy/2.12.0 (+https://scrapy.org)"
3.23.79.111 - - [14/Apr/2025:15:24:09 -0400] "GET /brutal-force-sarms-for-sale/ HTTP/1.1" 200 10057 "https://sunquicksf.com/post-sitemap.xml" "Scrapy/2.12.0 (+https://scrapy.org)"
150.109.40.196 - - [14/Apr/2025:15:24:11 -0400] "GET /the-lakegarden-floor-plan/ HTTP/1.1" 200 10489 "-" "Python/3.10 aiohttp/3.10.5"
3.23.79.111 - - [14/Apr/2025:15:24:12 -0400] "GET /catamaran-tulum-explore-the-mayan-ruins-by-catamaran/ HTTP/1.1" 200 10061 "https://sunquicksf.com/post-sitemap.xml" "Scrapy/2.12.0 (+https://scrapy.org)"
3.23.79.111 - - [14/Apr/2025:15:24:16 -0400] "GET /what-are-sarm-stacks/ HTTP/1.1" 200 9979 "https://sunquicksf.com/post-sitemap.xml" "Scrapy/2.12.0 (+https://scrapy.org)"
3.23.79.111 - - [14/Apr/2025:15:24:20 -0400] "GET /the-best-curly-hairdresser-in-melbourne/ HTTP/1.1" 200 10019 "https://sunquicksf.com/post-sitemap.xml" "Scrapy/2.12.0 (+https://scrapy.org)"
3.23.79.111 - - [14/Apr/2025:15:24:27 -0400] "GET /mediation-process/ HTTP/1.1" 200 10028 "https://sunquicksf.com/post-sitemap.xml" "Scrapy/2.12.0 (+https://scrapy.org)"
3.23.79.111 - - [14/Apr/2025:15:24:30 -0400] "GET /comment-choisir-un-photographe-familial/ HTTP/1.1" 200 10875 "https://sunquicksf.com/post-sitemap.xml" "Scrapy/2.12.0 (+https://scrapy.org)"
3.23.79.111 - - [14/Apr/2025:15:24:34 -0400] "GET /wholesale-plumbing-supplies-indicted-for-price-fixing/ HTTP/1.1" 200 10140 "https://sunquicksf.com/post-sitemap.xml" "Scrapy/2.12.0 (+https://scrapy.org)"
3.23.79.111 - - [14/Apr/2025:15:24:37 -0400] "GET /funny-pick-up-lines-that-will-make-her-laugh/ HTTP/1.1" 200 9977 "https://sunquicksf.com/post-sitemap.xml" "Scrapy/2.12.0 (+https://scrapy.org)"
3.23.79.111 - - [14/Apr/2025:15:24:42 -0400] "GET /top-5-best-coffeeshops/ HTTP/1.1" 200 10159 "https://sunquicksf.com/post-sitemap.xml" "Scrapy/2.12.0 (+https://scrapy.org)"
3.23.79.111 - - [14/Apr/2025:15:24:46 -0400] "GET /diy-home-flooring-improvement-building-a-floor-deck/ HTTP/1.1" 200 10584 "https://sunquicksf.com/post-sitemap.xml" "Scrapy/2.12.0 (+https://scrapy.org)"
3.23.79.111 - - [14/Apr/2025:15:24:50 -0400] "GET /understanding-us-bolts/ HTTP/1.1" 200 10395 "https://sunquicksf.com/post-sitemap.xml" "Scrapy/2.12.0 (+https://scrapy.org)"
51.222.253.3 - - [14/Apr/2025:15:24:50 -0400] "GET /free-file-transfers-to-help-send-large-files/feed/ HTTP/1.1" 304 0 "-" "Mozilla/5.0 (compatible; AhrefsBot/7.0; +http://ahrefs.com/robot/)"
3.23.79.111 - - [14/Apr/2025:15:24:54 -0400] "GET /what-does-a-creative-director-do/ HTTP/1.1" 200 9980 "https://sunquicksf.com/post-sitemap.xml" "Scrapy/2.12.0 (+https://scrapy.org)"
3.23.79.111 - - [14/Apr/2025:15:24:57 -0400] "GET /4-employee-communication-apps-to-keep-your-employees-connected/ HTTP/1.1" 200 11286 "https://sunquicksf.com/post-sitemap.xml" "Scrapy/2.12.0 (+https://scrapy.org)"
3.23.79.111 - - [14/Apr/2025:15:25:00 -0400] "GET /online-gitarrenkurs/ HTTP/1.1" 200 10283 "https://sunquicksf.com/post-sitemap.xml" "Scrapy/2.12.0 (+https://scrapy.org)"
3.23.79.111 - - [14/Apr/2025:15:25:02 -0400] "GET /die-funf-gitarrenubungsgewohnheiten-die-sie-zu-einem-besseren-gitarristen-machen/ HTTP/1.1" 200 11225 "https://sunquicksf.com/post-sitemap.xml" "Scrapy/2.12.0 (+https://scrapy.org)"
3.23.79.111 - - [14/Apr/2025:15:25:05 -0400] "GET /how-to-change-name-on-tinder/ HTTP/1.1" 200 11628 "https://sunquicksf.com/post-sitemap.xml" "Scrapy/2.12.0 (+https://scrapy.org)"
3.23.79.111 - - [14/Apr/2025:15:25:09 -0400] "GET /how-to-change-page-color-in-google-docs/ HTTP/1.1" 200 11398 "https://sunquicksf.com/post-sitemap.xml" "Scrapy/2.12.0 (+https://scrapy.org)"
3.23.79.111 - - [14/Apr/2025:15:25:12 -0400] "GET /how-to-change-roblox-username/ HTTP/1.1" 200 11643 "https://sunquicksf.com/post-sitemap.xml" "Scrapy/2.12.0 (+https://scrapy.org)"
3.23.79.111 - - [14/Apr/2025:15:25:14 -0400] "GET /how-to-change-ps5-background/ HTTP/1.1" 200 11455 "https://sunquicksf.com/post-sitemap.xml" "Scrapy/2.12.0 (+https://scrapy.org)"
43.154.133.154 - - [14/Apr/2025:15:25:17 -0400] "GET /find-a-sex-therapist-in-san-diego-or-marriage-and-family-therapists-in-san-diego/ HTTP/1.1" 200 10193 "-" "Python/3.10 aiohttp/3.10.5"
3.23.79.111 - - [14/Apr/2025:15:25:17 -0400] "GET /enviar-flores-online/ HTTP/1.1" 200 9908 "https://sunquicksf.com/post-sitemap.xml" "Scrapy/2.12.0 (+https://scrapy.org)"
3.23.79.111 - - [14/Apr/2025:15:25:20 -0400] "GET /become-an-ncfe-cache-level-3-early-years-educator/ HTTP/1.1" 200 10516 "https://sunquicksf.com/post-sitemap.xml" "Scrapy/2.12.0 (+https://scrapy.org)"
3.23.79.111 - - [14/Apr/2025:15:25:23 -0400] "GET /philippines-visa-processing/ HTTP/1.1" 200 10837 "https://sunquicksf.com/post-sitemap.xml" "Scrapy/2.12.0 (+https://scrapy.org)"
3.23.79.111 - - [14/Apr/2025:15:25:25 -0400] "GET /thailand-long-stay-visa-options/ HTTP/1.1" 200 10648 "https://sunquicksf.com/post-sitemap.xml" "Scrapy/2.12.0 (+https://scrapy.org)"
3.23.79.111 - - [14/Apr/2025:15:25:27 -0400] "GET /steps-to-finding-dependable-online-casinos/ HTTP/1.1" 200 10114 "https://sunquicksf.com/post-sitemap.xml" "Scrapy/2.12.0 (+https://scrapy.org)"
3.23.79.111 - - [14/Apr/2025:15:25:29 -0400] "GET /online-casino-games/ HTTP/1.1" 200 11973 "https://sunquicksf.com/post-sitemap.xml" "Scrapy/2.12.0 (+https://scrapy.org)"
3.23.79.111 - - [14/Apr/2025:15:25:32 -0400] "GET /muscle-strengthening-exercises-for-a-better-nights-sleep/ HTTP/1.1" 200 10367 "https://sunquicksf.com/post-sitemap.xml" "Scrapy/2.12.0 (+https://scrapy.org)"
3.23.79.111 - - [14/Apr/2025:15:25:34 -0400] "GET /marks-and-spencer-ladies-jumpers-and-cardigans/ HTTP/1.1" 200 10296 "https://sunquicksf.com/post-sitemap.xml" "Scrapy/2.12.0 (+https://scrapy.org)"
3.23.79.111 - - [14/Apr/2025:15:25:38 -0400] "GET /protein-essential-components-of-muscle-building-supplements/ HTTP/1.1" 200 10339 "https://sunquicksf.com/post-sitemap.xml" "Scrapy/2.12.0 (+https://scrapy.org)"
3.23.79.111 - - [14/Apr/2025:15:25:40 -0400] "GET /identify-the-best-online-gambling-sites/ HTTP/1.1" 200 10433 "https://sunquicksf.com/post-sitemap.xml" "Scrapy/2.12.0 (+https://scrapy.org)"
3.23.79.111 - - [14/Apr/2025:15:25:42 -0400] "GET /types-de-crochets-muraux-decoratifs/ HTTP/1.1" 200 10371 "https://sunquicksf.com/post-sitemap.xml" "Scrapy/2.12.0 (+https://scrapy.org)"
3.23.79.111 - - [14/Apr/2025:15:25:44 -0400] "GET /audit-engagement-letter-sample/ HTTP/1.1" 200 9974 "https://sunquicksf.com/post-sitemap.xml" "Scrapy/2.12.0 (+https://scrapy.org)"
3.23.79.111 - - [14/Apr/2025:15:25:47 -0400] "GET /die-10-besten-ideen-fur-individualisierungsboxen-fur-ihre-produkte/ HTTP/1.1" 200 10826 "https://sunquicksf.com/post-sitemap.xml" "Scrapy/2.12.0 (+https://scrapy.org)"
3.23.79.111 - - [14/Apr/2025:15:25:48 -0400] "GET /mit-kunstlichen-blumen-konnen-sie-wertvolles-geld-sparen/ HTTP/1.1" 200 10496 "https://sunquicksf.com/post-sitemap.xml" "Scrapy/2.12.0 (+https://scrapy.org)"
3.23.79.111 - - [14/Apr/2025:15:25:50 -0400] "GET /magicien-paris/ HTTP/1.1" 200 9581 "https://sunquicksf.com/post-sitemap.xml" "Scrapy/2.12.0 (+https://scrapy.org)"
3.23.79.111 - - [14/Apr/2025:15:25:52 -0400] "GET /un-examen-de-la-pantoufle-yeezy/ HTTP/1.1" 200 10195 "https://sunquicksf.com/post-sitemap.xml" "Scrapy/2.12.0 (+https://scrapy.org)"
3.23.79.111 - - [14/Apr/2025:15:25:54 -0400] "GET /cavity-insulation-energy-efficient-way-to-reduce-your-heating-bills/ HTTP/1.1" 200 10070 "https://sunquicksf.com/post-sitemap.xml" "Scrapy/2.12.0 (+https://scrapy.org)"
3.23.79.111 - - [14/Apr/2025:15:25:56 -0400] "GET /novacare-rehabilitation-in-belden-village-offers-inpatient-and-outpatient-physical-therapy/ HTTP/1.1" 200 9888 "https://sunquicksf.com/post-sitemap.xml" "Scrapy/2.12.0 (+https://scrapy.org)"
3.23.79.111 - - [14/Apr/2025:15:25:58 -0400] "GET /benefits-of-ithmid/ HTTP/1.1" 200 10055 "https://sunquicksf.com/post-sitemap.xml" "Scrapy/2.12.0 (+https://scrapy.org)"
3.23.79.111 - - [14/Apr/2025:15:26:01 -0400] "GET /12-essential-oils-for-adhd-and-add/ HTTP/1.1" 200 10190 "https://sunquicksf.com/post-sitemap.xml" "Scrapy/2.12.0 (+https://scrapy.org)"
3.23.79.111 - - [14/Apr/2025:15:26:03 -0400] "GET /die-19-besten-rezepte-fur-erfrischende-getranke-selbstgemacht-und-gesund/ HTTP/1.1" 200 10254 "https://sunquicksf.com/post-sitemap.xml" "Scrapy/2.12.0 (+https://scrapy.org)"
3.23.79.111 - - [14/Apr/2025:15:26:05 -0400] "GET /how-to-plan-your-trip/ HTTP/1.1" 200 11436 "https://sunquicksf.com/post-sitemap.xml" "Scrapy/2.12.0 (+https://scrapy.org)"
3.23.79.111 - - [14/Apr/2025:15:26:07 -0400] "GET /italiancrown-les-meilleures-chemises-elegantes-pour-hommes/ HTTP/1.1" 200 10211 "https://sunquicksf.com/post-sitemap.xml" "Scrapy/2.12.0 (+https://scrapy.org)"
3.23.79.111 - - [14/Apr/2025:15:26:09 -0400] "GET /spells-for-obsession-how-to-use-a-honey-jar-love-spell/ HTTP/1.1" 200 9952 "https://sunquicksf.com/post-sitemap.xml" "Scrapy/2.12.0 (+https://scrapy.org)"
3.23.79.111 - - [14/Apr/2025:15:26:11 -0400] "GET /german-lessons-near-me/ HTTP/1.1" 200 9951 "https://sunquicksf.com/post-sitemap.xml" "Scrapy/2.12.0 (+https://scrapy.org)"
3.23.79.111 - - [14/Apr/2025:15:26:13 -0400] "GET /choosing-a-lawyer/ HTTP/1.1" 200 10171 "https://sunquicksf.com/post-sitemap.xml" "Scrapy/2.12.0 (+https://scrapy.org)"
3.23.79.111 - - [14/Apr/2025:15:26:15 -0400] "GET /types-of-modern-interior-doors/ HTTP/1.1" 200 9912 "https://sunquicksf.com/post-sitemap.xml" "Scrapy/2.12.0 (+https://scrapy.org)"
3.23.79.111 - - [14/Apr/2025:15:26:18 -0400] "GET /seadoo-jetski-a-jetski-for-everyone/ HTTP/1.1" 200 10082 "https://sunquicksf.com/post-sitemap.xml" "Scrapy/2.12.0 (+https://scrapy.org)"
3.23.79.111 - - [14/Apr/2025:15:26:21 -0400] "GET /voiceover-training-learn-how-to-be-a-voice-actor/ HTTP/1.1" 200 10093 "https://sunquicksf.com/post-sitemap.xml" "Scrapy/2.12.0 (+https://scrapy.org)"
3.23.79.111 - - [14/Apr/2025:15:26:23 -0400] "GET /runner-rugs-versatile-and-easy-to-install/ HTTP/1.1" 200 9977 "https://sunquicksf.com/post-sitemap.xml" "Scrapy/2.12.0 (+https://scrapy.org)"
3.23.79.111 - - [14/Apr/2025:15:26:25 -0400] "GET /how-to-choose-a-british-male-voiceover-artist/ HTTP/1.1" 200 10075 "https://sunquicksf.com/post-sitemap.xml" "Scrapy/2.12.0 (+https://scrapy.org)"
3.23.79.111 - - [14/Apr/2025:15:26:29 -0400] "GET /silver-judaica/ HTTP/1.1" 200 10094 "https://sunquicksf.com/post-sitemap.xml" "Scrapy/2.12.0 (+https://scrapy.org)"
3.23.79.111 - - [14/Apr/2025:15:26:32 -0400] "GET /converting-your-shoe-size-eu-to-us/ HTTP/1.1" 200 9853 "https://sunquicksf.com/post-sitemap.xml" "Scrapy/2.12.0 (+https://scrapy.org)"
3.23.79.111 - - [14/Apr/2025:15:26:36 -0400] "GET /dometic-cooling-units-and-norcold-rv-refrigerators/ HTTP/1.1" 200 10169 "https://sunquicksf.com/post-sitemap.xml" "Scrapy/2.12.0 (+https://scrapy.org)"
3.23.79.111 - - [14/Apr/2025:15:26:41 -0400] "GET /manifesting-create-your-own-reality/ HTTP/1.1" 200 10492 "https://sunquicksf.com/post-sitemap.xml" "Scrapy/2.12.0 (+https://scrapy.org)"
3.23.79.111 - - [14/Apr/2025:15:26:43 -0400] "GET /solar-energy-solutions/ HTTP/1.1" 200 9962 "https://sunquicksf.com/post-sitemap.xml" "Scrapy/2.12.0 (+https://scrapy.org)"
51.222.253.5 - - [14/Apr/2025:15:26:43 -0400] "GET /how-to-operate-a-fire-fighting-pump/feed/ HTTP/1.1" 200 402 "-" "Mozilla/5.0 (compatible; AhrefsBot/7.0; +http://ahrefs.com/robot/)"
3.23.79.111 - - [14/Apr/2025:15:26:46 -0400] "GET /choosing-a-portable-water-pump/ HTTP/1.1" 200 9815 "https://sunquicksf.com/post-sitemap.xml" "Scrapy/2.12.0 (+https://scrapy.org)"
3.23.79.111 - - [14/Apr/2025:15:26:49 -0400] "GET /fenbendazole-as-an-anticancer-drug/ HTTP/1.1" 200 10096 "https://sunquicksf.com/post-sitemap.xml" "Scrapy/2.12.0 (+https://scrapy.org)"
3.23.79.111 - - [14/Apr/2025:15:26:52 -0400] "GET /no-fall-capsules-reviews-should-you-try-this-nightfall-treatment/ HTTP/1.1" 200 10722 "https://sunquicksf.com/post-sitemap.xml" "Scrapy/2.12.0 (+https://scrapy.org)"
3.23.79.111 - - [14/Apr/2025:15:26:56 -0400] "GET /how-to-do-a-commercial-lock-change/ HTTP/1.1" 200 9902 "https://sunquicksf.com/post-sitemap.xml" "Scrapy/2.12.0 (+https://scrapy.org)"
3.23.79.111 - - [14/Apr/2025:15:26:59 -0400] "GET /what-to-look-for-in-a-thermal-compound/ HTTP/1.1" 200 10143 "https://sunquicksf.com/post-sitemap.xml" "Scrapy/2.12.0 (+https://scrapy.org)"
3.23.79.111 - - [14/Apr/2025:15:27:03 -0400] "GET /what-is-a-bitcoin-mixer/ HTTP/1.1" 200 9970 "https://sunquicksf.com/post-sitemap.xml" "Scrapy/2.12.0 (+https://scrapy.org)"
3.23.79.111 - - [14/Apr/2025:15:27:07 -0400] "GET /christchurch-a-global-symbol-of-hope/ HTTP/1.1" 200 11231 "https://sunquicksf.com/post-sitemap.xml" "Scrapy/2.12.0 (+https://scrapy.org)"
3.23.79.111 - - [14/Apr/2025:15:27:11 -0400] "GET /10-best-promotional-bags/ HTTP/1.1" 200 11031 "https://sunquicksf.com/post-sitemap.xml" "Scrapy/2.12.0 (+https://scrapy.org)"
3.23.79.111 - - [14/Apr/2025:15:27:15 -0400] "GET /pourquoi-acheter-un-serrurier-moto/ HTTP/1.1" 200 10706 "https://sunquicksf.com/post-sitemap.xml" "Scrapy/2.12.0 (+https://scrapy.org)"
3.23.79.111 - - [14/Apr/2025:15:27:18 -0400] "GET /the-best-site-to-buy-youtube-views/ HTTP/1.1" 200 10583 "https://sunquicksf.com/post-sitemap.xml" "Scrapy/2.12.0 (+https://scrapy.org)"
3.23.79.111 - - [14/Apr/2025:15:27:23 -0400] "GET /how-to-increase-youtube-live-stream-viewers/ HTTP/1.1" 200 10664 "https://sunquicksf.com/post-sitemap.xml" "Scrapy/2.12.0 (+https://scrapy.org)"
3.23.79.111 - - [14/Apr/2025:15:27:27 -0400] "GET /factors-that-affect-dental-cost/ HTTP/1.1" 200 11903 "https://sunquicksf.com/post-sitemap.xml" "Scrapy/2.12.0 (+https://scrapy.org)"
3.23.79.111 - - [14/Apr/2025:15:27:30 -0400] "GET /make-your-jewellery-shine-with-a-jewelry-retouching-service/ HTTP/1.1" 200 10054 "https://sunquicksf.com/post-sitemap.xml" "Scrapy/2.12.0 (+https://scrapy.org)"
3.23.79.111 - - [14/Apr/2025:15:27:35 -0400] "GET /how-to-find-the-best-cbd-products-in-the-uk/ HTTP/1.1" 200 11741 "https://sunquicksf.com/post-sitemap.xml" "Scrapy/2.12.0 (+https://scrapy.org)"
3.23.79.111 - - [14/Apr/2025:15:27:38 -0400] "GET /agence-de-publicite-sur-les-reseaux-sociaux-paris/ HTTP/1.1" 200 10283 "https://sunquicksf.com/post-sitemap.xml" "Scrapy/2.12.0 (+https://scrapy.org)"
3.23.79.111 - - [14/Apr/2025:15:27:41 -0400] "GET /dental-equipment-suppliers-in-the-uk/ HTTP/1.1" 200 10062 "https://sunquicksf.com/post-sitemap.xml" "Scrapy/2.12.0 (+https://scrapy.org)"
3.23.79.111 - - [14/Apr/2025:15:27:44 -0400] "GET /what-qualifications-do-you-need-to-become-a-pt-online/ HTTP/1.1" 200 10018 "https://sunquicksf.com/post-sitemap.xml" "Scrapy/2.12.0 (+https://scrapy.org)"
3.23.79.111 - - [14/Apr/2025:15:27:47 -0400] "GET /the-bonuses-system-in-online-gambling-sites/ HTTP/1.1" 200 10662 "https://sunquicksf.com/post-sitemap.xml" "Scrapy/2.12.0 (+https://scrapy.org)"
3.23.79.111 - - [14/Apr/2025:15:27:51 -0400] "GET /the-first-week-of-postnatal-recovery/ HTTP/1.1" 200 11555 "https://sunquicksf.com/post-sitemap.xml" "Scrapy/2.12.0 (+https://scrapy.org)"
3.23.79.111 - - [14/Apr/2025:15:27:54 -0400] "GET /wellness-am-gardasee/ HTTP/1.1" 200 10298 "https://sunquicksf.com/post-sitemap.xml" "Scrapy/2.12.0 (+https://scrapy.org)"
3.23.79.111 - - [14/Apr/2025:15:27:57 -0400] "GET /bola-tangkasnet/ HTTP/1.1" 200 9913 "https://sunquicksf.com/post-sitemap.xml" "Scrapy/2.12.0 (+https://scrapy.org)"
3.232.82.72 - - [14/Apr/2025:15:27:59 -0400] "GET /sublimez-votre-salon-avec-une-nappe-personnalisee-au-logo/ HTTP/1.1" 200 10063 "-" "Mozilla/5.0 AppleWebKit/537.36 (KHTML, like Gecko; compatible; Amazonbot/0.1; +https://developer.amazon.com/support/amazonbot) Chrome/119.0.6045.214 Safari/537.36"
3.23.79.111 - - [14/Apr/2025:15:28:00 -0400] "GET /how-to-get-the-best-hbo-max-customer-service/ HTTP/1.1" 200 10158 "https://sunquicksf.com/post-sitemap.xml" "Scrapy/2.12.0 (+https://scrapy.org)"
3.23.79.111 - - [14/Apr/2025:15:28:03 -0400] "GET /vita-glow-skin-whitening-fairness-night-cream-30gm-review/ HTTP/1.1" 200 11754 "https://sunquicksf.com/post-sitemap.xml" "Scrapy/2.12.0 (+https://scrapy.org)"
3.23.79.111 - - [14/Apr/2025:15:28:06 -0400] "GET /how-to-paint-wood-vs-laminate-cabinet-doors/ HTTP/1.1" 200 9984 "https://sunquicksf.com/post-sitemap.xml" "Scrapy/2.12.0 (+https://scrapy.org)"
3.23.79.111 - - [14/Apr/2025:15:28:09 -0400] "GET /the-key-a-review-of-montreal-home-care-services/ HTTP/1.1" 200 10107 "https://sunquicksf.com/post-sitemap.xml" "Scrapy/2.12.0 (+https://scrapy.org)"
3.23.79.111 - - [14/Apr/2025:15:28:12 -0400] "GET /rent-a-car-in-skopje-north-macedonia/ HTTP/1.1" 200 11566 "https://sunquicksf.com/post-sitemap.xml" "Scrapy/2.12.0 (+https://scrapy.org)"
3.23.79.111 - - [14/Apr/2025:15:28:15 -0400] "GET /a-case-of-self-administered-fenben/ HTTP/1.1" 200 10051 "https://sunquicksf.com/post-sitemap.xml" "Scrapy/2.12.0 (+https://scrapy.org)"
3.23.79.111 - - [14/Apr/2025:15:28:18 -0400] "GET /what-does-an-electrical-contractor-do/ HTTP/1.1" 200 10680 "https://sunquicksf.com/post-sitemap.xml" "Scrapy/2.12.0 (+https://scrapy.org)"
3.23.79.111 - - [14/Apr/2025:15:28:22 -0400] "GET /how-to-put-a-logo-on-socks/ HTTP/1.1" 200 9931 "https://sunquicksf.com/post-sitemap.xml" "Scrapy/2.12.0 (+https://scrapy.org)"
3.23.79.111 - - [14/Apr/2025:15:28:25 -0400] "GET /wholesale-angel-figurines/ HTTP/1.1" 200 11191 "https://sunquicksf.com/post-sitemap.xml" "Scrapy/2.12.0 (+https://scrapy.org)"
3.23.79.111 - - [14/Apr/2025:15:28:30 -0400] "GET /iphone-screen-lock/ HTTP/1.1" 200 11385 "https://sunquicksf.com/post-sitemap.xml" "Scrapy/2.12.0 (+https://scrapy.org)"
3.23.79.111 - - [14/Apr/2025:15:28:36 -0400] "GET /iphone-sim-card-installation/ HTTP/1.1" 200 11156 "https://sunquicksf.com/post-sitemap.xml" "Scrapy/2.12.0 (+https://scrapy.org)"
3.23.79.111 - - [14/Apr/2025:15:28:41 -0400] "GET /iphone-time-font-customization/ HTTP/1.1" 200 11255 "https://sunquicksf.com/post-sitemap.xml" "Scrapy/2.12.0 (+https://scrapy.org)"
3.23.79.111 - - [14/Apr/2025:15:28:47 -0400] "GET /iphone-voice-messaging/ HTTP/1.1" 200 11177 "https://sunquicksf.com/post-sitemap.xml" "Scrapy/2.12.0 (+https://scrapy.org)"
51.222.253.16 - - [14/Apr/2025:15:29:12 -0400] "GET /cbd-uk/feed/ HTTP/1.1" 200 364 "-" "Mozilla/5.0 (compatible; AhrefsBot/7.0; +http://ahrefs.com/robot/)"
129.226.162.20 - - [14/Apr/2025:15:29:24 -0400] "GET /how-to-send-big-files-without-running-into-email-attachment-limits/ HTTP/1.1" 200 10484 "-" "Python/3.10 aiohttp/3.10.5"
3.23.79.111 - - [14/Apr/2025:15:29:30 -0400] "GET /explosion-proof-electric-actuators-on-off/ HTTP/1.1" 200 10078 "https://sunquicksf.com/post-sitemap.xml" "Scrapy/2.12.0 (+https://scrapy.org)"
3.23.79.111 - - [14/Apr/2025:15:29:33 -0400] "GET /how-an-advertising-agency-can-help-you-stand-out-in-a-competitive-market/ HTTP/1.1" 200 9914 "https://sunquicksf.com/post-sitemap.xml" "Scrapy/2.12.0 (+https://scrapy.org)"
3.23.79.111 - - [14/Apr/2025:15:29:37 -0400] "GET /why-real-estate-photography-is-important-for-realtors/ HTTP/1.1" 200 11666 "https://sunquicksf.com/post-sitemap.xml" "Scrapy/2.12.0 (+https://scrapy.org)"
3.23.79.111 - - [14/Apr/2025:15:29:40 -0400] "GET /utiliser-un-pendule-en-pierre-pour-affiner-votre-intuition/ HTTP/1.1" 200 10251 "https://sunquicksf.com/post-sitemap.xml" "Scrapy/2.12.0 (+https://scrapy.org)"
3.23.79.111 - - [14/Apr/2025:15:29:42 -0400] "GET /auswahl-eines-hochzeitsfotografen-nrw/ HTTP/1.1" 200 12179 "https://sunquicksf.com/post-sitemap.xml" "Scrapy/2.12.0 (+https://scrapy.org)"
3.23.79.111 - - [14/Apr/2025:15:29:45 -0400] "GET /what-is-a-cap-screw/ HTTP/1.1" 200 9856 "https://sunquicksf.com/post-sitemap.xml" "Scrapy/2.12.0 (+https://scrapy.org)"
3.23.79.111 - - [14/Apr/2025:15:29:48 -0400] "GET /a-melbourne-airport-chauffeur-makes-your-trip-stress-free/ HTTP/1.1" 200 10063 "https://sunquicksf.com/post-sitemap.xml" "Scrapy/2.12.0 (+https://scrapy.org)"
3.23.79.111 - - [14/Apr/2025:15:29:50 -0400] "GET /how-to-open-company-in-singapore/ HTTP/1.1" 200 9959 "https://sunquicksf.com/post-sitemap.xml" "Scrapy/2.12.0 (+https://scrapy.org)"
3.23.79.111 - - [14/Apr/2025:15:29:53 -0400] "GET /kratom-for-sale-where-to-find-high-quality-kratom/ HTTP/1.1" 200 11754 "https://sunquicksf.com/post-sitemap.xml" "Scrapy/2.12.0 (+https://scrapy.org)"
3.23.79.111 - - [14/Apr/2025:15:29:56 -0400] "GET /buy-youtube-views-why-you-should-buy-youtube-views/ HTTP/1.1" 200 10014 "https://sunquicksf.com/post-sitemap.xml" "Scrapy/2.12.0 (+https://scrapy.org)"
3.23.79.111 - - [14/Apr/2025:15:29:59 -0400] "GET /chelsea-truck-cos-defender-hard-tire-cover-enhances-the-look-of-your-defender/ HTTP/1.1" 200 11570 "https://sunquicksf.com/post-sitemap.xml" "Scrapy/2.12.0 (+https://scrapy.org)"
3.23.79.111 - - [14/Apr/2025:15:30:05 -0400] "GET /grip-socks-for-sports/ HTTP/1.1" 200 9974 "https://sunquicksf.com/post-sitemap.xml" "Scrapy/2.12.0 (+https://scrapy.org)"
3.23.79.111 - - [14/Apr/2025:15:30:09 -0400] "GET /fenbendazole-for-humans/ HTTP/1.1" 200 9986 "https://sunquicksf.com/post-sitemap.xml" "Scrapy/2.12.0 (+https://scrapy.org)"
3.23.79.111 - - [14/Apr/2025:15:30:14 -0400] "GET /discover-nusa-penida-on-a-private-tour/ HTTP/1.1" 200 11625 "https://sunquicksf.com/post-sitemap.xml" "Scrapy/2.12.0 (+https://scrapy.org)"
3.23.79.111 - - [14/Apr/2025:15:30:18 -0400] "GET /how-to-use-a-youtube-downloader-online/ HTTP/1.1" 200 10014 "https://sunquicksf.com/post-sitemap.xml" "Scrapy/2.12.0 (+https://scrapy.org)"
3.23.79.111 - - [14/Apr/2025:15:30:22 -0400] "GET /top-5-bitcoin-mixers/ HTTP/1.1" 200 11674 "https://sunquicksf.com/post-sitemap.xml" "Scrapy/2.12.0 (+https://scrapy.org)"
3.23.79.111 - - [14/Apr/2025:15:30:25 -0400] "GET /creative-ways-to-promote-property-listings/ HTTP/1.1" 200 9956 "https://sunquicksf.com/post-sitemap.xml" "Scrapy/2.12.0 (+https://scrapy.org)"
3.23.79.111 - - [14/Apr/2025:15:30:30 -0400] "GET /choosing-the-best-rv-refrigerator-parts/ HTTP/1.1" 200 9899 "https://sunquicksf.com/post-sitemap.xml" "Scrapy/2.12.0 (+https://scrapy.org)"
3.23.79.111 - - [14/Apr/2025:15:30:33 -0400] "GET /instant-hot-water-tap/ HTTP/1.1" 200 11701 "https://sunquicksf.com/post-sitemap.xml" "Scrapy/2.12.0 (+https://scrapy.org)"
3.23.79.111 - - [14/Apr/2025:15:30:38 -0400] "GET /what-is-frequency-healing/ HTTP/1.1" 200 10111 "https://sunquicksf.com/post-sitemap.xml" "Scrapy/2.12.0 (+https://scrapy.org)"
3.23.79.111 - - [14/Apr/2025:15:30:43 -0400] "GET /how-to-choose-cache-courses-in-dubai/ HTTP/1.1" 200 9864 "https://sunquicksf.com/post-sitemap.xml" "Scrapy/2.12.0 (+https://scrapy.org)"
3.23.79.111 - - [14/Apr/2025:15:30:46 -0400] "GET /how-to-use-the-national-insurance-helpline/ HTTP/1.1" 200 11392 "https://sunquicksf.com/post-sitemap.xml" "Scrapy/2.12.0 (+https://scrapy.org)"
3.23.79.111 - - [14/Apr/2025:15:30:50 -0400] "GET /what-are-ustensiles/ HTTP/1.1" 200 9943 "https://sunquicksf.com/post-sitemap.xml" "Scrapy/2.12.0 (+https://scrapy.org)"
3.23.79.111 - - [14/Apr/2025:15:30:55 -0400] "GET /the-cannonball-goblet-squat/ HTTP/1.1" 200 9969 "https://sunquicksf.com/post-sitemap.xml" "Scrapy/2.12.0 (+https://scrapy.org)"
3.23.79.111 - - [14/Apr/2025:15:31:00 -0400] "GET /how-to-find-the-best-tech-skills-to-learn/ HTTP/1.1" 200 10152 "https://sunquicksf.com/post-sitemap.xml" "Scrapy/2.12.0 (+https://scrapy.org)"
3.23.79.111 - - [14/Apr/2025:15:31:04 -0400] "GET /wellness-im-schwarzwald/ HTTP/1.1" 200 10864 "https://sunquicksf.com/post-sitemap.xml" "Scrapy/2.12.0 (+https://scrapy.org)"
3.23.79.111 - - [14/Apr/2025:15:31:09 -0400] "GET /how-to-choose-the-right-money-lender-singapore/ HTTP/1.1" 200 10021 "https://sunquicksf.com/post-sitemap.xml" "Scrapy/2.12.0 (+https://scrapy.org)"
3.23.79.111 - - [14/Apr/2025:15:31:14 -0400] "GET /wie-ein-scheidungsanwalt-ihnen-helfen-kann-eine-zufriedenstellende-losung-zu-finden/ HTTP/1.1" 200 11040 "https://sunquicksf.com/post-sitemap.xml" "Scrapy/2.12.0 (+https://scrapy.org)"
3.23.79.111 - - [14/Apr/2025:15:31:17 -0400] "GET /how-to-find-a-reputable-online-casino/ HTTP/1.1" 200 10006 "https://sunquicksf.com/post-sitemap.xml" "Scrapy/2.12.0 (+https://scrapy.org)"
3.23.79.111 - - [14/Apr/2025:15:31:20 -0400] "GET /online-holiday-packages/ HTTP/1.1" 200 10019 "https://sunquicksf.com/post-sitemap.xml" "Scrapy/2.12.0 (+https://scrapy.org)"
3.23.79.111 - - [14/Apr/2025:15:31:24 -0400] "GET /antimony-kohl/ HTTP/1.1" 200 10059 "https://sunquicksf.com/post-sitemap.xml" "Scrapy/2.12.0 (+https://scrapy.org)"
3.23.79.111 - - [14/Apr/2025:15:31:28 -0400] "GET /two-types-of-knit-stretchy-flexible-and-wrinkle-resistant/ HTTP/1.1" 200 10094 "https://sunquicksf.com/post-sitemap.xml" "Scrapy/2.12.0 (+https://scrapy.org)"
3.23.79.111 - - [14/Apr/2025:15:31:31 -0400] "GET /der-beste-edelstahlreiniger/ HTTP/1.1" 200 10459 "https://sunquicksf.com/post-sitemap.xml" "Scrapy/2.12.0 (+https://scrapy.org)"
3.23.79.111 - - [14/Apr/2025:15:31:35 -0400] "GET /choosing-a-retail-marketing-agency/ HTTP/1.1" 200 9940 "https://sunquicksf.com/post-sitemap.xml" "Scrapy/2.12.0 (+https://scrapy.org)"
3.23.79.111 - - [14/Apr/2025:15:31:39 -0400] "GET /comment-est-fabrique-un-anneau-de-lait-maternel/ HTTP/1.1" 200 10303 "https://sunquicksf.com/post-sitemap.xml" "Scrapy/2.12.0 (+https://scrapy.org)"
3.23.79.111 - - [14/Apr/2025:15:31:43 -0400] "GET /comment-nettoyer-une-montre-en-acier-inoxydable/ HTTP/1.1" 200 10272 "https://sunquicksf.com/post-sitemap.xml" "Scrapy/2.12.0 (+https://scrapy.org)"
51.222.253.9 - - [14/Apr/2025:15:31:46 -0400] "GET /thailand-long-stay-visa-options/feed/ HTTP/1.1" 304 0 "-" "Mozilla/5.0 (compatible; AhrefsBot/7.0; +http://ahrefs.com/robot/)"
3.23.79.111 - - [14/Apr/2025:15:31:47 -0400] "GET /tour-de-lit-tresse/ HTTP/1.1" 200 10225 "https://sunquicksf.com/post-sitemap.xml" "Scrapy/2.12.0 (+https://scrapy.org)"
3.23.79.111 - - [14/Apr/2025:15:31:51 -0400] "GET /padded-mma-gloves/ HTTP/1.1" 200 9955 "https://sunquicksf.com/post-sitemap.xml" "Scrapy/2.12.0 (+https://scrapy.org)"
3.23.79.111 - - [14/Apr/2025:15:31:54 -0400] "GET /hotel-di-lusso-lago-di-garda/ HTTP/1.1" 200 10160 "https://sunquicksf.com/post-sitemap.xml" "Scrapy/2.12.0 (+https://scrapy.org)"
3.23.79.111 - - [14/Apr/2025:15:31:59 -0400] "GET /voice-actor-training/ HTTP/1.1" 200 9972 "https://sunquicksf.com/post-sitemap.xml" "Scrapy/2.12.0 (+https://scrapy.org)"
3.23.79.111 - - [14/Apr/2025:15:32:02 -0400] "GET /mini-imprimante-portable-ideale-pour-imprimer-des-etiquettes-et-des-notes-en-deplacement/ HTTP/1.1" 200 10327 "https://sunquicksf.com/post-sitemap.xml" "Scrapy/2.12.0 (+https://scrapy.org)"
3.23.79.111 - - [14/Apr/2025:15:32:06 -0400] "GET /what-do-salesforce-recruiters-do/ HTTP/1.1" 200 9992 "https://sunquicksf.com/post-sitemap.xml" "Scrapy/2.12.0 (+https://scrapy.org)"
3.23.79.111 - - [14/Apr/2025:15:32:09 -0400] "GET /vita-glow-skin-whitening-night-cream-review/ HTTP/1.1" 200 10010 "https://sunquicksf.com/post-sitemap.xml" "Scrapy/2.12.0 (+https://scrapy.org)"
3.23.79.111 - - [14/Apr/2025:15:32:13 -0400] "GET /unveiling-mypopsox-revolutionizing-comfort-and-style/ HTTP/1.1" 200 11020 "https://sunquicksf.com/post-sitemap.xml" "Scrapy/2.12.0 (+https://scrapy.org)"
3.23.79.111 - - [14/Apr/2025:15:32:18 -0400] "GET /buy-youtube-subscribers-how-to-find-the-best-service-to-buy-youtube-subscribers/ HTTP/1.1" 200 10026 "https://sunquicksf.com/post-sitemap.xml" "Scrapy/2.12.0 (+https://scrapy.org)"
3.23.79.111 - - [14/Apr/2025:15:32:21 -0400] "GET /buy-youtube-subscribers-legit-the-best-places-to-buy-youtube-subscribers-legit/ HTTP/1.1" 200 10055 "https://sunquicksf.com/post-sitemap.xml" "Scrapy/2.12.0 (+https://scrapy.org)"
3.23.79.111 - - [14/Apr/2025:15:32:25 -0400] "GET /how-to-get-to-alfornada/ HTTP/1.1" 200 11430 "https://sunquicksf.com/post-sitemap.xml" "Scrapy/2.12.0 (+https://scrapy.org)"
3.23.79.111 - - [14/Apr/2025:15:32:29 -0400] "GET /how-to-play-hardcore-in-mw2/ HTTP/1.1" 200 11605 "https://sunquicksf.com/post-sitemap.xml" "Scrapy/2.12.0 (+https://scrapy.org)"
3.23.79.111 - - [14/Apr/2025:15:32:32 -0400] "GET /how-to-turn-off-crossplay-mw2/ HTTP/1.1" 200 11426 "https://sunquicksf.com/post-sitemap.xml" "Scrapy/2.12.0 (+https://scrapy.org)"
3.23.79.111 - - [14/Apr/2025:15:32:35 -0400] "GET /how-to-unhide-songs-on-spotify/ HTTP/1.1" 200 11215 "https://sunquicksf.com/post-sitemap.xml" "Scrapy/2.12.0 (+https://scrapy.org)"
3.23.79.111 - - [14/Apr/2025:15:32:38 -0400] "GET /glutathione-and-skin-whitening-injection/ HTTP/1.1" 200 10065 "https://sunquicksf.com/post-sitemap.xml" "Scrapy/2.12.0 (+https://scrapy.org)"
3.23.79.111 - - [14/Apr/2025:15:32:42 -0400] "GET /silver-kiddush-cup/ HTTP/1.1" 200 9885 "https://sunquicksf.com/post-sitemap.xml" "Scrapy/2.12.0 (+https://scrapy.org)"
3.23.79.111 - - [14/Apr/2025:15:32:46 -0400] "GET /choosing-a-fire-pump-manufacturer/ HTTP/1.1" 200 9987 "https://sunquicksf.com/post-sitemap.xml" "Scrapy/2.12.0 (+https://scrapy.org)"
40.113.19.1 - - [14/Apr/2025:15:32:46 -0400] "HEAD /new-immigrant-finance-advice-getting-started-on-the-right-foot/ HTTP/1.1" 200 0 "http://sunquicksf.com/new" "Mozilla/5.0 (Windows NT 10.0; Win64; x64) AppleWebKit/537.36 (KHTML, like Gecko) Chrome/74.0.3729.169 Safari/537.36"
