198.54.114.83 - - [14/Apr/2025:08:58:22 -0400] "POST /wp-cron.php?doing_wp_cron=1744635502.6237270832061767578125 HTTP/1.1" 200 0 "-" "WordPress/6.7.2; https://sunquicksf.com"
51.222.253.17 - - [14/Apr/2025:08:58:17 -0400] "GET /how-to-use-the-national-insurance-helpline/ HTTP/1.1" 200 11392 "-" "Mozilla/5.0 (compatible; AhrefsBot/7.0; +http://ahrefs.com/robot/)"
51.222.253.16 - - [14/Apr/2025:08:59:36 -0400] "GET /sacs-a-dos-de-surplus-de-larmee/feed/ HTTP/1.1" 304 0 "-" "Mozilla/5.0 (compatible; AhrefsBot/7.0; +http://ahrefs.com/robot/)"
51.222.253.2 - - [14/Apr/2025:09:01:06 -0400] "GET /how-to-find-personal-fitness-trainers-near-me/ HTTP/1.1" 200 10511 "-" "Mozilla/5.0 (compatible; AhrefsBot/7.0; +http://ahrefs.com/robot/)"
51.222.253.6 - - [14/Apr/2025:09:02:38 -0400] "GET /downloadhub/feed/ HTTP/1.1" 200 388 "-" "Mozilla/5.0 (compatible; AhrefsBot/7.0; +http://ahrefs.com/robot/)"
51.222.253.19 - - [14/Apr/2025:09:04:08 -0400] "GET /how-to-find-the-best-digital-marketing-agencies-in-the-portland-area/feed/ HTTP/1.1" 304 0 "-" "Mozilla/5.0 (compatible; AhrefsBot/7.0; +http://ahrefs.com/robot/)"
51.222.253.10 - - [14/Apr/2025:09:05:40 -0400] "GET /tides-of-blu-and-liquescent-by-steven-stratis/ HTTP/1.1" 200 10888 "-" "Mozilla/5.0 (compatible; AhrefsBot/7.0; +http://ahrefs.com/robot/)"
51.222.253.11 - - [14/Apr/2025:09:07:16 -0400] "GET /kalencom-diaper-bags-chic-and-durable-diaper-bags/feed/ HTTP/1.1" 200 416 "-" "Mozilla/5.0 (compatible; AhrefsBot/7.0; +http://ahrefs.com/robot/)"
37.46.117.90 - - [14/Apr/2025:09:08:18 -0400] "GET /wp-login.php HTTP/1.1" 200 1720 "https://sunquicksf.com" "Mozilla/5.0 (Macintosh; Intel Mac OS X 10_10_1) AppleWebKit/537.36 (KHTML, like Gecko) Chrome/39.0.2171.95 Safari/537.36"
37.46.117.90 - - [14/Apr/2025:09:08:22 -0400] "POST /wp-login.php?wpe-login=true&hide_my_wp=1&hmwp_do=login&login=1 HTTP/1.1" 200 1848 "https://sunquicksf.com" "Mozilla/5.0 (Macintosh; Intel Mac OS X 10_10_1) AppleWebKit/537.36 (KHTML, like Gecko) Chrome/39.0.2171.95 Safari/537.36"
51.222.253.7 - - [14/Apr/2025:09:08:51 -0400] "GET /ally-bank-customer-service/feed/ HTTP/1.1" 304 0 "-" "Mozilla/5.0 (compatible; AhrefsBot/7.0; +http://ahrefs.com/robot/)"
51.222.253.8 - - [14/Apr/2025:09:10:08 -0400] "GET /catamaran-tulum-explore-the-mayan-ruins-by-catamaran/feed/ HTTP/1.1" 304 0 "-" "Mozilla/5.0 (compatible; AhrefsBot/7.0; +http://ahrefs.com/robot/)"
51.222.253.11 - - [14/Apr/2025:09:11:29 -0400] "GET /windows-swansea-connecting-to-the-universitys-wireless-service/feed/ HTTP/1.1" 304 0 "-" "Mozilla/5.0 (compatible; AhrefsBot/7.0; +http://ahrefs.com/robot/)"
85.208.98.16 - - [14/Apr/2025:09:11:42 -0400] "GET /unveiling-the-truth-behind-buying-youtube-views-and-subscribers/ HTTP/1.1" 200 10016 "-" "Mozilla/5.0 (compatible; SemrushBot-BA; +http://www.semrush.com/bot.html)"
51.222.253.5 - - [14/Apr/2025:09:13:07 -0400] "GET /fire-safety-equipment-in-homes-and-industries/ HTTP/1.1" 200 10752 "-" "Mozilla/5.0 (compatible; AhrefsBot/7.0; +http://ahrefs.com/robot/)"
51.222.253.18 - - [14/Apr/2025:09:14:28 -0400] "GET /lawyer-hattingen/ HTTP/1.1" 200 10765 "-" "Mozilla/5.0 (compatible; AhrefsBot/7.0; +http://ahrefs.com/robot/)"
112.92.74.179 - - [14/Apr/2025:09:15:18 -0400] "GET /mk-shoulder-bag/ HTTP/1.1" 200 0 "-" "Mozilla/5.0 (Windows NT 6.1; WOW64) AppleWebKit/537.36 (KHTML, like Gecko) Chrome/34.0.1847.131 Safari/537.36"
51.222.253.8 - - [14/Apr/2025:09:15:51 -0400] "GET /category/activity/page/32/ HTTP/1.1" 200 10251 "-" "Mozilla/5.0 (compatible; AhrefsBot/7.0; +http://ahrefs.com/robot/)"
51.222.253.11 - - [14/Apr/2025:09:17:14 -0400] "GET /the-bonuses-system-in-online-gambling-sites/feed/ HTTP/1.1" 304 0 "-" "Mozilla/5.0 (compatible; AhrefsBot/7.0; +http://ahrefs.com/robot/)"
198.54.114.83 - - [14/Apr/2025:09:18:39 -0400] "POST /wp-cron.php?doing_wp_cron=1744636718.8355998992919921875000 HTTP/1.1" 200 0 "-" "WordPress/6.7.2; https://sunquicksf.com"
51.222.253.2 - - [14/Apr/2025:09:18:36 -0400] "GET /buchholz-transport-ist-ein-speditions-und-speditionsunternehmen/ HTTP/1.1" 200 10224 "-" "Mozilla/5.0 (compatible; AhrefsBot/7.0; +http://ahrefs.com/robot/)"
51.222.253.6 - - [14/Apr/2025:09:19:48 -0400] "GET /make-your-jewellery-shine-with-a-jewelry-retouching-service/feed/ HTTP/1.1" 304 0 "-" "Mozilla/5.0 (compatible; AhrefsBot/7.0; +http://ahrefs.com/robot/)"
52.45.15.233 - - [14/Apr/2025:09:19:54 -0400] "GET /discover-the-elegance-of-klimt-cairnhill-showflat/ HTTP/1.1" 200 9960 "-" "Mozilla/5.0 AppleWebKit/537.36 (KHTML, like Gecko; compatible; Amazonbot/0.1; +https://developer.amazon.com/support/amazonbot) Chrome/119.0.6045.214 Safari/537.36"
114.119.130.3 - - [14/Apr/2025:09:20:10 -0400] "GET /unveiling-the-truth-behind-buying-youtube-views-and-subscribers/ HTTP/1.1" 200 10052 "https://sunquicksf.com/page/18/" "Mozilla/5.0 (Linux; Android 7.0;) AppleWebKit/537.36 (KHTML, like Gecko) Mobile Safari/537.36 (compatible; PetalBot;+https://webmaster.petalsearch.com/site/petalbot)"
114.119.156.133 - - [14/Apr/2025:09:21:12 -0400] "GET /unlocking-growth-online-marketing-for-small-businesses/ HTTP/1.1" 200 9944 "https://treeservicedavis.com/leveraging-digital-marketing-for-small-businesses/" "Mozilla/5.0 (Linux; Android 7.0;) AppleWebKit/537.36 (KHTML, like Gecko) Mobile Safari/537.36 (compatible; PetalBot;+https://webmaster.petalsearch.com/site/petalbot)"
51.222.253.3 - - [14/Apr/2025:09:21:19 -0400] "GET /peptides-what-are-they/feed/ HTTP/1.1" 304 0 "-" "Mozilla/5.0 (compatible; AhrefsBot/7.0; +http://ahrefs.com/robot/)"
50.7.13.146 - - [14/Apr/2025:09:21:39 -0400] "GET /wp-login.php HTTP/1.1" 200 1720 "https://sunquicksf.com" "Mozilla/5.0 (Windows NT 10.0; Win64; x64; rv:91.0) Gecko/20100101 Firefox/91.0"
50.7.13.146 - - [14/Apr/2025:09:21:42 -0400] "POST /wp-login.php?wpe-login=true&hide_my_wp=1&hmwp_do=login&login=1 HTTP/1.1" 200 1850 "https://sunquicksf.com" "Mozilla/5.0 (Windows NT 10.0; Win64; x64; rv:91.0) Gecko/20100101 Firefox/91.0"
114.119.147.233 - - [14/Apr/2025:09:22:35 -0400] "GET /stop-people-in-their-tracks-with-star-wars-halloween-ensembles/ HTTP/1.1" 200 10899 "https://sunquicksf.com/page/119/" "Mozilla/5.0 (Linux; Android 7.0;) AppleWebKit/537.36 (KHTML, like Gecko) Mobile Safari/537.36 (compatible; PetalBot;+https://webmaster.petalsearch.com/site/petalbot)"
51.222.253.14 - - [14/Apr/2025:09:22:53 -0400] "GET /comment-choisir-un-photographe-familial/feed/ HTTP/1.1" 304 0 "-" "Mozilla/5.0 (compatible; AhrefsBot/7.0; +http://ahrefs.com/robot/)"
107.175.247.70 - - [14/Apr/2025:09:23:20 -0400] "GET /the-benefits-of-manufacturing-automation/ HTTP/1.1" 200 10594 "-" "Mozilla/5.0 (X11; Ubuntu; Linux x86_64; rv:114.0) Gecko/20100101 Firefox/114.0"
107.175.247.70 - - [14/Apr/2025:09:23:24 -0400] "GET /category/sign-up/ HTTP/1.1" 200 8081 "https://sunquicksf.com/the-benefits-of-manufacturing-automation/" "Mozilla/5.0 (Windows NT 6.3; Win64; x64) AppleWebKit/537.36 (KHTML, like Gecko) Chrome/103.0.0.0 Safari/537.36"
107.175.247.70 - - [14/Apr/2025:09:23:26 -0400] "GET /category/sign-up/ HTTP/1.1" 200 8081 "https://sunquicksf.com/category/sign-up/" "Mozilla/5.0 (Windows NT 6.3; Win64; x64) AppleWebKit/537.36 (KHTML, like Gecko) Chrome/103.0.0.0 Safari/537.36"
114.119.138.5 - - [14/Apr/2025:09:23:59 -0400] "GET /page/110/ HTTP/1.1" 200 9808 "https://sunquicksf.com/page/109/" "Mozilla/5.0 (Linux; Android 7.0;) AppleWebKit/537.36 (KHTML, like Gecko) Mobile Safari/537.36 (compatible; PetalBot;+https://webmaster.petalsearch.com/site/petalbot)"
51.222.253.2 - - [14/Apr/2025:09:24:35 -0400] "GET /benefits-of-womens-bamboo-underwear/ HTTP/1.1" 200 10490 "-" "Mozilla/5.0 (compatible; AhrefsBot/7.0; +http://ahrefs.com/robot/)"
114.119.134.207 - - [14/Apr/2025:09:25:36 -0400] "GET /how-to-build-your-mlm-business-using-youtube-set-up-a-channel-on-youtube/ HTTP/1.1" 200 11348 "https://sunquicksf.com/category/activity/page/101/" "Mozilla/5.0 (Linux; Android 7.0;) AppleWebKit/537.36 (KHTML, like Gecko) Mobile Safari/537.36 (compatible; PetalBot;+https://webmaster.petalsearch.com/site/petalbot)"
91.84.98.204 - - [14/Apr/2025:09:25:58 -0400] "GET /the-benefits-of-manufacturing-automation/ HTTP/1.1" 200 10569 "https://sunquicksf.com/the-benefits-of-manufacturing-automation/" "Mozilla/5.0 (Windows NT 10.0; Win64; x64) AppleWebKit/537.36 (KHTML, like Gecko) Chrome/130.0.0.0 Safari/537.36 CCleaner/130.0.0.0"
91.84.98.204 - - [14/Apr/2025:09:26:03 -0400] "POST /wp-comments-post.php HTTP/1.1" 302 0 "https://sunquicksf.com/the-benefits-of-manufacturing-automation/" "Mozilla/5.0 (Windows NT 10.0; Win64; x64) AppleWebKit/537.36 (KHTML, like Gecko) Chrome/130.0.0.0 Safari/537.36 CCleaner/130.0.0.0"
51.222.253.17 - - [14/Apr/2025:09:26:08 -0400] "GET /connect-nintendo-switch-to-tv/feed/ HTTP/1.1" 200 407 "-" "Mozilla/5.0 (compatible; AhrefsBot/7.0; +http://ahrefs.com/robot/)"
91.84.98.204 - - [14/Apr/2025:09:26:08 -0400] "GET /the-benefits-of-manufacturing-automation/ HTTP/1.1" 200 12076 "https://sunquicksf.com/the-benefits-of-manufacturing-automation/#comment-49958" "Mozilla/5.0 (Windows NT 10.0; Win64; x64) AppleWebKit/537.36 (KHTML, like Gecko) Chrome/130.0.0.0 Safari/537.36 CCleaner/130.0.0.0"
114.119.155.230 - - [14/Apr/2025:09:27:09 -0400] "GET /electrical-contractor-clearwater-pinellas-county-specialty-contractor/ HTTP/1.1" 200 10826 "https://sunquicksf.com/category/activity/page/81/" "Mozilla/5.0 (Linux; Android 7.0;) AppleWebKit/537.36 (KHTML, like Gecko) Mobile Safari/537.36 (compatible; PetalBot;+https://webmaster.petalsearch.com/site/petalbot)"
17.241.227.163 - - [14/Apr/2025:09:27:12 -0400] "GET /robots.txt HTTP/1.1" 200 109 "-" "Mozilla/5.0 (Macintosh; Intel Mac OS X 10_15_7) AppleWebKit/605.1.15 (KHTML, like Gecko) Version/17.4 Safari/605.1.15 (Applebot/0.1; +http://www.apple.com/go/applebot)"
51.222.253.14 - - [14/Apr/2025:09:27:42 -0400] "GET /how-to-change-time-font-on-iphone/feed/ HTTP/1.1" 200 442 "-" "Mozilla/5.0 (compatible; AhrefsBot/7.0; +http://ahrefs.com/robot/)"
114.119.156.133 - - [14/Apr/2025:09:28:10 -0400] "GET /discovering-luxury-living-at-one-bernam-showflat/ HTTP/1.1" 200 10297 "https://sunquicksf.com/category/activity/page/117/" "Mozilla/5.0 (Linux; Android 7.0;) AppleWebKit/537.36 (KHTML, like Gecko) Mobile Safari/537.36 (compatible; PetalBot;+https://webmaster.petalsearch.com/site/petalbot)"
51.222.253.2 - - [14/Apr/2025:09:29:16 -0400] "GET /why-you-shouldnt-buy-likes-and-views-on-ticko/ HTTP/1.1" 200 10081 "-" "Mozilla/5.0 (compatible; AhrefsBot/7.0; +http://ahrefs.com/robot/)"
114.119.134.207 - - [14/Apr/2025:09:30:17 -0400] "GET /discover-the-elegance-of-one-bernam-showflat/ HTTP/1.1" 200 9897 "https://sunquicksf.com/page/9/" "Mozilla/5.0 (Linux; Android 7.0;) AppleWebKit/537.36 (KHTML, like Gecko) Mobile Safari/537.36 (compatible; PetalBot;+https://webmaster.petalsearch.com/site/petalbot)"
51.222.253.19 - - [14/Apr/2025:09:30:41 -0400] "GET /benefits-of-womens-bamboo-underwear/feed/ HTTP/1.1" 304 0 "-" "Mozilla/5.0 (compatible; AhrefsBot/7.0; +http://ahrefs.com/robot/)"
114.119.135.64 - - [14/Apr/2025:09:31:22 -0400] "GET /danang-massage/ HTTP/1.1" 200 11908 "https://sunquicksf.com/page/97/" "Mozilla/5.0 (Linux; Android 7.0;) AppleWebKit/537.36 (KHTML, like Gecko) Mobile Safari/537.36 (compatible; PetalBot;+https://webmaster.petalsearch.com/site/petalbot)"
52.167.144.207 - - [14/Apr/2025:09:32:02 -0400] "GET /which-voiceovers-agency-is-right-for-you/ HTTP/1.1" 200 10519 "-" "Mozilla/5.0 AppleWebKit/537.36 (KHTML, like Gecko; compatible; bingbot/2.0; +http://www.bing.com/bingbot.htm) Chrome/116.0.1938.76 Safari/537.36"
51.222.253.8 - - [14/Apr/2025:09:32:02 -0400] "GET /2024/03/ HTTP/1.1" 301 0 "-" "Mozilla/5.0 (compatible; AhrefsBot/7.0; +http://ahrefs.com/robot/)"
114.119.156.133 - - [14/Apr/2025:09:32:21 -0400] "GET /connect-nintendo-switch-to-tv/ HTTP/1.1" 200 12019 "https://sunquicksf.com/category/activity/page/85/" "Mozilla/5.0 (Linux; Android 7.0;) AppleWebKit/537.36 (KHTML, like Gecko) Mobile Safari/537.36 (compatible; PetalBot;+https://webmaster.petalsearch.com/site/petalbot)"
51.222.253.4 - - [14/Apr/2025:09:33:10 -0400] "GET /le-phenomene-du-marketing-video-dentreprise/feed/ HTTP/1.1" 200 419 "-" "Mozilla/5.0 (compatible; AhrefsBot/7.0; +http://ahrefs.com/robot/)"
114.119.147.233 - - [14/Apr/2025:09:33:45 -0400] "GET /category/activity/page/99/ HTTP/1.1" 200 10124 "https://sunquicksf.com/category/activity/page/99/" "Mozilla/5.0 (Linux; Android 7.0;) AppleWebKit/537.36 (KHTML, like Gecko) Mobile Safari/537.36 (compatible; PetalBot;+https://webmaster.petalsearch.com/site/petalbot)"
51.222.253.11 - - [14/Apr/2025:09:34:53 -0400] "GET /benefits-of-a-divorce-mediation-service/feed/ HTTP/1.1" 200 397 "-" "Mozilla/5.0 (compatible; AhrefsBot/7.0; +http://ahrefs.com/robot/)"
51.222.253.19 - - [14/Apr/2025:09:36:28 -0400] "GET /voice-over-artists/feed/ HTTP/1.1" 304 0 "-" "Mozilla/5.0 (compatible; AhrefsBot/7.0; +http://ahrefs.com/robot/)"
51.222.253.5 - - [14/Apr/2025:09:38:24 -0400] "GET /using-brush-machine-factory-equipment-to-reduce-production-costs/feed/ HTTP/1.1" 200 431 "-" "Mozilla/5.0 (compatible; AhrefsBot/7.0; +http://ahrefs.com/robot/)"
52.167.144.207 - - [14/Apr/2025:09:39:05 -0400] "GET /downloadhub/ HTTP/1.1" 200 12480 "-" "Mozilla/5.0 AppleWebKit/537.36 (KHTML, like Gecko; compatible; bingbot/2.0; +http://www.bing.com/bingbot.htm) Chrome/116.0.1938.76 Safari/537.36"
60.16.88.175 - - [14/Apr/2025:09:39:35 -0400] "GET /%27%20+%20item.url%20+ HTTP/1.1" 404 7854 "-" "Mozilla/5.0 (Windows NT 10.0; WOW64) AppleWebKit/537.36 (KHTML, like Gecko) Chrome/78.0.3904.108 Safari/537.36"
51.222.253.11 - - [14/Apr/2025:09:40:18 -0400] "GET /2023/12/ HTTP/1.1" 301 0 "-" "Mozilla/5.0 (compatible; AhrefsBot/7.0; +http://ahrefs.com/robot/)"
114.119.130.3 - - [14/Apr/2025:09:41:14 -0400] "GET /the-ultimate-guide-to-german-classes-in-london/ HTTP/1.1" 200 10171 "https://sunquicksf.com/page/31/" "Mozilla/5.0 (Linux; Android 7.0;) AppleWebKit/537.36 (KHTML, like Gecko) Mobile Safari/537.36 (compatible; PetalBot;+https://webmaster.petalsearch.com/site/petalbot)"
198.54.114.83 - - [14/Apr/2025:09:42:09 -0400] "POST /wp-cron.php?doing_wp_cron=1744638128.7395579814910888671875 HTTP/1.1" 200 0 "-" "WordPress/6.7.2; https://sunquicksf.com"
51.222.253.18 - - [14/Apr/2025:09:42:08 -0400] "GET /2023/09/ HTTP/1.1" 301 0 "-" "Mozilla/5.0 (compatible; AhrefsBot/7.0; +http://ahrefs.com/robot/)"
185.157.212.157 - - [14/Apr/2025:09:42:36 -0400] "GET /the-benefits-of-manufacturing-automation/ HTTP/1.1" 200 10569 "https://sunquicksf.com/the-benefits-of-manufacturing-automation/" "Mozilla/5.0 (Windows NT 10.0; Win64; x64) AppleWebKit/537.36 (KHTML, like Gecko) Chrome/129.0.0.0 Safari/537.36"
185.157.212.157 - - [14/Apr/2025:09:42:39 -0400] "POST /wp-comments-post.php HTTP/1.1" 302 0 "https://sunquicksf.com/the-benefits-of-manufacturing-automation/" "Mozilla/5.0 (Windows NT 10.0; Win64; x64) AppleWebKit/537.36 (KHTML, like Gecko) Chrome/129.0.0.0 Safari/537.36"
185.157.212.157 - - [14/Apr/2025:09:42:43 -0400] "GET /the-benefits-of-manufacturing-automation/ HTTP/1.1" 200 11855 "https://sunquicksf.com/the-benefits-of-manufacturing-automation/#comment-49959" "Mozilla/5.0 (Windows NT 10.0; Win64; x64) AppleWebKit/537.36 (KHTML, like Gecko) Chrome/129.0.0.0 Safari/537.36"
91.84.98.204 - - [14/Apr/2025:09:42:51 -0400] "GET /the-benefits-of-manufacturing-automation/ HTTP/1.1" 200 10585 "https://sunquicksf.com/the-benefits-of-manufacturing-automation/" "Mozilla/5.0 (Windows NT 10.0; Win64; x64) AppleWebKit/537.36 (KHTML, like Gecko) Chrome/130.0.0.0 Safari/537.36"
91.84.98.204 - - [14/Apr/2025:09:42:52 -0400] "POST /wp-comments-post.php HTTP/1.1" 302 0 "https://sunquicksf.com/the-benefits-of-manufacturing-automation/" "Mozilla/5.0 (Windows NT 10.0; Win64; x64) AppleWebKit/537.36 (KHTML, like Gecko) Chrome/130.0.0.0 Safari/537.36"
91.84.98.204 - - [14/Apr/2025:09:42:54 -0400] "GET /the-benefits-of-manufacturing-automation/ HTTP/1.1" 200 12113 "https://sunquicksf.com/the-benefits-of-manufacturing-automation/#comment-49960" "Mozilla/5.0 (Windows NT 10.0; Win64; x64) AppleWebKit/537.36 (KHTML, like Gecko) Chrome/130.0.0.0 Safari/537.36"
51.222.253.11 - - [14/Apr/2025:09:43:33 -0400] "GET /how-to-change-the-name-of-your-iphone/feed/ HTTP/1.1" 304 0 "-" "Mozilla/5.0 (compatible; AhrefsBot/7.0; +http://ahrefs.com/robot/)"
51.222.253.20 - - [14/Apr/2025:09:44:53 -0400] "GET /2023/06/ HTTP/1.1" 301 0 "-" "Mozilla/5.0 (compatible; AhrefsBot/7.0; +http://ahrefs.com/robot/)"
112.92.74.179 - - [14/Apr/2025:09:45:00 -0400] "GET /mk-shoulder-bag/ HTTP/1.1" 200 10421 "https://sunquicksf.com" "Mozilla/5.0 (Windows NT 10.0; Win64; x64) AppleWebKit/537.36 (KHTML, like Gecko) Chrome/62.0.3202.94 Safari/537.36"
112.92.74.179 - - [14/Apr/2025:09:45:06 -0400] "POST /wp-comments-post.php HTTP/1.1" 302 0 "https://sunquicksf.com" "Mozilla/5.0 (Windows NT 10.0; Win64; x64) AppleWebKit/537.36 (KHTML, like Gecko) Chrome/62.0.3202.94 Safari/537.36"
112.92.74.179 - - [14/Apr/2025:09:45:11 -0400] "GET /mk-shoulder-bag/ HTTP/1.1" 200 11143 "https://sunquicksf.com" "Mozilla/4.0 (compatible; MSIE 6.0; Windows NT 5.1; en) Opera 8.50"
51.222.253.6 - - [14/Apr/2025:09:46:17 -0400] "GET /helpling-finden-sie-eine-reinigungsfirma-in-ihrer-nahe/ HTTP/1.1" 200 9943 "-" "Mozilla/5.0 (compatible; AhrefsBot/7.0; +http://ahrefs.com/robot/)"
93.183.93.19 - - [14/Apr/2025:09:46:53 -0400] "GET /the-benefits-of-manufacturing-automation/ HTTP/1.1" 200 10585 "https://sunquicksf.com/the-benefits-of-manufacturing-automation/" "Mozilla/5.0 (Windows NT 10.0; Win64; x64) AppleWebKit/537.36 (KHTML, like Gecko) Chrome/131.0.0.0 Safari/537.36 Avast/131.0.0.0"
93.183.93.19 - - [14/Apr/2025:09:46:55 -0400] "GET /the-benefits-of-manufacturing-automation/ HTTP/1.1" 200 10585 "https://sunquicksf.com/the-benefits-of-manufacturing-automation/" "Mozilla/5.0 (Windows NT 10.0; Win64; x64) AppleWebKit/537.36 (KHTML, like Gecko) Chrome/129.0.0.0 Safari/537.36"
93.183.93.19 - - [14/Apr/2025:09:46:54 -0400] "POST /wp-comments-post.php HTTP/1.1" 302 0 "https://sunquicksf.com/the-benefits-of-manufacturing-automation/" "Mozilla/5.0 (Windows NT 10.0; Win64; x64) AppleWebKit/537.36 (KHTML, like Gecko) Chrome/131.0.0.0 Safari/537.36 Avast/131.0.0.0"
93.183.93.19 - - [14/Apr/2025:09:46:56 -0400] "POST /wp-comments-post.php HTTP/1.1" 429 982 "https://sunquicksf.com/the-benefits-of-manufacturing-automation/" "Mozilla/5.0 (Windows NT 10.0; Win64; x64) AppleWebKit/537.36 (KHTML, like Gecko) Chrome/129.0.0.0 Safari/537.36"
93.183.93.19 - - [14/Apr/2025:09:46:56 -0400] "GET /the-benefits-of-manufacturing-automation/ HTTP/1.1" 200 11931 "https://sunquicksf.com/the-benefits-of-manufacturing-automation/#comment-49962" "Mozilla/5.0 (Windows NT 10.0; Win64; x64) AppleWebKit/537.36 (KHTML, like Gecko) Chrome/131.0.0.0 Safari/537.36 Avast/131.0.0.0"
93.183.93.19 - - [14/Apr/2025:09:46:57 -0400] "GET /the-benefits-of-manufacturing-automation/ HTTP/1.1" 200 10553 "https://sunquicksf.com/the-benefits-of-manufacturing-automation/" "Mozilla/5.0 (Windows NT 10.0; Win64; x64) AppleWebKit/537.36 (KHTML, like Gecko) Chrome/129.0.0.0 Safari/537.36"
51.222.253.3 - - [14/Apr/2025:09:47:44 -0400] "GET /established-los-angeles-guitar-store-reviews/feed/ HTTP/1.1" 200 407 "-" "Mozilla/5.0 (compatible; AhrefsBot/7.0; +http://ahrefs.com/robot/)"
195.211.191.127 - - [14/Apr/2025:09:49:15 -0400] "GET /.git/config HTTP/1.1" 403 1242 "-" "Mozilla/5.0 (X11; Linux x86_64) AppleWebKit/537.36 (KHTML, like Gecko) Chrome/81.0.4044.129 Safari/537.36"
51.222.253.9 - - [14/Apr/2025:09:49:10 -0400] "GET /wie-schreibe-ich-eine-aussagekraftige-anwaltsbiografie/ HTTP/1.1" 200 10337 "-" "Mozilla/5.0 (compatible; AhrefsBot/7.0; +http://ahrefs.com/robot/)"
81.19.208.94 - - [14/Apr/2025:09:50:12 -0400] "GET / HTTP/1.1" 200 77991 "-" "Mozilla/5.0 (ZZ; Linux i686) AppleWebKit/537.36 (KHTML, like Gecko) Chrome/128.0.0.0 Safari/537.36"
81.19.208.94 - - [14/Apr/2025:09:50:13 -0400] "GET /wp-admin/admin-post.php?swp_debug=load_options&swp_url=<pre>system('cat HTTP/1.1" 403 1242 "-" "Mozilla/5.0 (Kubuntu; Linux x86_64; rv:125.0) Gecko/20100101 Firefox/125.0"
81.19.208.94 - - [14/Apr/2025:09:50:13 -0400] "GET / HTTP/1.1" 200 77991 "-" "Mozilla/5.0 (X11; CrOS x86_64 14816.131.0) AppleWebKit/537.36 (KHTML, like Gecko) Chrome/103.0.0.0 Safari/537.36"
81.19.208.94 - - [14/Apr/2025:09:50:13 -0400] "GET /?p=1 HTTP/1.1" 200 77991 "-" "Mozilla/5.0 (Windows NT 10.0; Win64; x64; rv:87.0) Gecko/20100101 Firefox/87.0"
81.19.208.94 - - [14/Apr/2025:09:50:12 -0400] "POST /wp-json/buddypress/v1/signup HTTP/1.1" 404 114 "-" "Mozilla/5.0 (Windows NT 10.0; Win64; x64) AppleWebKit/537.36 (KHTML, like Gecko) Chrome/81.0.4044.138 Safari/537.36"
81.19.208.94 - - [14/Apr/2025:09:50:13 -0400] "GET /wp-json/lp/v1/load_content_via_ajax/?callback={\"class\"%3a\"LP_Debug\",\"method\"%3a\"var_dump\"}&args=\"2vgMQSDDjcI0STnIHB4lKmNMC1L\" HTTP/1.1" 404 114 "-" "Mozilla/5.0 (Windows NT 6.3; Win64; x64; rv:71.0) Gecko/20100101 Firefox/71.0"
81.19.208.94 - - [14/Apr/2025:09:50:12 -0400] "GET /wp-admin/admin-ajax.php?action=upg_datatable&field=field:exec:head+-1+/etc/passwd:NULL:NULL HTTP/1.1" 400 5 "-" "Mozilla/5.0 (Kubuntu; Linux i686; rv:122.0) Gecko/20100101 Firefox/122.0"
81.19.208.94 - - [14/Apr/2025:09:50:12 -0400] "POST /wp-admin/admin-ajax.php HTTP/1.1" 400 5 "-" "Mozilla/5.0 (Windows NT 6.1; Win64; x64; rv:109.0) Gecko/20100101 Firefox/115.0"
51.222.253.5 - - [14/Apr/2025:09:50:30 -0400] "GET /2021/02/ HTTP/1.1" 301 0 "-" "Mozilla/5.0 (compatible; AhrefsBot/7.0; +http://ahrefs.com/robot/)"
51.222.253.3 - - [14/Apr/2025:09:51:59 -0400] "GET /2023/02/ HTTP/1.1" 301 0 "-" "Mozilla/5.0 (compatible; AhrefsBot/7.0; +http://ahrefs.com/robot/)"
51.222.253.16 - - [14/Apr/2025:09:53:29 -0400] "GET /the-best-curly-hairdresser-in-melbourne/ HTTP/1.1" 200 10006 "-" "Mozilla/5.0 (compatible; AhrefsBot/7.0; +http://ahrefs.com/robot/)"
51.222.253.3 - - [14/Apr/2025:09:55:00 -0400] "GET /le-phenomene-du-marketing-video-dentreprise/ HTTP/1.1" 200 10938 "-" "Mozilla/5.0 (compatible; AhrefsBot/7.0; +http://ahrefs.com/robot/)"
198.54.114.83 - - [14/Apr/2025:09:56:52 -0400] "POST /wp-cron.php?doing_wp_cron=1744639012.2666659355163574218750 HTTP/1.1" 200 0 "-" "WordPress/6.7.2; https://sunquicksf.com"
51.222.253.19 - - [14/Apr/2025:09:56:50 -0400] "GET /christchurch-a-global-symbol-of-hope/ HTTP/1.1" 200 11208 "-" "Mozilla/5.0 (compatible; AhrefsBot/7.0; +http://ahrefs.com/robot/)"
114.119.135.64 - - [14/Apr/2025:09:57:36 -0400] "GET /the-role-of-chiropractors-in-dubai/ HTTP/1.1" 200 10040 "https://sunquicksf.com/page/16/" "Mozilla/5.0 (Linux; Android 7.0;) AppleWebKit/537.36 (KHTML, like Gecko) Mobile Safari/537.36 (compatible; PetalBot;+https://webmaster.petalsearch.com/site/petalbot)"
89.58.27.229 - - [14/Apr/2025:09:57:47 -0400] "GET /mk-shoulder-bag/ HTTP/1.1" 200 10421 "-" "Mozilla/5.0 (Macintosh; Intel Mac OS X 12_5) AppleWebKit/537.36 (KHTML, like Gecko) Chrome/114.0.0.0 Safari/537.36"
51.222.253.1 - - [14/Apr/2025:09:58:31 -0400] "GET /the-influence-and-impact-of-instagram-likes/feed/ HTTP/1.1" 200 408 "-" "Mozilla/5.0 (compatible; AhrefsBot/7.0; +http://ahrefs.com/robot/)"
114.119.155.230 - - [14/Apr/2025:09:59:43 -0400] "GET /category/activity/page/78/ HTTP/1.1" 200 10065 "https://sunquicksf.com/category/activity/page/77/" "Mozilla/5.0 (Linux; Android 7.0;) AppleWebKit/537.36 (KHTML, like Gecko) Mobile Safari/537.36 (compatible; PetalBot;+https://webmaster.petalsearch.com/site/petalbot)"
51.222.253.8 - - [14/Apr/2025:10:00:17 -0400] "GET /using-brush-machine-factory-equipment-to-reduce-production-costs/ HTTP/1.1" 200 10720 "-" "Mozilla/5.0 (compatible; AhrefsBot/7.0; +http://ahrefs.com/robot/)"
18.208.11.93 - - [14/Apr/2025:10:00:32 -0400] "GET /the-essential-guide-to-breast-pumps/ HTTP/1.1" 200 10024 "-" "Mozilla/5.0 AppleWebKit/537.36 (KHTML, like Gecko; compatible; Amazonbot/0.1; +https://developer.amazon.com/support/amazonbot) Chrome/119.0.6045.214 Safari/537.36"
17.241.219.76 - - [14/Apr/2025:10:01:36 -0400] "GET /unveiling-the-enchantment-of-puerto-de-la-duquesa/ HTTP/1.1" 200 10041 "-" "Mozilla/5.0 (Macintosh; Intel Mac OS X 10_15_7) AppleWebKit/605.1.15 (KHTML, like Gecko) Version/17.4 Safari/605.1.15 (Applebot/0.1; +http://www.apple.com/go/applebot)"
51.222.253.12 - - [14/Apr/2025:10:02:06 -0400] "GET /the-transformative-power-of-part-time-work/ HTTP/1.1" 200 10180 "-" "Mozilla/5.0 (compatible; AhrefsBot/7.0; +http://ahrefs.com/robot/)"
114.119.155.230 - - [14/Apr/2025:10:02:42 -0400] "GET /gamo-air-pistols/ HTTP/1.1" 200 10038 "https://sunquicksf.com/page/32/" "Mozilla/5.0 (Linux; Android 7.0;) AppleWebKit/537.36 (KHTML, like Gecko) Mobile Safari/537.36 (compatible; PetalBot;+https://webmaster.petalsearch.com/site/petalbot)"
51.222.253.7 - - [14/Apr/2025:10:04:47 -0400] "GET /transformez-votre-salon-avec-des-housses-de-canape/ HTTP/1.1" 200 10579 "-" "Mozilla/5.0 (compatible; AhrefsBot/7.0; +http://ahrefs.com/robot/)"
185.157.212.157 - - [14/Apr/2025:10:05:57 -0400] "GET /the-benefits-of-manufacturing-automation/ HTTP/1.1" 200 10594 "https://sunquicksf.com/the-benefits-of-manufacturing-automation/" "Mozilla/5.0 (Windows NT 10.0; Win64; x64) AppleWebKit/537.36 (KHTML, like Gecko) Chrome/130.0.0.0 Safari/537.36 CCleaner/130.0.0.0"
185.157.212.157 - - [14/Apr/2025:10:05:59 -0400] "POST /wp-comments-post.php HTTP/1.1" 302 0 "https://sunquicksf.com/the-benefits-of-manufacturing-automation/" "Mozilla/5.0 (Windows NT 10.0; Win64; x64) AppleWebKit/537.36 (KHTML, like Gecko) Chrome/130.0.0.0 Safari/537.36 CCleaner/130.0.0.0"
185.157.212.157 - - [14/Apr/2025:10:06:03 -0400] "GET /the-benefits-of-manufacturing-automation/ HTTP/1.1" 200 10138 "https://sunquicksf.com/the-benefits-of-manufacturing-automation/#comment-49963" "Mozilla/5.0 (Windows NT 10.0; Win64; x64) AppleWebKit/537.36 (KHTML, like Gecko) Chrome/130.0.0.0 Safari/537.36 CCleaner/130.0.0.0"
51.222.253.16 - - [14/Apr/2025:10:07:30 -0400] "GET /what-is-a-platform/ HTTP/1.1" 200 9960 "-" "Mozilla/5.0 (compatible; AhrefsBot/7.0; +http://ahrefs.com/robot/)"
92.251.103.63 - - [14/Apr/2025:10:08:49 -0400] "GET /choosing-the-right-gaming-mousepad/ HTTP/1.1" 200 10215 "-" "Mozilla/5.0 (X11; Ubuntu; Linux x86_64; rv:114.0) Gecko/20100101 Firefox/114.0"
178.217.98.213 - - [14/Apr/2025:10:08:53 -0400] "GET /the-benefits-of-manufacturing-automation/ HTTP/1.1" 200 10553 "https://sunquicksf.com/the-benefits-of-manufacturing-automation/" "Mozilla/5.0 (Windows NT 10.0; Win64; x64) AppleWebKit/537.36 (KHTML, like Gecko) Chrome/130.0.0.0 Safari/537.36"
178.217.98.213 - - [14/Apr/2025:10:08:55 -0400] "POST /wp-comments-post.php HTTP/1.1" 302 0 "https://sunquicksf.com/the-benefits-of-manufacturing-automation/" "Mozilla/5.0 (Windows NT 10.0; Win64; x64) AppleWebKit/537.36 (KHTML, like Gecko) Chrome/130.0.0.0 Safari/537.36"
178.217.98.213 - - [14/Apr/2025:10:08:58 -0400] "GET /the-benefits-of-manufacturing-automation/ HTTP/1.1" 200 6565 "https://sunquicksf.com/the-benefits-of-manufacturing-automation/#comment-49964" "Mozilla/5.0 (Windows NT 10.0; Win64; x64) AppleWebKit/537.36 (KHTML, like Gecko) Chrome/130.0.0.0 Safari/537.36"
109.172.87.122 - - [14/Apr/2025:10:09:01 -0400] "GET /the-benefits-of-manufacturing-automation/ HTTP/1.1" 200 10553 "https://sunquicksf.com/the-benefits-of-manufacturing-automation/" "Mozilla/5.0 (Windows NT 10.0; Win64; x64) AppleWebKit/537.36 (KHTML, like Gecko) Chrome/130.0.0.0 Safari/537.36"
109.172.87.122 - - [14/Apr/2025:10:09:03 -0400] "POST /wp-comments-post.php HTTP/1.1" 302 0 "https://sunquicksf.com/the-benefits-of-manufacturing-automation/" "Mozilla/5.0 (Windows NT 10.0; Win64; x64) AppleWebKit/537.36 (KHTML, like Gecko) Chrome/130.0.0.0 Safari/537.36"
109.172.87.122 - - [14/Apr/2025:10:09:07 -0400] "GET /the-benefits-of-manufacturing-automation/ HTTP/1.1" 200 10078 "https://sunquicksf.com/the-benefits-of-manufacturing-automation/#comment-49965" "Mozilla/5.0 (Windows NT 10.0; Win64; x64) AppleWebKit/537.36 (KHTML, like Gecko) Chrome/130.0.0.0 Safari/537.36"
51.222.253.7 - - [14/Apr/2025:10:10:27 -0400] "GET /category/activity/page/98/ HTTP/1.1" 200 10231 "-" "Mozilla/5.0 (compatible; AhrefsBot/7.0; +http://ahrefs.com/robot/)"
18.233.229.81 - - [14/Apr/2025:10:11:52 -0400] "GET /how-does-tretinoin-work-on-acne-and-aging/ HTTP/1.1" 200 11317 "-" "Grammarly/1.0 (http://www.grammarly.com)"
13.68.223.215 - - [14/Apr/2025:10:12:46 -0400] "GET /wp-admin/network/about.php HTTP/1.1" 302 0 "-" "-"
13.68.223.215 - - [14/Apr/2025:10:12:47 -0400] "GET /wp-login.php?redirect_to=https%3A%2F%2Fsunquicksf.com%2Fwp-admin%2Fnetwork%2Fabout.php&reauth=1 HTTP/1.1" 200 1732 "-" "-"
51.222.253.10 - - [14/Apr/2025:10:12:54 -0400] "GET /advertising-led-screen/ HTTP/1.1" 200 10573 "-" "Mozilla/5.0 (compatible; AhrefsBot/7.0; +http://ahrefs.com/robot/)"
202.8.40.223 - - [14/Apr/2025:10:12:55 -0400] "GET /wp-content/themes/newspaperly/style.css?ver=6.7.2 HTTP/1.1" 200 10093 "https://sunquicksf.com/advertising-led-screen/" "Mozilla/5.0 (compatible; AhrefsBot/7.0; +http://ahrefs.com/robot/)"
202.8.40.223 - - [14/Apr/2025:10:12:55 -0400] "GET /wp-content/themes/newspaperly/js/script.js?ver=20160720 HTTP/1.1" 304 0 "https://sunquicksf.com/advertising-led-screen/" "Mozilla/5.0 (compatible; AhrefsBot/7.0; +http://ahrefs.com/robot/)"
202.8.40.223 - - [14/Apr/2025:10:12:55 -0400] "GET /wp-includes/css/dist/block-library/style.min.css?ver=6.7.2 HTTP/1.1" 200 14225 "https://sunquicksf.com/advertising-led-screen/" "Mozilla/5.0 (compatible; AhrefsBot/7.0; +http://ahrefs.com/robot/)"
202.8.40.223 - - [14/Apr/2025:10:12:55 -0400] "GET /wp-content/themes/newspaperly/js/accessibility.js?ver=20160720 HTTP/1.1" 304 0 "https://sunquicksf.com/advertising-led-screen/" "Mozilla/5.0 (compatible; AhrefsBot/7.0; +http://ahrefs.com/robot/)"
202.8.40.223 - - [14/Apr/2025:10:12:55 -0400] "GET /wp-content/themes/newspaperly/js/jquery.flexslider.js?ver=20150423 HTTP/1.1" 304 0 "https://sunquicksf.com/advertising-led-screen/" "Mozilla/5.0 (compatible; AhrefsBot/7.0; +http://ahrefs.com/robot/)"
202.8.40.223 - - [14/Apr/2025:10:12:55 -0400] "GET /wp-content/themes/newspaperly/js/skip-link-focus-fix.js?ver=20170823 HTTP/1.1" 304 0 "https://sunquicksf.com/advertising-led-screen/" "Mozilla/5.0 (compatible; AhrefsBot/7.0; +http://ahrefs.com/robot/)"
202.8.40.223 - - [14/Apr/2025:10:12:55 -0400] "GET /wp-includes/js/jquery/jquery-migrate.min.js?ver=3.4.1 HTTP/1.1" 304 0 "https://sunquicksf.com/advertising-led-screen/" "Mozilla/5.0 (compatible; AhrefsBot/7.0; +http://ahrefs.com/robot/)"
202.8.40.223 - - [14/Apr/2025:10:12:55 -0400] "GET /wp-includes/js/jquery/jquery.min.js?ver=3.7.1 HTTP/1.1" 304 0 "https://sunquicksf.com/advertising-led-screen/" "Mozilla/5.0 (compatible; AhrefsBot/7.0; +http://ahrefs.com/robot/)"
202.8.40.223 - - [14/Apr/2025:10:12:55 -0400] "GET /wp-content/themes/newspaperly/js/navigation.js?ver=20170823 HTTP/1.1" 200 951 "https://sunquicksf.com/advertising-led-screen/" "Mozilla/5.0 (compatible; AhrefsBot/7.0; +http://ahrefs.com/robot/)"
202.8.40.223 - - [14/Apr/2025:10:12:56 -0400] "GET /wp-includes/js/comment-reply.min.js?ver=6.7.2 HTTP/1.1" 200 1247 "https://sunquicksf.com/advertising-led-screen/" "Mozilla/5.0 (compatible; AhrefsBot/7.0; +http://ahrefs.com/robot/)"
202.8.40.223 - - [14/Apr/2025:10:12:56 -0400] "GET /wp-content/fonts/poppins/pxiByp8kv8JHgFVrLEj6Z1xlFQ.woff2 HTTP/1.1" 200 8000 "https://sunquicksf.com/wp-content/fonts/3d89f6149ebc4974ee514dabc317e4f2.css?ver=1.0" "Mozilla/5.0 (compatible; AhrefsBot/7.0; +http://ahrefs.com/robot/)"
202.8.40.223 - - [14/Apr/2025:10:12:56 -0400] "GET /wp-content/fonts/poppins/pxiByp8kv8JHgFVrLGT9Z1xlFQ.woff2 HTTP/1.1" 200 7748 "https://sunquicksf.com/wp-content/fonts/3d89f6149ebc4974ee514dabc317e4f2.css?ver=1.0" "Mozilla/5.0 (compatible; AhrefsBot/7.0; +http://ahrefs.com/robot/)"
202.8.40.223 - - [14/Apr/2025:10:12:56 -0400] "GET /wp-includes/js/wp-emoji-release.min.js?ver=6.7.2 HTTP/1.1" 304 0 "https://sunquicksf.com/advertising-led-screen/" "Mozilla/5.0 (compatible; AhrefsBot/7.0; +http://ahrefs.com/robot/)"
13.68.223.215 - - [14/Apr/2025:10:12:56 -0400] "GET /wp-admin/network/ HTTP/1.1" 302 0 "-" "-"
13.68.223.215 - - [14/Apr/2025:10:12:56 -0400] "GET /wp-login.php?redirect_to=https%3A%2F%2Fsunquicksf.com%2Fwp-admin%2Fnetwork%2F&reauth=1 HTTP/1.1" 200 1725 "-" "-"
13.68.223.215 - - [14/Apr/2025:10:13:08 -0400] "GET /wp-admin/user/ HTTP/1.1" 302 0 "-" "-"
13.68.223.215 - - [14/Apr/2025:10:13:08 -0400] "GET /wp-login.php?redirect_to=https%3A%2F%2Fsunquicksf.com%2Fwp-admin%2Fuser%2F&reauth=1 HTTP/1.1" 200 1724 "-" "-"
13.68.223.215 - - [14/Apr/2025:10:13:14 -0400] "GET /wp-admin/index.php HTTP/1.1" 302 0 "-" "-"
13.68.223.215 - - [14/Apr/2025:10:13:14 -0400] "GET /wp-login.php?redirect_to=https%3A%2F%2Fsunquicksf.com%2Fwp-admin%2Findex.php&reauth=1 HTTP/1.1" 200 1730 "-" "-"
93.183.93.19 - - [14/Apr/2025:10:13:31 -0400] "GET /the-benefits-of-manufacturing-automation/ HTTP/1.1" 200 10553 "https://sunquicksf.com/the-benefits-of-manufacturing-automation/" "Mozilla/5.0 (Windows NT 10.0; Win64; x64) AppleWebKit/537.36 (KHTML, like Gecko) Chrome/131.0.0.0 Safari/537.36 Avast/131.0.0.0"
93.183.93.19 - - [14/Apr/2025:10:13:31 -0400] "GET /the-benefits-of-manufacturing-automation/ HTTP/1.1" 200 10553 "https://sunquicksf.com/the-benefits-of-manufacturing-automation/" "Mozilla/5.0 (Windows NT 10.0; Win64; x64) AppleWebKit/537.36 (KHTML, like Gecko) Chrome/131.0.0.0 Safari/537.36"
93.183.93.19 - - [14/Apr/2025:10:13:33 -0400] "POST /wp-comments-post.php HTTP/1.1" 302 0 "https://sunquicksf.com/the-benefits-of-manufacturing-automation/" "Mozilla/5.0 (Windows NT 10.0; Win64; x64) AppleWebKit/537.36 (KHTML, like Gecko) Chrome/131.0.0.0 Safari/537.36 Avast/131.0.0.0"
93.183.93.19 - - [14/Apr/2025:10:13:33 -0400] "POST /wp-comments-post.php HTTP/1.1" 302 0 "https://sunquicksf.com/the-benefits-of-manufacturing-automation/" "Mozilla/5.0 (Windows NT 10.0; Win64; x64) AppleWebKit/537.36 (KHTML, like Gecko) Chrome/131.0.0.0 Safari/537.36"
93.183.93.19 - - [14/Apr/2025:10:13:35 -0400] "GET /the-benefits-of-manufacturing-automation/ HTTP/1.1" 200 11977 "https://sunquicksf.com/the-benefits-of-manufacturing-automation/#comment-49966" "Mozilla/5.0 (Windows NT 10.0; Win64; x64) AppleWebKit/537.36 (KHTML, like Gecko) Chrome/131.0.0.0 Safari/537.36"
93.183.93.19 - - [14/Apr/2025:10:13:36 -0400] "GET /the-benefits-of-manufacturing-automation/ HTTP/1.1" 200 11905 "https://sunquicksf.com/the-benefits-of-manufacturing-automation/#comment-49967" "Mozilla/5.0 (Windows NT 10.0; Win64; x64) AppleWebKit/537.36 (KHTML, like Gecko) Chrome/131.0.0.0 Safari/537.36 Avast/131.0.0.0"
13.68.223.215 - - [14/Apr/2025:10:13:55 -0400] "GET /wp-admin/about.php HTTP/1.1" 302 0 "-" "-"
13.68.223.215 - - [14/Apr/2025:10:13:56 -0400] "GET /wp-login.php?redirect_to=https%3A%2F%2Fsunquicksf.com%2Fwp-admin%2Fabout.php&reauth=1 HTTP/1.1" 200 1732 "-" "-"
13.68.223.215 - - [14/Apr/2025:10:14:59 -0400] "GET /wp-login.php HTTP/1.1" 200 1720 "-" "-"
51.222.253.16 - - [14/Apr/2025:10:15:36 -0400] "GET /how-to-choose-professional-resume-writing-services/ HTTP/1.1" 200 10030 "-" "Mozilla/5.0 (compatible; AhrefsBot/7.0; +http://ahrefs.com/robot/)"
13.68.223.215 - - [14/Apr/2025:10:16:09 -0400] "GET /wp-admin/ HTTP/1.1" 302 0 "-" "-"
13.68.223.215 - - [14/Apr/2025:10:16:10 -0400] "GET /wp-login.php?redirect_to=https%3A%2F%2Fsunquicksf.com%2Fwp-admin%2F&reauth=1 HTTP/1.1" 200 1720 "-" "-"
13.68.223.215 - - [14/Apr/2025:10:16:32 -0400] "GET /wp-admin/network/admin.php HTTP/1.1" 302 0 "-" "-"
13.68.223.215 - - [14/Apr/2025:10:16:33 -0400] "GET /wp-login.php?redirect_to=https%3A%2F%2Fsunquicksf.com%2Fwp-admin%2Fnetwork%2Fadmin.php&reauth=1 HTTP/1.1" 200 1730 "-" "-"
13.68.223.215 - - [14/Apr/2025:10:16:43 -0400] "GET /wp-admin/network/index.php HTTP/1.1" 302 0 "-" "-"
13.68.223.215 - - [14/Apr/2025:10:16:44 -0400] "GET /wp-login.php?redirect_to=https%3A%2F%2Fsunquicksf.com%2Fwp-admin%2Fnetwork%2Findex.php&reauth=1 HTTP/1.1" 200 1729 "-" "-"
13.68.223.215 - - [14/Apr/2025:10:16:57 -0400] "GET /wp-admin/ HTTP/1.1" 302 0 "-" "-"
13.68.223.215 - - [14/Apr/2025:10:16:57 -0400] "GET /wp-login.php?redirect_to=https%3A%2F%2Fsunquicksf.com%2Fwp-admin%2F&reauth=1 HTTP/1.1" 200 1720 "-" "-"
13.68.223.215 - - [14/Apr/2025:10:17:28 -0400] "GET /wp-admin/user/about.php HTTP/1.1" 302 0 "-" "-"
13.68.223.215 - - [14/Apr/2025:10:17:28 -0400] "GET /wp-login.php?redirect_to=https%3A%2F%2Fsunquicksf.com%2Fwp-admin%2Fuser%2Fabout.php&reauth=1 HTTP/1.1" 200 1732 "-" "-"
51.222.253.3 - - [14/Apr/2025:10:18:11 -0400] "GET /the-best-milk-storage-bags/ HTTP/1.1" 200 10089 "-" "Mozilla/5.0 (compatible; AhrefsBot/7.0; +http://ahrefs.com/robot/)"
13.68.223.215 - - [14/Apr/2025:10:18:50 -0400] "GET /wp-admin/users.php HTTP/1.1" 302 0 "-" "-"
13.68.223.215 - - [14/Apr/2025:10:18:50 -0400] "GET /wp-login.php?redirect_to=https%3A%2F%2Fsunquicksf.com%2Fwp-admin%2Fusers.php&reauth=1 HTTP/1.1" 200 1731 "-" "-"
13.250.216.254 - - [14/Apr/2025:10:19:55 -0400] "GET /wp-content/uploads/2023/11/How-To.Get-to-Alfornada.jpeg HTTP/1.1" 200 15425 "-" "Mozilla/5.0 (Windows NT 10.0; Win64; x64) AppleWebKit/537.36 (KHTML, like Gecko) Chrome/133.0.0.0 Safari/537.36"
51.222.253.12 - - [14/Apr/2025:10:20:26 -0400] "GET /nurturing-financial-wellness-the-role-of-a-money-coach/ HTTP/1.1" 200 10205 "-" "Mozilla/5.0 (compatible; AhrefsBot/7.0; +http://ahrefs.com/robot/)"
13.68.223.215 - - [14/Apr/2025:10:22:25 -0400] "GET /feed/ HTTP/1.1" 200 251722 "-" "-"
51.222.253.8 - - [14/Apr/2025:10:22:57 -0400] "GET /the-elegant-utility-of-the-arrow-quiver/ HTTP/1.1" 200 10141 "-" "Mozilla/5.0 (compatible; AhrefsBot/7.0; +http://ahrefs.com/robot/)"
13.68.223.215 - - [14/Apr/2025:10:23:01 -0400] "GET /wp-admin/ HTTP/1.1" 302 0 "-" "-"
13.68.223.215 - - [14/Apr/2025:10:23:02 -0400] "GET /wp-login.php?redirect_to=https%3A%2F%2Fsunquicksf.com%2Fwp-admin%2F&reauth=1 HTTP/1.1" 200 1720 "-" "-"
13.68.223.215 - - [14/Apr/2025:10:24:09 -0400] "GET /wp-login.php HTTP/1.1" 200 1720 "-" "-"
51.222.253.4 - - [14/Apr/2025:10:25:11 -0400] "GET /stylo-personnalise/ HTTP/1.1" 200 10492 "-" "Mozilla/5.0 (compatible; AhrefsBot/7.0; +http://ahrefs.com/robot/)"
51.222.253.11 - - [14/Apr/2025:10:27:43 -0400] "GET /how-to-configure-a-utility-payment-solution/ HTTP/1.1" 200 9934 "-" "Mozilla/5.0 (compatible; AhrefsBot/7.0; +http://ahrefs.com/robot/)"
51.222.253.11 - - [14/Apr/2025:10:29:45 -0400] "GET /disaster-recovery-as-a-service/ HTTP/1.1" 200 11265 "-" "Mozilla/5.0 (compatible; AhrefsBot/7.0; +http://ahrefs.com/robot/)"
51.222.253.18 - - [14/Apr/2025:10:31:42 -0400] "GET /healthy-food-delivery-services/feed/ HTTP/1.1" 200 389 "-" "Mozilla/5.0 (compatible; AhrefsBot/7.0; +http://ahrefs.com/robot/)"
51.222.253.16 - - [14/Apr/2025:10:34:07 -0400] "GET /page/36/ HTTP/1.1" 200 9881 "-" "Mozilla/5.0 (compatible; AhrefsBot/7.0; +http://ahrefs.com/robot/)"
109.172.87.122 - - [14/Apr/2025:10:35:04 -0400] "GET /the-benefits-of-manufacturing-automation/ HTTP/1.1" 200 10553 "https://sunquicksf.com/the-benefits-of-manufacturing-automation/" "Mozilla/5.0 (Windows NT 10.0; Win64; x64) AppleWebKit/537.36 (KHTML, like Gecko) Chrome/130.0.0.0 Safari/537.36 CCleaner/130.0.0.0"
109.172.87.122 - - [14/Apr/2025:10:35:07 -0400] "POST /wp-comments-post.php HTTP/1.1" 302 0 "https://sunquicksf.com/the-benefits-of-manufacturing-automation/" "Mozilla/5.0 (Windows NT 10.0; Win64; x64) AppleWebKit/537.36 (KHTML, like Gecko) Chrome/130.0.0.0 Safari/537.36 CCleaner/130.0.0.0"
109.172.87.122 - - [14/Apr/2025:10:35:10 -0400] "GET /the-benefits-of-manufacturing-automation/ HTTP/1.1" 200 11721 "https://sunquicksf.com/the-benefits-of-manufacturing-automation/#comment-49968" "Mozilla/5.0 (Windows NT 10.0; Win64; x64) AppleWebKit/537.36 (KHTML, like Gecko) Chrome/130.0.0.0 Safari/537.36 CCleaner/130.0.0.0"
178.217.98.213 - - [14/Apr/2025:10:35:20 -0400] "GET /the-benefits-of-manufacturing-automation/ HTTP/1.1" 200 10594 "https://sunquicksf.com/the-benefits-of-manufacturing-automation/" "Mozilla/5.0 (Windows NT 10.0; Win64; x64) AppleWebKit/537.36 (KHTML, like Gecko) Chrome/130.0.0.0 Safari/537.36"
178.217.98.213 - - [14/Apr/2025:10:35:22 -0400] "POST /wp-comments-post.php HTTP/1.1" 302 0 "https://sunquicksf.com/the-benefits-of-manufacturing-automation/" "Mozilla/5.0 (Windows NT 10.0; Win64; x64) AppleWebKit/537.36 (KHTML, like Gecko) Chrome/130.0.0.0 Safari/537.36"
178.217.98.213 - - [14/Apr/2025:10:35:23 -0400] "GET /the-benefits-of-manufacturing-automation/ HTTP/1.1" 200 11154 "https://sunquicksf.com/the-benefits-of-manufacturing-automation/#comment-49969" "Mozilla/5.0 (Windows NT 10.0; Win64; x64) AppleWebKit/537.36 (KHTML, like Gecko) Chrome/130.0.0.0 Safari/537.36"
43.135.121.153 - - [14/Apr/2025:10:36:03 -0400] "GET /hill-house-condo-a-new-launch-development-in-institution-hill-river-valley-district-9/ HTTP/1.1" 200 10779 "-" "Python/3.10 aiohttp/3.10.5"
51.222.253.4 - - [14/Apr/2025:10:36:03 -0400] "GET /dometic-cooling-units-and-norcold-rv-refrigerators/ HTTP/1.1" 200 10171 "-" "Mozilla/5.0 (compatible; AhrefsBot/7.0; +http://ahrefs.com/robot/)"
20.246.27.26 - - [14/Apr/2025:10:36:50 -0400] "HEAD /new-immigrant-finance-advice-getting-started-on-the-right-foot/ HTTP/1.1" 200 0 "http://sunquicksf.com/new" "Mozilla/5.0 (Windows NT 10.0; Win64; x64) AppleWebKit/537.36 (KHTML, like Gecko) Chrome/74.0.3729.169 Safari/537.36"
20.246.27.26 - - [14/Apr/2025:10:36:51 -0400] "HEAD /home-car-wash-solutions/ HTTP/1.1" 200 0 "http://sunquicksf.com/home" "Mozilla/5.0 (Windows NT 10.0; Win64; x64) AppleWebKit/537.36 (KHTML, like Gecko) Chrome/74.0.3729.169 Safari/537.36"
51.222.253.8 - - [14/Apr/2025:10:37:50 -0400] "GET /how-to-save-money-on-dryer-repair/ HTTP/1.1" 200 10029 "-" "Mozilla/5.0 (compatible; AhrefsBot/7.0; +http://ahrefs.com/robot/)"
51.222.253.10 - - [14/Apr/2025:10:39:35 -0400] "GET /dragon-ball-characters-majin/ HTTP/1.1" 200 10033 "-" "Mozilla/5.0 (compatible; AhrefsBot/7.0; +http://ahrefs.com/robot/)"
51.222.253.3 - - [14/Apr/2025:10:41:17 -0400] "GET /house-cleaning-near-indianapolis-in/ HTTP/1.1" 200 9987 "-" "Mozilla/5.0 (compatible; AhrefsBot/7.0; +http://ahrefs.com/robot/)"
198.54.114.83 - - [14/Apr/2025:10:43:08 -0400] "POST /wp-cron.php?doing_wp_cron=1744641788.3244569301605224609375 HTTP/1.1" 200 0 "-" "WordPress/6.7.2; https://sunquicksf.com"
51.222.253.12 - - [14/Apr/2025:10:43:06 -0400] "GET /audit-engagement-letter-sample/feed/ HTTP/1.1" 304 0 "-" "Mozilla/5.0 (compatible; AhrefsBot/7.0; +http://ahrefs.com/robot/)"
51.222.253.9 - - [14/Apr/2025:10:44:57 -0400] "GET /the-power-of-live-transfer-leads-in-modern-marketing/ HTTP/1.1" 200 10094 "-" "Mozilla/5.0 (compatible; AhrefsBot/7.0; +http://ahrefs.com/robot/)"
52.167.144.145 - - [14/Apr/2025:10:46:24 -0400] "GET /downloadhub/ HTTP/1.1" 200 12476 "-" "Mozilla/5.0 (Windows NT 10.0; Win64; x64) AppleWebKit/537.36 (KHTML, like Gecko) Chrome/112.0.0.0 Safari/537.36 Edg/112.0.1722.68"
52.167.144.149 - - [14/Apr/2025:10:46:29 -0400] "GET /category/how-to/ HTTP/1.1" 200 9523 "-" "Mozilla/5.0 (Windows NT 10.0; Win64; x64) AppleWebKit/537.36 (KHTML, like Gecko) Chrome/112.0.0.0 Safari/537.36 Edg/112.0.1722.68"
157.55.39.195 - - [14/Apr/2025:10:46:29 -0400] "GET /2024/05/ HTTP/1.1" 301 0 "-" "Mozilla/5.0 (Windows NT 10.0; Win64; x64) AppleWebKit/537.36 (KHTML, like Gecko) Chrome/112.0.0.0 Safari/537.36 Edg/112.0.1722.68"
52.167.144.149 - - [14/Apr/2025:10:46:30 -0400] "GET /2021/02/ HTTP/1.1" 301 0 "-" "Mozilla/5.0 (Windows NT 10.0; Win64; x64) AppleWebKit/537.36 (KHTML, like Gecko) Chrome/112.0.0.0 Safari/537.36 Edg/112.0.1722.68"
157.55.39.195 - - [14/Apr/2025:10:46:30 -0400] "GET /category/mobile/ HTTP/1.1" 200 8951 "-" "Mozilla/5.0 (Windows NT 10.0; Win64; x64) AppleWebKit/537.36 (KHTML, like Gecko) Chrome/112.0.0.0 Safari/537.36 Edg/112.0.1722.68"
207.46.13.18 - - [14/Apr/2025:10:46:31 -0400] "GET /category/sign-up/ HTTP/1.1" 200 8146 "-" "Mozilla/5.0 (Windows NT 10.0; Win64; x64) AppleWebKit/537.36 (KHTML, like Gecko) Chrome/112.0.0.0 Safari/537.36 Edg/112.0.1722.68"
52.167.144.149 - - [14/Apr/2025:10:46:31 -0400] "GET /2021/01/ HTTP/1.1" 301 0 "-" "Mozilla/5.0 (Windows NT 10.0; Win64; x64) AppleWebKit/537.36 (KHTML, like Gecko) Chrome/112.0.0.0 Safari/537.36 Edg/112.0.1722.68"
157.55.39.195 - - [14/Apr/2025:10:46:31 -0400] "GET /2023/07/ HTTP/1.1" 301 0 "-" "Mozilla/5.0 (Windows NT 10.0; Win64; x64) AppleWebKit/537.36 (KHTML, like Gecko) Chrome/112.0.0.0 Safari/537.36 Edg/112.0.1722.68"
207.46.13.18 - - [14/Apr/2025:10:46:31 -0400] "GET /2024/04/ HTTP/1.1" 301 0 "-" "Mozilla/5.0 (Windows NT 10.0; Win64; x64) AppleWebKit/537.36 (KHTML, like Gecko) Chrome/112.0.0.0 Safari/537.36 Edg/112.0.1722.68"
157.55.39.195 - - [14/Apr/2025:10:46:32 -0400] "GET /2023/09/ HTTP/1.1" 301 0 "-" "Mozilla/5.0 (Windows NT 10.0; Win64; x64) AppleWebKit/537.36 (KHTML, like Gecko) Chrome/112.0.0.0 Safari/537.36 Edg/112.0.1722.68"
207.46.13.18 - - [14/Apr/2025:10:46:32 -0400] "GET /2023/08/ HTTP/1.1" 301 0 "-" "Mozilla/5.0 (Windows NT 10.0; Win64; x64) AppleWebKit/537.36 (KHTML, like Gecko) Chrome/112.0.0.0 Safari/537.36 Edg/112.0.1722.68"
52.167.144.149 - - [14/Apr/2025:10:46:32 -0400] "GET /category/iphone/ HTTP/1.1" 200 8587 "-" "Mozilla/5.0 (Windows NT 10.0; Win64; x64) AppleWebKit/537.36 (KHTML, like Gecko) Chrome/112.0.0.0 Safari/537.36 Edg/112.0.1722.68"
157.55.39.195 - - [14/Apr/2025:10:46:32 -0400] "GET /2024/03/ HTTP/1.1" 301 0 "-" "Mozilla/5.0 (Windows NT 10.0; Win64; x64) AppleWebKit/537.36 (KHTML, like Gecko) Chrome/112.0.0.0 Safari/537.36 Edg/112.0.1722.68"
157.55.39.195 - - [14/Apr/2025:10:46:33 -0400] "GET /comments/feed/ HTTP/1.1" 200 363 "-" "Mozilla/5.0 (Windows NT 10.0; Win64; x64) AppleWebKit/537.36 (KHTML, like Gecko) Chrome/112.0.0.0 Safari/537.36 Edg/112.0.1722.68"
207.46.13.18 - - [14/Apr/2025:10:46:33 -0400] "GET /best-ai-programming-languages-python-r-julia-more/ HTTP/1.1" 200 152155 "-" "Mozilla/5.0 (Windows NT 10.0; Win64; x64) AppleWebKit/537.36 (KHTML, like Gecko) Chrome/112.0.0.0 Safari/537.36 Edg/112.0.1722.68"
52.167.144.149 - - [14/Apr/2025:10:46:33 -0400] "GET /wp-json/wp/v2/posts/883 HTTP/1.1" 200 20236 "-" "Mozilla/5.0 (Windows NT 10.0; Win64; x64) AppleWebKit/537.36 (KHTML, like Gecko) Chrome/112.0.0.0 Safari/537.36 Edg/112.0.1722.68"
207.46.13.18 - - [14/Apr/2025:10:46:33 -0400] "GET /2023/10/ HTTP/1.1" 301 0 "-" "Mozilla/5.0 (Windows NT 10.0; Win64; x64) AppleWebKit/537.36 (KHTML, like Gecko) Chrome/112.0.0.0 Safari/537.36 Edg/112.0.1722.68"
52.167.144.149 - - [14/Apr/2025:10:46:34 -0400] "GET /2024/06/ HTTP/1.1" 301 0 "-" "Mozilla/5.0 (Windows NT 10.0; Win64; x64) AppleWebKit/537.36 (KHTML, like Gecko) Chrome/112.0.0.0 Safari/537.36 Edg/112.0.1722.68"
207.46.13.18 - - [14/Apr/2025:10:46:35 -0400] "GET /2023/12/ HTTP/1.1" 301 0 "-" "Mozilla/5.0 (Windows NT 10.0; Win64; x64) AppleWebKit/537.36 (KHTML, like Gecko) Chrome/112.0.0.0 Safari/537.36 Edg/112.0.1722.68"
52.167.144.149 - - [14/Apr/2025:10:46:35 -0400] "GET /category/activity/ HTTP/1.1" 200 10032 "-" "Mozilla/5.0 (Windows NT 10.0; Win64; x64) AppleWebKit/537.36 (KHTML, like Gecko) Chrome/112.0.0.0 Safari/537.36 Edg/112.0.1722.68"
51.222.253.8 - - [14/Apr/2025:10:46:55 -0400] "GET /how-does-tretinoin-work-on-acne-and-aging/ HTTP/1.1" 200 11313 "-" "Mozilla/5.0 (compatible; AhrefsBot/7.0; +http://ahrefs.com/robot/)"
85.208.98.31 - - [14/Apr/2025:10:47:52 -0400] "GET /ifc-solutions-natural-food-colors-as-a-substitute-for-synthetic-dye/ HTTP/1.1" 200 10126 "-" "Mozilla/5.0 (compatible; SemrushBot-BA; +http://www.semrush.com/bot.html)"
43.166.244.251 - - [14/Apr/2025:10:48:01 -0400] "GET /innovative-beleuchtung-fur-ihr-zuhause-moderne-pendelleuchten/ HTTP/1.1" 200 10228 "-" "Mozilla/5.0 (iPhone; CPU iPhone OS 13_2_3 like Mac OS X) AppleWebKit/605.1.15 (KHTML, like Gecko) Version/13.0.3 Mobile/15E148 Safari/604.1"
51.222.253.16 - - [14/Apr/2025:10:48:53 -0400] "GET /runner-rugs-versatile-and-easy-to-install/ HTTP/1.1" 200 9977 "-" "Mozilla/5.0 (compatible; AhrefsBot/7.0; +http://ahrefs.com/robot/)"
185.157.212.157 - - [14/Apr/2025:10:49:34 -0400] "GET /the-benefits-of-manufacturing-automation/ HTTP/1.1" 200 10569 "-" "Mozilla/5.0 (X11; Linux i686) AppleWebKit/537.36 (KHTML, like Gecko) Chrome/114.0.0.0 Safari/537.36 Vivaldi/5.3.2679.68"
185.157.212.157 - - [14/Apr/2025:10:49:38 -0400] "GET /category/sign-up/ HTTP/1.1" 200 8104 "https://sunquicksf.com/the-benefits-of-manufacturing-automation/" "Mozilla/5.0 (Windows NT 6.3; Win64; x64) AppleWebKit/537.36 (KHTML, like Gecko) Chrome/103.0.0.0 Safari/537.36"
185.157.212.157 - - [14/Apr/2025:10:49:39 -0400] "GET /category/sign-up/ HTTP/1.1" 200 8146 "https://sunquicksf.com/category/sign-up/" "Mozilla/5.0 (Windows NT 6.3; Win64; x64) AppleWebKit/537.36 (KHTML, like Gecko) Chrome/103.0.0.0 Safari/537.36"
185.157.212.157 - - [14/Apr/2025:10:49:41 -0400] "GET /the-benefits-of-manufacturing-automation/ HTTP/1.1" 200 10594 "https://sunquicksf.com/the-benefits-of-manufacturing-automation/" "Mozilla/5.0 (Windows NT 6.3; Win64; x64) AppleWebKit/537.36 (KHTML, like Gecko) Chrome/103.0.0.0 Safari/537.36"
195.2.84.178 - - [14/Apr/2025:10:49:41 -0400] "GET /ally-bank-customer-service/ HTTP/1.1" 200 10691 "https://sunquicksf.com/ally-bank-customer-service/" "Mozilla/5.0 (Windows NT 10.0; Win64; x64) AppleWebKit/537.36 (KHTML, like Gecko) Chrome/131.0.0.0 Safari/537.36 Avast/131.0.0.0"
195.2.84.178 - - [14/Apr/2025:10:49:43 -0400] "GET /ally-bank-customer-service/ HTTP/1.1" 200 10691 "https://sunquicksf.com/ally-bank-customer-service/" "Mozilla/5.0 (Windows NT 10.0; Win64; x64) AppleWebKit/537.36 (KHTML, like Gecko) Chrome/130.0.0.0 Safari/537.36"
185.157.212.157 - - [14/Apr/2025:10:49:42 -0400] "POST /wp-comments-post.php HTTP/1.1" 302 0 "https://sunquicksf.com/the-benefits-of-manufacturing-automation/" "Mozilla/5.0 (Windows NT 6.3; Win64; x64) AppleWebKit/537.36 (KHTML, like Gecko) Chrome/103.0.0.0 Safari/537.36"
