43.228.86.30 - - [15/Apr/2025:17:37:32 -0400] "GET /the-benefits-of-manufacturing-automation/ HTTP/1.1" 200 10553 "-" "Mozilla/5.0 (Macintosh; Intel Mac OS X 12.5; rv:114.0) Gecko/20100101 Firefox/114.0"
45.139.104.181 - - [15/Apr/2025:17:40:42 -0400] "GET /.git/config HTTP/1.1" 403 1242 "-" "Mozilla/5.0 (Windows NT 10.0) AppleWebKit/537.36 (KHTML, like Gecko) Chrome/60.0.3112.91 Safari/537.36 Vivaldi/1.92.917.39"
51.222.253.19 - - [15/Apr/2025:17:40:42 -0400] "GET /unraveling-the-mystery-behind-instagram-account-freeze-links/ HTTP/1.1" 200 10041 "-" "Mozilla/5.0 (compatible; AhrefsBot/7.0; +http://ahrefs.com/robot/)"
45.139.104.181 - - [15/Apr/2025:17:42:13 -0400] "GET /.git/config HTTP/1.1" 403 0 "-" "Mozilla/5.0 (Windows NT 6.3; WOW64) AppleWebKit/537.36 (KHTML, like Gecko) Chrome/76.0.3809.100 Safari/537.36"
198.54.114.83 - - [15/Apr/2025:17:45:23 -0400] "POST /wp-cron.php?doing_wp_cron=1744753522.4420609474182128906250 HTTP/1.1" 200 0 "-" "WordPress/6.7.2; https://sunquicksf.com"
51.222.253.10 - - [15/Apr/2025:17:45:17 -0400] "GET /die-vielfalt-moderner-hangelampen/ HTTP/1.1" 200 9899 "-" "Mozilla/5.0 (compatible; AhrefsBot/7.0; +http://ahrefs.com/robot/)"
185.157.212.157 - - [15/Apr/2025:17:46:03 -0400] "GET /the-benefits-of-manufacturing-automation/ HTTP/1.1" 200 10569 "https://sunquicksf.com/the-benefits-of-manufacturing-automation/" "Mozilla/5.0 (Windows NT 10.0; Win64; x64) AppleWebKit/537.36 (KHTML, like Gecko) Chrome/131.0.0.0 Safari/537.36"
185.157.212.157 - - [15/Apr/2025:17:46:08 -0400] "POST /wp-comments-post.php HTTP/1.1" 302 0 "https://sunquicksf.com/the-benefits-of-manufacturing-automation/" "Mozilla/5.0 (Windows NT 10.0; Win64; x64) AppleWebKit/537.36 (KHTML, like Gecko) Chrome/131.0.0.0 Safari/537.36"
185.157.212.157 - - [15/Apr/2025:17:46:13 -0400] "GET /the-benefits-of-manufacturing-automation/ HTTP/1.1" 200 11696 "https://sunquicksf.com/the-benefits-of-manufacturing-automation/#comment-50176" "Mozilla/5.0 (Windows NT 10.0; Win64; x64) AppleWebKit/537.36 (KHTML, like Gecko) Chrome/131.0.0.0 Safari/537.36"
51.222.253.19 - - [15/Apr/2025:17:51:21 -0400] "GET /cherry-blossoms-by-the-park/ HTTP/1.1" 200 10514 "-" "Mozilla/5.0 (compatible; AhrefsBot/7.0; +http://ahrefs.com/robot/)"
91.84.98.204 - - [15/Apr/2025:17:51:57 -0400] "GET /the-benefits-of-manufacturing-automation/ HTTP/1.1" 200 10594 "https://sunquicksf.com/the-benefits-of-manufacturing-automation/" "Mozilla/5.0 (Windows NT 10.0; Win64; x64) AppleWebKit/537.36 (KHTML, like Gecko) Chrome/131.0.0.0 Safari/537.36"
91.84.98.204 - - [15/Apr/2025:17:52:02 -0400] "POST /wp-comments-post.php HTTP/1.1" 302 0 "https://sunquicksf.com/the-benefits-of-manufacturing-automation/" "Mozilla/5.0 (Windows NT 10.0; Win64; x64) AppleWebKit/537.36 (KHTML, like Gecko) Chrome/131.0.0.0 Safari/537.36"
91.84.98.204 - - [15/Apr/2025:17:52:05 -0400] "GET /the-benefits-of-manufacturing-automation/ HTTP/1.1" 200 12115 "https://sunquicksf.com/the-benefits-of-manufacturing-automation/#comment-50177" "Mozilla/5.0 (Windows NT 10.0; Win64; x64) AppleWebKit/537.36 (KHTML, like Gecko) Chrome/131.0.0.0 Safari/537.36"
51.222.253.20 - - [15/Apr/2025:17:53:38 -0400] "GET /generosity-unleashed-the-impact-of-mrbeasts-gift-card-giveaway/feed/ HTTP/1.1" 200 445 "-" "Mozilla/5.0 (compatible; AhrefsBot/7.0; +http://ahrefs.com/robot/)"
51.222.253.5 - - [15/Apr/2025:17:56:14 -0400] "GET /online-holiday-packages/ HTTP/1.1" 200 10019 "-" "Mozilla/5.0 (compatible; AhrefsBot/7.0; +http://ahrefs.com/robot/)"
198.54.114.83 - - [15/Apr/2025:17:58:27 -0400] "POST /wp-cron.php?doing_wp_cron=1744754306.7855639457702636718750 HTTP/1.1" 200 0 "-" "WordPress/6.7.2; https://sunquicksf.com"
51.222.253.13 - - [15/Apr/2025:17:58:24 -0400] "GET /eleganz-in-design-und-funktionalitat/ HTTP/1.1" 200 9976 "-" "Mozilla/5.0 (compatible; AhrefsBot/7.0; +http://ahrefs.com/robot/)"
51.222.253.16 - - [15/Apr/2025:18:00:22 -0400] "GET /page/50/ HTTP/1.1" 200 9981 "-" "Mozilla/5.0 (compatible; AhrefsBot/7.0; +http://ahrefs.com/robot/)"
51.222.253.16 - - [15/Apr/2025:18:02:15 -0400] "GET /unlocking-the-secrets-to-radiant-skin-a-journey-into-skincare/ HTTP/1.1" 200 9974 "-" "Mozilla/5.0 (compatible; AhrefsBot/7.0; +http://ahrefs.com/robot/)"
91.84.98.204 - - [15/Apr/2025:18:02:52 -0400] "GET /the-benefits-of-manufacturing-automation/ HTTP/1.1" 200 10569 "https://sunquicksf.com/the-benefits-of-manufacturing-automation/" "Mozilla/5.0 (Windows NT 10.0; Win64; x64) AppleWebKit/537.36 (KHTML, like Gecko) Chrome/131.0.0.0 Safari/537.36 Avast/131.0.0.0"
91.84.98.204 - - [15/Apr/2025:18:02:54 -0400] "POST /wp-comments-post.php HTTP/1.1" 302 0 "https://sunquicksf.com/the-benefits-of-manufacturing-automation/" "Mozilla/5.0 (Windows NT 10.0; Win64; x64) AppleWebKit/537.36 (KHTML, like Gecko) Chrome/131.0.0.0 Safari/537.36 Avast/131.0.0.0"
91.84.98.204 - - [15/Apr/2025:18:02:58 -0400] "GET /the-benefits-of-manufacturing-automation/ HTTP/1.1" 200 12056 "https://sunquicksf.com/the-benefits-of-manufacturing-automation/#comment-50178" "Mozilla/5.0 (Windows NT 10.0; Win64; x64) AppleWebKit/537.36 (KHTML, like Gecko) Chrome/131.0.0.0 Safari/537.36 Avast/131.0.0.0"
52.203.152.231 - - [15/Apr/2025:18:03:27 -0400] "GET /arcady-showflat/ HTTP/1.1" 200 9954 "-" "Mozilla/5.0 AppleWebKit/537.36 (KHTML, like Gecko; compatible; Amazonbot/0.1; +https://developer.amazon.com/support/amazonbot) Chrome/119.0.6045.214 Safari/537.36"
51.222.253.20 - - [15/Apr/2025:18:04:14 -0400] "GET /innovative-beleuchtung-moderne-hangelampen/feed/ HTTP/1.1" 304 0 "-" "Mozilla/5.0 (compatible; AhrefsBot/7.0; +http://ahrefs.com/robot/)"
51.222.253.7 - - [15/Apr/2025:18:06:14 -0400] "GET /how-to-take-screenshot-on-iphone-11/ HTTP/1.1" 200 11735 "-" "Mozilla/5.0 (compatible; AhrefsBot/7.0; +http://ahrefs.com/robot/)"
43.154.125.44 - - [15/Apr/2025:18:07:24 -0400] "GET /vita-glow-skin-whitening-night-cream-review/ HTTP/1.1" 200 10054 "-" "Python/3.10 aiohttp/3.10.5"
51.222.253.16 - - [15/Apr/2025:18:08:00 -0400] "GET /midtown-modern-the-newest-development-in-bugis-district/feed/ HTTP/1.1" 304 0 "-" "Mozilla/5.0 (compatible; AhrefsBot/7.0; +http://ahrefs.com/robot/)"
51.222.253.1 - - [15/Apr/2025:18:10:20 -0400] "GET /revolution-verte-la-tonte-sans-fil-avec-les-tondeuses-robotisees/ HTTP/1.1" 200 10151 "-" "Mozilla/5.0 (compatible; AhrefsBot/7.0; +http://ahrefs.com/robot/)"
51.222.253.10 - - [15/Apr/2025:18:12:18 -0400] "GET /in-home-care-toronto/feed/ HTTP/1.1" 304 0 "-" "Mozilla/5.0 (compatible; AhrefsBot/7.0; +http://ahrefs.com/robot/)"
51.222.253.8 - - [15/Apr/2025:18:14:29 -0400] "GET /category/activity/page/39/ HTTP/1.1" 200 10231 "-" "Mozilla/5.0 (compatible; AhrefsBot/7.0; +http://ahrefs.com/robot/)"
51.222.253.5 - - [15/Apr/2025:18:16:32 -0400] "GET /innovative-hangelampen-ein-blick-auf-moderne-beleuchtungskonzepte/ HTTP/1.1" 200 10160 "-" "Mozilla/5.0 (compatible; AhrefsBot/7.0; +http://ahrefs.com/robot/)"
198.54.114.83 - - [15/Apr/2025:18:18:39 -0400] "POST /wp-cron.php?doing_wp_cron=1744755519.2782249450683593750000 HTTP/1.1" 200 0 "-" "WordPress/6.7.2; https://sunquicksf.com"
51.222.253.13 - - [15/Apr/2025:18:18:36 -0400] "GET /creative-solutions-for-small-bathroom-renovations/ HTTP/1.1" 200 9912 "-" "Mozilla/5.0 (compatible; AhrefsBot/7.0; +http://ahrefs.com/robot/)"
51.222.253.14 - - [15/Apr/2025:18:20:53 -0400] "GET /orchard-sophia-developer-an-exquisite-home-that-fits-your-lifestyle/ HTTP/1.1" 200 10116 "-" "Mozilla/5.0 (compatible; AhrefsBot/7.0; +http://ahrefs.com/robot/)"
51.222.253.1 - - [15/Apr/2025:18:23:21 -0400] "GET /page/114/ HTTP/1.1" 200 9897 "-" "Mozilla/5.0 (compatible; AhrefsBot/7.0; +http://ahrefs.com/robot/)"
178.20.46.206 - - [15/Apr/2025:18:24:29 -0400] "GET /ally-bank-customer-service/ HTTP/1.1" 200 10691 "https://sunquicksf.com/ally-bank-customer-service/" "Mozilla/5.0 (Windows NT 10.0; Win64; x64) AppleWebKit/537.36 (KHTML, like Gecko) Chrome/130.0.0.0 Safari/537.36"
178.20.46.206 - - [15/Apr/2025:18:24:31 -0400] "POST /wp-comments-post.php HTTP/1.1" 302 0 "https://sunquicksf.com/ally-bank-customer-service/" "Mozilla/5.0 (Windows NT 10.0; Win64; x64) AppleWebKit/537.36 (KHTML, like Gecko) Chrome/130.0.0.0 Safari/537.36"
178.20.46.206 - - [15/Apr/2025:18:24:36 -0400] "GET /ally-bank-customer-service/ HTTP/1.1" 200 6529 "https://sunquicksf.com/ally-bank-customer-service/#comment-50179" "Mozilla/5.0 (Windows NT 10.0; Win64; x64) AppleWebKit/537.36 (KHTML, like Gecko) Chrome/130.0.0.0 Safari/537.36"
51.222.253.1 - - [15/Apr/2025:18:25:23 -0400] "GET /page/91/ HTTP/1.1" 200 10086 "-" "Mozilla/5.0 (compatible; AhrefsBot/7.0; +http://ahrefs.com/robot/)"
51.222.253.4 - - [15/Apr/2025:18:27:19 -0400] "GET /free-employment-legal-advice/ HTTP/1.1" 200 9938 "-" "Mozilla/5.0 (compatible; AhrefsBot/7.0; +http://ahrefs.com/robot/)"
66.249.79.100 - - [15/Apr/2025:18:28:21 -0400] "GET /what-is-a-platform/feed/ HTTP/1.1" 200 380 "-" "Mozilla/5.0 (Linux; Android 6.0.1; Nexus 5X Build/MMB29P) AppleWebKit/537.36 (KHTML, like Gecko) Chrome/135.0.7049.84 Mobile Safari/537.36 (compatible; Googlebot/2.1; +http://www.google.com/bot.html)"
51.222.253.13 - - [15/Apr/2025:18:29:30 -0400] "GET /how-to-make-money-from-online-betting/ HTTP/1.1" 200 11548 "-" "Mozilla/5.0 (compatible; AhrefsBot/7.0; +http://ahrefs.com/robot/)"
109.236.93.77 - - [15/Apr/2025:18:29:34 -0400] "GET /factors-that-affect-dental-cost HTTP/1.1" 301 0 "-" "Mozilla/5.0 (Windows NT 10.0; Win64; x64) AppleWebKit/537.36 (KHTML, like Gecko) Chrome/118.0.0.0 Safari/537.36"
109.236.93.77 - - [15/Apr/2025:18:29:36 -0400] "GET /factors-that-affect-dental-cost/ HTTP/1.1" 200 11870 "-" "Mozilla/5.0 (Windows NT 10.0; Win64; x64) AppleWebKit/537.36 (KHTML, like Gecko) Chrome/118.0.0.0 Safari/537.36"
51.222.253.10 - - [15/Apr/2025:18:31:29 -0400] "GET /factors-that-affect-dental-cost/ HTTP/1.1" 200 11870 "-" "Mozilla/5.0 (compatible; AhrefsBot/7.0; +http://ahrefs.com/robot/)"
52.167.144.169 - - [15/Apr/2025:18:32:11 -0400] "GET /wp-includes/js/comment-reply.min.js?ver=6.7.2 HTTP/1.1" 200 1247 "-" "Mozilla/5.0 AppleWebKit/537.36 (KHTML, like Gecko; compatible; bingbot/2.0; +http://www.bing.com/bingbot.htm) Chrome/116.0.1938.76 Safari/537.36"
91.84.96.34 - - [15/Apr/2025:18:32:21 -0400] "GET /ally-bank-customer-service/ HTTP/1.1" 200 10674 "https://sunquicksf.com/ally-bank-customer-service/" "Mozilla/5.0 (Windows NT 10.0; Win64; x64) AppleWebKit/537.36 (KHTML, like Gecko) Chrome/130.0.0.0 Safari/537.36 CCleaner/130.0.0.0"
91.84.96.34 - - [15/Apr/2025:18:32:26 -0400] "POST /wp-comments-post.php HTTP/1.1" 302 0 "https://sunquicksf.com/ally-bank-customer-service/" "Mozilla/5.0 (Windows NT 10.0; Win64; x64) AppleWebKit/537.36 (KHTML, like Gecko) Chrome/130.0.0.0 Safari/537.36 CCleaner/130.0.0.0"
66.249.79.101 - - [15/Apr/2025:18:32:34 -0400] "GET /the-key-a-review-of-montreal-home-care-services/feed/ HTTP/1.1" 200 425 "-" "Mozilla/5.0 (Linux; Android 6.0.1; Nexus 5X Build/MMB29P) AppleWebKit/537.36 (KHTML, like Gecko) Chrome/135.0.7049.84 Mobile Safari/537.36 (compatible; Googlebot/2.1; +http://www.google.com/bot.html)"
91.84.96.34 - - [15/Apr/2025:18:32:35 -0400] "GET /ally-bank-customer-service/ HTTP/1.1" 200 11333 "https://sunquicksf.com/ally-bank-customer-service/#comment-50180" "Mozilla/5.0 (Windows NT 10.0; Win64; x64) AppleWebKit/537.36 (KHTML, like Gecko) Chrome/130.0.0.0 Safari/537.36 CCleaner/130.0.0.0"
51.222.253.20 - - [15/Apr/2025:18:33:34 -0400] "GET /the-evolution-of-mobile-gaming-unveiling-the-trends-of-2024/ HTTP/1.1" 200 9938 "-" "Mozilla/5.0 (compatible; AhrefsBot/7.0; +http://ahrefs.com/robot/)"
51.222.253.15 - - [15/Apr/2025:18:35:30 -0400] "GET /un-art-intemporel/feed/ HTTP/1.1" 304 0 "-" "Mozilla/5.0 (compatible; AhrefsBot/7.0; +http://ahrefs.com/robot/)"
66.249.79.100 - - [15/Apr/2025:18:36:35 -0400] "GET /comment-garder-une-longueur-davance-sur-les-changements-dans-le-paysage-du-referencement/feed/ HTTP/1.1" 200 461 "-" "Mozilla/5.0 (Linux; Android 6.0.1; Nexus 5X Build/MMB29P) AppleWebKit/537.36 (KHTML, like Gecko) Chrome/135.0.7049.84 Mobile Safari/537.36 (compatible; Googlebot/2.1; +http://www.google.com/bot.html)"
91.84.98.204 - - [15/Apr/2025:18:37:25 -0400] "GET /the-benefits-of-manufacturing-automation/ HTTP/1.1" 200 10553 "https://sunquicksf.com/the-benefits-of-manufacturing-automation/" "Mozilla/5.0 (Windows NT 10.0; Win64; x64) AppleWebKit/537.36 (KHTML, like Gecko) Chrome/130.0.0.0 Safari/537.36 CCleaner/130.0.0.0"
91.84.98.204 - - [15/Apr/2025:18:37:29 -0400] "POST /wp-comments-post.php HTTP/1.1" 302 0 "https://sunquicksf.com/the-benefits-of-manufacturing-automation/" "Mozilla/5.0 (Windows NT 10.0; Win64; x64) AppleWebKit/537.36 (KHTML, like Gecko) Chrome/130.0.0.0 Safari/537.36 CCleaner/130.0.0.0"
51.222.253.2 - - [15/Apr/2025:18:37:34 -0400] "GET /the-benefits-of-law-tutoring/ HTTP/1.1" 200 10018 "-" "Mozilla/5.0 (compatible; AhrefsBot/7.0; +http://ahrefs.com/robot/)"
91.84.98.204 - - [15/Apr/2025:18:37:34 -0400] "GET /the-benefits-of-manufacturing-automation/ HTTP/1.1" 200 12075 "https://sunquicksf.com/the-benefits-of-manufacturing-automation/#comment-50181" "Mozilla/5.0 (Windows NT 10.0; Win64; x64) AppleWebKit/537.36 (KHTML, like Gecko) Chrome/130.0.0.0 Safari/537.36 CCleaner/130.0.0.0"
51.222.253.20 - - [15/Apr/2025:18:39:47 -0400] "GET /a-haven-of-modern-living-exploring-arina-east-residences/feed/ HTTP/1.1" 304 0 "-" "Mozilla/5.0 (compatible; AhrefsBot/7.0; +http://ahrefs.com/robot/)"
114.119.138.5 - - [15/Apr/2025:18:41:11 -0400] "GET /category/activity/page/44/ HTTP/1.1" 200 10145 "https://sunquicksf.com/category/activity/page/43/" "Mozilla/5.0 (Linux; Android 7.0;) AppleWebKit/537.36 (KHTML, like Gecko) Mobile Safari/537.36 (compatible; PetalBot;+https://webmaster.petalsearch.com/site/petalbot)"
198.54.114.83 - - [15/Apr/2025:18:41:49 -0400] "POST /wp-cron.php?doing_wp_cron=1744756908.2369339466094970703125 HTTP/1.1" 200 0 "-" "WordPress/6.7.2; https://sunquicksf.com"
51.222.253.20 - - [15/Apr/2025:18:41:47 -0400] "GET /the-art-of-cement-screed/feed/ HTTP/1.1" 304 0 "-" "Mozilla/5.0 (compatible; AhrefsBot/7.0; +http://ahrefs.com/robot/)"
198.54.114.83 - - [15/Apr/2025:18:44:06 -0400] "POST /wp-cron.php?doing_wp_cron=1744757045.5869140625000000000000 HTTP/1.1" 200 0 "-" "WordPress/6.7.2; https://sunquicksf.com"
51.222.253.13 - - [15/Apr/2025:18:44:01 -0400] "GET /exploring-the-multicanais-phenomenon/feed/ HTTP/1.1" 200 394 "-" "Mozilla/5.0 (compatible; AhrefsBot/7.0; +http://ahrefs.com/robot/)"
129.226.49.139 - - [15/Apr/2025:18:46:15 -0400] "GET /how-to-turn-on-hotspot-on-iphone-11-pro-max/ HTTP/1.1" 200 12757 "-" "Python/3.10 aiohttp/3.10.5"
51.222.253.17 - - [15/Apr/2025:18:46:46 -0400] "GET /die-vielfalt-moderner-hangelampen/feed/ HTTP/1.1" 200 398 "-" "Mozilla/5.0 (compatible; AhrefsBot/7.0; +http://ahrefs.com/robot/)"
51.222.253.19 - - [15/Apr/2025:18:49:01 -0400] "GET /streamlining-information-sharing/feed/ HTTP/1.1" 200 381 "-" "Mozilla/5.0 (compatible; AhrefsBot/7.0; +http://ahrefs.com/robot/)"
51.222.253.9 - - [15/Apr/2025:18:51:14 -0400] "GET /unleashing-the-power-of-qr-code-generator-free/feed/ HTTP/1.1" 304 0 "-" "Mozilla/5.0 (compatible; AhrefsBot/7.0; +http://ahrefs.com/robot/)"
51.222.253.16 - - [15/Apr/2025:18:53:22 -0400] "GET /benefits-of-playing-on-the-web-versus-land-based-club/ HTTP/1.1" 200 11084 "-" "Mozilla/5.0 (compatible; AhrefsBot/7.0; +http://ahrefs.com/robot/)"
196.251.88.242 - - [15/Apr/2025:18:54:11 -0400] "GET /style.php HTTP/1.1" 404 7862 "www.google.com" "Mozlila/5.0 (Linux; Android 7.0; SM-G892A Bulid/NRD90M; wv) AppleWebKit/537.36 (KHTML, like Gecko) Version/4.0 Chrome/60.0.3112.107 Moblie Safari/537.36"
43.128.36.137 - - [15/Apr/2025:18:54:13 -0400] "GET /what-is-a-wasserfiler/ HTTP/1.1" 200 10449 "-" "Python/3.10 aiohttp/3.10.5"
51.222.253.14 - - [15/Apr/2025:18:55:26 -0400] "GET /a-thriving-virtual-gaming-experience/ HTTP/1.1" 200 10094 "-" "Mozilla/5.0 (compatible; AhrefsBot/7.0; +http://ahrefs.com/robot/)"
198.54.114.83 - - [15/Apr/2025:18:57:41 -0400] "POST /wp-cron.php?doing_wp_cron=1744757859.9360880851745605468750 HTTP/1.1" 200 0 "-" "WordPress/6.7.2; https://sunquicksf.com"
51.222.253.20 - - [15/Apr/2025:18:57:35 -0400] "GET /how-to-print-notes-from-iphone/ HTTP/1.1" 200 11479 "-" "Mozilla/5.0 (compatible; AhrefsBot/7.0; +http://ahrefs.com/robot/)"
51.222.253.7 - - [15/Apr/2025:19:00:09 -0400] "GET /what-to-do-when-real-estate-falls/ HTTP/1.1" 200 10929 "-" "Mozilla/5.0 (compatible; AhrefsBot/7.0; +http://ahrefs.com/robot/)"
198.54.114.83 - - [15/Apr/2025:19:00:19 -0400] "POST /wp-cron.php?doing_wp_cron=1744758015.6264500617980957031250 HTTP/1.1" 200 0 "-" "WordPress/6.7.2; https://sunquicksf.com"
198.54.114.83 - - [15/Apr/2025:19:02:10 -0400] "POST /wp-cron.php?doing_wp_cron=1744758130.1957240104675292968750 HTTP/1.1" 200 0 "-" "WordPress/6.7.2; https://sunquicksf.com"
51.222.253.13 - - [15/Apr/2025:19:02:06 -0400] "GET /comprendre-ses-implications-et-ses-defis/ HTTP/1.1" 200 10176 "-" "Mozilla/5.0 (compatible; AhrefsBot/7.0; +http://ahrefs.com/robot/)"
185.157.212.157 - - [15/Apr/2025:19:02:51 -0400] "GET /the-benefits-of-manufacturing-automation/ HTTP/1.1" 200 10585 "https://sunquicksf.com/the-benefits-of-manufacturing-automation/" "Mozilla/5.0 (Windows NT 10.0; Win64; x64) AppleWebKit/537.36 (KHTML, like Gecko) Chrome/130.0.0.0 Safari/537.36 CCleaner/130.0.0.0"
185.157.212.157 - - [15/Apr/2025:19:02:55 -0400] "POST /wp-comments-post.php HTTP/1.1" 302 0 "https://sunquicksf.com/the-benefits-of-manufacturing-automation/" "Mozilla/5.0 (Windows NT 10.0; Win64; x64) AppleWebKit/537.36 (KHTML, like Gecko) Chrome/130.0.0.0 Safari/537.36 CCleaner/130.0.0.0"
185.157.212.157 - - [15/Apr/2025:19:03:00 -0400] "GET /the-benefits-of-manufacturing-automation/ HTTP/1.1" 200 6565 "https://sunquicksf.com/the-benefits-of-manufacturing-automation/#comment-50182" "Mozilla/5.0 (Windows NT 10.0; Win64; x64) AppleWebKit/537.36 (KHTML, like Gecko) Chrome/130.0.0.0 Safari/537.36 CCleaner/130.0.0.0"
51.222.253.9 - - [15/Apr/2025:19:04:10 -0400] "GET /understanding-the-appeal-of-tiktok-followers/ HTTP/1.1" 200 10066 "-" "Mozilla/5.0 (compatible; AhrefsBot/7.0; +http://ahrefs.com/robot/)"
51.222.253.15 - - [15/Apr/2025:19:06:39 -0400] "GET /building-a-vibrant-community/feed/ HTTP/1.1" 200 384 "-" "Mozilla/5.0 (compatible; AhrefsBot/7.0; +http://ahrefs.com/robot/)"
51.222.253.16 - - [15/Apr/2025:19:08:50 -0400] "GET /cadeaux-de-chocolat-personnalises/ HTTP/1.1" 200 10207 "-" "Mozilla/5.0 (compatible; AhrefsBot/7.0; +http://ahrefs.com/robot/)"
51.222.253.11 - - [15/Apr/2025:19:11:05 -0400] "GET /page/90/ HTTP/1.1" 200 10080 "-" "Mozilla/5.0 (compatible; AhrefsBot/7.0; +http://ahrefs.com/robot/)"
51.222.253.15 - - [15/Apr/2025:19:13:07 -0400] "GET /the-pitfalls-of-buying-youtube-subscribers/ HTTP/1.1" 200 10021 "-" "Mozilla/5.0 (compatible; AhrefsBot/7.0; +http://ahrefs.com/robot/)"
51.222.253.7 - - [15/Apr/2025:19:15:14 -0400] "GET /real-estate-101-firing-a-bad-agent/ HTTP/1.1" 200 10617 "-" "Mozilla/5.0 (compatible; AhrefsBot/7.0; +http://ahrefs.com/robot/)"
91.84.98.204 - - [15/Apr/2025:19:17:33 -0400] "GET /the-benefits-of-manufacturing-automation/ HTTP/1.1" 200 10594 "https://sunquicksf.com/the-benefits-of-manufacturing-automation/" "Mozilla/5.0 (Windows NT 10.0; Win64; x64) AppleWebKit/537.36 (KHTML, like Gecko) Chrome/131.0.0.0 Safari/537.36 Avast/131.0.0.0"
51.222.253.17 - - [15/Apr/2025:19:17:32 -0400] "GET /an-essential-asset-for-content-creators/ HTTP/1.1" 200 9909 "-" "Mozilla/5.0 (compatible; AhrefsBot/7.0; +http://ahrefs.com/robot/)"
91.84.98.204 - - [15/Apr/2025:19:17:37 -0400] "POST /wp-comments-post.php HTTP/1.1" 302 0 "https://sunquicksf.com/the-benefits-of-manufacturing-automation/" "Mozilla/5.0 (Windows NT 10.0; Win64; x64) AppleWebKit/537.36 (KHTML, like Gecko) Chrome/131.0.0.0 Safari/537.36 Avast/131.0.0.0"
91.84.98.204 - - [15/Apr/2025:19:17:40 -0400] "GET /the-benefits-of-manufacturing-automation/ HTTP/1.1" 200 12068 "https://sunquicksf.com/the-benefits-of-manufacturing-automation/#comment-50183" "Mozilla/5.0 (Windows NT 10.0; Win64; x64) AppleWebKit/537.36 (KHTML, like Gecko) Chrome/131.0.0.0 Safari/537.36 Avast/131.0.0.0"
198.54.114.83 - - [15/Apr/2025:19:19:51 -0400] "POST /wp-cron.php?doing_wp_cron=1744759191.2854568958282470703125 HTTP/1.1" 200 0 "-" "WordPress/6.7.2; https://sunquicksf.com"
51.222.253.9 - - [15/Apr/2025:19:19:46 -0400] "GET /auto-body-fix-shops-need-an-internet-presence-as-well/ HTTP/1.1" 200 10691 "-" "Mozilla/5.0 (compatible; AhrefsBot/7.0; +http://ahrefs.com/robot/)"
109.172.87.122 - - [15/Apr/2025:19:22:21 -0400] "GET /the-benefits-of-manufacturing-automation/ HTTP/1.1" 200 10569 "https://sunquicksf.com/the-benefits-of-manufacturing-automation/" "Mozilla/5.0 (Windows NT 10.0; Win64; x64) AppleWebKit/537.36 (KHTML, like Gecko) Chrome/131.0.0.0 Safari/537.36"
109.172.87.122 - - [15/Apr/2025:19:22:29 -0400] "POST /wp-comments-post.php HTTP/1.1" 302 0 "https://sunquicksf.com/the-benefits-of-manufacturing-automation/" "Mozilla/5.0 (Windows NT 10.0; Win64; x64) AppleWebKit/537.36 (KHTML, like Gecko) Chrome/131.0.0.0 Safari/537.36"
51.222.253.8 - - [15/Apr/2025:19:22:30 -0400] "GET /navigating-financial-waters-understanding-the-role-of-money-lenders-in-singapore/ HTTP/1.1" 200 10190 "-" "Mozilla/5.0 (compatible; AhrefsBot/7.0; +http://ahrefs.com/robot/)"
109.172.87.122 - - [15/Apr/2025:19:22:33 -0400] "GET /the-benefits-of-manufacturing-automation/ HTTP/1.1" 200 12091 "https://sunquicksf.com/the-benefits-of-manufacturing-automation/#comment-50184" "Mozilla/5.0 (Windows NT 10.0; Win64; x64) AppleWebKit/537.36 (KHTML, like Gecko) Chrome/131.0.0.0 Safari/537.36"
114.119.130.3 - - [15/Apr/2025:19:23:34 -0400] "GET /wie-sieht-ein-narzisst-aus/ HTTP/1.1" 200 10313 "https://sunquicksf.com/wie-sieht-ein-narzisst-aus/" "Mozilla/5.0 (Linux; Android 7.0;) AppleWebKit/537.36 (KHTML, like Gecko) Mobile Safari/537.36 (compatible; PetalBot;+https://webmaster.petalsearch.com/site/petalbot)"
114.119.156.133 - - [15/Apr/2025:19:24:19 -0400] "GET /the-botany-at-dairy-farm/ HTTP/1.1" 200 9881 "https://sunquicksf.com/the-botany-at-dairy-farm/" "Mozilla/5.0 (Linux; Android 7.0;) AppleWebKit/537.36 (KHTML, like Gecko) Mobile Safari/537.36 (compatible; PetalBot;+https://webmaster.petalsearch.com/site/petalbot)"
51.222.253.12 - - [15/Apr/2025:19:24:38 -0400] "GET /redefining-the-casino-experience/ HTTP/1.1" 200 10066 "-" "Mozilla/5.0 (compatible; AhrefsBot/7.0; +http://ahrefs.com/robot/)"
114.119.155.230 - - [15/Apr/2025:19:26:48 -0400] "GET /deje-que-una-agencia-digital-promueva-su-negocio/ HTTP/1.1" 200 10857 "https://sunquicksf.com/page/99/" "Mozilla/5.0 (Linux; Android 7.0;) AppleWebKit/537.36 (KHTML, like Gecko) Mobile Safari/537.36 (compatible; PetalBot;+https://webmaster.petalsearch.com/site/petalbot)"
51.222.253.8 - - [15/Apr/2025:19:27:01 -0400] "GET /make-your-jewellery-shine-with-a-jewelry-retouching-service/ HTTP/1.1" 200 10083 "-" "Mozilla/5.0 (compatible; AhrefsBot/7.0; +http://ahrefs.com/robot/)"
185.157.212.157 - - [15/Apr/2025:19:27:20 -0400] "GET /the-benefits-of-manufacturing-automation/ HTTP/1.1" 200 10569 "https://sunquicksf.com/the-benefits-of-manufacturing-automation/" "Mozilla/5.0 (Windows NT 10.0; Win64; x64) AppleWebKit/537.36 (KHTML, like Gecko) Chrome/130.0.0.0 Safari/537.36 CCleaner/130.0.0.0"
185.157.212.157 - - [15/Apr/2025:19:27:24 -0400] "POST /wp-comments-post.php HTTP/1.1" 302 0 "https://sunquicksf.com/the-benefits-of-manufacturing-automation/" "Mozilla/5.0 (Windows NT 10.0; Win64; x64) AppleWebKit/537.36 (KHTML, like Gecko) Chrome/130.0.0.0 Safari/537.36 CCleaner/130.0.0.0"
185.157.212.157 - - [15/Apr/2025:19:27:28 -0400] "GET /the-benefits-of-manufacturing-automation/ HTTP/1.1" 200 6565 "https://sunquicksf.com/the-benefits-of-manufacturing-automation/#comment-50185" "Mozilla/5.0 (Windows NT 10.0; Win64; x64) AppleWebKit/537.36 (KHTML, like Gecko) Chrome/130.0.0.0 Safari/537.36 CCleaner/130.0.0.0"
114.119.155.230 - - [15/Apr/2025:19:28:11 -0400] "GET /how-to-choose-cache-courses-in-dubai/ HTTP/1.1" 200 9879 "https://sunquicksf.com/category/activity/page/57/" "Mozilla/5.0 (Linux; Android 7.0;) AppleWebKit/537.36 (KHTML, like Gecko) Mobile Safari/537.36 (compatible; PetalBot;+https://webmaster.petalsearch.com/site/petalbot)"
176.105.231.26 - - [15/Apr/2025:19:28:51 -0400] "GET /the-benefits-of-a-rose-quartz-roller/ HTTP/1.1" 200 10563 "-" "Mozilla/5.0 (Macintosh; Intel Mac OS X 12.5; rv:114.0) Gecko/20100101 Firefox/114.0"
51.222.253.9 - - [15/Apr/2025:19:29:34 -0400] "GET /amber-sea-is-rich-in-history-and-symbolism/ HTTP/1.1" 200 10714 "-" "Mozilla/5.0 (compatible; AhrefsBot/7.0; +http://ahrefs.com/robot/)"
114.119.138.5 - - [15/Apr/2025:19:30:07 -0400] "GET /category/activity/page/60/ HTTP/1.1" 200 10022 "https://sunquicksf.com/category/activity/page/61/" "Mozilla/5.0 (Linux; Android 7.0;) AppleWebKit/537.36 (KHTML, like Gecko) Mobile Safari/537.36 (compatible; PetalBot;+https://webmaster.petalsearch.com/site/petalbot)"
114.119.135.64 - - [15/Apr/2025:19:31:33 -0400] "GET /category/activity/page/24/ HTTP/1.1" 200 10191 "https://sunquicksf.com/category/activity/page/25/" "Mozilla/5.0 (Linux; Android 7.0;) AppleWebKit/537.36 (KHTML, like Gecko) Mobile Safari/537.36 (compatible; PetalBot;+https://webmaster.petalsearch.com/site/petalbot)"
51.222.253.14 - - [15/Apr/2025:19:32:04 -0400] "GET /grand-dunman-a-prime-district-15-precinct/ HTTP/1.1" 200 10686 "-" "Mozilla/5.0 (compatible; AhrefsBot/7.0; +http://ahrefs.com/robot/)"
114.119.134.207 - - [15/Apr/2025:19:32:43 -0400] "GET /mk-sales-bag-uk/ HTTP/1.1" 200 9790 "https://sunquicksf.com/category/activity/page/87/" "Mozilla/5.0 (Linux; Android 7.0;) AppleWebKit/537.36 (KHTML, like Gecko) Mobile Safari/537.36 (compatible; PetalBot;+https://webmaster.petalsearch.com/site/petalbot)"
51.222.253.17 - - [15/Apr/2025:19:34:19 -0400] "GET /unveiling-the-allure-and-concerns-of-online-casinos/ HTTP/1.1" 200 10058 "-" "Mozilla/5.0 (compatible; AhrefsBot/7.0; +http://ahrefs.com/robot/)"
51.222.253.15 - - [15/Apr/2025:19:36:16 -0400] "GET /pokemon-plush-uk/feed/ HTTP/1.1" 200 376 "-" "Mozilla/5.0 (compatible; AhrefsBot/7.0; +http://ahrefs.com/robot/)"
51.222.253.8 - - [15/Apr/2025:19:38:28 -0400] "GET /innovating-the-game-revolutionizing-casino-solution-distribution/feed/ HTTP/1.1" 304 0 "-" "Mozilla/5.0 (compatible; AhrefsBot/7.0; +http://ahrefs.com/robot/)"
93.183.93.19 - - [15/Apr/2025:19:38:30 -0400] "GET /the-benefits-of-manufacturing-automation/ HTTP/1.1" 200 10569 "https://sunquicksf.com/the-benefits-of-manufacturing-automation/" "Mozilla/5.0 (Windows NT 10.0; Win64; x64) AppleWebKit/537.36 (KHTML, like Gecko) Chrome/130.0.0.0 Safari/537.36 CCleaner/130.0.0.0"
93.183.93.19 - - [15/Apr/2025:19:38:30 -0400] "GET /the-benefits-of-manufacturing-automation/ HTTP/1.1" 200 10585 "https://sunquicksf.com/the-benefits-of-manufacturing-automation/" "Mozilla/5.0 (Windows NT 10.0; Win64; x64) AppleWebKit/537.36 (KHTML, like Gecko) Chrome/130.0.0.0 Safari/537.36"
93.183.93.19 - - [15/Apr/2025:19:38:37 -0400] "POST /wp-comments-post.php HTTP/1.1" 302 0 "https://sunquicksf.com/the-benefits-of-manufacturing-automation/" "Mozilla/5.0 (Windows NT 10.0; Win64; x64) AppleWebKit/537.36 (KHTML, like Gecko) Chrome/130.0.0.0 Safari/537.36 CCleaner/130.0.0.0"
93.183.93.19 - - [15/Apr/2025:19:38:37 -0400] "POST /wp-comments-post.php HTTP/1.1" 302 0 "https://sunquicksf.com/the-benefits-of-manufacturing-automation/" "Mozilla/5.0 (Windows NT 10.0; Win64; x64) AppleWebKit/537.36 (KHTML, like Gecko) Chrome/130.0.0.0 Safari/537.36"
93.183.93.19 - - [15/Apr/2025:19:38:43 -0400] "GET /the-benefits-of-manufacturing-automation/ HTTP/1.1" 200 11876 "https://sunquicksf.com/the-benefits-of-manufacturing-automation/#comment-50186" "Mozilla/5.0 (Windows NT 10.0; Win64; x64) AppleWebKit/537.36 (KHTML, like Gecko) Chrome/130.0.0.0 Safari/537.36 CCleaner/130.0.0.0"
93.183.93.19 - - [15/Apr/2025:19:38:43 -0400] "GET /the-benefits-of-manufacturing-automation/ HTTP/1.1" 200 11886 "https://sunquicksf.com/the-benefits-of-manufacturing-automation/#comment-50187" "Mozilla/5.0 (Windows NT 10.0; Win64; x64) AppleWebKit/537.36 (KHTML, like Gecko) Chrome/130.0.0.0 Safari/537.36"
178.217.98.213 - - [15/Apr/2025:19:40:09 -0400] "GET /the-benefits-of-manufacturing-automation/ HTTP/1.1" 200 10594 "https://sunquicksf.com/the-benefits-of-manufacturing-automation/" "Mozilla/5.0 (Windows NT 10.0; Win64; x64) AppleWebKit/537.36 (KHTML, like Gecko) Chrome/130.0.0.0 Safari/537.36 CCleaner/130.0.0.0"
178.217.98.213 - - [15/Apr/2025:19:40:17 -0400] "POST /wp-comments-post.php HTTP/1.1" 302 0 "https://sunquicksf.com/the-benefits-of-manufacturing-automation/" "Mozilla/5.0 (Windows NT 10.0; Win64; x64) AppleWebKit/537.36 (KHTML, like Gecko) Chrome/130.0.0.0 Safari/537.36 CCleaner/130.0.0.0"
178.217.98.213 - - [15/Apr/2025:19:40:23 -0400] "GET /the-benefits-of-manufacturing-automation/ HTTP/1.1" 200 11187 "https://sunquicksf.com/the-benefits-of-manufacturing-automation/#comment-50188" "Mozilla/5.0 (Windows NT 10.0; Win64; x64) AppleWebKit/537.36 (KHTML, like Gecko) Chrome/130.0.0.0 Safari/537.36 CCleaner/130.0.0.0"
114.119.156.71 - - [15/Apr/2025:19:40:57 -0400] "GET /category/activity/page/107/ HTTP/1.1" 200 9959 "https://sunquicksf.com/category/activity/page/108/" "Mozilla/5.0 (Linux; Android 7.0;) AppleWebKit/537.36 (KHTML, like Gecko) Mobile Safari/537.36 (compatible; PetalBot;+https://webmaster.petalsearch.com/site/petalbot)"
51.222.253.20 - - [15/Apr/2025:19:41:00 -0400] "GET /a-look-into-the-world-of-meyer-blau/feed/ HTTP/1.1" 304 0 "-" "Mozilla/5.0 (compatible; AhrefsBot/7.0; +http://ahrefs.com/robot/)"
198.54.114.83 - - [15/Apr/2025:19:43:38 -0400] "POST /wp-cron.php?doing_wp_cron=1744760618.0968379974365234375000 HTTP/1.1" 200 0 "-" "WordPress/6.7.2; https://sunquicksf.com"
51.222.253.16 - - [15/Apr/2025:19:43:32 -0400] "GET /terra-hill-condominiums-in-district-5/feed/ HTTP/1.1" 200 399 "-" "Mozilla/5.0 (compatible; AhrefsBot/7.0; +http://ahrefs.com/robot/)"
51.222.253.9 - - [15/Apr/2025:19:45:53 -0400] "GET /explore-the-streets-of-joo-chiat/ HTTP/1.1" 200 9791 "-" "Mozilla/5.0 (compatible; AhrefsBot/7.0; +http://ahrefs.com/robot/)"
167.172.20.109 - - [15/Apr/2025:19:46:28 -0400] "GET /category/contact-us/ HTTP/1.1" 200 8121 "http://sunquicksf.com" "Mozilla/5.0 (Macintosh; Intel Mac OS X 12.5; rv:114.0) Gecko/20100101 Firefox/114.0"
51.222.253.8 - - [15/Apr/2025:19:48:22 -0400] "GET /une-solution-efficace-pour-lisolation-sonore/ HTTP/1.1" 200 10162 "-" "Mozilla/5.0 (compatible; AhrefsBot/7.0; +http://ahrefs.com/robot/)"
109.172.87.122 - - [15/Apr/2025:19:49:29 -0400] "GET /the-benefits-of-manufacturing-automation/ HTTP/1.1" 200 0 "https://sunquicksf.com/the-benefits-of-manufacturing-automation/" "Mozilla/5.0 (Windows NT 10.0; Win64; x64) AppleWebKit/537.36 (KHTML, like Gecko) Chrome/130.0.0.0 Safari/537.36"
109.172.87.122 - - [15/Apr/2025:19:49:49 -0400] "GET / HTTP/1.1" 200 77991 "https://sunquicksf.com/" "Mozilla/5.0 (Windows NT 10.0; Win64; x64) AppleWebKit/537.36 (KHTML, like Gecko) Chrome/130.0.0.0 Safari/537.36"
51.222.253.18 - - [15/Apr/2025:19:50:31 -0400] "GET /drain-establishment-ought-to-i-get-it-done-myself/ HTTP/1.1" 200 10952 "-" "Mozilla/5.0 (compatible; AhrefsBot/7.0; +http://ahrefs.com/robot/)"
51.222.253.5 - - [15/Apr/2025:19:53:25 -0400] "GET /the-crucial-role-of-licensed-moneylenders/ HTTP/1.1" 200 9839 "-" "Mozilla/5.0 (compatible; AhrefsBot/7.0; +http://ahrefs.com/robot/)"
107.172.170.189 - - [15/Apr/2025:19:55:27 -0400] "GET /restaurants-for-rent-in-qatar HTTP/1.1" 301 0 "-" "Mozilla/5.0 (X11; Linux i686) AppleWebKit/537.36 (KHTML, like Gecko) Chrome/114.0.0.0 Safari/537.36 Vivaldi/5.3.2679.68"
107.172.170.189 - - [15/Apr/2025:19:55:29 -0400] "GET /restaurants-for-rent-in-qatar/ HTTP/1.1" 200 10753 "https://sunquicksf.com/restaurants-for-rent-in-qatar" "Mozilla/5.0 (X11; Linux i686) AppleWebKit/537.36 (KHTML, like Gecko) Chrome/114.0.0.0 Safari/537.36 Vivaldi/5.3.2679.68"
107.172.170.189 - - [15/Apr/2025:19:55:34 -0400] "GET /category/sign-up/ HTTP/1.1" 200 8104 "https://sunquicksf.com/restaurants-for-rent-in-qatar/" "Mozilla/5.0 (Windows NT 6.3; Win64; x64) AppleWebKit/537.36 (KHTML, like Gecko) Chrome/103.0.0.0 Safari/537.36"
107.172.170.189 - - [15/Apr/2025:19:55:35 -0400] "GET /category/sign-up/ HTTP/1.1" 200 8081 "https://sunquicksf.com/category/sign-up/" "Mozilla/5.0 (Windows NT 6.3; Win64; x64) AppleWebKit/537.36 (KHTML, like Gecko) Chrome/103.0.0.0 Safari/537.36"
51.222.253.13 - - [15/Apr/2025:19:55:50 -0400] "GET /unique-gifts-for-cyclists/feed/ HTTP/1.1" 200 387 "-" "Mozilla/5.0 (compatible; AhrefsBot/7.0; +http://ahrefs.com/robot/)"
198.54.114.83 - - [15/Apr/2025:19:56:27 -0400] "POST /wp-cron.php?doing_wp_cron=1744761386.5324029922485351562500 HTTP/1.1" 200 0 "-" "WordPress/6.7.2; https://sunquicksf.com"
114.119.156.71 - - [15/Apr/2025:19:56:26 -0400] "GET /the-arden-a-special-place-to-live/ HTTP/1.1" 200 10240 "https://sunquicksf.com/category/activity/page/69/" "Mozilla/5.0 (Linux; Android 7.0;) AppleWebKit/537.36 (KHTML, like Gecko) Mobile Safari/537.36 (compatible; PetalBot;+https://webmaster.petalsearch.com/site/petalbot)"
114.119.134.207 - - [15/Apr/2025:19:57:11 -0400] "GET /german-classes-in-london/ HTTP/1.1" 200 10015 "https://sunquicksf.com/page/54/" "Mozilla/5.0 (Linux; Android 7.0;) AppleWebKit/537.36 (KHTML, like Gecko) Mobile Safari/537.36 (compatible; PetalBot;+https://webmaster.petalsearch.com/site/petalbot)"
2001:470:1:b95::7268 - - [15/Apr/2025:19:58:16 -0400] "GET / HTTP/1.1" 200 77991 "-" "Mozilla/5.0 (compatible; ev-crawler/1.0; +https://headline.com/legal/crawler)"
198.54.114.83 - - [15/Apr/2025:19:58:21 -0400] "POST /wp-cron.php?doing_wp_cron=1744761500.4680030345916748046875 HTTP/1.1" 200 0 "-" "WordPress/6.7.2; https://sunquicksf.com"
51.222.253.10 - - [15/Apr/2025:19:58:20 -0400] "GET /leclat-dune-cure-de-jus/ HTTP/1.1" 200 10259 "-" "Mozilla/5.0 (compatible; AhrefsBot/7.0; +http://ahrefs.com/robot/)"
2001:470:1:b95::7268 - - [15/Apr/2025:19:58:21 -0400] "GET /products/sw.js HTTP/1.1" 404 7833 "https://sunquicksf.com/" "Mozilla/5.0 (compatible; ev-crawler/1.0; +https://headline.com/legal/crawler)"
114.119.138.5 - - [15/Apr/2025:19:59:27 -0400] "GET /buying-youtube-likes-how-to-buy-youtube-likes-safely/ HTTP/1.1" 200 10506 "https://sunquicksf.com/category/activity/page/81/" "Mozilla/5.0 (Linux; Android 7.0;) AppleWebKit/537.36 (KHTML, like Gecko) Mobile Safari/537.36 (compatible; PetalBot;+https://webmaster.petalsearch.com/site/petalbot)"
167.253.66.82 - - [15/Apr/2025:20:00:01 -0400] "GET /mk-shoulder-bag/ HTTP/1.1" 200 10445 "-" "Mozilla/5.0 (Macintosh; Intel Mac OS X 12_5) AppleWebKit/537.36 (KHTML, like Gecko) Chrome/114.0.0.0 Safari/537.36 Vivaldi/5.3.2679.68"
51.222.253.18 - - [15/Apr/2025:20:00:43 -0400] "GET /como-calcular-el-costo-de-peaje-en-mexico/ HTTP/1.1" 200 10152 "-" "Mozilla/5.0 (compatible; AhrefsBot/7.0; +http://ahrefs.com/robot/)"
51.222.253.10 - - [15/Apr/2025:20:03:14 -0400] "GET /the-importance-of-cyber-security/ HTTP/1.1" 200 10059 "-" "Mozilla/5.0 (compatible; AhrefsBot/7.0; +http://ahrefs.com/robot/)"
185.157.212.157 - - [15/Apr/2025:20:03:24 -0400] "GET /the-benefits-of-manufacturing-automation/ HTTP/1.1" 200 10569 "https://sunquicksf.com/the-benefits-of-manufacturing-automation/" "Mozilla/5.0 (Windows NT 10.0; Win64; x64) AppleWebKit/537.36 (KHTML, like Gecko) Chrome/129.0.0.0 Safari/537.36"
185.157.212.157 - - [15/Apr/2025:20:03:28 -0400] "POST /wp-comments-post.php HTTP/1.1" 302 0 "https://sunquicksf.com/the-benefits-of-manufacturing-automation/" "Mozilla/5.0 (Windows NT 10.0; Win64; x64) AppleWebKit/537.36 (KHTML, like Gecko) Chrome/129.0.0.0 Safari/537.36"
185.157.212.157 - - [15/Apr/2025:20:03:31 -0400] "GET /the-benefits-of-manufacturing-automation/ HTTP/1.1" 200 11998 "https://sunquicksf.com/the-benefits-of-manufacturing-automation/#comment-50189" "Mozilla/5.0 (Windows NT 10.0; Win64; x64) AppleWebKit/537.36 (KHTML, like Gecko) Chrome/129.0.0.0 Safari/537.36"
51.222.253.3 - - [15/Apr/2025:20:05:48 -0400] "GET /page/52/ HTTP/1.1" 200 9731 "-" "Mozilla/5.0 (compatible; AhrefsBot/7.0; +http://ahrefs.com/robot/)"
178.217.98.213 - - [15/Apr/2025:20:07:05 -0400] "GET /the-benefits-of-manufacturing-automation/ HTTP/1.1" 200 10585 "https://sunquicksf.com/the-benefits-of-manufacturing-automation/" "Mozilla/5.0 (Windows NT 10.0; Win64; x64) AppleWebKit/537.36 (KHTML, like Gecko) Chrome/130.0.0.0 Safari/537.36"
178.217.98.213 - - [15/Apr/2025:20:07:08 -0400] "POST /wp-comments-post.php HTTP/1.1" 302 0 "https://sunquicksf.com/the-benefits-of-manufacturing-automation/" "Mozilla/5.0 (Windows NT 10.0; Win64; x64) AppleWebKit/537.36 (KHTML, like Gecko) Chrome/130.0.0.0 Safari/537.36"
93.183.93.19 - - [15/Apr/2025:20:07:13 -0400] "GET /the-benefits-of-manufacturing-automation/ HTTP/1.1" 200 10569 "https://sunquicksf.com/the-benefits-of-manufacturing-automation/" "Mozilla/5.0 (Windows NT 10.0; Win64; x64) AppleWebKit/537.36 (KHTML, like Gecko) Chrome/129.0.0.0 Safari/537.36"
178.217.98.213 - - [15/Apr/2025:20:07:13 -0400] "GET /the-benefits-of-manufacturing-automation/ HTTP/1.1" 200 9830 "https://sunquicksf.com/the-benefits-of-manufacturing-automation/#comment-50190" "Mozilla/5.0 (Windows NT 10.0; Win64; x64) AppleWebKit/537.36 (KHTML, like Gecko) Chrome/130.0.0.0 Safari/537.36"
93.183.93.19 - - [15/Apr/2025:20:07:14 -0400] "GET /the-benefits-of-manufacturing-automation/ HTTP/1.1" 200 10553 "https://sunquicksf.com/the-benefits-of-manufacturing-automation/" "Mozilla/5.0 (Windows NT 10.0; Win64; x64) AppleWebKit/537.36 (KHTML, like Gecko) Chrome/130.0.0.0 Safari/537.36"
93.183.93.19 - - [15/Apr/2025:20:07:15 -0400] "POST /wp-comments-post.php HTTP/1.1" 302 0 "https://sunquicksf.com/the-benefits-of-manufacturing-automation/" "Mozilla/5.0 (Windows NT 10.0; Win64; x64) AppleWebKit/537.36 (KHTML, like Gecko) Chrome/129.0.0.0 Safari/537.36"
93.183.93.19 - - [15/Apr/2025:20:07:16 -0400] "POST /wp-comments-post.php HTTP/1.1" 429 982 "https://sunquicksf.com/the-benefits-of-manufacturing-automation/" "Mozilla/5.0 (Windows NT 10.0; Win64; x64) AppleWebKit/537.36 (KHTML, like Gecko) Chrome/130.0.0.0 Safari/537.36"
93.183.93.19 - - [15/Apr/2025:20:07:18 -0400] "GET /the-benefits-of-manufacturing-automation/ HTTP/1.1" 200 11876 "https://sunquicksf.com/the-benefits-of-manufacturing-automation/#comment-50191" "Mozilla/5.0 (Windows NT 10.0; Win64; x64) AppleWebKit/537.36 (KHTML, like Gecko) Chrome/129.0.0.0 Safari/537.36"
93.183.93.19 - - [15/Apr/2025:20:07:18 -0400] "GET /the-benefits-of-manufacturing-automation/ HTTP/1.1" 200 10594 "https://sunquicksf.com/the-benefits-of-manufacturing-automation/" "Mozilla/5.0 (Windows NT 10.0; Win64; x64) AppleWebKit/537.36 (KHTML, like Gecko) Chrome/130.0.0.0 Safari/537.36"
51.222.253.13 - - [15/Apr/2025:20:08:02 -0400] "GET /assurance-professionnelle-proteger-votre-activite-avec-sagesse/ HTTP/1.1" 200 10183 "-" "Mozilla/5.0 (compatible; AhrefsBot/7.0; +http://ahrefs.com/robot/)"
66.249.79.107 - - [15/Apr/2025:20:09:31 -0400] "GET /robots.txt HTTP/1.1" 200 109 "-" "Mozilla/5.0 (compatible; Googlebot/2.1; +http://www.google.com/bot.html)"
66.249.79.105 - - [15/Apr/2025:20:09:36 -0400] "GET /fun-single-guy-party-thoughts-in-chicago/ HTTP/1.1" 200 11279 "-" "Mozilla/5.0 (Linux; Android 6.0.1; Nexus 5X Build/MMB29P) AppleWebKit/537.36 (KHTML, like Gecko) Chrome/135.0.7049.84 Mobile Safari/537.36 (compatible; Googlebot/2.1; +http://www.google.com/bot.html)"
51.222.253.18 - - [15/Apr/2025:20:10:32 -0400] "GET /bookmakers-closing-times/ HTTP/1.1" 200 10691 "-" "Mozilla/5.0 (compatible; AhrefsBot/7.0; +http://ahrefs.com/robot/)"
114.119.135.64 - - [15/Apr/2025:20:11:28 -0400] "GET /revolutionizing-packaging-the-water-soluble-film-packaging-machine/ HTTP/1.1" 200 10280 "https://sunquicksf.com/category/activity/page/116/" "Mozilla/5.0 (Linux; Android 7.0;) AppleWebKit/537.36 (KHTML, like Gecko) Mobile Safari/537.36 (compatible; PetalBot;+https://webmaster.petalsearch.com/site/petalbot)"
129.226.162.20 - - [15/Apr/2025:20:12:38 -0400] "GET /what-is-a-bitcoin-mixer/ HTTP/1.1" 200 9997 "-" "Python/3.10 aiohttp/3.10.5"
51.222.253.13 - - [15/Apr/2025:20:12:45 -0400] "GET /die-bedeutung-der-buchhaltung-fur-unternehmen/ HTTP/1.1" 200 10094 "-" "Mozilla/5.0 (compatible; AhrefsBot/7.0; +http://ahrefs.com/robot/)"
114.119.135.64 - - [15/Apr/2025:20:12:46 -0400] "GET /la-lampe-a-lave/ HTTP/1.1" 200 10203 "https://sunquicksf.com/the-lava-lamp/" "Mozilla/5.0 (Linux; Android 7.0;) AppleWebKit/537.36 (KHTML, like Gecko) Mobile Safari/537.36 (compatible; PetalBot;+https://webmaster.petalsearch.com/site/petalbot)"
62.113.115.161 - - [15/Apr/2025:20:14:05 -0400] "GET /ally-bank-customer-service/ HTTP/1.1" 200 10691 "https://sunquicksf.com/ally-bank-customer-service/" "Mozilla/5.0 (Windows NT 10.0; Win64; x64) AppleWebKit/537.36 (KHTML, like Gecko) Chrome/130.0.0.0 Safari/537.36"
62.113.115.161 - - [15/Apr/2025:20:14:08 -0400] "POST /wp-comments-post.php HTTP/1.1" 302 0 "https://sunquicksf.com/ally-bank-customer-service/" "Mozilla/5.0 (Windows NT 10.0; Win64; x64) AppleWebKit/537.36 (KHTML, like Gecko) Chrome/130.0.0.0 Safari/537.36"
62.113.115.161 - - [15/Apr/2025:20:14:11 -0400] "GET /ally-bank-customer-service/ HTTP/1.1" 200 10186 "https://sunquicksf.com/ally-bank-customer-service/#comment-50192" "Mozilla/5.0 (Windows NT 10.0; Win64; x64) AppleWebKit/537.36 (KHTML, like Gecko) Chrome/130.0.0.0 Safari/537.36"
114.119.156.71 - - [15/Apr/2025:20:14:20 -0400] "GET /how-to-choose-an-online-casino/ HTTP/1.1" 200 9970 "https://sunquicksf.com/category/activity/page/47/" "Mozilla/5.0 (Linux; Android 7.0;) AppleWebKit/537.36 (KHTML, like Gecko) Mobile Safari/537.36 (compatible; PetalBot;+https://webmaster.petalsearch.com/site/petalbot)"
51.222.253.5 - - [15/Apr/2025:20:15:15 -0400] "GET /stop-people-in-their-tracks-with-star-wars-halloween-ensembles/ HTTP/1.1" 200 10929 "-" "Mozilla/5.0 (compatible; AhrefsBot/7.0; +http://ahrefs.com/robot/)"
4.227.36.65 - - [15/Apr/2025:20:16:55 -0400] "GET /robots.txt HTTP/1.1" 200 109 "-" "Mozilla/5.0 AppleWebKit/537.36 (KHTML, like Gecko; compatible; GPTBot/1.2; +https://openai.com/gptbot)"
20.171.207.134 - - [15/Apr/2025:20:17:05 -0400] "GET / HTTP/1.1" 200 77991 "-" "Mozilla/5.0 AppleWebKit/537.36 (KHTML, like Gecko; compatible; GPTBot/1.2; +https://openai.com/gptbot)"
51.222.253.3 - - [15/Apr/2025:20:17:46 -0400] "GET /pyjama-pilou-pilou-femme/feed/ HTTP/1.1" 304 0 "-" "Mozilla/5.0 (compatible; AhrefsBot/7.0; +http://ahrefs.com/robot/)"
198.54.114.83 - - [15/Apr/2025:20:20:22 -0400] "POST /wp-cron.php?doing_wp_cron=1744762821.5370380878448486328125 HTTP/1.1" 200 0 "-" "WordPress/6.7.2; https://sunquicksf.com"
51.222.253.18 - - [15/Apr/2025:20:20:17 -0400] "GET /noxwin-gambling-establishment-opinion-analysis-3/ HTTP/1.1" 200 13411 "-" "Mozilla/5.0 (compatible; AhrefsBot/7.0; +http://ahrefs.com/robot/)"
212.34.141.234 - - [15/Apr/2025:20:21:42 -0400] "GET /navigating-the-digital-dice-exploring-the-world-of-online-gambling/ HTTP/1.1" 200 10175 "https://sunquicksf.com/navigating-the-digital-dice-exploring-the-world-of-online-gambling/" "Mozilla/5.0 (Windows NT 10.0; Win64; x64) AppleWebKit/537.36 (KHTML, like Gecko) Chrome/131.0.0.0 Safari/537.36 Avast/131.0.0.0"
212.34.141.234 - - [15/Apr/2025:20:21:43 -0400] "POST /wp-comments-post.php HTTP/1.1" 302 0 "https://sunquicksf.com/navigating-the-digital-dice-exploring-the-world-of-online-gambling/" "Mozilla/5.0 (Windows NT 10.0; Win64; x64) AppleWebKit/537.36 (KHTML, like Gecko) Chrome/131.0.0.0 Safari/537.36 Avast/131.0.0.0"
212.34.141.234 - - [15/Apr/2025:20:21:45 -0400] "GET /navigating-the-digital-dice-exploring-the-world-of-online-gambling/ HTTP/1.1" 200 10928 "https://sunquicksf.com/navigating-the-digital-dice-exploring-the-world-of-online-gambling/#comment-50193" "Mozilla/5.0 (Windows NT 10.0; Win64; x64) AppleWebKit/537.36 (KHTML, like Gecko) Chrome/131.0.0.0 Safari/537.36 Avast/131.0.0.0"
51.222.253.19 - - [15/Apr/2025:20:22:36 -0400] "GET /unveiling-the-truth-behind-buying-instagram-followers/ HTTP/1.1" 200 10207 "-" "Mozilla/5.0 (compatible; AhrefsBot/7.0; +http://ahrefs.com/robot/)"
51.222.253.7 - - [15/Apr/2025:20:25:08 -0400] "GET /buy-youtube-views-why-you-should-buy-youtube-views/ HTTP/1.1" 200 10014 "-" "Mozilla/5.0 (compatible; AhrefsBot/7.0; +http://ahrefs.com/robot/)"
40.77.167.42 - - [15/Apr/2025:20:26:37 -0400] "GET /the-cannonball-goblet-squat/ HTTP/1.1" 200 10008 "-" "Mozilla/5.0 AppleWebKit/537.36 (KHTML, like Gecko; compatible; bingbot/2.0; +http://www.bing.com/bingbot.htm) Chrome/116.0.1938.76 Safari/537.36"
114.119.156.71 - - [15/Apr/2025:20:26:47 -0400] "GET /the-ultimate-guide-to-shopping-for-prescription-glasses/ HTTP/1.1" 200 10068 "https://sunquicksf.com/category/activity/page/7/" "Mozilla/5.0 (Linux; Android 7.0;) AppleWebKit/537.36 (KHTML, like Gecko) Mobile Safari/537.36 (compatible; PetalBot;+https://webmaster.petalsearch.com/site/petalbot)"
35.240.128.90 - - [15/Apr/2025:20:27:05 -0400] "POST /wp-login.php HTTP/1.1" 200 1846 "-" "Mozlila/5.0 (Linux; Android 7.0; SM-G892A Bulid/NRD90M; wv) AppleWebKit/537.36 (KHTML, like Gecko) Version/4.0 Chrome/60.0.3112.107 Moblie Safari/537.36"
35.240.128.90 - - [15/Apr/2025:20:27:07 -0400] "GET /wp-admin/plugin-install.php?tab=upload HTTP/1.1" 302 0 "-" "Mozlila/5.0 (Linux; Android 7.0; SM-G892A Bulid/NRD90M; wv) AppleWebKit/537.36 (KHTML, like Gecko) Version/4.0 Chrome/60.0.3112.107 Moblie Safari/537.36"
35.240.128.90 - - [15/Apr/2025:20:27:09 -0400] "GET /wp-login.php?redirect_to=https%3A%2F%2Fsunquicksf.com%2Fwp-admin%2Fplugin-install.php%3Ftab%3Dupload&reauth=1 HTTP/1.1" 200 1739 "-" "Mozlila/5.0 (Linux; Android 7.0; SM-G892A Bulid/NRD90M; wv) AppleWebKit/537.36 (KHTML, like Gecko) Version/4.0 Chrome/60.0.3112.107 Moblie Safari/537.36"
212.102.37.196 - - [15/Apr/2025:20:27:28 -0400] "GET /how-to-become-a-successful-author-through-comprehensive-courses/ HTTP/1.1" 200 10338 "-" "Mozilla/5.0 (Macintosh; Intel Mac OS X 12.5; rv:114.0) Gecko/20100101 Firefox/114.0"
51.222.253.17 - - [15/Apr/2025:20:27:37 -0400] "GET /une-exploration-de-lelegance/ HTTP/1.1" 200 10019 "-" "Mozilla/5.0 (compatible; AhrefsBot/7.0; +http://ahrefs.com/robot/)"
114.119.147.233 - - [15/Apr/2025:20:28:08 -0400] "GET /category/activity/page/74/ HTTP/1.1" 200 10401 "https://sunquicksf.com/category/activity/page/75/" "Mozilla/5.0 (Linux; Android 7.0;) AppleWebKit/537.36 (KHTML, like Gecko) Mobile Safari/537.36 (compatible; PetalBot;+https://webmaster.petalsearch.com/site/petalbot)"
185.157.212.157 - - [15/Apr/2025:20:29:53 -0400] "GET /the-benefits-of-manufacturing-automation/ HTTP/1.1" 200 10569 "https://sunquicksf.com/the-benefits-of-manufacturing-automation/" "Mozilla/5.0 (Windows NT 10.0; Win64; x64) AppleWebKit/537.36 (KHTML, like Gecko) Chrome/129.0.0.0 Safari/537.36"
185.157.212.157 - - [15/Apr/2025:20:30:04 -0400] "POST /wp-comments-post.php HTTP/1.1" 302 0 "https://sunquicksf.com/the-benefits-of-manufacturing-automation/" "Mozilla/5.0 (Windows NT 10.0; Win64; x64) AppleWebKit/537.36 (KHTML, like Gecko) Chrome/129.0.0.0 Safari/537.36"
185.157.212.157 - - [15/Apr/2025:20:30:08 -0400] "GET /the-benefits-of-manufacturing-automation/ HTTP/1.1" 200 10244 "https://sunquicksf.com/the-benefits-of-manufacturing-automation/#comment-50194" "Mozilla/5.0 (Windows NT 10.0; Win64; x64) AppleWebKit/537.36 (KHTML, like Gecko) Chrome/129.0.0.0 Safari/537.36"
51.222.253.5 - - [15/Apr/2025:20:30:13 -0400] "GET /the-benefits-and-drawbacks-of-diamond-burrs-and-carbide-burrs/ HTTP/1.1" 200 10456 "-" "Mozilla/5.0 (compatible; AhrefsBot/7.0; +http://ahrefs.com/robot/)"
114.119.156.71 - - [15/Apr/2025:20:32:16 -0400] "GET /steuerberatung-geht-uber-die-erstellung-von-steuererklarungen-hinaus/ HTTP/1.1" 200 10374 "https://sunquicksf.com/category/activity/page/48/" "Mozilla/5.0 (Linux; Android 7.0;) AppleWebKit/537.36 (KHTML, like Gecko) Mobile Safari/537.36 (compatible; PetalBot;+https://webmaster.petalsearch.com/site/petalbot)"
51.222.253.7 - - [15/Apr/2025:20:33:11 -0400] "GET /small-touch-bedside-lamps/feed/ HTTP/1.1" 200 391 "-" "Mozilla/5.0 (compatible; AhrefsBot/7.0; +http://ahrefs.com/robot/)"
51.222.253.10 - - [15/Apr/2025:20:35:33 -0400] "GET /exploring-the-thrills-of-online-casinos/ HTTP/1.1" 200 10102 "-" "Mozilla/5.0 (compatible; AhrefsBot/7.0; +http://ahrefs.com/robot/)"
51.222.253.9 - - [15/Apr/2025:20:37:57 -0400] "GET /the-pitfalls-of-buying-youtube-subscribers/feed/ HTTP/1.1" 200 409 "-" "Mozilla/5.0 (compatible; AhrefsBot/7.0; +http://ahrefs.com/robot/)"
35.240.128.90 - - [15/Apr/2025:20:39:12 -0400] "POST /wp-login.php HTTP/1.1" 200 1846 "-" "Mozlila/5.0 (Linux; Android 7.0; SM-G892A Bulid/NRD90M; wv) AppleWebKit/537.36 (KHTML, like Gecko) Version/4.0 Chrome/60.0.3112.107 Moblie Safari/537.36"
35.240.128.90 - - [15/Apr/2025:20:39:13 -0400] "GET /wp-admin/plugin-install.php?tab=upload HTTP/1.1" 302 0 "-" "Mozlila/5.0 (Linux; Android 7.0; SM-G892A Bulid/NRD90M; wv) AppleWebKit/537.36 (KHTML, like Gecko) Version/4.0 Chrome/60.0.3112.107 Moblie Safari/537.36"
35.240.128.90 - - [15/Apr/2025:20:39:14 -0400] "GET /wp-login.php?redirect_to=https%3A%2F%2Fsunquicksf.com%2Fwp-admin%2Fplugin-install.php%3Ftab%3Dupload&reauth=1 HTTP/1.1" 200 1739 "-" "Mozlila/5.0 (Linux; Android 7.0; SM-G892A Bulid/NRD90M; wv) AppleWebKit/537.36 (KHTML, like Gecko) Version/4.0 Chrome/60.0.3112.107 Moblie Safari/537.36"
51.222.253.10 - - [15/Apr/2025:20:39:55 -0400] "GET /ein-leuchtfeuer-fur-stil-und-funktionalitat/ HTTP/1.1" 200 10416 "-" "Mozilla/5.0 (compatible; AhrefsBot/7.0; +http://ahrefs.com/robot/)"
198.54.114.83 - - [15/Apr/2025:20:42:05 -0400] "POST /wp-cron.php?doing_wp_cron=1744764125.4419400691986083984375 HTTP/1.1" 200 0 "-" "WordPress/6.7.2; https://sunquicksf.com"
51.222.253.6 - - [15/Apr/2025:20:42:04 -0400] "GET /tretinoin-for-stretch-marks-how-effective-is-it/feed/ HTTP/1.1" 200 428 "-" "Mozilla/5.0 (compatible; AhrefsBot/7.0; +http://ahrefs.com/robot/)"
