114.119.147.233 - - [15/Apr/2025:03:01:59 -0400] "GET /streamlining-digital-connections/ HTTP/1.1" 200 9953 "https://sunquicksf.com/page/12/" "Mozilla/5.0 (Linux; Android 7.0;) AppleWebKit/537.36 (KHTML, like Gecko) Mobile Safari/537.36 (compatible; PetalBot;+https://webmaster.petalsearch.com/site/petalbot)"
51.222.253.16 - - [15/Apr/2025:03:03:49 -0400] "GET /how-to-find-a-reputable-online-casino/ HTTP/1.1" 200 9988 "-" "Mozilla/5.0 (compatible; AhrefsBot/7.0; +http://ahrefs.com/robot/)"
47.128.117.10 - - [15/Apr/2025:03:05:37 -0400] "GET /robots.txt HTTP/1.1" 200 109 "-" "Mozilla/5.0 (Linux; Android 5.0) AppleWebKit/537.36 (KHTML, like Gecko) Mobile Safari/537.36 (compatible; Bytespider; spider-feedback@bytedance.com)"
51.222.253.1 - - [15/Apr/2025:03:08:51 -0400] "GET /bookmakers-closing-times/feed/ HTTP/1.1" 304 0 "-" "Mozilla/5.0 (compatible; AhrefsBot/7.0; +http://ahrefs.com/robot/)"
129.226.176.117 - - [15/Apr/2025:03:12:36 -0400] "GET /how-to-turn-off-iphone-12-pro-max-when-frozen/ HTTP/1.1" 200 11593 "-" "Python/3.10 aiohttp/3.10.5"
51.222.253.8 - - [15/Apr/2025:03:13:38 -0400] "GET /how-to-build-an-enterprise-intranet-to-foster-collaboration-in-the-digital-workplace/ HTTP/1.1" 200 12105 "-" "Mozilla/5.0 (compatible; AhrefsBot/7.0; +http://ahrefs.com/robot/)"
93.183.93.19 - - [15/Apr/2025:03:17:44 -0400] "GET /the-benefits-of-manufacturing-automation/ HTTP/1.1" 200 10569 "https://sunquicksf.com/the-benefits-of-manufacturing-automation/" "Mozilla/5.0 (Windows NT 10.0; Win64; x64) AppleWebKit/537.36 (KHTML, like Gecko) Chrome/130.0.0.0 Safari/537.36 CCleaner/130.0.0.0"
93.183.93.19 - - [15/Apr/2025:03:17:44 -0400] "GET /the-benefits-of-manufacturing-automation/ HTTP/1.1" 200 10569 "https://sunquicksf.com/the-benefits-of-manufacturing-automation/" "Mozilla/5.0 (Windows NT 10.0; Win64; x64) AppleWebKit/537.36 (KHTML, like Gecko) Chrome/131.0.0.0 Safari/537.36 Avast/131.0.0.0"
93.183.93.19 - - [15/Apr/2025:03:17:51 -0400] "POST /wp-comments-post.php HTTP/1.1" 429 982 "https://sunquicksf.com/the-benefits-of-manufacturing-automation/" "Mozilla/5.0 (Windows NT 10.0; Win64; x64) AppleWebKit/537.36 (KHTML, like Gecko) Chrome/130.0.0.0 Safari/537.36 CCleaner/130.0.0.0"
93.183.93.19 - - [15/Apr/2025:03:17:51 -0400] "POST /wp-comments-post.php HTTP/1.1" 302 0 "https://sunquicksf.com/the-benefits-of-manufacturing-automation/" "Mozilla/5.0 (Windows NT 10.0; Win64; x64) AppleWebKit/537.36 (KHTML, like Gecko) Chrome/131.0.0.0 Safari/537.36 Avast/131.0.0.0"
93.183.93.19 - - [15/Apr/2025:03:17:53 -0400] "GET /the-benefits-of-manufacturing-automation/ HTTP/1.1" 200 10553 "https://sunquicksf.com/the-benefits-of-manufacturing-automation/" "Mozilla/5.0 (Windows NT 10.0; Win64; x64) AppleWebKit/537.36 (KHTML, like Gecko) Chrome/130.0.0.0 Safari/537.36 CCleaner/130.0.0.0"
93.183.93.19 - - [15/Apr/2025:03:17:56 -0400] "GET /the-benefits-of-manufacturing-automation/ HTTP/1.1" 200 11821 "https://sunquicksf.com/the-benefits-of-manufacturing-automation/#comment-50086" "Mozilla/5.0 (Windows NT 10.0; Win64; x64) AppleWebKit/537.36 (KHTML, like Gecko) Chrome/131.0.0.0 Safari/537.36 Avast/131.0.0.0"
198.54.114.83 - - [15/Apr/2025:03:18:31 -0400] "POST /wp-cron.php?doing_wp_cron=1744701510.7979960441589355468750 HTTP/1.1" 200 0 "-" "WordPress/6.7.2; https://sunquicksf.com"
51.222.253.8 - - [15/Apr/2025:03:18:29 -0400] "GET /vegan-face-care/feed/ HTTP/1.1" 304 0 "-" "Mozilla/5.0 (compatible; AhrefsBot/7.0; +http://ahrefs.com/robot/)"
213.180.203.248 - - [15/Apr/2025:03:19:52 -0400] "GET /robots.txt HTTP/1.1" 200 109 "-" "Mozilla/5.0 (compatible; YandexBot/3.0; +http://yandex.com/bots)"
95.108.213.165 - - [15/Apr/2025:03:19:56 -0400] "GET /favicon.ico HTTP/1.1" 404 1251 "-" "Mozilla/5.0 (compatible; YandexFavicons/1.0; +http://yandex.com/bots)"
3.229.164.203 - - [15/Apr/2025:03:20:26 -0400] "GET /category/activity/page/10/ HTTP/1.1" 200 9923 "-" "Mozilla/5.0 AppleWebKit/537.36 (KHTML, like Gecko; compatible; Amazonbot/0.1; +https://developer.amazon.com/support/amazonbot) Chrome/119.0.6045.214 Safari/537.36"
119.28.2.21 - - [15/Apr/2025:03:20:33 -0400] "GET /how-to-change-username-on-spotify/ HTTP/1.1" 200 12258 "-" "Python/3.10 aiohttp/3.10.5"
114.119.155.230 - - [15/Apr/2025:03:20:52 -0400] "GET /top-10-parfume-fur-frauen/ HTTP/1.1" 200 10874 "https://sunquicksf.com/category/activity/page/41/" "Mozilla/5.0 (Linux; Android 7.0;) AppleWebKit/537.36 (KHTML, like Gecko) Mobile Safari/537.36 (compatible; PetalBot;+https://webmaster.petalsearch.com/site/petalbot)"
178.217.98.213 - - [15/Apr/2025:03:21:41 -0400] "GET /the-benefits-of-manufacturing-automation/ HTTP/1.1" 200 10553 "-" "Mozilla/5.0 (Linux x86_64; rv:114.0) Gecko/20100101 Firefox/114.0"
114.119.138.5 - - [15/Apr/2025:03:22:16 -0400] "GET /tips-for-credit-score-improvement/ HTTP/1.1" 200 10254 "https://sunquicksf.com/page/75/" "Mozilla/5.0 (Linux; Android 7.0;) AppleWebKit/537.36 (KHTML, like Gecko) Mobile Safari/537.36 (compatible; PetalBot;+https://webmaster.petalsearch.com/site/petalbot)"
51.222.253.13 - - [15/Apr/2025:03:23:14 -0400] "GET /types-of-therapy-for-autism/feed/ HTTP/1.1" 200 389 "-" "Mozilla/5.0 (compatible; AhrefsBot/7.0; +http://ahrefs.com/robot/)"
114.119.155.230 - - [15/Apr/2025:03:23:38 -0400] "GET /the-art-of-cabinet-manufacturing/ HTTP/1.1" 200 10006 "https://sunquicksf.com/the-art-of-cabinet-manufacturing/" "Mozilla/5.0 (Linux; Android 7.0;) AppleWebKit/537.36 (KHTML, like Gecko) Mobile Safari/537.36 (compatible; PetalBot;+https://webmaster.petalsearch.com/site/petalbot)"
124.156.104.122 - - [15/Apr/2025:03:24:23 -0400] "GET /for-the-treatment-of-cancer-know-the-advanced-treatment-of-cancer/ HTTP/1.1" 200 10113 "-" "Python/3.10 aiohttp/3.10.5"
114.119.134.207 - - [15/Apr/2025:03:25:03 -0400] "GET /elevated-living-exploring-the-essence-of-park-hill-condo/ HTTP/1.1" 200 10193 "https://sunquicksf.com/category/activity/page/19/" "Mozilla/5.0 (Linux; Android 7.0;) AppleWebKit/537.36 (KHTML, like Gecko) Mobile Safari/537.36 (compatible; PetalBot;+https://webmaster.petalsearch.com/site/petalbot)"
91.84.98.204 - - [15/Apr/2025:03:25:37 -0400] "GET /the-benefits-of-manufacturing-automation/ HTTP/1.1" 200 10569 "https://sunquicksf.com/the-benefits-of-manufacturing-automation/" "Mozilla/5.0 (Windows NT 10.0; Win64; x64) AppleWebKit/537.36 (KHTML, like Gecko) Chrome/129.0.0.0 Safari/537.36"
91.84.98.204 - - [15/Apr/2025:03:25:40 -0400] "POST /wp-comments-post.php HTTP/1.1" 302 0 "https://sunquicksf.com/the-benefits-of-manufacturing-automation/" "Mozilla/5.0 (Windows NT 10.0; Win64; x64) AppleWebKit/537.36 (KHTML, like Gecko) Chrome/129.0.0.0 Safari/537.36"
91.84.98.204 - - [15/Apr/2025:03:25:44 -0400] "GET /the-benefits-of-manufacturing-automation/ HTTP/1.1" 200 12136 "https://sunquicksf.com/the-benefits-of-manufacturing-automation/#comment-50087" "Mozilla/5.0 (Windows NT 10.0; Win64; x64) AppleWebKit/537.36 (KHTML, like Gecko) Chrome/129.0.0.0 Safari/537.36"
51.222.253.9 - - [15/Apr/2025:03:28:13 -0400] "GET /tax-declarations-in-the-philippines/feed/ HTTP/1.1" 200 389 "-" "Mozilla/5.0 (compatible; AhrefsBot/7.0; +http://ahrefs.com/robot/)"
43.134.216.64 - - [15/Apr/2025:03:30:45 -0400] "GET /crafting-basics/ HTTP/1.1" 200 12278 "-" "Python/3.10 aiohttp/3.10.5"
51.222.253.11 - - [15/Apr/2025:03:33:34 -0400] "GET /buy-tiktok-video-saves-to-boost-your-engagement-and-popularity-on-tiktok/ HTTP/1.1" 200 9991 "-" "Mozilla/5.0 (compatible; AhrefsBot/7.0; +http://ahrefs.com/robot/)"
185.157.212.157 - - [15/Apr/2025:03:34:23 -0400] "GET /the-benefits-of-manufacturing-automation/ HTTP/1.1" 200 10553 "https://sunquicksf.com/the-benefits-of-manufacturing-automation/" "Mozilla/5.0 (Windows NT 10.0; Win64; x64) AppleWebKit/537.36 (KHTML, like Gecko) Chrome/130.0.0.0 Safari/537.36 CCleaner/130.0.0.0"
185.157.212.157 - - [15/Apr/2025:03:34:26 -0400] "POST /wp-comments-post.php HTTP/1.1" 302 0 "https://sunquicksf.com/the-benefits-of-manufacturing-automation/" "Mozilla/5.0 (Windows NT 10.0; Win64; x64) AppleWebKit/537.36 (KHTML, like Gecko) Chrome/130.0.0.0 Safari/537.36 CCleaner/130.0.0.0"
185.157.212.157 - - [15/Apr/2025:03:34:30 -0400] "GET /the-benefits-of-manufacturing-automation/ HTTP/1.1" 200 11989 "https://sunquicksf.com/the-benefits-of-manufacturing-automation/#comment-50088" "Mozilla/5.0 (Windows NT 10.0; Win64; x64) AppleWebKit/537.36 (KHTML, like Gecko) Chrome/130.0.0.0 Safari/537.36 CCleaner/130.0.0.0"
13.94.105.188 - - [15/Apr/2025:03:34:53 -0400] "GET /wp-login.php?action=register HTTP/1.1" 302 0 "-" "-"
13.94.105.188 - - [15/Apr/2025:03:34:54 -0400] "GET /wp-login.php?registration=disabled HTTP/1.1" 200 1786 "-" "-"
85.208.98.24 - - [15/Apr/2025:03:34:54 -0400] "GET /blue-topaz-ring/ HTTP/1.1" 200 10528 "-" "Mozilla/5.0 (compatible; SemrushBot-BA; +http://www.semrush.com/bot.html)"
114.119.156.133 - - [15/Apr/2025:03:35:15 -0400] "GET /wp-content/uploads/2024/02/Wedding-Magician-1-850x567.jpg HTTP/1.1" 200 72411 "https://sunquicksf.com/devoiler-lenigme-le-talent-artistique-et-lillusion-du-magicien/" "Mozilla/5.0 (Linux; Android 7.0;) AppleWebKit/537.36 (KHTML, like Gecko) Mobile Safari/537.36 (compatible; PetalBot;+https://webmaster.petalsearch.com/site/petalbot)"
43.154.194.33 - - [15/Apr/2025:03:35:25 -0400] "GET /gambling-poker-how-to-gamble-responsibly/ HTTP/1.1" 200 10772 "-" "Python/3.10 aiohttp/3.10.5"
51.222.253.2 - - [15/Apr/2025:03:38:38 -0400] "GET /the-role-of-chiropractors-in-dubai/feed/ HTTP/1.1" 304 0 "-" "Mozilla/5.0 (compatible; AhrefsBot/7.0; +http://ahrefs.com/robot/)"
51.222.253.19 - - [15/Apr/2025:03:43:46 -0400] "GET /is-free-chatgpt-a-real-life-apocalypse/feed/ HTTP/1.1" 200 406 "-" "Mozilla/5.0 (compatible; AhrefsBot/7.0; +http://ahrefs.com/robot/)"
119.28.56.69 - - [15/Apr/2025:03:44:18 -0400] "GET /tembusu-grand-the-evergreen-of-district-15/ HTTP/1.1" 200 10462 "-" "Python/3.10 aiohttp/3.10.5"
213.180.203.51 - - [15/Apr/2025:03:46:58 -0400] "GET /how-to-become-a-successful-author-through-comprehensive-courses/ HTTP/1.1" 200 10338 "-" "Mozilla/5.0 (compatible; YandexBot/3.0; +http://yandex.com/bots)"
47.79.199.173 - - [15/Apr/2025:03:47:25 -0400] "GET / HTTP/1.1" 200 77991 "https://www.google.com/" "Mozilla/5.0 (Windows NT 10.0; Win64; x64) AppleWebKit/537.36 (KHTML, like Gecko) Chrome/132.0.0.0 Safari/537.36"
114.119.156.133 - - [15/Apr/2025:03:47:35 -0400] "GET /vietnam-emperor-tour/ HTTP/1.1" 200 12255 "https://sunquicksf.com/category/activity/page/92/" "Mozilla/5.0 (Linux; Android 7.0;) AppleWebKit/537.36 (KHTML, like Gecko) Mobile Safari/537.36 (compatible; PetalBot;+https://webmaster.petalsearch.com/site/petalbot)"
151.106.166.243 - - [15/Apr/2025:03:48:10 -0400] "GET /wp-content/uploads/2023/03/How-to-Turn-on-iPhone-12-Mini.jpg HTTP/1.1" 200 4727 "-" "Mozilla/5.0 (X11; Ubuntu; Linux x86_64; rv:72.0) Gecko/20100101 Firefox/72.0"
51.222.253.2 - - [15/Apr/2025:03:48:50 -0400] "GET /how-to-change-time-font-on-iphone/ HTTP/1.1" 200 12186 "-" "Mozilla/5.0 (compatible; AhrefsBot/7.0; +http://ahrefs.com/robot/)"
114.119.130.3 - - [15/Apr/2025:03:48:57 -0400] "GET /conversion-gallon-per-minute/ HTTP/1.1" 200 9904 "https://sunquicksf.com/category/activity/page/30/" "Mozilla/5.0 (Linux; Android 7.0;) AppleWebKit/537.36 (KHTML, like Gecko) Mobile Safari/537.36 (compatible; PetalBot;+https://webmaster.petalsearch.com/site/petalbot)"
92.251.103.63 - - [15/Apr/2025:03:49:46 -0400] "GET /florida-fha-lenders/ HTTP/1.1" 200 10048 "-" "Mozilla/5.0 (Windows NT 10.0; Win64; x64) AppleWebKit/537.36 (KHTML, like Gecko) Chrome/121.0.0.0 Safari/537.36"
51.222.253.2 - - [15/Apr/2025:03:53:52 -0400] "GET /what-does-a-lawyer-do/feed/ HTTP/1.1" 304 0 "-" "Mozilla/5.0 (compatible; AhrefsBot/7.0; +http://ahrefs.com/robot/)"
129.226.64.249 - - [15/Apr/2025:03:56:19 -0400] "GET /the-fertility-centre-dubai-can-help-you-get-pregnant/ HTTP/1.1" 200 10698 "-" "Python/3.10 aiohttp/3.10.5"
198.54.114.83 - - [15/Apr/2025:03:56:34 -0400] "POST /wp-cron.php?doing_wp_cron=1744703793.6935660839080810546875 HTTP/1.1" 200 0 "-" "WordPress/6.7.2; https://sunquicksf.com"
91.84.98.204 - - [15/Apr/2025:03:56:33 -0400] "GET /the-benefits-of-manufacturing-automation/ HTTP/1.1" 200 10553 "https://sunquicksf.com/the-benefits-of-manufacturing-automation/" "Mozilla/5.0 (Windows NT 10.0; Win64; x64) AppleWebKit/537.36 (KHTML, like Gecko) Chrome/130.0.0.0 Safari/537.36 CCleaner/130.0.0.0"
91.84.98.204 - - [15/Apr/2025:03:56:37 -0400] "POST /wp-comments-post.php HTTP/1.1" 302 0 "https://sunquicksf.com/the-benefits-of-manufacturing-automation/" "Mozilla/5.0 (Windows NT 10.0; Win64; x64) AppleWebKit/537.36 (KHTML, like Gecko) Chrome/130.0.0.0 Safari/537.36 CCleaner/130.0.0.0"
91.84.98.204 - - [15/Apr/2025:03:56:40 -0400] "GET /the-benefits-of-manufacturing-automation/ HTTP/1.1" 200 6565 "https://sunquicksf.com/the-benefits-of-manufacturing-automation/#comment-50089" "Mozilla/5.0 (Windows NT 10.0; Win64; x64) AppleWebKit/537.36 (KHTML, like Gecko) Chrome/130.0.0.0 Safari/537.36 CCleaner/130.0.0.0"
125.88.226.216 - - [15/Apr/2025:03:57:16 -0400] "GET /wp-login.php HTTP/1.1" 200 1722 "-" "Apache-HttpClient/4.5.2 (Java/1.8.0_161)"
125.88.226.216 - - [15/Apr/2025:03:57:18 -0400] "GET /?author=1 HTTP/1.1" 200 77991 "-" "Apache-HttpClient/4.5.2 (Java/1.8.0_161)"
125.88.226.216 - - [15/Apr/2025:03:57:21 -0400] "GET /?author=2 HTTP/1.1" 200 77991 "-" "Apache-HttpClient/4.5.2 (Java/1.8.0_161)"
125.88.226.216 - - [15/Apr/2025:03:57:23 -0400] "GET /?author=3 HTTP/1.1" 200 77991 "-" "Apache-HttpClient/4.5.2 (Java/1.8.0_161)"
125.88.226.216 - - [15/Apr/2025:03:57:28 -0400] "GET /?author=4 HTTP/1.1" 200 77991 "-" "Apache-HttpClient/4.5.2 (Java/1.8.0_161)"
125.88.226.216 - - [15/Apr/2025:03:57:32 -0400] "GET /?author=5 HTTP/1.1" 200 77991 "-" "Apache-HttpClient/4.5.2 (Java/1.8.0_161)"
125.88.226.216 - - [15/Apr/2025:03:57:37 -0400] "GET /?author=6 HTTP/1.1" 200 77991 "-" "Apache-HttpClient/4.5.2 (Java/1.8.0_161)"
125.88.226.216 - - [15/Apr/2025:03:57:41 -0400] "GET /?author=7 HTTP/1.1" 200 77991 "-" "Apache-HttpClient/4.5.2 (Java/1.8.0_161)"
125.88.226.216 - - [15/Apr/2025:03:57:44 -0400] "GET /?author=8 HTTP/1.1" 200 77991 "-" "Apache-HttpClient/4.5.2 (Java/1.8.0_161)"
125.88.226.216 - - [15/Apr/2025:03:57:47 -0400] "GET /?author=9 HTTP/1.1" 200 77991 "-" "Apache-HttpClient/4.5.2 (Java/1.8.0_161)"
125.88.226.216 - - [15/Apr/2025:03:57:50 -0400] "GET /?author=10 HTTP/1.1" 200 77991 "-" "Apache-HttpClient/4.5.2 (Java/1.8.0_161)"
125.88.226.216 - - [15/Apr/2025:03:57:52 -0400] "GET /?author=11 HTTP/1.1" 200 77991 "-" "Apache-HttpClient/4.5.2 (Java/1.8.0_161)"
125.88.226.216 - - [15/Apr/2025:03:57:54 -0400] "GET /?author=12 HTTP/1.1" 200 77991 "-" "Apache-HttpClient/4.5.2 (Java/1.8.0_161)"
125.88.226.216 - - [15/Apr/2025:03:57:57 -0400] "GET /?author=13 HTTP/1.1" 200 77991 "-" "Apache-HttpClient/4.5.2 (Java/1.8.0_161)"
125.88.226.216 - - [15/Apr/2025:03:57:58 -0400] "GET /?author=14 HTTP/1.1" 200 77991 "-" "Apache-HttpClient/4.5.2 (Java/1.8.0_161)"
125.88.226.216 - - [15/Apr/2025:03:58:00 -0400] "GET /?author=15 HTTP/1.1" 200 77991 "-" "Apache-HttpClient/4.5.2 (Java/1.8.0_161)"
125.88.226.216 - - [15/Apr/2025:03:58:01 -0400] "GET /?author=16 HTTP/1.1" 200 77991 "-" "Apache-HttpClient/4.5.2 (Java/1.8.0_161)"
125.88.226.216 - - [15/Apr/2025:03:58:03 -0400] "GET /?author=17 HTTP/1.1" 200 77991 "-" "Apache-HttpClient/4.5.2 (Java/1.8.0_161)"
125.88.226.216 - - [15/Apr/2025:03:58:04 -0400] "GET /?author=18 HTTP/1.1" 200 77991 "-" "Apache-HttpClient/4.5.2 (Java/1.8.0_161)"
125.88.226.216 - - [15/Apr/2025:03:58:05 -0400] "GET /?author=19 HTTP/1.1" 200 77991 "-" "Apache-HttpClient/4.5.2 (Java/1.8.0_161)"
125.88.226.216 - - [15/Apr/2025:03:58:06 -0400] "GET /?author=20 HTTP/1.1" 200 77991 "-" "Apache-HttpClient/4.5.2 (Java/1.8.0_161)"
185.157.212.157 - - [15/Apr/2025:03:58:50 -0400] "GET /the-benefits-of-manufacturing-automation/ HTTP/1.1" 200 10553 "https://sunquicksf.com/the-benefits-of-manufacturing-automation/" "Mozilla/5.0 (Windows NT 10.0; Win64; x64) AppleWebKit/537.36 (KHTML, like Gecko) Chrome/131.0.0.0 Safari/537.36 Avast/131.0.0.0"
51.222.253.12 - - [15/Apr/2025:03:58:57 -0400] "GET /how-to-use-a-youtube-downloader-online/ HTTP/1.1" 200 10042 "-" "Mozilla/5.0 (compatible; AhrefsBot/7.0; +http://ahrefs.com/robot/)"
185.157.212.157 - - [15/Apr/2025:03:58:59 -0400] "POST /wp-comments-post.php HTTP/1.1" 302 0 "https://sunquicksf.com/the-benefits-of-manufacturing-automation/" "Mozilla/5.0 (Windows NT 10.0; Win64; x64) AppleWebKit/537.36 (KHTML, like Gecko) Chrome/131.0.0.0 Safari/537.36 Avast/131.0.0.0"
168.100.149.179 - - [15/Apr/2025:03:59:04 -0400] "GET /robots.txt HTTP/1.1" 200 109 "-" "Mozilla/5.0 (compatible; AhrefsBot/7.0; +http://ahrefs.com/robot/)"
185.157.212.157 - - [15/Apr/2025:03:59:08 -0400] "GET /the-benefits-of-manufacturing-automation/ HTTP/1.1" 200 11997 "https://sunquicksf.com/the-benefits-of-manufacturing-automation/#comment-50090" "Mozilla/5.0 (Windows NT 10.0; Win64; x64) AppleWebKit/537.36 (KHTML, like Gecko) Chrome/131.0.0.0 Safari/537.36 Avast/131.0.0.0"
93.90.248.140 - - [15/Apr/2025:04:02:04 -0400] "GET /gitarrenlehrer-essen/ HTTP/1.1" 200 10264 "-" "Mozilla/5.0 (Macintosh; Intel Mac OS X 10_15_7) AppleWebKit/537.36 (KHTML, like Gecko) Chrome/107.0.0.0 Safari/537.36"
58.254.68.125 - - [15/Apr/2025:04:02:34 -0400] "GET /mk-shoulder-bag/ HTTP/1.1" 200 10421 "https://sunquicksf.com" "Mozilla/5.0 (Windows NT 10.0; Win64; x64) AppleWebKit/537.36 (KHTML, like Gecko) Chrome/62.0.3202.94 Safari/537.36"
58.254.68.125 - - [15/Apr/2025:04:02:38 -0400] "POST /wp-comments-post.php HTTP/1.1" 302 0 "https://sunquicksf.com" "Mozilla/5.0 (Windows NT 10.0; Win64; x64) AppleWebKit/537.36 (KHTML, like Gecko) Chrome/62.0.3202.94 Safari/537.36"
58.254.68.125 - - [15/Apr/2025:04:02:41 -0400] "GET /mk-shoulder-bag/ HTTP/1.1" 200 11094 "https://sunquicksf.com" "Mozilla/4.0 (compatible; MSIE 6.0; Windows NT 5.1; en) Opera 8.50"
114.119.134.207 - - [15/Apr/2025:04:02:54 -0400] "GET /unveiling-the-ultimate-usb-headphones-immersive-sound-and-unmatched-convenience/ HTTP/1.1" 200 10322 "https://sunquicksf.com/category/activity/page/26/" "Mozilla/5.0 (Linux; Android 7.0;) AppleWebKit/537.36 (KHTML, like Gecko) Mobile Safari/537.36 (compatible; PetalBot;+https://webmaster.petalsearch.com/site/petalbot)"
114.119.155.230 - - [15/Apr/2025:04:04:17 -0400] "GET /how-to-change-wallpaper-on-chromebook/ HTTP/1.1" 200 12543 "https://sunquicksf.com/page/70/" "Mozilla/5.0 (Linux; Android 7.0;) AppleWebKit/537.36 (KHTML, like Gecko) Mobile Safari/537.36 (compatible; PetalBot;+https://webmaster.petalsearch.com/site/petalbot)"
51.222.253.14 - - [15/Apr/2025:04:04:31 -0400] "GET /custom-grip-socks-wholesale/ HTTP/1.1" 200 9978 "-" "Mozilla/5.0 (compatible; AhrefsBot/7.0; +http://ahrefs.com/robot/)"
114.119.130.3 - - [15/Apr/2025:04:05:40 -0400] "GET /essential-airsoft-gear/ HTTP/1.1" 200 9878 "https://sunquicksf.com/page/32/" "Mozilla/5.0 (Linux; Android 7.0;) AppleWebKit/537.36 (KHTML, like Gecko) Mobile Safari/537.36 (compatible; PetalBot;+https://webmaster.petalsearch.com/site/petalbot)"
101.32.51.206 - - [15/Apr/2025:04:05:54 -0400] "GET /how-to-choose-a-solid-conservatory-roof/ HTTP/1.1" 200 10647 "-" "Python/3.10 aiohttp/3.10.5"
101.32.51.206 - - [15/Apr/2025:04:05:55 -0400] "GET /advertising-led-screen/ HTTP/1.1" 200 10573 "-" "Python/3.10 aiohttp/3.10.5"
114.119.135.64 - - [15/Apr/2025:04:07:04 -0400] "GET /how-to-get-to-alfornada/ HTTP/1.1" 200 11516 "https://sunquicksf.com/page/55/" "Mozilla/5.0 (Linux; Android 7.0;) AppleWebKit/537.36 (KHTML, like Gecko) Mobile Safari/537.36 (compatible; PetalBot;+https://webmaster.petalsearch.com/site/petalbot)"
114.119.147.233 - - [15/Apr/2025:04:08:28 -0400] "GET /2021/07/ HTTP/1.1" 301 0 "https://sunquicksf.com/grand-dunman-a-prime-district-15-precinct/" "Mozilla/5.0 (Linux; Android 7.0;) AppleWebKit/537.36 (KHTML, like Gecko) Mobile Safari/537.36 (compatible; PetalBot;+https://webmaster.petalsearch.com/site/petalbot)"
114.119.147.233 - - [15/Apr/2025:04:08:30 -0400] "GET / HTTP/1.1" 200 77991 "https://sunquicksf.com/grand-dunman-a-prime-district-15-precinct/" "Mozilla/5.0 (Linux; Android 7.0;) AppleWebKit/537.36 (KHTML, like Gecko) Mobile Safari/537.36 (compatible; PetalBot;+https://webmaster.petalsearch.com/site/petalbot)"
51.222.253.19 - - [15/Apr/2025:04:10:44 -0400] "GET /the-benefits-of-an-industrial-air-purifier/ HTTP/1.1" 200 10707 "-" "Mozilla/5.0 (compatible; AhrefsBot/7.0; +http://ahrefs.com/robot/)"
119.28.65.64 - - [15/Apr/2025:04:15:20 -0400] "GET /carport-entryway-support-tips/ HTTP/1.1" 200 11001 "-" "Python/3.10 aiohttp/3.10.5"
51.222.253.18 - - [15/Apr/2025:04:16:43 -0400] "GET /hotel-di-lusso-lago-di-garda/ HTTP/1.1" 200 10160 "-" "Mozilla/5.0 (compatible; AhrefsBot/7.0; +http://ahrefs.com/robot/)"
198.54.114.83 - - [15/Apr/2025:04:18:52 -0400] "POST /wp-cron.php?doing_wp_cron=1744705132.3356978893280029296875 HTTP/1.1" 200 0 "-" "WordPress/6.7.2; https://sunquicksf.com"
109.172.87.122 - - [15/Apr/2025:04:18:49 -0400] "GET /the-benefits-of-manufacturing-automation/ HTTP/1.1" 200 10569 "https://sunquicksf.com/the-benefits-of-manufacturing-automation/" "Mozilla/5.0 (Windows NT 10.0; Win64; x64) AppleWebKit/537.36 (KHTML, like Gecko) Chrome/131.0.0.0 Safari/537.36 Avast/131.0.0.0"
109.172.87.122 - - [15/Apr/2025:04:18:54 -0400] "POST /wp-comments-post.php HTTP/1.1" 302 0 "https://sunquicksf.com/the-benefits-of-manufacturing-automation/" "Mozilla/5.0 (Windows NT 10.0; Win64; x64) AppleWebKit/537.36 (KHTML, like Gecko) Chrome/131.0.0.0 Safari/537.36 Avast/131.0.0.0"
109.172.87.122 - - [15/Apr/2025:04:18:57 -0400] "GET /the-benefits-of-manufacturing-automation/ HTTP/1.1" 200 12184 "https://sunquicksf.com/the-benefits-of-manufacturing-automation/#comment-50092" "Mozilla/5.0 (Windows NT 10.0; Win64; x64) AppleWebKit/537.36 (KHTML, like Gecko) Chrome/131.0.0.0 Safari/537.36 Avast/131.0.0.0"
114.119.156.71 - - [15/Apr/2025:04:19:30 -0400] "GET /tour-de-lit-tresse/ HTTP/1.1" 200 10195 "https://sunquicksf.com/category/activity/page/56/" "Mozilla/5.0 (Linux; Android 7.0;) AppleWebKit/537.36 (KHTML, like Gecko) Mobile Safari/537.36 (compatible; PetalBot;+https://webmaster.petalsearch.com/site/petalbot)"
114.119.134.207 - - [15/Apr/2025:04:20:54 -0400] "GET /page/85/ HTTP/1.1" 200 9892 "https://sunquicksf.com/page/84/" "Mozilla/5.0 (Linux; Android 7.0;) AppleWebKit/537.36 (KHTML, like Gecko) Mobile Safari/537.36 (compatible; PetalBot;+https://webmaster.petalsearch.com/site/petalbot)"
54.236.119.214 - - [15/Apr/2025:04:21:15 -0400] "GET /disaster-recovery-as-a-service/ HTTP/1.1" 200 11288 "-" "Grammarly/1.0 (http://www.grammarly.com)"
114.119.138.5 - - [15/Apr/2025:04:22:16 -0400] "GET /the-data-center-temperature-debate/ HTTP/1.1" 200 11337 "https://sunquicksf.com/the-data-center-temperature-debate/" "Mozilla/5.0 (Linux; Android 7.0;) AppleWebKit/537.36 (KHTML, like Gecko) Mobile Safari/537.36 (compatible; PetalBot;+https://webmaster.petalsearch.com/site/petalbot)"
51.222.253.11 - - [15/Apr/2025:04:22:49 -0400] "GET /how-to-change-page-color-in-google-docs/ HTTP/1.1" 200 11366 "-" "Mozilla/5.0 (compatible; AhrefsBot/7.0; +http://ahrefs.com/robot/)"
114.119.134.207 - - [15/Apr/2025:04:23:40 -0400] "GET /gitarrenlehrer-essen/ HTTP/1.1" 200 10284 "https://sunquicksf.com/page/32/" "Mozilla/5.0 (Linux; Android 7.0;) AppleWebKit/537.36 (KHTML, like Gecko) Mobile Safari/537.36 (compatible; PetalBot;+https://webmaster.petalsearch.com/site/petalbot)"
114.119.147.233 - - [15/Apr/2025:04:25:06 -0400] "GET /innovative-beleuchtung-fur-ihr-zuhause-moderne-pendelleuchten/ HTTP/1.1" 200 10205 "https://sunquicksf.com/page/15/" "Mozilla/5.0 (Linux; Android 7.0;) AppleWebKit/537.36 (KHTML, like Gecko) Mobile Safari/537.36 (compatible; PetalBot;+https://webmaster.petalsearch.com/site/petalbot)"
43.132.214.139 - - [15/Apr/2025:04:25:38 -0400] "GET /raising-tvs-4-ways-to-raise-your-tv-without-making-your-kids-uncomfortable/ HTTP/1.1" 200 10693 "-" "Python/3.10 aiohttp/3.10.5"
114.119.134.207 - - [15/Apr/2025:04:26:28 -0400] "GET /fruitful-ira-real-estate-putting-resources-into-difficult-stretches HTTP/1.1" 301 0 "https://www.bionaturaplant.com/shop/index.php?route=journal3/blog/post&journal_blog_post_id=1" "Mozilla/5.0 (Linux; Android 7.0;) AppleWebKit/537.36 (KHTML, like Gecko) Mobile Safari/537.36 (compatible; PetalBot;+https://webmaster.petalsearch.com/site/petalbot)"
114.119.134.207 - - [15/Apr/2025:04:26:30 -0400] "GET /fruitful-ira-real-estate-putting-resources-into-difficult-stretches/ HTTP/1.1" 200 10925 "https://www.bionaturaplant.com/shop/index.php?route=journal3/blog/post&journal_blog_post_id=1" "Mozilla/5.0 (Linux; Android 7.0;) AppleWebKit/537.36 (KHTML, like Gecko) Mobile Safari/537.36 (compatible; PetalBot;+https://webmaster.petalsearch.com/site/petalbot)"
51.222.253.14 - - [15/Apr/2025:04:28:47 -0400] "GET /discount-michael-kors-bags/ HTTP/1.1" 200 11125 "-" "Mozilla/5.0 (compatible; AhrefsBot/7.0; +http://ahrefs.com/robot/)"
58.254.68.38 - - [15/Apr/2025:04:28:49 -0400] "GET /mk-shoulder-bag/ HTTP/1.1" 200 10445 "-" "Mozilla/5.0 (Windows NT 6.1; WOW64) AppleWebKit/537.36 (KHTML, like Gecko) Chrome/34.0.1847.131 Safari/537.36"
2a03:2880:f800:d:: - - [15/Apr/2025:04:31:24 -0400] "GET /wp-json/wp/v2/posts/1571 HTTP/1.1" 200 11480 "-" "meta-externalagent/1.1 (+https://developers.facebook.com/docs/sharing/webmasters/crawler)"
91.84.98.204 - - [15/Apr/2025:04:32:02 -0400] "GET /the-benefits-of-manufacturing-automation/ HTTP/1.1" 200 10594 "https://sunquicksf.com/the-benefits-of-manufacturing-automation/" "Mozilla/5.0 (Windows NT 10.0; Win64; x64) AppleWebKit/537.36 (KHTML, like Gecko) Chrome/130.0.0.0 Safari/537.36 CCleaner/130.0.0.0"
91.84.98.204 - - [15/Apr/2025:04:32:05 -0400] "POST /wp-comments-post.php HTTP/1.1" 302 0 "https://sunquicksf.com/the-benefits-of-manufacturing-automation/" "Mozilla/5.0 (Windows NT 10.0; Win64; x64) AppleWebKit/537.36 (KHTML, like Gecko) Chrome/130.0.0.0 Safari/537.36 CCleaner/130.0.0.0"
91.84.98.204 - - [15/Apr/2025:04:32:09 -0400] "GET /the-benefits-of-manufacturing-automation/ HTTP/1.1" 200 10094 "https://sunquicksf.com/the-benefits-of-manufacturing-automation/#comment-50093" "Mozilla/5.0 (Windows NT 10.0; Win64; x64) AppleWebKit/537.36 (KHTML, like Gecko) Chrome/130.0.0.0 Safari/537.36 CCleaner/130.0.0.0"
51.222.253.17 - - [15/Apr/2025:04:34:41 -0400] "GET /hvad-er-de-forskellige-typer-armband/ HTTP/1.1" 200 10640 "-" "Mozilla/5.0 (compatible; AhrefsBot/7.0; +http://ahrefs.com/robot/)"
198.54.114.83 - - [15/Apr/2025:04:37:17 -0400] "POST /wp-cron.php?doing_wp_cron=1744706236.1215069293975830078125 HTTP/1.1" 200 0 "-" "WordPress/6.7.2; https://sunquicksf.com"
114.119.147.233 - - [15/Apr/2025:04:37:11 -0400] "GET /terra-hill-condominiums-in-district-5/ HTTP/1.1" 200 10158 "https://sunquicksf.com/page/106/" "Mozilla/5.0 (Linux; Android 7.0;) AppleWebKit/537.36 (KHTML, like Gecko) Mobile Safari/537.36 (compatible; PetalBot;+https://webmaster.petalsearch.com/site/petalbot)"
198.54.114.83 - - [15/Apr/2025:04:39:01 -0400] "POST /wp-cron.php?doing_wp_cron=1744706340.6382620334625244140625 HTTP/1.1" 200 0 "-" "WordPress/6.7.2; https://sunquicksf.com"
178.217.98.213 - - [15/Apr/2025:04:38:58 -0400] "GET /the-benefits-of-manufacturing-automation/ HTTP/1.1" 200 10553 "https://sunquicksf.com/the-benefits-of-manufacturing-automation/" "Mozilla/5.0 (Windows NT 10.0; Win64; x64) AppleWebKit/537.36 (KHTML, like Gecko) Chrome/130.0.0.0 Safari/537.36"
178.217.98.213 - - [15/Apr/2025:04:39:04 -0400] "POST /wp-comments-post.php HTTP/1.1" 302 0 "https://sunquicksf.com/the-benefits-of-manufacturing-automation/" "Mozilla/5.0 (Windows NT 10.0; Win64; x64) AppleWebKit/537.36 (KHTML, like Gecko) Chrome/130.0.0.0 Safari/537.36"
178.217.98.213 - - [15/Apr/2025:04:39:08 -0400] "GET /the-benefits-of-manufacturing-automation/ HTTP/1.1" 200 11154 "https://sunquicksf.com/the-benefits-of-manufacturing-automation/#comment-50094" "Mozilla/5.0 (Windows NT 10.0; Win64; x64) AppleWebKit/537.36 (KHTML, like Gecko) Chrome/130.0.0.0 Safari/537.36"
51.222.253.9 - - [15/Apr/2025:04:40:28 -0400] "GET /fenbendazole-as-an-anticancer-drug/ HTTP/1.1" 200 10096 "-" "Mozilla/5.0 (compatible; AhrefsBot/7.0; +http://ahrefs.com/robot/)"
124.156.108.107 - - [15/Apr/2025:04:40:36 -0400] "GET /the-myst-a-narrative-of-sophisticated-living/ HTTP/1.1" 200 10494 "-" "Python/3.10 aiohttp/3.10.5"
198.54.114.83 - - [15/Apr/2025:04:45:10 -0400] "POST /wp-cron.php?doing_wp_cron=1744706710.4161300659179687500000 HTTP/1.1" 200 0 "-" "WordPress/6.7.2; https://sunquicksf.com"
109.172.87.122 - - [15/Apr/2025:04:45:05 -0400] "GET /the-benefits-of-manufacturing-automation/ HTTP/1.1" 200 10569 "https://sunquicksf.com/the-benefits-of-manufacturing-automation/" "Mozilla/5.0 (Windows NT 10.0; Win64; x64) AppleWebKit/537.36 (KHTML, like Gecko) Chrome/131.0.0.0 Safari/537.36 Avast/131.0.0.0"
109.172.87.122 - - [15/Apr/2025:04:45:13 -0400] "POST /wp-comments-post.php HTTP/1.1" 302 0 "https://sunquicksf.com/the-benefits-of-manufacturing-automation/" "Mozilla/5.0 (Windows NT 10.0; Win64; x64) AppleWebKit/537.36 (KHTML, like Gecko) Chrome/131.0.0.0 Safari/537.36 Avast/131.0.0.0"
109.172.87.122 - - [15/Apr/2025:04:45:18 -0400] "GET /the-benefits-of-manufacturing-automation/ HTTP/1.1" 200 12122 "https://sunquicksf.com/the-benefits-of-manufacturing-automation/#comment-50095" "Mozilla/5.0 (Windows NT 10.0; Win64; x64) AppleWebKit/537.36 (KHTML, like Gecko) Chrome/131.0.0.0 Safari/537.36 Avast/131.0.0.0"
51.222.253.6 - - [15/Apr/2025:04:46:04 -0400] "GET /betting-shops/ HTTP/1.1" 200 10115 "-" "Mozilla/5.0 (compatible; AhrefsBot/7.0; +http://ahrefs.com/robot/)"
51.222.253.16 - - [15/Apr/2025:04:51:56 -0400] "GET /how-to-get-free-traffic-from-youtube-using-the-video-response-technique/ HTTP/1.1" 200 10712 "-" "Mozilla/5.0 (compatible; AhrefsBot/7.0; +http://ahrefs.com/robot/)"
20.246.27.26 - - [15/Apr/2025:04:52:07 -0400] "HEAD /new-immigrant-finance-advice-getting-started-on-the-right-foot/ HTTP/1.1" 200 0 "http://sunquicksf.com/new" "Mozilla/5.0 (Windows NT 10.0; Win64; x64) AppleWebKit/537.36 (KHTML, like Gecko) Chrome/74.0.3729.169 Safari/537.36"
20.246.27.26 - - [15/Apr/2025:04:52:10 -0400] "HEAD /home-car-wash-solutions/ HTTP/1.1" 200 0 "http://sunquicksf.com/home" "Mozilla/5.0 (Windows NT 10.0; Win64; x64) AppleWebKit/537.36 (KHTML, like Gecko) Chrome/74.0.3729.169 Safari/537.36"
206.232.118.201 - - [15/Apr/2025:04:54:47 -0400] "GET /the-benefits-of-manufacturing-automation/ HTTP/1.1" 200 10594 "-" "Mozilla/5.0 (Windows NT 10.0; Win64; x64) AppleWebKit/537.36 (KHTML, like Gecko) Chrome/114.0.0.0 Safari/537.36"
114.119.156.71 - - [15/Apr/2025:04:54:52 -0400] "GET /why-real-estate-photography-is-important-for-realtors/ HTTP/1.1" 200 11677 "https://hospitalityexpocyprus.com/choosing-the-right-form-of-photography/" "Mozilla/5.0 (Linux; Android 7.0;) AppleWebKit/537.36 (KHTML, like Gecko) Mobile Safari/537.36 (compatible; PetalBot;+https://webmaster.petalsearch.com/site/petalbot)"
206.232.118.201 - - [15/Apr/2025:04:54:56 -0400] "GET /category/sign-up/ HTTP/1.1" 200 8121 "https://sunquicksf.com/the-benefits-of-manufacturing-automation/" "Mozilla/5.0 (Windows NT 6.3; Win64; x64) AppleWebKit/537.36 (KHTML, like Gecko) Chrome/103.0.0.0 Safari/537.36"
206.232.118.201 - - [15/Apr/2025:04:54:58 -0400] "GET /category/sign-up/ HTTP/1.1" 200 8081 "https://sunquicksf.com/category/sign-up/" "Mozilla/5.0 (Windows NT 6.3; Win64; x64) AppleWebKit/537.36 (KHTML, like Gecko) Chrome/103.0.0.0 Safari/537.36"
114.119.138.5 - - [15/Apr/2025:04:56:15 -0400] "GET /cbd-vape-and-cbd-edibles/ HTTP/1.1" 200 10860 "https://sunquicksf.com/category/activity/page/109/" "Mozilla/5.0 (Linux; Android 7.0;) AppleWebKit/537.36 (KHTML, like Gecko) Mobile Safari/537.36 (compatible; PetalBot;+https://webmaster.petalsearch.com/site/petalbot)"
91.84.98.204 - - [15/Apr/2025:04:56:15 -0400] "GET /the-benefits-of-manufacturing-automation/ HTTP/1.1" 200 10569 "https://sunquicksf.com/the-benefits-of-manufacturing-automation/" "Mozilla/5.0 (Windows NT 10.0; Win64; x64) AppleWebKit/537.36 (KHTML, like Gecko) Chrome/131.0.0.0 Safari/537.36 Avast/131.0.0.0"
91.84.98.204 - - [15/Apr/2025:04:56:17 -0400] "POST /wp-comments-post.php HTTP/1.1" 302 0 "https://sunquicksf.com/the-benefits-of-manufacturing-automation/" "Mozilla/5.0 (Windows NT 10.0; Win64; x64) AppleWebKit/537.36 (KHTML, like Gecko) Chrome/131.0.0.0 Safari/537.36 Avast/131.0.0.0"
91.84.98.204 - - [15/Apr/2025:04:56:20 -0400] "GET /the-benefits-of-manufacturing-automation/ HTTP/1.1" 200 12117 "https://sunquicksf.com/the-benefits-of-manufacturing-automation/#comment-50096" "Mozilla/5.0 (Windows NT 10.0; Win64; x64) AppleWebKit/537.36 (KHTML, like Gecko) Chrome/131.0.0.0 Safari/537.36 Avast/131.0.0.0"
198.54.114.83 - - [15/Apr/2025:04:57:32 -0400] "POST /wp-cron.php?doing_wp_cron=1744707451.8994560241699218750000 HTTP/1.1" 200 0 "-" "WordPress/6.7.2; https://sunquicksf.com"
51.222.253.14 - - [15/Apr/2025:04:57:31 -0400] "GET /cavity-insulation-energy-efficient-way-to-reduce-your-heating-bills/ HTTP/1.1" 200 10079 "-" "Mozilla/5.0 (compatible; AhrefsBot/7.0; +http://ahrefs.com/robot/)"
114.119.156.71 - - [15/Apr/2025:04:57:39 -0400] "GET /kratom-for-sale-where-to-find-high-quality-kratom/ HTTP/1.1" 200 11779 "https://sunquicksf.com/page/59/" "Mozilla/5.0 (Linux; Android 7.0;) AppleWebKit/537.36 (KHTML, like Gecko) Mobile Safari/537.36 (compatible; PetalBot;+https://webmaster.petalsearch.com/site/petalbot)"
43.154.120.205 - - [15/Apr/2025:04:57:49 -0400] "GET /how-to-make-a-collage-on-snapchat/ HTTP/1.1" 200 12684 "-" "Python/3.10 aiohttp/3.10.5"
195.191.219.131 - - [15/Apr/2025:04:57:59 -0400] "GET /robots.txt HTTP/1.1" 200 109 "-" "Mozilla/5.0 (compatible; MJ12bot/v2.0.0; http://mj12bot.com/)"
195.191.219.131 - - [15/Apr/2025:04:58:01 -0400] "GET /3-proven-strategies-to-skyrocket-your-subscriber-count/ HTTP/1.1" 200 10210 "-" "Mozilla/5.0 (compatible; MJ12bot/v2.0.0; http://mj12bot.com/)"
195.191.219.131 - - [15/Apr/2025:04:58:03 -0400] "GET /3-proven-strategies-to-skyrocket-your-subscriber-count/feed/ HTTP/1.1" 200 420 "-" "Mozilla/5.0 (compatible; MJ12bot/v2.0.0; http://mj12bot.com/)"
195.191.219.131 - - [15/Apr/2025:04:58:05 -0400] "GET /5-advantages-of-a-licensed-money-lender/ HTTP/1.1" 200 11421 "-" "Mozilla/5.0 (compatible; MJ12bot/v2.0.0; http://mj12bot.com/)"
195.191.219.131 - - [15/Apr/2025:04:58:08 -0400] "GET /5-advantages-of-a-licensed-money-lender/feed/ HTTP/1.1" 200 398 "-" "Mozilla/5.0 (compatible; MJ12bot/v2.0.0; http://mj12bot.com/)"
195.191.219.131 - - [15/Apr/2025:04:58:11 -0400] "GET /5-paint-by-number-top-tips/ HTTP/1.1" 200 10940 "-" "Mozilla/5.0 (compatible; MJ12bot/v2.0.0; http://mj12bot.com/)"
195.191.219.131 - - [15/Apr/2025:04:58:13 -0400] "GET /5-paint-by-number-top-tips/feed/ HTTP/1.1" 200 394 "-" "Mozilla/5.0 (compatible; MJ12bot/v2.0.0; http://mj12bot.com/)"
195.191.219.131 - - [15/Apr/2025:04:58:15 -0400] "GET /6-tips-til-at-finde-de-perfekte-oreringe/ HTTP/1.1" 200 10618 "-" "Mozilla/5.0 (compatible; MJ12bot/v2.0.0; http://mj12bot.com/)"
195.191.219.131 - - [15/Apr/2025:04:58:17 -0400] "GET /6-tips-til-at-finde-de-perfekte-oreringe/feed/ HTTP/1.1" 200 408 "-" "Mozilla/5.0 (compatible; MJ12bot/v2.0.0; http://mj12bot.com/)"
195.191.219.131 - - [15/Apr/2025:04:58:19 -0400] "GET /85-of-divoring-couples-should-avoid-lawyers/ HTTP/1.1" 200 11444 "-" "Mozilla/5.0 (compatible; MJ12bot/v2.0.0; http://mj12bot.com/)"
195.191.219.131 - - [15/Apr/2025:04:58:22 -0400] "GET /a-bugatti-chiron-for-sale/ HTTP/1.1" 200 10739 "-" "Mozilla/5.0 (compatible; MJ12bot/v2.0.0; http://mj12bot.com/)"
195.191.219.131 - - [15/Apr/2025:04:58:25 -0400] "GET /a-bugatti-chiron-for-sale/feed/ HTTP/1.1" 200 388 "-" "Mozilla/5.0 (compatible; MJ12bot/v2.0.0; http://mj12bot.com/)"
195.191.219.131 - - [15/Apr/2025:04:58:26 -0400] "GET /a-comprehensive-guide-to-removing-your-instagram-account/ HTTP/1.1" 200 10308 "-" "Mozilla/5.0 (compatible; MJ12bot/v2.0.0; http://mj12bot.com/)"
195.191.219.131 - - [15/Apr/2025:04:58:28 -0400] "GET /a-comprehensive-guide-to-removing-your-instagram-account/feed/ HTTP/1.1" 200 419 "-" "Mozilla/5.0 (compatible; MJ12bot/v2.0.0; http://mj12bot.com/)"
195.191.219.131 - - [15/Apr/2025:04:58:29 -0400] "GET /a-comprehensive-overview/ HTTP/1.1" 200 10218 "-" "Mozilla/5.0 (compatible; MJ12bot/v2.0.0; http://mj12bot.com/)"
195.191.219.131 - - [15/Apr/2025:04:58:31 -0400] "GET /a-comprehensive-overview/feed/ HTTP/1.1" 200 379 "-" "Mozilla/5.0 (compatible; MJ12bot/v2.0.0; http://mj12bot.com/)"
195.191.219.131 - - [15/Apr/2025:04:58:33 -0400] "GET /a-comprehensive-overviews/ HTTP/1.1" 200 9954 "-" "Mozilla/5.0 (compatible; MJ12bot/v2.0.0; http://mj12bot.com/)"
195.191.219.131 - - [15/Apr/2025:04:58:35 -0400] "GET /a-comprehensive-overviews/feed/ HTTP/1.1" 200 379 "-" "Mozilla/5.0 (compatible; MJ12bot/v2.0.0; http://mj12bot.com/)"
195.191.219.131 - - [15/Apr/2025:04:58:36 -0400] "GET /a-concise-history-of-knitting/ HTTP/1.1" 200 10974 "-" "Mozilla/5.0 (compatible; MJ12bot/v2.0.0; http://mj12bot.com/)"
195.191.219.131 - - [15/Apr/2025:04:58:38 -0400] "GET /a-concise-history-of-knitting/feed/ HTTP/1.1" 200 393 "-" "Mozilla/5.0 (compatible; MJ12bot/v2.0.0; http://mj12bot.com/)"
195.191.219.131 - - [15/Apr/2025:04:58:39 -0400] "GET /a-concise-history-of-the-lamp/ HTTP/1.1" 200 10847 "-" "Mozilla/5.0 (compatible; MJ12bot/v2.0.0; http://mj12bot.com/)"
195.191.219.131 - - [15/Apr/2025:04:58:41 -0400] "GET /a-concise-history-of-the-lamp/feed/ HTTP/1.1" 200 389 "-" "Mozilla/5.0 (compatible; MJ12bot/v2.0.0; http://mj12bot.com/)"
195.191.219.131 - - [15/Apr/2025:04:58:42 -0400] "GET /a-digital-playground-for-gamblers/ HTTP/1.1" 200 9918 "-" "Mozilla/5.0 (compatible; MJ12bot/v2.0.0; http://mj12bot.com/)"
195.191.219.131 - - [15/Apr/2025:04:58:43 -0400] "GET /a-digital-playground-for-gamblers/feed/ HTTP/1.1" 200 396 "-" "Mozilla/5.0 (compatible; MJ12bot/v2.0.0; http://mj12bot.com/)"
195.191.219.131 - - [15/Apr/2025:04:58:45 -0400] "GET /a-digital-revolution-in-gambling/ HTTP/1.1" 200 9954 "-" "Mozilla/5.0 (compatible; MJ12bot/v2.0.0; http://mj12bot.com/)"
195.191.219.131 - - [15/Apr/2025:04:58:47 -0400] "GET /a-digital-revolution-in-gambling/feed/ HTTP/1.1" 200 389 "-" "Mozilla/5.0 (compatible; MJ12bot/v2.0.0; http://mj12bot.com/)"
195.191.219.131 - - [15/Apr/2025:04:58:51 -0400] "GET /a-dive-into-its-origin-evolution-and-impact/ HTTP/1.1" 200 10337 "-" "Mozilla/5.0 (compatible; MJ12bot/v2.0.0; http://mj12bot.com/)"
195.191.219.131 - - [15/Apr/2025:04:58:54 -0400] "GET /a-dive-into-its-origin-evolution-and-impact/feed/ HTTP/1.1" 200 412 "-" "Mozilla/5.0 (compatible; MJ12bot/v2.0.0; http://mj12bot.com/)"
195.191.219.131 - - [15/Apr/2025:04:58:56 -0400] "GET /a-gateway-to-entertainment/ HTTP/1.1" 200 9889 "-" "Mozilla/5.0 (compatible; MJ12bot/v2.0.0; http://mj12bot.com/)"
195.191.219.131 - - [15/Apr/2025:04:59:00 -0400] "GET /a-gateway-to-entertainment/feed/ HTTP/1.1" 200 378 "-" "Mozilla/5.0 (compatible; MJ12bot/v2.0.0; http://mj12bot.com/)"
114.119.135.64 - - [15/Apr/2025:04:59:02 -0400] "GET /das-flaggengeschaft/ HTTP/1.1" 200 10671 "https://sunquicksf.com/page/99/" "Mozilla/5.0 (Linux; Android 7.0;) AppleWebKit/537.36 (KHTML, like Gecko) Mobile Safari/537.36 (compatible; PetalBot;+https://webmaster.petalsearch.com/site/petalbot)"
195.191.219.131 - - [15/Apr/2025:04:59:02 -0400] "GET /a-glimpse-into-elegance-exploring-the-sophia-regency-showflat/ HTTP/1.1" 200 10276 "-" "Mozilla/5.0 (compatible; MJ12bot/v2.0.0; http://mj12bot.com/)"
195.191.219.131 - - [15/Apr/2025:04:59:05 -0400] "GET /a-glimpse-into-elegance-exploring-the-sophia-regency-showflat/feed/ HTTP/1.1" 200 430 "-" "Mozilla/5.0 (compatible; MJ12bot/v2.0.0; http://mj12bot.com/)"
195.191.219.131 - - [15/Apr/2025:04:59:08 -0400] "GET /a-glimpse-into-luxurious-living/ HTTP/1.1" 200 10045 "-" "Mozilla/5.0 (compatible; MJ12bot/v2.0.0; http://mj12bot.com/)"
195.191.219.131 - - [15/Apr/2025:04:59:11 -0400] "GET /a-glimpse-into-luxurious-living/feed/ HTTP/1.1" 200 395 "-" "Mozilla/5.0 (compatible; MJ12bot/v2.0.0; http://mj12bot.com/)"
195.191.219.131 - - [15/Apr/2025:04:59:13 -0400] "GET /a-glimpse-into-the-terrahill-showflat/ HTTP/1.1" 200 9922 "-" "Mozilla/5.0 (compatible; MJ12bot/v2.0.0; http://mj12bot.com/)"
195.191.219.131 - - [15/Apr/2025:04:59:15 -0400] "GET /a-glimpse-into-the-terrahill-showflat/feed/ HTTP/1.1" 200 398 "-" "Mozilla/5.0 (compatible; MJ12bot/v2.0.0; http://mj12bot.com/)"
195.191.219.131 - - [15/Apr/2025:04:59:19 -0400] "GET /a-glimpse-of-luxurious-living/ HTTP/1.1" 200 9926 "-" "Mozilla/5.0 (compatible; MJ12bot/v2.0.0; http://mj12bot.com/)"
195.191.219.131 - - [15/Apr/2025:04:59:21 -0400] "GET /a-glimpse-of-luxurious-living/feed/ HTTP/1.1" 200 393 "-" "Mozilla/5.0 (compatible; MJ12bot/v2.0.0; http://mj12bot.com/)"
195.191.219.131 - - [15/Apr/2025:04:59:23 -0400] "GET /a-haven-of-modern-living-exploring-arina-east-residences/ HTTP/1.1" 200 9981 "-" "Mozilla/5.0 (compatible; MJ12bot/v2.0.0; http://mj12bot.com/)"
195.191.219.131 - - [15/Apr/2025:04:59:24 -0400] "GET /a-haven-of-modern-living-exploring-arina-east-residences/feed/ HTTP/1.1" 200 428 "-" "Mozilla/5.0 (compatible; MJ12bot/v2.0.0; http://mj12bot.com/)"
195.191.219.131 - - [15/Apr/2025:04:59:26 -0400] "GET /a-holistic-approach-to-health/ HTTP/1.1" 200 10127 "-" "Mozilla/5.0 (compatible; MJ12bot/v2.0.0; http://mj12bot.com/)"
195.191.219.131 - - [15/Apr/2025:04:59:28 -0400] "GET /a-holistic-approach-to-health/feed/ HTTP/1.1" 200 389 "-" "Mozilla/5.0 (compatible; MJ12bot/v2.0.0; http://mj12bot.com/)"
195.191.219.131 - - [15/Apr/2025:04:59:30 -0400] "GET /a-journey-through-history-and-memory/ HTTP/1.1" 200 10223 "-" "Mozilla/5.0 (compatible; MJ12bot/v2.0.0; http://mj12bot.com/)"
195.191.219.131 - - [15/Apr/2025:04:59:31 -0400] "GET /a-journey-through-history-and-memory/feed/ HTTP/1.1" 200 401 "-" "Mozilla/5.0 (compatible; MJ12bot/v2.0.0; http://mj12bot.com/)"
195.191.219.131 - - [15/Apr/2025:04:59:33 -0400] "GET /a-look-into-the-world-of-meyer-blau/ HTTP/1.1" 200 9898 "-" "Mozilla/5.0 (compatible; MJ12bot/v2.0.0; http://mj12bot.com/)"
195.191.219.131 - - [15/Apr/2025:04:59:34 -0400] "GET /a-look-into-the-world-of-meyer-blau/feed/ HTTP/1.1" 200 403 "-" "Mozilla/5.0 (compatible; MJ12bot/v2.0.0; http://mj12bot.com/)"
195.191.219.131 - - [15/Apr/2025:04:59:35 -0400] "GET /a-modern-gambling-frontier/ HTTP/1.1" 200 10085 "-" "Mozilla/5.0 (compatible; MJ12bot/v2.0.0; http://mj12bot.com/)"
195.191.219.131 - - [15/Apr/2025:04:59:36 -0400] "GET /a-modern-gambling-frontier/feed/ HTTP/1.1" 200 387 "-" "Mozilla/5.0 (compatible; MJ12bot/v2.0.0; http://mj12bot.com/)"
195.191.219.131 - - [15/Apr/2025:04:59:38 -0400] "GET /a-perfect-blend-of-functionality-and-cuteness/ HTTP/1.1" 200 9961 "-" "Mozilla/5.0 (compatible; MJ12bot/v2.0.0; http://mj12bot.com/)"
195.191.219.131 - - [15/Apr/2025:04:59:39 -0400] "GET /a-perfect-blend-of-functionality-and-cuteness/feed/ HTTP/1.1" 200 410 "-" "Mozilla/5.0 (compatible; MJ12bot/v2.0.0; http://mj12bot.com/)"
195.191.219.131 - - [15/Apr/2025:04:59:41 -0400] "GET /a-showcase-of-contemporary-design/ HTTP/1.1" 200 10044 "-" "Mozilla/5.0 (compatible; MJ12bot/v2.0.0; http://mj12bot.com/)"
195.191.219.131 - - [15/Apr/2025:04:59:43 -0400] "GET /a-showcase-of-contemporary-design/feed/ HTTP/1.1" 200 393 "-" "Mozilla/5.0 (compatible; MJ12bot/v2.0.0; http://mj12bot.com/)"
195.191.219.131 - - [15/Apr/2025:04:59:45 -0400] "GET /a-thriving-virtual-gaming-experience/ HTTP/1.1" 200 10079 "-" "Mozilla/5.0 (compatible; MJ12bot/v2.0.0; http://mj12bot.com/)"
195.191.219.131 - - [15/Apr/2025:04:59:47 -0400] "GET /a-thriving-virtual-gaming-experience/feed/ HTTP/1.1" 200 400 "-" "Mozilla/5.0 (compatible; MJ12bot/v2.0.0; http://mj12bot.com/)"
195.191.219.131 - - [15/Apr/2025:04:59:49 -0400] "GET /a-vision-of-contemporary-luxury/ HTTP/1.1" 200 10011 "-" "Mozilla/5.0 (compatible; MJ12bot/v2.0.0; http://mj12bot.com/)"
195.191.219.131 - - [15/Apr/2025:04:59:52 -0400] "GET /a-vision-of-contemporary-luxury/feed/ HTTP/1.1" 200 394 "-" "Mozilla/5.0 (compatible; MJ12bot/v2.0.0; http://mj12bot.com/)"
195.191.219.131 - - [15/Apr/2025:04:59:54 -0400] "GET /a-world-of-slots-and-bonuses/ HTTP/1.1" 200 10039 "-" "Mozilla/5.0 (compatible; MJ12bot/v2.0.0; http://mj12bot.com/)"
195.191.219.131 - - [15/Apr/2025:04:59:56 -0400] "GET /a-world-of-slots-and-bonuses/feed/ HTTP/1.1" 200 391 "-" "Mozilla/5.0 (compatible; MJ12bot/v2.0.0; http://mj12bot.com/)"
195.191.219.131 - - [15/Apr/2025:04:59:57 -0400] "GET /achieving-excellence-through-customized-guidance/ HTTP/1.1" 200 10146 "-" "Mozilla/5.0 (compatible; MJ12bot/v2.0.0; http://mj12bot.com/)"
195.191.219.131 - - [15/Apr/2025:05:00:00 -0400] "GET /achieving-excellence-through-customized-guidance/feed/ HTTP/1.1" 200 405 "-" "Mozilla/5.0 (compatible; MJ12bot/v2.0.0; http://mj12bot.com/)"
195.191.219.131 - - [15/Apr/2025:05:00:04 -0400] "GET /air-conditioning/ HTTP/1.1" 200 9547 "-" "Mozilla/5.0 (compatible; MJ12bot/v2.0.0; http://mj12bot.com/)"
195.191.219.131 - - [15/Apr/2025:05:00:09 -0400] "GET /air-conditioning/feed/ HTTP/1.1" 200 368 "-" "Mozilla/5.0 (compatible; MJ12bot/v2.0.0; http://mj12bot.com/)"
195.191.219.131 - - [15/Apr/2025:05:00:11 -0400] "GET /an-essential-asset-for-content-creators/ HTTP/1.1" 200 9887 "-" "Mozilla/5.0 (compatible; MJ12bot/v2.0.0; http://mj12bot.com/)"
195.191.219.131 - - [15/Apr/2025:05:00:14 -0400] "GET /an-essential-asset-for-content-creators/feed/ HTTP/1.1" 200 399 "-" "Mozilla/5.0 (compatible; MJ12bot/v2.0.0; http://mj12bot.com/)"
195.191.219.131 - - [15/Apr/2025:05:00:16 -0400] "GET /an-exquisite-display-of-modern-elegance/ HTTP/1.1" 200 10017 "-" "Mozilla/5.0 (compatible; MJ12bot/v2.0.0; http://mj12bot.com/)"
195.191.219.131 - - [15/Apr/2025:05:00:18 -0400] "GET /an-exquisite-display-of-modern-elegance/feed/ HTTP/1.1" 200 402 "-" "Mozilla/5.0 (compatible; MJ12bot/v2.0.0; http://mj12bot.com/)"
195.191.219.131 - - [15/Apr/2025:05:00:22 -0400] "GET /an-oasis-of-peace-and-beauty/ HTTP/1.1" 200 9803 "-" "Mozilla/5.0 (compatible; MJ12bot/v2.0.0; http://mj12bot.com/)"
195.191.219.131 - - [15/Apr/2025:05:00:24 -0400] "GET /an-oasis-of-peace-and-beauty/feed/ HTTP/1.1" 200 387 "-" "Mozilla/5.0 (compatible; MJ12bot/v2.0.0; http://mj12bot.com/)"
195.191.219.131 - - [15/Apr/2025:05:00:25 -0400] "GET /apprendre-a-jouer-de-la-guitare-un-voyage-musical/feed/ HTTP/1.1" 200 419 "-" "Mozilla/5.0 (compatible; MJ12bot/v2.0.0; http://mj12bot.com/)"
114.119.156.133 - - [15/Apr/2025:05:00:27 -0400] "GET /page/35/ HTTP/1.1" 200 10111 "https://sunquicksf.com/page/34/" "Mozilla/5.0 (Linux; Android 7.0;) AppleWebKit/537.36 (KHTML, like Gecko) Mobile Safari/537.36 (compatible; PetalBot;+https://webmaster.petalsearch.com/site/petalbot)"
195.191.219.131 - - [15/Apr/2025:05:00:28 -0400] "GET /arcady-showflat/ HTTP/1.1" 200 9884 "-" "Mozilla/5.0 (compatible; MJ12bot/v2.0.0; http://mj12bot.com/)"
195.191.219.131 - - [15/Apr/2025:05:00:31 -0400] "GET /arcady-showflat/feed/ HTTP/1.1" 200 375 "-" "Mozilla/5.0 (compatible; MJ12bot/v2.0.0; http://mj12bot.com/)"
195.191.219.131 - - [15/Apr/2025:05:00:34 -0400] "GET /assurance-professionnelle-proteger-votre-activite-avec-sagesse/ HTTP/1.1" 200 10143 "-" "Mozilla/5.0 (compatible; MJ12bot/v2.0.0; http://mj12bot.com/)"
195.191.219.131 - - [15/Apr/2025:05:00:35 -0400] "GET /assurance-professionnelle-proteger-votre-activite-avec-sagesse/feed/ HTTP/1.1" 200 431 "-" "Mozilla/5.0 (compatible; MJ12bot/v2.0.0; http://mj12bot.com/)"
114.119.156.133 - - [15/Apr/2025:05:01:50 -0400] "GET /category/activity/page/83/ HTTP/1.1" 200 10079 "https://sunquicksf.com/category/activity/page/82/" "Mozilla/5.0 (Linux; Android 7.0;) AppleWebKit/537.36 (KHTML, like Gecko) Mobile Safari/537.36 (compatible; PetalBot;+https://webmaster.petalsearch.com/site/petalbot)"
51.222.253.15 - - [15/Apr/2025:05:02:59 -0400] "GET /navigating-the-complex-terrain-of-challenging-a-will/ HTTP/1.1" 200 10211 "-" "Mozilla/5.0 (compatible; AhrefsBot/7.0; +http://ahrefs.com/robot/)"
114.119.134.207 - - [15/Apr/2025:05:03:13 -0400] "GET /4-employee-communication-apps-to-keep-your-employees-connected/ HTTP/1.1" 200 11304 "https://sunquicksf.com/category/activity/page/66/" "Mozilla/5.0 (Linux; Android 7.0;) AppleWebKit/537.36 (KHTML, like Gecko) Mobile Safari/537.36 (compatible; PetalBot;+https://webmaster.petalsearch.com/site/petalbot)"
178.217.98.213 - - [15/Apr/2025:05:06:20 -0400] "GET /the-benefits-of-manufacturing-automation/ HTTP/1.1" 200 10594 "https://sunquicksf.com/the-benefits-of-manufacturing-automation/" "Mozilla/5.0 (Windows NT 10.0; Win64; x64) AppleWebKit/537.36 (KHTML, like Gecko) Chrome/130.0.0.0 Safari/537.36 CCleaner/130.0.0.0"
178.217.98.213 - - [15/Apr/2025:05:06:29 -0400] "POST /wp-comments-post.php HTTP/1.1" 302 0 "https://sunquicksf.com/the-benefits-of-manufacturing-automation/" "Mozilla/5.0 (Windows NT 10.0; Win64; x64) AppleWebKit/537.36 (KHTML, like Gecko) Chrome/130.0.0.0 Safari/537.36 CCleaner/130.0.0.0"
178.217.98.213 - - [15/Apr/2025:05:06:35 -0400] "GET /the-benefits-of-manufacturing-automation/ HTTP/1.1" 200 9833 "https://sunquicksf.com/the-benefits-of-manufacturing-automation/#comment-50097" "Mozilla/5.0 (Windows NT 10.0; Win64; x64) AppleWebKit/537.36 (KHTML, like Gecko) Chrome/130.0.0.0 Safari/537.36 CCleaner/130.0.0.0"
43.128.36.137 - - [15/Apr/2025:05:07:08 -0400] "GET /how-to-find-a-reputable-home-cleaning-service/ HTTP/1.1" 200 11169 "-" "Python/3.10 aiohttp/3.10.5"
51.222.253.2 - - [15/Apr/2025:05:08:41 -0400] "GET /types-de-crochets-muraux-decoratifs/ HTTP/1.1" 200 10413 "-" "Mozilla/5.0 (compatible; AhrefsBot/7.0; +http://ahrefs.com/robot/)"
185.157.212.157 - - [15/Apr/2025:05:10:08 -0400] "GET /the-benefits-of-manufacturing-automation/ HTTP/1.1" 200 10569 "https://sunquicksf.com/the-benefits-of-manufacturing-automation/" "Mozilla/5.0 (Windows NT 10.0; Win64; x64) AppleWebKit/537.36 (KHTML, like Gecko) Chrome/130.0.0.0 Safari/537.36 CCleaner/130.0.0.0"
