40.69.222.47 - - [16/Apr/2025:15:38:18 -0400] "GET /pack-buxton/ HTTP/1.1" 200 11171 "-" "-"
40.69.222.47 - - [16/Apr/2025:15:39:01 -0400] "GET /private-party-cartagena/ HTTP/1.1" 200 10889 "-" "-"
40.69.222.47 - - [16/Apr/2025:15:39:10 -0400] "GET /enhancing-iphone-features/ HTTP/1.1" 200 14574 "-" "-"
114.119.135.64 - - [16/Apr/2025:15:39:18 -0400] "GET /category/activity/page/63/ HTTP/1.1" 200 10059 "https://sunquicksf.com/category/activity/page/62/" "Mozilla/5.0 (Linux; Android 7.0;) AppleWebKit/537.36 (KHTML, like Gecko) Mobile Safari/537.36 (compatible; PetalBot;+https://webmaster.petalsearch.com/site/petalbot)"
114.119.134.207 - - [16/Apr/2025:15:40:38 -0400] "GET /the-benefits-of-having-a-site-for-your-auto-body-shop/ HTTP/1.1" 200 10855 "https://sunquicksf.com/page/119/" "Mozilla/5.0 (Linux; Android 7.0;) AppleWebKit/537.36 (KHTML, like Gecko) Mobile Safari/537.36 (compatible; PetalBot;+https://webmaster.petalsearch.com/site/petalbot)"
40.69.222.47 - - [16/Apr/2025:15:40:38 -0400] "GET /secured-personal-loans-constructive-structuring-for-financial-success/ HTTP/1.1" 200 10873 "-" "-"
150.109.61.32 - - [16/Apr/2025:15:41:05 -0400] "GET /top-rated-hair-dryer/ HTTP/1.1" 200 10321 "-" "Python/3.10 aiohttp/3.10.5"
119.28.5.18 - - [16/Apr/2025:15:41:06 -0400] "GET /how-to-enhance-custom-invitations/ HTTP/1.1" 404 8106 "-" "Python/3.10 aiohttp/3.10.5"
52.10.104.220 - - [16/Apr/2025:15:41:24 -0400] "GET /2023/05/ HTTP/1.1" 301 0 "-" "-"
109.172.87.122 - - [16/Apr/2025:15:41:24 -0400] "GET /the-benefits-of-manufacturing-automation/ HTTP/1.1" 200 10849 "https://sunquicksf.com/the-benefits-of-manufacturing-automation/" "Mozilla/5.0 (Windows NT 10.0; Win64; x64) AppleWebKit/537.36 (KHTML, like Gecko) Chrome/130.0.0.0 Safari/537.36 CCleaner/130.0.0.0"
52.10.104.220 - - [16/Apr/2025:15:41:26 -0400] "GET / HTTP/1.1" 200 77991 "-" "-"
198.54.114.83 - - [16/Apr/2025:15:41:31 -0400] "POST /wp-cron.php?doing_wp_cron=1744832488.9859509468078613281250 HTTP/1.1" 200 0 "-" "WordPress/6.8; https://sunquicksf.com"
109.172.87.122 - - [16/Apr/2025:15:41:28 -0400] "POST /wp-comments-post.php HTTP/1.1" 302 0 "https://sunquicksf.com/the-benefits-of-manufacturing-automation/" "Mozilla/5.0 (Windows NT 10.0; Win64; x64) AppleWebKit/537.36 (KHTML, like Gecko) Chrome/130.0.0.0 Safari/537.36 CCleaner/130.0.0.0"
109.172.87.122 - - [16/Apr/2025:15:41:33 -0400] "GET /the-benefits-of-manufacturing-automation/ HTTP/1.1" 200 12035 "https://sunquicksf.com/the-benefits-of-manufacturing-automation/#comment-50349" "Mozilla/5.0 (Windows NT 10.0; Win64; x64) AppleWebKit/537.36 (KHTML, like Gecko) Chrome/130.0.0.0 Safari/537.36 CCleaner/130.0.0.0"
114.119.156.71 - - [16/Apr/2025:15:42:02 -0400] "GET /page/29/ HTTP/1.1" 200 10227 "https://sunquicksf.com/page/30/" "Mozilla/5.0 (Linux; Android 7.0;) AppleWebKit/537.36 (KHTML, like Gecko) Mobile Safari/537.36 (compatible; PetalBot;+https://webmaster.petalsearch.com/site/petalbot)"
43.154.72.61 - - [16/Apr/2025:15:42:27 -0400] "GET /roller-shutters-gateshead/ HTTP/1.1" 200 10014 "-" "Python/3.10 aiohttp/3.10.5"
51.222.253.20 - - [16/Apr/2025:15:43:14 -0400] "GET /rent-a-car-in-skopje-north-macedonia/ HTTP/1.1" 200 11797 "-" "Mozilla/5.0 (compatible; AhrefsBot/7.0; +http://ahrefs.com/robot/)"
114.119.130.3 - - [16/Apr/2025:15:43:26 -0400] "GET /the-landmark-condo-in-downtown-atlanta/ HTTP/1.1" 200 10508 "https://sunquicksf.com/page/70/" "Mozilla/5.0 (Linux; Android 7.0;) AppleWebKit/537.36 (KHTML, like Gecko) Mobile Safari/537.36 (compatible; PetalBot;+https://webmaster.petalsearch.com/site/petalbot)"
40.69.222.47 - - [16/Apr/2025:15:44:06 -0400] "GET /10-best-promotional-bags/ HTTP/1.1" 200 11249 "-" "-"
91.84.98.84 - - [16/Apr/2025:15:44:16 -0400] "GET /ally-bank-customer-service/ HTTP/1.1" 200 10932 "https://sunquicksf.com/ally-bank-customer-service/#comment-49666" "Mozilla/5.0 (Windows NT 10.0; Win64; x64) AppleWebKit/537.36 (KHTML, like Gecko) Chrome/103.0.5060.134 Safari/537.36"
91.84.98.84 - - [16/Apr/2025:15:44:18 -0400] "POST /wp-comments-post.php HTTP/1.1" 302 0 "https://sunquicksf.com/ally-bank-customer-service/#comment-49666" "Mozilla/5.0 (Windows NT 10.0; Win64; x64) AppleWebKit/537.36 (KHTML, like Gecko) Chrome/103.0.5060.134 Safari/537.36"
91.84.98.84 - - [16/Apr/2025:15:44:22 -0400] "GET /ally-bank-customer-service/ HTTP/1.1" 200 11574 "https://sunquicksf.com/ally-bank-customer-service/#comment-50350" "Mozilla/5.0 (Windows NT 10.0; Win64; x64) AppleWebKit/537.36 (KHTML, like Gecko) Chrome/103.0.5060.134 Safari/537.36"
129.226.131.246 - - [16/Apr/2025:15:44:30 -0400] "GET /major-league-broadcasting-and-the-cord-cutter/ HTTP/1.1" 200 10833 "-" "Python/3.10 aiohttp/3.10.5"
114.119.156.71 - - [16/Apr/2025:15:44:50 -0400] "GET /land-shutting-strategy/ HTTP/1.1" 200 10981 "https://sunquicksf.com/category/about-us/page/4/" "Mozilla/5.0 (Linux; Android 7.0;) AppleWebKit/537.36 (KHTML, like Gecko) Mobile Safari/537.36 (compatible; PetalBot;+https://webmaster.petalsearch.com/site/petalbot)"
40.69.222.47 - - [16/Apr/2025:15:45:41 -0400] "GET /wp-admin/ HTTP/1.1" 302 0 "-" "-"
40.69.222.47 - - [16/Apr/2025:15:45:43 -0400] "GET /wp-login.php?redirect_to=https%3A%2F%2Fsunquicksf.com%2Fwp-admin%2F&reauth=1 HTTP/1.1" 200 1717 "-" "-"
114.119.134.207 - - [16/Apr/2025:15:46:12 -0400] "GET /unveiling-the-enchantment-of-puerto-de-la-duquesa/ HTTP/1.1" 200 10302 "https://sunquicksf.com/category/activity/page/20/" "Mozilla/5.0 (Linux; Android 7.0;) AppleWebKit/537.36 (KHTML, like Gecko) Mobile Safari/537.36 (compatible; PetalBot;+https://webmaster.petalsearch.com/site/petalbot)"
40.69.222.47 - - [16/Apr/2025:15:46:20 -0400] "GET /wp-admin/about.php HTTP/1.1" 302 0 "-" "-"
40.69.222.47 - - [16/Apr/2025:15:46:21 -0400] "GET /wp-login.php?redirect_to=https%3A%2F%2Fsunquicksf.com%2Fwp-admin%2Fabout.php&reauth=1 HTTP/1.1" 200 1720 "-" "-"
40.69.222.47 - - [16/Apr/2025:15:46:27 -0400] "GET /wp-admin/admin.php HTTP/1.1" 302 0 "-" "-"
40.69.222.47 - - [16/Apr/2025:15:46:29 -0400] "GET /wp-login.php?redirect_to=https%3A%2F%2Fsunquicksf.com%2Fwp-admin%2Fadmin.php&reauth=1 HTTP/1.1" 200 1717 "-" "-"
114.119.156.133 - - [16/Apr/2025:15:47:36 -0400] "GET /how-to-find-a-cnc-milling-parts-supplier/ HTTP/1.1" 200 10294 "https://sunquicksf.com/page/40/" "Mozilla/5.0 (Linux; Android 7.0;) AppleWebKit/537.36 (KHTML, like Gecko) Mobile Safari/537.36 (compatible; PetalBot;+https://webmaster.petalsearch.com/site/petalbot)"
129.226.162.20 - - [16/Apr/2025:15:48:03 -0400] "GET /colorado-real-estate-schools/ HTTP/1.1" 200 10818 "-" "Python/3.10 aiohttp/3.10.5"
54.189.57.63 - - [16/Apr/2025:15:48:06 -0400] "GET /category/sign-up/ HTTP/1.1" 200 8359 "-" "-"
54.189.57.63 - - [16/Apr/2025:15:48:08 -0400] "GET /category/sign-up/No%20favicon%20address%20found%20in%20site-XML HTTP/1.1" 200 0 "https://sunquicksf.com/category/sign-up/" "Mozilla/5.0 (Macintosh; Intel Mac OS X 10_9_3) AppleWebKit/537.75.14 (KHTML, like Gecko) Version/7.0.3 Safari/7046A194A"
66.249.79.102 - - [16/Apr/2025:15:48:10 -0400] "GET /category/sign-up/ HTTP/1.1" 200 8322 "-" "Mozilla/5.0 (Linux; Android 6.0.1; Nexus 5X Build/MMB29P) AppleWebKit/537.36 (KHTML, like Gecko) Chrome/99.0.4844.84 Mobile Safari/537.36 (compatible; Googlebot/2.1; +http://www.google.com/bot.html)"
66.249.79.100 - - [16/Apr/2025:15:48:13 -0400] "GET /category/sign-up/ HTTP/1.1" 200 8322 "-" "Mozilla/5.0 (compatible; Googlebot/2.1; +http://www.google.com/bot.html)"
66.249.79.100 - - [16/Apr/2025:15:48:19 -0400] "GET /wp-content/themes/newspaperly/js/script.js?ver=20160720 HTTP/1.1" 200 996 "https://sunquicksf.com/category/sign-up/" "Mozilla/5.0 AppleWebKit/537.36 (KHTML, like Gecko; compatible; Googlebot/2.1; +http://www.google.com/bot.html) Chrome/134.0.6998.165 Safari/537.36"
66.249.79.100 - - [16/Apr/2025:15:48:20 -0400] "GET /wp-includes/js/jquery/jquery-migrate.min.js?ver=3.4.1 HTTP/1.1" 200 4678 "https://sunquicksf.com/category/sign-up/" "Mozilla/5.0 AppleWebKit/537.36 (KHTML, like Gecko; compatible; Googlebot/2.1; +http://www.google.com/bot.html) Chrome/134.0.6998.165 Safari/537.36"
66.249.79.100 - - [16/Apr/2025:15:48:22 -0400] "GET /wp-content/themes/minimalist-newspaper/style.css?ver=6.8 HTTP/1.1" 200 9677 "https://sunquicksf.com/category/sign-up/" "Mozilla/5.0 AppleWebKit/537.36 (KHTML, like Gecko; compatible; Googlebot/2.1; +http://www.google.com/bot.html) Chrome/134.0.6998.165 Safari/537.36"
66.249.79.100 - - [16/Apr/2025:15:48:25 -0400] "GET /wp-content/themes/newspaperly/js/accessibility.js?ver=20160720 HTTP/1.1" 200 430 "https://sunquicksf.com/category/sign-up/" "Mozilla/5.0 (Linux; Android 6.0.1; Nexus 5X Build/MMB29P) AppleWebKit/537.36 (KHTML, like Gecko) Chrome/134.0.6998.165 Mobile Safari/537.36 (compatible; Googlebot/2.1; +http://www.google.com/bot.html)"
66.249.79.100 - - [16/Apr/2025:15:48:29 -0400] "GET /wp-includes/js/jquery/jquery.min.js?ver=3.7.1 HTTP/1.1" 200 29744 "https://sunquicksf.com/category/sign-up/" "Mozilla/5.0 AppleWebKit/537.36 (KHTML, like Gecko; compatible; Googlebot/2.1; +http://www.google.com/bot.html) Chrome/134.0.6998.165 Safari/537.36"
66.249.79.100 - - [16/Apr/2025:15:48:32 -0400] "GET /wp-includes/js/wp-emoji-release.min.js?ver=6.8 HTTP/1.1" 200 4771 "https://sunquicksf.com/category/sign-up/" "Mozilla/5.0 (Linux; Android 6.0.1; Nexus 5X Build/MMB29P) AppleWebKit/537.36 (KHTML, like Gecko) Chrome/134.0.6998.165 Mobile Safari/537.36 (compatible; Googlebot/2.1; +http://www.google.com/bot.html)"
114.119.155.230 - - [16/Apr/2025:15:48:59 -0400] "GET /category/activity/page/21/ HTTP/1.1" 200 10317 "https://sunquicksf.com/category/activity/page/20/" "Mozilla/5.0 (Linux; Android 7.0;) AppleWebKit/537.36 (KHTML, like Gecko) Mobile Safari/537.36 (compatible; PetalBot;+https://webmaster.petalsearch.com/site/petalbot)"
51.222.253.17 - - [16/Apr/2025:15:49:05 -0400] "GET /page/70/ HTTP/1.1" 200 10309 "-" "Mozilla/5.0 (compatible; AhrefsBot/7.0; +http://ahrefs.com/robot/)"
129.226.176.123 - - [16/Apr/2025:15:50:29 -0400] "GET /personalized-socks-for-men/ HTTP/1.1" 200 10158 "-" "Python/3.10 aiohttp/3.10.5"
40.69.222.47 - - [16/Apr/2025:15:51:02 -0400] "GET /wp-admin/index.php HTTP/1.1" 302 0 "-" "-"
40.69.222.47 - - [16/Apr/2025:15:51:06 -0400] "GET /wp-login.php?redirect_to=https%3A%2F%2Fsunquicksf.com%2Fwp-admin%2Findex.php&reauth=1 HTTP/1.1" 200 1718 "-" "-"
40.69.222.47 - - [16/Apr/2025:15:51:09 -0400] "GET /wp-admin/index.php?p= HTTP/1.1" 302 0 "-" "-"
40.69.222.47 - - [16/Apr/2025:15:51:13 -0400] "GET /wp-login.php?redirect_to=https%3A%2F%2Fsunquicksf.com%2Fwp-admin%2Findex.php%3Fp%3D&reauth=1 HTTP/1.1" 200 1726 "-" "-"
114.119.156.71 - - [16/Apr/2025:15:52:58 -0400] "GET /one-bernam-a-new-mixed-distribution-development-in-the-cbd/ HTTP/1.1" 200 10318 "https://sunquicksf.com/page/70/" "Mozilla/5.0 (Linux; Android 7.0;) AppleWebKit/537.36 (KHTML, like Gecko) Mobile Safari/537.36 (compatible; PetalBot;+https://webmaster.petalsearch.com/site/petalbot)"
40.69.222.47 - - [16/Apr/2025:15:53:09 -0400] "GET /wp-admin/media.php HTTP/1.1" 302 0 "-" "-"
40.69.222.47 - - [16/Apr/2025:15:53:12 -0400] "GET /wp-login.php?redirect_to=https%3A%2F%2Fsunquicksf.com%2Fwp-admin%2Fmedia.php&reauth=1 HTTP/1.1" 200 1719 "-" "-"
40.69.222.47 - - [16/Apr/2025:15:53:17 -0400] "GET /wp-admin/network/ HTTP/1.1" 302 0 "-" "-"
40.69.222.47 - - [16/Apr/2025:15:53:20 -0400] "GET /wp-login.php?redirect_to=https%3A%2F%2Fsunquicksf.com%2Fwp-admin%2Fnetwork%2F&reauth=1 HTTP/1.1" 200 1723 "-" "-"
40.69.222.47 - - [16/Apr/2025:15:53:23 -0400] "GET /wp-admin/network/about.php HTTP/1.1" 302 0 "-" "-"
40.69.222.47 - - [16/Apr/2025:15:53:25 -0400] "GET /wp-login.php?redirect_to=https%3A%2F%2Fsunquicksf.com%2Fwp-admin%2Fnetwork%2Fabout.php&reauth=1 HTTP/1.1" 200 1732 "-" "-"
40.69.222.47 - - [16/Apr/2025:15:53:32 -0400] "GET /wp-admin/network/admin.php HTTP/1.1" 302 0 "-" "-"
40.69.222.47 - - [16/Apr/2025:15:53:33 -0400] "GET /wp-login.php?redirect_to=https%3A%2F%2Fsunquicksf.com%2Fwp-admin%2Fnetwork%2Fadmin.php&reauth=1 HTTP/1.1" 200 1727 "-" "-"
40.69.222.47 - - [16/Apr/2025:15:53:45 -0400] "GET /wp-admin/network/index.php HTTP/1.1" 302 0 "-" "-"
40.69.222.47 - - [16/Apr/2025:15:53:47 -0400] "GET /wp-login.php?redirect_to=https%3A%2F%2Fsunquicksf.com%2Fwp-admin%2Fnetwork%2Findex.php&reauth=1 HTTP/1.1" 200 1728 "-" "-"
40.69.222.47 - - [16/Apr/2025:15:54:00 -0400] "GET /wp-admin/network/plugins.php HTTP/1.1" 302 0 "-" "-"
40.69.222.47 - - [16/Apr/2025:15:54:02 -0400] "GET /wp-login.php?redirect_to=https%3A%2F%2Fsunquicksf.com%2Fwp-admin%2Fnetwork%2Fplugins.php&reauth=1 HTTP/1.1" 200 1732 "-" "-"
51.222.253.2 - - [16/Apr/2025:15:54:21 -0400] "GET /revolutionizing-packaging-the-water-soluble-film-packaging-machine/ HTTP/1.1" 200 10566 "-" "Mozilla/5.0 (compatible; AhrefsBot/7.0; +http://ahrefs.com/robot/)"
40.69.222.47 - - [16/Apr/2025:15:54:35 -0400] "GET /wp-admin/options.php HTTP/1.1" 302 0 "-" "-"
40.69.222.47 - - [16/Apr/2025:15:54:37 -0400] "GET /wp-login.php?redirect_to=https%3A%2F%2Fsunquicksf.com%2Fwp-admin%2Foptions.php&reauth=1 HTTP/1.1" 200 1724 "-" "-"
40.69.222.47 - - [16/Apr/2025:15:55:30 -0400] "GET /wp-admin/user/ HTTP/1.1" 302 0 "-" "-"
40.69.222.47 - - [16/Apr/2025:15:55:34 -0400] "GET /wp-login.php?redirect_to=https%3A%2F%2Fsunquicksf.com%2Fwp-admin%2Fuser%2F&reauth=1 HTTP/1.1" 200 1721 "-" "-"
40.69.222.47 - - [16/Apr/2025:15:55:43 -0400] "GET /wp-admin/user/?p= HTTP/1.1" 302 0 "-" "-"
40.69.222.47 - - [16/Apr/2025:15:55:47 -0400] "GET /wp-login.php?redirect_to=https%3A%2F%2Fsunquicksf.com%2Fwp-admin%2Fuser%2F%3Fp%3D&reauth=1 HTTP/1.1" 200 1725 "-" "-"
40.69.222.47 - - [16/Apr/2025:15:55:59 -0400] "GET /wp-admin/user/about.php HTTP/1.1" 302 0 "-" "-"
40.69.222.47 - - [16/Apr/2025:15:56:04 -0400] "GET /wp-login.php?redirect_to=https%3A%2F%2Fsunquicksf.com%2Fwp-admin%2Fuser%2Fabout.php&reauth=1 HTTP/1.1" 200 1728 "-" "-"
40.69.222.47 - - [16/Apr/2025:15:56:15 -0400] "GET /wp-admin/user/about.php?p= HTTP/1.1" 302 0 "-" "-"
40.69.222.47 - - [16/Apr/2025:15:56:21 -0400] "GET /wp-login.php?redirect_to=https%3A%2F%2Fsunquicksf.com%2Fwp-admin%2Fuser%2Fabout.php%3Fp%3D&reauth=1 HTTP/1.1" 200 1731 "-" "-"
40.69.222.47 - - [16/Apr/2025:15:56:33 -0400] "GET /wp-admin/user/admin.php HTTP/1.1" 302 0 "-" "-"
40.69.222.47 - - [16/Apr/2025:15:56:37 -0400] "GET /wp-login.php?redirect_to=https%3A%2F%2Fsunquicksf.com%2Fwp-admin%2Fuser%2Fadmin.php&reauth=1 HTTP/1.1" 200 1725 "-" "-"
40.69.222.47 - - [16/Apr/2025:15:57:22 -0400] "GET /wp-admin/user/index.php HTTP/1.1" 302 0 "-" "-"
40.69.222.47 - - [16/Apr/2025:15:57:29 -0400] "GET /wp-login.php?redirect_to=https%3A%2F%2Fsunquicksf.com%2Fwp-admin%2Fuser%2Findex.php&reauth=1 HTTP/1.1" 200 1725 "-" "-"
198.54.114.83 - - [16/Apr/2025:15:57:33 -0400] "POST /wp-cron.php?doing_wp_cron=1744833449.6814310550689697265625 HTTP/1.1" 200 0 "-" "WordPress/6.8; https://sunquicksf.com"
40.69.222.47 - - [16/Apr/2025:15:57:55 -0400] "GET /wp-admin/users.php HTTP/1.1" 302 0 "-" "-"
40.69.222.47 - - [16/Apr/2025:15:58:01 -0400] "GET /wp-login.php?redirect_to=https%3A%2F%2Fsunquicksf.com%2Fwp-admin%2Fusers.php&reauth=1 HTTP/1.1" 200 1721 "-" "-"
240e:350:8003:f110:4ecc:6a31:caf7:5ca9 - - [16/Apr/2025:15:58:39 -0400] "POST /wp-comments-post.php HTTP/1.1" 302 0 "-" "Mozilla/5.0 (Windows NT 10.0; Win64; x64) AppleWebKit/537.36 (KHTML, like Gecko) Chrome/108.0.0.0 Safari/537.36 Edg/108.0.1462.46"
240e:350:8003:f110:4ecc:6a31:caf7:5ca9 - - [16/Apr/2025:15:58:43 -0400] "GET /empathy-in-action-the-unsung-heroes-of-healthcare-private-carers/?unapproved=50351&moderation-hash=af5e31aa8f7ff96017ded7656e1aea75 HTTP/1.1" 200 11674 "-" "Mozilla/5.0 (Windows NT 10.0; Win64; x64) AppleWebKit/537.36 (KHTML, like Gecko) Chrome/108.0.0.0 Safari/537.36 Edg/108.0.1462.46"
40.69.222.47 - - [16/Apr/2025:15:58:52 -0400] "GET /feed/atom/ HTTP/1.1" 200 392154 "-" "-"
51.222.253.14 - - [16/Apr/2025:15:58:58 -0400] "GET /exploring-the-world-of-lab-diamond-rings-in-toronto/feed/ HTTP/1.1" 304 0 "-" "Mozilla/5.0 (compatible; AhrefsBot/7.0; +http://ahrefs.com/robot/)"
54.190.225.2 - - [16/Apr/2025:16:00:05 -0400] "GET /2024/09/ HTTP/1.1" 301 0 "-" "Mozilla/5.0 (Macintosh; PPC Mac OS X 10.12; rv:49.0) Gecko/20100101 Firefox/49.0"
54.190.225.2 - - [16/Apr/2025:16:00:07 -0400] "GET / HTTP/1.1" 200 77991 "-" "Mozilla/5.0 (Macintosh; PPC Mac OS X 10.12; rv:49.0) Gecko/20100101 Firefox/49.0"
47.79.197.153 - - [16/Apr/2025:16:01:53 -0400] "GET / HTTP/1.1" 200 77991 "https://www.google.com/" "Mozilla/5.0 (Linux; Android 10; K) AppleWebKit/537.36 (KHTML, like Gecko) Chrome/133.0.0.0 Mobile Safari/537.36"
162.0.229.102 - - [16/Apr/2025:16:02:54 -0400] "GET / HTTP/1.1" 200 77991 "-" "Mozilla/5.0 (Windows NT 10.0; Win64; x64; rv:122.0) Gecko/20100101 Firefox/122.0"
51.222.253.18 - - [16/Apr/2025:16:04:03 -0400] "GET /whats-the-best-massage-gun/feed/ HTTP/1.1" 304 0 "-" "Mozilla/5.0 (compatible; AhrefsBot/7.0; +http://ahrefs.com/robot/)"
162.0.229.102 - - [16/Apr/2025:16:05:13 -0400] "GET / HTTP/1.1" 200 77991 "-" "Softaculous"
162.0.229.102 - - [16/Apr/2025:16:05:19 -0400] "GET / HTTP/1.1" 200 77991 "-" "Softaculous"
162.0.229.102 - - [16/Apr/2025:16:05:20 -0400] "GET / HTTP/1.1" 200 77991 "-" "Mozilla/5.0 (Windows NT 10.0; Win64; x64; rv:122.0) Gecko/20100101 Firefox/122.0"
5.102.173.71 - - [16/Apr/2025:16:05:30 -0400] "GET /robots.txt HTTP/1.1" 200 109 "-" "Mozilla/5.0 (compatible; MojeekBot/0.11; +https://www.mojeek.com/bot.html)"
5.102.173.71 - - [16/Apr/2025:16:05:32 -0400] "GET /2024/06/ HTTP/1.1" 301 0 "-" "Mozilla/5.0 (compatible; MojeekBot/0.11; +https://www.mojeek.com/bot.html)"
119.28.225.114 - - [16/Apr/2025:16:06:06 -0400] "GET /voice-over-artists/ HTTP/1.1" 200 10911 "-" "Python/3.10 aiohttp/3.10.5"
51.222.253.7 - - [16/Apr/2025:16:09:06 -0400] "GET /fenbendazole-for-humanss/feed/ HTTP/1.1" 304 0 "-" "Mozilla/5.0 (compatible; AhrefsBot/7.0; +http://ahrefs.com/robot/)"
34.209.250.131 - - [16/Apr/2025:16:09:13 -0400] "GET /2024/12/ HTTP/1.1" 301 0 "-" "Mozilla/5.0 (Windows NT 6.1; WOW64; rv:53.0) Gecko/20100101 Firefox/53.0"
34.209.250.131 - - [16/Apr/2025:16:09:15 -0400] "GET / HTTP/1.1" 200 77991 "-" "Mozilla/5.0 (Windows NT 6.1; WOW64; rv:53.0) Gecko/20100101 Firefox/53.0"
114.119.134.207 - - [16/Apr/2025:16:09:28 -0400] "GET /the-intricacies-of-buying-youtube-views/ HTTP/1.1" 200 10349 "https://sunquicksf.com/the-intricacies-of-buying-youtube-views/" "Mozilla/5.0 (Linux; Android 7.0;) AppleWebKit/537.36 (KHTML, like Gecko) Mobile Safari/537.36 (compatible; PetalBot;+https://webmaster.petalsearch.com/site/petalbot)"
109.172.87.122 - - [16/Apr/2025:16:09:29 -0400] "GET /the-benefits-of-manufacturing-automation/ HTTP/1.1" 200 10836 "https://sunquicksf.com/the-benefits-of-manufacturing-automation/" "Mozilla/5.0 (Windows NT 10.0; Win64; x64) AppleWebKit/537.36 (KHTML, like Gecko) Chrome/131.0.0.0 Safari/537.36 Avast/131.0.0.0"
109.172.87.122 - - [16/Apr/2025:16:09:33 -0400] "POST /wp-comments-post.php HTTP/1.1" 302 0 "https://sunquicksf.com/the-benefits-of-manufacturing-automation/" "Mozilla/5.0 (Windows NT 10.0; Win64; x64) AppleWebKit/537.36 (KHTML, like Gecko) Chrome/131.0.0.0 Safari/537.36 Avast/131.0.0.0"
109.172.87.122 - - [16/Apr/2025:16:09:37 -0400] "GET /the-benefits-of-manufacturing-automation/ HTTP/1.1" 200 12062 "https://sunquicksf.com/the-benefits-of-manufacturing-automation/#comment-50352" "Mozilla/5.0 (Windows NT 10.0; Win64; x64) AppleWebKit/537.36 (KHTML, like Gecko) Chrome/131.0.0.0 Safari/537.36 Avast/131.0.0.0"
114.119.138.5 - - [16/Apr/2025:16:10:52 -0400] "GET /page/63/ HTTP/1.1" 200 10252 "https://sunquicksf.com/page/64/" "Mozilla/5.0 (Linux; Android 7.0;) AppleWebKit/537.36 (KHTML, like Gecko) Mobile Safari/537.36 (compatible; PetalBot;+https://webmaster.petalsearch.com/site/petalbot)"
114.119.138.5 - - [16/Apr/2025:16:12:16 -0400] "GET /page/26/ HTTP/1.1" 200 10299 "https://sunquicksf.com/page/27/" "Mozilla/5.0 (Linux; Android 7.0;) AppleWebKit/537.36 (KHTML, like Gecko) Mobile Safari/537.36 (compatible; PetalBot;+https://webmaster.petalsearch.com/site/petalbot)"
124.156.120.22 - - [16/Apr/2025:16:12:17 -0400] "GET /how-to-save-money-on-a-vietnam-trip/ HTTP/1.1" 200 10296 "-" "Python/3.10 aiohttp/3.10.5"
114.119.135.64 - - [16/Apr/2025:16:13:41 -0400] "GET /page/120/ HTTP/1.1" 200 9987 "https://sunquicksf.com/page/121/" "Mozilla/5.0 (Linux; Android 7.0;) AppleWebKit/537.36 (KHTML, like Gecko) Mobile Safari/537.36 (compatible; PetalBot;+https://webmaster.petalsearch.com/site/petalbot)"
27.42.99.212 - - [16/Apr/2025:16:13:44 -0400] "GET /how-to-find-a-24-7-locksmith-near-you/ HTTP/1.1" 200 10837 "https://sunquicksf.com" "Mozilla/5.0 (Windows NT 10.0; Win64; x64) AppleWebKit/537.36 (KHTML, like Gecko) Chrome/62.0.3202.94 Safari/537.36"
51.222.253.16 - - [16/Apr/2025:16:13:49 -0400] "GET /vous-voulez-parler-a-un-vrai-medium-comment-obtenir-une-lecture-psychique-pour-10/feed/ HTTP/1.1" 200 465 "-" "Mozilla/5.0 (compatible; AhrefsBot/7.0; +http://ahrefs.com/robot/)"
27.42.99.212 - - [16/Apr/2025:16:13:48 -0400] "POST /wp-comments-post.php HTTP/1.1" 302 0 "https://sunquicksf.com" "Mozilla/5.0 (Windows NT 10.0; Win64; x64) AppleWebKit/537.36 (KHTML, like Gecko) Chrome/62.0.3202.94 Safari/537.36"
27.42.99.212 - - [16/Apr/2025:16:13:53 -0400] "GET /how-to-find-a-24-7-locksmith-near-you/ HTTP/1.1" 200 11574 "https://sunquicksf.com" "Mozilla/4.0 (compatible; MSIE 6.0; Windows NT 5.1; en) Opera 8.50"
114.119.138.5 - - [16/Apr/2025:16:15:04 -0400] "GET /personnalisation-de-la-plaque-dimmatriculation-un-style-unique-sur-la-route/ HTTP/1.1" 200 10432 "https://sunquicksf.com/category/activity/page/4/" "Mozilla/5.0 (Linux; Android 7.0;) AppleWebKit/537.36 (KHTML, like Gecko) Mobile Safari/537.36 (compatible; PetalBot;+https://webmaster.petalsearch.com/site/petalbot)"
114.119.130.3 - - [16/Apr/2025:16:16:26 -0400] "GET /how-to-find-a-good-divorce-attorney/ HTTP/1.1" 200 10771 "https://sunquicksf.com/how-to-find-a-good-divorce-attorney/" "Mozilla/5.0 (Linux; Android 7.0;) AppleWebKit/537.36 (KHTML, like Gecko) Mobile Safari/537.36 (compatible; PetalBot;+https://webmaster.petalsearch.com/site/petalbot)"
202.69.38.12 - - [16/Apr/2025:16:17:11 -0400] "GET /wp-login.php HTTP/1.1" 200 1717 "-" "Mozilla/5.0 (X11; Linux x86_64; rv:121.0) Gecko/20100101 Firefox/121.0"
114.119.134.207 - - [16/Apr/2025:16:17:51 -0400] "GET /discount-dental-plans-vs-dental-insurance/ HTTP/1.1" 200 10542 "https://sunquicksf.com/page/115/" "Mozilla/5.0 (Linux; Android 7.0;) AppleWebKit/537.36 (KHTML, like Gecko) Mobile Safari/537.36 (compatible; PetalBot;+https://webmaster.petalsearch.com/site/petalbot)"
54.191.4.93 - - [16/Apr/2025:16:18:08 -0400] "GET /2024/09/ HTTP/1.1" 301 0 "-" "-"
54.191.4.93 - - [16/Apr/2025:16:18:10 -0400] "GET / HTTP/1.1" 200 77991 "-" "-"
51.222.253.20 - - [16/Apr/2025:16:18:44 -0400] "GET /grip-socks-for-sports-2/feed/ HTTP/1.1" 200 384 "-" "Mozilla/5.0 (compatible; AhrefsBot/7.0; +http://ahrefs.com/robot/)"
114.119.130.3 - - [16/Apr/2025:16:19:14 -0400] "GET /choosing-a-fire-pump-manufacturer/ HTTP/1.1" 200 10271 "https://sunquicksf.com/page/55/" "Mozilla/5.0 (Linux; Android 7.0;) AppleWebKit/537.36 (KHTML, like Gecko) Mobile Safari/537.36 (compatible; PetalBot;+https://webmaster.petalsearch.com/site/petalbot)"
114.119.138.5 - - [16/Apr/2025:16:20:36 -0400] "GET /category/activity/page/104/ HTTP/1.1" 200 10223 "https://sunquicksf.com/category/activity/page/105/" "Mozilla/5.0 (Linux; Android 7.0;) AppleWebKit/537.36 (KHTML, like Gecko) Mobile Safari/537.36 (compatible; PetalBot;+https://webmaster.petalsearch.com/site/petalbot)"
114.119.155.230 - - [16/Apr/2025:16:22:00 -0400] "GET /category/activity/page/101/ HTTP/1.1" 200 10301 "https://sunquicksf.com/category/activity/page/100/" "Mozilla/5.0 (Linux; Android 7.0;) AppleWebKit/537.36 (KHTML, like Gecko) Mobile Safari/537.36 (compatible; PetalBot;+https://webmaster.petalsearch.com/site/petalbot)"
114.119.155.230 - - [16/Apr/2025:16:23:23 -0400] "GET /how-to-make-a-hazelnut-cake/ HTTP/1.1" 200 10761 "https://sunquicksf.com/category/activity/page/111/" "Mozilla/5.0 (Linux; Android 7.0;) AppleWebKit/537.36 (KHTML, like Gecko) Mobile Safari/537.36 (compatible; PetalBot;+https://webmaster.petalsearch.com/site/petalbot)"
51.222.253.11 - - [16/Apr/2025:16:24:13 -0400] "GET /orchard-sophia-developer-an-exquisite-home-that-fits-your-lifestyle/feed/ HTTP/1.1" 200 450 "-" "Mozilla/5.0 (compatible; AhrefsBot/7.0; +http://ahrefs.com/robot/)"
91.84.98.204 - - [16/Apr/2025:16:27:04 -0400] "GET /the-benefits-of-manufacturing-automation/ HTTP/1.1" 200 10836 "https://sunquicksf.com/the-benefits-of-manufacturing-automation/" "Mozilla/5.0 (Windows NT 10.0; Win64; x64) AppleWebKit/537.36 (KHTML, like Gecko) Chrome/130.0.0.0 Safari/537.36"
91.84.98.204 - - [16/Apr/2025:16:27:10 -0400] "POST /wp-comments-post.php HTTP/1.1" 302 0 "https://sunquicksf.com/the-benefits-of-manufacturing-automation/" "Mozilla/5.0 (Windows NT 10.0; Win64; x64) AppleWebKit/537.36 (KHTML, like Gecko) Chrome/130.0.0.0 Safari/537.36"
91.84.98.204 - - [16/Apr/2025:16:27:16 -0400] "GET /the-benefits-of-manufacturing-automation/ HTTP/1.1" 200 12381 "https://sunquicksf.com/the-benefits-of-manufacturing-automation/#comment-50354" "Mozilla/5.0 (Windows NT 10.0; Win64; x64) AppleWebKit/537.36 (KHTML, like Gecko) Chrome/130.0.0.0 Safari/537.36"
51.222.253.8 - - [16/Apr/2025:16:29:25 -0400] "GET /the-rise-of-online-betting-platforms/ HTTP/1.1" 200 10943 "-" "Mozilla/5.0 (compatible; AhrefsBot/7.0; +http://ahrefs.com/robot/)"
212.102.37.196 - - [16/Apr/2025:16:30:53 -0400] "GET /how-to-become-a-successful-author-through-comprehensive-courses/ HTTP/1.1" 200 10584 "-" "Mozilla/5.0 (Macintosh; Intel Mac OS X 12.5; rv:114.0) Gecko/20100101 Firefox/114.0"
40.69.222.47 - - [16/Apr/2025:16:31:58 -0400] "GET /feed/atom/ HTTP/1.1" 200 392154 "-" "-"
40.69.222.47 - - [16/Apr/2025:16:32:44 -0400] "GET /wp-login.php HTTP/1.1" 200 1717 "-" "-"
40.69.222.47 - - [16/Apr/2025:16:33:11 -0400] "GET /wp-login.php?action=register HTTP/1.1" 302 0 "-" "-"
40.69.222.47 - - [16/Apr/2025:16:33:11 -0400] "GET /wp-login.php?registration=disabled HTTP/1.1" 200 1787 "-" "-"
51.222.253.17 - - [16/Apr/2025:16:34:31 -0400] "GET /unlocking-wellness-dubai-osteopathy/ HTTP/1.1" 200 10136 "-" "Mozilla/5.0 (compatible; AhrefsBot/7.0; +http://ahrefs.com/robot/)"
43.228.86.30 - - [16/Apr/2025:16:34:50 -0400] "GET /the-benefits-of-manufacturing-automation/ HTTP/1.1" 200 10812 "-" "Mozilla/5.0 (Macintosh; Intel Mac OS X 12_5) AppleWebKit/537.36 (KHTML, like Gecko) Chrome/114.0.0.0 Safari/537.36"
178.217.98.213 - - [16/Apr/2025:16:35:39 -0400] "GET /the-benefits-of-manufacturing-automation/ HTTP/1.1" 200 10812 "https://sunquicksf.com/the-benefits-of-manufacturing-automation/" "Mozilla/5.0 (Windows NT 10.0; Win64; x64) AppleWebKit/537.36 (KHTML, like Gecko) Chrome/130.0.0.0 Safari/537.36 CCleaner/130.0.0.0"
178.217.98.213 - - [16/Apr/2025:16:35:45 -0400] "POST /wp-comments-post.php HTTP/1.1" 302 0 "https://sunquicksf.com/the-benefits-of-manufacturing-automation/" "Mozilla/5.0 (Windows NT 10.0; Win64; x64) AppleWebKit/537.36 (KHTML, like Gecko) Chrome/130.0.0.0 Safari/537.36 CCleaner/130.0.0.0"
178.217.98.213 - - [16/Apr/2025:16:35:57 -0400] "GET /the-benefits-of-manufacturing-automation/ HTTP/1.1" 200 9900 "https://sunquicksf.com/the-benefits-of-manufacturing-automation/#comment-50355" "Mozilla/5.0 (Windows NT 10.0; Win64; x64) AppleWebKit/537.36 (KHTML, like Gecko) Chrome/130.0.0.0 Safari/537.36 CCleaner/130.0.0.0"
212.8.248.108 - - [16/Apr/2025:16:37:42 -0400] "GET /fenben-lab-fenbendazol HTTP/1.1" 301 0 "-" "Mozilla/5.0 (Windows NT 10.0; Win64; x64) AppleWebKit/537.36 (KHTML, like Gecko) Chrome/118.0.0.0 Safari/537.36"
212.8.248.108 - - [16/Apr/2025:16:37:57 -0400] "GET /fenben-lab-fenbendazol/ HTTP/1.1" 200 10839 "-" "Mozilla/5.0 (Windows NT 10.0; Win64; x64) AppleWebKit/537.36 (KHTML, like Gecko) Chrome/118.0.0.0 Safari/537.36"
134.17.14.122 - - [16/Apr/2025:16:38:32 -0400] "GET /goat.php HTTP/1.1" 404 8062 "-" "Mozilla/4.0 (compatible; MSIE 6.0; Windows NT 5.1; SV1)"
51.222.253.4 - - [16/Apr/2025:16:39:12 -0400] "GET /innovative-beleuchtung-fur-ihr-zuhause-moderne-pendelleuchten/ HTTP/1.1" 200 10474 "-" "Mozilla/5.0 (compatible; AhrefsBot/7.0; +http://ahrefs.com/robot/)"
114.119.134.207 - - [16/Apr/2025:16:39:35 -0400] "GET /category/about-us/page/3/ HTTP/1.1" 200 10453 "https://sunquicksf.com/category/about-us/page/4/" "Mozilla/5.0 (Linux; Android 7.0;) AppleWebKit/537.36 (KHTML, like Gecko) Mobile Safari/537.36 (compatible; PetalBot;+https://webmaster.petalsearch.com/site/petalbot)"
114.119.138.5 - - [16/Apr/2025:16:40:59 -0400] "GET /ac-repair-services/ HTTP/1.1" 200 0 "https://sunquicksf.com/page/44/" "Mozilla/5.0 (Linux; Android 7.0;) AppleWebKit/537.36 (KHTML, like Gecko) Mobile Safari/537.36 (compatible; PetalBot;+https://webmaster.petalsearch.com/site/petalbot)"
34.214.241.194 - - [16/Apr/2025:16:41:11 -0400] "GET /category/mobile/ HTTP/1.1" 200 9177 "-" "Mozilla/5.0 (Windows NT 6.1; WOW64; rv:50.0) Gecko/20100101 Firefox/50.0"
34.215.209.144 - - [16/Apr/2025:16:41:44 -0400] "GET /2024/05/ HTTP/1.1" 301 0 "-" "Mozilla/5.0 (Windows NT 6.1; WOW64; rv:53.0) Gecko/20100101 Firefox/53.0"
198.54.114.83 - - [16/Apr/2025:16:41:50 -0400] "POST /wp-cron.php?doing_wp_cron=1744836104.7417130470275878906250 HTTP/1.1" 200 0 "-" "WordPress/6.8; https://sunquicksf.com"
34.215.209.144 - - [16/Apr/2025:16:41:52 -0400] "GET / HTTP/1.1" 200 77991 "-" "Mozilla/5.0 (Windows NT 6.1; WOW64; rv:53.0) Gecko/20100101 Firefox/53.0"
51.222.253.7 - - [16/Apr/2025:16:43:18 -0400] "GET /how-to-choose-an-outdoor-led-display/feed/ HTTP/1.1" 200 402 "-" "Mozilla/5.0 (compatible; AhrefsBot/7.0; +http://ahrefs.com/robot/)"
198.54.114.83 - - [16/Apr/2025:16:43:26 -0400] "POST /wp-cron.php?doing_wp_cron=1744836203.0695960521697998046875 HTTP/1.1" 200 0 "-" "WordPress/6.8; https://sunquicksf.com"
124.156.158.34 - - [16/Apr/2025:16:43:40 -0400] "GET /enjoy-flathead-lake-on-boat-tours/ HTTP/1.1" 200 6727 "-" "Python/3.10 aiohttp/3.10.5"
124.156.158.34 - - [16/Apr/2025:16:43:41 -0400] "GET /exceptionally-printed-handbags-for-halloween-occasions/ HTTP/1.1" 200 12494 "-" "Python/3.10 aiohttp/3.10.5"
150.109.57.32 - - [16/Apr/2025:16:44:02 -0400] "GET /how-much-does-a-bathroom-renovation-cost-in-melbourne/ HTTP/1.1" 200 10380 "-" "Python/3.10 aiohttp/3.10.5"
18.237.91.148 - - [16/Apr/2025:16:44:56 -0400] "GET /2023/10/ HTTP/1.1" 301 0 "-" "Mozilla/5.0 (X11; Linux i686 on x86_64; rv:54.0) Gecko/20100101 Firefox/54.0"
198.54.114.83 - - [16/Apr/2025:16:44:59 -0400] "POST /wp-cron.php?doing_wp_cron=1744836296.5110878944396972656250 HTTP/1.1" 200 0 "-" "WordPress/6.8; https://sunquicksf.com"
18.237.91.148 - - [16/Apr/2025:16:45:00 -0400] "GET / HTTP/1.1" 200 77991 "-" "Mozilla/5.0 (X11; Linux i686 on x86_64; rv:54.0) Gecko/20100101 Firefox/54.0"
198.54.114.83 - - [16/Apr/2025:16:46:46 -0400] "POST /wp-cron.php?doing_wp_cron=1744836404.7420461177825927734375 HTTP/1.1" 200 0 "-" "WordPress/6.8; https://sunquicksf.com"
27.42.99.212 - - [16/Apr/2025:16:46:41 -0400] "GET /the-benefits-of-a-rose-quartz-roller/ HTTP/1.1" 200 10818 "https://sunquicksf.com" "Mozilla/5.0 (Windows NT 10.0; Win64; x64) AppleWebKit/537.36 (KHTML, like Gecko) Chrome/62.0.3202.94 Safari/537.36"
27.42.99.212 - - [16/Apr/2025:16:46:48 -0400] "POST /wp-comments-post.php HTTP/1.1" 302 0 "https://sunquicksf.com" "Mozilla/5.0 (Windows NT 10.0; Win64; x64) AppleWebKit/537.36 (KHTML, like Gecko) Chrome/62.0.3202.94 Safari/537.36"
27.42.99.212 - - [16/Apr/2025:16:46:53 -0400] "GET /the-benefits-of-a-rose-quartz-roller/ HTTP/1.1" 200 11630 "https://sunquicksf.com" "Mozilla/4.0 (compatible; MSIE 6.0; Windows NT 5.1; en) Opera 8.50"
34.208.240.254 - - [16/Apr/2025:16:47:14 -0400] "GET /2024/01/ HTTP/1.1" 301 0 "-" "Mozilla/5.0 (X11; Linux i686; rv:50.0) Gecko/20100101 Firefox/50.0"
34.208.240.254 - - [16/Apr/2025:16:47:15 -0400] "GET / HTTP/1.1" 200 77991 "-" "Mozilla/5.0 (X11; Linux i686; rv:50.0) Gecko/20100101 Firefox/50.0"
51.222.253.8 - - [16/Apr/2025:16:47:18 -0400] "GET /leclat-de-geneve-une-marque-de-prestige/ HTTP/1.1" 200 10607 "-" "Mozilla/5.0 (compatible; AhrefsBot/7.0; +http://ahrefs.com/robot/)"
198.54.114.83 - - [16/Apr/2025:16:51:28 -0400] "POST /wp-cron.php?doing_wp_cron=1744836687.6231920719146728515625 HTTP/1.1" 200 0 "-" "WordPress/6.8; https://sunquicksf.com"
51.222.253.16 - - [16/Apr/2025:16:51:22 -0400] "GET /article-about-accounting-hattingen/feed/ HTTP/1.1" 200 393 "-" "Mozilla/5.0 (compatible; AhrefsBot/7.0; +http://ahrefs.com/robot/)"
2a02:8428:7ca6:e401:b1b5:7ad2:c19d:dcb7 - - [16/Apr/2025:16:51:58 -0400] "POST /xmlrpc.php HTTP/1.1" 200 186 "-" "Mozilla/5.0 (Windows NT 10.0; Win64; x64) AppleWebKit/537.36 (KHTML, like Gecko) Chrome/91.0.4472.124 Safari/537.36"
93.183.93.19 - - [16/Apr/2025:16:52:04 -0400] "GET /the-benefits-of-manufacturing-automation/ HTTP/1.1" 200 10836 "https://sunquicksf.com/the-benefits-of-manufacturing-automation/" "Mozilla/5.0 (Windows NT 10.0; Win64; x64) AppleWebKit/537.36 (KHTML, like Gecko) Chrome/130.0.0.0 Safari/537.36"
93.183.93.19 - - [16/Apr/2025:16:52:04 -0400] "GET /the-benefits-of-manufacturing-automation/ HTTP/1.1" 200 10836 "https://sunquicksf.com/the-benefits-of-manufacturing-automation/" "Mozilla/5.0 (Windows NT 10.0; Win64; x64) AppleWebKit/537.36 (KHTML, like Gecko) Chrome/131.0.0.0 Safari/537.36"
93.183.93.19 - - [16/Apr/2025:16:52:09 -0400] "POST /wp-comments-post.php HTTP/1.1" 429 982 "https://sunquicksf.com/the-benefits-of-manufacturing-automation/" "Mozilla/5.0 (Windows NT 10.0; Win64; x64) AppleWebKit/537.36 (KHTML, like Gecko) Chrome/131.0.0.0 Safari/537.36"
93.183.93.19 - - [16/Apr/2025:16:52:08 -0400] "POST /wp-comments-post.php HTTP/1.1" 302 0 "https://sunquicksf.com/the-benefits-of-manufacturing-automation/" "Mozilla/5.0 (Windows NT 10.0; Win64; x64) AppleWebKit/537.36 (KHTML, like Gecko) Chrome/130.0.0.0 Safari/537.36"
93.183.93.19 - - [16/Apr/2025:16:52:12 -0400] "GET /the-benefits-of-manufacturing-automation/ HTTP/1.1" 200 10836 "https://sunquicksf.com/the-benefits-of-manufacturing-automation/" "Mozilla/5.0 (Windows NT 10.0; Win64; x64) AppleWebKit/537.36 (KHTML, like Gecko) Chrome/131.0.0.0 Safari/537.36"
93.183.93.19 - - [16/Apr/2025:16:52:12 -0400] "GET /the-benefits-of-manufacturing-automation/ HTTP/1.1" 200 12170 "https://sunquicksf.com/the-benefits-of-manufacturing-automation/#comment-50357" "Mozilla/5.0 (Windows NT 10.0; Win64; x64) AppleWebKit/537.36 (KHTML, like Gecko) Chrome/130.0.0.0 Safari/537.36"
198.54.114.83 - - [16/Apr/2025:16:56:54 -0400] "POST /wp-cron.php?doing_wp_cron=1744837013.3357820510864257812500 HTTP/1.1" 200 0 "-" "WordPress/6.8; https://sunquicksf.com"
185.39.17.147 - - [16/Apr/2025:16:56:52 -0400] "GET /wp-login.php HTTP/1.1" 200 1717 "-" "Mozilla/5.0 (Windows NT 10.0; Win64; x64) AppleWebKit/537.36 (KHTML, like Gecko) Chrome/115.0.0.0 Safari/537.36 Edg/115.0.1901.203"
185.39.17.147 - - [16/Apr/2025:16:57:04 -0400] "POST /wp-login.php HTTP/1.1" 200 1851 "https://sunquicksf.com/wp-login.php" "Mozilla/5.0 (Windows NT 10.0; Win64; x64) AppleWebKit/537.36 (KHTML, like Gecko) Chrome/115.0.0.0 Safari/537.36 Edg/115.0.1901.203"
2a02:8428:7ca6:e401:b1b5:7ad2:c19d:dcb7 - - [16/Apr/2025:16:57:09 -0400] "GET /wp-json/wp/v2/users HTTP/1.1" 200 1524 "-" "Mozilla/4.0 (compatible; Win32; WinHttp.WinHttpRequest.5)"
2a02:8428:7ca6:e401:b1b5:7ad2:c19d:dcb7 - - [16/Apr/2025:16:57:48 -0400] "POST /xmlrpc.php HTTP/1.1" 200 186 "-" "Mozilla/5.0 (Windows NT 10.0; Win64; x64) AppleWebKit/537.36 (KHTML, like Gecko) Chrome/91.0.4472.124 Safari/537.36"
34.209.73.186 - - [16/Apr/2025:16:58:09 -0400] "GET /category/mobile/ HTTP/1.1" 200 9117 "-" "-"
43.135.121.251 - - [16/Apr/2025:16:58:12 -0400] "GET /the-best-beaches-in-bali/ HTTP/1.1" 200 10765 "-" "Python/3.10 aiohttp/3.10.5"
35.90.3.255 - - [16/Apr/2025:16:58:14 -0400] "GET /category/mobile/No%20favicon%20address%20found%20in%20site-XML HTTP/1.1" 200 0 "https://sunquicksf.com/category/mobile/" "Mozilla/5.0 (Macintosh; Intel Mac OS X 10_9_3) AppleWebKit/537.75.14 (KHTML, like Gecko) Version/7.0.3 Safari/7046A194A"
66.249.79.101 - - [16/Apr/2025:16:58:17 -0400] "GET /robots.txt HTTP/1.1" 200 109 "-" "Mozilla/5.0 (compatible; Googlebot/2.1; +http://www.google.com/bot.html)"
66.249.79.102 - - [16/Apr/2025:16:58:20 -0400] "GET /category/mobile/ HTTP/1.1" 200 9177 "-" "Mozilla/5.0 (Linux; Android 6.0.1; Nexus 5X Build/MMB29P) AppleWebKit/537.36 (KHTML, like Gecko) Chrome/99.0.4844.84 Mobile Safari/537.36 (compatible; Googlebot/2.1; +http://www.google.com/bot.html)"
66.249.79.101 - - [16/Apr/2025:16:58:22 -0400] "GET /category/mobile/ HTTP/1.1" 200 9153 "-" "Mozilla/5.0 (compatible; Googlebot/2.1; +http://www.google.com/bot.html)"
66.249.79.101 - - [16/Apr/2025:16:58:25 -0400] "GET /wp-content/themes/newspaperly/js/accessibility.js?ver=20160720 HTTP/1.1" 304 0 "https://sunquicksf.com/category/mobile/" "Mozilla/5.0 AppleWebKit/537.36 (KHTML, like Gecko; compatible; Googlebot/2.1; +http://www.google.com/bot.html) Chrome/134.0.6998.165 Safari/537.36"
66.249.79.100 - - [16/Apr/2025:16:58:27 -0400] "GET /wp-content/themes/minimalist-newspaper/style.css?ver=1.0 HTTP/1.1" 200 9677 "https://sunquicksf.com/category/mobile/" "Mozilla/5.0 (Linux; Android 6.0.1; Nexus 5X Build/MMB29P) AppleWebKit/537.36 (KHTML, like Gecko) Chrome/134.0.6998.165 Mobile Safari/537.36 (compatible; Googlebot/2.1; +http://www.google.com/bot.html)"
66.249.79.100 - - [16/Apr/2025:16:58:28 -0400] "GET /wp-content/themes/minimalist-newspaper/style.css?ver=6.8 HTTP/1.1" 200 9677 "https://sunquicksf.com/category/mobile/" "Mozilla/5.0 (Linux; Android 6.0.1; Nexus 5X Build/MMB29P) AppleWebKit/537.36 (KHTML, like Gecko) Chrome/134.0.6998.165 Mobile Safari/537.36 (compatible; Googlebot/2.1; +http://www.google.com/bot.html)"
66.249.79.100 - - [16/Apr/2025:16:58:35 -0400] "GET /wp-content/themes/newspaperly/css/font-awesome.min.css?ver=6.8 HTTP/1.1" 200 6658 "https://sunquicksf.com/category/mobile/" "Mozilla/5.0 AppleWebKit/537.36 (KHTML, like Gecko; compatible; Googlebot/2.1; +http://www.google.com/bot.html) Chrome/134.0.6998.165 Safari/537.36"
66.249.79.100 - - [16/Apr/2025:16:58:40 -0400] "GET /wp-includes/js/wp-emoji-release.min.js?ver=6.8 HTTP/1.1" 200 4771 "https://sunquicksf.com/category/mobile/" "Mozilla/5.0 AppleWebKit/537.36 (KHTML, like Gecko; compatible; Googlebot/2.1; +http://www.google.com/bot.html) Chrome/134.0.6998.165 Safari/537.36"
35.90.255.220 - - [16/Apr/2025:16:58:45 -0400] "GET /2024/05/ HTTP/1.1" 301 0 "-" "-"
35.90.255.220 - - [16/Apr/2025:16:58:47 -0400] "GET / HTTP/1.1" 200 77991 "-" "-"
2a02:8428:7ca6:e401:b1b5:7ad2:c19d:dcb7 - - [16/Apr/2025:16:58:49 -0400] "POST /xmlrpc.php HTTP/1.1" 200 186 "-" "Mozilla/5.0 (Windows NT 10.0; Win64; x64) AppleWebKit/537.36 (KHTML, like Gecko) Chrome/91.0.4472.124 Safari/537.36"
185.157.212.157 - - [16/Apr/2025:16:59:08 -0400] "GET /the-benefits-of-manufacturing-automation/ HTTP/1.1" 200 10865 "https://sunquicksf.com/the-benefits-of-manufacturing-automation/" "Mozilla/5.0 (Windows NT 10.0; Win64; x64) AppleWebKit/537.36 (KHTML, like Gecko) Chrome/131.0.0.0 Safari/537.36 Avast/131.0.0.0"
185.157.212.157 - - [16/Apr/2025:16:59:11 -0400] "POST /wp-comments-post.php HTTP/1.1" 302 0 "https://sunquicksf.com/the-benefits-of-manufacturing-automation/" "Mozilla/5.0 (Windows NT 10.0; Win64; x64) AppleWebKit/537.36 (KHTML, like Gecko) Chrome/131.0.0.0 Safari/537.36 Avast/131.0.0.0"
185.157.212.157 - - [16/Apr/2025:16:59:16 -0400] "GET /the-benefits-of-manufacturing-automation/ HTTP/1.1" 200 10192 "https://sunquicksf.com/the-benefits-of-manufacturing-automation/#comment-50358" "Mozilla/5.0 (Windows NT 10.0; Win64; x64) AppleWebKit/537.36 (KHTML, like Gecko) Chrome/131.0.0.0 Safari/537.36 Avast/131.0.0.0"
2a02:8428:7ca6:e401:b1b5:7ad2:c19d:dcb7 - - [16/Apr/2025:16:59:48 -0400] "POST /xmlrpc.php HTTP/1.1" 200 186 "-" "Mozilla/5.0 (Windows NT 10.0; Win64; x64) AppleWebKit/537.36 (KHTML, like Gecko) Chrome/91.0.4472.124 Safari/537.36"
51.222.253.16 - - [16/Apr/2025:17:02:16 -0400] "GET /sitemap_index.xml HTTP/1.1" 200 273 "-" "Mozilla/5.0 (compatible; AhrefsBot/7.0; +http://ahrefs.com/robot/)"
51.222.253.17 - - [16/Apr/2025:17:02:31 -0400] "GET /post-sitemap.xml HTTP/1.1" 200 26932 "-" "Mozilla/5.0 (compatible; AhrefsBot/7.0; +http://ahrefs.com/robot/)"
178.217.98.213 - - [16/Apr/2025:17:02:50 -0400] "GET /the-benefits-of-manufacturing-automation/ HTTP/1.1" 200 10836 "https://sunquicksf.com/the-benefits-of-manufacturing-automation/" "Mozilla/5.0 (Windows NT 10.0; Win64; x64) AppleWebKit/537.36 (KHTML, like Gecko) Chrome/130.0.0.0 Safari/537.36"
178.217.98.213 - - [16/Apr/2025:17:02:52 -0400] "POST /wp-comments-post.php HTTP/1.1" 302 0 "https://sunquicksf.com/the-benefits-of-manufacturing-automation/" "Mozilla/5.0 (Windows NT 10.0; Win64; x64) AppleWebKit/537.36 (KHTML, like Gecko) Chrome/130.0.0.0 Safari/537.36"
51.222.253.8 - - [16/Apr/2025:17:02:51 -0400] "GET /post-sitemap2.xml HTTP/1.1" 200 6677 "-" "Mozilla/5.0 (compatible; AhrefsBot/7.0; +http://ahrefs.com/robot/)"
178.217.98.213 - - [16/Apr/2025:17:02:57 -0400] "GET /the-benefits-of-manufacturing-automation/ HTTP/1.1" 200 11453 "https://sunquicksf.com/the-benefits-of-manufacturing-automation/#comment-50359" "Mozilla/5.0 (Windows NT 10.0; Win64; x64) AppleWebKit/537.36 (KHTML, like Gecko) Chrome/130.0.0.0 Safari/537.36"
51.222.253.3 - - [16/Apr/2025:17:02:58 -0400] "GET /category-sitemap.xml HTTP/1.1" 200 419 "-" "Mozilla/5.0 (compatible; AhrefsBot/7.0; +http://ahrefs.com/robot/)"
114.10.47.97 - - [16/Apr/2025:17:03:33 -0400] "POST /wp-login.php/wp-login.php HTTP/1.1" 200 0 "-" "python-requests/2.32.3"
51.222.253.3 - - [16/Apr/2025:17:08:07 -0400] "GET /how-to-invert-photo-on-iphone/ HTTP/1.1" 200 11682 "-" "Mozilla/5.0 (compatible; AhrefsBot/7.0; +http://ahrefs.com/robot/)"
18.237.111.148 - - [16/Apr/2025:17:08:25 -0400] "GET /2024/01/ HTTP/1.1" 301 0 "-" "-"
18.237.111.148 - - [16/Apr/2025:17:08:27 -0400] "GET / HTTP/1.1" 200 77991 "-" "-"
43.132.219.33 - - [16/Apr/2025:17:08:27 -0400] "GET /branding-firms-in-chicago/ HTTP/1.1" 200 10531 "-" "Python/3.10 aiohttp/3.10.5"
27.42.99.212 - - [16/Apr/2025:17:08:49 -0400] "GET /how-to-find-a-24-7-locksmith-near-you/ HTTP/1.1" 200 10813 "https://sunquicksf.com" "Mozilla/5.0 (Windows NT 10.0; Win64; x64) AppleWebKit/537.36 (KHTML, like Gecko) Chrome/62.0.3202.94 Safari/537.36"
27.42.99.212 - - [16/Apr/2025:17:08:53 -0400] "POST /wp-comments-post.php HTTP/1.1" 302 0 "https://sunquicksf.com" "Mozilla/5.0 (Windows NT 10.0; Win64; x64) AppleWebKit/537.36 (KHTML, like Gecko) Chrome/62.0.3202.94 Safari/537.36"
27.42.99.212 - - [16/Apr/2025:17:09:01 -0400] "GET /how-to-find-a-24-7-locksmith-near-you/ HTTP/1.1" 200 11548 "https://sunquicksf.com" "Mozilla/4.0 (compatible; MSIE 6.0; Windows NT 5.1; en) Opera 8.50"
114.119.138.5 - - [16/Apr/2025:17:10:16 -0400] "GET /exploring-the-diversity-of-homes-for-sale-in-portland-oregon/ HTTP/1.1" 200 10750 "https://sunquicksf.com/category/activity/page/11/" "Mozilla/5.0 (Linux; Android 7.0;) AppleWebKit/537.36 (KHTML, like Gecko) Mobile Safari/537.36 (compatible; PetalBot;+https://webmaster.petalsearch.com/site/petalbot)"
114.119.135.64 - - [16/Apr/2025:17:11:41 -0400] "GET /2021/04/ HTTP/1.1" 301 0 "https://sunquicksf.com/elevated-living-exploring-the-essence-of-park-hill-condo/" "Mozilla/5.0 (Linux; Android 7.0;) AppleWebKit/537.36 (KHTML, like Gecko) Mobile Safari/537.36 (compatible; PetalBot;+https://webmaster.petalsearch.com/site/petalbot)"
114.119.135.64 - - [16/Apr/2025:17:11:50 -0400] "GET / HTTP/1.1" 200 77991 "https://sunquicksf.com/elevated-living-exploring-the-essence-of-park-hill-condo/" "Mozilla/5.0 (Linux; Android 7.0;) AppleWebKit/537.36 (KHTML, like Gecko) Mobile Safari/537.36 (compatible; PetalBot;+https://webmaster.petalsearch.com/site/petalbot)"
80.85.247.161 - - [16/Apr/2025:17:12:55 -0400] "GET / HTTP/1.1" 200 77991 "-" "Mozilla/5.0 (Macintosh; Intel Mac OS X 10_15_7) AppleWebKit/537.36 (KHTML, like Gecko) Chrome/133.0.0.0 Safari/537.36"
80.85.247.161 - - [16/Apr/2025:17:13:13 -0400] "GET /shop-motorcycle-exterior-accessories/ HTTP/1.1" 404 8084 "-" "Mozilla/5.0 (Macintosh; Intel Mac OS X 10_15_7) AppleWebKit/537.36 (KHTML, like Gecko) Chrome/133.0.0.0 Safari/537.36"
80.85.247.161 - - [16/Apr/2025:17:13:18 -0400] "GET /shop-motorcycle-exterior-accessories/?page=2 HTTP/1.1" 404 8084 "-" "Mozilla/5.0 (Macintosh; Intel Mac OS X 10_15_7) AppleWebKit/537.36 (KHTML, like Gecko) Chrome/133.0.0.0 Safari/537.36"
54.185.226.254 - - [16/Apr/2025:17:13:38 -0400] "GET /when-will-gpt-5-be-released-2025/ HTTP/1.1" 200 105447 "-" "Mozilla/5.0 (X11; Linux i686; rv:47.0) Gecko/20100101 Firefox/47.0"
176.124.205.21 - - [16/Apr/2025:17:13:43 -0400] "GET /wp-login.php HTTP/1.1" 200 1717 "-" "Mozilla/5.0 (Windows NT 10.0; Win64; x64) AppleWebKit/537.36 (KHTML, like Gecko) Chrome/115.0.0.0 Safari/537.36 Edg/115.0.1901.203"
176.124.205.21 - - [16/Apr/2025:17:13:49 -0400] "POST /wp-login.php HTTP/1.1" 200 1851 "https://sunquicksf.com/wp-login.php" "Mozilla/5.0 (Windows NT 10.0; Win64; x64) AppleWebKit/537.36 (KHTML, like Gecko) Chrome/115.0.0.0 Safari/537.36 Edg/115.0.1901.203"
51.222.253.2 - - [16/Apr/2025:17:13:58 -0400] "GET /the-fertility-centre-dubai-can-help-you-get-pregnant/ HTTP/1.1" 200 10929 "-" "Mozilla/5.0 (compatible; AhrefsBot/7.0; +http://ahrefs.com/robot/)"
54.213.147.58 - - [16/Apr/2025:17:15:27 -0400] "GET / HTTP/1.1" 200 77991 "-" "Mozilla/5.0 (X11; Linux i686; rv:50.0) Gecko/20100101 Firefox/50.0"
119.28.52.89 - - [16/Apr/2025:17:16:36 -0400] "GET /what-is-a-platform/ HTTP/1.1" 200 10207 "-" "Python/3.10 aiohttp/3.10.5"
150.109.108.171 - - [16/Apr/2025:17:17:08 -0400] "GET /the-landmark-condo-in-downtown-atlanta/ HTTP/1.1" 200 10513 "-" "Python/3.10 aiohttp/3.10.5"
138.246.253.24 - - [16/Apr/2025:17:19:35 -0400] "GET /robots.txt HTTP/1.1" 200 109 "-" "Mozilla/5.0 (Windows NT 10.0; Win64; x64) AppleWebKit/537.36 (KHTML, like Gecko) Chrome/103.0.5060.134 Safari/537.36"
198.54.114.83 - - [16/Apr/2025:17:19:43 -0400] "POST /wp-cron.php?doing_wp_cron=1744838381.3435568809509277343750 HTTP/1.1" 200 0 "-" "WordPress/6.8; https://sunquicksf.com"
51.222.253.2 - - [16/Apr/2025:17:19:45 -0400] "GET /ameliorez-votre-fertilite-masculine-avec-ce-supplement-alimentaire/ HTTP/1.1" 200 10446 "-" "Mozilla/5.0 (compatible; AhrefsBot/7.0; +http://ahrefs.com/robot/)"
198.54.114.83 - - [16/Apr/2025:17:20:57 -0400] "POST /wp-cron.php?doing_wp_cron=1744838456.6161799430847167968750 HTTP/1.1" 200 0 "-" "WordPress/6.8; https://sunquicksf.com"
198.54.114.83 - - [16/Apr/2025:17:20:57 -0400] "POST /wp-cron.php?doing_wp_cron=1744838456.6150898933410644531250 HTTP/1.1" 200 0 "-" "WordPress/6.8; https://sunquicksf.com"
85.208.98.18 - - [16/Apr/2025:17:20:55 -0400] "HEAD /the-benefits-of-manufacturing-automation/ HTTP/1.1" 200 0 "-" "Mozilla/5.0 (compatible; SemrushBot; +http://www.semrush.com/bot.html)"
85.208.98.18 - - [16/Apr/2025:17:20:55 -0400] "HEAD /led-screen-manufacturers/ HTTP/1.1" 200 0 "-" "Mozilla/5.0 (compatible; SemrushBot; +http://www.semrush.com/bot.html)"
43.135.9.110 - - [16/Apr/2025:17:21:46 -0400] "GET /how-to-turn-off-caps-on-an-iphone/ HTTP/1.1" 200 11581 "-" "Python/3.10 aiohttp/3.10.5"
150.109.117.52 - - [16/Apr/2025:17:22:22 -0400] "GET /best-whipped-soap/ HTTP/1.1" 200 10213 "-" "Python/3.10 aiohttp/3.10.5"
185.157.212.157 - - [16/Apr/2025:17:22:44 -0400] "GET /the-benefits-of-manufacturing-automation/ HTTP/1.1" 200 10812 "https://sunquicksf.com/the-benefits-of-manufacturing-automation/" "Mozilla/5.0 (Windows NT 10.0; Win64; x64) AppleWebKit/537.36 (KHTML, like Gecko) Chrome/131.0.0.0 Safari/537.36 Avast/131.0.0.0"
185.157.212.157 - - [16/Apr/2025:17:22:47 -0400] "POST /wp-comments-post.php HTTP/1.1" 302 0 "https://sunquicksf.com/the-benefits-of-manufacturing-automation/" "Mozilla/5.0 (Windows NT 10.0; Win64; x64) AppleWebKit/537.36 (KHTML, like Gecko) Chrome/131.0.0.0 Safari/537.36 Avast/131.0.0.0"
185.157.212.157 - - [16/Apr/2025:17:22:51 -0400] "GET /the-benefits-of-manufacturing-automation/ HTTP/1.1" 200 6635 "https://sunquicksf.com/the-benefits-of-manufacturing-automation/#comment-50361" "Mozilla/5.0 (Windows NT 10.0; Win64; x64) AppleWebKit/537.36 (KHTML, like Gecko) Chrome/131.0.0.0 Safari/537.36 Avast/131.0.0.0"
93.183.93.19 - - [16/Apr/2025:17:23:41 -0400] "GET /the-benefits-of-manufacturing-automation/ HTTP/1.1" 200 10836 "https://sunquicksf.com/the-benefits-of-manufacturing-automation/" "Mozilla/5.0 (Windows NT 10.0; Win64; x64) AppleWebKit/537.36 (KHTML, like Gecko) Chrome/130.0.0.0 Safari/537.36"
93.183.93.19 - - [16/Apr/2025:17:23:43 -0400] "GET /the-benefits-of-manufacturing-automation/ HTTP/1.1" 200 10812 "https://sunquicksf.com/the-benefits-of-manufacturing-automation/" "Mozilla/5.0 (Windows NT 10.0; Win64; x64) AppleWebKit/537.36 (KHTML, like Gecko) Chrome/129.0.0.0 Safari/537.36"
93.183.93.19 - - [16/Apr/2025:17:23:46 -0400] "POST /wp-comments-post.php HTTP/1.1" 429 982 "https://sunquicksf.com/the-benefits-of-manufacturing-automation/" "Mozilla/5.0 (Windows NT 10.0; Win64; x64) AppleWebKit/537.36 (KHTML, like Gecko) Chrome/129.0.0.0 Safari/537.36"
93.183.93.19 - - [16/Apr/2025:17:23:45 -0400] "POST /wp-comments-post.php HTTP/1.1" 302 0 "https://sunquicksf.com/the-benefits-of-manufacturing-automation/" "Mozilla/5.0 (Windows NT 10.0; Win64; x64) AppleWebKit/537.36 (KHTML, like Gecko) Chrome/130.0.0.0 Safari/537.36"
93.183.93.19 - - [16/Apr/2025:17:23:48 -0400] "GET /the-benefits-of-manufacturing-automation/ HTTP/1.1" 200 10849 "https://sunquicksf.com/the-benefits-of-manufacturing-automation/" "Mozilla/5.0 (Windows NT 10.0; Win64; x64) AppleWebKit/537.36 (KHTML, like Gecko) Chrome/129.0.0.0 Safari/537.36"
93.183.93.19 - - [16/Apr/2025:17:23:49 -0400] "GET /the-benefits-of-manufacturing-automation/ HTTP/1.1" 200 12195 "https://sunquicksf.com/the-benefits-of-manufacturing-automation/#comment-50362" "Mozilla/5.0 (Windows NT 10.0; Win64; x64) AppleWebKit/537.36 (KHTML, like Gecko) Chrome/130.0.0.0 Safari/537.36"
