40.122.211.91 - - [10/Apr/2025:01:30:26 -0400] "GET /ALFA_DATA/alfacgiapi/perl.alfa.php HTTP/1.1" 404 1251 "-" "-"
40.122.211.91 - - [10/Apr/2025:01:30:27 -0400] "GET /1index.php HTTP/1.1" 404 1251 "-" "-"
40.122.211.91 - - [10/Apr/2025:01:30:28 -0400] "GET /class-bulk-skin.php HTTP/1.1" 404 1251 "-" "-"
40.122.211.91 - - [10/Apr/2025:01:30:29 -0400] "GET /contact_tpl.php HTTP/1.1" 404 1251 "-" "-"
198.54.114.83 - - [10/Apr/2025:01:30:32 -0400] "POST /wp-cron.php?doing_wp_cron=1744263031.6847579479217529296875 HTTP/1.1" 200 0 "-" "WordPress/6.7.2; https://theswadeshbazzar.com"
40.122.211.91 - - [10/Apr/2025:01:30:30 -0400] "GET /wp-activate.php HTTP/1.1" 302 0 "-" "-"
40.122.211.91 - - [10/Apr/2025:01:30:36 -0400] "GET /templates/beez/index.php HTTP/1.1" 404 1251 "-" "-"
40.122.211.91 - - [10/Apr/2025:01:30:36 -0400] "GET /alexusmailer%202.0.php HTTP/1.1" 404 1251 "-" "-"
40.122.211.91 - - [10/Apr/2025:01:30:37 -0400] "GET /wp-admin/wp.php HTTP/1.1" 404 1251 "-" "-"
40.122.211.91 - - [10/Apr/2025:01:30:38 -0400] "GET /.well-known/nzhlgkwk.php HTTP/1.1" 404 1251 "-" "-"
40.122.211.91 - - [10/Apr/2025:01:30:39 -0400] "GET /small.php HTTP/1.1" 404 1251 "-" "-"
40.122.211.91 - - [10/Apr/2025:01:30:39 -0400] "GET /aks.php HTTP/1.1" 404 1251 "-" "-"
40.122.211.91 - - [10/Apr/2025:01:30:40 -0400] "GET /wp-core.php HTTP/1.1" 404 1251 "-" "-"
40.122.211.91 - - [10/Apr/2025:01:30:41 -0400] "GET /wp-content/plugins/xichang/x.php HTTP/1.1" 404 1251 "-" "-"
40.122.211.91 - - [10/Apr/2025:01:30:41 -0400] "GET /mrjn.php HTTP/1.1" 404 1251 "-" "-"
40.122.211.91 - - [10/Apr/2025:01:30:42 -0400] "GET /rxr.php?rxr HTTP/1.1" 404 1251 "-" "-"
40.122.211.91 - - [10/Apr/2025:01:30:43 -0400] "GET /.well-known/pki-validation/cloud.php HTTP/1.1" 404 1251 "-" "-"
40.122.211.91 - - [10/Apr/2025:01:30:44 -0400] "GET /wp-admin/js/about.php7 HTTP/1.1" 404 1251 "-" "-"
40.122.211.91 - - [10/Apr/2025:01:30:45 -0400] "GET /export.php HTTP/1.1" 404 1251 "-" "-"
40.122.211.91 - - [10/Apr/2025:01:30:46 -0400] "GET /wp-admin/network/ HTTP/1.1" 302 0 "-" "-"
40.122.211.91 - - [10/Apr/2025:01:30:50 -0400] "GET /eNtnKM.php HTTP/1.1" 404 1251 "-" "-"
40.122.211.91 - - [10/Apr/2025:01:30:51 -0400] "GET /wp-content/plugins/wp-db-ajax-made/wp-ajax.php HTTP/1.1" 404 1251 "-" "-"
40.122.211.91 - - [10/Apr/2025:01:30:52 -0400] "GET /templates/beez5/index.php HTTP/1.1" 404 1251 "-" "-"
40.122.211.91 - - [10/Apr/2025:01:30:52 -0400] "GET /about/sxo.php HTTP/1.1" 404 1251 "-" "-"
40.122.211.91 - - [10/Apr/2025:01:30:53 -0400] "GET /aaa.php HTTP/1.1" 404 1251 "-" "-"
40.122.211.91 - - [10/Apr/2025:01:30:54 -0400] "GET /public/makeasmtp.php HTTP/1.1" 404 1251 "-" "-"
40.122.211.91 - - [10/Apr/2025:01:30:54 -0400] "GET /templates/atomic/templates.php HTTP/1.1" 404 1251 "-" "-"
40.122.211.91 - - [10/Apr/2025:01:30:55 -0400] "GET /cadastro-2.php HTTP/1.1" 404 1251 "-" "-"
40.122.211.91 - - [10/Apr/2025:01:30:55 -0400] "GET /wp-includes/radio.php HTTP/1.1" 404 1251 "-" "-"
40.122.211.91 - - [10/Apr/2025:01:30:55 -0400] "GET /wp-includes/certificates/wp-login.php HTTP/1.1" 404 1251 "-" "-"
40.122.211.91 - - [10/Apr/2025:01:30:56 -0400] "GET /wp-cron.php HTTP/1.1" 200 0 "-" "-"
40.122.211.91 - - [10/Apr/2025:01:30:57 -0400] "GET /MARIJUANA.php HTTP/1.1" 404 1251 "-" "-"
40.122.211.91 - - [10/Apr/2025:01:30:57 -0400] "GET /wp-content/themes/alera/alpha.php HTTP/1.1" 404 1251 "-" "-"
40.122.211.91 - - [10/Apr/2025:01:30:57 -0400] "GET /wp-includes/991176.php HTTP/1.1" 404 1251 "-" "-"
40.122.211.91 - - [10/Apr/2025:01:30:58 -0400] "GET /wp-login.php?action=register HTTP/1.1" 302 0 "-" "-"
40.122.211.91 - - [10/Apr/2025:01:31:01 -0400] "GET /nasgor.php HTTP/1.1" 404 1251 "-" "-"
40.122.211.91 - - [10/Apr/2025:01:31:01 -0400] "GET /wp-includes/style-engine/about.php HTTP/1.1" 404 1251 "-" "-"
40.122.211.91 - - [10/Apr/2025:01:31:02 -0400] "GET /tmp_images/alfacgiapi/perl.alfa.php HTTP/1.1" 404 1251 "-" "-"
40.122.211.91 - - [10/Apr/2025:01:31:02 -0400] "GET /wi.php HTTP/1.1" 404 1251 "-" "-"
40.122.211.91 - - [10/Apr/2025:01:31:03 -0400] "GET /wp-content/uploads/2023/admiin.php HTTP/1.1" 404 1251 "-" "-"
40.122.211.91 - - [10/Apr/2025:01:31:03 -0400] "GET /wp-content/plugins/admin.php HTTP/1.1" 404 1251 "-" "-"
40.122.211.91 - - [10/Apr/2025:01:31:03 -0400] "GET /XxX.php HTTP/1.1" 404 1251 "-" "-"
40.122.211.91 - - [10/Apr/2025:01:31:03 -0400] "GET /wp-admin/network/network.php HTTP/1.1" 404 1251 "-" "-"
40.122.211.91 - - [10/Apr/2025:01:31:04 -0400] "GET /ulc2.php HTTP/1.1" 404 1251 "-" "-"
40.122.211.91 - - [10/Apr/2025:01:31:04 -0400] "GET /fx.php HTTP/1.1" 404 1251 "-" "-"
40.122.211.91 - - [10/Apr/2025:01:31:04 -0400] "GET /m.php HTTP/1.1" 404 1251 "-" "-"
40.122.211.91 - - [10/Apr/2025:01:31:04 -0400] "GET /mailer.php HTTP/1.1" 404 1251 "-" "-"
40.122.211.91 - - [10/Apr/2025:01:31:04 -0400] "GET /leaf_mailer.php HTTP/1.1" 404 1251 "-" "-"
40.122.211.91 - - [10/Apr/2025:01:31:04 -0400] "GET /admin.php1 HTTP/1.1" 404 1251 "-" "-"
40.122.211.91 - - [10/Apr/2025:01:31:04 -0400] "GET /web.php HTTP/1.1" 404 1251 "-" "-"
40.122.211.91 - - [10/Apr/2025:01:31:05 -0400] "GET /owl.php HTTP/1.1" 404 1251 "-" "-"
40.122.211.91 - - [10/Apr/2025:01:31:05 -0400] "GET /rss.php HTTP/1.1" 404 1251 "-" "-"
40.122.211.91 - - [10/Apr/2025:01:31:05 -0400] "GET /extractable-loader-head.php HTTP/1.1" 404 1251 "-" "-"
216.244.66.196 - - [10/Apr/2025:01:31:26 -0400] "GET /robots.txt HTTP/1.1" 200 23 "-" "Mozilla/5.0 (compatible; DotBot/1.2; +https://opensiteexplorer.org/dotbot; help@moz.com)"
61.130.144.178 - - [10/Apr/2025:01:33:10 -0400] "GET /public/plugins/Ueditor/dialogs/attachment/fileTypeImages/icon_psd.gif HTTP/1.1" 404 1251 "http://theswadeshbazzar.com/public/plugins/Ueditor/dialogs/attachment/fileTypeImages/icon_psd.gif" "Mozilla/4.0 (compatible; MSIE 9.0; Windows NT 6.1)"
216.244.66.196 - - [10/Apr/2025:02:16:38 -0400] "GET /robots.txt HTTP/1.1" 304 0 "-" "Mozilla/5.0 (compatible; DotBot/1.2; +https://opensiteexplorer.org/dotbot; help@moz.com)"
172.200.76.239 - - [10/Apr/2025:02:31:34 -0400] "HEAD /wordpress HTTP/1.1" 404 0 "-" "Mozilla/5.0 (Windows NT 10.0; Win64; x64) AppleWebKit/537.36 (KHTML, like Gecko) Chrome/74.0.3729.169 Safari/537.36"
172.200.76.239 - - [10/Apr/2025:02:31:35 -0400] "HEAD / HTTP/1.1" 200 0 "-" "Mozilla/5.0 (Windows NT 10.0; Win64; x64) AppleWebKit/537.36 (KHTML, like Gecko) Chrome/74.0.3729.169 Safari/537.36"
172.200.76.239 - - [10/Apr/2025:02:31:35 -0400] "HEAD /wp HTTP/1.1" 404 0 "-" "Mozilla/5.0 (Windows NT 10.0; Win64; x64) AppleWebKit/537.36 (KHTML, like Gecko) Chrome/74.0.3729.169 Safari/537.36"
172.200.76.239 - - [10/Apr/2025:02:31:37 -0400] "HEAD /bc HTTP/1.1" 404 0 "-" "Mozilla/5.0 (Windows NT 10.0; Win64; x64) AppleWebKit/537.36 (KHTML, like Gecko) Chrome/74.0.3729.169 Safari/537.36"
172.200.76.239 - - [10/Apr/2025:02:31:38 -0400] "HEAD /bk HTTP/1.1" 404 0 "-" "Mozilla/5.0 (Windows NT 10.0; Win64; x64) AppleWebKit/537.36 (KHTML, like Gecko) Chrome/74.0.3729.169 Safari/537.36"
172.200.76.239 - - [10/Apr/2025:02:31:38 -0400] "HEAD /backup HTTP/1.1" 404 0 "-" "Mozilla/5.0 (Windows NT 10.0; Win64; x64) AppleWebKit/537.36 (KHTML, like Gecko) Chrome/74.0.3729.169 Safari/537.36"
172.200.76.239 - - [10/Apr/2025:02:31:40 -0400] "HEAD /old HTTP/1.1" 404 0 "-" "Mozilla/5.0 (Windows NT 10.0; Win64; x64) AppleWebKit/537.36 (KHTML, like Gecko) Chrome/74.0.3729.169 Safari/537.36"
172.200.76.239 - - [10/Apr/2025:02:31:41 -0400] "HEAD /new HTTP/1.1" 404 0 "-" "Mozilla/5.0 (Windows NT 10.0; Win64; x64) AppleWebKit/537.36 (KHTML, like Gecko) Chrome/74.0.3729.169 Safari/537.36"
172.200.76.239 - - [10/Apr/2025:02:31:41 -0400] "HEAD /main HTTP/1.1" 404 0 "-" "Mozilla/5.0 (Windows NT 10.0; Win64; x64) AppleWebKit/537.36 (KHTML, like Gecko) Chrome/74.0.3729.169 Safari/537.36"
172.200.76.239 - - [10/Apr/2025:02:31:42 -0400] "HEAD /home HTTP/1.1" 404 0 "-" "Mozilla/5.0 (Windows NT 10.0; Win64; x64) AppleWebKit/537.36 (KHTML, like Gecko) Chrome/74.0.3729.169 Safari/537.36"
216.244.66.196 - - [10/Apr/2025:03:02:04 -0400] "GET /robots.txt HTTP/1.1" 304 0 "-" "Mozilla/5.0 (compatible; DotBot/1.2; +https://opensiteexplorer.org/dotbot; help@moz.com)"
111.119.196.205 - - [10/Apr/2025:04:05:28 -0400] "GET /elegante-designs-fur-jeden-raum HTTP/1.1" 404 1251 "http://theswadeshbazzar.com/elegante-designs-fur-jeden-raum" "Mozilla/5.0 (Windows NT 10.0; Win64; x64) AppleWebKit/537.36 (KHTML, like Gecko) Chrome/104.0.0.0 Safari/537.36"
216.244.66.196 - - [10/Apr/2025:04:31:36 -0400] "GET /robots.txt HTTP/1.1" 304 0 "-" "Mozilla/5.0 (compatible; DotBot/1.2; +https://opensiteexplorer.org/dotbot; help@moz.com)"
43.143.60.88 - - [10/Apr/2025:04:34:49 -0400] "GET / HTTP/1.1" 200 211200 "-" "Mozilla/5.0 (Linux; Android 10; LIO-AN00 Build/HUAWEILIO-AN00; wv) MicroMessenger Weixin QQ AppleWebKit/537.36 (KHTML, like Gecko) Version/4.0 Chrome/78.0.3904.62 XWEB/2692 MMWEBSDK/200901 Mobile Safari/537.36"
43.143.60.88 - - [10/Apr/2025:04:35:12 -0400] "GET / HTTP/1.1" 200 211200 "-" "Mozilla/5.0 (Linux; Android 10; LIO-AN00 Build/HUAWEILIO-AN00; wv) MicroMessenger Weixin QQ AppleWebKit/537.36 (KHTML, like Gecko) Version/4.0 Chrome/78.0.3904.62 XWEB/2692 MMWEBSDK/200901 Mobile Safari/537.36"
43.143.60.88 - - [10/Apr/2025:04:35:29 -0400] "GET / HTTP/1.1" 200 211200 "-" "Mozilla/5.0 (Linux; Android 10; LIO-AN00 Build/HUAWEILIO-AN00; wv) MicroMessenger Weixin QQ AppleWebKit/537.36 (KHTML, like Gecko) Version/4.0 Chrome/78.0.3904.62 XWEB/2692 MMWEBSDK/200901 Mobile Safari/537.36"
5.16.130.107 - - [10/Apr/2025:04:38:54 -0400] "GET /the-benefits-of-runner-rugs/ HTTP/1.1" 404 1251 "http://theswadeshbazzar.com/the-benefits-of-runner-rugs/" "Mozilla/5.0 (Windows NT 10.0; Win64; x64) AppleWebKit/537.36 (KHTML, like Gecko) Chrome/129.0.0.0 Safari/537.36"
5.16.130.107 - - [10/Apr/2025:04:38:56 -0400] "GET / HTTP/1.1" 200 211200 "http://theswadeshbazzar.com/" "Mozilla/5.0 (Windows NT 10.0; Win64; x64) AppleWebKit/537.36 (KHTML, like Gecko) Chrome/129.0.0.0 Safari/537.36"
54.85.54.82 - - [10/Apr/2025:04:47:45 -0400] "GET /dp/B09B8YP8KY?ref=MarsFS_AUCC_cann HTTP/1.1" 404 1251 "-" "Mozilla/5.0 (Windows NT 10.0; Win64; x64) AppleWebKit/537.36 (KHTML, like Gecko) Chrome/86.0.4240.75 Safari/537.36"
2a02:25a9:0:9f4e::1 - - [10/Apr/2025:04:53:40 -0400] "GET /sitepack.tar.gz HTTP/1.1" 404 1251 "-" "-"
89.161.207.78 - - [10/Apr/2025:04:53:41 -0400] "GET /Backup.tar.gz HTTP/1.1" 404 1251 "-" "-"
89.161.207.78 - - [10/Apr/2025:04:53:42 -0400] "GET /public_html.tar.gz HTTP/1.1" 404 1251 "-" "-"
89.161.207.78 - - [10/Apr/2025:04:53:45 -0400] "GET /wordpress.tar.gz HTTP/1.1" 404 1251 "-" "-"
2605:8340:0:3f:199::1 - - [10/Apr/2025:04:53:52 -0400] "GET /backup.tar.gz HTTP/1.1" 404 1251 "-" "-"
2605:8340:0:3f:199::1 - - [10/Apr/2025:04:53:53 -0400] "GET /site.tar.gz HTTP/1.1" 404 1251 "-" "-"
2605:8340:0:3f:199::1 - - [10/Apr/2025:04:53:54 -0400] "GET /theswadeshbazzar.tar.gz HTTP/1.1" 404 1251 "-" "-"
2605:8340:0:3f:199::1 - - [10/Apr/2025:04:53:55 -0400] "GET /theswadeshbazzar.com.tar.gz HTTP/1.1" 404 1251 "-" "-"
43.166.134.47 - - [10/Apr/2025:04:57:44 -0400] "GET / HTTP/1.1" 200 211200 "-" "Mozilla/5.0 (iPhone; CPU iPhone OS 13_2_3 like Mac OS X) AppleWebKit/605.1.15 (KHTML, like Gecko) Version/13.0.3 Mobile/15E148 Safari/604.1"
43.143.60.88 - - [10/Apr/2025:04:59:45 -0400] "GET / HTTP/1.1" 200 211200 "-" "Mozilla/5.0 (Linux; Android 10; LIO-AN00 Build/HUAWEILIO-AN00; wv) MicroMessenger Weixin QQ AppleWebKit/537.36 (KHTML, like Gecko) Version/4.0 Chrome/78.0.3904.62 XWEB/2692 MMWEBSDK/200901 Mobile Safari/537.36"
43.143.60.88 - - [10/Apr/2025:05:00:06 -0400] "GET / HTTP/1.1" 200 211200 "-" "Mozilla/5.0 (Linux; Android 10; LIO-AN00 Build/HUAWEILIO-AN00; wv) MicroMessenger Weixin QQ AppleWebKit/537.36 (KHTML, like Gecko) Version/4.0 Chrome/78.0.3904.62 XWEB/2692 MMWEBSDK/200901 Mobile Safari/537.36"
43.143.60.88 - - [10/Apr/2025:05:00:27 -0400] "GET / HTTP/1.1" 200 211200 "-" "Mozilla/5.0 (Linux; Android 10; LIO-AN00 Build/HUAWEILIO-AN00; wv) MicroMessenger Weixin QQ AppleWebKit/537.36 (KHTML, like Gecko) Version/4.0 Chrome/78.0.3904.62 XWEB/2692 MMWEBSDK/200901 Mobile Safari/537.36"
198.54.114.83 - - [10/Apr/2025:05:02:48 -0400] "POST /wp-cron.php?doing_wp_cron=1744275768.2423539161682128906250 HTTP/1.1" 200 0 "-" "WordPress/6.7.2; https://theswadeshbazzar.com"
14.116.211.167 - - [10/Apr/2025:05:02:43 -0400] "GET /wp-login.php HTTP/1.1" 302 0 "-" "Apache-HttpClient/4.5.2 (Java/1.8.0_161)"
14.116.211.167 - - [10/Apr/2025:05:03:03 -0400] "GET /?author=1 HTTP/1.1" 200 211200 "-" "Apache-HttpClient/4.5.2 (Java/1.8.0_161)"
14.116.211.167 - - [10/Apr/2025:05:03:07 -0400] "GET /?author=2 HTTP/1.1" 200 211200 "-" "Apache-HttpClient/4.5.2 (Java/1.8.0_161)"
14.116.211.167 - - [10/Apr/2025:05:03:12 -0400] "GET /?author=3 HTTP/1.1" 200 211200 "-" "Apache-HttpClient/4.5.2 (Java/1.8.0_161)"
14.116.211.167 - - [10/Apr/2025:05:03:15 -0400] "GET /?author=4 HTTP/1.1" 200 211200 "-" "Apache-HttpClient/4.5.2 (Java/1.8.0_161)"
14.116.211.167 - - [10/Apr/2025:05:03:18 -0400] "GET /?author=5 HTTP/1.1" 200 211200 "-" "Apache-HttpClient/4.5.2 (Java/1.8.0_161)"
14.116.211.167 - - [10/Apr/2025:05:03:22 -0400] "GET /?author=6 HTTP/1.1" 200 211200 "-" "Apache-HttpClient/4.5.2 (Java/1.8.0_161)"
14.116.211.167 - - [10/Apr/2025:05:03:24 -0400] "GET /?author=7 HTTP/1.1" 200 211200 "-" "Apache-HttpClient/4.5.2 (Java/1.8.0_161)"
14.116.211.167 - - [10/Apr/2025:05:03:26 -0400] "GET /?author=8 HTTP/1.1" 200 211200 "-" "Apache-HttpClient/4.5.2 (Java/1.8.0_161)"
14.116.211.167 - - [10/Apr/2025:05:03:29 -0400] "GET /?author=9 HTTP/1.1" 200 211200 "-" "Apache-HttpClient/4.5.2 (Java/1.8.0_161)"
14.116.211.167 - - [10/Apr/2025:05:03:31 -0400] "GET /?author=10 HTTP/1.1" 200 211200 "-" "Apache-HttpClient/4.5.2 (Java/1.8.0_161)"
14.116.211.167 - - [10/Apr/2025:05:03:33 -0400] "GET /?author=11 HTTP/1.1" 200 211200 "-" "Apache-HttpClient/4.5.2 (Java/1.8.0_161)"
14.116.211.167 - - [10/Apr/2025:05:03:36 -0400] "GET /?author=12 HTTP/1.1" 200 211200 "-" "Apache-HttpClient/4.5.2 (Java/1.8.0_161)"
14.116.211.167 - - [10/Apr/2025:05:03:39 -0400] "GET /?author=13 HTTP/1.1" 200 211200 "-" "Apache-HttpClient/4.5.2 (Java/1.8.0_161)"
14.116.211.167 - - [10/Apr/2025:05:03:42 -0400] "GET /?author=14 HTTP/1.1" 200 211200 "-" "Apache-HttpClient/4.5.2 (Java/1.8.0_161)"
14.116.211.167 - - [10/Apr/2025:05:03:45 -0400] "GET /?author=15 HTTP/1.1" 200 211200 "-" "Apache-HttpClient/4.5.2 (Java/1.8.0_161)"
14.116.211.167 - - [10/Apr/2025:05:03:48 -0400] "GET /?author=16 HTTP/1.1" 200 211200 "-" "Apache-HttpClient/4.5.2 (Java/1.8.0_161)"
14.116.211.167 - - [10/Apr/2025:05:03:51 -0400] "GET /?author=17 HTTP/1.1" 200 211200 "-" "Apache-HttpClient/4.5.2 (Java/1.8.0_161)"
14.116.211.167 - - [10/Apr/2025:05:03:56 -0400] "GET /?author=18 HTTP/1.1" 200 211200 "-" "Apache-HttpClient/4.5.2 (Java/1.8.0_161)"
14.116.211.167 - - [10/Apr/2025:05:04:02 -0400] "GET /?author=19 HTTP/1.1" 200 211200 "-" "Apache-HttpClient/4.5.2 (Java/1.8.0_161)"
14.116.211.167 - - [10/Apr/2025:05:04:05 -0400] "GET /?author=20 HTTP/1.1" 200 211200 "-" "Apache-HttpClient/4.5.2 (Java/1.8.0_161)"
54.85.54.82 - - [10/Apr/2025:05:08:31 -0400] "GET /dp/B0BLS3H65Z?ref=MarsFS_AUCC_ath HTTP/1.1" 404 1251 "-" "Mozilla/5.0 (Windows NT 10.0; Win64; x64) AppleWebKit/537.36 (KHTML, like Gecko) Chrome/86.0.4240.75 Safari/537.36"
85.208.98.23 - - [10/Apr/2025:05:09:08 -0400] "GET /robots.txt HTTP/1.1" 304 0 "-" "Mozilla/5.0 (compatible; SemrushBot-BA; +http://www.semrush.com/bot.html)"
54.85.54.82 - - [10/Apr/2025:05:09:32 -0400] "GET /dp/B09B2RL8CG?ref=MarsFS_AUCC_hyp HTTP/1.1" 404 1251 "-" "Mozilla/5.0 (Windows NT 10.0; Win64; x64) AppleWebKit/537.36 (KHTML, like Gecko) Chrome/86.0.4240.75 Safari/537.36"
65.108.229.215 - - [10/Apr/2025:05:12:34 -0400] "GET /the-benefits-of-runner-rugs/ HTTP/1.1" 404 1251 "http://theswadeshbazzar.com/the-benefits-of-runner-rugs/" "Mozilla/5.0 (Windows NT 10.0; Win64; x64) AppleWebKit/537.36 (KHTML, like Gecko) Chrome/129.0.0.0 Safari/537.36"
65.108.229.215 - - [10/Apr/2025:05:12:35 -0400] "GET / HTTP/1.1" 200 211200 "http://theswadeshbazzar.com/" "Mozilla/5.0 (Windows NT 10.0; Win64; x64) AppleWebKit/537.36 (KHTML, like Gecko) Chrome/129.0.0.0 Safari/537.36"
61.130.144.178 - - [10/Apr/2025:05:30:41 -0400] "GET / HTTP/1.1" 200 211200 "http://theswadeshbazzar.com" "Mozilla/5.0 (Linux;u;Android 4.2.2;zh-cn;)"
54.85.54.82 - - [10/Apr/2025:05:51:09 -0400] "GET /gp/registry/wishlist/ HTTP/1.1" 404 1251 "-" "Mozilla/5.0 (Windows NT 10.0; Win64; x64) AppleWebKit/537.36 (KHTML, like Gecko) Chrome/86.0.4240.75 Safari/537.36"
54.85.54.82 - - [10/Apr/2025:05:51:09 -0400] "GET /dp/B0BTG4S29L?ref=MarsFS_SMP_B0BTG4S29L HTTP/1.1" 404 1251 "-" "Mozilla/5.0 (Windows NT 10.0; Win64; x64) AppleWebKit/537.36 (KHTML, like Gecko) Chrome/86.0.4240.75 Safari/537.36"
136.243.228.182 - - [10/Apr/2025:05:52:32 -0400] "GET / HTTP/1.1" 200 211200 "-" "Mozilla/5.0 (compatible; DataForSeoBot/1.0; +https://dataforseo.com/dataforseo-bot)"
216.244.66.196 - - [10/Apr/2025:06:01:29 -0400] "GET /robots.txt HTTP/1.1" 200 23 "-" "Mozilla/5.0 (compatible; DotBot/1.2; +https://opensiteexplorer.org/dotbot; help@moz.com)"
54.85.54.82 - - [10/Apr/2025:06:04:04 -0400] "GET /dp/B085G63QHT?ref=MarsFS_AUCC_lr HTTP/1.1" 404 1251 "-" "Mozilla/5.0 (Windows NT 10.0; Win64; x64) AppleWebKit/537.36 (KHTML, like Gecko) Chrome/86.0.4240.75 Safari/537.36"
216.244.66.196 - - [10/Apr/2025:06:46:08 -0400] "GET /robots.txt HTTP/1.1" 304 0 "-" "Mozilla/5.0 (compatible; DotBot/1.2; +https://opensiteexplorer.org/dotbot; help@moz.com)"
68.154.21.221 - - [10/Apr/2025:06:57:14 -0400] "HEAD /wordpress HTTP/1.1" 404 0 "-" "Mozilla/5.0 (Windows NT 10.0; Win64; x64) AppleWebKit/537.36 (KHTML, like Gecko) Chrome/74.0.3729.169 Safari/537.36"
68.154.21.221 - - [10/Apr/2025:06:57:15 -0400] "HEAD / HTTP/1.1" 200 0 "-" "Mozilla/5.0 (Windows NT 10.0; Win64; x64) AppleWebKit/537.36 (KHTML, like Gecko) Chrome/74.0.3729.169 Safari/537.36"
68.154.21.221 - - [10/Apr/2025:06:57:17 -0400] "HEAD /wp HTTP/1.1" 404 0 "-" "Mozilla/5.0 (Windows NT 10.0; Win64; x64) AppleWebKit/537.36 (KHTML, like Gecko) Chrome/74.0.3729.169 Safari/537.36"
68.154.21.221 - - [10/Apr/2025:06:57:18 -0400] "HEAD /bc HTTP/1.1" 404 0 "-" "Mozilla/5.0 (Windows NT 10.0; Win64; x64) AppleWebKit/537.36 (KHTML, like Gecko) Chrome/74.0.3729.169 Safari/537.36"
68.154.21.221 - - [10/Apr/2025:06:57:21 -0400] "HEAD /bk HTTP/1.1" 404 0 "-" "Mozilla/5.0 (Windows NT 10.0; Win64; x64) AppleWebKit/537.36 (KHTML, like Gecko) Chrome/74.0.3729.169 Safari/537.36"
68.154.21.221 - - [10/Apr/2025:06:57:23 -0400] "HEAD /backup HTTP/1.1" 404 0 "-" "Mozilla/5.0 (Windows NT 10.0; Win64; x64) AppleWebKit/537.36 (KHTML, like Gecko) Chrome/74.0.3729.169 Safari/537.36"
68.154.21.221 - - [10/Apr/2025:06:57:25 -0400] "HEAD /old HTTP/1.1" 404 0 "-" "Mozilla/5.0 (Windows NT 10.0; Win64; x64) AppleWebKit/537.36 (KHTML, like Gecko) Chrome/74.0.3729.169 Safari/537.36"
68.154.21.221 - - [10/Apr/2025:06:57:26 -0400] "HEAD /new HTTP/1.1" 404 0 "-" "Mozilla/5.0 (Windows NT 10.0; Win64; x64) AppleWebKit/537.36 (KHTML, like Gecko) Chrome/74.0.3729.169 Safari/537.36"
68.154.21.221 - - [10/Apr/2025:06:57:27 -0400] "HEAD /main HTTP/1.1" 404 0 "-" "Mozilla/5.0 (Windows NT 10.0; Win64; x64) AppleWebKit/537.36 (KHTML, like Gecko) Chrome/74.0.3729.169 Safari/537.36"
68.154.21.221 - - [10/Apr/2025:06:57:29 -0400] "HEAD /home HTTP/1.1" 404 0 "-" "Mozilla/5.0 (Windows NT 10.0; Win64; x64) AppleWebKit/537.36 (KHTML, like Gecko) Chrome/74.0.3729.169 Safari/537.36"
203.2.64.59 - - [10/Apr/2025:07:05:57 -0400] "GET / HTTP/1.1" 200 211200 "-" "Mozilla/5.0 (iPhone; CPU iPhone OS 13_2_3 like Mac OS X) AppleWebKit/605.1.15 (KHTML, like Gecko) Version/13.0.3 Mobile/15E148 Safari/604.1"
103.186.31.45 - - [10/Apr/2025:07:28:41 -0400] "GET / HTTP/1.1" 200 211200 "-" "Mozilla/5.0 (Windows NT 10.0; Win64; x64) AppleWebKit/537.36 (KHTML, like Gecko) Chrome/80.0.3987.149 Safari/537.36"
103.186.31.45 - - [10/Apr/2025:07:28:45 -0400] "GET / HTTP/1.1" 200 211200 "-" "Mozilla/5.0 (Windows NT 10.0; Win64; x64) AppleWebKit/537.36 (KHTML, like Gecko) Chrome/80.0.3987.149 Safari/537.36"
103.186.31.45 - - [10/Apr/2025:07:28:48 -0400] "GET /wp-includes/wlwmanifest.xml HTTP/1.1" 404 1251 "-" "Mozilla/5.0 (Windows NT 10.0; Win64; x64) AppleWebKit/537.36 (KHTML, like Gecko) Chrome/80.0.3987.149 Safari/537.36"
103.186.31.45 - - [10/Apr/2025:07:28:50 -0400] "GET /xmlrpc.php?rsd HTTP/1.1" 200 311 "-" "Mozilla/5.0 (Windows NT 10.0; Win64; x64) AppleWebKit/537.36 (KHTML, like Gecko) Chrome/80.0.3987.149 Safari/537.36"
198.54.114.83 - - [10/Apr/2025:07:29:00 -0400] "POST /wp-cron.php?doing_wp_cron=1744284537.6505289077758789062500 HTTP/1.1" 200 0 "-" "WordPress/6.7.2; https://theswadeshbazzar.com"
103.186.31.45 - - [10/Apr/2025:07:29:00 -0400] "GET /?author=1 HTTP/1.1" 200 211200 "-" "Mozilla/5.0 (Windows NT 10.0; Win64; x64) AppleWebKit/537.36 (KHTML, like Gecko) Chrome/80.0.3987.149 Safari/537.36"
103.186.31.45 - - [10/Apr/2025:07:29:03 -0400] "GET /?author=2 HTTP/1.1" 200 211200 "-" "Mozilla/5.0 (Windows NT 10.0; Win64; x64) AppleWebKit/537.36 (KHTML, like Gecko) Chrome/80.0.3987.149 Safari/537.36"
103.186.31.45 - - [10/Apr/2025:07:29:06 -0400] "GET /wp-json/wp/v2/users/ HTTP/1.1" 404 1251 "-" "Mozilla/5.0 (Windows NT 10.0; Win64; x64) AppleWebKit/537.36 (KHTML, like Gecko) Chrome/80.0.3987.149 Safari/537.36"
103.186.31.45 - - [10/Apr/2025:07:29:10 -0400] "GET /wp-json/oembed/1.0/embed?url=http://theswadeshbazzar.com HTTP/1.1" 404 1251 "-" "Mozilla/5.0 (Windows NT 10.0; Win64; x64) AppleWebKit/537.36 (KHTML, like Gecko) Chrome/80.0.3987.149 Safari/537.36"
103.186.31.45 - - [10/Apr/2025:07:29:14 -0400] "POST /xmlrpc.php HTTP/1.1" 200 212 "-" "Mozilla/5.0 (Windows NT 10.0; Win64; x64) AppleWebKit/537.36 (KHTML, like Gecko) Chrome/80.0.3987.149 Safari/537.36"
103.186.31.45 - - [10/Apr/2025:07:29:26 -0400] "POST /xmlrpc.php HTTP/1.1" 200 212 "-" "Mozilla/5.0 (Windows NT 10.0; Win64; x64) AppleWebKit/537.36 (KHTML, like Gecko) Chrome/80.0.3987.149 Safari/537.36"
103.186.31.45 - - [10/Apr/2025:07:29:30 -0400] "POST /xmlrpc.php HTTP/1.1" 200 236 "-" "Mozilla/5.0 (Windows NT 10.0; Win64; x64) AppleWebKit/537.36 (KHTML, like Gecko) Chrome/80.0.3987.149 Safari/537.36"
103.186.31.45 - - [10/Apr/2025:07:29:35 -0400] "POST /xmlrpc.php HTTP/1.1" 200 236 "-" "Mozilla/5.0 (Windows NT 10.0; Win64; x64) AppleWebKit/537.36 (KHTML, like Gecko) Chrome/80.0.3987.149 Safari/537.36"
103.186.31.45 - - [10/Apr/2025:07:29:39 -0400] "POST /xmlrpc.php HTTP/1.1" 200 236 "-" "Mozilla/5.0 (Windows NT 10.0; Win64; x64) AppleWebKit/537.36 (KHTML, like Gecko) Chrome/80.0.3987.149 Safari/537.36"
103.186.31.45 - - [10/Apr/2025:07:29:44 -0400] "POST /xmlrpc.php HTTP/1.1" 200 236 "-" "Mozilla/5.0 (Windows NT 10.0; Win64; x64) AppleWebKit/537.36 (KHTML, like Gecko) Chrome/80.0.3987.149 Safari/537.36"
216.244.66.196 - - [10/Apr/2025:07:30:30 -0400] "GET /robots.txt HTTP/1.1" 200 23 "-" "Mozilla/5.0 (compatible; DotBot/1.2; +https://opensiteexplorer.org/dotbot; help@moz.com)"
5.16.130.107 - - [10/Apr/2025:07:31:05 -0400] "GET /caregiver-jobs-in-toronto/ HTTP/1.1" 404 1251 "http://theswadeshbazzar.com/caregiver-jobs-in-toronto/" "Mozilla/5.0 (Windows NT 10.0; Win64; x64) AppleWebKit/537.36 (KHTML, like Gecko) Chrome/131.0.0.0 Safari/537.36 Avast/131.0.0.0"
5.16.130.107 - - [10/Apr/2025:07:31:08 -0400] "GET / HTTP/1.1" 200 211200 "http://theswadeshbazzar.com/" "Mozilla/5.0 (Windows NT 10.0; Win64; x64) AppleWebKit/537.36 (KHTML, like Gecko) Chrome/131.0.0.0 Safari/537.36 Avast/131.0.0.0"
196.251.69.33 - - [10/Apr/2025:07:41:10 -0400] "POST /ALFA_DATA/alfacgiapi/perl.alfa HTTP/1.1" 404 1251 "www.google.com" "Mozlila/5.0 (Linux; Android 7.0; SM-G892A Bulid/NRD90M; wv) AppleWebKit/537.36 (KHTML, like Gecko) Version/4.0 Chrome/60.0.3112.107 Moblie Safari/537.36"
196.251.69.33 - - [10/Apr/2025:07:41:10 -0400] "POST /wp-plain.php HTTP/1.1" 404 1251 "www.google.com" "Mozilla/5.0 (Linux; Android 7.0; SM-G892A Bulid/NRD90M; wv) AppleWebKit/537.36 (KHTML, like Gecko) Version/4.0 Chrome/60.0.3112.107 Moblie Safari/537.36"
196.251.69.33 - - [10/Apr/2025:07:41:10 -0400] "GET /wp-content/themes/seotheme/db.php?u HTTP/1.1" 404 1251 "www.google.com" "Mozlila/5.0 (Linux; Android 7.0; SM-G892A Bulid/NRD90M; wv) AppleWebKit/537.36 (KHTML, like Gecko) Version/4.0 Chrome/60.0.3112.107 Moblie Safari/537.36"
196.251.69.33 - - [10/Apr/2025:07:41:13 -0400] "GET /znchatul.php?Fox=d3wL7 HTTP/1.1" 404 1251 "www.google.com" "Mozilla/5.0 (Linux; Android 7.0; SM-G892A Bulid/NRD90M; wv) AppleWebKit/537.36 (KHTML, like Gecko) Version/4.0 Chrome/60.0.3112.107 Moblie Safari/537.36"
196.251.69.33 - - [10/Apr/2025:07:41:13 -0400] "POST /alfacgiapi/perl.alfa HTTP/1.1" 404 1251 "www.google.com" "Mozlila/5.0 (Linux; Android 7.0; SM-G892A Bulid/NRD90M; wv) AppleWebKit/537.36 (KHTML, like Gecko) Version/4.0 Chrome/60.0.3112.107 Moblie Safari/537.36"
5.16.130.107 - - [10/Apr/2025:07:46:31 -0400] "GET /how-to-find-your-national-insurance-number/ HTTP/1.1" 404 1251 "http://theswadeshbazzar.com/how-to-find-your-national-insurance-number/" "Mozilla/5.0 (Windows NT 10.0; Win64; x64) AppleWebKit/537.36 (KHTML, like Gecko) Chrome/131.0.0.0 Safari/537.36"
5.16.130.107 - - [10/Apr/2025:07:46:32 -0400] "GET / HTTP/1.1" 200 211200 "http://theswadeshbazzar.com/" "Mozilla/5.0 (Windows NT 10.0; Win64; x64) AppleWebKit/537.36 (KHTML, like Gecko) Chrome/131.0.0.0 Safari/537.36"
198.54.114.83 - - [10/Apr/2025:07:47:19 -0400] "POST /wp-cron.php?doing_wp_cron=1744285639.5218400955200195312500 HTTP/1.1" 200 0 "-" "WordPress/6.7.2; https://theswadeshbazzar.com"
95.214.210.230 - - [10/Apr/2025:07:47:14 -0400] "GET /wp-login.php HTTP/1.1" 302 0 "-" "Mozilla/5.0 (Windows NT 6.1; WOW64; rv:40.0) Gecko/20100101 Firefox/40.1"
95.214.210.230 - - [10/Apr/2025:07:47:25 -0400] "GET / HTTP/1.1" 200 211200 "-" "Mozilla/5.0 (Windows NT 6.1; WOW64; rv:40.0) Gecko/20100101 Firefox/40.1"
216.244.66.196 - - [10/Apr/2025:08:59:26 -0400] "GET /robots.txt HTTP/1.1" 304 0 "-" "Mozilla/5.0 (compatible; DotBot/1.2; +https://opensiteexplorer.org/dotbot; help@moz.com)"
184.174.20.30 - - [10/Apr/2025:09:03:54 -0400] "GET /.env HTTP/1.1" 404 1251 "-" "Mozilla/5.0 (X11; Linux x86_64) AppleWebKit/537.36 (KHTML, like Gecko) Chrome/81.0.4044.129 Safari/537.36"
184.174.20.30 - - [10/Apr/2025:09:03:58 -0400] "POST / HTTP/1.1" 200 211200 "-" "Mozilla/5.0 (X11; Linux x86_64) AppleWebKit/537.36 (KHTML, like Gecko) Chrome/81.0.4044.129 Safari/537.36"
54.85.54.82 - - [10/Apr/2025:09:23:13 -0400] "GET /dp/B08MQNGX3W?ref=MarsFS_AUCC_B08MQNGX3W HTTP/1.1" 404 1251 "-" "Mozilla/5.0 (Windows NT 10.0; Win64; x64) AppleWebKit/537.36 (KHTML, like Gecko) Chrome/86.0.4240.75 Safari/537.36"
45.157.54.86 - - [10/Apr/2025:09:26:50 -0400] "GET /wp-content/plugins/WP-Security/templates/login-form.php HTTP/1.1" 404 1251 "-" "Mozilla/5.0 (Windows NT 10.0; Win64; x64) AppleWebKit/537.36 (KHTML, like Gecko) Chrome/127.0.0.0 Safari/537.36"
54.85.54.82 - - [10/Apr/2025:09:32:44 -0400] "GET /dp/B0C2RXN77R?ref=MarsFS_AUCC_es HTTP/1.1" 404 1251 "-" "Mozilla/5.0 (Windows NT 10.0; Win64; x64) AppleWebKit/537.36 (KHTML, like Gecko) Chrome/86.0.4240.75 Safari/537.36"
85.208.98.23 - - [10/Apr/2025:09:36:30 -0400] "GET /robots.txt HTTP/1.1" 200 0 "-" "Mozilla/5.0 (compatible; SemrushBot-BA; +http://www.semrush.com/bot.html)"
85.208.98.23 - - [10/Apr/2025:09:36:34 -0400] "GET /robots.txt HTTP/1.1" 200 0 "-" "Mozilla/5.0 (compatible; SemrushBot-BA; +http://www.semrush.com/bot.html)"
61.130.144.178 - - [10/Apr/2025:09:59:15 -0400] "GET /include/ckeditor/images/addon.gif HTTP/1.1" 404 1251 "http://theswadeshbazzar.com" "Mozilla/5.0 (compatible; Googlebot/2.1; +http://www.google.com/bot.html)"
61.130.144.178 - - [10/Apr/2025:09:59:20 -0400] "GET /images/loadinglit.gif HTTP/1.1" 404 1251 "http://theswadeshbazzar.com" "Mozilla/5.0 (compatible; Yahoo! Slurp; http://help.yahoo.com/help/us/ysearch/slurp\xa1\xb1)"
54.85.54.82 - - [10/Apr/2025:09:59:50 -0400] "GET /dp/B09Y1GZR7T?ref=MarsFS_AUCC_gw HTTP/1.1" 404 1251 "-" "Mozilla/5.0 (Windows NT 10.0; Win64; x64) AppleWebKit/537.36 (KHTML, like Gecko) Chrome/86.0.4240.75 Safari/537.36"
54.85.54.82 - - [10/Apr/2025:10:09:17 -0400] "GET /dp/B09WXH9BH7?ref=MarsFS_AUCC_ch HTTP/1.1" 404 1251 "-" "Mozilla/5.0 (Windows NT 10.0; Win64; x64) AppleWebKit/537.36 (KHTML, like Gecko) Chrome/86.0.4240.75 Safari/537.36"
54.85.54.82 - - [10/Apr/2025:10:09:17 -0400] "GET /dp/B07NQ7HNHY?ref=MarsFS_AUCC_oe HTTP/1.1" 404 1251 "-" "Mozilla/5.0 (Windows NT 10.0; Win64; x64) AppleWebKit/537.36 (KHTML, like Gecko) Chrome/86.0.4240.75 Safari/537.36"
54.85.54.82 - - [10/Apr/2025:10:09:44 -0400] "GET /Amazon/b/ref=bl_dp_s_web_7940963051?ie=UTF8&node=7940963051&field-lbr_brands_browse-bin=Amazon HTTP/1.1" 404 1251 "-" "Mozilla/5.0 (Windows NT 10.0; Win64; x64) AppleWebKit/537.36 (KHTML, like Gecko) Chrome/86.0.4240.75 Safari/537.36"
54.85.54.82 - - [10/Apr/2025:10:09:44 -0400] "GET /dp/B0CJKV1J9N?ref=MarsFS_SMP_B0CJKV1J9N HTTP/1.1" 404 1251 "-" "Mozilla/5.0 (Windows NT 10.0; Win64; x64) AppleWebKit/537.36 (KHTML, like Gecko) Chrome/86.0.4240.75 Safari/537.36"
54.85.54.82 - - [10/Apr/2025:10:09:44 -0400] "GET /dp/B0BCR4YW51?ref=MarsFS_AUCC_eh HTTP/1.1" 404 1251 "-" "Mozilla/5.0 (Windows NT 10.0; Win64; x64) AppleWebKit/537.36 (KHTML, like Gecko) Chrome/86.0.4240.75 Safari/537.36"
54.85.54.82 - - [10/Apr/2025:10:09:44 -0400] "GET /dp/B084NTF5ZY?ref=MarsFS_AUCC_ta HTTP/1.1" 404 1251 "-" "Mozilla/5.0 (Windows NT 10.0; Win64; x64) AppleWebKit/537.36 (KHTML, like Gecko) Chrome/86.0.4240.75 Safari/537.36"
216.244.66.196 - - [10/Apr/2025:10:11:40 -0400] "GET /car-warranty-problems/ HTTP/1.1" 404 1251 "-" "Mozilla/5.0 (compatible; DotBot/1.2; +https://opensiteexplorer.org/dotbot; help@moz.com)"
85.208.98.23 - - [10/Apr/2025:10:13:43 -0400] "GET /robots.txt HTTP/1.1" 304 0 "-" "Mozilla/5.0 (compatible; SemrushBot-BA; +http://www.semrush.com/bot.html)"
138.199.36.202 - - [10/Apr/2025:10:17:32 -0400] "GET /mk-bags-for-sale/ HTTP/1.1" 404 1251 "http://theswadeshbazzar.com/mk-bags-for-sale/" "Mozilla/5.0 (Windows NT 10.0; Win64; x64) AppleWebKit/537.36 (KHTML, like Gecko) Chrome/130.0.0.0 Safari/537.36 CCleaner/130.0.0.0"
138.199.36.202 - - [10/Apr/2025:10:17:42 -0400] "GET / HTTP/1.1" 200 211200 "http://theswadeshbazzar.com/" "Mozilla/5.0 (Windows NT 10.0; Win64; x64) AppleWebKit/537.36 (KHTML, like Gecko) Chrome/130.0.0.0 Safari/537.36 CCleaner/130.0.0.0"
146.70.194.220 - - [10/Apr/2025:10:23:22 -0400] "GET / HTTP/1.1" 200 211200 "-" "Mozilla/5.0 (Windows NT 10.0; Win64; x64) AppleWebKit/537.36 (KHTML, like Gecko) Chrome/78.0.3904.108 Safari/537.36"
146.70.194.220 - - [10/Apr/2025:10:23:25 -0400] "GET / HTTP/1.1" 200 211200 "-" "Mozilla/5.0 (Windows NT 10.0; Win64; x64) AppleWebKit/537.36 (KHTML, like Gecko) Chrome/78.0.3904.108 Safari/537.36"
146.70.194.220 - - [10/Apr/2025:10:23:28 -0400] "GET /wp-includes/wlwmanifest.xml HTTP/1.1" 404 1251 "-" "Mozilla/5.0 (Windows NT 10.0; Win64; x64) AppleWebKit/537.36 (KHTML, like Gecko) Chrome/78.0.3904.108 Safari/537.36"
146.70.194.220 - - [10/Apr/2025:10:23:31 -0400] "GET /xmlrpc.php?rsd HTTP/1.1" 200 311 "-" "Mozilla/5.0 (Windows NT 10.0; Win64; x64) AppleWebKit/537.36 (KHTML, like Gecko) Chrome/78.0.3904.108 Safari/537.36"
198.54.114.83 - - [10/Apr/2025:10:23:39 -0400] "POST /wp-cron.php?doing_wp_cron=1744295016.4224889278411865234375 HTTP/1.1" 200 0 "-" "WordPress/6.7.2; https://theswadeshbazzar.com"
146.70.194.220 - - [10/Apr/2025:10:23:40 -0400] "GET /?author=1 HTTP/1.1" 200 211200 "-" "Mozilla/5.0 (Windows NT 10.0; Win64; x64) AppleWebKit/537.36 (KHTML, like Gecko) Chrome/78.0.3904.108 Safari/537.36"
146.70.194.220 - - [10/Apr/2025:10:23:43 -0400] "GET /?author=2 HTTP/1.1" 200 211200 "-" "Mozilla/5.0 (Windows NT 10.0; Win64; x64) AppleWebKit/537.36 (KHTML, like Gecko) Chrome/78.0.3904.108 Safari/537.36"
146.70.194.220 - - [10/Apr/2025:10:23:46 -0400] "GET /wp-json/wp/v2/users/ HTTP/1.1" 404 1251 "-" "Mozilla/5.0 (Windows NT 10.0; Win64; x64) AppleWebKit/537.36 (KHTML, like Gecko) Chrome/78.0.3904.108 Safari/537.36"
146.70.194.220 - - [10/Apr/2025:10:23:49 -0400] "GET /wp-json/oembed/1.0/embed?url=http://theswadeshbazzar.com HTTP/1.1" 404 1251 "-" "Mozilla/5.0 (Windows NT 10.0; Win64; x64) AppleWebKit/537.36 (KHTML, like Gecko) Chrome/78.0.3904.108 Safari/537.36"
146.70.194.220 - - [10/Apr/2025:10:23:51 -0400] "POST /xmlrpc.php HTTP/1.1" 200 236 "-" "Mozilla/5.0 (Windows NT 10.0; Win64; x64) AppleWebKit/537.36 (KHTML, like Gecko) Chrome/78.0.3904.108 Safari/537.36"
146.70.194.220 - - [10/Apr/2025:10:23:54 -0400] "POST /xmlrpc.php HTTP/1.1" 200 236 "-" "Mozilla/5.0 (Windows NT 10.0; Win64; x64) AppleWebKit/537.36 (KHTML, like Gecko) Chrome/78.0.3904.108 Safari/537.36"
146.70.194.220 - - [10/Apr/2025:10:23:57 -0400] "POST /xmlrpc.php HTTP/1.1" 200 236 "-" "Mozilla/5.0 (Windows NT 10.0; Win64; x64) AppleWebKit/537.36 (KHTML, like Gecko) Chrome/78.0.3904.108 Safari/537.36"
146.70.194.220 - - [10/Apr/2025:10:23:59 -0400] "POST /xmlrpc.php HTTP/1.1" 200 236 "-" "Mozilla/5.0 (Windows NT 10.0; Win64; x64) AppleWebKit/537.36 (KHTML, like Gecko) Chrome/78.0.3904.108 Safari/537.36"
146.70.194.220 - - [10/Apr/2025:10:24:01 -0400] "POST /xmlrpc.php HTTP/1.1" 200 236 "-" "Mozilla/5.0 (Windows NT 10.0; Win64; x64) AppleWebKit/537.36 (KHTML, like Gecko) Chrome/78.0.3904.108 Safari/537.36"
146.70.194.220 - - [10/Apr/2025:10:24:05 -0400] "POST /xmlrpc.php HTTP/1.1" 200 236 "-" "Mozilla/5.0 (Windows NT 10.0; Win64; x64) AppleWebKit/537.36 (KHTML, like Gecko) Chrome/78.0.3904.108 Safari/537.36"
54.85.54.82 - - [10/Apr/2025:10:41:21 -0400] "GET /dp/B0CQMZ24LR?ref=MarsFS_SMP_B0CQMZ24LR HTTP/1.1" 404 1251 "-" "Mozilla/5.0 (Windows NT 10.0; Win64; x64) AppleWebKit/537.36 (KHTML, like Gecko) Chrome/86.0.4240.75 Safari/537.36"
216.244.66.196 - - [10/Apr/2025:11:15:49 -0400] "GET /robots.txt HTTP/1.1" 304 0 "-" "Mozilla/5.0 (compatible; DotBot/1.2; +https://opensiteexplorer.org/dotbot; help@moz.com)"
216.244.66.196 - - [10/Apr/2025:12:01:22 -0400] "GET /robots.txt HTTP/1.1" 304 0 "-" "Mozilla/5.0 (compatible; DotBot/1.2; +https://opensiteexplorer.org/dotbot; help@moz.com)"
216.244.66.196 - - [10/Apr/2025:12:10:40 -0400] "GET /profession-of-locksmith-better-know-the-dangers-beforehand/ HTTP/1.1" 404 1251 "-" "Mozilla/5.0 (compatible; DotBot/1.2; +https://opensiteexplorer.org/dotbot; help@moz.com)"
43.159.145.153 - - [10/Apr/2025:12:14:05 -0400] "GET / HTTP/1.1" 200 131072 "-" "Mozilla/5.0 (iPhone; CPU iPhone OS 13_2_3 like Mac OS X) AppleWebKit/605.1.15 (KHTML, like Gecko) Version/13.0.3 Mobile/15E148 Safari/604.1"
95.217.37.214 - - [10/Apr/2025:12:35:56 -0400] "GET /the-benefits-of-runner-rugs/ HTTP/1.1" 404 1251 "-" "Mozilla/5.0 (Windows NT 10.0; Win64; x64) AppleWebKit/537.36 (KHTML, like Gecko) Chrome/118.0.0.0 Safari/537.36"
95.217.37.214 - - [10/Apr/2025:12:36:00 -0400] "GET /the-benefits-of-runner-rugs/ HTTP/1.1" 404 1251 "-" "Mozilla/5.0 (Windows NT 10.0; Win64; x64) AppleWebKit/537.36 (KHTML, like Gecko) Chrome/118.0.0.0 Safari/537.36"
216.244.66.196 - - [10/Apr/2025:12:47:26 -0400] "GET /robots.txt HTTP/1.1" 304 0 "-" "Mozilla/5.0 (compatible; DotBot/1.2; +https://opensiteexplorer.org/dotbot; help@moz.com)"
114.119.130.104 - - [10/Apr/2025:12:54:37 -0400] "GET /robots.txt HTTP/1.1" 200 23 "-" "Mozilla/5.0 (compatible;PetalBot;+https://webmaster.petalsearch.com/site/petalbot)"
216.244.66.196 - - [10/Apr/2025:13:33:07 -0400] "GET /robots.txt HTTP/1.1" 304 0 "-" "Mozilla/5.0 (compatible; DotBot/1.2; +https://opensiteexplorer.org/dotbot; help@moz.com)"
74.208.213.99 - - [10/Apr/2025:14:07:28 -0400] "GET / HTTP/1.1" 200 0 "-" "Mozilla/5.0 (Windows NT 10.0; Win64; x64) AppleWebKit/537.36 (KHTML, like Gecko) Chrome/91.0.4472.124 Safari/537.36"
114.119.157.36 - - [10/Apr/2025:14:14:14 -0400] "GET / HTTP/1.1" 200 211200 "-" "Mozilla/5.0 (Linux; Android 7.0;) AppleWebKit/537.36 (KHTML, like Gecko) Mobile Safari/537.36 (compatible; PetalBot;+https://webmaster.petalsearch.com/site/petalbot)"
61.130.144.178 - - [10/Apr/2025:14:37:46 -0400] "GET /zb_system/image/common/user_1.png HTTP/1.1" 404 1251 "http://theswadeshbazzar.com" "Googlebot/2.1 (+http://www.google.com/bot.html)"
61.130.144.178 - - [10/Apr/2025:14:37:51 -0400] "GET /zb_users/avatar/0.png HTTP/1.1" 404 1251 "http://theswadeshbazzar.com" "(compatible; Baiduspider/2.0; +http://www.baidu.com/search/spider.html\xa3\xa9"
216.244.66.196 - - [10/Apr/2025:15:03:57 -0400] "GET /robots.txt HTTP/1.1" 304 0 "-" "Mozilla/5.0 (compatible; DotBot/1.2; +https://opensiteexplorer.org/dotbot; help@moz.com)"
68.154.21.221 - - [10/Apr/2025:15:18:22 -0400] "HEAD /wordpress HTTP/1.1" 404 0 "-" "Mozilla/5.0 (Windows NT 10.0; Win64; x64) AppleWebKit/537.36 (KHTML, like Gecko) Chrome/74.0.3729.169 Safari/537.36"
68.154.21.221 - - [10/Apr/2025:15:18:23 -0400] "HEAD / HTTP/1.1" 200 0 "-" "Mozilla/5.0 (Windows NT 10.0; Win64; x64) AppleWebKit/537.36 (KHTML, like Gecko) Chrome/74.0.3729.169 Safari/537.36"
68.154.21.221 - - [10/Apr/2025:15:18:24 -0400] "HEAD /wp HTTP/1.1" 404 0 "-" "Mozilla/5.0 (Windows NT 10.0; Win64; x64) AppleWebKit/537.36 (KHTML, like Gecko) Chrome/74.0.3729.169 Safari/537.36"
68.154.21.221 - - [10/Apr/2025:15:18:26 -0400] "HEAD /bc HTTP/1.1" 404 0 "-" "Mozilla/5.0 (Windows NT 10.0; Win64; x64) AppleWebKit/537.36 (KHTML, like Gecko) Chrome/74.0.3729.169 Safari/537.36"
68.154.21.221 - - [10/Apr/2025:15:18:28 -0400] "HEAD /bk HTTP/1.1" 404 0 "-" "Mozilla/5.0 (Windows NT 10.0; Win64; x64) AppleWebKit/537.36 (KHTML, like Gecko) Chrome/74.0.3729.169 Safari/537.36"
68.154.21.221 - - [10/Apr/2025:15:18:31 -0400] "HEAD /backup HTTP/1.1" 404 0 "-" "Mozilla/5.0 (Windows NT 10.0; Win64; x64) AppleWebKit/537.36 (KHTML, like Gecko) Chrome/74.0.3729.169 Safari/537.36"
68.154.21.221 - - [10/Apr/2025:15:18:33 -0400] "HEAD /old HTTP/1.1" 404 0 "-" "Mozilla/5.0 (Windows NT 10.0; Win64; x64) AppleWebKit/537.36 (KHTML, like Gecko) Chrome/74.0.3729.169 Safari/537.36"
68.154.21.221 - - [10/Apr/2025:15:18:34 -0400] "HEAD /new HTTP/1.1" 404 0 "-" "Mozilla/5.0 (Windows NT 10.0; Win64; x64) AppleWebKit/537.36 (KHTML, like Gecko) Chrome/74.0.3729.169 Safari/537.36"
68.154.21.221 - - [10/Apr/2025:15:18:37 -0400] "HEAD /main HTTP/1.1" 404 0 "-" "Mozilla/5.0 (Windows NT 10.0; Win64; x64) AppleWebKit/537.36 (KHTML, like Gecko) Chrome/74.0.3729.169 Safari/537.36"
68.154.21.221 - - [10/Apr/2025:15:18:39 -0400] "HEAD /home HTTP/1.1" 404 0 "-" "Mozilla/5.0 (Windows NT 10.0; Win64; x64) AppleWebKit/537.36 (KHTML, like Gecko) Chrome/74.0.3729.169 Safari/537.36"
143.110.178.179 - - [10/Apr/2025:15:44:17 -0400] "GET / HTTP/1.1" 200 211200 "-" "Mozilla/5.0 (compatible)"
198.54.114.83 - - [10/Apr/2025:15:47:27 -0400] "POST /wp-cron.php?doing_wp_cron=1744314446.8125209808349609375000 HTTP/1.1" 200 0 "-" "WordPress/6.7.2; https://theswadeshbazzar.com"
195.200.17.28 - - [10/Apr/2025:15:47:18 -0400] "GET /wp-login.php HTTP/1.1" 302 0 "-" "Mozilla/5.0 (Macintosh; Intel Mac OS X 10_15_7) AppleWebKit/605.1.15"
195.200.17.28 - - [10/Apr/2025:15:47:32 -0400] "POST /wp-login.php HTTP/1.1" 200 0 "-" "Mozilla/5.0 (Macintosh; Intel Mac OS X 10_15_7) AppleWebKit/605.1.15"
85.208.98.23 - - [10/Apr/2025:16:15:26 -0400] "GET /robots.txt HTTP/1.1" 304 0 "-" "Mozilla/5.0 (compatible; SemrushBot-BA; +http://www.semrush.com/bot.html)"
61.130.144.178 - - [10/Apr/2025:16:31:59 -0400] "GET /e/data/ecmseditor/infoeditor/plugins/smiley/images/angel_smile.png HTTP/1.1" 404 1251 "http://theswadeshbazzar.com" "Mozilla/5.0 (compatible; YodaoBot/1.0; http://www.yodao.com/help/webmaster/spider/\xa1\xb1; )"
61.130.144.178 - - [10/Apr/2025:16:32:03 -0400] "GET /e/data/js/jscolor/hs.png HTTP/1.1" 404 1251 "http://theswadeshbazzar.com" "iaskspider/2.0(+http://iask.com/help/help_index.html\xa1\xb1)"
216.244.66.196 - - [10/Apr/2025:16:37:51 -0400] "GET /robots.txt HTTP/1.1" 304 0 "-" "Mozilla/5.0 (compatible; DotBot/1.2; +https://opensiteexplorer.org/dotbot; help@moz.com)"
125.94.144.102 - - [10/Apr/2025:16:45:46 -0400] "GET / HTTP/1.1" 200 211200 "-" "Mozilla/5.0 (iPhone; CPU iPhone OS 13_2_3 like Mac OS X) AppleWebKit/605.1.15 (KHTML, like Gecko) Version/13.0.3 Mobile/15E148 Safari/604.1"
114.119.139.128 - - [10/Apr/2025:17:07:35 -0400] "GET /robots.txt HTTP/1.1" 304 0 "-" "Mozilla/5.0 (compatible;PetalBot;+https://webmaster.petalsearch.com/site/petalbot)"
216.244.66.196 - - [10/Apr/2025:17:36:34 -0400] "GET /how-important-is-spelling-and-grammar-in-business/ HTTP/1.1" 404 1251 "-" "Mozilla/5.0 (compatible; DotBot/1.2; +https://opensiteexplorer.org/dotbot; help@moz.com)"
216.244.66.196 - - [10/Apr/2025:17:36:37 -0400] "GET /leasing-dubai-property-its-sunshine-time-for-tenants/ HTTP/1.1" 404 1251 "-" "Mozilla/5.0 (compatible; DotBot/1.2; +https://opensiteexplorer.org/dotbot; help@moz.com)"
216.244.66.196 - - [10/Apr/2025:17:43:16 -0400] "GET /the-benefits-of-runner-rugs/ HTTP/1.1" 404 1251 "-" "Mozilla/5.0 (compatible; DotBot/1.2; +https://opensiteexplorer.org/dotbot; help@moz.com)"
216.244.66.196 - - [10/Apr/2025:18:09:27 -0400] "GET /robots.txt HTTP/1.1" 304 0 "-" "Mozilla/5.0 (compatible; DotBot/1.2; +https://opensiteexplorer.org/dotbot; help@moz.com)"
62.113.118.168 - - [10/Apr/2025:18:19:23 -0400] "GET /mk-bags-for-sale/ HTTP/1.1" 404 1251 "http://theswadeshbazzar.com/mk-bags-for-sale/#comment-41382" "Mozilla/5.0 (Windows NT 10.0; Win64; x64) AppleWebKit/537.36 (KHTML, like Gecko) Chrome/130.0.0.0 Safari/537.36 CCleaner/130.0.0.0"
62.113.118.168 - - [10/Apr/2025:18:19:24 -0400] "GET / HTTP/1.1" 200 211200 "http://theswadeshbazzar.com/" "Mozilla/5.0 (Windows NT 10.0; Win64; x64) AppleWebKit/537.36 (KHTML, like Gecko) Chrome/130.0.0.0 Safari/537.36 CCleaner/130.0.0.0"
20.14.159.240 - - [10/Apr/2025:18:48:09 -0400] "HEAD /wordpress HTTP/1.1" 404 0 "-" "Mozilla/5.0 (Windows NT 10.0; Win64; x64) AppleWebKit/537.36 (KHTML, like Gecko) Chrome/74.0.3729.169 Safari/537.36"
20.14.159.240 - - [10/Apr/2025:18:48:10 -0400] "HEAD / HTTP/1.1" 200 0 "-" "Mozilla/5.0 (Windows NT 10.0; Win64; x64) AppleWebKit/537.36 (KHTML, like Gecko) Chrome/74.0.3729.169 Safari/537.36"
20.14.159.240 - - [10/Apr/2025:18:48:11 -0400] "HEAD /wp HTTP/1.1" 404 0 "-" "Mozilla/5.0 (Windows NT 10.0; Win64; x64) AppleWebKit/537.36 (KHTML, like Gecko) Chrome/74.0.3729.169 Safari/537.36"
20.14.159.240 - - [10/Apr/2025:18:48:11 -0400] "HEAD /bc HTTP/1.1" 404 0 "-" "Mozilla/5.0 (Windows NT 10.0; Win64; x64) AppleWebKit/537.36 (KHTML, like Gecko) Chrome/74.0.3729.169 Safari/537.36"
20.14.159.240 - - [10/Apr/2025:18:48:11 -0400] "HEAD /bk HTTP/1.1" 404 0 "-" "Mozilla/5.0 (Windows NT 10.0; Win64; x64) AppleWebKit/537.36 (KHTML, like Gecko) Chrome/74.0.3729.169 Safari/537.36"
20.14.159.240 - - [10/Apr/2025:18:48:11 -0400] "HEAD /backup HTTP/1.1" 404 0 "-" "Mozilla/5.0 (Windows NT 10.0; Win64; x64) AppleWebKit/537.36 (KHTML, like Gecko) Chrome/74.0.3729.169 Safari/537.36"
20.14.159.240 - - [10/Apr/2025:18:48:11 -0400] "HEAD /old HTTP/1.1" 404 0 "-" "Mozilla/5.0 (Windows NT 10.0; Win64; x64) AppleWebKit/537.36 (KHTML, like Gecko) Chrome/74.0.3729.169 Safari/537.36"
20.14.159.240 - - [10/Apr/2025:18:48:12 -0400] "HEAD /new HTTP/1.1" 404 0 "-" "Mozilla/5.0 (Windows NT 10.0; Win64; x64) AppleWebKit/537.36 (KHTML, like Gecko) Chrome/74.0.3729.169 Safari/537.36"
20.14.159.240 - - [10/Apr/2025:18:48:12 -0400] "HEAD /main HTTP/1.1" 404 0 "-" "Mozilla/5.0 (Windows NT 10.0; Win64; x64) AppleWebKit/537.36 (KHTML, like Gecko) Chrome/74.0.3729.169 Safari/537.36"
20.14.159.240 - - [10/Apr/2025:18:48:12 -0400] "HEAD /home HTTP/1.1" 404 0 "-" "Mozilla/5.0 (Windows NT 10.0; Win64; x64) AppleWebKit/537.36 (KHTML, like Gecko) Chrome/74.0.3729.169 Safari/537.36"
43.207.202.139 - - [10/Apr/2025:18:52:23 -0400] "GET /wp-login.php HTTP/1.1" 302 0 "-" "Mozilla/5.0 (Windows NT 10.0; Win64; x64) AppleWebKit/537.36 (KHTML, like Gecko) Chrome/87.0.4280.141 Safari/537.36"
198.54.114.83 - - [10/Apr/2025:18:52:31 -0400] "POST /wp-cron.php?doing_wp_cron=1744325549.5478060245513916015625 HTTP/1.1" 200 0 "-" "WordPress/6.7.2; https://theswadeshbazzar.com"
43.207.202.139 - - [10/Apr/2025:18:52:35 -0400] "GET /wp-login.php HTTP/1.1" 302 0 "-" "Mozilla/5.0 (Windows NT 10.0; Win64; x64) AppleWebKit/537.36 (KHTML, like Gecko) Chrome/87.0.4280.141 Safari/537.36"
43.207.202.139 - - [10/Apr/2025:18:52:40 -0400] "POST /wp-login.php HTTP/1.1" 302 0 "-" "Mozilla/5.0 (Windows NT 10.0; Win64; x64) AppleWebKit/537.36 (KHTML, like Gecko) Chrome/87.0.4280.141 Safari/537.36"
3.239.117.170 - - [10/Apr/2025:18:56:09 -0400] "GET / HTTP/1.1" 200 211200 "-" "Mozilla/5.0 (Windows NT 10.0; Win64; x64) AppleWebKit/537.36 (KHTML, like Gecko) Chrome/90.0.4430.85 Safari/537.36"
3.239.117.170 - - [10/Apr/2025:18:56:12 -0400] "GET / HTTP/1.1" 200 211200 "-" "Mozilla/5.0 (Windows NT 10.0; Win64; x64) AppleWebKit/537.36 (KHTML, like Gecko) Chrome/90.0.4430.85 Safari/537.36"
3.239.117.170 - - [10/Apr/2025:18:56:15 -0400] "GET /wp-includes/wlwmanifest.xml HTTP/1.1" 404 1251 "-" "Mozilla/5.0 (Windows NT 10.0; Win64; x64) AppleWebKit/537.36 (KHTML, like Gecko) Chrome/90.0.4430.85 Safari/537.36"
3.239.117.170 - - [10/Apr/2025:18:56:18 -0400] "GET / HTTP/1.1" 200 211200 "-" "Mozilla/5.0 (Windows NT 10.0; Win64; x64) AppleWebKit/537.36 (KHTML, like Gecko) Chrome/90.0.4430.85 Safari/537.36"
3.239.117.170 - - [10/Apr/2025:18:56:20 -0400] "GET /blog/wp-includes/wlwmanifest.xml HTTP/1.1" 404 1251 "-" "Mozilla/5.0 (Windows NT 10.0; Win64; x64) AppleWebKit/537.36 (KHTML, like Gecko) Chrome/90.0.4430.85 Safari/537.36"
3.239.117.170 - - [10/Apr/2025:18:56:22 -0400] "GET /web/wp-includes/wlwmanifest.xml HTTP/1.1" 404 1251 "-" "Mozilla/5.0 (Windows NT 10.0; Win64; x64) AppleWebKit/537.36 (KHTML, like Gecko) Chrome/90.0.4430.85 Safari/537.36"
3.239.117.170 - - [10/Apr/2025:18:56:23 -0400] "GET /wordpress/wp-includes/wlwmanifest.xml HTTP/1.1" 404 1251 "-" "Mozilla/5.0 (Windows NT 10.0; Win64; x64) AppleWebKit/537.36 (KHTML, like Gecko) Chrome/90.0.4430.85 Safari/537.36"
3.239.117.170 - - [10/Apr/2025:18:56:25 -0400] "GET /website/wp-includes/wlwmanifest.xml HTTP/1.1" 404 1251 "-" "Mozilla/5.0 (Windows NT 10.0; Win64; x64) AppleWebKit/537.36 (KHTML, like Gecko) Chrome/90.0.4430.85 Safari/537.36"
3.239.117.170 - - [10/Apr/2025:18:56:26 -0400] "GET /wp/wp-includes/wlwmanifest.xml HTTP/1.1" 404 1251 "-" "Mozilla/5.0 (Windows NT 10.0; Win64; x64) AppleWebKit/537.36 (KHTML, like Gecko) Chrome/90.0.4430.85 Safari/537.36"
3.239.117.170 - - [10/Apr/2025:18:56:27 -0400] "GET /news/wp-includes/wlwmanifest.xml HTTP/1.1" 404 1251 "-" "Mozilla/5.0 (Windows NT 10.0; Win64; x64) AppleWebKit/537.36 (KHTML, like Gecko) Chrome/90.0.4430.85 Safari/537.36"
3.239.117.170 - - [10/Apr/2025:18:56:29 -0400] "GET /2018/wp-includes/wlwmanifest.xml HTTP/1.1" 404 1251 "-" "Mozilla/5.0 (Windows NT 10.0; Win64; x64) AppleWebKit/537.36 (KHTML, like Gecko) Chrome/90.0.4430.85 Safari/537.36"
3.239.117.170 - - [10/Apr/2025:18:56:31 -0400] "GET /2019/wp-includes/wlwmanifest.xml HTTP/1.1" 404 1251 "-" "Mozilla/5.0 (Windows NT 10.0; Win64; x64) AppleWebKit/537.36 (KHTML, like Gecko) Chrome/90.0.4430.85 Safari/537.36"
3.239.117.170 - - [10/Apr/2025:18:56:32 -0400] "GET /shop/wp-includes/wlwmanifest.xml HTTP/1.1" 404 1251 "-" "Mozilla/5.0 (Windows NT 10.0; Win64; x64) AppleWebKit/537.36 (KHTML, like Gecko) Chrome/90.0.4430.85 Safari/537.36"
3.239.117.170 - - [10/Apr/2025:18:56:33 -0400] "GET /wp1/wp-includes/wlwmanifest.xml HTTP/1.1" 404 1251 "-" "Mozilla/5.0 (Windows NT 10.0; Win64; x64) AppleWebKit/537.36 (KHTML, like Gecko) Chrome/90.0.4430.85 Safari/537.36"
3.239.117.170 - - [10/Apr/2025:18:56:34 -0400] "GET /test/wp-includes/wlwmanifest.xml HTTP/1.1" 404 1251 "-" "Mozilla/5.0 (Windows NT 10.0; Win64; x64) AppleWebKit/537.36 (KHTML, like Gecko) Chrome/90.0.4430.85 Safari/537.36"
3.239.117.170 - - [10/Apr/2025:18:56:35 -0400] "GET /media/wp-includes/wlwmanifest.xml HTTP/1.1" 404 1251 "-" "Mozilla/5.0 (Windows NT 10.0; Win64; x64) AppleWebKit/537.36 (KHTML, like Gecko) Chrome/90.0.4430.85 Safari/537.36"
3.239.117.170 - - [10/Apr/2025:18:56:36 -0400] "GET /wp2/wp-includes/wlwmanifest.xml HTTP/1.1" 404 1251 "-" "Mozilla/5.0 (Windows NT 10.0; Win64; x64) AppleWebKit/537.36 (KHTML, like Gecko) Chrome/90.0.4430.85 Safari/537.36"
3.239.117.170 - - [10/Apr/2025:18:56:38 -0400] "GET /site/wp-includes/wlwmanifest.xml HTTP/1.1" 404 1251 "-" "Mozilla/5.0 (Windows NT 10.0; Win64; x64) AppleWebKit/537.36 (KHTML, like Gecko) Chrome/90.0.4430.85 Safari/537.36"
3.239.117.170 - - [10/Apr/2025:18:56:38 -0400] "GET /cms/wp-includes/wlwmanifest.xml HTTP/1.1" 404 1251 "-" "Mozilla/5.0 (Windows NT 10.0; Win64; x64) AppleWebKit/537.36 (KHTML, like Gecko) Chrome/90.0.4430.85 Safari/537.36"
3.239.117.170 - - [10/Apr/2025:18:56:39 -0400] "GET /sito/wp-includes/wlwmanifest.xml HTTP/1.1" 404 1251 "-" "Mozilla/5.0 (Windows NT 10.0; Win64; x64) AppleWebKit/537.36 (KHTML, like Gecko) Chrome/90.0.4430.85 Safari/537.36"
216.244.66.196 - - [10/Apr/2025:18:58:18 -0400] "GET /robots.txt HTTP/1.1" 304 0 "-" "Mozilla/5.0 (compatible; DotBot/1.2; +https://opensiteexplorer.org/dotbot; help@moz.com)"
216.244.66.196 - - [10/Apr/2025:19:14:32 -0400] "GET /insurance-broker/ HTTP/1.1" 404 1251 "-" "Mozilla/5.0 (compatible; DotBot/1.2; +https://opensiteexplorer.org/dotbot; help@moz.com)"
172.98.32.71 - - [10/Apr/2025:19:30:03 -0400] "GET /bugz.php HTTP/1.1" 404 1251 "-" "Go-http-client/1.1"
172.98.32.71 - - [10/Apr/2025:19:30:07 -0400] "GET /cjfuns.php HTTP/1.1" 404 1251 "-" "Go-http-client/1.1"
172.98.32.71 - - [10/Apr/2025:19:30:09 -0400] "GET /go.php HTTP/1.1" 404 1251 "-" "Go-http-client/1.1"
172.98.32.71 - - [10/Apr/2025:19:30:11 -0400] "GET /indec.php HTTP/1.1" 404 1251 "-" "Go-http-client/1.1"
172.98.32.71 - - [10/Apr/2025:19:30:13 -0400] "GET /contact.php HTTP/1.1" 404 1251 "-" "Go-http-client/1.1"
172.98.32.71 - - [10/Apr/2025:19:30:16 -0400] "GET /wp-content/plugins/wp-super-cache/wp-cache-pointer.php HTTP/1.1" 404 1251 "-" "Go-http-client/1.1"
172.98.32.71 - - [10/Apr/2025:19:30:17 -0400] "GET /wp-content/plugins/js_composer/vc_classmap.json-list.php HTTP/1.1" 404 1251 "-" "Go-http-client/1.1"
