68.154.21.221 - - [08/Apr/2025:21:37:49 -0400] "HEAD /wp HTTP/1.1" 404 0 "-" "Mozilla/5.0 (Windows NT 10.0; Win64; x64) AppleWebKit/537.36 (KHTML, like Gecko) Chrome/74.0.3729.169 Safari/537.36"
68.154.21.221 - - [08/Apr/2025:21:37:49 -0400] "HEAD /bc HTTP/1.1" 404 0 "-" "Mozilla/5.0 (Windows NT 10.0; Win64; x64) AppleWebKit/537.36 (KHTML, like Gecko) Chrome/74.0.3729.169 Safari/537.36"
68.154.21.221 - - [08/Apr/2025:21:37:50 -0400] "HEAD /bk HTTP/1.1" 404 0 "-" "Mozilla/5.0 (Windows NT 10.0; Win64; x64) AppleWebKit/537.36 (KHTML, like Gecko) Chrome/74.0.3729.169 Safari/537.36"
68.154.21.221 - - [08/Apr/2025:21:37:52 -0400] "HEAD /backup HTTP/1.1" 404 0 "-" "Mozilla/5.0 (Windows NT 10.0; Win64; x64) AppleWebKit/537.36 (KHTML, like Gecko) Chrome/74.0.3729.169 Safari/537.36"
68.154.21.221 - - [08/Apr/2025:21:37:53 -0400] "HEAD /old HTTP/1.1" 404 0 "-" "Mozilla/5.0 (Windows NT 10.0; Win64; x64) AppleWebKit/537.36 (KHTML, like Gecko) Chrome/74.0.3729.169 Safari/537.36"
68.154.21.221 - - [08/Apr/2025:21:37:53 -0400] "HEAD /new HTTP/1.1" 404 0 "-" "Mozilla/5.0 (Windows NT 10.0; Win64; x64) AppleWebKit/537.36 (KHTML, like Gecko) Chrome/74.0.3729.169 Safari/537.36"
68.154.21.221 - - [08/Apr/2025:21:37:55 -0400] "HEAD /main HTTP/1.1" 404 0 "-" "Mozilla/5.0 (Windows NT 10.0; Win64; x64) AppleWebKit/537.36 (KHTML, like Gecko) Chrome/74.0.3729.169 Safari/537.36"
68.154.21.221 - - [08/Apr/2025:21:37:56 -0400] "HEAD /home HTTP/1.1" 404 0 "-" "Mozilla/5.0 (Windows NT 10.0; Win64; x64) AppleWebKit/537.36 (KHTML, like Gecko) Chrome/74.0.3729.169 Safari/537.36"
216.244.66.196 - - [08/Apr/2025:21:45:14 -0400] "GET /robots.txt HTTP/1.1" 304 0 "-" "Mozilla/5.0 (compatible; DotBot/1.2; +https://opensiteexplorer.org/dotbot; help@moz.com)"
199.244.88.230 - - [08/Apr/2025:22:13:04 -0400] "GET / HTTP/1.1" 200 211200 "-" "Mozilla/5.0 (X11; Linux x86_64) AppleWebKit/537.36 (KHTML, like Gecko) Chrome/105.0.0.0 Safari/537.36"
216.244.66.196 - - [08/Apr/2025:22:49:50 -0400] "GET /zahnimplantate-kunstliche-zahne-konnen-ihre-perspektive-verandern/ HTTP/1.1" 404 1251 "-" "Mozilla/5.0 (compatible; DotBot/1.2; +https://opensiteexplorer.org/dotbot; help@moz.com)"
196.251.80.228 - - [08/Apr/2025:23:16:37 -0400] "GET /wp-content/plugins/fix/up.php HTTP/1.1" 404 1251 "-" "Mozilla/5.0 (Windows NT 10.0; Win64; x64) AppleWebKit/537.36 (KHTML, like Gecko) Chrome/85.0.4183.102 Safari/537.36"
196.251.80.228 - - [08/Apr/2025:23:16:37 -0400] "GET /wp-content/themes/seotheme/db.php?u HTTP/1.1" 404 1251 "www.google.com" "Mozlila/5.0 (Linux; Android 7.0; SM-G892A Bulid/NRD90M; wv) AppleWebKit/537.36 (KHTML, like Gecko) Version/4.0 Chrome/60.0.3112.107 Moblie Safari/537.36"
196.251.80.228 - - [08/Apr/2025:23:16:37 -0400] "POST /wp-plain.php HTTP/1.1" 404 1251 "www.google.com" "Mozilla/5.0 (Linux; Android 7.0; SM-G892A Bulid/NRD90M; wv) AppleWebKit/537.36 (KHTML, like Gecko) Version/4.0 Chrome/60.0.3112.107 Moblie Safari/537.36"
196.251.80.228 - - [08/Apr/2025:23:16:37 -0400] "POST /ALFA_DATA/alfacgiapi/perl.alfa HTTP/1.1" 404 1251 "www.google.com" "Mozlila/5.0 (Linux; Android 7.0; SM-G892A Bulid/NRD90M; wv) AppleWebKit/537.36 (KHTML, like Gecko) Version/4.0 Chrome/60.0.3112.107 Moblie Safari/537.36"
196.251.80.228 - - [08/Apr/2025:23:16:37 -0400] "GET / HTTP/1.1" 200 211200 "-" "Mozlila/5.0 (Linux; Android 7.0; SM-G892A Bulid/NRD90M; wv) AppleWebKit/537.36 (KHTML, like Gecko) Version/4.0 Chrome/60.0.3112.107 Moblie Safari/537.36"
196.251.80.228 - - [08/Apr/2025:23:16:37 -0400] "GET /qqvmpdoc.php?Fox=d3wL7 HTTP/1.1" 404 1251 "www.google.com" "Mozilla/5.0 (Linux; Android 7.0; SM-G892A Bulid/NRD90M; wv) AppleWebKit/537.36 (KHTML, like Gecko) Version/4.0 Chrome/60.0.3112.107 Moblie Safari/537.36"
196.251.80.228 - - [08/Apr/2025:23:16:37 -0400] "POST /alfacgiapi/perl.alfa HTTP/1.1" 404 1251 "www.google.com" "Mozlila/5.0 (Linux; Android 7.0; SM-G892A Bulid/NRD90M; wv) AppleWebKit/537.36 (KHTML, like Gecko) Version/4.0 Chrome/60.0.3112.107 Moblie Safari/537.36"
216.244.66.196 - - [08/Apr/2025:23:22:16 -0400] "GET /robots.txt HTTP/1.1" 304 0 "-" "Mozilla/5.0 (compatible; DotBot/1.2; +https://opensiteexplorer.org/dotbot; help@moz.com)"
104.223.5.73 - - [08/Apr/2025:23:29:27 -0400] "GET /lib/webuploader/0.1.5/server/preview.php HTTP/1.1" 404 1251 "-" "Mozilla/5.0 (Windows NT 10.0; Win64; x64) AppleWebKit/537.36 (KHTML, like Gecko) Chrome/90.0.4430.85 Safari/537.36"
104.223.5.73 - - [08/Apr/2025:23:29:29 -0400] "GET /Public/static/lib/webuploader/0.1.5/server/preview.php HTTP/1.1" 404 1251 "-" "Mozilla/5.0 (Windows NT 10.0; Win64; x64) AppleWebKit/537.36 (KHTML, like Gecko) Chrome/90.0.4430.85 Safari/537.36"
52.172.143.149 - - [08/Apr/2025:23:32:46 -0400] "GET /wp-admin/css/ HTTP/1.1" 403 1242 "binance.com" "Mozilla/5.0 (Windows NT 10.0; Win64; x64) AppleWebKit/537.36 (KHTML, like Gecko) Chrome/90.0.4430.85 Safari/537.36"
216.244.66.196 - - [08/Apr/2025:23:45:40 -0400] "GET /tattoo-ideas-for-men-find-inspiration-for-your-body-art/ HTTP/1.1" 404 1251 "-" "Mozilla/5.0 (compatible; DotBot/1.2; +https://opensiteexplorer.org/dotbot; help@moz.com)"
198.54.114.83 - - [09/Apr/2025:00:09:33 -0400] "POST /wp-cron.php?doing_wp_cron=1744171773.4027590751647949218750 HTTP/1.1" 200 0 "-" "WordPress/6.7.2; https://theswadeshbazzar.com"
45.157.54.86 - - [09/Apr/2025:00:09:28 -0400] "POST /xmlrpc.php HTTP/1.1" 200 212 "-" "Mozilla/5.0 (Windows NT 10.0; Win64; x64) AppleWebKit/537.36 (KHTML, like Gecko) Chrome/127.0.0.0 Safari/537.36"
45.157.54.86 - - [09/Apr/2025:00:09:36 -0400] "POST /xmlrpc.php HTTP/1.1" 200 212 "-" "Mozilla/5.0 (Windows NT 10.0; Win64; x64) AppleWebKit/537.36 (KHTML, like Gecko) Chrome/127.0.0.0 Safari/537.36"
216.244.66.196 - - [09/Apr/2025:00:12:23 -0400] "GET /robots.txt HTTP/1.1" 304 0 "-" "Mozilla/5.0 (compatible; DotBot/1.2; +https://opensiteexplorer.org/dotbot; help@moz.com)"
216.244.66.196 - - [09/Apr/2025:01:14:32 -0400] "GET /robots.txt HTTP/1.1" 304 0 "-" "Mozilla/5.0 (compatible; DotBot/1.2; +https://opensiteexplorer.org/dotbot; help@moz.com)"
85.208.98.23 - - [09/Apr/2025:01:33:05 -0400] "GET /robots.txt HTTP/1.1" 304 0 "-" "Mozilla/5.0 (compatible; SemrushBot-BA; +http://www.semrush.com/bot.html)"
216.244.66.196 - - [09/Apr/2025:01:39:39 -0400] "GET /prescription-wrinkle-cream-the-answer-to-aging-skin/ HTTP/1.1" 404 1251 "-" "Mozilla/5.0 (compatible; DotBot/1.2; +https://opensiteexplorer.org/dotbot; help@moz.com)"
172.200.76.239 - - [09/Apr/2025:01:54:43 -0400] "HEAD /wordpress HTTP/1.1" 404 0 "-" "Mozilla/5.0 (Windows NT 10.0; Win64; x64) AppleWebKit/537.36 (KHTML, like Gecko) Chrome/74.0.3729.169 Safari/537.36"
172.200.76.239 - - [09/Apr/2025:01:54:44 -0400] "HEAD / HTTP/1.1" 200 0 "-" "Mozilla/5.0 (Windows NT 10.0; Win64; x64) AppleWebKit/537.36 (KHTML, like Gecko) Chrome/74.0.3729.169 Safari/537.36"
172.200.76.239 - - [09/Apr/2025:01:54:45 -0400] "HEAD /wp HTTP/1.1" 404 0 "-" "Mozilla/5.0 (Windows NT 10.0; Win64; x64) AppleWebKit/537.36 (KHTML, like Gecko) Chrome/74.0.3729.169 Safari/537.36"
172.200.76.239 - - [09/Apr/2025:01:54:48 -0400] "HEAD /bc HTTP/1.1" 404 0 "-" "Mozilla/5.0 (Windows NT 10.0; Win64; x64) AppleWebKit/537.36 (KHTML, like Gecko) Chrome/74.0.3729.169 Safari/537.36"
172.200.76.239 - - [09/Apr/2025:01:54:49 -0400] "HEAD /bk HTTP/1.1" 404 0 "-" "Mozilla/5.0 (Windows NT 10.0; Win64; x64) AppleWebKit/537.36 (KHTML, like Gecko) Chrome/74.0.3729.169 Safari/537.36"
172.200.76.239 - - [09/Apr/2025:01:54:52 -0400] "HEAD /backup HTTP/1.1" 404 0 "-" "Mozilla/5.0 (Windows NT 10.0; Win64; x64) AppleWebKit/537.36 (KHTML, like Gecko) Chrome/74.0.3729.169 Safari/537.36"
172.200.76.239 - - [09/Apr/2025:01:54:54 -0400] "HEAD /old HTTP/1.1" 404 0 "-" "Mozilla/5.0 (Windows NT 10.0; Win64; x64) AppleWebKit/537.36 (KHTML, like Gecko) Chrome/74.0.3729.169 Safari/537.36"
172.200.76.239 - - [09/Apr/2025:01:54:55 -0400] "HEAD /new HTTP/1.1" 404 0 "-" "Mozilla/5.0 (Windows NT 10.0; Win64; x64) AppleWebKit/537.36 (KHTML, like Gecko) Chrome/74.0.3729.169 Safari/537.36"
172.200.76.239 - - [09/Apr/2025:01:54:55 -0400] "HEAD /main HTTP/1.1" 404 0 "-" "Mozilla/5.0 (Windows NT 10.0; Win64; x64) AppleWebKit/537.36 (KHTML, like Gecko) Chrome/74.0.3729.169 Safari/537.36"
172.200.76.239 - - [09/Apr/2025:01:54:55 -0400] "HEAD /home HTTP/1.1" 404 0 "-" "Mozilla/5.0 (Windows NT 10.0; Win64; x64) AppleWebKit/537.36 (KHTML, like Gecko) Chrome/74.0.3729.169 Safari/537.36"
216.244.66.196 - - [09/Apr/2025:02:19:15 -0400] "GET /baton-rouge-roofing-contractors/ HTTP/1.1" 404 1251 "-" "Mozilla/5.0 (compatible; DotBot/1.2; +https://opensiteexplorer.org/dotbot; help@moz.com)"
111.172.249.49 - - [09/Apr/2025:02:19:57 -0400] "GET / HTTP/1.1" 200 211200 "-" "Mozilla/5.0 (iPhone; CPU iPhone OS 13_2_3 like Mac OS X) AppleWebKit/605.1.15 (KHTML, like Gecko) Version/13.0.3 Mobile/15E148 Safari/604.1"
82.102.18.118 - - [09/Apr/2025:02:46:39 -0400] "GET / HTTP/1.1" 200 211200 "-" "Mozilla/5.0 (Windows NT 10.0; Win64; x64) AppleWebKit/537.36 (KHTML, like Gecko) Chrome/78.0.3904.108 Safari/537.36"
82.102.18.118 - - [09/Apr/2025:02:46:40 -0400] "GET / HTTP/1.1" 200 211200 "-" "Mozilla/5.0 (Windows NT 10.0; Win64; x64) AppleWebKit/537.36 (KHTML, like Gecko) Chrome/78.0.3904.108 Safari/537.36"
82.102.18.118 - - [09/Apr/2025:02:46:40 -0400] "GET /wp-includes/wlwmanifest.xml HTTP/1.1" 404 1251 "-" "Mozilla/5.0 (Windows NT 10.0; Win64; x64) AppleWebKit/537.36 (KHTML, like Gecko) Chrome/78.0.3904.108 Safari/537.36"
198.54.114.83 - - [09/Apr/2025:02:46:44 -0400] "POST /wp-cron.php?doing_wp_cron=1744181204.6680259704589843750000 HTTP/1.1" 200 0 "-" "WordPress/6.7.2; https://theswadeshbazzar.com"
82.102.18.118 - - [09/Apr/2025:02:46:41 -0400] "GET /xmlrpc.php?rsd HTTP/1.1" 200 311 "-" "Mozilla/5.0 (Windows NT 10.0; Win64; x64) AppleWebKit/537.36 (KHTML, like Gecko) Chrome/78.0.3904.108 Safari/537.36"
82.102.18.118 - - [09/Apr/2025:02:46:45 -0400] "GET /?author=1 HTTP/1.1" 200 211200 "-" "Mozilla/5.0 (Windows NT 10.0; Win64; x64) AppleWebKit/537.36 (KHTML, like Gecko) Chrome/78.0.3904.108 Safari/537.36"
82.102.18.118 - - [09/Apr/2025:02:46:46 -0400] "GET /?author=2 HTTP/1.1" 200 211200 "-" "Mozilla/5.0 (Windows NT 10.0; Win64; x64) AppleWebKit/537.36 (KHTML, like Gecko) Chrome/78.0.3904.108 Safari/537.36"
82.102.18.118 - - [09/Apr/2025:02:46:47 -0400] "GET /wp-json/wp/v2/users/ HTTP/1.1" 404 1251 "-" "Mozilla/5.0 (Windows NT 10.0; Win64; x64) AppleWebKit/537.36 (KHTML, like Gecko) Chrome/78.0.3904.108 Safari/537.36"
82.102.18.118 - - [09/Apr/2025:02:46:47 -0400] "GET /wp-json/oembed/1.0/embed?url=http://theswadeshbazzar.com HTTP/1.1" 404 1251 "-" "Mozilla/5.0 (Windows NT 10.0; Win64; x64) AppleWebKit/537.36 (KHTML, like Gecko) Chrome/78.0.3904.108 Safari/537.36"
82.102.18.118 - - [09/Apr/2025:02:46:47 -0400] "POST /xmlrpc.php HTTP/1.1" 200 236 "-" "Mozilla/5.0 (Windows NT 10.0; Win64; x64) AppleWebKit/537.36 (KHTML, like Gecko) Chrome/78.0.3904.108 Safari/537.36"
82.102.18.118 - - [09/Apr/2025:02:46:48 -0400] "POST /xmlrpc.php HTTP/1.1" 200 236 "-" "Mozilla/5.0 (Windows NT 10.0; Win64; x64) AppleWebKit/537.36 (KHTML, like Gecko) Chrome/78.0.3904.108 Safari/537.36"
82.102.18.118 - - [09/Apr/2025:02:46:49 -0400] "POST /xmlrpc.php HTTP/1.1" 200 236 "-" "Mozilla/5.0 (Windows NT 10.0; Win64; x64) AppleWebKit/537.36 (KHTML, like Gecko) Chrome/78.0.3904.108 Safari/537.36"
82.102.18.118 - - [09/Apr/2025:02:46:49 -0400] "POST /xmlrpc.php HTTP/1.1" 200 236 "-" "Mozilla/5.0 (Windows NT 10.0; Win64; x64) AppleWebKit/537.36 (KHTML, like Gecko) Chrome/78.0.3904.108 Safari/537.36"
82.102.18.118 - - [09/Apr/2025:02:46:50 -0400] "POST /xmlrpc.php HTTP/1.1" 200 236 "-" "Mozilla/5.0 (Windows NT 10.0; Win64; x64) AppleWebKit/537.36 (KHTML, like Gecko) Chrome/78.0.3904.108 Safari/537.36"
82.102.18.118 - - [09/Apr/2025:02:46:52 -0400] "POST /xmlrpc.php HTTP/1.1" 200 236 "-" "Mozilla/5.0 (Windows NT 10.0; Win64; x64) AppleWebKit/537.36 (KHTML, like Gecko) Chrome/78.0.3904.108 Safari/537.36"
216.244.66.196 - - [09/Apr/2025:02:47:47 -0400] "GET /robots.txt HTTP/1.1" 304 0 "-" "Mozilla/5.0 (compatible; DotBot/1.2; +https://opensiteexplorer.org/dotbot; help@moz.com)"
5.16.130.107 - - [09/Apr/2025:02:50:18 -0400] "GET /the-benefits-of-runner-rugs/ HTTP/1.1" 404 1251 "http://theswadeshbazzar.com/the-benefits-of-runner-rugs/" "Mozilla/5.0 (Windows NT 10.0; Win64; x64) AppleWebKit/537.36 (KHTML, like Gecko) Chrome/131.0.0.0 Safari/537.36 Avast/131.0.0.0"
5.16.130.107 - - [09/Apr/2025:02:50:20 -0400] "GET / HTTP/1.1" 200 211200 "http://theswadeshbazzar.com/" "Mozilla/5.0 (Windows NT 10.0; Win64; x64) AppleWebKit/537.36 (KHTML, like Gecko) Chrome/131.0.0.0 Safari/537.36 Avast/131.0.0.0"
196.251.118.109 - - [09/Apr/2025:03:09:05 -0400] "GET / HTTP/1.1" 200 211200 "-" "Mozilla/5.0 (Windows NT 10.0; Win64; x64) AppleWebKit/537.36 (KHTML, like Gecko) Chrome/88.0.4240.193 Safari/537.36"
196.251.118.109 - - [09/Apr/2025:03:09:08 -0400] "GET / HTTP/1.1" 200 211200 "-" "Mozilla/5.0 (Windows NT 10.0; Win64; x64) AppleWebKit/537.36 (KHTML, like Gecko) Chrome/88.0.4240.193 Safari/537.36"
196.251.118.109 - - [09/Apr/2025:03:09:12 -0400] "GET /wp-includes/wlwmanifest.xml HTTP/1.1" 404 1251 "-" "Mozilla/5.0 (Windows NT 10.0; Win64; x64) AppleWebKit/537.36 (KHTML, like Gecko) Chrome/88.0.4240.193 Safari/537.36"
198.54.114.83 - - [09/Apr/2025:03:09:23 -0400] "POST /wp-cron.php?doing_wp_cron=1744182561.7932729721069335937500 HTTP/1.1" 200 0 "-" "WordPress/6.7.2; https://theswadeshbazzar.com"
196.251.118.109 - - [09/Apr/2025:03:09:15 -0400] "GET /xmlrpc.php?rsd HTTP/1.1" 200 311 "-" "Mozilla/5.0 (Windows NT 10.0; Win64; x64) AppleWebKit/537.36 (KHTML, like Gecko) Chrome/88.0.4240.193 Safari/537.36"
196.251.118.109 - - [09/Apr/2025:03:09:26 -0400] "GET /?author=1 HTTP/1.1" 200 211200 "-" "Mozilla/5.0 (Windows NT 10.0; Win64; x64) AppleWebKit/537.36 (KHTML, like Gecko) Chrome/88.0.4240.193 Safari/537.36"
196.251.118.109 - - [09/Apr/2025:03:09:30 -0400] "GET /?author=2 HTTP/1.1" 200 211200 "-" "Mozilla/5.0 (Windows NT 10.0; Win64; x64) AppleWebKit/537.36 (KHTML, like Gecko) Chrome/88.0.4240.193 Safari/537.36"
196.251.118.109 - - [09/Apr/2025:03:09:35 -0400] "GET /?author=3 HTTP/1.1" 200 211200 "-" "Mozilla/5.0 (Windows NT 10.0; Win64; x64) AppleWebKit/537.36 (KHTML, like Gecko) Chrome/88.0.4240.193 Safari/537.36"
196.251.118.109 - - [09/Apr/2025:03:09:41 -0400] "GET /wp-json/wp/v2/users/ HTTP/1.1" 404 1251 "-" "Mozilla/5.0 (Windows NT 10.0; Win64; x64) AppleWebKit/537.36 (KHTML, like Gecko) Chrome/88.0.4240.193 Safari/537.36"
196.251.118.109 - - [09/Apr/2025:03:09:44 -0400] "GET /wp-json/oembed/1.0/embed?url=http://theswadeshbazzar.com HTTP/1.1" 404 1251 "-" "Mozilla/5.0 (Windows NT 10.0; Win64; x64) AppleWebKit/537.36 (KHTML, like Gecko) Chrome/88.0.4240.193 Safari/537.36"
196.251.118.109 - - [09/Apr/2025:03:09:48 -0400] "POST /xmlrpc.php HTTP/1.1" 200 212 "-" "Mozilla/5.0 (Windows NT 10.0; Win64; x64) AppleWebKit/537.36 (KHTML, like Gecko) Chrome/88.0.4240.193 Safari/537.36"
196.251.118.109 - - [09/Apr/2025:03:09:52 -0400] "POST /xmlrpc.php HTTP/1.1" 200 212 "-" "Mozilla/5.0 (Windows NT 10.0; Win64; x64) AppleWebKit/537.36 (KHTML, like Gecko) Chrome/88.0.4240.193 Safari/537.36"
196.251.118.109 - - [09/Apr/2025:03:10:03 -0400] "POST /xmlrpc.php HTTP/1.1" 200 236 "-" "Mozilla/5.0 (Windows NT 10.0; Win64; x64) AppleWebKit/537.36 (KHTML, like Gecko) Chrome/88.0.4240.193 Safari/537.36"
196.251.118.109 - - [09/Apr/2025:03:10:10 -0400] "POST /xmlrpc.php HTTP/1.1" 200 236 "-" "Mozilla/5.0 (Windows NT 10.0; Win64; x64) AppleWebKit/537.36 (KHTML, like Gecko) Chrome/88.0.4240.193 Safari/537.36"
196.251.118.109 - - [09/Apr/2025:03:10:16 -0400] "POST /xmlrpc.php HTTP/1.1" 200 212 "-" "Mozilla/5.0 (Windows NT 10.0; Win64; x64) AppleWebKit/537.36 (KHTML, like Gecko) Chrome/88.0.4240.193 Safari/537.36"
196.251.118.109 - - [09/Apr/2025:03:10:20 -0400] "POST /xmlrpc.php HTTP/1.1" 200 236 "-" "Mozilla/5.0 (Windows NT 10.0; Win64; x64) AppleWebKit/537.36 (KHTML, like Gecko) Chrome/88.0.4240.193 Safari/537.36"
216.244.66.196 - - [09/Apr/2025:03:33:48 -0400] "GET /robots.txt HTTP/1.1" 304 0 "-" "Mozilla/5.0 (compatible; DotBot/1.2; +https://opensiteexplorer.org/dotbot; help@moz.com)"
216.244.66.196 - - [09/Apr/2025:04:19:46 -0400] "GET /robots.txt HTTP/1.1" 200 23 "-" "Mozilla/5.0 (compatible; DotBot/1.2; +https://opensiteexplorer.org/dotbot; help@moz.com)"
216.244.66.196 - - [09/Apr/2025:04:49:04 -0400] "GET /beginning-a-versatile-washing-administration-in-tucson/ HTTP/1.1" 404 1251 "-" "Mozilla/5.0 (compatible; DotBot/1.2; +https://opensiteexplorer.org/dotbot; help@moz.com)"
216.244.66.196 - - [09/Apr/2025:05:04:42 -0400] "GET /robots.txt HTTP/1.1" 304 0 "-" "Mozilla/5.0 (compatible; DotBot/1.2; +https://opensiteexplorer.org/dotbot; help@moz.com)"
43.133.139.6 - - [09/Apr/2025:05:55:43 -0400] "GET / HTTP/1.1" 200 211200 "-" "Mozilla/5.0 (iPhone; CPU iPhone OS 13_2_3 like Mac OS X) AppleWebKit/605.1.15 (KHTML, like Gecko) Version/13.0.3 Mobile/15E148 Safari/604.1"
68.154.21.221 - - [09/Apr/2025:05:56:57 -0400] "HEAD /wordpress HTTP/1.1" 404 0 "-" "Mozilla/5.0 (Windows NT 10.0; Win64; x64) AppleWebKit/537.36 (KHTML, like Gecko) Chrome/74.0.3729.169 Safari/537.36"
68.154.21.221 - - [09/Apr/2025:05:56:58 -0400] "HEAD / HTTP/1.1" 200 0 "-" "Mozilla/5.0 (Windows NT 10.0; Win64; x64) AppleWebKit/537.36 (KHTML, like Gecko) Chrome/74.0.3729.169 Safari/537.36"
68.154.21.221 - - [09/Apr/2025:05:57:00 -0400] "HEAD /wp HTTP/1.1" 404 0 "-" "Mozilla/5.0 (Windows NT 10.0; Win64; x64) AppleWebKit/537.36 (KHTML, like Gecko) Chrome/74.0.3729.169 Safari/537.36"
68.154.21.221 - - [09/Apr/2025:05:57:01 -0400] "HEAD /bc HTTP/1.1" 404 0 "-" "Mozilla/5.0 (Windows NT 10.0; Win64; x64) AppleWebKit/537.36 (KHTML, like Gecko) Chrome/74.0.3729.169 Safari/537.36"
68.154.21.221 - - [09/Apr/2025:05:57:03 -0400] "HEAD /bk HTTP/1.1" 404 0 "-" "Mozilla/5.0 (Windows NT 10.0; Win64; x64) AppleWebKit/537.36 (KHTML, like Gecko) Chrome/74.0.3729.169 Safari/537.36"
68.154.21.221 - - [09/Apr/2025:05:57:04 -0400] "HEAD /backup HTTP/1.1" 404 0 "-" "Mozilla/5.0 (Windows NT 10.0; Win64; x64) AppleWebKit/537.36 (KHTML, like Gecko) Chrome/74.0.3729.169 Safari/537.36"
68.154.21.221 - - [09/Apr/2025:05:57:05 -0400] "HEAD /old HTTP/1.1" 404 0 "-" "Mozilla/5.0 (Windows NT 10.0; Win64; x64) AppleWebKit/537.36 (KHTML, like Gecko) Chrome/74.0.3729.169 Safari/537.36"
68.154.21.221 - - [09/Apr/2025:05:57:06 -0400] "HEAD /new HTTP/1.1" 404 0 "-" "Mozilla/5.0 (Windows NT 10.0; Win64; x64) AppleWebKit/537.36 (KHTML, like Gecko) Chrome/74.0.3729.169 Safari/537.36"
68.154.21.221 - - [09/Apr/2025:05:57:08 -0400] "HEAD /main HTTP/1.1" 404 0 "-" "Mozilla/5.0 (Windows NT 10.0; Win64; x64) AppleWebKit/537.36 (KHTML, like Gecko) Chrome/74.0.3729.169 Safari/537.36"
68.154.21.221 - - [09/Apr/2025:05:57:10 -0400] "HEAD /home HTTP/1.1" 404 0 "-" "Mozilla/5.0 (Windows NT 10.0; Win64; x64) AppleWebKit/537.36 (KHTML, like Gecko) Chrome/74.0.3729.169 Safari/537.36"
121.91.171.231 - - [09/Apr/2025:06:06:56 -0400] "GET /page/6?product_cat=mouth-freshner HTTP/1.1" 404 1251 "http://theswadeshbazzar.com/page/6?product_cat=mouth-freshner" "Mozilla/5.0 (Windows NT 10.0; Win64; x64) AppleWebKit/537.36 (KHTML, like Gecko) Chrome/101.0.4951.67 Safari/537.36"
216.244.66.196 - - [09/Apr/2025:06:35:26 -0400] "GET /robots.txt HTTP/1.1" 304 0 "-" "Mozilla/5.0 (compatible; DotBot/1.2; +https://opensiteexplorer.org/dotbot; help@moz.com)"
85.208.98.18 - - [09/Apr/2025:07:03:12 -0400] "GET /robots.txt HTTP/1.1" 200 0 "-" "Mozilla/5.0 (compatible; SemrushBot; +http://www.semrush.com/bot.html)"
85.208.98.18 - - [09/Apr/2025:07:03:14 -0400] "GET /robots.txt HTTP/1.1" 304 0 "-" "Mozilla/5.0 (compatible; SemrushBot; +http://www.semrush.com/bot.html)"
2602:fb54:94e:: - - [09/Apr/2025:07:12:50 -0400] "GET /adminfuns.php HTTP/1.1" 404 1251 "https://www.google.com" "Mozilla/5.0 (Windows NT 10.0; Win64; x64) AppleWebKit/537.36 (KHTML, like Gecko) Chrome/112.0.5615.138 Safari/537.36"
2602:fb54:94e:: - - [09/Apr/2025:07:12:52 -0400] "GET /siteheads.php HTTP/1.1" 404 1251 "https://www.google.com" "Mozilla/5.0 (Windows NT 10.0; Win64; x64) AppleWebKit/537.36 (KHTML, like Gecko) Chrome/112.0.5615.138 Safari/537.36"
2602:fb54:94e:: - - [09/Apr/2025:07:12:55 -0400] "GET /wp-content/siteheads.php HTTP/1.1" 404 1251 "https://www.google.com" "Mozilla/5.0 (Windows NT 10.0; Win64; x64) AppleWebKit/537.36 (KHTML, like Gecko) Chrome/112.0.5615.138 Safari/537.36"
2602:fb54:94e:: - - [09/Apr/2025:07:12:57 -0400] "GET /tempfuns.php HTTP/1.1" 404 1251 "https://www.google.com" "Mozilla/5.0 (Windows NT 10.0; Win64; x64) AppleWebKit/537.36 (KHTML, like Gecko) Chrome/112.0.5615.138 Safari/537.36"
2602:fb54:94e:: - - [09/Apr/2025:07:13:01 -0400] "GET /thoms.php HTTP/1.1" 404 1251 "https://www.google.com" "Mozilla/5.0 (Windows NT 10.0; Win64; x64) AppleWebKit/537.36 (KHTML, like Gecko) Chrome/112.0.5615.138 Safari/537.36"
2602:fb54:94e:: - - [09/Apr/2025:07:13:03 -0400] "GET /classfuns.php HTTP/1.1" 404 1251 "https://www.google.com" "Mozilla/5.0 (Windows NT 10.0; Win64; x64) AppleWebKit/537.36 (KHTML, like Gecko) Chrome/112.0.5615.138 Safari/537.36"
2602:fb54:94e:: - - [09/Apr/2025:07:13:05 -0400] "GET /userfuns.php HTTP/1.1" 404 1251 "https://www.google.com" "Mozilla/5.0 (Windows NT 10.0; Win64; x64) AppleWebKit/537.36 (KHTML, like Gecko) Chrome/112.0.5615.138 Safari/537.36"
2602:fb54:94e:: - - [09/Apr/2025:07:13:09 -0400] "GET /wp-content/hplfuns.php HTTP/1.1" 404 1251 "https://www.google.com" "Mozilla/5.0 (Windows NT 10.0; Win64; x64) AppleWebKit/537.36 (KHTML, like Gecko) Chrome/112.0.5615.138 Safari/537.36"
2602:fb54:94e:: - - [09/Apr/2025:07:13:11 -0400] "GET /wp-content/termps.php HTTP/1.1" 404 1251 "https://www.google.com" "Mozilla/5.0 (Windows NT 10.0; Win64; x64) AppleWebKit/537.36 (KHTML, like Gecko) Chrome/112.0.5615.138 Safari/537.36"
2602:fb54:94e:: - - [09/Apr/2025:07:13:15 -0400] "GET /termps.php HTTP/1.1" 404 1251 "https://www.google.com" "Mozilla/5.0 (Windows NT 10.0; Win64; x64) AppleWebKit/537.36 (KHTML, like Gecko) Chrome/112.0.5615.138 Safari/537.36"
2602:fb54:94e:: - - [09/Apr/2025:07:13:18 -0400] "GET /inputs.php HTTP/1.1" 404 1251 "https://www.google.com" "Mozilla/5.0 (Windows NT 10.0; Win64; x64) AppleWebKit/537.36 (KHTML, like Gecko) Chrome/112.0.5615.138 Safari/537.36"
2602:fb54:94e:: - - [09/Apr/2025:07:13:20 -0400] "GET /connects.php HTTP/1.1" 404 1251 "https://www.google.com" "Mozilla/5.0 (Windows NT 10.0; Win64; x64) AppleWebKit/537.36 (KHTML, like Gecko) Chrome/112.0.5615.138 Safari/537.36"
2602:fb54:94e:: - - [09/Apr/2025:07:13:24 -0400] "GET /hplfuns.php HTTP/1.1" 404 1251 "https://www.google.com" "Mozilla/5.0 (Windows NT 10.0; Win64; x64) AppleWebKit/537.36 (KHTML, like Gecko) Chrome/112.0.5615.138 Safari/537.36"
2602:fb54:94e:: - - [09/Apr/2025:07:13:26 -0400] "GET /filefuns.php HTTP/1.1" 404 1251 "https://www.google.com" "Mozilla/5.0 (Windows NT 10.0; Win64; x64) AppleWebKit/537.36 (KHTML, like Gecko) Chrome/112.0.5615.138 Safari/537.36"
216.244.66.196 - - [09/Apr/2025:07:21:06 -0400] "GET /robots.txt HTTP/1.1" 304 0 "-" "Mozilla/5.0 (compatible; DotBot/1.2; +https://opensiteexplorer.org/dotbot; help@moz.com)"
216.244.66.196 - - [09/Apr/2025:08:05:37 -0400] "GET /robots.txt HTTP/1.1" 304 0 "-" "Mozilla/5.0 (compatible; DotBot/1.2; +https://opensiteexplorer.org/dotbot; help@moz.com)"
91.201.113.132 - - [09/Apr/2025:08:23:37 -0400] "GET /the-benefits-of-runner-rugs/ HTTP/1.1" 404 1251 "http://theswadeshbazzar.com/the-benefits-of-runner-rugs/" "Mozilla/5.0 (Windows NT 10.0; Win64; x64) AppleWebKit/537.36 (KHTML, like Gecko) Chrome/131.0.0.0 Safari/537.36 Avast/131.0.0.0"
91.201.113.132 - - [09/Apr/2025:08:23:38 -0400] "GET / HTTP/1.1" 200 211200 "http://theswadeshbazzar.com/" "Mozilla/5.0 (Windows NT 10.0; Win64; x64) AppleWebKit/537.36 (KHTML, like Gecko) Chrome/131.0.0.0 Safari/537.36 Avast/131.0.0.0"
121.4.105.222 - - [09/Apr/2025:08:31:29 -0400] "GET / HTTP/1.1" 200 211200 "-" "Mozilla/5.0 (Linux; Android 10; LIO-AN00 Build/HUAWEILIO-AN00; wv) MicroMessenger Weixin QQ AppleWebKit/537.36 (KHTML, like Gecko) Version/4.0 Chrome/78.0.3904.62 XWEB/2692 MMWEBSDK/200901 Mobile Safari/537.36"
121.4.105.222 - - [09/Apr/2025:08:31:57 -0400] "GET / HTTP/1.1" 200 211200 "-" "Mozilla/5.0 (Linux; Android 10; LIO-AN00 Build/HUAWEILIO-AN00; wv) MicroMessenger Weixin QQ AppleWebKit/537.36 (KHTML, like Gecko) Version/4.0 Chrome/78.0.3904.62 XWEB/2692 MMWEBSDK/200901 Mobile Safari/537.36"
121.4.105.222 - - [09/Apr/2025:08:32:07 -0400] "GET / HTTP/1.1" 200 211200 "-" "Mozilla/5.0 (Linux; Android 10; LIO-AN00 Build/HUAWEILIO-AN00; wv) MicroMessenger Weixin QQ AppleWebKit/537.36 (KHTML, like Gecko) Version/4.0 Chrome/78.0.3904.62 XWEB/2692 MMWEBSDK/200901 Mobile Safari/537.36"
185.147.125.23 - - [09/Apr/2025:08:52:21 -0400] "GET / HTTP/1.1" 200 211200 "http://theswadeshbazzar.com/" "Mozilla/5.0 (Windows NT 10.0; Win64; x64) AppleWebKit/537.36 (KHTML, like Gecko) Chrome/130.0.0.0 Safari/537.36 CCleaner/130.0.0.0"
121.4.105.222 - - [09/Apr/2025:09:00:08 -0400] "GET / HTTP/1.1" 200 211200 "-" "Mozilla/5.0 (Linux; Android 10; LIO-AN00 Build/HUAWEILIO-AN00; wv) MicroMessenger Weixin QQ AppleWebKit/537.36 (KHTML, like Gecko) Version/4.0 Chrome/78.0.3904.62 XWEB/2692 MMWEBSDK/200901 Mobile Safari/537.36"
121.4.105.222 - - [09/Apr/2025:09:00:38 -0400] "GET / HTTP/1.1" 200 211200 "-" "Mozilla/5.0 (Linux; Android 10; LIO-AN00 Build/HUAWEILIO-AN00; wv) MicroMessenger Weixin QQ AppleWebKit/537.36 (KHTML, like Gecko) Version/4.0 Chrome/78.0.3904.62 XWEB/2692 MMWEBSDK/200901 Mobile Safari/537.36"
121.4.105.222 - - [09/Apr/2025:09:00:57 -0400] "GET / HTTP/1.1" 200 211200 "-" "Mozilla/5.0 (Linux; Android 10; LIO-AN00 Build/HUAWEILIO-AN00; wv) MicroMessenger Weixin QQ AppleWebKit/537.36 (KHTML, like Gecko) Version/4.0 Chrome/78.0.3904.62 XWEB/2692 MMWEBSDK/200901 Mobile Safari/537.36"
2a03:e600:100::1 - - [09/Apr/2025:09:15:53 -0400] "GET /db.sql HTTP/1.1" 404 1251 "-" "Mozilla/5.0 (compatible; MSIE 9.0; Windows NT 6.0; WOW64; Trident/5.0)"
2a0b:f4c2:2::37 - - [09/Apr/2025:09:15:57 -0400] "GET /wp-content/db.sql HTTP/1.1" 404 1251 "-" "Mozilla/5.0 (compatible; MSIE 9.0; Windows NT 6.0; WOW64; Trident/5.0)"
85.208.98.23 - - [09/Apr/2025:09:45:24 -0400] "GET /robots.txt HTTP/1.1" 304 0 "-" "Mozilla/5.0 (compatible; SemrushBot-BA; +http://www.semrush.com/bot.html)"
172.200.76.239 - - [09/Apr/2025:10:03:50 -0400] "HEAD /wordpress HTTP/1.1" 404 0 "-" "Mozilla/5.0 (Windows NT 10.0; Win64; x64) AppleWebKit/537.36 (KHTML, like Gecko) Chrome/74.0.3729.169 Safari/537.36"
172.200.76.239 - - [09/Apr/2025:10:03:55 -0400] "HEAD / HTTP/1.1" 200 0 "-" "Mozilla/5.0 (Windows NT 10.0; Win64; x64) AppleWebKit/537.36 (KHTML, like Gecko) Chrome/74.0.3729.169 Safari/537.36"
172.200.76.239 - - [09/Apr/2025:10:03:58 -0400] "HEAD /wp HTTP/1.1" 404 0 "-" "Mozilla/5.0 (Windows NT 10.0; Win64; x64) AppleWebKit/537.36 (KHTML, like Gecko) Chrome/74.0.3729.169 Safari/537.36"
172.200.76.239 - - [09/Apr/2025:10:04:03 -0400] "HEAD /bc HTTP/1.1" 404 0 "-" "Mozilla/5.0 (Windows NT 10.0; Win64; x64) AppleWebKit/537.36 (KHTML, like Gecko) Chrome/74.0.3729.169 Safari/537.36"
172.200.76.239 - - [09/Apr/2025:10:04:05 -0400] "HEAD /bk HTTP/1.1" 404 0 "-" "Mozilla/5.0 (Windows NT 10.0; Win64; x64) AppleWebKit/537.36 (KHTML, like Gecko) Chrome/74.0.3729.169 Safari/537.36"
172.200.76.239 - - [09/Apr/2025:10:04:07 -0400] "HEAD /backup HTTP/1.1" 404 0 "-" "Mozilla/5.0 (Windows NT 10.0; Win64; x64) AppleWebKit/537.36 (KHTML, like Gecko) Chrome/74.0.3729.169 Safari/537.36"
172.200.76.239 - - [09/Apr/2025:10:04:12 -0400] "HEAD /old HTTP/1.1" 404 0 "-" "Mozilla/5.0 (Windows NT 10.0; Win64; x64) AppleWebKit/537.36 (KHTML, like Gecko) Chrome/74.0.3729.169 Safari/537.36"
172.200.76.239 - - [09/Apr/2025:10:04:16 -0400] "HEAD /new HTTP/1.1" 404 0 "-" "Mozilla/5.0 (Windows NT 10.0; Win64; x64) AppleWebKit/537.36 (KHTML, like Gecko) Chrome/74.0.3729.169 Safari/537.36"
172.200.76.239 - - [09/Apr/2025:10:04:19 -0400] "HEAD /main HTTP/1.1" 404 0 "-" "Mozilla/5.0 (Windows NT 10.0; Win64; x64) AppleWebKit/537.36 (KHTML, like Gecko) Chrome/74.0.3729.169 Safari/537.36"
172.200.76.239 - - [09/Apr/2025:10:04:21 -0400] "HEAD /home HTTP/1.1" 404 0 "-" "Mozilla/5.0 (Windows NT 10.0; Win64; x64) AppleWebKit/537.36 (KHTML, like Gecko) Chrome/74.0.3729.169 Safari/537.36"
216.244.66.196 - - [09/Apr/2025:10:20:08 -0400] "GET /robots.txt HTTP/1.1" 304 0 "-" "Mozilla/5.0 (compatible; DotBot/1.2; +https://opensiteexplorer.org/dotbot; help@moz.com)"
51.178.45.73 - - [09/Apr/2025:10:31:00 -0400] "GET / HTTP/1.1" 200 211200 "-" "Mozilla/5.0 (Macintosh; Intel Mac OS X 13_3) AppleWebKit/537.36 (KHTML, like Gecko) Chrome/126.0.0.0 Safari/537.36"
34.209.40.40 - - [09/Apr/2025:10:57:24 -0400] "GET / HTTP/1.1" 200 211200 "-" "Mozilla/5.0 (Windows NT 10.0; Win64; x64) AppleWebKit/537.36 (KHTML, like Gecko) Chrome/58.0.3029.110 Safari/537.3"
216.244.66.196 - - [09/Apr/2025:11:05:05 -0400] "GET /robots.txt HTTP/1.1" 304 0 "-" "Mozilla/5.0 (compatible; DotBot/1.2; +https://opensiteexplorer.org/dotbot; help@moz.com)"
216.244.66.196 - - [09/Apr/2025:11:50:31 -0400] "GET /robots.txt HTTP/1.1" 304 0 "-" "Mozilla/5.0 (compatible; DotBot/1.2; +https://opensiteexplorer.org/dotbot; help@moz.com)"
157.245.151.254 - - [09/Apr/2025:11:51:06 -0400] "GET / HTTP/1.1" 200 211200 "-" "Mozilla/5.0 (Windows NT 10.0; Win64; x64) AppleWebKit/537.36 (KHTML, like Gecko) Chrome/89.0.4389.114 Safari/537.36"
157.245.151.254 - - [09/Apr/2025:11:51:12 -0400] "GET / HTTP/1.1" 200 211200 "-" "Mozilla/5.0 (Windows NT 10.0; Win64; x64) AppleWebKit/537.36 (KHTML, like Gecko) Chrome/89.0.4389.114 Safari/537.36"
157.245.151.254 - - [09/Apr/2025:11:51:15 -0400] "GET /wp-includes/wlwmanifest.xml HTTP/1.1" 404 1251 "-" "Mozilla/5.0 (Windows NT 10.0; Win64; x64) AppleWebKit/537.36 (KHTML, like Gecko) Chrome/89.0.4389.114 Safari/537.36"
157.245.151.254 - - [09/Apr/2025:11:51:19 -0400] "GET /xmlrpc.php?rsd HTTP/1.1" 200 311 "-" "Mozilla/5.0 (Windows NT 10.0; Win64; x64) AppleWebKit/537.36 (KHTML, like Gecko) Chrome/89.0.4389.114 Safari/537.36"
198.54.114.83 - - [09/Apr/2025:11:51:28 -0400] "POST /wp-cron.php?doing_wp_cron=1744213885.1133420467376708984375 HTTP/1.1" 200 0 "-" "WordPress/6.7.2; https://theswadeshbazzar.com"
157.245.151.254 - - [09/Apr/2025:11:51:29 -0400] "GET /wp-login.php HTTP/1.1" 302 0 "-" "Mozilla/5.0 (Windows NT 10.0; Win64; x64) AppleWebKit/537.36 (KHTML, like Gecko) Chrome/89.0.4389.114 Safari/537.36"
45.141.215.21 - - [09/Apr/2025:11:52:28 -0400] "GET / HTTP/1.1" 200 211200 "theswadeshbazzar.com" "Mozilla/5.0 (Windows NT 6.2; WOW64) AppleWebKit/537.36 (KHTML, like Gecko) Chrome/31.0.1650.57 Safari/537.36"
31.44.238.25 - - [09/Apr/2025:11:52:40 -0400] "GET / HTTP/1.1" 200 211200 "http://theswadeshbazzar.com" "Mozilla/5.0 (Windows NT 6.2; WOW64) AppleWebKit/537.36 (KHTML, like Gecko) Chrome/31.0.1650.57 Safari/537.36"
31.44.238.25 - - [09/Apr/2025:11:52:47 -0400] "GET /Amazon/b/ref=bl_dp_s_web_7940963051?ie=UTF8&node=7940963051&field-lbr_brands_browse-bin=Amazon HTTP/1.1" 404 1251 "http://theswadeshbazzar.com/Amazon/b/ref=bl_dp_s_web_7940963051?ie=UTF8&node=7940963051&field-lbr_brands_browse-bin=Amazon" "Mozilla/5.0 (Windows NT 6.2; WOW64) AppleWebKit/537.36 (KHTML, like Gecko) Chrome/31.0.1650.57 Safari/537.36"
31.44.238.25 - - [09/Apr/2025:11:52:49 -0400] "GET /amazonfresh HTTP/1.1" 404 1251 "http://theswadeshbazzar.com/amazonfresh" "Mozilla/5.0 (Windows NT 6.2; WOW64) AppleWebKit/537.36 (KHTML, like Gecko) Chrome/31.0.1650.57 Safari/537.36"
45.84.107.54 - - [09/Apr/2025:11:52:51 -0400] "GET /auto-deliveries?ref_=nav_AccountFlyout_sns HTTP/1.1" 404 1251 "http://theswadeshbazzar.com/auto-deliveries?ref_=nav_AccountFlyout_sns" "Mozilla/5.0 (Windows NT 6.2; WOW64) AppleWebKit/537.36 (KHTML, like Gecko) Chrome/31.0.1650.57 Safari/537.36"
45.84.107.54 - - [09/Apr/2025:11:52:54 -0400] "GET /baby-reg?ref_=nav_ListFlyout_gno_bw HTTP/1.1" 404 1251 "http://theswadeshbazzar.com/baby-reg?ref_=nav_ListFlyout_gno_bw" "Mozilla/5.0 (Windows NT 6.2; WOW64) AppleWebKit/537.36 (KHTML, like Gecko) Chrome/31.0.1650.57 Safari/537.36"
45.84.107.54 - - [09/Apr/2025:11:52:58 -0400] "GET /dp/B076JKHDQT?ref=MarsFS_VICC_Ring+Rechargeable+Battery+Pack HTTP/1.1" 404 1251 "http://theswadeshbazzar.com/dp/B076JKHDQT?ref=MarsFS_VICC_Ring+Rechargeable+Battery+Pack" "Mozilla/5.0 (Windows NT 6.2; WOW64) AppleWebKit/537.36 (KHTML, like Gecko) Chrome/31.0.1650.57 Safari/537.36"
45.84.107.33 - - [09/Apr/2025:11:53:12 -0400] "GET /dp/B09BS5XWNS?ref=MarsFS_KINDLE_br HTTP/1.1" 404 1251 "http://theswadeshbazzar.com/dp/B09BS5XWNS?ref=MarsFS_KINDLE_br" "Mozilla/5.0 (Windows NT 6.2; WOW64) AppleWebKit/537.36 (KHTML, like Gecko) Chrome/31.0.1650.57 Safari/537.36"
45.84.107.33 - - [09/Apr/2025:11:53:15 -0400] "GET /dp/B09DRX62ZV?ref=MarsFS_VICC_spotlight HTTP/1.1" 404 1251 "http://theswadeshbazzar.com/dp/B09DRX62ZV?ref=MarsFS_VICC_spotlight" "Mozilla/5.0 (Windows NT 6.2; WOW64) AppleWebKit/537.36 (KHTML, like Gecko) Chrome/31.0.1650.57 Safari/537.36"
45.84.107.33 - - [09/Apr/2025:11:53:18 -0400] "GET /dp/B09L462YVZ?ref=MarsFS_VICC_CHIME HTTP/1.1" 404 1251 "http://theswadeshbazzar.com/dp/B09L462YVZ?ref=MarsFS_VICC_CHIME" "Mozilla/5.0 (Windows NT 6.2; WOW64) AppleWebKit/537.36 (KHTML, like Gecko) Chrome/31.0.1650.57 Safari/537.36"
109.70.100.3 - - [09/Apr/2025:11:53:21 -0400] "GET /dp/B09TDTJKF1?ref=MarsFS_SMP_B09TDTJKF1 HTTP/1.1" 404 1251 "http://theswadeshbazzar.com/dp/B09TDTJKF1?ref=MarsFS_SMP_B09TDTJKF1" "Mozilla/5.0 (Windows NT 6.2; WOW64) AppleWebKit/537.36 (KHTML, like Gecko) Chrome/31.0.1650.57 Safari/537.36"
109.70.100.3 - - [09/Apr/2025:11:53:24 -0400] "GET /dp/B09WXH9BH7?ref=MarsFS_AUCC_ch HTTP/1.1" 404 1251 "http://theswadeshbazzar.com/dp/B09WXH9BH7?ref=MarsFS_AUCC_ch" "Mozilla/5.0 (Windows NT 6.2; WOW64) AppleWebKit/537.36 (KHTML, like Gecko) Chrome/31.0.1650.57 Safari/537.36"
109.70.100.3 - - [09/Apr/2025:11:53:26 -0400] "GET /dp/B09WZBPX7K?ref=MarsFS_VICC_rvdw HTTP/1.1" 404 1251 "http://theswadeshbazzar.com/dp/B09WZBPX7K?ref=MarsFS_VICC_rvdw" "Mozilla/5.0 (Windows NT 6.2; WOW64) AppleWebKit/537.36 (KHTML, like Gecko) Chrome/31.0.1650.57 Safari/537.36"
109.70.100.3 - - [09/Apr/2025:11:53:29 -0400] "GET /dp/B09Y1GZR7T?ref=MarsFS_AUCC_gw HTTP/1.1" 404 1251 "http://theswadeshbazzar.com/dp/B09Y1GZR7T?ref=MarsFS_AUCC_gw" "Mozilla/5.0 (Windows NT 6.2; WOW64) AppleWebKit/537.36 (KHTML, like Gecko) Chrome/31.0.1650.57 Safari/537.36"
195.47.238.93 - - [09/Apr/2025:11:53:54 -0400] "GET /yourpets?ref_=nav_AccountFlyout_petprofiles HTTP/1.1" 404 1251 "http://theswadeshbazzar.com/yourpets?ref_=nav_AccountFlyout_petprofiles" "Mozilla/5.0 (Windows NT 6.2; WOW64) AppleWebKit/537.36 (KHTML, like Gecko) Chrome/31.0.1650.57 Safari/537.36"
182.44.67.97 - - [09/Apr/2025:12:04:37 -0400] "GET / HTTP/1.1" 200 211200 "-" "Mozilla/5.0 (iPhone; CPU iPhone OS 13_2_3 like Mac OS X) AppleWebKit/605.1.15 (KHTML, like Gecko) Version/13.0.3 Mobile/15E148 Safari/604.1"
46.250.170.218 - - [09/Apr/2025:12:16:19 -0400] "GET /exploring-the-pixelated-world-of-minecraft-pickup-lines HTTP/1.1" 404 1251 "http://theswadeshbazzar.com/exploring-the-pixelated-world-of-minecraft-pickup-lines" "Mozilla/5.0 (Windows NT 10.0; Win64; x64) AppleWebKit/537.36 (KHTML, like Gecko) Chrome/107.0.0.0 Safari/537.36"
104.41.154.129 - - [09/Apr/2025:12:27:33 -0400] "GET /wp-content/plugins/hellopress/wp_filemanager.php HTTP/1.1" 404 1251 "-" "-"
104.41.154.129 - - [09/Apr/2025:12:27:34 -0400] "GET /wp-includes/Text/network.php HTTP/1.1" 404 1251 "-" "-"
104.41.154.129 - - [09/Apr/2025:12:27:34 -0400] "GET /wp-content/upgrade-temp-backup/wp-login.php HTTP/1.1" 404 1251 "-" "-"
104.41.154.129 - - [09/Apr/2025:12:27:34 -0400] "GET /js/fm.php HTTP/1.1" 404 1251 "-" "-"
104.41.154.129 - - [09/Apr/2025:12:27:34 -0400] "GET /wp-content/themes/astra/inc/ki1k.php HTTP/1.1" 404 1251 "-" "-"
104.41.154.129 - - [09/Apr/2025:12:27:35 -0400] "GET /WordPress/wp-admin/includes/zmFM.php HTTP/1.1" 404 1251 "-" "-"
104.41.154.129 - - [09/Apr/2025:12:27:36 -0400] "GET /default.php HTTP/1.1" 404 1251 "-" "-"
104.41.154.129 - - [09/Apr/2025:12:27:36 -0400] "GET /ty.php HTTP/1.1" 404 1251 "-" "-"
104.41.154.129 - - [09/Apr/2025:12:27:36 -0400] "GET /wp-content/themes/cay-van-phong/filemanager.php HTTP/1.1" 404 1251 "-" "-"
104.41.154.129 - - [09/Apr/2025:12:27:37 -0400] "GET /fm.php HTTP/1.1" 404 1251 "-" "-"
104.41.154.129 - - [09/Apr/2025:12:27:37 -0400] "GET /wp-content/plugins/seoplugins/index.php HTTP/1.1" 404 1251 "-" "-"
104.41.154.129 - - [09/Apr/2025:12:27:37 -0400] "GET /ini.php HTTP/1.1" 404 1251 "-" "-"
104.41.154.129 - - [09/Apr/2025:12:27:38 -0400] "GET /libraries/legacy/info.php HTTP/1.1" 404 1251 "-" "-"
104.41.154.129 - - [09/Apr/2025:12:27:38 -0400] "GET /wp-content/themes/include.php HTTP/1.1" 404 1251 "-" "-"
198.54.114.83 - - [09/Apr/2025:12:27:45 -0400] "POST /wp-cron.php?doing_wp_cron=1744216064.6395890712738037109375 HTTP/1.1" 200 0 "-" "WordPress/6.7.2; https://theswadeshbazzar.com"
104.41.154.129 - - [09/Apr/2025:12:27:39 -0400] "GET /wp-admin/network/about.php HTTP/1.1" 302 0 "-" "-"
198.54.114.83 - - [09/Apr/2025:12:27:50 -0400] "POST /wp-cron.php HTTP/1.1" 200 0 "-" "WordPress/6.7.2; https://theswadeshbazzar.com"
85.208.98.23 - - [09/Apr/2025:12:30:35 -0400] "GET /robots.txt HTTP/1.1" 304 0 "-" "Mozilla/5.0 (compatible; SemrushBot-BA; +http://www.semrush.com/bot.html)"
216.244.66.196 - - [09/Apr/2025:13:25:20 -0400] "GET /robots.txt HTTP/1.1" 200 23 "-" "Mozilla/5.0 (compatible; DotBot/1.2; +https://opensiteexplorer.org/dotbot; help@moz.com)"
43.153.35.128 - - [09/Apr/2025:13:34:50 -0400] "GET / HTTP/1.1" 200 211200 "-" "Mozilla/5.0 (iPhone; CPU iPhone OS 13_2_3 like Mac OS X) AppleWebKit/605.1.15 (KHTML, like Gecko) Version/13.0.3 Mobile/15E148 Safari/604.1"
54.226.250.71 - - [09/Apr/2025:14:09:59 -0400] "GET / HTTP/1.1" 200 211200 "-" "Mozilla/5.0 (X11; Linux x86_64) AppleWebKit/537.36 (KHTML, like Gecko) Chrome/70.0.3538.77 Safari/537.36"
54.226.250.71 - - [09/Apr/2025:14:11:00 -0400] "GET //m.media-amazon.com/images/I/31FE2k3SYqL.js HTTP/1.1" 404 1251 "-" "SAMSUNG-SGH-A867/A867UCHJ3 SHP/VPP/R5 NetFront/35 SMM-MMS/1.2.0 profile/MIDP-2.0 configuration/CLDC-1.1 UP.Link/6.3.0.0.0"
54.226.250.71 - - [09/Apr/2025:14:11:00 -0400] "GET /service-worker.js HTTP/1.1" 404 1251 "-" "Mozilla/5.0 (Linux; Android 9; EML-L29) AppleWebKit/537.36 (KHTML, like Gecko) Chrome/76.0.3809.111 Mobile Safari/537.36"
54.226.250.71 - - [09/Apr/2025:14:11:00 -0400] "GET //m.media-amazon.com/images/I/21rCp4n3EgL.js HTTP/1.1" 404 1251 "-" "Mozilla/5.0 (X11; FreeBSD i386; rv:28.0) Gecko/20100101 Firefox/28.0 SeaMonkey/2.25"
54.226.250.71 - - [09/Apr/2025:14:11:00 -0400] "GET //m.media-amazon.com/images/I/91N9kPxZ4QL.js HTTP/1.1" 404 1251 "-" "Mozilla/5.0 (Linux; Android 9; rv:75.0.3770.67) AppleWebKit/537.36 (KHTML, like Gecko) Chrome/75.0.3770.67 Mobile Safari/537.36"
54.226.250.71 - - [09/Apr/2025:14:11:00 -0400] "GET //images-fe.ssl-images-amazon.com/images/I/11iMNgfhiwL.js HTTP/1.1" 404 1251 "-" "Mozilla/5.0 (X11; Linux x86_64) AppleWebKit/537.36 (KHTML, like Gecko) Chrome/43.0.2357.93 Safari/537.36"
54.226.250.71 - - [09/Apr/2025:14:11:00 -0400] "GET //c.amazon-adsystem.com/bao-csm/forensics/a9-tq-forensics-incremental.min.js HTTP/1.1" 404 1251 "-" "Wget/1.12 (freebsd8.1)"
54.226.250.71 - - [09/Apr/2025:14:11:00 -0400] "GET //images-fe.ssl-images-amazon.com/images/I/41rRbrTuBFL.js HTTP/1.1" 404 1251 "-" "Mozilla/5.0 (iPad; CPU OS 6_0 like Mac OS X) AppleWebKit/536.26 (KHTML, like Gecko) Version/6.0 Mobile/10A5355d Safari/8536.25"
54.226.250.71 - - [09/Apr/2025:14:12:50 -0400] "GET //images-fe.ssl-images-amazon.com/images/I/31bJewCvY-L.js HTTP/1.1" 404 1251 "-" "Mozilla/5.0 (compatible; bingbot/2.0 http://www.bing.com/bingbot.htm)"
68.154.21.221 - - [09/Apr/2025:14:15:33 -0400] "HEAD /wordpress HTTP/1.1" 404 0 "-" "Mozilla/5.0 (Windows NT 10.0; Win64; x64) AppleWebKit/537.36 (KHTML, like Gecko) Chrome/74.0.3729.169 Safari/537.36"
68.154.21.221 - - [09/Apr/2025:14:15:33 -0400] "HEAD / HTTP/1.1" 200 0 "-" "Mozilla/5.0 (Windows NT 10.0; Win64; x64) AppleWebKit/537.36 (KHTML, like Gecko) Chrome/74.0.3729.169 Safari/537.36"
68.154.21.221 - - [09/Apr/2025:14:15:33 -0400] "HEAD /wp HTTP/1.1" 404 0 "-" "Mozilla/5.0 (Windows NT 10.0; Win64; x64) AppleWebKit/537.36 (KHTML, like Gecko) Chrome/74.0.3729.169 Safari/537.36"
68.154.21.221 - - [09/Apr/2025:14:15:33 -0400] "HEAD /bc HTTP/1.1" 404 0 "-" "Mozilla/5.0 (Windows NT 10.0; Win64; x64) AppleWebKit/537.36 (KHTML, like Gecko) Chrome/74.0.3729.169 Safari/537.36"
68.154.21.221 - - [09/Apr/2025:14:15:34 -0400] "HEAD /bk HTTP/1.1" 404 0 "-" "Mozilla/5.0 (Windows NT 10.0; Win64; x64) AppleWebKit/537.36 (KHTML, like Gecko) Chrome/74.0.3729.169 Safari/537.36"
68.154.21.221 - - [09/Apr/2025:14:15:34 -0400] "HEAD /backup HTTP/1.1" 404 0 "-" "Mozilla/5.0 (Windows NT 10.0; Win64; x64) AppleWebKit/537.36 (KHTML, like Gecko) Chrome/74.0.3729.169 Safari/537.36"
68.154.21.221 - - [09/Apr/2025:14:15:34 -0400] "HEAD /old HTTP/1.1" 404 0 "-" "Mozilla/5.0 (Windows NT 10.0; Win64; x64) AppleWebKit/537.36 (KHTML, like Gecko) Chrome/74.0.3729.169 Safari/537.36"
68.154.21.221 - - [09/Apr/2025:14:15:34 -0400] "HEAD /new HTTP/1.1" 404 0 "-" "Mozilla/5.0 (Windows NT 10.0; Win64; x64) AppleWebKit/537.36 (KHTML, like Gecko) Chrome/74.0.3729.169 Safari/537.36"
68.154.21.221 - - [09/Apr/2025:14:15:34 -0400] "HEAD /main HTTP/1.1" 404 0 "-" "Mozilla/5.0 (Windows NT 10.0; Win64; x64) AppleWebKit/537.36 (KHTML, like Gecko) Chrome/74.0.3729.169 Safari/537.36"
68.154.21.221 - - [09/Apr/2025:14:15:34 -0400] "HEAD /home HTTP/1.1" 404 0 "-" "Mozilla/5.0 (Windows NT 10.0; Win64; x64) AppleWebKit/537.36 (KHTML, like Gecko) Chrome/74.0.3729.169 Safari/537.36"
216.244.66.196 - - [09/Apr/2025:14:22:42 -0400] "GET /robots.txt HTTP/1.1" 304 0 "-" "Mozilla/5.0 (compatible; DotBot/1.2; +https://opensiteexplorer.org/dotbot; help@moz.com)"
40.117.194.168 - - [09/Apr/2025:14:55:26 -0400] "HEAD /wordpress HTTP/1.1" 404 0 "-" "Mozilla/5.0 (Windows NT 10.0; Win64; x64) AppleWebKit/537.36 (KHTML, like Gecko) Chrome/74.0.3729.169 Safari/537.36"
40.117.194.168 - - [09/Apr/2025:14:55:26 -0400] "HEAD / HTTP/1.1" 200 0 "-" "Mozilla/5.0 (Windows NT 10.0; Win64; x64) AppleWebKit/537.36 (KHTML, like Gecko) Chrome/74.0.3729.169 Safari/537.36"
40.117.194.168 - - [09/Apr/2025:14:55:26 -0400] "HEAD /wp HTTP/1.1" 404 0 "-" "Mozilla/5.0 (Windows NT 10.0; Win64; x64) AppleWebKit/537.36 (KHTML, like Gecko) Chrome/74.0.3729.169 Safari/537.36"
40.117.194.168 - - [09/Apr/2025:14:55:26 -0400] "HEAD /bc HTTP/1.1" 404 0 "-" "Mozilla/5.0 (Windows NT 10.0; Win64; x64) AppleWebKit/537.36 (KHTML, like Gecko) Chrome/74.0.3729.169 Safari/537.36"
40.117.194.168 - - [09/Apr/2025:14:55:26 -0400] "HEAD /bk HTTP/1.1" 404 0 "-" "Mozilla/5.0 (Windows NT 10.0; Win64; x64) AppleWebKit/537.36 (KHTML, like Gecko) Chrome/74.0.3729.169 Safari/537.36"
40.117.194.168 - - [09/Apr/2025:14:55:26 -0400] "HEAD /backup HTTP/1.1" 404 0 "-" "Mozilla/5.0 (Windows NT 10.0; Win64; x64) AppleWebKit/537.36 (KHTML, like Gecko) Chrome/74.0.3729.169 Safari/537.36"
40.117.194.168 - - [09/Apr/2025:14:55:26 -0400] "HEAD /old HTTP/1.1" 404 0 "-" "Mozilla/5.0 (Windows NT 10.0; Win64; x64) AppleWebKit/537.36 (KHTML, like Gecko) Chrome/74.0.3729.169 Safari/537.36"
40.117.194.168 - - [09/Apr/2025:14:55:26 -0400] "HEAD /new HTTP/1.1" 404 0 "-" "Mozilla/5.0 (Windows NT 10.0; Win64; x64) AppleWebKit/537.36 (KHTML, like Gecko) Chrome/74.0.3729.169 Safari/537.36"
40.117.194.168 - - [09/Apr/2025:14:55:27 -0400] "HEAD /main HTTP/1.1" 404 0 "-" "Mozilla/5.0 (Windows NT 10.0; Win64; x64) AppleWebKit/537.36 (KHTML, like Gecko) Chrome/74.0.3729.169 Safari/537.36"
40.117.194.168 - - [09/Apr/2025:14:55:27 -0400] "HEAD /home HTTP/1.1" 404 0 "-" "Mozilla/5.0 (Windows NT 10.0; Win64; x64) AppleWebKit/537.36 (KHTML, like Gecko) Chrome/74.0.3729.169 Safari/537.36"
216.244.66.196 - - [09/Apr/2025:15:11:19 -0400] "GET /robots.txt HTTP/1.1" 304 0 "-" "Mozilla/5.0 (compatible; DotBot/1.2; +https://opensiteexplorer.org/dotbot; help@moz.com)"
85.208.98.23 - - [09/Apr/2025:15:21:35 -0400] "GET /robots.txt HTTP/1.1" 304 0 "-" "Mozilla/5.0 (compatible; SemrushBot-BA; +http://www.semrush.com/bot.html)"
85.208.98.18 - - [09/Apr/2025:16:02:26 -0400] "GET /robots.txt HTTP/1.1" 304 0 "-" "Mozilla/5.0 (compatible; SemrushBot; +http://www.semrush.com/bot.html)"
40.123.25.223 - - [09/Apr/2025:16:38:32 -0400] "GET /adminfuns.php HTTP/1.1" 404 1251 "-" "-"
40.123.25.223 - - [09/Apr/2025:16:38:32 -0400] "GET /room.php HTTP/1.1" 404 1251 "-" "-"
40.123.25.223 - - [09/Apr/2025:16:38:33 -0400] "GET /defaults.php HTTP/1.1" 404 1251 "-" "-"
40.123.25.223 - - [09/Apr/2025:16:38:33 -0400] "GET /.well-known/lofmebwd.php HTTP/1.1" 404 1251 "-" "-"
40.123.25.223 - - [09/Apr/2025:16:38:33 -0400] "GET /wp-includes/ID3/autoload_classmap.php HTTP/1.1" 404 1251 "-" "-"
40.123.25.223 - - [09/Apr/2025:16:38:33 -0400] "GET /goods.php HTTP/1.1" 404 1251 "-" "-"
40.123.25.223 - - [09/Apr/2025:16:38:34 -0400] "GET /alfa-rex.php7 HTTP/1.1" 404 1251 "-" "-"
40.123.25.223 - - [09/Apr/2025:16:38:34 -0400] "GET /radio.php HTTP/1.1" 404 1251 "-" "-"
40.123.25.223 - - [09/Apr/2025:16:38:34 -0400] "GET /inputs.php HTTP/1.1" 404 1251 "-" "-"
40.123.25.223 - - [09/Apr/2025:16:38:34 -0400] "GET /wp-includes/blocks/heading/autoload_classmap.php HTTP/1.1" 404 1251 "-" "-"
40.123.25.223 - - [09/Apr/2025:16:38:35 -0400] "GET /wp-contentt.php HTTP/1.1" 404 1251 "-" "-"
40.123.25.223 - - [09/Apr/2025:16:38:35 -0400] "GET /cloud.php HTTP/1.1" 404 1251 "-" "-"
40.123.25.223 - - [09/Apr/2025:16:38:36 -0400] "GET /wp-content/uploads/2023/05/autoload_classmap.php HTTP/1.1" 404 1251 "-" "-"
40.123.25.223 - - [09/Apr/2025:16:38:36 -0400] "GET /.well-known/acme-challenge/new.php HTTP/1.1" 404 1251 "-" "-"
40.123.25.223 - - [09/Apr/2025:16:38:36 -0400] "GET /wp-index.php HTTP/1.1" 404 1251 "-" "-"
40.123.25.223 - - [09/Apr/2025:16:38:37 -0400] "GET /wp-admin.php HTTP/1.1" 404 1251 "-" "-"
40.123.25.223 - - [09/Apr/2025:16:38:37 -0400] "GET /alfa.php HTTP/1.1" 404 1251 "-" "-"
40.123.25.223 - - [09/Apr/2025:16:38:37 -0400] "GET /classwithtostring.php/rbzccnnp.php/ HTTP/1.1" 404 1251 "-" "-"
40.123.25.223 - - [09/Apr/2025:16:38:37 -0400] "GET /wp-content/about.php HTTP/1.1" 404 1251 "-" "-"
40.123.25.223 - - [09/Apr/2025:16:38:37 -0400] "GET /xleet.php HTTP/1.1" 404 1251 "-" "-"
40.123.25.223 - - [09/Apr/2025:16:38:37 -0400] "GET /wp-content/index.php HTTP/1.1" 200 0 "-" "-"
40.123.25.223 - - [09/Apr/2025:16:38:38 -0400] "GET /wp-includes/Requests/file.php HTTP/1.1" 404 1251 "-" "-"
40.123.25.223 - - [09/Apr/2025:16:38:38 -0400] "GET /.well-known/pki-validation/xmrlpc.php HTTP/1.1" 404 1251 "-" "-"
40.123.25.223 - - [09/Apr/2025:16:38:38 -0400] "GET /wp-content/upgrade/autoload_classmap.php HTTP/1.1" 404 1251 "-" "-"
40.123.25.223 - - [09/Apr/2025:16:38:38 -0400] "GET /flower.php HTTP/1.1" 404 1251 "-" "-"
40.123.25.223 - - [09/Apr/2025:16:38:39 -0400] "GET /about.php HTTP/1.1" 404 1251 "-" "-"
198.54.114.83 - - [09/Apr/2025:16:38:44 -0400] "POST /wp-cron.php?doing_wp_cron=1744231124.3611938953399658203125 HTTP/1.1" 200 0 "-" "WordPress/6.7.2; https://theswadeshbazzar.com"
40.123.25.223 - - [09/Apr/2025:16:38:39 -0400] "GET /wp-admin/index.php HTTP/1.1" 302 0 "-" "-"
40.123.25.223 - - [09/Apr/2025:16:38:46 -0400] "GET /.well-known/admin.php HTTP/1.1" 404 1251 "-" "-"
40.123.25.223 - - [09/Apr/2025:16:38:46 -0400] "GET /wp-content/plugins/ HTTP/1.1" 200 0 "-" "-"
40.123.25.223 - - [09/Apr/2025:16:38:47 -0400] "GET /past.php HTTP/1.1" 404 1251 "-" "-"
40.123.25.223 - - [09/Apr/2025:16:38:47 -0400] "GET /post.php HTTP/1.1" 404 1251 "-" "-"
40.123.25.223 - - [09/Apr/2025:16:38:47 -0400] "GET /hehe.php HTTP/1.1" 404 1251 "-" "-"
40.123.25.223 - - [09/Apr/2025:16:38:47 -0400] "GET /spip.php HTTP/1.1" 404 1251 "-" "-"
40.123.25.223 - - [09/Apr/2025:16:38:48 -0400] "GET /config.php HTTP/1.1" 404 1251 "-" "-"
40.123.25.223 - - [09/Apr/2025:16:38:48 -0400] "GET /root.php HTTP/1.1" 404 1251 "-" "-"
40.123.25.223 - - [09/Apr/2025:16:38:48 -0400] "GET /.well-known/acme-challenge/classwithtostring.php HTTP/1.1" 404 1251 "-" "-"
40.123.25.223 - - [09/Apr/2025:16:38:48 -0400] "GET /index.php HTTP/1.1" 404 1251 "-" "-"
40.123.25.223 - - [09/Apr/2025:16:38:48 -0400] "GET /cookie.php HTTP/1.1" 404 1251 "-" "-"
40.123.25.223 - - [09/Apr/2025:16:38:48 -0400] "GET /locale.php HTTP/1.1" 404 1251 "-" "-"
40.123.25.223 - - [09/Apr/2025:16:38:49 -0400] "GET /ds.php HTTP/1.1" 404 1251 "-" "-"
40.123.25.223 - - [09/Apr/2025:16:38:49 -0400] "GET /wp-includes/style-engine/gecko-new.php HTTP/1.1" 404 1251 "-" "-"
40.123.25.223 - - [09/Apr/2025:16:38:49 -0400] "GET /wp-includes/assets/autoload_classmap.php HTTP/1.1" 404 1251 "-" "-"
40.123.25.223 - - [09/Apr/2025:16:38:49 -0400] "GET /.well-known/pki-validation/index.php HTTP/1.1" 404 1251 "-" "-"
40.123.25.223 - - [09/Apr/2025:16:38:49 -0400] "GET /wp-content/uploads/autoload_classmap.php HTTP/1.1" 404 1251 "-" "-"
40.123.25.223 - - [09/Apr/2025:16:38:50 -0400] "GET /text.php HTTP/1.1" 404 1251 "-" "-"
40.123.25.223 - - [09/Apr/2025:16:38:50 -0400] "GET /ok.php HTTP/1.1" 404 1251 "-" "-"
40.123.25.223 - - [09/Apr/2025:16:38:50 -0400] "GET /wp-content/uploads/index.php HTTP/1.1" 404 1251 "-" "-"
40.123.25.223 - - [09/Apr/2025:16:38:50 -0400] "GET /wp-admin/images/ HTTP/1.1" 403 1242 "-" "-"
40.123.25.223 - - [09/Apr/2025:16:38:50 -0400] "GET /colors.php HTTP/1.1" 404 1251 "-" "-"
40.123.25.223 - - [09/Apr/2025:16:38:50 -0400] "GET /configs.php HTTP/1.1" 404 1251 "-" "-"
40.123.25.223 - - [09/Apr/2025:16:38:51 -0400] "GET /k.php HTTP/1.1" 404 1251 "-" "-"
40.123.25.223 - - [09/Apr/2025:16:38:51 -0400] "GET /wp-includes/SimplePie/file.php HTTP/1.1" 404 1251 "-" "-"
40.123.25.223 - - [09/Apr/2025:16:38:51 -0400] "GET /randkeyword.php HTTP/1.1" 404 1251 "-" "-"
40.123.25.223 - - [09/Apr/2025:16:38:51 -0400] "GET /wp-content/admin.php HTTP/1.1" 404 1251 "-" "-"
40.123.25.223 - - [09/Apr/2025:16:38:51 -0400] "GET /wp-includes/js/crop/ HTTP/1.1" 403 1242 "-" "-"
