216.244.66.196 - - [31/Mar/2025:08:18:04 -0400] "GET /how-a-virtual-receptionist-can-help-your-business/ HTTP/1.1" 404 1251 "-" "Mozilla/5.0 (compatible; DotBot/1.2; +https://opensiteexplorer.org/dotbot; help@moz.com)"
40.77.190.214 - - [31/Mar/2025:08:24:48 -0400] "GET /rd/uedata?at&v=0.300369.0&id=90G9DFKSFRKCQZ4KHD88&ctb=1&m=1&sc=90G9DFKSFRKCQZ4KHD88&pc=4754&at=4754&t=1743423888262&csmtags=csm-feature-touch-enabled:false&pty=Detail&spty=Kindle_HW&pti=B0BF75VM4T&tid=90G9DFKSFRKCQZ4KHD88&aftb=1&lob=1 HTTP/1.1" 404 1251 "-" "Mozilla/5.0 AppleWebKit/537.36 (KHTML, like Gecko; compatible; bingbot/2.0; +http://www.bing.com/bingbot.htm) Chrome/100.0.4896.127 Safari/537.36"
216.244.66.196 - - [31/Mar/2025:08:47:19 -0400] "GET /robots.txt HTTP/1.1" 304 0 "-" "Mozilla/5.0 (compatible; DotBot/1.2; +https://opensiteexplorer.org/dotbot; help@moz.com)"
65.21.46.73 - - [31/Mar/2025:08:59:33 -0400] "GET /robots.txt HTTP/1.1" 200 23 "-" "Mozilla/5.0 (compatible; AwarioBot/1.0; +https://awario.com/bots.html)"
65.21.46.73 - - [31/Mar/2025:08:59:53 -0400] "GET / HTTP/1.1" 200 211200 "-" "Mozilla/5.0 (compatible; AwarioBot/1.0; +https://awario.com/bots.html)"
165.154.227.201 - - [31/Mar/2025:09:19:50 -0400] "GET / HTTP/1.1" 200 211200 "-" "Embarcadero URI Client/1.0"
46.148.206.226 - - [31/Mar/2025:09:38:52 -0400] "GET /mk-bags-for-sale/ HTTP/1.1" 404 1251 "http://theswadeshbazzar.com/mk-bags-for-sale/" "Mozilla/5.0 (Windows NT 10.0; Win64; x64) AppleWebKit/537.36 (KHTML, like Gecko) Chrome/131.0.0.0 Safari/537.36"
46.148.206.226 - - [31/Mar/2025:09:39:11 -0400] "GET / HTTP/1.1" 200 211200 "http://theswadeshbazzar.com/" "Mozilla/5.0 (Windows NT 10.0; Win64; x64) AppleWebKit/537.36 (KHTML, like Gecko) Chrome/131.0.0.0 Safari/537.36"
216.244.66.196 - - [31/Mar/2025:09:50:54 -0400] "GET /how-to-turn-off-noise-cancellation-on-airpods/ HTTP/1.1" 404 1251 "-" "Mozilla/5.0 (compatible; DotBot/1.2; +https://opensiteexplorer.org/dotbot; help@moz.com)"
104.207.60.183 - - [31/Mar/2025:09:51:41 -0400] "GET /vendor/phpunit/phpunit/LICENSE HTTP/1.1" 404 1251 "-" "Mozilla/5.0 (Windows NT 10.0; Win64; x64) AppleWebKit/537.36 (KHTML, like Gecko) Chrome/106.0.0.0 Safari/537.36"
104.207.60.183 - - [31/Mar/2025:09:51:44 -0400] "GET /vendor/phpunit/phpunit/src/Util/PHP/ HTTP/1.1" 404 1251 "-" "Mozilla/5.0 (Windows NT 10.0; Win64; x64) AppleWebKit/537.36 (KHTML, like Gecko) Chrome/106.0.0.0 Safari/537.36"
198.54.114.83 - - [31/Mar/2025:09:51:46 -0400] "POST /wp-cron.php?doing_wp_cron=1743429106.9046940803527832031250 HTTP/1.1" 200 0 "-" "WordPress/6.7.2; https://theswadeshbazzar.com"
104.207.60.183 - - [31/Mar/2025:09:51:45 -0400] "GET /wp-login.php HTTP/1.1" 302 0 "-" "Mozilla/5.0 (Windows NT 10.0; Win64; x64) AppleWebKit/537.36 (KHTML, like Gecko) Chrome/106.0.0.0 Safari/537.36"
43.155.157.59 - - [31/Mar/2025:09:56:50 -0400] "GET /the-benefits-of-runner-rugs/ HTTP/1.1" 404 1251 "http://theswadeshbazzar.com" "Mozilla/5.0 (Windows NT 10.0; Win64; x64) AppleWebKit/537.36 (KHTML, like Gecko) Chrome/62.0.3202.94 Safari/537.36"
43.155.157.59 - - [31/Mar/2025:09:56:52 -0400] "GET /the-benefits-of-runner-rugs/ HTTP/1.1" 404 1251 "http://theswadeshbazzar.com" "Mozilla/5.0 (Windows NT 10.0; Win64; x64) AppleWebKit/537.36 (KHTML, like Gecko) Chrome/62.0.3202.94 Safari/537.36"
43.155.157.59 - - [31/Mar/2025:09:56:54 -0400] "GET /the-benefits-of-runner-rugs/ HTTP/1.1" 404 1251 "http://theswadeshbazzar.com" "Mozilla/5.0 (Windows NT 10.0; Win64; x64) AppleWebKit/537.36 (KHTML, like Gecko) Chrome/62.0.3202.94 Safari/537.36"
43.155.157.59 - - [31/Mar/2025:09:56:57 -0400] "GET /the-benefits-of-runner-rugs/ HTTP/1.1" 404 1251 "http://theswadeshbazzar.com" "Mozilla/5.0 (Windows NT 10.0; Win64; x64) AppleWebKit/537.36 (KHTML, like Gecko) Chrome/62.0.3202.94 Safari/537.36"
85.208.98.23 - - [31/Mar/2025:10:04:35 -0400] "GET /robots.txt HTTP/1.1" 304 0 "-" "Mozilla/5.0 (compatible; SemrushBot-BA; +http://www.semrush.com/bot.html)"
198.54.114.83 - - [31/Mar/2025:10:09:01 -0400] "POST /wp-cron.php?doing_wp_cron=1743430141.3908660411834716796875 HTTP/1.1" 200 0 "-" "WordPress/6.7.2; https://theswadeshbazzar.com"
179.15.111.209 - - [31/Mar/2025:10:08:59 -0400] "POST /xmlrpc.php HTTP/1.1" 200 212 "-" "Mozilla/5.0 (Windows NT 10.0; Win64; x64) AppleWebKit/537.36 (KHTML, like Gecko) Chrome/97.0.4692.99 Safari/537.36"
106.68.149.249 - - [31/Mar/2025:10:09:22 -0400] "POST /xmlrpc.php HTTP/1.1" 200 212 "-" "Mozilla/5.0 (Windows NT 6.1; WOW64; rv:92.0) Gecko/20100101 Firefox/92.0"
216.244.66.196 - - [31/Mar/2025:10:13:22 -0400] "GET /what-to-look-out-for-when-choosing-a-solid-conservatory-roof/ HTTP/1.1" 404 1251 "-" "Mozilla/5.0 (compatible; DotBot/1.2; +https://opensiteexplorer.org/dotbot; help@moz.com)"
87.239.191.53 - - [31/Mar/2025:10:18:29 -0400] "GET / HTTP/1.1" 200 211200 "http://theswadeshbazzar.com/" "Mozilla/5.0 (Windows NT 10.0; Win64; x64) AppleWebKit/537.36 (KHTML, like Gecko) Chrome/131.0.0.0 Safari/537.36"
216.244.66.196 - - [31/Mar/2025:10:18:54 -0400] "GET /robots.txt HTTP/1.1" 304 0 "-" "Mozilla/5.0 (compatible; DotBot/1.2; +https://opensiteexplorer.org/dotbot; help@moz.com)"
147.53.125.255 - - [31/Mar/2025:10:57:10 -0400] "GET /best-auto-detailing-products/ HTTP/1.1" 404 1251 "-" "Mozilla/5.0 (Windows NT 10.0; Win64; x64) AppleWebKit/537.36 (KHTML, like Gecko) Chrome/114.0.0.0 Safari/537.36"
147.53.125.255 - - [31/Mar/2025:10:57:11 -0400] "GET / HTTP/1.1" 200 211200 "-" "Mozilla/5.0 (Windows NT 10.0; Win64; x64) AppleWebKit/537.36 (KHTML, like Gecko) Chrome/114.0.0.0 Safari/537.36"
101.35.239.216 - - [31/Mar/2025:11:05:33 -0400] "GET / HTTP/1.1" 200 211200 "-" "Mozilla/5.0 (Linux; Android 10; LIO-AN00 Build/HUAWEILIO-AN00; wv) MicroMessenger Weixin QQ AppleWebKit/537.36 (KHTML, like Gecko) Version/4.0 Chrome/78.0.3904.62 XWEB/2692 MMWEBSDK/200901 Mobile Safari/537.36"
216.244.66.196 - - [31/Mar/2025:11:05:36 -0400] "GET /robots.txt HTTP/1.1" 304 0 "-" "Mozilla/5.0 (compatible; DotBot/1.2; +https://opensiteexplorer.org/dotbot; help@moz.com)"
101.35.239.216 - - [31/Mar/2025:11:06:12 -0400] "GET / HTTP/1.1" 200 211200 "-" "Mozilla/5.0 (Linux; Android 10; LIO-AN00 Build/HUAWEILIO-AN00; wv) MicroMessenger Weixin QQ AppleWebKit/537.36 (KHTML, like Gecko) Version/4.0 Chrome/78.0.3904.62 XWEB/2692 MMWEBSDK/200901 Mobile Safari/537.36"
101.35.239.216 - - [31/Mar/2025:11:32:18 -0400] "GET / HTTP/1.1" 200 211200 "-" "Mozilla/5.0 (Linux; Android 10; LIO-AN00 Build/HUAWEILIO-AN00; wv) MicroMessenger Weixin QQ AppleWebKit/537.36 (KHTML, like Gecko) Version/4.0 Chrome/78.0.3904.62 XWEB/2692 MMWEBSDK/200901 Mobile Safari/537.36"
101.35.239.216 - - [31/Mar/2025:11:32:42 -0400] "GET / HTTP/1.1" 200 211200 "-" "Mozilla/5.0 (Linux; Android 10; LIO-AN00 Build/HUAWEILIO-AN00; wv) MicroMessenger Weixin QQ AppleWebKit/537.36 (KHTML, like Gecko) Version/4.0 Chrome/78.0.3904.62 XWEB/2692 MMWEBSDK/200901 Mobile Safari/537.36"
101.35.239.216 - - [31/Mar/2025:11:32:57 -0400] "GET / HTTP/1.1" 200 211200 "-" "Mozilla/5.0 (Linux; Android 10; LIO-AN00 Build/HUAWEILIO-AN00; wv) MicroMessenger Weixin QQ AppleWebKit/537.36 (KHTML, like Gecko) Version/4.0 Chrome/78.0.3904.62 XWEB/2692 MMWEBSDK/200901 Mobile Safari/537.36"
85.208.98.23 - - [31/Mar/2025:11:35:21 -0400] "GET /robots.txt HTTP/1.1" 304 0 "-" "Mozilla/5.0 (compatible; SemrushBot-BA; +http://www.semrush.com/bot.html)"
185.147.125.18 - - [31/Mar/2025:11:45:31 -0400] "GET / HTTP/1.1" 200 211200 "http://theswadeshbazzar.com/" "Mozilla/5.0 (Windows NT 10.0; Win64; x64) AppleWebKit/537.36 (KHTML, like Gecko) Chrome/129.0.0.0 Safari/537.36"
216.244.66.196 - - [31/Mar/2025:11:51:18 -0400] "GET /robots.txt HTTP/1.1" 304 0 "-" "Mozilla/5.0 (compatible; DotBot/1.2; +https://opensiteexplorer.org/dotbot; help@moz.com)"
213.136.81.226 - - [31/Mar/2025:11:58:17 -0400] "GET /wp-includes/ HTTP/1.1" 403 1242 "-" "Mozlila/5.0 (Linux; Android 7.0; SM-G892A Bulid/NRD90M; wv) AppleWebKit/537.36 (KHTML, like Gecko) Version/4.0 Chrome/60.0.3112.107 Moblie Safari/537.36"
213.136.81.226 - - [31/Mar/2025:11:58:17 -0400] "GET /wp-content/uploads/ HTTP/1.1" 403 1242 "-" "Mozlila/5.0 (Linux; Android 7.0; SM-G892A Bulid/NRD90M; wv) AppleWebKit/537.36 (KHTML, like Gecko) Version/4.0 Chrome/60.0.3112.107 Moblie Safari/537.36"
213.136.81.226 - - [31/Mar/2025:11:58:18 -0400] "GET /wp-content/plugins/ HTTP/1.1" 200 0 "-" "Mozlila/5.0 (Linux; Android 7.0; SM-G892A Bulid/NRD90M; wv) AppleWebKit/537.36 (KHTML, like Gecko) Version/4.0 Chrome/60.0.3112.107 Moblie Safari/537.36"
213.136.81.226 - - [31/Mar/2025:11:58:18 -0400] "GET /wp-admin/maint/ HTTP/1.1" 403 1242 "-" "Mozlila/5.0 (Linux; Android 7.0; SM-G892A Bulid/NRD90M; wv) AppleWebKit/537.36 (KHTML, like Gecko) Version/4.0 Chrome/60.0.3112.107 Moblie Safari/537.36"
213.136.81.226 - - [31/Mar/2025:11:58:19 -0400] "GET /wp-admin/includes/ HTTP/1.1" 403 1242 "-" "Mozlila/5.0 (Linux; Android 7.0; SM-G892A Bulid/NRD90M; wv) AppleWebKit/537.36 (KHTML, like Gecko) Version/4.0 Chrome/60.0.3112.107 Moblie Safari/537.36"
213.136.81.226 - - [31/Mar/2025:11:58:19 -0400] "GET /wp-includes/ID3/ HTTP/1.1" 403 1242 "-" "Mozlila/5.0 (Linux; Android 7.0; SM-G892A Bulid/NRD90M; wv) AppleWebKit/537.36 (KHTML, like Gecko) Version/4.0 Chrome/60.0.3112.107 Moblie Safari/537.36"
213.136.81.226 - - [31/Mar/2025:11:58:20 -0400] "GET /wp-includes/IXR/ HTTP/1.1" 403 1242 "-" "Mozlila/5.0 (Linux; Android 7.0; SM-G892A Bulid/NRD90M; wv) AppleWebKit/537.36 (KHTML, like Gecko) Version/4.0 Chrome/60.0.3112.107 Moblie Safari/537.36"
213.136.81.226 - - [31/Mar/2025:11:58:20 -0400] "GET /.well-known/ HTTP/1.1" 404 1251 "-" "Mozlila/5.0 (Linux; Android 7.0; SM-G892A Bulid/NRD90M; wv) AppleWebKit/537.36 (KHTML, like Gecko) Version/4.0 Chrome/60.0.3112.107 Moblie Safari/537.36"
213.136.81.226 - - [31/Mar/2025:11:58:21 -0400] "GET /images/ HTTP/1.1" 404 1251 "-" "Mozlila/5.0 (Linux; Android 7.0; SM-G892A Bulid/NRD90M; wv) AppleWebKit/537.36 (KHTML, like Gecko) Version/4.0 Chrome/60.0.3112.107 Moblie Safari/537.36"
213.136.81.226 - - [31/Mar/2025:11:58:21 -0400] "GET /assets/ HTTP/1.1" 404 1251 "-" "Mozlila/5.0 (Linux; Android 7.0; SM-G892A Bulid/NRD90M; wv) AppleWebKit/537.36 (KHTML, like Gecko) Version/4.0 Chrome/60.0.3112.107 Moblie Safari/537.36"
213.136.81.226 - - [31/Mar/2025:11:58:22 -0400] "GET /test/ HTTP/1.1" 404 1251 "-" "Mozlila/5.0 (Linux; Android 7.0; SM-G892A Bulid/NRD90M; wv) AppleWebKit/537.36 (KHTML, like Gecko) Version/4.0 Chrome/60.0.3112.107 Moblie Safari/537.36"
213.136.81.226 - - [31/Mar/2025:11:58:22 -0400] "GET /img/ HTTP/1.1" 404 1251 "-" "Mozlila/5.0 (Linux; Android 7.0; SM-G892A Bulid/NRD90M; wv) AppleWebKit/537.36 (KHTML, like Gecko) Version/4.0 Chrome/60.0.3112.107 Moblie Safari/537.36"
213.136.81.226 - - [31/Mar/2025:11:58:23 -0400] "GET /wp-content/mu-plugins/ HTTP/1.1" 404 1251 "-" "Mozlila/5.0 (Linux; Android 7.0; SM-G892A Bulid/NRD90M; wv) AppleWebKit/537.36 (KHTML, like Gecko) Version/4.0 Chrome/60.0.3112.107 Moblie Safari/537.36"
213.136.81.226 - - [31/Mar/2025:11:58:23 -0400] "GET /components/ HTTP/1.1" 404 1251 "-" "Mozlila/5.0 (Linux; Android 7.0; SM-G892A Bulid/NRD90M; wv) AppleWebKit/537.36 (KHTML, like Gecko) Version/4.0 Chrome/60.0.3112.107 Moblie Safari/537.36"
213.136.81.226 - - [31/Mar/2025:11:58:23 -0400] "GET /wp-includes/js/ HTTP/1.1" 403 1242 "-" "Mozlila/5.0 (Linux; Android 7.0; SM-G892A Bulid/NRD90M; wv) AppleWebKit/537.36 (KHTML, like Gecko) Version/4.0 Chrome/60.0.3112.107 Moblie Safari/537.36"
213.136.81.226 - - [31/Mar/2025:11:58:24 -0400] "GET /wp-admin/css/ HTTP/1.1" 403 1242 "-" "Mozlila/5.0 (Linux; Android 7.0; SM-G892A Bulid/NRD90M; wv) AppleWebKit/537.36 (KHTML, like Gecko) Version/4.0 Chrome/60.0.3112.107 Moblie Safari/537.36"
213.136.81.226 - - [31/Mar/2025:11:58:24 -0400] "GET /wp-content/ HTTP/1.1" 200 0 "-" "Mozlila/5.0 (Linux; Android 7.0; SM-G892A Bulid/NRD90M; wv) AppleWebKit/537.36 (KHTML, like Gecko) Version/4.0 Chrome/60.0.3112.107 Moblie Safari/537.36"
213.136.81.226 - - [31/Mar/2025:11:58:25 -0400] "GET /wp-content/themes/ HTTP/1.1" 403 1242 "-" "Mozlila/5.0 (Linux; Android 7.0; SM-G892A Bulid/NRD90M; wv) AppleWebKit/537.36 (KHTML, like Gecko) Version/4.0 Chrome/60.0.3112.107 Moblie Safari/537.36"
198.54.114.83 - - [31/Mar/2025:11:58:29 -0400] "POST /wp-cron.php?doing_wp_cron=1743436709.3298261165618896484375 HTTP/1.1" 200 0 "-" "WordPress/6.7.2; https://theswadeshbazzar.com"
213.136.81.226 - - [31/Mar/2025:11:58:25 -0400] "GET /wp-admin/ HTTP/1.1" 302 0 "-" "Mozlila/5.0 (Linux; Android 7.0; SM-G892A Bulid/NRD90M; wv) AppleWebKit/537.36 (KHTML, like Gecko) Version/4.0 Chrome/60.0.3112.107 Moblie Safari/537.36"
213.136.81.226 - - [31/Mar/2025:11:58:36 -0400] "GET /uploads/ HTTP/1.1" 404 1251 "-" "Mozlila/5.0 (Linux; Android 7.0; SM-G892A Bulid/NRD90M; wv) AppleWebKit/537.36 (KHTML, like Gecko) Version/4.0 Chrome/60.0.3112.107 Moblie Safari/537.36"
213.136.81.226 - - [31/Mar/2025:11:58:37 -0400] "GET /upload/ HTTP/1.1" 404 1251 "-" "Mozlila/5.0 (Linux; Android 7.0; SM-G892A Bulid/NRD90M; wv) AppleWebKit/537.36 (KHTML, like Gecko) Version/4.0 Chrome/60.0.3112.107 Moblie Safari/537.36"
213.136.81.226 - - [31/Mar/2025:11:58:37 -0400] "GET /home/ HTTP/1.1" 404 1251 "-" "Mozlila/5.0 (Linux; Android 7.0; SM-G892A Bulid/NRD90M; wv) AppleWebKit/537.36 (KHTML, like Gecko) Version/4.0 Chrome/60.0.3112.107 Moblie Safari/537.36"
213.136.81.226 - - [31/Mar/2025:11:58:38 -0400] "GET /files/ HTTP/1.1" 404 1251 "-" "Mozlila/5.0 (Linux; Android 7.0; SM-G892A Bulid/NRD90M; wv) AppleWebKit/537.36 (KHTML, like Gecko) Version/4.0 Chrome/60.0.3112.107 Moblie Safari/537.36"
49.51.73.183 - - [31/Mar/2025:12:01:42 -0400] "GET / HTTP/1.1" 200 211200 "-" "Mozilla/5.0 (iPhone; CPU iPhone OS 13_2_3 like Mac OS X) AppleWebKit/605.1.15 (KHTML, like Gecko) Version/13.0.3 Mobile/15E148 Safari/604.1"
173.245.207.242 - - [31/Mar/2025:12:15:38 -0400] "GET /mk-bags-for-sale/ HTTP/1.1" 404 1251 "http://theswadeshbazzar.com/mk-bags-for-sale/" "Mozilla/5.0 (Windows NT 10.0; Win64; x64) AppleWebKit/537.36 (KHTML, like Gecko) Chrome/130.0.0.0 Safari/537.36 CCleaner/130.0.0.0"
173.245.207.242 - - [31/Mar/2025:12:15:39 -0400] "GET / HTTP/1.1" 200 211200 "http://theswadeshbazzar.com/" "Mozilla/5.0 (Windows NT 10.0; Win64; x64) AppleWebKit/537.36 (KHTML, like Gecko) Chrome/130.0.0.0 Safari/537.36 CCleaner/130.0.0.0"
198.54.114.83 - - [31/Mar/2025:12:48:54 -0400] "POST /wp-cron.php?doing_wp_cron=1743439734.6249229907989501953125 HTTP/1.1" 200 0 "-" "WordPress/6.7.2; https://theswadeshbazzar.com"
198.54.114.83 - - [31/Mar/2025:12:48:54 -0400] "POST /wp-cron.php?doing_wp_cron=1743439734.6283559799194335937500 HTTP/1.1" 200 0 "-" "WordPress/6.7.2; https://theswadeshbazzar.com"
45.56.173.210 - - [31/Mar/2025:12:48:50 -0400] "POST /xmlrpc.php HTTP/1.1" 200 212 "-" "Mozilla/5.0 (Macintosh; Intel Mac OS X 10_15_8) AppleWebKit/532.34 (KHTML, like Gecko111) Chrome/97.8 Safari/531.33"
82.23.202.200 - - [31/Mar/2025:12:48:54 -0400] "POST /xmlrpc.php HTTP/1.1" 200 212 "-" "Mozilla/5.0 (Macintosh; Intel Mac OS X 10_15_2) AppleWebKit/534.32 (KHTML, like Gecko111) Chrome/99.3 Safari/537.32"
188.130.137.199 - - [31/Mar/2025:13:02:37 -0400] "GET /wp-content/plugins/wp-automatic/changelog HTTP/1.1" 404 1251 "-" "Mozilla/5.0 (compatible; Googlebot/2.1; +http://www.google.com/bot.html)"
216.244.66.196 - - [31/Mar/2025:13:36:19 -0400] "GET /robots.txt HTTP/1.1" 304 0 "-" "Mozilla/5.0 (compatible; DotBot/1.2; +https://opensiteexplorer.org/dotbot; help@moz.com)"
194.32.122.48 - - [31/Mar/2025:13:39:27 -0400] "GET / HTTP/1.1" 200 211200 "http://theswadeshbazzar.com/" "Mozilla/5.0 (Windows NT 6.3; Win64; x64) AppleWebKit/537.36 (KHTML, like Gecko) Chrome/103.0.5060.53 Safari/537.36"
216.244.66.196 - - [31/Mar/2025:14:23:21 -0400] "GET /robots.txt HTTP/1.1" 304 0 "-" "Mozilla/5.0 (compatible; DotBot/1.2; +https://opensiteexplorer.org/dotbot; help@moz.com)"
198.54.114.83 - - [31/Mar/2025:14:34:06 -0400] "POST /wp-cron.php?doing_wp_cron=1743446045.8525829315185546875000 HTTP/1.1" 200 0 "-" "WordPress/6.7.2; https://theswadeshbazzar.com"
103.159.239.202 - - [31/Mar/2025:14:34:03 -0400] "GET /wp-login.php HTTP/1.1" 302 0 "-" "Mozilla/5.0 (X11; Fedora; Linux x86_64; rv:94.0) Gecko/20100101 Firefox/95.0"
103.159.239.202 - - [31/Mar/2025:14:34:08 -0400] "GET ///?author=1 HTTP/1.1" 200 211200 "-" "Mozilla/5.0 (X11; Fedora; Linux x86_64; rv:94.0) Gecko/20100101 Firefox/95.0"
103.159.239.202 - - [31/Mar/2025:14:34:09 -0400] "GET ///wp-json/wp/v2/users/ HTTP/1.1" 404 1251 "-" "Mozilla/5.0 (X11; Fedora; Linux x86_64; rv:94.0) Gecko/20100101 Firefox/95.0"
192.42.116.219 - - [31/Mar/2025:14:45:29 -0400] "GET / HTTP/1.1" 200 211200 "theswadeshbazzar.com" "Mozilla/5.0 (Windows NT 6.2; Win64; x64) AppleWebKit/537.36 (KHTML, like Gecko) Chrome/32.0.1667.0 Safari/537.36"
88.80.26.2 - - [31/Mar/2025:14:45:32 -0400] "GET / HTTP/1.1" 200 211200 "http://theswadeshbazzar.com" "Mozilla/5.0 (Windows NT 6.2; Win64; x64) AppleWebKit/537.36 (KHTML, like Gecko) Chrome/32.0.1667.0 Safari/537.36"
88.80.26.2 - - [31/Mar/2025:14:45:34 -0400] "GET /Amazon/b/ref=bl_dp_s_web_7940963051?ie=UTF8&node=7940963051&field-lbr_brands_browse-bin=Amazon HTTP/1.1" 404 1251 "http://theswadeshbazzar.com/Amazon/b/ref=bl_dp_s_web_7940963051?ie=UTF8&node=7940963051&field-lbr_brands_browse-bin=Amazon" "Mozilla/5.0 (Windows NT 6.2; Win64; x64) AppleWebKit/537.36 (KHTML, like Gecko) Chrome/32.0.1667.0 Safari/537.36"
88.80.26.2 - - [31/Mar/2025:14:45:35 -0400] "GET /amazonfresh HTTP/1.1" 404 1251 "http://theswadeshbazzar.com/amazonfresh" "Mozilla/5.0 (Windows NT 6.2; Win64; x64) AppleWebKit/537.36 (KHTML, like Gecko) Chrome/32.0.1667.0 Safari/537.36"
88.80.26.2 - - [31/Mar/2025:14:45:35 -0400] "GET /auto-deliveries?ref_=nav_AccountFlyout_sns HTTP/1.1" 404 1251 "http://theswadeshbazzar.com/auto-deliveries?ref_=nav_AccountFlyout_sns" "Mozilla/5.0 (Windows NT 6.2; Win64; x64) AppleWebKit/537.36 (KHTML, like Gecko) Chrome/32.0.1667.0 Safari/537.36"
88.80.26.2 - - [31/Mar/2025:14:45:36 -0400] "GET /baby-reg?ref_=nav_ListFlyout_gno_bw HTTP/1.1" 404 1251 "http://theswadeshbazzar.com/baby-reg?ref_=nav_ListFlyout_gno_bw" "Mozilla/5.0 (Windows NT 6.2; Win64; x64) AppleWebKit/537.36 (KHTML, like Gecko) Chrome/32.0.1667.0 Safari/537.36"
88.80.26.2 - - [31/Mar/2025:14:45:36 -0400] "GET /dp/B076JKHDQT?ref=MarsFS_VICC_Ring+Rechargeable+Battery+Pack HTTP/1.1" 404 1251 "http://theswadeshbazzar.com/dp/B076JKHDQT?ref=MarsFS_VICC_Ring+Rechargeable+Battery+Pack" "Mozilla/5.0 (Windows NT 6.2; Win64; x64) AppleWebKit/537.36 (KHTML, like Gecko) Chrome/32.0.1667.0 Safari/537.36"
88.80.26.2 - - [31/Mar/2025:14:45:37 -0400] "GET /dp/B07NQ7HNHY?ref=MarsFS_AUCC_oe HTTP/1.1" 404 1251 "http://theswadeshbazzar.com/dp/B07NQ7HNHY?ref=MarsFS_AUCC_oe" "Mozilla/5.0 (Windows NT 6.2; Win64; x64) AppleWebKit/537.36 (KHTML, like Gecko) Chrome/32.0.1667.0 Safari/537.36"
88.80.26.2 - - [31/Mar/2025:14:45:38 -0400] "GET /dp/B084NTF5ZY?ref=MarsFS_AUCC_ta HTTP/1.1" 404 1251 "http://theswadeshbazzar.com/dp/B084NTF5ZY?ref=MarsFS_AUCC_ta" "Mozilla/5.0 (Windows NT 6.2; Win64; x64) AppleWebKit/537.36 (KHTML, like Gecko) Chrome/32.0.1667.0 Safari/537.36"
88.80.26.2 - - [31/Mar/2025:14:45:38 -0400] "GET /dp/B085G63QHT?ref=MarsFS_AUCC_lr HTTP/1.1" 404 1251 "http://theswadeshbazzar.com/dp/B085G63QHT?ref=MarsFS_AUCC_lr" "Mozilla/5.0 (Windows NT 6.2; Win64; x64) AppleWebKit/537.36 (KHTML, like Gecko) Chrome/32.0.1667.0 Safari/537.36"
88.80.26.2 - - [31/Mar/2025:14:45:39 -0400] "GET /dp/B085PVB5BP?ref=MarsFS_eero_c HTTP/1.1" 404 1251 "http://theswadeshbazzar.com/dp/B085PVB5BP?ref=MarsFS_eero_c" "Mozilla/5.0 (Windows NT 6.2; Win64; x64) AppleWebKit/537.36 (KHTML, like Gecko) Chrome/32.0.1667.0 Safari/537.36"
88.80.26.2 - - [31/Mar/2025:14:45:39 -0400] "GET /dp/B085Q2ZF1X?ref=MarsFS_eero_ccc HTTP/1.1" 404 1251 "http://theswadeshbazzar.com/dp/B085Q2ZF1X?ref=MarsFS_eero_ccc" "Mozilla/5.0 (Windows NT 6.2; Win64; x64) AppleWebKit/537.36 (KHTML, like Gecko) Chrome/32.0.1667.0 Safari/537.36"
88.80.26.2 - - [31/Mar/2025:14:45:40 -0400] "GET /dp/B086PFKYVH?ref=MarsFS_eero_AG HTTP/1.1" 404 1251 "http://theswadeshbazzar.com/dp/B086PFKYVH?ref=MarsFS_eero_AG" "Mozilla/5.0 (Windows NT 6.2; Win64; x64) AppleWebKit/537.36 (KHTML, like Gecko) Chrome/32.0.1667.0 Safari/537.36"
88.80.26.2 - - [31/Mar/2025:14:45:41 -0400] "GET /dp/B086PGZRGK?ref=MarsFS_eero_AGALAL HTTP/1.1" 404 1251 "http://theswadeshbazzar.com/dp/B086PGZRGK?ref=MarsFS_eero_AGALAL" "Mozilla/5.0 (Windows NT 6.2; Win64; x64) AppleWebKit/537.36 (KHTML, like Gecko) Chrome/32.0.1667.0 Safari/537.36"
185.220.101.23 - - [31/Mar/2025:14:45:41 -0400] "GET /dp/B08DJC1KMJ?ref=MarsFS_VICC_rvdpro2_faceplate HTTP/1.1" 404 1251 "http://theswadeshbazzar.com/dp/B08DJC1KMJ?ref=MarsFS_VICC_rvdpro2_faceplate" "Mozilla/5.0 (Windows NT 6.2; Win64; x64) AppleWebKit/537.36 (KHTML, like Gecko) Chrome/32.0.1667.0 Safari/537.36"
45.84.107.97 - - [31/Mar/2025:14:45:42 -0400] "GET /dp/B08LZ3LTFV?ref=MarsFS_VICC_rvdwired_cornerkit HTTP/1.1" 404 1251 "http://theswadeshbazzar.com/dp/B08LZ3LTFV?ref=MarsFS_VICC_rvdwired_cornerkit" "Mozilla/5.0 (Windows NT 6.2; Win64; x64) AppleWebKit/537.36 (KHTML, like Gecko) Chrome/32.0.1667.0 Safari/537.36"
45.84.107.97 - - [31/Mar/2025:14:45:43 -0400] "GET /dp/B08MQNGX3W?ref=MarsFS_AUCC_B08MQNGX3W HTTP/1.1" 404 1251 "http://theswadeshbazzar.com/dp/B08MQNGX3W?ref=MarsFS_AUCC_B08MQNGX3W" "Mozilla/5.0 (Windows NT 6.2; Win64; x64) AppleWebKit/537.36 (KHTML, like Gecko) Chrome/32.0.1667.0 Safari/537.36"
45.84.107.97 - - [31/Mar/2025:14:45:43 -0400] "GET /dp/B08ZJVVMT4?ref=MarsFS_eero_en HTTP/1.1" 404 1251 "http://theswadeshbazzar.com/dp/B08ZJVVMT4?ref=MarsFS_eero_en" "Mozilla/5.0 (Windows NT 6.2; Win64; x64) AppleWebKit/537.36 (KHTML, like Gecko) Chrome/32.0.1667.0 Safari/537.36"
45.84.107.97 - - [31/Mar/2025:14:45:44 -0400] "GET /dp/B091D9R5XX?ref=MarsFS_VICC_rvdwired HTTP/1.1" 404 1251 "http://theswadeshbazzar.com/dp/B091D9R5XX?ref=MarsFS_VICC_rvdwired" "Mozilla/5.0 (Windows NT 6.2; Win64; x64) AppleWebKit/537.36 (KHTML, like Gecko) Chrome/32.0.1667.0 Safari/537.36"
45.84.107.97 - - [31/Mar/2025:14:45:44 -0400] "GET /dp/B091G4D95D?ref=MarsFS_eero_en HTTP/1.1" 404 1251 "http://theswadeshbazzar.com/dp/B091G4D95D?ref=MarsFS_eero_en" "Mozilla/5.0 (Windows NT 6.2; Win64; x64) AppleWebKit/537.36 (KHTML, like Gecko) Chrome/32.0.1667.0 Safari/537.36"
45.84.107.97 - - [31/Mar/2025:14:45:45 -0400] "GET /dp/B091G668JP?ref=MarsFS_eero_en HTTP/1.1" 404 1251 "http://theswadeshbazzar.com/dp/B091G668JP?ref=MarsFS_eero_en" "Mozilla/5.0 (Windows NT 6.2; Win64; x64) AppleWebKit/537.36 (KHTML, like Gecko) Chrome/32.0.1667.0 Safari/537.36"
45.84.107.97 - - [31/Mar/2025:14:45:46 -0400] "GET /dp/B09B2RL8CG?ref=MarsFS_AUCC_hyp HTTP/1.1" 404 1251 "http://theswadeshbazzar.com/dp/B09B2RL8CG?ref=MarsFS_AUCC_hyp" "Mozilla/5.0 (Windows NT 6.2; Win64; x64) AppleWebKit/537.36 (KHTML, like Gecko) Chrome/32.0.1667.0 Safari/537.36"
107.189.30.69 - - [31/Mar/2025:14:45:47 -0400] "GET /dp/B09B8YP8KY?ref=MarsFS_AUCC_cann HTTP/1.1" 404 1251 "http://theswadeshbazzar.com/dp/B09B8YP8KY?ref=MarsFS_AUCC_cann" "Mozilla/5.0 (Windows NT 6.2; Win64; x64) AppleWebKit/537.36 (KHTML, like Gecko) Chrome/32.0.1667.0 Safari/537.36"
94.230.208.147 - - [31/Mar/2025:14:45:48 -0400] "GET /dp/B09BS5XWNS?ref=MarsFS_KINDLE_br HTTP/1.1" 404 1251 "http://theswadeshbazzar.com/dp/B09BS5XWNS?ref=MarsFS_KINDLE_br" "Mozilla/5.0 (Windows NT 6.2; Win64; x64) AppleWebKit/537.36 (KHTML, like Gecko) Chrome/32.0.1667.0 Safari/537.36"
45.84.107.101 - - [31/Mar/2025:14:45:48 -0400] "GET /dp/B09DRX62ZV?ref=MarsFS_VICC_spotlight HTTP/1.1" 404 1251 "http://theswadeshbazzar.com/dp/B09DRX62ZV?ref=MarsFS_VICC_spotlight" "Mozilla/5.0 (Windows NT 6.2; Win64; x64) AppleWebKit/537.36 (KHTML, like Gecko) Chrome/32.0.1667.0 Safari/537.36"
45.84.107.101 - - [31/Mar/2025:14:45:49 -0400] "GET /dp/B09L462YVZ?ref=MarsFS_VICC_CHIME HTTP/1.1" 404 1251 "http://theswadeshbazzar.com/dp/B09L462YVZ?ref=MarsFS_VICC_CHIME" "Mozilla/5.0 (Windows NT 6.2; Win64; x64) AppleWebKit/537.36 (KHTML, like Gecko) Chrome/32.0.1667.0 Safari/537.36"
45.84.107.101 - - [31/Mar/2025:14:45:50 -0400] "GET /dp/B09TDTJKF1?ref=MarsFS_SMP_B09TDTJKF1 HTTP/1.1" 404 1251 "http://theswadeshbazzar.com/dp/B09TDTJKF1?ref=MarsFS_SMP_B09TDTJKF1" "Mozilla/5.0 (Windows NT 6.2; Win64; x64) AppleWebKit/537.36 (KHTML, like Gecko) Chrome/32.0.1667.0 Safari/537.36"
45.84.107.101 - - [31/Mar/2025:14:45:50 -0400] "GET /dp/B09WXH9BH7?ref=MarsFS_AUCC_ch HTTP/1.1" 404 1251 "http://theswadeshbazzar.com/dp/B09WXH9BH7?ref=MarsFS_AUCC_ch" "Mozilla/5.0 (Windows NT 6.2; Win64; x64) AppleWebKit/537.36 (KHTML, like Gecko) Chrome/32.0.1667.0 Safari/537.36"
45.84.107.101 - - [31/Mar/2025:14:45:51 -0400] "GET /dp/B09WZBPX7K?ref=MarsFS_VICC_rvdw HTTP/1.1" 404 1251 "http://theswadeshbazzar.com/dp/B09WZBPX7K?ref=MarsFS_VICC_rvdw" "Mozilla/5.0 (Windows NT 6.2; Win64; x64) AppleWebKit/537.36 (KHTML, like Gecko) Chrome/32.0.1667.0 Safari/537.36"
45.84.107.101 - - [31/Mar/2025:14:45:52 -0400] "GET /dp/B09Y1GZR7T?ref=MarsFS_AUCC_gw HTTP/1.1" 404 1251 "http://theswadeshbazzar.com/dp/B09Y1GZR7T?ref=MarsFS_AUCC_gw" "Mozilla/5.0 (Windows NT 6.2; Win64; x64) AppleWebKit/537.36 (KHTML, like Gecko) Chrome/32.0.1667.0 Safari/537.36"
45.84.107.101 - - [31/Mar/2025:14:45:52 -0400] "GET /dp/B0B2BY4ZG7?ref=MarsFS_VICC_rvdw HTTP/1.1" 404 1251 "http://theswadeshbazzar.com/dp/B0B2BY4ZG7?ref=MarsFS_VICC_rvdw" "Mozilla/5.0 (Windows NT 6.2; Win64; x64) AppleWebKit/537.36 (KHTML, like Gecko) Chrome/32.0.1667.0 Safari/537.36"
45.84.107.101 - - [31/Mar/2025:14:45:53 -0400] "GET /dp/B0B6GK4VTC?ref=MarsFS_VICC_RINGINDC HTTP/1.1" 404 1251 "http://theswadeshbazzar.com/dp/B0B6GK4VTC?ref=MarsFS_VICC_RINGINDC" "Mozilla/5.0 (Windows NT 6.2; Win64; x64) AppleWebKit/537.36 (KHTML, like Gecko) Chrome/32.0.1667.0 Safari/537.36"
45.84.107.101 - - [31/Mar/2025:14:45:54 -0400] "GET /dp/B0BCR4YW51?ref=MarsFS_AUCC_eh HTTP/1.1" 404 1251 "http://theswadeshbazzar.com/dp/B0BCR4YW51?ref=MarsFS_AUCC_eh" "Mozilla/5.0 (Windows NT 6.2; Win64; x64) AppleWebKit/537.36 (KHTML, like Gecko) Chrome/32.0.1667.0 Safari/537.36"
45.84.107.101 - - [31/Mar/2025:14:45:55 -0400] "GET /dp/B0BLS3H65Z?ref=MarsFS_AUCC_ath HTTP/1.1" 404 1251 "http://theswadeshbazzar.com/dp/B0BLS3H65Z?ref=MarsFS_AUCC_ath" "Mozilla/5.0 (Windows NT 6.2; Win64; x64) AppleWebKit/537.36 (KHTML, like Gecko) Chrome/32.0.1667.0 Safari/537.36"
45.84.107.101 - - [31/Mar/2025:14:45:56 -0400] "GET /dp/B0BTG4S29L?ref=MarsFS_SMP_B0BTG4S29L HTTP/1.1" 404 1251 "http://theswadeshbazzar.com/dp/B0BTG4S29L?ref=MarsFS_SMP_B0BTG4S29L" "Mozilla/5.0 (Windows NT 6.2; Win64; x64) AppleWebKit/537.36 (KHTML, like Gecko) Chrome/32.0.1667.0 Safari/537.36"
45.84.107.101 - - [31/Mar/2025:14:45:56 -0400] "GET /dp/B0BZWRSRWV?ref=MarsFS_VICC_rvd HTTP/1.1" 404 1251 "http://theswadeshbazzar.com/dp/B0BZWRSRWV?ref=MarsFS_VICC_rvd" "Mozilla/5.0 (Windows NT 6.2; Win64; x64) AppleWebKit/537.36 (KHTML, like Gecko) Chrome/32.0.1667.0 Safari/537.36"
45.84.107.101 - - [31/Mar/2025:14:45:57 -0400] "GET /dp/B0C2RXN77R?ref=MarsFS_AUCC_es HTTP/1.1" 404 1251 "http://theswadeshbazzar.com/dp/B0C2RXN77R?ref=MarsFS_AUCC_es" "Mozilla/5.0 (Windows NT 6.2; Win64; x64) AppleWebKit/537.36 (KHTML, like Gecko) Chrome/32.0.1667.0 Safari/537.36"
45.84.107.101 - - [31/Mar/2025:14:45:57 -0400] "GET /dp/B0C5QRZ47P?ref=MarsFS_VICC_STUC HTTP/1.1" 404 1251 "http://theswadeshbazzar.com/dp/B0C5QRZ47P?ref=MarsFS_VICC_STUC" "Mozilla/5.0 (Windows NT 6.2; Win64; x64) AppleWebKit/537.36 (KHTML, like Gecko) Chrome/32.0.1667.0 Safari/537.36"
45.84.107.101 - - [31/Mar/2025:14:45:58 -0400] "GET /dp/B0CFPHSTDD?ref=MarsFS_KINDLE_sgse HTTP/1.1" 404 1251 "http://theswadeshbazzar.com/dp/B0CFPHSTDD?ref=MarsFS_KINDLE_sgse" "Mozilla/5.0 (Windows NT 6.2; Win64; x64) AppleWebKit/537.36 (KHTML, like Gecko) Chrome/32.0.1667.0 Safari/537.36"
185.220.101.56 - - [31/Mar/2025:14:45:59 -0400] "GET /dp/B0CFPL6CFY?ref=MarsFS_KINDLE_B0CFPL6CFY HTTP/1.1" 404 1251 "http://theswadeshbazzar.com/dp/B0CFPL6CFY?ref=MarsFS_KINDLE_B0CFPL6CFY" "Mozilla/5.0 (Windows NT 6.2; Win64; x64) AppleWebKit/537.36 (KHTML, like Gecko) Chrome/32.0.1667.0 Safari/537.36"
192.42.116.191 - - [31/Mar/2025:14:46:00 -0400] "GET /dp/B0CG2TPLJV?ref=MarsFS_VICC_PNTC HTTP/1.1" 404 1251 "http://theswadeshbazzar.com/dp/B0CG2TPLJV?ref=MarsFS_VICC_PNTC" "Mozilla/5.0 (Windows NT 6.2; Win64; x64) AppleWebKit/537.36 (KHTML, like Gecko) Chrome/32.0.1667.0 Safari/537.36"
192.42.116.191 - - [31/Mar/2025:14:46:01 -0400] "GET /dp/B0CJKV1J9N?ref=MarsFS_SMP_B0CJKV1J9N HTTP/1.1" 404 1251 "http://theswadeshbazzar.com/dp/B0CJKV1J9N?ref=MarsFS_SMP_B0CJKV1J9N" "Mozilla/5.0 (Windows NT 6.2; Win64; x64) AppleWebKit/537.36 (KHTML, like Gecko) Chrome/32.0.1667.0 Safari/537.36"
192.42.116.191 - - [31/Mar/2025:14:46:01 -0400] "GET /dp/B0CP31QS6R?ref=MarsFS_KINDLE_rs HTTP/1.1" 404 1251 "http://theswadeshbazzar.com/dp/B0CP31QS6R?ref=MarsFS_KINDLE_rs" "Mozilla/5.0 (Windows NT 6.2; Win64; x64) AppleWebKit/537.36 (KHTML, like Gecko) Chrome/32.0.1667.0 Safari/537.36"
192.42.116.191 - - [31/Mar/2025:14:46:02 -0400] "GET /dp/B0CPKX85TD?ref=MarsFS_eero_JU HTTP/1.1" 404 1251 "http://theswadeshbazzar.com/dp/B0CPKX85TD?ref=MarsFS_eero_JU" "Mozilla/5.0 (Windows NT 6.2; Win64; x64) AppleWebKit/537.36 (KHTML, like Gecko) Chrome/32.0.1667.0 Safari/537.36"
192.42.116.191 - - [31/Mar/2025:14:46:03 -0400] "GET /dp/B0CQMZ24LR?ref=MarsFS_SMP_B0CQMZ24LR HTTP/1.1" 404 1251 "http://theswadeshbazzar.com/dp/B0CQMZ24LR?ref=MarsFS_SMP_B0CQMZ24LR" "Mozilla/5.0 (Windows NT 6.2; Win64; x64) AppleWebKit/537.36 (KHTML, like Gecko) Chrome/32.0.1667.0 Safari/537.36"
192.42.116.191 - - [31/Mar/2025:14:46:03 -0400] "GET /dp/B0CZB5RHWX?ref=MarsFS_KINDLE_pc HTTP/1.1" 404 1251 "http://theswadeshbazzar.com/dp/B0CZB5RHWX?ref=MarsFS_KINDLE_pc" "Mozilla/5.0 (Windows NT 6.2; Win64; x64) AppleWebKit/537.36 (KHTML, like Gecko) Chrome/32.0.1667.0 Safari/537.36"
192.42.116.191 - - [31/Mar/2025:14:46:03 -0400] "GET /dp/B0D3RN5W37?ref=MarsFS_VICC_blinksqm HTTP/1.1" 404 1251 "http://theswadeshbazzar.com/dp/B0D3RN5W37?ref=MarsFS_VICC_blinksqm" "Mozilla/5.0 (Windows NT 6.2; Win64; x64) AppleWebKit/537.36 (KHTML, like Gecko) Chrome/32.0.1667.0 Safari/537.36"
192.42.116.191 - - [31/Mar/2025:14:46:04 -0400] "GET /dp/B0D47Z1SB9?ref=MarsFS_VICC_blinkvin HTTP/1.1" 404 1251 "http://theswadeshbazzar.com/dp/B0D47Z1SB9?ref=MarsFS_VICC_blinkvin" "Mozilla/5.0 (Windows NT 6.2; Win64; x64) AppleWebKit/537.36 (KHTML, like Gecko) Chrome/32.0.1667.0 Safari/537.36"
192.42.116.191 - - [31/Mar/2025:14:46:05 -0400] "GET /dp/B0D483WX7X?ref=MarsFS_VICC_blinksed HTTP/1.1" 404 1251 "http://theswadeshbazzar.com/dp/B0D483WX7X?ref=MarsFS_VICC_blinksed" "Mozilla/5.0 (Windows NT 6.2; Win64; x64) AppleWebKit/537.36 (KHTML, like Gecko) Chrome/32.0.1667.0 Safari/537.36"
192.42.116.191 - - [31/Mar/2025:14:46:06 -0400] "GET /dp/B0D484S271?ref=MarsFS_VICC_blinkhk HTTP/1.1" 404 1251 "http://theswadeshbazzar.com/dp/B0D484S271?ref=MarsFS_VICC_blinkhk" "Mozilla/5.0 (Windows NT 6.2; Win64; x64) AppleWebKit/537.36 (KHTML, like Gecko) Chrome/32.0.1667.0 Safari/537.36"
192.42.116.191 - - [31/Mar/2025:14:46:06 -0400] "GET /gp/css/homepage.html?ref_=nav_AccountFlyout_ya HTTP/1.1" 404 1251 "http://theswadeshbazzar.com/gp/css/homepage.html?ref_=nav_AccountFlyout_ya" "Mozilla/5.0 (Windows NT 6.2; Win64; x64) AppleWebKit/537.36 (KHTML, like Gecko) Chrome/32.0.1667.0 Safari/537.36"
192.42.116.191 - - [31/Mar/2025:14:46:07 -0400] "GET /gp/css/order-history?ref_=nav_AccountFlyout_orders HTTP/1.1" 404 1251 "http://theswadeshbazzar.com/gp/css/order-history?ref_=nav_AccountFlyout_orders" "Mozilla/5.0 (Windows NT 6.2; Win64; x64) AppleWebKit/537.36 (KHTML, like Gecko) Chrome/32.0.1667.0 Safari/537.36"
192.42.116.191 - - [31/Mar/2025:14:46:08 -0400] "GET /gp/customer-reviews/R1PEI6HEVK2UIC/ref=cm_cr_dp_d_rvw_ttl?ie=UTF8&ASIN=B0DG4WZZPV HTTP/1.1" 404 1251 "http://theswadeshbazzar.com/gp/customer-reviews/R1PEI6HEVK2UIC/ref=cm_cr_dp_d_rvw_ttl?ie=UTF8&ASIN=B0DG4WZZPV" "Mozilla/5.0 (Windows NT 6.2; Win64; x64) AppleWebKit/537.36 (KHTML, like Gecko) Chrome/32.0.1667.0 Safari/537.36"
192.42.116.191 - - [31/Mar/2025:14:46:08 -0400] "GET /gp/customer-reviews/R2DVCU4L2UJJBX/ref=cm_cr_dp_d_rvw_ttl?ie=UTF8&ASIN=B0DG4WZZPV HTTP/1.1" 404 1251 "http://theswadeshbazzar.com/gp/customer-reviews/R2DVCU4L2UJJBX/ref=cm_cr_dp_d_rvw_ttl?ie=UTF8&ASIN=B0DG4WZZPV" "Mozilla/5.0 (Windows NT 6.2; Win64; x64) AppleWebKit/537.36 (KHTML, like Gecko) Chrome/32.0.1667.0 Safari/537.36"
192.42.116.191 - - [31/Mar/2025:14:46:09 -0400] "GET /gp/customer-reviews/RSOLMCOFAZGYC/ref=cm_cr_dp_d_rvw_ttl?ie=UTF8&ASIN=B0DG4WZZPV HTTP/1.1" 404 1251 "http://theswadeshbazzar.com/gp/customer-reviews/RSOLMCOFAZGYC/ref=cm_cr_dp_d_rvw_ttl?ie=UTF8&ASIN=B0DG4WZZPV" "Mozilla/5.0 (Windows NT 6.2; Win64; x64) AppleWebKit/537.36 (KHTML, like Gecko) Chrome/32.0.1667.0 Safari/537.36"
192.42.116.191 - - [31/Mar/2025:14:46:10 -0400] "GET /gp/mas/your-account/myapps?ref_=nav_AccountFlyout_aad HTTP/1.1" 404 1251 "http://theswadeshbazzar.com/gp/mas/your-account/myapps?ref_=nav_AccountFlyout_aad" "Mozilla/5.0 (Windows NT 6.2; Win64; x64) AppleWebKit/537.36 (KHTML, like Gecko) Chrome/32.0.1667.0 Safari/537.36"
37.221.208.71 - - [31/Mar/2025:14:46:10 -0400] "GET /gp/prime?ref_=nav_prime_btn_fb HTTP/1.1" 404 1251 "http://theswadeshbazzar.com/gp/prime?ref_=nav_prime_btn_fb" "Mozilla/5.0 (Windows NT 6.2; Win64; x64) AppleWebKit/537.36 (KHTML, like Gecko) Chrome/32.0.1667.0 Safari/537.36"
37.221.208.71 - - [31/Mar/2025:14:46:11 -0400] "GET /gp/profile/amzn1.account.AEI6M6PK7YTYMMDYHFCY44VLPMYQ/ref=cm_cr_dp_d_gw_tr?ie=UTF8 HTTP/1.1" 404 1251 "http://theswadeshbazzar.com/gp/profile/amzn1.account.AEI6M6PK7YTYMMDYHFCY44VLPMYQ/ref=cm_cr_dp_d_gw_tr?ie=UTF8" "Mozilla/5.0 (Windows NT 6.2; Win64; x64) AppleWebKit/537.36 (KHTML, like Gecko) Chrome/32.0.1667.0 Safari/537.36"
192.42.116.208 - - [31/Mar/2025:14:46:12 -0400] "GET /gp/profile/amzn1.account.AF5FRYZXCS7TKUJBS42LJ5SIYFCQ/ref=cm_cr_dp_d_gw_tr?ie=UTF8 HTTP/1.1" 404 1251 "http://theswadeshbazzar.com/gp/profile/amzn1.account.AF5FRYZXCS7TKUJBS42LJ5SIYFCQ/ref=cm_cr_dp_d_gw_tr?ie=UTF8" "Mozilla/5.0 (Windows NT 6.2; Win64; x64) AppleWebKit/537.36 (KHTML, like Gecko) Chrome/32.0.1667.0 Safari/537.36"
192.42.116.208 - - [31/Mar/2025:14:46:12 -0400] "GET /gp/profile/amzn1.account.AFXQP46YJ2XUKR4MYZFNG3H2CXBQ/ref=cm_cr_dp_d_gw_tr?ie=UTF8 HTTP/1.1" 404 1251 "http://theswadeshbazzar.com/gp/profile/amzn1.account.AFXQP46YJ2XUKR4MYZFNG3H2CXBQ/ref=cm_cr_dp_d_gw_tr?ie=UTF8" "Mozilla/5.0 (Windows NT 6.2; Win64; x64) AppleWebKit/537.36 (KHTML, like Gecko) Chrome/32.0.1667.0 Safari/537.36"
192.42.116.208 - - [31/Mar/2025:14:46:13 -0400] "GET /gp/registry/wishlist HTTP/1.1" 404 1251 "http://theswadeshbazzar.com/gp/registry/wishlist" "Mozilla/5.0 (Windows NT 6.2; Win64; x64) AppleWebKit/537.36 (KHTML, like Gecko) Chrome/32.0.1667.0 Safari/537.36"
192.42.116.208 - - [31/Mar/2025:14:46:13 -0400] "GET /gp/subs/primeclub/account/homepage.html?ref_=nav_youraccount_prime HTTP/1.1" 404 1251 "http://theswadeshbazzar.com/gp/subs/primeclub/account/homepage.html?ref_=nav_youraccount_prime" "Mozilla/5.0 (Windows NT 6.2; Win64; x64) AppleWebKit/537.36 (KHTML, like Gecko) Chrome/32.0.1667.0 Safari/537.36"
192.42.116.208 - - [31/Mar/2025:14:46:14 -0400] "GET /gp/video/ssoredirect?pvp=/ref%3D_apv&ref_=nav_AccountFlyout__apv HTTP/1.1" 404 1251 "http://theswadeshbazzar.com/gp/video/ssoredirect?pvp=/ref%3D_apv&ref_=nav_AccountFlyout__apv" "Mozilla/5.0 (Windows NT 6.2; Win64; x64) AppleWebKit/537.36 (KHTML, like Gecko) Chrome/32.0.1667.0 Safari/537.36"
192.42.116.208 - - [31/Mar/2025:14:46:15 -0400] "GET /gp/yourstore?ref_=nav_AccountFlyout_recs HTTP/1.1" 404 1251 "http://theswadeshbazzar.com/gp/yourstore?ref_=nav_AccountFlyout_recs" "Mozilla/5.0 (Windows NT 6.2; Win64; x64) AppleWebKit/537.36 (KHTML, like Gecko) Chrome/32.0.1667.0 Safari/537.36"
192.42.116.208 - - [31/Mar/2025:14:46:15 -0400] "GET /hz/mycd/myx?pageType=content&ref_=nav_AccountFlyout_myk HTTP/1.1" 404 1251 "http://theswadeshbazzar.com/hz/mycd/myx?pageType=content&ref_=nav_AccountFlyout_myk" "Mozilla/5.0 (Windows NT 6.2; Win64; x64) AppleWebKit/537.36 (KHTML, like Gecko) Chrome/32.0.1667.0 Safari/537.36"
192.42.116.208 - - [31/Mar/2025:14:46:17 -0400] "GET /hz/wishlist/ls?triggerElementID=createList&ref_=nav_ListFlyout_navFlyout_createList_lv_redirect HTTP/1.1" 404 1251 "http://theswadeshbazzar.com/hz/wishlist/ls?triggerElementID=createList&ref_=nav_ListFlyout_navFlyout_createList_lv_redirect" "Mozilla/5.0 (Windows NT 6.2; Win64; x64) AppleWebKit/537.36 (KHTML, like Gecko) Chrome/32.0.1667.0 Safari/537.36"
192.42.116.208 - - [31/Mar/2025:14:46:17 -0400] "GET /hz5/yourmembershipsandsubscriptions?ref_=nav_AccountFlyout_digital_subscriptions HTTP/1.1" 404 1251 "http://theswadeshbazzar.com/hz5/yourmembershipsandsubscriptions?ref_=nav_AccountFlyout_digital_subscriptions" "Mozilla/5.0 (Windows NT 6.2; Win64; x64) AppleWebKit/537.36 (KHTML, like Gecko) Chrome/32.0.1667.0 Safari/537.36"
192.42.116.208 - - [31/Mar/2025:14:46:18 -0400] "GET /kindle-dbs/ku/ku-central?ref_=nav_AccountFlyout_ku HTTP/1.1" 404 1251 "http://theswadeshbazzar.com/kindle-dbs/ku/ku-central?ref_=nav_AccountFlyout_ku" "Mozilla/5.0 (Windows NT 6.2; Win64; x64) AppleWebKit/537.36 (KHTML, like Gecko) Chrome/32.0.1667.0 Safari/537.36"
192.42.116.208 - - [31/Mar/2025:14:46:19 -0400] "GET /photos?ref_=nav_AccountFlyout_photos HTTP/1.1" 404 1251 "http://theswadeshbazzar.com/photos?ref_=nav_AccountFlyout_photos" "Mozilla/5.0 (Windows NT 6.2; Win64; x64) AppleWebKit/537.36 (KHTML, like Gecko) Chrome/32.0.1667.0 Safari/537.36"
192.42.116.208 - - [31/Mar/2025:14:46:19 -0400] "GET /review/create-review/ref=cm_cr_dp_d_wr_but_top?ie=UTF8&channel=glance-detail&asin=B0DG4WZZPV HTTP/1.1" 404 1251 "http://theswadeshbazzar.com/review/create-review/ref=cm_cr_dp_d_wr_but_top?ie=UTF8&channel=glance-detail&asin=B0DG4WZZPV" "Mozilla/5.0 (Windows NT 6.2; Win64; x64) AppleWebKit/537.36 (KHTML, like Gecko) Chrome/32.0.1667.0 Safari/537.36"
192.42.116.208 - - [31/Mar/2025:14:46:20 -0400] "GET /yourpets?ref_=nav_AccountFlyout_petprofiles HTTP/1.1" 404 1251 "http://theswadeshbazzar.com/yourpets?ref_=nav_AccountFlyout_petprofiles" "Mozilla/5.0 (Windows NT 6.2; Win64; x64) AppleWebKit/537.36 (KHTML, like Gecko) Chrome/32.0.1667.0 Safari/537.36"
216.244.66.196 - - [31/Mar/2025:15:08:21 -0400] "GET /robots.txt HTTP/1.1" 304 0 "-" "Mozilla/5.0 (compatible; DotBot/1.2; +https://opensiteexplorer.org/dotbot; help@moz.com)"
117.33.163.216 - - [31/Mar/2025:15:45:18 -0400] "GET / HTTP/1.1" 200 211200 "-" "Mozilla/5.0 (iPhone; CPU iPhone OS 13_2_3 like Mac OS X) AppleWebKit/605.1.15 (KHTML, like Gecko) Version/13.0.3 Mobile/15E148 Safari/604.1"
216.244.66.196 - - [31/Mar/2025:15:53:57 -0400] "GET /robots.txt HTTP/1.1" 304 0 "-" "Mozilla/5.0 (compatible; DotBot/1.2; +https://opensiteexplorer.org/dotbot; help@moz.com)"
93.158.90.43 - - [31/Mar/2025:15:55:02 -0400] "GET /robots.txt HTTP/1.1" 200 23 "-" "Mozilla/5.0 (Linux; U; Android 13; sk-sk; Xiaomi 11T Pro Build/TKQ1.220829.002) AppleWebKit/537.36 (KHTML, like Gecko) Version/4.0 Chrome/112.0.5615.136 Mobile Safari/537.36 XiaoMi/MiuiBrowser/14.4.0-g"
93.158.90.52 - - [31/Mar/2025:15:55:09 -0400] "GET / HTTP/1.1" 200 211200 "-" "Mozilla/5.0 (Linux; U; Android 13; sk-sk; Xiaomi 11T Pro Build/TKQ1.220829.002) AppleWebKit/537.36 (KHTML, like Gecko) Version/4.0 Chrome/112.0.5615.136 Mobile Safari/537.36 XiaoMi/MiuiBrowser/14.4.0-g"
80.66.213.217 - - [31/Mar/2025:15:58:39 -0400] "GET /wp-login.php HTTP/1.1" 302 0 "-" "Mozilla/5.0 (Windows NT 10.0; Win64; x64; rv:86.0) Gecko/20100101 Firefox/86.0"
146.190.144.242 - - [31/Mar/2025:16:07:53 -0400] "GET / HTTP/1.1" 200 211200 "-" "Mozilla/5.0 (compatible)"
216.244.66.196 - - [31/Mar/2025:16:40:01 -0400] "GET /robots.txt HTTP/1.1" 304 0 "-" "Mozilla/5.0 (compatible; DotBot/1.2; +https://opensiteexplorer.org/dotbot; help@moz.com)"
216.244.66.196 - - [31/Mar/2025:17:44:08 -0400] "GET /personalised-valentines-day-gifts/ HTTP/1.1" 404 1251 "-" "Mozilla/5.0 (compatible; DotBot/1.2; +https://opensiteexplorer.org/dotbot; help@moz.com)"
91.202.4.43 - - [31/Mar/2025:17:45:20 -0400] "GET / HTTP/1.1" 200 211200 "-" "Mozilla/5.0 (Windows NT 10.0; Win64; x64) AppleWebKit/537.36 (KHTML, like Gecko) Chrome/58.0.3029.110 Safari/537.3"
185.147.214.14 - - [31/Mar/2025:17:45:39 -0400] "GET /mk-bags-for-sale/ HTTP/1.1" 404 1251 "http://theswadeshbazzar.com/mk-bags-for-sale/" "Mozilla/5.0 (Windows NT 10.0; Win64; x64) AppleWebKit/537.36 (KHTML, like Gecko) Chrome/130.0.0.0 Safari/537.36 CCleaner/130.0.0.0"
185.147.214.14 - - [31/Mar/2025:17:45:46 -0400] "GET / HTTP/1.1" 200 211200 "http://theswadeshbazzar.com/" "Mozilla/5.0 (Windows NT 10.0; Win64; x64) AppleWebKit/537.36 (KHTML, like Gecko) Chrome/130.0.0.0 Safari/537.36 CCleaner/130.0.0.0"
85.208.98.23 - - [31/Mar/2025:17:47:37 -0400] "GET /robots.txt HTTP/1.1" 304 0 "-" "Mozilla/5.0 (compatible; SemrushBot-BA; +http://www.semrush.com/bot.html)"
119.28.177.175 - - [31/Mar/2025:18:00:37 -0400] "GET / HTTP/1.1" 200 211200 "-" "Mozilla/5.0 (iPhone; CPU iPhone OS 13_2_3 like Mac OS X) AppleWebKit/605.1.15 (KHTML, like Gecko) Version/13.0.3 Mobile/15E148 Safari/604.1"
216.244.66.196 - - [31/Mar/2025:18:10:47 -0400] "GET /robots.txt HTTP/1.1" 304 0 "-" "Mozilla/5.0 (compatible; DotBot/1.2; +https://opensiteexplorer.org/dotbot; help@moz.com)"
216.244.66.196 - - [31/Mar/2025:18:56:51 -0400] "GET /robots.txt HTTP/1.1" 304 0 "-" "Mozilla/5.0 (compatible; DotBot/1.2; +https://opensiteexplorer.org/dotbot; help@moz.com)"
156.249.205.16 - - [31/Mar/2025:19:46:37 -0400] "GET /how-a-virtual-receptionist-can-help-your-business/ HTTP/1.1" 404 1251 "-" "Mozilla/5.0 (Macintosh; Intel Mac OS X 12_5) AppleWebKit/537.36 (KHTML, like Gecko) Chrome/114.0.0.0 YaBrowser/22.7.0 Yowser/2.5 Safari/537.36"
85.208.98.23 - - [31/Mar/2025:20:03:34 -0400] "GET /robots.txt HTTP/1.1" 304 0 "-" "Mozilla/5.0 (compatible; SemrushBot-BA; +http://www.semrush.com/bot.html)"
51.89.68.103 - - [31/Mar/2025:20:27:21 -0400] "GET /wp-content/plugins/WordPressCore/include.php HTTP/1.1" 404 1251 "-" "Mozilla/5.0 (Windows NT 10.0; Win64; x64) AppleWebKit/537.36 (KHTML, like Gecko) Chrome/127.0.0.0 Safari/537.36"
216.244.66.196 - - [31/Mar/2025:21:20:51 -0400] "GET /robots.txt HTTP/1.1" 304 0 "-" "Mozilla/5.0 (compatible; DotBot/1.2; +https://opensiteexplorer.org/dotbot; help@moz.com)"
43.153.69.199 - - [31/Mar/2025:21:47:48 -0400] "GET /cbd-for-anxiety-uk-what-you-need-to-know/ HTTP/1.1" 404 1251 "-" "Mozilla/5.0 (Macintosh; Intel Mac OS X 12_5) AppleWebKit/537.36 (KHTML, like Gecko) Chrome/114.0.0.0 Safari/537.36 OPR/89.0.4447.51"
82.165.125.50 - - [31/Mar/2025:21:49:17 -0400] "GET / HTTP/1.1" 200 211200 "-" "python-requests/2.27.1"
181.214.107.99 - - [31/Mar/2025:21:56:31 -0400] "GET / HTTP/1.1" 200 211200 "-" "Mozilla/5.0 (Windows NT 10.0; Win64; x64) AppleWebKit/537.36 (KHTML, like Gecko) Chrome/58.0.3029.110 Safari/537.3"
216.244.66.196 - - [31/Mar/2025:22:05:40 -0400] "GET /robots.txt HTTP/1.1" 200 23 "-" "Mozilla/5.0 (compatible; DotBot/1.2; +https://opensiteexplorer.org/dotbot; help@moz.com)"
51.89.68.103 - - [31/Mar/2025:22:22:26 -0400] "GET /wp-content/plugins/definite-unique/license.txt HTTP/1.1" 404 1251 "-" "Mozilla/5.0 (Windows NT 10.0; Win64; x64) AppleWebKit/537.36 (KHTML, like Gecko) Chrome/127.0.0.0 Safari/537.36"
138.201.60.47 - - [31/Mar/2025:22:26:42 -0400] "GET / HTTP/1.1" 200 211200 "-" "Mozilla/5.0 (Windows; U; Windows NT 5.1; ru; rv:1.9.0.1) Gecko/2008070208"
216.131.108.251 - - [31/Mar/2025:22:52:08 -0400] "GET /mk-bags-for-sale/ HTTP/1.1" 404 1251 "http://theswadeshbazzar.com/mk-bags-for-sale/" "Mozilla/5.0 (Windows NT 10.0; Win64; x64) AppleWebKit/537.36 (KHTML, like Gecko) Chrome/130.0.0.0 Safari/537.36"
216.131.108.251 - - [31/Mar/2025:22:52:09 -0400] "GET / HTTP/1.1" 200 211200 "http://theswadeshbazzar.com/" "Mozilla/5.0 (Windows NT 10.0; Win64; x64) AppleWebKit/537.36 (KHTML, like Gecko) Chrome/130.0.0.0 Safari/537.36"
35.88.89.217 - - [31/Mar/2025:22:57:59 -0400] "GET / HTTP/1.1" 200 211200 "-" "Mozilla/5.0 (Macintosh; Intel Mac OS X 10_12_6) AppleWebKit/537.36 (KHTML, like Gecko) Chrome/103.0.0.0 Safari/537.3"
85.208.98.23 - - [31/Mar/2025:23:12:51 -0400] "GET /robots.txt HTTP/1.1" 304 0 "-" "Mozilla/5.0 (compatible; SemrushBot-BA; +http://www.semrush.com/bot.html)"
216.244.66.196 - - [31/Mar/2025:23:35:42 -0400] "GET /robots.txt HTTP/1.1" 304 0 "-" "Mozilla/5.0 (compatible; DotBot/1.2; +https://opensiteexplorer.org/dotbot; help@moz.com)"
216.244.66.196 - - [01/Apr/2025:01:04:24 -0400] "GET /robots.txt HTTP/1.1" 304 0 "-" "Mozilla/5.0 (compatible; DotBot/1.2; +https://opensiteexplorer.org/dotbot; help@moz.com)"
182.43.70.143 - - [01/Apr/2025:01:16:54 -0400] "GET / HTTP/1.1" 200 211200 "-" "Mozilla/5.0 (iPhone; CPU iPhone OS 13_2_3 like Mac OS X) AppleWebKit/605.1.15 (KHTML, like Gecko) Version/13.0.3 Mobile/15E148 Safari/604.1"
216.244.66.196 - - [01/Apr/2025:01:50:11 -0400] "GET /robots.txt HTTP/1.1" 304 0 "-" "Mozilla/5.0 (compatible; DotBot/1.2; +https://opensiteexplorer.org/dotbot; help@moz.com)"
85.208.98.18 - - [01/Apr/2025:02:15:22 -0400] "GET /robots.txt HTTP/1.1" 304 0 "-" "Mozilla/5.0 (compatible; SemrushBot; +http://www.semrush.com/bot.html)"
216.244.66.196 - - [01/Apr/2025:02:35:12 -0400] "GET /robots.txt HTTP/1.1" 304 0 "-" "Mozilla/5.0 (compatible; DotBot/1.2; +https://opensiteexplorer.org/dotbot; help@moz.com)"
183.56.195.106 - - [01/Apr/2025:03:15:26 -0400] "GET /wp-login.php HTTP/1.1" 302 0 "-" "Apache-HttpClient/4.5.2 (Java/1.8.0_161)"
198.54.114.83 - - [01/Apr/2025:03:15:34 -0400] "POST /wp-cron.php?doing_wp_cron=1743491730.7387139797210693359375 HTTP/1.1" 200 0 "-" "WordPress/6.7.2; https://theswadeshbazzar.com"
183.56.195.106 - - [01/Apr/2025:03:15:36 -0400] "GET /?author=1 HTTP/1.1" 200 211200 "-" "Apache-HttpClient/4.5.2 (Java/1.8.0_161)"
183.56.195.106 - - [01/Apr/2025:03:15:38 -0400] "GET /?author=2 HTTP/1.1" 200 211200 "-" "Apache-HttpClient/4.5.2 (Java/1.8.0_161)"
183.56.195.106 - - [01/Apr/2025:03:15:40 -0400] "GET /?author=3 HTTP/1.1" 200 211200 "-" "Apache-HttpClient/4.5.2 (Java/1.8.0_161)"
183.56.195.106 - - [01/Apr/2025:03:15:42 -0400] "GET /?author=4 HTTP/1.1" 200 211200 "-" "Apache-HttpClient/4.5.2 (Java/1.8.0_161)"
183.56.195.106 - - [01/Apr/2025:03:15:45 -0400] "GET /?author=5 HTTP/1.1" 200 211200 "-" "Apache-HttpClient/4.5.2 (Java/1.8.0_161)"
183.56.195.106 - - [01/Apr/2025:03:15:47 -0400] "GET /?author=6 HTTP/1.1" 200 211200 "-" "Apache-HttpClient/4.5.2 (Java/1.8.0_161)"
183.56.195.106 - - [01/Apr/2025:03:15:51 -0400] "GET /?author=7 HTTP/1.1" 200 211200 "-" "Apache-HttpClient/4.5.2 (Java/1.8.0_161)"
183.56.195.106 - - [01/Apr/2025:03:15:54 -0400] "GET /?author=8 HTTP/1.1" 200 211200 "-" "Apache-HttpClient/4.5.2 (Java/1.8.0_161)"
183.56.195.106 - - [01/Apr/2025:03:15:58 -0400] "GET /?author=9 HTTP/1.1" 200 211200 "-" "Apache-HttpClient/4.5.2 (Java/1.8.0_161)"
183.56.195.106 - - [01/Apr/2025:03:16:01 -0400] "GET /?author=10 HTTP/1.1" 200 211200 "-" "Apache-HttpClient/4.5.2 (Java/1.8.0_161)"
183.56.195.106 - - [01/Apr/2025:03:16:04 -0400] "GET /?author=11 HTTP/1.1" 200 211200 "-" "Apache-HttpClient/4.5.2 (Java/1.8.0_161)"
183.56.195.106 - - [01/Apr/2025:03:16:05 -0400] "GET /?author=12 HTTP/1.1" 200 211200 "-" "Apache-HttpClient/4.5.2 (Java/1.8.0_161)"
183.56.195.106 - - [01/Apr/2025:03:16:07 -0400] "GET /?author=13 HTTP/1.1" 200 211200 "-" "Apache-HttpClient/4.5.2 (Java/1.8.0_161)"
183.56.195.106 - - [01/Apr/2025:03:16:09 -0400] "GET /?author=14 HTTP/1.1" 200 211200 "-" "Apache-HttpClient/4.5.2 (Java/1.8.0_161)"
183.56.195.106 - - [01/Apr/2025:03:16:13 -0400] "GET /?author=15 HTTP/1.1" 200 211200 "-" "Apache-HttpClient/4.5.2 (Java/1.8.0_161)"
183.56.195.106 - - [01/Apr/2025:03:16:16 -0400] "GET /?author=16 HTTP/1.1" 200 211200 "-" "Apache-HttpClient/4.5.2 (Java/1.8.0_161)"
183.56.195.106 - - [01/Apr/2025:03:16:19 -0400] "GET /?author=17 HTTP/1.1" 200 211200 "-" "Apache-HttpClient/4.5.2 (Java/1.8.0_161)"
183.56.195.106 - - [01/Apr/2025:03:16:22 -0400] "GET /?author=18 HTTP/1.1" 200 211200 "-" "Apache-HttpClient/4.5.2 (Java/1.8.0_161)"
183.56.195.106 - - [01/Apr/2025:03:16:25 -0400] "GET /?author=19 HTTP/1.1" 200 211200 "-" "Apache-HttpClient/4.5.2 (Java/1.8.0_161)"
183.56.195.106 - - [01/Apr/2025:03:16:28 -0400] "GET /?author=20 HTTP/1.1" 200 211200 "-" "Apache-HttpClient/4.5.2 (Java/1.8.0_161)"
216.244.66.196 - - [01/Apr/2025:03:19:58 -0400] "GET /robots.txt HTTP/1.1" 200 23 "-" "Mozilla/5.0 (compatible; DotBot/1.2; +https://opensiteexplorer.org/dotbot; help@moz.com)"
216.244.66.196 - - [01/Apr/2025:03:33:05 -0400] "GET /employment-law-advice/ HTTP/1.1" 404 1251 "-" "Mozilla/5.0 (compatible; DotBot/1.2; +https://opensiteexplorer.org/dotbot; help@moz.com)"
216.244.66.196 - - [01/Apr/2025:03:36:09 -0400] "GET /using-an-industrial-dehydrator-to-preserve-food/ HTTP/1.1" 404 1251 "-" "Mozilla/5.0 (compatible; DotBot/1.2; +https://opensiteexplorer.org/dotbot; help@moz.com)"
216.244.66.196 - - [01/Apr/2025:04:04:35 -0400] "GET /robots.txt HTTP/1.1" 304 0 "-" "Mozilla/5.0 (compatible; DotBot/1.2; +https://opensiteexplorer.org/dotbot; help@moz.com)"
143.92.32.166 - - [01/Apr/2025:04:18:21 -0400] "GET /apps/admin/view/default/layui/css/layui.css HTTP/1.1" 404 1251 "http://theswadeshbazzar.com/apps/admin/view/default/layui/css/layui.css" "Mozilla/4.0 (compatible; MSIE 9.0; Windows NT 6.1)"
102.157.122.249 - - [01/Apr/2025:04:35:05 -0400] "POST /wp-login.php HTTP/1.1" 302 0 "http://theswadeshbazzar.com/wp-admin/" "Mozilla/5.0 (Windows NT 10.0; Win64; x64) AppleWebKit/537.36 (KHTML, like Gecko) Chrome/90.0.4430.85 Safari/537.36"
43.157.50.58 - - [01/Apr/2025:04:50:17 -0400] "GET / HTTP/1.1" 200 211200 "-" "Mozilla/5.0 (iPhone; CPU iPhone OS 13_2_3 like Mac OS X) AppleWebKit/605.1.15 (KHTML, like Gecko) Version/13.0.3 Mobile/15E148 Safari/604.1"
2620:101:2002:11a4::1013 - - [01/Apr/2025:05:04:24 -0400] "GET / HTTP/1.1" 200 211200 "-" "Mozilla/5.0 (Windows NT 10.0; Win64; x64; rv:65.0) Gecko/20100101 Firefox/65.0"
