80.64.30.32 - - [30/Mar/2025:09:45:22 -0400] "GET /wp-login.php?wp_lang=en_US HTTP/1.1" 302 0 "http://theswadeshbazzar.com/wp-login.php" "Mozilla/5.0 (Windows NT 10.0; Win64; x64) AppleWebKit/537.36 (KHTML, like Gecko) Chrome/134.0.0.0 Safari/537.36"
202.69.38.12 - - [30/Mar/2025:10:11:12 -0400] "HEAD / HTTP/1.1" 200 0 "https://theswadeshbazzar.com/" "Mozilla/5.0 (Windows NT 10.0; Win64; x64) AppleWebKit/537.36 (KHTML, like Gecko) Chrome/91.0.4472.124 Safari/537.36"
182.42.105.144 - - [30/Mar/2025:11:04:00 -0400] "GET / HTTP/1.1" 200 211200 "-" "Mozilla/5.0 (iPhone; CPU iPhone OS 13_2_3 like Mac OS X) AppleWebKit/605.1.15 (KHTML, like Gecko) Version/13.0.3 Mobile/15E148 Safari/604.1"
216.244.66.196 - - [30/Mar/2025:11:04:03 -0400] "GET /robots.txt HTTP/1.1" 304 0 "-" "Mozilla/5.0 (compatible; DotBot/1.2; +https://opensiteexplorer.org/dotbot; help@moz.com)"
185.174.156.124 - - [30/Mar/2025:11:41:35 -0400] "GET /mk-bags-for-sale/ HTTP/1.1" 404 1251 "http://theswadeshbazzar.com/mk-bags-for-sale/" "Mozilla/5.0 (Windows NT 10.0; Win64; x64) AppleWebKit/537.36 (KHTML, like Gecko) Chrome/131.0.0.0 Safari/537.36"
185.174.156.124 - - [30/Mar/2025:11:41:36 -0400] "GET / HTTP/1.1" 200 211200 "http://theswadeshbazzar.com/" "Mozilla/5.0 (Windows NT 10.0; Win64; x64) AppleWebKit/537.36 (KHTML, like Gecko) Chrome/131.0.0.0 Safari/537.36"
216.244.66.196 - - [30/Mar/2025:11:52:10 -0400] "GET /robots.txt HTTP/1.1" 304 0 "-" "Mozilla/5.0 (compatible; DotBot/1.2; +https://opensiteexplorer.org/dotbot; help@moz.com)"
85.208.98.18 - - [30/Mar/2025:12:03:12 -0400] "GET /robots.txt HTTP/1.1" 304 0 "-" "Mozilla/5.0 (compatible; SemrushBot; +http://www.semrush.com/bot.html)"
46.250.162.227 - - [30/Mar/2025:12:14:16 -0400] "GET /trends-to-consider-when-choosing-a-baby-boy-name HTTP/1.1" 404 1251 "http://theswadeshbazzar.com/trends-to-consider-when-choosing-a-baby-boy-name" "Mozilla/5.0 (Windows NT 10.0; Win64; x64) AppleWebKit/537.36 (KHTML, like Gecko) Chrome/107.0.0.0 Safari/537.36"
216.244.66.196 - - [30/Mar/2025:12:15:11 -0400] "GET /weaving-stitches/ HTTP/1.1" 404 1251 "-" "Mozilla/5.0 (compatible; DotBot/1.2; +https://opensiteexplorer.org/dotbot; help@moz.com)"
176.97.122.93 - - [30/Mar/2025:12:17:40 -0400] "GET / HTTP/1.1" 200 211200 "-" "Mozilla/5.0 (X11; U; Linux i686; en-US; rv:0.9.3) Gecko/20010801"
162.240.238.246 - - [30/Mar/2025:12:43:01 -0400] "GET / HTTP/1.1" 200 211200 "-" "Mozilla/5.0 (Macintosh; Intel Mac OS X 10_15_7; rv:128.0) Gecko/20100101 Firefox/128.0"
43.133.69.37 - - [30/Mar/2025:13:27:57 -0400] "GET / HTTP/1.1" 200 211200 "-" "Mozilla/5.0 (iPhone; CPU iPhone OS 13_2_3 like Mac OS X) AppleWebKit/605.1.15 (KHTML, like Gecko) Version/13.0.3 Mobile/15E148 Safari/604.1"
216.244.66.196 - - [30/Mar/2025:13:33:35 -0400] "GET /robots.txt HTTP/1.1" 304 0 "-" "Mozilla/5.0 (compatible; DotBot/1.2; +https://opensiteexplorer.org/dotbot; help@moz.com)"
52.169.181.209 - - [30/Mar/2025:14:11:15 -0400] "GET /wp-admin/css/ HTTP/1.1" 403 1242 "binance.com" "Mozilla/5.0 (Windows NT 10.0; Win64; x64) AppleWebKit/537.36 (KHTML, like Gecko) Chrome/90.0.4430.85 Safari/537.36"
196.251.72.179 - - [30/Mar/2025:14:15:31 -0400] "GET //wp-content/plugins/fix/up.php HTTP/1.1" 404 1251 "-" "Mozilla/5.0 (Windows NT 10.0; Win64; x64) AppleWebKit/537.36 (KHTML, like Gecko) Chrome/85.0.4183.102 Safari/537.36"
216.244.66.196 - - [30/Mar/2025:14:28:43 -0400] "GET /robots.txt HTTP/1.1" 304 0 "-" "Mozilla/5.0 (compatible; DotBot/1.2; +https://opensiteexplorer.org/dotbot; help@moz.com)"
216.131.68.244 - - [30/Mar/2025:14:29:54 -0400] "GET /mk-bags-for-sale/ HTTP/1.1" 404 1251 "http://theswadeshbazzar.com/mk-bags-for-sale/" "Mozilla/5.0 (Windows NT 10.0; Win64; x64) AppleWebKit/537.36 (KHTML, like Gecko) Chrome/131.0.0.0 Safari/537.36 Avast/131.0.0.0"
216.131.68.244 - - [30/Mar/2025:14:29:54 -0400] "GET / HTTP/1.1" 200 211200 "http://theswadeshbazzar.com/" "Mozilla/5.0 (Windows NT 10.0; Win64; x64) AppleWebKit/537.36 (KHTML, like Gecko) Chrome/131.0.0.0 Safari/537.36 Avast/131.0.0.0"
144.172.96.147 - - [30/Mar/2025:14:31:16 -0400] "GET /.well-known/pki-validation/wp-login.php HTTP/1.1" 404 1251 "www.google.com" "Mozlila/5.0 (Linux; Android 7.0; SM-G892A Bulid/NRD90M; wv) AppleWebKit/537.36 (KHTML, like Gecko) Version/4.0 Chrome/60.0.3112.107 Moblie Safari/537.36"
216.244.66.196 - - [30/Mar/2025:15:16:09 -0400] "GET /robots.txt HTTP/1.1" 304 0 "-" "Mozilla/5.0 (compatible; DotBot/1.2; +https://opensiteexplorer.org/dotbot; help@moz.com)"
132.145.29.111 - - [30/Mar/2025:15:38:21 -0400] "GET /.env HTTP/1.1" 404 1251 "-" "Mozilla/5.0 (X11; Linux x86_64) AppleWebKit/537.36 (KHTML, like Gecko) Chrome/81.0.4044.129 Safari/537.36"
132.145.29.111 - - [30/Mar/2025:15:38:22 -0400] "POST / HTTP/1.1" 200 211200 "-" "Mozilla/5.0 (X11; Linux x86_64) AppleWebKit/537.36 (KHTML, like Gecko) Chrome/81.0.4044.129 Safari/537.36"
173.245.207.242 - - [30/Mar/2025:15:55:34 -0400] "GET /mk-bags-for-sale/ HTTP/1.1" 404 1251 "http://theswadeshbazzar.com/mk-bags-for-sale/" "Mozilla/5.0 (Windows NT 10.0; Win64; x64) AppleWebKit/537.36 (KHTML, like Gecko) Chrome/129.0.0.0 Safari/537.36"
173.245.207.242 - - [30/Mar/2025:15:55:35 -0400] "GET / HTTP/1.1" 200 211200 "http://theswadeshbazzar.com/" "Mozilla/5.0 (Windows NT 10.0; Win64; x64) AppleWebKit/537.36 (KHTML, like Gecko) Chrome/129.0.0.0 Safari/537.36"
77.238.251.212 - - [30/Mar/2025:16:04:22 -0400] "GET /best-auto-detailing-products/ HTTP/1.1" 404 1251 "http://theswadeshbazzar.com/best-auto-detailing-products/" "Mozilla/5.0 (Windows NT 10.0; Win64; x64) AppleWebKit/537.36 (KHTML, like Gecko) Chrome/130.0.0.0 Safari/537.36"
77.238.251.212 - - [30/Mar/2025:16:04:22 -0400] "GET / HTTP/1.1" 200 211200 "http://theswadeshbazzar.com/" "Mozilla/5.0 (Windows NT 10.0; Win64; x64) AppleWebKit/537.36 (KHTML, like Gecko) Chrome/130.0.0.0 Safari/537.36"
216.244.66.196 - - [30/Mar/2025:16:04:29 -0400] "GET /robots.txt HTTP/1.1" 304 0 "-" "Mozilla/5.0 (compatible; DotBot/1.2; +https://opensiteexplorer.org/dotbot; help@moz.com)"
85.208.98.23 - - [30/Mar/2025:16:18:09 -0400] "GET /robots.txt HTTP/1.1" 304 0 "-" "Mozilla/5.0 (compatible; SemrushBot-BA; +http://www.semrush.com/bot.html)"
216.244.66.196 - - [30/Mar/2025:16:29:22 -0400] "GET /an-mba-can-help-you-succeed-in-todays-fast-changing-business-environment/ HTTP/1.1" 404 1251 "-" "Mozilla/5.0 (compatible; DotBot/1.2; +https://opensiteexplorer.org/dotbot; help@moz.com)"
216.244.66.196 - - [30/Mar/2025:16:51:54 -0400] "GET /robots.txt HTTP/1.1" 304 0 "-" "Mozilla/5.0 (compatible; DotBot/1.2; +https://opensiteexplorer.org/dotbot; help@moz.com)"
144.172.96.147 - - [30/Mar/2025:17:07:13 -0400] "GET /.well-known/pki-validation/wp-login.php HTTP/1.1" 404 1251 "www.google.com" "Mozlila/5.0 (Linux; Android 7.0; SM-G892A Bulid/NRD90M; wv) AppleWebKit/537.36 (KHTML, like Gecko) Version/4.0 Chrome/60.0.3112.107 Moblie Safari/537.36"
216.244.66.196 - - [30/Mar/2025:17:52:12 -0400] "GET /the-benefits-of-dog-bandanas/ HTTP/1.1" 404 1251 "-" "Mozilla/5.0 (compatible; DotBot/1.2; +https://opensiteexplorer.org/dotbot; help@moz.com)"
54.38.135.224 - - [30/Mar/2025:18:00:22 -0400] "GET / HTTP/1.1" 200 211200 "-" "Mozilla/5.0 (Windows NT 10.0; Win64; x64) AppleWebKit/537.36 (KHTML, like Gecko) Chrome/91.0.4472.124 Safari/537.36"
43.133.7.38 - - [30/Mar/2025:18:17:25 -0400] "GET /.vscode/sftp.json HTTP/1.1" 404 1251 "-" "-"
216.244.66.196 - - [30/Mar/2025:18:18:04 -0400] "GET /gebaudereinigung-luneburg/ HTTP/1.1" 404 1251 "-" "Mozilla/5.0 (compatible; DotBot/1.2; +https://opensiteexplorer.org/dotbot; help@moz.com)"
216.244.66.196 - - [30/Mar/2025:18:26:39 -0400] "GET /robots.txt HTTP/1.1" 304 0 "-" "Mozilla/5.0 (compatible; DotBot/1.2; +https://opensiteexplorer.org/dotbot; help@moz.com)"
85.208.98.23 - - [30/Mar/2025:18:59:43 -0400] "GET /robots.txt HTTP/1.1" 304 0 "-" "Mozilla/5.0 (compatible; SemrushBot-BA; +http://www.semrush.com/bot.html)"
129.226.93.214 - - [30/Mar/2025:19:22:02 -0400] "GET / HTTP/1.1" 200 211200 "-" "Mozilla/5.0 (iPhone; CPU iPhone OS 13_2_3 like Mac OS X) AppleWebKit/605.1.15 (KHTML, like Gecko) Version/13.0.3 Mobile/15E148 Safari/604.1"
196.251.87.179 - - [30/Mar/2025:19:26:58 -0400] "GET /heh.php HTTP/1.1" 404 1251 "-" "Mozilla/5.0 (Windows NT 10.0; Win64; x64) AppleWebKit/537.36 (KHTML, like Gecko) Chrome/95.0.4638.69 Safari/537.36"
196.251.87.179 - - [30/Mar/2025:19:26:58 -0400] "GET /NewFile.php HTTP/1.1" 404 1251 "-" "Mozilla/5.0 (Windows NT 10.0; Win64; x64) AppleWebKit/537.36 (KHTML, like Gecko) Chrome/95.0.4638.69 Safari/537.36"
196.251.87.179 - - [30/Mar/2025:19:26:59 -0400] "GET /wp-content/plugins/view-more/ioxi.php HTTP/1.1" 404 1251 "-" "Mozilla/5.0 (Windows NT 10.0; Win64; x64) AppleWebKit/537.36 (KHTML, like Gecko) Chrome/95.0.4638.69 Safari/537.36"
196.251.87.179 - - [30/Mar/2025:19:26:59 -0400] "GET /wp-content/plugins/erinyani/baxa1.php7 HTTP/1.1" 404 1251 "-" "Mozilla/5.0 (Windows NT 10.0; Win64; x64) AppleWebKit/537.36 (KHTML, like Gecko) Chrome/95.0.4638.69 Safari/537.36"
196.251.87.179 - - [30/Mar/2025:19:27:00 -0400] "GET /baxa1.php7 HTTP/1.1" 404 1251 "-" "Mozilla/5.0 (Windows NT 10.0; Win64; x64) AppleWebKit/537.36 (KHTML, like Gecko) Chrome/95.0.4638.69 Safari/537.36"
196.251.87.179 - - [30/Mar/2025:19:27:00 -0400] "GET /wp-content/plugins/erinyani/baxa1.php HTTP/1.1" 404 1251 "-" "Mozilla/5.0 (Windows NT 10.0; Win64; x64) AppleWebKit/537.36 (KHTML, like Gecko) Chrome/95.0.4638.69 Safari/537.36"
196.251.87.179 - - [30/Mar/2025:19:27:01 -0400] "GET /baxa1.php HTTP/1.1" 404 1251 "-" "Mozilla/5.0 (Windows NT 10.0; Win64; x64) AppleWebKit/537.36 (KHTML, like Gecko) Chrome/95.0.4638.69 Safari/537.36"
196.251.87.179 - - [30/Mar/2025:19:27:01 -0400] "GET /wp-content/plugins/seoxx/randkeyword.php HTTP/1.1" 404 1251 "-" "Mozilla/5.0 (Windows NT 10.0; Win64; x64) AppleWebKit/537.36 (KHTML, like Gecko) Chrome/95.0.4638.69 Safari/537.36"
196.251.87.179 - - [30/Mar/2025:19:27:02 -0400] "GET /github.php HTTP/1.1" 404 1251 "-" "Mozilla/5.0 (Windows NT 10.0; Win64; x64) AppleWebKit/537.36 (KHTML, like Gecko) Chrome/95.0.4638.69 Safari/537.36"
196.251.87.179 - - [30/Mar/2025:19:27:03 -0400] "GET /.well-known/github.php HTTP/1.1" 404 1251 "-" "Mozilla/5.0 (Windows NT 10.0; Win64; x64) AppleWebKit/537.36 (KHTML, like Gecko) Chrome/95.0.4638.69 Safari/537.36"
196.251.87.179 - - [30/Mar/2025:19:27:04 -0400] "GET /assets/github.php HTTP/1.1" 404 1251 "-" "Mozilla/5.0 (Windows NT 10.0; Win64; x64) AppleWebKit/537.36 (KHTML, like Gecko) Chrome/95.0.4638.69 Safari/537.36"
196.251.87.179 - - [30/Mar/2025:19:27:06 -0400] "GET /.well-known/acme-challenge/github.php HTTP/1.1" 404 1251 "-" "Mozilla/5.0 (Windows NT 10.0; Win64; x64) AppleWebKit/537.36 (KHTML, like Gecko) Chrome/95.0.4638.69 Safari/537.36"
196.251.87.179 - - [30/Mar/2025:19:27:08 -0400] "GET /.well-known/pki-validation/github.php HTTP/1.1" 404 1251 "-" "Mozilla/5.0 (Windows NT 10.0; Win64; x64) AppleWebKit/537.36 (KHTML, like Gecko) Chrome/95.0.4638.69 Safari/537.36"
196.251.87.179 - - [30/Mar/2025:19:27:10 -0400] "GET /assets/css/github.php HTTP/1.1" 404 1251 "-" "Mozilla/5.0 (Windows NT 10.0; Win64; x64) AppleWebKit/537.36 (KHTML, like Gecko) Chrome/95.0.4638.69 Safari/537.36"
196.251.87.179 - - [30/Mar/2025:19:27:11 -0400] "GET /wp-content/themes/digital-download/up.php HTTP/1.1" 404 1251 "-" "Mozilla/5.0 (Windows NT 10.0; Win64; x64) AppleWebKit/537.36 (KHTML, like Gecko) Chrome/95.0.4638.69 Safari/537.36"
198.54.114.83 - - [30/Mar/2025:19:27:15 -0400] "POST /wp-cron.php?doing_wp_cron=1743377234.9664289951324462890625 HTTP/1.1" 200 0 "-" "WordPress/6.7.2; https://theswadeshbazzar.com"
196.251.87.179 - - [30/Mar/2025:19:27:12 -0400] "GET /wp-admin/network/index.php HTTP/1.1" 302 0 "-" "Mozilla/5.0 (Windows NT 10.0; Win64; x64) AppleWebKit/537.36 (KHTML, like Gecko) Chrome/95.0.4638.69 Safari/537.36"
216.244.66.196 - - [30/Mar/2025:19:28:54 -0400] "GET /the-most-effective-method-to-pick-a-brilliant-auto-body-shop/ HTTP/1.1" 404 1251 "-" "Mozilla/5.0 (compatible; DotBot/1.2; +https://opensiteexplorer.org/dotbot; help@moz.com)"
216.244.66.196 - - [30/Mar/2025:20:09:53 -0400] "GET /robots.txt HTTP/1.1" 304 0 "-" "Mozilla/5.0 (compatible; DotBot/1.2; +https://opensiteexplorer.org/dotbot; help@moz.com)"
198.54.114.83 - - [30/Mar/2025:20:29:17 -0400] "POST /wp-cron.php?doing_wp_cron=1743380956.9120850563049316406250 HTTP/1.1" 200 0 "-" "WordPress/6.7.2; https://theswadeshbazzar.com"
182.43.65.17 - - [30/Mar/2025:20:29:13 -0400] "GET /wp-login.php HTTP/1.1" 302 0 "-" "Apache-HttpClient/4.5.2 (Java/1.8.0_161)"
182.43.65.17 - - [30/Mar/2025:20:29:19 -0400] "GET /?author=1 HTTP/1.1" 200 211200 "-" "Apache-HttpClient/4.5.2 (Java/1.8.0_161)"
182.43.65.17 - - [30/Mar/2025:20:29:20 -0400] "GET /?author=2 HTTP/1.1" 200 211200 "-" "Apache-HttpClient/4.5.2 (Java/1.8.0_161)"
182.43.65.17 - - [30/Mar/2025:20:29:21 -0400] "GET /?author=3 HTTP/1.1" 200 211200 "-" "Apache-HttpClient/4.5.2 (Java/1.8.0_161)"
182.43.65.17 - - [30/Mar/2025:20:29:22 -0400] "GET /?author=4 HTTP/1.1" 200 211200 "-" "Apache-HttpClient/4.5.2 (Java/1.8.0_161)"
182.43.65.17 - - [30/Mar/2025:20:29:22 -0400] "GET /?author=5 HTTP/1.1" 200 211200 "-" "Apache-HttpClient/4.5.2 (Java/1.8.0_161)"
182.43.65.17 - - [30/Mar/2025:20:29:23 -0400] "GET /?author=6 HTTP/1.1" 200 211200 "-" "Apache-HttpClient/4.5.2 (Java/1.8.0_161)"
182.43.65.17 - - [30/Mar/2025:20:29:24 -0400] "GET /?author=7 HTTP/1.1" 200 211200 "-" "Apache-HttpClient/4.5.2 (Java/1.8.0_161)"
182.43.65.17 - - [30/Mar/2025:20:29:24 -0400] "GET /?author=8 HTTP/1.1" 200 211200 "-" "Apache-HttpClient/4.5.2 (Java/1.8.0_161)"
182.43.65.17 - - [30/Mar/2025:20:29:25 -0400] "GET /?author=9 HTTP/1.1" 200 211200 "-" "Apache-HttpClient/4.5.2 (Java/1.8.0_161)"
182.43.65.17 - - [30/Mar/2025:20:29:26 -0400] "GET /?author=10 HTTP/1.1" 200 211200 "-" "Apache-HttpClient/4.5.2 (Java/1.8.0_161)"
182.43.65.17 - - [30/Mar/2025:20:29:27 -0400] "GET /?author=11 HTTP/1.1" 200 211200 "-" "Apache-HttpClient/4.5.2 (Java/1.8.0_161)"
182.43.65.17 - - [30/Mar/2025:20:29:28 -0400] "GET /?author=12 HTTP/1.1" 200 211200 "-" "Apache-HttpClient/4.5.2 (Java/1.8.0_161)"
182.43.65.17 - - [30/Mar/2025:20:29:29 -0400] "GET /?author=13 HTTP/1.1" 200 211200 "-" "Apache-HttpClient/4.5.2 (Java/1.8.0_161)"
182.43.65.17 - - [30/Mar/2025:20:29:30 -0400] "GET /?author=14 HTTP/1.1" 200 211200 "-" "Apache-HttpClient/4.5.2 (Java/1.8.0_161)"
182.43.65.17 - - [30/Mar/2025:20:29:31 -0400] "GET /?author=15 HTTP/1.1" 200 211200 "-" "Apache-HttpClient/4.5.2 (Java/1.8.0_161)"
182.43.65.17 - - [30/Mar/2025:20:29:32 -0400] "GET /?author=16 HTTP/1.1" 200 211200 "-" "Apache-HttpClient/4.5.2 (Java/1.8.0_161)"
182.43.65.17 - - [30/Mar/2025:20:29:33 -0400] "GET /?author=17 HTTP/1.1" 200 211200 "-" "Apache-HttpClient/4.5.2 (Java/1.8.0_161)"
182.43.65.17 - - [30/Mar/2025:20:29:33 -0400] "GET /?author=18 HTTP/1.1" 200 211200 "-" "Apache-HttpClient/4.5.2 (Java/1.8.0_161)"
182.43.65.17 - - [30/Mar/2025:20:29:35 -0400] "GET /?author=19 HTTP/1.1" 200 211200 "-" "Apache-HttpClient/4.5.2 (Java/1.8.0_161)"
182.43.65.17 - - [30/Mar/2025:20:29:35 -0400] "GET /?author=20 HTTP/1.1" 200 211200 "-" "Apache-HttpClient/4.5.2 (Java/1.8.0_161)"
49.7.227.204 - - [30/Mar/2025:20:32:49 -0400] "GET / HTTP/1.1" 200 211200 "-" "Mozilla/5.0 (iPhone; CPU iPhone OS 13_2_3 like Mac OS X) AppleWebKit/605.1.15 (KHTML, like Gecko) Version/13.0.3 Mobile/15E148 Safari/604.1"
216.244.66.196 - - [30/Mar/2025:20:36:07 -0400] "GET /wie-das-katana-schwert-hergestellt-wird/ HTTP/1.1" 404 1251 "-" "Mozilla/5.0 (compatible; DotBot/1.2; +https://opensiteexplorer.org/dotbot; help@moz.com)"
216.244.66.196 - - [30/Mar/2025:20:59:55 -0400] "GET /robots.txt HTTP/1.1" 304 0 "-" "Mozilla/5.0 (compatible; DotBot/1.2; +https://opensiteexplorer.org/dotbot; help@moz.com)"
198.54.114.83 - - [30/Mar/2025:21:29:09 -0400] "POST /wp-cron.php?doing_wp_cron=1743384549.5260970592498779296875 HTTP/1.1" 200 0 "-" "WordPress/6.7.2; https://theswadeshbazzar.com"
41.140.4.245 - - [30/Mar/2025:21:29:07 -0400] "POST /wp-login.php HTTP/1.1" 302 0 "http://theswadeshbazzar.com/wp-admin/" "Mozilla/5.0 (Windows NT 10.0; Win64; x64) AppleWebKit/537.36 (KHTML, like Gecko) Chrome/90.0.4430.85 Safari/537.36"
176.67.86.247 - - [30/Mar/2025:21:35:28 -0400] "GET /mk-bags-for-sale/ HTTP/1.1" 404 1251 "http://theswadeshbazzar.com/mk-bags-for-sale/" "Mozilla/5.0 (Windows NT 10.0; Win64; x64) AppleWebKit/537.36 (KHTML, like Gecko) Chrome/130.0.0.0 Safari/537.36"
176.67.86.247 - - [30/Mar/2025:21:35:29 -0400] "GET / HTTP/1.1" 200 211200 "http://theswadeshbazzar.com/" "Mozilla/5.0 (Windows NT 10.0; Win64; x64) AppleWebKit/537.36 (KHTML, like Gecko) Chrome/130.0.0.0 Safari/537.36"
144.172.96.147 - - [30/Mar/2025:21:45:36 -0400] "GET /wp-content/themes/seotheme/db.php?u HTTP/1.1" 404 1251 "www.google.com" "Mozlila/5.0 (Linux; Android 7.0; SM-G892A Bulid/NRD90M; wv) AppleWebKit/537.36 (KHTML, like Gecko) Version/4.0 Chrome/60.0.3112.107 Moblie Safari/537.36"
216.244.66.196 - - [30/Mar/2025:21:47:46 -0400] "GET /robots.txt HTTP/1.1" 304 0 "-" "Mozilla/5.0 (compatible; DotBot/1.2; +https://opensiteexplorer.org/dotbot; help@moz.com)"
154.83.103.16 - - [30/Mar/2025:22:01:39 -0400] "GET /.git/HEAD HTTP/1.1" 403 1242 "-" "-"
144.172.96.147 - - [30/Mar/2025:22:15:32 -0400] "GET /wp-content/themes/seotheme/db.php?u HTTP/1.1" 404 1251 "www.google.com" "Mozlila/5.0 (Linux; Android 7.0; SM-G892A Bulid/NRD90M; wv) AppleWebKit/537.36 (KHTML, like Gecko) Version/4.0 Chrome/60.0.3112.107 Moblie Safari/537.36"
43.131.254.47 - - [30/Mar/2025:22:26:30 -0400] "GET /the-benefits-of-runner-rugs/ HTTP/1.1" 404 1251 "http://theswadeshbazzar.com" "Mozilla/5.0 (Windows NT 10.0; Win64; x64) AppleWebKit/537.36 (KHTML, like Gecko) Chrome/62.0.3202.94 Safari/537.36"
43.131.254.47 - - [30/Mar/2025:22:26:32 -0400] "GET /the-benefits-of-runner-rugs/ HTTP/1.1" 404 1251 "http://theswadeshbazzar.com" "Mozilla/5.0 (Windows NT 10.0; Win64; x64) AppleWebKit/537.36 (KHTML, like Gecko) Chrome/62.0.3202.94 Safari/537.36"
43.131.254.47 - - [30/Mar/2025:22:26:35 -0400] "GET /the-benefits-of-runner-rugs/ HTTP/1.1" 404 1251 "http://theswadeshbazzar.com" "Mozilla/5.0 (Windows NT 10.0; Win64; x64) AppleWebKit/537.36 (KHTML, like Gecko) Chrome/62.0.3202.94 Safari/537.36"
43.131.254.47 - - [30/Mar/2025:22:26:37 -0400] "GET /the-benefits-of-runner-rugs/ HTTP/1.1" 404 1251 "http://theswadeshbazzar.com" "Mozilla/5.0 (Windows NT 10.0; Win64; x64) AppleWebKit/537.36 (KHTML, like Gecko) Chrome/62.0.3202.94 Safari/537.36"
216.244.66.196 - - [30/Mar/2025:22:34:53 -0400] "GET /robots.txt HTTP/1.1" 304 0 "-" "Mozilla/5.0 (compatible; DotBot/1.2; +https://opensiteexplorer.org/dotbot; help@moz.com)"
104.131.185.243 - - [30/Mar/2025:23:10:07 -0400] "GET / HTTP/1.1" 200 211200 "-" "-"
84.247.50.194 - - [30/Mar/2025:23:26:55 -0400] "GET /mk-bags-for-sale/ HTTP/1.1" 404 1251 "http://theswadeshbazzar.com/mk-bags-for-sale/" "Mozilla/5.0 (Windows NT 10.0; Win64; x64) AppleWebKit/537.36 (KHTML, like Gecko) Chrome/131.0.0.0 Safari/537.36"
84.247.50.194 - - [30/Mar/2025:23:26:56 -0400] "GET / HTTP/1.1" 200 211200 "http://theswadeshbazzar.com/" "Mozilla/5.0 (Windows NT 10.0; Win64; x64) AppleWebKit/537.36 (KHTML, like Gecko) Chrome/131.0.0.0 Safari/537.36"
45.86.202.105 - - [30/Mar/2025:23:36:37 -0400] "GET /mk-bags-for-sale/ HTTP/1.1" 404 1251 "http://theswadeshbazzar.com/mk-bags-for-sale/" "Mozilla/5.0 (Windows NT 10.0; Win64; x64) AppleWebKit/537.36 (KHTML, like Gecko) Chrome/131.0.0.0 Safari/537.36 Avast/131.0.0.0"
45.86.202.137 - - [30/Mar/2025:23:36:38 -0400] "GET / HTTP/1.1" 200 211200 "http://theswadeshbazzar.com/" "Mozilla/5.0 (Windows NT 10.0; Win64; x64) AppleWebKit/537.36 (KHTML, like Gecko) Chrome/131.0.0.0 Safari/537.36 Avast/131.0.0.0"
216.244.66.196 - - [31/Mar/2025:00:08:04 -0400] "GET /robots.txt HTTP/1.1" 304 0 "-" "Mozilla/5.0 (compatible; DotBot/1.2; +https://opensiteexplorer.org/dotbot; help@moz.com)"
216.244.66.196 - - [31/Mar/2025:00:13:12 -0400] "GET /alloggi-sul-lago-di-garda/ HTTP/1.1" 404 1251 "-" "Mozilla/5.0 (compatible; DotBot/1.2; +https://opensiteexplorer.org/dotbot; help@moz.com)"
216.244.66.196 - - [31/Mar/2025:00:54:30 -0400] "GET /robots.txt HTTP/1.1" 304 0 "-" "Mozilla/5.0 (compatible; DotBot/1.2; +https://opensiteexplorer.org/dotbot; help@moz.com)"
43.159.138.217 - - [31/Mar/2025:01:37:39 -0400] "GET / HTTP/1.1" 200 211200 "-" "Mozilla/5.0 (iPhone; CPU iPhone OS 13_2_3 like Mac OS X) AppleWebKit/605.1.15 (KHTML, like Gecko) Version/13.0.3 Mobile/15E148 Safari/604.1"
216.244.66.196 - - [31/Mar/2025:01:46:46 -0400] "GET / HTTP/1.1" 200 211200 "-" "Mozilla/5.0 (compatible; DotBot/1.2; +https://opensiteexplorer.org/dotbot; help@moz.com)"
216.244.66.196 - - [31/Mar/2025:02:19:02 -0400] "GET /how-to-style-party-dresses/ HTTP/1.1" 404 1251 "-" "Mozilla/5.0 (compatible; DotBot/1.2; +https://opensiteexplorer.org/dotbot; help@moz.com)"
216.244.66.196 - - [31/Mar/2025:02:29:52 -0400] "GET /robots.txt HTTP/1.1" 304 0 "-" "Mozilla/5.0 (compatible; DotBot/1.2; +https://opensiteexplorer.org/dotbot; help@moz.com)"
198.54.114.83 - - [31/Mar/2025:02:44:11 -0400] "POST /wp-cron.php?doing_wp_cron=1743403451.6761939525604248046875 HTTP/1.1" 200 0 "-" "WordPress/6.7.2; https://theswadeshbazzar.com"
41.143.205.236 - - [31/Mar/2025:02:44:07 -0400] "POST /xmlrpc.php HTTP/1.1" 200 212 "-" "Mozilla/5.0 (Windows NT 6.3; WOW64; rv:43.0) Gecko/20100101 Firefox/43.0"
14.225.60.56 - - [31/Mar/2025:02:44:14 -0400] "POST /xmlrpc.php HTTP/1.1" 200 212 "-" "Mozilla/5.0 (Windows NT 6.3; WOW64; rv:43.0) Gecko/20100101 Firefox/43.0"
192.227.205.118 - - [31/Mar/2025:02:56:08 -0400] "GET /best-auto-detailing-products/ HTTP/1.1" 404 1251 "http://theswadeshbazzar.com/best-auto-detailing-products/" "Mozilla/5.0 (Windows NT 10.0; Win64; x64) AppleWebKit/537.36 (KHTML, like Gecko) Chrome/131.0.0.0 Safari/537.36 Avast/131.0.0.0"
192.227.205.118 - - [31/Mar/2025:02:56:10 -0400] "GET / HTTP/1.1" 200 211200 "http://theswadeshbazzar.com/" "Mozilla/5.0 (Windows NT 10.0; Win64; x64) AppleWebKit/537.36 (KHTML, like Gecko) Chrome/131.0.0.0 Safari/537.36 Avast/131.0.0.0"
85.208.98.23 - - [31/Mar/2025:02:56:32 -0400] "GET /robots.txt HTTP/1.1" 304 0 "-" "Mozilla/5.0 (compatible; SemrushBot-BA; +http://www.semrush.com/bot.html)"
216.244.66.196 - - [31/Mar/2025:03:27:40 -0400] "GET /robots.txt HTTP/1.1" 304 0 "-" "Mozilla/5.0 (compatible; DotBot/1.2; +https://opensiteexplorer.org/dotbot; help@moz.com)"
27.254.67.114 - - [31/Mar/2025:04:00:29 -0400] "GET /the-benefits-of-runner-rugs/ HTTP/1.1" 404 1251 "-" "Mozilla/5.0 (Windows NT 10.0; WOW64; x64) AppleWebKit/537.36 (KHTML, like Gecko) Chrome/114.0.0.0 Safari/537.36 OPR/89.0.4447.51"
45.33.145.213 - - [31/Mar/2025:04:01:32 -0400] "GET / HTTP/1.1" 200 211200 "-" "Mozilla/5.0 (Windows NT 10.0; WOW64; x64) AppleWebKit/537.36 (KHTML, like Gecko) Chrome/114.0.0.0 Safari/537.36 OPR/89.0.4447.51"
216.244.66.196 - - [31/Mar/2025:04:12:49 -0400] "GET /robots.txt HTTP/1.1" 304 0 "-" "Mozilla/5.0 (compatible; DotBot/1.2; +https://opensiteexplorer.org/dotbot; help@moz.com)"
152.42.177.187 - - [31/Mar/2025:04:41:13 -0400] "GET /wp-content/themes/wp-pridmag/up.php HTTP/1.1" 404 1251 "-" "Mozilla/5.0 (Linux; Android 11; M2010J19SI) AppleWebKit/537.36 (KHTML, like Gecko) Chrome/109.0.0.0 Mobile Safari/537.36"
152.42.177.187 - - [31/Mar/2025:04:41:14 -0400] "GET /simple.php HTTP/1.1" 404 1251 "-" "Mozilla/5.0 (Linux; Android 11; M2010J19SI) AppleWebKit/537.36 (KHTML, like Gecko) Chrome/109.0.0.0 Mobile Safari/537.36"
152.42.177.187 - - [31/Mar/2025:04:41:18 -0400] "GET /cong.php HTTP/1.1" 404 1251 "-" "Mozilla/5.0 (Linux; Android 11; M2010J19SI) AppleWebKit/537.36 (KHTML, like Gecko) Chrome/109.0.0.0 Mobile Safari/537.36"
152.42.177.187 - - [31/Mar/2025:04:41:19 -0400] "GET /xxx.php HTTP/1.1" 404 1251 "-" "Mozilla/5.0 (Linux; Android 11; M2010J19SI) AppleWebKit/537.36 (KHTML, like Gecko) Chrome/109.0.0.0 Mobile Safari/537.36"
152.42.177.187 - - [31/Mar/2025:04:41:24 -0400] "GET /tmpls.php HTTP/1.1" 404 1251 "-" "Mozilla/5.0 (Linux; Android 11; M2010J19SI) AppleWebKit/537.36 (KHTML, like Gecko) Chrome/109.0.0.0 Mobile Safari/537.36"
152.42.177.187 - - [31/Mar/2025:04:41:26 -0400] "GET /wp-content/themes/travelscape/json.php HTTP/1.1" 404 1251 "-" "Mozilla/5.0 (Linux; Android 11; M2010J19SI) AppleWebKit/537.36 (KHTML, like Gecko) Chrome/109.0.0.0 Mobile Safari/537.36"
216.244.66.196 - - [31/Mar/2025:04:58:05 -0400] "GET /robots.txt HTTP/1.1" 304 0 "-" "Mozilla/5.0 (compatible; DotBot/1.2; +https://opensiteexplorer.org/dotbot; help@moz.com)"
14.128.63.109 - - [31/Mar/2025:05:06:58 -0400] "GET /zb_system/login.php HTTP/1.1" 404 1251 "http://theswadeshbazzar.com/zb_system/login.php" "Mozilla/4.0 (compatible; MSIE 9.0; Windows NT 6.1)"
45.234.70.34 - - [31/Mar/2025:05:54:16 -0400] "POST /xmlrpc.php HTTP/1.1" 200 212 "-" "Mozilla/5.0 (Macintosh; Intel Mac OS X 10_15_7) AppleWebKit/605.1.15 (KHTML, like Gecko) Version/15.1 Safari/605.1.15"
156.221.185.10 - - [31/Mar/2025:05:54:23 -0400] "POST /xmlrpc.php HTTP/1.1" 200 212 "-" "Mozilla/5.0 (Macintosh; Intel Mac OS X 10_15_7) AppleWebKit/605.1.15 (KHTML, like Gecko) Version/15.1 Safari/605.1.15"
216.244.66.196 - - [31/Mar/2025:05:56:12 -0400] "GET /navigating-the-top-property-management-companies-for-vacation-rentals/ HTTP/1.1" 404 1251 "-" "Mozilla/5.0 (compatible; DotBot/1.2; +https://opensiteexplorer.org/dotbot; help@moz.com)"
222.79.104.23 - - [31/Mar/2025:06:06:30 -0400] "GET / HTTP/1.1" 200 211200 "-" "Mozilla/5.0 (iPhone; CPU iPhone OS 13_2_3 like Mac OS X) AppleWebKit/605.1.15 (KHTML, like Gecko) Version/13.0.3 Mobile/15E148 Safari/604.1"
216.244.66.196 - - [31/Mar/2025:06:31:13 -0400] "GET /robots.txt HTTP/1.1" 304 0 "-" "Mozilla/5.0 (compatible; DotBot/1.2; +https://opensiteexplorer.org/dotbot; help@moz.com)"
162.62.231.139 - - [31/Mar/2025:06:52:49 -0400] "GET / HTTP/1.1" 200 211200 "-" "Mozilla/5.0 (iPhone; CPU iPhone OS 13_2_3 like Mac OS X) AppleWebKit/605.1.15 (KHTML, like Gecko) Version/13.0.3 Mobile/15E148 Safari/604.1"
156.249.204.241 - - [31/Mar/2025:06:53:51 -0400] "GET /how-a-virtual-receptionist-can-help-your-business/ HTTP/1.1" 404 1251 "-" "Mozilla/5.0 (X11; Linux x86_64) AppleWebKit/537.36 (KHTML, like Gecko) Chrome/114.0.0.0 Safari/537.36 Vivaldi/5.3.2679.68"
212.30.33.144 - - [31/Mar/2025:07:01:11 -0400] "GET /mk-bags-for-sale/ HTTP/1.1" 404 1251 "http://theswadeshbazzar.com/mk-bags-for-sale/" "Mozilla/5.0 (Windows NT 10.0; Win64; x64) AppleWebKit/537.36 (KHTML, like Gecko) Chrome/130.0.0.0 Safari/537.36"
212.30.33.145 - - [31/Mar/2025:07:01:11 -0400] "GET / HTTP/1.1" 200 211200 "http://theswadeshbazzar.com/" "Mozilla/5.0 (Windows NT 10.0; Win64; x64) AppleWebKit/537.36 (KHTML, like Gecko) Chrome/130.0.0.0 Safari/537.36"
43.163.116.47 - - [31/Mar/2025:07:12:10 -0400] "GET //wp-content/plugins/fix/up.php HTTP/1.1" 404 1251 "-" "Mozilla/5.0 (Windows NT 10.0; Win64; x64) AppleWebKit/537.36 (KHTML, like Gecko) Chrome/85.0.4183.102 Safari/537.36"
176.67.83.246 - - [31/Mar/2025:07:17:51 -0400] "GET /mk-bags-for-sale/ HTTP/1.1" 404 1251 "http://theswadeshbazzar.com/mk-bags-for-sale/" "Mozilla/5.0 (Windows NT 10.0; Win64; x64) AppleWebKit/537.36 (KHTML, like Gecko) Chrome/129.0.0.0 Safari/537.36"
176.67.83.246 - - [31/Mar/2025:07:17:52 -0400] "GET / HTTP/1.1" 200 211200 "http://theswadeshbazzar.com/" "Mozilla/5.0 (Windows NT 10.0; Win64; x64) AppleWebKit/537.36 (KHTML, like Gecko) Chrome/129.0.0.0 Safari/537.36"
206.189.39.21 - - [31/Mar/2025:07:34:27 -0400] "GET /wp-content/themes/wp-pridmag/up.php HTTP/1.1" 404 1251 "-" "Mozilla/5.0 (Linux; Android 11; M2010J19SI) AppleWebKit/537.36 (KHTML, like Gecko) Chrome/109.0.0.0 Mobile Safari/537.36"
206.189.39.21 - - [31/Mar/2025:07:34:28 -0400] "GET /simple.php HTTP/1.1" 404 1251 "-" "Mozilla/5.0 (Linux; Android 11; M2010J19SI) AppleWebKit/537.36 (KHTML, like Gecko) Chrome/109.0.0.0 Mobile Safari/537.36"
206.189.39.21 - - [31/Mar/2025:07:34:28 -0400] "GET /cong.php HTTP/1.1" 404 1251 "-" "Mozilla/5.0 (Linux; Android 11; M2010J19SI) AppleWebKit/537.36 (KHTML, like Gecko) Chrome/109.0.0.0 Mobile Safari/537.36"
206.189.39.21 - - [31/Mar/2025:07:34:29 -0400] "GET /xxx.php HTTP/1.1" 404 1251 "-" "Mozilla/5.0 (Linux; Android 11; M2010J19SI) AppleWebKit/537.36 (KHTML, like Gecko) Chrome/109.0.0.0 Mobile Safari/537.36"
206.189.39.21 - - [31/Mar/2025:07:34:30 -0400] "GET /tmpls.php HTTP/1.1" 404 1251 "-" "Mozilla/5.0 (Linux; Android 11; M2010J19SI) AppleWebKit/537.36 (KHTML, like Gecko) Chrome/109.0.0.0 Mobile Safari/537.36"
206.189.39.21 - - [31/Mar/2025:07:34:30 -0400] "GET /wp-content/themes/travelscape/json.php HTTP/1.1" 404 1251 "-" "Mozilla/5.0 (Linux; Android 11; M2010J19SI) AppleWebKit/537.36 (KHTML, like Gecko) Chrome/109.0.0.0 Mobile Safari/537.36"
206.189.39.21 - - [31/Mar/2025:07:34:31 -0400] "GET /chosen.php?p= HTTP/1.1" 404 1251 "-" "Mozilla/5.0 (Linux; Android 11; M2010J19SI) AppleWebKit/537.36 (KHTML, like Gecko) Chrome/109.0.0.0 Mobile Safari/537.36"
206.189.39.21 - - [31/Mar/2025:07:34:31 -0400] "GET /wp-cron.php?ac=3 HTTP/1.1" 200 0 "-" "Mozilla/5.0 (Linux; Android 11; M2010J19SI) AppleWebKit/537.36 (KHTML, like Gecko) Chrome/109.0.0.0 Mobile Safari/537.36"
206.189.39.21 - - [31/Mar/2025:07:34:32 -0400] "GET /wp-content/themes/pridmag/db.php?u HTTP/1.1" 404 1251 "-" "Mozilla/5.0 (Linux; Android 11; M2010J19SI) AppleWebKit/537.36 (KHTML, like Gecko) Chrome/109.0.0.0 Mobile Safari/537.36"
206.189.39.21 - - [31/Mar/2025:07:34:33 -0400] "GET /wp-content/themes/seotheme/mar.php HTTP/1.1" 404 1251 "-" "Mozilla/5.0 (Linux; Android 11; M2010J19SI) AppleWebKit/537.36 (KHTML, like Gecko) Chrome/109.0.0.0 Mobile Safari/537.36"
206.189.39.21 - - [31/Mar/2025:07:34:33 -0400] "GET /wp-includes/Text/index.php HTTP/1.1" 404 1251 "-" "Mozilla/5.0 (Linux; Android 11; M2010J19SI) AppleWebKit/537.36 (KHTML, like Gecko) Chrome/109.0.0.0 Mobile Safari/537.36"
206.189.39.21 - - [31/Mar/2025:07:34:34 -0400] "GET /wp-content/themes/seotheme/mar.php HTTP/1.1" 404 1251 "-" "Mozilla/5.0 (Linux; Android 11; M2010J19SI) AppleWebKit/537.36 (KHTML, like Gecko) Chrome/109.0.0.0 Mobile Safari/537.36"
206.189.39.21 - - [31/Mar/2025:07:34:34 -0400] "GET /Njima.php HTTP/1.1" 404 1251 "-" "Mozilla/5.0 (Linux; Android 11; M2010J19SI) AppleWebKit/537.36 (KHTML, like Gecko) Chrome/109.0.0.0 Mobile Safari/537.36"
206.189.39.21 - - [31/Mar/2025:07:34:35 -0400] "GET /wp-admin/images/Mhbgf.php HTTP/1.1" 404 1251 "-" "Mozilla/5.0 (Linux; Android 11; M2010J19SI) AppleWebKit/537.36 (KHTML, like Gecko) Chrome/109.0.0.0 Mobile Safari/537.36"
206.189.39.21 - - [31/Mar/2025:07:34:35 -0400] "GET /wp-admin/css/index.php HTTP/1.1" 404 1251 "-" "Mozilla/5.0 (Linux; Android 11; M2010J19SI) AppleWebKit/537.36 (KHTML, like Gecko) Chrome/109.0.0.0 Mobile Safari/537.36"
206.189.39.21 - - [31/Mar/2025:07:34:36 -0400] "GET /wp-admin/css/ysirlifn.php HTTP/1.1" 404 1251 "-" "Mozilla/5.0 (Linux; Android 11; M2010J19SI) AppleWebKit/537.36 (KHTML, like Gecko) Chrome/109.0.0.0 Mobile Safari/537.36"
206.189.39.21 - - [31/Mar/2025:07:34:37 -0400] "GET /repeater.php HTTP/1.1" 404 1251 "-" "Mozilla/5.0 (Linux; Android 11; M2010J19SI) AppleWebKit/537.36 (KHTML, like Gecko) Chrome/109.0.0.0 Mobile Safari/537.36"
206.189.39.21 - - [31/Mar/2025:07:34:38 -0400] "GET /wp-content/plugins/linkpreview/db.php?u HTTP/1.1" 404 1251 "-" "Mozilla/5.0 (Linux; Android 11; M2010J19SI) AppleWebKit/537.36 (KHTML, like Gecko) Chrome/109.0.0.0 Mobile Safari/537.36"
206.189.39.21 - - [31/Mar/2025:07:34:38 -0400] "GET /ioxi002.PhP7 HTTP/1.1" 404 1251 "-" "Mozilla/5.0 (Linux; Android 11; M2010J19SI) AppleWebKit/537.36 (KHTML, like Gecko) Chrome/109.0.0.0 Mobile Safari/537.36"
206.189.39.21 - - [31/Mar/2025:07:34:39 -0400] "GET /radio.php HTTP/1.1" 404 1251 "-" "Mozilla/5.0 (Linux; Android 11; M2010J19SI) AppleWebKit/537.36 (KHTML, like Gecko) Chrome/109.0.0.0 Mobile Safari/537.36"
206.189.39.21 - - [31/Mar/2025:07:34:39 -0400] "GET /radio.php HTTP/1.1" 404 1251 "-" "Mozilla/5.0 (Linux; Android 11; M2010J19SI) AppleWebKit/537.36 (KHTML, like Gecko) Chrome/109.0.0.0 Mobile Safari/537.36"
206.189.39.21 - - [31/Mar/2025:07:34:40 -0400] "GET /wp-admin/css/colors/index.php HTTP/1.1" 404 1251 "-" "Mozilla/5.0 (Linux; Android 11; M2010J19SI) AppleWebKit/537.36 (KHTML, like Gecko) Chrome/109.0.0.0 Mobile Safari/537.36"
206.189.39.21 - - [31/Mar/2025:07:34:41 -0400] "GET /ofso64.php HTTP/1.1" 404 1251 "-" "Mozilla/5.0 (Linux; Android 11; M2010J19SI) AppleWebKit/537.36 (KHTML, like Gecko) Chrome/109.0.0.0 Mobile Safari/537.36"
206.189.39.21 - - [31/Mar/2025:07:34:42 -0400] "GET /wp-content/plugins/TOPXHOH/wDR.php HTTP/1.1" 404 1251 "-" "Mozilla/5.0 (Linux; Android 11; M2010J19SI) AppleWebKit/537.36 (KHTML, like Gecko) Chrome/109.0.0.0 Mobile Safari/537.36"
206.189.39.21 - - [31/Mar/2025:07:34:42 -0400] "GET /wp-content/plugins/IOptimize.php?rchk HTTP/1.1" 404 1251 "-" "Mozilla/5.0 (Linux; Android 11; M2010J19SI) AppleWebKit/537.36 (KHTML, like Gecko) Chrome/109.0.0.0 Mobile Safari/537.36"
206.189.39.21 - - [31/Mar/2025:07:34:43 -0400] "GET /wp-content/themes/ccx/index.php HTTP/1.1" 404 1251 "-" "Mozilla/5.0 (Linux; Android 11; M2010J19SI) AppleWebKit/537.36 (KHTML, like Gecko) Chrome/109.0.0.0 Mobile Safari/537.36"
206.189.39.21 - - [31/Mar/2025:07:34:43 -0400] "GET /wp-content/uploads/2017-------/09/wp-console.php HTTP/1.1" 404 1251 "-" "Mozilla/5.0 (Linux; Android 11; M2010J19SI) AppleWebKit/537.36 (KHTML, like Gecko) Chrome/109.0.0.0 Mobile Safari/537.36"
206.189.39.21 - - [31/Mar/2025:07:34:44 -0400] "GET /wp-includes/js/crop/uword.php HTTP/1.1" 404 1251 "-" "Mozilla/5.0 (Linux; Android 11; M2010J19SI) AppleWebKit/537.36 (KHTML, like Gecko) Chrome/109.0.0.0 Mobile Safari/537.36"
206.189.39.21 - - [31/Mar/2025:07:34:45 -0400] "GET /wp-content/themes/bltm/wp-login.php HTTP/1.1" 404 1251 "-" "Mozilla/5.0 (Linux; Android 11; M2010J19SI) AppleWebKit/537.36 (KHTML, like Gecko) Chrome/109.0.0.0 Mobile Safari/537.36"
206.189.39.21 - - [31/Mar/2025:07:34:45 -0400] "GET /autoload_classmap.php HTTP/1.1" 404 1251 "-" "Mozilla/5.0 (Linux; Android 11; M2010J19SI) AppleWebKit/537.36 (KHTML, like Gecko) Chrome/109.0.0.0 Mobile Safari/537.36"
206.189.39.21 - - [31/Mar/2025:07:34:46 -0400] "GET /wp-content/uploads/2014/07/olx.php HTTP/1.1" 404 1251 "-" "Mozilla/5.0 (Linux; Android 11; M2010J19SI) AppleWebKit/537.36 (KHTML, like Gecko) Chrome/109.0.0.0 Mobile Safari/537.36"
206.189.39.21 - - [31/Mar/2025:07:34:46 -0400] "GET /wp-admin/css/colors/midnight/index.php HTTP/1.1" 404 1251 "-" "Mozilla/5.0 (Linux; Android 11; M2010J19SI) AppleWebKit/537.36 (KHTML, like Gecko) Chrome/109.0.0.0 Mobile Safari/537.36"
206.189.39.21 - - [31/Mar/2025:07:34:47 -0400] "GET /wp-content/uploads/2020/wp-couldent.php.suspected HTTP/1.1" 404 1251 "-" "Mozilla/5.0 (Linux; Android 11; M2010J19SI) AppleWebKit/537.36 (KHTML, like Gecko) Chrome/109.0.0.0 Mobile Safari/537.36"
206.189.39.21 - - [31/Mar/2025:07:34:48 -0400] "GET /wp-content/plugins/523453244/ninja.php HTTP/1.1" 404 1251 "-" "Mozilla/5.0 (Linux; Android 11; M2010J19SI) AppleWebKit/537.36 (KHTML, like Gecko) Chrome/109.0.0.0 Mobile Safari/537.36"
206.189.39.21 - - [31/Mar/2025:07:34:48 -0400] "GET /wp-includes/js/imgareaselect/index.php HTTP/1.1" 404 1251 "-" "Mozilla/5.0 (Linux; Android 11; M2010J19SI) AppleWebKit/537.36 (KHTML, like Gecko) Chrome/109.0.0.0 Mobile Safari/537.36"
206.189.39.21 - - [31/Mar/2025:07:34:50 -0400] "GET /wp-includes/PHPMailer/load.php HTTP/1.1" 404 1251 "-" "Mozilla/5.0 (Linux; Android 11; M2010J19SI) AppleWebKit/537.36 (KHTML, like Gecko) Chrome/109.0.0.0 Mobile Safari/537.36"
206.189.39.21 - - [31/Mar/2025:07:34:51 -0400] "GET /wp-content/plugins/seoplugins/mar.php HTTP/1.1" 404 1251 "-" "Mozilla/5.0 (Linux; Android 11; M2010J19SI) AppleWebKit/537.36 (KHTML, like Gecko) Chrome/109.0.0.0 Mobile Safari/537.36"
206.189.39.21 - - [31/Mar/2025:07:34:51 -0400] "GET /wp-links.php HTTP/1.1" 404 1251 "-" "Mozilla/5.0 (Linux; Android 11; M2010J19SI) AppleWebKit/537.36 (KHTML, like Gecko) Chrome/109.0.0.0 Mobile Safari/537.36"
206.189.39.21 - - [31/Mar/2025:07:34:52 -0400] "GET /wp-aa.php HTTP/1.1" 404 1251 "-" "Mozilla/5.0 (Linux; Android 11; M2010J19SI) AppleWebKit/537.36 (KHTML, like Gecko) Chrome/109.0.0.0 Mobile Safari/537.36"
206.189.39.21 - - [31/Mar/2025:07:34:52 -0400] "GET /wp-content/themes/travelscape/json.php HTTP/1.1" 404 1251 "-" "Mozilla/5.0 (Linux; Android 11; M2010J19SI) AppleWebKit/537.36 (KHTML, like Gecko) Chrome/109.0.0.0 Mobile Safari/537.36"
206.189.39.21 - - [31/Mar/2025:07:34:53 -0400] "GET /wp-content/themes/travel/issue.php HTTP/1.1" 404 1251 "-" "Mozilla/5.0 (Linux; Android 11; M2010J19SI) AppleWebKit/537.36 (KHTML, like Gecko) Chrome/109.0.0.0 Mobile Safari/537.36"
206.189.39.21 - - [31/Mar/2025:07:34:53 -0400] "GET /about.php HTTP/1.1" 404 1251 "-" "Mozilla/5.0 (Linux; Android 11; M2010J19SI) AppleWebKit/537.36 (KHTML, like Gecko) Chrome/109.0.0.0 Mobile Safari/537.36"
206.189.39.21 - - [31/Mar/2025:07:34:54 -0400] "GET /xx.php HTTP/1.1" 404 1251 "-" "Mozilla/5.0 (Linux; Android 11; M2010J19SI) AppleWebKit/537.36 (KHTML, like Gecko) Chrome/109.0.0.0 Mobile Safari/537.36"
206.189.39.21 - - [31/Mar/2025:07:34:55 -0400] "GET /wp-content/themes/digital-download/new.php HTTP/1.1" 404 1251 "-" "Mozilla/5.0 (Linux; Android 11; M2010J19SI) AppleWebKit/537.36 (KHTML, like Gecko) Chrome/109.0.0.0 Mobile Safari/537.36"
206.189.39.21 - - [31/Mar/2025:07:34:55 -0400] "GET /epinyins.php HTTP/1.1" 404 1251 "-" "Mozilla/5.0 (Linux; Android 11; M2010J19SI) AppleWebKit/537.36 (KHTML, like Gecko) Chrome/109.0.0.0 Mobile Safari/537.36"
206.189.39.21 - - [31/Mar/2025:07:34:56 -0400] "GET /wp-admin/dropdown.php HTTP/1.1" 404 1251 "-" "Mozilla/5.0 (Linux; Android 11; M2010J19SI) AppleWebKit/537.36 (KHTML, like Gecko) Chrome/109.0.0.0 Mobile Safari/537.36"
206.189.39.21 - - [31/Mar/2025:07:34:57 -0400] "GET /dropdown.php HTTP/1.1" 404 1251 "-" "Mozilla/5.0 (Linux; Android 11; M2010J19SI) AppleWebKit/537.36 (KHTML, like Gecko) Chrome/109.0.0.0 Mobile Safari/537.36"
206.189.39.21 - - [31/Mar/2025:07:34:58 -0400] "GET /wp-admin/css/index.php HTTP/1.1" 404 1251 "-" "Mozilla/5.0 (Linux; Android 11; M2010J19SI) AppleWebKit/537.36 (KHTML, like Gecko) Chrome/109.0.0.0 Mobile Safari/537.36"
206.189.39.21 - - [31/Mar/2025:07:34:58 -0400] "GET /wp-content/mah.php HTTP/1.1" 404 1251 "-" "Mozilla/5.0 (Linux; Android 11; M2010J19SI) AppleWebKit/537.36 (KHTML, like Gecko) Chrome/109.0.0.0 Mobile Safari/537.36"
206.189.39.21 - - [31/Mar/2025:07:34:59 -0400] "GET /wp-content/item.php HTTP/1.1" 404 1251 "-" "Mozilla/5.0 (Linux; Android 11; M2010J19SI) AppleWebKit/537.36 (KHTML, like Gecko) Chrome/109.0.0.0 Mobile Safari/537.36"
206.189.39.21 - - [31/Mar/2025:07:35:00 -0400] "GET /wp-content/plugins/shell/about.php HTTP/1.1" 404 1251 "-" "Mozilla/5.0 (Linux; Android 11; M2010J19SI) AppleWebKit/537.36 (KHTML, like Gecko) Chrome/109.0.0.0 Mobile Safari/537.36"
206.189.39.21 - - [31/Mar/2025:07:35:01 -0400] "GET /wp-content/plugins/pwnd/pwnd.php HTTP/1.1" 404 1251 "-" "Mozilla/5.0 (Linux; Android 11; M2010J19SI) AppleWebKit/537.36 (KHTML, like Gecko) Chrome/109.0.0.0 Mobile Safari/537.36"
206.189.39.21 - - [31/Mar/2025:07:35:02 -0400] "GET /wp-content/plugins/fix/up.php HTTP/1.1" 404 1251 "-" "Mozilla/5.0 (Linux; Android 11; M2010J19SI) AppleWebKit/537.36 (KHTML, like Gecko) Chrome/109.0.0.0 Mobile Safari/537.36"
206.189.39.21 - - [31/Mar/2025:07:35:03 -0400] "GET /wp-content/plugins/ph-file-manager/wp-file.php HTTP/1.1" 404 1251 "-" "Mozilla/5.0 (Linux; Android 11; M2010J19SI) AppleWebKit/537.36 (KHTML, like Gecko) Chrome/109.0.0.0 Mobile Safari/537.36"
206.189.39.21 - - [31/Mar/2025:07:35:03 -0400] "GET /.well-known/pki-validation/wp-login.php HTTP/1.1" 404 1251 "-" "Mozilla/5.0 (Linux; Android 11; M2010J19SI) AppleWebKit/537.36 (KHTML, like Gecko) Chrome/109.0.0.0 Mobile Safari/537.36"
206.189.39.21 - - [31/Mar/2025:07:35:04 -0400] "GET /wp-content/plugins/root-file-manager/wp-file.php HTTP/1.1" 404 1251 "-" "Mozilla/5.0 (Linux; Android 11; M2010J19SI) AppleWebKit/537.36 (KHTML, like Gecko) Chrome/109.0.0.0 Mobile Safari/537.36"
206.189.39.21 - - [31/Mar/2025:07:35:04 -0400] "GET /wp-content/plugins/wp-help/mini.php HTTP/1.1" 404 1251 "-" "Mozilla/5.0 (Linux; Android 11; M2010J19SI) AppleWebKit/537.36 (KHTML, like Gecko) Chrome/109.0.0.0 Mobile Safari/537.36"
206.189.39.21 - - [31/Mar/2025:07:35:05 -0400] "GET /wp-content/themes/travel/issue.php HTTP/1.1" 404 1251 "-" "Mozilla/5.0 (Linux; Android 11; M2010J19SI) AppleWebKit/537.36 (KHTML, like Gecko) Chrome/109.0.0.0 Mobile Safari/537.36"
206.189.39.21 - - [31/Mar/2025:07:35:06 -0400] "GET /wp-content/themes/jaida/lang.php HTTP/1.1" 404 1251 "-" "Mozilla/5.0 (Linux; Android 11; M2010J19SI) AppleWebKit/537.36 (KHTML, like Gecko) Chrome/109.0.0.0 Mobile Safari/537.36"
206.189.39.21 - - [31/Mar/2025:07:35:06 -0400] "GET /wp-l0gin.php HTTP/1.1" 404 1251 "-" "Mozilla/5.0 (Linux; Android 11; M2010J19SI) AppleWebKit/537.36 (KHTML, like Gecko) Chrome/109.0.0.0 Mobile Safari/537.36"
206.189.39.21 - - [31/Mar/2025:07:35:07 -0400] "GET /wp-content/plugins/index.php HTTP/1.1" 200 0 "-" "Mozilla/5.0 (Linux; Android 11; M2010J19SI) AppleWebKit/537.36 (KHTML, like Gecko) Chrome/109.0.0.0 Mobile Safari/537.36"
206.189.39.21 - - [31/Mar/2025:07:35:08 -0400] "GET /wp-content/plugins/index.php HTTP/1.1" 200 0 "-" "Mozilla/5.0 (Linux; Android 11; M2010J19SI) AppleWebKit/537.36 (KHTML, like Gecko) Chrome/109.0.0.0 Mobile Safari/537.36"
149.88.101.23 - - [31/Mar/2025:07:41:10 -0400] "GET /wp-content/plugins/include.php HTTP/1.1" 404 1251 "-" "Go-http-client/1.1"
149.88.101.23 - - [31/Mar/2025:07:41:10 -0400] "GET /wp-2019.php HTTP/1.1" 404 1251 "-" "Go-http-client/1.1"
149.88.101.23 - - [31/Mar/2025:07:41:11 -0400] "GET /admin.php HTTP/1.1" 404 1251 "-" "Go-http-client/1.1"
149.88.101.23 - - [31/Mar/2025:07:41:11 -0400] "GET /about.php HTTP/1.1" 404 1251 "-" "Go-http-client/1.1"
149.88.101.23 - - [31/Mar/2025:07:41:11 -0400] "GET /users.php HTTP/1.1" 404 1251 "-" "Go-http-client/1.1"
149.88.101.23 - - [31/Mar/2025:07:41:11 -0400] "GET /wp-includes/pomo/about.php HTTP/1.1" 404 1251 "-" "Go-http-client/1.1"
149.88.101.23 - - [31/Mar/2025:07:41:11 -0400] "GET /install.php HTTP/1.1" 404 1251 "-" "Go-http-client/1.1"
149.88.101.23 - - [31/Mar/2025:07:41:11 -0400] "GET /wp-includes/certificates/wp.php HTTP/1.1" 404 1251 "-" "Go-http-client/1.1"
149.88.101.23 - - [31/Mar/2025:07:41:12 -0400] "GET /wp-content/plugins/wp-catcher/admin.php HTTP/1.1" 404 1251 "-" "Go-http-client/1.1"
149.88.101.23 - - [31/Mar/2025:07:41:12 -0400] "GET /wp-content/plugins/wp-catcher/cong.php HTTP/1.1" 404 1251 "-" "Go-http-client/1.1"
149.88.101.23 - - [31/Mar/2025:07:41:12 -0400] "GET /images/wp-login.php HTTP/1.1" 404 1251 "-" "Go-http-client/1.1"
149.88.101.23 - - [31/Mar/2025:07:41:12 -0400] "GET /wp-content/uploads/duck.php HTTP/1.1" 404 1251 "-" "Go-http-client/1.1"
149.88.101.23 - - [31/Mar/2025:07:41:12 -0400] "GET /wp-content/plugins/seoo/alfanew.php HTTP/1.1" 404 1251 "-" "Go-http-client/1.1"
149.88.101.23 - - [31/Mar/2025:07:41:13 -0400] "GET /wp-content/themes/pridmag/byp.php HTTP/1.1" 404 1251 "-" "Go-http-client/1.1"
149.88.101.23 - - [31/Mar/2025:07:41:13 -0400] "GET /cux.php HTTP/1.1" 404 1251 "-" "Go-http-client/1.1"
149.88.101.23 - - [31/Mar/2025:07:41:13 -0400] "GET /.tmb/file.php HTTP/1.1" 404 1251 "-" "Go-http-client/1.1"
149.88.101.23 - - [31/Mar/2025:07:41:13 -0400] "GET /wp-admin.php HTTP/1.1" 404 1251 "-" "Go-http-client/1.1"
149.88.101.23 - - [31/Mar/2025:07:41:13 -0400] "GET /wp-includes/Requests/network.php HTTP/1.1" 404 1251 "-" "Go-http-client/1.1"
149.88.101.23 - - [31/Mar/2025:07:41:14 -0400] "GET /.well-known/pki-validation/content.php HTTP/1.1" 404 1251 "-" "Go-http-client/1.1"
149.88.101.23 - - [31/Mar/2025:07:41:14 -0400] "GET /wp-content/themes.php HTTP/1.1" 404 1251 "-" "Go-http-client/1.1"
149.88.101.23 - - [31/Mar/2025:07:41:14 -0400] "GET /wp-content/wp-cron.php HTTP/1.1" 404 1251 "-" "Go-http-client/1.1"
149.88.101.23 - - [31/Mar/2025:07:41:14 -0400] "GET /wp-admin/maint/index.php HTTP/1.1" 404 1251 "-" "Go-http-client/1.1"
149.88.101.23 - - [31/Mar/2025:07:41:14 -0400] "GET /.well-known/pki-validation/about_php1.php HTTP/1.1" 404 1251 "-" "Go-http-client/1.1"
149.88.101.23 - - [31/Mar/2025:07:41:15 -0400] "GET /gif.php HTTP/1.1" 404 1251 "-" "Go-http-client/1.1"
149.88.101.23 - - [31/Mar/2025:07:41:15 -0400] "GET /.well-known/pki-validation/file.php HTTP/1.1" 404 1251 "-" "Go-http-client/1.1"
149.88.101.23 - - [31/Mar/2025:07:41:15 -0400] "GET /.well-known/pki-validation/classwithtostring.php HTTP/1.1" 404 1251 "-" "Go-http-client/1.1"
149.88.101.23 - - [31/Mar/2025:07:41:15 -0400] "GET /.well-known/pki-validation/file.php HTTP/1.1" 404 1251 "-" "Go-http-client/1.1"
149.88.101.23 - - [31/Mar/2025:07:41:15 -0400] "GET /wp-includes/images/media/about.php HTTP/1.1" 404 1251 "-" "Go-http-client/1.1"
149.88.101.23 - - [31/Mar/2025:07:41:15 -0400] "GET /.well-known/pki-validation/worksec.php HTTP/1.1" 404 1251 "-" "Go-http-client/1.1"
149.88.101.23 - - [31/Mar/2025:07:41:16 -0400] "GET /wp-content/plugins/pwnd/autoload_classmap.php HTTP/1.1" 404 1251 "-" "Go-http-client/1.1"
149.88.101.23 - - [31/Mar/2025:07:41:16 -0400] "GET /wp-content/themes/evita/about.php HTTP/1.1" 404 1251 "-" "Go-http-client/1.1"
149.88.101.23 - - [31/Mar/2025:07:41:16 -0400] "GET /wp-includes/ID3/wp-corn-sample.php HTTP/1.1" 404 1251 "-" "Go-http-client/1.1"
149.88.101.23 - - [31/Mar/2025:07:41:16 -0400] "GET /wp-includes/ID3/upfile.php HTTP/1.1" 404 1251 "-" "Go-http-client/1.1"
149.88.101.23 - - [31/Mar/2025:07:41:16 -0400] "GET /wp-includes/Requests/about.php HTTP/1.1" 404 1251 "-" "Go-http-client/1.1"
149.88.101.23 - - [31/Mar/2025:07:41:17 -0400] "GET /menu.php HTTP/1.1" 404 1251 "-" "Go-http-client/1.1"
149.88.101.23 - - [31/Mar/2025:07:41:17 -0400] "GET /function.php HTTP/1.1" 404 1251 "-" "Go-http-client/1.1"
149.88.101.23 - - [31/Mar/2025:07:41:17 -0400] "GET /m.php HTTP/1.1" 404 1251 "-" "Go-http-client/1.1"
149.88.101.23 - - [31/Mar/2025:07:41:17 -0400] "GET /wp-admin/images/install.php HTTP/1.1" 404 1251 "-" "Go-http-client/1.1"
149.88.101.23 - - [31/Mar/2025:07:41:17 -0400] "GET /.well-known/pki-validation/set.php HTTP/1.1" 404 1251 "-" "Go-http-client/1.1"
149.88.101.23 - - [31/Mar/2025:07:41:17 -0400] "GET /wp-content/plugins/core-plugin/include.php HTTP/1.1" 404 1251 "-" "Go-http-client/1.1"
149.88.101.23 - - [31/Mar/2025:07:41:18 -0400] "GET /wsa.php HTTP/1.1" 404 1251 "-" "Go-http-client/1.1"
149.88.101.23 - - [31/Mar/2025:07:41:18 -0400] "GET /xleet.php HTTP/1.1" 404 1251 "-" "Go-http-client/1.1"
149.88.101.23 - - [31/Mar/2025:07:41:18 -0400] "GET /web.php HTTP/1.1" 404 1251 "-" "Go-http-client/1.1"
149.88.101.23 - - [31/Mar/2025:07:41:18 -0400] "GET /ws.php HTTP/1.1" 404 1251 "-" "Go-http-client/1.1"
149.88.101.23 - - [31/Mar/2025:07:41:18 -0400] "GET /simple.php HTTP/1.1" 404 1251 "-" "Go-http-client/1.1"
149.88.101.23 - - [31/Mar/2025:07:41:19 -0400] "GET /wp-content/upgrade/about.php HTTP/1.1" 404 1251 "-" "Go-http-client/1.1"
149.88.101.23 - - [31/Mar/2025:07:41:19 -0400] "GET /wp-content/themes/seotheme/db.php?u HTTP/1.1" 404 1251 "-" "Go-http-client/1.1"
149.88.101.23 - - [31/Mar/2025:07:41:19 -0400] "GET /index.php HTTP/1.1" 404 1251 "-" "Go-http-client/1.1"
198.54.114.83 - - [31/Mar/2025:07:41:21 -0400] "POST /wp-cron.php?doing_wp_cron=1743421281.4195280075073242187500 HTTP/1.1" 200 0 "-" "WordPress/6.7.2; https://theswadeshbazzar.com"
149.88.101.23 - - [31/Mar/2025:07:41:19 -0400] "GET /wp-admin/user/about.php HTTP/1.1" 302 0 "-" "Go-http-client/1.1"
149.88.101.23 - - [31/Mar/2025:07:41:22 -0400] "GET /wp-content/upgrade/cloud.php HTTP/1.1" 404 1251 "-" "Go-http-client/1.1"
149.88.101.23 - - [31/Mar/2025:07:41:23 -0400] "GET /moon.php HTTP/1.1" 404 1251 "-" "Go-http-client/1.1"
149.88.101.23 - - [31/Mar/2025:07:41:23 -0400] "GET /inc.php HTTP/1.1" 404 1251 "-" "Go-http-client/1.1"
149.88.101.23 - - [31/Mar/2025:07:41:23 -0400] "GET /wp-content/themes/pridmag/db.php?u HTTP/1.1" 404 1251 "-" "Go-http-client/1.1"
149.88.101.23 - - [31/Mar/2025:07:41:23 -0400] "GET /about.php?525 HTTP/1.1" 404 1251 "-" "Go-http-client/1.1"
149.88.101.23 - - [31/Mar/2025:07:41:23 -0400] "GET /.well-known/pki-validation/about.php HTTP/1.1" 404 1251 "-" "Go-http-client/1.1"
149.88.101.23 - - [31/Mar/2025:07:41:24 -0400] "GET /wp-content/plugins/linkpreview/index.php HTTP/1.1" 404 1251 "-" "Go-http-client/1.1"
149.88.101.23 - - [31/Mar/2025:07:41:24 -0400] "GET /wp-admin/dropdown.php HTTP/1.1" 404 1251 "-" "Go-http-client/1.1"
149.88.101.23 - - [31/Mar/2025:07:41:24 -0400] "GET /wp-includes/install.php HTTP/1.1" 404 1251 "-" "Go-http-client/1.1"
149.88.101.23 - - [31/Mar/2025:07:41:24 -0400] "GET /content.php HTTP/1.1" 404 1251 "-" "Go-http-client/1.1"
149.88.101.23 - - [31/Mar/2025:07:41:24 -0400] "GET /amaxx.php HTTP/1.1" 404 1251 "-" "Go-http-client/1.1"
149.88.101.23 - - [31/Mar/2025:07:41:24 -0400] "GET /chosen.php?p= HTTP/1.1" 404 1251 "-" "Go-http-client/1.1"
149.88.101.23 - - [31/Mar/2025:07:41:25 -0400] "GET /wp-content/plugins/WordPressCore/include.php HTTP/1.1" 404 1251 "-" "Go-http-client/1.1"
149.88.101.23 - - [31/Mar/2025:07:41:25 -0400] "GET /wp-includes/js/tinymce/plugins/compat3x/css/index.php HTTP/1.1" 404 1251 "-" "Go-http-client/1.1"
149.88.101.23 - - [31/Mar/2025:07:41:25 -0400] "GET /wp-signup.php?FoX=sQFLZ HTTP/1.1" 302 0 "-" "Go-http-client/1.1"
149.88.101.23 - - [31/Mar/2025:07:41:26 -0400] "GET /wp.php HTTP/1.1" 404 1251 "-" "Go-http-client/1.1"
149.88.101.23 - - [31/Mar/2025:07:41:26 -0400] "GET /.well-known/pki-validation/cloud.php HTTP/1.1" 404 1251 "-" "Go-http-client/1.1"
149.88.101.23 - - [31/Mar/2025:07:41:26 -0400] "GET /wp-content/about.php HTTP/1.1" 404 1251 "-" "Go-http-client/1.1"
149.88.101.23 - - [31/Mar/2025:07:41:26 -0400] "GET /wp-admin/css/colors/blue/ HTTP/1.1" 403 1242 "-" "Go-http-client/1.1"
149.88.101.23 - - [31/Mar/2025:07:41:27 -0400] "GET /wp-content/plugins/index.php HTTP/1.1" 200 0 "-" "Go-http-client/1.1"
