18.222.240.117 - - [15/Apr/2025:00:55:18 -0400] "GET /wp-includes/js/jquery/jquery.min.js?ver=3.7.1 HTTP/1.1" 304 0 "https://fileluna.com/the-ultimate-business-trip-massage-experience-for-success/" "Mozilla/5.0 AppleWebKit/537.36 (KHTML, like Gecko; compatible; ClaudeBot/1.0; +claudebot@anthropic.com)"
18.222.240.117 - - [15/Apr/2025:00:55:18 -0400] "GET /wp-includes/js/jquery/jquery-migrate.min.js?ver=3.4.1 HTTP/1.1" 304 0 "https://fileluna.com/the-ultimate-business-trip-massage-experience-for-success/" "Mozilla/5.0 AppleWebKit/537.36 (KHTML, like Gecko; compatible; ClaudeBot/1.0; +claudebot@anthropic.com)"
18.222.240.117 - - [15/Apr/2025:00:55:18 -0400] "GET /wp-content/themes/newsphere/js/navigation.js?ver=20151215 HTTP/1.1" 304 0 "https://fileluna.com/the-ultimate-business-trip-massage-experience-for-success/" "Mozilla/5.0 AppleWebKit/537.36 (KHTML, like Gecko; compatible; ClaudeBot/1.0; +claudebot@anthropic.com)"
18.222.240.117 - - [15/Apr/2025:00:55:18 -0400] "GET /wp-content/themes/newsphere/assets/magnific-popup/jquery.magnific-popup.min.js?ver=6.7.2 HTTP/1.1" 304 0 "https://fileluna.com/the-ultimate-business-trip-massage-experience-for-success/" "Mozilla/5.0 AppleWebKit/537.36 (KHTML, like Gecko; compatible; ClaudeBot/1.0; +claudebot@anthropic.com)"
18.222.240.117 - - [15/Apr/2025:00:55:21 -0400] "GET /wp-content/themes/newsphere/assets/bootstrap/js/bootstrap.min.js?ver=6.7.2 HTTP/1.1" 304 0 "https://fileluna.com/the-ultimate-business-trip-massage-experience-for-success/" "Mozilla/5.0 AppleWebKit/537.36 (KHTML, like Gecko; compatible; ClaudeBot/1.0; +claudebot@anthropic.com)"
18.222.240.117 - - [15/Apr/2025:00:55:22 -0400] "GET /wp-includes/js/comment-reply.min.js?ver=6.7.2 HTTP/1.1" 304 0 "https://fileluna.com/the-ultimate-business-trip-massage-experience-for-success/" "Mozilla/5.0 AppleWebKit/537.36 (KHTML, like Gecko; compatible; ClaudeBot/1.0; +claudebot@anthropic.com)"
18.222.240.117 - - [15/Apr/2025:00:55:26 -0400] "GET /wp-includes/js/wp-emoji-release.min.js?ver=6.7.2 HTTP/1.1" 304 0 "https://fileluna.com/the-ultimate-business-trip-massage-experience-for-success/" "Mozilla/5.0 AppleWebKit/537.36 (KHTML, like Gecko; compatible; ClaudeBot/1.0; +claudebot@anthropic.com)"
43.134.233.193 - - [15/Apr/2025:00:55:45 -0400] "GET /wp-aa.php HTTP/1.1" 404 8709 "-" "Mozilla/5.0 (Windows NT 10.0; Win64; x64) AppleWebKit/537.36 (KHTML, like Gecko) Chrome/83.0.4103.97 Safari/537.36"
43.134.233.193 - - [15/Apr/2025:00:55:51 -0400] "GET /wp-content/plugins/wp-automatic/inc/csv.php HTTP/1.1" 404 8709 "-" "Mozilla/5.0 (Windows NT 10.0; Win64; x64) AppleWebKit/537.36 (KHTML, like Gecko) Chrome/83.0.4103.97 Safari/537.36"
114.119.129.198 - - [15/Apr/2025:00:58:21 -0400] "GET /2025/01/ HTTP/1.1" 200 10980 "https://fileluna.com/un-phenomene-en-plein-essor/" "Mozilla/5.0 (Linux; Android 7.0;) AppleWebKit/537.36 (KHTML, like Gecko) Mobile Safari/537.36 (compatible; PetalBot;+https://webmaster.petalsearch.com/site/petalbot)"
198.54.114.83 - - [15/Apr/2025:00:58:28 -0400] "POST /wp-cron.php?doing_wp_cron=1744693105.7605578899383544921875 HTTP/1.1" 200 0 "-" "WordPress/6.7.2; https://fileluna.com"
209.17.114.78 - - [15/Apr/2025:00:58:51 -0400] "POST /xmlrpc.php HTTP/1.1" 200 186 "https://fileluna.com" "Mozilla/5.0 (Windows NT 10.0; Win64; x64; rv:128.0) Gecko/20100101 Firefox/128.0"
198.54.114.83 - - [15/Apr/2025:01:06:53 -0400] "POST /wp-cron.php?doing_wp_cron=1744693612.6941831111907958984375 HTTP/1.1" 200 0 "-" "WordPress/6.7.2; https://fileluna.com"
66.29.132.86 - - [15/Apr/2025:01:06:48 -0400] "POST /xmlrpc.php HTTP/1.1" 200 186 "https://fileluna.com" "Mozilla/5.0 (Windows NT 10.0; Win64; x64; rv:125.0.1) Gecko/20100101 Firefox/125.0.1"
198.54.114.83 - - [15/Apr/2025:01:06:55 -0400] "POST /wp-admin/admin-ajax.php?action=async_litespeed&nonce=TlwVl3NHJuu81bJTeaSy0j9fUKsOE107&litespeed_type=imgoptm HTTP/1.1" 200 0 "-" "WordPress/6.7.2; https://fileluna.com"
198.54.114.83 - - [15/Apr/2025:01:14:40 -0400] "POST /wp-cron.php?doing_wp_cron=1744694080.3492391109466552734375 HTTP/1.1" 200 0 "-" "WordPress/6.7.2; https://fileluna.com"
198.54.126.68 - - [15/Apr/2025:01:14:36 -0400] "POST /xmlrpc.php HTTP/1.1" 200 186 "https://fileluna.com" "Mozilla/5.0 (Windows NT 10.0; Win64; x64; rv:125.0.1) Gecko/20100101 Firefox/125.0.1"
198.54.114.83 - - [15/Apr/2025:01:14:41 -0400] "POST /wp-admin/admin-ajax.php?action=async_litespeed&nonce=snxN6XytpjfYESpzBflnuutK8tmFPxVP&litespeed_type=imgoptm HTTP/1.1" 200 0 "-" "WordPress/6.7.2; https://fileluna.com"
114.119.132.228 - - [15/Apr/2025:01:17:59 -0400] "GET /the-leading-manufacturer-of-fire-pumps-in-china/ HTTP/1.1" 200 11623 "https://fileluna.com/the-vital-role-of-fire-fighting-water-pumps-in-emergency-response/" "Mozilla/5.0 (Linux; Android 7.0;) AppleWebKit/537.36 (KHTML, like Gecko) Mobile Safari/537.36 (compatible; PetalBot;+https://webmaster.petalsearch.com/site/petalbot)"
198.54.114.83 - - [15/Apr/2025:01:19:29 -0400] "POST /wp-cron.php?doing_wp_cron=1744694369.2094030380249023437500 HTTP/1.1" 200 0 "-" "WordPress/6.7.2; https://fileluna.com"
114.119.132.228 - - [15/Apr/2025:01:19:24 -0400] "GET /unlocking-classroom-6x-a-guide-to-unblocked-access/ HTTP/1.1" 200 11385 "https://fileluna.com/discover-the-allure-of-rainbow-riches-casino/" "Mozilla/5.0 (Linux; Android 7.0;) AppleWebKit/537.36 (KHTML, like Gecko) Mobile Safari/537.36 (compatible; PetalBot;+https://webmaster.petalsearch.com/site/petalbot)"
198.54.114.83 - - [15/Apr/2025:01:19:32 -0400] "POST /wp-admin/admin-ajax.php?action=async_litespeed&nonce=Q04YSz4bodSsshqNvOG9ojw8ef7Aq5My&litespeed_type=imgoptm HTTP/1.1" 200 0 "-" "WordPress/6.7.2; https://fileluna.com"
198.54.114.83 - - [15/Apr/2025:01:20:47 -0400] "POST /wp-cron.php?doing_wp_cron=1744694447.2081561088562011718750 HTTP/1.1" 200 0 "-" "WordPress/6.7.2; https://fileluna.com"
198.54.114.83 - - [15/Apr/2025:01:20:49 -0400] "POST /wp-admin/admin-ajax.php?action=async_litespeed&nonce=tlu7ngXKo2L6p6pF32EpIPP5zHI1ZKrH&litespeed_type=imgoptm HTTP/1.1" 200 0 "-" "WordPress/6.7.2; https://fileluna.com"
114.119.132.163 - - [15/Apr/2025:01:20:46 -0400] "GET /page/27/ HTTP/1.1" 200 12682 "https://fileluna.com/page/25/" "Mozilla/5.0 (Linux; Android 7.0;) AppleWebKit/537.36 (KHTML, like Gecko) Mobile Safari/537.36 (compatible; PetalBot;+https://webmaster.petalsearch.com/site/petalbot)"
198.54.114.83 - - [15/Apr/2025:01:22:40 -0400] "POST /wp-cron.php?doing_wp_cron=1744694560.1513590812683105468750 HTTP/1.1" 200 0 "-" "WordPress/6.7.2; https://fileluna.com"
54.36.209.164 - - [15/Apr/2025:01:22:36 -0400] "POST /xmlrpc.php HTTP/1.1" 200 186 "https://fileluna.com" "Mozilla/5.0 (Windows NT 10.0; Win64; x64) AppleWebKit/537.36 (KHTML, like Gecko) Chrome/116.0.5845.96 Safari/537.36"
198.54.114.83 - - [15/Apr/2025:01:22:41 -0400] "POST /wp-admin/admin-ajax.php?action=async_litespeed&nonce=YVPCtBJToNR5vIFGSVtCLc6Rv8fNGkh3&litespeed_type=imgoptm HTTP/1.1" 200 0 "-" "WordPress/6.7.2; https://fileluna.com"
198.54.114.83 - - [15/Apr/2025:01:30:39 -0400] "POST /wp-cron.php?doing_wp_cron=1744695037.8631110191345214843750 HTTP/1.1" 200 0 "-" "WordPress/6.7.2; https://fileluna.com"
91.151.95.70 - - [15/Apr/2025:01:30:34 -0400] "POST /xmlrpc.php HTTP/1.1" 200 186 "https://fileluna.com" "Mozilla/5.0 (Windows NT 10.0; Win64; x64; rv:126.0) Gecko/20100101 Firefox/126.0"
45.113.224.7 - - [15/Apr/2025:01:38:33 -0400] "POST /xmlrpc.php HTTP/1.1" 200 0 "https://fileluna.com" "Mozilla/5.0 (Windows NT 10.0; Win64; x64) AppleWebKit/537.36 (KHTML, like Gecko) Chrome/126.0.0.0 Safari/537.36"
114.119.129.198 - - [15/Apr/2025:01:41:31 -0400] "GET /the-future-of-networking-embracing-digital-business-cards/ HTTP/1.1" 200 11528 "https://fileluna.com/2024/page/25/" "Mozilla/5.0 (Linux; Android 7.0;) AppleWebKit/537.36 (KHTML, like Gecko) Mobile Safari/537.36 (compatible; PetalBot;+https://webmaster.petalsearch.com/site/petalbot)"
198.54.114.83 - - [15/Apr/2025:01:41:38 -0400] "POST /wp-cron.php?doing_wp_cron=1744695695.1554288864135742187500 HTTP/1.1" 200 0 "-" "WordPress/6.7.2; https://fileluna.com"
18.119.162.65 - - [15/Apr/2025:01:46:17 -0400] "GET /the-rise-of-online-cultural-gift-certificates HTTP/1.1" 301 0 "-" "Mozilla/5.0 AppleWebKit/537.36 (KHTML, like Gecko; compatible; ClaudeBot/1.0; +claudebot@anthropic.com)"
198.54.114.83 - - [15/Apr/2025:01:46:23 -0400] "POST /wp-cron.php?doing_wp_cron=1744695980.9696819782257080078125 HTTP/1.1" 200 0 "-" "WordPress/6.7.2; https://fileluna.com"
18.119.162.65 - - [15/Apr/2025:01:46:24 -0400] "GET /the-rise-of-online-cultural-gift-certificates/ HTTP/1.1" 200 0 "https://fileluna.com/the-rise-of-online-cultural-gift-certificates" "Mozilla/5.0 AppleWebKit/537.36 (KHTML, like Gecko; compatible; ClaudeBot/1.0; +claudebot@anthropic.com)"
103.169.35.190 - - [15/Apr/2025:01:46:32 -0400] "POST /xmlrpc.php HTTP/1.1" 200 186 "https://fileluna.com" "Mozilla/5.0 (Macintosh; Intel Mac OS X 14.5) AppleWebKit/618.3.5 (KHTML, like Gecko) Version/17.4 Safari/618.3.5"
198.54.114.83 - - [15/Apr/2025:01:54:32 -0400] "POST /wp-cron.php?doing_wp_cron=1744696471.5315160751342773437500 HTTP/1.1" 200 0 "-" "WordPress/6.7.2; https://fileluna.com"
2a01:4f8:2190:15dc::2 - - [15/Apr/2025:01:54:28 -0400] "POST /xmlrpc.php HTTP/1.1" 200 186 "https://fileluna.com" "Mozilla/5.0 (Windows NT 11.0; Win64; x64) AppleWebKit/537.36 (KHTML, like Gecko) Chrome/126.0.0.0 Safari/537.36 Edg/126.0.0.0"
198.54.114.83 - - [15/Apr/2025:01:54:33 -0400] "POST /wp-admin/admin-ajax.php?action=async_litespeed&nonce=QiGAzy2sPnj5MCAxVr0NGpwxGP8jKFgm&litespeed_type=imgoptm HTTP/1.1" 200 0 "-" "WordPress/6.7.2; https://fileluna.com"
198.54.114.83 - - [15/Apr/2025:01:57:57 -0400] "POST /wp-cron.php?doing_wp_cron=1744696676.8224239349365234375000 HTTP/1.1" 200 0 "-" "WordPress/6.7.2; https://fileluna.com"
114.119.149.81 - - [15/Apr/2025:01:57:53 -0400] "GET /the-evolution-of-online-lottery-games/ HTTP/1.1" 200 11454 "https://fileluna.com/2024/08/" "Mozilla/5.0 (Linux; Android 7.0;) AppleWebKit/537.36 (KHTML, like Gecko) Mobile Safari/537.36 (compatible; PetalBot;+https://webmaster.petalsearch.com/site/petalbot)"
198.54.114.83 - - [15/Apr/2025:01:59:18 -0400] "POST /wp-cron.php?doing_wp_cron=1744696756.7469871044158935546875 HTTP/1.1" 200 0 "-" "WordPress/6.7.2; https://fileluna.com"
114.119.149.81 - - [15/Apr/2025:01:59:16 -0400] "GET /nourishing-your-body-a-healthy-meal-plan-for-everyone/ HTTP/1.1" 200 11836 "https://fileluna.com/2024/page/24/" "Mozilla/5.0 (Linux; Android 7.0;) AppleWebKit/537.36 (KHTML, like Gecko) Mobile Safari/537.36 (compatible; PetalBot;+https://webmaster.petalsearch.com/site/petalbot)"
18.223.162.245 - - [15/Apr/2025:02:00:32 -0400] "GET /relaxation-on-the-go-the-benefits-of-a-business-trip-massage/feed HTTP/1.1" 301 0 "-" "Mozilla/5.0 AppleWebKit/537.36 (KHTML, like Gecko; compatible; ClaudeBot/1.0; +claudebot@anthropic.com)"
198.54.114.83 - - [15/Apr/2025:02:00:34 -0400] "POST /wp-cron.php?doing_wp_cron=1744696833.4557480812072753906250 HTTP/1.1" 200 0 "-" "WordPress/6.7.2; https://fileluna.com"
18.223.162.245 - - [15/Apr/2025:02:00:37 -0400] "GET /relaxation-on-the-go-the-benefits-of-a-business-trip-massage/feed/ HTTP/1.1" 200 430 "https://fileluna.com/relaxation-on-the-go-the-benefits-of-a-business-trip-massage/feed" "Mozilla/5.0 AppleWebKit/537.36 (KHTML, like Gecko; compatible; ClaudeBot/1.0; +claudebot@anthropic.com)"
114.119.132.163 - - [15/Apr/2025:02:00:38 -0400] "GET /navigating-the-road-wide-load-movers/ HTTP/1.1" 200 11716 "https://fileluna.com/page/46/" "Mozilla/5.0 (Linux; Android 7.0;) AppleWebKit/537.36 (KHTML, like Gecko) Mobile Safari/537.36 (compatible; PetalBot;+https://webmaster.petalsearch.com/site/petalbot)"
198.54.114.83 - - [15/Apr/2025:02:02:31 -0400] "POST /wp-cron.php?doing_wp_cron=1744696950.3019208908081054687500 HTTP/1.1" 200 0 "-" "WordPress/6.7.2; https://fileluna.com"
134.209.104.76 - - [15/Apr/2025:02:02:26 -0400] "POST /xmlrpc.php HTTP/1.1" 200 186 "https://fileluna.com" "Mozilla/5.0 (Macintosh; Intel Mac OS X 10_15_7) AppleWebKit/537.36 (KHTML, like Gecko) Chrome/115.0.5790.102 Safari/537.36"
198.54.114.83 - - [15/Apr/2025:02:02:33 -0400] "POST /wp-admin/admin-ajax.php?action=async_litespeed&nonce=MdOMdPzkzXG9uTUmvzejszRFmZWOq43j&litespeed_type=imgoptm HTTP/1.1" 200 0 "-" "WordPress/6.7.2; https://fileluna.com"
198.54.114.83 - - [15/Apr/2025:02:05:13 -0400] "POST /wp-cron.php?doing_wp_cron=1744697112.1814999580383300781250 HTTP/1.1" 200 0 "-" "WordPress/6.7.2; https://fileluna.com"
18.191.154.2 - - [15/Apr/2025:02:05:09 -0400] "GET /?p=966 HTTP/1.1" 301 0 "-" "Mozilla/5.0 AppleWebKit/537.36 (KHTML, like Gecko; compatible; ClaudeBot/1.0; +claudebot@anthropic.com)"
198.54.114.83 - - [15/Apr/2025:02:05:14 -0400] "POST /wp-admin/admin-ajax.php?action=async_litespeed&nonce=Zy0KzZoHWW42RGsp5LRrJqT42I1HUcP9&litespeed_type=imgoptm HTTP/1.1" 200 0 "-" "WordPress/6.7.2; https://fileluna.com"
18.191.154.2 - - [15/Apr/2025:02:05:14 -0400] "GET /relaxation-on-the-go-the-benefits-of-a-business-trip-massage/ HTTP/1.1" 200 11729 "https://fileluna.com/?p=966" "Mozilla/5.0 AppleWebKit/537.36 (KHTML, like Gecko; compatible; ClaudeBot/1.0; +claudebot@anthropic.com)"
198.54.114.83 - - [15/Apr/2025:02:09:06 -0400] "POST /wp-cron.php?doing_wp_cron=1744697345.8532650470733642578125 HTTP/1.1" 200 0 "-" "WordPress/6.7.2; https://fileluna.com"
52.14.88.151 - - [15/Apr/2025:02:09:00 -0400] "GET /wp-json/wp/v2/posts/966 HTTP/1.1" 200 3942 "-" "Mozilla/5.0 AppleWebKit/537.36 (KHTML, like Gecko; compatible; ClaudeBot/1.0; +claudebot@anthropic.com)"
198.54.114.83 - - [15/Apr/2025:02:09:09 -0400] "POST /wp-admin/admin-ajax.php?action=async_litespeed&nonce=aBuYcn0AQBPbzo2LYR3Q5oEiYTnp8h9h&litespeed_type=imgoptm HTTP/1.1" 200 0 "-" "WordPress/6.7.2; https://fileluna.com"
198.54.114.83 - - [15/Apr/2025:02:10:26 -0400] "POST /wp-cron.php?doing_wp_cron=1744697425.0074880123138427734375 HTTP/1.1" 200 0 "-" "WordPress/6.7.2; https://fileluna.com"
198.54.114.86 - - [15/Apr/2025:02:10:24 -0400] "POST /xmlrpc.php HTTP/1.1" 200 186 "https://fileluna.com" "Mozilla/5.0 (Macintosh; Intel Mac OS X 10_15_7; rv:126.0) Gecko/20100101 Firefox/126.0"
198.54.114.83 - - [15/Apr/2025:02:15:59 -0400] "POST /wp-cron.php?doing_wp_cron=1744697758.4332931041717529296875 HTTP/1.1" 200 0 "-" "WordPress/6.7.2; https://fileluna.com"
45.141.87.177 - - [15/Apr/2025:02:15:54 -0400] "GET /wp-content/plugins/everest-forms/readme.txt HTTP/1.1" 404 8709 "-" "Mozilla/5.0 (Macintosh; Intel Mac OS X 10_15_7) AppleWebKit/605.1.15 (KHTML, like Gecko) Version/17.5 Safari/605.1.15"
216.244.66.246 - - [15/Apr/2025:02:16:09 -0400] "GET /robots.txt HTTP/1.1" 200 61 "-" "Mozilla/5.0 (compatible; DotBot/1.2; +https://opensiteexplorer.org/dotbot; help@moz.com)"
198.54.114.83 - - [15/Apr/2025:02:18:16 -0400] "POST /wp-cron.php?doing_wp_cron=1744697895.2347619533538818359375 HTTP/1.1" 200 0 "-" "WordPress/6.7.2; https://fileluna.com"
62.60.160.33 - - [15/Apr/2025:02:18:13 -0400] "POST /xmlrpc.php HTTP/1.1" 200 186 "https://fileluna.com" "Mozilla/5.0 (Windows NT 10.0; Win64; x64; rv:127.0) Gecko/20100101 Firefox/127.0"
198.54.114.83 - - [15/Apr/2025:02:18:17 -0400] "POST /wp-admin/admin-ajax.php?action=async_litespeed&nonce=RD48yG70sUYLGIIj3W3IU6MviEdyKILd&litespeed_type=imgoptm HTTP/1.1" 200 0 "-" "WordPress/6.7.2; https://fileluna.com"
91.121.44.198 - - [15/Apr/2025:02:26:19 -0400] "POST /xmlrpc.php HTTP/1.1" 200 0 "https://fileluna.com" "Mozilla/5.0 (Macintosh; Intel Mac OS X 14_4_1) AppleWebKit/605.1.15 (KHTML, like Gecko) Version/17.3.1 Safari/605.1.15"
198.54.114.83 - - [15/Apr/2025:02:26:27 -0400] "POST /wp-cron.php?doing_wp_cron=1744698385.3889949321746826171875 HTTP/1.1" 200 0 "-" "WordPress/6.7.2; https://fileluna.com"
198.54.114.83 - - [15/Apr/2025:02:34:22 -0400] "POST /wp-cron.php?doing_wp_cron=1744698860.5058660507202148437500 HTTP/1.1" 200 0 "-" "WordPress/6.7.2; https://fileluna.com"
162.0.209.186 - - [15/Apr/2025:02:34:16 -0400] "POST /xmlrpc.php HTTP/1.1" 200 186 "https://fileluna.com" "Mozilla/5.0 (Windows NT 10.0; Win64; x64) AppleWebKit/537.36 (KHTML, like Gecko) Chrome/115.0.5790.102 Safari/537.36"
114.119.137.80 - - [15/Apr/2025:02:35:15 -0400] "GET /rejuvenate-your-senses-with-suwon-business-trip-massage/ HTTP/1.1" 200 11637 "https://fileluna.com/2024/page/24/" "Mozilla/5.0 (Linux; Android 7.0;) AppleWebKit/537.36 (KHTML, like Gecko) Mobile Safari/537.36 (compatible; PetalBot;+https://webmaster.petalsearch.com/site/petalbot)"
198.54.114.83 - - [15/Apr/2025:02:42:24 -0400] "POST /wp-cron.php?doing_wp_cron=1744699343.0076880455017089843750 HTTP/1.1" 200 0 "-" "WordPress/6.7.2; https://fileluna.com"
134.122.118.246 - - [15/Apr/2025:02:42:17 -0400] "POST /xmlrpc.php HTTP/1.1" 200 186 "https://fileluna.com" "Mozilla/5.0 (Macintosh; Intel Mac OS X 14.3) AppleWebKit/614.31.14 (KHTML, like Gecko) Version/17.0.96 Safari/614.31.14"
198.54.114.83 - - [15/Apr/2025:02:45:18 -0400] "POST /wp-cron.php?doing_wp_cron=1744699517.4831740856170654296875 HTTP/1.1" 200 0 "-" "WordPress/6.7.2; https://fileluna.com"
114.119.149.81 - - [15/Apr/2025:02:45:13 -0400] "GET /exploring-the-thrills-of-online-casino-entertainment/ HTTP/1.1" 200 11732 "https://fileluna.com/page/8/" "Mozilla/5.0 (Linux; Android 7.0;) AppleWebKit/537.36 (KHTML, like Gecko) Mobile Safari/537.36 (compatible; PetalBot;+https://webmaster.petalsearch.com/site/petalbot)"
135.119.140.245 - - [15/Apr/2025:02:48:22 -0400] "HEAD /wordpress HTTP/1.1" 404 0 "http://fileluna.com/wordpress" "Mozilla/5.0 (Windows NT 10.0; Win64; x64) AppleWebKit/537.36 (KHTML, like Gecko) Chrome/74.0.3729.169 Safari/537.36"
198.54.114.83 - - [15/Apr/2025:02:48:28 -0400] "POST /wp-cron.php?doing_wp_cron=1744699706.5092430114746093750000 HTTP/1.1" 200 0 "-" "WordPress/6.7.2; https://fileluna.com"
135.119.140.245 - - [15/Apr/2025:02:48:32 -0400] "HEAD / HTTP/1.1" 200 0 "http://fileluna.com/" "Mozilla/5.0 (Windows NT 10.0; Win64; x64) AppleWebKit/537.36 (KHTML, like Gecko) Chrome/74.0.3729.169 Safari/537.36"
135.119.140.245 - - [15/Apr/2025:02:48:37 -0400] "HEAD /wp HTTP/1.1" 404 0 "http://fileluna.com/wp" "Mozilla/5.0 (Windows NT 10.0; Win64; x64) AppleWebKit/537.36 (KHTML, like Gecko) Chrome/74.0.3729.169 Safari/537.36"
135.119.140.245 - - [15/Apr/2025:02:48:40 -0400] "HEAD /bc HTTP/1.1" 404 0 "http://fileluna.com/bc" "Mozilla/5.0 (Windows NT 10.0; Win64; x64) AppleWebKit/537.36 (KHTML, like Gecko) Chrome/74.0.3729.169 Safari/537.36"
135.119.140.245 - - [15/Apr/2025:02:48:43 -0400] "HEAD /bk HTTP/1.1" 404 0 "http://fileluna.com/bk" "Mozilla/5.0 (Windows NT 10.0; Win64; x64) AppleWebKit/537.36 (KHTML, like Gecko) Chrome/74.0.3729.169 Safari/537.36"
135.119.140.245 - - [15/Apr/2025:02:48:48 -0400] "HEAD /backup HTTP/1.1" 404 0 "http://fileluna.com/backup" "Mozilla/5.0 (Windows NT 10.0; Win64; x64) AppleWebKit/537.36 (KHTML, like Gecko) Chrome/74.0.3729.169 Safari/537.36"
135.119.140.245 - - [15/Apr/2025:02:48:49 -0400] "HEAD /old HTTP/1.1" 404 0 "http://fileluna.com/old" "Mozilla/5.0 (Windows NT 10.0; Win64; x64) AppleWebKit/537.36 (KHTML, like Gecko) Chrome/74.0.3729.169 Safari/537.36"
135.119.140.245 - - [15/Apr/2025:02:48:56 -0400] "HEAD /new HTTP/1.1" 404 0 "http://fileluna.com/new" "Mozilla/5.0 (Windows NT 10.0; Win64; x64) AppleWebKit/537.36 (KHTML, like Gecko) Chrome/74.0.3729.169 Safari/537.36"
135.119.140.245 - - [15/Apr/2025:02:48:59 -0400] "HEAD /main HTTP/1.1" 404 0 "http://fileluna.com/main" "Mozilla/5.0 (Windows NT 10.0; Win64; x64) AppleWebKit/537.36 (KHTML, like Gecko) Chrome/74.0.3729.169 Safari/537.36"
135.119.140.245 - - [15/Apr/2025:02:49:00 -0400] "HEAD /home HTTP/1.1" 404 0 "http://fileluna.com/home" "Mozilla/5.0 (Windows NT 10.0; Win64; x64) AppleWebKit/537.36 (KHTML, like Gecko) Chrome/74.0.3729.169 Safari/537.36"
89.144.145.213 - - [15/Apr/2025:02:50:32 -0400] "POST /xmlrpc.php HTTP/1.1" 200 186 "https://fileluna.com" "Mozilla/5.0 (Macintosh; Intel Mac OS X 10_15_7) AppleWebKit/537.36 (KHTML, like Gecko) Chrome/113.0.5672.93 Safari/537.36"
198.54.114.83 - - [15/Apr/2025:02:50:36 -0400] "POST /wp-cron.php?doing_wp_cron=1744699835.2996959686279296875000 HTTP/1.1" 200 0 "-" "WordPress/6.7.2; https://fileluna.com"
198.54.114.83 - - [15/Apr/2025:02:58:42 -0400] "POST /wp-cron.php?doing_wp_cron=1744700322.1915431022644042968750 HTTP/1.1" 200 0 "-" "WordPress/6.7.2; https://fileluna.com"
198.54.120.73 - - [15/Apr/2025:02:58:37 -0400] "POST /xmlrpc.php HTTP/1.1" 200 186 "https://fileluna.com" "Mozilla/5.0 (Macintosh; Intel Mac OS X 10_15_7) AppleWebKit/537.36 (KHTML, like Gecko) Chrome/126.0.0.0 Safari/537.36"
198.54.114.83 - - [15/Apr/2025:02:58:43 -0400] "POST /wp-admin/admin-ajax.php?action=async_litespeed&nonce=ssjltsrvhs7dOPmCZ3VrzaXdrBfqm0F1&litespeed_type=imgoptm HTTP/1.1" 200 5 "-" "WordPress/6.7.2; https://fileluna.com"
216.244.66.246 - - [15/Apr/2025:03:03:30 -0400] "GET /robots.txt HTTP/1.1" 304 0 "-" "Mozilla/5.0 (compatible; DotBot/1.2; +https://opensiteexplorer.org/dotbot; help@moz.com)"
198.54.114.83 - - [15/Apr/2025:03:06:52 -0400] "POST /wp-cron.php?doing_wp_cron=1744700811.2709290981292724609375 HTTP/1.1" 200 0 "-" "WordPress/6.7.2; https://fileluna.com"
68.65.122.90 - - [15/Apr/2025:03:06:47 -0400] "POST /xmlrpc.php HTTP/1.1" 200 186 "https://fileluna.com" "Mozilla/5.0 (Macintosh; Intel Mac OS X 10_15_7) AppleWebKit/537.36 (KHTML, like Gecko) Chrome/116.0.5845.96 Safari/537.36"
198.54.114.83 - - [15/Apr/2025:03:06:53 -0400] "POST /wp-admin/admin-ajax.php?action=async_litespeed&nonce=Pj4t0InhxiYAbsU9BcpluNGr9VKCGIjN&litespeed_type=imgoptm HTTP/1.1" 200 0 "-" "WordPress/6.7.2; https://fileluna.com"
2a0a:4cc0:c0:439b:2430:dfff:fe27:7696 - - [15/Apr/2025:03:15:04 -0400] "POST /xmlrpc.php HTTP/1.1" 200 0 "https://fileluna.com" "Mozilla/5.0 (Macintosh; Intel Mac OS X 10_15_7; rv:128.0) Gecko/20100101 Firefox/128.0"
198.54.114.83 - - [15/Apr/2025:03:15:14 -0400] "POST /wp-cron.php?doing_wp_cron=1744701309.7629690170288085937500 HTTP/1.1" 200 0 "-" "WordPress/6.7.2; https://fileluna.com"
198.54.114.83 - - [15/Apr/2025:03:23:14 -0400] "POST /wp-cron.php?doing_wp_cron=1744701793.5200269222259521484375 HTTP/1.1" 200 0 "-" "WordPress/6.7.2; https://fileluna.com"
128.199.126.239 - - [15/Apr/2025:03:23:09 -0400] "POST /xmlrpc.php HTTP/1.1" 200 186 "https://fileluna.com" "Mozilla/5.0 (Macintosh; Intel Mac OS X 10_15_7; rv:126.0) Gecko/20100101 Firefox/126.0"
114.119.148.27 - - [15/Apr/2025:03:25:03 -0400] "GET /the-allure-of-gemstone-bracelets-a-symphony-of-elegance/ HTTP/1.1" 200 12078 "https://fileluna.com/2024/01/page/2/" "Mozilla/5.0 (Linux; Android 7.0;) AppleWebKit/537.36 (KHTML, like Gecko) Mobile Safari/537.36 (compatible; PetalBot;+https://webmaster.petalsearch.com/site/petalbot)"
198.54.114.83 - - [15/Apr/2025:03:26:34 -0400] "POST /wp-cron.php?doing_wp_cron=1744701993.1156189441680908203125 HTTP/1.1" 200 0 "-" "WordPress/6.7.2; https://fileluna.com"
114.119.154.229 - - [15/Apr/2025:03:26:28 -0400] "GET /a-revitalizing-experience-in-osan/ HTTP/1.1" 200 11774 "https://fileluna.com/2024/10/page/2/" "Mozilla/5.0 (Linux; Android 7.0;) AppleWebKit/537.36 (KHTML, like Gecko) Mobile Safari/537.36 (compatible; PetalBot;+https://webmaster.petalsearch.com/site/petalbot)"
198.54.114.83 - - [15/Apr/2025:03:29:52 -0400] "GET / HTTP/1.1" 200 12525 "-" "Mozilla/5.0 (Windows NT 10.0; Win64; x64; rv:122.0) Gecko/20100101 Firefox/122.0"
198.54.114.83 - - [15/Apr/2025:03:31:26 -0400] "POST /wp-cron.php?doing_wp_cron=1744702285.5933699607849121093750 HTTP/1.1" 200 0 "-" "WordPress/6.7.2; https://fileluna.com"
185.88.178.89 - - [15/Apr/2025:03:31:22 -0400] "POST /xmlrpc.php HTTP/1.1" 200 186 "https://fileluna.com" "Mozilla/5.0 (Windows NT 10.0; Win64; x64) AppleWebKit/537.36 (KHTML, like Gecko) Chrome/113.0.5672.126 Safari/537.36 Edg/113.0.1774.50"
198.54.114.83 - - [15/Apr/2025:03:31:28 -0400] "POST /wp-admin/admin-ajax.php?action=async_litespeed&nonce=ECMMxHvGXg8e9PbufuiohfeaMkP6gLYO&litespeed_type=imgoptm HTTP/1.1" 200 0 "-" "WordPress/6.7.2; https://fileluna.com"
45.56.69.133 - - [15/Apr/2025:03:36:46 -0400] "GET / HTTP/1.1" 200 12525 "-" "-"
198.54.114.83 - - [15/Apr/2025:03:36:54 -0400] "POST /wp-cron.php?doing_wp_cron=1744702612.4964680671691894531250 HTTP/1.1" 200 0 "-" "WordPress/6.7.2; https://fileluna.com"
45.56.69.133 - - [15/Apr/2025:03:36:47 -0400] "GET /wp-admin/install.php HTTP/1.1" 200 435 "-" "-"
45.56.69.133 - - [15/Apr/2025:03:36:55 -0400] "GET /wp-admin/setup-config.php HTTP/1.1" 409 1041 "-" "-"
198.54.114.83 - - [15/Apr/2025:03:39:41 -0400] "POST /wp-cron.php?doing_wp_cron=1744702780.5932829380035400390625 HTTP/1.1" 200 0 "-" "WordPress/6.7.2; https://fileluna.com"
162.240.170.99 - - [15/Apr/2025:03:39:36 -0400] "POST /xmlrpc.php HTTP/1.1" 200 186 "https://fileluna.com" "Mozilla/5.0 (Macintosh; Intel Mac OS X 10_15_7) AppleWebKit/537.36 (KHTML, like Gecko) Chrome/126.0.0.0 Safari/537.36"
198.54.114.83 - - [15/Apr/2025:03:39:41 -0400] "POST /wp-admin/admin-ajax.php?action=async_litespeed&nonce=v8P6sPeJ8tONMzuron07yLe7Rmd7p5dH&litespeed_type=imgoptm HTTP/1.1" 200 0 "-" "WordPress/6.7.2; https://fileluna.com"
198.54.114.83 - - [15/Apr/2025:03:40:32 -0400] "POST /wp-cron.php?doing_wp_cron=1744702831.9803359508514404296875 HTTP/1.1" 200 0 "-" "WordPress/6.7.2; https://fileluna.com"
198.54.114.83 - - [15/Apr/2025:03:40:33 -0400] "POST /wp-admin/admin-ajax.php?action=async_litespeed&nonce=tluT71ViMNbfLjCQVrHD2NVGZtmEXsRg&litespeed_type=imgoptm HTTP/1.1" 200 0 "-" "WordPress/6.7.2; https://fileluna.com"
114.119.149.81 - - [15/Apr/2025:03:40:31 -0400] "GET /une-alternative-elegante-panneaux-en-pvc-effet-marbre/ HTTP/1.1" 200 11515 "https://fileluna.com/page/32/" "Mozilla/5.0 (Linux; Android 7.0;) AppleWebKit/537.36 (KHTML, like Gecko) Mobile Safari/537.36 (compatible; PetalBot;+https://webmaster.petalsearch.com/site/petalbot)"
198.54.114.83 - - [15/Apr/2025:03:41:55 -0400] "POST /wp-cron.php?doing_wp_cron=1744702915.5757889747619628906250 HTTP/1.1" 200 0 "-" "WordPress/6.7.2; https://fileluna.com"
198.54.114.83 - - [15/Apr/2025:03:41:56 -0400] "POST /wp-admin/admin-ajax.php?action=async_litespeed&nonce=TBAWeSCgWImpKmFNminmdaDz5Wa2phxT&litespeed_type=imgoptm HTTP/1.1" 200 5 "-" "WordPress/6.7.2; https://fileluna.com"
114.119.132.163 - - [15/Apr/2025:03:41:55 -0400] "GET /category/arts-entertainments/page/8/ HTTP/1.1" 200 11367 "https://fileluna.com/category/arts-entertainments/page/10/" "Mozilla/5.0 (Linux; Android 7.0;) AppleWebKit/537.36 (KHTML, like Gecko) Mobile Safari/537.36 (compatible; PetalBot;+https://webmaster.petalsearch.com/site/petalbot)"
196.251.72.46 - - [15/Apr/2025:03:47:16 -0400] "GET / HTTP/1.1" 200 12525 "-" "-"
198.54.114.83 - - [15/Apr/2025:03:47:22 -0400] "POST /wp-cron.php?doing_wp_cron=1744703242.1721920967102050781250 HTTP/1.1" 200 0 "-" "WordPress/6.7.2; https://fileluna.com"
196.251.72.46 - - [15/Apr/2025:03:47:17 -0400] "GET /wp-admin/install.php HTTP/1.1" 200 435 "-" "-"
196.251.72.46 - - [15/Apr/2025:03:47:24 -0400] "GET /wp-admin/setup-config.php HTTP/1.1" 409 1041 "-" "-"
198.54.114.83 - - [15/Apr/2025:03:48:21 -0400] "POST /wp-cron.php?doing_wp_cron=1744703301.2247800827026367187500 HTTP/1.1" 200 0 "-" "WordPress/6.7.2; https://fileluna.com"
195.7.5.237 - - [15/Apr/2025:03:48:20 -0400] "POST /xmlrpc.php HTTP/1.1" 200 186 "https://fileluna.com" "Mozilla/5.0 (Windows NT 10.0; Win64; x64) AppleWebKit/537.36 (KHTML, like Gecko) Chrome/116.0.5845.96 Safari/537.36 Edg/116.0.1938.62"
198.54.114.83 - - [15/Apr/2025:03:48:22 -0400] "POST /wp-admin/admin-ajax.php?action=async_litespeed&nonce=x0yw79B9KtL3U2uTOknc33hOufgmUbjT&litespeed_type=imgoptm HTTP/1.1" 200 5 "-" "WordPress/6.7.2; https://fileluna.com"
216.244.66.246 - - [15/Apr/2025:03:50:25 -0400] "GET /robots.txt HTTP/1.1" 304 0 "-" "Mozilla/5.0 (compatible; DotBot/1.2; +https://opensiteexplorer.org/dotbot; help@moz.com)"
89.46.7.238 - - [15/Apr/2025:03:57:15 -0400] "POST /xmlrpc.php HTTP/1.1" 200 186 "https://fileluna.com" "Mozilla/5.0 (Windows NT 10.0; Win64; x64) AppleWebKit/537.36 (KHTML, like Gecko) Chrome/112.0.5615.138 Safari/537.36"
198.54.114.83 - - [15/Apr/2025:03:57:22 -0400] "POST /wp-cron.php?doing_wp_cron=1744703840.0948910713195800781250 HTTP/1.1" 200 0 "-" "WordPress/6.7.2; https://fileluna.com"
64.225.8.119 - - [15/Apr/2025:03:57:50 -0400] "GET / HTTP/1.1" 200 12525 "-" "Mozilla/5.0 (compatible)"
64.225.8.119 - - [15/Apr/2025:03:57:52 -0400] "GET /favicon.ico HTTP/1.1" 404 1251 "https://fileluna.com/" "Mozilla/5.0 (compatible)"
198.54.114.83 - - [15/Apr/2025:03:59:58 -0400] "POST /wp-cron.php?doing_wp_cron=1744703998.3364770412445068359375 HTTP/1.1" 200 0 "-" "WordPress/6.7.2; https://fileluna.com"
46.4.81.149 - - [15/Apr/2025:03:59:55 -0400] "GET /der-beste-gitarrenlehrer-in-essen-eine-klangvolle-reise-durch-die-welt-der-musik/ HTTP/1.1" 200 11789 "-" "Mozilla/5.0 (Windows NT 10.0; Win64; x64) AppleWebKit/537.36 (KHTML, like Gecko) Chrome/108.0.0.0 Safari/537.36"
198.54.114.83 - - [15/Apr/2025:03:59:59 -0400] "POST /wp-admin/admin-ajax.php?action=async_litespeed&nonce=V1yycAEH8h72sUDMpve8RZHSbnDvgaY5&litespeed_type=imgoptm HTTP/1.1" 200 5 "-" "WordPress/6.7.2; https://fileluna.com"
198.54.114.83 - - [15/Apr/2025:04:02:53 -0400] "POST /wp-cron.php?doing_wp_cron=1744704172.5269250869750976562500 HTTP/1.1" 200 0 "-" "WordPress/6.7.2; https://fileluna.com"
114.119.129.198 - - [15/Apr/2025:04:02:49 -0400] "GET /revolutionizing-networking-with-digital-business-cards/ HTTP/1.1" 200 11852 "https://fileluna.com/2024/page/25/" "Mozilla/5.0 (Linux; Android 7.0;) AppleWebKit/537.36 (KHTML, like Gecko) Mobile Safari/537.36 (compatible; PetalBot;+https://webmaster.petalsearch.com/site/petalbot)"
198.54.114.83 - - [15/Apr/2025:04:04:14 -0400] "POST /wp-cron.php?doing_wp_cron=1744704254.1553471088409423828125 HTTP/1.1" 200 0 "-" "WordPress/6.7.2; https://fileluna.com"
114.119.129.34 - - [15/Apr/2025:04:04:13 -0400] "GET /effiziente-haushaltsauflosungen-in-luneburg-2/ HTTP/1.1" 200 11933 "https://fileluna.com/2024/page/21/" "Mozilla/5.0 (Linux; Android 7.0;) AppleWebKit/537.36 (KHTML, like Gecko) Mobile Safari/537.36 (compatible; PetalBot;+https://webmaster.petalsearch.com/site/petalbot)"
198.54.114.83 - - [15/Apr/2025:04:04:15 -0400] "POST /wp-admin/admin-ajax.php?action=async_litespeed&nonce=SCdfDC8pYONGpkyU2eLokS4Lh37rwW5g&litespeed_type=imgoptm HTTP/1.1" 200 0 "-" "WordPress/6.7.2; https://fileluna.com"
198.54.114.83 - - [15/Apr/2025:04:06:23 -0400] "POST /wp-cron.php?doing_wp_cron=1744704382.3381049633026123046875 HTTP/1.1" 200 0 "-" "WordPress/6.7.2; https://fileluna.com"
63.250.32.87 - - [15/Apr/2025:04:06:19 -0400] "POST /xmlrpc.php HTTP/1.1" 200 186 "https://fileluna.com" "Mozilla/5.0 (Windows NT 10.0; Win64; x64) AppleWebKit/537.36 (KHTML, like Gecko) Chrome/114.0.5735.134 Safari/537.36"
198.54.114.83 - - [15/Apr/2025:04:06:24 -0400] "POST /wp-admin/admin-ajax.php?action=async_litespeed&nonce=Z0KeFlPzfLefSRbE3FCuDsbDKQsXcySm&litespeed_type=imgoptm HTTP/1.1" 200 0 "-" "WordPress/6.7.2; https://fileluna.com"
198.54.114.83 - - [15/Apr/2025:04:15:19 -0400] "POST /wp-cron.php?doing_wp_cron=1744704919.0045340061187744140625 HTTP/1.1" 200 0 "-" "WordPress/6.7.2; https://fileluna.com"
66.85.153.202 - - [15/Apr/2025:04:15:14 -0400] "POST /xmlrpc.php HTTP/1.1" 200 186 "https://fileluna.com" "Mozilla/5.0 (Windows NT 10.0; Win64; x64) AppleWebKit/537.36 (KHTML, like Gecko) Chrome/114.0.5735.199 Safari/537.36 Edg/114.0.1823.67"
198.54.114.83 - - [15/Apr/2025:04:15:20 -0400] "POST /wp-admin/admin-ajax.php?action=async_litespeed&nonce=oFygjsRP2zEPnAiAiBesAAyGF1ke3PLT&litespeed_type=imgoptm HTTP/1.1" 200 5 "-" "WordPress/6.7.2; https://fileluna.com"
198.54.114.83 - - [15/Apr/2025:04:18:15 -0400] "POST /wp-cron.php?doing_wp_cron=1744705094.0140790939331054687500 HTTP/1.1" 200 0 "-" "WordPress/6.7.2; https://fileluna.com"
134.122.133.31 - - [15/Apr/2025:04:18:10 -0400] "GET /statics/img/login_bg.jpg HTTP/1.1" 404 8709 "http://fileluna.com" "iaskspider/2.0(+http://iask.com/help/help_index.html\xa1\xb1)"
114.119.154.229 - - [15/Apr/2025:04:18:23 -0400] "GET /page/35/ HTTP/1.1" 200 12805 "https://fileluna.com/page/32/" "Mozilla/5.0 (Linux; Android 7.0;) AppleWebKit/537.36 (KHTML, like Gecko) Mobile Safari/537.36 (compatible; PetalBot;+https://webmaster.petalsearch.com/site/petalbot)"
198.54.114.83 - - [15/Apr/2025:04:19:47 -0400] "POST /wp-cron.php?doing_wp_cron=1744705186.3688659667968750000000 HTTP/1.1" 200 0 "-" "WordPress/6.7.2; https://fileluna.com"
198.54.114.83 - - [15/Apr/2025:04:19:48 -0400] "POST /wp-admin/admin-ajax.php?action=async_litespeed&nonce=74Ke2Y2t0qRWqj3QnkMkGaU1CJ2ExYnM&litespeed_type=imgoptm HTTP/1.1" 200 0 "-" "WordPress/6.7.2; https://fileluna.com"
114.119.148.27 - - [15/Apr/2025:04:19:45 -0400] "GET /author/admin/page/27/ HTTP/1.1" 200 11158 "https://fileluna.com/author/admin/page/24/" "Mozilla/5.0 (Linux; Android 7.0;) AppleWebKit/537.36 (KHTML, like Gecko) Mobile Safari/537.36 (compatible; PetalBot;+https://webmaster.petalsearch.com/site/petalbot)"
198.54.114.83 - - [15/Apr/2025:04:24:09 -0400] "POST /wp-cron.php?doing_wp_cron=1744705447.8426239490509033203125 HTTP/1.1" 200 0 "-" "WordPress/6.7.2; https://fileluna.com"
134.209.100.42 - - [15/Apr/2025:04:24:02 -0400] "POST /xmlrpc.php HTTP/1.1" 200 186 "https://fileluna.com" "Mozilla/5.0 (Macintosh; Intel Mac OS X 10_15_7) AppleWebKit/537.36 (KHTML, like Gecko) Chrome/115.0.5790.102 Safari/537.36"
198.54.114.83 - - [15/Apr/2025:04:32:54 -0400] "POST /wp-cron.php?doing_wp_cron=1744705973.9379050731658935546875 HTTP/1.1" 200 0 "-" "WordPress/6.7.2; https://fileluna.com"
66.29.132.47 - - [15/Apr/2025:04:32:49 -0400] "POST /xmlrpc.php HTTP/1.1" 200 186 "https://fileluna.com" "Mozilla/5.0 (Macintosh; Intel Mac OS X 14.3) AppleWebKit/614.31.14 (KHTML, like Gecko) Version/17.0.96 Safari/614.31.14"
198.54.114.83 - - [15/Apr/2025:04:32:55 -0400] "POST /wp-admin/admin-ajax.php?action=async_litespeed&nonce=nMFWfZLD04KMZ0tIx96nc8SAcMyqEggc&litespeed_type=imgoptm HTTP/1.1" 200 5 "-" "WordPress/6.7.2; https://fileluna.com"
198.54.114.83 - - [15/Apr/2025:04:33:51 -0400] "POST /wp-cron.php?doing_wp_cron=1744706030.7774178981781005859375 HTTP/1.1" 200 0 "-" "WordPress/6.7.2; https://fileluna.com"
198.54.114.83 - - [15/Apr/2025:04:33:52 -0400] "POST /wp-admin/admin-ajax.php?action=async_litespeed&nonce=wBUbRN80D8fnYqWD6jn4O5K1DVzUGqvx&litespeed_type=imgoptm HTTP/1.1" 200 0 "-" "WordPress/6.7.2; https://fileluna.com"
114.119.154.229 - - [15/Apr/2025:04:33:50 -0400] "GET /page/22/ HTTP/1.1" 200 12856 "https://fileluna.com/page/25/" "Mozilla/5.0 (Linux; Android 7.0;) AppleWebKit/537.36 (KHTML, like Gecko) Mobile Safari/537.36 (compatible; PetalBot;+https://webmaster.petalsearch.com/site/petalbot)"
198.54.114.83 - - [15/Apr/2025:04:34:55 -0400] "POST /wp-cron.php?doing_wp_cron=1744706094.4657030105590820312500 HTTP/1.1" 200 0 "-" "WordPress/6.7.2; https://fileluna.com"
40.69.36.254 - - [15/Apr/2025:04:34:54 -0400] "GET /.alf.php HTTP/1.1" 404 8709 "-" "-"
198.54.114.83 - - [15/Apr/2025:04:34:57 -0400] "POST /wp-admin/admin-ajax.php?action=async_litespeed&nonce=GLt6AEMipPWH4fidky1aSFzSFmNwsDKf&litespeed_type=imgoptm HTTP/1.1" 200 0 "-" "WordPress/6.7.2; https://fileluna.com"
40.69.36.254 - - [15/Apr/2025:04:34:59 -0400] "GET /.tmb/ HTTP/1.1" 404 8709 "-" "-"
40.69.36.254 - - [15/Apr/2025:04:35:00 -0400] "GET /.tmb/mariju.php HTTP/1.1" 404 8709 "-" "-"
40.69.36.254 - - [15/Apr/2025:04:35:05 -0400] "GET /.tmb/wp-login.php HTTP/1.1" 404 8709 "-" "-"
198.54.114.83 - - [15/Apr/2025:04:35:08 -0400] "POST /wp-cron.php?doing_wp_cron=1744706106.1922950744628906250000 HTTP/1.1" 200 0 "-" "WordPress/6.7.2; https://fileluna.com"
40.69.36.254 - - [15/Apr/2025:04:35:10 -0400] "GET /.well-known/ HTTP/1.1" 403 1242 "-" "-"
114.119.129.34 - - [15/Apr/2025:04:35:11 -0400] "GET /navigating-the-legal-maze-the-role-of-a-law-tutor/ HTTP/1.1" 200 11555 "https://fileluna.com/the-role-of-a-law-tutor/" "Mozilla/5.0 (Linux; Android 7.0;) AppleWebKit/537.36 (KHTML, like Gecko) Mobile Safari/537.36 (compatible; PetalBot;+https://webmaster.petalsearch.com/site/petalbot)"
40.69.36.254 - - [15/Apr/2025:04:35:12 -0400] "GET /.well-known/about.php HTTP/1.1" 404 8709 "-" "-"
40.69.36.254 - - [15/Apr/2025:04:35:14 -0400] "GET /.well-known/ALFA_DATA/alfacgiapi/perl.alfa.php HTTP/1.1" 404 8709 "-" "-"
40.69.36.254 - - [15/Apr/2025:04:35:15 -0400] "GET /.well-known/about.php HTTP/1.1" 404 8709 "-" "-"
40.69.36.254 - - [15/Apr/2025:04:35:18 -0400] "GET /.well-known/acme-challenge/ HTTP/1.1" 404 8709 "-" "-"
40.69.36.254 - - [15/Apr/2025:04:35:20 -0400] "GET /.well-known/acme-challenge/.info.php HTTP/1.1" 404 8709 "-" "-"
40.69.36.254 - - [15/Apr/2025:04:35:22 -0400] "GET /.well-known/acme-challenge/muse.php HTTP/1.1" 404 8709 "-" "-"
40.69.36.254 - - [15/Apr/2025:04:35:23 -0400] "GET /.well-known/acme-challenge/wp-protector.php HTTP/1.1" 404 8709 "-" "-"
40.69.36.254 - - [15/Apr/2025:04:35:25 -0400] "GET /.well-known/acme-challenge/Llj.php HTTP/1.1" 404 8709 "-" "-"
40.69.36.254 - - [15/Apr/2025:04:35:26 -0400] "GET /.well-known/acme-challenge/about.php HTTP/1.1" 404 8709 "-" "-"
40.69.36.254 - - [15/Apr/2025:04:35:27 -0400] "GET /.well-known/acme-challenge/about.php?p= HTTP/1.1" 301 0 "-" "-"
40.69.36.254 - - [15/Apr/2025:04:35:27 -0400] "GET /.well-known/acme-challenge/about.php HTTP/1.1" 404 8709 "-" "-"
40.69.36.254 - - [15/Apr/2025:04:35:27 -0400] "GET /.well-known/acme-challenge/admiin.php HTTP/1.1" 404 8709 "-" "-"
40.69.36.254 - - [15/Apr/2025:04:35:28 -0400] "GET /.well-known/acme-challenge/admin.php HTTP/1.1" 404 8709 "-" "-"
40.69.36.254 - - [15/Apr/2025:04:35:29 -0400] "GET /.well-known/acme-challenge/atomlib.php HTTP/1.1" 404 8709 "-" "-"
40.69.36.254 - - [15/Apr/2025:04:35:30 -0400] "GET /.well-known/acme-challenge/cloud.php HTTP/1.1" 404 8709 "-" "-"
40.69.36.254 - - [15/Apr/2025:04:35:30 -0400] "GET /.well-known/acme-challenge/index.php HTTP/1.1" 301 0 "-" "-"
40.69.36.254 - - [15/Apr/2025:04:35:31 -0400] "GET /.well-known/acme-challenge/ HTTP/1.1" 404 8709 "-" "-"
40.69.36.254 - - [15/Apr/2025:04:35:31 -0400] "GET /.well-known/acme-challenge/index.php?p= HTTP/1.1" 301 0 "-" "-"
40.69.36.254 - - [15/Apr/2025:04:35:32 -0400] "GET /.well-known/acme-challenge/ HTTP/1.1" 404 8709 "-" "-"
40.69.36.254 - - [15/Apr/2025:04:35:32 -0400] "GET /.well-known/acme-challenge/install.php HTTP/1.1" 404 8709 "-" "-"
40.69.36.254 - - [15/Apr/2025:04:35:33 -0400] "GET /.well-known/acme-challenge/makeasmtp.php HTTP/1.1" 404 8709 "-" "-"
40.69.36.254 - - [15/Apr/2025:04:35:34 -0400] "GET /.well-known/acme-challenge/makeasmtp.php?p= HTTP/1.1" 301 0 "-" "-"
40.69.36.254 - - [15/Apr/2025:04:35:34 -0400] "GET /.well-known/acme-challenge/makeasmtp.php HTTP/1.1" 404 8709 "-" "-"
40.69.36.254 - - [15/Apr/2025:04:35:35 -0400] "GET /.well-known/acme-challenge/radio.php HTTP/1.1" 404 8709 "-" "-"
40.69.36.254 - - [15/Apr/2025:04:35:35 -0400] "GET /.well-known/acme-challenge/themes.php HTTP/1.1" 404 8709 "-" "-"
40.69.36.254 - - [15/Apr/2025:04:35:36 -0400] "GET /.well-known/acme-challenge/x2.php HTTP/1.1" 404 8709 "-" "-"
40.69.36.254 - - [15/Apr/2025:04:35:37 -0400] "GET /.well-known/acme-challenge/xmrlpc.php?p= HTTP/1.1" 301 0 "-" "-"
40.69.36.254 - - [15/Apr/2025:04:35:37 -0400] "GET /.well-known/acme-challenge/xmrlpc.php HTTP/1.1" 404 8709 "-" "-"
40.69.36.254 - - [15/Apr/2025:04:35:38 -0400] "GET /.well-known/acme-challenge/xp.php HTTP/1.1" 404 8709 "-" "-"
40.69.36.254 - - [15/Apr/2025:04:35:39 -0400] "GET /.well-known/admin.php HTTP/1.1" 404 8709 "-" "-"
40.69.36.254 - - [15/Apr/2025:04:35:40 -0400] "GET /.well-known/apap.php HTTP/1.1" 404 8709 "-" "-"
40.69.36.254 - - [15/Apr/2025:04:35:41 -0400] "GET /.well-known/as.php HTTP/1.1" 404 8709 "-" "-"
40.69.36.254 - - [15/Apr/2025:04:35:42 -0400] "GET /.well-known/autoload_classmap.php HTTP/1.1" 404 8709 "-" "-"
40.69.36.254 - - [15/Apr/2025:04:35:43 -0400] "GET /.well-known/content.php HTTP/1.1" 404 8709 "-" "-"
40.69.36.254 - - [15/Apr/2025:04:35:44 -0400] "GET /.well-known/fierzashell.php HTTP/1.1" 404 8709 "-" "-"
40.69.36.254 - - [15/Apr/2025:04:35:45 -0400] "GET /.well-known/file.php HTTP/1.1" 404 8709 "-" "-"
40.69.36.254 - - [15/Apr/2025:04:35:46 -0400] "GET /.well-known/fm.php HTTP/1.1" 404 8709 "-" "-"
40.69.36.254 - - [15/Apr/2025:04:35:47 -0400] "GET /.well-known/index.php HTTP/1.1" 301 0 "-" "-"
40.69.36.254 - - [15/Apr/2025:04:35:47 -0400] "GET /.well-known/ HTTP/1.1" 403 1242 "-" "-"
40.69.36.254 - - [15/Apr/2025:04:35:48 -0400] "GET /.well-known/index.php?p= HTTP/1.1" 301 0 "-" "-"
40.69.36.254 - - [15/Apr/2025:04:35:48 -0400] "GET /.well-known/ HTTP/1.1" 403 1242 "-" "-"
40.69.36.254 - - [15/Apr/2025:04:35:49 -0400] "GET /.well-known/link.php HTTP/1.1" 404 8709 "-" "-"
40.69.36.254 - - [15/Apr/2025:04:35:50 -0400] "GET /.well-known/lofmebwd.php HTTP/1.1" 404 8709 "-" "-"
40.69.36.254 - - [15/Apr/2025:04:35:51 -0400] "GET /.well-known/lv.php HTTP/1.1" 404 8709 "-" "-"
40.69.36.254 - - [15/Apr/2025:04:35:53 -0400] "GET /.well-known/pki-validation/ HTTP/1.1" 403 1242 "-" "-"
40.69.36.254 - - [15/Apr/2025:04:35:53 -0400] "GET /.well-known/pki-validation/parx.php HTTP/1.1" 404 1251 "-" "-"
40.69.36.254 - - [15/Apr/2025:04:35:53 -0400] "GET /.well-known/pki-validation/43e0da16-f4f8-4f0a-91d6-f41bf52aec3f.php HTTP/1.1" 404 1251 "-" "-"
40.69.36.254 - - [15/Apr/2025:04:35:54 -0400] "GET /.well-known/pki-validation/about.php HTTP/1.1" 404 1251 "-" "-"
40.69.36.254 - - [15/Apr/2025:04:35:54 -0400] "GET /.well-known/pki-validation/admin.php HTTP/1.1" 404 1251 "-" "-"
40.69.36.254 - - [15/Apr/2025:04:35:55 -0400] "GET /.well-known/pki-validation/afnew.php HTTP/1.1" 404 1251 "-" "-"
40.69.36.254 - - [15/Apr/2025:04:35:55 -0400] "GET /.well-known/pki-validation/cloud.php HTTP/1.1" 404 1251 "-" "-"
40.69.36.254 - - [15/Apr/2025:04:35:55 -0400] "GET /.well-known/pki-validation/cux.php HTTP/1.1" 404 1251 "-" "-"
40.69.36.254 - - [15/Apr/2025:04:35:56 -0400] "GET /.well-known/pki-validation/doc.php HTTP/1.1" 404 1251 "-" "-"
40.69.36.254 - - [15/Apr/2025:04:35:56 -0400] "GET /.well-known/pki-validation/dropdown.php?pass=yanz HTTP/1.1" 404 1251 "-" "-"
40.69.36.254 - - [15/Apr/2025:04:35:57 -0400] "GET /.well-known/pki-validation/file.php HTTP/1.1" 404 1251 "-" "-"
40.69.36.254 - - [15/Apr/2025:04:35:57 -0400] "GET /.well-known/pki-validation/index.php HTTP/1.1" 404 1251 "-" "-"
40.69.36.254 - - [15/Apr/2025:04:35:57 -0400] "GET /.well-known/pki-validation/muse.php HTTP/1.1" 404 1251 "-" "-"
40.69.36.254 - - [15/Apr/2025:04:35:58 -0400] "GET /.well-known/pki-validation/parx.php HTTP/1.1" 404 1251 "-" "-"
40.69.36.254 - - [15/Apr/2025:04:35:58 -0400] "GET /.well-known/pki-validation/plugins.php HTTP/1.1" 404 1251 "-" "-"
40.69.36.254 - - [15/Apr/2025:04:35:58 -0400] "GET /.well-known/pki-validation/pwnd.php HTTP/1.1" 404 1251 "-" "-"
40.69.36.254 - - [15/Apr/2025:04:35:59 -0400] "GET /.well-known/pki-validation/wp-error_log.php HTTP/1.1" 404 1251 "-" "-"
40.69.36.254 - - [15/Apr/2025:04:35:59 -0400] "GET /.well-known/pki-validation/wp-login.php HTTP/1.1" 404 1251 "-" "-"
40.69.36.254 - - [15/Apr/2025:04:36:00 -0400] "GET /.well-known/pki-validation/xmrlpc.php?p= HTTP/1.1" 404 1251 "-" "-"
40.69.36.254 - - [15/Apr/2025:04:36:00 -0400] "GET /.well-known/radio.php HTTP/1.1" 404 8709 "-" "-"
40.69.36.254 - - [15/Apr/2025:04:36:01 -0400] "GET /.well-known/s.php HTTP/1.1" 404 8709 "-" "-"
40.69.36.254 - - [15/Apr/2025:04:36:02 -0400] "GET /.well-known/wp-login.php HTTP/1.1" 404 8709 "-" "-"
40.69.36.254 - - [15/Apr/2025:04:36:03 -0400] "GET /.well-known/ws.php HTTP/1.1" 404 8709 "-" "-"
40.69.36.254 - - [15/Apr/2025:04:36:05 -0400] "GET /.well-known/wso112233.php HTTP/1.1" 404 8709 "-" "-"
198.54.114.83 - - [15/Apr/2025:04:36:06 -0400] "POST /wp-cron.php?doing_wp_cron=1744706166.4458088874816894531250 HTTP/1.1" 200 0 "-" "WordPress/6.7.2; https://fileluna.com"
40.69.36.254 - - [15/Apr/2025:04:36:06 -0400] "GET /.well-knownold/wso112233.php HTTP/1.1" 404 8709 "-" "-"
198.54.114.83 - - [15/Apr/2025:04:36:07 -0400] "POST /wp-admin/admin-ajax.php?action=async_litespeed&nonce=dKfL2C8mR7L1cxFrxhQ9J5akGrRTE3fQ&litespeed_type=imgoptm HTTP/1.1" 200 5 "-" "WordPress/6.7.2; https://fileluna.com"
40.69.36.254 - - [15/Apr/2025:04:36:07 -0400] "GET /.wp-cli/wp-login.php HTTP/1.1" 404 8709 "-" "-"
40.69.36.254 - - [15/Apr/2025:04:36:08 -0400] "GET /.well-known/acme-challenge/cloud.php HTTP/1.1" 404 8709 "-" "-"
40.69.36.254 - - [15/Apr/2025:04:36:08 -0400] "GET /.well-known/acme-challenge/install.php HTTP/1.1" 404 8709 "-" "-"
40.69.36.254 - - [15/Apr/2025:04:36:08 -0400] "GET /.well-known/acme-challenge/my1.php HTTP/1.1" 404 8709 "-" "-"
40.69.36.254 - - [15/Apr/2025:04:36:10 -0400] "GET /.well-known/acme-challenge/xmrlpc.php?p= HTTP/1.1" 301 0 "-" "-"
40.69.36.254 - - [15/Apr/2025:04:36:10 -0400] "GET /.well-known/acme-challenge/xmrlpc.php HTTP/1.1" 404 8709 "-" "-"
40.69.36.254 - - [15/Apr/2025:04:36:11 -0400] "GET /.well-known/pki-validation/cloud.php HTTP/1.1" 404 1251 "-" "-"
40.69.36.254 - - [15/Apr/2025:04:36:12 -0400] "GET /.well-known/pki-validation/index.php?p= HTTP/1.1" 404 1251 "-" "-"
40.69.36.254 - - [15/Apr/2025:04:36:12 -0400] "GET /1.php HTTP/1.1" 404 8709 "-" "-"
40.69.36.254 - - [15/Apr/2025:04:36:14 -0400] "GET /404.php HTTP/1.1" 404 8709 "-" "-"
40.69.36.254 - - [15/Apr/2025:04:36:15 -0400] "GET /a.php HTTP/1.1" 404 8709 "-" "-"
40.69.36.254 - - [15/Apr/2025:04:36:16 -0400] "GET /about.php HTTP/1.1" 404 8709 "-" "-"
40.69.36.254 - - [15/Apr/2025:04:36:17 -0400] "GET /about.php HTTP/1.1" 404 8709 "-" "-"
40.69.36.254 - - [15/Apr/2025:04:36:18 -0400] "GET /admin.php HTTP/1.1" 404 8709 "-" "-"
40.69.36.254 - - [15/Apr/2025:04:36:19 -0400] "GET /alfanew.php HTTP/1.1" 404 8709 "-" "-"
40.69.36.254 - - [15/Apr/2025:04:36:21 -0400] "GET /alfanew.php7 HTTP/1.1" 404 8709 "-" "-"
40.69.36.254 - - [15/Apr/2025:04:36:22 -0400] "GET /autoload_classmap.php HTTP/1.1" 404 8709 "-" "-"
40.69.36.254 - - [15/Apr/2025:04:36:23 -0400] "GET /bp.php?taf HTTP/1.1" 404 8709 "-" "-"
40.69.36.254 - - [15/Apr/2025:04:36:24 -0400] "GET /cgi-bin/cloud.php HTTP/1.1" 404 8709 "-" "-"
40.69.36.254 - - [15/Apr/2025:04:36:25 -0400] "GET /cgi-bin/my1.php HTTP/1.1" 404 8709 "-" "-"
40.69.36.254 - - [15/Apr/2025:04:36:26 -0400] "GET /cgi-bin/xmrlpc.php?p= HTTP/1.1" 301 0 "-" "-"
40.69.36.254 - - [15/Apr/2025:04:36:26 -0400] "GET /cgi-bin/xmrlpc.php HTTP/1.1" 404 8709 "-" "-"
40.69.36.254 - - [15/Apr/2025:04:36:28 -0400] "GET /chosen.php HTTP/1.1" 404 8709 "-" "-"
40.69.36.254 - - [15/Apr/2025:04:36:30 -0400] "GET /chosen.php?p= HTTP/1.1" 301 0 "-" "-"
40.69.36.254 - - [15/Apr/2025:04:36:31 -0400] "GET /chosen.php HTTP/1.1" 404 8709 "-" "-"
40.69.36.254 - - [15/Apr/2025:04:36:31 -0400] "GET /cjfuns.php HTTP/1.1" 404 8709 "-" "-"
40.69.36.254 - - [15/Apr/2025:04:36:34 -0400] "GET /classwithtostring.php HTTP/1.1" 404 8709 "-" "-"
114.119.149.81 - - [15/Apr/2025:04:36:35 -0400] "GET /streamlining-workplace-interactions-the-power-of-employee-communication-apps/ HTTP/1.1" 200 11607 "https://fileluna.com/essential-hotel-bedroom-furniture-creating-a-comfortable-stay/" "Mozilla/5.0 (Linux; Android 7.0;) AppleWebKit/537.36 (KHTML, like Gecko) Mobile Safari/537.36 (compatible; PetalBot;+https://webmaster.petalsearch.com/site/petalbot)"
40.69.36.254 - - [15/Apr/2025:04:36:36 -0400] "GET /cong.php HTTP/1.1" 404 8709 "-" "-"
40.69.36.254 - - [15/Apr/2025:04:36:39 -0400] "GET /content.php HTTP/1.1" 404 8709 "-" "-"
40.69.36.254 - - [15/Apr/2025:04:36:42 -0400] "GET /content.php?pass=dadsec HTTP/1.1" 404 8709 "-" "-"
40.69.36.254 - - [15/Apr/2025:04:36:44 -0400] "GET /dropdown.php HTTP/1.1" 404 8709 "-" "-"
40.69.36.254 - - [15/Apr/2025:04:36:48 -0400] "GET /ee.php HTTP/1.1" 404 8709 "-" "-"
40.69.36.254 - - [15/Apr/2025:04:36:52 -0400] "GET /en/tinyfilemanager.html HTTP/1.1" 404 8709 "-" "-"
40.69.36.254 - - [15/Apr/2025:04:36:54 -0400] "GET /file.php HTTP/1.1" 404 8709 "-" "-"
40.69.36.254 - - [15/Apr/2025:04:36:57 -0400] "GET /file2.php HTTP/1.1" 404 8709 "-" "-"
40.69.36.254 - - [15/Apr/2025:04:36:58 -0400] "GET /fm.php HTTP/1.1" 404 8709 "-" "-"
40.69.36.254 - - [15/Apr/2025:04:37:01 -0400] "GET /gebase.php HTTP/1.1" 404 8709 "-" "-"
198.54.114.83 - - [15/Apr/2025:04:37:06 -0400] "POST /wp-cron.php?doing_wp_cron=1744706225.8104560375213623046875 HTTP/1.1" 200 0 "-" "WordPress/6.7.2; https://fileluna.com"
40.69.36.254 - - [15/Apr/2025:04:37:05 -0400] "GET /index/function.php HTTP/1.1" 404 8709 "-" "-"
198.54.114.83 - - [15/Apr/2025:04:37:08 -0400] "POST /wp-admin/admin-ajax.php?action=async_litespeed&nonce=5j3rwlqoCISWqmCtYJYxsWtVcrzVxLSx&litespeed_type=imgoptm HTTP/1.1" 200 0 "-" "WordPress/6.7.2; https://fileluna.com"
40.69.36.254 - - [15/Apr/2025:04:37:09 -0400] "GET /info.php HTTP/1.1" 404 8709 "-" "-"
40.69.36.254 - - [15/Apr/2025:04:37:11 -0400] "GET /item.php HTTP/1.1" 404 8709 "-" "-"
40.69.36.254 - - [15/Apr/2025:04:37:13 -0400] "GET /jp.php HTTP/1.1" 404 8709 "-" "-"
40.69.36.254 - - [15/Apr/2025:04:37:14 -0400] "GET /k.php HTTP/1.1" 404 8709 "-" "-"
40.69.36.254 - - [15/Apr/2025:04:37:17 -0400] "GET /mah/function.php?p= HTTP/1.1" 301 0 "-" "-"
40.69.36.254 - - [15/Apr/2025:04:37:19 -0400] "GET /mah/function.php HTTP/1.1" 404 8709 "-" "-"
40.69.36.254 - - [15/Apr/2025:04:37:21 -0400] "GET /mini.php HTTP/1.1" 404 8709 "-" "-"
40.69.36.254 - - [15/Apr/2025:04:37:23 -0400] "GET /moon.php HTTP/1.1" 404 8709 "-" "-"
40.69.36.254 - - [15/Apr/2025:04:37:27 -0400] "GET /radio.php HTTP/1.1" 404 8709 "-" "-"
40.69.36.254 - - [15/Apr/2025:04:37:28 -0400] "GET /repeater.php HTTP/1.1" 404 8709 "-" "-"
40.69.36.254 - - [15/Apr/2025:04:37:30 -0400] "GET /root.php HTTP/1.1" 404 8709 "-" "-"
40.69.36.254 - - [15/Apr/2025:04:37:33 -0400] "GET /santiago-oriente56.degustamenu.com/wp-includes/hlVYmeOAvcd.php HTTP/1.1" 404 8709 "-" "-"
40.69.36.254 - - [15/Apr/2025:04:37:37 -0400] "GET /shell.php HTTP/1.1" 404 8709 "-" "-"
40.69.36.254 - - [15/Apr/2025:04:37:39 -0400] "GET /shell20211028.php HTTP/1.1" 404 8709 "-" "-"
40.69.36.254 - - [15/Apr/2025:04:37:41 -0400] "GET /simple.php HTTP/1.1" 404 8709 "-" "-"
