13.92.126.31 - - [14/Apr/2025:22:21:22 -0400] "GET /wp-content/sx.php HTTP/1.1" 404 8709 "-" "-"
13.92.126.31 - - [14/Apr/2025:22:21:25 -0400] "GET /wp-content/plugins/elementor/sx.php HTTP/1.1" 404 8709 "-" "-"
101.32.31.38 - - [14/Apr/2025:22:21:30 -0400] "HEAD /NEW HTTP/1.1" 404 0 "http://fileluna.com/NEW" "Mozilla/5.0 (X11; Linux x86_64) AppleWebKit/537.36 (KHTML, like Gecko) Chrome/96.0.4664.45 Safari/537.36"
13.92.126.31 - - [14/Apr/2025:22:21:30 -0400] "GET /.well-known/acme-challenge/sx.php HTTP/1.1" 404 8709 "-" "-"
13.92.126.31 - - [14/Apr/2025:22:21:35 -0400] "GET /wp-includes/js/jcrop/sx.php HTTP/1.1" 404 8709 "-" "-"
13.92.126.31 - - [14/Apr/2025:22:21:40 -0400] "GET /wp-includes/rest-api/sx.php HTTP/1.1" 404 8709 "-" "-"
13.92.126.31 - - [14/Apr/2025:22:21:45 -0400] "GET /wp-admin/images/sx.php HTTP/1.1" 404 8709 "-" "-"
13.92.126.31 - - [14/Apr/2025:22:21:48 -0400] "GET /wp-admin/css/colors/blue/blue.php HTTP/1.1" 404 8709 "-" "-"
13.92.126.31 - - [14/Apr/2025:22:21:49 -0400] "GET /chosen HTTP/1.1" 404 8709 "-" "-"
13.92.126.31 - - [14/Apr/2025:22:21:52 -0400] "GET /wp-content/plugins/fix/up.php HTTP/1.1" 404 8709 "-" "-"
13.92.126.31 - - [14/Apr/2025:22:21:57 -0400] "GET /install.php HTTP/1.1" 404 8709 "-" "-"
13.92.126.31 - - [14/Apr/2025:22:22:00 -0400] "GET /wp-includes/images/include.php HTTP/1.1" 404 8709 "-" "-"
13.92.126.31 - - [14/Apr/2025:22:22:04 -0400] "GET /wp-content/themes/wp-classic/inc/index.php HTTP/1.1" 301 0 "-" "-"
101.32.31.38 - - [14/Apr/2025:22:22:04 -0400] "HEAD /wp-old HTTP/1.1" 404 0 "http://fileluna.com/wp-old" "Mozilla/5.0 (X11; Linux x86_64) AppleWebKit/537.36 (KHTML, like Gecko) Chrome/96.0.4664.45 Safari/537.36"
13.92.126.31 - - [14/Apr/2025:22:22:07 -0400] "GET /wp-content/themes/wp-classic/inc/ HTTP/1.1" 404 8709 "-" "-"
198.54.114.83 - - [14/Apr/2025:22:22:10 -0400] "POST /wp-cron.php?doing_wp_cron=1744683728.0361320972442626953125 HTTP/1.1" 200 0 "-" "WordPress/6.7.2; https://fileluna.com"
13.92.126.31 - - [14/Apr/2025:22:22:12 -0400] "GET /assets/images/1p.php HTTP/1.1" 404 8709 "-" "-"
13.92.126.31 - - [14/Apr/2025:22:22:15 -0400] "GET /class.api.php HTTP/1.1" 404 8709 "-" "-"
13.92.126.31 - - [14/Apr/2025:22:22:21 -0400] "GET /plugin.php HTTP/1.1" 404 8709 "-" "-"
13.92.126.31 - - [14/Apr/2025:22:22:22 -0400] "GET /wp-mail.php HTTP/1.1" 403 941 "-" "-"
13.92.126.31 - - [14/Apr/2025:22:22:26 -0400] "GET /cong.php HTTP/1.1" 404 8709 "-" "-"
13.92.126.31 - - [14/Apr/2025:22:22:29 -0400] "GET /wp-content/index.php HTTP/1.1" 200 0 "-" "-"
13.92.126.31 - - [14/Apr/2025:22:22:34 -0400] "GET /.well-known/acme-challenge/xmrlpc.php HTTP/1.1" 404 8709 "-" "-"
13.92.126.31 - - [14/Apr/2025:22:22:37 -0400] "GET /wp-configs.php HTTP/1.1" 404 8709 "-" "-"
13.92.126.31 - - [14/Apr/2025:22:22:40 -0400] "GET /defaults.php HTTP/1.1" 404 8709 "-" "-"
13.92.126.31 - - [14/Apr/2025:22:22:44 -0400] "GET /input.php HTTP/1.1" 404 8709 "-" "-"
13.92.126.31 - - [14/Apr/2025:22:22:49 -0400] "GET /0z.php HTTP/1.1" 404 8709 "-" "-"
13.92.126.31 - - [14/Apr/2025:22:22:53 -0400] "GET /media.php HTTP/1.1" 404 8709 "-" "-"
13.92.126.31 - - [14/Apr/2025:22:22:57 -0400] "GET /chosen.php HTTP/1.1" 404 8709 "-" "-"
13.92.126.31 - - [14/Apr/2025:22:23:01 -0400] "GET /wp-includes/fonts/wp-login.php HTTP/1.1" 404 8709 "-" "-"
13.92.126.31 - - [14/Apr/2025:22:23:05 -0400] "GET /wp-admin/users.php HTTP/1.1" 302 0 "-" "-"
198.54.114.83 - - [14/Apr/2025:22:23:09 -0400] "POST /wp-cron.php?doing_wp_cron=1744683788.5504510402679443359375 HTTP/1.1" 200 0 "-" "WordPress/6.7.2; https://fileluna.com"
13.92.126.31 - - [14/Apr/2025:22:23:08 -0400] "GET /wp-login.php?redirect_to=https%3A%2F%2Ffileluna.com%2Fwp-admin%2Fusers.php&reauth=1 HTTP/1.1" 200 1774 "-" "-"
198.54.114.83 - - [14/Apr/2025:22:23:10 -0400] "POST /wp-admin/admin-ajax.php?action=async_litespeed&nonce=osrGXDXsYNoMKl4DK9V0EOjrEBZtCAu8&litespeed_type=imgoptm HTTP/1.1" 200 0 "-" "WordPress/6.7.2; https://fileluna.com"
13.92.126.31 - - [14/Apr/2025:22:23:12 -0400] "GET /wp-content/uploads/cache.php HTTP/1.1" 404 8709 "-" "-"
13.92.126.31 - - [14/Apr/2025:22:23:18 -0400] "GET /.wp-cli/wp-login.php HTTP/1.1" 404 8709 "-" "-"
13.92.126.31 - - [14/Apr/2025:22:23:23 -0400] "GET /authorize.php HTTP/1.1" 404 8709 "-" "-"
13.92.126.31 - - [14/Apr/2025:22:23:28 -0400] "GET /wp-admin/css/colors/blue/CasperExV1.php HTTP/1.1" 404 8709 "-" "-"
13.92.126.31 - - [14/Apr/2025:22:23:34 -0400] "GET /wp-admin/includes/users.php HTTP/1.1" 404 8709 "-" "-"
13.92.126.31 - - [14/Apr/2025:22:23:37 -0400] "GET /wp.php HTTP/1.1" 404 8709 "-" "-"
13.92.126.31 - - [14/Apr/2025:22:23:40 -0400] "GET /wp-content/plugins/WordPressCore/include.php HTTP/1.1" 404 8709 "-" "-"
13.92.126.31 - - [14/Apr/2025:22:23:42 -0400] "GET /themes.php HTTP/1.1" 404 8709 "-" "-"
13.92.126.31 - - [14/Apr/2025:22:23:48 -0400] "GET /wp-admin/network/index.php HTTP/1.1" 302 0 "-" "-"
13.92.126.31 - - [14/Apr/2025:22:23:50 -0400] "GET /wp-login.php?redirect_to=https%3A%2F%2Ffileluna.com%2Fwp-admin%2Fnetwork%2Findex.php&reauth=1 HTTP/1.1" 200 1768 "-" "-"
13.92.126.31 - - [14/Apr/2025:22:23:54 -0400] "GET /wp-content/plugins/WordPressCore/blkfqnikz.php HTTP/1.1" 404 8709 "-" "-"
13.92.126.31 - - [14/Apr/2025:22:23:58 -0400] "GET /wp/wp-admin/includes/class-wp-page-mvb2yr.php HTTP/1.1" 404 8709 "-" "-"
13.92.126.31 - - [14/Apr/2025:22:24:05 -0400] "GET /st.php HTTP/1.1" 404 8709 "-" "-"
198.54.114.83 - - [14/Apr/2025:22:24:08 -0400] "POST /wp-cron.php?doing_wp_cron=1744683845.5946218967437744140625 HTTP/1.1" 200 0 "-" "WordPress/6.7.2; https://fileluna.com"
13.92.126.31 - - [14/Apr/2025:22:24:12 -0400] "GET /wp-includes/images/smilies/about.php HTTP/1.1" 404 8709 "-" "-"
13.92.126.31 - - [14/Apr/2025:22:24:16 -0400] "GET /ynz.PhP7 HTTP/1.1" 404 8709 "-" "-"
13.92.126.31 - - [14/Apr/2025:22:24:20 -0400] "GET /wp-content/style-css.php HTTP/1.1" 404 8709 "-" "-"
13.92.126.31 - - [14/Apr/2025:22:24:24 -0400] "GET /wp-includes/IXR/wp-login.php HTTP/1.1" 404 8709 "-" "-"
13.92.126.31 - - [14/Apr/2025:22:24:26 -0400] "GET /.well-known/acme-challenge/about.php HTTP/1.1" 404 8709 "-" "-"
13.92.126.31 - - [14/Apr/2025:22:24:29 -0400] "GET /wordpress/wp-includes/IXR/allez.php HTTP/1.1" 404 8709 "-" "-"
13.92.126.31 - - [14/Apr/2025:22:24:33 -0400] "GET /rendixd.php HTTP/1.1" 404 8709 "-" "-"
13.92.126.31 - - [14/Apr/2025:22:24:36 -0400] "GET /wp-admin/css/admin.php HTTP/1.1" 404 8709 "-" "-"
13.92.126.31 - - [14/Apr/2025:22:24:43 -0400] "GET /filefuns.php HTTP/1.1" 404 8709 "-" "-"
162.240.168.197 - - [14/Apr/2025:22:24:47 -0400] "POST /xmlrpc.php HTTP/1.1" 200 186 "https://fileluna.com" "Mozilla/5.0 (Macintosh; Intel Mac OS X 10_15_7; rv:128.0) Gecko/20100101 Firefox/128.0"
13.92.126.31 - - [14/Apr/2025:22:24:51 -0400] "GET /options.php HTTP/1.1" 404 8709 "-" "-"
13.92.126.31 - - [14/Apr/2025:22:24:57 -0400] "GET /wp-includes/js/tinymce/skins/lightgray/img/index.php HTTP/1.1" 301 0 "-" "-"
13.92.126.31 - - [14/Apr/2025:22:25:01 -0400] "GET /wp-includes/js/tinymce/skins/lightgray/img/ HTTP/1.1" 403 1242 "-" "-"
13.92.126.31 - - [14/Apr/2025:22:25:08 -0400] "GET /edit.php HTTP/1.1" 404 8709 "-" "-"
198.54.114.83 - - [14/Apr/2025:22:25:12 -0400] "POST /wp-cron.php?doing_wp_cron=1744683908.4726109504699707031250 HTTP/1.1" 200 0 "-" "WordPress/6.7.2; https://fileluna.com"
13.92.126.31 - - [14/Apr/2025:22:25:15 -0400] "GET /user.php HTTP/1.1" 404 8709 "-" "-"
13.92.126.31 - - [14/Apr/2025:22:25:18 -0400] "GET /worm0.PhP7 HTTP/1.1" 404 8709 "-" "-"
101.32.31.38 - - [14/Apr/2025:22:25:21 -0400] "HEAD /2022 HTTP/1.1" 404 0 "http://fileluna.com/2022" "Mozilla/5.0 (X11; Linux x86_64) AppleWebKit/537.36 (KHTML, like Gecko) Chrome/96.0.4664.45 Safari/537.36"
13.92.126.31 - - [14/Apr/2025:22:25:24 -0400] "GET /wp-includes/js/tinymce/skins/wordpress/images/index.php HTTP/1.1" 301 0 "-" "-"
13.92.126.31 - - [14/Apr/2025:22:25:26 -0400] "GET /wp-includes/js/tinymce/skins/wordpress/images/ HTTP/1.1" 403 1242 "-" "-"
13.92.126.31 - - [14/Apr/2025:22:25:27 -0400] "GET /.well-known/.well-known/owlmailer.php HTTP/1.1" 404 8709 "-" "-"
13.92.126.31 - - [14/Apr/2025:22:25:34 -0400] "GET /wp-content/uploads/cong.php HTTP/1.1" 404 8709 "-" "-"
13.92.126.31 - - [14/Apr/2025:22:25:39 -0400] "GET /01.php HTTP/1.1" 404 8709 "-" "-"
13.92.126.31 - - [14/Apr/2025:22:25:45 -0400] "GET /wp-content/uploads/wp-login.php.suspected HTTP/1.1" 404 8709 "-" "-"
13.92.126.31 - - [14/Apr/2025:22:25:53 -0400] "GET /wp-includes/rest-api/endpoints/html.php HTTP/1.1" 404 8709 "-" "-"
13.92.126.31 - - [14/Apr/2025:22:26:00 -0400] "GET /wp-admin/js/widgets/cong.php HTTP/1.1" 404 8709 "-" "-"
13.92.126.31 - - [14/Apr/2025:22:26:07 -0400] "GET /doc.php HTTP/1.1" 404 8709 "-" "-"
198.54.114.83 - - [14/Apr/2025:22:26:16 -0400] "POST /wp-cron.php?doing_wp_cron=1744683974.7930870056152343750000 HTTP/1.1" 200 0 "-" "WordPress/6.7.2; https://fileluna.com"
13.92.126.31 - - [14/Apr/2025:22:26:14 -0400] "GET /link.php HTTP/1.1" 404 8709 "-" "-"
13.92.126.31 - - [14/Apr/2025:22:26:23 -0400] "GET /autoload_classmap.php HTTP/1.1" 404 8709 "-" "-"
13.92.126.31 - - [14/Apr/2025:22:26:31 -0400] "GET /wp-admin/js/privacy-tools.min.php HTTP/1.1" 404 8709 "-" "-"
13.92.126.31 - - [14/Apr/2025:22:26:40 -0400] "GET /wp-includes/pomo/wp-login.php HTTP/1.1" 404 8709 "-" "-"
13.92.126.31 - - [14/Apr/2025:22:26:49 -0400] "GET /db.php HTTP/1.1" 404 8709 "-" "-"
13.92.126.31 - - [14/Apr/2025:22:26:55 -0400] "GET /wp-content/uploads/error_log.php HTTP/1.1" 404 8709 "-" "-"
13.92.126.31 - - [14/Apr/2025:22:27:00 -0400] "GET /google.php HTTP/1.1" 404 8709 "-" "-"
13.92.126.31 - - [14/Apr/2025:22:27:06 -0400] "GET /wp-includes/pomo/fgertreyersd.php.suspected HTTP/1.1" 404 8709 "-" "-"
13.92.126.31 - - [14/Apr/2025:22:27:11 -0400] "GET /wp-includes/Requests/dropdown.php HTTP/1.1" 404 8709 "-" "-"
13.92.126.31 - - [14/Apr/2025:22:27:16 -0400] "GET /wp-content/install.php HTTP/1.1" 404 8709 "-" "-"
198.54.114.83 - - [14/Apr/2025:22:27:18 -0400] "POST /wp-cron.php?doing_wp_cron=1744684036.7896900177001953125000 HTTP/1.1" 200 0 "-" "WordPress/6.7.2; https://fileluna.com"
13.92.126.31 - - [14/Apr/2025:22:27:21 -0400] "GET /.well-known/admin.php HTTP/1.1" 404 8709 "-" "-"
13.92.126.31 - - [14/Apr/2025:22:27:26 -0400] "GET /revision.php HTTP/1.1" 404 8709 "-" "-"
13.92.126.31 - - [14/Apr/2025:22:27:30 -0400] "GET /css/sgd.php HTTP/1.1" 404 8709 "-" "-"
101.32.31.38 - - [14/Apr/2025:22:27:34 -0400] "HEAD /2023 HTTP/1.1" 301 0 "http://fileluna.com/2023" "Mozilla/5.0 (X11; Linux x86_64) AppleWebKit/537.36 (KHTML, like Gecko) Chrome/96.0.4664.45 Safari/537.36"
13.92.126.31 - - [14/Apr/2025:22:27:36 -0400] "GET /wp-content/plugins/index.php HTTP/1.1" 200 0 "-" "-"
101.32.31.38 - - [14/Apr/2025:22:27:36 -0400] "HEAD /2023/ HTTP/1.1" 200 0 "https://fileluna.com/2023" "Mozilla/5.0 (X11; Linux x86_64) AppleWebKit/537.36 (KHTML, like Gecko) Chrome/96.0.4664.45 Safari/537.36"
198.54.114.83 - - [14/Apr/2025:22:28:41 -0400] "POST /wp-cron.php?doing_wp_cron=1744684120.3631749153137207031250 HTTP/1.1" 200 0 "-" "WordPress/6.7.2; https://fileluna.com"
101.32.31.38 - - [14/Apr/2025:22:28:39 -0400] "HEAD /2024 HTTP/1.1" 301 0 "http://fileluna.com/2024" "Mozilla/5.0 (X11; Linux x86_64) AppleWebKit/537.36 (KHTML, like Gecko) Chrome/96.0.4664.45 Safari/537.36"
198.54.114.83 - - [14/Apr/2025:22:28:44 -0400] "POST /wp-admin/admin-ajax.php?action=async_litespeed&nonce=sWxpgvUNI1KqMRGmEOIVezUhStgnIhSj&litespeed_type=imgoptm HTTP/1.1" 200 0 "-" "WordPress/6.7.2; https://fileluna.com"
101.32.31.38 - - [14/Apr/2025:22:28:44 -0400] "HEAD /2024/ HTTP/1.1" 200 0 "https://fileluna.com/2024" "Mozilla/5.0 (X11; Linux x86_64) AppleWebKit/537.36 (KHTML, like Gecko) Chrome/96.0.4664.45 Safari/537.36"
198.54.114.83 - - [14/Apr/2025:22:31:49 -0400] "POST /wp-cron.php?doing_wp_cron=1744684308.4166140556335449218750 HTTP/1.1" 200 0 "-" "WordPress/6.7.2; https://fileluna.com"
101.32.31.38 - - [14/Apr/2025:22:31:43 -0400] "HEAD /2017 HTTP/1.1" 404 0 "http://fileluna.com/2017" "Mozilla/5.0 (X11; Linux x86_64) AppleWebKit/537.36 (KHTML, like Gecko) Chrome/96.0.4664.45 Safari/537.36"
199.250.210.117 - - [14/Apr/2025:22:32:47 -0400] "POST /xmlrpc.php HTTP/1.1" 200 186 "https://fileluna.com" "Mozilla/5.0 (Windows NT 10.0; Win64; x64) AppleWebKit/537.36 (KHTML, like Gecko) Chrome/114.0.5735.199 Safari/537.36 Edg/114.0.1823.67"
198.54.114.83 - - [14/Apr/2025:22:32:50 -0400] "POST /wp-cron.php?doing_wp_cron=1744684368.4974939823150634765625 HTTP/1.1" 200 0 "-" "WordPress/6.7.2; https://fileluna.com"
101.32.31.38 - - [14/Apr/2025:22:33:07 -0400] "HEAD /2020 HTTP/1.1" 404 0 "http://fileluna.com/2020" "Mozilla/5.0 (X11; Linux x86_64) AppleWebKit/537.36 (KHTML, like Gecko) Chrome/96.0.4664.45 Safari/537.36"
195.191.219.130 - - [14/Apr/2025:22:34:28 -0400] "GET /robots.txt HTTP/1.1" 304 0 "-" "Mozilla/5.0 (compatible; MJ12bot/v2.0.0; http://mj12bot.com/)"
198.54.114.83 - - [14/Apr/2025:22:34:31 -0400] "POST /wp-cron.php?doing_wp_cron=1744684470.0694909095764160156250 HTTP/1.1" 200 0 "-" "WordPress/6.7.2; https://fileluna.com"
195.191.219.130 - - [14/Apr/2025:22:34:29 -0400] "GET /2024/08/page/2/ HTTP/1.1" 200 11247 "-" "Mozilla/5.0 (compatible; MJ12bot/v2.0.0; http://mj12bot.com/)"
198.54.114.83 - - [14/Apr/2025:22:34:35 -0400] "POST /wp-admin/admin-ajax.php?action=async_litespeed&nonce=JnoywM3qUefexnbMavCNiAeqwrqH2YHy&litespeed_type=imgoptm HTTP/1.1" 200 0 "-" "WordPress/6.7.2; https://fileluna.com"
195.191.219.130 - - [14/Apr/2025:22:34:36 -0400] "GET /2024/08/page/3/ HTTP/1.1" 200 11219 "-" "Mozilla/5.0 (compatible; MJ12bot/v2.0.0; http://mj12bot.com/)"
195.191.219.130 - - [14/Apr/2025:22:34:39 -0400] "GET /2024/08/page/4/ HTTP/1.1" 200 10693 "-" "Mozilla/5.0 (compatible; MJ12bot/v2.0.0; http://mj12bot.com/)"
195.191.219.130 - - [14/Apr/2025:22:34:41 -0400] "GET /a-new-era-of-entertainment/ HTTP/1.1" 200 11734 "-" "Mozilla/5.0 (compatible; MJ12bot/v2.0.0; http://mj12bot.com/)"
195.191.219.130 - - [14/Apr/2025:22:34:44 -0400] "GET /a-premium-casino-experience/ HTTP/1.1" 200 11574 "-" "Mozilla/5.0 (compatible; MJ12bot/v2.0.0; http://mj12bot.com/)"
195.191.219.130 - - [14/Apr/2025:22:34:48 -0400] "GET /der-gitarre-fur-anfanger-und-fortgeschrittene/feed/ HTTP/1.1" 200 415 "-" "Mozilla/5.0 (compatible; MJ12bot/v2.0.0; http://mj12bot.com/)"
195.191.219.130 - - [14/Apr/2025:22:34:52 -0400] "GET /efficient-financial-management-with-buchhaltung-hattingen/feed/ HTTP/1.1" 200 411 "-" "Mozilla/5.0 (compatible; MJ12bot/v2.0.0; http://mj12bot.com/)"
195.191.219.130 - - [14/Apr/2025:22:34:54 -0400] "GET /haushaltsauflosung-in-luneburg-ihr-weg-zu-einem-stressfreien-umzug/ HTTP/1.1" 200 12240 "-" "Mozilla/5.0 (compatible; MJ12bot/v2.0.0; http://mj12bot.com/)"
195.191.219.130 - - [14/Apr/2025:22:34:56 -0400] "GET /haushaltsauflosung-in-luneburg-ihr-weg-zu-einem-stressfreien-umzug/feed/ HTTP/1.1" 200 450 "-" "Mozilla/5.0 (compatible; MJ12bot/v2.0.0; http://mj12bot.com/)"
195.191.219.130 - - [14/Apr/2025:22:34:59 -0400] "GET /ihr-partner-fur-einen-reibungslosen-ubergang/ HTTP/1.1" 200 11580 "-" "Mozilla/5.0 (compatible; MJ12bot/v2.0.0; http://mj12bot.com/)"
195.191.219.130 - - [14/Apr/2025:22:35:04 -0400] "GET /professioneller-umzugsservice-in-luneburg/feed/ HTTP/1.1" 200 403 "-" "Mozilla/5.0 (compatible; MJ12bot/v2.0.0; http://mj12bot.com/)"
198.54.114.83 - - [14/Apr/2025:22:35:07 -0400] "POST /wp-cron.php?doing_wp_cron=1744684505.1128809452056884765625 HTTP/1.1" 200 0 "-" "WordPress/6.7.2; https://fileluna.com"
195.191.219.130 - - [14/Apr/2025:22:35:08 -0400] "GET /safety-and-regulation-in-the-virtual-realm/ HTTP/1.1" 200 11559 "-" "Mozilla/5.0 (compatible; MJ12bot/v2.0.0; http://mj12bot.com/)"
195.191.219.130 - - [14/Apr/2025:22:35:13 -0400] "GET /the-leading-manufacturer-of-fire-pumps-in-china/ HTTP/1.1" 200 11623 "-" "Mozilla/5.0 (compatible; MJ12bot/v2.0.0; http://mj12bot.com/)"
195.191.219.130 - - [14/Apr/2025:22:35:16 -0400] "GET /the-perfect-escape-for-busy-professionals/ HTTP/1.1" 200 11699 "-" "Mozilla/5.0 (compatible; MJ12bot/v2.0.0; http://mj12bot.com/)"
195.191.219.130 - - [14/Apr/2025:22:35:20 -0400] "GET /the-perfect-escape-for-busy-professionals/feed/ HTTP/1.1" 200 399 "-" "Mozilla/5.0 (compatible; MJ12bot/v2.0.0; http://mj12bot.com/)"
195.191.219.130 - - [14/Apr/2025:22:35:22 -0400] "GET /the-vital-role-of-fire-fighting-water-pumps-in-emergency-response/ HTTP/1.1" 200 12077 "-" "Mozilla/5.0 (compatible; MJ12bot/v2.0.0; http://mj12bot.com/)"
195.191.219.130 - - [14/Apr/2025:22:35:26 -0400] "GET /umzugsfirma-hamburg-fur-einen-stressfreien-umzug/feed/ HTTP/1.1" 200 413 "-" "Mozilla/5.0 (compatible; MJ12bot/v2.0.0; http://mj12bot.com/)"
195.191.219.130 - - [14/Apr/2025:22:35:29 -0400] "GET /umzugsunternehmen-in-luneburg-fur-einen-stressfreien-umzug-2/feed/ HTTP/1.1" 200 423 "-" "Mozilla/5.0 (compatible; MJ12bot/v2.0.0; http://mj12bot.com/)"
195.191.219.130 - - [14/Apr/2025:22:35:31 -0400] "GET /understanding-gallons-per-minute-conversion/ HTTP/1.1" 200 11721 "-" "Mozilla/5.0 (compatible; MJ12bot/v2.0.0; http://mj12bot.com/)"
195.191.219.130 - - [14/Apr/2025:22:35:34 -0400] "GET /understanding-gallons-per-minute-conversion/feed/ HTTP/1.1" 200 398 "-" "Mozilla/5.0 (compatible; MJ12bot/v2.0.0; http://mj12bot.com/)"
195.191.219.130 - - [14/Apr/2025:22:35:37 -0400] "GET /unveiling-the-potential-of-fenbendazole-in-pancreatic-cancer-treatment/feed/ HTTP/1.1" 200 440 "-" "Mozilla/5.0 (compatible; MJ12bot/v2.0.0; http://mj12bot.com/)"
198.54.114.83 - - [14/Apr/2025:22:36:06 -0400] "POST /wp-cron.php?doing_wp_cron=1744684566.1238338947296142578125 HTTP/1.1" 200 0 "-" "WordPress/6.7.2; https://fileluna.com"
101.32.31.38 - - [14/Apr/2025:22:36:05 -0400] "HEAD /2019 HTTP/1.1" 404 0 "http://fileluna.com/2019" "Mozilla/5.0 (X11; Linux x86_64) AppleWebKit/537.36 (KHTML, like Gecko) Chrome/96.0.4664.45 Safari/537.36"
198.54.114.83 - - [14/Apr/2025:22:36:08 -0400] "POST /wp-admin/admin-ajax.php?action=async_litespeed&nonce=EyC47uHwMKJOJPy39JSRPQXFUcjylELg&litespeed_type=imgoptm HTTP/1.1" 200 0 "-" "WordPress/6.7.2; https://fileluna.com"
101.32.31.38 - - [14/Apr/2025:22:38:42 -0400] "HEAD /2018 HTTP/1.1" 404 0 "http://fileluna.com/2018" "Mozilla/5.0 (X11; Linux x86_64) AppleWebKit/537.36 (KHTML, like Gecko) Chrome/96.0.4664.45 Safari/537.36"
198.54.114.83 - - [14/Apr/2025:22:38:50 -0400] "POST /wp-cron.php?doing_wp_cron=1744684728.2754240036010742187500 HTTP/1.1" 200 0 "-" "WordPress/6.7.2; https://fileluna.com"
101.32.31.38 - - [14/Apr/2025:22:39:24 -0400] "HEAD /backup HTTP/1.1" 404 0 "http://fileluna.com/backup" "Mozilla/5.0 (X11; Linux x86_64) AppleWebKit/537.36 (KHTML, like Gecko) Chrome/96.0.4664.45 Safari/537.36"
198.54.114.83 - - [14/Apr/2025:22:40:59 -0400] "POST /wp-cron.php?doing_wp_cron=1744684857.6331269741058349609375 HTTP/1.1" 200 0 "-" "WordPress/6.7.2; https://fileluna.com"
2a10:4646:411:0:be24:11ff:fefd:3c0f - - [14/Apr/2025:22:40:53 -0400] "POST /xmlrpc.php HTTP/1.1" 200 186 "https://fileluna.com" "Mozilla/5.0 (Macintosh; Intel Mac OS X 14_4_1) AppleWebKit/605.1.15 (KHTML, like Gecko) Version/17.3.1 Safari/605.1.15"
101.32.31.38 - - [14/Apr/2025:22:41:42 -0400] "HEAD /test HTTP/1.1" 404 0 "http://fileluna.com/test" "Mozilla/5.0 (X11; Linux x86_64) AppleWebKit/537.36 (KHTML, like Gecko) Chrome/96.0.4664.45 Safari/537.36"
114.119.148.27 - - [14/Apr/2025:22:42:46 -0400] "GET /the-benefits-of-a-suwon-business-trip-massage/ HTTP/1.1" 200 11684 "https://fileluna.com/2024/page/24/" "Mozilla/5.0 (Linux; Android 7.0;) AppleWebKit/537.36 (KHTML, like Gecko) Mobile Safari/537.36 (compatible; PetalBot;+https://webmaster.petalsearch.com/site/petalbot)"
198.54.114.83 - - [14/Apr/2025:22:42:50 -0400] "POST /wp-cron.php?doing_wp_cron=1744684967.0510909557342529296875 HTTP/1.1" 200 0 "-" "WordPress/6.7.2; https://fileluna.com"
198.54.114.83 - - [14/Apr/2025:22:44:13 -0400] "POST /wp-cron.php?doing_wp_cron=1744685050.9939379692077636718750 HTTP/1.1" 200 0 "-" "WordPress/6.7.2; https://fileluna.com"
114.119.154.229 - - [14/Apr/2025:22:44:10 -0400] "GET /plaque-dimmatriculation-personnalisee/ HTTP/1.1" 200 11037 "https://fileluna.com/2024/page/34/" "Mozilla/5.0 (Linux; Android 7.0;) AppleWebKit/537.36 (KHTML, like Gecko) Mobile Safari/537.36 (compatible; PetalBot;+https://webmaster.petalsearch.com/site/petalbot)"
101.32.31.38 - - [14/Apr/2025:22:44:23 -0400] "HEAD /Test HTTP/1.1" 404 0 "http://fileluna.com/Test" "Mozilla/5.0 (X11; Linux x86_64) AppleWebKit/537.36 (KHTML, like Gecko) Chrome/96.0.4664.45 Safari/537.36"
101.32.31.38 - - [14/Apr/2025:22:45:26 -0400] "HEAD /TEST HTTP/1.1" 404 0 "http://fileluna.com/TEST" "Mozilla/5.0 (X11; Linux x86_64) AppleWebKit/537.36 (KHTML, like Gecko) Chrome/96.0.4664.45 Safari/537.36"
198.54.114.83 - - [14/Apr/2025:22:45:29 -0400] "POST /wp-cron.php?doing_wp_cron=1744685126.9502520561218261718750 HTTP/1.1" 200 0 "-" "WordPress/6.7.2; https://fileluna.com"
114.119.129.34 - - [14/Apr/2025:22:45:29 -0400] "GET /category/arts-entertainments/page/22/ HTTP/1.1" 200 11290 "https://fileluna.com/category/arts-entertainments/page/20/" "Mozilla/5.0 (Linux; Android 7.0;) AppleWebKit/537.36 (KHTML, like Gecko) Mobile Safari/537.36 (compatible; PetalBot;+https://webmaster.petalsearch.com/site/petalbot)"
198.54.114.83 - - [14/Apr/2025:22:46:48 -0400] "POST /wp-cron.php?doing_wp_cron=1744685207.0874700546264648437500 HTTP/1.1" 200 0 "-" "WordPress/6.7.2; https://fileluna.com"
114.119.154.229 - - [14/Apr/2025:22:46:46 -0400] "GET /a-gateway-to-proficiency/ HTTP/1.1" 200 11603 "https://fileluna.com/discovering-the-allure-of-oleybet-your-ultimate-online-gaming-destination/" "Mozilla/5.0 (Linux; Android 7.0;) AppleWebKit/537.36 (KHTML, like Gecko) Mobile Safari/537.36 (compatible; PetalBot;+https://webmaster.petalsearch.com/site/petalbot)"
198.54.114.83 - - [14/Apr/2025:22:47:53 -0400] "POST /wp-cron.php?doing_wp_cron=1744685272.1638190746307373046875 HTTP/1.1" 200 0 "-" "WordPress/6.7.2; https://fileluna.com"
101.32.31.38 - - [14/Apr/2025:22:47:51 -0400] "HEAD /demo HTTP/1.1" 404 0 "http://fileluna.com/demo" "Mozilla/5.0 (X11; Linux x86_64) AppleWebKit/537.36 (KHTML, like Gecko) Chrome/96.0.4664.45 Safari/537.36"
198.54.114.83 - - [14/Apr/2025:22:47:55 -0400] "POST /wp-admin/admin-ajax.php?action=async_litespeed&nonce=Zip6tO1boyFVqNiUsPKIvb5qjDk7IgYv&litespeed_type=imgoptm HTTP/1.1" 200 0 "-" "WordPress/6.7.2; https://fileluna.com"
54.37.137.204 - - [14/Apr/2025:22:49:01 -0400] "POST /xmlrpc.php HTTP/1.1" 200 186 "https://fileluna.com" "Mozilla/5.0 (Macintosh; Intel Mac OS X 10_15_7) AppleWebKit/537.36 (KHTML, like Gecko) Chrome/114.0.5735.134 Safari/537.36"
198.54.114.83 - - [14/Apr/2025:22:49:03 -0400] "POST /wp-cron.php?doing_wp_cron=1744685341.7426819801330566406250 HTTP/1.1" 200 0 "-" "WordPress/6.7.2; https://fileluna.com"
198.54.114.83 - - [14/Apr/2025:22:51:10 -0400] "POST /wp-cron.php?doing_wp_cron=1744685469.6416749954223632812500 HTTP/1.1" 200 0 "-" "WordPress/6.7.2; https://fileluna.com"
101.32.31.38 - - [14/Apr/2025:22:51:05 -0400] "HEAD /bc HTTP/1.1" 404 0 "http://fileluna.com/bc" "Mozilla/5.0 (X11; Linux x86_64) AppleWebKit/537.36 (KHTML, like Gecko) Chrome/96.0.4664.45 Safari/537.36"
101.32.31.38 - - [14/Apr/2025:22:52:12 -0400] "HEAD /www HTTP/1.1" 404 0 "http://fileluna.com/www" "Mozilla/5.0 (X11; Linux x86_64) AppleWebKit/537.36 (KHTML, like Gecko) Chrome/96.0.4664.45 Safari/537.36"
198.54.114.83 - - [14/Apr/2025:22:52:14 -0400] "POST /wp-cron.php?doing_wp_cron=1744685533.2416810989379882812500 HTTP/1.1" 200 0 "-" "WordPress/6.7.2; https://fileluna.com"
101.32.31.38 - - [14/Apr/2025:22:53:46 -0400] "HEAD /WWW HTTP/1.1" 404 0 "http://fileluna.com/WWW" "Mozilla/5.0 (X11; Linux x86_64) AppleWebKit/537.36 (KHTML, like Gecko) Chrome/96.0.4664.45 Safari/537.36"
198.54.114.83 - - [14/Apr/2025:22:53:53 -0400] "POST /wp-cron.php?doing_wp_cron=1744685630.5750160217285156250000 HTTP/1.1" 200 0 "-" "WordPress/6.7.2; https://fileluna.com"
101.32.31.38 - - [14/Apr/2025:22:56:26 -0400] "HEAD /Www HTTP/1.1" 404 0 "http://fileluna.com/Www" "Mozilla/5.0 (X11; Linux x86_64) AppleWebKit/537.36 (KHTML, like Gecko) Chrome/96.0.4664.45 Safari/537.36"
198.54.114.83 - - [14/Apr/2025:22:56:36 -0400] "POST /wp-cron.php?doing_wp_cron=1744685791.0136709213256835937500 HTTP/1.1" 200 0 "-" "WordPress/6.7.2; https://fileluna.com"
66.29.132.47 - - [14/Apr/2025:22:57:18 -0400] "POST /xmlrpc.php HTTP/1.1" 200 186 "https://fileluna.com" "Mozilla/5.0 (Macintosh; Intel Mac OS X 10_15_7) AppleWebKit/537.36 (KHTML, like Gecko) Chrome/126.0.0.0 Safari/537.36"
198.54.114.83 - - [14/Apr/2025:22:58:40 -0400] "POST /wp-cron.php?doing_wp_cron=1744685919.2499101161956787109375 HTTP/1.1" 200 0 "-" "WordPress/6.7.2; https://fileluna.com"
51.89.68.103 - - [14/Apr/2025:22:58:38 -0400] "GET /wp-content/plugins/suretriggers/app/build/main.css HTTP/1.1" 404 8709 "-" "Mozilla/5.0 (Windows NT 10.0; Win64; x64) AppleWebKit/537.36 (KHTML, like Gecko) Chrome/127.0.0.0 Safari/537.36"
101.32.31.38 - - [14/Apr/2025:22:59:01 -0400] "HEAD /2021 HTTP/1.1" 404 0 "http://fileluna.com/2021" "Mozilla/5.0 (X11; Linux x86_64) AppleWebKit/537.36 (KHTML, like Gecko) Chrome/96.0.4664.45 Safari/537.36"
80.85.245.145 - - [14/Apr/2025:22:59:35 -0400] "GET / HTTP/1.1" 200 12525 "-" "Mozilla/5.0 (Macintosh; Intel Mac OS X 10_15_7) AppleWebKit/537.36 (KHTML, like Gecko) Chrome/133.0.0.0 Safari/537.36"
80.85.245.145 - - [14/Apr/2025:22:59:37 -0400] "GET /comments/feed/ HTTP/1.1" 200 363 "-" "Mozilla/5.0 (Macintosh; Intel Mac OS X 10_15_7) AppleWebKit/537.36 (KHTML, like Gecko) Chrome/133.0.0.0 Safari/537.36"
80.85.245.145 - - [14/Apr/2025:22:59:39 -0400] "GET /category/shopping-product-reviews/ HTTP/1.1" 200 9441 "-" "Mozilla/5.0 (Macintosh; Intel Mac OS X 10_15_7) AppleWebKit/537.36 (KHTML, like Gecko) Chrome/133.0.0.0 Safari/537.36"
80.85.245.145 - - [14/Apr/2025:22:59:41 -0400] "GET /category/shopping-product-reviews/feed/ HTTP/1.1" 200 457 "-" "Mozilla/5.0 (Macintosh; Intel Mac OS X 10_15_7) AppleWebKit/537.36 (KHTML, like Gecko) Chrome/133.0.0.0 Safari/537.36"
80.85.245.145 - - [14/Apr/2025:22:59:43 -0400] "GET /category/technology/ HTTP/1.1" 200 9426 "-" "Mozilla/5.0 (Macintosh; Intel Mac OS X 10_15_7) AppleWebKit/537.36 (KHTML, like Gecko) Chrome/133.0.0.0 Safari/537.36"
80.85.245.145 - - [14/Apr/2025:22:59:44 -0400] "GET /category/technology/feed/ HTTP/1.1" 200 430 "-" "Mozilla/5.0 (Macintosh; Intel Mac OS X 10_15_7) AppleWebKit/537.36 (KHTML, like Gecko) Chrome/133.0.0.0 Safari/537.36"
101.32.31.38 - - [14/Apr/2025:23:00:23 -0400] "HEAD /main HTTP/1.1" 404 0 "http://fileluna.com/main" "Mozilla/5.0 (X11; Linux x86_64) AppleWebKit/537.36 (KHTML, like Gecko) Chrome/96.0.4664.45 Safari/537.36"
198.54.114.83 - - [14/Apr/2025:23:00:29 -0400] "POST /wp-cron.php?doing_wp_cron=1744686027.2496929168701171875000 HTTP/1.1" 200 0 "-" "WordPress/6.7.2; https://fileluna.com"
198.54.114.83 - - [14/Apr/2025:23:02:57 -0400] "POST /wp-cron.php?doing_wp_cron=1744686176.9615669250488281250000 HTTP/1.1" 200 0 "-" "WordPress/6.7.2; https://fileluna.com"
101.32.31.38 - - [14/Apr/2025:23:02:52 -0400] "HEAD /old-site HTTP/1.1" 404 0 "http://fileluna.com/old-site" "Mozilla/5.0 (X11; Linux x86_64) AppleWebKit/537.36 (KHTML, like Gecko) Chrome/96.0.4664.45 Safari/537.36"
198.54.114.83 - - [14/Apr/2025:23:02:59 -0400] "POST /wp-admin/admin-ajax.php?action=async_litespeed&nonce=GDrGhYMF0qXVrEebixiei0KZnAjCyhEp&litespeed_type=imgoptm HTTP/1.1" 200 0 "-" "WordPress/6.7.2; https://fileluna.com"
101.32.31.38 - - [14/Apr/2025:23:04:24 -0400] "HEAD /bk HTTP/1.1" 404 0 "http://fileluna.com/bk" "Mozilla/5.0 (X11; Linux x86_64) AppleWebKit/537.36 (KHTML, like Gecko) Chrome/96.0.4664.45 Safari/537.36"
198.54.114.83 - - [14/Apr/2025:23:04:31 -0400] "POST /wp-cron.php?doing_wp_cron=1744686268.3626749515533447265625 HTTP/1.1" 200 0 "-" "WordPress/6.7.2; https://fileluna.com"
198.54.114.83 - - [14/Apr/2025:23:05:45 -0400] "POST /wp-cron.php?doing_wp_cron=1744686344.8797509670257568359375 HTTP/1.1" 200 0 "-" "WordPress/6.7.2; https://fileluna.com"
2001:8d8:1800:2ef::1 - - [14/Apr/2025:23:05:44 -0400] "POST /xmlrpc.php HTTP/1.1" 200 186 "https://fileluna.com" "Mozilla/5.0 (Windows NT 10.0; Win64; x64) AppleWebKit/537.36 (KHTML, like Gecko) Chrome/116.0.5845.96 Safari/537.36"
198.54.114.83 - - [14/Apr/2025:23:05:47 -0400] "POST /wp-admin/admin-ajax.php?action=async_litespeed&nonce=fmWjj75D5i5P5M4Vx8n6fMts1WwBuj1l&litespeed_type=imgoptm HTTP/1.1" 200 0 "-" "WordPress/6.7.2; https://fileluna.com"
101.32.31.38 - - [14/Apr/2025:23:06:16 -0400] "HEAD /Backup HTTP/1.1" 404 0 "http://fileluna.com/Backup" "Mozilla/5.0 (X11; Linux x86_64) AppleWebKit/537.36 (KHTML, like Gecko) Chrome/96.0.4664.45 Safari/537.36"
198.54.114.83 - - [14/Apr/2025:23:06:18 -0400] "POST /wp-cron.php?doing_wp_cron=1744686377.1827919483184814453125 HTTP/1.1" 200 0 "-" "WordPress/6.7.2; https://fileluna.com"
198.54.114.83 - - [14/Apr/2025:23:08:51 -0400] "POST /wp-cron.php?doing_wp_cron=1744686530.0204789638519287109375 HTTP/1.1" 200 0 "-" "WordPress/6.7.2; https://fileluna.com"
101.32.31.38 - - [14/Apr/2025:23:08:45 -0400] "HEAD /BACKUP HTTP/1.1" 404 0 "http://fileluna.com/BACKUP" "Mozilla/5.0 (X11; Linux x86_64) AppleWebKit/537.36 (KHTML, like Gecko) Chrome/96.0.4664.45 Safari/537.36"
101.32.31.38 - - [14/Apr/2025:23:09:41 -0400] "HEAD /SHOP HTTP/1.1" 404 0 "http://fileluna.com/SHOP" "Mozilla/5.0 (X11; Linux x86_64) AppleWebKit/537.36 (KHTML, like Gecko) Chrome/96.0.4664.45 Safari/537.36"
198.54.114.83 - - [14/Apr/2025:23:11:49 -0400] "POST /wp-cron.php?doing_wp_cron=1744686708.6420040130615234375000 HTTP/1.1" 200 0 "-" "WordPress/6.7.2; https://fileluna.com"
101.32.31.38 - - [14/Apr/2025:23:11:44 -0400] "HEAD /Shop HTTP/1.1" 404 0 "http://fileluna.com/Shop" "Mozilla/5.0 (X11; Linux x86_64) AppleWebKit/537.36 (KHTML, like Gecko) Chrome/96.0.4664.45 Safari/537.36"
101.32.31.38 - - [14/Apr/2025:23:13:43 -0400] "HEAD /shop HTTP/1.1" 404 0 "http://fileluna.com/shop" "Mozilla/5.0 (X11; Linux x86_64) AppleWebKit/537.36 (KHTML, like Gecko) Chrome/96.0.4664.45 Safari/537.36"
198.54.114.83 - - [14/Apr/2025:23:13:51 -0400] "POST /wp-cron.php?doing_wp_cron=1744686828.2425739765167236328125 HTTP/1.1" 200 0 "-" "WordPress/6.7.2; https://fileluna.com"
2001:4c88:0:6b::100 - - [14/Apr/2025:23:14:13 -0400] "POST /xmlrpc.php HTTP/1.1" 200 186 "https://fileluna.com" "Mozilla/5.0 (Windows NT 10.0; Win64; x64) AppleWebKit/537.36 (KHTML, like Gecko) Chrome/115.0.5790.102 Safari/537.36"
198.54.114.83 - - [14/Apr/2025:23:16:15 -0400] "POST /wp-cron.php?doing_wp_cron=1744686973.9207129478454589843750 HTTP/1.1" 200 0 "-" "WordPress/6.7.2; https://fileluna.com"
114.119.132.163 - - [14/Apr/2025:23:16:10 -0400] "GET /exploring-the-essence-of-pesach-programs/ HTTP/1.1" 200 11531 "https://fileluna.com/category/arts-entertainments/page/33/" "Mozilla/5.0 (Linux; Android 7.0;) AppleWebKit/537.36 (KHTML, like Gecko) Mobile Safari/537.36 (compatible; PetalBot;+https://webmaster.petalsearch.com/site/petalbot)"
198.54.114.83 - - [14/Apr/2025:23:17:16 -0400] "POST /wp-cron.php?doing_wp_cron=1744687035.8306949138641357421875 HTTP/1.1" 200 0 "-" "WordPress/6.7.2; https://fileluna.com"
101.32.31.38 - - [14/Apr/2025:23:17:15 -0400] "HEAD /bak HTTP/1.1" 404 0 "http://fileluna.com/bak" "Mozilla/5.0 (X11; Linux x86_64) AppleWebKit/537.36 (KHTML, like Gecko) Chrome/96.0.4664.45 Safari/537.36"
101.32.31.38 - - [14/Apr/2025:23:17:41 -0400] "HEAD /sitio HTTP/1.1" 404 0 "http://fileluna.com/sitio" "Mozilla/5.0 (X11; Linux x86_64) AppleWebKit/537.36 (KHTML, like Gecko) Chrome/96.0.4664.45 Safari/537.36"
198.54.114.83 - - [14/Apr/2025:23:20:42 -0400] "POST /wp-cron.php?doing_wp_cron=1744687240.8673939704895019531250 HTTP/1.1" 200 0 "-" "WordPress/6.7.2; https://fileluna.com"
101.32.31.38 - - [14/Apr/2025:23:20:36 -0400] "HEAD /bac HTTP/1.1" 404 0 "http://fileluna.com/bac" "Mozilla/5.0 (X11; Linux x86_64) AppleWebKit/537.36 (KHTML, like Gecko) Chrome/96.0.4664.45 Safari/537.36"
101.32.31.38 - - [14/Apr/2025:23:22:29 -0400] "HEAD /sito HTTP/1.1" 404 0 "http://fileluna.com/sito" "Mozilla/5.0 (X11; Linux x86_64) AppleWebKit/537.36 (KHTML, like Gecko) Chrome/96.0.4664.45 Safari/537.36"
217.156.65.24 - - [14/Apr/2025:23:22:26 -0400] "POST /xmlrpc.php HTTP/1.1" 200 186 "https://fileluna.com" "Mozilla/5.0 (Windows NT 10.0; Win64; x64) AppleWebKit/537.36 (KHTML, like Gecko) Chrome/126.0.0.0 Safari/537.36"
198.54.114.83 - - [14/Apr/2025:23:22:32 -0400] "POST /wp-cron.php?doing_wp_cron=1744687349.9084610939025878906250 HTTP/1.1" 200 0 "-" "WordPress/6.7.2; https://fileluna.com"
198.54.114.83 - - [14/Apr/2025:23:22:32 -0400] "POST /wp-cron.php?doing_wp_cron=1744687349.9134809970855712890625 HTTP/1.1" 200 0 "-" "WordPress/6.7.2; https://fileluna.com"
198.54.114.83 - - [14/Apr/2025:23:23:52 -0400] "POST /wp-cron.php?doing_wp_cron=1744687431.7601699829101562500000 HTTP/1.1" 200 0 "-" "WordPress/6.7.2; https://fileluna.com"
101.32.31.38 - - [14/Apr/2025:23:23:51 -0400] "HEAD /site HTTP/1.1" 404 0 "http://fileluna.com/site" "Mozilla/5.0 (X11; Linux x86_64) AppleWebKit/537.36 (KHTML, like Gecko) Chrome/96.0.4664.45 Safari/537.36"
198.54.114.83 - - [14/Apr/2025:23:23:54 -0400] "POST /wp-admin/admin-ajax.php?action=async_litespeed&nonce=IMQEhVzWGiVUt6Iqbi4m3OVM8tOrpWcM&litespeed_type=imgoptm HTTP/1.1" 200 0 "-" "WordPress/6.7.2; https://fileluna.com"
101.32.31.38 - - [14/Apr/2025:23:25:31 -0400] "HEAD /Site HTTP/1.1" 404 0 "http://fileluna.com/Site" "Mozilla/5.0 (X11; Linux x86_64) AppleWebKit/537.36 (KHTML, like Gecko) Chrome/96.0.4664.45 Safari/537.36"
198.54.114.83 - - [14/Apr/2025:23:25:36 -0400] "POST /wp-cron.php?doing_wp_cron=1744687534.5558140277862548828125 HTTP/1.1" 200 0 "-" "WordPress/6.7.2; https://fileluna.com"
198.54.114.83 - - [14/Apr/2025:23:27:23 -0400] "POST /wp-cron.php?doing_wp_cron=1744687642.6285679340362548828125 HTTP/1.1" 200 0 "-" "WordPress/6.7.2; https://fileluna.com"
101.32.31.38 - - [14/Apr/2025:23:27:19 -0400] "HEAD /SITE HTTP/1.1" 404 0 "http://fileluna.com/SITE" "Mozilla/5.0 (X11; Linux x86_64) AppleWebKit/537.36 (KHTML, like Gecko) Chrome/96.0.4664.45 Safari/537.36"
198.54.114.83 - - [14/Apr/2025:23:27:26 -0400] "POST /wp-admin/admin-ajax.php?action=async_litespeed&nonce=r6Q4xKUrx2j6ssGj7nxU1vW3YOpxtaLB&litespeed_type=imgoptm HTTP/1.1" 200 0 "-" "WordPress/6.7.2; https://fileluna.com"
196.251.71.124 - - [14/Apr/2025:23:29:03 -0400] "GET / HTTP/1.1" 200 12525 "-" "-"
196.251.71.124 - - [14/Apr/2025:23:29:04 -0400] "GET /wp-admin/install.php HTTP/1.1" 200 435 "-" "-"
198.54.114.83 - - [14/Apr/2025:23:29:08 -0400] "POST /wp-cron.php?doing_wp_cron=1744687746.9702110290527343750000 HTTP/1.1" 200 0 "-" "WordPress/6.7.2; https://fileluna.com"
196.251.71.124 - - [14/Apr/2025:23:29:09 -0400] "GET /wp-admin/setup-config.php HTTP/1.1" 409 1041 "-" "-"
198.54.114.83 - - [14/Apr/2025:23:30:03 -0400] "POST /wp-cron.php?doing_wp_cron=1744687802.8233299255371093750000 HTTP/1.1" 200 0 "-" "WordPress/6.7.2; https://fileluna.com"
101.32.31.38 - - [14/Apr/2025:23:30:01 -0400] "HEAD /blog HTTP/1.1" 404 0 "http://fileluna.com/blog" "Mozilla/5.0 (X11; Linux x86_64) AppleWebKit/537.36 (KHTML, like Gecko) Chrome/96.0.4664.45 Safari/537.36"
198.54.114.83 - - [14/Apr/2025:23:30:07 -0400] "POST /wp-admin/admin-ajax.php?action=async_litespeed&nonce=bRdOVVxBHYwTVwQ7HRP5MCIn3tHUM7No&litespeed_type=imgoptm HTTP/1.1" 200 0 "-" "WordPress/6.7.2; https://fileluna.com"
209.172.2.50 - - [14/Apr/2025:23:30:45 -0400] "POST /xmlrpc.php HTTP/1.1" 200 186 "https://fileluna.com" "Mozilla/5.0 (Macintosh; Intel Mac OS X 13_3) AppleWebKit/537.36 (KHTML, like Gecko) Chrome/126.0.0.0 Safari/537.36"
101.32.31.38 - - [14/Apr/2025:23:32:07 -0400] "HEAD /BLOG HTTP/1.1" 404 0 "http://fileluna.com/BLOG" "Mozilla/5.0 (X11; Linux x86_64) AppleWebKit/537.36 (KHTML, like Gecko) Chrome/96.0.4664.45 Safari/537.36"
198.54.114.83 - - [14/Apr/2025:23:32:10 -0400] "POST /wp-cron.php?doing_wp_cron=1744687928.7220799922943115234375 HTTP/1.1" 200 0 "-" "WordPress/6.7.2; https://fileluna.com"
101.32.31.38 - - [14/Apr/2025:23:32:59 -0400] "HEAD /Blog HTTP/1.1" 404 0 "http://fileluna.com/Blog" "Mozilla/5.0 (X11; Linux x86_64) AppleWebKit/537.36 (KHTML, like Gecko) Chrome/96.0.4664.45 Safari/537.36"
114.119.129.34 - - [14/Apr/2025:23:35:19 -0400] "GET /umzugsunternehmen-in-hamburg-ihre-beste-wahl/ HTTP/1.1" 200 11596 "https://fileluna.com/effiziente-unternehmensauflosungen-in-luneburg/" "Mozilla/5.0 (Linux; Android 7.0;) AppleWebKit/537.36 (KHTML, like Gecko) Mobile Safari/537.36 (compatible; PetalBot;+https://webmaster.petalsearch.com/site/petalbot)"
198.54.114.83 - - [14/Apr/2025:23:35:27 -0400] "POST /wp-cron.php?doing_wp_cron=1744688124.5271730422973632812500 HTTP/1.1" 200 0 "-" "WordPress/6.7.2; https://fileluna.com"
198.54.114.83 - - [14/Apr/2025:23:36:50 -0400] "POST /wp-cron.php?doing_wp_cron=1744688208.1847090721130371093750 HTTP/1.1" 200 0 "-" "WordPress/6.7.2; https://fileluna.com"
114.119.137.80 - - [14/Apr/2025:23:36:44 -0400] "GET /the-power-of-massage-for-wellness/ HTTP/1.1" 200 11827 "https://fileluna.com/2024/08/" "Mozilla/5.0 (Linux; Android 7.0;) AppleWebKit/537.36 (KHTML, like Gecko) Mobile Safari/537.36 (compatible; PetalBot;+https://webmaster.petalsearch.com/site/petalbot)"
198.54.114.83 - - [14/Apr/2025:23:38:09 -0400] "POST /wp-cron.php?doing_wp_cron=1744688287.8131771087646484375000 HTTP/1.1" 200 0 "-" "WordPress/6.7.2; https://fileluna.com"
114.119.149.81 - - [15/Apr/2025:00:02:39 -0400] "GET /la-magia-delle-carte-di-magic-the-gathering/ HTTP/1.1" 200 11904 "https://fileluna.com/page/45/" "Mozilla/5.0 (Linux; Android 7.0;) AppleWebKit/537.36 (KHTML, like Gecko) Mobile Safari/537.36 (compatible; PetalBot;+https://webmaster.petalsearch.com/site/petalbot)"
198.54.114.83 - - [15/Apr/2025:00:02:48 -0400] "POST /wp-cron.php?doing_wp_cron=1744689764.5436599254608154296875 HTTP/1.1" 200 0 "-" "WordPress/6.7.2; https://fileluna.com"
143.110.144.210 - - [15/Apr/2025:00:03:00 -0400] "POST /xmlrpc.php HTTP/1.1" 200 186 "https://fileluna.com" "Mozilla/5.0 (Macintosh; Intel Mac OS X 10_15_7) AppleWebKit/537.36 (KHTML, like Gecko) Chrome/115.0.5790.102 Safari/537.36"
114.119.132.228 - - [14/Apr/2025:23:38:05 -0400] "GET /the-importance-of-aba-therapy-for-children-in-dubai/ HTTP/1.1" 200 12277 "https://fileluna.com/category/arts-entertainments/page/7/" "Mozilla/5.0 (Linux; Android 7.0;) AppleWebKit/537.36 (KHTML, like Gecko) Mobile Safari/537.36 (compatible; PetalBot;+https://webmaster.petalsearch.com/site/petalbot)"
209.74.67.29 - - [14/Apr/2025:23:39:01 -0400] "POST /xmlrpc.php HTTP/1.1" 200 186 "https://fileluna.com" "Mozilla/5.0 (Macintosh; Intel Mac OS X 10_15_7) AppleWebKit/537.36 (KHTML, like Gecko) Chrome/113.0.5672.93 Safari/537.36"
198.54.114.83 - - [14/Apr/2025:23:39:32 -0400] "POST /wp-cron.php?doing_wp_cron=1744688370.8639531135559082031250 HTTP/1.1" 200 0 "-" "WordPress/6.7.2; https://fileluna.com"
114.119.154.229 - - [14/Apr/2025:23:39:30 -0400] "GET /relax-and-recharge-during-your-business-trip/ HTTP/1.1" 200 11784 "https://fileluna.com/category/arts-entertainments/page/9/" "Mozilla/5.0 (Linux; Android 7.0;) AppleWebKit/537.36 (KHTML, like Gecko) Mobile Safari/537.36 (compatible; PetalBot;+https://webmaster.petalsearch.com/site/petalbot)"
198.54.114.83 - - [14/Apr/2025:23:47:11 -0400] "POST /wp-cron.php?doing_wp_cron=1744688830.7368900775909423828125 HTTP/1.1" 200 0 "-" "WordPress/6.7.2; https://fileluna.com"
68.65.120.227 - - [14/Apr/2025:23:47:06 -0400] "POST /xmlrpc.php HTTP/1.1" 200 186 "https://fileluna.com" "Mozilla/5.0 (Windows NT 10.0; Win64; x64) AppleWebKit/537.36 (KHTML, like Gecko) Chrome/115.0.5790.102 Safari/537.36"
198.54.114.83 - - [14/Apr/2025:23:47:13 -0400] "POST /wp-admin/admin-ajax.php?action=async_litespeed&nonce=tKyq9UJyFJRLKzySzlqXH0s3Y0WZDYJW&litespeed_type=imgoptm HTTP/1.1" 200 0 "-" "WordPress/6.7.2; https://fileluna.com"
182.42.105.144 - - [14/Apr/2025:23:54:19 -0400] "GET / HTTP/1.1" 200 12525 "http://fileluna.com" "Mozilla/5.0 (iPhone; CPU iPhone OS 13_2_3 like Mac OS X) AppleWebKit/605.1.15 (KHTML, like Gecko) Version/13.0.3 Mobile/15E148 Safari/604.1"
199.188.205.87 - - [14/Apr/2025:23:55:02 -0400] "POST /xmlrpc.php HTTP/1.1" 200 186 "https://fileluna.com" "Mozilla/5.0 (Macintosh; Intel Mac OS X 14_4_1) AppleWebKit/605.1.15 (KHTML, like Gecko) Version/17.3.1 Safari/605.1.15"
198.54.114.83 - - [14/Apr/2025:23:55:10 -0400] "POST /wp-cron.php?doing_wp_cron=1744689308.4088220596313476562500 HTTP/1.1" 200 0 "-" "WordPress/6.7.2; https://fileluna.com"
216.244.66.246 - - [14/Apr/2025:23:55:32 -0400] "GET /robots.txt HTTP/1.1" 304 0 "-" "Mozilla/5.0 (compatible; DotBot/1.2; +https://opensiteexplorer.org/dotbot; help@moz.com)"
198.54.114.83 - - [15/Apr/2025:00:11:02 -0400] "POST /wp-cron.php?doing_wp_cron=1744690261.4484229087829589843750 HTTP/1.1" 200 0 "-" "WordPress/6.7.2; https://fileluna.com"
198.54.120.46 - - [15/Apr/2025:00:10:56 -0400] "POST /xmlrpc.php HTTP/1.1" 200 186 "https://fileluna.com" "Mozilla/5.0 (Macintosh; Intel Mac OS X 14.5) AppleWebKit/618.3.5 (KHTML, like Gecko) Version/17.4 Safari/618.3.5"
198.54.114.83 - - [15/Apr/2025:00:11:04 -0400] "POST /wp-admin/admin-ajax.php?action=async_litespeed&nonce=NUwv4ehINcOQBKAxDPeCQIPutpZGi9g7&litespeed_type=imgoptm HTTP/1.1" 200 0 "-" "WordPress/6.7.2; https://fileluna.com"
198.54.114.83 - - [15/Apr/2025:00:18:17 -0400] "POST /wp-cron.php?doing_wp_cron=1744690696.1743359565734863281250 HTTP/1.1" 200 0 "-" "WordPress/6.7.2; https://fileluna.com"
190.92.239.33 - - [15/Apr/2025:00:18:12 -0400] "GET /passover-programs-2025-a-comprehensive-guide-for-unforgettable-experiences/ HTTP/1.1" 200 11834 "https://fileluna.com/passover-programs-2025-a-comprehensive-guide-for-unforgettable-experiences/" "Mozilla/5.0 (Windows NT 10.0; Win64; x64) AppleWebKit/537.36 (KHTML, like Gecko) Chrome/101.0.4951.67 Safari/537.36"
199.188.200.191 - - [15/Apr/2025:00:18:48 -0400] "POST /xmlrpc.php HTTP/1.1" 200 186 "https://fileluna.com" "Mozilla/5.0 (Windows NT 10.0; Win64; x64; rv:128.0) Gecko/20100101 Firefox/128.0"
54.36.148.216 - - [15/Apr/2025:00:20:48 -0400] "GET /robots.txt HTTP/1.1" 200 61 "-" "Mozilla/5.0 (compatible; AhrefsBot/7.0; +http://ahrefs.com/robot/)"
101.33.66.34 - - [15/Apr/2025:00:23:14 -0400] "GET / HTTP/1.1" 200 12525 "http://fileluna.com" "Mozilla/5.0 (iPhone; CPU iPhone OS 13_2_3 like Mac OS X) AppleWebKit/605.1.15 (KHTML, like Gecko) Version/13.0.3 Mobile/15E148 Safari/604.1"
198.54.114.83 - - [15/Apr/2025:00:26:56 -0400] "POST /wp-cron.php?doing_wp_cron=1744691215.4482469558715820312500 HTTP/1.1" 200 0 "-" "WordPress/6.7.2; https://fileluna.com"
212.227.26.126 - - [15/Apr/2025:00:26:48 -0400] "POST /xmlrpc.php HTTP/1.1" 200 0 "https://fileluna.com" "Mozilla/5.0 (Windows NT 10.0; Win64; x64) AppleWebKit/537.36 (KHTML, like Gecko) Chrome/112.0.5615.138 Safari/537.36"
198.54.114.83 - - [15/Apr/2025:00:27:01 -0400] "POST /wp-admin/admin-ajax.php?action=async_litespeed&nonce=CuNd1JhpwYniWNIWBWTvQ2bZOo7JZHEf&litespeed_type=imgoptm HTTP/1.1" 200 0 "-" "WordPress/6.7.2; https://fileluna.com"
198.54.114.83 - - [15/Apr/2025:00:32:41 -0400] "POST /wp-cron.php?doing_wp_cron=1744691560.8133571147918701171875 HTTP/1.1" 200 0 "-" "WordPress/6.7.2; https://fileluna.com"
83.97.117.86 - - [15/Apr/2025:00:32:37 -0400] "GET /wp-json/wp/v2/users HTTP/1.1" 200 1236 "-" "Mozilla/5.0 (Linux; Android 10; K) AppleWebKit/537.36 (KHTML, like Gecko) Chrome/131.0.0.0 Mobile Safari/537.36"
198.54.114.83 - - [15/Apr/2025:00:32:44 -0400] "POST /wp-admin/admin-ajax.php?action=async_litespeed&nonce=XNUs3LStXK1yFOgOO0pnYpmmCVQNO8HA&litespeed_type=imgoptm HTTP/1.1" 200 0 "-" "WordPress/6.7.2; https://fileluna.com"
134.17.14.122 - - [15/Apr/2025:00:34:27 -0400] "GET /goat.php HTTP/1.1" 404 8709 "-" "Mozilla/4.0 (compatible; MSIE 6.0; Windows NT 5.1; SV1)"
198.54.114.83 - - [15/Apr/2025:00:34:33 -0400] "POST /wp-cron.php?doing_wp_cron=1744691670.9992730617523193359375 HTTP/1.1" 200 0 "-" "WordPress/6.7.2; https://fileluna.com"
35.238.203.213 - - [15/Apr/2025:00:34:48 -0400] "POST /xmlrpc.php HTTP/1.1" 200 186 "https://fileluna.com" "Mozilla/5.0 (Windows NT 10.0; Win64; x64) AppleWebKit/537.36 (KHTML, like Gecko) Chrome/114.0.5735.199 Safari/537.36 Edg/114.0.1823.67"
198.54.114.83 - - [15/Apr/2025:00:40:23 -0400] "POST /wp-cron.php?doing_wp_cron=1744692021.7403259277343750000000 HTTP/1.1" 200 0 "-" "WordPress/6.7.2; https://fileluna.com"
114.119.129.34 - - [15/Apr/2025:00:40:16 -0400] "GET /page/11/ HTTP/1.1" 200 12927 "https://fileluna.com/page/8/" "Mozilla/5.0 (Linux; Android 7.0;) AppleWebKit/537.36 (KHTML, like Gecko) Mobile Safari/537.36 (compatible; PetalBot;+https://webmaster.petalsearch.com/site/petalbot)"
198.54.114.83 - - [15/Apr/2025:00:41:42 -0400] "POST /wp-cron.php?doing_wp_cron=1744692101.2427799701690673828125 HTTP/1.1" 200 0 "-" "WordPress/6.7.2; https://fileluna.com"
114.119.132.228 - - [15/Apr/2025:00:41:40 -0400] "GET /exploring-the-world-of-virtual-gambling/ HTTP/1.1" 200 11640 "https://fileluna.com/author/admin/page/5/" "Mozilla/5.0 (Linux; Android 7.0;) AppleWebKit/537.36 (KHTML, like Gecko) Mobile Safari/537.36 (compatible; PetalBot;+https://webmaster.petalsearch.com/site/petalbot)"
198.54.114.83 - - [15/Apr/2025:00:41:45 -0400] "POST /wp-admin/admin-ajax.php?action=async_litespeed&nonce=4QdsyBCzKLysJJ5rcVA1eN1qywyxYHX6&litespeed_type=imgoptm HTTP/1.1" 200 0 "-" "WordPress/6.7.2; https://fileluna.com"
216.244.66.246 - - [15/Apr/2025:00:42:19 -0400] "GET /robots.txt HTTP/1.1" 304 0 "-" "Mozilla/5.0 (compatible; DotBot/1.2; +https://opensiteexplorer.org/dotbot; help@moz.com)"
198.54.114.83 - - [15/Apr/2025:00:42:51 -0400] "POST /wp-cron.php?doing_wp_cron=1744692170.2302238941192626953125 HTTP/1.1" 200 0 "-" "WordPress/6.7.2; https://fileluna.com"
198.54.125.232 - - [15/Apr/2025:00:42:49 -0400] "POST /xmlrpc.php HTTP/1.1" 200 186 "https://fileluna.com" "Mozilla/5.0 (Windows NT 11.0; Win64; x64; rv:126.0) Gecko/20100101 Firefox/126.0"
114.119.129.34 - - [15/Apr/2025:00:43:02 -0400] "GET /2024/07/ HTTP/1.1" 200 9729 "https://fileluna.com/un-phenomene-en-plein-essor/" "Mozilla/5.0 (Linux; Android 7.0;) AppleWebKit/537.36 (KHTML, like Gecko) Mobile Safari/537.36 (compatible; PetalBot;+https://webmaster.petalsearch.com/site/petalbot)"
162.0.209.248 - - [15/Apr/2025:00:50:54 -0400] "POST /xmlrpc.php HTTP/1.1" 200 186 "https://fileluna.com" "Mozilla/5.0 (Windows NT 11.0; Win64; x64) AppleWebKit/537.36 (KHTML, like Gecko) Chrome/126.0.0.0 Safari/537.36"
198.54.114.83 - - [15/Apr/2025:00:51:00 -0400] "POST /wp-cron.php?doing_wp_cron=1744692658.2692399024963378906250 HTTP/1.1" 200 0 "-" "WordPress/6.7.2; https://fileluna.com"
18.222.240.117 - - [15/Apr/2025:00:54:58 -0400] "GET /robots.txt HTTP/1.1" 304 0 "-" "Mozilla/5.0 AppleWebKit/537.36 (KHTML, like Gecko; compatible; ClaudeBot/1.0; +claudebot@anthropic.com)"
18.222.240.117 - - [15/Apr/2025:00:55:02 -0400] "GET /?p=920 HTTP/1.1" 301 0 "-" "Mozilla/5.0 AppleWebKit/537.36 (KHTML, like Gecko; compatible; ClaudeBot/1.0; +claudebot@anthropic.com)"
198.54.114.83 - - [15/Apr/2025:00:55:11 -0400] "POST /wp-cron.php?doing_wp_cron=1744692908.3923170566558837890625 HTTP/1.1" 200 0 "-" "WordPress/6.7.2; https://fileluna.com"
18.222.240.117 - - [15/Apr/2025:00:55:13 -0400] "GET /the-ultimate-business-trip-massage-experience-for-success/ HTTP/1.1" 200 12239 "-" "Mozilla/5.0 AppleWebKit/537.36 (KHTML, like Gecko; compatible; ClaudeBot/1.0; +claudebot@anthropic.com)"
18.222.240.117 - - [15/Apr/2025:00:55:18 -0400] "GET /wp-content/themes/newsphere/assets/marquee/jquery.marquee.js?ver=6.7.2 HTTP/1.1" 304 0 "https://fileluna.com/the-ultimate-business-trip-massage-experience-for-success/" "Mozilla/5.0 AppleWebKit/537.36 (KHTML, like Gecko; compatible; ClaudeBot/1.0; +claudebot@anthropic.com)"
18.222.240.117 - - [15/Apr/2025:00:55:18 -0400] "GET /wp-content/themes/newsphere/js/skip-link-focus-fix.js?ver=20151215 HTTP/1.1" 304 0 "https://fileluna.com/the-ultimate-business-trip-massage-experience-for-success/" "Mozilla/5.0 AppleWebKit/537.36 (KHTML, like Gecko; compatible; ClaudeBot/1.0; +claudebot@anthropic.com)"
18.222.240.117 - - [15/Apr/2025:00:55:18 -0400] "GET /wp-content/themes/newsphere/assets/theiaStickySidebar/theia-sticky-sidebar.min.js?ver=6.7.2 HTTP/1.1" 304 0 "https://fileluna.com/the-ultimate-business-trip-massage-experience-for-success/" "Mozilla/5.0 AppleWebKit/537.36 (KHTML, like Gecko; compatible; ClaudeBot/1.0; +claudebot@anthropic.com)"
18.222.240.117 - - [15/Apr/2025:00:55:18 -0400] "GET /wp-content/themes/newsphere/assets/sidr/js/jquery.sidr.min.js?ver=6.7.2 HTTP/1.1" 304 0 "https://fileluna.com/the-ultimate-business-trip-massage-experience-for-success/" "Mozilla/5.0 AppleWebKit/537.36 (KHTML, like Gecko; compatible; ClaudeBot/1.0; +claudebot@anthropic.com)"
18.222.240.117 - - [15/Apr/2025:00:55:18 -0400] "GET /wp-content/themes/newsphere/assets/pagination-script.js?ver=6.7.2 HTTP/1.1" 304 0 "https://fileluna.com/the-ultimate-business-trip-massage-experience-for-success/" "Mozilla/5.0 AppleWebKit/537.36 (KHTML, like Gecko; compatible; ClaudeBot/1.0; +claudebot@anthropic.com)"
18.222.240.117 - - [15/Apr/2025:00:55:18 -0400] "GET /wp-content/themes/newsphere/assets/swiper/js/swiper-bundle.min.js?ver=6.7.2 HTTP/1.1" 304 0 "https://fileluna.com/the-ultimate-business-trip-massage-experience-for-success/" "Mozilla/5.0 AppleWebKit/537.36 (KHTML, like Gecko; compatible; ClaudeBot/1.0; +claudebot@anthropic.com)"
18.222.240.117 - - [15/Apr/2025:00:55:18 -0400] "GET /wp-content/themes/newsphere/assets/jquery-match-height/jquery.matchHeight.min.js?ver=6.7.2 HTTP/1.1" 304 0 "https://fileluna.com/the-ultimate-business-trip-massage-experience-for-success/" "Mozilla/5.0 AppleWebKit/537.36 (KHTML, like Gecko; compatible; ClaudeBot/1.0; +claudebot@anthropic.com)"
18.222.240.117 - - [15/Apr/2025:00:55:18 -0400] "GET /wp-content/themes/newsphere/admin-dashboard/dist/newsphere_scripts.build.js?ver=6.7.2 HTTP/1.1" 304 0 "https://fileluna.com/the-ultimate-business-trip-massage-experience-for-success/" "Mozilla/5.0 AppleWebKit/537.36 (KHTML, like Gecko; compatible; ClaudeBot/1.0; +claudebot@anthropic.com)"
