198.54.114.83 - - [17/Apr/2025:11:05:30 -0400] "POST /wp-cron.php?doing_wp_cron=1744902329.7215960025787353515625 HTTP/1.1" 200 0 "-" "WordPress/6.8; https://fileluna.com"
20.171.207.122 - - [17/Apr/2025:11:05:29 -0400] "GET /a-journey-to-healing/feed/ HTTP/1.1" 200 382 "-" "Mozilla/5.0 AppleWebKit/537.36 (KHTML, like Gecko; compatible; GPTBot/1.2; +https://openai.com/gptbot)"
198.54.114.83 - - [17/Apr/2025:11:05:32 -0400] "POST /wp-admin/admin-ajax.php?action=async_litespeed&nonce=GdJtatYJoOWsKAlKEFeRzHmouMmvcaVE&litespeed_type=imgoptm HTTP/1.1" 200 0 "-" "WordPress/6.8; https://fileluna.com"
20.171.207.122 - - [17/Apr/2025:11:05:35 -0400] "GET /page/39/ HTTP/1.1" 200 12917 "-" "Mozilla/5.0 AppleWebKit/537.36 (KHTML, like Gecko; compatible; GPTBot/1.2; +https://openai.com/gptbot)"
66.249.70.107 - - [17/Apr/2025:11:05:45 -0400] "GET /efficient-financial-management-with-buchhaltung-hattingen/ HTTP/1.1" 200 12499 "-" "Mozilla/5.0 (Linux; Android 6.0.1; Nexus 5X Build/MMB29P) AppleWebKit/537.36 (KHTML, like Gecko) Chrome/135.0.7049.95 Mobile Safari/537.36 (compatible; GoogleOther)"
114.119.132.163 - - [17/Apr/2025:11:05:46 -0400] "GET /discover-the-allure-of-rainbow-riches-casino/ HTTP/1.1" 200 12261 "https://fileluna.com/2024/09/page/7/" "Mozilla/5.0 (Linux; Android 7.0;) AppleWebKit/537.36 (KHTML, like Gecko) Mobile Safari/537.36 (compatible; PetalBot;+https://webmaster.petalsearch.com/site/petalbot)"
198.54.114.83 - - [17/Apr/2025:11:06:26 -0400] "POST /wp-cron.php?doing_wp_cron=1744902384.8099648952484130859375 HTTP/1.1" 200 0 "-" "WordPress/6.8; https://fileluna.com"
20.171.207.122 - - [17/Apr/2025:11:06:24 -0400] "GET /page/38/ HTTP/1.1" 200 13127 "-" "Mozilla/5.0 AppleWebKit/537.36 (KHTML, like Gecko; compatible; GPTBot/1.2; +https://openai.com/gptbot)"
20.171.207.122 - - [17/Apr/2025:11:07:30 -0400] "GET /page/5/ HTTP/1.1" 200 13016 "-" "Mozilla/5.0 AppleWebKit/537.36 (KHTML, like Gecko; compatible; GPTBot/1.2; +https://openai.com/gptbot)"
198.54.114.83 - - [17/Apr/2025:11:07:32 -0400] "POST /wp-cron.php?doing_wp_cron=1744902451.0459909439086914062500 HTTP/1.1" 200 0 "-" "WordPress/6.8; https://fileluna.com"
44.217.169.149 - - [17/Apr/2025:11:08:22 -0400] "GET /the-ultimate-guide-to-craft-weed-in-canada/ HTTP/1.1" 200 12617 "-" "Mozilla/5.0 (Macintosh; Intel Mac OS X 10_11_6) AppleWebKit/605.1.15 (KHTML, like Gecko) Version/11.1.2 Safari/605.1.15"
44.217.169.149 - - [17/Apr/2025:11:08:25 -0400] "GET /wp-content/themes/headnews/style.css?ver=1.0.2 HTTP/1.1" 200 1523 "https://fileluna.com/the-ultimate-guide-to-craft-weed-in-canada/" "Mozilla/5.0 (Macintosh; Intel Mac OS X 10_11_6) AppleWebKit/605.1.15 (KHTML, like Gecko) Version/11.1.2 Safari/605.1.15"
44.217.169.149 - - [17/Apr/2025:11:08:25 -0400] "GET /wp-content/themes/newsphere/assets/sidr/css/sidr.bare.css?ver=6.8 HTTP/1.1" 200 276 "https://fileluna.com/the-ultimate-guide-to-craft-weed-in-canada/" "Mozilla/5.0 (Macintosh; Intel Mac OS X 10_11_6) AppleWebKit/605.1.15 (KHTML, like Gecko) Version/11.1.2 Safari/605.1.15"
44.217.169.149 - - [17/Apr/2025:11:08:24 -0400] "GET /wp-includes/css/dist/block-library/style.min.css?ver=6.8 HTTP/1.1" 200 14358 "https://fileluna.com/the-ultimate-guide-to-craft-weed-in-canada/" "Mozilla/5.0 (Macintosh; Intel Mac OS X 10_11_6) AppleWebKit/605.1.15 (KHTML, like Gecko) Version/11.1.2 Safari/605.1.15"
44.217.169.149 - - [17/Apr/2025:11:08:25 -0400] "GET /wp-content/themes/newsphere/assets/icons/style.css?ver=6.8 HTTP/1.1" 200 1291 "https://fileluna.com/the-ultimate-guide-to-craft-weed-in-canada/" "Mozilla/5.0 (Macintosh; Intel Mac OS X 10_11_6) AppleWebKit/605.1.15 (KHTML, like Gecko) Version/11.1.2 Safari/605.1.15"
44.217.169.149 - - [17/Apr/2025:11:08:25 -0400] "GET /wp-content/themes/newsphere/assets/magnific-popup/magnific-popup.css?ver=6.8 HTTP/1.1" 200 1660 "https://fileluna.com/the-ultimate-guide-to-craft-weed-in-canada/" "Mozilla/5.0 (Macintosh; Intel Mac OS X 10_11_6) AppleWebKit/605.1.15 (KHTML, like Gecko) Version/11.1.2 Safari/605.1.15"
44.217.169.149 - - [17/Apr/2025:11:08:25 -0400] "GET /wp-content/themes/newsphere/assets/bootstrap/css/bootstrap.min.css?ver=6.8 HTTP/1.1" 200 18231 "https://fileluna.com/the-ultimate-guide-to-craft-weed-in-canada/" "Mozilla/5.0 (Macintosh; Intel Mac OS X 10_11_6) AppleWebKit/605.1.15 (KHTML, like Gecko) Version/11.1.2 Safari/605.1.15"
44.217.169.149 - - [17/Apr/2025:11:08:25 -0400] "GET /wp-content/themes/newsphere/js/skip-link-focus-fix.js?ver=20151215 HTTP/1.1" 200 332 "https://fileluna.com/the-ultimate-guide-to-craft-weed-in-canada/" "Mozilla/5.0 (Macintosh; Intel Mac OS X 10_11_6) AppleWebKit/605.1.15 (KHTML, like Gecko) Version/11.1.2 Safari/605.1.15"
44.217.169.149 - - [17/Apr/2025:11:08:25 -0400] "GET /wp-content/themes/newsphere/js/navigation.js?ver=20151215 HTTP/1.1" 200 953 "https://fileluna.com/the-ultimate-guide-to-craft-weed-in-canada/" "Mozilla/5.0 (Macintosh; Intel Mac OS X 10_11_6) AppleWebKit/605.1.15 (KHTML, like Gecko) Version/11.1.2 Safari/605.1.15"
44.217.169.149 - - [17/Apr/2025:11:08:25 -0400] "GET /wp-content/themes/newsphere/assets/sidr/js/jquery.sidr.min.js?ver=6.8 HTTP/1.1" 200 2937 "https://fileluna.com/the-ultimate-guide-to-craft-weed-in-canada/" "Mozilla/5.0 (Macintosh; Intel Mac OS X 10_11_6) AppleWebKit/605.1.15 (KHTML, like Gecko) Version/11.1.2 Safari/605.1.15"
44.217.169.149 - - [17/Apr/2025:11:08:25 -0400] "GET /wp-content/themes/newsphere/assets/jquery-match-height/jquery.matchHeight.min.js?ver=6.8 HTTP/1.1" 200 1264 "https://fileluna.com/the-ultimate-guide-to-craft-weed-in-canada/" "Mozilla/5.0 (Macintosh; Intel Mac OS X 10_11_6) AppleWebKit/605.1.15 (KHTML, like Gecko) Version/11.1.2 Safari/605.1.15"
44.217.169.149 - - [17/Apr/2025:11:08:25 -0400] "GET /wp-includes/js/jquery/jquery.min.js?ver=3.7.1 HTTP/1.1" 200 29744 "https://fileluna.com/the-ultimate-guide-to-craft-weed-in-canada/" "Mozilla/5.0 (Macintosh; Intel Mac OS X 10_11_6) AppleWebKit/605.1.15 (KHTML, like Gecko) Version/11.1.2 Safari/605.1.15"
44.217.169.149 - - [17/Apr/2025:11:08:25 -0400] "GET /wp-includes/js/jquery/jquery-migrate.min.js?ver=3.4.1 HTTP/1.1" 200 4678 "https://fileluna.com/the-ultimate-guide-to-craft-weed-in-canada/" "Mozilla/5.0 (Macintosh; Intel Mac OS X 10_11_6) AppleWebKit/605.1.15 (KHTML, like Gecko) Version/11.1.2 Safari/605.1.15"
44.217.169.149 - - [17/Apr/2025:11:08:25 -0400] "GET /wp-content/themes/newsphere/style.css?ver=6.8 HTTP/1.1" 200 22480 "https://fileluna.com/the-ultimate-guide-to-craft-weed-in-canada/" "Mozilla/5.0 (Macintosh; Intel Mac OS X 10_11_6) AppleWebKit/605.1.15 (KHTML, like Gecko) Version/11.1.2 Safari/605.1.15"
44.217.169.149 - - [17/Apr/2025:11:08:25 -0400] "GET /wp-content/themes/newsphere/assets/swiper/css/swiper-bundle.min.css?ver=6.8 HTTP/1.1" 200 4497 "https://fileluna.com/the-ultimate-guide-to-craft-weed-in-canada/" "Mozilla/5.0 (Macintosh; Intel Mac OS X 10_11_6) AppleWebKit/605.1.15 (KHTML, like Gecko) Version/11.1.2 Safari/605.1.15"
44.217.169.149 - - [17/Apr/2025:11:08:25 -0400] "GET /wp-content/themes/newsphere/assets/swiper/js/swiper-bundle.min.js?ver=6.8 HTTP/1.1" 200 40436 "https://fileluna.com/the-ultimate-guide-to-craft-weed-in-canada/" "Mozilla/5.0 (Macintosh; Intel Mac OS X 10_11_6) AppleWebKit/605.1.15 (KHTML, like Gecko) Version/11.1.2 Safari/605.1.15"
44.217.169.149 - - [17/Apr/2025:11:08:25 -0400] "GET /wp-content/themes/newsphere/assets/pagination-script.js?ver=6.8 HTTP/1.1" 200 1220 "https://fileluna.com/the-ultimate-guide-to-craft-weed-in-canada/" "Mozilla/5.0 (Macintosh; Intel Mac OS X 10_11_6) AppleWebKit/605.1.15 (KHTML, like Gecko) Version/11.1.2 Safari/605.1.15"
44.217.169.149 - - [17/Apr/2025:11:08:25 -0400] "GET /wp-content/themes/newsphere/admin-dashboard/dist/newsphere_scripts.build.js?ver=6.8 HTTP/1.1" 200 2608 "https://fileluna.com/the-ultimate-guide-to-craft-weed-in-canada/" "Mozilla/5.0 (Macintosh; Intel Mac OS X 10_11_6) AppleWebKit/605.1.15 (KHTML, like Gecko) Version/11.1.2 Safari/605.1.15"
44.217.169.149 - - [17/Apr/2025:11:08:25 -0400] "GET /wp-content/themes/newsphere/assets/marquee/jquery.marquee.js?ver=6.8 HTTP/1.1" 200 4255 "https://fileluna.com/the-ultimate-guide-to-craft-weed-in-canada/" "Mozilla/5.0 (Macintosh; Intel Mac OS X 10_11_6) AppleWebKit/605.1.15 (KHTML, like Gecko) Version/11.1.2 Safari/605.1.15"
44.217.169.149 - - [17/Apr/2025:11:08:25 -0400] "GET /wp-content/themes/newsphere/assets/theiaStickySidebar/theia-sticky-sidebar.min.js?ver=6.8 HTTP/1.1" 200 1599 "https://fileluna.com/the-ultimate-guide-to-craft-weed-in-canada/" "Mozilla/5.0 (Macintosh; Intel Mac OS X 10_11_6) AppleWebKit/605.1.15 (KHTML, like Gecko) Version/11.1.2 Safari/605.1.15"
44.217.169.149 - - [17/Apr/2025:11:08:25 -0400] "GET /wp-content/themes/newsphere/assets/bootstrap/js/bootstrap.min.js?ver=6.8 HTTP/1.1" 200 14736 "https://fileluna.com/the-ultimate-guide-to-craft-weed-in-canada/" "Mozilla/5.0 (Macintosh; Intel Mac OS X 10_11_6) AppleWebKit/605.1.15 (KHTML, like Gecko) Version/11.1.2 Safari/605.1.15"
44.217.169.149 - - [17/Apr/2025:11:08:25 -0400] "GET /wp-content/themes/newsphere/assets/magnific-popup/jquery.magnific-popup.min.js?ver=6.8 HTTP/1.1" 200 7047 "https://fileluna.com/the-ultimate-guide-to-craft-weed-in-canada/" "Mozilla/5.0 (Macintosh; Intel Mac OS X 10_11_6) AppleWebKit/605.1.15 (KHTML, like Gecko) Version/11.1.2 Safari/605.1.15"
44.217.169.149 - - [17/Apr/2025:11:08:26 -0400] "GET /wp-content/themes/newsphere/assets/icons/fonts/aft-icons.ttf?e3nek0 HTTP/1.1" 200 19272 "https://fileluna.com/wp-content/themes/newsphere/assets/icons/style.css?ver=6.8" "Mozilla/5.0 (Macintosh; Intel Mac OS X 10_11_6) AppleWebKit/605.1.15 (KHTML, like Gecko) Version/11.1.2 Safari/605.1.15"
44.217.169.149 - - [17/Apr/2025:11:08:27 -0400] "GET /wp-content/themes/headnews/assets/img/default-header-image.jpeg HTTP/1.1" 200 67766 "https://fileluna.com/the-ultimate-guide-to-craft-weed-in-canada/" "Mozilla/5.0 (Macintosh; Intel Mac OS X 10_11_6) AppleWebKit/605.1.15 (KHTML, like Gecko) Version/11.1.2 Safari/605.1.15"
44.217.169.149 - - [17/Apr/2025:11:08:27 -0400] "GET /wp-includes/js/comment-reply.min.js?ver=6.8 HTTP/1.1" 200 1247 "https://fileluna.com/the-ultimate-guide-to-craft-weed-in-canada/" "Mozilla/5.0 (Macintosh; Intel Mac OS X 10_11_6) AppleWebKit/605.1.15 (KHTML, like Gecko) Version/11.1.2 Safari/605.1.15"
44.217.169.149 - - [17/Apr/2025:11:08:27 -0400] "GET /wp-includes/js/wp-emoji-release.min.js?ver=6.8 HTTP/1.1" 200 4771 "https://fileluna.com/the-ultimate-guide-to-craft-weed-in-canada/" "Mozilla/5.0 (Macintosh; Intel Mac OS X 10_11_6) AppleWebKit/605.1.15 (KHTML, like Gecko) Version/11.1.2 Safari/605.1.15"
198.54.114.83 - - [17/Apr/2025:11:08:39 -0400] "POST /wp-cron.php?doing_wp_cron=1744902518.8919470310211181640625 HTTP/1.1" 200 0 "-" "WordPress/6.8; https://fileluna.com"
20.171.207.122 - - [17/Apr/2025:11:08:38 -0400] "GET /?p=332 HTTP/1.1" 301 0 "-" "Mozilla/5.0 AppleWebKit/537.36 (KHTML, like Gecko; compatible; GPTBot/1.2; +https://openai.com/gptbot)"
198.54.114.83 - - [17/Apr/2025:11:08:41 -0400] "POST /wp-admin/admin-ajax.php?action=async_litespeed&nonce=jnhHb7HsFJRErw3sgCrKtsI09UZrHsAz&litespeed_type=imgoptm HTTP/1.1" 200 0 "-" "WordPress/6.8; https://fileluna.com"
20.171.207.122 - - [17/Apr/2025:11:08:46 -0400] "GET /page/7/ HTTP/1.1" 200 13178 "-" "Mozilla/5.0 AppleWebKit/537.36 (KHTML, like Gecko; compatible; GPTBot/1.2; +https://openai.com/gptbot)"
20.171.207.122 - - [17/Apr/2025:11:09:32 -0400] "GET /revolutionizing-convenience-instant-hot-and-cold-water-taps/ HTTP/1.1" 200 12081 "-" "Mozilla/5.0 AppleWebKit/537.36 (KHTML, like Gecko; compatible; GPTBot/1.2; +https://openai.com/gptbot)"
198.54.114.83 - - [17/Apr/2025:11:09:44 -0400] "POST /wp-cron.php?doing_wp_cron=1744902583.0406839847564697265625 HTTP/1.1" 200 0 "-" "WordPress/6.8; https://fileluna.com"
20.171.207.122 - - [17/Apr/2025:11:09:41 -0400] "GET /page/6/ HTTP/1.1" 200 12871 "-" "Mozilla/5.0 AppleWebKit/537.36 (KHTML, like Gecko; compatible; GPTBot/1.2; +https://openai.com/gptbot)"
20.171.207.122 - - [17/Apr/2025:11:10:14 -0400] "GET /xmlrpc.php HTTP/1.1" 405 46 "-" "Mozilla/5.0 AppleWebKit/537.36 (KHTML, like Gecko; compatible; GPTBot/1.2; +https://openai.com/gptbot)"
20.171.207.122 - - [17/Apr/2025:11:10:54 -0400] "GET /a-modern-convenience/feed/ HTTP/1.1" 200 378 "-" "Mozilla/5.0 AppleWebKit/537.36 (KHTML, like Gecko; compatible; GPTBot/1.2; +https://openai.com/gptbot)"
198.54.114.83 - - [17/Apr/2025:11:10:56 -0400] "POST /wp-cron.php?doing_wp_cron=1744902655.3877570629119873046875 HTTP/1.1" 200 0 "-" "WordPress/6.8; https://fileluna.com"
20.171.207.122 - - [17/Apr/2025:11:11:17 -0400] "GET /page/8/ HTTP/1.1" 200 13201 "-" "Mozilla/5.0 AppleWebKit/537.36 (KHTML, like Gecko; compatible; GPTBot/1.2; +https://openai.com/gptbot)"
20.171.207.122 - - [17/Apr/2025:11:11:59 -0400] "GET /streamlining-workplace-interactions-the-power-of-employee-communication-apps/ HTTP/1.1" 200 11833 "-" "Mozilla/5.0 AppleWebKit/537.36 (KHTML, like Gecko; compatible; GPTBot/1.2; +https://openai.com/gptbot)"
198.54.114.83 - - [17/Apr/2025:11:12:01 -0400] "POST /wp-cron.php?doing_wp_cron=1744902719.8120250701904296875000 HTTP/1.1" 200 0 "-" "WordPress/6.8; https://fileluna.com"
85.215.162.226 - - [17/Apr/2025:11:12:11 -0400] "POST /wp-login.php HTTP/1.1" 200 1883 "-" "Mozilla/5.0"
85.215.162.226 - - [17/Apr/2025:11:12:11 -0400] "POST /wp-login.php HTTP/1.1" 200 1882 "-" "Mozilla/5.0"
68.65.122.55 - - [17/Apr/2025:11:12:39 -0400] "POST /xmlrpc.php HTTP/1.1" 200 186 "https://fileluna.com" "Mozilla/5.0 (Windows NT 10.0; Win64; x64; rv:129.0) Gecko/20100101 Firefox/129.0"
20.171.207.122 - - [17/Apr/2025:11:12:42 -0400] "GET /the-rise-of-pert-pipe-manufacturers-in-china-for-floor-heating-solutions/ HTTP/1.1" 200 11913 "-" "Mozilla/5.0 AppleWebKit/537.36 (KHTML, like Gecko; compatible; GPTBot/1.2; +https://openai.com/gptbot)"
20.171.207.122 - - [17/Apr/2025:11:13:26 -0400] "GET /redonnez-vie-a-votre-salle-de-bain-guide-de-renovation/ HTTP/1.1" 200 12330 "-" "Mozilla/5.0 AppleWebKit/537.36 (KHTML, like Gecko; compatible; GPTBot/1.2; +https://openai.com/gptbot)"
198.54.114.83 - - [17/Apr/2025:11:13:29 -0400] "POST /wp-cron.php?doing_wp_cron=1744902806.9900751113891601562500 HTTP/1.1" 200 0 "-" "WordPress/6.8; https://fileluna.com"
20.171.207.122 - - [17/Apr/2025:11:14:55 -0400] "GET /revolutionizing-convenience-instant-hot-and-cold-water-taps/feed/ HTTP/1.1" 200 422 "-" "Mozilla/5.0 AppleWebKit/537.36 (KHTML, like Gecko; compatible; GPTBot/1.2; +https://openai.com/gptbot)"
198.54.114.83 - - [17/Apr/2025:11:15:04 -0400] "POST /wp-cron.php?doing_wp_cron=1744902900.6407339572906494140625 HTTP/1.1" 200 0 "-" "WordPress/6.8; https://fileluna.com"
20.171.207.122 - - [17/Apr/2025:11:16:08 -0400] "GET /rejuvenate-on-the-road-the-benefits-of-business-trip-massage/ HTTP/1.1" 200 11783 "-" "Mozilla/5.0 AppleWebKit/537.36 (KHTML, like Gecko; compatible; GPTBot/1.2; +https://openai.com/gptbot)"
198.54.114.83 - - [17/Apr/2025:11:16:13 -0400] "POST /wp-cron.php?doing_wp_cron=1744902969.3140230178833007812500 HTTP/1.1" 200 0 "-" "WordPress/6.8; https://fileluna.com"
20.171.207.122 - - [17/Apr/2025:11:17:14 -0400] "GET /?p=334 HTTP/1.1" 301 0 "-" "Mozilla/5.0 AppleWebKit/537.36 (KHTML, like Gecko; compatible; GPTBot/1.2; +https://openai.com/gptbot)"
198.54.114.83 - - [17/Apr/2025:11:17:19 -0400] "POST /wp-cron.php?doing_wp_cron=1744903035.7560551166534423828125 HTTP/1.1" 200 0 "-" "WordPress/6.8; https://fileluna.com"
198.54.114.83 - - [17/Apr/2025:11:18:22 -0400] "POST /wp-cron.php?doing_wp_cron=1744903101.5184130668640136718750 HTTP/1.1" 200 0 "-" "WordPress/6.8; https://fileluna.com"
20.171.207.122 - - [17/Apr/2025:11:18:20 -0400] "GET /the-ultimate-convenience-instant-hot-and-cold-water-dispensers/ HTTP/1.1" 200 11686 "-" "Mozilla/5.0 AppleWebKit/537.36 (KHTML, like Gecko; compatible; GPTBot/1.2; +https://openai.com/gptbot)"
20.171.207.122 - - [17/Apr/2025:11:18:29 -0400] "GET /?p=347 HTTP/1.1" 301 0 "-" "Mozilla/5.0 AppleWebKit/537.36 (KHTML, like Gecko; compatible; GPTBot/1.2; +https://openai.com/gptbot)"
20.171.207.122 - - [17/Apr/2025:11:19:19 -0400] "GET /unlocking-joy-the-power-of-gift-certificate-small-payments/ HTTP/1.1" 200 11714 "-" "Mozilla/5.0 AppleWebKit/537.36 (KHTML, like Gecko; compatible; GPTBot/1.2; +https://openai.com/gptbot)"
20.171.207.122 - - [17/Apr/2025:11:19:20 -0400] "GET /?p=360 HTTP/1.1" 301 0 "-" "Mozilla/5.0 AppleWebKit/537.36 (KHTML, like Gecko; compatible; GPTBot/1.2; +https://openai.com/gptbot)"
20.171.207.122 - - [17/Apr/2025:11:20:16 -0400] "GET /?p=384 HTTP/1.1" 301 0 "-" "Mozilla/5.0 AppleWebKit/537.36 (KHTML, like Gecko; compatible; GPTBot/1.2; +https://openai.com/gptbot)"
20.171.207.122 - - [17/Apr/2025:11:20:16 -0400] "GET /essential-hotel-bedroom-furniture-creating-a-comfortable-stay/ HTTP/1.1" 200 11882 "-" "Mozilla/5.0 AppleWebKit/537.36 (KHTML, like Gecko; compatible; GPTBot/1.2; +https://openai.com/gptbot)"
198.54.114.83 - - [17/Apr/2025:11:20:18 -0400] "POST /wp-cron.php?doing_wp_cron=1744903216.8188619613647460937500 HTTP/1.1" 200 0 "-" "WordPress/6.8; https://fileluna.com"
20.171.207.122 - - [17/Apr/2025:11:21:06 -0400] "GET /der-beste-scheidungsanwalt-in-hattingen-ihre-erste-wahl/ HTTP/1.1" 200 11706 "-" "Mozilla/5.0 AppleWebKit/537.36 (KHTML, like Gecko; compatible; GPTBot/1.2; +https://openai.com/gptbot)"
20.171.207.122 - - [17/Apr/2025:11:21:05 -0400] "GET /streamlining-workplace-interactions-the-power-of-employee-communication-apps/feed/ HTTP/1.1" 200 437 "-" "Mozilla/5.0 AppleWebKit/537.36 (KHTML, like Gecko; compatible; GPTBot/1.2; +https://openai.com/gptbot)"
198.54.114.83 - - [17/Apr/2025:11:21:38 -0400] "POST /wp-cron.php?doing_wp_cron=1744903297.5588090419769287109375 HTTP/1.1" 200 0 "-" "WordPress/6.8; https://fileluna.com"
114.119.154.229 - - [17/Apr/2025:11:21:37 -0400] "GET /traitement-de-lhyperhidrose-avec-le-botox-a-rouen-une-solution-efficace/ HTTP/1.1" 200 12035 "https://fileluna.com/le-botox-une-solution-efficace-contre-lhypersudation-a-rouen/" "Mozilla/5.0 (Linux; Android 7.0;) AppleWebKit/537.36 (KHTML, like Gecko) Mobile Safari/537.36 (compatible; PetalBot;+https://webmaster.petalsearch.com/site/petalbot)"
198.54.114.83 - - [17/Apr/2025:11:21:39 -0400] "POST /wp-admin/admin-ajax.php?action=async_litespeed&nonce=gGWnQlIH2RBdiEg6Mz3gJSUzLTmLOsVJ&litespeed_type=imgoptm HTTP/1.1" 200 0 "-" "WordPress/6.8; https://fileluna.com"
103.118.29.120 - - [17/Apr/2025:11:21:45 -0400] "POST /xmlrpc.php HTTP/1.1" 200 186 "https://fileluna.com" "Mozilla/5.0 (Windows NT 10.0; Win64; x64) AppleWebKit/537.36 (KHTML, like Gecko) Chrome/115.0.5790.171 Safari/537.36 Edg/115.0.1901.203"
20.171.207.122 - - [17/Apr/2025:11:21:49 -0400] "GET /?p=380 HTTP/1.1" 301 0 "-" "Mozilla/5.0 AppleWebKit/537.36 (KHTML, like Gecko; compatible; GPTBot/1.2; +https://openai.com/gptbot)"
51.222.253.10 - - [17/Apr/2025:11:21:53 -0400] "GET / HTTP/1.1" 200 12777 "-" "Mozilla/5.0 (compatible; AhrefsBot/7.0; +http://ahrefs.com/robot/)"
198.54.114.83 - - [17/Apr/2025:11:22:50 -0400] "POST /wp-cron.php?doing_wp_cron=1744903369.3824989795684814453125 HTTP/1.1" 200 0 "-" "WordPress/6.8; https://fileluna.com"
20.171.207.122 - - [17/Apr/2025:11:22:48 -0400] "GET /redonnez-vie-a-votre-salle-de-bain-guide-de-renovation/feed/ HTTP/1.1" 200 431 "-" "Mozilla/5.0 AppleWebKit/537.36 (KHTML, like Gecko; compatible; GPTBot/1.2; +https://openai.com/gptbot)"
114.119.137.80 - - [17/Apr/2025:11:22:56 -0400] "GET /the-role-of-employee-communication-apps/ HTTP/1.1" 200 11861 "https://fileluna.com/2024/page/37/" "Mozilla/5.0 (Linux; Android 7.0;) AppleWebKit/537.36 (KHTML, like Gecko) Mobile Safari/537.36 (compatible; PetalBot;+https://webmaster.petalsearch.com/site/petalbot)"
85.215.162.226 - - [17/Apr/2025:11:23:23 -0400] "POST /wp-login.php HTTP/1.1" 200 1883 "-" "Mozilla/5.0"
85.215.162.226 - - [17/Apr/2025:11:23:23 -0400] "POST /wp-login.php HTTP/1.1" 200 1882 "-" "Mozilla/5.0"
20.171.207.122 - - [17/Apr/2025:11:23:40 -0400] "GET /the-rise-of-pert-pipe-manufacturers-in-china-for-floor-heating-solutions/feed/ HTTP/1.1" 200 446 "-" "Mozilla/5.0 AppleWebKit/537.36 (KHTML, like Gecko; compatible; GPTBot/1.2; +https://openai.com/gptbot)"
198.54.114.83 - - [17/Apr/2025:11:24:22 -0400] "POST /wp-cron.php?doing_wp_cron=1744903461.2328441143035888671875 HTTP/1.1" 200 0 "-" "WordPress/6.8; https://fileluna.com"
114.119.132.228 - - [17/Apr/2025:11:24:20 -0400] "GET /category/lifestyle-fashion/ HTTP/1.1" 200 9660 "https://fileluna.com/the-need-for-professional-bodyguards-in-london/" "Mozilla/5.0 (Linux; Android 7.0;) AppleWebKit/537.36 (KHTML, like Gecko) Mobile Safari/537.36 (compatible; PetalBot;+https://webmaster.petalsearch.com/site/petalbot)"
198.54.114.83 - - [17/Apr/2025:11:24:23 -0400] "POST /wp-admin/admin-ajax.php?action=async_litespeed&nonce=8sIqOH2RhmvI4oxX3sCitDkhp3HgtgL4&litespeed_type=imgoptm HTTP/1.1" 200 0 "-" "WordPress/6.8; https://fileluna.com"
20.171.207.122 - - [17/Apr/2025:11:24:41 -0400] "GET /rejuvenate-on-the-road-the-benefits-of-business-trip-massage/feed/ HTTP/1.1" 200 426 "-" "Mozilla/5.0 AppleWebKit/537.36 (KHTML, like Gecko; compatible; GPTBot/1.2; +https://openai.com/gptbot)"
216.244.66.246 - - [17/Apr/2025:11:24:49 -0400] "GET /robots.txt HTTP/1.1" 304 0 "-" "Mozilla/5.0 (compatible; DotBot/1.2; +https://opensiteexplorer.org/dotbot; help@moz.com)"
20.171.207.122 - - [17/Apr/2025:11:25:33 -0400] "GET /wp-json/oembed/1.0/embed?url=https%3A%2F%2Ffileluna.com%2Fessential-hotel-bedroom-furniture-creating-a-comfortable-stay%2F HTTP/1.1" 200 2363 "-" "Mozilla/5.0 AppleWebKit/537.36 (KHTML, like Gecko; compatible; GPTBot/1.2; +https://openai.com/gptbot)"
198.54.114.83 - - [17/Apr/2025:11:25:35 -0400] "POST /wp-cron.php?doing_wp_cron=1744903534.2431800365447998046875 HTTP/1.1" 200 0 "-" "WordPress/6.8; https://fileluna.com"
20.171.207.122 - - [17/Apr/2025:11:26:51 -0400] "GET /wp-json/oembed/1.0/embed?format=xml&url=https%3A%2F%2Ffileluna.com%2Fessential-hotel-bedroom-furniture-creating-a-comfortable-stay%2F HTTP/1.1" 200 1117 "-" "Mozilla/5.0 AppleWebKit/537.36 (KHTML, like Gecko; compatible; GPTBot/1.2; +https://openai.com/gptbot)"
198.54.114.83 - - [17/Apr/2025:11:26:54 -0400] "POST /wp-cron.php?doing_wp_cron=1744903612.6582629680633544921875 HTTP/1.1" 200 0 "-" "WordPress/6.8; https://fileluna.com"
66.249.70.101 - - [17/Apr/2025:11:27:43 -0400] "GET /2023/ HTTP/1.1" 200 11566 "-" "Mozilla/5.0 (Linux; Android 6.0.1; Nexus 5X Build/MMB29P) AppleWebKit/537.36 (KHTML, like Gecko) Chrome/135.0.7049.95 Mobile Safari/537.36 (compatible; GoogleOther)"
198.54.114.83 - - [17/Apr/2025:11:32:34 -0400] "POST /wp-cron.php?doing_wp_cron=1744903953.5024681091308593750000 HTTP/1.1" 200 0 "-" "WordPress/6.8; https://fileluna.com"
20.171.207.122 - - [17/Apr/2025:11:32:32 -0400] "GET /unlocking-joy-the-power-of-gift-certificate-small-payments/feed/ HTTP/1.1" 200 430 "-" "Mozilla/5.0 AppleWebKit/537.36 (KHTML, like Gecko; compatible; GPTBot/1.2; +https://openai.com/gptbot)"
20.171.207.122 - - [17/Apr/2025:11:33:07 -0400] "GET /?p=345 HTTP/1.1" 301 0 "-" "Mozilla/5.0 AppleWebKit/537.36 (KHTML, like Gecko; compatible; GPTBot/1.2; +https://openai.com/gptbot)"
20.171.207.122 - - [17/Apr/2025:11:33:19 -0400] "GET /essential-hotel-bedroom-furniture-creating-a-comfortable-stay/embed/ HTTP/1.1" 200 6317 "-" "Mozilla/5.0 AppleWebKit/537.36 (KHTML, like Gecko; compatible; GPTBot/1.2; +https://openai.com/gptbot)"
20.171.207.122 - - [17/Apr/2025:11:28:32 -0400] "GET /?p=349 HTTP/1.1" 301 0 "-" "Mozilla/5.0 AppleWebKit/537.36 (KHTML, like Gecko; compatible; GPTBot/1.2; +https://openai.com/gptbot)"
198.54.114.83 - - [17/Apr/2025:11:28:34 -0400] "POST /wp-cron.php?doing_wp_cron=1744903712.6603660583496093750000 HTTP/1.1" 200 0 "-" "WordPress/6.8; https://fileluna.com"
20.171.207.122 - - [17/Apr/2025:11:29:19 -0400] "GET /?p=366 HTTP/1.1" 301 0 "-" "Mozilla/5.0 AppleWebKit/537.36 (KHTML, like Gecko; compatible; GPTBot/1.2; +https://openai.com/gptbot)"
20.171.207.122 - - [17/Apr/2025:11:30:01 -0400] "GET /wp-json/wp/v2/posts/349 HTTP/1.1" 200 3773 "-" "Mozilla/5.0 AppleWebKit/537.36 (KHTML, like Gecko; compatible; GPTBot/1.2; +https://openai.com/gptbot)"
198.54.114.83 - - [17/Apr/2025:11:30:03 -0400] "POST /wp-cron.php?doing_wp_cron=1744903801.5302000045776367187500 HTTP/1.1" 200 0 "-" "WordPress/6.8; https://fileluna.com"
20.171.207.122 - - [17/Apr/2025:11:30:33 -0400] "GET /?p=349 HTTP/1.1" 301 0 "-" "Mozilla/5.0 AppleWebKit/537.36 (KHTML, like Gecko; compatible; GPTBot/1.2; +https://openai.com/gptbot)"
185.190.39.162 - - [17/Apr/2025:11:31:00 -0400] "POST /xmlrpc.php HTTP/1.1" 200 186 "https://fileluna.com" "Mozilla/5.0 (Macintosh; Intel Mac OS X 13.3; rv:126.0) Gecko/20100101 Firefox/126.0"
20.171.207.122 - - [17/Apr/2025:11:31:14 -0400] "GET /essential-hotel-bedroom-furniture-creating-a-comfortable-stay/feed/ HTTP/1.1" 200 424 "-" "Mozilla/5.0 AppleWebKit/537.36 (KHTML, like Gecko; compatible; GPTBot/1.2; +https://openai.com/gptbot)"
198.54.114.83 - - [17/Apr/2025:11:31:18 -0400] "POST /wp-cron.php?doing_wp_cron=1744903874.6090130805969238281250 HTTP/1.1" 200 0 "-" "WordPress/6.8; https://fileluna.com"
85.215.162.226 - - [17/Apr/2025:11:34:36 -0400] "POST /wp-login.php HTTP/1.1" 200 1882 "-" "Mozilla/5.0"
85.215.162.226 - - [17/Apr/2025:11:34:36 -0400] "POST /wp-login.php HTTP/1.1" 200 1883 "-" "Mozilla/5.0"
20.171.207.122 - - [17/Apr/2025:11:34:36 -0400] "GET /the-ultimate-convenience-instant-hot-and-cold-water-dispensers/feed/ HTTP/1.1" 200 428 "-" "Mozilla/5.0 AppleWebKit/537.36 (KHTML, like Gecko; compatible; GPTBot/1.2; +https://openai.com/gptbot)"
198.54.114.83 - - [17/Apr/2025:11:34:40 -0400] "POST /wp-cron.php?doing_wp_cron=1744904077.2216789722442626953125 HTTP/1.1" 200 0 "-" "WordPress/6.8; https://fileluna.com"
198.54.114.83 - - [17/Apr/2025:11:34:40 -0400] "POST /wp-cron.php?doing_wp_cron=1744904077.2282691001892089843750 HTTP/1.1" 200 0 "-" "WordPress/6.8; https://fileluna.com"
198.54.114.83 - - [17/Apr/2025:11:34:40 -0400] "POST /wp-cron.php?doing_wp_cron=1744904077.2312049865722656250000 HTTP/1.1" 200 0 "-" "WordPress/6.8; https://fileluna.com"
20.171.207.122 - - [17/Apr/2025:11:35:09 -0400] "GET /?p=382 HTTP/1.1" 301 0 "-" "Mozilla/5.0 AppleWebKit/537.36 (KHTML, like Gecko; compatible; GPTBot/1.2; +https://openai.com/gptbot)"
20.171.207.122 - - [17/Apr/2025:11:35:38 -0400] "GET /essential-hotel-bedroom-furniture-creating-a-comfortable-stay/feed/ HTTP/1.1" 200 424 "-" "Mozilla/5.0 AppleWebKit/537.36 (KHTML, like Gecko; compatible; GPTBot/1.2; +https://openai.com/gptbot)"
114.119.129.198 - - [17/Apr/2025:11:36:07 -0400] "GET /page/40/ HTTP/1.1" 200 12973 "https://fileluna.com/page/43/" "Mozilla/5.0 (Linux; Android 7.0;) AppleWebKit/537.36 (KHTML, like Gecko) Mobile Safari/537.36 (compatible; PetalBot;+https://webmaster.petalsearch.com/site/petalbot)"
20.171.207.122 - - [17/Apr/2025:11:36:26 -0400] "GET /der-beste-scheidungsanwalt-in-hattingen-ihre-erste-wahl/feed/ HTTP/1.1" 200 421 "-" "Mozilla/5.0 AppleWebKit/537.36 (KHTML, like Gecko; compatible; GPTBot/1.2; +https://openai.com/gptbot)"
198.54.114.83 - - [17/Apr/2025:11:36:34 -0400] "POST /wp-cron.php?doing_wp_cron=1744904190.2188088893890380859375 HTTP/1.1" 200 0 "-" "WordPress/6.8; https://fileluna.com"
114.119.132.163 - - [17/Apr/2025:11:37:29 -0400] "GET /author/admin/page/28/ HTTP/1.1" 200 11477 "https://fileluna.com/author/admin/page/25/" "Mozilla/5.0 (Linux; Android 7.0;) AppleWebKit/537.36 (KHTML, like Gecko) Mobile Safari/537.36 (compatible; PetalBot;+https://webmaster.petalsearch.com/site/petalbot)"
198.54.114.83 - - [17/Apr/2025:11:37:53 -0400] "POST /wp-cron.php?doing_wp_cron=1744904272.5039329528808593750000 HTTP/1.1" 200 0 "-" "WordPress/6.8; https://fileluna.com"
20.171.207.122 - - [17/Apr/2025:11:37:52 -0400] "GET /scheidungsanwalt-in-hattingen-ihr-weg-zu-einem-neuanfang/ HTTP/1.1" 200 12010 "-" "Mozilla/5.0 AppleWebKit/537.36 (KHTML, like Gecko; compatible; GPTBot/1.2; +https://openai.com/gptbot)"
114.119.129.198 - - [17/Apr/2025:11:38:50 -0400] "GET /2024/page/37/ HTTP/1.1" 200 11579 "https://fileluna.com/2024/page/37/" "Mozilla/5.0 (Linux; Android 7.0;) AppleWebKit/537.36 (KHTML, like Gecko) Mobile Safari/537.36 (compatible; PetalBot;+https://webmaster.petalsearch.com/site/petalbot)"
20.171.207.122 - - [17/Apr/2025:11:39:22 -0400] "GET /die-bedeutung-eines-steuerberaters-fur-ihre-finanzen/ HTTP/1.1" 200 11903 "-" "Mozilla/5.0 AppleWebKit/537.36 (KHTML, like Gecko; compatible; GPTBot/1.2; +https://openai.com/gptbot)"
20.171.207.122 - - [17/Apr/2025:11:39:22 -0400] "GET /transforming-workplace-dynamics-with-employee-communication-apps/ HTTP/1.1" 200 12191 "-" "Mozilla/5.0 AppleWebKit/537.36 (KHTML, like Gecko; compatible; GPTBot/1.2; +https://openai.com/gptbot)"
198.54.114.83 - - [17/Apr/2025:11:39:26 -0400] "POST /wp-cron.php?doing_wp_cron=1744904363.6697289943695068359375 HTTP/1.1" 200 0 "-" "WordPress/6.8; https://fileluna.com"
198.54.114.83 - - [17/Apr/2025:11:39:26 -0400] "POST /wp-cron.php?doing_wp_cron=1744904363.6720809936523437500000 HTTP/1.1" 200 0 "-" "WordPress/6.8; https://fileluna.com"
195.7.5.237 - - [17/Apr/2025:11:40:08 -0400] "POST /xmlrpc.php HTTP/1.1" 200 186 "https://fileluna.com" "Mozilla/5.0 (Macintosh; Intel Mac OS X 14.5) AppleWebKit/618.3.5 (KHTML, like Gecko) Version/17.4 Safari/618.3.5"
66.249.70.108 - - [17/Apr/2025:11:40:14 -0400] "GET /wp-content/themes/newsphere/assets/swiper/js/swiper-bundle.min.js?ver=6.8 HTTP/1.1" 200 40436 "https://fileluna.com/winsen-erheben-die-kunst-und-wirkung-achtsamer-reinigung/" "Mozilla/5.0 (Linux; Android 6.0.1; Nexus 5X Build/MMB29P) AppleWebKit/537.36 (KHTML, like Gecko) Chrome/134.0.6998.165 Mobile Safari/537.36 (compatible; Googlebot/2.1; +http://www.google.com/bot.html)"
66.249.70.108 - - [17/Apr/2025:11:40:15 -0400] "GET /wp-includes/js/comment-reply.min.js?ver=6.8 HTTP/1.1" 304 0 "https://fileluna.com/winsen-erheben-die-kunst-und-wirkung-achtsamer-reinigung/" "Mozilla/5.0 (Linux; Android 6.0.1; Nexus 5X Build/MMB29P) AppleWebKit/537.36 (KHTML, like Gecko) Chrome/134.0.6998.165 Mobile Safari/537.36 (compatible; Googlebot/2.1; +http://www.google.com/bot.html)"
173.255.192.198 - - [17/Apr/2025:11:41:05 -0400] "GET / HTTP/1.1" 200 12777 "-" "Mozlila/5.0 (Linux; Android 7.0; SM-G892A Bulid/NRD90M; wv) AppleWebKit/537.36 (KHTML, like Gecko) Version/4.0 Chrome/60.0.3112.107 Moblie Safari/537.36"
173.255.192.198 - - [17/Apr/2025:11:41:04 -0400] "POST /ALFA_DATA/alfacgiapi/perl.alfa HTTP/1.1" 404 8903 "www.google.com" "Mozlila/5.0 (Linux; Android 7.0; SM-G892A Bulid/NRD90M; wv) AppleWebKit/537.36 (KHTML, like Gecko) Version/4.0 Chrome/60.0.3112.107 Moblie Safari/537.36"
173.255.192.198 - - [17/Apr/2025:11:41:05 -0400] "GET /wp-content/themes/seotheme/db.php?u HTTP/1.1" 404 8954 "www.google.com" "Mozlila/5.0 (Linux; Android 7.0; SM-G892A Bulid/NRD90M; wv) AppleWebKit/537.36 (KHTML, like Gecko) Version/4.0 Chrome/60.0.3112.107 Moblie Safari/537.36"
173.255.192.198 - - [17/Apr/2025:11:41:05 -0400] "POST /wp-plain.php HTTP/1.1" 404 8903 "www.google.com" "Mozilla/5.0 (Linux; Android 7.0; SM-G892A Bulid/NRD90M; wv) AppleWebKit/537.36 (KHTML, like Gecko) Version/4.0 Chrome/60.0.3112.107 Moblie Safari/537.36"
173.255.192.198 - - [17/Apr/2025:11:41:04 -0400] "GET /wp-content/plugins/fix/up.php HTTP/1.1" 404 8954 "-" "Mozilla/5.0 (Windows NT 10.0; Win64; x64) AppleWebKit/537.36 (KHTML, like Gecko) Chrome/85.0.4183.102 Safari/537.36"
198.54.114.83 - - [17/Apr/2025:11:41:07 -0400] "POST /wp-cron.php?doing_wp_cron=1744904465.0303161144256591796875 HTTP/1.1" 200 0 "-" "WordPress/6.8; https://fileluna.com"
198.54.114.83 - - [17/Apr/2025:11:41:07 -0400] "POST /wp-cron.php?doing_wp_cron=1744904465.0318961143493652343750 HTTP/1.1" 200 0 "-" "WordPress/6.8; https://fileluna.com"
173.255.192.198 - - [17/Apr/2025:11:41:09 -0400] "GET /wp-content/themes/seotheme/db.php?u HTTP/1.1" 404 8954 "www.google.com" "Mozlila/5.0 (Linux; Android 7.0; SM-G892A Bulid/NRD90M; wv) AppleWebKit/537.36 (KHTML, like Gecko) Version/4.0 Chrome/60.0.3112.107 Moblie Safari/537.36"
173.255.192.198 - - [17/Apr/2025:11:41:09 -0400] "GET /wp-content/plugins/apikey/apikey.php?test=hello HTTP/1.1" 404 8954 "-" "Mozlila/5.0 (Linux; Android 7.0; SM-G892A Bulid/NRD90M; wv) AppleWebKit/537.36 (KHTML, like Gecko) Version/4.0 Chrome/60.0.3112.107 Moblie Safari/537.36"
173.255.192.198 - - [17/Apr/2025:11:41:09 -0400] "GET /fjpqtkxp.php?Fox=d3wL7 HTTP/1.1" 404 8954 "www.google.com" "Mozilla/5.0 (Linux; Android 7.0; SM-G892A Bulid/NRD90M; wv) AppleWebKit/537.36 (KHTML, like Gecko) Version/4.0 Chrome/60.0.3112.107 Moblie Safari/537.36"
173.255.192.198 - - [17/Apr/2025:11:41:12 -0400] "POST /alfacgiapi/perl.alfa HTTP/1.1" 404 8903 "www.google.com" "Mozlila/5.0 (Linux; Android 7.0; SM-G892A Bulid/NRD90M; wv) AppleWebKit/537.36 (KHTML, like Gecko) Version/4.0 Chrome/60.0.3112.107 Moblie Safari/537.36"
173.255.192.198 - - [17/Apr/2025:11:41:12 -0400] "GET /plugins/content/apismtp/apismtp.php?test=hello HTTP/1.1" 404 8954 "-" "Mozlila/5.0 (Linux; Android 7.0; SM-G892A Bulid/NRD90M; wv) AppleWebKit/537.36 (KHTML, like Gecko) Version/4.0 Chrome/60.0.3112.107 Moblie Safari/537.36"
20.171.207.122 - - [17/Apr/2025:11:41:14 -0400] "GET /la-magie-de-la-conception-interieure/ HTTP/1.1" 200 11922 "-" "Mozilla/5.0 AppleWebKit/537.36 (KHTML, like Gecko; compatible; GPTBot/1.2; +https://openai.com/gptbot)"
20.171.207.122 - - [17/Apr/2025:11:41:14 -0400] "GET /unlocking-joy-with-small-payment-gift-certificates/ HTTP/1.1" 200 11759 "-" "Mozilla/5.0 AppleWebKit/537.36 (KHTML, like Gecko; compatible; GPTBot/1.2; +https://openai.com/gptbot)"
173.255.192.198 - - [17/Apr/2025:11:41:16 -0400] "GET /wp-content/plugins/apikey/apikey.php.suspected?test=hello HTTP/1.1" 404 8954 "-" "Mozlila/5.0 (Linux; Android 7.0; SM-G892A Bulid/NRD90M; wv) AppleWebKit/537.36 (KHTML, like Gecko) Version/4.0 Chrome/60.0.3112.107 Moblie Safari/537.36"
173.255.192.198 - - [17/Apr/2025:11:41:19 -0400] "GET /plugins/content/apismtp/apismtp.php.suspected?test=hello HTTP/1.1" 404 8954 "-" "Mozlila/5.0 (Linux; Android 7.0; SM-G892A Bulid/NRD90M; wv) AppleWebKit/537.36 (KHTML, like Gecko) Version/4.0 Chrome/60.0.3112.107 Moblie Safari/537.36"
20.171.207.122 - - [17/Apr/2025:11:42:05 -0400] "GET /?p=372 HTTP/1.1" 301 0 "-" "Mozilla/5.0 AppleWebKit/537.36 (KHTML, like Gecko; compatible; GPTBot/1.2; +https://openai.com/gptbot)"
198.54.114.83 - - [17/Apr/2025:11:42:07 -0400] "POST /wp-cron.php?doing_wp_cron=1744904525.6362209320068359375000 HTTP/1.1" 200 0 "-" "WordPress/6.8; https://fileluna.com"
20.171.207.122 - - [17/Apr/2025:11:42:35 -0400] "GET /elegant-hotel-room-furniture-for-ultimate-comfort/ HTTP/1.1" 200 11912 "-" "Mozilla/5.0 AppleWebKit/537.36 (KHTML, like Gecko; compatible; GPTBot/1.2; +https://openai.com/gptbot)"
85.204.70.116 - - [17/Apr/2025:11:43:49 -0400] "GET / HTTP/1.1" 200 12777 "-" "Mozilla/5.0 (Windows NT 10.0; Win64; x64) AppleWebKit/537.36 (KHTML, like Gecko) Chrome/78.0.3904.108 Safari/537.36"
85.204.70.116 - - [17/Apr/2025:11:43:51 -0400] "GET //wp-includes/wlwmanifest.xml HTTP/1.1" 301 0 "-" "Mozilla/5.0 (Windows NT 10.0; Win64; x64) AppleWebKit/537.36 (KHTML, like Gecko) Chrome/78.0.3904.108 Safari/537.36"
198.54.114.83 - - [17/Apr/2025:11:43:53 -0400] "POST /wp-cron.php?doing_wp_cron=1744904631.6413459777832031250000 HTTP/1.1" 200 0 "-" "WordPress/6.8; https://fileluna.com"
85.204.70.116 - - [17/Apr/2025:11:43:54 -0400] "GET //xmlrpc.php?rsd HTTP/1.1" 200 292 "-" "Mozilla/5.0 (Windows NT 10.0; Win64; x64) AppleWebKit/537.36 (KHTML, like Gecko) Chrome/78.0.3904.108 Safari/537.36"
85.204.70.116 - - [17/Apr/2025:11:43:56 -0400] "GET //?author=1 HTTP/1.1" 301 0 "-" "Mozilla/5.0 (Windows NT 10.0; Win64; x64) AppleWebKit/537.36 (KHTML, like Gecko) Chrome/78.0.3904.108 Safari/537.36"
85.204.70.116 - - [17/Apr/2025:11:43:59 -0400] "GET //?author=2 HTTP/1.1" 301 0 "-" "Mozilla/5.0 (Windows NT 10.0; Win64; x64) AppleWebKit/537.36 (KHTML, like Gecko) Chrome/78.0.3904.108 Safari/537.36"
85.204.70.116 - - [17/Apr/2025:11:44:02 -0400] "GET //wp-json/wp/v2/users/ HTTP/1.1" 200 1428 "-" "Mozilla/5.0 (Windows NT 10.0; Win64; x64) AppleWebKit/537.36 (KHTML, like Gecko) Chrome/78.0.3904.108 Safari/537.36"
20.171.207.122 - - [17/Apr/2025:11:44:02 -0400] "GET /scheidungsanwalt-in-hattingen-ihr-weg-zu-einem-neuanfang/feed/ HTTP/1.1" 200 423 "-" "Mozilla/5.0 AppleWebKit/537.36 (KHTML, like Gecko; compatible; GPTBot/1.2; +https://openai.com/gptbot)"
85.204.70.116 - - [17/Apr/2025:11:44:03 -0400] "POST //xmlrpc.php HTTP/1.1" 200 205 "-" "Mozilla/5.0 (Windows NT 10.0; Win64; x64) AppleWebKit/537.36 (KHTML, like Gecko) Chrome/78.0.3904.108 Safari/537.36"
20.171.207.122 - - [17/Apr/2025:11:44:05 -0400] "GET /the-essentials-of-hotel-room-furnishings/ HTTP/1.1" 200 11863 "-" "Mozilla/5.0 AppleWebKit/537.36 (KHTML, like Gecko; compatible; GPTBot/1.2; +https://openai.com/gptbot)"
85.204.70.116 - - [17/Apr/2025:11:44:06 -0400] "POST //xmlrpc.php HTTP/1.1" 200 205 "-" "Mozilla/5.0 (Windows NT 10.0; Win64; x64) AppleWebKit/537.36 (KHTML, like Gecko) Chrome/78.0.3904.108 Safari/537.36"
85.204.70.116 - - [17/Apr/2025:11:44:08 -0400] "POST //xmlrpc.php HTTP/1.1" 200 205 "-" "Mozilla/5.0 (Windows NT 10.0; Win64; x64) AppleWebKit/537.36 (KHTML, like Gecko) Chrome/78.0.3904.108 Safari/537.36"
85.204.70.116 - - [17/Apr/2025:11:44:10 -0400] "POST //xmlrpc.php HTTP/1.1" 200 205 "-" "Mozilla/5.0 (Windows NT 10.0; Win64; x64) AppleWebKit/537.36 (KHTML, like Gecko) Chrome/78.0.3904.108 Safari/537.36"
85.204.70.116 - - [17/Apr/2025:11:44:12 -0400] "POST //xmlrpc.php HTTP/1.1" 200 205 "-" "Mozilla/5.0 (Windows NT 10.0; Win64; x64) AppleWebKit/537.36 (KHTML, like Gecko) Chrome/78.0.3904.108 Safari/537.36"
85.204.70.116 - - [17/Apr/2025:11:44:14 -0400] "POST //xmlrpc.php HTTP/1.1" 200 205 "-" "Mozilla/5.0 (Windows NT 10.0; Win64; x64) AppleWebKit/537.36 (KHTML, like Gecko) Chrome/78.0.3904.108 Safari/537.36"
198.54.114.83 - - [17/Apr/2025:11:45:52 -0400] "POST /wp-cron.php?doing_wp_cron=1744904750.9481790065765380859375 HTTP/1.1" 200 0 "-" "WordPress/6.8; https://fileluna.com"
198.54.114.83 - - [17/Apr/2025:11:45:52 -0400] "POST /wp-cron.php?doing_wp_cron=1744904750.9482219219207763671875 HTTP/1.1" 200 0 "-" "WordPress/6.8; https://fileluna.com"
20.171.207.122 - - [17/Apr/2025:11:45:47 -0400] "GET /wp-json/wp/v2/posts/367 HTTP/1.1" 200 3895 "-" "Mozilla/5.0 AppleWebKit/537.36 (KHTML, like Gecko; compatible; GPTBot/1.2; +https://openai.com/gptbot)"
20.171.207.122 - - [17/Apr/2025:11:45:47 -0400] "GET /effortless-access-to-hot-and-cold-water/ HTTP/1.1" 200 11736 "-" "Mozilla/5.0 AppleWebKit/537.36 (KHTML, like Gecko; compatible; GPTBot/1.2; +https://openai.com/gptbot)"
85.215.162.226 - - [17/Apr/2025:11:45:53 -0400] "POST /wp-login.php HTTP/1.1" 200 1882 "-" "Mozilla/5.0"
85.215.162.226 - - [17/Apr/2025:11:45:53 -0400] "POST /wp-login.php HTTP/1.1" 200 1883 "-" "Mozilla/5.0"
198.54.114.83 - - [17/Apr/2025:11:47:42 -0400] "POST /wp-cron.php?doing_wp_cron=1744904861.0212399959564208984375 HTTP/1.1" 200 0 "-" "WordPress/6.8; https://fileluna.com"
198.54.114.83 - - [17/Apr/2025:11:47:42 -0400] "POST /wp-cron.php?doing_wp_cron=1744904861.0209670066833496093750 HTTP/1.1" 200 0 "-" "WordPress/6.8; https://fileluna.com"
20.171.207.122 - - [17/Apr/2025:11:47:38 -0400] "GET /?p=367 HTTP/1.1" 301 0 "-" "Mozilla/5.0 AppleWebKit/537.36 (KHTML, like Gecko; compatible; GPTBot/1.2; +https://openai.com/gptbot)"
20.171.207.122 - - [17/Apr/2025:11:47:38 -0400] "GET /the-importance-of-business-trip-massage/ HTTP/1.1" 200 11982 "-" "Mozilla/5.0 AppleWebKit/537.36 (KHTML, like Gecko; compatible; GPTBot/1.2; +https://openai.com/gptbot)"
20.171.207.122 - - [17/Apr/2025:11:49:19 -0400] "GET /die-bedeutung-eines-steuerberaters-fur-ihre-finanzen/feed/ HTTP/1.1" 200 425 "-" "Mozilla/5.0 AppleWebKit/537.36 (KHTML, like Gecko; compatible; GPTBot/1.2; +https://openai.com/gptbot)"
2a03:b0c0:3:f0::6afb:f000 - - [17/Apr/2025:11:49:20 -0400] "POST /xmlrpc.php HTTP/1.1" 200 186 "https://fileluna.com" "Mozilla/5.0 (Windows NT 10.0; Win64; x64) AppleWebKit/537.36 (KHTML, like Gecko) Chrome/112.0.5615.138 Safari/537.36"
198.54.114.83 - - [17/Apr/2025:11:49:25 -0400] "POST /wp-cron.php?doing_wp_cron=1744904963.3765239715576171875000 HTTP/1.1" 200 0 "-" "WordPress/6.8; https://fileluna.com"
198.54.114.83 - - [17/Apr/2025:11:49:25 -0400] "POST /wp-cron.php?doing_wp_cron=1744904963.3759360313415527343750 HTTP/1.1" 200 0 "-" "WordPress/6.8; https://fileluna.com"
2400:6180:0:d0::376:1001 - - [17/Apr/2025:11:50:37 -0400] "POST /xmlrpc.php HTTP/1.1" 200 205 "-" "Mozilla/5.0 (X11; Fedora; Linux x86_64; rv:94.0) Gecko/20100101 Firefox/95.0"
198.54.114.83 - - [17/Apr/2025:11:50:41 -0400] "POST /wp-cron.php?doing_wp_cron=1744905038.9077270030975341796875 HTTP/1.1" 200 0 "-" "WordPress/6.8; https://fileluna.com"
20.171.207.122 - - [17/Apr/2025:11:51:41 -0400] "GET /wp-json/oembed/1.0/embed?url=https%3A%2F%2Ffileluna.com%2Fdie-bedeutung-eines-steuerberaters-fur-ihre-finanzen%2F HTTP/1.1" 200 2330 "-" "Mozilla/5.0 AppleWebKit/537.36 (KHTML, like Gecko; compatible; GPTBot/1.2; +https://openai.com/gptbot)"
198.54.114.83 - - [17/Apr/2025:11:51:43 -0400] "POST /wp-cron.php?doing_wp_cron=1744905101.4565329551696777343750 HTTP/1.1" 200 0 "-" "WordPress/6.8; https://fileluna.com"
66.249.70.102 - - [17/Apr/2025:11:52:33 -0400] "GET /gitarrenunterricht-in-dusseldorf-entdecken-sie-ihre-leidenschaft-fur-musik/ HTTP/1.1" 200 11909 "-" "Mozilla/5.0 (Linux; Android 6.0.1; Nexus 5X Build/MMB29P) AppleWebKit/537.36 (KHTML, like Gecko) Chrome/135.0.7049.95 Mobile Safari/537.36 (compatible; GoogleOther)"
66.249.70.102 - - [17/Apr/2025:11:52:45 -0400] "GET /wp-includes/js/jquery/jquery.min.js?ver=3.7.1 HTTP/1.1" 304 0 "https://fileluna.com/umzugsunternehmen-in-luneburg-ihre-perfekte-wahl/" "Mozilla/5.0 (Linux; Android 6.0.1; Nexus 5X Build/MMB29P) AppleWebKit/537.36 (KHTML, like Gecko) Chrome/134.0.6998.165 Mobile Safari/537.36 (compatible; Googlebot/2.1; +http://www.google.com/bot.html)"
66.249.70.102 - - [17/Apr/2025:11:52:50 -0400] "GET /wp-content/themes/newsphere/assets/bootstrap/js/bootstrap.min.js?ver=6.8 HTTP/1.1" 200 14736 "https://fileluna.com/umzugsunternehmen-in-luneburg-ihre-perfekte-wahl/" "Mozilla/5.0 (Linux; Android 6.0.1; Nexus 5X Build/MMB29P) AppleWebKit/537.36 (KHTML, like Gecko) Chrome/134.0.6998.165 Mobile Safari/537.36 (compatible; Googlebot/2.1; +http://www.google.com/bot.html)"
20.171.207.122 - - [17/Apr/2025:11:53:04 -0400] "GET /transforming-workplace-dynamics-with-employee-communication-apps/feed/ HTTP/1.1" 200 419 "-" "Mozilla/5.0 AppleWebKit/537.36 (KHTML, like Gecko; compatible; GPTBot/1.2; +https://openai.com/gptbot)"
198.54.114.83 - - [17/Apr/2025:11:53:10 -0400] "POST /wp-cron.php?doing_wp_cron=1744905187.7572369575500488281250 HTTP/1.1" 200 0 "-" "WordPress/6.8; https://fileluna.com"
20.171.207.122 - - [17/Apr/2025:11:53:40 -0400] "GET /wp-json/oembed/1.0/embed?format=xml&url=https%3A%2F%2Ffileluna.com%2Fdie-bedeutung-eines-steuerberaters-fur-ihre-finanzen%2F HTTP/1.1" 200 1111 "-" "Mozilla/5.0 AppleWebKit/537.36 (KHTML, like Gecko; compatible; GPTBot/1.2; +https://openai.com/gptbot)"
20.171.207.122 - - [17/Apr/2025:11:55:15 -0400] "GET /?p=356 HTTP/1.1" 301 0 "-" "Mozilla/5.0 AppleWebKit/537.36 (KHTML, like Gecko; compatible; GPTBot/1.2; +https://openai.com/gptbot)"
198.54.114.83 - - [17/Apr/2025:11:55:20 -0400] "POST /wp-cron.php?doing_wp_cron=1744905318.7404921054840087890625 HTTP/1.1" 200 0 "-" "WordPress/6.8; https://fileluna.com"
20.171.207.122 - - [17/Apr/2025:11:55:32 -0400] "GET /?p=356 HTTP/1.1" 301 0 "-" "Mozilla/5.0 AppleWebKit/537.36 (KHTML, like Gecko; compatible; GPTBot/1.2; +https://openai.com/gptbot)"
85.215.162.226 - - [17/Apr/2025:11:57:06 -0400] "POST /wp-login.php HTTP/1.1" 200 1882 "-" "Mozilla/5.0"
85.215.162.226 - - [17/Apr/2025:11:57:06 -0400] "POST /wp-login.php HTTP/1.1" 200 1883 "-" "Mozilla/5.0"
198.54.114.83 - - [17/Apr/2025:11:57:10 -0400] "POST /wp-cron.php?doing_wp_cron=1744905428.8933629989624023437500 HTTP/1.1" 200 0 "-" "WordPress/6.8; https://fileluna.com"
198.54.114.83 - - [17/Apr/2025:11:57:10 -0400] "POST /wp-cron.php?doing_wp_cron=1744905428.8893620967864990234375 HTTP/1.1" 200 0 "-" "WordPress/6.8; https://fileluna.com"
20.171.207.122 - - [17/Apr/2025:11:57:14 -0400] "GET /?p=354 HTTP/1.1" 301 0 "-" "Mozilla/5.0 AppleWebKit/537.36 (KHTML, like Gecko; compatible; GPTBot/1.2; +https://openai.com/gptbot)"
20.171.207.122 - - [17/Apr/2025:11:57:29 -0400] "GET /wp-json/wp/v2/posts/356 HTTP/1.1" 200 3922 "-" "Mozilla/5.0 AppleWebKit/537.36 (KHTML, like Gecko; compatible; GPTBot/1.2; +https://openai.com/gptbot)"
68.178.145.83 - - [17/Apr/2025:11:58:26 -0400] "POST /xmlrpc.php HTTP/1.1" 200 186 "https://fileluna.com" "Mozilla/5.0 (Windows NT 10.0; Win64; x64) AppleWebKit/537.36 (KHTML, like Gecko) Chrome/114.0.5735.134 Safari/537.36"
198.54.114.83 - - [17/Apr/2025:11:58:30 -0400] "POST /wp-cron.php?doing_wp_cron=1744905507.2563440799713134765625 HTTP/1.1" 200 0 "-" "WordPress/6.8; https://fileluna.com"
66.249.70.110 - - [17/Apr/2025:11:58:43 -0400] "GET /ihr-umzugsprofi-in-luneburg/ HTTP/1.1" 200 12090 "-" "Mozilla/5.0 (Linux; Android 6.0.1; Nexus 5X Build/MMB29P) AppleWebKit/537.36 (KHTML, like Gecko) Chrome/135.0.7049.95 Mobile Safari/537.36 (compatible; GoogleOther)"
20.171.207.122 - - [17/Apr/2025:11:58:47 -0400] "GET /?p=387 HTTP/1.1" 301 0 "-" "Mozilla/5.0 AppleWebKit/537.36 (KHTML, like Gecko; compatible; GPTBot/1.2; +https://openai.com/gptbot)"
20.171.207.122 - - [17/Apr/2025:11:59:17 -0400] "GET /wp-json/oembed/1.0/embed?format=xml&url=https%3A%2F%2Ffileluna.com%2Fla-magie-de-la-conception-interieure%2F HTTP/1.1" 200 1095 "-" "Mozilla/5.0 AppleWebKit/537.36 (KHTML, like Gecko; compatible; GPTBot/1.2; +https://openai.com/gptbot)"
20.171.207.122 - - [17/Apr/2025:12:00:29 -0400] "GET /?p=340 HTTP/1.1" 301 0 "-" "Mozilla/5.0 AppleWebKit/537.36 (KHTML, like Gecko; compatible; GPTBot/1.2; +https://openai.com/gptbot)"
198.54.114.83 - - [17/Apr/2025:12:00:33 -0400] "POST /wp-cron.php?doing_wp_cron=1744905630.1601159572601318359375 HTTP/1.1" 200 0 "-" "WordPress/6.8; https://fileluna.com"
20.171.207.122 - - [17/Apr/2025:12:01:03 -0400] "GET /la-magie-de-la-conception-interieure/feed/ HTTP/1.1" 200 407 "-" "Mozilla/5.0 AppleWebKit/537.36 (KHTML, like Gecko; compatible; GPTBot/1.2; +https://openai.com/gptbot)"
20.171.207.122 - - [17/Apr/2025:12:01:18 -0400] "GET /?p=376 HTTP/1.1" 301 0 "-" "Mozilla/5.0 AppleWebKit/537.36 (KHTML, like Gecko; compatible; GPTBot/1.2; +https://openai.com/gptbot)"
20.171.207.122 - - [17/Apr/2025:12:01:51 -0400] "GET /?p=338 HTTP/1.1" 301 0 "-" "Mozilla/5.0 AppleWebKit/537.36 (KHTML, like Gecko; compatible; GPTBot/1.2; +https://openai.com/gptbot)"
198.54.114.83 - - [17/Apr/2025:12:01:54 -0400] "POST /wp-cron.php?doing_wp_cron=1744905712.4347529411315917968750 HTTP/1.1" 200 0 "-" "WordPress/6.8; https://fileluna.com"
20.171.207.122 - - [17/Apr/2025:12:02:45 -0400] "GET /wp-json/oembed/1.0/embed?url=https%3A%2F%2Ffileluna.com%2Fla-magie-de-la-conception-interieure%2F HTTP/1.1" 200 2250 "-" "Mozilla/5.0 AppleWebKit/537.36 (KHTML, like Gecko; compatible; GPTBot/1.2; +https://openai.com/gptbot)"
198.54.114.83 - - [17/Apr/2025:12:03:21 -0400] "POST /wp-cron.php?doing_wp_cron=1744905800.8760828971862792968750 HTTP/1.1" 200 0 "-" "WordPress/6.8; https://fileluna.com"
20.171.207.122 - - [17/Apr/2025:12:03:20 -0400] "GET /?p=336 HTTP/1.1" 301 0 "-" "Mozilla/5.0 AppleWebKit/537.36 (KHTML, like Gecko; compatible; GPTBot/1.2; +https://openai.com/gptbot)"
198.54.114.83 - - [17/Apr/2025:12:03:23 -0400] "POST /wp-admin/admin-ajax.php?action=async_litespeed&nonce=gAQ08tt5y42XRKVhjbbxb2aJjOSXIwRz&litespeed_type=imgoptm HTTP/1.1" 200 0 "-" "WordPress/6.8; https://fileluna.com"
20.171.207.122 - - [17/Apr/2025:12:04:50 -0400] "GET /la-magie-de-la-conception-interieure/embed/ HTTP/1.1" 200 6325 "-" "Mozilla/5.0 AppleWebKit/537.36 (KHTML, like Gecko; compatible; GPTBot/1.2; +https://openai.com/gptbot)"
198.54.114.83 - - [17/Apr/2025:12:04:55 -0400] "POST /wp-cron.php?doing_wp_cron=1744905894.0520648956298828125000 HTTP/1.1" 200 0 "-" "WordPress/6.8; https://fileluna.com"
20.171.207.122 - - [17/Apr/2025:12:05:22 -0400] "GET /die-bedeutung-eines-steuerberaters-fur-ihre-finanzen/embed/ HTTP/1.1" 200 6333 "-" "Mozilla/5.0 AppleWebKit/537.36 (KHTML, like Gecko; compatible; GPTBot/1.2; +https://openai.com/gptbot)"
20.171.207.122 - - [17/Apr/2025:12:07:07 -0400] "GET /unlocking-joy-with-small-payment-gift-certificates/feed/ HTTP/1.1" 200 417 "-" "Mozilla/5.0 AppleWebKit/537.36 (KHTML, like Gecko; compatible; GPTBot/1.2; +https://openai.com/gptbot)"
89.144.145.214 - - [17/Apr/2025:12:07:34 -0400] "POST /xmlrpc.php HTTP/1.1" 200 0 "https://fileluna.com" "Mozilla/5.0 (Windows NT 10.0; Win64; x64) AppleWebKit/537.36 (KHTML, like Gecko) Chrome/112.0.5615.138 Safari/537.36 Edg/112.0.1722.68"
20.171.207.122 - - [17/Apr/2025:12:07:46 -0400] "GET /elegant-hotel-room-furniture-for-ultimate-comfort/feed/ HTTP/1.1" 200 416 "-" "Mozilla/5.0 AppleWebKit/537.36 (KHTML, like Gecko; compatible; GPTBot/1.2; +https://openai.com/gptbot)"
85.215.162.226 - - [17/Apr/2025:12:08:12 -0400] "POST /wp-login.php HTTP/1.1" 200 1883 "-" "Mozilla/5.0"
85.215.162.226 - - [17/Apr/2025:12:08:12 -0400] "POST /wp-login.php HTTP/1.1" 200 1882 "-" "Mozilla/5.0"
20.171.207.122 - - [17/Apr/2025:12:09:14 -0400] "GET /effortless-access-to-hot-and-cold-water/feed/ HTTP/1.1" 200 404 "-" "Mozilla/5.0 AppleWebKit/537.36 (KHTML, like Gecko; compatible; GPTBot/1.2; +https://openai.com/gptbot)"
198.54.114.83 - - [17/Apr/2025:12:09:18 -0400] "POST /wp-cron.php?doing_wp_cron=1744906155.4344029426574707031250 HTTP/1.1" 200 0 "-" "WordPress/6.8; https://fileluna.com"
20.171.207.122 - - [17/Apr/2025:12:10:59 -0400] "GET /a-game-changer-for-corporate-travelers/ HTTP/1.1" 200 11872 "-" "Mozilla/5.0 AppleWebKit/537.36 (KHTML, like Gecko; compatible; GPTBot/1.2; +https://openai.com/gptbot)"
