81.181.254.43 - - [16/Apr/2025:06:39:25 -0400] "POST /xmlrpc.php HTTP/1.1" 200 186 "https://fileluna.com" "Mozilla/5.0 (Macintosh; Intel Mac OS X 10_15_7) AppleWebKit/537.36 (KHTML, like Gecko) Chrome/115.0.5790.102 Safari/537.36"
198.54.114.83 - - [16/Apr/2025:06:39:31 -0400] "POST /wp-admin/admin-ajax.php?action=async_litespeed&nonce=7ioRq2lMiewoUqtm14kIdoDDhGj26y4O&litespeed_type=imgoptm HTTP/1.1" 200 0 "-" "WordPress/6.8; https://fileluna.com"
198.54.114.83 - - [16/Apr/2025:06:46:26 -0400] "POST /wp-cron.php?doing_wp_cron=1744800384.1423189640045166015625 HTTP/1.1" 200 0 "-" "WordPress/6.8; https://fileluna.com"
13.77.80.114 - - [16/Apr/2025:06:46:19 -0400] "GET /autoload_classmap.php HTTP/1.1" 404 8954 "-" "-"
13.77.80.114 - - [16/Apr/2025:06:46:33 -0400] "GET /post.php HTTP/1.1" 404 8954 "-" "-"
13.77.80.114 - - [16/Apr/2025:06:46:40 -0400] "GET /1.php HTTP/1.1" 404 8954 "-" "-"
13.77.80.114 - - [16/Apr/2025:06:46:45 -0400] "GET /flower.php HTTP/1.1" 404 8954 "-" "-"
13.77.80.114 - - [16/Apr/2025:06:46:50 -0400] "GET /admin.php HTTP/1.1" 404 8954 "-" "-"
13.77.80.114 - - [16/Apr/2025:06:46:57 -0400] "GET /file.php HTTP/1.1" 404 8955 "-" "-"
13.77.80.114 - - [16/Apr/2025:06:47:04 -0400] "GET /meta.php HTTP/1.1" 404 8954 "-" "-"
13.77.80.114 - - [16/Apr/2025:06:47:13 -0400] "GET /index.php HTTP/1.1" 301 0 "-" "-"
13.77.80.114 - - [16/Apr/2025:06:47:17 -0400] "GET / HTTP/1.1" 200 12779 "-" "-"
13.77.80.114 - - [16/Apr/2025:06:47:26 -0400] "GET /about.php HTTP/1.1" 404 8954 "-" "-"
198.54.114.83 - - [16/Apr/2025:06:47:32 -0400] "POST /wp-cron.php?doing_wp_cron=1744800447.4866049289703369140625 HTTP/1.1" 200 0 "-" "WordPress/6.8; https://fileluna.com"
13.77.80.114 - - [16/Apr/2025:06:47:37 -0400] "GET /randkeyword.php HTTP/1.1" 404 8954 "-" "-"
13.77.80.114 - - [16/Apr/2025:06:47:49 -0400] "GET /goods.php HTTP/1.1" 404 8954 "-" "-"
13.77.80.114 - - [16/Apr/2025:06:47:58 -0400] "GET /hehe.php HTTP/1.1" 404 8955 "-" "-"
13.77.80.114 - - [16/Apr/2025:06:48:06 -0400] "GET /yindu.php HTTP/1.1" 404 8954 "-" "-"
13.77.80.114 - - [16/Apr/2025:06:48:15 -0400] "GET /wp-admin/class-db.php HTTP/1.1" 404 8954 "-" "-"
13.77.80.114 - - [16/Apr/2025:06:48:23 -0400] "GET /baxa1.phP8 HTTP/1.1" 404 8954 "-" "-"
13.77.80.114 - - [16/Apr/2025:06:48:29 -0400] "GET /baxa1.php HTTP/1.1" 404 8954 "-" "-"
198.54.114.83 - - [16/Apr/2025:06:48:33 -0400] "POST /wp-cron.php?doing_wp_cron=1744800509.7436459064483642578125 HTTP/1.1" 200 0 "-" "WordPress/6.8; https://fileluna.com"
13.77.80.114 - - [16/Apr/2025:06:48:37 -0400] "GET /.well-known/index.php HTTP/1.1" 301 0 "-" "-"
13.77.80.114 - - [16/Apr/2025:06:48:39 -0400] "GET /.well-known/ HTTP/1.1" 403 1242 "-" "-"
13.77.80.114 - - [16/Apr/2025:06:48:45 -0400] "GET /libraries/phpmailer/index.php HTTP/1.1" 301 0 "-" "-"
13.77.80.114 - - [16/Apr/2025:06:48:48 -0400] "GET /libraries/phpmailer/ HTTP/1.1" 404 8954 "-" "-"
13.77.80.114 - - [16/Apr/2025:06:48:53 -0400] "GET /wp-admin/autoload_classmap.php HTTP/1.1" 404 8954 "-" "-"
13.77.80.114 - - [16/Apr/2025:06:48:55 -0400] "GET /wp-admin/css/colors/blue/1.php HTTP/1.1" 404 8955 "-" "-"
13.77.80.114 - - [16/Apr/2025:06:49:00 -0400] "GET /wp-content/plugins/about.php HTTP/1.1" 404 8954 "-" "-"
13.77.80.114 - - [16/Apr/2025:06:49:04 -0400] "GET /wp-content/plugins/index.php HTTP/1.1" 200 0 "-" "-"
13.77.80.114 - - [16/Apr/2025:06:49:07 -0400] "GET /wp-content/plugins/about.php HTTP/1.1" 404 8954 "-" "-"
13.77.80.114 - - [16/Apr/2025:06:49:12 -0400] "GET /wp-content/uploads/BbUMY/flower.php HTTP/1.1" 404 8954 "-" "-"
13.77.80.114 - - [16/Apr/2025:06:49:17 -0400] "GET /wp-includes/ID3/file.php HTTP/1.1" 404 8954 "-" "-"
103.163.214.43 - - [16/Apr/2025:06:49:19 -0400] "POST /xmlrpc.php HTTP/1.1" 200 186 "https://fileluna.com" "Mozilla/5.0 (Macintosh; Intel Mac OS X 10_15_7) AppleWebKit/537.36 (KHTML, like Gecko) Chrome/113.0.5672.93 Safari/537.36"
13.77.80.114 - - [16/Apr/2025:06:49:21 -0400] "GET /wp-includes/Text/Diff/Engine/about.php HTTP/1.1" 404 8954 "-" "-"
13.77.80.114 - - [16/Apr/2025:06:49:27 -0400] "GET /wp-includes/Text/Diff/Engine/index.php HTTP/1.1" 301 0 "-" "-"
13.77.80.114 - - [16/Apr/2025:06:49:30 -0400] "GET /wp-includes/Text/Diff/Engine/ HTTP/1.1" 403 1242 "-" "-"
13.77.80.114 - - [16/Apr/2025:06:49:34 -0400] "GET /wp-includes/css/index.php HTTP/1.1" 301 0 "-" "-"
198.54.114.83 - - [16/Apr/2025:06:49:36 -0400] "POST /wp-cron.php?doing_wp_cron=1744800575.2224769592285156250000 HTTP/1.1" 200 0 "-" "WordPress/6.8; https://fileluna.com"
13.77.80.114 - - [16/Apr/2025:06:49:38 -0400] "GET /wp-includes/css/ HTTP/1.1" 403 1242 "-" "-"
13.77.80.114 - - [16/Apr/2025:06:49:43 -0400] "GET /wp-includes/css/xc.php HTTP/1.1" 404 8954 "-" "-"
13.77.80.114 - - [16/Apr/2025:06:49:49 -0400] "GET /wp-includes/images/about.php HTTP/1.1" 404 8954 "-" "-"
13.77.80.114 - - [16/Apr/2025:06:49:54 -0400] "GET /wp-includes/images/crystal/index.php HTTP/1.1" 301 0 "-" "-"
13.77.80.114 - - [16/Apr/2025:06:49:56 -0400] "GET /wp-includes/images/crystal/ HTTP/1.1" 403 1242 "-" "-"
13.77.80.114 - - [16/Apr/2025:06:49:59 -0400] "GET /wp/index.php HTTP/1.1" 301 0 "-" "-"
13.77.80.114 - - [16/Apr/2025:06:50:02 -0400] "GET /wp/ HTTP/1.1" 404 8954 "-" "-"
13.77.80.114 - - [16/Apr/2025:06:50:11 -0400] "GET /user.php HTTP/1.1" 404 8954 "-" "-"
13.77.80.114 - - [16/Apr/2025:06:50:17 -0400] "GET /wp-2019.php HTTP/1.1" 404 8954 "-" "-"
13.77.80.114 - - [16/Apr/2025:06:50:21 -0400] "GET /chosen.php HTTP/1.1" 404 8954 "-" "-"
13.77.80.114 - - [16/Apr/2025:06:50:28 -0400] "GET /functions.php HTTP/1.1" 404 8954 "-" "-"
13.77.80.114 - - [16/Apr/2025:06:50:36 -0400] "GET /cron.php HTTP/1.1" 404 8954 "-" "-"
198.54.114.83 - - [16/Apr/2025:06:50:40 -0400] "POST /wp-cron.php?doing_wp_cron=1744800637.3093209266662597656250 HTTP/1.1" 200 0 "-" "WordPress/6.8; https://fileluna.com"
13.77.80.114 - - [16/Apr/2025:06:50:43 -0400] "GET /edit.php HTTP/1.1" 404 8954 "-" "-"
13.77.80.114 - - [16/Apr/2025:06:50:49 -0400] "GET /gecko-new.php HTTP/1.1" 404 8954 "-" "-"
13.77.80.114 - - [16/Apr/2025:06:50:54 -0400] "GET /cookie.php HTTP/1.1" 404 8954 "-" "-"
13.77.80.114 - - [16/Apr/2025:06:50:59 -0400] "GET /xleet.php HTTP/1.1" 404 8955 "-" "-"
13.77.80.114 - - [16/Apr/2025:06:51:02 -0400] "GET /spip.php HTTP/1.1" 404 8954 "-" "-"
13.77.80.114 - - [16/Apr/2025:06:51:05 -0400] "GET /22.php HTTP/1.1" 404 8954 "-" "-"
13.77.80.114 - - [16/Apr/2025:06:51:10 -0400] "GET /room.php HTTP/1.1" 404 8954 "-" "-"
13.77.80.114 - - [16/Apr/2025:06:51:14 -0400] "GET /disagreed.php HTTP/1.1" 404 8954 "-" "-"
13.77.80.114 - - [16/Apr/2025:06:51:17 -0400] "GET /text.php HTTP/1.1" 404 8954 "-" "-"
13.77.80.114 - - [16/Apr/2025:06:51:22 -0400] "GET /alfa-rex.php HTTP/1.1" 404 8954 "-" "-"
13.77.80.114 - - [16/Apr/2025:06:51:26 -0400] "GET /alfa-rex.php7 HTTP/1.1" 404 8954 "-" "-"
13.77.80.114 - - [16/Apr/2025:06:51:29 -0400] "GET /feeds.php HTTP/1.1" 404 8954 "-" "-"
13.77.80.114 - - [16/Apr/2025:06:51:32 -0400] "GET /radio.php HTTP/1.1" 404 8954 "-" "-"
13.77.80.114 - - [16/Apr/2025:06:51:36 -0400] "GET /dropdown.php HTTP/1.1" 404 8954 "-" "-"
198.54.114.83 - - [16/Apr/2025:06:51:41 -0400] "POST /wp-cron.php?doing_wp_cron=1744800699.7704339027404785156250 HTTP/1.1" 200 0 "-" "WordPress/6.8; https://fileluna.com"
13.77.80.114 - - [16/Apr/2025:06:51:39 -0400] "GET /defaults.php HTTP/1.1" 404 8954 "-" "-"
13.77.80.114 - - [16/Apr/2025:06:51:45 -0400] "GET /system.php HTTP/1.1" 404 8954 "-" "-"
13.77.80.114 - - [16/Apr/2025:06:51:48 -0400] "GET /xmlrpc.php HTTP/1.1" 405 46 "-" "-"
13.77.80.114 - - [16/Apr/2025:06:51:53 -0400] "GET /xmlrpc.php0 HTTP/1.1" 404 8954 "-" "-"
13.77.80.114 - - [16/Apr/2025:06:51:57 -0400] "GET /colors.php HTTP/1.1" 404 8955 "-" "-"
13.77.80.114 - - [16/Apr/2025:06:52:02 -0400] "GET /updates.php HTTP/1.1" 404 8954 "-" "-"
13.77.80.114 - - [16/Apr/2025:06:52:07 -0400] "GET /alfa-rex1.php HTTP/1.1" 404 8954 "-" "-"
13.77.80.114 - - [16/Apr/2025:06:52:12 -0400] "GET /wp-index.php HTTP/1.1" 404 8954 "-" "-"
13.77.80.114 - - [16/Apr/2025:06:52:15 -0400] "GET /wp-admin.php HTTP/1.1" 404 8954 "-" "-"
13.77.80.114 - - [16/Apr/2025:06:52:19 -0400] "GET /alfa.php HTTP/1.1" 404 8954 "-" "-"
13.77.80.114 - - [16/Apr/2025:06:52:25 -0400] "GET /alfanew.php7 HTTP/1.1" 404 8954 "-" "-"
13.77.80.114 - - [16/Apr/2025:06:52:29 -0400] "GET /locale.php HTTP/1.1" 404 8954 "-" "-"
13.77.80.114 - - [16/Apr/2025:06:52:34 -0400] "GET /wxo.php HTTP/1.1" 404 8954 "-" "-"
13.77.80.114 - - [16/Apr/2025:06:52:38 -0400] "GET /colour.php HTTP/1.1" 404 8954 "-" "-"
198.54.114.83 - - [16/Apr/2025:06:52:44 -0400] "POST /wp-cron.php?doing_wp_cron=1744800762.9946870803833007812500 HTTP/1.1" 200 0 "-" "WordPress/6.8; https://fileluna.com"
13.77.80.114 - - [16/Apr/2025:06:52:42 -0400] "GET /files.php HTTP/1.1" 404 8954 "-" "-"
198.54.114.83 - - [16/Apr/2025:06:52:47 -0400] "POST /wp-admin/admin-ajax.php?action=async_litespeed&nonce=Ni7uxkZBzJxs194uA25OYSSqDwufvDa3&litespeed_type=imgoptm HTTP/1.1" 200 0 "-" "WordPress/6.8; https://fileluna.com"
13.77.80.114 - - [16/Apr/2025:06:52:48 -0400] "GET /install.php HTTP/1.1" 404 8954 "-" "-"
13.77.80.114 - - [16/Apr/2025:06:52:52 -0400] "GET /wp-contentt.php HTTP/1.1" 404 8954 "-" "-"
13.77.80.114 - - [16/Apr/2025:06:52:54 -0400] "GET /config.php7 HTTP/1.1" 404 8955 "-" "-"
13.77.80.114 - - [16/Apr/2025:06:53:01 -0400] "GET /config.php HTTP/1.1" 404 8954 "-" "-"
13.77.80.114 - - [16/Apr/2025:06:53:06 -0400] "GET /theme.php HTTP/1.1" 404 8954 "-" "-"
13.77.80.114 - - [16/Apr/2025:06:53:12 -0400] "GET /block-bindings.php HTTP/1.1" 404 8954 "-" "-"
13.77.80.114 - - [16/Apr/2025:06:53:15 -0400] "GET /class_api.php HTTP/1.1" 404 8954 "-" "-"
198.54.114.83 - - [16/Apr/2025:06:53:19 -0400] "POST /wp-cron.php?doing_wp_cron=1744800798.6684958934783935546875 HTTP/1.1" 200 0 "-" "WordPress/6.8; https://fileluna.com"
13.77.80.114 - - [16/Apr/2025:06:53:18 -0400] "GET /inputs.php HTTP/1.1" 404 8954 "-" "-"
198.54.114.83 - - [16/Apr/2025:06:53:21 -0400] "POST /wp-admin/admin-ajax.php?action=async_litespeed&nonce=T9dkTc1FiHo0lLAJWCAr3ebiUCBu4653&litespeed_type=imgoptm HTTP/1.1" 200 0 "-" "WordPress/6.8; https://fileluna.com"
13.77.80.114 - - [16/Apr/2025:06:53:22 -0400] "GET /root.php HTTP/1.1" 404 8954 "-" "-"
13.77.80.114 - - [16/Apr/2025:06:53:26 -0400] "GET /menu.php HTTP/1.1" 404 8954 "-" "-"
13.77.80.114 - - [16/Apr/2025:06:53:30 -0400] "GET /plugin.php HTTP/1.1" 404 8954 "-" "-"
13.77.80.114 - - [16/Apr/2025:06:53:34 -0400] "GET /cloud.php HTTP/1.1" 404 8954 "-" "-"
198.54.114.83 - - [16/Apr/2025:06:53:36 -0400] "POST /wp-cron.php?doing_wp_cron=1744800814.6975340843200683593750 HTTP/1.1" 200 0 "-" "WordPress/6.8; https://fileluna.com"
13.77.80.114 - - [16/Apr/2025:06:53:38 -0400] "GET /configs.php HTTP/1.1" 404 8954 "-" "-"
13.77.80.114 - - [16/Apr/2025:06:53:42 -0400] "GET /wp-configs.php HTTP/1.1" 404 8954 "-" "-"
13.77.80.114 - - [16/Apr/2025:06:53:46 -0400] "GET /update.php HTTP/1.1" 404 8954 "-" "-"
13.77.80.114 - - [16/Apr/2025:06:53:51 -0400] "GET /2.php HTTP/1.1" 404 8954 "-" "-"
13.77.80.114 - - [16/Apr/2025:06:53:57 -0400] "GET /input.php HTTP/1.1" 404 8955 "-" "-"
13.77.80.114 - - [16/Apr/2025:06:54:04 -0400] "GET /aaa.php HTTP/1.1" 404 8954 "-" "-"
198.54.114.83 - - [16/Apr/2025:06:56:41 -0400] "POST /wp-cron.php?doing_wp_cron=1744801000.9012699127197265625000 HTTP/1.1" 200 0 "-" "WordPress/6.8; https://fileluna.com"
114.119.129.198 - - [16/Apr/2025:06:56:36 -0400] "GET /the-digital-business-card/ HTTP/1.1" 200 11815 "https://fileluna.com/2024/page/24/" "Mozilla/5.0 (Linux; Android 7.0;) AppleWebKit/537.36 (KHTML, like Gecko) Mobile Safari/537.36 (compatible; PetalBot;+https://webmaster.petalsearch.com/site/petalbot)"
198.54.114.83 - - [16/Apr/2025:06:56:43 -0400] "POST /wp-admin/admin-ajax.php?action=async_litespeed&nonce=sVXXdTCEu8b15dx0TJ8xSsep6Th8ne41&litespeed_type=imgoptm HTTP/1.1" 200 0 "-" "WordPress/6.8; https://fileluna.com"
78.135.87.2 - - [16/Apr/2025:06:59:21 -0400] "POST /xmlrpc.php HTTP/1.1" 200 0 "https://fileluna.com" "Mozilla/5.0 (Windows NT 10.0; Win64; x64; rv:125.0.1) Gecko/20100101 Firefox/125.0.1"
198.54.114.83 - - [16/Apr/2025:06:59:28 -0400] "POST /wp-cron.php?doing_wp_cron=1744801165.4690740108489990234375 HTTP/1.1" 200 0 "-" "WordPress/6.8; https://fileluna.com"
198.186.130.214 - - [16/Apr/2025:07:09:29 -0400] "POST /xmlrpc.php HTTP/1.1" 200 186 "https://fileluna.com" "Mozilla/5.0 (Macintosh; Intel Mac OS X 13_3) AppleWebKit/537.36 (KHTML, like Gecko) Chrome/126.0.0.0 Safari/537.36"
198.54.114.83 - - [16/Apr/2025:07:09:37 -0400] "POST /wp-cron.php?doing_wp_cron=1744801773.1706988811492919921875 HTTP/1.1" 200 0 "-" "WordPress/6.8; https://fileluna.com"
103.179.190.244 - - [16/Apr/2025:07:19:46 -0400] "POST /xmlrpc.php HTTP/1.1" 200 0 "https://fileluna.com" "Mozilla/5.0 (Macintosh; Intel Mac OS X 13_3) AppleWebKit/537.36 (KHTML, like Gecko) Chrome/126.0.0.0 Safari/537.36 Edg/126.0.0.0"
198.54.114.83 - - [16/Apr/2025:07:19:56 -0400] "POST /wp-cron.php?doing_wp_cron=1744802391.7373969554901123046875 HTTP/1.1" 200 0 "-" "WordPress/6.8; https://fileluna.com"
2a03:2880:13ff:3:: - - [16/Apr/2025:07:26:40 -0400] "GET /robots.txt HTTP/1.1" 200 61 "-" "facebookexternalhit/1.1 (+http://www.facebook.com/externalhit_uatext.php)"
2a03:2880:10ff:71:: - - [16/Apr/2025:07:26:42 -0400] "GET /robots.txt HTTP/1.1" 200 61 "-" "facebookexternalhit/1.1 (+http://www.facebook.com/externalhit_uatext.php)"
114.119.149.81 - - [16/Apr/2025:07:27:41 -0400] "GET /category/arts-entertainments/page/24/ HTTP/1.1" 200 11386 "https://fileluna.com/category/arts-entertainments/page/27/" "Mozilla/5.0 (Linux; Android 7.0;) AppleWebKit/537.36 (KHTML, like Gecko) Mobile Safari/537.36 (compatible; PetalBot;+https://webmaster.petalsearch.com/site/petalbot)"
198.54.114.83 - - [16/Apr/2025:07:27:49 -0400] "POST /wp-cron.php?doing_wp_cron=1744802866.3044719696044921875000 HTTP/1.1" 200 0 "-" "WordPress/6.8; https://fileluna.com"
217.156.65.24 - - [16/Apr/2025:07:29:57 -0400] "POST /xmlrpc.php HTTP/1.1" 200 186 "https://fileluna.com" "Mozilla/5.0 (Windows NT 10.0; Win64; x64; rv:129.0) Gecko/20100101 Firefox/129.0"
198.54.114.83 - - [16/Apr/2025:07:30:07 -0400] "POST /wp-cron.php?doing_wp_cron=1744803001.5635631084442138671875 HTTP/1.1" 200 0 "-" "WordPress/6.8; https://fileluna.com"
198.54.114.37 - - [16/Apr/2025:07:40:15 -0400] "POST /xmlrpc.php HTTP/1.1" 200 186 "https://fileluna.com" "Mozilla/5.0 (Macintosh; Intel Mac OS X 10_15_7; rv:129.0) Gecko/20100101 Firefox/129.0"
198.54.114.83 - - [16/Apr/2025:07:40:22 -0400] "POST /wp-cron.php?doing_wp_cron=1744803619.7152709960937500000000 HTTP/1.1" 200 0 "-" "WordPress/6.8; https://fileluna.com"
216.244.66.246 - - [16/Apr/2025:07:44:03 -0400] "GET /robots.txt HTTP/1.1" 200 61 "-" "Mozilla/5.0 (compatible; DotBot/1.2; +https://opensiteexplorer.org/dotbot; help@moz.com)"
50.57.19.18 - - [16/Apr/2025:07:46:53 -0400] "GET /wp-login.php HTTP/1.1" 200 1760 "-" "GRequests/0.10"
198.54.114.83 - - [16/Apr/2025:07:47:01 -0400] "POST /wp-cron.php?doing_wp_cron=1744804018.0516378879547119140625 HTTP/1.1" 200 0 "-" "WordPress/6.8; https://fileluna.com"
50.57.19.18 - - [16/Apr/2025:07:47:03 -0400] "POST /wp-login.php HTTP/1.1" 200 1897 "-" "GRequests/0.10"
176.74.26.54 - - [16/Apr/2025:07:50:31 -0400] "POST /xmlrpc.php HTTP/1.1" 200 186 "https://fileluna.com" "Mozilla/5.0 (Windows NT 10.0; Win64; x64; rv:129.0) Gecko/20100101 Firefox/129.0"
198.54.114.83 - - [16/Apr/2025:07:50:38 -0400] "POST /wp-cron.php?doing_wp_cron=1744804236.2008800506591796875000 HTTP/1.1" 200 0 "-" "WordPress/6.8; https://fileluna.com"
40.69.222.201 - - [16/Apr/2025:07:51:40 -0400] "GET /inputs.php HTTP/1.1" 404 8954 "-" "-"
198.54.114.83 - - [16/Apr/2025:07:51:48 -0400] "POST /wp-cron.php?doing_wp_cron=1744804306.8565700054168701171875 HTTP/1.1" 200 0 "-" "WordPress/6.8; https://fileluna.com"
40.69.222.201 - - [16/Apr/2025:07:51:46 -0400] "GET /classsmtps.php HTTP/1.1" 404 8954 "-" "-"
40.69.222.201 - - [16/Apr/2025:07:51:51 -0400] "GET /wp-blog-header.php HTTP/1.1" 404 0 "-" "-"
40.69.222.201 - - [16/Apr/2025:07:51:56 -0400] "GET /wp-trackback.php HTTP/1.1" 404 91 "-" "-"
40.69.222.201 - - [16/Apr/2025:07:52:01 -0400] "GET /wp-signup.php HTTP/1.1" 302 0 "-" "-"
40.69.222.201 - - [16/Apr/2025:07:52:04 -0400] "GET /wp-login.php?action=register HTTP/1.1" 302 0 "-" "-"
40.69.222.201 - - [16/Apr/2025:07:52:06 -0400] "GET /wp-login.php?registration=disabled HTTP/1.1" 200 1830 "-" "-"
114.119.129.34 - - [16/Apr/2025:07:52:11 -0400] "GET /page/13/ HTTP/1.1" 200 13069 "https://fileluna.com/page/15/" "Mozilla/5.0 (Linux; Android 7.0;) AppleWebKit/537.36 (KHTML, like Gecko) Mobile Safari/537.36 (compatible; PetalBot;+https://webmaster.petalsearch.com/site/petalbot)"
40.69.222.201 - - [16/Apr/2025:07:52:13 -0400] "GET /wp-comments-post.php HTTP/1.1" 405 0 "-" "-"
40.69.222.201 - - [16/Apr/2025:07:52:18 -0400] "GET /wp-cron.php HTTP/1.1" 200 0 "-" "-"
40.69.222.201 - - [16/Apr/2025:07:52:20 -0400] "GET /wp-load.php HTTP/1.1" 200 0 "-" "-"
40.69.222.201 - - [16/Apr/2025:07:52:24 -0400] "GET /wp-mail.php HTTP/1.1" 403 941 "-" "-"
40.69.222.201 - - [16/Apr/2025:07:52:26 -0400] "GET /edit.php HTTP/1.1" 404 8954 "-" "-"
40.69.222.201 - - [16/Apr/2025:07:52:31 -0400] "GET /wp-activate.php HTTP/1.1" 302 0 "-" "-"
198.54.114.83 - - [16/Apr/2025:07:52:34 -0400] "POST /wp-cron.php?doing_wp_cron=1744804351.8770580291748046875000 HTTP/1.1" 200 0 "-" "WordPress/6.8; https://fileluna.com"
40.69.222.201 - - [16/Apr/2025:07:52:35 -0400] "GET /wp-login.php?action=register HTTP/1.1" 302 0 "-" "-"
40.69.222.201 - - [16/Apr/2025:07:52:37 -0400] "GET /wp-login.php?registration=disabled HTTP/1.1" 200 1830 "-" "-"
40.69.222.201 - - [16/Apr/2025:07:52:42 -0400] "GET /plugins.php HTTP/1.1" 404 8954 "-" "-"
40.69.222.201 - - [16/Apr/2025:07:52:47 -0400] "GET /post.php HTTP/1.1" 404 8954 "-" "-"
198.54.114.83 - - [16/Apr/2025:07:52:50 -0400] "POST /wp-cron.php?doing_wp_cron=1744804367.9976658821105957031250 HTTP/1.1" 200 0 "-" "WordPress/6.8; https://fileluna.com"
40.69.222.201 - - [16/Apr/2025:07:52:54 -0400] "GET /admin.php HTTP/1.1" 404 8954 "-" "-"
40.69.222.201 - - [16/Apr/2025:07:53:00 -0400] "GET /about.php HTTP/1.1" 404 8954 "-" "-"
40.69.222.201 - - [16/Apr/2025:07:53:06 -0400] "GET /wp-2019.php HTTP/1.1" 404 8954 "-" "-"
40.69.222.201 - - [16/Apr/2025:07:53:11 -0400] "GET /atomlib.php HTTP/1.1" 404 8954 "-" "-"
40.69.222.201 - - [16/Apr/2025:07:53:15 -0400] "GET /css.php HTTP/1.1" 404 8954 "-" "-"
40.69.222.201 - - [16/Apr/2025:07:53:18 -0400] "GET /simple.php HTTP/1.1" 404 8954 "-" "-"
40.69.222.201 - - [16/Apr/2025:07:53:22 -0400] "GET /log.php HTTP/1.1" 404 8954 "-" "-"
40.69.222.201 - - [16/Apr/2025:07:53:27 -0400] "GET /index.php HTTP/1.1" 301 0 "-" "-"
40.69.222.201 - - [16/Apr/2025:07:53:29 -0400] "GET / HTTP/1.1" 200 12779 "-" "-"
40.69.222.201 - - [16/Apr/2025:07:53:34 -0400] "GET /mail.php HTTP/1.1" 404 8954 "-" "-"
40.69.222.201 - - [16/Apr/2025:07:53:40 -0400] "GET /lufix.php HTTP/1.1" 404 8954 "-" "-"
40.69.222.201 - - [16/Apr/2025:07:53:47 -0400] "GET /doc.php HTTP/1.1" 404 8954 "-" "-"
40.69.222.201 - - [16/Apr/2025:07:53:54 -0400] "GET /bak.php HTTP/1.1" 404 8954 "-" "-"
198.54.114.83 - - [16/Apr/2025:07:53:58 -0400] "POST /wp-cron.php?doing_wp_cron=1744804434.3334100246429443359375 HTTP/1.1" 200 0 "-" "WordPress/6.8; https://fileluna.com"
40.69.222.201 - - [16/Apr/2025:07:54:04 -0400] "GET /content.php HTTP/1.1" 404 8954 "-" "-"
40.69.222.201 - - [16/Apr/2025:07:54:14 -0400] "GET /upfile.php HTTP/1.1" 404 8954 "-" "-"
40.69.222.201 - - [16/Apr/2025:07:54:25 -0400] "GET /wp.php HTTP/1.1" 404 8954 "-" "-"
40.69.222.201 - - [16/Apr/2025:07:54:34 -0400] "GET /wp-conflg.php HTTP/1.1" 404 8954 "-" "-"
40.69.222.201 - - [16/Apr/2025:07:54:42 -0400] "GET /bypass.php HTTP/1.1" 404 8954 "-" "-"
40.69.222.201 - - [16/Apr/2025:07:54:48 -0400] "GET /404.php HTTP/1.1" 404 8954 "-" "-"
40.69.222.201 - - [16/Apr/2025:07:54:54 -0400] "GET /updates.php HTTP/1.1" 404 8954 "-" "-"
198.54.114.83 - - [16/Apr/2025:07:54:56 -0400] "POST /wp-cron.php?doing_wp_cron=1744804494.5856580734252929687500 HTTP/1.1" 200 0 "-" "WordPress/6.8; https://fileluna.com"
40.69.222.201 - - [16/Apr/2025:07:54:59 -0400] "GET /radio.php HTTP/1.1" 404 8954 "-" "-"
40.69.222.201 - - [16/Apr/2025:07:55:07 -0400] "GET /xmrlpc.php HTTP/1.1" 404 8955 "-" "-"
40.69.222.201 - - [16/Apr/2025:07:55:16 -0400] "GET /ae.php HTTP/1.1" 404 8955 "-" "-"
40.69.222.201 - - [16/Apr/2025:07:55:25 -0400] "GET /moon.php HTTP/1.1" 404 8954 "-" "-"
40.69.222.201 - - [16/Apr/2025:07:55:32 -0400] "GET /blog.php HTTP/1.1" 404 8954 "-" "-"
40.69.222.201 - - [16/Apr/2025:07:55:39 -0400] "GET /themes.php HTTP/1.1" 404 8954 "-" "-"
40.69.222.201 - - [16/Apr/2025:07:55:45 -0400] "GET /ini.php HTTP/1.1" 404 8955 "-" "-"
40.69.222.201 - - [16/Apr/2025:07:55:55 -0400] "GET /as.php HTTP/1.1" 404 8954 "-" "-"
198.54.114.83 - - [16/Apr/2025:07:56:00 -0400] "POST /wp-cron.php?doing_wp_cron=1744804556.0632050037384033203125 HTTP/1.1" 200 0 "-" "WordPress/6.8; https://fileluna.com"
40.69.222.201 - - [16/Apr/2025:07:56:06 -0400] "GET /shell.php HTTP/1.1" 404 8955 "-" "-"
40.69.222.201 - - [16/Apr/2025:07:56:14 -0400] "GET /ws.php HTTP/1.1" 404 8955 "-" "-"
40.69.222.201 - - [16/Apr/2025:07:56:22 -0400] "GET /dropdown.php HTTP/1.1" 404 8954 "-" "-"
40.69.222.201 - - [16/Apr/2025:07:56:29 -0400] "GET /makeasmtp.php HTTP/1.1" 404 8955 "-" "-"
40.69.222.201 - - [16/Apr/2025:07:56:34 -0400] "GET /wp-sigunq.php HTTP/1.1" 404 8955 "-" "-"
40.69.222.201 - - [16/Apr/2025:07:56:41 -0400] "GET /wso112233.php HTTP/1.1" 404 8954 "-" "-"
40.69.222.201 - - [16/Apr/2025:07:56:46 -0400] "GET /alfanew.php HTTP/1.1" 404 8955 "-" "-"
40.69.222.201 - - [16/Apr/2025:07:56:51 -0400] "GET /fw.php HTTP/1.1" 404 8955 "-" "-"
198.54.114.83 - - [16/Apr/2025:07:56:57 -0400] "POST /wp-cron.php?doing_wp_cron=1744804616.2737450599670410156250 HTTP/1.1" 200 0 "-" "WordPress/6.8; https://fileluna.com"
40.69.222.201 - - [16/Apr/2025:07:56:55 -0400] "GET /install.php HTTP/1.1" 404 8956 "-" "-"
40.69.222.201 - - [16/Apr/2025:07:57:00 -0400] "GET /wp-login.php HTTP/1.1" 200 1760 "-" "-"
40.69.222.201 - - [16/Apr/2025:07:57:04 -0400] "GET /wp-content/plugins/google-seo-rank/module.php HTTP/1.1" 404 8954 "-" "-"
40.69.222.201 - - [16/Apr/2025:07:57:09 -0400] "GET /chosen.php HTTP/1.1" 404 8954 "-" "-"
40.69.222.201 - - [16/Apr/2025:07:57:14 -0400] "GET /simple.php HTTP/1.1" 404 8954 "-" "-"
2a01:239:2c8:e100::1 - - [16/Apr/2025:08:00:57 -0400] "POST /xmlrpc.php HTTP/1.1" 200 186 "https://fileluna.com" "Mozilla/5.0 (Macintosh; Intel Mac OS X 10_15_7) AppleWebKit/537.36 (KHTML, like Gecko) Chrome/116.0.5845.96 Safari/537.36"
198.54.114.83 - - [16/Apr/2025:08:01:04 -0400] "POST /wp-cron.php?doing_wp_cron=1744804861.1220479011535644531250 HTTP/1.1" 200 0 "-" "WordPress/6.8; https://fileluna.com"
2407:3640:2153:8744::1 - - [16/Apr/2025:08:07:19 -0400] "GET / HTTP/1.1" 200 12779 "https://google.com" "Mozilla/5.0 (Windows NT 10.0; Win64; x64) AppleWebKit/537.36 (KHTML, like Gecko) Chrome/130.0.0.0 Safari/537.36"
192.64.117.43 - - [16/Apr/2025:08:11:26 -0400] "POST /xmlrpc.php HTTP/1.1" 200 186 "https://fileluna.com" "Mozilla/5.0 (Windows NT 10.0; Win64; x64) AppleWebKit/537.36 (KHTML, like Gecko) Chrome/113.0.5672.93 Safari/537.36"
198.54.114.83 - - [16/Apr/2025:08:11:33 -0400] "POST /wp-cron.php?doing_wp_cron=1744805491.5543179512023925781250 HTTP/1.1" 200 0 "-" "WordPress/6.8; https://fileluna.com"
43.166.131.228 - - [16/Apr/2025:08:24:40 -0400] "GET / HTTP/1.1" 200 12779 "http://fileluna.com" "Mozilla/5.0 (iPhone; CPU iPhone OS 13_2_3 like Mac OS X) AppleWebKit/605.1.15 (KHTML, like Gecko) Version/13.0.3 Mobile/15E148 Safari/604.1"
86.109.170.96 - - [16/Apr/2025:08:28:14 -0400] "GET /wp-login.php HTTP/1.1" 200 1760 "-" "GRequests/0.10"
86.109.170.96 - - [16/Apr/2025:08:28:16 -0400] "POST /wp-login.php HTTP/1.1" 200 1889 "-" "GRequests/0.10"
198.54.114.83 - - [16/Apr/2025:08:28:23 -0400] "POST /wp-cron.php?doing_wp_cron=1744806501.4419620037078857421875 HTTP/1.1" 200 0 "-" "WordPress/6.8; https://fileluna.com"
216.244.66.246 - - [16/Apr/2025:08:28:56 -0400] "GET /robots.txt HTTP/1.1" 200 61 "-" "Mozilla/5.0 (compatible; DotBot/1.2; +https://opensiteexplorer.org/dotbot; help@moz.com)"
31.7.70.254 - - [16/Apr/2025:08:32:23 -0400] "POST /xmlrpc.php HTTP/1.1" 200 0 "https://fileluna.com" "Mozilla/5.0 (Macintosh; Intel Mac OS X 10_15_7; rv:127.0) Gecko/20100101 Firefox/127.0"
198.54.114.83 - - [16/Apr/2025:08:32:32 -0400] "POST /wp-cron.php?doing_wp_cron=1744806749.0849139690399169921875 HTTP/1.1" 200 0 "-" "WordPress/6.8; https://fileluna.com"
185.147.125.23 - - [16/Apr/2025:08:33:20 -0400] "GET / HTTP/1.1" 200 12779 "https://fileluna.com/" "Mozilla/5.0 (Windows NT 10.0; Win64; x64) AppleWebKit/537.36 (KHTML, like Gecko) Chrome/130.0.0.0 Safari/537.36 CCleaner/130.0.0.0"
43.166.255.122 - - [16/Apr/2025:08:40:03 -0400] "GET / HTTP/1.1" 200 12779 "-" "Mozilla/5.0 (iPhone; CPU iPhone OS 13_2_3 like Mac OS X) AppleWebKit/605.1.15 (KHTML, like Gecko) Version/13.0.3 Mobile/15E148 Safari/604.1"
209.17.114.78 - - [16/Apr/2025:08:42:49 -0400] "POST /xmlrpc.php HTTP/1.1" 200 0 "https://fileluna.com" "Mozilla/5.0 (Macintosh; Intel Mac OS X 14.3) AppleWebKit/614.31.14 (KHTML, like Gecko) Version/17.0.96 Safari/614.31.14"
198.54.114.83 - - [16/Apr/2025:08:42:56 -0400] "POST /wp-cron.php?doing_wp_cron=1744807374.6017599105834960937500 HTTP/1.1" 200 0 "-" "WordPress/6.8; https://fileluna.com"
43.166.255.122 - - [16/Apr/2025:08:49:01 -0400] "GET /category/lifestyle-fashion/ HTTP/1.1" 200 9660 "-" "Mozilla/5.0 (iPhone; CPU iPhone OS 13_2_3 like Mac OS X) AppleWebKit/605.1.15 (KHTML, like Gecko) Version/13.0.3 Mobile/15E148 Safari/604.1"
198.54.114.83 - - [16/Apr/2025:08:49:13 -0400] "POST /wp-cron.php?doing_wp_cron=1744807748.2304079532623291015625 HTTP/1.1" 200 0 "-" "WordPress/6.8; https://fileluna.com"
81.88.53.135 - - [16/Apr/2025:08:53:26 -0400] "POST /xmlrpc.php HTTP/1.1" 200 0 "https://fileluna.com" "Mozilla/5.0 (Windows NT 11.0; Win64; x64) AppleWebKit/537.36 (KHTML, like Gecko) Chrome/126.0.0.0 Safari/537.36"
198.54.114.83 - - [16/Apr/2025:08:53:33 -0400] "POST /wp-cron.php?doing_wp_cron=1744808010.7165379524230957031250 HTTP/1.1" 200 0 "-" "WordPress/6.8; https://fileluna.com"
43.157.82.252 - - [16/Apr/2025:08:58:39 -0400] "GET /category/media-music/ HTTP/1.1" 200 9665 "-" "Mozilla/5.0 (iPhone; CPU iPhone OS 13_2_3 like Mac OS X) AppleWebKit/605.1.15 (KHTML, like Gecko) Version/13.0.3 Mobile/15E148 Safari/604.1"
198.54.114.83 - - [16/Apr/2025:08:58:47 -0400] "POST /wp-cron.php?doing_wp_cron=1744808324.2949380874633789062500 HTTP/1.1" 200 0 "-" "WordPress/6.8; https://fileluna.com"
89.46.109.92 - - [16/Apr/2025:09:03:57 -0400] "POST /xmlrpc.php HTTP/1.1" 200 186 "https://fileluna.com" "Mozilla/5.0 (Macintosh; Intel Mac OS X 10_15_7; rv:128.0) Gecko/20100101 Firefox/128.0"
198.54.114.83 - - [16/Apr/2025:09:04:03 -0400] "POST /wp-cron.php?doing_wp_cron=1744808641.1365709304809570312500 HTTP/1.1" 200 0 "-" "WordPress/6.8; https://fileluna.com"
47.128.24.82 - - [16/Apr/2025:09:09:08 -0400] "GET /robots.txt HTTP/1.1" 200 61 "-" "Mozilla/5.0 (Linux; Android 5.0) AppleWebKit/537.36 (KHTML, like Gecko) Mobile Safari/537.36 (compatible; Bytespider; spider-feedback@bytedance.com)"
198.54.114.83 - - [16/Apr/2025:09:09:36 -0400] "POST /wp-cron.php?doing_wp_cron=1744808975.1547820568084716796875 HTTP/1.1" 200 0 "-" "WordPress/6.8; https://fileluna.com"
43.166.255.122 - - [16/Apr/2025:09:09:31 -0400] "GET /category/pets/ HTTP/1.1" 200 9681 "-" "Mozilla/5.0 (iPhone; CPU iPhone OS 13_2_3 like Mac OS X) AppleWebKit/605.1.15 (KHTML, like Gecko) Version/13.0.3 Mobile/15E148 Safari/604.1"
198.54.114.83 - - [16/Apr/2025:09:09:37 -0400] "POST /wp-admin/admin-ajax.php?action=async_litespeed&nonce=ObqFn2spL1SzEQ0AbvY3yAeCTn5SfYmH&litespeed_type=imgoptm HTTP/1.1" 200 0 "-" "WordPress/6.8; https://fileluna.com"
216.244.66.246 - - [16/Apr/2025:09:14:12 -0400] "GET /robots.txt HTTP/1.1" 200 61 "-" "Mozilla/5.0 (compatible; DotBot/1.2; +https://opensiteexplorer.org/dotbot; help@moz.com)"
20.198.224.111 - - [16/Apr/2025:09:14:34 -0400] "POST /xmlrpc.php HTTP/1.1" 200 0 "https://fileluna.com" "Mozilla/5.0 (Macintosh; Intel Mac OS X 10_15_7; rv:127.0) Gecko/20100101 Firefox/127.0"
198.54.114.83 - - [16/Apr/2025:09:14:42 -0400] "POST /wp-cron.php?doing_wp_cron=1744809279.1819760799407958984375 HTTP/1.1" 200 0 "-" "WordPress/6.8; https://fileluna.com"
198.54.114.83 - - [16/Apr/2025:09:16:37 -0400] "POST /wp-cron.php?doing_wp_cron=1744809395.2440249919891357421875 HTTP/1.1" 200 0 "-" "WordPress/6.8; https://fileluna.com"
114.119.148.27 - - [16/Apr/2025:09:16:31 -0400] "GET /traumhafte-garten-und-landschaftsgestaltung-in-hamburg/ HTTP/1.1" 200 11832 "https://fileluna.com/author/admin/page/29/" "Mozilla/5.0 (Linux; Android 7.0;) AppleWebKit/537.36 (KHTML, like Gecko) Mobile Safari/537.36 (compatible; PetalBot;+https://webmaster.petalsearch.com/site/petalbot)"
43.153.85.46 - - [16/Apr/2025:09:17:41 -0400] "GET / HTTP/1.1" 200 12779 "-" "Mozilla/5.0 (iPhone; CPU iPhone OS 13_2_3 like Mac OS X) AppleWebKit/605.1.15 (KHTML, like Gecko) Version/13.0.3 Mobile/15E148 Safari/604.1"
198.54.114.83 - - [16/Apr/2025:09:18:13 -0400] "POST /wp-cron.php?doing_wp_cron=1744809492.4062030315399169921875 HTTP/1.1" 200 0 "-" "WordPress/6.8; https://fileluna.com"
114.119.154.229 - - [16/Apr/2025:09:18:09 -0400] "GET /page/31/ HTTP/1.1" 200 13004 "https://fileluna.com/page/32/" "Mozilla/5.0 (Linux; Android 7.0;) AppleWebKit/537.36 (KHTML, like Gecko) Mobile Safari/537.36 (compatible; PetalBot;+https://webmaster.petalsearch.com/site/petalbot)"
69.57.162.14 - - [16/Apr/2025:09:25:11 -0400] "POST /xmlrpc.php HTTP/1.1" 200 186 "https://fileluna.com" "Mozilla/5.0 (Macintosh; Intel Mac OS X 10_15_7) AppleWebKit/537.36 (KHTML, like Gecko) Chrome/115.0.5790.102 Safari/537.36"
198.54.114.83 - - [16/Apr/2025:09:25:18 -0400] "POST /wp-cron.php?doing_wp_cron=1744809916.0498659610748291015625 HTTP/1.1" 200 0 "-" "WordPress/6.8; https://fileluna.com"
43.166.132.142 - - [16/Apr/2025:09:29:19 -0400] "GET /2023/12/ HTTP/1.1" 200 11042 "-" "Mozilla/5.0 (iPhone; CPU iPhone OS 13_2_3 like Mac OS X) AppleWebKit/605.1.15 (KHTML, like Gecko) Version/13.0.3 Mobile/15E148 Safari/604.1"
198.54.114.83 - - [16/Apr/2025:09:29:26 -0400] "POST /wp-cron.php?doing_wp_cron=1744810163.1137540340423583984375 HTTP/1.1" 200 0 "-" "WordPress/6.8; https://fileluna.com"
114.119.132.228 - - [16/Apr/2025:09:34:49 -0400] "GET /revitalize-your-business-trip-with-massage-therapy/ HTTP/1.1" 200 11883 "https://fileluna.com/2024/10/page/2/" "Mozilla/5.0 (Linux; Android 7.0;) AppleWebKit/537.36 (KHTML, like Gecko) Mobile Safari/537.36 (compatible; PetalBot;+https://webmaster.petalsearch.com/site/petalbot)"
198.54.114.83 - - [16/Apr/2025:09:34:57 -0400] "POST /wp-cron.php?doing_wp_cron=1744810493.5867860317230224609375 HTTP/1.1" 200 0 "-" "WordPress/6.8; https://fileluna.com"
91.238.162.8 - - [16/Apr/2025:09:35:51 -0400] "POST /xmlrpc.php HTTP/1.1" 200 186 "https://fileluna.com" "Mozilla/5.0 (Windows NT 10.0; Win64; x64) AppleWebKit/537.36 (KHTML, like Gecko) Chrome/112.0.5615.138 Safari/537.36 Edg/112.0.1722.68"
114.119.132.163 - - [16/Apr/2025:09:36:36 -0400] "GET /professioneller-umzugsservice-in-luneburg/ HTTP/1.1" 200 11930 "https://fileluna.com/2024/12/" "Mozilla/5.0 (Linux; Android 7.0;) AppleWebKit/537.36 (KHTML, like Gecko) Mobile Safari/537.36 (compatible; PetalBot;+https://webmaster.petalsearch.com/site/petalbot)"
198.54.114.83 - - [16/Apr/2025:09:36:40 -0400] "POST /wp-cron.php?doing_wp_cron=1744810597.2285211086273193359375 HTTP/1.1" 200 0 "-" "WordPress/6.8; https://fileluna.com"
114.119.129.34 - - [16/Apr/2025:09:38:22 -0400] "GET /navigating-the-concept-of-best-price/ HTTP/1.1" 200 12268 "https://fileluna.com/2024/03/page/2/" "Mozilla/5.0 (Linux; Android 7.0;) AppleWebKit/537.36 (KHTML, like Gecko) Mobile Safari/537.36 (compatible; PetalBot;+https://webmaster.petalsearch.com/site/petalbot)"
198.54.114.83 - - [16/Apr/2025:09:38:31 -0400] "POST /wp-cron.php?doing_wp_cron=1744810707.0944519042968750000000 HTTP/1.1" 200 0 "-" "WordPress/6.8; https://fileluna.com"
43.130.110.130 - - [16/Apr/2025:09:38:56 -0400] "GET /category/lifestyle-fashion/feed/ HTTP/1.1" 200 449 "-" "Mozilla/5.0 (iPhone; CPU iPhone OS 13_2_3 like Mac OS X) AppleWebKit/605.1.15 (KHTML, like Gecko) Version/13.0.3 Mobile/15E148 Safari/604.1"
114.119.129.34 - - [16/Apr/2025:09:40:10 -0400] "GET /author/admin/page/21/ HTTP/1.1" 200 11299 "https://fileluna.com/author/admin/page/20/" "Mozilla/5.0 (Linux; Android 7.0;) AppleWebKit/537.36 (KHTML, like Gecko) Mobile Safari/537.36 (compatible; PetalBot;+https://webmaster.petalsearch.com/site/petalbot)"
198.54.114.83 - - [16/Apr/2025:09:40:16 -0400] "POST /wp-cron.php?doing_wp_cron=1744810810.6108748912811279296875 HTTP/1.1" 200 0 "-" "WordPress/6.8; https://fileluna.com"
114.119.137.80 - - [16/Apr/2025:09:41:50 -0400] "GET /a-modern-gaming-revolution/ HTTP/1.1" 200 11970 "https://fileluna.com/2024/08/" "Mozilla/5.0 (Linux; Android 7.0;) AppleWebKit/537.36 (KHTML, like Gecko) Mobile Safari/537.36 (compatible; PetalBot;+https://webmaster.petalsearch.com/site/petalbot)"
198.54.114.83 - - [16/Apr/2025:09:41:56 -0400] "POST /wp-cron.php?doing_wp_cron=1744810913.5799388885498046875000 HTTP/1.1" 200 0 "-" "WordPress/6.8; https://fileluna.com"
2001:41d0:303:161e::1 - - [16/Apr/2025:09:42:21 -0400] "GET /robots.txt HTTP/1.1" 200 61 "-" "Mozilla/5.0 (compatible; MJ12bot/v1.4.8; http://mj12bot.com/)"
2001:41d0:303:161e::1 - - [16/Apr/2025:09:42:25 -0400] "GET /%EC%83%81%ED%92%88%EA%B6%8C%EC%86%8C%EC%95%A1%EA%B2%B0%EC%A0%9C/ HTTP/1.1" 301 0 "-" "Mozilla/5.0 (compatible; MJ12bot/v1.4.8; http://mj12bot.com/)"
2001:41d0:303:161e::1 - - [16/Apr/2025:09:42:30 -0400] "GET /gift-certificate-small-amount-payment/ HTTP/1.1" 200 11612 "-" "Mozilla/5.0 (compatible; MJ12bot/v1.4.8; http://mj12bot.com/)"
2001:41d0:303:161e::1 - - [16/Apr/2025:09:42:36 -0400] "GET /%EC%B6%9C%EC%9E%A5%EB%A7%88%EC%82%AC%EC%A7%80/ HTTP/1.1" 301 0 "-" "Mozilla/5.0 (compatible; MJ12bot/v1.4.8; http://mj12bot.com/)"
2001:41d0:303:161e::1 - - [16/Apr/2025:09:42:42 -0400] "GET /business-trip-massagees/ HTTP/1.1" 200 11584 "-" "Mozilla/5.0 (compatible; MJ12bot/v1.4.8; http://mj12bot.com/)"
2001:41d0:303:161e::1 - - [16/Apr/2025:09:42:49 -0400] "GET /%EC%B6%9C%EC%9E%A5%EB%A7%88%EC%82%AC%EC%A7%80/feed/ HTTP/1.1" 200 392 "-" "Mozilla/5.0 (compatible; MJ12bot/v1.4.8; http://mj12bot.com/)"
2001:41d0:303:161e::1 - - [16/Apr/2025:09:42:57 -0400] "GET /%EC%B6%9C%EC%9E%A5%EC%95%88%EB%A7%88/ HTTP/1.1" 200 11621 "-" "Mozilla/5.0 (compatible; MJ12bot/v1.4.8; http://mj12bot.com/)"
198.54.114.83 - - [16/Apr/2025:09:43:02 -0400] "POST /wp-cron.php?doing_wp_cron=1744810978.0756969451904296875000 HTTP/1.1" 200 0 "-" "WordPress/6.8; https://fileluna.com"
2001:41d0:303:161e::1 - - [16/Apr/2025:09:43:05 -0400] "GET /%EC%B6%9C%EC%9E%A5%EC%95%88%EB%A7%88/feed/ HTTP/1.1" 200 438 "-" "Mozilla/5.0 (compatible; MJ12bot/v1.4.8; http://mj12bot.com/)"
114.119.149.81 - - [16/Apr/2025:09:43:37 -0400] "GET /top-ppr-fitting-manufacturers-in-china/ HTTP/1.1" 200 12030 "https://fileluna.com/2024/09/page/4/" "Mozilla/5.0 (Linux; Android 7.0;) AppleWebKit/537.36 (KHTML, like Gecko) Mobile Safari/537.36 (compatible; PetalBot;+https://webmaster.petalsearch.com/site/petalbot)"
114.119.149.81 - - [16/Apr/2025:09:45:24 -0400] "GET /umzugsunternehmen-in-luneburg-ihr-partner-fur-einen-stressfreien-umzug-2/ HTTP/1.1" 200 11740 "https://fileluna.com/2024/page/31/" "Mozilla/5.0 (Linux; Android 7.0;) AppleWebKit/537.36 (KHTML, like Gecko) Mobile Safari/537.36 (compatible; PetalBot;+https://webmaster.petalsearch.com/site/petalbot)"
198.54.114.83 - - [16/Apr/2025:09:45:33 -0400] "POST /wp-cron.php?doing_wp_cron=1744811128.5234038829803466796875 HTTP/1.1" 200 0 "-" "WordPress/6.8; https://fileluna.com"
89.45.83.89 - - [16/Apr/2025:09:46:34 -0400] "POST /xmlrpc.php HTTP/1.1" 200 186 "https://fileluna.com" "Mozilla/5.0 (Windows NT 10.0; Win64; x64) AppleWebKit/537.36 (KHTML, like Gecko) Chrome/112.0.5615.138 Safari/537.36 Edg/112.0.1722.68"
198.54.114.83 - - [16/Apr/2025:09:46:39 -0400] "POST /wp-cron.php?doing_wp_cron=1744811195.9496440887451171875000 HTTP/1.1" 200 0 "-" "WordPress/6.8; https://fileluna.com"
114.119.149.81 - - [16/Apr/2025:09:47:09 -0400] "GET /le-bienfait-du-massage-pour-le-corps-et-lesprit-2/ HTTP/1.1" 200 12473 "https://fileluna.com/2024/11/page/9/" "Mozilla/5.0 (Linux; Android 7.0;) AppleWebKit/537.36 (KHTML, like Gecko) Mobile Safari/537.36 (compatible; PetalBot;+https://webmaster.petalsearch.com/site/petalbot)"
114.119.149.81 - - [16/Apr/2025:09:48:53 -0400] "GET /the-enchantment-of-rainbow-riches-casinos/ HTTP/1.1" 200 11782 "https://fileluna.com/author/admin/page/26/" "Mozilla/5.0 (Linux; Android 7.0;) AppleWebKit/537.36 (KHTML, like Gecko) Mobile Safari/537.36 (compatible; PetalBot;+https://webmaster.petalsearch.com/site/petalbot)"
198.54.114.83 - - [16/Apr/2025:09:49:00 -0400] "POST /wp-cron.php?doing_wp_cron=1744811337.5231800079345703125000 HTTP/1.1" 200 0 "-" "WordPress/6.8; https://fileluna.com"
43.130.40.120 - - [16/Apr/2025:09:49:16 -0400] "GET /category/lifestyle-fashion/ HTTP/1.1" 200 9660 "-" "Mozilla/5.0 (iPhone; CPU iPhone OS 13_2_3 like Mac OS X) AppleWebKit/605.1.15 (KHTML, like Gecko) Version/13.0.3 Mobile/15E148 Safari/604.1"
114.119.129.34 - - [16/Apr/2025:09:50:40 -0400] "GET /finding-the-right-massage-service-for-your-needs/ HTTP/1.1" 200 11925 "https://fileluna.com/relax-and-recharge-the-ultimate-business-trip-massage-experience/" "Mozilla/5.0 (Linux; Android 7.0;) AppleWebKit/537.36 (KHTML, like Gecko) Mobile Safari/537.36 (compatible; PetalBot;+https://webmaster.petalsearch.com/site/petalbot)"
198.54.114.83 - - [16/Apr/2025:09:50:48 -0400] "POST /wp-cron.php?doing_wp_cron=1744811445.1717979907989501953125 HTTP/1.1" 200 0 "-" "WordPress/6.8; https://fileluna.com"
114.119.137.80 - - [16/Apr/2025:09:52:25 -0400] "GET /category/beauty/ HTTP/1.1" 200 9668 "https://fileluna.com/category/shopping-product-reviews/" "Mozilla/5.0 (Linux; Android 7.0;) AppleWebKit/537.36 (KHTML, like Gecko) Mobile Safari/537.36 (compatible; PetalBot;+https://webmaster.petalsearch.com/site/petalbot)"
198.54.114.83 - - [16/Apr/2025:09:52:33 -0400] "POST /wp-cron.php?doing_wp_cron=1744811548.9879739284515380859375 HTTP/1.1" 200 0 "-" "WordPress/6.8; https://fileluna.com"
114.119.132.228 - - [16/Apr/2025:09:54:11 -0400] "GET /the-path-to-wellness-through-reiki-healing-in-singapore/ HTTP/1.1" 200 12488 "https://fileluna.com/2024/page/3/" "Mozilla/5.0 (Linux; Android 7.0;) AppleWebKit/537.36 (KHTML, like Gecko) Mobile Safari/537.36 (compatible; PetalBot;+https://webmaster.petalsearch.com/site/petalbot)"
198.54.114.83 - - [16/Apr/2025:09:54:19 -0400] "POST /wp-cron.php?doing_wp_cron=1744811654.6352279186248779296875 HTTP/1.1" 200 0 "-" "WordPress/6.8; https://fileluna.com"
114.119.132.228 - - [16/Apr/2025:09:55:57 -0400] "GET /the-versatile-uses-of-ambil-a-culinary-delight/ HTTP/1.1" 200 11743 "https://fileluna.com/author/admin/page/26/" "Mozilla/5.0 (Linux; Android 7.0;) AppleWebKit/537.36 (KHTML, like Gecko) Mobile Safari/537.36 (compatible; PetalBot;+https://webmaster.petalsearch.com/site/petalbot)"
198.54.114.83 - - [16/Apr/2025:09:56:08 -0400] "POST /wp-cron.php?doing_wp_cron=1744811761.8105890750885009765625 HTTP/1.1" 200 0 "-" "WordPress/6.8; https://fileluna.com"
85.208.98.18 - - [16/Apr/2025:09:57:10 -0400] "GET /robots.txt HTTP/1.1" 200 61 "http://fileluna.com/robots.txt" "Mozilla/5.0 (compatible; SemrushBot; +http://www.semrush.com/bot.html)"
85.208.98.18 - - [16/Apr/2025:09:57:16 -0400] "GET /robots.txt HTTP/1.1" 200 61 "http://fileluna.com/robots.txt" "Mozilla/5.0 (compatible; SemrushBot; +http://www.semrush.com/bot.html)"
143.110.144.210 - - [16/Apr/2025:09:57:25 -0400] "POST /xmlrpc.php HTTP/1.1" 200 186 "https://fileluna.com" "Mozilla/5.0 (Windows NT 10.0; Win64; x64; rv:126.0) Gecko/20100101 Firefox/126.0"
198.54.114.83 - - [16/Apr/2025:09:57:31 -0400] "POST /wp-cron.php?doing_wp_cron=1744811846.1936130523681640625000 HTTP/1.1" 200 0 "-" "WordPress/6.8; https://fileluna.com"
85.208.98.18 - - [16/Apr/2025:09:57:36 -0400] "HEAD / HTTP/1.1" 200 0 "-" "Mozilla/5.0 (compatible; SemrushBot; +http://www.semrush.com/bot.html)"
85.208.98.18 - - [16/Apr/2025:09:57:36 -0400] "HEAD / HTTP/1.1" 200 0 "-" "Mozilla/5.0 (compatible; SemrushBot; +http://www.semrush.com/bot.html)"
114.119.137.80 - - [16/Apr/2025:09:57:41 -0400] "GET /effiziente-unternehmensauflosung-in-luneburg/ HTTP/1.1" 200 11838 "https://fileluna.com/category/arts-entertainments/page/33/" "Mozilla/5.0 (Linux; Android 7.0;) AppleWebKit/537.36 (KHTML, like Gecko) Mobile Safari/537.36 (compatible; PetalBot;+https://webmaster.petalsearch.com/site/petalbot)"
43.135.134.127 - - [16/Apr/2025:09:58:03 -0400] "GET /category/media-music/ HTTP/1.1" 200 9665 "-" "Mozilla/5.0 (iPhone; CPU iPhone OS 13_2_3 like Mac OS X) AppleWebKit/605.1.15 (KHTML, like Gecko) Version/13.0.3 Mobile/15E148 Safari/604.1"
2a09:bac5:39e4:88c::da:72 - - [16/Apr/2025:09:59:04 -0400] "GET /wp-admin/setup-config.php?step=1 HTTP/1.1" 200 0 "http://fileluna.com/wp-admin/setup-config.php?step=1" "Apache/2.4.34 (Ubuntu) OpenSSL/1.1.1 (internal dummy connection)"
114.119.154.229 - - [16/Apr/2025:09:59:27 -0400] "GET /navigating-the-digital-wager-the-evolution-of-online-betting/ HTTP/1.1" 200 12365 "https://fileluna.com/2024/01/page/2/" "Mozilla/5.0 (Linux; Android 7.0;) AppleWebKit/537.36 (KHTML, like Gecko) Mobile Safari/537.36 (compatible; PetalBot;+https://webmaster.petalsearch.com/site/petalbot)"
114.119.154.229 - - [16/Apr/2025:10:01:16 -0400] "GET /unveiling-the-world-of-betting-money-sites/ HTTP/1.1" 200 11974 "https://fileluna.com/page/49/" "Mozilla/5.0 (Linux; Android 7.0;) AppleWebKit/537.36 (KHTML, like Gecko) Mobile Safari/537.36 (compatible; PetalBot;+https://webmaster.petalsearch.com/site/petalbot)"
198.54.114.83 - - [16/Apr/2025:10:01:22 -0400] "POST /wp-cron.php?doing_wp_cron=1744812079.7293930053710937500000 HTTP/1.1" 200 0 "-" "WordPress/6.8; https://fileluna.com"
165.227.84.75 - - [16/Apr/2025:10:01:41 -0400] "GET /wp-login.php HTTP/1.1" 200 1760 "-" "GRequests/0.10"
165.227.84.75 - - [16/Apr/2025:10:01:47 -0400] "POST /wp-login.php HTTP/1.1" 200 1889 "-" "GRequests/0.10"
114.119.129.34 - - [16/Apr/2025:10:02:56 -0400] "GET /category/arts-entertainments/page/37/ HTTP/1.1" 200 11703 "https://fileluna.com/category/arts-entertainments/page/40/" "Mozilla/5.0 (Linux; Android 7.0;) AppleWebKit/537.36 (KHTML, like Gecko) Mobile Safari/537.36 (compatible; PetalBot;+https://webmaster.petalsearch.com/site/petalbot)"
198.54.114.83 - - [16/Apr/2025:10:03:01 -0400] "POST /wp-cron.php?doing_wp_cron=1744812177.3807239532470703125000 HTTP/1.1" 200 0 "-" "WordPress/6.8; https://fileluna.com"
114.119.137.80 - - [16/Apr/2025:10:04:40 -0400] "GET /category/arts-entertainments/page/29/ HTTP/1.1" 200 11384 "https://fileluna.com/category/arts-entertainments/page/27/" "Mozilla/5.0 (Linux; Android 7.0;) AppleWebKit/537.36 (KHTML, like Gecko) Mobile Safari/537.36 (compatible; PetalBot;+https://webmaster.petalsearch.com/site/petalbot)"
198.54.114.83 - - [16/Apr/2025:10:04:50 -0400] "POST /wp-cron.php?doing_wp_cron=1744812285.6089859008789062500000 HTTP/1.1" 200 0 "-" "WordPress/6.8; https://fileluna.com"
114.119.154.229 - - [16/Apr/2025:10:06:28 -0400] "GET /category/arts-entertainments/page/21/ HTTP/1.1" 200 11609 "https://fileluna.com/category/arts-entertainments/page/20/" "Mozilla/5.0 (Linux; Android 7.0;) AppleWebKit/537.36 (KHTML, like Gecko) Mobile Safari/537.36 (compatible; PetalBot;+https://webmaster.petalsearch.com/site/petalbot)"
198.54.114.83 - - [16/Apr/2025:10:06:35 -0400] "POST /wp-cron.php?doing_wp_cron=1744812391.4390830993652343750000 HTTP/1.1" 200 0 "-" "WordPress/6.8; https://fileluna.com"
43.130.139.136 - - [16/Apr/2025:10:07:45 -0400] "GET /wp-json/wp/v2/categories/12 HTTP/1.1" 200 604 "-" "Mozilla/5.0 (iPhone; CPU iPhone OS 13_2_3 like Mac OS X) AppleWebKit/605.1.15 (KHTML, like Gecko) Version/13.0.3 Mobile/15E148 Safari/604.1"
198.54.114.83 - - [16/Apr/2025:10:07:48 -0400] "POST /wp-cron.php?doing_wp_cron=1744812465.8262500762939453125000 HTTP/1.1" 200 0 "-" "WordPress/6.8; https://fileluna.com"
2001:4c88:0:6b::100 - - [16/Apr/2025:10:08:04 -0400] "POST /xmlrpc.php HTTP/1.1" 200 186 "https://fileluna.com" "Mozilla/5.0 (Macintosh; Intel Mac OS X 10_15_7; rv:126.0) Gecko/20100101 Firefox/126.0"
114.119.149.81 - - [16/Apr/2025:10:08:12 -0400] "GET /2024/page/46/ HTTP/1.1" 200 11746 "https://fileluna.com/2024/page/47/" "Mozilla/5.0 (Linux; Android 7.0;) AppleWebKit/537.36 (KHTML, like Gecko) Mobile Safari/537.36 (compatible; PetalBot;+https://webmaster.petalsearch.com/site/petalbot)"
114.119.137.80 - - [16/Apr/2025:10:09:58 -0400] "GET /2024/10/ HTTP/1.1" 200 11271 "https://fileluna.com/category/shopping-product-reviews/" "Mozilla/5.0 (Linux; Android 7.0;) AppleWebKit/537.36 (KHTML, like Gecko) Mobile Safari/537.36 (compatible; PetalBot;+https://webmaster.petalsearch.com/site/petalbot)"
198.54.114.83 - - [16/Apr/2025:10:10:07 -0400] "POST /wp-cron.php?doing_wp_cron=1744812602.0192170143127441406250 HTTP/1.1" 200 0 "-" "WordPress/6.8; https://fileluna.com"
114.119.132.228 - - [16/Apr/2025:10:11:42 -0400] "GET /2024/09/page/9/ HTTP/1.1" 200 10250 "https://fileluna.com/2024/09/page/3/" "Mozilla/5.0 (Linux; Android 7.0;) AppleWebKit/537.36 (KHTML, like Gecko) Mobile Safari/537.36 (compatible; PetalBot;+https://webmaster.petalsearch.com/site/petalbot)"
198.54.114.83 - - [16/Apr/2025:10:11:49 -0400] "POST /wp-cron.php?doing_wp_cron=1744812706.3569350242614746093750 HTTP/1.1" 200 0 "-" "WordPress/6.8; https://fileluna.com"
47.106.243.226 - - [16/Apr/2025:10:12:47 -0400] "POST /xmlrpc.php HTTP/1.1" 200 205 "-" "Mozilla/5.0 (X11; Fedora; Linux x86_64; rv:94.0) Gecko/20100101 Firefox/95.0"
198.54.114.83 - - [16/Apr/2025:10:12:51 -0400] "POST /wp-cron.php?doing_wp_cron=1744812768.0083661079406738281250 HTTP/1.1" 200 0 "-" "WordPress/6.8; https://fileluna.com"
114.119.132.228 - - [16/Apr/2025:10:13:28 -0400] "GET /2024/09/page/6/ HTTP/1.1" 200 11393 "https://fileluna.com/2024/09/page/3/" "Mozilla/5.0 (Linux; Android 7.0;) AppleWebKit/537.36 (KHTML, like Gecko) Mobile Safari/537.36 (compatible; PetalBot;+https://webmaster.petalsearch.com/site/petalbot)"
170.106.35.187 - - [16/Apr/2025:10:18:12 -0400] "GET /2023/12/ HTTP/1.1" 200 11042 "-" "Mozilla/5.0 (iPhone; CPU iPhone OS 13_2_3 like Mac OS X) AppleWebKit/605.1.15 (KHTML, like Gecko) Version/13.0.3 Mobile/15E148 Safari/604.1"
182.92.110.55 - - [16/Apr/2025:10:18:52 -0400] "POST /xmlrpc.php HTTP/1.1" 200 0 "https://fileluna.com" "Mozilla/5.0 (Macintosh; Intel Mac OS X 14.3) AppleWebKit/614.31.14 (KHTML, like Gecko) Version/17.0.96 Safari/614.31.14"
198.54.114.83 - - [16/Apr/2025:10:19:00 -0400] "POST /wp-cron.php?doing_wp_cron=1744813136.8481678962707519531250 HTTP/1.1" 200 0 "-" "WordPress/6.8; https://fileluna.com"
216.244.66.246 - - [16/Apr/2025:10:21:50 -0400] "GET /top-ppr-fitting-manufacturers-in-china/ HTTP/1.1" 200 12030 "-" "Mozilla/5.0 (compatible; DotBot/1.2; +https://opensiteexplorer.org/dotbot; help@moz.com)"
103.11.103.186 - - [16/Apr/2025:10:24:28 -0400] "GET /wp-login.php HTTP/1.1" 200 1760 "-" "GRequests/0.10"
198.54.114.83 - - [16/Apr/2025:10:24:44 -0400] "POST /wp-cron.php?doing_wp_cron=1744813477.7453370094299316406250 HTTP/1.1" 200 0 "-" "WordPress/6.8; https://fileluna.com"
103.11.103.186 - - [16/Apr/2025:10:24:30 -0400] "POST /wp-login.php HTTP/1.1" 200 1898 "-" "GRequests/0.10"
128.199.215.55 - - [16/Apr/2025:10:26:50 -0400] "GET //wp-includes/ID3/license.txt HTTP/1.1" 200 414 "-" "Mozilla/5.0 (Windows NT 10.0; Win64; x64) AppleWebKit/537.36 (KHTML, like Gecko) Chrome/95.0.4638.69 Safari/537.36"
128.199.215.55 - - [16/Apr/2025:10:26:56 -0400] "GET //feed/ HTTP/1.1" 301 0 "-" "Mozilla/5.0 (Windows NT 10.0; Win64; x64) AppleWebKit/537.36 (KHTML, like Gecko) Chrome/95.0.4638.69 Safari/537.36"
128.199.215.55 - - [16/Apr/2025:10:27:08 -0400] "GET //blog/wp-includes/wlwmanifest.xml HTTP/1.1" 301 0 "-" "Mozilla/5.0 (Windows NT 10.0; Win64; x64) AppleWebKit/537.36 (KHTML, like Gecko) Chrome/95.0.4638.69 Safari/537.36"
128.199.215.55 - - [16/Apr/2025:10:27:14 -0400] "GET //web/wp-includes/wlwmanifest.xml HTTP/1.1" 301 0 "-" "Mozilla/5.0 (Windows NT 10.0; Win64; x64) AppleWebKit/537.36 (KHTML, like Gecko) Chrome/95.0.4638.69 Safari/537.36"
128.199.215.55 - - [16/Apr/2025:10:27:20 -0400] "GET //wordpress/wp-includes/wlwmanifest.xml HTTP/1.1" 301 0 "-" "Mozilla/5.0 (Windows NT 10.0; Win64; x64) AppleWebKit/537.36 (KHTML, like Gecko) Chrome/95.0.4638.69 Safari/537.36"
128.199.215.55 - - [16/Apr/2025:10:27:25 -0400] "GET //wp/wp-includes/wlwmanifest.xml HTTP/1.1" 301 0 "-" "Mozilla/5.0 (Windows NT 10.0; Win64; x64) AppleWebKit/537.36 (KHTML, like Gecko) Chrome/95.0.4638.69 Safari/537.36"
128.199.215.55 - - [16/Apr/2025:10:27:30 -0400] "GET //2020/wp-includes/wlwmanifest.xml HTTP/1.1" 301 0 "-" "Mozilla/5.0 (Windows NT 10.0; Win64; x64) AppleWebKit/537.36 (KHTML, like Gecko) Chrome/95.0.4638.69 Safari/537.36"
128.199.215.55 - - [16/Apr/2025:10:27:34 -0400] "GET //2019/wp-includes/wlwmanifest.xml HTTP/1.1" 301 0 "-" "Mozilla/5.0 (Windows NT 10.0; Win64; x64) AppleWebKit/537.36 (KHTML, like Gecko) Chrome/95.0.4638.69 Safari/537.36"
128.199.215.55 - - [16/Apr/2025:10:27:39 -0400] "GET //2021/wp-includes/wlwmanifest.xml HTTP/1.1" 301 0 "-" "Mozilla/5.0 (Windows NT 10.0; Win64; x64) AppleWebKit/537.36 (KHTML, like Gecko) Chrome/95.0.4638.69 Safari/537.36"
128.199.215.55 - - [16/Apr/2025:10:27:44 -0400] "GET //shop/wp-includes/wlwmanifest.xml HTTP/1.1" 301 0 "-" "Mozilla/5.0 (Windows NT 10.0; Win64; x64) AppleWebKit/537.36 (KHTML, like Gecko) Chrome/95.0.4638.69 Safari/537.36"
