198.54.114.83 - - [15/Apr/2025:18:20:22 -0400] "POST /wp-cron.php?doing_wp_cron=1744755621.8109269142150878906250 HTTP/1.1" 200 0 "-" "WordPress/6.7.2; https://fileluna.com"
162.241.126.57 - - [15/Apr/2025:18:20:19 -0400] "POST /wp-login.php HTTP/1.1" 200 1895 "https://fileluna.com" "Mozilla/5.0 (Windows NT 10.0; Win64; x64; rv:129.0) Gecko/20100101 Firefox/129.0"
198.54.114.83 - - [15/Apr/2025:18:30:04 -0400] "POST /wp-cron.php?doing_wp_cron=1744756201.9587349891662597656250 HTTP/1.1" 200 0 "-" "WordPress/6.7.2; https://fileluna.com"
114.119.132.228 - - [15/Apr/2025:18:29:55 -0400] "GET /reiki-healing-in-singapore-a-path-to-relaxation-and-balance/ HTTP/1.1" 200 11553 "https://fileluna.com/a-path-to-inner-balance/" "Mozilla/5.0 (Linux; Android 7.0;) AppleWebKit/537.36 (KHTML, like Gecko) Mobile Safari/537.36 (compatible; PetalBot;+https://webmaster.petalsearch.com/site/petalbot)"
114.119.154.229 - - [15/Apr/2025:18:30:56 -0400] "GET /page/12/ HTTP/1.1" 200 12840 "https://fileluna.com/page/15/" "Mozilla/5.0 (Linux; Android 7.0;) AppleWebKit/537.36 (KHTML, like Gecko) Mobile Safari/537.36 (compatible; PetalBot;+https://webmaster.petalsearch.com/site/petalbot)"
185.57.11.246 - - [15/Apr/2025:18:31:38 -0400] "POST /wp-login.php HTTP/1.1" 200 1895 "https://fileluna.com" "Mozilla/5.0 (Macintosh; Intel Mac OS X 10_15_7; rv:127.0) Gecko/20100101 Firefox/127.0"
198.54.114.83 - - [15/Apr/2025:18:31:41 -0400] "POST /wp-cron.php?doing_wp_cron=1744756299.9129350185394287109375 HTTP/1.1" 200 0 "-" "WordPress/6.7.2; https://fileluna.com"
3.142.54.53 - - [15/Apr/2025:18:38:31 -0400] "GET /robots.txt HTTP/1.1" 200 61 "-" "Mozilla/5.0 AppleWebKit/537.36 (KHTML, like Gecko; compatible; ClaudeBot/1.0; +claudebot@anthropic.com)"
3.142.54.53 - - [15/Apr/2025:18:38:31 -0400] "GET /wp-json/oembed/1.0/embed?format=xml&url=https%3A%2F%2Ffileluna.com%2Fthe-value-of-culture-gift-certificate-discount%2F HTTP/1.1" 200 1101 "-" "Mozilla/5.0 AppleWebKit/537.36 (KHTML, like Gecko; compatible; ClaudeBot/1.0; +claudebot@anthropic.com)"
198.54.114.83 - - [15/Apr/2025:18:38:37 -0400] "POST /wp-cron.php?doing_wp_cron=1744756715.5386319160461425781250 HTTP/1.1" 200 0 "-" "WordPress/6.7.2; https://fileluna.com"
198.54.114.83 - - [15/Apr/2025:18:43:07 -0400] "POST /wp-cron.php?doing_wp_cron=1744756985.9850060939788818359375 HTTP/1.1" 200 0 "-" "WordPress/6.7.2; https://fileluna.com"
209.17.114.78 - - [15/Apr/2025:18:43:01 -0400] "POST /wp-login.php HTTP/1.1" 200 1895 "https://fileluna.com" "Mozilla/5.0 (Windows NT 10.0; Win64; x64) AppleWebKit/537.36 (KHTML, like Gecko) Chrome/115.0.5790.102 Safari/537.36"
216.244.66.246 - - [15/Apr/2025:18:43:32 -0400] "GET /robots.txt HTTP/1.1" 200 61 "-" "Mozilla/5.0 (compatible; DotBot/1.2; +https://opensiteexplorer.org/dotbot; help@moz.com)"
198.54.114.83 - - [15/Apr/2025:18:49:20 -0400] "POST /wp-cron.php?doing_wp_cron=1744757358.3350999355316162109375 HTTP/1.1" 200 0 "-" "WordPress/6.7.2; https://fileluna.com"
89.248.172.183 - - [15/Apr/2025:18:49:12 -0400] "GET /wp-content/plugins/instant-appointment/assets/css/bootstrap-icons.min.css HTTP/1.1" 404 8709 "-" "Mozilla/5.0 (Linux; Android 10; K) AppleWebKit/537.36 (KHTML, like Gecko) Chrome/122.0.0.0 Mobile Safari/537.36"
2a02:4780:12:ec93::1 - - [15/Apr/2025:18:54:51 -0400] "POST /wp-login.php HTTP/1.1" 200 0 "https://fileluna.com" "Mozilla/5.0 (Windows NT 10.0; Win64; x64; rv:126.0) Gecko/20100101 Firefox/126.0"
198.54.114.83 - - [15/Apr/2025:18:54:58 -0400] "POST /wp-cron.php?doing_wp_cron=1744757697.4579820632934570312500 HTTP/1.1" 200 0 "-" "WordPress/6.7.2; https://fileluna.com"
198.54.114.83 - - [15/Apr/2025:18:58:37 -0400] "POST /wp-cron.php?doing_wp_cron=1744757916.7715799808502197265625 HTTP/1.1" 200 0 "-" "WordPress/6.7.2; https://fileluna.com"
3.144.4.60 - - [15/Apr/2025:18:58:31 -0400] "GET /the-value-of-culture-gift-certificate-discount/feed HTTP/1.1" 301 0 "-" "Mozilla/5.0 AppleWebKit/537.36 (KHTML, like Gecko; compatible; ClaudeBot/1.0; +claudebot@anthropic.com)"
198.54.114.83 - - [15/Apr/2025:18:58:40 -0400] "POST /wp-admin/admin-ajax.php?action=async_litespeed&nonce=OB882AdNBCukG9ok75lLYLqdtXmUvWkh&litespeed_type=imgoptm HTTP/1.1" 200 0 "-" "WordPress/6.7.2; https://fileluna.com"
3.144.4.60 - - [15/Apr/2025:18:58:42 -0400] "GET /the-value-of-culture-gift-certificate-discount/feed/ HTTP/1.1" 200 0 "https://fileluna.com/the-value-of-culture-gift-certificate-discount/feed" "Mozilla/5.0 AppleWebKit/537.36 (KHTML, like Gecko; compatible; ClaudeBot/1.0; +claudebot@anthropic.com)"
185.57.11.246 - - [15/Apr/2025:19:06:30 -0400] "POST /wp-login.php HTTP/1.1" 200 0 "https://fileluna.com" "Mozilla/5.0 (Macintosh; Intel Mac OS X 10.15; rv:126.0) Gecko/20100101 Firefox/126.0"
198.54.114.83 - - [15/Apr/2025:19:06:40 -0400] "POST /wp-cron.php?doing_wp_cron=1744758398.0636589527130126953125 HTTP/1.1" 200 0 "-" "WordPress/6.7.2; https://fileluna.com"
114.119.148.27 - - [15/Apr/2025:19:13:52 -0400] "GET /qualitat-und-zuverlassigkeit/ HTTP/1.1" 200 11687 "https://fileluna.com/2024/page/31/" "Mozilla/5.0 (Linux; Android 7.0;) AppleWebKit/537.36 (KHTML, like Gecko) Mobile Safari/537.36 (compatible; PetalBot;+https://webmaster.petalsearch.com/site/petalbot)"
198.54.114.83 - - [15/Apr/2025:19:14:00 -0400] "POST /wp-cron.php?doing_wp_cron=1744758838.1646459102630615234375 HTTP/1.1" 200 0 "-" "WordPress/6.7.2; https://fileluna.com"
114.119.137.80 - - [15/Apr/2025:19:15:12 -0400] "GET /category/arts-entertainments/page/13/ HTTP/1.1" 200 11123 "https://fileluna.com/category/arts-entertainments/page/10/" "Mozilla/5.0 (Linux; Android 7.0;) AppleWebKit/537.36 (KHTML, like Gecko) Mobile Safari/537.36 (compatible; PetalBot;+https://webmaster.petalsearch.com/site/petalbot)"
198.54.114.83 - - [15/Apr/2025:19:15:16 -0400] "POST /wp-cron.php?doing_wp_cron=1744758913.4019699096679687500000 HTTP/1.1" 200 0 "-" "WordPress/6.7.2; https://fileluna.com"
36.41.75.167 - - [15/Apr/2025:19:15:54 -0400] "GET / HTTP/1.1" 200 12524 "http://fileluna.com" "Mozilla/5.0 (iPhone; CPU iPhone OS 13_2_3 like Mac OS X) AppleWebKit/605.1.15 (KHTML, like Gecko) Version/13.0.3 Mobile/15E148 Safari/604.1"
114.119.132.228 - - [15/Apr/2025:19:16:07 -0400] "GET /author/admin/page/11/ HTTP/1.1" 200 11309 "https://fileluna.com/author/admin/page/12/" "Mozilla/5.0 (Linux; Android 7.0;) AppleWebKit/537.36 (KHTML, like Gecko) Mobile Safari/537.36 (compatible; PetalBot;+https://webmaster.petalsearch.com/site/petalbot)"
198.54.114.83 - - [15/Apr/2025:19:18:21 -0400] "POST /wp-cron.php?doing_wp_cron=1744759100.9485509395599365234375 HTTP/1.1" 200 0 "-" "WordPress/6.7.2; https://fileluna.com"
104.43.93.163 - - [15/Apr/2025:19:18:16 -0400] "POST /wp-login.php HTTP/1.1" 200 1895 "https://fileluna.com" "Mozilla/5.0 (Windows NT 10.0; Win64; x64) AppleWebKit/537.36 (KHTML, like Gecko) Chrome/114.0.5735.134 Safari/537.36"
198.54.114.83 - - [15/Apr/2025:19:18:22 -0400] "POST /wp-admin/admin-ajax.php?action=async_litespeed&nonce=xLK7ueiTQS5kWtRObZXjYvuuiFCLOxZs&litespeed_type=imgoptm HTTP/1.1" 200 0 "-" "WordPress/6.7.2; https://fileluna.com"
198.54.114.83 - - [15/Apr/2025:19:27:20 -0400] "POST /wp-cron.php?doing_wp_cron=1744759638.2866261005401611328125 HTTP/1.1" 200 0 "-" "WordPress/6.7.2; https://fileluna.com"
103.82.25.111 - - [15/Apr/2025:19:27:13 -0400] "GET /wp-json/wp/v2/users/ HTTP/1.1" 200 1236 "-" "Mozilla/5.0 (X11; Linux x86_64) AppleWebKit/537.36 (KHTML, like Gecko) Chrome/135.0.7049.42 Safari/537.36"
198.54.114.83 - - [15/Apr/2025:19:28:53 -0400] "POST /wp-cron.php?doing_wp_cron=1744759733.3414649963378906250000 HTTP/1.1" 200 0 "-" "WordPress/6.7.2; https://fileluna.com"
198.54.114.83 - - [15/Apr/2025:19:28:54 -0400] "POST /wp-admin/admin-ajax.php?action=async_litespeed&nonce=ICqe8s5MhKh874NmyNM3gBmNQylwetOD&litespeed_type=imgoptm HTTP/1.1" 200 0 "-" "WordPress/6.7.2; https://fileluna.com"
114.119.137.80 - - [15/Apr/2025:19:28:49 -0400] "GET /why-purchasing-gift-certificates-is-a-great-idea/ HTTP/1.1" 200 11659 "https://fileluna.com/category/arts-entertainments/page/10/" "Mozilla/5.0 (Linux; Android 7.0;) AppleWebKit/537.36 (KHTML, like Gecko) Mobile Safari/537.36 (compatible; PetalBot;+https://webmaster.petalsearch.com/site/petalbot)"
216.244.66.246 - - [15/Apr/2025:19:29:02 -0400] "GET /robots.txt HTTP/1.1" 304 0 "-" "Mozilla/5.0 (compatible; DotBot/1.2; +https://opensiteexplorer.org/dotbot; help@moz.com)"
198.54.114.83 - - [15/Apr/2025:19:30:09 -0400] "POST /wp-cron.php?doing_wp_cron=1744759807.4462990760803222656250 HTTP/1.1" 200 0 "-" "WordPress/6.7.2; https://fileluna.com"
2a01:239:2c8:e100::1 - - [15/Apr/2025:19:30:06 -0400] "POST /wp-login.php HTTP/1.1" 200 1895 "https://fileluna.com" "Mozilla/5.0 (Macintosh; Intel Mac OS X 13.3; rv:126.0) Gecko/20100101 Firefox/126.0"
13.59.110.86 - - [15/Apr/2025:19:30:52 -0400] "GET /?p=955 HTTP/1.1" 301 0 "-" "Mozilla/5.0 AppleWebKit/537.36 (KHTML, like Gecko; compatible; ClaudeBot/1.0; +claudebot@anthropic.com)"
13.59.110.86 - - [15/Apr/2025:19:30:54 -0400] "GET /the-value-of-culture-gift-certificate-discount/ HTTP/1.1" 200 12173 "https://fileluna.com/?p=955" "Mozilla/5.0 AppleWebKit/537.36 (KHTML, like Gecko; compatible; ClaudeBot/1.0; +claudebot@anthropic.com)"
114.119.149.81 - - [15/Apr/2025:19:30:59 -0400] "GET /maximizing-your-youtube-reach-proven-strategies-for-increasing-views/ HTTP/1.1" 200 11938 "https://fileluna.com/2024/01/page/2/" "Mozilla/5.0 (Linux; Android 7.0;) AppleWebKit/537.36 (KHTML, like Gecko) Mobile Safari/537.36 (compatible; PetalBot;+https://webmaster.petalsearch.com/site/petalbot)"
198.54.114.83 - - [15/Apr/2025:19:42:03 -0400] "POST /wp-cron.php?doing_wp_cron=1744760523.6492240428924560546875 HTTP/1.1" 200 0 "-" "WordPress/6.7.2; https://fileluna.com"
67.223.118.141 - - [15/Apr/2025:19:41:57 -0400] "POST /wp-login.php HTTP/1.1" 200 1895 "https://fileluna.com" "Mozilla/5.0 (Windows NT 10.0; Win64; x64) AppleWebKit/537.36 (KHTML, like Gecko) Chrome/113.0.5672.126 Safari/537.36 Edg/113.0.1774.50"
198.54.114.83 - - [15/Apr/2025:19:42:06 -0400] "POST /wp-admin/admin-ajax.php?action=async_litespeed&nonce=HP5iklOsyyMcD55MLrjtVwusCnsx6W3V&litespeed_type=imgoptm HTTP/1.1" 200 0 "-" "WordPress/6.7.2; https://fileluna.com"
114.119.129.198 - - [15/Apr/2025:19:47:39 -0400] "GET /the-importance-of-typing-speed-tests-2/ HTTP/1.1" 200 11764 "https://fileluna.com/category/arts-entertainments/page/27/" "Mozilla/5.0 (Linux; Android 7.0;) AppleWebKit/537.36 (KHTML, like Gecko) Mobile Safari/537.36 (compatible; PetalBot;+https://webmaster.petalsearch.com/site/petalbot)"
198.54.114.83 - - [15/Apr/2025:19:47:48 -0400] "POST /wp-cron.php?doing_wp_cron=1744760864.4584510326385498046875 HTTP/1.1" 200 0 "-" "WordPress/6.7.2; https://fileluna.com"
114.119.137.80 - - [15/Apr/2025:19:48:31 -0400] "GET /exploring-the-hidden-treasures-of-junk-yard-fort-myers/ HTTP/1.1" 200 12048 "https://fileluna.com/page/49/" "Mozilla/5.0 (Linux; Android 7.0;) AppleWebKit/537.36 (KHTML, like Gecko) Mobile Safari/537.36 (compatible; PetalBot;+https://webmaster.petalsearch.com/site/petalbot)"
198.54.114.83 - - [15/Apr/2025:19:49:31 -0400] "POST /wp-cron.php?doing_wp_cron=1744760969.3473529815673828125000 HTTP/1.1" 200 0 "-" "WordPress/6.7.2; https://fileluna.com"
114.119.137.80 - - [15/Apr/2025:19:49:24 -0400] "GET /embracing-cultural-gift-certificates-a-thoughtful-choice/ HTTP/1.1" 200 11592 "https://fileluna.com/page/24/" "Mozilla/5.0 (Linux; Android 7.0;) AppleWebKit/537.36 (KHTML, like Gecko) Mobile Safari/537.36 (compatible; PetalBot;+https://webmaster.petalsearch.com/site/petalbot)"
18.119.133.148 - - [15/Apr/2025:19:50:14 -0400] "GET /wp-json/wp/v2/posts/955 HTTP/1.1" 200 5259 "-" "Mozilla/5.0 AppleWebKit/537.36 (KHTML, like Gecko; compatible; ClaudeBot/1.0; +claudebot@anthropic.com)"
2001:df4:40c0:68d8::1 - - [15/Apr/2025:19:50:41 -0400] "GET /wp-login.php HTTP/1.1" 200 1759 "-" "GRequests/0.10"
198.54.114.83 - - [15/Apr/2025:19:50:43 -0400] "POST /wp-cron.php?doing_wp_cron=1744761042.8114919662475585937500 HTTP/1.1" 200 0 "-" "WordPress/6.7.2; https://fileluna.com"
2001:df4:40c0:68d8::1 - - [15/Apr/2025:19:50:42 -0400] "POST /wp-login.php HTTP/1.1" 200 1898 "-" "GRequests/0.10"
198.54.114.83 - - [15/Apr/2025:19:50:44 -0400] "POST /wp-admin/admin-ajax.php?action=async_litespeed&nonce=eRWFTjbUdtF48P2xFqE06ZGEa21o6MgX&litespeed_type=imgoptm HTTP/1.1" 200 0 "-" "WordPress/6.7.2; https://fileluna.com"
198.54.114.83 - - [15/Apr/2025:19:52:03 -0400] "POST /wp-cron.php?doing_wp_cron=1744761122.5753009319305419921875 HTTP/1.1" 200 0 "-" "WordPress/6.7.2; https://fileluna.com"
198.54.114.83 - - [15/Apr/2025:19:52:03 -0400] "POST /wp-admin/admin-ajax.php?action=async_litespeed&nonce=36Sr4vEiOWKvDbxvnT7IMAyOzkOTBj2G&litespeed_type=imgoptm HTTP/1.1" 200 5 "-" "WordPress/6.7.2; https://fileluna.com"
216.244.66.246 - - [15/Apr/2025:19:52:02 -0400] "GET /professionelle-wohnungsraumung-in-luneburg/ HTTP/1.1" 200 11888 "-" "Mozilla/5.0 (compatible; DotBot/1.2; +https://opensiteexplorer.org/dotbot; help@moz.com)"
198.54.114.83 - - [15/Apr/2025:19:53:52 -0400] "POST /wp-cron.php?doing_wp_cron=1744761231.7315371036529541015625 HTTP/1.1" 200 0 "-" "WordPress/6.7.2; https://fileluna.com"
135.148.137.109 - - [15/Apr/2025:19:53:47 -0400] "POST /wp-login.php HTTP/1.1" 200 1895 "https://fileluna.com" "Mozilla/5.0 (Windows NT 10.0; Win64; x64) AppleWebKit/537.36 (KHTML, like Gecko) Chrome/114.0.5735.199 Safari/537.36 Edg/114.0.1823.67"
190.92.214.100 - - [15/Apr/2025:20:03:09 -0400] "GET /author/admin/ HTTP/1.1" 200 11032 "https://fileluna.com/author/admin/" "Mozilla/5.0 (Macintosh; Intel Mac OS X 10_15_7) AppleWebKit/537.36 (KHTML, like Gecko) Chrome/119.0.0.0 Safari/537.36"
198.54.114.83 - - [15/Apr/2025:20:05:48 -0400] "POST /wp-cron.php?doing_wp_cron=1744761946.9460890293121337890625 HTTP/1.1" 200 0 "-" "WordPress/6.7.2; https://fileluna.com"
209.17.114.78 - - [15/Apr/2025:20:05:41 -0400] "POST /wp-login.php HTTP/1.1" 200 1894 "https://fileluna.com" "Mozilla/5.0 (Macintosh; Intel Mac OS X 10_15_7) AppleWebKit/537.36 (KHTML, like Gecko) Chrome/126.0.0.0 Safari/537.36"
198.54.114.83 - - [15/Apr/2025:20:07:52 -0400] "POST /wp-cron.php?doing_wp_cron=1744762072.2836680412292480468750 HTTP/1.1" 200 0 "-" "WordPress/6.7.2; https://fileluna.com"
114.119.129.34 - - [15/Apr/2025:20:07:48 -0400] "GET /umzugsunternehmen-in-luneburg-ihr-partner-fur-einen-stressfreien-umzug/ HTTP/1.1" 200 11827 "https://fileluna.com/category/arts-entertainments/page/33/" "Mozilla/5.0 (Linux; Android 7.0;) AppleWebKit/537.36 (KHTML, like Gecko) Mobile Safari/537.36 (compatible; PetalBot;+https://webmaster.petalsearch.com/site/petalbot)"
198.54.114.83 - - [15/Apr/2025:20:07:53 -0400] "POST /wp-admin/admin-ajax.php?action=async_litespeed&nonce=VsGUJEseQ1jZ08OL7A0yp2HU0Y9e3Clw&litespeed_type=imgoptm HTTP/1.1" 200 0 "-" "WordPress/6.7.2; https://fileluna.com"
198.54.114.83 - - [15/Apr/2025:20:09:06 -0400] "POST /wp-cron.php?doing_wp_cron=1744762144.7391929626464843750000 HTTP/1.1" 200 0 "-" "WordPress/6.7.2; https://fileluna.com"
114.119.148.27 - - [15/Apr/2025:20:09:04 -0400] "GET /a-new-era-in-gambling/ HTTP/1.1" 200 11562 "https://fileluna.com/2024/page/32/" "Mozilla/5.0 (Linux; Android 7.0;) AppleWebKit/537.36 (KHTML, like Gecko) Mobile Safari/537.36 (compatible; PetalBot;+https://webmaster.petalsearch.com/site/petalbot)"
198.54.114.83 - - [15/Apr/2025:20:10:41 -0400] "POST /wp-cron.php?doing_wp_cron=1744762240.7770268917083740234375 HTTP/1.1" 200 0 "-" "WordPress/6.7.2; https://fileluna.com"
114.119.129.198 - - [15/Apr/2025:20:10:34 -0400] "GET /2024/page/40/ HTTP/1.1" 200 11090 "https://fileluna.com/2024/page/39/" "Mozilla/5.0 (Linux; Android 7.0;) AppleWebKit/537.36 (KHTML, like Gecko) Mobile Safari/537.36 (compatible; PetalBot;+https://webmaster.petalsearch.com/site/petalbot)"
198.54.114.83 - - [15/Apr/2025:20:10:42 -0400] "POST /wp-admin/admin-ajax.php?action=async_litespeed&nonce=1KrP0O75lQXgKXyYJaGwvxd85dufzQWg&litespeed_type=imgoptm HTTP/1.1" 200 0 "-" "WordPress/6.7.2; https://fileluna.com"
198.54.114.83 - - [15/Apr/2025:20:12:02 -0400] "POST /wp-cron.php?doing_wp_cron=1744762322.0588839054107666015625 HTTP/1.1" 200 0 "-" "WordPress/6.7.2; https://fileluna.com"
198.54.114.83 - - [15/Apr/2025:20:12:03 -0400] "POST /wp-admin/admin-ajax.php?action=async_litespeed&nonce=sn8zERcKWfJ7Y7MfOmeulmatgaMtVTNB&litespeed_type=imgoptm HTTP/1.1" 200 5 "-" "WordPress/6.7.2; https://fileluna.com"
114.119.148.27 - - [15/Apr/2025:20:12:01 -0400] "GET /%EC%B6%9C%EC%9E%A5%EC%95%88%EB%A7%88/ HTTP/1.1" 200 11385 "https://fileluna.com/%ec%b6%9c%ec%9e%a5%ec%95%88%eb%a7%88/" "Mozilla/5.0 (Linux; Android 7.0;) AppleWebKit/537.36 (KHTML, like Gecko) Mobile Safari/537.36 (compatible; PetalBot;+https://webmaster.petalsearch.com/site/petalbot)"
198.54.114.83 - - [15/Apr/2025:20:17:43 -0400] "POST /wp-cron.php?doing_wp_cron=1744762663.5916690826416015625000 HTTP/1.1" 200 0 "-" "WordPress/6.7.2; https://fileluna.com"
198.54.119.106 - - [15/Apr/2025:20:17:39 -0400] "POST /wp-login.php HTTP/1.1" 200 1894 "https://fileluna.com" "Mozilla/5.0 (Windows NT 10.0; Win64; x64; rv:126.0) Gecko/20100101 Firefox/126.0"
198.54.114.83 - - [15/Apr/2025:20:17:45 -0400] "POST /wp-admin/admin-ajax.php?action=async_litespeed&nonce=Vmoq6ZkJQIRPBdEF2U0xg13H853d83ls&litespeed_type=imgoptm HTTP/1.1" 200 0 "-" "WordPress/6.7.2; https://fileluna.com"
198.54.114.83 - - [15/Apr/2025:20:21:57 -0400] "POST /wp-cron.php?doing_wp_cron=1744762916.6774311065673828125000 HTTP/1.1" 200 0 "-" "WordPress/6.7.2; https://fileluna.com"
51.89.68.103 - - [15/Apr/2025:20:21:52 -0400] "GET /wp-content/plugins/suretriggers/app/build/main.css HTTP/1.1" 404 8709 "-" "Mozilla/5.0 (Windows NT 10.0; Win64; x64) AppleWebKit/537.36 (KHTML, like Gecko) Chrome/127.0.0.0 Safari/537.36"
198.54.114.83 - - [15/Apr/2025:20:21:58 -0400] "POST /wp-admin/admin-ajax.php?action=async_litespeed&nonce=XqgdrbEcNnta7xsu3ppTLlwu76ylmdt3&litespeed_type=imgoptm HTTP/1.1" 200 0 "-" "WordPress/6.7.2; https://fileluna.com"
198.54.114.83 - - [15/Apr/2025:20:26:22 -0400] "POST /wp-cron.php?doing_wp_cron=1744763182.3192830085754394531250 HTTP/1.1" 200 0 "-" "WordPress/6.7.2; https://fileluna.com"
198.54.114.83 - - [15/Apr/2025:20:26:23 -0400] "POST /wp-admin/admin-ajax.php?action=async_litespeed&nonce=r9T5mpWvg2EZqhP6HfJwJWujOTNQ9ROB&litespeed_type=imgoptm HTTP/1.1" 200 0 "-" "WordPress/6.7.2; https://fileluna.com"
114.119.132.163 - - [15/Apr/2025:20:26:17 -0400] "GET /the-essentials-of-international-freight-forwarding/ HTTP/1.1" 200 11623 "https://fileluna.com/reclaim-your-posture-effective-solutions-for-forward-head-syndrome/" "Mozilla/5.0 (Linux; Android 7.0;) AppleWebKit/537.36 (KHTML, like Gecko) Mobile Safari/537.36 (compatible; PetalBot;+https://webmaster.petalsearch.com/site/petalbot)"
114.119.129.198 - - [15/Apr/2025:20:27:57 -0400] "GET /gitarre-spielen-lernen-schritt-fur-schritt/ HTTP/1.1" 200 11956 "https://fileluna.com/2024/page/2/" "Mozilla/5.0 (Linux; Android 7.0;) AppleWebKit/537.36 (KHTML, like Gecko) Mobile Safari/537.36 (compatible; PetalBot;+https://webmaster.petalsearch.com/site/petalbot)"
198.54.114.83 - - [15/Apr/2025:20:28:01 -0400] "POST /wp-cron.php?doing_wp_cron=1744763280.7446808815002441406250 HTTP/1.1" 200 0 "-" "WordPress/6.7.2; https://fileluna.com"
52.169.84.30 - - [15/Apr/2025:20:27:59 -0400] "GET /geju.php HTTP/1.1" 404 8709 "-" "-"
52.169.84.30 - - [15/Apr/2025:20:28:04 -0400] "GET /wp-content/plugins/about.php HTTP/1.1" 404 8709 "-" "-"
52.169.84.30 - - [15/Apr/2025:20:28:08 -0400] "GET /wp.php HTTP/1.1" 404 8709 "-" "-"
52.169.84.30 - - [15/Apr/2025:20:28:10 -0400] "GET /hoot.php HTTP/1.1" 404 8709 "-" "-"
52.169.84.30 - - [15/Apr/2025:20:28:13 -0400] "GET /about.php HTTP/1.1" 404 8709 "-" "-"
52.169.84.30 - - [15/Apr/2025:20:28:15 -0400] "GET /admin.php HTTP/1.1" 404 8709 "-" "-"
52.169.84.30 - - [15/Apr/2025:20:28:16 -0400] "GET /wp-content/plugins/admin.php HTTP/1.1" 404 8709 "-" "-"
52.169.84.30 - - [15/Apr/2025:20:28:18 -0400] "GET /wp-content/db-cache.php HTTP/1.1" 404 8709 "-" "-"
52.169.84.30 - - [15/Apr/2025:20:28:19 -0400] "GET /wp-content/themes/twentyeleven/functions.php HTTP/1.1" 404 8709 "-" "-"
52.169.84.30 - - [15/Apr/2025:20:28:20 -0400] "GET /wp-content/themes/oceanwp/functions.php HTTP/1.1" 404 8709 "-" "-"
52.169.84.30 - - [15/Apr/2025:20:28:22 -0400] "GET /wp-content/themes/twentythirteen/functions.php HTTP/1.1" 404 8709 "-" "-"
52.169.84.30 - - [15/Apr/2025:20:28:24 -0400] "GET /wp-content/themes/kadence/functions.php HTTP/1.1" 404 8709 "-" "-"
52.169.84.30 - - [15/Apr/2025:20:28:26 -0400] "GET /wp-content/themes/twentytwenty/functions.php HTTP/1.1" 404 8709 "-" "-"
52.169.84.30 - - [15/Apr/2025:20:28:29 -0400] "GET /content.php HTTP/1.1" 404 8709 "-" "-"
52.169.84.30 - - [15/Apr/2025:20:28:31 -0400] "GET /wp-content/plugins/not/includes/about.php HTTP/1.1" 404 8709 "-" "-"
52.169.84.30 - - [15/Apr/2025:20:28:33 -0400] "GET /wp-content/plugins/simple/simple.php HTTP/1.1" 404 8709 "-" "-"
52.169.84.30 - - [15/Apr/2025:20:28:36 -0400] "GET /wp-content/plugins/wp-theme-editor/include.php HTTP/1.1" 404 8709 "-" "-"
52.169.84.30 - - [15/Apr/2025:20:28:39 -0400] "GET /wp-content/themes/aahana/json.php HTTP/1.1" 404 8709 "-" "-"
52.169.84.30 - - [15/Apr/2025:20:28:43 -0400] "GET /wp-content/plugins/awesome-coming-soon/come.php HTTP/1.1" 404 8709 "-" "-"
52.169.84.30 - - [15/Apr/2025:20:28:47 -0400] "GET /wp-content/plugins/wp-conflg.php HTTP/1.1" 404 8709 "-" "-"
52.169.84.30 - - [15/Apr/2025:20:28:49 -0400] "GET /berlin.php HTTP/1.1" 404 8709 "-" "-"
52.169.84.30 - - [15/Apr/2025:20:28:51 -0400] "GET /wp-includes/Requests/about.php HTTP/1.1" 404 8709 "-" "-"
52.169.84.30 - - [15/Apr/2025:20:28:52 -0400] "GET /wp-includes/style-engine/about.php HTTP/1.1" 404 8709 "-" "-"
52.169.84.30 - - [15/Apr/2025:20:28:55 -0400] "GET /wp-includes/rest-api/about.php HTTP/1.1" 404 8709 "-" "-"
52.169.84.30 - - [15/Apr/2025:20:28:57 -0400] "GET /wp-includes/SimplePie/about.php HTTP/1.1" 404 8709 "-" "-"
52.169.84.30 - - [15/Apr/2025:20:28:59 -0400] "GET /wp-content/banners/about.php HTTP/1.1" 404 8709 "-" "-"
198.54.114.83 - - [15/Apr/2025:20:29:03 -0400] "POST /wp-cron.php?doing_wp_cron=1744763343.3865671157836914062500 HTTP/1.1" 200 0 "-" "WordPress/6.7.2; https://fileluna.com"
52.169.84.30 - - [15/Apr/2025:20:29:02 -0400] "GET /wp-content/about.php HTTP/1.1" 404 8709 "-" "-"
198.54.114.83 - - [15/Apr/2025:20:29:04 -0400] "POST /wp-admin/admin-ajax.php?action=async_litespeed&nonce=u2DwYKsuiIKbjjp3L5iB9CvcXYwRZMcu&litespeed_type=imgoptm HTTP/1.1" 200 5 "-" "WordPress/6.7.2; https://fileluna.com"
52.169.84.30 - - [15/Apr/2025:20:29:06 -0400] "GET /.well-known/about.php HTTP/1.1" 404 8709 "-" "-"
52.169.84.30 - - [15/Apr/2025:20:29:08 -0400] "GET /wp-includes/Text/about.php HTTP/1.1" 404 8709 "-" "-"
52.169.84.30 - - [15/Apr/2025:20:29:10 -0400] "GET /wp-includes/ID3/about.php HTTP/1.1" 404 8709 "-" "-"
52.169.84.30 - - [15/Apr/2025:20:29:13 -0400] "GET /img/about.php HTTP/1.1" 404 8709 "-" "-"
52.169.84.30 - - [15/Apr/2025:20:29:14 -0400] "GET /wp-content/languages/about.php HTTP/1.1" 404 8709 "-" "-"
52.169.84.30 - - [15/Apr/2025:20:29:16 -0400] "GET /wp-includes/customize/about.php HTTP/1.1" 404 8709 "-" "-"
52.169.84.30 - - [15/Apr/2025:20:29:18 -0400] "GET /wp-includes.bak/html-api/about.php HTTP/1.1" 404 8709 "-" "-"
52.169.84.30 - - [15/Apr/2025:20:29:22 -0400] "GET /wp-includes/widgets/about.php HTTP/1.1" 404 8709 "-" "-"
52.169.84.30 - - [15/Apr/2025:20:29:25 -0400] "GET /wp-includes/IXR/about.php HTTP/1.1" 404 8709 "-" "-"
52.169.84.30 - - [15/Apr/2025:20:29:30 -0400] "GET /wp-admin/js/about.php HTTP/1.1" 404 8709 "-" "-"
52.169.84.30 - - [15/Apr/2025:20:29:34 -0400] "GET /.well-known/pki-validation/about.php HTTP/1.1" 404 1251 "-" "-"
178.22.126.103 - - [15/Apr/2025:20:29:34 -0400] "POST /wp-login.php HTTP/1.1" 200 1894 "https://fileluna.com" "Mozilla/5.0 (Windows NT 10.0; Win64; x64) AppleWebKit/537.36 (KHTML, like Gecko) Chrome/116.0.5845.96 Safari/537.36 Edg/116.0.1938.62"
52.169.84.30 - - [15/Apr/2025:20:29:35 -0400] "GET /wp-includes/pomo/about.php HTTP/1.1" 404 8709 "-" "-"
52.169.84.30 - - [15/Apr/2025:20:29:38 -0400] "GET /wp-includes/block-patterns/about.php HTTP/1.1" 404 8709 "-" "-"
114.119.132.163 - - [15/Apr/2025:20:29:41 -0400] "GET /author/admin/page/44/ HTTP/1.1" 200 11482 "https://fileluna.com/author/admin/page/47/" "Mozilla/5.0 (Linux; Android 7.0;) AppleWebKit/537.36 (KHTML, like Gecko) Mobile Safari/537.36 (compatible; PetalBot;+https://webmaster.petalsearch.com/site/petalbot)"
52.169.84.30 - - [15/Apr/2025:20:29:42 -0400] "GET /wp-content/updraft/about.php HTTP/1.1" 404 8709 "-" "-"
52.169.84.30 - - [15/Apr/2025:20:29:44 -0400] "GET /wp-content/upgrade-temp-backup/about.php HTTP/1.1" 404 8709 "-" "-"
52.169.84.30 - - [15/Apr/2025:20:29:47 -0400] "GET /wp-content/themes/about.php HTTP/1.1" 404 8709 "-" "-"
52.169.84.30 - - [15/Apr/2025:20:29:52 -0400] "GET /wp-admin/includes/about.php HTTP/1.1" 404 8709 "-" "-"
52.169.84.30 - - [15/Apr/2025:20:29:55 -0400] "GET /images/about.php HTTP/1.1" 404 8709 "-" "-"
52.169.84.30 - - [15/Apr/2025:20:29:58 -0400] "GET /wp-content/blogs.dir/about.php HTTP/1.1" 404 8709 "-" "-"
198.54.114.83 - - [15/Apr/2025:20:30:08 -0400] "POST /wp-cron.php?doing_wp_cron=1744763406.8680050373077392578125 HTTP/1.1" 200 0 "-" "WordPress/6.7.2; https://fileluna.com"
52.169.84.30 - - [15/Apr/2025:20:30:06 -0400] "GET /wp-includes/images/about.php HTTP/1.1" 404 8709 "-" "-"
198.54.114.83 - - [15/Apr/2025:20:30:10 -0400] "POST /wp-admin/admin-ajax.php?action=async_litespeed&nonce=fdckTPn7kiD3rcrcLgToz4zN7sxp0Msz&litespeed_type=imgoptm HTTP/1.1" 200 0 "-" "WordPress/6.7.2; https://fileluna.com"
52.169.84.30 - - [15/Apr/2025:20:30:11 -0400] "GET /wp-includes/about.php HTTP/1.1" 404 8709 "-" "-"
52.169.84.30 - - [15/Apr/2025:20:30:14 -0400] "GET /cgi-bin/about.php HTTP/1.1" 404 8709 "-" "-"
52.169.84.30 - - [15/Apr/2025:20:30:16 -0400] "GET /wp-content/gallery/about.php HTTP/1.1" 404 8709 "-" "-"
52.169.84.30 - - [15/Apr/2025:20:30:19 -0400] "GET /wp-includes/blocks/about.php HTTP/1.1" 404 8709 "-" "-"
52.169.84.30 - - [15/Apr/2025:20:30:21 -0400] "GET /wp-admin/css/about.php HTTP/1.1" 404 8709 "-" "-"
52.169.84.30 - - [15/Apr/2025:20:30:24 -0400] "GET /wp-admin/images/about.php HTTP/1.1" 404 8709 "-" "-"
52.169.84.30 - - [15/Apr/2025:20:30:27 -0400] "GET /.well-known/pki-validation/cloud.php HTTP/1.1" 404 1251 "-" "-"
52.169.84.30 - - [15/Apr/2025:20:30:27 -0400] "GET /.well-known/acme-challenge/cloud.php HTTP/1.1" 404 8709 "-" "-"
52.169.84.30 - - [15/Apr/2025:20:30:31 -0400] "GET /wp-admin/network/cloud.php HTTP/1.1" 404 8709 "-" "-"
52.169.84.30 - - [15/Apr/2025:20:30:34 -0400] "GET /cloud.php HTTP/1.1" 404 8709 "-" "-"
52.169.84.30 - - [15/Apr/2025:20:30:36 -0400] "GET /cgi-bin/cloud.php HTTP/1.1" 404 8709 "-" "-"
52.169.84.30 - - [15/Apr/2025:20:30:39 -0400] "GET /wp-content/updates.php HTTP/1.1" 404 8709 "-" "-"
103.11.103.186 - - [15/Apr/2025:20:30:43 -0400] "GET /wp-login.php HTTP/1.1" 200 1759 "-" "GRequests/0.10"
52.169.84.30 - - [15/Apr/2025:20:30:43 -0400] "GET /css/cloud.php HTTP/1.1" 404 8709 "-" "-"
103.11.103.186 - - [15/Apr/2025:20:30:45 -0400] "POST /wp-login.php HTTP/1.1" 200 1901 "-" "GRequests/0.10"
52.169.84.30 - - [15/Apr/2025:20:30:47 -0400] "GET /wp-admin/user/cloud.php HTTP/1.1" 404 8709 "-" "-"
52.169.84.30 - - [15/Apr/2025:20:30:49 -0400] "GET /img/cloud.php HTTP/1.1" 404 8709 "-" "-"
52.169.84.30 - - [15/Apr/2025:20:30:51 -0400] "GET /wp-admin/css/colors/coffee/cloud.php HTTP/1.1" 404 8709 "-" "-"
52.169.84.30 - - [15/Apr/2025:20:30:54 -0400] "GET /wp-admin/images/cloud.php HTTP/1.1" 404 8709 "-" "-"
52.169.84.30 - - [15/Apr/2025:20:30:56 -0400] "GET /avaa.php HTTP/1.1" 404 8709 "-" "-"
52.169.84.30 - - [15/Apr/2025:20:30:57 -0400] "GET /images/cloud.php HTTP/1.1" 404 8709 "-" "-"
52.169.84.30 - - [15/Apr/2025:20:30:59 -0400] "GET /wp-admin/js/widgets/cloud.php HTTP/1.1" 404 8709 "-" "-"
52.169.84.30 - - [15/Apr/2025:20:31:01 -0400] "GET /wp-includes/Requests/Text/admin.php HTTP/1.1" 404 8709 "-" "-"
198.54.114.83 - - [15/Apr/2025:20:31:04 -0400] "POST /wp-cron.php?doing_wp_cron=1744763463.4468410015106201171875 HTTP/1.1" 200 0 "-" "WordPress/6.7.2; https://fileluna.com"
198.54.114.83 - - [15/Apr/2025:20:31:04 -0400] "POST /wp-admin/admin-ajax.php?action=async_litespeed&nonce=udcofYbD26ep3ADYiPPMw8iMh88eXzKF&litespeed_type=imgoptm HTTP/1.1" 200 5 "-" "WordPress/6.7.2; https://fileluna.com"
52.169.84.30 - - [15/Apr/2025:20:31:03 -0400] "GET /wp-admin/css/colors/cloud.php HTTP/1.1" 404 8709 "-" "-"
52.169.84.30 - - [15/Apr/2025:20:31:05 -0400] "GET /wp-admin/includes/cloud.php HTTP/1.1" 404 8709 "-" "-"
52.169.84.30 - - [15/Apr/2025:20:31:07 -0400] "GET /wp-admin/css/colors/blue/cloud.php HTTP/1.1" 404 8709 "-" "-"
52.169.84.30 - - [15/Apr/2025:20:31:09 -0400] "GET /wp-admin/cloud.php HTTP/1.1" 404 8709 "-" "-"
52.169.84.30 - - [15/Apr/2025:20:31:10 -0400] "GET /updates.php HTTP/1.1" 404 8709 "-" "-"
52.169.84.30 - - [15/Apr/2025:20:31:12 -0400] "GET /libraries/legacy/updates.php HTTP/1.1" 404 8709 "-" "-"
52.169.84.30 - - [15/Apr/2025:20:31:15 -0400] "GET /libraries/phpmailer/updates.php HTTP/1.1" 404 8709 "-" "-"
52.169.84.30 - - [15/Apr/2025:20:31:17 -0400] "GET /libraries/vendor/updates.php HTTP/1.1" 404 8709 "-" "-"
52.169.84.30 - - [15/Apr/2025:20:31:18 -0400] "GET /alfa-rex.php7 HTTP/1.1" 404 8709 "-" "-"
52.169.84.30 - - [15/Apr/2025:20:31:19 -0400] "GET /alfanew.php HTTP/1.1" 404 8709 "-" "-"
52.169.84.30 - - [15/Apr/2025:20:31:21 -0400] "GET /wp-content/plugins/Cache/Cache.php HTTP/1.1" 404 8709 "-" "-"
52.169.84.30 - - [15/Apr/2025:20:31:22 -0400] "GET /wp-admin/js/widgets/about.php7 HTTP/1.1" 404 8709 "-" "-"
52.169.84.30 - - [15/Apr/2025:20:31:25 -0400] "GET /wp-p.php7 HTTP/1.1" 404 8709 "-" "-"
52.169.84.30 - - [15/Apr/2025:20:31:26 -0400] "GET /wp-admin/repeater.php HTTP/1.1" 404 8709 "-" "-"
52.169.84.30 - - [15/Apr/2025:20:31:28 -0400] "GET /wp-includes/repeater.php HTTP/1.1" 404 8709 "-" "-"
52.169.84.30 - - [15/Apr/2025:20:31:31 -0400] "GET /wp-content/repeater.php HTTP/1.1" 404 8709 "-" "-"
52.169.84.30 - - [15/Apr/2025:20:31:33 -0400] "GET /wsoyanz.php HTTP/1.1" 404 8709 "-" "-"
52.169.84.30 - - [15/Apr/2025:20:31:36 -0400] "GET /yanz.php HTTP/1.1" 404 8709 "-" "-"
52.169.84.30 - - [15/Apr/2025:20:31:38 -0400] "GET /wp-content/plugins/seoo/wsoyanz.php HTTP/1.1" 404 8709 "-" "-"
52.169.84.30 - - [15/Apr/2025:20:31:41 -0400] "GET /wp-content/plugins/seoo/wsoyanz1.php HTTP/1.1" 404 8709 "-" "-"
52.169.84.30 - - [15/Apr/2025:20:31:42 -0400] "GET /cache-compat.php HTTP/1.1" 404 8709 "-" "-"
52.169.84.30 - - [15/Apr/2025:20:31:44 -0400] "GET /ajax-actions.php HTTP/1.1" 404 8709 "-" "-"
52.169.84.30 - - [15/Apr/2025:20:31:45 -0400] "GET /wp-admin/ajax-actions.php HTTP/1.1" 404 8709 "-" "-"
52.169.84.30 - - [15/Apr/2025:20:31:47 -0400] "GET /wp-consar.php HTTP/1.1" 404 8709 "-" "-"
52.169.84.30 - - [15/Apr/2025:20:31:49 -0400] "GET /repeater.php HTTP/1.1" 404 8709 "-" "-"
52.169.84.30 - - [15/Apr/2025:20:31:50 -0400] "GET /admin-post.php HTTP/1.1" 404 8709 "-" "-"
52.169.84.30 - - [15/Apr/2025:20:31:51 -0400] "GET /wp-admin/maint/maint/ajax-actions.php HTTP/1.1" 404 8709 "-" "-"
52.169.84.30 - - [15/Apr/2025:20:31:53 -0400] "GET /wp-admin/dropdown.php HTTP/1.1" 404 8709 "-" "-"
52.169.84.30 - - [15/Apr/2025:20:31:54 -0400] "GET /wp-admin/css/index.php HTTP/1.1" 301 0 "-" "-"
52.169.84.30 - - [15/Apr/2025:20:31:56 -0400] "GET /wp-admin/css/ HTTP/1.1" 403 1242 "-" "-"
52.169.84.30 - - [15/Apr/2025:20:31:57 -0400] "GET /dropdown.php HTTP/1.1" 404 8709 "-" "-"
52.169.84.30 - - [15/Apr/2025:20:31:58 -0400] "GET /about.php7 HTTP/1.1" 404 8709 "-" "-"
52.169.84.30 - - [15/Apr/2025:20:32:00 -0400] "GET /alfanew.php7 HTTP/1.1" 404 8709 "-" "-"
198.54.114.83 - - [15/Apr/2025:20:32:03 -0400] "POST /wp-cron.php?doing_wp_cron=1744763523.3455750942230224609375 HTTP/1.1" 200 0 "-" "WordPress/6.7.2; https://fileluna.com"
198.54.114.83 - - [15/Apr/2025:20:32:04 -0400] "POST /wp-admin/admin-ajax.php?action=async_litespeed&nonce=G6djwVATKIIvRnzft6DpzKIF7gVnDKmM&litespeed_type=imgoptm HTTP/1.1" 200 5 "-" "WordPress/6.7.2; https://fileluna.com"
52.169.84.30 - - [15/Apr/2025:20:32:02 -0400] "GET /adminfuns.php7 HTTP/1.1" 404 8709 "-" "-"
52.169.84.30 - - [15/Apr/2025:20:32:07 -0400] "GET /ebs.php7 HTTP/1.1" 404 8709 "-" "-"
52.169.84.30 - - [15/Apr/2025:20:32:10 -0400] "GET /ws.php7 HTTP/1.1" 404 8709 "-" "-"
52.169.84.30 - - [15/Apr/2025:20:32:13 -0400] "GET /alfanew2.php7 HTTP/1.1" 404 8709 "-" "-"
52.169.84.30 - - [15/Apr/2025:20:32:16 -0400] "GET /alfa-rex2.php7 HTTP/1.1" 404 8709 "-" "-"
52.169.84.30 - - [15/Apr/2025:20:32:18 -0400] "GET /wp-admin/images/index.php HTTP/1.1" 301 0 "-" "-"
52.169.84.30 - - [15/Apr/2025:20:32:19 -0400] "GET /wp-admin/images/ HTTP/1.1" 403 1242 "-" "-"
52.169.84.30 - - [15/Apr/2025:20:32:21 -0400] "GET /wp-admin/css/colors/index.php HTTP/1.1" 301 0 "-" "-"
52.169.84.30 - - [15/Apr/2025:20:32:22 -0400] "GET /wp-admin/css/colors/ HTTP/1.1" 403 1242 "-" "-"
52.169.84.30 - - [15/Apr/2025:20:32:24 -0400] "GET /wp-content/themes/pridmag/db.php?u HTTP/1.1" 404 8709 "-" "-"
52.169.84.30 - - [15/Apr/2025:20:32:28 -0400] "GET /wp-content/themes/seotheme/mar.php HTTP/1.1" 404 8709 "-" "-"
52.169.84.30 - - [15/Apr/2025:20:32:31 -0400] "GET /wp-content/plugins/linkpreview/db.php?u HTTP/1.1" 404 8709 "-" "-"
52.169.84.30 - - [15/Apr/2025:20:32:33 -0400] "GET /wp-content/themes/seotheme/db.php?u HTTP/1.1" 404 8709 "-" "-"
52.169.84.30 - - [15/Apr/2025:20:32:35 -0400] "GET /wp-content/plugins/seoplugins/db.php?u HTTP/1.1" 404 8709 "-" "-"
52.169.84.30 - - [15/Apr/2025:20:32:37 -0400] "GET /wp-content/plugins/seoplugins/mar.php HTTP/1.1" 404 8709 "-" "-"
52.169.84.30 - - [15/Apr/2025:20:32:39 -0400] "GET /.well-known/pki-validation/xmrlpc.php?p= HTTP/1.1" 404 1251 "-" "-"
52.169.84.30 - - [15/Apr/2025:20:32:39 -0400] "GET /.well-known/acme-challenge/xmrlpc.php?p= HTTP/1.1" 301 0 "-" "-"
52.169.84.30 - - [15/Apr/2025:20:32:41 -0400] "GET /.well-known/acme-challenge/xmrlpc.php HTTP/1.1" 404 8709 "-" "-"
52.169.84.30 - - [15/Apr/2025:20:32:42 -0400] "GET /wp-admin/network/xmrlpc.php?p= HTTP/1.1" 301 0 "-" "-"
52.169.84.30 - - [15/Apr/2025:20:32:43 -0400] "GET /wp-admin/network/xmrlpc.php HTTP/1.1" 404 8709 "-" "-"
52.169.84.30 - - [15/Apr/2025:20:32:45 -0400] "GET /xmrlpc.php?p= HTTP/1.1" 301 0 "-" "-"
52.169.84.30 - - [15/Apr/2025:20:32:46 -0400] "GET /xmrlpc.php HTTP/1.1" 404 8709 "-" "-"
52.169.84.30 - - [15/Apr/2025:20:32:49 -0400] "GET /cgi-bin/xmrlpc.php?p= HTTP/1.1" 301 0 "-" "-"
52.169.84.30 - - [15/Apr/2025:20:32:50 -0400] "GET /cgi-bin/xmrlpc.php HTTP/1.1" 404 8709 "-" "-"
52.169.84.30 - - [15/Apr/2025:20:32:52 -0400] "GET /css/xmrlpc.php?p= HTTP/1.1" 301 0 "-" "-"
52.169.84.30 - - [15/Apr/2025:20:32:54 -0400] "GET /css/xmrlpc.php HTTP/1.1" 404 8709 "-" "-"
52.169.84.30 - - [15/Apr/2025:20:32:57 -0400] "GET /wp-admin/user/xmrlpc.php?p= HTTP/1.1" 301 0 "-" "-"
52.169.84.30 - - [15/Apr/2025:20:32:59 -0400] "GET /wp-admin/user/xmrlpc.php HTTP/1.1" 404 8709 "-" "-"
198.54.114.83 - - [15/Apr/2025:20:33:05 -0400] "POST /wp-cron.php?doing_wp_cron=1744763584.6671090126037597656250 HTTP/1.1" 200 0 "-" "WordPress/6.7.2; https://fileluna.com"
52.169.84.30 - - [15/Apr/2025:20:33:04 -0400] "GET /img/xmrlpc.php?p= HTTP/1.1" 301 0 "-" "-"
198.54.114.83 - - [15/Apr/2025:20:33:07 -0400] "POST /wp-admin/admin-ajax.php?action=async_litespeed&nonce=GA4P3mgEdULPffZ3IqXB9feGNba8Nvpq&litespeed_type=imgoptm HTTP/1.1" 200 0 "-" "WordPress/6.7.2; https://fileluna.com"
52.169.84.30 - - [15/Apr/2025:20:33:07 -0400] "GET /img/xmrlpc.php HTTP/1.1" 404 8709 "-" "-"
52.169.84.30 - - [15/Apr/2025:20:33:10 -0400] "GET /wp-admin/css/colors/coffee/xmrlpc.php?p= HTTP/1.1" 301 0 "-" "-"
52.169.84.30 - - [15/Apr/2025:20:33:11 -0400] "GET /wp-admin/css/colors/coffee/xmrlpc.php HTTP/1.1" 404 8709 "-" "-"
52.169.84.30 - - [15/Apr/2025:20:33:14 -0400] "GET /wp-admin/images/xmrlpc.php?p= HTTP/1.1" 301 0 "-" "-"
52.169.84.30 - - [15/Apr/2025:20:33:15 -0400] "GET /wp-admin/images/xmrlpc.php HTTP/1.1" 404 8709 "-" "-"
52.169.84.30 - - [15/Apr/2025:20:33:19 -0400] "GET /images/xmrlpc.php?p= HTTP/1.1" 301 0 "-" "-"
52.169.84.30 - - [15/Apr/2025:20:33:19 -0400] "GET /images/xmrlpc.php HTTP/1.1" 404 8709 "-" "-"
52.169.84.30 - - [15/Apr/2025:20:33:22 -0400] "GET /wp-admin/js/widgets/xmrlpc.php?p= HTTP/1.1" 301 0 "-" "-"
52.169.84.30 - - [15/Apr/2025:20:33:23 -0400] "GET /wp-admin/js/widgets/xmrlpc.php HTTP/1.1" 404 8709 "-" "-"
52.169.84.30 - - [15/Apr/2025:20:33:25 -0400] "GET /wp-admin/css/colors/xmrlpc.php?p= HTTP/1.1" 301 0 "-" "-"
52.169.84.30 - - [15/Apr/2025:20:33:26 -0400] "GET /wp-admin/css/colors/xmrlpc.php HTTP/1.1" 404 8709 "-" "-"
52.169.84.30 - - [15/Apr/2025:20:33:29 -0400] "GET /wp-admin/includes/xmrlpc.php?p= HTTP/1.1" 301 0 "-" "-"
52.169.84.30 - - [15/Apr/2025:20:33:30 -0400] "GET /wp-admin/includes/xmrlpc.php HTTP/1.1" 404 8709 "-" "-"
52.169.84.30 - - [15/Apr/2025:20:33:34 -0400] "GET /wp-admin/css/colors/blue/xmrlpc.php?p= HTTP/1.1" 301 0 "-" "-"
52.169.84.30 - - [15/Apr/2025:20:33:35 -0400] "GET /wp-admin/css/colors/blue/xmrlpc.php HTTP/1.1" 404 8709 "-" "-"
52.169.84.30 - - [15/Apr/2025:20:33:37 -0400] "GET /wp-admin/xmrlpc.php?p= HTTP/1.1" 301 0 "-" "-"
52.169.84.30 - - [15/Apr/2025:20:33:39 -0400] "GET /wp-admin/xmrlpc.php HTTP/1.1" 404 8709 "-" "-"
52.169.84.30 - - [15/Apr/2025:20:33:41 -0400] "GET /403.php HTTP/1.1" 404 8709 "-" "-"
52.169.84.30 - - [15/Apr/2025:20:33:45 -0400] "GET /css.php HTTP/1.1" 404 8709 "-" "-"
52.169.84.30 - - [15/Apr/2025:20:33:48 -0400] "GET /simple.php HTTP/1.1" 404 8709 "-" "-"
52.169.84.30 - - [15/Apr/2025:20:33:49 -0400] "GET /log.php HTTP/1.1" 404 8709 "-" "-"
52.169.84.30 - - [15/Apr/2025:20:33:51 -0400] "GET /index.php HTTP/1.1" 301 0 "-" "-"
52.169.84.30 - - [15/Apr/2025:20:33:52 -0400] "GET / HTTP/1.1" 200 12524 "-" "-"
52.169.84.30 - - [15/Apr/2025:20:33:53 -0400] "GET /mail.php HTTP/1.1" 404 8709 "-" "-"
52.169.84.30 - - [15/Apr/2025:20:33:55 -0400] "GET /bak.php HTTP/1.1" 404 8709 "-" "-"
52.169.84.30 - - [15/Apr/2025:20:33:58 -0400] "GET /upfile.php HTTP/1.1" 404 8709 "-" "-"
52.169.84.30 - - [15/Apr/2025:20:34:00 -0400] "GET /wp-conflg.php HTTP/1.1" 404 8709 "-" "-"
198.54.114.83 - - [15/Apr/2025:20:34:03 -0400] "POST /wp-cron.php?doing_wp_cron=1744763643.6292169094085693359375 HTTP/1.1" 200 0 "-" "WordPress/6.7.2; https://fileluna.com"
52.169.84.30 - - [15/Apr/2025:20:34:03 -0400] "GET /bypass.php HTTP/1.1" 404 8709 "-" "-"
198.54.114.83 - - [15/Apr/2025:20:34:04 -0400] "POST /wp-admin/admin-ajax.php?action=async_litespeed&nonce=GuheZsHXJg1jcYTtR7vpUVs2YNinuz29&litespeed_type=imgoptm HTTP/1.1" 200 0 "-" "WordPress/6.7.2; https://fileluna.com"
52.169.84.30 - - [15/Apr/2025:20:34:05 -0400] "GET /404.php HTTP/1.1" 404 8709 "-" "-"
52.169.84.30 - - [15/Apr/2025:20:34:07 -0400] "GET /radio.php HTTP/1.1" 404 8709 "-" "-"
52.169.84.30 - - [15/Apr/2025:20:34:10 -0400] "GET /xmrlpc.php HTTP/1.1" 404 8709 "-" "-"
52.169.84.30 - - [15/Apr/2025:20:34:10 -0400] "GET /ae.php HTTP/1.1" 404 8709 "-" "-"
52.169.84.30 - - [15/Apr/2025:20:34:12 -0400] "GET /moon.php HTTP/1.1" 404 8709 "-" "-"
52.169.84.30 - - [15/Apr/2025:20:34:13 -0400] "GET /blog.php HTTP/1.1" 404 8709 "-" "-"
52.169.84.30 - - [15/Apr/2025:20:34:15 -0400] "GET /themes.php HTTP/1.1" 404 8709 "-" "-"
52.169.84.30 - - [15/Apr/2025:20:34:17 -0400] "GET /ini.php HTTP/1.1" 404 8709 "-" "-"
52.169.84.30 - - [15/Apr/2025:20:34:19 -0400] "GET /as.php HTTP/1.1" 404 8709 "-" "-"
52.169.84.30 - - [15/Apr/2025:20:34:21 -0400] "GET /shell.php HTTP/1.1" 404 8709 "-" "-"
52.169.84.30 - - [15/Apr/2025:20:34:23 -0400] "GET /ws.php HTTP/1.1" 404 8709 "-" "-"
52.169.84.30 - - [15/Apr/2025:20:34:26 -0400] "GET /makeasmtp.php HTTP/1.1" 404 8709 "-" "-"
52.169.84.30 - - [15/Apr/2025:20:34:28 -0400] "GET /wp-sigunq.php HTTP/1.1" 404 8709 "-" "-"
52.169.84.30 - - [15/Apr/2025:20:34:31 -0400] "GET /wso112233.php HTTP/1.1" 404 8709 "-" "-"
52.169.84.30 - - [15/Apr/2025:20:34:33 -0400] "GET /fw.php HTTP/1.1" 404 8709 "-" "-"
52.169.84.30 - - [15/Apr/2025:20:34:37 -0400] "GET /install.php HTTP/1.1" 404 8709 "-" "-"
52.169.84.30 - - [15/Apr/2025:20:34:39 -0400] "GET /wp-login.php HTTP/1.1" 200 1759 "-" "-"
52.169.84.30 - - [15/Apr/2025:20:34:42 -0400] "GET /wp-content/plugins/google-seo-rank/module.php HTTP/1.1" 404 8709 "-" "-"
52.169.84.30 - - [15/Apr/2025:20:34:47 -0400] "GET /chosen.php HTTP/1.1" 404 8709 "-" "-"
52.169.84.30 - - [15/Apr/2025:20:34:49 -0400] "GET /inputs.php HTTP/1.1" 404 8709 "-" "-"
52.169.84.30 - - [15/Apr/2025:20:34:51 -0400] "GET /classsmtps.php HTTP/1.1" 404 8709 "-" "-"
52.169.84.30 - - [15/Apr/2025:20:34:53 -0400] "GET /wp-blog-header.php HTTP/1.1" 404 0 "-" "-"
52.169.84.30 - - [15/Apr/2025:20:34:55 -0400] "GET /wp-trackback.php HTTP/1.1" 404 91 "-" "-"
52.169.84.30 - - [15/Apr/2025:20:34:56 -0400] "GET /wp-signup.php HTTP/1.1" 302 0 "-" "-"
52.169.84.30 - - [15/Apr/2025:20:34:57 -0400] "GET /wp-login.php?action=register HTTP/1.1" 302 0 "-" "-"
52.169.84.30 - - [15/Apr/2025:20:34:58 -0400] "GET /wp-login.php?registration=disabled HTTP/1.1" 200 1832 "-" "-"
52.169.84.30 - - [15/Apr/2025:20:34:59 -0400] "GET /wp-comments-post.php HTTP/1.1" 405 0 "-" "-"
52.169.84.30 - - [15/Apr/2025:20:35:00 -0400] "GET /wp-cron.php HTTP/1.1" 200 0 "-" "-"
198.54.114.83 - - [15/Apr/2025:20:35:03 -0400] "POST /wp-cron.php?doing_wp_cron=1744763702.1560869216918945312500 HTTP/1.1" 200 0 "-" "WordPress/6.7.2; https://fileluna.com"
52.169.84.30 - - [15/Apr/2025:20:35:01 -0400] "GET /wp-load.php HTTP/1.1" 200 0 "-" "-"
198.54.114.83 - - [15/Apr/2025:20:35:03 -0400] "POST /wp-admin/admin-ajax.php?action=async_litespeed&nonce=JK3rHwrXs8dP6Rs7bE99yOjufM5rcNN4&litespeed_type=imgoptm HTTP/1.1" 200 5 "-" "WordPress/6.7.2; https://fileluna.com"
52.169.84.30 - - [15/Apr/2025:20:35:03 -0400] "GET /wp-mail.php HTTP/1.1" 403 941 "-" "-"
52.169.84.30 - - [15/Apr/2025:20:35:04 -0400] "GET /edit.php HTTP/1.1" 404 8709 "-" "-"
52.169.84.30 - - [15/Apr/2025:20:35:06 -0400] "GET /wp-activate.php HTTP/1.1" 302 0 "-" "-"
52.169.84.30 - - [15/Apr/2025:20:35:09 -0400] "GET /wp-login.php?action=register HTTP/1.1" 302 0 "-" "-"
52.169.84.30 - - [15/Apr/2025:20:35:09 -0400] "GET /wp-login.php?registration=disabled HTTP/1.1" 200 1832 "-" "-"
52.169.84.30 - - [15/Apr/2025:20:35:11 -0400] "GET /plugins.php HTTP/1.1" 404 8709 "-" "-"
52.169.84.30 - - [15/Apr/2025:20:35:14 -0400] "GET /post.php HTTP/1.1" 404 8709 "-" "-"
52.169.84.30 - - [15/Apr/2025:20:35:17 -0400] "GET /wp-2019.php HTTP/1.1" 404 8709 "-" "-"
86.109.170.96 - - [15/Apr/2025:20:44:36 -0400] "GET /wp-login.php HTTP/1.1" 200 1759 "-" "GRequests/0.10"
198.54.114.83 - - [15/Apr/2025:20:44:44 -0400] "POST /wp-cron.php?doing_wp_cron=1744764283.6937060356140136718750 HTTP/1.1" 200 0 "-" "WordPress/6.7.2; https://fileluna.com"
86.109.170.96 - - [15/Apr/2025:20:44:37 -0400] "POST /wp-login.php HTTP/1.1" 200 1901 "-" "GRequests/0.10"
198.54.114.83 - - [15/Apr/2025:20:44:45 -0400] "POST /wp-admin/admin-ajax.php?action=async_litespeed&nonce=PiF8mCBlJMyJSinZ2it1ylB9nUno0crl&litespeed_type=imgoptm HTTP/1.1" 200 0 "-" "WordPress/6.7.2; https://fileluna.com"
198.54.114.83 - - [15/Apr/2025:20:46:51 -0400] "POST /wp-cron.php?doing_wp_cron=1744764409.4999530315399169921875 HTTP/1.1" 200 0 "-" "WordPress/6.7.2; https://fileluna.com"
196.251.80.216 - - [15/Apr/2025:20:46:44 -0400] "GET /wp-content/plugins/WordPressCore/include.php HTTP/1.1" 404 8709 "-" "Mozlila/5.0 (Linux; Android 7.0; SM-G892A Bulid/NRD90M; wv) AppleWebKit/537.36 (KHTML, like Gecko) Version/4.0 Chrome/60.0.3112.107 Moblie Safari/537.36"
196.251.80.216 - - [15/Apr/2025:20:47:02 -0400] "GET /wp-content/plugins/WordPressCore/include.php HTTP/1.1" 404 8709 "-" "Mozlila/5.0 (Linux; Android 7.0; SM-G892A Bulid/NRD90M; wv) AppleWebKit/537.36 (KHTML, like Gecko) Version/4.0 Chrome/60.0.3112.107 Moblie Safari/537.36"
114.119.129.198 - - [15/Apr/2025:20:50:24 -0400] "GET /maximizing-savings-with-culture-gift-certificate-discount/ HTTP/1.1" 200 11806 "https://fileluna.com/author/ashdev/page/2/" "Mozilla/5.0 (Linux; Android 7.0;) AppleWebKit/537.36 (KHTML, like Gecko) Mobile Safari/537.36 (compatible; PetalBot;+https://webmaster.petalsearch.com/site/petalbot)"
198.54.114.83 - - [15/Apr/2025:20:50:35 -0400] "POST /wp-cron.php?doing_wp_cron=1744764631.0253300666809082031250 HTTP/1.1" 200 0 "-" "WordPress/6.7.2; https://fileluna.com"
198.54.114.83 - - [15/Apr/2025:20:53:24 -0400] "POST /wp-cron.php?doing_wp_cron=1744764802.3945090770721435546875 HTTP/1.1" 200 0 "-" "WordPress/6.7.2; https://fileluna.com"
195.26.245.159 - - [15/Apr/2025:20:53:17 -0400] "POST /wp-login.php HTTP/1.1" 200 1894 "https://fileluna.com" "Mozilla/5.0 (Macintosh; Intel Mac OS X 14_6) AppleWebKit/605.1.15 (KHTML, like Gecko) Version/17.5 Safari/605.1.15"
198.54.114.83 - - [15/Apr/2025:21:05:28 -0400] "POST /wp-cron.php?doing_wp_cron=1744765527.4473600387573242187500 HTTP/1.1" 200 0 "-" "WordPress/6.7.2; https://fileluna.com"
192.99.19.65 - - [15/Apr/2025:21:05:21 -0400] "POST /wp-login.php HTTP/1.1" 200 1894 "https://fileluna.com" "Mozilla/5.0 (Macintosh; Intel Mac OS X 10_15_7; rv:125.0.1) Gecko/20100101 Firefox/125.0.1"
198.54.114.83 - - [15/Apr/2025:21:13:02 -0400] "POST /wp-cron.php?doing_wp_cron=1744765981.6012220382690429687500 HTTP/1.1" 200 0 "-" "WordPress/6.7.2; https://fileluna.com"
135.119.140.245 - - [15/Apr/2025:21:12:56 -0400] "HEAD /wordpress HTTP/1.1" 404 0 "http://fileluna.com/wordpress" "Mozilla/5.0 (Windows NT 10.0; Win64; x64) AppleWebKit/537.36 (KHTML, like Gecko) Chrome/74.0.3729.169 Safari/537.36"
135.119.140.245 - - [15/Apr/2025:21:13:07 -0400] "HEAD / HTTP/1.1" 200 0 "http://fileluna.com/" "Mozilla/5.0 (Windows NT 10.0; Win64; x64) AppleWebKit/537.36 (KHTML, like Gecko) Chrome/74.0.3729.169 Safari/537.36"
135.119.140.245 - - [15/Apr/2025:21:13:10 -0400] "HEAD /wp HTTP/1.1" 404 0 "http://fileluna.com/wp" "Mozilla/5.0 (Windows NT 10.0; Win64; x64) AppleWebKit/537.36 (KHTML, like Gecko) Chrome/74.0.3729.169 Safari/537.36"
135.119.140.245 - - [15/Apr/2025:21:13:15 -0400] "HEAD /bc HTTP/1.1" 404 0 "http://fileluna.com/bc" "Mozilla/5.0 (Windows NT 10.0; Win64; x64) AppleWebKit/537.36 (KHTML, like Gecko) Chrome/74.0.3729.169 Safari/537.36"
135.119.140.245 - - [15/Apr/2025:21:13:19 -0400] "HEAD /bk HTTP/1.1" 404 0 "http://fileluna.com/bk" "Mozilla/5.0 (Windows NT 10.0; Win64; x64) AppleWebKit/537.36 (KHTML, like Gecko) Chrome/74.0.3729.169 Safari/537.36"
135.119.140.245 - - [15/Apr/2025:21:13:25 -0400] "HEAD /backup HTTP/1.1" 404 0 "http://fileluna.com/backup" "Mozilla/5.0 (Windows NT 10.0; Win64; x64) AppleWebKit/537.36 (KHTML, like Gecko) Chrome/74.0.3729.169 Safari/537.36"
135.119.140.245 - - [15/Apr/2025:21:13:30 -0400] "HEAD /old HTTP/1.1" 404 0 "http://fileluna.com/old" "Mozilla/5.0 (Windows NT 10.0; Win64; x64) AppleWebKit/537.36 (KHTML, like Gecko) Chrome/74.0.3729.169 Safari/537.36"
135.119.140.245 - - [15/Apr/2025:21:13:33 -0400] "HEAD /new HTTP/1.1" 404 0 "http://fileluna.com/new" "Mozilla/5.0 (Windows NT 10.0; Win64; x64) AppleWebKit/537.36 (KHTML, like Gecko) Chrome/74.0.3729.169 Safari/537.36"
135.119.140.245 - - [15/Apr/2025:21:13:35 -0400] "HEAD /main HTTP/1.1" 404 0 "http://fileluna.com/main" "Mozilla/5.0 (Windows NT 10.0; Win64; x64) AppleWebKit/537.36 (KHTML, like Gecko) Chrome/74.0.3729.169 Safari/537.36"
135.119.140.245 - - [15/Apr/2025:21:13:38 -0400] "HEAD /home HTTP/1.1" 404 0 "http://fileluna.com/home" "Mozilla/5.0 (Windows NT 10.0; Win64; x64) AppleWebKit/537.36 (KHTML, like Gecko) Chrome/74.0.3729.169 Safari/537.36"
198.54.114.83 - - [15/Apr/2025:21:17:25 -0400] "POST /wp-cron.php?doing_wp_cron=1744766245.1737918853759765625000 HTTP/1.1" 200 0 "-" "WordPress/6.7.2; https://fileluna.com"
48.217.90.135 - - [15/Apr/2025:21:17:20 -0400] "POST /wp-login.php HTTP/1.1" 200 1894 "https://fileluna.com" "Mozilla/5.0 (Macintosh; Intel Mac OS X 10_15_7; rv:125.0.1) Gecko/20100101 Firefox/125.0.1"
198.54.114.83 - - [15/Apr/2025:21:17:28 -0400] "POST /wp-admin/admin-ajax.php?action=async_litespeed&nonce=s2MQ5zWy4kWlxV3doF1kkcl1jSDFbJQp&litespeed_type=imgoptm HTTP/1.1" 200 0 "-" "WordPress/6.7.2; https://fileluna.com"
2001:41d0:303:2bb3::1 - - [15/Apr/2025:21:23:33 -0400] "GET /robots.txt HTTP/1.1" 200 61 "-" "Mozilla/5.0 (compatible; MJ12bot/v1.4.8; http://mj12bot.com/)"
198.54.114.83 - - [15/Apr/2025:21:23:45 -0400] "POST /wp-cron.php?doing_wp_cron=1744766624.4815430641174316406250 HTTP/1.1" 200 0 "-" "WordPress/6.7.2; https://fileluna.com"
2001:41d0:303:2bb3::1 - - [15/Apr/2025:21:23:38 -0400] "GET /in-todays-fast-paced-world/ HTTP/1.1" 200 11900 "-" "Mozilla/5.0 (compatible; MJ12bot/v1.4.8; http://mj12bot.com/)"
198.54.114.83 - - [15/Apr/2025:21:23:48 -0400] "POST /wp-admin/admin-ajax.php?action=async_litespeed&nonce=ZtPlLV8IZNIQONbhScOoQuKA5ILdfj0p&litespeed_type=imgoptm HTTP/1.1" 200 0 "-" "WordPress/6.7.2; https://fileluna.com"
2001:41d0:303:2bb3::1 - - [15/Apr/2025:21:23:54 -0400] "GET /page/29/ HTTP/1.1" 200 12786 "-" "Mozilla/5.0 (compatible; MJ12bot/v1.4.8; http://mj12bot.com/)"
2001:41d0:303:2bb3::1 - - [15/Apr/2025:21:24:07 -0400] "GET /page/31/ HTTP/1.1" 200 12768 "-" "Mozilla/5.0 (compatible; MJ12bot/v1.4.8; http://mj12bot.com/)"
198.54.114.83 - - [15/Apr/2025:21:24:10 -0400] "POST /wp-cron.php?doing_wp_cron=1744766647.7879741191864013671875 HTTP/1.1" 200 0 "-" "WordPress/6.7.2; https://fileluna.com"
2001:41d0:303:2bb3::1 - - [15/Apr/2025:21:24:17 -0400] "GET /page/32/ HTTP/1.1" 200 12825 "-" "Mozilla/5.0 (compatible; MJ12bot/v1.4.8; http://mj12bot.com/)"
2001:41d0:303:2bb3::1 - - [15/Apr/2025:21:24:24 -0400] "GET /professioneller-service-fur-jeden-bedarf/ HTTP/1.1" 200 11635 "-" "Mozilla/5.0 (compatible; MJ12bot/v1.4.8; http://mj12bot.com/)"
2001:41d0:303:2bb3::1 - - [15/Apr/2025:21:24:29 -0400] "GET /the-allure-of-online-casinos/ HTTP/1.1" 200 11598 "-" "Mozilla/5.0 (compatible; MJ12bot/v1.4.8; http://mj12bot.com/)"
