13.94.94.255 - - [15/Apr/2025:08:50:56 -0400] "GET /ws.php HTTP/1.1" 404 8709 "-" "-"
13.94.94.255 - - [15/Apr/2025:08:50:58 -0400] "GET /ws.php?p= HTTP/1.1" 301 0 "-" "-"
13.94.94.255 - - [15/Apr/2025:08:51:01 -0400] "GET /ws.php HTTP/1.1" 404 8709 "-" "-"
13.94.94.255 - - [15/Apr/2025:08:51:04 -0400] "GET /wsa.php HTTP/1.1" 404 8709 "-" "-"
13.94.94.255 - - [15/Apr/2025:08:51:08 -0400] "GET /wso.php HTTP/1.1" 404 8709 "-" "-"
13.94.94.255 - - [15/Apr/2025:08:51:11 -0400] "GET /wso112233.php HTTP/1.1" 404 8709 "-" "-"
13.94.94.255 - - [15/Apr/2025:08:51:14 -0400] "GET /wso2.php HTTP/1.1" 404 8709 "-" "-"
13.94.94.255 - - [15/Apr/2025:08:51:16 -0400] "GET /wsoyanz.php HTTP/1.1" 404 8709 "-" "-"
13.94.94.255 - - [15/Apr/2025:08:51:19 -0400] "GET /x.php HTTP/1.1" 404 8709 "-" "-"
13.94.94.255 - - [15/Apr/2025:08:51:20 -0400] "GET /x/index.php HTTP/1.1" 301 0 "-" "-"
13.94.94.255 - - [15/Apr/2025:08:51:21 -0400] "GET /x/ HTTP/1.1" 404 8709 "-" "-"
13.94.94.255 - - [15/Apr/2025:08:51:23 -0400] "GET /x2.php HTTP/1.1" 404 8709 "-" "-"
13.94.94.255 - - [15/Apr/2025:08:51:26 -0400] "GET /xindex.php HTTP/1.1" 404 8709 "-" "-"
13.94.94.255 - - [15/Apr/2025:08:51:30 -0400] "GET /xl.php HTTP/1.1" 404 8709 "-" "-"
40.123.25.173 - - [15/Apr/2025:08:51:31 -0400] "GET /autoload_classmap.php HTTP/1.1" 404 8709 "-" "-"
13.94.94.255 - - [15/Apr/2025:08:51:34 -0400] "GET /xleet-shell.php HTTP/1.1" 404 8709 "-" "-"
40.123.25.173 - - [15/Apr/2025:08:51:35 -0400] "GET /post.php HTTP/1.1" 404 8709 "-" "-"
13.94.94.255 - - [15/Apr/2025:08:51:38 -0400] "GET /xleet.php HTTP/1.1" 404 8709 "-" "-"
40.123.25.173 - - [15/Apr/2025:08:51:38 -0400] "GET /1.php HTTP/1.1" 404 8709 "-" "-"
13.94.94.255 - - [15/Apr/2025:08:51:41 -0400] "GET /xml.php HTTP/1.1" 404 8709 "-" "-"
40.123.25.173 - - [15/Apr/2025:08:51:43 -0400] "GET /flower.php HTTP/1.1" 404 8709 "-" "-"
40.123.25.173 - - [15/Apr/2025:08:51:46 -0400] "GET /admin.php HTTP/1.1" 404 8709 "-" "-"
13.94.94.255 - - [15/Apr/2025:08:51:46 -0400] "GET /xmlrpc.php HTTP/1.1" 405 46 "-" "-"
198.54.114.83 - - [15/Apr/2025:08:51:48 -0400] "POST /wp-cron.php?doing_wp_cron=1744721506.4890840053558349609375 HTTP/1.1" 200 0 "-" "WordPress/6.7.2; https://fileluna.com"
40.123.25.173 - - [15/Apr/2025:08:51:49 -0400] "GET /file.php HTTP/1.1" 404 8709 "-" "-"
13.94.94.255 - - [15/Apr/2025:08:51:50 -0400] "GET /xmlrpc.php0 HTTP/1.1" 404 8709 "-" "-"
40.123.25.173 - - [15/Apr/2025:08:51:53 -0400] "GET /meta.php HTTP/1.1" 404 8709 "-" "-"
13.94.94.255 - - [15/Apr/2025:08:51:55 -0400] "GET /xmlrpc.php?cmd=eval HTTP/1.1" 405 46 "-" "-"
40.123.25.173 - - [15/Apr/2025:08:51:57 -0400] "GET /index.php HTTP/1.1" 301 0 "-" "-"
40.123.25.173 - - [15/Apr/2025:08:52:00 -0400] "GET / HTTP/1.1" 200 12524 "-" "-"
13.94.94.255 - - [15/Apr/2025:08:52:00 -0400] "GET /xmlrpc.php?p= HTTP/1.1" 405 46 "-" "-"
40.123.25.173 - - [15/Apr/2025:08:52:04 -0400] "GET /about.php HTTP/1.1" 404 8709 "-" "-"
13.94.94.255 - - [15/Apr/2025:08:52:04 -0400] "GET /xmrlpc.php?p= HTTP/1.1" 301 0 "-" "-"
13.94.94.255 - - [15/Apr/2025:08:52:07 -0400] "GET /xmrlpc.php HTTP/1.1" 404 8709 "-" "-"
40.123.25.173 - - [15/Apr/2025:08:52:08 -0400] "GET /randkeyword.php HTTP/1.1" 404 8709 "-" "-"
13.94.94.255 - - [15/Apr/2025:08:52:11 -0400] "GET /xx.php HTTP/1.1" 404 8709 "-" "-"
40.123.25.173 - - [15/Apr/2025:08:52:12 -0400] "GET /goods.php HTTP/1.1" 404 8709 "-" "-"
13.94.94.255 - - [15/Apr/2025:08:52:16 -0400] "GET /xxx.php HTTP/1.1" 404 8709 "-" "-"
40.123.25.173 - - [15/Apr/2025:08:52:17 -0400] "GET /hehe.php HTTP/1.1" 404 8709 "-" "-"
13.94.94.255 - - [15/Apr/2025:08:52:21 -0400] "GET /xz.php HTTP/1.1" 404 8709 "-" "-"
40.123.25.173 - - [15/Apr/2025:08:52:21 -0400] "GET /yindu.php HTTP/1.1" 404 8709 "-" "-"
13.94.94.255 - - [15/Apr/2025:08:52:26 -0400] "GET /y7.php HTTP/1.1" 404 8709 "-" "-"
40.123.25.173 - - [15/Apr/2025:08:52:26 -0400] "GET /wp-admin/class-db.php HTTP/1.1" 404 8709 "-" "-"
142.44.191.239 - - [15/Apr/2025:08:52:30 -0400] "POST /xmlrpc.php HTTP/1.1" 200 186 "https://fileluna.com" "Mozilla/5.0 (Macintosh; Intel Mac OS X 10_15_7) AppleWebKit/537.36 (KHTML, like Gecko) Chrome/115.0.5790.102 Safari/537.36"
40.123.25.173 - - [15/Apr/2025:08:52:30 -0400] "GET /baxa1.phP8 HTTP/1.1" 404 8709 "-" "-"
13.94.94.255 - - [15/Apr/2025:08:52:30 -0400] "GET /yanz.php HTTP/1.1" 404 8709 "-" "-"
40.123.25.173 - - [15/Apr/2025:08:52:33 -0400] "GET /baxa1.php HTTP/1.1" 404 8709 "-" "-"
13.94.94.255 - - [15/Apr/2025:08:52:34 -0400] "GET /ynz.PhP7 HTTP/1.1" 404 8709 "-" "-"
40.123.25.173 - - [15/Apr/2025:08:52:37 -0400] "GET /.well-known/index.php HTTP/1.1" 301 0 "-" "-"
13.94.94.255 - - [15/Apr/2025:08:52:37 -0400] "GET /yq7.php HTTP/1.1" 404 8709 "-" "-"
40.123.25.173 - - [15/Apr/2025:08:52:38 -0400] "GET /.well-known/ HTTP/1.1" 403 1242 "-" "-"
40.123.25.173 - - [15/Apr/2025:08:52:41 -0400] "GET /libraries/phpmailer/index.php HTTP/1.1" 301 0 "-" "-"
13.94.94.255 - - [15/Apr/2025:08:52:41 -0400] "GET /z.php HTTP/1.1" 404 8709 "-" "-"
40.123.25.173 - - [15/Apr/2025:08:52:43 -0400] "GET /libraries/phpmailer/ HTTP/1.1" 404 8709 "-" "-"
13.94.94.255 - - [15/Apr/2025:08:52:44 -0400] "GET /z63.php HTTP/1.1" 404 8709 "-" "-"
198.54.114.83 - - [15/Apr/2025:08:52:48 -0400] "POST /wp-cron.php?doing_wp_cron=1744721566.8458490371704101562500 HTTP/1.1" 200 0 "-" "WordPress/6.7.2; https://fileluna.com"
40.123.25.173 - - [15/Apr/2025:08:52:46 -0400] "GET /wp-admin/autoload_classmap.php HTTP/1.1" 404 8709 "-" "-"
13.94.94.255 - - [15/Apr/2025:08:52:48 -0400] "GET /zT.php HTTP/1.1" 404 8709 "-" "-"
40.123.25.173 - - [15/Apr/2025:08:52:50 -0400] "GET /wp-admin/css/colors/blue/1.php HTTP/1.1" 404 8709 "-" "-"
13.94.94.255 - - [15/Apr/2025:08:52:50 -0400] "GET /zqBSIrn38Ja.php HTTP/1.1" 404 8709 "-" "-"
40.123.25.173 - - [15/Apr/2025:08:52:54 -0400] "GET /wp-content/plugins/about.php HTTP/1.1" 404 8709 "-" "-"
13.94.94.255 - - [15/Apr/2025:08:52:55 -0400] "GET /zwso.php HTTP/1.1" 404 8709 "-" "-"
40.123.25.173 - - [15/Apr/2025:08:52:57 -0400] "GET /wp-content/plugins/index.php HTTP/1.1" 200 0 "-" "-"
40.123.25.173 - - [15/Apr/2025:08:53:00 -0400] "GET /wp-content/plugins/about.php HTTP/1.1" 404 8709 "-" "-"
13.94.94.255 - - [15/Apr/2025:08:52:59 -0400] "GET /zz.php HTTP/1.1" 404 8709 "-" "-"
40.123.25.173 - - [15/Apr/2025:08:53:03 -0400] "GET /wp-content/uploads/BbUMY/flower.php HTTP/1.1" 404 8709 "-" "-"
40.123.25.173 - - [15/Apr/2025:08:53:08 -0400] "GET /wp-includes/ID3/file.php HTTP/1.1" 404 8709 "-" "-"
40.123.25.173 - - [15/Apr/2025:08:53:13 -0400] "GET /wp-includes/Text/Diff/Engine/about.php HTTP/1.1" 404 8709 "-" "-"
40.123.25.173 - - [15/Apr/2025:08:53:18 -0400] "GET /wp-includes/Text/Diff/Engine/index.php HTTP/1.1" 301 0 "-" "-"
40.123.25.173 - - [15/Apr/2025:08:53:20 -0400] "GET /wp-includes/Text/Diff/Engine/ HTTP/1.1" 403 1242 "-" "-"
40.123.25.173 - - [15/Apr/2025:08:53:22 -0400] "GET /wp-includes/css/index.php HTTP/1.1" 301 0 "-" "-"
40.123.25.173 - - [15/Apr/2025:08:53:24 -0400] "GET /wp-includes/css/ HTTP/1.1" 403 1242 "-" "-"
40.123.25.173 - - [15/Apr/2025:08:53:26 -0400] "GET /wp-includes/css/xc.php HTTP/1.1" 404 8709 "-" "-"
40.123.25.173 - - [15/Apr/2025:08:53:29 -0400] "GET /wp-includes/images/about.php HTTP/1.1" 404 8709 "-" "-"
40.123.25.173 - - [15/Apr/2025:08:53:32 -0400] "GET /wp-includes/images/crystal/index.php HTTP/1.1" 301 0 "-" "-"
40.123.25.173 - - [15/Apr/2025:08:53:33 -0400] "GET /wp-includes/images/crystal/ HTTP/1.1" 403 1242 "-" "-"
40.123.25.173 - - [15/Apr/2025:08:53:37 -0400] "GET /wp/index.php HTTP/1.1" 301 0 "-" "-"
40.123.25.173 - - [15/Apr/2025:08:53:40 -0400] "GET /wp/ HTTP/1.1" 404 8709 "-" "-"
40.123.25.173 - - [15/Apr/2025:08:53:43 -0400] "GET /user.php HTTP/1.1" 404 8709 "-" "-"
40.123.25.173 - - [15/Apr/2025:08:53:48 -0400] "GET /wp-2019.php HTTP/1.1" 404 8709 "-" "-"
195.178.110.130 - - [15/Apr/2025:08:53:54 -0400] "GET /api/.env HTTP/1.1" 403 1242 "-" "Mozilla/5.0"
40.123.25.173 - - [15/Apr/2025:08:53:53 -0400] "GET /chosen.php HTTP/1.1" 404 8709 "-" "-"
198.54.114.83 - - [15/Apr/2025:08:53:56 -0400] "POST /wp-cron.php?doing_wp_cron=1744721634.1947999000549316406250 HTTP/1.1" 200 0 "-" "WordPress/6.7.2; https://fileluna.com"
40.123.25.173 - - [15/Apr/2025:08:53:59 -0400] "GET /functions.php HTTP/1.1" 404 8709 "-" "-"
40.123.25.173 - - [15/Apr/2025:08:54:03 -0400] "GET /cron.php HTTP/1.1" 404 8709 "-" "-"
40.123.25.173 - - [15/Apr/2025:08:54:07 -0400] "GET /edit.php HTTP/1.1" 404 8709 "-" "-"
40.123.25.173 - - [15/Apr/2025:08:54:12 -0400] "GET /gecko-new.php HTTP/1.1" 404 8709 "-" "-"
40.123.25.173 - - [15/Apr/2025:08:54:16 -0400] "GET /cookie.php HTTP/1.1" 404 8709 "-" "-"
40.123.25.173 - - [15/Apr/2025:08:54:20 -0400] "GET /xleet.php HTTP/1.1" 404 8709 "-" "-"
40.123.25.173 - - [15/Apr/2025:08:54:23 -0400] "GET /spip.php HTTP/1.1" 404 8709 "-" "-"
40.123.25.173 - - [15/Apr/2025:08:54:27 -0400] "GET /22.php HTTP/1.1" 404 8709 "-" "-"
40.123.25.173 - - [15/Apr/2025:08:54:33 -0400] "GET /room.php HTTP/1.1" 404 8709 "-" "-"
40.123.25.173 - - [15/Apr/2025:08:54:35 -0400] "GET /disagreed.php HTTP/1.1" 404 8709 "-" "-"
40.123.25.173 - - [15/Apr/2025:08:54:47 -0400] "GET /text.php HTTP/1.1" 404 8709 "-" "-"
40.123.25.173 - - [15/Apr/2025:08:54:52 -0400] "GET /alfa-rex.php HTTP/1.1" 404 8709 "-" "-"
40.123.25.173 - - [15/Apr/2025:08:54:56 -0400] "GET /alfa-rex.php7 HTTP/1.1" 404 8709 "-" "-"
198.54.114.83 - - [15/Apr/2025:08:54:59 -0400] "POST /wp-cron.php?doing_wp_cron=1744721697.0256929397583007812500 HTTP/1.1" 200 0 "-" "WordPress/6.7.2; https://fileluna.com"
40.123.25.173 - - [15/Apr/2025:08:55:01 -0400] "GET /feeds.php HTTP/1.1" 404 8709 "-" "-"
40.123.25.173 - - [15/Apr/2025:08:55:08 -0400] "GET /radio.php HTTP/1.1" 404 8709 "-" "-"
40.123.25.173 - - [15/Apr/2025:08:55:12 -0400] "GET /dropdown.php HTTP/1.1" 404 8709 "-" "-"
40.123.25.173 - - [15/Apr/2025:08:55:15 -0400] "GET /defaults.php HTTP/1.1" 404 8709 "-" "-"
40.123.25.173 - - [15/Apr/2025:08:55:20 -0400] "GET /system.php HTTP/1.1" 404 8709 "-" "-"
40.123.25.173 - - [15/Apr/2025:08:55:25 -0400] "GET /xmlrpc.php HTTP/1.1" 405 46 "-" "-"
40.123.25.173 - - [15/Apr/2025:08:55:29 -0400] "GET /xmlrpc.php0 HTTP/1.1" 404 8709 "-" "-"
40.123.25.173 - - [15/Apr/2025:08:55:33 -0400] "GET /colors.php HTTP/1.1" 404 8709 "-" "-"
40.123.25.173 - - [15/Apr/2025:08:55:38 -0400] "GET /updates.php HTTP/1.1" 404 8709 "-" "-"
40.123.25.173 - - [15/Apr/2025:08:55:41 -0400] "GET /alfa-rex1.php HTTP/1.1" 404 8709 "-" "-"
40.123.25.173 - - [15/Apr/2025:08:55:45 -0400] "GET /wp-index.php HTTP/1.1" 404 8709 "-" "-"
40.123.25.173 - - [15/Apr/2025:08:55:49 -0400] "GET /wp-admin.php HTTP/1.1" 404 8709 "-" "-"
40.123.25.173 - - [15/Apr/2025:08:55:52 -0400] "GET /alfa.php HTTP/1.1" 404 8709 "-" "-"
40.123.25.173 - - [15/Apr/2025:08:55:56 -0400] "GET /alfanew.php7 HTTP/1.1" 404 8709 "-" "-"
198.54.114.83 - - [15/Apr/2025:08:56:00 -0400] "POST /wp-cron.php?doing_wp_cron=1744721760.0933690071105957031250 HTTP/1.1" 200 0 "-" "WordPress/6.7.2; https://fileluna.com"
198.54.114.83 - - [15/Apr/2025:08:56:01 -0400] "POST /wp-admin/admin-ajax.php?action=async_litespeed&nonce=EH339AqyUqO91w7mTBu6uieU6nuRTwi0&litespeed_type=imgoptm HTTP/1.1" 200 0 "-" "WordPress/6.7.2; https://fileluna.com"
40.123.25.173 - - [15/Apr/2025:08:55:59 -0400] "GET /locale.php HTTP/1.1" 404 8709 "-" "-"
198.54.114.83 - - [15/Apr/2025:08:56:07 -0400] "POST /wp-cron.php?doing_wp_cron=1744721765.2781848907470703125000 HTTP/1.1" 200 0 "-" "WordPress/6.7.2; https://fileluna.com"
40.123.25.173 - - [15/Apr/2025:08:56:04 -0400] "GET /wxo.php HTTP/1.1" 404 8709 "-" "-"
40.123.25.173 - - [15/Apr/2025:08:56:09 -0400] "GET /colour.php HTTP/1.1" 404 8709 "-" "-"
40.123.25.173 - - [15/Apr/2025:08:56:13 -0400] "GET /files.php HTTP/1.1" 404 8709 "-" "-"
40.123.25.173 - - [15/Apr/2025:08:56:17 -0400] "GET /install.php HTTP/1.1" 404 8709 "-" "-"
40.123.25.173 - - [15/Apr/2025:08:56:21 -0400] "GET /wp-contentt.php HTTP/1.1" 404 8709 "-" "-"
40.123.25.173 - - [15/Apr/2025:08:56:25 -0400] "GET /config.php7 HTTP/1.1" 404 8709 "-" "-"
40.123.25.173 - - [15/Apr/2025:08:56:30 -0400] "GET /config.php HTTP/1.1" 404 8709 "-" "-"
40.123.25.173 - - [15/Apr/2025:08:56:35 -0400] "GET /theme.php HTTP/1.1" 404 8709 "-" "-"
40.123.25.173 - - [15/Apr/2025:08:56:39 -0400] "GET /block-bindings.php HTTP/1.1" 404 8709 "-" "-"
40.123.25.173 - - [15/Apr/2025:08:56:45 -0400] "GET /class_api.php HTTP/1.1" 404 8709 "-" "-"
40.123.25.173 - - [15/Apr/2025:08:56:50 -0400] "GET /inputs.php HTTP/1.1" 404 8709 "-" "-"
40.123.25.173 - - [15/Apr/2025:08:56:55 -0400] "GET /root.php HTTP/1.1" 404 8709 "-" "-"
40.123.25.173 - - [15/Apr/2025:08:56:59 -0400] "GET /menu.php HTTP/1.1" 404 8709 "-" "-"
40.123.25.173 - - [15/Apr/2025:08:57:03 -0400] "GET /plugin.php HTTP/1.1" 404 8709 "-" "-"
198.54.114.83 - - [15/Apr/2025:08:57:07 -0400] "POST /wp-cron.php?doing_wp_cron=1744721826.6871299743652343750000 HTTP/1.1" 200 0 "-" "WordPress/6.7.2; https://fileluna.com"
40.123.25.173 - - [15/Apr/2025:08:57:06 -0400] "GET /cloud.php HTTP/1.1" 404 8709 "-" "-"
198.54.114.83 - - [15/Apr/2025:08:57:09 -0400] "POST /wp-admin/admin-ajax.php?action=async_litespeed&nonce=4JOETj9BJZxmEzBj30mBhDmGspVDalWH&litespeed_type=imgoptm HTTP/1.1" 200 0 "-" "WordPress/6.7.2; https://fileluna.com"
40.123.25.173 - - [15/Apr/2025:08:57:10 -0400] "GET /configs.php HTTP/1.1" 404 8709 "-" "-"
40.123.25.173 - - [15/Apr/2025:08:57:13 -0400] "GET /wp-configs.php HTTP/1.1" 404 8709 "-" "-"
40.123.25.173 - - [15/Apr/2025:08:57:17 -0400] "GET /update.php HTTP/1.1" 404 8709 "-" "-"
40.123.25.173 - - [15/Apr/2025:08:57:20 -0400] "GET /2.php HTTP/1.1" 404 8709 "-" "-"
40.123.25.173 - - [15/Apr/2025:08:57:23 -0400] "GET /input.php HTTP/1.1" 404 8709 "-" "-"
40.123.25.173 - - [15/Apr/2025:08:57:26 -0400] "GET /aaa.php HTTP/1.1" 404 8709 "-" "-"
114.119.154.229 - - [15/Apr/2025:08:57:45 -0400] "GET /category/arts-entertainments/page/39/ HTTP/1.1" 200 11289 "https://fileluna.com/category/arts-entertainments/page/42/" "Mozilla/5.0 (Linux; Android 7.0;) AppleWebKit/537.36 (KHTML, like Gecko) Mobile Safari/537.36 (compatible; PetalBot;+https://webmaster.petalsearch.com/site/petalbot)"
209.172.2.50 - - [15/Apr/2025:09:01:26 -0400] "POST /xmlrpc.php HTTP/1.1" 200 186 "https://fileluna.com" "Mozilla/5.0 (Windows NT 10.0; Win64; x64; rv:127.0) Gecko/20100101 Firefox/127.0"
198.54.114.83 - - [15/Apr/2025:09:01:32 -0400] "POST /wp-cron.php?doing_wp_cron=1744722089.6120510101318359375000 HTTP/1.1" 200 0 "-" "WordPress/6.7.2; https://fileluna.com"
198.54.114.83 - - [15/Apr/2025:09:07:55 -0400] "POST /wp-cron.php?doing_wp_cron=1744722474.7116949558258056640625 HTTP/1.1" 200 0 "-" "WordPress/6.7.2; https://fileluna.com"
68.65.120.171 - - [15/Apr/2025:09:07:50 -0400] "POST /xmlrpc.php HTTP/1.1" 200 186 "https://fileluna.com" "Mozilla/5.0 (Windows NT 10.0; Win64; x64; rv:127.0) Gecko/20100101 Firefox/127.0"
68.65.120.171 - - [15/Apr/2025:09:07:57 -0400] "POST /wp-login.php HTTP/1.1" 200 1895 "https://fileluna.com" "Mozilla/5.0 (Macintosh; Intel Mac OS X 14.3) AppleWebKit/614.31.14 (KHTML, like Gecko) Version/17.0.96 Safari/614.31.14"
114.119.132.228 - - [15/Apr/2025:09:14:08 -0400] "GET /the-versatility-of-dtf-film-in-modern-printing/ HTTP/1.1" 200 11949 "https://fileluna.com/page/8/" "Mozilla/5.0 (Linux; Android 7.0;) AppleWebKit/537.36 (KHTML, like Gecko) Mobile Safari/537.36 (compatible; PetalBot;+https://webmaster.petalsearch.com/site/petalbot)"
198.54.114.83 - - [15/Apr/2025:09:14:16 -0400] "POST /wp-cron.php?doing_wp_cron=1744722853.6565980911254882812500 HTTP/1.1" 200 0 "-" "WordPress/6.7.2; https://fileluna.com"
114.119.149.81 - - [15/Apr/2025:09:15:34 -0400] "GET /the-use-of-steroids-in-canada-an-overview/ HTTP/1.1" 200 11860 "https://fileluna.com/category/arts-entertainments/page/27/" "Mozilla/5.0 (Linux; Android 7.0;) AppleWebKit/537.36 (KHTML, like Gecko) Mobile Safari/537.36 (compatible; PetalBot;+https://webmaster.petalsearch.com/site/petalbot)"
198.54.114.83 - - [15/Apr/2025:09:15:38 -0400] "POST /wp-cron.php?doing_wp_cron=1744722934.6651179790496826171875 HTTP/1.1" 200 0 "-" "WordPress/6.7.2; https://fileluna.com"
162.0.215.190 - - [15/Apr/2025:09:20:00 -0400] "POST /xmlrpc.php HTTP/1.1" 200 186 "https://fileluna.com" "Mozilla/5.0 (Windows NT 10.0; Win64; x64) AppleWebKit/537.36 (KHTML, like Gecko) Chrome/113.0.5672.126 Safari/537.36 Edg/113.0.1774.50"
198.54.114.83 - - [15/Apr/2025:09:20:08 -0400] "POST /wp-cron.php?doing_wp_cron=1744723205.4229390621185302734375 HTTP/1.1" 200 0 "-" "WordPress/6.7.2; https://fileluna.com"
162.0.215.190 - - [15/Apr/2025:09:20:10 -0400] "POST /wp-login.php HTTP/1.1" 200 1895 "https://fileluna.com" "Mozilla/5.0 (Macintosh; Intel Mac OS X 10_15_7) AppleWebKit/537.36 (KHTML, like Gecko) Chrome/116.0.5845.96 Safari/537.36"
198.54.114.83 - - [15/Apr/2025:09:32:28 -0400] "POST /wp-cron.php?doing_wp_cron=1744723947.2150731086730957031250 HTTP/1.1" 200 0 "-" "WordPress/6.7.2; https://fileluna.com"
78.135.87.2 - - [15/Apr/2025:09:32:22 -0400] "POST /xmlrpc.php HTTP/1.1" 200 186 "https://fileluna.com" "Mozilla/5.0 (Macintosh; Intel Mac OS X 14.3) AppleWebKit/614.31.14 (KHTML, like Gecko) Version/17.0.96 Safari/614.31.14"
78.135.87.2 - - [15/Apr/2025:09:32:31 -0400] "POST /wp-login.php HTTP/1.1" 200 1895 "https://fileluna.com" "Mozilla/5.0 (Windows NT 10.0; Win64; x64) AppleWebKit/537.36 (KHTML, like Gecko) Chrome/116.0.5845.96 Safari/537.36"
182.44.67.97 - - [15/Apr/2025:09:35:26 -0400] "GET / HTTP/1.1" 200 12524 "http://fileluna.com" "Mozilla/5.0 (iPhone; CPU iPhone OS 13_2_3 like Mac OS X) AppleWebKit/605.1.15 (KHTML, like Gecko) Version/13.0.3 Mobile/15E148 Safari/604.1"
114.119.132.228 - - [15/Apr/2025:09:44:02 -0400] "GET /category/arts-entertainments/page/50/ HTTP/1.1" 200 11343 "https://fileluna.com/category/arts-entertainments/page/52/" "Mozilla/5.0 (Linux; Android 7.0;) AppleWebKit/537.36 (KHTML, like Gecko) Mobile Safari/537.36 (compatible; PetalBot;+https://webmaster.petalsearch.com/site/petalbot)"
198.54.114.83 - - [15/Apr/2025:09:44:10 -0400] "POST /wp-cron.php?doing_wp_cron=1744724647.0962979793548583984375 HTTP/1.1" 200 0 "-" "WordPress/6.7.2; https://fileluna.com"
198.186.130.214 - - [15/Apr/2025:09:45:08 -0400] "POST /xmlrpc.php HTTP/1.1" 200 186 "https://fileluna.com" "Mozilla/5.0 (Macintosh; Intel Mac OS X 10_15_7) AppleWebKit/537.36 (KHTML, like Gecko) Chrome/112.0.5615.138 Safari/537.36"
198.54.114.83 - - [15/Apr/2025:09:45:12 -0400] "POST /wp-cron.php?doing_wp_cron=1744724709.3390181064605712890625 HTTP/1.1" 200 0 "-" "WordPress/6.7.2; https://fileluna.com"
216.244.66.246 - - [15/Apr/2025:09:45:14 -0400] "GET /robots.txt HTTP/1.1" 200 61 "-" "Mozilla/5.0 (compatible; DotBot/1.2; +https://opensiteexplorer.org/dotbot; help@moz.com)"
198.186.130.214 - - [15/Apr/2025:09:45:14 -0400] "POST /wp-login.php HTTP/1.1" 200 1894 "https://fileluna.com" "Mozilla/5.0 (Windows NT 10.0; Win64; x64; rv:127.0) Gecko/20100101 Firefox/127.0"
114.119.148.27 - - [15/Apr/2025:09:45:26 -0400] "GET /2024/page/12/ HTTP/1.1" 200 11257 "https://fileluna.com/2024/page/13/" "Mozilla/5.0 (Linux; Android 7.0;) AppleWebKit/537.36 (KHTML, like Gecko) Mobile Safari/537.36 (compatible; PetalBot;+https://webmaster.petalsearch.com/site/petalbot)"
198.54.114.83 - - [15/Apr/2025:09:57:57 -0400] "POST /wp-cron.php?doing_wp_cron=1744725475.8136079311370849609375 HTTP/1.1" 200 0 "-" "WordPress/6.7.2; https://fileluna.com"
162.241.126.57 - - [15/Apr/2025:09:57:52 -0400] "POST /xmlrpc.php HTTP/1.1" 200 186 "https://fileluna.com" "Mozilla/5.0 (Windows NT 10.0; Win64; x64; rv:125.0.1) Gecko/20100101 Firefox/125.0.1"
198.54.114.83 - - [15/Apr/2025:09:57:59 -0400] "POST /wp-admin/admin-ajax.php?action=async_litespeed&nonce=pZSIQ5aa8gqaQoThi9x4tYqXWQFO43A5&litespeed_type=imgoptm HTTP/1.1" 200 0 "-" "WordPress/6.7.2; https://fileluna.com"
162.241.126.57 - - [15/Apr/2025:09:57:58 -0400] "POST /wp-login.php HTTP/1.1" 200 1894 "https://fileluna.com" "Mozilla/5.0 (Macintosh; Intel Mac OS X 13_3) AppleWebKit/537.36 (KHTML, like Gecko) Chrome/126.0.0.0 Safari/537.36 Edg/126.0.0.0"
198.54.114.83 - - [15/Apr/2025:10:02:51 -0400] "POST /wp-cron.php?doing_wp_cron=1744725769.2825529575347900390625 HTTP/1.1" 200 0 "-" "WordPress/6.7.2; https://fileluna.com"
114.119.129.34 - - [15/Apr/2025:10:02:45 -0400] "GET /exploring-car-rental-options-in-udon/ HTTP/1.1" 200 11887 "https://fileluna.com/category/arts-entertainments/page/40/" "Mozilla/5.0 (Linux; Android 7.0;) AppleWebKit/537.36 (KHTML, like Gecko) Mobile Safari/537.36 (compatible; PetalBot;+https://webmaster.petalsearch.com/site/petalbot)"
198.54.114.83 - - [15/Apr/2025:10:04:11 -0400] "POST /wp-cron.php?doing_wp_cron=1744725849.6032459735870361328125 HTTP/1.1" 200 0 "-" "WordPress/6.7.2; https://fileluna.com"
114.119.132.163 - - [15/Apr/2025:10:04:09 -0400] "GET /2024/11/page/13/ HTTP/1.1" 200 11269 "https://fileluna.com/2024/11/page/12/" "Mozilla/5.0 (Linux; Android 7.0;) AppleWebKit/537.36 (KHTML, like Gecko) Mobile Safari/537.36 (compatible; PetalBot;+https://webmaster.petalsearch.com/site/petalbot)"
78.155.192.110 - - [15/Apr/2025:10:10:42 -0400] "POST /xmlrpc.php HTTP/1.1" 200 0 "https://fileluna.com" "Mozilla/5.0 (Macintosh; Intel Mac OS X 10_15_7; rv:129.0) Gecko/20100101 Firefox/129.0"
103.11.103.186 - - [15/Apr/2025:10:20:08 -0400] "GET /wp-login.php HTTP/1.1" 200 1759 "-" "GRequests/0.10"
103.11.103.186 - - [15/Apr/2025:10:20:15 -0400] "POST /wp-login.php HTTP/1.1" 200 1900 "-" "GRequests/0.10"
198.54.114.83 - - [15/Apr/2025:10:20:23 -0400] "POST /wp-cron.php?doing_wp_cron=1744726819.7465229034423828125000 HTTP/1.1" 200 0 "-" "WordPress/6.7.2; https://fileluna.com"
192.99.19.65 - - [15/Apr/2025:10:23:23 -0400] "POST /xmlrpc.php HTTP/1.1" 200 0 "https://fileluna.com" "Mozilla/5.0 (Macintosh; Intel Mac OS X 10_15_7) AppleWebKit/537.36 (KHTML, like Gecko) Chrome/114.0.5735.134 Safari/537.36"
198.54.114.83 - - [15/Apr/2025:10:23:33 -0400] "POST /wp-cron.php?doing_wp_cron=1744727009.2860100269317626953125 HTTP/1.1" 200 0 "-" "WordPress/6.7.2; https://fileluna.com"
216.244.66.246 - - [15/Apr/2025:10:31:40 -0400] "GET /robots.txt HTTP/1.1" 304 0 "-" "Mozilla/5.0 (compatible; DotBot/1.2; +https://opensiteexplorer.org/dotbot; help@moz.com)"
31.220.93.206 - - [15/Apr/2025:10:36:05 -0400] "GET /wp-login.php HTTP/1.1" 200 1759 "-" "GRequests/0.10"
45.113.224.7 - - [15/Apr/2025:10:36:09 -0400] "POST /xmlrpc.php HTTP/1.1" 200 0 "https://fileluna.com" "Mozilla/5.0 (Macintosh; Intel Mac OS X 14_6) AppleWebKit/605.1.15 (KHTML, like Gecko) Version/17.5 Safari/605.1.15"
31.220.93.206 - - [15/Apr/2025:10:36:10 -0400] "POST /wp-login.php HTTP/1.1" 200 1898 "-" "GRequests/0.10"
198.54.114.83 - - [15/Apr/2025:10:36:16 -0400] "POST /wp-cron.php?doing_wp_cron=1744727773.2549979686737060546875 HTTP/1.1" 200 0 "-" "WordPress/6.7.2; https://fileluna.com"
198.54.114.83 - - [15/Apr/2025:10:36:16 -0400] "POST /wp-cron.php?doing_wp_cron=1744727773.2770380973815917968750 HTTP/1.1" 200 0 "-" "WordPress/6.7.2; https://fileluna.com"
103.169.35.190 - - [15/Apr/2025:10:48:51 -0400] "POST /xmlrpc.php HTTP/1.1" 200 186 "https://fileluna.com" "Mozilla/5.0 (Macintosh; Intel Mac OS X 10_15_7; rv:125.0.1) Gecko/20100101 Firefox/125.0.1"
198.54.114.83 - - [15/Apr/2025:10:48:57 -0400] "POST /wp-cron.php?doing_wp_cron=1744728535.1208589076995849609375 HTTP/1.1" 200 0 "-" "WordPress/6.7.2; https://fileluna.com"
103.169.35.190 - - [15/Apr/2025:10:48:59 -0400] "POST /wp-login.php HTTP/1.1" 200 1894 "https://fileluna.com" "Mozilla/5.0 (Macintosh; Intel Mac OS X 13.3; rv:126.0) Gecko/20100101 Firefox/126.0"
64.64.118.3 - - [15/Apr/2025:10:57:46 -0400] "GET /umzugsunternehmen-in-luneburg-ihr-partner-fur-einen-reibungslosen-umzug-2 HTTP/1.1" 301 0 "https://www.google.com" "Mozilla/5.0 (Windows NT 10.0; Win64; x64) AppleWebKit/537.36 (KHTML, like Gecko) Chrome/122.0.0.0 Safari/537.36 Edg/122.0.0.0"
185.236.95.145 - - [15/Apr/2025:10:57:45 -0400] "GET /a-fresh-look-at-bathroom-renovations-in-melbournes-western-suburbs HTTP/1.1" 301 0 "https://www.google.com" "Mozilla/5.0 (Windows NT 10.0; Win64; x64) AppleWebKit/537.36 (KHTML, like Gecko) Chrome/122.0.0.0 Safari/537.36 Edg/122.0.0.0"
198.54.114.83 - - [15/Apr/2025:10:57:50 -0400] "POST /wp-cron.php?doing_wp_cron=1744729068.9494669437408447265625 HTTP/1.1" 200 0 "-" "WordPress/6.7.2; https://fileluna.com"
198.54.114.83 - - [15/Apr/2025:10:57:50 -0400] "POST /wp-cron.php?doing_wp_cron=1744729068.9564590454101562500000 HTTP/1.1" 200 0 "-" "WordPress/6.7.2; https://fileluna.com"
185.236.95.145 - - [15/Apr/2025:10:58:00 -0400] "GET /a-fresh-look-at-bathroom-renovations-in-melbournes-western-suburbs/ HTTP/1.1" 200 11863 "https://www.google.com" "Mozilla/5.0 (Windows NT 10.0; Win64; x64) AppleWebKit/537.36 (KHTML, like Gecko) Chrome/122.0.0.0 Safari/537.36 Edg/122.0.0.0"
64.64.118.3 - - [15/Apr/2025:10:58:22 -0400] "GET /umzugsunternehmen-in-luneburg-ihr-partner-fur-einen-reibungslosen-umzug-2/ HTTP/1.1" 200 11737 "https://www.google.com" "Mozilla/5.0 (Windows NT 10.0; Win64; x64) AppleWebKit/537.36 (KHTML, like Gecko) Chrome/122.0.0.0 Safari/537.36 Edg/122.0.0.0"
185.31.202.177 - - [15/Apr/2025:10:59:46 -0400] "GET /ihr-umzugsprofi-in-luneburg HTTP/1.1" 301 0 "https://www.google.com" "Mozilla/5.0 (Windows NT 10.0; Win64; x64) AppleWebKit/537.36 (KHTML, like Gecko) Chrome/122.0.0.0 Safari/537.36 Edg/122.0.0.0"
198.54.114.83 - - [15/Apr/2025:10:59:54 -0400] "POST /wp-cron.php?doing_wp_cron=1744729186.8724598884582519531250 HTTP/1.1" 200 0 "-" "WordPress/6.7.2; https://fileluna.com"
104.250.204.187 - - [15/Apr/2025:10:59:55 -0400] "GET /author/admin HTTP/1.1" 301 0 "https://www.google.com" "Mozilla/5.0 (Windows NT 10.0; Win64; x64) AppleWebKit/537.36 (KHTML, like Gecko) Chrome/122.0.0.0 Safari/537.36 Edg/122.0.0.0"
104.250.204.187 - - [15/Apr/2025:11:00:06 -0400] "GET /author/admin/ HTTP/1.1" 200 11032 "https://www.google.com" "Mozilla/5.0 (Windows NT 10.0; Win64; x64) AppleWebKit/537.36 (KHTML, like Gecko) Chrome/122.0.0.0 Safari/537.36 Edg/122.0.0.0"
185.31.202.177 - - [15/Apr/2025:11:00:11 -0400] "GET /ihr-umzugsprofi-in-luneburg/ HTTP/1.1" 200 11879 "https://www.google.com" "Mozilla/5.0 (Windows NT 10.0; Win64; x64) AppleWebKit/537.36 (KHTML, like Gecko) Chrome/122.0.0.0 Safari/537.36 Edg/122.0.0.0"
104.239.10.153 - - [15/Apr/2025:11:00:16 -0400] "GET /gitarre-lernen-in-dusseldorf HTTP/1.1" 301 0 "https://www.google.com" "Mozilla/5.0 (Windows NT 10.0; Win64; x64) AppleWebKit/537.36 (KHTML, like Gecko) Chrome/122.0.0.0 Safari/537.36 Edg/122.0.0.0"
2602:fb54:3c1:: - - [15/Apr/2025:11:00:27 -0400] "GET /wp-content/plugins/WordPressCore/include.php HTTP/1.1" 404 8709 "www.google.com" "Mozilla/5.0 (Linux; Android 7.0; SM-G892A Build/NRD90M; wv) AppleWebKit/537.36 (KHTML, like Gecko) Version/4.0 Chrome/60.0.3112.107 Mobile Safari/537.36"
104.239.10.153 - - [15/Apr/2025:11:00:29 -0400] "GET /gitarre-lernen-in-dusseldorf/ HTTP/1.1" 200 11818 "https://www.google.com" "Mozilla/5.0 (Windows NT 10.0; Win64; x64) AppleWebKit/537.36 (KHTML, like Gecko) Chrome/122.0.0.0 Safari/537.36 Edg/122.0.0.0"
136.0.103.123 - - [15/Apr/2025:11:00:41 -0400] "GET /gitarrenunterricht-in-dusseldorf-entdecken-sie-ihre-leidenschaft-fur-musik HTTP/1.1" 301 0 "https://www.google.com" "Mozilla/5.0 (Windows NT 10.0; Win64; x64) AppleWebKit/537.36 (KHTML, like Gecko) Chrome/122.0.0.0 Safari/537.36 Edg/122.0.0.0"
185.31.202.249 - - [15/Apr/2025:11:00:42 -0400] "GET /umzugsunternehmen-in-luneburg HTTP/1.1" 301 0 "https://www.google.com" "Mozilla/5.0 (Windows NT 10.0; Win64; x64) AppleWebKit/537.36 (KHTML, like Gecko) Chrome/122.0.0.0 Safari/537.36 Edg/122.0.0.0"
2602:fb54:3c1:: - - [15/Apr/2025:11:00:48 -0400] "GET /wp-content/themes/include.php HTTP/1.1" 404 8709 "www.google.com" "Mozilla/5.0 (Linux; Android 7.0; SM-G892A Build/NRD90M; wv) AppleWebKit/537.36 (KHTML, like Gecko) Version/4.0 Chrome/60.0.3112.107 Mobile Safari/537.36"
198.54.114.83 - - [15/Apr/2025:11:00:52 -0400] "POST /wp-cron.php?doing_wp_cron=1744729248.6901390552520751953125 HTTP/1.1" 200 0 "-" "WordPress/6.7.2; https://fileluna.com"
136.0.103.123 - - [15/Apr/2025:11:00:52 -0400] "GET /gitarrenunterricht-in-dusseldorf-entdecken-sie-ihre-leidenschaft-fur-musik/ HTTP/1.1" 200 11667 "https://www.google.com" "Mozilla/5.0 (Windows NT 10.0; Win64; x64) AppleWebKit/537.36 (KHTML, like Gecko) Chrome/122.0.0.0 Safari/537.36 Edg/122.0.0.0"
185.31.202.249 - - [15/Apr/2025:11:00:59 -0400] "GET /umzugsunternehmen-in-luneburg/ HTTP/1.1" 200 11843 "https://www.google.com" "Mozilla/5.0 (Windows NT 10.0; Win64; x64) AppleWebKit/537.36 (KHTML, like Gecko) Chrome/122.0.0.0 Safari/537.36 Edg/122.0.0.0"
2602:fb54:3c1:: - - [15/Apr/2025:11:01:20 -0400] "GET /simple.php HTTP/1.1" 404 8709 "www.google.com" "Mozilla/5.0 (Linux; Android 7.0; SM-G892A Build/NRD90M; wv) AppleWebKit/537.36 (KHTML, like Gecko) Version/4.0 Chrome/60.0.3112.107 Mobile Safari/537.36"
2602:fb54:3c1:: - - [15/Apr/2025:11:01:35 -0400] "GET /style.php HTTP/1.1" 404 8709 "www.google.com" "Mozilla/5.0 (Linux; Android 7.0; SM-G892A Build/NRD90M; wv) AppleWebKit/537.36 (KHTML, like Gecko) Version/4.0 Chrome/60.0.3112.107 Mobile Safari/537.36"
68.65.123.234 - - [15/Apr/2025:11:01:50 -0400] "POST /xmlrpc.php HTTP/1.1" 200 186 "https://fileluna.com" "Mozilla/5.0 (Macintosh; Intel Mac OS X 14.3) AppleWebKit/614.31.14 (KHTML, like Gecko) Version/17.0.96 Safari/614.31.14"
2602:fb54:3c1:: - - [15/Apr/2025:11:01:52 -0400] "GET /file.php HTTP/1.1" 404 8709 "www.google.com" "Mozilla/5.0 (Linux; Android 7.0; SM-G892A Build/NRD90M; wv) AppleWebKit/537.36 (KHTML, like Gecko) Version/4.0 Chrome/60.0.3112.107 Mobile Safari/537.36"
198.54.114.83 - - [15/Apr/2025:11:01:53 -0400] "POST /wp-cron.php?doing_wp_cron=1744729310.9578490257263183593750 HTTP/1.1" 200 0 "-" "WordPress/6.7.2; https://fileluna.com"
68.65.123.234 - - [15/Apr/2025:11:01:55 -0400] "POST /wp-login.php HTTP/1.1" 200 1894 "https://fileluna.com" "Mozilla/5.0 (Windows NT 10.0; Win64; x64) AppleWebKit/537.36 (KHTML, like Gecko) Chrome/116.0.5845.96 Safari/537.36"
185.21.14.193 - - [15/Apr/2025:11:03:47 -0400] "GET / HTTP/1.1" 200 12524 "-" "Mozilla/5.0 (Macintosh; Intel Mac OS X 10_15_7) AppleWebKit/537.36 (KHTML, like Gecko) Chrome/133.0.0.0 Safari/537.36"
185.21.14.193 - - [15/Apr/2025:11:03:51 -0400] "GET /comments/feed/ HTTP/1.1" 200 363 "-" "Mozilla/5.0 (Macintosh; Intel Mac OS X 10_15_7) AppleWebKit/537.36 (KHTML, like Gecko) Chrome/133.0.0.0 Safari/537.36"
198.54.114.83 - - [15/Apr/2025:11:04:02 -0400] "POST /wp-cron.php?doing_wp_cron=1744729438.0010709762573242187500 HTTP/1.1" 200 0 "-" "WordPress/6.7.2; https://fileluna.com"
185.21.14.193 - - [15/Apr/2025:11:04:04 -0400] "GET /category/shopping-product-reviews/ HTTP/1.1" 200 9439 "-" "Mozilla/5.0 (Macintosh; Intel Mac OS X 10_15_7) AppleWebKit/537.36 (KHTML, like Gecko) Chrome/133.0.0.0 Safari/537.36"
185.21.14.193 - - [15/Apr/2025:11:04:10 -0400] "GET /category/shopping-product-reviews/feed/ HTTP/1.1" 200 457 "-" "Mozilla/5.0 (Macintosh; Intel Mac OS X 10_15_7) AppleWebKit/537.36 (KHTML, like Gecko) Chrome/133.0.0.0 Safari/537.36"
185.21.14.193 - - [15/Apr/2025:11:04:15 -0400] "GET /category/technology/ HTTP/1.1" 200 9426 "-" "Mozilla/5.0 (Macintosh; Intel Mac OS X 10_15_7) AppleWebKit/537.36 (KHTML, like Gecko) Chrome/133.0.0.0 Safari/537.36"
185.21.14.193 - - [15/Apr/2025:11:04:22 -0400] "GET /category/technology/feed/ HTTP/1.1" 200 430 "-" "Mozilla/5.0 (Macintosh; Intel Mac OS X 10_15_7) AppleWebKit/537.36 (KHTML, like Gecko) Chrome/133.0.0.0 Safari/537.36"
68.183.83.234 - - [15/Apr/2025:11:10:25 -0400] "GET /wp-login.php HTTP/1.1" 200 1759 "-" "GRequests/0.10"
68.183.83.234 - - [15/Apr/2025:11:10:27 -0400] "POST /wp-login.php HTTP/1.1" 200 1898 "-" "GRequests/0.10"
198.54.114.83 - - [15/Apr/2025:11:10:35 -0400] "POST /wp-cron.php?doing_wp_cron=1744729833.0491669178009033203125 HTTP/1.1" 200 0 "-" "WordPress/6.7.2; https://fileluna.com"
103.176.179.125 - - [15/Apr/2025:11:13:40 -0400] "GET /wp-login.php HTTP/1.1" 200 1759 "-" "GRequests/0.10"
103.176.179.125 - - [15/Apr/2025:11:13:42 -0400] "POST /wp-login.php HTTP/1.1" 200 1900 "-" "GRequests/0.10"
198.54.114.83 - - [15/Apr/2025:11:13:48 -0400] "POST /wp-cron.php?doing_wp_cron=1744730026.5894799232482910156250 HTTP/1.1" 200 0 "-" "WordPress/6.7.2; https://fileluna.com"
185.57.11.246 - - [15/Apr/2025:11:14:53 -0400] "POST /xmlrpc.php HTTP/1.1" 200 186 "https://fileluna.com" "Mozilla/5.0 (Windows NT 10.0; Win64; x64) AppleWebKit/537.36 (KHTML, like Gecko) Chrome/114.0.5735.199 Safari/537.36 Edg/114.0.1823.67"
198.54.114.83 - - [15/Apr/2025:11:14:56 -0400] "POST /wp-cron.php?doing_wp_cron=1744730094.0241739749908447265625 HTTP/1.1" 200 0 "-" "WordPress/6.7.2; https://fileluna.com"
185.57.11.246 - - [15/Apr/2025:11:14:57 -0400] "POST /wp-login.php HTTP/1.1" 200 1894 "https://fileluna.com" "Mozilla/5.0 (Macintosh; Intel Mac OS X 10_15_7; rv:126.0) Gecko/20100101 Firefox/126.0"
114.119.149.81 - - [15/Apr/2025:11:16:02 -0400] "GET /2024/11/page/15/ HTTP/1.1" 200 10821 "https://fileluna.com/2024/11/page/3/" "Mozilla/5.0 (Linux; Android 7.0;) AppleWebKit/537.36 (KHTML, like Gecko) Mobile Safari/537.36 (compatible; PetalBot;+https://webmaster.petalsearch.com/site/petalbot)"
198.54.114.83 - - [15/Apr/2025:11:16:08 -0400] "POST /wp-cron.php?doing_wp_cron=1744730164.0816218852996826171875 HTTP/1.1" 200 0 "-" "WordPress/6.7.2; https://fileluna.com"
216.244.66.246 - - [15/Apr/2025:11:17:35 -0400] "GET /robots.txt HTTP/1.1" 304 0 "-" "Mozilla/5.0 (compatible; DotBot/1.2; +https://opensiteexplorer.org/dotbot; help@moz.com)"
66.29.146.47 - - [15/Apr/2025:11:27:52 -0400] "POST /xmlrpc.php HTTP/1.1" 200 0 "https://fileluna.com" "Mozilla/5.0 (Macintosh; Intel Mac OS X 10_15_7; rv:127.0) Gecko/20100101 Firefox/127.0"
198.54.114.83 - - [15/Apr/2025:11:28:00 -0400] "POST /wp-cron.php?doing_wp_cron=1744730878.5805830955505371093750 HTTP/1.1" 200 0 "-" "WordPress/6.7.2; https://fileluna.com"
199.188.201.3 - - [15/Apr/2025:11:40:37 -0400] "POST /xmlrpc.php HTTP/1.1" 200 186 "https://fileluna.com" "Mozilla/5.0 (Windows NT 10.0; Win64; x64) AppleWebKit/537.36 (KHTML, like Gecko) Chrome/126.0.0.0 Safari/537.36"
198.54.114.83 - - [15/Apr/2025:11:40:44 -0400] "POST /wp-cron.php?doing_wp_cron=1744731641.6053481101989746093750 HTTP/1.1" 200 0 "-" "WordPress/6.7.2; https://fileluna.com"
199.188.201.3 - - [15/Apr/2025:11:40:44 -0400] "POST /wp-login.php HTTP/1.1" 200 1894 "https://fileluna.com" "Mozilla/5.0 (Windows NT 10.0; Win64; x64; rv:129.0) Gecko/20100101 Firefox/129.0"
121.40.58.137 - - [15/Apr/2025:11:52:57 -0400] "POST /xmlrpc.php HTTP/1.1" 200 205 "-" "Mozilla/5.0 (X11; Fedora; Linux x86_64; rv:94.0) Gecko/20100101 Firefox/95.0"
198.54.114.83 - - [15/Apr/2025:11:53:04 -0400] "POST /wp-cron.php?doing_wp_cron=1744732383.2737050056457519531250 HTTP/1.1" 200 0 "-" "WordPress/6.7.2; https://fileluna.com"
217.156.65.24 - - [15/Apr/2025:11:53:28 -0400] "POST /xmlrpc.php HTTP/1.1" 200 186 "https://fileluna.com" "Mozilla/5.0 (Windows NT 10.0; Win64; x64; rv:125.0.1) Gecko/20100101 Firefox/125.0.1"
217.156.65.24 - - [15/Apr/2025:11:53:31 -0400] "POST /wp-login.php HTTP/1.1" 200 1894 "https://fileluna.com" "Mozilla/5.0 (Macintosh; Intel Mac OS X 14_4_1) AppleWebKit/605.1.15 (KHTML, like Gecko) Version/17.3.1 Safari/605.1.15"
170.106.181.163 - - [15/Apr/2025:11:53:49 -0400] "GET / HTTP/1.1" 200 12524 "http://fileluna.com" "Mozilla/5.0 (iPhone; CPU iPhone OS 13_2_3 like Mac OS X) AppleWebKit/605.1.15 (KHTML, like Gecko) Version/13.0.3 Mobile/15E148 Safari/604.1"
135.119.140.245 - - [15/Apr/2025:11:54:28 -0400] "HEAD /wordpress HTTP/1.1" 404 0 "http://fileluna.com/wordpress" "Mozilla/5.0 (Windows NT 10.0; Win64; x64) AppleWebKit/537.36 (KHTML, like Gecko) Chrome/74.0.3729.169 Safari/537.36"
135.119.140.245 - - [15/Apr/2025:11:54:32 -0400] "HEAD / HTTP/1.1" 200 0 "http://fileluna.com/" "Mozilla/5.0 (Windows NT 10.0; Win64; x64) AppleWebKit/537.36 (KHTML, like Gecko) Chrome/74.0.3729.169 Safari/537.36"
135.119.140.245 - - [15/Apr/2025:11:54:33 -0400] "HEAD /wp HTTP/1.1" 404 0 "http://fileluna.com/wp" "Mozilla/5.0 (Windows NT 10.0; Win64; x64) AppleWebKit/537.36 (KHTML, like Gecko) Chrome/74.0.3729.169 Safari/537.36"
135.119.140.245 - - [15/Apr/2025:11:54:35 -0400] "HEAD /bc HTTP/1.1" 404 0 "http://fileluna.com/bc" "Mozilla/5.0 (Windows NT 10.0; Win64; x64) AppleWebKit/537.36 (KHTML, like Gecko) Chrome/74.0.3729.169 Safari/537.36"
135.119.140.245 - - [15/Apr/2025:11:54:37 -0400] "HEAD /bk HTTP/1.1" 404 0 "http://fileluna.com/bk" "Mozilla/5.0 (Windows NT 10.0; Win64; x64) AppleWebKit/537.36 (KHTML, like Gecko) Chrome/74.0.3729.169 Safari/537.36"
135.119.140.245 - - [15/Apr/2025:11:54:38 -0400] "HEAD /backup HTTP/1.1" 404 0 "http://fileluna.com/backup" "Mozilla/5.0 (Windows NT 10.0; Win64; x64) AppleWebKit/537.36 (KHTML, like Gecko) Chrome/74.0.3729.169 Safari/537.36"
135.119.140.245 - - [15/Apr/2025:11:54:40 -0400] "HEAD /old HTTP/1.1" 404 0 "http://fileluna.com/old" "Mozilla/5.0 (Windows NT 10.0; Win64; x64) AppleWebKit/537.36 (KHTML, like Gecko) Chrome/74.0.3729.169 Safari/537.36"
135.119.140.245 - - [15/Apr/2025:11:54:42 -0400] "HEAD /new HTTP/1.1" 404 0 "http://fileluna.com/new" "Mozilla/5.0 (Windows NT 10.0; Win64; x64) AppleWebKit/537.36 (KHTML, like Gecko) Chrome/74.0.3729.169 Safari/537.36"
135.119.140.245 - - [15/Apr/2025:11:54:45 -0400] "HEAD /main HTTP/1.1" 404 0 "http://fileluna.com/main" "Mozilla/5.0 (Windows NT 10.0; Win64; x64) AppleWebKit/537.36 (KHTML, like Gecko) Chrome/74.0.3729.169 Safari/537.36"
135.119.140.245 - - [15/Apr/2025:11:54:48 -0400] "HEAD /home HTTP/1.1" 404 0 "http://fileluna.com/home" "Mozilla/5.0 (Windows NT 10.0; Win64; x64) AppleWebKit/537.36 (KHTML, like Gecko) Chrome/74.0.3729.169 Safari/537.36"
216.244.66.246 - - [15/Apr/2025:12:04:17 -0400] "GET /robots.txt HTTP/1.1" 200 61 "-" "Mozilla/5.0 (compatible; DotBot/1.2; +https://opensiteexplorer.org/dotbot; help@moz.com)"
198.54.114.83 - - [15/Apr/2025:12:06:32 -0400] "POST /wp-cron.php?doing_wp_cron=1744733191.3928389549255371093750 HTTP/1.1" 200 0 "-" "WordPress/6.7.2; https://fileluna.com"
198.54.125.232 - - [15/Apr/2025:12:06:27 -0400] "POST /xmlrpc.php HTTP/1.1" 200 186 "https://fileluna.com" "Mozilla/5.0 (Windows NT 10.0; Win64; x64) AppleWebKit/537.36 (KHTML, like Gecko) Chrome/114.0.5735.134 Safari/537.36"
198.54.125.232 - - [15/Apr/2025:12:06:34 -0400] "POST /wp-login.php HTTP/1.1" 200 1894 "https://fileluna.com" "Mozilla/5.0 (Windows NT 10.0; Win64; x64) AppleWebKit/537.36 (KHTML, like Gecko) Chrome/114.0.5735.134 Safari/537.36"
46.250.161.213 - - [15/Apr/2025:12:11:37 -0400] "GET /professionelle-umzugsfirma-in-hamburg-fur-einen-stressfreien-umzug/ HTTP/1.1" 200 12091 "https://fileluna.com/professionelle-umzugsfirma-in-hamburg-fur-einen-stressfreien-umzug/" "Mozilla/5.0 (Macintosh; Intel Mac OS X 10_15_7) AppleWebKit/537.36 (KHTML, like Gecko) Chrome/123.0.0.0 Safari/537.36"
198.54.114.83 - - [15/Apr/2025:12:11:47 -0400] "POST /wp-cron.php?doing_wp_cron=1744733503.3999590873718261718750 HTTP/1.1" 200 0 "-" "WordPress/6.7.2; https://fileluna.com"
86.54.42.21 - - [15/Apr/2025:12:12:53 -0400] "GET /installer.php HTTP/1.1" 404 8709 "-" "Mozilla/5.0 (X11; Linux x86_64) AppleWebKit/537.36 (KHTML, like Gecko) Chrome/132.0.6834.84 Safari/537.36"
86.54.42.21 - - [15/Apr/2025:12:12:52 -0400] "GET /installer-backup.php HTTP/1.1" 404 8709 "-" "Mozilla/5.0 (X11; Linux x86_64) AppleWebKit/537.36 (KHTML, like Gecko) Chrome/132.0.6834.84 Safari/537.36"
198.54.114.83 - - [15/Apr/2025:12:12:55 -0400] "POST /wp-cron.php?doing_wp_cron=1744733573.5167639255523681640625 HTTP/1.1" 200 0 "-" "WordPress/6.7.2; https://fileluna.com"
162.241.126.57 - - [15/Apr/2025:12:19:24 -0400] "POST /xmlrpc.php HTTP/1.1" 200 0 "https://fileluna.com" "Mozilla/5.0 (Windows NT 10.0; Win64; x64; rv:125.0.1) Gecko/20100101 Firefox/125.0.1"
185.36.117.80 - - [15/Apr/2025:12:19:34 -0400] "GET /wp-login.php HTTP/1.1" 200 1759 "-" "GRequests/0.10"
198.54.114.83 - - [15/Apr/2025:12:19:34 -0400] "POST /wp-cron.php?doing_wp_cron=1744733971.2103800773620605468750 HTTP/1.1" 200 0 "-" "WordPress/6.7.2; https://fileluna.com"
185.36.117.80 - - [15/Apr/2025:12:19:39 -0400] "POST /wp-login.php HTTP/1.1" 200 1898 "-" "GRequests/0.10"
119.3.239.232 - - [15/Apr/2025:12:24:12 -0400] "POST /xmlrpc.php HTTP/1.1" 200 205 "-" "Mozilla/5.0 (X11; Fedora; Linux x86_64; rv:94.0) Gecko/20100101 Firefox/95.0"
198.54.114.83 - - [15/Apr/2025:12:24:22 -0400] "POST /wp-cron.php?doing_wp_cron=1744734258.4086248874664306640625 HTTP/1.1" 200 0 "-" "WordPress/6.7.2; https://fileluna.com"
35.181.48.42 - - [15/Apr/2025:12:28:31 -0400] "GET / HTTP/1.1" 200 12524 "www.google.com" "Mozilla/5.0 (Linux; Android 7.0; SM-G892A Build/NRD90M; wv) AppleWebKit/537.36 (KHTML, like Gecko) Version/4.0 Chrome/60.0.3112.107 Mobile Safari/537.36"
35.181.48.42 - - [15/Apr/2025:12:28:41 -0400] "GET /wp HTTP/1.1" 404 8709 "www.google.com" "Mozilla/5.0 (Linux; Android 7.0; SM-G892A Build/NRD90M; wv) AppleWebKit/537.36 (KHTML, like Gecko) Version/4.0 Chrome/60.0.3112.107 Mobile Safari/537.36"
198.54.114.83 - - [15/Apr/2025:12:28:50 -0400] "POST /wp-cron.php?doing_wp_cron=1744734526.1131451129913330078125 HTTP/1.1" 200 0 "-" "WordPress/6.7.2; https://fileluna.com"
35.181.48.42 - - [15/Apr/2025:12:28:56 -0400] "GET /wordpress HTTP/1.1" 404 8709 "www.google.com" "Mozilla/5.0 (Linux; Android 7.0; SM-G892A Build/NRD90M; wv) AppleWebKit/537.36 (KHTML, like Gecko) Version/4.0 Chrome/60.0.3112.107 Mobile Safari/537.36"
35.181.48.42 - - [15/Apr/2025:12:29:07 -0400] "GET /fileluna HTTP/1.1" 404 8709 "www.google.com" "Mozilla/5.0 (Linux; Android 7.0; SM-G892A Build/NRD90M; wv) AppleWebKit/537.36 (KHTML, like Gecko) Version/4.0 Chrome/60.0.3112.107 Mobile Safari/537.36"
35.181.48.42 - - [15/Apr/2025:12:29:13 -0400] "GET /wordpress HTTP/1.1" 404 8709 "www.google.com" "Mozilla/5.0 (Linux; Android 7.0; SM-G892A Build/NRD90M; wv) AppleWebKit/537.36 (KHTML, like Gecko) Version/4.0 Chrome/60.0.3112.107 Mobile Safari/537.36"
35.181.48.42 - - [15/Apr/2025:12:29:19 -0400] "GET /old HTTP/1.1" 404 8709 "www.google.com" "Mozilla/5.0 (Linux; Android 7.0; SM-G892A Build/NRD90M; wv) AppleWebKit/537.36 (KHTML, like Gecko) Version/4.0 Chrome/60.0.3112.107 Mobile Safari/537.36"
35.181.48.42 - - [15/Apr/2025:12:29:27 -0400] "GET /backup HTTP/1.1" 404 8709 "www.google.com" "Mozilla/5.0 (Linux; Android 7.0; SM-G892A Build/NRD90M; wv) AppleWebKit/537.36 (KHTML, like Gecko) Version/4.0 Chrome/60.0.3112.107 Mobile Safari/537.36"
35.181.48.42 - - [15/Apr/2025:12:29:35 -0400] "GET /new HTTP/1.1" 404 8709 "www.google.com" "Mozilla/5.0 (Linux; Android 7.0; SM-G892A Build/NRD90M; wv) AppleWebKit/537.36 (KHTML, like Gecko) Version/4.0 Chrome/60.0.3112.107 Mobile Safari/537.36"
35.181.48.42 - - [15/Apr/2025:12:29:41 -0400] "GET /test HTTP/1.1" 404 8709 "www.google.com" "Mozilla/5.0 (Linux; Android 7.0; SM-G892A Build/NRD90M; wv) AppleWebKit/537.36 (KHTML, like Gecko) Version/4.0 Chrome/60.0.3112.107 Mobile Safari/537.36"
35.181.48.42 - - [15/Apr/2025:12:29:48 -0400] "GET /wp HTTP/1.1" 404 8709 "www.google.com" "Mozilla/5.0 (Linux; Android 7.0; SM-G892A Build/NRD90M; wv) AppleWebKit/537.36 (KHTML, like Gecko) Version/4.0 Chrome/60.0.3112.107 Mobile Safari/537.36"
195.191.219.130 - - [15/Apr/2025:12:29:51 -0400] "GET /robots.txt HTTP/1.1" 200 61 "-" "Mozilla/5.0 (compatible; MJ12bot/v2.0.0; http://mj12bot.com/)"
35.181.48.42 - - [15/Apr/2025:12:29:54 -0400] "GET /temp HTTP/1.1" 404 8709 "www.google.com" "Mozilla/5.0 (Linux; Android 7.0; SM-G892A Build/NRD90M; wv) AppleWebKit/537.36 (KHTML, like Gecko) Version/4.0 Chrome/60.0.3112.107 Mobile Safari/537.36"
195.191.219.130 - - [15/Apr/2025:12:29:53 -0400] "GET /essential-guide-to-free-employment-law-advice/feed/ HTTP/1.1" 200 406 "-" "Mozilla/5.0 (compatible; MJ12bot/v2.0.0; http://mj12bot.com/)"
198.54.114.83 - - [15/Apr/2025:12:29:56 -0400] "POST /wp-cron.php?doing_wp_cron=1744734594.1106860637664794921875 HTTP/1.1" 200 0 "-" "WordPress/6.7.2; https://fileluna.com"
35.181.48.42 - - [15/Apr/2025:12:29:58 -0400] "GET /blog HTTP/1.1" 404 8709 "www.google.com" "Mozilla/5.0 (Linux; Android 7.0; SM-G892A Build/NRD90M; wv) AppleWebKit/537.36 (KHTML, like Gecko) Version/4.0 Chrome/60.0.3112.107 Mobile Safari/537.36"
15.204.43.173 - - [15/Apr/2025:12:32:00 -0400] "POST /xmlrpc.php HTTP/1.1" 200 186 "https://fileluna.com" "Mozilla/5.0 (Macintosh; Intel Mac OS X 14.5) AppleWebKit/618.3.5 (KHTML, like Gecko) Version/17.4 Safari/618.3.5"
198.54.114.83 - - [15/Apr/2025:12:32:07 -0400] "POST /wp-cron.php?doing_wp_cron=1744734724.9509820938110351562500 HTTP/1.1" 200 0 "-" "WordPress/6.7.2; https://fileluna.com"
15.204.43.173 - - [15/Apr/2025:12:32:08 -0400] "POST /wp-login.php HTTP/1.1" 200 1894 "https://fileluna.com" "Mozilla/5.0 (Macintosh; Intel Mac OS X 10_15_7; rv:127.0) Gecko/20100101 Firefox/127.0"
51.222.253.2 - - [15/Apr/2025:12:40:06 -0400] "GET /robots.txt HTTP/1.1" 200 61 "-" "Mozilla/5.0 (compatible; AhrefsBot/7.0; +http://ahrefs.com/robot/)"
162.0.215.190 - - [15/Apr/2025:12:44:21 -0400] "POST /xmlrpc.php HTTP/1.1" 200 0 "https://fileluna.com" "Mozilla/5.0 (Macintosh; Intel Mac OS X 14_6) AppleWebKit/605.1.15 (KHTML, like Gecko) Version/17.5 Safari/605.1.15"
198.54.114.83 - - [15/Apr/2025:12:44:34 -0400] "POST /wp-cron.php?doing_wp_cron=1744735468.2268788814544677734375 HTTP/1.1" 200 0 "-" "WordPress/6.7.2; https://fileluna.com"
52.169.84.30 - - [15/Apr/2025:12:45:20 -0400] "GET /sts.php HTTP/1.1" 404 8709 "-" "-"
52.169.84.30 - - [15/Apr/2025:12:45:30 -0400] "GET /wp-hoard.php HTTP/1.1" 404 8709 "-" "-"
198.54.114.83 - - [15/Apr/2025:12:45:33 -0400] "POST /wp-cron.php?doing_wp_cron=1744735530.9239649772644042968750 HTTP/1.1" 200 0 "-" "WordPress/6.7.2; https://fileluna.com"
52.169.84.30 - - [15/Apr/2025:12:45:38 -0400] "GET /wp-l0gin.php HTTP/1.1" 404 8709 "-" "-"
52.169.84.30 - - [15/Apr/2025:12:45:46 -0400] "GET /priv8.php HTTP/1.1" 404 8709 "-" "-"
52.169.84.30 - - [15/Apr/2025:12:45:55 -0400] "GET /wp-post-editor.php HTTP/1.1" 404 8709 "-" "-"
52.169.84.30 - - [15/Apr/2025:12:46:03 -0400] "GET /404.php HTTP/1.1" 404 8709 "-" "-"
52.169.84.30 - - [15/Apr/2025:12:46:12 -0400] "GET /users.php HTTP/1.1" 404 8709 "-" "-"
52.169.84.30 - - [15/Apr/2025:12:46:22 -0400] "GET /classwithtostring.php HTTP/1.1" 404 8709 "-" "-"
52.169.84.30 - - [15/Apr/2025:12:46:31 -0400] "GET /wp-head.php HTTP/1.1" 404 8709 "-" "-"
198.54.114.83 - - [15/Apr/2025:12:46:36 -0400] "POST /wp-cron.php?doing_wp_cron=1744735591.8859679698944091796875 HTTP/1.1" 200 0 "-" "WordPress/6.7.2; https://fileluna.com"
52.169.84.30 - - [15/Apr/2025:12:46:41 -0400] "GET /admin.php HTTP/1.1" 404 8709 "-" "-"
52.169.84.30 - - [15/Apr/2025:12:46:50 -0400] "GET /about.php HTTP/1.1" 404 8709 "-" "-"
52.169.84.30 - - [15/Apr/2025:12:47:02 -0400] "GET /dropdown.php HTTP/1.1" 404 8709 "-" "-"
52.169.84.30 - - [15/Apr/2025:12:47:12 -0400] "GET /wp-header.php HTTP/1.1" 404 8709 "-" "-"
52.169.84.30 - - [15/Apr/2025:12:47:23 -0400] "GET /radio.php HTTP/1.1" 404 8709 "-" "-"
52.169.84.30 - - [15/Apr/2025:12:47:33 -0400] "GET /simple.php HTTP/1.1" 404 8709 "-" "-"
198.54.114.83 - - [15/Apr/2025:12:47:38 -0400] "POST /wp-cron.php?doing_wp_cron=1744735653.7221519947052001953125 HTTP/1.1" 200 0 "-" "WordPress/6.7.2; https://fileluna.com"
52.169.84.30 - - [15/Apr/2025:12:47:43 -0400] "GET /cong.php HTTP/1.1" 404 8709 "-" "-"
52.169.84.30 - - [15/Apr/2025:12:47:50 -0400] "GET /options.php HTTP/1.1" 404 8709 "-" "-"
52.169.84.30 - - [15/Apr/2025:12:47:55 -0400] "GET /wp-content/index.php?x=ooo HTTP/1.1" 200 0 "-" "-"
52.169.84.30 - - [15/Apr/2025:12:48:02 -0400] "GET /wp-admin/options.php HTTP/1.1" 302 0 "-" "-"
52.169.84.30 - - [15/Apr/2025:12:48:07 -0400] "GET /wp-login.php?redirect_to=https%3A%2F%2Ffileluna.com%2Fwp-admin%2Foptions.php&reauth=1 HTTP/1.1" 200 1766 "-" "-"
52.169.84.30 - - [15/Apr/2025:12:48:13 -0400] "GET /wp-content/plugins/fix/up.php HTTP/1.1" 404 8709 "-" "-"
52.169.84.30 - - [15/Apr/2025:12:48:21 -0400] "GET /1index.php HTTP/1.1" 404 8709 "-" "-"
52.169.84.30 - - [15/Apr/2025:12:48:28 -0400] "GET /11index.php HTTP/1.1" 404 8709 "-" "-"
52.169.84.30 - - [15/Apr/2025:12:48:35 -0400] "GET /2index.php HTTP/1.1" 404 8709 "-" "-"
198.54.114.83 - - [15/Apr/2025:12:48:39 -0400] "POST /wp-cron.php?doing_wp_cron=1744735716.1177330017089843750000 HTTP/1.1" 200 0 "-" "WordPress/6.7.2; https://fileluna.com"
52.169.84.30 - - [15/Apr/2025:12:48:42 -0400] "GET /3index.php HTTP/1.1" 404 8709 "-" "-"
52.169.84.30 - - [15/Apr/2025:12:48:51 -0400] "GET /wp_wrong_datlib.php HTTP/1.1" 404 8709 "-" "-"
52.169.84.30 - - [15/Apr/2025:12:48:56 -0400] "GET /wp-adminincludesclass-wp-media-list-data.php HTTP/1.1" 404 8709 "-" "-"
52.169.84.30 - - [15/Apr/2025:12:48:59 -0400] "GET /autoload_classmap.php HTTP/1.1" 404 8709 "-" "-"
52.169.84.30 - - [15/Apr/2025:12:49:08 -0400] "GET /wso.php HTTP/1.1" 404 8709 "-" "-"
52.169.84.30 - - [15/Apr/2025:12:49:13 -0400] "GET /doc.php HTTP/1.1" 404 8709 "-" "-"
52.169.84.30 - - [15/Apr/2025:12:49:24 -0400] "GET /stindex.php HTTP/1.1" 404 8709 "-" "-"
52.169.84.30 - - [15/Apr/2025:12:49:33 -0400] "GET /alwso.php HTTP/1.1" 404 8709 "-" "-"
52.169.84.30 - - [15/Apr/2025:12:49:42 -0400] "GET /ups.php HTTP/1.1" 404 8709 "-" "-"
198.54.114.83 - - [15/Apr/2025:12:49:48 -0400] "POST /wp-cron.php?doing_wp_cron=1744735782.9996879100799560546875 HTTP/1.1" 200 0 "-" "WordPress/6.7.2; https://fileluna.com"
52.169.84.30 - - [15/Apr/2025:12:49:56 -0400] "GET /media-admin.php HTTP/1.1" 404 8709 "-" "-"
52.169.84.30 - - [15/Apr/2025:12:50:10 -0400] "GET /sym.php HTTP/1.1" 404 8709 "-" "-"
52.169.84.30 - - [15/Apr/2025:12:50:14 -0400] "GET /sym403.php HTTP/1.1" 404 8709 "-" "-"
52.169.84.30 - - [15/Apr/2025:12:50:27 -0400] "GET /fw.php HTTP/1.1" 404 8709 "-" "-"
52.169.84.30 - - [15/Apr/2025:12:50:39 -0400] "GET /symlink.php HTTP/1.1" 404 8709 "-" "-"
52.169.84.30 - - [15/Apr/2025:12:50:54 -0400] "GET /shell.php HTTP/1.1" 404 8709 "-" "-"
