216.244.66.246 - - [15/Apr/2025:04:37:45 -0400] "GET /robots.txt HTTP/1.1" 200 61 "-" "Mozilla/5.0 (compatible; DotBot/1.2; +https://opensiteexplorer.org/dotbot; help@moz.com)"
40.69.36.254 - - [15/Apr/2025:04:37:45 -0400] "GET /test.php HTTP/1.1" 404 8709 "-" "-"
40.69.36.254 - - [15/Apr/2025:04:37:50 -0400] "GET /user.php HTTP/1.1" 404 8709 "-" "-"
40.69.36.254 - - [15/Apr/2025:04:37:53 -0400] "GET /wp-2019.php HTTP/1.1" 404 8709 "-" "-"
40.69.36.254 - - [15/Apr/2025:04:37:55 -0400] "GET /wp-add-admin.php HTTP/1.1" 404 8709 "-" "-"
40.69.36.254 - - [15/Apr/2025:04:37:56 -0400] "GET /wp-admin/about.php HTTP/1.1" 302 0 "-" "-"
40.69.36.254 - - [15/Apr/2025:04:37:57 -0400] "GET /wp-login.php?redirect_to=https%3A%2F%2Ffileluna.com%2Fwp-admin%2Fabout.php&reauth=1 HTTP/1.1" 200 1774 "-" "-"
40.69.36.254 - - [15/Apr/2025:04:37:58 -0400] "GET /wp-admin/admin-ajax.php HTTP/1.1" 400 5 "-" "-"
114.119.132.163 - - [15/Apr/2025:04:37:58 -0400] "GET /category/arts-entertainments/page/32/ HTTP/1.1" 200 11277 "https://fileluna.com/category/arts-entertainments/page/35/" "Mozilla/5.0 (Linux; Android 7.0;) AppleWebKit/537.36 (KHTML, like Gecko) Mobile Safari/537.36 (compatible; PetalBot;+https://webmaster.petalsearch.com/site/petalbot)"
40.69.36.254 - - [15/Apr/2025:04:37:59 -0400] "GET /wp-admin/class-db.php HTTP/1.1" 404 8709 "-" "-"
40.69.36.254 - - [15/Apr/2025:04:38:00 -0400] "GET /wp-admin/css/colors/blue/ HTTP/1.1" 403 1242 "-" "-"
40.69.36.254 - - [15/Apr/2025:04:38:01 -0400] "GET /wp-admin/css/colors/cloud.php HTTP/1.1" 404 8709 "-" "-"
198.54.114.83 - - [15/Apr/2025:04:38:03 -0400] "POST /wp-cron.php?doing_wp_cron=1744706283.0990378856658935546875 HTTP/1.1" 200 0 "-" "WordPress/6.7.2; https://fileluna.com"
40.69.36.254 - - [15/Apr/2025:04:38:02 -0400] "GET /wp-admin/css/colors/coffee/xmrlpc.php?p= HTTP/1.1" 301 0 "-" "-"
198.54.114.83 - - [15/Apr/2025:04:38:03 -0400] "POST /wp-admin/admin-ajax.php?action=async_litespeed&nonce=PEXHyfexE1F3WZpZt1rwg9GJykNHNwSG&litespeed_type=imgoptm HTTP/1.1" 200 5 "-" "WordPress/6.7.2; https://fileluna.com"
40.69.36.254 - - [15/Apr/2025:04:38:03 -0400] "GET /wp-admin/css/colors/coffee/xmrlpc.php HTTP/1.1" 404 8709 "-" "-"
40.69.36.254 - - [15/Apr/2025:04:38:05 -0400] "GET /wp-admin/css/wp-conflg.php HTTP/1.1" 404 8709 "-" "-"
40.69.36.254 - - [15/Apr/2025:04:38:07 -0400] "GET /wp-admin/dropdown.php HTTP/1.1" 404 8709 "-" "-"
40.69.36.254 - - [15/Apr/2025:04:38:08 -0400] "GET /wp-admin/images/admin.php HTTP/1.1" 404 8709 "-" "-"
40.69.36.254 - - [15/Apr/2025:04:38:09 -0400] "GET /wp-admin/images/install.php HTTP/1.1" 404 8709 "-" "-"
40.69.36.254 - - [15/Apr/2025:04:38:10 -0400] "GET /wp-admin/includes/ HTTP/1.1" 403 1242 "-" "-"
40.69.36.254 - - [15/Apr/2025:04:38:11 -0400] "GET /wp-admin/includes/cloud.php HTTP/1.1" 404 8709 "-" "-"
40.69.36.254 - - [15/Apr/2025:04:38:11 -0400] "GET /wp-admin/install.php HTTP/1.1" 200 435 "-" "-"
40.69.36.254 - - [15/Apr/2025:04:38:12 -0400] "GET /wp-admin/js/autoload_classmap.php HTTP/1.1" 404 8709 "-" "-"
40.69.36.254 - - [15/Apr/2025:04:38:14 -0400] "GET /wp-admin/js/widgets/ HTTP/1.1" 403 1242 "-" "-"
40.69.36.254 - - [15/Apr/2025:04:38:14 -0400] "GET /wp-admin/js/widgets/cloud.php HTTP/1.1" 404 8709 "-" "-"
40.69.36.254 - - [15/Apr/2025:04:38:16 -0400] "GET /wp-admin/maint/moon.php HTTP/1.1" 404 8709 "-" "-"
40.69.36.254 - - [15/Apr/2025:04:38:17 -0400] "GET /wp-admin/network/admin.php HTTP/1.1" 302 0 "-" "-"
40.69.36.254 - - [15/Apr/2025:04:38:18 -0400] "GET /wp-login.php?redirect_to=https%3A%2F%2Ffileluna.com%2Fwp-admin%2Fnetwork%2Fadmin.php&reauth=1 HTTP/1.1" 200 1771 "-" "-"
40.69.36.254 - - [15/Apr/2025:04:38:19 -0400] "GET /wp-admin/network/cloud.php HTTP/1.1" 404 8709 "-" "-"
40.69.36.254 - - [15/Apr/2025:04:38:20 -0400] "GET /wp-admin/network/index.php HTTP/1.1" 302 0 "-" "-"
40.69.36.254 - - [15/Apr/2025:04:38:21 -0400] "GET /wp-login.php?redirect_to=https%3A%2F%2Ffileluna.com%2Fwp-admin%2Fnetwork%2Findex.php&reauth=1 HTTP/1.1" 200 1768 "-" "-"
40.69.36.254 - - [15/Apr/2025:04:38:21 -0400] "GET /wp-admin/network/xmrlpc.php?p= HTTP/1.1" 301 0 "-" "-"
40.69.36.254 - - [15/Apr/2025:04:38:22 -0400] "GET /wp-admin/network/xmrlpc.php HTTP/1.1" 404 8709 "-" "-"
40.69.36.254 - - [15/Apr/2025:04:38:25 -0400] "GET /wp-admin/shell20211028.php HTTP/1.1" 404 8709 "-" "-"
40.69.36.254 - - [15/Apr/2025:04:38:26 -0400] "GET /wp-admin/user/xmrlpc.php?p= HTTP/1.1" 301 0 "-" "-"
40.69.36.254 - - [15/Apr/2025:04:38:27 -0400] "GET /wp-admin/user/xmrlpc.php HTTP/1.1" 404 8709 "-" "-"
40.69.36.254 - - [15/Apr/2025:04:38:28 -0400] "GET /wp-blog.php HTTP/1.1" 404 8709 "-" "-"
40.69.36.254 - - [15/Apr/2025:04:38:30 -0400] "GET /wp-conflg.php HTTP/1.1" 404 8709 "-" "-"
40.69.36.254 - - [15/Apr/2025:04:38:31 -0400] "GET /wp-conflg.php?p= HTTP/1.1" 301 0 "-" "-"
40.69.36.254 - - [15/Apr/2025:04:38:33 -0400] "GET /wp-conflg.php HTTP/1.1" 404 8709 "-" "-"
40.69.36.254 - - [15/Apr/2025:04:38:34 -0400] "GET /wp-content/about.php HTTP/1.1" 404 8709 "-" "-"
40.69.36.254 - - [15/Apr/2025:04:38:36 -0400] "GET /wp-content/autoload_classmap.php HTTP/1.1" 404 8709 "-" "-"
40.69.36.254 - - [15/Apr/2025:04:38:38 -0400] "GET /wp-content/dropdown.php HTTP/1.1" 404 8709 "-" "-"
40.69.36.254 - - [15/Apr/2025:04:38:40 -0400] "GET /wp-content/index.php HTTP/1.1" 200 0 "-" "-"
40.69.36.254 - - [15/Apr/2025:04:38:41 -0400] "GET /wp-content/index.php?pass=cfwk HTTP/1.1" 200 0 "-" "-"
40.69.36.254 - - [15/Apr/2025:04:38:41 -0400] "GET /wp-content/index.php?pass=xleet HTTP/1.1" 200 0 "-" "-"
40.69.36.254 - - [15/Apr/2025:04:38:42 -0400] "GET /wp-content/item.php HTTP/1.1" 404 8709 "-" "-"
40.69.36.254 - - [15/Apr/2025:04:38:44 -0400] "GET /wp-content/plugins/ HTTP/1.1" 200 0 "-" "-"
40.69.36.254 - - [15/Apr/2025:04:38:45 -0400] "GET /wp-content/plugins/TOPXOH/wDR.php HTTP/1.1" 404 8709 "-" "-"
40.69.36.254 - - [15/Apr/2025:04:38:46 -0400] "GET /wp-content/plugins/ango/sett.php HTTP/1.1" 404 8709 "-" "-"
40.69.36.254 - - [15/Apr/2025:04:38:47 -0400] "GET /wp-content/plugins/hellopress/wp_mna.php HTTP/1.1" 404 8709 "-" "-"
40.69.36.254 - - [15/Apr/2025:04:38:48 -0400] "GET /wp-content/plugins/revslider/includes/external/page/index.php HTTP/1.1" 301 0 "-" "-"
40.69.36.254 - - [15/Apr/2025:04:38:49 -0400] "GET /wp-content/plugins/revslider/includes/external/page/ HTTP/1.1" 404 8709 "-" "-"
40.69.36.254 - - [15/Apr/2025:04:38:50 -0400] "GET /wp-content/themes/about.php HTTP/1.1" 404 8709 "-" "-"
40.69.36.254 - - [15/Apr/2025:04:38:52 -0400] "GET /wp-content/themes/hello-element/footer.php HTTP/1.1" 404 8709 "-" "-"
40.69.36.254 - - [15/Apr/2025:04:38:53 -0400] "GET /wp-content/themes/index.php?pass=admin HTTP/1.1" 200 0 "-" "-"
40.69.36.254 - - [15/Apr/2025:04:38:53 -0400] "GET /wp-content/themes/pridmag/db.php?u HTTP/1.1" 404 8709 "-" "-"
40.69.36.254 - - [15/Apr/2025:04:38:55 -0400] "GET /wp-content/themes/seotheme/mar.php HTTP/1.1" 404 8709 "-" "-"
40.69.36.254 - - [15/Apr/2025:04:38:56 -0400] "GET /wp-content/themes/twentyseventeen/page/index.php?p= HTTP/1.1" 301 0 "-" "-"
40.69.36.254 - - [15/Apr/2025:04:38:57 -0400] "GET /wp-content/themes/twentyseventeen/page/ HTTP/1.1" 404 8709 "-" "-"
40.69.36.254 - - [15/Apr/2025:04:38:58 -0400] "GET /wp-content/uploads/ HTTP/1.1" 403 1242 "-" "-"
40.69.36.254 - - [15/Apr/2025:04:38:59 -0400] "GET /wp-content/wp-login.php HTTP/1.1" 404 8709 "-" "-"
40.69.36.254 - - [15/Apr/2025:04:39:01 -0400] "GET /wp-includes/ID3/wp-conflg.php HTTP/1.1" 404 8709 "-" "-"
198.54.114.83 - - [15/Apr/2025:04:39:05 -0400] "POST /wp-cron.php?doing_wp_cron=1744706344.5125560760498046875000 HTTP/1.1" 200 0 "-" "WordPress/6.7.2; https://fileluna.com"
40.69.36.254 - - [15/Apr/2025:04:39:04 -0400] "GET /wp-includes/IXR/chosen.php HTTP/1.1" 404 8709 "-" "-"
198.54.114.83 - - [15/Apr/2025:04:39:07 -0400] "POST /wp-admin/admin-ajax.php?action=async_litespeed&nonce=KSoZ33IYKO8yCMOB890PabvPiMcb7jgd&litespeed_type=imgoptm HTTP/1.1" 200 0 "-" "WordPress/6.7.2; https://fileluna.com"
40.69.36.254 - - [15/Apr/2025:04:39:08 -0400] "GET /wp-includes/Requests/Text/index.php HTTP/1.1" 301 0 "-" "-"
40.69.36.254 - - [15/Apr/2025:04:39:10 -0400] "GET /wp-includes/Requests/Text/ HTTP/1.1" 404 8709 "-" "-"
40.69.36.254 - - [15/Apr/2025:04:39:11 -0400] "GET /wp-includes/SimplePie/index.php HTTP/1.1" 301 0 "-" "-"
40.69.36.254 - - [15/Apr/2025:04:39:13 -0400] "GET /wp-includes/SimplePie/ HTTP/1.1" 403 1242 "-" "-"
40.69.36.254 - - [15/Apr/2025:04:39:15 -0400] "GET /wp-includes/blocks/table/them/tmpl/index.php?p= HTTP/1.1" 301 0 "-" "-"
40.69.36.254 - - [15/Apr/2025:04:39:16 -0400] "GET /wp-includes/blocks/table/them/tmpl/ HTTP/1.1" 404 8709 "-" "-"
40.69.36.254 - - [15/Apr/2025:04:39:18 -0400] "GET /wp-includes/certificates/chosen.php HTTP/1.1" 404 8709 "-" "-"
40.69.36.254 - - [15/Apr/2025:04:39:19 -0400] "GET /wp-includes/images/about.php HTTP/1.1" 404 8709 "-" "-"
40.69.36.254 - - [15/Apr/2025:04:39:20 -0400] "GET /wp-includes/js/chosen.php HTTP/1.1" 404 8709 "-" "-"
40.69.36.254 - - [15/Apr/2025:04:39:21 -0400] "GET /wp-includes/js/tinymce/plugins/compat3x/css/index.php HTTP/1.1" 301 0 "-" "-"
40.69.36.254 - - [15/Apr/2025:04:39:22 -0400] "GET /wp-includes/js/tinymce/plugins/compat3x/css/ HTTP/1.1" 403 1242 "-" "-"
40.69.36.254 - - [15/Apr/2025:04:39:22 -0400] "GET /wp-includes/js/tinymce/skins/lightgray/img/index.php?p= HTTP/1.1" 301 0 "-" "-"
40.69.36.254 - - [15/Apr/2025:04:39:23 -0400] "GET /wp-includes/js/tinymce/skins/lightgray/img/ HTTP/1.1" 403 1242 "-" "-"
40.69.36.254 - - [15/Apr/2025:04:39:23 -0400] "GET /wp-includes/pomo/wp-conflg.php HTTP/1.1" 404 8709 "-" "-"
40.69.36.254 - - [15/Apr/2025:04:39:24 -0400] "GET /wp-includes/style-engine/wp-conflg.php HTTP/1.1" 404 8709 "-" "-"
40.69.36.254 - - [15/Apr/2025:04:39:25 -0400] "GET /wp-includes/theme-compat/chosen.php HTTP/1.1" 404 8709 "-" "-"
40.69.36.254 - - [15/Apr/2025:04:39:26 -0400] "GET /ws.php HTTP/1.1" 404 8709 "-" "-"
40.69.36.254 - - [15/Apr/2025:04:39:27 -0400] "GET /zwso.php HTTP/1.1" 404 8709 "-" "-"
40.69.36.254 - - [15/Apr/2025:04:39:29 -0400] "GET /0.php HTTP/1.1" 404 8709 "-" "-"
40.69.36.254 - - [15/Apr/2025:04:39:31 -0400] "GET /01.php HTTP/1.1" 404 8709 "-" "-"
40.69.36.254 - - [15/Apr/2025:04:39:33 -0400] "GET /02.php HTTP/1.1" 404 8709 "-" "-"
40.69.36.254 - - [15/Apr/2025:04:39:34 -0400] "GET /0x.php HTTP/1.1" 404 8709 "-" "-"
40.69.36.254 - - [15/Apr/2025:04:39:35 -0400] "GET /1.php HTTP/1.1" 404 8709 "-" "-"
40.69.36.254 - - [15/Apr/2025:04:39:36 -0400] "GET /1.php7 HTTP/1.1" 404 8709 "-" "-"
40.69.36.254 - - [15/Apr/2025:04:39:38 -0400] "GET /1.php?p= HTTP/1.1" 301 0 "-" "-"
40.69.36.254 - - [15/Apr/2025:04:39:39 -0400] "GET /1.php HTTP/1.1" 404 8709 "-" "-"
40.69.36.254 - - [15/Apr/2025:04:39:40 -0400] "GET /100.php HTTP/1.1" 404 8709 "-" "-"
40.69.36.254 - - [15/Apr/2025:04:39:41 -0400] "GET /11index.php HTTP/1.1" 404 8709 "-" "-"
40.69.36.254 - - [15/Apr/2025:04:39:43 -0400] "GET /12.php HTTP/1.1" 404 8709 "-" "-"
40.69.36.254 - - [15/Apr/2025:04:39:46 -0400] "GET /123.php HTTP/1.1" 404 8709 "-" "-"
40.69.36.254 - - [15/Apr/2025:04:39:47 -0400] "GET /12wudscz.php HTTP/1.1" 404 8709 "-" "-"
40.69.36.254 - - [15/Apr/2025:04:39:49 -0400] "GET /13.php HTTP/1.1" 404 8709 "-" "-"
40.69.36.254 - - [15/Apr/2025:04:39:50 -0400] "GET /1xm.php HTTP/1.1" 404 8709 "-" "-"
40.69.36.254 - - [15/Apr/2025:04:39:52 -0400] "GET /2.php HTTP/1.1" 404 8709 "-" "-"
40.69.36.254 - - [15/Apr/2025:04:39:54 -0400] "GET /22.php HTTP/1.1" 404 8709 "-" "-"
40.69.36.254 - - [15/Apr/2025:04:39:57 -0400] "GET /22.php?p= HTTP/1.1" 301 0 "-" "-"
40.69.36.254 - - [15/Apr/2025:04:39:58 -0400] "GET /22.php HTTP/1.1" 404 8709 "-" "-"
40.69.36.254 - - [15/Apr/2025:04:39:58 -0400] "GET /24.php HTTP/1.1" 404 8709 "-" "-"
198.54.114.83 - - [15/Apr/2025:04:40:03 -0400] "POST /wp-cron.php?doing_wp_cron=1744706402.2144958972930908203125 HTTP/1.1" 200 0 "-" "WordPress/6.7.2; https://fileluna.com"
40.69.36.254 - - [15/Apr/2025:04:40:01 -0400] "GET /2index.php HTTP/1.1" 404 8709 "-" "-"
198.54.114.83 - - [15/Apr/2025:04:40:04 -0400] "POST /wp-admin/admin-ajax.php?action=async_litespeed&nonce=lJFU0vBxpZ3Gna4TaJYJp2YvCzM7Ds5C&litespeed_type=imgoptm HTTP/1.1" 200 0 "-" "WordPress/6.7.2; https://fileluna.com"
40.69.36.254 - - [15/Apr/2025:04:40:05 -0400] "GET /3index.php HTTP/1.1" 404 8709 "-" "-"
40.69.36.254 - - [15/Apr/2025:04:40:11 -0400] "GET /403.php HTTP/1.1" 404 8709 "-" "-"
40.69.36.254 - - [15/Apr/2025:04:40:16 -0400] "GET /404.php HTTP/1.1" 404 8709 "-" "-"
40.69.36.254 - - [15/Apr/2025:04:40:17 -0400] "GET /4Oj8Ed6N1tu.php HTTP/1.1" 404 8709 "-" "-"
40.69.36.254 - - [15/Apr/2025:04:40:19 -0400] "GET /4Q.php HTTP/1.1" 404 8709 "-" "-"
40.69.36.254 - - [15/Apr/2025:04:40:22 -0400] "GET /6.php HTTP/1.1" 404 8709 "-" "-"
40.69.36.254 - - [15/Apr/2025:04:40:24 -0400] "GET /7.php HTTP/1.1" 404 8709 "-" "-"
40.69.36.254 - - [15/Apr/2025:04:40:25 -0400] "GET /WSO.php HTTP/1.1" 404 8709 "-" "-"
40.69.36.254 - - [15/Apr/2025:04:40:26 -0400] "GET /a.php HTTP/1.1" 404 8709 "-" "-"
40.69.36.254 - - [15/Apr/2025:04:40:27 -0400] "GET /a.php?p= HTTP/1.1" 301 0 "-" "-"
40.69.36.254 - - [15/Apr/2025:04:40:27 -0400] "GET /a.php HTTP/1.1" 404 8709 "-" "-"
40.69.36.254 - - [15/Apr/2025:04:40:28 -0400] "GET /aa.php HTTP/1.1" 404 8709 "-" "-"
40.69.36.254 - - [15/Apr/2025:04:40:30 -0400] "GET /aaa.php HTTP/1.1" 404 8709 "-" "-"
40.69.36.254 - - [15/Apr/2025:04:40:31 -0400] "GET /ab.php HTTP/1.1" 404 8709 "-" "-"
40.69.36.254 - - [15/Apr/2025:04:40:33 -0400] "GET /about.php HTTP/1.1" 404 8709 "-" "-"
40.69.36.254 - - [15/Apr/2025:04:40:34 -0400] "GET /about.php HTTP/1.1" 404 8709 "-" "-"
40.69.36.254 - - [15/Apr/2025:04:40:35 -0400] "GET /about.php?525 HTTP/1.1" 404 8709 "-" "-"
40.69.36.254 - - [15/Apr/2025:04:40:36 -0400] "GET /about.php?dir=/home/prsvnvn/ HTTP/1.1" 404 8709 "-" "-"
40.69.36.254 - - [15/Apr/2025:04:40:37 -0400] "GET /about.php?p= HTTP/1.1" 301 0 "-" "-"
40.69.36.254 - - [15/Apr/2025:04:40:38 -0400] "GET /about.php HTTP/1.1" 404 8709 "-" "-"
40.69.36.254 - - [15/Apr/2025:04:40:38 -0400] "GET /about/function.php HTTP/1.1" 404 8709 "-" "-"
40.69.36.254 - - [15/Apr/2025:04:40:40 -0400] "GET /about/function.php HTTP/1.1" 404 8709 "-" "-"
40.69.36.254 - - [15/Apr/2025:04:40:40 -0400] "GET /about/function.php?p= HTTP/1.1" 301 0 "-" "-"
40.69.36.254 - - [15/Apr/2025:04:40:41 -0400] "GET /about/function.php HTTP/1.1" 404 8709 "-" "-"
40.69.36.254 - - [15/Apr/2025:04:40:41 -0400] "GET /access.php HTTP/1.1" 404 8709 "-" "-"
40.69.36.254 - - [15/Apr/2025:04:40:43 -0400] "GET /admin HTTP/1.1" 302 0 "-" "-"
40.69.36.254 - - [15/Apr/2025:04:40:43 -0400] "GET /wp-admin/ HTTP/1.1" 302 0 "-" "-"
40.69.36.254 - - [15/Apr/2025:04:40:44 -0400] "GET /wp-login.php?redirect_to=https%3A%2F%2Ffileluna.com%2Fwp-admin%2F&reauth=1 HTTP/1.1" 200 1759 "-" "-"
40.69.36.254 - - [15/Apr/2025:04:40:45 -0400] "GET /admin-footer.php HTTP/1.1" 404 8709 "-" "-"
40.69.36.254 - - [15/Apr/2025:04:40:46 -0400] "GET /admin-post.php HTTP/1.1" 404 8709 "-" "-"
40.69.36.254 - - [15/Apr/2025:04:40:47 -0400] "GET /admin.php HTTP/1.1" 404 8709 "-" "-"
40.69.36.254 - - [15/Apr/2025:04:40:48 -0400] "GET /admin.php/ HTTP/1.1" 404 8709 "-" "-"
40.69.36.254 - - [15/Apr/2025:04:40:49 -0400] "GET /admin.php7 HTTP/1.1" 404 8709 "-" "-"
40.69.36.254 - - [15/Apr/2025:04:40:51 -0400] "GET /admin.php?attempt=1 HTTP/1.1" 404 8709 "-" "-"
40.69.36.254 - - [15/Apr/2025:04:40:52 -0400] "GET /admin.php?debug=on&cmd=upload HTTP/1.1" 404 8709 "-" "-"
40.69.36.254 - - [15/Apr/2025:04:40:53 -0400] "GET /admin.php?p= HTTP/1.1" 301 0 "-" "-"
40.69.36.254 - - [15/Apr/2025:04:40:53 -0400] "GET /admin.php HTTP/1.1" 404 8709 "-" "-"
40.69.36.254 - - [15/Apr/2025:04:40:54 -0400] "GET /admin/ HTTP/1.1" 302 0 "-" "-"
40.69.36.254 - - [15/Apr/2025:04:40:55 -0400] "GET /wp-admin/ HTTP/1.1" 302 0 "-" "-"
40.69.36.254 - - [15/Apr/2025:04:40:56 -0400] "GET /wp-login.php?redirect_to=https%3A%2F%2Ffileluna.com%2Fwp-admin%2F&reauth=1 HTTP/1.1" 200 1759 "-" "-"
40.69.36.254 - - [15/Apr/2025:04:40:58 -0400] "GET /admin/function.php HTTP/1.1" 404 8709 "-" "-"
40.69.36.254 - - [15/Apr/2025:04:41:01 -0400] "GET /admin/admin.php HTTP/1.1" 404 8709 "-" "-"
198.54.114.83 - - [15/Apr/2025:04:41:04 -0400] "POST /wp-cron.php?doing_wp_cron=1744706463.5287098884582519531250 HTTP/1.1" 200 0 "-" "WordPress/6.7.2; https://fileluna.com"
40.69.36.254 - - [15/Apr/2025:04:41:03 -0400] "GET /admin/autoload_classmap.php HTTP/1.1" 404 8709 "-" "-"
198.54.114.83 - - [15/Apr/2025:04:41:05 -0400] "POST /wp-admin/admin-ajax.php?action=async_litespeed&nonce=DuydExCFYSQYKZy7bqrEZr0eEgkQ1DfQ&litespeed_type=imgoptm HTTP/1.1" 200 0 "-" "WordPress/6.7.2; https://fileluna.com"
40.69.36.254 - - [15/Apr/2025:04:41:05 -0400] "GET /admin/controller/extension/extension/ HTTP/1.1" 404 8709 "-" "-"
40.69.36.254 - - [15/Apr/2025:04:41:06 -0400] "GET /admin/controller/extension/extension/index.php HTTP/1.1" 301 0 "-" "-"
40.69.36.254 - - [15/Apr/2025:04:41:07 -0400] "GET /admin/controller/extension/extension/ HTTP/1.1" 404 8709 "-" "-"
40.69.36.254 - - [15/Apr/2025:04:41:08 -0400] "GET /admin/controller/extension/extension/ultra.php HTTP/1.1" 404 8709 "-" "-"
40.69.36.254 - - [15/Apr/2025:04:41:09 -0400] "GET /admin/editor/ HTTP/1.1" 404 8709 "-" "-"
40.69.36.254 - - [15/Apr/2025:04:41:10 -0400] "GET /admin/fckeditor/editor/filemanager/updates.php HTTP/1.1" 404 8709 "-" "-"
40.69.36.254 - - [15/Apr/2025:04:41:12 -0400] "GET /admin/function.php HTTP/1.1" 404 8709 "-" "-"
40.69.36.254 - - [15/Apr/2025:04:41:12 -0400] "GET /admin/function.php?p= HTTP/1.1" 301 0 "-" "-"
40.69.36.254 - - [15/Apr/2025:04:41:13 -0400] "GET /admin/function.php HTTP/1.1" 404 8709 "-" "-"
40.69.36.254 - - [15/Apr/2025:04:41:13 -0400] "GET /admin/index_upload.php HTTP/1.1" 404 8709 "-" "-"
40.69.36.254 - - [15/Apr/2025:04:41:15 -0400] "GET /admin/upload/css.php HTTP/1.1" 404 8709 "-" "-"
40.69.36.254 - - [15/Apr/2025:04:41:17 -0400] "GET /admin/upload/themes-install.php HTTP/1.1" 404 8709 "-" "-"
40.69.36.254 - - [15/Apr/2025:04:41:18 -0400] "GET /admin2.php HTTP/1.1" 404 8709 "-" "-"
40.69.36.254 - - [15/Apr/2025:04:41:20 -0400] "GET /admin_logs.php HTTP/1.1" 404 8709 "-" "-"
40.69.36.254 - - [15/Apr/2025:04:41:22 -0400] "GET /adminer.php?db=stealth HTTP/1.1" 404 8709 "-" "-"
40.69.36.254 - - [15/Apr/2025:04:41:24 -0400] "GET /adminfuns.php HTTP/1.1" 404 8709 "-" "-"
40.69.36.254 - - [15/Apr/2025:04:41:27 -0400] "GET /administrator/templates/bluestork/error.php HTTP/1.1" 404 8709 "-" "-"
40.69.36.254 - - [15/Apr/2025:04:41:28 -0400] "GET /administrator/templates/hathor/index.php HTTP/1.1" 301 0 "-" "-"
40.69.36.254 - - [15/Apr/2025:04:41:29 -0400] "GET /administrator/templates/hathor/ HTTP/1.1" 404 8709 "-" "-"
208.107.66.243 - - [15/Apr/2025:04:41:30 -0400] "POST /xmlrpc.php HTTP/1.1" 200 186 "https://fileluna.com" "Mozilla/5.0 (Macintosh; Intel Mac OS X 10_15_7; rv:129.0) Gecko/20100101 Firefox/129.0"
40.69.36.254 - - [15/Apr/2025:04:41:30 -0400] "GET /administrator/templates/isis/error.php HTTP/1.1" 404 8709 "-" "-"
40.69.36.254 - - [15/Apr/2025:04:41:31 -0400] "GET /al.php HTTP/1.1" 404 8709 "-" "-"
40.69.36.254 - - [15/Apr/2025:04:41:32 -0400] "GET /alf.php HTTP/1.1" 404 8709 "-" "-"
40.69.36.254 - - [15/Apr/2025:04:41:34 -0400] "GET /alfa-rex.php HTTP/1.1" 404 8709 "-" "-"
40.69.36.254 - - [15/Apr/2025:04:41:36 -0400] "GET /alfa-rex.php7 HTTP/1.1" 404 8709 "-" "-"
40.69.36.254 - - [15/Apr/2025:04:41:38 -0400] "GET /alfa.php HTTP/1.1" 404 8709 "-" "-"
40.69.36.254 - - [15/Apr/2025:04:41:40 -0400] "GET /alfanew.PHP7 HTTP/1.1" 404 8709 "-" "-"
40.69.36.254 - - [15/Apr/2025:04:41:42 -0400] "GET /alfanew.PhP7 HTTP/1.1" 404 8709 "-" "-"
40.69.36.254 - - [15/Apr/2025:04:41:44 -0400] "GET /alfanew.php HTTP/1.1" 404 8709 "-" "-"
40.69.36.254 - - [15/Apr/2025:04:41:45 -0400] "GET /alfanew.php7 HTTP/1.1" 404 8709 "-" "-"
40.69.36.254 - - [15/Apr/2025:04:41:46 -0400] "GET /alfanew2.php7 HTTP/1.1" 404 8709 "-" "-"
40.69.36.254 - - [15/Apr/2025:04:41:48 -0400] "GET /alfashell.php HTTP/1.1" 404 8709 "-" "-"
40.69.36.254 - - [15/Apr/2025:04:41:51 -0400] "GET /ans.php HTTP/1.1" 404 8709 "-" "-"
40.69.36.254 - - [15/Apr/2025:04:41:53 -0400] "GET /api.php HTTP/1.1" 404 8709 "-" "-"
40.69.36.254 - - [15/Apr/2025:04:41:55 -0400] "GET /api/.config.php HTTP/1.1" 404 8709 "-" "-"
40.69.36.254 - - [15/Apr/2025:04:41:57 -0400] "GET /app/wp-content/plugins/fix/ HTTP/1.1" 404 8709 "-" "-"
40.69.36.254 - - [15/Apr/2025:04:42:00 -0400] "GET /as.php HTTP/1.1" 404 8709 "-" "-"
198.54.114.83 - - [15/Apr/2025:04:42:03 -0400] "POST /wp-cron.php?doing_wp_cron=1744706523.7959198951721191406250 HTTP/1.1" 200 0 "-" "WordPress/6.7.2; https://fileluna.com"
198.54.114.83 - - [15/Apr/2025:04:42:04 -0400] "POST /wp-admin/admin-ajax.php?action=async_litespeed&nonce=71rD2rZrqa0OecX1pFnOmCvKJxHIgZyf&litespeed_type=imgoptm HTTP/1.1" 200 0 "-" "WordPress/6.7.2; https://fileluna.com"
40.69.36.254 - - [15/Apr/2025:04:42:03 -0400] "GET /as/function.php HTTP/1.1" 404 8709 "-" "-"
40.69.36.254 - - [15/Apr/2025:04:42:06 -0400] "GET /asasx.php HTTP/1.1" 404 8709 "-" "-"
40.69.36.254 - - [15/Apr/2025:04:42:10 -0400] "GET /aspeV9cCZPQ.php HTTP/1.1" 404 8709 "-" "-"
40.69.36.254 - - [15/Apr/2025:04:42:14 -0400] "GET /assets/ HTTP/1.1" 404 8709 "-" "-"
40.69.36.254 - - [15/Apr/2025:04:42:18 -0400] "GET /assets/css/ HTTP/1.1" 404 8709 "-" "-"
185.4.176.103 - - [15/Apr/2025:04:49:59 -0400] "GET /robots.txt HTTP/1.1" 200 61 "-" "Mozilla/5.0 (compatible; MJ12bot/v2.0.0; http://mj12bot.com/)"
198.54.114.83 - - [15/Apr/2025:04:50:07 -0400] "POST /wp-cron.php?doing_wp_cron=1744707005.8376660346984863281250 HTTP/1.1" 200 0 "-" "WordPress/6.7.2; https://fileluna.com"
162.0.235.8 - - [15/Apr/2025:04:50:03 -0400] "POST /xmlrpc.php HTTP/1.1" 200 186 "https://fileluna.com" "Mozilla/5.0 (Windows NT 11.0; Win64; x64) AppleWebKit/537.36 (KHTML, like Gecko) Chrome/126.0.0.0 Safari/537.36 Edg/126.0.0.0"
185.4.176.103 - - [15/Apr/2025:04:50:00 -0400] "GET /essential-guide-to-free-employment-law-advice/ HTTP/1.1" 200 11345 "-" "Mozilla/5.0 (compatible; MJ12bot/v2.0.0; http://mj12bot.com/)"
198.54.114.83 - - [15/Apr/2025:04:55:48 -0400] "POST /wp-cron.php?doing_wp_cron=1744707346.3854510784149169921875 HTTP/1.1" 200 0 "-" "WordPress/6.7.2; https://fileluna.com"
114.119.132.163 - - [15/Apr/2025:04:55:40 -0400] "GET /the-evolution-and-impact-of-online-betting-a-comprehensive-overview/ HTTP/1.1" 200 12388 "https://fileluna.com/2023/11/" "Mozilla/5.0 (Linux; Android 7.0;) AppleWebKit/537.36 (KHTML, like Gecko) Mobile Safari/537.36 (compatible; PetalBot;+https://webmaster.petalsearch.com/site/petalbot)"
151.106.169.76 - - [15/Apr/2025:04:57:41 -0400] "GET /wp-content/uploads/2023/09/How-to-Make-a-Splash-Potion.png HTTP/1.1" 200 8790 "-" "Mozilla/5.0 (X11; Ubuntu; Linux x86_64; rv:72.0) Gecko/20100101 Firefox/72.0"
198.54.114.83 - - [15/Apr/2025:04:58:46 -0400] "POST /wp-cron.php?doing_wp_cron=1744707525.5317039489746093750000 HTTP/1.1" 200 0 "-" "WordPress/6.7.2; https://fileluna.com"
192.249.117.240 - - [15/Apr/2025:04:58:39 -0400] "POST /xmlrpc.php HTTP/1.1" 200 186 "https://fileluna.com" "Mozilla/5.0 (Windows NT 10.0; Win64; x64) AppleWebKit/537.36 (KHTML, like Gecko) Chrome/112.0.5615.138 Safari/537.36 Edg/112.0.1722.68"
198.54.114.83 - - [15/Apr/2025:04:58:48 -0400] "POST /wp-admin/admin-ajax.php?action=async_litespeed&nonce=q8zB4Huro26PAWHrHdGrnOQb6M2UhL6U&litespeed_type=imgoptm HTTP/1.1" 200 0 "-" "WordPress/6.7.2; https://fileluna.com"
198.54.114.83 - - [15/Apr/2025:05:07:17 -0400] "POST /wp-cron.php?doing_wp_cron=1744708036.3396029472351074218750 HTTP/1.1" 200 0 "-" "WordPress/6.7.2; https://fileluna.com"
81.88.53.43 - - [15/Apr/2025:05:07:10 -0400] "POST /xmlrpc.php HTTP/1.1" 200 186 "https://fileluna.com" "Mozilla/5.0 (Windows NT 11.0; Win64; x64; rv:126.0) Gecko/20100101 Firefox/126.0"
198.54.114.83 - - [15/Apr/2025:05:07:18 -0400] "POST /wp-admin/admin-ajax.php?action=async_litespeed&nonce=YJBk6UgIYxJVcbHIID913TXKMmlQbVRx&litespeed_type=imgoptm HTTP/1.1" 200 0 "-" "WordPress/6.7.2; https://fileluna.com"
198.54.114.83 - - [15/Apr/2025:05:15:41 -0400] "POST /wp-cron.php?doing_wp_cron=1744708540.9080131053924560546875 HTTP/1.1" 200 0 "-" "WordPress/6.7.2; https://fileluna.com"
198.54.120.4 - - [15/Apr/2025:05:15:35 -0400] "POST /xmlrpc.php HTTP/1.1" 200 186 "https://fileluna.com" "Mozilla/5.0 (Windows NT 10.0; Win64; x64) AppleWebKit/537.36 (KHTML, like Gecko) Chrome/114.0.5735.134 Safari/537.36"
198.54.114.83 - - [15/Apr/2025:05:15:42 -0400] "POST /wp-admin/admin-ajax.php?action=async_litespeed&nonce=YF9tD5TiPC4YmG1ZNFgAdo8V6Gw6F6rw&litespeed_type=imgoptm HTTP/1.1" 200 0 "-" "WordPress/6.7.2; https://fileluna.com"
198.54.114.83 - - [15/Apr/2025:05:20:24 -0400] "POST /wp-cron.php?doing_wp_cron=1744708823.5138559341430664062500 HTTP/1.1" 200 0 "-" "WordPress/6.7.2; https://fileluna.com"
114.119.137.80 - - [15/Apr/2025:05:20:20 -0400] "GET /the-power-of-reiki-healing-energy/ HTTP/1.1" 200 12378 "https://fileluna.com/author/ashdev/page/3/" "Mozilla/5.0 (Linux; Android 7.0;) AppleWebKit/537.36 (KHTML, like Gecko) Mobile Safari/537.36 (compatible; PetalBot;+https://webmaster.petalsearch.com/site/petalbot)"
198.54.114.83 - - [15/Apr/2025:05:21:57 -0400] "POST /wp-cron.php?doing_wp_cron=1744708915.5175900459289550781250 HTTP/1.1" 200 0 "-" "WordPress/6.7.2; https://fileluna.com"
114.119.149.81 - - [15/Apr/2025:05:21:53 -0400] "GET /page/36/ HTTP/1.1" 200 12738 "https://fileluna.com/page/37/" "Mozilla/5.0 (Linux; Android 7.0;) AppleWebKit/537.36 (KHTML, like Gecko) Mobile Safari/537.36 (compatible; PetalBot;+https://webmaster.petalsearch.com/site/petalbot)"
198.54.114.83 - - [15/Apr/2025:05:23:07 -0400] "POST /wp-cron.php?doing_wp_cron=1744708986.9223289489746093750000 HTTP/1.1" 200 0 "-" "WordPress/6.7.2; https://fileluna.com"
198.54.114.83 - - [15/Apr/2025:05:23:08 -0400] "POST /wp-admin/admin-ajax.php?action=async_litespeed&nonce=FjHgauPAmhjttBht1gU2fcOXya1mXTk3&litespeed_type=imgoptm HTTP/1.1" 200 0 "-" "WordPress/6.7.2; https://fileluna.com"
114.119.154.229 - - [15/Apr/2025:05:23:06 -0400] "GET /einfuhrung-in-die-welt-der-kindererzahlungen/ HTTP/1.1" 200 11643 "https://fileluna.com/author/admin/page/16/" "Mozilla/5.0 (Linux; Android 7.0;) AppleWebKit/537.36 (KHTML, like Gecko) Mobile Safari/537.36 (compatible; PetalBot;+https://webmaster.petalsearch.com/site/petalbot)"
198.54.114.83 - - [15/Apr/2025:05:24:08 -0400] "POST /wp-cron.php?doing_wp_cron=1744709047.7630178928375244140625 HTTP/1.1" 200 0 "-" "WordPress/6.7.2; https://fileluna.com"
2a03:6f00:1::5ec6:df4a - - [15/Apr/2025:05:24:07 -0400] "POST /xmlrpc.php HTTP/1.1" 200 186 "https://fileluna.com" "Mozilla/5.0 (Windows NT 11.0; Win64; x64) AppleWebKit/537.36 (KHTML, like Gecko) Chrome/126.0.0.0 Safari/537.36 Edg/126.0.0.0"
198.54.114.83 - - [15/Apr/2025:05:24:09 -0400] "POST /wp-admin/admin-ajax.php?action=async_litespeed&nonce=4AM6aykEo5oKpQe2oW0SRtI9sJPKVsDs&litespeed_type=imgoptm HTTP/1.1" 200 0 "-" "WordPress/6.7.2; https://fileluna.com"
114.119.137.80 - - [15/Apr/2025:05:24:33 -0400] "GET /author/admin/page/4/ HTTP/1.1" 200 11396 "https://fileluna.com/author/admin/page/7/" "Mozilla/5.0 (Linux; Android 7.0;) AppleWebKit/537.36 (KHTML, like Gecko) Mobile Safari/537.36 (compatible; PetalBot;+https://webmaster.petalsearch.com/site/petalbot)"
198.54.114.83 - - [15/Apr/2025:05:32:40 -0400] "POST /wp-cron.php?doing_wp_cron=1744709559.4914290904998779296875 HTTP/1.1" 200 0 "-" "WordPress/6.7.2; https://fileluna.com"
162.240.168.197 - - [15/Apr/2025:05:32:34 -0400] "POST /xmlrpc.php HTTP/1.1" 200 186 "https://fileluna.com" "Mozilla/5.0 (Windows NT 10.0; Win64; x64) AppleWebKit/537.36 (KHTML, like Gecko) Chrome/114.0.5735.134 Safari/537.36"
198.54.114.83 - - [15/Apr/2025:05:32:41 -0400] "POST /wp-admin/admin-ajax.php?action=async_litespeed&nonce=48Z7tltILevJmDLtIeV7khvesofhSP6n&litespeed_type=imgoptm HTTP/1.1" 200 0 "-" "WordPress/6.7.2; https://fileluna.com"
198.54.114.83 - - [15/Apr/2025:05:41:10 -0400] "POST /wp-cron.php?doing_wp_cron=1744710069.1824219226837158203125 HTTP/1.1" 200 0 "-" "WordPress/6.7.2; https://fileluna.com"
162.0.235.2 - - [15/Apr/2025:05:41:03 -0400] "POST /xmlrpc.php HTTP/1.1" 200 186 "https://fileluna.com" "Mozilla/5.0 (Windows NT 10.0; Win64; x64; rv:129.0) Gecko/20100101 Firefox/129.0"
198.54.114.83 - - [15/Apr/2025:05:44:52 -0400] "POST /wp-cron.php?doing_wp_cron=1744710291.0704870223999023437500 HTTP/1.1" 200 0 "-" "WordPress/6.7.2; https://fileluna.com"
114.119.154.229 - - [15/Apr/2025:05:44:45 -0400] "GET /umzugsunternehmen-in-hamburg-ihr-zuverlassiger-partner-fur-den-umzug/ HTTP/1.1" 200 11810 "https://fileluna.com/2024/page/21/" "Mozilla/5.0 (Linux; Android 7.0;) AppleWebKit/537.36 (KHTML, like Gecko) Mobile Safari/537.36 (compatible; PetalBot;+https://webmaster.petalsearch.com/site/petalbot)"
198.54.114.83 - - [15/Apr/2025:05:46:10 -0400] "POST /wp-cron.php?doing_wp_cron=1744710370.3365330696105957031250 HTTP/1.1" 200 0 "-" "WordPress/6.7.2; https://fileluna.com"
114.119.129.34 - - [15/Apr/2025:05:46:09 -0400] "GET /relaxation-on-the-go-with-business-trip-massage/ HTTP/1.1" 200 11780 "https://fileluna.com/category/arts-entertainments/page/9/" "Mozilla/5.0 (Linux; Android 7.0;) AppleWebKit/537.36 (KHTML, like Gecko) Mobile Safari/537.36 (compatible; PetalBot;+https://webmaster.petalsearch.com/site/petalbot)"
198.54.114.83 - - [15/Apr/2025:05:46:11 -0400] "POST /wp-admin/admin-ajax.php?action=async_litespeed&nonce=hHxRfIDYQyQKlr7R7osOveL9bh1CAEQQ&litespeed_type=imgoptm HTTP/1.1" 200 0 "-" "WordPress/6.7.2; https://fileluna.com"
198.54.114.83 - - [15/Apr/2025:05:49:41 -0400] "POST /wp-cron.php?doing_wp_cron=1744710581.7503540515899658203125 HTTP/1.1" 200 0 "-" "WordPress/6.7.2; https://fileluna.com"
35.187.250.253 - - [15/Apr/2025:05:49:37 -0400] "POST /xmlrpc.php HTTP/1.1" 200 186 "https://fileluna.com" "Mozilla/5.0 (Windows NT 10.0; Win64; x64; rv:126.0) Gecko/20100101 Firefox/126.0"
198.54.114.83 - - [15/Apr/2025:05:49:42 -0400] "POST /wp-admin/admin-ajax.php?action=async_litespeed&nonce=4qK0FgdNHspHB4RK2AIYNcaC7VpUjRCb&litespeed_type=imgoptm HTTP/1.1" 200 0 "-" "WordPress/6.7.2; https://fileluna.com"
216.244.66.246 - - [15/Apr/2025:05:49:59 -0400] "GET /2023/page/2/ HTTP/1.1" 200 10363 "-" "Mozilla/5.0 (compatible; DotBot/1.2; +https://opensiteexplorer.org/dotbot; help@moz.com)"
198.54.114.83 - - [15/Apr/2025:05:56:56 -0400] "POST /wp-cron.php?doing_wp_cron=1744711015.4522600173950195312500 HTTP/1.1" 200 0 "-" "WordPress/6.7.2; https://fileluna.com"
198.54.114.83 - - [15/Apr/2025:05:56:57 -0400] "POST /wp-admin/admin-ajax.php?action=async_litespeed&nonce=KsoRV5KLJZsyn1ufmh1vWrlPzVyVHbUn&litespeed_type=imgoptm HTTP/1.1" 200 0 "-" "WordPress/6.7.2; https://fileluna.com"
185.4.176.103 - - [15/Apr/2025:05:56:50 -0400] "GET /business-trip-with-massage-therapy/feed/ HTTP/1.1" 200 394 "-" "Mozilla/5.0 (compatible; MJ12bot/v2.0.0; http://mj12bot.com/)"
185.4.176.103 - - [15/Apr/2025:05:56:58 -0400] "GET /embracing-cultural-gift-certificates-a-thoughtful-choice/feed/ HTTP/1.1" 200 422 "-" "Mozilla/5.0 (compatible; MJ12bot/v2.0.0; http://mj12bot.com/)"
185.4.176.103 - - [15/Apr/2025:05:57:00 -0400] "GET /embracing-cultural-gift-certificates-a-unique-way-to-celebrate/feed/ HTTP/1.1" 200 433 "-" "Mozilla/5.0 (compatible; MJ12bot/v2.0.0; http://mj12bot.com/)"
198.54.114.83 - - [15/Apr/2025:05:57:03 -0400] "POST /wp-cron.php?doing_wp_cron=1744711023.1035480499267578125000 HTTP/1.1" 200 0 "-" "WordPress/6.7.2; https://fileluna.com"
185.4.176.103 - - [15/Apr/2025:05:57:02 -0400] "GET /relax-and-recharge/feed/ HTTP/1.1" 200 377 "-" "Mozilla/5.0 (compatible; MJ12bot/v2.0.0; http://mj12bot.com/)"
198.54.114.83 - - [15/Apr/2025:05:57:04 -0400] "POST /wp-admin/admin-ajax.php?action=async_litespeed&nonce=3CMGQgrjUz0P2LGtKjOPew58amY6Zxv5&litespeed_type=imgoptm HTTP/1.1" 200 0 "-" "WordPress/6.7.2; https://fileluna.com"
185.4.176.103 - - [15/Apr/2025:05:57:06 -0400] "GET /the-importance-of-business-trip-massage-2/feed/ HTTP/1.1" 200 403 "-" "Mozilla/5.0 (compatible; MJ12bot/v2.0.0; http://mj12bot.com/)"
198.54.114.83 - - [15/Apr/2025:05:58:19 -0400] "POST /wp-cron.php?doing_wp_cron=1744711098.8600111007690429687500 HTTP/1.1" 200 0 "-" "WordPress/6.7.2; https://fileluna.com"
192.99.19.65 - - [15/Apr/2025:05:58:18 -0400] "POST /xmlrpc.php HTTP/1.1" 200 186 "https://fileluna.com" "Mozilla/5.0 (Macintosh; Intel Mac OS X 14.3) AppleWebKit/614.31.14 (KHTML, like Gecko) Version/17.0.96 Safari/614.31.14"
198.54.114.83 - - [15/Apr/2025:05:58:21 -0400] "POST /wp-admin/admin-ajax.php?action=async_litespeed&nonce=G9HGpFGS2Aw7z0HJnmpSUKThSimh1dQi&litespeed_type=imgoptm HTTP/1.1" 200 0 "-" "WordPress/6.7.2; https://fileluna.com"
198.54.114.83 - - [15/Apr/2025:06:03:36 -0400] "POST /wp-cron.php?doing_wp_cron=1744711416.3390851020812988281250 HTTP/1.1" 200 0 "-" "WordPress/6.7.2; https://fileluna.com"
198.54.114.83 - - [15/Apr/2025:06:03:37 -0400] "POST /wp-admin/admin-ajax.php?action=async_litespeed&nonce=aIq5FCxiwxcae3tfCJ5AAkaEmKFSor0d&litespeed_type=imgoptm HTTP/1.1" 200 0 "-" "WordPress/6.7.2; https://fileluna.com"
216.244.66.246 - - [15/Apr/2025:06:03:31 -0400] "GET /author/admin/page/9/ HTTP/1.1" 200 11408 "-" "Mozilla/5.0 (compatible; DotBot/1.2; +https://opensiteexplorer.org/dotbot; help@moz.com)"
198.54.114.83 - - [15/Apr/2025:06:05:46 -0400] "POST /wp-cron.php?doing_wp_cron=1744711546.4848299026489257812500 HTTP/1.1" 200 0 "-" "WordPress/6.7.2; https://fileluna.com"
198.54.114.83 - - [15/Apr/2025:06:05:48 -0400] "POST /wp-admin/admin-ajax.php?action=async_litespeed&nonce=mS6rqg6cNfjGaezDC9riy4f8XXxXxAwM&litespeed_type=imgoptm HTTP/1.1" 200 0 "-" "WordPress/6.7.2; https://fileluna.com"
114.119.129.198 - - [15/Apr/2025:06:05:41 -0400] "GET /boost-your-legal-practice-with-attorney-answering-services/ HTTP/1.1" 200 11694 "https://fileluna.com/author/admin/page/12/" "Mozilla/5.0 (Linux; Android 7.0;) AppleWebKit/537.36 (KHTML, like Gecko) Mobile Safari/537.36 (compatible; PetalBot;+https://webmaster.petalsearch.com/site/petalbot)"
198.54.114.83 - - [15/Apr/2025:06:07:01 -0400] "POST /wp-cron.php?doing_wp_cron=1744711620.8334670066833496093750 HTTP/1.1" 200 0 "-" "WordPress/6.7.2; https://fileluna.com"
2a03:b0c0:3:f0::6afb:f000 - - [15/Apr/2025:06:06:59 -0400] "POST /xmlrpc.php HTTP/1.1" 200 186 "https://fileluna.com" "Mozilla/5.0 (Macintosh; Intel Mac OS X 10_15_7; rv:126.0) Gecko/20100101 Firefox/126.0"
198.54.114.83 - - [15/Apr/2025:06:07:02 -0400] "POST /wp-admin/admin-ajax.php?action=async_litespeed&nonce=sgovbvzVWrqObwyYrVh5ulPYcip6GpXI&litespeed_type=imgoptm HTTP/1.1" 200 5 "-" "WordPress/6.7.2; https://fileluna.com"
198.54.114.83 - - [15/Apr/2025:06:15:48 -0400] "POST /wp-cron.php?doing_wp_cron=1744712147.2133669853210449218750 HTTP/1.1" 200 0 "-" "WordPress/6.7.2; https://fileluna.com"
103.169.35.190 - - [15/Apr/2025:06:15:41 -0400] "POST /xmlrpc.php HTTP/1.1" 200 186 "https://fileluna.com" "Mozilla/5.0 (Macintosh; Intel Mac OS X 10_15_7) AppleWebKit/537.36 (KHTML, like Gecko) Chrome/112.0.5615.138 Safari/537.36"
198.54.114.83 - - [15/Apr/2025:06:15:49 -0400] "POST /wp-admin/admin-ajax.php?action=async_litespeed&nonce=XPjmkwMl0FH4slmyN23IhisGwR0CDcJD&litespeed_type=imgoptm HTTP/1.1" 200 0 "-" "WordPress/6.7.2; https://fileluna.com"
198.54.114.83 - - [15/Apr/2025:06:20:30 -0400] "POST /wp-cron.php?doing_wp_cron=1744712429.5620799064636230468750 HTTP/1.1" 200 0 "-" "WordPress/6.7.2; https://fileluna.com"
198.54.114.83 - - [15/Apr/2025:06:20:30 -0400] "POST /wp-admin/admin-ajax.php?action=async_litespeed&nonce=Fh0f8ZAjK0lIV8VXxaPnOsDxghlOKacN&litespeed_type=imgoptm HTTP/1.1" 200 5 "-" "WordPress/6.7.2; https://fileluna.com"
43.153.71.132 - - [15/Apr/2025:06:20:25 -0400] "GET / HTTP/1.1" 200 12524 "http://fileluna.com" "Mozilla/5.0 (iPhone; CPU iPhone OS 13_2_3 like Mac OS X) AppleWebKit/605.1.15 (KHTML, like Gecko) Version/13.0.3 Mobile/15E148 Safari/604.1"
198.54.114.83 - - [15/Apr/2025:06:21:10 -0400] "POST /wp-cron.php?doing_wp_cron=1744712469.8866200447082519531250 HTTP/1.1" 200 0 "-" "WordPress/6.7.2; https://fileluna.com"
114.119.148.27 - - [15/Apr/2025:06:21:09 -0400] "GET /navigating-the-online-market-for-steroids-in-canada/ HTTP/1.1" 200 11954 "https://fileluna.com/category/arts-entertainments/page/27/" "Mozilla/5.0 (Linux; Android 7.0;) AppleWebKit/537.36 (KHTML, like Gecko) Mobile Safari/537.36 (compatible; PetalBot;+https://webmaster.petalsearch.com/site/petalbot)"
198.54.114.83 - - [15/Apr/2025:06:21:11 -0400] "POST /wp-admin/admin-ajax.php?action=async_litespeed&nonce=NOA752lnkJcDFE5HJ5WEfKZryZ41T8WE&litespeed_type=imgoptm HTTP/1.1" 200 0 "-" "WordPress/6.7.2; https://fileluna.com"
198.54.114.83 - - [15/Apr/2025:06:22:35 -0400] "POST /wp-cron.php?doing_wp_cron=1744712554.5638270378112792968750 HTTP/1.1" 200 0 "-" "WordPress/6.7.2; https://fileluna.com"
114.119.148.27 - - [15/Apr/2025:06:22:33 -0400] "GET /author/admin/page/13/ HTTP/1.1" 200 11341 "https://fileluna.com/author/admin/page/12/" "Mozilla/5.0 (Linux; Android 7.0;) AppleWebKit/537.36 (KHTML, like Gecko) Mobile Safari/537.36 (compatible; PetalBot;+https://webmaster.petalsearch.com/site/petalbot)"
198.54.114.83 - - [15/Apr/2025:06:24:22 -0400] "POST /wp-cron.php?doing_wp_cron=1744712661.5724170207977294921875 HTTP/1.1" 200 0 "-" "WordPress/6.7.2; https://fileluna.com"
162.0.217.169 - - [15/Apr/2025:06:24:17 -0400] "POST /xmlrpc.php HTTP/1.1" 200 186 "https://fileluna.com" "Mozilla/5.0 (Windows NT 10.0; Win64; x64) AppleWebKit/537.36 (KHTML, like Gecko) Chrome/114.0.5735.134 Safari/537.36"
198.54.114.83 - - [15/Apr/2025:06:24:23 -0400] "POST /wp-admin/admin-ajax.php?action=async_litespeed&nonce=p4v2WoWUYYP7RfObqZFYX7ZHqYx61Ll5&litespeed_type=imgoptm HTTP/1.1" 200 0 "-" "WordPress/6.7.2; https://fileluna.com"
216.244.66.246 - - [15/Apr/2025:06:25:11 -0400] "GET /robots.txt HTTP/1.1" 200 61 "-" "Mozilla/5.0 (compatible; DotBot/1.2; +https://opensiteexplorer.org/dotbot; help@moz.com)"
198.54.114.83 - - [15/Apr/2025:06:33:04 -0400] "POST /wp-cron.php?doing_wp_cron=1744713183.0455200672149658203125 HTTP/1.1" 200 0 "-" "WordPress/6.7.2; https://fileluna.com"
160.25.166.79 - - [15/Apr/2025:06:32:57 -0400] "POST /xmlrpc.php HTTP/1.1" 200 186 "https://fileluna.com" "Mozilla/5.0 (Windows NT 10.0; Win64; x64) AppleWebKit/537.36 (KHTML, like Gecko) Chrome/114.0.5735.199 Safari/537.36 Edg/114.0.1823.67"
198.54.114.83 - - [15/Apr/2025:06:41:35 -0400] "POST /wp-cron.php?doing_wp_cron=1744713695.4486920833587646484375 HTTP/1.1" 200 0 "-" "WordPress/6.7.2; https://fileluna.com"
220.158.233.237 - - [15/Apr/2025:06:41:31 -0400] "POST /xmlrpc.php HTTP/1.1" 200 186 "https://fileluna.com" "Mozilla/5.0 (Windows NT 10.0; Win64; x64) AppleWebKit/537.36 (KHTML, like Gecko) Chrome/115.0.5790.171 Safari/537.36 Edg/115.0.1901.203"
198.54.114.83 - - [15/Apr/2025:06:41:36 -0400] "POST /wp-admin/admin-ajax.php?action=async_litespeed&nonce=yzUGuyBDwlpycKfWdDU07DjqsaBorVXn&litespeed_type=imgoptm HTTP/1.1" 200 5 "-" "WordPress/6.7.2; https://fileluna.com"
198.54.114.83 - - [15/Apr/2025:06:50:11 -0400] "POST /wp-cron.php?doing_wp_cron=1744714209.9139060974121093750000 HTTP/1.1" 200 0 "-" "WordPress/6.7.2; https://fileluna.com"
114.119.132.228 - - [15/Apr/2025:06:50:03 -0400] "GET /reliable-fire-watch-services-in-austin-tx/ HTTP/1.1" 200 12185 "https://fileluna.com/author/admin/page/12/" "Mozilla/5.0 (Linux; Android 7.0;) AppleWebKit/537.36 (KHTML, like Gecko) Mobile Safari/537.36 (compatible; PetalBot;+https://webmaster.petalsearch.com/site/petalbot)"
49.238.228.30 - - [15/Apr/2025:06:50:12 -0400] "POST /xmlrpc.php HTTP/1.1" 200 186 "https://fileluna.com" "Mozilla/5.0 (Macintosh; Intel Mac OS X 14_6) AppleWebKit/605.1.15 (KHTML, like Gecko) Version/17.5 Safari/605.1.15"
198.54.114.83 - - [15/Apr/2025:06:51:28 -0400] "POST /wp-cron.php?doing_wp_cron=1744714287.2473080158233642578125 HTTP/1.1" 200 0 "-" "WordPress/6.7.2; https://fileluna.com"
114.119.132.163 - - [15/Apr/2025:06:51:25 -0400] "GET /category/arts-entertainments/page/46/ HTTP/1.1" 200 11498 "https://fileluna.com/category/arts-entertainments/page/48/" "Mozilla/5.0 (Linux; Android 7.0;) AppleWebKit/537.36 (KHTML, like Gecko) Mobile Safari/537.36 (compatible; PetalBot;+https://webmaster.petalsearch.com/site/petalbot)"
198.54.114.83 - - [15/Apr/2025:06:58:57 -0400] "POST /wp-cron.php?doing_wp_cron=1744714736.8626840114593505859375 HTTP/1.1" 200 0 "-" "WordPress/6.7.2; https://fileluna.com"
139.59.16.194 - - [15/Apr/2025:06:58:53 -0400] "POST /xmlrpc.php HTTP/1.1" 200 186 "https://fileluna.com" "Mozilla/5.0 (Macintosh; Intel Mac OS X 10_15_7) AppleWebKit/537.36 (KHTML, like Gecko) Chrome/126.0.0.0 Safari/537.36"
198.54.114.83 - - [15/Apr/2025:06:58:58 -0400] "POST /wp-admin/admin-ajax.php?action=async_litespeed&nonce=fpvDunEPqqqeJFK7D3JiXKfukkKkimuy&litespeed_type=imgoptm HTTP/1.1" 200 0 "-" "WordPress/6.7.2; https://fileluna.com"
109.236.93.77 - - [15/Apr/2025:07:05:07 -0400] "GET / HTTP/1.1" 200 12524 "-" "Mozilla/5.0 (Windows NT 10.0; Win64; x64) AppleWebKit/537.36 (KHTML, like Gecko) Chrome/118.0.0.0 Safari/537.36"
216.244.66.246 - - [15/Apr/2025:07:11:30 -0400] "GET /robots.txt HTTP/1.1" 304 0 "-" "Mozilla/5.0 (compatible; DotBot/1.2; +https://opensiteexplorer.org/dotbot; help@moz.com)"
198.54.114.83 - - [15/Apr/2025:07:12:44 -0400] "POST /wp-cron.php?doing_wp_cron=1744715563.9253580570220947265625 HTTP/1.1" 200 0 "-" "WordPress/6.7.2; https://fileluna.com"
13.94.94.255 - - [15/Apr/2025:07:12:39 -0400] "GET /.alf.php HTTP/1.1" 404 8709 "-" "-"
198.54.114.83 - - [15/Apr/2025:07:12:46 -0400] "POST /wp-admin/admin-ajax.php?action=async_litespeed&nonce=3PsL40q7ZExusbUF9xz02UlUv0gfGkTA&litespeed_type=imgoptm HTTP/1.1" 200 0 "-" "WordPress/6.7.2; https://fileluna.com"
13.94.94.255 - - [15/Apr/2025:07:12:48 -0400] "GET /.tmb/ HTTP/1.1" 404 8709 "-" "-"
13.94.94.255 - - [15/Apr/2025:07:12:50 -0400] "GET /.tmb/mariju.php HTTP/1.1" 404 8709 "-" "-"
13.94.94.255 - - [15/Apr/2025:07:12:53 -0400] "GET /.tmb/wp-login.php HTTP/1.1" 404 8709 "-" "-"
13.94.94.255 - - [15/Apr/2025:07:12:54 -0400] "GET /.well-known/ HTTP/1.1" 403 1242 "-" "-"
13.94.94.255 - - [15/Apr/2025:07:12:55 -0400] "GET /.well-known/about.php HTTP/1.1" 404 8709 "-" "-"
13.94.94.255 - - [15/Apr/2025:07:12:57 -0400] "GET /.well-known/ALFA_DATA/alfacgiapi/perl.alfa.php HTTP/1.1" 404 8709 "-" "-"
13.94.94.255 - - [15/Apr/2025:07:13:00 -0400] "GET /.well-known/about.php HTTP/1.1" 404 8709 "-" "-"
13.94.94.255 - - [15/Apr/2025:07:13:01 -0400] "GET /.well-known/acme-challenge/ HTTP/1.1" 404 8709 "-" "-"
198.54.114.83 - - [15/Apr/2025:07:13:06 -0400] "POST /wp-cron.php?doing_wp_cron=1744715586.2004399299621582031250 HTTP/1.1" 200 0 "-" "WordPress/6.7.2; https://fileluna.com"
13.94.94.255 - - [15/Apr/2025:07:13:05 -0400] "GET /.well-known/acme-challenge/.info.php HTTP/1.1" 404 8709 "-" "-"
198.54.114.83 - - [15/Apr/2025:07:13:07 -0400] "POST /wp-admin/admin-ajax.php?action=async_litespeed&nonce=GW6Vj6PD7UjbBkNChTXxQhWJtBphXPlt&litespeed_type=imgoptm HTTP/1.1" 200 0 "-" "WordPress/6.7.2; https://fileluna.com"
13.94.94.255 - - [15/Apr/2025:07:13:08 -0400] "GET /.well-known/acme-challenge/muse.php HTTP/1.1" 404 8709 "-" "-"
13.94.94.255 - - [15/Apr/2025:07:13:12 -0400] "GET /.well-known/acme-challenge/wp-protector.php HTTP/1.1" 404 8709 "-" "-"
13.94.94.255 - - [15/Apr/2025:07:13:14 -0400] "GET /.well-known/acme-challenge/Llj.php HTTP/1.1" 404 8709 "-" "-"
13.94.94.255 - - [15/Apr/2025:07:13:19 -0400] "GET /.well-known/acme-challenge/about.php HTTP/1.1" 404 8709 "-" "-"
13.94.94.255 - - [15/Apr/2025:07:13:22 -0400] "GET /.well-known/acme-challenge/about.php?p= HTTP/1.1" 301 0 "-" "-"
13.94.94.255 - - [15/Apr/2025:07:13:23 -0400] "GET /.well-known/acme-challenge/about.php HTTP/1.1" 404 8709 "-" "-"
13.94.94.255 - - [15/Apr/2025:07:13:26 -0400] "GET /.well-known/acme-challenge/admiin.php HTTP/1.1" 404 8709 "-" "-"
13.94.94.255 - - [15/Apr/2025:07:13:28 -0400] "GET /.well-known/acme-challenge/admin.php HTTP/1.1" 404 8709 "-" "-"
13.94.94.255 - - [15/Apr/2025:07:13:30 -0400] "GET /.well-known/acme-challenge/atomlib.php HTTP/1.1" 404 8709 "-" "-"
13.94.94.255 - - [15/Apr/2025:07:13:32 -0400] "GET /.well-known/acme-challenge/cloud.php HTTP/1.1" 404 8709 "-" "-"
13.94.94.255 - - [15/Apr/2025:07:13:35 -0400] "GET /.well-known/acme-challenge/index.php HTTP/1.1" 301 0 "-" "-"
13.94.94.255 - - [15/Apr/2025:07:13:36 -0400] "GET /.well-known/acme-challenge/ HTTP/1.1" 404 8709 "-" "-"
13.94.94.255 - - [15/Apr/2025:07:13:37 -0400] "GET /.well-known/acme-challenge/index.php?p= HTTP/1.1" 301 0 "-" "-"
13.94.94.255 - - [15/Apr/2025:07:13:37 -0400] "GET /.well-known/acme-challenge/ HTTP/1.1" 404 8709 "-" "-"
13.94.94.255 - - [15/Apr/2025:07:13:38 -0400] "GET /.well-known/acme-challenge/install.php HTTP/1.1" 404 8709 "-" "-"
13.94.94.255 - - [15/Apr/2025:07:13:40 -0400] "GET /.well-known/acme-challenge/makeasmtp.php HTTP/1.1" 404 8709 "-" "-"
13.94.94.255 - - [15/Apr/2025:07:13:42 -0400] "GET /.well-known/acme-challenge/makeasmtp.php?p= HTTP/1.1" 301 0 "-" "-"
13.94.94.255 - - [15/Apr/2025:07:13:43 -0400] "GET /.well-known/acme-challenge/makeasmtp.php HTTP/1.1" 404 8709 "-" "-"
13.94.94.255 - - [15/Apr/2025:07:13:44 -0400] "GET /.well-known/acme-challenge/radio.php HTTP/1.1" 404 8709 "-" "-"
13.94.94.255 - - [15/Apr/2025:07:13:46 -0400] "GET /.well-known/acme-challenge/themes.php HTTP/1.1" 404 8709 "-" "-"
13.94.94.255 - - [15/Apr/2025:07:13:48 -0400] "GET /.well-known/acme-challenge/x2.php HTTP/1.1" 404 8709 "-" "-"
13.94.94.255 - - [15/Apr/2025:07:13:49 -0400] "GET /.well-known/acme-challenge/xmrlpc.php?p= HTTP/1.1" 301 0 "-" "-"
13.94.94.255 - - [15/Apr/2025:07:13:50 -0400] "GET /.well-known/acme-challenge/xmrlpc.php HTTP/1.1" 404 8709 "-" "-"
13.94.94.255 - - [15/Apr/2025:07:13:53 -0400] "GET /.well-known/acme-challenge/xp.php HTTP/1.1" 404 8709 "-" "-"
13.94.94.255 - - [15/Apr/2025:07:13:54 -0400] "GET /.well-known/admin.php HTTP/1.1" 404 8709 "-" "-"
13.94.94.255 - - [15/Apr/2025:07:13:56 -0400] "GET /.well-known/apap.php HTTP/1.1" 404 8709 "-" "-"
13.94.94.255 - - [15/Apr/2025:07:13:59 -0400] "GET /.well-known/as.php HTTP/1.1" 404 8709 "-" "-"
13.94.94.255 - - [15/Apr/2025:07:14:00 -0400] "GET /.well-known/autoload_classmap.php HTTP/1.1" 404 8709 "-" "-"
198.54.114.83 - - [15/Apr/2025:07:14:03 -0400] "POST /wp-cron.php?doing_wp_cron=1744715643.5448479652404785156250 HTTP/1.1" 200 0 "-" "WordPress/6.7.2; https://fileluna.com"
13.94.94.255 - - [15/Apr/2025:07:14:03 -0400] "GET /.well-known/content.php HTTP/1.1" 404 8709 "-" "-"
198.54.114.83 - - [15/Apr/2025:07:14:05 -0400] "POST /wp-admin/admin-ajax.php?action=async_litespeed&nonce=TWYJrn1cts7nvdurIkYP3Snm9N00xJqC&litespeed_type=imgoptm HTTP/1.1" 200 0 "-" "WordPress/6.7.2; https://fileluna.com"
13.94.94.255 - - [15/Apr/2025:07:14:06 -0400] "GET /.well-known/fierzashell.php HTTP/1.1" 404 8709 "-" "-"
13.94.94.255 - - [15/Apr/2025:07:14:10 -0400] "GET /.well-known/file.php HTTP/1.1" 404 8709 "-" "-"
13.94.94.255 - - [15/Apr/2025:07:14:11 -0400] "GET /.well-known/fm.php HTTP/1.1" 404 8709 "-" "-"
13.94.94.255 - - [15/Apr/2025:07:14:15 -0400] "GET /.well-known/index.php HTTP/1.1" 301 0 "-" "-"
13.94.94.255 - - [15/Apr/2025:07:14:16 -0400] "GET /.well-known/ HTTP/1.1" 403 1242 "-" "-"
13.94.94.255 - - [15/Apr/2025:07:14:17 -0400] "GET /.well-known/index.php?p= HTTP/1.1" 301 0 "-" "-"
13.94.94.255 - - [15/Apr/2025:07:14:19 -0400] "GET /.well-known/ HTTP/1.1" 403 1242 "-" "-"
13.94.94.255 - - [15/Apr/2025:07:14:21 -0400] "GET /.well-known/link.php HTTP/1.1" 404 8709 "-" "-"
13.94.94.255 - - [15/Apr/2025:07:14:23 -0400] "GET /.well-known/lofmebwd.php HTTP/1.1" 404 8709 "-" "-"
13.94.94.255 - - [15/Apr/2025:07:14:27 -0400] "GET /.well-known/lv.php HTTP/1.1" 404 8709 "-" "-"
13.94.94.255 - - [15/Apr/2025:07:14:30 -0400] "GET /.well-known/pki-validation/ HTTP/1.1" 403 1242 "-" "-"
13.94.94.255 - - [15/Apr/2025:07:14:31 -0400] "GET /.well-known/pki-validation/parx.php HTTP/1.1" 404 1251 "-" "-"
13.94.94.255 - - [15/Apr/2025:07:14:34 -0400] "GET /.well-known/pki-validation/43e0da16-f4f8-4f0a-91d6-f41bf52aec3f.php HTTP/1.1" 404 1251 "-" "-"
13.94.94.255 - - [15/Apr/2025:07:14:36 -0400] "GET /.well-known/pki-validation/about.php HTTP/1.1" 404 1251 "-" "-"
13.94.94.255 - - [15/Apr/2025:07:14:37 -0400] "GET /.well-known/pki-validation/admin.php HTTP/1.1" 404 1251 "-" "-"
13.94.94.255 - - [15/Apr/2025:07:14:38 -0400] "GET /.well-known/pki-validation/afnew.php HTTP/1.1" 404 1251 "-" "-"
13.94.94.255 - - [15/Apr/2025:07:14:38 -0400] "GET /.well-known/pki-validation/cloud.php HTTP/1.1" 404 1251 "-" "-"
13.94.94.255 - - [15/Apr/2025:07:14:40 -0400] "GET /.well-known/pki-validation/cux.php HTTP/1.1" 404 1251 "-" "-"
13.94.94.255 - - [15/Apr/2025:07:14:41 -0400] "GET /.well-known/pki-validation/doc.php HTTP/1.1" 404 1251 "-" "-"
13.94.94.255 - - [15/Apr/2025:07:14:42 -0400] "GET /.well-known/pki-validation/dropdown.php?pass=yanz HTTP/1.1" 404 1251 "-" "-"
13.94.94.255 - - [15/Apr/2025:07:14:43 -0400] "GET /.well-known/pki-validation/file.php HTTP/1.1" 404 1251 "-" "-"
13.94.94.255 - - [15/Apr/2025:07:14:43 -0400] "GET /.well-known/pki-validation/index.php HTTP/1.1" 404 1251 "-" "-"
13.94.94.255 - - [15/Apr/2025:07:14:44 -0400] "GET /.well-known/pki-validation/muse.php HTTP/1.1" 404 1251 "-" "-"
13.94.94.255 - - [15/Apr/2025:07:14:45 -0400] "GET /.well-known/pki-validation/parx.php HTTP/1.1" 404 1251 "-" "-"
13.94.94.255 - - [15/Apr/2025:07:14:45 -0400] "GET /.well-known/pki-validation/plugins.php HTTP/1.1" 404 1251 "-" "-"
13.94.94.255 - - [15/Apr/2025:07:14:46 -0400] "GET /.well-known/pki-validation/pwnd.php HTTP/1.1" 404 1251 "-" "-"
13.94.94.255 - - [15/Apr/2025:07:14:47 -0400] "GET /.well-known/pki-validation/wp-error_log.php HTTP/1.1" 404 1251 "-" "-"
13.94.94.255 - - [15/Apr/2025:07:14:47 -0400] "GET /.well-known/pki-validation/wp-login.php HTTP/1.1" 404 1251 "-" "-"
13.94.94.255 - - [15/Apr/2025:07:14:48 -0400] "GET /.well-known/pki-validation/xmrlpc.php?p= HTTP/1.1" 404 1251 "-" "-"
