198.54.114.83 - - [17/Apr/2025:04:18:20 -0400] "POST /wp-admin/admin-ajax.php?action=async_litespeed&nonce=EVtk3OZbdrttktRIBANPYXvopVTaa0zG&litespeed_type=imgoptm HTTP/1.1" 200 0 "-" "WordPress/6.8; https://fileluna.com"
216.244.66.246 - - [17/Apr/2025:04:20:35 -0400] "GET /robots.txt HTTP/1.1" 200 61 "-" "Mozilla/5.0 (compatible; DotBot/1.2; +https://opensiteexplorer.org/dotbot; help@moz.com)"
20.171.207.122 - - [17/Apr/2025:04:20:41 -0400] "GET /?p=966 HTTP/1.1" 301 0 "-" "Mozilla/5.0 AppleWebKit/537.36 (KHTML, like Gecko; compatible; GPTBot/1.2; +https://openai.com/gptbot)"
198.54.114.83 - - [17/Apr/2025:04:20:47 -0400] "POST /wp-cron.php?doing_wp_cron=1744878045.7614679336547851562500 HTTP/1.1" 200 0 "-" "WordPress/6.8; https://fileluna.com"
20.171.207.122 - - [17/Apr/2025:04:21:14 -0400] "GET /?p=105 HTTP/1.1" 301 0 "-" "Mozilla/5.0 AppleWebKit/537.36 (KHTML, like Gecko; compatible; GPTBot/1.2; +https://openai.com/gptbot)"
20.171.207.122 - - [17/Apr/2025:04:21:41 -0400] "GET /relaxation-on-the-go-the-benefits-of-a-business-trip-massage/feed/ HTTP/1.1" 200 427 "-" "Mozilla/5.0 AppleWebKit/537.36 (KHTML, like Gecko; compatible; GPTBot/1.2; +https://openai.com/gptbot)"
198.54.114.83 - - [17/Apr/2025:04:22:12 -0400] "POST /wp-cron.php?doing_wp_cron=1744878131.6243340969085693359375 HTTP/1.1" 200 0 "-" "WordPress/6.8; https://fileluna.com"
20.171.207.122 - - [17/Apr/2025:04:22:11 -0400] "GET /unveiling-the-risks-of-buying-youtube-views-at-cheap-prices/feed/ HTTP/1.1" 200 439 "-" "Mozilla/5.0 AppleWebKit/537.36 (KHTML, like Gecko; compatible; GPTBot/1.2; +https://openai.com/gptbot)"
198.54.114.83 - - [17/Apr/2025:04:22:13 -0400] "POST /wp-admin/admin-ajax.php?action=async_litespeed&nonce=MZgMkvgn78eQBwPAbT9FLpkPF9sxJYy4&litespeed_type=imgoptm HTTP/1.1" 200 0 "-" "WordPress/6.8; https://fileluna.com"
198.54.114.83 - - [17/Apr/2025:04:22:40 -0400] "POST /wp-cron.php?doing_wp_cron=1744878160.0418961048126220703125 HTTP/1.1" 200 0 "-" "WordPress/6.8; https://fileluna.com"
198.54.114.83 - - [17/Apr/2025:04:22:41 -0400] "POST /wp-admin/admin-ajax.php?action=async_litespeed&nonce=utG6PLzNQ7lekYELdtfSfxDwsSWW81VC&litespeed_type=imgoptm HTTP/1.1" 200 5 "-" "WordPress/6.8; https://fileluna.com"
20.171.207.122 - - [17/Apr/2025:04:22:39 -0400] "GET /unraveling-the-mystery-of-buy-youtube-views-non-drop-services/ HTTP/1.1" 200 12132 "-" "Mozilla/5.0 AppleWebKit/537.36 (KHTML, like Gecko; compatible; GPTBot/1.2; +https://openai.com/gptbot)"
20.171.207.122 - - [17/Apr/2025:04:23:04 -0400] "GET /the-rise-of-online-cultural-gift-certificates/ HTTP/1.1" 200 12126 "-" "Mozilla/5.0 AppleWebKit/537.36 (KHTML, like Gecko; compatible; GPTBot/1.2; +https://openai.com/gptbot)"
85.215.162.226 - - [17/Apr/2025:04:24:49 -0400] "POST /wp-login.php HTTP/1.1" 200 1884 "-" "Mozilla/5.0"
198.54.114.83 - - [17/Apr/2025:04:24:52 -0400] "POST /wp-cron.php?doing_wp_cron=1744878292.0514090061187744140625 HTTP/1.1" 200 0 "-" "WordPress/6.8; https://fileluna.com"
85.215.162.226 - - [17/Apr/2025:04:24:49 -0400] "POST /wp-login.php HTTP/1.1" 200 1883 "-" "Mozilla/5.0"
198.54.114.83 - - [17/Apr/2025:04:24:52 -0400] "POST /wp-admin/admin-ajax.php?action=async_litespeed&nonce=Wv9PGeM3cnqV1TqTm4W8dpTjPivk7ZRH&litespeed_type=imgoptm HTTP/1.1" 200 5 "-" "WordPress/6.8; https://fileluna.com"
198.54.114.83 - - [17/Apr/2025:04:25:25 -0400] "POST /wp-cron.php?doing_wp_cron=1744878325.1069691181182861328125 HTTP/1.1" 200 0 "-" "WordPress/6.8; https://fileluna.com"
20.171.207.122 - - [17/Apr/2025:04:25:24 -0400] "GET /?p=1047 HTTP/1.1" 301 0 "-" "Mozilla/5.0 AppleWebKit/537.36 (KHTML, like Gecko; compatible; GPTBot/1.2; +https://openai.com/gptbot)"
198.54.114.83 - - [17/Apr/2025:04:25:28 -0400] "POST /wp-admin/admin-ajax.php?action=async_litespeed&nonce=lb3nj3ia1EmreDpdn3cNu0IeiSPfKuNB&litespeed_type=imgoptm HTTP/1.1" 200 0 "-" "WordPress/6.8; https://fileluna.com"
20.171.207.122 - - [17/Apr/2025:04:25:50 -0400] "GET /umzugsunternehmen-in-luneburg-professioneller-service-fur-ihren-umzug/ HTTP/1.1" 200 12241 "-" "Mozilla/5.0 AppleWebKit/537.36 (KHTML, like Gecko; compatible; GPTBot/1.2; +https://openai.com/gptbot)"
198.54.114.83 - - [17/Apr/2025:04:26:24 -0400] "POST /wp-cron.php?doing_wp_cron=1744878383.2414660453796386718750 HTTP/1.1" 200 0 "-" "WordPress/6.8; https://fileluna.com"
20.171.207.122 - - [17/Apr/2025:04:26:22 -0400] "GET /xmlrpc.php HTTP/1.1" 405 46 "-" "Mozilla/5.0 AppleWebKit/537.36 (KHTML, like Gecko; compatible; GPTBot/1.2; +https://openai.com/gptbot)"
198.54.114.83 - - [17/Apr/2025:04:26:25 -0400] "POST /wp-admin/admin-ajax.php?action=async_litespeed&nonce=PjGNeYRw2rTkn5y3hy5ARAGETdP2Yk9c&litespeed_type=imgoptm HTTP/1.1" 200 0 "-" "WordPress/6.8; https://fileluna.com"
2a03:2880:3ff:1:: - - [17/Apr/2025:04:26:40 -0400] "GET /robots.txt HTTP/1.1" 200 61 "-" "facebookexternalhit/1.1 (+http://www.facebook.com/externalhit_uatext.php)"
20.171.207.122 - - [17/Apr/2025:04:26:50 -0400] "GET /effizienter-umzugsservices-in-luneburg/feed/ HTTP/1.1" 200 400 "-" "Mozilla/5.0 AppleWebKit/537.36 (KHTML, like Gecko; compatible; GPTBot/1.2; +https://openai.com/gptbot)"
198.54.114.83 - - [17/Apr/2025:04:27:16 -0400] "POST /wp-cron.php?doing_wp_cron=1744878436.2531609535217285156250 HTTP/1.1" 200 0 "-" "WordPress/6.8; https://fileluna.com"
20.171.207.122 - - [17/Apr/2025:04:27:15 -0400] "GET /wp-json/oembed/1.0/embed?url=https%3A%2F%2Ffileluna.com%2Fliberer-le-succes-en-ligne-la-puissance-dune-agence-de-referencement%2F HTTP/1.1" 200 2494 "-" "Mozilla/5.0 AppleWebKit/537.36 (KHTML, like Gecko; compatible; GPTBot/1.2; +https://openai.com/gptbot)"
198.54.114.83 - - [17/Apr/2025:04:27:17 -0400] "POST /wp-admin/admin-ajax.php?action=async_litespeed&nonce=EDdcj4ufdxwe8Gj5LE2xFZQ1vsjc8EQU&litespeed_type=imgoptm HTTP/1.1" 200 5 "-" "WordPress/6.8; https://fileluna.com"
20.171.207.122 - - [17/Apr/2025:04:27:43 -0400] "GET /wp-json/wp/v2/posts/1060 HTTP/1.1" 200 3943 "-" "Mozilla/5.0 AppleWebKit/537.36 (KHTML, like Gecko; compatible; GPTBot/1.2; +https://openai.com/gptbot)"
209.38.102.166 - - [17/Apr/2025:04:29:00 -0400] "GET / HTTP/1.1" 200 12777 "-" "Mozilla/5.0 (compatible)"
209.38.102.166 - - [17/Apr/2025:04:29:02 -0400] "GET /favicon.ico HTTP/1.1" 404 1251 "https://fileluna.com/" "Mozilla/5.0 (compatible)"
198.54.114.83 - - [17/Apr/2025:04:30:11 -0400] "POST /wp-cron.php?doing_wp_cron=1744878611.0926139354705810546875 HTTP/1.1" 200 0 "-" "WordPress/6.8; https://fileluna.com"
20.171.207.122 - - [17/Apr/2025:04:30:05 -0400] "GET /?p=107 HTTP/1.1" 301 0 "-" "Mozilla/5.0 AppleWebKit/537.36 (KHTML, like Gecko; compatible; GPTBot/1.2; +https://openai.com/gptbot)"
198.54.114.83 - - [17/Apr/2025:04:30:13 -0400] "POST /wp-admin/admin-ajax.php?action=async_litespeed&nonce=hBGySlBcITxacSrfoOHbPNwwcD0G46EP&litespeed_type=imgoptm HTTP/1.1" 200 0 "-" "WordPress/6.8; https://fileluna.com"
198.54.114.83 - - [17/Apr/2025:04:30:39 -0400] "POST /wp-cron.php?doing_wp_cron=1744878639.2942159175872802734375 HTTP/1.1" 200 0 "-" "WordPress/6.8; https://fileluna.com"
20.171.207.122 - - [17/Apr/2025:04:30:38 -0400] "GET /?p=1040 HTTP/1.1" 301 0 "-" "Mozilla/5.0 AppleWebKit/537.36 (KHTML, like Gecko; compatible; GPTBot/1.2; +https://openai.com/gptbot)"
198.54.114.83 - - [17/Apr/2025:04:30:40 -0400] "POST /wp-admin/admin-ajax.php?action=async_litespeed&nonce=kOIhRRUc7uaKZsLzG8BZ9hTDbZ8SPwg0&litespeed_type=imgoptm HTTP/1.1" 200 0 "-" "WordPress/6.8; https://fileluna.com"
20.171.207.122 - - [17/Apr/2025:04:31:05 -0400] "GET /?p=970 HTTP/1.1" 301 0 "-" "Mozilla/5.0 AppleWebKit/537.36 (KHTML, like Gecko; compatible; GPTBot/1.2; +https://openai.com/gptbot)"
198.54.114.83 - - [17/Apr/2025:04:31:31 -0400] "POST /wp-cron.php?doing_wp_cron=1744878691.4407050609588623046875 HTTP/1.1" 200 0 "-" "WordPress/6.8; https://fileluna.com"
20.171.207.122 - - [17/Apr/2025:04:31:31 -0400] "GET /umzugsunternehmen-in-luneburg-professioneller-service-fur-ihren-umzug/feed/ HTTP/1.1" 200 440 "-" "Mozilla/5.0 AppleWebKit/537.36 (KHTML, like Gecko; compatible; GPTBot/1.2; +https://openai.com/gptbot)"
198.54.114.83 - - [17/Apr/2025:04:31:31 -0400] "POST /wp-admin/admin-ajax.php?action=async_litespeed&nonce=5IDdGsLuLcRcB5gmgvU7IrvoeoQ67YBV&litespeed_type=imgoptm HTTP/1.1" 200 5 "-" "WordPress/6.8; https://fileluna.com"
20.171.207.122 - - [17/Apr/2025:04:31:58 -0400] "GET /step-into-style-the-trend-of-personalized-printed-socks/ HTTP/1.1" 200 12351 "-" "Mozilla/5.0 AppleWebKit/537.36 (KHTML, like Gecko; compatible; GPTBot/1.2; +https://openai.com/gptbot)"
198.54.114.83 - - [17/Apr/2025:04:32:29 -0400] "POST /wp-cron.php?doing_wp_cron=1744878749.5074191093444824218750 HTTP/1.1" 200 0 "-" "WordPress/6.8; https://fileluna.com"
20.171.207.122 - - [17/Apr/2025:04:32:29 -0400] "GET /unlock-big-savings-with-culture-gift-certificate-discount/ HTTP/1.1" 200 12030 "-" "Mozilla/5.0 AppleWebKit/537.36 (KHTML, like Gecko; compatible; GPTBot/1.2; +https://openai.com/gptbot)"
198.54.114.83 - - [17/Apr/2025:04:32:30 -0400] "POST /wp-admin/admin-ajax.php?action=async_litespeed&nonce=etO2Yyxaft5KKwYb9DHNnvjDBtf3sR2v&litespeed_type=imgoptm HTTP/1.1" 200 5 "-" "WordPress/6.8; https://fileluna.com"
198.54.114.83 - - [17/Apr/2025:04:35:02 -0400] "POST /wp-cron.php?doing_wp_cron=1744878901.9715189933776855468750 HTTP/1.1" 200 0 "-" "WordPress/6.8; https://fileluna.com"
20.171.207.122 - - [17/Apr/2025:04:34:56 -0400] "GET /the-rise-of-online-cultural-gift-certificates/feed/ HTTP/1.1" 200 406 "-" "Mozilla/5.0 AppleWebKit/537.36 (KHTML, like Gecko; compatible; GPTBot/1.2; +https://openai.com/gptbot)"
198.54.114.83 - - [17/Apr/2025:04:35:07 -0400] "POST /wp-admin/admin-ajax.php?action=async_litespeed&nonce=SqWAkPkaXjV99CSfLYulnnmdI70zHB3P&litespeed_type=imgoptm HTTP/1.1" 200 0 "-" "WordPress/6.8; https://fileluna.com"
85.215.162.226 - - [17/Apr/2025:04:35:32 -0400] "POST /wp-login.php HTTP/1.1" 200 1883 "-" "Mozilla/5.0"
198.54.114.83 - - [17/Apr/2025:04:35:33 -0400] "POST /wp-cron.php?doing_wp_cron=1744878933.0282640457153320312500 HTTP/1.1" 200 0 "-" "WordPress/6.8; https://fileluna.com"
85.215.162.226 - - [17/Apr/2025:04:35:32 -0400] "POST /wp-login.php HTTP/1.1" 200 1884 "-" "Mozilla/5.0"
198.54.114.83 - - [17/Apr/2025:04:35:33 -0400] "POST /wp-admin/admin-ajax.php?action=async_litespeed&nonce=SGZzTKUGwfTmq6sQR7Rp6a1cypbRSTn5&litespeed_type=imgoptm HTTP/1.1" 200 5 "-" "WordPress/6.8; https://fileluna.com"
20.171.207.122 - - [17/Apr/2025:04:35:41 -0400] "GET /unraveling-the-mystery-of-buy-youtube-views-non-drop-services/feed/ HTTP/1.1" 200 446 "-" "Mozilla/5.0 AppleWebKit/537.36 (KHTML, like Gecko; compatible; GPTBot/1.2; +https://openai.com/gptbot)"
198.54.114.83 - - [17/Apr/2025:04:36:17 -0400] "POST /wp-cron.php?doing_wp_cron=1744878977.0603129863739013671875 HTTP/1.1" 200 0 "-" "WordPress/6.8; https://fileluna.com"
20.171.207.122 - - [17/Apr/2025:04:36:16 -0400] "GET /entrumpelung-luneburg/ HTTP/1.1" 200 11457 "-" "Mozilla/5.0 AppleWebKit/537.36 (KHTML, like Gecko; compatible; GPTBot/1.2; +https://openai.com/gptbot)"
198.54.114.83 - - [17/Apr/2025:04:36:19 -0400] "POST /wp-admin/admin-ajax.php?action=async_litespeed&nonce=WqtKrwLz0JpdpltWqcwczjDwUafcp8DA&litespeed_type=imgoptm HTTP/1.1" 200 0 "-" "WordPress/6.8; https://fileluna.com"
20.171.207.122 - - [17/Apr/2025:04:36:44 -0400] "GET /wp-json/wp/v2/posts/1051 HTTP/1.1" 200 4393 "-" "Mozilla/5.0 AppleWebKit/537.36 (KHTML, like Gecko; compatible; GPTBot/1.2; +https://openai.com/gptbot)"
198.54.114.83 - - [17/Apr/2025:04:37:21 -0400] "POST /wp-cron.php?doing_wp_cron=1744879040.7046539783477783203125 HTTP/1.1" 200 0 "-" "WordPress/6.8; https://fileluna.com"
20.171.207.122 - - [17/Apr/2025:04:37:20 -0400] "GET /wp-json/wp/v2/posts/1055 HTTP/1.1" 200 4264 "-" "Mozilla/5.0 AppleWebKit/537.36 (KHTML, like Gecko; compatible; GPTBot/1.2; +https://openai.com/gptbot)"
198.54.114.83 - - [17/Apr/2025:04:37:21 -0400] "POST /wp-admin/admin-ajax.php?action=async_litespeed&nonce=eCYM5l0JcbqDQgKTu4UTKQ7LkXKx6kJD&litespeed_type=imgoptm HTTP/1.1" 200 5 "-" "WordPress/6.8; https://fileluna.com"
20.171.207.122 - - [17/Apr/2025:04:38:03 -0400] "GET /wp-json/wp/v2/posts/1040 HTTP/1.1" 200 4933 "-" "Mozilla/5.0 AppleWebKit/537.36 (KHTML, like Gecko; compatible; GPTBot/1.2; +https://openai.com/gptbot)"
198.54.114.83 - - [17/Apr/2025:04:38:46 -0400] "POST /wp-cron.php?doing_wp_cron=1744879126.1579499244689941406250 HTTP/1.1" 200 0 "-" "WordPress/6.8; https://fileluna.com"
20.171.207.122 - - [17/Apr/2025:04:38:45 -0400] "GET /wp-json/wp/v2/posts/1066 HTTP/1.1" 200 4711 "-" "Mozilla/5.0 AppleWebKit/537.36 (KHTML, like Gecko; compatible; GPTBot/1.2; +https://openai.com/gptbot)"
198.54.114.83 - - [17/Apr/2025:04:38:47 -0400] "POST /wp-admin/admin-ajax.php?action=async_litespeed&nonce=hSOHv14CQtugdu068QZep3HJhYlb4EvF&litespeed_type=imgoptm HTTP/1.1" 200 0 "-" "WordPress/6.8; https://fileluna.com"
198.54.114.83 - - [17/Apr/2025:04:39:52 -0400] "POST /wp-cron.php?doing_wp_cron=1744879192.2439649105072021484375 HTTP/1.1" 200 0 "-" "WordPress/6.8; https://fileluna.com"
20.171.207.122 - - [17/Apr/2025:04:39:51 -0400] "GET /?p=972 HTTP/1.1" 301 0 "-" "Mozilla/5.0 AppleWebKit/537.36 (KHTML, like Gecko; compatible; GPTBot/1.2; +https://openai.com/gptbot)"
198.54.114.83 - - [17/Apr/2025:04:39:53 -0400] "POST /wp-admin/admin-ajax.php?action=async_litespeed&nonce=vibYXw6wMqW5i7doqQYnWyNNtJihDvYJ&litespeed_type=imgoptm HTTP/1.1" 200 5 "-" "WordPress/6.8; https://fileluna.com"
198.54.114.83 - - [17/Apr/2025:04:40:29 -0400] "POST /wp-cron.php?doing_wp_cron=1744879228.8896670341491699218750 HTTP/1.1" 200 0 "-" "WordPress/6.8; https://fileluna.com"
20.171.207.122 - - [17/Apr/2025:04:40:28 -0400] "GET /?p=110 HTTP/1.1" 301 0 "-" "Mozilla/5.0 AppleWebKit/537.36 (KHTML, like Gecko; compatible; GPTBot/1.2; +https://openai.com/gptbot)"
198.54.114.83 - - [17/Apr/2025:04:40:30 -0400] "POST /wp-admin/admin-ajax.php?action=async_litespeed&nonce=RZjm0Mr0oodd7r0qJGXkNux4YEYOHQiZ&litespeed_type=imgoptm HTTP/1.1" 200 5 "-" "WordPress/6.8; https://fileluna.com"
20.171.207.122 - - [17/Apr/2025:04:40:59 -0400] "GET /step-into-style-the-trend-of-personalized-printed-socks/feed/ HTTP/1.1" 200 440 "-" "Mozilla/5.0 AppleWebKit/537.36 (KHTML, like Gecko; compatible; GPTBot/1.2; +https://openai.com/gptbot)"
198.54.114.83 - - [17/Apr/2025:04:41:31 -0400] "POST /wp-cron.php?doing_wp_cron=1744879290.9325840473175048828125 HTTP/1.1" 200 0 "-" "WordPress/6.8; https://fileluna.com"
20.171.207.122 - - [17/Apr/2025:04:41:30 -0400] "GET /unlock-big-savings-with-culture-gift-certificate-discount/feed/ HTTP/1.1" 200 423 "-" "Mozilla/5.0 AppleWebKit/537.36 (KHTML, like Gecko; compatible; GPTBot/1.2; +https://openai.com/gptbot)"
198.54.114.83 - - [17/Apr/2025:04:41:32 -0400] "POST /wp-admin/admin-ajax.php?action=async_litespeed&nonce=DQIS3SeE1AtVyrJQlIOLX4qtTBRMjCjB&litespeed_type=imgoptm HTTP/1.1" 200 5 "-" "WordPress/6.8; https://fileluna.com"
20.171.207.122 - - [17/Apr/2025:04:42:00 -0400] "GET /entdecken-sie-die-expertise-des-steuerberaters-hattingen/ HTTP/1.1" 200 12393 "-" "Mozilla/5.0 AppleWebKit/537.36 (KHTML, like Gecko; compatible; GPTBot/1.2; +https://openai.com/gptbot)"
198.54.114.83 - - [17/Apr/2025:04:44:26 -0400] "POST /wp-cron.php?doing_wp_cron=1744879466.1665918827056884765625 HTTP/1.1" 200 0 "-" "WordPress/6.8; https://fileluna.com"
198.54.114.83 - - [17/Apr/2025:04:44:28 -0400] "POST /wp-admin/admin-ajax.php?action=async_litespeed&nonce=o78OfGQCAKC7my8fDiGc8v5N7lVijF1g&litespeed_type=imgoptm HTTP/1.1" 200 0 "-" "WordPress/6.8; https://fileluna.com"
20.171.207.122 - - [17/Apr/2025:04:44:21 -0400] "GET /?p=1042 HTTP/1.1" 301 0 "-" "Mozilla/5.0 AppleWebKit/537.36 (KHTML, like Gecko; compatible; GPTBot/1.2; +https://openai.com/gptbot)"
20.171.207.122 - - [17/Apr/2025:04:44:55 -0400] "GET /xmlrpc.php HTTP/1.1" 405 46 "-" "Mozilla/5.0 AppleWebKit/537.36 (KHTML, like Gecko; compatible; GPTBot/1.2; +https://openai.com/gptbot)"
20.171.207.122 - - [17/Apr/2025:04:45:24 -0400] "GET /why-purchase-gift-certificates-for-special-occasions/ HTTP/1.1" 200 11871 "-" "Mozilla/5.0 AppleWebKit/537.36 (KHTML, like Gecko; compatible; GPTBot/1.2; +https://openai.com/gptbot)"
198.54.114.83 - - [17/Apr/2025:04:45:28 -0400] "POST /wp-cron.php?doing_wp_cron=1744879524.8870489597320556640625 HTTP/1.1" 200 0 "-" "WordPress/6.8; https://fileluna.com"
20.171.207.122 - - [17/Apr/2025:04:45:55 -0400] "GET /create-employer-brand/ HTTP/1.1" 200 11490 "-" "Mozilla/5.0 AppleWebKit/537.36 (KHTML, like Gecko; compatible; GPTBot/1.2; +https://openai.com/gptbot)"
85.215.162.226 - - [17/Apr/2025:04:46:15 -0400] "POST /wp-login.php HTTP/1.1" 200 1884 "-" "Mozilla/5.0"
85.215.162.226 - - [17/Apr/2025:04:46:15 -0400] "POST /wp-login.php HTTP/1.1" 200 1883 "-" "Mozilla/5.0"
20.171.207.122 - - [17/Apr/2025:04:46:23 -0400] "GET /entrumpelung-luneburg/feed/ HTTP/1.1" 200 383 "-" "Mozilla/5.0 AppleWebKit/537.36 (KHTML, like Gecko; compatible; GPTBot/1.2; +https://openai.com/gptbot)"
198.54.114.83 - - [17/Apr/2025:04:46:50 -0400] "POST /wp-cron.php?doing_wp_cron=1744879610.4229199886322021484375 HTTP/1.1" 200 0 "-" "WordPress/6.8; https://fileluna.com"
20.171.207.122 - - [17/Apr/2025:04:46:49 -0400] "GET /wp-json/wp/v2/posts/1042 HTTP/1.1" 200 2844 "-" "Mozilla/5.0 AppleWebKit/537.36 (KHTML, like Gecko; compatible; GPTBot/1.2; +https://openai.com/gptbot)"
198.54.114.83 - - [17/Apr/2025:04:46:51 -0400] "POST /wp-admin/admin-ajax.php?action=async_litespeed&nonce=4XQ96JtE1Lab5bmBvtW6gk1wZPs8lBbD&litespeed_type=imgoptm HTTP/1.1" 200 5 "-" "WordPress/6.8; https://fileluna.com"
198.54.114.83 - - [17/Apr/2025:04:47:17 -0400] "POST /wp-cron.php?doing_wp_cron=1744879637.5490379333496093750000 HTTP/1.1" 200 0 "-" "WordPress/6.8; https://fileluna.com"
20.171.207.122 - - [17/Apr/2025:04:47:17 -0400] "GET /wp-json/wp/v2/posts/1047 HTTP/1.1" 200 4124 "-" "Mozilla/5.0 AppleWebKit/537.36 (KHTML, like Gecko; compatible; GPTBot/1.2; +https://openai.com/gptbot)"
198.54.114.83 - - [17/Apr/2025:04:47:18 -0400] "POST /wp-admin/admin-ajax.php?action=async_litespeed&nonce=Pxt0WlHDMoOtronLhASDE1rqMrwI9HWE&litespeed_type=imgoptm HTTP/1.1" 200 5 "-" "WordPress/6.8; https://fileluna.com"
20.171.207.122 - - [17/Apr/2025:04:48:49 -0400] "GET /?p=112 HTTP/1.1" 301 0 "-" "Mozilla/5.0 AppleWebKit/537.36 (KHTML, like Gecko; compatible; GPTBot/1.2; +https://openai.com/gptbot)"
198.54.114.83 - - [17/Apr/2025:04:48:56 -0400] "POST /wp-cron.php?doing_wp_cron=1744879734.9340159893035888671875 HTTP/1.1" 200 0 "-" "WordPress/6.8; https://fileluna.com"
20.171.207.122 - - [17/Apr/2025:04:49:20 -0400] "GET /entdecken-sie-die-expertise-des-steuerberaters-hattingen/feed/ HTTP/1.1" 200 416 "-" "Mozilla/5.0 AppleWebKit/537.36 (KHTML, like Gecko; compatible; GPTBot/1.2; +https://openai.com/gptbot)"
20.171.207.122 - - [17/Apr/2025:04:49:50 -0400] "GET /lattafa-eine-duftreise-enthullt/ HTTP/1.1" 200 12312 "-" "Mozilla/5.0 AppleWebKit/537.36 (KHTML, like Gecko; compatible; GPTBot/1.2; +https://openai.com/gptbot)"
198.54.114.83 - - [17/Apr/2025:04:50:33 -0400] "POST /wp-cron.php?doing_wp_cron=1744879833.1122519969940185546875 HTTP/1.1" 200 0 "-" "WordPress/6.8; https://fileluna.com"
20.171.207.122 - - [17/Apr/2025:04:50:32 -0400] "GET /wp-json/wp/v2/posts/1064 HTTP/1.1" 200 4078 "-" "Mozilla/5.0 AppleWebKit/537.36 (KHTML, like Gecko; compatible; GPTBot/1.2; +https://openai.com/gptbot)"
198.54.114.83 - - [17/Apr/2025:04:50:34 -0400] "POST /wp-admin/admin-ajax.php?action=async_litespeed&nonce=TLuP9OsWkGLYSdeuxMl8Vqtm6rbQoqgL&litespeed_type=imgoptm HTTP/1.1" 200 0 "-" "WordPress/6.8; https://fileluna.com"
20.171.207.122 - - [17/Apr/2025:04:51:14 -0400] "GET /wp-json/wp/v2/posts/1056 HTTP/1.1" 200 5025 "-" "Mozilla/5.0 AppleWebKit/537.36 (KHTML, like Gecko; compatible; GPTBot/1.2; +https://openai.com/gptbot)"
20.171.207.122 - - [17/Apr/2025:04:53:23 -0400] "GET /?p=974 HTTP/1.1" 301 0 "-" "Mozilla/5.0 AppleWebKit/537.36 (KHTML, like Gecko; compatible; GPTBot/1.2; +https://openai.com/gptbot)"
198.54.114.83 - - [17/Apr/2025:04:53:29 -0400] "POST /wp-cron.php?doing_wp_cron=1744880007.4980769157409667968750 HTTP/1.1" 200 0 "-" "WordPress/6.8; https://fileluna.com"
103.195.240.105 - - [17/Apr/2025:04:53:43 -0400] "POST /xmlrpc.php HTTP/1.1" 200 205 "-" "Mozilla/5.0 (X11; Fedora; Linux x86_64; rv:94.0) Gecko/20100101 Firefox/95.0"
20.171.207.122 - - [17/Apr/2025:04:53:58 -0400] "GET /?p=1038 HTTP/1.1" 301 0 "-" "Mozilla/5.0 AppleWebKit/537.36 (KHTML, like Gecko; compatible; GPTBot/1.2; +https://openai.com/gptbot)"
198.54.114.83 - - [17/Apr/2025:04:54:28 -0400] "POST /wp-cron.php?doing_wp_cron=1744880068.4967060089111328125000 HTTP/1.1" 200 0 "-" "WordPress/6.8; https://fileluna.com"
20.171.207.122 - - [17/Apr/2025:04:54:28 -0400] "GET /umzugsunternehmen-in-luneburg-fur-einen-stressfreien-umzug/ HTTP/1.1" 200 12109 "-" "Mozilla/5.0 AppleWebKit/537.36 (KHTML, like Gecko; compatible; GPTBot/1.2; +https://openai.com/gptbot)"
198.54.114.83 - - [17/Apr/2025:04:54:30 -0400] "POST /wp-admin/admin-ajax.php?action=async_litespeed&nonce=eSwTyEVempiZPFTrJhVnJjfnvh06UjfF&litespeed_type=imgoptm HTTP/1.1" 200 0 "-" "WordPress/6.8; https://fileluna.com"
20.171.207.122 - - [17/Apr/2025:04:54:58 -0400] "GET /arac-aksesuarlari-ile-konfor-ve-estetik-saglama/ HTTP/1.1" 200 12060 "-" "Mozilla/5.0 AppleWebKit/537.36 (KHTML, like Gecko; compatible; GPTBot/1.2; +https://openai.com/gptbot)"
198.54.114.83 - - [17/Apr/2025:04:55:33 -0400] "POST /wp-cron.php?doing_wp_cron=1744880133.1420969963073730468750 HTTP/1.1" 200 0 "-" "WordPress/6.8; https://fileluna.com"
20.171.207.122 - - [17/Apr/2025:04:55:32 -0400] "GET /xmlrpc.php HTTP/1.1" 405 46 "-" "Mozilla/5.0 AppleWebKit/537.36 (KHTML, like Gecko; compatible; GPTBot/1.2; +https://openai.com/gptbot)"
198.54.114.83 - - [17/Apr/2025:04:55:34 -0400] "POST /wp-admin/admin-ajax.php?action=async_litespeed&nonce=H7fymDugduPteihkVyoWahJoCLkA9T8Y&litespeed_type=imgoptm HTTP/1.1" 200 5 "-" "WordPress/6.8; https://fileluna.com"
20.171.207.122 - - [17/Apr/2025:04:56:07 -0400] "GET /why-purchase-gift-certificates-for-special-occasions/feed/ HTTP/1.1" 200 415 "-" "Mozilla/5.0 AppleWebKit/537.36 (KHTML, like Gecko; compatible; GPTBot/1.2; +https://openai.com/gptbot)"
198.54.114.83 - - [17/Apr/2025:04:56:37 -0400] "POST /wp-cron.php?doing_wp_cron=1744880196.6935889720916748046875 HTTP/1.1" 200 0 "-" "WordPress/6.8; https://fileluna.com"
20.171.207.122 - - [17/Apr/2025:04:56:36 -0400] "GET /create-employer-brand/feed/ HTTP/1.1" 200 375 "-" "Mozilla/5.0 AppleWebKit/537.36 (KHTML, like Gecko; compatible; GPTBot/1.2; +https://openai.com/gptbot)"
85.215.162.226 - - [17/Apr/2025:04:56:56 -0400] "POST /wp-login.php HTTP/1.1" 200 1884 "-" "Mozilla/5.0"
85.215.162.226 - - [17/Apr/2025:04:56:56 -0400] "POST /wp-login.php HTTP/1.1" 200 1883 "-" "Mozilla/5.0"
198.54.114.83 - - [17/Apr/2025:04:57:55 -0400] "POST /wp-cron.php?doing_wp_cron=1744880274.2041740417480468750000 HTTP/1.1" 200 0 "-" "WordPress/6.8; https://fileluna.com"
20.171.207.122 - - [17/Apr/2025:04:57:53 -0400] "GET /?p=114 HTTP/1.1" 301 0 "-" "Mozilla/5.0 AppleWebKit/537.36 (KHTML, like Gecko; compatible; GPTBot/1.2; +https://openai.com/gptbot)"
20.171.207.122 - - [17/Apr/2025:04:58:33 -0400] "GET /empowering-innovation-unveiling-the-marvels-of-microsoft-azure-solutions/ HTTP/1.1" 200 12173 "-" "Mozilla/5.0 AppleWebKit/537.36 (KHTML, like Gecko; compatible; GPTBot/1.2; +https://openai.com/gptbot)"
198.54.114.83 - - [17/Apr/2025:04:59:04 -0400] "POST /wp-cron.php?doing_wp_cron=1744880344.1551289558410644531250 HTTP/1.1" 200 0 "-" "WordPress/6.8; https://fileluna.com"
20.171.207.122 - - [17/Apr/2025:04:59:03 -0400] "GET /lattafa-eine-duftreise-enthullt/feed/ HTTP/1.1" 200 411 "-" "Mozilla/5.0 AppleWebKit/537.36 (KHTML, like Gecko; compatible; GPTBot/1.2; +https://openai.com/gptbot)"
198.54.114.83 - - [17/Apr/2025:04:59:05 -0400] "POST /wp-admin/admin-ajax.php?action=async_litespeed&nonce=DitgdTHFEsSZWwRnWTiiPKQJaHdJVGP5&litespeed_type=imgoptm HTTP/1.1" 200 0 "-" "WordPress/6.8; https://fileluna.com"
198.54.114.83 - - [17/Apr/2025:04:59:32 -0400] "POST /wp-cron.php?doing_wp_cron=1744880372.2516241073608398437500 HTTP/1.1" 200 0 "-" "WordPress/6.8; https://fileluna.com"
20.171.207.122 - - [17/Apr/2025:04:59:31 -0400] "GET /wp-json/wp/v2/posts/1038 HTTP/1.1" 200 2797 "-" "Mozilla/5.0 AppleWebKit/537.36 (KHTML, like Gecko; compatible; GPTBot/1.2; +https://openai.com/gptbot)"
198.54.114.83 - - [17/Apr/2025:04:59:33 -0400] "POST /wp-admin/admin-ajax.php?action=async_litespeed&nonce=ij2ACvrcNWdthilTYAsMb6TTTz4XItRJ&litespeed_type=imgoptm HTTP/1.1" 200 5 "-" "WordPress/6.8; https://fileluna.com"
198.54.114.83 - - [17/Apr/2025:05:00:21 -0400] "POST /wp-cron.php?doing_wp_cron=1744880420.8525850772857666015625 HTTP/1.1" 200 0 "-" "WordPress/6.8; https://fileluna.com"
20.171.207.122 - - [17/Apr/2025:05:00:20 -0400] "GET /wp-json/wp/v2/posts/1048 HTTP/1.1" 200 5299 "-" "Mozilla/5.0 AppleWebKit/537.36 (KHTML, like Gecko; compatible; GPTBot/1.2; +https://openai.com/gptbot)"
198.54.114.83 - - [17/Apr/2025:05:00:22 -0400] "POST /wp-admin/admin-ajax.php?action=async_litespeed&nonce=gMJcKKQUhMkh3yWv7ftRV7zbqOWLZulk&litespeed_type=imgoptm HTTP/1.1" 200 0 "-" "WordPress/6.8; https://fileluna.com"
198.54.114.83 - - [17/Apr/2025:05:02:26 -0400] "POST /wp-cron.php?doing_wp_cron=1744880546.1045520305633544921875 HTTP/1.1" 200 0 "-" "WordPress/6.8; https://fileluna.com"
20.171.207.122 - - [17/Apr/2025:05:02:22 -0400] "GET /?p=1036 HTTP/1.1" 301 0 "-" "Mozilla/5.0 AppleWebKit/537.36 (KHTML, like Gecko; compatible; GPTBot/1.2; +https://openai.com/gptbot)"
198.54.114.83 - - [17/Apr/2025:05:02:28 -0400] "POST /wp-admin/admin-ajax.php?action=async_litespeed&nonce=uUePheK5atNqqnXiuEoz4hXSW9ZWceuB&litespeed_type=imgoptm HTTP/1.1" 200 0 "-" "WordPress/6.8; https://fileluna.com"
20.171.207.122 - - [17/Apr/2025:05:03:02 -0400] "GET /wp-json/wp/v2/posts/116 HTTP/1.1" 200 4553 "-" "Mozilla/5.0 AppleWebKit/537.36 (KHTML, like Gecko; compatible; GPTBot/1.2; +https://openai.com/gptbot)"
198.54.114.83 - - [17/Apr/2025:05:03:31 -0400] "POST /wp-cron.php?doing_wp_cron=1744880610.7687299251556396484375 HTTP/1.1" 200 0 "-" "WordPress/6.8; https://fileluna.com"
20.171.207.122 - - [17/Apr/2025:05:03:30 -0400] "GET /?p=116 HTTP/1.1" 301 0 "-" "Mozilla/5.0 AppleWebKit/537.36 (KHTML, like Gecko; compatible; GPTBot/1.2; +https://openai.com/gptbot)"
20.171.207.122 - - [17/Apr/2025:05:04:01 -0400] "GET /?p=976 HTTP/1.1" 301 0 "-" "Mozilla/5.0 AppleWebKit/537.36 (KHTML, like Gecko; compatible; GPTBot/1.2; +https://openai.com/gptbot)"
20.171.207.122 - - [17/Apr/2025:05:04:29 -0400] "GET /empowering-innovation-unveiling-the-marvels-of-microsoft-azure-solutions/feed/ HTTP/1.1" 200 448 "-" "Mozilla/5.0 AppleWebKit/537.36 (KHTML, like Gecko; compatible; GPTBot/1.2; +https://openai.com/gptbot)"
198.54.114.83 - - [17/Apr/2025:05:04:57 -0400] "POST /wp-cron.php?doing_wp_cron=1744880697.3875579833984375000000 HTTP/1.1" 200 0 "-" "WordPress/6.8; https://fileluna.com"
20.171.207.122 - - [17/Apr/2025:05:04:57 -0400] "GET /crispy-delight-exploring-the-irresistible-charm-of-vegetable-samosas/ HTTP/1.1" 200 12186 "-" "Mozilla/5.0 AppleWebKit/537.36 (KHTML, like Gecko; compatible; GPTBot/1.2; +https://openai.com/gptbot)"
198.54.114.83 - - [17/Apr/2025:05:04:58 -0400] "POST /wp-admin/admin-ajax.php?action=async_litespeed&nonce=jQMEgpXtZzRXXwTsqet7gSYRu7tZvOaG&litespeed_type=imgoptm HTTP/1.1" 200 0 "-" "WordPress/6.8; https://fileluna.com"
198.54.114.83 - - [17/Apr/2025:05:05:26 -0400] "POST /wp-cron.php?doing_wp_cron=1744880726.1862969398498535156250 HTTP/1.1" 200 0 "-" "WordPress/6.8; https://fileluna.com"
20.171.207.122 - - [17/Apr/2025:05:05:25 -0400] "GET /umzugsunternehmen-in-luneburg-fur-einen-stressfreien-umzug/feed/ HTTP/1.1" 200 420 "-" "Mozilla/5.0 AppleWebKit/537.36 (KHTML, like Gecko; compatible; GPTBot/1.2; +https://openai.com/gptbot)"
198.54.114.83 - - [17/Apr/2025:05:05:28 -0400] "POST /wp-admin/admin-ajax.php?action=async_litespeed&nonce=lrftCAVolwuCMLfhcVJIv2qcgtmjJHAo&litespeed_type=imgoptm HTTP/1.1" 200 0 "-" "WordPress/6.8; https://fileluna.com"
216.244.66.246 - - [17/Apr/2025:05:05:39 -0400] "GET /robots.txt HTTP/1.1" 200 61 "-" "Mozilla/5.0 (compatible; DotBot/1.2; +https://opensiteexplorer.org/dotbot; help@moz.com)"
198.54.114.83 - - [17/Apr/2025:05:06:49 -0400] "POST /wp-cron.php?doing_wp_cron=1744880807.4444448947906494140625 HTTP/1.1" 200 0 "-" "WordPress/6.8; https://fileluna.com"
20.171.207.122 - - [17/Apr/2025:05:06:43 -0400] "GET /xmlrpc.php HTTP/1.1" 405 46 "-" "Mozilla/5.0 AppleWebKit/537.36 (KHTML, like Gecko; compatible; GPTBot/1.2; +https://openai.com/gptbot)"
20.171.207.122 - - [17/Apr/2025:05:07:16 -0400] "GET /arac-aksesuarlari-ile-konfor-ve-estetik-saglama/feed/ HTTP/1.1" 200 425 "-" "Mozilla/5.0 AppleWebKit/537.36 (KHTML, like Gecko; compatible; GPTBot/1.2; +https://openai.com/gptbot)"
20.171.207.122 - - [17/Apr/2025:05:07:44 -0400] "GET /effizienter-umzugsservice-in-luneburg/ HTTP/1.1" 200 12063 "-" "Mozilla/5.0 AppleWebKit/537.36 (KHTML, like Gecko; compatible; GPTBot/1.2; +https://openai.com/gptbot)"
198.54.114.83 - - [17/Apr/2025:05:07:55 -0400] "POST /wp-cron.php?doing_wp_cron=1744880874.8957650661468505859375 HTTP/1.1" 200 0 "-" "WordPress/6.8; https://fileluna.com"
198.54.114.83 - - [17/Apr/2025:05:07:55 -0400] "POST /wp-cron.php?doing_wp_cron=1744880874.8816549777984619140625 HTTP/1.1" 200 0 "-" "WordPress/6.8; https://fileluna.com"
85.215.162.226 - - [17/Apr/2025:05:07:54 -0400] "POST /wp-login.php HTTP/1.1" 200 1883 "-" "Mozilla/5.0"
85.215.162.226 - - [17/Apr/2025:05:07:54 -0400] "POST /wp-login.php HTTP/1.1" 200 1884 "-" "Mozilla/5.0"
198.54.114.83 - - [17/Apr/2025:05:07:56 -0400] "POST /wp-admin/admin-ajax.php?action=async_litespeed&nonce=WAWpwk2Fa9NZ0i0IURRo4Pnl89sbX78t&litespeed_type=imgoptm HTTP/1.1" 200 0 "-" "WordPress/6.8; https://fileluna.com"
20.171.207.122 - - [17/Apr/2025:05:08:14 -0400] "GET /ansan-business-trip-massage/ HTTP/1.1" 200 11422 "-" "Mozilla/5.0 AppleWebKit/537.36 (KHTML, like Gecko; compatible; GPTBot/1.2; +https://openai.com/gptbot)"
198.54.114.83 - - [17/Apr/2025:05:08:44 -0400] "POST /wp-cron.php?doing_wp_cron=1744880923.3353428840637207031250 HTTP/1.1" 200 0 "-" "WordPress/6.8; https://fileluna.com"
20.171.207.122 - - [17/Apr/2025:05:08:42 -0400] "GET /wp-json/wp/v2/posts/1036 HTTP/1.1" 200 5036 "-" "Mozilla/5.0 AppleWebKit/537.36 (KHTML, like Gecko; compatible; GPTBot/1.2; +https://openai.com/gptbot)"
198.54.114.83 - - [17/Apr/2025:05:11:20 -0400] "POST /wp-cron.php?doing_wp_cron=1744881080.5515449047088623046875 HTTP/1.1" 200 0 "-" "WordPress/6.8; https://fileluna.com"
20.171.207.122 - - [17/Apr/2025:05:11:16 -0400] "GET /?p=118 HTTP/1.1" 301 0 "-" "Mozilla/5.0 AppleWebKit/537.36 (KHTML, like Gecko; compatible; GPTBot/1.2; +https://openai.com/gptbot)"
198.54.114.83 - - [17/Apr/2025:05:11:21 -0400] "POST /wp-admin/admin-ajax.php?action=async_litespeed&nonce=WatB1Tw0XTZbxPmj15NSSd832FHrWVpg&litespeed_type=imgoptm HTTP/1.1" 200 5 "-" "WordPress/6.8; https://fileluna.com"
13.201.60.219 - - [17/Apr/2025:05:11:40 -0400] "GET /wp-admin/css/ HTTP/1.1" 403 1242 "binance.com" "Mozilla/5.0 (Windows NT 10.0; Win64; x64) AppleWebKit/537.36 (KHTML, like Gecko) Chrome/90.0.4430.85 Safari/537.36"
20.171.207.122 - - [17/Apr/2025:05:11:53 -0400] "GET /crispy-delight-exploring-the-irresistible-charm-of-vegetable-samosas/feed/ HTTP/1.1" 200 445 "-" "Mozilla/5.0 AppleWebKit/537.36 (KHTML, like Gecko; compatible; GPTBot/1.2; +https://openai.com/gptbot)"
198.54.114.83 - - [17/Apr/2025:05:12:23 -0400] "POST /wp-cron.php?doing_wp_cron=1744881143.0264339447021484375000 HTTP/1.1" 200 0 "-" "WordPress/6.8; https://fileluna.com"
198.54.114.83 - - [17/Apr/2025:05:12:24 -0400] "POST /wp-admin/admin-ajax.php?action=async_litespeed&nonce=K0VWWGdjU5wjpD1FL5QnaQvU7B02mzT1&litespeed_type=imgoptm HTTP/1.1" 200 0 "-" "WordPress/6.8; https://fileluna.com"
20.171.207.122 - - [17/Apr/2025:05:12:22 -0400] "GET /unlocking-success-the-pros-and-cons-of-buying-youtube-views/ HTTP/1.1" 200 12154 "-" "Mozilla/5.0 AppleWebKit/537.36 (KHTML, like Gecko; compatible; GPTBot/1.2; +https://openai.com/gptbot)"
114.119.129.34 - - [17/Apr/2025:05:12:38 -0400] "GET /category/arts-entertainments/page/36/ HTTP/1.1" 200 11444 "https://fileluna.com/category/arts-entertainments/page/34/" "Mozilla/5.0 (Linux; Android 7.0;) AppleWebKit/537.36 (KHTML, like Gecko) Mobile Safari/537.36 (compatible; PetalBot;+https://webmaster.petalsearch.com/site/petalbot)"
20.171.207.122 - - [17/Apr/2025:05:12:56 -0400] "GET /page/50/ HTTP/1.1" 200 13279 "-" "Mozilla/5.0 AppleWebKit/537.36 (KHTML, like Gecko; compatible; GPTBot/1.2; +https://openai.com/gptbot)"
198.54.114.83 - - [17/Apr/2025:05:13:26 -0400] "POST /wp-cron.php?doing_wp_cron=1744881205.6282250881195068359375 HTTP/1.1" 200 0 "-" "WordPress/6.8; https://fileluna.com"
198.54.114.83 - - [17/Apr/2025:05:13:26 -0400] "POST /wp-admin/admin-ajax.php?action=async_litespeed&nonce=HO2CJWXlQ9MpTbYQKeOoVYzJc2K5QjUt&litespeed_type=imgoptm HTTP/1.1" 200 0 "-" "WordPress/6.8; https://fileluna.com"
20.171.207.122 - - [17/Apr/2025:05:13:25 -0400] "GET /page/48/ HTTP/1.1" 200 13248 "-" "Mozilla/5.0 AppleWebKit/537.36 (KHTML, like Gecko; compatible; GPTBot/1.2; +https://openai.com/gptbot)"
20.171.207.122 - - [17/Apr/2025:05:13:58 -0400] "GET /page/52/ HTTP/1.1" 200 13323 "-" "Mozilla/5.0 AppleWebKit/537.36 (KHTML, like Gecko; compatible; GPTBot/1.2; +https://openai.com/gptbot)"
198.54.114.83 - - [17/Apr/2025:05:14:29 -0400] "POST /wp-cron.php?doing_wp_cron=1744881269.3407649993896484375000 HTTP/1.1" 200 0 "-" "WordPress/6.8; https://fileluna.com"
20.171.207.122 - - [17/Apr/2025:05:14:29 -0400] "GET /page/49/ HTTP/1.1" 200 13193 "-" "Mozilla/5.0 AppleWebKit/537.36 (KHTML, like Gecko; compatible; GPTBot/1.2; +https://openai.com/gptbot)"
198.54.114.83 - - [17/Apr/2025:05:14:30 -0400] "POST /wp-admin/admin-ajax.php?action=async_litespeed&nonce=04OLOMBI8IhvmcAiPAHWXeinxmsa1F9g&litespeed_type=imgoptm HTTP/1.1" 200 0 "-" "WordPress/6.8; https://fileluna.com"
198.54.114.83 - - [17/Apr/2025:05:15:44 -0400] "POST /wp-cron.php?doing_wp_cron=1744881343.4899950027465820312500 HTTP/1.1" 200 0 "-" "WordPress/6.8; https://fileluna.com"
20.171.207.122 - - [17/Apr/2025:05:15:42 -0400] "GET /?p=1034 HTTP/1.1" 301 0 "-" "Mozilla/5.0 AppleWebKit/537.36 (KHTML, like Gecko; compatible; GPTBot/1.2; +https://openai.com/gptbot)"
198.54.114.83 - - [17/Apr/2025:05:15:45 -0400] "POST /wp-admin/admin-ajax.php?action=async_litespeed&nonce=gbrDXCEHiPvvIajkEKM9yNg17lCfZAZO&litespeed_type=imgoptm HTTP/1.1" 200 0 "-" "WordPress/6.8; https://fileluna.com"
20.171.207.122 - - [17/Apr/2025:05:16:13 -0400] "GET /?p=978 HTTP/1.1" 301 0 "-" "Mozilla/5.0 AppleWebKit/537.36 (KHTML, like Gecko; compatible; GPTBot/1.2; +https://openai.com/gptbot)"
198.54.114.83 - - [17/Apr/2025:05:16:44 -0400] "POST /wp-cron.php?doing_wp_cron=1744881403.5869801044464111328125 HTTP/1.1" 200 0 "-" "WordPress/6.8; https://fileluna.com"
20.171.207.122 - - [17/Apr/2025:05:16:42 -0400] "GET /gift-certificates-for-small-payments-a-convenient-solution/ HTTP/1.1" 200 11831 "-" "Mozilla/5.0 AppleWebKit/537.36 (KHTML, like Gecko; compatible; GPTBot/1.2; +https://openai.com/gptbot)"
20.171.207.122 - - [17/Apr/2025:05:17:22 -0400] "GET /effiziente-haushaltsauflosungen-in-luneburg-3/ HTTP/1.1" 200 12245 "-" "Mozilla/5.0 AppleWebKit/537.36 (KHTML, like Gecko; compatible; GPTBot/1.2; +https://openai.com/gptbot)"
20.171.207.122 - - [17/Apr/2025:05:18:02 -0400] "GET /xmlrpc.php HTTP/1.1" 405 46 "-" "Mozilla/5.0 AppleWebKit/537.36 (KHTML, like Gecko; compatible; GPTBot/1.2; +https://openai.com/gptbot)"
198.54.114.83 - - [17/Apr/2025:05:18:05 -0400] "POST /wp-cron.php?doing_wp_cron=1744881484.2207500934600830078125 HTTP/1.1" 200 0 "-" "WordPress/6.8; https://fileluna.com"
85.215.162.226 - - [17/Apr/2025:05:18:42 -0400] "POST /wp-login.php HTTP/1.1" 200 1884 "-" "Mozilla/5.0"
85.215.162.226 - - [17/Apr/2025:05:18:42 -0400] "POST /wp-login.php HTTP/1.1" 200 1883 "-" "Mozilla/5.0"
198.54.114.83 - - [17/Apr/2025:05:20:25 -0400] "POST /wp-cron.php?doing_wp_cron=1744881625.4586160182952880859375 HTTP/1.1" 200 0 "-" "WordPress/6.8; https://fileluna.com"
198.54.114.83 - - [17/Apr/2025:05:20:28 -0400] "POST /wp-admin/admin-ajax.php?action=async_litespeed&nonce=YwiPf9MRbO0DziuLx3nzL3eqvtmhjEY2&litespeed_type=imgoptm HTTP/1.1" 200 0 "-" "WordPress/6.8; https://fileluna.com"
20.171.207.122 - - [17/Apr/2025:05:20:20 -0400] "GET /?p=120 HTTP/1.1" 301 0 "-" "Mozilla/5.0 AppleWebKit/537.36 (KHTML, like Gecko; compatible; GPTBot/1.2; +https://openai.com/gptbot)"
37.46.117.90 - - [17/Apr/2025:05:20:50 -0400] "GET /wp-login.php HTTP/1.1" 200 1760 "https://fileluna.com" "Mozilla/5.0 (Windows NT 10.0; rv:78.0) Gecko/20100101 Firefox/78.0"
37.46.117.90 - - [17/Apr/2025:05:20:54 -0400] "POST /wp-login.php?wpe-login=true&hide_my_wp=1&hmwp_do=login&login=1 HTTP/1.1" 200 1897 "https://fileluna.com" "Mozilla/5.0 (Windows NT 10.0; rv:78.0) Gecko/20100101 Firefox/78.0"
20.171.207.122 - - [17/Apr/2025:05:21:08 -0400] "GET /wp-json/wp/v2/posts/120 HTTP/1.1" 200 4343 "-" "Mozilla/5.0 AppleWebKit/537.36 (KHTML, like Gecko; compatible; GPTBot/1.2; +https://openai.com/gptbot)"
198.54.114.83 - - [17/Apr/2025:05:21:45 -0400] "POST /wp-cron.php?doing_wp_cron=1744881704.4932389259338378906250 HTTP/1.1" 200 0 "-" "WordPress/6.8; https://fileluna.com"
198.54.114.83 - - [17/Apr/2025:05:21:46 -0400] "POST /wp-admin/admin-ajax.php?action=async_litespeed&nonce=eCZkP3Hwl0DKwfdA5w94v9c2DVqj9SAT&litespeed_type=imgoptm HTTP/1.1" 200 0 "-" "WordPress/6.8; https://fileluna.com"
20.171.207.122 - - [17/Apr/2025:05:21:43 -0400] "GET /revolutionizing-piping-solutions-the-journey-of-a-leading-pert-pipe-manufacturer/ HTTP/1.1" 200 12273 "-" "Mozilla/5.0 AppleWebKit/537.36 (KHTML, like Gecko; compatible; GPTBot/1.2; +https://openai.com/gptbot)"
198.54.114.83 - - [17/Apr/2025:05:22:31 -0400] "POST /wp-cron.php?doing_wp_cron=1744881749.9385221004486083984375 HTTP/1.1" 200 0 "-" "WordPress/6.8; https://fileluna.com"
20.171.207.122 - - [17/Apr/2025:05:22:29 -0400] "GET /the-allure-of-spider-gwen-unveiling-the-appeal-of-the-sweatshirt/ HTTP/1.1" 200 12128 "-" "Mozilla/5.0 AppleWebKit/537.36 (KHTML, like Gecko; compatible; GPTBot/1.2; +https://openai.com/gptbot)"
20.171.207.122 - - [17/Apr/2025:05:23:09 -0400] "GET /liberez-vous-du-stress-avec-la-balle-anti-stress-personnalisable/ HTTP/1.1" 200 11903 "-" "Mozilla/5.0 AppleWebKit/537.36 (KHTML, like Gecko; compatible; GPTBot/1.2; +https://openai.com/gptbot)"
198.54.114.83 - - [17/Apr/2025:05:23:43 -0400] "POST /wp-cron.php?doing_wp_cron=1744881822.3366279602050781250000 HTTP/1.1" 200 0 "-" "WordPress/6.8; https://fileluna.com"
20.171.207.122 - - [17/Apr/2025:05:23:42 -0400] "GET /unlocking-success-the-pros-and-cons-of-buying-youtube-views/feed/ HTTP/1.1" 200 452 "-" "Mozilla/5.0 AppleWebKit/537.36 (KHTML, like Gecko; compatible; GPTBot/1.2; +https://openai.com/gptbot)"
198.54.114.83 - - [17/Apr/2025:05:23:44 -0400] "POST /wp-admin/admin-ajax.php?action=async_litespeed&nonce=SAa0dmyvUBo36P6jAnIDbX1Mhem7Itj7&litespeed_type=imgoptm HTTP/1.1" 200 5 "-" "WordPress/6.8; https://fileluna.com"
198.54.114.83 - - [17/Apr/2025:05:24:19 -0400] "POST /wp-cron.php?doing_wp_cron=1744881858.6538898944854736328125 HTTP/1.1" 200 0 "-" "WordPress/6.8; https://fileluna.com"
20.171.207.122 - - [17/Apr/2025:05:24:18 -0400] "GET /?p=1032 HTTP/1.1" 301 0 "-" "Mozilla/5.0 AppleWebKit/537.36 (KHTML, like Gecko; compatible; GPTBot/1.2; +https://openai.com/gptbot)"
198.54.114.83 - - [17/Apr/2025:05:24:19 -0400] "POST /wp-admin/admin-ajax.php?action=async_litespeed&nonce=EVeKdxvJaK3sG3UkpCjf1Zl8jebCvAWc&litespeed_type=imgoptm HTTP/1.1" 200 5 "-" "WordPress/6.8; https://fileluna.com"
20.171.207.122 - - [17/Apr/2025:05:24:21 -0400] "GET /unlocking-wellness-the-transformative-power-of-body-care-chiropractic/ HTTP/1.1" 200 12073 "-" "Mozilla/5.0 AppleWebKit/537.36 (KHTML, like Gecko; compatible; GPTBot/1.2; +https://openai.com/gptbot)"
20.171.207.122 - - [17/Apr/2025:05:24:50 -0400] "GET /wp-json/oembed/1.0/embed?url=https%3A%2F%2Ffileluna.com%2Feffiziente-haushaltsauflosungen-in-luneburg-3%2F HTTP/1.1" 200 2304 "-" "Mozilla/5.0 AppleWebKit/537.36 (KHTML, like Gecko; compatible; GPTBot/1.2; +https://openai.com/gptbot)"
198.54.114.83 - - [17/Apr/2025:05:25:30 -0400] "POST /wp-cron.php?doing_wp_cron=1744881929.5947549343109130859375 HTTP/1.1" 200 0 "-" "WordPress/6.8; https://fileluna.com"
20.171.207.122 - - [17/Apr/2025:05:25:29 -0400] "GET /wp-json/wp/v2/posts/1032 HTTP/1.1" 200 4832 "-" "Mozilla/5.0 AppleWebKit/537.36 (KHTML, like Gecko; compatible; GPTBot/1.2; +https://openai.com/gptbot)"
198.54.114.83 - - [17/Apr/2025:05:25:31 -0400] "POST /wp-admin/admin-ajax.php?action=async_litespeed&nonce=MznNlk9IY2WIsXjh6W13JPecwtRkowpE&litespeed_type=imgoptm HTTP/1.1" 200 0 "-" "WordPress/6.8; https://fileluna.com"
20.171.207.122 - - [17/Apr/2025:05:25:59 -0400] "GET /effiziente-haushaltsauflosungen-in-luneburg-3/feed/ HTTP/1.1" 200 410 "-" "Mozilla/5.0 AppleWebKit/537.36 (KHTML, like Gecko; compatible; GPTBot/1.2; +https://openai.com/gptbot)"
198.54.114.83 - - [17/Apr/2025:05:26:37 -0400] "POST /wp-cron.php?doing_wp_cron=1744881996.9051749706268310546875 HTTP/1.1" 200 0 "-" "WordPress/6.8; https://fileluna.com"
20.171.207.122 - - [17/Apr/2025:05:26:36 -0400] "GET /wp-json/oembed/1.0/embed?format=xml&url=https%3A%2F%2Ffileluna.com%2Feffiziente-haushaltsauflosungen-in-luneburg-3%2F HTTP/1.1" 200 1103 "-" "Mozilla/5.0 AppleWebKit/537.36 (KHTML, like Gecko; compatible; GPTBot/1.2; +https://openai.com/gptbot)"
198.54.114.83 - - [17/Apr/2025:05:26:38 -0400] "POST /wp-admin/admin-ajax.php?action=async_litespeed&nonce=oIqkdv706cPD2qxNerNQmkEBOJpkcz4r&litespeed_type=imgoptm HTTP/1.1" 200 0 "-" "WordPress/6.8; https://fileluna.com"
198.54.114.83 - - [17/Apr/2025:05:28:20 -0400] "POST /wp-cron.php?doing_wp_cron=1744882100.2108089923858642578125 HTTP/1.1" 200 0 "-" "WordPress/6.8; https://fileluna.com"
198.54.114.83 - - [17/Apr/2025:05:28:20 -0400] "POST /wp-cron.php?doing_wp_cron=1744882100.2102949619293212890625 HTTP/1.1" 200 0 "-" "WordPress/6.8; https://fileluna.com"
20.171.207.122 - - [17/Apr/2025:05:28:16 -0400] "GET /?p=146 HTTP/1.1" 301 0 "-" "Mozilla/5.0 AppleWebKit/537.36 (KHTML, like Gecko; compatible; GPTBot/1.2; +https://openai.com/gptbot)"
198.54.114.83 - - [17/Apr/2025:05:28:21 -0400] "POST /wp-admin/admin-ajax.php?action=async_litespeed&nonce=CwXpMYvXTTmfIz5EobbB80aqeK5Th0jy&litespeed_type=imgoptm HTTP/1.1" 200 0 "-" "WordPress/6.8; https://fileluna.com"
114.119.132.163 - - [17/Apr/2025:05:28:18 -0400] "GET /revolutionizing-convenience-instant-hot-and-cold-water-taps/ HTTP/1.1" 200 12081 "https://fileluna.com/author/admin/page/36/" "Mozilla/5.0 (Linux; Android 7.0;) AppleWebKit/537.36 (KHTML, like Gecko) Mobile Safari/537.36 (compatible; PetalBot;+https://webmaster.petalsearch.com/site/petalbot)"
20.171.207.122 - - [17/Apr/2025:05:28:56 -0400] "GET /?p=144 HTTP/1.1" 301 0 "-" "Mozilla/5.0 AppleWebKit/537.36 (KHTML, like Gecko; compatible; GPTBot/1.2; +https://openai.com/gptbot)"
198.54.114.83 - - [17/Apr/2025:05:29:25 -0400] "POST /wp-cron.php?doing_wp_cron=1744882165.2331449985504150390625 HTTP/1.1" 200 0 "-" "WordPress/6.8; https://fileluna.com"
20.171.207.122 - - [17/Apr/2025:05:29:24 -0400] "GET /?p=980 HTTP/1.1" 301 0 "-" "Mozilla/5.0 AppleWebKit/537.36 (KHTML, like Gecko; compatible; GPTBot/1.2; +https://openai.com/gptbot)"
198.54.114.83 - - [17/Apr/2025:05:29:26 -0400] "POST /wp-admin/admin-ajax.php?action=async_litespeed&nonce=YWL4ptUUBw0D8iERZczR6i87PkxsSI5L&litespeed_type=imgoptm HTTP/1.1" 200 5 "-" "WordPress/6.8; https://fileluna.com"
85.215.162.226 - - [17/Apr/2025:05:29:28 -0400] "POST /wp-login.php HTTP/1.1" 200 1883 "-" "Mozilla/5.0"
85.215.162.226 - - [17/Apr/2025:05:29:28 -0400] "POST /wp-login.php HTTP/1.1" 200 1884 "-" "Mozilla/5.0"
114.119.132.163 - - [17/Apr/2025:05:29:45 -0400] "GET /mastering-zhu-yuan-skill-priority-guide/ HTTP/1.1" 200 12131 "https://fileluna.com/la-magia-delle-carte-di-magic-the-gathering/" "Mozilla/5.0 (Linux; Android 7.0;) AppleWebKit/537.36 (KHTML, like Gecko) Mobile Safari/537.36 (compatible; PetalBot;+https://webmaster.petalsearch.com/site/petalbot)"
20.171.207.122 - - [17/Apr/2025:05:30:13 -0400] "GET /?p=151 HTTP/1.1" 301 0 "-" "Mozilla/5.0 AppleWebKit/537.36 (KHTML, like Gecko; compatible; GPTBot/1.2; +https://openai.com/gptbot)"
198.54.114.83 - - [17/Apr/2025:05:30:52 -0400] "POST /wp-cron.php?doing_wp_cron=1744882250.3054330348968505859375 HTTP/1.1" 200 0 "-" "WordPress/6.8; https://fileluna.com"
20.171.207.122 - - [17/Apr/2025:05:30:49 -0400] "GET /?p=125 HTTP/1.1" 301 0 "-" "Mozilla/5.0 AppleWebKit/537.36 (KHTML, like Gecko; compatible; GPTBot/1.2; +https://openai.com/gptbot)"
114.119.129.198 - - [17/Apr/2025:05:31:15 -0400] "GET /make-a-great-career-in-the-hospitality-industry-with-the-online-hospitality-courses/ HTTP/1.1" 200 12409 "https://fileluna.com/the-evolution-and-impact-of-online-betting-a-comprehensive-overview/" "Mozilla/5.0 (Linux; Android 7.0;) AppleWebKit/537.36 (KHTML, like Gecko) Mobile Safari/537.36 (compatible; PetalBot;+https://webmaster.petalsearch.com/site/petalbot)"
20.171.207.122 - - [17/Apr/2025:05:31:31 -0400] "GET /revolutionizing-piping-solutions-the-journey-of-a-leading-pert-pipe-manufacturer/feed/ HTTP/1.1" 200 444 "-" "Mozilla/5.0 AppleWebKit/537.36 (KHTML, like Gecko; compatible; GPTBot/1.2; +https://openai.com/gptbot)"
175.196.43.235 - - [17/Apr/2025:05:32:41 -0400] "GET /favicon.ico HTTP/1.1" 404 1251 "https://blog.skbroadband.com/" "Mozilla/5.0 (Macintosh; Intel Mac OS X 10_15_7) AppleWebKit/605.1.15 (KHTML, like Gecko) Version/18.1 Safari/605.1.15"
175.196.43.235 - - [17/Apr/2025:05:32:46 -0400] "GET /favicon.ico HTTP/1.1" 404 1251 "https://blog.skbroadband.com/" "Mozilla/5.0 (Macintosh; Intel Mac OS X 10_15_7) AppleWebKit/605.1.15 (KHTML, like Gecko) Version/18.1 Safari/605.1.15"
20.171.207.122 - - [17/Apr/2025:05:32:47 -0400] "GET /unlocking-wellness-the-transformative-power-of-body-care-chiropractic/feed/ HTTP/1.1" 200 450 "-" "Mozilla/5.0 AppleWebKit/537.36 (KHTML, like Gecko; compatible; GPTBot/1.2; +https://openai.com/gptbot)"
114.119.132.228 - - [17/Apr/2025:05:32:46 -0400] "GET /ihr-ansprechpartner-fur-bauexpertise-in-hamburg/ HTTP/1.1" 200 11853 "https://fileluna.com/page/31/" "Mozilla/5.0 (Linux; Android 7.0;) AppleWebKit/537.36 (KHTML, like Gecko) Mobile Safari/537.36 (compatible; PetalBot;+https://webmaster.petalsearch.com/site/petalbot)"
198.54.114.83 - - [17/Apr/2025:05:32:49 -0400] "POST /wp-cron.php?doing_wp_cron=1744882367.0964748859405517578125 HTTP/1.1" 200 0 "-" "WordPress/6.8; https://fileluna.com"
20.171.207.122 - - [17/Apr/2025:05:33:38 -0400] "GET /the-allure-of-spider-gwen-unveiling-the-appeal-of-the-sweatshirt/feed/ HTTP/1.1" 200 432 "-" "Mozilla/5.0 AppleWebKit/537.36 (KHTML, like Gecko; compatible; GPTBot/1.2; +https://openai.com/gptbot)"
198.54.114.83 - - [17/Apr/2025:05:34:12 -0400] "POST /wp-cron.php?doing_wp_cron=1744882451.3180499076843261718750 HTTP/1.1" 200 0 "-" "WordPress/6.8; https://fileluna.com"
114.119.154.229 - - [17/Apr/2025:05:34:10 -0400] "GET /2024/10/page/5/ HTTP/1.1" 200 11395 "https://fileluna.com/2024/10/page/4/" "Mozilla/5.0 (Linux; Android 7.0;) AppleWebKit/537.36 (KHTML, like Gecko) Mobile Safari/537.36 (compatible; PetalBot;+https://webmaster.petalsearch.com/site/petalbot)"
198.54.114.83 - - [17/Apr/2025:05:34:13 -0400] "POST /wp-admin/admin-ajax.php?action=async_litespeed&nonce=T1dgmtlFNchXHTYAIZpvO6hcXgfKHqm7&litespeed_type=imgoptm HTTP/1.1" 200 0 "-" "WordPress/6.8; https://fileluna.com"
198.54.114.83 - - [17/Apr/2025:05:34:44 -0400] "POST /wp-cron.php?doing_wp_cron=1744882483.6042189598083496093750 HTTP/1.1" 200 0 "-" "WordPress/6.8; https://fileluna.com"
20.171.207.122 - - [17/Apr/2025:05:34:43 -0400] "GET /liberez-vous-du-stress-avec-la-balle-anti-stress-personnalisable/feed/ HTTP/1.1" 200 447 "-" "Mozilla/5.0 AppleWebKit/537.36 (KHTML, like Gecko; compatible; GPTBot/1.2; +https://openai.com/gptbot)"
198.54.114.83 - - [17/Apr/2025:05:34:45 -0400] "POST /wp-admin/admin-ajax.php?action=async_litespeed&nonce=5ZtE3fncBJKQwsBlq4JS8p6hfmlCiSBy&litespeed_type=imgoptm HTTP/1.1" 200 0 "-" "WordPress/6.8; https://fileluna.com"
198.54.114.83 - - [17/Apr/2025:05:35:50 -0400] "POST /wp-cron.php?doing_wp_cron=1744882549.7166559696197509765625 HTTP/1.1" 200 0 "-" "WordPress/6.8; https://fileluna.com"
20.171.207.122 - - [17/Apr/2025:05:35:49 -0400] "GET /gift-certificates-for-small-payments-a-convenient-solution/feed/ HTTP/1.1" 200 423 "-" "Mozilla/5.0 AppleWebKit/537.36 (KHTML, like Gecko; compatible; GPTBot/1.2; +https://openai.com/gptbot)"
20.171.207.122 - - [17/Apr/2025:05:36:34 -0400] "GET /personalized-comfort-the-allure-of-socks-with-name-embroidered/ HTTP/1.1" 200 12008 "-" "Mozilla/5.0 AppleWebKit/537.36 (KHTML, like Gecko; compatible; GPTBot/1.2; +https://openai.com/gptbot)"
20.171.207.122 - - [17/Apr/2025:05:36:34 -0400] "GET /clearing-the-air-effective-smoke-damage-cleaning-techniques/ HTTP/1.1" 200 11999 "-" "Mozilla/5.0 AppleWebKit/537.36 (KHTML, like Gecko; compatible; GPTBot/1.2; +https://openai.com/gptbot)"
20.171.207.122 - - [17/Apr/2025:05:37:45 -0400] "GET /the-importance-of-aba-therapy-for-children-in-dubai/ HTTP/1.1" 200 12487 "-" "Mozilla/5.0 AppleWebKit/537.36 (KHTML, like Gecko; compatible; GPTBot/1.2; +https://openai.com/gptbot)"
20.171.207.122 - - [17/Apr/2025:05:37:45 -0400] "GET /exploring-the-hidden-treasures-of-junk-yard-fort-myers/ HTTP/1.1" 200 12282 "-" "Mozilla/5.0 AppleWebKit/537.36 (KHTML, like Gecko; compatible; GPTBot/1.2; +https://openai.com/gptbot)"
198.54.114.83 - - [17/Apr/2025:05:37:47 -0400] "POST /wp-cron.php?doing_wp_cron=1744882665.8299949169158935546875 HTTP/1.1" 200 0 "-" "WordPress/6.8; https://fileluna.com"
103.188.82.198 - - [17/Apr/2025:05:38:12 -0400] "POST /xmlrpc.php HTTP/1.1" 200 205 "-" "Mozilla/5.0 (X11; Gentoo; Linux x86_64; rv:91.0) Gecko/20100101 Firefox/91.0"
