114.119.154.229 - - [17/Apr/2025:01:47:17 -0400] "GET /2024/08/page/2/ HTTP/1.1" 200 11472 "https://fileluna.com/2024/08/" "Mozilla/5.0 (Linux; Android 7.0;) AppleWebKit/537.36 (KHTML, like Gecko) Mobile Safari/537.36 (compatible; PetalBot;+https://webmaster.petalsearch.com/site/petalbot)"
20.171.207.122 - - [17/Apr/2025:01:47:35 -0400] "GET /wp-json/wp/v2/posts/1155 HTTP/1.1" 200 4476 "-" "Mozilla/5.0 AppleWebKit/537.36 (KHTML, like Gecko; compatible; GPTBot/1.2; +https://openai.com/gptbot)"
20.171.207.122 - - [17/Apr/2025:01:48:02 -0400] "GET /wp-json/wp/v2/posts/1168 HTTP/1.1" 200 5806 "-" "Mozilla/5.0 AppleWebKit/537.36 (KHTML, like Gecko; compatible; GPTBot/1.2; +https://openai.com/gptbot)"
20.171.207.122 - - [17/Apr/2025:01:48:43 -0400] "GET /?p=942 HTTP/1.1" 301 0 "-" "Mozilla/5.0 AppleWebKit/537.36 (KHTML, like Gecko; compatible; GPTBot/1.2; +https://openai.com/gptbot)"
20.171.207.122 - - [17/Apr/2025:01:49:12 -0400] "GET /?p=1077 HTTP/1.1" 301 0 "-" "Mozilla/5.0 AppleWebKit/537.36 (KHTML, like Gecko; compatible; GPTBot/1.2; +https://openai.com/gptbot)"
20.171.207.122 - - [17/Apr/2025:01:49:37 -0400] "GET /unlock-the-best-deals-with-culture-gift-certificate-discount/feed/ HTTP/1.1" 200 432 "-" "Mozilla/5.0 AppleWebKit/537.36 (KHTML, like Gecko; compatible; GPTBot/1.2; +https://openai.com/gptbot)"
20.171.207.122 - - [17/Apr/2025:01:50:16 -0400] "GET /maximizing-efficiency-through-outsourced-ict-solutions/feed/ HTTP/1.1" 200 419 "-" "Mozilla/5.0 AppleWebKit/537.36 (KHTML, like Gecko; compatible; GPTBot/1.2; +https://openai.com/gptbot)"
198.54.114.83 - - [17/Apr/2025:01:50:30 -0400] "POST /wp-cron.php?doing_wp_cron=1744869022.6243970394134521484375 HTTP/1.1" 200 0 "-" "WordPress/6.8; https://fileluna.com"
43.130.67.33 - - [17/Apr/2025:01:50:31 -0400] "GET /category/family-relationship/feed/ HTTP/1.1" 200 451 "-" "Mozilla/5.0 (iPhone; CPU iPhone OS 13_2_3 like Mac OS X) AppleWebKit/605.1.15 (KHTML, like Gecko) Version/13.0.3 Mobile/15E148 Safari/604.1"
85.215.162.226 - - [17/Apr/2025:01:53:01 -0400] "POST /wp-login.php HTTP/1.1" 200 1883 "-" "Mozilla/5.0"
85.215.162.226 - - [17/Apr/2025:01:53:01 -0400] "POST /wp-login.php HTTP/1.1" 200 1884 "-" "Mozilla/5.0"
198.54.114.83 - - [17/Apr/2025:01:53:05 -0400] "POST /wp-cron.php?doing_wp_cron=1744869184.3159680366516113281250 HTTP/1.1" 200 0 "-" "WordPress/6.8; https://fileluna.com"
198.54.114.83 - - [17/Apr/2025:01:53:06 -0400] "POST /wp-cron.php?doing_wp_cron=1744869184.3165459632873535156250 HTTP/1.1" 200 0 "-" "WordPress/6.8; https://fileluna.com"
198.54.114.83 - - [17/Apr/2025:01:53:06 -0400] "POST /wp-cron.php?doing_wp_cron=1744869184.3390769958496093750000 HTTP/1.1" 200 0 "-" "WordPress/6.8; https://fileluna.com"
20.171.207.122 - - [17/Apr/2025:01:53:04 -0400] "GET /exploring-the-worlds-of-online-casinos/ HTTP/1.1" 200 11948 "-" "Mozilla/5.0 AppleWebKit/537.36 (KHTML, like Gecko; compatible; GPTBot/1.2; +https://openai.com/gptbot)"
20.171.207.122 - - [17/Apr/2025:01:53:26 -0400] "GET /maximizing-savings-with-culture-gift-certificate-discount/ HTTP/1.1" 200 12069 "-" "Mozilla/5.0 AppleWebKit/537.36 (KHTML, like Gecko; compatible; GPTBot/1.2; +https://openai.com/gptbot)"
20.171.207.122 - - [17/Apr/2025:01:53:48 -0400] "GET /xmlrpc.php HTTP/1.1" 405 46 "-" "Mozilla/5.0 AppleWebKit/537.36 (KHTML, like Gecko; compatible; GPTBot/1.2; +https://openai.com/gptbot)"
20.171.207.122 - - [17/Apr/2025:01:54:10 -0400] "GET /wp-json/wp/v2/posts/1077 HTTP/1.1" 200 4642 "-" "Mozilla/5.0 AppleWebKit/537.36 (KHTML, like Gecko; compatible; GPTBot/1.2; +https://openai.com/gptbot)"
198.54.114.83 - - [17/Apr/2025:01:54:13 -0400] "POST /wp-cron.php?doing_wp_cron=1744869251.0388998985290527343750 HTTP/1.1" 200 0 "-" "WordPress/6.8; https://fileluna.com"
20.171.207.122 - - [17/Apr/2025:01:54:32 -0400] "GET /wp-json/wp/v2/posts/1090 HTTP/1.1" 200 5336 "-" "Mozilla/5.0 AppleWebKit/537.36 (KHTML, like Gecko; compatible; GPTBot/1.2; +https://openai.com/gptbot)"
20.171.207.122 - - [17/Apr/2025:01:54:53 -0400] "GET /wp-json/wp/v2/posts/1109 HTTP/1.1" 200 5225 "-" "Mozilla/5.0 AppleWebKit/537.36 (KHTML, like Gecko; compatible; GPTBot/1.2; +https://openai.com/gptbot)"
20.171.207.122 - - [17/Apr/2025:01:55:15 -0400] "GET /wp-json/wp/v2/posts/1137 HTTP/1.1" 200 5235 "-" "Mozilla/5.0 AppleWebKit/537.36 (KHTML, like Gecko; compatible; GPTBot/1.2; +https://openai.com/gptbot)"
198.54.114.83 - - [17/Apr/2025:01:55:19 -0400] "POST /wp-cron.php?doing_wp_cron=1744869316.0505199432373046875000 HTTP/1.1" 200 0 "-" "WordPress/6.8; https://fileluna.com"
198.54.114.83 - - [17/Apr/2025:01:57:19 -0400] "POST /wp-cron.php?doing_wp_cron=1744869437.9042890071868896484375 HTTP/1.1" 200 0 "-" "WordPress/6.8; https://fileluna.com"
20.171.207.122 - - [17/Apr/2025:01:57:13 -0400] "GET /?p=1074 HTTP/1.1" 301 0 "-" "Mozilla/5.0 AppleWebKit/537.36 (KHTML, like Gecko; compatible; GPTBot/1.2; +https://openai.com/gptbot)"
198.54.114.83 - - [17/Apr/2025:01:57:21 -0400] "POST /wp-admin/admin-ajax.php?action=async_litespeed&nonce=DZQt73Xf8AvbEXZLWFeMXOI1VC6FAV2e&litespeed_type=imgoptm HTTP/1.1" 200 0 "-" "WordPress/6.8; https://fileluna.com"
43.153.19.83 - - [17/Apr/2025:01:57:38 -0400] "GET /the-ultimate-business-trip-massage-experience-for-success/ HTTP/1.1" 200 12479 "-" "Mozilla/5.0 (iPhone; CPU iPhone OS 13_2_3 like Mac OS X) AppleWebKit/605.1.15 (KHTML, like Gecko) Version/13.0.3 Mobile/15E148 Safari/604.1"
20.171.207.122 - - [17/Apr/2025:01:57:41 -0400] "GET /?p=944 HTTP/1.1" 301 0 "-" "Mozilla/5.0 AppleWebKit/537.36 (KHTML, like Gecko; compatible; GPTBot/1.2; +https://openai.com/gptbot)"
20.171.207.122 - - [17/Apr/2025:01:58:05 -0400] "GET /maximizing-savings-with-culture-gift-certificate-discount/feed/ HTTP/1.1" 200 417 "-" "Mozilla/5.0 AppleWebKit/537.36 (KHTML, like Gecko; compatible; GPTBot/1.2; +https://openai.com/gptbot)"
20.171.207.122 - - [17/Apr/2025:01:58:27 -0400] "GET /exploring-the-worlds-of-online-casinos/feed/ HTTP/1.1" 200 398 "-" "Mozilla/5.0 AppleWebKit/537.36 (KHTML, like Gecko; compatible; GPTBot/1.2; +https://openai.com/gptbot)"
198.54.114.83 - - [17/Apr/2025:01:58:29 -0400] "POST /wp-cron.php?doing_wp_cron=1744869507.2898669242858886718750 HTTP/1.1" 200 0 "-" "WordPress/6.8; https://fileluna.com"
20.171.207.122 - - [17/Apr/2025:01:58:49 -0400] "GET /exploring-the-world-of-virtual-gambling/ HTTP/1.1" 200 11900 "-" "Mozilla/5.0 AppleWebKit/537.36 (KHTML, like Gecko; compatible; GPTBot/1.2; +https://openai.com/gptbot)"
20.171.207.122 - - [17/Apr/2025:01:59:10 -0400] "GET /gift-certificate-cashing/ HTTP/1.1" 200 11287 "-" "Mozilla/5.0 AppleWebKit/537.36 (KHTML, like Gecko; compatible; GPTBot/1.2; +https://openai.com/gptbot)"
198.54.114.83 - - [17/Apr/2025:02:01:35 -0400] "POST /wp-cron.php?doing_wp_cron=1744869694.3434998989105224609375 HTTP/1.1" 200 0 "-" "WordPress/6.8; https://fileluna.com"
20.171.207.122 - - [17/Apr/2025:02:01:29 -0400] "GET /wp-json/wp/v2/posts/1111 HTTP/1.1" 200 4558 "-" "Mozilla/5.0 AppleWebKit/537.36 (KHTML, like Gecko; compatible; GPTBot/1.2; +https://openai.com/gptbot)"
20.171.207.122 - - [17/Apr/2025:02:01:56 -0400] "GET /wp-json/wp/v2/posts/1074 HTTP/1.1" 200 4075 "-" "Mozilla/5.0 AppleWebKit/537.36 (KHTML, like Gecko; compatible; GPTBot/1.2; +https://openai.com/gptbot)"
20.171.207.122 - - [17/Apr/2025:02:02:18 -0400] "GET /wp-json/wp/v2/posts/1082 HTTP/1.1" 200 4465 "-" "Mozilla/5.0 AppleWebKit/537.36 (KHTML, like Gecko; compatible; GPTBot/1.2; +https://openai.com/gptbot)"
216.244.66.246 - - [17/Apr/2025:02:02:21 -0400] "GET /robots.txt HTTP/1.1" 304 0 "-" "Mozilla/5.0 (compatible; DotBot/1.2; +https://opensiteexplorer.org/dotbot; help@moz.com)"
198.54.114.83 - - [17/Apr/2025:02:02:41 -0400] "POST /wp-cron.php?doing_wp_cron=1744869759.8917210102081298828125 HTTP/1.1" 200 0 "-" "WordPress/6.8; https://fileluna.com"
20.171.207.122 - - [17/Apr/2025:02:02:39 -0400] "GET /wp-json/wp/v2/posts/1094 HTTP/1.1" 200 4298 "-" "Mozilla/5.0 AppleWebKit/537.36 (KHTML, like Gecko; compatible; GPTBot/1.2; +https://openai.com/gptbot)"
198.54.114.83 - - [17/Apr/2025:02:02:42 -0400] "POST /wp-admin/admin-ajax.php?action=async_litespeed&nonce=TsNbRLDnNUHTP7geHOgNZvkbsjnGfNOv&litespeed_type=imgoptm HTTP/1.1" 200 0 "-" "WordPress/6.8; https://fileluna.com"
20.171.207.122 - - [17/Apr/2025:02:03:01 -0400] "GET /wp-json/wp/v2/posts/1076 HTTP/1.1" 200 5409 "-" "Mozilla/5.0 AppleWebKit/537.36 (KHTML, like Gecko; compatible; GPTBot/1.2; +https://openai.com/gptbot)"
20.171.207.122 - - [17/Apr/2025:02:03:26 -0400] "GET /wp-json/wp/v2/posts/1085 HTTP/1.1" 200 4616 "-" "Mozilla/5.0 AppleWebKit/537.36 (KHTML, like Gecko; compatible; GPTBot/1.2; +https://openai.com/gptbot)"
198.54.114.83 - - [17/Apr/2025:02:03:33 -0400] "POST /wp-cron.php?doing_wp_cron=1744869806.7349629402160644531250 HTTP/1.1" 200 0 "-" "WordPress/6.8; https://fileluna.com"
85.215.162.226 - - [17/Apr/2025:02:03:39 -0400] "POST /wp-login.php HTTP/1.1" 200 1883 "-" "Mozilla/5.0"
85.215.162.226 - - [17/Apr/2025:02:03:40 -0400] "POST /wp-login.php HTTP/1.1" 200 1884 "-" "Mozilla/5.0"
20.171.207.122 - - [17/Apr/2025:02:05:41 -0400] "GET /?p=1069 HTTP/1.1" 301 0 "-" "Mozilla/5.0 AppleWebKit/537.36 (KHTML, like Gecko; compatible; GPTBot/1.2; +https://openai.com/gptbot)"
198.54.114.83 - - [17/Apr/2025:02:05:49 -0400] "POST /wp-cron.php?doing_wp_cron=1744869945.2938749790191650390625 HTTP/1.1" 200 0 "-" "WordPress/6.8; https://fileluna.com"
20.171.207.122 - - [17/Apr/2025:02:06:08 -0400] "GET /?p=947 HTTP/1.1" 301 0 "-" "Mozilla/5.0 AppleWebKit/537.36 (KHTML, like Gecko; compatible; GPTBot/1.2; +https://openai.com/gptbot)"
20.171.207.122 - - [17/Apr/2025:02:06:33 -0400] "GET /finding-the-right-massage-service-for-your-needs/ HTTP/1.1" 200 11925 "-" "Mozilla/5.0 AppleWebKit/537.36 (KHTML, like Gecko; compatible; GPTBot/1.2; +https://openai.com/gptbot)"
20.171.207.122 - - [17/Apr/2025:02:06:58 -0400] "GET /haushaltsauflosung-in-luneburg-effizient-und-stressfrei/ HTTP/1.1" 200 12117 "-" "Mozilla/5.0 AppleWebKit/537.36 (KHTML, like Gecko; compatible; GPTBot/1.2; +https://openai.com/gptbot)"
198.54.114.83 - - [17/Apr/2025:02:07:03 -0400] "POST /wp-cron.php?doing_wp_cron=1744870018.9139060974121093750000 HTTP/1.1" 200 0 "-" "WordPress/6.8; https://fileluna.com"
20.171.207.122 - - [17/Apr/2025:02:07:24 -0400] "GET /exploring-the-world-of-virtual-gambling/feed/ HTTP/1.1" 200 406 "-" "Mozilla/5.0 AppleWebKit/537.36 (KHTML, like Gecko; compatible; GPTBot/1.2; +https://openai.com/gptbot)"
114.119.129.34 - - [17/Apr/2025:02:07:44 -0400] "GET /the-rise-of-modular-homes/ HTTP/1.1" 200 11786 "https://fileluna.com/the-power-of-massage-for-wellness/" "Mozilla/5.0 (Linux; Android 7.0;) AppleWebKit/537.36 (KHTML, like Gecko) Mobile Safari/537.36 (compatible; PetalBot;+https://webmaster.petalsearch.com/site/petalbot)"
20.171.207.122 - - [17/Apr/2025:02:07:47 -0400] "GET /xmlrpc.php HTTP/1.1" 405 46 "-" "Mozilla/5.0 AppleWebKit/537.36 (KHTML, like Gecko; compatible; GPTBot/1.2; +https://openai.com/gptbot)"
20.171.207.122 - - [17/Apr/2025:02:08:09 -0400] "GET /gift-certificate-cashing/feed/ HTTP/1.1" 200 384 "-" "Mozilla/5.0 AppleWebKit/537.36 (KHTML, like Gecko; compatible; GPTBot/1.2; +https://openai.com/gptbot)"
198.54.114.83 - - [17/Apr/2025:02:08:13 -0400] "POST /wp-cron.php?doing_wp_cron=1744870089.7764940261840820312500 HTTP/1.1" 200 0 "-" "WordPress/6.8; https://fileluna.com"
43.130.3.122 - - [17/Apr/2025:02:08:49 -0400] "GET /wp-json/oembed/1.0/embed?url=https%3A%2F%2Ffileluna.com%2Fdream-homes-await-in-southern-spain%2F HTTP/1.1" 200 2230 "-" "Mozilla/5.0 (iPhone; CPU iPhone OS 13_2_3 like Mac OS X) AppleWebKit/605.1.15 (KHTML, like Gecko) Version/13.0.3 Mobile/15E148 Safari/604.1"
114.119.148.27 - - [17/Apr/2025:02:09:12 -0400] "GET /a-journey-to-healing/ HTTP/1.1" 200 11792 "https://fileluna.com/category/arts-entertainments/page/39/" "Mozilla/5.0 (Linux; Android 7.0;) AppleWebKit/537.36 (KHTML, like Gecko) Mobile Safari/537.36 (compatible; PetalBot;+https://webmaster.petalsearch.com/site/petalbot)"
198.54.114.83 - - [17/Apr/2025:02:09:17 -0400] "POST /wp-cron.php?doing_wp_cron=1744870152.5178771018981933593750 HTTP/1.1" 200 0 "-" "WordPress/6.8; https://fileluna.com"
20.171.207.122 - - [17/Apr/2025:02:09:50 -0400] "GET /wp-json/wp/v2/posts/1069 HTTP/1.1" 200 3988 "-" "Mozilla/5.0 AppleWebKit/537.36 (KHTML, like Gecko; compatible; GPTBot/1.2; +https://openai.com/gptbot)"
20.171.207.122 - - [17/Apr/2025:02:10:18 -0400] "GET /wp-json/wp/v2/posts/1097 HTTP/1.1" 200 4810 "-" "Mozilla/5.0 AppleWebKit/537.36 (KHTML, like Gecko; compatible; GPTBot/1.2; +https://openai.com/gptbot)"
198.54.114.83 - - [17/Apr/2025:02:10:25 -0400] "POST /wp-cron.php?doing_wp_cron=1744870219.1425960063934326171875 HTTP/1.1" 200 0 "-" "WordPress/6.8; https://fileluna.com"
20.171.207.122 - - [17/Apr/2025:02:10:53 -0400] "GET /wp-json/wp/v2/posts/1083 HTTP/1.1" 200 5025 "-" "Mozilla/5.0 AppleWebKit/537.36 (KHTML, like Gecko; compatible; GPTBot/1.2; +https://openai.com/gptbot)"
20.171.207.122 - - [17/Apr/2025:02:11:22 -0400] "GET /page/53/ HTTP/1.1" 200 11703 "-" "Mozilla/5.0 AppleWebKit/537.36 (KHTML, like Gecko; compatible; GPTBot/1.2; +https://openai.com/gptbot)"
20.171.207.122 - - [17/Apr/2025:02:11:58 -0400] "GET /wp-content/themes/newsphere/assets/pagination-script.js?ver=6.8 HTTP/1.1" 200 1220 "-" "Mozilla/5.0 AppleWebKit/537.36 (KHTML, like Gecko; compatible; GPTBot/1.2; +https://openai.com/gptbot)"
85.215.162.226 - - [17/Apr/2025:02:14:18 -0400] "POST /wp-login.php HTTP/1.1" 200 1884 "-" "Mozilla/5.0"
85.215.162.226 - - [17/Apr/2025:02:14:18 -0400] "POST /wp-login.php HTTP/1.1" 200 1883 "-" "Mozilla/5.0"
198.54.114.83 - - [17/Apr/2025:02:14:25 -0400] "POST /wp-cron.php?doing_wp_cron=1744870462.0096321105957031250000 HTTP/1.1" 200 0 "-" "WordPress/6.8; https://fileluna.com"
198.54.114.83 - - [17/Apr/2025:02:14:25 -0400] "POST /wp-cron.php?doing_wp_cron=1744870462.0099809169769287109375 HTTP/1.1" 200 0 "-" "WordPress/6.8; https://fileluna.com"
20.171.207.122 - - [17/Apr/2025:02:14:48 -0400] "GET /der-beste-umzugsservice-in-luneburg/ HTTP/1.1" 200 12258 "-" "Mozilla/5.0 AppleWebKit/537.36 (KHTML, like Gecko; compatible; GPTBot/1.2; +https://openai.com/gptbot)"
20.171.207.122 - - [17/Apr/2025:02:15:25 -0400] "GET /?p=1071 HTTP/1.1" 301 0 "-" "Mozilla/5.0 AppleWebKit/537.36 (KHTML, like Gecko; compatible; GPTBot/1.2; +https://openai.com/gptbot)"
198.54.114.83 - - [17/Apr/2025:02:15:27 -0400] "POST /wp-cron.php?doing_wp_cron=1744870525.4608058929443359375000 HTTP/1.1" 200 0 "-" "WordPress/6.8; https://fileluna.com"
42.236.12.207 - - [17/Apr/2025:02:15:29 -0400] "GET / HTTP/1.1" 200 12779 "https://fileluna.com/" "Mozilla/5.0 (Windows NT 6.1; WOW64) AppleWebKit/537.36 (KHTML, like Gecko) Chrome/50.0.2661.102 Safari/537.36; 360Spider"
20.171.207.122 - - [17/Apr/2025:02:15:59 -0400] "GET /?p=946 HTTP/1.1" 301 0 "-" "Mozilla/5.0 AppleWebKit/537.36 (KHTML, like Gecko; compatible; GPTBot/1.2; +https://openai.com/gptbot)"
198.54.114.83 - - [17/Apr/2025:02:16:50 -0400] "POST /wp-cron.php?doing_wp_cron=1744870607.6807069778442382812500 HTTP/1.1" 200 0 "-" "WordPress/6.8; https://fileluna.com"
20.171.207.122 - - [17/Apr/2025:02:16:46 -0400] "GET /relax-and-recharge-the-ultimate-business-trip-massage-experience/ HTTP/1.1" 200 12040 "-" "Mozilla/5.0 AppleWebKit/537.36 (KHTML, like Gecko; compatible; GPTBot/1.2; +https://openai.com/gptbot)"
43.166.245.120 - - [17/Apr/2025:02:17:27 -0400] "GET /xmlrpc.php?rsd HTTP/1.1" 200 292 "-" "Mozilla/5.0 (iPhone; CPU iPhone OS 13_2_3 like Mac OS X) AppleWebKit/605.1.15 (KHTML, like Gecko) Version/13.0.3 Mobile/15E148 Safari/604.1"
198.54.114.83 - - [17/Apr/2025:02:18:06 -0400] "POST /wp-cron.php?doing_wp_cron=1744870684.6488900184631347656250 HTTP/1.1" 200 0 "-" "WordPress/6.8; https://fileluna.com"
20.171.207.122 - - [17/Apr/2025:02:18:04 -0400] "GET /finding-the-right-massage-service-for-your-needs/feed/ HTTP/1.1" 200 419 "-" "Mozilla/5.0 AppleWebKit/537.36 (KHTML, like Gecko; compatible; GPTBot/1.2; +https://openai.com/gptbot)"
20.171.207.122 - - [17/Apr/2025:02:18:47 -0400] "GET /haushaltsauflosung-in-luneburg-effizient-und-stressfrei/feed/ HTTP/1.1" 200 425 "-" "Mozilla/5.0 AppleWebKit/537.36 (KHTML, like Gecko; compatible; GPTBot/1.2; +https://openai.com/gptbot)"
20.171.207.122 - - [17/Apr/2025:02:19:30 -0400] "GET /?p=1068 HTTP/1.1" 301 0 "-" "Mozilla/5.0 AppleWebKit/537.36 (KHTML, like Gecko; compatible; GPTBot/1.2; +https://openai.com/gptbot)"
20.171.207.122 - - [17/Apr/2025:02:19:29 -0400] "GET /wp-json/wp/v2/posts/1071 HTTP/1.1" 200 4479 "-" "Mozilla/5.0 AppleWebKit/537.36 (KHTML, like Gecko; compatible; GPTBot/1.2; +https://openai.com/gptbot)"
198.54.114.83 - - [17/Apr/2025:02:19:33 -0400] "POST /wp-cron.php?doing_wp_cron=1744870770.2785511016845703125000 HTTP/1.1" 200 0 "-" "WordPress/6.8; https://fileluna.com"
20.171.207.122 - - [17/Apr/2025:02:20:10 -0400] "GET /effiziente-umzugsunternehmen-in-hamburg-fur-einen-stressfreien-umzug/ HTTP/1.1" 200 12196 "-" "Mozilla/5.0 AppleWebKit/537.36 (KHTML, like Gecko; compatible; GPTBot/1.2; +https://openai.com/gptbot)"
20.171.207.122 - - [17/Apr/2025:02:20:47 -0400] "GET /der-beste-umzugsservice-in-luneburg/feed/ HTTP/1.1" 200 401 "-" "Mozilla/5.0 AppleWebKit/537.36 (KHTML, like Gecko; compatible; GPTBot/1.2; +https://openai.com/gptbot)"
198.54.114.83 - - [17/Apr/2025:02:20:49 -0400] "POST /wp-cron.php?doing_wp_cron=1744870847.4762129783630371093750 HTTP/1.1" 200 0 "-" "WordPress/6.8; https://fileluna.com"
20.171.207.122 - - [17/Apr/2025:02:21:42 -0400] "GET /xmlrpc.php HTTP/1.1" 405 46 "-" "Mozilla/5.0 AppleWebKit/537.36 (KHTML, like Gecko; compatible; GPTBot/1.2; +https://openai.com/gptbot)"
198.54.114.83 - - [17/Apr/2025:02:22:45 -0400] "POST /wp-cron.php?doing_wp_cron=1744870964.1374030113220214843750 HTTP/1.1" 200 0 "-" "WordPress/6.8; https://fileluna.com"
20.171.207.122 - - [17/Apr/2025:02:22:43 -0400] "GET /how-to-make-a-snapchat-group/ HTTP/1.1" 200 13005 "-" "Mozilla/5.0 AppleWebKit/537.36 (KHTML, like Gecko; compatible; GPTBot/1.2; +https://openai.com/gptbot)"
20.171.207.122 - - [17/Apr/2025:02:23:54 -0400] "GET /relax-and-recharge-the-ultimate-business-trip-massage-experience/feed/ HTTP/1.1" 200 435 "-" "Mozilla/5.0 AppleWebKit/537.36 (KHTML, like Gecko; compatible; GPTBot/1.2; +https://openai.com/gptbot)"
198.54.114.83 - - [17/Apr/2025:02:23:56 -0400] "POST /wp-cron.php?doing_wp_cron=1744871035.1266739368438720703125 HTTP/1.1" 200 0 "-" "WordPress/6.8; https://fileluna.com"
85.215.162.226 - - [17/Apr/2025:02:24:51 -0400] "POST /wp-login.php HTTP/1.1" 200 1883 "-" "Mozilla/5.0"
85.215.162.226 - - [17/Apr/2025:02:24:51 -0400] "POST /wp-login.php HTTP/1.1" 200 1884 "-" "Mozilla/5.0"
20.171.207.122 - - [17/Apr/2025:02:24:53 -0400] "GET /?p=951 HTTP/1.1" 301 0 "-" "Mozilla/5.0 AppleWebKit/537.36 (KHTML, like Gecko; compatible; GPTBot/1.2; +https://openai.com/gptbot)"
20.171.207.122 - - [17/Apr/2025:02:26:14 -0400] "GET /gift-certificate-small-amount-payment/ HTTP/1.1" 200 11612 "-" "Mozilla/5.0 AppleWebKit/537.36 (KHTML, like Gecko; compatible; GPTBot/1.2; +https://openai.com/gptbot)"
20.171.207.122 - - [17/Apr/2025:02:27:15 -0400] "GET /wp-content/uploads/2023/09/How-to-Make-a-Snapchat-Group.jpeg HTTP/1.1" 200 6306 "-" "Mozilla/5.0 AppleWebKit/537.36 (KHTML, like Gecko; compatible; GPTBot/1.2; +https://openai.com/gptbot)"
198.54.114.83 - - [17/Apr/2025:02:28:29 -0400] "POST /wp-cron.php?doing_wp_cron=1744871308.4261219501495361328125 HTTP/1.1" 200 0 "-" "WordPress/6.8; https://fileluna.com"
20.171.207.122 - - [17/Apr/2025:02:28:23 -0400] "GET /wp-json/wp/v2/posts/1068 HTTP/1.1" 200 4707 "-" "Mozilla/5.0 AppleWebKit/537.36 (KHTML, like Gecko; compatible; GPTBot/1.2; +https://openai.com/gptbot)"
20.171.207.122 - - [17/Apr/2025:02:28:43 -0400] "GET /?p=1066 HTTP/1.1" 301 0 "-" "Mozilla/5.0 AppleWebKit/537.36 (KHTML, like Gecko; compatible; GPTBot/1.2; +https://openai.com/gptbot)"
43.166.132.142 - - [17/Apr/2025:02:28:47 -0400] "GET /2024/12/ HTTP/1.1" 200 11492 "-" "Mozilla/5.0 (iPhone; CPU iPhone OS 13_2_3 like Mac OS X) AppleWebKit/605.1.15 (KHTML, like Gecko) Version/13.0.3 Mobile/15E148 Safari/604.1"
20.171.207.122 - - [17/Apr/2025:02:29:33 -0400] "GET /page/51/ HTTP/1.1" 200 12941 "-" "Mozilla/5.0 AppleWebKit/537.36 (KHTML, like Gecko; compatible; GPTBot/1.2; +https://openai.com/gptbot)"
198.54.114.83 - - [17/Apr/2025:02:29:38 -0400] "POST /wp-cron.php?doing_wp_cron=1744871374.1494569778442382812500 HTTP/1.1" 200 0 "-" "WordPress/6.8; https://fileluna.com"
20.171.207.122 - - [17/Apr/2025:02:29:56 -0400] "GET /?p=36 HTTP/1.1" 301 0 "-" "Mozilla/5.0 AppleWebKit/537.36 (KHTML, like Gecko; compatible; GPTBot/1.2; +https://openai.com/gptbot)"
20.171.207.122 - - [17/Apr/2025:02:31:20 -0400] "GET /effiziente-umzugsunternehmen-in-hamburg-fur-einen-stressfreien-umzug/feed/ HTTP/1.1" 200 428 "-" "Mozilla/5.0 AppleWebKit/537.36 (KHTML, like Gecko; compatible; GPTBot/1.2; +https://openai.com/gptbot)"
198.54.114.83 - - [17/Apr/2025:02:31:29 -0400] "POST /wp-cron.php?doing_wp_cron=1744871484.5238590240478515625000 HTTP/1.1" 200 0 "-" "WordPress/6.8; https://fileluna.com"
20.171.207.122 - - [17/Apr/2025:02:32:34 -0400] "GET /top-moving-services-in-luneburg-for-a-smooth-relocation/ HTTP/1.1" 200 11934 "-" "Mozilla/5.0 AppleWebKit/537.36 (KHTML, like Gecko; compatible; GPTBot/1.2; +https://openai.com/gptbot)"
198.54.114.83 - - [17/Apr/2025:02:32:43 -0400] "POST /wp-cron.php?doing_wp_cron=1744871554.7889609336853027343750 HTTP/1.1" 200 0 "-" "WordPress/6.8; https://fileluna.com"
20.171.207.122 - - [17/Apr/2025:02:33:09 -0400] "GET /?p=950 HTTP/1.1" 301 0 "-" "Mozilla/5.0 AppleWebKit/537.36 (KHTML, like Gecko; compatible; GPTBot/1.2; +https://openai.com/gptbot)"
198.54.114.83 - - [17/Apr/2025:02:33:40 -0400] "POST /wp-cron.php?doing_wp_cron=1744871619.9674749374389648437500 HTTP/1.1" 200 0 "-" "WordPress/6.8; https://fileluna.com"
198.54.114.83 - - [17/Apr/2025:02:33:44 -0400] "POST /wp-admin/admin-ajax.php?action=async_litespeed&nonce=nRyOBRzVMh4Is5tslpmxLlfRKOdlddLN&litespeed_type=imgoptm HTTP/1.1" 200 0 "-" "WordPress/6.8; https://fileluna.com"
20.171.207.122 - - [17/Apr/2025:02:33:47 -0400] "GET /the-value-of-culture-gift-certificate-discount/ HTTP/1.1" 200 12376 "-" "Mozilla/5.0 AppleWebKit/537.36 (KHTML, like Gecko; compatible; GPTBot/1.2; +https://openai.com/gptbot)"
20.171.207.122 - - [17/Apr/2025:02:33:34 -0400] "GET /how-to-make-collage-on-iphone/ HTTP/1.1" 200 0 "-" "Mozilla/5.0 AppleWebKit/537.36 (KHTML, like Gecko; compatible; GPTBot/1.2; +https://openai.com/gptbot)"
20.171.207.122 - - [17/Apr/2025:02:34:48 -0400] "GET /gift-certificate-small-amount-payment/feed/ HTTP/1.1" 200 399 "-" "Mozilla/5.0 AppleWebKit/537.36 (KHTML, like Gecko; compatible; GPTBot/1.2; +https://openai.com/gptbot)"
198.54.114.83 - - [17/Apr/2025:02:34:55 -0400] "POST /wp-cron.php?doing_wp_cron=1744871689.6620419025421142578125 HTTP/1.1" 200 0 "-" "WordPress/6.8; https://fileluna.com"
85.215.162.226 - - [17/Apr/2025:02:35:37 -0400] "POST /wp-login.php HTTP/1.1" 200 1883 "-" "Mozilla/5.0"
85.215.162.226 - - [17/Apr/2025:02:35:37 -0400] "POST /wp-login.php HTTP/1.1" 200 1884 "-" "Mozilla/5.0"
20.171.207.122 - - [17/Apr/2025:02:35:56 -0400] "GET /xmlrpc.php HTTP/1.1" 405 46 "-" "Mozilla/5.0 AppleWebKit/537.36 (KHTML, like Gecko; compatible; GPTBot/1.2; +https://openai.com/gptbot)"
198.54.114.83 - - [17/Apr/2025:02:36:03 -0400] "POST /wp-cron.php?doing_wp_cron=1744871756.9968669414520263671875 HTTP/1.1" 200 0 "-" "WordPress/6.8; https://fileluna.com"
20.171.207.122 - - [17/Apr/2025:02:36:49 -0400] "GET /how-to-make-a-snapchat-group/feed/ HTTP/1.1" 200 395 "-" "Mozilla/5.0 AppleWebKit/537.36 (KHTML, like Gecko; compatible; GPTBot/1.2; +https://openai.com/gptbot)"
20.171.207.122 - - [17/Apr/2025:02:37:10 -0400] "GET /?p=1064 HTTP/1.1" 301 0 "-" "Mozilla/5.0 AppleWebKit/537.36 (KHTML, like Gecko; compatible; GPTBot/1.2; +https://openai.com/gptbot)"
198.54.114.83 - - [17/Apr/2025:02:37:16 -0400] "POST /wp-cron.php?doing_wp_cron=1744871831.5262639522552490234375 HTTP/1.1" 200 0 "-" "WordPress/6.8; https://fileluna.com"
20.171.207.122 - - [17/Apr/2025:02:37:47 -0400] "GET /tranquilla-oasi-sulle-acque-un-rifugio-in-agriturismo-con-piscina-sul-lago-di-garda/ HTTP/1.1" 200 12309 "-" "Mozilla/5.0 AppleWebKit/537.36 (KHTML, like Gecko; compatible; GPTBot/1.2; +https://openai.com/gptbot)"
20.171.207.122 - - [17/Apr/2025:02:38:37 -0400] "GET /navigating-the-virtual-highs-and-lows-exploring-the-world-of-online-gambling/ HTTP/1.1" 200 12206 "-" "Mozilla/5.0 AppleWebKit/537.36 (KHTML, like Gecko; compatible; GPTBot/1.2; +https://openai.com/gptbot)"
198.54.114.83 - - [17/Apr/2025:02:38:46 -0400] "POST /wp-cron.php?doing_wp_cron=1744871922.1315300464630126953125 HTTP/1.1" 200 0 "-" "WordPress/6.8; https://fileluna.com"
20.171.207.122 - - [17/Apr/2025:02:39:13 -0400] "GET /top-moving-services-in-luneburg-for-a-smooth-relocation/feed/ HTTP/1.1" 200 422 "-" "Mozilla/5.0 AppleWebKit/537.36 (KHTML, like Gecko; compatible; GPTBot/1.2; +https://openai.com/gptbot)"
49.51.36.179 - - [17/Apr/2025:02:39:25 -0400] "GET /2024/03/ HTTP/1.1" 200 11462 "-" "Mozilla/5.0 (iPhone; CPU iPhone OS 13_2_3 like Mac OS X) AppleWebKit/605.1.15 (KHTML, like Gecko) Version/13.0.3 Mobile/15E148 Safari/604.1"
20.171.207.122 - - [17/Apr/2025:02:41:08 -0400] "GET /?p=955 HTTP/1.1" 301 0 "-" "Mozilla/5.0 AppleWebKit/537.36 (KHTML, like Gecko; compatible; GPTBot/1.2; +https://openai.com/gptbot)"
198.54.114.83 - - [17/Apr/2025:02:41:20 -0400] "POST /wp-cron.php?doing_wp_cron=1744872074.0925209522247314453125 HTTP/1.1" 200 0 "-" "WordPress/6.8; https://fileluna.com"
196.251.117.23 - - [17/Apr/2025:02:41:31 -0400] "GET /wp-content/plugins/WordPressCore/include.php HTTP/1.1" 404 8954 "-" "Mozlila/5.0 (Linux; Android 7.0; SM-G892A Bulid/NRD90M; wv) AppleWebKit/537.36 (KHTML, like Gecko) Version/4.0 Chrome/60.0.3112.107 Moblie Safari/537.36"
196.251.117.23 - - [17/Apr/2025:02:41:39 -0400] "GET /wp-content/plugins/WordPressCore/include.php HTTP/1.1" 404 8954 "-" "Mozlila/5.0 (Linux; Android 7.0; SM-G892A Bulid/NRD90M; wv) AppleWebKit/537.36 (KHTML, like Gecko) Version/4.0 Chrome/60.0.3112.107 Moblie Safari/537.36"
20.171.207.122 - - [17/Apr/2025:02:41:41 -0400] "GET /navigating-the-digital-wager-the-evolution-of-online-betting/ HTTP/1.1" 200 12365 "-" "Mozilla/5.0 AppleWebKit/537.36 (KHTML, like Gecko; compatible; GPTBot/1.2; +https://openai.com/gptbot)"
20.171.207.122 - - [17/Apr/2025:02:42:07 -0400] "GET /navigating-the-digital-dice-the-landscape-of-online-gambling/ HTTP/1.1" 200 12384 "-" "Mozilla/5.0 AppleWebKit/537.36 (KHTML, like Gecko; compatible; GPTBot/1.2; +https://openai.com/gptbot)"
20.171.207.122 - - [17/Apr/2025:02:42:35 -0400] "GET /navigating-the-digital-wager-exploring-the-dynamics-of-online-betting/ HTTP/1.1" 200 12218 "-" "Mozilla/5.0 AppleWebKit/537.36 (KHTML, like Gecko; compatible; GPTBot/1.2; +https://openai.com/gptbot)"
198.54.114.83 - - [17/Apr/2025:02:42:41 -0400] "POST /wp-cron.php?doing_wp_cron=1744872155.8061399459838867187500 HTTP/1.1" 200 0 "-" "WordPress/6.8; https://fileluna.com"
20.171.207.122 - - [17/Apr/2025:02:43:04 -0400] "GET /navigating-the-virtual-dice-unveiling-the-landscape-of-online-gambling/ HTTP/1.1" 200 12277 "-" "Mozilla/5.0 AppleWebKit/537.36 (KHTML, like Gecko; compatible; GPTBot/1.2; +https://openai.com/gptbot)"
20.171.207.122 - - [17/Apr/2025:02:43:31 -0400] "GET /stepping-into-comfort-the-allure-of-custom-grip-socks/ HTTP/1.1" 200 12238 "-" "Mozilla/5.0 AppleWebKit/537.36 (KHTML, like Gecko; compatible; GPTBot/1.2; +https://openai.com/gptbot)"
20.171.207.122 - - [17/Apr/2025:02:43:57 -0400] "GET /the-allure-of-gemstone-bracelets-a-symphony-of-elegance/ HTTP/1.1" 200 12313 "-" "Mozilla/5.0 AppleWebKit/537.36 (KHTML, like Gecko; compatible; GPTBot/1.2; +https://openai.com/gptbot)"
198.54.114.83 - - [17/Apr/2025:02:44:01 -0400] "POST /wp-cron.php?doing_wp_cron=1744872238.2034349441528320312500 HTTP/1.1" 200 0 "-" "WordPress/6.8; https://fileluna.com"
20.171.207.122 - - [17/Apr/2025:02:45:43 -0400] "GET /?p=77 HTTP/1.1" 301 0 "-" "Mozilla/5.0 AppleWebKit/537.36 (KHTML, like Gecko; compatible; GPTBot/1.2; +https://openai.com/gptbot)"
85.215.162.226 - - [17/Apr/2025:02:46:22 -0400] "POST /wp-login.php HTTP/1.1" 200 1883 "-" "Mozilla/5.0"
85.215.162.226 - - [17/Apr/2025:02:46:22 -0400] "POST /wp-login.php HTTP/1.1" 200 1884 "-" "Mozilla/5.0"
20.171.207.122 - - [17/Apr/2025:02:46:33 -0400] "GET /tranquilla-oasi-sulle-acque-un-rifugio-in-agriturismo-con-piscina-sul-lago-di-garda/feed/ HTTP/1.1" 200 469 "-" "Mozilla/5.0 AppleWebKit/537.36 (KHTML, like Gecko; compatible; GPTBot/1.2; +https://openai.com/gptbot)"
20.171.207.122 - - [17/Apr/2025:02:47:00 -0400] "GET /?p=79 HTTP/1.1" 301 0 "-" "Mozilla/5.0 AppleWebKit/537.36 (KHTML, like Gecko; compatible; GPTBot/1.2; +https://openai.com/gptbot)"
198.54.114.83 - - [17/Apr/2025:02:47:05 -0400] "POST /wp-cron.php?doing_wp_cron=1744872420.6563639640808105468750 HTTP/1.1" 200 0 "-" "WordPress/6.8; https://fileluna.com"
43.157.170.13 - - [17/Apr/2025:02:47:05 -0400] "GET /essential-benefits-of-business-trip-massage/ HTTP/1.1" 200 12479 "-" "Mozilla/5.0 (iPhone; CPU iPhone OS 13_2_3 like Mac OS X) AppleWebKit/605.1.15 (KHTML, like Gecko) Version/13.0.3 Mobile/15E148 Safari/604.1"
20.171.207.122 - - [17/Apr/2025:02:47:27 -0400] "GET /?p=81 HTTP/1.1" 301 0 "-" "Mozilla/5.0 AppleWebKit/537.36 (KHTML, like Gecko; compatible; GPTBot/1.2; +https://openai.com/gptbot)"
195.191.219.131 - - [17/Apr/2025:02:47:38 -0400] "GET /robots.txt HTTP/1.1" 200 61 "-" "Mozilla/5.0 (compatible; MJ12bot/v2.0.0; http://mj12bot.com/)"
114.119.149.81 - - [17/Apr/2025:02:47:39 -0400] "GET /the-healing-power-of-massage/ HTTP/1.1" 200 12476 "https://fileluna.com/author/admin/page/8/" "Mozilla/5.0 (Linux; Android 7.0;) AppleWebKit/537.36 (KHTML, like Gecko) Mobile Safari/537.36 (compatible; PetalBot;+https://webmaster.petalsearch.com/site/petalbot)"
195.191.219.131 - - [17/Apr/2025:02:47:50 -0400] "GET / HTTP/1.1" 200 12779 "-" "Mozilla/5.0 (compatible; MJ12bot/v2.0.0; http://mj12bot.com/)"
20.171.207.122 - - [17/Apr/2025:02:48:00 -0400] "GET /navigating-the-virtual-highs-and-lows-exploring-the-world-of-online-gambling/feed/ HTTP/1.1" 200 455 "-" "Mozilla/5.0 AppleWebKit/537.36 (KHTML, like Gecko; compatible; GPTBot/1.2; +https://openai.com/gptbot)"
198.54.114.83 - - [17/Apr/2025:02:48:08 -0400] "POST /wp-cron.php?doing_wp_cron=1744872481.4526400566101074218750 HTTP/1.1" 200 0 "-" "WordPress/6.8; https://fileluna.com"
114.119.149.81 - - [17/Apr/2025:02:49:12 -0400] "GET /revolutionizing-convenience-instant-hot-and-cold-water-taps/ HTTP/1.1" 200 12082 "https://fileluna.com/author/admin/page/36/" "Mozilla/5.0 (Linux; Android 7.0;) AppleWebKit/537.36 (KHTML, like Gecko) Mobile Safari/537.36 (compatible; PetalBot;+https://webmaster.petalsearch.com/site/petalbot)"
20.171.207.122 - - [17/Apr/2025:02:50:07 -0400] "GET /liberer-le-succes-en-ligne-la-puissance-dune-agence-de-referencement/ HTTP/1.1" 200 12907 "-" "Mozilla/5.0 AppleWebKit/537.36 (KHTML, like Gecko; compatible; GPTBot/1.2; +https://openai.com/gptbot)"
114.119.132.163 - - [17/Apr/2025:02:50:31 -0400] "GET /page/50/ HTTP/1.1" 200 13279 "https://fileluna.com/page/53/" "Mozilla/5.0 (Linux; Android 7.0;) AppleWebKit/537.36 (KHTML, like Gecko) Mobile Safari/537.36 (compatible; PetalBot;+https://webmaster.petalsearch.com/site/petalbot)"
20.171.207.122 - - [17/Apr/2025:02:50:53 -0400] "GET /favicon.ico HTTP/1.1" 404 1251 "-" "Mozilla/5.0 AppleWebKit/537.36 (KHTML, like Gecko; compatible; GPTBot/1.2; +https://openai.com/gptbot)"
3.15.194.249 - - [17/Apr/2025:02:54:13 -0400] "GET /robots.txt HTTP/1.1" 304 0 "-" "Mozilla/5.0 AppleWebKit/537.36 (KHTML, like Gecko; compatible; ClaudeBot/1.0; +claudebot@anthropic.com)"
20.171.207.122 - - [17/Apr/2025:02:54:18 -0400] "GET /liberer-le-succes-en-ligne-la-puissance-dune-agence-de-referencement/feed/ HTTP/1.1" 200 455 "-" "Mozilla/5.0 AppleWebKit/537.36 (KHTML, like Gecko; compatible; GPTBot/1.2; +https://openai.com/gptbot)"
3.15.194.249 - - [17/Apr/2025:02:54:17 -0400] "GET /wp-json/wp/v2/posts/957 HTTP/1.1" 200 3858 "-" "Mozilla/5.0 AppleWebKit/537.36 (KHTML, like Gecko; compatible; ClaudeBot/1.0; +claudebot@anthropic.com)"
198.54.114.83 - - [17/Apr/2025:02:54:21 -0400] "POST /wp-cron.php?doing_wp_cron=1744872857.9163498878479003906250 HTTP/1.1" 200 0 "-" "WordPress/6.8; https://fileluna.com"
114.119.149.81 - - [17/Apr/2025:02:54:44 -0400] "GET /kundenorientierte-dienstleistungen/ HTTP/1.1" 200 11893 "https://fileluna.com/2024/page/20/" "Mozilla/5.0 (Linux; Android 7.0;) AppleWebKit/537.36 (KHTML, like Gecko) Mobile Safari/537.36 (compatible; PetalBot;+https://webmaster.petalsearch.com/site/petalbot)"
20.171.207.122 - - [17/Apr/2025:02:54:48 -0400] "GET /?p=88 HTTP/1.1" 301 0 "-" "Mozilla/5.0 AppleWebKit/537.36 (KHTML, like Gecko; compatible; GPTBot/1.2; +https://openai.com/gptbot)"
20.171.207.122 - - [17/Apr/2025:02:51:22 -0400] "GET /?p=83 HTTP/1.1" 301 0 "-" "Mozilla/5.0 AppleWebKit/537.36 (KHTML, like Gecko; compatible; GPTBot/1.2; +https://openai.com/gptbot)"
20.171.207.122 - - [17/Apr/2025:02:51:55 -0400] "GET /?p=69 HTTP/1.1" 301 0 "-" "Mozilla/5.0 AppleWebKit/537.36 (KHTML, like Gecko; compatible; GPTBot/1.2; +https://openai.com/gptbot)"
114.119.132.163 - - [17/Apr/2025:02:52:00 -0400] "GET /page/5/ HTTP/1.1" 200 13016 "https://fileluna.com/page/7/" "Mozilla/5.0 (Linux; Android 7.0;) AppleWebKit/537.36 (KHTML, like Gecko) Mobile Safari/537.36 (compatible; PetalBot;+https://webmaster.petalsearch.com/site/petalbot)"
20.171.207.122 - - [17/Apr/2025:02:52:26 -0400] "GET /?p=71 HTTP/1.1" 301 0 "-" "Mozilla/5.0 AppleWebKit/537.36 (KHTML, like Gecko; compatible; GPTBot/1.2; +https://openai.com/gptbot)"
20.171.207.122 - - [17/Apr/2025:02:52:55 -0400] "GET /?p=75 HTTP/1.1" 301 0 "-" "Mozilla/5.0 AppleWebKit/537.36 (KHTML, like Gecko; compatible; GPTBot/1.2; +https://openai.com/gptbot)"
114.119.154.229 - - [17/Apr/2025:02:53:22 -0400] "GET /massage/ HTTP/1.1" 200 11174 "https://fileluna.com/author/admin/page/16/" "Mozilla/5.0 (Linux; Android 7.0;) AppleWebKit/537.36 (KHTML, like Gecko) Mobile Safari/537.36 (compatible; PetalBot;+https://webmaster.petalsearch.com/site/petalbot)"
20.171.207.122 - - [17/Apr/2025:02:55:22 -0400] "GET /?p=86 HTTP/1.1" 301 0 "-" "Mozilla/5.0 AppleWebKit/537.36 (KHTML, like Gecko; compatible; GPTBot/1.2; +https://openai.com/gptbot)"
198.54.114.83 - - [17/Apr/2025:02:55:26 -0400] "POST /wp-cron.php?doing_wp_cron=1744872923.4042129516601562500000 HTTP/1.1" 200 0 "-" "WordPress/6.8; https://fileluna.com"
20.171.207.122 - - [17/Apr/2025:02:55:53 -0400] "GET /navigating-the-digital-dice-the-landscape-of-online-gambling/feed/ HTTP/1.1" 200 437 "-" "Mozilla/5.0 AppleWebKit/537.36 (KHTML, like Gecko; compatible; GPTBot/1.2; +https://openai.com/gptbot)"
114.119.148.27 - - [17/Apr/2025:02:56:18 -0400] "GET /die-welt-der-gitarrenstunden/ HTTP/1.1" 200 12185 "https://fileluna.com/2024/11/page/13/" "Mozilla/5.0 (Linux; Android 7.0;) AppleWebKit/537.36 (KHTML, like Gecko) Mobile Safari/537.36 (compatible; PetalBot;+https://webmaster.petalsearch.com/site/petalbot)"
20.171.207.122 - - [17/Apr/2025:02:56:31 -0400] "GET /navigating-the-digital-wager-the-evolution-of-online-betting/feed/ HTTP/1.1" 200 439 "-" "Mozilla/5.0 AppleWebKit/537.36 (KHTML, like Gecko; compatible; GPTBot/1.2; +https://openai.com/gptbot)"
85.215.162.226 - - [17/Apr/2025:02:56:56 -0400] "POST /wp-login.php HTTP/1.1" 200 1883 "-" "Mozilla/5.0"
85.215.162.226 - - [17/Apr/2025:02:56:56 -0400] "POST /wp-login.php HTTP/1.1" 200 1884 "-" "Mozilla/5.0"
124.156.226.179 - - [17/Apr/2025:02:57:37 -0400] "GET /relaxation-after-long-workdays-on-a-business-trip/ HTTP/1.1" 200 12495 "-" "Mozilla/5.0 (iPhone; CPU iPhone OS 13_2_3 like Mac OS X) AppleWebKit/605.1.15 (KHTML, like Gecko) Version/13.0.3 Mobile/15E148 Safari/604.1"
114.119.129.198 - - [17/Apr/2025:02:57:42 -0400] "GET /category/arts-entertainments/page/14/ HTTP/1.1" 200 11518 "https://fileluna.com/category/arts-entertainments/page/17/" "Mozilla/5.0 (Linux; Android 7.0;) AppleWebKit/537.36 (KHTML, like Gecko) Mobile Safari/537.36 (compatible; PetalBot;+https://webmaster.petalsearch.com/site/petalbot)"
20.171.207.122 - - [17/Apr/2025:02:58:21 -0400] "GET /navigating-the-digital-wager-exploring-the-dynamics-of-online-betting/feed/ HTTP/1.1" 200 446 "-" "Mozilla/5.0 AppleWebKit/537.36 (KHTML, like Gecko; compatible; GPTBot/1.2; +https://openai.com/gptbot)"
20.171.207.122 - - [17/Apr/2025:02:58:45 -0400] "GET /navigating-the-virtual-dice-unveiling-the-landscape-of-online-gambling/feed/ HTTP/1.1" 200 446 "-" "Mozilla/5.0 AppleWebKit/537.36 (KHTML, like Gecko; compatible; GPTBot/1.2; +https://openai.com/gptbot)"
114.119.129.198 - - [17/Apr/2025:02:59:06 -0400] "GET /2024/page/38/ HTTP/1.1" 200 11399 "https://fileluna.com/2024/page/36/" "Mozilla/5.0 (Linux; Android 7.0;) AppleWebKit/537.36 (KHTML, like Gecko) Mobile Safari/537.36 (compatible; PetalBot;+https://webmaster.petalsearch.com/site/petalbot)"
198.54.114.83 - - [17/Apr/2025:02:59:09 -0400] "POST /wp-cron.php?doing_wp_cron=1744873147.2136609554290771484375 HTTP/1.1" 200 0 "-" "WordPress/6.8; https://fileluna.com"
20.171.207.122 - - [17/Apr/2025:02:59:10 -0400] "GET /the-allure-of-gemstone-bracelets-a-symphony-of-elegance/feed/ HTTP/1.1" 200 432 "-" "Mozilla/5.0 AppleWebKit/537.36 (KHTML, like Gecko; compatible; GPTBot/1.2; +https://openai.com/gptbot)"
20.171.207.122 - - [17/Apr/2025:02:59:34 -0400] "GET /stepping-into-comfort-the-allure-of-custom-grip-socks/feed/ HTTP/1.1" 200 425 "-" "Mozilla/5.0 AppleWebKit/537.36 (KHTML, like Gecko; compatible; GPTBot/1.2; +https://openai.com/gptbot)"
20.171.207.122 - - [17/Apr/2025:02:59:58 -0400] "GET /elegance-redefined-exploring-the-allure-of-luxury-fashion/ HTTP/1.1" 200 12390 "-" "Mozilla/5.0 AppleWebKit/537.36 (KHTML, like Gecko; compatible; GPTBot/1.2; +https://openai.com/gptbot)"
20.171.207.122 - - [17/Apr/2025:03:00:26 -0400] "GET /the-value-of-culture-gift-certificate-discount/feed/ HTTP/1.1" 200 410 "-" "Mozilla/5.0 AppleWebKit/537.36 (KHTML, like Gecko; compatible; GPTBot/1.2; +https://openai.com/gptbot)"
198.54.114.83 - - [17/Apr/2025:03:00:30 -0400] "POST /wp-cron.php?doing_wp_cron=1744873227.0929789543151855468750 HTTP/1.1" 200 0 "-" "WordPress/6.8; https://fileluna.com"
20.171.207.122 - - [17/Apr/2025:03:00:54 -0400] "GET /why-purchasing-gift-certificates-is-a-great-idea/ HTTP/1.1" 200 11890 "-" "Mozilla/5.0 AppleWebKit/537.36 (KHTML, like Gecko; compatible; GPTBot/1.2; +https://openai.com/gptbot)"
20.171.207.122 - - [17/Apr/2025:03:02:56 -0400] "GET /efficient-financial-management-with-buchhaltung-hattingen/ HTTP/1.1" 200 12499 "-" "Mozilla/5.0 AppleWebKit/537.36 (KHTML, like Gecko; compatible; GPTBot/1.2; +https://openai.com/gptbot)"
198.54.114.83 - - [17/Apr/2025:03:03:07 -0400] "POST /wp-cron.php?doing_wp_cron=1744873381.0217270851135253906250 HTTP/1.1" 200 0 "-" "WordPress/6.8; https://fileluna.com"
20.171.207.122 - - [17/Apr/2025:03:03:28 -0400] "GET /a-guide-to-becoming-a-better-punter/ HTTP/1.1" 200 12507 "-" "Mozilla/5.0 AppleWebKit/537.36 (KHTML, like Gecko; compatible; GPTBot/1.2; +https://openai.com/gptbot)"
20.171.207.122 - - [17/Apr/2025:03:03:57 -0400] "GET /xmlrpc.php HTTP/1.1" 405 46 "-" "Mozilla/5.0 AppleWebKit/537.36 (KHTML, like Gecko; compatible; GPTBot/1.2; +https://openai.com/gptbot)"
20.171.207.122 - - [17/Apr/2025:03:04:27 -0400] "GET /effizienters-umzugsservice-in-luneburg/ HTTP/1.1" 200 11943 "-" "Mozilla/5.0 AppleWebKit/537.36 (KHTML, like Gecko; compatible; GPTBot/1.2; +https://openai.com/gptbot)"
198.54.114.83 - - [17/Apr/2025:03:04:30 -0400] "POST /wp-cron.php?doing_wp_cron=1744873467.6992259025573730468750 HTTP/1.1" 200 0 "-" "WordPress/6.8; https://fileluna.com"
20.171.207.122 - - [17/Apr/2025:03:04:54 -0400] "GET /how-to-make-a-splash-potion/ HTTP/1.1" 200 12984 "-" "Mozilla/5.0 AppleWebKit/537.36 (KHTML, like Gecko; compatible; GPTBot/1.2; +https://openai.com/gptbot)"
20.171.207.122 - - [17/Apr/2025:03:05:20 -0400] "GET /umzugsunternehmen-in-luneburg-ihre-perfekte-wahl/"https:/fileluna.com/wp-content/themes/headnews/assets/img/default-header-image.jpeg" HTTP/1.1" 301 0 "-" "Mozilla/5.0 AppleWebKit/537.36 (KHTML, like Gecko; compatible; GPTBot/1.2; +https://openai.com/gptbot)"
45.195.25.32 - - [17/Apr/2025:03:06:11 -0400] "POST /xmlrpc.php HTTP/1.1" 200 205 "-" "Mozilla/5.0 (X11; Fedora; Linux x86_64; rv:94.0) Gecko/20100101 Firefox/95.0"
198.54.114.83 - - [17/Apr/2025:03:06:16 -0400] "POST /wp-cron.php?doing_wp_cron=1744873572.6547460556030273437500 HTTP/1.1" 200 0 "-" "WordPress/6.8; https://fileluna.com"
20.171.207.122 - - [17/Apr/2025:03:07:07 -0400] "GET /?p=90 HTTP/1.1" 301 0 "-" "Mozilla/5.0 AppleWebKit/537.36 (KHTML, like Gecko; compatible; GPTBot/1.2; +https://openai.com/gptbot)"
20.171.207.122 - - [17/Apr/2025:03:07:36 -0400] "GET /?p=957 HTTP/1.1" 301 0 "-" "Mozilla/5.0 AppleWebKit/537.36 (KHTML, like Gecko; compatible; GPTBot/1.2; +https://openai.com/gptbot)"
198.54.114.83 - - [17/Apr/2025:03:07:40 -0400] "POST /wp-cron.php?doing_wp_cron=1744873657.5542769432067871093750 HTTP/1.1" 200 0 "-" "WordPress/6.8; https://fileluna.com"
85.215.162.226 - - [17/Apr/2025:03:07:46 -0400] "POST /wp-login.php HTTP/1.1" 200 1884 "-" "Mozilla/5.0"
85.215.162.226 - - [17/Apr/2025:03:07:46 -0400] "POST /wp-login.php HTTP/1.1" 200 1883 "-" "Mozilla/5.0"
20.171.207.122 - - [17/Apr/2025:03:08:05 -0400] "GET /?p=73 HTTP/1.1" 301 0 "-" "Mozilla/5.0 AppleWebKit/537.36 (KHTML, like Gecko; compatible; GPTBot/1.2; +https://openai.com/gptbot)"
20.171.207.122 - - [17/Apr/2025:03:08:29 -0400] "GET /?p=66 HTTP/1.1" 301 0 "-" "Mozilla/5.0 AppleWebKit/537.36 (KHTML, like Gecko; compatible; GPTBot/1.2; +https://openai.com/gptbot)"
198.54.114.83 - - [17/Apr/2025:03:08:57 -0400] "POST /wp-cron.php?doing_wp_cron=1744873735.5198910236358642578125 HTTP/1.1" 200 0 "-" "WordPress/6.8; https://fileluna.com"
20.171.207.122 - - [17/Apr/2025:03:08:55 -0400] "GET /maximizing-your-youtube-reach-proven-strategies-for-increasing-views/ HTTP/1.1" 200 12150 "-" "Mozilla/5.0 AppleWebKit/537.36 (KHTML, like Gecko; compatible; GPTBot/1.2; +https://openai.com/gptbot)"
20.171.207.122 - - [17/Apr/2025:03:09:43 -0400] "GET /the-unseen-essential-button-head-bolts-in-modern-engineering/ HTTP/1.1" 200 12351 "-" "Mozilla/5.0 AppleWebKit/537.36 (KHTML, like Gecko; compatible; GPTBot/1.2; +https://openai.com/gptbot)"
20.171.207.122 - - [17/Apr/2025:03:11:43 -0400] "GET /?p=39 HTTP/1.1" 301 0 "-" "Mozilla/5.0 AppleWebKit/537.36 (KHTML, like Gecko; compatible; GPTBot/1.2; +https://openai.com/gptbot)"
114.119.149.81 - - [17/Apr/2025:03:12:03 -0400] "GET /renovation-maison-transformez-votre-espace/ HTTP/1.1" 200 11821 "https://fileluna.com/category/arts-entertainments/page/37/" "Mozilla/5.0 (Linux; Android 7.0;) AppleWebKit/537.36 (KHTML, like Gecko) Mobile Safari/537.36 (compatible; PetalBot;+https://webmaster.petalsearch.com/site/petalbot)"
20.171.207.122 - - [17/Apr/2025:03:12:20 -0400] "GET /?p=1060 HTTP/1.1" 301 0 "-" "Mozilla/5.0 AppleWebKit/537.36 (KHTML, like Gecko; compatible; GPTBot/1.2; +https://openai.com/gptbot)"
20.171.207.122 - - [17/Apr/2025:03:12:49 -0400] "GET /elegance-redefined-exploring-the-allure-of-luxury-fashion/feed/ HTTP/1.1" 200 440 "-" "Mozilla/5.0 AppleWebKit/537.36 (KHTML, like Gecko; compatible; GPTBot/1.2; +https://openai.com/gptbot)"
198.54.114.83 - - [17/Apr/2025:03:12:54 -0400] "POST /wp-cron.php?doing_wp_cron=1744873969.7187609672546386718750 HTTP/1.1" 200 0 "-" "WordPress/6.8; https://fileluna.com"
20.171.207.122 - - [17/Apr/2025:03:13:16 -0400] "GET /why-purchasing-gift-certificates-is-a-great-idea/feed/ HTTP/1.1" 200 418 "-" "Mozilla/5.0 AppleWebKit/537.36 (KHTML, like Gecko; compatible; GPTBot/1.2; +https://openai.com/gptbot)"
114.119.148.27 - - [17/Apr/2025:03:13:30 -0400] "GET /page/16/ HTTP/1.1" 200 13037 "https://fileluna.com/page/13/" "Mozilla/5.0 (Linux; Android 7.0;) AppleWebKit/537.36 (KHTML, like Gecko) Mobile Safari/537.36 (compatible; PetalBot;+https://webmaster.petalsearch.com/site/petalbot)"
20.171.207.122 - - [17/Apr/2025:03:13:47 -0400] "GET /effiziente-umzugsfirma-in-luneburg-fur-einen-stressfreien-umzug/ HTTP/1.1" 200 12204 "-" "Mozilla/5.0 AppleWebKit/537.36 (KHTML, like Gecko; compatible; GPTBot/1.2; +https://openai.com/gptbot)"
198.54.114.83 - - [17/Apr/2025:03:14:18 -0400] "POST /wp-cron.php?doing_wp_cron=1744874055.8454570770263671875000 HTTP/1.1" 200 0 "-" "WordPress/6.8; https://fileluna.com"
20.171.207.122 - - [17/Apr/2025:03:14:14 -0400] "GET /efficient-financial-management-with-buchhaltung-hattingen/feed/ HTTP/1.1" 200 411 "-" "Mozilla/5.0 AppleWebKit/537.36 (KHTML, like Gecko; compatible; GPTBot/1.2; +https://openai.com/gptbot)"
20.171.207.122 - - [17/Apr/2025:03:15:59 -0400] "GET /unraveling-the-veil-of-privacy-the-power-of-coinjoin-in-cryptocurrency-transactions/ HTTP/1.1" 200 12375 "-" "Mozilla/5.0 AppleWebKit/537.36 (KHTML, like Gecko; compatible; GPTBot/1.2; +https://openai.com/gptbot)"
20.171.207.122 - - [17/Apr/2025:03:16:25 -0400] "GET /?p=92 HTTP/1.1" 301 0 "-" "Mozilla/5.0 AppleWebKit/537.36 (KHTML, like Gecko; compatible; GPTBot/1.2; +https://openai.com/gptbot)"
13.59.18.177 - - [17/Apr/2025:03:16:23 -0400] "GET /wp-json/wp/v2/posts/515 HTTP/1.1" 200 3530 "-" "Mozilla/5.0 AppleWebKit/537.36 (KHTML, like Gecko; compatible; ClaudeBot/1.0; +claudebot@anthropic.com)"
198.54.114.83 - - [17/Apr/2025:03:16:31 -0400] "POST /wp-cron.php?doing_wp_cron=1744874187.0245718955993652343750 HTTP/1.1" 200 0 "-" "WordPress/6.8; https://fileluna.com"
198.54.114.83 - - [17/Apr/2025:03:16:31 -0400] "POST /wp-cron.php?doing_wp_cron=1744874187.0220420360565185546875 HTTP/1.1" 200 0 "-" "WordPress/6.8; https://fileluna.com"
20.171.207.122 - - [17/Apr/2025:03:16:56 -0400] "GET /?p=64 HTTP/1.1" 301 0 "-" "Mozilla/5.0 AppleWebKit/537.36 (KHTML, like Gecko; compatible; GPTBot/1.2; +https://openai.com/gptbot)"
20.171.207.122 - - [17/Apr/2025:03:17:22 -0400] "GET /the-pinnacle-of-practicality-exploring-the-best-reusable-milk-storage-bags/ HTTP/1.1" 200 12194 "-" "Mozilla/5.0 AppleWebKit/537.36 (KHTML, like Gecko; compatible; GPTBot/1.2; +https://openai.com/gptbot)"
20.171.207.122 - - [17/Apr/2025:03:17:49 -0400] "GET /maximizing-your-youtube-reach-proven-strategies-for-increasing-views/feed/ HTTP/1.1" 200 458 "-" "Mozilla/5.0 AppleWebKit/537.36 (KHTML, like Gecko; compatible; GPTBot/1.2; +https://openai.com/gptbot)"
198.54.114.83 - - [17/Apr/2025:03:17:52 -0400] "POST /wp-cron.php?doing_wp_cron=1744874269.5578949451446533203125 HTTP/1.1" 200 0 "-" "WordPress/6.8; https://fileluna.com"
20.171.207.122 - - [17/Apr/2025:03:18:15 -0400] "GET /the-unseen-essential-button-head-bolts-in-modern-engineering/feed/ HTTP/1.1" 200 423 "-" "Mozilla/5.0 AppleWebKit/537.36 (KHTML, like Gecko; compatible; GPTBot/1.2; +https://openai.com/gptbot)"
85.215.162.226 - - [17/Apr/2025:03:18:53 -0400] "POST /wp-login.php HTTP/1.1" 200 1884 "-" "Mozilla/5.0"
85.215.162.226 - - [17/Apr/2025:03:18:53 -0400] "POST /wp-login.php HTTP/1.1" 200 1883 "-" "Mozilla/5.0"
198.54.114.83 - - [17/Apr/2025:03:18:56 -0400] "POST /wp-cron.php?doing_wp_cron=1744874333.5478520393371582031250 HTTP/1.1" 200 0 "-" "WordPress/6.8; https://fileluna.com"
198.54.114.83 - - [17/Apr/2025:03:18:56 -0400] "POST /wp-cron.php?doing_wp_cron=1744874333.6182239055633544921875 HTTP/1.1" 200 0 "-" "WordPress/6.8; https://fileluna.com"
20.171.207.122 - - [17/Apr/2025:03:21:03 -0400] "GET /?p=1056 HTTP/1.1" 301 0 "-" "Mozilla/5.0 AppleWebKit/537.36 (KHTML, like Gecko; compatible; GPTBot/1.2; +https://openai.com/gptbot)"
198.54.114.83 - - [17/Apr/2025:03:21:14 -0400] "POST /wp-cron.php?doing_wp_cron=1744874469.8247818946838378906250 HTTP/1.1" 200 0 "-" "WordPress/6.8; https://fileluna.com"
20.171.207.122 - - [17/Apr/2025:03:21:51 -0400] "GET /favicon.ico HTTP/1.1" 404 1251 "-" "Mozilla/5.0 AppleWebKit/537.36 (KHTML, like Gecko; compatible; GPTBot/1.2; +https://openai.com/gptbot)"
20.171.207.122 - - [17/Apr/2025:03:22:44 -0400] "GET /unraveling-the-veil-of-privacy-the-power-of-coinjoin-in-cryptocurrency-transactions/feed/ HTTP/1.1" 200 457 "-" "Mozilla/5.0 AppleWebKit/537.36 (KHTML, like Gecko; compatible; GPTBot/1.2; +https://openai.com/gptbot)"
198.54.114.83 - - [17/Apr/2025:03:22:54 -0400] "POST /wp-cron.php?doing_wp_cron=1744874569.0946989059448242187500 HTTP/1.1" 200 0 "-" "WordPress/6.8; https://fileluna.com"
20.171.207.122 - - [17/Apr/2025:03:23:23 -0400] "GET /?p=62 HTTP/1.1" 301 0 "-" "Mozilla/5.0 AppleWebKit/537.36 (KHTML, like Gecko; compatible; GPTBot/1.2; +https://openai.com/gptbot)"
20.171.207.122 - - [17/Apr/2025:03:23:58 -0400] "GET /effiziente-umzugsfirma-in-luneburg-fur-einen-stressfreien-umzug/feed/ HTTP/1.1" 200 424 "-" "Mozilla/5.0 AppleWebKit/537.36 (KHTML, like Gecko; compatible; GPTBot/1.2; +https://openai.com/gptbot)"
20.171.207.122 - - [17/Apr/2025:03:24:40 -0400] "GET /winsen-erheben-die-kunst-und-wirkung-achtsamer-reinigung/ HTTP/1.1" 200 12593 "-" "Mozilla/5.0 AppleWebKit/537.36 (KHTML, like Gecko; compatible; GPTBot/1.2; +https://openai.com/gptbot)"
20.171.207.122 - - [17/Apr/2025:03:24:54 -0400] "GET /the-pinnacle-of-practicality-exploring-the-best-reusable-milk-storage-bags/feed/ HTTP/1.1" 200 450 "-" "Mozilla/5.0 AppleWebKit/537.36 (KHTML, like Gecko; compatible; GPTBot/1.2; +https://openai.com/gptbot)"
20.171.207.122 - - [17/Apr/2025:03:25:37 -0400] "GET /?p=94 HTTP/1.1" 301 0 "-" "Mozilla/5.0 AppleWebKit/537.36 (KHTML, like Gecko; compatible; GPTBot/1.2; +https://openai.com/gptbot)"
198.54.114.83 - - [17/Apr/2025:03:25:43 -0400] "POST /wp-cron.php?doing_wp_cron=1744874737.8898229598999023437500 HTTP/1.1" 200 0 "-" "WordPress/6.8; https://fileluna.com"
20.171.207.122 - - [17/Apr/2025:03:26:41 -0400] "GET /elevating-aesthetic-experiences-unveiling-chicagos-premier-graphic-design-firm/ HTTP/1.1" 200 12349 "-" "Mozilla/5.0 AppleWebKit/537.36 (KHTML, like Gecko; compatible; GPTBot/1.2; +https://openai.com/gptbot)"
