20.171.207.122 - - [17/Apr/2025:06:45:17 -0400] "GET /?p=165 HTTP/1.1" 301 0 "-" "Mozilla/5.0 AppleWebKit/537.36 (KHTML, like Gecko; compatible; GPTBot/1.2; +https://openai.com/gptbot)"
198.54.114.83 - - [17/Apr/2025:06:45:21 -0400] "POST /wp-admin/admin-ajax.php?action=async_litespeed&nonce=u9enpO9RRHtow88zJyTCnI42p4Ru10yi&litespeed_type=imgoptm HTTP/1.1" 200 0 "-" "WordPress/6.8; https://fileluna.com"
85.215.162.226 - - [17/Apr/2025:06:45:34 -0400] "POST /wp-login.php HTTP/1.1" 200 1883 "-" "Mozilla/5.0"
85.215.162.226 - - [17/Apr/2025:06:45:34 -0400] "POST /wp-login.php HTTP/1.1" 200 1884 "-" "Mozilla/5.0"
20.171.207.122 - - [17/Apr/2025:06:46:05 -0400] "GET /why-investing-in-tiktok-shares-might-be-a-game-changer/ HTTP/1.1" 200 12045 "-" "Mozilla/5.0 AppleWebKit/537.36 (KHTML, like Gecko; compatible; GPTBot/1.2; +https://openai.com/gptbot)"
20.171.207.122 - - [17/Apr/2025:06:46:45 -0400] "GET /relaxation-on-the-go-with-business-trip-massage/feed/ HTTP/1.1" 200 409 "-" "Mozilla/5.0 AppleWebKit/537.36 (KHTML, like Gecko; compatible; GPTBot/1.2; +https://openai.com/gptbot)"
198.54.114.83 - - [17/Apr/2025:06:46:47 -0400] "POST /wp-cron.php?doing_wp_cron=1744886806.1049489974975585937500 HTTP/1.1" 200 0 "-" "WordPress/6.8; https://fileluna.com"
20.171.207.122 - - [17/Apr/2025:06:47:23 -0400] "GET /eine-notwendigkeit-fur-eine-rauchfreie-zukunft/feed/ HTTP/1.1" 200 408 "-" "Mozilla/5.0 AppleWebKit/537.36 (KHTML, like Gecko; compatible; GPTBot/1.2; +https://openai.com/gptbot)"
198.54.114.83 - - [17/Apr/2025:06:49:19 -0400] "POST /wp-cron.php?doing_wp_cron=1744886958.2128679752349853515625 HTTP/1.1" 200 0 "-" "WordPress/6.8; https://fileluna.com"
66.249.70.109 - - [17/Apr/2025:06:49:14 -0400] "GET /umzugsunternehmen-in-luneburg-ihre-perfekte-wahl/ HTTP/1.1" 200 11966 "-" "Mozilla/5.0 (Linux; Android 6.0.1; Nexus 5X Build/MMB29P) AppleWebKit/537.36 (KHTML, like Gecko) Chrome/135.0.7049.84 Mobile Safari/537.36 (compatible; Googlebot/2.1; +http://www.google.com/bot.html)"
198.54.114.83 - - [17/Apr/2025:06:49:20 -0400] "POST /wp-admin/admin-ajax.php?action=async_litespeed&nonce=VCHTjNrQbow8PE70FKS9I3CuxryXS5z2&litespeed_type=imgoptm HTTP/1.1" 200 0 "-" "WordPress/6.8; https://fileluna.com"
66.249.70.108 - - [17/Apr/2025:06:49:22 -0400] "GET /wp-content/themes/newsphere/assets/theiaStickySidebar/theia-sticky-sidebar.min.js?ver=6.8 HTTP/1.1" 304 0 "https://fileluna.com/umzugsunternehmen-in-luneburg-ihre-perfekte-wahl/" "Mozilla/5.0 (Linux; Android 6.0.1; Nexus 5X Build/MMB29P) AppleWebKit/537.36 (KHTML, like Gecko) Chrome/134.0.6998.165 Mobile Safari/537.36 (compatible; Googlebot/2.1; +http://www.google.com/bot.html)"
66.249.70.108 - - [17/Apr/2025:06:49:23 -0400] "GET /wp-content/themes/newsphere/admin-dashboard/dist/newsphere_scripts.build.js?ver=6.8 HTTP/1.1" 304 0 "https://fileluna.com/umzugsunternehmen-in-luneburg-ihre-perfekte-wahl/" "Mozilla/5.0 (Linux; Android 6.0.1; Nexus 5X Build/MMB29P) AppleWebKit/537.36 (KHTML, like Gecko) Chrome/134.0.6998.165 Mobile Safari/537.36 (compatible; Googlebot/2.1; +http://www.google.com/bot.html)"
66.249.70.107 - - [17/Apr/2025:06:49:23 -0400] "GET /wp-content/themes/newsphere/assets/sidr/js/jquery.sidr.min.js?ver=6.8 HTTP/1.1" 200 2937 "https://fileluna.com/umzugsunternehmen-in-luneburg-ihre-perfekte-wahl/" "Mozilla/5.0 (Linux; Android 6.0.1; Nexus 5X Build/MMB29P) AppleWebKit/537.36 (KHTML, like Gecko) Chrome/134.0.6998.165 Mobile Safari/537.36 (compatible; Googlebot/2.1; +http://www.google.com/bot.html)"
66.249.70.107 - - [17/Apr/2025:06:49:23 -0400] "GET /wp-content/themes/headnews/style.css?ver=1.0.2 HTTP/1.1" 200 1523 "https://fileluna.com/umzugsunternehmen-in-luneburg-ihre-perfekte-wahl/" "Mozilla/5.0 (Linux; Android 6.0.1; Nexus 5X Build/MMB29P) AppleWebKit/537.36 (KHTML, like Gecko) Chrome/134.0.6998.165 Mobile Safari/537.36 (compatible; Googlebot/2.1; +http://www.google.com/bot.html)"
66.249.70.107 - - [17/Apr/2025:06:49:25 -0400] "GET /wp-content/themes/newsphere/assets/pagination-script.js?ver=6.8 HTTP/1.1" 304 0 "https://fileluna.com/umzugsunternehmen-in-luneburg-ihre-perfekte-wahl/" "Mozilla/5.0 (Linux; Android 6.0.1; Nexus 5X Build/MMB29P) AppleWebKit/537.36 (KHTML, like Gecko) Chrome/134.0.6998.165 Mobile Safari/537.36 (compatible; Googlebot/2.1; +http://www.google.com/bot.html)"
66.249.70.107 - - [17/Apr/2025:06:49:28 -0400] "GET /wp-content/themes/newsphere/assets/swiper/js/swiper-bundle.min.js?ver=6.8 HTTP/1.1" 200 40436 "https://fileluna.com/umzugsunternehmen-in-luneburg-ihre-perfekte-wahl/" "Mozilla/5.0 (Linux; Android 6.0.1; Nexus 5X Build/MMB29P) AppleWebKit/537.36 (KHTML, like Gecko) Chrome/134.0.6998.165 Mobile Safari/537.36 (compatible; Googlebot/2.1; +http://www.google.com/bot.html)"
66.249.70.107 - - [17/Apr/2025:06:49:35 -0400] "GET /wp-includes/js/jquery/jquery.min.js?ver=3.7.1 HTTP/1.1" 304 0 "https://fileluna.com/umzugsunternehmen-in-luneburg-ihre-perfekte-wahl/" "Mozilla/5.0 (Linux; Android 6.0.1; Nexus 5X Build/MMB29P) AppleWebKit/537.36 (KHTML, like Gecko) Chrome/134.0.6998.165 Mobile Safari/537.36 (compatible; Googlebot/2.1; +http://www.google.com/bot.html)"
20.171.207.122 - - [17/Apr/2025:06:49:37 -0400] "GET /engineering-jobs-unlocking-pathways-to-future-careers/ HTTP/1.1" 200 12036 "-" "Mozilla/5.0 AppleWebKit/537.36 (KHTML, like Gecko; compatible; GPTBot/1.2; +https://openai.com/gptbot)"
66.249.70.107 - - [17/Apr/2025:06:49:39 -0400] "GET /wp-includes/js/comment-reply.min.js?ver=6.8 HTTP/1.1" 200 1247 "https://fileluna.com/umzugsunternehmen-in-luneburg-ihre-perfekte-wahl/" "Mozilla/5.0 (Linux; Android 6.0.1; Nexus 5X Build/MMB29P) AppleWebKit/537.36 (KHTML, like Gecko) Chrome/134.0.6998.165 Mobile Safari/537.36 (compatible; Googlebot/2.1; +http://www.google.com/bot.html)"
66.249.70.107 - - [17/Apr/2025:06:49:44 -0400] "GET /wp-includes/js/wp-emoji-release.min.js?ver=6.8 HTTP/1.1" 304 0 "https://fileluna.com/umzugsunternehmen-in-luneburg-ihre-perfekte-wahl/" "Mozilla/5.0 (Linux; Android 6.0.1; Nexus 5X Build/MMB29P) AppleWebKit/537.36 (KHTML, like Gecko) Chrome/134.0.6998.165 Mobile Safari/537.36 (compatible; Googlebot/2.1; +http://www.google.com/bot.html)"
198.54.114.83 - - [17/Apr/2025:06:50:24 -0400] "POST /wp-cron.php?doing_wp_cron=1744887023.4605851173400878906250 HTTP/1.1" 200 0 "-" "WordPress/6.8; https://fileluna.com"
20.171.207.122 - - [17/Apr/2025:06:50:22 -0400] "GET /the-rise-of-weworkremotely-platform/feed/ HTTP/1.1" 200 401 "-" "Mozilla/5.0 AppleWebKit/537.36 (KHTML, like Gecko; compatible; GPTBot/1.2; +https://openai.com/gptbot)"
198.54.114.83 - - [17/Apr/2025:06:50:24 -0400] "POST /wp-admin/admin-ajax.php?action=async_litespeed&nonce=gXPxkkujN8PzzYwjWBJaDW0vxqHuB64H&litespeed_type=imgoptm HTTP/1.1" 200 0 "-" "WordPress/6.8; https://fileluna.com"
198.54.114.83 - - [17/Apr/2025:06:51:18 -0400] "POST /wp-cron.php?doing_wp_cron=1744887077.3736889362335205078125 HTTP/1.1" 200 0 "-" "WordPress/6.8; https://fileluna.com"
20.171.207.122 - - [17/Apr/2025:06:51:17 -0400] "GET /?p=1017 HTTP/1.1" 301 0 "-" "Mozilla/5.0 AppleWebKit/537.36 (KHTML, like Gecko; compatible; GPTBot/1.2; +https://openai.com/gptbot)"
20.171.207.122 - - [17/Apr/2025:06:51:57 -0400] "GET /xmlrpc.php HTTP/1.1" 405 46 "-" "Mozilla/5.0 AppleWebKit/537.36 (KHTML, like Gecko; compatible; GPTBot/1.2; +https://openai.com/gptbot)"
198.54.114.83 - - [17/Apr/2025:06:52:44 -0400] "POST /wp-cron.php?doing_wp_cron=1744887163.9723610877990722656250 HTTP/1.1" 200 0 "-" "WordPress/6.8; https://fileluna.com"
20.171.207.122 - - [17/Apr/2025:06:52:43 -0400] "GET /the-healing-power-of-massage/ HTTP/1.1" 200 12476 "-" "Mozilla/5.0 AppleWebKit/537.36 (KHTML, like Gecko; compatible; GPTBot/1.2; +https://openai.com/gptbot)"
198.54.114.83 - - [17/Apr/2025:06:52:46 -0400] "POST /wp-admin/admin-ajax.php?action=async_litespeed&nonce=V3s6a3hE1KLVdtJk3EEFIIe4cppl7y1G&litespeed_type=imgoptm HTTP/1.1" 200 0 "-" "WordPress/6.8; https://fileluna.com"
20.171.207.122 - - [17/Apr/2025:06:53:43 -0400] "GET /wp-json/wp/v2/posts/1017 HTTP/1.1" 200 4865 "-" "Mozilla/5.0 AppleWebKit/537.36 (KHTML, like Gecko; compatible; GPTBot/1.2; +https://openai.com/gptbot)"
198.54.114.83 - - [17/Apr/2025:06:53:45 -0400] "POST /wp-cron.php?doing_wp_cron=1744887223.8218379020690917968750 HTTP/1.1" 200 0 "-" "WordPress/6.8; https://fileluna.com"
20.171.207.122 - - [17/Apr/2025:06:54:11 -0400] "GET /?p=1015 HTTP/1.1" 301 0 "-" "Mozilla/5.0 AppleWebKit/537.36 (KHTML, like Gecko; compatible; GPTBot/1.2; +https://openai.com/gptbot)"
198.54.114.83 - - [17/Apr/2025:06:54:54 -0400] "POST /wp-cron.php?doing_wp_cron=1744887293.7129590511322021484375 HTTP/1.1" 200 0 "-" "WordPress/6.8; https://fileluna.com"
20.171.207.122 - - [17/Apr/2025:06:54:53 -0400] "GET /?p=167 HTTP/1.1" 301 0 "-" "Mozilla/5.0 AppleWebKit/537.36 (KHTML, like Gecko; compatible; GPTBot/1.2; +https://openai.com/gptbot)"
20.171.207.122 - - [17/Apr/2025:06:55:30 -0400] "GET /why-investing-in-tiktok-shares-might-be-a-game-changer/feed/ HTTP/1.1" 200 431 "-" "Mozilla/5.0 AppleWebKit/537.36 (KHTML, like Gecko; compatible; GPTBot/1.2; +https://openai.com/gptbot)"
198.54.114.83 - - [17/Apr/2025:06:56:19 -0400] "POST /wp-cron.php?doing_wp_cron=1744887377.7044799327850341796875 HTTP/1.1" 200 0 "-" "WordPress/6.8; https://fileluna.com"
198.54.114.83 - - [17/Apr/2025:06:56:19 -0400] "POST /wp-cron.php?doing_wp_cron=1744887377.7679789066314697265625 HTTP/1.1" 200 0 "-" "WordPress/6.8; https://fileluna.com"
85.215.162.226 - - [17/Apr/2025:06:56:17 -0400] "POST /wp-login.php HTTP/1.1" 200 1884 "-" "Mozilla/5.0"
85.215.162.226 - - [17/Apr/2025:06:56:17 -0400] "POST /wp-login.php HTTP/1.1" 200 1883 "-" "Mozilla/5.0"
198.54.114.83 - - [17/Apr/2025:06:56:19 -0400] "POST /wp-cron.php?doing_wp_cron=1744887377.8113501071929931640625 HTTP/1.1" 200 0 "-" "WordPress/6.8; https://fileluna.com"
20.171.207.122 - - [17/Apr/2025:06:56:17 -0400] "GET /engineering-jobs-unlocking-pathways-to-future-careers/feed/ HTTP/1.1" 200 412 "-" "Mozilla/5.0 AppleWebKit/537.36 (KHTML, like Gecko; compatible; GPTBot/1.2; +https://openai.com/gptbot)"
20.171.207.122 - - [17/Apr/2025:06:56:54 -0400] "GET /streamlining-links-for-maximum-impact/ HTTP/1.1" 200 11977 "-" "Mozilla/5.0 AppleWebKit/537.36 (KHTML, like Gecko; compatible; GPTBot/1.2; +https://openai.com/gptbot)"
198.54.114.83 - - [17/Apr/2025:06:58:23 -0400] "POST /wp-cron.php?doing_wp_cron=1744887502.8648750782012939453125 HTTP/1.1" 200 0 "-" "WordPress/6.8; https://fileluna.com"
20.171.207.122 - - [17/Apr/2025:06:58:18 -0400] "GET /?p=993 HTTP/1.1" 301 0 "-" "Mozilla/5.0 AppleWebKit/537.36 (KHTML, like Gecko; compatible; GPTBot/1.2; +https://openai.com/gptbot)"
198.54.114.83 - - [17/Apr/2025:06:58:24 -0400] "POST /wp-admin/admin-ajax.php?action=async_litespeed&nonce=pME3WebUEjbvZ7ZPvmSI40sew8bi5wqu&litespeed_type=imgoptm HTTP/1.1" 200 0 "-" "WordPress/6.8; https://fileluna.com"
198.54.114.83 - - [17/Apr/2025:06:59:17 -0400] "POST /wp-cron.php?doing_wp_cron=1744887556.1997210979461669921875 HTTP/1.1" 200 0 "-" "WordPress/6.8; https://fileluna.com"
20.171.207.122 - - [17/Apr/2025:06:59:15 -0400] "GET /enhancing-productivity-with-business-trip-massage/ HTTP/1.1" 200 11931 "-" "Mozilla/5.0 AppleWebKit/537.36 (KHTML, like Gecko; compatible; GPTBot/1.2; +https://openai.com/gptbot)"
20.171.207.122 - - [17/Apr/2025:07:00:03 -0400] "GET /xmlrpc.php HTTP/1.1" 405 46 "-" "Mozilla/5.0 AppleWebKit/537.36 (KHTML, like Gecko; compatible; GPTBot/1.2; +https://openai.com/gptbot)"
198.54.114.83 - - [17/Apr/2025:07:00:43 -0400] "POST /wp-cron.php?doing_wp_cron=1744887642.1262619495391845703125 HTTP/1.1" 200 0 "-" "WordPress/6.8; https://fileluna.com"
20.171.207.122 - - [17/Apr/2025:07:00:41 -0400] "GET /the-healing-power-of-massage/feed/ HTTP/1.1" 200 391 "-" "Mozilla/5.0 AppleWebKit/537.36 (KHTML, like Gecko; compatible; GPTBot/1.2; +https://openai.com/gptbot)"
20.171.207.122 - - [17/Apr/2025:07:01:11 -0400] "GET /the-power-of-uv-printers/ HTTP/1.1" 200 11997 "-" "Mozilla/5.0 AppleWebKit/537.36 (KHTML, like Gecko; compatible; GPTBot/1.2; +https://openai.com/gptbot)"
198.54.114.83 - - [17/Apr/2025:07:01:46 -0400] "POST /wp-cron.php?doing_wp_cron=1744887705.7316660881042480468750 HTTP/1.1" 200 0 "-" "WordPress/6.8; https://fileluna.com"
20.171.207.122 - - [17/Apr/2025:07:01:45 -0400] "GET /wp-json/wp/v2/posts/1015 HTTP/1.1" 200 4125 "-" "Mozilla/5.0 AppleWebKit/537.36 (KHTML, like Gecko; compatible; GPTBot/1.2; +https://openai.com/gptbot)"
198.54.114.83 - - [17/Apr/2025:07:01:47 -0400] "POST /wp-admin/admin-ajax.php?action=async_litespeed&nonce=lhhDj2uTSEknfa17Y2m22nF8Yv5f1BeS&litespeed_type=imgoptm HTTP/1.1" 200 0 "-" "WordPress/6.8; https://fileluna.com"
198.54.114.83 - - [17/Apr/2025:07:02:38 -0400] "POST /wp-cron.php?doing_wp_cron=1744887757.2920880317687988281250 HTTP/1.1" 200 0 "-" "WordPress/6.8; https://fileluna.com"
20.171.207.122 - - [17/Apr/2025:07:02:36 -0400] "GET /the-timeless-charm-of-the-puka-shell-bracelet/ HTTP/1.1" 200 12012 "-" "Mozilla/5.0 AppleWebKit/537.36 (KHTML, like Gecko; compatible; GPTBot/1.2; +https://openai.com/gptbot)"
198.54.114.83 - - [17/Apr/2025:07:02:39 -0400] "POST /wp-admin/admin-ajax.php?action=async_litespeed&nonce=AXTjze071a2dtSyjoAXX1i3KV5DoLyEO&litespeed_type=imgoptm HTTP/1.1" 200 0 "-" "WordPress/6.8; https://fileluna.com"
20.171.207.122 - - [17/Apr/2025:07:03:07 -0400] "GET /?p=169 HTTP/1.1" 301 0 "-" "Mozilla/5.0 AppleWebKit/537.36 (KHTML, like Gecko; compatible; GPTBot/1.2; +https://openai.com/gptbot)"
198.54.114.83 - - [17/Apr/2025:07:03:36 -0400] "POST /wp-cron.php?doing_wp_cron=1744887816.4631230831146240234375 HTTP/1.1" 200 0 "-" "WordPress/6.8; https://fileluna.com"
20.171.207.122 - - [17/Apr/2025:07:03:35 -0400] "GET /streamlining-links-for-maximum-impact/feed/ HTTP/1.1" 200 397 "-" "Mozilla/5.0 AppleWebKit/537.36 (KHTML, like Gecko; compatible; GPTBot/1.2; +https://openai.com/gptbot)"
198.54.114.83 - - [17/Apr/2025:07:03:38 -0400] "POST /wp-admin/admin-ajax.php?action=async_litespeed&nonce=JmhqNN5gbFdVbf3UGJGku3KPx0ADa6Zs&litespeed_type=imgoptm HTTP/1.1" 200 0 "-" "WordPress/6.8; https://fileluna.com"
20.171.207.122 - - [17/Apr/2025:07:04:11 -0400] "GET /page/47/ HTTP/1.1" 200 13176 "-" "Mozilla/5.0 AppleWebKit/537.36 (KHTML, like Gecko; compatible; GPTBot/1.2; +https://openai.com/gptbot)"
198.54.114.83 - - [17/Apr/2025:07:04:44 -0400] "POST /wp-cron.php?doing_wp_cron=1744887882.9431009292602539062500 HTTP/1.1" 200 0 "-" "WordPress/6.8; https://fileluna.com"
20.171.207.122 - - [17/Apr/2025:07:04:42 -0400] "GET /page/45/ HTTP/1.1" 200 12907 "-" "Mozilla/5.0 AppleWebKit/537.36 (KHTML, like Gecko; compatible; GPTBot/1.2; +https://openai.com/gptbot)"
198.54.114.83 - - [17/Apr/2025:07:07:08 -0400] "POST /wp-cron.php?doing_wp_cron=1744888027.2489609718322753906250 HTTP/1.1" 200 0 "-" "WordPress/6.8; https://fileluna.com"
20.171.207.122 - - [17/Apr/2025:07:07:04 -0400] "GET /?p=1013 HTTP/1.1" 301 0 "-" "Mozilla/5.0 AppleWebKit/537.36 (KHTML, like Gecko; compatible; GPTBot/1.2; +https://openai.com/gptbot)"
85.215.162.226 - - [17/Apr/2025:07:07:10 -0400] "POST /wp-login.php HTTP/1.1" 200 1884 "-" "Mozilla/5.0"
85.215.162.226 - - [17/Apr/2025:07:07:10 -0400] "POST /wp-login.php HTTP/1.1" 200 1883 "-" "Mozilla/5.0"
20.171.207.122 - - [17/Apr/2025:07:07:52 -0400] "GET /?p=171 HTTP/1.1" 301 0 "-" "Mozilla/5.0 AppleWebKit/537.36 (KHTML, like Gecko; compatible; GPTBot/1.2; +https://openai.com/gptbot)"
198.54.114.83 - - [17/Apr/2025:07:08:33 -0400] "POST /wp-cron.php?doing_wp_cron=1744888111.7712130546569824218750 HTTP/1.1" 200 0 "-" "WordPress/6.8; https://fileluna.com"
20.171.207.122 - - [17/Apr/2025:07:08:31 -0400] "GET /?p=992 HTTP/1.1" 301 0 "-" "Mozilla/5.0 AppleWebKit/537.36 (KHTML, like Gecko; compatible; GPTBot/1.2; +https://openai.com/gptbot)"
198.54.114.83 - - [17/Apr/2025:07:08:34 -0400] "POST /wp-admin/admin-ajax.php?action=async_litespeed&nonce=llhnBBJ6ALtLF0lx73AyYOzuU2FvPQyq&litespeed_type=imgoptm HTTP/1.1" 200 0 "-" "WordPress/6.8; https://fileluna.com"
20.171.207.122 - - [17/Apr/2025:07:09:03 -0400] "GET /the-versatility-of-dtf-film-in-modern-printing/ HTTP/1.1" 200 12161 "-" "Mozilla/5.0 AppleWebKit/537.36 (KHTML, like Gecko; compatible; GPTBot/1.2; +https://openai.com/gptbot)"
198.54.114.83 - - [17/Apr/2025:07:09:37 -0400] "POST /wp-cron.php?doing_wp_cron=1744888177.3407731056213378906250 HTTP/1.1" 200 0 "-" "WordPress/6.8; https://fileluna.com"
20.171.207.122 - - [17/Apr/2025:07:09:36 -0400] "GET /the-timeless-charm-of-the-puka-shell-bracelet/feed/ HTTP/1.1" 200 415 "-" "Mozilla/5.0 AppleWebKit/537.36 (KHTML, like Gecko; compatible; GPTBot/1.2; +https://openai.com/gptbot)"
198.54.114.83 - - [17/Apr/2025:07:09:38 -0400] "POST /wp-admin/admin-ajax.php?action=async_litespeed&nonce=3dPdZqnDavNyfoeHyJP7eUXdcXTVI8xm&litespeed_type=imgoptm HTTP/1.1" 200 0 "-" "WordPress/6.8; https://fileluna.com"
198.54.114.83 - - [17/Apr/2025:07:10:21 -0400] "POST /wp-cron.php?doing_wp_cron=1744888220.2788639068603515625000 HTTP/1.1" 200 0 "-" "WordPress/6.8; https://fileluna.com"
20.171.207.122 - - [17/Apr/2025:07:10:19 -0400] "GET /enhancing-productivity-with-business-trip-massage/feed/ HTTP/1.1" 200 407 "-" "Mozilla/5.0 AppleWebKit/537.36 (KHTML, like Gecko; compatible; GPTBot/1.2; +https://openai.com/gptbot)"
198.54.114.83 - - [17/Apr/2025:07:10:22 -0400] "POST /wp-admin/admin-ajax.php?action=async_litespeed&nonce=Og5w0mwpxR4v3VWgkLaKbz5rHQxbjSAg&litespeed_type=imgoptm HTTP/1.1" 200 0 "-" "WordPress/6.8; https://fileluna.com"
66.249.70.107 - - [17/Apr/2025:07:10:22 -0400] "GET /2023/12/ HTTP/1.1" 200 11042 "-" "Mozilla/5.0 (Linux; Android 6.0.1; Nexus 5X Build/MMB29P) AppleWebKit/537.36 (KHTML, like Gecko) Chrome/135.0.7049.84 Mobile Safari/537.36 (compatible; Googlebot/2.1; +http://www.google.com/bot.html)"
20.171.207.122 - - [17/Apr/2025:07:10:53 -0400] "GET /unraveling-the-best-german-classes-in-london/ HTTP/1.1" 200 12071 "-" "Mozilla/5.0 AppleWebKit/537.36 (KHTML, like Gecko; compatible; GPTBot/1.2; +https://openai.com/gptbot)"
20.171.207.122 - - [17/Apr/2025:07:11:07 -0400] "GET /carte-magic-the-gathering-un-mondo-di-strategie-e-collezionismo/ HTTP/1.1" 200 11852 "-" "Mozilla/5.0 AppleWebKit/537.36 (KHTML, like Gecko; compatible; GPTBot/1.2; +https://openai.com/gptbot)"
198.54.114.83 - - [17/Apr/2025:07:11:22 -0400] "POST /wp-cron.php?doing_wp_cron=1744888281.8466689586639404296875 HTTP/1.1" 200 0 "-" "WordPress/6.8; https://fileluna.com"
66.249.70.108 - - [17/Apr/2025:07:11:21 -0400] "GET /a-fresh-look-at-bathroom-renovations-in-melbournes-western-suburbs/ HTTP/1.1" 200 12095 "-" "Mozilla/5.0 (Linux; Android 6.0.1; Nexus 5X Build/MMB29P) AppleWebKit/537.36 (KHTML, like Gecko) Chrome/135.0.7049.84 Mobile Safari/537.36 (compatible; GoogleOther)"
198.54.114.83 - - [17/Apr/2025:07:11:24 -0400] "POST /wp-admin/admin-ajax.php?action=async_litespeed&nonce=mmquPGEuXlmKZjAkNjYethgBf6p0daKV&litespeed_type=imgoptm HTTP/1.1" 200 0 "-" "WordPress/6.8; https://fileluna.com"
66.249.70.108 - - [17/Apr/2025:07:11:26 -0400] "GET /robots.txt HTTP/1.1" 304 0 "-" "Mozilla/5.0 (compatible; Googlebot/2.1; +http://www.google.com/bot.html)"
66.249.70.107 - - [17/Apr/2025:07:11:28 -0400] "GET / HTTP/1.1" 200 12777 "-" "Mozilla/5.0 (compatible; Googlebot/2.1; +http://www.google.com/bot.html)"
66.249.70.107 - - [17/Apr/2025:07:11:31 -0400] "GET /wp-includes/js/jquery/jquery-migrate.min.js?ver=3.4.1 HTTP/1.1" 200 4678 "https://fileluna.com/" "Mozilla/5.0 AppleWebKit/537.36 (KHTML, like Gecko; compatible; Googlebot/2.1; +http://www.google.com/bot.html) Chrome/134.0.6998.165 Safari/537.36"
20.171.207.122 - - [17/Apr/2025:07:11:36 -0400] "GET /the-benefits-of-replacing-concrete-driveways-in-northern-colorado/ HTTP/1.1" 200 11841 "-" "Mozilla/5.0 AppleWebKit/537.36 (KHTML, like Gecko; compatible; GPTBot/1.2; +https://openai.com/gptbot)"
20.171.207.122 - - [17/Apr/2025:07:12:09 -0400] "GET /la-magia-delle-carte-di-magic-the-gathering/ HTTP/1.1" 200 12146 "-" "Mozilla/5.0 AppleWebKit/537.36 (KHTML, like Gecko; compatible; GPTBot/1.2; +https://openai.com/gptbot)"
20.171.207.122 - - [17/Apr/2025:07:12:48 -0400] "GET /finding-affordable-concrete-contractors-in-northern-colorado/ HTTP/1.1" 200 12053 "-" "Mozilla/5.0 AppleWebKit/537.36 (KHTML, like Gecko; compatible; GPTBot/1.2; +https://openai.com/gptbot)"
198.54.114.83 - - [17/Apr/2025:07:12:50 -0400] "POST /wp-cron.php?doing_wp_cron=1744888368.8280980587005615234375 HTTP/1.1" 200 0 "-" "WordPress/6.8; https://fileluna.com"
66.249.70.108 - - [17/Apr/2025:07:13:26 -0400] "GET /umzugsunternehmen-in-luneburg-ihr-partner-fur-einen-reibungslosen-umzug-2/ HTTP/1.1" 200 11967 "-" "Mozilla/5.0 (Linux; Android 6.0.1; Nexus 5X Build/MMB29P) AppleWebKit/537.36 (KHTML, like Gecko) Chrome/135.0.7049.84 Mobile Safari/537.36 (compatible; Googlebot/2.1; +http://www.google.com/bot.html)"
20.171.207.122 - - [17/Apr/2025:07:15:23 -0400] "GET /?p=174 HTTP/1.1" 301 0 "-" "Mozilla/5.0 AppleWebKit/537.36 (KHTML, like Gecko; compatible; GPTBot/1.2; +https://openai.com/gptbot)"
93.158.90.73 - - [17/Apr/2025:07:15:29 -0400] "GET /robots.txt HTTP/1.1" 200 61 "http://fileluna.com/robots.txt" "Mozilla/5.0 (Linux; U; Android 13; sk-sk; Xiaomi 11T Pro Build/TKQ1.220829.002) AppleWebKit/537.36 (KHTML, like Gecko) Version/4.0 Chrome/112.0.5615.136 Mobile Safari/537.36 XiaoMi/MiuiBrowser/14.4.0-g"
198.54.114.83 - - [17/Apr/2025:07:15:31 -0400] "POST /wp-cron.php?doing_wp_cron=1744888527.7890160083770751953125 HTTP/1.1" 200 0 "-" "WordPress/6.8; https://fileluna.com"
93.158.90.67 - - [17/Apr/2025:07:15:38 -0400] "GET / HTTP/1.1" 200 12777 "http://fileluna.com/" "Mozilla/5.0 (Linux; U; Android 13; sk-sk; Xiaomi 11T Pro Build/TKQ1.220829.002) AppleWebKit/537.36 (KHTML, like Gecko) Version/4.0 Chrome/112.0.5615.136 Mobile Safari/537.36 XiaoMi/MiuiBrowser/14.4.0-g"
20.171.207.122 - - [17/Apr/2025:07:15:59 -0400] "GET /?p=215 HTTP/1.1" 301 0 "-" "Mozilla/5.0 AppleWebKit/537.36 (KHTML, like Gecko; compatible; GPTBot/1.2; +https://openai.com/gptbot)"
20.171.207.122 - - [17/Apr/2025:07:16:26 -0400] "GET /?p=1011 HTTP/1.1" 301 0 "-" "Mozilla/5.0 AppleWebKit/537.36 (KHTML, like Gecko; compatible; GPTBot/1.2; +https://openai.com/gptbot)"
198.54.114.83 - - [17/Apr/2025:07:16:59 -0400] "POST /wp-cron.php?doing_wp_cron=1744888618.8165171146392822265625 HTTP/1.1" 200 0 "-" "WordPress/6.8; https://fileluna.com"
20.171.207.122 - - [17/Apr/2025:07:16:58 -0400] "GET /?p=219 HTTP/1.1" 301 0 "-" "Mozilla/5.0 AppleWebKit/537.36 (KHTML, like Gecko; compatible; GPTBot/1.2; +https://openai.com/gptbot)"
198.54.114.83 - - [17/Apr/2025:07:17:00 -0400] "POST /wp-admin/admin-ajax.php?action=async_litespeed&nonce=Ta009njYoInmOICCqbuZPdclrPXgBfam&litespeed_type=imgoptm HTTP/1.1" 200 0 "-" "WordPress/6.8; https://fileluna.com"
198.54.114.83 - - [17/Apr/2025:07:17:33 -0400] "POST /wp-cron.php?doing_wp_cron=1744888651.7514510154724121093750 HTTP/1.1" 200 0 "-" "WordPress/6.8; https://fileluna.com"
20.171.207.122 - - [17/Apr/2025:07:17:30 -0400] "GET /carte-magic-the-gathering-un-mondo-di-strategie-e-collezionismo/feed/ HTTP/1.1" 200 436 "-" "Mozilla/5.0 AppleWebKit/537.36 (KHTML, like Gecko; compatible; GPTBot/1.2; +https://openai.com/gptbot)"
85.215.162.226 - - [17/Apr/2025:07:18:04 -0400] "POST /wp-login.php HTTP/1.1" 200 1883 "-" "Mozilla/5.0"
85.215.162.226 - - [17/Apr/2025:07:18:04 -0400] "POST /wp-login.php HTTP/1.1" 200 1884 "-" "Mozilla/5.0"
198.54.114.83 - - [17/Apr/2025:07:18:39 -0400] "POST /wp-cron.php?doing_wp_cron=1744888718.2282540798187255859375 HTTP/1.1" 200 0 "-" "WordPress/6.8; https://fileluna.com"
20.171.207.122 - - [17/Apr/2025:07:18:37 -0400] "GET /the-benefits-of-replacing-concrete-driveways-in-northern-colorado/feed/ HTTP/1.1" 200 428 "-" "Mozilla/5.0 AppleWebKit/537.36 (KHTML, like Gecko; compatible; GPTBot/1.2; +https://openai.com/gptbot)"
198.54.114.83 - - [17/Apr/2025:07:18:40 -0400] "POST /wp-admin/admin-ajax.php?action=async_litespeed&nonce=xTSLxFdCFfghFt47XwIIS3JejX73Mhd7&litespeed_type=imgoptm HTTP/1.1" 200 0 "-" "WordPress/6.8; https://fileluna.com"
198.54.114.83 - - [17/Apr/2025:07:19:20 -0400] "POST /wp-cron.php?doing_wp_cron=1744888759.8138580322265625000000 HTTP/1.1" 200 0 "-" "WordPress/6.8; https://fileluna.com"
198.54.114.83 - - [17/Apr/2025:07:19:21 -0400] "POST /wp-admin/admin-ajax.php?action=async_litespeed&nonce=OCp05T16VGKPrxyx2oqgf5KSW9Y2G5eg&litespeed_type=imgoptm HTTP/1.1" 200 5 "-" "WordPress/6.8; https://fileluna.com"
66.249.70.102 - - [17/Apr/2025:07:19:19 -0400] "GET /category/general/ HTTP/1.1" 200 9642 "-" "Mozilla/5.0 (Linux; Android 6.0.1; Nexus 5X Build/MMB29P) AppleWebKit/537.36 (KHTML, like Gecko) Chrome/135.0.7049.84 Mobile Safari/537.36 (compatible; GoogleOther)"
20.171.207.122 - - [17/Apr/2025:07:19:29 -0400] "GET /gitarre-lernen-in-dusseldorf-der-weg-zu-musikalischer-freiheit/ HTTP/1.1" 200 12459 "-" "Mozilla/5.0 AppleWebKit/537.36 (KHTML, like Gecko; compatible; GPTBot/1.2; +https://openai.com/gptbot)"
20.171.207.122 - - [17/Apr/2025:07:19:36 -0400] "GET /?p=211 HTTP/1.1" 301 0 "-" "Mozilla/5.0 AppleWebKit/537.36 (KHTML, like Gecko; compatible; GPTBot/1.2; +https://openai.com/gptbot)"
121.40.58.137 - - [17/Apr/2025:07:19:37 -0400] "POST /xmlrpc.php HTTP/1.1" 200 205 "-" "Mozilla/5.0 (X11; Fedora; Linux x86_64; rv:94.0) Gecko/20100101 Firefox/95.0"
20.171.207.122 - - [17/Apr/2025:07:20:16 -0400] "GET /the-versatility-of-dtf-film-in-modern-printing/feed/ HTTP/1.1" 200 416 "-" "Mozilla/5.0 AppleWebKit/537.36 (KHTML, like Gecko; compatible; GPTBot/1.2; +https://openai.com/gptbot)"
198.54.114.83 - - [17/Apr/2025:07:20:19 -0400] "POST /wp-cron.php?doing_wp_cron=1744888817.1580491065979003906250 HTTP/1.1" 200 0 "-" "WordPress/6.8; https://fileluna.com"
20.171.207.122 - - [17/Apr/2025:07:20:19 -0400] "GET /?p=217 HTTP/1.1" 301 0 "-" "Mozilla/5.0 AppleWebKit/537.36 (KHTML, like Gecko; compatible; GPTBot/1.2; +https://openai.com/gptbot)"
20.171.207.122 - - [17/Apr/2025:07:21:13 -0400] "GET /la-magia-delle-carte-di-magic-the-gathering/feed/ HTTP/1.1" 200 410 "-" "Mozilla/5.0 AppleWebKit/537.36 (KHTML, like Gecko; compatible; GPTBot/1.2; +https://openai.com/gptbot)"
66.249.70.104 - - [17/Apr/2025:07:22:02 -0400] "GET /wp-content/themes/newsphere/js/navigation.js?ver=20151215 HTTP/1.1" 304 0 "https://fileluna.com/umzugsunternehmen-in-luneburg-ihr-partner-fur-einen-reibungslosen-umzug-2/" "Mozilla/5.0 (Linux; Android 6.0.1; Nexus 5X Build/MMB29P) AppleWebKit/537.36 (KHTML, like Gecko) Chrome/134.0.6998.165 Mobile Safari/537.36 (compatible; Googlebot/2.1; +http://www.google.com/bot.html)"
66.249.70.104 - - [17/Apr/2025:07:22:02 -0400] "GET /wp-content/themes/newsphere/assets/bootstrap/js/bootstrap.min.js?ver=6.8 HTTP/1.1" 304 0 "https://fileluna.com/umzugsunternehmen-in-luneburg-ihr-partner-fur-einen-reibungslosen-umzug-2/" "Mozilla/5.0 (Linux; Android 6.0.1; Nexus 5X Build/MMB29P) AppleWebKit/537.36 (KHTML, like Gecko) Chrome/134.0.6998.165 Mobile Safari/537.36 (compatible; Googlebot/2.1; +http://www.google.com/bot.html)"
66.249.70.104 - - [17/Apr/2025:07:22:03 -0400] "GET /wp-content/themes/newsphere/assets/marquee/jquery.marquee.js?ver=6.8 HTTP/1.1" 304 0 "https://fileluna.com/umzugsunternehmen-in-luneburg-ihr-partner-fur-einen-reibungslosen-umzug-2/" "Mozilla/5.0 (Linux; Android 6.0.1; Nexus 5X Build/MMB29P) AppleWebKit/537.36 (KHTML, like Gecko) Chrome/134.0.6998.165 Mobile Safari/537.36 (compatible; Googlebot/2.1; +http://www.google.com/bot.html)"
66.249.70.104 - - [17/Apr/2025:07:22:03 -0400] "GET /wp-content/themes/newsphere/assets/jquery-match-height/jquery.matchHeight.min.js?ver=6.8 HTTP/1.1" 304 0 "https://fileluna.com/umzugsunternehmen-in-luneburg-ihr-partner-fur-einen-reibungslosen-umzug-2/" "Mozilla/5.0 (Linux; Android 6.0.1; Nexus 5X Build/MMB29P) AppleWebKit/537.36 (KHTML, like Gecko) Chrome/134.0.6998.165 Mobile Safari/537.36 (compatible; Googlebot/2.1; +http://www.google.com/bot.html)"
66.249.70.102 - - [17/Apr/2025:07:22:04 -0400] "GET /wp-content/themes/newsphere/assets/magnific-popup/jquery.magnific-popup.min.js?ver=6.8 HTTP/1.1" 304 0 "https://fileluna.com/umzugsunternehmen-in-luneburg-ihr-partner-fur-einen-reibungslosen-umzug-2/" "Mozilla/5.0 (Linux; Android 6.0.1; Nexus 5X Build/MMB29P) AppleWebKit/537.36 (KHTML, like Gecko) Chrome/134.0.6998.165 Mobile Safari/537.36 (compatible; Googlebot/2.1; +http://www.google.com/bot.html)"
109.123.236.97 - - [17/Apr/2025:07:22:04 -0400] "GET /wp-login.php HTTP/1.1" 200 1760 "-" "GRequests/0.10"
20.171.207.122 - - [17/Apr/2025:07:22:07 -0400] "GET /finding-affordable-concrete-contractors-in-northern-colorado/feed/ HTTP/1.1" 200 420 "-" "Mozilla/5.0 AppleWebKit/537.36 (KHTML, like Gecko; compatible; GPTBot/1.2; +https://openai.com/gptbot)"
198.54.114.83 - - [17/Apr/2025:07:22:08 -0400] "POST /wp-cron.php?doing_wp_cron=1744888927.1083710193634033203125 HTTP/1.1" 200 0 "-" "WordPress/6.8; https://fileluna.com"
109.123.236.97 - - [17/Apr/2025:07:22:06 -0400] "POST /wp-login.php HTTP/1.1" 200 1897 "-" "GRequests/0.10"
94.21.234.125 - - [17/Apr/2025:07:22:15 -0400] "HEAD /feed/ HTTP/1.1" 304 0 "-" "Mozilla/5.0 (Macintosh; U; Intel Mac OS X 10.58; en-US; rv:1.9.0.15) Gecko/20100101 Safari/55.16"
94.21.234.125 - - [17/Apr/2025:07:22:18 -0400] "GET /feed/ HTTP/1.1" 200 10655 "-" "Mozilla/5.0 (Macintosh; U; Intel Mac OS X 10.58; en-US; rv:1.9.0.15) Gecko/20100101 Safari/55.15"
198.54.114.83 - - [17/Apr/2025:07:24:05 -0400] "POST /wp-cron.php?doing_wp_cron=1744889044.8592638969421386718750 HTTP/1.1" 200 0 "-" "WordPress/6.8; https://fileluna.com"
198.54.114.83 - - [17/Apr/2025:07:24:06 -0400] "POST /wp-admin/admin-ajax.php?action=async_litespeed&nonce=ICpVYurd0SQPyDhbGq53qIyZmzEot3Vj&litespeed_type=imgoptm HTTP/1.1" 200 0 "-" "WordPress/6.8; https://fileluna.com"
20.171.207.122 - - [17/Apr/2025:07:24:02 -0400] "GET /meisterhafte-verhandlungen-ein-leitfaden-fur-einkaufstrainings/ HTTP/1.1" 200 11858 "-" "Mozilla/5.0 AppleWebKit/537.36 (KHTML, like Gecko; compatible; GPTBot/1.2; +https://openai.com/gptbot)"
198.54.114.83 - - [17/Apr/2025:07:25:08 -0400] "POST /wp-cron.php?doing_wp_cron=1744889107.6787390708923339843750 HTTP/1.1" 200 0 "-" "WordPress/6.8; https://fileluna.com"
20.171.207.122 - - [17/Apr/2025:07:25:07 -0400] "GET /gitarre-lernen-in-dusseldorf-der-weg-zu-musikalischer-freiheit/feed/ HTTP/1.1" 200 442 "-" "Mozilla/5.0 AppleWebKit/537.36 (KHTML, like Gecko; compatible; GPTBot/1.2; +https://openai.com/gptbot)"
198.54.114.83 - - [17/Apr/2025:07:25:09 -0400] "POST /wp-admin/admin-ajax.php?action=async_litespeed&nonce=l2Gwla5ia6xeNmtHihQr9oJ7JyGxU0cM&litespeed_type=imgoptm HTTP/1.1" 200 0 "-" "WordPress/6.8; https://fileluna.com"
198.54.114.83 - - [17/Apr/2025:07:26:16 -0400] "POST /wp-cron.php?doing_wp_cron=1744889175.4645340442657470703125 HTTP/1.1" 200 0 "-" "WordPress/6.8; https://fileluna.com"
20.171.207.122 - - [17/Apr/2025:07:26:14 -0400] "GET /?p=1007 HTTP/1.1" 301 0 "-" "Mozilla/5.0 AppleWebKit/537.36 (KHTML, like Gecko; compatible; GPTBot/1.2; +https://openai.com/gptbot)"
198.54.114.83 - - [17/Apr/2025:07:26:17 -0400] "POST /wp-admin/admin-ajax.php?action=async_litespeed&nonce=uWJOg6H8EYGGlMSobAOgwLwWTIug2FnV&litespeed_type=imgoptm HTTP/1.1" 200 0 "-" "WordPress/6.8; https://fileluna.com"
66.249.70.110 - - [17/Apr/2025:07:26:29 -0400] "GET /gitarrenunterricht-in-dusseldorf-entdecken-sie-ihre-leidenschaft-fur-musik/ HTTP/1.1" 200 11909 "-" "Mozilla/5.0 (Linux; Android 6.0.1; Nexus 5X Build/MMB29P) AppleWebKit/537.36 (KHTML, like Gecko) Chrome/135.0.7049.84 Mobile Safari/537.36 (compatible; Googlebot/2.1; +http://www.google.com/bot.html)"
20.171.207.122 - - [17/Apr/2025:07:26:58 -0400] "GET /unraveling-the-best-german-classes-in-london/feed/ HTTP/1.1" 200 408 "-" "Mozilla/5.0 AppleWebKit/537.36 (KHTML, like Gecko; compatible; GPTBot/1.2; +https://openai.com/gptbot)"
170.106.84.136 - - [17/Apr/2025:07:27:23 -0400] "GET / HTTP/1.1" 200 12777 "http://fileluna.com" "Mozilla/5.0 (iPhone; CPU iPhone OS 13_2_3 like Mac OS X) AppleWebKit/605.1.15 (KHTML, like Gecko) Version/13.0.3 Mobile/15E148 Safari/604.1"
198.54.114.83 - - [17/Apr/2025:07:27:31 -0400] "POST /wp-cron.php?doing_wp_cron=1744889250.3109009265899658203125 HTTP/1.1" 200 0 "-" "WordPress/6.8; https://fileluna.com"
20.171.207.122 - - [17/Apr/2025:07:27:29 -0400] "GET /exploring-the-thrills-of-online-casino-entertainment/ HTTP/1.1" 200 11986 "-" "Mozilla/5.0 AppleWebKit/537.36 (KHTML, like Gecko; compatible; GPTBot/1.2; +https://openai.com/gptbot)"
20.171.207.122 - - [17/Apr/2025:07:27:50 -0400] "GET /exploring-homes-for-sale-in-portland-oregon/ HTTP/1.1" 200 12232 "-" "Mozilla/5.0 AppleWebKit/537.36 (KHTML, like Gecko; compatible; GPTBot/1.2; +https://openai.com/gptbot)"
216.244.66.246 - - [17/Apr/2025:07:27:59 -0400] "GET /robots.txt HTTP/1.1" 200 61 "-" "Mozilla/5.0 (compatible; DotBot/1.2; +https://opensiteexplorer.org/dotbot; help@moz.com)"
20.171.207.122 - - [17/Apr/2025:07:28:01 -0400] "GET /mastering-zhu-yuan-skill-priority-guide/ HTTP/1.1" 200 12131 "-" "Mozilla/5.0 AppleWebKit/537.36 (KHTML, like Gecko; compatible; GPTBot/1.2; +https://openai.com/gptbot)"
198.54.114.83 - - [17/Apr/2025:07:28:34 -0400] "POST /wp-cron.php?doing_wp_cron=1744889313.0697948932647705078125 HTTP/1.1" 200 0 "-" "WordPress/6.8; https://fileluna.com"
20.171.207.122 - - [17/Apr/2025:07:28:32 -0400] "GET /the-evolution-and-appeal-of-online-casinos/ HTTP/1.1" 200 11983 "-" "Mozilla/5.0 AppleWebKit/537.36 (KHTML, like Gecko; compatible; GPTBot/1.2; +https://openai.com/gptbot)"
85.215.162.226 - - [17/Apr/2025:07:29:05 -0400] "POST /wp-login.php HTTP/1.1" 200 1884 "-" "Mozilla/5.0"
85.215.162.226 - - [17/Apr/2025:07:29:05 -0400] "POST /wp-login.php HTTP/1.1" 200 1883 "-" "Mozilla/5.0"
20.171.207.122 - - [17/Apr/2025:07:29:11 -0400] "GET /the-healing-touch-for-business-travelers/ HTTP/1.1" 200 12367 "-" "Mozilla/5.0 AppleWebKit/537.36 (KHTML, like Gecko; compatible; GPTBot/1.2; +https://openai.com/gptbot)"
198.54.114.83 - - [17/Apr/2025:07:29:45 -0400] "POST /wp-cron.php?doing_wp_cron=1744889385.3529961109161376953125 HTTP/1.1" 200 0 "-" "WordPress/6.8; https://fileluna.com"
198.54.114.83 - - [17/Apr/2025:07:29:45 -0400] "POST /wp-admin/admin-ajax.php?action=async_litespeed&nonce=qnPjvhU0PuJlNgqbuWMekdrT4QXy0oZz&litespeed_type=imgoptm HTTP/1.1" 200 5 "-" "WordPress/6.8; https://fileluna.com"
20.171.207.122 - - [17/Apr/2025:07:29:45 -0400] "GET /le-origini-delle-carte-dragon-ball/ HTTP/1.1" 200 11859 "-" "Mozilla/5.0 AppleWebKit/537.36 (KHTML, like Gecko; compatible; GPTBot/1.2; +https://openai.com/gptbot)"
20.171.207.122 - - [17/Apr/2025:07:30:21 -0400] "GET /xmlrpc.php HTTP/1.1" 405 46 "-" "Mozilla/5.0 AppleWebKit/537.36 (KHTML, like Gecko; compatible; GPTBot/1.2; +https://openai.com/gptbot)"
198.54.114.83 - - [17/Apr/2025:07:30:23 -0400] "POST /wp-cron.php?doing_wp_cron=1744889421.7233779430389404296875 HTTP/1.1" 200 0 "-" "WordPress/6.8; https://fileluna.com"
66.249.70.97 - - [17/Apr/2025:07:31:29 -0400] "GET /wp-content/themes/newsphere/js/skip-link-focus-fix.js?ver=20151215 HTTP/1.1" 304 0 "https://fileluna.com/2023/12/" "Mozilla/5.0 (Linux; Android 6.0.1; Nexus 5X Build/MMB29P) AppleWebKit/537.36 (KHTML, like Gecko) Chrome/134.0.6998.165 Mobile Safari/537.36 (compatible; Googlebot/2.1; +http://www.google.com/bot.html)"
198.54.114.83 - - [17/Apr/2025:07:32:05 -0400] "POST /wp-cron.php?doing_wp_cron=1744889524.7536211013793945312500 HTTP/1.1" 200 0 "-" "WordPress/6.8; https://fileluna.com"
20.171.207.122 - - [17/Apr/2025:07:32:00 -0400] "GET /?p=1008 HTTP/1.1" 301 0 "-" "Mozilla/5.0 AppleWebKit/537.36 (KHTML, like Gecko; compatible; GPTBot/1.2; +https://openai.com/gptbot)"
198.54.114.83 - - [17/Apr/2025:07:32:08 -0400] "POST /wp-admin/admin-ajax.php?action=async_litespeed&nonce=1f69RZHvmTb3nECNJEKA8oKv4KN2kG0G&litespeed_type=imgoptm HTTP/1.1" 200 0 "-" "WordPress/6.8; https://fileluna.com"
198.54.114.83 - - [17/Apr/2025:07:32:40 -0400] "POST /wp-cron.php?doing_wp_cron=1744889559.6543960571289062500000 HTTP/1.1" 200 0 "-" "WordPress/6.8; https://fileluna.com"
20.171.207.122 - - [17/Apr/2025:07:32:39 -0400] "GET /?p=221 HTTP/1.1" 301 0 "-" "Mozilla/5.0 AppleWebKit/537.36 (KHTML, like Gecko; compatible; GPTBot/1.2; +https://openai.com/gptbot)"
198.54.114.83 - - [17/Apr/2025:07:32:41 -0400] "POST /wp-admin/admin-ajax.php?action=async_litespeed&nonce=DHU9WRsXL1Q60gaZznqBXn9pZqNnKJ6R&litespeed_type=imgoptm HTTP/1.1" 200 0 "-" "WordPress/6.8; https://fileluna.com"
20.171.207.122 - - [17/Apr/2025:07:33:11 -0400] "GET /?p=200 HTTP/1.1" 301 0 "-" "Mozilla/5.0 AppleWebKit/537.36 (KHTML, like Gecko; compatible; GPTBot/1.2; +https://openai.com/gptbot)"
20.171.207.122 - - [17/Apr/2025:07:33:42 -0400] "GET /?p=209 HTTP/1.1" 301 0 "-" "Mozilla/5.0 AppleWebKit/537.36 (KHTML, like Gecko; compatible; GPTBot/1.2; +https://openai.com/gptbot)"
198.54.114.83 - - [17/Apr/2025:07:33:46 -0400] "POST /wp-cron.php?doing_wp_cron=1744889623.8468940258026123046875 HTTP/1.1" 200 0 "-" "WordPress/6.8; https://fileluna.com"
20.171.207.122 - - [17/Apr/2025:07:34:17 -0400] "GET /gitarre-lernen-in-dusseldorf-fur-anfanger-und-fortgeschrittene/ HTTP/1.1" 200 12244 "-" "Mozilla/5.0 AppleWebKit/537.36 (KHTML, like Gecko; compatible; GPTBot/1.2; +https://openai.com/gptbot)"
198.54.114.83 - - [17/Apr/2025:07:34:50 -0400] "POST /wp-cron.php?doing_wp_cron=1744889689.0553779602050781250000 HTTP/1.1" 200 0 "-" "WordPress/6.8; https://fileluna.com"
20.171.207.122 - - [17/Apr/2025:07:34:48 -0400] "GET /meisterhafte-verhandlungen-ein-leitfaden-fur-einkaufstrainings/feed/ HTTP/1.1" 200 419 "-" "Mozilla/5.0 AppleWebKit/537.36 (KHTML, like Gecko; compatible; GPTBot/1.2; +https://openai.com/gptbot)"
198.54.114.83 - - [17/Apr/2025:07:34:51 -0400] "POST /wp-admin/admin-ajax.php?action=async_litespeed&nonce=0uvuF5kMfM3YWngoG2mN6t7ry2gcBlaE&litespeed_type=imgoptm HTTP/1.1" 200 0 "-" "WordPress/6.8; https://fileluna.com"
20.171.207.122 - - [17/Apr/2025:07:36:17 -0400] "GET /?p=207 HTTP/1.1" 301 0 "-" "Mozilla/5.0 AppleWebKit/537.36 (KHTML, like Gecko; compatible; GPTBot/1.2; +https://openai.com/gptbot)"
198.54.114.83 - - [17/Apr/2025:07:36:25 -0400] "POST /wp-cron.php?doing_wp_cron=1744889783.6547579765319824218750 HTTP/1.1" 200 0 "-" "WordPress/6.8; https://fileluna.com"
20.171.207.122 - - [17/Apr/2025:07:36:57 -0400] "GET /?p=996 HTTP/1.1" 301 0 "-" "Mozilla/5.0 AppleWebKit/537.36 (KHTML, like Gecko; compatible; GPTBot/1.2; +https://openai.com/gptbot)"
198.54.114.83 - - [17/Apr/2025:07:37:38 -0400] "POST /wp-cron.php?doing_wp_cron=1744889857.7815499305725097656250 HTTP/1.1" 200 0 "-" "WordPress/6.8; https://fileluna.com"
20.171.207.122 - - [17/Apr/2025:07:37:37 -0400] "GET /?p=213 HTTP/1.1" 301 0 "-" "Mozilla/5.0 AppleWebKit/537.36 (KHTML, like Gecko; compatible; GPTBot/1.2; +https://openai.com/gptbot)"
198.54.114.83 - - [17/Apr/2025:07:37:40 -0400] "POST /wp-admin/admin-ajax.php?action=async_litespeed&nonce=Z51fXw7YDUI0Gbi5TKlCLMX58bLg4xJz&litespeed_type=imgoptm HTTP/1.1" 200 0 "-" "WordPress/6.8; https://fileluna.com"
20.171.207.122 - - [17/Apr/2025:07:38:10 -0400] "GET /exploring-the-thrills-of-online-casino-entertainment/feed/ HTTP/1.1" 200 409 "-" "Mozilla/5.0 AppleWebKit/537.36 (KHTML, like Gecko; compatible; GPTBot/1.2; +https://openai.com/gptbot)"
198.54.114.83 - - [17/Apr/2025:07:38:52 -0400] "POST /wp-cron.php?doing_wp_cron=1744889932.5113239288330078125000 HTTP/1.1" 200 0 "-" "WordPress/6.8; https://fileluna.com"
20.171.207.122 - - [17/Apr/2025:07:38:52 -0400] "GET /exploring-homes-for-sale-in-portland-oregon/feed/ HTTP/1.1" 200 407 "-" "Mozilla/5.0 AppleWebKit/537.36 (KHTML, like Gecko; compatible; GPTBot/1.2; +https://openai.com/gptbot)"
198.54.114.83 - - [17/Apr/2025:07:38:53 -0400] "POST /wp-admin/admin-ajax.php?action=async_litespeed&nonce=3CJSOyZRArPG8UKxhAotVu2LWQE0b1Ww&litespeed_type=imgoptm HTTP/1.1" 200 0 "-" "WordPress/6.8; https://fileluna.com"
198.54.114.83 - - [17/Apr/2025:07:39:26 -0400] "POST /wp-cron.php?doing_wp_cron=1744889965.5954520702362060546875 HTTP/1.1" 200 0 "-" "WordPress/6.8; https://fileluna.com"
20.171.207.122 - - [17/Apr/2025:07:39:24 -0400] "GET /the-evolution-and-appeal-of-online-casinos/feed/ HTTP/1.1" 200 401 "-" "Mozilla/5.0 AppleWebKit/537.36 (KHTML, like Gecko; compatible; GPTBot/1.2; +https://openai.com/gptbot)"
195.191.219.132 - - [17/Apr/2025:07:40:12 -0400] "GET /robots.txt HTTP/1.1" 200 61 "-" "Mozilla/5.0 (compatible; MJ12bot/v2.0.0; http://mj12bot.com/)"
195.191.219.132 - - [17/Apr/2025:07:40:13 -0400] "GET / HTTP/1.1" 200 12777 "-" "Mozilla/5.0 (compatible; MJ12bot/v2.0.0; http://mj12bot.com/)"
20.171.207.122 - - [17/Apr/2025:07:40:12 -0400] "GET /professionelle-umzugsfirma-in-hamburg-fur-einen-stressfreien-umzug/ HTTP/1.1" 200 12350 "-" "Mozilla/5.0 AppleWebKit/537.36 (KHTML, like Gecko; compatible; GPTBot/1.2; +https://openai.com/gptbot)"
198.54.114.83 - - [17/Apr/2025:07:40:54 -0400] "POST /wp-cron.php?doing_wp_cron=1744890053.3393929004669189453125 HTTP/1.1" 200 0 "-" "WordPress/6.8; https://fileluna.com"
20.171.207.122 - - [17/Apr/2025:07:40:52 -0400] "GET /gitarre-lernen-in-dusseldorf-fur-anfanger-und-fortgeschrittene/feed/ HTTP/1.1" 200 439 "-" "Mozilla/5.0 AppleWebKit/537.36 (KHTML, like Gecko; compatible; GPTBot/1.2; +https://openai.com/gptbot)"
198.54.114.83 - - [17/Apr/2025:07:40:54 -0400] "POST /wp-admin/admin-ajax.php?action=async_litespeed&nonce=WgTP73Ljk5EiARgWjBV2f8qIFQR7I261&litespeed_type=imgoptm HTTP/1.1" 200 5 "-" "WordPress/6.8; https://fileluna.com"
85.215.162.226 - - [17/Apr/2025:07:41:20 -0400] "POST /wp-login.php HTTP/1.1" 200 1883 "-" "Mozilla/5.0"
85.215.162.226 - - [17/Apr/2025:07:41:20 -0400] "POST /wp-login.php HTTP/1.1" 200 1884 "-" "Mozilla/5.0"
198.54.114.83 - - [17/Apr/2025:07:41:22 -0400] "POST /wp-cron.php?doing_wp_cron=1744890081.0832901000976562500000 HTTP/1.1" 200 0 "-" "WordPress/6.8; https://fileluna.com"
66.249.70.109 - - [17/Apr/2025:07:41:23 -0400] "GET /2024/10/ HTTP/1.1" 200 11270 "-" "Mozilla/5.0 (Linux; Android 6.0.1; Nexus 5X Build/MMB29P) AppleWebKit/537.36 (KHTML, like Gecko) Chrome/135.0.7049.84 Mobile Safari/537.36 (compatible; GoogleOther)"
20.171.207.122 - - [17/Apr/2025:07:41:39 -0400] "GET /?p=1005 HTTP/1.1" 301 0 "-" "Mozilla/5.0 AppleWebKit/537.36 (KHTML, like Gecko; compatible; GPTBot/1.2; +https://openai.com/gptbot)"
198.54.114.83 - - [17/Apr/2025:07:42:31 -0400] "POST /wp-cron.php?doing_wp_cron=1744890150.7005460262298583984375 HTTP/1.1" 200 0 "-" "WordPress/6.8; https://fileluna.com"
198.54.114.83 - - [17/Apr/2025:07:42:31 -0400] "POST /wp-admin/admin-ajax.php?action=async_litespeed&nonce=BGgyVaGAvmpC5Ix41KMu9AcxTAfp2ogI&litespeed_type=imgoptm HTTP/1.1" 200 5 "-" "WordPress/6.8; https://fileluna.com"
20.171.207.122 - - [17/Apr/2025:07:42:30 -0400] "GET /the-ultimate-guide-to-business-trip-massage/ HTTP/1.1" 200 12404 "-" "Mozilla/5.0 AppleWebKit/537.36 (KHTML, like Gecko; compatible; GPTBot/1.2; +https://openai.com/gptbot)"
20.171.207.122 - - [17/Apr/2025:07:43:08 -0400] "GET /mastering-zhu-yuan-skill-priority-guide/feed/ HTTP/1.1" 200 405 "-" "Mozilla/5.0 AppleWebKit/537.36 (KHTML, like Gecko; compatible; GPTBot/1.2; +https://openai.com/gptbot)"
198.54.114.83 - - [17/Apr/2025:07:44:23 -0400] "POST /wp-cron.php?doing_wp_cron=1744890262.3917560577392578125000 HTTP/1.1" 200 0 "-" "WordPress/6.8; https://fileluna.com"
20.171.207.122 - - [17/Apr/2025:07:44:21 -0400] "GET /wp-json/oembed/1.0/embed?format=xml&url=https%3A%2F%2Ffileluna.com%2Fprofessionelle-umzugsfirma-in-hamburg-fur-einen-stressfreien-umzug%2F HTTP/1.1" 200 1115 "-" "Mozilla/5.0 AppleWebKit/537.36 (KHTML, like Gecko; compatible; GPTBot/1.2; +https://openai.com/gptbot)"
198.54.114.83 - - [17/Apr/2025:07:44:24 -0400] "POST /wp-admin/admin-ajax.php?action=async_litespeed&nonce=BL04RQJNkbirYl4R3X2jhwqom9o7rfFi&litespeed_type=imgoptm HTTP/1.1" 200 0 "-" "WordPress/6.8; https://fileluna.com"
20.171.207.122 - - [17/Apr/2025:07:45:01 -0400] "GET /?p=1001 HTTP/1.1" 301 0 "-" "Mozilla/5.0 AppleWebKit/537.36 (KHTML, like Gecko; compatible; GPTBot/1.2; +https://openai.com/gptbot)"
198.54.114.83 - - [17/Apr/2025:07:45:33 -0400] "POST /wp-cron.php?doing_wp_cron=1744890332.8957750797271728515625 HTTP/1.1" 200 0 "-" "WordPress/6.8; https://fileluna.com"
20.171.207.122 - - [17/Apr/2025:07:45:32 -0400] "GET /wp-json/wp/v2/posts/1001 HTTP/1.1" 200 4947 "-" "Mozilla/5.0 AppleWebKit/537.36 (KHTML, like Gecko; compatible; GPTBot/1.2; +https://openai.com/gptbot)"
198.54.114.83 - - [17/Apr/2025:07:45:36 -0400] "POST /wp-admin/admin-ajax.php?action=async_litespeed&nonce=IQHZyn5Bp9QdKYUpYGnEUDLVhHHzMpdg&litespeed_type=imgoptm HTTP/1.1" 200 0 "-" "WordPress/6.8; https://fileluna.com"
198.54.114.83 - - [17/Apr/2025:07:46:16 -0400] "POST /wp-cron.php?doing_wp_cron=1744890376.1405000686645507812500 HTTP/1.1" 200 0 "-" "WordPress/6.8; https://fileluna.com"
20.171.207.122 - - [17/Apr/2025:07:46:15 -0400] "GET /wp-json/oembed/1.0/embed?url=https%3A%2F%2Ffileluna.com%2Fprofessionelle-umzugsfirma-in-hamburg-fur-einen-stressfreien-umzug%2F HTTP/1.1" 200 2400 "-" "Mozilla/5.0 AppleWebKit/537.36 (KHTML, like Gecko; compatible; GPTBot/1.2; +https://openai.com/gptbot)"
198.54.114.83 - - [17/Apr/2025:07:46:18 -0400] "POST /wp-admin/admin-ajax.php?action=async_litespeed&nonce=ptACijzCzNEnEVlFTc95v5lY5djt9OUb&litespeed_type=imgoptm HTTP/1.1" 200 0 "-" "WordPress/6.8; https://fileluna.com"
20.171.207.122 - - [17/Apr/2025:07:47:00 -0400] "GET /professionelle-umzugsfirma-in-hamburg-fur-einen-stressfreien-umzug/feed/ HTTP/1.1" 200 426 "-" "Mozilla/5.0 AppleWebKit/537.36 (KHTML, like Gecko; compatible; GPTBot/1.2; +https://openai.com/gptbot)"
198.54.114.83 - - [17/Apr/2025:07:47:26 -0400] "POST /wp-cron.php?doing_wp_cron=1744890445.8496730327606201171875 HTTP/1.1" 200 0 "-" "WordPress/6.8; https://fileluna.com"
66.249.70.102 - - [17/Apr/2025:07:47:25 -0400] "GET /2024/03/ HTTP/1.1" 200 11462 "-" "Mozilla/5.0 (Linux; Android 6.0.1; Nexus 5X Build/MMB29P) AppleWebKit/537.36 (KHTML, like Gecko) Chrome/135.0.7049.84 Mobile Safari/537.36 (compatible; GoogleOther)"
198.54.114.83 - - [17/Apr/2025:07:47:28 -0400] "POST /wp-admin/admin-ajax.php?action=async_litespeed&nonce=xoJ2Ucbnq5BXi0HMana4Zxo2NTsGZnAl&litespeed_type=imgoptm HTTP/1.1" 200 0 "-" "WordPress/6.8; https://fileluna.com"
20.171.207.122 - - [17/Apr/2025:07:47:32 -0400] "GET /?p=1001 HTTP/1.1" 301 0 "-" "Mozilla/5.0 AppleWebKit/537.36 (KHTML, like Gecko; compatible; GPTBot/1.2; +https://openai.com/gptbot)"
20.171.207.122 - - [17/Apr/2025:07:48:15 -0400] "GET /professionelle-umzugsfirma-in-hamburg-fur-einen-stressfreien-umzug/embed/ HTTP/1.1" 200 6324 "-" "Mozilla/5.0 AppleWebKit/537.36 (KHTML, like Gecko; compatible; GPTBot/1.2; +https://openai.com/gptbot)"
198.54.114.83 - - [17/Apr/2025:07:48:17 -0400] "POST /wp-cron.php?doing_wp_cron=1744890496.0979909896850585937500 HTTP/1.1" 200 0 "-" "WordPress/6.8; https://fileluna.com"
66.249.70.104 - - [17/Apr/2025:07:48:30 -0400] "GET /2023/12/ HTTP/1.1" 200 11042 "-" "Mozilla/5.0 (Linux; Android 6.0.1; Nexus 5X Build/MMB29P) AppleWebKit/537.36 (KHTML, like Gecko) Chrome/135.0.7049.84 Mobile Safari/537.36 (compatible; GoogleOther)"
20.171.207.122 - - [17/Apr/2025:07:48:47 -0400] "GET /?p=998 HTTP/1.1" 301 0 "-" "Mozilla/5.0 AppleWebKit/537.36 (KHTML, like Gecko; compatible; GPTBot/1.2; +https://openai.com/gptbot)"
198.54.114.83 - - [17/Apr/2025:07:49:17 -0400] "POST /wp-cron.php?doing_wp_cron=1744890557.1906540393829345703125 HTTP/1.1" 200 0 "-" "WordPress/6.8; https://fileluna.com"
20.171.207.122 - - [17/Apr/2025:07:49:16 -0400] "GET /the-ultimate-guide-to-business-trip-massage/feed/ HTTP/1.1" 200 398 "-" "Mozilla/5.0 AppleWebKit/537.36 (KHTML, like Gecko; compatible; GPTBot/1.2; +https://openai.com/gptbot)"
198.54.114.83 - - [17/Apr/2025:07:49:18 -0400] "POST /wp-admin/admin-ajax.php?action=async_litespeed&nonce=sj0siRAkwwja7MYiNa8iNY62xuzRAMRv&litespeed_type=imgoptm HTTP/1.1" 200 5 "-" "WordPress/6.8; https://fileluna.com"
20.171.207.122 - - [17/Apr/2025:07:49:50 -0400] "GET /discovering-mangakakalot-a-hub-for-manga-enthusiasts/ HTTP/1.1" 200 12023 "-" "Mozilla/5.0 AppleWebKit/537.36 (KHTML, like Gecko; compatible; GPTBot/1.2; +https://openai.com/gptbot)"
198.54.114.83 - - [17/Apr/2025:07:52:18 -0400] "POST /wp-cron.php?doing_wp_cron=1744890736.8491899967193603515625 HTTP/1.1" 200 0 "-" "WordPress/6.8; https://fileluna.com"
20.171.207.122 - - [17/Apr/2025:07:52:12 -0400] "GET /the-healing-touch-for-business-travelers/feed/ HTTP/1.1" 200 401 "-" "Mozilla/5.0 AppleWebKit/537.36 (KHTML, like Gecko; compatible; GPTBot/1.2; +https://openai.com/gptbot)"
85.215.162.226 - - [17/Apr/2025:07:52:33 -0400] "POST /wp-login.php HTTP/1.1" 200 1884 "-" "Mozilla/5.0"
85.215.162.226 - - [17/Apr/2025:07:52:33 -0400] "POST /wp-login.php HTTP/1.1" 200 1883 "-" "Mozilla/5.0"
20.171.207.122 - - [17/Apr/2025:07:52:46 -0400] "GET /le-origini-delle-carte-dragon-ball/feed/ HTTP/1.1" 200 397 "-" "Mozilla/5.0 AppleWebKit/537.36 (KHTML, like Gecko; compatible; GPTBot/1.2; +https://openai.com/gptbot)"
20.171.207.122 - - [17/Apr/2025:07:53:16 -0400] "GET /a-perfect-blend-of-luxury-and-serenity/ HTTP/1.1" 200 12244 "-" "Mozilla/5.0 AppleWebKit/537.36 (KHTML, like Gecko; compatible; GPTBot/1.2; +https://openai.com/gptbot)"
198.54.114.83 - - [17/Apr/2025:07:53:52 -0400] "POST /wp-cron.php?doing_wp_cron=1744890830.5546669960021972656250 HTTP/1.1" 200 0 "-" "WordPress/6.8; https://fileluna.com"
20.171.207.122 - - [17/Apr/2025:07:53:50 -0400] "GET /xmlrpc.php HTTP/1.1" 405 46 "-" "Mozilla/5.0 AppleWebKit/537.36 (KHTML, like Gecko; compatible; GPTBot/1.2; +https://openai.com/gptbot)"
20.171.207.122 - - [17/Apr/2025:07:54:21 -0400] "GET /una-raffinata-esperienza-di-ospitalita/ HTTP/1.1" 200 12063 "-" "Mozilla/5.0 AppleWebKit/537.36 (KHTML, like Gecko; compatible; GPTBot/1.2; +https://openai.com/gptbot)"
198.54.114.83 - - [17/Apr/2025:07:54:52 -0400] "POST /wp-cron.php?doing_wp_cron=1744890892.5267009735107421875000 HTTP/1.1" 200 0 "-" "WordPress/6.8; https://fileluna.com"
