135.119.140.245 - - [14/Apr/2025:17:43:40 -0400] "HEAD /main HTTP/1.1" 404 0 "http://fileluna.com/main" "Mozilla/5.0 (Windows NT 10.0; Win64; x64) AppleWebKit/537.36 (KHTML, like Gecko) Chrome/74.0.3729.169 Safari/537.36"
135.119.140.245 - - [14/Apr/2025:17:43:41 -0400] "HEAD /home HTTP/1.1" 404 0 "http://fileluna.com/home" "Mozilla/5.0 (Windows NT 10.0; Win64; x64) AppleWebKit/537.36 (KHTML, like Gecko) Chrome/74.0.3729.169 Safari/537.36"
114.119.149.81 - - [14/Apr/2025:17:43:53 -0400] "GET /2024/page/20/ HTTP/1.1" 200 11249 "https://fileluna.com/2024/page/21/" "Mozilla/5.0 (Linux; Android 7.0;) AppleWebKit/537.36 (KHTML, like Gecko) Mobile Safari/537.36 (compatible; PetalBot;+https://webmaster.petalsearch.com/site/petalbot)"
92.204.54.123 - - [14/Apr/2025:17:45:00 -0400] "GET /robots.txt HTTP/1.1" 304 0 "-" "Apache-HttpClient/4.5.14 (Java/11.0.11)"
92.204.54.123 - - [14/Apr/2025:17:45:04 -0400] "GET / HTTP/1.1" 200 12525 "-" "Mozilla/5.0 (Macintosh; Intel Mac OS X 10_15_7) AppleWebKit/537.36 (KHTML, like Gecko) Chrome/131.0.0.0 Safari/537.36"
92.204.54.123 - - [14/Apr/2025:17:45:05 -0400] "GET / HTTP/1.1" 200 12525 "-" "Mozilla/5.0 (Macintosh; Intel Mac OS X 10_15_7) AppleWebKit/537.36 (KHTML, like Gecko) Chrome/131.0.0.0 Safari/537.36"
92.204.54.123 - - [14/Apr/2025:17:45:07 -0400] "GET /category/arts-entertainments/ HTTP/1.1" 200 11052 "-" "Mozilla/5.0 (Macintosh; Intel Mac OS X 10_15_7) AppleWebKit/537.36 (KHTML, like Gecko) Chrome/131.0.0.0 Safari/537.36"
92.204.54.123 - - [14/Apr/2025:17:45:10 -0400] "GET /category/automotive/ HTTP/1.1" 200 9422 "-" "Mozilla/5.0 (Macintosh; Intel Mac OS X 10_15_7) AppleWebKit/537.36 (KHTML, like Gecko) Chrome/131.0.0.0 Safari/537.36"
114.119.129.34 - - [14/Apr/2025:17:45:18 -0400] "GET /conversores-de-unidades-de-par-una-guia-completa/ HTTP/1.1" 200 11831 "https://fileluna.com/page/41/" "Mozilla/5.0 (Linux; Android 7.0;) AppleWebKit/537.36 (KHTML, like Gecko) Mobile Safari/537.36 (compatible; PetalBot;+https://webmaster.petalsearch.com/site/petalbot)"
114.119.137.80 - - [14/Apr/2025:17:46:45 -0400] "GET /page/38/ HTTP/1.1" 200 12912 "https://fileluna.com/page/41/" "Mozilla/5.0 (Linux; Android 7.0;) AppleWebKit/537.36 (KHTML, like Gecko) Mobile Safari/537.36 (compatible; PetalBot;+https://webmaster.petalsearch.com/site/petalbot)"
35.199.151.204 - - [14/Apr/2025:17:48:03 -0400] "GET /unveiling-the-pathways-to-profit-making-money-online HTTP/1.1" 301 0 "-" "Mozilla/5.0 (Windows NT 10.0; Win64; x64) AppleWebKit/537.36 (KHTML, like Gecko) Chrome/122.0.0.0 Safari/537.36 Edg/122.0.0.0"
35.199.151.204 - - [14/Apr/2025:17:48:03 -0400] "GET /unveiling-the-pathways-to-profit-making-money-online/ HTTP/1.1" 200 11947 "https://fileluna.com/unveiling-the-pathways-to-profit-making-money-online" "Mozilla/5.0 (Windows NT 10.0; Win64; x64) AppleWebKit/537.36 (KHTML, like Gecko) Chrome/122.0.0.0 Safari/537.36 Edg/122.0.0.0"
114.119.154.229 - - [14/Apr/2025:17:48:03 -0400] "GET /2024/10/page/4/ HTTP/1.1" 200 11262 "https://fileluna.com/2024/10/page/6/" "Mozilla/5.0 (Linux; Android 7.0;) AppleWebKit/537.36 (KHTML, like Gecko) Mobile Safari/537.36 (compatible; PetalBot;+https://webmaster.petalsearch.com/site/petalbot)"
80.85.245.37 - - [14/Apr/2025:17:55:17 -0400] "GET / HTTP/1.1" 200 12525 "-" "Mozilla/5.0 (Macintosh; Intel Mac OS X 10_15_7) AppleWebKit/537.36 (KHTML, like Gecko) Chrome/133.0.0.0 Safari/537.36"
80.85.245.37 - - [14/Apr/2025:17:55:18 -0400] "GET /comments/feed/ HTTP/1.1" 200 363 "-" "Mozilla/5.0 (Macintosh; Intel Mac OS X 10_15_7) AppleWebKit/537.36 (KHTML, like Gecko) Chrome/133.0.0.0 Safari/537.36"
80.85.245.37 - - [14/Apr/2025:17:55:19 -0400] "GET /category/shopping-product-reviews/ HTTP/1.1" 200 9441 "-" "Mozilla/5.0 (Macintosh; Intel Mac OS X 10_15_7) AppleWebKit/537.36 (KHTML, like Gecko) Chrome/133.0.0.0 Safari/537.36"
80.85.245.37 - - [14/Apr/2025:17:55:20 -0400] "GET /category/shopping-product-reviews/feed/ HTTP/1.1" 200 457 "-" "Mozilla/5.0 (Macintosh; Intel Mac OS X 10_15_7) AppleWebKit/537.36 (KHTML, like Gecko) Chrome/133.0.0.0 Safari/537.36"
80.85.245.37 - - [14/Apr/2025:17:55:21 -0400] "GET /category/technology/ HTTP/1.1" 200 9426 "-" "Mozilla/5.0 (Macintosh; Intel Mac OS X 10_15_7) AppleWebKit/537.36 (KHTML, like Gecko) Chrome/133.0.0.0 Safari/537.36"
80.85.245.37 - - [14/Apr/2025:17:55:21 -0400] "GET /category/technology/feed/ HTTP/1.1" 200 430 "-" "Mozilla/5.0 (Macintosh; Intel Mac OS X 10_15_7) AppleWebKit/537.36 (KHTML, like Gecko) Chrome/133.0.0.0 Safari/537.36"
43.165.70.220 - - [14/Apr/2025:18:12:11 -0400] "GET / HTTP/1.1" 200 12525 "http://fileluna.com" "Mozilla/5.0 (iPhone; CPU iPhone OS 13_2_3 like Mac OS X) AppleWebKit/605.1.15 (KHTML, like Gecko) Version/13.0.3 Mobile/15E148 Safari/604.1"
198.44.188.102 - - [14/Apr/2025:18:14:00 -0400] "GET /wp-includes/js/dist/vendor/about.php HTTP/1.1" 404 8709 "-" "Mozlila/5.0 (Linux; Android 7.0; SM-G892A Bulid/NRD90M; wv) AppleWebKit/537.36 (KHTML, like Gecko) Version/4.0 Chrome/60.0.3112.107 Moblie Safari/537.36"
198.44.188.102 - - [14/Apr/2025:18:14:10 -0400] "GET /wp-includes/js/thickbox/about.php HTTP/1.1" 404 8709 "-" "Mozlila/5.0 (Linux; Android 7.0; SM-G892A Bulid/NRD90M; wv) AppleWebKit/537.36 (KHTML, like Gecko) Version/4.0 Chrome/60.0.3112.107 Moblie Safari/537.36"
198.44.188.102 - - [14/Apr/2025:18:14:21 -0400] "GET /wp-admin/css/colors/ectoplasm/about.php HTTP/1.1" 404 8709 "-" "Mozlila/5.0 (Linux; Android 7.0; SM-G892A Bulid/NRD90M; wv) AppleWebKit/537.36 (KHTML, like Gecko) Version/4.0 Chrome/60.0.3112.107 Moblie Safari/537.36"
198.44.188.102 - - [14/Apr/2025:18:14:24 -0400] "GET /wp-includes/js/tinymce/skins/lightgray/about.php HTTP/1.1" 404 8709 "-" "Mozlila/5.0 (Linux; Android 7.0; SM-G892A Bulid/NRD90M; wv) AppleWebKit/537.36 (KHTML, like Gecko) Version/4.0 Chrome/60.0.3112.107 Moblie Safari/537.36"
198.44.188.102 - - [14/Apr/2025:18:14:32 -0400] "GET /wp-includes/js/tinymce/plugins/wplink/about.php HTTP/1.1" 404 8709 "-" "Mozlila/5.0 (Linux; Android 7.0; SM-G892A Bulid/NRD90M; wv) AppleWebKit/537.36 (KHTML, like Gecko) Version/4.0 Chrome/60.0.3112.107 Moblie Safari/537.36"
198.44.188.102 - - [14/Apr/2025:18:14:43 -0400] "GET /wp-includes/js/tinymce/plugins/wpautoresize/about.php HTTP/1.1" 404 8709 "-" "Mozlila/5.0 (Linux; Android 7.0; SM-G892A Bulid/NRD90M; wv) AppleWebKit/537.36 (KHTML, like Gecko) Version/4.0 Chrome/60.0.3112.107 Moblie Safari/537.36"
81.70.16.45 - - [14/Apr/2025:18:17:58 -0400] "GET /wp-login.php HTTP/1.1" 200 1760 "-" "GRequests/0.10"
81.70.16.45 - - [14/Apr/2025:18:18:00 -0400] "POST /wp-login.php HTTP/1.1" 200 1901 "-" "GRequests/0.10"
160.187.22.25 - - [14/Apr/2025:18:21:24 -0400] "GET /wp-login.php HTTP/1.1" 200 1760 "-" "GRequests/0.10"
2001:df4:40c0:68d8::1 - - [14/Apr/2025:18:21:26 -0400] "POST /wp-login.php HTTP/1.1" 200 1898 "-" "GRequests/0.10"
216.244.66.246 - - [14/Apr/2025:18:31:29 -0400] "GET /robots.txt HTTP/1.1" 304 0 "-" "Mozilla/5.0 (compatible; DotBot/1.2; +https://opensiteexplorer.org/dotbot; help@moz.com)"
114.119.137.80 - - [14/Apr/2025:18:36:26 -0400] "GET /carte-magic-the-gathering-un-mondo-di-strategie-e-collezionismo/ HTTP/1.1" 200 11642 "https://fileluna.com/page/45/" "Mozilla/5.0 (Linux; Android 7.0;) AppleWebKit/537.36 (KHTML, like Gecko) Mobile Safari/537.36 (compatible; PetalBot;+https://webmaster.petalsearch.com/site/petalbot)"
114.119.132.228 - - [14/Apr/2025:18:37:49 -0400] "GET /a-new-era-of-entertainments/ HTTP/1.1" 200 11463 "https://fileluna.com/the-thrill-of-online-lottery-games/" "Mozilla/5.0 (Linux; Android 7.0;) AppleWebKit/537.36 (KHTML, like Gecko) Mobile Safari/537.36 (compatible; PetalBot;+https://webmaster.petalsearch.com/site/petalbot)"
196.251.86.232 - - [14/Apr/2025:18:38:36 -0400] "GET / HTTP/1.1" 200 12525 "http://fileluna.com/?" "Go-http-client/1.1"
216.244.66.246 - - [14/Apr/2025:18:44:35 -0400] "GET /author/admin/page/8/ HTTP/1.1" 200 11173 "-" "Mozilla/5.0 (compatible; DotBot/1.2; +https://opensiteexplorer.org/dotbot; help@moz.com)"
104.152.52.73 - - [14/Apr/2025:18:51:20 -0400] "GET / HTTP/1.1" 200 12525 "-" "curl/7.61.1"
20.121.186.102 - - [14/Apr/2025:18:52:32 -0400] "HEAD /wordpress HTTP/1.1" 404 0 "http://fileluna.com/wordpress" "Mozilla/5.0 (Windows NT 10.0; Win64; x64) AppleWebKit/537.36 (KHTML, like Gecko) Chrome/74.0.3729.169 Safari/537.36"
20.121.186.102 - - [14/Apr/2025:18:52:36 -0400] "HEAD / HTTP/1.1" 200 0 "http://fileluna.com/" "Mozilla/5.0 (Windows NT 10.0; Win64; x64) AppleWebKit/537.36 (KHTML, like Gecko) Chrome/74.0.3729.169 Safari/537.36"
20.121.186.102 - - [14/Apr/2025:18:52:36 -0400] "HEAD /wp HTTP/1.1" 404 0 "http://fileluna.com/wp" "Mozilla/5.0 (Windows NT 10.0; Win64; x64) AppleWebKit/537.36 (KHTML, like Gecko) Chrome/74.0.3729.169 Safari/537.36"
20.121.186.102 - - [14/Apr/2025:18:52:37 -0400] "HEAD /bc HTTP/1.1" 404 0 "http://fileluna.com/bc" "Mozilla/5.0 (Windows NT 10.0; Win64; x64) AppleWebKit/537.36 (KHTML, like Gecko) Chrome/74.0.3729.169 Safari/537.36"
20.121.186.102 - - [14/Apr/2025:18:52:37 -0400] "HEAD /bk HTTP/1.1" 404 0 "http://fileluna.com/bk" "Mozilla/5.0 (Windows NT 10.0; Win64; x64) AppleWebKit/537.36 (KHTML, like Gecko) Chrome/74.0.3729.169 Safari/537.36"
20.121.186.102 - - [14/Apr/2025:18:52:38 -0400] "HEAD /backup HTTP/1.1" 404 0 "http://fileluna.com/backup" "Mozilla/5.0 (Windows NT 10.0; Win64; x64) AppleWebKit/537.36 (KHTML, like Gecko) Chrome/74.0.3729.169 Safari/537.36"
20.121.186.102 - - [14/Apr/2025:18:52:38 -0400] "HEAD /old HTTP/1.1" 404 0 "http://fileluna.com/old" "Mozilla/5.0 (Windows NT 10.0; Win64; x64) AppleWebKit/537.36 (KHTML, like Gecko) Chrome/74.0.3729.169 Safari/537.36"
20.121.186.102 - - [14/Apr/2025:18:52:39 -0400] "HEAD /new HTTP/1.1" 404 0 "http://fileluna.com/new" "Mozilla/5.0 (Windows NT 10.0; Win64; x64) AppleWebKit/537.36 (KHTML, like Gecko) Chrome/74.0.3729.169 Safari/537.36"
20.121.186.102 - - [14/Apr/2025:18:52:39 -0400] "HEAD /main HTTP/1.1" 404 0 "http://fileluna.com/main" "Mozilla/5.0 (Windows NT 10.0; Win64; x64) AppleWebKit/537.36 (KHTML, like Gecko) Chrome/74.0.3729.169 Safari/537.36"
20.121.186.102 - - [14/Apr/2025:18:52:40 -0400] "HEAD /home HTTP/1.1" 404 0 "http://fileluna.com/home" "Mozilla/5.0 (Windows NT 10.0; Win64; x64) AppleWebKit/537.36 (KHTML, like Gecko) Chrome/74.0.3729.169 Safari/537.36"
143.198.88.107 - - [14/Apr/2025:19:05:48 -0400] "GET //wp-includes/ID3/license.txt HTTP/1.1" 200 414 "-" "Mozilla/5.0 (Windows NT 10.0; Win64; x64) AppleWebKit/537.36 (KHTML, like Gecko) Chrome/95.0.4638.69 Safari/537.36"
143.198.88.107 - - [14/Apr/2025:19:05:48 -0400] "GET //feed/ HTTP/1.1" 301 0 "-" "Mozilla/5.0 (Windows NT 10.0; Win64; x64) AppleWebKit/537.36 (KHTML, like Gecko) Chrome/95.0.4638.69 Safari/537.36"
143.198.88.107 - - [14/Apr/2025:19:05:52 -0400] "GET //xmlrpc.php?rsd HTTP/1.1" 200 292 "-" "Mozilla/5.0 (Windows NT 10.0; Win64; x64) AppleWebKit/537.36 (KHTML, like Gecko) Chrome/95.0.4638.69 Safari/537.36"
143.198.88.107 - - [14/Apr/2025:19:05:53 -0400] "GET //?author=1 HTTP/1.1" 301 0 "-" "Mozilla/5.0 (Windows NT 10.0; Win64; x64) AppleWebKit/537.36 (KHTML, like Gecko) Chrome/95.0.4638.69 Safari/537.36"
143.198.88.107 - - [14/Apr/2025:19:05:53 -0400] "GET //?author=2 HTTP/1.1" 301 0 "-" "Mozilla/5.0 (Windows NT 10.0; Win64; x64) AppleWebKit/537.36 (KHTML, like Gecko) Chrome/95.0.4638.69 Safari/537.36"
143.198.88.107 - - [14/Apr/2025:19:05:54 -0400] "GET //?author=3 HTTP/1.1" 301 0 "-" "Mozilla/5.0 (Windows NT 10.0; Win64; x64) AppleWebKit/537.36 (KHTML, like Gecko) Chrome/95.0.4638.69 Safari/537.36"
143.198.88.107 - - [14/Apr/2025:19:05:55 -0400] "GET //wp-json/wp/v2/users/ HTTP/1.1" 200 1236 "-" "Mozilla/5.0 (Windows NT 10.0; Win64; x64) AppleWebKit/537.36 (KHTML, like Gecko) Chrome/95.0.4638.69 Safari/537.36"
143.198.88.107 - - [14/Apr/2025:19:05:56 -0400] "POST //xmlrpc.php HTTP/1.1" 200 205 "-" "Mozilla/5.0 (Windows NT 10.0; Win64; x64) AppleWebKit/537.36 (KHTML, like Gecko) Chrome/95.0.4638.69 Safari/537.36"
143.198.88.107 - - [14/Apr/2025:19:05:57 -0400] "POST //xmlrpc.php HTTP/1.1" 200 205 "-" "Mozilla/5.0 (Windows NT 10.0; Win64; x64) AppleWebKit/537.36 (KHTML, like Gecko) Chrome/95.0.4638.69 Safari/537.36"
143.198.88.107 - - [14/Apr/2025:19:06:00 -0400] "POST //xmlrpc.php HTTP/1.1" 200 0 "-" "Mozilla/5.0 (Windows NT 10.0; Win64; x64) AppleWebKit/537.36 (KHTML, like Gecko) Chrome/95.0.4638.69 Safari/537.36"
143.198.88.107 - - [14/Apr/2025:19:07:31 -0400] "POST //xmlrpc.php HTTP/1.1" 200 0 "-" "Mozilla/5.0 (Windows NT 10.0; Win64; x64) AppleWebKit/537.36 (KHTML, like Gecko) Chrome/95.0.4638.69 Safari/537.36"
86.109.170.96 - - [14/Apr/2025:19:12:10 -0400] "GET /wp-login.php HTTP/1.1" 200 1760 "-" "GRequests/0.10"
86.109.170.96 - - [14/Apr/2025:19:12:10 -0400] "POST /wp-login.php HTTP/1.1" 200 1901 "-" "GRequests/0.10"
216.244.66.246 - - [14/Apr/2025:19:18:13 -0400] "GET /robots.txt HTTP/1.1" 304 0 "-" "Mozilla/5.0 (compatible; DotBot/1.2; +https://opensiteexplorer.org/dotbot; help@moz.com)"
89.110.80.171 - - [14/Apr/2025:19:29:15 -0400] "GET / HTTP/1.1" 200 12525 "-" "Mozilla/5.0 (Macintosh; Intel Mac OS X 10_15_7) AppleWebKit/537.36 (KHTML, like Gecko) Chrome/133.0.0.0 Safari/537.36"
89.110.80.171 - - [14/Apr/2025:19:29:15 -0400] "GET /comments/feed/ HTTP/1.1" 200 363 "-" "Mozilla/5.0 (Macintosh; Intel Mac OS X 10_15_7) AppleWebKit/537.36 (KHTML, like Gecko) Chrome/133.0.0.0 Safari/537.36"
89.110.80.171 - - [14/Apr/2025:19:29:16 -0400] "GET /category/shopping-product-reviews/ HTTP/1.1" 200 9441 "-" "Mozilla/5.0 (Macintosh; Intel Mac OS X 10_15_7) AppleWebKit/537.36 (KHTML, like Gecko) Chrome/133.0.0.0 Safari/537.36"
89.110.80.171 - - [14/Apr/2025:19:29:17 -0400] "GET /category/shopping-product-reviews/feed/ HTTP/1.1" 200 457 "-" "Mozilla/5.0 (Macintosh; Intel Mac OS X 10_15_7) AppleWebKit/537.36 (KHTML, like Gecko) Chrome/133.0.0.0 Safari/537.36"
89.110.80.171 - - [14/Apr/2025:19:29:17 -0400] "GET /category/technology/ HTTP/1.1" 200 9426 "-" "Mozilla/5.0 (Macintosh; Intel Mac OS X 10_15_7) AppleWebKit/537.36 (KHTML, like Gecko) Chrome/133.0.0.0 Safari/537.36"
89.110.80.171 - - [14/Apr/2025:19:29:18 -0400] "GET /category/technology/feed/ HTTP/1.1" 200 430 "-" "Mozilla/5.0 (Macintosh; Intel Mac OS X 10_15_7) AppleWebKit/537.36 (KHTML, like Gecko) Chrome/133.0.0.0 Safari/537.36"
162.243.72.223 - - [14/Apr/2025:19:38:04 -0400] "GET /wp-login.php HTTP/1.1" 200 1760 "-" "GRequests/0.10"
162.243.72.223 - - [14/Apr/2025:19:38:04 -0400] "POST /wp-login.php HTTP/1.1" 200 1898 "-" "GRequests/0.10"
35.227.143.55 - - [14/Apr/2025:20:00:19 -0400] "GET /finding-affordable-concrete-contractors-in-northern-colorado HTTP/1.1" 301 0 "-" "Mozilla/5.0 (Windows NT 10.0; Win64; x64) AppleWebKit/537.36 (KHTML, like Gecko) Chrome/121.0.0.0 Safari/537.36 OPR/107.0.0.0"
35.227.143.55 - - [14/Apr/2025:20:00:21 -0400] "GET /finding-affordable-concrete-contractors-in-northern-colorado/ HTTP/1.1" 200 11793 "https://fileluna.com/finding-affordable-concrete-contractors-in-northern-colorado" "Mozilla/5.0 (Windows NT 10.0; Win64; x64) AppleWebKit/537.36 (KHTML, like Gecko) Chrome/121.0.0.0 Safari/537.36 OPR/107.0.0.0"
216.244.66.246 - - [14/Apr/2025:20:50:44 -0400] "GET /robots.txt HTTP/1.1" 304 0 "-" "Mozilla/5.0 (compatible; DotBot/1.2; +https://opensiteexplorer.org/dotbot; help@moz.com)"
114.119.149.81 - - [14/Apr/2025:20:59:55 -0400] "GET /category/technology/ HTTP/1.1" 200 9426 "https://fileluna.com/un-phenomene-en-plein-essor/" "Mozilla/5.0 (Linux; Android 7.0;) AppleWebKit/537.36 (KHTML, like Gecko) Mobile Safari/537.36 (compatible; PetalBot;+https://webmaster.petalsearch.com/site/petalbot)"
198.54.114.83 - - [14/Apr/2025:21:21:04 -0400] "POST /wp-cron.php?doing_wp_cron=1744680063.5520501136779785156250 HTTP/1.1" 200 0 "-" "WordPress/6.7.2; https://fileluna.com"
134.17.14.122 - - [14/Apr/2025:21:21:00 -0400] "GET /past.php HTTP/1.1" 404 8709 "-" "Mozilla/4.0 (compatible; MSIE 6.0; Windows NT 5.1; SV1)"
198.54.114.83 - - [14/Apr/2025:21:21:05 -0400] "POST /wp-admin/admin-ajax.php?action=async_litespeed&nonce=HKroGUOLQlpcugnbqb7S0yAt2BNCUuaJ&litespeed_type=imgoptm HTTP/1.1" 200 5 "-" "WordPress/6.7.2; https://fileluna.com"
198.54.114.83 - - [14/Apr/2025:21:24:23 -0400] "POST /wp-cron.php?doing_wp_cron=1744680262.5847339630126953125000 HTTP/1.1" 200 0 "-" "WordPress/6.7.2; https://fileluna.com"
198.54.114.83 - - [14/Apr/2025:21:24:23 -0400] "POST /wp-admin/admin-ajax.php?action=async_litespeed&nonce=V4KulaKcydkJYyDzLBui997AOO70YKW9&litespeed_type=imgoptm HTTP/1.1" 200 0 "-" "WordPress/6.7.2; https://fileluna.com"
114.119.137.80 - - [14/Apr/2025:21:24:20 -0400] "GET /the-relaxation-advantage/ HTTP/1.1" 200 11610 "https://fileluna.com/2024/09/page/4/" "Mozilla/5.0 (Linux; Android 7.0;) AppleWebKit/537.36 (KHTML, like Gecko) Mobile Safari/537.36 (compatible; PetalBot;+https://webmaster.petalsearch.com/site/petalbot)"
198.54.114.83 - - [14/Apr/2025:21:25:45 -0400] "POST /wp-cron.php?doing_wp_cron=1744680344.8638050556182861328125 HTTP/1.1" 200 0 "-" "WordPress/6.7.2; https://fileluna.com"
114.119.132.163 - - [14/Apr/2025:21:25:44 -0400] "GET /relaxation-after-long-workdays-on-a-business-trip/ HTTP/1.1" 200 12305 "https://fileluna.com/relax-and-recharge-with-a-business-trip-massage/" "Mozilla/5.0 (Linux; Android 7.0;) AppleWebKit/537.36 (KHTML, like Gecko) Mobile Safari/537.36 (compatible; PetalBot;+https://webmaster.petalsearch.com/site/petalbot)"
198.54.114.83 - - [14/Apr/2025:21:25:46 -0400] "POST /wp-admin/admin-ajax.php?action=async_litespeed&nonce=XSMMGryO5RgF0UjF11fIamPgFqK2MQ8m&litespeed_type=imgoptm HTTP/1.1" 200 5 "-" "WordPress/6.7.2; https://fileluna.com"
198.54.114.83 - - [14/Apr/2025:21:27:14 -0400] "POST /wp-cron.php?doing_wp_cron=1744680434.6433880329132080078125 HTTP/1.1" 200 0 "-" "WordPress/6.7.2; https://fileluna.com"
114.119.129.198 - - [14/Apr/2025:21:27:11 -0400] "GET /page/20/ HTTP/1.1" 200 12871 "https://fileluna.com/page/19/" "Mozilla/5.0 (Linux; Android 7.0;) AppleWebKit/537.36 (KHTML, like Gecko) Mobile Safari/537.36 (compatible; PetalBot;+https://webmaster.petalsearch.com/site/petalbot)"
198.54.114.83 - - [14/Apr/2025:21:27:15 -0400] "POST /wp-admin/admin-ajax.php?action=async_litespeed&nonce=dCBcZydtcLlgLqzxHdwKYthpZsOQNckE&litespeed_type=imgoptm HTTP/1.1" 200 0 "-" "WordPress/6.7.2; https://fileluna.com"
198.54.114.83 - - [14/Apr/2025:21:28:31 -0400] "POST /wp-cron.php?doing_wp_cron=1744680510.6338479518890380859375 HTTP/1.1" 200 0 "-" "WordPress/6.7.2; https://fileluna.com"
114.119.137.80 - - [14/Apr/2025:21:28:30 -0400] "GET /lart-de-capturer-linstant-par-la-photographie/ HTTP/1.1" 200 12210 "https://fileluna.com/category/arts-entertainments/page/7/" "Mozilla/5.0 (Linux; Android 7.0;) AppleWebKit/537.36 (KHTML, like Gecko) Mobile Safari/537.36 (compatible; PetalBot;+https://webmaster.petalsearch.com/site/petalbot)"
198.54.114.83 - - [14/Apr/2025:21:29:58 -0400] "POST /wp-cron.php?doing_wp_cron=1744680597.9671421051025390625000 HTTP/1.1" 200 0 "-" "WordPress/6.7.2; https://fileluna.com"
114.119.154.229 - - [14/Apr/2025:21:29:55 -0400] "GET /2024/09/page/7/ HTTP/1.1" 200 11199 "https://fileluna.com/2024/09/page/4/" "Mozilla/5.0 (Linux; Android 7.0;) AppleWebKit/537.36 (KHTML, like Gecko) Mobile Safari/537.36 (compatible; PetalBot;+https://webmaster.petalsearch.com/site/petalbot)"
198.54.114.83 - - [14/Apr/2025:21:29:59 -0400] "POST /wp-admin/admin-ajax.php?action=async_litespeed&nonce=nyKQn9mlhZtZsuoi51UsSsPEyczskEZJ&litespeed_type=imgoptm HTTP/1.1" 200 0 "-" "WordPress/6.7.2; https://fileluna.com"
216.244.66.246 - - [14/Apr/2025:21:37:01 -0400] "GET /robots.txt HTTP/1.1" 304 0 "-" "Mozilla/5.0 (compatible; DotBot/1.2; +https://opensiteexplorer.org/dotbot; help@moz.com)"
198.54.114.83 - - [14/Apr/2025:21:43:31 -0400] "POST /wp-cron.php?doing_wp_cron=1744681410.8102409839630126953125 HTTP/1.1" 200 0 "-" "WordPress/6.7.2; https://fileluna.com"
198.54.114.83 - - [14/Apr/2025:21:43:31 -0400] "POST /wp-admin/admin-ajax.php?action=async_litespeed&nonce=sELHJMxMp5QX2xtjPnrpTvqVuFW4pRlk&litespeed_type=imgoptm HTTP/1.1" 200 0 "-" "WordPress/6.7.2; https://fileluna.com"
114.119.129.34 - - [14/Apr/2025:21:43:26 -0400] "GET /the-benefits-of-business-trip-massage-for-professionals/ HTTP/1.1" 200 11925 "https://fileluna.com/relax-and-recharge-with-a-business-trip-massage/" "Mozilla/5.0 (Linux; Android 7.0;) AppleWebKit/537.36 (KHTML, like Gecko) Mobile Safari/537.36 (compatible; PetalBot;+https://webmaster.petalsearch.com/site/petalbot)"
198.54.114.83 - - [14/Apr/2025:21:44:52 -0400] "POST /wp-cron.php?doing_wp_cron=1744681492.1905529499053955078125 HTTP/1.1" 200 0 "-" "WordPress/6.7.2; https://fileluna.com"
198.54.114.83 - - [14/Apr/2025:21:44:53 -0400] "POST /wp-admin/admin-ajax.php?action=async_litespeed&nonce=X5yaakELTmU5VP9jvWDzJbb0qaLobSzG&litespeed_type=imgoptm HTTP/1.1" 200 5 "-" "WordPress/6.7.2; https://fileluna.com"
114.119.129.198 - - [14/Apr/2025:21:44:51 -0400] "GET /navigating-the-realm-of-online-gambling-a-comprehensive-over/ HTTP/1.1" 200 12410 "https://fileluna.com/category/arts-entertainments/page/51/" "Mozilla/5.0 (Linux; Android 7.0;) AppleWebKit/537.36 (KHTML, like Gecko) Mobile Safari/537.36 (compatible; PetalBot;+https://webmaster.petalsearch.com/site/petalbot)"
101.32.31.38 - - [14/Apr/2025:21:46:29 -0400] "HEAD / HTTP/1.1" 200 0 "http://fileluna.com/" "Mozilla/5.0 (X11; Linux x86_64) AppleWebKit/537.36 (KHTML, like Gecko) Chrome/96.0.4664.45 Safari/537.36"
198.54.114.83 - - [14/Apr/2025:21:49:35 -0400] "POST /wp-cron.php?doing_wp_cron=1744681775.0911710262298583984375 HTTP/1.1" 200 0 "-" "WordPress/6.7.2; https://fileluna.com"
101.32.31.38 - - [14/Apr/2025:21:49:30 -0400] "HEAD /wordpress HTTP/1.1" 404 0 "http://fileluna.com/wordpress" "Mozilla/5.0 (X11; Linux x86_64) AppleWebKit/537.36 (KHTML, like Gecko) Chrome/96.0.4664.45 Safari/537.36"
198.54.114.83 - - [14/Apr/2025:21:49:36 -0400] "POST /wp-admin/admin-ajax.php?action=async_litespeed&nonce=5r4Qs4qBarTNrCUkG848hcr9Km4Og7ET&litespeed_type=imgoptm HTTP/1.1" 200 0 "-" "WordPress/6.7.2; https://fileluna.com"
198.54.114.83 - - [14/Apr/2025:21:54:29 -0400] "POST /wp-cron.php?doing_wp_cron=1744682068.8605160713195800781250 HTTP/1.1" 200 0 "-" "WordPress/6.7.2; https://fileluna.com"
101.32.31.38 - - [14/Apr/2025:21:54:25 -0400] "HEAD /Wordpress HTTP/1.1" 404 0 "http://fileluna.com/Wordpress" "Mozilla/5.0 (X11; Linux x86_64) AppleWebKit/537.36 (KHTML, like Gecko) Chrome/96.0.4664.45 Safari/537.36"
198.54.114.83 - - [14/Apr/2025:21:54:31 -0400] "POST /wp-admin/admin-ajax.php?action=async_litespeed&nonce=s6n4iDi36O5yX7rceDbCTfzuw9ChdOTR&litespeed_type=imgoptm HTTP/1.1" 200 0 "-" "WordPress/6.7.2; https://fileluna.com"
198.54.114.83 - - [14/Apr/2025:21:55:37 -0400] "POST /wp-cron.php?doing_wp_cron=1744682136.1803491115570068359375 HTTP/1.1" 200 0 "-" "WordPress/6.7.2; https://fileluna.com"
101.32.31.38 - - [14/Apr/2025:21:55:35 -0400] "HEAD /WORDPRESS HTTP/1.1" 404 0 "http://fileluna.com/WORDPRESS" "Mozilla/5.0 (X11; Linux x86_64) AppleWebKit/537.36 (KHTML, like Gecko) Chrome/96.0.4664.45 Safari/537.36"
198.54.114.83 - - [14/Apr/2025:21:55:38 -0400] "POST /wp-admin/admin-ajax.php?action=async_litespeed&nonce=nZbhD6m9GsuHJy8AOZ0NGFFP8ZZNqzT4&litespeed_type=imgoptm HTTP/1.1" 200 0 "-" "WordPress/6.7.2; https://fileluna.com"
198.54.114.83 - - [14/Apr/2025:21:57:44 -0400] "POST /wp-cron.php?doing_wp_cron=1744682263.7744190692901611328125 HTTP/1.1" 200 0 "-" "WordPress/6.7.2; https://fileluna.com"
101.32.31.38 - - [14/Apr/2025:21:57:39 -0400] "HEAD /WordPress HTTP/1.1" 404 0 "http://fileluna.com/WordPress" "Mozilla/5.0 (X11; Linux x86_64) AppleWebKit/537.36 (KHTML, like Gecko) Chrome/96.0.4664.45 Safari/537.36"
198.54.114.83 - - [14/Apr/2025:21:57:45 -0400] "POST /wp-admin/admin-ajax.php?action=async_litespeed&nonce=ZU7tu5oArNLTarmYJrKAMJucFbvaPIUm&litespeed_type=imgoptm HTTP/1.1" 200 0 "-" "WordPress/6.7.2; https://fileluna.com"
198.54.114.83 - - [14/Apr/2025:22:00:35 -0400] "POST /wp-cron.php?doing_wp_cron=1744682434.8643798828125000000000 HTTP/1.1" 200 0 "-" "WordPress/6.7.2; https://fileluna.com"
198.54.114.83 - - [14/Apr/2025:22:00:35 -0400] "POST /wp-admin/admin-ajax.php?action=async_litespeed&nonce=lY1zirg9qeyUCrWaZe5URHgfAU9txuab&litespeed_type=imgoptm HTTP/1.1" 200 5 "-" "WordPress/6.7.2; https://fileluna.com"
114.119.132.228 - - [14/Apr/2025:22:00:31 -0400] "GET /relax-and-recharge-the-osan-business-trip-massage-experience/ HTTP/1.1" 200 11620 "https://fileluna.com/2024/page/24/" "Mozilla/5.0 (Linux; Android 7.0;) AppleWebKit/537.36 (KHTML, like Gecko) Mobile Safari/537.36 (compatible; PetalBot;+https://webmaster.petalsearch.com/site/petalbot)"
101.32.31.38 - - [14/Apr/2025:22:00:48 -0400] "HEAD /wp HTTP/1.1" 404 0 "http://fileluna.com/wp" "Mozilla/5.0 (X11; Linux x86_64) AppleWebKit/537.36 (KHTML, like Gecko) Chrome/96.0.4664.45 Safari/537.36"
198.54.114.83 - - [14/Apr/2025:22:01:56 -0400] "POST /wp-cron.php?doing_wp_cron=1744682515.6537570953369140625000 HTTP/1.1" 200 0 "-" "WordPress/6.7.2; https://fileluna.com"
114.119.132.163 - - [14/Apr/2025:22:01:55 -0400] "GET /gitarre-lernen-in-dusseldorf-fur-anfanger-und-fortgeschrittene/ HTTP/1.1" 200 12045 "https://fileluna.com/page/8/" "Mozilla/5.0 (Linux; Android 7.0;) AppleWebKit/537.36 (KHTML, like Gecko) Mobile Safari/537.36 (compatible; PetalBot;+https://webmaster.petalsearch.com/site/petalbot)"
198.54.114.83 - - [14/Apr/2025:22:01:56 -0400] "POST /wp-admin/admin-ajax.php?action=async_litespeed&nonce=5yMhpn913xJAxNXRAltqpTkm4tjbACJd&litespeed_type=imgoptm HTTP/1.1" 200 5 "-" "WordPress/6.7.2; https://fileluna.com"
198.54.114.83 - - [14/Apr/2025:22:02:13 -0400] "POST /wp-cron.php?doing_wp_cron=1744682532.1674299240112304687500 HTTP/1.1" 200 0 "-" "WordPress/6.7.2; https://fileluna.com"
101.32.31.38 - - [14/Apr/2025:22:02:11 -0400] "HEAD /Wp HTTP/1.1" 404 0 "http://fileluna.com/Wp" "Mozilla/5.0 (X11; Linux x86_64) AppleWebKit/537.36 (KHTML, like Gecko) Chrome/96.0.4664.45 Safari/537.36"
198.54.114.83 - - [14/Apr/2025:22:02:14 -0400] "POST /wp-admin/admin-ajax.php?action=async_litespeed&nonce=BgFgyu4wIJd6BmpX7Jo2vjcCx0v585GZ&litespeed_type=imgoptm HTTP/1.1" 200 0 "-" "WordPress/6.7.2; https://fileluna.com"
198.54.114.83 - - [14/Apr/2025:22:03:19 -0400] "POST /wp-cron.php?doing_wp_cron=1744682599.5196249485015869140625 HTTP/1.1" 200 0 "-" "WordPress/6.7.2; https://fileluna.com"
198.54.114.83 - - [14/Apr/2025:22:03:22 -0400] "POST /wp-admin/admin-ajax.php?action=async_litespeed&nonce=h7nBXhZiGgKHzLPuY9xcBTl2pEwUzhlS&litespeed_type=imgoptm HTTP/1.1" 200 0 "-" "WordPress/6.7.2; https://fileluna.com"
114.119.129.198 - - [14/Apr/2025:22:03:18 -0400] "GET /category/arts-entertainments/page/18/ HTTP/1.1" 200 11168 "https://fileluna.com/category/arts-entertainments/page/20/" "Mozilla/5.0 (Linux; Android 7.0;) AppleWebKit/537.36 (KHTML, like Gecko) Mobile Safari/537.36 (compatible; PetalBot;+https://webmaster.petalsearch.com/site/petalbot)"
198.54.114.83 - - [14/Apr/2025:22:04:43 -0400] "POST /wp-cron.php?doing_wp_cron=1744682682.8671131134033203125000 HTTP/1.1" 200 0 "-" "WordPress/6.7.2; https://fileluna.com"
114.119.149.81 - - [14/Apr/2025:22:04:41 -0400] "GET /a-modern-convenience/ HTTP/1.1" 200 11536 "https://fileluna.com/custom-portraits-for-your-beloved-dog/" "Mozilla/5.0 (Linux; Android 7.0;) AppleWebKit/537.36 (KHTML, like Gecko) Mobile Safari/537.36 (compatible; PetalBot;+https://webmaster.petalsearch.com/site/petalbot)"
198.54.114.83 - - [14/Apr/2025:22:04:45 -0400] "POST /wp-admin/admin-ajax.php?action=async_litespeed&nonce=BoVOyhelHGC5dzaVhK5kx7D1sxEoZsjz&litespeed_type=imgoptm HTTP/1.1" 200 0 "-" "WordPress/6.7.2; https://fileluna.com"
101.32.31.38 - - [14/Apr/2025:22:04:59 -0400] "HEAD /WP HTTP/1.1" 404 0 "http://fileluna.com/WP" "Mozilla/5.0 (X11; Linux x86_64) AppleWebKit/537.36 (KHTML, like Gecko) Chrome/96.0.4664.45 Safari/537.36"
198.54.114.83 - - [14/Apr/2025:22:06:07 -0400] "POST /wp-cron.php?doing_wp_cron=1744682766.0757000446319580078125 HTTP/1.1" 200 0 "-" "WordPress/6.7.2; https://fileluna.com"
114.119.129.198 - - [14/Apr/2025:22:06:05 -0400] "GET /2023/12/ HTTP/1.1" 200 10796 "https://fileluna.com/un-phenomene-en-plein-essor/" "Mozilla/5.0 (Linux; Android 7.0;) AppleWebKit/537.36 (KHTML, like Gecko) Mobile Safari/537.36 (compatible; PetalBot;+https://webmaster.petalsearch.com/site/petalbot)"
2001:41d0:303:422d::1 - - [14/Apr/2025:22:07:55 -0400] "GET /robots.txt HTTP/1.1" 304 0 "-" "Mozilla/5.0 (compatible; MJ12bot/v1.4.8; http://mj12bot.com/)"
198.54.114.83 - - [14/Apr/2025:22:07:59 -0400] "POST /wp-cron.php?doing_wp_cron=1744682878.8447079658508300781250 HTTP/1.1" 200 0 "-" "WordPress/6.7.2; https://fileluna.com"
101.32.31.38 - - [14/Apr/2025:22:07:55 -0400] "HEAD /old HTTP/1.1" 404 0 "http://fileluna.com/old" "Mozilla/5.0 (X11; Linux x86_64) AppleWebKit/537.36 (KHTML, like Gecko) Chrome/96.0.4664.45 Safari/537.36"
198.54.114.83 - - [14/Apr/2025:22:08:00 -0400] "POST /wp-admin/admin-ajax.php?action=async_litespeed&nonce=Cl4NaS0SnazWbixeo28ZACPzWyHcsjYv&litespeed_type=imgoptm HTTP/1.1" 200 0 "-" "WordPress/6.7.2; https://fileluna.com"
2001:41d0:303:422d::1 - - [14/Apr/2025:22:07:58 -0400] "GET /2024/08/ HTTP/1.1" 200 11036 "-" "Mozilla/5.0 (compatible; MJ12bot/v1.4.8; http://mj12bot.com/)"
198.54.114.83 - - [14/Apr/2025:22:08:04 -0400] "POST /wp-cron.php?doing_wp_cron=1744682884.4049880504608154296875 HTTP/1.1" 200 0 "-" "WordPress/6.7.2; https://fileluna.com"
198.54.114.83 - - [14/Apr/2025:22:08:05 -0400] "POST /wp-admin/admin-ajax.php?action=async_litespeed&nonce=wBih9JET27IR5d2d6XlseH5cLTroLHQM&litespeed_type=imgoptm HTTP/1.1" 200 0 "-" "WordPress/6.7.2; https://fileluna.com"
2001:41d0:303:422d::1 - - [14/Apr/2025:22:08:04 -0400] "GET /der-gitarre-fur-anfanger-und-fortgeschrittene/ HTTP/1.1" 200 12004 "-" "Mozilla/5.0 (compatible; MJ12bot/v1.4.8; http://mj12bot.com/)"
2001:41d0:303:422d::1 - - [14/Apr/2025:22:08:09 -0400] "GET /efficient-financial-management-with-buchhaltung-hattingen/ HTTP/1.1" 200 12284 "-" "Mozilla/5.0 (compatible; MJ12bot/v1.4.8; http://mj12bot.com/)"
2001:41d0:303:422d::1 - - [14/Apr/2025:22:08:13 -0400] "GET /professioneller-umzugsservice-in-luneburg/ HTTP/1.1" 200 11667 "-" "Mozilla/5.0 (compatible; MJ12bot/v1.4.8; http://mj12bot.com/)"
2001:41d0:303:422d::1 - - [14/Apr/2025:22:08:18 -0400] "GET /the-green-travelers-guide-to-eco-lodging-in-belize/ HTTP/1.1" 200 11944 "-" "Mozilla/5.0 (compatible; MJ12bot/v1.4.8; http://mj12bot.com/)"
2001:41d0:303:422d::1 - - [14/Apr/2025:22:08:24 -0400] "GET /umzugsfirma-hamburg-fur-einen-stressfreien-umzug/ HTTP/1.1" 200 11792 "-" "Mozilla/5.0 (compatible; MJ12bot/v1.4.8; http://mj12bot.com/)"
2001:41d0:303:422d::1 - - [14/Apr/2025:22:08:30 -0400] "GET /umzugsunternehmen-in-luneburg-fur-einen-stressfreien-umzug-2/ HTTP/1.1" 200 12065 "-" "Mozilla/5.0 (compatible; MJ12bot/v1.4.8; http://mj12bot.com/)"
2001:41d0:303:422d::1 - - [14/Apr/2025:22:08:35 -0400] "GET /unveiling-the-potential-of-fenbendazole-in-pancreatic-cancer-treatment/ HTTP/1.1" 200 11872 "-" "Mozilla/5.0 (compatible; MJ12bot/v1.4.8; http://mj12bot.com/)"
198.54.114.83 - - [14/Apr/2025:22:09:05 -0400] "POST /wp-cron.php?doing_wp_cron=1744682944.2512969970703125000000 HTTP/1.1" 200 0 "-" "WordPress/6.7.2; https://fileluna.com"
101.32.31.38 - - [14/Apr/2025:22:09:03 -0400] "HEAD /Old HTTP/1.1" 404 0 "http://fileluna.com/Old" "Mozilla/5.0 (X11; Linux x86_64) AppleWebKit/537.36 (KHTML, like Gecko) Chrome/96.0.4664.45 Safari/537.36"
198.54.114.83 - - [14/Apr/2025:22:09:06 -0400] "POST /wp-admin/admin-ajax.php?action=async_litespeed&nonce=BUt4nEV1gcY2MEjCR6gqP5XE8Rpvgw8X&litespeed_type=imgoptm HTTP/1.1" 200 0 "-" "WordPress/6.7.2; https://fileluna.com"
198.54.114.83 - - [14/Apr/2025:22:10:49 -0400] "POST /wp-cron.php?doing_wp_cron=1744683048.5214929580688476562500 HTTP/1.1" 200 0 "-" "WordPress/6.7.2; https://fileluna.com"
13.92.126.31 - - [14/Apr/2025:22:10:45 -0400] "GET /lv.php HTTP/1.1" 404 8709 "-" "-"
13.92.126.31 - - [14/Apr/2025:22:10:52 -0400] "GET /wp-content/plugins/pwnd/pwnd.php HTTP/1.1" 404 8709 "-" "-"
13.92.126.31 - - [14/Apr/2025:22:10:56 -0400] "GET /wp-content/plugins/pwnd-1/pwnd.php HTTP/1.1" 404 8709 "-" "-"
13.92.126.31 - - [14/Apr/2025:22:10:58 -0400] "GET /wp-includes/Requests/about.php HTTP/1.1" 404 8709 "-" "-"
13.92.126.31 - - [14/Apr/2025:22:11:03 -0400] "GET /wp-includes/style-engine/about.php HTTP/1.1" 404 8709 "-" "-"
13.92.126.31 - - [14/Apr/2025:22:11:05 -0400] "GET /wp-includes/rest-api/about.php HTTP/1.1" 404 8709 "-" "-"
13.92.126.31 - - [14/Apr/2025:22:11:08 -0400] "GET /wp-includes/SimplePie/about.php HTTP/1.1" 404 8709 "-" "-"
13.92.126.31 - - [14/Apr/2025:22:11:12 -0400] "GET /wp-content/banners/about.php HTTP/1.1" 404 8709 "-" "-"
13.92.126.31 - - [14/Apr/2025:22:11:15 -0400] "GET /wp-content/about.php HTTP/1.1" 404 8709 "-" "-"
13.92.126.31 - - [14/Apr/2025:22:11:18 -0400] "GET /.well-known/about.php HTTP/1.1" 404 8709 "-" "-"
13.92.126.31 - - [14/Apr/2025:22:11:21 -0400] "GET /wp-includes/Text/about.php HTTP/1.1" 404 8709 "-" "-"
13.92.126.31 - - [14/Apr/2025:22:11:24 -0400] "GET /wp-includes/ID3/about.php HTTP/1.1" 404 8709 "-" "-"
13.92.126.31 - - [14/Apr/2025:22:11:27 -0400] "GET /img/about.php HTTP/1.1" 404 8709 "-" "-"
13.92.126.31 - - [14/Apr/2025:22:11:31 -0400] "GET /wp-content/languages/about.php HTTP/1.1" 404 8709 "-" "-"
13.92.126.31 - - [14/Apr/2025:22:11:35 -0400] "GET /wp-includes/customize/about.php HTTP/1.1" 404 8709 "-" "-"
13.92.126.31 - - [14/Apr/2025:22:11:39 -0400] "GET /wp-includes.bak/html-api/about.php HTTP/1.1" 404 8709 "-" "-"
13.92.126.31 - - [14/Apr/2025:22:11:41 -0400] "GET /wp-includes/widgets/about.php HTTP/1.1" 404 8709 "-" "-"
13.92.126.31 - - [14/Apr/2025:22:11:46 -0400] "GET /wp-includes/IXR/about.php HTTP/1.1" 404 8709 "-" "-"
198.54.114.83 - - [14/Apr/2025:22:11:50 -0400] "POST /wp-cron.php?doing_wp_cron=1744683109.4751009941101074218750 HTTP/1.1" 200 0 "-" "WordPress/6.7.2; https://fileluna.com"
13.92.126.31 - - [14/Apr/2025:22:11:49 -0400] "GET /wp-admin/js/about.php HTTP/1.1" 404 8709 "-" "-"
13.92.126.31 - - [14/Apr/2025:22:11:52 -0400] "GET /.well-known/pki-validation/about.php HTTP/1.1" 404 1251 "-" "-"
198.54.114.83 - - [14/Apr/2025:22:11:51 -0400] "POST /wp-admin/admin-ajax.php?action=async_litespeed&nonce=dcQA49oSMr1hIrcOrYbepvqnv2PS6ZH7&litespeed_type=imgoptm HTTP/1.1" 200 0 "-" "WordPress/6.7.2; https://fileluna.com"
13.92.126.31 - - [14/Apr/2025:22:11:53 -0400] "GET /wp-includes/pomo/about.php HTTP/1.1" 404 8709 "-" "-"
101.32.31.38 - - [14/Apr/2025:22:11:57 -0400] "HEAD /OLD HTTP/1.1" 404 0 "http://fileluna.com/OLD" "Mozilla/5.0 (X11; Linux x86_64) AppleWebKit/537.36 (KHTML, like Gecko) Chrome/96.0.4664.45 Safari/537.36"
13.92.126.31 - - [14/Apr/2025:22:11:57 -0400] "GET /wp-includes/block-patterns/about.php HTTP/1.1" 404 8709 "-" "-"
13.92.126.31 - - [14/Apr/2025:22:11:59 -0400] "GET /wp-content/updraft/about.php HTTP/1.1" 404 8709 "-" "-"
198.54.114.83 - - [14/Apr/2025:22:12:05 -0400] "POST /wp-cron.php?doing_wp_cron=1744683124.2277019023895263671875 HTTP/1.1" 200 0 "-" "WordPress/6.7.2; https://fileluna.com"
13.92.126.31 - - [14/Apr/2025:22:12:04 -0400] "GET /wp-content/upgrade-temp-backup/about.php HTTP/1.1" 404 8709 "-" "-"
13.92.126.31 - - [14/Apr/2025:22:12:09 -0400] "GET /wp-content/themes/about.php HTTP/1.1" 404 8709 "-" "-"
13.92.126.31 - - [14/Apr/2025:22:12:12 -0400] "GET /wp-admin/includes/about.php HTTP/1.1" 404 8709 "-" "-"
13.92.126.31 - - [14/Apr/2025:22:12:15 -0400] "GET /images/about.php HTTP/1.1" 404 8709 "-" "-"
13.92.126.31 - - [14/Apr/2025:22:12:18 -0400] "GET /wp-content/blogs.dir/about.php HTTP/1.1" 404 8709 "-" "-"
13.92.126.31 - - [14/Apr/2025:22:12:21 -0400] "GET /wp-includes/images/about.php HTTP/1.1" 404 8709 "-" "-"
13.92.126.31 - - [14/Apr/2025:22:12:24 -0400] "GET /cgi-bin/about.php HTTP/1.1" 404 8709 "-" "-"
13.92.126.31 - - [14/Apr/2025:22:12:27 -0400] "GET /wp-content/gallery/about.php HTTP/1.1" 404 8709 "-" "-"
13.92.126.31 - - [14/Apr/2025:22:12:29 -0400] "GET /wp-includes/blocks/about.php HTTP/1.1" 404 8709 "-" "-"
13.92.126.31 - - [14/Apr/2025:22:12:34 -0400] "GET /wp-admin/css/about.php HTTP/1.1" 404 8709 "-" "-"
13.92.126.31 - - [14/Apr/2025:22:12:38 -0400] "GET /wp-admin/images/about.php HTTP/1.1" 404 8709 "-" "-"
13.92.126.31 - - [14/Apr/2025:22:12:41 -0400] "GET /.well-known/pki-validation/cloud.php HTTP/1.1" 404 1251 "-" "-"
13.92.126.31 - - [14/Apr/2025:22:12:42 -0400] "GET /.well-known/acme-challenge/cloud.php HTTP/1.1" 404 8709 "-" "-"
13.92.126.31 - - [14/Apr/2025:22:12:45 -0400] "GET /wp-admin/network/cloud.php HTTP/1.1" 404 8709 "-" "-"
13.92.126.31 - - [14/Apr/2025:22:12:47 -0400] "GET /cloud.php HTTP/1.1" 404 8709 "-" "-"
13.92.126.31 - - [14/Apr/2025:22:12:50 -0400] "GET /cgi-bin/cloud.php HTTP/1.1" 404 8709 "-" "-"
13.92.126.31 - - [14/Apr/2025:22:12:54 -0400] "GET /wp-content/updates.php HTTP/1.1" 404 8709 "-" "-"
13.92.126.31 - - [14/Apr/2025:22:12:56 -0400] "GET /css/cloud.php HTTP/1.1" 404 8709 "-" "-"
13.92.126.31 - - [14/Apr/2025:22:12:58 -0400] "GET /wp-admin/user/cloud.php HTTP/1.1" 404 8709 "-" "-"
13.92.126.31 - - [14/Apr/2025:22:13:03 -0400] "GET /img/cloud.php HTTP/1.1" 404 8709 "-" "-"
198.54.114.83 - - [14/Apr/2025:22:13:09 -0400] "POST /wp-cron.php?doing_wp_cron=1744683188.0132958889007568359375 HTTP/1.1" 200 0 "-" "WordPress/6.7.2; https://fileluna.com"
13.92.126.31 - - [14/Apr/2025:22:13:07 -0400] "GET /wp-admin/css/colors/coffee/cloud.php HTTP/1.1" 404 8709 "-" "-"
13.92.126.31 - - [14/Apr/2025:22:13:11 -0400] "GET /wp-admin/images/cloud.php HTTP/1.1" 404 8709 "-" "-"
13.92.126.31 - - [14/Apr/2025:22:13:15 -0400] "GET /avaa.php HTTP/1.1" 404 8709 "-" "-"
13.92.126.31 - - [14/Apr/2025:22:13:20 -0400] "GET /images/cloud.php HTTP/1.1" 404 8709 "-" "-"
13.92.126.31 - - [14/Apr/2025:22:13:25 -0400] "GET /wp-admin/js/widgets/cloud.php HTTP/1.1" 404 8709 "-" "-"
13.92.126.31 - - [14/Apr/2025:22:13:30 -0400] "GET /wp-includes/Requests/Text/admin.php HTTP/1.1" 404 8709 "-" "-"
13.92.126.31 - - [14/Apr/2025:22:13:35 -0400] "GET /wp-admin/css/colors/cloud.php HTTP/1.1" 404 8709 "-" "-"
13.92.126.31 - - [14/Apr/2025:22:13:39 -0400] "GET /wp-admin/includes/cloud.php HTTP/1.1" 404 8709 "-" "-"
13.92.126.31 - - [14/Apr/2025:22:13:46 -0400] "GET /wp-admin/css/colors/blue/cloud.php HTTP/1.1" 404 8709 "-" "-"
13.92.126.31 - - [14/Apr/2025:22:14:02 -0400] "GET /wp-admin/cloud.php HTTP/1.1" 404 8709 "-" "-"
13.92.126.31 - - [14/Apr/2025:22:14:14 -0400] "GET /updates.php HTTP/1.1" 404 8709 "-" "-"
198.54.114.83 - - [14/Apr/2025:22:14:18 -0400] "POST /wp-cron.php?doing_wp_cron=1744683254.9391329288482666015625 HTTP/1.1" 200 0 "-" "WordPress/6.7.2; https://fileluna.com"
101.32.31.38 - - [14/Apr/2025:22:14:16 -0400] "HEAD /oldsite HTTP/1.1" 404 0 "http://fileluna.com/oldsite" "Mozilla/5.0 (X11; Linux x86_64) AppleWebKit/537.36 (KHTML, like Gecko) Chrome/96.0.4664.45 Safari/537.36"
13.92.126.31 - - [14/Apr/2025:22:14:24 -0400] "GET /libraries/legacy/updates.php HTTP/1.1" 404 8709 "-" "-"
212.8.248.108 - - [14/Apr/2025:22:14:26 -0400] "GET / HTTP/1.1" 200 12525 "-" "Mozilla/5.0 (Windows NT 10.0; Win64; x64) AppleWebKit/537.36 (KHTML, like Gecko) Chrome/118.0.0.0 Safari/537.36"
13.92.126.31 - - [14/Apr/2025:22:14:30 -0400] "GET /libraries/phpmailer/updates.php HTTP/1.1" 404 8709 "-" "-"
13.92.126.31 - - [14/Apr/2025:22:14:37 -0400] "GET /libraries/vendor/updates.php HTTP/1.1" 404 8709 "-" "-"
13.92.126.31 - - [14/Apr/2025:22:14:43 -0400] "GET /alfa-rex.php7 HTTP/1.1" 404 8709 "-" "-"
13.92.126.31 - - [14/Apr/2025:22:14:49 -0400] "GET /alfanew.php HTTP/1.1" 404 8709 "-" "-"
13.92.126.31 - - [14/Apr/2025:22:14:56 -0400] "GET /wp-content/plugins/Cache/Cache.php HTTP/1.1" 404 8709 "-" "-"
13.92.126.31 - - [14/Apr/2025:22:15:01 -0400] "GET /wp-admin/js/widgets/about.php7 HTTP/1.1" 404 8709 "-" "-"
13.92.126.31 - - [14/Apr/2025:22:15:08 -0400] "GET /wp-p.php7 HTTP/1.1" 404 8709 "-" "-"
13.92.126.31 - - [14/Apr/2025:22:15:14 -0400] "GET /wp-admin/repeater.php HTTP/1.1" 404 8709 "-" "-"
13.92.126.31 - - [14/Apr/2025:22:15:22 -0400] "GET /wp-includes/repeater.php HTTP/1.1" 404 8709 "-" "-"
198.54.114.83 - - [14/Apr/2025:22:15:25 -0400] "POST /wp-cron.php?doing_wp_cron=1744683322.8594861030578613281250 HTTP/1.1" 200 0 "-" "WordPress/6.7.2; https://fileluna.com"
13.92.126.31 - - [14/Apr/2025:22:15:28 -0400] "GET /wp-content/repeater.php HTTP/1.1" 404 8709 "-" "-"
13.92.126.31 - - [14/Apr/2025:22:15:38 -0400] "GET /wsoyanz.php HTTP/1.1" 404 8709 "-" "-"
13.92.126.31 - - [14/Apr/2025:22:15:48 -0400] "GET /yanz.php HTTP/1.1" 404 8709 "-" "-"
101.32.31.38 - - [14/Apr/2025:22:15:58 -0400] "HEAD /new HTTP/1.1" 404 0 "http://fileluna.com/new" "Mozilla/5.0 (X11; Linux x86_64) AppleWebKit/537.36 (KHTML, like Gecko) Chrome/96.0.4664.45 Safari/537.36"
13.92.126.31 - - [14/Apr/2025:22:16:00 -0400] "GET /wp-content/plugins/seoo/wsoyanz.php HTTP/1.1" 404 8709 "-" "-"
13.92.126.31 - - [14/Apr/2025:22:16:08 -0400] "GET /wp-content/plugins/seoo/wsoyanz1.php HTTP/1.1" 404 8709 "-" "-"
13.92.126.31 - - [14/Apr/2025:22:16:15 -0400] "GET /cache-compat.php HTTP/1.1" 404 8709 "-" "-"
13.92.126.31 - - [14/Apr/2025:22:16:20 -0400] "GET /ajax-actions.php HTTP/1.1" 404 8709 "-" "-"
198.54.114.83 - - [14/Apr/2025:22:16:26 -0400] "POST /wp-cron.php?doing_wp_cron=1744683384.9910678863525390625000 HTTP/1.1" 200 0 "-" "WordPress/6.7.2; https://fileluna.com"
13.92.126.31 - - [14/Apr/2025:22:16:24 -0400] "GET /wp-admin/ajax-actions.php HTTP/1.1" 404 8709 "-" "-"
13.92.126.31 - - [14/Apr/2025:22:16:31 -0400] "GET /wp-consar.php HTTP/1.1" 404 8709 "-" "-"
13.92.126.31 - - [14/Apr/2025:22:16:38 -0400] "GET /repeater.php HTTP/1.1" 404 8709 "-" "-"
71.40.108.156 - - [14/Apr/2025:22:16:41 -0400] "POST /xmlrpc.php HTTP/1.1" 200 186 "https://fileluna.com" "Mozilla/5.0 (Windows NT 10.0; Win64; x64) AppleWebKit/537.36 (KHTML, like Gecko) Chrome/113.0.5672.126 Safari/537.36 Edg/113.0.1774.50"
13.92.126.31 - - [14/Apr/2025:22:16:45 -0400] "GET /admin-post.php HTTP/1.1" 404 8709 "-" "-"
13.92.126.31 - - [14/Apr/2025:22:16:51 -0400] "GET /wp-admin/maint/maint/ajax-actions.php HTTP/1.1" 404 8709 "-" "-"
13.92.126.31 - - [14/Apr/2025:22:16:55 -0400] "GET /wp-admin/dropdown.php HTTP/1.1" 404 8709 "-" "-"
13.92.126.31 - - [14/Apr/2025:22:16:59 -0400] "GET /wp-admin/css/index.php HTTP/1.1" 301 0 "-" "-"
13.92.126.31 - - [14/Apr/2025:22:17:02 -0400] "GET /wp-admin/css/ HTTP/1.1" 403 1242 "-" "-"
13.92.126.31 - - [14/Apr/2025:22:17:07 -0400] "GET /about.php HTTP/1.1" 404 8709 "-" "-"
13.92.126.31 - - [14/Apr/2025:22:17:10 -0400] "GET /about.php7 HTTP/1.1" 404 8709 "-" "-"
13.92.126.31 - - [14/Apr/2025:22:17:16 -0400] "GET /alfanew.php7 HTTP/1.1" 404 8709 "-" "-"
13.92.126.31 - - [14/Apr/2025:22:17:21 -0400] "GET /adminfuns.php7 HTTP/1.1" 404 8709 "-" "-"
13.92.126.31 - - [14/Apr/2025:22:17:24 -0400] "GET /ebs.php7 HTTP/1.1" 404 8709 "-" "-"
198.54.114.83 - - [14/Apr/2025:22:17:28 -0400] "POST /wp-cron.php?doing_wp_cron=1744683447.6131520271301269531250 HTTP/1.1" 200 0 "-" "WordPress/6.7.2; https://fileluna.com"
13.92.126.31 - - [14/Apr/2025:22:17:27 -0400] "GET /ws.php7 HTTP/1.1" 404 8709 "-" "-"
13.92.126.31 - - [14/Apr/2025:22:17:34 -0400] "GET /alfanew2.php7 HTTP/1.1" 404 8709 "-" "-"
13.92.126.31 - - [14/Apr/2025:22:17:40 -0400] "GET /alfa-rex2.php7 HTTP/1.1" 404 8709 "-" "-"
13.92.126.31 - - [14/Apr/2025:22:17:46 -0400] "GET /wp-admin/images/index.php HTTP/1.1" 301 0 "-" "-"
13.92.126.31 - - [14/Apr/2025:22:17:49 -0400] "GET /wp-admin/images/ HTTP/1.1" 403 1242 "-" "-"
13.92.126.31 - - [14/Apr/2025:22:17:53 -0400] "GET /wp-admin/css/colors/index.php HTTP/1.1" 301 0 "-" "-"
13.92.126.31 - - [14/Apr/2025:22:17:57 -0400] "GET /wp-admin/css/colors/ HTTP/1.1" 403 1242 "-" "-"
13.92.126.31 - - [14/Apr/2025:22:18:03 -0400] "GET /wp-content/themes/pridmag/db.php HTTP/1.1" 404 8709 "-" "-"
13.92.126.31 - - [14/Apr/2025:22:18:10 -0400] "GET /wp-content/themes/seotheme/mar.php HTTP/1.1" 404 8709 "-" "-"
13.92.126.31 - - [14/Apr/2025:22:18:16 -0400] "GET /wp-content/plugins/linkpreview/db.php HTTP/1.1" 404 8709 "-" "-"
13.92.126.31 - - [14/Apr/2025:22:18:21 -0400] "GET /wp-content/themes/seotheme/db.php HTTP/1.1" 404 8709 "-" "-"
13.92.126.31 - - [14/Apr/2025:22:18:26 -0400] "GET /wp-content/plugins/seoplugins/db.php HTTP/1.1" 404 8709 "-" "-"
13.92.126.31 - - [14/Apr/2025:22:18:31 -0400] "GET /.well-known/pki-validation/xmrlpc.php HTTP/1.1" 404 1251 "-" "-"
198.54.114.83 - - [14/Apr/2025:22:18:35 -0400] "POST /wp-cron.php?doing_wp_cron=1744683515.1760931015014648437500 HTTP/1.1" 200 0 "-" "WordPress/6.7.2; https://fileluna.com"
13.92.126.31 - - [14/Apr/2025:22:18:34 -0400] "GET /.well-known/acme-challenge/xmrlpc.php HTTP/1.1" 404 8709 "-" "-"
198.54.114.83 - - [14/Apr/2025:22:18:38 -0400] "POST /wp-admin/admin-ajax.php?action=async_litespeed&nonce=i1RNVsRpyLC8WCn9wlUjDSz5lDgeFzLJ&litespeed_type=imgoptm HTTP/1.1" 200 0 "-" "WordPress/6.7.2; https://fileluna.com"
13.92.126.31 - - [14/Apr/2025:22:18:40 -0400] "GET /wp-admin/network/xmrlpc.php HTTP/1.1" 404 8709 "-" "-"
13.92.126.31 - - [14/Apr/2025:22:18:45 -0400] "GET /xmrlpc.php HTTP/1.1" 404 8709 "-" "-"
13.92.126.31 - - [14/Apr/2025:22:18:48 -0400] "GET /cgi-bin/xmrlpc.php HTTP/1.1" 404 8709 "-" "-"
13.92.126.31 - - [14/Apr/2025:22:18:52 -0400] "GET /css/xmrlpc.php HTTP/1.1" 404 8709 "-" "-"
13.92.126.31 - - [14/Apr/2025:22:18:54 -0400] "GET /wp-admin/user/xmrlpc.php HTTP/1.1" 404 8709 "-" "-"
13.92.126.31 - - [14/Apr/2025:22:18:58 -0400] "GET /img/xmrlpc.php HTTP/1.1" 404 8709 "-" "-"
13.92.126.31 - - [14/Apr/2025:22:19:01 -0400] "GET /wp-admin/css/colors/coffee/xmrlpc.php HTTP/1.1" 404 8709 "-" "-"
198.54.114.83 - - [14/Apr/2025:22:19:06 -0400] "POST /wp-cron.php?doing_wp_cron=1744683545.0929729938507080078125 HTTP/1.1" 200 0 "-" "WordPress/6.7.2; https://fileluna.com"
13.92.126.31 - - [14/Apr/2025:22:19:05 -0400] "GET /wp-admin/images/xmrlpc.php HTTP/1.1" 404 8709 "-" "-"
198.54.114.83 - - [14/Apr/2025:22:19:07 -0400] "POST /wp-admin/admin-ajax.php?action=async_litespeed&nonce=L4ygP2im7XC8y6hZQNMojdYVZglTtIDT&litespeed_type=imgoptm HTTP/1.1" 200 0 "-" "WordPress/6.7.2; https://fileluna.com"
13.92.126.31 - - [14/Apr/2025:22:19:08 -0400] "GET /images/xmrlpc.php HTTP/1.1" 404 8709 "-" "-"
13.92.126.31 - - [14/Apr/2025:22:19:13 -0400] "GET /wp-admin/js/widgets/xmrlpc.php HTTP/1.1" 404 8709 "-" "-"
13.92.126.31 - - [14/Apr/2025:22:19:16 -0400] "GET /wp-admin/css/colors/xmrlpc.php HTTP/1.1" 404 8709 "-" "-"
13.92.126.31 - - [14/Apr/2025:22:19:17 -0400] "GET /wp-admin/includes/xmrlpc.php HTTP/1.1" 404 8709 "-" "-"
13.92.126.31 - - [14/Apr/2025:22:19:19 -0400] "GET /wp-admin/css/colors/blue/xmrlpc.php HTTP/1.1" 404 8709 "-" "-"
101.32.31.38 - - [14/Apr/2025:22:19:25 -0400] "HEAD /New HTTP/1.1" 404 0 "http://fileluna.com/New" "Mozilla/5.0 (X11; Linux x86_64) AppleWebKit/537.36 (KHTML, like Gecko) Chrome/96.0.4664.45 Safari/537.36"
13.92.126.31 - - [14/Apr/2025:22:19:25 -0400] "GET /wp-admin/xmrlpc.php HTTP/1.1" 404 8709 "-" "-"
13.92.126.31 - - [14/Apr/2025:22:19:29 -0400] "GET /smaxx.php HTTP/1.1" 404 8709 "-" "-"
13.92.126.31 - - [14/Apr/2025:22:19:34 -0400] "GET /wp-admin/smaxx.php HTTP/1.1" 404 8709 "-" "-"
13.92.126.31 - - [14/Apr/2025:22:19:39 -0400] "GET /wp-content/plugins/WordPressCore/smaxx.php HTTP/1.1" 404 8709 "-" "-"
13.92.126.31 - - [14/Apr/2025:22:19:43 -0400] "GET /wp-includes/images/smaxx.php HTTP/1.1" 404 8709 "-" "-"
13.92.126.31 - - [14/Apr/2025:22:19:46 -0400] "GET /wp-content/plugins/core-plugin/smaxx.php HTTP/1.1" 404 8709 "-" "-"
13.92.126.31 - - [14/Apr/2025:22:19:48 -0400] "GET /wp-includes/smaxx.php HTTP/1.1" 404 8709 "-" "-"
13.92.126.31 - - [14/Apr/2025:22:19:50 -0400] "GET /wp-content/plugins/smaxx.php HTTP/1.1" 404 8709 "-" "-"
13.92.126.31 - - [14/Apr/2025:22:19:54 -0400] "GET /xt/smaxx.php HTTP/1.1" 404 8709 "-" "-"
13.92.126.31 - - [14/Apr/2025:22:19:56 -0400] "GET /wp-content/smaxx.php HTTP/1.1" 404 8709 "-" "-"
13.92.126.31 - - [14/Apr/2025:22:20:00 -0400] "GET /wp-content/themes/twentyfive/smaxx.php HTTP/1.1" 404 8709 "-" "-"
13.92.126.31 - - [14/Apr/2025:22:20:04 -0400] "GET /wp-content/upgrade/sx.php HTTP/1.1" 404 8709 "-" "-"
198.54.114.83 - - [14/Apr/2025:22:20:07 -0400] "POST /wp-cron.php?doing_wp_cron=1744683604.9773690700531005859375 HTTP/1.1" 200 0 "-" "WordPress/6.7.2; https://fileluna.com"
13.92.126.31 - - [14/Apr/2025:22:20:09 -0400] "GET /.well-known/pki-validation/sx.php HTTP/1.1" 404 1251 "-" "-"
13.92.126.31 - - [14/Apr/2025:22:20:12 -0400] "GET /wp-admin/user/sx.php HTTP/1.1" 404 8709 "-" "-"
13.92.126.31 - - [14/Apr/2025:22:20:16 -0400] "GET /wp-includes/ID3/sx.php HTTP/1.1" 404 8709 "-" "-"
13.92.126.31 - - [14/Apr/2025:22:20:19 -0400] "GET /wp-includes/blocks/sx.php HTTP/1.1" 404 8709 "-" "-"
13.92.126.31 - - [14/Apr/2025:22:20:26 -0400] "GET /wp-includes/sx.php HTTP/1.1" 404 8709 "-" "-"
13.92.126.31 - - [14/Apr/2025:22:20:34 -0400] "GET /wp-admin/sx.php HTTP/1.1" 404 8709 "-" "-"
13.92.126.31 - - [14/Apr/2025:22:20:39 -0400] "GET /wp-content/plugins/fix/sx.php HTTP/1.1" 404 8709 "-" "-"
13.92.126.31 - - [14/Apr/2025:22:20:45 -0400] "GET /wp-admin/includes/sx.php HTTP/1.1" 404 8709 "-" "-"
13.92.126.31 - - [14/Apr/2025:22:20:49 -0400] "GET /cgi-bin/sx.php HTTP/1.1" 404 8709 "-" "-"
13.92.126.31 - - [14/Apr/2025:22:20:53 -0400] "GET /wp-admin/css/sx.php HTTP/1.1" 404 8709 "-" "-"
13.92.126.31 - - [14/Apr/2025:22:20:59 -0400] "GET /wp-admin/network/sx.php HTTP/1.1" 404 8709 "-" "-"
13.92.126.31 - - [14/Apr/2025:22:21:03 -0400] "GET /wp-includes/block-supports/sx.php HTTP/1.1" 404 8709 "-" "-"
13.92.126.31 - - [14/Apr/2025:22:21:07 -0400] "GET /wp-includes/IXR/sx.php HTTP/1.1" 404 8709 "-" "-"
198.54.114.83 - - [14/Apr/2025:22:21:10 -0400] "POST /wp-cron.php?doing_wp_cron=1744683667.5959439277648925781250 HTTP/1.1" 200 0 "-" "WordPress/6.7.2; https://fileluna.com"
13.92.126.31 - - [14/Apr/2025:22:21:12 -0400] "GET /.well-known/sx.php HTTP/1.1" 404 8709 "-" "-"
13.92.126.31 - - [14/Apr/2025:22:21:17 -0400] "GET /wp-includes/js/tinymce/skins/lightgray/fonts/sx.php HTTP/1.1" 404 8709 "-" "-"
