20.171.207.122 - - [17/Apr/2025:05:38:51 -0400] "GET /crafting-elegance-the-artistry-of-paper-quilling-jewelry/ HTTP/1.1" 200 11994 "-" "Mozilla/5.0 AppleWebKit/537.36 (KHTML, like Gecko; compatible; GPTBot/1.2; +https://openai.com/gptbot)"
198.54.114.83 - - [17/Apr/2025:05:38:54 -0400] "POST /wp-cron.php?doing_wp_cron=1744882732.1045680046081542968750 HTTP/1.1" 200 0 "-" "WordPress/6.8; https://fileluna.com"
20.171.207.122 - - [17/Apr/2025:05:40:00 -0400] "GET /unveiling-the-pathways-to-profit-making-money-online/ HTTP/1.1" 200 12174 "-" "Mozilla/5.0 AppleWebKit/537.36 (KHTML, like Gecko; compatible; GPTBot/1.2; +https://openai.com/gptbot)"
198.54.114.83 - - [17/Apr/2025:05:40:08 -0400] "POST /wp-cron.php?doing_wp_cron=1744882801.3445549011230468750000 HTTP/1.1" 200 0 "-" "WordPress/6.8; https://fileluna.com"
20.171.207.122 - - [17/Apr/2025:05:40:30 -0400] "GET /?p=129 HTTP/1.1" 301 0 "-" "Mozilla/5.0 AppleWebKit/537.36 (KHTML, like Gecko; compatible; GPTBot/1.2; +https://openai.com/gptbot)"
85.215.162.226 - - [17/Apr/2025:05:40:39 -0400] "POST /wp-login.php HTTP/1.1" 200 1884 "-" "Mozilla/5.0"
85.215.162.226 - - [17/Apr/2025:05:40:39 -0400] "POST /wp-login.php HTTP/1.1" 200 1883 "-" "Mozilla/5.0"
20.171.207.122 - - [17/Apr/2025:05:40:54 -0400] "GET /unlocking-career-success-the-art-of-resume-writing/ HTTP/1.1" 200 12008 "-" "Mozilla/5.0 AppleWebKit/537.36 (KHTML, like Gecko; compatible; GPTBot/1.2; +https://openai.com/gptbot)"
20.171.207.122 - - [17/Apr/2025:05:41:29 -0400] "GET /?p=141 HTTP/1.1" 301 0 "-" "Mozilla/5.0 AppleWebKit/537.36 (KHTML, like Gecko; compatible; GPTBot/1.2; +https://openai.com/gptbot)"
198.54.114.83 - - [17/Apr/2025:05:41:32 -0400] "POST /wp-cron.php?doing_wp_cron=1744882890.0987529754638671875000 HTTP/1.1" 200 0 "-" "WordPress/6.8; https://fileluna.com"
20.171.207.122 - - [17/Apr/2025:05:42:14 -0400] "GET /personalized-comfort-the-allure-of-socks-with-name-embroidered/feed/ HTTP/1.1" 200 430 "-" "Mozilla/5.0 AppleWebKit/537.36 (KHTML, like Gecko; compatible; GPTBot/1.2; +https://openai.com/gptbot)"
2a03:4000:13:1d5:4472:bbff:fee2:7c34 - - [17/Apr/2025:05:42:37 -0400] "GET /robots.txt HTTP/1.1" 200 61 "-" "Mozilla/5.0 (compatible; Website-info.net-Robot; https://website-info.net/robot)"
2a03:4000:13:1d5:4472:bbff:fee2:7c34 - - [17/Apr/2025:05:42:39 -0400] "GET / HTTP/1.1" 200 12777 "-" "Mozilla/5.0 (compatible; Website-info.net-Robot; https://website-info.net/robot)"
198.54.114.83 - - [17/Apr/2025:05:42:53 -0400] "POST /wp-cron.php?doing_wp_cron=1744882972.6616730690002441406250 HTTP/1.1" 200 0 "-" "WordPress/6.8; https://fileluna.com"
20.171.207.122 - - [17/Apr/2025:05:42:52 -0400] "GET /clearing-the-air-effective-smoke-damage-cleaning-techniques/feed/ HTTP/1.1" 200 421 "-" "Mozilla/5.0 AppleWebKit/537.36 (KHTML, like Gecko; compatible; GPTBot/1.2; +https://openai.com/gptbot)"
20.171.207.122 - - [17/Apr/2025:05:43:41 -0400] "GET /efficiency-in-action-the-art-of-file-transfer/ HTTP/1.1" 200 12082 "-" "Mozilla/5.0 AppleWebKit/537.36 (KHTML, like Gecko; compatible; GPTBot/1.2; +https://openai.com/gptbot)"
114.119.149.81 - - [17/Apr/2025:05:44:53 -0400] "GET /unveiling-the-pathways-to-profit-making-money-online/ HTTP/1.1" 200 12174 "https://fileluna.com/crafting-elegance-the-artistry-of-paper-quilling-jewelry/" "Mozilla/5.0 (Linux; Android 7.0;) AppleWebKit/537.36 (KHTML, like Gecko) Mobile Safari/537.36 (compatible; PetalBot;+https://webmaster.petalsearch.com/site/petalbot)"
20.171.207.122 - - [17/Apr/2025:05:44:53 -0400] "GET /?p=1030 HTTP/1.1" 301 0 "-" "Mozilla/5.0 AppleWebKit/537.36 (KHTML, like Gecko; compatible; GPTBot/1.2; +https://openai.com/gptbot)"
198.54.114.83 - - [17/Apr/2025:05:44:57 -0400] "POST /wp-cron.php?doing_wp_cron=1744883094.1914780139923095703125 HTTP/1.1" 200 0 "-" "WordPress/6.8; https://fileluna.com"
20.171.207.122 - - [17/Apr/2025:05:45:38 -0400] "GET /unveiling-the-pathways-to-profit-making-money-online/feed/ HTTP/1.1" 200 422 "-" "Mozilla/5.0 AppleWebKit/537.36 (KHTML, like Gecko; compatible; GPTBot/1.2; +https://openai.com/gptbot)"
20.171.207.122 - - [17/Apr/2025:05:46:14 -0400] "GET /?p=133 HTTP/1.1" 301 0 "-" "Mozilla/5.0 AppleWebKit/537.36 (KHTML, like Gecko; compatible; GPTBot/1.2; +https://openai.com/gptbot)"
198.54.114.83 - - [17/Apr/2025:05:46:20 -0400] "POST /wp-cron.php?doing_wp_cron=1744883174.5369729995727539062500 HTTP/1.1" 200 0 "-" "WordPress/6.8; https://fileluna.com"
114.119.148.27 - - [17/Apr/2025:05:46:24 -0400] "GET /un-lieu-de-convivialite-et-de-rencontre/ HTTP/1.1" 200 11839 "https://fileluna.com/2024/page/42/" "Mozilla/5.0 (Linux; Android 7.0;) AppleWebKit/537.36 (KHTML, like Gecko) Mobile Safari/537.36 (compatible; PetalBot;+https://webmaster.petalsearch.com/site/petalbot)"
20.171.207.122 - - [17/Apr/2025:05:46:46 -0400] "GET /?p=135 HTTP/1.1" 301 0 "-" "Mozilla/5.0 AppleWebKit/537.36 (KHTML, like Gecko; compatible; GPTBot/1.2; +https://openai.com/gptbot)"
20.171.207.122 - - [17/Apr/2025:05:47:17 -0400] "GET /?p=123 HTTP/1.1" 301 0 "-" "Mozilla/5.0 AppleWebKit/537.36 (KHTML, like Gecko; compatible; GPTBot/1.2; +https://openai.com/gptbot)"
198.54.114.83 - - [17/Apr/2025:05:47:19 -0400] "POST /wp-cron.php?doing_wp_cron=1744883238.1553258895874023437500 HTTP/1.1" 200 0 "-" "WordPress/6.8; https://fileluna.com"
114.119.129.198 - - [17/Apr/2025:05:47:51 -0400] "GET /une-solution-efficace-pour-la-transpiration-excessive/ HTTP/1.1" 200 12075 "https://fileluna.com/le-botox-une-solution-efficace-contre-lhypersudation-a-rouen/" "Mozilla/5.0 (Linux; Android 7.0;) AppleWebKit/537.36 (KHTML, like Gecko) Mobile Safari/537.36 (compatible; PetalBot;+https://webmaster.petalsearch.com/site/petalbot)"
20.171.207.122 - - [17/Apr/2025:05:47:54 -0400] "GET /crafting-elegance-the-artistry-of-paper-quilling-jewelry/feed/ HTTP/1.1" 200 433 "-" "Mozilla/5.0 AppleWebKit/537.36 (KHTML, like Gecko; compatible; GPTBot/1.2; +https://openai.com/gptbot)"
20.171.207.122 - - [17/Apr/2025:05:48:44 -0400] "GET /exploring-the-hidden-treasures-of-junk-yard-fort-myers/feed/ HTTP/1.1" 200 440 "-" "Mozilla/5.0 AppleWebKit/537.36 (KHTML, like Gecko; compatible; GPTBot/1.2; +https://openai.com/gptbot)"
198.54.114.83 - - [17/Apr/2025:05:48:48 -0400] "POST /wp-cron.php?doing_wp_cron=1744883325.1329660415649414062500 HTTP/1.1" 200 0 "-" "WordPress/6.8; https://fileluna.com"
114.119.148.27 - - [17/Apr/2025:05:49:14 -0400] "GET /umzugsunternehmen-in-luneburg-professioneller-service-fur-ihren-umzug/ HTTP/1.1" 200 12241 "https://fileluna.com/page/7/" "Mozilla/5.0 (Linux; Android 7.0;) AppleWebKit/537.36 (KHTML, like Gecko) Mobile Safari/537.36 (compatible; PetalBot;+https://webmaster.petalsearch.com/site/petalbot)"
20.171.207.122 - - [17/Apr/2025:05:49:17 -0400] "GET /?p=153 HTTP/1.1" 301 0 "-" "Mozilla/5.0 AppleWebKit/537.36 (KHTML, like Gecko; compatible; GPTBot/1.2; +https://openai.com/gptbot)"
198.54.114.83 - - [17/Apr/2025:05:49:47 -0400] "POST /wp-cron.php?doing_wp_cron=1744883386.9096729755401611328125 HTTP/1.1" 200 0 "-" "WordPress/6.8; https://fileluna.com"
20.171.207.122 - - [17/Apr/2025:05:49:46 -0400] "GET /?p=137 HTTP/1.1" 301 0 "-" "Mozilla/5.0 AppleWebKit/537.36 (KHTML, like Gecko; compatible; GPTBot/1.2; +https://openai.com/gptbot)"
198.54.114.83 - - [17/Apr/2025:05:49:48 -0400] "POST /wp-admin/admin-ajax.php?action=async_litespeed&nonce=FebYEUBoOoaT3BPx7DlQO0FP5uQJYdxa&litespeed_type=imgoptm HTTP/1.1" 200 5 "-" "WordPress/6.8; https://fileluna.com"
198.54.114.83 - - [17/Apr/2025:05:50:22 -0400] "POST /wp-cron.php?doing_wp_cron=1744883420.6733880043029785156250 HTTP/1.1" 200 0 "-" "WordPress/6.8; https://fileluna.com"
20.171.207.122 - - [17/Apr/2025:05:50:19 -0400] "GET /the-importance-of-aba-therapy-for-children-in-dubai/feed/ HTTP/1.1" 200 422 "-" "Mozilla/5.0 AppleWebKit/537.36 (KHTML, like Gecko; compatible; GPTBot/1.2; +https://openai.com/gptbot)"
114.119.148.27 - - [17/Apr/2025:05:50:42 -0400] "GET /the-rise-of-online-poker-games/ HTTP/1.1" 200 12279 "https://fileluna.com/the-versatile-uses-of-ambil-a-culinary-delight/" "Mozilla/5.0 (Linux; Android 7.0;) AppleWebKit/537.36 (KHTML, like Gecko) Mobile Safari/537.36 (compatible; PetalBot;+https://webmaster.petalsearch.com/site/petalbot)"
20.171.207.122 - - [17/Apr/2025:05:50:56 -0400] "GET /unlocking-career-success-the-art-of-resume-writing/feed/ HTTP/1.1" 200 415 "-" "Mozilla/5.0 AppleWebKit/537.36 (KHTML, like Gecko; compatible; GPTBot/1.2; +https://openai.com/gptbot)"
114.119.128.37 - - [17/Apr/2025:05:51:36 -0400] "GET /robots.txt HTTP/1.1" 200 61 "-" "Mozilla/5.0 (compatible;PetalBot;+https://webmaster.petalsearch.com/site/petalbot)"
85.215.162.226 - - [17/Apr/2025:05:51:52 -0400] "POST /wp-login.php HTTP/1.1" 200 1884 "-" "Mozilla/5.0"
85.215.162.226 - - [17/Apr/2025:05:51:51 -0400] "POST /wp-login.php HTTP/1.1" 200 1883 "-" "Mozilla/5.0"
198.54.114.83 - - [17/Apr/2025:05:51:54 -0400] "POST /wp-cron.php?doing_wp_cron=1744883512.7175190448760986328125 HTTP/1.1" 200 0 "-" "WordPress/6.8; https://fileluna.com"
114.119.154.229 - - [17/Apr/2025:05:52:08 -0400] "GET /the-digital-transformation-of-gambling/ HTTP/1.1" 200 11848 "https://fileluna.com/page/30/" "Mozilla/5.0 (Linux; Android 7.0;) AppleWebKit/537.36 (KHTML, like Gecko) Mobile Safari/537.36 (compatible; PetalBot;+https://webmaster.petalsearch.com/site/petalbot)"
216.244.66.246 - - [17/Apr/2025:05:52:19 -0400] "GET /robots.txt HTTP/1.1" 200 61 "-" "Mozilla/5.0 (compatible; DotBot/1.2; +https://opensiteexplorer.org/dotbot; help@moz.com)"
198.54.114.83 - - [17/Apr/2025:05:52:54 -0400] "POST /wp-cron.php?doing_wp_cron=1744883573.2076039314270019531250 HTTP/1.1" 200 0 "-" "WordPress/6.8; https://fileluna.com"
198.54.114.83 - - [17/Apr/2025:05:52:56 -0400] "POST /wp-admin/admin-ajax.php?action=async_litespeed&nonce=nBdVeUUsZOXCL0vMyVJrniDblsagEMf6&litespeed_type=imgoptm HTTP/1.1" 200 0 "-" "WordPress/6.8; https://fileluna.com"
20.171.207.122 - - [17/Apr/2025:05:52:52 -0400] "GET /the-convenience-of-online-cultural-gift-certificates/ HTTP/1.1" 200 12374 "-" "Mozilla/5.0 AppleWebKit/537.36 (KHTML, like Gecko; compatible; GPTBot/1.2; +https://openai.com/gptbot)"
20.171.207.122 - - [17/Apr/2025:05:53:28 -0400] "GET /der-gardasee-staffellauf-ein-spektakel-am-wasser/ HTTP/1.1" 200 11864 "-" "Mozilla/5.0 AppleWebKit/537.36 (KHTML, like Gecko; compatible; GPTBot/1.2; +https://openai.com/gptbot)"
20.171.207.122 - - [17/Apr/2025:05:53:59 -0400] "GET /efficiency-in-action-the-art-of-file-transfer/feed/ HTTP/1.1" 200 410 "-" "Mozilla/5.0 AppleWebKit/537.36 (KHTML, like Gecko; compatible; GPTBot/1.2; +https://openai.com/gptbot)"
198.54.114.83 - - [17/Apr/2025:05:54:29 -0400] "POST /wp-cron.php?doing_wp_cron=1744883668.9903988838195800781250 HTTP/1.1" 200 0 "-" "WordPress/6.8; https://fileluna.com"
20.171.207.122 - - [17/Apr/2025:05:54:28 -0400] "GET /effiziente-haushaltsauflosungen-in-luneburg-3/embed/ HTTP/1.1" 200 6312 "-" "Mozilla/5.0 AppleWebKit/537.36 (KHTML, like Gecko; compatible; GPTBot/1.2; +https://openai.com/gptbot)"
198.54.114.83 - - [17/Apr/2025:05:54:31 -0400] "POST /wp-admin/admin-ajax.php?action=async_litespeed&nonce=lrcHpEw7r2ipAZWsPPe4AtfD6OCLmbCB&litespeed_type=imgoptm HTTP/1.1" 200 0 "-" "WordPress/6.8; https://fileluna.com"
114.119.132.163 - - [17/Apr/2025:05:55:00 -0400] "GET /revolutionizing-piping-solutions-the-journey-of-a-leading-pert-pipe-manufacturer/ HTTP/1.1" 200 12273 "https://fileluna.com/personalized-comfort-the-allure-of-socks-with-name-embroidered/" "Mozilla/5.0 (Linux; Android 7.0;) AppleWebKit/537.36 (KHTML, like Gecko) Mobile Safari/537.36 (compatible; PetalBot;+https://webmaster.petalsearch.com/site/petalbot)"
20.171.207.122 - - [17/Apr/2025:05:55:01 -0400] "GET /reviving-efficiency-top-10-recovery-machines/ HTTP/1.1" 200 11800 "-" "Mozilla/5.0 AppleWebKit/537.36 (KHTML, like Gecko; compatible; GPTBot/1.2; +https://openai.com/gptbot)"
198.54.114.83 - - [17/Apr/2025:05:55:31 -0400] "POST /wp-cron.php?doing_wp_cron=1744883730.4841320514678955078125 HTTP/1.1" 200 0 "-" "WordPress/6.8; https://fileluna.com"
20.171.207.122 - - [17/Apr/2025:05:55:29 -0400] "GET /the-timeless-appeal-of-the-sport-jacket/ HTTP/1.1" 200 12058 "-" "Mozilla/5.0 AppleWebKit/537.36 (KHTML, like Gecko; compatible; GPTBot/1.2; +https://openai.com/gptbot)"
198.54.114.83 - - [17/Apr/2025:05:55:33 -0400] "POST /wp-admin/admin-ajax.php?action=async_litespeed&nonce=Tlq3z0jyhPRyKXeRCF2LjJDPRtYDCaoL&litespeed_type=imgoptm HTTP/1.1" 200 0 "-" "WordPress/6.8; https://fileluna.com"
198.54.114.83 - - [17/Apr/2025:05:56:30 -0400] "POST /wp-cron.php?doing_wp_cron=1744883789.9920330047607421875000 HTTP/1.1" 200 0 "-" "WordPress/6.8; https://fileluna.com"
114.119.132.163 - - [17/Apr/2025:05:56:29 -0400] "GET /professioneller-service-fur-jeden-bedarf/ HTTP/1.1" 200 11853 "https://fileluna.com/2024/11/page/13/" "Mozilla/5.0 (Linux; Android 7.0;) AppleWebKit/537.36 (KHTML, like Gecko) Mobile Safari/537.36 (compatible; PetalBot;+https://webmaster.petalsearch.com/site/petalbot)"
198.54.114.83 - - [17/Apr/2025:05:56:32 -0400] "POST /wp-admin/admin-ajax.php?action=async_litespeed&nonce=XSxYNXgwMCDjWvgQqlRe3m8t0CiKmh5F&litespeed_type=imgoptm HTTP/1.1" 200 0 "-" "WordPress/6.8; https://fileluna.com"
20.171.207.122 - - [17/Apr/2025:05:57:12 -0400] "GET /?p=149 HTTP/1.1" 301 0 "-" "Mozilla/5.0 AppleWebKit/537.36 (KHTML, like Gecko; compatible; GPTBot/1.2; +https://openai.com/gptbot)"
198.54.114.83 - - [17/Apr/2025:05:57:43 -0400] "POST /wp-cron.php?doing_wp_cron=1744883862.3845589160919189453125 HTTP/1.1" 200 0 "-" "WordPress/6.8; https://fileluna.com"
20.171.207.122 - - [17/Apr/2025:05:57:41 -0400] "GET /?p=982 HTTP/1.1" 301 0 "-" "Mozilla/5.0 AppleWebKit/537.36 (KHTML, like Gecko; compatible; GPTBot/1.2; +https://openai.com/gptbot)"
198.54.114.83 - - [17/Apr/2025:05:57:44 -0400] "POST /wp-admin/admin-ajax.php?action=async_litespeed&nonce=jNYRUgC8uDgFLPC5OQIf4JCASgzsOljf&litespeed_type=imgoptm HTTP/1.1" 200 0 "-" "WordPress/6.8; https://fileluna.com"
114.119.132.228 - - [17/Apr/2025:05:57:53 -0400] "GET /page/18/ HTTP/1.1" 200 12898 "https://fileluna.com/page/17/" "Mozilla/5.0 (Linux; Android 7.0;) AppleWebKit/537.36 (KHTML, like Gecko) Mobile Safari/537.36 (compatible; PetalBot;+https://webmaster.petalsearch.com/site/petalbot)"
198.54.114.83 - - [17/Apr/2025:05:53:32 -0400] "POST /wp-cron.php?doing_wp_cron=1744883608.6877510547637939453125 HTTP/1.1" 200 0 "-" "WordPress/6.8; https://fileluna.com"
114.119.149.81 - - [17/Apr/2025:05:53:34 -0400] "GET /the-delightful-world-of-funny-socks/ HTTP/1.1" 200 12283 "https://fileluna.com/2024/page/15/" "Mozilla/5.0 (Linux; Android 7.0;) AppleWebKit/537.36 (KHTML, like Gecko) Mobile Safari/537.36 (compatible; PetalBot;+https://webmaster.petalsearch.com/site/petalbot)"
20.171.207.122 - - [17/Apr/2025:05:58:14 -0400] "GET /the-convenience-of-online-cultural-gift-certificates/feed/ HTTP/1.1" 200 412 "-" "Mozilla/5.0 AppleWebKit/537.36 (KHTML, like Gecko; compatible; GPTBot/1.2; +https://openai.com/gptbot)"
20.171.207.122 - - [17/Apr/2025:05:58:44 -0400] "GET /der-gardasee-staffellauf-ein-spektakel-am-wasser/feed/ HTTP/1.1" 200 411 "-" "Mozilla/5.0 AppleWebKit/537.36 (KHTML, like Gecko; compatible; GPTBot/1.2; +https://openai.com/gptbot)"
198.54.114.83 - - [17/Apr/2025:05:58:47 -0400] "POST /wp-cron.php?doing_wp_cron=1744883924.8442740440368652343750 HTTP/1.1" 200 0 "-" "WordPress/6.8; https://fileluna.com"
20.171.207.122 - - [17/Apr/2025:05:59:17 -0400] "GET /unveiling-the-world-of-betting-money-sites/ HTTP/1.1" 200 11974 "-" "Mozilla/5.0 AppleWebKit/537.36 (KHTML, like Gecko; compatible; GPTBot/1.2; +https://openai.com/gptbot)"
114.119.132.228 - - [17/Apr/2025:05:59:21 -0400] "GET /le-bienfait-du-massage-pour-le-corps-et-lesprit/ HTTP/1.1" 200 12642 "https://fileluna.com/author/admin/page/16/" "Mozilla/5.0 (Linux; Android 7.0;) AppleWebKit/537.36 (KHTML, like Gecko) Mobile Safari/537.36 (compatible; PetalBot;+https://webmaster.petalsearch.com/site/petalbot)"
20.171.207.122 - - [17/Apr/2025:05:59:43 -0400] "GET /the-evolving-landscape-of-online-betting/ HTTP/1.1" 200 11994 "-" "Mozilla/5.0 AppleWebKit/537.36 (KHTML, like Gecko; compatible; GPTBot/1.2; +https://openai.com/gptbot)"
198.54.114.83 - - [17/Apr/2025:06:00:51 -0400] "POST /wp-cron.php?doing_wp_cron=1744884050.0048689842224121093750 HTTP/1.1" 200 0 "-" "WordPress/6.8; https://fileluna.com"
114.119.149.81 - - [17/Apr/2025:06:00:49 -0400] "GET /haushaltsauflosungen-in-luneburg-effiziente-losungen-fur-ihr-zuhause/ HTTP/1.1" 200 12181 "https://fileluna.com/category/arts-entertainments/page/21/" "Mozilla/5.0 (Linux; Android 7.0;) AppleWebKit/537.36 (KHTML, like Gecko) Mobile Safari/537.36 (compatible; PetalBot;+https://webmaster.petalsearch.com/site/petalbot)"
20.171.207.122 - - [17/Apr/2025:06:01:22 -0400] "GET /?p=131 HTTP/1.1" 301 0 "-" "Mozilla/5.0 AppleWebKit/537.36 (KHTML, like Gecko; compatible; GPTBot/1.2; +https://openai.com/gptbot)"
198.54.114.83 - - [17/Apr/2025:06:01:52 -0400] "POST /wp-cron.php?doing_wp_cron=1744884110.8626320362091064453125 HTTP/1.1" 200 0 "-" "WordPress/6.8; https://fileluna.com"
20.171.207.122 - - [17/Apr/2025:06:01:50 -0400] "GET /?p=139 HTTP/1.1" 301 0 "-" "Mozilla/5.0 AppleWebKit/537.36 (KHTML, like Gecko; compatible; GPTBot/1.2; +https://openai.com/gptbot)"
114.119.137.80 - - [17/Apr/2025:06:02:15 -0400] "GET /gift-certificate-cashing/ HTTP/1.1" 200 11285 "https://fileluna.com/category/arts-entertainments/page/11/" "Mozilla/5.0 (Linux; Android 7.0;) AppleWebKit/537.36 (KHTML, like Gecko) Mobile Safari/537.36 (compatible; PetalBot;+https://webmaster.petalsearch.com/site/petalbot)"
20.171.207.122 - - [17/Apr/2025:06:02:24 -0400] "GET /the-timeless-appeal-of-the-sport-jacket/feed/ HTTP/1.1" 200 405 "-" "Mozilla/5.0 AppleWebKit/537.36 (KHTML, like Gecko; compatible; GPTBot/1.2; +https://openai.com/gptbot)"
85.215.162.226 - - [17/Apr/2025:06:02:49 -0400] "POST /wp-login.php HTTP/1.1" 200 1884 "-" "Mozilla/5.0"
85.215.162.226 - - [17/Apr/2025:06:02:49 -0400] "POST /wp-login.php HTTP/1.1" 200 1883 "-" "Mozilla/5.0"
198.54.114.83 - - [17/Apr/2025:06:02:54 -0400] "POST /wp-cron.php?doing_wp_cron=1744884173.9939980506896972656250 HTTP/1.1" 200 0 "-" "WordPress/6.8; https://fileluna.com"
20.171.207.122 - - [17/Apr/2025:06:02:53 -0400] "GET /reviving-efficiency-top-10-recovery-machines/feed/ HTTP/1.1" 200 407 "-" "Mozilla/5.0 AppleWebKit/537.36 (KHTML, like Gecko; compatible; GPTBot/1.2; +https://openai.com/gptbot)"
198.54.114.83 - - [17/Apr/2025:06:02:56 -0400] "POST /wp-admin/admin-ajax.php?action=async_litespeed&nonce=nJtKeXfXDRZHqdB9nMNbZRtZ93iEasfw&litespeed_type=imgoptm HTTP/1.1" 200 0 "-" "WordPress/6.8; https://fileluna.com"
198.54.114.83 - - [17/Apr/2025:06:03:29 -0400] "POST /wp-cron.php?doing_wp_cron=1744884209.0867431163787841796875 HTTP/1.1" 200 0 "-" "WordPress/6.8; https://fileluna.com"
20.171.207.122 - - [17/Apr/2025:06:03:28 -0400] "GET /xmlrpc.php HTTP/1.1" 405 46 "-" "Mozilla/5.0 AppleWebKit/537.36 (KHTML, like Gecko; compatible; GPTBot/1.2; +https://openai.com/gptbot)"
198.54.114.83 - - [17/Apr/2025:06:03:30 -0400] "POST /wp-admin/admin-ajax.php?action=async_litespeed&nonce=fGgMqBbOwrE0PrrtO9utuXIvodl3gRrA&litespeed_type=imgoptm HTTP/1.1" 200 0 "-" "WordPress/6.8; https://fileluna.com"
114.119.132.228 - - [17/Apr/2025:06:03:50 -0400] "GET /efficiency-in-action-the-art-of-file-transfer/ HTTP/1.1" 200 12082 "https://fileluna.com/2024/page/46/" "Mozilla/5.0 (Linux; Android 7.0;) AppleWebKit/537.36 (KHTML, like Gecko) Mobile Safari/537.36 (compatible; PetalBot;+https://webmaster.petalsearch.com/site/petalbot)"
20.171.207.122 - - [17/Apr/2025:06:03:58 -0400] "GET /the-rise-of-european-mid-century-modern-design/ HTTP/1.1" 200 12226 "-" "Mozilla/5.0 AppleWebKit/537.36 (KHTML, like Gecko; compatible; GPTBot/1.2; +https://openai.com/gptbot)"
198.54.114.83 - - [17/Apr/2025:06:05:17 -0400] "POST /wp-cron.php?doing_wp_cron=1744884315.7106618881225585937500 HTTP/1.1" 200 0 "-" "WordPress/6.8; https://fileluna.com"
114.119.137.80 - - [17/Apr/2025:06:05:14 -0400] "GET /der-prozess-der-unternehmensabwicklung/ HTTP/1.1" 200 11817 "https://fileluna.com/category/arts-entertainments/page/34/" "Mozilla/5.0 (Linux; Android 7.0;) AppleWebKit/537.36 (KHTML, like Gecko) Mobile Safari/537.36 (compatible; PetalBot;+https://webmaster.petalsearch.com/site/petalbot)"
20.171.207.122 - - [17/Apr/2025:06:05:30 -0400] "GET /?p=127 HTTP/1.1" 301 0 "-" "Mozilla/5.0 AppleWebKit/537.36 (KHTML, like Gecko; compatible; GPTBot/1.2; +https://openai.com/gptbot)"
20.171.207.122 - - [17/Apr/2025:06:05:58 -0400] "GET /?p=155 HTTP/1.1" 301 0 "-" "Mozilla/5.0 AppleWebKit/537.36 (KHTML, like Gecko; compatible; GPTBot/1.2; +https://openai.com/gptbot)"
198.54.114.83 - - [17/Apr/2025:06:06:30 -0400] "POST /wp-cron.php?doing_wp_cron=1744884389.0974030494689941406250 HTTP/1.1" 200 0 "-" "WordPress/6.8; https://fileluna.com"
20.171.207.122 - - [17/Apr/2025:06:06:28 -0400] "GET /unveiling-the-world-of-betting-money-sites/feed/ HTTP/1.1" 200 410 "-" "Mozilla/5.0 AppleWebKit/537.36 (KHTML, like Gecko; compatible; GPTBot/1.2; +https://openai.com/gptbot)"
198.54.114.83 - - [17/Apr/2025:06:06:31 -0400] "POST /wp-admin/admin-ajax.php?action=async_litespeed&nonce=1hFAkzwzqtM63RRNL3qaVRl98Sw0Od1e&litespeed_type=imgoptm HTTP/1.1" 200 0 "-" "WordPress/6.8; https://fileluna.com"
114.119.137.80 - - [17/Apr/2025:06:06:37 -0400] "GET /der-beste-scheidungsanwalt-in-hattingen-ihre-erste-wahl/ HTTP/1.1" 200 11706 "https://fileluna.com/2024/page/36/" "Mozilla/5.0 (Linux; Android 7.0;) AppleWebKit/537.36 (KHTML, like Gecko) Mobile Safari/537.36 (compatible; PetalBot;+https://webmaster.petalsearch.com/site/petalbot)"
20.171.207.122 - - [17/Apr/2025:06:06:59 -0400] "GET /the-evolving-landscape-of-online-betting/feed/ HTTP/1.1" 200 402 "-" "Mozilla/5.0 AppleWebKit/537.36 (KHTML, like Gecko; compatible; GPTBot/1.2; +https://openai.com/gptbot)"
20.171.207.122 - - [17/Apr/2025:06:07:29 -0400] "GET /the-bimatoprost-eyelash-serum-in-the-uk/ HTTP/1.1" 200 12049 "-" "Mozilla/5.0 AppleWebKit/537.36 (KHTML, like Gecko; compatible; GPTBot/1.2; +https://openai.com/gptbot)"
198.54.114.83 - - [17/Apr/2025:06:07:31 -0400] "POST /wp-cron.php?doing_wp_cron=1744884449.5939259529113769531250 HTTP/1.1" 200 0 "-" "WordPress/6.8; https://fileluna.com"
20.171.207.122 - - [17/Apr/2025:06:08:03 -0400] "GET /the-therapeutic-benefits-of-massage/ HTTP/1.1" 200 12084 "-" "Mozilla/5.0 AppleWebKit/537.36 (KHTML, like Gecko; compatible; GPTBot/1.2; +https://openai.com/gptbot)"
114.119.132.228 - - [17/Apr/2025:06:08:04 -0400] "GET /decouverte-de-bali-un-paradis-tropical-a-explorer/ HTTP/1.1" 200 12166 "https://fileluna.com/page/29/" "Mozilla/5.0 (Linux; Android 7.0;) AppleWebKit/537.36 (KHTML, like Gecko) Mobile Safari/537.36 (compatible; PetalBot;+https://webmaster.petalsearch.com/site/petalbot)"
114.119.129.34 - - [17/Apr/2025:06:09:39 -0400] "GET /crispy-delight-exploring-the-irresistible-charm-of-vegetable-samosas/ HTTP/1.1" 200 12186 "https://fileluna.com/page/49/" "Mozilla/5.0 (Linux; Android 7.0;) AppleWebKit/537.36 (KHTML, like Gecko) Mobile Safari/537.36 (compatible; PetalBot;+https://webmaster.petalsearch.com/site/petalbot)"
198.54.114.83 - - [17/Apr/2025:06:09:40 -0400] "POST /wp-cron.php?doing_wp_cron=1744884580.1591429710388183593750 HTTP/1.1" 200 0 "-" "WordPress/6.8; https://fileluna.com"
20.171.207.122 - - [17/Apr/2025:06:09:36 -0400] "GET /?p=1028 HTTP/1.1" 301 0 "-" "Mozilla/5.0 AppleWebKit/537.36 (KHTML, like Gecko; compatible; GPTBot/1.2; +https://openai.com/gptbot)"
198.54.114.83 - - [17/Apr/2025:06:09:42 -0400] "POST /wp-admin/admin-ajax.php?action=async_litespeed&nonce=LEFzu6PxC0Q280wra0sV2pfEzboocS74&litespeed_type=imgoptm HTTP/1.1" 200 0 "-" "WordPress/6.8; https://fileluna.com"
20.171.207.122 - - [17/Apr/2025:06:10:16 -0400] "GET /the-rise-of-european-mid-century-modern-design/feed/ HTTP/1.1" 200 411 "-" "Mozilla/5.0 AppleWebKit/537.36 (KHTML, like Gecko; compatible; GPTBot/1.2; +https://openai.com/gptbot)"
198.54.114.83 - - [17/Apr/2025:06:10:19 -0400] "POST /wp-cron.php?doing_wp_cron=1744884617.4280030727386474609375 HTTP/1.1" 200 0 "-" "WordPress/6.8; https://fileluna.com"
20.171.207.122 - - [17/Apr/2025:06:10:53 -0400] "GET /lart-de-capturer-linstant-par-la-photographie/ HTTP/1.1" 200 12423 "-" "Mozilla/5.0 AppleWebKit/537.36 (KHTML, like Gecko; compatible; GPTBot/1.2; +https://openai.com/gptbot)"
114.119.132.163 - - [17/Apr/2025:06:11:00 -0400] "GET /category/arts-entertainments/page/47/ HTTP/1.1" 200 11754 "https://fileluna.com/category/arts-entertainments/page/46/" "Mozilla/5.0 (Linux; Android 7.0;) AppleWebKit/537.36 (KHTML, like Gecko) Mobile Safari/537.36 (compatible; PetalBot;+https://webmaster.petalsearch.com/site/petalbot)"
198.54.114.83 - - [17/Apr/2025:06:11:25 -0400] "POST /wp-cron.php?doing_wp_cron=1744884684.7942559719085693359375 HTTP/1.1" 200 0 "-" "WordPress/6.8; https://fileluna.com"
20.171.207.122 - - [17/Apr/2025:06:11:24 -0400] "GET /xmlrpc.php HTTP/1.1" 405 46 "-" "Mozilla/5.0 AppleWebKit/537.36 (KHTML, like Gecko; compatible; GPTBot/1.2; +https://openai.com/gptbot)"
198.54.114.83 - - [17/Apr/2025:06:11:28 -0400] "POST /wp-admin/admin-ajax.php?action=async_litespeed&nonce=9b0GTggpzPuFwxhmDwgYxDpAwaQ9vvbu&litespeed_type=imgoptm HTTP/1.1" 200 0 "-" "WordPress/6.8; https://fileluna.com"
20.171.207.122 - - [17/Apr/2025:06:11:56 -0400] "GET /effizienter-umzugsservice-in-luneburg/feed/ HTTP/1.1" 200 399 "-" "Mozilla/5.0 AppleWebKit/537.36 (KHTML, like Gecko; compatible; GPTBot/1.2; +https://openai.com/gptbot)"
114.119.132.163 - - [17/Apr/2025:06:12:26 -0400] "GET /category/arts-entertainments/page/26/ HTTP/1.1" 200 11447 "https://fileluna.com/category/arts-entertainments/page/24/" "Mozilla/5.0 (Linux; Android 7.0;) AppleWebKit/537.36 (KHTML, like Gecko) Mobile Safari/537.36 (compatible; PetalBot;+https://webmaster.petalsearch.com/site/petalbot)"
198.54.114.83 - - [17/Apr/2025:06:12:28 -0400] "POST /wp-cron.php?doing_wp_cron=1744884746.8175160884857177734375 HTTP/1.1" 200 0 "-" "WordPress/6.8; https://fileluna.com"
20.171.207.122 - - [17/Apr/2025:06:12:28 -0400] "GET /ansan-business-trip-massage/feed/ HTTP/1.1" 200 380 "-" "Mozilla/5.0 AppleWebKit/537.36 (KHTML, like Gecko; compatible; GPTBot/1.2; +https://openai.com/gptbot)"
198.54.114.83 - - [17/Apr/2025:06:13:36 -0400] "POST /wp-cron.php?doing_wp_cron=1744884815.6241779327392578125000 HTTP/1.1" 200 0 "-" "WordPress/6.8; https://fileluna.com"
198.54.114.83 - - [17/Apr/2025:06:13:36 -0400] "POST /wp-cron.php?doing_wp_cron=1744884815.6908259391784667968750 HTTP/1.1" 200 0 "-" "WordPress/6.8; https://fileluna.com"
85.215.162.226 - - [17/Apr/2025:06:13:35 -0400] "POST /wp-login.php HTTP/1.1" 200 1884 "-" "Mozilla/5.0"
85.215.162.226 - - [17/Apr/2025:06:13:35 -0400] "POST /wp-login.php HTTP/1.1" 200 1883 "-" "Mozilla/5.0"
198.54.114.83 - - [17/Apr/2025:06:13:37 -0400] "POST /wp-admin/admin-ajax.php?action=async_litespeed&nonce=XmmStZvlLHBPj92o9QUeljAwV91eoo3V&litespeed_type=imgoptm HTTP/1.1" 200 0 "-" "WordPress/6.8; https://fileluna.com"
114.119.129.34 - - [17/Apr/2025:06:13:54 -0400] "GET /business-trip-massagees/ HTTP/1.1" 200 11583 "https://fileluna.com/2024/page/11/" "Mozilla/5.0 (Linux; Android 7.0;) AppleWebKit/537.36 (KHTML, like Gecko) Mobile Safari/537.36 (compatible; PetalBot;+https://webmaster.petalsearch.com/site/petalbot)"
20.171.207.122 - - [17/Apr/2025:06:14:19 -0400] "GET /?p=984 HTTP/1.1" 301 0 "-" "Mozilla/5.0 AppleWebKit/537.36 (KHTML, like Gecko; compatible; GPTBot/1.2; +https://openai.com/gptbot)"
198.54.114.83 - - [17/Apr/2025:06:14:22 -0400] "POST /wp-cron.php?doing_wp_cron=1744884859.3139610290527343750000 HTTP/1.1" 200 0 "-" "WordPress/6.8; https://fileluna.com"
20.171.207.122 - - [17/Apr/2025:06:14:51 -0400] "GET /der-beste-gitarrenlehrer-in-essen-eine-klangvolle-reise-durch-die-welt-der-musik/ HTTP/1.1" 200 11971 "-" "Mozilla/5.0 AppleWebKit/537.36 (KHTML, like Gecko; compatible; GPTBot/1.2; +https://openai.com/gptbot)"
198.54.114.83 - - [17/Apr/2025:06:15:21 -0400] "POST /wp-cron.php?doing_wp_cron=1744884921.1422390937805175781250 HTTP/1.1" 200 0 "-" "WordPress/6.8; https://fileluna.com"
198.54.114.83 - - [17/Apr/2025:06:15:22 -0400] "POST /wp-admin/admin-ajax.php?action=async_litespeed&nonce=BEvm0UQm2NL63mEZcNHG1TKHSKXi2E3x&litespeed_type=imgoptm HTTP/1.1" 200 0 "-" "WordPress/6.8; https://fileluna.com"
20.171.207.122 - - [17/Apr/2025:06:15:22 -0400] "GET /?p=157 HTTP/1.1" 301 0 "-" "Mozilla/5.0 AppleWebKit/537.36 (KHTML, like Gecko; compatible; GPTBot/1.2; +https://openai.com/gptbot)"
114.119.137.80 - - [17/Apr/2025:06:15:20 -0400] "GET /author/admin/page/46/ HTTP/1.1" 200 11689 "https://fileluna.com/author/admin/page/49/" "Mozilla/5.0 (Linux; Android 7.0;) AppleWebKit/537.36 (KHTML, like Gecko) Mobile Safari/537.36 (compatible; PetalBot;+https://webmaster.petalsearch.com/site/petalbot)"
172.234.248.66 - - [17/Apr/2025:06:15:48 -0400] "GET / HTTP/1.1" 200 12777 "-" "Mozlila/5.0 (Linux; Android 7.0; SM-G892A Bulid/NRD90M; wv) AppleWebKit/537.36 (KHTML, like Gecko) Version/4.0 Chrome/60.0.3112.107 Moblie Safari/537.36"
172.234.248.66 - - [17/Apr/2025:06:15:49 -0400] "GET /wp-content/plugins/fix/up.php HTTP/1.1" 404 8954 "-" "Mozilla/5.0 (Windows NT 10.0; Win64; x64) AppleWebKit/537.36 (KHTML, like Gecko) Chrome/85.0.4183.102 Safari/537.36"
172.234.248.66 - - [17/Apr/2025:06:15:49 -0400] "GET /wp-content/plugins/apikey/apikey.php?test=hello HTTP/1.1" 404 8954 "-" "Mozlila/5.0 (Linux; Android 7.0; SM-G892A Bulid/NRD90M; wv) AppleWebKit/537.36 (KHTML, like Gecko) Version/4.0 Chrome/60.0.3112.107 Moblie Safari/537.36"
172.234.248.66 - - [17/Apr/2025:06:15:49 -0400] "POST /ALFA_DATA/alfacgiapi/perl.alfa HTTP/1.1" 404 8903 "www.google.com" "Mozlila/5.0 (Linux; Android 7.0; SM-G892A Bulid/NRD90M; wv) AppleWebKit/537.36 (KHTML, like Gecko) Version/4.0 Chrome/60.0.3112.107 Moblie Safari/537.36"
172.234.248.66 - - [17/Apr/2025:06:15:48 -0400] "GET /wp-content/themes/seotheme/db.php?u HTTP/1.1" 404 8954 "www.google.com" "Mozlila/5.0 (Linux; Android 7.0; SM-G892A Bulid/NRD90M; wv) AppleWebKit/537.36 (KHTML, like Gecko) Version/4.0 Chrome/60.0.3112.107 Moblie Safari/537.36"
172.234.248.66 - - [17/Apr/2025:06:15:49 -0400] "POST /wp-plain.php HTTP/1.1" 404 8903 "www.google.com" "Mozilla/5.0 (Linux; Android 7.0; SM-G892A Bulid/NRD90M; wv) AppleWebKit/537.36 (KHTML, like Gecko) Version/4.0 Chrome/60.0.3112.107 Moblie Safari/537.36"
172.234.248.66 - - [17/Apr/2025:06:15:52 -0400] "GET /wp-content/themes/seotheme/db.php?u HTTP/1.1" 404 8954 "www.google.com" "Mozlila/5.0 (Linux; Android 7.0; SM-G892A Bulid/NRD90M; wv) AppleWebKit/537.36 (KHTML, like Gecko) Version/4.0 Chrome/60.0.3112.107 Moblie Safari/537.36"
172.234.248.66 - - [17/Apr/2025:06:15:52 -0400] "GET /plugins/content/apismtp/apismtp.php?test=hello HTTP/1.1" 404 8954 "-" "Mozlila/5.0 (Linux; Android 7.0; SM-G892A Bulid/NRD90M; wv) AppleWebKit/537.36 (KHTML, like Gecko) Version/4.0 Chrome/60.0.3112.107 Moblie Safari/537.36"
172.234.248.66 - - [17/Apr/2025:06:15:52 -0400] "GET /vehingto.php?Fox=d3wL7 HTTP/1.1" 404 8954 "www.google.com" "Mozilla/5.0 (Linux; Android 7.0; SM-G892A Bulid/NRD90M; wv) AppleWebKit/537.36 (KHTML, like Gecko) Version/4.0 Chrome/60.0.3112.107 Moblie Safari/537.36"
172.234.248.66 - - [17/Apr/2025:06:15:53 -0400] "POST /alfacgiapi/perl.alfa HTTP/1.1" 404 8903 "www.google.com" "Mozlila/5.0 (Linux; Android 7.0; SM-G892A Bulid/NRD90M; wv) AppleWebKit/537.36 (KHTML, like Gecko) Version/4.0 Chrome/60.0.3112.107 Moblie Safari/537.36"
172.234.248.66 - - [17/Apr/2025:06:15:55 -0400] "GET /wp-content/plugins/apikey/apikey.php.suspected?test=hello HTTP/1.1" 404 8954 "-" "Mozlila/5.0 (Linux; Android 7.0; SM-G892A Bulid/NRD90M; wv) AppleWebKit/537.36 (KHTML, like Gecko) Version/4.0 Chrome/60.0.3112.107 Moblie Safari/537.36"
20.171.207.122 - - [17/Apr/2025:06:15:56 -0400] "GET /the-essential-benefits-of-a-business-trip-massage/ HTTP/1.1" 200 12063 "-" "Mozilla/5.0 AppleWebKit/537.36 (KHTML, like Gecko; compatible; GPTBot/1.2; +https://openai.com/gptbot)"
172.234.248.66 - - [17/Apr/2025:06:15:58 -0400] "GET /plugins/content/apismtp/apismtp.php.suspected?test=hello HTTP/1.1" 404 8954 "-" "Mozlila/5.0 (Linux; Android 7.0; SM-G892A Bulid/NRD90M; wv) AppleWebKit/537.36 (KHTML, like Gecko) Version/4.0 Chrome/60.0.3112.107 Moblie Safari/537.36"
198.54.114.83 - - [17/Apr/2025:06:16:30 -0400] "POST /wp-cron.php?doing_wp_cron=1744884990.0524280071258544921875 HTTP/1.1" 200 0 "-" "WordPress/6.8; https://fileluna.com"
20.171.207.122 - - [17/Apr/2025:06:16:29 -0400] "GET /the-bimatoprost-eyelash-serum-in-the-uk/feed/ HTTP/1.1" 200 406 "-" "Mozilla/5.0 AppleWebKit/537.36 (KHTML, like Gecko; compatible; GPTBot/1.2; +https://openai.com/gptbot)"
198.54.114.83 - - [17/Apr/2025:06:16:33 -0400] "POST /wp-admin/admin-ajax.php?action=async_litespeed&nonce=UMgNDAva03DRi2dqP2rJIajJxin7dh4F&litespeed_type=imgoptm HTTP/1.1" 200 0 "-" "WordPress/6.8; https://fileluna.com"
114.119.132.228 - - [17/Apr/2025:06:16:46 -0400] "GET /2025/ HTTP/1.1" 200 11211 "https://fileluna.com/2025/01/" "Mozilla/5.0 (Linux; Android 7.0;) AppleWebKit/537.36 (KHTML, like Gecko) Mobile Safari/537.36 (compatible; PetalBot;+https://webmaster.petalsearch.com/site/petalbot)"
20.171.207.122 - - [17/Apr/2025:06:17:01 -0400] "GET /the-therapeutic-benefits-of-massage/feed/ HTTP/1.1" 200 398 "-" "Mozilla/5.0 AppleWebKit/537.36 (KHTML, like Gecko; compatible; GPTBot/1.2; +https://openai.com/gptbot)"
198.54.114.83 - - [17/Apr/2025:06:18:06 -0400] "POST /wp-cron.php?doing_wp_cron=1744885084.9539539813995361328125 HTTP/1.1" 200 0 "-" "WordPress/6.8; https://fileluna.com"
20.171.207.122 - - [17/Apr/2025:06:18:04 -0400] "GET /?p=1024 HTTP/1.1" 301 0 "-" "Mozilla/5.0 AppleWebKit/537.36 (KHTML, like Gecko; compatible; GPTBot/1.2; +https://openai.com/gptbot)"
114.119.149.81 - - [17/Apr/2025:06:18:13 -0400] "GET /2024/page/48/ HTTP/1.1" 200 11658 "https://fileluna.com/2024/page/46/" "Mozilla/5.0 (Linux; Android 7.0;) AppleWebKit/537.36 (KHTML, like Gecko) Mobile Safari/537.36 (compatible; PetalBot;+https://webmaster.petalsearch.com/site/petalbot)"
20.171.207.122 - - [17/Apr/2025:06:18:33 -0400] "GET /lart-de-capturer-linstant-par-la-photographie/feed/ HTTP/1.1" 200 415 "-" "Mozilla/5.0 AppleWebKit/537.36 (KHTML, like Gecko; compatible; GPTBot/1.2; +https://openai.com/gptbot)"
20.171.207.122 - - [17/Apr/2025:06:19:01 -0400] "GET /lart-du-dessin-et-son-impact/ HTTP/1.1" 200 12329 "-" "Mozilla/5.0 AppleWebKit/537.36 (KHTML, like Gecko; compatible; GPTBot/1.2; +https://openai.com/gptbot)"
198.54.114.83 - - [17/Apr/2025:06:19:36 -0400] "POST /wp-cron.php?doing_wp_cron=1744885175.9440000057220458984375 HTTP/1.1" 200 0 "-" "WordPress/6.8; https://fileluna.com"
20.171.207.122 - - [17/Apr/2025:06:19:35 -0400] "GET /wp-json/wp/v2/posts/1028 HTTP/1.1" 200 4738 "-" "Mozilla/5.0 AppleWebKit/537.36 (KHTML, like Gecko; compatible; GPTBot/1.2; +https://openai.com/gptbot)"
198.54.114.83 - - [17/Apr/2025:06:19:38 -0400] "POST /wp-admin/admin-ajax.php?action=async_litespeed&nonce=Suwk0F2bTGqrGQiIOgV7xB7ZOH1ySODz&litespeed_type=imgoptm HTTP/1.1" 200 0 "-" "WordPress/6.8; https://fileluna.com"
114.119.132.228 - - [17/Apr/2025:06:19:40 -0400] "GET /2024/page/26/ HTTP/1.1" 200 11371 "https://fileluna.com/2024/page/23/" "Mozilla/5.0 (Linux; Android 7.0;) AppleWebKit/537.36 (KHTML, like Gecko) Mobile Safari/537.36 (compatible; PetalBot;+https://webmaster.petalsearch.com/site/petalbot)"
198.54.114.83 - - [17/Apr/2025:06:21:14 -0400] "POST /wp-cron.php?doing_wp_cron=1744885273.3207309246063232421875 HTTP/1.1" 200 0 "-" "WordPress/6.8; https://fileluna.com"
114.119.129.34 - - [17/Apr/2025:06:21:09 -0400] "GET /2024/page/24/ HTTP/1.1" 200 11362 "https://fileluna.com/2024/page/23/" "Mozilla/5.0 (Linux; Android 7.0;) AppleWebKit/537.36 (KHTML, like Gecko) Mobile Safari/537.36 (compatible; PetalBot;+https://webmaster.petalsearch.com/site/petalbot)"
20.171.207.122 - - [17/Apr/2025:06:22:16 -0400] "GET /?p=986 HTTP/1.1" 301 0 "-" "Mozilla/5.0 AppleWebKit/537.36 (KHTML, like Gecko; compatible; GPTBot/1.2; +https://openai.com/gptbot)"
198.54.114.83 - - [17/Apr/2025:06:22:18 -0400] "POST /wp-cron.php?doing_wp_cron=1744885337.3686459064483642578125 HTTP/1.1" 200 0 "-" "WordPress/6.8; https://fileluna.com"
114.119.129.34 - - [17/Apr/2025:06:22:40 -0400] "GET /2024/page/16/ HTTP/1.1" 200 11402 "https://fileluna.com/2024/page/15/" "Mozilla/5.0 (Linux; Android 7.0;) AppleWebKit/537.36 (KHTML, like Gecko) Mobile Safari/537.36 (compatible; PetalBot;+https://webmaster.petalsearch.com/site/petalbot)"
20.171.207.122 - - [17/Apr/2025:06:23:02 -0400] "GET /der-beste-gitarrenlehrer-in-essen-eine-klangvolle-reise-durch-die-welt-der-musik/feed/ HTTP/1.1" 200 450 "-" "Mozilla/5.0 AppleWebKit/537.36 (KHTML, like Gecko; compatible; GPTBot/1.2; +https://openai.com/gptbot)"
20.171.207.122 - - [17/Apr/2025:06:23:42 -0400] "GET /?p=160 HTTP/1.1" 301 0 "-" "Mozilla/5.0 AppleWebKit/537.36 (KHTML, like Gecko; compatible; GPTBot/1.2; +https://openai.com/gptbot)"
198.54.114.83 - - [17/Apr/2025:06:23:43 -0400] "POST /wp-cron.php?doing_wp_cron=1744885422.4156990051269531250000 HTTP/1.1" 200 0 "-" "WordPress/6.8; https://fileluna.com"
114.119.129.198 - - [17/Apr/2025:06:24:02 -0400] "GET /2024/page/10/ HTTP/1.1" 200 11660 "https://fileluna.com/2024/page/11/" "Mozilla/5.0 (Linux; Android 7.0;) AppleWebKit/537.36 (KHTML, like Gecko) Mobile Safari/537.36 (compatible; PetalBot;+https://webmaster.petalsearch.com/site/petalbot)"
85.215.162.226 - - [17/Apr/2025:06:24:20 -0400] "POST /wp-login.php HTTP/1.1" 200 1884 "-" "Mozilla/5.0"
85.215.162.226 - - [17/Apr/2025:06:24:20 -0400] "POST /wp-login.php HTTP/1.1" 200 1883 "-" "Mozilla/5.0"
20.171.207.122 - - [17/Apr/2025:06:24:30 -0400] "GET /the-essential-benefits-of-a-business-trip-massage/feed/ HTTP/1.1" 200 410 "-" "Mozilla/5.0 AppleWebKit/537.36 (KHTML, like Gecko; compatible; GPTBot/1.2; +https://openai.com/gptbot)"
198.54.114.83 - - [17/Apr/2025:06:25:24 -0400] "POST /wp-cron.php?doing_wp_cron=1744885521.8124248981475830078125 HTTP/1.1" 200 0 "-" "WordPress/6.8; https://fileluna.com"
20.171.207.122 - - [17/Apr/2025:06:25:21 -0400] "GET /relax-and-recharge-during-your-business-trip/ HTTP/1.1" 200 12023 "-" "Mozilla/5.0 AppleWebKit/537.36 (KHTML, like Gecko; compatible; GPTBot/1.2; +https://openai.com/gptbot)"
114.119.129.198 - - [17/Apr/2025:06:25:29 -0400] "GET /2024/08/page/2/ HTTP/1.1" 200 11471 "https://fileluna.com/2024/08/" "Mozilla/5.0 (Linux; Android 7.0;) AppleWebKit/537.36 (KHTML, like Gecko) Mobile Safari/537.36 (compatible; PetalBot;+https://webmaster.petalsearch.com/site/petalbot)"
20.171.207.122 - - [17/Apr/2025:06:26:10 -0400] "GET /navigating-the-concept-of-best-price/ HTTP/1.1" 200 12267 "-" "Mozilla/5.0 AppleWebKit/537.36 (KHTML, like Gecko; compatible; GPTBot/1.2; +https://openai.com/gptbot)"
198.54.114.83 - - [17/Apr/2025:06:26:30 -0400] "POST /wp-cron.php?doing_wp_cron=1744885589.5820639133453369140625 HTTP/1.1" 200 0 "-" "WordPress/6.8; https://fileluna.com"
164.92.113.119 - - [17/Apr/2025:06:26:29 -0400] "POST /xmlrpc.php HTTP/1.1" 200 205 "-" "Mozilla/5.0 (X11; Fedora; Linux x86_64; rv:94.0) Gecko/20100101 Firefox/95.0"
198.54.114.83 - - [17/Apr/2025:06:26:32 -0400] "POST /wp-admin/admin-ajax.php?action=async_litespeed&nonce=vBKAYp89Rg5YYNRuGIK9NCJUhmWKkPVo&litespeed_type=imgoptm HTTP/1.1" 200 0 "-" "WordPress/6.8; https://fileluna.com"
20.171.207.122 - - [17/Apr/2025:06:26:54 -0400] "GET /?p=1025 HTTP/1.1" 301 0 "-" "Mozilla/5.0 AppleWebKit/537.36 (KHTML, like Gecko; compatible; GPTBot/1.2; +https://openai.com/gptbot)"
20.171.207.122 - - [17/Apr/2025:06:26:57 -0400] "GET /xmlrpc.php HTTP/1.1" 405 46 "-" "Mozilla/5.0 AppleWebKit/537.36 (KHTML, like Gecko; compatible; GPTBot/1.2; +https://openai.com/gptbot)"
114.119.129.34 - - [17/Apr/2025:06:26:56 -0400] "GET /2024/02/ HTTP/1.1" 200 11577 "https://fileluna.com/the-enchantment-of-rainbow-riches-casinos/" "Mozilla/5.0 (Linux; Android 7.0;) AppleWebKit/537.36 (KHTML, like Gecko) Mobile Safari/537.36 (compatible; PetalBot;+https://webmaster.petalsearch.com/site/petalbot)"
198.54.114.83 - - [17/Apr/2025:06:27:32 -0400] "POST /wp-cron.php?doing_wp_cron=1744885651.4662170410156250000000 HTTP/1.1" 200 0 "-" "WordPress/6.8; https://fileluna.com"
20.171.207.122 - - [17/Apr/2025:06:27:31 -0400] "GET /the-role-of-employment-agencies-in-career-advancement/ HTTP/1.1" 200 12034 "-" "Mozilla/5.0 AppleWebKit/537.36 (KHTML, like Gecko; compatible; GPTBot/1.2; +https://openai.com/gptbot)"
20.171.207.122 - - [17/Apr/2025:06:27:32 -0400] "GET /wp-json/wp/v2/posts/1024 HTTP/1.1" 200 5347 "-" "Mozilla/5.0 AppleWebKit/537.36 (KHTML, like Gecko; compatible; GPTBot/1.2; +https://openai.com/gptbot)"
20.171.207.122 - - [17/Apr/2025:06:28:17 -0400] "GET /lart-du-dessin-et-son-impact/feed/ HTTP/1.1" 200 399 "-" "Mozilla/5.0 AppleWebKit/537.36 (KHTML, like Gecko; compatible; GPTBot/1.2; +https://openai.com/gptbot)"
114.119.129.198 - - [17/Apr/2025:06:28:24 -0400] "GET /2024/01/ HTTP/1.1" 200 11540 "https://fileluna.com/the-enchantment-of-rainbow-riches-casinos/" "Mozilla/5.0 (Linux; Android 7.0;) AppleWebKit/537.36 (KHTML, like Gecko) Mobile Safari/537.36 (compatible; PetalBot;+https://webmaster.petalsearch.com/site/petalbot)"
198.54.114.83 - - [17/Apr/2025:06:29:15 -0400] "POST /wp-cron.php?doing_wp_cron=1744885753.8341419696807861328125 HTTP/1.1" 200 0 "-" "WordPress/6.8; https://fileluna.com"
20.171.207.122 - - [17/Apr/2025:06:29:13 -0400] "GET /wp-json/wp/v2/posts/1025 HTTP/1.1" 200 4800 "-" "Mozilla/5.0 AppleWebKit/537.36 (KHTML, like Gecko; compatible; GPTBot/1.2; +https://openai.com/gptbot)"
198.54.114.83 - - [17/Apr/2025:06:31:30 -0400] "POST /wp-cron.php?doing_wp_cron=1744885889.3662149906158447265625 HTTP/1.1" 200 0 "-" "WordPress/6.8; https://fileluna.com"
20.171.207.122 - - [17/Apr/2025:06:31:26 -0400] "GET /wp-json/oembed/1.0/embed?format=xml&url=https%3A%2F%2Ffileluna.com%2Frelax-and-recharge-during-your-business-trip%2F HTTP/1.1" 200 1097 "-" "Mozilla/5.0 AppleWebKit/537.36 (KHTML, like Gecko; compatible; GPTBot/1.2; +https://openai.com/gptbot)"
20.171.207.122 - - [17/Apr/2025:06:32:00 -0400] "GET /wp-json/oembed/1.0/embed?url=https%3A%2F%2Ffileluna.com%2Frelax-and-recharge-during-your-business-trip%2F HTTP/1.1" 200 2275 "-" "Mozilla/5.0 AppleWebKit/537.36 (KHTML, like Gecko; compatible; GPTBot/1.2; +https://openai.com/gptbot)"
198.54.114.83 - - [17/Apr/2025:06:32:55 -0400] "POST /wp-cron.php?doing_wp_cron=1744885974.2904989719390869140625 HTTP/1.1" 200 0 "-" "WordPress/6.8; https://fileluna.com"
20.171.207.122 - - [17/Apr/2025:06:32:53 -0400] "GET /relax-and-recharge-during-your-business-trip/feed/ HTTP/1.1" 200 408 "-" "Mozilla/5.0 AppleWebKit/537.36 (KHTML, like Gecko; compatible; GPTBot/1.2; +https://openai.com/gptbot)"
20.171.207.122 - - [17/Apr/2025:06:33:36 -0400] "GET /wp-json/wp/v2/posts/987 HTTP/1.1" 200 4126 "-" "Mozilla/5.0 AppleWebKit/537.36 (KHTML, like Gecko; compatible; GPTBot/1.2; +https://openai.com/gptbot)"
198.54.114.83 - - [17/Apr/2025:06:34:12 -0400] "POST /wp-cron.php?doing_wp_cron=1744886051.3272690773010253906250 HTTP/1.1" 200 0 "-" "WordPress/6.8; https://fileluna.com"
20.171.207.122 - - [17/Apr/2025:06:34:11 -0400] "GET /?p=987 HTTP/1.1" 301 0 "-" "Mozilla/5.0 AppleWebKit/537.36 (KHTML, like Gecko; compatible; GPTBot/1.2; +https://openai.com/gptbot)"
198.54.114.83 - - [17/Apr/2025:06:34:14 -0400] "POST /wp-admin/admin-ajax.php?action=async_litespeed&nonce=q5uXQZLw84AUaRu7eLcM27YYyY2mAlyg&litespeed_type=imgoptm HTTP/1.1" 200 0 "-" "WordPress/6.8; https://fileluna.com"
20.171.207.122 - - [17/Apr/2025:06:34:49 -0400] "GET /?p=987 HTTP/1.1" 301 0 "-" "Mozilla/5.0 AppleWebKit/537.36 (KHTML, like Gecko; compatible; GPTBot/1.2; +https://openai.com/gptbot)"
85.215.162.226 - - [17/Apr/2025:06:35:07 -0400] "POST /wp-login.php HTTP/1.1" 200 1884 "-" "Mozilla/5.0"
85.215.162.226 - - [17/Apr/2025:06:35:07 -0400] "POST /wp-login.php HTTP/1.1" 200 1883 "-" "Mozilla/5.0"
198.54.114.83 - - [17/Apr/2025:06:35:12 -0400] "POST /wp-cron.php?doing_wp_cron=1744886108.7991499900817871093750 HTTP/1.1" 200 0 "-" "WordPress/6.8; https://fileluna.com"
198.54.114.83 - - [17/Apr/2025:06:35:12 -0400] "POST /wp-cron.php?doing_wp_cron=1744886108.7886838912963867187500 HTTP/1.1" 200 0 "-" "WordPress/6.8; https://fileluna.com"
20.171.207.122 - - [17/Apr/2025:06:35:40 -0400] "GET /?p=1022 HTTP/1.1" 301 0 "-" "Mozilla/5.0 AppleWebKit/537.36 (KHTML, like Gecko; compatible; GPTBot/1.2; +https://openai.com/gptbot)"
198.54.114.83 - - [17/Apr/2025:06:36:11 -0400] "POST /wp-cron.php?doing_wp_cron=1744886170.2121570110321044921875 HTTP/1.1" 200 0 "-" "WordPress/6.8; https://fileluna.com"
20.171.207.122 - - [17/Apr/2025:06:36:09 -0400] "GET /?p=163 HTTP/1.1" 301 0 "-" "Mozilla/5.0 AppleWebKit/537.36 (KHTML, like Gecko; compatible; GPTBot/1.2; +https://openai.com/gptbot)"
198.54.114.83 - - [17/Apr/2025:06:36:12 -0400] "POST /wp-admin/admin-ajax.php?action=async_litespeed&nonce=odcQqEGwq4Snft3kPWtCOa1WSdHEY2MH&litespeed_type=imgoptm HTTP/1.1" 200 0 "-" "WordPress/6.8; https://fileluna.com"
20.171.207.122 - - [17/Apr/2025:06:36:43 -0400] "GET /the-role-of-employment-agencies-in-career-advancement/feed/ HTTP/1.1" 200 418 "-" "Mozilla/5.0 AppleWebKit/537.36 (KHTML, like Gecko; compatible; GPTBot/1.2; +https://openai.com/gptbot)"
198.54.114.83 - - [17/Apr/2025:06:36:47 -0400] "POST /wp-cron.php?doing_wp_cron=1744886204.3720049858093261718750 HTTP/1.1" 200 0 "-" "WordPress/6.8; https://fileluna.com"
20.171.207.122 - - [17/Apr/2025:06:37:24 -0400] "GET /relaxation-on-the-go-with-business-trip-massage/ HTTP/1.1" 200 11983 "-" "Mozilla/5.0 AppleWebKit/537.36 (KHTML, like Gecko; compatible; GPTBot/1.2; +https://openai.com/gptbot)"
198.54.114.83 - - [17/Apr/2025:06:38:10 -0400] "POST /wp-cron.php?doing_wp_cron=1744886289.5192220211029052734375 HTTP/1.1" 200 0 "-" "WordPress/6.8; https://fileluna.com"
20.171.207.122 - - [17/Apr/2025:06:38:09 -0400] "GET /relax-and-recharge-during-your-business-trip/embed/ HTTP/1.1" 200 6299 "-" "Mozilla/5.0 AppleWebKit/537.36 (KHTML, like Gecko; compatible; GPTBot/1.2; +https://openai.com/gptbot)"
198.54.114.83 - - [17/Apr/2025:06:38:11 -0400] "POST /wp-admin/admin-ajax.php?action=async_litespeed&nonce=JidyGlzGUsaccp59JiGyFb5oSVmvm0In&litespeed_type=imgoptm HTTP/1.1" 200 0 "-" "WordPress/6.8; https://fileluna.com"
109.123.236.97 - - [17/Apr/2025:06:39:08 -0400] "GET /wp-login.php HTTP/1.1" 200 1760 "-" "GRequests/0.10"
198.54.114.83 - - [17/Apr/2025:06:39:14 -0400] "POST /wp-cron.php?doing_wp_cron=1744886353.2024719715118408203125 HTTP/1.1" 200 0 "-" "WordPress/6.8; https://fileluna.com"
109.123.236.97 - - [17/Apr/2025:06:39:12 -0400] "POST /wp-login.php HTTP/1.1" 200 1887 "-" "GRequests/0.10"
20.171.207.122 - - [17/Apr/2025:06:40:09 -0400] "GET /navigating-the-concept-of-best-price/feed/ HTTP/1.1" 200 404 "-" "Mozilla/5.0 AppleWebKit/537.36 (KHTML, like Gecko; compatible; GPTBot/1.2; +https://openai.com/gptbot)"
216.244.66.246 - - [17/Apr/2025:06:40:10 -0400] "GET /robots.txt HTTP/1.1" 304 0 "-" "Mozilla/5.0 (compatible; DotBot/1.2; +https://opensiteexplorer.org/dotbot; help@moz.com)"
198.54.114.83 - - [17/Apr/2025:06:40:40 -0400] "POST /wp-cron.php?doing_wp_cron=1744886439.7088170051574707031250 HTTP/1.1" 200 0 "-" "WordPress/6.8; https://fileluna.com"
20.171.207.122 - - [17/Apr/2025:06:40:39 -0400] "GET /eine-notwendigkeit-fur-eine-rauchfreie-zukunft/ HTTP/1.1" 200 11860 "-" "Mozilla/5.0 AppleWebKit/537.36 (KHTML, like Gecko; compatible; GPTBot/1.2; +https://openai.com/gptbot)"
198.54.114.83 - - [17/Apr/2025:06:40:41 -0400] "POST /wp-admin/admin-ajax.php?action=async_litespeed&nonce=58N9upx9kMrQaixSPa7iGJkbvqPvgDmR&litespeed_type=imgoptm HTTP/1.1" 200 0 "-" "WordPress/6.8; https://fileluna.com"
20.171.207.122 - - [17/Apr/2025:06:41:10 -0400] "GET /xmlrpc.php HTTP/1.1" 405 46 "-" "Mozilla/5.0 AppleWebKit/537.36 (KHTML, like Gecko; compatible; GPTBot/1.2; +https://openai.com/gptbot)"
198.54.114.83 - - [17/Apr/2025:06:41:42 -0400] "POST /wp-cron.php?doing_wp_cron=1744886501.1001310348510742187500 HTTP/1.1" 200 0 "-" "WordPress/6.8; https://fileluna.com"
20.171.207.122 - - [17/Apr/2025:06:41:40 -0400] "GET /the-rise-of-weworkremotely-platform/ HTTP/1.1" 200 12314 "-" "Mozilla/5.0 AppleWebKit/537.36 (KHTML, like Gecko; compatible; GPTBot/1.2; +https://openai.com/gptbot)"
20.171.207.122 - - [17/Apr/2025:06:42:11 -0400] "GET /wp-json/wp/v2/posts/1022 HTTP/1.1" 200 4167 "-" "Mozilla/5.0 AppleWebKit/537.36 (KHTML, like Gecko; compatible; GPTBot/1.2; +https://openai.com/gptbot)"
20.171.207.122 - - [17/Apr/2025:06:42:52 -0400] "GET /wp-json/wp/v2/posts/1030 HTTP/1.1" 200 5500 "-" "Mozilla/5.0 AppleWebKit/537.36 (KHTML, like Gecko; compatible; GPTBot/1.2; +https://openai.com/gptbot)"
198.54.114.83 - - [17/Apr/2025:06:42:55 -0400] "POST /wp-cron.php?doing_wp_cron=1744886573.6064550876617431640625 HTTP/1.1" 200 0 "-" "WordPress/6.8; https://fileluna.com"
20.171.207.122 - - [17/Apr/2025:06:43:38 -0400] "GET /wp-json/wp/v2/posts/1034 HTTP/1.1" 200 4241 "-" "Mozilla/5.0 AppleWebKit/537.36 (KHTML, like Gecko; compatible; GPTBot/1.2; +https://openai.com/gptbot)"
198.54.114.83 - - [17/Apr/2025:06:44:45 -0400] "POST /wp-cron.php?doing_wp_cron=1744886684.6741700172424316406250 HTTP/1.1" 200 0 "-" "WordPress/6.8; https://fileluna.com"
20.171.207.122 - - [17/Apr/2025:06:44:44 -0400] "GET /?p=990 HTTP/1.1" 301 0 "-" "Mozilla/5.0 AppleWebKit/537.36 (KHTML, like Gecko; compatible; GPTBot/1.2; +https://openai.com/gptbot)"
198.54.114.83 - - [17/Apr/2025:06:44:46 -0400] "POST /wp-admin/admin-ajax.php?action=async_litespeed&nonce=SmTlOiDOj8Skm3vjXuonkkcMPJKdC9yw&litespeed_type=imgoptm HTTP/1.1" 200 5 "-" "WordPress/6.8; https://fileluna.com"
198.54.114.83 - - [17/Apr/2025:06:45:18 -0400] "POST /wp-cron.php?doing_wp_cron=1744886717.8403398990631103515625 HTTP/1.1" 200 0 "-" "WordPress/6.8; https://fileluna.com"
