52.164.245.163 - - [16/Apr/2025:21:40:17 -0400] "GET /yanz.php HTTP/1.1" 404 8954 "-" "-"
52.164.245.163 - - [16/Apr/2025:21:40:23 -0400] "GET /ynz.PhP7 HTTP/1.1" 404 8954 "-" "-"
198.54.114.83 - - [16/Apr/2025:21:40:30 -0400] "POST /wp-cron.php?doing_wp_cron=1744854028.4187929630279541015625 HTTP/1.1" 200 0 "-" "WordPress/6.8; https://fileluna.com"
52.164.245.163 - - [16/Apr/2025:21:40:27 -0400] "GET /yq7.php HTTP/1.1" 404 8954 "-" "-"
52.164.245.163 - - [16/Apr/2025:21:40:33 -0400] "GET /z.php HTTP/1.1" 404 8954 "-" "-"
52.164.245.163 - - [16/Apr/2025:21:40:37 -0400] "GET /z63.php HTTP/1.1" 404 8954 "-" "-"
52.164.245.163 - - [16/Apr/2025:21:40:40 -0400] "GET /zT.php HTTP/1.1" 404 8954 "-" "-"
52.164.245.163 - - [16/Apr/2025:21:40:42 -0400] "GET /zqBSIrn38Ja.php HTTP/1.1" 404 8954 "-" "-"
52.164.245.163 - - [16/Apr/2025:21:40:47 -0400] "GET /zwso.php HTTP/1.1" 404 8954 "-" "-"
52.164.245.163 - - [16/Apr/2025:21:40:49 -0400] "GET /zz.php HTTP/1.1" 404 8954 "-" "-"
216.244.66.246 - - [16/Apr/2025:21:43:25 -0400] "GET /la-magie-de-la-conception-interieure/ HTTP/1.1" 200 11923 "-" "Mozilla/5.0 (compatible; DotBot/1.2; +https://opensiteexplorer.org/dotbot; help@moz.com)"
198.54.114.83 - - [16/Apr/2025:21:43:34 -0400] "POST /wp-cron.php?doing_wp_cron=1744854210.6342689990997314453125 HTTP/1.1" 200 0 "-" "WordPress/6.8; https://fileluna.com"
198.54.114.83 - - [16/Apr/2025:21:47:31 -0400] "POST /wp-cron.php?doing_wp_cron=1744854450.2319900989532470703125 HTTP/1.1" 200 0 "-" "WordPress/6.8; https://fileluna.com"
198.54.114.83 - - [16/Apr/2025:21:47:31 -0400] "POST /wp-cron.php?doing_wp_cron=1744854450.2315189838409423828125 HTTP/1.1" 200 0 "-" "WordPress/6.8; https://fileluna.com"
85.215.162.226 - - [16/Apr/2025:21:47:26 -0400] "POST /wp-login.php HTTP/1.1" 200 1883 "-" "Mozilla/5.0"
85.215.162.226 - - [16/Apr/2025:21:47:26 -0400] "POST /wp-login.php HTTP/1.1" 200 1884 "-" "Mozilla/5.0"
198.54.114.83 - - [16/Apr/2025:21:47:33 -0400] "POST /wp-admin/admin-ajax.php?action=async_litespeed&nonce=8dy28wVVt5fLIHTdl3W97EyjpOCwmZfz&litespeed_type=imgoptm HTTP/1.1" 200 0 "-" "WordPress/6.8; https://fileluna.com"
198.54.114.83 - - [16/Apr/2025:21:48:35 -0400] "POST /wp-cron.php?doing_wp_cron=1744854515.2557349205017089843750 HTTP/1.1" 200 0 "-" "WordPress/6.8; https://fileluna.com"
198.54.114.83 - - [16/Apr/2025:21:48:36 -0400] "POST /wp-admin/admin-ajax.php?action=async_litespeed&nonce=NqRRa95pB1D02AWSkxZqqxYDuCyksLRK&litespeed_type=imgoptm HTTP/1.1" 200 0 "-" "WordPress/6.8; https://fileluna.com"
114.119.149.81 - - [16/Apr/2025:21:48:34 -0400] "GET /effizienter-umzugsservice-in-luneburg/ HTTP/1.1" 200 12064 "https://fileluna.com/arac-aksesuarlari-ile-konfor-ve-estetik-saglama/" "Mozilla/5.0 (Linux; Android 7.0;) AppleWebKit/537.36 (KHTML, like Gecko) Mobile Safari/537.36 (compatible; PetalBot;+https://webmaster.petalsearch.com/site/petalbot)"
114.119.154.229 - - [16/Apr/2025:21:50:12 -0400] "GET /die-bedeutung-von-jurastudiengebuhren/ HTTP/1.1" 200 11951 "https://fileluna.com/der-weg-zum-jurastudium-ein-law-tutor-an-ihrer-seite/" "Mozilla/5.0 (Linux; Android 7.0;) AppleWebKit/537.36 (KHTML, like Gecko) Mobile Safari/537.36 (compatible; PetalBot;+https://webmaster.petalsearch.com/site/petalbot)"
198.54.114.83 - - [16/Apr/2025:21:50:21 -0400] "POST /wp-cron.php?doing_wp_cron=1744854616.2772800922393798828125 HTTP/1.1" 200 0 "-" "WordPress/6.8; https://fileluna.com"
4.227.36.66 - - [16/Apr/2025:21:50:23 -0400] "GET /robots.txt HTTP/1.1" 200 61 "-" "Mozilla/5.0 AppleWebKit/537.36 (KHTML, like Gecko; compatible; GPTBot/1.2; +https://openai.com/gptbot)"
20.171.207.122 - - [16/Apr/2025:21:51:08 -0400] "GET / HTTP/1.1" 200 12779 "-" "Mozilla/5.0 AppleWebKit/537.36 (KHTML, like Gecko; compatible; GPTBot/1.2; +https://openai.com/gptbot)"
114.119.148.27 - - [16/Apr/2025:21:51:48 -0400] "GET /2024/08/page/4/ HTTP/1.1" 200 10914 "https://fileluna.com/2024/08/" "Mozilla/5.0 (Linux; Android 7.0;) AppleWebKit/537.36 (KHTML, like Gecko) Mobile Safari/537.36 (compatible; PetalBot;+https://webmaster.petalsearch.com/site/petalbot)"
198.54.114.83 - - [16/Apr/2025:21:51:53 -0400] "POST /wp-cron.php?doing_wp_cron=1744854711.5721120834350585937500 HTTP/1.1" 200 0 "-" "WordPress/6.8; https://fileluna.com"
20.171.207.122 - - [16/Apr/2025:21:52:23 -0400] "GET /a-fresh-look-at-bathroom-renovations-in-melbournes-western-suburbs/ HTTP/1.1" 200 12096 "-" "Mozilla/5.0 AppleWebKit/537.36 (KHTML, like Gecko; compatible; GPTBot/1.2; +https://openai.com/gptbot)"
20.171.207.122 - - [16/Apr/2025:21:53:13 -0400] "GET /umzugsunternehmen-in-luneburg-ihr-partner-fur-einen-reibungslosen-umzug-2/ HTTP/1.1" 200 11969 "-" "Mozilla/5.0 AppleWebKit/537.36 (KHTML, like Gecko; compatible; GPTBot/1.2; +https://openai.com/gptbot)"
198.54.114.83 - - [16/Apr/2025:21:53:16 -0400] "POST /wp-cron.php?doing_wp_cron=1744854793.4584538936614990234375 HTTP/1.1" 200 0 "-" "WordPress/6.8; https://fileluna.com"
198.54.114.83 - - [16/Apr/2025:21:54:18 -0400] "POST /wp-cron.php?doing_wp_cron=1744854857.5268380641937255859375 HTTP/1.1" 200 0 "-" "WordPress/6.8; https://fileluna.com"
20.171.207.122 - - [16/Apr/2025:21:54:16 -0400] "GET /dream-homes-await-in-southern-spain/ HTTP/1.1" 200 12324 "-" "Mozilla/5.0 AppleWebKit/537.36 (KHTML, like Gecko; compatible; GPTBot/1.2; +https://openai.com/gptbot)"
198.54.114.83 - - [16/Apr/2025:21:54:21 -0400] "POST /wp-admin/admin-ajax.php?action=async_litespeed&nonce=XmQwVBEHqtxICmuFe8rTgIa4cujz9vOT&litespeed_type=imgoptm HTTP/1.1" 200 0 "-" "WordPress/6.8; https://fileluna.com"
90.156.142.33 - - [16/Apr/2025:21:54:42 -0400] "GET /wp-login.php HTTP/1.1" 200 1760 "-" "GRequests/0.10"
90.156.142.33 - - [16/Apr/2025:21:54:44 -0400] "POST /wp-login.php HTTP/1.1" 200 1887 "-" "GRequests/0.10"
20.171.207.122 - - [16/Apr/2025:21:55:29 -0400] "GET /ihr-umzugsprofi-in-luneburg/ HTTP/1.1" 200 12090 "-" "Mozilla/5.0 AppleWebKit/537.36 (KHTML, like Gecko; compatible; GPTBot/1.2; +https://openai.com/gptbot)"
198.54.114.83 - - [16/Apr/2025:21:56:52 -0400] "POST /wp-cron.php?doing_wp_cron=1744855011.5948181152343750000000 HTTP/1.1" 200 0 "-" "WordPress/6.8; https://fileluna.com"
20.171.207.122 - - [16/Apr/2025:21:56:47 -0400] "GET /the-role-of-metabolic-labs-in-modern-health-care/ HTTP/1.1" 200 12536 "-" "Mozilla/5.0 AppleWebKit/537.36 (KHTML, like Gecko; compatible; GPTBot/1.2; +https://openai.com/gptbot)"
198.54.114.83 - - [16/Apr/2025:21:56:54 -0400] "POST /wp-admin/admin-ajax.php?action=async_litespeed&nonce=857craGItHVBpexbm7naUrsk2RoHwI4r&litespeed_type=imgoptm HTTP/1.1" 200 0 "-" "WordPress/6.8; https://fileluna.com"
20.171.207.122 - - [16/Apr/2025:21:58:15 -0400] "GET /effiziente-wohnungsauflosung-in-luneburg/ HTTP/1.1" 200 12040 "-" "Mozilla/5.0 AppleWebKit/537.36 (KHTML, like Gecko; compatible; GPTBot/1.2; +https://openai.com/gptbot)"
198.54.114.83 - - [16/Apr/2025:21:58:39 -0400] "POST /wp-cron.php?doing_wp_cron=1744855119.6378951072692871093750 HTTP/1.1" 200 0 "-" "WordPress/6.8; https://fileluna.com"
198.54.114.83 - - [16/Apr/2025:21:58:39 -0400] "POST /wp-cron.php?doing_wp_cron=1744855119.6370069980621337890625 HTTP/1.1" 200 0 "-" "WordPress/6.8; https://fileluna.com"
85.215.162.226 - - [16/Apr/2025:21:58:36 -0400] "POST /wp-login.php HTTP/1.1" 200 1884 "-" "Mozilla/5.0"
85.215.162.226 - - [16/Apr/2025:21:58:36 -0400] "POST /wp-login.php HTTP/1.1" 200 1883 "-" "Mozilla/5.0"
198.54.114.83 - - [16/Apr/2025:21:58:40 -0400] "POST /wp-admin/admin-ajax.php?action=async_litespeed&nonce=4Vovng5gBAPxJovGTyFwEfAZRA6w0tzt&litespeed_type=imgoptm HTTP/1.1" 200 0 "-" "WordPress/6.8; https://fileluna.com"
20.171.207.122 - - [16/Apr/2025:21:59:34 -0400] "GET /umzugsunternehmen-in-luneburg-ihre-perfekte-wahl/ HTTP/1.1" 200 11967 "-" "Mozilla/5.0 AppleWebKit/537.36 (KHTML, like Gecko; compatible; GPTBot/1.2; +https://openai.com/gptbot)"
20.171.207.122 - - [16/Apr/2025:22:00:50 -0400] "GET /wp-content/themes/newsphere/assets/theiaStickySidebar/theia-sticky-sidebar.min.js?ver=6.8 HTTP/1.1" 200 1599 "-" "Mozilla/5.0 AppleWebKit/537.36 (KHTML, like Gecko; compatible; GPTBot/1.2; +https://openai.com/gptbot)"
20.171.207.122 - - [16/Apr/2025:22:02:15 -0400] "GET /wp-content/themes/newsphere/assets/jquery-match-height/jquery.matchHeight.min.js?ver=6.8 HTTP/1.1" 200 1264 "-" "Mozilla/5.0 AppleWebKit/537.36 (KHTML, like Gecko; compatible; GPTBot/1.2; +https://openai.com/gptbot)"
20.171.207.122 - - [16/Apr/2025:22:03:19 -0400] "GET /gitarrenunterricht-in-dusseldorf-entdecken-sie-ihre-leidenschaft-fur-musik/ HTTP/1.1" 200 11910 "-" "Mozilla/5.0 AppleWebKit/537.36 (KHTML, like Gecko; compatible; GPTBot/1.2; +https://openai.com/gptbot)"
198.54.114.83 - - [16/Apr/2025:22:04:28 -0400] "POST /wp-cron.php?doing_wp_cron=1744855467.6118779182434082031250 HTTP/1.1" 200 0 "-" "WordPress/6.8; https://fileluna.com"
198.54.114.83 - - [16/Apr/2025:22:04:30 -0400] "POST /wp-admin/admin-ajax.php?action=async_litespeed&nonce=o8Kro4xonnjpgVPBIj8xiQkVablYmpou&litespeed_type=imgoptm HTTP/1.1" 200 0 "-" "WordPress/6.8; https://fileluna.com"
20.171.207.122 - - [16/Apr/2025:22:04:23 -0400] "GET /gitarre-lernen-in-dusseldorf/ HTTP/1.1" 200 12048 "-" "Mozilla/5.0 AppleWebKit/537.36 (KHTML, like Gecko; compatible; GPTBot/1.2; +https://openai.com/gptbot)"
198.54.114.83 - - [16/Apr/2025:22:05:21 -0400] "POST /wp-cron.php?doing_wp_cron=1744855521.1757819652557373046875 HTTP/1.1" 200 0 "-" "WordPress/6.8; https://fileluna.com"
89.169.15.201 - - [16/Apr/2025:22:05:20 -0400] "GET /wp-content/plugins/suretriggers/assets/images/STLogo.svg HTTP/1.1" 404 8954 "-" "Mozilla/5.0 (Windows NT 6.2; rv:49.0) Gecko/20100101 Firefox/49.0"
198.54.114.83 - - [16/Apr/2025:22:05:23 -0400] "POST /wp-admin/admin-ajax.php?action=async_litespeed&nonce=zzCG54zEkENky6xCwHpHwibzrQiewgiX&litespeed_type=imgoptm HTTP/1.1" 200 0 "-" "WordPress/6.8; https://fileluna.com"
20.171.207.122 - - [16/Apr/2025:22:05:34 -0400] "GET /?p=1198 HTTP/1.1" 301 0 "-" "Mozilla/5.0 AppleWebKit/537.36 (KHTML, like Gecko; compatible; GPTBot/1.2; +https://openai.com/gptbot)"
20.171.207.122 - - [16/Apr/2025:22:06:40 -0400] "GET /?p=1194 HTTP/1.1" 301 0 "-" "Mozilla/5.0 AppleWebKit/537.36 (KHTML, like Gecko; compatible; GPTBot/1.2; +https://openai.com/gptbot)"
198.54.114.83 - - [16/Apr/2025:22:06:43 -0400] "POST /wp-cron.php?doing_wp_cron=1744855600.6182079315185546875000 HTTP/1.1" 200 0 "-" "WordPress/6.8; https://fileluna.com"
198.54.114.83 - - [16/Apr/2025:22:07:45 -0400] "POST /wp-cron.php?doing_wp_cron=1744855665.0252950191497802734375 HTTP/1.1" 200 0 "-" "WordPress/6.8; https://fileluna.com"
20.171.207.122 - - [16/Apr/2025:22:07:44 -0400] "GET /?p=1172 HTTP/1.1" 301 0 "-" "Mozilla/5.0 AppleWebKit/537.36 (KHTML, like Gecko; compatible; GPTBot/1.2; +https://openai.com/gptbot)"
198.54.114.83 - - [16/Apr/2025:22:07:46 -0400] "POST /wp-admin/admin-ajax.php?action=async_litespeed&nonce=oPNMAgRkiM2xLHnzDgIFlZwRr2MPCWVa&litespeed_type=imgoptm HTTP/1.1" 200 5 "-" "WordPress/6.8; https://fileluna.com"
198.54.114.83 - - [16/Apr/2025:22:09:27 -0400] "POST /wp-cron.php?doing_wp_cron=1744855766.6515860557556152343750 HTTP/1.1" 200 0 "-" "WordPress/6.8; https://fileluna.com"
20.171.207.122 - - [16/Apr/2025:22:09:23 -0400] "GET /?p=1188 HTTP/1.1" 301 0 "-" "Mozilla/5.0 AppleWebKit/537.36 (KHTML, like Gecko; compatible; GPTBot/1.2; +https://openai.com/gptbot)"
198.54.114.83 - - [16/Apr/2025:22:09:29 -0400] "POST /wp-admin/admin-ajax.php?action=async_litespeed&nonce=zYG339MXnsN5B05G58EsEnjfbp9TVDyu&litespeed_type=imgoptm HTTP/1.1" 200 0 "-" "WordPress/6.8; https://fileluna.com"
85.215.162.226 - - [16/Apr/2025:22:09:42 -0400] "POST /wp-login.php HTTP/1.1" 200 1883 "-" "Mozilla/5.0"
198.54.114.83 - - [16/Apr/2025:22:09:42 -0400] "POST /wp-cron.php?doing_wp_cron=1744855782.5939080715179443359375 HTTP/1.1" 200 0 "-" "WordPress/6.8; https://fileluna.com"
85.215.162.226 - - [16/Apr/2025:22:09:42 -0400] "POST /wp-login.php HTTP/1.1" 200 1884 "-" "Mozilla/5.0"
198.54.114.83 - - [16/Apr/2025:22:11:09 -0400] "POST /wp-cron.php?doing_wp_cron=1744855869.2093811035156250000000 HTTP/1.1" 200 0 "-" "WordPress/6.8; https://fileluna.com"
20.171.207.122 - - [16/Apr/2025:22:11:06 -0400] "GET /?p=1170 HTTP/1.1" 301 0 "-" "Mozilla/5.0 AppleWebKit/537.36 (KHTML, like Gecko; compatible; GPTBot/1.2; +https://openai.com/gptbot)"
198.54.114.83 - - [16/Apr/2025:22:11:11 -0400] "POST /wp-admin/admin-ajax.php?action=async_litespeed&nonce=JTeuaoA2KsUeG82rI2EfsCVAB18JiihC&litespeed_type=imgoptm HTTP/1.1" 200 0 "-" "WordPress/6.8; https://fileluna.com"
198.54.114.83 - - [16/Apr/2025:22:12:20 -0400] "POST /wp-cron.php?doing_wp_cron=1744855940.5511610507965087890625 HTTP/1.1" 200 0 "-" "WordPress/6.8; https://fileluna.com"
20.171.207.122 - - [16/Apr/2025:22:12:20 -0400] "GET /wp-json/wp/v2/posts/1170 HTTP/1.1" 200 5639 "-" "Mozilla/5.0 AppleWebKit/537.36 (KHTML, like Gecko; compatible; GPTBot/1.2; +https://openai.com/gptbot)"
198.54.114.83 - - [16/Apr/2025:22:12:21 -0400] "POST /wp-admin/admin-ajax.php?action=async_litespeed&nonce=wl0snOnNfkDxjvS9M6m23wtc9yqxuTbw&litespeed_type=imgoptm HTTP/1.1" 200 5 "-" "WordPress/6.8; https://fileluna.com"
198.54.114.83 - - [16/Apr/2025:22:13:28 -0400] "POST /wp-cron.php?doing_wp_cron=1744856007.7833139896392822265625 HTTP/1.1" 200 0 "-" "WordPress/6.8; https://fileluna.com"
198.54.114.83 - - [16/Apr/2025:22:13:28 -0400] "POST /wp-admin/admin-ajax.php?action=async_litespeed&nonce=dDKelMNBA9PSoD38MOUXfRleV8T4yvXf&litespeed_type=imgoptm HTTP/1.1" 200 0 "-" "WordPress/6.8; https://fileluna.com"
20.171.207.122 - - [16/Apr/2025:22:13:27 -0400] "GET /wp-json/oembed/1.0/embed?url=https%3A%2F%2Ffileluna.com%2Fthe-role-of-metabolic-labs-in-modern-health-care%2F HTTP/1.1" 200 2295 "-" "Mozilla/5.0 AppleWebKit/537.36 (KHTML, like Gecko; compatible; GPTBot/1.2; +https://openai.com/gptbot)"
198.54.114.83 - - [16/Apr/2025:22:15:07 -0400] "POST /wp-cron.php?doing_wp_cron=1744856105.0456891059875488281250 HTTP/1.1" 200 0 "-" "WordPress/6.8; https://fileluna.com"
20.171.207.122 - - [16/Apr/2025:22:14:59 -0400] "GET /wp-json/oembed/1.0/embed?format=xml&url=https%3A%2F%2Ffileluna.com%2Fthe-role-of-metabolic-labs-in-modern-health-care%2F HTTP/1.1" 200 1104 "-" "Mozilla/5.0 AppleWebKit/537.36 (KHTML, like Gecko; compatible; GPTBot/1.2; +https://openai.com/gptbot)"
198.54.114.83 - - [16/Apr/2025:22:16:48 -0400] "POST /wp-cron.php?doing_wp_cron=1744856207.1847360134124755859375 HTTP/1.1" 200 0 "-" "WordPress/6.8; https://fileluna.com"
20.171.207.122 - - [16/Apr/2025:22:16:44 -0400] "GET /the-role-of-metabolic-labs-in-modern-health-care/feed/ HTTP/1.1" 200 421 "-" "Mozilla/5.0 AppleWebKit/537.36 (KHTML, like Gecko; compatible; GPTBot/1.2; +https://openai.com/gptbot)"
196.251.71.124 - - [16/Apr/2025:22:17:17 -0400] "GET / HTTP/1.1" 200 12779 "-" "-"
196.251.71.124 - - [16/Apr/2025:22:17:17 -0400] "GET /wp-admin/install.php HTTP/1.1" 200 433 "-" "-"
198.54.114.83 - - [16/Apr/2025:22:17:21 -0400] "POST /wp-cron.php?doing_wp_cron=1744856239.2994649410247802734375 HTTP/1.1" 200 0 "-" "WordPress/6.8; https://fileluna.com"
196.251.71.124 - - [16/Apr/2025:22:17:22 -0400] "GET /wp-admin/setup-config.php HTTP/1.1" 409 1041 "-" "-"
192.99.13.69 - - [16/Apr/2025:22:17:25 -0400] "GET /robots.txt HTTP/1.1" 304 0 "-" "Mozilla/5.0 (compatible; MJ12bot/v1.4.8; http://mj12bot.com/)"
192.99.13.69 - - [16/Apr/2025:22:17:27 -0400] "GET /unraveling-the-veil-of-privacy-the-power-of-coinjoin-in-cryptocurrency-transactions/ HTTP/1.1" 200 12375 "-" "Mozilla/5.0 (compatible; MJ12bot/v1.4.8; http://mj12bot.com/)"
192.99.13.69 - - [16/Apr/2025:22:17:33 -0400] "GET /winsen-erheben-die-kunst-und-wirkung-achtsamer-reinigung/ HTTP/1.1" 200 12593 "-" "Mozilla/5.0 (compatible; MJ12bot/v1.4.8; http://mj12bot.com/)"
20.171.207.122 - - [16/Apr/2025:22:17:46 -0400] "GET /wp-json/oembed/1.0/embed?format=xml&url=https%3A%2F%2Ffileluna.com%2Feffiziente-wohnungsauflosung-in-luneburg%2F HTTP/1.1" 200 1102 "-" "Mozilla/5.0 AppleWebKit/537.36 (KHTML, like Gecko; compatible; GPTBot/1.2; +https://openai.com/gptbot)"
20.171.207.122 - - [16/Apr/2025:22:18:45 -0400] "GET /wp-json/oembed/1.0/embed?url=https%3A%2F%2Ffileluna.com%2Feffiziente-wohnungsauflosung-in-luneburg%2F HTTP/1.1" 200 2285 "-" "Mozilla/5.0 AppleWebKit/537.36 (KHTML, like Gecko; compatible; GPTBot/1.2; +https://openai.com/gptbot)"
198.54.114.83 - - [16/Apr/2025:22:18:47 -0400] "POST /wp-cron.php?doing_wp_cron=1744856325.8740038871765136718750 HTTP/1.1" 200 0 "-" "WordPress/6.8; https://fileluna.com"
20.171.207.122 - - [16/Apr/2025:22:19:19 -0400] "GET /wp-json/wp/v2/posts/1189 HTTP/1.1" 200 4374 "-" "Mozilla/5.0 AppleWebKit/537.36 (KHTML, like Gecko; compatible; GPTBot/1.2; +https://openai.com/gptbot)"
20.171.207.122 - - [16/Apr/2025:22:19:37 -0400] "GET /?p=1176 HTTP/1.1" 301 0 "-" "Mozilla/5.0 AppleWebKit/537.36 (KHTML, like Gecko; compatible; GPTBot/1.2; +https://openai.com/gptbot)"
85.215.162.226 - - [16/Apr/2025:22:20:05 -0400] "POST /wp-login.php HTTP/1.1" 200 1883 "-" "Mozilla/5.0"
85.215.162.226 - - [16/Apr/2025:22:20:05 -0400] "POST /wp-login.php HTTP/1.1" 200 1884 "-" "Mozilla/5.0"
198.54.114.83 - - [16/Apr/2025:22:20:09 -0400] "POST /wp-cron.php?doing_wp_cron=1744856405.8831601142883300781250 HTTP/1.1" 200 0 "-" "WordPress/6.8; https://fileluna.com"
198.54.114.83 - - [16/Apr/2025:22:20:09 -0400] "POST /wp-cron.php?doing_wp_cron=1744856405.8915600776672363281250 HTTP/1.1" 200 0 "-" "WordPress/6.8; https://fileluna.com"
20.171.207.122 - - [16/Apr/2025:22:20:13 -0400] "GET /wp-json/oembed/1.0/embed?url=https%3A%2F%2Ffileluna.com%2Fumzugsunternehmen-in-luneburg-ihre-perfekte-wahl%2F HTTP/1.1" 200 2313 "-" "Mozilla/5.0 AppleWebKit/537.36 (KHTML, like Gecko; compatible; GPTBot/1.2; +https://openai.com/gptbot)"
20.171.207.122 - - [16/Apr/2025:22:20:28 -0400] "GET /wp-json/wp/v2/posts/1176 HTTP/1.1" 200 4617 "-" "Mozilla/5.0 AppleWebKit/537.36 (KHTML, like Gecko; compatible; GPTBot/1.2; +https://openai.com/gptbot)"
20.171.207.122 - - [16/Apr/2025:22:20:58 -0400] "GET /?p=1189 HTTP/1.1" 301 0 "-" "Mozilla/5.0 AppleWebKit/537.36 (KHTML, like Gecko; compatible; GPTBot/1.2; +https://openai.com/gptbot)"
20.171.207.122 - - [16/Apr/2025:22:21:17 -0400] "GET /effiziente-wohnungsauflosung-in-luneburg/feed/ HTTP/1.1" 200 408 "-" "Mozilla/5.0 AppleWebKit/537.36 (KHTML, like Gecko; compatible; GPTBot/1.2; +https://openai.com/gptbot)"
198.54.114.83 - - [16/Apr/2025:22:21:19 -0400] "POST /wp-cron.php?doing_wp_cron=1744856478.0200068950653076171875 HTTP/1.1" 200 0 "-" "WordPress/6.8; https://fileluna.com"
216.244.66.246 - - [16/Apr/2025:22:21:28 -0400] "GET /robots.txt HTTP/1.1" 304 0 "-" "Mozilla/5.0 (compatible; DotBot/1.2; +https://opensiteexplorer.org/dotbot; help@moz.com)"
20.171.207.122 - - [16/Apr/2025:22:21:47 -0400] "GET /umzugsunternehmen-in-luneburg-ihre-perfekte-wahl/feed/ HTTP/1.1" 200 417 "-" "Mozilla/5.0 AppleWebKit/537.36 (KHTML, like Gecko; compatible; GPTBot/1.2; +https://openai.com/gptbot)"
198.54.114.83 - - [16/Apr/2025:22:30:47 -0400] "POST /wp-cron.php?doing_wp_cron=1744857046.4298219680786132812500 HTTP/1.1" 200 0 "-" "WordPress/6.8; https://fileluna.com"
198.54.114.83 - - [16/Apr/2025:22:30:47 -0400] "POST /wp-cron.php?doing_wp_cron=1744857046.4294440746307373046875 HTTP/1.1" 200 0 "-" "WordPress/6.8; https://fileluna.com"
85.215.162.226 - - [16/Apr/2025:22:30:43 -0400] "POST /wp-login.php HTTP/1.1" 200 1884 "-" "Mozilla/5.0"
85.215.162.226 - - [16/Apr/2025:22:30:43 -0400] "POST /wp-login.php HTTP/1.1" 200 1883 "-" "Mozilla/5.0"
198.54.114.83 - - [16/Apr/2025:22:30:49 -0400] "POST /wp-admin/admin-ajax.php?action=async_litespeed&nonce=sIvdUwzSo0J49xQr7hZXqBgPp71m2MTP&litespeed_type=imgoptm HTTP/1.1" 200 0 "-" "WordPress/6.8; https://fileluna.com"
85.215.162.226 - - [16/Apr/2025:22:41:13 -0400] "POST /wp-login.php HTTP/1.1" 200 1883 "-" "Mozilla/5.0"
198.54.114.83 - - [16/Apr/2025:22:41:17 -0400] "POST /wp-cron.php?doing_wp_cron=1744857676.5512208938598632812500 HTTP/1.1" 200 0 "-" "WordPress/6.8; https://fileluna.com"
85.215.162.226 - - [16/Apr/2025:22:41:13 -0400] "POST /wp-login.php HTTP/1.1" 200 1884 "-" "Mozilla/5.0"
20.171.207.122 - - [16/Apr/2025:22:43:52 -0400] "GET /ihr-umzugsprofi-in-luneburg/feed/ HTTP/1.1" 200 392 "-" "Mozilla/5.0 AppleWebKit/537.36 (KHTML, like Gecko; compatible; GPTBot/1.2; +https://openai.com/gptbot)"
198.54.114.83 - - [16/Apr/2025:22:43:57 -0400] "POST /wp-cron.php?doing_wp_cron=1744857836.0060620307922363281250 HTTP/1.1" 200 0 "-" "WordPress/6.8; https://fileluna.com"
2001:41d0:303:363::1 - - [16/Apr/2025:22:44:26 -0400] "GET /robots.txt HTTP/1.1" 304 0 "-" "Mozilla/5.0 (compatible; MJ12bot/v1.4.8; http://mj12bot.com/)"
2001:41d0:303:363::1 - - [16/Apr/2025:22:44:28 -0400] "GET /mastering-zhu-yuan-skill-priority-guide/ HTTP/1.1" 200 12130 "-" "Mozilla/5.0 (compatible; MJ12bot/v1.4.8; http://mj12bot.com/)"
20.171.207.122 - - [16/Apr/2025:22:44:31 -0400] "GET /gitarre-lernen-in-dusseldorf/feed/ HTTP/1.1" 200 391 "-" "Mozilla/5.0 AppleWebKit/537.36 (KHTML, like Gecko; compatible; GPTBot/1.2; +https://openai.com/gptbot)"
2001:41d0:303:363::1 - - [16/Apr/2025:22:44:34 -0400] "GET /the-benefits-of-tazorac-in-the-uk/ HTTP/1.1" 200 11923 "-" "Mozilla/5.0 (compatible; MJ12bot/v1.4.8; http://mj12bot.com/)"
2001:41d0:303:363::1 - - [16/Apr/2025:22:44:40 -0400] "GET /umzugsunternehmen-in-hamburg-ihr-zuverlassiger-partner-fur-den-umzug/ HTTP/1.1" 200 12053 "-" "Mozilla/5.0 (compatible; MJ12bot/v1.4.8; http://mj12bot.com/)"
20.171.207.122 - - [16/Apr/2025:22:45:07 -0400] "GET /umzugsunternehmen-in-luneburg/ HTTP/1.1" 200 12114 "-" "Mozilla/5.0 AppleWebKit/537.36 (KHTML, like Gecko; compatible; GPTBot/1.2; +https://openai.com/gptbot)"
198.54.114.83 - - [16/Apr/2025:22:45:10 -0400] "POST /wp-cron.php?doing_wp_cron=1744857908.0330739021301269531250 HTTP/1.1" 200 0 "-" "WordPress/6.8; https://fileluna.com"
20.171.207.122 - - [16/Apr/2025:22:45:43 -0400] "GET /feed/ HTTP/1.1" 200 10655 "-" "Mozilla/5.0 AppleWebKit/537.36 (KHTML, like Gecko; compatible; GPTBot/1.2; +https://openai.com/gptbot)"
20.171.207.122 - - [16/Apr/2025:22:46:19 -0400] "GET /wp-content/themes/newsphere/admin-dashboard/dist/newsphere_scripts.build.js?ver=6.8 HTTP/1.1" 200 2608 "-" "Mozilla/5.0 AppleWebKit/537.36 (KHTML, like Gecko; compatible; GPTBot/1.2; +https://openai.com/gptbot)"
20.171.207.122 - - [16/Apr/2025:22:46:48 -0400] "GET /wp-content/themes/newsphere/assets/swiper/js/swiper-bundle.min.js?ver=6.8 HTTP/1.1" 200 40436 "-" "Mozilla/5.0 AppleWebKit/537.36 (KHTML, like Gecko; compatible; GPTBot/1.2; +https://openai.com/gptbot)"
20.171.207.122 - - [16/Apr/2025:22:51:01 -0400] "GET /wp-content/themes/newsphere/assets/marquee/jquery.marquee.js?ver=6.8 HTTP/1.1" 200 4255 "-" "Mozilla/5.0 AppleWebKit/537.36 (KHTML, like Gecko; compatible; GPTBot/1.2; +https://openai.com/gptbot)"
20.171.207.122 - - [16/Apr/2025:22:51:32 -0400] "GET /wp-content/themes/newsphere/assets/magnific-popup/jquery.magnific-popup.min.js?ver=6.8 HTTP/1.1" 200 7047 "-" "Mozilla/5.0 AppleWebKit/537.36 (KHTML, like Gecko; compatible; GPTBot/1.2; +https://openai.com/gptbot)"
198.54.114.83 - - [16/Apr/2025:22:52:00 -0400] "POST /wp-cron.php?doing_wp_cron=1744858320.3024919033050537109375 HTTP/1.1" 200 0 "-" "WordPress/6.8; https://fileluna.com"
198.54.114.83 - - [16/Apr/2025:22:52:00 -0400] "POST /wp-cron.php?doing_wp_cron=1744858320.2970180511474609375000 HTTP/1.1" 200 0 "-" "WordPress/6.8; https://fileluna.com"
85.215.162.226 - - [16/Apr/2025:22:51:54 -0400] "POST /wp-login.php HTTP/1.1" 200 1883 "-" "Mozilla/5.0"
85.215.162.226 - - [16/Apr/2025:22:51:54 -0400] "POST /wp-login.php HTTP/1.1" 200 1884 "-" "Mozilla/5.0"
20.171.207.122 - - [16/Apr/2025:22:52:03 -0400] "GET /wp-content/themes/newsphere/assets/sidr/js/jquery.sidr.min.js?ver=6.8 HTTP/1.1" 200 2937 "-" "Mozilla/5.0 AppleWebKit/537.36 (KHTML, like Gecko; compatible; GPTBot/1.2; +https://openai.com/gptbot)"
198.54.114.83 - - [16/Apr/2025:22:52:05 -0400] "POST /wp-admin/admin-ajax.php?action=async_litespeed&nonce=f46zIpuJVxz9tzTDK1jQauu5VwjZDsU4&litespeed_type=imgoptm HTTP/1.1" 200 0 "-" "WordPress/6.8; https://fileluna.com"
20.171.207.122 - - [16/Apr/2025:22:52:34 -0400] "GET /wp-content/themes/newsphere/assets/bootstrap/js/bootstrap.min.js?ver=6.8 HTTP/1.1" 200 14736 "-" "Mozilla/5.0 AppleWebKit/537.36 (KHTML, like Gecko; compatible; GPTBot/1.2; +https://openai.com/gptbot)"
20.171.207.122 - - [16/Apr/2025:22:53:07 -0400] "GET /wp-json/ HTTP/1.1" 200 189049 "-" "Mozilla/5.0 AppleWebKit/537.36 (KHTML, like Gecko; compatible; GPTBot/1.2; +https://openai.com/gptbot)"
198.54.114.83 - - [16/Apr/2025:22:53:09 -0400] "POST /wp-cron.php?doing_wp_cron=1744858387.9108150005340576171875 HTTP/1.1" 200 0 "-" "WordPress/6.8; https://fileluna.com"
20.171.207.122 - - [16/Apr/2025:22:53:39 -0400] "GET /wp-json/wp/v2/posts/1198 HTTP/1.1" 200 4845 "-" "Mozilla/5.0 AppleWebKit/537.36 (KHTML, like Gecko; compatible; GPTBot/1.2; +https://openai.com/gptbot)"
196.251.72.46 - - [16/Apr/2025:23:00:08 -0400] "GET / HTTP/1.1" 200 12779 "-" "Mozlila/5.0 (Linux; Android 7.0; SM-G892A Bulid/NRD90M; wv) AppleWebKit/537.36 (KHTML, like Gecko) Version/4.0 Chrome/60.0.3112.107 Moblie Safari/537.36"
196.251.72.46 - - [16/Apr/2025:23:00:08 -0400] "POST /wp-plain.php HTTP/1.1" 200 0 "www.google.com" "Mozilla/5.0 (Linux; Android 7.0; SM-G892A Bulid/NRD90M; wv) AppleWebKit/537.36 (KHTML, like Gecko) Version/4.0 Chrome/60.0.3112.107 Moblie Safari/537.36"
196.251.72.46 - - [16/Apr/2025:23:00:08 -0400] "GET /wp-content/plugins/fix/up.php HTTP/1.1" 200 0 "-" "Mozilla/5.0 (Windows NT 10.0; Win64; x64) AppleWebKit/537.36 (KHTML, like Gecko) Chrome/85.0.4183.102 Safari/537.36"
196.251.72.46 - - [16/Apr/2025:23:00:08 -0400] "GET /wp-content/themes/seotheme/db.php?u HTTP/1.1" 200 0 "www.google.com" "Mozlila/5.0 (Linux; Android 7.0; SM-G892A Bulid/NRD90M; wv) AppleWebKit/537.36 (KHTML, like Gecko) Version/4.0 Chrome/60.0.3112.107 Moblie Safari/537.36"
196.251.72.46 - - [16/Apr/2025:23:00:08 -0400] "POST /ALFA_DATA/alfacgiapi/perl.alfa HTTP/1.1" 404 8903 "www.google.com" "Mozlila/5.0 (Linux; Android 7.0; SM-G892A Bulid/NRD90M; wv) AppleWebKit/537.36 (KHTML, like Gecko) Version/4.0 Chrome/60.0.3112.107 Moblie Safari/537.36"
196.251.72.46 - - [16/Apr/2025:23:00:10 -0400] "GET /wp-content/plugins/apikey/apikey.php?test=hello HTTP/1.1" 404 8954 "-" "Mozlila/5.0 (Linux; Android 7.0; SM-G892A Bulid/NRD90M; wv) AppleWebKit/537.36 (KHTML, like Gecko) Version/4.0 Chrome/60.0.3112.107 Moblie Safari/537.36"
198.54.114.83 - - [16/Apr/2025:23:00:16 -0400] "POST /wp-cron.php?doing_wp_cron=1744858813.4444499015808105468750 HTTP/1.1" 200 0 "-" "WordPress/6.8; https://fileluna.com"
198.54.114.83 - - [16/Apr/2025:23:00:16 -0400] "POST /wp-cron.php?doing_wp_cron=1744858813.4413919448852539062500 HTTP/1.1" 200 0 "-" "WordPress/6.8; https://fileluna.com"
198.54.114.83 - - [16/Apr/2025:23:00:16 -0400] "POST /wp-cron.php?doing_wp_cron=1744858813.4446909427642822265625 HTTP/1.1" 200 0 "-" "WordPress/6.8; https://fileluna.com"
198.54.114.83 - - [16/Apr/2025:23:00:16 -0400] "POST /wp-cron.php?doing_wp_cron=1744858813.4656910896301269531250 HTTP/1.1" 200 0 "-" "WordPress/6.8; https://fileluna.com"
198.54.114.83 - - [16/Apr/2025:23:00:16 -0400] "POST /wp-cron.php?doing_wp_cron=1744858813.4665830135345458984375 HTTP/1.1" 200 0 "-" "WordPress/6.8; https://fileluna.com"
196.251.72.46 - - [16/Apr/2025:23:00:16 -0400] "GET /wp-content/plugins/fix/up.php HTTP/1.1" 404 8954 "-" "Mozilla/5.0 (Windows NT 10.0; Win64; x64) AppleWebKit/537.36 (KHTML, like Gecko) Chrome/85.0.4183.102 Safari/537.36"
196.251.72.46 - - [16/Apr/2025:23:00:17 -0400] "GET /plugins/content/apismtp/apismtp.php?test=hello HTTP/1.1" 404 8954 "-" "Mozlila/5.0 (Linux; Android 7.0; SM-G892A Bulid/NRD90M; wv) AppleWebKit/537.36 (KHTML, like Gecko) Version/4.0 Chrome/60.0.3112.107 Moblie Safari/537.36"
196.251.72.46 - - [16/Apr/2025:23:00:17 -0400] "GET /wp-content/themes/seotheme/db.php?u HTTP/1.1" 404 8954 "www.google.com" "Mozlila/5.0 (Linux; Android 7.0; SM-G892A Bulid/NRD90M; wv) AppleWebKit/537.36 (KHTML, like Gecko) Version/4.0 Chrome/60.0.3112.107 Moblie Safari/537.36"
196.251.72.46 - - [16/Apr/2025:23:00:20 -0400] "POST /alfacgiapi/perl.alfa HTTP/1.1" 404 8903 "www.google.com" "Mozlila/5.0 (Linux; Android 7.0; SM-G892A Bulid/NRD90M; wv) AppleWebKit/537.36 (KHTML, like Gecko) Version/4.0 Chrome/60.0.3112.107 Moblie Safari/537.36"
196.251.72.46 - - [16/Apr/2025:23:00:21 -0400] "GET /wp-content/themes/seotheme/db.php?u HTTP/1.1" 404 8954 "www.google.com" "Mozlila/5.0 (Linux; Android 7.0; SM-G892A Bulid/NRD90M; wv) AppleWebKit/537.36 (KHTML, like Gecko) Version/4.0 Chrome/60.0.3112.107 Moblie Safari/537.36"
196.251.72.46 - - [16/Apr/2025:23:00:21 -0400] "GET /wp-content/plugins/apikey/apikey.php.suspected?test=hello HTTP/1.1" 404 8954 "-" "Mozlila/5.0 (Linux; Android 7.0; SM-G892A Bulid/NRD90M; wv) AppleWebKit/537.36 (KHTML, like Gecko) Version/4.0 Chrome/60.0.3112.107 Moblie Safari/537.36"
196.251.72.46 - - [16/Apr/2025:23:00:25 -0400] "GET /plugins/content/apismtp/apismtp.php.suspected?test=hello HTTP/1.1" 404 8954 "-" "Mozlila/5.0 (Linux; Android 7.0; SM-G892A Bulid/NRD90M; wv) AppleWebKit/537.36 (KHTML, like Gecko) Version/4.0 Chrome/60.0.3112.107 Moblie Safari/537.36"
85.215.162.226 - - [16/Apr/2025:23:02:25 -0400] "POST /wp-login.php HTTP/1.1" 200 1884 "-" "Mozilla/5.0"
85.215.162.226 - - [16/Apr/2025:23:02:25 -0400] "POST /wp-login.php HTTP/1.1" 200 1883 "-" "Mozilla/5.0"
198.54.114.83 - - [16/Apr/2025:23:02:30 -0400] "POST /wp-cron.php?doing_wp_cron=1744858948.8611791133880615234375 HTTP/1.1" 200 0 "-" "WordPress/6.8; https://fileluna.com"
198.54.114.83 - - [16/Apr/2025:23:02:30 -0400] "POST /wp-cron.php?doing_wp_cron=1744858948.8608798980712890625000 HTTP/1.1" 200 0 "-" "WordPress/6.8; https://fileluna.com"
109.236.93.77 - - [16/Apr/2025:23:04:19 -0400] "GET / HTTP/1.1" 200 12779 "-" "Mozilla/5.0 (Windows NT 10.0; Win64; x64) AppleWebKit/537.36 (KHTML, like Gecko) Chrome/118.0.0.0 Safari/537.36"
216.244.66.246 - - [16/Apr/2025:23:05:28 -0400] "GET /robots.txt HTTP/1.1" 304 0 "-" "Mozilla/5.0 (compatible; DotBot/1.2; +https://opensiteexplorer.org/dotbot; help@moz.com)"
85.215.162.226 - - [16/Apr/2025:23:12:50 -0400] "POST /wp-login.php HTTP/1.1" 200 1883 "-" "Mozilla/5.0"
85.215.162.226 - - [16/Apr/2025:23:12:50 -0400] "POST /wp-login.php HTTP/1.1" 200 1884 "-" "Mozilla/5.0"
198.54.114.83 - - [16/Apr/2025:23:12:55 -0400] "POST /wp-cron.php?doing_wp_cron=1744859573.5835850238800048828125 HTTP/1.1" 200 0 "-" "WordPress/6.8; https://fileluna.com"
198.54.114.83 - - [16/Apr/2025:23:12:55 -0400] "POST /wp-cron.php?doing_wp_cron=1744859573.5820600986480712890625 HTTP/1.1" 200 0 "-" "WordPress/6.8; https://fileluna.com"
20.171.207.122 - - [16/Apr/2025:23:15:08 -0400] "GET /page/3/ HTTP/1.1" 200 13100 "-" "Mozilla/5.0 AppleWebKit/537.36 (KHTML, like Gecko; compatible; GPTBot/1.2; +https://openai.com/gptbot)"
198.54.114.83 - - [16/Apr/2025:23:15:16 -0400] "POST /wp-cron.php?doing_wp_cron=1744859712.4353399276733398437500 HTTP/1.1" 200 0 "-" "WordPress/6.8; https://fileluna.com"
20.171.207.122 - - [16/Apr/2025:23:16:06 -0400] "GET /page/4/ HTTP/1.1" 200 13194 "-" "Mozilla/5.0 AppleWebKit/537.36 (KHTML, like Gecko; compatible; GPTBot/1.2; +https://openai.com/gptbot)"
198.54.114.83 - - [16/Apr/2025:23:17:06 -0400] "POST /wp-cron.php?doing_wp_cron=1744859825.5168969631195068359375 HTTP/1.1" 200 0 "-" "WordPress/6.8; https://fileluna.com"
20.171.207.122 - - [16/Apr/2025:23:17:05 -0400] "GET /page/2/ HTTP/1.1" 200 12966 "-" "Mozilla/5.0 AppleWebKit/537.36 (KHTML, like Gecko; compatible; GPTBot/1.2; +https://openai.com/gptbot)"
198.54.114.83 - - [16/Apr/2025:23:17:08 -0400] "POST /wp-admin/admin-ajax.php?action=async_litespeed&nonce=iCTjgBnO5hgfqsAAPt36wByQc3Aff5tv&litespeed_type=imgoptm HTTP/1.1" 200 0 "-" "WordPress/6.8; https://fileluna.com"
198.54.114.83 - - [16/Apr/2025:23:17:57 -0400] "POST /wp-cron.php?doing_wp_cron=1744859877.0995080471038818359375 HTTP/1.1" 200 0 "-" "WordPress/6.8; https://fileluna.com"
216.244.66.246 - - [16/Apr/2025:23:17:56 -0400] "GET /redonnez-vie-a-votre-salle-de-bain-guide-de-renovation/ HTTP/1.1" 200 12330 "-" "Mozilla/5.0 (compatible; DotBot/1.2; +https://opensiteexplorer.org/dotbot; help@moz.com)"
20.171.207.122 - - [16/Apr/2025:23:17:58 -0400] "GET /wp-includes/js/jquery/jquery.min.js?ver=3.7.1 HTTP/1.1" 200 29744 "-" "Mozilla/5.0 AppleWebKit/537.36 (KHTML, like Gecko; compatible; GPTBot/1.2; +https://openai.com/gptbot)"
198.54.114.83 - - [16/Apr/2025:23:17:59 -0400] "POST /wp-admin/admin-ajax.php?action=async_litespeed&nonce=PB9b699TeRGWaRg4pj2h22z0rO49HZ8V&litespeed_type=imgoptm HTTP/1.1" 200 0 "-" "WordPress/6.8; https://fileluna.com"
20.171.207.122 - - [16/Apr/2025:23:18:11 -0400] "GET /wp-includes/js/jquery/jquery-migrate.min.js?ver=3.4.1 HTTP/1.1" 200 4678 "-" "Mozilla/5.0 AppleWebKit/537.36 (KHTML, like Gecko; compatible; GPTBot/1.2; +https://openai.com/gptbot)"
20.171.207.122 - - [16/Apr/2025:23:18:34 -0400] "GET /wp-includes/js/comment-reply.min.js?ver=6.8 HTTP/1.1" 200 1247 "-" "Mozilla/5.0 AppleWebKit/537.36 (KHTML, like Gecko; compatible; GPTBot/1.2; +https://openai.com/gptbot)"
20.171.207.122 - - [16/Apr/2025:23:18:45 -0400] "GET /wp-content/themes/newsphere/js/navigation.js?ver=20151215 HTTP/1.1" 200 953 "-" "Mozilla/5.0 AppleWebKit/537.36 (KHTML, like Gecko; compatible; GPTBot/1.2; +https://openai.com/gptbot)"
20.171.207.122 - - [16/Apr/2025:23:18:56 -0400] "GET /wp-content/themes/newsphere/js/skip-link-focus-fix.js?ver=20151215 HTTP/1.1" 200 332 "-" "Mozilla/5.0 AppleWebKit/537.36 (KHTML, like Gecko; compatible; GPTBot/1.2; +https://openai.com/gptbot)"
198.54.114.83 - - [16/Apr/2025:23:22:53 -0400] "POST /wp-cron.php?doing_wp_cron=1744860172.0123770236968994140625 HTTP/1.1" 200 0 "-" "WordPress/6.8; https://fileluna.com"
114.119.132.163 - - [16/Apr/2025:23:22:47 -0400] "GET /author/admin/page/17/ HTTP/1.1" 200 11591 "https://fileluna.com/author/admin/page/15/" "Mozilla/5.0 (Linux; Android 7.0;) AppleWebKit/537.36 (KHTML, like Gecko) Mobile Safari/537.36 (compatible; PetalBot;+https://webmaster.petalsearch.com/site/petalbot)"
85.215.162.226 - - [16/Apr/2025:23:23:06 -0400] "POST /wp-login.php HTTP/1.1" 200 1884 "-" "Mozilla/5.0"
85.215.162.226 - - [16/Apr/2025:23:23:06 -0400] "POST /wp-login.php HTTP/1.1" 200 1883 "-" "Mozilla/5.0"
198.54.114.83 - - [16/Apr/2025:23:33:38 -0400] "POST /wp-cron.php?doing_wp_cron=1744860817.6968500614166259765625 HTTP/1.1" 200 0 "-" "WordPress/6.8; https://fileluna.com"
198.54.114.83 - - [16/Apr/2025:23:33:38 -0400] "POST /wp-cron.php?doing_wp_cron=1744860817.6985700130462646484375 HTTP/1.1" 200 0 "-" "WordPress/6.8; https://fileluna.com"
85.215.162.226 - - [16/Apr/2025:23:33:33 -0400] "POST /wp-login.php HTTP/1.1" 200 1884 "-" "Mozilla/5.0"
85.215.162.226 - - [16/Apr/2025:23:33:33 -0400] "POST /wp-login.php HTTP/1.1" 200 1883 "-" "Mozilla/5.0"
198.54.114.83 - - [16/Apr/2025:23:33:40 -0400] "POST /wp-admin/admin-ajax.php?action=async_litespeed&nonce=ip16GAUWPKXOugyYe1jRRKUpJRAt12ro&litespeed_type=imgoptm HTTP/1.1" 200 0 "-" "WordPress/6.8; https://fileluna.com"
198.54.114.83 - - [16/Apr/2025:23:39:29 -0400] "POST /wp-cron.php?doing_wp_cron=1744861167.8931128978729248046875 HTTP/1.1" 200 0 "-" "WordPress/6.8; https://fileluna.com"
114.119.137.80 - - [16/Apr/2025:23:39:24 -0400] "GET /streamlining-warehouse-operations-with-order-picker-rental/ HTTP/1.1" 200 11964 "https://fileluna.com/category/arts-entertainments/page/46/" "Mozilla/5.0 (Linux; Android 7.0;) AppleWebKit/537.36 (KHTML, like Gecko) Mobile Safari/537.36 (compatible; PetalBot;+https://webmaster.petalsearch.com/site/petalbot)"
20.171.207.122 - - [16/Apr/2025:23:40:02 -0400] "GET /der-gitarre-fur-anfanger-und-fortgeschrittene/ HTTP/1.1" 200 12215 "-" "Mozilla/5.0 AppleWebKit/537.36 (KHTML, like Gecko; compatible; GPTBot/1.2; +https://openai.com/gptbot)"
20.171.207.122 - - [16/Apr/2025:23:40:47 -0400] "GET /elevate-your-homes-functionality-and-comfort/ HTTP/1.1" 200 11990 "-" "Mozilla/5.0 AppleWebKit/537.36 (KHTML, like Gecko; compatible; GPTBot/1.2; +https://openai.com/gptbot)"
198.54.114.83 - - [16/Apr/2025:23:40:49 -0400] "POST /wp-cron.php?doing_wp_cron=1744861247.7107439041137695312500 HTTP/1.1" 200 0 "-" "WordPress/6.8; https://fileluna.com"
114.119.132.163 - - [16/Apr/2025:23:41:03 -0400] "GET /der-beste-gitarrenlehrer-in-essen-eine-klangvolle-reise-durch-die-welt-der-musik/ HTTP/1.1" 200 11969 "https://fileluna.com/navigating-the-concept-of-best-price/" "Mozilla/5.0 (Linux; Android 7.0;) AppleWebKit/537.36 (KHTML, like Gecko) Mobile Safari/537.36 (compatible; PetalBot;+https://webmaster.petalsearch.com/site/petalbot)"
20.171.207.122 - - [16/Apr/2025:23:41:07 -0400] "GET /effective-solutions-for-forward-head-posture/ HTTP/1.1" 200 12017 "-" "Mozilla/5.0 AppleWebKit/537.36 (KHTML, like Gecko; compatible; GPTBot/1.2; +https://openai.com/gptbot)"
20.171.207.122 - - [16/Apr/2025:23:41:08 -0400] "GET /gitarre-spielen-lernen-schritt-fur-schritt/ HTTP/1.1" 200 12169 "-" "Mozilla/5.0 AppleWebKit/537.36 (KHTML, like Gecko; compatible; GPTBot/1.2; +https://openai.com/gptbot)"
20.171.207.122 - - [16/Apr/2025:23:41:32 -0400] "GET /essential-benefits-of-business-trip-massage/ HTTP/1.1" 200 12479 "-" "Mozilla/5.0 AppleWebKit/537.36 (KHTML, like Gecko; compatible; GPTBot/1.2; +https://openai.com/gptbot)"
198.54.114.83 - - [16/Apr/2025:23:41:56 -0400] "POST /wp-cron.php?doing_wp_cron=1744861315.8514080047607421875000 HTTP/1.1" 200 0 "-" "WordPress/6.8; https://fileluna.com"
20.171.207.122 - - [16/Apr/2025:23:41:55 -0400] "GET /the-blissful-escape-of-spa-massage-therapy/ HTTP/1.1" 200 12169 "-" "Mozilla/5.0 AppleWebKit/537.36 (KHTML, like Gecko; compatible; GPTBot/1.2; +https://openai.com/gptbot)"
198.54.114.83 - - [16/Apr/2025:23:41:58 -0400] "POST /wp-admin/admin-ajax.php?action=async_litespeed&nonce=wB74dITyGvEZ5WUwlNnwgKxHQld7IxWH&litespeed_type=imgoptm HTTP/1.1" 200 0 "-" "WordPress/6.8; https://fileluna.com"
85.215.162.226 - - [16/Apr/2025:23:44:02 -0400] "POST /wp-login.php HTTP/1.1" 200 1883 "-" "Mozilla/5.0"
85.215.162.226 - - [16/Apr/2025:23:44:02 -0400] "POST /wp-login.php HTTP/1.1" 200 1884 "-" "Mozilla/5.0"
198.54.114.83 - - [16/Apr/2025:23:44:07 -0400] "POST /wp-cron.php?doing_wp_cron=1744861445.8515450954437255859375 HTTP/1.1" 200 0 "-" "WordPress/6.8; https://fileluna.com"
198.54.114.83 - - [16/Apr/2025:23:46:15 -0400] "POST /wp-cron.php?doing_wp_cron=1744861574.0654540061950683593750 HTTP/1.1" 200 0 "-" "WordPress/6.8; https://fileluna.com"
20.171.207.122 - - [16/Apr/2025:23:46:09 -0400] "GET /?p=1139 HTTP/1.1" 301 0 "-" "Mozilla/5.0 AppleWebKit/537.36 (KHTML, like Gecko; compatible; GPTBot/1.2; +https://openai.com/gptbot)"
20.171.207.122 - - [16/Apr/2025:23:46:37 -0400] "GET /?p=1205 HTTP/1.1" 301 0 "-" "Mozilla/5.0 AppleWebKit/537.36 (KHTML, like Gecko; compatible; GPTBot/1.2; +https://openai.com/gptbot)"
20.171.207.122 - - [16/Apr/2025:23:47:00 -0400] "GET /?p=1160 HTTP/1.1" 301 0 "-" "Mozilla/5.0 AppleWebKit/537.36 (KHTML, like Gecko; compatible; GPTBot/1.2; +https://openai.com/gptbot)"
198.54.114.83 - - [16/Apr/2025:23:47:26 -0400] "POST /wp-cron.php?doing_wp_cron=1744861645.7562279701232910156250 HTTP/1.1" 200 0 "-" "WordPress/6.8; https://fileluna.com"
20.171.207.122 - - [16/Apr/2025:23:47:23 -0400] "GET /?p=1101 HTTP/1.1" 301 0 "-" "Mozilla/5.0 AppleWebKit/537.36 (KHTML, like Gecko; compatible; GPTBot/1.2; +https://openai.com/gptbot)"
198.54.114.83 - - [16/Apr/2025:23:47:31 -0400] "POST /wp-admin/admin-ajax.php?action=async_litespeed&nonce=Tfm8yjNbTFjkn3a6mej5wCoGpnwaM1Wx&litespeed_type=imgoptm HTTP/1.1" 200 0 "-" "WordPress/6.8; https://fileluna.com"
20.171.207.122 - - [16/Apr/2025:23:47:49 -0400] "GET /modern-solutions-for-bathroom-renovations-in-the-western-suburbs-of-melbourne/ HTTP/1.1" 200 12304 "-" "Mozilla/5.0 AppleWebKit/537.36 (KHTML, like Gecko; compatible; GPTBot/1.2; +https://openai.com/gptbot)"
20.171.207.122 - - [16/Apr/2025:23:48:12 -0400] "GET /?p=1111 HTTP/1.1" 301 0 "-" "Mozilla/5.0 AppleWebKit/537.36 (KHTML, like Gecko; compatible; GPTBot/1.2; +https://openai.com/gptbot)"
20.171.207.122 - - [16/Apr/2025:23:48:34 -0400] "GET /the-ultimate-business-trip-massage-experience-for-success/ HTTP/1.1" 200 12479 "-" "Mozilla/5.0 AppleWebKit/537.36 (KHTML, like Gecko; compatible; GPTBot/1.2; +https://openai.com/gptbot)"
198.54.114.83 - - [16/Apr/2025:23:48:37 -0400] "POST /wp-cron.php?doing_wp_cron=1744861714.9898910522460937500000 HTTP/1.1" 200 0 "-" "WordPress/6.8; https://fileluna.com"
20.171.207.122 - - [16/Apr/2025:23:48:59 -0400] "GET /the-rise-of-airbnb-in-the-modern-travel-era/ HTTP/1.1" 200 12523 "-" "Mozilla/5.0 AppleWebKit/537.36 (KHTML, like Gecko; compatible; GPTBot/1.2; +https://openai.com/gptbot)"
20.171.207.122 - - [16/Apr/2025:23:49:19 -0400] "GET /relaxation-after-long-workdays-on-a-business-trip/ HTTP/1.1" 200 12495 "-" "Mozilla/5.0 AppleWebKit/537.36 (KHTML, like Gecko; compatible; GPTBot/1.2; +https://openai.com/gptbot)"
216.244.66.246 - - [16/Apr/2025:23:50:39 -0400] "GET /robots.txt HTTP/1.1" 304 0 "-" "Mozilla/5.0 (compatible; DotBot/1.2; +https://opensiteexplorer.org/dotbot; help@moz.com)"
198.54.114.83 - - [16/Apr/2025:23:51:40 -0400] "POST /wp-cron.php?doing_wp_cron=1744861898.8794779777526855468750 HTTP/1.1" 200 0 "-" "WordPress/6.8; https://fileluna.com"
20.171.207.122 - - [16/Apr/2025:23:51:35 -0400] "GET /the-blissful-escape-of-spa-massage-therapy/feed/ HTTP/1.1" 200 407 "-" "Mozilla/5.0 AppleWebKit/537.36 (KHTML, like Gecko; compatible; GPTBot/1.2; +https://openai.com/gptbot)"
20.171.207.122 - - [16/Apr/2025:23:52:02 -0400] "GET /?p=1107 HTTP/1.1" 301 0 "-" "Mozilla/5.0 AppleWebKit/537.36 (KHTML, like Gecko; compatible; GPTBot/1.2; +https://openai.com/gptbot)"
20.171.207.122 - - [16/Apr/2025:23:52:24 -0400] "GET /seamless-communication-with-virtual-answering-services/ HTTP/1.1" 200 12029 "-" "Mozilla/5.0 AppleWebKit/537.36 (KHTML, like Gecko; compatible; GPTBot/1.2; +https://openai.com/gptbot)"
198.54.114.83 - - [16/Apr/2025:23:52:48 -0400] "POST /wp-cron.php?doing_wp_cron=1744861966.7217049598693847656250 HTTP/1.1" 200 0 "-" "WordPress/6.8; https://fileluna.com"
20.171.207.122 - - [16/Apr/2025:23:52:46 -0400] "GET /umzugsunternehmen-hamburg-fur-einen-reibungslosen-umzug/ HTTP/1.1" 200 12401 "-" "Mozilla/5.0 AppleWebKit/537.36 (KHTML, like Gecko; compatible; GPTBot/1.2; +https://openai.com/gptbot)"
198.54.114.83 - - [16/Apr/2025:23:54:26 -0400] "POST /wp-cron.php?doing_wp_cron=1744862064.7698490619659423828125 HTTP/1.1" 200 0 "-" "WordPress/6.8; https://fileluna.com"
85.215.162.226 - - [16/Apr/2025:23:54:21 -0400] "POST /wp-login.php HTTP/1.1" 200 1884 "-" "Mozilla/5.0"
85.215.162.226 - - [16/Apr/2025:23:54:21 -0400] "POST /wp-login.php HTTP/1.1" 200 1883 "-" "Mozilla/5.0"
198.54.114.83 - - [16/Apr/2025:23:54:26 -0400] "POST /wp-cron.php?doing_wp_cron=1744862064.7693140506744384765625 HTTP/1.1" 200 0 "-" "WordPress/6.8; https://fileluna.com"
20.171.207.122 - - [16/Apr/2025:23:56:58 -0400] "GET /?p=1103 HTTP/1.1" 301 0 "-" "Mozilla/5.0 AppleWebKit/537.36 (KHTML, like Gecko; compatible; GPTBot/1.2; +https://openai.com/gptbot)"
198.54.114.83 - - [16/Apr/2025:23:57:03 -0400] "POST /wp-cron.php?doing_wp_cron=1744862222.3388850688934326171875 HTTP/1.1" 200 0 "-" "WordPress/6.8; https://fileluna.com"
20.171.207.122 - - [16/Apr/2025:23:57:23 -0400] "GET /?p=1164 HTTP/1.1" 301 0 "-" "Mozilla/5.0 AppleWebKit/537.36 (KHTML, like Gecko; compatible; GPTBot/1.2; +https://openai.com/gptbot)"
20.171.207.122 - - [16/Apr/2025:23:57:43 -0400] "GET /?p=1109 HTTP/1.1" 301 0 "-" "Mozilla/5.0 AppleWebKit/537.36 (KHTML, like Gecko; compatible; GPTBot/1.2; +https://openai.com/gptbot)"
20.171.207.122 - - [16/Apr/2025:23:58:05 -0400] "GET /?p=1196 HTTP/1.1" 301 0 "-" "Mozilla/5.0 AppleWebKit/537.36 (KHTML, like Gecko; compatible; GPTBot/1.2; +https://openai.com/gptbot)"
198.54.114.83 - - [16/Apr/2025:23:58:07 -0400] "POST /wp-cron.php?doing_wp_cron=1744862285.4875159263610839843750 HTTP/1.1" 200 0 "-" "WordPress/6.8; https://fileluna.com"
20.171.207.122 - - [16/Apr/2025:23:58:26 -0400] "GET /?p=920 HTTP/1.1" 301 0 "-" "Mozilla/5.0 AppleWebKit/537.36 (KHTML, like Gecko; compatible; GPTBot/1.2; +https://openai.com/gptbot)"
20.171.207.122 - - [16/Apr/2025:23:58:47 -0400] "GET /modern-solutions-for-bathroom-renovations-in-the-western-suburbs-of-melbourne/feed/ HTTP/1.1" 200 440 "-" "Mozilla/5.0 AppleWebKit/537.36 (KHTML, like Gecko; compatible; GPTBot/1.2; +https://openai.com/gptbot)"
198.54.114.83 - - [16/Apr/2025:23:59:10 -0400] "POST /wp-cron.php?doing_wp_cron=1744862348.7726149559020996093750 HTTP/1.1" 200 0 "-" "WordPress/6.8; https://fileluna.com"
20.171.207.122 - - [16/Apr/2025:23:59:08 -0400] "GET /the-ultimate-business-trip-massage-experience-for-success/feed/ HTTP/1.1" 200 419 "-" "Mozilla/5.0 AppleWebKit/537.36 (KHTML, like Gecko; compatible; GPTBot/1.2; +https://openai.com/gptbot)"
20.171.207.122 - - [16/Apr/2025:23:59:30 -0400] "GET /innovations-in-metabolic-labs-for-personalized-health-solutions/ HTTP/1.1" 200 12666 "-" "Mozilla/5.0 AppleWebKit/537.36 (KHTML, like Gecko; compatible; GPTBot/1.2; +https://openai.com/gptbot)"
20.171.207.122 - - [16/Apr/2025:23:59:52 -0400] "GET /relaxation-after-long-workdays-on-a-business-trip/feed/ HTTP/1.1" 200 409 "-" "Mozilla/5.0 AppleWebKit/537.36 (KHTML, like Gecko; compatible; GPTBot/1.2; +https://openai.com/gptbot)"
85.215.162.226 - - [17/Apr/2025:00:04:51 -0400] "POST /wp-login.php HTTP/1.1" 200 1883 "-" "Mozilla/5.0"
85.215.162.226 - - [17/Apr/2025:00:04:51 -0400] "POST /wp-login.php HTTP/1.1" 200 1884 "-" "Mozilla/5.0"
198.54.114.83 - - [17/Apr/2025:00:04:55 -0400] "POST /wp-cron.php?doing_wp_cron=1744862693.1081790924072265625000 HTTP/1.1" 200 0 "-" "WordPress/6.8; https://fileluna.com"
198.54.114.83 - - [17/Apr/2025:00:04:55 -0400] "POST /wp-cron.php?doing_wp_cron=1744862693.1247689723968505859375 HTTP/1.1" 200 0 "-" "WordPress/6.8; https://fileluna.com"
135.119.140.245 - - [17/Apr/2025:00:06:51 -0400] "HEAD /wordpress HTTP/1.1" 404 0 "http://fileluna.com/wordpress" "Mozilla/5.0 (Windows NT 10.0; Win64; x64) AppleWebKit/537.36 (KHTML, like Gecko) Chrome/74.0.3729.169 Safari/537.36"
198.54.114.83 - - [17/Apr/2025:00:06:57 -0400] "POST /wp-cron.php?doing_wp_cron=1744862815.8365900516510009765625 HTTP/1.1" 200 0 "-" "WordPress/6.8; https://fileluna.com"
135.119.140.245 - - [17/Apr/2025:00:06:58 -0400] "HEAD / HTTP/1.1" 200 0 "http://fileluna.com/" "Mozilla/5.0 (Windows NT 10.0; Win64; x64) AppleWebKit/537.36 (KHTML, like Gecko) Chrome/74.0.3729.169 Safari/537.36"
135.119.140.245 - - [17/Apr/2025:00:07:00 -0400] "HEAD /wp HTTP/1.1" 404 0 "http://fileluna.com/wp" "Mozilla/5.0 (Windows NT 10.0; Win64; x64) AppleWebKit/537.36 (KHTML, like Gecko) Chrome/74.0.3729.169 Safari/537.36"
135.119.140.245 - - [17/Apr/2025:00:07:03 -0400] "HEAD /bc HTTP/1.1" 404 0 "http://fileluna.com/bc" "Mozilla/5.0 (Windows NT 10.0; Win64; x64) AppleWebKit/537.36 (KHTML, like Gecko) Chrome/74.0.3729.169 Safari/537.36"
135.119.140.245 - - [17/Apr/2025:00:07:07 -0400] "HEAD /bk HTTP/1.1" 404 0 "http://fileluna.com/bk" "Mozilla/5.0 (Windows NT 10.0; Win64; x64) AppleWebKit/537.36 (KHTML, like Gecko) Chrome/74.0.3729.169 Safari/537.36"
135.119.140.245 - - [17/Apr/2025:00:07:10 -0400] "HEAD /backup HTTP/1.1" 404 0 "http://fileluna.com/backup" "Mozilla/5.0 (Windows NT 10.0; Win64; x64) AppleWebKit/537.36 (KHTML, like Gecko) Chrome/74.0.3729.169 Safari/537.36"
135.119.140.245 - - [17/Apr/2025:00:07:13 -0400] "HEAD /old HTTP/1.1" 404 0 "http://fileluna.com/old" "Mozilla/5.0 (Windows NT 10.0; Win64; x64) AppleWebKit/537.36 (KHTML, like Gecko) Chrome/74.0.3729.169 Safari/537.36"
135.119.140.245 - - [17/Apr/2025:00:07:17 -0400] "HEAD /new HTTP/1.1" 404 0 "http://fileluna.com/new" "Mozilla/5.0 (Windows NT 10.0; Win64; x64) AppleWebKit/537.36 (KHTML, like Gecko) Chrome/74.0.3729.169 Safari/537.36"
135.119.140.245 - - [17/Apr/2025:00:07:19 -0400] "HEAD /main HTTP/1.1" 404 0 "http://fileluna.com/main" "Mozilla/5.0 (Windows NT 10.0; Win64; x64) AppleWebKit/537.36 (KHTML, like Gecko) Chrome/74.0.3729.169 Safari/537.36"
135.119.140.245 - - [17/Apr/2025:00:07:20 -0400] "HEAD /home HTTP/1.1" 404 0 "http://fileluna.com/home" "Mozilla/5.0 (Windows NT 10.0; Win64; x64) AppleWebKit/537.36 (KHTML, like Gecko) Chrome/74.0.3729.169 Safari/537.36"
20.171.207.122 - - [17/Apr/2025:00:07:38 -0400] "GET /umzugsunternehmen-in-luneburg-fur-einen-stressfreien-umzug-2/feed/ HTTP/1.1" 200 422 "-" "Mozilla/5.0 AppleWebKit/537.36 (KHTML, like Gecko; compatible; GPTBot/1.2; +https://openai.com/gptbot)"
198.54.114.83 - - [17/Apr/2025:00:07:59 -0400] "POST /wp-cron.php?doing_wp_cron=1744862878.6094570159912109375000 HTTP/1.1" 200 0 "-" "WordPress/6.8; https://fileluna.com"
20.171.207.122 - - [17/Apr/2025:00:07:58 -0400] "GET /wp-json/oembed/1.0/embed?url=https%3A%2F%2Ffileluna.com%2Fumzugsunternehmen-in-luneburg-fur-einen-stressfreien-umzug-2%2F HTTP/1.1" 200 2379 "-" "Mozilla/5.0 AppleWebKit/537.36 (KHTML, like Gecko; compatible; GPTBot/1.2; +https://openai.com/gptbot)"
198.54.114.83 - - [17/Apr/2025:00:08:00 -0400] "POST /wp-admin/admin-ajax.php?action=async_litespeed&nonce=RjZOtVQhVtduT9Y4JIrWN92Ay2BPPvi0&litespeed_type=imgoptm HTTP/1.1" 200 0 "-" "WordPress/6.8; https://fileluna.com"
20.171.207.122 - - [17/Apr/2025:00:02:20 -0400] "GET /?p=1158 HTTP/1.1" 301 0 "-" "Mozilla/5.0 AppleWebKit/537.36 (KHTML, like Gecko; compatible; GPTBot/1.2; +https://openai.com/gptbot)"
198.54.114.83 - - [17/Apr/2025:00:02:28 -0400] "POST /wp-cron.php?doing_wp_cron=1744862545.1348578929901123046875 HTTP/1.1" 200 0 "-" "WordPress/6.8; https://fileluna.com"
20.171.207.122 - - [17/Apr/2025:00:02:50 -0400] "GET /umzugsunternehmen-in-luneburg-fur-einen-stressfreien-umzug-2/ HTTP/1.1" 200 12275 "-" "Mozilla/5.0 AppleWebKit/537.36 (KHTML, like Gecko; compatible; GPTBot/1.2; +https://openai.com/gptbot)"
