170.106.161.78 - - [17/Apr/2025:00:03:01 -0400] "GET / HTTP/1.1" 200 12779 "http://fileluna.com" "Mozilla/5.0 (iPhone; CPU iPhone OS 13_2_3 like Mac OS X) AppleWebKit/605.1.15 (KHTML, like Gecko) Version/13.0.3 Mobile/15E148 Safari/604.1"
20.171.207.122 - - [17/Apr/2025:00:03:15 -0400] "GET /the-rise-of-airbnb-in-the-modern-travel-era/feed/ HTTP/1.1" 200 412 "-" "Mozilla/5.0 AppleWebKit/537.36 (KHTML, like Gecko; compatible; GPTBot/1.2; +https://openai.com/gptbot)"
185.235.245.165 - - [17/Apr/2025:00:03:34 -0400] "POST /xmlrpc.php HTTP/1.1" 200 205 "-" "Mozilla/5.0 (X11; Fedora; Linux x86_64; rv:94.0) Gecko/20100101 Firefox/95.0"
198.54.114.83 - - [17/Apr/2025:00:03:38 -0400] "POST /wp-cron.php?doing_wp_cron=1744862614.8242199420928955078125 HTTP/1.1" 200 0 "-" "WordPress/6.8; https://fileluna.com"
20.171.207.122 - - [17/Apr/2025:00:03:38 -0400] "GET /the-benefits-of-business-trip-massage-for-professionals/ HTTP/1.1" 200 12127 "-" "Mozilla/5.0 AppleWebKit/537.36 (KHTML, like Gecko; compatible; GPTBot/1.2; +https://openai.com/gptbot)"
101.44.187.17 - - [17/Apr/2025:00:08:10 -0400] "GET /dream-homes-await-in-southern-spain/ HTTP/1.1" 200 12324 "https://fileluna.com/dream-homes-await-in-southern-spain/#respond" "Mozilla/5.0 (Macintosh; Intel Mac OS X 10_15_7) AppleWebKit/537.36 (KHTML, like Gecko) Chrome/120.0.0.0 Safari/537.36"
198.54.114.83 - - [17/Apr/2025:00:08:21 -0400] "POST /wp-cron.php?doing_wp_cron=1744862900.1387739181518554687500 HTTP/1.1" 200 0 "-" "WordPress/6.8; https://fileluna.com"
20.171.207.122 - - [17/Apr/2025:00:08:19 -0400] "GET /?p=1191 HTTP/1.1" 301 0 "-" "Mozilla/5.0 AppleWebKit/537.36 (KHTML, like Gecko; compatible; GPTBot/1.2; +https://openai.com/gptbot)"
198.54.114.83 - - [17/Apr/2025:00:08:24 -0400] "POST /wp-admin/admin-ajax.php?action=async_litespeed&nonce=sWy9NoDfMDTR2Av6tjeMvKuwduVcUdcw&litespeed_type=imgoptm HTTP/1.1" 200 0 "-" "WordPress/6.8; https://fileluna.com"
20.171.207.122 - - [17/Apr/2025:00:08:41 -0400] "GET /wp-json/wp/v2/posts/1191 HTTP/1.1" 200 5189 "-" "Mozilla/5.0 AppleWebKit/537.36 (KHTML, like Gecko; compatible; GPTBot/1.2; +https://openai.com/gptbot)"
20.171.207.122 - - [17/Apr/2025:00:09:08 -0400] "GET /wp-json/oembed/1.0/embed?format=xml&url=https%3A%2F%2Ffileluna.com%2Fumzugsunternehmen-in-luneburg-fur-einen-stressfreien-umzug-2%2F HTTP/1.1" 200 1115 "-" "Mozilla/5.0 AppleWebKit/537.36 (KHTML, like Gecko; compatible; GPTBot/1.2; +https://openai.com/gptbot)"
198.54.114.83 - - [17/Apr/2025:00:09:36 -0400] "POST /wp-cron.php?doing_wp_cron=1744862974.9840099811553955078125 HTTP/1.1" 200 0 "-" "WordPress/6.8; https://fileluna.com"
20.171.207.122 - - [17/Apr/2025:00:09:34 -0400] "GET /?p=1191 HTTP/1.1" 301 0 "-" "Mozilla/5.0 AppleWebKit/537.36 (KHTML, like Gecko; compatible; GPTBot/1.2; +https://openai.com/gptbot)"
20.171.207.122 - - [17/Apr/2025:00:09:57 -0400] "GET /?p=1168 HTTP/1.1" 301 0 "-" "Mozilla/5.0 AppleWebKit/537.36 (KHTML, like Gecko; compatible; GPTBot/1.2; +https://openai.com/gptbot)"
20.171.207.122 - - [17/Apr/2025:00:10:19 -0400] "GET /innovations-in-metabolic-labs-for-personalized-health-solutions/feed/ HTTP/1.1" 200 419 "-" "Mozilla/5.0 AppleWebKit/537.36 (KHTML, like Gecko; compatible; GPTBot/1.2; +https://openai.com/gptbot)"
172.234.248.66 - - [17/Apr/2025:00:10:22 -0400] "GET / HTTP/1.1" 200 12779 "-" "-"
172.234.248.66 - - [17/Apr/2025:00:10:24 -0400] "GET /wordpress HTTP/1.1" 404 8954 "-" "-"
172.234.248.66 - - [17/Apr/2025:00:10:28 -0400] "GET /wp HTTP/1.1" 404 8954 "-" "-"
172.234.248.66 - - [17/Apr/2025:00:10:31 -0400] "GET /wp-admin/setup-config.php HTTP/1.1" 409 1041 "-" "-"
198.54.114.83 - - [17/Apr/2025:00:10:36 -0400] "POST /wp-cron.php?doing_wp_cron=1744863035.3729400634765625000000 HTTP/1.1" 200 0 "-" "WordPress/6.8; https://fileluna.com"
172.234.248.66 - - [17/Apr/2025:00:10:34 -0400] "GET /wp-admin/install.php HTTP/1.1" 200 433 "-" "-"
198.54.114.83 - - [17/Apr/2025:00:10:40 -0400] "POST /wp-cron.php?doing_wp_cron=1744863039.6503159999847412109375 HTTP/1.1" 200 0 "-" "WordPress/6.8; https://fileluna.com"
172.234.248.66 - - [17/Apr/2025:00:10:39 -0400] "GET /blog HTTP/1.1" 404 8954 "-" "-"
198.54.114.83 - - [17/Apr/2025:00:10:41 -0400] "POST /wp-admin/admin-ajax.php?action=async_litespeed&nonce=Ge5DFD4CsT1Ar7ooomloV9px4on7iGex&litespeed_type=imgoptm HTTP/1.1" 200 0 "-" "WordPress/6.8; https://fileluna.com"
20.171.207.122 - - [17/Apr/2025:00:10:40 -0400] "GET /haushaltsauflosung-in-luneburg-ihr-weg-zu-einem-stressfreien-umzug/ HTTP/1.1" 200 12486 "-" "Mozilla/5.0 AppleWebKit/537.36 (KHTML, like Gecko; compatible; GPTBot/1.2; +https://openai.com/gptbot)"
172.234.248.66 - - [17/Apr/2025:00:10:44 -0400] "GET /new HTTP/1.1" 404 8954 "-" "-"
182.44.12.37 - - [17/Apr/2025:00:10:49 -0400] "GET / HTTP/1.1" 200 12779 "http://fileluna.com" "Mozilla/5.0 (iPhone; CPU iPhone OS 13_2_3 like Mac OS X) AppleWebKit/605.1.15 (KHTML, like Gecko) Version/13.0.3 Mobile/15E148 Safari/604.1"
172.234.248.66 - - [17/Apr/2025:00:10:49 -0400] "GET /old HTTP/1.1" 404 8954 "-" "-"
172.234.248.66 - - [17/Apr/2025:00:10:52 -0400] "GET /newsite HTTP/1.1" 404 8954 "-" "-"
172.234.248.66 - - [17/Apr/2025:00:10:57 -0400] "GET /test HTTP/1.1" 404 8954 "-" "-"
172.234.248.66 - - [17/Apr/2025:00:11:00 -0400] "GET /core HTTP/1.1" 404 8954 "-" "-"
172.234.248.66 - - [17/Apr/2025:00:11:03 -0400] "GET /testing HTTP/1.1" 404 8954 "-" "-"
172.234.248.66 - - [17/Apr/2025:00:11:08 -0400] "GET /home HTTP/1.1" 404 8954 "-" "-"
198.54.114.83 - - [17/Apr/2025:00:13:00 -0400] "POST /wp-cron.php?doing_wp_cron=1744863178.0500330924987792968750 HTTP/1.1" 200 0 "-" "WordPress/6.8; https://fileluna.com"
20.171.207.122 - - [17/Apr/2025:00:12:53 -0400] "GET /?p=923 HTTP/1.1" 301 0 "-" "Mozilla/5.0 AppleWebKit/537.36 (KHTML, like Gecko; compatible; GPTBot/1.2; +https://openai.com/gptbot)"
20.171.207.122 - - [17/Apr/2025:00:13:21 -0400] "GET /the-benefits-of-business-trip-massage-for-professionals/feed/ HTTP/1.1" 200 409 "-" "Mozilla/5.0 AppleWebKit/537.36 (KHTML, like Gecko; compatible; GPTBot/1.2; +https://openai.com/gptbot)"
114.119.149.81 - - [17/Apr/2025:00:13:40 -0400] "GET /category/lifestyle-fashion/ HTTP/1.1" 200 9660 "https://fileluna.com/2024/page/28/" "Mozilla/5.0 (Linux; Android 7.0;) AppleWebKit/537.36 (KHTML, like Gecko) Mobile Safari/537.36 (compatible; PetalBot;+https://webmaster.petalsearch.com/site/petalbot)"
20.171.207.122 - - [17/Apr/2025:00:13:43 -0400] "GET /seamless-communication-with-virtual-answering-services/feed/ HTTP/1.1" 200 408 "-" "Mozilla/5.0 AppleWebKit/537.36 (KHTML, like Gecko; compatible; GPTBot/1.2; +https://openai.com/gptbot)"
85.215.162.226 - - [17/Apr/2025:00:15:24 -0400] "POST /wp-login.php HTTP/1.1" 200 1884 "-" "Mozilla/5.0"
85.215.162.226 - - [17/Apr/2025:00:15:24 -0400] "POST /wp-login.php HTTP/1.1" 200 1883 "-" "Mozilla/5.0"
198.54.114.83 - - [17/Apr/2025:00:15:30 -0400] "POST /wp-cron.php?doing_wp_cron=1744863328.1447548866271972656250 HTTP/1.1" 200 0 "-" "WordPress/6.8; https://fileluna.com"
198.54.114.83 - - [17/Apr/2025:00:15:30 -0400] "POST /wp-cron.php?doing_wp_cron=1744863328.2548549175262451171875 HTTP/1.1" 200 0 "-" "WordPress/6.8; https://fileluna.com"
2607:5300:60:7e27::1 - - [17/Apr/2025:00:16:41 -0400] "GET / HTTP/1.1" 200 12779 "-" "Mozilla/5.0 (Windows NT 10.0; Win64; x64; rv:118.0) Gecko/20100101 Firefox/118.0"
43.135.142.37 - - [17/Apr/2025:00:18:04 -0400] "GET /the-role-of-metabolic-labs-in-modern-health-care/ HTTP/1.1" 200 12536 "-" "Mozilla/5.0 (iPhone; CPU iPhone OS 13_2_3 like Mac OS X) AppleWebKit/605.1.15 (KHTML, like Gecko) Version/13.0.3 Mobile/15E148 Safari/604.1"
198.54.114.83 - - [17/Apr/2025:00:26:02 -0400] "POST /wp-cron.php?doing_wp_cron=1744863961.1770710945129394531250 HTTP/1.1" 200 0 "-" "WordPress/6.8; https://fileluna.com"
85.215.162.226 - - [17/Apr/2025:00:25:57 -0400] "POST /wp-login.php HTTP/1.1" 200 1884 "-" "Mozilla/5.0"
85.215.162.226 - - [17/Apr/2025:00:25:57 -0400] "POST /wp-login.php HTTP/1.1" 200 1883 "-" "Mozilla/5.0"
198.54.114.83 - - [17/Apr/2025:00:26:02 -0400] "POST /wp-cron.php?doing_wp_cron=1744863961.1815259456634521484375 HTTP/1.1" 200 0 "-" "WordPress/6.8; https://fileluna.com"
43.128.67.187 - - [17/Apr/2025:00:27:09 -0400] "GET /wp-json/ HTTP/1.1" 200 189049 "-" "Mozilla/5.0 (iPhone; CPU iPhone OS 13_2_3 like Mac OS X) AppleWebKit/605.1.15 (KHTML, like Gecko) Version/13.0.3 Mobile/15E148 Safari/604.1"
138.199.29.231 - - [17/Apr/2025:00:28:20 -0400] "GET / HTTP/1.1" 200 12779 "-" "Mozilla/5.0 (Windows NT 10.0; Win64; x64) AppleWebKit/537.36 (KHTML, like Gecko) Chrome/78.0.3904.108 Safari/537.36"
198.54.114.83 - - [17/Apr/2025:00:28:26 -0400] "POST /wp-cron.php?doing_wp_cron=1744864105.3278679847717285156250 HTTP/1.1" 200 0 "-" "WordPress/6.8; https://fileluna.com"
138.199.29.231 - - [17/Apr/2025:00:28:21 -0400] "GET //wp-includes/wlwmanifest.xml HTTP/1.1" 301 0 "-" "Mozilla/5.0 (Windows NT 10.0; Win64; x64) AppleWebKit/537.36 (KHTML, like Gecko) Chrome/78.0.3904.108 Safari/537.36"
138.199.29.231 - - [17/Apr/2025:00:28:26 -0400] "GET //xmlrpc.php?rsd HTTP/1.1" 200 292 "-" "Mozilla/5.0 (Windows NT 10.0; Win64; x64) AppleWebKit/537.36 (KHTML, like Gecko) Chrome/78.0.3904.108 Safari/537.36"
138.199.29.231 - - [17/Apr/2025:00:28:28 -0400] "GET //?author=1 HTTP/1.1" 301 0 "-" "Mozilla/5.0 (Windows NT 10.0; Win64; x64) AppleWebKit/537.36 (KHTML, like Gecko) Chrome/78.0.3904.108 Safari/537.36"
138.199.29.231 - - [17/Apr/2025:00:28:30 -0400] "GET //?author=2 HTTP/1.1" 301 0 "-" "Mozilla/5.0 (Windows NT 10.0; Win64; x64) AppleWebKit/537.36 (KHTML, like Gecko) Chrome/78.0.3904.108 Safari/537.36"
138.199.29.231 - - [17/Apr/2025:00:28:31 -0400] "GET //wp-json/wp/v2/users/ HTTP/1.1" 200 1428 "-" "Mozilla/5.0 (Windows NT 10.0; Win64; x64) AppleWebKit/537.36 (KHTML, like Gecko) Chrome/78.0.3904.108 Safari/537.36"
138.199.29.231 - - [17/Apr/2025:00:28:34 -0400] "POST //xmlrpc.php HTTP/1.1" 200 205 "-" "Mozilla/5.0 (Windows NT 10.0; Win64; x64) AppleWebKit/537.36 (KHTML, like Gecko) Chrome/78.0.3904.108 Safari/537.36"
138.199.29.231 - - [17/Apr/2025:00:28:37 -0400] "POST //xmlrpc.php HTTP/1.1" 200 205 "-" "Mozilla/5.0 (Windows NT 10.0; Win64; x64) AppleWebKit/537.36 (KHTML, like Gecko) Chrome/78.0.3904.108 Safari/537.36"
138.199.29.231 - - [17/Apr/2025:00:28:40 -0400] "POST //xmlrpc.php HTTP/1.1" 200 205 "-" "Mozilla/5.0 (Windows NT 10.0; Win64; x64) AppleWebKit/537.36 (KHTML, like Gecko) Chrome/78.0.3904.108 Safari/537.36"
138.199.29.231 - - [17/Apr/2025:00:28:43 -0400] "POST //xmlrpc.php HTTP/1.1" 200 205 "-" "Mozilla/5.0 (Windows NT 10.0; Win64; x64) AppleWebKit/537.36 (KHTML, like Gecko) Chrome/78.0.3904.108 Safari/537.36"
138.199.29.231 - - [17/Apr/2025:00:28:46 -0400] "POST //xmlrpc.php HTTP/1.1" 200 205 "-" "Mozilla/5.0 (Windows NT 10.0; Win64; x64) AppleWebKit/537.36 (KHTML, like Gecko) Chrome/78.0.3904.108 Safari/537.36"
138.199.29.231 - - [17/Apr/2025:00:28:47 -0400] "POST //xmlrpc.php HTTP/1.1" 200 205 "-" "Mozilla/5.0 (Windows NT 10.0; Win64; x64) AppleWebKit/537.36 (KHTML, like Gecko) Chrome/78.0.3904.108 Safari/537.36"
20.171.207.122 - - [17/Apr/2025:00:34:21 -0400] "GET /professioneller-umzugsservice-in-luneburg/ HTTP/1.1" 200 11930 "-" "Mozilla/5.0 AppleWebKit/537.36 (KHTML, like Gecko; compatible; GPTBot/1.2; +https://openai.com/gptbot)"
216.244.66.246 - - [17/Apr/2025:00:34:40 -0400] "GET /robots.txt HTTP/1.1" 304 0 "-" "Mozilla/5.0 (compatible; DotBot/1.2; +https://opensiteexplorer.org/dotbot; help@moz.com)"
20.171.207.122 - - [17/Apr/2025:00:35:26 -0400] "GET /effizient-umziehen-in-hamburg/ HTTP/1.1" 200 12157 "-" "Mozilla/5.0 AppleWebKit/537.36 (KHTML, like Gecko; compatible; GPTBot/1.2; +https://openai.com/gptbot)"
198.54.114.83 - - [17/Apr/2025:00:35:33 -0400] "POST /wp-cron.php?doing_wp_cron=1744864530.6839981079101562500000 HTTP/1.1" 200 0 "-" "WordPress/6.8; https://fileluna.com"
20.171.207.122 - - [17/Apr/2025:00:36:24 -0400] "GET /araba-aksesuarlari-ile-araclarinizi-kisisellestirin/ HTTP/1.1" 200 12147 "-" "Mozilla/5.0 AppleWebKit/537.36 (KHTML, like Gecko; compatible; GPTBot/1.2; +https://openai.com/gptbot)"
85.215.162.226 - - [17/Apr/2025:00:36:36 -0400] "POST /wp-login.php HTTP/1.1" 200 1884 "-" "Mozilla/5.0"
85.215.162.226 - - [17/Apr/2025:00:36:36 -0400] "POST /wp-login.php HTTP/1.1" 200 1883 "-" "Mozilla/5.0"
198.54.114.83 - - [17/Apr/2025:00:36:41 -0400] "POST /wp-cron.php?doing_wp_cron=1744864596.8559799194335937500000 HTTP/1.1" 200 0 "-" "WordPress/6.8; https://fileluna.com"
20.171.207.122 - - [17/Apr/2025:00:37:27 -0400] "GET /business-trip-massagees/ HTTP/1.1" 200 11584 "-" "Mozilla/5.0 AppleWebKit/537.36 (KHTML, like Gecko; compatible; GPTBot/1.2; +https://openai.com/gptbot)"
20.171.207.122 - - [17/Apr/2025:00:37:50 -0400] "GET /wp-json/wp/v2/posts/1107 HTTP/1.1" 200 4391 "-" "Mozilla/5.0 AppleWebKit/537.36 (KHTML, like Gecko; compatible; GPTBot/1.2; +https://openai.com/gptbot)"
198.54.114.83 - - [17/Apr/2025:00:37:54 -0400] "POST /wp-cron.php?doing_wp_cron=1744864670.9910509586334228515625 HTTP/1.1" 200 0 "-" "WordPress/6.8; https://fileluna.com"
20.171.207.122 - - [17/Apr/2025:00:38:14 -0400] "GET /wp-json/wp/v2/posts/1164 HTTP/1.1" 200 5000 "-" "Mozilla/5.0 AppleWebKit/537.36 (KHTML, like Gecko; compatible; GPTBot/1.2; +https://openai.com/gptbot)"
20.171.207.122 - - [17/Apr/2025:00:38:36 -0400] "GET /wp-json/wp/v2/posts/1205 HTTP/1.1" 200 4652 "-" "Mozilla/5.0 AppleWebKit/537.36 (KHTML, like Gecko; compatible; GPTBot/1.2; +https://openai.com/gptbot)"
20.171.207.122 - - [17/Apr/2025:00:38:58 -0400] "GET /wp-json/wp/v2/posts/1177 HTTP/1.1" 200 5477 "-" "Mozilla/5.0 AppleWebKit/537.36 (KHTML, like Gecko; compatible; GPTBot/1.2; +https://openai.com/gptbot)"
198.54.114.83 - - [17/Apr/2025:00:39:02 -0400] "POST /wp-cron.php?doing_wp_cron=1744864738.6499080657958984375000 HTTP/1.1" 200 0 "-" "WordPress/6.8; https://fileluna.com"
20.171.207.122 - - [17/Apr/2025:00:39:19 -0400] "GET /wp-json/wp/v2/posts/1139 HTTP/1.1" 200 3905 "-" "Mozilla/5.0 AppleWebKit/537.36 (KHTML, like Gecko; compatible; GPTBot/1.2; +https://openai.com/gptbot)"
49.51.73.183 - - [17/Apr/2025:00:40:07 -0400] "GET /category/shopping-product-reviews/ HTTP/1.1" 200 9648 "-" "Mozilla/5.0 (iPhone; CPU iPhone OS 13_2_3 like Mac OS X) AppleWebKit/605.1.15 (KHTML, like Gecko) Version/13.0.3 Mobile/15E148 Safari/604.1"
198.54.114.83 - - [17/Apr/2025:00:40:11 -0400] "POST /wp-cron.php?doing_wp_cron=1744864808.0510220527648925781250 HTTP/1.1" 200 0 "-" "WordPress/6.8; https://fileluna.com"
114.119.132.228 - - [17/Apr/2025:00:41:24 -0400] "GET /the-timeless-appeal-of-the-sport-jacket/ HTTP/1.1" 200 12059 "https://fileluna.com/2024/page/47/" "Mozilla/5.0 (Linux; Android 7.0;) AppleWebKit/537.36 (KHTML, like Gecko) Mobile Safari/537.36 (compatible; PetalBot;+https://webmaster.petalsearch.com/site/petalbot)"
198.54.114.83 - - [17/Apr/2025:00:41:28 -0400] "POST /wp-cron.php?doing_wp_cron=1744864885.3455231189727783203125 HTTP/1.1" 200 0 "-" "WordPress/6.8; https://fileluna.com"
20.171.207.122 - - [17/Apr/2025:00:41:54 -0400] "GET /?p=1092 HTTP/1.1" 301 0 "-" "Mozilla/5.0 AppleWebKit/537.36 (KHTML, like Gecko; compatible; GPTBot/1.2; +https://openai.com/gptbot)"
20.171.207.122 - - [17/Apr/2025:00:42:15 -0400] "GET /?p=1155 HTTP/1.1" 301 0 "-" "Mozilla/5.0 AppleWebKit/537.36 (KHTML, like Gecko; compatible; GPTBot/1.2; +https://openai.com/gptbot)"
20.171.207.122 - - [17/Apr/2025:00:42:34 -0400] "GET /?p=1182 HTTP/1.1" 301 0 "-" "Mozilla/5.0 AppleWebKit/537.36 (KHTML, like Gecko; compatible; GPTBot/1.2; +https://openai.com/gptbot)"
198.54.114.83 - - [17/Apr/2025:00:42:36 -0400] "POST /wp-cron.php?doing_wp_cron=1744864955.0383729934692382812500 HTTP/1.1" 200 0 "-" "WordPress/6.8; https://fileluna.com"
114.119.149.81 - - [17/Apr/2025:00:42:49 -0400] "GET /professionelle-gebaudereinigung-in-luneburg/ HTTP/1.1" 200 12021 "https://fileluna.com/traumhafte-garten-und-landschaftsgestaltung-in-hamburg/" "Mozilla/5.0 (Linux; Android 7.0;) AppleWebKit/537.36 (KHTML, like Gecko) Mobile Safari/537.36 (compatible; PetalBot;+https://webmaster.petalsearch.com/site/petalbot)"
20.171.207.122 - - [17/Apr/2025:00:42:55 -0400] "GET /?p=926 HTTP/1.1" 301 0 "-" "Mozilla/5.0 AppleWebKit/537.36 (KHTML, like Gecko; compatible; GPTBot/1.2; +https://openai.com/gptbot)"
20.171.207.122 - - [17/Apr/2025:00:43:16 -0400] "GET /the-path-to-wellness-through-reiki-healing-in-singapore/ HTTP/1.1" 200 12488 "-" "Mozilla/5.0 AppleWebKit/537.36 (KHTML, like Gecko; compatible; GPTBot/1.2; +https://openai.com/gptbot)"
20.171.207.122 - - [17/Apr/2025:00:43:37 -0400] "GET /rejuvenate-your-productivity-with-business-trip-massage/ HTTP/1.1" 200 12003 "-" "Mozilla/5.0 AppleWebKit/537.36 (KHTML, like Gecko; compatible; GPTBot/1.2; +https://openai.com/gptbot)"
198.54.114.83 - - [17/Apr/2025:00:43:42 -0400] "POST /wp-cron.php?doing_wp_cron=1744865018.1750550270080566406250 HTTP/1.1" 200 0 "-" "WordPress/6.8; https://fileluna.com"
20.171.207.122 - - [17/Apr/2025:00:46:15 -0400] "GET /attracting-exceptional-talent-for-business-success/ HTTP/1.1" 200 12128 "-" "Mozilla/5.0 AppleWebKit/537.36 (KHTML, like Gecko; compatible; GPTBot/1.2; +https://openai.com/gptbot)"
198.54.114.83 - - [17/Apr/2025:00:46:22 -0400] "POST /wp-cron.php?doing_wp_cron=1744865178.9064929485321044921875 HTTP/1.1" 200 0 "-" "WordPress/6.8; https://fileluna.com"
20.171.207.122 - - [17/Apr/2025:00:46:41 -0400] "GET /araba-aksesuarlari-ile-araclarinizi-kisisellestirin/feed/ HTTP/1.1" 200 436 "-" "Mozilla/5.0 AppleWebKit/537.36 (KHTML, like Gecko; compatible; GPTBot/1.2; +https://openai.com/gptbot)"
20.171.207.122 - - [17/Apr/2025:00:47:01 -0400] "GET /umzugsfirma-hamburg-fur-einen-stressfreien-umzug/ HTTP/1.1" 200 12009 "-" "Mozilla/5.0 AppleWebKit/537.36 (KHTML, like Gecko; compatible; GPTBot/1.2; +https://openai.com/gptbot)"
43.133.253.253 - - [17/Apr/2025:00:47:15 -0400] "GET /category/family-relationship/ HTTP/1.1" 200 9660 "-" "Mozilla/5.0 (iPhone; CPU iPhone OS 13_2_3 like Mac OS X) AppleWebKit/605.1.15 (KHTML, like Gecko) Version/13.0.3 Mobile/15E148 Safari/604.1"
198.54.114.83 - - [17/Apr/2025:00:47:22 -0400] "POST /wp-cron.php?doing_wp_cron=1744865241.1122729778289794921875 HTTP/1.1" 200 0 "-" "WordPress/6.8; https://fileluna.com"
20.171.207.122 - - [17/Apr/2025:00:47:20 -0400] "GET /xmlrpc.php HTTP/1.1" 405 46 "-" "Mozilla/5.0 AppleWebKit/537.36 (KHTML, like Gecko; compatible; GPTBot/1.2; +https://openai.com/gptbot)"
85.215.162.226 - - [17/Apr/2025:00:47:27 -0400] "POST /wp-login.php HTTP/1.1" 200 1884 "-" "Mozilla/5.0"
85.215.162.226 - - [17/Apr/2025:00:47:27 -0400] "POST /wp-login.php HTTP/1.1" 200 1883 "-" "Mozilla/5.0"
20.171.207.122 - - [17/Apr/2025:00:47:42 -0400] "GET /the-future-of-wedding-invitations/ HTTP/1.1" 200 12343 "-" "Mozilla/5.0 AppleWebKit/537.36 (KHTML, like Gecko; compatible; GPTBot/1.2; +https://openai.com/gptbot)"
20.171.207.122 - - [17/Apr/2025:00:48:03 -0400] "GET /professioneller-umzugsservice-in-luneburg/feed/ HTTP/1.1" 200 401 "-" "Mozilla/5.0 AppleWebKit/537.36 (KHTML, like Gecko; compatible; GPTBot/1.2; +https://openai.com/gptbot)"
3.17.154.155 - - [17/Apr/2025:00:50:27 -0400] "GET /robots.txt HTTP/1.1" 304 0 "-" "Mozilla/5.0 AppleWebKit/537.36 (KHTML, like Gecko; compatible; ClaudeBot/1.0; +claudebot@anthropic.com)"
3.17.154.155 - - [17/Apr/2025:00:50:32 -0400] "GET /wp-json/oembed/1.0/embed?format=xml&url=https%3A%2F%2Ffileluna.com%2Ffactors-for-hiring-different-spread-betting-providers%2F HTTP/1.1" 200 1106 "-" "Mozilla/5.0 AppleWebKit/537.36 (KHTML, like Gecko; compatible; ClaudeBot/1.0; +claudebot@anthropic.com)"
198.54.114.83 - - [17/Apr/2025:00:50:39 -0400] "POST /wp-cron.php?doing_wp_cron=1744865435.8339979648590087890625 HTTP/1.1" 200 0 "-" "WordPress/6.8; https://fileluna.com"
20.171.207.122 - - [17/Apr/2025:00:50:39 -0400] "GET /?p=1090 HTTP/1.1" 301 0 "-" "Mozilla/5.0 AppleWebKit/537.36 (KHTML, like Gecko; compatible; GPTBot/1.2; +https://openai.com/gptbot)"
20.171.207.122 - - [17/Apr/2025:00:50:59 -0400] "GET /?p=1094 HTTP/1.1" 301 0 "-" "Mozilla/5.0 AppleWebKit/537.36 (KHTML, like Gecko; compatible; GPTBot/1.2; +https://openai.com/gptbot)"
20.171.207.122 - - [17/Apr/2025:00:51:18 -0400] "GET /?p=928 HTTP/1.1" 301 0 "-" "Mozilla/5.0 AppleWebKit/537.36 (KHTML, like Gecko; compatible; GPTBot/1.2; +https://openai.com/gptbot)"
198.54.114.83 - - [17/Apr/2025:00:51:38 -0400] "POST /wp-cron.php?doing_wp_cron=1744865497.3428790569305419921875 HTTP/1.1" 200 0 "-" "WordPress/6.8; https://fileluna.com"
20.171.207.122 - - [17/Apr/2025:00:51:36 -0400] "GET /the-path-to-wellness-through-reiki-healing-in-singapore/feed/ HTTP/1.1" 200 424 "-" "Mozilla/5.0 AppleWebKit/537.36 (KHTML, like Gecko; compatible; GPTBot/1.2; +https://openai.com/gptbot)"
20.171.207.122 - - [17/Apr/2025:00:51:58 -0400] "GET /rejuvenate-your-productivity-with-business-trip-massage/feed/ HTTP/1.1" 200 414 "-" "Mozilla/5.0 AppleWebKit/537.36 (KHTML, like Gecko; compatible; GPTBot/1.2; +https://openai.com/gptbot)"
20.171.207.122 - - [17/Apr/2025:00:52:16 -0400] "GET /attracting-exceptional-talent-for-business-success/feed/ HTTP/1.1" 200 405 "-" "Mozilla/5.0 AppleWebKit/537.36 (KHTML, like Gecko; compatible; GPTBot/1.2; +https://openai.com/gptbot)"
20.171.207.122 - - [17/Apr/2025:00:54:53 -0400] "GET /?p=1137 HTTP/1.1" 301 0 "-" "Mozilla/5.0 AppleWebKit/537.36 (KHTML, like Gecko; compatible; GPTBot/1.2; +https://openai.com/gptbot)"
198.54.114.83 - - [17/Apr/2025:00:54:59 -0400] "POST /wp-cron.php?doing_wp_cron=1744865697.3462760448455810546875 HTTP/1.1" 200 0 "-" "WordPress/6.8; https://fileluna.com"
20.171.207.122 - - [17/Apr/2025:00:55:19 -0400] "GET /?p=1180 HTTP/1.1" 301 0 "-" "Mozilla/5.0 AppleWebKit/537.36 (KHTML, like Gecko; compatible; GPTBot/1.2; +https://openai.com/gptbot)"
20.171.207.122 - - [17/Apr/2025:00:55:39 -0400] "GET /the-role-of-a-midwife-in-modern-healthcare/ HTTP/1.1" 200 12273 "-" "Mozilla/5.0 AppleWebKit/537.36 (KHTML, like Gecko; compatible; GPTBot/1.2; +https://openai.com/gptbot)"
20.171.207.122 - - [17/Apr/2025:00:55:59 -0400] "GET /umzugsfirma-hamburg-fur-einen-stressfreien-umzug/feed/ HTTP/1.1" 200 412 "-" "Mozilla/5.0 AppleWebKit/537.36 (KHTML, like Gecko; compatible; GPTBot/1.2; +https://openai.com/gptbot)"
198.54.114.83 - - [17/Apr/2025:00:56:02 -0400] "POST /wp-cron.php?doing_wp_cron=1744865760.3196289539337158203125 HTTP/1.1" 200 0 "-" "WordPress/6.8; https://fileluna.com"
20.171.207.122 - - [17/Apr/2025:00:56:20 -0400] "GET /the-perfect-baby-stroller-for-every-parent/ HTTP/1.1" 200 12173 "-" "Mozilla/5.0 AppleWebKit/537.36 (KHTML, like Gecko; compatible; GPTBot/1.2; +https://openai.com/gptbot)"
18.218.254.84 - - [17/Apr/2025:00:56:27 -0400] "GET /?p=47 HTTP/1.1" 301 0 "-" "Mozilla/5.0 AppleWebKit/537.36 (KHTML, like Gecko; compatible; ClaudeBot/1.0; +claudebot@anthropic.com)"
18.218.254.84 - - [17/Apr/2025:00:56:30 -0400] "GET /factors-for-hiring-different-spread-betting-providers/ HTTP/1.1" 200 12232 "https://fileluna.com/?p=47" "Mozilla/5.0 AppleWebKit/537.36 (KHTML, like Gecko; compatible; ClaudeBot/1.0; +claudebot@anthropic.com)"
20.171.207.122 - - [17/Apr/2025:00:56:45 -0400] "GET /the-future-of-wedding-invitations/feed/ HTTP/1.1" 200 391 "-" "Mozilla/5.0 AppleWebKit/537.36 (KHTML, like Gecko; compatible; GPTBot/1.2; +https://openai.com/gptbot)"
198.54.114.83 - - [17/Apr/2025:00:57:08 -0400] "POST /wp-cron.php?doing_wp_cron=1744865826.6184539794921875000000 HTTP/1.1" 200 0 "-" "WordPress/6.8; https://fileluna.com"
20.171.207.122 - - [17/Apr/2025:00:57:06 -0400] "GET /xmlrpc.php HTTP/1.1" 405 46 "-" "Mozilla/5.0 AppleWebKit/537.36 (KHTML, like Gecko; compatible; GPTBot/1.2; +https://openai.com/gptbot)"
170.106.165.186 - - [17/Apr/2025:00:58:18 -0400] "GET /category/health-fitness/ HTTP/1.1" 200 10906 "-" "Mozilla/5.0 (iPhone; CPU iPhone OS 13_2_3 like Mac OS X) AppleWebKit/605.1.15 (KHTML, like Gecko) Version/13.0.3 Mobile/15E148 Safari/604.1"
198.54.114.83 - - [17/Apr/2025:00:58:22 -0400] "POST /wp-cron.php?doing_wp_cron=1744865898.8245620727539062500000 HTTP/1.1" 200 0 "-" "WordPress/6.8; https://fileluna.com"
85.215.162.226 - - [17/Apr/2025:00:58:37 -0400] "POST /wp-login.php HTTP/1.1" 200 1884 "-" "Mozilla/5.0"
85.215.162.226 - - [17/Apr/2025:00:58:37 -0400] "POST /wp-login.php HTTP/1.1" 200 1883 "-" "Mozilla/5.0"
20.171.207.122 - - [17/Apr/2025:00:59:06 -0400] "GET /der-weg-zum-gitarrenspiel/ HTTP/1.1" 200 12549 "-" "Mozilla/5.0 AppleWebKit/537.36 (KHTML, like Gecko; compatible; GPTBot/1.2; +https://openai.com/gptbot)"
198.54.114.83 - - [17/Apr/2025:00:59:30 -0400] "POST /wp-cron.php?doing_wp_cron=1744865968.2782430648803710937500 HTTP/1.1" 200 0 "-" "WordPress/6.8; https://fileluna.com"
20.171.207.122 - - [17/Apr/2025:00:59:27 -0400] "GET /a-vital-step-for-manufacturers/ HTTP/1.1" 200 12051 "-" "Mozilla/5.0 AppleWebKit/537.36 (KHTML, like Gecko; compatible; GPTBot/1.2; +https://openai.com/gptbot)"
20.171.207.122 - - [17/Apr/2025:00:59:49 -0400] "GET /effizient-umziehen-in-hamburg/feed/ HTTP/1.1" 200 390 "-" "Mozilla/5.0 AppleWebKit/537.36 (KHTML, like Gecko; compatible; GPTBot/1.2; +https://openai.com/gptbot)"
20.171.207.122 - - [17/Apr/2025:01:00:11 -0400] "GET /business-trip-massagees/feed/ HTTP/1.1" 200 373 "-" "Mozilla/5.0 AppleWebKit/537.36 (KHTML, like Gecko; compatible; GPTBot/1.2; +https://openai.com/gptbot)"
114.119.148.27 - - [17/Apr/2025:01:00:20 -0400] "GET /the-blissful-escape-of-spa-massage-therapy/ HTTP/1.1" 200 12169 "https://fileluna.com/2024/12/page/2/" "Mozilla/5.0 (Linux; Android 7.0;) AppleWebKit/537.36 (KHTML, like Gecko) Mobile Safari/537.36 (compatible; PetalBot;+https://webmaster.petalsearch.com/site/petalbot)"
3.139.108.138 - - [17/Apr/2025:01:00:27 -0400] "GET /factors-for-hiring-different-spread-betting-providers/feed HTTP/1.1" 301 0 "-" "Mozilla/5.0 AppleWebKit/537.36 (KHTML, like Gecko; compatible; ClaudeBot/1.0; +claudebot@anthropic.com)"
3.139.108.138 - - [17/Apr/2025:01:00:31 -0400] "GET /factors-for-hiring-different-spread-betting-providers/feed/ HTTP/1.1" 200 421 "https://fileluna.com/factors-for-hiring-different-spread-betting-providers/feed" "Mozilla/5.0 AppleWebKit/537.36 (KHTML, like Gecko; compatible; ClaudeBot/1.0; +claudebot@anthropic.com)"
198.54.114.83 - - [17/Apr/2025:01:00:33 -0400] "POST /wp-cron.php?doing_wp_cron=1744866031.3189749717712402343750 HTTP/1.1" 200 0 "-" "WordPress/6.8; https://fileluna.com"
20.171.207.122 - - [17/Apr/2025:01:00:33 -0400] "GET /wp-json/wp/v2/posts/1101 HTTP/1.1" 200 4052 "-" "Mozilla/5.0 AppleWebKit/537.36 (KHTML, like Gecko; compatible; GPTBot/1.2; +https://openai.com/gptbot)"
198.54.114.83 - - [17/Apr/2025:01:01:57 -0400] "POST /wp-cron.php?doing_wp_cron=1744866114.4389851093292236328125 HTTP/1.1" 200 0 "-" "WordPress/6.8; https://fileluna.com"
114.119.149.81 - - [17/Apr/2025:01:01:50 -0400] "GET /in-todays-fast-paced-world/ HTTP/1.1" 200 12145 "https://fileluna.com/category/arts-entertainments/page/45/" "Mozilla/5.0 (Linux; Android 7.0;) AppleWebKit/537.36 (KHTML, like Gecko) Mobile Safari/537.36 (compatible; PetalBot;+https://webmaster.petalsearch.com/site/petalbot)"
198.54.114.83 - - [17/Apr/2025:01:03:14 -0400] "POST /wp-cron.php?doing_wp_cron=1744866193.3015439510345458984375 HTTP/1.1" 200 0 "-" "WordPress/6.8; https://fileluna.com"
20.171.207.122 - - [17/Apr/2025:01:03:15 -0400] "GET /?p=1097 HTTP/1.1" 301 0 "-" "Mozilla/5.0 AppleWebKit/537.36 (KHTML, like Gecko; compatible; GPTBot/1.2; +https://openai.com/gptbot)"
114.119.132.163 - - [17/Apr/2025:01:03:13 -0400] "GET /author/admin/page/23/ HTTP/1.1" 200 11454 "https://fileluna.com/author/admin/page/21/" "Mozilla/5.0 (Linux; Android 7.0;) AppleWebKit/537.36 (KHTML, like Gecko) Mobile Safari/537.36 (compatible; PetalBot;+https://webmaster.petalsearch.com/site/petalbot)"
20.171.207.122 - - [17/Apr/2025:01:03:36 -0400] "GET /?p=1148 HTTP/1.1" 301 0 "-" "Mozilla/5.0 AppleWebKit/537.36 (KHTML, like Gecko; compatible; GPTBot/1.2; +https://openai.com/gptbot)"
20.171.207.122 - - [17/Apr/2025:01:03:59 -0400] "GET /?p=1088 HTTP/1.1" 301 0 "-" "Mozilla/5.0 AppleWebKit/537.36 (KHTML, like Gecko; compatible; GPTBot/1.2; +https://openai.com/gptbot)"
20.171.207.122 - - [17/Apr/2025:01:04:21 -0400] "GET /?p=930 HTTP/1.1" 301 0 "-" "Mozilla/5.0 AppleWebKit/537.36 (KHTML, like Gecko; compatible; GPTBot/1.2; +https://openai.com/gptbot)"
198.54.114.83 - - [17/Apr/2025:01:04:25 -0400] "POST /wp-cron.php?doing_wp_cron=1744866261.9588589668273925781250 HTTP/1.1" 200 0 "-" "WordPress/6.8; https://fileluna.com"
20.171.207.122 - - [17/Apr/2025:01:04:44 -0400] "GET /the-role-of-a-midwife-in-modern-healthcare/feed/ HTTP/1.1" 200 409 "-" "Mozilla/5.0 AppleWebKit/537.36 (KHTML, like Gecko; compatible; GPTBot/1.2; +https://openai.com/gptbot)"
20.171.207.122 - - [17/Apr/2025:01:05:08 -0400] "GET /eft-tapping-in-singapore-and-its-growing-popularity/ HTTP/1.1" 200 12178 "-" "Mozilla/5.0 AppleWebKit/537.36 (KHTML, like Gecko; compatible; GPTBot/1.2; +https://openai.com/gptbot)"
3.145.45.205 - - [17/Apr/2025:01:05:09 -0400] "GET /wp-json/wp/v2/posts/47 HTTP/1.1" 200 4635 "-" "Mozilla/5.0 AppleWebKit/537.36 (KHTML, like Gecko; compatible; ClaudeBot/1.0; +claudebot@anthropic.com)"
20.171.207.122 - - [17/Apr/2025:01:05:30 -0400] "GET /relax-and-recharges-with-a-business-trip-massage/ HTTP/1.1" 200 12073 "-" "Mozilla/5.0 AppleWebKit/537.36 (KHTML, like Gecko; compatible; GPTBot/1.2; +https://openai.com/gptbot)"
198.54.114.83 - - [17/Apr/2025:01:05:35 -0400] "POST /wp-cron.php?doing_wp_cron=1744866331.3957700729370117187500 HTTP/1.1" 200 0 "-" "WordPress/6.8; https://fileluna.com"
43.135.186.135 - - [17/Apr/2025:01:05:51 -0400] "GET /dream-homes-await-in-southern-spain/ HTTP/1.1" 200 12324 "-" "Mozilla/5.0 (iPhone; CPU iPhone OS 13_2_3 like Mac OS X) AppleWebKit/605.1.15 (KHTML, like Gecko) Version/13.0.3 Mobile/15E148 Safari/604.1"
20.171.207.122 - - [17/Apr/2025:01:05:53 -0400] "GET /the-perfect-baby-stroller-for-every-parent/feed/ HTTP/1.1" 200 408 "-" "Mozilla/5.0 AppleWebKit/537.36 (KHTML, like Gecko; compatible; GPTBot/1.2; +https://openai.com/gptbot)"
20.171.207.122 - - [17/Apr/2025:01:07:28 -0400] "GET /xmlrpc.php HTTP/1.1" 405 46 "-" "Mozilla/5.0 AppleWebKit/537.36 (KHTML, like Gecko; compatible; GPTBot/1.2; +https://openai.com/gptbot)"
198.54.114.83 - - [17/Apr/2025:01:07:34 -0400] "POST /wp-cron.php?doing_wp_cron=1744866452.6553590297698974609375 HTTP/1.1" 200 0 "-" "WordPress/6.8; https://fileluna.com"
20.171.207.122 - - [17/Apr/2025:01:07:53 -0400] "GET /intelligent-ai-agents-shaping-future-technologies/ HTTP/1.1" 200 12442 "-" "Mozilla/5.0 AppleWebKit/537.36 (KHTML, like Gecko; compatible; GPTBot/1.2; +https://openai.com/gptbot)"
20.171.207.122 - - [17/Apr/2025:01:08:13 -0400] "GET /a-vital-step-for-manufacturers/feed/ HTTP/1.1" 200 392 "-" "Mozilla/5.0 AppleWebKit/537.36 (KHTML, like Gecko; compatible; GPTBot/1.2; +https://openai.com/gptbot)"
198.54.114.83 - - [17/Apr/2025:01:08:37 -0400] "POST /wp-cron.php?doing_wp_cron=1744866515.6160359382629394531250 HTTP/1.1" 200 0 "-" "WordPress/6.8; https://fileluna.com"
20.171.207.122 - - [17/Apr/2025:01:08:35 -0400] "GET /mocra-regulations-and-compliance-framework/ HTTP/1.1" 200 12350 "-" "Mozilla/5.0 AppleWebKit/537.36 (KHTML, like Gecko; compatible; GPTBot/1.2; +https://openai.com/gptbot)"
20.171.207.122 - - [17/Apr/2025:01:08:55 -0400] "GET /der-weg-zum-gitarrenspiel/feed/ HTTP/1.1" 200 383 "-" "Mozilla/5.0 AppleWebKit/537.36 (KHTML, like Gecko; compatible; GPTBot/1.2; +https://openai.com/gptbot)"
198.54.114.83 - - [17/Apr/2025:01:09:39 -0400] "POST /wp-cron.php?doing_wp_cron=1744866578.4608008861541748046875 HTTP/1.1" 200 0 "-" "WordPress/6.8; https://fileluna.com"
198.54.114.83 - - [17/Apr/2025:01:09:39 -0400] "POST /wp-cron.php?doing_wp_cron=1744866578.4736330509185791015625 HTTP/1.1" 200 0 "-" "WordPress/6.8; https://fileluna.com"
85.215.162.226 - - [17/Apr/2025:01:09:38 -0400] "POST /wp-login.php HTTP/1.1" 200 1884 "-" "Mozilla/5.0"
85.215.162.226 - - [17/Apr/2025:01:09:38 -0400] "POST /wp-login.php HTTP/1.1" 200 1883 "-" "Mozilla/5.0"
198.54.114.83 - - [17/Apr/2025:01:09:41 -0400] "POST /wp-admin/admin-ajax.php?action=async_litespeed&nonce=X5qLFy1YZIp7kyeuBVZJHDqy2JxisSyn&litespeed_type=imgoptm HTTP/1.1" 200 0 "-" "WordPress/6.8; https://fileluna.com"
20.171.207.122 - - [17/Apr/2025:01:11:42 -0400] "GET /?p=1085 HTTP/1.1" 301 0 "-" "Mozilla/5.0 AppleWebKit/537.36 (KHTML, like Gecko; compatible; GPTBot/1.2; +https://openai.com/gptbot)"
198.54.114.83 - - [17/Apr/2025:01:11:49 -0400] "POST /wp-cron.php?doing_wp_cron=1744866707.0970699787139892578125 HTTP/1.1" 200 0 "-" "WordPress/6.8; https://fileluna.com"
20.171.207.122 - - [17/Apr/2025:01:12:08 -0400] "GET /?p=1200 HTTP/1.1" 301 0 "-" "Mozilla/5.0 AppleWebKit/537.36 (KHTML, like Gecko; compatible; GPTBot/1.2; +https://openai.com/gptbot)"
20.171.207.122 - - [17/Apr/2025:01:12:30 -0400] "GET /?p=931 HTTP/1.1" 301 0 "-" "Mozilla/5.0 AppleWebKit/537.36 (KHTML, like Gecko; compatible; GPTBot/1.2; +https://openai.com/gptbot)"
20.171.207.122 - - [17/Apr/2025:01:12:52 -0400] "GET /eft-tapping-in-singapore-and-its-growing-popularity/feed/ HTTP/1.1" 200 421 "-" "Mozilla/5.0 AppleWebKit/537.36 (KHTML, like Gecko; compatible; GPTBot/1.2; +https://openai.com/gptbot)"
198.54.114.83 - - [17/Apr/2025:01:12:55 -0400] "POST /wp-cron.php?doing_wp_cron=1744866773.0031979084014892578125 HTTP/1.1" 200 0 "-" "WordPress/6.8; https://fileluna.com"
20.171.207.122 - - [17/Apr/2025:01:13:17 -0400] "GET /%ec%b6%9c%ec%9e%a5%ec%95%88%eb%a7%88/ HTTP/1.1" 200 11589 "-" "Mozilla/5.0 AppleWebKit/537.36 (KHTML, like Gecko; compatible; GPTBot/1.2; +https://openai.com/gptbot)"
20.171.207.122 - - [17/Apr/2025:01:13:40 -0400] "GET /the-essentials-of-werkplekbeheer-for-modern-work-environments/ HTTP/1.1" 200 12314 "-" "Mozilla/5.0 AppleWebKit/537.36 (KHTML, like Gecko; compatible; GPTBot/1.2; +https://openai.com/gptbot)"
20.171.207.122 - - [17/Apr/2025:01:14:01 -0400] "GET /relax-and-recharges-with-a-business-trip-massage/feed/ HTTP/1.1" 200 414 "-" "Mozilla/5.0 AppleWebKit/537.36 (KHTML, like Gecko; compatible; GPTBot/1.2; +https://openai.com/gptbot)"
198.54.114.83 - - [17/Apr/2025:01:14:05 -0400] "POST /wp-cron.php?doing_wp_cron=1744866841.8552029132843017578125 HTTP/1.1" 200 0 "-" "WordPress/6.8; https://fileluna.com"
20.171.207.122 - - [17/Apr/2025:01:14:24 -0400] "GET /intelligent-ai-agents-shaping-future-technologies/feed/ HTTP/1.1" 200 402 "-" "Mozilla/5.0 AppleWebKit/537.36 (KHTML, like Gecko; compatible; GPTBot/1.2; +https://openai.com/gptbot)"
20.171.207.122 - - [17/Apr/2025:01:16:00 -0400] "GET /?p=1142 HTTP/1.1" 301 0 "-" "Mozilla/5.0 AppleWebKit/537.36 (KHTML, like Gecko; compatible; GPTBot/1.2; +https://openai.com/gptbot)"
198.54.114.83 - - [17/Apr/2025:01:16:07 -0400] "POST /wp-cron.php?doing_wp_cron=1744866963.5989410877227783203125 HTTP/1.1" 200 0 "-" "WordPress/6.8; https://fileluna.com"
20.171.207.122 - - [17/Apr/2025:01:16:31 -0400] "GET /mocra-regulations-and-compliance-framework/feed/ HTTP/1.1" 200 401 "-" "Mozilla/5.0 AppleWebKit/537.36 (KHTML, like Gecko; compatible; GPTBot/1.2; +https://openai.com/gptbot)"
138.246.253.24 - - [17/Apr/2025:01:16:52 -0400] "GET /robots.txt HTTP/1.1" 304 0 "-" "Mozilla/5.0 (Windows NT 10.0; Win64; x64) AppleWebKit/537.36 (KHTML, like Gecko) Chrome/103.0.5060.134 Safari/537.36"
20.171.207.122 - - [17/Apr/2025:01:16:52 -0400] "GET /exploring-the-world-of-online-betting/ HTTP/1.1" 200 11946 "-" "Mozilla/5.0 AppleWebKit/537.36 (KHTML, like Gecko; compatible; GPTBot/1.2; +https://openai.com/gptbot)"
114.119.132.228 - - [17/Apr/2025:01:17:00 -0400] "GET /finding-the-right-massage-options/ HTTP/1.1" 200 11807 "https://fileluna.com/category/arts-entertainments/page/22/" "Mozilla/5.0 (Linux; Android 7.0;) AppleWebKit/537.36 (KHTML, like Gecko) Mobile Safari/537.36 (compatible; PetalBot;+https://webmaster.petalsearch.com/site/petalbot)"
20.171.207.122 - - [17/Apr/2025:01:17:14 -0400] "GET /xmlrpc.php HTTP/1.1" 405 46 "-" "Mozilla/5.0 AppleWebKit/537.36 (KHTML, like Gecko; compatible; GPTBot/1.2; +https://openai.com/gptbot)"
198.54.114.83 - - [17/Apr/2025:01:17:18 -0400] "POST /wp-cron.php?doing_wp_cron=1744867035.0428650379180908203125 HTTP/1.1" 200 0 "-" "WordPress/6.8; https://fileluna.com"
20.171.207.122 - - [17/Apr/2025:01:17:37 -0400] "GET /wp-json/wp/v2/posts/1088 HTTP/1.1" 200 5423 "-" "Mozilla/5.0 AppleWebKit/537.36 (KHTML, like Gecko; compatible; GPTBot/1.2; +https://openai.com/gptbot)"
216.244.66.246 - - [17/Apr/2025:01:18:16 -0400] "GET /robots.txt HTTP/1.1" 304 0 "-" "Mozilla/5.0 (compatible; DotBot/1.2; +https://opensiteexplorer.org/dotbot; help@moz.com)"
43.166.129.247 - - [17/Apr/2025:01:19:20 -0400] "GET /the-role-of-metabolic-labs-in-modern-health-care/feed/ HTTP/1.1" 200 421 "-" "Mozilla/5.0 (iPhone; CPU iPhone OS 13_2_3 like Mac OS X) AppleWebKit/605.1.15 (KHTML, like Gecko) Version/13.0.3 Mobile/15E148 Safari/604.1"
20.171.207.122 - - [17/Apr/2025:01:20:05 -0400] "GET /?p=1083 HTTP/1.1" 301 0 "-" "Mozilla/5.0 AppleWebKit/537.36 (KHTML, like Gecko; compatible; GPTBot/1.2; +https://openai.com/gptbot)"
198.54.114.83 - - [17/Apr/2025:01:20:16 -0400] "POST /wp-cron.php?doing_wp_cron=1744867209.9514310359954833984375 HTTP/1.1" 200 0 "-" "WordPress/6.8; https://fileluna.com"
20.171.207.122 - - [17/Apr/2025:01:20:35 -0400] "GET /?p=934 HTTP/1.1" 301 0 "-" "Mozilla/5.0 AppleWebKit/537.36 (KHTML, like Gecko; compatible; GPTBot/1.2; +https://openai.com/gptbot)"
85.215.162.226 - - [17/Apr/2025:01:20:46 -0400] "POST /wp-login.php HTTP/1.1" 200 1884 "-" "Mozilla/5.0"
85.215.162.226 - - [17/Apr/2025:01:20:46 -0400] "POST /wp-login.php HTTP/1.1" 200 1883 "-" "Mozilla/5.0"
20.171.207.122 - - [17/Apr/2025:01:20:56 -0400] "GET /the-essentials-of-werkplekbeheer-for-modern-work-environments/feed/ HTTP/1.1" 200 418 "-" "Mozilla/5.0 AppleWebKit/537.36 (KHTML, like Gecko; compatible; GPTBot/1.2; +https://openai.com/gptbot)"
20.171.207.122 - - [17/Apr/2025:01:21:17 -0400] "GET /%EC%B6%9C%EC%9E%A5%EC%95%88%EB%A7%88/ HTTP/1.1" 200 11621 "-" "Mozilla/5.0 AppleWebKit/537.36 (KHTML, like Gecko; compatible; GPTBot/1.2; +https://openai.com/gptbot)"
198.54.114.83 - - [17/Apr/2025:01:21:39 -0400] "POST /wp-cron.php?doing_wp_cron=1744867298.0190360546112060546875 HTTP/1.1" 200 0 "-" "WordPress/6.8; https://fileluna.com"
20.171.207.122 - - [17/Apr/2025:01:21:37 -0400] "GET /optimizing-business-efficiency-with-fractional-hr-services/ HTTP/1.1" 200 12106 "-" "Mozilla/5.0 AppleWebKit/537.36 (KHTML, like Gecko; compatible; GPTBot/1.2; +https://openai.com/gptbot)"
20.171.207.122 - - [17/Apr/2025:01:22:00 -0400] "GET /the-importance-of-business-trip-massage-3/ HTTP/1.1" 200 12032 "-" "Mozilla/5.0 AppleWebKit/537.36 (KHTML, like Gecko; compatible; GPTBot/1.2; +https://openai.com/gptbot)"
20.171.207.122 - - [17/Apr/2025:01:22:21 -0400] "GET /%ec%b6%9c%ec%9e%a5%ec%95%88%eb%a7%88/feed/ HTTP/1.1" 200 411 "-" "Mozilla/5.0 AppleWebKit/537.36 (KHTML, like Gecko; compatible; GPTBot/1.2; +https://openai.com/gptbot)"
20.171.207.122 - - [17/Apr/2025:01:24:05 -0400] "GET /?p=1099 HTTP/1.1" 301 0 "-" "Mozilla/5.0 AppleWebKit/537.36 (KHTML, like Gecko; compatible; GPTBot/1.2; +https://openai.com/gptbot)"
198.54.114.83 - - [17/Apr/2025:01:24:14 -0400] "POST /wp-cron.php?doing_wp_cron=1744867450.4140150547027587890625 HTTP/1.1" 200 0 "-" "WordPress/6.8; https://fileluna.com"
20.171.207.122 - - [17/Apr/2025:01:24:36 -0400] "GET /exploring-the-world-of-online-betting/feed/ HTTP/1.1" 200 399 "-" "Mozilla/5.0 AppleWebKit/537.36 (KHTML, like Gecko; compatible; GPTBot/1.2; +https://openai.com/gptbot)"
20.171.207.122 - - [17/Apr/2025:01:25:06 -0400] "GET /wp-json/wp/v2/posts/1142 HTTP/1.1" 200 5370 "-" "Mozilla/5.0 AppleWebKit/537.36 (KHTML, like Gecko; compatible; GPTBot/1.2; +https://openai.com/gptbot)"
20.171.207.122 - - [17/Apr/2025:01:25:32 -0400] "GET /wp-json/wp/v2/posts/1148 HTTP/1.1" 200 4586 "-" "Mozilla/5.0 AppleWebKit/537.36 (KHTML, like Gecko; compatible; GPTBot/1.2; +https://openai.com/gptbot)"
20.171.207.122 - - [17/Apr/2025:01:26:01 -0400] "GET /wp-json/wp/v2/posts/1158 HTTP/1.1" 200 5271 "-" "Mozilla/5.0 AppleWebKit/537.36 (KHTML, like Gecko; compatible; GPTBot/1.2; +https://openai.com/gptbot)"
43.135.135.57 - - [17/Apr/2025:01:28:00 -0400] "GET /category/shopping-product-reviews/feed/ HTTP/1.1" 200 456 "-" "Mozilla/5.0 (iPhone; CPU iPhone OS 13_2_3 like Mac OS X) AppleWebKit/605.1.15 (KHTML, like Gecko) Version/13.0.3 Mobile/15E148 Safari/604.1"
20.171.207.122 - - [17/Apr/2025:01:28:12 -0400] "GET /?p=1082 HTTP/1.1" 301 0 "-" "Mozilla/5.0 AppleWebKit/537.36 (KHTML, like Gecko; compatible; GPTBot/1.2; +https://openai.com/gptbot)"
20.171.207.122 - - [17/Apr/2025:01:28:41 -0400] "GET /versatile-2-in-1-stroller-carrycot-for-modern-parents/ HTTP/1.1" 200 11931 "-" "Mozilla/5.0 AppleWebKit/537.36 (KHTML, like Gecko; compatible; GPTBot/1.2; +https://openai.com/gptbot)"
20.171.207.122 - - [17/Apr/2025:01:29:12 -0400] "GET /?p=936 HTTP/1.1" 301 0 "-" "Mozilla/5.0 AppleWebKit/537.36 (KHTML, like Gecko; compatible; GPTBot/1.2; +https://openai.com/gptbot)"
20.171.207.122 - - [17/Apr/2025:01:29:41 -0400] "GET /optimizing-business-efficiency-with-fractional-hr-services/feed/ HTTP/1.1" 200 413 "-" "Mozilla/5.0 AppleWebKit/537.36 (KHTML, like Gecko; compatible; GPTBot/1.2; +https://openai.com/gptbot)"
20.171.207.122 - - [17/Apr/2025:01:30:10 -0400] "GET /the-importance-of-business-trip-massage-3/feed/ HTTP/1.1" 200 402 "-" "Mozilla/5.0 AppleWebKit/537.36 (KHTML, like Gecko; compatible; GPTBot/1.2; +https://openai.com/gptbot)"
20.171.207.122 - - [17/Apr/2025:01:30:39 -0400] "GET /the-need-for-professional-bodyguards-in-london/ HTTP/1.1" 200 12369 "-" "Mozilla/5.0 AppleWebKit/537.36 (KHTML, like Gecko; compatible; GPTBot/1.2; +https://openai.com/gptbot)"
20.171.207.122 - - [17/Apr/2025:01:31:08 -0400] "GET /xmlrpc.php HTTP/1.1" 405 46 "-" "Mozilla/5.0 AppleWebKit/537.36 (KHTML, like Gecko; compatible; GPTBot/1.2; +https://openai.com/gptbot)"
85.215.162.226 - - [17/Apr/2025:01:31:46 -0400] "POST /wp-login.php HTTP/1.1" 200 1884 "-" "Mozilla/5.0"
85.215.162.226 - - [17/Apr/2025:01:31:46 -0400] "POST /wp-login.php HTTP/1.1" 200 1883 "-" "Mozilla/5.0"
198.54.114.83 - - [17/Apr/2025:01:32:18 -0400] "POST /wp-cron.php?doing_wp_cron=1744867935.3828070163726806640625 HTTP/1.1" 200 0 "-" "WordPress/6.8; https://fileluna.com"
20.171.207.122 - - [17/Apr/2025:01:32:14 -0400] "GET /?p=938 HTTP/1.1" 301 0 "-" "Mozilla/5.0 AppleWebKit/537.36 (KHTML, like Gecko; compatible; GPTBot/1.2; +https://openai.com/gptbot)"
20.171.207.122 - - [17/Apr/2025:01:32:49 -0400] "GET /the-versatility-of-the-poussette-nacelle-2-en-1/ HTTP/1.1" 200 12302 "-" "Mozilla/5.0 AppleWebKit/537.36 (KHTML, like Gecko; compatible; GPTBot/1.2; +https://openai.com/gptbot)"
20.171.207.122 - - [17/Apr/2025:01:33:20 -0400] "GET /versatile-2-in-1-stroller-carrycot-for-modern-parents/feed/ HTTP/1.1" 200 415 "-" "Mozilla/5.0 AppleWebKit/537.36 (KHTML, like Gecko; compatible; GPTBot/1.2; +https://openai.com/gptbot)"
198.54.114.83 - - [17/Apr/2025:01:33:28 -0400] "POST /wp-cron.php?doing_wp_cron=1744868002.1035480499267578125000 HTTP/1.1" 200 0 "-" "WordPress/6.8; https://fileluna.com"
20.171.207.122 - - [17/Apr/2025:01:33:49 -0400] "GET /wp-json/wp/v2/posts/1182 HTTP/1.1" 200 4151 "-" "Mozilla/5.0 AppleWebKit/537.36 (KHTML, like Gecko; compatible; GPTBot/1.2; +https://openai.com/gptbot)"
20.171.207.122 - - [17/Apr/2025:01:34:15 -0400] "GET /wp-json/wp/v2/posts/1200 HTTP/1.1" 200 5309 "-" "Mozilla/5.0 AppleWebKit/537.36 (KHTML, like Gecko; compatible; GPTBot/1.2; +https://openai.com/gptbot)"
2001:470:1:b95::6876 - - [17/Apr/2025:01:36:18 -0400] "GET /ads.txt HTTP/1.1" 404 8954 "-" "Mozilla/5.0 (compatible; ev-crawler/1.0; +https://headline.com/legal/crawler)"
20.171.207.122 - - [17/Apr/2025:01:36:34 -0400] "GET /?p=1080 HTTP/1.1" 301 0 "-" "Mozilla/5.0 AppleWebKit/537.36 (KHTML, like Gecko; compatible; GPTBot/1.2; +https://openai.com/gptbot)"
20.171.207.122 - - [17/Apr/2025:01:37:07 -0400] "GET /the-need-for-professional-bodyguards-in-london/feed/ HTTP/1.1" 200 407 "-" "Mozilla/5.0 AppleWebKit/537.36 (KHTML, like Gecko; compatible; GPTBot/1.2; +https://openai.com/gptbot)"
20.171.207.122 - - [17/Apr/2025:01:37:43 -0400] "GET /the-functionality-of-paper-sheeter-machines/ HTTP/1.1" 200 12386 "-" "Mozilla/5.0 AppleWebKit/537.36 (KHTML, like Gecko; compatible; GPTBot/1.2; +https://openai.com/gptbot)"
198.54.114.83 - - [17/Apr/2025:01:37:50 -0400] "POST /wp-cron.php?doing_wp_cron=1744868264.1172618865966796875000 HTTP/1.1" 200 0 "-" "WordPress/6.8; https://fileluna.com"
20.171.207.122 - - [17/Apr/2025:01:38:15 -0400] "GET /wp-json/wp/v2/posts/1103 HTTP/1.1" 200 4167 "-" "Mozilla/5.0 AppleWebKit/537.36 (KHTML, like Gecko; compatible; GPTBot/1.2; +https://openai.com/gptbot)"
20.171.207.122 - - [17/Apr/2025:01:39:00 -0400] "GET /wp-json/wp/v2/posts/1180 HTTP/1.1" 200 4266 "-" "Mozilla/5.0 AppleWebKit/537.36 (KHTML, like Gecko; compatible; GPTBot/1.2; +https://openai.com/gptbot)"
20.171.207.122 - - [17/Apr/2025:01:40:05 -0400] "GET /wp-json/wp/v2/posts/1099 HTTP/1.1" 200 4052 "-" "Mozilla/5.0 AppleWebKit/537.36 (KHTML, like Gecko; compatible; GPTBot/1.2; +https://openai.com/gptbot)"
114.119.149.81 - - [17/Apr/2025:01:40:03 -0400] "GET /unveiling-the-potential-of-fenbendazole-in-pancreatic-cancer-treatment/ HTTP/1.1" 200 12089 "https://fileluna.com/category/arts-entertainments/page/45/" "Mozilla/5.0 (Linux; Android 7.0;) AppleWebKit/537.36 (KHTML, like Gecko) Mobile Safari/537.36 (compatible; PetalBot;+https://webmaster.petalsearch.com/site/petalbot)"
20.171.207.122 - - [17/Apr/2025:01:40:29 -0400] "GET /?p=939 HTTP/1.1" 301 0 "-" "Mozilla/5.0 AppleWebKit/537.36 (KHTML, like Gecko; compatible; GPTBot/1.2; +https://openai.com/gptbot)"
20.171.207.122 - - [17/Apr/2025:01:40:38 -0400] "GET /wp-json/wp/v2/posts/1080 HTTP/1.1" 200 5177 "-" "Mozilla/5.0 AppleWebKit/537.36 (KHTML, like Gecko; compatible; GPTBot/1.2; +https://openai.com/gptbot)"
43.166.136.153 - - [17/Apr/2025:01:40:52 -0400] "GET /category/shopping-product-reviews/ HTTP/1.1" 200 9648 "-" "Mozilla/5.0 (iPhone; CPU iPhone OS 13_2_3 like Mac OS X) AppleWebKit/605.1.15 (KHTML, like Gecko) Version/13.0.3 Mobile/15E148 Safari/604.1"
20.171.207.122 - - [17/Apr/2025:01:40:59 -0400] "GET /unlock-the-best-deals-with-culture-gift-certificate-discount/ HTTP/1.1" 200 12057 "-" "Mozilla/5.0 AppleWebKit/537.36 (KHTML, like Gecko; compatible; GPTBot/1.2; +https://openai.com/gptbot)"
114.119.129.34 - - [17/Apr/2025:01:41:26 -0400] "GET /meisterhafte-verhandlungen-ein-leitfaden-fur-einkaufstrainings/ HTTP/1.1" 200 11858 "https://fileluna.com/page/44/" "Mozilla/5.0 (Linux; Android 7.0;) AppleWebKit/537.36 (KHTML, like Gecko) Mobile Safari/537.36 (compatible; PetalBot;+https://webmaster.petalsearch.com/site/petalbot)"
20.171.207.122 - - [17/Apr/2025:01:41:38 -0400] "GET /the-versatility-of-the-poussette-nacelle-2-en-1/feed/ HTTP/1.1" 200 410 "-" "Mozilla/5.0 AppleWebKit/537.36 (KHTML, like Gecko; compatible; GPTBot/1.2; +https://openai.com/gptbot)"
20.171.207.122 - - [17/Apr/2025:01:42:06 -0400] "GET /xmlrpc.php HTTP/1.1" 405 46 "-" "Mozilla/5.0 AppleWebKit/537.36 (KHTML, like Gecko; compatible; GPTBot/1.2; +https://openai.com/gptbot)"
85.215.162.226 - - [17/Apr/2025:01:42:28 -0400] "POST /wp-login.php HTTP/1.1" 200 1883 "-" "Mozilla/5.0"
85.215.162.226 - - [17/Apr/2025:01:42:28 -0400] "POST /wp-login.php HTTP/1.1" 200 1884 "-" "Mozilla/5.0"
114.119.149.81 - - [17/Apr/2025:01:42:59 -0400] "GET /gitarrenunterricht-in-dusseldorf-entdecken-sie-ihre-leidenschaft-fur-musik/ HTTP/1.1" 200 11910 "https://fileluna.com/2024/01/page/3/" "Mozilla/5.0 (Linux; Android 7.0;) AppleWebKit/537.36 (KHTML, like Gecko) Mobile Safari/537.36 (compatible; PetalBot;+https://webmaster.petalsearch.com/site/petalbot)"
157.245.68.177 - - [17/Apr/2025:01:43:49 -0400] "GET / HTTP/1.1" 200 0 "-" "Mozilla/5.0 (compatible)"
114.119.129.198 - - [17/Apr/2025:01:44:21 -0400] "GET /2024/page/37/ HTTP/1.1" 200 11579 "https://fileluna.com/2024/page/40/" "Mozilla/5.0 (Linux; Android 7.0;) AppleWebKit/537.36 (KHTML, like Gecko) Mobile Safari/537.36 (compatible; PetalBot;+https://webmaster.petalsearch.com/site/petalbot)"
20.171.207.122 - - [17/Apr/2025:01:44:35 -0400] "GET /maximizing-efficiency-through-outsourced-ict-solutions/ HTTP/1.1" 200 12202 "-" "Mozilla/5.0 AppleWebKit/537.36 (KHTML, like Gecko; compatible; GPTBot/1.2; +https://openai.com/gptbot)"
20.171.207.122 - - [17/Apr/2025:01:45:07 -0400] "GET /?p=1076 HTTP/1.1" 301 0 "-" "Mozilla/5.0 AppleWebKit/537.36 (KHTML, like Gecko; compatible; GPTBot/1.2; +https://openai.com/gptbot)"
132.145.196.107 - - [17/Apr/2025:01:45:30 -0400] "POST /xmlrpc.php HTTP/1.1" 200 205 "-" "Mozilla/5.0 (X11; Gentoo; Linux x86_64; rv:91.0) Gecko/20100101 Firefox/91.0"
20.171.207.122 - - [17/Apr/2025:01:45:34 -0400] "GET /the-functionality-of-paper-sheeter-machines/feed/ HTTP/1.1" 200 405 "-" "Mozilla/5.0 AppleWebKit/537.36 (KHTML, like Gecko; compatible; GPTBot/1.2; +https://openai.com/gptbot)"
114.119.137.80 - - [17/Apr/2025:01:45:48 -0400] "GET /2024/page/26/ HTTP/1.1" 200 11372 "https://fileluna.com/2024/page/28/" "Mozilla/5.0 (Linux; Android 7.0;) AppleWebKit/537.36 (KHTML, like Gecko) Mobile Safari/537.36 (compatible; PetalBot;+https://webmaster.petalsearch.com/site/petalbot)"
20.171.207.122 - - [17/Apr/2025:01:46:02 -0400] "GET /wp-json/wp/v2/posts/1196 HTTP/1.1" 200 5044 "-" "Mozilla/5.0 AppleWebKit/537.36 (KHTML, like Gecko; compatible; GPTBot/1.2; +https://openai.com/gptbot)"
20.171.207.122 - - [17/Apr/2025:01:46:34 -0400] "GET /wp-json/wp/v2/posts/1092 HTTP/1.1" 200 5252 "-" "Mozilla/5.0 AppleWebKit/537.36 (KHTML, like Gecko; compatible; GPTBot/1.2; +https://openai.com/gptbot)"
20.171.207.122 - - [17/Apr/2025:01:47:05 -0400] "GET /wp-json/wp/v2/posts/1160 HTTP/1.1" 200 5069 "-" "Mozilla/5.0 AppleWebKit/537.36 (KHTML, like Gecko; compatible; GPTBot/1.2; +https://openai.com/gptbot)"
