20.171.207.122 - - [17/Apr/2025:13:58:20 -0400] "GET /fire-watch-services-fort-worth-safeguarding-your-property/ HTTP/1.1" 200 11952 "-" "Mozilla/5.0 AppleWebKit/537.36 (KHTML, like Gecko; compatible; GPTBot/1.2; +https://openai.com/gptbot)"
20.171.207.122 - - [17/Apr/2025:13:59:11 -0400] "GET /une-alternative-elegante-panneaux-en-pvc-effet-marbre/ HTTP/1.1" 200 11787 "-" "Mozilla/5.0 AppleWebKit/537.36 (KHTML, like Gecko; compatible; GPTBot/1.2; +https://openai.com/gptbot)"
216.244.66.246 - - [17/Apr/2025:13:59:46 -0400] "GET /robots.txt HTTP/1.1" 304 0 "-" "Mozilla/5.0 (compatible; DotBot/1.2; +https://opensiteexplorer.org/dotbot; help@moz.com)"
20.171.207.122 - - [17/Apr/2025:14:00:20 -0400] "GET /elegance-et-praticite-le-panneau-pvc-imitation-marbre/ HTTP/1.1" 200 12117 "-" "Mozilla/5.0 AppleWebKit/537.36 (KHTML, like Gecko; compatible; GPTBot/1.2; +https://openai.com/gptbot)"
198.54.114.83 - - [17/Apr/2025:14:00:27 -0400] "POST /wp-cron.php?doing_wp_cron=1744912821.1337010860443115234375 HTTP/1.1" 200 0 "-" "WordPress/6.8; https://fileluna.com"
114.119.132.228 - - [17/Apr/2025:14:00:33 -0400] "GET /understanding-electronic-warrants-a-modern-approach-to-law-enforcement/ HTTP/1.1" 200 0 "https://fileluna.com/category/arts-entertainments/page/34/" "Mozilla/5.0 (Linux; Android 7.0;) AppleWebKit/537.36 (KHTML, like Gecko) Mobile Safari/537.36 (compatible; PetalBot;+https://webmaster.petalsearch.com/site/petalbot)"
20.171.207.122 - - [17/Apr/2025:14:01:19 -0400] "GET /?p=477 HTTP/1.1" 301 0 "-" "Mozilla/5.0 AppleWebKit/537.36 (KHTML, like Gecko; compatible; GPTBot/1.2; +https://openai.com/gptbot)"
85.215.162.226 - - [17/Apr/2025:14:02:00 -0400] "POST /wp-login.php HTTP/1.1" 200 1883 "-" "Mozilla/5.0"
85.215.162.226 - - [17/Apr/2025:14:02:00 -0400] "POST /wp-login.php HTTP/1.1" 200 1882 "-" "Mozilla/5.0"
198.54.114.83 - - [17/Apr/2025:14:02:03 -0400] "POST /wp-cron.php?doing_wp_cron=1744912921.1795790195465087890625 HTTP/1.1" 200 0 "-" "WordPress/6.8; https://fileluna.com"
198.54.114.83 - - [17/Apr/2025:14:02:03 -0400] "POST /wp-cron.php?doing_wp_cron=1744912921.1863830089569091796875 HTTP/1.1" 200 0 "-" "WordPress/6.8; https://fileluna.com"
20.171.207.122 - - [17/Apr/2025:14:02:13 -0400] "GET /?p=886 HTTP/1.1" 301 0 "-" "Mozilla/5.0 AppleWebKit/537.36 (KHTML, like Gecko; compatible; GPTBot/1.2; +https://openai.com/gptbot)"
198.54.114.83 - - [17/Apr/2025:14:03:13 -0400] "POST /wp-cron.php?doing_wp_cron=1744912992.0488688945770263671875 HTTP/1.1" 200 0 "-" "WordPress/6.8; https://fileluna.com"
114.119.129.198 - - [17/Apr/2025:14:03:11 -0400] "GET /author/admin/page/42/ HTTP/1.1" 200 11495 "https://fileluna.com/author/admin/page/43/" "Mozilla/5.0 (Linux; Android 7.0;) AppleWebKit/537.36 (KHTML, like Gecko) Mobile Safari/537.36 (compatible; PetalBot;+https://webmaster.petalsearch.com/site/petalbot)"
20.171.207.122 - - [17/Apr/2025:14:03:16 -0400] "GET /?p=900 HTTP/1.1" 301 0 "-" "Mozilla/5.0 AppleWebKit/537.36 (KHTML, like Gecko; compatible; GPTBot/1.2; +https://openai.com/gptbot)"
43.166.247.82 - - [17/Apr/2025:14:04:25 -0400] "GET /category/technology/ HTTP/1.1" 200 9666 "-" "Mozilla/5.0 (iPhone; CPU iPhone OS 13_2_3 like Mac OS X) AppleWebKit/605.1.15 (KHTML, like Gecko) Version/13.0.3 Mobile/15E148 Safari/604.1"
198.54.114.83 - - [17/Apr/2025:14:04:29 -0400] "POST /wp-cron.php?doing_wp_cron=1744913066.2638480663299560546875 HTTP/1.1" 200 0 "-" "WordPress/6.8; https://fileluna.com"
20.171.207.122 - - [17/Apr/2025:14:04:33 -0400] "GET /wp-json/wp/v2/posts/895 HTTP/1.1" 200 4162 "-" "Mozilla/5.0 AppleWebKit/537.36 (KHTML, like Gecko; compatible; GPTBot/1.2; +https://openai.com/gptbot)"
20.171.207.122 - - [17/Apr/2025:14:05:51 -0400] "GET /?p=895 HTTP/1.1" 301 0 "-" "Mozilla/5.0 AppleWebKit/537.36 (KHTML, like Gecko; compatible; GPTBot/1.2; +https://openai.com/gptbot)"
198.54.114.83 - - [17/Apr/2025:14:05:56 -0400] "POST /wp-cron.php?doing_wp_cron=1744913152.2496340274810791015625 HTTP/1.1" 200 0 "-" "WordPress/6.8; https://fileluna.com"
20.171.207.122 - - [17/Apr/2025:14:07:07 -0400] "GET /?p=915 HTTP/1.1" 301 0 "-" "Mozilla/5.0 AppleWebKit/537.36 (KHTML, like Gecko; compatible; GPTBot/1.2; +https://openai.com/gptbot)"
198.54.114.83 - - [17/Apr/2025:14:07:10 -0400] "POST /wp-cron.php?doing_wp_cron=1744913227.7313029766082763671875 HTTP/1.1" 200 0 "-" "WordPress/6.8; https://fileluna.com"
198.54.114.83 - - [17/Apr/2025:14:08:27 -0400] "POST /wp-cron.php?doing_wp_cron=1744913305.9371991157531738281250 HTTP/1.1" 200 0 "-" "WordPress/6.8; https://fileluna.com"
20.171.207.122 - - [17/Apr/2025:14:08:25 -0400] "GET /?p=482 HTTP/1.1" 301 0 "-" "Mozilla/5.0 AppleWebKit/537.36 (KHTML, like Gecko; compatible; GPTBot/1.2; +https://openai.com/gptbot)"
20.171.207.122 - - [17/Apr/2025:14:10:06 -0400] "GET /?p=914 HTTP/1.1" 301 0 "-" "Mozilla/5.0 AppleWebKit/537.36 (KHTML, like Gecko; compatible; GPTBot/1.2; +https://openai.com/gptbot)"
198.54.114.83 - - [17/Apr/2025:14:10:15 -0400] "POST /wp-cron.php?doing_wp_cron=1744913412.3481309413909912109375 HTTP/1.1" 200 0 "-" "WordPress/6.8; https://fileluna.com"
20.171.207.122 - - [17/Apr/2025:14:11:23 -0400] "GET /une-alternative-elegante-panneaux-en-pvc-effet-marbre/ HTTP/1.1" 200 11787 "-" "Mozilla/5.0 AppleWebKit/537.36 (KHTML, like Gecko; compatible; GPTBot/1.2; +https://openai.com/gptbot)"
20.171.207.122 - - [17/Apr/2025:14:11:24 -0400] "GET /find-relief-and-wellness-with-a-chiropractor-in-dubai/feed/ HTTP/1.1" 200 420 "-" "Mozilla/5.0 AppleWebKit/537.36 (KHTML, like Gecko; compatible; GPTBot/1.2; +https://openai.com/gptbot)"
198.54.114.83 - - [17/Apr/2025:14:11:26 -0400] "POST /wp-cron.php?doing_wp_cron=1744913485.0675899982452392578125 HTTP/1.1" 200 0 "-" "WordPress/6.8; https://fileluna.com"
139.59.147.218 - - [17/Apr/2025:14:12:36 -0400] "POST /xmlrpc.php HTTP/1.1" 200 205 "-" "Mozilla/5.0 (X11; Fedora; Linux x86_64; rv:94.0) Gecko/20100101 Firefox/95.0"
198.54.114.83 - - [17/Apr/2025:14:12:40 -0400] "POST /wp-cron.php?doing_wp_cron=1744913557.9192199707031250000000 HTTP/1.1" 200 0 "-" "WordPress/6.8; https://fileluna.com"
20.171.207.122 - - [17/Apr/2025:14:12:49 -0400] "GET /?p=883 HTTP/1.1" 301 0 "-" "Mozilla/5.0 AppleWebKit/537.36 (KHTML, like Gecko; compatible; GPTBot/1.2; +https://openai.com/gptbot)"
20.171.207.122 - - [17/Apr/2025:14:12:50 -0400] "GET /elegance-et-praticite-le-panneau-pvc-imitation-marbre/feed/ HTTP/1.1" 200 431 "-" "Mozilla/5.0 AppleWebKit/537.36 (KHTML, like Gecko; compatible; GPTBot/1.2; +https://openai.com/gptbot)"
85.215.162.226 - - [17/Apr/2025:14:13:05 -0400] "POST /wp-login.php HTTP/1.1" 200 1882 "-" "Mozilla/5.0"
85.215.162.226 - - [17/Apr/2025:14:13:05 -0400] "POST /wp-login.php HTTP/1.1" 200 1883 "-" "Mozilla/5.0"
198.54.114.83 - - [17/Apr/2025:14:14:24 -0400] "POST /wp-cron.php?doing_wp_cron=1744913663.3581719398498535156250 HTTP/1.1" 200 0 "-" "WordPress/6.8; https://fileluna.com"
198.54.114.83 - - [17/Apr/2025:14:14:24 -0400] "POST /wp-cron.php?doing_wp_cron=1744913663.4450318813323974609375 HTTP/1.1" 200 0 "-" "WordPress/6.8; https://fileluna.com"
20.171.207.122 - - [17/Apr/2025:14:14:22 -0400] "GET /une-alternative-elegante-panneaux-en-pvc-effet-marbre/feed/ HTTP/1.1" 200 427 "-" "Mozilla/5.0 AppleWebKit/537.36 (KHTML, like Gecko; compatible; GPTBot/1.2; +https://openai.com/gptbot)"
20.171.207.122 - - [17/Apr/2025:14:14:22 -0400] "GET /?p=492 HTTP/1.1" 301 0 "-" "Mozilla/5.0 AppleWebKit/537.36 (KHTML, like Gecko; compatible; GPTBot/1.2; +https://openai.com/gptbot)"
198.54.114.83 - - [17/Apr/2025:14:14:26 -0400] "POST /wp-admin/admin-ajax.php?action=async_litespeed&nonce=IphdMDUqI2glOEKovfrhL1PLUqvd6S9r&litespeed_type=imgoptm HTTP/1.1" 200 0 "-" "WordPress/6.8; https://fileluna.com"
43.166.239.145 - - [17/Apr/2025:14:14:33 -0400] "GET /gitarrenunterricht-in-dusseldorf-entdecken-sie-ihre-leidenschaft-fur-musik/ HTTP/1.1" 200 11909 "-" "Mozilla/5.0 (iPhone; CPU iPhone OS 13_2_3 like Mac OS X) AppleWebKit/605.1.15 (KHTML, like Gecko) Version/13.0.3 Mobile/15E148 Safari/604.1"
20.171.207.122 - - [17/Apr/2025:14:16:01 -0400] "GET /?p=492 HTTP/1.1" 301 0 "-" "Mozilla/5.0 AppleWebKit/537.36 (KHTML, like Gecko; compatible; GPTBot/1.2; +https://openai.com/gptbot)"
20.171.207.122 - - [17/Apr/2025:14:16:01 -0400] "GET /?p=490 HTTP/1.1" 301 0 "-" "Mozilla/5.0 AppleWebKit/537.36 (KHTML, like Gecko; compatible; GPTBot/1.2; +https://openai.com/gptbot)"
20.171.207.122 - - [17/Apr/2025:14:16:01 -0400] "GET /the-impact-of-steroids-on-health-and-performance-2/feed/ HTTP/1.1" 200 412 "-" "Mozilla/5.0 AppleWebKit/537.36 (KHTML, like Gecko; compatible; GPTBot/1.2; +https://openai.com/gptbot)"
198.54.114.83 - - [17/Apr/2025:14:16:06 -0400] "POST /wp-cron.php?doing_wp_cron=1744913764.1368610858917236328125 HTTP/1.1" 200 0 "-" "WordPress/6.8; https://fileluna.com"
198.54.114.83 - - [17/Apr/2025:14:16:06 -0400] "POST /wp-cron.php?doing_wp_cron=1744913764.1565690040588378906250 HTTP/1.1" 200 0 "-" "WordPress/6.8; https://fileluna.com"
20.171.207.122 - - [17/Apr/2025:14:17:32 -0400] "GET /une-alternative-elegante-panneaux-en-pvc-effet-marbre/feed/ HTTP/1.1" 200 427 "-" "Mozilla/5.0 AppleWebKit/537.36 (KHTML, like Gecko; compatible; GPTBot/1.2; +https://openai.com/gptbot)"
20.171.207.122 - - [17/Apr/2025:14:17:35 -0400] "GET /umzugsunternehmen-in-luneburg-ihr-partner-fur-einen-stressfreien-umzug-2/feed/ HTTP/1.1" 200 446 "-" "Mozilla/5.0 AppleWebKit/537.36 (KHTML, like Gecko; compatible; GPTBot/1.2; +https://openai.com/gptbot)"
20.171.207.122 - - [17/Apr/2025:14:17:37 -0400] "GET /relax-and-recharge-with-a-business-trip-massage/ HTTP/1.1" 200 12115 "-" "Mozilla/5.0 AppleWebKit/537.36 (KHTML, like Gecko; compatible; GPTBot/1.2; +https://openai.com/gptbot)"
198.54.114.83 - - [17/Apr/2025:14:17:40 -0400] "POST /wp-cron.php?doing_wp_cron=1744913858.3712770938873291015625 HTTP/1.1" 200 0 "-" "WordPress/6.8; https://fileluna.com"
198.54.114.83 - - [17/Apr/2025:14:17:40 -0400] "POST /wp-cron.php?doing_wp_cron=1744913858.3618390560150146484375 HTTP/1.1" 200 0 "-" "WordPress/6.8; https://fileluna.com"
20.171.207.122 - - [17/Apr/2025:14:18:37 -0400] "GET /discovering-the-best-extracts-online-in-canada/feed/ HTTP/1.1" 200 407 "-" "Mozilla/5.0 AppleWebKit/537.36 (KHTML, like Gecko; compatible; GPTBot/1.2; +https://openai.com/gptbot)"
198.54.114.83 - - [17/Apr/2025:14:18:40 -0400] "POST /wp-cron.php?doing_wp_cron=1744913919.4539320468902587890625 HTTP/1.1" 200 0 "-" "WordPress/6.8; https://fileluna.com"
198.54.114.83 - - [17/Apr/2025:14:18:40 -0400] "POST /wp-cron.php?doing_wp_cron=1744913919.4837789535522460937500 HTTP/1.1" 200 0 "-" "WordPress/6.8; https://fileluna.com"
20.171.207.122 - - [17/Apr/2025:14:18:40 -0400] "GET /passover-programs-2025-a-new-era-of-celebration/ HTTP/1.1" 200 12020 "-" "Mozilla/5.0 AppleWebKit/537.36 (KHTML, like Gecko; compatible; GPTBot/1.2; +https://openai.com/gptbot)"
20.171.207.122 - - [17/Apr/2025:14:18:39 -0400] "GET /the-best-passover-programs-in-2025-for-unforgettable-experiences/feed/ HTTP/1.1" 200 430 "-" "Mozilla/5.0 AppleWebKit/537.36 (KHTML, like Gecko; compatible; GPTBot/1.2; +https://openai.com/gptbot)"
20.171.207.122 - - [17/Apr/2025:14:18:39 -0400] "GET /correcting-forward-head-posture-a-comprehensive-guide/ HTTP/1.1" 200 11963 "-" "Mozilla/5.0 AppleWebKit/537.36 (KHTML, like Gecko; compatible; GPTBot/1.2; +https://openai.com/gptbot)"
198.54.114.83 - - [17/Apr/2025:14:18:41 -0400] "POST /wp-admin/admin-ajax.php?action=async_litespeed&nonce=tDmtk4aNnKanIDGgLZs4067BTtBfpJgD&litespeed_type=imgoptm HTTP/1.1" 200 0 "-" "WordPress/6.8; https://fileluna.com"
20.171.207.122 - - [17/Apr/2025:14:20:15 -0400] "GET /the-impact-of-steroids-on-health-and-performance/ HTTP/1.1" 200 12131 "-" "Mozilla/5.0 AppleWebKit/537.36 (KHTML, like Gecko; compatible; GPTBot/1.2; +https://openai.com/gptbot)"
20.171.207.122 - - [17/Apr/2025:14:20:15 -0400] "GET /umzug-in-luneburg-diese-umzugsfirmen-bieten-den-besten-service/feed/ HTTP/1.1" 200 432 "-" "Mozilla/5.0 AppleWebKit/537.36 (KHTML, like Gecko; compatible; GPTBot/1.2; +https://openai.com/gptbot)"
20.171.207.122 - - [17/Apr/2025:14:20:15 -0400] "GET /guitarunterricht-in-dusseldorf-ein-weg-zur-musikalitat/ HTTP/1.1" 200 11956 "-" "Mozilla/5.0 AppleWebKit/537.36 (KHTML, like Gecko; compatible; GPTBot/1.2; +https://openai.com/gptbot)"
198.54.114.83 - - [17/Apr/2025:14:20:21 -0400] "POST /wp-cron.php?doing_wp_cron=1744914018.3233389854431152343750 HTTP/1.1" 200 0 "-" "WordPress/6.8; https://fileluna.com"
198.54.114.83 - - [17/Apr/2025:14:20:21 -0400] "POST /wp-cron.php?doing_wp_cron=1744914018.3253829479217529296875 HTTP/1.1" 200 0 "-" "WordPress/6.8; https://fileluna.com"
20.171.207.122 - - [17/Apr/2025:14:21:15 -0400] "GET /?p=921 HTTP/1.1" 301 0 "-" "Mozilla/5.0 AppleWebKit/537.36 (KHTML, like Gecko; compatible; GPTBot/1.2; +https://openai.com/gptbot)"
20.171.207.122 - - [17/Apr/2025:14:21:15 -0400] "GET /rejuvenating-your-business-trip-with-a-relaxing-massage/feed/ HTTP/1.1" 200 418 "-" "Mozilla/5.0 AppleWebKit/537.36 (KHTML, like Gecko; compatible; GPTBot/1.2; +https://openai.com/gptbot)"
20.171.207.122 - - [17/Apr/2025:14:21:31 -0400] "GET /?p=898 HTTP/1.1" 301 0 "-" "Mozilla/5.0 AppleWebKit/537.36 (KHTML, like Gecko; compatible; GPTBot/1.2; +https://openai.com/gptbot)"
198.54.114.83 - - [17/Apr/2025:14:21:33 -0400] "POST /wp-cron.php?doing_wp_cron=1744914091.3660800457000732421875 HTTP/1.1" 200 0 "-" "WordPress/6.8; https://fileluna.com"
20.171.207.122 - - [17/Apr/2025:14:22:24 -0400] "GET /fire-watch-services-fort-worth-safeguarding-your-property/feed/ HTTP/1.1" 200 427 "-" "Mozilla/5.0 AppleWebKit/537.36 (KHTML, like Gecko; compatible; GPTBot/1.2; +https://openai.com/gptbot)"
20.171.207.122 - - [17/Apr/2025:14:22:24 -0400] "GET /relax-and-recharge-with-a-business-trip-massage/feed/ HTTP/1.1" 200 408 "-" "Mozilla/5.0 AppleWebKit/537.36 (KHTML, like Gecko; compatible; GPTBot/1.2; +https://openai.com/gptbot)"
20.171.207.122 - - [17/Apr/2025:14:22:46 -0400] "GET /?p=514 HTTP/1.1" 301 0 "-" "Mozilla/5.0 AppleWebKit/537.36 (KHTML, like Gecko; compatible; GPTBot/1.2; +https://openai.com/gptbot)"
198.54.114.83 - - [17/Apr/2025:14:22:48 -0400] "POST /wp-cron.php?doing_wp_cron=1744914167.0185511112213134765625 HTTP/1.1" 200 0 "-" "WordPress/6.8; https://fileluna.com"
20.171.207.122 - - [17/Apr/2025:14:23:30 -0400] "GET /navigating-the-legal-maze-the-role-of-a-law-tutor/feed/ HTTP/1.1" 200 420 "-" "Mozilla/5.0 AppleWebKit/537.36 (KHTML, like Gecko; compatible; GPTBot/1.2; +https://openai.com/gptbot)"
20.171.207.122 - - [17/Apr/2025:14:23:30 -0400] "GET /passover-programs-2025-a-comprehensive-guide-for-unforgettable-experiences/ HTTP/1.1" 200 12099 "-" "Mozilla/5.0 AppleWebKit/537.36 (KHTML, like Gecko; compatible; GPTBot/1.2; +https://openai.com/gptbot)"
20.171.207.122 - - [17/Apr/2025:14:23:51 -0400] "GET /passover-programs-2025-a-new-era-of-celebration/feed/ HTTP/1.1" 200 405 "-" "Mozilla/5.0 AppleWebKit/537.36 (KHTML, like Gecko; compatible; GPTBot/1.2; +https://openai.com/gptbot)"
198.54.114.83 - - [17/Apr/2025:14:23:56 -0400] "POST /wp-cron.php?doing_wp_cron=1744914231.7944591045379638671875 HTTP/1.1" 200 0 "-" "WordPress/6.8; https://fileluna.com"
85.215.162.226 - - [17/Apr/2025:14:24:12 -0400] "POST /wp-login.php HTTP/1.1" 200 1882 "-" "Mozilla/5.0"
85.215.162.226 - - [17/Apr/2025:14:24:13 -0400] "POST /wp-login.php HTTP/1.1" 200 1883 "-" "Mozilla/5.0"
20.171.207.122 - - [17/Apr/2025:14:24:43 -0400] "GET /the-role-of-law-tutors-in-academic-success/ HTTP/1.1" 200 11893 "-" "Mozilla/5.0 AppleWebKit/537.36 (KHTML, like Gecko; compatible; GPTBot/1.2; +https://openai.com/gptbot)"
20.171.207.122 - - [17/Apr/2025:14:25:02 -0400] "GET /?p=465 HTTP/1.1" 301 0 "-" "Mozilla/5.0 AppleWebKit/537.36 (KHTML, like Gecko; compatible; GPTBot/1.2; +https://openai.com/gptbot)"
198.54.114.83 - - [17/Apr/2025:14:25:08 -0400] "POST /wp-cron.php?doing_wp_cron=1744914303.0963039398193359375000 HTTP/1.1" 200 0 "-" "WordPress/6.8; https://fileluna.com"
101.44.187.58 - - [17/Apr/2025:14:25:46 -0400] "GET /category/arts-entertainments/page/24/ HTTP/1.1" 200 11371 "https://fileluna.com/category/arts-entertainments/page/24/" "Mozilla/5.0 (Windows NT 10.0; Win64; x64) AppleWebKit/537.36 (KHTML, like Gecko) Chrome/116.0.0.0 Safari/537.36"
20.171.207.122 - - [17/Apr/2025:14:26:02 -0400] "GET /?p=878 HTTP/1.1" 301 0 "-" "Mozilla/5.0 AppleWebKit/537.36 (KHTML, like Gecko; compatible; GPTBot/1.2; +https://openai.com/gptbot)"
198.54.114.83 - - [17/Apr/2025:14:26:23 -0400] "POST /wp-cron.php?doing_wp_cron=1744914382.3340439796447753906250 HTTP/1.1" 200 0 "-" "WordPress/6.8; https://fileluna.com"
49.51.196.42 - - [17/Apr/2025:14:26:22 -0400] "GET /gitarre-lernen-in-dusseldorf/ HTTP/1.1" 200 12048 "-" "Mozilla/5.0 (iPhone; CPU iPhone OS 13_2_3 like Mac OS X) AppleWebKit/605.1.15 (KHTML, like Gecko) Version/13.0.3 Mobile/15E148 Safari/604.1"
198.54.114.83 - - [17/Apr/2025:14:27:23 -0400] "POST /wp-cron.php?doing_wp_cron=1744914442.4122040271759033203125 HTTP/1.1" 200 0 "-" "WordPress/6.8; https://fileluna.com"
20.171.207.122 - - [17/Apr/2025:14:27:24 -0400] "GET /guitarunterricht-in-dusseldorf-ein-weg-zur-musikalitat/feed/ HTTP/1.1" 200 431 "-" "Mozilla/5.0 AppleWebKit/537.36 (KHTML, like Gecko; compatible; GPTBot/1.2; +https://openai.com/gptbot)"
216.244.66.246 - - [17/Apr/2025:14:27:21 -0400] "GET /author/admin/page/15/ HTTP/1.1" 200 11377 "-" "Mozilla/5.0 (compatible; DotBot/1.2; +https://opensiteexplorer.org/dotbot; help@moz.com)"
198.54.114.83 - - [17/Apr/2025:14:28:44 -0400] "POST /wp-cron.php?doing_wp_cron=1744914523.7367289066314697265625 HTTP/1.1" 200 0 "-" "WordPress/6.8; https://fileluna.com"
20.171.207.122 - - [17/Apr/2025:14:28:43 -0400] "GET /the-impact-of-steroids-on-health-and-performance/feed/ HTTP/1.1" 200 410 "-" "Mozilla/5.0 AppleWebKit/537.36 (KHTML, like Gecko; compatible; GPTBot/1.2; +https://openai.com/gptbot)"
198.54.114.83 - - [17/Apr/2025:14:28:46 -0400] "POST /wp-admin/admin-ajax.php?action=async_litespeed&nonce=dEqBYjdkvxwnMUrPD58pbYcdrM0bwBW7&litespeed_type=imgoptm HTTP/1.1" 200 0 "-" "WordPress/6.8; https://fileluna.com"
196.251.71.124 - - [17/Apr/2025:14:29:12 -0400] "GET / HTTP/1.1" 200 12777 "-" "Mozlila/5.0 (Linux; Android 7.0; SM-G892A Bulid/NRD90M; wv) AppleWebKit/537.36 (KHTML, like Gecko) Version/4.0 Chrome/60.0.3112.107 Moblie Safari/537.36"
196.251.71.124 - - [17/Apr/2025:14:29:12 -0400] "GET /wp-content/plugins/fix/up.php HTTP/1.1" 404 8954 "-" "Mozilla/5.0 (Windows NT 10.0; Win64; x64) AppleWebKit/537.36 (KHTML, like Gecko) Chrome/85.0.4183.102 Safari/537.36"
196.251.71.124 - - [17/Apr/2025:14:29:12 -0400] "GET /wp-content/themes/seotheme/db.php?u HTTP/1.1" 404 8954 "www.google.com" "Mozlila/5.0 (Linux; Android 7.0; SM-G892A Bulid/NRD90M; wv) AppleWebKit/537.36 (KHTML, like Gecko) Version/4.0 Chrome/60.0.3112.107 Moblie Safari/537.36"
196.251.71.124 - - [17/Apr/2025:14:29:12 -0400] "POST /ALFA_DATA/alfacgiapi/perl.alfa HTTP/1.1" 404 8903 "www.google.com" "Mozlila/5.0 (Linux; Android 7.0; SM-G892A Bulid/NRD90M; wv) AppleWebKit/537.36 (KHTML, like Gecko) Version/4.0 Chrome/60.0.3112.107 Moblie Safari/537.36"
196.251.71.124 - - [17/Apr/2025:14:29:12 -0400] "POST /wp-plain.php HTTP/1.1" 404 8903 "www.google.com" "Mozilla/5.0 (Linux; Android 7.0; SM-G892A Bulid/NRD90M; wv) AppleWebKit/537.36 (KHTML, like Gecko) Version/4.0 Chrome/60.0.3112.107 Moblie Safari/537.36"
196.251.71.124 - - [17/Apr/2025:14:29:13 -0400] "GET /wp-content/plugins/apikey/apikey.php?test=hello HTTP/1.1" 404 8954 "-" "Mozlila/5.0 (Linux; Android 7.0; SM-G892A Bulid/NRD90M; wv) AppleWebKit/537.36 (KHTML, like Gecko) Version/4.0 Chrome/60.0.3112.107 Moblie Safari/537.36"
196.251.71.124 - - [17/Apr/2025:14:29:15 -0400] "GET /wp-content/themes/seotheme/db.php?u HTTP/1.1" 404 8954 "www.google.com" "Mozlila/5.0 (Linux; Android 7.0; SM-G892A Bulid/NRD90M; wv) AppleWebKit/537.36 (KHTML, like Gecko) Version/4.0 Chrome/60.0.3112.107 Moblie Safari/537.36"
196.251.71.124 - - [17/Apr/2025:14:29:15 -0400] "GET /poaifcsp.php?Fox=d3wL7 HTTP/1.1" 404 8954 "www.google.com" "Mozilla/5.0 (Linux; Android 7.0; SM-G892A Bulid/NRD90M; wv) AppleWebKit/537.36 (KHTML, like Gecko) Version/4.0 Chrome/60.0.3112.107 Moblie Safari/537.36"
196.251.71.124 - - [17/Apr/2025:14:29:17 -0400] "POST /alfacgiapi/perl.alfa HTTP/1.1" 404 8903 "www.google.com" "Mozlila/5.0 (Linux; Android 7.0; SM-G892A Bulid/NRD90M; wv) AppleWebKit/537.36 (KHTML, like Gecko) Version/4.0 Chrome/60.0.3112.107 Moblie Safari/537.36"
196.251.71.124 - - [17/Apr/2025:14:29:16 -0400] "GET /plugins/content/apismtp/apismtp.php?test=hello HTTP/1.1" 404 8954 "-" "Mozlila/5.0 (Linux; Android 7.0; SM-G892A Bulid/NRD90M; wv) AppleWebKit/537.36 (KHTML, like Gecko) Version/4.0 Chrome/60.0.3112.107 Moblie Safari/537.36"
198.54.114.83 - - [17/Apr/2025:14:29:19 -0400] "POST /wp-cron.php?doing_wp_cron=1744914557.1755499839782714843750 HTTP/1.1" 200 0 "-" "WordPress/6.8; https://fileluna.com"
196.251.71.124 - - [17/Apr/2025:14:29:20 -0400] "GET /wp-content/plugins/apikey/apikey.php.suspected?test=hello HTTP/1.1" 404 8954 "-" "Mozlila/5.0 (Linux; Android 7.0; SM-G892A Bulid/NRD90M; wv) AppleWebKit/537.36 (KHTML, like Gecko) Version/4.0 Chrome/60.0.3112.107 Moblie Safari/537.36"
196.251.71.124 - - [17/Apr/2025:14:29:21 -0400] "GET /plugins/content/apismtp/apismtp.php.suspected?test=hello HTTP/1.1" 404 8954 "-" "Mozlila/5.0 (Linux; Android 7.0; SM-G892A Bulid/NRD90M; wv) AppleWebKit/537.36 (KHTML, like Gecko) Version/4.0 Chrome/60.0.3112.107 Moblie Safari/537.36"
20.171.207.122 - - [17/Apr/2025:14:29:51 -0400] "GET /correcting-forward-head-posture-a-comprehensive-guide/feed/ HTTP/1.1" 200 414 "-" "Mozilla/5.0 AppleWebKit/537.36 (KHTML, like Gecko; compatible; GPTBot/1.2; +https://openai.com/gptbot)"
198.54.114.83 - - [17/Apr/2025:14:31:25 -0400] "POST /wp-cron.php?doing_wp_cron=1744914683.8474578857421875000000 HTTP/1.1" 200 0 "-" "WordPress/6.8; https://fileluna.com"
20.171.207.122 - - [17/Apr/2025:14:31:17 -0400] "GET /traumhafte-garten-und-landschaftsgestaltung-in-hamburg/ HTTP/1.1" 200 11832 "-" "Mozilla/5.0 AppleWebKit/537.36 (KHTML, like Gecko; compatible; GPTBot/1.2; +https://openai.com/gptbot)"
20.171.207.122 - - [17/Apr/2025:14:33:03 -0400] "GET /ihr-ansprechpartner-fur-bauexpertise-in-hamburg/ HTTP/1.1" 200 11853 "-" "Mozilla/5.0 AppleWebKit/537.36 (KHTML, like Gecko; compatible; GPTBot/1.2; +https://openai.com/gptbot)"
20.171.207.122 - - [17/Apr/2025:14:33:03 -0400] "GET /?p=888 HTTP/1.1" 301 0 "-" "Mozilla/5.0 AppleWebKit/537.36 (KHTML, like Gecko; compatible; GPTBot/1.2; +https://openai.com/gptbot)"
198.54.114.83 - - [17/Apr/2025:14:33:10 -0400] "POST /wp-cron.php?doing_wp_cron=1744914787.3055009841918945312500 HTTP/1.1" 200 0 "-" "WordPress/6.8; https://fileluna.com"
43.166.250.187 - - [17/Apr/2025:14:33:34 -0400] "GET /umzugsunternehmen-in-luneburg-ihr-partner-fur-einen-reibungslosen-umzug-2/ HTTP/1.1" 200 11967 "-" "Mozilla/5.0 (iPhone; CPU iPhone OS 13_2_3 like Mac OS X) AppleWebKit/605.1.15 (KHTML, like Gecko) Version/13.0.3 Mobile/15E148 Safari/604.1"
20.171.207.122 - - [17/Apr/2025:14:34:42 -0400] "GET /ihr-ansprechpartner-fur-bauexpertise-in-hamburg/ HTTP/1.1" 200 11853 "-" "Mozilla/5.0 AppleWebKit/537.36 (KHTML, like Gecko; compatible; GPTBot/1.2; +https://openai.com/gptbot)"
20.171.207.122 - - [17/Apr/2025:14:34:43 -0400] "GET /osteopath-services-in-dubai-for-enhanced-wellness/ HTTP/1.1" 200 12484 "-" "Mozilla/5.0 AppleWebKit/537.36 (KHTML, like Gecko; compatible; GPTBot/1.2; +https://openai.com/gptbot)"
85.215.162.226 - - [17/Apr/2025:14:35:14 -0400] "POST /wp-login.php HTTP/1.1" 200 1883 "-" "Mozilla/5.0"
85.215.162.226 - - [17/Apr/2025:14:35:14 -0400] "POST /wp-login.php HTTP/1.1" 200 1882 "-" "Mozilla/5.0"
198.54.114.83 - - [17/Apr/2025:14:35:19 -0400] "POST /wp-cron.php?doing_wp_cron=1744914917.6796979904174804687500 HTTP/1.1" 200 0 "-" "WordPress/6.8; https://fileluna.com"
198.54.114.83 - - [17/Apr/2025:14:35:19 -0400] "POST /wp-cron.php?doing_wp_cron=1744914917.6809680461883544921875 HTTP/1.1" 200 0 "-" "WordPress/6.8; https://fileluna.com"
20.171.207.122 - - [17/Apr/2025:14:36:10 -0400] "GET /?p=500 HTTP/1.1" 301 0 "-" "Mozilla/5.0 AppleWebKit/537.36 (KHTML, like Gecko; compatible; GPTBot/1.2; +https://openai.com/gptbot)"
20.171.207.122 - - [17/Apr/2025:14:36:11 -0400] "GET /the-excitement-of-online-casino-gaming-experience/ HTTP/1.1" 200 12347 "-" "Mozilla/5.0 AppleWebKit/537.36 (KHTML, like Gecko; compatible; GPTBot/1.2; +https://openai.com/gptbot)"
20.171.207.122 - - [17/Apr/2025:14:36:15 -0400] "GET /?p=506 HTTP/1.1" 301 0 "-" "Mozilla/5.0 AppleWebKit/537.36 (KHTML, like Gecko; compatible; GPTBot/1.2; +https://openai.com/gptbot)"
20.171.207.122 - - [17/Apr/2025:14:37:24 -0400] "GET /?p=892 HTTP/1.1" 301 0 "-" "Mozilla/5.0 AppleWebKit/537.36 (KHTML, like Gecko; compatible; GPTBot/1.2; +https://openai.com/gptbot)"
198.54.114.83 - - [17/Apr/2025:14:37:25 -0400] "POST /wp-cron.php?doing_wp_cron=1744915044.4221351146697998046875 HTTP/1.1" 200 0 "-" "WordPress/6.8; https://fileluna.com"
20.171.207.122 - - [17/Apr/2025:14:37:23 -0400] "GET /traumhafte-garten-und-landschaftsgestaltung-in-hamburg/feed/ HTTP/1.1" 200 418 "-" "Mozilla/5.0 AppleWebKit/537.36 (KHTML, like Gecko; compatible; GPTBot/1.2; +https://openai.com/gptbot)"
20.171.207.122 - - [17/Apr/2025:14:37:25 -0400] "GET /?p=486 HTTP/1.1" 301 0 "-" "Mozilla/5.0 AppleWebKit/537.36 (KHTML, like Gecko; compatible; GPTBot/1.2; +https://openai.com/gptbot)"
66.249.70.101 - - [17/Apr/2025:14:38:46 -0400] "GET /navigating-the-digital-wager-exploring-the-dynamics-of-online-betting/ HTTP/1.1" 200 12217 "-" "Mozilla/5.0 (Linux; Android 6.0.1; Nexus 5X Build/MMB29P) AppleWebKit/537.36 (KHTML, like Gecko) Chrome/135.0.7049.95 Mobile Safari/537.36 (compatible; Googlebot/2.1; +http://www.google.com/bot.html)"
66.249.70.100 - - [17/Apr/2025:14:38:50 -0400] "GET /wp-includes/js/comment-reply.min.js?ver=6.8 HTTP/1.1" 200 1247 "https://fileluna.com/navigating-the-digital-wager-exploring-the-dynamics-of-online-betting/" "Mozilla/5.0 (Linux; Android 6.0.1; Nexus 5X Build/MMB29P) AppleWebKit/537.36 (KHTML, like Gecko) Chrome/134.0.6998.165 Mobile Safari/537.36 (compatible; Googlebot/2.1; +http://www.google.com/bot.html)"
20.171.207.122 - - [17/Apr/2025:14:38:51 -0400] "GET /osteopath-services-in-dubai-for-enhanced-wellness/feed/ HTTP/1.1" 200 410 "-" "Mozilla/5.0 AppleWebKit/537.36 (KHTML, like Gecko; compatible; GPTBot/1.2; +https://openai.com/gptbot)"
20.171.207.122 - - [17/Apr/2025:14:38:51 -0400] "GET /the-role-of-law-tutors-in-academic-success/feed/ HTTP/1.1" 200 409 "-" "Mozilla/5.0 AppleWebKit/537.36 (KHTML, like Gecko; compatible; GPTBot/1.2; +https://openai.com/gptbot)"
198.54.114.83 - - [17/Apr/2025:14:38:57 -0400] "POST /wp-cron.php?doing_wp_cron=1744915135.0597620010375976562500 HTTP/1.1" 200 0 "-" "WordPress/6.8; https://fileluna.com"
198.54.114.83 - - [17/Apr/2025:14:38:57 -0400] "POST /wp-cron.php?doing_wp_cron=1744915135.0610790252685546875000 HTTP/1.1" 200 0 "-" "WordPress/6.8; https://fileluna.com"
66.249.70.99 - - [17/Apr/2025:14:40:12 -0400] "GET /winsen-erheben-die-kunst-und-wirkung-achtsamer-reinigung/feed/ HTTP/1.1" 200 438 "-" "Mozilla/5.0 (Linux; Android 6.0.1; Nexus 5X Build/MMB29P) AppleWebKit/537.36 (KHTML, like Gecko) Chrome/135.0.7049.95 Mobile Safari/537.36 (compatible; GoogleOther)"
198.54.114.83 - - [17/Apr/2025:14:40:15 -0400] "POST /wp-cron.php?doing_wp_cron=1744915213.4161698818206787109375 HTTP/1.1" 200 0 "-" "WordPress/6.8; https://fileluna.com"
20.171.207.122 - - [17/Apr/2025:14:40:17 -0400] "GET /ihr-ansprechpartner-fur-bauexpertise-in-hamburg/feed/ HTTP/1.1" 200 411 "-" "Mozilla/5.0 AppleWebKit/537.36 (KHTML, like Gecko; compatible; GPTBot/1.2; +https://openai.com/gptbot)"
20.171.207.122 - - [17/Apr/2025:14:40:17 -0400] "GET /die-bedeutung-der-gebaudereinigung-in-winsen-luhe/ HTTP/1.1" 200 11884 "-" "Mozilla/5.0 AppleWebKit/537.36 (KHTML, like Gecko; compatible; GPTBot/1.2; +https://openai.com/gptbot)"
20.171.207.122 - - [17/Apr/2025:14:40:17 -0400] "GET /the-benefits-of-a-business-trip-massage/ HTTP/1.1" 200 12122 "-" "Mozilla/5.0 AppleWebKit/537.36 (KHTML, like Gecko; compatible; GPTBot/1.2; +https://openai.com/gptbot)"
66.249.70.99 - - [17/Apr/2025:14:40:31 -0400] "GET /2024/10/ HTTP/1.1" 200 11270 "-" "Mozilla/5.0 (Linux; Android 6.0.1; Nexus 5X Build/MMB29P) AppleWebKit/537.36 (KHTML, like Gecko) Chrome/135.0.7049.95 Mobile Safari/537.36 (compatible; Googlebot/2.1; +http://www.google.com/bot.html)"
20.171.207.122 - - [17/Apr/2025:14:41:33 -0400] "GET /?p=894 HTTP/1.1" 301 0 "-" "Mozilla/5.0 AppleWebKit/537.36 (KHTML, like Gecko; compatible; GPTBot/1.2; +https://openai.com/gptbot)"
198.54.114.83 - - [17/Apr/2025:14:41:35 -0400] "POST /wp-cron.php?doing_wp_cron=1744915294.0969688892364501953125 HTTP/1.1" 200 0 "-" "WordPress/6.8; https://fileluna.com"
20.171.207.122 - - [17/Apr/2025:14:41:35 -0400] "GET /passover-programs-2025-a-comprehensive-guide-for-unforgettable-experiences/feed/ HTTP/1.1" 200 432 "-" "Mozilla/5.0 AppleWebKit/537.36 (KHTML, like Gecko; compatible; GPTBot/1.2; +https://openai.com/gptbot)"
20.171.207.122 - - [17/Apr/2025:14:41:35 -0400] "GET /the-freedom-of-renting-an-rv-in-dallas/ HTTP/1.1" 200 12842 "-" "Mozilla/5.0 AppleWebKit/537.36 (KHTML, like Gecko; compatible; GPTBot/1.2; +https://openai.com/gptbot)"
20.171.207.122 - - [17/Apr/2025:14:42:55 -0400] "GET /the-excitement-of-online-casino-gaming-experience/feed/ HTTP/1.1" 200 411 "-" "Mozilla/5.0 AppleWebKit/537.36 (KHTML, like Gecko; compatible; GPTBot/1.2; +https://openai.com/gptbot)"
198.54.114.83 - - [17/Apr/2025:14:42:57 -0400] "POST /wp-cron.php?doing_wp_cron=1744915376.2040829658508300781250 HTTP/1.1" 200 0 "-" "WordPress/6.8; https://fileluna.com"
20.171.207.122 - - [17/Apr/2025:14:42:57 -0400] "GET /discovering-the-best-extract-online-in-canada/ HTTP/1.1" 200 11760 "-" "Mozilla/5.0 AppleWebKit/537.36 (KHTML, like Gecko; compatible; GPTBot/1.2; +https://openai.com/gptbot)"
20.171.207.122 - - [17/Apr/2025:14:42:58 -0400] "GET /reliable-fire-watch-services-in-austin-tx/ HTTP/1.1" 200 12397 "-" "Mozilla/5.0 AppleWebKit/537.36 (KHTML, like Gecko; compatible; GPTBot/1.2; +https://openai.com/gptbot)"
20.171.207.122 - - [17/Apr/2025:14:43:59 -0400] "GET /die-kunst-des-kaufens-von-gerosteten-mandeln/ HTTP/1.1" 200 12051 "-" "Mozilla/5.0 AppleWebKit/537.36 (KHTML, like Gecko; compatible; GPTBot/1.2; +https://openai.com/gptbot)"
198.54.114.83 - - [17/Apr/2025:14:44:01 -0400] "POST /wp-cron.php?doing_wp_cron=1744915440.1137249469757080078125 HTTP/1.1" 200 0 "-" "WordPress/6.8; https://fileluna.com"
198.54.114.83 - - [17/Apr/2025:14:44:01 -0400] "POST /wp-cron.php?doing_wp_cron=1744915440.1147050857543945312500 HTTP/1.1" 200 0 "-" "WordPress/6.8; https://fileluna.com"
20.171.207.122 - - [17/Apr/2025:14:43:59 -0400] "GET /dachdeckerunternehmen-hamburg-qualitat-und-zuverlassigkeit/ HTTP/1.1" 200 11810 "-" "Mozilla/5.0 AppleWebKit/537.36 (KHTML, like Gecko; compatible; GPTBot/1.2; +https://openai.com/gptbot)"
20.171.207.122 - - [17/Apr/2025:14:43:59 -0400] "GET /the-power-risks-and-use-of-steroids/ HTTP/1.1" 200 11946 "-" "Mozilla/5.0 AppleWebKit/537.36 (KHTML, like Gecko; compatible; GPTBot/1.2; +https://openai.com/gptbot)"
20.171.207.122 - - [17/Apr/2025:14:44:55 -0400] "GET /the-allure-of-ojo-caliente-rv-park/ HTTP/1.1" 200 12265 "-" "Mozilla/5.0 AppleWebKit/537.36 (KHTML, like Gecko; compatible; GPTBot/1.2; +https://openai.com/gptbot)"
20.171.207.122 - - [17/Apr/2025:14:45:50 -0400] "GET /?p=508 HTTP/1.1" 301 0 "-" "Mozilla/5.0 AppleWebKit/537.36 (KHTML, like Gecko; compatible; GPTBot/1.2; +https://openai.com/gptbot)"
198.54.114.83 - - [17/Apr/2025:14:45:52 -0400] "POST /wp-cron.php?doing_wp_cron=1744915551.1026070117950439453125 HTTP/1.1" 200 0 "-" "WordPress/6.8; https://fileluna.com"
164.90.170.158 - - [17/Apr/2025:14:46:01 -0400] "POST /xmlrpc.php HTTP/1.1" 200 205 "-" "Mozilla/5.0 (X11; Fedora; Linux x86_64; rv:94.0) Gecko/20100101 Firefox/95.0"
85.215.162.226 - - [17/Apr/2025:14:46:11 -0400] "POST /wp-login.php HTTP/1.1" 200 1882 "-" "Mozilla/5.0"
85.215.162.226 - - [17/Apr/2025:14:46:11 -0400] "POST /wp-login.php HTTP/1.1" 200 1883 "-" "Mozilla/5.0"
20.171.207.122 - - [17/Apr/2025:14:46:52 -0400] "GET /?p=916 HTTP/1.1" 301 0 "-" "Mozilla/5.0 AppleWebKit/537.36 (KHTML, like Gecko; compatible; GPTBot/1.2; +https://openai.com/gptbot)"
198.54.114.83 - - [17/Apr/2025:14:46:55 -0400] "POST /wp-cron.php?doing_wp_cron=1744915613.6330919265747070312500 HTTP/1.1" 200 0 "-" "WordPress/6.8; https://fileluna.com"
198.54.114.83 - - [17/Apr/2025:14:48:02 -0400] "POST /wp-cron.php?doing_wp_cron=1744915680.5844318866729736328125 HTTP/1.1" 200 0 "-" "WordPress/6.8; https://fileluna.com"
20.171.207.122 - - [17/Apr/2025:14:47:57 -0400] "GET /die-bedeutung-der-gebaudereinigung-in-winsen-luhe/feed/ HTTP/1.1" 200 420 "-" "Mozilla/5.0 AppleWebKit/537.36 (KHTML, like Gecko; compatible; GPTBot/1.2; +https://openai.com/gptbot)"
43.130.34.74 - - [17/Apr/2025:14:48:36 -0400] "GET /author/admin/ HTTP/1.1" 200 11290 "-" "Mozilla/5.0 (iPhone; CPU iPhone OS 13_2_3 like Mac OS X) AppleWebKit/605.1.15 (KHTML, like Gecko) Version/13.0.3 Mobile/15E148 Safari/604.1"
20.171.207.122 - - [17/Apr/2025:14:49:02 -0400] "GET /?p=905 HTTP/1.1" 301 0 "-" "Mozilla/5.0 AppleWebKit/537.36 (KHTML, like Gecko; compatible; GPTBot/1.2; +https://openai.com/gptbot)"
198.54.114.83 - - [17/Apr/2025:14:49:07 -0400] "POST /wp-cron.php?doing_wp_cron=1744915743.9507319927215576171875 HTTP/1.1" 200 0 "-" "WordPress/6.8; https://fileluna.com"
20.171.207.122 - - [17/Apr/2025:14:49:58 -0400] "GET /the-freedom-of-renting-an-rv-in-dallas/feed/ HTTP/1.1" 200 406 "-" "Mozilla/5.0 AppleWebKit/537.36 (KHTML, like Gecko; compatible; GPTBot/1.2; +https://openai.com/gptbot)"
198.54.114.83 - - [17/Apr/2025:14:50:52 -0400] "POST /wp-cron.php?doing_wp_cron=1744915850.7629659175872802734375 HTTP/1.1" 200 0 "-" "WordPress/6.8; https://fileluna.com"
20.171.207.122 - - [17/Apr/2025:14:50:49 -0400] "GET /the-benefits-of-a-business-trip-massage/feed/ HTTP/1.1" 200 397 "-" "Mozilla/5.0 AppleWebKit/537.36 (KHTML, like Gecko; compatible; GPTBot/1.2; +https://openai.com/gptbot)"
20.171.207.122 - - [17/Apr/2025:14:51:44 -0400] "GET /?p=906 HTTP/1.1" 301 0 "-" "Mozilla/5.0 AppleWebKit/537.36 (KHTML, like Gecko; compatible; GPTBot/1.2; +https://openai.com/gptbot)"
20.171.207.122 - - [17/Apr/2025:14:51:43 -0400] "GET /?p=882 HTTP/1.1" 301 0 "-" "Mozilla/5.0 AppleWebKit/537.36 (KHTML, like Gecko; compatible; GPTBot/1.2; +https://openai.com/gptbot)"
20.171.207.122 - - [17/Apr/2025:14:52:37 -0400] "GET /?p=520 HTTP/1.1" 301 0 "-" "Mozilla/5.0 AppleWebKit/537.36 (KHTML, like Gecko; compatible; GPTBot/1.2; +https://openai.com/gptbot)"
20.171.207.122 - - [17/Apr/2025:14:52:36 -0400] "GET /?p=463 HTTP/1.1" 301 0 "-" "Mozilla/5.0 AppleWebKit/537.36 (KHTML, like Gecko; compatible; GPTBot/1.2; +https://openai.com/gptbot)"
198.54.114.83 - - [17/Apr/2025:14:52:39 -0400] "POST /wp-cron.php?doing_wp_cron=1744915957.3125429153442382812500 HTTP/1.1" 200 0 "-" "WordPress/6.8; https://fileluna.com"
198.54.114.83 - - [17/Apr/2025:14:52:39 -0400] "POST /wp-cron.php?doing_wp_cron=1744915957.3966629505157470703125 HTTP/1.1" 200 0 "-" "WordPress/6.8; https://fileluna.com"
20.171.207.122 - - [17/Apr/2025:14:53:33 -0400] "GET /?p=484 HTTP/1.1" 301 0 "-" "Mozilla/5.0 AppleWebKit/537.36 (KHTML, like Gecko; compatible; GPTBot/1.2; +https://openai.com/gptbot)"
20.171.207.122 - - [17/Apr/2025:14:53:33 -0400] "GET /?p=880 HTTP/1.1" 301 0 "-" "Mozilla/5.0 AppleWebKit/537.36 (KHTML, like Gecko; compatible; GPTBot/1.2; +https://openai.com/gptbot)"
198.54.114.83 - - [17/Apr/2025:14:54:26 -0400] "POST /wp-cron.php?doing_wp_cron=1744916065.0281169414520263671875 HTTP/1.1" 200 0 "-" "WordPress/6.8; https://fileluna.com"
198.54.114.83 - - [17/Apr/2025:14:54:26 -0400] "POST /wp-cron.php?doing_wp_cron=1744916065.0332679748535156250000 HTTP/1.1" 200 0 "-" "WordPress/6.8; https://fileluna.com"
20.171.207.122 - - [17/Apr/2025:14:54:24 -0400] "GET /dachdeckerunternehmen-hamburg-qualitat-und-zuverlassigkeit/feed/ HTTP/1.1" 200 426 "-" "Mozilla/5.0 AppleWebKit/537.36 (KHTML, like Gecko; compatible; GPTBot/1.2; +https://openai.com/gptbot)"
20.171.207.122 - - [17/Apr/2025:14:54:24 -0400] "GET /wp-json/wp/v2/posts/880 HTTP/1.1" 200 3860 "-" "Mozilla/5.0 AppleWebKit/537.36 (KHTML, like Gecko; compatible; GPTBot/1.2; +https://openai.com/gptbot)"
196.251.117.23 - - [17/Apr/2025:14:54:40 -0400] "GET /wp-content/plugins/WordPressCore/include.php HTTP/1.1" 404 8954 "-" "Mozlila/5.0 (Linux; Android 7.0; SM-G892A Bulid/NRD90M; wv) AppleWebKit/537.36 (KHTML, like Gecko) Version/4.0 Chrome/60.0.3112.107 Moblie Safari/537.36"
196.251.117.23 - - [17/Apr/2025:14:54:49 -0400] "GET /wp-content/plugins/WordPressCore/include.php HTTP/1.1" 404 8954 "-" "Mozlila/5.0 (Linux; Android 7.0; SM-G892A Bulid/NRD90M; wv) AppleWebKit/537.36 (KHTML, like Gecko) Version/4.0 Chrome/60.0.3112.107 Moblie Safari/537.36"
198.54.114.83 - - [17/Apr/2025:14:55:26 -0400] "POST /wp-cron.php?doing_wp_cron=1744916126.0222330093383789062500 HTTP/1.1" 200 0 "-" "WordPress/6.8; https://fileluna.com"
198.54.114.83 - - [17/Apr/2025:14:55:27 -0400] "POST /wp-cron.php?doing_wp_cron=1744916125.8871169090270996093750 HTTP/1.1" 200 0 "-" "WordPress/6.8; https://fileluna.com"
20.171.207.122 - - [17/Apr/2025:14:55:25 -0400] "GET /?p=906 HTTP/1.1" 301 0 "-" "Mozilla/5.0 AppleWebKit/537.36 (KHTML, like Gecko; compatible; GPTBot/1.2; +https://openai.com/gptbot)"
20.171.207.122 - - [17/Apr/2025:14:55:25 -0400] "GET /die-kunst-des-kaufens-von-gerosteten-mandeln/feed/ HTTP/1.1" 200 415 "-" "Mozilla/5.0 AppleWebKit/537.36 (KHTML, like Gecko; compatible; GPTBot/1.2; +https://openai.com/gptbot)"
198.54.114.83 - - [17/Apr/2025:14:55:31 -0400] "POST /wp-admin/admin-ajax.php?action=async_litespeed&nonce=U9K23AKXE6M1ISF56LgW06mdXnRiZ3oq&litespeed_type=imgoptm HTTP/1.1" 200 0 "-" "WordPress/6.8; https://fileluna.com"
43.166.136.24 - - [17/Apr/2025:14:55:46 -0400] "GET /2024/05/ HTTP/1.1" 200 10128 "-" "Mozilla/5.0 (iPhone; CPU iPhone OS 13_2_3 like Mac OS X) AppleWebKit/605.1.15 (KHTML, like Gecko) Version/13.0.3 Mobile/15E148 Safari/604.1"
20.171.207.122 - - [17/Apr/2025:14:56:23 -0400] "GET /wp-json/oembed/1.0/embed?url=https%3A%2F%2Ffileluna.com%2Fthe-allure-of-ojo-caliente-rv-park%2F HTTP/1.1" 200 2225 "-" "Mozilla/5.0 AppleWebKit/537.36 (KHTML, like Gecko; compatible; GPTBot/1.2; +https://openai.com/gptbot)"
20.171.207.122 - - [17/Apr/2025:14:56:23 -0400] "GET /reliable-fire-watch-services-in-austin-tx/feed/ HTTP/1.1" 200 404 "-" "Mozilla/5.0 AppleWebKit/537.36 (KHTML, like Gecko; compatible; GPTBot/1.2; +https://openai.com/gptbot)"
198.54.114.83 - - [17/Apr/2025:14:56:25 -0400] "POST /wp-cron.php?doing_wp_cron=1744916184.1916649341583251953125 HTTP/1.1" 200 0 "-" "WordPress/6.8; https://fileluna.com"
114.119.129.198 - - [17/Apr/2025:14:56:36 -0400] "GET /page/34/ HTTP/1.1" 200 12886 "https://fileluna.com/page/31/" "Mozilla/5.0 (Linux; Android 7.0;) AppleWebKit/537.36 (KHTML, like Gecko) Mobile Safari/537.36 (compatible; PetalBot;+https://webmaster.petalsearch.com/site/petalbot)"
85.215.162.226 - - [17/Apr/2025:14:57:16 -0400] "POST /wp-login.php HTTP/1.1" 200 1883 "-" "Mozilla/5.0"
85.215.162.226 - - [17/Apr/2025:14:57:16 -0400] "POST /wp-login.php HTTP/1.1" 200 1882 "-" "Mozilla/5.0"
20.171.207.122 - - [17/Apr/2025:14:57:22 -0400] "GET /wp-json/oembed/1.0/embed?format=xml&url=https%3A%2F%2Ffileluna.com%2Fthe-allure-of-ojo-caliente-rv-park%2F HTTP/1.1" 200 1091 "-" "Mozilla/5.0 AppleWebKit/537.36 (KHTML, like Gecko; compatible; GPTBot/1.2; +https://openai.com/gptbot)"
20.171.207.122 - - [17/Apr/2025:14:57:22 -0400] "GET /discovering-the-best-extract-online-in-canada/feed/ HTTP/1.1" 200 405 "-" "Mozilla/5.0 AppleWebKit/537.36 (KHTML, like Gecko; compatible; GPTBot/1.2; +https://openai.com/gptbot)"
114.119.137.80 - - [17/Apr/2025:14:58:10 -0400] "GET /2024/page/17/ HTTP/1.1" 200 11322 "https://fileluna.com/2024/page/15/" "Mozilla/5.0 (Linux; Android 7.0;) AppleWebKit/537.36 (KHTML, like Gecko) Mobile Safari/537.36 (compatible; PetalBot;+https://webmaster.petalsearch.com/site/petalbot)"
198.54.114.83 - - [17/Apr/2025:14:58:13 -0400] "POST /wp-cron.php?doing_wp_cron=1744916291.2420499324798583984375 HTTP/1.1" 200 0 "-" "WordPress/6.8; https://fileluna.com"
20.171.207.122 - - [17/Apr/2025:14:58:35 -0400] "GET /wp-json/wp/v2/posts/906 HTTP/1.1" 200 4668 "-" "Mozilla/5.0 AppleWebKit/537.36 (KHTML, like Gecko; compatible; GPTBot/1.2; +https://openai.com/gptbot)"
20.171.207.122 - - [17/Apr/2025:14:58:35 -0400] "GET /the-allure-of-ojo-caliente-rv-park/feed/ HTTP/1.1" 200 399 "-" "Mozilla/5.0 AppleWebKit/537.36 (KHTML, like Gecko; compatible; GPTBot/1.2; +https://openai.com/gptbot)"
20.171.207.122 - - [17/Apr/2025:14:59:53 -0400] "GET /the-allure-of-ojo-caliente-rv-park/feed/ HTTP/1.1" 200 399 "-" "Mozilla/5.0 AppleWebKit/537.36 (KHTML, like Gecko; compatible; GPTBot/1.2; +https://openai.com/gptbot)"
20.171.207.122 - - [17/Apr/2025:14:59:54 -0400] "GET /the-power-risks-and-use-of-steroids/feed/ HTTP/1.1" 200 401 "-" "Mozilla/5.0 AppleWebKit/537.36 (KHTML, like Gecko; compatible; GPTBot/1.2; +https://openai.com/gptbot)"
198.54.114.83 - - [17/Apr/2025:14:59:57 -0400] "POST /wp-cron.php?doing_wp_cron=1744916395.4975080490112304687500 HTTP/1.1" 200 0 "-" "WordPress/6.8; https://fileluna.com"
20.171.207.122 - - [17/Apr/2025:15:01:25 -0400] "GET /die-kunst-des-kaufens-von-gerosteten-mandeln/feed/ HTTP/1.1" 200 415 "-" "Mozilla/5.0 AppleWebKit/537.36 (KHTML, like Gecko; compatible; GPTBot/1.2; +https://openai.com/gptbot)"
13.59.50.189 - - [17/Apr/2025:15:01:49 -0400] "GET /robots.txt HTTP/1.1" 200 61 "-" "Mozilla/5.0 AppleWebKit/537.36 (KHTML, like Gecko; compatible; ClaudeBot/1.0; +claudebot@anthropic.com)"
13.59.50.189 - - [17/Apr/2025:15:01:50 -0400] "GET /der-weg-zum-jurastudium-ein-law-tutor-an-ihrer-seite/feed HTTP/1.1" 301 0 "-" "Mozilla/5.0 AppleWebKit/537.36 (KHTML, like Gecko; compatible; ClaudeBot/1.0; +claudebot@anthropic.com)"
198.54.114.83 - - [17/Apr/2025:15:01:58 -0400] "POST /wp-cron.php?doing_wp_cron=1744916515.6676509380340576171875 HTTP/1.1" 200 0 "-" "WordPress/6.8; https://fileluna.com"
13.59.50.189 - - [17/Apr/2025:15:01:58 -0400] "GET /der-weg-zum-jurastudium-ein-law-tutor-an-ihrer-seite/feed/ HTTP/1.1" 200 427 "https://fileluna.com/der-weg-zum-jurastudium-ein-law-tutor-an-ihrer-seite/feed" "Mozilla/5.0 AppleWebKit/537.36 (KHTML, like Gecko; compatible; ClaudeBot/1.0; +claudebot@anthropic.com)"
20.171.207.122 - - [17/Apr/2025:15:02:40 -0400] "GET /professionelle-gebaudereinigung-in-winsen-luhe/ HTTP/1.1" 200 11831 "-" "Mozilla/5.0 AppleWebKit/537.36 (KHTML, like Gecko; compatible; GPTBot/1.2; +https://openai.com/gptbot)"
198.54.114.83 - - [17/Apr/2025:15:03:48 -0400] "POST /wp-cron.php?doing_wp_cron=1744916626.7077190876007080078125 HTTP/1.1" 200 0 "-" "WordPress/6.8; https://fileluna.com"
198.54.114.83 - - [17/Apr/2025:15:03:48 -0400] "POST /wp-cron.php?doing_wp_cron=1744916626.7077109813690185546875 HTTP/1.1" 200 0 "-" "WordPress/6.8; https://fileluna.com"
20.171.207.122 - - [17/Apr/2025:15:03:46 -0400] "GET /xmlrpc.php HTTP/1.1" 405 46 "-" "Mozilla/5.0 AppleWebKit/537.36 (KHTML, like Gecko; compatible; GPTBot/1.2; +https://openai.com/gptbot)"
20.171.207.122 - - [17/Apr/2025:15:03:46 -0400] "GET /professionelle-gartenpflege-in-luneburg/ HTTP/1.1" 200 12063 "-" "Mozilla/5.0 AppleWebKit/537.36 (KHTML, like Gecko; compatible; GPTBot/1.2; +https://openai.com/gptbot)"
20.171.207.122 - - [17/Apr/2025:15:05:05 -0400] "GET /?p=495 HTTP/1.1" 301 0 "-" "Mozilla/5.0 AppleWebKit/537.36 (KHTML, like Gecko; compatible; GPTBot/1.2; +https://openai.com/gptbot)"
20.171.207.122 - - [17/Apr/2025:15:05:04 -0400] "GET /ihr-partner-fur-stressfreies-umziehen/ HTTP/1.1" 200 11805 "-" "Mozilla/5.0 AppleWebKit/537.36 (KHTML, like Gecko; compatible; GPTBot/1.2; +https://openai.com/gptbot)"
198.54.114.83 - - [17/Apr/2025:15:05:10 -0400] "POST /wp-cron.php?doing_wp_cron=1744916706.7388310432434082031250 HTTP/1.1" 200 0 "-" "WordPress/6.8; https://fileluna.com"
198.54.114.83 - - [17/Apr/2025:15:05:10 -0400] "POST /wp-cron.php?doing_wp_cron=1744916706.7228050231933593750000 HTTP/1.1" 200 0 "-" "WordPress/6.8; https://fileluna.com"
20.171.207.122 - - [17/Apr/2025:15:06:28 -0400] "GET /ihr-zuverlassiger-umzugsservice-in-hamburg/ HTTP/1.1" 200 11803 "-" "Mozilla/5.0 AppleWebKit/537.36 (KHTML, like Gecko; compatible; GPTBot/1.2; +https://openai.com/gptbot)"
20.171.207.122 - - [17/Apr/2025:15:06:27 -0400] "GET /professionelle-gebaudereinigung-in-winsen-luhe/feed/ HTTP/1.1" 200 407 "-" "Mozilla/5.0 AppleWebKit/537.36 (KHTML, like Gecko; compatible; GPTBot/1.2; +https://openai.com/gptbot)"
198.54.114.83 - - [17/Apr/2025:15:06:31 -0400] "POST /wp-cron.php?doing_wp_cron=1744916788.4767899513244628906250 HTTP/1.1" 200 0 "-" "WordPress/6.8; https://fileluna.com"
43.166.136.202 - - [17/Apr/2025:15:07:14 -0400] "GET /category/technology/ HTTP/1.1" 200 9666 "-" "Mozilla/5.0 (iPhone; CPU iPhone OS 13_2_3 like Mac OS X) AppleWebKit/605.1.15 (KHTML, like Gecko) Version/13.0.3 Mobile/15E148 Safari/604.1"
198.54.114.83 - - [17/Apr/2025:15:07:47 -0400] "POST /wp-cron.php?doing_wp_cron=1744916866.5852739810943603515625 HTTP/1.1" 200 0 "-" "WordPress/6.8; https://fileluna.com"
198.54.114.83 - - [17/Apr/2025:15:07:47 -0400] "POST /wp-cron.php?doing_wp_cron=1744916866.6170949935913085937500 HTTP/1.1" 200 0 "-" "WordPress/6.8; https://fileluna.com"
20.171.207.122 - - [17/Apr/2025:15:07:45 -0400] "GET /?p=510 HTTP/1.1" 301 0 "-" "Mozilla/5.0 AppleWebKit/537.36 (KHTML, like Gecko; compatible; GPTBot/1.2; +https://openai.com/gptbot)"
20.171.207.122 - - [17/Apr/2025:15:07:45 -0400] "GET /professionelle-gebaudereinigung-in-luneburg/ HTTP/1.1" 200 12019 "-" "Mozilla/5.0 AppleWebKit/537.36 (KHTML, like Gecko; compatible; GPTBot/1.2; +https://openai.com/gptbot)"
198.54.114.83 - - [17/Apr/2025:15:07:48 -0400] "POST /wp-admin/admin-ajax.php?action=async_litespeed&nonce=p8KUeivA3Pmp7xhSnJ4GOMI0NU9iwIgy&litespeed_type=imgoptm HTTP/1.1" 200 0 "-" "WordPress/6.8; https://fileluna.com"
85.215.162.226 - - [17/Apr/2025:15:08:30 -0400] "POST /wp-login.php HTTP/1.1" 200 1883 "-" "Mozilla/5.0"
85.215.162.226 - - [17/Apr/2025:15:08:30 -0400] "POST /wp-login.php HTTP/1.1" 200 1882 "-" "Mozilla/5.0"
198.54.114.83 - - [17/Apr/2025:15:08:32 -0400] "POST /wp-cron.php?doing_wp_cron=1744916911.1844499111175537109375 HTTP/1.1" 200 0 "-" "WordPress/6.8; https://fileluna.com"
198.54.114.83 - - [17/Apr/2025:15:08:32 -0400] "POST /wp-cron.php?doing_wp_cron=1744916911.1677129268646240234375 HTTP/1.1" 200 0 "-" "WordPress/6.8; https://fileluna.com"
20.171.207.122 - - [17/Apr/2025:15:09:00 -0400] "GET /xmlrpc.php HTTP/1.1" 405 46 "-" "Mozilla/5.0 AppleWebKit/537.36 (KHTML, like Gecko; compatible; GPTBot/1.2; +https://openai.com/gptbot)"
20.171.207.122 - - [17/Apr/2025:15:09:03 -0400] "GET /rising-fire-incidents-in-austin/ HTTP/1.1" 200 12008 "-" "Mozilla/5.0 AppleWebKit/537.36 (KHTML, like Gecko; compatible; GPTBot/1.2; +https://openai.com/gptbot)"
20.171.207.122 - - [17/Apr/2025:15:10:01 -0400] "GET /wp-json/wp/v2/posts/906 HTTP/1.1" 200 4668 "-" "Mozilla/5.0 AppleWebKit/537.36 (KHTML, like Gecko; compatible; GPTBot/1.2; +https://openai.com/gptbot)"
20.171.207.122 - - [17/Apr/2025:15:10:00 -0400] "GET /?p=471 HTTP/1.1" 301 0 "-" "Mozilla/5.0 AppleWebKit/537.36 (KHTML, like Gecko; compatible; GPTBot/1.2; +https://openai.com/gptbot)"
198.54.114.83 - - [17/Apr/2025:15:10:05 -0400] "POST /wp-cron.php?doing_wp_cron=1744917001.4873108863830566406250 HTTP/1.1" 200 0 "-" "WordPress/6.8; https://fileluna.com"
20.171.207.122 - - [17/Apr/2025:15:11:10 -0400] "GET /ihr-partner-fur-stressfreies-umziehen/feed/ HTTP/1.1" 200 403 "-" "Mozilla/5.0 AppleWebKit/537.36 (KHTML, like Gecko; compatible; GPTBot/1.2; +https://openai.com/gptbot)"
20.171.207.122 - - [17/Apr/2025:15:11:10 -0400] "GET /the-allure-of-ojo-caliente-rv-park/embed/ HTTP/1.1" 200 6300 "-" "Mozilla/5.0 AppleWebKit/537.36 (KHTML, like Gecko; compatible; GPTBot/1.2; +https://openai.com/gptbot)"
198.54.114.83 - - [17/Apr/2025:15:11:13 -0400] "POST /wp-cron.php?doing_wp_cron=1744917071.7299649715423583984375 HTTP/1.1" 200 0 "-" "WordPress/6.8; https://fileluna.com"
198.54.114.83 - - [17/Apr/2025:15:11:13 -0400] "POST /wp-cron.php?doing_wp_cron=1744917071.7573940753936767578125 HTTP/1.1" 200 0 "-" "WordPress/6.8; https://fileluna.com"
20.171.207.122 - - [17/Apr/2025:15:12:09 -0400] "GET /?p=473 HTTP/1.1" 301 0 "-" "Mozilla/5.0 AppleWebKit/537.36 (KHTML, like Gecko; compatible; GPTBot/1.2; +https://openai.com/gptbot)"
20.171.207.122 - - [17/Apr/2025:15:12:09 -0400] "GET /steroids-and-their-effects/ HTTP/1.1" 200 11879 "-" "Mozilla/5.0 AppleWebKit/537.36 (KHTML, like Gecko; compatible; GPTBot/1.2; +https://openai.com/gptbot)"
198.54.114.83 - - [17/Apr/2025:15:13:24 -0400] "POST /wp-cron.php?doing_wp_cron=1744917203.4305889606475830078125 HTTP/1.1" 200 0 "-" "WordPress/6.8; https://fileluna.com"
198.54.114.83 - - [17/Apr/2025:15:13:24 -0400] "POST /wp-cron.php?doing_wp_cron=1744917203.3332040309906005859375 HTTP/1.1" 200 0 "-" "WordPress/6.8; https://fileluna.com"
20.171.207.122 - - [17/Apr/2025:15:13:22 -0400] "GET /ihr-zuverlassiger-umzugsservice-in-hamburg/feed/ HTTP/1.1" 200 408 "-" "Mozilla/5.0 AppleWebKit/537.36 (KHTML, like Gecko; compatible; GPTBot/1.2; +https://openai.com/gptbot)"
20.171.207.122 - - [17/Apr/2025:15:13:22 -0400] "GET /top-destinations-for-pesach-2025/ HTTP/1.1" 200 12083 "-" "Mozilla/5.0 AppleWebKit/537.36 (KHTML, like Gecko; compatible; GPTBot/1.2; +https://openai.com/gptbot)"
198.54.114.83 - - [17/Apr/2025:15:14:27 -0400] "POST /wp-cron.php?doing_wp_cron=1744917267.0458641052246093750000 HTTP/1.1" 200 0 "-" "WordPress/6.8; https://fileluna.com"
198.54.114.83 - - [17/Apr/2025:15:14:27 -0400] "POST /wp-cron.php?doing_wp_cron=1744917267.0421440601348876953125 HTTP/1.1" 200 0 "-" "WordPress/6.8; https://fileluna.com"
