154.83.103.202 - - [14/Apr/2025:15:13:58 -0400] "GET /public/service-worker.js HTTP/1.1" 404 8709 "-" "Mozilla/5.0 (Windows NT 10.0; Win64; x64) AppleWebKit/537.36 (KHTML, like Gecko) Chrome/91.0.4472.124 Safari/537.36"
154.83.103.202 - - [14/Apr/2025:15:14:03 -0400] "GET /static/css/ HTTP/1.1" 404 8709 "-" "Mozilla/5.0 (Windows NT 10.0; Win64; x64) AppleWebKit/537.36 (KHTML, like Gecko) Chrome/91.0.4472.124 Safari/537.36"
198.54.114.83 - - [14/Apr/2025:15:14:08 -0400] "POST /wp-cron.php?doing_wp_cron=1744658047.0650060176849365234375 HTTP/1.1" 200 0 "-" "WordPress/6.7.2; https://fileluna.com"
154.83.103.202 - - [14/Apr/2025:15:14:06 -0400] "GET /static/js/ HTTP/1.1" 404 8709 "-" "Mozilla/5.0 (Windows NT 10.0; Win64; x64) AppleWebKit/537.36 (KHTML, like Gecko) Chrome/91.0.4472.124 Safari/537.36"
154.83.103.202 - - [14/Apr/2025:15:14:09 -0400] "GET /tsconfig.json HTTP/1.1" 404 8709 "-" "Mozilla/5.0 (Windows NT 10.0; Win64; x64) AppleWebKit/537.36 (KHTML, like Gecko) Chrome/91.0.4472.124 Safari/537.36"
154.83.103.202 - - [14/Apr/2025:15:14:13 -0400] "GET /vite.config.js HTTP/1.1" 404 8709 "-" "Mozilla/5.0 (Windows NT 10.0; Win64; x64) AppleWebKit/537.36 (KHTML, like Gecko) Chrome/91.0.4472.124 Safari/537.36"
154.83.103.202 - - [14/Apr/2025:15:14:15 -0400] "GET /webpack.config.js HTTP/1.1" 404 8709 "-" "Mozilla/5.0 (Windows NT 10.0; Win64; x64) AppleWebKit/537.36 (KHTML, like Gecko) Chrome/91.0.4472.124 Safari/537.36"
154.83.103.202 - - [14/Apr/2025:15:14:18 -0400] "GET /angular.json HTTP/1.1" 404 8709 "-" "Mozilla/5.0 (Windows NT 10.0; Win64; x64) AppleWebKit/537.36 (KHTML, like Gecko) Chrome/91.0.4472.124 Safari/537.36"
154.83.103.202 - - [14/Apr/2025:15:14:21 -0400] "GET /karma.conf.js HTTP/1.1" 404 8709 "-" "Mozilla/5.0 (Windows NT 10.0; Win64; x64) AppleWebKit/537.36 (KHTML, like Gecko) Chrome/91.0.4472.124 Safari/537.36"
154.83.103.202 - - [14/Apr/2025:15:14:24 -0400] "GET /protractor.conf.js HTTP/1.1" 404 8709 "-" "Mozilla/5.0 (Windows NT 10.0; Win64; x64) AppleWebKit/537.36 (KHTML, like Gecko) Chrome/91.0.4472.124 Safari/537.36"
154.83.103.202 - - [14/Apr/2025:15:14:29 -0400] "GET /src/assets/ HTTP/1.1" 404 8709 "-" "Mozilla/5.0 (Windows NT 10.0; Win64; x64) AppleWebKit/537.36 (KHTML, like Gecko) Chrome/91.0.4472.124 Safari/537.36"
154.83.103.202 - - [14/Apr/2025:15:14:32 -0400] "GET /src/environments/environment.prod.ts HTTP/1.1" 404 8709 "-" "Mozilla/5.0 (Windows NT 10.0; Win64; x64) AppleWebKit/537.36 (KHTML, like Gecko) Chrome/91.0.4472.124 Safari/537.36"
154.83.103.202 - - [14/Apr/2025:15:14:36 -0400] "GET /src/environments/environment.ts HTTP/1.1" 404 8709 "-" "Mozilla/5.0 (Windows NT 10.0; Win64; x64) AppleWebKit/537.36 (KHTML, like Gecko) Chrome/91.0.4472.124 Safari/537.36"
154.83.103.202 - - [14/Apr/2025:15:14:39 -0400] "GET /src/main.ts HTTP/1.1" 404 8709 "-" "Mozilla/5.0 (Windows NT 10.0; Win64; x64) AppleWebKit/537.36 (KHTML, like Gecko) Chrome/91.0.4472.124 Safari/537.36"
154.83.103.202 - - [14/Apr/2025:15:14:40 -0400] "GET /src/styles.scss HTTP/1.1" 404 8709 "-" "Mozilla/5.0 (Windows NT 10.0; Win64; x64) AppleWebKit/537.36 (KHTML, like Gecko) Chrome/91.0.4472.124 Safari/537.36"
154.83.103.202 - - [14/Apr/2025:15:14:44 -0400] "GET /.next/ HTTP/1.1" 404 8709 "-" "Mozilla/5.0 (Windows NT 10.0; Win64; x64) AppleWebKit/537.36 (KHTML, like Gecko) Chrome/91.0.4472.124 Safari/537.36"
154.83.103.202 - - [14/Apr/2025:15:14:46 -0400] "GET /.nuxt/ HTTP/1.1" 404 8709 "-" "Mozilla/5.0 (Windows NT 10.0; Win64; x64) AppleWebKit/537.36 (KHTML, like Gecko) Chrome/91.0.4472.124 Safari/537.36"
154.83.103.202 - - [14/Apr/2025:15:14:48 -0400] "GET /env.local HTTP/1.1" 404 8709 "-" "Mozilla/5.0 (Windows NT 10.0; Win64; x64) AppleWebKit/537.36 (KHTML, like Gecko) Chrome/91.0.4472.124 Safari/537.36"
154.83.103.202 - - [14/Apr/2025:15:14:50 -0400] "GET /middleware.js HTTP/1.1" 404 8709 "-" "Mozilla/5.0 (Windows NT 10.0; Win64; x64) AppleWebKit/537.36 (KHTML, like Gecko) Chrome/91.0.4472.124 Safari/537.36"
154.83.103.202 - - [14/Apr/2025:15:14:53 -0400] "GET /netlify.toml HTTP/1.1" 404 8709 "-" "Mozilla/5.0 (Windows NT 10.0; Win64; x64) AppleWebKit/537.36 (KHTML, like Gecko) Chrome/91.0.4472.124 Safari/537.36"
154.83.103.202 - - [14/Apr/2025:15:14:56 -0400] "GET /out/ HTTP/1.1" 404 8709 "-" "Mozilla/5.0 (Windows NT 10.0; Win64; x64) AppleWebKit/537.36 (KHTML, like Gecko) Chrome/91.0.4472.124 Safari/537.36"
154.83.103.202 - - [14/Apr/2025:15:14:59 -0400] "GET /pages/api/ HTTP/1.1" 404 8709 "-" "Mozilla/5.0 (Windows NT 10.0; Win64; x64) AppleWebKit/537.36 (KHTML, like Gecko) Chrome/91.0.4472.124 Safari/537.36"
154.83.103.202 - - [14/Apr/2025:15:15:03 -0400] "GET /public/env.json HTTP/1.1" 404 8709 "-" "Mozilla/5.0 (Windows NT 10.0; Win64; x64) AppleWebKit/537.36 (KHTML, like Gecko) Chrome/91.0.4472.124 Safari/537.36"
154.83.103.202 - - [14/Apr/2025:15:15:08 -0400] "GET /static/ HTTP/1.1" 404 8709 "-" "Mozilla/5.0 (Windows NT 10.0; Win64; x64) AppleWebKit/537.36 (KHTML, like Gecko) Chrome/91.0.4472.124 Safari/537.36"
154.83.103.202 - - [14/Apr/2025:15:15:12 -0400] "GET /vercel.json HTTP/1.1" 404 8709 "-" "Mozilla/5.0 (Windows NT 10.0; Win64; x64) AppleWebKit/537.36 (KHTML, like Gecko) Chrome/91.0.4472.124 Safari/537.36"
154.83.103.202 - - [14/Apr/2025:15:15:15 -0400] "GET /.blitz/ HTTP/1.1" 404 8709 "-" "Mozilla/5.0 (Windows NT 10.0; Win64; x64) AppleWebKit/537.36 (KHTML, like Gecko) Chrome/91.0.4472.124 Safari/537.36"
154.83.103.202 - - [14/Apr/2025:15:15:16 -0400] "GET /.cache/ HTTP/1.1" 404 8709 "-" "Mozilla/5.0 (Windows NT 10.0; Win64; x64) AppleWebKit/537.36 (KHTML, like Gecko) Chrome/91.0.4472.124 Safari/537.36"
154.83.103.202 - - [14/Apr/2025:15:15:20 -0400] "GET /.eleventy.js HTTP/1.1" 404 8709 "-" "Mozilla/5.0 (Windows NT 10.0; Win64; x64) AppleWebKit/537.36 (KHTML, like Gecko) Chrome/91.0.4472.124 Safari/537.36"
154.83.103.202 - - [14/Apr/2025:15:15:23 -0400] "GET /.svelte-kit/ HTTP/1.1" 404 8709 "-" "Mozilla/5.0 (Windows NT 10.0; Win64; x64) AppleWebKit/537.36 (KHTML, like Gecko) Chrome/91.0.4472.124 Safari/537.36"
154.83.103.202 - - [14/Apr/2025:15:15:26 -0400] "GET /_site/ HTTP/1.1" 404 8709 "-" "Mozilla/5.0 (Windows NT 10.0; Win64; x64) AppleWebKit/537.36 (KHTML, like Gecko) Chrome/91.0.4472.124 Safari/537.36"
154.83.103.202 - - [14/Apr/2025:15:15:29 -0400] "GET /app/entry.client.tsx HTTP/1.1" 404 8709 "-" "Mozilla/5.0 (Windows NT 10.0; Win64; x64) AppleWebKit/537.36 (KHTML, like Gecko) Chrome/91.0.4472.124 Safari/537.36"
154.83.103.202 - - [14/Apr/2025:15:15:33 -0400] "GET /app/entry.server.tsx HTTP/1.1" 404 8709 "-" "Mozilla/5.0 (Windows NT 10.0; Win64; x64) AppleWebKit/537.36 (KHTML, like Gecko) Chrome/91.0.4472.124 Safari/537.36"
154.83.103.202 - - [14/Apr/2025:15:15:36 -0400] "GET /app/routes/ HTTP/1.1" 404 8709 "-" "Mozilla/5.0 (Windows NT 10.0; Win64; x64) AppleWebKit/537.36 (KHTML, like Gecko) Chrome/91.0.4472.124 Safari/537.36"
154.83.103.202 - - [14/Apr/2025:15:15:40 -0400] "GET /astro.config.mjs HTTP/1.1" 404 8709 "-" "Mozilla/5.0 (Windows NT 10.0; Win64; x64) AppleWebKit/537.36 (KHTML, like Gecko) Chrome/91.0.4472.124 Safari/537.36"
154.83.103.202 - - [14/Apr/2025:15:15:43 -0400] "GET /blitz.config.js HTTP/1.1" 404 8709 "-" "Mozilla/5.0 (Windows NT 10.0; Win64; x64) AppleWebKit/537.36 (KHTML, like Gecko) Chrome/91.0.4472.124 Safari/537.36"
154.83.103.202 - - [14/Apr/2025:15:15:46 -0400] "GET /db/ HTTP/1.1" 404 8709 "-" "Mozilla/5.0 (Windows NT 10.0; Win64; x64) AppleWebKit/537.36 (KHTML, like Gecko) Chrome/91.0.4472.124 Safari/537.36"
154.83.103.202 - - [14/Apr/2025:15:15:49 -0400] "GET /eleventy.config.js HTTP/1.1" 404 8709 "-" "Mozilla/5.0 (Windows NT 10.0; Win64; x64) AppleWebKit/537.36 (KHTML, like Gecko) Chrome/91.0.4472.124 Safari/537.36"
154.83.103.202 - - [14/Apr/2025:15:15:52 -0400] "GET /gatsby-config.js HTTP/1.1" 404 8709 "-" "Mozilla/5.0 (Windows NT 10.0; Win64; x64) AppleWebKit/537.36 (KHTML, like Gecko) Chrome/91.0.4472.124 Safari/537.36"
154.83.103.202 - - [14/Apr/2025:15:15:55 -0400] "GET /gatsby-node.js HTTP/1.1" 404 8709 "-" "Mozilla/5.0 (Windows NT 10.0; Win64; x64) AppleWebKit/537.36 (KHTML, like Gecko) Chrome/91.0.4472.124 Safari/537.36"
154.83.103.202 - - [14/Apr/2025:15:15:57 -0400] "GET /public/ HTTP/1.1" 404 8709 "-" "Mozilla/5.0 (Windows NT 10.0; Win64; x64) AppleWebKit/537.36 (KHTML, like Gecko) Chrome/91.0.4472.124 Safari/537.36"
154.83.103.202 - - [14/Apr/2025:15:16:00 -0400] "GET /public/build/ HTTP/1.1" 404 8709 "-" "Mozilla/5.0 (Windows NT 10.0; Win64; x64) AppleWebKit/537.36 (KHTML, like Gecko) Chrome/91.0.4472.124 Safari/537.36"
154.83.103.202 - - [14/Apr/2025:15:16:04 -0400] "GET /public/manifest.webmanifest HTTP/1.1" 404 8709 "-" "Mozilla/5.0 (Windows NT 10.0; Win64; x64) AppleWebKit/537.36 (KHTML, like Gecko) Chrome/91.0.4472.124 Safari/537.36"
154.83.103.202 - - [14/Apr/2025:15:16:07 -0400] "GET /remix.config.js HTTP/1.1" 404 8709 "-" "Mozilla/5.0 (Windows NT 10.0; Win64; x64) AppleWebKit/537.36 (KHTML, like Gecko) Chrome/91.0.4472.124 Safari/537.36"
154.83.103.202 - - [14/Apr/2025:15:16:11 -0400] "GET /remix.env HTTP/1.1" 404 8709 "-" "Mozilla/5.0 (Windows NT 10.0; Win64; x64) AppleWebKit/537.36 (KHTML, like Gecko) Chrome/91.0.4472.124 Safari/537.36"
198.54.114.83 - - [14/Apr/2025:15:16:13 -0400] "POST /wp-cron.php?doing_wp_cron=1744658171.4600460529327392578125 HTTP/1.1" 200 0 "-" "WordPress/6.7.2; https://fileluna.com"
154.83.103.202 - - [14/Apr/2025:15:16:14 -0400] "GET /src/ HTTP/1.1" 404 8709 "-" "Mozilla/5.0 (Windows NT 10.0; Win64; x64) AppleWebKit/537.36 (KHTML, like Gecko) Chrome/91.0.4472.124 Safari/537.36"
154.83.103.202 - - [14/Apr/2025:15:16:16 -0400] "GET /src/pages/ HTTP/1.1" 404 8709 "-" "Mozilla/5.0 (Windows NT 10.0; Win64; x64) AppleWebKit/537.36 (KHTML, like Gecko) Chrome/91.0.4472.124 Safari/537.36"
154.83.103.202 - - [14/Apr/2025:15:16:18 -0400] "GET /src/routes/ HTTP/1.1" 404 8709 "-" "Mozilla/5.0 (Windows NT 10.0; Win64; x64) AppleWebKit/537.36 (KHTML, like Gecko) Chrome/91.0.4472.124 Safari/537.36"
154.83.103.202 - - [14/Apr/2025:15:16:20 -0400] "GET /svelte.config.js HTTP/1.1" 404 8709 "-" "Mozilla/5.0 (Windows NT 10.0; Win64; x64) AppleWebKit/537.36 (KHTML, like Gecko) Chrome/91.0.4472.124 Safari/537.36"
154.83.103.202 - - [14/Apr/2025:15:16:22 -0400] "GET /Default.aspx HTTP/1.1" 404 8709 "-" "Mozilla/5.0 (Windows NT 10.0; Win64; x64) AppleWebKit/537.36 (KHTML, like Gecko) Chrome/91.0.4472.124 Safari/537.36"
154.83.103.202 - - [14/Apr/2025:15:16:23 -0400] "GET /akamai/sureroute-test-object.html HTTP/1.1" 404 8709 "-" "Mozilla/5.0 (Windows NT 10.0; Win64; x64) AppleWebKit/537.36 (KHTML, like Gecko) Chrome/91.0.4472.124 Safari/537.36"
154.83.103.202 - - [14/Apr/2025:15:16:26 -0400] "GET /api/transact.dll HTTP/1.1" 404 8709 "-" "Mozilla/5.0 (Windows NT 10.0; Win64; x64) AppleWebKit/537.36 (KHTML, like Gecko) Chrome/91.0.4472.124 Safari/537.36"
154.83.103.202 - - [14/Apr/2025:15:16:27 -0400] "GET /content/robots.txt HTTP/1.1" 404 8709 "-" "Mozilla/5.0 (Windows NT 10.0; Win64; x64) AppleWebKit/537.36 (KHTML, like Gecko) Chrome/91.0.4472.124 Safari/537.36"
154.83.103.202 - - [14/Apr/2025:15:16:30 -0400] "GET /pages/home HTTP/1.1" 404 8709 "-" "Mozilla/5.0 (Windows NT 10.0; Win64; x64) AppleWebKit/537.36 (KHTML, like Gecko) Chrome/91.0.4472.124 Safari/537.36"
154.83.103.202 - - [14/Apr/2025:15:16:32 -0400] "GET /cloudfront/signature HTTP/1.1" 404 8709 "-" "Mozilla/5.0 (Windows NT 10.0; Win64; x64) AppleWebKit/537.36 (KHTML, like Gecko) Chrome/91.0.4472.124 Safari/537.36"
154.83.103.202 - - [14/Apr/2025:15:16:33 -0400] "GET /envoy-admin HTTP/1.1" 404 8709 "-" "Mozilla/5.0 (Windows NT 10.0; Win64; x64) AppleWebKit/537.36 (KHTML, like Gecko) Chrome/91.0.4472.124 Safari/537.36"
154.83.103.202 - - [14/Apr/2025:15:16:37 -0400] "GET /fb-pixel.js HTTP/1.1" 404 8709 "-" "Mozilla/5.0 (Windows NT 10.0; Win64; x64) AppleWebKit/537.36 (KHTML, like Gecko) Chrome/91.0.4472.124 Safari/537.36"
154.83.103.202 - - [14/Apr/2025:15:16:38 -0400] "GET /adsbygoogle.js HTTP/1.1" 404 8709 "-" "Mozilla/5.0 (Windows NT 10.0; Win64; x64) AppleWebKit/537.36 (KHTML, like Gecko) Chrome/91.0.4472.124 Safari/537.36"
154.83.103.202 - - [14/Apr/2025:15:16:41 -0400] "GET /analytics.js HTTP/1.1" 404 8709 "-" "Mozilla/5.0 (Windows NT 10.0; Win64; x64) AppleWebKit/537.36 (KHTML, like Gecko) Chrome/91.0.4472.124 Safari/537.36"
154.83.103.202 - - [14/Apr/2025:15:16:43 -0400] "GET /gtag/js HTTP/1.1" 404 8709 "-" "Mozilla/5.0 (Windows NT 10.0; Win64; x64) AppleWebKit/537.36 (KHTML, like Gecko) Chrome/91.0.4472.124 Safari/537.36"
154.83.103.202 - - [14/Apr/2025:15:16:46 -0400] "GET /WEB-INF/web.xml HTTP/1.1" 404 8709 "-" "Mozilla/5.0 (Windows NT 10.0; Win64; x64) AppleWebKit/537.36 (KHTML, like Gecko) Chrome/91.0.4472.124 Safari/537.36"
103.11.103.186 - - [14/Apr/2025:15:16:50 -0400] "GET /wp-login.php HTTP/1.1" 200 1760 "-" "GRequests/0.10"
154.83.103.202 - - [14/Apr/2025:15:16:49 -0400] "GET /login.jsp HTTP/1.1" 404 8709 "-" "Mozilla/5.0 (Windows NT 10.0; Win64; x64) AppleWebKit/537.36 (KHTML, like Gecko) Chrome/91.0.4472.124 Safari/537.36"
103.11.103.186 - - [14/Apr/2025:15:16:51 -0400] "POST /wp-login.php HTTP/1.1" 200 1898 "-" "GRequests/0.10"
154.83.103.202 - - [14/Apr/2025:15:16:51 -0400] "GET /livechat/ HTTP/1.1" 404 8709 "-" "Mozilla/5.0 (Windows NT 10.0; Win64; x64) AppleWebKit/537.36 (KHTML, like Gecko) Chrome/91.0.4472.124 Safari/537.36"
154.83.103.202 - - [14/Apr/2025:15:16:53 -0400] "GET /matomo.php HTTP/1.1" 404 8709 "-" "Mozilla/5.0 (Windows NT 10.0; Win64; x64) AppleWebKit/537.36 (KHTML, like Gecko) Chrome/91.0.4472.124 Safari/537.36"
154.83.103.202 - - [14/Apr/2025:15:16:56 -0400] "GET /piwik.php HTTP/1.1" 404 8709 "-" "Mozilla/5.0 (Windows NT 10.0; Win64; x64) AppleWebKit/537.36 (KHTML, like Gecko) Chrome/91.0.4472.124 Safari/537.36"
154.83.103.202 - - [14/Apr/2025:15:16:57 -0400] "GET /mailchimp/subscribe HTTP/1.1" 404 8709 "-" "Mozilla/5.0 (Windows NT 10.0; Win64; x64) AppleWebKit/537.36 (KHTML, like Gecko) Chrome/91.0.4472.124 Safari/537.36"
154.83.103.202 - - [14/Apr/2025:15:16:59 -0400] "GET /newrelic/ HTTP/1.1" 404 8709 "-" "Mozilla/5.0 (Windows NT 10.0; Win64; x64) AppleWebKit/537.36 (KHTML, like Gecko) Chrome/91.0.4472.124 Safari/537.36"
154.83.103.202 - - [14/Apr/2025:15:17:02 -0400] "GET /lua_status HTTP/1.1" 404 8709 "-" "Mozilla/5.0 (Windows NT 10.0; Win64; x64) AppleWebKit/537.36 (KHTML, like Gecko) Chrome/91.0.4472.124 Safari/537.36"
154.83.103.202 - - [14/Apr/2025:15:17:04 -0400] "GET /paypal/ipn HTTP/1.1" 404 8709 "-" "Mozilla/5.0 (Windows NT 10.0; Win64; x64) AppleWebKit/537.36 (KHTML, like Gecko) Chrome/91.0.4472.124 Safari/537.36"
154.83.103.202 - - [14/Apr/2025:15:17:07 -0400] "GET /login_up.php3 HTTP/1.1" 404 8709 "-" "Mozilla/5.0 (Windows NT 10.0; Win64; x64) AppleWebKit/537.36 (KHTML, like Gecko) Chrome/91.0.4472.124 Safari/537.36"
154.83.103.202 - - [14/Apr/2025:15:17:09 -0400] "GET /plesk-stat/ HTTP/1.1" 404 8709 "-" "Mozilla/5.0 (Windows NT 10.0; Win64; x64) AppleWebKit/537.36 (KHTML, like Gecko) Chrome/91.0.4472.124 Safari/537.36"
198.54.114.83 - - [14/Apr/2025:15:17:13 -0400] "POST /wp-cron.php?doing_wp_cron=1744658232.5964529514312744140625 HTTP/1.1" 200 0 "-" "WordPress/6.7.2; https://fileluna.com"
154.83.103.202 - - [14/Apr/2025:15:17:12 -0400] "GET /.well-known/shopify/ HTTP/1.1" 404 8709 "-" "Mozilla/5.0 (Windows NT 10.0; Win64; x64) AppleWebKit/537.36 (KHTML, like Gecko) Chrome/91.0.4472.124 Safari/537.36"
198.54.114.83 - - [14/Apr/2025:15:17:15 -0400] "POST /wp-admin/admin-ajax.php?action=async_litespeed&nonce=JGWrDY1fg7RCdjuKGZ04P3urCaVWTZfe&litespeed_type=imgoptm HTTP/1.1" 200 0 "-" "WordPress/6.7.2; https://fileluna.com"
154.83.103.202 - - [14/Apr/2025:15:17:16 -0400] "GET /sitemap.xml HTTP/1.1" 301 0 "-" "Mozilla/5.0 (Windows NT 10.0; Win64; x64) AppleWebKit/537.36 (KHTML, like Gecko) Chrome/91.0.4472.124 Safari/537.36"
154.83.103.202 - - [14/Apr/2025:15:17:17 -0400] "GET /wp-sitemap.xml HTTP/1.1" 404 8709 "-" "Mozilla/5.0 (Windows NT 10.0; Win64; x64) AppleWebKit/537.36 (KHTML, like Gecko) Chrome/91.0.4472.124 Safari/537.36"
154.83.103.202 - - [14/Apr/2025:15:17:20 -0400] "GET /.well-known/stripe/ HTTP/1.1" 404 8709 "-" "Mozilla/5.0 (Windows NT 10.0; Win64; x64) AppleWebKit/537.36 (KHTML, like Gecko) Chrome/91.0.4472.124 Safari/537.36"
154.83.103.202 - - [14/Apr/2025:15:17:21 -0400] "GET /sucuri-firewall/ HTTP/1.1" 404 8709 "-" "Mozilla/5.0 (Windows NT 10.0; Win64; x64) AppleWebKit/537.36 (KHTML, like Gecko) Chrome/91.0.4472.124 Safari/537.36"
154.83.103.202 - - [14/Apr/2025:15:17:24 -0400] "GET /typo3conf/ext/ HTTP/1.1" 404 8709 "-" "Mozilla/5.0 (Windows NT 10.0; Win64; x64) AppleWebKit/537.36 (KHTML, like Gecko) Chrome/91.0.4472.124 Safari/537.36"
154.83.103.202 - - [14/Apr/2025:15:17:26 -0400] "GET /debug/varnish/ HTTP/1.1" 404 8709 "-" "Mozilla/5.0 (Windows NT 10.0; Win64; x64) AppleWebKit/537.36 (KHTML, like Gecko) Chrome/91.0.4472.124 Safari/537.36"
154.83.103.202 - - [14/Apr/2025:15:17:29 -0400] "GET /_vercel/insights HTTP/1.1" 404 8709 "-" "Mozilla/5.0 (Windows NT 10.0; Win64; x64) AppleWebKit/537.36 (KHTML, like Gecko) Chrome/91.0.4472.124 Safari/537.36"
154.83.103.202 - - [14/Apr/2025:15:17:31 -0400] "GET /editor/ HTTP/1.1" 404 8709 "-" "Mozilla/5.0 (Windows NT 10.0; Win64; x64) AppleWebKit/537.36 (KHTML, like Gecko) Chrome/91.0.4472.124 Safari/537.36"
154.83.103.202 - - [14/Apr/2025:15:17:34 -0400] "GET /files/theme/ HTTP/1.1" 404 8709 "-" "Mozilla/5.0 (Windows NT 10.0; Win64; x64) AppleWebKit/537.36 (KHTML, like Gecko) Chrome/91.0.4472.124 Safari/537.36"
154.83.103.202 - - [14/Apr/2025:15:17:36 -0400] "GET /wp-content/plugins/woocommerce/ HTTP/1.1" 404 8709 "-" "Mozilla/5.0 (Windows NT 10.0; Win64; x64) AppleWebKit/537.36 (KHTML, like Gecko) Chrome/91.0.4472.124 Safari/537.36"
154.83.103.202 - - [14/Apr/2025:15:17:39 -0400] "GET /wp-json/wc/v3/ HTTP/1.1" 404 114 "-" "Mozilla/5.0 (Windows NT 10.0; Win64; x64) AppleWebKit/537.36 (KHTML, like Gecko) Chrome/91.0.4472.124 Safari/537.36"
154.83.103.202 - - [14/Apr/2025:15:17:41 -0400] "GET /watch.js HTTP/1.1" 404 8709 "-" "Mozilla/5.0 (Windows NT 10.0; Win64; x64) AppleWebKit/537.36 (KHTML, like Gecko) Chrome/91.0.4472.124 Safari/537.36"
154.83.103.202 - - [14/Apr/2025:15:17:43 -0400] "GET /includes/configure.php HTTP/1.1" 404 8709 "-" "Mozilla/5.0 (Windows NT 10.0; Win64; x64) AppleWebKit/537.36 (KHTML, like Gecko) Chrome/91.0.4472.124 Safari/537.36"
154.83.103.202 - - [14/Apr/2025:15:17:46 -0400] "GET /hc/en-us HTTP/1.1" 404 8709 "-" "Mozilla/5.0 (Windows NT 10.0; Win64; x64) AppleWebKit/537.36 (KHTML, like Gecko) Chrome/91.0.4472.124 Safari/537.36"
154.83.103.202 - - [14/Apr/2025:15:17:48 -0400] "GET /application/configs/application.ini HTTP/1.1" 404 8709 "-" "Mozilla/5.0 (Windows NT 10.0; Win64; x64) AppleWebKit/537.36 (KHTML, like Gecko) Chrome/91.0.4472.124 Safari/537.36"
154.83.103.202 - - [14/Apr/2025:15:17:51 -0400] "GET /adm/index.php HTTP/1.1" 301 0 "-" "Mozilla/5.0 (Windows NT 10.0; Win64; x64) AppleWebKit/537.36 (KHTML, like Gecko) Chrome/91.0.4472.124 Safari/537.36"
154.83.103.202 - - [14/Apr/2025:15:17:52 -0400] "GET /adm/ HTTP/1.1" 404 8709 "-" "Mozilla/5.0 (Windows NT 10.0; Win64; x64) AppleWebKit/537.36 (KHTML, like Gecko) Chrome/91.0.4472.124 Safari/537.36"
154.83.103.202 - - [14/Apr/2025:15:17:54 -0400] "GET /admincp/ HTTP/1.1" 404 8709 "-" "Mozilla/5.0 (Windows NT 10.0; Win64; x64) AppleWebKit/537.36 (KHTML, like Gecko) Chrome/91.0.4472.124 Safari/537.36"
154.83.103.202 - - [14/Apr/2025:15:17:55 -0400] "GET /conf/config.php HTTP/1.1" 404 8709 "-" "Mozilla/5.0 (Windows NT 10.0; Win64; x64) AppleWebKit/537.36 (KHTML, like Gecko) Chrome/91.0.4472.124 Safari/537.36"
154.83.103.202 - - [14/Apr/2025:15:17:57 -0400] "GET /xtAdmin/ HTTP/1.1" 404 8709 "-" "Mozilla/5.0 (Windows NT 10.0; Win64; x64) AppleWebKit/537.36 (KHTML, like Gecko) Chrome/91.0.4472.124 Safari/537.36"
198.54.114.83 - - [14/Apr/2025:15:18:03 -0400] "POST /wp-cron.php?doing_wp_cron=1744658282.2535729408264160156250 HTTP/1.1" 200 0 "-" "WordPress/6.7.2; https://fileluna.com"
154.83.103.202 - - [14/Apr/2025:15:18:01 -0400] "GET /config/cryptomus.json HTTP/1.1" 404 8709 "-" "Mozilla/5.0 (Windows NT 10.0; Win64; x64) AppleWebKit/537.36 (KHTML, like Gecko) Chrome/91.0.4472.124 Safari/537.36"
198.54.114.83 - - [14/Apr/2025:15:18:05 -0400] "POST /wp-admin/admin-ajax.php?action=async_litespeed&nonce=q2xRuIrSiRpgs3ZehPLRrLxnWI2ynww7&litespeed_type=imgoptm HTTP/1.1" 200 0 "-" "WordPress/6.7.2; https://fileluna.com"
154.83.103.202 - - [14/Apr/2025:15:18:04 -0400] "GET /config/cryptomus.php HTTP/1.1" 404 8709 "-" "Mozilla/5.0 (Windows NT 10.0; Win64; x64) AppleWebKit/537.36 (KHTML, like Gecko) Chrome/91.0.4472.124 Safari/537.36"
154.83.103.202 - - [14/Apr/2025:15:18:08 -0400] "GET /config/cryptomus.yaml HTTP/1.1" 404 8709 "-" "Mozilla/5.0 (Windows NT 10.0; Win64; x64) AppleWebKit/537.36 (KHTML, like Gecko) Chrome/91.0.4472.124 Safari/537.36"
154.83.103.202 - - [14/Apr/2025:15:18:09 -0400] "GET /cryptomus-credentials.json HTTP/1.1" 404 8709 "-" "Mozilla/5.0 (Windows NT 10.0; Win64; x64) AppleWebKit/537.36 (KHTML, like Gecko) Chrome/91.0.4472.124 Safari/537.36"
154.83.103.202 - - [14/Apr/2025:15:18:12 -0400] "GET /cryptomus-keys.json HTTP/1.1" 404 8709 "-" "Mozilla/5.0 (Windows NT 10.0; Win64; x64) AppleWebKit/537.36 (KHTML, like Gecko) Chrome/91.0.4472.124 Safari/537.36"
154.83.103.202 - - [14/Apr/2025:15:18:16 -0400] "GET /cryptomus.config.js HTTP/1.1" 404 8709 "-" "Mozilla/5.0 (Windows NT 10.0; Win64; x64) AppleWebKit/537.36 (KHTML, like Gecko) Chrome/91.0.4472.124 Safari/537.36"
154.83.103.202 - - [14/Apr/2025:15:18:18 -0400] "GET /cryptomus.env HTTP/1.1" 404 8709 "-" "Mozilla/5.0 (Windows NT 10.0; Win64; x64) AppleWebKit/537.36 (KHTML, like Gecko) Chrome/91.0.4472.124 Safari/537.36"
154.83.103.202 - - [14/Apr/2025:15:18:21 -0400] "GET /cryptomus.json HTTP/1.1" 404 8709 "-" "Mozilla/5.0 (Windows NT 10.0; Win64; x64) AppleWebKit/537.36 (KHTML, like Gecko) Chrome/91.0.4472.124 Safari/537.36"
154.83.103.202 - - [14/Apr/2025:15:18:24 -0400] "GET /cryptomus.yaml HTTP/1.1" 404 8709 "-" "Mozilla/5.0 (Windows NT 10.0; Win64; x64) AppleWebKit/537.36 (KHTML, like Gecko) Chrome/91.0.4472.124 Safari/537.36"
154.83.103.202 - - [14/Apr/2025:15:18:26 -0400] "GET /src/config/cryptomus.js HTTP/1.1" 404 8709 "-" "Mozilla/5.0 (Windows NT 10.0; Win64; x64) AppleWebKit/537.36 (KHTML, like Gecko) Chrome/91.0.4472.124 Safari/537.36"
154.83.103.202 - - [14/Apr/2025:15:18:28 -0400] "GET /src/config/cryptomus.ts HTTP/1.1" 404 8709 "-" "Mozilla/5.0 (Windows NT 10.0; Win64; x64) AppleWebKit/537.36 (KHTML, like Gecko) Chrome/91.0.4472.124 Safari/537.36"
154.83.103.202 - - [14/Apr/2025:15:18:30 -0400] "GET /.paypal/ HTTP/1.1" 404 8709 "-" "Mozilla/5.0 (Windows NT 10.0; Win64; x64) AppleWebKit/537.36 (KHTML, like Gecko) Chrome/91.0.4472.124 Safari/537.36"
154.83.103.202 - - [14/Apr/2025:15:18:31 -0400] "GET /.well-known/paypal.txt HTTP/1.1" 404 8709 "-" "Mozilla/5.0 (Windows NT 10.0; Win64; x64) AppleWebKit/537.36 (KHTML, like Gecko) Chrome/91.0.4472.124 Safari/537.36"
154.83.103.202 - - [14/Apr/2025:15:18:34 -0400] "GET /config/paypal.json HTTP/1.1" 404 8709 "-" "Mozilla/5.0 (Windows NT 10.0; Win64; x64) AppleWebKit/537.36 (KHTML, like Gecko) Chrome/91.0.4472.124 Safari/537.36"
154.83.103.202 - - [14/Apr/2025:15:18:37 -0400] "GET /config/paypal.php HTTP/1.1" 404 8709 "-" "Mozilla/5.0 (Windows NT 10.0; Win64; x64) AppleWebKit/537.36 (KHTML, like Gecko) Chrome/91.0.4472.124 Safari/537.36"
154.83.103.202 - - [14/Apr/2025:15:18:39 -0400] "GET /config/paypal.yaml HTTP/1.1" 404 8709 "-" "Mozilla/5.0 (Windows NT 10.0; Win64; x64) AppleWebKit/537.36 (KHTML, like Gecko) Chrome/91.0.4472.124 Safari/537.36"
154.83.103.202 - - [14/Apr/2025:15:18:40 -0400] "GET /paypal-credentials.json HTTP/1.1" 404 8709 "-" "Mozilla/5.0 (Windows NT 10.0; Win64; x64) AppleWebKit/537.36 (KHTML, like Gecko) Chrome/91.0.4472.124 Safari/537.36"
154.83.103.202 - - [14/Apr/2025:15:18:42 -0400] "GET /paypal.config.js HTTP/1.1" 404 8709 "-" "Mozilla/5.0 (Windows NT 10.0; Win64; x64) AppleWebKit/537.36 (KHTML, like Gecko) Chrome/91.0.4472.124 Safari/537.36"
154.83.103.202 - - [14/Apr/2025:15:18:43 -0400] "GET /paypal.env HTTP/1.1" 404 8709 "-" "Mozilla/5.0 (Windows NT 10.0; Win64; x64) AppleWebKit/537.36 (KHTML, like Gecko) Chrome/91.0.4472.124 Safari/537.36"
154.83.103.202 - - [14/Apr/2025:15:18:44 -0400] "GET /paypal.json HTTP/1.1" 404 8709 "-" "Mozilla/5.0 (Windows NT 10.0; Win64; x64) AppleWebKit/537.36 (KHTML, like Gecko) Chrome/91.0.4472.124 Safari/537.36"
154.83.103.202 - - [14/Apr/2025:15:18:46 -0400] "GET /src/config/paypal.js HTTP/1.1" 404 8709 "-" "Mozilla/5.0 (Windows NT 10.0; Win64; x64) AppleWebKit/537.36 (KHTML, like Gecko) Chrome/91.0.4472.124 Safari/537.36"
154.83.103.202 - - [14/Apr/2025:15:18:47 -0400] "GET /src/config/paypal.ts HTTP/1.1" 404 8709 "-" "Mozilla/5.0 (Windows NT 10.0; Win64; x64) AppleWebKit/537.36 (KHTML, like Gecko) Chrome/91.0.4472.124 Safari/537.36"
154.83.103.202 - - [14/Apr/2025:15:18:49 -0400] "GET /coinbase-commerce.config.js HTTP/1.1" 404 8709 "-" "Mozilla/5.0 (Windows NT 10.0; Win64; x64) AppleWebKit/537.36 (KHTML, like Gecko) Chrome/91.0.4472.124 Safari/537.36"
154.83.103.202 - - [14/Apr/2025:15:18:51 -0400] "GET /coinbase-commerce.json HTTP/1.1" 404 8709 "-" "Mozilla/5.0 (Windows NT 10.0; Win64; x64) AppleWebKit/537.36 (KHTML, like Gecko) Chrome/91.0.4472.124 Safari/537.36"
154.83.103.202 - - [14/Apr/2025:15:18:53 -0400] "GET /coinbase-commerce.yaml HTTP/1.1" 404 8709 "-" "Mozilla/5.0 (Windows NT 10.0; Win64; x64) AppleWebKit/537.36 (KHTML, like Gecko) Chrome/91.0.4472.124 Safari/537.36"
154.83.103.202 - - [14/Apr/2025:15:18:55 -0400] "GET /coinbase-credentials.json HTTP/1.1" 404 8709 "-" "Mozilla/5.0 (Windows NT 10.0; Win64; x64) AppleWebKit/537.36 (KHTML, like Gecko) Chrome/91.0.4472.124 Safari/537.36"
154.83.103.202 - - [14/Apr/2025:15:18:56 -0400] "GET /coinbase-keys.json HTTP/1.1" 404 8709 "-" "Mozilla/5.0 (Windows NT 10.0; Win64; x64) AppleWebKit/537.36 (KHTML, like Gecko) Chrome/91.0.4472.124 Safari/537.36"
154.83.103.202 - - [14/Apr/2025:15:18:58 -0400] "GET /coinbase.config.js HTTP/1.1" 404 8709 "-" "Mozilla/5.0 (Windows NT 10.0; Win64; x64) AppleWebKit/537.36 (KHTML, like Gecko) Chrome/91.0.4472.124 Safari/537.36"
154.83.103.202 - - [14/Apr/2025:15:19:00 -0400] "GET /coinbase.env HTTP/1.1" 404 8709 "-" "Mozilla/5.0 (Windows NT 10.0; Win64; x64) AppleWebKit/537.36 (KHTML, like Gecko) Chrome/91.0.4472.124 Safari/537.36"
198.54.114.83 - - [14/Apr/2025:15:19:04 -0400] "POST /wp-cron.php?doing_wp_cron=1744658343.9046568870544433593750 HTTP/1.1" 200 0 "-" "WordPress/6.7.2; https://fileluna.com"
198.54.114.83 - - [14/Apr/2025:15:19:05 -0400] "POST /wp-admin/admin-ajax.php?action=async_litespeed&nonce=WAlOA3kyfDWDJ99uwhyrdfSmIAbNrO35&litespeed_type=imgoptm HTTP/1.1" 200 0 "-" "WordPress/6.7.2; https://fileluna.com"
154.83.103.202 - - [14/Apr/2025:15:19:03 -0400] "GET /config/coinbase.json HTTP/1.1" 404 8709 "-" "Mozilla/5.0 (Windows NT 10.0; Win64; x64) AppleWebKit/537.36 (KHTML, like Gecko) Chrome/91.0.4472.124 Safari/537.36"
154.83.103.202 - - [14/Apr/2025:15:19:07 -0400] "GET /config/coinbase.php HTTP/1.1" 404 8709 "-" "Mozilla/5.0 (Windows NT 10.0; Win64; x64) AppleWebKit/537.36 (KHTML, like Gecko) Chrome/91.0.4472.124 Safari/537.36"
154.83.103.202 - - [14/Apr/2025:15:19:12 -0400] "GET /src/config/coinbase.js HTTP/1.1" 404 8709 "-" "Mozilla/5.0 (Windows NT 10.0; Win64; x64) AppleWebKit/537.36 (KHTML, like Gecko) Chrome/91.0.4472.124 Safari/537.36"
154.83.103.202 - - [14/Apr/2025:15:19:15 -0400] "GET /src/config/coinbase.ts HTTP/1.1" 404 8707 "-" "Mozilla/5.0 (Windows NT 10.0; Win64; x64) AppleWebKit/537.36 (KHTML, like Gecko) Chrome/91.0.4472.124 Safari/537.36"
154.83.103.202 - - [14/Apr/2025:15:19:20 -0400] "GET /binance-credentials.json HTTP/1.1" 404 8709 "-" "Mozilla/5.0 (Windows NT 10.0; Win64; x64) AppleWebKit/537.36 (KHTML, like Gecko) Chrome/91.0.4472.124 Safari/537.36"
154.83.103.202 - - [14/Apr/2025:15:19:25 -0400] "GET /binance-keys.json HTTP/1.1" 404 8709 "-" "Mozilla/5.0 (Windows NT 10.0; Win64; x64) AppleWebKit/537.36 (KHTML, like Gecko) Chrome/91.0.4472.124 Safari/537.36"
154.83.103.202 - - [14/Apr/2025:15:19:32 -0400] "GET /binance-pay.json HTTP/1.1" 404 8709 "-" "Mozilla/5.0 (Windows NT 10.0; Win64; x64) AppleWebKit/537.36 (KHTML, like Gecko) Chrome/91.0.4472.124 Safari/537.36"
154.83.103.202 - - [14/Apr/2025:15:19:37 -0400] "GET /binance.env HTTP/1.1" 404 8709 "-" "Mozilla/5.0 (Windows NT 10.0; Win64; x64) AppleWebKit/537.36 (KHTML, like Gecko) Chrome/91.0.4472.124 Safari/537.36"
154.83.103.202 - - [14/Apr/2025:15:19:39 -0400] "GET /binancepay.config.js HTTP/1.1" 404 8709 "-" "Mozilla/5.0 (Windows NT 10.0; Win64; x64) AppleWebKit/537.36 (KHTML, like Gecko) Chrome/91.0.4472.124 Safari/537.36"
154.83.103.202 - - [14/Apr/2025:15:19:43 -0400] "GET /binancepay.yaml HTTP/1.1" 404 8709 "-" "Mozilla/5.0 (Windows NT 10.0; Win64; x64) AppleWebKit/537.36 (KHTML, like Gecko) Chrome/91.0.4472.124 Safari/537.36"
154.83.103.202 - - [14/Apr/2025:15:19:46 -0400] "GET /config/binance.php HTTP/1.1" 404 8709 "-" "Mozilla/5.0 (Windows NT 10.0; Win64; x64) AppleWebKit/537.36 (KHTML, like Gecko) Chrome/91.0.4472.124 Safari/537.36"
154.83.103.202 - - [14/Apr/2025:15:19:49 -0400] "GET /config/binancepay.json HTTP/1.1" 404 8709 "-" "Mozilla/5.0 (Windows NT 10.0; Win64; x64) AppleWebKit/537.36 (KHTML, like Gecko) Chrome/91.0.4472.124 Safari/537.36"
154.83.103.202 - - [14/Apr/2025:15:19:51 -0400] "GET /src/config/binance.js HTTP/1.1" 404 8709 "-" "Mozilla/5.0 (Windows NT 10.0; Win64; x64) AppleWebKit/537.36 (KHTML, like Gecko) Chrome/91.0.4472.124 Safari/537.36"
154.83.103.202 - - [14/Apr/2025:15:19:56 -0400] "GET /src/config/binance.ts HTTP/1.1" 404 8709 "-" "Mozilla/5.0 (Windows NT 10.0; Win64; x64) AppleWebKit/537.36 (KHTML, like Gecko) Chrome/91.0.4472.124 Safari/537.36"
154.83.103.202 - - [14/Apr/2025:15:19:58 -0400] "GET /braintree-credentials.json HTTP/1.1" 404 8709 "-" "Mozilla/5.0 (Windows NT 10.0; Win64; x64) AppleWebKit/537.36 (KHTML, like Gecko) Chrome/91.0.4472.124 Safari/537.36"
154.83.103.202 - - [14/Apr/2025:15:20:03 -0400] "GET /braintree-keys.json HTTP/1.1" 404 8709 "-" "Mozilla/5.0 (Windows NT 10.0; Win64; x64) AppleWebKit/537.36 (KHTML, like Gecko) Chrome/91.0.4472.124 Safari/537.36"
198.54.114.83 - - [14/Apr/2025:15:20:05 -0400] "POST /wp-cron.php?doing_wp_cron=1744658403.9100201129913330078125 HTTP/1.1" 200 0 "-" "WordPress/6.7.2; https://fileluna.com"
154.83.103.202 - - [14/Apr/2025:15:20:07 -0400] "GET /braintree.config.js HTTP/1.1" 404 8709 "-" "Mozilla/5.0 (Windows NT 10.0; Win64; x64) AppleWebKit/537.36 (KHTML, like Gecko) Chrome/91.0.4472.124 Safari/537.36"
154.83.103.202 - - [14/Apr/2025:15:20:10 -0400] "GET /braintree.env HTTP/1.1" 404 8709 "-" "Mozilla/5.0 (Windows NT 10.0; Win64; x64) AppleWebKit/537.36 (KHTML, like Gecko) Chrome/91.0.4472.124 Safari/537.36"
154.83.103.202 - - [14/Apr/2025:15:20:12 -0400] "GET /braintree.json HTTP/1.1" 404 8709 "-" "Mozilla/5.0 (Windows NT 10.0; Win64; x64) AppleWebKit/537.36 (KHTML, like Gecko) Chrome/91.0.4472.124 Safari/537.36"
154.83.103.202 - - [14/Apr/2025:15:20:13 -0400] "GET /braintree.yaml HTTP/1.1" 404 8709 "-" "Mozilla/5.0 (Windows NT 10.0; Win64; x64) AppleWebKit/537.36 (KHTML, like Gecko) Chrome/91.0.4472.124 Safari/537.36"
154.83.103.202 - - [14/Apr/2025:15:20:16 -0400] "GET /config/braintree.json HTTP/1.1" 404 8709 "-" "Mozilla/5.0 (Windows NT 10.0; Win64; x64) AppleWebKit/537.36 (KHTML, like Gecko) Chrome/91.0.4472.124 Safari/537.36"
154.83.103.202 - - [14/Apr/2025:15:20:18 -0400] "GET /config/braintree.php HTTP/1.1" 404 8709 "-" "Mozilla/5.0 (Windows NT 10.0; Win64; x64) AppleWebKit/537.36 (KHTML, like Gecko) Chrome/91.0.4472.124 Safari/537.36"
154.83.103.202 - - [14/Apr/2025:15:20:20 -0400] "GET /src/config/braintree.js HTTP/1.1" 404 8709 "-" "Mozilla/5.0 (Windows NT 10.0; Win64; x64) AppleWebKit/537.36 (KHTML, like Gecko) Chrome/91.0.4472.124 Safari/537.36"
154.83.103.202 - - [14/Apr/2025:15:20:21 -0400] "GET /src/config/braintree.ts HTTP/1.1" 404 8709 "-" "Mozilla/5.0 (Windows NT 10.0; Win64; x64) AppleWebKit/537.36 (KHTML, like Gecko) Chrome/91.0.4472.124 Safari/537.36"
198.54.114.83 - - [14/Apr/2025:15:20:26 -0400] "POST /wp-cron.php?doing_wp_cron=1744658425.8868420124053955078125 HTTP/1.1" 200 0 "-" "WordPress/6.7.2; https://fileluna.com"
154.83.103.202 - - [14/Apr/2025:15:20:24 -0400] "GET /wp-admin/install.php HTTP/1.1" 200 435 "-" "Mozilla/5.0 (Windows NT 10.0; Win64; x64) AppleWebKit/537.36 (KHTML, like Gecko) Chrome/91.0.4472.124 Safari/537.36"
154.83.103.202 - - [14/Apr/2025:15:20:27 -0400] "GET /wp-login.php HTTP/1.1" 200 1760 "-" "Mozilla/5.0 (Windows NT 10.0; Win64; x64) AppleWebKit/537.36 (KHTML, like Gecko) Chrome/91.0.4472.124 Safari/537.36"
154.83.103.202 - - [14/Apr/2025:15:20:27 -0400] "GET /wp-admin/update-core.php HTTP/1.1" 302 0 "-" "Mozilla/5.0 (Windows NT 10.0; Win64; x64) AppleWebKit/537.36 (KHTML, like Gecko) Chrome/91.0.4472.124 Safari/537.36"
154.83.103.202 - - [14/Apr/2025:15:20:28 -0400] "GET /wp-login.php?redirect_to=https%3A%2F%2Ffileluna.com%2Fwp-admin%2Fupdate-core.php&reauth=1 HTTP/1.1" 200 1771 "-" "Mozilla/5.0 (Windows NT 10.0; Win64; x64) AppleWebKit/537.36 (KHTML, like Gecko) Chrome/91.0.4472.124 Safari/537.36"
198.54.114.83 - - [14/Apr/2025:15:20:30 -0400] "POST /wp-cron.php?doing_wp_cron=1744658430.1855039596557617187500 HTTP/1.1" 200 0 "-" "WordPress/6.7.2; https://fileluna.com"
154.83.103.202 - - [14/Apr/2025:15:20:29 -0400] "GET /wp-admin/upgrade.php HTTP/1.1" 200 412 "-" "Mozilla/5.0 (Windows NT 10.0; Win64; x64) AppleWebKit/537.36 (KHTML, like Gecko) Chrome/91.0.4472.124 Safari/537.36"
154.83.103.202 - - [14/Apr/2025:15:20:31 -0400] "GET /wp-admin/import.php HTTP/1.1" 302 0 "-" "Mozilla/5.0 (Windows NT 10.0; Win64; x64) AppleWebKit/537.36 (KHTML, like Gecko) Chrome/91.0.4472.124 Safari/537.36"
154.83.103.202 - - [14/Apr/2025:15:20:32 -0400] "GET /wp-login.php?redirect_to=https%3A%2F%2Ffileluna.com%2Fwp-admin%2Fimport.php&reauth=1 HTTP/1.1" 200 1772 "-" "Mozilla/5.0 (Windows NT 10.0; Win64; x64) AppleWebKit/537.36 (KHTML, like Gecko) Chrome/91.0.4472.124 Safari/537.36"
154.83.103.202 - - [14/Apr/2025:15:20:34 -0400] "GET /install.php HTTP/1.1" 404 8709 "-" "Mozilla/5.0 (Windows NT 10.0; Win64; x64) AppleWebKit/537.36 (KHTML, like Gecko) Chrome/91.0.4472.124 Safari/537.36"
146.70.192.174 - - [14/Apr/2025:15:24:30 -0400] "GET / HTTP/1.1" 200 12525 "-" "Mozilla/5.0 (Windows NT 10.0; Win64; x64) AppleWebKit/537.36 (KHTML, like Gecko) Chrome/78.0.3904.108 Safari/537.36"
146.70.192.174 - - [14/Apr/2025:15:24:32 -0400] "GET //wp-includes/wlwmanifest.xml HTTP/1.1" 301 0 "-" "Mozilla/5.0 (Windows NT 10.0; Win64; x64) AppleWebKit/537.36 (KHTML, like Gecko) Chrome/78.0.3904.108 Safari/537.36"
146.70.192.174 - - [14/Apr/2025:15:24:37 -0400] "GET //xmlrpc.php?rsd HTTP/1.1" 200 292 "-" "Mozilla/5.0 (Windows NT 10.0; Win64; x64) AppleWebKit/537.36 (KHTML, like Gecko) Chrome/78.0.3904.108 Safari/537.36"
146.70.192.174 - - [14/Apr/2025:15:24:39 -0400] "GET //?author=1 HTTP/1.1" 301 0 "-" "Mozilla/5.0 (Windows NT 10.0; Win64; x64) AppleWebKit/537.36 (KHTML, like Gecko) Chrome/78.0.3904.108 Safari/537.36"
146.70.192.174 - - [14/Apr/2025:15:24:43 -0400] "GET //?author=2 HTTP/1.1" 301 0 "-" "Mozilla/5.0 (Windows NT 10.0; Win64; x64) AppleWebKit/537.36 (KHTML, like Gecko) Chrome/78.0.3904.108 Safari/537.36"
146.70.192.174 - - [14/Apr/2025:15:24:46 -0400] "GET //wp-json/wp/v2/users/ HTTP/1.1" 200 1236 "-" "Mozilla/5.0 (Windows NT 10.0; Win64; x64) AppleWebKit/537.36 (KHTML, like Gecko) Chrome/78.0.3904.108 Safari/537.36"
146.70.192.174 - - [14/Apr/2025:15:24:48 -0400] "POST //xmlrpc.php HTTP/1.1" 200 205 "-" "Mozilla/5.0 (Windows NT 10.0; Win64; x64) AppleWebKit/537.36 (KHTML, like Gecko) Chrome/78.0.3904.108 Safari/537.36"
146.70.192.174 - - [14/Apr/2025:15:24:50 -0400] "POST //xmlrpc.php HTTP/1.1" 200 205 "-" "Mozilla/5.0 (Windows NT 10.0; Win64; x64) AppleWebKit/537.36 (KHTML, like Gecko) Chrome/78.0.3904.108 Safari/537.36"
146.70.192.174 - - [14/Apr/2025:15:24:53 -0400] "POST //xmlrpc.php HTTP/1.1" 200 205 "-" "Mozilla/5.0 (Windows NT 10.0; Win64; x64) AppleWebKit/537.36 (KHTML, like Gecko) Chrome/78.0.3904.108 Safari/537.36"
146.70.192.174 - - [14/Apr/2025:15:24:55 -0400] "POST //xmlrpc.php HTTP/1.1" 200 205 "-" "Mozilla/5.0 (Windows NT 10.0; Win64; x64) AppleWebKit/537.36 (KHTML, like Gecko) Chrome/78.0.3904.108 Safari/537.36"
146.70.192.174 - - [14/Apr/2025:15:24:56 -0400] "POST //xmlrpc.php HTTP/1.1" 200 205 "-" "Mozilla/5.0 (Windows NT 10.0; Win64; x64) AppleWebKit/537.36 (KHTML, like Gecko) Chrome/78.0.3904.108 Safari/537.36"
146.70.192.174 - - [14/Apr/2025:15:24:58 -0400] "POST //xmlrpc.php HTTP/1.1" 200 205 "-" "Mozilla/5.0 (Windows NT 10.0; Win64; x64) AppleWebKit/537.36 (KHTML, like Gecko) Chrome/78.0.3904.108 Safari/537.36"
114.119.137.80 - - [14/Apr/2025:15:31:50 -0400] "GET /unlocking-experiences-the-cultural-gift-certificate-credit-card/ HTTP/1.1" 200 11568 "https://fileluna.com/page/25/" "Mozilla/5.0 (Linux; Android 7.0;) AppleWebKit/537.36 (KHTML, like Gecko) Mobile Safari/537.36 (compatible; PetalBot;+https://webmaster.petalsearch.com/site/petalbot)"
114.119.129.198 - - [14/Apr/2025:15:33:08 -0400] "GET /der-weg-zum-jurastudium-ein-law-tutor-an-ihrer-seite/ HTTP/1.1" 200 11622 "https://fileluna.com/2024/page/32/" "Mozilla/5.0 (Linux; Android 7.0;) AppleWebKit/537.36 (KHTML, like Gecko) Mobile Safari/537.36 (compatible; PetalBot;+https://webmaster.petalsearch.com/site/petalbot)"
31.220.93.206 - - [14/Apr/2025:15:41:00 -0400] "GET /wp-login.php HTTP/1.1" 200 1760 "-" "GRequests/0.10"
31.220.93.206 - - [14/Apr/2025:15:41:01 -0400] "POST /wp-login.php HTTP/1.1" 200 1901 "-" "GRequests/0.10"
139.99.217.139 - - [14/Apr/2025:15:58:49 -0400] "GET /.git/config HTTP/1.1" 403 1242 "-" "Mozilla/5.0 (Macintosh; Intel Mac OS X 10_15_7) AppleWebKit/537.36 (KHTML, like Gecko) Chrome/115.0.0.0 Safari/537.36"
109.236.93.77 - - [14/Apr/2025:16:07:52 -0400] "GET / HTTP/1.1" 200 12525 "-" "Mozilla/5.0 (Windows NT 10.0; Win64; x64) AppleWebKit/537.36 (KHTML, like Gecko) Chrome/118.0.0.0 Safari/537.36"
216.244.66.246 - - [14/Apr/2025:16:09:23 -0400] "GET /robots.txt HTTP/1.1" 304 0 "-" "Mozilla/5.0 (compatible; DotBot/1.2; +https://opensiteexplorer.org/dotbot; help@moz.com)"
196.251.80.216 - - [14/Apr/2025:16:48:02 -0400] "GET /wp-content/plugins/WordPressCore/include.php HTTP/1.1" 404 8709 "-" "Mozlila/5.0 (Linux; Android 7.0; SM-G892A Bulid/NRD90M; wv) AppleWebKit/537.36 (KHTML, like Gecko) Version/4.0 Chrome/60.0.3112.107 Moblie Safari/537.36"
196.251.80.216 - - [14/Apr/2025:16:48:18 -0400] "GET /wp-content/plugins/WordPressCore/include.php HTTP/1.1" 404 8709 "-" "Mozlila/5.0 (Linux; Android 7.0; SM-G892A Bulid/NRD90M; wv) AppleWebKit/537.36 (KHTML, like Gecko) Version/4.0 Chrome/60.0.3112.107 Moblie Safari/537.36"
34.83.97.255 - - [14/Apr/2025:16:53:10 -0400] "GET /finding-affordable-concrete-contractors-in-northern-colorado HTTP/1.1" 301 0 "-" "Mozilla/5.0 (Windows NT 10.0; Win64; x64) AppleWebKit/537.36 (KHTML, like Gecko) Chrome/114.0.0.0 Safari/537.36"
34.83.97.255 - - [14/Apr/2025:16:53:15 -0400] "GET /finding-affordable-concrete-contractors-in-northern-colorado/ HTTP/1.1" 200 11793 "https://fileluna.com/finding-affordable-concrete-contractors-in-northern-colorado" "Mozilla/5.0 (Windows NT 10.0; Win64; x64) AppleWebKit/537.36 (KHTML, like Gecko) Chrome/114.0.0.0 Safari/537.36"
216.244.66.246 - - [14/Apr/2025:16:58:27 -0400] "GET /robots.txt HTTP/1.1" 304 0 "-" "Mozilla/5.0 (compatible; DotBot/1.2; +https://opensiteexplorer.org/dotbot; help@moz.com)"
212.8.248.108 - - [14/Apr/2025:16:58:52 -0400] "GET / HTTP/1.1" 200 12525 "-" "Mozilla/5.0 (Windows NT 10.0; Win64; x64) AppleWebKit/537.36 (KHTML, like Gecko) Chrome/118.0.0.0 Safari/537.36"
66.249.70.101 - - [14/Apr/2025:17:03:13 -0400] "GET /robots.txt HTTP/1.1" 200 61 "-" "Mozilla/5.0 (compatible; Googlebot/2.1; +http://www.google.com/bot.html)"
134.17.14.122 - - [14/Apr/2025:17:03:21 -0400] "GET /goat.php HTTP/1.1" 404 8709 "-" "Mozilla/4.0 (compatible; MSIE 6.0; Windows NT 5.1; SV1)"
103.11.103.186 - - [14/Apr/2025:17:03:37 -0400] "GET /wp-login.php HTTP/1.1" 200 1760 "-" "GRequests/0.10"
103.11.103.186 - - [14/Apr/2025:17:03:38 -0400] "POST /wp-login.php HTTP/1.1" 200 1901 "-" "GRequests/0.10"
31.220.93.206 - - [14/Apr/2025:17:06:39 -0400] "GET /wp-login.php HTTP/1.1" 200 1760 "-" "GRequests/0.10"
31.220.93.206 - - [14/Apr/2025:17:06:40 -0400] "POST /wp-login.php HTTP/1.1" 200 1898 "-" "GRequests/0.10"
217.146.83.117 - - [14/Apr/2025:17:11:48 -0400] "GET / HTTP/1.1" 200 12525 "-" "Mozilla/5.0 (Windows NT 10.0; Win64; x64) AppleWebKit/537.36 (KHTML, like Gecko) Chrome/78.0.3904.108 Safari/537.36"
217.146.83.117 - - [14/Apr/2025:17:11:48 -0400] "GET //wp-includes/wlwmanifest.xml HTTP/1.1" 301 0 "-" "Mozilla/5.0 (Windows NT 10.0; Win64; x64) AppleWebKit/537.36 (KHTML, like Gecko) Chrome/78.0.3904.108 Safari/537.36"
114.119.129.34 - - [14/Apr/2025:17:11:49 -0400] "GET /umzugsunternehmen-in-luneburg-ihr-partner-fur-einen-reibungslosen-umzug/ HTTP/1.1" 200 11870 "https://fileluna.com/author/admin/page/31/" "Mozilla/5.0 (Linux; Android 7.0;) AppleWebKit/537.36 (KHTML, like Gecko) Mobile Safari/537.36 (compatible; PetalBot;+https://webmaster.petalsearch.com/site/petalbot)"
217.146.83.117 - - [14/Apr/2025:17:11:55 -0400] "GET //xmlrpc.php?rsd HTTP/1.1" 200 292 "-" "Mozilla/5.0 (Windows NT 10.0; Win64; x64) AppleWebKit/537.36 (KHTML, like Gecko) Chrome/78.0.3904.108 Safari/537.36"
217.146.83.117 - - [14/Apr/2025:17:11:56 -0400] "GET //?author=1 HTTP/1.1" 301 0 "-" "Mozilla/5.0 (Windows NT 10.0; Win64; x64) AppleWebKit/537.36 (KHTML, like Gecko) Chrome/78.0.3904.108 Safari/537.36"
217.146.83.117 - - [14/Apr/2025:17:11:56 -0400] "GET //?author=2 HTTP/1.1" 301 0 "-" "Mozilla/5.0 (Windows NT 10.0; Win64; x64) AppleWebKit/537.36 (KHTML, like Gecko) Chrome/78.0.3904.108 Safari/537.36"
217.146.83.117 - - [14/Apr/2025:17:11:57 -0400] "GET //wp-json/wp/v2/users/ HTTP/1.1" 200 1236 "-" "Mozilla/5.0 (Windows NT 10.0; Win64; x64) AppleWebKit/537.36 (KHTML, like Gecko) Chrome/78.0.3904.108 Safari/537.36"
217.146.83.117 - - [14/Apr/2025:17:11:57 -0400] "POST //xmlrpc.php HTTP/1.1" 200 205 "-" "Mozilla/5.0 (Windows NT 10.0; Win64; x64) AppleWebKit/537.36 (KHTML, like Gecko) Chrome/78.0.3904.108 Safari/537.36"
217.146.83.117 - - [14/Apr/2025:17:11:58 -0400] "POST //xmlrpc.php HTTP/1.1" 200 205 "-" "Mozilla/5.0 (Windows NT 10.0; Win64; x64) AppleWebKit/537.36 (KHTML, like Gecko) Chrome/78.0.3904.108 Safari/537.36"
217.146.83.117 - - [14/Apr/2025:17:11:59 -0400] "POST //xmlrpc.php HTTP/1.1" 200 205 "-" "Mozilla/5.0 (Windows NT 10.0; Win64; x64) AppleWebKit/537.36 (KHTML, like Gecko) Chrome/78.0.3904.108 Safari/537.36"
217.146.83.117 - - [14/Apr/2025:17:12:00 -0400] "POST //xmlrpc.php HTTP/1.1" 200 205 "-" "Mozilla/5.0 (Windows NT 10.0; Win64; x64) AppleWebKit/537.36 (KHTML, like Gecko) Chrome/78.0.3904.108 Safari/537.36"
217.146.83.117 - - [14/Apr/2025:17:12:01 -0400] "POST //xmlrpc.php HTTP/1.1" 200 205 "-" "Mozilla/5.0 (Windows NT 10.0; Win64; x64) AppleWebKit/537.36 (KHTML, like Gecko) Chrome/78.0.3904.108 Safari/537.36"
217.146.83.117 - - [14/Apr/2025:17:12:04 -0400] "POST //xmlrpc.php HTTP/1.1" 200 205 "-" "Mozilla/5.0 (Windows NT 10.0; Win64; x64) AppleWebKit/537.36 (KHTML, like Gecko) Chrome/78.0.3904.108 Safari/537.36"
114.119.154.229 - - [14/Apr/2025:17:13:22 -0400] "GET /why-legal-expertise-matters/ HTTP/1.1" 200 11684 "https://fileluna.com/navigating-employment-law-free-advice-for-your-rights/" "Mozilla/5.0 (Linux; Android 7.0;) AppleWebKit/537.36 (KHTML, like Gecko) Mobile Safari/537.36 (compatible; PetalBot;+https://webmaster.petalsearch.com/site/petalbot)"
114.119.129.198 - - [14/Apr/2025:17:14:36 -0400] "GET /liberer-le-succes-en-ligne-la-puissance-dune-agence-de-referencement/ HTTP/1.1" 200 12651 "https://fileluna.com/2024/01/page/2/" "Mozilla/5.0 (Linux; Android 7.0;) AppleWebKit/537.36 (KHTML, like Gecko) Mobile Safari/537.36 (compatible; PetalBot;+https://webmaster.petalsearch.com/site/petalbot)"
114.119.149.81 - - [14/Apr/2025:17:15:26 -0400] "GET /crafting-elegance-the-artistry-of-paper-quilling-jewelry/ HTTP/1.1" 200 11724 "https://fileluna.com/unlocking-career-success-the-art-of-resume-writing/" "Mozilla/5.0 (Linux; Android 7.0;) AppleWebKit/537.36 (KHTML, like Gecko) Mobile Safari/537.36 (compatible; PetalBot;+https://webmaster.petalsearch.com/site/petalbot)"
104.152.52.67 - - [14/Apr/2025:17:20:48 -0400] "GET / HTTP/1.1" 200 12525 "-" "curl/7.61.1"
114.119.154.229 - - [14/Apr/2025:17:29:58 -0400] "GET /zum-lecken-treffen/ HTTP/1.1" 200 11135 "https://fileluna.com/page/16/" "Mozilla/5.0 (Linux; Android 7.0;) AppleWebKit/537.36 (KHTML, like Gecko) Mobile Safari/537.36 (compatible; PetalBot;+https://webmaster.petalsearch.com/site/petalbot)"
114.119.132.163 - - [14/Apr/2025:17:31:21 -0400] "GET /unwind-and-recharge-suwon-business-trip-massage/ HTTP/1.1" 200 11565 "https://fileluna.com/celebrate-pesach-2025-in-the-usa-exciting-programs-await/" "Mozilla/5.0 (Linux; Android 7.0;) AppleWebKit/537.36 (KHTML, like Gecko) Mobile Safari/537.36 (compatible; PetalBot;+https://webmaster.petalsearch.com/site/petalbot)"
114.119.129.198 - - [14/Apr/2025:17:32:46 -0400] "GET /unveiling-the-magic-of-rainbow-riches-slot/ HTTP/1.1" 200 11637 "https://fileluna.com/reclaim-your-posture-effective-solutions-for-forward-head-syndrome/" "Mozilla/5.0 (Linux; Android 7.0;) AppleWebKit/537.36 (KHTML, like Gecko) Mobile Safari/537.36 (compatible; PetalBot;+https://webmaster.petalsearch.com/site/petalbot)"
114.119.149.81 - - [14/Apr/2025:17:34:09 -0400] "GET /umzugsunternehmen-in-luneburg-fur-einen-stressfreien-umzug/ HTTP/1.1" 200 11889 "https://fileluna.com/ansan-business-trip-massage/" "Mozilla/5.0 (Linux; Android 7.0;) AppleWebKit/537.36 (KHTML, like Gecko) Mobile Safari/537.36 (compatible; PetalBot;+https://webmaster.petalsearch.com/site/petalbot)"
114.119.148.27 - - [14/Apr/2025:17:35:33 -0400] "GET /personalized-comfort-the-allure-of-socks-with-name-embroidered/ HTTP/1.1" 200 11752 "https://fileluna.com/2024/page/47/" "Mozilla/5.0 (Linux; Android 7.0;) AppleWebKit/537.36 (KHTML, like Gecko) Mobile Safari/537.36 (compatible; PetalBot;+https://webmaster.petalsearch.com/site/petalbot)"
114.119.129.198 - - [14/Apr/2025:17:36:55 -0400] "GET /innovations-in-metabolic-labs-for-personalized-health-solutions/ HTTP/1.1" 200 12407 "https://fileluna.com/category/arts-entertainments/page/3/" "Mozilla/5.0 (Linux; Android 7.0;) AppleWebKit/537.36 (KHTML, like Gecko) Mobile Safari/537.36 (compatible; PetalBot;+https://webmaster.petalsearch.com/site/petalbot)"
114.119.132.228 - - [14/Apr/2025:17:38:19 -0400] "GET /ihr-partner-fur-einen-stressfreien-umzug/ HTTP/1.1" 200 11678 "https://fileluna.com/umzuge-mit-vertrauen-und-erfahrung/" "Mozilla/5.0 (Linux; Android 7.0;) AppleWebKit/537.36 (KHTML, like Gecko) Mobile Safari/537.36 (compatible; PetalBot;+https://webmaster.petalsearch.com/site/petalbot)"
114.119.154.229 - - [14/Apr/2025:17:39:43 -0400] "GET /discover-the-top-craft-weed-in-canada/ HTTP/1.1" 200 11721 "https://fileluna.com/2024/page/16/" "Mozilla/5.0 (Linux; Android 7.0;) AppleWebKit/537.36 (KHTML, like Gecko) Mobile Safari/537.36 (compatible; PetalBot;+https://webmaster.petalsearch.com/site/petalbot)"
114.119.148.27 - - [14/Apr/2025:17:41:05 -0400] "GET /category/arts-entertainments/page/25/ HTTP/1.1" 200 11164 "https://fileluna.com/category/arts-entertainments/page/27/" "Mozilla/5.0 (Linux; Android 7.0;) AppleWebKit/537.36 (KHTML, like Gecko) Mobile Safari/537.36 (compatible; PetalBot;+https://webmaster.petalsearch.com/site/petalbot)"
114.119.132.163 - - [14/Apr/2025:17:42:30 -0400] "GET /category/arts-entertainments/page/23/ HTTP/1.1" 200 11093 "https://fileluna.com/category/arts-entertainments/page/20/" "Mozilla/5.0 (Linux; Android 7.0;) AppleWebKit/537.36 (KHTML, like Gecko) Mobile Safari/537.36 (compatible; PetalBot;+https://webmaster.petalsearch.com/site/petalbot)"
135.119.140.245 - - [14/Apr/2025:17:43:31 -0400] "HEAD /wordpress HTTP/1.1" 404 0 "http://fileluna.com/wordpress" "Mozilla/5.0 (Windows NT 10.0; Win64; x64) AppleWebKit/537.36 (KHTML, like Gecko) Chrome/74.0.3729.169 Safari/537.36"
135.119.140.245 - - [14/Apr/2025:17:43:33 -0400] "HEAD / HTTP/1.1" 200 0 "http://fileluna.com/" "Mozilla/5.0 (Windows NT 10.0; Win64; x64) AppleWebKit/537.36 (KHTML, like Gecko) Chrome/74.0.3729.169 Safari/537.36"
135.119.140.245 - - [14/Apr/2025:17:43:34 -0400] "HEAD /wp HTTP/1.1" 404 0 "http://fileluna.com/wp" "Mozilla/5.0 (Windows NT 10.0; Win64; x64) AppleWebKit/537.36 (KHTML, like Gecko) Chrome/74.0.3729.169 Safari/537.36"
135.119.140.245 - - [14/Apr/2025:17:43:35 -0400] "HEAD /bc HTTP/1.1" 404 0 "http://fileluna.com/bc" "Mozilla/5.0 (Windows NT 10.0; Win64; x64) AppleWebKit/537.36 (KHTML, like Gecko) Chrome/74.0.3729.169 Safari/537.36"
135.119.140.245 - - [14/Apr/2025:17:43:36 -0400] "HEAD /bk HTTP/1.1" 404 0 "http://fileluna.com/bk" "Mozilla/5.0 (Windows NT 10.0; Win64; x64) AppleWebKit/537.36 (KHTML, like Gecko) Chrome/74.0.3729.169 Safari/537.36"
135.119.140.245 - - [14/Apr/2025:17:43:37 -0400] "HEAD /backup HTTP/1.1" 404 0 "http://fileluna.com/backup" "Mozilla/5.0 (Windows NT 10.0; Win64; x64) AppleWebKit/537.36 (KHTML, like Gecko) Chrome/74.0.3729.169 Safari/537.36"
135.119.140.245 - - [14/Apr/2025:17:43:38 -0400] "HEAD /old HTTP/1.1" 404 0 "http://fileluna.com/old" "Mozilla/5.0 (Windows NT 10.0; Win64; x64) AppleWebKit/537.36 (KHTML, like Gecko) Chrome/74.0.3729.169 Safari/537.36"
135.119.140.245 - - [14/Apr/2025:17:43:38 -0400] "HEAD /new HTTP/1.1" 404 0 "http://fileluna.com/new" "Mozilla/5.0 (Windows NT 10.0; Win64; x64) AppleWebKit/537.36 (KHTML, like Gecko) Chrome/74.0.3729.169 Safari/537.36"
