198.54.114.83 - - [15/Apr/2025:12:50:59 -0400] "POST /wp-cron.php?doing_wp_cron=1744735854.1898720264434814453125 HTTP/1.1" 200 0 "-" "WordPress/6.7.2; https://fileluna.com"
52.169.84.30 - - [15/Apr/2025:12:51:05 -0400] "GET /1.php HTTP/1.1" 404 8709 "-" "-"
216.244.66.246 - - [15/Apr/2025:12:51:18 -0400] "GET /robots.txt HTTP/1.1" 304 0 "-" "Mozilla/5.0 (compatible; DotBot/1.2; +https://opensiteexplorer.org/dotbot; help@moz.com)"
52.169.84.30 - - [15/Apr/2025:12:51:18 -0400] "GET /data.php HTTP/1.1" 404 8709 "-" "-"
52.169.84.30 - - [15/Apr/2025:12:51:30 -0400] "GET /wp-blog.php HTTP/1.1" 404 8709 "-" "-"
52.169.84.30 - - [15/Apr/2025:12:51:41 -0400] "GET /b.php HTTP/1.1" 404 8709 "-" "-"
52.169.84.30 - - [15/Apr/2025:12:51:49 -0400] "GET /c.php HTTP/1.1" 404 8709 "-" "-"
52.169.84.30 - - [15/Apr/2025:12:51:58 -0400] "GET /shx.php HTTP/1.1" 404 8709 "-" "-"
198.54.114.83 - - [15/Apr/2025:12:52:02 -0400] "POST /wp-cron.php?doing_wp_cron=1744735918.7685139179229736328125 HTTP/1.1" 200 0 "-" "WordPress/6.7.2; https://fileluna.com"
52.169.84.30 - - [15/Apr/2025:12:52:10 -0400] "GET /alfa.php HTTP/1.1" 404 8709 "-" "-"
52.169.84.30 - - [15/Apr/2025:12:52:20 -0400] "GET /a.php HTTP/1.1" 404 8709 "-" "-"
52.169.84.30 - - [15/Apr/2025:12:52:31 -0400] "GET /old-index.php HTTP/1.1" 404 8709 "-" "-"
52.169.84.30 - - [15/Apr/2025:12:52:40 -0400] "GET /FoxWSO.php HTTP/1.1" 404 8709 "-" "-"
52.169.84.30 - - [15/Apr/2025:12:52:49 -0400] "GET /x.php HTTP/1.1" 404 8709 "-" "-"
52.169.84.30 - - [15/Apr/2025:12:52:56 -0400] "GET /403.php HTTP/1.1" 404 8709 "-" "-"
198.54.114.83 - - [15/Apr/2025:12:53:08 -0400] "POST /wp-cron.php?doing_wp_cron=1744735986.2825410366058349609375 HTTP/1.1" 200 0 "-" "WordPress/6.7.2; https://fileluna.com"
52.169.84.30 - - [15/Apr/2025:12:53:05 -0400] "GET /mini.php HTTP/1.1" 404 8709 "-" "-"
52.169.84.30 - - [15/Apr/2025:12:53:16 -0400] "GET /imagesvuln.php HTTP/1.1" 404 8709 "-" "-"
52.169.84.30 - - [15/Apr/2025:12:53:25 -0400] "GET /edit-form.php HTTP/1.1" 404 8709 "-" "-"
52.169.84.30 - - [15/Apr/2025:12:53:34 -0400] "GET /wikindex.php HTTP/1.1" 404 8709 "-" "-"
52.169.84.30 - - [15/Apr/2025:12:53:44 -0400] "GET /m.php HTTP/1.1" 404 8709 "-" "-"
52.169.84.30 - - [15/Apr/2025:12:53:55 -0400] "GET /0byte.php HTTP/1.1" 404 8709 "-" "-"
52.169.84.30 - - [15/Apr/2025:12:54:05 -0400] "GET /xx.php HTTP/1.1" 404 8709 "-" "-"
198.54.114.83 - - [15/Apr/2025:12:54:11 -0400] "POST /wp-cron.php?doing_wp_cron=1744736046.7410659790039062500000 HTTP/1.1" 200 0 "-" "WordPress/6.7.2; https://fileluna.com"
52.169.84.30 - - [15/Apr/2025:12:54:18 -0400] "GET /new-index.php HTTP/1.1" 404 8709 "-" "-"
45.10.151.10 - - [15/Apr/2025:12:54:26 -0400] "POST /xmlrpc.php HTTP/1.1" 200 205 "-" "Mozilla/5.0 (X11; Fedora; Linux x86_64; rv:94.0) Gecko/20100101 Firefox/95.0"
52.169.84.30 - - [15/Apr/2025:12:54:29 -0400] "GET /wp.php HTTP/1.1" 404 8709 "-" "-"
52.169.84.30 - - [15/Apr/2025:12:54:40 -0400] "GET /wp-wso.php HTTP/1.1" 404 8709 "-" "-"
52.169.84.30 - - [15/Apr/2025:12:54:50 -0400] "GET /qindex.php HTTP/1.1" 404 8709 "-" "-"
52.169.84.30 - - [15/Apr/2025:12:55:00 -0400] "GET /minimo.php HTTP/1.1" 404 8709 "-" "-"
52.169.84.30 - - [15/Apr/2025:12:55:13 -0400] "GET /xleet.php HTTP/1.1" 404 8709 "-" "-"
52.169.84.30 - - [15/Apr/2025:12:55:24 -0400] "GET /V3.php HTTP/1.1" 404 8709 "-" "-"
52.169.84.30 - - [15/Apr/2025:12:55:27 -0400] "GET /V5.php HTTP/1.1" 404 8709 "-" "-"
52.169.84.30 - - [15/Apr/2025:12:55:42 -0400] "GET /up.php HTTP/1.1" 404 8709 "-" "-"
52.169.84.30 - - [15/Apr/2025:12:55:48 -0400] "GET /www.php HTTP/1.1" 404 8709 "-" "-"
52.169.84.30 - - [15/Apr/2025:12:55:55 -0400] "GET /100.php HTTP/1.1" 404 8710 "-" "-"
52.169.84.30 - - [15/Apr/2025:12:56:03 -0400] "GET /777.php HTTP/1.1" 404 8709 "-" "-"
52.169.84.30 - - [15/Apr/2025:12:56:10 -0400] "GET /defau1t.php HTTP/1.1" 404 8709 "-" "-"
52.169.84.30 - - [15/Apr/2025:12:56:15 -0400] "GET /f.php HTTP/1.1" 404 8709 "-" "-"
198.54.114.83 - - [15/Apr/2025:12:56:20 -0400] "POST /wp-cron.php?doing_wp_cron=1744736175.8192009925842285156250 HTTP/1.1" 200 0 "-" "WordPress/6.7.2; https://fileluna.com"
192.99.19.65 - - [15/Apr/2025:12:56:20 -0400] "POST /xmlrpc.php HTTP/1.1" 200 186 "https://fileluna.com" "Mozilla/5.0 (Macintosh; Intel Mac OS X 10_15_7) AppleWebKit/537.36 (KHTML, like Gecko) Chrome/112.0.5615.138 Safari/537.36"
52.169.84.30 - - [15/Apr/2025:12:56:23 -0400] "GET /xox.php HTTP/1.1" 404 8709 "-" "-"
192.99.19.65 - - [15/Apr/2025:12:56:24 -0400] "POST /wp-login.php HTTP/1.1" 200 1894 "https://fileluna.com" "Mozilla/5.0 (Windows NT 11.0; Win64; x64; rv:126.0) Gecko/20100101 Firefox/126.0"
52.169.84.30 - - [15/Apr/2025:12:56:30 -0400] "GET /o.php HTTP/1.1" 404 8709 "-" "-"
52.169.84.30 - - [15/Apr/2025:12:56:36 -0400] "GET /new.php HTTP/1.1" 404 8709 "-" "-"
52.169.84.30 - - [15/Apr/2025:12:56:41 -0400] "GET /sindex.php HTTP/1.1" 404 8709 "-" "-"
52.169.84.30 - - [15/Apr/2025:12:56:50 -0400] "GET /baindex.php HTTP/1.1" 404 8709 "-" "-"
52.169.84.30 - - [15/Apr/2025:12:56:59 -0400] "GET /wi.php HTTP/1.1" 404 8709 "-" "-"
52.169.84.30 - - [15/Apr/2025:12:57:08 -0400] "GET /mar.php HTTP/1.1" 404 8709 "-" "-"
52.169.84.30 - - [15/Apr/2025:12:57:13 -0400] "GET /root.php HTTP/1.1" 404 8709 "-" "-"
52.169.84.30 - - [15/Apr/2025:12:57:20 -0400] "GET /nee.php HTTP/1.1" 404 8709 "-" "-"
198.54.114.83 - - [15/Apr/2025:12:57:23 -0400] "POST /wp-cron.php?doing_wp_cron=1744736240.7960870265960693359375 HTTP/1.1" 200 0 "-" "WordPress/6.7.2; https://fileluna.com"
52.169.84.30 - - [15/Apr/2025:12:57:27 -0400] "GET /v.php HTTP/1.1" 404 8709 "-" "-"
52.169.84.30 - - [15/Apr/2025:12:57:33 -0400] "GET /z.php HTTP/1.1" 404 8709 "-" "-"
52.169.84.30 - - [15/Apr/2025:12:57:40 -0400] "GET /g.php HTTP/1.1" 404 8709 "-" "-"
52.169.84.30 - - [15/Apr/2025:12:57:46 -0400] "GET /c99.php HTTP/1.1" 404 8709 "-" "-"
52.169.84.30 - - [15/Apr/2025:12:57:52 -0400] "GET /w.php HTTP/1.1" 404 8709 "-" "-"
52.169.84.30 - - [15/Apr/2025:12:58:01 -0400] "GET /ws.php HTTP/1.1" 404 8709 "-" "-"
52.169.84.30 - - [15/Apr/2025:12:58:11 -0400] "GET /2.php HTTP/1.1" 404 8709 "-" "-"
52.169.84.30 - - [15/Apr/2025:12:58:21 -0400] "GET /lol.php HTTP/1.1" 404 8709 "-" "-"
198.54.114.83 - - [15/Apr/2025:12:58:25 -0400] "POST /wp-cron.php?doing_wp_cron=1744736301.8709869384765625000000 HTTP/1.1" 200 0 "-" "WordPress/6.7.2; https://fileluna.com"
52.169.84.30 - - [15/Apr/2025:12:58:29 -0400] "GET /87.php HTTP/1.1" 404 8709 "-" "-"
52.169.84.30 - - [15/Apr/2025:12:58:38 -0400] "GET /7yn.php HTTP/1.1" 404 8709 "-" "-"
52.169.84.30 - - [15/Apr/2025:12:58:49 -0400] "GET /haxor.php HTTP/1.1" 404 8709 "-" "-"
52.169.84.30 - - [15/Apr/2025:12:59:00 -0400] "GET /13.php HTTP/1.1" 404 8709 "-" "-"
52.169.84.30 - - [15/Apr/2025:12:59:12 -0400] "GET /e.php HTTP/1.1" 404 8709 "-" "-"
52.169.84.30 - - [15/Apr/2025:12:59:21 -0400] "GET /r.php HTTP/1.1" 404 8709 "-" "-"
52.169.84.30 - - [15/Apr/2025:12:59:32 -0400] "GET /t.php HTTP/1.1" 404 8709 "-" "-"
198.54.114.83 - - [15/Apr/2025:12:59:36 -0400] "POST /wp-cron.php?doing_wp_cron=1744736372.7471890449523925781250 HTTP/1.1" 200 0 "-" "WordPress/6.7.2; https://fileluna.com"
52.169.84.30 - - [15/Apr/2025:12:59:42 -0400] "GET /y.php HTTP/1.1" 404 8709 "-" "-"
52.169.84.30 - - [15/Apr/2025:12:59:52 -0400] "GET /u.php HTTP/1.1" 404 8709 "-" "-"
109.123.236.97 - - [15/Apr/2025:12:59:58 -0400] "GET /wp-login.php HTTP/1.1" 200 1759 "-" "GRequests/0.10"
52.169.84.30 - - [15/Apr/2025:13:00:00 -0400] "GET /i.php HTTP/1.1" 404 8709 "-" "-"
109.123.236.97 - - [15/Apr/2025:13:00:03 -0400] "POST /wp-login.php HTTP/1.1" 200 1900 "-" "GRequests/0.10"
52.169.84.30 - - [15/Apr/2025:13:00:10 -0400] "GET /p.php HTTP/1.1" 404 8709 "-" "-"
52.169.84.30 - - [15/Apr/2025:13:00:19 -0400] "GET /q.php HTTP/1.1" 404 8709 "-" "-"
52.169.84.30 - - [15/Apr/2025:13:00:28 -0400] "GET /s.php HTTP/1.1" 404 8709 "-" "-"
52.169.84.30 - - [15/Apr/2025:13:00:35 -0400] "GET /d.php HTTP/1.1" 404 8709 "-" "-"
198.54.114.83 - - [15/Apr/2025:13:00:39 -0400] "POST /wp-cron.php?doing_wp_cron=1744736435.7641398906707763671875 HTTP/1.1" 200 0 "-" "WordPress/6.7.2; https://fileluna.com"
52.169.84.30 - - [15/Apr/2025:13:00:43 -0400] "GET /h.php HTTP/1.1" 404 8709 "-" "-"
52.169.84.30 - - [15/Apr/2025:13:00:51 -0400] "GET /j.php HTTP/1.1" 404 8709 "-" "-"
52.169.84.30 - - [15/Apr/2025:13:00:58 -0400] "GET /k.php HTTP/1.1" 404 8709 "-" "-"
52.169.84.30 - - [15/Apr/2025:13:01:05 -0400] "GET /l.php HTTP/1.1" 404 8709 "-" "-"
52.169.84.30 - - [15/Apr/2025:13:01:13 -0400] "GET /n.php HTTP/1.1" 404 8709 "-" "-"
52.169.84.30 - - [15/Apr/2025:13:01:25 -0400] "GET /xindex.php HTTP/1.1" 404 8709 "-" "-"
52.169.84.30 - - [15/Apr/2025:13:01:34 -0400] "GET /kindex.php HTTP/1.1" 404 8709 "-" "-"
52.169.84.30 - - [15/Apr/2025:13:01:42 -0400] "GET /FoxWSOv1.php HTTP/1.1" 404 8709 "-" "-"
198.54.114.83 - - [15/Apr/2025:13:01:46 -0400] "POST /wp-cron.php?doing_wp_cron=1744736503.2711570262908935546875 HTTP/1.1" 200 0 "-" "WordPress/6.7.2; https://fileluna.com"
52.169.84.30 - - [15/Apr/2025:13:01:52 -0400] "GET /alf.php HTTP/1.1" 404 8709 "-" "-"
52.169.84.30 - - [15/Apr/2025:13:02:03 -0400] "GET /bb.php HTTP/1.1" 404 8709 "-" "-"
52.169.84.30 - - [15/Apr/2025:13:02:14 -0400] "GET /lf.php HTTP/1.1" 404 8709 "-" "-"
52.169.84.30 - - [15/Apr/2025:13:02:23 -0400] "GET /WSO.php HTTP/1.1" 404 8709 "-" "-"
52.169.84.30 - - [15/Apr/2025:13:02:31 -0400] "GET /xxx.php HTTP/1.1" 404 8709 "-" "-"
52.169.84.30 - - [15/Apr/2025:13:02:38 -0400] "GET /hello.php HTTP/1.1" 404 8709 "-" "-"
52.169.84.30 - - [15/Apr/2025:13:02:46 -0400] "GET /ok.php HTTP/1.1" 404 8709 "-" "-"
198.54.114.83 - - [15/Apr/2025:13:02:50 -0400] "POST /wp-cron.php?doing_wp_cron=1744736566.8927640914916992187500 HTTP/1.1" 200 0 "-" "WordPress/6.7.2; https://fileluna.com"
52.169.84.30 - - [15/Apr/2025:13:02:54 -0400] "GET /if.php HTTP/1.1" 404 8709 "-" "-"
52.169.84.30 - - [15/Apr/2025:13:03:00 -0400] "GET /kk.php HTTP/1.1" 404 8709 "-" "-"
52.169.84.30 - - [15/Apr/2025:13:03:07 -0400] "GET /mrjn.php HTTP/1.1" 404 8709 "-" "-"
52.169.84.30 - - [15/Apr/2025:13:03:14 -0400] "GET /kn.php HTTP/1.1" 404 8709 "-" "-"
52.169.84.30 - - [15/Apr/2025:13:03:22 -0400] "GET /3301.php HTTP/1.1" 404 8709 "-" "-"
52.169.84.30 - - [15/Apr/2025:13:03:32 -0400] "GET /leaf.php HTTP/1.1" 404 8709 "-" "-"
52.169.84.30 - - [15/Apr/2025:13:03:40 -0400] "GET /alex.php HTTP/1.1" 404 8709 "-" "-"
52.169.84.30 - - [15/Apr/2025:13:03:47 -0400] "GET /mailer.php HTTP/1.1" 404 8709 "-" "-"
198.54.114.83 - - [15/Apr/2025:13:03:50 -0400] "POST /wp-cron.php?doing_wp_cron=1744736627.3857750892639160156250 HTTP/1.1" 200 0 "-" "WordPress/6.7.2; https://fileluna.com"
216.244.66.246 - - [15/Apr/2025:13:03:50 -0400] "GET /transforming-workplace-dynamics-with-employee-communication-apps/ HTTP/1.1" 200 11943 "-" "Mozilla/5.0 (compatible; DotBot/1.2; +https://opensiteexplorer.org/dotbot; help@moz.com)"
52.169.84.30 - - [15/Apr/2025:13:03:55 -0400] "GET /anone.php HTTP/1.1" 404 8709 "-" "-"
52.169.84.30 - - [15/Apr/2025:13:04:02 -0400] "GET /wp-configer.php HTTP/1.1" 404 8709 "-" "-"
52.169.84.30 - - [15/Apr/2025:13:04:11 -0400] "GET /wp-ad.php HTTP/1.1" 404 8709 "-" "-"
52.169.84.30 - - [15/Apr/2025:13:04:19 -0400] "GET /send.php HTTP/1.1" 404 8709 "-" "-"
52.169.84.30 - - [15/Apr/2025:13:04:28 -0400] "GET /3.php HTTP/1.1" 404 8709 "-" "-"
52.169.84.30 - - [15/Apr/2025:13:04:34 -0400] "GET /.wp-cache.php HTTP/1.1" 404 8709 "-" "-"
52.169.84.30 - - [15/Apr/2025:13:04:42 -0400] "GET /sendmail.php HTTP/1.1" 404 8709 "-" "-"
52.169.84.30 - - [15/Apr/2025:13:04:50 -0400] "GET /rahma.php HTTP/1.1" 404 8709 "-" "-"
198.54.114.83 - - [15/Apr/2025:13:04:54 -0400] "POST /wp-cron.php?doing_wp_cron=1744736691.1644198894500732421875 HTTP/1.1" 200 0 "-" "WordPress/6.7.2; https://fileluna.com"
52.169.84.30 - - [15/Apr/2025:13:05:00 -0400] "GET /nasgor.php HTTP/1.1" 404 8709 "-" "-"
52.169.84.30 - - [15/Apr/2025:13:05:07 -0400] "GET /wp-confirm.php HTTP/1.1" 404 8709 "-" "-"
52.169.84.30 - - [15/Apr/2025:13:05:20 -0400] "GET /alfa123.php HTTP/1.1" 404 8709 "-" "-"
52.169.84.30 - - [15/Apr/2025:13:05:34 -0400] "GET /upload.php HTTP/1.1" 404 8709 "-" "-"
52.169.84.30 - - [15/Apr/2025:13:05:48 -0400] "GET /bypass.php HTTP/1.1" 404 8709 "-" "-"
52.169.84.30 - - [15/Apr/2025:13:06:00 -0400] "GET /wp-one.php HTTP/1.1" 404 8709 "-" "-"
52.169.84.30 - - [15/Apr/2025:13:06:11 -0400] "GET /alexus.php HTTP/1.1" 404 8709 "-" "-"
52.169.84.30 - - [15/Apr/2025:13:06:22 -0400] "GET /wso1337.php HTTP/1.1" 200 0 "-" "-"
160.16.215.164 - - [15/Apr/2025:13:08:15 -0400] "POST /xmlrpc.php HTTP/1.1" 200 0 "https://fileluna.com" "Mozilla/5.0 (Macintosh; Intel Mac OS X 10_15_7; rv:129.0) Gecko/20100101 Firefox/129.0"
103.11.103.186 - - [15/Apr/2025:13:08:21 -0400] "GET /wp-login.php HTTP/1.1" 200 1759 "-" "GRequests/0.10"
198.54.114.83 - - [15/Apr/2025:13:08:24 -0400] "POST /wp-cron.php?doing_wp_cron=1744736899.9126679897308349609375 HTTP/1.1" 200 0 "-" "WordPress/6.7.2; https://fileluna.com"
103.11.103.186 - - [15/Apr/2025:13:08:28 -0400] "POST /wp-login.php HTTP/1.1" 200 1898 "-" "GRequests/0.10"
54.36.148.9 - - [15/Apr/2025:13:09:18 -0400] "GET / HTTP/1.1" 200 12524 "-" "Mozilla/5.0 (compatible; AhrefsBot/7.0; +http://ahrefs.com/robot/)"
159.89.172.84 - - [15/Apr/2025:13:13:19 -0400] "GET /wp-login.php HTTP/1.1" 200 1759 "-" "GRequests/0.10"
159.89.172.84 - - [15/Apr/2025:13:13:25 -0400] "POST /wp-login.php HTTP/1.1" 200 1900 "-" "GRequests/0.10"
198.54.114.83 - - [15/Apr/2025:13:13:36 -0400] "POST /wp-cron.php?doing_wp_cron=1744737211.7799470424652099609375 HTTP/1.1" 200 0 "-" "WordPress/6.7.2; https://fileluna.com"
162.213.251.40 - - [15/Apr/2025:13:20:11 -0400] "POST /xmlrpc.php HTTP/1.1" 200 0 "https://fileluna.com" "Mozilla/5.0 (Windows NT 10.0; Win64; x64) AppleWebKit/537.36 (KHTML, like Gecko) Chrome/112.0.5615.138 Safari/537.36"
34.228.41.37 - - [15/Apr/2025:13:24:52 -0400] "GET /.env HTTP/1.1" 403 1242 "-" "Mozilla/5.0 (Macintosh; Intel Mac OS X 10.15; rv:77.0) Gecko/20100101 Firefox/77.0"
20.198.224.111 - - [15/Apr/2025:13:24:52 -0400] "POST /xmlrpc.php HTTP/1.1" 200 205 "-" "Mozilla/5.0 (X11; Fedora; Linux x86_64; rv:94.0) Gecko/20100101 Firefox/95.0"
114.119.132.163 - - [15/Apr/2025:13:37:02 -0400] "GET /the-best-passover-programs-in-2025-for-unforgettable-experiences/ HTTP/1.1" 200 12235 "https://fileluna.com/2024/11/page/3/" "Mozilla/5.0 (Linux; Android 7.0;) AppleWebKit/537.36 (KHTML, like Gecko) Mobile Safari/537.36 (compatible; PetalBot;+https://webmaster.petalsearch.com/site/petalbot)"
198.54.114.83 - - [15/Apr/2025:13:37:13 -0400] "POST /wp-cron.php?doing_wp_cron=1744738627.4696528911590576171875 HTTP/1.1" 200 0 "-" "WordPress/6.7.2; https://fileluna.com"
74.208.61.9 - - [15/Apr/2025:13:38:07 -0400] "GET /wp-login.php HTTP/1.1" 200 1759 "-" "GRequests/0.10"
74.208.61.9 - - [15/Apr/2025:13:38:15 -0400] "POST /wp-login.php HTTP/1.1" 200 1898 "-" "GRequests/0.10"
114.119.129.198 - - [15/Apr/2025:13:39:24 -0400] "GET /the-bimatoprost-eyelash-serum-in-the-uk/ HTTP/1.1" 200 11835 "https://fileluna.com/the-evolving-landscape-of-online-betting/" "Mozilla/5.0 (Linux; Android 7.0;) AppleWebKit/537.36 (KHTML, like Gecko) Mobile Safari/537.36 (compatible; PetalBot;+https://webmaster.petalsearch.com/site/petalbot)"
198.54.114.83 - - [15/Apr/2025:13:39:32 -0400] "POST /wp-cron.php?doing_wp_cron=1744738766.0189199447631835937500 HTTP/1.1" 200 0 "-" "WordPress/6.7.2; https://fileluna.com"
2.58.56.143 - - [15/Apr/2025:13:40:14 -0400] "GET / HTTP/1.1" 200 12524 "-" "Mozilla/5.0 (X11; Ubuntu; Linux i686; rv:28.0) Gecko/20100101 Firefox/28.0"
2.58.56.143 - - [15/Apr/2025:13:40:26 -0400] "GET /wp-admin/admin-post.php?swp_debug=load_options&swp_url=https://hastebin.com/raw/etonipusij HTTP/1.1" 403 1242 "-" "Mozilla/5.0 (X11; Ubuntu; Linux i686; rv:28.0) Gecko/20100101 Firefox/28.0"
2.58.56.143 - - [15/Apr/2025:13:40:38 -0400] "GET /wp-admin/vuln.php HTTP/1.1" 404 8709 "-" "Mozilla/5.0 (X11; Ubuntu; Linux i686; rv:28.0) Gecko/20100101 Firefox/28.0"
198.54.114.83 - - [15/Apr/2025:13:40:44 -0400] "POST /wp-cron.php?doing_wp_cron=1744738839.2679879665374755859375 HTTP/1.1" 200 0 "-" "WordPress/6.7.2; https://fileluna.com"
2.58.56.143 - - [15/Apr/2025:13:40:51 -0400] "GET /wp-admin/vuln.htm HTTP/1.1" 404 8709 "-" "Mozilla/5.0 (X11; Ubuntu; Linux i686; rv:28.0) Gecko/20100101 Firefox/28.0"
2.58.56.143 - - [15/Apr/2025:13:41:04 -0400] "GET /wp-content/plugins/downloads-manager/img/unlock.gif HTTP/1.1" 404 8709 "-" "Mozilla/5.0 (X11; Ubuntu; Linux i686; rv:28.0) Gecko/20100101 Firefox/28.0"
2.58.56.143 - - [15/Apr/2025:13:41:18 -0400] "GET / HTTP/1.1" 200 12524 "-" "Mozilla/5.0 (X11; Ubuntu; Linux i686; rv:28.0) Gecko/20100101 Firefox/28.0"
2.58.56.143 - - [15/Apr/2025:13:41:43 -0400] "GET /wp-admin/admin-ajax.php?action=revslider_ajax_action&client_action=get_captions_css HTTP/1.1" 400 5 "-" "Mozilla/5.0 (X11; Ubuntu; Linux i686; rv:28.0) Gecko/20100101 Firefox/28.0"
2.58.56.143 - - [15/Apr/2025:13:42:02 -0400] "GET / HTTP/1.1" 200 12524 "-" "Mozilla/5.0 (Windows NT 6.1; rv:36.0) Gecko/20100101 Firefox/36.0"
114.119.132.228 - - [15/Apr/2025:13:42:09 -0400] "GET /the-benefits-of-culture-gift-certificate-discounts/ HTTP/1.1" 200 11578 "https://fileluna.com/unlock-the-gift-of-culture-with-discounted-certificates/" "Mozilla/5.0 (Linux; Android 7.0;) AppleWebKit/537.36 (KHTML, like Gecko) Mobile Safari/537.36 (compatible; PetalBot;+https://webmaster.petalsearch.com/site/petalbot)"
2.58.56.143 - - [15/Apr/2025:13:42:12 -0400] "GET /?up_auto_log=true HTTP/1.1" 200 12530 "-" "Mozilla/5.0 (Windows NT 6.1; rv:36.0) Gecko/20100101 Firefox/36.0"
2.58.56.143 - - [15/Apr/2025:13:42:27 -0400] "GET /wp-admin/ HTTP/1.1" 302 0 "-" "Mozilla/5.0 (Windows NT 6.1; rv:36.0) Gecko/20100101 Firefox/36.0"
2.58.56.143 - - [15/Apr/2025:13:42:33 -0400] "GET /wp-login.php?redirect_to=https%3A%2F%2Ffileluna.com%2Fwp-admin%2F&reauth=1 HTTP/1.1" 200 1759 "-" "Mozilla/5.0 (Windows NT 6.1; rv:36.0) Gecko/20100101 Firefox/36.0"
2.58.56.143 - - [15/Apr/2025:13:42:44 -0400] "GET / HTTP/1.1" 200 12524 "-" "Mozilla/5.0 (X11; Ubuntu; Linux i686; rv:28.0) Gecko/20100101 Firefox/28.0"
2.58.56.143 - - [15/Apr/2025:13:42:54 -0400] "GET /graphql HTTP/1.1" 404 8709 "-" "Mozilla/5.0 (X11; Ubuntu; Linux i686; rv:28.0) Gecko/20100101 Firefox/28.0"
198.54.114.83 - - [15/Apr/2025:13:43:00 -0400] "POST /wp-cron.php?doing_wp_cron=1744738975.0744810104370117187500 HTTP/1.1" 200 0 "-" "WordPress/6.7.2; https://fileluna.com"
2.58.56.143 - - [15/Apr/2025:13:43:10 -0400] "GET /wp-content/plugins/formcraft/file-upload/server/content/upload.php HTTP/1.1" 404 8709 "-" "Mozilla/5.0 (X11; Ubuntu; Linux i686; rv:28.0) Gecko/20100101 Firefox/28.0"
114.119.148.27 - - [15/Apr/2025:13:43:17 -0400] "GET /the-role-of-employee-communication-apps/ HTTP/1.1" 200 11626 "https://fileluna.com/author/admin/page/35/" "Mozilla/5.0 (Linux; Android 7.0;) AppleWebKit/537.36 (KHTML, like Gecko) Mobile Safari/537.36 (compatible; PetalBot;+https://webmaster.petalsearch.com/site/petalbot)"
2.58.56.143 - - [15/Apr/2025:13:43:25 -0400] "GET /wp-content/plugins/contabileads/integracoes/mautic/api-library/vendor/phpunit/phpunit/build.xml HTTP/1.1" 404 8709 "-" "Mozilla/5.0 (Macintosh; U; Intel Mac OS X 10_6_8; en-us) AppleWebKit/534.50 (KHTML, like Gecko) Version/5.1 Safari/534.50"
2.58.56.143 - - [15/Apr/2025:13:43:37 -0400] "GET /wp-content/plugins/prh-api/vendor/phpunit/phpunit/build.xml HTTP/1.1" 404 8709 "-" "Mozilla/5.0 (Macintosh; U; Intel Mac OS X 10_6_8; en-us) AppleWebKit/534.50 (KHTML, like Gecko) Version/5.1 Safari/534.50"
2.58.56.143 - - [15/Apr/2025:13:43:49 -0400] "GET /wp-content/plugins/mm-plugin/inc/vendors/vendor/phpunit/phpunit/build.xml HTTP/1.1" 404 8709 "-" "Mozilla/5.0 (Macintosh; U; Intel Mac OS X 10_6_8; en-us) AppleWebKit/534.50 (KHTML, like Gecko) Version/5.1 Safari/534.50"
185.2.4.103 - - [15/Apr/2025:13:43:51 -0400] "POST /xmlrpc.php HTTP/1.1" 200 186 "https://fileluna.com" "Mozilla/5.0 (Windows NT 10.0; Win64; x64) AppleWebKit/537.36 (KHTML, like Gecko) Chrome/114.0.5735.199 Safari/537.36 Edg/114.0.1823.67"
185.2.4.103 - - [15/Apr/2025:13:43:58 -0400] "POST /wp-login.php HTTP/1.1" 200 1894 "https://fileluna.com" "Mozilla/5.0 (Macintosh; Intel Mac OS X 14.5) AppleWebKit/618.3.5 (KHTML, like Gecko) Version/17.4 Safari/618.3.5"
2.58.56.143 - - [15/Apr/2025:13:44:00 -0400] "GET /wp-content/plugins/dzs-videogallery/class_parts/vendor/phpunit/phpunit/build.xml HTTP/1.1" 404 8709 "-" "Mozilla/5.0 (Macintosh; U; Intel Mac OS X 10_6_8; en-us) AppleWebKit/534.50 (KHTML, like Gecko) Version/5.1 Safari/534.50"
198.54.114.83 - - [15/Apr/2025:13:44:03 -0400] "POST /wp-cron.php?doing_wp_cron=1744739039.3254048824310302734375 HTTP/1.1" 200 0 "-" "WordPress/6.7.2; https://fileluna.com"
2.58.56.143 - - [15/Apr/2025:13:44:10 -0400] "GET / HTTP/1.1" 200 12524 "-" "Mozilla/5.0 (X11; Ubuntu; Linux i686; rv:28.0) Gecko/20100101 Firefox/28.0"
2.58.56.143 - - [15/Apr/2025:13:44:18 -0400] "GET /wp-content/plugins/category-page-icons/css/menu.css HTTP/1.1" 404 8709 "-" "Mozilla/5.0 (X11; Ubuntu; Linux i686; rv:28.0) Gecko/20100101 Firefox/28.0"
2.58.56.143 - - [15/Apr/2025:13:44:29 -0400] "GET /wp-json/wp/v2/posts/ HTTP/1.1" 200 0 "-" "Mozilla/5.0 (X11; Ubuntu; Linux i686; rv:28.0) Gecko/20100101 Firefox/28.0"
2.58.56.143 - - [15/Apr/2025:13:44:36 -0400] "GET /wp-json/wp/v2/posts/None HTTP/1.1" 404 114 "-" "Mozilla/5.0 (Windows NT 10.0; Win64; x64; rv:64.0) Gecko/20100101 Firefox/64.0"
2.58.56.143 - - [15/Apr/2025:13:44:46 -0400] "GET /wp-content/plugins/jekyll-exporter/vendor/phpunit/phpunit/build.xml HTTP/1.1" 404 8709 "-" "Mozilla/5.0 (Macintosh; U; Intel Mac OS X 10_6_8; en-us) AppleWebKit/534.50 (KHTML, like Gecko) Version/5.1 Safari/534.50"
2.58.56.143 - - [15/Apr/2025:13:44:57 -0400] "GET /wp-content/plugins/cloudflare/vendor/phpunit/phpunit/build.xml HTTP/1.1" 404 8709 "-" "Mozilla/5.0 (Macintosh; U; Intel Mac OS X 10_6_8; en-us) AppleWebKit/534.50 (KHTML, like Gecko) Version/5.1 Safari/534.50"
2.58.56.143 - - [15/Apr/2025:13:45:12 -0400] "GET /wp-content/plugins/realia/libraries/PayPal-PHP-SDK/vendor/phpunit/phpunit/build.xml HTTP/1.1" 200 0 "-" "Mozilla/5.0 (Macintosh; U; Intel Mac OS X 10_6_8; en-us) AppleWebKit/534.50 (KHTML, like Gecko) Version/5.1 Safari/534.50"
2.58.56.143 - - [15/Apr/2025:13:45:27 -0400] "GET /wp-content/plugins/woocommerce-software-license-manager/vendor/phpunit/phpunit/build.xml HTTP/1.1" 404 8709 "-" "Mozilla/5.0 (Macintosh; U; Intel Mac OS X 10_6_8; en-us) AppleWebKit/534.50 (KHTML, like Gecko) Version/5.1 Safari/534.50"
2.58.56.143 - - [15/Apr/2025:13:45:42 -0400] "GET /wp-content/themes/enfold-child/update_script/vendor/phpunit/phpunit/build.xml HTTP/1.1" 404 8709 "-" "Mozilla/5.0 (Macintosh; U; Intel Mac OS X 10_6_8; en-us) AppleWebKit/534.50 (KHTML, like Gecko) Version/5.1 Safari/534.50"
2.58.56.143 - - [15/Apr/2025:13:45:57 -0400] "GET /wp-content/plugins/hd-webplayer/playlist.php HTTP/1.1" 404 8709 "-" "Mozilla/5.0 (X11; Ubuntu; Linux i686; rv:28.0) Gecko/20100101 Firefox/28.0"
114.119.132.163 - - [15/Apr/2025:13:46:01 -0400] "GET /le-botox-une-solution-efficace-contre-lhypersudation-a-rouen/ HTTP/1.1" 200 11575 "https://fileluna.com/author/admin/page/18/" "Mozilla/5.0 (Linux; Android 7.0;) AppleWebKit/537.36 (KHTML, like Gecko) Mobile Safari/537.36 (compatible; PetalBot;+https://webmaster.petalsearch.com/site/petalbot)"
2.58.56.143 - - [15/Apr/2025:13:46:15 -0400] "GET / HTTP/1.1" 200 12524 "-" "Mozilla/5.0 (X11; Ubuntu; Linux i686; rv:28.0) Gecko/20100101 Firefox/28.0"
198.54.114.83 - - [15/Apr/2025:13:46:50 -0400] "POST /wp-cron.php?doing_wp_cron=1744739209.2182528972625732421875 HTTP/1.1" 200 0 "-" "WordPress/6.7.2; https://fileluna.com"
2.58.56.143 - - [15/Apr/2025:13:46:44 -0400] "GET /fckeditor/editor/filemanager/connectors/php/upload.php?Type=Media HTTP/1.1" 200 0 "-" "Mozilla/5.0 (X11; Ubuntu; Linux i686; rv:28.0) Gecko/20100101 Firefox/28.0"
2.58.56.143 - - [15/Apr/2025:13:46:52 -0400] "GET /vendor/phpunit/phpunit/build.xml HTTP/1.1" 404 0 "-" "Mozilla/5.0 (Macintosh; U; Intel Mac OS X 10_6_8; en-us) AppleWebKit/534.50 (KHTML, like Gecko) Version/5.1 Safari/534.50"
198.54.114.83 - - [15/Apr/2025:13:47:06 -0400] "POST /wp-admin/admin-ajax.php?action=async_litespeed&nonce=FtnQyO6PWnIgu0bKRqcN64wCblZ1Th2C&litespeed_type=imgoptm HTTP/1.1" 200 0 "-" "WordPress/6.7.2; https://fileluna.com"
2.58.56.143 - - [15/Apr/2025:13:47:14 -0400] "GET /wp-login.php HTTP/1.1" 200 1759 "-" "Mozilla/5.0 (Windows NT 10.0; Win64; x64; rv:64.0) Gecko/20100101 Firefox/64.0"
2.58.56.143 - - [15/Apr/2025:13:47:28 -0400] "GET /?author=1 HTTP/1.1" 301 0 "-" "Mozilla/5.0 (Windows NT 10.0; Win64; x64; rv:64.0) Gecko/20100101 Firefox/64.0"
2.58.56.143 - - [15/Apr/2025:13:47:37 -0400] "GET /author/ashdev/ HTTP/1.1" 200 11272 "-" "Mozilla/5.0 (Windows NT 10.0; Win64; x64; rv:64.0) Gecko/20100101 Firefox/64.0"
2.58.56.143 - - [15/Apr/2025:13:47:49 -0400] "GET /wp-json/wp/v2/users/1 HTTP/1.1" 200 629 "-" "Mozilla/5.0 (Windows NT 10.0; Win64; x64; rv:64.0) Gecko/20100101 Firefox/64.0"
2.58.56.143 - - [15/Apr/2025:13:47:58 -0400] "GET /wp-login.php HTTP/1.1" 200 1759 "-" "Mozilla/5.0 (Windows NT 10.0; Win64; x64; rv:64.0) Gecko/20100101 Firefox/64.0"
2.58.56.143 - - [15/Apr/2025:13:47:58 -0400] "GET /wp-login.php HTTP/1.1" 200 1759 "-" "Mozilla/5.0 (Windows NT 10.0; Win64; x64; rv:64.0) Gecko/20100101 Firefox/64.0"
2.58.56.143 - - [15/Apr/2025:13:47:58 -0400] "GET /wp-login.php HTTP/1.1" 200 1759 "-" "Mozilla/5.0 (Windows NT 10.0; Win64; x64; rv:64.0) Gecko/20100101 Firefox/64.0"
2.58.56.143 - - [15/Apr/2025:13:47:58 -0400] "GET /wp-login.php HTTP/1.1" 200 1759 "-" "Mozilla/5.0 (Windows NT 10.0; Win64; x64; rv:64.0) Gecko/20100101 Firefox/64.0"
2.58.56.143 - - [15/Apr/2025:13:47:58 -0400] "GET /wp-login.php HTTP/1.1" 200 1759 "-" "Mozilla/5.0 (Windows NT 10.0; Win64; x64; rv:64.0) Gecko/20100101 Firefox/64.0"
2.58.56.143 - - [15/Apr/2025:13:47:58 -0400] "GET /wp-login.php HTTP/1.1" 200 1759 "-" "Mozilla/5.0 (Windows NT 10.0; Win64; x64; rv:64.0) Gecko/20100101 Firefox/64.0"
2.58.56.143 - - [15/Apr/2025:13:48:11 -0400] "GET /.env HTTP/1.1" 403 1242 "-" "Mozilla/5.0 (X11; Ubuntu; Linux i686; rv:28.0) Gecko/20100101 Firefox/28.0"
114.119.137.80 - - [15/Apr/2025:13:48:10 -0400] "GET /scheidungsanwalt-in-hattingen-ihr-weg-zu-einem-neuanfang/ HTTP/1.1" 200 11849 "https://fileluna.com/author/admin/page/35/" "Mozilla/5.0 (Linux; Android 7.0;) AppleWebKit/537.36 (KHTML, like Gecko) Mobile Safari/537.36 (compatible; PetalBot;+https://webmaster.petalsearch.com/site/petalbot)"
2.58.56.143 - - [15/Apr/2025:13:48:19 -0400] "GET / HTTP/1.1" 200 12524 "-" "python-requests/2.32.3"
2.58.56.143 - - [15/Apr/2025:13:48:27 -0400] "GET /wp-includes/ID3/module.audio.ac3.php HTTP/1.1" 200 0 "-" "python-requests/2.32.3"
198.54.114.83 - - [15/Apr/2025:13:51:19 -0400] "POST /wp-cron.php?doing_wp_cron=1744739478.3285379409790039062500 HTTP/1.1" 200 0 "-" "WordPress/6.7.2; https://fileluna.com"
114.119.148.27 - - [15/Apr/2025:13:51:12 -0400] "GET /gestaltung-ihrer-ausenanlagen/ HTTP/1.1" 200 11538 "https://fileluna.com/2024/10/page/7/" "Mozilla/5.0 (Linux; Android 7.0;) AppleWebKit/537.36 (KHTML, like Gecko) Mobile Safari/537.36 (compatible; PetalBot;+https://webmaster.petalsearch.com/site/petalbot)"
198.54.114.83 - - [15/Apr/2025:13:51:27 -0400] "POST /wp-admin/admin-ajax.php?action=async_litespeed&nonce=SXhv8piIVQtAB1gNWiLDr3OESI07WEkl&litespeed_type=imgoptm HTTP/1.1" 200 0 "-" "WordPress/6.7.2; https://fileluna.com"
114.119.137.80 - - [15/Apr/2025:13:51:52 -0400] "GET /lart-du-recrutement-dans-la-restauration/ HTTP/1.1" 200 11758 "https://fileluna.com/der-weg-zu-ihrem-scheidungsanwalt-in-hattingen/" "Mozilla/5.0 (Linux; Android 7.0;) AppleWebKit/537.36 (KHTML, like Gecko) Mobile Safari/537.36 (compatible; PetalBot;+https://webmaster.petalsearch.com/site/petalbot)"
216.244.66.246 - - [15/Apr/2025:13:52:40 -0400] "GET /robots.txt HTTP/1.1" 304 0 "-" "Mozilla/5.0 (compatible; DotBot/1.2; +https://opensiteexplorer.org/dotbot; help@moz.com)"
178.22.126.103 - - [15/Apr/2025:13:55:48 -0400] "POST /xmlrpc.php HTTP/1.1" 200 0 "https://fileluna.com" "Mozilla/5.0 (Windows NT 10.0; Win64; x64) AppleWebKit/537.36 (KHTML, like Gecko) Chrome/114.0.5735.134 Safari/537.36"
114.119.129.198 - - [15/Apr/2025:13:56:25 -0400] "GET /umzugsunternehmen-in-luneburg-ihr-partner-fur-einen-reibungslosen-umzug-2/ HTTP/1.1" 200 11737 "https://fileluna.com/category/shopping-product-reviews/" "Mozilla/5.0 (Linux; Android 7.0;) AppleWebKit/537.36 (KHTML, like Gecko) Mobile Safari/537.36 (compatible; PetalBot;+https://webmaster.petalsearch.com/site/petalbot)"
114.119.148.27 - - [15/Apr/2025:13:57:19 -0400] "GET /elegance-et-praticite-le-panneau-pvc-imitation-marbre/ HTTP/1.1" 200 11887 "https://fileluna.com/2024/page/31/" "Mozilla/5.0 (Linux; Android 7.0;) AppleWebKit/537.36 (KHTML, like Gecko) Mobile Safari/537.36 (compatible; PetalBot;+https://webmaster.petalsearch.com/site/petalbot)"
114.119.154.229 - - [15/Apr/2025:13:59:18 -0400] "GET /effiziente-umzugsfirma-in-luneburg-fur-einen-stressfreien-umzug/ HTTP/1.1" 200 11988 "https://fileluna.com/effiziente-haushaltsauflosungen-in-luneburg-4/" "Mozilla/5.0 (Linux; Android 7.0;) AppleWebKit/537.36 (KHTML, like Gecko) Mobile Safari/537.36 (compatible; PetalBot;+https://webmaster.petalsearch.com/site/petalbot)"
114.119.129.198 - - [15/Apr/2025:14:00:15 -0400] "GET /create-employer-brand/ HTTP/1.1" 200 11228 "https://fileluna.com/2024/page/6/" "Mozilla/5.0 (Linux; Android 7.0;) AppleWebKit/537.36 (KHTML, like Gecko) Mobile Safari/537.36 (compatible; PetalBot;+https://webmaster.petalsearch.com/site/petalbot)"
114.119.154.229 - - [15/Apr/2025:14:01:28 -0400] "GET /qualitat-und-vertrauen-vereint/ HTTP/1.1" 200 11829 "https://fileluna.com/2024/page/31/" "Mozilla/5.0 (Linux; Android 7.0;) AppleWebKit/537.36 (KHTML, like Gecko) Mobile Safari/537.36 (compatible; PetalBot;+https://webmaster.petalsearch.com/site/petalbot)"
114.119.149.81 - - [15/Apr/2025:14:03:05 -0400] "GET /cheap-1gbps-unmetered-dedicated-server/ HTTP/1.1" 200 10975 "https://fileluna.com/2024/page/2/" "Mozilla/5.0 (Linux; Android 7.0;) AppleWebKit/537.36 (KHTML, like Gecko) Mobile Safari/537.36 (compatible; PetalBot;+https://webmaster.petalsearch.com/site/petalbot)"
114.119.132.228 - - [15/Apr/2025:14:04:37 -0400] "GET /category/arts-entertainments/page/4/ HTTP/1.1" 200 0 "https://fileluna.com/category/arts-entertainments/page/3/" "Mozilla/5.0 (Linux; Android 7.0;) AppleWebKit/537.36 (KHTML, like Gecko) Mobile Safari/537.36 (compatible; PetalBot;+https://webmaster.petalsearch.com/site/petalbot)"
114.119.132.228 - - [15/Apr/2025:14:06:08 -0400] "GET /breaking-down-the-latest-in-business-news/ HTTP/1.1" 200 11594 "https://fileluna.com/author/admin/page/26/" "Mozilla/5.0 (Linux; Android 7.0;) AppleWebKit/537.36 (KHTML, like Gecko) Mobile Safari/537.36 (compatible; PetalBot;+https://webmaster.petalsearch.com/site/petalbot)"
198.54.114.83 - - [15/Apr/2025:14:06:19 -0400] "POST /wp-cron.php?doing_wp_cron=1744740373.0569379329681396484375 HTTP/1.1" 200 0 "-" "WordPress/6.7.2; https://fileluna.com"
114.119.129.198 - - [15/Apr/2025:14:06:56 -0400] "GET /the-role-of-metabolic-labs-in-modern-health-care/ HTTP/1.1" 200 12278 "https://fileluna.com/effizient-umziehen-in-hamburg/" "Mozilla/5.0 (Linux; Android 7.0;) AppleWebKit/537.36 (KHTML, like Gecko) Mobile Safari/537.36 (compatible; PetalBot;+https://webmaster.petalsearch.com/site/petalbot)"
176.126.165.66 - - [15/Apr/2025:14:07:32 -0400] "POST /xmlrpc.php HTTP/1.1" 200 186 "https://fileluna.com" "Mozilla/5.0 (Macintosh; Intel Mac OS X 10_15_7; rv:128.0) Gecko/20100101 Firefox/128.0"
198.54.114.83 - - [15/Apr/2025:14:07:35 -0400] "POST /wp-cron.php?doing_wp_cron=1744740453.2739760875701904296875 HTTP/1.1" 200 0 "-" "WordPress/6.7.2; https://fileluna.com"
176.126.165.66 - - [15/Apr/2025:14:07:38 -0400] "POST /wp-login.php HTTP/1.1" 200 1894 "https://fileluna.com" "Mozilla/5.0 (Windows NT 10.0; Win64; x64) AppleWebKit/537.36 (KHTML, like Gecko) Chrome/126.0.0.0 Safari/537.36"
114.119.129.198 - - [15/Apr/2025:14:09:09 -0400] "GET /2024/page/9/ HTTP/1.1" 200 11345 "https://fileluna.com/2024/page/8/" "Mozilla/5.0 (Linux; Android 7.0;) AppleWebKit/537.36 (KHTML, like Gecko) Mobile Safari/537.36 (compatible; PetalBot;+https://webmaster.petalsearch.com/site/petalbot)"
198.54.114.83 - - [15/Apr/2025:14:09:17 -0400] "POST /wp-cron.php?doing_wp_cron=1744740553.9949309825897216796875 HTTP/1.1" 200 0 "-" "WordPress/6.7.2; https://fileluna.com"
114.119.132.163 - - [15/Apr/2025:14:10:23 -0400] "GET /2024/page/49/ HTTP/1.1" 200 11490 "https://fileluna.com/2024/page/47/" "Mozilla/5.0 (Linux; Android 7.0;) AppleWebKit/537.36 (KHTML, like Gecko) Mobile Safari/537.36 (compatible; PetalBot;+https://webmaster.petalsearch.com/site/petalbot)"
198.54.114.83 - - [15/Apr/2025:14:10:28 -0400] "POST /wp-cron.php?doing_wp_cron=1744740623.4068830013275146484375 HTTP/1.1" 200 0 "-" "WordPress/6.7.2; https://fileluna.com"
114.119.137.80 - - [15/Apr/2025:14:11:24 -0400] "GET /2024/11/page/5/ HTTP/1.1" 200 11141 "https://fileluna.com/2024/11/page/3/" "Mozilla/5.0 (Linux; Android 7.0;) AppleWebKit/537.36 (KHTML, like Gecko) Mobile Safari/537.36 (compatible; PetalBot;+https://webmaster.petalsearch.com/site/petalbot)"
198.54.114.83 - - [15/Apr/2025:14:11:30 -0400] "POST /wp-cron.php?doing_wp_cron=1744740685.2075629234313964843750 HTTP/1.1" 200 0 "-" "WordPress/6.7.2; https://fileluna.com"
114.119.149.81 - - [15/Apr/2025:14:12:46 -0400] "GET /2024/11/page/13/ HTTP/1.1" 200 11269 "https://fileluna.com/2024/11/page/12/" "Mozilla/5.0 (Linux; Android 7.0;) AppleWebKit/537.36 (KHTML, like Gecko) Mobile Safari/537.36 (compatible; PetalBot;+https://webmaster.petalsearch.com/site/petalbot)"
92.255.57.39 - - [15/Apr/2025:14:14:05 -0400] "GET / HTTP/1.1" 200 12524 "https://fileluna.com/" "Mozilla/5.0 (Windows NT 10.0; Win64; x64) AppleWebKit/537.36 (KHTML, like Gecko) Chrome/131.0.0.0 Safari/537.36 Avast/131.0.0.0"
2a02:4780:11:1234::73 - - [15/Apr/2025:14:19:25 -0400] "POST /xmlrpc.php HTTP/1.1" 200 0 "https://fileluna.com" "Mozilla/5.0 (Macintosh; Intel Mac OS X 10_15_7) AppleWebKit/537.36 (KHTML, like Gecko) Chrome/116.0.5845.96 Safari/537.36"
198.54.114.83 - - [15/Apr/2025:14:19:34 -0400] "POST /wp-cron.php?doing_wp_cron=1744741169.2921879291534423828125 HTTP/1.1" 200 0 "-" "WordPress/6.7.2; https://fileluna.com"
86.109.170.96 - - [15/Apr/2025:14:20:03 -0400] "GET /wp-login.php HTTP/1.1" 200 1759 "-" "GRequests/0.10"
86.109.170.96 - - [15/Apr/2025:14:20:09 -0400] "POST /wp-login.php HTTP/1.1" 200 1900 "-" "GRequests/0.10"
216.244.66.246 - - [15/Apr/2025:14:21:59 -0400] "GET /plaques-dimmatriculation-personnalisees-une-touche-doriginalite/ HTTP/1.1" 200 11559 "-" "Mozilla/5.0 (compatible; DotBot/1.2; +https://opensiteexplorer.org/dotbot; help@moz.com)"
198.54.114.83 - - [15/Apr/2025:14:22:06 -0400] "POST /wp-cron.php?doing_wp_cron=1744741323.4576699733734130859375 HTTP/1.1" 200 0 "-" "WordPress/6.7.2; https://fileluna.com"
198.54.126.2 - - [15/Apr/2025:14:31:05 -0400] "POST /xmlrpc.php HTTP/1.1" 200 0 "https://fileluna.com" "Mozilla/5.0 (Macintosh; Intel Mac OS X 10_15_7) AppleWebKit/537.36 (KHTML, like Gecko) Chrome/112.0.5615.138 Safari/537.36"
198.54.114.83 - - [15/Apr/2025:14:31:12 -0400] "POST /wp-cron.php?doing_wp_cron=1744741868.7558069229125976562500 HTTP/1.1" 200 0 "-" "WordPress/6.7.2; https://fileluna.com"
216.244.66.246 - - [15/Apr/2025:14:39:17 -0400] "GET /robots.txt HTTP/1.1" 200 61 "-" "Mozilla/5.0 (compatible; DotBot/1.2; +https://opensiteexplorer.org/dotbot; help@moz.com)"
196.251.86.53 - - [15/Apr/2025:14:41:38 -0400] "GET / HTTP/1.1" 200 12524 "-" "-"
196.251.86.53 - - [15/Apr/2025:14:41:44 -0400] "GET /wp-admin/install.php HTTP/1.1" 200 0 "-" "-"
198.54.114.83 - - [15/Apr/2025:14:41:54 -0400] "POST /wp-cron.php?doing_wp_cron=1744742508.4184188842773437500000 HTTP/1.1" 200 0 "-" "WordPress/6.7.2; https://fileluna.com"
196.251.86.53 - - [15/Apr/2025:14:41:53 -0400] "GET /wp-admin/install.php HTTP/1.1" 200 0 "-" "-"
198.54.114.83 - - [15/Apr/2025:14:41:59 -0400] "POST /wp-cron.php?doing_wp_cron=1744742514.4447090625762939453125 HTTP/1.1" 200 0 "-" "WordPress/6.7.2; https://fileluna.com"
196.251.86.53 - - [15/Apr/2025:14:41:59 -0400] "GET /wp-admin/install.php HTTP/1.1" 200 435 "-" "-"
198.54.114.83 - - [15/Apr/2025:14:42:05 -0400] "POST /wp-cron.php?doing_wp_cron=1744742520.8624930381774902343750 HTTP/1.1" 200 0 "-" "WordPress/6.7.2; https://fileluna.com"
196.251.86.53 - - [15/Apr/2025:14:42:06 -0400] "GET /wp-admin/setup-config.php HTTP/1.1" 409 1041 "-" "-"
199.188.205.87 - - [15/Apr/2025:14:42:57 -0400] "POST /xmlrpc.php HTTP/1.1" 200 186 "https://fileluna.com" "Mozilla/5.0 (Macintosh; Intel Mac OS X 10_15_7; rv:126.0) Gecko/20100101 Firefox/126.0"
198.54.114.83 - - [15/Apr/2025:14:43:03 -0400] "POST /wp-cron.php?doing_wp_cron=1744742578.9993131160736083984375 HTTP/1.1" 200 0 "-" "WordPress/6.7.2; https://fileluna.com"
199.188.205.87 - - [15/Apr/2025:14:43:07 -0400] "POST /wp-login.php HTTP/1.1" 200 1894 "https://fileluna.com" "Mozilla/5.0 (Windows NT 10.0; Win64; x64; rv:128.0) Gecko/20100101 Firefox/128.0"
114.119.132.228 - - [15/Apr/2025:14:45:20 -0400] "GET /top-manufacturers-of-ppr-fittings-in-china/ HTTP/1.1" 200 11642 "https://fileluna.com/2024/09/page/3/" "Mozilla/5.0 (Linux; Android 7.0;) AppleWebKit/537.36 (KHTML, like Gecko) Mobile Safari/537.36 (compatible; PetalBot;+https://webmaster.petalsearch.com/site/petalbot)"
198.54.114.83 - - [15/Apr/2025:14:45:30 -0400] "POST /wp-cron.php?doing_wp_cron=1744742725.1940340995788574218750 HTTP/1.1" 200 0 "-" "WordPress/6.7.2; https://fileluna.com"
198.54.114.37 - - [15/Apr/2025:14:54:30 -0400] "POST /xmlrpc.php HTTP/1.1" 200 186 "https://fileluna.com" "Mozilla/5.0 (Windows NT 10.0; Win64; x64) AppleWebKit/537.36 (KHTML, like Gecko) Chrome/126.0.0.0 Safari/537.36"
198.54.114.83 - - [15/Apr/2025:14:54:37 -0400] "POST /wp-cron.php?doing_wp_cron=1744743275.1136379241943359375000 HTTP/1.1" 200 0 "-" "WordPress/6.7.2; https://fileluna.com"
198.54.114.37 - - [15/Apr/2025:14:54:38 -0400] "POST /wp-login.php HTTP/1.1" 200 1894 "https://fileluna.com" "Mozilla/5.0 (Windows NT 10.0; Win64; x64) AppleWebKit/537.36 (KHTML, like Gecko) Chrome/112.0.5615.138 Safari/537.36 Edg/112.0.1722.68"
188.165.54.175 - - [15/Apr/2025:15:06:21 -0400] "POST /xmlrpc.php HTTP/1.1" 200 186 "https://fileluna.com" "Mozilla/5.0 (Macintosh; Intel Mac OS X 14_4_1) AppleWebKit/605.1.15 (KHTML, like Gecko) Version/17.3.1 Safari/605.1.15"
198.54.114.83 - - [15/Apr/2025:15:06:28 -0400] "POST /wp-cron.php?doing_wp_cron=1744743985.7772541046142578125000 HTTP/1.1" 200 0 "-" "WordPress/6.7.2; https://fileluna.com"
188.165.54.175 - - [15/Apr/2025:15:06:30 -0400] "POST /wp-login.php HTTP/1.1" 200 1894 "https://fileluna.com" "Mozilla/5.0 (Windows NT 10.0; Win64; x64) AppleWebKit/537.36 (KHTML, like Gecko) Chrome/113.0.5672.93 Safari/537.36"
198.54.114.58 - - [15/Apr/2025:15:17:54 -0400] "POST /xmlrpc.php HTTP/1.1" 200 186 "https://fileluna.com" "Mozilla/5.0 (Macintosh; Intel Mac OS X 10_15_7; rv:126.0) Gecko/20100101 Firefox/126.0"
198.54.114.83 - - [15/Apr/2025:15:18:02 -0400] "POST /wp-cron.php?doing_wp_cron=1744744680.1036510467529296875000 HTTP/1.1" 200 0 "-" "WordPress/6.7.2; https://fileluna.com"
198.54.114.58 - - [15/Apr/2025:15:18:03 -0400] "POST /wp-login.php HTTP/1.1" 200 1894 "https://fileluna.com" "Mozilla/5.0 (Windows NT 10.0; Win64; x64; rv:129.0) Gecko/20100101 Firefox/129.0"
151.106.166.60 - - [15/Apr/2025:15:24:14 -0400] "GET /wp-content/uploads/2023/09/How-to-Make-Collage-on-Iphone-150x150.jpeg HTTP/1.1" 200 7485 "-" "Mozilla/5.0 (X11; Ubuntu; Linux x86_64; rv:72.0) Gecko/20100101 Firefox/72.0"
216.244.66.246 - - [15/Apr/2025:15:26:04 -0400] "GET /robots.txt HTTP/1.1" 200 61 "-" "Mozilla/5.0 (compatible; DotBot/1.2; +https://opensiteexplorer.org/dotbot; help@moz.com)"
109.123.236.97 - - [15/Apr/2025:15:26:23 -0400] "GET /wp-login.php HTTP/1.1" 200 1759 "-" "GRequests/0.10"
109.123.236.97 - - [15/Apr/2025:15:26:25 -0400] "POST /wp-login.php HTTP/1.1" 200 1898 "-" "GRequests/0.10"
198.54.114.83 - - [15/Apr/2025:15:26:35 -0400] "POST /wp-cron.php?doing_wp_cron=1744745192.6804139614105224609375 HTTP/1.1" 200 0 "-" "WordPress/6.7.2; https://fileluna.com"
198.54.114.58 - - [15/Apr/2025:15:29:37 -0400] "POST /xmlrpc.php HTTP/1.1" 200 186 "https://fileluna.com" "Mozilla/5.0 (Windows NT 10.0; Win64; x64) AppleWebKit/537.36 (KHTML, like Gecko) Chrome/114.0.5735.199 Safari/537.36 Edg/114.0.1823.67"
198.54.114.83 - - [15/Apr/2025:15:29:44 -0400] "POST /wp-cron.php?doing_wp_cron=1744745382.4443359375000000000000 HTTP/1.1" 200 0 "-" "WordPress/6.7.2; https://fileluna.com"
198.54.114.58 - - [15/Apr/2025:15:29:47 -0400] "POST /wp-login.php HTTP/1.1" 200 1894 "https://fileluna.com" "Mozilla/5.0 (Macintosh; Intel Mac OS X 10_15_7) AppleWebKit/537.36 (KHTML, like Gecko) Chrome/112.0.5615.138 Safari/537.36"
198.54.114.83 - - [15/Apr/2025:15:41:28 -0400] "POST /wp-cron.php?doing_wp_cron=1744746086.1289920806884765625000 HTTP/1.1" 200 0 "-" "WordPress/6.7.2; https://fileluna.com"
81.88.53.43 - - [15/Apr/2025:15:41:21 -0400] "POST /xmlrpc.php HTTP/1.1" 200 186 "https://fileluna.com" "Mozilla/5.0 (Windows NT 10.0; Win64; x64) AppleWebKit/537.36 (KHTML, like Gecko) Chrome/112.0.5615.138 Safari/537.36 Edg/112.0.1722.68"
81.88.53.43 - - [15/Apr/2025:15:41:31 -0400] "POST /wp-login.php HTTP/1.1" 200 1894 "https://fileluna.com" "Mozilla/5.0 (Macintosh; Intel Mac OS X 10_15_7; rv:129.0) Gecko/20100101 Firefox/129.0"
114.119.131.2 - - [15/Apr/2025:15:42:41 -0400] "GET /robots.txt HTTP/1.1" 200 61 "-" "Mozilla/5.0 (compatible;PetalBot;+https://webmaster.petalsearch.com/site/petalbot)"
109.123.236.97 - - [15/Apr/2025:15:58:04 -0400] "GET /wp-login.php HTTP/1.1" 200 1759 "-" "GRequests/0.10"
109.123.236.97 - - [15/Apr/2025:15:58:09 -0400] "POST /wp-login.php HTTP/1.1" 200 1900 "-" "GRequests/0.10"
198.54.114.83 - - [15/Apr/2025:15:58:20 -0400] "POST /wp-cron.php?doing_wp_cron=1744747093.9277660846710205078125 HTTP/1.1" 200 0 "-" "WordPress/6.7.2; https://fileluna.com"
208.109.27.194 - - [15/Apr/2025:16:04:29 -0400] "POST /xmlrpc.php HTTP/1.1" 200 0 "https://fileluna.com" "Mozilla/5.0 (Macintosh; Intel Mac OS X 10_15_7) AppleWebKit/537.36 (KHTML, like Gecko) Chrome/126.0.0.0 Safari/537.36"
198.54.114.83 - - [15/Apr/2025:16:04:38 -0400] "POST /wp-cron.php?doing_wp_cron=1744747475.6574780941009521484375 HTTP/1.1" 200 0 "-" "WordPress/6.7.2; https://fileluna.com"
198.54.114.83 - - [15/Apr/2025:16:14:44 -0400] "POST /wp-cron.php?doing_wp_cron=1744748080.9812779426574707031250 HTTP/1.1" 200 0 "-" "WordPress/6.7.2; https://fileluna.com"
134.17.14.122 - - [15/Apr/2025:16:14:32 -0400] "GET /goat.php HTTP/1.1" 404 8709 "-" "Mozilla/4.0 (compatible; MSIE 6.0; Windows NT 5.1; SV1)"
176.126.165.66 - - [15/Apr/2025:16:15:57 -0400] "POST /wp-login.php HTTP/1.1" 200 1894 "https://fileluna.com" "Mozilla/5.0 (Windows NT 10.0; Win64; x64; rv:125.0.1) Gecko/20100101 Firefox/125.0.1"
198.54.114.83 - - [15/Apr/2025:16:16:04 -0400] "POST /wp-cron.php?doing_wp_cron=1744748159.3233239650726318359375 HTTP/1.1" 200 0 "-" "WordPress/6.7.2; https://fileluna.com"
198.54.114.83 - - [15/Apr/2025:16:27:29 -0400] "POST /wp-cron.php?doing_wp_cron=1744748848.9305620193481445312500 HTTP/1.1" 200 0 "-" "WordPress/6.7.2; https://fileluna.com"
162.240.168.197 - - [15/Apr/2025:16:27:25 -0400] "POST /wp-login.php HTTP/1.1" 200 1894 "https://fileluna.com" "Mozilla/5.0 (Windows NT 10.0; Win64; x64) AppleWebKit/537.36 (KHTML, like Gecko) Chrome/113.0.5672.93 Safari/537.36"
198.54.114.83 - - [15/Apr/2025:16:27:30 -0400] "POST /wp-admin/admin-ajax.php?action=async_litespeed&nonce=Ua6JI65fjvOrm4LmEDJ9yNltgZjFIt2K&litespeed_type=imgoptm HTTP/1.1" 200 0 "-" "WordPress/6.7.2; https://fileluna.com"
198.54.114.83 - - [15/Apr/2025:16:31:28 -0400] "POST /wp-cron.php?doing_wp_cron=1744749086.7672450542449951171875 HTTP/1.1" 200 0 "-" "WordPress/6.7.2; https://fileluna.com"
196.251.72.46 - - [15/Apr/2025:16:31:23 -0400] "GET /wp-content/plugins/WordPressCore/include.php HTTP/1.1" 404 8709 "-" "Mozlila/5.0 (Linux; Android 7.0; SM-G892A Bulid/NRD90M; wv) AppleWebKit/537.36 (KHTML, like Gecko) Version/4.0 Chrome/60.0.3112.107 Moblie Safari/537.36"
196.251.72.46 - - [15/Apr/2025:16:31:33 -0400] "GET /wp-content/plugins/WordPressCore/include.php HTTP/1.1" 404 8709 "-" "Mozlila/5.0 (Linux; Android 7.0; SM-G892A Bulid/NRD90M; wv) AppleWebKit/537.36 (KHTML, like Gecko) Version/4.0 Chrome/60.0.3112.107 Moblie Safari/537.36"
209.74.67.29 - - [15/Apr/2025:16:38:51 -0400] "POST /wp-login.php HTTP/1.1" 200 1894 "https://fileluna.com" "Mozilla/5.0 (Macintosh; Intel Mac OS X 10_15_7) AppleWebKit/537.36 (KHTML, like Gecko) Chrome/114.0.5735.134 Safari/537.36"
198.54.114.83 - - [15/Apr/2025:16:38:59 -0400] "POST /wp-cron.php?doing_wp_cron=1744749536.9430129528045654296875 HTTP/1.1" 200 0 "-" "WordPress/6.7.2; https://fileluna.com"
192.64.117.99 - - [15/Apr/2025:16:50:20 -0400] "POST /wp-login.php HTTP/1.1" 200 0 "https://fileluna.com" "Mozilla/5.0 (Windows NT 10.0; Win64; x64) AppleWebKit/537.36 (KHTML, like Gecko) Chrome/115.0.5790.171 Safari/537.36 Edg/115.0.1901.203"
198.54.114.83 - - [15/Apr/2025:16:50:27 -0400] "POST /wp-cron.php?doing_wp_cron=1744750226.7094740867614746093750 HTTP/1.1" 200 0 "-" "WordPress/6.7.2; https://fileluna.com"
198.54.114.83 - - [15/Apr/2025:16:50:29 -0400] "POST /wp-admin/admin-ajax.php?action=async_litespeed&nonce=qYZlHSuknzKiz0yAv7rabmB6yZ69Ht9K&litespeed_type=imgoptm HTTP/1.1" 200 0 "-" "WordPress/6.7.2; https://fileluna.com"
192.64.117.99 - - [15/Apr/2025:17:01:43 -0400] "POST /wp-login.php HTTP/1.1" 200 1894 "https://fileluna.com" "Mozilla/5.0 (Macintosh; Intel Mac OS X 10_15_7; rv:125.0.1) Gecko/20100101 Firefox/125.0.1"
198.54.114.83 - - [15/Apr/2025:17:01:49 -0400] "POST /wp-cron.php?doing_wp_cron=1744750907.4442501068115234375000 HTTP/1.1" 200 0 "-" "WordPress/6.7.2; https://fileluna.com"
45.67.14.64 - - [15/Apr/2025:17:13:01 -0400] "POST /wp-login.php HTTP/1.1" 200 1894 "https://fileluna.com" "Mozilla/5.0 (Macintosh; Intel Mac OS X 10_15_7; rv:125.0.1) Gecko/20100101 Firefox/125.0.1"
198.54.114.83 - - [15/Apr/2025:17:13:09 -0400] "POST /wp-cron.php?doing_wp_cron=1744751587.9305469989776611328125 HTTP/1.1" 200 0 "-" "WordPress/6.7.2; https://fileluna.com"
216.244.66.246 - - [15/Apr/2025:17:13:33 -0400] "GET /robots.txt HTTP/1.1" 304 0 "-" "Mozilla/5.0 (compatible; DotBot/1.2; +https://opensiteexplorer.org/dotbot; help@moz.com)"
103.127.31.17 - - [15/Apr/2025:17:26:51 -0400] "GET /wp-login.php HTTP/1.1" 200 1759 "-" "GRequests/0.10"
103.127.31.17 - - [15/Apr/2025:17:26:53 -0400] "POST /wp-login.php HTTP/1.1" 200 1898 "-" "GRequests/0.10"
198.54.114.83 - - [15/Apr/2025:17:27:00 -0400] "POST /wp-cron.php?doing_wp_cron=1744752418.6324660778045654296875 HTTP/1.1" 200 0 "-" "WordPress/6.7.2; https://fileluna.com"
198.54.114.83 - - [15/Apr/2025:17:35:25 -0400] "POST /wp-cron.php?doing_wp_cron=1744752925.7107970714569091796875 HTTP/1.1" 200 0 "-" "WordPress/6.7.2; https://fileluna.com"
142.44.191.239 - - [15/Apr/2025:17:35:21 -0400] "POST /wp-login.php HTTP/1.1" 200 1894 "https://fileluna.com" "Mozilla/5.0 (Macintosh; Intel Mac OS X 10_15_7; rv:128.0) Gecko/20100101 Firefox/128.0"
198.54.114.83 - - [15/Apr/2025:17:35:27 -0400] "POST /wp-admin/admin-ajax.php?action=async_litespeed&nonce=cpycyrpbAuJrkpqNdiiA3y5ZJJNCTlqA&litespeed_type=imgoptm HTTP/1.1" 200 0 "-" "WordPress/6.7.2; https://fileluna.com"
198.54.114.83 - - [15/Apr/2025:17:46:40 -0400] "POST /wp-cron.php?doing_wp_cron=1744753599.5195729732513427734375 HTTP/1.1" 200 0 "-" "WordPress/6.7.2; https://fileluna.com"
208.109.27.194 - - [15/Apr/2025:17:46:32 -0400] "POST /wp-login.php HTTP/1.1" 200 1894 "https://fileluna.com" "Mozilla/5.0 (Windows NT 11.0; Win64; x64) AppleWebKit/537.36 (KHTML, like Gecko) Chrome/126.0.0.0 Safari/537.36 Edg/126.0.0.0"
198.54.114.83 - - [15/Apr/2025:17:46:42 -0400] "POST /wp-admin/admin-ajax.php?action=async_litespeed&nonce=IqdmltUz8bQ8mAZpiPXa8rrxwsk2jCAg&litespeed_type=imgoptm HTTP/1.1" 200 0 "-" "WordPress/6.7.2; https://fileluna.com"
216.244.66.246 - - [15/Apr/2025:17:57:26 -0400] "GET /robots.txt HTTP/1.1" 304 0 "-" "Mozilla/5.0 (compatible; DotBot/1.2; +https://opensiteexplorer.org/dotbot; help@moz.com)"
198.54.114.83 - - [15/Apr/2025:17:57:39 -0400] "POST /wp-cron.php?doing_wp_cron=1744754259.3911259174346923828125 HTTP/1.1" 200 0 "-" "WordPress/6.7.2; https://fileluna.com"
63.250.32.87 - - [15/Apr/2025:17:57:35 -0400] "POST /wp-login.php HTTP/1.1" 200 1894 "https://fileluna.com" "Mozilla/5.0 (Windows NT 10.0; Win64; x64) AppleWebKit/537.36 (KHTML, like Gecko) Chrome/114.0.5735.134 Safari/537.36"
198.54.114.83 - - [15/Apr/2025:17:57:41 -0400] "POST /wp-admin/admin-ajax.php?action=async_litespeed&nonce=YZL0dHqIrSOcUIgbiXpO7q1DxmcKyDRW&litespeed_type=imgoptm HTTP/1.1" 200 0 "-" "WordPress/6.7.2; https://fileluna.com"
198.54.114.83 - - [15/Apr/2025:18:09:05 -0400] "POST /wp-cron.php?doing_wp_cron=1744754944.9185330867767333984375 HTTP/1.1" 200 0 "-" "WordPress/6.7.2; https://fileluna.com"
183.82.35.191 - - [15/Apr/2025:18:08:58 -0400] "POST /wp-login.php HTTP/1.1" 200 1894 "https://fileluna.com" "Mozilla/5.0 (Windows NT 11.0; Win64; x64; rv:126.0) Gecko/20100101 Firefox/126.0"
198.54.114.83 - - [15/Apr/2025:18:09:06 -0400] "POST /wp-admin/admin-ajax.php?action=async_litespeed&nonce=SvRU9XQxreQp10yJGG4WzznYak269vrT&litespeed_type=imgoptm HTTP/1.1" 200 0 "-" "WordPress/6.7.2; https://fileluna.com"
196.251.86.53 - - [15/Apr/2025:18:19:16 -0400] "GET / HTTP/1.1" 200 12524 "-" "-"
198.54.114.83 - - [15/Apr/2025:18:19:22 -0400] "POST /wp-cron.php?doing_wp_cron=1744755561.2302310466766357421875 HTTP/1.1" 200 0 "-" "WordPress/6.7.2; https://fileluna.com"
196.251.86.53 - - [15/Apr/2025:18:19:16 -0400] "GET /wp-admin/install.php HTTP/1.1" 200 435 "-" "-"
196.251.86.53 - - [15/Apr/2025:18:19:24 -0400] "GET /wp-admin/setup-config.php HTTP/1.1" 409 1041 "-" "-"
