198.54.114.83 - - [14/Apr/2025:11:07:05 -0400] "POST /wp-admin/admin-ajax.php?action=async_litespeed&nonce=YYuOWxzeVtxwZcuow2omLXjJ6UK1WP97&litespeed_type=imgoptm HTTP/1.1" 200 0 "-" "WordPress/6.7.2; https://fileluna.com"
89.110.115.121 - - [14/Apr/2025:11:07:05 -0400] "GET /category/technology/ HTTP/1.1" 200 9426 "-" "Mozilla/5.0 (Macintosh; Intel Mac OS X 10_15_7) AppleWebKit/537.36 (KHTML, like Gecko) Chrome/133.0.0.0 Safari/537.36"
89.110.115.121 - - [14/Apr/2025:11:07:07 -0400] "GET /category/technology/feed/ HTTP/1.1" 200 430 "-" "Mozilla/5.0 (Macintosh; Intel Mac OS X 10_15_7) AppleWebKit/537.36 (KHTML, like Gecko) Chrome/133.0.0.0 Safari/537.36"
51.222.253.13 - - [14/Apr/2025:11:14:37 -0400] "GET /robots.txt HTTP/1.1" 200 61 "-" "Mozilla/5.0 (compatible; AhrefsBot/7.0; +http://ahrefs.com/robot/)"
54.236.1.13 - - [14/Apr/2025:11:15:06 -0400] "GET / HTTP/1.1" 200 12525 "-" "Mozilla/5.0 (compatible; Pinterestbot/1.0; +http://www.pinterest.com/bot.html)"
50.57.19.18 - - [14/Apr/2025:11:28:08 -0400] "GET /wp-login.php HTTP/1.1" 200 1760 "-" "GRequests/0.10"
50.57.19.18 - - [14/Apr/2025:11:28:10 -0400] "POST /wp-login.php HTTP/1.1" 200 1898 "-" "GRequests/0.10"
198.54.114.83 - - [14/Apr/2025:11:28:17 -0400] "POST /wp-cron.php?doing_wp_cron=1744644494.9408950805664062500000 HTTP/1.1" 200 0 "-" "WordPress/6.7.2; https://fileluna.com"
216.244.66.246 - - [14/Apr/2025:11:29:46 -0400] "GET /robots.txt HTTP/1.1" 200 61 "-" "Mozilla/5.0 (compatible; DotBot/1.2; +https://opensiteexplorer.org/dotbot; help@moz.com)"
50.57.19.18 - - [14/Apr/2025:11:30:58 -0400] "GET /wp-login.php HTTP/1.1" 200 1760 "-" "GRequests/0.10"
198.54.114.83 - - [14/Apr/2025:11:31:06 -0400] "POST /wp-cron.php?doing_wp_cron=1744644665.1455969810485839843750 HTTP/1.1" 200 0 "-" "WordPress/6.7.2; https://fileluna.com"
50.57.19.18 - - [14/Apr/2025:11:31:00 -0400] "POST /wp-login.php HTTP/1.1" 200 1901 "-" "GRequests/0.10"
198.54.114.83 - - [14/Apr/2025:11:52:24 -0400] "POST /wp-cron.php?doing_wp_cron=1744645943.8301188945770263671875 HTTP/1.1" 200 0 "-" "WordPress/6.7.2; https://fileluna.com"
198.54.114.83 - - [14/Apr/2025:11:52:25 -0400] "POST /wp-admin/admin-ajax.php?action=async_litespeed&nonce=xmKcov3mpMWKPEtxH8DGYzfXO48IW4Wt&litespeed_type=imgoptm HTTP/1.1" 200 0 "-" "WordPress/6.7.2; https://fileluna.com"
114.119.132.163 - - [14/Apr/2025:11:52:19 -0400] "GET /top-destinations-for-pesach-2025/ HTTP/1.1" 200 11848 "https://fileluna.com/the-benefits-of-a-business-trip-massage/" "Mozilla/5.0 (Linux; Android 7.0;) AppleWebKit/537.36 (KHTML, like Gecko) Mobile Safari/537.36 (compatible; PetalBot;+https://webmaster.petalsearch.com/site/petalbot)"
198.54.114.83 - - [14/Apr/2025:11:53:13 -0400] "POST /wp-cron.php?doing_wp_cron=1744645992.4693410396575927734375 HTTP/1.1" 200 0 "-" "WordPress/6.7.2; https://fileluna.com"
114.119.137.80 - - [14/Apr/2025:11:53:11 -0400] "GET /author/admin/page/29/ HTTP/1.1" 200 11345 "https://fileluna.com/author/admin/page/26/" "Mozilla/5.0 (Linux; Android 7.0;) AppleWebKit/537.36 (KHTML, like Gecko) Mobile Safari/537.36 (compatible; PetalBot;+https://webmaster.petalsearch.com/site/petalbot)"
198.54.114.83 - - [14/Apr/2025:11:53:15 -0400] "POST /wp-admin/admin-ajax.php?action=async_litespeed&nonce=ImkhEgLu3BpjaB8xwpk5eVyCiEHmrV6z&litespeed_type=imgoptm HTTP/1.1" 200 0 "-" "WordPress/6.7.2; https://fileluna.com"
43.153.86.78 - - [14/Apr/2025:11:53:21 -0400] "GET / HTTP/1.1" 200 12525 "http://fileluna.com" "Mozilla/5.0 (iPhone; CPU iPhone OS 13_2_3 like Mac OS X) AppleWebKit/605.1.15 (KHTML, like Gecko) Version/13.0.3 Mobile/15E148 Safari/604.1"
198.54.114.83 - - [14/Apr/2025:12:03:04 -0400] "POST /wp-cron.php?doing_wp_cron=1744646584.0357151031494140625000 HTTP/1.1" 200 0 "-" "WordPress/6.7.2; https://fileluna.com"
114.119.137.80 - - [14/Apr/2025:12:02:58 -0400] "GET /category/arts-entertainments/page/15/ HTTP/1.1" 200 11355 "https://fileluna.com/category/arts-entertainments/page/16/" "Mozilla/5.0 (Linux; Android 7.0;) AppleWebKit/537.36 (KHTML, like Gecko) Mobile Safari/537.36 (compatible; PetalBot;+https://webmaster.petalsearch.com/site/petalbot)"
198.54.114.83 - - [14/Apr/2025:12:03:06 -0400] "POST /wp-admin/admin-ajax.php?action=async_litespeed&nonce=dcv1xJpwlNm6xrPQdgjJEFT7BNURJB1q&litespeed_type=imgoptm HTTP/1.1" 200 0 "-" "WordPress/6.7.2; https://fileluna.com"
114.119.132.228 - - [14/Apr/2025:12:06:00 -0400] "GET /2024/11/page/6/ HTTP/1.1" 200 11419 "https://fileluna.com/2024/11/page/4/" "Mozilla/5.0 (Linux; Android 7.0;) AppleWebKit/537.36 (KHTML, like Gecko) Mobile Safari/537.36 (compatible; PetalBot;+https://webmaster.petalsearch.com/site/petalbot)"
198.54.114.83 - - [14/Apr/2025:12:06:09 -0400] "POST /wp-cron.php?doing_wp_cron=1744646765.6298770904541015625000 HTTP/1.1" 200 0 "-" "WordPress/6.7.2; https://fileluna.com"
198.54.114.83 - - [14/Apr/2025:12:08:57 -0400] "POST /wp-cron.php?doing_wp_cron=1744646935.3705699443817138671875 HTTP/1.1" 200 0 "-" "WordPress/6.7.2; https://fileluna.com"
114.119.154.229 - - [14/Apr/2025:12:08:50 -0400] "GET /a-guide-to-becoming-a-better-punter/ HTTP/1.1" 200 12318 "https://fileluna.com/page/51/" "Mozilla/5.0 (Linux; Android 7.0;) AppleWebKit/537.36 (KHTML, like Gecko) Mobile Safari/537.36 (compatible; PetalBot;+https://webmaster.petalsearch.com/site/petalbot)"
216.244.66.246 - - [14/Apr/2025:12:16:22 -0400] "GET /robots.txt HTTP/1.1" 304 0 "-" "Mozilla/5.0 (compatible; DotBot/1.2; +https://opensiteexplorer.org/dotbot; help@moz.com)"
198.54.114.83 - - [14/Apr/2025:12:18:42 -0400] "POST /wp-cron.php?doing_wp_cron=1744647520.5817968845367431640625 HTTP/1.1" 200 0 "-" "WordPress/6.7.2; https://fileluna.com"
114.119.137.80 - - [14/Apr/2025:12:18:35 -0400] "GET /unlock-the-best-deals-with-culture-gift-certificate-discount/ HTTP/1.1" 200 11829 "https://fileluna.com/author/admin/page/9/" "Mozilla/5.0 (Linux; Android 7.0;) AppleWebKit/537.36 (KHTML, like Gecko) Mobile Safari/537.36 (compatible; PetalBot;+https://webmaster.petalsearch.com/site/petalbot)"
198.54.114.83 - - [14/Apr/2025:12:19:50 -0400] "POST /wp-cron.php?doing_wp_cron=1744647589.7278449535369873046875 HTTP/1.1" 200 0 "-" "WordPress/6.7.2; https://fileluna.com"
114.119.129.34 - - [14/Apr/2025:12:19:49 -0400] "GET /exploring-the-role-of-a-singapore-hypnotherapist/ HTTP/1.1" 200 12000 "https://fileluna.com/2024/11/page/10/" "Mozilla/5.0 (Linux; Android 7.0;) AppleWebKit/537.36 (KHTML, like Gecko) Mobile Safari/537.36 (compatible; PetalBot;+https://webmaster.petalsearch.com/site/petalbot)"
198.54.114.83 - - [14/Apr/2025:12:19:52 -0400] "POST /wp-admin/admin-ajax.php?action=async_litespeed&nonce=r3WFM8RddTsNKfXlE6lf9cvMeazIqkfJ&litespeed_type=imgoptm HTTP/1.1" 200 0 "-" "WordPress/6.7.2; https://fileluna.com"
103.176.179.125 - - [14/Apr/2025:12:27:13 -0400] "GET /wp-login.php HTTP/1.1" 200 1760 "-" "GRequests/0.10"
103.176.179.125 - - [14/Apr/2025:12:27:16 -0400] "POST /wp-login.php HTTP/1.1" 200 1898 "-" "GRequests/0.10"
198.54.114.83 - - [14/Apr/2025:12:27:21 -0400] "POST /wp-cron.php?doing_wp_cron=1744648040.4537639617919921875000 HTTP/1.1" 200 0 "-" "WordPress/6.7.2; https://fileluna.com"
134.17.14.122 - - [14/Apr/2025:12:30:16 -0400] "GET /membership-pricing/ HTTP/1.1" 404 8709 "-" "Mozilla/4.0 (compatible; MSIE 6.0; Windows NT 5.1; SV1)"
198.54.114.83 - - [14/Apr/2025:12:30:23 -0400] "POST /wp-cron.php?doing_wp_cron=1744648220.5523459911346435546875 HTTP/1.1" 200 0 "-" "WordPress/6.7.2; https://fileluna.com"
198.54.114.83 - - [14/Apr/2025:12:36:11 -0400] "POST /wp-cron.php?doing_wp_cron=1744648570.8454511165618896484375 HTTP/1.1" 200 0 "-" "WordPress/6.7.2; https://fileluna.com"
198.54.114.83 - - [14/Apr/2025:12:36:14 -0400] "POST /wp-admin/admin-ajax.php?action=async_litespeed&nonce=HjhWv5u9C9H13NRFn254MESzy7Dfjmy9&litespeed_type=imgoptm HTTP/1.1" 200 0 "-" "WordPress/6.7.2; https://fileluna.com"
114.119.154.229 - - [14/Apr/2025:12:36:06 -0400] "GET /navigating-the-virtual-dice-unveiling-the-landscape-of-online-gambling/ HTTP/1.1" 200 12094 "https://fileluna.com/page/51/" "Mozilla/5.0 (Linux; Android 7.0;) AppleWebKit/537.36 (KHTML, like Gecko) Mobile Safari/537.36 (compatible; PetalBot;+https://webmaster.petalsearch.com/site/petalbot)"
114.119.137.80 - - [14/Apr/2025:12:37:29 -0400] "GET /mocra-regulations-and-compliance-framework/ HTTP/1.1" 200 12137 "https://fileluna.com/2024/12/" "Mozilla/5.0 (Linux; Android 7.0;) AppleWebKit/537.36 (KHTML, like Gecko) Mobile Safari/537.36 (compatible; PetalBot;+https://webmaster.petalsearch.com/site/petalbot)"
198.54.114.83 - - [14/Apr/2025:12:37:33 -0400] "POST /wp-cron.php?doing_wp_cron=1744648651.1691880226135253906250 HTTP/1.1" 200 0 "-" "WordPress/6.7.2; https://fileluna.com"
111.119.237.15 - - [14/Apr/2025:12:37:53 -0400] "GET /dream-homes-await-in-southern-spain/ HTTP/1.1" 200 12152 "https://fileluna.com/dream-homes-await-in-southern-spain/" "Mozilla/5.0 (Macintosh; Intel Mac OS X 10_15_7) AppleWebKit/537.36 (KHTML, like Gecko) Chrome/131.0.0.0 Safari/537.36"
198.54.114.83 - - [14/Apr/2025:12:38:56 -0400] "POST /wp-cron.php?doing_wp_cron=1744648734.9823269844055175781250 HTTP/1.1" 200 0 "-" "WordPress/6.7.2; https://fileluna.com"
114.119.148.27 - - [14/Apr/2025:12:38:54 -0400] "GET /a-new-era-of-gambling/ HTTP/1.1" 200 11684 "https://fileluna.com/die-bedeutung-eines-steuerberaters-fur-ihre-finanzen/" "Mozilla/5.0 (Linux; Android 7.0;) AppleWebKit/537.36 (KHTML, like Gecko) Mobile Safari/537.36 (compatible; PetalBot;+https://webmaster.petalsearch.com/site/petalbot)"
114.119.132.228 - - [14/Apr/2025:12:51:35 -0400] "GET /author/admin/page/22/ HTTP/1.1" 200 11116 "https://fileluna.com/author/admin/page/24/" "Mozilla/5.0 (Linux; Android 7.0;) AppleWebKit/537.36 (KHTML, like Gecko) Mobile Safari/537.36 (compatible; PetalBot;+https://webmaster.petalsearch.com/site/petalbot)"
198.54.114.83 - - [14/Apr/2025:12:51:44 -0400] "POST /wp-cron.php?doing_wp_cron=1744649500.4117910861968994140625 HTTP/1.1" 200 0 "-" "WordPress/6.7.2; https://fileluna.com"
43.156.116.252 - - [14/Apr/2025:12:59:15 -0400] "GET /wp-aa.php HTTP/1.1" 404 8709 "-" "Mozilla/5.0 (Macintosh; Intel Mac OS X 10_15_5) AppleWebKit/537.36 (KHTML, like Gecko) Chrome/83.0.4103.97 Safari/537.36"
198.54.114.83 - - [14/Apr/2025:12:59:23 -0400] "POST /wp-cron.php?doing_wp_cron=1744649960.3403940200805664062500 HTTP/1.1" 200 0 "-" "WordPress/6.7.2; https://fileluna.com"
43.156.116.252 - - [14/Apr/2025:12:59:27 -0400] "GET /wp-content/plugins/wp-automatic/inc/csv.php HTTP/1.1" 404 8709 "-" "Mozilla/5.0 (Macintosh; Intel Mac OS X 10_15_5) AppleWebKit/537.36 (KHTML, like Gecko) Chrome/83.0.4103.97 Safari/537.36"
52.170.20.202 - - [14/Apr/2025:13:03:03 -0400] "GET /autoload_classmap.php HTTP/1.1" 404 8709 "-" "-"
198.54.114.83 - - [14/Apr/2025:13:03:09 -0400] "POST /wp-cron.php?doing_wp_cron=1744650187.3198699951171875000000 HTTP/1.1" 200 0 "-" "WordPress/6.7.2; https://fileluna.com"
52.170.20.202 - - [14/Apr/2025:13:03:12 -0400] "GET /post.php HTTP/1.1" 404 8709 "-" "-"
52.170.20.202 - - [14/Apr/2025:13:03:19 -0400] "GET /1.php HTTP/1.1" 404 8709 "-" "-"
52.170.20.202 - - [14/Apr/2025:13:03:23 -0400] "GET /flower.php HTTP/1.1" 404 8709 "-" "-"
52.170.20.202 - - [14/Apr/2025:13:03:28 -0400] "GET /admin.php HTTP/1.1" 404 8709 "-" "-"
52.170.20.202 - - [14/Apr/2025:13:03:34 -0400] "GET /file.php HTTP/1.1" 404 8709 "-" "-"
52.170.20.202 - - [14/Apr/2025:13:03:40 -0400] "GET /meta.php HTTP/1.1" 404 8709 "-" "-"
52.170.20.202 - - [14/Apr/2025:13:03:46 -0400] "GET /index.php HTTP/1.1" 301 0 "-" "-"
52.170.20.202 - - [14/Apr/2025:13:03:50 -0400] "GET / HTTP/1.1" 200 12525 "-" "-"
52.170.20.202 - - [14/Apr/2025:13:03:55 -0400] "GET /about.php HTTP/1.1" 404 8709 "-" "-"
52.170.20.202 - - [14/Apr/2025:13:04:01 -0400] "GET /randkeyword.php HTTP/1.1" 404 8709 "-" "-"
52.170.20.202 - - [14/Apr/2025:13:04:05 -0400] "GET /goods.php HTTP/1.1" 404 8709 "-" "-"
198.54.114.83 - - [14/Apr/2025:13:04:13 -0400] "POST /wp-cron.php?doing_wp_cron=1744650251.7534139156341552734375 HTTP/1.1" 200 0 "-" "WordPress/6.7.2; https://fileluna.com"
52.170.20.202 - - [14/Apr/2025:13:04:11 -0400] "GET /hehe.php HTTP/1.1" 404 8709 "-" "-"
52.170.20.202 - - [14/Apr/2025:13:04:15 -0400] "GET /yindu.php HTTP/1.1" 404 8709 "-" "-"
52.170.20.202 - - [14/Apr/2025:13:04:21 -0400] "GET /wp-admin/class-db.php HTTP/1.1" 404 8709 "-" "-"
52.170.20.202 - - [14/Apr/2025:13:04:26 -0400] "GET /baxa1.phP8 HTTP/1.1" 404 8709 "-" "-"
52.170.20.202 - - [14/Apr/2025:13:04:33 -0400] "GET /baxa1.php HTTP/1.1" 404 8709 "-" "-"
52.170.20.202 - - [14/Apr/2025:13:04:40 -0400] "GET /.well-known/index.php HTTP/1.1" 301 0 "-" "-"
52.170.20.202 - - [14/Apr/2025:13:04:43 -0400] "GET /.well-known/ HTTP/1.1" 403 1242 "-" "-"
52.170.20.202 - - [14/Apr/2025:13:04:48 -0400] "GET /libraries/phpmailer/index.php HTTP/1.1" 301 0 "-" "-"
52.170.20.202 - - [14/Apr/2025:13:04:51 -0400] "GET /libraries/phpmailer/ HTTP/1.1" 404 8709 "-" "-"
52.170.20.202 - - [14/Apr/2025:13:04:56 -0400] "GET /wp-admin/autoload_classmap.php HTTP/1.1" 404 8709 "-" "-"
52.170.20.202 - - [14/Apr/2025:13:05:02 -0400] "GET /wp-admin/css/colors/blue/1.php HTTP/1.1" 404 8709 "-" "-"
52.170.20.202 - - [14/Apr/2025:13:05:13 -0400] "GET /wp-content/plugins/about.php HTTP/1.1" 404 8709 "-" "-"
198.54.114.83 - - [14/Apr/2025:13:05:19 -0400] "POST /wp-cron.php?doing_wp_cron=1744650313.8818509578704833984375 HTTP/1.1" 200 0 "-" "WordPress/6.7.2; https://fileluna.com"
52.170.20.202 - - [14/Apr/2025:13:05:24 -0400] "GET /wp-content/plugins/index.php HTTP/1.1" 200 0 "-" "-"
52.170.20.202 - - [14/Apr/2025:13:05:35 -0400] "GET /wp-content/plugins/about.php HTTP/1.1" 404 8709 "-" "-"
52.170.20.202 - - [14/Apr/2025:13:05:41 -0400] "GET /wp-content/uploads/BbUMY/flower.php HTTP/1.1" 404 8709 "-" "-"
52.170.20.202 - - [14/Apr/2025:13:05:50 -0400] "GET /wp-includes/ID3/file.php HTTP/1.1" 404 8709 "-" "-"
52.170.20.202 - - [14/Apr/2025:13:05:57 -0400] "GET /wp-includes/Text/Diff/Engine/about.php HTTP/1.1" 404 8709 "-" "-"
52.170.20.202 - - [14/Apr/2025:13:06:04 -0400] "GET /wp-includes/Text/Diff/Engine/index.php HTTP/1.1" 301 0 "-" "-"
52.170.20.202 - - [14/Apr/2025:13:06:08 -0400] "GET /wp-includes/Text/Diff/Engine/ HTTP/1.1" 403 1242 "-" "-"
52.170.20.202 - - [14/Apr/2025:13:06:14 -0400] "GET /wp-includes/css/index.php HTTP/1.1" 301 0 "-" "-"
198.54.114.83 - - [14/Apr/2025:13:06:18 -0400] "POST /wp-cron.php?doing_wp_cron=1744650374.7240529060363769531250 HTTP/1.1" 200 0 "-" "WordPress/6.7.2; https://fileluna.com"
52.170.20.202 - - [14/Apr/2025:13:06:19 -0400] "GET /wp-includes/css/ HTTP/1.1" 403 1242 "-" "-"
52.170.20.202 - - [14/Apr/2025:13:06:25 -0400] "GET /wp-includes/css/xc.php HTTP/1.1" 404 8709 "-" "-"
52.170.20.202 - - [14/Apr/2025:13:06:34 -0400] "GET /wp-includes/images/about.php HTTP/1.1" 404 8709 "-" "-"
52.170.20.202 - - [14/Apr/2025:13:06:47 -0400] "GET /wp-includes/images/crystal/index.php HTTP/1.1" 301 0 "-" "-"
52.170.20.202 - - [14/Apr/2025:13:06:50 -0400] "GET /wp-includes/images/crystal/ HTTP/1.1" 403 1242 "-" "-"
52.170.20.202 - - [14/Apr/2025:13:06:57 -0400] "GET /wp/index.php HTTP/1.1" 301 0 "-" "-"
52.170.20.202 - - [14/Apr/2025:13:07:00 -0400] "GET /wp/ HTTP/1.1" 404 8709 "-" "-"
52.170.20.202 - - [14/Apr/2025:13:07:07 -0400] "GET /user.php HTTP/1.1" 404 8709 "-" "-"
52.170.20.202 - - [14/Apr/2025:13:07:13 -0400] "GET /wp-2019.php HTTP/1.1" 404 8709 "-" "-"
52.170.20.202 - - [14/Apr/2025:13:07:19 -0400] "GET /chosen.php HTTP/1.1" 404 8709 "-" "-"
198.54.114.83 - - [14/Apr/2025:13:07:22 -0400] "POST /wp-cron.php?doing_wp_cron=1744650439.7529690265655517578125 HTTP/1.1" 200 0 "-" "WordPress/6.7.2; https://fileluna.com"
52.170.20.202 - - [14/Apr/2025:13:07:25 -0400] "GET /functions.php HTTP/1.1" 404 8709 "-" "-"
52.170.20.202 - - [14/Apr/2025:13:07:33 -0400] "GET /cron.php HTTP/1.1" 404 8709 "-" "-"
52.170.20.202 - - [14/Apr/2025:13:07:40 -0400] "GET /edit.php HTTP/1.1" 404 8709 "-" "-"
52.170.20.202 - - [14/Apr/2025:13:07:55 -0400] "GET /gecko-new.php HTTP/1.1" 404 8709 "-" "-"
52.170.20.202 - - [14/Apr/2025:13:08:02 -0400] "GET /cookie.php HTTP/1.1" 404 8709 "-" "-"
52.170.20.202 - - [14/Apr/2025:13:08:11 -0400] "GET /xleet.php HTTP/1.1" 404 8709 "-" "-"
52.170.20.202 - - [14/Apr/2025:13:08:20 -0400] "GET /spip.php HTTP/1.1" 404 8709 "-" "-"
198.54.114.83 - - [14/Apr/2025:13:08:24 -0400] "POST /wp-cron.php?doing_wp_cron=1744650500.6536469459533691406250 HTTP/1.1" 200 0 "-" "WordPress/6.7.2; https://fileluna.com"
52.170.20.202 - - [14/Apr/2025:13:08:29 -0400] "GET /22.php HTTP/1.1" 404 8709 "-" "-"
52.170.20.202 - - [14/Apr/2025:13:08:37 -0400] "GET /room.php HTTP/1.1" 404 8709 "-" "-"
52.170.20.202 - - [14/Apr/2025:13:08:47 -0400] "GET /disagreed.php HTTP/1.1" 404 8709 "-" "-"
52.170.20.202 - - [14/Apr/2025:13:08:57 -0400] "GET /text.php HTTP/1.1" 404 8709 "-" "-"
52.170.20.202 - - [14/Apr/2025:13:09:08 -0400] "GET /alfa-rex.php HTTP/1.1" 404 8709 "-" "-"
52.170.20.202 - - [14/Apr/2025:13:09:22 -0400] "GET /alfa-rex.php7 HTTP/1.1" 404 8709 "-" "-"
52.170.20.202 - - [14/Apr/2025:13:09:33 -0400] "GET /feeds.php HTTP/1.1" 404 8709 "-" "-"
52.170.20.202 - - [14/Apr/2025:13:09:44 -0400] "GET /radio.php HTTP/1.1" 404 8709 "-" "-"
52.170.20.202 - - [14/Apr/2025:13:09:54 -0400] "GET /dropdown.php HTTP/1.1" 404 8709 "-" "-"
52.170.20.202 - - [14/Apr/2025:13:10:05 -0400] "GET /defaults.php HTTP/1.1" 404 8709 "-" "-"
52.170.20.202 - - [14/Apr/2025:13:10:18 -0400] "GET /system.php HTTP/1.1" 404 8709 "-" "-"
52.170.20.202 - - [14/Apr/2025:13:10:30 -0400] "GET /xmlrpc.php HTTP/1.1" 405 46 "-" "-"
198.54.114.83 - - [14/Apr/2025:13:10:38 -0400] "POST /wp-cron.php?doing_wp_cron=1744650631.1114170551300048828125 HTTP/1.1" 200 0 "-" "WordPress/6.7.2; https://fileluna.com"
52.170.20.202 - - [14/Apr/2025:13:10:45 -0400] "GET /xmlrpc.php0 HTTP/1.1" 404 8709 "-" "-"
52.170.20.202 - - [14/Apr/2025:13:10:54 -0400] "GET /colors.php HTTP/1.1" 404 8709 "-" "-"
52.170.20.202 - - [14/Apr/2025:13:11:03 -0400] "GET /updates.php HTTP/1.1" 404 8709 "-" "-"
52.170.20.202 - - [14/Apr/2025:13:11:11 -0400] "GET /alfa-rex1.php HTTP/1.1" 404 8709 "-" "-"
52.170.20.202 - - [14/Apr/2025:13:11:19 -0400] "GET /wp-index.php HTTP/1.1" 404 8709 "-" "-"
52.170.20.202 - - [14/Apr/2025:13:11:26 -0400] "GET /wp-admin.php HTTP/1.1" 404 8709 "-" "-"
52.170.20.202 - - [14/Apr/2025:13:11:31 -0400] "GET /alfa.php HTTP/1.1" 404 8709 "-" "-"
198.54.114.83 - - [14/Apr/2025:13:11:35 -0400] "POST /wp-cron.php?doing_wp_cron=1744650691.6898429393768310546875 HTTP/1.1" 200 0 "-" "WordPress/6.7.2; https://fileluna.com"
52.170.20.202 - - [14/Apr/2025:13:11:38 -0400] "GET /alfanew.php7 HTTP/1.1" 404 8709 "-" "-"
52.170.20.202 - - [14/Apr/2025:13:11:46 -0400] "GET /locale.php HTTP/1.1" 404 8709 "-" "-"
173.255.192.198 - - [14/Apr/2025:13:11:51 -0400] "GET / HTTP/1.1" 200 12525 "-" "Mozilla/5.0 (Windows NT 10.0; Win64; x64) AppleWebKit/537.36 (KHTML, like Gecko) Chrome/70.0.3538.77 Safari/537.36301"
52.170.20.202 - - [14/Apr/2025:13:11:53 -0400] "GET /wxo.php HTTP/1.1" 404 8709 "-" "-"
52.170.20.202 - - [14/Apr/2025:13:11:58 -0400] "GET /colour.php HTTP/1.1" 404 8709 "-" "-"
52.170.20.202 - - [14/Apr/2025:13:12:03 -0400] "GET /files.php HTTP/1.1" 404 8709 "-" "-"
52.170.20.202 - - [14/Apr/2025:13:12:07 -0400] "GET /install.php HTTP/1.1" 404 8709 "-" "-"
52.170.20.202 - - [14/Apr/2025:13:12:12 -0400] "GET /wp-contentt.php HTTP/1.1" 404 8709 "-" "-"
52.170.20.202 - - [14/Apr/2025:13:12:18 -0400] "GET /config.php7 HTTP/1.1" 404 8709 "-" "-"
52.170.20.202 - - [14/Apr/2025:13:12:23 -0400] "GET /config.php HTTP/1.1" 404 8709 "-" "-"
52.170.20.202 - - [14/Apr/2025:13:12:28 -0400] "GET /theme.php HTTP/1.1" 404 8709 "-" "-"
52.170.20.202 - - [14/Apr/2025:13:12:33 -0400] "GET /block-bindings.php HTTP/1.1" 404 8709 "-" "-"
198.54.114.83 - - [14/Apr/2025:13:12:36 -0400] "POST /wp-cron.php?doing_wp_cron=1744650753.4993019104003906250000 HTTP/1.1" 200 0 "-" "WordPress/6.7.2; https://fileluna.com"
52.170.20.202 - - [14/Apr/2025:13:12:39 -0400] "GET /class_api.php HTTP/1.1" 404 8709 "-" "-"
52.170.20.202 - - [14/Apr/2025:13:12:42 -0400] "GET /inputs.php HTTP/1.1" 404 8709 "-" "-"
52.170.20.202 - - [14/Apr/2025:13:12:46 -0400] "GET /root.php HTTP/1.1" 404 8709 "-" "-"
52.170.20.202 - - [14/Apr/2025:13:12:49 -0400] "GET /menu.php HTTP/1.1" 404 8709 "-" "-"
18.117.103.79 - - [14/Apr/2025:13:12:51 -0400] "GET /robots.txt HTTP/1.1" 200 61 "-" "Mozilla/5.0 AppleWebKit/537.36 (KHTML, like Gecko; compatible; ClaudeBot/1.0; +claudebot@anthropic.com)"
52.170.20.202 - - [14/Apr/2025:13:12:51 -0400] "GET /plugin.php HTTP/1.1" 404 8709 "-" "-"
18.117.103.79 - - [14/Apr/2025:13:12:52 -0400] "GET /the-value-of-culture-gift-certificate-discount HTTP/1.1" 301 0 "-" "Mozilla/5.0 AppleWebKit/537.36 (KHTML, like Gecko; compatible; ClaudeBot/1.0; +claudebot@anthropic.com)"
18.117.103.79 - - [14/Apr/2025:13:12:54 -0400] "GET /the-value-of-culture-gift-certificate-discount/ HTTP/1.1" 200 12174 "-" "Mozilla/5.0 AppleWebKit/537.36 (KHTML, like Gecko; compatible; ClaudeBot/1.0; +claudebot@anthropic.com)"
52.170.20.202 - - [14/Apr/2025:13:12:54 -0400] "GET /cloud.php HTTP/1.1" 404 8709 "-" "-"
18.117.103.79 - - [14/Apr/2025:13:12:56 -0400] "GET /wp-content/themes/newsphere/assets/sidr/js/jquery.sidr.min.js?ver=6.7.2 HTTP/1.1" 304 0 "https://fileluna.com/the-value-of-culture-gift-certificate-discount/" "Mozilla/5.0 AppleWebKit/537.36 (KHTML, like Gecko; compatible; ClaudeBot/1.0; +claudebot@anthropic.com)"
18.117.103.79 - - [14/Apr/2025:13:12:56 -0400] "GET /wp-content/themes/newsphere/js/skip-link-focus-fix.js?ver=20151215 HTTP/1.1" 304 0 "https://fileluna.com/the-value-of-culture-gift-certificate-discount/" "Mozilla/5.0 AppleWebKit/537.36 (KHTML, like Gecko; compatible; ClaudeBot/1.0; +claudebot@anthropic.com)"
18.117.103.79 - - [14/Apr/2025:13:12:56 -0400] "GET /wp-includes/js/jquery/jquery-migrate.min.js?ver=3.4.1 HTTP/1.1" 304 0 "https://fileluna.com/the-value-of-culture-gift-certificate-discount/" "Mozilla/5.0 AppleWebKit/537.36 (KHTML, like Gecko; compatible; ClaudeBot/1.0; +claudebot@anthropic.com)"
18.117.103.79 - - [14/Apr/2025:13:12:56 -0400] "GET /wp-content/themes/newsphere/assets/marquee/jquery.marquee.js?ver=6.7.2 HTTP/1.1" 304 0 "https://fileluna.com/the-value-of-culture-gift-certificate-discount/" "Mozilla/5.0 AppleWebKit/537.36 (KHTML, like Gecko; compatible; ClaudeBot/1.0; +claudebot@anthropic.com)"
18.117.103.79 - - [14/Apr/2025:13:12:56 -0400] "GET /wp-content/themes/newsphere/assets/jquery-match-height/jquery.matchHeight.min.js?ver=6.7.2 HTTP/1.1" 304 0 "https://fileluna.com/the-value-of-culture-gift-certificate-discount/" "Mozilla/5.0 AppleWebKit/537.36 (KHTML, like Gecko; compatible; ClaudeBot/1.0; +claudebot@anthropic.com)"
18.117.103.79 - - [14/Apr/2025:13:12:56 -0400] "GET /wp-content/themes/newsphere/assets/theiaStickySidebar/theia-sticky-sidebar.min.js?ver=6.7.2 HTTP/1.1" 304 0 "https://fileluna.com/the-value-of-culture-gift-certificate-discount/" "Mozilla/5.0 AppleWebKit/537.36 (KHTML, like Gecko; compatible; ClaudeBot/1.0; +claudebot@anthropic.com)"
18.117.103.79 - - [14/Apr/2025:13:12:56 -0400] "GET /wp-content/themes/newsphere/assets/bootstrap/js/bootstrap.min.js?ver=6.7.2 HTTP/1.1" 304 0 "https://fileluna.com/the-value-of-culture-gift-certificate-discount/" "Mozilla/5.0 AppleWebKit/537.36 (KHTML, like Gecko; compatible; ClaudeBot/1.0; +claudebot@anthropic.com)"
18.117.103.79 - - [14/Apr/2025:13:12:56 -0400] "GET /wp-content/themes/newsphere/assets/pagination-script.js?ver=6.7.2 HTTP/1.1" 304 0 "https://fileluna.com/the-value-of-culture-gift-certificate-discount/" "Mozilla/5.0 AppleWebKit/537.36 (KHTML, like Gecko; compatible; ClaudeBot/1.0; +claudebot@anthropic.com)"
18.117.103.79 - - [14/Apr/2025:13:12:56 -0400] "GET /wp-content/themes/newsphere/assets/magnific-popup/jquery.magnific-popup.min.js?ver=6.7.2 HTTP/1.1" 304 0 "https://fileluna.com/the-value-of-culture-gift-certificate-discount/" "Mozilla/5.0 AppleWebKit/537.36 (KHTML, like Gecko; compatible; ClaudeBot/1.0; +claudebot@anthropic.com)"
18.117.103.79 - - [14/Apr/2025:13:12:56 -0400] "GET /wp-includes/js/jquery/jquery.min.js?ver=3.7.1 HTTP/1.1" 304 0 "https://fileluna.com/the-value-of-culture-gift-certificate-discount/" "Mozilla/5.0 AppleWebKit/537.36 (KHTML, like Gecko; compatible; ClaudeBot/1.0; +claudebot@anthropic.com)"
18.117.103.79 - - [14/Apr/2025:13:12:56 -0400] "GET /wp-content/themes/newsphere/assets/swiper/js/swiper-bundle.min.js?ver=6.7.2 HTTP/1.1" 304 0 "https://fileluna.com/the-value-of-culture-gift-certificate-discount/" "Mozilla/5.0 AppleWebKit/537.36 (KHTML, like Gecko; compatible; ClaudeBot/1.0; +claudebot@anthropic.com)"
18.117.103.79 - - [14/Apr/2025:13:12:56 -0400] "GET /wp-content/themes/newsphere/admin-dashboard/dist/newsphere_scripts.build.js?ver=6.7.2 HTTP/1.1" 304 0 "https://fileluna.com/the-value-of-culture-gift-certificate-discount/" "Mozilla/5.0 AppleWebKit/537.36 (KHTML, like Gecko; compatible; ClaudeBot/1.0; +claudebot@anthropic.com)"
18.117.103.79 - - [14/Apr/2025:13:12:57 -0400] "GET /wp-content/themes/newsphere/js/navigation.js?ver=20151215 HTTP/1.1" 200 953 "https://fileluna.com/the-value-of-culture-gift-certificate-discount/" "Mozilla/5.0 AppleWebKit/537.36 (KHTML, like Gecko; compatible; ClaudeBot/1.0; +claudebot@anthropic.com)"
52.170.20.202 - - [14/Apr/2025:13:12:57 -0400] "GET /configs.php HTTP/1.1" 404 8709 "-" "-"
18.117.103.79 - - [14/Apr/2025:13:12:58 -0400] "GET /wp-includes/js/comment-reply.min.js?ver=6.7.2 HTTP/1.1" 304 0 "https://fileluna.com/the-value-of-culture-gift-certificate-discount/" "Mozilla/5.0 AppleWebKit/537.36 (KHTML, like Gecko; compatible; ClaudeBot/1.0; +claudebot@anthropic.com)"
18.117.103.79 - - [14/Apr/2025:13:12:59 -0400] "GET /wp-includes/js/wp-emoji-release.min.js?ver=6.7.2 HTTP/1.1" 304 0 "https://fileluna.com/the-value-of-culture-gift-certificate-discount/" "Mozilla/5.0 AppleWebKit/537.36 (KHTML, like Gecko; compatible; ClaudeBot/1.0; +claudebot@anthropic.com)"
52.170.20.202 - - [14/Apr/2025:13:13:01 -0400] "GET /wp-configs.php HTTP/1.1" 404 8709 "-" "-"
52.170.20.202 - - [14/Apr/2025:13:13:04 -0400] "GET /update.php HTTP/1.1" 404 8709 "-" "-"
52.170.20.202 - - [14/Apr/2025:13:13:06 -0400] "GET /2.php HTTP/1.1" 404 8709 "-" "-"
52.170.20.202 - - [14/Apr/2025:13:13:10 -0400] "GET /input.php HTTP/1.1" 404 8709 "-" "-"
52.170.20.202 - - [14/Apr/2025:13:13:12 -0400] "GET /aaa.php HTTP/1.1" 404 8709 "-" "-"
198.54.114.83 - - [14/Apr/2025:13:22:44 -0400] "POST /wp-cron.php?doing_wp_cron=1744651363.3603758811950683593750 HTTP/1.1" 200 0 "-" "WordPress/6.7.2; https://fileluna.com"
114.119.132.163 - - [14/Apr/2025:13:22:40 -0400] "GET /stepping-into-comfort-the-allure-of-custom-grip-socks/ HTTP/1.1" 200 12003 "https://fileluna.com/page/51/" "Mozilla/5.0 (Linux; Android 7.0;) AppleWebKit/537.36 (KHTML, like Gecko) Mobile Safari/537.36 (compatible; PetalBot;+https://webmaster.petalsearch.com/site/petalbot)"
198.54.114.83 - - [14/Apr/2025:13:24:01 -0400] "POST /wp-cron.php?doing_wp_cron=1744651441.4840819835662841796875 HTTP/1.1" 200 0 "-" "WordPress/6.7.2; https://fileluna.com"
198.54.114.83 - - [14/Apr/2025:13:24:02 -0400] "POST /wp-admin/admin-ajax.php?action=async_litespeed&nonce=bJb6IOhbqGcxwWQkjWhUbey5vC2asuNJ&litespeed_type=imgoptm HTTP/1.1" 200 0 "-" "WordPress/6.7.2; https://fileluna.com"
114.119.132.163 - - [14/Apr/2025:13:24:01 -0400] "GET /exploring-the-benefits-of-small-payment-gift-certificates/ HTTP/1.1" 200 11724 "https://fileluna.com/relaxation-during-business-travel/" "Mozilla/5.0 (Linux; Android 7.0;) AppleWebKit/537.36 (KHTML, like Gecko) Mobile Safari/537.36 (compatible; PetalBot;+https://webmaster.petalsearch.com/site/petalbot)"
198.54.114.83 - - [14/Apr/2025:13:44:50 -0400] "POST /wp-cron.php?doing_wp_cron=1744652689.2794599533081054687500 HTTP/1.1" 200 0 "-" "WordPress/6.7.2; https://fileluna.com"
114.119.129.198 - - [14/Apr/2025:13:44:46 -0400] "GET /der-beste-umzugsservice-in-luneburg-ihr-partner-fur-einen-stressfreien-umzug/ HTTP/1.1" 200 11970 "https://fileluna.com/author/admin/page/18/" "Mozilla/5.0 (Linux; Android 7.0;) AppleWebKit/537.36 (KHTML, like Gecko) Mobile Safari/537.36 (compatible; PetalBot;+https://webmaster.petalsearch.com/site/petalbot)"
198.54.114.83 - - [14/Apr/2025:13:46:38 -0400] "POST /wp-cron.php?doing_wp_cron=1744652796.6744599342346191406250 HTTP/1.1" 200 0 "-" "WordPress/6.7.2; https://fileluna.com"
114.119.137.80 - - [14/Apr/2025:13:46:33 -0400] "GET /author/admin/page/32/ HTTP/1.1" 200 11299 "https://fileluna.com/author/admin/page/31/" "Mozilla/5.0 (Linux; Android 7.0;) AppleWebKit/537.36 (KHTML, like Gecko) Mobile Safari/537.36 (compatible; PetalBot;+https://webmaster.petalsearch.com/site/petalbot)"
216.244.66.246 - - [14/Apr/2025:13:49:28 -0400] "GET /robots.txt HTTP/1.1" 304 0 "-" "Mozilla/5.0 (compatible; DotBot/1.2; +https://opensiteexplorer.org/dotbot; help@moz.com)"
34.169.22.121 - - [14/Apr/2025:13:53:01 -0400] "GET /unveiling-the-pathways-to-profit-making-money-online HTTP/1.1" 301 0 "-" "Mozilla/5.0 (Macintosh; Intel Mac OS X 10_15_7) AppleWebKit/537.36 (KHTML, like Gecko) Chrome/124.0.0.0 Safari/537.36 Edg/124.0.0.0"
34.169.22.121 - - [14/Apr/2025:13:53:02 -0400] "GET /unveiling-the-pathways-to-profit-making-money-online/ HTTP/1.1" 200 11947 "https://fileluna.com/unveiling-the-pathways-to-profit-making-money-online" "Mozilla/5.0 (Macintosh; Intel Mac OS X 10_15_7) AppleWebKit/537.36 (KHTML, like Gecko) Chrome/124.0.0.0 Safari/537.36 Edg/124.0.0.0"
71.40.108.36 - - [14/Apr/2025:14:01:49 -0400] "GET /wp-login.php HTTP/1.1" 200 1760 "-" "GRequests/0.10"
198.54.114.83 - - [14/Apr/2025:14:01:57 -0400] "POST /wp-cron.php?doing_wp_cron=1744653715.8588058948516845703125 HTTP/1.1" 200 0 "-" "WordPress/6.7.2; https://fileluna.com"
71.40.108.36 - - [14/Apr/2025:14:01:52 -0400] "POST /wp-login.php HTTP/1.1" 200 1898 "-" "GRequests/0.10"
198.54.114.83 - - [14/Apr/2025:14:06:15 -0400] "POST /wp-cron.php?doing_wp_cron=1744653973.3320510387420654296875 HTTP/1.1" 200 0 "-" "WordPress/6.7.2; https://fileluna.com"
216.244.66.246 - - [14/Apr/2025:14:06:09 -0400] "GET /the-essentials-of-international-freight-forwarding/ HTTP/1.1" 200 11624 "-" "Mozilla/5.0 (compatible; DotBot/1.2; +https://opensiteexplorer.org/dotbot; help@moz.com)"
114.119.132.163 - - [14/Apr/2025:14:11:27 -0400] "GET /the-rise-of-business-trip-massages/ HTTP/1.1" 200 12082 "https://fileluna.com/the-perfect-escape-for-busy-professionals/" "Mozilla/5.0 (Linux; Android 7.0;) AppleWebKit/537.36 (KHTML, like Gecko) Mobile Safari/537.36 (compatible; PetalBot;+https://webmaster.petalsearch.com/site/petalbot)"
198.54.114.83 - - [14/Apr/2025:14:11:36 -0400] "POST /wp-cron.php?doing_wp_cron=1744654292.0021359920501708984375 HTTP/1.1" 200 0 "-" "WordPress/6.7.2; https://fileluna.com"
81.88.53.43 - - [14/Apr/2025:14:18:17 -0400] "GET / HTTP/1.1" 200 12525 "http://fileluna.com" "Mozilla/5.0 (Windows NT 10.0; Win64; x64; rv:126.0) Gecko/20100101 Firefox/126.0"
198.54.114.83 - - [14/Apr/2025:14:18:23 -0400] "POST /wp-cron.php?doing_wp_cron=1744654702.3276560306549072265625 HTTP/1.1" 200 0 "-" "WordPress/6.7.2; https://fileluna.com"
81.88.53.43 - - [14/Apr/2025:14:18:18 -0400] "GET /index.php?rest_route=/wp/v2/users HTTP/1.1" 200 1236 "https://fileluna.com" "Mozilla/5.0 (Macintosh; Intel Mac OS X 10_15_7) AppleWebKit/537.36 (KHTML, like Gecko) Chrome/113.0.5672.93 Safari/537.36"
198.54.114.83 - - [14/Apr/2025:14:18:25 -0400] "POST /wp-admin/admin-ajax.php?action=async_litespeed&nonce=92xABIcg5izPvSdNVoEUAYlDQonnS8mM&litespeed_type=imgoptm HTTP/1.1" 200 0 "-" "WordPress/6.7.2; https://fileluna.com"
111.172.249.49 - - [14/Apr/2025:14:27:16 -0400] "GET / HTTP/1.1" 200 12525 "http://fileluna.com" "Mozilla/5.0 (iPhone; CPU iPhone OS 13_2_3 like Mac OS X) AppleWebKit/605.1.15 (KHTML, like Gecko) Version/13.0.3 Mobile/15E148 Safari/604.1"
198.54.114.83 - - [14/Apr/2025:14:29:31 -0400] "POST /wp-cron.php?doing_wp_cron=1744655369.7733480930328369140625 HTTP/1.1" 200 0 "-" "WordPress/6.7.2; https://fileluna.com"
37.46.117.90 - - [14/Apr/2025:14:29:25 -0400] "POST /xmlrpc.php HTTP/1.1" 200 186 "https://fileluna.com" "Mozilla/5.0 (Windows NT 6.1; Win64; x64; rv:94.0) Gecko/20100101 Firefox/94.0"
196.251.72.46 - - [14/Apr/2025:14:35:20 -0400] "GET / HTTP/1.1" 200 12525 "-" "-"
198.54.114.83 - - [14/Apr/2025:14:35:26 -0400] "POST /wp-cron.php?doing_wp_cron=1744655725.4697809219360351562500 HTTP/1.1" 200 0 "-" "WordPress/6.7.2; https://fileluna.com"
196.251.72.46 - - [14/Apr/2025:14:35:21 -0400] "GET /wp-admin/install.php HTTP/1.1" 200 435 "-" "-"
196.251.72.46 - - [14/Apr/2025:14:35:29 -0400] "GET /wp-admin/setup-config.php HTTP/1.1" 409 1041 "-" "-"
216.244.66.246 - - [14/Apr/2025:14:36:37 -0400] "GET /robots.txt HTTP/1.1" 304 0 "-" "Mozilla/5.0 (compatible; DotBot/1.2; +https://opensiteexplorer.org/dotbot; help@moz.com)"
198.54.114.83 - - [14/Apr/2025:14:46:59 -0400] "POST /wp-cron.php?doing_wp_cron=1744656417.5514569282531738281250 HTTP/1.1" 200 0 "-" "WordPress/6.7.2; https://fileluna.com"
2002:c226:1710::c226:1710 - - [14/Apr/2025:14:46:53 -0400] "GET /sites/all/libraries/elfinder/connectors/php/connector.php HTTP/1.1" 404 8709 "-" "ALittle Client"
154.83.103.202 - - [14/Apr/2025:14:52:11 -0400] "GET / HTTP/1.1" 200 12525 "-" "Mozilla/5.0 (Windows NT 10.0; Win64; x64) AppleWebKit/537.36 (KHTML, like Gecko) Chrome/91.0.4472.124 Safari/537.36"
198.54.114.83 - - [14/Apr/2025:14:52:25 -0400] "POST /wp-cron.php?doing_wp_cron=1744656744.0472910404205322265625 HTTP/1.1" 200 0 "-" "WordPress/6.7.2; https://fileluna.com"
154.83.103.202 - - [14/Apr/2025:14:52:17 -0400] "GET /.aws/credentials HTTP/1.1" 404 8709 "-" "Mozilla/5.0 (Windows NT 10.0; Win64; x64) AppleWebKit/537.36 (KHTML, like Gecko) Chrome/91.0.4472.124 Safari/537.36"
198.54.114.83 - - [14/Apr/2025:14:52:26 -0400] "POST /wp-admin/admin-ajax.php?action=async_litespeed&nonce=UmVDTCG7cV1EbNMEUa28gM0Kt8mmEmJN&litespeed_type=imgoptm HTTP/1.1" 200 0 "-" "WordPress/6.7.2; https://fileluna.com"
154.83.103.202 - - [14/Apr/2025:14:52:27 -0400] "GET /.azure/ HTTP/1.1" 404 8709 "-" "Mozilla/5.0 (Windows NT 10.0; Win64; x64) AppleWebKit/537.36 (KHTML, like Gecko) Chrome/91.0.4472.124 Safari/537.36"
154.83.103.202 - - [14/Apr/2025:14:52:30 -0400] "GET /.bash_history HTTP/1.1" 404 8709 "-" "Mozilla/5.0 (Windows NT 10.0; Win64; x64) AppleWebKit/537.36 (KHTML, like Gecko) Chrome/91.0.4472.124 Safari/537.36"
154.83.103.202 - - [14/Apr/2025:14:52:32 -0400] "GET /.bash_profile HTTP/1.1" 404 8709 "-" "Mozilla/5.0 (Windows NT 10.0; Win64; x64) AppleWebKit/537.36 (KHTML, like Gecko) Chrome/91.0.4472.124 Safari/537.36"
154.83.103.202 - - [14/Apr/2025:14:52:35 -0400] "GET /.bashrc HTTP/1.1" 404 8709 "-" "Mozilla/5.0 (Windows NT 10.0; Win64; x64) AppleWebKit/537.36 (KHTML, like Gecko) Chrome/91.0.4472.124 Safari/537.36"
154.83.103.202 - - [14/Apr/2025:14:52:38 -0400] "GET /.boto HTTP/1.1" 404 8709 "-" "Mozilla/5.0 (Windows NT 10.0; Win64; x64) AppleWebKit/537.36 (KHTML, like Gecko) Chrome/91.0.4472.124 Safari/537.36"
154.83.103.202 - - [14/Apr/2025:14:52:41 -0400] "GET /.bzr/ HTTP/1.1" 404 8709 "-" "Mozilla/5.0 (Windows NT 10.0; Win64; x64) AppleWebKit/537.36 (KHTML, like Gecko) Chrome/91.0.4472.124 Safari/537.36"
154.83.103.202 - - [14/Apr/2025:14:52:44 -0400] "GET /.config/gcloud/ HTTP/1.1" 404 8709 "-" "Mozilla/5.0 (Windows NT 10.0; Win64; x64) AppleWebKit/537.36 (KHTML, like Gecko) Chrome/91.0.4472.124 Safari/537.36"
154.83.103.202 - - [14/Apr/2025:14:52:47 -0400] "GET /.cshrc HTTP/1.1" 404 8709 "-" "Mozilla/5.0 (Windows NT 10.0; Win64; x64) AppleWebKit/537.36 (KHTML, like Gecko) Chrome/91.0.4472.124 Safari/537.36"
154.83.103.202 - - [14/Apr/2025:14:52:49 -0400] "GET /.docker/config.json HTTP/1.1" 404 8709 "-" "Mozilla/5.0 (Windows NT 10.0; Win64; x64) AppleWebKit/537.36 (KHTML, like Gecko) Chrome/91.0.4472.124 Safari/537.36"
154.83.103.202 - - [14/Apr/2025:14:52:51 -0400] "GET /.env HTTP/1.1" 403 1242 "-" "Mozilla/5.0 (Windows NT 10.0; Win64; x64) AppleWebKit/537.36 (KHTML, like Gecko) Chrome/91.0.4472.124 Safari/537.36"
154.83.103.202 - - [14/Apr/2025:14:52:53 -0400] "GET /.env.backup HTTP/1.1" 403 1242 "-" "Mozilla/5.0 (Windows NT 10.0; Win64; x64) AppleWebKit/537.36 (KHTML, like Gecko) Chrome/91.0.4472.124 Safari/537.36"
154.83.103.202 - - [14/Apr/2025:14:52:54 -0400] "GET /.env.dev HTTP/1.1" 403 1242 "-" "Mozilla/5.0 (Windows NT 10.0; Win64; x64) AppleWebKit/537.36 (KHTML, like Gecko) Chrome/91.0.4472.124 Safari/537.36"
154.83.103.202 - - [14/Apr/2025:14:52:55 -0400] "GET /.env.example HTTP/1.1" 403 1242 "-" "Mozilla/5.0 (Windows NT 10.0; Win64; x64) AppleWebKit/537.36 (KHTML, like Gecko) Chrome/91.0.4472.124 Safari/537.36"
154.83.103.202 - - [14/Apr/2025:14:52:55 -0400] "GET /.env.local HTTP/1.1" 403 1242 "-" "Mozilla/5.0 (Windows NT 10.0; Win64; x64) AppleWebKit/537.36 (KHTML, like Gecko) Chrome/91.0.4472.124 Safari/537.36"
154.83.103.202 - - [14/Apr/2025:14:52:56 -0400] "GET /.env.prod HTTP/1.1" 403 1242 "-" "Mozilla/5.0 (Windows NT 10.0; Win64; x64) AppleWebKit/537.36 (KHTML, like Gecko) Chrome/91.0.4472.124 Safari/537.36"
154.83.103.202 - - [14/Apr/2025:14:52:58 -0400] "GET /.env.testing HTTP/1.1" 403 1242 "-" "Mozilla/5.0 (Windows NT 10.0; Win64; x64) AppleWebKit/537.36 (KHTML, like Gecko) Chrome/91.0.4472.124 Safari/537.36"
154.83.103.202 - - [14/Apr/2025:14:52:59 -0400] "GET /.firebaserc HTTP/1.1" 404 8709 "-" "Mozilla/5.0 (Windows NT 10.0; Win64; x64) AppleWebKit/537.36 (KHTML, like Gecko) Chrome/91.0.4472.124 Safari/537.36"
154.83.103.202 - - [14/Apr/2025:14:53:02 -0400] "GET /.git/ HTTP/1.1" 403 1242 "-" "Mozilla/5.0 (Windows NT 10.0; Win64; x64) AppleWebKit/537.36 (KHTML, like Gecko) Chrome/91.0.4472.124 Safari/537.36"
154.83.103.202 - - [14/Apr/2025:14:53:03 -0400] "GET /.git/HEAD HTTP/1.1" 403 1242 "-" "Mozilla/5.0 (Windows NT 10.0; Win64; x64) AppleWebKit/537.36 (KHTML, like Gecko) Chrome/91.0.4472.124 Safari/537.36"
154.83.103.202 - - [14/Apr/2025:14:53:05 -0400] "GET /.git/config HTTP/1.1" 403 1242 "-" "Mozilla/5.0 (Windows NT 10.0; Win64; x64) AppleWebKit/537.36 (KHTML, like Gecko) Chrome/91.0.4472.124 Safari/537.36"
154.83.103.202 - - [14/Apr/2025:14:53:07 -0400] "GET /.git/index HTTP/1.1" 403 1242 "-" "Mozilla/5.0 (Windows NT 10.0; Win64; x64) AppleWebKit/537.36 (KHTML, like Gecko) Chrome/91.0.4472.124 Safari/537.36"
154.83.103.202 - - [14/Apr/2025:14:53:08 -0400] "GET /.git/logs/HEAD HTTP/1.1" 403 1242 "-" "Mozilla/5.0 (Windows NT 10.0; Win64; x64) AppleWebKit/537.36 (KHTML, like Gecko) Chrome/91.0.4472.124 Safari/537.36"
154.83.103.202 - - [14/Apr/2025:14:53:10 -0400] "GET /.gitattributes HTTP/1.1" 404 8709 "-" "Mozilla/5.0 (Windows NT 10.0; Win64; x64) AppleWebKit/537.36 (KHTML, like Gecko) Chrome/91.0.4472.124 Safari/537.36"
198.54.114.83 - - [14/Apr/2025:14:53:13 -0400] "POST /wp-cron.php?doing_wp_cron=1744656790.3379130363464355468750 HTTP/1.1" 200 0 "-" "WordPress/6.7.2; https://fileluna.com"
154.83.103.202 - - [14/Apr/2025:14:53:14 -0400] "GET /.gitignore HTTP/1.1" 403 1242 "-" "Mozilla/5.0 (Windows NT 10.0; Win64; x64) AppleWebKit/537.36 (KHTML, like Gecko) Chrome/91.0.4472.124 Safari/537.36"
154.83.103.202 - - [14/Apr/2025:14:53:15 -0400] "GET /.gitmodules HTTP/1.1" 404 8709 "-" "Mozilla/5.0 (Windows NT 10.0; Win64; x64) AppleWebKit/537.36 (KHTML, like Gecko) Chrome/91.0.4472.124 Safari/537.36"
154.83.103.202 - - [14/Apr/2025:14:53:18 -0400] "GET /.hg/ HTTP/1.1" 403 1242 "-" "Mozilla/5.0 (Windows NT 10.0; Win64; x64) AppleWebKit/537.36 (KHTML, like Gecko) Chrome/91.0.4472.124 Safari/537.36"
154.83.103.202 - - [14/Apr/2025:14:53:18 -0400] "GET /.htaccess HTTP/1.1" 403 1242 "-" "Mozilla/5.0 (Windows NT 10.0; Win64; x64) AppleWebKit/537.36 (KHTML, like Gecko) Chrome/91.0.4472.124 Safari/537.36"
154.83.103.202 - - [14/Apr/2025:14:53:19 -0400] "GET /.htpasswd HTTP/1.1" 403 1242 "-" "Mozilla/5.0 (Windows NT 10.0; Win64; x64) AppleWebKit/537.36 (KHTML, like Gecko) Chrome/91.0.4472.124 Safari/537.36"
154.83.103.202 - - [14/Apr/2025:14:53:21 -0400] "GET /.idea/ HTTP/1.1" 404 8709 "-" "Mozilla/5.0 (Windows NT 10.0; Win64; x64) AppleWebKit/537.36 (KHTML, like Gecko) Chrome/91.0.4472.124 Safari/537.36"
154.83.103.202 - - [14/Apr/2025:14:53:24 -0400] "GET /.idea/.name HTTP/1.1" 404 8709 "-" "Mozilla/5.0 (Windows NT 10.0; Win64; x64) AppleWebKit/537.36 (KHTML, like Gecko) Chrome/91.0.4472.124 Safari/537.36"
154.83.103.202 - - [14/Apr/2025:14:53:27 -0400] "GET /.login HTTP/1.1" 404 8709 "-" "Mozilla/5.0 (Windows NT 10.0; Win64; x64) AppleWebKit/537.36 (KHTML, like Gecko) Chrome/91.0.4472.124 Safari/537.36"
154.83.103.202 - - [14/Apr/2025:14:53:28 -0400] "GET /.netrc HTTP/1.1" 404 8709 "-" "Mozilla/5.0 (Windows NT 10.0; Win64; x64) AppleWebKit/537.36 (KHTML, like Gecko) Chrome/91.0.4472.124 Safari/537.36"
154.83.103.202 - - [14/Apr/2025:14:53:31 -0400] "GET /.nginx.conf HTTP/1.1" 404 8709 "-" "Mozilla/5.0 (Windows NT 10.0; Win64; x64) AppleWebKit/537.36 (KHTML, like Gecko) Chrome/91.0.4472.124 Safari/537.36"
154.83.103.202 - - [14/Apr/2025:14:53:33 -0400] "GET /.npmrc HTTP/1.1" 404 8709 "-" "Mozilla/5.0 (Windows NT 10.0; Win64; x64) AppleWebKit/537.36 (KHTML, like Gecko) Chrome/91.0.4472.124 Safari/537.36"
154.83.103.202 - - [14/Apr/2025:14:53:36 -0400] "GET /.profile HTTP/1.1" 403 1242 "-" "Mozilla/5.0 (Windows NT 10.0; Win64; x64) AppleWebKit/537.36 (KHTML, like Gecko) Chrome/91.0.4472.124 Safari/537.36"
154.83.103.202 - - [14/Apr/2025:14:53:37 -0400] "GET /.ssh/config HTTP/1.1" 404 8709 "-" "Mozilla/5.0 (Windows NT 10.0; Win64; x64) AppleWebKit/537.36 (KHTML, like Gecko) Chrome/91.0.4472.124 Safari/537.36"
154.83.103.202 - - [14/Apr/2025:14:53:39 -0400] "GET /.ssh/id_rsa HTTP/1.1" 404 8709 "-" "Mozilla/5.0 (Windows NT 10.0; Win64; x64) AppleWebKit/537.36 (KHTML, like Gecko) Chrome/91.0.4472.124 Safari/537.36"
154.83.103.202 - - [14/Apr/2025:14:53:42 -0400] "GET /.ssh/id_rsa.pub HTTP/1.1" 404 8709 "-" "Mozilla/5.0 (Windows NT 10.0; Win64; x64) AppleWebKit/537.36 (KHTML, like Gecko) Chrome/91.0.4472.124 Safari/537.36"
154.83.103.202 - - [14/Apr/2025:14:53:44 -0400] "GET /.svn/ HTTP/1.1" 403 1242 "-" "Mozilla/5.0 (Windows NT 10.0; Win64; x64) AppleWebKit/537.36 (KHTML, like Gecko) Chrome/91.0.4472.124 Safari/537.36"
154.83.103.202 - - [14/Apr/2025:14:53:45 -0400] "GET /.user.ini HTTP/1.1" 404 8709 "-" "Mozilla/5.0 (Windows NT 10.0; Win64; x64) AppleWebKit/537.36 (KHTML, like Gecko) Chrome/91.0.4472.124 Safari/537.36"
154.83.103.202 - - [14/Apr/2025:14:53:47 -0400] "GET /.vscode/ HTTP/1.1" 404 8709 "-" "Mozilla/5.0 (Windows NT 10.0; Win64; x64) AppleWebKit/537.36 (KHTML, like Gecko) Chrome/91.0.4472.124 Safari/537.36"
154.83.103.202 - - [14/Apr/2025:14:53:50 -0400] "GET /.vscode/settings.json HTTP/1.1" 404 8709 "-" "Mozilla/5.0 (Windows NT 10.0; Win64; x64) AppleWebKit/537.36 (KHTML, like Gecko) Chrome/91.0.4472.124 Safari/537.36"
154.83.103.202 - - [14/Apr/2025:14:53:52 -0400] "GET /.well-known/security.txt HTTP/1.1" 404 8709 "-" "Mozilla/5.0 (Windows NT 10.0; Win64; x64) AppleWebKit/537.36 (KHTML, like Gecko) Chrome/91.0.4472.124 Safari/537.36"
154.83.103.202 - - [14/Apr/2025:14:53:56 -0400] "GET /.zshrc HTTP/1.1" 404 8709 "-" "Mozilla/5.0 (Windows NT 10.0; Win64; x64) AppleWebKit/537.36 (KHTML, like Gecko) Chrome/91.0.4472.124 Safari/537.36"
154.83.103.202 - - [14/Apr/2025:14:53:58 -0400] "GET /?file=../../../../../../etc/passwd HTTP/1.1" 403 1242 "-" "Mozilla/5.0 (Windows NT 10.0; Win64; x64) AppleWebKit/537.36 (KHTML, like Gecko) Chrome/91.0.4472.124 Safari/537.36"
154.83.103.202 - - [14/Apr/2025:14:53:58 -0400] "GET /?file=../../../../etc/passwd HTTP/1.1" 403 1242 "-" "Mozilla/5.0 (Windows NT 10.0; Win64; x64) AppleWebKit/537.36 (KHTML, like Gecko) Chrome/91.0.4472.124 Safari/537.36"
154.83.103.202 - - [14/Apr/2025:14:53:59 -0400] "GET /?inc=../../../../etc/passwd HTTP/1.1" 403 1242 "-" "Mozilla/5.0 (Windows NT 10.0; Win64; x64) AppleWebKit/537.36 (KHTML, like Gecko) Chrome/91.0.4472.124 Safari/537.36"
154.83.103.202 - - [14/Apr/2025:14:54:00 -0400] "GET /?include=../../../../etc/passwd HTTP/1.1" 403 1242 "-" "Mozilla/5.0 (Windows NT 10.0; Win64; x64) AppleWebKit/537.36 (KHTML, like Gecko) Chrome/91.0.4472.124 Safari/537.36"
154.83.103.202 - - [14/Apr/2025:14:54:01 -0400] "GET /?layout=../../../../etc/passwd HTTP/1.1" 403 1242 "-" "Mozilla/5.0 (Windows NT 10.0; Win64; x64) AppleWebKit/537.36 (KHTML, like Gecko) Chrome/91.0.4472.124 Safari/537.36"
154.83.103.202 - - [14/Apr/2025:14:54:02 -0400] "GET /?module=../../../../etc/passwd HTTP/1.1" 403 1242 "-" "Mozilla/5.0 (Windows NT 10.0; Win64; x64) AppleWebKit/537.36 (KHTML, like Gecko) Chrome/91.0.4472.124 Safari/537.36"
154.83.103.202 - - [14/Apr/2025:14:54:03 -0400] "GET /?page=../../../../etc/passwd HTTP/1.1" 403 1242 "-" "Mozilla/5.0 (Windows NT 10.0; Win64; x64) AppleWebKit/537.36 (KHTML, like Gecko) Chrome/91.0.4472.124 Safari/537.36"
154.83.103.202 - - [14/Apr/2025:14:54:04 -0400] "GET /?path=../../../../../../boot.ini HTTP/1.1" 403 1242 "-" "Mozilla/5.0 (Windows NT 10.0; Win64; x64) AppleWebKit/537.36 (KHTML, like Gecko) Chrome/91.0.4472.124 Safari/537.36"
154.83.103.202 - - [14/Apr/2025:14:54:05 -0400] "GET /?template=../../../../etc/passwd HTTP/1.1" 403 1242 "-" "Mozilla/5.0 (Windows NT 10.0; Win64; x64) AppleWebKit/537.36 (KHTML, like Gecko) Chrome/91.0.4472.124 Safari/537.36"
154.83.103.202 - - [14/Apr/2025:14:54:05 -0400] "GET /?view=../../../../etc/passwd HTTP/1.1" 403 1242 "-" "Mozilla/5.0 (Windows NT 10.0; Win64; x64) AppleWebKit/537.36 (KHTML, like Gecko) Chrome/91.0.4472.124 Safari/537.36"
154.83.103.202 - - [14/Apr/2025:14:54:06 -0400] "GET /Gemfile.lock HTTP/1.1" 404 8709 "-" "Mozilla/5.0 (Windows NT 10.0; Win64; x64) AppleWebKit/537.36 (KHTML, like Gecko) Chrome/91.0.4472.124 Safari/537.36"
198.54.114.83 - - [14/Apr/2025:14:54:12 -0400] "POST /wp-cron.php?doing_wp_cron=1744656851.2370638847351074218750 HTTP/1.1" 200 0 "-" "WordPress/6.7.2; https://fileluna.com"
154.83.103.202 - - [14/Apr/2025:14:54:11 -0400] "GET /Pipfile.lock HTTP/1.1" 404 8709 "-" "Mozilla/5.0 (Windows NT 10.0; Win64; x64) AppleWebKit/537.36 (KHTML, like Gecko) Chrome/91.0.4472.124 Safari/537.36"
154.83.103.202 - - [14/Apr/2025:14:54:13 -0400] "GET /Procfile HTTP/1.1" 404 8709 "-" "Mozilla/5.0 (Windows NT 10.0; Win64; x64) AppleWebKit/537.36 (KHTML, like Gecko) Chrome/91.0.4472.124 Safari/537.36"
154.83.103.202 - - [14/Apr/2025:14:54:16 -0400] "GET /Thumbs.db HTTP/1.1" 404 8709 "-" "Mozilla/5.0 (Windows NT 10.0; Win64; x64) AppleWebKit/537.36 (KHTML, like Gecko) Chrome/91.0.4472.124 Safari/537.36"
154.83.103.202 - - [14/Apr/2025:14:54:19 -0400] "GET /_debugbar HTTP/1.1" 404 8709 "-" "Mozilla/5.0 (Windows NT 10.0; Win64; x64) AppleWebKit/537.36 (KHTML, like Gecko) Chrome/91.0.4472.124 Safari/537.36"
154.83.103.202 - - [14/Apr/2025:14:54:22 -0400] "GET /access.log HTTP/1.1" 404 8709 "-" "Mozilla/5.0 (Windows NT 10.0; Win64; x64) AppleWebKit/537.36 (KHTML, like Gecko) Chrome/91.0.4472.124 Safari/537.36"
154.83.103.202 - - [14/Apr/2025:14:54:23 -0400] "GET /account HTTP/1.1" 404 8709 "-" "Mozilla/5.0 (Windows NT 10.0; Win64; x64) AppleWebKit/537.36 (KHTML, like Gecko) Chrome/91.0.4472.124 Safari/537.36"
154.83.103.202 - - [14/Apr/2025:14:54:25 -0400] "GET /actuator HTTP/1.1" 404 8709 "-" "Mozilla/5.0 (Windows NT 10.0; Win64; x64) AppleWebKit/537.36 (KHTML, like Gecko) Chrome/91.0.4472.124 Safari/537.36"
154.83.103.202 - - [14/Apr/2025:14:54:27 -0400] "GET /actuator/env HTTP/1.1" 404 8709 "-" "Mozilla/5.0 (Windows NT 10.0; Win64; x64) AppleWebKit/537.36 (KHTML, like Gecko) Chrome/91.0.4472.124 Safari/537.36"
154.83.103.202 - - [14/Apr/2025:14:54:28 -0400] "GET /actuator/health HTTP/1.1" 404 8709 "-" "Mozilla/5.0 (Windows NT 10.0; Win64; x64) AppleWebKit/537.36 (KHTML, like Gecko) Chrome/91.0.4472.124 Safari/537.36"
154.83.103.202 - - [14/Apr/2025:14:54:31 -0400] "GET /actuator/metrics HTTP/1.1" 404 8709 "-" "Mozilla/5.0 (Windows NT 10.0; Win64; x64) AppleWebKit/537.36 (KHTML, like Gecko) Chrome/91.0.4472.124 Safari/537.36"
154.83.103.202 - - [14/Apr/2025:14:54:35 -0400] "GET /admin HTTP/1.1" 302 0 "-" "Mozilla/5.0 (Windows NT 10.0; Win64; x64) AppleWebKit/537.36 (KHTML, like Gecko) Chrome/91.0.4472.124 Safari/537.36"
154.83.103.202 - - [14/Apr/2025:14:54:36 -0400] "GET /wp-admin/ HTTP/1.1" 302 0 "-" "Mozilla/5.0 (Windows NT 10.0; Win64; x64) AppleWebKit/537.36 (KHTML, like Gecko) Chrome/91.0.4472.124 Safari/537.36"
154.83.103.202 - - [14/Apr/2025:14:54:39 -0400] "GET /wp-login.php?redirect_to=https%3A%2F%2Ffileluna.com%2Fwp-admin%2F&reauth=1 HTTP/1.1" 200 1760 "-" "Mozilla/5.0 (Windows NT 10.0; Win64; x64) AppleWebKit/537.36 (KHTML, like Gecko) Chrome/91.0.4472.124 Safari/537.36"
154.83.103.202 - - [14/Apr/2025:14:54:40 -0400] "GET /admin-console HTTP/1.1" 404 8709 "-" "Mozilla/5.0 (Windows NT 10.0; Win64; x64) AppleWebKit/537.36 (KHTML, like Gecko) Chrome/91.0.4472.124 Safari/537.36"
154.83.103.202 - - [14/Apr/2025:14:54:42 -0400] "GET /admin.aspx HTTP/1.1" 404 8709 "-" "Mozilla/5.0 (Windows NT 10.0; Win64; x64) AppleWebKit/537.36 (KHTML, like Gecko) Chrome/91.0.4472.124 Safari/537.36"
154.83.103.202 - - [14/Apr/2025:14:54:44 -0400] "GET /admin.html HTTP/1.1" 404 8709 "-" "Mozilla/5.0 (Windows NT 10.0; Win64; x64) AppleWebKit/537.36 (KHTML, like Gecko) Chrome/91.0.4472.124 Safari/537.36"
154.83.103.202 - - [14/Apr/2025:14:54:46 -0400] "GET /admin.php HTTP/1.1" 404 8709 "-" "Mozilla/5.0 (Windows NT 10.0; Win64; x64) AppleWebKit/537.36 (KHTML, like Gecko) Chrome/91.0.4472.124 Safari/537.36"
154.83.103.202 - - [14/Apr/2025:14:54:48 -0400] "GET /admin/auth HTTP/1.1" 404 8709 "-" "Mozilla/5.0 (Windows NT 10.0; Win64; x64) AppleWebKit/537.36 (KHTML, like Gecko) Chrome/91.0.4472.124 Safari/537.36"
154.83.103.202 - - [14/Apr/2025:14:54:51 -0400] "GET /admin/install HTTP/1.1" 404 8709 "-" "Mozilla/5.0 (Windows NT 10.0; Win64; x64) AppleWebKit/537.36 (KHTML, like Gecko) Chrome/91.0.4472.124 Safari/537.36"
154.83.103.202 - - [14/Apr/2025:14:54:53 -0400] "GET /admin/login HTTP/1.1" 404 8709 "-" "Mozilla/5.0 (Windows NT 10.0; Win64; x64) AppleWebKit/537.36 (KHTML, like Gecko) Chrome/91.0.4472.124 Safari/537.36"
