2001:41d0:303:2bb3::1 - - [15/Apr/2025:21:24:36 -0400] "GET /the-culture-gift-certificate-discount/ HTTP/1.1" 200 11551 "-" "Mozilla/5.0 (compatible; MJ12bot/v1.4.8; http://mj12bot.com/)"
2001:41d0:303:2bb3::1 - - [15/Apr/2025:21:24:42 -0400] "GET /the-essence-of-moving-with-luneburgs-finest/ HTTP/1.1" 200 12021 "-" "Mozilla/5.0 (compatible; MJ12bot/v1.4.8; http://mj12bot.com/)"
2001:41d0:303:2bb3::1 - - [15/Apr/2025:21:24:47 -0400] "GET /the-evolution-and-appeal-of-online-casinos/ HTTP/1.1" 200 11736 "-" "Mozilla/5.0 (compatible; MJ12bot/v1.4.8; http://mj12bot.com/)"
2001:41d0:303:2bb3::1 - - [15/Apr/2025:21:24:54 -0400] "GET /the-rise-of-business-trip-massages/ HTTP/1.1" 200 12081 "-" "Mozilla/5.0 (compatible; MJ12bot/v1.4.8; http://mj12bot.com/)"
2001:41d0:303:2bb3::1 - - [15/Apr/2025:21:25:01 -0400] "GET /understanding-the-role-of-china-fire-water-pumps-in-modern-firefighting/ HTTP/1.1" 200 11631 "-" "Mozilla/5.0 (compatible; MJ12bot/v1.4.8; http://mj12bot.com/)"
198.54.114.83 - - [15/Apr/2025:21:25:15 -0400] "POST /wp-cron.php?doing_wp_cron=1744766713.2268579006195068359375 HTTP/1.1" 200 0 "-" "WordPress/6.7.2; https://fileluna.com"
2001:41d0:303:2bb3::1 - - [15/Apr/2025:21:25:12 -0400] "GET /unlock-the-gift-of-culture-with-discounted-certificates/ HTTP/1.1" 200 11755 "-" "Mozilla/5.0 (compatible; MJ12bot/v1.4.8; http://mj12bot.com/)"
162.0.235.2 - - [15/Apr/2025:21:29:22 -0400] "POST /wp-login.php HTTP/1.1" 200 1894 "https://fileluna.com" "Mozilla/5.0 (Macintosh; Intel Mac OS X 13_3) AppleWebKit/537.36 (KHTML, like Gecko) Chrome/126.0.0.0 Safari/537.36"
198.54.114.83 - - [15/Apr/2025:21:29:30 -0400] "POST /wp-cron.php?doing_wp_cron=1744766968.1646139621734619140625 HTTP/1.1" 200 0 "-" "WordPress/6.7.2; https://fileluna.com"
2a00:6800:3:78a::1 - - [15/Apr/2025:21:33:07 -0400] "GET / HTTP/1.1" 200 12524 "-" "Mozilla/5.0 (Windows NT 10.0; Win64; x64) AppleWebKit/537.36 (KHTML, like Gecko) Chrome/91.0.4472.114 Safari/537.36 Edg/91.0.864.54"
114.119.132.163 - - [15/Apr/2025:21:40:46 -0400] "GET /page/29/ HTTP/1.1" 200 12786 "https://fileluna.com/page/32/" "Mozilla/5.0 (Linux; Android 7.0;) AppleWebKit/537.36 (KHTML, like Gecko) Mobile Safari/537.36 (compatible; PetalBot;+https://webmaster.petalsearch.com/site/petalbot)"
198.54.114.83 - - [15/Apr/2025:21:41:38 -0400] "POST /wp-cron.php?doing_wp_cron=1744767697.6544840335845947265625 HTTP/1.1" 200 0 "-" "WordPress/6.7.2; https://fileluna.com"
116.204.78.140 - - [15/Apr/2025:21:41:33 -0400] "POST /wp-login.php HTTP/1.1" 200 1894 "https://fileluna.com" "Mozilla/5.0 (Macintosh; Intel Mac OS X 13_3) AppleWebKit/537.36 (KHTML, like Gecko) Chrome/126.0.0.0 Safari/537.36 Edg/126.0.0.0"
196.251.72.46 - - [15/Apr/2025:21:42:09 -0400] "GET /wp-content/plugins/WordPressCore/include.php HTTP/1.1" 404 8709 "-" "Mozlila/5.0 (Linux; Android 7.0; SM-G892A Bulid/NRD90M; wv) AppleWebKit/537.36 (KHTML, like Gecko) Version/4.0 Chrome/60.0.3112.107 Moblie Safari/537.36"
196.251.72.46 - - [15/Apr/2025:21:42:17 -0400] "GET /wp-content/plugins/WordPressCore/include.php HTTP/1.1" 404 8709 "-" "Mozlila/5.0 (Linux; Android 7.0; SM-G892A Bulid/NRD90M; wv) AppleWebKit/537.36 (KHTML, like Gecko) Version/4.0 Chrome/60.0.3112.107 Moblie Safari/537.36"
216.244.66.246 - - [15/Apr/2025:21:44:14 -0400] "GET /robots.txt HTTP/1.1" 304 0 "-" "Mozilla/5.0 (compatible; DotBot/1.2; +https://opensiteexplorer.org/dotbot; help@moz.com)"
212.34.140.200 - - [15/Apr/2025:21:58:01 -0400] "GET / HTTP/1.1" 200 12524 "-" "Mozilla/5.0 (Macintosh; Intel Mac OS X 10_15_7) AppleWebKit/537.36 (KHTML, like Gecko) Chrome/133.0.0.0 Safari/537.36"
212.34.140.200 - - [15/Apr/2025:21:58:03 -0400] "GET /comments/feed/ HTTP/1.1" 200 363 "-" "Mozilla/5.0 (Macintosh; Intel Mac OS X 10_15_7) AppleWebKit/537.36 (KHTML, like Gecko) Chrome/133.0.0.0 Safari/537.36"
212.34.140.200 - - [15/Apr/2025:21:58:06 -0400] "GET /category/shopping-product-reviews/ HTTP/1.1" 200 9439 "-" "Mozilla/5.0 (Macintosh; Intel Mac OS X 10_15_7) AppleWebKit/537.36 (KHTML, like Gecko) Chrome/133.0.0.0 Safari/537.36"
212.34.140.200 - - [15/Apr/2025:21:58:08 -0400] "GET /category/shopping-product-reviews/feed/ HTTP/1.1" 200 457 "-" "Mozilla/5.0 (Macintosh; Intel Mac OS X 10_15_7) AppleWebKit/537.36 (KHTML, like Gecko) Chrome/133.0.0.0 Safari/537.36"
212.34.140.200 - - [15/Apr/2025:21:58:11 -0400] "GET /category/technology/ HTTP/1.1" 200 9426 "-" "Mozilla/5.0 (Macintosh; Intel Mac OS X 10_15_7) AppleWebKit/537.36 (KHTML, like Gecko) Chrome/133.0.0.0 Safari/537.36"
212.34.140.200 - - [15/Apr/2025:21:58:13 -0400] "GET /category/technology/feed/ HTTP/1.1" 200 430 "-" "Mozilla/5.0 (Macintosh; Intel Mac OS X 10_15_7) AppleWebKit/537.36 (KHTML, like Gecko) Chrome/133.0.0.0 Safari/537.36"
198.54.114.83 - - [15/Apr/2025:22:04:56 -0400] "POST /wp-cron.php?doing_wp_cron=1744769095.6985819339752197265625 HTTP/1.1" 200 0 "-" "WordPress/6.7.2; https://fileluna.com"
198.54.114.83 - - [15/Apr/2025:22:04:58 -0400] "POST /wp-admin/admin-ajax.php?action=async_litespeed&nonce=xWK5keFaEcZskFnrfXG0Ei8bJal2obBu&litespeed_type=imgoptm HTTP/1.1" 200 0 "-" "WordPress/6.7.2; https://fileluna.com"
114.119.137.80 - - [15/Apr/2025:22:04:51 -0400] "GET /page/47/ HTTP/1.1" 200 12985 "https://fileluna.com/page/49/" "Mozilla/5.0 (Linux; Android 7.0;) AppleWebKit/537.36 (KHTML, like Gecko) Mobile Safari/537.36 (compatible; PetalBot;+https://webmaster.petalsearch.com/site/petalbot)"
134.209.104.76 - - [15/Apr/2025:22:06:01 -0400] "POST /wp-login.php HTTP/1.1" 200 1894 "https://fileluna.com" "Mozilla/5.0 (Macintosh; Intel Mac OS X 10_15_7; rv:126.0) Gecko/20100101 Firefox/126.0"
198.54.114.83 - - [15/Apr/2025:22:06:04 -0400] "POST /wp-cron.php?doing_wp_cron=1744769162.2367389202117919921875 HTTP/1.1" 200 0 "-" "WordPress/6.7.2; https://fileluna.com"
198.54.114.83 - - [15/Apr/2025:22:18:59 -0400] "POST /wp-cron.php?doing_wp_cron=1744769938.8262310028076171875000 HTTP/1.1" 200 0 "-" "WordPress/6.7.2; https://fileluna.com"
2a02:c207:2022:7197::1 - - [15/Apr/2025:22:18:54 -0400] "POST /wp-login.php HTTP/1.1" 200 1894 "https://fileluna.com" "Mozilla/5.0 (Macintosh; Intel Mac OS X 10_15_7) AppleWebKit/537.36 (KHTML, like Gecko) Chrome/126.0.0.0 Safari/537.36"
93.123.109.7 - - [15/Apr/2025:22:24:33 -0400] "GET /.git/config HTTP/1.1" 403 1242 "-" "Mozilla/5.0 (Windows NT 10.0; WOW64; Trident/7.0; MATBJS; rv:11.0) like Gecko"
93.123.109.7 - - [15/Apr/2025:22:24:34 -0400] "GET /.git/config HTTP/1.1" 403 1242 "-" "Mozilla/5.0 (X11; Linux x86_64) AppleWebKit/537.4 (KHTML like Gecko) Chrome/22.0.1229.56 Safari/537.4"
198.54.114.83 - - [15/Apr/2025:22:26:04 -0400] "POST /wp-cron.php?doing_wp_cron=1744770362.3852260112762451171875 HTTP/1.1" 200 0 "-" "WordPress/6.7.2; https://fileluna.com"
114.119.148.27 - - [15/Apr/2025:22:25:58 -0400] "GET /author/admin/page/8/ HTTP/1.1" 200 11176 "https://fileluna.com/author/admin/page/7/" "Mozilla/5.0 (Linux; Android 7.0;) AppleWebKit/537.36 (KHTML, like Gecko) Mobile Safari/537.36 (compatible; PetalBot;+https://webmaster.petalsearch.com/site/petalbot)"
198.54.114.83 - - [15/Apr/2025:22:27:59 -0400] "POST /wp-cron.php?doing_wp_cron=1744770478.2341189384460449218750 HTTP/1.1" 200 0 "-" "WordPress/6.7.2; https://fileluna.com"
114.119.132.228 - - [15/Apr/2025:22:27:53 -0400] "GET /a-premier-gaming-experience/ HTTP/1.1" 200 11637 "https://fileluna.com/2024/page/24/" "Mozilla/5.0 (Linux; Android 7.0;) AppleWebKit/537.36 (KHTML, like Gecko) Mobile Safari/537.36 (compatible; PetalBot;+https://webmaster.petalsearch.com/site/petalbot)"
198.54.114.83 - - [15/Apr/2025:22:28:00 -0400] "POST /wp-admin/admin-ajax.php?action=async_litespeed&nonce=Od8O0LAMs0NqhfmB4XnH2eJ1oFErtG41&litespeed_type=imgoptm HTTP/1.1" 200 0 "-" "WordPress/6.7.2; https://fileluna.com"
216.244.66.246 - - [15/Apr/2025:22:28:46 -0400] "GET /robots.txt HTTP/1.1" 200 61 "-" "Mozilla/5.0 (compatible; DotBot/1.2; +https://opensiteexplorer.org/dotbot; help@moz.com)"
198.54.114.83 - - [15/Apr/2025:22:31:56 -0400] "POST /wp-cron.php?doing_wp_cron=1744770714.5434041023254394531250 HTTP/1.1" 200 0 "-" "WordPress/6.7.2; https://fileluna.com"
48.217.90.135 - - [15/Apr/2025:22:31:47 -0400] "POST /wp-login.php HTTP/1.1" 200 1894 "https://fileluna.com" "Mozilla/5.0 (Windows NT 11.0; Win64; x64) AppleWebKit/537.36 (KHTML, like Gecko) Chrome/126.0.0.0 Safari/537.36 Edg/126.0.0.0"
2001:df4:40c0:68d8::1 - - [15/Apr/2025:22:36:16 -0400] "GET /wp-login.php HTTP/1.1" 200 1759 "-" "GRequests/0.10"
198.54.114.83 - - [15/Apr/2025:22:36:23 -0400] "POST /wp-cron.php?doing_wp_cron=1744770982.4580850601196289062500 HTTP/1.1" 200 0 "-" "WordPress/6.7.2; https://fileluna.com"
2001:df4:40c0:68d8::1 - - [15/Apr/2025:22:36:17 -0400] "POST /wp-login.php HTTP/1.1" 200 1897 "-" "GRequests/0.10"
198.54.114.83 - - [15/Apr/2025:22:36:25 -0400] "POST /wp-admin/admin-ajax.php?action=async_litespeed&nonce=9LnPa1E25T1FFdwXo4qyzV9psk4YjuQr&litespeed_type=imgoptm HTTP/1.1" 200 0 "-" "WordPress/6.7.2; https://fileluna.com"
198.54.114.83 - - [15/Apr/2025:22:44:44 -0400] "POST /wp-cron.php?doing_wp_cron=1744771484.2179999351501464843750 HTTP/1.1" 200 0 "-" "WordPress/6.7.2; https://fileluna.com"
199.188.201.172 - - [15/Apr/2025:22:44:39 -0400] "POST /wp-login.php HTTP/1.1" 200 1894 "https://fileluna.com" "Mozilla/5.0 (Windows NT 10.0; Win64; x64) AppleWebKit/537.36 (KHTML, like Gecko) Chrome/116.0.5845.96 Safari/537.36"
198.54.114.83 - - [15/Apr/2025:22:44:45 -0400] "POST /wp-admin/admin-ajax.php?action=async_litespeed&nonce=IpoZEyusskSU1nL7P5mRP9LYnrpgl9QE&litespeed_type=imgoptm HTTP/1.1" 200 5 "-" "WordPress/6.7.2; https://fileluna.com"
111.246.145.3 - - [15/Apr/2025:22:47:38 -0400] "GET / HTTP/1.1" 200 12524 "https://fileluna.com/" "Mozilla/5.0 (Windows NT 6.1; WOW64) AppleWebKit/537.36 (KHTML, like Gecko) Chrome/33.0.4725.288 Safari/537.36"
198.54.114.83 - - [15/Apr/2025:22:55:28 -0400] "POST /wp-cron.php?doing_wp_cron=1744772127.4504439830780029296875 HTTP/1.1" 200 0 "-" "WordPress/6.7.2; https://fileluna.com"
198.54.114.83 - - [15/Apr/2025:22:55:28 -0400] "POST /wp-admin/admin-ajax.php?action=async_litespeed&nonce=Kg00RXDndw29BEpnfMnZOB9hDyZAHRkT&litespeed_type=imgoptm HTTP/1.1" 200 0 "-" "WordPress/6.7.2; https://fileluna.com"
114.119.129.198 - - [15/Apr/2025:22:55:22 -0400] "GET /category/real-estate/ HTTP/1.1" 200 9457 "https://fileluna.com/category/shopping-product-reviews/" "Mozilla/5.0 (Linux; Android 7.0;) AppleWebKit/537.36 (KHTML, like Gecko) Mobile Safari/537.36 (compatible; PetalBot;+https://webmaster.petalsearch.com/site/petalbot)"
198.54.114.83 - - [15/Apr/2025:22:57:18 -0400] "POST /wp-cron.php?doing_wp_cron=1744772237.9562659263610839843750 HTTP/1.1" 200 0 "-" "WordPress/6.7.2; https://fileluna.com"
198.54.114.83 - - [15/Apr/2025:22:57:19 -0400] "POST /wp-admin/admin-ajax.php?action=async_litespeed&nonce=QsUPYjBFWzvqdonZaH56CeYzGIhLs1Hz&litespeed_type=imgoptm HTTP/1.1" 200 5 "-" "WordPress/6.7.2; https://fileluna.com"
114.119.148.27 - - [15/Apr/2025:22:57:16 -0400] "GET /author/admin/page/33/ HTTP/1.1" 200 11256 "https://fileluna.com/author/admin/page/35/" "Mozilla/5.0 (Linux; Android 7.0;) AppleWebKit/537.36 (KHTML, like Gecko) Mobile Safari/537.36 (compatible; PetalBot;+https://webmaster.petalsearch.com/site/petalbot)"
164.92.175.159 - - [15/Apr/2025:22:57:38 -0400] "POST /wp-login.php HTTP/1.1" 200 1894 "https://fileluna.com" "Mozilla/5.0 (Macintosh; Intel Mac OS X 10_15_7) AppleWebKit/537.36 (KHTML, like Gecko) Chrome/115.0.5790.102 Safari/537.36"
198.54.114.83 - - [15/Apr/2025:22:59:15 -0400] "POST /wp-cron.php?doing_wp_cron=1744772354.6029760837554931640625 HTTP/1.1" 200 0 "-" "WordPress/6.7.2; https://fileluna.com"
198.54.114.83 - - [15/Apr/2025:22:59:16 -0400] "POST /wp-admin/admin-ajax.php?action=async_litespeed&nonce=tnGigmCQFvZviM27bQwyGQWlFE0XsSVT&litespeed_type=imgoptm HTTP/1.1" 200 0 "-" "WordPress/6.7.2; https://fileluna.com"
114.119.137.80 - - [15/Apr/2025:22:59:12 -0400] "GET /author/admin/page/15/ HTTP/1.1" 200 11150 "https://fileluna.com/author/admin/page/12/" "Mozilla/5.0 (Linux; Android 7.0;) AppleWebKit/537.36 (KHTML, like Gecko) Mobile Safari/537.36 (compatible; PetalBot;+https://webmaster.petalsearch.com/site/petalbot)"
109.123.236.97 - - [15/Apr/2025:23:09:28 -0400] "GET /wp-login.php HTTP/1.1" 200 1759 "-" "GRequests/0.10"
198.54.114.83 - - [15/Apr/2025:23:09:35 -0400] "POST /wp-cron.php?doing_wp_cron=1744772974.8302829265594482421875 HTTP/1.1" 200 0 "-" "WordPress/6.7.2; https://fileluna.com"
109.123.236.97 - - [15/Apr/2025:23:09:31 -0400] "POST /wp-login.php HTTP/1.1" 200 1901 "-" "GRequests/0.10"
198.54.114.83 - - [15/Apr/2025:23:09:38 -0400] "POST /wp-admin/admin-ajax.php?action=async_litespeed&nonce=KOTLPm1mh5qkZFKN91IR6tSnmQSekmZY&litespeed_type=imgoptm HTTP/1.1" 200 0 "-" "WordPress/6.7.2; https://fileluna.com"
198.54.114.83 - - [15/Apr/2025:23:10:38 -0400] "POST /wp-cron.php?doing_wp_cron=1744773037.4298970699310302734375 HTTP/1.1" 200 0 "-" "WordPress/6.7.2; https://fileluna.com"
195.7.5.237 - - [15/Apr/2025:23:10:36 -0400] "POST /wp-login.php HTTP/1.1" 200 1894 "https://fileluna.com" "Mozilla/5.0 (Windows NT 10.0; Win64; x64) AppleWebKit/537.36 (KHTML, like Gecko) Chrome/115.0.5790.171 Safari/537.36 Edg/115.0.1901.203"
2001:df4:40c0:68d8::1 - - [15/Apr/2025:23:11:06 -0400] "GET /wp-login.php HTTP/1.1" 200 1759 "-" "GRequests/0.10"
2001:df4:40c0:68d8::1 - - [15/Apr/2025:23:11:07 -0400] "POST /wp-login.php HTTP/1.1" 200 1897 "-" "GRequests/0.10"
216.244.66.246 - - [15/Apr/2025:23:12:23 -0400] "GET /robots.txt HTTP/1.1" 304 0 "-" "Mozilla/5.0 (compatible; DotBot/1.2; +https://opensiteexplorer.org/dotbot; help@moz.com)"
198.54.114.83 - - [15/Apr/2025:23:13:27 -0400] "POST /wp-cron.php?doing_wp_cron=1744773206.2245180606842041015625 HTTP/1.1" 200 0 "-" "WordPress/6.7.2; https://fileluna.com"
198.54.114.83 - - [15/Apr/2025:23:13:28 -0400] "POST /wp-admin/admin-ajax.php?action=async_litespeed&nonce=it9XZib0dCiZqITARdrtD8QSHMF3vxID&litespeed_type=imgoptm HTTP/1.1" 200 0 "-" "WordPress/6.7.2; https://fileluna.com"
89.248.172.183 - - [15/Apr/2025:23:13:22 -0400] "GET /wp-content/plugins/instant-appointment/assets/css/bootstrap-icons.min.css HTTP/1.1" 404 8709 "-" "Mozilla/5.0 (Windows NT 10.0; Win64; x64) AppleWebKit/537.36 (KHTML, like Gecko) Chrome/122.0.0.0 Safari/537.36"
188.166.215.239 - - [15/Apr/2025:23:18:52 -0400] "GET / HTTP/1.1" 200 12524 "-" "Mozilla/5.0 (Windows NT 10.0; Win64; x64) AppleWebKit/537.36 (KHTML, like Gecko) Chrome/78.0.3904.108 Safari/537.36"
188.166.215.239 - - [15/Apr/2025:23:18:56 -0400] "GET //wp-includes/wlwmanifest.xml HTTP/1.1" 301 0 "-" "Mozilla/5.0 (Windows NT 10.0; Win64; x64) AppleWebKit/537.36 (KHTML, like Gecko) Chrome/78.0.3904.108 Safari/537.36"
198.54.114.83 - - [15/Apr/2025:23:19:06 -0400] "POST /wp-cron.php?doing_wp_cron=1744773541.9876599311828613281250 HTTP/1.1" 200 0 "-" "WordPress/6.7.2; https://fileluna.com"
188.166.215.239 - - [15/Apr/2025:23:19:07 -0400] "GET / HTTP/1.1" 200 12524 "-" "Mozilla/5.0 (Windows NT 10.0; Win64; x64) AppleWebKit/537.36 (KHTML, like Gecko) Chrome/78.0.3904.108 Safari/537.36"
188.166.215.239 - - [15/Apr/2025:23:19:09 -0400] "GET //?author=1 HTTP/1.1" 301 0 "-" "Mozilla/5.0 (Windows NT 10.0; Win64; x64) AppleWebKit/537.36 (KHTML, like Gecko) Chrome/78.0.3904.108 Safari/537.36"
188.166.215.239 - - [15/Apr/2025:23:19:12 -0400] "GET //?author=2 HTTP/1.1" 301 0 "-" "Mozilla/5.0 (Windows NT 10.0; Win64; x64) AppleWebKit/537.36 (KHTML, like Gecko) Chrome/78.0.3904.108 Safari/537.36"
188.166.215.239 - - [15/Apr/2025:23:19:16 -0400] "GET //wp-json/wp/v2/users/ HTTP/1.1" 200 1236 "-" "Mozilla/5.0 (Windows NT 10.0; Win64; x64) AppleWebKit/537.36 (KHTML, like Gecko) Chrome/78.0.3904.108 Safari/537.36"
114.119.148.27 - - [15/Apr/2025:23:19:42 -0400] "GET /umzug-in-luneburg-diese-umzugsfirmen-bieten-den-besten-service/ HTTP/1.1" 200 12258 "https://fileluna.com/2024/11/page/4/" "Mozilla/5.0 (Linux; Android 7.0;) AppleWebKit/537.36 (KHTML, like Gecko) Mobile Safari/537.36 (compatible; PetalBot;+https://webmaster.petalsearch.com/site/petalbot)"
196.251.71.124 - - [15/Apr/2025:23:20:33 -0400] "GET / HTTP/1.1" 200 12524 "-" "-"
198.54.114.83 - - [15/Apr/2025:23:20:37 -0400] "POST /wp-cron.php?doing_wp_cron=1744773635.9389860630035400390625 HTTP/1.1" 200 0 "-" "WordPress/6.7.2; https://fileluna.com"
196.251.71.124 - - [15/Apr/2025:23:20:34 -0400] "GET /wp-admin/install.php HTTP/1.1" 200 435 "-" "-"
196.251.71.124 - - [15/Apr/2025:23:20:38 -0400] "GET /wp-admin/setup-config.php HTTP/1.1" 409 1041 "-" "-"
198.54.114.83 - - [15/Apr/2025:23:21:41 -0400] "POST /wp-cron.php?doing_wp_cron=1744773699.5266370773315429687500 HTTP/1.1" 200 0 "-" "WordPress/6.7.2; https://fileluna.com"
114.119.149.81 - - [15/Apr/2025:23:21:38 -0400] "GET /the-rise-of-video-slots-in-online-gaming/ HTTP/1.1" 200 11730 "https://fileluna.com/2024/11/page/9/" "Mozilla/5.0 (Linux; Android 7.0;) AppleWebKit/537.36 (KHTML, like Gecko) Mobile Safari/537.36 (compatible; PetalBot;+https://webmaster.petalsearch.com/site/petalbot)"
198.54.114.83 - - [15/Apr/2025:23:23:34 -0400] "POST /wp-cron.php?doing_wp_cron=1744773813.7606880664825439453125 HTTP/1.1" 200 0 "-" "WordPress/6.7.2; https://fileluna.com"
114.119.129.34 - - [15/Apr/2025:23:23:30 -0400] "GET /seamless-communication-with-virtual-answering-services/ HTTP/1.1" 200 11848 "https://fileluna.com/2024/page/3/" "Mozilla/5.0 (Linux; Android 7.0;) AppleWebKit/537.36 (KHTML, like Gecko) Mobile Safari/537.36 (compatible; PetalBot;+https://webmaster.petalsearch.com/site/petalbot)"
2001:df4:40c0:68d8::1 - - [16/Apr/2025:00:02:43 -0400] "GET /wp-login.php HTTP/1.1" 200 1759 "-" "GRequests/0.10"
198.54.114.98 - - [16/Apr/2025:00:02:50 -0400] "POST /wp-login.php HTTP/1.1" 200 1894 "https://fileluna.com" "Mozilla/5.0 (Windows NT 10.0; Win64; x64; rv:129.0) Gecko/20100101 Firefox/129.0"
2001:df4:40c0:68d8::1 - - [16/Apr/2025:00:02:45 -0400] "POST /wp-login.php HTTP/1.1" 200 1897 "-" "GRequests/0.10"
198.54.114.83 - - [16/Apr/2025:00:02:52 -0400] "POST /wp-cron.php?doing_wp_cron=1744776169.8390159606933593750000 HTTP/1.1" 200 0 "-" "WordPress/6.7.2; https://fileluna.com"
198.54.114.83 - - [15/Apr/2025:23:23:37 -0400] "POST /wp-admin/admin-ajax.php?action=async_litespeed&nonce=t5embQcOOlYZb85fWjMYSZHn50fq7d1b&litespeed_type=imgoptm HTTP/1.1" 200 0 "-" "WordPress/6.7.2; https://fileluna.com"
162.0.235.2 - - [15/Apr/2025:23:23:40 -0400] "POST /wp-login.php HTTP/1.1" 200 1894 "https://fileluna.com" "Mozilla/5.0 (Windows NT 10.0; Win64; x64; rv:127.0) Gecko/20100101 Firefox/127.0"
198.54.114.83 - - [15/Apr/2025:23:25:29 -0400] "POST /wp-cron.php?doing_wp_cron=1744773929.1445119380950927734375 HTTP/1.1" 200 0 "-" "WordPress/6.7.2; https://fileluna.com"
198.54.114.83 - - [15/Apr/2025:23:25:30 -0400] "POST /wp-admin/admin-ajax.php?action=async_litespeed&nonce=Ie4U9TY0DSqQ7zwD3bggjD6WsLOYyrZw&litespeed_type=imgoptm HTTP/1.1" 200 0 "-" "WordPress/6.7.2; https://fileluna.com"
114.119.137.80 - - [15/Apr/2025:23:25:27 -0400] "GET /author/admin/page/25/ HTTP/1.1" 200 11158 "https://fileluna.com/author/admin/page/26/" "Mozilla/5.0 (Linux; Android 7.0;) AppleWebKit/537.36 (KHTML, like Gecko) Mobile Safari/537.36 (compatible; PetalBot;+https://webmaster.petalsearch.com/site/petalbot)"
198.54.114.83 - - [15/Apr/2025:23:36:46 -0400] "POST /wp-cron.php?doing_wp_cron=1744774604.7892160415649414062500 HTTP/1.1" 200 0 "-" "WordPress/6.7.2; https://fileluna.com"
91.238.162.8 - - [15/Apr/2025:23:36:39 -0400] "POST /wp-login.php HTTP/1.1" 200 1894 "https://fileluna.com" "Mozilla/5.0 (Windows NT 10.0; Win64; x64) AppleWebKit/537.36 (KHTML, like Gecko) Chrome/112.0.5615.138 Safari/537.36"
198.54.114.83 - - [15/Apr/2025:23:41:21 -0400] "POST /wp-cron.php?doing_wp_cron=1744774880.9470739364624023437500 HTTP/1.1" 200 0 "-" "WordPress/6.7.2; https://fileluna.com"
198.54.114.83 - - [15/Apr/2025:23:41:23 -0400] "POST /wp-admin/admin-ajax.php?action=async_litespeed&nonce=IV51mmCPskij6D1fA7PQRFXaUbq7x8UF&litespeed_type=imgoptm HTTP/1.1" 200 0 "-" "WordPress/6.7.2; https://fileluna.com"
114.119.154.229 - - [15/Apr/2025:23:41:15 -0400] "GET /mastering-speed-the-importance-of-typing-test-wpm/ HTTP/1.1" 200 11530 "https://fileluna.com/author/admin/page/24/" "Mozilla/5.0 (Linux; Android 7.0;) AppleWebKit/537.36 (KHTML, like Gecko) Mobile Safari/537.36 (compatible; PetalBot;+https://webmaster.petalsearch.com/site/petalbot)"
2001:df4:40c0:68d8::1 - - [15/Apr/2025:23:42:58 -0400] "GET /wp-login.php HTTP/1.1" 200 1759 "-" "GRequests/0.10"
2001:df4:40c0:68d8::1 - - [15/Apr/2025:23:43:00 -0400] "POST /wp-login.php HTTP/1.1" 200 1901 "-" "GRequests/0.10"
198.54.114.83 - - [15/Apr/2025:23:43:07 -0400] "POST /wp-cron.php?doing_wp_cron=1744774984.8609669208526611328125 HTTP/1.1" 200 0 "-" "WordPress/6.7.2; https://fileluna.com"
198.54.114.83 - - [15/Apr/2025:23:49:52 -0400] "POST /wp-cron.php?doing_wp_cron=1744775392.3778190612792968750000 HTTP/1.1" 200 0 "-" "WordPress/6.7.2; https://fileluna.com"
2a03:b0c0:1:e0::550:4001 - - [15/Apr/2025:23:49:47 -0400] "POST /wp-login.php HTTP/1.1" 200 1894 "https://fileluna.com" "Mozilla/5.0 (Macintosh; Intel Mac OS X 10.15; rv:126.0) Gecko/20100101 Firefox/126.0"
198.54.114.83 - - [15/Apr/2025:23:49:55 -0400] "POST /wp-admin/admin-ajax.php?action=async_litespeed&nonce=f7H2mDWNMXOj1cwiX9rCpHrs9xfvJRc1&litespeed_type=imgoptm HTTP/1.1" 200 0 "-" "WordPress/6.7.2; https://fileluna.com"
192.249.117.240 - - [16/Apr/2025:00:16:02 -0400] "POST /wp-login.php HTTP/1.1" 200 0 "https://fileluna.com" "Mozilla/5.0 (Macintosh; Intel Mac OS X 10_15_7; rv:127.0) Gecko/20100101 Firefox/127.0"
198.54.114.83 - - [16/Apr/2025:00:16:11 -0400] "POST /wp-cron.php?doing_wp_cron=1744776969.7401299476623535156250 HTTP/1.1" 200 0 "-" "WordPress/6.7.2; https://fileluna.com"
198.54.114.83 - - [16/Apr/2025:00:18:30 -0400] "POST /wp-cron.php?doing_wp_cron=1744777109.5194230079650878906250 HTTP/1.1" 200 0 "-" "WordPress/6.7.2; https://fileluna.com"
198.54.114.83 - - [16/Apr/2025:00:18:31 -0400] "POST /wp-admin/admin-ajax.php?action=async_litespeed&nonce=Fy9l8Ney1lkTDMt8TT2yczyb02ATdVQe&litespeed_type=imgoptm HTTP/1.1" 200 0 "-" "WordPress/6.7.2; https://fileluna.com"
52.169.85.234 - - [16/Apr/2025:00:18:25 -0400] "GET /403.php HTTP/1.1" 404 8709 "-" "-"
52.169.85.234 - - [16/Apr/2025:00:18:34 -0400] "GET /content.php HTTP/1.1" 404 8709 "-" "-"
52.169.85.234 - - [16/Apr/2025:00:18:38 -0400] "GET /wp-content/plugins/not/includes/about.php HTTP/1.1" 404 8709 "-" "-"
52.169.85.234 - - [16/Apr/2025:00:18:43 -0400] "GET /wp-content/plugins/simple/simple.php HTTP/1.1" 404 8709 "-" "-"
52.169.85.234 - - [16/Apr/2025:00:18:48 -0400] "GET /wp-content/plugins/wp-theme-editor/include.php HTTP/1.1" 404 8709 "-" "-"
52.169.85.234 - - [16/Apr/2025:00:18:52 -0400] "GET /wp-content/themes/aahana/json.php HTTP/1.1" 404 8709 "-" "-"
52.169.85.234 - - [16/Apr/2025:00:18:55 -0400] "GET /admin.php HTTP/1.1" 404 8709 "-" "-"
52.169.85.234 - - [16/Apr/2025:00:19:00 -0400] "GET /wp-content/plugins/awesome-coming-soon/come.php HTTP/1.1" 404 8709 "-" "-"
52.169.85.234 - - [16/Apr/2025:00:19:04 -0400] "GET /wp-content/plugins/wp-conflg.php HTTP/1.1" 404 8709 "-" "-"
198.54.114.83 - - [16/Apr/2025:00:19:07 -0400] "POST /wp-cron.php?doing_wp_cron=1744777145.3288030624389648437500 HTTP/1.1" 200 0 "-" "WordPress/6.7.2; https://fileluna.com"
52.169.85.234 - - [16/Apr/2025:00:19:10 -0400] "GET /berlin.php HTTP/1.1" 404 8709 "-" "-"
52.169.85.234 - - [16/Apr/2025:00:19:15 -0400] "GET /wp-includes/Requests/about.php HTTP/1.1" 404 8709 "-" "-"
52.169.85.234 - - [16/Apr/2025:00:19:20 -0400] "GET /wp-includes/style-engine/about.php HTTP/1.1" 404 8709 "-" "-"
52.169.85.234 - - [16/Apr/2025:00:19:23 -0400] "GET /wp-includes/rest-api/about.php HTTP/1.1" 404 8709 "-" "-"
52.169.85.234 - - [16/Apr/2025:00:19:29 -0400] "GET /wp-includes/SimplePie/about.php HTTP/1.1" 404 8709 "-" "-"
52.169.85.234 - - [16/Apr/2025:00:19:34 -0400] "GET /wp-content/banners/about.php HTTP/1.1" 404 8709 "-" "-"
52.169.85.234 - - [16/Apr/2025:00:19:39 -0400] "GET /wp-content/about.php HTTP/1.1" 404 8709 "-" "-"
52.169.85.234 - - [16/Apr/2025:00:19:44 -0400] "GET /.well-known/about.php HTTP/1.1" 404 8709 "-" "-"
3.80.2.220 - - [16/Apr/2025:00:19:46 -0400] "GET /.git/config HTTP/1.1" 403 1242 "-" "Mozilla/5.0 (Linux; Android 8.1.0; Redmi Note 5) AppleWebKit/537.36 (KHTML, like Gecko) Chrome/76.0.3809.89 Mobile Safari/537.36"
52.169.85.234 - - [16/Apr/2025:00:19:48 -0400] "GET /wp-includes/Text/about.php HTTP/1.1" 404 8709 "-" "-"
52.169.85.234 - - [16/Apr/2025:00:19:51 -0400] "GET /wp-includes/ID3/about.php HTTP/1.1" 404 8709 "-" "-"
52.169.85.234 - - [16/Apr/2025:00:19:55 -0400] "GET /img/about.php HTTP/1.1" 404 8709 "-" "-"
52.169.85.234 - - [16/Apr/2025:00:19:59 -0400] "GET /wp-content/languages/about.php HTTP/1.1" 404 8709 "-" "-"
52.169.85.234 - - [16/Apr/2025:00:20:03 -0400] "GET /wp-includes/customize/about.php HTTP/1.1" 404 8709 "-" "-"
52.169.85.234 - - [16/Apr/2025:00:20:12 -0400] "GET /wp-includes.bak/html-api/about.php HTTP/1.1" 404 8709 "-" "-"
198.54.114.83 - - [16/Apr/2025:00:20:14 -0400] "POST /wp-cron.php?doing_wp_cron=1744777212.5858159065246582031250 HTTP/1.1" 200 0 "-" "WordPress/6.7.2; https://fileluna.com"
114.119.154.229 - - [16/Apr/2025:00:20:18 -0400] "GET /effektives-verhandlungstraining-im-einkauf/ HTTP/1.1" 200 11847 "https://fileluna.com/category/arts-entertainments/page/44/" "Mozilla/5.0 (Linux; Android 7.0;) AppleWebKit/537.36 (KHTML, like Gecko) Mobile Safari/537.36 (compatible; PetalBot;+https://webmaster.petalsearch.com/site/petalbot)"
52.169.85.234 - - [16/Apr/2025:00:20:20 -0400] "GET /wp-includes/widgets/about.php HTTP/1.1" 404 8709 "-" "-"
52.169.85.234 - - [16/Apr/2025:00:20:24 -0400] "GET /wp-includes/IXR/about.php HTTP/1.1" 404 8709 "-" "-"
52.169.85.234 - - [16/Apr/2025:00:20:28 -0400] "GET /wp-admin/js/about.php HTTP/1.1" 404 8709 "-" "-"
52.169.85.234 - - [16/Apr/2025:00:20:34 -0400] "GET /.well-known/pki-validation/about.php HTTP/1.1" 404 1251 "-" "-"
52.169.85.234 - - [16/Apr/2025:00:20:36 -0400] "GET /wp-includes/pomo/about.php HTTP/1.1" 404 8709 "-" "-"
52.169.85.234 - - [16/Apr/2025:00:20:41 -0400] "GET /wp-includes/block-patterns/about.php HTTP/1.1" 404 8709 "-" "-"
52.169.85.234 - - [16/Apr/2025:00:20:44 -0400] "GET /wp-content/updraft/about.php HTTP/1.1" 404 8709 "-" "-"
52.169.85.234 - - [16/Apr/2025:00:20:47 -0400] "GET /wp-content/upgrade-temp-backup/about.php HTTP/1.1" 404 8709 "-" "-"
52.169.85.234 - - [16/Apr/2025:00:20:52 -0400] "GET /wp-content/themes/about.php HTTP/1.1" 404 8709 "-" "-"
52.169.85.234 - - [16/Apr/2025:00:20:56 -0400] "GET /wp-admin/includes/about.php HTTP/1.1" 404 8709 "-" "-"
52.169.85.234 - - [16/Apr/2025:00:21:01 -0400] "GET /images/about.php HTTP/1.1" 404 8709 "-" "-"
52.169.85.234 - - [16/Apr/2025:00:21:03 -0400] "GET /wp-content/blogs.dir/about.php HTTP/1.1" 404 8709 "-" "-"
52.169.85.234 - - [16/Apr/2025:00:21:06 -0400] "GET /wp-includes/images/about.php HTTP/1.1" 404 8709 "-" "-"
52.169.85.234 - - [16/Apr/2025:00:21:09 -0400] "GET /wp-includes/about.php HTTP/1.1" 404 8709 "-" "-"
52.169.85.234 - - [16/Apr/2025:00:21:11 -0400] "GET /cgi-bin/about.php HTTP/1.1" 404 8709 "-" "-"
198.54.114.83 - - [16/Apr/2025:00:21:18 -0400] "POST /wp-cron.php?doing_wp_cron=1744777276.9126770496368408203125 HTTP/1.1" 200 0 "-" "WordPress/6.7.2; https://fileluna.com"
52.169.85.234 - - [16/Apr/2025:00:21:16 -0400] "GET /wp-content/gallery/about.php HTTP/1.1" 404 8709 "-" "-"
52.169.85.234 - - [16/Apr/2025:00:21:20 -0400] "GET /wp-includes/blocks/about.php HTTP/1.1" 404 8709 "-" "-"
52.169.85.234 - - [16/Apr/2025:00:21:24 -0400] "GET /wp-admin/css/about.php HTTP/1.1" 404 8709 "-" "-"
52.169.85.234 - - [16/Apr/2025:00:21:30 -0400] "GET /wp-admin/images/about.php HTTP/1.1" 404 8709 "-" "-"
52.169.85.234 - - [16/Apr/2025:00:21:34 -0400] "GET /.well-known/pki-validation/cloud.php HTTP/1.1" 404 1251 "-" "-"
52.169.85.234 - - [16/Apr/2025:00:21:38 -0400] "GET /.well-known/acme-challenge/cloud.php HTTP/1.1" 404 8709 "-" "-"
52.169.85.234 - - [16/Apr/2025:00:21:43 -0400] "GET /wp-admin/network/cloud.php HTTP/1.1" 404 8709 "-" "-"
52.169.85.234 - - [16/Apr/2025:00:21:48 -0400] "GET /cloud.php HTTP/1.1" 404 8709 "-" "-"
52.169.85.234 - - [16/Apr/2025:00:21:53 -0400] "GET /cgi-bin/cloud.php HTTP/1.1" 404 8709 "-" "-"
52.169.85.234 - - [16/Apr/2025:00:21:55 -0400] "GET /wp-content/updates.php HTTP/1.1" 404 8709 "-" "-"
52.169.85.234 - - [16/Apr/2025:00:21:59 -0400] "GET /css/cloud.php HTTP/1.1" 404 8709 "-" "-"
52.169.85.234 - - [16/Apr/2025:00:22:04 -0400] "GET /wp-admin/user/cloud.php HTTP/1.1" 404 8709 "-" "-"
52.169.85.234 - - [16/Apr/2025:00:22:10 -0400] "GET /img/cloud.php HTTP/1.1" 404 8709 "-" "-"
114.119.132.163 - - [16/Apr/2025:00:22:14 -0400] "GET /category/arts-entertainments/page/5/ HTTP/1.1" 200 11332 "https://fileluna.com/category/arts-entertainments/page/3/" "Mozilla/5.0 (Linux; Android 7.0;) AppleWebKit/537.36 (KHTML, like Gecko) Mobile Safari/537.36 (compatible; PetalBot;+https://webmaster.petalsearch.com/site/petalbot)"
52.169.85.234 - - [16/Apr/2025:00:22:16 -0400] "GET /wp-admin/css/colors/coffee/cloud.php HTTP/1.1" 404 8709 "-" "-"
198.54.114.83 - - [16/Apr/2025:00:22:19 -0400] "POST /wp-cron.php?doing_wp_cron=1744777337.0351390838623046875000 HTTP/1.1" 200 0 "-" "WordPress/6.7.2; https://fileluna.com"
52.169.85.234 - - [16/Apr/2025:00:22:22 -0400] "GET /wp-admin/images/cloud.php HTTP/1.1" 404 8709 "-" "-"
52.169.85.234 - - [16/Apr/2025:00:22:26 -0400] "GET /avaa.php HTTP/1.1" 404 8709 "-" "-"
52.169.85.234 - - [16/Apr/2025:00:22:32 -0400] "GET /images/cloud.php HTTP/1.1" 404 8709 "-" "-"
52.169.85.234 - - [16/Apr/2025:00:22:36 -0400] "GET /wp-admin/js/widgets/cloud.php HTTP/1.1" 404 8709 "-" "-"
52.169.85.234 - - [16/Apr/2025:00:22:42 -0400] "GET /wp-includes/Requests/Text/admin.php HTTP/1.1" 404 8709 "-" "-"
52.169.85.234 - - [16/Apr/2025:00:22:51 -0400] "GET /wp-admin/css/colors/cloud.php HTTP/1.1" 404 8709 "-" "-"
52.169.85.234 - - [16/Apr/2025:00:22:55 -0400] "GET /wp-admin/includes/cloud.php HTTP/1.1" 404 8709 "-" "-"
52.169.85.234 - - [16/Apr/2025:00:23:01 -0400] "GET /wp-admin/css/colors/blue/cloud.php HTTP/1.1" 404 8709 "-" "-"
52.169.85.234 - - [16/Apr/2025:00:23:05 -0400] "GET /wp-admin/cloud.php HTTP/1.1" 404 8709 "-" "-"
52.169.85.234 - - [16/Apr/2025:00:23:08 -0400] "GET /updates.php HTTP/1.1" 404 8709 "-" "-"
52.169.85.234 - - [16/Apr/2025:00:23:10 -0400] "GET /libraries/legacy/updates.php HTTP/1.1" 404 8709 "-" "-"
52.169.85.234 - - [16/Apr/2025:00:23:15 -0400] "GET /libraries/phpmailer/updates.php HTTP/1.1" 404 8709 "-" "-"
198.54.114.83 - - [16/Apr/2025:00:23:22 -0400] "POST /wp-cron.php?doing_wp_cron=1744777401.4542601108551025390625 HTTP/1.1" 200 0 "-" "WordPress/6.7.2; https://fileluna.com"
52.169.85.234 - - [16/Apr/2025:00:23:20 -0400] "GET /libraries/vendor/updates.php HTTP/1.1" 404 8709 "-" "-"
198.54.114.83 - - [16/Apr/2025:00:23:24 -0400] "POST /wp-admin/admin-ajax.php?action=async_litespeed&nonce=A7iPTAaeavren7VEWxQl0cgg8K3F6fT6&litespeed_type=imgoptm HTTP/1.1" 200 0 "-" "WordPress/6.7.2; https://fileluna.com"
52.169.85.234 - - [16/Apr/2025:00:23:26 -0400] "GET /alfa-rex.php7 HTTP/1.1" 404 8709 "-" "-"
52.169.85.234 - - [16/Apr/2025:00:23:31 -0400] "GET /alfanew.php HTTP/1.1" 404 8709 "-" "-"
52.169.85.234 - - [16/Apr/2025:00:23:34 -0400] "GET /wp-content/plugins/Cache/Cache.php HTTP/1.1" 404 8709 "-" "-"
52.169.85.234 - - [16/Apr/2025:00:23:37 -0400] "GET /wp-admin/js/widgets/about.php7 HTTP/1.1" 404 8709 "-" "-"
52.169.85.234 - - [16/Apr/2025:00:23:40 -0400] "GET /wp-p.php7 HTTP/1.1" 404 8709 "-" "-"
52.169.85.234 - - [16/Apr/2025:00:23:42 -0400] "GET /wp-admin/repeater.php HTTP/1.1" 404 8709 "-" "-"
52.169.85.234 - - [16/Apr/2025:00:23:45 -0400] "GET /wp-includes/repeater.php HTTP/1.1" 404 8709 "-" "-"
52.169.85.234 - - [16/Apr/2025:00:23:47 -0400] "GET /wp-content/repeater.php HTTP/1.1" 404 8709 "-" "-"
52.169.85.234 - - [16/Apr/2025:00:23:49 -0400] "GET /wsoyanz.php HTTP/1.1" 404 8709 "-" "-"
52.169.85.234 - - [16/Apr/2025:00:23:52 -0400] "GET /yanz.php HTTP/1.1" 404 8709 "-" "-"
52.169.85.234 - - [16/Apr/2025:00:23:54 -0400] "GET /wp-admin/js/about.php HTTP/1.1" 404 8709 "-" "-"
52.169.85.234 - - [16/Apr/2025:00:23:55 -0400] "GET /wp-content/plugins/seoo/wsoyanz.php HTTP/1.1" 404 8709 "-" "-"
52.169.85.234 - - [16/Apr/2025:00:24:00 -0400] "GET /wp-content/plugins/seoo/wsoyanz1.php HTTP/1.1" 404 8709 "-" "-"
198.54.114.83 - - [16/Apr/2025:00:24:04 -0400] "POST /wp-cron.php?doing_wp_cron=1744777444.2487940788269042968750 HTTP/1.1" 200 0 "-" "WordPress/6.7.2; https://fileluna.com"
52.169.85.234 - - [16/Apr/2025:00:24:03 -0400] "GET /cache-compat.php HTTP/1.1" 404 8709 "-" "-"
198.54.114.83 - - [16/Apr/2025:00:24:07 -0400] "POST /wp-admin/admin-ajax.php?action=async_litespeed&nonce=sxJh75ehiiCFODYXx1M8aIKY1uZxW7eg&litespeed_type=imgoptm HTTP/1.1" 200 0 "-" "WordPress/6.7.2; https://fileluna.com"
52.169.85.234 - - [16/Apr/2025:00:24:08 -0400] "GET /ajax-actions.php HTTP/1.1" 404 8709 "-" "-"
114.119.132.163 - - [16/Apr/2025:00:24:07 -0400] "GET /discovering-the-best-extracts-online-in-canada/ HTTP/1.1" 200 11509 "https://fileluna.com/der-weg-zum-jurastudium-ein-law-tutor-an-ihrer-seite-2/" "Mozilla/5.0 (Linux; Android 7.0;) AppleWebKit/537.36 (KHTML, like Gecko) Mobile Safari/537.36 (compatible; PetalBot;+https://webmaster.petalsearch.com/site/petalbot)"
52.169.85.234 - - [16/Apr/2025:00:24:11 -0400] "GET /wp-admin/ajax-actions.php HTTP/1.1" 404 8709 "-" "-"
52.169.85.234 - - [16/Apr/2025:00:24:15 -0400] "GET /wp-consar.php HTTP/1.1" 404 8709 "-" "-"
198.54.114.83 - - [16/Apr/2025:00:24:17 -0400] "POST /wp-cron.php?doing_wp_cron=1744777457.4334149360656738281250 HTTP/1.1" 200 0 "-" "WordPress/6.7.2; https://fileluna.com"
52.169.85.234 - - [16/Apr/2025:00:24:16 -0400] "GET /repeater.php HTTP/1.1" 404 8709 "-" "-"
52.169.85.234 - - [16/Apr/2025:00:24:22 -0400] "GET /admin-post.php HTTP/1.1" 404 8709 "-" "-"
52.169.85.234 - - [16/Apr/2025:00:24:27 -0400] "GET /wp-admin/maint/maint/ajax-actions.php HTTP/1.1" 404 8709 "-" "-"
52.169.85.234 - - [16/Apr/2025:00:24:35 -0400] "GET /wp-admin/dropdown.php HTTP/1.1" 404 8709 "-" "-"
52.169.85.234 - - [16/Apr/2025:00:24:41 -0400] "GET /wp-admin/css/index.php HTTP/1.1" 301 0 "-" "-"
52.169.85.234 - - [16/Apr/2025:00:24:46 -0400] "GET /wp-admin/css/ HTTP/1.1" 403 1242 "-" "-"
52.169.85.234 - - [16/Apr/2025:00:24:50 -0400] "GET /dropdown.php HTTP/1.1" 404 8709 "-" "-"
52.169.85.234 - - [16/Apr/2025:00:24:53 -0400] "GET /about.php HTTP/1.1" 404 8709 "-" "-"
52.169.85.234 - - [16/Apr/2025:00:24:58 -0400] "GET /admin.php HTTP/1.1" 404 8709 "-" "-"
52.169.85.234 - - [16/Apr/2025:00:25:00 -0400] "GET /about.php7 HTTP/1.1" 404 8709 "-" "-"
198.54.114.83 - - [16/Apr/2025:00:25:12 -0400] "POST /wp-cron.php?doing_wp_cron=1744777510.8064699172973632812500 HTTP/1.1" 200 0 "-" "WordPress/6.7.2; https://fileluna.com"
52.169.85.234 - - [16/Apr/2025:00:25:10 -0400] "GET /alfanew.php7 HTTP/1.1" 404 8709 "-" "-"
52.169.85.234 - - [16/Apr/2025:00:25:19 -0400] "GET /adminfuns.php7 HTTP/1.1" 404 8709 "-" "-"
52.169.85.234 - - [16/Apr/2025:00:25:25 -0400] "GET /ebs.php7 HTTP/1.1" 404 8709 "-" "-"
52.169.85.234 - - [16/Apr/2025:00:25:32 -0400] "GET /ws.php7 HTTP/1.1" 404 8709 "-" "-"
52.169.85.234 - - [16/Apr/2025:00:25:39 -0400] "GET /alfanew2.php7 HTTP/1.1" 404 8709 "-" "-"
52.169.85.234 - - [16/Apr/2025:00:25:44 -0400] "GET /alfa-rex2.php7 HTTP/1.1" 404 8709 "-" "-"
52.169.85.234 - - [16/Apr/2025:00:25:50 -0400] "GET /.well-known/acme-challenge/cloud.php HTTP/1.1" 404 8709 "-" "-"
52.169.85.234 - - [16/Apr/2025:00:25:52 -0400] "GET /wp-admin/images/index.php HTTP/1.1" 301 0 "-" "-"
52.169.85.234 - - [16/Apr/2025:00:25:57 -0400] "GET /wp-admin/images/ HTTP/1.1" 403 1242 "-" "-"
52.169.85.234 - - [16/Apr/2025:00:26:01 -0400] "GET /wp-admin/css/colors/index.php HTTP/1.1" 301 0 "-" "-"
52.169.85.234 - - [16/Apr/2025:00:26:05 -0400] "GET /wp-admin/css/colors/ HTTP/1.1" 403 1242 "-" "-"
114.119.129.198 - - [16/Apr/2025:00:26:05 -0400] "GET /category/arts-entertainments/page/12/ HTTP/1.1" 200 11320 "https://fileluna.com/category/arts-entertainments/page/10/" "Mozilla/5.0 (Linux; Android 7.0;) AppleWebKit/537.36 (KHTML, like Gecko) Mobile Safari/537.36 (compatible; PetalBot;+https://webmaster.petalsearch.com/site/petalbot)"
52.169.85.234 - - [16/Apr/2025:00:26:09 -0400] "GET /wp-content/themes/pridmag/db.php?u HTTP/1.1" 404 8709 "-" "-"
52.169.85.234 - - [16/Apr/2025:00:26:16 -0400] "GET /wp-content/themes/seotheme/mar.php HTTP/1.1" 404 8709 "-" "-"
198.54.114.83 - - [16/Apr/2025:00:26:19 -0400] "POST /wp-cron.php?doing_wp_cron=1744777577.1466588973999023437500 HTTP/1.1" 200 0 "-" "WordPress/6.7.2; https://fileluna.com"
52.169.85.234 - - [16/Apr/2025:00:26:21 -0400] "GET /wp-content/plugins/linkpreview/db.php?u HTTP/1.1" 404 8709 "-" "-"
52.169.85.234 - - [16/Apr/2025:00:26:24 -0400] "GET /wp-content/themes/seotheme/db.php?u HTTP/1.1" 404 8709 "-" "-"
52.169.85.234 - - [16/Apr/2025:00:26:29 -0400] "GET /wp-content/plugins/seoplugins/db.php?u HTTP/1.1" 404 8709 "-" "-"
52.169.85.234 - - [16/Apr/2025:00:26:33 -0400] "GET /wp-content/plugins/seoplugins/mar.php HTTP/1.1" 404 8709 "-" "-"
52.169.85.234 - - [16/Apr/2025:00:26:38 -0400] "GET /.well-known/pki-validation/xmrlpc.php?p= HTTP/1.1" 404 1251 "-" "-"
52.169.85.234 - - [16/Apr/2025:00:26:40 -0400] "GET /.well-known/acme-challenge/xmrlpc.php?p= HTTP/1.1" 301 0 "-" "-"
52.169.85.234 - - [16/Apr/2025:00:26:43 -0400] "GET /.well-known/acme-challenge/xmrlpc.php HTTP/1.1" 404 8709 "-" "-"
52.169.85.234 - - [16/Apr/2025:00:26:46 -0400] "GET /wp-admin/network/xmrlpc.php?p= HTTP/1.1" 301 0 "-" "-"
52.169.85.234 - - [16/Apr/2025:00:26:49 -0400] "GET /wp-admin/network/xmrlpc.php HTTP/1.1" 404 8709 "-" "-"
52.169.85.234 - - [16/Apr/2025:00:26:54 -0400] "GET /xmrlpc.php?p= HTTP/1.1" 301 0 "-" "-"
52.169.85.234 - - [16/Apr/2025:00:26:56 -0400] "GET /xmrlpc.php HTTP/1.1" 404 8709 "-" "-"
52.169.85.234 - - [16/Apr/2025:00:27:00 -0400] "GET /cgi-bin/xmrlpc.php?p= HTTP/1.1" 301 0 "-" "-"
52.169.85.234 - - [16/Apr/2025:00:27:03 -0400] "GET /cgi-bin/xmrlpc.php HTTP/1.1" 404 8709 "-" "-"
52.169.85.234 - - [16/Apr/2025:00:27:06 -0400] "GET /css/xmrlpc.php?p= HTTP/1.1" 301 0 "-" "-"
52.169.85.234 - - [16/Apr/2025:00:27:09 -0400] "GET /css/xmrlpc.php HTTP/1.1" 404 8709 "-" "-"
52.169.85.234 - - [16/Apr/2025:00:27:12 -0400] "GET /wp-admin/user/xmrlpc.php?p= HTTP/1.1" 301 0 "-" "-"
52.169.85.234 - - [16/Apr/2025:00:27:14 -0400] "GET /wp-admin/user/xmrlpc.php HTTP/1.1" 404 8709 "-" "-"
198.54.114.83 - - [16/Apr/2025:00:27:18 -0400] "POST /wp-cron.php?doing_wp_cron=1744777637.6931469440460205078125 HTTP/1.1" 200 0 "-" "WordPress/6.7.2; https://fileluna.com"
52.169.85.234 - - [16/Apr/2025:00:27:17 -0400] "GET /img/xmrlpc.php?p= HTTP/1.1" 301 0 "-" "-"
198.54.114.83 - - [16/Apr/2025:00:27:19 -0400] "POST /wp-admin/admin-ajax.php?action=async_litespeed&nonce=hPSHP4Ai3NAFHxKz9YYF9uZT8BQ6WVX4&litespeed_type=imgoptm HTTP/1.1" 200 0 "-" "WordPress/6.7.2; https://fileluna.com"
52.169.85.234 - - [16/Apr/2025:00:27:19 -0400] "GET /img/xmrlpc.php HTTP/1.1" 404 8709 "-" "-"
52.169.85.234 - - [16/Apr/2025:00:27:20 -0400] "GET /wp-admin/css/colors/coffee/xmrlpc.php?p= HTTP/1.1" 301 0 "-" "-"
52.169.85.234 - - [16/Apr/2025:00:27:21 -0400] "GET /wp-admin/css/colors/coffee/xmrlpc.php HTTP/1.1" 404 8709 "-" "-"
52.169.85.234 - - [16/Apr/2025:00:27:24 -0400] "GET /wp-admin/images/xmrlpc.php?p= HTTP/1.1" 301 0 "-" "-"
52.169.85.234 - - [16/Apr/2025:00:27:25 -0400] "GET /wp-admin/images/xmrlpc.php HTTP/1.1" 404 8709 "-" "-"
52.169.85.234 - - [16/Apr/2025:00:27:29 -0400] "GET /images/xmrlpc.php?p= HTTP/1.1" 301 0 "-" "-"
52.169.85.234 - - [16/Apr/2025:00:27:33 -0400] "GET /images/xmrlpc.php HTTP/1.1" 404 8709 "-" "-"
52.169.85.234 - - [16/Apr/2025:00:27:38 -0400] "GET /wp-admin/js/widgets/xmrlpc.php?p= HTTP/1.1" 301 0 "-" "-"
52.169.85.234 - - [16/Apr/2025:00:27:40 -0400] "GET /wp-admin/js/widgets/xmrlpc.php HTTP/1.1" 404 8709 "-" "-"
52.169.85.234 - - [16/Apr/2025:00:27:45 -0400] "GET /wp-admin/css/colors/xmrlpc.php?p= HTTP/1.1" 301 0 "-" "-"
52.169.85.234 - - [16/Apr/2025:00:27:47 -0400] "GET /wp-admin/css/colors/xmrlpc.php HTTP/1.1" 404 8709 "-" "-"
52.169.85.234 - - [16/Apr/2025:00:27:51 -0400] "GET /wp-admin/includes/xmrlpc.php?p= HTTP/1.1" 301 0 "-" "-"
52.169.85.234 - - [16/Apr/2025:00:27:53 -0400] "GET /wp-admin/includes/xmrlpc.php HTTP/1.1" 404 8709 "-" "-"
52.169.85.234 - - [16/Apr/2025:00:27:56 -0400] "GET /wp-admin/css/colors/blue/xmrlpc.php?p= HTTP/1.1" 301 0 "-" "-"
52.169.85.234 - - [16/Apr/2025:00:27:57 -0400] "GET /wp-admin/css/colors/blue/xmrlpc.php HTTP/1.1" 404 8709 "-" "-"
198.54.114.83 - - [16/Apr/2025:00:28:03 -0400] "POST /wp-cron.php?doing_wp_cron=1744777682.6874148845672607421875 HTTP/1.1" 200 0 "-" "WordPress/6.7.2; https://fileluna.com"
52.169.85.234 - - [16/Apr/2025:00:28:02 -0400] "GET /wp-admin/xmrlpc.php?p= HTTP/1.1" 301 0 "-" "-"
198.54.114.83 - - [16/Apr/2025:00:28:06 -0400] "POST /wp-admin/admin-ajax.php?action=async_litespeed&nonce=mboEFT804tdoEe2BqHnaMk5BTWca71xK&litespeed_type=imgoptm HTTP/1.1" 200 0 "-" "WordPress/6.7.2; https://fileluna.com"
52.169.85.234 - - [16/Apr/2025:00:28:04 -0400] "GET /wp-admin/xmrlpc.php HTTP/1.1" 404 8709 "-" "-"
217.156.65.24 - - [16/Apr/2025:00:29:21 -0400] "POST /wp-login.php HTTP/1.1" 200 1894 "https://fileluna.com" "Mozilla/5.0 (Windows NT 10.0; Win64; x64) AppleWebKit/537.36 (KHTML, like Gecko) Chrome/112.0.5615.138 Safari/537.36"
216.244.66.246 - - [16/Apr/2025:00:42:04 -0400] "GET /robots.txt HTTP/1.1" 304 0 "-" "Mozilla/5.0 (compatible; DotBot/1.2; +https://opensiteexplorer.org/dotbot; help@moz.com)"
135.148.137.109 - - [16/Apr/2025:00:42:17 -0400] "POST /wp-login.php HTTP/1.1" 200 1894 "https://fileluna.com" "Mozilla/5.0 (Windows NT 10.0; Win64; x64) AppleWebKit/537.36 (KHTML, like Gecko) Chrome/115.0.5790.171 Safari/537.36 Edg/115.0.1901.203"
198.54.114.83 - - [16/Apr/2025:00:42:23 -0400] "POST /wp-cron.php?doing_wp_cron=1744778541.5909249782562255859375 HTTP/1.1" 200 0 "-" "WordPress/6.7.2; https://fileluna.com"
198.54.114.83 - - [16/Apr/2025:00:44:46 -0400] "POST /wp-cron.php?doing_wp_cron=1744778684.9218270778656005859375 HTTP/1.1" 200 0 "-" "WordPress/6.7.2; https://fileluna.com"
114.119.154.229 - - [16/Apr/2025:00:44:40 -0400] "GET /the-world-of-unblocked-games-6x-an-overview/ HTTP/1.1" 200 12014 "https://fileluna.com/category/arts-entertainments/page/40/" "Mozilla/5.0 (Linux; Android 7.0;) AppleWebKit/537.36 (KHTML, like Gecko) Mobile Safari/537.36 (compatible; PetalBot;+https://webmaster.petalsearch.com/site/petalbot)"
198.54.114.83 - - [16/Apr/2025:00:46:39 -0400] "POST /wp-cron.php?doing_wp_cron=1744778798.8855540752410888671875 HTTP/1.1" 200 0 "-" "WordPress/6.7.2; https://fileluna.com"
198.54.114.83 - - [16/Apr/2025:00:46:40 -0400] "POST /wp-admin/admin-ajax.php?action=async_litespeed&nonce=uLzvjyimF1gwj9a2FAK4nn7EdIzue6HG&litespeed_type=imgoptm HTTP/1.1" 200 0 "-" "WordPress/6.7.2; https://fileluna.com"
114.119.149.81 - - [16/Apr/2025:00:46:34 -0400] "GET /2024/page/15/ HTTP/1.1" 200 11256 "https://fileluna.com/2024/page/13/" "Mozilla/5.0 (Linux; Android 7.0;) AppleWebKit/537.36 (KHTML, like Gecko) Mobile Safari/537.36 (compatible; PetalBot;+https://webmaster.petalsearch.com/site/petalbot)"
198.54.114.83 - - [16/Apr/2025:00:55:32 -0400] "POST /wp-cron.php?doing_wp_cron=1744779331.5845038890838623046875 HTTP/1.1" 200 0 "-" "WordPress/6.7.2; https://fileluna.com"
142.93.15.2 - - [16/Apr/2025:00:55:26 -0400] "POST /wp-login.php HTTP/1.1" 200 1894 "https://fileluna.com" "Mozilla/5.0 (Windows NT 10.0; Win64; x64) AppleWebKit/537.36 (KHTML, like Gecko) Chrome/126.0.0.0 Safari/537.36 Edg/126.0.0.0"
198.54.114.83 - - [16/Apr/2025:00:55:34 -0400] "POST /wp-admin/admin-ajax.php?action=async_litespeed&nonce=8NQY1inIyd5nukhQpdqu9NjhtnfAS99v&litespeed_type=imgoptm HTTP/1.1" 200 0 "-" "WordPress/6.7.2; https://fileluna.com"
50.7.13.146 - - [16/Apr/2025:00:57:34 -0400] "GET /wp-login.php HTTP/1.1" 200 1759 "https://fileluna.com" "Mozilla/5.0 (Windows NT 6.1; Win64; x64) AppleWebKit/537.36 (KHTML, like Gecko) Chrome/95.0.4638.69 Safari/537.36"
198.54.114.83 - - [16/Apr/2025:00:57:43 -0400] "POST /wp-cron.php?doing_wp_cron=1744779462.4550189971923828125000 HTTP/1.1" 200 0 "-" "WordPress/6.7.2; https://fileluna.com"
50.7.13.146 - - [16/Apr/2025:00:57:37 -0400] "POST /wp-login.php?wpe-login=true&hide_my_wp=1&hmwp_do=login&login=1 HTTP/1.1" 200 1897 "https://fileluna.com" "Mozilla/5.0 (Windows NT 6.1; Win64; x64) AppleWebKit/537.36 (KHTML, like Gecko) Chrome/95.0.4638.69 Safari/537.36"
198.54.114.83 - - [16/Apr/2025:00:57:44 -0400] "POST /wp-admin/admin-ajax.php?action=async_litespeed&nonce=kPw3wSXF6xri2ChbjQlRD7z7kGWmUYcQ&litespeed_type=imgoptm HTTP/1.1" 200 0 "-" "WordPress/6.7.2; https://fileluna.com"
198.54.114.83 - - [16/Apr/2025:01:04:18 -0400] "POST /wp-cron.php?doing_wp_cron=1744779857.2195520401000976562500 HTTP/1.1" 200 0 "-" "WordPress/6.7.2; https://fileluna.com"
114.119.137.80 - - [16/Apr/2025:01:04:11 -0400] "GET /die-magie-der-kinder-geschichten/ HTTP/1.1" 200 12221 "https://fileluna.com/2024/11/page/9/" "Mozilla/5.0 (Linux; Android 7.0;) AppleWebKit/537.36 (KHTML, like Gecko) Mobile Safari/537.36 (compatible; PetalBot;+https://webmaster.petalsearch.com/site/petalbot)"
198.54.114.83 - - [16/Apr/2025:01:08:22 -0400] "POST /wp-cron.php?doing_wp_cron=1744780102.0226259231567382812500 HTTP/1.1" 200 0 "-" "WordPress/6.7.2; https://fileluna.com"
104.43.93.163 - - [16/Apr/2025:01:08:17 -0400] "POST /wp-login.php HTTP/1.1" 200 1894 "https://fileluna.com" "Mozilla/5.0 (Windows NT 11.0; Win64; x64) AppleWebKit/537.36 (KHTML, like Gecko) Chrome/126.0.0.0 Safari/537.36"
198.54.114.83 - - [16/Apr/2025:01:08:24 -0400] "POST /wp-admin/admin-ajax.php?action=async_litespeed&nonce=haOYSdtRKHTSAQV5oxTBXnfZFcykopY7&litespeed_type=imgoptm HTTP/1.1" 200 0 "-" "WordPress/6.7.2; https://fileluna.com"
128.199.215.55 - - [16/Apr/2025:01:09:29 -0400] "GET //wp-includes/ID3/license.txt HTTP/1.1" 200 414 "-" "Mozilla/5.0 (Windows NT 10.0; Win64; x64) AppleWebKit/537.36 (KHTML, like Gecko) Chrome/95.0.4638.69 Safari/537.36"
198.54.114.83 - - [16/Apr/2025:01:09:31 -0400] "POST /wp-cron.php?doing_wp_cron=1744780171.1267800331115722656250 HTTP/1.1" 200 0 "-" "WordPress/6.7.2; https://fileluna.com"
128.199.215.55 - - [16/Apr/2025:01:09:30 -0400] "GET //feed/ HTTP/1.1" 301 0 "-" "Mozilla/5.0 (Windows NT 10.0; Win64; x64) AppleWebKit/537.36 (KHTML, like Gecko) Chrome/95.0.4638.69 Safari/537.36"
198.54.114.83 - - [16/Apr/2025:01:09:32 -0400] "POST /wp-admin/admin-ajax.php?action=async_litespeed&nonce=5f5bbXplDQHVjOgSVl4geVzosT6CSGdj&litespeed_type=imgoptm HTTP/1.1" 200 0 "-" "WordPress/6.7.2; https://fileluna.com"
128.199.215.55 - - [16/Apr/2025:01:09:33 -0400] "GET //blog/wp-includes/wlwmanifest.xml HTTP/1.1" 301 0 "-" "Mozilla/5.0 (Windows NT 10.0; Win64; x64) AppleWebKit/537.36 (KHTML, like Gecko) Chrome/95.0.4638.69 Safari/537.36"
128.199.215.55 - - [16/Apr/2025:01:09:33 -0400] "GET //web/wp-includes/wlwmanifest.xml HTTP/1.1" 301 0 "-" "Mozilla/5.0 (Windows NT 10.0; Win64; x64) AppleWebKit/537.36 (KHTML, like Gecko) Chrome/95.0.4638.69 Safari/537.36"
128.199.215.55 - - [16/Apr/2025:01:09:35 -0400] "GET //wordpress/wp-includes/wlwmanifest.xml HTTP/1.1" 301 0 "-" "Mozilla/5.0 (Windows NT 10.0; Win64; x64) AppleWebKit/537.36 (KHTML, like Gecko) Chrome/95.0.4638.69 Safari/537.36"
128.199.215.55 - - [16/Apr/2025:01:09:38 -0400] "GET //wp/wp-includes/wlwmanifest.xml HTTP/1.1" 301 0 "-" "Mozilla/5.0 (Windows NT 10.0; Win64; x64) AppleWebKit/537.36 (KHTML, like Gecko) Chrome/95.0.4638.69 Safari/537.36"
128.199.215.55 - - [16/Apr/2025:01:09:40 -0400] "GET //2020/wp-includes/wlwmanifest.xml HTTP/1.1" 301 0 "-" "Mozilla/5.0 (Windows NT 10.0; Win64; x64) AppleWebKit/537.36 (KHTML, like Gecko) Chrome/95.0.4638.69 Safari/537.36"
128.199.215.55 - - [16/Apr/2025:01:09:42 -0400] "GET //2019/wp-includes/wlwmanifest.xml HTTP/1.1" 301 0 "-" "Mozilla/5.0 (Windows NT 10.0; Win64; x64) AppleWebKit/537.36 (KHTML, like Gecko) Chrome/95.0.4638.69 Safari/537.36"
128.199.215.55 - - [16/Apr/2025:01:09:44 -0400] "GET //2021/wp-includes/wlwmanifest.xml HTTP/1.1" 301 0 "-" "Mozilla/5.0 (Windows NT 10.0; Win64; x64) AppleWebKit/537.36 (KHTML, like Gecko) Chrome/95.0.4638.69 Safari/537.36"
128.199.215.55 - - [16/Apr/2025:01:09:46 -0400] "GET //shop/wp-includes/wlwmanifest.xml HTTP/1.1" 301 0 "-" "Mozilla/5.0 (Windows NT 10.0; Win64; x64) AppleWebKit/537.36 (KHTML, like Gecko) Chrome/95.0.4638.69 Safari/537.36"
128.199.215.55 - - [16/Apr/2025:01:09:47 -0400] "GET //wp1/wp-includes/wlwmanifest.xml HTTP/1.1" 301 0 "-" "Mozilla/5.0 (Windows NT 10.0; Win64; x64) AppleWebKit/537.36 (KHTML, like Gecko) Chrome/95.0.4638.69 Safari/537.36"
128.199.215.55 - - [16/Apr/2025:01:09:49 -0400] "GET //test/wp-includes/wlwmanifest.xml HTTP/1.1" 301 0 "-" "Mozilla/5.0 (Windows NT 10.0; Win64; x64) AppleWebKit/537.36 (KHTML, like Gecko) Chrome/95.0.4638.69 Safari/537.36"
128.199.215.55 - - [16/Apr/2025:01:09:51 -0400] "GET //site/wp-includes/wlwmanifest.xml HTTP/1.1" 301 0 "-" "Mozilla/5.0 (Windows NT 10.0; Win64; x64) AppleWebKit/537.36 (KHTML, like Gecko) Chrome/95.0.4638.69 Safari/537.36"
128.199.215.55 - - [16/Apr/2025:01:09:52 -0400] "GET //cms/wp-includes/wlwmanifest.xml HTTP/1.1" 301 0 "-" "Mozilla/5.0 (Windows NT 10.0; Win64; x64) AppleWebKit/537.36 (KHTML, like Gecko) Chrome/95.0.4638.69 Safari/537.36"
178.128.207.138 - - [16/Apr/2025:01:10:44 -0400] "GET / HTTP/1.1" 200 0 "-" "-"
178.128.207.138 - - [16/Apr/2025:01:10:44 -0400] "GET / HTTP/1.1" 200 12524 "-" "Mozilla/5.0 (Linux; Android 6.0; HTC One M9 Build/MRA615981) AppleWebKit/537.36 (KHTML, like Gecko) Chrome/52.0.3161.98 Mobile Safari/537.3"
178.128.207.138 - - [16/Apr/2025:01:10:46 -0400] "GET /@vite/env HTTP/1.1" 200 0 "-" "Go-http-client/1.1"
