198.54.114.83 - - [17/Apr/2025:12:11:06 -0400] "POST /wp-cron.php?doing_wp_cron=1744906263.3478739261627197265625 HTTP/1.1" 200 0 "-" "WordPress/6.8; https://fileluna.com"
20.171.207.122 - - [17/Apr/2025:12:11:06 -0400] "GET /the-essentials-of-hotel-room-furnishings/feed/ HTTP/1.1" 200 402 "-" "Mozilla/5.0 AppleWebKit/537.36 (KHTML, like Gecko; compatible; GPTBot/1.2; +https://openai.com/gptbot)"
20.171.207.122 - - [17/Apr/2025:12:13:03 -0400] "GET /the-importance-of-business-trip-massage/feed/ HTTP/1.1" 200 399 "-" "Mozilla/5.0 AppleWebKit/537.36 (KHTML, like Gecko; compatible; GPTBot/1.2; +https://openai.com/gptbot)"
20.171.207.122 - - [17/Apr/2025:12:13:02 -0400] "GET /xmlrpc.php HTTP/1.1" 405 46 "-" "Mozilla/5.0 AppleWebKit/537.36 (KHTML, like Gecko; compatible; GPTBot/1.2; +https://openai.com/gptbot)"
198.54.114.83 - - [17/Apr/2025:12:13:06 -0400] "POST /wp-cron.php?doing_wp_cron=1744906385.0647130012512207031250 HTTP/1.1" 200 0 "-" "WordPress/6.8; https://fileluna.com"
198.54.114.83 - - [17/Apr/2025:12:13:06 -0400] "POST /wp-cron.php?doing_wp_cron=1744906385.0647149085998535156250 HTTP/1.1" 200 0 "-" "WordPress/6.8; https://fileluna.com"
20.171.207.122 - - [17/Apr/2025:12:14:01 -0400] "GET /the-convenience-of-gift-certificates/ HTTP/1.1" 200 11993 "-" "Mozilla/5.0 AppleWebKit/537.36 (KHTML, like Gecko; compatible; GPTBot/1.2; +https://openai.com/gptbot)"
198.54.114.83 - - [17/Apr/2025:12:14:51 -0400] "POST /wp-cron.php?doing_wp_cron=1744906489.9346489906311035156250 HTTP/1.1" 200 0 "-" "WordPress/6.8; https://fileluna.com"
20.171.207.122 - - [17/Apr/2025:12:14:46 -0400] "GET /top-manufacturers-of-ppr-fittings-in-china/ HTTP/1.1" 200 11878 "-" "Mozilla/5.0 AppleWebKit/537.36 (KHTML, like Gecko; compatible; GPTBot/1.2; +https://openai.com/gptbot)"
20.171.207.122 - - [17/Apr/2025:12:15:40 -0400] "GET /renovation-maison-transformez-votre-espace/ HTTP/1.1" 200 11821 "-" "Mozilla/5.0 AppleWebKit/537.36 (KHTML, like Gecko; compatible; GPTBot/1.2; +https://openai.com/gptbot)"
20.171.207.122 - - [17/Apr/2025:12:16:15 -0400] "GET /the-role-of-employee-communication-apps/ HTTP/1.1" 200 11861 "-" "Mozilla/5.0 AppleWebKit/537.36 (KHTML, like Gecko; compatible; GPTBot/1.2; +https://openai.com/gptbot)"
198.54.114.83 - - [17/Apr/2025:12:16:18 -0400] "POST /wp-cron.php?doing_wp_cron=1744906576.4528560638427734375000 HTTP/1.1" 200 0 "-" "WordPress/6.8; https://fileluna.com"
103.221.222.85 - - [17/Apr/2025:12:16:16 -0400] "POST /xmlrpc.php HTTP/1.1" 200 186 "https://fileluna.com" "Mozilla/5.0 (Windows NT 10.0; Win64; x64) AppleWebKit/537.36 (KHTML, like Gecko) Chrome/126.0.0.0 Safari/537.36 Edg/126.0.0.0"
20.171.207.122 - - [17/Apr/2025:12:16:19 -0400] "GET /?p=369 HTTP/1.1" 301 0 "-" "Mozilla/5.0 AppleWebKit/537.36 (KHTML, like Gecko; compatible; GPTBot/1.2; +https://openai.com/gptbot)"
20.171.207.122 - - [17/Apr/2025:12:17:11 -0400] "GET /business-trip-massage/ HTTP/1.1" 200 11540 "-" "Mozilla/5.0 AppleWebKit/537.36 (KHTML, like Gecko; compatible; GPTBot/1.2; +https://openai.com/gptbot)"
20.171.207.122 - - [17/Apr/2025:12:17:51 -0400] "GET /top-ppr-fitting-manufacturers-in-china/ HTTP/1.1" 200 12028 "-" "Mozilla/5.0 AppleWebKit/537.36 (KHTML, like Gecko; compatible; GPTBot/1.2; +https://openai.com/gptbot)"
20.171.207.122 - - [17/Apr/2025:12:17:55 -0400] "GET /a-game-changer-for-corporate-travelers/feed/ HTTP/1.1" 200 398 "-" "Mozilla/5.0 AppleWebKit/537.36 (KHTML, like Gecko; compatible; GPTBot/1.2; +https://openai.com/gptbot)"
20.171.207.122 - - [17/Apr/2025:12:18:48 -0400] "GET /the-relaxation-advantage/ HTTP/1.1" 200 11834 "-" "Mozilla/5.0 AppleWebKit/537.36 (KHTML, like Gecko; compatible; GPTBot/1.2; +https://openai.com/gptbot)"
85.215.162.226 - - [17/Apr/2025:12:18:59 -0400] "POST /wp-login.php HTTP/1.1" 200 1883 "-" "Mozilla/5.0"
198.54.114.83 - - [17/Apr/2025:12:19:00 -0400] "POST /wp-cron.php?doing_wp_cron=1744906739.7314200401306152343750 HTTP/1.1" 200 0 "-" "WordPress/6.8; https://fileluna.com"
85.215.162.226 - - [17/Apr/2025:12:18:59 -0400] "POST /wp-login.php HTTP/1.1" 200 1882 "-" "Mozilla/5.0"
20.171.207.122 - - [17/Apr/2025:12:19:09 -0400] "GET /?p=374 HTTP/1.1" 301 0 "-" "Mozilla/5.0 AppleWebKit/537.36 (KHTML, like Gecko; compatible; GPTBot/1.2; +https://openai.com/gptbot)"
162.243.72.223 - - [17/Apr/2025:12:19:30 -0400] "GET /wp-login.php HTTP/1.1" 200 1760 "-" "GRequests/0.10"
162.243.72.223 - - [17/Apr/2025:12:19:32 -0400] "POST /wp-login.php HTTP/1.1" 200 1887 "-" "GRequests/0.10"
20.171.207.122 - - [17/Apr/2025:12:19:57 -0400] "GET /a-new-era-of-gambling/ HTTP/1.1" 200 11936 "-" "Mozilla/5.0 AppleWebKit/537.36 (KHTML, like Gecko; compatible; GPTBot/1.2; +https://openai.com/gptbot)"
20.171.207.122 - - [17/Apr/2025:12:20:14 -0400] "GET /?p=390 HTTP/1.1" 301 0 "-" "Mozilla/5.0 AppleWebKit/537.36 (KHTML, like Gecko; compatible; GPTBot/1.2; +https://openai.com/gptbot)"
198.54.114.83 - - [17/Apr/2025:12:20:18 -0400] "POST /wp-cron.php?doing_wp_cron=1744906815.8354089260101318359375 HTTP/1.1" 200 0 "-" "WordPress/6.8; https://fileluna.com"
20.171.207.122 - - [17/Apr/2025:12:21:15 -0400] "GET /?p=358 HTTP/1.1" 301 0 "-" "Mozilla/5.0 AppleWebKit/537.36 (KHTML, like Gecko; compatible; GPTBot/1.2; +https://openai.com/gptbot)"
198.54.114.83 - - [17/Apr/2025:12:21:18 -0400] "POST /wp-cron.php?doing_wp_cron=1744906875.9638569355010986328125 HTTP/1.1" 200 0 "-" "WordPress/6.8; https://fileluna.com"
20.171.207.122 - - [17/Apr/2025:12:21:47 -0400] "GET /?p=386 HTTP/1.1" 301 0 "-" "Mozilla/5.0 AppleWebKit/537.36 (KHTML, like Gecko; compatible; GPTBot/1.2; +https://openai.com/gptbot)"
20.171.207.122 - - [17/Apr/2025:12:22:47 -0400] "GET /?p=352 HTTP/1.1" 301 0 "-" "Mozilla/5.0 AppleWebKit/537.36 (KHTML, like Gecko; compatible; GPTBot/1.2; +https://openai.com/gptbot)"
198.54.114.83 - - [17/Apr/2025:12:22:50 -0400] "POST /wp-cron.php?doing_wp_cron=1744906968.0974578857421875000000 HTTP/1.1" 200 0 "-" "WordPress/6.8; https://fileluna.com"
20.171.207.122 - - [17/Apr/2025:12:23:44 -0400] "GET /?p=378 HTTP/1.1" 301 0 "-" "Mozilla/5.0 AppleWebKit/537.36 (KHTML, like Gecko; compatible; GPTBot/1.2; +https://openai.com/gptbot)"
20.171.207.122 - - [17/Apr/2025:12:24:32 -0400] "GET /?p=342 HTTP/1.1" 301 0 "-" "Mozilla/5.0 AppleWebKit/537.36 (KHTML, like Gecko; compatible; GPTBot/1.2; +https://openai.com/gptbot)"
20.171.207.122 - - [17/Apr/2025:12:24:32 -0400] "GET /?p=363 HTTP/1.1" 301 0 "-" "Mozilla/5.0 AppleWebKit/537.36 (KHTML, like Gecko; compatible; GPTBot/1.2; +https://openai.com/gptbot)"
198.54.114.83 - - [17/Apr/2025:12:24:35 -0400] "POST /wp-cron.php?doing_wp_cron=1744907072.4636209011077880859375 HTTP/1.1" 200 0 "-" "WordPress/6.8; https://fileluna.com"
198.54.114.83 - - [17/Apr/2025:12:24:35 -0400] "POST /wp-cron.php?doing_wp_cron=1744907072.4574389457702636718750 HTTP/1.1" 200 0 "-" "WordPress/6.8; https://fileluna.com"
216.244.66.246 - - [17/Apr/2025:12:24:35 -0400] "GET /robots.txt HTTP/1.1" 304 0 "-" "Mozilla/5.0 (compatible; DotBot/1.2; +https://opensiteexplorer.org/dotbot; help@moz.com)"
209.74.74.2 - - [17/Apr/2025:12:24:58 -0400] "POST /xmlrpc.php HTTP/1.1" 200 186 "https://fileluna.com" "Mozilla/5.0 (Macintosh; Intel Mac OS X 10_15_7; rv:126.0) Gecko/20100101 Firefox/126.0"
20.171.207.122 - - [17/Apr/2025:12:25:51 -0400] "GET /top-manufacturers-of-ppr-fittings-in-china/feed/ HTTP/1.1" 200 408 "-" "Mozilla/5.0 AppleWebKit/537.36 (KHTML, like Gecko; compatible; GPTBot/1.2; +https://openai.com/gptbot)"
20.171.207.122 - - [17/Apr/2025:12:25:51 -0400] "GET /the-role-of-employee-communication-apps/feed/ HTTP/1.1" 200 397 "-" "Mozilla/5.0 AppleWebKit/537.36 (KHTML, like Gecko; compatible; GPTBot/1.2; +https://openai.com/gptbot)"
198.54.114.83 - - [17/Apr/2025:12:25:55 -0400] "POST /wp-cron.php?doing_wp_cron=1744907151.5671010017395019531250 HTTP/1.1" 200 0 "-" "WordPress/6.8; https://fileluna.com"
198.54.114.83 - - [17/Apr/2025:12:25:55 -0400] "POST /wp-cron.php?doing_wp_cron=1744907151.5710890293121337890625 HTTP/1.1" 200 0 "-" "WordPress/6.8; https://fileluna.com"
20.171.207.122 - - [17/Apr/2025:12:27:20 -0400] "GET /top-ppr-fitting-manufacturers-in-china/feed/ HTTP/1.1" 200 401 "-" "Mozilla/5.0 AppleWebKit/537.36 (KHTML, like Gecko; compatible; GPTBot/1.2; +https://openai.com/gptbot)"
20.171.207.122 - - [17/Apr/2025:12:27:20 -0400] "GET /the-power-of-small-payment-gift-certificates/ HTTP/1.1" 200 11887 "-" "Mozilla/5.0 AppleWebKit/537.36 (KHTML, like Gecko; compatible; GPTBot/1.2; +https://openai.com/gptbot)"
198.54.114.83 - - [17/Apr/2025:12:27:25 -0400] "POST /wp-cron.php?doing_wp_cron=1744907243.1637299060821533203125 HTTP/1.1" 200 0 "-" "WordPress/6.8; https://fileluna.com"
198.54.114.83 - - [17/Apr/2025:12:27:25 -0400] "POST /wp-cron.php?doing_wp_cron=1744907243.2000799179077148437500 HTTP/1.1" 200 0 "-" "WordPress/6.8; https://fileluna.com"
66.249.70.110 - - [17/Apr/2025:12:27:42 -0400] "GET /robots.txt HTTP/1.1" 200 61 "-" "Mozilla/5.0 (compatible; Googlebot/2.1; +http://www.google.com/bot.html)"
20.171.207.122 - - [17/Apr/2025:12:27:41 -0400] "GET /xmlrpc.php HTTP/1.1" 405 46 "-" "Mozilla/5.0 AppleWebKit/537.36 (KHTML, like Gecko; compatible; GPTBot/1.2; +https://openai.com/gptbot)"
66.249.70.110 - - [17/Apr/2025:12:27:44 -0400] "GET /category/how-to/ HTTP/1.1" 200 10330 "-" "Mozilla/5.0 (Linux; Android 6.0.1; Nexus 5X Build/MMB29P) AppleWebKit/537.36 (KHTML, like Gecko) Chrome/135.0.7049.95 Mobile Safari/537.36 (compatible; GoogleOther)"
20.171.207.122 - - [17/Apr/2025:12:28:12 -0400] "GET /renovation-maison-transformez-votre-espace/feed/ HTTP/1.1" 200 404 "-" "Mozilla/5.0 AppleWebKit/537.36 (KHTML, like Gecko; compatible; GPTBot/1.2; +https://openai.com/gptbot)"
198.54.114.83 - - [17/Apr/2025:12:28:51 -0400] "POST /wp-cron.php?doing_wp_cron=1744907329.9798080921173095703125 HTTP/1.1" 200 0 "-" "WordPress/6.8; https://fileluna.com"
20.171.207.122 - - [17/Apr/2025:12:28:49 -0400] "GET /the-relaxation-advantage/feed/ HTTP/1.1" 200 381 "-" "Mozilla/5.0 AppleWebKit/537.36 (KHTML, like Gecko; compatible; GPTBot/1.2; +https://openai.com/gptbot)"
198.54.114.83 - - [17/Apr/2025:12:28:53 -0400] "POST /wp-admin/admin-ajax.php?action=async_litespeed&nonce=1kVaBk49Jbkh54ooK1JuZsPGQTCpsKns&litespeed_type=imgoptm HTTP/1.1" 200 0 "-" "WordPress/6.8; https://fileluna.com"
20.171.207.122 - - [17/Apr/2025:12:29:26 -0400] "GET /the-convenience-of-gift-certificates/feed/ HTTP/1.1" 200 396 "-" "Mozilla/5.0 AppleWebKit/537.36 (KHTML, like Gecko; compatible; GPTBot/1.2; +https://openai.com/gptbot)"
198.54.114.83 - - [17/Apr/2025:12:29:29 -0400] "POST /wp-cron.php?doing_wp_cron=1744907367.1229560375213623046875 HTTP/1.1" 200 0 "-" "WordPress/6.8; https://fileluna.com"
85.215.162.226 - - [17/Apr/2025:12:29:56 -0400] "POST /wp-login.php HTTP/1.1" 200 1882 "-" "Mozilla/5.0"
85.215.162.226 - - [17/Apr/2025:12:29:56 -0400] "POST /wp-login.php HTTP/1.1" 200 1883 "-" "Mozilla/5.0"
20.171.207.122 - - [17/Apr/2025:12:30:23 -0400] "GET /a-new-era-of-gambling/feed/ HTTP/1.1" 200 385 "-" "Mozilla/5.0 AppleWebKit/537.36 (KHTML, like Gecko; compatible; GPTBot/1.2; +https://openai.com/gptbot)"
20.171.207.122 - - [17/Apr/2025:12:30:32 -0400] "GET /page/11/ HTTP/1.1" 200 13156 "-" "Mozilla/5.0 AppleWebKit/537.36 (KHTML, like Gecko; compatible; GPTBot/1.2; +https://openai.com/gptbot)"
20.171.207.122 - - [17/Apr/2025:12:31:52 -0400] "GET /business-trip-massage/feed/ HTTP/1.1" 200 372 "-" "Mozilla/5.0 AppleWebKit/537.36 (KHTML, like Gecko; compatible; GPTBot/1.2; +https://openai.com/gptbot)"
20.171.207.122 - - [17/Apr/2025:12:31:55 -0400] "GET /page/36/ HTTP/1.1" 200 12985 "-" "Mozilla/5.0 AppleWebKit/537.36 (KHTML, like Gecko; compatible; GPTBot/1.2; +https://openai.com/gptbot)"
198.54.114.83 - - [17/Apr/2025:12:31:56 -0400] "POST /wp-cron.php?doing_wp_cron=1744907512.8146610260009765625000 HTTP/1.1" 200 0 "-" "WordPress/6.8; https://fileluna.com"
20.171.207.122 - - [17/Apr/2025:12:33:16 -0400] "GET /?p=391 HTTP/1.1" 301 0 "-" "Mozilla/5.0 AppleWebKit/537.36 (KHTML, like Gecko; compatible; GPTBot/1.2; +https://openai.com/gptbot)"
198.54.114.83 - - [17/Apr/2025:12:33:21 -0400] "POST /wp-cron.php?doing_wp_cron=1744907597.0441429615020751953125 HTTP/1.1" 200 0 "-" "WordPress/6.8; https://fileluna.com"
51.81.207.12 - - [17/Apr/2025:12:33:41 -0400] "POST /xmlrpc.php HTTP/1.1" 200 186 "https://fileluna.com" "Mozilla/5.0 (Macintosh; Intel Mac OS X 10_15_7) AppleWebKit/537.36 (KHTML, like Gecko) Chrome/126.0.0.0 Safari/537.36"
20.171.207.122 - - [17/Apr/2025:12:34:27 -0400] "GET /the-power-of-small-payment-gift-certificates/feed/ HTTP/1.1" 200 412 "-" "Mozilla/5.0 AppleWebKit/537.36 (KHTML, like Gecko; compatible; GPTBot/1.2; +https://openai.com/gptbot)"
198.54.114.83 - - [17/Apr/2025:12:34:32 -0400] "POST /wp-cron.php?doing_wp_cron=1744907668.1924240589141845703125 HTTP/1.1" 200 0 "-" "WordPress/6.8; https://fileluna.com"
114.119.129.198 - - [17/Apr/2025:12:35:09 -0400] "GET /die-kunst-des-kaufens-von-gerosteten-mandeln/ HTTP/1.1" 200 12051 "https://fileluna.com/the-role-of-law-tutors-in-academic-success/" "Mozilla/5.0 (Linux; Android 7.0;) AppleWebKit/537.36 (KHTML, like Gecko) Mobile Safari/537.36 (compatible; PetalBot;+https://webmaster.petalsearch.com/site/petalbot)"
20.171.207.122 - - [17/Apr/2025:12:35:13 -0400] "GET /the-allure-of-las-vegas-web-design/ HTTP/1.1" 200 12025 "-" "Mozilla/5.0 AppleWebKit/537.36 (KHTML, like Gecko; compatible; GPTBot/1.2; +https://openai.com/gptbot)"
20.171.207.122 - - [17/Apr/2025:12:35:27 -0400] "GET /passover-hotels-2025/ HTTP/1.1" 200 11475 "-" "Mozilla/5.0 AppleWebKit/537.36 (KHTML, like Gecko; compatible; GPTBot/1.2; +https://openai.com/gptbot)"
20.171.207.122 - - [17/Apr/2025:12:36:15 -0400] "GET /professionelle-wohnungsauflosungen-in-luneburg/ HTTP/1.1" 200 11776 "-" "Mozilla/5.0 AppleWebKit/537.36 (KHTML, like Gecko; compatible; GPTBot/1.2; +https://openai.com/gptbot)"
198.54.114.83 - - [17/Apr/2025:12:36:21 -0400] "POST /wp-cron.php?doing_wp_cron=1744907776.2024459838867187500000 HTTP/1.1" 200 0 "-" "WordPress/6.8; https://fileluna.com"
20.171.207.122 - - [17/Apr/2025:12:36:32 -0400] "GET /page/35/ HTTP/1.1" 200 13023 "-" "Mozilla/5.0 AppleWebKit/537.36 (KHTML, like Gecko; compatible; GPTBot/1.2; +https://openai.com/gptbot)"
20.171.207.122 - - [17/Apr/2025:12:37:08 -0400] "GET /effiziente-haushaltsauflosungen-in-luneburg/ HTTP/1.1" 200 11996 "-" "Mozilla/5.0 AppleWebKit/537.36 (KHTML, like Gecko; compatible; GPTBot/1.2; +https://openai.com/gptbot)"
20.171.207.122 - - [17/Apr/2025:12:37:21 -0400] "GET /page/10/ HTTP/1.1" 200 12957 "-" "Mozilla/5.0 AppleWebKit/537.36 (KHTML, like Gecko; compatible; GPTBot/1.2; +https://openai.com/gptbot)"
198.54.114.83 - - [17/Apr/2025:12:37:25 -0400] "POST /wp-cron.php?doing_wp_cron=1744907841.4198460578918457031250 HTTP/1.1" 200 0 "-" "WordPress/6.8; https://fileluna.com"
20.171.207.122 - - [17/Apr/2025:12:37:47 -0400] "GET /understanding-fenbendazole-an-overview/ HTTP/1.1" 200 12023 "-" "Mozilla/5.0 AppleWebKit/537.36 (KHTML, like Gecko; compatible; GPTBot/1.2; +https://openai.com/gptbot)"
20.171.207.122 - - [17/Apr/2025:12:38:08 -0400] "GET /effektive-haushaltsauflosungen-in-luneburg/ HTTP/1.1" 200 11821 "-" "Mozilla/5.0 AppleWebKit/537.36 (KHTML, like Gecko; compatible; GPTBot/1.2; +https://openai.com/gptbot)"
20.171.207.122 - - [17/Apr/2025:12:38:16 -0400] "GET /page/34/ HTTP/1.1" 200 12886 "-" "Mozilla/5.0 AppleWebKit/537.36 (KHTML, like Gecko; compatible; GPTBot/1.2; +https://openai.com/gptbot)"
20.171.207.122 - - [17/Apr/2025:12:38:41 -0400] "GET /ein-notwendiger-schritt/ HTTP/1.1" 200 11788 "-" "Mozilla/5.0 AppleWebKit/537.36 (KHTML, like Gecko; compatible; GPTBot/1.2; +https://openai.com/gptbot)"
198.54.114.83 - - [17/Apr/2025:12:38:45 -0400] "POST /wp-cron.php?doing_wp_cron=1744907921.7951359748840332031250 HTTP/1.1" 200 0 "-" "WordPress/6.8; https://fileluna.com"
20.171.207.122 - - [17/Apr/2025:12:39:27 -0400] "GET /firmenauflosung-luneburg/ HTTP/1.1" 200 11179 "-" "Mozilla/5.0 AppleWebKit/537.36 (KHTML, like Gecko; compatible; GPTBot/1.2; +https://openai.com/gptbot)"
20.171.207.122 - - [17/Apr/2025:12:40:27 -0400] "GET /?p=404 HTTP/1.1" 301 0 "-" "Mozilla/5.0 AppleWebKit/537.36 (KHTML, like Gecko; compatible; GPTBot/1.2; +https://openai.com/gptbot)"
20.171.207.122 - - [17/Apr/2025:12:41:23 -0400] "GET /?p=401 HTTP/1.1" 301 0 "-" "Mozilla/5.0 AppleWebKit/537.36 (KHTML, like Gecko; compatible; GPTBot/1.2; +https://openai.com/gptbot)"
85.215.162.226 - - [17/Apr/2025:12:41:23 -0400] "POST /wp-login.php HTTP/1.1" 200 1883 "-" "Mozilla/5.0"
85.215.162.226 - - [17/Apr/2025:12:41:23 -0400] "POST /wp-login.php HTTP/1.1" 200 1882 "-" "Mozilla/5.0"
198.54.119.106 - - [17/Apr/2025:12:42:14 -0400] "POST /xmlrpc.php HTTP/1.1" 200 186 "https://fileluna.com" "Mozilla/5.0 (Macintosh; Intel Mac OS X 10_15_7) AppleWebKit/537.36 (KHTML, like Gecko) Chrome/115.0.5790.102 Safari/537.36"
198.54.114.83 - - [17/Apr/2025:12:42:18 -0400] "POST /wp-cron.php?doing_wp_cron=1744908134.7865369319915771484375 HTTP/1.1" 200 0 "-" "WordPress/6.8; https://fileluna.com"
20.171.207.122 - - [17/Apr/2025:12:42:23 -0400] "GET /?p=394 HTTP/1.1" 301 0 "-" "Mozilla/5.0 AppleWebKit/537.36 (KHTML, like Gecko; compatible; GPTBot/1.2; +https://openai.com/gptbot)"
20.171.207.122 - - [17/Apr/2025:12:42:55 -0400] "GET /?p=408 HTTP/1.1" 301 0 "-" "Mozilla/5.0 AppleWebKit/537.36 (KHTML, like Gecko; compatible; GPTBot/1.2; +https://openai.com/gptbot)"
20.171.207.122 - - [17/Apr/2025:12:43:07 -0400] "GET /?p=407 HTTP/1.1" 301 0 "-" "Mozilla/5.0 AppleWebKit/537.36 (KHTML, like Gecko; compatible; GPTBot/1.2; +https://openai.com/gptbot)"
20.171.207.122 - - [17/Apr/2025:12:43:49 -0400] "GET /?p=403 HTTP/1.1" 301 0 "-" "Mozilla/5.0 AppleWebKit/537.36 (KHTML, like Gecko; compatible; GPTBot/1.2; +https://openai.com/gptbot)"
198.54.114.83 - - [17/Apr/2025:12:43:52 -0400] "POST /wp-cron.php?doing_wp_cron=1744908230.2409849166870117187500 HTTP/1.1" 200 0 "-" "WordPress/6.8; https://fileluna.com"
20.171.207.122 - - [17/Apr/2025:12:44:06 -0400] "GET /understanding-electronic-warrants-a-modern-approach-to-law-enforcement/ HTTP/1.1" 200 11851 "-" "Mozilla/5.0 AppleWebKit/537.36 (KHTML, like Gecko; compatible; GPTBot/1.2; +https://openai.com/gptbot)"
20.171.207.122 - - [17/Apr/2025:12:44:41 -0400] "GET /?p=397 HTTP/1.1" 301 0 "-" "Mozilla/5.0 AppleWebKit/537.36 (KHTML, like Gecko; compatible; GPTBot/1.2; +https://openai.com/gptbot)"
20.171.207.122 - - [17/Apr/2025:12:45:38 -0400] "GET /?p=399 HTTP/1.1" 301 0 "-" "Mozilla/5.0 AppleWebKit/537.36 (KHTML, like Gecko; compatible; GPTBot/1.2; +https://openai.com/gptbot)"
20.171.207.122 - - [17/Apr/2025:12:45:37 -0400] "GET /umzugsunternehmen-in-luneburg-ihr-partner-fur-einen-stressfreien-umzug/ HTTP/1.1" 200 12092 "-" "Mozilla/5.0 AppleWebKit/537.36 (KHTML, like Gecko; compatible; GPTBot/1.2; +https://openai.com/gptbot)"
198.54.114.83 - - [17/Apr/2025:12:45:42 -0400] "POST /wp-cron.php?doing_wp_cron=1744908338.0613830089569091796875 HTTP/1.1" 200 0 "-" "WordPress/6.8; https://fileluna.com"
20.171.207.122 - - [17/Apr/2025:12:46:50 -0400] "GET /transforming-law-enforcement-the-rise-of-electronic-warrants/ HTTP/1.1" 200 12024 "-" "Mozilla/5.0 AppleWebKit/537.36 (KHTML, like Gecko; compatible; GPTBot/1.2; +https://openai.com/gptbot)"
20.171.207.122 - - [17/Apr/2025:12:46:49 -0400] "GET /umzugsunternehmen-in-luneburg-ihr-partner-fur-einen-reibungslosen-umzug/ HTTP/1.1" 200 12070 "-" "Mozilla/5.0 AppleWebKit/537.36 (KHTML, like Gecko; compatible; GPTBot/1.2; +https://openai.com/gptbot)"
198.54.114.83 - - [17/Apr/2025:12:46:53 -0400] "POST /wp-cron.php?doing_wp_cron=1744908410.2085959911346435546875 HTTP/1.1" 200 0 "-" "WordPress/6.8; https://fileluna.com"
198.54.114.83 - - [17/Apr/2025:12:46:53 -0400] "POST /wp-cron.php?doing_wp_cron=1744908410.2729790210723876953125 HTTP/1.1" 200 0 "-" "WordPress/6.8; https://fileluna.com"
66.249.70.110 - - [17/Apr/2025:12:47:19 -0400] "GET /wp-includes/js/jquery/jquery-migrate.min.js?ver=3.4.1 HTTP/1.1" 200 4678 "https://fileluna.com/2023/" "Mozilla/5.0 (Linux; Android 6.0.1; Nexus 5X Build/MMB29P) AppleWebKit/537.36 (KHTML, like Gecko) Chrome/134.0.6998.165 Mobile Safari/537.36 (compatible; Googlebot/2.1; +http://www.google.com/bot.html)"
20.171.207.122 - - [17/Apr/2025:12:48:01 -0400] "GET /plaques-dimmatriculation-personnalisees-une-touche-doriginalite/ HTTP/1.1" 200 11779 "-" "Mozilla/5.0 AppleWebKit/537.36 (KHTML, like Gecko; compatible; GPTBot/1.2; +https://openai.com/gptbot)"
198.54.114.83 - - [17/Apr/2025:12:48:06 -0400] "POST /wp-cron.php?doing_wp_cron=1744908482.7409439086914062500000 HTTP/1.1" 200 0 "-" "WordPress/6.8; https://fileluna.com"
20.171.207.122 - - [17/Apr/2025:12:48:09 -0400] "GET /wp-json/oembed/1.0/embed?format=xml&url=https%3A%2F%2Ffileluna.com%2Funderstanding-electronic-warrants-a-modern-approach-to-law-enforcement%2F HTTP/1.1" 200 1114 "-" "Mozilla/5.0 AppleWebKit/537.36 (KHTML, like Gecko; compatible; GPTBot/1.2; +https://openai.com/gptbot)"
103.11.103.186 - - [17/Apr/2025:12:48:52 -0400] "GET /wp-login.php HTTP/1.1" 200 1760 "-" "GRequests/0.10"
103.11.103.186 - - [17/Apr/2025:12:48:59 -0400] "POST /wp-login.php HTTP/1.1" 200 1887 "-" "GRequests/0.10"
20.171.207.122 - - [17/Apr/2025:12:49:26 -0400] "GET /?p=421 HTTP/1.1" 301 0 "-" "Mozilla/5.0 AppleWebKit/537.36 (KHTML, like Gecko; compatible; GPTBot/1.2; +https://openai.com/gptbot)"
198.54.114.83 - - [17/Apr/2025:12:49:33 -0400] "POST /wp-cron.php?doing_wp_cron=1744908566.7344689369201660156250 HTTP/1.1" 200 0 "-" "WordPress/6.8; https://fileluna.com"
20.171.207.122 - - [17/Apr/2025:12:50:40 -0400] "GET /understanding-electronic-warrants-a-modern-approach-to-law-enforcement/feed/ HTTP/1.1" 200 430 "-" "Mozilla/5.0 AppleWebKit/537.36 (KHTML, like Gecko; compatible; GPTBot/1.2; +https://openai.com/gptbot)"
199.188.205.3 - - [17/Apr/2025:12:50:49 -0400] "POST /xmlrpc.php HTTP/1.1" 200 186 "https://fileluna.com" "Mozilla/5.0 (Macintosh; Intel Mac OS X 10_15_7; rv:129.0) Gecko/20100101 Firefox/129.0"
20.171.207.122 - - [17/Apr/2025:12:51:05 -0400] "GET /?p=413 HTTP/1.1" 301 0 "-" "Mozilla/5.0 AppleWebKit/537.36 (KHTML, like Gecko; compatible; GPTBot/1.2; +https://openai.com/gptbot)"
20.171.207.122 - - [17/Apr/2025:12:52:09 -0400] "GET /les-plaques-dimmatriculation-personnalisees-un-choix-unique/ HTTP/1.1" 200 12042 "-" "Mozilla/5.0 AppleWebKit/537.36 (KHTML, like Gecko; compatible; GPTBot/1.2; +https://openai.com/gptbot)"
198.54.114.83 - - [17/Apr/2025:12:52:13 -0400] "POST /wp-cron.php?doing_wp_cron=1744908729.9523379802703857421875 HTTP/1.1" 200 0 "-" "WordPress/6.8; https://fileluna.com"
20.171.207.122 - - [17/Apr/2025:12:52:32 -0400] "GET /?p=441 HTTP/1.1" 301 0 "-" "Mozilla/5.0 AppleWebKit/537.36 (KHTML, like Gecko; compatible; GPTBot/1.2; +https://openai.com/gptbot)"
85.215.162.226 - - [17/Apr/2025:12:53:08 -0400] "POST /wp-login.php HTTP/1.1" 200 1882 "-" "Mozilla/5.0"
85.215.162.226 - - [17/Apr/2025:12:53:09 -0400] "POST /wp-login.php HTTP/1.1" 200 1883 "-" "Mozilla/5.0"
20.171.207.122 - - [17/Apr/2025:12:53:36 -0400] "GET /the-allure-of-las-vegas-web-design/feed/ HTTP/1.1" 200 402 "-" "Mozilla/5.0 AppleWebKit/537.36 (KHTML, like Gecko; compatible; GPTBot/1.2; +https://openai.com/gptbot)"
20.171.207.122 - - [17/Apr/2025:12:53:54 -0400] "GET /?p=415 HTTP/1.1" 301 0 "-" "Mozilla/5.0 AppleWebKit/537.36 (KHTML, like Gecko; compatible; GPTBot/1.2; +https://openai.com/gptbot)"
20.171.207.122 - - [17/Apr/2025:12:53:57 -0400] "GET /?p=438 HTTP/1.1" 301 0 "-" "Mozilla/5.0 AppleWebKit/537.36 (KHTML, like Gecko; compatible; GPTBot/1.2; +https://openai.com/gptbot)"
20.171.207.122 - - [17/Apr/2025:12:55:00 -0400] "GET /umzugsunternehmen-in-luneburg-ihr-partner-fur-einen-reibungslosen-umzug/feed/ HTTP/1.1" 200 442 "-" "Mozilla/5.0 AppleWebKit/537.36 (KHTML, like Gecko; compatible; GPTBot/1.2; +https://openai.com/gptbot)"
20.171.207.122 - - [17/Apr/2025:12:55:40 -0400] "GET /umzugsunternehmen-in-luneburg-ihr-partner-fur-einen-stressfreien-umzug/feed/ HTTP/1.1" 200 442 "-" "Mozilla/5.0 AppleWebKit/537.36 (KHTML, like Gecko; compatible; GPTBot/1.2; +https://openai.com/gptbot)"
20.171.207.122 - - [17/Apr/2025:12:56:10 -0400] "GET /?p=423 HTTP/1.1" 301 0 "-" "Mozilla/5.0 AppleWebKit/537.36 (KHTML, like Gecko; compatible; GPTBot/1.2; +https://openai.com/gptbot)"
198.54.114.83 - - [17/Apr/2025:12:56:15 -0400] "POST /wp-cron.php?doing_wp_cron=1744908970.7898859977722167968750 HTTP/1.1" 200 0 "-" "WordPress/6.8; https://fileluna.com"
20.171.207.122 - - [17/Apr/2025:12:57:12 -0400] "GET /transforming-law-enforcement-the-rise-of-electronic-warrants/feed/ HTTP/1.1" 200 426 "-" "Mozilla/5.0 AppleWebKit/537.36 (KHTML, like Gecko; compatible; GPTBot/1.2; +https://openai.com/gptbot)"
20.171.207.122 - - [17/Apr/2025:12:58:05 -0400] "GET /les-plaques-dimmatriculation-personnalisees-un-choix-unique/feed/ HTTP/1.1" 200 440 "-" "Mozilla/5.0 AppleWebKit/537.36 (KHTML, like Gecko; compatible; GPTBot/1.2; +https://openai.com/gptbot)"
20.171.207.122 - - [17/Apr/2025:12:58:32 -0400] "GET /umzugsunternehmen-in-hamburg-ihre-beste-wahl/ HTTP/1.1" 200 11809 "-" "Mozilla/5.0 AppleWebKit/537.36 (KHTML, like Gecko; compatible; GPTBot/1.2; +https://openai.com/gptbot)"
20.171.207.122 - - [17/Apr/2025:12:58:54 -0400] "GET /plaques-dimmatriculation-personnalisees-une-touche-doriginalite/feed/ HTTP/1.1" 200 440 "-" "Mozilla/5.0 AppleWebKit/537.36 (KHTML, like Gecko; compatible; GPTBot/1.2; +https://openai.com/gptbot)"
176.74.26.54 - - [17/Apr/2025:12:59:17 -0400] "POST /xmlrpc.php HTTP/1.1" 200 186 "https://fileluna.com" "Mozilla/5.0 (Macintosh; Intel Mac OS X 10_15_7) AppleWebKit/537.36 (KHTML, like Gecko) Chrome/126.0.0.0 Safari/537.36"
20.171.207.122 - - [17/Apr/2025:12:59:39 -0400] "GET /exploring-the-essence-of-pesach-programs/ HTTP/1.1" 200 11724 "-" "Mozilla/5.0 AppleWebKit/537.36 (KHTML, like Gecko; compatible; GPTBot/1.2; +https://openai.com/gptbot)"
20.171.207.122 - - [17/Apr/2025:13:00:33 -0400] "GET /ihr-partner-fur-einen-stressfreien-umzug/ HTTP/1.1" 200 11876 "-" "Mozilla/5.0 AppleWebKit/537.36 (KHTML, like Gecko; compatible; GPTBot/1.2; +https://openai.com/gptbot)"
20.171.207.122 - - [17/Apr/2025:13:01:04 -0400] "GET /professionelle-wohnungsauflosungen-in-luneburg/feed/ HTTP/1.1" 200 407 "-" "Mozilla/5.0 AppleWebKit/537.36 (KHTML, like Gecko; compatible; GPTBot/1.2; +https://openai.com/gptbot)"
20.171.207.122 - - [17/Apr/2025:13:01:36 -0400] "GET /effiziente-unternehmensauflosungen-in-luneburg/ HTTP/1.1" 200 12029 "-" "Mozilla/5.0 AppleWebKit/537.36 (KHTML, like Gecko; compatible; GPTBot/1.2; +https://openai.com/gptbot)"
20.171.207.122 - - [17/Apr/2025:13:01:59 -0400] "GET /effiziente-haushaltsauflosungen-in-luneburg/feed/ HTTP/1.1" 200 408 "-" "Mozilla/5.0 AppleWebKit/537.36 (KHTML, like Gecko; compatible; GPTBot/1.2; +https://openai.com/gptbot)"
20.171.207.122 - - [17/Apr/2025:13:02:53 -0400] "GET /xmlrpc.php HTTP/1.1" 405 46 "-" "Mozilla/5.0 AppleWebKit/537.36 (KHTML, like Gecko; compatible; GPTBot/1.2; +https://openai.com/gptbot)"
20.171.207.122 - - [17/Apr/2025:13:03:05 -0400] "GET /umzuge-mit-vertrauen-und-erfahrung/ HTTP/1.1" 200 11820 "-" "Mozilla/5.0 AppleWebKit/537.36 (KHTML, like Gecko; compatible; GPTBot/1.2; +https://openai.com/gptbot)"
20.171.207.122 - - [17/Apr/2025:13:03:08 -0400] "GET /?p=429 HTTP/1.1" 301 0 "-" "Mozilla/5.0 AppleWebKit/537.36 (KHTML, like Gecko; compatible; GPTBot/1.2; +https://openai.com/gptbot)"
109.236.93.77 - - [17/Apr/2025:13:03:49 -0400] "GET / HTTP/1.1" 200 12777 "-" "Mozilla/5.0 (Windows NT 10.0; Win64; x64) AppleWebKit/537.36 (KHTML, like Gecko) Chrome/118.0.0.0 Safari/537.36"
20.171.207.122 - - [17/Apr/2025:13:04:00 -0400] "GET /effiziente-unternehmensauflosung-in-luneburg/ HTTP/1.1" 200 11837 "-" "Mozilla/5.0 AppleWebKit/537.36 (KHTML, like Gecko; compatible; GPTBot/1.2; +https://openai.com/gptbot)"
20.171.207.122 - - [17/Apr/2025:13:04:12 -0400] "GET /?p=437 HTTP/1.1" 301 0 "-" "Mozilla/5.0 AppleWebKit/537.36 (KHTML, like Gecko; compatible; GPTBot/1.2; +https://openai.com/gptbot)"
85.215.162.226 - - [17/Apr/2025:13:04:52 -0400] "POST /wp-login.php HTTP/1.1" 200 1882 "-" "Mozilla/5.0"
85.215.162.226 - - [17/Apr/2025:13:04:52 -0400] "POST /wp-login.php HTTP/1.1" 200 1883 "-" "Mozilla/5.0"
20.171.207.122 - - [17/Apr/2025:13:05:17 -0400] "GET /umzugsunternehmen-in-hamburg-ihre-beste-wahl/feed/ HTTP/1.1" 200 409 "-" "Mozilla/5.0 AppleWebKit/537.36 (KHTML, like Gecko; compatible; GPTBot/1.2; +https://openai.com/gptbot)"
20.171.207.122 - - [17/Apr/2025:13:05:54 -0400] "GET /?p=431 HTTP/1.1" 301 0 "-" "Mozilla/5.0 AppleWebKit/537.36 (KHTML, like Gecko; compatible; GPTBot/1.2; +https://openai.com/gptbot)"
20.171.207.122 - - [17/Apr/2025:13:06:36 -0400] "GET /exploring-the-essence-of-pesach-programs/feed/ HTTP/1.1" 200 397 "-" "Mozilla/5.0 AppleWebKit/537.36 (KHTML, like Gecko; compatible; GPTBot/1.2; +https://openai.com/gptbot)"
20.171.207.122 - - [17/Apr/2025:13:07:00 -0400] "GET /?p=445 HTTP/1.1" 301 0 "-" "Mozilla/5.0 AppleWebKit/537.36 (KHTML, like Gecko; compatible; GPTBot/1.2; +https://openai.com/gptbot)"
20.171.207.122 - - [17/Apr/2025:13:07:51 -0400] "GET /?p=447 HTTP/1.1" 301 0 "-" "Mozilla/5.0 AppleWebKit/537.36 (KHTML, like Gecko; compatible; GPTBot/1.2; +https://openai.com/gptbot)"
2a03:b0c0:3:f0::6afb:f000 - - [17/Apr/2025:13:07:52 -0400] "POST /xmlrpc.php HTTP/1.1" 200 186 "https://fileluna.com" "Mozilla/5.0 (Macintosh; Intel Mac OS X 10_15_7; rv:126.0) Gecko/20100101 Firefox/126.0"
20.171.207.122 - - [17/Apr/2025:13:08:30 -0400] "GET /ihr-partner-fur-einen-stressfreien-umzug/feed/ HTTP/1.1" 200 403 "-" "Mozilla/5.0 AppleWebKit/537.36 (KHTML, like Gecko; compatible; GPTBot/1.2; +https://openai.com/gptbot)"
20.171.207.122 - - [17/Apr/2025:13:09:14 -0400] "GET /?p=442 HTTP/1.1" 301 0 "-" "Mozilla/5.0 AppleWebKit/537.36 (KHTML, like Gecko; compatible; GPTBot/1.2; +https://openai.com/gptbot)"
66.249.70.104 - - [17/Apr/2025:13:09:30 -0400] "GET /winsen-erheben-die-kunst-und-wirkung-achtsamer-reinigung/ HTTP/1.1" 200 12593 "-" "Mozilla/5.0 (Linux; Android 6.0.1; Nexus 5X Build/MMB29P) AppleWebKit/537.36 (KHTML, like Gecko) Chrome/135.0.7049.95 Mobile Safari/537.36 (compatible; Googlebot/2.1; +http://www.google.com/bot.html)"
103.20.102.10 - - [17/Apr/2025:13:09:35 -0400] "POST /xmlrpc.php HTTP/1.1" 200 205 "-" "Mozilla/5.0 (X11; Fedora; Linux x86_64; rv:94.0) Gecko/20100101 Firefox/95.0"
20.171.207.122 - - [17/Apr/2025:13:09:54 -0400] "GET /effiziente-unternehmensauflosungen-in-luneburg/feed/ HTTP/1.1" 200 411 "-" "Mozilla/5.0 AppleWebKit/537.36 (KHTML, like Gecko; compatible; GPTBot/1.2; +https://openai.com/gptbot)"
20.171.207.122 - - [17/Apr/2025:13:10:02 -0400] "GET /effiziente-unternehmensauflosung-in-luneburg/feed/ HTTP/1.1" 200 410 "-" "Mozilla/5.0 AppleWebKit/537.36 (KHTML, like Gecko; compatible; GPTBot/1.2; +https://openai.com/gptbot)"
20.171.207.122 - - [17/Apr/2025:13:10:22 -0400] "GET /umzuge-mit-vertrauen-und-erfahrung/feed/ HTTP/1.1" 200 403 "-" "Mozilla/5.0 AppleWebKit/537.36 (KHTML, like Gecko; compatible; GPTBot/1.2; +https://openai.com/gptbot)"
20.171.207.122 - - [17/Apr/2025:13:11:24 -0400] "GET /effektive-haushaltsauflosungen-in-luneburg/feed/ HTTP/1.1" 200 408 "-" "Mozilla/5.0 AppleWebKit/537.36 (KHTML, like Gecko; compatible; GPTBot/1.2; +https://openai.com/gptbot)"
216.244.66.246 - - [17/Apr/2025:13:11:40 -0400] "GET /robots.txt HTTP/1.1" 304 0 "-" "Mozilla/5.0 (compatible; DotBot/1.2; +https://opensiteexplorer.org/dotbot; help@moz.com)"
20.171.207.122 - - [17/Apr/2025:13:11:45 -0400] "GET /xmlrpc.php HTTP/1.1" 405 46 "-" "Mozilla/5.0 AppleWebKit/537.36 (KHTML, like Gecko; compatible; GPTBot/1.2; +https://openai.com/gptbot)"
20.171.207.122 - - [17/Apr/2025:13:12:04 -0400] "GET /effektive-wohnungsraumung-in-luneburg/ HTTP/1.1" 200 11829 "-" "Mozilla/5.0 AppleWebKit/537.36 (KHTML, like Gecko; compatible; GPTBot/1.2; +https://openai.com/gptbot)"
20.171.207.122 - - [17/Apr/2025:13:12:40 -0400] "GET /professionelle-wohnungsraumung-in-luneburg/ HTTP/1.1" 200 12095 "-" "Mozilla/5.0 AppleWebKit/537.36 (KHTML, like Gecko; compatible; GPTBot/1.2; +https://openai.com/gptbot)"
20.171.207.122 - - [17/Apr/2025:13:13:30 -0400] "GET /der-prozess-der-unternehmensabwicklung/ HTTP/1.1" 200 11817 "-" "Mozilla/5.0 AppleWebKit/537.36 (KHTML, like Gecko; compatible; GPTBot/1.2; +https://openai.com/gptbot)"
20.171.207.122 - - [17/Apr/2025:13:13:45 -0400] "GET /exciting-pesach-programs-for-2025/ HTTP/1.1" 200 12070 "-" "Mozilla/5.0 AppleWebKit/537.36 (KHTML, like Gecko; compatible; GPTBot/1.2; +https://openai.com/gptbot)"
20.171.207.122 - - [17/Apr/2025:13:14:21 -0400] "GET /understanding-fenbendazole-an-overview/feed/ HTTP/1.1" 200 396 "-" "Mozilla/5.0 AppleWebKit/537.36 (KHTML, like Gecko; compatible; GPTBot/1.2; +https://openai.com/gptbot)"
20.171.207.122 - - [17/Apr/2025:13:14:36 -0400] "GET /die-bedeutung-von-jurastudiengebuhren/ HTTP/1.1" 200 11951 "-" "Mozilla/5.0 AppleWebKit/537.36 (KHTML, like Gecko; compatible; GPTBot/1.2; +https://openai.com/gptbot)"
20.171.207.122 - - [17/Apr/2025:13:15:17 -0400] "GET /plaque-dimmatriculation-personnalisee/ HTTP/1.1" 200 11284 "-" "Mozilla/5.0 AppleWebKit/537.36 (KHTML, like Gecko; compatible; GPTBot/1.2; +https://openai.com/gptbot)"
20.171.207.122 - - [17/Apr/2025:13:15:55 -0400] "GET /?p=417 HTTP/1.1" 301 0 "-" "Mozilla/5.0 AppleWebKit/537.36 (KHTML, like Gecko; compatible; GPTBot/1.2; +https://openai.com/gptbot)"
2604:a880:400:d1::899:4001 - - [17/Apr/2025:13:16:30 -0400] "POST /xmlrpc.php HTTP/1.1" 200 186 "https://fileluna.com" "Mozilla/5.0 (Windows NT 10.0; Win64; x64) AppleWebKit/537.36 (KHTML, like Gecko) Chrome/113.0.5672.126 Safari/537.36 Edg/113.0.1774.50"
20.171.207.122 - - [17/Apr/2025:13:16:33 -0400] "GET /discovering-2025-pesach-programs/ HTTP/1.1" 200 11824 "-" "Mozilla/5.0 AppleWebKit/537.36 (KHTML, like Gecko; compatible; GPTBot/1.2; +https://openai.com/gptbot)"
85.215.162.226 - - [17/Apr/2025:13:16:34 -0400] "POST /wp-login.php HTTP/1.1" 200 1882 "-" "Mozilla/5.0"
85.215.162.226 - - [17/Apr/2025:13:16:34 -0400] "POST /wp-login.php HTTP/1.1" 200 1883 "-" "Mozilla/5.0"
198.54.114.83 - - [17/Apr/2025:13:16:35 -0400] "POST /wp-cron.php?doing_wp_cron=1744910191.1251320838928222656250 HTTP/1.1" 200 0 "-" "WordPress/6.8; https://fileluna.com"
20.171.207.122 - - [17/Apr/2025:13:17:00 -0400] "GET /?p=411 HTTP/1.1" 301 0 "-" "Mozilla/5.0 AppleWebKit/537.36 (KHTML, like Gecko; compatible; GPTBot/1.2; +https://openai.com/gptbot)"
20.171.207.122 - - [17/Apr/2025:13:17:54 -0400] "GET /law-tuition/ HTTP/1.1" 200 11389 "-" "Mozilla/5.0 AppleWebKit/537.36 (KHTML, like Gecko; compatible; GPTBot/1.2; +https://openai.com/gptbot)"
20.171.207.122 - - [17/Apr/2025:13:18:07 -0400] "GET /?p=435 HTTP/1.1" 301 0 "-" "Mozilla/5.0 AppleWebKit/537.36 (KHTML, like Gecko; compatible; GPTBot/1.2; +https://openai.com/gptbot)"
198.54.114.83 - - [17/Apr/2025:13:18:13 -0400] "POST /wp-cron.php?doing_wp_cron=1744910288.5939919948577880859375 HTTP/1.1" 200 0 "-" "WordPress/6.8; https://fileluna.com"
45.144.212.167 - - [17/Apr/2025:13:19:52 -0400] "GET /app/etc/local.xml HTTP/1.1" 403 1242 "-" "Mozilla/5.0 (X11; Ubuntu; Linux i686; rv:28.0) Gecko/20100101 Firefox/72.0"
20.171.207.122 - - [17/Apr/2025:13:19:51 -0400] "GET /xmlrpc.php HTTP/1.1" 405 46 "-" "Mozilla/5.0 AppleWebKit/537.36 (KHTML, like Gecko; compatible; GPTBot/1.2; +https://openai.com/gptbot)"
45.144.212.167 - - [17/Apr/2025:13:20:08 -0400] "GET /api/index.php/v1/config/application?public=true HTTP/1.1" 200 0 "-" "Mozilla/5.0 (X11; Ubuntu; Linux i686; rv:28.0) Gecko/20100101 Firefox/72.0"
20.171.207.122 - - [17/Apr/2025:13:21:05 -0400] "GET /?p=454 HTTP/1.1" 301 0 "-" "Mozilla/5.0 AppleWebKit/537.36 (KHTML, like Gecko; compatible; GPTBot/1.2; +https://openai.com/gptbot)"
198.54.114.83 - - [17/Apr/2025:13:21:11 -0400] "POST /wp-cron.php?doing_wp_cron=1744910466.2148339748382568359375 HTTP/1.1" 200 0 "-" "WordPress/6.8; https://fileluna.com"
20.171.207.122 - - [17/Apr/2025:13:22:15 -0400] "GET /?p=427 HTTP/1.1" 301 0 "-" "Mozilla/5.0 AppleWebKit/537.36 (KHTML, like Gecko; compatible; GPTBot/1.2; +https://openai.com/gptbot)"
20.171.207.122 - - [17/Apr/2025:13:23:29 -0400] "GET /der-weg-zum-jurastudium-ein-law-tutor-an-ihrer-seite/ HTTP/1.1" 200 11838 "-" "Mozilla/5.0 AppleWebKit/537.36 (KHTML, like Gecko; compatible; GPTBot/1.2; +https://openai.com/gptbot)"
198.54.114.83 - - [17/Apr/2025:13:23:34 -0400] "POST /wp-cron.php?doing_wp_cron=1744910610.1234951019287109375000 HTTP/1.1" 200 0 "-" "WordPress/6.8; https://fileluna.com"
20.171.207.122 - - [17/Apr/2025:13:24:41 -0400] "GET /exciting-pesach-programs-for-2025/feed/ HTTP/1.1" 200 393 "-" "Mozilla/5.0 AppleWebKit/537.36 (KHTML, like Gecko; compatible; GPTBot/1.2; +https://openai.com/gptbot)"
198.54.114.83 - - [17/Apr/2025:13:24:47 -0400] "POST /wp-cron.php?doing_wp_cron=1744910682.2312569618225097656250 HTTP/1.1" 200 0 "-" "WordPress/6.8; https://fileluna.com"
111.229.111.163 - - [17/Apr/2025:13:24:59 -0400] "POST /xmlrpc.php HTTP/1.1" 200 186 "https://fileluna.com" "Mozilla/5.0 (Macintosh; Intel Mac OS X 10_15_7) AppleWebKit/537.36 (KHTML, like Gecko) Chrome/116.0.5845.96 Safari/537.36"
20.171.207.122 - - [17/Apr/2025:13:25:35 -0400] "GET /?p=419 HTTP/1.1" 301 0 "-" "Mozilla/5.0 AppleWebKit/537.36 (KHTML, like Gecko; compatible; GPTBot/1.2; +https://openai.com/gptbot)"
20.171.207.122 - - [17/Apr/2025:13:26:33 -0400] "GET /?p=433 HTTP/1.1" 301 0 "-" "Mozilla/5.0 AppleWebKit/537.36 (KHTML, like Gecko; compatible; GPTBot/1.2; +https://openai.com/gptbot)"
20.171.207.122 - - [17/Apr/2025:13:27:30 -0400] "GET /discovering-2025-pesach-programs/feed/ HTTP/1.1" 200 383 "-" "Mozilla/5.0 AppleWebKit/537.36 (KHTML, like Gecko; compatible; GPTBot/1.2; +https://openai.com/gptbot)"
85.215.162.226 - - [17/Apr/2025:13:28:06 -0400] "POST /wp-login.php HTTP/1.1" 200 1883 "-" "Mozilla/5.0"
85.215.162.226 - - [17/Apr/2025:13:28:06 -0400] "POST /wp-login.php HTTP/1.1" 200 1882 "-" "Mozilla/5.0"
198.54.114.83 - - [17/Apr/2025:13:28:10 -0400] "POST /wp-cron.php?doing_wp_cron=1744910886.8145139217376708984375 HTTP/1.1" 200 0 "-" "WordPress/6.8; https://fileluna.com"
198.54.114.83 - - [17/Apr/2025:13:28:10 -0400] "POST /wp-cron.php?doing_wp_cron=1744910886.7558350563049316406250 HTTP/1.1" 200 0 "-" "WordPress/6.8; https://fileluna.com"
20.171.207.122 - - [17/Apr/2025:13:28:20 -0400] "GET /?p=449 HTTP/1.1" 301 0 "-" "Mozilla/5.0 AppleWebKit/537.36 (KHTML, like Gecko; compatible; GPTBot/1.2; +https://openai.com/gptbot)"
20.171.207.122 - - [17/Apr/2025:13:29:10 -0400] "GET /professionelle-wohnungsraumung-in-luneburg/feed/ HTTP/1.1" 200 407 "-" "Mozilla/5.0 AppleWebKit/537.36 (KHTML, like Gecko; compatible; GPTBot/1.2; +https://openai.com/gptbot)"
198.54.114.83 - - [17/Apr/2025:13:29:15 -0400] "POST /wp-cron.php?doing_wp_cron=1744910950.7557981014251708984375 HTTP/1.1" 200 0 "-" "WordPress/6.8; https://fileluna.com"
20.171.207.122 - - [17/Apr/2025:13:29:59 -0400] "GET /der-prozess-der-unternehmensabwicklung/feed/ HTTP/1.1" 200 391 "-" "Mozilla/5.0 AppleWebKit/537.36 (KHTML, like Gecko; compatible; GPTBot/1.2; +https://openai.com/gptbot)"
20.171.207.122 - - [17/Apr/2025:13:30:52 -0400] "GET /effektive-wohnungsraumung-in-luneburg/feed/ HTTP/1.1" 200 406 "-" "Mozilla/5.0 AppleWebKit/537.36 (KHTML, like Gecko; compatible; GPTBot/1.2; +https://openai.com/gptbot)"
20.171.207.122 - - [17/Apr/2025:13:31:44 -0400] "GET /die-bedeutung-von-jurastudiengebuhren/feed/ HTTP/1.1" 200 403 "-" "Mozilla/5.0 AppleWebKit/537.36 (KHTML, like Gecko; compatible; GPTBot/1.2; +https://openai.com/gptbot)"
190.92.209.229 - - [17/Apr/2025:13:31:49 -0400] "GET /category/arts-entertainments/page/50/ HTTP/1.1" 200 11580 "https://fileluna.com/category/arts-entertainments/page/50/" "Mozilla/5.0 (Macintosh; Intel Mac OS X 10_15_7) AppleWebKit/537.36 (KHTML, like Gecko) Chrome/119.0.0.0 Safari/537.36"
20.171.207.122 - - [17/Apr/2025:13:32:38 -0400] "GET /plaque-dimmatriculation-personnalisee/feed/ HTTP/1.1" 200 399 "-" "Mozilla/5.0 AppleWebKit/537.36 (KHTML, like Gecko; compatible; GPTBot/1.2; +https://openai.com/gptbot)"
185.57.11.246 - - [17/Apr/2025:13:33:13 -0400] "POST /xmlrpc.php HTTP/1.1" 200 186 "https://fileluna.com" "Mozilla/5.0 (Macintosh; Intel Mac OS X 14_4_1) AppleWebKit/605.1.15 (KHTML, like Gecko) Version/17.3.1 Safari/605.1.15"
20.171.207.122 - - [17/Apr/2025:13:33:35 -0400] "GET /?p=457 HTTP/1.1" 301 0 "-" "Mozilla/5.0 AppleWebKit/537.36 (KHTML, like Gecko; compatible; GPTBot/1.2; +https://openai.com/gptbot)"
20.171.207.122 - - [17/Apr/2025:13:34:31 -0400] "GET /der-weg-zum-jurastudium-ein-law-tutor-an-ihrer-seite-2/ HTTP/1.1" 200 11920 "-" "Mozilla/5.0 AppleWebKit/537.36 (KHTML, like Gecko; compatible; GPTBot/1.2; +https://openai.com/gptbot)"
198.54.114.83 - - [17/Apr/2025:13:34:35 -0400] "POST /wp-cron.php?doing_wp_cron=1744911271.8505280017852783203125 HTTP/1.1" 200 0 "-" "WordPress/6.8; https://fileluna.com"
20.171.207.122 - - [17/Apr/2025:13:35:30 -0400] "GET /der-weg-zum-jurastudium-ein-law-tutor-an-ihrer-seite/feed/ HTTP/1.1" 200 427 "-" "Mozilla/5.0 AppleWebKit/537.36 (KHTML, like Gecko; compatible; GPTBot/1.2; +https://openai.com/gptbot)"
20.171.207.122 - - [17/Apr/2025:13:36:30 -0400] "GET /xmlrpc.php HTTP/1.1" 405 46 "-" "Mozilla/5.0 AppleWebKit/537.36 (KHTML, like Gecko; compatible; GPTBot/1.2; +https://openai.com/gptbot)"
20.171.207.122 - - [17/Apr/2025:13:37:30 -0400] "GET /passover-hotels-2025/feed/ HTTP/1.1" 200 374 "-" "Mozilla/5.0 AppleWebKit/537.36 (KHTML, like Gecko; compatible; GPTBot/1.2; +https://openai.com/gptbot)"
20.171.207.122 - - [17/Apr/2025:13:38:24 -0400] "GET /ein-notwendiger-schritt/feed/ HTTP/1.1" 200 378 "-" "Mozilla/5.0 AppleWebKit/537.36 (KHTML, like Gecko; compatible; GPTBot/1.2; +https://openai.com/gptbot)"
198.54.114.83 - - [17/Apr/2025:13:39:21 -0400] "POST /wp-cron.php?doing_wp_cron=1744911557.9127290248870849609375 HTTP/1.1" 200 0 "-" "WordPress/6.8; https://fileluna.com"
20.171.207.122 - - [17/Apr/2025:13:39:13 -0400] "GET /firmenauflosung-luneburg/feed/ HTTP/1.1" 200 389 "-" "Mozilla/5.0 AppleWebKit/537.36 (KHTML, like Gecko; compatible; GPTBot/1.2; +https://openai.com/gptbot)"
85.215.162.226 - - [17/Apr/2025:13:39:44 -0400] "POST /wp-login.php HTTP/1.1" 200 1882 "-" "Mozilla/5.0"
85.215.162.226 - - [17/Apr/2025:13:39:45 -0400] "POST /wp-login.php HTTP/1.1" 200 1883 "-" "Mozilla/5.0"
43.166.7.113 - - [17/Apr/2025:13:39:54 -0400] "GET / HTTP/1.1" 200 12777 "http://fileluna.com" "Mozilla/5.0 (iPhone; CPU iPhone OS 13_2_3 like Mac OS X) AppleWebKit/605.1.15 (KHTML, like Gecko) Version/13.0.3 Mobile/15E148 Safari/604.1"
20.171.207.122 - - [17/Apr/2025:13:40:26 -0400] "GET /page/33/ HTTP/1.1" 200 12850 "-" "Mozilla/5.0 AppleWebKit/537.36 (KHTML, like Gecko; compatible; GPTBot/1.2; +https://openai.com/gptbot)"
20.171.207.122 - - [17/Apr/2025:13:41:25 -0400] "GET /page/14/ HTTP/1.1" 200 12773 "-" "Mozilla/5.0 AppleWebKit/537.36 (KHTML, like Gecko; compatible; GPTBot/1.2; +https://openai.com/gptbot)"
20.171.207.122 - - [17/Apr/2025:13:42:18 -0400] "GET /page/12/ HTTP/1.1" 200 13088 "-" "Mozilla/5.0 AppleWebKit/537.36 (KHTML, like Gecko; compatible; GPTBot/1.2; +https://openai.com/gptbot)"
45.195.25.32 - - [17/Apr/2025:13:42:25 -0400] "POST /xmlrpc.php HTTP/1.1" 200 205 "-" "Mozilla/5.0 (X11; Fedora; Linux x86_64; rv:94.0) Gecko/20100101 Firefox/95.0"
20.171.207.122 - - [17/Apr/2025:13:43:13 -0400] "GET /page/13/ HTTP/1.1" 200 13070 "-" "Mozilla/5.0 AppleWebKit/537.36 (KHTML, like Gecko; compatible; GPTBot/1.2; +https://openai.com/gptbot)"
20.171.207.122 - - [17/Apr/2025:13:44:02 -0400] "GET /?p=459 HTTP/1.1" 301 0 "-" "Mozilla/5.0 AppleWebKit/537.36 (KHTML, like Gecko; compatible; GPTBot/1.2; +https://openai.com/gptbot)"
198.54.114.83 - - [17/Apr/2025:13:44:06 -0400] "POST /wp-cron.php?doing_wp_cron=1744911842.9624600410461425781250 HTTP/1.1" 200 0 "-" "WordPress/6.8; https://fileluna.com"
20.171.207.122 - - [17/Apr/2025:13:44:53 -0400] "GET /der-weg-zum-jurastudium-ein-law-tutor-an-ihrer-seite-2/feed/ HTTP/1.1" 200 428 "-" "Mozilla/5.0 AppleWebKit/537.36 (KHTML, like Gecko; compatible; GPTBot/1.2; +https://openai.com/gptbot)"
198.54.114.83 - - [17/Apr/2025:13:46:11 -0400] "POST /wp-cron.php?doing_wp_cron=1744911969.7561190128326416015625 HTTP/1.1" 200 0 "-" "WordPress/6.8; https://fileluna.com"
20.171.207.122 - - [17/Apr/2025:13:46:09 -0400] "GET /discovering-the-best-extracts-online-in-canada/ HTTP/1.1" 200 11738 "-" "Mozilla/5.0 AppleWebKit/537.36 (KHTML, like Gecko; compatible; GPTBot/1.2; +https://openai.com/gptbot)"
198.54.114.83 - - [17/Apr/2025:13:47:14 -0400] "POST /wp-cron.php?doing_wp_cron=1744912032.8419890403747558593750 HTTP/1.1" 200 0 "-" "WordPress/6.8; https://fileluna.com"
20.171.207.122 - - [17/Apr/2025:13:47:12 -0400] "GET /page/32/ HTTP/1.1" 200 13028 "-" "Mozilla/5.0 AppleWebKit/537.36 (KHTML, like Gecko; compatible; GPTBot/1.2; +https://openai.com/gptbot)"
198.54.114.83 - - [17/Apr/2025:13:48:35 -0400] "POST /wp-cron.php?doing_wp_cron=1744912113.9565858840942382812500 HTTP/1.1" 200 0 "-" "WordPress/6.8; https://fileluna.com"
20.171.207.122 - - [17/Apr/2025:13:48:33 -0400] "GET /page/31/ HTTP/1.1" 200 13004 "-" "Mozilla/5.0 AppleWebKit/537.36 (KHTML, like Gecko; compatible; GPTBot/1.2; +https://openai.com/gptbot)"
20.171.207.122 - - [17/Apr/2025:13:49:39 -0400] "GET /page/9/ HTTP/1.1" 200 12880 "-" "Mozilla/5.0 AppleWebKit/537.36 (KHTML, like Gecko; compatible; GPTBot/1.2; +https://openai.com/gptbot)"
198.54.114.83 - - [17/Apr/2025:13:50:38 -0400] "POST /wp-cron.php?doing_wp_cron=1744912236.8555870056152343750000 HTTP/1.1" 200 0 "-" "WordPress/6.8; https://fileluna.com"
20.171.207.122 - - [17/Apr/2025:13:50:32 -0400] "GET /wp-json/wp/v2/posts/94 HTTP/1.1" 200 4500 "-" "Mozilla/5.0 AppleWebKit/537.36 (KHTML, like Gecko; compatible; GPTBot/1.2; +https://openai.com/gptbot)"
85.215.162.226 - - [17/Apr/2025:13:51:04 -0400] "POST /wp-login.php HTTP/1.1" 200 1883 "-" "Mozilla/5.0"
85.215.162.226 - - [17/Apr/2025:13:51:04 -0400] "POST /wp-login.php HTTP/1.1" 200 1882 "-" "Mozilla/5.0"
198.54.114.83 - - [17/Apr/2025:13:51:39 -0400] "POST /wp-cron.php?doing_wp_cron=1744912297.9054861068725585937500 HTTP/1.1" 200 0 "-" "WordPress/6.8; https://fileluna.com"
20.171.207.122 - - [17/Apr/2025:13:51:37 -0400] "GET /umzugsunternehmen-in-luneburg-ihr-partner-fur-einen-stressfreien-umzug-2/ HTTP/1.1" 200 11740 "-" "Mozilla/5.0 AppleWebKit/537.36 (KHTML, like Gecko; compatible; GPTBot/1.2; +https://openai.com/gptbot)"
20.171.207.122 - - [17/Apr/2025:13:52:23 -0400] "GET /the-impact-of-steroids-on-health-and-performance-2/ HTTP/1.1" 200 12310 "-" "Mozilla/5.0 AppleWebKit/537.36 (KHTML, like Gecko; compatible; GPTBot/1.2; +https://openai.com/gptbot)"
20.171.207.122 - - [17/Apr/2025:13:53:18 -0400] "GET /the-best-passover-programs-in-2025-for-unforgettable-experiences/ HTTP/1.1" 200 12497 "-" "Mozilla/5.0 AppleWebKit/537.36 (KHTML, like Gecko; compatible; GPTBot/1.2; +https://openai.com/gptbot)"
198.54.114.83 - - [17/Apr/2025:13:53:20 -0400] "POST /wp-cron.php?doing_wp_cron=1744912399.1056571006774902343750 HTTP/1.1" 200 0 "-" "WordPress/6.8; https://fileluna.com"
20.171.207.122 - - [17/Apr/2025:13:54:07 -0400] "GET /umzug-in-luneburg-diese-umzugsfirmen-bieten-den-besten-service/ HTTP/1.1" 200 12471 "-" "Mozilla/5.0 AppleWebKit/537.36 (KHTML, like Gecko; compatible; GPTBot/1.2; +https://openai.com/gptbot)"
198.54.114.83 - - [17/Apr/2025:13:55:01 -0400] "POST /wp-cron.php?doing_wp_cron=1744912499.4946529865264892578125 HTTP/1.1" 200 0 "-" "WordPress/6.8; https://fileluna.com"
20.171.207.122 - - [17/Apr/2025:13:54:59 -0400] "GET /find-relief-and-wellness-with-a-chiropractor-in-dubai/ HTTP/1.1" 200 12013 "-" "Mozilla/5.0 AppleWebKit/537.36 (KHTML, like Gecko; compatible; GPTBot/1.2; +https://openai.com/gptbot)"
43.166.238.12 - - [17/Apr/2025:13:55:15 -0400] "GET /category/sports/ HTTP/1.1" 200 9669 "-" "Mozilla/5.0 (iPhone; CPU iPhone OS 13_2_3 like Mac OS X) AppleWebKit/605.1.15 (KHTML, like Gecko) Version/13.0.3 Mobile/15E148 Safari/604.1"
20.171.207.122 - - [17/Apr/2025:13:55:45 -0400] "GET /rejuvenating-your-business-trip-with-a-relaxing-massage/ HTTP/1.1" 200 12153 "-" "Mozilla/5.0 AppleWebKit/537.36 (KHTML, like Gecko; compatible; GPTBot/1.2; +https://openai.com/gptbot)"
198.54.114.83 - - [17/Apr/2025:13:56:39 -0400] "POST /wp-cron.php?doing_wp_cron=1744912598.5900480747222900390625 HTTP/1.1" 200 0 "-" "WordPress/6.8; https://fileluna.com"
20.171.207.122 - - [17/Apr/2025:13:56:38 -0400] "GET /?p=461 HTTP/1.1" 301 0 "-" "Mozilla/5.0 AppleWebKit/537.36 (KHTML, like Gecko; compatible; GPTBot/1.2; +https://openai.com/gptbot)"
198.54.114.83 - - [17/Apr/2025:13:56:40 -0400] "POST /wp-admin/admin-ajax.php?action=async_litespeed&nonce=a1ScXDN9srQRzaOIUlgufjDE5FNsIo8q&litespeed_type=imgoptm HTTP/1.1" 200 0 "-" "WordPress/6.8; https://fileluna.com"
66.249.70.101 - - [17/Apr/2025:13:56:42 -0400] "GET /a-fresh-look-at-bathroom-renovations-in-melbournes-western-suburbs/ HTTP/1.1" 200 12095 "-" "Mozilla/5.0 (Linux; Android 6.0.1; Nexus 5X Build/MMB29P) AppleWebKit/537.36 (KHTML, like Gecko) Chrome/135.0.7049.95 Mobile Safari/537.36 (compatible; Googlebot/2.1; +http://www.google.com/bot.html)"
198.54.114.83 - - [17/Apr/2025:13:57:33 -0400] "POST /wp-cron.php?doing_wp_cron=1744912651.9323570728302001953125 HTTP/1.1" 200 0 "-" "WordPress/6.8; https://fileluna.com"
20.171.207.122 - - [17/Apr/2025:13:57:31 -0400] "GET /navigating-the-legal-maze-the-role-of-a-law-tutor/ HTTP/1.1" 200 11740 "-" "Mozilla/5.0 AppleWebKit/537.36 (KHTML, like Gecko; compatible; GPTBot/1.2; +https://openai.com/gptbot)"
198.54.114.83 - - [17/Apr/2025:13:57:34 -0400] "POST /wp-admin/admin-ajax.php?action=async_litespeed&nonce=5wopUWc031bXanye5Dumr6s8jn8zfsR3&litespeed_type=imgoptm HTTP/1.1" 200 0 "-" "WordPress/6.8; https://fileluna.com"
198.54.114.83 - - [17/Apr/2025:13:58:22 -0400] "POST /wp-cron.php?doing_wp_cron=1744912700.5852670669555664062500 HTTP/1.1" 200 0 "-" "WordPress/6.8; https://fileluna.com"
