66.249.64.11 - - [17/Apr/2025:17:17:24 -0400] "GET /Uhr-inkl-LBatterie-TFA/Pedometers-442146/ HTTP/1.1" 404 6820 "-" "Mozilla/5.0 (Linux; Android 6.0.1; Nexus 5X Build/MMB29P) AppleWebKit/537.36 (KHTML, like Gecko) Chrome/135.0.7049.95 Mobile Safari/537.36 (compatible; Googlebot/2.1; +http://www.google.com/bot.html)"
40.77.167.154 - - [17/Apr/2025:17:17:30 -0400] "GET /kakuyasu-sim-sumaho-hontai-matome HTTP/1.1" 404 6820 "-" "Mozilla/5.0 AppleWebKit/537.36 (KHTML, like Gecko; compatible; bingbot/2.0; +http://www.bing.com/bingbot.htm) Chrome/116.0.1938.76 Safari/537.36"
198.54.114.83 - - [17/Apr/2025:17:30:30 -0400] "POST /wp-cron.php?doing_wp_cron=1744925429.6041719913482666015625 HTTP/1.1" 200 0 "-" "WordPress/6.8; https://christianmantopoulos.com"
2.58.56.225 - - [17/Apr/2025:17:30:29 -0400] "GET /.env HTTP/1.1" 404 6820 "-" "Mozilla/5.0 (Macintosh; Intel Mac OS X 10.15; rv:77.0) Gecko/20100101 Firefox/77.0"
2.58.56.225 - - [17/Apr/2025:17:30:31 -0400] "GET /wp-content/ HTTP/1.1" 200 0 "-" "Mozilla/5.0 (Macintosh; Intel Mac OS X 10.15; rv:77.0) Gecko/20100101 Firefox/77.0"
198.54.114.83 - - [17/Apr/2025:17:36:25 -0400] "POST /wp-cron.php?doing_wp_cron=1744925785.6711709499359130859375 HTTP/1.1" 200 0 "-" "WordPress/6.8; https://christianmantopoulos.com"
173.249.198.174 - - [17/Apr/2025:17:36:25 -0400] "POST /xmlrpc.php HTTP/1.1" 200 212 "-" "Mozilla/5.0 (Windows NT 10.0; Win64; x64; rv:51.0) Gecko/20100101 Firefox/51.0"
45.94.31.99 - - [17/Apr/2025:17:42:18 -0400] "GET / HTTP/1.1" 200 97713 "-" "Mozilla/5.0 (Windows NT 10.0; Win64; x64) AppleWebKit/537.36 (KHTML, like Gecko) Chrome/89.0.4389.114 Safari/537.36"
45.94.31.99 - - [17/Apr/2025:17:42:19 -0400] "GET / HTTP/1.1" 200 97713 "-" "Mozilla/5.0 (Windows NT 10.0; Win64; x64) AppleWebKit/537.36 (KHTML, like Gecko) Chrome/89.0.4389.114 Safari/537.36"
45.94.31.99 - - [17/Apr/2025:17:42:20 -0400] "GET /wp-includes/wlwmanifest.xml HTTP/1.1" 404 6820 "-" "Mozilla/5.0 (Windows NT 10.0; Win64; x64) AppleWebKit/537.36 (KHTML, like Gecko) Chrome/89.0.4389.114 Safari/537.36"
45.94.31.99 - - [17/Apr/2025:17:42:21 -0400] "GET /?author=1 HTTP/1.1" 200 97713 "-" "Mozilla/5.0 (Windows NT 10.0; Win64; x64) AppleWebKit/537.36 (KHTML, like Gecko) Chrome/89.0.4389.114 Safari/537.36"
45.94.31.99 - - [17/Apr/2025:17:42:22 -0400] "GET /?author=2 HTTP/1.1" 200 97713 "-" "Mozilla/5.0 (Windows NT 10.0; Win64; x64) AppleWebKit/537.36 (KHTML, like Gecko) Chrome/89.0.4389.114 Safari/537.36"
45.94.31.99 - - [17/Apr/2025:17:42:22 -0400] "GET /?author=3 HTTP/1.1" 200 97713 "-" "Mozilla/5.0 (Windows NT 10.0; Win64; x64) AppleWebKit/537.36 (KHTML, like Gecko) Chrome/89.0.4389.114 Safari/537.36"
198.54.114.83 - - [17/Apr/2025:17:42:25 -0400] "POST /wp-cron.php?doing_wp_cron=1744926144.5385589599609375000000 HTTP/1.1" 200 0 "-" "WordPress/6.8; https://christianmantopoulos.com"
45.94.31.99 - - [17/Apr/2025:17:42:24 -0400] "GET /wp-json/wp/v2/users/ HTTP/1.1" 200 1512 "-" "Mozilla/5.0 (Windows NT 10.0; Win64; x64) AppleWebKit/537.36 (KHTML, like Gecko) Chrome/89.0.4389.114 Safari/537.36"
45.94.31.99 - - [17/Apr/2025:17:42:29 -0400] "POST /xmlrpc.php HTTP/1.1" 200 236 "-" "Mozilla/5.0 (Windows NT 10.0; Win64; x64) AppleWebKit/537.36 (KHTML, like Gecko) Chrome/89.0.4389.114 Safari/537.36"
45.94.31.99 - - [17/Apr/2025:17:42:32 -0400] "POST /xmlrpc.php HTTP/1.1" 200 236 "-" "Mozilla/5.0 (Windows NT 10.0; Win64; x64) AppleWebKit/537.36 (KHTML, like Gecko) Chrome/89.0.4389.114 Safari/537.36"
45.94.31.99 - - [17/Apr/2025:17:42:33 -0400] "POST /xmlrpc.php HTTP/1.1" 200 236 "-" "Mozilla/5.0 (Windows NT 10.0; Win64; x64) AppleWebKit/537.36 (KHTML, like Gecko) Chrome/89.0.4389.114 Safari/537.36"
45.94.31.99 - - [17/Apr/2025:17:42:36 -0400] "POST /xmlrpc.php HTTP/1.1" 200 236 "-" "Mozilla/5.0 (Windows NT 10.0; Win64; x64) AppleWebKit/537.36 (KHTML, like Gecko) Chrome/89.0.4389.114 Safari/537.36"
45.94.31.99 - - [17/Apr/2025:17:42:36 -0400] "POST /xmlrpc.php HTTP/1.1" 200 236 "-" "Mozilla/5.0 (Windows NT 10.0; Win64; x64) AppleWebKit/537.36 (KHTML, like Gecko) Chrome/89.0.4389.114 Safari/537.36"
45.94.31.99 - - [17/Apr/2025:17:42:37 -0400] "POST /xmlrpc.php HTTP/1.1" 200 236 "-" "Mozilla/5.0 (Windows NT 10.0; Win64; x64) AppleWebKit/537.36 (KHTML, like Gecko) Chrome/89.0.4389.114 Safari/537.36"
66.249.64.2 - - [17/Apr/2025:17:47:24 -0400] "GET /Xx-X-S2210Black-Crank-Bolt-BB30/Cranksets-104633/ HTTP/1.1" 404 6820 "-" "Mozilla/5.0 (Linux; Android 6.0.1; Nexus 5X Build/MMB29P) AppleWebKit/537.36 (KHTML, like Gecko) Chrome/135.0.7049.95 Mobile Safari/537.36 (compatible; Googlebot/2.1; +http://www.google.com/bot.html)"
198.54.114.83 - - [17/Apr/2025:17:47:27 -0400] "POST /wp-cron.php?doing_wp_cron=1744926445.2185640335083007812500 HTTP/1.1" 200 0 "-" "WordPress/6.8; https://christianmantopoulos.com"
82.223.13.54 - - [17/Apr/2025:17:48:52 -0400] "POST /xmlrpc.php HTTP/1.1" 200 212 "-" "Mozilla/5.0 (Windows NT 10.0; Win64; x64; rv:96.0) Gecko/20100101 Firefox/96.0"
198.54.114.83 - - [17/Apr/2025:17:52:42 -0400] "POST /wp-cron.php?doing_wp_cron=1744926761.6996469497680664062500 HTTP/1.1" 200 0 "-" "WordPress/6.8; https://christianmantopoulos.com"
165.22.37.239 - - [17/Apr/2025:17:52:37 -0400] "POST /xmlrpc.php HTTP/1.1" 200 212 "-" "Mozilla/5.0 (Windows NT 10.0; Win64; x64; rv:51.0) Gecko/20100101 Firefox/51.0"
66.249.64.2 - - [17/Apr/2025:17:52:42 -0400] "GET /Artist-Black-Market-Art-Three-Hats/Decks-718179/ HTTP/1.1" 404 6820 "-" "Mozilla/5.0 (Linux; Android 6.0.1; Nexus 5X Build/MMB29P) AppleWebKit/537.36 (KHTML, like Gecko) Chrome/135.0.7049.95 Mobile Safari/537.36 (compatible; GoogleOther)"
198.54.114.83 - - [17/Apr/2025:18:02:46 -0400] "POST /wp-cron.php?doing_wp_cron=1744927365.0228409767150878906250 HTTP/1.1" 200 0 "-" "WordPress/6.8; https://christianmantopoulos.com"
45.80.69.198 - - [17/Apr/2025:18:02:40 -0400] "POST /xmlrpc.php HTTP/1.1" 200 212 "-" "Mozilla/5.0 (Windows NT 10.0; Win64; x64; rv:98.0) Gecko/20100101 Firefox/98.0"
198.54.114.83 - - [17/Apr/2025:18:10:08 -0400] "POST /wp-cron.php?doing_wp_cron=1744927806.2567460536956787109375 HTTP/1.1" 200 0 "-" "WordPress/6.8; https://christianmantopoulos.com"
2a01:4f9:3080:19ca::2 - - [17/Apr/2025:18:10:01 -0400] "POST /xmlrpc.php HTTP/1.1" 200 212 "-" "Mozilla/5.0 (Windows NT 10.0; Win64; x64; rv:60.0) Gecko/20100101 Firefox/60.0"
104.37.191.206 - - [17/Apr/2025:18:13:43 -0400] "POST /xmlrpc.php HTTP/1.1" 200 212 "-" "Mozilla/5.0 (Windows NT 10.0; Win64; x64; rv:51.0) Gecko/20100101 Firefox/51.0"
184.181.217.194 - - [17/Apr/2025:18:15:23 -0400] "GET /how-to-design-a-high-pressure-fire-pump/ HTTP/1.1" 200 11727 "-" "Mozilla/5.0 (Windows NT 10.0; WOW64) AppleWebKit/537.36 (KHTML, like Gecko) Chrome/114.0.0.0 Safari/537.36 Vivaldi/5.3.2679.68"
198.54.114.83 - - [17/Apr/2025:18:15:27 -0400] "POST /wp-cron.php?doing_wp_cron=1744928123.6608080863952636718750 HTTP/1.1" 200 0 "-" "WordPress/6.8; https://christianmantopoulos.com"
184.181.217.194 - - [17/Apr/2025:18:15:34 -0400] "GET /wp-login.php?action=register HTTP/1.1" 302 0 "http://christianmantopoulos.com/how-to-design-a-high-pressure-fire-pump/" "Mozilla/5.0 (Windows NT 6.3; Win64; x64) AppleWebKit/537.36 (KHTML, like Gecko) Chrome/103.0.0.0 Safari/537.36"
66.249.64.3 - - [17/Apr/2025:18:17:26 -0400] "GET /Coat-Stencil-TRC8659HT-Small-Camouflage/Decals-&-Stickers-502846/ HTTP/1.1" 404 6820 "-" "Mozilla/5.0 (Linux; Android 6.0.1; Nexus 5X Build/MMB29P) AppleWebKit/537.36 (KHTML, like Gecko) Chrome/135.0.7049.95 Mobile Safari/537.36 (compatible; Googlebot/2.1; +http://www.google.com/bot.html)"
198.54.114.83 - - [17/Apr/2025:18:17:29 -0400] "POST /wp-cron.php?doing_wp_cron=1744928247.2526481151580810546875 HTTP/1.1" 200 0 "-" "WordPress/6.8; https://christianmantopoulos.com"
159.203.189.210 - - [17/Apr/2025:18:18:24 -0400] "POST /xmlrpc.php HTTP/1.1" 200 212 "-" "Mozilla/5.0 (Windows NT 10.0; Win64; x64; rv:64.0) Gecko/20100101 Firefox/64.0"
185.203.28.52 - - [17/Apr/2025:18:34:34 -0400] "POST /xmlrpc.php HTTP/1.1" 200 212 "-" "Mozilla/5.0 (Windows NT 10.0; Win64; x64; rv:49.0) Gecko/20100101 Firefox/49.0"
2001:41d0:302:1000::8b2 - - [17/Apr/2025:18:45:54 -0400] "POST /xmlrpc.php HTTP/1.1" 200 212 "-" "Mozilla/5.0 (Windows NT 10.0; Win64; x64; rv:79.0) Gecko/20100101 Firefox/79.0"
198.54.114.83 - - [17/Apr/2025:18:47:28 -0400] "POST /wp-cron.php?doing_wp_cron=1744930047.6107289791107177734375 HTTP/1.1" 200 0 "-" "WordPress/6.8; https://christianmantopoulos.com"
66.249.64.2 - - [17/Apr/2025:18:47:27 -0400] "GET /Rocking-Rabbit/Targets-520545/ HTTP/1.1" 404 6821 "-" "Mozilla/5.0 (Linux; Android 6.0.1; Nexus 5X Build/MMB29P) AppleWebKit/537.36 (KHTML, like Gecko) Chrome/135.0.7049.95 Mobile Safari/537.36 (compatible; Googlebot/2.1; +http://www.google.com/bot.html)"
193.70.45.71 - - [17/Apr/2025:18:49:37 -0400] "POST /xmlrpc.php HTTP/1.1" 200 212 "-" "Mozilla/5.0 (Windows NT 10.0; Win64; x64; rv:82.0) Gecko/20100101 Firefox/82.0"
198.54.114.83 - - [17/Apr/2025:18:49:38 -0400] "POST /wp-cron.php?doing_wp_cron=1744930177.3423039913177490234375 HTTP/1.1" 200 0 "-" "WordPress/6.8; https://christianmantopoulos.com"
198.54.114.83 - - [17/Apr/2025:18:55:27 -0400] "POST /wp-cron.php?doing_wp_cron=1744930526.4313790798187255859375 HTTP/1.1" 200 0 "-" "WordPress/6.8; https://christianmantopoulos.com"
66.249.64.1 - - [17/Apr/2025:18:55:23 -0400] "GET /320GTI-PENN-REEL-DISCONTINUED-NOS/Reel-Parts-&-Repair-363279/ HTTP/1.1" 404 6820 "-" "Mozilla/5.0 (Linux; Android 6.0.1; Nexus 5X Build/MMB29P) AppleWebKit/537.36 (KHTML, like Gecko) Chrome/135.0.7049.95 Mobile Safari/537.36 (compatible; Googlebot/2.1; +http://www.google.com/bot.html)"
198.54.114.83 - - [17/Apr/2025:18:59:50 -0400] "POST /wp-cron.php?doing_wp_cron=1744930789.2240691184997558593750 HTTP/1.1" 200 0 "-" "WordPress/6.8; https://christianmantopoulos.com"
213.186.179.73 - - [17/Apr/2025:18:59:46 -0400] "POST /xmlrpc.php HTTP/1.1" 200 212 "-" "Mozilla/5.0 (Windows NT 10.0; Win64; x64; rv:42.0) Gecko/20100101 Firefox/42.0"
205.210.31.196 - - [17/Apr/2025:19:03:13 -0400] "GET / HTTP/1.1" 200 97713 "-" "Expanse, a Palo Alto Networks company, searches across the global IPv4 space multiple times per day to identify customers&#39; presences on the Internet. If you would like to be excluded from our scans, please send IP addresses/domains to: scaninfo@paloaltonetworks.com"
66.249.64.12 - - [17/Apr/2025:19:03:18 -0400] "GET /Sauna-Suits-list-10 HTTP/1.1" 404 6820 "-" "Mozilla/5.0 (Linux; Android 6.0.1; Nexus 5X Build/MMB29P) AppleWebKit/537.36 (KHTML, like Gecko) Chrome/135.0.7049.95 Mobile Safari/537.36 (compatible; Googlebot/2.1; +http://www.google.com/bot.html)"
50.21.186.121 - - [17/Apr/2025:19:04:50 -0400] "POST /xmlrpc.php HTTP/1.1" 200 212 "-" "Mozilla/5.0 (Windows NT 10.0; Win64; x64; rv:49.0) Gecko/20100101 Firefox/49.0"
43.130.67.6 - - [17/Apr/2025:19:05:58 -0400] "GET / HTTP/1.1" 200 97713 "-" "Mozilla/5.0 (iPhone; CPU iPhone OS 13_2_3 like Mac OS X) AppleWebKit/605.1.15 (KHTML, like Gecko) Version/13.0.3 Mobile/15E148 Safari/604.1"
198.54.114.83 - - [17/Apr/2025:19:09:56 -0400] "POST /wp-cron.php?doing_wp_cron=1744931396.3258700370788574218750 HTTP/1.1" 200 0 "-" "WordPress/6.8; https://christianmantopoulos.com"
78.142.140.182 - - [17/Apr/2025:19:09:52 -0400] "POST /xmlrpc.php HTTP/1.1" 200 212 "-" "Mozilla/5.0 (Windows NT 10.0; Win64; x64; rv:54.0) Gecko/20100101 Firefox/54.0"
66.249.64.11 - - [17/Apr/2025:19:11:14 -0400] "GET /T-Shirt-Martin-Luther-King/Other-Sporting-Goods-563751/ HTTP/1.1" 404 6820 "-" "Mozilla/5.0 (Linux; Android 6.0.1; Nexus 5X Build/MMB29P) AppleWebKit/537.36 (KHTML, like Gecko) Chrome/135.0.7049.95 Mobile Safari/537.36 (compatible; Googlebot/2.1; +http://www.google.com/bot.html)"
222.79.103.59 - - [17/Apr/2025:19:11:42 -0400] "GET / HTTP/1.1" 200 97713 "-" "Mozilla/5.0 (iPhone; CPU iPhone OS 13_2_3 like Mac OS X) AppleWebKit/605.1.15 (KHTML, like Gecko) Version/13.0.3 Mobile/15E148 Safari/604.1"
198.54.114.83 - - [17/Apr/2025:19:19:15 -0400] "POST /wp-cron.php?doing_wp_cron=1744931954.3114500045776367187500 HTTP/1.1" 200 0 "-" "WordPress/6.8; https://christianmantopoulos.com"
66.249.64.2 - - [17/Apr/2025:19:19:10 -0400] "GET /Dispenser-Home-Office-Pc-TGK-For/Shoe-Covers-228263/ HTTP/1.1" 404 6820 "-" "Mozilla/5.0 (Linux; Android 6.0.1; Nexus 5X Build/MMB29P) AppleWebKit/537.36 (KHTML, like Gecko) Chrome/135.0.7049.95 Mobile Safari/537.36 (compatible; Googlebot/2.1; +http://www.google.com/bot.html)"
2600:3c02::f03c:93ff:fe1f:33c5 - - [17/Apr/2025:19:21:39 -0400] "POST /xmlrpc.php HTTP/1.1" 200 212 "-" "Mozilla/5.0 (Windows NT 10.0; Win64; x64; rv:50.0) Gecko/20100101 Firefox/50.0"
198.54.114.83 - - [17/Apr/2025:19:21:41 -0400] "POST /wp-cron.php?doing_wp_cron=1744932100.5710010528564453125000 HTTP/1.1" 200 0 "-" "WordPress/6.8; https://christianmantopoulos.com"
198.54.114.83 - - [17/Apr/2025:19:27:06 -0400] "POST /wp-cron.php?doing_wp_cron=1744932426.0638968944549560546875 HTTP/1.1" 200 0 "-" "WordPress/6.8; https://christianmantopoulos.com"
66.249.64.11 - - [17/Apr/2025:19:27:05 -0400] "GET /Half-Zip-Jacket-New-Under-Armour/Activewear-Jackets-7599/ HTTP/1.1" 404 6820 "-" "Mozilla/5.0 (Linux; Android 6.0.1; Nexus 5X Build/MMB29P) AppleWebKit/537.36 (KHTML, like Gecko) Chrome/135.0.7049.95 Mobile Safari/537.36 (compatible; Googlebot/2.1; +http://www.google.com/bot.html)"
217.160.88.219 - - [17/Apr/2025:19:30:14 -0400] "POST /xmlrpc.php HTTP/1.1" 200 212 "-" "Mozilla/5.0 (Windows NT 10.0; Win64; x64; rv:100.0) Gecko/20100101 Firefox/100.0"
109.248.15.157 - - [17/Apr/2025:19:32:41 -0400] "GET / HTTP/1.1" 200 97713 "-" "Mozilla/5.0 (Macintosh; Intel Mac OS X 12_5) AppleWebKit/537.36 (KHTML, like Gecko) Chrome/114.0.0.0 Safari/537.36"
109.248.15.157 - - [17/Apr/2025:19:32:43 -0400] "GET /'%20+%20item.url%20+%20' HTTP/1.1" 301 0 "http://christianmantopoulos.com" "Mozilla/5.0 (Macintosh; Intel Mac OS X 12_5) AppleWebKit/537.36 (KHTML, like Gecko) Chrome/114.0.0.0 Safari/537.36"
198.54.114.83 - - [17/Apr/2025:19:32:45 -0400] "POST /wp-cron.php?doing_wp_cron=1744932763.8420960903167724609375 HTTP/1.1" 200 0 "-" "WordPress/6.8; https://christianmantopoulos.com"
109.248.15.157 - - [17/Apr/2025:19:32:47 -0400] "GET /%20+%20item.url%20+%20 HTTP/1.1" 301 0 "http://christianmantopoulos.com/'%20+%20item.url%20+%20'" "Mozilla/5.0 (Macintosh; Intel Mac OS X 12_5) AppleWebKit/537.36 (KHTML, like Gecko) Chrome/114.0.0.0 Safari/537.36"
109.248.15.157 - - [17/Apr/2025:19:32:49 -0400] "GET /%20+%20item.url%20+ HTTP/1.1" 404 6820 "http://christianmantopoulos.com/%20+%20item.url%20+%20" "Mozilla/5.0 (Macintosh; Intel Mac OS X 12_5) AppleWebKit/537.36 (KHTML, like Gecko) Chrome/114.0.0.0 Safari/537.36"
109.248.15.157 - - [17/Apr/2025:19:32:52 -0400] "GET / HTTP/1.1" 200 97713 "http://christianmantopoulos.com" "Mozilla/5.0 (Macintosh; Intel Mac OS X 12_5) AppleWebKit/537.36 (KHTML, like Gecko) Chrome/114.0.0.0 Safari/537.36"
198.54.114.83 - - [17/Apr/2025:19:35:05 -0400] "POST /wp-cron.php?doing_wp_cron=1744932903.7643449306488037109375 HTTP/1.1" 200 0 "-" "WordPress/6.8; https://christianmantopoulos.com"
66.249.64.11 - - [17/Apr/2025:19:35:02 -0400] "GET /118Aly-SUNLITE-Brake-Part-Cbl/Other-Cycling-235399/ HTTP/1.1" 404 6820 "-" "Mozilla/5.0 (Linux; Android 6.0.1; Nexus 5X Build/MMB29P) AppleWebKit/537.36 (KHTML, like Gecko) Chrome/135.0.7049.95 Mobile Safari/537.36 (compatible; Googlebot/2.1; +http://www.google.com/bot.html)"
45.67.216.103 - - [17/Apr/2025:19:36:11 -0400] "POST /xmlrpc.php HTTP/1.1" 200 212 "-" "Mozilla/5.0 (Windows NT 10.0; Win64; x64; rv:46.0) Gecko/20100101 Firefox/46.0"
198.54.114.83 - - [17/Apr/2025:19:36:14 -0400] "POST /wp-cron.php?doing_wp_cron=1744932972.1059739589691162109375 HTTP/1.1" 200 0 "-" "WordPress/6.8; https://christianmantopoulos.com"
198.54.114.83 - - [17/Apr/2025:19:47:18 -0400] "POST /wp-cron.php?doing_wp_cron=1744933637.7100100517272949218750 HTTP/1.1" 200 0 "-" "WordPress/6.8; https://christianmantopoulos.com"
85.214.135.99 - - [17/Apr/2025:19:47:15 -0400] "POST /xmlrpc.php HTTP/1.1" 200 212 "-" "Mozilla/5.0 (Windows NT 10.0; Win64; x64; rv:100.0) Gecko/20100101 Firefox/100.0"
198.54.114.83 - - [17/Apr/2025:19:50:53 -0400] "POST /wp-cron.php?doing_wp_cron=1744933853.6740350723266601562500 HTTP/1.1" 200 0 "-" "WordPress/6.8; https://christianmantopoulos.com"
66.249.64.11 - - [17/Apr/2025:19:50:53 -0400] "GET /Matte-CI-Zippo-Weed/Other-Hunting-513066/ HTTP/1.1" 404 6820 "-" "Mozilla/5.0 (Linux; Android 6.0.1; Nexus 5X Build/MMB29P) AppleWebKit/537.36 (KHTML, like Gecko) Chrome/135.0.7049.95 Mobile Safari/537.36 (compatible; Googlebot/2.1; +http://www.google.com/bot.html)"
31.207.37.40 - - [17/Apr/2025:19:54:18 -0400] "POST /xmlrpc.php HTTP/1.1" 200 212 "-" "Mozilla/5.0 (Windows NT 10.0; Win64; x64; rv:48.0) Gecko/20100101 Firefox/48.0"
198.54.114.83 - - [17/Apr/2025:19:54:21 -0400] "POST /wp-cron.php?doing_wp_cron=1744934058.6595320701599121093750 HTTP/1.1" 200 0 "-" "WordPress/6.8; https://christianmantopoulos.com"
216.244.66.234 - - [17/Apr/2025:19:55:08 -0400] "GET /robots.txt HTTP/1.1" 200 118 "-" "Mozilla/5.0 (compatible; DotBot/1.2; +https://opensiteexplorer.org/dotbot; help@moz.com)"
66.249.64.1 - - [17/Apr/2025:20:06:44 -0400] "GET /Diver-Purple-Shad-oz/Crankbaits-257996/ HTTP/1.1" 404 6820 "-" "Mozilla/5.0 (Linux; Android 6.0.1; Nexus 5X Build/MMB29P) AppleWebKit/537.36 (KHTML, like Gecko) Chrome/135.0.7049.95 Mobile Safari/537.36 (compatible; Googlebot/2.1; +http://www.google.com/bot.html)"
198.54.114.83 - - [17/Apr/2025:20:06:49 -0400] "POST /wp-cron.php?doing_wp_cron=1744934807.8055949211120605468750 HTTP/1.1" 200 0 "-" "WordPress/6.8; https://christianmantopoulos.com"
2001:41d0:2:c206:: - - [17/Apr/2025:20:07:21 -0400] "POST /xmlrpc.php HTTP/1.1" 200 212 "-" "Mozilla/5.0 (Windows NT 10.0; Win64; x64; rv:67.0) Gecko/20100101 Firefox/67.0"
198.54.114.83 - - [17/Apr/2025:20:08:45 -0400] "POST /wp-cron.php?doing_wp_cron=1744934925.0091130733489990234375 HTTP/1.1" 200 0 "-" "WordPress/6.8; https://christianmantopoulos.com"
46.249.40.9 - - [17/Apr/2025:20:08:43 -0400] "POST /xmlrpc.php HTTP/1.1" 200 212 "-" "Mozilla/5.0 (Windows NT 10.0; Win64; x64; rv:97.0) Gecko/20100101 Firefox/97.0"
216.244.66.234 - - [17/Apr/2025:20:08:57 -0400] "GET /2024/04/ HTTP/1.1" 200 10101 "-" "Mozilla/5.0 (compatible; DotBot/1.2; +https://opensiteexplorer.org/dotbot; help@moz.com)"
198.54.114.83 - - [17/Apr/2025:20:13:52 -0400] "POST /wp-cron.php?doing_wp_cron=1744935230.7819459438323974609375 HTTP/1.1" 200 0 "-" "WordPress/6.8; https://christianmantopoulos.com"
66.249.64.2 - - [17/Apr/2025:20:13:50 -0400] "GET /Two-Popular-Colors-oz-MATZUO/Crankbaits-258339/ HTTP/1.1" 404 6820 "-" "Mozilla/5.0 (Linux; Android 6.0.1; Nexus 5X Build/MMB29P) AppleWebKit/537.36 (KHTML, like Gecko) Chrome/135.0.7049.95 Mobile Safari/537.36 (compatible; Googlebot/2.1; +http://www.google.com/bot.html)"
116.202.13.21 - - [17/Apr/2025:20:14:12 -0400] "POST /xmlrpc.php HTTP/1.1" 200 212 "-" "Mozilla/5.0 (Windows NT 10.0; Win64; x64; rv:85.0) Gecko/20100101 Firefox/85.0"
66.249.64.3 - - [17/Apr/2025:20:15:33 -0400] "GET /Decal-Single-FOOTBALL-Iowa/Cornhole-Bag-Toss-587256/ HTTP/1.1" 404 6820 "-" "Mozilla/5.0 (Linux; Android 6.0.1; Nexus 5X Build/MMB29P) AppleWebKit/537.36 (KHTML, like Gecko) Chrome/135.0.7049.95 Mobile Safari/537.36 (compatible; Googlebot/2.1; +http://www.google.com/bot.html)"
198.54.114.83 - - [17/Apr/2025:20:17:32 -0400] "POST /wp-cron.php?doing_wp_cron=1744935451.9023959636688232421875 HTTP/1.1" 200 0 "-" "WordPress/6.8; https://christianmantopoulos.com"
66.249.64.1 - - [17/Apr/2025:20:17:31 -0400] "GET /Razors-Genesys-Junior-W/Men-699667/ HTTP/1.1" 404 6820 "-" "Mozilla/5.0 (Linux; Android 6.0.1; Nexus 5X Build/MMB29P) AppleWebKit/537.36 (KHTML, like Gecko) Chrome/135.0.7049.95 Mobile Safari/537.36 (compatible; Googlebot/2.1; +http://www.google.com/bot.html)"
66.249.64.3 - - [17/Apr/2025:20:20:30 -0400] "GET /POUCH-PENCOTT-MULTICAM-KRYPTEK-UTILITY/Tactical-Molle-Pouches-545534/ HTTP/1.1" 404 6820 "-" "Mozilla/5.0 (Linux; Android 6.0.1; Nexus 5X Build/MMB29P) AppleWebKit/537.36 (KHTML, like Gecko) Chrome/135.0.7049.95 Mobile Safari/537.36 (compatible; Googlebot/2.1; +http://www.google.com/bot.html)"
198.54.114.83 - - [17/Apr/2025:20:20:34 -0400] "POST /wp-cron.php?doing_wp_cron=1744935631.3967800140380859375000 HTTP/1.1" 200 0 "-" "WordPress/6.8; https://christianmantopoulos.com"
2a00:d680:20:50::fde7 - - [17/Apr/2025:20:22:25 -0400] "POST /xmlrpc.php HTTP/1.1" 200 212 "-" "Mozilla/5.0 (Windows NT 10.0; Win64; x64; rv:48.0) Gecko/20100101 Firefox/48.0"
66.249.64.2 - - [17/Apr/2025:20:23:53 -0400] "GET /Tungsten-With-Accessories-set/DartsSoft-Tips-555106/ HTTP/1.1" 404 6820 "-" "Mozilla/5.0 (Linux; Android 6.0.1; Nexus 5X Build/MMB29P) AppleWebKit/537.36 (KHTML, like Gecko) Chrome/135.0.7049.95 Mobile Safari/537.36 (compatible; Googlebot/2.1; +http://www.google.com/bot.html)"
198.54.114.83 - - [17/Apr/2025:20:24:55 -0400] "POST /wp-cron.php?doing_wp_cron=1744935894.6784141063690185546875 HTTP/1.1" 200 0 "-" "WordPress/6.8; https://christianmantopoulos.com"
94.254.19.198 - - [17/Apr/2025:20:24:53 -0400] "POST /xmlrpc.php HTTP/1.1" 200 212 "-" "Mozilla/5.0 (Windows NT 10.0; Win64; x64; rv:74.0) Gecko/20100101 Firefox/74.0"
146.70.178.254 - - [17/Apr/2025:20:33:19 -0400] "GET / HTTP/1.1" 200 97713 "-" "Mozilla/5.0 (Windows NT 10.0; WOW64; Trident/7.0; .NET4.0C; .NET4.0E; .NET CLR 2.0.50727; .NET CLR 3.0.30729; .NET CLR 3.5.30729; rv:11.0) like Gecko"
198.54.114.83 - - [17/Apr/2025:20:33:22 -0400] "POST /wp-cron.php?doing_wp_cron=1744936401.1092960834503173828125 HTTP/1.1" 200 0 "-" "WordPress/6.8; https://christianmantopoulos.com"
146.70.178.254 - - [17/Apr/2025:20:33:20 -0400] "GET /wp-admin/network/natural.php HTTP/1.1" 404 6820 "-" "Mozilla/5.0 (Windows NT 10.0; WOW64; Trident/7.0; .NET4.0C; .NET4.0E; .NET CLR 2.0.50727; .NET CLR 3.0.30729; .NET CLR 3.5.30729; rv:11.0) like Gecko"
146.70.178.254 - - [17/Apr/2025:20:33:24 -0400] "GET /natural.php HTTP/1.1" 404 6820 "-" "Mozilla/5.0 (Macintosh; Intel Mac OS X 10_12_6) AppleWebKit/537.36 (KHTML, like Gecko) Chrome/58.0.3029.110 Safari/537.3"
146.70.178.254 - - [17/Apr/2025:20:33:26 -0400] "GET /about.php HTTP/1.1" 404 6820 "-" "Mozilla/5.0 (Windows NT 10.0; Win64; x64; rv:75.0) Gecko/20100101 Firefox/75.0"
146.70.178.254 - - [17/Apr/2025:20:33:28 -0400] "GET /simple.php HTTP/1.1" 404 6820 "-" "Mozilla/5.0 (Windows NT 10.0; WOW64; x64) AppleWebKit/537.36 (KHTML, like Gecko) Chrome/84.0.4147.105 Safari/537.36 OPR/70.0.3728.95"
146.70.178.254 - - [17/Apr/2025:20:33:31 -0400] "GET /wp-admin/network/index.php HTTP/1.1" 302 0 "-" "Mozilla/5.0 (Windows NT 10.0; WOW64; Trident/7.0; .NET4.0C; .NET4.0E; .NET CLR 2.0.50727; .NET CLR 3.0.30729; .NET CLR 3.5.30729; rv:11.0) like Gecko"
146.70.178.254 - - [17/Apr/2025:20:33:34 -0400] "GET /inputs.php HTTP/1.1" 404 6820 "-" "Mozilla/5.0 (X11; Ubuntu; Linux i686; rv:79.0) Gecko/20100101 Firefox/79.0"
146.70.178.254 - - [17/Apr/2025:20:33:36 -0400] "GET /wp-includes/ID3/index.php HTTP/1.1" 301 0 "-" "Mozilla/5.0 (Windows NT 10.0; Win64; x64) AppleWebKit/537.36 (KHTML, like Gecko) Chrome/74.0.3729.169 Safari/537.36"
146.70.178.254 - - [17/Apr/2025:20:33:38 -0400] "GET /autoload_classmap.php HTTP/1.1" 404 6820 "-" "Mozilla/5.0 (Windows NT 10.0; WOW64; x64) AppleWebKit/537.36 (KHTML, like Gecko) Chrome/84.0.4147.105 Safari/537.36 OPR/70.0.3728.95"
146.70.178.254 - - [17/Apr/2025:20:33:39 -0400] "GET /wp-includes/bk/index.php HTTP/1.1" 301 0 "-" "Mozilla/5.0 (Windows NT 10.0; Win64; x64) AppleWebKit/537.36 (KHTML, like Gecko) Chrome/77.0.3865.90 Safari/537.36"
146.70.178.254 - - [17/Apr/2025:20:33:41 -0400] "GET /file2.php HTTP/1.1" 404 6820 "-" "Mozilla/5.0 (Windows NT 10.0; Win64; x64; rv:79.0) Gecko/20100101 Firefox/79.0"
146.70.178.254 - - [17/Apr/2025:20:33:43 -0400] "GET /wp-content/upgrade/index.php HTTP/1.1" 301 0 "-" "Mozilla/5.0 (X11; Ubuntu; Linux x86_64; rv:79.0) Gecko/20100101 Firefox/79.0"
146.70.178.254 - - [17/Apr/2025:20:33:44 -0400] "GET /file.php HTTP/1.1" 404 6820 "-" "Mozilla/5.0 (Windows NT 10.0; Win64; x64) AppleWebKit/537.36 (KHTML, like Gecko) Chrome/79.0.3945.130 Safari/537.36"
146.70.178.254 - - [17/Apr/2025:20:33:45 -0400] "GET /chosen.php HTTP/1.1" 404 6820 "-" "Mozilla/5.0 (Windows NT 10.0; Win64; x64) AppleWebKit/537.36 (KHTML, like Gecko) Chrome/74.0.3729.157 Safari/537.36"
146.70.178.254 - - [17/Apr/2025:20:33:47 -0400] "GET /item.php HTTP/1.1" 404 6820 "-" "Mozilla/5.0 (Windows NT 10.0; WOW64; Trident/7.0; .NET4.0C; .NET4.0E; .NET CLR 2.0.50727; .NET CLR 3.0.30729; .NET CLR 3.5.30729; rv:11.0) like Gecko"
146.70.178.254 - - [17/Apr/2025:20:33:48 -0400] "GET /wp-content/uploads/2025/04/natural.php HTTP/1.1" 404 6820 "-" "Mozilla/5.0 (Windows NT 10.0; Win64; x64) AppleWebKit/537.36 (KHTML, like Gecko) Chrome/84.0.4147.105 Safari/537.36 OPR/70.0.3728.95"
146.70.178.254 - - [17/Apr/2025:20:33:50 -0400] "GET /wp-includes/theme-compat/chosen.php HTTP/1.1" 404 6820 "-" "Mozilla/5.0 (X11; Linux i686; rv:79.0) Gecko/20100101 Firefox/79.0"
146.70.178.254 - - [17/Apr/2025:20:33:51 -0400] "GET /zwso.php HTTP/1.1" 404 6820 "-" "Mozilla/5.0 (Windows NT 6.1; Win64; x64) AppleWebKit/537.36 (KHTML, like Gecko) Chrome/78.0.3904.108 Safari/537.36"
146.70.178.254 - - [17/Apr/2025:20:33:52 -0400] "GET /wp-conflg.php HTTP/1.1" 404 6820 "-" "Mozilla/5.0 (Windows NT 10.0; Win64; x64; rv:73.0) Gecko/20100101 Firefox/73.0"
146.70.178.254 - - [17/Apr/2025:20:33:55 -0400] "GET /wp-includes/IXR/chosen.php HTTP/1.1" 404 6820 "-" "Mozilla/5.0 (Windows NT 6.1; Win64; x64) AppleWebKit/537.36 (KHTML, like Gecko) Chrome/79.0.3945.130 Safari/537.36"
146.70.178.254 - - [17/Apr/2025:20:33:57 -0400] "GET /wp-includes/js/chosen.php HTTP/1.1" 404 6820 "-" "Mozilla/5.0 (Windows NT 10.0; WOW64) AppleWebKit/537.36 (KHTML, like Gecko) Chrome/84.0.4147.105 Safari/537.36"
146.70.178.254 - - [17/Apr/2025:20:33:59 -0400] "GET /wp-includes/pomo/wp-conflg.php HTTP/1.1" 404 6820 "-" "Mozilla/5.0 (Windows NT 10.0; Win64; x64) AppleWebKit/537.36 (KHTML, like Gecko) Chrome/77.0.3865.90 Safari/537.36"
146.70.178.254 - - [17/Apr/2025:20:34:01 -0400] "GET /wp-admin/js/autoload_classmap.php HTTP/1.1" 404 6820 "-" "Mozilla/5.0 (Windows NT 6.1; Win64; x64) AppleWebKit/537.36 (KHTML, like Gecko) Chrome/74.0.3729.169 Safari/537.36"
146.70.178.254 - - [17/Apr/2025:20:34:03 -0400] "GET /wp-includes/images/index.php HTTP/1.1" 301 0 "-" "Mozilla/5.0 (Windows NT 10.0; Win64; x64) AppleWebKit/537.36 (KHTML, like Gecko) Chrome/83.0.4103.97 Safari/537.36"
146.70.178.254 - - [17/Apr/2025:20:34:05 -0400] "GET /wp-includes/certificates/chosen.php HTTP/1.1" 404 6820 "-" "Mozilla/5.0 (Windows NT 10.0; Win64; x64; rv:76.0) Gecko/20100101 Firefox/76.0"
146.70.178.254 - - [17/Apr/2025:20:34:08 -0400] "GET /bitrix/admin/htmleditor2/natural.php HTTP/1.1" 404 6820 "-" "Mozilla/5.0 (Windows NT 6.1; Win64; x64) AppleWebKit/537.36 (KHTML, like Gecko) Chrome/80.0.3987.149 Safari/537.36"
146.70.178.254 - - [17/Apr/2025:20:34:10 -0400] "GET /wp-content/index.php HTTP/1.1" 200 0 "-" "Mozilla/5.0 (Windows NT 10.0; Win64; x64) AppleWebKit/537.36 (KHTML, like Gecko) Chrome/77.0.3865.90 Safari/537.36"
146.70.178.254 - - [17/Apr/2025:20:34:12 -0400] "GET /wp-includes/Requests/Auth/index.php HTTP/1.1" 301 0 "-" "Mozilla/5.0 (Windows NT 10.0; Win64; x64) AppleWebKit/537.36 (KHTML, like Gecko) Chrome/79.0.3945.88 Safari/537.36"
146.70.178.254 - - [17/Apr/2025:20:34:14 -0400] "GET /wp-admin/images/index.php HTTP/1.1" 301 0 "-" "Mozilla/5.0 (compatible; MSIE 10.0; Windows NT 6.1; Trident/6.0)"
146.70.178.254 - - [17/Apr/2025:20:34:15 -0400] "GET /templates/natural.php HTTP/1.1" 404 6820 "-" "Mozilla/5.0 (Windows NT 10.0; Win64; x64) AppleWebKit/537.36 (KHTML, like Gecko) Chrome/74.0.3729.157 Safari/537.36"
146.70.178.254 - - [17/Apr/2025:20:34:17 -0400] "GET /cong.php HTTP/1.1" 404 6820 "-" "Mozilla/5.0 (Windows NT 10.0) AppleWebKit/537.36 (KHTML, like Gecko) Chrome/72.0.3626.121 Safari/537.36"
146.70.178.254 - - [17/Apr/2025:20:34:19 -0400] "GET /wp-content/plugins/apikey/natural.php HTTP/1.1" 404 6820 "-" "Mozilla/5.0 (Windows NT 10.0; Win64; x64; rv:75.0) Gecko/20100101 Firefox/75.0"
146.70.178.254 - - [17/Apr/2025:20:34:20 -0400] "GET /wp-admin/js/index.php HTTP/1.1" 301 0 "-" "Mozilla/5.0 (Macintosh; Intel Mac OS X 10_15_6) AppleWebKit/537.36 (KHTML, like Gecko) Chrome/84.0.4147.105 Safari/537.36 OPR/70.0.3728.95"
146.70.178.254 - - [17/Apr/2025:20:34:22 -0400] "GET /dropdown.php HTTP/1.1" 404 6820 "-" "Mozilla/5.0 (X11; Fedora; Linux x86_64; rv:79.0) Gecko/20100101 Firefox/79.0"
198.54.114.83 - - [17/Apr/2025:20:34:24 -0400] "POST /wp-cron.php?doing_wp_cron=1744936463.0438389778137207031250 HTTP/1.1" 200 0 "-" "WordPress/6.8; https://christianmantopoulos.com"
146.70.178.254 - - [17/Apr/2025:20:34:25 -0400] "GET /wp-includes/style-engine/wp-conflg.php HTTP/1.1" 404 6820 "-" "Mozilla/5.0 (Macintosh; Intel Mac OS X 10_12_6) AppleWebKit/537.36 (KHTML, like Gecko) Chrome/58.0.3029.110 Safari/537.3"
146.70.178.254 - - [17/Apr/2025:20:34:27 -0400] "GET /wp-includes/ID3/wp-conflg.php HTTP/1.1" 404 6820 "-" "Mozilla/5.0 (X11; Linux x86_64) AppleWebKit/537.36 (KHTML, like Gecko) Chrome/84.0.4147.105 Safari/537.36"
146.70.178.254 - - [17/Apr/2025:20:34:29 -0400] "GET /wp-content/plugins/up/main.php HTTP/1.1" 404 6820 "-" "Mozilla/5.0 (Windows NT 10.0; Win64; x64) AppleWebKit/537.36 (KHTML, like Gecko) Chrome/79.0.3945.79 Safari/537.36"
146.70.178.254 - - [17/Apr/2025:20:34:31 -0400] "GET /repeater.php HTTP/1.1" 404 6820 "-" "Mozilla/5.0 (Windows NT 10.0; Win64; x64) AppleWebKit/537.36 (KHTML, like Gecko) Chrome/79.0.3945.79 Safari/537.36"
146.70.178.254 - - [17/Apr/2025:20:34:33 -0400] "GET /wp-2019.php HTTP/1.1" 404 6820 "-" "Mozilla/5.0 (Windows NT 6.1; Win64; x64) AppleWebKit/537.36 (KHTML, like Gecko) Chrome/78.0.3904.108 Safari/537.36"
146.70.178.254 - - [17/Apr/2025:20:34:35 -0400] "GET /atomlib.php HTTP/1.1" 404 6820 "-" "Mozilla/5.0 (Windows NT 10.0; Win64; x64) AppleWebKit/537.36 (KHTML, like Gecko) Chrome/69.0.3497.100 Safari/537.36"
146.70.178.254 - - [17/Apr/2025:20:34:36 -0400] "GET /css.php HTTP/1.1" 404 6820 "-" "Mozilla/5.0 (Windows NT 10.0; Win64; x64) AppleWebKit/537.36 (KHTML, like Gecko) Chrome/84.0.4147.105 Safari/537.36"
146.70.178.254 - - [17/Apr/2025:20:34:37 -0400] "GET /log.php HTTP/1.1" 404 6820 "-" "Mozilla/5.0 (Macintosh; Intel Mac OS X 10.15; rv:79.0) Gecko/20100101 Firefox/79.0"
146.70.178.254 - - [17/Apr/2025:20:34:38 -0400] "GET /index.php HTTP/1.1" 301 0 "-" "Mozilla/5.0 (Windows NT 10.0; Win64; x64) AppleWebKit/537.36 (KHTML, like Gecko) Chrome/84.0.4147.105 Safari/537.36"
146.70.178.254 - - [17/Apr/2025:20:34:40 -0400] "GET /mail.php HTTP/1.1" 404 6820 "-" "Mozilla/5.0 (Windows NT 10.0; Win64; x64) AppleWebKit/537.36 (KHTML, like Gecko) Chrome/79.0.3945.88 Safari/537.36"
146.70.178.254 - - [17/Apr/2025:20:34:41 -0400] "GET /lufix.php HTTP/1.1" 404 6820 "-" "Mozilla/5.0 (Windows NT 10.0; Win64; x64) AppleWebKit/537.36 (KHTML, like Gecko) Chrome/77.0.3865.90 Safari/537.36"
146.70.178.254 - - [17/Apr/2025:20:34:43 -0400] "GET /doc.php HTTP/1.1" 404 6820 "-" "Mozilla/5.0 (Windows NT 6.3; Win64; x64; rv:73.0) Gecko/20100101 Firefox/73.0"
146.70.178.254 - - [17/Apr/2025:20:34:45 -0400] "GET /bak.php HTTP/1.1" 404 6820 "-" "Mozilla/5.0 (Windows NT 10.0; Win64; x64) AppleWebKit/537.36 (KHTML, like Gecko) Chrome/79.0.3945.130 Safari/537.36"
146.70.178.254 - - [17/Apr/2025:20:34:46 -0400] "GET /content.php HTTP/1.1" 404 6820 "-" "Mozilla/5.0 (Windows NT 10.0; Win64; x64) AppleWebKit/537.36 (KHTML, like Gecko) Chrome/58.0.3029.110 Safari/537.3"
146.70.178.254 - - [17/Apr/2025:20:34:48 -0400] "GET /upfile.php HTTP/1.1" 404 6820 "-" "Mozilla/5.0 (Linux x86_64; rv:79.0) Gecko/20100101 Firefox/79.0"
146.70.178.254 - - [17/Apr/2025:20:34:50 -0400] "GET /wp.php HTTP/1.1" 404 6820 "-" "Mozilla/5.0 (Windows NT 10.0; Win64; x64) AppleWebKit/537.36 (KHTML, like Gecko) Chrome/79.0.3945.79 Safari/537.36"
146.70.178.254 - - [17/Apr/2025:20:34:52 -0400] "GET /bypass.php HTTP/1.1" 404 6820 "-" "Mozilla/5.0 (Windows NT 10.0; Win64; x64; rv:79.0) Gecko/20100101 Firefox/79.0"
146.70.178.254 - - [17/Apr/2025:20:34:53 -0400] "GET /wp-activate.php HTTP/1.1" 302 0 "-" "Mozilla/5.0 (Windows NT 10.0; Win64; x64) AppleWebKit/537.36 (KHTML, like Gecko) Chrome/70.0.3538.77 Safari/537.36"
146.70.178.254 - - [17/Apr/2025:20:34:55 -0400] "GET /404.php HTTP/1.1" 404 6820 "-" "Mozilla/5.0 (Windows NT 10.0; Win64; x64) AppleWebKit/537.36 (KHTML, like Gecko) Chrome/81.0.4044.129 Safari/537.36"
146.70.178.254 - - [17/Apr/2025:20:34:57 -0400] "GET /updates.php HTTP/1.1" 404 6820 "-" "Mozilla/5.0 (Windows NT 10.0; Win64; x64) AppleWebKit/537.36 (KHTML, like Gecko) Chrome/58.0.3029.110 Safari/537.3"
146.70.178.254 - - [17/Apr/2025:20:34:59 -0400] "GET /radio.php HTTP/1.1" 404 6820 "-" "Mozilla/5.0 (Linux x86_64; rv:79.0) Gecko/20100101 Firefox/79.0"
146.70.178.254 - - [17/Apr/2025:20:35:01 -0400] "GET /plugins.php HTTP/1.1" 404 6820 "-" "Mozilla/5.0 (Windows NT 10.0; Win64; x64) AppleWebKit/537.36 (KHTML, like Gecko) Chrome/83.0.4103.61 Safari/537.36"
146.70.178.254 - - [17/Apr/2025:20:35:04 -0400] "GET /xmrlpc.php HTTP/1.1" 404 6821 "-" "Mozilla/5.0 (Windows NT 10.0; Win64; x64; rv:72.0) Gecko/20100101 Firefox/72.0"
146.70.160.246 - - [17/Apr/2025:20:35:07 -0400] "GET /ae.php HTTP/1.1" 404 6820 "-" "Mozilla/5.0 (X11; Linux x86_64) AppleWebKit/537.36 (KHTML, like Gecko) Chrome/84.0.4147.105 Safari/537.36 OPR/70.0.3728.95"
146.70.160.244 - - [17/Apr/2025:20:35:10 -0400] "GET /moon.php HTTP/1.1" 404 6820 "-" "Mozilla/5.0 (Windows NT 10.0; Win64; x64) AppleWebKit/537.36 (KHTML, like Gecko) Chrome/75.0.3770.100 Safari/537.36"
146.70.160.246 - - [17/Apr/2025:20:35:13 -0400] "GET /blog.php HTTP/1.1" 404 6820 "-" "Mozilla/5.0 (X11; Fedora; Linux x86_64; rv:79.0) Gecko/20100101 Firefox/79.0"
146.70.160.244 - - [17/Apr/2025:20:35:16 -0400] "GET /themes.php HTTP/1.1" 404 6820 "-" "Mozilla/5.0 (Windows NT 10.0; Win64; x64; rv:77.0) Gecko/20100101 Firefox/77.0"
146.70.160.246 - - [17/Apr/2025:20:35:19 -0400] "GET /ini.php HTTP/1.1" 404 6820 "-" "Mozilla/5.0 (Windows NT 10.0; Win64; x64) AppleWebKit/537.36 (KHTML, like Gecko) Chrome/79.0.3945.88 Safari/537.36"
146.70.160.246 - - [17/Apr/2025:20:35:21 -0400] "GET /as.php HTTP/1.1" 404 6820 "-" "Mozilla/5.0 (Windows NT 10.0; Win64; x64; rv:71.0) Gecko/20100101 Firefox/71.0"
146.70.160.244 - - [17/Apr/2025:20:35:24 -0400] "GET /shell.php HTTP/1.1" 404 6820 "-" "Mozilla/5.0 (Macintosh; Intel Mac OS X 10_15_6) AppleWebKit/537.36 (KHTML, like Gecko) Chrome/84.0.4147.125 Safari/537.36"
198.54.114.83 - - [17/Apr/2025:20:35:25 -0400] "POST /wp-cron.php?doing_wp_cron=1744936524.6092889308929443359375 HTTP/1.1" 200 0 "-" "WordPress/6.8; https://christianmantopoulos.com"
146.70.160.246 - - [17/Apr/2025:20:35:27 -0400] "GET /ws.php HTTP/1.1" 404 6820 "-" "Mozilla/5.0 (Windows NT 10.0; Win64; x64; rv:74.0) Gecko/20100101 Firefox/74.0"
146.70.160.244 - - [17/Apr/2025:20:35:28 -0400] "GET /makeasmtp.php HTTP/1.1" 404 6820 "-" "Mozilla/5.0 (Windows NT 10.0; WOW64; x64) AppleWebKit/537.36 (KHTML, like Gecko) Chrome/84.0.4147.105 Safari/537.36 OPR/70.0.3728.95"
146.70.160.246 - - [17/Apr/2025:20:35:31 -0400] "GET /wp-sigunq.php HTTP/1.1" 404 6820 "-" "Mozilla/5.0 (X11; Fedora; Linux x86_64; rv:79.0) Gecko/20100101 Firefox/79.0"
146.70.160.244 - - [17/Apr/2025:20:35:33 -0400] "GET /wso112233.php HTTP/1.1" 404 6820 "-" "Mozilla/5.0 (Windows NT 10.0) AppleWebKit/537.36 (KHTML, like Gecko) Chrome/84.0.4147.105 Safari/537.36"
146.70.160.246 - - [17/Apr/2025:20:35:35 -0400] "GET /wp-atom.php HTTP/1.1" 301 0 "-" "Mozilla/5.0 (Windows NT 6.3; Win64; x64; rv:73.0) Gecko/20100101 Firefox/73.0"
146.70.160.244 - - [17/Apr/2025:20:35:36 -0400] "GET /alfanew.php HTTP/1.1" 404 6820 "-" "Mozilla/5.0 (Windows NT 10.0; Win64; x64) AppleWebKit/537.36 (KHTML, like Gecko) Chrome/58.0.3029.110 Safari/537.3"
146.70.160.246 - - [17/Apr/2025:20:35:38 -0400] "GET /fw.php HTTP/1.1" 404 6820 "-" "Mozilla/5.0 (Windows NT 10.0; Win64; x64) AppleWebKit/537.36 (KHTML, like Gecko) Chrome/74.0.3729.157 Safari/537.36"
146.70.160.244 - - [17/Apr/2025:20:35:39 -0400] "GET /install.php HTTP/1.1" 404 6820 "-" "Mozilla/5.0 (Windows NT 10.0; Win64; x64) AppleWebKit/537.36 (KHTML, like Gecko) Chrome/74.0.3729.157 Safari/537.36"
146.70.160.246 - - [17/Apr/2025:20:35:41 -0400] "GET /wp-login.php HTTP/1.1" 302 0 "-" "Mozilla/5.0 (Windows NT 10.0) AppleWebKit/537.36 (KHTML, like Gecko) Chrome/84.0.4147.105 Safari/537.36"
146.70.160.244 - - [17/Apr/2025:20:35:43 -0400] "GET /wp-admin/shapes.php HTTP/1.1" 404 6820 "-" "Mozilla/5.0 (Windows NT 10.0; Win64; x64; rv:73.0) Gecko/20100101 Firefox/73.0"
146.70.160.246 - - [17/Apr/2025:20:35:44 -0400] "GET /XxX.php HTTP/1.1" 404 6820 "-" "Mozilla/5.0 (Windows NT 10.0; Win64; x64) AppleWebKit/537.36 (KHTML, like Gecko) Chrome/79.0.3945.79 Safari/537.36"
146.70.160.244 - - [17/Apr/2025:20:35:46 -0400] "GET /Marvins.php HTTP/1.1" 404 6820 "-" "Mozilla/5.0 (Windows NT 6.1; Win64; x64) AppleWebKit/537.36 (KHTML, like Gecko) Chrome/80.0.3987.149 Safari/537.36"
178.33.192.240 - - [17/Apr/2025:20:35:48 -0400] "POST /xmlrpc.php HTTP/1.1" 200 212 "-" "Mozilla/5.0 (Windows NT 10.0; Win64; x64; rv:68.0) Gecko/20100101 Firefox/68.0"
146.70.160.246 - - [17/Apr/2025:20:35:47 -0400] "GET /wp-includes/css/modules.php HTTP/1.1" 404 6820 "-" "Mozilla/5.0 (Windows NT 10.0; Win64; x64) AppleWebKit/537.36 (KHTML, like Gecko) Chrome/79.0.3945.79 Safari/537.36"
146.70.160.244 - - [17/Apr/2025:20:35:53 -0400] "GET /olux.php HTTP/1.1" 404 6820 "-" "Mozilla/5.0 (Windows NT 6.1; Win64; x64) AppleWebKit/537.36 (KHTML, like Gecko) Chrome/74.0.3729.169 Safari/537.36"
146.70.160.246 - - [17/Apr/2025:20:35:55 -0400] "GET /indoxploit.php HTTP/1.1" 404 6820 "-" "Mozilla/5.0 (X11; Linux x86_64) AppleWebKit/537.36 (KHTML, like Gecko) Chrome/84.0.4147.105 Safari/537.36"
146.70.160.244 - - [17/Apr/2025:20:35:58 -0400] "GET /wso.php HTTP/1.1" 404 6820 "-" "Mozilla/5.0 (Macintosh; Intel Mac OS X 10_12_6) AppleWebKit/537.36 (KHTML, like Gecko) Chrome/58.0.3029.110 Safari/537.3"
146.70.160.246 - - [17/Apr/2025:20:36:00 -0400] "GET /upload.php HTTP/1.1" 404 6821 "-" "Mozilla/5.0 (X11; Linux x86_64) AppleWebKit/537.36 (KHTML, like Gecko) Chrome/84.0.4147.105 Safari/537.36 OPR/70.0.3728.95"
146.70.160.244 - - [17/Apr/2025:20:36:03 -0400] "GET /wp-admin/css/colors/blue/blue.php HTTP/1.1" 404 6820 "-" "Mozilla/5.0 (Windows NT 6.1; Win64; x64) AppleWebKit/537.36 (KHTML, like Gecko) Chrome/78.0.3904.108 Safari/537.36"
146.70.160.246 - - [17/Apr/2025:20:36:06 -0400] "GET /uploader.php HTTP/1.1" 404 6820 "-" "Mozilla/5.0 (X11; Linux i686; rv:79.0) Gecko/20100101 Firefox/79.0"
146.70.160.244 - - [17/Apr/2025:20:36:07 -0400] "GET /1337.php HTTP/1.1" 404 6820 "-" "Mozilla/5.0 (X11; Ubuntu; Linux i686; rv:79.0) Gecko/20100101 Firefox/79.0"
146.70.160.246 - - [17/Apr/2025:20:36:10 -0400] "GET /user.php HTTP/1.1" 404 6820 "-" "Mozilla/5.0 (X11; Linux i686; rv:79.0) Gecko/20100101 Firefox/79.0"
146.70.160.244 - - [17/Apr/2025:20:36:13 -0400] "GET /wp-info.php HTTP/1.1" 404 6820 "-" "Mozilla/5.0 (Windows NT 10.0; Win64; x64) AppleWebKit/537.36 (KHTML, like Gecko) Chrome/70.0.3538.77 Safari/537.36"
146.70.160.246 - - [17/Apr/2025:20:36:15 -0400] "GET /wxo.php HTTP/1.1" 404 6820 "-" "Mozilla/5.0 (Windows NT 10.0; Win64; x64) AppleWebKit/537.36 (KHTML, like Gecko) Chrome/81.0.4044.129 Safari/537.36"
146.70.160.244 - - [17/Apr/2025:20:36:16 -0400] "GET /amigo.php HTTP/1.1" 404 6820 "-" "Mozilla/5.0 (Linux x86_64; rv:79.0) Gecko/20100101 Firefox/79.0"
146.70.160.246 - - [17/Apr/2025:20:36:19 -0400] "GET /yoi.php HTTP/1.1" 404 6820 "-" "Mozilla/5.0 (Windows NT 10.0; Win64; x64) AppleWebKit/537.36 (KHTML, like Gecko) Chrome/79.0.3945.130 Safari/537.36"
146.70.160.244 - - [17/Apr/2025:20:36:21 -0400] "GET /wp-admin/codeboy1877_up.php HTTP/1.1" 404 6820 "-" "Mozilla/5.0 (Macintosh; Intel Mac OS X 10.15; rv:79.0) Gecko/20100101 Firefox/79.0"
146.70.160.246 - - [17/Apr/2025:20:36:23 -0400] "GET /wp-includes/codeboy1877_up.php HTTP/1.1" 404 6820 "-" "Mozilla/5.0 (Windows NT 10.0; Win64; x64) AppleWebKit/537.36 (KHTML, like Gecko) Chrome/69.0.3497.100 Safari/537.36"
146.70.160.244 - - [17/Apr/2025:20:36:27 -0400] "GET /wp-contentt.php HTTP/1.1" 404 6820 "-" "Mozilla/5.0 (Windows NT 10.0; Win64; x64; rv:75.0) Gecko/20100101 Firefox/75.0"
198.54.114.83 - - [17/Apr/2025:20:36:28 -0400] "POST /wp-cron.php?doing_wp_cron=1744936587.2655229568481445312500 HTTP/1.1" 200 0 "-" "WordPress/6.8; https://christianmantopoulos.com"
146.70.160.246 - - [17/Apr/2025:20:36:31 -0400] "GET /we1y8.php HTTP/1.1" 404 6820 "-" "Mozilla/5.0 (X11; Ubuntu; Linux x86_64; rv:79.0) Gecko/20100101 Firefox/79.0"
146.70.160.244 - - [17/Apr/2025:20:36:33 -0400] "GET /wp-content/iu.php HTTP/1.1" 404 6820 "-" "Mozilla/5.0 (Windows NT 10.0; Win64; x64; rv:79.0) Gecko/20100101 Firefox/79.0"
146.70.160.246 - - [17/Apr/2025:20:36:35 -0400] "GET /ccx/th3_err0r.php HTTP/1.1" 404 6820 "-" "Mozilla/5.0 (Windows NT 10.0; WOW64; Trident/7.0; .NET4.0C; .NET4.0E; .NET CLR 2.0.50727; .NET CLR 3.0.30729; .NET CLR 3.5.30729; rv:11.0) like Gecko"
146.70.160.244 - - [17/Apr/2025:20:36:38 -0400] "GET /ccx/index.php HTTP/1.1" 301 0 "-" "Mozilla/5.0 (Windows NT 10.0; Win64; x64; rv:67.0) Gecko/20100101 Firefox/67.0"
146.70.160.246 - - [17/Apr/2025:20:36:39 -0400] "GET /wp-content/codeboy1877_up.php HTTP/1.1" 404 6820 "-" "Mozilla/5.0 (Macintosh; Intel Mac OS X 10_15_6) AppleWebKit/537.36 (KHTML, like Gecko) Chrome/84.0.4147.125 Safari/537.36"
146.70.160.244 - - [17/Apr/2025:20:36:41 -0400] "GET /hehe.php HTTP/1.1" 404 6820 "-" "Mozilla/5.0 (Windows NT 10.0; Win64; x64) AppleWebKit/537.36 (KHTML, like Gecko) Chrome/75.0.3770.100 Safari/537.36"
146.70.160.246 - - [17/Apr/2025:20:36:43 -0400] "GET /post-data.php HTTP/1.1" 404 6820 "-" "Mozilla/5.0 (Windows NT 10.0; Win64; x64) AppleWebKit/537.36 (KHTML, like Gecko) Chrome/74.0.3729.157 Safari/537.36"
146.70.160.244 - - [17/Apr/2025:20:36:45 -0400] "GET /w0.php HTTP/1.1" 404 6820 "-" "Mozilla/5.0 (Windows NT 10.0; Win64; x64; rv:77.0) Gecko/20100101 Firefox/77.0"
146.70.160.246 - - [17/Apr/2025:20:36:46 -0400] "GET /old-index.php HTTP/1.1" 404 6820 "-" "Mozilla/5.0 (X11; Ubuntu; Linux x86_64; rv:79.0) Gecko/20100101 Firefox/79.0"
146.70.160.244 - - [17/Apr/2025:20:36:48 -0400] "GET /wsanon.php HTTP/1.1" 404 6820 "-" "Mozilla/5.0 (Windows NT 10.0; Win64; x64; rv:71.0) Gecko/20100101 Firefox/71.0"
146.70.160.246 - - [17/Apr/2025:20:36:51 -0400] "GET /wp-content/small.php HTTP/1.1" 404 6820 "-" "Mozilla/5.0 (Windows NT 10.0; Win64; x64; rv:71.0) Gecko/20100101 Firefox/71.0"
146.70.160.244 - - [17/Apr/2025:20:36:54 -0400] "GET /wp-content/mode.php HTTP/1.1" 404 6820 "-" "Mozilla/5.0 (Macintosh; Intel Mac OS X 10_15_6) AppleWebKit/537.36 (KHTML, like Gecko) Chrome/84.0.4147.125 Safari/537.36"
146.70.160.246 - - [17/Apr/2025:20:36:56 -0400] "GET /indo.php HTTP/1.1" 404 6820 "-" "Mozilla/5.0 (compatible; MSIE 10.0; Windows NT 6.1; Trident/6.0)"
146.70.160.244 - - [17/Apr/2025:20:36:58 -0400] "GET /beence.php HTTP/1.1" 404 6820 "-" "Mozilla/5.0 (Windows NT 10.0; Win64; x64) AppleWebKit/537.36 (KHTML, like Gecko) Chrome/83.0.4103.97 Safari/537.36"
146.70.160.246 - - [17/Apr/2025:20:37:01 -0400] "GET /indosec.php HTTP/1.1" 404 6820 "-" "Mozilla/5.0 (Macintosh; Intel Mac OS X 10_15_6) AppleWebKit/537.36 (KHTML, like Gecko) Chrome/84.0.4147.105 Safari/537.36 OPR/70.0.3728.95"
146.70.160.244 - - [17/Apr/2025:20:37:04 -0400] "GET /archives.php HTTP/1.1" 404 6821 "-" "Mozilla/5.0 (Windows NT 10.0; Win64; x64) AppleWebKit/537.36 (KHTML, like Gecko) Chrome/74.0.3729.169 Safari/537.36"
146.70.160.246 - - [17/Apr/2025:20:37:07 -0400] "GET /po8sa.php HTTP/1.1" 404 6820 "-" "Mozilla/5.0 (Windows NT 10.0; Win64; x64; rv:72.0) Gecko/20100101 Firefox/72.0"
146.70.160.244 - - [17/Apr/2025:20:37:10 -0400] "GET /thesmartestx.php HTTP/1.1" 404 6820 "-" "Mozilla/5.0 (Windows NT 10.0; Win64; x64) AppleWebKit/537.36 (KHTML, like Gecko) Chrome/83.0.4103.61 Safari/537.36"
146.70.160.246 - - [17/Apr/2025:20:37:12 -0400] "GET /zcanp.php HTTP/1.1" 404 6820 "-" "Mozilla/5.0 (compatible; MSIE 10.0; Windows NT 6.1; Trident/6.0)"
146.70.160.244 - - [17/Apr/2025:20:37:15 -0400] "GET /burjuva.aspx HTTP/1.1" 404 6820 "-" "Mozilla/5.0 (X11; Linux x86_64) AppleWebKit/537.36 (KHTML, like Gecko) Chrome/84.0.4147.105 Safari/537.36"
146.70.160.246 - - [17/Apr/2025:20:37:18 -0400] "GET /pvt.php HTTP/1.1" 404 6820 "-" "Mozilla/5.0 (compatible; MSIE 10.0; Windows NT 6.1; Trident/6.0)"
146.70.160.244 - - [17/Apr/2025:20:37:19 -0400] "GET /shell20211028.php HTTP/1.1" 404 6820 "-" "Mozilla/5.0 (Windows NT 10.0; Win64; x64) AppleWebKit/537.36 (KHTML, like Gecko) Chrome/75.0.3770.100 Safari/537.36"
146.70.160.246 - - [17/Apr/2025:20:37:22 -0400] "GET /cgi-bin/wp-2019.php HTTP/1.1" 404 6820 "-" "Mozilla/5.0 (Windows NT 10.0; Win64; x64) AppleWebKit/537.36 (KHTML, like Gecko) Chrome/75.0.3770.100 Safari/537.36"
146.70.160.246 - - [17/Apr/2025:20:37:24 -0400] "GET /crypted.php HTTP/1.1" 404 6820 "-" "Mozilla/5.0 (Windows NT 10.0; WOW64; x64) AppleWebKit/537.36 (KHTML, like Gecko) Chrome/84.0.4147.105 Safari/537.36 OPR/70.0.3728.95"
146.70.160.244 - - [17/Apr/2025:20:37:26 -0400] "GET /h0110w4y.php HTTP/1.1" 404 6820 "-" "Mozilla/5.0 (Macintosh; Intel Mac OS X 10.15; rv:79.0) Gecko/20100101 Firefox/79.0"
146.70.160.246 - - [17/Apr/2025:20:37:30 -0400] "GET /vesiw.php HTTP/1.1" 404 6820 "-" "Mozilla/5.0 (Windows NT 6.1; Win64; x64) AppleWebKit/537.36 (KHTML, like Gecko) Chrome/80.0.3987.149 Safari/537.36"
198.54.114.83 - - [17/Apr/2025:20:37:32 -0400] "POST /wp-cron.php?doing_wp_cron=1744936650.5143110752105712890625 HTTP/1.1" 200 0 "-" "WordPress/6.8; https://christianmantopoulos.com"
146.70.160.244 - - [17/Apr/2025:20:37:33 -0400] "GET /w.php HTTP/1.1" 404 6820 "-" "Mozilla/5.0 (compatible; MSIE 10.0; Windows NT 6.1; Trident/6.0)"
146.70.160.246 - - [17/Apr/2025:20:37:36 -0400] "GET /wp-db.php HTTP/1.1" 404 6820 "-" "Mozilla/5.0 (Windows NT 10.0; WOW64; x64) AppleWebKit/537.36 (KHTML, like Gecko) Chrome/84.0.4147.105 Safari/537.36 OPR/70.0.3728.95"
146.70.160.244 - - [17/Apr/2025:20:37:38 -0400] "GET /wp-includes/lx.php HTTP/1.1" 404 6821 "-" "Mozilla/5.0 (Macintosh; Intel Mac OS X 10_10_1) AppleWebKit/537.36 (KHTML, like Gecko) Chrome/39.0.2171.95 Safari/537.36"
2a01:4f9:6b:471a::2 - - [17/Apr/2025:20:37:39 -0400] "POST /xmlrpc.php HTTP/1.1" 200 212 "-" "Mozilla/5.0 (Windows NT 10.0; Win64; x64; rv:60.0) Gecko/20100101 Firefox/60.0"
146.70.160.246 - - [17/Apr/2025:20:37:40 -0400] "GET /wp-content/ice.php HTTP/1.1" 404 6820 "-" "Mozilla/5.0 (Windows NT 10.0; WOW64; x64) AppleWebKit/537.36 (KHTML, like Gecko) Chrome/84.0.4147.105 Safari/537.36 OPR/70.0.3728.95"
146.70.160.244 - - [17/Apr/2025:20:37:42 -0400] "GET /wp-content/lx.php HTTP/1.1" 404 6820 "-" "Mozilla/5.0 (Windows NT 10.0) AppleWebKit/537.36 (KHTML, like Gecko) Chrome/72.0.3626.121 Safari/537.36"
146.70.160.246 - - [17/Apr/2025:20:37:44 -0400] "GET /lx.php HTTP/1.1" 404 6820 "-" "Mozilla/5.0 (compatible; MSIE 10.0; Windows NT 6.1; Trident/6.0)"
146.70.160.244 - - [17/Apr/2025:20:37:46 -0400] "GET /tonant.php HTTP/1.1" 404 6821 "-" "Mozilla/5.0 (Windows NT 10.0; Win64; x64) AppleWebKit/537.36 (KHTML, like Gecko) Chrome/69.0.3497.100 Safari/537.36"
146.70.160.246 - - [17/Apr/2025:20:37:49 -0400] "GET /f0x.php HTTP/1.1" 404 6821 "-" "Mozilla/5.0 (Windows NT 10.0; Win64; x64) AppleWebKit/537.36 (KHTML, like Gecko) Chrome/70.0.3538.110 Safari/537.36"
146.70.160.244 - - [17/Apr/2025:20:37:52 -0400] "GET /config.bak.php HTTP/1.1" 404 6820 "-" "Mozilla/5.0 (Windows NT 6.1; Win64; x64) AppleWebKit/537.36 (KHTML, like Gecko) Chrome/80.0.3987.149 Safari/537.36"
146.70.160.246 - - [17/Apr/2025:20:37:54 -0400] "GET /bypass403.php HTTP/1.1" 404 6820 "-" "Mozilla/5.0 (Windows NT 10.0; WOW64; x64) AppleWebKit/537.36 (KHTML, like Gecko) Chrome/84.0.4147.105 Safari/537.36 OPR/70.0.3728.95"
146.70.160.244 - - [17/Apr/2025:20:37:56 -0400] "GET /adminer.php HTTP/1.1" 404 6820 "-" "Mozilla/5.0 (Windows NT 10.0) AppleWebKit/537.36 (KHTML, like Gecko) Chrome/84.0.4147.105 Safari/537.36"
146.70.160.246 - - [17/Apr/2025:20:37:59 -0400] "GET /allahnaber.php HTTP/1.1" 404 6821 "-" "Mozilla/5.0 (Windows NT 10.0; Win64; x64) AppleWebKit/537.36 (KHTML, like Gecko) Chrome/81.0.4044.129 Safari/537.36"
146.70.160.244 - - [17/Apr/2025:20:38:01 -0400] "GET /AK-74.php HTTP/1.1" 404 6820 "-" "Mozilla/5.0 (Windows NT 10.0; Win64; x64; rv:77.0) Gecko/20100101 Firefox/77.0"
146.70.160.246 - - [17/Apr/2025:20:38:03 -0400] "GET /alfa3.php HTTP/1.1" 404 6821 "-" "Mozilla/5.0 (Windows NT 10.0; Win64; x64; rv:76.0) Gecko/20100101 Firefox/76.0"
146.70.160.244 - - [17/Apr/2025:20:38:06 -0400] "GET /alfaindex.php HTTP/1.1" 404 6820 "-" "Mozilla/5.0 (Windows NT 10.0; Win64; x64) AppleWebKit/537.36 (KHTML, like Gecko) Chrome/84.0.4147.105 Safari/537.36 OPR/70.0.3728.95"
146.70.160.246 - - [17/Apr/2025:20:38:07 -0400] "GET /alfa.php HTTP/1.1" 404 6820 "-" "Mozilla/5.0 (Windows NT 10.0; Win64; x64) AppleWebKit/537.36 (KHTML, like Gecko) Chrome/83.0.4103.61 Safari/537.36"
146.70.160.244 - - [17/Apr/2025:20:38:09 -0400] "GET /b374k.php HTTP/1.1" 404 6820 "-" "Mozilla/5.0 (X11; Linux x86_64) AppleWebKit/537.36 (KHTML, like Gecko) Chrome/84.0.4147.105 Safari/537.36 OPR/70.0.3728.95"
146.70.160.246 - - [17/Apr/2025:20:38:11 -0400] "GET /c99.php HTTP/1.1" 404 6820 "-" "Mozilla/5.0 (Windows NT 6.1; Win64; x64) AppleWebKit/537.36 (KHTML, like Gecko) Chrome/58.0.3029.110 Safari/537.3"
146.70.160.244 - - [17/Apr/2025:20:38:13 -0400] "GET /cmd.php HTTP/1.1" 404 6820 "-" "Mozilla/5.0 (Windows NT 10.0; WOW64) AppleWebKit/537.36 (KHTML, like Gecko) Chrome/84.0.4147.105 Safari/537.36"
146.70.160.246 - - [17/Apr/2025:20:38:15 -0400] "GET /cw.php HTTP/1.1" 404 6820 "-" "Mozilla/5.0 (Windows NT 10.0; Win64; x64) AppleWebKit/537.36 (KHTML, like Gecko) Chrome/58.0.3029.110 Safari/537.3"
