119.45.114.138 - - [15/Apr/2025:01:58:49 -0400] "GET /?author=15 HTTP/1.1" 200 97713 "-" "Apache-HttpClient/4.5.2 (Java/1.8.0_161)"
119.45.114.138 - - [15/Apr/2025:01:58:51 -0400] "GET /?author=16 HTTP/1.1" 200 97713 "-" "Apache-HttpClient/4.5.2 (Java/1.8.0_161)"
119.45.114.138 - - [15/Apr/2025:01:58:52 -0400] "GET /?author=17 HTTP/1.1" 200 97713 "-" "Apache-HttpClient/4.5.2 (Java/1.8.0_161)"
119.45.114.138 - - [15/Apr/2025:01:58:54 -0400] "GET /?author=18 HTTP/1.1" 200 97713 "-" "Apache-HttpClient/4.5.2 (Java/1.8.0_161)"
119.45.114.138 - - [15/Apr/2025:01:58:56 -0400] "GET /?author=19 HTTP/1.1" 200 97713 "-" "Apache-HttpClient/4.5.2 (Java/1.8.0_161)"
119.45.114.138 - - [15/Apr/2025:01:58:57 -0400] "GET /?author=20 HTTP/1.1" 200 97713 "-" "Apache-HttpClient/4.5.2 (Java/1.8.0_161)"
216.244.66.234 - - [15/Apr/2025:02:01:36 -0400] "GET /le-confort-absolu-des-surfeurs-le-surf-poncho/feed/ HTTP/1.1" 404 1251 "-" "Mozilla/5.0 (compatible; DotBot/1.2; +https://opensiteexplorer.org/dotbot; help@moz.com)"
116.203.135.62 - - [15/Apr/2025:02:05:03 -0400] "POST /xmlrpc.php HTTP/1.1" 200 212 "-" "Mozilla/5.0 (Windows NT 10.0; Win64; x64; rv:53.0) Gecko/20100101 Firefox/53.0"
198.54.114.83 - - [15/Apr/2025:02:05:09 -0400] "POST /wp-cron.php?doing_wp_cron=1744697107.5102350711822509765625 HTTP/1.1" 200 0 "-" "WordPress/6.7.2; https://christianmantopoulos.com"
198.54.114.83 - - [15/Apr/2025:02:12:12 -0400] "POST /wp-cron.php?doing_wp_cron=1744697531.3451480865478515625000 HTTP/1.1" 200 0 "-" "WordPress/6.7.2; https://christianmantopoulos.com"
46.182.4.125 - - [15/Apr/2025:02:12:08 -0400] "POST /xmlrpc.php HTTP/1.1" 200 212 "-" "Mozilla/5.0 (Windows NT 10.0; Win64; x64; rv:55.0) Gecko/20100101 Firefox/55.0"
61.130.144.143 - - [15/Apr/2025:02:14:25 -0400] "GET /statics/img/login_bg.jpg HTTP/1.1" 404 1251 "http://christianmantopoulos.com" "Mozilla/5.0 (compatible; YodaoBot/1.0; http://www.yodao.com/help/webmaster/spider/\xa1\xb1; )"
66.249.64.12 - - [15/Apr/2025:02:16:07 -0400] "GET /Di-SM-BA-Bottle/Electric-Bicycle-Components-106888/ HTTP/1.1" 404 1251 "-" "Mozilla/5.0 (Linux; Android 6.0.1; Nexus 5X Build/MMB29P) AppleWebKit/537.36 (KHTML, like Gecko) Chrome/135.0.7049.84 Mobile Safari/537.36 (compatible; Googlebot/2.1; +http://www.google.com/bot.html)"
62.113.113.106 - - [15/Apr/2025:02:16:47 -0400] "GET /how-to-win-at-gas-station-slots/ HTTP/1.1" 404 1251 "http://christianmantopoulos.com/how-to-win-at-gas-station-slots/" "Mozilla/5.0 (Windows NT 10.0; Win64; x64) AppleWebKit/537.36 (KHTML, like Gecko) Chrome/129.0.0.0 Safari/537.36"
62.113.113.106 - - [15/Apr/2025:02:16:48 -0400] "GET / HTTP/1.1" 200 97713 "http://christianmantopoulos.com/" "Mozilla/5.0 (Windows NT 10.0; Win64; x64) AppleWebKit/537.36 (KHTML, like Gecko) Chrome/129.0.0.0 Safari/537.36"
198.54.114.83 - - [15/Apr/2025:02:22:43 -0400] "POST /wp-cron.php?doing_wp_cron=1744698161.8970530033111572265625 HTTP/1.1" 200 0 "-" "WordPress/6.7.2; https://christianmantopoulos.com"
45.55.60.243 - - [15/Apr/2025:02:22:37 -0400] "POST /xmlrpc.php HTTP/1.1" 200 212 "-" "Mozilla/5.0 (Windows NT 10.0; Win64; x64; rv:62.0) Gecko/20100101 Firefox/62.0"
207.46.13.87 - - [15/Apr/2025:02:26:28 -0400] "GET /parts_interior.html HTTP/1.1" 404 1251 "-" "Mozilla/5.0 AppleWebKit/537.36 (KHTML, like Gecko; compatible; bingbot/2.0; +http://www.bing.com/bingbot.htm) Chrome/116.0.1938.76 Safari/537.36"
198.54.114.83 - - [15/Apr/2025:02:27:34 -0400] "POST /wp-cron.php?doing_wp_cron=1744698453.9932610988616943359375 HTTP/1.1" 200 0 "-" "WordPress/6.7.2; https://christianmantopoulos.com"
2600:3c00::f03c:94ff:fea1:bb9e - - [15/Apr/2025:02:27:30 -0400] "POST /xmlrpc.php HTTP/1.1" 200 212 "-" "Mozilla/5.0 (Windows NT 10.0; Win64; x64; rv:90.0) Gecko/20100101 Firefox/90.0"
198.54.114.83 - - [15/Apr/2025:02:28:57 -0400] "POST /wp-cron.php?doing_wp_cron=1744698536.8438479900360107421875 HTTP/1.1" 200 0 "-" "WordPress/6.7.2; https://christianmantopoulos.com"
178.33.133.82 - - [15/Apr/2025:02:28:56 -0400] "POST /xmlrpc.php HTTP/1.1" 200 212 "-" "Mozilla/5.0 (Windows NT 10.0; Win64; x64; rv:58.0) Gecko/20100101 Firefox/58.0"
212.34.147.142 - - [15/Apr/2025:02:33:28 -0400] "GET /how-to-win-at-gas-station-slots/ HTTP/1.1" 404 1251 "http://christianmantopoulos.com/how-to-win-at-gas-station-slots/" "Mozilla/5.0 (Windows NT 10.0; Win64; x64) AppleWebKit/537.36 (KHTML, like Gecko) Chrome/131.0.0.0 Safari/537.36 Avast/131.0.0.0"
212.34.147.142 - - [15/Apr/2025:02:33:29 -0400] "GET / HTTP/1.1" 200 97713 "http://christianmantopoulos.com/" "Mozilla/5.0 (Windows NT 10.0; Win64; x64) AppleWebKit/537.36 (KHTML, like Gecko) Chrome/131.0.0.0 Safari/537.36 Avast/131.0.0.0"
198.54.114.83 - - [15/Apr/2025:02:36:13 -0400] "POST /wp-cron.php?doing_wp_cron=1744698973.1561229228973388671875 HTTP/1.1" 200 0 "-" "WordPress/6.7.2; https://christianmantopoulos.com"
2a0a:4cc0:80:2308:e46d:f7ff:fe1f:9729 - - [15/Apr/2025:02:36:10 -0400] "POST /xmlrpc.php HTTP/1.1" 200 212 "-" "Mozilla/5.0 (Windows NT 10.0; Win64; x64; rv:54.0) Gecko/20100101 Firefox/54.0"
198.54.114.83 - - [15/Apr/2025:02:42:52 -0400] "POST /wp-cron.php?doing_wp_cron=1744699371.3174510002136230468750 HTTP/1.1" 200 0 "-" "WordPress/6.7.2; https://christianmantopoulos.com"
37.128.148.215 - - [15/Apr/2025:02:42:47 -0400] "POST /xmlrpc.php HTTP/1.1" 200 212 "-" "Mozilla/5.0 (Windows NT 10.0; Win64; x64; rv:59.0) Gecko/20100101 Firefox/59.0"
2a02:a470:5e71:0:2f1:f5ff:fe2d:f8f2 - - [15/Apr/2025:02:48:46 -0400] "POST /xmlrpc.php HTTP/1.1" 200 212 "-" "Mozilla/5.0 (Windows NT 10.0; Win64; x64; rv:50.0) Gecko/20100101 Firefox/50.0"
198.54.114.83 - - [15/Apr/2025:02:48:54 -0400] "POST /wp-cron.php?doing_wp_cron=1744699732.0806870460510253906250 HTTP/1.1" 200 0 "-" "WordPress/6.7.2; https://christianmantopoulos.com"
222.186.134.245 - - [15/Apr/2025:02:49:20 -0400] "GET /statics/img/login_bg.jpg HTTP/1.1" 404 1251 "http://christianmantopoulos.com" "Mozilla/5.0 (compatible; Yahoo! Slurp; http://help.yahoo.com/help/us/ysearch/slurp\xa1\xb1)"
198.54.114.83 - - [15/Apr/2025:02:59:04 -0400] "POST /wp-cron.php?doing_wp_cron=1744700343.3311951160430908203125 HTTP/1.1" 200 0 "-" "WordPress/6.7.2; https://christianmantopoulos.com"
193.70.64.67 - - [15/Apr/2025:02:58:59 -0400] "POST /xmlrpc.php HTTP/1.1" 200 212 "-" "Mozilla/5.0 (Windows NT 10.0; Win64; x64; rv:51.0) Gecko/20100101 Firefox/51.0"
192.42.116.219 - - [15/Apr/2025:03:05:15 -0400] "GET / HTTP/1.1" 200 97713 "christianmantopoulos.com" "Opera/9.50 (Windows NT 5.1; U; ru)"
185.220.100.254 - - [15/Apr/2025:03:06:01 -0400] "GET / HTTP/1.1" 200 97713 "http://christianmantopoulos.com" "Opera/9.50 (Windows NT 5.1; U; ru)"
198.23.233.109 - - [15/Apr/2025:03:08:45 -0400] "POST /xmlrpc.php HTTP/1.1" 200 212 "-" "Mozilla/5.0 (Windows NT 10.0; Win64; x64; rv:84.0) Gecko/20100101 Firefox/84.0"
198.54.114.83 - - [15/Apr/2025:03:08:50 -0400] "POST /wp-cron.php?doing_wp_cron=1744700928.3876979351043701171875 HTTP/1.1" 200 0 "-" "WordPress/6.7.2; https://christianmantopoulos.com"
198.54.114.83 - - [15/Apr/2025:03:10:54 -0400] "POST /wp-cron.php?doing_wp_cron=1744701053.7830479145050048828125 HTTP/1.1" 200 0 "-" "WordPress/6.7.2; https://christianmantopoulos.com"
2001:41d0:2:fd30:: - - [15/Apr/2025:03:10:51 -0400] "POST /xmlrpc.php HTTP/1.1" 200 212 "-" "Mozilla/5.0 (Windows NT 10.0; Win64; x64; rv:93.0) Gecko/20100101 Firefox/93.0"
198.54.114.83 - - [15/Apr/2025:03:21:11 -0400] "POST /wp-cron.php?doing_wp_cron=1744701670.5985190868377685546875 HTTP/1.1" 200 0 "-" "WordPress/6.7.2; https://christianmantopoulos.com"
2600:3c00::f03c:94ff:fe75:e3b3 - - [15/Apr/2025:03:21:07 -0400] "POST /xmlrpc.php HTTP/1.1" 200 212 "-" "Mozilla/5.0 (Windows NT 10.0; Win64; x64; rv:100.0) Gecko/20100101 Firefox/100.0"
23.94.228.198 - - [15/Apr/2025:03:21:23 -0400] "GET /how-to-win-at-gas-station-slots/ HTTP/1.1" 404 1251 "http://christianmantopoulos.com/how-to-win-at-gas-station-slots/" "Mozilla/5.0 (Windows NT 10.0; Win64; x64) AppleWebKit/537.36 (KHTML, like Gecko) Chrome/130.0.0.0 Safari/537.36 CCleaner/130.0.0.0"
23.94.228.198 - - [15/Apr/2025:03:21:25 -0400] "GET / HTTP/1.1" 200 97713 "http://christianmantopoulos.com/" "Mozilla/5.0 (Windows NT 10.0; Win64; x64) AppleWebKit/537.36 (KHTML, like Gecko) Chrome/130.0.0.0 Safari/537.36 CCleaner/130.0.0.0"
216.244.66.234 - - [15/Apr/2025:03:25:15 -0400] "GET /robots.txt HTTP/1.1" 404 1251 "-" "Mozilla/5.0 (compatible; DotBot/1.2; +https://opensiteexplorer.org/dotbot; help@moz.com)"
198.54.114.83 - - [15/Apr/2025:03:29:41 -0400] "POST /wp-cron.php?doing_wp_cron=1744702180.7796089649200439453125 HTTP/1.1" 200 0 "-" "WordPress/6.7.2; https://christianmantopoulos.com"
54.37.81.104 - - [15/Apr/2025:03:29:37 -0400] "POST /xmlrpc.php HTTP/1.1" 200 212 "-" "Mozilla/5.0 (Windows NT 10.0; Win64; x64; rv:72.0) Gecko/20100101 Firefox/72.0"
216.244.66.234 - - [15/Apr/2025:03:33:08 -0400] "GET /naviguer-dans-wanderlust-creer-le-guide-de-voyage-ultime/ HTTP/1.1" 404 1251 "-" "Mozilla/5.0 (compatible; DotBot/1.2; +https://opensiteexplorer.org/dotbot; help@moz.com)"
91.217.249.196 - - [15/Apr/2025:03:33:30 -0400] "GET / HTTP/1.1" 200 97713 "-" "Python/3.11 aiohttp/3.11.11"
198.54.114.83 - - [15/Apr/2025:03:33:59 -0400] "POST /wp-cron.php?doing_wp_cron=1744702438.3009419441223144531250 HTTP/1.1" 200 0 "-" "WordPress/6.7.2; https://christianmantopoulos.com"
185.199.223.43 - - [15/Apr/2025:03:33:54 -0400] "POST /xmlrpc.php HTTP/1.1" 200 212 "-" "Mozilla/5.0 (Windows NT 10.0; Win64; x64; rv:73.0) Gecko/20100101 Firefox/73.0"
85.208.98.23 - - [15/Apr/2025:03:34:12 -0400] "GET /robots.txt HTTP/1.1" 404 1251 "-" "Mozilla/5.0 (compatible; SemrushBot-BA; +http://www.semrush.com/bot.html)"
198.54.114.83 - - [15/Apr/2025:03:40:50 -0400] "POST /wp-cron.php?doing_wp_cron=1744702849.9210159778594970703125 HTTP/1.1" 200 0 "-" "WordPress/6.7.2; https://christianmantopoulos.com"
20.185.180.62 - - [15/Apr/2025:03:40:47 -0400] "POST /xmlrpc.php HTTP/1.1" 200 212 "-" "Mozilla/5.0 (Windows NT 10.0; Win64; x64; rv:69.0) Gecko/20100101 Firefox/69.0"
44.242.222.167 - - [15/Apr/2025:03:46:47 -0400] "GET / HTTP/1.1" 200 97713 "-" "Mozilla/5.0 (X11; Linux x86_64; rv:51.0) Gecko/20100101 Firefox/51.0"
198.54.114.83 - - [15/Apr/2025:03:54:56 -0400] "POST /wp-cron.php?doing_wp_cron=1744703695.0933220386505126953125 HTTP/1.1" 200 0 "-" "WordPress/6.7.2; https://christianmantopoulos.com"
81.8.91.201 - - [15/Apr/2025:03:54:51 -0400] "POST /xmlrpc.php HTTP/1.1" 200 212 "-" "Mozilla/5.0 (Windows NT 10.0; Win64; x64; rv:83.0) Gecko/20100101 Firefox/83.0"
54.213.219.239 - - [15/Apr/2025:04:03:25 -0400] "GET / HTTP/1.1" 200 97713 "-" "-"
198.54.114.83 - - [15/Apr/2025:04:04:00 -0400] "POST /wp-cron.php?doing_wp_cron=1744704239.9793219566345214843750 HTTP/1.1" 200 0 "-" "WordPress/6.7.2; https://christianmantopoulos.com"
5.196.202.32 - - [15/Apr/2025:04:03:56 -0400] "POST /xmlrpc.php HTTP/1.1" 200 212 "-" "Mozilla/5.0 (Windows NT 10.0; Win64; x64; rv:83.0) Gecko/20100101 Firefox/83.0"
216.244.66.234 - - [15/Apr/2025:04:11:04 -0400] "GET /robots.txt HTTP/1.1" 404 1251 "-" "Mozilla/5.0 (compatible; DotBot/1.2; +https://opensiteexplorer.org/dotbot; help@moz.com)"
66.249.64.3 - - [15/Apr/2025:04:16:09 -0400] "GET /robots.txt HTTP/1.1" 404 1251 "-" "Mozilla/5.0 (compatible; Googlebot/2.1; +http://www.google.com/bot.html)"
66.249.64.1 - - [15/Apr/2025:04:16:09 -0400] "GET /Man-Tshirt-SXXL-NEW-SS/Men-765979/ HTTP/1.1" 404 1251 "-" "Mozilla/5.0 (Linux; Android 6.0.1; Nexus 5X Build/MMB29P) AppleWebKit/537.36 (KHTML, like Gecko) Chrome/135.0.7049.84 Mobile Safari/537.36 (compatible; Googlebot/2.1; +http://www.google.com/bot.html)"
198.54.114.83 - - [15/Apr/2025:04:16:27 -0400] "POST /wp-cron.php?doing_wp_cron=1744704987.3900239467620849609375 HTTP/1.1" 200 0 "-" "WordPress/6.7.2; https://christianmantopoulos.com"
185.124.108.75 - - [15/Apr/2025:04:16:23 -0400] "POST /xmlrpc.php HTTP/1.1" 200 212 "-" "Mozilla/5.0 (Windows NT 10.0; Win64; x64; rv:86.0) Gecko/20100101 Firefox/86.0"
216.244.66.234 - - [15/Apr/2025:04:18:22 -0400] "GET /unterstutzung-bei-der-wohnungsraumung/ HTTP/1.1" 404 1251 "-" "Mozilla/5.0 (compatible; DotBot/1.2; +https://opensiteexplorer.org/dotbot; help@moz.com)"
198.54.114.83 - - [15/Apr/2025:04:23:24 -0400] "POST /wp-cron.php?doing_wp_cron=1744705403.7281920909881591796875 HTTP/1.1" 200 0 "-" "WordPress/6.7.2; https://christianmantopoulos.com"
213.136.88.137 - - [15/Apr/2025:04:23:20 -0400] "POST /xmlrpc.php HTTP/1.1" 200 212 "-" "Mozilla/5.0 (Windows NT 10.0; Win64; x64; rv:55.0) Gecko/20100101 Firefox/55.0"
198.54.114.83 - - [15/Apr/2025:04:28:39 -0400] "POST /wp-cron.php?doing_wp_cron=1744705718.4824550151824951171875 HTTP/1.1" 200 0 "-" "WordPress/6.7.2; https://christianmantopoulos.com"
150.109.180.208 - - [15/Apr/2025:04:28:35 -0400] "POST /xmlrpc.php HTTP/1.1" 200 212 "-" "Mozilla/5.0 (Windows NT 10.0; Win64; x64; rv:63.0) Gecko/20100101 Firefox/63.0"
198.54.114.83 - - [15/Apr/2025:04:35:50 -0400] "POST /wp-cron.php?doing_wp_cron=1744706150.7229499816894531250000 HTTP/1.1" 200 0 "-" "WordPress/6.7.2; https://christianmantopoulos.com"
128.199.43.36 - - [15/Apr/2025:04:35:48 -0400] "POST /xmlrpc.php HTTP/1.1" 200 212 "-" "Mozilla/5.0 (Windows NT 10.0; Win64; x64; rv:51.0) Gecko/20100101 Firefox/51.0"
2a12:d3c0:f381:188a:5798:74cf:b464:eea6 - - [15/Apr/2025:04:38:09 -0400] "GET /how-to-win-at-gas-station-slots/ HTTP/1.1" 404 1251 "http://christianmantopoulos.com/how-to-win-at-gas-station-slots/" "Mozilla/5.0 (Windows NT 10.0; Win64; x64) AppleWebKit/537.36 (KHTML, like Gecko) Chrome/130.0.0.0 Safari/537.36 CCleaner/130.0.0.0"
2a12:d3c0:f381:188a:5798:74cf:b464:eea6 - - [15/Apr/2025:04:38:10 -0400] "GET / HTTP/1.1" 200 97713 "http://christianmantopoulos.com/" "Mozilla/5.0 (Windows NT 10.0; Win64; x64) AppleWebKit/537.36 (KHTML, like Gecko) Chrome/130.0.0.0 Safari/537.36 CCleaner/130.0.0.0"
2604:a880:4:1d0::7a8:2000 - - [15/Apr/2025:04:40:46 -0400] "POST /xmlrpc.php HTTP/1.1" 200 212 "-" "Mozilla/5.0 (Windows NT 10.0; Win64; x64; rv:51.0) Gecko/20100101 Firefox/51.0"
198.54.114.83 - - [15/Apr/2025:04:45:38 -0400] "POST /wp-cron.php?doing_wp_cron=1744706738.6500558853149414062500 HTTP/1.1" 200 0 "-" "WordPress/6.7.2; https://christianmantopoulos.com"
150.136.111.178 - - [15/Apr/2025:04:45:35 -0400] "POST /xmlrpc.php HTTP/1.1" 200 212 "-" "Mozilla/5.0 (Windows NT 10.0; Win64; x64; rv:59.0) Gecko/20100101 Firefox/59.0"
216.244.66.234 - - [15/Apr/2025:04:56:14 -0400] "GET /robots.txt HTTP/1.1" 404 1251 "-" "Mozilla/5.0 (compatible; DotBot/1.2; +https://opensiteexplorer.org/dotbot; help@moz.com)"
198.54.114.83 - - [15/Apr/2025:05:01:20 -0400] "POST /wp-cron.php?doing_wp_cron=1744707679.2871279716491699218750 HTTP/1.1" 200 0 "-" "WordPress/6.7.2; https://christianmantopoulos.com"
143.198.151.74 - - [15/Apr/2025:05:01:15 -0400] "POST /xmlrpc.php HTTP/1.1" 200 212 "-" "Mozilla/5.0 (Windows NT 10.0; Win64; x64; rv:82.0) Gecko/20100101 Firefox/82.0"
216.244.66.234 - - [15/Apr/2025:05:03:29 -0400] "GET /3-methodes-simples-pour-nettoyer-les-bijoux-en-argent/ HTTP/1.1" 404 1251 "-" "Mozilla/5.0 (compatible; DotBot/1.2; +https://opensiteexplorer.org/dotbot; help@moz.com)"
198.54.114.83 - - [15/Apr/2025:05:14:15 -0400] "POST /wp-cron.php?doing_wp_cron=1744708454.6115610599517822265625 HTTP/1.1" 200 0 "-" "WordPress/6.7.2; https://christianmantopoulos.com"
2406:da12:7a1:7100:a732:4391:a8b2:4b5 - - [15/Apr/2025:05:14:10 -0400] "POST /xmlrpc.php HTTP/1.1" 200 212 "-" "Mozilla/5.0 (Windows NT 10.0; Win64; x64; rv:90.0) Gecko/20100101 Firefox/90.0"
198.54.114.83 - - [15/Apr/2025:05:19:24 -0400] "POST /wp-cron.php?doing_wp_cron=1744708763.8077149391174316406250 HTTP/1.1" 200 0 "-" "WordPress/6.7.2; https://christianmantopoulos.com"
2a01:4f8:c013:6eff::1 - - [15/Apr/2025:05:19:20 -0400] "POST /xmlrpc.php HTTP/1.1" 200 212 "-" "Mozilla/5.0 (Windows NT 10.0; Win64; x64; rv:100.0) Gecko/20100101 Firefox/100.0"
185.216.203.205 - - [15/Apr/2025:05:24:27 -0400] "POST /xmlrpc.php HTTP/1.1" 200 212 "-" "Mozilla/5.0 (Windows NT 10.0; Win64; x64; rv:89.0) Gecko/20100101 Firefox/89.0"
198.54.114.83 - - [15/Apr/2025:05:24:34 -0400] "POST /wp-cron.php?doing_wp_cron=1744709072.5038959980010986328125 HTTP/1.1" 200 0 "-" "WordPress/6.7.2; https://christianmantopoulos.com"
198.54.114.83 - - [15/Apr/2025:05:36:33 -0400] "POST /wp-cron.php?doing_wp_cron=1744709792.9192020893096923828125 HTTP/1.1" 200 0 "-" "WordPress/6.7.2; https://christianmantopoulos.com"
81.177.142.254 - - [15/Apr/2025:05:36:27 -0400] "POST /xmlrpc.php HTTP/1.1" 200 212 "-" "Mozilla/5.0 (Windows NT 10.0; Win64; x64; rv:62.0) Gecko/20100101 Firefox/62.0"
195.191.219.132 - - [15/Apr/2025:05:41:28 -0400] "GET /robots.txt HTTP/1.1" 404 1251 "-" "Mozilla/5.0 (compatible; MJ12bot/v2.0.0; http://mj12bot.com/)"
195.191.219.132 - - [15/Apr/2025:05:41:29 -0400] "GET / HTTP/1.1" 200 97713 "-" "Mozilla/5.0 (compatible; MJ12bot/v2.0.0; http://mj12bot.com/)"
198.54.114.83 - - [15/Apr/2025:05:55:37 -0400] "POST /wp-cron.php?doing_wp_cron=1744710937.7260079383850097656250 HTTP/1.1" 200 0 "-" "WordPress/6.7.2; https://christianmantopoulos.com"
45.82.120.150 - - [15/Apr/2025:05:55:32 -0400] "POST /xmlrpc.php HTTP/1.1" 200 212 "-" "Mozilla/5.0 (Windows NT 10.0; Win64; x64; rv:84.0) Gecko/20100101 Firefox/84.0"
23.134.192.42 - - [15/Apr/2025:05:59:37 -0400] "GET /wp-content/plugins/hellopress/wp_filemanager.php HTTP/1.1" 404 1251 "-" "-"
23.134.192.42 - - [15/Apr/2025:05:59:41 -0400] "GET /wp-includes/Text/network.php HTTP/1.1" 404 1251 "-" "-"
198.54.114.83 - - [15/Apr/2025:06:03:13 -0400] "POST /wp-cron.php?doing_wp_cron=1744711393.2536320686340332031250 HTTP/1.1" 200 0 "-" "WordPress/6.7.2; https://christianmantopoulos.com"
104.248.23.4 - - [15/Apr/2025:06:03:08 -0400] "POST /xmlrpc.php HTTP/1.1" 200 212 "-" "Mozilla/5.0 (Windows NT 10.0; Win64; x64; rv:45.0) Gecko/20100101 Firefox/45.0"
198.54.114.83 - - [15/Apr/2025:06:06:26 -0400] "POST /wp-cron.php?doing_wp_cron=1744711585.0356791019439697265625 HTTP/1.1" 200 0 "-" "WordPress/6.7.2; https://christianmantopoulos.com"
2a03:4000:6:8011:443:75ff:fe64:d199 - - [15/Apr/2025:06:06:21 -0400] "POST /xmlrpc.php HTTP/1.1" 200 212 "-" "Mozilla/5.0 (Windows NT 10.0; Win64; x64; rv:92.0) Gecko/20100101 Firefox/92.0"
198.54.114.83 - - [15/Apr/2025:06:08:19 -0400] "POST /wp-cron.php?doing_wp_cron=1744711698.3088400363922119140625 HTTP/1.1" 200 0 "-" "WordPress/6.7.2; https://christianmantopoulos.com"
45.32.100.212 - - [15/Apr/2025:06:08:16 -0400] "POST /xmlrpc.php HTTP/1.1" 200 212 "-" "Mozilla/5.0 (Windows NT 10.0; Win64; x64; rv:73.0) Gecko/20100101 Firefox/73.0"
198.54.114.83 - - [15/Apr/2025:06:13:18 -0400] "POST /wp-cron.php?doing_wp_cron=1744711998.6775250434875488281250 HTTP/1.1" 200 0 "-" "WordPress/6.7.2; https://christianmantopoulos.com"
78.46.181.3 - - [15/Apr/2025:06:13:15 -0400] "POST /xmlrpc.php HTTP/1.1" 200 212 "-" "Mozilla/5.0 (Windows NT 10.0; Win64; x64; rv:69.0) Gecko/20100101 Firefox/69.0"
66.249.64.12 - - [15/Apr/2025:06:16:10 -0400] "GET /Man-Tshirt-SXXL-NEW-SS/Men-765979/ HTTP/1.1" 404 1251 "-" "Mozilla/5.0 (Linux; Android 6.0.1; Nexus 5X Build/MMB29P) AppleWebKit/537.36 (KHTML, like Gecko) Chrome/135.0.7049.84 Mobile Safari/537.36 (compatible; GoogleOther)"
216.244.66.234 - - [15/Apr/2025:06:26:32 -0400] "GET /robots.txt HTTP/1.1" 404 1251 "-" "Mozilla/5.0 (compatible; DotBot/1.2; +https://opensiteexplorer.org/dotbot; help@moz.com)"
198.54.114.83 - - [15/Apr/2025:06:28:17 -0400] "POST /wp-cron.php?doing_wp_cron=1744712896.9966549873352050781250 HTTP/1.1" 200 0 "-" "WordPress/6.7.2; https://christianmantopoulos.com"
151.80.24.32 - - [15/Apr/2025:06:28:14 -0400] "POST /xmlrpc.php HTTP/1.1" 200 212 "-" "Mozilla/5.0 (Windows NT 10.0; Win64; x64; rv:87.0) Gecko/20100101 Firefox/87.0"
43.128.149.102 - - [15/Apr/2025:06:32:32 -0400] "GET / HTTP/1.1" 200 97713 "-" "Mozilla/5.0 (iPhone; CPU iPhone OS 13_2_3 like Mac OS X) AppleWebKit/605.1.15 (KHTML, like Gecko) Version/13.0.3 Mobile/15E148 Safari/604.1"
216.244.66.234 - - [15/Apr/2025:06:35:28 -0400] "GET /artcinema/ HTTP/1.1" 404 1251 "-" "Mozilla/5.0 (compatible; DotBot/1.2; +https://opensiteexplorer.org/dotbot; help@moz.com)"
216.244.66.234 - - [15/Apr/2025:06:38:34 -0400] "GET /quality-and-variety-of-extracts/feed/ HTTP/1.1" 404 1251 "-" "Mozilla/5.0 (compatible; DotBot/1.2; +https://opensiteexplorer.org/dotbot; help@moz.com)"
198.54.114.83 - - [15/Apr/2025:06:39:47 -0400] "POST /wp-cron.php?doing_wp_cron=1744713586.2059330940246582031250 HTTP/1.1" 200 0 "-" "WordPress/6.7.2; https://christianmantopoulos.com"
91.204.161.79 - - [15/Apr/2025:06:39:42 -0400] "POST /xmlrpc.php HTTP/1.1" 200 212 "-" "Mozilla/5.0 (Windows NT 10.0; Win64; x64; rv:99.0) Gecko/20100101 Firefox/99.0"
198.54.114.83 - - [15/Apr/2025:06:43:51 -0400] "POST /wp-cron.php?doing_wp_cron=1744713831.0247859954833984375000 HTTP/1.1" 200 0 "-" "WordPress/6.7.2; https://christianmantopoulos.com"
2604:a880:400:d0::2424:7001 - - [15/Apr/2025:06:43:47 -0400] "POST /xmlrpc.php HTTP/1.1" 200 212 "-" "Mozilla/5.0 (Windows NT 10.0; Win64; x64; rv:88.0) Gecko/20100101 Firefox/88.0"
198.54.114.83 - - [15/Apr/2025:06:56:25 -0400] "POST /wp-cron.php?doing_wp_cron=1744714584.7555959224700927734375 HTTP/1.1" 200 0 "-" "WordPress/6.7.2; https://christianmantopoulos.com"
83.96.201.169 - - [15/Apr/2025:06:56:20 -0400] "POST /xmlrpc.php HTTP/1.1" 200 212 "-" "Mozilla/5.0 (Windows NT 10.0; Win64; x64; rv:82.0) Gecko/20100101 Firefox/82.0"
198.54.114.83 - - [15/Apr/2025:07:02:39 -0400] "POST /wp-cron.php?doing_wp_cron=1744714958.7296009063720703125000 HTTP/1.1" 200 0 "-" "WordPress/6.7.2; https://christianmantopoulos.com"
2a01:4f9:3051:1d82::2 - - [15/Apr/2025:07:02:35 -0400] "POST /xmlrpc.php HTTP/1.1" 200 212 "-" "Mozilla/5.0 (Windows NT 10.0; Win64; x64; rv:46.0) Gecko/20100101 Firefox/46.0"
43.143.7.112 - - [15/Apr/2025:07:04:21 -0400] "GET / HTTP/1.1" 200 97713 "-" "Mozilla/5.0 (Linux; Android 10; LIO-AN00 Build/HUAWEILIO-AN00; wv) MicroMessenger Weixin QQ AppleWebKit/537.36 (KHTML, like Gecko) Version/4.0 Chrome/78.0.3904.62 XWEB/2692 MMWEBSDK/200901 Mobile Safari/537.36"
85.208.98.23 - - [15/Apr/2025:07:06:40 -0400] "GET /robots.txt HTTP/1.1" 404 1251 "-" "Mozilla/5.0 (compatible; SemrushBot-BA; +http://www.semrush.com/bot.html)"
43.143.7.112 - - [15/Apr/2025:07:10:52 -0400] "GET / HTTP/1.1" 200 97713 "-" "Mozilla/5.0 (Linux; Android 10; LIO-AN00 Build/HUAWEILIO-AN00; wv) MicroMessenger Weixin QQ AppleWebKit/537.36 (KHTML, like Gecko) Version/4.0 Chrome/78.0.3904.62 XWEB/2692 MMWEBSDK/200901 Mobile Safari/537.36"
69.163.206.7 - - [15/Apr/2025:07:11:47 -0400] "POST /xmlrpc.php HTTP/1.1" 200 212 "-" "Mozilla/5.0 (Windows NT 10.0; Win64; x64; rv:70.0) Gecko/20100101 Firefox/70.0"
198.54.114.83 - - [15/Apr/2025:07:11:53 -0400] "POST /wp-cron.php?doing_wp_cron=1744715511.8606390953063964843750 HTTP/1.1" 200 0 "-" "WordPress/6.7.2; https://christianmantopoulos.com"
198.54.114.83 - - [15/Apr/2025:07:22:50 -0400] "POST /wp-cron.php?doing_wp_cron=1744716169.7529699802398681640625 HTTP/1.1" 200 0 "-" "WordPress/6.7.2; https://christianmantopoulos.com"
2001:41d0:2:ebd8::1 - - [15/Apr/2025:07:22:46 -0400] "POST /xmlrpc.php HTTP/1.1" 200 212 "-" "Mozilla/5.0 (Windows NT 10.0; Win64; x64; rv:45.0) Gecko/20100101 Firefox/45.0"
198.54.114.83 - - [15/Apr/2025:07:44:53 -0400] "POST /wp-cron.php?doing_wp_cron=1744717493.0835719108581542968750 HTTP/1.1" 200 0 "-" "WordPress/6.7.2; https://christianmantopoulos.com"
207.154.250.140 - - [15/Apr/2025:07:44:49 -0400] "POST /xmlrpc.php HTTP/1.1" 200 212 "-" "Mozilla/5.0 (Windows NT 10.0; Win64; x64; rv:96.0) Gecko/20100101 Firefox/96.0"
66.249.64.3 - - [15/Apr/2025:07:46:15 -0400] "GET /shallow-minnow-black-back-gold-ac-shiners/Crankbaits-264367/ HTTP/1.1" 404 1251 "-" "Mozilla/5.0 (Linux; Android 6.0.1; Nexus 5X Build/MMB29P) AppleWebKit/537.36 (KHTML, like Gecko) Chrome/135.0.7049.84 Mobile Safari/537.36 (compatible; GoogleOther)"
198.54.114.83 - - [15/Apr/2025:07:52:57 -0400] "POST /wp-cron.php?doing_wp_cron=1744717976.6404149532318115234375 HTTP/1.1" 200 0 "-" "WordPress/6.7.2; https://christianmantopoulos.com"
2406:da14:1d13:600:564e:b264:64f2:6074 - - [15/Apr/2025:07:52:53 -0400] "POST /xmlrpc.php HTTP/1.1" 200 212 "-" "Mozilla/5.0 (Windows NT 10.0; Win64; x64; rv:62.0) Gecko/20100101 Firefox/62.0"
66.249.64.3 - - [15/Apr/2025:07:54:46 -0400] "GET /colors-Fishing-lures-Relax-Bass/Soft-Plastics-300531/ HTTP/1.1" 404 1251 "-" "Mozilla/5.0 (Linux; Android 6.0.1; Nexus 5X Build/MMB29P) AppleWebKit/537.36 (KHTML, like Gecko) Chrome/135.0.7049.84 Mobile Safari/537.36 (compatible; GoogleOther)"
135.119.143.77 - - [15/Apr/2025:07:55:12 -0400] "HEAD /wordpress HTTP/1.1" 404 0 "-" "Mozilla/5.0 (Windows NT 10.0; Win64; x64) AppleWebKit/537.36 (KHTML, like Gecko) Chrome/74.0.3729.169 Safari/537.36"
135.119.143.77 - - [15/Apr/2025:07:55:13 -0400] "HEAD / HTTP/1.1" 200 0 "-" "Mozilla/5.0 (Windows NT 10.0; Win64; x64) AppleWebKit/537.36 (KHTML, like Gecko) Chrome/74.0.3729.169 Safari/537.36"
135.119.143.77 - - [15/Apr/2025:07:55:13 -0400] "HEAD /wp HTTP/1.1" 404 0 "-" "Mozilla/5.0 (Windows NT 10.0; Win64; x64) AppleWebKit/537.36 (KHTML, like Gecko) Chrome/74.0.3729.169 Safari/537.36"
135.119.143.77 - - [15/Apr/2025:07:55:14 -0400] "HEAD /bc HTTP/1.1" 404 0 "-" "Mozilla/5.0 (Windows NT 10.0; Win64; x64) AppleWebKit/537.36 (KHTML, like Gecko) Chrome/74.0.3729.169 Safari/537.36"
135.119.143.77 - - [15/Apr/2025:07:55:14 -0400] "HEAD /bk HTTP/1.1" 404 0 "-" "Mozilla/5.0 (Windows NT 10.0; Win64; x64) AppleWebKit/537.36 (KHTML, like Gecko) Chrome/74.0.3729.169 Safari/537.36"
135.119.143.77 - - [15/Apr/2025:07:55:14 -0400] "HEAD /backup HTTP/1.1" 404 0 "-" "Mozilla/5.0 (Windows NT 10.0; Win64; x64) AppleWebKit/537.36 (KHTML, like Gecko) Chrome/74.0.3729.169 Safari/537.36"
135.119.143.77 - - [15/Apr/2025:07:55:16 -0400] "HEAD /old HTTP/1.1" 404 0 "-" "Mozilla/5.0 (Windows NT 10.0; Win64; x64) AppleWebKit/537.36 (KHTML, like Gecko) Chrome/74.0.3729.169 Safari/537.36"
135.119.143.77 - - [15/Apr/2025:07:55:17 -0400] "HEAD /new HTTP/1.1" 404 0 "-" "Mozilla/5.0 (Windows NT 10.0; Win64; x64) AppleWebKit/537.36 (KHTML, like Gecko) Chrome/74.0.3729.169 Safari/537.36"
135.119.143.77 - - [15/Apr/2025:07:55:18 -0400] "HEAD /main HTTP/1.1" 404 0 "-" "Mozilla/5.0 (Windows NT 10.0; Win64; x64) AppleWebKit/537.36 (KHTML, like Gecko) Chrome/74.0.3729.169 Safari/537.36"
135.119.143.77 - - [15/Apr/2025:07:55:18 -0400] "HEAD /home HTTP/1.1" 404 0 "-" "Mozilla/5.0 (Windows NT 10.0; Win64; x64) AppleWebKit/537.36 (KHTML, like Gecko) Chrome/74.0.3729.169 Safari/537.36"
198.54.114.83 - - [15/Apr/2025:07:56:01 -0400] "POST /wp-cron.php?doing_wp_cron=1744718160.9571990966796875000000 HTTP/1.1" 200 0 "-" "WordPress/6.7.2; https://christianmantopoulos.com"
83.96.201.169 - - [15/Apr/2025:07:55:58 -0400] "POST /xmlrpc.php HTTP/1.1" 200 212 "-" "Mozilla/5.0 (Windows NT 10.0; Win64; x64; rv:47.0) Gecko/20100101 Firefox/47.0"
212.95.50.86 - - [15/Apr/2025:07:56:24 -0400] "POST /xmlrpc.php HTTP/1.1" 200 212 "-" "Mozilla/5.0 (Windows NT 10.0; Win64; x64; rv:42.0) Gecko/20100101 Firefox/42.0"
2a0c:dd80:1001::311 - - [15/Apr/2025:07:56:27 -0400] "POST /xmlrpc.php HTTP/1.1" 200 212 "-" "Mozilla/5.0 (Windows NT 10.0; Win64; x64; rv:96.0) Gecko/20100101 Firefox/96.0"
216.244.66.234 - - [15/Apr/2025:07:56:48 -0400] "GET /robots.txt HTTP/1.1" 404 1251 "-" "Mozilla/5.0 (compatible; DotBot/1.2; +https://opensiteexplorer.org/dotbot; help@moz.com)"
66.249.64.12 - - [15/Apr/2025:08:03:17 -0400] "GET /Green-Re-Factor-Recondo-Pouch/Tactical-Molle-Pouches-544513/ HTTP/1.1" 404 1251 "-" "Mozilla/5.0 (Linux; Android 6.0.1; Nexus 5X Build/MMB29P) AppleWebKit/537.36 (KHTML, like Gecko) Chrome/135.0.7049.84 Mobile Safari/537.36 (compatible; GoogleOther)"
103.27.206.168 - - [15/Apr/2025:08:06:18 -0400] "POST /xmlrpc.php HTTP/1.1" 200 212 "-" "Mozilla/5.0 (Windows NT 10.0; Win64; x64; rv:40.0) Gecko/20100101 Firefox/40.0"
198.54.114.83 - - [15/Apr/2025:08:06:26 -0400] "POST /wp-cron.php?doing_wp_cron=1744718783.0548360347747802734375 HTTP/1.1" 200 0 "-" "WordPress/6.7.2; https://christianmantopoulos.com"
216.244.66.234 - - [15/Apr/2025:08:07:13 -0400] "GET /unleashing-the-best-heroes-of-watcher-of-realms/ HTTP/1.1" 404 1251 "-" "Mozilla/5.0 (compatible; DotBot/1.2; +https://opensiteexplorer.org/dotbot; help@moz.com)"
118.70.184.2 - - [15/Apr/2025:08:11:00 -0400] "POST /xmlrpc.php HTTP/1.1" 200 212 "-" "Mozilla/5.0 (Windows NT 10.0; Win64; x64; rv:46.0) Gecko/20100101 Firefox/46.0"
198.54.114.83 - - [15/Apr/2025:08:11:06 -0400] "POST /wp-cron.php?doing_wp_cron=1744719064.5672109127044677734375 HTTP/1.1" 200 0 "-" "WordPress/6.7.2; https://christianmantopoulos.com"
66.249.64.2 - - [15/Apr/2025:08:16:17 -0400] "GET /Fitness-Boxing-Rung-w-Agility-Speed/Training-Aids-775681/ HTTP/1.1" 404 1251 "-" "Mozilla/5.0 (Linux; Android 6.0.1; Nexus 5X Build/MMB29P) AppleWebKit/537.36 (KHTML, like Gecko) Chrome/135.0.7049.84 Mobile Safari/537.36 (compatible; GoogleOther)"
207.174.7.209 - - [15/Apr/2025:08:17:33 -0400] "GET /wp-login.php HTTP/1.1" 302 0 "-" "Mozilla/5.0 (Windows NT 10.0; Win64; x64) AppleWebKit/537.36 (KHTML, like Gecko) Chrome/87.0.4280.141 Safari/537.36"
198.54.114.83 - - [15/Apr/2025:08:17:38 -0400] "POST /wp-cron.php?doing_wp_cron=1744719457.0940380096435546875000 HTTP/1.1" 200 0 "-" "WordPress/6.7.2; https://christianmantopoulos.com"
207.174.7.210 - - [15/Apr/2025:08:17:44 -0400] "POST /wp-login.php HTTP/1.1" 302 0 "-" "Mozilla/5.0 (Windows NT 10.0; Win64; x64) AppleWebKit/537.36 (KHTML, like Gecko) Chrome/87.0.4280.141 Safari/537.36"
203.159.90.56 - - [15/Apr/2025:08:21:25 -0400] "GET /.env HTTP/1.1" 404 1251 "-" "python-requests/2.26.0"
203.159.90.56 - - [15/Apr/2025:08:21:27 -0400] "POST / HTTP/1.1" 200 97713 "-" "python-requests/2.26.0"
66.249.64.1 - - [15/Apr/2025:08:24:50 -0400] "GET /ceratophthalmus-Ghost-Crab-Smooth-eyed/Small-Animals-546336/ HTTP/1.1" 404 1251 "-" "Mozilla/5.0 (Linux; Android 6.0.1; Nexus 5X Build/MMB29P) AppleWebKit/537.36 (KHTML, like Gecko) Chrome/135.0.7049.84 Mobile Safari/537.36 (compatible; Googlebot/2.1; +http://www.google.com/bot.html)"
74.208.82.207 - - [15/Apr/2025:08:27:09 -0400] "POST /xmlrpc.php HTTP/1.1" 200 212 "-" "Mozilla/5.0 (Windows NT 10.0; Win64; x64; rv:46.0) Gecko/20100101 Firefox/46.0"
198.54.114.83 - - [15/Apr/2025:08:27:17 -0400] "POST /wp-cron.php?doing_wp_cron=1744720034.1753699779510498046875 HTTP/1.1" 200 0 "-" "WordPress/6.7.2; https://christianmantopoulos.com"
154.83.103.111 - - [15/Apr/2025:08:32:15 -0400] "GET /.git/HEAD HTTP/1.1" 403 1242 "-" "-"
154.83.103.111 - - [15/Apr/2025:08:32:17 -0400] "GET /.env HTTP/1.1" 404 1251 "-" "Mozilla/5.0 (Windows NT 10.0; Win64; x64) AppleWebKit/537.36 (KHTML, like Gecko) Chrome/91.0.4472.124 Safari/537.36"
154.83.103.111 - - [15/Apr/2025:08:32:19 -0400] "GET /config/.env HTTP/1.1" 404 1251 "-" "Mozilla/5.0 (Windows NT 10.0; Win64; x64) AppleWebKit/537.36 (KHTML, like Gecko) Chrome/91.0.4472.124 Safari/537.36"
154.83.103.111 - - [15/Apr/2025:08:32:20 -0400] "GET /.env.production HTTP/1.1" 404 1251 "-" "Mozilla/5.0 (Windows NT 10.0; Win64; x64) AppleWebKit/537.36 (KHTML, like Gecko) Chrome/91.0.4472.124 Safari/537.36"
154.83.103.111 - - [15/Apr/2025:08:32:21 -0400] "GET /api/.env HTTP/1.1" 404 1251 "-" "Mozilla/5.0 (Windows NT 10.0; Win64; x64) AppleWebKit/537.36 (KHTML, like Gecko) Chrome/91.0.4472.124 Safari/537.36"
154.83.103.111 - - [15/Apr/2025:08:32:23 -0400] "GET /settings/.env HTTP/1.1" 404 1251 "-" "Mozilla/5.0 (Windows NT 10.0; Win64; x64) AppleWebKit/537.36 (KHTML, like Gecko) Chrome/91.0.4472.124 Safari/537.36"
154.83.103.111 - - [15/Apr/2025:08:32:25 -0400] "GET /config/app.php HTTP/1.1" 404 1251 "-" "Mozilla/5.0 (Windows NT 10.0; Win64; x64) AppleWebKit/537.36 (KHTML, like Gecko) Chrome/91.0.4472.124 Safari/537.36"
154.83.103.111 - - [15/Apr/2025:08:32:27 -0400] "GET /application.yml HTTP/1.1" 404 1251 "-" "Mozilla/5.0 (Windows NT 10.0; Win64; x64) AppleWebKit/537.36 (KHTML, like Gecko) Chrome/91.0.4472.124 Safari/537.36"
154.83.103.111 - - [15/Apr/2025:08:32:29 -0400] "GET /config/database.yml HTTP/1.1" 404 1251 "-" "Mozilla/5.0 (Windows NT 10.0; Win64; x64) AppleWebKit/537.36 (KHTML, like Gecko) Chrome/91.0.4472.124 Safari/537.36"
154.83.103.111 - - [15/Apr/2025:08:32:31 -0400] "GET /secrets.json HTTP/1.1" 404 1251 "-" "Mozilla/5.0 (Windows NT 10.0; Win64; x64) AppleWebKit/537.36 (KHTML, like Gecko) Chrome/91.0.4472.124 Safari/537.36"
154.83.103.111 - - [15/Apr/2025:08:32:33 -0400] "GET /src/config.js HTTP/1.1" 404 1251 "-" "Mozilla/5.0 (Windows NT 10.0; Win64; x64) AppleWebKit/537.36 (KHTML, like Gecko) Chrome/91.0.4472.124 Safari/537.36"
154.83.103.111 - - [15/Apr/2025:08:32:36 -0400] "GET /db.ini HTTP/1.1" 404 1251 "-" "Mozilla/5.0 (Windows NT 10.0; Win64; x64) AppleWebKit/537.36 (KHTML, like Gecko) Chrome/91.0.4472.124 Safari/537.36"
154.83.103.111 - - [15/Apr/2025:08:32:38 -0400] "GET /api/credentials HTTP/1.1" 404 1251 "-" "Mozilla/5.0 (Windows NT 10.0; Win64; x64) AppleWebKit/537.36 (KHTML, like Gecko) Chrome/91.0.4472.124 Safari/537.36"
154.83.103.111 - - [15/Apr/2025:08:32:39 -0400] "GET /.aws/credentials HTTP/1.1" 404 1251 "-" "Mozilla/5.0 (Windows NT 10.0; Win64; x64) AppleWebKit/537.36 (KHTML, like Gecko) Chrome/91.0.4472.124 Safari/537.36"
154.83.103.111 - - [15/Apr/2025:08:32:41 -0400] "GET /secure-config.json HTTP/1.1" 404 1251 "-" "Mozilla/5.0 (Windows NT 10.0; Win64; x64) AppleWebKit/537.36 (KHTML, like Gecko) Chrome/91.0.4472.124 Safari/537.36"
154.83.103.111 - - [15/Apr/2025:08:32:43 -0400] "GET /local_settings.py HTTP/1.1" 404 1251 "-" "Mozilla/5.0 (Windows NT 10.0; Win64; x64) AppleWebKit/537.36 (KHTML, like Gecko) Chrome/91.0.4472.124 Safari/537.36"
154.83.103.111 - - [15/Apr/2025:08:32:44 -0400] "GET /config/default.json HTTP/1.1" 404 1251 "-" "Mozilla/5.0 (Windows NT 10.0; Win64; x64) AppleWebKit/537.36 (KHTML, like Gecko) Chrome/91.0.4472.124 Safari/537.36"
154.83.103.111 - - [15/Apr/2025:08:32:46 -0400] "GET /config/production.json HTTP/1.1" 404 1251 "-" "Mozilla/5.0 (Windows NT 10.0; Win64; x64) AppleWebKit/537.36 (KHTML, like Gecko) Chrome/91.0.4472.124 Safari/537.36"
154.83.103.111 - - [15/Apr/2025:08:32:47 -0400] "GET /bootstrap/cache/config.php HTTP/1.1" 404 1251 "-" "Mozilla/5.0 (Windows NT 10.0; Win64; x64) AppleWebKit/537.36 (KHTML, like Gecko) Chrome/91.0.4472.124 Safari/537.36"
154.83.103.111 - - [15/Apr/2025:08:32:49 -0400] "GET /config/secrets.yml HTTP/1.1" 404 1251 "-" "Mozilla/5.0 (Windows NT 10.0; Win64; x64) AppleWebKit/537.36 (KHTML, like Gecko) Chrome/91.0.4472.124 Safari/537.36"
154.83.103.111 - - [15/Apr/2025:08:32:50 -0400] "GET /settings.yaml HTTP/1.1" 404 1251 "-" "Mozilla/5.0 (Windows NT 10.0; Win64; x64) AppleWebKit/537.36 (KHTML, like Gecko) Chrome/91.0.4472.124 Safari/537.36"
154.83.103.111 - - [15/Apr/2025:08:32:51 -0400] "GET /auth.json HTTP/1.1" 404 1251 "-" "Mozilla/5.0 (Windows NT 10.0; Win64; x64) AppleWebKit/537.36 (KHTML, like Gecko) Chrome/91.0.4472.124 Safari/537.36"
154.83.103.111 - - [15/Apr/2025:08:32:52 -0400] "GET /helm/values.yaml HTTP/1.1" 404 1251 "-" "Mozilla/5.0 (Windows NT 10.0; Win64; x64) AppleWebKit/537.36 (KHTML, like Gecko) Chrome/91.0.4472.124 Safari/537.36"
154.83.103.111 - - [15/Apr/2025:08:32:54 -0400] "GET /docker/.env HTTP/1.1" 404 1251 "-" "Mozilla/5.0 (Windows NT 10.0; Win64; x64) AppleWebKit/537.36 (KHTML, like Gecko) Chrome/91.0.4472.124 Safari/537.36"
154.83.103.111 - - [15/Apr/2025:08:32:55 -0400] "GET /config.json HTTP/1.1" 404 1251 "-" "Mozilla/5.0 (Windows NT 10.0; Win64; x64) AppleWebKit/537.36 (KHTML, like Gecko) Chrome/91.0.4472.124 Safari/537.36"
154.83.103.111 - - [15/Apr/2025:08:32:57 -0400] "GET /database.json HTTP/1.1" 404 1251 "-" "Mozilla/5.0 (Windows NT 10.0; Win64; x64) AppleWebKit/537.36 (KHTML, like Gecko) Chrome/91.0.4472.124 Safari/537.36"
154.83.103.111 - - [15/Apr/2025:08:32:58 -0400] "GET /config/secrets.json HTTP/1.1" 404 1251 "-" "Mozilla/5.0 (Windows NT 10.0; Win64; x64) AppleWebKit/537.36 (KHTML, like Gecko) Chrome/91.0.4472.124 Safari/537.36"
154.83.103.111 - - [15/Apr/2025:08:33:00 -0400] "GET /env.backup HTTP/1.1" 404 1251 "-" "Mozilla/5.0 (Windows NT 10.0; Win64; x64) AppleWebKit/537.36 (KHTML, like Gecko) Chrome/91.0.4472.124 Safari/537.36"
154.83.103.111 - - [15/Apr/2025:08:33:01 -0400] "GET /settings.bak HTTP/1.1" 404 1251 "-" "Mozilla/5.0 (Windows NT 10.0; Win64; x64) AppleWebKit/537.36 (KHTML, like Gecko) Chrome/91.0.4472.124 Safari/537.36"
154.83.103.111 - - [15/Apr/2025:08:33:02 -0400] "GET /backup.env HTTP/1.1" 404 1251 "-" "Mozilla/5.0 (Windows NT 10.0; Win64; x64) AppleWebKit/537.36 (KHTML, like Gecko) Chrome/91.0.4472.124 Safari/537.36"
154.83.103.111 - - [15/Apr/2025:08:33:04 -0400] "GET /old/.env HTTP/1.1" 404 1251 "-" "Mozilla/5.0 (Windows NT 10.0; Win64; x64) AppleWebKit/537.36 (KHTML, like Gecko) Chrome/91.0.4472.124 Safari/537.36"
154.83.103.111 - - [15/Apr/2025:08:33:06 -0400] "GET /phpinfo.php HTTP/1.1" 404 1251 "-" "Mozilla/5.0 (Windows NT 10.0; Win64; x64) AppleWebKit/537.36 (KHTML, like Gecko) Chrome/91.0.4472.124 Safari/537.36"
154.83.103.111 - - [15/Apr/2025:08:33:08 -0400] "GET /info.php HTTP/1.1" 404 1251 "-" "Mozilla/5.0 (Windows NT 10.0; Win64; x64) AppleWebKit/537.36 (KHTML, like Gecko) Chrome/91.0.4472.124 Safari/537.36"
154.83.103.111 - - [15/Apr/2025:08:33:09 -0400] "GET /test.php HTTP/1.1" 404 1251 "-" "Mozilla/5.0 (Windows NT 10.0; Win64; x64) AppleWebKit/537.36 (KHTML, like Gecko) Chrome/91.0.4472.124 Safari/537.36"
154.83.103.111 - - [15/Apr/2025:08:33:11 -0400] "GET /laravel/.env HTTP/1.1" 404 1251 "-" "Mozilla/5.0 (Windows NT 10.0; Win64; x64) AppleWebKit/537.36 (KHTML, like Gecko) Chrome/91.0.4472.124 Safari/537.36"
154.83.103.111 - - [15/Apr/2025:08:33:13 -0400] "GET /app/config/.env HTTP/1.1" 404 1251 "-" "Mozilla/5.0 (Windows NT 10.0; Win64; x64) AppleWebKit/537.36 (KHTML, like Gecko) Chrome/91.0.4472.124 Safari/537.36"
154.83.103.111 - - [15/Apr/2025:08:33:14 -0400] "GET /.git/config HTTP/1.1" 403 1242 "-" "Mozilla/5.0 (Windows NT 10.0; Win64; x64) AppleWebKit/537.36 (KHTML, like Gecko) Chrome/91.0.4472.124 Safari/537.36"
154.83.103.111 - - [15/Apr/2025:08:33:14 -0400] "GET /.svn/entries HTTP/1.1" 403 1242 "-" "Mozilla/5.0 (Windows NT 10.0; Win64; x64) AppleWebKit/537.36 (KHTML, like Gecko) Chrome/91.0.4472.124 Safari/537.36"
154.83.103.111 - - [15/Apr/2025:08:33:15 -0400] "GET /.git/HEAD HTTP/1.1" 403 1242 "-" "Mozilla/5.0 (Windows NT 10.0; Win64; x64) AppleWebKit/537.36 (KHTML, like Gecko) Chrome/91.0.4472.124 Safari/537.36"
154.83.103.111 - - [15/Apr/2025:08:33:16 -0400] "GET /.git/index HTTP/1.1" 403 1242 "-" "Mozilla/5.0 (Windows NT 10.0; Win64; x64) AppleWebKit/537.36 (KHTML, like Gecko) Chrome/91.0.4472.124 Safari/537.36"
154.83.103.111 - - [15/Apr/2025:08:33:16 -0400] "GET /.git/logs/HEAD HTTP/1.1" 403 1242 "-" "Mozilla/5.0 (Windows NT 10.0; Win64; x64) AppleWebKit/537.36 (KHTML, like Gecko) Chrome/91.0.4472.124 Safari/537.36"
154.83.103.111 - - [15/Apr/2025:08:33:17 -0400] "GET /.gitignore HTTP/1.1" 404 1251 "-" "Mozilla/5.0 (Windows NT 10.0; Win64; x64) AppleWebKit/537.36 (KHTML, like Gecko) Chrome/91.0.4472.124 Safari/537.36"
66.249.64.3 - - [15/Apr/2025:08:33:18 -0400] "GET /Kit-Cycling-Motor-LCD-V-W/Electric-Bicycles-229475/ HTTP/1.1" 404 1251 "-" "Mozilla/5.0 (Linux; Android 6.0.1; Nexus 5X Build/MMB29P) AppleWebKit/537.36 (KHTML, like Gecko) Chrome/135.0.7049.84 Mobile Safari/537.36 (compatible; Googlebot/2.1; +http://www.google.com/bot.html)"
154.83.103.111 - - [15/Apr/2025:08:33:18 -0400] "GET /administrator/index.php HTTP/1.1" 404 1251 "-" "Mozilla/5.0 (Windows NT 10.0; Win64; x64) AppleWebKit/537.36 (KHTML, like Gecko) Chrome/91.0.4472.124 Safari/537.36"
198.54.114.83 - - [15/Apr/2025:08:33:24 -0400] "POST /wp-cron.php?doing_wp_cron=1744720403.3183441162109375000000 HTTP/1.1" 200 0 "-" "WordPress/6.7.2; https://christianmantopoulos.com"
154.83.103.111 - - [15/Apr/2025:08:33:19 -0400] "GET /wp-admin/install.php HTTP/1.1" 200 526 "-" "Mozilla/5.0 (Windows NT 10.0; Win64; x64) AppleWebKit/537.36 (KHTML, like Gecko) Chrome/91.0.4472.124 Safari/537.36"
154.83.103.111 - - [15/Apr/2025:08:33:26 -0400] "GET /joomla/configuration.php-dist HTTP/1.1" 404 1251 "-" "Mozilla/5.0 (Windows NT 10.0; Win64; x64) AppleWebKit/537.36 (KHTML, like Gecko) Chrome/91.0.4472.124 Safari/537.36"
154.83.103.111 - - [15/Apr/2025:08:33:27 -0400] "GET /sites/default/settings.php HTTP/1.1" 404 1251 "-" "Mozilla/5.0 (Windows NT 10.0; Win64; x64) AppleWebKit/537.36 (KHTML, like Gecko) Chrome/91.0.4472.124 Safari/537.36"
154.83.103.111 - - [15/Apr/2025:08:33:28 -0400] "GET /bitrix/php_interface/dbconn.php HTTP/1.1" 404 1251 "-" "Mozilla/5.0 (Windows NT 10.0; Win64; x64) AppleWebKit/537.36 (KHTML, like Gecko) Chrome/91.0.4472.124 Safari/537.36"
154.83.103.111 - - [15/Apr/2025:08:33:29 -0400] "GET /typo3conf/localconf.php HTTP/1.1" 404 1251 "-" "Mozilla/5.0 (Windows NT 10.0; Win64; x64) AppleWebKit/537.36 (KHTML, like Gecko) Chrome/91.0.4472.124 Safari/537.36"
154.83.103.111 - - [15/Apr/2025:08:33:30 -0400] "GET /config.inc.php HTTP/1.1" 404 1251 "-" "Mozilla/5.0 (Windows NT 10.0; Win64; x64) AppleWebKit/537.36 (KHTML, like Gecko) Chrome/91.0.4472.124 Safari/537.36"
154.83.103.111 - - [15/Apr/2025:08:33:31 -0400] "GET /config.old.php HTTP/1.1" 404 1251 "-" "Mozilla/5.0 (Windows NT 10.0; Win64; x64) AppleWebKit/537.36 (KHTML, like Gecko) Chrome/91.0.4472.124 Safari/537.36"
154.83.103.111 - - [15/Apr/2025:08:33:32 -0400] "GET /php.ini HTTP/1.1" 404 1251 "-" "Mozilla/5.0 (Windows NT 10.0; Win64; x64) AppleWebKit/537.36 (KHTML, like Gecko) Chrome/91.0.4472.124 Safari/537.36"
154.83.103.111 - - [15/Apr/2025:08:33:33 -0400] "GET /cgi-bin/phpinfo.php HTTP/1.1" 404 1251 "-" "Mozilla/5.0 (Windows NT 10.0; Win64; x64) AppleWebKit/537.36 (KHTML, like Gecko) Chrome/91.0.4472.124 Safari/537.36"
178.20.46.206 - - [15/Apr/2025:08:33:34 -0400] "GET /how-to-win-at-gas-station-slots/ HTTP/1.1" 404 1251 "http://christianmantopoulos.com/how-to-win-at-gas-station-slots/" "Mozilla/5.0 (Windows NT 10.0; Win64; x64) AppleWebKit/537.36 (KHTML, like Gecko) Chrome/129.0.0.0 Safari/537.36"
154.83.103.111 - - [15/Apr/2025:08:33:34 -0400] "GET /debug.php HTTP/1.1" 404 1251 "-" "Mozilla/5.0 (Windows NT 10.0; Win64; x64) AppleWebKit/537.36 (KHTML, like Gecko) Chrome/91.0.4472.124 Safari/537.36"
178.20.46.206 - - [15/Apr/2025:08:33:35 -0400] "GET / HTTP/1.1" 200 97713 "http://christianmantopoulos.com/" "Mozilla/5.0 (Windows NT 10.0; Win64; x64) AppleWebKit/537.36 (KHTML, like Gecko) Chrome/129.0.0.0 Safari/537.36"
154.83.103.111 - - [15/Apr/2025:08:33:35 -0400] "GET /phpinfo1.php HTTP/1.1" 404 1251 "-" "Mozilla/5.0 (Windows NT 10.0; Win64; x64) AppleWebKit/537.36 (KHTML, like Gecko) Chrome/91.0.4472.124 Safari/537.36"
154.83.103.111 - - [15/Apr/2025:08:33:36 -0400] "GET /phpinfo2.php HTTP/1.1" 404 1251 "-" "Mozilla/5.0 (Windows NT 10.0; Win64; x64) AppleWebKit/537.36 (KHTML, like Gecko) Chrome/91.0.4472.124 Safari/537.36"
154.83.103.111 - - [15/Apr/2025:08:33:37 -0400] "GET /env.txt HTTP/1.1" 404 1251 "-" "Mozilla/5.0 (Windows NT 10.0; Win64; x64) AppleWebKit/537.36 (KHTML, like Gecko) Chrome/91.0.4472.124 Safari/537.36"
154.83.103.111 - - [15/Apr/2025:08:33:39 -0400] "GET /prod.env HTTP/1.1" 404 1251 "-" "Mozilla/5.0 (Windows NT 10.0; Win64; x64) AppleWebKit/537.36 (KHTML, like Gecko) Chrome/91.0.4472.124 Safari/537.36"
154.83.103.111 - - [15/Apr/2025:08:33:40 -0400] "GET /stage.env HTTP/1.1" 404 1251 "-" "Mozilla/5.0 (Windows NT 10.0; Win64; x64) AppleWebKit/537.36 (KHTML, like Gecko) Chrome/91.0.4472.124 Safari/537.36"
154.83.103.111 - - [15/Apr/2025:08:33:42 -0400] "GET /development.env HTTP/1.1" 404 1251 "-" "Mozilla/5.0 (Windows NT 10.0; Win64; x64) AppleWebKit/537.36 (KHTML, like Gecko) Chrome/91.0.4472.124 Safari/537.36"
154.83.103.111 - - [15/Apr/2025:08:33:42 -0400] "GET /credentials.env HTTP/1.1" 404 1251 "-" "Mozilla/5.0 (Windows NT 10.0; Win64; x64) AppleWebKit/537.36 (KHTML, like Gecko) Chrome/91.0.4472.124 Safari/537.36"
154.83.103.111 - - [15/Apr/2025:08:33:43 -0400] "GET /public/.env HTTP/1.1" 404 1251 "-" "Mozilla/5.0 (Windows NT 10.0; Win64; x64) AppleWebKit/537.36 (KHTML, like Gecko) Chrome/91.0.4472.124 Safari/537.36"
154.83.103.111 - - [15/Apr/2025:08:33:45 -0400] "GET /api/config.json HTTP/1.1" 404 1251 "-" "Mozilla/5.0 (Windows NT 10.0; Win64; x64) AppleWebKit/537.36 (KHTML, like Gecko) Chrome/91.0.4472.124 Safari/537.36"
154.83.103.111 - - [15/Apr/2025:08:33:48 -0400] "GET /composer.json HTTP/1.1" 404 1251 "-" "Mozilla/5.0 (Windows NT 10.0; Win64; x64) AppleWebKit/537.36 (KHTML, like Gecko) Chrome/91.0.4472.124 Safari/537.36"
154.83.103.111 - - [15/Apr/2025:08:33:49 -0400] "GET /api/v1/.env HTTP/1.1" 404 1251 "-" "Mozilla/5.0 (Windows NT 10.0; Win64; x64) AppleWebKit/537.36 (KHTML, like Gecko) Chrome/91.0.4472.124 Safari/537.36"
154.83.103.111 - - [15/Apr/2025:08:33:52 -0400] "GET /staging.env HTTP/1.1" 404 1251 "-" "Mozilla/5.0 (Windows NT 10.0; Win64; x64) AppleWebKit/537.36 (KHTML, like Gecko) Chrome/91.0.4472.124 Safari/537.36"
154.83.103.111 - - [15/Apr/2025:08:33:54 -0400] "GET /phpmyadmin/index.php HTTP/1.1" 404 1251 "-" "Mozilla/5.0 (Windows NT 10.0; Win64; x64) AppleWebKit/537.36 (KHTML, like Gecko) Chrome/91.0.4472.124 Safari/537.36"
154.83.103.111 - - [15/Apr/2025:08:33:56 -0400] "GET /backup/config.php HTTP/1.1" 404 1251 "-" "Mozilla/5.0 (Windows NT 10.0; Win64; x64) AppleWebKit/537.36 (KHTML, like Gecko) Chrome/91.0.4472.124 Safari/537.36"
154.83.103.111 - - [15/Apr/2025:08:33:58 -0400] "GET /.env.example HTTP/1.1" 404 1251 "-" "Mozilla/5.0 (Windows NT 10.0; Win64; x64) AppleWebKit/537.36 (KHTML, like Gecko) Chrome/91.0.4472.124 Safari/537.36"
154.83.103.111 - - [15/Apr/2025:08:33:59 -0400] "GET /storage/logs/laravel.log HTTP/1.1" 404 1251 "-" "Mozilla/5.0 (Windows NT 10.0; Win64; x64) AppleWebKit/537.36 (KHTML, like Gecko) Chrome/91.0.4472.124 Safari/537.36"
154.83.103.111 - - [15/Apr/2025:08:34:02 -0400] "GET /storage/framework/sessions/ HTTP/1.1" 404 1251 "-" "Mozilla/5.0 (Windows NT 10.0; Win64; x64) AppleWebKit/537.36 (KHTML, like Gecko) Chrome/91.0.4472.124 Safari/537.36"
154.83.103.111 - - [15/Apr/2025:08:34:04 -0400] "GET /storage/framework/cache/ HTTP/1.1" 404 1251 "-" "Mozilla/5.0 (Windows NT 10.0; Win64; x64) AppleWebKit/537.36 (KHTML, like Gecko) Chrome/91.0.4472.124 Safari/537.36"
154.83.103.111 - - [15/Apr/2025:08:34:06 -0400] "GET /storage/framework/views/ HTTP/1.1" 404 1251 "-" "Mozilla/5.0 (Windows NT 10.0; Win64; x64) AppleWebKit/537.36 (KHTML, like Gecko) Chrome/91.0.4472.124 Safari/537.36"
154.83.103.111 - - [15/Apr/2025:08:34:09 -0400] "GET /nova-api/styles HTTP/1.1" 404 1251 "-" "Mozilla/5.0 (Windows NT 10.0; Win64; x64) AppleWebKit/537.36 (KHTML, like Gecko) Chrome/91.0.4472.124 Safari/537.36"
154.83.103.111 - - [15/Apr/2025:08:34:10 -0400] "GET /.env.local HTTP/1.1" 404 1251 "-" "Mozilla/5.0 (Windows NT 10.0; Win64; x64) AppleWebKit/537.36 (KHTML, like Gecko) Chrome/91.0.4472.124 Safari/537.36"
154.83.103.111 - - [15/Apr/2025:08:34:12 -0400] "GET /.env.dev HTTP/1.1" 404 1251 "-" "Mozilla/5.0 (Windows NT 10.0; Win64; x64) AppleWebKit/537.36 (KHTML, like Gecko) Chrome/91.0.4472.124 Safari/537.36"
154.83.103.111 - - [15/Apr/2025:08:34:15 -0400] "GET /.env.test HTTP/1.1" 404 1251 "-" "Mozilla/5.0 (Windows NT 10.0; Win64; x64) AppleWebKit/537.36 (KHTML, like Gecko) Chrome/91.0.4472.124 Safari/537.36"
154.83.103.111 - - [15/Apr/2025:08:34:17 -0400] "GET /var/logs/dev.log HTTP/1.1" 404 1251 "-" "Mozilla/5.0 (Windows NT 10.0; Win64; x64) AppleWebKit/537.36 (KHTML, like Gecko) Chrome/91.0.4472.124 Safari/537.36"
154.83.103.111 - - [15/Apr/2025:08:34:20 -0400] "GET /var/logs/prod.log HTTP/1.1" 404 1251 "-" "Mozilla/5.0 (Windows NT 10.0; Win64; x64) AppleWebKit/537.36 (KHTML, like Gecko) Chrome/91.0.4472.124 Safari/537.36"
154.83.103.111 - - [15/Apr/2025:08:34:23 -0400] "GET /config/packages/ HTTP/1.1" 404 1251 "-" "Mozilla/5.0 (Windows NT 10.0; Win64; x64) AppleWebKit/537.36 (KHTML, like Gecko) Chrome/91.0.4472.124 Safari/537.36"
154.83.103.111 - - [15/Apr/2025:08:34:26 -0400] "GET /web/config.php HTTP/1.1" 404 1251 "-" "Mozilla/5.0 (Windows NT 10.0; Win64; x64) AppleWebKit/537.36 (KHTML, like Gecko) Chrome/91.0.4472.124 Safari/537.36"
154.83.103.111 - - [15/Apr/2025:08:34:28 -0400] "GET /config/routes.yaml HTTP/1.1" 404 1251 "-" "Mozilla/5.0 (Windows NT 10.0; Win64; x64) AppleWebKit/537.36 (KHTML, like Gecko) Chrome/91.0.4472.124 Safari/537.36"
154.83.103.111 - - [15/Apr/2025:08:34:34 -0400] "GET /web.config HTTP/1.1" 404 1251 "-" "Mozilla/5.0 (Windows NT 10.0; Win64; x64) AppleWebKit/537.36 (KHTML, like Gecko) Chrome/91.0.4472.124 Safari/537.36"
154.83.103.111 - - [15/Apr/2025:08:34:36 -0400] "GET /.htaccess HTTP/1.1" 403 1242 "-" "Mozilla/5.0 (Windows NT 10.0; Win64; x64) AppleWebKit/537.36 (KHTML, like Gecko) Chrome/91.0.4472.124 Safari/537.36"
154.83.103.111 - - [15/Apr/2025:08:34:41 -0400] "GET /sites/all/modules/ HTTP/1.1" 404 1251 "-" "Mozilla/5.0 (Windows NT 10.0; Win64; x64) AppleWebKit/537.36 (KHTML, like Gecko) Chrome/91.0.4472.124 Safari/537.36"
154.83.103.111 - - [15/Apr/2025:08:34:43 -0400] "GET /sites/all/themes/ HTTP/1.1" 404 1251 "-" "Mozilla/5.0 (Windows NT 10.0; Win64; x64) AppleWebKit/537.36 (KHTML, like Gecko) Chrome/91.0.4472.124 Safari/537.36"
154.83.103.111 - - [15/Apr/2025:08:34:45 -0400] "GET /core/install.php HTTP/1.1" 404 1251 "-" "Mozilla/5.0 (Windows NT 10.0; Win64; x64) AppleWebKit/537.36 (KHTML, like Gecko) Chrome/91.0.4472.124 Safari/537.36"
154.83.103.111 - - [15/Apr/2025:08:34:48 -0400] "GET /CHANGELOG.txt HTTP/1.1" 404 1251 "-" "Mozilla/5.0 (Windows NT 10.0; Win64; x64) AppleWebKit/537.36 (KHTML, like Gecko) Chrome/91.0.4472.124 Safari/537.36"
154.83.103.111 - - [15/Apr/2025:08:34:51 -0400] "GET /app/etc/local.xml HTTP/1.1" 404 1251 "-" "Mozilla/5.0 (Windows NT 10.0; Win64; x64) AppleWebKit/537.36 (KHTML, like Gecko) Chrome/91.0.4472.124 Safari/537.36"
