40.69.92.87 - - [16/Apr/2025:12:54:02 -0400] "GET /profile.php HTTP/1.1" 404 6820 "-" "-"
66.249.64.1 - - [16/Apr/2025:12:56:38 -0400] "GET /Arts-Jiu-Jitsu-Suit-Ju-Tatami-Fightwear/Uniforms-&-Gis-14464/ HTTP/1.1" 404 6820 "-" "Mozilla/5.0 (Linux; Android 6.0.1; Nexus 5X Build/MMB29P) AppleWebKit/537.36 (KHTML, like Gecko) Chrome/135.0.7049.84 Mobile Safari/537.36 (compatible; Googlebot/2.1; +http://www.google.com/bot.html)"
2001:41d0:203:3411:: - - [16/Apr/2025:12:56:35 -0400] "POST /xmlrpc.php HTTP/1.1" 200 212 "-" "Mozilla/5.0 (Windows NT 10.0; Win64; x64; rv:61.0) Gecko/20100101 Firefox/61.0"
198.54.114.83 - - [16/Apr/2025:12:56:45 -0400] "POST /wp-cron.php?doing_wp_cron=1744822599.3489999771118164062500 HTTP/1.1" 200 0 "-" "WordPress/6.8; https://christianmantopoulos.com"
198.54.114.83 - - [16/Apr/2025:12:56:45 -0400] "POST /wp-cron.php?doing_wp_cron=1744822599.3528189659118652343750 HTTP/1.1" 200 0 "-" "WordPress/6.8; https://christianmantopoulos.com"
109.123.236.200 - - [16/Apr/2025:13:00:51 -0400] "POST /xmlrpc.php HTTP/1.1" 200 212 "-" "Mozilla/5.0 (Windows NT 10.0; Win64; x64; rv:83.0) Gecko/20100101 Firefox/83.0"
198.54.114.83 - - [16/Apr/2025:13:01:01 -0400] "POST /wp-cron.php?doing_wp_cron=1744822855.7799820899963378906250 HTTP/1.1" 200 0 "-" "WordPress/6.8; https://christianmantopoulos.com"
69.163.206.7 - - [16/Apr/2025:13:10:59 -0400] "POST /xmlrpc.php HTTP/1.1" 200 212 "-" "Mozilla/5.0 (Windows NT 10.0; Win64; x64; rv:56.0) Gecko/20100101 Firefox/56.0"
198.54.114.83 - - [16/Apr/2025:13:11:06 -0400] "POST /wp-cron.php?doing_wp_cron=1744823463.5779418945312500000000 HTTP/1.1" 200 0 "-" "WordPress/6.8; https://christianmantopoulos.com"
136.243.228.178 - - [16/Apr/2025:13:13:47 -0400] "GET /robots.txt HTTP/1.1" 200 118 "-" "Mozilla/5.0 (compatible; DataForSeoBot/1.0; +https://dataforseo.com/dataforseo-bot)"
172.190.51.204 - - [16/Apr/2025:13:14:29 -0400] "POST /xmlrpc.php HTTP/1.1" 200 212 "-" "Mozilla/5.0 (Windows NT 10.0; Win64; x64; rv:55.0) Gecko/20100101 Firefox/55.0"
66.249.64.12 - - [16/Apr/2025:13:16:56 -0400] "GET /Recon-RL-%E2%80%9D-Solo-Air-x110mm-Boost/Forks-110215/ HTTP/1.1" 404 6820 "-" "Mozilla/5.0 (Linux; Android 6.0.1; Nexus 5X Build/MMB29P) AppleWebKit/537.36 (KHTML, like Gecko) Chrome/135.0.7049.84 Mobile Safari/537.36 (compatible; Googlebot/2.1; +http://www.google.com/bot.html)"
45.10.160.28 - - [16/Apr/2025:13:20:37 -0400] "POST /xmlrpc.php HTTP/1.1" 200 212 "-" "Mozilla/5.0 (Windows NT 10.0; Win64; x64; rv:48.0) Gecko/20100101 Firefox/48.0"
66.249.64.1 - - [16/Apr/2025:13:21:41 -0400] "GET /Rope-Handle-Shoulder-Pulley-OverDoor/Other-Strength-Training-454824/ HTTP/1.1" 404 6820 "-" "Mozilla/5.0 (Linux; Android 6.0.1; Nexus 5X Build/MMB29P) AppleWebKit/537.36 (KHTML, like Gecko) Chrome/135.0.7049.84 Mobile Safari/537.36 (compatible; Googlebot/2.1; +http://www.google.com/bot.html)"
141.94.69.56 - - [16/Apr/2025:13:24:53 -0400] "POST /xmlrpc.php HTTP/1.1" 200 212 "-" "Mozilla/5.0 (Windows NT 10.0; Win64; x64; rv:83.0) Gecko/20100101 Firefox/83.0"
66.249.64.2 - - [16/Apr/2025:13:26:36 -0400] "GET /Ladder-Fitness-Equipment-NIGH-M/Training-Aids-775630/ HTTP/1.1" 404 6820 "-" "Mozilla/5.0 (Linux; Android 6.0.1; Nexus 5X Build/MMB29P) AppleWebKit/537.36 (KHTML, like Gecko) Chrome/135.0.7049.84 Mobile Safari/537.36 (compatible; Googlebot/2.1; +http://www.google.com/bot.html)"
98.159.234.25 - - [16/Apr/2025:13:27:48 -0400] "GET /.env HTTP/1.1" 404 6821 "-" "Mozilla/5.0 (Macintosh; Intel Mac OS X 10.15; rv:77.0) Gecko/20100101 Firefox/77.0"
37.204.198.132 - - [16/Apr/2025:13:29:40 -0400] "GET /.env HTTP/1.1" 404 6821 "-" "Mozilla/5.0 (Macintosh; Intel Mac OS X 10.15; rv:77.0) Gecko/20100101 Firefox/77.0"
185.216.203.205 - - [16/Apr/2025:13:30:55 -0400] "POST /xmlrpc.php HTTP/1.1" 200 212 "-" "Mozilla/5.0 (Windows NT 10.0; Win64; x64; rv:98.0) Gecko/20100101 Firefox/98.0"
152.67.87.3 - - [16/Apr/2025:13:32:48 -0400] "GET / HTTP/1.1" 200 97713 "https://chaletnumero7.it/kkzlve/ekd/bi//blog//wp-login.php" "Mozilla/5.0 (Windows NT 10.0; Win64; x64) AppleWebKit/537.36 (KHTML, like Gecko) Chrome/134.0.0.0 Safari/537.36"
152.67.87.3 - - [16/Apr/2025:13:32:49 -0400] "GET /xmlrpc.php?rsd HTTP/1.1" 200 315 "https://chaletnumero7.it/kkzlve/ekd/bi//blog//wp-login.php" "Mozilla/5.0 (Windows NT 10.0; Win64; x64) AppleWebKit/537.36 (KHTML, like Gecko) Chrome/134.0.0.0 Safari/537.36"
152.67.87.3 - - [16/Apr/2025:13:32:52 -0400] "GET /wp-json/wp/v2/users/ HTTP/1.1" 200 1512 "https://chaletnumero7.it/kkzlve/ekd/bi//blog//wp-login.php" "Mozilla/5.0 (Windows NT 10.0; Win64; x64) AppleWebKit/537.36 (KHTML, like Gecko) Chrome/134.0.0.0 Safari/537.36"
152.67.87.3 - - [16/Apr/2025:13:32:54 -0400] "GET /?author=1 HTTP/1.1" 200 97713 "https://chaletnumero7.it/kkzlve/ekd/bi//blog//wp-login.php" "Mozilla/5.0 (Windows NT 10.0; Win64; x64) AppleWebKit/537.36 (KHTML, like Gecko) Chrome/134.0.0.0 Safari/537.36"
152.67.87.3 - - [16/Apr/2025:13:32:57 -0400] "POST /xmlrpc.php HTTP/1.1" 200 0 "-" "Mozilla/5.0 (Windows NT 10.0; Win64; x64) AppleWebKit/537.36 (KHTML, like Gecko) Chrome/134.0.0.0 Safari/537.36"
152.67.87.3 - - [16/Apr/2025:13:33:12 -0400] "POST /wp-login.php HTTP/1.1" 200 0 "christianmantopoulos.com/wp-login.php" "Mozilla/5.0 (Windows NT 10.0; Win64; x64) AppleWebKit/537.36 (KHTML, like Gecko) Chrome/134.0.0.0 Safari/537.36"
152.67.87.3 - - [16/Apr/2025:13:33:27 -0400] "POST /wp-login.php HTTP/1.1" 200 0 "christianmantopoulos.com/wp-login.php" "Mozilla/5.0 (Windows NT 10.0; Win64; x64) AppleWebKit/537.36 (KHTML, like Gecko) Chrome/134.0.0.0 Safari/537.36"
152.67.87.3 - - [16/Apr/2025:13:33:42 -0400] "POST /wp-login.php HTTP/1.1" 200 0 "christianmantopoulos.com/wp-login.php" "Mozilla/5.0 (Windows NT 10.0; Win64; x64) AppleWebKit/537.36 (KHTML, like Gecko) Chrome/134.0.0.0 Safari/537.36"
152.67.87.3 - - [16/Apr/2025:13:33:57 -0400] "POST /wp-login.php HTTP/1.1" 200 0 "christianmantopoulos.com/wp-login.php" "Mozilla/5.0 (Windows NT 10.0; Win64; x64) AppleWebKit/537.36 (KHTML, like Gecko) Chrome/134.0.0.0 Safari/537.36"
152.67.87.3 - - [16/Apr/2025:13:34:12 -0400] "POST /wp-login.php HTTP/1.1" 200 0 "christianmantopoulos.com/wp-login.php" "Mozilla/5.0 (Windows NT 10.0; Win64; x64) AppleWebKit/537.36 (KHTML, like Gecko) Chrome/134.0.0.0 Safari/537.36"
152.67.87.3 - - [16/Apr/2025:13:34:27 -0400] "POST /wp-login.php HTTP/1.1" 200 0 "christianmantopoulos.com/wp-login.php" "Mozilla/5.0 (Windows NT 10.0; Win64; x64) AppleWebKit/537.36 (KHTML, like Gecko) Chrome/134.0.0.0 Safari/537.36"
152.67.87.3 - - [16/Apr/2025:13:34:41 -0400] "POST /wp-login.php HTTP/1.1" 200 0 "christianmantopoulos.com/wp-login.php" "Mozilla/5.0 (Windows NT 10.0; Win64; x64) AppleWebKit/537.36 (KHTML, like Gecko) Chrome/134.0.0.0 Safari/537.36"
152.67.87.3 - - [16/Apr/2025:13:34:57 -0400] "POST /wp-login.php HTTP/1.1" 200 0 "christianmantopoulos.com/wp-login.php" "Mozilla/5.0 (Windows NT 10.0; Win64; x64) AppleWebKit/537.36 (KHTML, like Gecko) Chrome/134.0.0.0 Safari/537.36"
152.67.87.3 - - [16/Apr/2025:13:35:16 -0400] "POST /wp-login.php HTTP/1.1" 200 0 "christianmantopoulos.com/wp-login.php" "Mozilla/5.0 (Windows NT 10.0; Win64; x64) AppleWebKit/537.36 (KHTML, like Gecko) Chrome/134.0.0.0 Safari/537.36"
152.67.87.3 - - [16/Apr/2025:13:35:28 -0400] "POST /wp-login.php HTTP/1.1" 200 0 "christianmantopoulos.com/wp-login.php" "Mozilla/5.0 (Windows NT 10.0; Win64; x64) AppleWebKit/537.36 (KHTML, like Gecko) Chrome/134.0.0.0 Safari/537.36"
152.67.87.3 - - [16/Apr/2025:13:35:43 -0400] "POST /wp-login.php HTTP/1.1" 200 0 "christianmantopoulos.com/wp-login.php" "Mozilla/5.0 (Windows NT 10.0; Win64; x64) AppleWebKit/537.36 (KHTML, like Gecko) Chrome/134.0.0.0 Safari/537.36"
195.2.85.110 - - [16/Apr/2025:13:35:55 -0400] "GET /how-to-win-at-gas-station-slots/ HTTP/1.1" 200 11738 "http://christianmantopoulos.com/how-to-win-at-gas-station-slots/" "Mozilla/5.0 (Windows NT 10.0; Win64; x64) AppleWebKit/537.36 (KHTML, like Gecko) Chrome/129.0.0.0 Safari/537.36"
195.2.85.110 - - [16/Apr/2025:13:35:57 -0400] "POST /wp-comments-post.php HTTP/1.1" 500 1914 "http://christianmantopoulos.com/how-to-win-at-gas-station-slots/" "Mozilla/5.0 (Windows NT 10.0; Win64; x64) AppleWebKit/537.36 (KHTML, like Gecko) Chrome/129.0.0.0 Safari/537.36"
152.67.87.3 - - [16/Apr/2025:13:35:56 -0400] "POST /wp-login.php HTTP/1.1" 200 0 "christianmantopoulos.com/wp-login.php" "Mozilla/5.0 (Windows NT 10.0; Win64; x64) AppleWebKit/537.36 (KHTML, like Gecko) Chrome/134.0.0.0 Safari/537.36"
152.67.87.3 - - [16/Apr/2025:13:36:12 -0400] "POST /wp-login.php HTTP/1.1" 200 0 "christianmantopoulos.com/wp-login.php" "Mozilla/5.0 (Windows NT 10.0; Win64; x64) AppleWebKit/537.36 (KHTML, like Gecko) Chrome/134.0.0.0 Safari/537.36"
152.67.87.3 - - [16/Apr/2025:13:36:28 -0400] "POST /wp-login.php HTTP/1.1" 200 0 "christianmantopoulos.com/wp-login.php" "Mozilla/5.0 (Windows NT 10.0; Win64; x64) AppleWebKit/537.36 (KHTML, like Gecko) Chrome/134.0.0.0 Safari/537.36"
152.67.87.3 - - [16/Apr/2025:13:36:45 -0400] "POST /wp-login.php HTTP/1.1" 200 0 "christianmantopoulos.com/wp-login.php" "Mozilla/5.0 (Windows NT 10.0; Win64; x64) AppleWebKit/537.36 (KHTML, like Gecko) Chrome/134.0.0.0 Safari/537.36"
152.67.87.3 - - [16/Apr/2025:13:36:57 -0400] "POST /wp-login.php HTTP/1.1" 200 0 "christianmantopoulos.com/wp-login.php" "Mozilla/5.0 (Windows NT 10.0; Win64; x64) AppleWebKit/537.36 (KHTML, like Gecko) Chrome/134.0.0.0 Safari/537.36"
152.67.87.3 - - [16/Apr/2025:13:37:15 -0400] "POST /wp-login.php HTTP/1.1" 200 0 "christianmantopoulos.com/wp-login.php" "Mozilla/5.0 (Windows NT 10.0; Win64; x64) AppleWebKit/537.36 (KHTML, like Gecko) Chrome/134.0.0.0 Safari/537.36"
152.67.87.3 - - [16/Apr/2025:13:37:30 -0400] "POST /wp-login.php HTTP/1.1" 200 0 "christianmantopoulos.com/wp-login.php" "Mozilla/5.0 (Windows NT 10.0; Win64; x64) AppleWebKit/537.36 (KHTML, like Gecko) Chrome/134.0.0.0 Safari/537.36"
152.67.87.3 - - [16/Apr/2025:13:40:01 -0400] "POST /wp-login.php HTTP/1.1" 200 0 "christianmantopoulos.com/wp-login.php" "Mozilla/5.0 (Windows NT 10.0; Win64; x64) AppleWebKit/537.36 (KHTML, like Gecko) Chrome/134.0.0.0 Safari/537.36"
152.67.87.3 - - [16/Apr/2025:13:40:17 -0400] "POST /wp-login.php HTTP/1.1" 200 0 "christianmantopoulos.com/wp-login.php" "Mozilla/5.0 (Windows NT 10.0; Win64; x64) AppleWebKit/537.36 (KHTML, like Gecko) Chrome/134.0.0.0 Safari/537.36"
152.67.87.3 - - [16/Apr/2025:13:40:30 -0400] "POST /wp-login.php HTTP/1.1" 200 0 "christianmantopoulos.com/wp-login.php" "Mozilla/5.0 (Windows NT 10.0; Win64; x64) AppleWebKit/537.36 (KHTML, like Gecko) Chrome/134.0.0.0 Safari/537.36"
152.67.87.3 - - [16/Apr/2025:13:40:44 -0400] "POST /wp-login.php HTTP/1.1" 200 0 "christianmantopoulos.com/wp-login.php" "Mozilla/5.0 (Windows NT 10.0; Win64; x64) AppleWebKit/537.36 (KHTML, like Gecko) Chrome/134.0.0.0 Safari/537.36"
152.67.87.3 - - [16/Apr/2025:13:40:58 -0400] "POST /wp-login.php HTTP/1.1" 200 0 "christianmantopoulos.com/wp-login.php" "Mozilla/5.0 (Windows NT 10.0; Win64; x64) AppleWebKit/537.36 (KHTML, like Gecko) Chrome/134.0.0.0 Safari/537.36"
152.67.87.3 - - [16/Apr/2025:13:41:14 -0400] "POST /wp-login.php HTTP/1.1" 200 0 "christianmantopoulos.com/wp-login.php" "Mozilla/5.0 (Windows NT 10.0; Win64; x64) AppleWebKit/537.36 (KHTML, like Gecko) Chrome/134.0.0.0 Safari/537.36"
152.67.87.3 - - [16/Apr/2025:13:41:30 -0400] "POST /wp-login.php HTTP/1.1" 200 0 "christianmantopoulos.com/wp-login.php" "Mozilla/5.0 (Windows NT 10.0; Win64; x64) AppleWebKit/537.36 (KHTML, like Gecko) Chrome/134.0.0.0 Safari/537.36"
152.67.87.3 - - [16/Apr/2025:13:41:43 -0400] "POST /wp-login.php HTTP/1.1" 200 0 "christianmantopoulos.com/wp-login.php" "Mozilla/5.0 (Windows NT 10.0; Win64; x64) AppleWebKit/537.36 (KHTML, like Gecko) Chrome/134.0.0.0 Safari/537.36"
152.67.87.3 - - [16/Apr/2025:13:42:00 -0400] "POST /wp-login.php HTTP/1.1" 200 0 "christianmantopoulos.com/wp-login.php" "Mozilla/5.0 (Windows NT 10.0; Win64; x64) AppleWebKit/537.36 (KHTML, like Gecko) Chrome/134.0.0.0 Safari/537.36"
152.67.87.3 - - [16/Apr/2025:13:42:13 -0400] "POST /wp-login.php HTTP/1.1" 200 0 "christianmantopoulos.com/wp-login.php" "Mozilla/5.0 (Windows NT 10.0; Win64; x64) AppleWebKit/537.36 (KHTML, like Gecko) Chrome/134.0.0.0 Safari/537.36"
152.67.87.3 - - [16/Apr/2025:13:42:29 -0400] "POST /wp-login.php HTTP/1.1" 200 0 "christianmantopoulos.com/wp-login.php" "Mozilla/5.0 (Windows NT 10.0; Win64; x64) AppleWebKit/537.36 (KHTML, like Gecko) Chrome/134.0.0.0 Safari/537.36"
152.67.87.3 - - [16/Apr/2025:13:42:43 -0400] "POST /wp-login.php HTTP/1.1" 200 0 "christianmantopoulos.com/wp-login.php" "Mozilla/5.0 (Windows NT 10.0; Win64; x64) AppleWebKit/537.36 (KHTML, like Gecko) Chrome/134.0.0.0 Safari/537.36"
152.67.87.3 - - [16/Apr/2025:13:42:57 -0400] "POST /wp-login.php HTTP/1.1" 200 0 "christianmantopoulos.com/wp-login.php" "Mozilla/5.0 (Windows NT 10.0; Win64; x64) AppleWebKit/537.36 (KHTML, like Gecko) Chrome/134.0.0.0 Safari/537.36"
152.67.87.3 - - [16/Apr/2025:13:43:12 -0400] "POST /wp-login.php HTTP/1.1" 200 0 "christianmantopoulos.com/wp-login.php" "Mozilla/5.0 (Windows NT 10.0; Win64; x64) AppleWebKit/537.36 (KHTML, like Gecko) Chrome/134.0.0.0 Safari/537.36"
152.67.87.3 - - [16/Apr/2025:13:43:28 -0400] "POST /wp-login.php HTTP/1.1" 200 0 "christianmantopoulos.com/wp-login.php" "Mozilla/5.0 (Windows NT 10.0; Win64; x64) AppleWebKit/537.36 (KHTML, like Gecko) Chrome/134.0.0.0 Safari/537.36"
152.67.87.3 - - [16/Apr/2025:13:43:42 -0400] "POST /wp-login.php HTTP/1.1" 200 0 "christianmantopoulos.com/wp-login.php" "Mozilla/5.0 (Windows NT 10.0; Win64; x64) AppleWebKit/537.36 (KHTML, like Gecko) Chrome/134.0.0.0 Safari/537.36"
152.67.87.3 - - [16/Apr/2025:13:43:57 -0400] "POST /wp-login.php HTTP/1.1" 200 0 "christianmantopoulos.com/wp-login.php" "Mozilla/5.0 (Windows NT 10.0; Win64; x64) AppleWebKit/537.36 (KHTML, like Gecko) Chrome/134.0.0.0 Safari/537.36"
152.67.87.3 - - [16/Apr/2025:13:37:45 -0400] "POST /wp-login.php HTTP/1.1" 200 0 "christianmantopoulos.com/wp-login.php" "Mozilla/5.0 (Windows NT 10.0; Win64; x64) AppleWebKit/537.36 (KHTML, like Gecko) Chrome/134.0.0.0 Safari/537.36"
152.67.87.3 - - [16/Apr/2025:13:38:01 -0400] "POST /wp-login.php HTTP/1.1" 200 0 "christianmantopoulos.com/wp-login.php" "Mozilla/5.0 (Windows NT 10.0; Win64; x64) AppleWebKit/537.36 (KHTML, like Gecko) Chrome/134.0.0.0 Safari/537.36"
152.67.87.3 - - [16/Apr/2025:13:38:17 -0400] "POST /wp-login.php HTTP/1.1" 200 0 "christianmantopoulos.com/wp-login.php" "Mozilla/5.0 (Windows NT 10.0; Win64; x64) AppleWebKit/537.36 (KHTML, like Gecko) Chrome/134.0.0.0 Safari/537.36"
152.67.87.3 - - [16/Apr/2025:13:38:33 -0400] "POST /wp-login.php HTTP/1.1" 200 0 "christianmantopoulos.com/wp-login.php" "Mozilla/5.0 (Windows NT 10.0; Win64; x64) AppleWebKit/537.36 (KHTML, like Gecko) Chrome/134.0.0.0 Safari/537.36"
34.206.162.254 - - [16/Apr/2025:13:38:49 -0400] "POST /xmlrpc.php HTTP/1.1" 200 212 "-" "Mozilla/5.0 (Windows NT 10.0; Win64; x64; rv:66.0) Gecko/20100101 Firefox/66.0"
152.67.87.3 - - [16/Apr/2025:13:38:47 -0400] "POST /wp-login.php HTTP/1.1" 200 0 "christianmantopoulos.com/wp-login.php" "Mozilla/5.0 (Windows NT 10.0; Win64; x64) AppleWebKit/537.36 (KHTML, like Gecko) Chrome/134.0.0.0 Safari/537.36"
152.67.87.3 - - [16/Apr/2025:13:39:01 -0400] "POST /wp-login.php HTTP/1.1" 200 0 "christianmantopoulos.com/wp-login.php" "Mozilla/5.0 (Windows NT 10.0; Win64; x64) AppleWebKit/537.36 (KHTML, like Gecko) Chrome/134.0.0.0 Safari/537.36"
152.67.87.3 - - [16/Apr/2025:13:39:15 -0400] "POST /wp-login.php HTTP/1.1" 200 0 "christianmantopoulos.com/wp-login.php" "Mozilla/5.0 (Windows NT 10.0; Win64; x64) AppleWebKit/537.36 (KHTML, like Gecko) Chrome/134.0.0.0 Safari/537.36"
152.67.87.3 - - [16/Apr/2025:13:39:31 -0400] "POST /wp-login.php HTTP/1.1" 200 0 "christianmantopoulos.com/wp-login.php" "Mozilla/5.0 (Windows NT 10.0; Win64; x64) AppleWebKit/537.36 (KHTML, like Gecko) Chrome/134.0.0.0 Safari/537.36"
152.67.87.3 - - [16/Apr/2025:13:39:47 -0400] "POST /wp-login.php HTTP/1.1" 200 0 "christianmantopoulos.com/wp-login.php" "Mozilla/5.0 (Windows NT 10.0; Win64; x64) AppleWebKit/537.36 (KHTML, like Gecko) Chrome/134.0.0.0 Safari/537.36"
152.67.87.3 - - [16/Apr/2025:13:44:12 -0400] "POST /wp-login.php HTTP/1.1" 200 0 "christianmantopoulos.com/wp-login.php" "Mozilla/5.0 (Windows NT 10.0; Win64; x64) AppleWebKit/537.36 (KHTML, like Gecko) Chrome/134.0.0.0 Safari/537.36"
152.67.87.3 - - [16/Apr/2025:13:44:27 -0400] "POST /wp-login.php HTTP/1.1" 200 0 "christianmantopoulos.com/wp-login.php" "Mozilla/5.0 (Windows NT 10.0; Win64; x64) AppleWebKit/537.36 (KHTML, like Gecko) Chrome/134.0.0.0 Safari/537.36"
152.67.87.3 - - [16/Apr/2025:13:44:43 -0400] "POST /wp-login.php HTTP/1.1" 200 0 "christianmantopoulos.com/wp-login.php" "Mozilla/5.0 (Windows NT 10.0; Win64; x64) AppleWebKit/537.36 (KHTML, like Gecko) Chrome/134.0.0.0 Safari/537.36"
152.67.87.3 - - [16/Apr/2025:13:44:57 -0400] "POST /wp-login.php HTTP/1.1" 200 0 "christianmantopoulos.com/wp-login.php" "Mozilla/5.0 (Windows NT 10.0; Win64; x64) AppleWebKit/537.36 (KHTML, like Gecko) Chrome/134.0.0.0 Safari/537.36"
152.67.87.3 - - [16/Apr/2025:13:45:13 -0400] "POST /wp-login.php HTTP/1.1" 200 0 "christianmantopoulos.com/wp-login.php" "Mozilla/5.0 (Windows NT 10.0; Win64; x64) AppleWebKit/537.36 (KHTML, like Gecko) Chrome/134.0.0.0 Safari/537.36"
152.67.87.3 - - [16/Apr/2025:13:45:28 -0400] "POST /wp-login.php HTTP/1.1" 200 0 "christianmantopoulos.com/wp-login.php" "Mozilla/5.0 (Windows NT 10.0; Win64; x64) AppleWebKit/537.36 (KHTML, like Gecko) Chrome/134.0.0.0 Safari/537.36"
152.67.87.3 - - [16/Apr/2025:13:45:43 -0400] "POST /wp-login.php HTTP/1.1" 200 0 "christianmantopoulos.com/wp-login.php" "Mozilla/5.0 (Windows NT 10.0; Win64; x64) AppleWebKit/537.36 (KHTML, like Gecko) Chrome/134.0.0.0 Safari/537.36"
152.67.87.3 - - [16/Apr/2025:13:45:58 -0400] "POST /wp-login.php HTTP/1.1" 200 0 "christianmantopoulos.com/wp-login.php" "Mozilla/5.0 (Windows NT 10.0; Win64; x64) AppleWebKit/537.36 (KHTML, like Gecko) Chrome/134.0.0.0 Safari/537.36"
152.67.87.3 - - [16/Apr/2025:13:46:13 -0400] "POST /wp-login.php HTTP/1.1" 200 0 "christianmantopoulos.com/wp-login.php" "Mozilla/5.0 (Windows NT 10.0; Win64; x64) AppleWebKit/537.36 (KHTML, like Gecko) Chrome/134.0.0.0 Safari/537.36"
152.67.87.3 - - [16/Apr/2025:13:46:27 -0400] "POST /wp-login.php HTTP/1.1" 200 0 "christianmantopoulos.com/wp-login.php" "Mozilla/5.0 (Windows NT 10.0; Win64; x64) AppleWebKit/537.36 (KHTML, like Gecko) Chrome/134.0.0.0 Safari/537.36"
198.54.114.83 - - [16/Apr/2025:13:46:43 -0400] "POST /wp-cron.php?doing_wp_cron=1744825602.6622838973999023437500 HTTP/1.1" 200 0 "-" "WordPress/6.8; https://christianmantopoulos.com"
66.249.64.2 - - [16/Apr/2025:13:46:42 -0400] "GET /De-Litio-Led-S2A-Usb-Recargable/Lights-&-Reflectors-46951/ HTTP/1.1" 404 6820 "-" "Mozilla/5.0 (Linux; Android 6.0.1; Nexus 5X Build/MMB29P) AppleWebKit/537.36 (KHTML, like Gecko) Chrome/135.0.7049.84 Mobile Safari/537.36 (compatible; Googlebot/2.1; +http://www.google.com/bot.html)"
52.167.144.222 - - [16/Apr/2025:13:46:45 -0400] "GET /about/profile.html HTTP/1.1" 404 6819 "-" "Mozilla/5.0 AppleWebKit/537.36 (KHTML, like Gecko; compatible; bingbot/2.0; +http://www.bing.com/bingbot.htm) Chrome/116.0.1938.76 Safari/537.36"
152.67.87.3 - - [16/Apr/2025:13:46:43 -0400] "POST /wp-login.php HTTP/1.1" 200 0 "christianmantopoulos.com/wp-login.php" "Mozilla/5.0 (Windows NT 10.0; Win64; x64) AppleWebKit/537.36 (KHTML, like Gecko) Chrome/134.0.0.0 Safari/537.36"
152.67.87.3 - - [16/Apr/2025:13:46:57 -0400] "POST /wp-login.php HTTP/1.1" 200 0 "christianmantopoulos.com/wp-login.php" "Mozilla/5.0 (Windows NT 10.0; Win64; x64) AppleWebKit/537.36 (KHTML, like Gecko) Chrome/134.0.0.0 Safari/537.36"
152.67.87.3 - - [16/Apr/2025:13:47:12 -0400] "POST /wp-login.php HTTP/1.1" 200 0 "christianmantopoulos.com/wp-login.php" "Mozilla/5.0 (Windows NT 10.0; Win64; x64) AppleWebKit/537.36 (KHTML, like Gecko) Chrome/134.0.0.0 Safari/537.36"
152.67.87.3 - - [16/Apr/2025:13:47:27 -0400] "POST /wp-login.php HTTP/1.1" 200 0 "christianmantopoulos.com/wp-login.php" "Mozilla/5.0 (Windows NT 10.0; Win64; x64) AppleWebKit/537.36 (KHTML, like Gecko) Chrome/134.0.0.0 Safari/537.36"
152.67.87.3 - - [16/Apr/2025:13:47:42 -0400] "POST /wp-login.php HTTP/1.1" 200 0 "christianmantopoulos.com/wp-login.php" "Mozilla/5.0 (Windows NT 10.0; Win64; x64) AppleWebKit/537.36 (KHTML, like Gecko) Chrome/134.0.0.0 Safari/537.36"
152.67.87.3 - - [16/Apr/2025:13:47:58 -0400] "POST /wp-login.php HTTP/1.1" 200 0 "christianmantopoulos.com/wp-login.php" "Mozilla/5.0 (Windows NT 10.0; Win64; x64) AppleWebKit/537.36 (KHTML, like Gecko) Chrome/134.0.0.0 Safari/537.36"
152.67.87.3 - - [16/Apr/2025:13:48:12 -0400] "POST /wp-login.php HTTP/1.1" 200 0 "christianmantopoulos.com/wp-login.php" "Mozilla/5.0 (Windows NT 10.0; Win64; x64) AppleWebKit/537.36 (KHTML, like Gecko) Chrome/134.0.0.0 Safari/537.36"
152.67.87.3 - - [16/Apr/2025:13:48:28 -0400] "POST /wp-login.php HTTP/1.1" 200 0 "christianmantopoulos.com/wp-login.php" "Mozilla/5.0 (Windows NT 10.0; Win64; x64) AppleWebKit/537.36 (KHTML, like Gecko) Chrome/134.0.0.0 Safari/537.36"
152.67.87.3 - - [16/Apr/2025:13:48:43 -0400] "POST /wp-login.php HTTP/1.1" 200 0 "christianmantopoulos.com/wp-login.php" "Mozilla/5.0 (Windows NT 10.0; Win64; x64) AppleWebKit/537.36 (KHTML, like Gecko) Chrome/134.0.0.0 Safari/537.36"
152.67.87.3 - - [16/Apr/2025:13:48:58 -0400] "POST /wp-login.php HTTP/1.1" 200 0 "christianmantopoulos.com/wp-login.php" "Mozilla/5.0 (Windows NT 10.0; Win64; x64) AppleWebKit/537.36 (KHTML, like Gecko) Chrome/134.0.0.0 Safari/537.36"
152.67.87.3 - - [16/Apr/2025:13:49:14 -0400] "POST /wp-login.php HTTP/1.1" 200 0 "christianmantopoulos.com/wp-login.php" "Mozilla/5.0 (Windows NT 10.0; Win64; x64) AppleWebKit/537.36 (KHTML, like Gecko) Chrome/134.0.0.0 Safari/537.36"
152.67.87.3 - - [16/Apr/2025:13:49:28 -0400] "POST /wp-login.php HTTP/1.1" 200 0 "christianmantopoulos.com/wp-login.php" "Mozilla/5.0 (Windows NT 10.0; Win64; x64) AppleWebKit/537.36 (KHTML, like Gecko) Chrome/134.0.0.0 Safari/537.36"
152.67.87.3 - - [16/Apr/2025:13:49:42 -0400] "POST /wp-login.php HTTP/1.1" 200 0 "christianmantopoulos.com/wp-login.php" "Mozilla/5.0 (Windows NT 10.0; Win64; x64) AppleWebKit/537.36 (KHTML, like Gecko) Chrome/134.0.0.0 Safari/537.36"
152.67.87.3 - - [16/Apr/2025:13:49:58 -0400] "POST /wp-login.php HTTP/1.1" 200 0 "christianmantopoulos.com/wp-login.php" "Mozilla/5.0 (Windows NT 10.0; Win64; x64) AppleWebKit/537.36 (KHTML, like Gecko) Chrome/134.0.0.0 Safari/537.36"
152.67.87.3 - - [16/Apr/2025:13:50:14 -0400] "POST /wp-login.php HTTP/1.1" 200 0 "christianmantopoulos.com/wp-login.php" "Mozilla/5.0 (Windows NT 10.0; Win64; x64) AppleWebKit/537.36 (KHTML, like Gecko) Chrome/134.0.0.0 Safari/537.36"
152.67.87.3 - - [16/Apr/2025:13:50:27 -0400] "POST /wp-login.php HTTP/1.1" 200 0 "christianmantopoulos.com/wp-login.php" "Mozilla/5.0 (Windows NT 10.0; Win64; x64) AppleWebKit/537.36 (KHTML, like Gecko) Chrome/134.0.0.0 Safari/537.36"
92.204.53.188 - - [16/Apr/2025:13:50:52 -0400] "POST /xmlrpc.php HTTP/1.1" 200 212 "-" "Mozilla/5.0 (Windows NT 10.0; Win64; x64; rv:50.0) Gecko/20100101 Firefox/50.0"
152.67.87.3 - - [16/Apr/2025:13:50:42 -0400] "POST /wp-login.php HTTP/1.1" 200 0 "christianmantopoulos.com/wp-login.php" "Mozilla/5.0 (Windows NT 10.0; Win64; x64) AppleWebKit/537.36 (KHTML, like Gecko) Chrome/134.0.0.0 Safari/537.36"
152.67.87.3 - - [16/Apr/2025:13:50:58 -0400] "POST /wp-login.php HTTP/1.1" 200 0 "christianmantopoulos.com/wp-login.php" "Mozilla/5.0 (Windows NT 10.0; Win64; x64) AppleWebKit/537.36 (KHTML, like Gecko) Chrome/134.0.0.0 Safari/537.36"
152.67.87.3 - - [16/Apr/2025:13:51:12 -0400] "POST /wp-login.php HTTP/1.1" 200 0 "christianmantopoulos.com/wp-login.php" "Mozilla/5.0 (Windows NT 10.0; Win64; x64) AppleWebKit/537.36 (KHTML, like Gecko) Chrome/134.0.0.0 Safari/537.36"
66.249.64.2 - - [16/Apr/2025:13:51:37 -0400] "GET /3&034;-stems-and-screw-bases-Fishing/Downrigger-Outrigger-Gear-321473/ HTTP/1.1" 404 6820 "-" "Mozilla/5.0 (Linux; Android 6.0.1; Nexus 5X Build/MMB29P) AppleWebKit/537.36 (KHTML, like Gecko) Chrome/135.0.7049.84 Mobile Safari/537.36 (compatible; Googlebot/2.1; +http://www.google.com/bot.html)"
152.67.87.3 - - [16/Apr/2025:13:51:27 -0400] "POST /wp-login.php HTTP/1.1" 200 0 "christianmantopoulos.com/wp-login.php" "Mozilla/5.0 (Windows NT 10.0; Win64; x64) AppleWebKit/537.36 (KHTML, like Gecko) Chrome/134.0.0.0 Safari/537.36"
152.67.87.3 - - [16/Apr/2025:13:51:42 -0400] "POST /wp-login.php HTTP/1.1" 200 0 "christianmantopoulos.com/wp-login.php" "Mozilla/5.0 (Windows NT 10.0; Win64; x64) AppleWebKit/537.36 (KHTML, like Gecko) Chrome/134.0.0.0 Safari/537.36"
152.67.87.3 - - [16/Apr/2025:13:51:56 -0400] "POST /wp-login.php HTTP/1.1" 200 0 "christianmantopoulos.com/wp-login.php" "Mozilla/5.0 (Windows NT 10.0; Win64; x64) AppleWebKit/537.36 (KHTML, like Gecko) Chrome/134.0.0.0 Safari/537.36"
152.67.87.3 - - [16/Apr/2025:13:52:12 -0400] "POST /wp-login.php HTTP/1.1" 200 0 "christianmantopoulos.com/wp-login.php" "Mozilla/5.0 (Windows NT 10.0; Win64; x64) AppleWebKit/537.36 (KHTML, like Gecko) Chrome/134.0.0.0 Safari/537.36"
152.67.87.3 - - [16/Apr/2025:13:52:27 -0400] "POST /wp-login.php HTTP/1.1" 200 0 "christianmantopoulos.com/wp-login.php" "Mozilla/5.0 (Windows NT 10.0; Win64; x64) AppleWebKit/537.36 (KHTML, like Gecko) Chrome/134.0.0.0 Safari/537.36"
152.67.87.3 - - [16/Apr/2025:13:52:43 -0400] "POST /wp-login.php HTTP/1.1" 200 0 "christianmantopoulos.com/wp-login.php" "Mozilla/5.0 (Windows NT 10.0; Win64; x64) AppleWebKit/537.36 (KHTML, like Gecko) Chrome/134.0.0.0 Safari/537.36"
152.67.87.3 - - [16/Apr/2025:13:52:57 -0400] "POST /wp-login.php HTTP/1.1" 200 0 "christianmantopoulos.com/wp-login.php" "Mozilla/5.0 (Windows NT 10.0; Win64; x64) AppleWebKit/537.36 (KHTML, like Gecko) Chrome/134.0.0.0 Safari/537.36"
152.67.87.3 - - [16/Apr/2025:13:53:12 -0400] "POST /wp-login.php HTTP/1.1" 200 0 "christianmantopoulos.com/wp-login.php" "Mozilla/5.0 (Windows NT 10.0; Win64; x64) AppleWebKit/537.36 (KHTML, like Gecko) Chrome/134.0.0.0 Safari/537.36"
152.67.87.3 - - [16/Apr/2025:13:53:26 -0400] "POST /wp-login.php HTTP/1.1" 200 0 "christianmantopoulos.com/wp-login.php" "Mozilla/5.0 (Windows NT 10.0; Win64; x64) AppleWebKit/537.36 (KHTML, like Gecko) Chrome/134.0.0.0 Safari/537.36"
152.67.87.3 - - [16/Apr/2025:13:53:43 -0400] "POST /wp-login.php HTTP/1.1" 200 0 "christianmantopoulos.com/wp-login.php" "Mozilla/5.0 (Windows NT 10.0; Win64; x64) AppleWebKit/537.36 (KHTML, like Gecko) Chrome/134.0.0.0 Safari/537.36"
152.67.87.3 - - [16/Apr/2025:13:53:58 -0400] "POST /wp-login.php HTTP/1.1" 200 0 "christianmantopoulos.com/wp-login.php" "Mozilla/5.0 (Windows NT 10.0; Win64; x64) AppleWebKit/537.36 (KHTML, like Gecko) Chrome/134.0.0.0 Safari/537.36"
152.67.87.3 - - [16/Apr/2025:13:54:12 -0400] "POST /wp-login.php HTTP/1.1" 200 0 "christianmantopoulos.com/wp-login.php" "Mozilla/5.0 (Windows NT 10.0; Win64; x64) AppleWebKit/537.36 (KHTML, like Gecko) Chrome/134.0.0.0 Safari/537.36"
152.67.87.3 - - [16/Apr/2025:13:54:28 -0400] "POST /wp-login.php HTTP/1.1" 200 0 "christianmantopoulos.com/wp-login.php" "Mozilla/5.0 (Windows NT 10.0; Win64; x64) AppleWebKit/537.36 (KHTML, like Gecko) Chrome/134.0.0.0 Safari/537.36"
152.67.87.3 - - [16/Apr/2025:13:54:42 -0400] "POST /wp-login.php HTTP/1.1" 200 0 "christianmantopoulos.com/wp-login.php" "Mozilla/5.0 (Windows NT 10.0; Win64; x64) AppleWebKit/537.36 (KHTML, like Gecko) Chrome/134.0.0.0 Safari/537.36"
152.67.87.3 - - [16/Apr/2025:13:54:57 -0400] "POST /wp-login.php HTTP/1.1" 200 0 "christianmantopoulos.com/wp-login.php" "Mozilla/5.0 (Windows NT 10.0; Win64; x64) AppleWebKit/537.36 (KHTML, like Gecko) Chrome/134.0.0.0 Safari/537.36"
152.67.87.3 - - [16/Apr/2025:13:55:15 -0400] "POST /wp-login.php HTTP/1.1" 200 0 "christianmantopoulos.com/wp-login.php" "Mozilla/5.0 (Windows NT 10.0; Win64; x64) AppleWebKit/537.36 (KHTML, like Gecko) Chrome/134.0.0.0 Safari/537.36"
152.67.87.3 - - [16/Apr/2025:13:55:28 -0400] "POST /wp-login.php HTTP/1.1" 200 0 "christianmantopoulos.com/wp-login.php" "Mozilla/5.0 (Windows NT 10.0; Win64; x64) AppleWebKit/537.36 (KHTML, like Gecko) Chrome/134.0.0.0 Safari/537.36"
152.67.87.3 - - [16/Apr/2025:13:55:42 -0400] "POST /wp-login.php HTTP/1.1" 200 0 "christianmantopoulos.com/wp-login.php" "Mozilla/5.0 (Windows NT 10.0; Win64; x64) AppleWebKit/537.36 (KHTML, like Gecko) Chrome/134.0.0.0 Safari/537.36"
152.67.87.3 - - [16/Apr/2025:13:55:58 -0400] "POST /wp-login.php HTTP/1.1" 200 0 "christianmantopoulos.com/wp-login.php" "Mozilla/5.0 (Windows NT 10.0; Win64; x64) AppleWebKit/537.36 (KHTML, like Gecko) Chrome/134.0.0.0 Safari/537.36"
152.67.87.3 - - [16/Apr/2025:13:56:14 -0400] "POST /wp-login.php HTTP/1.1" 200 0 "christianmantopoulos.com/wp-login.php" "Mozilla/5.0 (Windows NT 10.0; Win64; x64) AppleWebKit/537.36 (KHTML, like Gecko) Chrome/134.0.0.0 Safari/537.36"
66.249.64.2 - - [16/Apr/2025:13:56:34 -0400] "GET /PCB-Vertical-Slide-Switch-Pin-Y8Q-Pcs-DC50V/Paracord-Bracelets-615256/ HTTP/1.1" 404 6820 "-" "Mozilla/5.0 (Linux; Android 6.0.1; Nexus 5X Build/MMB29P) AppleWebKit/537.36 (KHTML, like Gecko) Chrome/135.0.7049.84 Mobile Safari/537.36 (compatible; Googlebot/2.1; +http://www.google.com/bot.html)"
198.54.114.83 - - [16/Apr/2025:13:56:37 -0400] "POST /wp-cron.php?doing_wp_cron=1744826194.6328148841857910156250 HTTP/1.1" 200 0 "-" "WordPress/6.8; https://christianmantopoulos.com"
152.67.87.3 - - [16/Apr/2025:13:56:27 -0400] "POST /wp-login.php HTTP/1.1" 200 0 "christianmantopoulos.com/wp-login.php" "Mozilla/5.0 (Windows NT 10.0; Win64; x64) AppleWebKit/537.36 (KHTML, like Gecko) Chrome/134.0.0.0 Safari/537.36"
152.67.87.3 - - [16/Apr/2025:13:56:43 -0400] "POST /wp-login.php HTTP/1.1" 200 0 "christianmantopoulos.com/wp-login.php" "Mozilla/5.0 (Windows NT 10.0; Win64; x64) AppleWebKit/537.36 (KHTML, like Gecko) Chrome/134.0.0.0 Safari/537.36"
152.67.87.3 - - [16/Apr/2025:13:56:58 -0400] "POST /wp-login.php HTTP/1.1" 200 0 "christianmantopoulos.com/wp-login.php" "Mozilla/5.0 (Windows NT 10.0; Win64; x64) AppleWebKit/537.36 (KHTML, like Gecko) Chrome/134.0.0.0 Safari/537.36"
152.67.87.3 - - [16/Apr/2025:13:57:12 -0400] "POST /wp-login.php HTTP/1.1" 200 0 "christianmantopoulos.com/wp-login.php" "Mozilla/5.0 (Windows NT 10.0; Win64; x64) AppleWebKit/537.36 (KHTML, like Gecko) Chrome/134.0.0.0 Safari/537.36"
152.67.87.3 - - [16/Apr/2025:13:57:27 -0400] "POST /wp-login.php HTTP/1.1" 200 0 "christianmantopoulos.com/wp-login.php" "Mozilla/5.0 (Windows NT 10.0; Win64; x64) AppleWebKit/537.36 (KHTML, like Gecko) Chrome/134.0.0.0 Safari/537.36"
152.67.87.3 - - [16/Apr/2025:13:57:41 -0400] "POST /wp-login.php HTTP/1.1" 200 0 "christianmantopoulos.com/wp-login.php" "Mozilla/5.0 (Windows NT 10.0; Win64; x64) AppleWebKit/537.36 (KHTML, like Gecko) Chrome/134.0.0.0 Safari/537.36"
45.32.100.212 - - [16/Apr/2025:13:58:02 -0400] "POST /xmlrpc.php HTTP/1.1" 200 212 "-" "Mozilla/5.0 (Windows NT 10.0; Win64; x64; rv:64.0) Gecko/20100101 Firefox/64.0"
152.67.87.3 - - [16/Apr/2025:13:57:58 -0400] "POST /wp-login.php HTTP/1.1" 200 0 "christianmantopoulos.com/wp-login.php" "Mozilla/5.0 (Windows NT 10.0; Win64; x64) AppleWebKit/537.36 (KHTML, like Gecko) Chrome/134.0.0.0 Safari/537.36"
152.67.87.3 - - [16/Apr/2025:13:58:13 -0400] "POST /wp-login.php HTTP/1.1" 200 0 "christianmantopoulos.com/wp-login.php" "Mozilla/5.0 (Windows NT 10.0; Win64; x64) AppleWebKit/537.36 (KHTML, like Gecko) Chrome/134.0.0.0 Safari/537.36"
152.67.87.3 - - [16/Apr/2025:13:58:27 -0400] "POST /wp-login.php HTTP/1.1" 200 0 "christianmantopoulos.com/wp-login.php" "Mozilla/5.0 (Windows NT 10.0; Win64; x64) AppleWebKit/537.36 (KHTML, like Gecko) Chrome/134.0.0.0 Safari/537.36"
152.67.87.3 - - [16/Apr/2025:13:58:42 -0400] "POST /wp-login.php HTTP/1.1" 200 0 "christianmantopoulos.com/wp-login.php" "Mozilla/5.0 (Windows NT 10.0; Win64; x64) AppleWebKit/537.36 (KHTML, like Gecko) Chrome/134.0.0.0 Safari/537.36"
152.67.87.3 - - [16/Apr/2025:13:58:57 -0400] "POST /wp-login.php HTTP/1.1" 200 0 "christianmantopoulos.com/wp-login.php" "Mozilla/5.0 (Windows NT 10.0; Win64; x64) AppleWebKit/537.36 (KHTML, like Gecko) Chrome/134.0.0.0 Safari/537.36"
152.67.87.3 - - [16/Apr/2025:13:59:12 -0400] "POST /wp-login.php HTTP/1.1" 200 0 "christianmantopoulos.com/wp-login.php" "Mozilla/5.0 (Windows NT 10.0; Win64; x64) AppleWebKit/537.36 (KHTML, like Gecko) Chrome/134.0.0.0 Safari/537.36"
152.67.87.3 - - [16/Apr/2025:13:59:27 -0400] "POST /wp-login.php HTTP/1.1" 200 0 "christianmantopoulos.com/wp-login.php" "Mozilla/5.0 (Windows NT 10.0; Win64; x64) AppleWebKit/537.36 (KHTML, like Gecko) Chrome/134.0.0.0 Safari/537.36"
152.67.87.3 - - [16/Apr/2025:13:59:42 -0400] "POST /wp-login.php HTTP/1.1" 200 0 "christianmantopoulos.com/wp-login.php" "Mozilla/5.0 (Windows NT 10.0; Win64; x64) AppleWebKit/537.36 (KHTML, like Gecko) Chrome/134.0.0.0 Safari/537.36"
152.67.87.3 - - [16/Apr/2025:13:59:56 -0400] "POST /wp-login.php HTTP/1.1" 200 0 "christianmantopoulos.com/wp-login.php" "Mozilla/5.0 (Windows NT 10.0; Win64; x64) AppleWebKit/537.36 (KHTML, like Gecko) Chrome/134.0.0.0 Safari/537.36"
152.67.87.3 - - [16/Apr/2025:14:00:12 -0400] "POST /wp-login.php HTTP/1.1" 200 0 "christianmantopoulos.com/wp-login.php" "Mozilla/5.0 (Windows NT 10.0; Win64; x64) AppleWebKit/537.36 (KHTML, like Gecko) Chrome/134.0.0.0 Safari/537.36"
152.67.87.3 - - [16/Apr/2025:14:00:28 -0400] "POST /wp-login.php HTTP/1.1" 200 0 "christianmantopoulos.com/wp-login.php" "Mozilla/5.0 (Windows NT 10.0; Win64; x64) AppleWebKit/537.36 (KHTML, like Gecko) Chrome/134.0.0.0 Safari/537.36"
152.67.87.3 - - [16/Apr/2025:14:00:43 -0400] "POST /wp-login.php HTTP/1.1" 200 0 "christianmantopoulos.com/wp-login.php" "Mozilla/5.0 (Windows NT 10.0; Win64; x64) AppleWebKit/537.36 (KHTML, like Gecko) Chrome/134.0.0.0 Safari/537.36"
152.67.87.3 - - [16/Apr/2025:14:00:59 -0400] "POST /wp-login.php HTTP/1.1" 200 0 "christianmantopoulos.com/wp-login.php" "Mozilla/5.0 (Windows NT 10.0; Win64; x64) AppleWebKit/537.36 (KHTML, like Gecko) Chrome/134.0.0.0 Safari/537.36"
152.67.87.3 - - [16/Apr/2025:14:01:14 -0400] "POST /wp-login.php HTTP/1.1" 200 0 "christianmantopoulos.com/wp-login.php" "Mozilla/5.0 (Windows NT 10.0; Win64; x64) AppleWebKit/537.36 (KHTML, like Gecko) Chrome/134.0.0.0 Safari/537.36"
152.67.87.3 - - [16/Apr/2025:14:01:28 -0400] "POST /wp-login.php HTTP/1.1" 200 0 "christianmantopoulos.com/wp-login.php" "Mozilla/5.0 (Windows NT 10.0; Win64; x64) AppleWebKit/537.36 (KHTML, like Gecko) Chrome/134.0.0.0 Safari/537.36"
152.67.87.3 - - [16/Apr/2025:14:01:42 -0400] "POST /wp-login.php HTTP/1.1" 200 0 "christianmantopoulos.com/wp-login.php" "Mozilla/5.0 (Windows NT 10.0; Win64; x64) AppleWebKit/537.36 (KHTML, like Gecko) Chrome/134.0.0.0 Safari/537.36"
198.44.190.84 - - [16/Apr/2025:14:02:09 -0400] "GET / HTTP/1.1" 200 97713 "-" "Mozilla/5.0 (Windows NT 10.0; Win64; x64) AppleWebKit/537.36 (KHTML, like Gecko) Chrome/80.0.3987.149 Safari/537.36"
152.67.87.3 - - [16/Apr/2025:14:01:58 -0400] "POST /wp-login.php HTTP/1.1" 200 0 "christianmantopoulos.com/wp-login.php" "Mozilla/5.0 (Windows NT 10.0; Win64; x64) AppleWebKit/537.36 (KHTML, like Gecko) Chrome/134.0.0.0 Safari/537.36"
198.44.190.84 - - [16/Apr/2025:14:02:12 -0400] "GET / HTTP/1.1" 200 97713 "-" "Mozilla/5.0 (Windows NT 10.0; Win64; x64) AppleWebKit/537.36 (KHTML, like Gecko) Chrome/80.0.3987.149 Safari/537.36"
198.44.190.84 - - [16/Apr/2025:14:02:14 -0400] "GET /wp-includes/wlwmanifest.xml HTTP/1.1" 404 6820 "-" "Mozilla/5.0 (Windows NT 10.0; Win64; x64) AppleWebKit/537.36 (KHTML, like Gecko) Chrome/80.0.3987.149 Safari/537.36"
198.44.190.84 - - [16/Apr/2025:14:02:16 -0400] "GET /?author=1 HTTP/1.1" 200 97713 "-" "Mozilla/5.0 (Windows NT 10.0; Win64; x64) AppleWebKit/537.36 (KHTML, like Gecko) Chrome/80.0.3987.149 Safari/537.36"
198.44.190.84 - - [16/Apr/2025:14:02:18 -0400] "GET /?author=2 HTTP/1.1" 200 97713 "-" "Mozilla/5.0 (Windows NT 10.0; Win64; x64) AppleWebKit/537.36 (KHTML, like Gecko) Chrome/80.0.3987.149 Safari/537.36"
198.44.190.84 - - [16/Apr/2025:14:02:20 -0400] "GET /wp-json/wp/v2/users/ HTTP/1.1" 200 1512 "-" "Mozilla/5.0 (Windows NT 10.0; Win64; x64) AppleWebKit/537.36 (KHTML, like Gecko) Chrome/80.0.3987.149 Safari/537.36"
198.44.190.84 - - [16/Apr/2025:14:02:22 -0400] "POST /xmlrpc.php HTTP/1.1" 200 212 "-" "Mozilla/5.0 (Windows NT 10.0; Win64; x64) AppleWebKit/537.36 (KHTML, like Gecko) Chrome/80.0.3987.149 Safari/537.36"
198.44.190.84 - - [16/Apr/2025:14:02:23 -0400] "POST /xmlrpc.php HTTP/1.1" 200 236 "-" "Mozilla/5.0 (Windows NT 10.0; Win64; x64) AppleWebKit/537.36 (KHTML, like Gecko) Chrome/80.0.3987.149 Safari/537.36"
152.67.87.3 - - [16/Apr/2025:14:02:13 -0400] "POST /wp-login.php HTTP/1.1" 200 0 "christianmantopoulos.com/wp-login.php" "Mozilla/5.0 (Windows NT 10.0; Win64; x64) AppleWebKit/537.36 (KHTML, like Gecko) Chrome/134.0.0.0 Safari/537.36"
198.44.190.84 - - [16/Apr/2025:14:02:26 -0400] "POST /xmlrpc.php HTTP/1.1" 200 212 "-" "Mozilla/5.0 (Windows NT 10.0; Win64; x64) AppleWebKit/537.36 (KHTML, like Gecko) Chrome/80.0.3987.149 Safari/537.36"
182.44.12.37 - - [16/Apr/2025:14:02:29 -0400] "GET / HTTP/1.1" 200 97713 "-" "Mozilla/5.0 (iPhone; CPU iPhone OS 13_2_3 like Mac OS X) AppleWebKit/605.1.15 (KHTML, like Gecko) Version/13.0.3 Mobile/15E148 Safari/604.1"
198.54.114.83 - - [16/Apr/2025:14:02:29 -0400] "POST /wp-cron.php?doing_wp_cron=1744826547.6506779193878173828125 HTTP/1.1" 200 0 "-" "WordPress/6.8; https://christianmantopoulos.com"
198.44.190.84 - - [16/Apr/2025:14:02:30 -0400] "POST /xmlrpc.php HTTP/1.1" 200 236 "-" "Mozilla/5.0 (Windows NT 10.0; Win64; x64) AppleWebKit/537.36 (KHTML, like Gecko) Chrome/80.0.3987.149 Safari/537.36"
198.44.190.84 - - [16/Apr/2025:14:02:34 -0400] "POST /xmlrpc.php HTTP/1.1" 200 236 "-" "Mozilla/5.0 (Windows NT 10.0; Win64; x64) AppleWebKit/537.36 (KHTML, like Gecko) Chrome/80.0.3987.149 Safari/537.36"
152.67.87.3 - - [16/Apr/2025:14:02:27 -0400] "POST /wp-login.php HTTP/1.1" 200 0 "christianmantopoulos.com/wp-login.php" "Mozilla/5.0 (Windows NT 10.0; Win64; x64) AppleWebKit/537.36 (KHTML, like Gecko) Chrome/134.0.0.0 Safari/537.36"
198.44.190.84 - - [16/Apr/2025:14:02:38 -0400] "POST /xmlrpc.php HTTP/1.1" 200 236 "-" "Mozilla/5.0 (Windows NT 10.0; Win64; x64) AppleWebKit/537.36 (KHTML, like Gecko) Chrome/80.0.3987.149 Safari/537.36"
152.67.87.3 - - [16/Apr/2025:14:02:44 -0400] "POST /wp-login.php HTTP/1.1" 200 0 "christianmantopoulos.com/wp-login.php" "Mozilla/5.0 (Windows NT 10.0; Win64; x64) AppleWebKit/537.36 (KHTML, like Gecko) Chrome/134.0.0.0 Safari/537.36"
152.67.87.3 - - [16/Apr/2025:14:02:59 -0400] "POST /wp-login.php HTTP/1.1" 200 0 "christianmantopoulos.com/wp-login.php" "Mozilla/5.0 (Windows NT 10.0; Win64; x64) AppleWebKit/537.36 (KHTML, like Gecko) Chrome/134.0.0.0 Safari/537.36"
152.67.87.3 - - [16/Apr/2025:14:03:14 -0400] "POST /wp-login.php HTTP/1.1" 200 0 "christianmantopoulos.com/wp-login.php" "Mozilla/5.0 (Windows NT 10.0; Win64; x64) AppleWebKit/537.36 (KHTML, like Gecko) Chrome/134.0.0.0 Safari/537.36"
152.67.87.3 - - [16/Apr/2025:14:03:29 -0400] "POST /wp-login.php HTTP/1.1" 200 0 "christianmantopoulos.com/wp-login.php" "Mozilla/5.0 (Windows NT 10.0; Win64; x64) AppleWebKit/537.36 (KHTML, like Gecko) Chrome/134.0.0.0 Safari/537.36"
152.67.87.3 - - [16/Apr/2025:14:03:44 -0400] "POST /wp-login.php HTTP/1.1" 200 0 "christianmantopoulos.com/wp-login.php" "Mozilla/5.0 (Windows NT 10.0; Win64; x64) AppleWebKit/537.36 (KHTML, like Gecko) Chrome/134.0.0.0 Safari/537.36"
152.67.87.3 - - [16/Apr/2025:14:03:58 -0400] "POST /wp-login.php HTTP/1.1" 200 0 "christianmantopoulos.com/wp-login.php" "Mozilla/5.0 (Windows NT 10.0; Win64; x64) AppleWebKit/537.36 (KHTML, like Gecko) Chrome/134.0.0.0 Safari/537.36"
152.67.87.3 - - [16/Apr/2025:14:04:15 -0400] "POST /wp-login.php HTTP/1.1" 200 0 "christianmantopoulos.com/wp-login.php" "Mozilla/5.0 (Windows NT 10.0; Win64; x64) AppleWebKit/537.36 (KHTML, like Gecko) Chrome/134.0.0.0 Safari/537.36"
152.67.87.3 - - [16/Apr/2025:14:04:29 -0400] "POST /wp-login.php HTTP/1.1" 200 0 "christianmantopoulos.com/wp-login.php" "Mozilla/5.0 (Windows NT 10.0; Win64; x64) AppleWebKit/537.36 (KHTML, like Gecko) Chrome/134.0.0.0 Safari/537.36"
134.90.137.88 - - [16/Apr/2025:14:04:45 -0400] "POST /xmlrpc.php HTTP/1.1" 200 212 "-" "Mozilla/5.0 (Windows NT 10.0; Win64; x64; rv:91.0) Gecko/20100101 Firefox/91.0"
152.67.87.3 - - [16/Apr/2025:14:04:42 -0400] "POST /wp-login.php HTTP/1.1" 200 0 "christianmantopoulos.com/wp-login.php" "Mozilla/5.0 (Windows NT 10.0; Win64; x64) AppleWebKit/537.36 (KHTML, like Gecko) Chrome/134.0.0.0 Safari/537.36"
152.67.87.3 - - [16/Apr/2025:14:04:57 -0400] "POST /wp-login.php HTTP/1.1" 200 0 "christianmantopoulos.com/wp-login.php" "Mozilla/5.0 (Windows NT 10.0; Win64; x64) AppleWebKit/537.36 (KHTML, like Gecko) Chrome/134.0.0.0 Safari/537.36"
152.67.87.3 - - [16/Apr/2025:14:05:13 -0400] "POST /wp-login.php HTTP/1.1" 200 0 "christianmantopoulos.com/wp-login.php" "Mozilla/5.0 (Windows NT 10.0; Win64; x64) AppleWebKit/537.36 (KHTML, like Gecko) Chrome/134.0.0.0 Safari/537.36"
152.67.87.3 - - [16/Apr/2025:14:05:29 -0400] "POST /wp-login.php HTTP/1.1" 200 0 "christianmantopoulos.com/wp-login.php" "Mozilla/5.0 (Windows NT 10.0; Win64; x64) AppleWebKit/537.36 (KHTML, like Gecko) Chrome/134.0.0.0 Safari/537.36"
152.67.87.3 - - [16/Apr/2025:14:05:45 -0400] "POST /wp-login.php HTTP/1.1" 200 0 "christianmantopoulos.com/wp-login.php" "Mozilla/5.0 (Windows NT 10.0; Win64; x64) AppleWebKit/537.36 (KHTML, like Gecko) Chrome/134.0.0.0 Safari/537.36"
152.67.87.3 - - [16/Apr/2025:14:06:01 -0400] "POST /wp-login.php HTTP/1.1" 200 0 "christianmantopoulos.com/wp-login.php" "Mozilla/5.0 (Windows NT 10.0; Win64; x64) AppleWebKit/537.36 (KHTML, like Gecko) Chrome/134.0.0.0 Safari/537.36"
152.67.87.3 - - [16/Apr/2025:14:06:15 -0400] "POST /wp-login.php HTTP/1.1" 200 0 "christianmantopoulos.com/wp-login.php" "Mozilla/5.0 (Windows NT 10.0; Win64; x64) AppleWebKit/537.36 (KHTML, like Gecko) Chrome/134.0.0.0 Safari/537.36"
152.67.87.3 - - [16/Apr/2025:14:06:31 -0400] "POST /wp-login.php HTTP/1.1" 200 0 "christianmantopoulos.com/wp-login.php" "Mozilla/5.0 (Windows NT 10.0; Win64; x64) AppleWebKit/537.36 (KHTML, like Gecko) Chrome/134.0.0.0 Safari/537.36"
152.67.87.3 - - [16/Apr/2025:14:06:46 -0400] "POST /wp-login.php HTTP/1.1" 200 0 "christianmantopoulos.com/wp-login.php" "Mozilla/5.0 (Windows NT 10.0; Win64; x64) AppleWebKit/537.36 (KHTML, like Gecko) Chrome/134.0.0.0 Safari/537.36"
152.67.87.3 - - [16/Apr/2025:14:07:02 -0400] "POST /wp-login.php HTTP/1.1" 200 0 "christianmantopoulos.com/wp-login.php" "Mozilla/5.0 (Windows NT 10.0; Win64; x64) AppleWebKit/537.36 (KHTML, like Gecko) Chrome/134.0.0.0 Safari/537.36"
152.67.87.3 - - [16/Apr/2025:14:07:16 -0400] "POST /wp-login.php HTTP/1.1" 200 0 "christianmantopoulos.com/wp-login.php" "Mozilla/5.0 (Windows NT 10.0; Win64; x64) AppleWebKit/537.36 (KHTML, like Gecko) Chrome/134.0.0.0 Safari/537.36"
152.67.87.3 - - [16/Apr/2025:14:07:31 -0400] "POST /wp-login.php HTTP/1.1" 200 0 "christianmantopoulos.com/wp-login.php" "Mozilla/5.0 (Windows NT 10.0; Win64; x64) AppleWebKit/537.36 (KHTML, like Gecko) Chrome/134.0.0.0 Safari/537.36"
152.67.87.3 - - [16/Apr/2025:14:07:47 -0400] "POST /wp-login.php HTTP/1.1" 200 0 "christianmantopoulos.com/wp-login.php" "Mozilla/5.0 (Windows NT 10.0; Win64; x64) AppleWebKit/537.36 (KHTML, like Gecko) Chrome/134.0.0.0 Safari/537.36"
152.67.87.3 - - [16/Apr/2025:14:08:03 -0400] "POST /wp-login.php HTTP/1.1" 200 0 "christianmantopoulos.com/wp-login.php" "Mozilla/5.0 (Windows NT 10.0; Win64; x64) AppleWebKit/537.36 (KHTML, like Gecko) Chrome/134.0.0.0 Safari/537.36"
152.67.87.3 - - [16/Apr/2025:14:08:17 -0400] "POST /wp-login.php HTTP/1.1" 200 0 "christianmantopoulos.com/wp-login.php" "Mozilla/5.0 (Windows NT 10.0; Win64; x64) AppleWebKit/537.36 (KHTML, like Gecko) Chrome/134.0.0.0 Safari/537.36"
152.67.87.3 - - [16/Apr/2025:14:08:32 -0400] "POST /wp-login.php HTTP/1.1" 200 0 "christianmantopoulos.com/wp-login.php" "Mozilla/5.0 (Windows NT 10.0; Win64; x64) AppleWebKit/537.36 (KHTML, like Gecko) Chrome/134.0.0.0 Safari/537.36"
152.67.87.3 - - [16/Apr/2025:14:08:47 -0400] "POST /wp-login.php HTTP/1.1" 200 0 "christianmantopoulos.com/wp-login.php" "Mozilla/5.0 (Windows NT 10.0; Win64; x64) AppleWebKit/537.36 (KHTML, like Gecko) Chrome/134.0.0.0 Safari/537.36"
152.67.87.3 - - [16/Apr/2025:14:09:01 -0400] "POST /wp-login.php HTTP/1.1" 200 0 "christianmantopoulos.com/wp-login.php" "Mozilla/5.0 (Windows NT 10.0; Win64; x64) AppleWebKit/537.36 (KHTML, like Gecko) Chrome/134.0.0.0 Safari/537.36"
152.67.87.3 - - [16/Apr/2025:14:09:16 -0400] "POST /wp-login.php HTTP/1.1" 200 0 "christianmantopoulos.com/wp-login.php" "Mozilla/5.0 (Windows NT 10.0; Win64; x64) AppleWebKit/537.36 (KHTML, like Gecko) Chrome/134.0.0.0 Safari/537.36"
152.67.87.3 - - [16/Apr/2025:14:09:30 -0400] "POST /wp-login.php HTTP/1.1" 200 0 "christianmantopoulos.com/wp-login.php" "Mozilla/5.0 (Windows NT 10.0; Win64; x64) AppleWebKit/537.36 (KHTML, like Gecko) Chrome/134.0.0.0 Safari/537.36"
152.67.87.3 - - [16/Apr/2025:14:09:44 -0400] "POST /wp-login.php HTTP/1.1" 200 0 "christianmantopoulos.com/wp-login.php" "Mozilla/5.0 (Windows NT 10.0; Win64; x64) AppleWebKit/537.36 (KHTML, like Gecko) Chrome/134.0.0.0 Safari/537.36"
152.67.87.3 - - [16/Apr/2025:14:10:00 -0400] "POST /wp-login.php HTTP/1.1" 200 0 "christianmantopoulos.com/wp-login.php" "Mozilla/5.0 (Windows NT 10.0; Win64; x64) AppleWebKit/537.36 (KHTML, like Gecko) Chrome/134.0.0.0 Safari/537.36"
152.67.87.3 - - [16/Apr/2025:14:10:18 -0400] "POST /wp-login.php HTTP/1.1" 200 0 "christianmantopoulos.com/wp-login.php" "Mozilla/5.0 (Windows NT 10.0; Win64; x64) AppleWebKit/537.36 (KHTML, like Gecko) Chrome/134.0.0.0 Safari/537.36"
152.67.87.3 - - [16/Apr/2025:14:10:27 -0400] "POST /wp-login.php HTTP/1.1" 200 0 "christianmantopoulos.com/wp-login.php" "Mozilla/5.0 (Windows NT 10.0; Win64; x64) AppleWebKit/537.36 (KHTML, like Gecko) Chrome/134.0.0.0 Safari/537.36"
152.67.87.3 - - [16/Apr/2025:14:10:46 -0400] "POST /wp-login.php HTTP/1.1" 200 0 "christianmantopoulos.com/wp-login.php" "Mozilla/5.0 (Windows NT 10.0; Win64; x64) AppleWebKit/537.36 (KHTML, like Gecko) Chrome/134.0.0.0 Safari/537.36"
152.67.87.3 - - [16/Apr/2025:14:11:01 -0400] "POST /wp-login.php HTTP/1.1" 200 0 "christianmantopoulos.com/wp-login.php" "Mozilla/5.0 (Windows NT 10.0; Win64; x64) AppleWebKit/537.36 (KHTML, like Gecko) Chrome/134.0.0.0 Safari/537.36"
152.67.87.3 - - [16/Apr/2025:14:11:14 -0400] "POST /wp-login.php HTTP/1.1" 200 0 "christianmantopoulos.com/wp-login.php" "Mozilla/5.0 (Windows NT 10.0; Win64; x64) AppleWebKit/537.36 (KHTML, like Gecko) Chrome/134.0.0.0 Safari/537.36"
212.55.193.47 - - [16/Apr/2025:14:11:29 -0400] "POST /xmlrpc.php HTTP/1.1" 200 212 "-" "Mozilla/5.0 (Windows NT 10.0; Win64; x64; rv:79.0) Gecko/20100101 Firefox/79.0"
152.67.87.3 - - [16/Apr/2025:14:11:29 -0400] "POST /wp-login.php HTTP/1.1" 200 0 "christianmantopoulos.com/wp-login.php" "Mozilla/5.0 (Windows NT 10.0; Win64; x64) AppleWebKit/537.36 (KHTML, like Gecko) Chrome/134.0.0.0 Safari/537.36"
152.67.87.3 - - [16/Apr/2025:14:11:44 -0400] "POST /wp-login.php HTTP/1.1" 200 0 "christianmantopoulos.com/wp-login.php" "Mozilla/5.0 (Windows NT 10.0; Win64; x64) AppleWebKit/537.36 (KHTML, like Gecko) Chrome/134.0.0.0 Safari/537.36"
152.67.87.3 - - [16/Apr/2025:14:12:00 -0400] "POST /wp-login.php HTTP/1.1" 200 0 "christianmantopoulos.com/wp-login.php" "Mozilla/5.0 (Windows NT 10.0; Win64; x64) AppleWebKit/537.36 (KHTML, like Gecko) Chrome/134.0.0.0 Safari/537.36"
152.67.87.3 - - [16/Apr/2025:14:12:15 -0400] "POST /wp-login.php HTTP/1.1" 200 0 "christianmantopoulos.com/wp-login.php" "Mozilla/5.0 (Windows NT 10.0; Win64; x64) AppleWebKit/537.36 (KHTML, like Gecko) Chrome/134.0.0.0 Safari/537.36"
152.67.87.3 - - [16/Apr/2025:14:12:28 -0400] "POST /wp-login.php HTTP/1.1" 200 0 "christianmantopoulos.com/wp-login.php" "Mozilla/5.0 (Windows NT 10.0; Win64; x64) AppleWebKit/537.36 (KHTML, like Gecko) Chrome/134.0.0.0 Safari/537.36"
152.67.87.3 - - [16/Apr/2025:14:12:43 -0400] "POST /wp-login.php HTTP/1.1" 200 0 "christianmantopoulos.com/wp-login.php" "Mozilla/5.0 (Windows NT 10.0; Win64; x64) AppleWebKit/537.36 (KHTML, like Gecko) Chrome/134.0.0.0 Safari/537.36"
152.67.87.3 - - [16/Apr/2025:14:12:59 -0400] "POST /wp-login.php HTTP/1.1" 200 0 "christianmantopoulos.com/wp-login.php" "Mozilla/5.0 (Windows NT 10.0; Win64; x64) AppleWebKit/537.36 (KHTML, like Gecko) Chrome/134.0.0.0 Safari/537.36"
152.67.87.3 - - [16/Apr/2025:14:13:15 -0400] "POST /wp-login.php HTTP/1.1" 200 0 "christianmantopoulos.com/wp-login.php" "Mozilla/5.0 (Windows NT 10.0; Win64; x64) AppleWebKit/537.36 (KHTML, like Gecko) Chrome/134.0.0.0 Safari/537.36"
152.67.87.3 - - [16/Apr/2025:14:13:29 -0400] "POST /wp-login.php HTTP/1.1" 200 0 "christianmantopoulos.com/wp-login.php" "Mozilla/5.0 (Windows NT 10.0; Win64; x64) AppleWebKit/537.36 (KHTML, like Gecko) Chrome/134.0.0.0 Safari/537.36"
152.67.87.3 - - [16/Apr/2025:14:13:44 -0400] "POST /wp-login.php HTTP/1.1" 200 0 "christianmantopoulos.com/wp-login.php" "Mozilla/5.0 (Windows NT 10.0; Win64; x64) AppleWebKit/537.36 (KHTML, like Gecko) Chrome/134.0.0.0 Safari/537.36"
152.67.87.3 - - [16/Apr/2025:14:13:58 -0400] "POST /wp-login.php HTTP/1.1" 200 0 "christianmantopoulos.com/wp-login.php" "Mozilla/5.0 (Windows NT 10.0; Win64; x64) AppleWebKit/537.36 (KHTML, like Gecko) Chrome/134.0.0.0 Safari/537.36"
152.67.87.3 - - [16/Apr/2025:14:14:14 -0400] "POST /wp-login.php HTTP/1.1" 200 0 "christianmantopoulos.com/wp-login.php" "Mozilla/5.0 (Windows NT 10.0; Win64; x64) AppleWebKit/537.36 (KHTML, like Gecko) Chrome/134.0.0.0 Safari/537.36"
