66.249.64.2 - - [17/Apr/2025:21:55:12 -0400] "GET /NightSeeker-RGB-Cap-Light/Headlamps-634044/ HTTP/1.1" 404 6820 "-" "Mozilla/5.0 (Linux; Android 6.0.1; Nexus 5X Build/MMB29P) AppleWebKit/537.36 (KHTML, like Gecko) Chrome/135.0.7049.95 Mobile Safari/537.36 (compatible; Googlebot/2.1; +http://www.google.com/bot.html)"
198.54.114.83 - - [17/Apr/2025:21:55:18 -0400] "POST /wp-cron.php?doing_wp_cron=1744941316.1981170177459716796875 HTTP/1.1" 200 0 "-" "WordPress/6.8; https://christianmantopoulos.com"
198.54.114.83 - - [17/Apr/2025:21:58:38 -0400] "POST /wp-cron.php?doing_wp_cron=1744941518.1773850917816162109375 HTTP/1.1" 200 0 "-" "WordPress/6.8; https://christianmantopoulos.com"
66.249.64.3 - - [17/Apr/2025:21:58:38 -0400] "GET /Caliber-Standard-&034;-RAWRED/Trucks-720276/ HTTP/1.1" 404 6820 "-" "Mozilla/5.0 (Linux; Android 6.0.1; Nexus 5X Build/MMB29P) AppleWebKit/537.36 (KHTML, like Gecko) Chrome/135.0.7049.95 Mobile Safari/537.36 (compatible; Googlebot/2.1; +http://www.google.com/bot.html)"
2a05:d014:c2b:100:6d42:da68:7497:2886 - - [17/Apr/2025:21:59:47 -0400] "POST /xmlrpc.php HTTP/1.1" 200 212 "-" "Mozilla/5.0 (Windows NT 10.0; Win64; x64; rv:54.0) Gecko/20100101 Firefox/54.0"
198.54.114.83 - - [17/Apr/2025:21:59:49 -0400] "POST /wp-cron.php?doing_wp_cron=1744941587.7238180637359619140625 HTTP/1.1" 200 0 "-" "WordPress/6.8; https://christianmantopoulos.com"
198.54.114.83 - - [17/Apr/2025:22:02:25 -0400] "POST /wp-cron.php?doing_wp_cron=1744941744.8141639232635498046875 HTTP/1.1" 200 0 "-" "WordPress/6.8; https://christianmantopoulos.com"
66.249.64.12 - - [17/Apr/2025:22:02:21 -0400] "GET /Ride-Spark-Black/Boots-808861/ HTTP/1.1" 404 6819 "-" "Mozilla/5.0 (Linux; Android 6.0.1; Nexus 5X Build/MMB29P) AppleWebKit/537.36 (KHTML, like Gecko) Chrome/135.0.7049.95 Mobile Safari/537.36 (compatible; Googlebot/2.1; +http://www.google.com/bot.html)"
42.192.43.200 - - [17/Apr/2025:22:06:04 -0400] "GET / HTTP/1.1" 200 97713 "-" "Mozilla/4.0 (compatible; MSIE 7.0; Windows NT 6.3; WOW64; Trident/7.0; .NET4.0E; .NET4.0C; .NET CLR 3.5.30729; .NET CLR 2.0.50727; .NET CLR 3.0.30729)"
198.54.114.83 - - [17/Apr/2025:22:06:07 -0400] "POST /wp-cron.php?doing_wp_cron=1744941966.7418661117553710937500 HTTP/1.1" 200 0 "-" "WordPress/6.8; https://christianmantopoulos.com"
66.249.64.11 - - [17/Apr/2025:22:06:06 -0400] "GET /318mm-Bicycle-Bar-X7R-Carbon-Fiber/Handlebars-126093/ HTTP/1.1" 404 6820 "-" "Mozilla/5.0 (Linux; Android 6.0.1; Nexus 5X Build/MMB29P) AppleWebKit/537.36 (KHTML, like Gecko) Chrome/135.0.7049.95 Mobile Safari/537.36 (compatible; Googlebot/2.1; +http://www.google.com/bot.html)"
198.54.114.83 - - [17/Apr/2025:22:06:59 -0400] "POST /wp-cron.php?doing_wp_cron=1744942018.9308331012725830078125 HTTP/1.1" 200 0 "-" "WordPress/6.8; https://christianmantopoulos.com"
91.226.10.36 - - [17/Apr/2025:22:06:58 -0400] "POST /xmlrpc.php HTTP/1.1" 200 212 "-" "Mozilla/5.0 (Windows NT 10.0; Win64; x64; rv:94.0) Gecko/20100101 Firefox/94.0"
128.199.43.36 - - [17/Apr/2025:22:08:22 -0400] "POST /xmlrpc.php HTTP/1.1" 200 212 "-" "Mozilla/5.0 (Windows NT 10.0; Win64; x64; rv:42.0) Gecko/20100101 Firefox/42.0"
198.54.114.83 - - [17/Apr/2025:22:09:51 -0400] "POST /wp-cron.php?doing_wp_cron=1744942190.8409938812255859375000 HTTP/1.1" 200 0 "-" "WordPress/6.8; https://christianmantopoulos.com"
66.249.64.12 - - [17/Apr/2025:22:09:50 -0400] "GET /Illuminated-Tactical-x32EG-Riflescope/Nocks-577329/ HTTP/1.1" 404 6820 "-" "Mozilla/5.0 (Linux; Android 6.0.1; Nexus 5X Build/MMB29P) AppleWebKit/537.36 (KHTML, like Gecko) Chrome/135.0.7049.95 Mobile Safari/537.36 (compatible; Googlebot/2.1; +http://www.google.com/bot.html)"
198.54.114.83 - - [17/Apr/2025:22:13:35 -0400] "POST /wp-cron.php?doing_wp_cron=1744942414.8716199398040771484375 HTTP/1.1" 200 0 "-" "WordPress/6.8; https://christianmantopoulos.com"
66.249.64.12 - - [17/Apr/2025:22:13:34 -0400] "GET /For-mm-Rail-Mount-Hunting-x32/Rifle-Scopes-530666/ HTTP/1.1" 404 6820 "-" "Mozilla/5.0 (Linux; Android 6.0.1; Nexus 5X Build/MMB29P) AppleWebKit/537.36 (KHTML, like Gecko) Chrome/135.0.7049.95 Mobile Safari/537.36 (compatible; Googlebot/2.1; +http://www.google.com/bot.html)"
198.54.114.83 - - [17/Apr/2025:22:17:20 -0400] "POST /wp-cron.php?doing_wp_cron=1744942639.9071760177612304687500 HTTP/1.1" 200 0 "-" "WordPress/6.8; https://christianmantopoulos.com"
66.249.64.1 - - [17/Apr/2025:22:17:19 -0400] "GET /Insulated-Softshell-Jacket-NWT-Field-&/Coats-&-Jackets-466061/ HTTP/1.1" 404 6820 "-" "Mozilla/5.0 (Linux; Android 6.0.1; Nexus 5X Build/MMB29P) AppleWebKit/537.36 (KHTML, like Gecko) Chrome/135.0.7049.95 Mobile Safari/537.36 (compatible; Googlebot/2.1; +http://www.google.com/bot.html)"
198.54.114.83 - - [17/Apr/2025:22:20:12 -0400] "POST /wp-cron.php?doing_wp_cron=1744942811.5604660511016845703125 HTTP/1.1" 200 0 "-" "WordPress/6.8; https://christianmantopoulos.com"
103.124.94.102 - - [17/Apr/2025:22:20:07 -0400] "POST /xmlrpc.php HTTP/1.1" 200 212 "-" "Mozilla/5.0 (Windows NT 10.0; Win64; x64; rv:90.0) Gecko/20100101 Firefox/90.0"
198.54.114.83 - - [17/Apr/2025:22:21:05 -0400] "POST /wp-cron.php?doing_wp_cron=1744942864.7385609149932861328125 HTTP/1.1" 200 0 "-" "WordPress/6.8; https://christianmantopoulos.com"
66.249.64.1 - - [17/Apr/2025:22:21:04 -0400] "GET /&034;-oz-Lure-MEGABASS-BaitX/Crankbaits-264342/ HTTP/1.1" 404 6820 "-" "Mozilla/5.0 (Linux; Android 6.0.1; Nexus 5X Build/MMB29P) AppleWebKit/537.36 (KHTML, like Gecko) Chrome/135.0.7049.95 Mobile Safari/537.36 (compatible; Googlebot/2.1; +http://www.google.com/bot.html)"
66.249.64.13 - - [17/Apr/2025:22:24:49 -0400] "GET /I0D-P0S-Clamp-I7V-MultiFunction-K/Other-Camping-&-Hiking-651307/ HTTP/1.1" 404 6820 "-" "Mozilla/5.0 (Linux; Android 6.0.1; Nexus 5X Build/MMB29P) AppleWebKit/537.36 (KHTML, like Gecko) Chrome/135.0.7049.95 Mobile Safari/537.36 (compatible; Googlebot/2.1; +http://www.google.com/bot.html)"
46.148.206.226 - - [17/Apr/2025:22:24:56 -0400] "GET /how-to-win-at-gas-station-slots/ HTTP/1.1" 200 11715 "http://christianmantopoulos.com/how-to-win-at-gas-station-slots/" "Mozilla/5.0 (Windows NT 10.0; Win64; x64) AppleWebKit/537.36 (KHTML, like Gecko) Chrome/131.0.0.0 Safari/537.36 Avast/131.0.0.0"
46.148.206.226 - - [17/Apr/2025:22:24:58 -0400] "GET /wp-login.php?action=register HTTP/1.1" 302 0 "http://christianmantopoulos.com/wp-login.php?action=register" "Mozilla/5.0 (Windows NT 10.0; Win64; x64) AppleWebKit/537.36 (KHTML, like Gecko) Chrome/131.0.0.0 Safari/537.36 Avast/131.0.0.0"
198.54.114.83 - - [17/Apr/2025:22:28:36 -0400] "POST /wp-cron.php?doing_wp_cron=1744943315.4305241107940673828125 HTTP/1.1" 200 0 "-" "WordPress/6.8; https://christianmantopoulos.com"
66.249.64.13 - - [17/Apr/2025:22:28:35 -0400] "GET /Skid-proof-Band-pcs-Tennis-Overgrip/Grips-781386/ HTTP/1.1" 404 6820 "-" "Mozilla/5.0 (Linux; Android 6.0.1; Nexus 5X Build/MMB29P) AppleWebKit/537.36 (KHTML, like Gecko) Chrome/135.0.7049.95 Mobile Safari/537.36 (compatible; Googlebot/2.1; +http://www.google.com/bot.html)"
89.107.187.42 - - [17/Apr/2025:22:30:09 -0400] "POST /xmlrpc.php HTTP/1.1" 200 212 "-" "Mozilla/5.0 (Windows NT 10.0; Win64; x64; rv:51.0) Gecko/20100101 Firefox/51.0"
198.54.114.83 - - [17/Apr/2025:22:30:12 -0400] "POST /wp-cron.php?doing_wp_cron=1744943410.5227589607238769531250 HTTP/1.1" 200 0 "-" "WordPress/6.8; https://christianmantopoulos.com"
198.54.114.83 - - [17/Apr/2025:22:32:23 -0400] "POST /wp-cron.php?doing_wp_cron=1744943541.5894980430603027343750 HTTP/1.1" 200 0 "-" "WordPress/6.8; https://christianmantopoulos.com"
66.249.64.2 - - [17/Apr/2025:22:32:17 -0400] "GET /Mount-Minnesota-Whitetail/Large-Animals-546156/ HTTP/1.1" 404 6820 "-" "Mozilla/5.0 (Linux; Android 6.0.1; Nexus 5X Build/MMB29P) AppleWebKit/537.36 (KHTML, like Gecko) Chrome/135.0.7049.95 Mobile Safari/537.36 (compatible; Googlebot/2.1; +http://www.google.com/bot.html)"
198.54.114.83 - - [17/Apr/2025:22:36:07 -0400] "POST /wp-cron.php?doing_wp_cron=1744943765.1006770133972167968750 HTTP/1.1" 200 0 "-" "WordPress/6.8; https://christianmantopoulos.com"
66.249.64.3 - - [17/Apr/2025:22:36:04 -0400] "GET /Tool-Gold-Crank/Tools-179781/ HTTP/1.1" 404 6820 "-" "Mozilla/5.0 (Linux; Android 6.0.1; Nexus 5X Build/MMB29P) AppleWebKit/537.36 (KHTML, like Gecko) Chrome/135.0.7049.95 Mobile Safari/537.36 (compatible; Googlebot/2.1; +http://www.google.com/bot.html)"
66.249.64.13 - - [17/Apr/2025:22:39:46 -0400] "GET /targets-Spot-Law/Targets-519069/ HTTP/1.1" 404 6821 "-" "Mozilla/5.0 (Linux; Android 6.0.1; Nexus 5X Build/MMB29P) AppleWebKit/537.36 (KHTML, like Gecko) Chrome/135.0.7049.95 Mobile Safari/537.36 (compatible; Googlebot/2.1; +http://www.google.com/bot.html)"
66.249.64.13 - - [17/Apr/2025:22:43:33 -0400] "GET /super-record-crank-blue-Brand-New/Jerseys-219845/ HTTP/1.1" 404 6820 "-" "Mozilla/5.0 (Linux; Android 6.0.1; Nexus 5X Build/MMB29P) AppleWebKit/537.36 (KHTML, like Gecko) Chrome/135.0.7049.95 Mobile Safari/537.36 (compatible; Googlebot/2.1; +http://www.google.com/bot.html)"
198.54.114.83 - - [17/Apr/2025:22:43:35 -0400] "POST /wp-cron.php?doing_wp_cron=1744944213.3799951076507568359375 HTTP/1.1" 200 0 "-" "WordPress/6.8; https://christianmantopoulos.com"
196.251.86.53 - - [17/Apr/2025:22:44:51 -0400] "GET / HTTP/1.1" 200 97713 "-" "-"
198.54.114.83 - - [17/Apr/2025:22:47:21 -0400] "POST /wp-cron.php?doing_wp_cron=1744944440.4667239189147949218750 HTTP/1.1" 200 0 "-" "WordPress/6.8; https://christianmantopoulos.com"
66.249.64.2 - - [17/Apr/2025:22:47:16 -0400] "GET /Unit-Shimano-NOS-Bicycle-Ultegra/Vintage-Bicycle-Parts-240053/ HTTP/1.1" 404 6820 "-" "Mozilla/5.0 (Linux; Android 6.0.1; Nexus 5X Build/MMB29P) AppleWebKit/537.36 (KHTML, like Gecko) Chrome/135.0.7049.95 Mobile Safari/537.36 (compatible; Googlebot/2.1; +http://www.google.com/bot.html)"
51.178.251.196 - - [17/Apr/2025:22:49:37 -0400] "POST /xmlrpc.php HTTP/1.1" 200 212 "-" "Mozilla/5.0 (Windows NT 10.0; Win64; x64; rv:78.0) Gecko/20100101 Firefox/78.0"
198.54.114.83 - - [17/Apr/2025:22:49:39 -0400] "POST /wp-cron.php?doing_wp_cron=1744944577.6740260124206542968750 HTTP/1.1" 200 0 "-" "WordPress/6.8; https://christianmantopoulos.com"
66.249.64.3 - - [17/Apr/2025:22:51:02 -0400] "GET /BNWT-Australian-Wallabies-Mens/Jerseys-729409/ HTTP/1.1" 404 6820 "-" "Mozilla/5.0 (Linux; Android 6.0.1; Nexus 5X Build/MMB29P) AppleWebKit/537.36 (KHTML, like Gecko) Chrome/135.0.7049.95 Mobile Safari/537.36 (compatible; Googlebot/2.1; +http://www.google.com/bot.html)"
198.54.114.83 - - [17/Apr/2025:22:51:05 -0400] "POST /wp-cron.php?doing_wp_cron=1744944662.8980600833892822265625 HTTP/1.1" 200 0 "-" "WordPress/6.8; https://christianmantopoulos.com"
194.76.37.111 - - [17/Apr/2025:22:53:05 -0400] "POST /xmlrpc.php HTTP/1.1" 200 212 "-" "Mozilla/5.0 (Windows NT 10.0; Win64; x64; rv:41.0) Gecko/20100101 Firefox/41.0"
66.249.64.2 - - [17/Apr/2025:22:54:45 -0400] "GET /Evergreen-Treble-Hooks-Treble/Hooks-383953/ HTTP/1.1" 404 6820 "-" "Mozilla/5.0 (Linux; Android 6.0.1; Nexus 5X Build/MMB29P) AppleWebKit/537.36 (KHTML, like Gecko) Chrome/135.0.7049.95 Mobile Safari/537.36 (compatible; Googlebot/2.1; +http://www.google.com/bot.html)"
66.249.64.3 - - [17/Apr/2025:22:58:29 -0400] "GET /Blackhawk-Sportster%E2%84%A2-SinglePoint-Sling/Slings-&-Swivels-517991/ HTTP/1.1" 404 6820 "-" "Mozilla/5.0 (Linux; Android 6.0.1; Nexus 5X Build/MMB29P) AppleWebKit/537.36 (KHTML, like Gecko) Chrome/135.0.7049.95 Mobile Safari/537.36 (compatible; Googlebot/2.1; +http://www.google.com/bot.html)"
198.54.114.83 - - [17/Apr/2025:22:58:31 -0400] "POST /wp-cron.php?doing_wp_cron=1744945109.5458519458770751953125 HTTP/1.1" 200 0 "-" "WordPress/6.8; https://christianmantopoulos.com"
2a02:4780:2d:914e::1 - - [17/Apr/2025:23:00:36 -0400] "POST /xmlrpc.php HTTP/1.1" 200 212 "-" "Mozilla/5.0 (Windows NT 10.0; Win64; x64; rv:84.0) Gecko/20100101 Firefox/84.0"
66.249.64.12 - - [17/Apr/2025:23:02:14 -0400] "GET /Purple-GIBBON-Slacklines-STICKER-Decal/Other-Outdoor-Sports-701684/ HTTP/1.1" 404 6820 "-" "Mozilla/5.0 (Linux; Android 6.0.1; Nexus 5X Build/MMB29P) AppleWebKit/537.36 (KHTML, like Gecko) Chrome/135.0.7049.95 Mobile Safari/537.36 (compatible; Googlebot/2.1; +http://www.google.com/bot.html)"
66.249.64.13 - - [17/Apr/2025:23:06:02 -0400] "GET /100mm-g-pacific-saur-Timuko-TIEMCO-minnow/Crankbaits-269854/ HTTP/1.1" 404 6820 "-" "Mozilla/5.0 (Linux; Android 6.0.1; Nexus 5X Build/MMB29P) AppleWebKit/537.36 (KHTML, like Gecko) Chrome/135.0.7049.95 Mobile Safari/537.36 (compatible; Googlebot/2.1; +http://www.google.com/bot.html)"
198.54.114.83 - - [17/Apr/2025:23:06:12 -0400] "POST /wp-cron.php?doing_wp_cron=1744945566.0644919872283935546875 HTTP/1.1" 200 0 "-" "WordPress/6.8; https://christianmantopoulos.com"
2001:41d0:8:eb83::1 - - [17/Apr/2025:23:07:57 -0400] "POST /xmlrpc.php HTTP/1.1" 200 212 "-" "Mozilla/5.0 (Windows NT 10.0; Win64; x64; rv:53.0) Gecko/20100101 Firefox/53.0"
198.54.114.83 - - [17/Apr/2025:23:08:01 -0400] "POST /wp-cron.php?doing_wp_cron=1744945677.8730490207672119140625 HTTP/1.1" 200 0 "-" "WordPress/6.8; https://christianmantopoulos.com"
66.249.64.2 - - [17/Apr/2025:23:09:45 -0400] "GET /Running-Butt-Training-Fitness-Pcs-Sport/Wrist-&-Ankle-Weights-459064/ HTTP/1.1" 404 6820 "-" "Mozilla/5.0 (Linux; Android 6.0.1; Nexus 5X Build/MMB29P) AppleWebKit/537.36 (KHTML, like Gecko) Chrome/135.0.7049.95 Mobile Safari/537.36 (compatible; Googlebot/2.1; +http://www.google.com/bot.html)"
198.54.114.83 - - [17/Apr/2025:23:09:52 -0400] "POST /wp-cron.php?doing_wp_cron=1744945788.7162780761718750000000 HTTP/1.1" 200 0 "-" "WordPress/6.8; https://christianmantopoulos.com"
66.249.64.2 - - [17/Apr/2025:23:13:29 -0400] "GET /lb-pairs-Neoprene-Series/Dumbbells-449611/ HTTP/1.1" 404 6820 "-" "Mozilla/5.0 (Linux; Android 6.0.1; Nexus 5X Build/MMB29P) AppleWebKit/537.36 (KHTML, like Gecko) Chrome/135.0.7049.95 Mobile Safari/537.36 (compatible; Googlebot/2.1; +http://www.google.com/bot.html)"
198.54.114.83 - - [17/Apr/2025:23:13:34 -0400] "POST /wp-cron.php?doing_wp_cron=1744946012.4333579540252685546875 HTTP/1.1" 200 0 "-" "WordPress/6.8; https://christianmantopoulos.com"
198.54.114.83 - - [17/Apr/2025:23:17:15 -0400] "POST /wp-cron.php?doing_wp_cron=1744946233.2742230892181396484375 HTTP/1.1" 200 0 "-" "WordPress/6.8; https://christianmantopoulos.com"
66.249.64.11 - - [17/Apr/2025:23:17:12 -0400] "GET /BASSPike-River2Sea-Dahlberg-Clackin&039;-Crayfish/Soft-Plastics-302501/ HTTP/1.1" 404 6820 "-" "Mozilla/5.0 (Linux; Android 6.0.1; Nexus 5X Build/MMB29P) AppleWebKit/537.36 (KHTML, like Gecko) Chrome/135.0.7049.95 Mobile Safari/537.36 (compatible; Googlebot/2.1; +http://www.google.com/bot.html)"
31.207.37.40 - - [17/Apr/2025:23:18:03 -0400] "POST /xmlrpc.php HTTP/1.1" 200 212 "-" "Mozilla/5.0 (Windows NT 10.0; Win64; x64; rv:62.0) Gecko/20100101 Firefox/62.0"
198.54.114.83 - - [17/Apr/2025:23:18:05 -0400] "POST /wp-cron.php?doing_wp_cron=1744946283.6068549156188964843750 HTTP/1.1" 200 0 "-" "WordPress/6.8; https://christianmantopoulos.com"
216.244.66.234 - - [17/Apr/2025:23:18:32 -0400] "GET /robots.txt HTTP/1.1" 200 118 "-" "Mozilla/5.0 (compatible; DotBot/1.2; +https://opensiteexplorer.org/dotbot; help@moz.com)"
66.249.64.12 - - [17/Apr/2025:23:20:56 -0400] "GET /BaldrRL-Red-Dot/Flashlights-621045/ HTTP/1.1" 404 6820 "-" "Mozilla/5.0 (Linux; Android 6.0.1; Nexus 5X Build/MMB29P) AppleWebKit/537.36 (KHTML, like Gecko) Chrome/135.0.7049.95 Mobile Safari/537.36 (compatible; Googlebot/2.1; +http://www.google.com/bot.html)"
198.54.114.83 - - [17/Apr/2025:23:21:02 -0400] "POST /wp-cron.php?doing_wp_cron=1744946460.7649509906768798828125 HTTP/1.1" 200 0 "-" "WordPress/6.8; https://christianmantopoulos.com"
66.249.64.2 - - [17/Apr/2025:23:24:41 -0400] "GET /Cycling-Jersey-Cycling-Short-Sleeve/Jerseys-219745/ HTTP/1.1" 404 6820 "-" "Mozilla/5.0 (Linux; Android 6.0.1; Nexus 5X Build/MMB29P) AppleWebKit/537.36 (KHTML, like Gecko) Chrome/135.0.7049.95 Mobile Safari/537.36 (compatible; Googlebot/2.1; +http://www.google.com/bot.html)"
198.54.114.83 - - [17/Apr/2025:23:24:46 -0400] "POST /wp-cron.php?doing_wp_cron=1744946684.3137741088867187500000 HTTP/1.1" 200 0 "-" "WordPress/6.8; https://christianmantopoulos.com"
198.54.114.83 - - [17/Apr/2025:23:26:05 -0400] "POST /wp-cron.php?doing_wp_cron=1744946763.3633680343627929687500 HTTP/1.1" 200 0 "-" "WordPress/6.8; https://christianmantopoulos.com"
35.199.188.174 - - [17/Apr/2025:23:26:02 -0400] "POST /xmlrpc.php HTTP/1.1" 200 212 "-" "Mozilla/5.0 (Windows NT 10.0; Win64; x64; rv:45.0) Gecko/20100101 Firefox/45.0"
66.249.64.3 - - [17/Apr/2025:23:28:28 -0400] "GET /Stabilizer-Hunting-Target-Archery-Compound-Bow/Compound-580104/ HTTP/1.1" 404 6820 "-" "Mozilla/5.0 (Linux; Android 6.0.1; Nexus 5X Build/MMB29P) AppleWebKit/537.36 (KHTML, like Gecko) Chrome/135.0.7049.95 Mobile Safari/537.36 (compatible; Googlebot/2.1; +http://www.google.com/bot.html)"
198.54.114.83 - - [17/Apr/2025:23:28:34 -0400] "POST /wp-cron.php?doing_wp_cron=1744946909.8313350677490234375000 HTTP/1.1" 200 0 "-" "WordPress/6.8; https://christianmantopoulos.com"
24.199.106.26 - - [17/Apr/2025:23:31:44 -0400] "POST /xmlrpc.php HTTP/1.1" 200 212 "-" "Mozilla/5.0 (Windows NT 10.0; Win64; x64; rv:87.0) Gecko/20100101 Firefox/87.0"
216.244.66.234 - - [17/Apr/2025:23:31:43 -0400] "GET /filippinskie-moshenniki/ HTTP/1.1" 404 6820 "-" "Mozilla/5.0 (compatible; DotBot/1.2; +https://opensiteexplorer.org/dotbot; help@moz.com)"
198.54.114.83 - - [17/Apr/2025:23:31:46 -0400] "POST /wp-cron.php?doing_wp_cron=1744947103.9843609333038330078125 HTTP/1.1" 200 0 "-" "WordPress/6.8; https://christianmantopoulos.com"
66.249.64.11 - - [17/Apr/2025:23:32:10 -0400] "GET /Cycling-Shoes-Black-SHRX-US/Mens-Cycling-Shoes-227316/ HTTP/1.1" 404 6820 "-" "Mozilla/5.0 (Linux; Android 6.0.1; Nexus 5X Build/MMB29P) AppleWebKit/537.36 (KHTML, like Gecko) Chrome/135.0.7049.95 Mobile Safari/537.36 (compatible; Googlebot/2.1; +http://www.google.com/bot.html)"
66.249.64.12 - - [17/Apr/2025:23:35:54 -0400] "GET /Retro-Puch-Campagnolo/Jerseys-219001/ HTTP/1.1" 404 6820 "-" "Mozilla/5.0 (Linux; Android 6.0.1; Nexus 5X Build/MMB29P) AppleWebKit/537.36 (KHTML, like Gecko) Chrome/135.0.7049.95 Mobile Safari/537.36 (compatible; Googlebot/2.1; +http://www.google.com/bot.html)"
198.54.114.83 - - [17/Apr/2025:23:39:40 -0400] "POST /wp-cron.php?doing_wp_cron=1744947578.9206230640411376953125 HTTP/1.1" 200 0 "-" "WordPress/6.8; https://christianmantopoulos.com"
66.249.64.1 - - [17/Apr/2025:23:39:38 -0400] "GET /US-BlackWhite-New-Mavic-Women&039;s/Womens-Cycling-Shoes-228985/ HTTP/1.1" 404 6820 "-" "Mozilla/5.0 (Linux; Android 6.0.1; Nexus 5X Build/MMB29P) AppleWebKit/537.36 (KHTML, like Gecko) Chrome/135.0.7049.95 Mobile Safari/537.36 (compatible; Googlebot/2.1; +http://www.google.com/bot.html)"
198.54.114.83 - - [17/Apr/2025:23:43:25 -0400] "POST /wp-cron.php?doing_wp_cron=1744947803.9969398975372314453125 HTTP/1.1" 200 0 "-" "WordPress/6.8; https://christianmantopoulos.com"
66.249.64.1 - - [17/Apr/2025:23:43:23 -0400] "GET /Garcia-Ambassadeur/Reels-354906/ HTTP/1.1" 404 6820 "-" "Mozilla/5.0 (Linux; Android 6.0.1; Nexus 5X Build/MMB29P) AppleWebKit/537.36 (KHTML, like Gecko) Chrome/135.0.7049.95 Mobile Safari/537.36 (compatible; Googlebot/2.1; +http://www.google.com/bot.html)"
185.127.134.97 - - [17/Apr/2025:23:45:12 -0400] "POST /xmlrpc.php HTTP/1.1" 200 212 "-" "Mozilla/5.0 (Windows NT 10.0; Win64; x64; rv:66.0) Gecko/20100101 Firefox/66.0"
198.54.114.83 - - [17/Apr/2025:23:47:12 -0400] "POST /wp-cron.php?doing_wp_cron=1744948031.9364490509033203125000 HTTP/1.1" 200 0 "-" "WordPress/6.8; https://christianmantopoulos.com"
66.249.64.13 - - [17/Apr/2025:23:47:07 -0400] "GET /baits-bass-Hook-NEW-pc-Fishing/Crankbaits-260634/ HTTP/1.1" 404 6820 "-" "Mozilla/5.0 (Linux; Android 6.0.1; Nexus 5X Build/MMB29P) AppleWebKit/537.36 (KHTML, like Gecko) Chrome/135.0.7049.95 Mobile Safari/537.36 (compatible; Googlebot/2.1; +http://www.google.com/bot.html)"
62.113.113.162 - - [17/Apr/2025:23:49:04 -0400] "GET /how-to-win-at-gas-station-slots/ HTTP/1.1" 200 11715 "http://christianmantopoulos.com/how-to-win-at-gas-station-slots/" "Mozilla/5.0 (Windows NT 10.0; Win64; x64) AppleWebKit/537.36 (KHTML, like Gecko) Chrome/131.0.0.0 Safari/537.36"
198.54.114.83 - - [17/Apr/2025:23:49:09 -0400] "POST /wp-cron.php?doing_wp_cron=1744948148.2161700725555419921875 HTTP/1.1" 200 0 "-" "WordPress/6.8; https://christianmantopoulos.com"
62.113.113.162 - - [17/Apr/2025:23:49:05 -0400] "POST /wp-comments-post.php HTTP/1.1" 500 2589 "http://christianmantopoulos.com/how-to-win-at-gas-station-slots/" "Mozilla/5.0 (Windows NT 10.0; Win64; x64) AppleWebKit/537.36 (KHTML, like Gecko) Chrome/131.0.0.0 Safari/537.36"
66.249.64.13 - - [17/Apr/2025:23:50:52 -0400] "GET /INNOVAGOODS-STATION-DE-TRACTIONS-ET/Home-Gyms-453907/ HTTP/1.1" 404 6820 "-" "Mozilla/5.0 (Linux; Android 6.0.1; Nexus 5X Build/MMB29P) AppleWebKit/537.36 (KHTML, like Gecko) Chrome/135.0.7049.95 Mobile Safari/537.36 (compatible; Googlebot/2.1; +http://www.google.com/bot.html)"
198.54.114.83 - - [17/Apr/2025:23:51:46 -0400] "POST /wp-cron.php?doing_wp_cron=1744948305.1551620960235595703125 HTTP/1.1" 200 0 "-" "WordPress/6.8; https://christianmantopoulos.com"
34.38.203.42 - - [17/Apr/2025:23:51:44 -0400] "POST /xmlrpc.php HTTP/1.1" 200 212 "-" "Mozilla/5.0 (Windows NT 10.0; Win64; x64; rv:71.0) Gecko/20100101 Firefox/71.0"
66.249.64.13 - - [17/Apr/2025:23:54:37 -0400] "GET /Container-Survival-EDC-Tiartisan-Outdoor-Titanium/Pocket-Multi-Tools-602696/ HTTP/1.1" 404 6820 "-" "Mozilla/5.0 (Linux; Android 6.0.1; Nexus 5X Build/MMB29P) AppleWebKit/537.36 (KHTML, like Gecko) Chrome/135.0.7049.95 Mobile Safari/537.36 (compatible; Googlebot/2.1; +http://www.google.com/bot.html)"
198.54.114.83 - - [17/Apr/2025:23:58:23 -0400] "POST /wp-cron.php?doing_wp_cron=1744948702.0978369712829589843750 HTTP/1.1" 200 0 "-" "WordPress/6.8; https://christianmantopoulos.com"
66.249.64.11 - - [18/Apr/2025:00:01:44 -0400] "GET /Barbed-Full-Blade-pk-MFG-BR-QAD/Points-&-Arrowheads-578596/ HTTP/1.1" 404 6820 "-" "Mozilla/5.0 (Linux; Android 6.0.1; Nexus 5X Build/MMB29P) AppleWebKit/537.36 (KHTML, like Gecko) Chrome/135.0.7049.95 Mobile Safari/537.36 (compatible; Googlebot/2.1; +http://www.google.com/bot.html)"
66.249.64.13 - - [18/Apr/2025:00:02:10 -0400] "GET /Adult-For-Kid-E2D-Inflatable-Boxing/Punching-Bags-21873/ HTTP/1.1" 404 6820 "-" "Mozilla/5.0 (Linux; Android 6.0.1; Nexus 5X Build/MMB29P) AppleWebKit/537.36 (KHTML, like Gecko) Chrome/135.0.7049.95 Mobile Safari/537.36 (compatible; Googlebot/2.1; +http://www.google.com/bot.html)"
66.249.64.11 - - [18/Apr/2025:00:02:36 -0400] "GET /DeMarini-Adult-Women&039;s-Fierce/Baseball-Pants-738796/ HTTP/1.1" 404 6820 "-" "Mozilla/5.0 (Linux; Android 6.0.1; Nexus 5X Build/MMB29P) AppleWebKit/537.36 (KHTML, like Gecko) Chrome/135.0.7049.95 Mobile Safari/537.36 (compatible; Googlebot/2.1; +http://www.google.com/bot.html)"
198.54.114.83 - - [18/Apr/2025:00:02:38 -0400] "POST /wp-cron.php?doing_wp_cron=1744948956.6201300621032714843750 HTTP/1.1" 200 0 "-" "WordPress/6.8; https://christianmantopoulos.com"
66.249.64.13 - - [18/Apr/2025:00:03:03 -0400] "GET /Tuna-Baitfeeder-YOSHIKAWA-Spinning-Reels/Reels-355039/ HTTP/1.1" 404 6821 "-" "Mozilla/5.0 (Linux; Android 6.0.1; Nexus 5X Build/MMB29P) AppleWebKit/537.36 (KHTML, like Gecko) Chrome/135.0.7049.95 Mobile Safari/537.36 (compatible; Googlebot/2.1; +http://www.google.com/bot.html)"
66.249.64.12 - - [17/Apr/2025:23:58:21 -0400] "GET /Night-Train-Frog-Fishing-Lure-Booyah-BYTR2910/Swimbaits-310355/ HTTP/1.1" 404 6820 "-" "Mozilla/5.0 (Linux; Android 6.0.1; Nexus 5X Build/MMB29P) AppleWebKit/537.36 (KHTML, like Gecko) Chrome/135.0.7049.95 Mobile Safari/537.36 (compatible; Googlebot/2.1; +http://www.google.com/bot.html)"
5.189.165.17 - - [17/Apr/2025:23:58:51 -0400] "POST /xmlrpc.php HTTP/1.1" 200 212 "-" "Mozilla/5.0 (Windows NT 10.0; Win64; x64; rv:47.0) Gecko/20100101 Firefox/47.0"
66.249.64.11 - - [18/Apr/2025:00:00:28 -0400] "GET /RACING-NOS-VINTAGE-SILVER-GYRO/Vintage-Bicycle-Parts-238674/ HTTP/1.1" 404 6820 "-" "Mozilla/5.0 (Linux; Android 6.0.1; Nexus 5X Build/MMB29P) AppleWebKit/537.36 (KHTML, like Gecko) Chrome/135.0.7049.95 Mobile Safari/537.36 (compatible; Googlebot/2.1; +http://www.google.com/bot.html)"
66.249.64.12 - - [18/Apr/2025:00:00:41 -0400] "GET /Multifunction-tool-Keychain-XG-Titanium-TC4/Pocket-Multi-Tools-602287/ HTTP/1.1" 404 6820 "-" "Mozilla/5.0 (Linux; Android 6.0.1; Nexus 5X Build/MMB29P) AppleWebKit/537.36 (KHTML, like Gecko) Chrome/135.0.7049.95 Mobile Safari/537.36 (compatible; Googlebot/2.1; +http://www.google.com/bot.html)"
66.249.64.11 - - [18/Apr/2025:00:00:51 -0400] "GET /holster-for-Colt-King/Holsters-485044/ HTTP/1.1" 404 6820 "-" "Mozilla/5.0 (Linux; Android 6.0.1; Nexus 5X Build/MMB29P) AppleWebKit/537.36 (KHTML, like Gecko) Chrome/135.0.7049.95 Mobile Safari/537.36 (compatible; Googlebot/2.1; +http://www.google.com/bot.html)"
66.249.64.11 - - [18/Apr/2025:00:01:06 -0400] "GET /Assault-Hunting-Bug-Out-Bag-L-Large/Day-Packs-642650/ HTTP/1.1" 404 6820 "-" "Mozilla/5.0 (Linux; Android 6.0.1; Nexus 5X Build/MMB29P) AppleWebKit/537.36 (KHTML, like Gecko) Chrome/135.0.7049.95 Mobile Safari/537.36 (compatible; Googlebot/2.1; +http://www.google.com/bot.html)"
66.249.64.11 - - [18/Apr/2025:00:01:18 -0400] "GET /Crank-Bait-Tackle-Hooks-Hard-Metal/Crankbaits-259031/ HTTP/1.1" 404 6820 "-" "Mozilla/5.0 (Linux; Android 6.0.1; Nexus 5X Build/MMB29P) AppleWebKit/537.36 (KHTML, like Gecko) Chrome/135.0.7049.95 Mobile Safari/537.36 (compatible; Googlebot/2.1; +http://www.google.com/bot.html)"
66.249.64.11 - - [18/Apr/2025:00:01:31 -0400] "GET /&-FAST-Shipping-Shimano-TEREZ-Spinning/Spinning-Fishing-Rods-378979/ HTTP/1.1" 404 6820 "-" "Mozilla/5.0 (Linux; Android 6.0.1; Nexus 5X Build/MMB29P) AppleWebKit/537.36 (KHTML, like Gecko) Chrome/135.0.7049.95 Mobile Safari/537.36 (compatible; Googlebot/2.1; +http://www.google.com/bot.html)"
198.54.114.83 - - [18/Apr/2025:00:01:33 -0400] "POST /wp-cron.php?doing_wp_cron=1744948891.8968720436096191406250 HTTP/1.1" 200 0 "-" "WordPress/6.8; https://christianmantopoulos.com"
66.249.64.12 - - [18/Apr/2025:00:03:29 -0400] "GET /Boot-Fishing-Hunt-Mens-Waterproof-Thicken/Waders-318609/ HTTP/1.1" 404 6820 "-" "Mozilla/5.0 (Linux; Android 6.0.1; Nexus 5X Build/MMB29P) AppleWebKit/537.36 (KHTML, like Gecko) Chrome/135.0.7049.95 Mobile Safari/537.36 (compatible; Googlebot/2.1; +http://www.google.com/bot.html)"
198.54.114.83 - - [18/Apr/2025:00:03:32 -0400] "POST /wp-cron.php?doing_wp_cron=1744949009.8941760063171386718750 HTTP/1.1" 200 0 "-" "WordPress/6.8; https://christianmantopoulos.com"
66.249.64.11 - - [18/Apr/2025:00:03:55 -0400] "GET /Easy-Set-Up-&034;-Lightweight-Bipod/Resistance-Trainers-432776/ HTTP/1.1" 404 6820 "-" "Mozilla/5.0 (Linux; Android 6.0.1; Nexus 5X Build/MMB29P) AppleWebKit/537.36 (KHTML, like Gecko) Chrome/135.0.7049.95 Mobile Safari/537.36 (compatible; Googlebot/2.1; +http://www.google.com/bot.html)"
66.249.64.12 - - [18/Apr/2025:00:04:22 -0400] "GET /polymer-belt-clips-pair-the-BEST/Holsters-486926/ HTTP/1.1" 404 6819 "-" "Mozilla/5.0 (Linux; Android 6.0.1; Nexus 5X Build/MMB29P) AppleWebKit/537.36 (KHTML, like Gecko) Chrome/135.0.7049.95 Mobile Safari/537.36 (compatible; Googlebot/2.1; +http://www.google.com/bot.html)"
66.249.64.11 - - [18/Apr/2025:00:04:49 -0400] "GET /POT-EM-LEE-EM-FOR/Other-Hunting-Reloading-Equip-523217/ HTTP/1.1" 404 6819 "-" "Mozilla/5.0 (Linux; Android 6.0.1; Nexus 5X Build/MMB29P) AppleWebKit/537.36 (KHTML, like Gecko) Chrome/135.0.7049.95 Mobile Safari/537.36 (compatible; Googlebot/2.1; +http://www.google.com/bot.html)"
198.54.114.83 - - [18/Apr/2025:00:04:52 -0400] "POST /wp-cron.php?doing_wp_cron=1744949090.1158840656280517578125 HTTP/1.1" 200 0 "-" "WordPress/6.8; https://christianmantopoulos.com"
66.249.64.11 - - [18/Apr/2025:00:05:15 -0400] "GET /COMBO-WATERSKI-SKIS-BINDING-MORE-NEW/Waterski-Bindings-800449/ HTTP/1.1" 404 6820 "-" "Mozilla/5.0 (Linux; Android 6.0.1; Nexus 5X Build/MMB29P) AppleWebKit/537.36 (KHTML, like Gecko) Chrome/135.0.7049.95 Mobile Safari/537.36 (compatible; Googlebot/2.1; +http://www.google.com/bot.html)"
66.249.64.12 - - [18/Apr/2025:00:05:40 -0400] "GET /Body-Topwater-Frog-Bass-Pike-&/Baits-&-Lures-252441/ HTTP/1.1" 404 6820 "-" "Mozilla/5.0 (Linux; Android 6.0.1; Nexus 5X Build/MMB29P) AppleWebKit/537.36 (KHTML, like Gecko) Chrome/135.0.7049.95 Mobile Safari/537.36 (compatible; Googlebot/2.1; +http://www.google.com/bot.html)"
198.54.114.83 - - [18/Apr/2025:00:05:43 -0400] "POST /wp-cron.php?doing_wp_cron=1744949140.6812489032745361328125 HTTP/1.1" 200 0 "-" "WordPress/6.8; https://christianmantopoulos.com"
66.249.64.12 - - [18/Apr/2025:00:06:06 -0400] "GET /10X-Jewelry-US-Coins-New-Bausch/Hunting-Binoculars-525156/ HTTP/1.1" 404 6819 "-" "Mozilla/5.0 (Linux; Android 6.0.1; Nexus 5X Build/MMB29P) AppleWebKit/537.36 (KHTML, like Gecko) Chrome/135.0.7049.95 Mobile Safari/537.36 (compatible; Googlebot/2.1; +http://www.google.com/bot.html)"
66.249.64.12 - - [18/Apr/2025:00:06:35 -0400] "GET /Lighting-LED-Modes-LED-Headlight/Headlamps-633891/ HTTP/1.1" 404 6820 "-" "Mozilla/5.0 (Linux; Android 6.0.1; Nexus 5X Build/MMB29P) AppleWebKit/537.36 (KHTML, like Gecko) Chrome/135.0.7049.95 Mobile Safari/537.36 (compatible; Googlebot/2.1; +http://www.google.com/bot.html)"
66.249.64.11 - - [18/Apr/2025:00:07:01 -0400] "GET /Nylon-Pool-Cue-Case-Poison-Armor22x4/Cue-Cases-551602/ HTTP/1.1" 404 6820 "-" "Mozilla/5.0 (Linux; Android 6.0.1; Nexus 5X Build/MMB29P) AppleWebKit/537.36 (KHTML, like Gecko) Chrome/135.0.7049.95 Mobile Safari/537.36 (compatible; Googlebot/2.1; +http://www.google.com/bot.html)"
198.54.114.83 - - [18/Apr/2025:00:07:03 -0400] "POST /wp-cron.php?doing_wp_cron=1744949221.2228519916534423828125 HTTP/1.1" 200 0 "-" "WordPress/6.8; https://christianmantopoulos.com"
66.249.64.11 - - [18/Apr/2025:00:07:25 -0400] "GET /Speckled-Colors-Inches-Ams-High-Density/Foam-Rollers-423146/ HTTP/1.1" 404 6821 "-" "Mozilla/5.0 (Linux; Android 6.0.1; Nexus 5X Build/MMB29P) AppleWebKit/537.36 (KHTML, like Gecko) Chrome/135.0.7049.95 Mobile Safari/537.36 (compatible; Googlebot/2.1; +http://www.google.com/bot.html)"
66.249.64.11 - - [18/Apr/2025:00:07:51 -0400] "GET /VNeck-Martial-Arts-Karate-Team/Uniforms-&-Gis-14840/ HTTP/1.1" 404 6820 "-" "Mozilla/5.0 (Linux; Android 6.0.1; Nexus 5X Build/MMB29P) AppleWebKit/537.36 (KHTML, like Gecko) Chrome/135.0.7049.95 Mobile Safari/537.36 (compatible; Googlebot/2.1; +http://www.google.com/bot.html)"
66.249.64.12 - - [18/Apr/2025:00:08:19 -0400] "GET /Mat-GYM-US-x33Ft-AirTrack-Inflatable/Exercise-Mats-423065/ HTTP/1.1" 404 6820 "-" "Mozilla/5.0 (Linux; Android 6.0.1; Nexus 5X Build/MMB29P) AppleWebKit/537.36 (KHTML, like Gecko) Chrome/135.0.7049.95 Mobile Safari/537.36 (compatible; Googlebot/2.1; +http://www.google.com/bot.html)"
198.54.114.83 - - [18/Apr/2025:00:08:22 -0400] "POST /wp-cron.php?doing_wp_cron=1744949300.5643539428710937500000 HTTP/1.1" 200 0 "-" "WordPress/6.8; https://christianmantopoulos.com"
66.249.64.11 - - [18/Apr/2025:00:08:44 -0400] "GET /Flies-Redfish-Epoxy-Grass-Shrimp/Flies-271773/ HTTP/1.1" 404 6820 "-" "Mozilla/5.0 (Linux; Android 6.0.1; Nexus 5X Build/MMB29P) AppleWebKit/537.36 (KHTML, like Gecko) Chrome/135.0.7049.95 Mobile Safari/537.36 (compatible; Googlebot/2.1; +http://www.google.com/bot.html)"
66.249.64.13 - - [18/Apr/2025:00:09:09 -0400] "GET /Right-Black-Cobra-Slot/Holsters-493531/ HTTP/1.1" 404 6819 "-" "Mozilla/5.0 (Linux; Android 6.0.1; Nexus 5X Build/MMB29P) AppleWebKit/537.36 (KHTML, like Gecko) Chrome/135.0.7049.95 Mobile Safari/537.36 (compatible; Googlebot/2.1; +http://www.google.com/bot.html)"
13.58.235.113 - - [18/Apr/2025:00:09:20 -0400] "GET / HTTP/1.1" 200 97713 "-" "Mozilla/5.0 (Windows NT 10.0; Win64; x64) AppleWebKit/537.36 (KHTML, like Gecko) Chrome/109.0.0.0 Safari/537.36"
66.249.64.11 - - [18/Apr/2025:00:09:36 -0400] "GET /Torch-Lantern-Durable-Adjustable-Focus-Mini/Flashlights-630397/ HTTP/1.1" 404 6820 "-" "Mozilla/5.0 (Linux; Android 6.0.1; Nexus 5X Build/MMB29P) AppleWebKit/537.36 (KHTML, like Gecko) Chrome/135.0.7049.95 Mobile Safari/537.36 (compatible; Googlebot/2.1; +http://www.google.com/bot.html)"
66.249.64.11 - - [18/Apr/2025:00:10:03 -0400] "GET /GARCIA-NEW-IN-BOX-AMBASSADEUR-CS/Baitcasting-Reels-356031/ HTTP/1.1" 404 6820 "-" "Mozilla/5.0 (Linux; Android 6.0.1; Nexus 5X Build/MMB29P) AppleWebKit/537.36 (KHTML, like Gecko) Chrome/135.0.7049.95 Mobile Safari/537.36 (compatible; Googlebot/2.1; +http://www.google.com/bot.html)"
66.249.64.12 - - [18/Apr/2025:00:10:31 -0400] "GET /Trekking-Bag-Pack-L-Outdoor-Travel/Day-Packs-641811/ HTTP/1.1" 404 6820 "-" "Mozilla/5.0 (Linux; Android 6.0.1; Nexus 5X Build/MMB29P) AppleWebKit/537.36 (KHTML, like Gecko) Chrome/135.0.7049.95 Mobile Safari/537.36 (compatible; Googlebot/2.1; +http://www.google.com/bot.html)"
198.54.114.83 - - [18/Apr/2025:00:10:34 -0400] "POST /wp-cron.php?doing_wp_cron=1744949431.8078980445861816406250 HTTP/1.1" 200 0 "-" "WordPress/6.8; https://christianmantopoulos.com"
66.249.64.1 - - [18/Apr/2025:00:10:55 -0400] "GET /Stretch-Hose-Victoria-Sport-Leggins-Leggings/Pants-414541/ HTTP/1.1" 404 6820 "-" "Mozilla/5.0 (Linux; Android 6.0.1; Nexus 5X Build/MMB29P) AppleWebKit/537.36 (KHTML, like Gecko) Chrome/135.0.7049.95 Mobile Safari/537.36 (compatible; Googlebot/2.1; +http://www.google.com/bot.html)"
66.249.64.3 - - [18/Apr/2025:00:11:21 -0400] "GET /Headset-Red-Tall/Headsets-128569/ HTTP/1.1" 404 6820 "-" "Mozilla/5.0 (Linux; Android 6.0.1; Nexus 5X Build/MMB29P) AppleWebKit/537.36 (KHTML, like Gecko) Chrome/135.0.7049.95 Mobile Safari/537.36 (compatible; Googlebot/2.1; +http://www.google.com/bot.html)"
66.249.64.1 - - [18/Apr/2025:00:11:47 -0400] "GET /Leathercraft-Wallet-Belt-Conchos-x-mm/Conchos-692296/ HTTP/1.1" 404 6820 "-" "Mozilla/5.0 (Linux; Android 6.0.1; Nexus 5X Build/MMB29P) AppleWebKit/537.36 (KHTML, like Gecko) Chrome/135.0.7049.95 Mobile Safari/537.36 (compatible; Googlebot/2.1; +http://www.google.com/bot.html)"
198.54.114.83 - - [18/Apr/2025:00:11:48 -0400] "POST /wp-cron.php?doing_wp_cron=1744949507.2021749019622802734375 HTTP/1.1" 200 0 "-" "WordPress/6.8; https://christianmantopoulos.com"
185.187.75.233 - - [18/Apr/2025:00:13:12 -0400] "POST /xmlrpc.php HTTP/1.1" 200 212 "-" "Mozilla/5.0 (Windows NT 10.0; Win64; x64; rv:57.0) Gecko/20100101 Firefox/57.0"
198.54.114.83 - - [18/Apr/2025:00:14:06 -0400] "POST /wp-cron.php?doing_wp_cron=1744949645.9810280799865722656250 HTTP/1.1" 200 0 "-" "WordPress/6.8; https://christianmantopoulos.com"
149.248.4.85 - - [18/Apr/2025:00:14:05 -0400] "POST /xmlrpc.php HTTP/1.1" 200 212 "-" "Mozilla/5.0 (Windows NT 10.0; Win64; x64; rv:62.0) Gecko/20100101 Firefox/62.0"
198.54.114.83 - - [18/Apr/2025:00:18:09 -0400] "POST /wp-cron.php?doing_wp_cron=1744949888.3532509803771972656250 HTTP/1.1" 200 0 "-" "WordPress/6.8; https://christianmantopoulos.com"
66.249.64.3 - - [18/Apr/2025:00:18:07 -0400] "GET /Mid-MC-football-Cleats-PICK-SIZE/Men-756506/ HTTP/1.1" 404 6820 "-" "Mozilla/5.0 (Linux; Android 6.0.1; Nexus 5X Build/MMB29P) AppleWebKit/537.36 (KHTML, like Gecko) Chrome/135.0.7049.95 Mobile Safari/537.36 (compatible; Googlebot/2.1; +http://www.google.com/bot.html)"
66.249.64.2 - - [18/Apr/2025:00:18:10 -0400] "GET /SIZE-MEDIUM-NEW-LADIES-FAIRISLE/Other-Hunting-Clothing-&-Accs-468813/ HTTP/1.1" 404 6820 "-" "Mozilla/5.0 (Linux; Android 6.0.1; Nexus 5X Build/MMB29P) AppleWebKit/537.36 (KHTML, like Gecko) Chrome/135.0.7049.95 Mobile Safari/537.36 (compatible; Googlebot/2.1; +http://www.google.com/bot.html)"
52.226.240.29 - - [18/Apr/2025:00:24:58 -0400] "POST /xmlrpc.php HTTP/1.1" 200 212 "-" "Mozilla/5.0 (Windows NT 10.0; Win64; x64; rv:57.0) Gecko/20100101 Firefox/57.0"
62.113.113.162 - - [18/Apr/2025:00:31:59 -0400] "GET /how-to-win-at-gas-station-slots/ HTTP/1.1" 200 11715 "http://christianmantopoulos.com/how-to-win-at-gas-station-slots/" "Mozilla/5.0 (Windows NT 10.0; Win64; x64) AppleWebKit/537.36 (KHTML, like Gecko) Chrome/131.0.0.0 Safari/537.36 Avast/131.0.0.0"
62.113.113.162 - - [18/Apr/2025:00:32:00 -0400] "POST /wp-comments-post.php HTTP/1.1" 500 2157 "http://christianmantopoulos.com/how-to-win-at-gas-station-slots/" "Mozilla/5.0 (Windows NT 10.0; Win64; x64) AppleWebKit/537.36 (KHTML, like Gecko) Chrome/131.0.0.0 Safari/537.36 Avast/131.0.0.0"
198.54.114.83 - - [18/Apr/2025:00:32:02 -0400] "POST /wp-cron.php?doing_wp_cron=1744950720.8221530914306640625000 HTTP/1.1" 200 0 "-" "WordPress/6.8; https://christianmantopoulos.com"
198.54.114.83 - - [18/Apr/2025:00:40:09 -0400] "POST /wp-cron.php?doing_wp_cron=1744951208.4230930805206298828125 HTTP/1.1" 200 0 "-" "WordPress/6.8; https://christianmantopoulos.com"
194.233.90.234 - - [18/Apr/2025:00:40:07 -0400] "POST /xmlrpc.php HTTP/1.1" 200 212 "-" "Mozilla/5.0 (Windows NT 10.0; Win64; x64; rv:86.0) Gecko/20100101 Firefox/86.0"
198.54.114.83 - - [18/Apr/2025:00:42:33 -0400] "POST /wp-cron.php?doing_wp_cron=1744951353.1882789134979248046875 HTTP/1.1" 200 0 "-" "WordPress/6.8; https://christianmantopoulos.com"
2a03:6f01:1:2::4677 - - [18/Apr/2025:00:42:29 -0400] "POST /xmlrpc.php HTTP/1.1" 200 212 "-" "Mozilla/5.0 (Windows NT 10.0; Win64; x64; rv:60.0) Gecko/20100101 Firefox/60.0"
46.19.138.10 - - [18/Apr/2025:00:48:16 -0400] "GET /.git/config HTTP/1.1" 403 1242 "-" "-"
185.199.223.59 - - [18/Apr/2025:01:04:42 -0400] "POST /xmlrpc.php HTTP/1.1" 200 212 "-" "Mozilla/5.0 (Windows NT 10.0; Win64; x64; rv:63.0) Gecko/20100101 Firefox/63.0"
198.54.114.83 - - [18/Apr/2025:01:04:44 -0400] "POST /wp-cron.php?doing_wp_cron=1744952682.6005680561065673828125 HTTP/1.1" 200 0 "-" "WordPress/6.8; https://christianmantopoulos.com"
38.113.191.66 - - [18/Apr/2025:01:06:15 -0400] "POST /xmlrpc.php HTTP/1.1" 200 212 "-" "Mozilla/5.0 (Windows NT 10.0; Win64; x64; rv:76.0) Gecko/20100101 Firefox/76.0"
198.54.114.83 - - [18/Apr/2025:01:16:43 -0400] "POST /wp-cron.php?doing_wp_cron=1744953402.7123980522155761718750 HTTP/1.1" 200 0 "-" "WordPress/6.8; https://christianmantopoulos.com"
2a01:239:25f:2900::1 - - [18/Apr/2025:01:16:42 -0400] "POST /xmlrpc.php HTTP/1.1" 200 212 "-" "Mozilla/5.0 (Windows NT 10.0; Win64; x64; rv:52.0) Gecko/20100101 Firefox/52.0"
156.248.86.20 - - [18/Apr/2025:01:26:17 -0400] "GET /vendor/phpunit/phpunit/LICENSE HTTP/1.1" 404 6820 "-" "Mozilla/5.0 (Windows NT 10.0; Win64; x64) AppleWebKit/537.36 (KHTML, like Gecko) Chrome/106.0.0.0 Safari/537.36"
156.248.81.133 - - [18/Apr/2025:01:26:17 -0400] "GET /vendor/phpunit/phpunit/LICENSE HTTP/1.1" 404 6820 "-" "Mozilla/5.0 (Windows NT 10.0; Win64; x64) AppleWebKit/537.36 (KHTML, like Gecko) Chrome/106.0.0.0 Safari/537.36"
156.248.81.133 - - [18/Apr/2025:01:26:22 -0400] "GET /vendor/phpunit/phpunit/src/Util/PHP/ HTTP/1.1" 404 6820 "-" "Mozilla/5.0 (Windows NT 10.0; Win64; x64) AppleWebKit/537.36 (KHTML, like Gecko) Chrome/106.0.0.0 Safari/537.36"
156.248.86.20 - - [18/Apr/2025:01:26:22 -0400] "GET /vendor/phpunit/phpunit/src/Util/PHP/ HTTP/1.1" 404 6820 "-" "Mozilla/5.0 (Windows NT 10.0; Win64; x64) AppleWebKit/537.36 (KHTML, like Gecko) Chrome/106.0.0.0 Safari/537.36"
156.248.81.133 - - [18/Apr/2025:01:26:24 -0400] "GET /wp-login.php HTTP/1.1" 302 0 "-" "Mozilla/5.0 (Windows NT 10.0; Win64; x64) AppleWebKit/537.36 (KHTML, like Gecko) Chrome/106.0.0.0 Safari/537.36"
156.248.86.20 - - [18/Apr/2025:01:26:25 -0400] "GET /wp-login.php HTTP/1.1" 302 0 "-" "Mozilla/5.0 (Windows NT 10.0; Win64; x64) AppleWebKit/537.36 (KHTML, like Gecko) Chrome/106.0.0.0 Safari/537.36"
207.154.208.206 - - [18/Apr/2025:01:30:31 -0400] "POST /xmlrpc.php HTTP/1.1" 200 212 "-" "Mozilla/5.0 (Windows NT 10.0; Win64; x64; rv:79.0) Gecko/20100101 Firefox/79.0"
198.54.114.83 - - [18/Apr/2025:01:33:26 -0400] "POST /wp-cron.php?doing_wp_cron=1744954405.9258549213409423828125 HTTP/1.1" 200 0 "-" "WordPress/6.8; https://christianmantopoulos.com"
2600:1f18:2584:e200:b180:d652:2e79:b042 - - [18/Apr/2025:01:33:25 -0400] "POST /xmlrpc.php HTTP/1.1" 200 212 "-" "Mozilla/5.0 (Windows NT 10.0; Win64; x64; rv:74.0) Gecko/20100101 Firefox/74.0"
216.244.66.234 - - [18/Apr/2025:01:37:05 -0400] "GET /robots.txt HTTP/1.1" 304 0 "-" "Mozilla/5.0 (compatible; DotBot/1.2; +https://opensiteexplorer.org/dotbot; help@moz.com)"
198.54.114.83 - - [18/Apr/2025:01:42:03 -0400] "POST /wp-cron.php?doing_wp_cron=1744954922.6945099830627441406250 HTTP/1.1" 200 0 "-" "WordPress/6.8; https://christianmantopoulos.com"
141.94.18.111 - - [18/Apr/2025:01:42:02 -0400] "POST /xmlrpc.php HTTP/1.1" 200 212 "-" "Mozilla/5.0 (Windows NT 10.0; Win64; x64; rv:70.0) Gecko/20100101 Firefox/70.0"
198.54.114.83 - - [18/Apr/2025:01:43:56 -0400] "POST /wp-cron.php?doing_wp_cron=1744955035.2743670940399169921875 HTTP/1.1" 200 0 "-" "WordPress/6.8; https://christianmantopoulos.com"
216.244.66.234 - - [18/Apr/2025:01:43:51 -0400] "GET /unveiling-the-thrilling-world-of-online-casinos/feed/ HTTP/1.1" 200 452 "-" "Mozilla/5.0 (compatible; DotBot/1.2; +https://opensiteexplorer.org/dotbot; help@moz.com)"
198.54.114.83 - - [18/Apr/2025:01:51:12 -0400] "POST /wp-cron.php?doing_wp_cron=1744955471.6483900547027587890625 HTTP/1.1" 200 0 "-" "WordPress/6.8; https://christianmantopoulos.com"
2a01:4f9:4b:3d0f::2 - - [18/Apr/2025:01:51:11 -0400] "POST /xmlrpc.php HTTP/1.1" 200 212 "-" "Mozilla/5.0 (Windows NT 10.0; Win64; x64; rv:47.0) Gecko/20100101 Firefox/47.0"
198.54.114.83 - - [18/Apr/2025:02:02:31 -0400] "POST /wp-cron.php?doing_wp_cron=1744956150.4823420047760009765625 HTTP/1.1" 200 0 "-" "WordPress/6.8; https://christianmantopoulos.com"
185.199.223.59 - - [18/Apr/2025:02:02:30 -0400] "POST /xmlrpc.php HTTP/1.1" 200 212 "-" "Mozilla/5.0 (Windows NT 10.0; Win64; x64; rv:68.0) Gecko/20100101 Firefox/68.0"
198.54.114.83 - - [18/Apr/2025:02:05:25 -0400] "POST /wp-cron.php?doing_wp_cron=1744956324.5105528831481933593750 HTTP/1.1" 200 0 "-" "WordPress/6.8; https://christianmantopoulos.com"
52.167.144.209 - - [18/Apr/2025:02:05:21 -0400] "GET /inspection-service/water-quality HTTP/1.1" 404 6820 "-" "Mozilla/5.0 AppleWebKit/537.36 (KHTML, like Gecko; compatible; bingbot/2.0; +http://www.bing.com/bingbot.htm) Chrome/116.0.1938.76 Safari/537.36"
24.199.106.26 - - [18/Apr/2025:02:05:36 -0400] "POST /xmlrpc.php HTTP/1.1" 200 212 "-" "Mozilla/5.0 (Windows NT 10.0; Win64; x64; rv:88.0) Gecko/20100101 Firefox/88.0"
84.54.44.204 - - [18/Apr/2025:02:08:31 -0400] "GET /how-to-win-at-gas-station-slots/ HTTP/1.1" 200 11715 "http://christianmantopoulos.com/how-to-win-at-gas-station-slots/" "Mozilla/5.0 (Windows NT 10.0; Win64; x64) AppleWebKit/537.36 (KHTML, like Gecko) Chrome/130.0.0.0 Safari/537.36"
84.54.44.204 - - [18/Apr/2025:02:08:32 -0400] "POST /wp-comments-post.php HTTP/1.1" 500 2632 "http://christianmantopoulos.com/how-to-win-at-gas-station-slots/" "Mozilla/5.0 (Windows NT 10.0; Win64; x64) AppleWebKit/537.36 (KHTML, like Gecko) Chrome/130.0.0.0 Safari/537.36"
195.2.71.225 - - [18/Apr/2025:02:18:43 -0400] "GET /how-to-win-at-gas-station-slots/ HTTP/1.1" 200 11715 "http://christianmantopoulos.com/how-to-win-at-gas-station-slots/" "Mozilla/5.0 (Windows NT 10.0; Win64; x64) AppleWebKit/537.36 (KHTML, like Gecko) Chrome/131.0.0.0 Safari/537.36"
195.2.71.225 - - [18/Apr/2025:02:18:44 -0400] "POST /wp-comments-post.php HTTP/1.1" 500 2254 "http://christianmantopoulos.com/how-to-win-at-gas-station-slots/" "Mozilla/5.0 (Windows NT 10.0; Win64; x64) AppleWebKit/537.36 (KHTML, like Gecko) Chrome/131.0.0.0 Safari/537.36"
198.54.114.83 - - [18/Apr/2025:02:21:24 -0400] "POST /wp-cron.php?doing_wp_cron=1744957283.8102800846099853515625 HTTP/1.1" 200 0 "-" "WordPress/6.8; https://christianmantopoulos.com"
159.203.189.210 - - [18/Apr/2025:02:21:23 -0400] "POST /xmlrpc.php HTTP/1.1" 200 212 "-" "Mozilla/5.0 (Windows NT 10.0; Win64; x64; rv:77.0) Gecko/20100101 Firefox/77.0"
146.190.63.248 - - [18/Apr/2025:02:24:31 -0400] "GET / HTTP/1.1" 200 0 "-" "-"
129.227.238.179 - - [18/Apr/2025:02:25:46 -0400] "GET /wp-login.php HTTP/1.1" 302 0 "-" "Mozilla/5.0"
216.244.66.234 - - [18/Apr/2025:02:27:15 -0400] "GET /discover-the-serenity-of-lake-garda-resorts/ HTTP/1.1" 200 10958 "-" "Mozilla/5.0 (compatible; DotBot/1.2; +https://opensiteexplorer.org/dotbot; help@moz.com)"
195.2.79.165 - - [18/Apr/2025:02:28:05 -0400] "GET /how-to-win-at-gas-station-slots/ HTTP/1.1" 200 11715 "http://christianmantopoulos.com/how-to-win-at-gas-station-slots/" "Mozilla/5.0 (Windows NT 10.0; Win64; x64) AppleWebKit/537.36 (KHTML, like Gecko) Chrome/131.0.0.0 Safari/537.36 Avast/131.0.0.0"
195.2.79.165 - - [18/Apr/2025:02:28:06 -0400] "POST /wp-comments-post.php HTTP/1.1" 500 2078 "http://christianmantopoulos.com/how-to-win-at-gas-station-slots/" "Mozilla/5.0 (Windows NT 10.0; Win64; x64) AppleWebKit/537.36 (KHTML, like Gecko) Chrome/131.0.0.0 Safari/537.36 Avast/131.0.0.0"
216.244.66.234 - - [18/Apr/2025:02:28:13 -0400] "GET /the-watcher-of-realms-tier-list-top-characters-ranked/ HTTP/1.1" 200 12176 "-" "Mozilla/5.0 (compatible; DotBot/1.2; +https://opensiteexplorer.org/dotbot; help@moz.com)"
198.54.114.83 - - [18/Apr/2025:02:29:44 -0400] "POST /wp-cron.php?doing_wp_cron=1744957784.0152521133422851562500 HTTP/1.1" 200 0 "-" "WordPress/6.8; https://christianmantopoulos.com"
2600:3c02::f03c:93ff:fe81:21ce - - [18/Apr/2025:02:29:43 -0400] "POST /xmlrpc.php HTTP/1.1" 200 212 "-" "Mozilla/5.0 (Windows NT 10.0; Win64; x64; rv:55.0) Gecko/20100101 Firefox/55.0"
198.54.114.83 - - [18/Apr/2025:02:36:28 -0400] "POST /wp-cron.php?doing_wp_cron=1744958187.5700180530548095703125 HTTP/1.1" 200 0 "-" "WordPress/6.8; https://christianmantopoulos.com"
193.70.45.71 - - [18/Apr/2025:02:36:27 -0400] "POST /xmlrpc.php HTTP/1.1" 200 212 "-" "Mozilla/5.0 (Windows NT 10.0; Win64; x64; rv:80.0) Gecko/20100101 Firefox/80.0"
198.54.114.83 - - [18/Apr/2025:02:30:26 -0400] "POST /wp-cron.php?doing_wp_cron=1744957824.8031311035156250000000 HTTP/1.1" 200 0 "-" "WordPress/6.8; https://christianmantopoulos.com"
185.216.203.205 - - [18/Apr/2025:02:30:24 -0400] "POST /xmlrpc.php HTTP/1.1" 200 212 "-" "Mozilla/5.0 (Windows NT 10.0; Win64; x64; rv:57.0) Gecko/20100101 Firefox/57.0"
198.54.114.83 - - [18/Apr/2025:02:31:39 -0400] "POST /wp-cron.php?doing_wp_cron=1744957898.7788639068603515625000 HTTP/1.1" 200 0 "-" "WordPress/6.8; https://christianmantopoulos.com"
216.244.66.234 - - [18/Apr/2025:02:31:38 -0400] "GET /umzugsunternehmen-in-luneburg-ihre-besten-optionen/feed/ HTTP/1.1" 200 465 "-" "Mozilla/5.0 (compatible; DotBot/1.2; +https://opensiteexplorer.org/dotbot; help@moz.com)"
198.54.114.83 - - [18/Apr/2025:02:38:56 -0400] "POST /wp-cron.php?doing_wp_cron=1744958335.0765700340270996093750 HTTP/1.1" 200 0 "-" "WordPress/6.8; https://christianmantopoulos.com"
52.167.144.194 - - [18/Apr/2025:02:38:54 -0400] "GET /storelocator/ HTTP/1.1" 404 6820 "-" "Mozilla/5.0 AppleWebKit/537.36 (KHTML, like Gecko; compatible; bingbot/2.0; +http://www.bing.com/bingbot.htm) Chrome/116.0.1938.76 Safari/537.36"
84.75.238.68 - - [18/Apr/2025:02:50:08 -0400] "POST /xmlrpc.php HTTP/1.1" 200 212 "-" "Mozilla/5.0 (Windows NT 10.0; Win64; x64; rv:42.0) Gecko/20100101 Firefox/42.0"
43.166.238.12 - - [18/Apr/2025:02:55:53 -0400] "GET / HTTP/1.1" 200 97713 "-" "Mozilla/5.0 (iPhone; CPU iPhone OS 13_2_3 like Mac OS X) AppleWebKit/605.1.15 (KHTML, like Gecko) Version/13.0.3 Mobile/15E148 Safari/604.1"
198.54.114.83 - - [18/Apr/2025:03:02:12 -0400] "POST /wp-cron.php?doing_wp_cron=1744959731.9676799774169921875000 HTTP/1.1" 200 0 "-" "WordPress/6.8; https://christianmantopoulos.com"
185.199.223.18 - - [18/Apr/2025:03:02:08 -0400] "POST /xmlrpc.php HTTP/1.1" 200 212 "-" "Mozilla/5.0 (Windows NT 10.0; Win64; x64; rv:100.0) Gecko/20100101 Firefox/100.0"
84.239.48.142 - - [18/Apr/2025:03:05:17 -0400] "GET /.env HTTP/1.1" 200 0 "-" "Mozilla/5.0 (Macintosh; Intel Mac OS X 10.15; rv:77.0) Gecko/20100101 Firefox/77.0"
198.54.114.83 - - [18/Apr/2025:03:05:25 -0400] "POST /wp-cron.php?doing_wp_cron=1744959923.6466081142425537109375 HTTP/1.1" 200 0 "-" "WordPress/6.8; https://christianmantopoulos.com"
8.210.15.246 - - [18/Apr/2025:03:06:52 -0400] "GET /robots.txt HTTP/1.1" 200 118 "-" "Mozilla/5.0 (Windows NT 10.0; Win64; x64) AppleWebKit/537.36 (KHTML, like Gecko) Chrome/74.0.2565.198 Safari/537.36"
216.244.66.234 - - [18/Apr/2025:03:11:53 -0400] "GET /poncho-pour-la-pluie/ HTTP/1.1" 200 11286 "-" "Mozilla/5.0 (compatible; DotBot/1.2; +https://opensiteexplorer.org/dotbot; help@moz.com)"
216.244.66.234 - - [18/Apr/2025:03:12:31 -0400] "GET /how-to-get-more-likes-on-your-instagram-post/feed/ HTTP/1.1" 200 460 "-" "Mozilla/5.0 (compatible; DotBot/1.2; +https://opensiteexplorer.org/dotbot; help@moz.com)"
198.54.114.83 - - [18/Apr/2025:03:12:33 -0400] "POST /wp-cron.php?doing_wp_cron=1744960351.4824850559234619140625 HTTP/1.1" 200 0 "-" "WordPress/6.8; https://christianmantopoulos.com"
13.90.211.168 - - [18/Apr/2025:03:41:57 -0400] "GET /wp-content/plugins/elementor/assets/images/app/ HTTP/1.1" 404 6820 "-" "-"
13.90.211.168 - - [18/Apr/2025:03:41:59 -0400] "GET /wp-comments-pos.php HTTP/1.1" 404 6820 "-" "-"
13.90.211.168 - - [18/Apr/2025:03:42:00 -0400] "GET /wp-content/themes/ripro/inc/admin/ HTTP/1.1" 404 6820 "-" "-"
13.90.211.168 - - [18/Apr/2025:03:42:03 -0400] "GET /wp-includes/l10n/ HTTP/1.1" 403 1242 "-" "-"
13.90.211.168 - - [18/Apr/2025:03:42:05 -0400] "GET /index/b/home/h213348220/fundlead.ru/docs/wp-admin/includes/ HTTP/1.1" 404 6820 "-" "-"
13.90.211.168 - - [18/Apr/2025:03:42:07 -0400] "GET /wp-includes/blocks/archives/ HTTP/1.1" 403 1242 "-" "-"
13.90.211.168 - - [18/Apr/2025:03:42:08 -0400] "GET /wp-includes/sodium_compat/namespaced/ HTTP/1.1" 403 1242 "-" "-"
13.90.211.168 - - [18/Apr/2025:03:42:09 -0400] "GET /wp-includes/blocks/latest-comments/ HTTP/1.1" 403 1242 "-" "-"
13.90.211.168 - - [18/Apr/2025:03:42:10 -0400] "GET /wp-content/plugins/woocommerce/assets/client/blocks/products-by-attribute/ HTTP/1.1" 404 6820 "-" "-"
13.90.211.168 - - [18/Apr/2025:03:42:12 -0400] "GET /wp-content/uploads/2023/03/ HTTP/1.1" 404 6820 "-" "-"
