146.70.160.244 - - [17/Apr/2025:20:38:18 -0400] "GET /date.php HTTP/1.1" 404 6820 "-" "Mozilla/5.0 (Windows NT 6.1; Win64; x64) AppleWebKit/537.36 (KHTML, like Gecko) Chrome/78.0.3904.108 Safari/537.36"
146.70.160.246 - - [17/Apr/2025:20:38:20 -0400] "GET /haxor.php HTTP/1.1" 404 6820 "-" "Mozilla/5.0 (X11; Ubuntu; Linux x86_64; rv:79.0) Gecko/20100101 Firefox/79.0"
146.70.160.244 - - [17/Apr/2025:20:38:22 -0400] "GET /icomsium.php HTTP/1.1" 404 6820 "-" "Mozilla/5.0 (Windows NT 10.0) AppleWebKit/537.36 (KHTML, like Gecko) Chrome/84.0.4147.105 Safari/537.36"
146.70.160.246 - - [17/Apr/2025:20:38:25 -0400] "GET /ico.php HTTP/1.1" 404 6820 "-" "Mozilla/5.0 (Windows NT 10.0; Win64; x64) AppleWebKit/537.36 (KHTML, like Gecko) Chrome/74.0.3729.169 Safari/537.36"
146.70.160.244 - - [17/Apr/2025:20:38:27 -0400] "GET /leaf.php HTTP/1.1" 404 6821 "-" "Mozilla/5.0 (X11; Fedora; Linux x86_64; rv:79.0) Gecko/20100101 Firefox/79.0"
146.70.160.246 - - [17/Apr/2025:20:38:31 -0400] "GET /marijuana.php HTTP/1.1" 404 6820 "-" "Mozilla/5.0 (X11; Linux i686; rv:79.0) Gecko/20100101 Firefox/79.0"
198.54.114.83 - - [17/Apr/2025:20:38:33 -0400] "POST /wp-cron.php?doing_wp_cron=1744936711.4851639270782470703125 HTTP/1.1" 200 0 "-" "WordPress/6.8; https://christianmantopoulos.com"
146.70.160.244 - - [17/Apr/2025:20:38:34 -0400] "GET /mass.php HTTP/1.1" 404 6820 "-" "Mozilla/5.0 (Windows NT 10.0; Win64; x64; rv:66.0) Gecko/20100101 Firefox/66.0"
146.70.160.246 - - [17/Apr/2025:20:38:37 -0400] "GET /mini.php HTTP/1.1" 404 6821 "-" "Mozilla/5.0 (Windows NT 10.0; Win64; x64) AppleWebKit/537.36 (KHTML, like Gecko) Chrome/83.0.4103.61 Safari/537.36"
146.70.160.244 - - [17/Apr/2025:20:38:39 -0400] "GET /priv8.php HTTP/1.1" 404 6821 "-" "Mozilla/5.0 (Windows NT 10.0; WOW64) AppleWebKit/537.36 (KHTML, like Gecko) Chrome/72.0.3626.121 Safari/537.36"
146.70.160.246 - - [17/Apr/2025:20:38:40 -0400] "GET /pws.php HTTP/1.1" 404 6820 "-" "Mozilla/5.0 (Windows NT 10.0; Win64; x64; rv:71.0) Gecko/20100101 Firefox/71.0"
146.70.160.244 - - [17/Apr/2025:20:38:42 -0400] "GET /r57.php HTTP/1.1" 404 6820 "-" "Mozilla/5.0 (Windows NT 6.1; Win64; x64) AppleWebKit/537.36 (KHTML, like Gecko) Chrome/79.0.3945.130 Safari/537.36"
146.70.160.246 - - [17/Apr/2025:20:38:44 -0400] "GET /robots.php HTTP/1.1" 404 6820 "-" "Mozilla/5.0 (Windows NT 10.0; Win64; x64; rv:67.0) Gecko/20100101 Firefox/67.0"
146.70.160.244 - - [17/Apr/2025:20:38:46 -0400] "GET /snd.php HTTP/1.1" 404 6820 "-" "Mozilla/5.0 (Windows NT 6.3; Win64; x64; rv:73.0) Gecko/20100101 Firefox/73.0"
146.70.160.246 - - [17/Apr/2025:20:38:48 -0400] "GET /wp-class.php HTTP/1.1" 404 6821 "-" "Mozilla/5.0 (Windows NT 10.0; Win64; x64) AppleWebKit/537.36 (KHTML, like Gecko) Chrome/74.0.3729.169 Safari/537.36"
146.70.160.244 - - [17/Apr/2025:20:38:50 -0400] "GET /new-index.php HTTP/1.1" 404 6820 "-" "Mozilla/5.0 (Windows NT 10.0; Win64; x64) AppleWebKit/537.36 (KHTML, like Gecko) Chrome/75.0.3770.100 Safari/537.36"
146.70.160.246 - - [17/Apr/2025:20:38:52 -0400] "GET /wp-content/batm.php HTTP/1.1" 404 6820 "-" "Mozilla/5.0 (X11; Linux x86_64) AppleWebKit/537.36 (KHTML, like Gecko) Chrome/84.0.4147.105 Safari/537.36"
146.70.160.244 - - [17/Apr/2025:20:38:54 -0400] "GET /wp-content/masshp.php HTTP/1.1" 404 6820 "-" "Mozilla/5.0 (Windows NT 10.0; WOW64; Trident/7.0; .NET4.0C; .NET4.0E; .NET CLR 2.0.50727; .NET CLR 3.0.30729; .NET CLR 3.5.30729; rv:11.0) like Gecko"
146.70.160.246 - - [17/Apr/2025:20:38:56 -0400] "GET /wp-content/alfa.php HTTP/1.1" 404 6821 "-" "Mozilla/5.0 (Windows NT 10.0; Win64; x64; rv:77.0) Gecko/20100101 Firefox/77.0"
146.70.160.244 - - [17/Apr/2025:20:39:00 -0400] "GET /wp-admin/ALFA_DATA/alfacgiapi/perl.alfa HTTP/1.1" 404 6820 "-" "Mozilla/5.0 (Windows NT 10.0; Win64; x64; rv:71.0) Gecko/20100101 Firefox/71.0"
146.70.160.246 - - [17/Apr/2025:20:39:03 -0400] "GET /alfacgiapi/perl.alfa HTTP/1.1" 404 6821 "-" "Mozilla/5.0 (Windows NT 10.0; Win64; x64) AppleWebKit/537.36 (KHTML, like Gecko) Chrome/79.0.3945.130 Safari/537.36"
146.70.160.244 - - [17/Apr/2025:20:39:06 -0400] "GET /ALFA_DATA/alfacgiapi/alfa.php HTTP/1.1" 404 6820 "-" "Mozilla/5.0 (Windows NT 10.0; Win64; x64) AppleWebKit/537.36 (KHTML, like Gecko) Chrome/58.0.3029.110 Safari/537.3"
146.70.160.246 - - [17/Apr/2025:20:39:09 -0400] "GET /ALFA_DATA/alfacgiapi/c99.php HTTP/1.1" 404 6820 "-" "Mozilla/5.0 (Windows NT 6.1; Win64; x64) AppleWebKit/537.36 (KHTML, like Gecko) Chrome/58.0.3029.110 Safari/537.3"
146.70.160.244 - - [17/Apr/2025:20:39:12 -0400] "GET /ALFA_DATA/alfacgiapi/fw.php HTTP/1.1" 404 6820 "-" "Mozilla/5.0 (X11; Linux i686; rv:79.0) Gecko/20100101 Firefox/79.0"
146.70.160.246 - - [17/Apr/2025:20:39:14 -0400] "GET /ALFA_DATA/alfacgiapi/mini.php HTTP/1.1" 404 6820 "-" "Mozilla/5.0 (X11; Linux i686; rv:79.0) Gecko/20100101 Firefox/79.0"
146.70.160.244 - - [17/Apr/2025:20:39:16 -0400] "GET /ALFA_DATA/alfacgiapi/r57.php HTTP/1.1" 404 6820 "-" "Mozilla/5.0 (X11; Ubuntu; Linux x86_64; rv:79.0) Gecko/20100101 Firefox/79.0"
146.70.160.246 - - [17/Apr/2025:20:39:18 -0400] "GET /ALFA_DATA/alfacgiapi/uploader.php HTTP/1.1" 404 6820 "-" "Mozilla/5.0 (Windows NT 10.0; Win64; x64) AppleWebKit/537.36 (KHTML, like Gecko) Chrome/81.0.4044.129 Safari/537.36"
146.70.160.244 - - [17/Apr/2025:20:39:21 -0400] "GET /ALFA_DATA/alfacgiapi/ups.php HTTP/1.1" 404 6820 "-" "Mozilla/5.0 (Windows NT 10.0; WOW64) AppleWebKit/537.36 (KHTML, like Gecko) Chrome/84.0.4147.105 Safari/537.36"
146.70.160.246 - - [17/Apr/2025:20:39:24 -0400] "GET /wp-content/plugins/css-ready-sel/file.php HTTP/1.1" 404 6820 "-" "Mozilla/5.0 (Windows NT 10.0; Win64; x64) AppleWebKit/537.36 (KHTML, like Gecko) Chrome/69.0.3497.100 Safari/537.36"
146.70.160.246 - - [17/Apr/2025:20:39:27 -0400] "GET /wp-content/plugins/css-ready/file.php HTTP/1.1" 404 6821 "-" "Mozilla/5.0 (X11; Ubuntu; Linux i686; rv:79.0) Gecko/20100101 Firefox/79.0"
146.70.160.244 - - [17/Apr/2025:20:39:31 -0400] "GET /wp-content/think.php HTTP/1.1" 404 6820 "-" "Mozilla/5.0 (Windows NT 10.0; WOW64) AppleWebKit/537.36 (KHTML, like Gecko) Chrome/72.0.3626.121 Safari/537.36"
198.54.114.83 - - [17/Apr/2025:20:39:33 -0400] "POST /wp-cron.php?doing_wp_cron=1744936771.9145870208740234375000 HTTP/1.1" 200 0 "-" "WordPress/6.8; https://christianmantopoulos.com"
146.70.160.246 - - [17/Apr/2025:20:39:34 -0400] "GET /wp-content/plugins/upspy/con.php HTTP/1.1" 404 6820 "-" "Mozilla/5.0 (Windows NT 10.0; Win64; x64) AppleWebKit/537.36 (KHTML, like Gecko) Chrome/74.0.3729.157 Safari/537.36"
146.70.160.244 - - [17/Apr/2025:20:39:36 -0400] "GET /wp-content/plugins/upspy/up.php HTTP/1.1" 404 6820 "-" "Mozilla/5.0 (Windows NT 10.0; Win64; x64; rv:79.0) Gecko/20100101 Firefox/79.0"
146.70.160.246 - - [17/Apr/2025:20:39:38 -0400] "GET /wp-content/plugins/upspy/sllolx.php HTTP/1.1" 404 6821 "-" "Mozilla/5.0 (Windows NT 10.0; WOW64; x64) AppleWebKit/537.36 (KHTML, like Gecko) Chrome/84.0.4147.105 Safari/537.36 OPR/70.0.3728.95"
146.70.160.244 - - [17/Apr/2025:20:39:40 -0400] "GET /wp-content/plugins/html404/xccc.php HTTP/1.1" 404 6820 "-" "Mozilla/5.0 (Windows NT 10.0; Win64; x64; rv:72.0) Gecko/20100101 Firefox/72.0"
146.70.160.246 - - [17/Apr/2025:20:39:42 -0400] "GET /wp-content/plugins/html404/cry.php HTTP/1.1" 404 6820 "-" "Mozilla/5.0 (Windows NT 10.0; Win64; x64) AppleWebKit/537.36 (KHTML, like Gecko) Chrome/74.0.3729.169 Safari/537.36"
146.70.160.244 - - [17/Apr/2025:20:39:44 -0400] "GET /wp-includes/css/F0x.php HTTP/1.1" 404 6820 "-" "Mozilla/5.0 (Windows NT 10.0; Win64; x64) AppleWebKit/537.36 (KHTML, like Gecko) Chrome/84.0.4147.105 Safari/537.36"
146.70.160.246 - - [17/Apr/2025:20:39:45 -0400] "GET /wp-content/uploads/F0x.php HTTP/1.1" 404 6820 "-" "Mozilla/5.0 (Windows NT 10.0; WOW64; Trident/7.0; .NET4.0C; .NET4.0E; .NET CLR 2.0.50727; .NET CLR 3.0.30729; .NET CLR 3.5.30729; rv:11.0) like Gecko"
146.70.160.244 - - [17/Apr/2025:20:39:46 -0400] "GET /class-wp-widget-archives.php HTTP/1.1" 404 6820 "-" "Mozilla/5.0 (Macintosh; Intel Mac OS X 10_15_6) AppleWebKit/537.36 (KHTML, like Gecko) Chrome/84.0.4147.105 Safari/537.36 OPR/70.0.3728.95"
146.70.160.246 - - [17/Apr/2025:20:39:47 -0400] "GET /wp-content/plugins/three-column-screen-layout/db.php HTTP/1.1" 404 6821 "-" "Mozilla/5.0 (Windows NT 10.0; Win64; x64) AppleWebKit/537.36 (KHTML, like Gecko) Chrome/83.0.4103.97 Safari/537.36"
146.70.160.244 - - [17/Apr/2025:20:39:47 -0400] "GET /wp-content/plugins/ubh/index.php HTTP/1.1" 301 0 "-" "Mozilla/5.0 (Windows NT 10.0; Win64; x64) AppleWebKit/537.36 (KHTML, like Gecko) Chrome/69.0.3497.100 Safari/537.36"
146.70.160.246 - - [17/Apr/2025:20:39:49 -0400] "GET /wp-content/plugins/vwcleanerplugin/bump.php?cache HTTP/1.1" 404 6821 "-" "Mozilla/5.0 (Windows NT 6.1; Win64; x64) AppleWebKit/537.36 (KHTML, like Gecko) Chrome/79.0.3945.130 Safari/537.36"
146.70.160.244 - - [17/Apr/2025:20:39:51 -0400] "GET /wp-content/themes/gaukingo/db.php HTTP/1.1" 404 6820 "-" "Mozilla/5.0 (Windows NT 10.0; Win64; x64; rv:66.0) Gecko/20100101 Firefox/66.0"
146.70.160.246 - - [17/Apr/2025:20:39:52 -0400] "GET /wp-content/plugins/xichang/x.php?xi HTTP/1.1" 404 6820 "-" "Mozilla/5.0 (X11; Linux x86_64) AppleWebKit/537.36 (KHTML, like Gecko) Chrome/84.0.4147.105 Safari/537.36"
146.70.160.244 - - [17/Apr/2025:20:39:55 -0400] "GET /wp-content/plugins/wp-db-ajax-made/wp-ajax.php HTTP/1.1" 404 6820 "-" "Mozilla/5.0 (Linux x86_64; rv:79.0) Gecko/20100101 Firefox/79.0"
146.70.160.246 - - [17/Apr/2025:20:39:58 -0400] "GET /wp-content/plugins/ccx/index.php HTTP/1.1" 301 0 "-" "Mozilla/5.0 (Windows NT 10.0; WOW64; Trident/7.0; .NET4.0C; .NET4.0E; .NET CLR 2.0.50727; .NET CLR 3.0.30729; .NET CLR 3.5.30729; rv:11.0) like Gecko"
146.70.160.244 - - [17/Apr/2025:20:40:00 -0400] "GET /xt/index.php HTTP/1.1" 301 0 "-" "Mozilla/5.0 (Windows NT 10.0; Win64; x64) AppleWebKit/537.36 (KHTML, like Gecko) Chrome/74.0.3729.169 Safari/537.36"
146.70.160.246 - - [17/Apr/2025:20:40:02 -0400] "GET /xleet-shell.php HTTP/1.1" 404 6820 "-" "Mozilla/5.0 (Windows NT 10.0; Win64; x64) AppleWebKit/537.36 (KHTML, like Gecko) Chrome/81.0.4044.129 Safari/537.36"
146.70.160.244 - - [17/Apr/2025:20:40:05 -0400] "GET /xleet.php HTTP/1.1" 404 6820 "-" "Mozilla/5.0 (Windows NT 6.1; Win64; x64) AppleWebKit/537.36 (KHTML, like Gecko) Chrome/74.0.3729.169 Safari/537.36"
146.70.36.142 - - [17/Apr/2025:20:40:08 -0400] "GET /xleetshell.php HTTP/1.1" 404 6820 "-" "Mozilla/5.0 (Windows NT 10.0; Win64; x64) AppleWebKit/537.36 (KHTML, like Gecko) Chrome/79.0.3945.88 Safari/537.36"
146.70.36.140 - - [17/Apr/2025:20:40:10 -0400] "GET /wp-admin/includes/xleet-shell.php HTTP/1.1" 404 6820 "-" "Mozilla/5.0 (X11; Linux x86_64) AppleWebKit/537.36 (KHTML, like Gecko) Chrome/84.0.4147.105 Safari/537.36"
146.70.36.142 - - [17/Apr/2025:20:40:13 -0400] "GET /wp-content/plugins/content-management/content.php HTTP/1.1" 404 6820 "-" "Mozilla/5.0 (Windows NT 10.0) AppleWebKit/537.36 (KHTML, like Gecko) Chrome/72.0.3626.121 Safari/537.36"
146.70.36.140 - - [17/Apr/2025:20:40:16 -0400] "GET /xlt.php HTTP/1.1" 404 6820 "-" "Mozilla/5.0 (Windows NT 6.1; Win64; x64) AppleWebKit/537.36 (KHTML, like Gecko) Chrome/80.0.3987.149 Safari/537.36"
146.70.36.142 - - [17/Apr/2025:20:40:19 -0400] "GET /wp-content/plugins/xt/index.php HTTP/1.1" 301 0 "-" "Mozilla/5.0 (X11; Ubuntu; Linux x86_64; rv:79.0) Gecko/20100101 Firefox/79.0"
146.70.36.140 - - [17/Apr/2025:20:40:21 -0400] "GET /wp-content/xleet.php HTTP/1.1" 404 6820 "-" "Mozilla/5.0 (Windows NT 6.1; Win64; x64) AppleWebKit/537.36 (KHTML, like Gecko) Chrome/78.0.3904.108 Safari/537.36"
146.70.36.142 - - [17/Apr/2025:20:40:25 -0400] "GET /wp-admin/xleet-shell.php HTTP/1.1" 404 6820 "-" "Mozilla/5.0 (Windows NT 10.0; Win64; x64) AppleWebKit/537.36 (KHTML, like Gecko) Chrome/83.0.4103.61 Safari/537.36"
146.70.36.140 - - [17/Apr/2025:20:40:27 -0400] "GET /wp-content/plugins/dummyyummy/wp-signup.php HTTP/1.1" 404 6820 "-" "Mozilla/5.0 (Macintosh; Intel Mac OS X 10.15; rv:79.0) Gecko/20100101 Firefox/79.0"
146.70.36.142 - - [17/Apr/2025:20:40:33 -0400] "GET /wp-content/plugins/core/include.php HTTP/1.1" 404 6820 "-" "Mozilla/5.0 (Windows NT 10.0; WOW64) AppleWebKit/537.36 (KHTML, like Gecko) Chrome/84.0.4147.105 Safari/537.36"
198.54.114.83 - - [17/Apr/2025:20:40:36 -0400] "POST /wp-cron.php?doing_wp_cron=1744936833.3921020030975341796875 HTTP/1.1" 200 0 "-" "WordPress/6.8; https://christianmantopoulos.com"
146.70.36.140 - - [17/Apr/2025:20:40:38 -0400] "GET /wp-apxupx.php?apx=upx HTTP/1.1" 404 6820 "-" "Mozilla/5.0 (Windows NT 6.1; Win64; x64) AppleWebKit/537.36 (KHTML, like Gecko) Chrome/80.0.3987.149 Safari/537.36"
146.70.36.142 - - [17/Apr/2025:20:40:42 -0400] "GET /nf_tracking.php HTTP/1.1" 404 6820 "-" "Mozilla/5.0 (Windows NT 10.0; Win64; x64; rv:67.0) Gecko/20100101 Firefox/67.0"
146.70.36.140 - - [17/Apr/2025:20:40:45 -0400] "GET /class.api.php HTTP/1.1" 404 6820 "-" "Mozilla/5.0 (Macintosh; Intel Mac OS X 10_12_6) AppleWebKit/537.36 (KHTML, like Gecko) Chrome/58.0.3029.110 Safari/537.3"
146.70.36.142 - - [17/Apr/2025:20:40:47 -0400] "GET /xl2023.php HTTP/1.1" 404 6820 "-" "Mozilla/5.0 (Windows NT 10.0; Win64; x64) AppleWebKit/537.36 (KHTML, like Gecko) Chrome/74.0.3729.157 Safari/537.36"
146.70.36.140 - - [17/Apr/2025:20:40:51 -0400] "GET /wp-head.php HTTP/1.1" 404 6820 "-" "Mozilla/5.0 (Windows NT 10.0; Win64; x64; rv:76.0) Gecko/20100101 Firefox/76.0"
146.70.36.142 - - [17/Apr/2025:20:40:53 -0400] "GET /wp-pano.php HTTP/1.1" 404 6820 "-" "Mozilla/5.0 (X11; Fedora; Linux x86_64; rv:79.0) Gecko/20100101 Firefox/79.0"
146.70.36.140 - - [17/Apr/2025:20:40:56 -0400] "GET /wp-content/plugins/index.php HTTP/1.1" 200 0 "-" "Mozilla/5.0 (X11; Ubuntu; Linux x86_64; rv:79.0) Gecko/20100101 Firefox/79.0"
146.70.36.142 - - [17/Apr/2025:20:40:59 -0400] "GET /wp-includes/IXR/index.php HTTP/1.1" 301 0 "-" "Mozilla/5.0 (Windows NT 10.0; WOW64) AppleWebKit/537.36 (KHTML, like Gecko) Chrome/72.0.3626.121 Safari/537.36"
146.70.36.140 - - [17/Apr/2025:20:41:02 -0400] "GET /wp-content/plugins/admin.php HTTP/1.1" 404 6820 "-" "Mozilla/5.0 (Windows NT 10.0; Win64; x64) AppleWebKit/537.36 (KHTML, like Gecko) Chrome/79.0.3945.88 Safari/537.36"
146.70.36.142 - - [17/Apr/2025:20:41:05 -0400] "GET /xmlrpc.php HTTP/1.1" 405 60 "-" "Mozilla/5.0 (Windows NT 10.0) AppleWebKit/537.36 (KHTML, like Gecko) Chrome/84.0.4147.105 Safari/537.36"
146.70.36.140 - - [17/Apr/2025:20:41:07 -0400] "GET /wp-admin.php HTTP/1.1" 404 6820 "-" "Mozilla/5.0 (Windows NT 10.0; Win64; x64; rv:74.0) Gecko/20100101 Firefox/74.0"
146.70.36.142 - - [17/Apr/2025:20:41:09 -0400] "GET /wp-content/plugins/Core-Econ/upH.php HTTP/1.1" 404 6820 "-" "Mozilla/5.0 (X11; Ubuntu; Linux x86_64; rv:79.0) Gecko/20100101 Firefox/79.0"
146.70.36.140 - - [17/Apr/2025:20:41:11 -0400] "GET /wp-content/plugins/fix/up.php HTTP/1.1" 404 6820 "-" "Mozilla/5.0 (Windows NT 10.0; Win64; x64; rv:73.0) Gecko/20100101 Firefox/73.0"
146.70.36.142 - - [17/Apr/2025:20:41:14 -0400] "GET /wp-content/plugins/pwnd/pwnd.php HTTP/1.1" 404 6820 "-" "Mozilla/5.0 (X11; Ubuntu; Linux x86_64; rv:79.0) Gecko/20100101 Firefox/79.0"
146.70.36.140 - - [17/Apr/2025:20:41:17 -0400] "GET /wp-content/plugins/shell/noimg.php HTTP/1.1" 404 6820 "-" "Mozilla/5.0 (Windows NT 10.0; Win64; x64) AppleWebKit/537.36 (KHTML, like Gecko) Chrome/75.0.3770.100 Safari/537.36"
146.70.36.142 - - [17/Apr/2025:20:41:18 -0400] "GET /WSOEnigma.php HTTP/1.1" 404 6820 "-" "Mozilla/5.0 (Macintosh; Intel Mac OS X 10_15_6) AppleWebKit/537.36 (KHTML, like Gecko) Chrome/84.0.4147.105 Safari/537.36 OPR/70.0.3728.95"
146.70.36.140 - - [17/Apr/2025:20:41:20 -0400] "GET /wp-content/plugins/pwnd-1/pwnd.php HTTP/1.1" 404 6820 "-" "Mozilla/5.0 (Macintosh; Intel Mac OS X 10_12_6) AppleWebKit/537.36 (KHTML, like Gecko) Chrome/58.0.3029.110 Safari/537.3"
146.70.36.142 - - [17/Apr/2025:20:41:22 -0400] "GET /wp-content/plugins/clara/clara.php HTTP/1.1" 404 6820 "-" "Mozilla/5.0 (Windows NT 6.1; Win64; x64) AppleWebKit/537.36 (KHTML, like Gecko) Chrome/78.0.3904.108 Safari/537.36"
146.70.36.140 - - [17/Apr/2025:20:41:25 -0400] "GET /about/function.php HTTP/1.1" 404 6820 "-" "Mozilla/5.0 (Windows NT 10.0; WOW64) AppleWebKit/537.36 (KHTML, like Gecko) Chrome/84.0.4147.105 Safari/537.36"
146.70.36.142 - - [17/Apr/2025:20:41:27 -0400] "GET /index/function.php HTTP/1.1" 404 6820 "-" "Mozilla/5.0 (Windows NT 10.0; Win64; x64) AppleWebKit/537.36 (KHTML, like Gecko) Chrome/83.0.4103.97 Safari/537.36"
146.70.36.140 - - [17/Apr/2025:20:41:28 -0400] "GET /mah.php HTTP/1.1" 404 6820 "-" "Mozilla/5.0 (Windows NT 10.0; Win64; x64; rv:77.0) Gecko/20100101 Firefox/77.0"
146.70.36.142 - - [17/Apr/2025:20:41:31 -0400] "GET /mah/function.php?p= HTTP/1.1" 301 0 "-" "Mozilla/5.0 (Windows NT 10.0; Win64; x64) AppleWebKit/537.36 (KHTML, like Gecko) Chrome/83.0.4103.97 Safari/537.36"
146.70.36.140 - - [17/Apr/2025:20:41:32 -0400] "GET /test.php HTTP/1.1" 404 6820 "-" "Mozilla/5.0 (Windows NT 10.0; Win64; x64; rv:75.0) Gecko/20100101 Firefox/75.0"
146.70.36.142 - - [17/Apr/2025:20:41:33 -0400] "GET /wp-includes/Requests/about.php HTTP/1.1" 404 6820 "-" "Mozilla/5.0 (Windows NT 10.0; Win64; x64) AppleWebKit/537.36 (KHTML, like Gecko) Chrome/79.0.3945.88 Safari/537.36"
198.54.114.83 - - [17/Apr/2025:20:41:35 -0400] "POST /wp-cron.php?doing_wp_cron=1744936894.0728690624237060546875 HTTP/1.1" 200 0 "-" "WordPress/6.8; https://christianmantopoulos.com"
146.70.36.140 - - [17/Apr/2025:20:41:36 -0400] "GET /gebase.php HTTP/1.1" 404 6820 "-" "Mozilla/5.0 (Windows NT 10.0; Win64; x64) AppleWebKit/537.36 (KHTML, like Gecko) Chrome/70.0.3538.77 Safari/537.36"
146.70.36.142 - - [17/Apr/2025:20:41:38 -0400] "GET /defaults.php HTTP/1.1" 404 6820 "-" "Mozilla/5.0 (Windows NT 10.0; Win64; x64; rv:67.0) Gecko/20100101 Firefox/67.0"
146.70.36.140 - - [17/Apr/2025:20:41:40 -0400] "GET /asasx.php HTTP/1.1" 404 6820 "-" "Mozilla/5.0 (Windows NT 10.0; Win64; x64) AppleWebKit/537.36 (KHTML, like Gecko) Chrome/80.0.3987.149 Safari/537.36"
146.70.36.142 - - [17/Apr/2025:20:41:41 -0400] "GET /wp-content/plugins/revslider/includes/external/page/index.php HTTP/1.1" 301 0 "-" "Mozilla/5.0 (Windows NT 10.0; Win64; x64) AppleWebKit/537.36 (KHTML, like Gecko) Chrome/83.0.4103.61 Safari/537.36"
146.70.36.140 - - [17/Apr/2025:20:41:44 -0400] "GET /admin/function.php HTTP/1.1" 404 6820 "-" "Mozilla/5.0 (Windows NT 10.0; Win64; x64) AppleWebKit/537.36 (KHTML, like Gecko) Chrome/80.0.3987.149 Safari/537.36"
146.70.36.142 - - [17/Apr/2025:20:41:47 -0400] "GET /mah/function.php HTTP/1.1" 404 6820 "-" "Mozilla/5.0 (Macintosh; Intel Mac OS X 10_10_1) AppleWebKit/537.36 (KHTML, like Gecko) Chrome/39.0.2171.95 Safari/537.36"
146.70.36.140 - - [17/Apr/2025:20:41:49 -0400] "GET /contact.php HTTP/1.1" 404 6820 "-" "Mozilla/5.0 (Windows NT 6.1; Win64; x64) AppleWebKit/537.36 (KHTML, like Gecko) Chrome/58.0.3029.110 Safari/537.3"
146.70.36.142 - - [17/Apr/2025:20:41:52 -0400] "GET /classwithtostring.php HTTP/1.1" 404 6820 "-" "Mozilla/5.0 (Windows NT 10.0; Win64; x64) AppleWebKit/537.36 (KHTML, like Gecko) Chrome/77.0.3865.90 Safari/537.36"
146.70.36.140 - - [17/Apr/2025:20:41:54 -0400] "GET /mah.php?p= HTTP/1.1" 301 0 "-" "Mozilla/5.0 (Windows NT 10.0; Win64; x64) AppleWebKit/537.36 (KHTML, like Gecko) Chrome/80.0.3987.149 Safari/537.36"
146.70.36.142 - - [17/Apr/2025:20:41:56 -0400] "GET /goods.php HTTP/1.1" 404 6820 "-" "Mozilla/5.0 (Windows NT 10.0; Win64; x64; rv:67.0) Gecko/20100101 Firefox/67.0"
146.70.36.140 - - [17/Apr/2025:20:42:00 -0400] "GET /wp-add.php HTTP/1.1" 404 6821 "-" "Mozilla/5.0 (Windows NT 10.0; Win64; x64; rv:77.0) Gecko/20100101 Firefox/77.0"
146.70.36.142 - - [17/Apr/2025:20:42:02 -0400] "GET /OVA-UNAME.php HTTP/1.1" 404 6820 "-" "Mozilla/5.0 (Windows NT 10.0; Win64; x64) AppleWebKit/537.36 (KHTML, like Gecko) Chrome/77.0.3865.90 Safari/537.36"
146.70.36.140 - - [17/Apr/2025:20:42:04 -0400] "GET /buy.php HTTP/1.1" 404 6821 "-" "Mozilla/5.0 (Windows NT 10.0; WOW64) AppleWebKit/537.36 (KHTML, like Gecko) Chrome/84.0.4147.105 Safari/537.36"
146.70.36.142 - - [17/Apr/2025:20:42:07 -0400] "GET /wp-content/themes/deeto/login.php HTTP/1.1" 404 6820 "-" "Mozilla/5.0 (Windows NT 10.0; WOW64; x64) AppleWebKit/537.36 (KHTML, like Gecko) Chrome/84.0.4147.105 Safari/537.36 OPR/70.0.3728.95"
146.70.36.140 - - [17/Apr/2025:20:42:08 -0400] "GET /wp-admin/images/about.php HTTP/1.1" 404 6820 "-" "Mozilla/5.0 (Windows NT 10.0; Win64; x64) AppleWebKit/537.36 (KHTML, like Gecko) Chrome/83.0.4103.61 Safari/537.36"
146.70.36.142 - - [17/Apr/2025:20:42:11 -0400] "GET /wp-content/themes/seotheme/mar.php HTTP/1.1" 404 6820 "-" "Mozilla/5.0 (Linux x86_64; rv:79.0) Gecko/20100101 Firefox/79.0"
146.70.36.140 - - [17/Apr/2025:20:42:15 -0400] "GET /403.php HTTP/1.1" 404 6820 "-" "Mozilla/5.0 (Windows NT 10.0; Win64; x64) AppleWebKit/537.36 (KHTML, like Gecko) Chrome/83.0.4103.97 Safari/537.36"
146.70.36.142 - - [17/Apr/2025:20:42:17 -0400] "GET /alfa-rex.php7 HTTP/1.1" 404 6820 "-" "Mozilla/5.0 (X11; Linux x86_64) AppleWebKit/537.36 (KHTML, like Gecko) Chrome/84.0.4147.105 Safari/537.36 OPR/70.0.3728.95"
146.70.36.140 - - [17/Apr/2025:20:42:20 -0400] "GET /wp-includes/css/index.php HTTP/1.1" 301 0 "-" "Mozilla/5.0 (Windows NT 10.0; Win64; x64) AppleWebKit/537.36 (KHTML, like Gecko) Chrome/84.0.4147.105 Safari/537.36 OPR/70.0.3728.95"
146.70.36.142 - - [17/Apr/2025:20:42:22 -0400] "GET /wp-includes/fonts/index.php HTTP/1.1" 301 0 "-" "Mozilla/5.0 (Windows NT 10.0; Win64; x64) AppleWebKit/537.36 (KHTML, like Gecko) Chrome/70.0.3538.110 Safari/537.36"
146.70.36.140 - - [17/Apr/2025:20:42:25 -0400] "GET /wp-includes/Text/about.php HTTP/1.1" 404 6820 "-" "Mozilla/5.0 (Windows NT 10.0; Win64; x64) AppleWebKit/537.36 (KHTML, like Gecko) Chrome/81.0.4044.129 Safari/537.36"
146.70.36.142 - - [17/Apr/2025:20:42:29 -0400] "GET /wp-includes/css/about.php HTTP/1.1" 404 6820 "-" "Mozilla/5.0 (Windows NT 10.0; Win64; x64) AppleWebKit/537.36 (KHTML, like Gecko) Chrome/84.0.4147.105 Safari/537.36"
146.70.36.142 - - [17/Apr/2025:20:42:34 -0400] "GET /text.php HTTP/1.1" 404 6820 "-" "Mozilla/5.0 (Windows NT 6.1; Win64; x64) AppleWebKit/537.36 (KHTML, like Gecko) Chrome/74.0.3729.169 Safari/537.36"
198.54.114.83 - - [17/Apr/2025:20:42:36 -0400] "POST /wp-cron.php?doing_wp_cron=1744936954.3709759712219238281250 HTTP/1.1" 200 0 "-" "WordPress/6.8; https://christianmantopoulos.com"
146.70.36.140 - - [17/Apr/2025:20:42:38 -0400] "GET /xc.php HTTP/1.1" 404 6820 "-" "Mozilla/5.0 (Macintosh; Intel Mac OS X 10_15_6) AppleWebKit/537.36 (KHTML, like Gecko) Chrome/84.0.4147.125 Safari/537.36"
146.70.36.142 - - [17/Apr/2025:20:42:42 -0400] "GET /wp-content/themes/about.php HTTP/1.1" 404 6819 "-" "Mozilla/5.0 (X11; Fedora; Linux x86_64; rv:79.0) Gecko/20100101 Firefox/79.0"
146.70.36.140 - - [17/Apr/2025:20:42:44 -0400] "GET /wp-admin/images/wp-login.php HTTP/1.1" 404 6820 "-" "Mozilla/5.0 (Macintosh; Intel Mac OS X 10.15; rv:79.0) Gecko/20100101 Firefox/79.0"
146.70.36.142 - - [17/Apr/2025:20:42:48 -0400] "GET /1.php HTTP/1.1" 404 6820 "-" "Mozilla/5.0 (Windows NT 10.0; Win64; x64) AppleWebKit/537.36 (KHTML, like Gecko) Chrome/58.0.3029.110 Safari/537.3"
146.70.36.140 - - [17/Apr/2025:20:42:51 -0400] "GET /wp-content/plugins/about.php HTTP/1.1" 404 6820 "-" "Mozilla/5.0 (Windows NT 10.0; Win64; x64) AppleWebKit/537.36 (KHTML, like Gecko) Chrome/84.0.4147.105 Safari/537.36"
146.70.36.142 - - [17/Apr/2025:20:42:54 -0400] "GET /filemanager/dialog.php HTTP/1.1" 404 6820 "-" "Mozilla/5.0 (Windows NT 6.3; Win64; x64; rv:73.0) Gecko/20100101 Firefox/73.0"
146.70.36.140 - - [17/Apr/2025:20:42:58 -0400] "GET /cgi-bin/xmrlpc.php HTTP/1.1" 404 6820 "-" "Mozilla/5.0 (Macintosh; Intel Mac OS X 10_10_1) AppleWebKit/537.36 (KHTML, like Gecko) Chrome/39.0.2171.95 Safari/537.36"
146.70.36.142 - - [17/Apr/2025:20:43:03 -0400] "GET /bk/index.php HTTP/1.1" 301 0 "-" "Mozilla/5.0 (Windows NT 10.0; Win64; x64) AppleWebKit/537.36 (KHTML, like Gecko) Chrome/81.0.4044.129 Safari/537.36"
146.70.36.140 - - [17/Apr/2025:20:43:06 -0400] "GET /css/index.php HTTP/1.1" 301 0 "-" "Mozilla/5.0 (Windows NT 10.0; Win64; x64) AppleWebKit/537.36 (KHTML, like Gecko) Chrome/77.0.3865.90 Safari/537.36"
146.70.36.142 - - [17/Apr/2025:20:43:10 -0400] "GET /go.php HTTP/1.1" 404 6820 "-" "Mozilla/5.0 (Windows NT 10.0; WOW64; Trident/7.0; .NET4.0C; .NET4.0E; .NET CLR 2.0.50727; .NET CLR 3.0.30729; .NET CLR 3.5.30729; rv:11.0) like Gecko"
146.70.36.140 - - [17/Apr/2025:20:43:14 -0400] "GET /files/index.php HTTP/1.1" 301 0 "-" "Mozilla/5.0 (Windows NT 6.1; Win64; x64) AppleWebKit/537.36 (KHTML, like Gecko) Chrome/80.0.3987.149 Safari/537.36"
146.70.36.142 - - [17/Apr/2025:20:43:18 -0400] "GET /byp.php HTTP/1.1" 404 6820 "-" "Mozilla/5.0 (Windows NT 10.0; Win64; x64) AppleWebKit/537.36 (KHTML, like Gecko) Chrome/81.0.4044.129 Safari/537.36"
146.70.36.140 - - [17/Apr/2025:20:43:23 -0400] "GET /wp-content/themes/pridmag/db.php?u HTTP/1.1" 404 6820 "-" "Mozilla/5.0 (Windows NT 10.0; Win64; x64) AppleWebKit/537.36 (KHTML, like Gecko) Chrome/84.0.4147.105 Safari/537.36 OPR/70.0.3728.95"
52.169.25.97 - - [17/Apr/2025:20:43:24 -0400] "GET /.alf.php HTTP/1.1" 404 6820 "-" "-"
146.70.36.142 - - [17/Apr/2025:20:43:27 -0400] "GET /wp-includes/IXR/wp-login.php HTTP/1.1" 404 6820 "-" "Mozilla/5.0 (X11; Linux x86_64) AppleWebKit/537.36 (KHTML, like Gecko) Chrome/84.0.4147.105 Safari/537.36 OPR/70.0.3728.95"
52.169.25.97 - - [17/Apr/2025:20:43:29 -0400] "GET /.tmb/ HTTP/1.1" 404 6820 "-" "-"
146.70.36.140 - - [17/Apr/2025:20:43:33 -0400] "GET /wp-content/plugins/WordPressCore/index.php HTTP/1.1" 301 0 "-" "Mozilla/5.0 (Windows NT 10.0; Win64; x64) AppleWebKit/537.36 (KHTML, like Gecko) Chrome/84.0.4147.105 Safari/537.36 OPR/70.0.3728.95"
52.169.25.97 - - [17/Apr/2025:20:43:34 -0400] "GET /.tmb/mariju.php HTTP/1.1" 404 6820 "-" "-"
146.70.36.140 - - [17/Apr/2025:20:43:38 -0400] "GET /gawean.PhP7 HTTP/1.1" 404 6820 "-" "Mozilla/5.0 (X11; Linux x86_64) AppleWebKit/537.36 (KHTML, like Gecko) Chrome/84.0.4147.105 Safari/537.36"
52.169.25.97 - - [17/Apr/2025:20:43:38 -0400] "GET /.tmb/wp-login.php HTTP/1.1" 404 6820 "-" "-"
198.54.114.83 - - [17/Apr/2025:20:43:40 -0400] "POST /wp-cron.php?doing_wp_cron=1744937018.4855599403381347656250 HTTP/1.1" 200 0 "-" "WordPress/6.8; https://christianmantopoulos.com"
198.54.114.83 - - [17/Apr/2025:20:43:40 -0400] "POST /wp-cron.php?doing_wp_cron=1744937018.4913480281829833984375 HTTP/1.1" 200 0 "-" "WordPress/6.8; https://christianmantopoulos.com"
52.169.25.97 - - [17/Apr/2025:20:43:43 -0400] "GET /.well-known/ HTTP/1.1" 404 6819 "-" "-"
146.70.36.142 - - [17/Apr/2025:20:43:43 -0400] "GET /baxa1.php7 HTTP/1.1" 404 6820 "-" "Mozilla/5.0 (Windows NT 10.0; Win64; x64; rv:76.0) Gecko/20100101 Firefox/76.0"
52.169.25.97 - - [17/Apr/2025:20:43:47 -0400] "GET /.well-known//about.php HTTP/1.1" 301 0 "-" "-"
146.70.36.140 - - [17/Apr/2025:20:43:48 -0400] "GET /wp-content/plugins/erinyani/gebase.php HTTP/1.1" 404 6820 "-" "Mozilla/5.0 (X11; Linux i686; rv:79.0) Gecko/20100101 Firefox/79.0"
52.169.25.97 - - [17/Apr/2025:20:43:51 -0400] "GET /.well-known/about.php HTTP/1.1" 404 6820 "-" "-"
146.70.36.142 - - [17/Apr/2025:20:43:53 -0400] "GET /wp-includes/blocks/about.php HTTP/1.1" 404 6820 "-" "Mozilla/5.0 (Macintosh; Intel Mac OS X 10_15_6) AppleWebKit/537.36 (KHTML, like Gecko) Chrome/84.0.4147.105 Safari/537.36 OPR/70.0.3728.95"
52.169.25.97 - - [17/Apr/2025:20:43:54 -0400] "GET /.well-known/ALFA_DATA/alfacgiapi/perl.alfa.php HTTP/1.1" 404 6820 "-" "-"
146.70.36.140 - - [17/Apr/2025:20:43:56 -0400] "GET /click.php HTTP/1.1" 404 6820 "-" "Mozilla/5.0 (Macintosh; Intel Mac OS X 10_15_6) AppleWebKit/537.36 (KHTML, like Gecko) Chrome/84.0.4147.105 Safari/537.36"
52.169.25.97 - - [17/Apr/2025:20:43:58 -0400] "GET /.well-known/about.php HTTP/1.1" 404 6820 "-" "-"
146.70.36.142 - - [17/Apr/2025:20:43:58 -0400] "GET /wp-admin/classwithtostring.php HTTP/1.1" 404 6820 "-" "Mozilla/5.0 (Windows NT 10.0; Win64; x64) AppleWebKit/537.36 (KHTML, like Gecko) Chrome/83.0.4103.61 Safari/537.36"
52.169.25.97 - - [17/Apr/2025:20:44:00 -0400] "GET /.well-known/acme-challenge/ HTTP/1.1" 404 6821 "-" "-"
146.70.36.140 - - [17/Apr/2025:20:44:02 -0400] "GET /filemanager.php?p= HTTP/1.1" 301 0 "-" "Mozilla/5.0 (Windows NT 6.3; Win64; x64; rv:73.0) Gecko/20100101 Firefox/73.0"
52.169.25.97 - - [17/Apr/2025:20:44:03 -0400] "GET /.well-known/acme-challenge//.info.php HTTP/1.1" 301 0 "-" "-"
146.70.36.142 - - [17/Apr/2025:20:44:06 -0400] "GET /wp-content/about.php HTTP/1.1" 404 6820 "-" "Mozilla/5.0 (Windows NT 10.0; Win64; x64) AppleWebKit/537.36 (KHTML, like Gecko) Chrome/74.0.3729.157 Safari/537.36"
52.169.25.97 - - [17/Apr/2025:20:44:07 -0400] "GET /.well-known/acme-challenge/.info.php HTTP/1.1" 404 6820 "-" "-"
146.70.36.140 - - [17/Apr/2025:20:44:10 -0400] "GET /wp-includes/assets/index.php HTTP/1.1" 301 0 "-" "Mozilla/5.0 (Windows NT 10.0; Win64; x64) AppleWebKit/537.36 (KHTML, like Gecko) Chrome/81.0.4044.129 Safari/537.36"
52.169.25.97 - - [17/Apr/2025:20:44:11 -0400] "GET /.well-known/acme-challenge//muse.php HTTP/1.1" 301 0 "-" "-"
146.70.36.142 - - [17/Apr/2025:20:44:14 -0400] "GET /wp-content/uploads/index.php HTTP/1.1" 301 0 "-" "Mozilla/5.0 (Windows NT 10.0; Win64; x64; rv:75.0) Gecko/20100101 Firefox/75.0"
52.169.25.97 - - [17/Apr/2025:20:44:15 -0400] "GET /.well-known/acme-challenge/muse.php HTTP/1.1" 404 6820 "-" "-"
146.70.36.140 - - [17/Apr/2025:20:44:17 -0400] "GET /wp-admin/css/wp-login.php HTTP/1.1" 404 6820 "-" "Mozilla/5.0 (Windows NT 10.0; Win64; x64; rv:72.0) Gecko/20100101 Firefox/72.0"
52.169.25.97 - - [17/Apr/2025:20:44:19 -0400] "GET /.well-known/acme-challenge//wp-protector.php HTTP/1.1" 301 0 "-" "-"
52.169.25.97 - - [17/Apr/2025:20:44:23 -0400] "GET /.well-known/acme-challenge/wp-protector.php HTTP/1.1" 404 6820 "-" "-"
146.70.36.142 - - [17/Apr/2025:20:44:23 -0400] "GET /baxa1.php HTTP/1.1" 404 6820 "-" "Mozilla/5.0 (Windows NT 10.0; Win64; x64) AppleWebKit/537.36 (KHTML, like Gecko) Chrome/80.0.3987.149 Safari/537.36"
146.70.36.140 - - [17/Apr/2025:20:44:27 -0400] "GET /wp-content/plugins/linkpreview/db.php?u HTTP/1.1" 404 6820 "-" "Mozilla/5.0 (Windows NT 10.0; Win64; x64) AppleWebKit/537.36 (KHTML, like Gecko) Chrome/70.0.3538.77 Safari/537.36"
52.169.25.97 - - [17/Apr/2025:20:44:27 -0400] "GET /.well-known/acme-challenge/Llj.php HTTP/1.1" 404 6820 "-" "-"
146.70.36.140 - - [17/Apr/2025:20:44:33 -0400] "GET /in.php HTTP/1.1" 404 6820 "-" "Mozilla/5.0 (Windows NT 10.0) AppleWebKit/537.36 (KHTML, like Gecko) Chrome/72.0.3626.121 Safari/537.36"
52.169.25.97 - - [17/Apr/2025:20:44:33 -0400] "GET /.well-known/acme-challenge/about.php?p= HTTP/1.1" 301 0 "-" "-"
52.169.25.97 - - [17/Apr/2025:20:44:36 -0400] "GET /.well-known/acme-challenge/about.php HTTP/1.1" 404 6820 "-" "-"
146.70.36.142 - - [17/Apr/2025:20:44:36 -0400] "GET /geju.php HTTP/1.1" 404 6820 "-" "Mozilla/5.0 (Macintosh; Intel Mac OS X 10_15_6) AppleWebKit/537.36 (KHTML, like Gecko) Chrome/84.0.4147.105 Safari/537.36 OPR/70.0.3728.95"
146.70.36.140 - - [17/Apr/2025:20:44:39 -0400] "GET /wp-admin/includes/index.php HTTP/1.1" 301 0 "-" "Mozilla/5.0 (Windows NT 6.1; Win64; x64) AppleWebKit/537.36 (KHTML, like Gecko) Chrome/74.0.3729.169 Safari/537.36"
52.169.25.97 - - [17/Apr/2025:20:44:39 -0400] "GET /.well-known/acme-challenge/admiin.php HTTP/1.1" 404 6820 "-" "-"
198.54.114.83 - - [17/Apr/2025:20:44:41 -0400] "POST /wp-cron.php?doing_wp_cron=1744937079.3978579044342041015625 HTTP/1.1" 200 0 "-" "WordPress/6.8; https://christianmantopoulos.com"
146.70.36.142 - - [17/Apr/2025:20:44:42 -0400] "GET /wp-signup.php HTTP/1.1" 302 0 "-" "Mozilla/5.0 (Windows NT 6.1; Win64; x64) AppleWebKit/537.36 (KHTML, like Gecko) Chrome/78.0.3904.108 Safari/537.36"
52.169.25.97 - - [17/Apr/2025:20:44:43 -0400] "GET /.well-known/acme-challenge/admin.php HTTP/1.1" 404 6820 "-" "-"
146.70.36.140 - - [17/Apr/2025:20:44:46 -0400] "GET /wp-includes/js/tinymce/skins/lightgray/img/index.php?p= HTTP/1.1" 301 0 "-" "Mozilla/5.0 (Windows NT 10.0; Win64; x64; rv:79.0) Gecko/20100101 Firefox/79.0"
52.169.25.97 - - [17/Apr/2025:20:44:46 -0400] "GET /.well-known/acme-challenge/atomlib.php HTTP/1.1" 404 6820 "-" "-"
146.70.36.142 - - [17/Apr/2025:20:44:50 -0400] "GET /elp.php HTTP/1.1" 404 6820 "-" "Mozilla/5.0 (Windows NT 10.0) AppleWebKit/537.36 (KHTML, like Gecko) Chrome/84.0.4147.105 Safari/537.36"
52.169.25.97 - - [17/Apr/2025:20:44:50 -0400] "GET /.well-known/acme-challenge/cloud.php HTTP/1.1" 404 6820 "-" "-"
146.70.36.140 - - [17/Apr/2025:20:44:53 -0400] "GET /wp-includes/makeasmtp.php HTTP/1.1" 404 6820 "-" "Mozilla/5.0 (X11; Ubuntu; Linux x86_64; rv:79.0) Gecko/20100101 Firefox/79.0"
52.169.25.97 - - [17/Apr/2025:20:44:53 -0400] "GET /.well-known/acme-challenge/index.php HTTP/1.1" 301 0 "-" "-"
52.169.25.97 - - [17/Apr/2025:20:44:56 -0400] "GET /.well-known/acme-challenge/ HTTP/1.1" 404 6821 "-" "-"
146.70.36.142 - - [17/Apr/2025:20:44:56 -0400] "GET /wp-includes/about.php HTTP/1.1" 404 6820 "-" "Mozilla/5.0 (Windows NT 10.0; WOW64) AppleWebKit/537.36 (KHTML, like Gecko) Chrome/84.0.4147.105 Safari/537.36"
52.169.25.97 - - [17/Apr/2025:20:44:59 -0400] "GET /.well-known/acme-challenge/index.php?p= HTTP/1.1" 301 0 "-" "-"
146.70.36.140 - - [17/Apr/2025:20:45:00 -0400] "GET /chosen-667.php HTTP/1.1" 404 6821 "-" "Mozilla/5.0 (Windows NT 10.0; Win64; x64; rv:66.0) Gecko/20100101 Firefox/66.0"
52.169.25.97 - - [17/Apr/2025:20:45:03 -0400] "GET /.well-known/acme-challenge/ HTTP/1.1" 404 6821 "-" "-"
146.70.36.142 - - [17/Apr/2025:20:45:04 -0400] "GET /network.php HTTP/1.1" 404 6821 "-" "Mozilla/5.0 (Windows NT 6.1; Win64; x64) AppleWebKit/537.36 (KHTML, like Gecko) Chrome/80.0.3987.149 Safari/537.36"
52.169.25.97 - - [17/Apr/2025:20:45:08 -0400] "GET /.well-known/acme-challenge/install.php HTTP/1.1" 404 6820 "-" "-"
146.70.178.118 - - [17/Apr/2025:20:45:09 -0400] "GET /wp-content/themes/twentytwenty/404.php HTTP/1.1" 404 6820 "-" "Mozilla/5.0 (X11; Ubuntu; Linux i686; rv:79.0) Gecko/20100101 Firefox/79.0"
52.169.25.97 - - [17/Apr/2025:20:45:12 -0400] "GET /.well-known/acme-challenge/makeasmtp.php HTTP/1.1" 404 6820 "-" "-"
146.70.178.118 - - [17/Apr/2025:20:45:14 -0400] "GET /.well-known/acme-challenge/index.php HTTP/1.1" 301 0 "-" "Mozilla/5.0 (Windows NT 10.0; Win64; x64) AppleWebKit/537.36 (KHTML, like Gecko) Chrome/81.0.4044.129 Safari/537.36"
52.169.25.97 - - [17/Apr/2025:20:45:17 -0400] "GET /.well-known/acme-challenge/makeasmtp.php?p= HTTP/1.1" 301 0 "-" "-"
146.70.178.118 - - [17/Apr/2025:20:45:18 -0400] "GET /wp-mail.php/wp-includes/ID3/class-config.php HTTP/1.1" 403 1138 "-" "Mozilla/5.0 (X11; Linux i686; rv:79.0) Gecko/20100101 Firefox/79.0"
52.169.25.97 - - [17/Apr/2025:20:45:21 -0400] "GET /.well-known/acme-challenge/makeasmtp.php HTTP/1.1" 404 6820 "-" "-"
146.70.178.118 - - [17/Apr/2025:20:45:22 -0400] "GET /wp-admin/x.php HTTP/1.1" 404 6820 "-" "Mozilla/5.0 (Windows NT 10.0; Win64; x64; rv:73.0) Gecko/20100101 Firefox/73.0"
52.169.25.97 - - [17/Apr/2025:20:45:24 -0400] "GET /.well-known/acme-challenge/radio.php HTTP/1.1" 404 6820 "-" "-"
146.70.178.118 - - [17/Apr/2025:20:45:25 -0400] "GET /yanz.php HTTP/1.1" 404 6820 "-" "Mozilla/5.0 (Windows NT 10.0; Win64; x64) AppleWebKit/537.36 (KHTML, like Gecko) Chrome/77.0.3865.90 Safari/537.36"
52.169.25.97 - - [17/Apr/2025:20:45:27 -0400] "GET /.well-known/acme-challenge/themes.php HTTP/1.1" 404 6820 "-" "-"
146.70.178.118 - - [17/Apr/2025:20:45:29 -0400] "GET /wp-content/uploads/autoload_classmap.php HTTP/1.1" 404 6820 "-" "Mozilla/5.0 (Windows NT 10.0; Win64; x64) AppleWebKit/537.36 (KHTML, like Gecko) Chrome/79.0.3945.88 Safari/537.36"
52.169.25.97 - - [17/Apr/2025:20:45:31 -0400] "GET /.well-known/acme-challenge/x2.php HTTP/1.1" 404 6820 "-" "-"
146.70.178.118 - - [17/Apr/2025:20:45:34 -0400] "GET /wp-content/upgrade/function.php HTTP/1.1" 404 6820 "-" "Mozilla/5.0 (Windows NT 10.0; Win64; x64; rv:71.0) Gecko/20100101 Firefox/71.0"
52.169.25.97 - - [17/Apr/2025:20:45:35 -0400] "GET /.well-known/acme-challenge/xmrlpc.php?p= HTTP/1.1" 301 0 "-" "-"
146.70.178.118 - - [17/Apr/2025:20:45:38 -0400] "GET /wp-admin/maint/go.php HTTP/1.1" 404 6820 "-" "Mozilla/5.0 (X11; Linux i686; rv:79.0) Gecko/20100101 Firefox/79.0"
52.169.25.97 - - [17/Apr/2025:20:45:38 -0400] "GET /.well-known/acme-challenge/xmrlpc.php HTTP/1.1" 404 6820 "-" "-"
52.169.25.97 - - [17/Apr/2025:20:45:40 -0400] "GET /.well-known/acme-challenge/xp.php HTTP/1.1" 404 6820 "-" "-"
146.70.178.118 - - [17/Apr/2025:20:45:40 -0400] "GET /.well-known/acme-challenge/zmFM.php HTTP/1.1" 404 6820 "-" "Mozilla/5.0 (X11; Linux i686; rv:79.0) Gecko/20100101 Firefox/79.0"
198.54.114.83 - - [17/Apr/2025:20:45:42 -0400] "POST /wp-cron.php?doing_wp_cron=1744937140.8050529956817626953125 HTTP/1.1" 200 0 "-" "WordPress/6.8; https://christianmantopoulos.com"
52.169.25.97 - - [17/Apr/2025:20:45:43 -0400] "GET /.well-known/admin.php HTTP/1.1" 404 6820 "-" "-"
146.70.178.118 - - [17/Apr/2025:20:45:45 -0400] "GET /worm0.PhP7 HTTP/1.1" 404 6819 "-" "Mozilla/5.0 (Windows NT 10.0; Win64; x64) AppleWebKit/537.36 (KHTML, like Gecko) Chrome/79.0.3945.130 Safari/537.36"
52.169.25.97 - - [17/Apr/2025:20:45:47 -0400] "GET /.well-known/apap.php HTTP/1.1" 404 6820 "-" "-"
146.70.178.118 - - [17/Apr/2025:20:45:49 -0400] "GET /wp-content/cong.php HTTP/1.1" 404 6820 "-" "Mozilla/5.0 (Windows NT 6.1; Win64; x64) AppleWebKit/537.36 (KHTML, like Gecko) Chrome/78.0.3904.108 Safari/537.36"
52.169.25.97 - - [17/Apr/2025:20:45:50 -0400] "GET /.well-known/as.php HTTP/1.1" 404 6820 "-" "-"
146.70.178.118 - - [17/Apr/2025:20:45:52 -0400] "GET /wp-admin/includes/xmrlpc.php?p= HTTP/1.1" 301 0 "-" "Mozilla/5.0 (Windows NT 10.0; Win64; x64) AppleWebKit/537.36 (KHTML, like Gecko) Chrome/83.0.4103.97 Safari/537.36"
52.169.25.97 - - [17/Apr/2025:20:45:53 -0400] "GET /.well-known/autoload_classmap.php HTTP/1.1" 404 6820 "-" "-"
146.70.178.118 - - [17/Apr/2025:20:45:55 -0400] "GET /wp-content/languages/index.php HTTP/1.1" 301 0 "-" "Mozilla/5.0 (Macintosh; Intel Mac OS X 10_10_1) AppleWebKit/537.36 (KHTML, like Gecko) Chrome/39.0.2171.95 Safari/537.36"
52.169.25.97 - - [17/Apr/2025:20:45:55 -0400] "GET /.well-known/content.php HTTP/1.1" 404 6820 "-" "-"
146.70.178.118 - - [17/Apr/2025:20:45:57 -0400] "GET /wp-admin/maint/index.php HTTP/1.1" 301 0 "-" "Mozilla/5.0 (Windows NT 10.0; Win64; x64) AppleWebKit/537.36 (KHTML, like Gecko) Chrome/80.0.3987.149 Safari/537.36"
52.169.25.97 - - [17/Apr/2025:20:45:58 -0400] "GET /.well-known/fierzashell.php HTTP/1.1" 404 6820 "-" "-"
146.70.178.118 - - [17/Apr/2025:20:46:03 -0400] "GET /wp-content/upgrade/about.php HTTP/1.1" 404 6820 "-" "Mozilla/5.0 (compatible; MSIE 10.0; Windows NT 6.1; Trident/6.0)"
52.169.25.97 - - [17/Apr/2025:20:46:05 -0400] "GET /.well-known/file.php HTTP/1.1" 404 6820 "-" "-"
146.70.178.118 - - [17/Apr/2025:20:46:08 -0400] "GET /wp-content/plugins/seooyanz/wsoyanzv3.7.php HTTP/1.1" 404 6820 "-" "Mozilla/5.0 (X11; Ubuntu; Linux i686; rv:79.0) Gecko/20100101 Firefox/79.0"
52.169.25.97 - - [17/Apr/2025:20:46:08 -0400] "GET /.well-known/fm.php HTTP/1.1" 404 6820 "-" "-"
52.169.25.97 - - [17/Apr/2025:20:46:13 -0400] "GET /.well-known/index.php HTTP/1.1" 301 0 "-" "-"
146.70.178.118 - - [17/Apr/2025:20:46:13 -0400] "GET /wp-admin/js/about.php HTTP/1.1" 404 6820 "-" "Mozilla/5.0 (Windows NT 10.0; WOW64; Trident/7.0; .NET4.0C; .NET4.0E; .NET CLR 2.0.50727; .NET CLR 3.0.30729; .NET CLR 3.5.30729; rv:11.0) like Gecko"
52.169.25.97 - - [17/Apr/2025:20:46:17 -0400] "GET /.well-known/ HTTP/1.1" 404 6819 "-" "-"
146.70.178.118 - - [17/Apr/2025:20:46:17 -0400] "GET /tiny.php?p= HTTP/1.1" 301 0 "-" "Mozilla/5.0 (Windows NT 10.0; Win64; x64; rv:74.0) Gecko/20100101 Firefox/74.0"
52.169.25.97 - - [17/Apr/2025:20:46:19 -0400] "GET /.well-known/index.php?p= HTTP/1.1" 301 0 "-" "-"
146.70.178.118 - - [17/Apr/2025:20:46:20 -0400] "GET /edit.php HTTP/1.1" 404 6820 "-" "Mozilla/5.0 (Macintosh; Intel Mac OS X 10_15_6) AppleWebKit/537.36 (KHTML, like Gecko) Chrome/84.0.4147.105 Safari/537.36 OPR/70.0.3728.95"
52.169.25.97 - - [17/Apr/2025:20:46:22 -0400] "GET /.well-known/ HTTP/1.1" 404 6819 "-" "-"
146.70.178.118 - - [17/Apr/2025:20:46:23 -0400] "GET /first.php HTTP/1.1" 404 6820 "-" "Mozilla/5.0 (X11; Ubuntu; Linux i686; rv:79.0) Gecko/20100101 Firefox/79.0"
52.169.25.97 - - [17/Apr/2025:20:46:24 -0400] "GET /.well-known/link.php HTTP/1.1" 404 6820 "-" "-"
146.70.178.118 - - [17/Apr/2025:20:46:25 -0400] "GET /admin/log.php HTTP/1.1" 404 6820 "-" "Mozilla/5.0 (Windows NT 10.0; Win64; x64) AppleWebKit/537.36 (KHTML, like Gecko) Chrome/70.0.3538.110 Safari/537.36"
52.169.25.97 - - [17/Apr/2025:20:46:27 -0400] "GET /.well-known/lofmebwd.php HTTP/1.1" 404 6820 "-" "-"
146.70.178.118 - - [17/Apr/2025:20:46:28 -0400] "GET /wp-includes/SimplePie/index.php HTTP/1.1" 301 0 "-" "Mozilla/5.0 (Windows NT 10.0; Win64; x64) AppleWebKit/537.36 (KHTML, like Gecko) Chrome/75.0.3770.100 Safari/537.36"
52.169.25.97 - - [17/Apr/2025:20:46:29 -0400] "GET /.well-known/lv.php HTTP/1.1" 404 6820 "-" "-"
146.70.178.118 - - [17/Apr/2025:20:46:30 -0400] "GET /wp-admin/css/colors/coffee/index.php HTTP/1.1" 301 0 "-" "Mozilla/5.0 (Windows NT 10.0; Win64; x64) AppleWebKit/537.36 (KHTML, like Gecko) Chrome/79.0.3945.130 Safari/537.36"
52.169.25.97 - - [17/Apr/2025:20:46:31 -0400] "GET /.well-known/pki-validation/ HTTP/1.1" 404 1251 "-" "-"
52.169.25.97 - - [17/Apr/2025:20:46:33 -0400] "GET /.well-known/pki-validation//parx.php HTTP/1.1" 404 1251 "-" "-"
146.70.178.118 - - [17/Apr/2025:20:46:33 -0400] "GET /wp-admin/css/colors/index.php HTTP/1.1" 301 0 "-" "Mozilla/5.0 (Windows NT 10.0; WOW64; Trident/7.0; .NET4.0C; .NET4.0E; .NET CLR 2.0.50727; .NET CLR 3.0.30729; .NET CLR 3.5.30729; rv:11.0) like Gecko"
52.169.25.97 - - [17/Apr/2025:20:46:36 -0400] "GET /.well-known/pki-validation/43e0da16-f4f8-4f0a-91d6-f41bf52aec3f.php HTTP/1.1" 404 1251 "-" "-"
146.70.178.118 - - [17/Apr/2025:20:46:36 -0400] "GET /wp-admin/includes/about.php HTTP/1.1" 404 6820 "-" "Mozilla/5.0 (Windows NT 6.1; Win64; x64) AppleWebKit/537.36 (KHTML, like Gecko) Chrome/58.0.3029.110 Safari/537.3"
52.169.25.97 - - [17/Apr/2025:20:46:37 -0400] "GET /.well-known/pki-validation/about.php HTTP/1.1" 404 1251 "-" "-"
52.169.25.97 - - [17/Apr/2025:20:46:37 -0400] "GET /.well-known/pki-validation/admin.php HTTP/1.1" 404 1251 "-" "-"
146.70.178.118 - - [17/Apr/2025:20:46:37 -0400] "GET /wp-admin/images/admin.php HTTP/1.1" 404 6820 "-" "Mozilla/5.0 (Windows NT 10.0; Win64; x64; rv:72.0) Gecko/20100101 Firefox/72.0"
52.169.25.97 - - [17/Apr/2025:20:46:39 -0400] "GET /.well-known/pki-validation/afnew.php HTTP/1.1" 404 1251 "-" "-"
146.70.178.118 - - [17/Apr/2025:20:46:39 -0400] "GET /wp-content/plugins/autoload_classmap.php HTTP/1.1" 404 6820 "-" "Mozilla/5.0 (Windows NT 10.0; Win64; x64) AppleWebKit/537.36 (KHTML, like Gecko) Chrome/81.0.4044.129 Safari/537.36"
52.169.25.97 - - [17/Apr/2025:20:46:40 -0400] "GET /.well-known/pki-validation/cloud.php HTTP/1.1" 404 1251 "-" "-"
52.169.25.97 - - [17/Apr/2025:20:46:41 -0400] "GET /.well-known/pki-validation/cux.php HTTP/1.1" 404 1251 "-" "-"
198.54.114.83 - - [17/Apr/2025:20:46:43 -0400] "POST /wp-cron.php?doing_wp_cron=1744937201.9159290790557861328125 HTTP/1.1" 200 0 "-" "WordPress/6.8; https://christianmantopoulos.com"
146.70.178.118 - - [17/Apr/2025:20:46:41 -0400] "GET /wp-includes/bak.php HTTP/1.1" 404 6820 "-" "Mozilla/5.0 (Macintosh; Intel Mac OS X 10.15; rv:79.0) Gecko/20100101 Firefox/79.0"
52.169.25.97 - - [17/Apr/2025:20:46:43 -0400] "GET /.well-known/pki-validation/doc.php HTTP/1.1" 404 1251 "-" "-"
52.169.25.97 - - [17/Apr/2025:20:46:44 -0400] "GET /.well-known/pki-validation/dropdown.php?pass=yanz HTTP/1.1" 404 1251 "-" "-"
146.70.178.118 - - [17/Apr/2025:20:46:44 -0400] "GET /bs1.php HTTP/1.1" 404 6820 "-" "Mozilla/5.0 (Windows NT 10.0) AppleWebKit/537.36 (KHTML, like Gecko) Chrome/84.0.4147.105 Safari/537.36"
52.169.25.97 - - [17/Apr/2025:20:46:46 -0400] "GET /.well-known/pki-validation/file.php HTTP/1.1" 404 1251 "-" "-"
146.70.178.118 - - [17/Apr/2025:20:46:46 -0400] "GET /wp-includes/images/wp-login.php HTTP/1.1" 404 6820 "-" "Mozilla/5.0 (Windows NT 10.0; Win64; x64) AppleWebKit/537.36 (KHTML, like Gecko) Chrome/69.0.3497.100 Safari/537.36"
52.169.25.97 - - [17/Apr/2025:20:46:47 -0400] "GET /.well-known/pki-validation/index.php HTTP/1.1" 404 1251 "-" "-"
146.70.178.118 - - [17/Apr/2025:20:46:48 -0400] "GET /wp-content/plugins/wp-theme-editor/include.php HTTP/1.1" 404 6820 "-" "Mozilla/5.0 (Windows NT 10.0; Win64; x64; rv:77.0) Gecko/20100101 Firefox/77.0"
52.169.25.97 - - [17/Apr/2025:20:46:49 -0400] "GET /.well-known/pki-validation/muse.php HTTP/1.1" 404 1251 "-" "-"
52.169.25.97 - - [17/Apr/2025:20:46:50 -0400] "GET /.well-known/pki-validation/parx.php HTTP/1.1" 404 1251 "-" "-"
146.70.178.118 - - [17/Apr/2025:20:46:50 -0400] "GET /wp-content/plugins/pwnd/1.php HTTP/1.1" 404 6820 "-" "Mozilla/5.0 (Linux x86_64; rv:79.0) Gecko/20100101 Firefox/79.0"
52.169.25.97 - - [17/Apr/2025:20:46:51 -0400] "GET /.well-known/pki-validation/plugins.php HTTP/1.1" 404 1251 "-" "-"
52.169.25.97 - - [17/Apr/2025:20:46:52 -0400] "GET /.well-known/pki-validation/pwnd.php HTTP/1.1" 404 1251 "-" "-"
146.70.178.118 - - [17/Apr/2025:20:46:52 -0400] "GET /cron.php HTTP/1.1" 404 6820 "-" "Mozilla/5.0 (Windows NT 10.0; Win64; x64; rv:77.0) Gecko/20100101 Firefox/77.0"
52.169.25.97 - - [17/Apr/2025:20:46:53 -0400] "GET /.well-known/pki-validation/wp-error_log.php HTTP/1.1" 404 1251 "-" "-"
52.169.25.97 - - [17/Apr/2025:20:46:55 -0400] "GET /.well-known/pki-validation/wp-login.php HTTP/1.1" 404 1251 "-" "-"
146.70.178.118 - - [17/Apr/2025:20:46:54 -0400] "GET /wp-content/themes/twentyfive/include.php HTTP/1.1" 404 6820 "-" "Mozilla/5.0 (Windows NT 10.0; Win64; x64) AppleWebKit/537.36 (KHTML, like Gecko) Chrome/80.0.3987.149 Safari/537.36"
52.169.25.97 - - [17/Apr/2025:20:46:57 -0400] "GET /.well-known/pki-validation/xmrlpc.php?p= HTTP/1.1" 404 1251 "-" "-"
146.70.178.118 - - [17/Apr/2025:20:46:57 -0400] "GET /db.php HTTP/1.1" 404 6820 "-" "Mozilla/5.0 (Macintosh; Intel Mac OS X 10_15_6) AppleWebKit/537.36 (KHTML, like Gecko) Chrome/84.0.4147.105 Safari/537.36 OPR/70.0.3728.95"
52.169.25.97 - - [17/Apr/2025:20:46:58 -0400] "GET /.well-known/radio.php HTTP/1.1" 404 6820 "-" "-"
146.70.178.118 - - [17/Apr/2025:20:46:59 -0400] "GET /fm.php HTTP/1.1" 404 6820 "-" "Mozilla/5.0 (X11; Linux x86_64) AppleWebKit/537.36 (KHTML, like Gecko) Chrome/84.0.4147.105 Safari/537.36 OPR/70.0.3728.95"
52.169.25.97 - - [17/Apr/2025:20:46:59 -0400] "GET /.well-known/s.php HTTP/1.1" 404 6821 "-" "-"
146.70.178.118 - - [17/Apr/2025:20:47:01 -0400] "GET /wp-includes/customize/index.php HTTP/1.1" 301 0 "-" "Mozilla/5.0 (Windows NT 10.0; Win64; x64) AppleWebKit/537.36 (KHTML, like Gecko) Chrome/83.0.4103.97 Safari/537.36"
52.169.25.97 - - [17/Apr/2025:20:47:01 -0400] "GET /.well-known/wp-login.php HTTP/1.1" 404 6820 "-" "-"
146.70.178.118 - - [17/Apr/2025:20:47:02 -0400] "GET /wp-content/upgrade-temp-backup/wp-login.php HTTP/1.1" 404 6820 "-" "Mozilla/5.0 (Windows NT 10.0; Win64; x64) AppleWebKit/537.36 (KHTML, like Gecko) Chrome/83.0.4103.61 Safari/537.36"
52.169.25.97 - - [17/Apr/2025:20:47:04 -0400] "GET /.well-known/ws.php HTTP/1.1" 404 6821 "-" "-"
146.70.178.118 - - [17/Apr/2025:20:47:04 -0400] "GET /a.php HTTP/1.1" 404 6820 "-" "Mozilla/5.0 (X11; Fedora; Linux x86_64; rv:79.0) Gecko/20100101 Firefox/79.0"
52.169.25.97 - - [17/Apr/2025:20:47:06 -0400] "GET /.well-known/wso112233.php HTTP/1.1" 404 6820 "-" "-"
146.70.178.118 - - [17/Apr/2025:20:47:07 -0400] "GET /wp-admin/css/colors/blue/atomlib.php HTTP/1.1" 404 6820 "-" "Mozilla/5.0 (Windows NT 10.0; Win64; x64) AppleWebKit/537.36 (KHTML, like Gecko) Chrome/83.0.4103.97 Safari/537.36"
52.169.25.97 - - [17/Apr/2025:20:47:08 -0400] "GET /.well-knownold/wso112233.php HTTP/1.1" 404 6820 "-" "-"
146.70.178.118 - - [17/Apr/2025:20:47:11 -0400] "GET /wp-includes/themes.php HTTP/1.1" 404 6820 "-" "Mozilla/5.0 (Windows NT 6.1; Win64; x64) AppleWebKit/537.36 (KHTML, like Gecko) Chrome/80.0.3987.149 Safari/537.36"
52.169.25.97 - - [17/Apr/2025:20:47:11 -0400] "GET /.wp-cli/wp-login.php HTTP/1.1" 404 6820 "-" "-"
146.70.178.118 - - [17/Apr/2025:20:47:13 -0400] "GET /chosen.php?p= HTTP/1.1" 301 0 "-" "Mozilla/5.0 (Windows NT 10.0; Win64; x64) AppleWebKit/537.36 (KHTML, like Gecko) Chrome/69.0.3497.100 Safari/537.36"
52.169.25.97 - - [17/Apr/2025:20:47:13 -0400] "GET //.well-known/acme-challenge/cloud.php HTTP/1.1" 301 0 "-" "-"
52.169.25.97 - - [17/Apr/2025:20:47:16 -0400] "GET /.well-known/acme-challenge/cloud.php HTTP/1.1" 404 6820 "-" "-"
146.70.178.118 - - [17/Apr/2025:20:47:16 -0400] "GET /wp-content/plugins/core-plugin/include.php HTTP/1.1" 404 6820 "-" "Mozilla/5.0 (Windows NT 10.0; Win64; x64; rv:76.0) Gecko/20100101 Firefox/76.0"
52.169.25.97 - - [17/Apr/2025:20:47:17 -0400] "GET //.well-known/acme-challenge/install.php HTTP/1.1" 301 0 "-" "-"
146.70.178.118 - - [17/Apr/2025:20:47:18 -0400] "GET /back.php?p= HTTP/1.1" 301 0 "-" "Mozilla/5.0 (Windows NT 10.0; Win64; x64) AppleWebKit/537.36 (KHTML, like Gecko) Chrome/70.0.3538.110 Safari/537.36"
52.169.25.97 - - [17/Apr/2025:20:47:20 -0400] "GET /.well-known/acme-challenge/install.php HTTP/1.1" 404 6820 "-" "-"
146.70.178.118 - - [17/Apr/2025:20:47:21 -0400] "GET /wp-admin/css/about.php HTTP/1.1" 404 6820 "-" "Mozilla/5.0 (Windows NT 10.0) AppleWebKit/537.36 (KHTML, like Gecko) Chrome/72.0.3626.121 Safari/537.36"
52.169.25.97 - - [17/Apr/2025:20:47:23 -0400] "GET //.well-known/acme-challenge/my1.php HTTP/1.1" 301 0 "-" "-"
146.70.178.118 - - [17/Apr/2025:20:47:24 -0400] "GET /wp-admin/js/widgets/autoload_classmap.php HTTP/1.1" 404 6820 "-" "Mozilla/5.0 (Windows NT 10.0; Win64; x64) AppleWebKit/537.36 (KHTML, like Gecko) Chrome/74.0.3729.169 Safari/537.36"
198.54.114.83 - - [17/Apr/2025:20:47:25 -0400] "POST /wp-cron.php?doing_wp_cron=1744937243.2567210197448730468750 HTTP/1.1" 200 0 "-" "WordPress/6.8; https://christianmantopoulos.com"
