52.170.45.46 - - [14/Apr/2025:18:35:58 -0400] "GET /index.php HTTP/1.1" 404 1251 "-" "-"
52.170.45.46 - - [14/Apr/2025:18:35:58 -0400] "GET /inputs.php HTTP/1.1" 404 1251 "-" "-"
52.170.45.46 - - [14/Apr/2025:18:35:58 -0400] "GET /jquery.php HTTP/1.1" 404 1251 "-" "-"
52.170.45.46 - - [14/Apr/2025:18:35:58 -0400] "GET /libraries/php HTTP/1.1" 404 1251 "-" "-"
52.170.45.46 - - [14/Apr/2025:18:35:59 -0400] "GET /lock360.php HTTP/1.1" 404 1251 "-" "-"
52.170.45.46 - - [14/Apr/2025:18:35:59 -0400] "GET /login HTTP/1.1" 404 1251 "-" "-"
52.170.45.46 - - [14/Apr/2025:18:36:00 -0400] "GET /lufix.php HTTP/1.1" 404 1251 "-" "-"
52.170.45.46 - - [14/Apr/2025:18:36:00 -0400] "GET /mah.php HTTP/1.1" 404 1251 "-" "-"
52.170.45.46 - - [14/Apr/2025:18:36:00 -0400] "GET /mah/function.php HTTP/1.1" 404 1251 "-" "-"
52.170.45.46 - - [14/Apr/2025:18:36:00 -0400] "GET /mail.php HTTP/1.1" 404 1251 "-" "-"
52.170.45.46 - - [14/Apr/2025:18:36:01 -0400] "GET /maintenance.php HTTP/1.1" 404 1251 "-" "-"
52.170.45.46 - - [14/Apr/2025:18:36:01 -0400] "GET /news.php HTTP/1.1" 404 1251 "-" "-"
52.170.45.46 - - [14/Apr/2025:18:36:01 -0400] "GET /nf_tracking.php HTTP/1.1" 404 1251 "-" "-"
52.170.45.46 - - [14/Apr/2025:18:36:01 -0400] "GET /ova-tools.php HTTP/1.1" 404 1251 "-" "-"
52.170.45.46 - - [14/Apr/2025:18:36:01 -0400] "GET /pi.php HTTP/1.1" 404 1251 "-" "-"
52.170.45.46 - - [14/Apr/2025:18:36:01 -0400] "GET /plugins/custom/ HTTP/1.1" 404 1251 "-" "-"
52.170.45.46 - - [14/Apr/2025:18:36:01 -0400] "GET /post.php/wp-includes/Requests/ HTTP/1.1" 404 1251 "-" "-"
52.170.45.46 - - [14/Apr/2025:18:36:01 -0400] "GET /shell.php HTTP/1.1" 404 1251 "-" "-"
52.170.45.46 - - [14/Apr/2025:18:36:01 -0400] "GET /shellv3.php HTTP/1.1" 404 1251 "-" "-"
52.170.45.46 - - [14/Apr/2025:18:36:02 -0400] "GET /simple.php HTTP/1.1" 404 1251 "-" "-"
52.170.45.46 - - [14/Apr/2025:18:36:02 -0400] "GET /sx.php HTTP/1.1" 404 1251 "-" "-"
52.170.45.46 - - [14/Apr/2025:18:36:02 -0400] "GET /system.php HTTP/1.1" 404 1251 "-" "-"
52.170.45.46 - - [14/Apr/2025:18:36:02 -0400] "GET /system_log.php HTTP/1.1" 404 1251 "-" "-"
52.170.45.46 - - [14/Apr/2025:18:36:02 -0400] "GET /test.php HTTP/1.1" 404 1251 "-" "-"
52.170.45.46 - - [14/Apr/2025:18:36:02 -0400] "GET /text.php HTTP/1.1" 404 1251 "-" "-"
52.170.45.46 - - [14/Apr/2025:18:36:02 -0400] "GET /upload.php HTTP/1.1" 404 1251 "-" "-"
52.170.45.46 - - [14/Apr/2025:18:36:03 -0400] "GET /upload/ HTTP/1.1" 404 1251 "-" "-"
52.170.45.46 - - [14/Apr/2025:18:36:03 -0400] "GET /vendor/bin/loader.php/wp-admin/ HTTP/1.1" 404 1251 "-" "-"
52.170.45.46 - - [14/Apr/2025:18:36:03 -0400] "GET /worksec.php HTTP/1.1" 404 1251 "-" "-"
52.170.45.46 - - [14/Apr/2025:18:36:03 -0400] "GET /wp-2019.php HTTP/1.1" 404 1251 "-" "-"
52.170.45.46 - - [14/Apr/2025:18:36:03 -0400] "GET /wp-admin HTTP/1.1" 301 795 "-" "-"
52.170.45.46 - - [14/Apr/2025:18:36:03 -0400] "GET /wp-admin/ HTTP/1.1" 302 0 "-" "-"
52.170.45.46 - - [14/Apr/2025:18:36:05 -0400] "GET /wp-admin/admin.php HTTP/1.1" 302 0 "-" "-"
52.170.45.46 - - [14/Apr/2025:18:36:06 -0400] "GET /wp-admin/css/about.php/alfacgiapi/ HTTP/1.1" 404 1251 "-" "-"
52.170.45.46 - - [14/Apr/2025:18:36:06 -0400] "GET /wp-admin/css/colors/blue/atomlib.php HTTP/1.1" 404 1251 "-" "-"
52.170.45.46 - - [14/Apr/2025:18:36:06 -0400] "GET /wp-admin/css/colors/blue/index.php HTTP/1.1" 404 1251 "-" "-"
52.170.45.46 - - [14/Apr/2025:18:36:07 -0400] "GET /wp-admin/images/admin.php HTTP/1.1" 404 1251 "-" "-"
52.170.45.46 - - [14/Apr/2025:18:36:07 -0400] "GET /wp-admin/images/atomlib.php HTTP/1.1" 404 1251 "-" "-"
52.170.45.46 - - [14/Apr/2025:18:36:07 -0400] "GET /wp-admin/images/install.php HTTP/1.1" 404 1251 "-" "-"
52.170.45.46 - - [14/Apr/2025:18:36:07 -0400] "GET /wp-admin/images/wp-login.php HTTP/1.1" 404 1251 "-" "-"
52.170.45.46 - - [14/Apr/2025:18:36:07 -0400] "GET /wp-admin/images/wp-settings.phtml HTTP/1.1" 404 1251 "-" "-"
52.170.45.46 - - [14/Apr/2025:18:36:08 -0400] "GET /wp-admin/install.php HTTP/1.1" 200 526 "-" "-"
52.170.45.46 - - [14/Apr/2025:18:36:10 -0400] "GET /wp-admin/js/index.php HTTP/1.1" 404 1251 "-" "-"
52.170.45.46 - - [14/Apr/2025:18:36:10 -0400] "GET /wp-admin/maint/about.php HTTP/1.1" 404 1251 "-" "-"
52.170.45.46 - - [14/Apr/2025:18:36:10 -0400] "GET /wp-admin/setup-config.php HTTP/1.1" 409 1222 "-" "-"
52.170.45.46 - - [14/Apr/2025:18:36:10 -0400] "GET /wp-admin/user/autoload_classmap.php HTTP/1.1" 404 1251 "-" "-"
52.170.45.46 - - [14/Apr/2025:18:36:10 -0400] "GET /wp-admin/x.php HTTP/1.1" 404 1251 "-" "-"
52.170.45.46 - - [14/Apr/2025:18:36:11 -0400] "GET /wp-atom.php HTTP/1.1" 404 1251 "-" "-"
52.170.45.46 - - [14/Apr/2025:18:36:11 -0400] "GET /wp-blog.php HTTP/1.1" 404 1251 "-" "-"
52.170.45.46 - - [14/Apr/2025:18:36:11 -0400] "GET /wp-cli.php HTTP/1.1" 404 1251 "-" "-"
52.170.45.46 - - [14/Apr/2025:18:36:11 -0400] "GET /wp-configs.php HTTP/1.1" 404 1251 "-" "-"
52.170.45.46 - - [14/Apr/2025:18:36:11 -0400] "GET /wp-content/atomlib.php HTTP/1.1" 404 1251 "-" "-"
52.170.45.46 - - [14/Apr/2025:18:36:11 -0400] "GET /wp-content/languages/wp-login.php HTTP/1.1" 404 1251 "-" "-"
52.170.45.46 - - [14/Apr/2025:18:36:11 -0400] "GET /wp-content/plugins/WordPressCore/ HTTP/1.1" 404 1251 "-" "-"
52.170.45.46 - - [14/Apr/2025:18:36:12 -0400] "GET /wp-content/plugins/WordPressCore/fm.php HTTP/1.1" 404 1251 "-" "-"
52.170.45.46 - - [14/Apr/2025:18:36:12 -0400] "GET /wp-content/plugins/classic-editor/ HTTP/1.1" 404 1251 "-" "-"
52.170.45.46 - - [14/Apr/2025:18:36:12 -0400] "GET /wp-content/plugins/core-plugin/ HTTP/1.1" 404 1251 "-" "-"
52.170.45.46 - - [14/Apr/2025:18:36:12 -0400] "GET /wp-content/plugins/core-plugin/include.php HTTP/1.1" 404 1251 "-" "-"
52.170.45.46 - - [14/Apr/2025:18:36:12 -0400] "GET /wp-content/plugins/revslider/includes/external/page/index.php HTTP/1.1" 404 1251 "-" "-"
52.170.45.46 - - [14/Apr/2025:18:36:12 -0400] "GET /wp-content/plugins/seoplugins/mar.php HTTP/1.1" 404 1251 "-" "-"
52.170.45.46 - - [14/Apr/2025:18:36:12 -0400] "GET /wp-content/plugins/wp-theme-editor/include.php HTTP/1.1" 404 1251 "-" "-"
52.170.45.46 - - [14/Apr/2025:18:36:13 -0400] "GET /wp-content/shell20211028.php HTTP/1.1" 404 1251 "-" "-"
52.170.45.46 - - [14/Apr/2025:18:36:13 -0400] "GET /wp-content/themes/Divi/includes/builder/frontend-builder/assets/vendors/plugins/fullscreen/ HTTP/1.1" 404 1251 "-" "-"
52.170.45.46 - - [14/Apr/2025:18:36:13 -0400] "GET /wp-content/themes/index.php HTTP/1.1" 200 0 "-" "-"
52.170.45.46 - - [14/Apr/2025:18:36:13 -0400] "GET /wp-content/themes/pridmag/1.php HTTP/1.1" 404 1251 "-" "-"
52.170.45.46 - - [14/Apr/2025:18:36:14 -0400] "GET /wp-content/themes/sketch/404.php HTTP/1.1" 404 1251 "-" "-"
52.170.45.46 - - [14/Apr/2025:18:36:14 -0400] "GET /wp-content/themes/twentyfive/include.php HTTP/1.1" 404 1251 "-" "-"
52.170.45.46 - - [14/Apr/2025:18:36:14 -0400] "GET /wp-content/uploads HTTP/1.1" 301 795 "-" "-"
52.170.45.46 - - [14/Apr/2025:18:36:14 -0400] "GET /wp-content/uploads/ HTTP/1.1" 403 1242 "-" "-"
52.170.45.46 - - [14/Apr/2025:18:36:14 -0400] "GET /wp-content/x/index.php HTTP/1.1" 404 1251 "-" "-"
52.170.45.46 - - [14/Apr/2025:18:36:15 -0400] "GET /wp-file.php HTTP/1.1" 404 1251 "-" "-"
52.170.45.46 - - [14/Apr/2025:18:36:15 -0400] "GET /wp-includes/IXR/autoload_classmap.php HTTP/1.1" 404 1251 "-" "-"
52.170.45.46 - - [14/Apr/2025:18:36:15 -0400] "GET /wp-includes/Requests/ HTTP/1.1" 403 1242 "-" "-"
52.170.45.46 - - [14/Apr/2025:18:36:15 -0400] "GET /wp-includes/Requests/Cookie/ HTTP/1.1" 404 1251 "-" "-"
52.170.45.46 - - [14/Apr/2025:18:36:16 -0400] "GET /wp-includes/Requests/library/about.php HTTP/1.1" 404 1251 "-" "-"
52.170.45.46 - - [14/Apr/2025:18:36:16 -0400] "GET /wp-includes/SimplePie/Parse/ HTTP/1.1" 404 1251 "-" "-"
52.170.45.46 - - [14/Apr/2025:18:36:17 -0400] "GET /wp-includes/Text/chosen.php HTTP/1.1" 404 1251 "-" "-"
52.170.45.46 - - [14/Apr/2025:18:36:17 -0400] "GET /wp-includes/about.php HTTP/1.1" 404 1251 "-" "-"
52.170.45.46 - - [14/Apr/2025:18:36:17 -0400] "GET /wp-includes/blocks/autoload_classmap.php HTTP/1.1" 404 1251 "-" "-"
52.170.45.46 - - [14/Apr/2025:18:36:18 -0400] "GET /wp-includes/blocks/more/ HTTP/1.1" 403 1242 "-" "-"
52.170.45.46 - - [14/Apr/2025:18:36:18 -0400] "GET /wp-includes/blocks/post-author/ HTTP/1.1" 403 1242 "-" "-"
52.170.45.46 - - [14/Apr/2025:18:36:19 -0400] "GET /wp-includes/blocks/site-logo/ HTTP/1.1" 403 1242 "-" "-"
52.170.45.46 - - [14/Apr/2025:18:36:19 -0400] "GET /wp-includes/blocks/social-links/ HTTP/1.1" 403 1242 "-" "-"
52.170.45.46 - - [14/Apr/2025:18:36:19 -0400] "GET /wp-includes/blocks/term-description/ HTTP/1.1" 403 1242 "-" "-"
52.170.45.46 - - [14/Apr/2025:18:36:19 -0400] "GET /wp-includes/css/dist/preferences/ HTTP/1.1" 403 1242 "-" "-"
52.170.45.46 - - [14/Apr/2025:18:36:19 -0400] "GET /wp-includes/fonts/index.php HTTP/1.1" 404 1251 "-" "-"
52.170.45.46 - - [14/Apr/2025:18:36:20 -0400] "GET /wp-includes/images/crystal/ HTTP/1.1" 403 1242 "-" "-"
52.170.45.46 - - [14/Apr/2025:18:36:20 -0400] "GET /wp-includes/install.php HTTP/1.1" 404 1251 "-" "-"
52.170.45.46 - - [14/Apr/2025:18:36:20 -0400] "GET /wp-includes/js/tinymce/plugins/compat3x/ HTTP/1.1" 403 1242 "-" "-"
52.170.45.46 - - [14/Apr/2025:18:36:20 -0400] "GET /wp-includes/rest-api/fields/ HTTP/1.1" 403 1242 "-" "-"
52.170.45.46 - - [14/Apr/2025:18:36:21 -0400] "GET /wp-includes/sts.php HTTP/1.1" 404 1251 "-" "-"
52.170.45.46 - - [14/Apr/2025:18:36:21 -0400] "GET /wp-includes/wp-class.php/wp-content/themes/travelscape/ HTTP/1.1" 404 1251 "-" "-"
52.170.45.46 - - [14/Apr/2025:18:36:21 -0400] "GET /wp-info.php HTTP/1.1" 404 1251 "-" "-"
52.170.45.46 - - [14/Apr/2025:18:36:21 -0400] "GET /ws.php HTTP/1.1" 404 1251 "-" "-"
52.170.45.46 - - [14/Apr/2025:18:36:22 -0400] "GET /x.php HTTP/1.1" 404 1251 "-" "-"
52.170.45.46 - - [14/Apr/2025:18:36:22 -0400] "GET /xleet.php HTTP/1.1" 404 1251 "-" "-"
52.170.45.46 - - [14/Apr/2025:18:36:22 -0400] "GET /xox.php HTTP/1.1" 404 1251 "-" "-"
212.102.33.158 - - [14/Apr/2025:18:43:48 -0400] "GET / HTTP/1.1" 200 97713 "-" "Mozilla/5.0 (Windows NT 10.0; Win64; x64) AppleWebKit/537.36 (KHTML, like Gecko) Chrome/95.0.4638.69 Safari/537.36"
212.102.33.158 - - [14/Apr/2025:18:43:48 -0400] "GET /wp-includes/ID3/license.txt HTTP/1.1" 200 501 "-" "Mozilla/5.0 (Windows NT 10.0; Win64; x64) AppleWebKit/537.36 (KHTML, like Gecko) Chrome/95.0.4638.69 Safari/537.36"
212.102.33.158 - - [14/Apr/2025:18:43:48 -0400] "GET /feed/ HTTP/1.1" 404 1251 "-" "Mozilla/5.0 (Windows NT 10.0; Win64; x64) AppleWebKit/537.36 (KHTML, like Gecko) Chrome/95.0.4638.69 Safari/537.36"
212.102.33.158 - - [14/Apr/2025:18:43:49 -0400] "GET /blog/wp-includes/wlwmanifest.xml HTTP/1.1" 404 1251 "-" "Mozilla/5.0 (Windows NT 10.0; Win64; x64) AppleWebKit/537.36 (KHTML, like Gecko) Chrome/95.0.4638.69 Safari/537.36"
212.102.33.158 - - [14/Apr/2025:18:43:49 -0400] "GET /web/wp-includes/wlwmanifest.xml HTTP/1.1" 404 1251 "-" "Mozilla/5.0 (Windows NT 10.0; Win64; x64) AppleWebKit/537.36 (KHTML, like Gecko) Chrome/95.0.4638.69 Safari/537.36"
212.102.33.158 - - [14/Apr/2025:18:43:49 -0400] "GET /wordpress/wp-includes/wlwmanifest.xml HTTP/1.1" 404 1251 "-" "Mozilla/5.0 (Windows NT 10.0; Win64; x64) AppleWebKit/537.36 (KHTML, like Gecko) Chrome/95.0.4638.69 Safari/537.36"
212.102.33.158 - - [14/Apr/2025:18:43:49 -0400] "GET /wp/wp-includes/wlwmanifest.xml HTTP/1.1" 404 1251 "-" "Mozilla/5.0 (Windows NT 10.0; Win64; x64) AppleWebKit/537.36 (KHTML, like Gecko) Chrome/95.0.4638.69 Safari/537.36"
212.102.33.158 - - [14/Apr/2025:18:43:49 -0400] "GET /2020/wp-includes/wlwmanifest.xml HTTP/1.1" 404 1251 "-" "Mozilla/5.0 (Windows NT 10.0; Win64; x64) AppleWebKit/537.36 (KHTML, like Gecko) Chrome/95.0.4638.69 Safari/537.36"
212.102.33.158 - - [14/Apr/2025:18:43:49 -0400] "GET /2019/wp-includes/wlwmanifest.xml HTTP/1.1" 404 1251 "-" "Mozilla/5.0 (Windows NT 10.0; Win64; x64) AppleWebKit/537.36 (KHTML, like Gecko) Chrome/95.0.4638.69 Safari/537.36"
212.102.33.158 - - [14/Apr/2025:18:43:50 -0400] "GET /2021/wp-includes/wlwmanifest.xml HTTP/1.1" 404 1251 "-" "Mozilla/5.0 (Windows NT 10.0; Win64; x64) AppleWebKit/537.36 (KHTML, like Gecko) Chrome/95.0.4638.69 Safari/537.36"
212.102.33.158 - - [14/Apr/2025:18:43:50 -0400] "GET /shop/wp-includes/wlwmanifest.xml HTTP/1.1" 404 1251 "-" "Mozilla/5.0 (Windows NT 10.0; Win64; x64) AppleWebKit/537.36 (KHTML, like Gecko) Chrome/95.0.4638.69 Safari/537.36"
212.102.33.158 - - [14/Apr/2025:18:43:50 -0400] "GET /wp1/wp-includes/wlwmanifest.xml HTTP/1.1" 404 1251 "-" "Mozilla/5.0 (Windows NT 10.0; Win64; x64) AppleWebKit/537.36 (KHTML, like Gecko) Chrome/95.0.4638.69 Safari/537.36"
212.102.33.158 - - [14/Apr/2025:18:43:50 -0400] "GET /test/wp-includes/wlwmanifest.xml HTTP/1.1" 404 1251 "-" "Mozilla/5.0 (Windows NT 10.0; Win64; x64) AppleWebKit/537.36 (KHTML, like Gecko) Chrome/95.0.4638.69 Safari/537.36"
212.102.33.158 - - [14/Apr/2025:18:43:50 -0400] "GET /site/wp-includes/wlwmanifest.xml HTTP/1.1" 404 1251 "-" "Mozilla/5.0 (Windows NT 10.0; Win64; x64) AppleWebKit/537.36 (KHTML, like Gecko) Chrome/95.0.4638.69 Safari/537.36"
212.102.33.158 - - [14/Apr/2025:18:43:50 -0400] "GET /cms/wp-includes/wlwmanifest.xml HTTP/1.1" 404 1251 "-" "Mozilla/5.0 (Windows NT 10.0; Win64; x64) AppleWebKit/537.36 (KHTML, like Gecko) Chrome/95.0.4638.69 Safari/537.36"
66.249.64.13 - - [14/Apr/2025:18:45:59 -0400] "GET /PT-Colt-Officer&039;s-Model-Sig-P225/Magazine-Pouches-501125/ HTTP/1.1" 404 1251 "-" "Mozilla/5.0 (Linux; Android 6.0.1; Nexus 5X Build/MMB29P) AppleWebKit/537.36 (KHTML, like Gecko) Chrome/135.0.7049.84 Mobile Safari/537.36 (compatible; Googlebot/2.1; +http://www.google.com/bot.html)"
216.244.66.234 - - [14/Apr/2025:18:53:38 -0400] "GET /robots.txt HTTP/1.1" 404 1251 "-" "Mozilla/5.0 (compatible; DotBot/1.2; +https://opensiteexplorer.org/dotbot; help@moz.com)"
66.249.64.11 - - [14/Apr/2025:18:55:56 -0400] "GET /with-Steel-Ball-Bearings-USE-Abu/Spinning-Reels-370909/ HTTP/1.1" 404 1251 "-" "Mozilla/5.0 (Linux; Android 6.0.1; Nexus 5X Build/MMB29P) AppleWebKit/537.36 (KHTML, like Gecko) Chrome/135.0.7049.84 Mobile Safari/537.36 (compatible; Googlebot/2.1; +http://www.google.com/bot.html)"
91.84.100.21 - - [14/Apr/2025:18:58:48 -0400] "GET /how-to-win-at-gas-station-slots/ HTTP/1.1" 404 1251 "http://christianmantopoulos.com/how-to-win-at-gas-station-slots/" "Mozilla/5.0 (Windows NT 10.0; Win64; x64) AppleWebKit/537.36 (KHTML, like Gecko) Chrome/131.0.0.0 Safari/537.36"
91.84.100.21 - - [14/Apr/2025:18:58:49 -0400] "GET / HTTP/1.1" 200 97713 "http://christianmantopoulos.com/" "Mozilla/5.0 (Windows NT 10.0; Win64; x64) AppleWebKit/537.36 (KHTML, like Gecko) Chrome/131.0.0.0 Safari/537.36"
216.244.66.234 - - [14/Apr/2025:19:01:38 -0400] "GET /un-service-culinaire-exceptionnel/feed/ HTTP/1.1" 404 1251 "-" "Mozilla/5.0 (compatible; DotBot/1.2; +https://opensiteexplorer.org/dotbot; help@moz.com)"
157.55.39.54 - - [14/Apr/2025:19:12:29 -0400] "GET /locations/hcm/sport-class HTTP/1.1" 404 1251 "-" "Mozilla/5.0 AppleWebKit/537.36 (KHTML, like Gecko; compatible; bingbot/2.0; +http://www.bing.com/bingbot.htm) Chrome/116.0.1938.76 Safari/537.36"
107.151.214.211 - - [14/Apr/2025:19:15:31 -0400] "GET /?rest_route=/wp/v2/users HTTP/1.1" 200 97713 "www.google.com" "Mozlila/5.0 (Linux; Android 7.0; SM-G892A Bulid/NRD90M; wv) AppleWebKit/537.36 (KHTML, like Gecko) Version/4.0 Chrome/60.0.3112.107 Moblie Safari/537.36"
66.249.64.3 - - [14/Apr/2025:19:15:59 -0400] "GET /with-Steel-Ball-Bearings-USE-Abu/Spinning-Reels-370909/ HTTP/1.1" 404 1251 "-" "Mozilla/5.0 (Linux; Android 6.0.1; Nexus 5X Build/MMB29P) AppleWebKit/537.36 (KHTML, like Gecko) Chrome/135.0.7049.84 Mobile Safari/537.36 (compatible; GoogleOther)"
66.249.64.3 - - [14/Apr/2025:19:45:59 -0400] "GET /Do-It-Keel-Trolling-Weight-Sinker-Mold-Sizes/Tackle-Craft-312011/ HTTP/1.1" 404 1251 "-" "Mozilla/5.0 (Linux; Android 6.0.1; Nexus 5X Build/MMB29P) AppleWebKit/537.36 (KHTML, like Gecko) Chrome/135.0.7049.84 Mobile Safari/537.36 (compatible; Googlebot/2.1; +http://www.google.com/bot.html)"
206.168.34.196 - - [14/Apr/2025:19:47:45 -0400] "GET / HTTP/1.1" 200 97713 "-" "Mozilla/5.0 (compatible; CensysInspect/1.1; +https://about.censys.io/)"
2602:80d:1000::54 - - [14/Apr/2025:19:48:05 -0400] "GET /favicon.ico HTTP/1.1" 404 1251 "-" "Mozilla/5.0 (compatible; CensysInspect/1.1; +https://about.censys.io/)"
2602:80d:1000::54 - - [14/Apr/2025:19:48:44 -0400] "GET /favicon.ico HTTP/1.1" 404 1251 "-" "Mozilla/5.0 (compatible; CensysInspect/1.1; +https://about.censys.io/)"
66.249.64.11 - - [14/Apr/2025:19:56:49 -0400] "GET /Spring-rear-derailleur/Rear-Derailleurs-148824/ HTTP/1.1" 404 1251 "-" "Mozilla/5.0 (Linux; Android 6.0.1; Nexus 5X Build/MMB29P) AppleWebKit/537.36 (KHTML, like Gecko) Chrome/135.0.7049.84 Mobile Safari/537.36 (compatible; GoogleOther)"
91.84.96.34 - - [14/Apr/2025:20:15:50 -0400] "GET /how-to-win-at-gas-station-slots/ HTTP/1.1" 404 1251 "http://christianmantopoulos.com/how-to-win-at-gas-station-slots/" "Mozilla/5.0 (Windows NT 10.0; Win64; x64) AppleWebKit/537.36 (KHTML, like Gecko) Chrome/129.0.0.0 Safari/537.36"
188.239.32.132 - - [14/Apr/2025:20:16:06 -0400] "GET /the-best-pick-up-lines HTTP/1.1" 404 1251 "http://christianmantopoulos.com/the-best-pick-up-lines" "Mozilla/5.0 (Windows NT 10.0; Win64; x64) AppleWebKit/537.36 (KHTML, like Gecko) Chrome/116.0.0.0 Safari/537.36"
91.84.96.34 - - [14/Apr/2025:20:16:10 -0400] "GET / HTTP/1.1" 200 97713 "http://christianmantopoulos.com/" "Mozilla/5.0 (Windows NT 10.0; Win64; x64) AppleWebKit/537.36 (KHTML, like Gecko) Chrome/129.0.0.0 Safari/537.36"
198.54.114.83 - - [14/Apr/2025:20:27:12 -0400] "POST /wp-cron.php?doing_wp_cron=1744676831.5696558952331542968750 HTTP/1.1" 200 0 "-" "WordPress/6.7.2; https://christianmantopoulos.com"
2a01:7c8:aac3:183:5054:ff:fea6:9dcf - - [14/Apr/2025:20:27:05 -0400] "POST /xmlrpc.php HTTP/1.1" 200 212 "-" "Mozilla/5.0 (Windows NT 10.0; Win64; x64; rv:96.0) Gecko/20100101 Firefox/96.0"
198.54.114.83 - - [14/Apr/2025:20:32:30 -0400] "POST /wp-cron.php?doing_wp_cron=1744677149.6002728939056396484375 HTTP/1.1" 200 0 "-" "WordPress/6.7.2; https://christianmantopoulos.com"
192.34.59.245 - - [14/Apr/2025:20:32:26 -0400] "POST /xmlrpc.php HTTP/1.1" 200 212 "-" "Mozilla/5.0 (Windows NT 10.0; Win64; x64; rv:48.0) Gecko/20100101 Firefox/48.0"
66.249.64.3 - - [14/Apr/2025:20:46:00 -0400] "GET /Hiking-Climbing-Running-Hydration-Vest/Backpacks-641037/ HTTP/1.1" 404 1251 "-" "Mozilla/5.0 (Linux; Android 6.0.1; Nexus 5X Build/MMB29P) AppleWebKit/537.36 (KHTML, like Gecko) Chrome/135.0.7049.84 Mobile Safari/537.36 (compatible; GoogleOther)"
198.54.114.83 - - [14/Apr/2025:20:50:29 -0400] "POST /wp-cron.php?doing_wp_cron=1744678228.8204419612884521484375 HTTP/1.1" 200 0 "-" "WordPress/6.7.2; https://christianmantopoulos.com"
104.40.211.153 - - [14/Apr/2025:20:50:25 -0400] "POST /xmlrpc.php HTTP/1.1" 200 212 "-" "Mozilla/5.0 (Windows NT 10.0; Win64; x64; rv:70.0) Gecko/20100101 Firefox/70.0"
40.77.167.4 - - [14/Apr/2025:20:55:43 -0400] "GET /cod/cod-bo3/hero-gear-list-challenges-tips HTTP/1.1" 404 1251 "-" "Mozilla/5.0 AppleWebKit/537.36 (KHTML, like Gecko; compatible; bingbot/2.0; +http://www.bing.com/bingbot.htm) Chrome/116.0.1938.76 Safari/537.36"
66.249.64.12 - - [14/Apr/2025:20:56:50 -0400] "GET /BMX-MTX-MTB-Gloves-BlackRed-Fox/Gloves-209021/ HTTP/1.1" 404 1251 "-" "Mozilla/5.0 (Linux; Android 6.0.1; Nexus 5X Build/MMB29P) AppleWebKit/537.36 (KHTML, like Gecko) Chrome/135.0.7049.84 Mobile Safari/537.36 (compatible; GoogleOther)"
198.54.114.83 - - [14/Apr/2025:21:06:13 -0400] "POST /wp-cron.php?doing_wp_cron=1744679173.5916359424591064453125 HTTP/1.1" 200 0 "-" "WordPress/6.7.2; https://christianmantopoulos.com"
35.234.37.132 - - [14/Apr/2025:21:06:09 -0400] "POST /xmlrpc.php HTTP/1.1" 200 212 "-" "Mozilla/5.0 (Windows NT 10.0; Win64; x64; rv:100.0) Gecko/20100101 Firefox/100.0"
207.154.197.201 - - [14/Apr/2025:21:13:29 -0400] "POST /xmlrpc.php HTTP/1.1" 200 212 "-" "Mozilla/5.0 (Windows NT 10.0; Win64; x64; rv:97.0) Gecko/20100101 Firefox/97.0"
198.54.114.83 - - [14/Apr/2025:21:13:36 -0400] "POST /wp-cron.php?doing_wp_cron=1744679614.5947260856628417968750 HTTP/1.1" 200 0 "-" "WordPress/6.7.2; https://christianmantopoulos.com"
198.54.114.83 - - [14/Apr/2025:21:16:51 -0400] "POST /wp-cron.php?doing_wp_cron=1744679810.8909909725189208984375 HTTP/1.1" 200 0 "-" "WordPress/6.7.2; https://christianmantopoulos.com"
2600:1f18:2251:7600:177:c54b:999a:1512 - - [14/Apr/2025:21:16:49 -0400] "POST /xmlrpc.php HTTP/1.1" 200 212 "-" "Mozilla/5.0 (Windows NT 10.0; Win64; x64; rv:66.0) Gecko/20100101 Firefox/66.0"
198.54.114.83 - - [14/Apr/2025:21:20:38 -0400] "POST /wp-cron.php?doing_wp_cron=1744680038.4803960323333740234375 HTTP/1.1" 200 0 "-" "WordPress/6.7.2; https://christianmantopoulos.com"
62.192.175.5 - - [14/Apr/2025:21:20:35 -0400] "GET /wp-login.php HTTP/1.1" 302 0 "-" "Mozilla/5.0 (Windows NT 10.0; Win64; x64) AppleWebKit/537.36 (KHTML, like Gecko) Chrome/87.0.4280.141 Safari/537.36"
62.192.175.95 - - [14/Apr/2025:21:20:41 -0400] "POST /wp-login.php HTTP/1.1" 302 0 "-" "Mozilla/5.0 (Windows NT 10.0; Win64; x64) AppleWebKit/537.36 (KHTML, like Gecko) Chrome/87.0.4280.141 Safari/537.36"
198.54.114.83 - - [14/Apr/2025:21:26:33 -0400] "POST /wp-cron.php?doing_wp_cron=1744680392.8752579689025878906250 HTTP/1.1" 200 0 "-" "WordPress/6.7.2; https://christianmantopoulos.com"
141.95.94.159 - - [14/Apr/2025:21:26:30 -0400] "POST /xmlrpc.php HTTP/1.1" 200 212 "-" "Mozilla/5.0 (Windows NT 10.0; Win64; x64; rv:80.0) Gecko/20100101 Firefox/80.0"
202.62.159.56 - - [14/Apr/2025:21:28:44 -0400] "POST /xmlrpc.php HTTP/1.1" 200 212 "-" "Mozilla/5.0 (Windows NT 10.0; Win64; x64; rv:47.0) Gecko/20100101 Firefox/47.0"
198.54.114.83 - - [14/Apr/2025:21:28:48 -0400] "POST /wp-cron.php?doing_wp_cron=1744680526.9001400470733642578125 HTTP/1.1" 200 0 "-" "WordPress/6.7.2; https://christianmantopoulos.com"
146.59.3.188 - - [14/Apr/2025:21:35:13 -0400] "POST /xmlrpc.php HTTP/1.1" 200 212 "-" "Mozilla/5.0 (Windows NT 10.0; Win64; x64; rv:62.0) Gecko/20100101 Firefox/62.0"
198.54.114.83 - - [14/Apr/2025:21:35:17 -0400] "POST /wp-cron.php?doing_wp_cron=1744680916.1222848892211914062500 HTTP/1.1" 200 0 "-" "WordPress/6.7.2; https://christianmantopoulos.com"
66.249.64.2 - - [14/Apr/2025:21:46:00 -0400] "GET /Bottom-Bracket-SunRace/Bottom-Brackets-68378/ HTTP/1.1" 404 1251 "-" "Mozilla/5.0 (Linux; Android 6.0.1; Nexus 5X Build/MMB29P) AppleWebKit/537.36 (KHTML, like Gecko) Chrome/135.0.7049.84 Mobile Safari/537.36 (compatible; Googlebot/2.1; +http://www.google.com/bot.html)"
198.54.114.83 - - [14/Apr/2025:21:48:40 -0400] "POST /wp-cron.php?doing_wp_cron=1744681720.1950058937072753906250 HTTP/1.1" 200 0 "-" "WordPress/6.7.2; https://christianmantopoulos.com"
80.211.204.193 - - [14/Apr/2025:21:48:35 -0400] "POST /xmlrpc.php HTTP/1.1" 200 212 "-" "Mozilla/5.0 (Windows NT 10.0; Win64; x64; rv:73.0) Gecko/20100101 Firefox/73.0"
66.249.64.1 - - [14/Apr/2025:21:50:17 -0400] "GET /Stem125g-Attacco-MTB29er-Degree/Stems-171392/ HTTP/1.1" 404 1251 "-" "Mozilla/5.0 (Linux; Android 6.0.1; Nexus 5X Build/MMB29P) AppleWebKit/537.36 (KHTML, like Gecko) Chrome/135.0.7049.84 Mobile Safari/537.36 (compatible; GoogleOther)"
66.249.64.13 - - [14/Apr/2025:21:54:35 -0400] "GET /Stem125g-Attacco-MTB29er-Degree/Stems-171392/ HTTP/1.1" 404 1251 "-" "Mozilla/5.0 (Linux; Android 6.0.1; Nexus 5X Build/MMB29P) AppleWebKit/537.36 (KHTML, like Gecko) Chrome/135.0.7049.84 Mobile Safari/537.36 (compatible; Googlebot/2.1; +http://www.google.com/bot.html)"
198.54.114.83 - - [14/Apr/2025:21:59:35 -0400] "POST /wp-cron.php?doing_wp_cron=1744682374.3624329566955566406250 HTTP/1.1" 200 0 "-" "WordPress/6.7.2; https://christianmantopoulos.com"
85.186.88.250 - - [14/Apr/2025:21:59:31 -0400] "POST /xmlrpc.php HTTP/1.1" 200 212 "-" "Mozilla/5.0 (Windows NT 10.0; Win64; x64; rv:40.0) Gecko/20100101 Firefox/40.0"
13.71.40.65 - - [14/Apr/2025:22:00:43 -0400] "GET /wp-admin/css/ HTTP/1.1" 403 1242 "binance.com" "Mozilla/5.0 (Windows NT 10.0; Win64; x64) AppleWebKit/537.36 (KHTML, like Gecko) Chrome/90.0.4430.85 Safari/537.36"
85.208.98.23 - - [14/Apr/2025:22:04:49 -0400] "GET /robots.txt HTTP/1.1" 404 1251 "-" "Mozilla/5.0 (compatible; SemrushBot-BA; +http://www.semrush.com/bot.html)"
2a01:4f8:1c1b:a327::1 - - [14/Apr/2025:22:05:28 -0400] "POST /xmlrpc.php HTTP/1.1" 200 212 "-" "Mozilla/5.0 (Windows NT 10.0; Win64; x64; rv:97.0) Gecko/20100101 Firefox/97.0"
198.54.114.83 - - [14/Apr/2025:22:05:33 -0400] "POST /wp-cron.php?doing_wp_cron=1744682731.7993969917297363281250 HTTP/1.1" 200 0 "-" "WordPress/6.7.2; https://christianmantopoulos.com"
20.121.186.102 - - [14/Apr/2025:22:11:21 -0400] "HEAD /wordpress HTTP/1.1" 404 0 "-" "Mozilla/5.0 (Windows NT 10.0; Win64; x64) AppleWebKit/537.36 (KHTML, like Gecko) Chrome/74.0.3729.169 Safari/537.36"
20.121.186.102 - - [14/Apr/2025:22:11:21 -0400] "HEAD / HTTP/1.1" 200 0 "-" "Mozilla/5.0 (Windows NT 10.0; Win64; x64) AppleWebKit/537.36 (KHTML, like Gecko) Chrome/74.0.3729.169 Safari/537.36"
20.121.186.102 - - [14/Apr/2025:22:11:23 -0400] "HEAD /wp HTTP/1.1" 404 0 "-" "Mozilla/5.0 (Windows NT 10.0; Win64; x64) AppleWebKit/537.36 (KHTML, like Gecko) Chrome/74.0.3729.169 Safari/537.36"
20.121.186.102 - - [14/Apr/2025:22:11:24 -0400] "HEAD /bc HTTP/1.1" 404 0 "-" "Mozilla/5.0 (Windows NT 10.0; Win64; x64) AppleWebKit/537.36 (KHTML, like Gecko) Chrome/74.0.3729.169 Safari/537.36"
20.121.186.102 - - [14/Apr/2025:22:11:25 -0400] "HEAD /bk HTTP/1.1" 404 0 "-" "Mozilla/5.0 (Windows NT 10.0; Win64; x64) AppleWebKit/537.36 (KHTML, like Gecko) Chrome/74.0.3729.169 Safari/537.36"
20.121.186.102 - - [14/Apr/2025:22:11:26 -0400] "HEAD /backup HTTP/1.1" 404 0 "-" "Mozilla/5.0 (Windows NT 10.0; Win64; x64) AppleWebKit/537.36 (KHTML, like Gecko) Chrome/74.0.3729.169 Safari/537.36"
20.121.186.102 - - [14/Apr/2025:22:11:26 -0400] "HEAD /old HTTP/1.1" 404 0 "-" "Mozilla/5.0 (Windows NT 10.0; Win64; x64) AppleWebKit/537.36 (KHTML, like Gecko) Chrome/74.0.3729.169 Safari/537.36"
20.121.186.102 - - [14/Apr/2025:22:11:27 -0400] "HEAD /new HTTP/1.1" 404 0 "-" "Mozilla/5.0 (Windows NT 10.0; Win64; x64) AppleWebKit/537.36 (KHTML, like Gecko) Chrome/74.0.3729.169 Safari/537.36"
20.121.186.102 - - [14/Apr/2025:22:11:28 -0400] "HEAD /main HTTP/1.1" 404 0 "-" "Mozilla/5.0 (Windows NT 10.0; Win64; x64) AppleWebKit/537.36 (KHTML, like Gecko) Chrome/74.0.3729.169 Safari/537.36"
20.121.186.102 - - [14/Apr/2025:22:11:29 -0400] "HEAD /home HTTP/1.1" 404 0 "-" "Mozilla/5.0 (Windows NT 10.0; Win64; x64) AppleWebKit/537.36 (KHTML, like Gecko) Chrome/74.0.3729.169 Safari/537.36"
2a03:4000:0:31b:1446:79ff:fe7b:7794 - - [14/Apr/2025:22:11:29 -0400] "POST /xmlrpc.php HTTP/1.1" 200 212 "-" "Mozilla/5.0 (Windows NT 10.0; Win64; x64; rv:82.0) Gecko/20100101 Firefox/82.0"
198.54.114.83 - - [14/Apr/2025:22:11:34 -0400] "POST /wp-cron.php?doing_wp_cron=1744683092.4106509685516357421875 HTTP/1.1" 200 0 "-" "WordPress/6.7.2; https://christianmantopoulos.com"
198.54.114.83 - - [14/Apr/2025:22:12:47 -0400] "POST /wp-cron.php?doing_wp_cron=1744683166.5161700248718261718750 HTTP/1.1" 200 0 "-" "WordPress/6.7.2; https://christianmantopoulos.com"
44.237.93.61 - - [14/Apr/2025:22:12:45 -0400] "POST /xmlrpc.php HTTP/1.1" 200 212 "-" "Mozilla/5.0 (Windows NT 10.0; Win64; x64; rv:67.0) Gecko/20100101 Firefox/67.0"
198.54.114.83 - - [14/Apr/2025:22:24:31 -0400] "POST /wp-cron.php?doing_wp_cron=1744683870.4413759708404541015625 HTTP/1.1" 200 0 "-" "WordPress/6.7.2; https://christianmantopoulos.com"
217.154.5.38 - - [14/Apr/2025:22:24:26 -0400] "POST /xmlrpc.php HTTP/1.1" 200 212 "-" "Mozilla/5.0 (Windows NT 10.0; Win64; x64; rv:84.0) Gecko/20100101 Firefox/84.0"
23.94.228.241 - - [14/Apr/2025:22:24:36 -0400] "GET /how-to-win-at-gas-station-slots/ HTTP/1.1" 404 1251 "http://christianmantopoulos.com/how-to-win-at-gas-station-slots/" "Mozilla/5.0 (Windows NT 10.0; Win64; x64) AppleWebKit/537.36 (KHTML, like Gecko) Chrome/131.0.0.0 Safari/537.36 Avast/131.0.0.0"
23.94.228.241 - - [14/Apr/2025:22:24:40 -0400] "GET / HTTP/1.1" 200 97713 "http://christianmantopoulos.com/" "Mozilla/5.0 (Windows NT 10.0; Win64; x64) AppleWebKit/537.36 (KHTML, like Gecko) Chrome/131.0.0.0 Safari/537.36 Avast/131.0.0.0"
2a02:a470:5e71:0:2f1:f5ff:fe2d:f8f2 - - [14/Apr/2025:22:39:07 -0400] "POST /xmlrpc.php HTTP/1.1" 200 212 "-" "Mozilla/5.0 (Windows NT 10.0; Win64; x64; rv:89.0) Gecko/20100101 Firefox/89.0"
198.54.114.83 - - [14/Apr/2025:22:39:14 -0400] "POST /wp-cron.php?doing_wp_cron=1744684752.4773750305175781250000 HTTP/1.1" 200 0 "-" "WordPress/6.7.2; https://christianmantopoulos.com"
2600:1f13:989:d600:88e8:3169:6fc9:449c - - [14/Apr/2025:22:47:42 -0400] "POST /xmlrpc.php HTTP/1.1" 200 212 "-" "Mozilla/5.0 (Windows NT 10.0; Win64; x64; rv:79.0) Gecko/20100101 Firefox/79.0"
198.54.114.83 - - [14/Apr/2025:22:47:44 -0400] "POST /wp-cron.php?doing_wp_cron=1744685262.7682759761810302734375 HTTP/1.1" 200 0 "-" "WordPress/6.7.2; https://christianmantopoulos.com"
207.46.13.18 - - [14/Apr/2025:22:51:01 -0400] "GET /tokyo-disney-resort HTTP/1.1" 404 1251 "-" "Mozilla/5.0 AppleWebKit/537.36 (KHTML, like Gecko; compatible; bingbot/2.0; +http://www.bing.com/bingbot.htm) Chrome/116.0.1938.76 Safari/537.36"
198.23.233.109 - - [14/Apr/2025:22:54:02 -0400] "POST /xmlrpc.php HTTP/1.1" 200 212 "-" "Mozilla/5.0 (Windows NT 10.0; Win64; x64; rv:98.0) Gecko/20100101 Firefox/98.0"
198.54.114.83 - - [14/Apr/2025:22:54:08 -0400] "POST /wp-cron.php?doing_wp_cron=1744685646.4460389614105224609375 HTTP/1.1" 200 0 "-" "WordPress/6.7.2; https://christianmantopoulos.com"
37.139.53.195 - - [14/Apr/2025:22:56:36 -0400] "GET /how-to-win-at-gas-station-slots/ HTTP/1.1" 404 1251 "http://christianmantopoulos.com/how-to-win-at-gas-station-slots/" "Mozilla/5.0 (Windows NT 10.0; Win64; x64) AppleWebKit/537.36 (KHTML, like Gecko) Chrome/131.0.0.0 Safari/537.36 Avast/131.0.0.0"
37.139.53.195 - - [14/Apr/2025:22:56:38 -0400] "GET / HTTP/1.1" 200 97713 "http://christianmantopoulos.com/" "Mozilla/5.0 (Windows NT 10.0; Win64; x64) AppleWebKit/537.36 (KHTML, like Gecko) Chrome/131.0.0.0 Safari/537.36 Avast/131.0.0.0"
198.54.114.83 - - [14/Apr/2025:23:01:00 -0400] "POST /wp-cron.php?doing_wp_cron=1744686059.3824450969696044921875 HTTP/1.1" 200 0 "-" "WordPress/6.7.2; https://christianmantopoulos.com"
185.199.223.93 - - [14/Apr/2025:23:00:55 -0400] "POST /xmlrpc.php HTTP/1.1" 200 212 "-" "Mozilla/5.0 (Windows NT 10.0; Win64; x64; rv:89.0) Gecko/20100101 Firefox/89.0"
217.76.158.107 - - [14/Apr/2025:23:06:07 -0400] "POST /xmlrpc.php HTTP/1.1" 200 212 "-" "Mozilla/5.0 (Windows NT 10.0; Win64; x64; rv:57.0) Gecko/20100101 Firefox/57.0"
198.54.114.83 - - [14/Apr/2025:23:06:13 -0400] "POST /wp-cron.php?doing_wp_cron=1744686370.6581580638885498046875 HTTP/1.1" 200 0 "-" "WordPress/6.7.2; https://christianmantopoulos.com"
198.54.114.83 - - [14/Apr/2025:23:10:52 -0400] "POST /wp-cron.php?doing_wp_cron=1744686651.2544050216674804687500 HTTP/1.1" 200 0 "-" "WordPress/6.7.2; https://christianmantopoulos.com"
161.97.98.17 - - [14/Apr/2025:23:10:47 -0400] "POST /xmlrpc.php HTTP/1.1" 200 212 "-" "Mozilla/5.0 (Windows NT 10.0; Win64; x64; rv:64.0) Gecko/20100101 Firefox/64.0"
135.119.143.77 - - [14/Apr/2025:23:15:37 -0400] "HEAD /wordpress HTTP/1.1" 404 0 "-" "Mozilla/5.0 (Windows NT 10.0; Win64; x64) AppleWebKit/537.36 (KHTML, like Gecko) Chrome/74.0.3729.169 Safari/537.36"
135.119.143.77 - - [14/Apr/2025:23:15:38 -0400] "HEAD / HTTP/1.1" 200 0 "-" "Mozilla/5.0 (Windows NT 10.0; Win64; x64) AppleWebKit/537.36 (KHTML, like Gecko) Chrome/74.0.3729.169 Safari/537.36"
135.119.143.77 - - [14/Apr/2025:23:15:40 -0400] "HEAD /wp HTTP/1.1" 404 0 "-" "Mozilla/5.0 (Windows NT 10.0; Win64; x64) AppleWebKit/537.36 (KHTML, like Gecko) Chrome/74.0.3729.169 Safari/537.36"
135.119.143.77 - - [14/Apr/2025:23:15:42 -0400] "HEAD /bc HTTP/1.1" 404 0 "-" "Mozilla/5.0 (Windows NT 10.0; Win64; x64) AppleWebKit/537.36 (KHTML, like Gecko) Chrome/74.0.3729.169 Safari/537.36"
135.119.143.77 - - [14/Apr/2025:23:15:42 -0400] "HEAD /bk HTTP/1.1" 404 0 "-" "Mozilla/5.0 (Windows NT 10.0; Win64; x64) AppleWebKit/537.36 (KHTML, like Gecko) Chrome/74.0.3729.169 Safari/537.36"
135.119.143.77 - - [14/Apr/2025:23:15:42 -0400] "HEAD /backup HTTP/1.1" 404 0 "-" "Mozilla/5.0 (Windows NT 10.0; Win64; x64) AppleWebKit/537.36 (KHTML, like Gecko) Chrome/74.0.3729.169 Safari/537.36"
135.119.143.77 - - [14/Apr/2025:23:15:43 -0400] "HEAD /old HTTP/1.1" 404 0 "-" "Mozilla/5.0 (Windows NT 10.0; Win64; x64) AppleWebKit/537.36 (KHTML, like Gecko) Chrome/74.0.3729.169 Safari/537.36"
135.119.143.77 - - [14/Apr/2025:23:15:43 -0400] "HEAD /new HTTP/1.1" 404 0 "-" "Mozilla/5.0 (Windows NT 10.0; Win64; x64) AppleWebKit/537.36 (KHTML, like Gecko) Chrome/74.0.3729.169 Safari/537.36"
135.119.143.77 - - [14/Apr/2025:23:15:44 -0400] "HEAD /main HTTP/1.1" 404 0 "-" "Mozilla/5.0 (Windows NT 10.0; Win64; x64) AppleWebKit/537.36 (KHTML, like Gecko) Chrome/74.0.3729.169 Safari/537.36"
135.119.143.77 - - [14/Apr/2025:23:15:44 -0400] "HEAD /home HTTP/1.1" 404 0 "-" "Mozilla/5.0 (Windows NT 10.0; Win64; x64) AppleWebKit/537.36 (KHTML, like Gecko) Chrome/74.0.3729.169 Safari/537.36"
66.249.64.2 - - [14/Apr/2025:23:16:04 -0400] "GET /Trophy-POOP-Trophy-Last-Place/Other-Football-757717/ HTTP/1.1" 404 1251 "-" "Mozilla/5.0 (Linux; Android 6.0.1; Nexus 5X Build/MMB29P) AppleWebKit/537.36 (KHTML, like Gecko) Chrome/135.0.7049.84 Mobile Safari/537.36 (compatible; GoogleOther)"
117.62.235.53 - - [14/Apr/2025:23:16:19 -0400] "GET / HTTP/1.1" 200 97713 "-" "Mozilla/5.0 (iPhone; CPU iPhone OS 13_2_3 like Mac OS X) AppleWebKit/605.1.15 (KHTML, like Gecko) Version/13.0.3 Mobile/15E148 Safari/604.1"
51.8.102.152 - - [14/Apr/2025:23:20:11 -0400] "GET /robots.txt HTTP/1.1" 404 1251 "-" "Mozilla/5.0 (Macintosh; Intel Mac OS X 10_15_7) AppleWebKit/537.36 (KHTML, like Gecko) Chrome/131.0.0.0 Safari/537.36; compatible; OAI-SearchBot/1.0; +https://openai.com/searchbot"
198.54.114.83 - - [14/Apr/2025:23:25:31 -0400] "POST /wp-cron.php?doing_wp_cron=1744687530.2227809429168701171875 HTTP/1.1" 200 0 "-" "WordPress/6.7.2; https://christianmantopoulos.com"
178.62.226.48 - - [14/Apr/2025:23:25:26 -0400] "POST /xmlrpc.php HTTP/1.1" 200 212 "-" "Mozilla/5.0 (Windows NT 10.0; Win64; x64; rv:51.0) Gecko/20100101 Firefox/51.0"
47.243.56.171 - - [14/Apr/2025:23:27:05 -0400] "GET /robots.txt HTTP/1.1" 404 1251 "-" "Mozilla/5.0 (Windows NT 6.2; Win64; x64) AppleWebKit/537.36 (KHTML, like Gecko) Chrome/77.0.3528.45 Safari/537.36"
47.243.56.171 - - [14/Apr/2025:23:27:06 -0400] "GET /robots.txt HTTP/1.1" 404 1251 "-" "Mozilla/5.0 (Windows NT 6.2; Win64; x64) AppleWebKit/537.36 (KHTML, like Gecko) Chrome/77.0.3528.45 Safari/537.36"
195.26.224.102 - - [14/Apr/2025:23:28:32 -0400] "GET /how-to-win-at-gas-station-slots/ HTTP/1.1" 404 1251 "http://christianmantopoulos.com/how-to-win-at-gas-station-slots/" "Mozilla/5.0 (Windows NT 10.0; Win64; x64) AppleWebKit/537.36 (KHTML, like Gecko) Chrome/130.0.0.0 Safari/537.36 CCleaner/130.0.0.0"
195.26.224.102 - - [14/Apr/2025:23:28:32 -0400] "GET / HTTP/1.1" 200 97713 "http://christianmantopoulos.com/" "Mozilla/5.0 (Windows NT 10.0; Win64; x64) AppleWebKit/537.36 (KHTML, like Gecko) Chrome/130.0.0.0 Safari/537.36 CCleaner/130.0.0.0"
2604:a880:4:1d0::21f0:1000 - - [14/Apr/2025:23:34:47 -0400] "POST /xmlrpc.php HTTP/1.1" 200 212 "-" "Mozilla/5.0 (Windows NT 10.0; Win64; x64; rv:75.0) Gecko/20100101 Firefox/75.0"
198.54.114.83 - - [14/Apr/2025:23:34:54 -0400] "POST /wp-cron.php?doing_wp_cron=1744688091.7010850906372070312500 HTTP/1.1" 200 0 "-" "WordPress/6.7.2; https://christianmantopoulos.com"
198.54.114.83 - - [14/Apr/2025:23:36:13 -0400] "POST /wp-cron.php?doing_wp_cron=1744688172.1625978946685791015625 HTTP/1.1" 200 0 "-" "WordPress/6.7.2; https://christianmantopoulos.com"
162.243.173.172 - - [14/Apr/2025:23:36:08 -0400] "POST /xmlrpc.php HTTP/1.1" 200 212 "-" "Mozilla/5.0 (Windows NT 10.0; Win64; x64; rv:49.0) Gecko/20100101 Firefox/49.0"
198.54.114.83 - - [14/Apr/2025:23:52:29 -0400] "POST /wp-cron.php?doing_wp_cron=1744689148.0460250377655029296875 HTTP/1.1" 200 0 "-" "WordPress/6.7.2; https://christianmantopoulos.com"
82.165.5.19 - - [14/Apr/2025:23:52:24 -0400] "POST /xmlrpc.php HTTP/1.1" 200 212 "-" "Mozilla/5.0 (Windows NT 10.0; Win64; x64; rv:66.0) Gecko/20100101 Firefox/66.0"
198.54.114.83 - - [14/Apr/2025:23:54:04 -0400] "POST /wp-cron.php?doing_wp_cron=1744689243.1574630737304687500000 HTTP/1.1" 200 0 "-" "WordPress/6.7.2; https://christianmantopoulos.com"
167.86.71.49 - - [14/Apr/2025:23:54:00 -0400] "POST /xmlrpc.php HTTP/1.1" 200 212 "-" "Mozilla/5.0 (Windows NT 10.0; Win64; x64; rv:83.0) Gecko/20100101 Firefox/83.0"
40.77.167.35 - - [15/Apr/2025:00:11:43 -0400] "GET /kyudo0009/kyudo000906 HTTP/1.1" 404 1251 "-" "Mozilla/5.0 AppleWebKit/537.36 (KHTML, like Gecko; compatible; bingbot/2.0; +http://www.bing.com/bingbot.htm) Chrome/116.0.1938.76 Safari/537.36"
66.249.64.12 - - [15/Apr/2025:00:16:03 -0400] "GET /Custom-Crankbaits-Custom-Balsa-Squarebill/Crankbaits-266436/ HTTP/1.1" 404 1251 "-" "Mozilla/5.0 (Linux; Android 6.0.1; Nexus 5X Build/MMB29P) AppleWebKit/537.36 (KHTML, like Gecko) Chrome/135.0.7049.84 Mobile Safari/537.36 (compatible; GoogleOther)"
195.191.219.131 - - [15/Apr/2025:00:17:07 -0400] "GET /robots.txt HTTP/1.1" 404 1251 "-" "Mozilla/5.0 (compatible; MJ12bot/v2.0.0; http://mj12bot.com/)"
195.191.219.131 - - [15/Apr/2025:00:17:08 -0400] "GET / HTTP/1.1" 200 97713 "-" "Mozilla/5.0 (compatible; MJ12bot/v2.0.0; http://mj12bot.com/)"
216.244.66.234 - - [15/Apr/2025:00:17:20 -0400] "GET /robots.txt HTTP/1.1" 404 1251 "-" "Mozilla/5.0 (compatible; DotBot/1.2; +https://opensiteexplorer.org/dotbot; help@moz.com)"
198.54.114.83 - - [15/Apr/2025:00:17:31 -0400] "POST /wp-cron.php?doing_wp_cron=1744690650.2569670677185058593750 HTTP/1.1" 200 0 "-" "WordPress/6.7.2; https://christianmantopoulos.com"
147.45.134.80 - - [15/Apr/2025:00:17:26 -0400] "POST /xmlrpc.php HTTP/1.1" 200 212 "-" "Mozilla/5.0 (Windows NT 10.0; Win64; x64; rv:60.0) Gecko/20100101 Firefox/60.0"
2a02:c206:3015:63::1 - - [15/Apr/2025:00:19:24 -0400] "GET / HTTP/1.1" 200 97713 "-" "Mozilla/5.0 (Windows NT 10.0; Win64; x64) AppleWebKit/537.36 (KHTML, like Gecko) Chrome/91.0.4472.114 Safari/537.36 Edg/91.0.864.54"
91.84.98.84 - - [15/Apr/2025:00:20:09 -0400] "GET /how-to-win-at-gas-station-slots/ HTTP/1.1" 404 1251 "http://christianmantopoulos.com/how-to-win-at-gas-station-slots/" "Mozilla/5.0 (Windows NT 6.1; Win64; x64) AppleWebKit/537.36 (KHTML, like Gecko) Chrome/103.0.5060.66 Safari/537.36"
91.84.98.84 - - [15/Apr/2025:00:20:11 -0400] "GET / HTTP/1.1" 200 97713 "http://christianmantopoulos.com/" "Mozilla/5.0 (Windows NT 6.1; Win64; x64) AppleWebKit/537.36 (KHTML, like Gecko) Chrome/103.0.5060.66 Safari/537.36"
157.245.6.105 - - [15/Apr/2025:00:22:44 -0400] "POST /xmlrpc.php HTTP/1.1" 200 212 "-" "Mozilla/5.0 (Windows NT 10.0; Win64; x64; rv:44.0) Gecko/20100101 Firefox/44.0"
198.54.114.83 - - [15/Apr/2025:00:22:52 -0400] "POST /wp-cron.php?doing_wp_cron=1744690968.4999330043792724609375 HTTP/1.1" 200 0 "-" "WordPress/6.7.2; https://christianmantopoulos.com"
216.244.66.234 - - [15/Apr/2025:00:24:23 -0400] "GET /where-elegance-meets-urban-convenience/ HTTP/1.1" 404 1251 "-" "Mozilla/5.0 (compatible; DotBot/1.2; +https://opensiteexplorer.org/dotbot; help@moz.com)"
2604:a880:800:14::1209:d000 - - [15/Apr/2025:00:27:53 -0400] "POST /xmlrpc.php HTTP/1.1" 200 212 "-" "Mozilla/5.0 (Windows NT 10.0; Win64; x64; rv:52.0) Gecko/20100101 Firefox/52.0"
198.54.114.83 - - [15/Apr/2025:00:28:00 -0400] "POST /wp-cron.php?doing_wp_cron=1744691276.7665529251098632812500 HTTP/1.1" 200 0 "-" "WordPress/6.7.2; https://christianmantopoulos.com"
98.174.11.195 - - [15/Apr/2025:00:30:14 -0400] "POST /xmlrpc.php HTTP/1.1" 200 212 "-" "Mozilla/5.0 (Windows NT 10.0; Win64; x64; rv:75.0) Gecko/20100101 Firefox/75.0"
198.54.114.83 - - [15/Apr/2025:00:30:21 -0400] "POST /wp-cron.php?doing_wp_cron=1744691418.2782919406890869140625 HTTP/1.1" 200 0 "-" "WordPress/6.7.2; https://christianmantopoulos.com"
49.51.50.147 - - [15/Apr/2025:00:33:36 -0400] "GET / HTTP/1.1" 200 97713 "-" "Mozilla/5.0 (iPhone; CPU iPhone OS 13_2_3 like Mac OS X) AppleWebKit/605.1.15 (KHTML, like Gecko) Version/13.0.3 Mobile/15E148 Safari/604.1"
198.54.114.83 - - [15/Apr/2025:00:40:57 -0400] "POST /wp-cron.php?doing_wp_cron=1744692056.2465069293975830078125 HTTP/1.1" 200 0 "-" "WordPress/6.7.2; https://christianmantopoulos.com"
89.31.74.170 - - [15/Apr/2025:00:40:52 -0400] "POST /xmlrpc.php HTTP/1.1" 200 212 "-" "Mozilla/5.0 (Windows NT 10.0; Win64; x64; rv:84.0) Gecko/20100101 Firefox/84.0"
194.38.23.16 - - [15/Apr/2025:00:43:08 -0400] "GET /sites/all/libraries/elfinder/connectors/php/connector.php HTTP/1.1" 404 1251 "-" "ALittle Client"
66.249.64.2 - - [15/Apr/2025:00:46:04 -0400] "GET /Hoodie-GMLSUVTOURH-Gillz/Shirts-&-Tops-317280/ HTTP/1.1" 404 1251 "-" "Mozilla/5.0 (Linux; Android 6.0.1; Nexus 5X Build/MMB29P) AppleWebKit/537.36 (KHTML, like Gecko) Chrome/135.0.7049.84 Mobile Safari/537.36 (compatible; Googlebot/2.1; +http://www.google.com/bot.html)"
197.221.0.172 - - [15/Apr/2025:00:46:37 -0400] "POST /xmlrpc.php HTTP/1.1" 200 212 "-" "Mozilla/5.0 (Windows NT 10.0; Win64; x64; rv:58.0) Gecko/20100101 Firefox/58.0"
198.54.114.83 - - [15/Apr/2025:00:46:42 -0400] "POST /wp-cron.php?doing_wp_cron=1744692400.3007910251617431640625 HTTP/1.1" 200 0 "-" "WordPress/6.7.2; https://christianmantopoulos.com"
178.32.44.180 - - [15/Apr/2025:00:49:14 -0400] "POST /xmlrpc.php HTTP/1.1" 200 212 "-" "Mozilla/5.0 (Windows NT 10.0; Win64; x64; rv:81.0) Gecko/20100101 Firefox/81.0"
198.54.114.83 - - [15/Apr/2025:00:49:21 -0400] "POST /wp-cron.php?doing_wp_cron=1744692558.1818139553070068359375 HTTP/1.1" 200 0 "-" "WordPress/6.7.2; https://christianmantopoulos.com"
198.54.114.83 - - [15/Apr/2025:00:52:40 -0400] "POST /wp-cron.php?doing_wp_cron=1744692759.8986310958862304687500 HTTP/1.1" 200 0 "-" "WordPress/6.7.2; https://christianmantopoulos.com"
68.183.31.46 - - [15/Apr/2025:00:52:39 -0400] "POST /xmlrpc.php HTTP/1.1" 200 212 "-" "Mozilla/5.0 (Windows NT 10.0; Win64; x64; rv:53.0) Gecko/20100101 Firefox/53.0"
185.221.214.99 - - [15/Apr/2025:00:58:29 -0400] "POST /xmlrpc.php HTTP/1.1" 200 212 "-" "Mozilla/5.0 (Windows NT 10.0; Win64; x64; rv:71.0) Gecko/20100101 Firefox/71.0"
198.54.114.83 - - [15/Apr/2025:00:58:36 -0400] "POST /wp-cron.php?doing_wp_cron=1744693113.2554121017456054687500 HTTP/1.1" 200 0 "-" "WordPress/6.7.2; https://christianmantopoulos.com"
216.244.66.234 - - [15/Apr/2025:01:05:30 -0400] "GET /robots.txt HTTP/1.1" 404 1251 "-" "Mozilla/5.0 (compatible; DotBot/1.2; +https://opensiteexplorer.org/dotbot; help@moz.com)"
216.244.66.234 - - [15/Apr/2025:01:12:45 -0400] "GET /tips-for-a-budget-friendly-getaway/ HTTP/1.1" 404 1251 "-" "Mozilla/5.0 (compatible; DotBot/1.2; +https://opensiteexplorer.org/dotbot; help@moz.com)"
198.54.114.83 - - [15/Apr/2025:01:16:10 -0400] "POST /wp-cron.php?doing_wp_cron=1744694168.7112419605255126953125 HTTP/1.1" 200 0 "-" "WordPress/6.7.2; https://christianmantopoulos.com"
207.154.208.206 - - [15/Apr/2025:01:16:05 -0400] "POST /xmlrpc.php HTTP/1.1" 200 212 "-" "Mozilla/5.0 (Windows NT 10.0; Win64; x64; rv:49.0) Gecko/20100101 Firefox/49.0"
216.244.66.234 - - [15/Apr/2025:01:17:28 -0400] "GET /umzugsunternehmen-in-luneburg-ihr-partner-fur-einen-reibungslosen-umzug/feed/ HTTP/1.1" 404 1251 "-" "Mozilla/5.0 (compatible; DotBot/1.2; +https://opensiteexplorer.org/dotbot; help@moz.com)"
198.54.114.83 - - [15/Apr/2025:01:20:37 -0400] "POST /wp-cron.php?doing_wp_cron=1744694436.4921069145202636718750 HTTP/1.1" 200 0 "-" "WordPress/6.7.2; https://christianmantopoulos.com"
109.172.115.12 - - [15/Apr/2025:01:20:33 -0400] "POST /xmlrpc.php HTTP/1.1" 200 212 "-" "Mozilla/5.0 (Windows NT 10.0; Win64; x64; rv:51.0) Gecko/20100101 Firefox/51.0"
203.159.90.56 - - [15/Apr/2025:01:24:14 -0400] "GET /.env HTTP/1.1" 404 1251 "-" "python-requests/2.26.0"
203.159.90.56 - - [15/Apr/2025:01:24:17 -0400] "POST / HTTP/1.1" 200 97713 "-" "python-requests/2.26.0"
198.54.114.83 - - [15/Apr/2025:01:24:23 -0400] "POST /wp-cron.php?doing_wp_cron=1744694662.2232570648193359375000 HTTP/1.1" 200 0 "-" "WordPress/6.7.2; https://christianmantopoulos.com"
138.199.211.21 - - [15/Apr/2025:01:24:18 -0400] "POST /xmlrpc.php HTTP/1.1" 200 212 "-" "Mozilla/5.0 (Windows NT 10.0; Win64; x64; rv:99.0) Gecko/20100101 Firefox/99.0"
54.204.99.126 - - [15/Apr/2025:01:39:23 -0400] "GET / HTTP/1.1" 200 97713 "-" "Mozilla/5.0 (Windows NT 10.0; Win64; x64) AppleWebKit/537.36 (KHTML, like Gecko) Chrome/104.0.0.0 Safari/537.36"
2a01:7e01::f03c:93ff:fe50:f5ab - - [15/Apr/2025:01:43:48 -0400] "POST /xmlrpc.php HTTP/1.1" 200 212 "-" "Mozilla/5.0 (Windows NT 10.0; Win64; x64; rv:50.0) Gecko/20100101 Firefox/50.0"
198.54.114.83 - - [15/Apr/2025:01:43:56 -0400] "POST /wp-cron.php?doing_wp_cron=1744695832.7551579475402832031250 HTTP/1.1" 200 0 "-" "WordPress/6.7.2; https://christianmantopoulos.com"
107.151.219.73 - - [15/Apr/2025:01:50:06 -0400] "GET /wp-admin/css/ HTTP/1.1" 403 1242 "binance.com" "Mozilla/5.0 (Windows NT 10.0; Win64; x64) AppleWebKit/537.36 (KHTML, like Gecko) Chrome/90.0.4430.85 Safari/537.36"
185.183.208.123 - - [15/Apr/2025:01:50:13 -0400] "POST /xmlrpc.php HTTP/1.1" 200 212 "-" "Mozilla/5.0 (Windows NT 10.0; Win64; x64; rv:55.0) Gecko/20100101 Firefox/55.0"
198.54.114.83 - - [15/Apr/2025:01:50:18 -0400] "POST /wp-cron.php?doing_wp_cron=1744696216.5541379451751708984375 HTTP/1.1" 200 0 "-" "WordPress/6.7.2; https://christianmantopoulos.com"
185.121.234.211 - - [15/Apr/2025:01:51:23 -0400] "GET /how-to-win-at-gas-station-slots/ HTTP/1.1" 404 1251 "http://christianmantopoulos.com/how-to-win-at-gas-station-slots/" "Mozilla/5.0 (Windows NT 6.1) AppleWebKit/537.36 (KHTML, like Gecko) Chrome/103.0.5060.114 Safari/537.36"
185.121.234.211 - - [15/Apr/2025:01:51:24 -0400] "GET / HTTP/1.1" 200 97713 "http://christianmantopoulos.com/" "Mozilla/5.0 (Windows NT 6.1) AppleWebKit/537.36 (KHTML, like Gecko) Chrome/103.0.5060.114 Safari/537.36"
216.244.66.234 - - [15/Apr/2025:01:52:10 -0400] "GET /robots.txt HTTP/1.1" 404 1251 "-" "Mozilla/5.0 (compatible; DotBot/1.2; +https://opensiteexplorer.org/dotbot; help@moz.com)"
51.210.113.223 - - [15/Apr/2025:01:52:17 -0400] "POST /xmlrpc.php HTTP/1.1" 200 212 "-" "Mozilla/5.0 (Windows NT 10.0; Win64; x64; rv:69.0) Gecko/20100101 Firefox/69.0"
198.54.114.83 - - [15/Apr/2025:01:52:20 -0400] "POST /wp-cron.php?doing_wp_cron=1744696339.0396471023559570312500 HTTP/1.1" 200 0 "-" "WordPress/6.7.2; https://christianmantopoulos.com"
185.245.105.171 - - [15/Apr/2025:01:58:14 -0400] "GET /how-to-win-at-gas-station-slots/ HTTP/1.1" 404 1251 "http://christianmantopoulos.com/how-to-win-at-gas-station-slots/" "Mozilla/5.0 (Windows NT 10.0; Win64; x64) AppleWebKit/537.36 (KHTML, like Gecko) Chrome/130.0.0.0 Safari/537.36 CCleaner/130.0.0.0"
185.245.105.171 - - [15/Apr/2025:01:58:15 -0400] "GET / HTTP/1.1" 200 97713 "http://christianmantopoulos.com/" "Mozilla/5.0 (Windows NT 10.0; Win64; x64) AppleWebKit/537.36 (KHTML, like Gecko) Chrome/130.0.0.0 Safari/537.36 CCleaner/130.0.0.0"
119.45.114.138 - - [15/Apr/2025:01:58:13 -0400] "GET /wp-login.php HTTP/1.1" 302 0 "-" "Apache-HttpClient/4.5.2 (Java/1.8.0_161)"
198.54.114.83 - - [15/Apr/2025:01:58:18 -0400] "POST /wp-cron.php?doing_wp_cron=1744696697.3723969459533691406250 HTTP/1.1" 200 0 "-" "WordPress/6.7.2; https://christianmantopoulos.com"
77.238.251.212 - - [15/Apr/2025:01:58:21 -0400] "GET /how-to-win-at-gas-station-slots/ HTTP/1.1" 404 1251 "http://christianmantopoulos.com/how-to-win-at-gas-station-slots/" "Mozilla/5.0 (Windows NT 10.0; Win64; x64) AppleWebKit/537.36 (KHTML, like Gecko) Chrome/130.0.0.0 Safari/537.36"
77.238.251.212 - - [15/Apr/2025:01:58:22 -0400] "GET / HTTP/1.1" 200 97713 "http://christianmantopoulos.com/" "Mozilla/5.0 (Windows NT 10.0; Win64; x64) AppleWebKit/537.36 (KHTML, like Gecko) Chrome/130.0.0.0 Safari/537.36"
119.45.114.138 - - [15/Apr/2025:01:58:25 -0400] "GET /?author=1 HTTP/1.1" 200 97713 "-" "Apache-HttpClient/4.5.2 (Java/1.8.0_161)"
119.45.114.138 - - [15/Apr/2025:01:58:26 -0400] "GET /?author=2 HTTP/1.1" 200 97713 "-" "Apache-HttpClient/4.5.2 (Java/1.8.0_161)"
119.45.114.138 - - [15/Apr/2025:01:58:28 -0400] "GET /?author=3 HTTP/1.1" 200 97713 "-" "Apache-HttpClient/4.5.2 (Java/1.8.0_161)"
119.45.114.138 - - [15/Apr/2025:01:58:29 -0400] "GET /?author=4 HTTP/1.1" 200 97713 "-" "Apache-HttpClient/4.5.2 (Java/1.8.0_161)"
119.45.114.138 - - [15/Apr/2025:01:58:32 -0400] "GET /?author=5 HTTP/1.1" 200 97713 "-" "Apache-HttpClient/4.5.2 (Java/1.8.0_161)"
119.45.114.138 - - [15/Apr/2025:01:58:33 -0400] "GET /?author=6 HTTP/1.1" 200 97713 "-" "Apache-HttpClient/4.5.2 (Java/1.8.0_161)"
119.45.114.138 - - [15/Apr/2025:01:58:36 -0400] "GET /?author=7 HTTP/1.1" 200 97713 "-" "Apache-HttpClient/4.5.2 (Java/1.8.0_161)"
119.45.114.138 - - [15/Apr/2025:01:58:37 -0400] "GET /?author=8 HTTP/1.1" 200 97713 "-" "Apache-HttpClient/4.5.2 (Java/1.8.0_161)"
119.45.114.138 - - [15/Apr/2025:01:58:40 -0400] "GET /?author=9 HTTP/1.1" 200 97713 "-" "Apache-HttpClient/4.5.2 (Java/1.8.0_161)"
119.45.114.138 - - [15/Apr/2025:01:58:41 -0400] "GET /?author=10 HTTP/1.1" 200 97713 "-" "Apache-HttpClient/4.5.2 (Java/1.8.0_161)"
119.45.114.138 - - [15/Apr/2025:01:58:43 -0400] "GET /?author=11 HTTP/1.1" 200 97713 "-" "Apache-HttpClient/4.5.2 (Java/1.8.0_161)"
119.45.114.138 - - [15/Apr/2025:01:58:44 -0400] "GET /?author=12 HTTP/1.1" 200 97713 "-" "Apache-HttpClient/4.5.2 (Java/1.8.0_161)"
119.45.114.138 - - [15/Apr/2025:01:58:46 -0400] "GET /?author=13 HTTP/1.1" 200 97713 "-" "Apache-HttpClient/4.5.2 (Java/1.8.0_161)"
119.45.114.138 - - [15/Apr/2025:01:58:48 -0400] "GET /?author=14 HTTP/1.1" 200 97713 "-" "Apache-HttpClient/4.5.2 (Java/1.8.0_161)"
143.110.157.4 - - [15/Apr/2025:01:58:48 -0400] "POST /xmlrpc.php HTTP/1.1" 200 212 "-" "Mozilla/5.0 (Windows NT 10.0; Win64; x64; rv:68.0) Gecko/20100101 Firefox/68.0"
