66.249.64.13 - - [18/Apr/2025:09:03:37 -0400] "GET /Braided-Multifilament-LB-Fishing/Braided-Line-340737/ HTTP/1.1" 404 6821 "-" "Mozilla/5.0 (Linux; Android 6.0.1; Nexus 5X Build/MMB29P) AppleWebKit/537.36 (KHTML, like Gecko) Chrome/135.0.7049.95 Mobile Safari/537.36 (compatible; Googlebot/2.1; +http://www.google.com/bot.html)"
66.249.64.2 - - [18/Apr/2025:09:04:18 -0400] "GET /130mm-Black-Set-Pair-Front-Rear-Shimano-Quick/Skewers-166790/ HTTP/1.1" 404 6820 "-" "Mozilla/5.0 (Linux; Android 6.0.1; Nexus 5X Build/MMB29P) AppleWebKit/537.36 (KHTML, like Gecko) Chrome/135.0.7049.95 Mobile Safari/537.36 (compatible; Googlebot/2.1; +http://www.google.com/bot.html)"
66.249.64.1 - - [18/Apr/2025:09:04:59 -0400] "GET /Hook-Crankbait-TOs-PL-Swimbait-Jointed/Lures-401506/ HTTP/1.1" 404 6821 "-" "Mozilla/5.0 (Linux; Android 6.0.1; Nexus 5X Build/MMB29P) AppleWebKit/537.36 (KHTML, like Gecko) Chrome/135.0.7049.95 Mobile Safari/537.36 (compatible; Googlebot/2.1; +http://www.google.com/bot.html)"
198.54.114.83 - - [18/Apr/2025:09:05:41 -0400] "POST /wp-cron.php?doing_wp_cron=1744981540.9075911045074462890625 HTTP/1.1" 200 0 "-" "WordPress/6.8; https://christianmantopoulos.com"
66.249.64.1 - - [18/Apr/2025:09:05:40 -0400] "GET /Disc-Pads-For-Bicycles-Kool-Stop/Brake-Pads-74172/ HTTP/1.1" 404 6820 "-" "Mozilla/5.0 (Linux; Android 6.0.1; Nexus 5X Build/MMB29P) AppleWebKit/537.36 (KHTML, like Gecko) Chrome/135.0.7049.95 Mobile Safari/537.36 (compatible; Googlebot/2.1; +http://www.google.com/bot.html)"
66.249.64.3 - - [18/Apr/2025:09:06:19 -0400] "GET /Offshore-Saltwater-Jones-Lures-Daisy/Saltwater-Lures-290779/ HTTP/1.1" 404 6820 "-" "Mozilla/5.0 (Linux; Android 6.0.1; Nexus 5X Build/MMB29P) AppleWebKit/537.36 (KHTML, like Gecko) Chrome/135.0.7049.95 Mobile Safari/537.36 (compatible; Googlebot/2.1; +http://www.google.com/bot.html)"
66.249.64.2 - - [18/Apr/2025:09:07:00 -0400] "GET /PRIX-BUSSE-cm/Horse-Leg-Wraps-684419/ HTTP/1.1" 404 6820 "-" "Mozilla/5.0 (Linux; Android 6.0.1; Nexus 5X Build/MMB29P) AppleWebKit/537.36 (KHTML, like Gecko) Chrome/135.0.7049.95 Mobile Safari/537.36 (compatible; Googlebot/2.1; +http://www.google.com/bot.html)"
198.54.114.83 - - [18/Apr/2025:09:07:41 -0400] "POST /wp-cron.php?doing_wp_cron=1744981660.7356100082397460937500 HTTP/1.1" 200 0 "-" "WordPress/6.8; https://christianmantopoulos.com"
66.249.64.1 - - [18/Apr/2025:09:07:40 -0400] "GET /Road-x23c-Bicycle-Tire-Fyxation-Session/Tires-192355/ HTTP/1.1" 404 6820 "-" "Mozilla/5.0 (Linux; Android 6.0.1; Nexus 5X Build/MMB29P) AppleWebKit/537.36 (KHTML, like Gecko) Chrome/135.0.7049.95 Mobile Safari/537.36 (compatible; Googlebot/2.1; +http://www.google.com/bot.html)"
157.55.39.196 - - [18/Apr/2025:09:08:10 -0400] "GET /guide-mall/contact HTTP/1.1" 404 6820 "-" "Mozilla/5.0 AppleWebKit/537.36 (KHTML, like Gecko; compatible; bingbot/2.0; +http://www.bing.com/bingbot.htm) Chrome/116.0.1938.76 Safari/537.36"
66.249.64.3 - - [18/Apr/2025:09:08:20 -0400] "GET /RL-%E2%80%9D-mm-Fork-Debonair-Boost-x110mm/Forks-110031/ HTTP/1.1" 404 6821 "-" "Mozilla/5.0 (Linux; Android 6.0.1; Nexus 5X Build/MMB29P) AppleWebKit/537.36 (KHTML, like Gecko) Chrome/135.0.7049.95 Mobile Safari/537.36 (compatible; Googlebot/2.1; +http://www.google.com/bot.html)"
13.220.15.30 - - [18/Apr/2025:09:11:02 -0400] "GET / HTTP/1.1" 200 97713 "-" "Mozilla/5.0 (Windows NT 10.0; Win64; x64) AppleWebKit/537.36 (KHTML, like Gecko) Chrome/74.0.3729.157 Safari/537.36"
54.234.250.16 - - [18/Apr/2025:09:11:02 -0400] "GET / HTTP/1.1" 200 97713 "-" "Mozilla/5.0 (Macintosh; Intel Mac OS X 10.15; rv:109.0) Gecko/20100101 Firefox/119.0"
154.83.103.113 - - [18/Apr/2025:09:20:57 -0400] "GET /.git/HEAD HTTP/1.1" 403 1242 "-" "-"
154.83.103.113 - - [18/Apr/2025:09:21:03 -0400] "GET /.env HTTP/1.1" 404 6820 "-" "Mozilla/5.0 (Windows NT 10.0; Win64; x64) AppleWebKit/537.36 (KHTML, like Gecko) Chrome/91.0.4472.124 Safari/537.36"
154.83.103.113 - - [18/Apr/2025:09:21:06 -0400] "GET /config/.env HTTP/1.1" 404 6820 "-" "Mozilla/5.0 (Windows NT 10.0; Win64; x64) AppleWebKit/537.36 (KHTML, like Gecko) Chrome/91.0.4472.124 Safari/537.36"
198.54.114.83 - - [18/Apr/2025:09:21:14 -0400] "POST /wp-cron.php?doing_wp_cron=1744982469.4480869770050048828125 HTTP/1.1" 200 0 "-" "WordPress/6.8; https://christianmantopoulos.com"
154.83.103.113 - - [18/Apr/2025:09:21:16 -0400] "GET /.env.production HTTP/1.1" 404 6820 "-" "Mozilla/5.0 (Windows NT 10.0; Win64; x64) AppleWebKit/537.36 (KHTML, like Gecko) Chrome/91.0.4472.124 Safari/537.36"
154.83.103.113 - - [18/Apr/2025:09:21:21 -0400] "GET /api/.env HTTP/1.1" 404 6819 "-" "Mozilla/5.0 (Windows NT 10.0; Win64; x64) AppleWebKit/537.36 (KHTML, like Gecko) Chrome/91.0.4472.124 Safari/537.36"
154.83.103.113 - - [18/Apr/2025:09:21:25 -0400] "GET /settings/.env HTTP/1.1" 404 6820 "-" "Mozilla/5.0 (Windows NT 10.0; Win64; x64) AppleWebKit/537.36 (KHTML, like Gecko) Chrome/91.0.4472.124 Safari/537.36"
154.83.103.113 - - [18/Apr/2025:09:21:28 -0400] "GET /config/app.php HTTP/1.1" 404 6820 "-" "Mozilla/5.0 (Windows NT 10.0; Win64; x64) AppleWebKit/537.36 (KHTML, like Gecko) Chrome/91.0.4472.124 Safari/537.36"
154.83.103.113 - - [18/Apr/2025:09:21:31 -0400] "GET /application.yml HTTP/1.1" 404 6820 "-" "Mozilla/5.0 (Windows NT 10.0; Win64; x64) AppleWebKit/537.36 (KHTML, like Gecko) Chrome/91.0.4472.124 Safari/537.36"
154.83.103.113 - - [18/Apr/2025:09:21:33 -0400] "GET /config/database.yml HTTP/1.1" 404 6820 "-" "Mozilla/5.0 (Windows NT 10.0; Win64; x64) AppleWebKit/537.36 (KHTML, like Gecko) Chrome/91.0.4472.124 Safari/537.36"
154.83.103.113 - - [18/Apr/2025:09:21:36 -0400] "GET /secrets.json HTTP/1.1" 404 6820 "-" "Mozilla/5.0 (Windows NT 10.0; Win64; x64) AppleWebKit/537.36 (KHTML, like Gecko) Chrome/91.0.4472.124 Safari/537.36"
154.83.103.113 - - [18/Apr/2025:09:21:38 -0400] "GET /src/config.js HTTP/1.1" 404 6820 "-" "Mozilla/5.0 (Windows NT 10.0; Win64; x64) AppleWebKit/537.36 (KHTML, like Gecko) Chrome/91.0.4472.124 Safari/537.36"
154.83.103.113 - - [18/Apr/2025:09:21:40 -0400] "GET /db.ini HTTP/1.1" 404 6820 "-" "Mozilla/5.0 (Windows NT 10.0; Win64; x64) AppleWebKit/537.36 (KHTML, like Gecko) Chrome/91.0.4472.124 Safari/537.36"
154.83.103.113 - - [18/Apr/2025:09:21:41 -0400] "GET /api/credentials HTTP/1.1" 404 6820 "-" "Mozilla/5.0 (Windows NT 10.0; Win64; x64) AppleWebKit/537.36 (KHTML, like Gecko) Chrome/91.0.4472.124 Safari/537.36"
154.83.103.113 - - [18/Apr/2025:09:21:43 -0400] "GET /.aws/credentials HTTP/1.1" 404 6820 "-" "Mozilla/5.0 (Windows NT 10.0; Win64; x64) AppleWebKit/537.36 (KHTML, like Gecko) Chrome/91.0.4472.124 Safari/537.36"
154.83.103.113 - - [18/Apr/2025:09:21:45 -0400] "GET /secure-config.json HTTP/1.1" 404 6820 "-" "Mozilla/5.0 (Windows NT 10.0; Win64; x64) AppleWebKit/537.36 (KHTML, like Gecko) Chrome/91.0.4472.124 Safari/537.36"
154.83.103.113 - - [18/Apr/2025:09:21:47 -0400] "GET /local_settings.py HTTP/1.1" 404 6820 "-" "Mozilla/5.0 (Windows NT 10.0; Win64; x64) AppleWebKit/537.36 (KHTML, like Gecko) Chrome/91.0.4472.124 Safari/537.36"
154.83.103.113 - - [18/Apr/2025:09:21:48 -0400] "GET /config/default.json HTTP/1.1" 404 6820 "-" "Mozilla/5.0 (Windows NT 10.0; Win64; x64) AppleWebKit/537.36 (KHTML, like Gecko) Chrome/91.0.4472.124 Safari/537.36"
154.83.103.113 - - [18/Apr/2025:09:21:49 -0400] "GET /config/production.json HTTP/1.1" 404 6820 "-" "Mozilla/5.0 (Windows NT 10.0; Win64; x64) AppleWebKit/537.36 (KHTML, like Gecko) Chrome/91.0.4472.124 Safari/537.36"
154.83.103.113 - - [18/Apr/2025:09:21:51 -0400] "GET /bootstrap/cache/config.php HTTP/1.1" 404 6820 "-" "Mozilla/5.0 (Windows NT 10.0; Win64; x64) AppleWebKit/537.36 (KHTML, like Gecko) Chrome/91.0.4472.124 Safari/537.36"
154.83.103.113 - - [18/Apr/2025:09:21:52 -0400] "GET /config/secrets.yml HTTP/1.1" 404 6820 "-" "Mozilla/5.0 (Windows NT 10.0; Win64; x64) AppleWebKit/537.36 (KHTML, like Gecko) Chrome/91.0.4472.124 Safari/537.36"
154.83.103.113 - - [18/Apr/2025:09:21:53 -0400] "GET /settings.yaml HTTP/1.1" 404 6820 "-" "Mozilla/5.0 (Windows NT 10.0; Win64; x64) AppleWebKit/537.36 (KHTML, like Gecko) Chrome/91.0.4472.124 Safari/537.36"
154.83.103.113 - - [18/Apr/2025:09:21:53 -0400] "GET /auth.json HTTP/1.1" 404 6820 "-" "Mozilla/5.0 (Windows NT 10.0; Win64; x64) AppleWebKit/537.36 (KHTML, like Gecko) Chrome/91.0.4472.124 Safari/537.36"
154.83.103.113 - - [18/Apr/2025:09:21:54 -0400] "GET /helm/values.yaml HTTP/1.1" 404 6820 "-" "Mozilla/5.0 (Windows NT 10.0; Win64; x64) AppleWebKit/537.36 (KHTML, like Gecko) Chrome/91.0.4472.124 Safari/537.36"
154.83.103.113 - - [18/Apr/2025:09:21:55 -0400] "GET /docker/.env HTTP/1.1" 404 6820 "-" "Mozilla/5.0 (Windows NT 10.0; Win64; x64) AppleWebKit/537.36 (KHTML, like Gecko) Chrome/91.0.4472.124 Safari/537.36"
154.83.103.113 - - [18/Apr/2025:09:21:56 -0400] "GET /config.json HTTP/1.1" 404 6820 "-" "Mozilla/5.0 (Windows NT 10.0; Win64; x64) AppleWebKit/537.36 (KHTML, like Gecko) Chrome/91.0.4472.124 Safari/537.36"
154.83.103.113 - - [18/Apr/2025:09:21:56 -0400] "GET /database.json HTTP/1.1" 404 6820 "-" "Mozilla/5.0 (Windows NT 10.0; Win64; x64) AppleWebKit/537.36 (KHTML, like Gecko) Chrome/91.0.4472.124 Safari/537.36"
154.83.103.113 - - [18/Apr/2025:09:21:57 -0400] "GET /config/secrets.json HTTP/1.1" 404 6820 "-" "Mozilla/5.0 (Windows NT 10.0; Win64; x64) AppleWebKit/537.36 (KHTML, like Gecko) Chrome/91.0.4472.124 Safari/537.36"
154.83.103.113 - - [18/Apr/2025:09:21:58 -0400] "GET /env.backup HTTP/1.1" 404 6820 "-" "Mozilla/5.0 (Windows NT 10.0; Win64; x64) AppleWebKit/537.36 (KHTML, like Gecko) Chrome/91.0.4472.124 Safari/537.36"
154.83.103.113 - - [18/Apr/2025:09:22:00 -0400] "GET /settings.bak HTTP/1.1" 404 6821 "-" "Mozilla/5.0 (Windows NT 10.0; Win64; x64) AppleWebKit/537.36 (KHTML, like Gecko) Chrome/91.0.4472.124 Safari/537.36"
154.83.103.113 - - [18/Apr/2025:09:22:00 -0400] "GET /backup.env HTTP/1.1" 404 6821 "-" "Mozilla/5.0 (Windows NT 10.0; Win64; x64) AppleWebKit/537.36 (KHTML, like Gecko) Chrome/91.0.4472.124 Safari/537.36"
154.83.103.113 - - [18/Apr/2025:09:22:01 -0400] "GET /old/.env HTTP/1.1" 404 6820 "-" "Mozilla/5.0 (Windows NT 10.0; Win64; x64) AppleWebKit/537.36 (KHTML, like Gecko) Chrome/91.0.4472.124 Safari/537.36"
154.83.103.113 - - [18/Apr/2025:09:22:01 -0400] "GET /phpinfo.php HTTP/1.1" 404 6820 "-" "Mozilla/5.0 (Windows NT 10.0; Win64; x64) AppleWebKit/537.36 (KHTML, like Gecko) Chrome/91.0.4472.124 Safari/537.36"
154.83.103.113 - - [18/Apr/2025:09:22:03 -0400] "GET /info.php HTTP/1.1" 404 6820 "-" "Mozilla/5.0 (Windows NT 10.0; Win64; x64) AppleWebKit/537.36 (KHTML, like Gecko) Chrome/91.0.4472.124 Safari/537.36"
154.83.103.113 - - [18/Apr/2025:09:22:04 -0400] "GET /test.php HTTP/1.1" 404 6821 "-" "Mozilla/5.0 (Windows NT 10.0; Win64; x64) AppleWebKit/537.36 (KHTML, like Gecko) Chrome/91.0.4472.124 Safari/537.36"
154.83.103.113 - - [18/Apr/2025:09:22:05 -0400] "GET /laravel/.env HTTP/1.1" 404 6820 "-" "Mozilla/5.0 (Windows NT 10.0; Win64; x64) AppleWebKit/537.36 (KHTML, like Gecko) Chrome/91.0.4472.124 Safari/537.36"
154.83.103.113 - - [18/Apr/2025:09:22:06 -0400] "GET /app/config/.env HTTP/1.1" 404 6820 "-" "Mozilla/5.0 (Windows NT 10.0; Win64; x64) AppleWebKit/537.36 (KHTML, like Gecko) Chrome/91.0.4472.124 Safari/537.36"
154.83.103.113 - - [18/Apr/2025:09:22:07 -0400] "GET /.git/config HTTP/1.1" 403 1242 "-" "Mozilla/5.0 (Windows NT 10.0; Win64; x64) AppleWebKit/537.36 (KHTML, like Gecko) Chrome/91.0.4472.124 Safari/537.36"
154.83.103.113 - - [18/Apr/2025:09:22:08 -0400] "GET /.svn/entries HTTP/1.1" 403 1242 "-" "Mozilla/5.0 (Windows NT 10.0; Win64; x64) AppleWebKit/537.36 (KHTML, like Gecko) Chrome/91.0.4472.124 Safari/537.36"
154.83.103.113 - - [18/Apr/2025:09:22:08 -0400] "GET /.git/HEAD HTTP/1.1" 403 1242 "-" "Mozilla/5.0 (Windows NT 10.0; Win64; x64) AppleWebKit/537.36 (KHTML, like Gecko) Chrome/91.0.4472.124 Safari/537.36"
154.83.103.113 - - [18/Apr/2025:09:22:09 -0400] "GET /.git/index HTTP/1.1" 403 1242 "-" "Mozilla/5.0 (Windows NT 10.0; Win64; x64) AppleWebKit/537.36 (KHTML, like Gecko) Chrome/91.0.4472.124 Safari/537.36"
154.83.103.113 - - [18/Apr/2025:09:22:10 -0400] "GET /.git/logs/HEAD HTTP/1.1" 403 1242 "-" "Mozilla/5.0 (Windows NT 10.0; Win64; x64) AppleWebKit/537.36 (KHTML, like Gecko) Chrome/91.0.4472.124 Safari/537.36"
198.54.114.83 - - [18/Apr/2025:09:22:11 -0400] "POST /wp-cron.php?doing_wp_cron=1744982531.1150479316711425781250 HTTP/1.1" 200 0 "-" "WordPress/6.8; https://christianmantopoulos.com"
154.83.103.113 - - [18/Apr/2025:09:22:10 -0400] "GET /.gitignore HTTP/1.1" 404 6820 "-" "Mozilla/5.0 (Windows NT 10.0; Win64; x64) AppleWebKit/537.36 (KHTML, like Gecko) Chrome/91.0.4472.124 Safari/537.36"
154.83.103.113 - - [18/Apr/2025:09:22:13 -0400] "GET /administrator/index.php HTTP/1.1" 301 0 "-" "Mozilla/5.0 (Windows NT 10.0; Win64; x64) AppleWebKit/537.36 (KHTML, like Gecko) Chrome/91.0.4472.124 Safari/537.36"
154.83.103.113 - - [18/Apr/2025:09:22:13 -0400] "GET /administrator/ HTTP/1.1" 404 6820 "-" "Mozilla/5.0 (Windows NT 10.0; Win64; x64) AppleWebKit/537.36 (KHTML, like Gecko) Chrome/91.0.4472.124 Safari/537.36"
154.83.103.113 - - [18/Apr/2025:09:22:14 -0400] "GET /wp-admin/install.php HTTP/1.1" 200 523 "-" "Mozilla/5.0 (Windows NT 10.0; Win64; x64) AppleWebKit/537.36 (KHTML, like Gecko) Chrome/91.0.4472.124 Safari/537.36"
154.83.103.113 - - [18/Apr/2025:09:22:16 -0400] "GET /joomla/configuration.php-dist HTTP/1.1" 404 6820 "-" "Mozilla/5.0 (Windows NT 10.0; Win64; x64) AppleWebKit/537.36 (KHTML, like Gecko) Chrome/91.0.4472.124 Safari/537.36"
154.83.103.113 - - [18/Apr/2025:09:22:17 -0400] "GET /sites/default/settings.php HTTP/1.1" 404 6820 "-" "Mozilla/5.0 (Windows NT 10.0; Win64; x64) AppleWebKit/537.36 (KHTML, like Gecko) Chrome/91.0.4472.124 Safari/537.36"
154.83.103.113 - - [18/Apr/2025:09:22:18 -0400] "GET /bitrix/php_interface/dbconn.php HTTP/1.1" 404 6820 "-" "Mozilla/5.0 (Windows NT 10.0; Win64; x64) AppleWebKit/537.36 (KHTML, like Gecko) Chrome/91.0.4472.124 Safari/537.36"
154.83.103.113 - - [18/Apr/2025:09:22:20 -0400] "GET /typo3conf/localconf.php HTTP/1.1" 404 6820 "-" "Mozilla/5.0 (Windows NT 10.0; Win64; x64) AppleWebKit/537.36 (KHTML, like Gecko) Chrome/91.0.4472.124 Safari/537.36"
154.83.103.113 - - [18/Apr/2025:09:22:21 -0400] "GET /config.inc.php HTTP/1.1" 404 6820 "-" "Mozilla/5.0 (Windows NT 10.0; Win64; x64) AppleWebKit/537.36 (KHTML, like Gecko) Chrome/91.0.4472.124 Safari/537.36"
198.54.114.83 - - [18/Apr/2025:09:22:23 -0400] "POST /wp-cron.php?doing_wp_cron=1744982543.0304739475250244140625 HTTP/1.1" 200 0 "-" "WordPress/6.8; https://christianmantopoulos.com"
154.83.103.113 - - [18/Apr/2025:09:22:22 -0400] "GET /config.old.php HTTP/1.1" 404 6820 "-" "Mozilla/5.0 (Windows NT 10.0; Win64; x64) AppleWebKit/537.36 (KHTML, like Gecko) Chrome/91.0.4472.124 Safari/537.36"
154.83.103.113 - - [18/Apr/2025:09:22:25 -0400] "GET /php.ini HTTP/1.1" 404 6821 "-" "Mozilla/5.0 (Windows NT 10.0; Win64; x64) AppleWebKit/537.36 (KHTML, like Gecko) Chrome/91.0.4472.124 Safari/537.36"
154.83.103.113 - - [18/Apr/2025:09:22:26 -0400] "GET /cgi-bin/phpinfo.php HTTP/1.1" 404 6820 "-" "Mozilla/5.0 (Windows NT 10.0; Win64; x64) AppleWebKit/537.36 (KHTML, like Gecko) Chrome/91.0.4472.124 Safari/537.36"
154.83.103.113 - - [18/Apr/2025:09:22:27 -0400] "GET /debug.php HTTP/1.1" 404 6821 "-" "Mozilla/5.0 (Windows NT 10.0; Win64; x64) AppleWebKit/537.36 (KHTML, like Gecko) Chrome/91.0.4472.124 Safari/537.36"
154.83.103.113 - - [18/Apr/2025:09:22:29 -0400] "GET /phpinfo1.php HTTP/1.1" 404 6821 "-" "Mozilla/5.0 (Windows NT 10.0; Win64; x64) AppleWebKit/537.36 (KHTML, like Gecko) Chrome/91.0.4472.124 Safari/537.36"
154.83.103.113 - - [18/Apr/2025:09:22:31 -0400] "GET /phpinfo2.php HTTP/1.1" 404 6820 "-" "Mozilla/5.0 (Windows NT 10.0; Win64; x64) AppleWebKit/537.36 (KHTML, like Gecko) Chrome/91.0.4472.124 Safari/537.36"
154.83.103.113 - - [18/Apr/2025:09:22:32 -0400] "GET /env.txt HTTP/1.1" 404 6820 "-" "Mozilla/5.0 (Windows NT 10.0; Win64; x64) AppleWebKit/537.36 (KHTML, like Gecko) Chrome/91.0.4472.124 Safari/537.36"
154.83.103.113 - - [18/Apr/2025:09:22:33 -0400] "GET /prod.env HTTP/1.1" 404 6820 "-" "Mozilla/5.0 (Windows NT 10.0; Win64; x64) AppleWebKit/537.36 (KHTML, like Gecko) Chrome/91.0.4472.124 Safari/537.36"
154.83.103.113 - - [18/Apr/2025:09:22:34 -0400] "GET /stage.env HTTP/1.1" 404 6820 "-" "Mozilla/5.0 (Windows NT 10.0; Win64; x64) AppleWebKit/537.36 (KHTML, like Gecko) Chrome/91.0.4472.124 Safari/537.36"
154.83.103.113 - - [18/Apr/2025:09:22:36 -0400] "GET /development.env HTTP/1.1" 404 6820 "-" "Mozilla/5.0 (Windows NT 10.0; Win64; x64) AppleWebKit/537.36 (KHTML, like Gecko) Chrome/91.0.4472.124 Safari/537.36"
154.83.103.113 - - [18/Apr/2025:09:22:37 -0400] "GET /credentials.env HTTP/1.1" 404 6821 "-" "Mozilla/5.0 (Windows NT 10.0; Win64; x64) AppleWebKit/537.36 (KHTML, like Gecko) Chrome/91.0.4472.124 Safari/537.36"
154.83.103.113 - - [18/Apr/2025:09:22:38 -0400] "GET /public/.env HTTP/1.1" 404 6821 "-" "Mozilla/5.0 (Windows NT 10.0; Win64; x64) AppleWebKit/537.36 (KHTML, like Gecko) Chrome/91.0.4472.124 Safari/537.36"
154.83.103.113 - - [18/Apr/2025:09:22:39 -0400] "GET /api/config.json HTTP/1.1" 404 6821 "-" "Mozilla/5.0 (Windows NT 10.0; Win64; x64) AppleWebKit/537.36 (KHTML, like Gecko) Chrome/91.0.4472.124 Safari/537.36"
154.83.103.113 - - [18/Apr/2025:09:22:40 -0400] "GET /composer.json HTTP/1.1" 404 6820 "-" "Mozilla/5.0 (Windows NT 10.0; Win64; x64) AppleWebKit/537.36 (KHTML, like Gecko) Chrome/91.0.4472.124 Safari/537.36"
154.83.103.113 - - [18/Apr/2025:09:22:42 -0400] "GET /api/v1/.env HTTP/1.1" 404 6820 "-" "Mozilla/5.0 (Windows NT 10.0; Win64; x64) AppleWebKit/537.36 (KHTML, like Gecko) Chrome/91.0.4472.124 Safari/537.36"
154.83.103.113 - - [18/Apr/2025:09:22:42 -0400] "GET /staging.env HTTP/1.1" 404 6820 "-" "Mozilla/5.0 (Windows NT 10.0; Win64; x64) AppleWebKit/537.36 (KHTML, like Gecko) Chrome/91.0.4472.124 Safari/537.36"
154.83.103.113 - - [18/Apr/2025:09:22:44 -0400] "GET /phpmyadmin/index.php HTTP/1.1" 301 0 "-" "Mozilla/5.0 (Windows NT 10.0; Win64; x64) AppleWebKit/537.36 (KHTML, like Gecko) Chrome/91.0.4472.124 Safari/537.36"
154.83.103.113 - - [18/Apr/2025:09:22:45 -0400] "GET /phpmyadmin/ HTTP/1.1" 404 6820 "-" "Mozilla/5.0 (Windows NT 10.0; Win64; x64) AppleWebKit/537.36 (KHTML, like Gecko) Chrome/91.0.4472.124 Safari/537.36"
154.83.103.113 - - [18/Apr/2025:09:22:46 -0400] "GET /backup/config.php HTTP/1.1" 404 6820 "-" "Mozilla/5.0 (Windows NT 10.0; Win64; x64) AppleWebKit/537.36 (KHTML, like Gecko) Chrome/91.0.4472.124 Safari/537.36"
154.83.103.113 - - [18/Apr/2025:09:22:47 -0400] "GET /.env.example HTTP/1.1" 404 6821 "-" "Mozilla/5.0 (Windows NT 10.0; Win64; x64) AppleWebKit/537.36 (KHTML, like Gecko) Chrome/91.0.4472.124 Safari/537.36"
154.83.103.113 - - [18/Apr/2025:09:22:49 -0400] "GET /storage/logs/laravel.log HTTP/1.1" 404 6821 "-" "Mozilla/5.0 (Windows NT 10.0; Win64; x64) AppleWebKit/537.36 (KHTML, like Gecko) Chrome/91.0.4472.124 Safari/537.36"
154.83.103.113 - - [18/Apr/2025:09:22:49 -0400] "GET /storage/framework/sessions/ HTTP/1.1" 404 6820 "-" "Mozilla/5.0 (Windows NT 10.0; Win64; x64) AppleWebKit/537.36 (KHTML, like Gecko) Chrome/91.0.4472.124 Safari/537.36"
154.83.103.113 - - [18/Apr/2025:09:22:51 -0400] "GET /storage/framework/cache/ HTTP/1.1" 404 6820 "-" "Mozilla/5.0 (Windows NT 10.0; Win64; x64) AppleWebKit/537.36 (KHTML, like Gecko) Chrome/91.0.4472.124 Safari/537.36"
154.83.103.113 - - [18/Apr/2025:09:22:52 -0400] "GET /storage/framework/views/ HTTP/1.1" 404 6820 "-" "Mozilla/5.0 (Windows NT 10.0; Win64; x64) AppleWebKit/537.36 (KHTML, like Gecko) Chrome/91.0.4472.124 Safari/537.36"
154.83.103.113 - - [18/Apr/2025:09:22:53 -0400] "GET /nova-api/styles HTTP/1.1" 404 6820 "-" "Mozilla/5.0 (Windows NT 10.0; Win64; x64) AppleWebKit/537.36 (KHTML, like Gecko) Chrome/91.0.4472.124 Safari/537.36"
154.83.103.113 - - [18/Apr/2025:09:22:54 -0400] "GET /.env.local HTTP/1.1" 404 6820 "-" "Mozilla/5.0 (Windows NT 10.0; Win64; x64) AppleWebKit/537.36 (KHTML, like Gecko) Chrome/91.0.4472.124 Safari/537.36"
154.83.103.113 - - [18/Apr/2025:09:22:55 -0400] "GET /.env.dev HTTP/1.1" 404 6820 "-" "Mozilla/5.0 (Windows NT 10.0; Win64; x64) AppleWebKit/537.36 (KHTML, like Gecko) Chrome/91.0.4472.124 Safari/537.36"
154.83.103.113 - - [18/Apr/2025:09:22:55 -0400] "GET /.env.test HTTP/1.1" 404 6820 "-" "Mozilla/5.0 (Windows NT 10.0; Win64; x64) AppleWebKit/537.36 (KHTML, like Gecko) Chrome/91.0.4472.124 Safari/537.36"
154.83.103.113 - - [18/Apr/2025:09:22:56 -0400] "GET /var/logs/dev.log HTTP/1.1" 404 6820 "-" "Mozilla/5.0 (Windows NT 10.0; Win64; x64) AppleWebKit/537.36 (KHTML, like Gecko) Chrome/91.0.4472.124 Safari/537.36"
154.83.103.113 - - [18/Apr/2025:09:22:58 -0400] "GET /var/logs/prod.log HTTP/1.1" 404 6821 "-" "Mozilla/5.0 (Windows NT 10.0; Win64; x64) AppleWebKit/537.36 (KHTML, like Gecko) Chrome/91.0.4472.124 Safari/537.36"
154.83.103.113 - - [18/Apr/2025:09:22:59 -0400] "GET /config/packages/ HTTP/1.1" 404 6821 "-" "Mozilla/5.0 (Windows NT 10.0; Win64; x64) AppleWebKit/537.36 (KHTML, like Gecko) Chrome/91.0.4472.124 Safari/537.36"
154.83.103.113 - - [18/Apr/2025:09:23:00 -0400] "GET /web/config.php HTTP/1.1" 404 6821 "-" "Mozilla/5.0 (Windows NT 10.0; Win64; x64) AppleWebKit/537.36 (KHTML, like Gecko) Chrome/91.0.4472.124 Safari/537.36"
154.83.103.113 - - [18/Apr/2025:09:23:01 -0400] "GET /config/routes.yaml HTTP/1.1" 404 6820 "-" "Mozilla/5.0 (Windows NT 10.0; Win64; x64) AppleWebKit/537.36 (KHTML, like Gecko) Chrome/91.0.4472.124 Safari/537.36"
154.83.103.113 - - [18/Apr/2025:09:23:02 -0400] "GET /web.config HTTP/1.1" 404 6820 "-" "Mozilla/5.0 (Windows NT 10.0; Win64; x64) AppleWebKit/537.36 (KHTML, like Gecko) Chrome/91.0.4472.124 Safari/537.36"
154.83.103.113 - - [18/Apr/2025:09:23:03 -0400] "GET /.htaccess HTTP/1.1" 403 1242 "-" "Mozilla/5.0 (Windows NT 10.0; Win64; x64) AppleWebKit/537.36 (KHTML, like Gecko) Chrome/91.0.4472.124 Safari/537.36"
154.83.103.113 - - [18/Apr/2025:09:23:04 -0400] "GET /sites/all/modules/ HTTP/1.1" 404 6820 "-" "Mozilla/5.0 (Windows NT 10.0; Win64; x64) AppleWebKit/537.36 (KHTML, like Gecko) Chrome/91.0.4472.124 Safari/537.36"
154.83.103.113 - - [18/Apr/2025:09:23:05 -0400] "GET /sites/all/themes/ HTTP/1.1" 404 6820 "-" "Mozilla/5.0 (Windows NT 10.0; Win64; x64) AppleWebKit/537.36 (KHTML, like Gecko) Chrome/91.0.4472.124 Safari/537.36"
154.83.103.113 - - [18/Apr/2025:09:23:08 -0400] "GET /core/install.php HTTP/1.1" 404 6821 "-" "Mozilla/5.0 (Windows NT 10.0; Win64; x64) AppleWebKit/537.36 (KHTML, like Gecko) Chrome/91.0.4472.124 Safari/537.36"
154.83.103.113 - - [18/Apr/2025:09:23:09 -0400] "GET /CHANGELOG.txt HTTP/1.1" 404 6821 "-" "Mozilla/5.0 (Windows NT 10.0; Win64; x64) AppleWebKit/537.36 (KHTML, like Gecko) Chrome/91.0.4472.124 Safari/537.36"
154.83.103.113 - - [18/Apr/2025:09:23:09 -0400] "GET /app/etc/local.xml HTTP/1.1" 404 6820 "-" "Mozilla/5.0 (Windows NT 10.0; Win64; x64) AppleWebKit/537.36 (KHTML, like Gecko) Chrome/91.0.4472.124 Safari/537.36"
154.83.103.113 - - [18/Apr/2025:09:23:11 -0400] "GET /app/etc/env.php HTTP/1.1" 404 6820 "-" "Mozilla/5.0 (Windows NT 10.0; Win64; x64) AppleWebKit/537.36 (KHTML, like Gecko) Chrome/91.0.4472.124 Safari/537.36"
154.83.103.113 - - [18/Apr/2025:09:23:12 -0400] "GET /var/log/system.log HTTP/1.1" 404 6820 "-" "Mozilla/5.0 (Windows NT 10.0; Win64; x64) AppleWebKit/537.36 (KHTML, like Gecko) Chrome/91.0.4472.124 Safari/537.36"
154.83.103.113 - - [18/Apr/2025:09:23:14 -0400] "GET /var/log/exception.log HTTP/1.1" 404 6820 "-" "Mozilla/5.0 (Windows NT 10.0; Win64; x64) AppleWebKit/537.36 (KHTML, like Gecko) Chrome/91.0.4472.124 Safari/537.36"
154.83.103.113 - - [18/Apr/2025:09:23:15 -0400] "GET /wp-config-sample.php HTTP/1.1" 500 1083 "-" "Mozilla/5.0 (Windows NT 10.0; Win64; x64) AppleWebKit/537.36 (KHTML, like Gecko) Chrome/91.0.4472.124 Safari/537.36"
154.83.103.113 - - [18/Apr/2025:09:23:15 -0400] "GET /wp-content/debug.log HTTP/1.1" 404 6820 "-" "Mozilla/5.0 (Windows NT 10.0; Win64; x64) AppleWebKit/537.36 (KHTML, like Gecko) Chrome/91.0.4472.124 Safari/537.36"
154.83.103.113 - - [18/Apr/2025:09:23:16 -0400] "GET /xmlrpc.php HTTP/1.1" 405 60 "-" "Mozilla/5.0 (Windows NT 10.0; Win64; x64) AppleWebKit/537.36 (KHTML, like Gecko) Chrome/91.0.4472.124 Safari/537.36"
154.83.103.113 - - [18/Apr/2025:09:23:16 -0400] "GET /wp-json/wp/v2/users HTTP/1.1" 200 1512 "-" "Mozilla/5.0 (Windows NT 10.0; Win64; x64) AppleWebKit/537.36 (KHTML, like Gecko) Chrome/91.0.4472.124 Safari/537.36"
154.83.103.113 - - [18/Apr/2025:09:23:18 -0400] "GET /configuration.php~ HTTP/1.1" 404 6820 "-" "Mozilla/5.0 (Windows NT 10.0; Win64; x64) AppleWebKit/537.36 (KHTML, like Gecko) Chrome/91.0.4472.124 Safari/537.36"
154.83.103.113 - - [18/Apr/2025:09:23:19 -0400] "GET /logs/error.php HTTP/1.1" 404 6820 "-" "Mozilla/5.0 (Windows NT 10.0; Win64; x64) AppleWebKit/537.36 (KHTML, like Gecko) Chrome/91.0.4472.124 Safari/537.36"
154.83.103.113 - - [18/Apr/2025:09:23:19 -0400] "GET /package.json HTTP/1.1" 404 6819 "-" "Mozilla/5.0 (Windows NT 10.0; Win64; x64) AppleWebKit/537.36 (KHTML, like Gecko) Chrome/91.0.4472.124 Safari/537.36"
154.83.103.113 - - [18/Apr/2025:09:23:20 -0400] "GET /yarn.lock HTTP/1.1" 404 6819 "-" "Mozilla/5.0 (Windows NT 10.0; Win64; x64) AppleWebKit/537.36 (KHTML, like Gecko) Chrome/91.0.4472.124 Safari/537.36"
154.83.103.113 - - [18/Apr/2025:09:23:21 -0400] "GET /.npmrc HTTP/1.1" 404 6819 "-" "Mozilla/5.0 (Windows NT 10.0; Win64; x64) AppleWebKit/537.36 (KHTML, like Gecko) Chrome/91.0.4472.124 Safari/537.36"
198.54.114.83 - - [18/Apr/2025:09:23:23 -0400] "POST /wp-cron.php?doing_wp_cron=1744982602.5362830162048339843750 HTTP/1.1" 200 0 "-" "WordPress/6.8; https://christianmantopoulos.com"
154.83.103.113 - - [18/Apr/2025:09:23:22 -0400] "GET /server.js HTTP/1.1" 404 6819 "-" "Mozilla/5.0 (Windows NT 10.0; Win64; x64) AppleWebKit/537.36 (KHTML, like Gecko) Chrome/91.0.4472.124 Safari/537.36"
154.83.103.113 - - [18/Apr/2025:09:23:23 -0400] "GET /app.js HTTP/1.1" 404 6819 "-" "Mozilla/5.0 (Windows NT 10.0; Win64; x64) AppleWebKit/537.36 (KHTML, like Gecko) Chrome/91.0.4472.124 Safari/537.36"
154.83.103.113 - - [18/Apr/2025:09:23:24 -0400] "GET /config.js HTTP/1.1" 404 6819 "-" "Mozilla/5.0 (Windows NT 10.0; Win64; x64) AppleWebKit/537.36 (KHTML, like Gecko) Chrome/91.0.4472.124 Safari/537.36"
154.83.103.113 - - [18/Apr/2025:09:23:25 -0400] "GET /.dockerignore HTTP/1.1" 404 6819 "-" "Mozilla/5.0 (Windows NT 10.0; Win64; x64) AppleWebKit/537.36 (KHTML, like Gecko) Chrome/91.0.4472.124 Safari/537.36"
154.83.103.113 - - [18/Apr/2025:09:23:26 -0400] "GET /Dockerfile HTTP/1.1" 404 6819 "-" "Mozilla/5.0 (Windows NT 10.0; Win64; x64) AppleWebKit/537.36 (KHTML, like Gecko) Chrome/91.0.4472.124 Safari/537.36"
154.83.103.113 - - [18/Apr/2025:09:23:27 -0400] "GET /.git/logs/ HTTP/1.1" 403 1242 "-" "Mozilla/5.0 (Windows NT 10.0; Win64; x64) AppleWebKit/537.36 (KHTML, like Gecko) Chrome/91.0.4472.124 Safari/537.36"
154.83.103.113 - - [18/Apr/2025:09:23:27 -0400] "GET /.git/refs/ HTTP/1.1" 403 1242 "-" "Mozilla/5.0 (Windows NT 10.0; Win64; x64) AppleWebKit/537.36 (KHTML, like Gecko) Chrome/91.0.4472.124 Safari/537.36"
154.83.103.113 - - [18/Apr/2025:09:23:28 -0400] "GET /.git/objects/ HTTP/1.1" 403 1242 "-" "Mozilla/5.0 (Windows NT 10.0; Win64; x64) AppleWebKit/537.36 (KHTML, like Gecko) Chrome/91.0.4472.124 Safari/537.36"
154.83.103.113 - - [18/Apr/2025:09:23:28 -0400] "GET /.git/packed-refs HTTP/1.1" 403 1242 "-" "Mozilla/5.0 (Windows NT 10.0; Win64; x64) AppleWebKit/537.36 (KHTML, like Gecko) Chrome/91.0.4472.124 Safari/537.36"
154.83.103.113 - - [18/Apr/2025:09:23:29 -0400] "GET /.git/branches/ HTTP/1.1" 403 1242 "-" "Mozilla/5.0 (Windows NT 10.0; Win64; x64) AppleWebKit/537.36 (KHTML, like Gecko) Chrome/91.0.4472.124 Safari/537.36"
154.83.103.113 - - [18/Apr/2025:09:23:30 -0400] "GET /api-docs HTTP/1.1" 404 6820 "-" "Mozilla/5.0 (Windows NT 10.0; Win64; x64) AppleWebKit/537.36 (KHTML, like Gecko) Chrome/91.0.4472.124 Safari/537.36"
154.83.103.113 - - [18/Apr/2025:09:23:31 -0400] "GET /swagger.json HTTP/1.1" 404 6820 "-" "Mozilla/5.0 (Windows NT 10.0; Win64; x64) AppleWebKit/537.36 (KHTML, like Gecko) Chrome/91.0.4472.124 Safari/537.36"
154.83.103.113 - - [18/Apr/2025:09:23:32 -0400] "GET /swagger-ui.html HTTP/1.1" 404 6820 "-" "Mozilla/5.0 (Windows NT 10.0; Win64; x64) AppleWebKit/537.36 (KHTML, like Gecko) Chrome/91.0.4472.124 Safari/537.36"
154.83.103.113 - - [18/Apr/2025:09:23:33 -0400] "GET /openapi.json HTTP/1.1" 404 6820 "-" "Mozilla/5.0 (Windows NT 10.0; Win64; x64) AppleWebKit/537.36 (KHTML, like Gecko) Chrome/91.0.4472.124 Safari/537.36"
154.83.103.113 - - [18/Apr/2025:09:23:34 -0400] "GET /backup.sql HTTP/1.1" 404 6820 "-" "Mozilla/5.0 (Windows NT 10.0; Win64; x64) AppleWebKit/537.36 (KHTML, like Gecko) Chrome/91.0.4472.124 Safari/537.36"
154.83.103.113 - - [18/Apr/2025:09:23:35 -0400] "GET /db_backup.sql HTTP/1.1" 404 6820 "-" "Mozilla/5.0 (Windows NT 10.0; Win64; x64) AppleWebKit/537.36 (KHTML, like Gecko) Chrome/91.0.4472.124 Safari/537.36"
154.83.103.113 - - [18/Apr/2025:09:23:37 -0400] "GET /.well-known/security.txt HTTP/1.1" 404 6821 "-" "Mozilla/5.0 (Windows NT 10.0; Win64; x64) AppleWebKit/537.36 (KHTML, like Gecko) Chrome/91.0.4472.124 Safari/537.36"
156.242.33.92 - - [18/Apr/2025:09:40:38 -0400] "GET /vendor/phpunit/phpunit/LICENSE HTTP/1.1" 404 6820 "-" "Mozilla/5.0 (Windows NT 10.0; Win64; x64) AppleWebKit/537.36 (KHTML, like Gecko) Chrome/106.0.0.0 Safari/537.36"
198.54.114.83 - - [18/Apr/2025:09:40:39 -0400] "POST /wp-cron.php?doing_wp_cron=1744983638.4200029373168945312500 HTTP/1.1" 200 0 "-" "WordPress/6.8; https://christianmantopoulos.com"
156.228.88.20 - - [18/Apr/2025:09:40:38 -0400] "GET /vendor/phpunit/phpunit/LICENSE HTTP/1.1" 404 6820 "-" "Mozilla/5.0 (Windows NT 10.0; Win64; x64) AppleWebKit/537.36 (KHTML, like Gecko) Chrome/106.0.0.0 Safari/537.36"
156.242.33.92 - - [18/Apr/2025:09:40:43 -0400] "GET /vendor/phpunit/phpunit/src/Util/PHP/ HTTP/1.1" 404 6820 "-" "Mozilla/5.0 (Windows NT 10.0; Win64; x64) AppleWebKit/537.36 (KHTML, like Gecko) Chrome/106.0.0.0 Safari/537.36"
156.228.88.20 - - [18/Apr/2025:09:40:44 -0400] "GET /vendor/phpunit/phpunit/src/Util/PHP/ HTTP/1.1" 404 6820 "-" "Mozilla/5.0 (Windows NT 10.0; Win64; x64) AppleWebKit/537.36 (KHTML, like Gecko) Chrome/106.0.0.0 Safari/537.36"
152.42.171.40 - - [18/Apr/2025:09:40:44 -0400] "GET / HTTP/1.1" 200 97713 "-" "Mozilla/5.0 (Linux; Android 5.1.1; SM-J111F) AppleWebKit/537.36 (KHTML, like Gecko) Chrome/73.0.3683.90 Mobile Safari/537.36"
152.42.171.40 - - [18/Apr/2025:09:40:45 -0400] "GET /wordpress/ HTTP/1.1" 404 6820 "-" "Mozilla/5.0 (Linux; Android 5.1.1; SM-J111F) AppleWebKit/537.36 (KHTML, like Gecko) Chrome/73.0.3683.90 Mobile Safari/537.36"
66.249.64.12 - - [18/Apr/2025:09:48:21 -0400] "GET /Picatinny-Rail-mm-Long-Generation-II-LRS/Scope-Mounts-&-Accessories-535389/ HTTP/1.1" 404 6820 "-" "Mozilla/5.0 (Linux; Android 6.0.1; Nexus 5X Build/MMB29P) AppleWebKit/537.36 (KHTML, like Gecko) Chrome/135.0.7049.95 Mobile Safari/537.36 (compatible; Googlebot/2.1; +http://www.google.com/bot.html)"
66.249.64.11 - - [18/Apr/2025:09:48:41 -0400] "GET /For-Ruger-LC-De-Santis-Gunhide/Holsters-487731/ HTTP/1.1" 404 6820 "-" "Mozilla/5.0 (Linux; Android 6.0.1; Nexus 5X Build/MMB29P) AppleWebKit/537.36 (KHTML, like Gecko) Chrome/135.0.7049.95 Mobile Safari/537.36 (compatible; Googlebot/2.1; +http://www.google.com/bot.html)"
198.54.114.83 - - [18/Apr/2025:09:49:02 -0400] "POST /wp-cron.php?doing_wp_cron=1744984141.7398929595947265625000 HTTP/1.1" 200 0 "-" "WordPress/6.8; https://christianmantopoulos.com"
66.249.64.13 - - [18/Apr/2025:09:49:01 -0400] "GET /Cutter-Tool-i-Outdoor-Keychain-Pocket/Pocket-Multi-Tools-602261/ HTTP/1.1" 404 6821 "-" "Mozilla/5.0 (Linux; Android 6.0.1; Nexus 5X Build/MMB29P) AppleWebKit/537.36 (KHTML, like Gecko) Chrome/135.0.7049.95 Mobile Safari/537.36 (compatible; Googlebot/2.1; +http://www.google.com/bot.html)"
198.54.114.83 - - [18/Apr/2025:09:49:24 -0400] "POST /wp-cron.php?doing_wp_cron=1744984162.9594449996948242187500 HTTP/1.1" 200 0 "-" "WordPress/6.8; https://christianmantopoulos.com"
66.249.64.11 - - [18/Apr/2025:09:49:22 -0400] "GET /Mitchell-Spring/Other-Fishing-352337/ HTTP/1.1" 404 6821 "-" "Mozilla/5.0 (Linux; Android 6.0.1; Nexus 5X Build/MMB29P) AppleWebKit/537.36 (KHTML, like Gecko) Chrome/135.0.7049.95 Mobile Safari/537.36 (compatible; Googlebot/2.1; +http://www.google.com/bot.html)"
66.249.64.11 - - [18/Apr/2025:09:49:45 -0400] "GET /WD-k-mm-Womens/Women-801973/ HTTP/1.1" 404 6821 "-" "Mozilla/5.0 (Linux; Android 6.0.1; Nexus 5X Build/MMB29P) AppleWebKit/537.36 (KHTML, like Gecko) Chrome/135.0.7049.95 Mobile Safari/537.36 (compatible; Googlebot/2.1; +http://www.google.com/bot.html)"
212.34.147.142 - - [18/Apr/2025:09:49:47 -0400] "GET /how-to-win-at-gas-station-slots/ HTTP/1.1" 200 11715 "http://christianmantopoulos.com/how-to-win-at-gas-station-slots/" "Mozilla/5.0 (Windows NT 10.0; Win64; x64) AppleWebKit/537.36 (KHTML, like Gecko) Chrome/130.0.0.0 Safari/537.36 CCleaner/130.0.0.0"
212.34.147.142 - - [18/Apr/2025:09:49:50 -0400] "POST /wp-comments-post.php HTTP/1.1" 500 1817 "http://christianmantopoulos.com/how-to-win-at-gas-station-slots/" "Mozilla/5.0 (Windows NT 10.0; Win64; x64) AppleWebKit/537.36 (KHTML, like Gecko) Chrome/130.0.0.0 Safari/537.36 CCleaner/130.0.0.0"
66.249.64.12 - - [18/Apr/2025:09:50:06 -0400] "GET /COLOR-Art-Lithograph-Vintage-FOX/Other-Vintage-Hunting-Equipment-547317/ HTTP/1.1" 404 6820 "-" "Mozilla/5.0 (Linux; Android 6.0.1; Nexus 5X Build/MMB29P) AppleWebKit/537.36 (KHTML, like Gecko) Chrome/135.0.7049.95 Mobile Safari/537.36 (compatible; Googlebot/2.1; +http://www.google.com/bot.html)"
198.54.114.83 - - [18/Apr/2025:09:50:44 -0400] "POST /wp-cron.php?doing_wp_cron=1744984243.4190499782562255859375 HTTP/1.1" 200 0 "-" "WordPress/6.8; https://christianmantopoulos.com"
66.249.64.11 - - [18/Apr/2025:09:50:43 -0400] "GET /HT-composite-flat-sealed/Pedals-142445/ HTTP/1.1" 404 6820 "-" "Mozilla/5.0 (Linux; Android 6.0.1; Nexus 5X Build/MMB29P) AppleWebKit/537.36 (KHTML, like Gecko) Chrome/135.0.7049.95 Mobile Safari/537.36 (compatible; Googlebot/2.1; +http://www.google.com/bot.html)"
198.54.114.83 - - [18/Apr/2025:09:51:24 -0400] "POST /wp-cron.php?doing_wp_cron=1744984283.6936409473419189453125 HTTP/1.1" 200 0 "-" "WordPress/6.8; https://christianmantopoulos.com"
66.249.64.12 - - [18/Apr/2025:09:51:23 -0400] "GET /Shaun-White-Supply-Co-Penny-Board/Vintage-728246/ HTTP/1.1" 404 6820 "-" "Mozilla/5.0 (Linux; Android 6.0.1; Nexus 5X Build/MMB29P) AppleWebKit/537.36 (KHTML, like Gecko) Chrome/135.0.7049.95 Mobile Safari/537.36 (compatible; Googlebot/2.1; +http://www.google.com/bot.html)"
156.242.33.92 - - [18/Apr/2025:09:40:46 -0400] "GET /wp-login.php HTTP/1.1" 302 0 "-" "Mozilla/5.0 (Windows NT 10.0; Win64; x64) AppleWebKit/537.36 (KHTML, like Gecko) Chrome/106.0.0.0 Safari/537.36"
156.228.88.20 - - [18/Apr/2025:09:40:46 -0400] "GET /wp-login.php HTTP/1.1" 302 0 "-" "Mozilla/5.0 (Windows NT 10.0; Win64; x64) AppleWebKit/537.36 (KHTML, like Gecko) Chrome/106.0.0.0 Safari/537.36"
77.238.251.212 - - [18/Apr/2025:09:43:18 -0400] "GET /how-to-win-at-gas-station-slots/ HTTP/1.1" 200 11715 "http://christianmantopoulos.com/how-to-win-at-gas-station-slots/" "Mozilla/5.0 (Windows NT 10.0; Win64; x64) AppleWebKit/537.36 (KHTML, like Gecko) Chrome/130.0.0.0 Safari/537.36 CCleaner/130.0.0.0"
77.238.251.212 - - [18/Apr/2025:09:43:19 -0400] "POST /wp-comments-post.php HTTP/1.1" 500 1752 "http://christianmantopoulos.com/how-to-win-at-gas-station-slots/" "Mozilla/5.0 (Windows NT 10.0; Win64; x64) AppleWebKit/537.36 (KHTML, like Gecko) Chrome/130.0.0.0 Safari/537.36 CCleaner/130.0.0.0"
66.249.64.12 - - [18/Apr/2025:09:48:01 -0400] "GET /Wheelsmith-XL-mm-Bicycle/Spokes-169159/ HTTP/1.1" 404 6820 "-" "Mozilla/5.0 (Linux; Android 6.0.1; Nexus 5X Build/MMB29P) AppleWebKit/537.36 (KHTML, like Gecko) Chrome/135.0.7049.95 Mobile Safari/537.36 (compatible; Googlebot/2.1; +http://www.google.com/bot.html)"
66.249.64.11 - - [18/Apr/2025:09:52:05 -0400] "GET /Single-Sprocket-Crank-Bolt-BCD-T/Chainrings-&-BMX-Sprockets-96450/ HTTP/1.1" 404 6820 "-" "Mozilla/5.0 (Linux; Android 6.0.1; Nexus 5X Build/MMB29P) AppleWebKit/537.36 (KHTML, like Gecko) Chrome/135.0.7049.95 Mobile Safari/537.36 (compatible; Googlebot/2.1; +http://www.google.com/bot.html)"
198.54.114.83 - - [18/Apr/2025:09:52:57 -0400] "POST /wp-cron.php?doing_wp_cron=1744984377.1427030563354492187500 HTTP/1.1" 200 0 "-" "WordPress/6.8; https://christianmantopoulos.com"
66.249.64.12 - - [18/Apr/2025:09:52:57 -0400] "GET /Case-Bag-Hunting-Holder-Adjust-Arrow/Quivers-570313/ HTTP/1.1" 404 6821 "-" "Mozilla/5.0 (Linux; Android 6.0.1; Nexus 5X Build/MMB29P) AppleWebKit/537.36 (KHTML, like Gecko) Chrome/135.0.7049.95 Mobile Safari/537.36 (compatible; Googlebot/2.1; +http://www.google.com/bot.html)"
66.249.64.13 - - [18/Apr/2025:09:53:52 -0400] "GET /Speed-Cycling-Campy-NEW-Campagnolo-Xenon/Shifters-164551/ HTTP/1.1" 404 6819 "-" "Mozilla/5.0 (Linux; Android 6.0.1; Nexus 5X Build/MMB29P) AppleWebKit/537.36 (KHTML, like Gecko) Chrome/135.0.7049.95 Mobile Safari/537.36 (compatible; Googlebot/2.1; +http://www.google.com/bot.html)"
198.54.114.83 - - [18/Apr/2025:09:53:54 -0400] "POST /wp-cron.php?doing_wp_cron=1744984432.4754159450531005859375 HTTP/1.1" 200 0 "-" "WordPress/6.8; https://christianmantopoulos.com"
66.249.64.13 - - [18/Apr/2025:09:54:44 -0400] "GET /Saddle-Blk-SQlab-Ergolux/Saddles-&-Seats-155040/ HTTP/1.1" 404 6820 "-" "Mozilla/5.0 (Linux; Android 6.0.1; Nexus 5X Build/MMB29P) AppleWebKit/537.36 (KHTML, like Gecko) Chrome/135.0.7049.95 Mobile Safari/537.36 (compatible; Googlebot/2.1; +http://www.google.com/bot.html)"
198.54.114.83 - - [18/Apr/2025:09:55:38 -0400] "POST /wp-cron.php?doing_wp_cron=1744984537.7361960411071777343750 HTTP/1.1" 200 0 "-" "WordPress/6.8; https://christianmantopoulos.com"
66.249.64.11 - - [18/Apr/2025:09:55:37 -0400] "GET /BEAD-HEAD-SAN-JUAN-SQUIRMY-WORM-FLIESA-TROUT/Flies-273557/ HTTP/1.1" 404 6821 "-" "Mozilla/5.0 (Linux; Android 6.0.1; Nexus 5X Build/MMB29P) AppleWebKit/537.36 (KHTML, like Gecko) Chrome/135.0.7049.95 Mobile Safari/537.36 (compatible; Googlebot/2.1; +http://www.google.com/bot.html)"
178.20.45.128 - - [18/Apr/2025:09:55:57 -0400] "GET /how-to-win-at-gas-station-slots/ HTTP/1.1" 200 11715 "http://christianmantopoulos.com/how-to-win-at-gas-station-slots/" "Mozilla/5.0 (Windows NT 10.0; Win64; x64) AppleWebKit/537.36 (KHTML, like Gecko) Chrome/131.0.0.0 Safari/537.36"
178.20.45.128 - - [18/Apr/2025:09:56:03 -0400] "POST /wp-comments-post.php HTTP/1.1" 500 3236 "http://christianmantopoulos.com/how-to-win-at-gas-station-slots/" "Mozilla/5.0 (Windows NT 10.0; Win64; x64) AppleWebKit/537.36 (KHTML, like Gecko) Chrome/131.0.0.0 Safari/537.36"
198.54.114.83 - - [18/Apr/2025:09:56:30 -0400] "POST /wp-cron.php?doing_wp_cron=1744984589.6753430366516113281250 HTTP/1.1" 200 0 "-" "WordPress/6.8; https://christianmantopoulos.com"
66.249.64.11 - - [18/Apr/2025:09:56:29 -0400] "GET /Ruler-for-Paddle-Kayak-Boat-RAFR-New-Rapala/Other-Fishing-Equipment-330591/ HTTP/1.1" 404 6820 "-" "Mozilla/5.0 (Linux; Android 6.0.1; Nexus 5X Build/MMB29P) AppleWebKit/537.36 (KHTML, like Gecko) Chrome/135.0.7049.95 Mobile Safari/537.36 (compatible; Googlebot/2.1; +http://www.google.com/bot.html)"
198.54.114.83 - - [18/Apr/2025:09:57:24 -0400] "POST /wp-cron.php?doing_wp_cron=1744984643.6093909740447998046875 HTTP/1.1" 200 0 "-" "WordPress/6.8; https://christianmantopoulos.com"
66.249.64.11 - - [18/Apr/2025:09:57:23 -0400] "GET /Allenamento-Esercizio-Pull-Corda/Resistance-Trainers-434778/ HTTP/1.1" 404 6821 "-" "Mozilla/5.0 (Linux; Android 6.0.1; Nexus 5X Build/MMB29P) AppleWebKit/537.36 (KHTML, like Gecko) Chrome/135.0.7049.95 Mobile Safari/537.36 (compatible; Googlebot/2.1; +http://www.google.com/bot.html)"
85.208.98.23 - - [18/Apr/2025:09:57:44 -0400] "GET /robots.txt HTTP/1.1" 200 118 "-" "Mozilla/5.0 (compatible; SemrushBot-BA; +http://www.semrush.com/bot.html)"
66.249.64.11 - - [18/Apr/2025:09:58:15 -0400] "GET /OP&039;s-L-Duffle/Other-CampingHiking-Backpacks-646331/ HTTP/1.1" 404 6820 "-" "Mozilla/5.0 (Linux; Android 6.0.1; Nexus 5X Build/MMB29P) AppleWebKit/537.36 (KHTML, like Gecko) Chrome/135.0.7049.95 Mobile Safari/537.36 (compatible; Googlebot/2.1; +http://www.google.com/bot.html)"
66.249.64.13 - - [18/Apr/2025:09:59:09 -0400] "GET /Sets-list-14 HTTP/1.1" 404 6820 "-" "Mozilla/5.0 (Linux; Android 6.0.1; Nexus 5X Build/MMB29P) AppleWebKit/537.36 (KHTML, like Gecko) Chrome/135.0.7049.95 Mobile Safari/537.36 (compatible; Googlebot/2.1; +http://www.google.com/bot.html)"
198.54.114.83 - - [18/Apr/2025:09:59:10 -0400] "POST /wp-cron.php?doing_wp_cron=1744984749.3573050498962402343750 HTTP/1.1" 200 0 "-" "WordPress/6.8; https://christianmantopoulos.com"
66.249.64.13 - - [18/Apr/2025:10:00:02 -0400] "GET /Fitness-Home-Gym-Upper-Body-Work-Heavy-Duty/Pull-Up-Bars-456838/ HTTP/1.1" 404 6820 "-" "Mozilla/5.0 (Linux; Android 6.0.1; Nexus 5X Build/MMB29P) AppleWebKit/537.36 (KHTML, like Gecko) Chrome/135.0.7049.95 Mobile Safari/537.36 (compatible; Googlebot/2.1; +http://www.google.com/bot.html)"
198.54.114.83 - - [18/Apr/2025:10:00:05 -0400] "POST /wp-cron.php?doing_wp_cron=1744984803.1297509670257568359375 HTTP/1.1" 200 0 "-" "WordPress/6.8; https://christianmantopoulos.com"
66.249.64.11 - - [18/Apr/2025:10:00:56 -0400] "GET /FREE-NORTHWAVE-LANCER-SLEEVELESS-CYCLING/Jerseys-220532/ HTTP/1.1" 404 6820 "-" "Mozilla/5.0 (Linux; Android 6.0.1; Nexus 5X Build/MMB29P) AppleWebKit/537.36 (KHTML, like Gecko) Chrome/135.0.7049.95 Mobile Safari/537.36 (compatible; Googlebot/2.1; +http://www.google.com/bot.html)"
66.249.64.13 - - [18/Apr/2025:10:01:48 -0400] "GET /650x-VALVE-SCHRADER-MM-CHAMBRE-A/Tubes-197000/ HTTP/1.1" 404 6820 "-" "Mozilla/5.0 (Linux; Android 6.0.1; Nexus 5X Build/MMB29P) AppleWebKit/537.36 (KHTML, like Gecko) Chrome/135.0.7049.95 Mobile Safari/537.36 (compatible; Googlebot/2.1; +http://www.google.com/bot.html)"
198.54.114.83 - - [18/Apr/2025:10:01:49 -0400] "POST /wp-cron.php?doing_wp_cron=1744984908.6419010162353515625000 HTTP/1.1" 200 0 "-" "WordPress/6.8; https://christianmantopoulos.com"
66.249.64.13 - - [18/Apr/2025:10:02:41 -0400] "GET /Pure-Carbon-Freediving-and/Fins-784285/ HTTP/1.1" 404 6820 "-" "Mozilla/5.0 (Linux; Android 6.0.1; Nexus 5X Build/MMB29P) AppleWebKit/537.36 (KHTML, like Gecko) Chrome/135.0.7049.95 Mobile Safari/537.36 (compatible; Googlebot/2.1; +http://www.google.com/bot.html)"
66.249.64.11 - - [18/Apr/2025:10:04:30 -0400] "GET /Blueback-Herring/Swimbaits-309569/ HTTP/1.1" 404 6820 "-" "Mozilla/5.0 (Linux; Android 6.0.1; Nexus 5X Build/MMB29P) AppleWebKit/537.36 (KHTML, like Gecko) Chrome/135.0.7049.95 Mobile Safari/537.36 (compatible; Googlebot/2.1; +http://www.google.com/bot.html)"
66.249.64.13 - - [18/Apr/2025:10:05:25 -0400] "GET /Style-P-X-Black-&034;The-Girls&034;/Pants-414380/ HTTP/1.1" 404 6820 "-" "Mozilla/5.0 (Linux; Android 6.0.1; Nexus 5X Build/MMB29P) AppleWebKit/537.36 (KHTML, like Gecko) Chrome/135.0.7049.95 Mobile Safari/537.36 (compatible; Googlebot/2.1; +http://www.google.com/bot.html)"
198.54.114.83 - - [18/Apr/2025:10:05:34 -0400] "POST /wp-cron.php?doing_wp_cron=1744985125.6109681129455566406250 HTTP/1.1" 200 0 "-" "WordPress/6.8; https://christianmantopoulos.com"
209.87.169.79 - - [18/Apr/2025:10:05:50 -0400] "GET / HTTP/1.1" 200 97713 "-" "Mozilla/5.0 (X11; Linux i686) AppleWebKit/537.36 (KHTML, like Gecko) Chrome/114.0.0.0 Safari/537.36 Vivaldi/5.3.2679.68"
173.239.214.186 - - [18/Apr/2025:10:05:55 -0400] "GET /'%20+%20item.url%20+%20' HTTP/1.1" 301 0 "http://christianmantopoulos.com" "Mozilla/5.0 (X11; Linux i686) AppleWebKit/537.36 (KHTML, like Gecko) Chrome/114.0.0.0 Safari/537.36 Vivaldi/5.3.2679.68"
209.87.169.124 - - [18/Apr/2025:10:06:04 -0400] "GET /%20+%20item.url%20+%20 HTTP/1.1" 301 0 "http://christianmantopoulos.com/'%20+%20item.url%20+%20'" "Mozilla/5.0 (X11; Linux i686) AppleWebKit/537.36 (KHTML, like Gecko) Chrome/114.0.0.0 Safari/537.36 Vivaldi/5.3.2679.68"
209.87.169.85 - - [18/Apr/2025:10:06:09 -0400] "GET /%20+%20item.url%20+ HTTP/1.1" 404 6820 "http://christianmantopoulos.com/%20+%20item.url%20+%20" "Mozilla/5.0 (X11; Linux i686) AppleWebKit/537.36 (KHTML, like Gecko) Chrome/114.0.0.0 Safari/537.36 Vivaldi/5.3.2679.68"
66.249.64.12 - - [18/Apr/2025:10:06:18 -0400] "GET /REEL-Bail-New-Old/Reel-Parts-&-Repair-363316/ HTTP/1.1" 404 6820 "-" "Mozilla/5.0 (Linux; Android 6.0.1; Nexus 5X Build/MMB29P) AppleWebKit/537.36 (KHTML, like Gecko) Chrome/135.0.7049.95 Mobile Safari/537.36 (compatible; Googlebot/2.1; +http://www.google.com/bot.html)"
89.175.12.245 - - [18/Apr/2025:10:06:19 -0400] "GET /how-to-win-at-gas-station-slots/ HTTP/1.1" 200 11715 "http://christianmantopoulos.com/how-to-win-at-gas-station-slots/" "Mozilla/5.0 (Windows NT 10.0; Win64; x64) AppleWebKit/537.36 (KHTML, like Gecko) Chrome/131.0.0.0 Safari/537.36"
89.175.12.245 - - [18/Apr/2025:10:06:24 -0400] "GET /wp-login.php?action=register HTTP/1.1" 302 0 "http://christianmantopoulos.com/wp-login.php?action=register" "Mozilla/5.0 (Windows NT 10.0; Win64; x64) AppleWebKit/537.36 (KHTML, like Gecko) Chrome/131.0.0.0 Safari/537.36"
66.249.64.12 - - [18/Apr/2025:10:07:09 -0400] "GET /GEARBOX-M-Racquetball-Racquet-Model/Racquetball-780657/ HTTP/1.1" 404 6820 "-" "Mozilla/5.0 (Linux; Android 6.0.1; Nexus 5X Build/MMB29P) AppleWebKit/537.36 (KHTML, like Gecko) Chrome/135.0.7049.95 Mobile Safari/537.36 (compatible; Googlebot/2.1; +http://www.google.com/bot.html)"
167.71.67.238 - - [18/Apr/2025:10:07:32 -0400] "GET / HTTP/1.1" 200 97713 "-" "Mozilla/5.0 (compatible)"
66.249.64.12 - - [18/Apr/2025:10:08:01 -0400] "GET /Soft-Pillow-Ultralight-Square-Portable/Sleeping-Bags-655171/ HTTP/1.1" 404 6820 "-" "Mozilla/5.0 (Linux; Android 6.0.1; Nexus 5X Build/MMB29P) AppleWebKit/537.36 (KHTML, like Gecko) Chrome/135.0.7049.95 Mobile Safari/537.36 (compatible; Googlebot/2.1; +http://www.google.com/bot.html)"
66.249.64.11 - - [18/Apr/2025:10:08:53 -0400] "GET /Craw-Crawfish-Jr-One-Package-Sliding/Soft-Plastics-299346/ HTTP/1.1" 404 6820 "-" "Mozilla/5.0 (Linux; Android 6.0.1; Nexus 5X Build/MMB29P) AppleWebKit/537.36 (KHTML, like Gecko) Chrome/135.0.7049.95 Mobile Safari/537.36 (compatible; Googlebot/2.1; +http://www.google.com/bot.html)"
66.249.64.13 - - [18/Apr/2025:10:09:52 -0400] "GET /Black-Medium-Fuse-Protection/Gloves-208161/ HTTP/1.1" 404 6820 "-" "Mozilla/5.0 (Linux; Android 6.0.1; Nexus 5X Build/MMB29P) AppleWebKit/537.36 (KHTML, like Gecko) Chrome/135.0.7049.95 Mobile Safari/537.36 (compatible; Googlebot/2.1; +http://www.google.com/bot.html)"
66.249.64.13 - - [18/Apr/2025:10:10:49 -0400] "GET /ATV-Scooter-Motorcycle-PC-Motorbike-Lock/Locks-&-Security-51029/ HTTP/1.1" 404 6820 "-" "Mozilla/5.0 (Linux; Android 6.0.1; Nexus 5X Build/MMB29P) AppleWebKit/537.36 (KHTML, like Gecko) Chrome/135.0.7049.95 Mobile Safari/537.36 (compatible; Googlebot/2.1; +http://www.google.com/bot.html)"
66.249.64.13 - - [18/Apr/2025:10:11:41 -0400] "GET /Version-Smart-Hula-Hoop-Degree/Abdominal-Exercisers-419997/ HTTP/1.1" 404 6820 "-" "Mozilla/5.0 (Linux; Android 6.0.1; Nexus 5X Build/MMB29P) AppleWebKit/537.36 (KHTML, like Gecko) Chrome/135.0.7049.95 Mobile Safari/537.36 (compatible; Googlebot/2.1; +http://www.google.com/bot.html)"
66.249.64.12 - - [18/Apr/2025:10:12:39 -0400] "GET /x-cm-JY-White-Mizuno-Made/Other-Volleyball-776389/ HTTP/1.1" 404 6820 "-" "Mozilla/5.0 (Linux; Android 6.0.1; Nexus 5X Build/MMB29P) AppleWebKit/537.36 (KHTML, like Gecko) Chrome/135.0.7049.95 Mobile Safari/537.36 (compatible; Googlebot/2.1; +http://www.google.com/bot.html)"
66.249.64.13 - - [18/Apr/2025:10:13:36 -0400] "GET /WHEELS-SET-ABEC-SUPERFLY-ELECTRIC/Wheels-720709/ HTTP/1.1" 404 6820 "-" "Mozilla/5.0 (Linux; Android 6.0.1; Nexus 5X Build/MMB29P) AppleWebKit/537.36 (KHTML, like Gecko) Chrome/135.0.7049.95 Mobile Safari/537.36 (compatible; Googlebot/2.1; +http://www.google.com/bot.html)"
66.249.64.13 - - [18/Apr/2025:10:14:28 -0400] "GET /FIRST-AID-a-F-FOIL-SPACE/Emergency-Blankets-607891/ HTTP/1.1" 404 6819 "-" "Mozilla/5.0 (Linux; Android 6.0.1; Nexus 5X Build/MMB29P) AppleWebKit/537.36 (KHTML, like Gecko) Chrome/135.0.7049.95 Mobile Safari/537.36 (compatible; Googlebot/2.1; +http://www.google.com/bot.html)"
66.249.64.3 - - [18/Apr/2025:10:15:16 -0400] "GET /rayon-MAVIC-CROSSMAX/Spokes-168451/ HTTP/1.1" 404 6820 "-" "Mozilla/5.0 (Linux; Android 6.0.1; Nexus 5X Build/MMB29P) AppleWebKit/537.36 (KHTML, like Gecko) Chrome/135.0.7049.95 Mobile Safari/537.36 (compatible; Googlebot/2.1; +http://www.google.com/bot.html)"
66.249.64.1 - - [18/Apr/2025:10:16:03 -0400] "GET /Black-CLMATBK-Beretta/Cleaning-Supplies-476603/ HTTP/1.1" 404 6820 "-" "Mozilla/5.0 (Linux; Android 6.0.1; Nexus 5X Build/MMB29P) AppleWebKit/537.36 (KHTML, like Gecko) Chrome/135.0.7049.95 Mobile Safari/537.36 (compatible; Googlebot/2.1; +http://www.google.com/bot.html)"
66.249.64.1 - - [18/Apr/2025:10:16:54 -0400] "GET /GOLD-CARLOS-VELA/Men-765973/ HTTP/1.1" 404 6820 "-" "Mozilla/5.0 (Linux; Android 6.0.1; Nexus 5X Build/MMB29P) AppleWebKit/537.36 (KHTML, like Gecko) Chrome/135.0.7049.95 Mobile Safari/537.36 (compatible; Googlebot/2.1; +http://www.google.com/bot.html)"
66.249.64.2 - - [18/Apr/2025:10:17:44 -0400] "GET /Speed-Derailleur-Bicycle-Parts-JB-Pair/Shifters-163867/ HTTP/1.1" 404 6820 "-" "Mozilla/5.0 (Linux; Android 6.0.1; Nexus 5X Build/MMB29P) AppleWebKit/537.36 (KHTML, like Gecko) Chrome/135.0.7049.95 Mobile Safari/537.36 (compatible; Googlebot/2.1; +http://www.google.com/bot.html)"
66.249.64.2 - - [18/Apr/2025:10:18:38 -0400] "GET /Hydros-SL-Fly-Reel/Fly-Fishing-Reels-358462/ HTTP/1.1" 404 6820 "-" "Mozilla/5.0 (Linux; Android 6.0.1; Nexus 5X Build/MMB29P) AppleWebKit/537.36 (KHTML, like Gecko) Chrome/135.0.7049.95 Mobile Safari/537.36 (compatible; Googlebot/2.1; +http://www.google.com/bot.html)"
