66.249.64.1 - - [19/Apr/2025:10:37:49 -0400] "GET /Gym-Adjustable-Elastic-Wrist-Wraps/Wrist-&-Knee-Wraps-459551/ HTTP/1.1" 404 6820 "-" "Mozilla/5.0 (Linux; Android 6.0.1; Nexus 5X Build/MMB29P) AppleWebKit/537.36 (KHTML, like Gecko) Chrome/135.0.7049.95 Mobile Safari/537.36 (compatible; Googlebot/2.1; +http://www.google.com/bot.html)"
66.249.64.2 - - [19/Apr/2025:10:38:22 -0400] "GET /Wave-Washer-&-Spacers-GXP-Sram-TruVativ/Bottom-Brackets-68074/ HTTP/1.1" 404 6820 "-" "Mozilla/5.0 (Linux; Android 6.0.1; Nexus 5X Build/MMB29P) AppleWebKit/537.36 (KHTML, like Gecko) Chrome/135.0.7049.95 Mobile Safari/537.36 (compatible; Googlebot/2.1; +http://www.google.com/bot.html)"
198.54.114.83 - - [19/Apr/2025:10:38:24 -0400] "POST /wp-cron.php?doing_wp_cron=1745073502.5417199134826660156250 HTTP/1.1" 200 0 "-" "WordPress/6.8; https://christianmantopoulos.com"
66.249.64.1 - - [19/Apr/2025:10:38:55 -0400] "GET /Portable-Mountain-bicycle-Allenkey-in/Tools-179634/ HTTP/1.1" 404 6820 "-" "Mozilla/5.0 (Linux; Android 6.0.1; Nexus 5X Build/MMB29P) AppleWebKit/537.36 (KHTML, like Gecko) Chrome/135.0.7049.95 Mobile Safari/537.36 (compatible; Googlebot/2.1; +http://www.google.com/bot.html)"
198.54.114.83 - - [19/Apr/2025:10:39:33 -0400] "POST /wp-cron.php?doing_wp_cron=1745073572.5183110237121582031250 HTTP/1.1" 200 0 "-" "WordPress/6.8; https://christianmantopoulos.com"
66.249.64.3 - - [19/Apr/2025:10:39:32 -0400] "GET /G2091300mm-GCore-Free-x-Hard/Cues-552206/ HTTP/1.1" 404 6820 "-" "Mozilla/5.0 (Linux; Android 6.0.1; Nexus 5X Build/MMB29P) AppleWebKit/537.36 (KHTML, like Gecko) Chrome/135.0.7049.95 Mobile Safari/537.36 (compatible; Googlebot/2.1; +http://www.google.com/bot.html)"
66.249.64.1 - - [19/Apr/2025:10:40:08 -0400] "GET /Japan-Daiwa-Freams-LT/Spinning-Reels-370905/ HTTP/1.1" 404 6820 "-" "Mozilla/5.0 (Linux; Android 6.0.1; Nexus 5X Build/MMB29P) AppleWebKit/537.36 (KHTML, like Gecko) Chrome/135.0.7049.95 Mobile Safari/537.36 (compatible; Googlebot/2.1; +http://www.google.com/bot.html)"
198.54.114.83 - - [19/Apr/2025:10:40:11 -0400] "POST /wp-cron.php?doing_wp_cron=1745073608.5454480648040771484375 HTTP/1.1" 200 0 "-" "WordPress/6.8; https://christianmantopoulos.com"
66.249.64.1 - - [19/Apr/2025:10:40:42 -0400] "GET /Freehub-DT-Swiss-Big-Ride-Rear-Hub/Hubs-132865/ HTTP/1.1" 404 6820 "-" "Mozilla/5.0 (Linux; Android 6.0.1; Nexus 5X Build/MMB29P) AppleWebKit/537.36 (KHTML, like Gecko) Chrome/135.0.7049.95 Mobile Safari/537.36 (compatible; Googlebot/2.1; +http://www.google.com/bot.html)"
66.249.64.2 - - [19/Apr/2025:10:41:14 -0400] "GET /Camo-Color-Scheme-ALEKO-Winter-Waterproof/Inflatables-790153/ HTTP/1.1" 404 6820 "-" "Mozilla/5.0 (Linux; Android 6.0.1; Nexus 5X Build/MMB29P) AppleWebKit/537.36 (KHTML, like Gecko) Chrome/135.0.7049.95 Mobile Safari/537.36 (compatible; Googlebot/2.1; +http://www.google.com/bot.html)"
198.54.114.83 - - [19/Apr/2025:10:41:16 -0400] "POST /wp-cron.php?doing_wp_cron=1745073674.5505690574645996093750 HTTP/1.1" 200 0 "-" "WordPress/6.8; https://christianmantopoulos.com"
66.249.64.1 - - [19/Apr/2025:10:41:49 -0400] "GET /Waterproof-Tactical-Duty-Boots-Under-Armour/Tactical-Footwear-543011/ HTTP/1.1" 404 6820 "-" "Mozilla/5.0 (Linux; Android 6.0.1; Nexus 5X Build/MMB29P) AppleWebKit/537.36 (KHTML, like Gecko) Chrome/135.0.7049.95 Mobile Safari/537.36 (compatible; Googlebot/2.1; +http://www.google.com/bot.html)"
66.249.64.3 - - [19/Apr/2025:10:42:25 -0400] "GET /Training-Fitness-Parts-Black-Bearing-Pulley/Home-Gym-Attachments-453311/ HTTP/1.1" 404 6820 "-" "Mozilla/5.0 (Linux; Android 6.0.1; Nexus 5X Build/MMB29P) AppleWebKit/537.36 (KHTML, like Gecko) Chrome/135.0.7049.95 Mobile Safari/537.36 (compatible; Googlebot/2.1; +http://www.google.com/bot.html)"
198.54.114.83 - - [19/Apr/2025:10:42:30 -0400] "POST /wp-cron.php?doing_wp_cron=1745073746.3225378990173339843750 HTTP/1.1" 200 0 "-" "WordPress/6.8; https://christianmantopoulos.com"
66.249.64.2 - - [19/Apr/2025:10:42:56 -0400] "GET /Holo-Walleye-&034;-Rippin-Dawg/Swimbaits-310258/ HTTP/1.1" 404 6820 "-" "Mozilla/5.0 (Linux; Android 6.0.1; Nexus 5X Build/MMB29P) AppleWebKit/537.36 (KHTML, like Gecko) Chrome/135.0.7049.95 Mobile Safari/537.36 (compatible; Googlebot/2.1; +http://www.google.com/bot.html)"
66.249.64.12 - - [19/Apr/2025:10:43:31 -0400] "GET /Equine-Magnetic-Horse-Knee/Other-Horse-Wear-684910/ HTTP/1.1" 404 6820 "-" "Mozilla/5.0 (Linux; Android 6.0.1; Nexus 5X Build/MMB29P) AppleWebKit/537.36 (KHTML, like Gecko) Chrome/135.0.7049.95 Mobile Safari/537.36 (compatible; Googlebot/2.1; +http://www.google.com/bot.html)"
66.249.64.12 - - [19/Apr/2025:10:44:05 -0400] "GET /race-plate-BLACK-Old/Vintage-Bicycle-Parts-239063/ HTTP/1.1" 404 6820 "-" "Mozilla/5.0 (Linux; Android 6.0.1; Nexus 5X Build/MMB29P) AppleWebKit/537.36 (KHTML, like Gecko) Chrome/135.0.7049.95 Mobile Safari/537.36 (compatible; Googlebot/2.1; +http://www.google.com/bot.html)"
66.249.64.11 - - [19/Apr/2025:10:44:40 -0400] "GET /Foldable-MTB-Wild-Racer-&034;/Tires-187944/ HTTP/1.1" 404 6819 "-" "Mozilla/5.0 (Linux; Android 6.0.1; Nexus 5X Build/MMB29P) AppleWebKit/537.36 (KHTML, like Gecko) Chrome/135.0.7049.95 Mobile Safari/537.36 (compatible; Googlebot/2.1; +http://www.google.com/bot.html)"
66.249.64.12 - - [19/Apr/2025:10:45:15 -0400] "GET /Sleeve-Jersey-Tights-bib-Shorts-KJU-New/Jersey-&-PantShort-Sets-214629/ HTTP/1.1" 404 6820 "-" "Mozilla/5.0 (Linux; Android 6.0.1; Nexus 5X Build/MMB29P) AppleWebKit/537.36 (KHTML, like Gecko) Chrome/135.0.7049.95 Mobile Safari/537.36 (compatible; Googlebot/2.1; +http://www.google.com/bot.html)"
66.249.64.11 - - [19/Apr/2025:10:45:48 -0400] "GET /ChainSpotter-Stop-SRAM-Red-Brazeon/Derailleurs-Front-104740/ HTTP/1.1" 404 6820 "-" "Mozilla/5.0 (Linux; Android 6.0.1; Nexus 5X Build/MMB29P) AppleWebKit/537.36 (KHTML, like Gecko) Chrome/135.0.7049.95 Mobile Safari/537.36 (compatible; Googlebot/2.1; +http://www.google.com/bot.html)"
66.249.64.13 - - [19/Apr/2025:10:46:26 -0400] "GET /Axiom-A-Raymarine-SD/Fishfinders-319119/ HTTP/1.1" 404 6820 "-" "Mozilla/5.0 (Linux; Android 6.0.1; Nexus 5X Build/MMB29P) AppleWebKit/537.36 (KHTML, like Gecko) Chrome/135.0.7049.95 Mobile Safari/537.36 (compatible; Googlebot/2.1; +http://www.google.com/bot.html)"
66.249.64.11 - - [19/Apr/2025:10:46:57 -0400] "GET /Hunting-Rifle-Scope-DISCOVERY-Side-Parallax/Rifle-Scopes-530277/ HTTP/1.1" 404 6820 "-" "Mozilla/5.0 (Linux; Android 6.0.1; Nexus 5X Build/MMB29P) AppleWebKit/537.36 (KHTML, like Gecko) Chrome/135.0.7049.95 Mobile Safari/537.36 (compatible; Googlebot/2.1; +http://www.google.com/bot.html)"
52.202.207.221 - - [19/Apr/2025:10:47:08 -0400] "POST /xmlrpc.php HTTP/1.1" 200 212 "-" "Mozilla/5.0 (Windows NT 10.0; Win64; x64; rv:90.0) Gecko/20100101 Firefox/90.0"
198.54.114.83 - - [19/Apr/2025:10:47:10 -0400] "POST /wp-cron.php?doing_wp_cron=1745074028.4346749782562255859375 HTTP/1.1" 200 0 "-" "WordPress/6.8; https://christianmantopoulos.com"
66.249.64.11 - - [19/Apr/2025:10:47:34 -0400] "GET /Bicycle-PCSPack-TV-Show-Stickers/Sticker-Pack-727885/ HTTP/1.1" 404 6820 "-" "Mozilla/5.0 (Linux; Android 6.0.1; Nexus 5X Build/MMB29P) AppleWebKit/537.36 (KHTML, like Gecko) Chrome/135.0.7049.95 Mobile Safari/537.36 (compatible; Googlebot/2.1; +http://www.google.com/bot.html)"
66.249.64.13 - - [19/Apr/2025:10:48:09 -0400] "GET /Western-Cowboy-Raised-Gold/Conchos-692393/ HTTP/1.1" 404 6820 "-" "Mozilla/5.0 (Linux; Android 6.0.1; Nexus 5X Build/MMB29P) AppleWebKit/537.36 (KHTML, like Gecko) Chrome/135.0.7049.95 Mobile Safari/537.36 (compatible; Googlebot/2.1; +http://www.google.com/bot.html)"
198.54.114.83 - - [19/Apr/2025:10:48:11 -0400] "POST /wp-cron.php?doing_wp_cron=1745074089.2150149345397949218750 HTTP/1.1" 200 0 "-" "WordPress/6.8; https://christianmantopoulos.com"
66.249.64.11 - - [19/Apr/2025:10:48:42 -0400] "GET /Tent-Heater-Camping-APG-Portable-Gas/Coleman-Camping-Generators-and-Heaters-640284/ HTTP/1.1" 404 6820 "-" "Mozilla/5.0 (Linux; Android 6.0.1; Nexus 5X Build/MMB29P) AppleWebKit/537.36 (KHTML, like Gecko) Chrome/135.0.7049.95 Mobile Safari/537.36 (compatible; Googlebot/2.1; +http://www.google.com/bot.html)"
173.249.43.220 - - [19/Apr/2025:10:49:08 -0400] "GET /wp-content/plugins/seo-for-wordpress/option.php HTTP/1.1" 404 6820 "-" "Mozlila/5.0 (Linux; Android 7.0; SM-G892A Bulid/NRD90M; wv) AppleWebKit/537.36 (KHTML, like Gecko) Version/4.0 Chrome/60.0.3112.107 Moblie Safari/537.36"
198.54.114.83 - - [19/Apr/2025:10:49:10 -0400] "POST /wp-cron.php?doing_wp_cron=1745074148.4058349132537841796875 HTTP/1.1" 200 0 "-" "WordPress/6.8; https://christianmantopoulos.com"
173.249.43.220 - - [19/Apr/2025:10:49:13 -0400] "GET /wp-content/plugins/pwnd/pwnd.php HTTP/1.1" 404 6820 "-" "Mozlila/5.0 (Linux; Android 7.0; SM-G892A Bulid/NRD90M; wv) AppleWebKit/537.36 (KHTML, like Gecko) Version/4.0 Chrome/60.0.3112.107 Moblie Safari/537.36"
66.249.64.11 - - [19/Apr/2025:10:49:16 -0400] "GET /HOOKSGOLD-SIZE-PACK-packs/Hooks-391693/ HTTP/1.1" 404 6820 "-" "Mozilla/5.0 (Linux; Android 6.0.1; Nexus 5X Build/MMB29P) AppleWebKit/537.36 (KHTML, like Gecko) Chrome/135.0.7049.95 Mobile Safari/537.36 (compatible; Googlebot/2.1; +http://www.google.com/bot.html)"
66.249.64.11 - - [19/Apr/2025:10:49:50 -0400] "GET /Olympic-Weight-Plates-lb-Total-Pound-Plate/Weight-Plates-457759/ HTTP/1.1" 404 6820 "-" "Mozilla/5.0 (Linux; Android 6.0.1; Nexus 5X Build/MMB29P) AppleWebKit/537.36 (KHTML, like Gecko) Chrome/135.0.7049.95 Mobile Safari/537.36 (compatible; Googlebot/2.1; +http://www.google.com/bot.html)"
198.54.114.83 - - [19/Apr/2025:10:50:25 -0400] "POST /wp-cron.php?doing_wp_cron=1745074224.7114028930664062500000 HTTP/1.1" 200 0 "-" "WordPress/6.8; https://christianmantopoulos.com"
66.249.64.11 - - [19/Apr/2025:10:50:24 -0400] "GET /SaddleBlackNew-WTB-Women&039;s-Speed-SHE/Saddles-Seats-157773/ HTTP/1.1" 404 6820 "-" "Mozilla/5.0 (Linux; Android 6.0.1; Nexus 5X Build/MMB29P) AppleWebKit/537.36 (KHTML, like Gecko) Chrome/135.0.7049.95 Mobile Safari/537.36 (compatible; Googlebot/2.1; +http://www.google.com/bot.html)"
66.249.64.12 - - [19/Apr/2025:10:50:59 -0400] "GET /WORKOUT-LCD-SCREEN-in-ELLIPTICAL-CROSS/Ellipticals-402116/ HTTP/1.1" 404 6820 "-" "Mozilla/5.0 (Linux; Android 6.0.1; Nexus 5X Build/MMB29P) AppleWebKit/537.36 (KHTML, like Gecko) Chrome/135.0.7049.95 Mobile Safari/537.36 (compatible; Googlebot/2.1; +http://www.google.com/bot.html)"
66.249.64.11 - - [19/Apr/2025:10:51:32 -0400] "GET /Neu-PLCL-Cyclone-Sprint-Suntour/Pedals-143066/ HTTP/1.1" 404 6820 "-" "Mozilla/5.0 (Linux; Android 6.0.1; Nexus 5X Build/MMB29P) AppleWebKit/537.36 (KHTML, like Gecko) Chrome/135.0.7049.95 Mobile Safari/537.36 (compatible; Googlebot/2.1; +http://www.google.com/bot.html)"
66.249.64.11 - - [19/Apr/2025:10:52:08 -0400] "GET /IR-x-OD-GREEN-Canadian-Flag/Other-Sporting-Goods-566275/ HTTP/1.1" 404 6820 "-" "Mozilla/5.0 (Linux; Android 6.0.1; Nexus 5X Build/MMB29P) AppleWebKit/537.36 (KHTML, like Gecko) Chrome/135.0.7049.95 Mobile Safari/537.36 (compatible; Googlebot/2.1; +http://www.google.com/bot.html)"
198.54.114.83 - - [19/Apr/2025:10:52:10 -0400] "POST /wp-cron.php?doing_wp_cron=1745074328.6193499565124511718750 HTTP/1.1" 200 0 "-" "WordPress/6.8; https://christianmantopoulos.com"
66.249.64.11 - - [19/Apr/2025:10:52:42 -0400] "GET /BIKE-PIE-REAR-REFLECTOR-NOS-TOYOCO/Vintage-Bicycle-Accessories-237677/ HTTP/1.1" 404 6820 "-" "Mozilla/5.0 (Linux; Android 6.0.1; Nexus 5X Build/MMB29P) AppleWebKit/537.36 (KHTML, like Gecko) Chrome/135.0.7049.95 Mobile Safari/537.36 (compatible; Googlebot/2.1; +http://www.google.com/bot.html)"
198.54.114.83 - - [19/Apr/2025:10:53:17 -0400] "POST /wp-cron.php?doing_wp_cron=1745074397.3545451164245605468750 HTTP/1.1" 200 0 "-" "WordPress/6.8; https://christianmantopoulos.com"
66.249.64.13 - - [19/Apr/2025:10:53:17 -0400] "GET /Sattel-MTB-Rennrad-Fahrradsattel/Saddles-&-Seats-153207/ HTTP/1.1" 404 6820 "-" "Mozilla/5.0 (Linux; Android 6.0.1; Nexus 5X Build/MMB29P) AppleWebKit/537.36 (KHTML, like Gecko) Chrome/135.0.7049.95 Mobile Safari/537.36 (compatible; Googlebot/2.1; +http://www.google.com/bot.html)"
66.249.64.11 - - [19/Apr/2025:10:53:52 -0400] "GET /Emerson-NonMetallic-Kerambit-Fixed/Fixed-Blade-510746/ HTTP/1.1" 404 6820 "-" "Mozilla/5.0 (Linux; Android 6.0.1; Nexus 5X Build/MMB29P) AppleWebKit/537.36 (KHTML, like Gecko) Chrome/135.0.7049.95 Mobile Safari/537.36 (compatible; Googlebot/2.1; +http://www.google.com/bot.html)"
198.54.114.83 - - [19/Apr/2025:10:54:27 -0400] "POST /wp-cron.php?doing_wp_cron=1745074466.4952559471130371093750 HTTP/1.1" 200 0 "-" "WordPress/6.8; https://christianmantopoulos.com"
66.249.64.11 - - [19/Apr/2025:10:54:26 -0400] "GET /bike-mm-NOS-Campagnolo-Record-Rear/Hubs-132733/ HTTP/1.1" 404 6820 "-" "Mozilla/5.0 (Linux; Android 6.0.1; Nexus 5X Build/MMB29P) AppleWebKit/537.36 (KHTML, like Gecko) Chrome/135.0.7049.95 Mobile Safari/537.36 (compatible; Googlebot/2.1; +http://www.google.com/bot.html)"
66.249.64.11 - - [19/Apr/2025:10:54:59 -0400] "GET /DeMarini-Prism-Fastpitch/SoftballFastpitch-732559/ HTTP/1.1" 404 6821 "-" "Mozilla/5.0 (Linux; Android 6.0.1; Nexus 5X Build/MMB29P) AppleWebKit/537.36 (KHTML, like Gecko) Chrome/135.0.7049.95 Mobile Safari/537.36 (compatible; Googlebot/2.1; +http://www.google.com/bot.html)"
66.249.64.11 - - [19/Apr/2025:10:55:36 -0400] "GET /Tektro-RL-Bremshebel-Satz/Brake-Levers-70447/ HTTP/1.1" 404 6820 "-" "Mozilla/5.0 (Linux; Android 6.0.1; Nexus 5X Build/MMB29P) AppleWebKit/537.36 (KHTML, like Gecko) Chrome/135.0.7049.95 Mobile Safari/537.36 (compatible; Googlebot/2.1; +http://www.google.com/bot.html)"
198.54.114.83 - - [19/Apr/2025:10:56:09 -0400] "POST /wp-cron.php?doing_wp_cron=1745074569.2704188823699951171875 HTTP/1.1" 200 0 "-" "WordPress/6.8; https://christianmantopoulos.com"
66.249.64.11 - - [19/Apr/2025:10:56:09 -0400] "GET /Free-oz-Water-Bottle-Made-Nalgene-Bottle/Water-Bottle-Cages-59113/ HTTP/1.1" 404 6820 "-" "Mozilla/5.0 (Linux; Android 6.0.1; Nexus 5X Build/MMB29P) AppleWebKit/537.36 (KHTML, like Gecko) Chrome/135.0.7049.95 Mobile Safari/537.36 (compatible; Googlebot/2.1; +http://www.google.com/bot.html)"
66.249.64.12 - - [19/Apr/2025:10:56:42 -0400] "GET /MECATE-REIN-REIN-ONLY-colours/Bridles-676665/ HTTP/1.1" 404 6820 "-" "Mozilla/5.0 (Linux; Android 6.0.1; Nexus 5X Build/MMB29P) AppleWebKit/537.36 (KHTML, like Gecko) Chrome/135.0.7049.95 Mobile Safari/537.36 (compatible; Googlebot/2.1; +http://www.google.com/bot.html)"
198.54.114.83 - - [19/Apr/2025:10:57:19 -0400] "POST /wp-cron.php?doing_wp_cron=1745074638.5453889369964599609375 HTTP/1.1" 200 0 "-" "WordPress/6.8; https://christianmantopoulos.com"
66.249.64.11 - - [19/Apr/2025:10:57:18 -0400] "GET /Monitor-Waterproof-IP-Smart-Watch-L-ECG/Smart-Watches-2362/ HTTP/1.1" 404 6820 "-" "Mozilla/5.0 (Linux; Android 6.0.1; Nexus 5X Build/MMB29P) AppleWebKit/537.36 (KHTML, like Gecko) Chrome/135.0.7049.95 Mobile Safari/537.36 (compatible; Googlebot/2.1; +http://www.google.com/bot.html)"
107.151.208.210 - - [19/Apr/2025:10:57:45 -0400] "GET /?rest_route=/wp/v2/users HTTP/1.1" 200 97713 "www.google.com" "Mozlila/5.0 (Linux; Android 7.0; SM-G892A Bulid/NRD90M; wv) AppleWebKit/537.36 (KHTML, like Gecko) Version/4.0 Chrome/60.0.3112.107 Moblie Safari/537.36"
66.249.64.11 - - [19/Apr/2025:10:57:52 -0400] "GET /Machete-Marvel-Circus-Minute-a-Manitou/Forks-109909/ HTTP/1.1" 404 6820 "-" "Mozilla/5.0 (Linux; Android 6.0.1; Nexus 5X Build/MMB29P) AppleWebKit/537.36 (KHTML, like Gecko) Chrome/135.0.7049.95 Mobile Safari/537.36 (compatible; Googlebot/2.1; +http://www.google.com/bot.html)"
66.249.64.11 - - [19/Apr/2025:10:58:27 -0400] "GET /Predator-Lite-CRT/Strings-572725/ HTTP/1.1" 404 6820 "-" "Mozilla/5.0 (Linux; Android 6.0.1; Nexus 5X Build/MMB29P) AppleWebKit/537.36 (KHTML, like Gecko) Chrome/135.0.7049.95 Mobile Safari/537.36 (compatible; Googlebot/2.1; +http://www.google.com/bot.html)"
66.249.64.1 - - [19/Apr/2025:10:59:01 -0400] "GET /Lever-Black-Odyssey/Brake-Levers-71208/ HTTP/1.1" 404 6820 "-" "Mozilla/5.0 (Linux; Android 6.0.1; Nexus 5X Build/MMB29P) AppleWebKit/537.36 (KHTML, like Gecko) Chrome/135.0.7049.95 Mobile Safari/537.36 (compatible; Googlebot/2.1; +http://www.google.com/bot.html)"
198.54.114.83 - - [19/Apr/2025:10:59:36 -0400] "POST /wp-cron.php?doing_wp_cron=1745074775.6143419742584228515625 HTTP/1.1" 200 0 "-" "WordPress/6.8; https://christianmantopoulos.com"
66.249.64.1 - - [19/Apr/2025:10:59:35 -0400] "GET /Hanger-Wheels/Other-Bike-Components-&-Parts-139730/ HTTP/1.1" 404 6820 "-" "Mozilla/5.0 (Linux; Android 6.0.1; Nexus 5X Build/MMB29P) AppleWebKit/537.36 (KHTML, like Gecko) Chrome/135.0.7049.95 Mobile Safari/537.36 (compatible; Googlebot/2.1; +http://www.google.com/bot.html)"
66.249.64.3 - - [19/Apr/2025:11:00:12 -0400] "GET /Emergency-Security-Tactical-Baseball-Bat-LED/Flashlights-620625/ HTTP/1.1" 404 6820 "-" "Mozilla/5.0 (Linux; Android 6.0.1; Nexus 5X Build/MMB29P) AppleWebKit/537.36 (KHTML, like Gecko) Chrome/135.0.7049.95 Mobile Safari/537.36 (compatible; Googlebot/2.1; +http://www.google.com/bot.html)"
66.249.64.1 - - [19/Apr/2025:11:00:44 -0400] "GET /Sumo-Sensomax-Carp-Feeder/Spinning-Rods-380151/ HTTP/1.1" 404 6820 "-" "Mozilla/5.0 (Linux; Android 6.0.1; Nexus 5X Build/MMB29P) AppleWebKit/537.36 (KHTML, like Gecko) Chrome/135.0.7049.95 Mobile Safari/537.36 (compatible; Googlebot/2.1; +http://www.google.com/bot.html)"
66.249.64.3 - - [19/Apr/2025:11:01:19 -0400] "GET /PROTECTION-RAYONS-VERSO-ROUE-LIBRE/-Speed-Bicycle-Cassettes-Freewheels-and-Cogs-92268/ HTTP/1.1" 404 6820 "-" "Mozilla/5.0 (Linux; Android 6.0.1; Nexus 5X Build/MMB29P) AppleWebKit/537.36 (KHTML, like Gecko) Chrome/135.0.7049.95 Mobile Safari/537.36 (compatible; Googlebot/2.1; +http://www.google.com/bot.html)"
66.249.64.1 - - [19/Apr/2025:11:01:53 -0400] "GET /PU-Leather-Boxing-Gloves-BlackWhite-oz/Gloves-Boxing-16782/ HTTP/1.1" 404 6820 "-" "Mozilla/5.0 (Linux; Android 6.0.1; Nexus 5X Build/MMB29P) AppleWebKit/537.36 (KHTML, like Gecko) Chrome/135.0.7049.95 Mobile Safari/537.36 (compatible; Googlebot/2.1; +http://www.google.com/bot.html)"
66.249.64.1 - - [19/Apr/2025:11:02:27 -0400] "GET /Ping-Pong-Racket-Butterfly-japanPetr-Korbel/Paddles-560013/ HTTP/1.1" 404 6821 "-" "Mozilla/5.0 (Linux; Android 6.0.1; Nexus 5X Build/MMB29P) AppleWebKit/537.36 (KHTML, like Gecko) Chrome/135.0.7049.95 Mobile Safari/537.36 (compatible; Googlebot/2.1; +http://www.google.com/bot.html)"
66.249.64.2 - - [19/Apr/2025:11:03:01 -0400] "GET /Size-&034;-US-Seller-Molten-B7G5000M9C/Balls-744559/ HTTP/1.1" 404 6820 "-" "Mozilla/5.0 (Linux; Android 6.0.1; Nexus 5X Build/MMB29P) AppleWebKit/537.36 (KHTML, like Gecko) Chrome/135.0.7049.95 Mobile Safari/537.36 (compatible; Googlebot/2.1; +http://www.google.com/bot.html)"
198.54.114.83 - - [19/Apr/2025:11:03:38 -0400] "POST /wp-cron.php?doing_wp_cron=1745075017.7832961082458496093750 HTTP/1.1" 200 0 "-" "WordPress/6.8; https://christianmantopoulos.com"
66.249.64.2 - - [19/Apr/2025:11:03:37 -0400] "GET /Scope-Sight-Tactical-DIANA-x42/Rifle-Scopes-531121/ HTTP/1.1" 404 6821 "-" "Mozilla/5.0 (Linux; Android 6.0.1; Nexus 5X Build/MMB29P) AppleWebKit/537.36 (KHTML, like Gecko) Chrome/135.0.7049.95 Mobile Safari/537.36 (compatible; Googlebot/2.1; +http://www.google.com/bot.html)"
198.54.114.83 - - [19/Apr/2025:11:04:13 -0400] "POST /wp-cron.php?doing_wp_cron=1745075052.1814448833465576171875 HTTP/1.1" 200 0 "-" "WordPress/6.8; https://christianmantopoulos.com"
66.249.64.2 - - [19/Apr/2025:11:04:11 -0400] "GET /CONTEMPORARY-CANDLE-LANTERN-NIB-&034;-BRONZE/Lanterns-638413/ HTTP/1.1" 404 6820 "-" "Mozilla/5.0 (Linux; Android 6.0.1; Nexus 5X Build/MMB29P) AppleWebKit/537.36 (KHTML, like Gecko) Chrome/135.0.7049.95 Mobile Safari/537.36 (compatible; Googlebot/2.1; +http://www.google.com/bot.html)"
66.249.64.1 - - [19/Apr/2025:11:04:45 -0400] "GET /Fork-mm-x-mm-&034;/Forks-111554/ HTTP/1.1" 404 6820 "-" "Mozilla/5.0 (Linux; Android 6.0.1; Nexus 5X Build/MMB29P) AppleWebKit/537.36 (KHTML, like Gecko) Chrome/135.0.7049.95 Mobile Safari/537.36 (compatible; Googlebot/2.1; +http://www.google.com/bot.html)"
185.245.105.171 - - [19/Apr/2025:11:05:10 -0400] "GET /how-to-win-at-gas-station-slots/ HTTP/1.1" 200 11777 "http://christianmantopoulos.com/how-to-win-at-gas-station-slots/" "Mozilla/5.0 (Windows NT 10.0; Win64; x64) AppleWebKit/537.36 (KHTML, like Gecko) Chrome/130.0.0.0 Safari/537.36"
77.238.235.209 - - [19/Apr/2025:11:05:12 -0400] "GET /how-to-win-at-gas-station-slots/ HTTP/1.1" 200 11777 "http://christianmantopoulos.com/how-to-win-at-gas-station-slots/" "Mozilla/5.0 (Windows NT 10.0; Win64; x64) AppleWebKit/537.36 (KHTML, like Gecko) Chrome/130.0.0.0 Safari/537.36"
185.245.105.171 - - [19/Apr/2025:11:05:12 -0400] "POST /wp-comments-post.php HTTP/1.1" 500 1730 "http://christianmantopoulos.com/how-to-win-at-gas-station-slots/" "Mozilla/5.0 (Windows NT 10.0; Win64; x64) AppleWebKit/537.36 (KHTML, like Gecko) Chrome/130.0.0.0 Safari/537.36"
198.54.114.83 - - [19/Apr/2025:11:05:14 -0400] "POST /wp-cron.php?doing_wp_cron=1745075112.6361339092254638671875 HTTP/1.1" 200 0 "-" "WordPress/6.8; https://christianmantopoulos.com"
77.238.235.209 - - [19/Apr/2025:11:05:14 -0400] "POST /wp-comments-post.php HTTP/1.1" 500 1745 "http://christianmantopoulos.com/how-to-win-at-gas-station-slots/" "Mozilla/5.0 (Windows NT 10.0; Win64; x64) AppleWebKit/537.36 (KHTML, like Gecko) Chrome/130.0.0.0 Safari/537.36"
66.249.64.1 - - [19/Apr/2025:11:05:19 -0400] "GET /Speed-Short-Cage-SRAM-X-DH/Derailleurs-Rear-105476/ HTTP/1.1" 404 6820 "-" "Mozilla/5.0 (Linux; Android 6.0.1; Nexus 5X Build/MMB29P) AppleWebKit/537.36 (KHTML, like Gecko) Chrome/135.0.7049.95 Mobile Safari/537.36 (compatible; Googlebot/2.1; +http://www.google.com/bot.html)"
66.249.64.1 - - [19/Apr/2025:11:05:54 -0400] "GET /x-mm-s-Cassette-Compatible-NEW-Shimano-FHTX500/Hubs-133379/ HTTP/1.1" 404 6820 "-" "Mozilla/5.0 (Linux; Android 6.0.1; Nexus 5X Build/MMB29P) AppleWebKit/537.36 (KHTML, like Gecko) Chrome/135.0.7049.95 Mobile Safari/537.36 (compatible; Googlebot/2.1; +http://www.google.com/bot.html)"
198.54.114.83 - - [19/Apr/2025:11:06:30 -0400] "POST /wp-cron.php?doing_wp_cron=1745075189.6266000270843505859375 HTTP/1.1" 200 0 "-" "WordPress/6.8; https://christianmantopoulos.com"
66.249.64.1 - - [19/Apr/2025:11:06:29 -0400] "GET /Mountain-Bike-Ultralight-Seat-EC-g/Saddles-Seats-156479/ HTTP/1.1" 404 6820 "-" "Mozilla/5.0 (Linux; Android 6.0.1; Nexus 5X Build/MMB29P) AppleWebKit/537.36 (KHTML, like Gecko) Chrome/135.0.7049.95 Mobile Safari/537.36 (compatible; Googlebot/2.1; +http://www.google.com/bot.html)"
66.249.64.2 - - [19/Apr/2025:11:07:03 -0400] "GET /Onzas-Guantes-De-Boxeo/Gloves-Boxing-16108/ HTTP/1.1" 404 6821 "-" "Mozilla/5.0 (Linux; Android 6.0.1; Nexus 5X Build/MMB29P) AppleWebKit/537.36 (KHTML, like Gecko) Chrome/135.0.7049.95 Mobile Safari/537.36 (compatible; Googlebot/2.1; +http://www.google.com/bot.html)"
66.249.64.2 - - [19/Apr/2025:11:07:38 -0400] "GET /gr%C3%BCn-ER-Receiver-Trikot-Jersey-NFL-TShirt/Other-Football-757851/ HTTP/1.1" 404 6821 "-" "Mozilla/5.0 (Linux; Android 6.0.1; Nexus 5X Build/MMB29P) AppleWebKit/537.36 (KHTML, like Gecko) Chrome/135.0.7049.95 Mobile Safari/537.36 (compatible; Googlebot/2.1; +http://www.google.com/bot.html)"
66.249.64.3 - - [19/Apr/2025:11:08:12 -0400] "GET /175ah-Izip-Skyline-Meerkat-Electric/Electric-Bicycle-Components-108402/ HTTP/1.1" 404 6820 "-" "Mozilla/5.0 (Linux; Android 6.0.1; Nexus 5X Build/MMB29P) AppleWebKit/537.36 (KHTML, like Gecko) Chrome/135.0.7049.95 Mobile Safari/537.36 (compatible; Googlebot/2.1; +http://www.google.com/bot.html)"
66.249.64.1 - - [19/Apr/2025:11:08:48 -0400] "GET /O-RING-PART-EACH/Flashlights-621949/ HTTP/1.1" 404 6821 "-" "Mozilla/5.0 (Linux; Android 6.0.1; Nexus 5X Build/MMB29P) AppleWebKit/537.36 (KHTML, like Gecko) Chrome/135.0.7049.95 Mobile Safari/537.36 (compatible; Googlebot/2.1; +http://www.google.com/bot.html)"
198.54.114.83 - - [19/Apr/2025:11:08:50 -0400] "POST /wp-cron.php?doing_wp_cron=1745075328.3207309246063232421875 HTTP/1.1" 200 0 "-" "WordPress/6.8; https://christianmantopoulos.com"
66.249.64.12 - - [19/Apr/2025:11:09:20 -0400] "GET /Hussefelt-Handlebar-x40mm-rise/Handlebars-122996/ HTTP/1.1" 404 6820 "-" "Mozilla/5.0 (Linux; Android 6.0.1; Nexus 5X Build/MMB29P) AppleWebKit/537.36 (KHTML, like Gecko) Chrome/135.0.7049.95 Mobile Safari/537.36 (compatible; Googlebot/2.1; +http://www.google.com/bot.html)"
66.249.64.11 - - [19/Apr/2025:11:09:56 -0400] "GET /Spitfire-formula-fours/Wheels-720971/ HTTP/1.1" 404 6821 "-" "Mozilla/5.0 (Linux; Android 6.0.1; Nexus 5X Build/MMB29P) AppleWebKit/537.36 (KHTML, like Gecko) Chrome/135.0.7049.95 Mobile Safari/537.36 (compatible; Googlebot/2.1; +http://www.google.com/bot.html)"
66.249.64.11 - - [19/Apr/2025:11:10:34 -0400] "GET /Mouth-Teeth-Sports-Basketball-Boxing/Mouth-Guards-19158/ HTTP/1.1" 404 6820 "-" "Mozilla/5.0 (Linux; Android 6.0.1; Nexus 5X Build/MMB29P) AppleWebKit/537.36 (KHTML, like Gecko) Chrome/135.0.7049.95 Mobile Safari/537.36 (compatible; Googlebot/2.1; +http://www.google.com/bot.html)"
216.244.66.234 - - [19/Apr/2025:11:12:36 -0400] "GET /robots.txt HTTP/1.1" 200 118 "-" "Mozilla/5.0 (compatible; DotBot/1.2; +https://opensiteexplorer.org/dotbot; help@moz.com)"
216.244.66.234 - - [19/Apr/2025:11:20:04 -0400] "GET /the-magic-of-rainbow-riches-casino-a-guide-to-winning-big/feed/ HTTP/1.1" 200 477 "-" "Mozilla/5.0 (compatible; DotBot/1.2; +https://opensiteexplorer.org/dotbot; help@moz.com)"
136.243.220.214 - - [19/Apr/2025:11:22:41 -0400] "GET / HTTP/1.1" 200 97713 "-" "Mozilla/5.0 (compatible; DataForSeoBot/1.0; +https://dataforseo.com/dataforseo-bot)"
147.45.134.80 - - [19/Apr/2025:11:25:32 -0400] "POST /xmlrpc.php HTTP/1.1" 200 212 "-" "Mozilla/5.0 (Windows NT 10.0; Win64; x64; rv:71.0) Gecko/20100101 Firefox/71.0"
45.88.78.37 - - [19/Apr/2025:11:26:55 -0400] "GET / HTTP/1.1" 200 97713 "http://christianmantopoulos.com/" "Mozilla/5.0 (Windows NT 10.0; Win64; x64) AppleWebKit/537.36 (KHTML, like Gecko) Chrome/130.0.0.0 Safari/537.36"
198.54.114.83 - - [19/Apr/2025:11:33:20 -0400] "POST /wp-cron.php?doing_wp_cron=1745076799.2496728897094726562500 HTTP/1.1" 200 0 "-" "WordPress/6.8; https://christianmantopoulos.com"
195.20.18.145 - - [19/Apr/2025:11:33:18 -0400] "GET /sites/all/libraries/elfinder/connectors/php/connector.php HTTP/1.1" 404 6820 "-" "ALittle Client"
2a02:708:0:1c::2 - - [19/Apr/2025:11:43:15 -0400] "POST /xmlrpc.php HTTP/1.1" 200 212 "-" "Mozilla/5.0 (Windows NT 10.0; Win64; x64; rv:82.0) Gecko/20100101 Firefox/82.0"
44.236.207.248 - - [19/Apr/2025:11:46:15 -0400] "GET / HTTP/1.1" 200 97713 "-" "Mozilla/5.0 (X11; Linux x86_64) AppleWebKit/537.36 (KHTML, like Gecko) HeadlessChrome/130.0.0.0 Safari/537.36"
44.236.207.248 - - [19/Apr/2025:11:46:27 -0400] "GET /react.js HTTP/1.1" 404 6821 "http://christianmantopoulos.com/" "Mozilla/5.0 (X11; Linux x86_64) AppleWebKit/537.36 (KHTML, like Gecko) HeadlessChrome/130.0.0.0 Safari/537.36"
44.236.207.248 - - [19/Apr/2025:11:46:26 -0400] "GET /react-dom.js HTTP/1.1" 404 6821 "http://christianmantopoulos.com/" "Mozilla/5.0 (X11; Linux x86_64) AppleWebKit/537.36 (KHTML, like Gecko) HeadlessChrome/130.0.0.0 Safari/537.36"
66.249.64.11 - - [19/Apr/2025:11:48:26 -0400] "GET /robots.txt HTTP/1.1" 304 0 "-" "Mozilla/5.0 (compatible; Googlebot/2.1; +http://www.google.com/bot.html)"
66.249.64.12 - - [19/Apr/2025:11:48:26 -0400] "GET /Hiking-Kayaking-Storage-Dry-Sack-Waterproof-L/Accessories-785905/ HTTP/1.1" 404 6821 "-" "Mozilla/5.0 (Linux; Android 6.0.1; Nexus 5X Build/MMB29P) AppleWebKit/537.36 (KHTML, like Gecko) Chrome/135.0.7049.95 Mobile Safari/537.36 (compatible; Googlebot/2.1; +http://www.google.com/bot.html)"
66.249.64.11 - - [19/Apr/2025:11:48:58 -0400] "GET /Lure-SGS50HCD-Storm-Super-Gomoku/Saltwater-Lures-291049/ HTTP/1.1" 404 6821 "-" "Mozilla/5.0 (Linux; Android 6.0.1; Nexus 5X Build/MMB29P) AppleWebKit/537.36 (KHTML, like Gecko) Chrome/135.0.7049.95 Mobile Safari/537.36 (compatible; Googlebot/2.1; +http://www.google.com/bot.html)"
66.249.64.11 - - [19/Apr/2025:11:49:02 -0400] "GET /Moon-w-Tips-Bolts-Grain-pk-CamX/Crossbow-Bolts-576052/ HTTP/1.1" 404 6821 "-" "Mozilla/5.0 (Linux; Android 6.0.1; Nexus 5X Build/MMB29P) AppleWebKit/537.36 (KHTML, like Gecko) Chrome/135.0.7049.95 Mobile Safari/537.36 (compatible; Googlebot/2.1; +http://www.google.com/bot.html)"
66.249.64.11 - - [19/Apr/2025:11:49:17 -0400] "GET /Sports-&034;-Fitness-Blue-Label-Yards/Fluorocarbon-Line-344884/ HTTP/1.1" 404 6821 "-" "Mozilla/5.0 (Linux; Android 6.0.1; Nexus 5X Build/MMB29P) AppleWebKit/537.36 (KHTML, like Gecko) Chrome/135.0.7049.95 Mobile Safari/537.36 (compatible; Googlebot/2.1; +http://www.google.com/bot.html)"
198.54.114.83 - - [19/Apr/2025:11:49:20 -0400] "POST /wp-cron.php?doing_wp_cron=1745077757.5058050155639648437500 HTTP/1.1" 200 0 "-" "WordPress/6.8; https://christianmantopoulos.com"
66.249.64.11 - - [19/Apr/2025:11:49:34 -0400] "GET /Cable-Sets-Powered-By-Phyx-Archery-Parker-Buck/Strings-573976/ HTTP/1.1" 404 6821 "-" "Mozilla/5.0 (Linux; Android 6.0.1; Nexus 5X Build/MMB29P) AppleWebKit/537.36 (KHTML, like Gecko) Chrome/135.0.7049.95 Mobile Safari/537.36 (compatible; Googlebot/2.1; +http://www.google.com/bot.html)"
66.249.64.11 - - [19/Apr/2025:11:49:52 -0400] "GET /Memorabilia-Framed-New-Rajon-Rondo/Memorabilia-11223/ HTTP/1.1" 404 6821 "-" "Mozilla/5.0 (Linux; Android 6.0.1; Nexus 5X Build/MMB29P) AppleWebKit/537.36 (KHTML, like Gecko) Chrome/135.0.7049.95 Mobile Safari/537.36 (compatible; Googlebot/2.1; +http://www.google.com/bot.html)"
66.249.64.13 - - [19/Apr/2025:11:50:08 -0400] "GET /Large-Sea-Fishing-Reels-BB-High/Reels-353302/ HTTP/1.1" 404 6820 "-" "Mozilla/5.0 (Linux; Android 6.0.1; Nexus 5X Build/MMB29P) AppleWebKit/537.36 (KHTML, like Gecko) Chrome/135.0.7049.95 Mobile Safari/537.36 (compatible; Googlebot/2.1; +http://www.google.com/bot.html)"
198.54.114.83 - - [19/Apr/2025:11:50:12 -0400] "POST /wp-cron.php?doing_wp_cron=1745077809.1661269664764404296875 HTTP/1.1" 200 0 "-" "WordPress/6.8; https://christianmantopoulos.com"
66.249.64.2 - - [19/Apr/2025:11:50:45 -0400] "GET /Tubeless-Folding-Dual-EXO-Tanwall-Maxxis-Minion/Tires-196432/ HTTP/1.1" 404 6820 "-" "Mozilla/5.0 (Linux; Android 6.0.1; Nexus 5X Build/MMB29P) AppleWebKit/537.36 (KHTML, like Gecko) Chrome/135.0.7049.95 Mobile Safari/537.36 (compatible; Googlebot/2.1; +http://www.google.com/bot.html)"
66.249.64.3 - - [19/Apr/2025:11:51:18 -0400] "GET /Up-Those-Bars-Thomson-Elite-Seatpost/Seatposts-162872/ HTTP/1.1" 404 6820 "-" "Mozilla/5.0 (Linux; Android 6.0.1; Nexus 5X Build/MMB29P) AppleWebKit/537.36 (KHTML, like Gecko) Chrome/135.0.7049.95 Mobile Safari/537.36 (compatible; Googlebot/2.1; +http://www.google.com/bot.html)"
198.54.114.83 - - [19/Apr/2025:11:51:20 -0400] "POST /wp-cron.php?doing_wp_cron=1745077878.5317819118499755859375 HTTP/1.1" 200 0 "-" "WordPress/6.8; https://christianmantopoulos.com"
66.249.64.1 - - [19/Apr/2025:11:51:52 -0400] "GET /Derailleur-Gear-Hanger-KF-Cannondale-Six/Other-Bike-Components-&-Parts-138331/ HTTP/1.1" 404 6820 "-" "Mozilla/5.0 (Linux; Android 6.0.1; Nexus 5X Build/MMB29P) AppleWebKit/537.36 (KHTML, like Gecko) Chrome/135.0.7049.95 Mobile Safari/537.36 (compatible; Googlebot/2.1; +http://www.google.com/bot.html)"
66.249.64.3 - - [19/Apr/2025:11:52:27 -0400] "GET /Plastic-Indoor-Shuttlecocks/Badminton-777637/ HTTP/1.1" 404 6821 "-" "Mozilla/5.0 (Linux; Android 6.0.1; Nexus 5X Build/MMB29P) AppleWebKit/537.36 (KHTML, like Gecko) Chrome/135.0.7049.95 Mobile Safari/537.36 (compatible; Googlebot/2.1; +http://www.google.com/bot.html)"
198.54.114.83 - - [19/Apr/2025:11:52:31 -0400] "POST /wp-cron.php?doing_wp_cron=1745077948.1090519428253173828125 HTTP/1.1" 200 0 "-" "WordPress/6.8; https://christianmantopoulos.com"
66.249.64.2 - - [19/Apr/2025:11:52:59 -0400] "GET /Step-Calorie-Counter-Mini-Electronic-LCD/Pedometers-442159/ HTTP/1.1" 404 6821 "-" "Mozilla/5.0 (Linux; Android 6.0.1; Nexus 5X Build/MMB29P) AppleWebKit/537.36 (KHTML, like Gecko) Chrome/135.0.7049.95 Mobile Safari/537.36 (compatible; Googlebot/2.1; +http://www.google.com/bot.html)"
66.249.64.1 - - [19/Apr/2025:11:53:35 -0400] "GET /colors-JACKALL-BROS/Crankbaits-254512/ HTTP/1.1" 404 6820 "-" "Mozilla/5.0 (Linux; Android 6.0.1; Nexus 5X Build/MMB29P) AppleWebKit/537.36 (KHTML, like Gecko) Chrome/135.0.7049.95 Mobile Safari/537.36 (compatible; Googlebot/2.1; +http://www.google.com/bot.html)"
198.54.114.83 - - [19/Apr/2025:11:53:37 -0400] "POST /wp-cron.php?doing_wp_cron=1745078015.4124639034271240234375 HTTP/1.1" 200 0 "-" "WordPress/6.8; https://christianmantopoulos.com"
66.249.64.2 - - [19/Apr/2025:11:54:08 -0400] "GET /for-mm-Stanchion-MTB-Suspension-Fork-New-Rock/Forks-111126/ HTTP/1.1" 404 6821 "-" "Mozilla/5.0 (Linux; Android 6.0.1; Nexus 5X Build/MMB29P) AppleWebKit/537.36 (KHTML, like Gecko) Chrome/135.0.7049.95 Mobile Safari/537.36 (compatible; Googlebot/2.1; +http://www.google.com/bot.html)"
66.249.64.1 - - [19/Apr/2025:11:54:43 -0400] "GET /CURVED-RIMS-approx-VINTAGE/Spokes-168553/ HTTP/1.1" 404 6820 "-" "Mozilla/5.0 (Linux; Android 6.0.1; Nexus 5X Build/MMB29P) AppleWebKit/537.36 (KHTML, like Gecko) Chrome/135.0.7049.95 Mobile Safari/537.36 (compatible; Googlebot/2.1; +http://www.google.com/bot.html)"
198.54.114.83 - - [19/Apr/2025:11:54:45 -0400] "POST /wp-cron.php?doing_wp_cron=1745078083.5568220615386962890625 HTTP/1.1" 200 0 "-" "WordPress/6.8; https://christianmantopoulos.com"
66.249.64.2 - - [19/Apr/2025:11:55:19 -0400] "GET /Fly-Reel-USA-made-for-&/Fly-Fishing-Reels-358678/ HTTP/1.1" 404 6820 "-" "Mozilla/5.0 (Linux; Android 6.0.1; Nexus 5X Build/MMB29P) AppleWebKit/537.36 (KHTML, like Gecko) Chrome/135.0.7049.95 Mobile Safari/537.36 (compatible; Googlebot/2.1; +http://www.google.com/bot.html)"
198.54.114.83 - - [19/Apr/2025:11:55:22 -0400] "POST /wp-cron.php?doing_wp_cron=1745078119.8626248836517333984375 HTTP/1.1" 200 0 "-" "WordPress/6.8; https://christianmantopoulos.com"
66.249.64.12 - - [19/Apr/2025:11:55:53 -0400] "GET /trout-perch-pike-rotating-fishing-pcs-fishing/Spoons-307500/ HTTP/1.1" 404 6819 "-" "Mozilla/5.0 (Linux; Android 6.0.1; Nexus 5X Build/MMB29P) AppleWebKit/537.36 (KHTML, like Gecko) Chrome/135.0.7049.95 Mobile Safari/537.36 (compatible; Googlebot/2.1; +http://www.google.com/bot.html)"
66.249.64.11 - - [19/Apr/2025:11:56:27 -0400] "GET /Xiaomi-Mijia-M-Electric-Scooter-Mini-Bike/Tools-184333/ HTTP/1.1" 404 6821 "-" "Mozilla/5.0 (Linux; Android 6.0.1; Nexus 5X Build/MMB29P) AppleWebKit/537.36 (KHTML, like Gecko) Chrome/135.0.7049.95 Mobile Safari/537.36 (compatible; Googlebot/2.1; +http://www.google.com/bot.html)"
198.54.114.83 - - [19/Apr/2025:11:56:30 -0400] "POST /wp-cron.php?doing_wp_cron=1745078187.5975708961486816406250 HTTP/1.1" 200 0 "-" "WordPress/6.8; https://christianmantopoulos.com"
66.249.64.11 - - [19/Apr/2025:11:57:00 -0400] "GET /Tuna-Plug-Hooks-X-strong/Hooks-386945/ HTTP/1.1" 404 6820 "-" "Mozilla/5.0 (Linux; Android 6.0.1; Nexus 5X Build/MMB29P) AppleWebKit/537.36 (KHTML, like Gecko) Chrome/135.0.7049.95 Mobile Safari/537.36 (compatible; Googlebot/2.1; +http://www.google.com/bot.html)"
66.249.64.11 - - [19/Apr/2025:11:57:34 -0400] "GET /PRO-Dropper-Seatpost-Multi/Seatposts-161453/ HTTP/1.1" 404 6821 "-" "Mozilla/5.0 (Linux; Android 6.0.1; Nexus 5X Build/MMB29P) AppleWebKit/537.36 (KHTML, like Gecko) Chrome/135.0.7049.95 Mobile Safari/537.36 (compatible; Googlebot/2.1; +http://www.google.com/bot.html)"
198.54.114.83 - - [19/Apr/2025:11:57:36 -0400] "POST /wp-cron.php?doing_wp_cron=1745078255.0251340866088867187500 HTTP/1.1" 200 0 "-" "WordPress/6.8; https://christianmantopoulos.com"
66.249.64.12 - - [19/Apr/2025:11:58:09 -0400] "GET /Handwraps-HW-and-&034;-Full/Hand-Wraps-18476/ HTTP/1.1" 404 6821 "-" "Mozilla/5.0 (Linux; Android 6.0.1; Nexus 5X Build/MMB29P) AppleWebKit/537.36 (KHTML, like Gecko) Chrome/135.0.7049.95 Mobile Safari/537.36 (compatible; Googlebot/2.1; +http://www.google.com/bot.html)"
66.249.64.11 - - [19/Apr/2025:11:58:44 -0400] "GET /Cycling-Jersey-Coop/Jerseys-220242/ HTTP/1.1" 404 6821 "-" "Mozilla/5.0 (Linux; Android 6.0.1; Nexus 5X Build/MMB29P) AppleWebKit/537.36 (KHTML, like Gecko) Chrome/135.0.7049.95 Mobile Safari/537.36 (compatible; Googlebot/2.1; +http://www.google.com/bot.html)"
198.54.114.83 - - [19/Apr/2025:11:58:46 -0400] "POST /wp-cron.php?doing_wp_cron=1745078324.6766750812530517578125 HTTP/1.1" 200 0 "-" "WordPress/6.8; https://christianmantopoulos.com"
66.249.64.13 - - [19/Apr/2025:11:59:18 -0400] "GET /HUB-KIT-NOVATEC-F372SB-F472SB/Hubs-132486/ HTTP/1.1" 404 6821 "-" "Mozilla/5.0 (Linux; Android 6.0.1; Nexus 5X Build/MMB29P) AppleWebKit/537.36 (KHTML, like Gecko) Chrome/135.0.7049.95 Mobile Safari/537.36 (compatible; Googlebot/2.1; +http://www.google.com/bot.html)"
66.249.64.11 - - [19/Apr/2025:11:59:57 -0400] "GET /Oz-Blank-Lures-Js-Pcs-Unpainted/Crankbaits-260976/ HTTP/1.1" 404 6821 "-" "Mozilla/5.0 (Linux; Android 6.0.1; Nexus 5X Build/MMB29P) AppleWebKit/537.36 (KHTML, like Gecko) Chrome/135.0.7049.95 Mobile Safari/537.36 (compatible; Googlebot/2.1; +http://www.google.com/bot.html)"
66.249.64.11 - - [19/Apr/2025:12:00:28 -0400] "GET /HELMET-BLUE-&-GREY-OLD-SCHOOL-NOS-BMX/Giro-Cycling-Helmets-234197/ HTTP/1.1" 404 6821 "-" "Mozilla/5.0 (Linux; Android 6.0.1; Nexus 5X Build/MMB29P) AppleWebKit/537.36 (KHTML, like Gecko) Chrome/135.0.7049.95 Mobile Safari/537.36 (compatible; Googlebot/2.1; +http://www.google.com/bot.html)"
66.249.64.11 - - [19/Apr/2025:12:01:03 -0400] "GET /FOR-BERSA-THUNDER-CC-PRO-TACTICAL/Holsters-494417/ HTTP/1.1" 404 6821 "-" "Mozilla/5.0 (Linux; Android 6.0.1; Nexus 5X Build/MMB29P) AppleWebKit/537.36 (KHTML, like Gecko) Chrome/135.0.7049.95 Mobile Safari/537.36 (compatible; Googlebot/2.1; +http://www.google.com/bot.html)"
198.54.114.83 - - [19/Apr/2025:12:01:06 -0400] "POST /wp-cron.php?doing_wp_cron=1745078463.1112420558929443359375 HTTP/1.1" 200 0 "-" "WordPress/6.8; https://christianmantopoulos.com"
13.218.121.21 - - [19/Apr/2025:12:01:21 -0400] "GET /app.zip HTTP/1.1" 404 6820 "-" "Mozilla/5.0 (Windows NT 10.0; Win64; x64) AppleWebKit/537.36 (KHTML, like Gecko) Chrome/123.0.0.0 Safari/537.36"
13.218.121.21 - - [19/Apr/2025:12:01:22 -0400] "GET /src.zip HTTP/1.1" 404 6820 "-" "Mozilla/5.0 (Windows NT 10.0; Win64; x64) AppleWebKit/537.36 (KHTML, like Gecko) Chrome/123.0.0.0 Safari/537.36"
13.218.121.21 - - [19/Apr/2025:12:01:21 -0400] "GET /configs.zip HTTP/1.1" 404 6820 "-" "Mozilla/5.0 (Windows NT 10.0; Win64; x64) AppleWebKit/537.36 (KHTML, like Gecko) Chrome/123.0.0.0 Safari/537.36"
13.218.121.21 - - [19/Apr/2025:12:01:21 -0400] "GET /uploads.zip HTTP/1.1" 404 6820 "-" "Mozilla/5.0 (Windows NT 10.0; Win64; x64) AppleWebKit/537.36 (KHTML, like Gecko) Chrome/123.0.0.0 Safari/537.36"
13.218.121.21 - - [19/Apr/2025:12:01:21 -0400] "GET /lite.zip HTTP/1.1" 404 6820 "-" "Mozilla/5.0 (Windows NT 10.0; Win64; x64) AppleWebKit/537.36 (KHTML, like Gecko) Chrome/123.0.0.0 Safari/537.36"
13.218.121.21 - - [19/Apr/2025:12:01:21 -0400] "GET /db_backup.zip HTTP/1.1" 404 6820 "-" "Mozilla/5.0 (Windows NT 10.0; Win64; x64) AppleWebKit/537.36 (KHTML, like Gecko) Chrome/123.0.0.0 Safari/537.36"
13.218.121.21 - - [19/Apr/2025:12:01:21 -0400] "GET /sqllite.zip HTTP/1.1" 404 6820 "-" "Mozilla/5.0 (Windows NT 10.0; Win64; x64) AppleWebKit/537.36 (KHTML, like Gecko) Chrome/123.0.0.0 Safari/537.36"
13.218.121.21 - - [19/Apr/2025:12:01:21 -0400] "GET /mysql.zip HTTP/1.1" 404 6820 "-" "Mozilla/5.0 (Windows NT 10.0; Win64; x64) AppleWebKit/537.36 (KHTML, like Gecko) Chrome/123.0.0.0 Safari/537.36"
13.218.121.21 - - [19/Apr/2025:12:01:21 -0400] "GET /html.zip HTTP/1.1" 404 6820 "-" "Mozilla/5.0 (Windows NT 10.0; Win64; x64) AppleWebKit/537.36 (KHTML, like Gecko) Chrome/123.0.0.0 Safari/537.36"
13.218.121.21 - - [19/Apr/2025:12:01:21 -0400] "GET /data.zip HTTP/1.1" 404 6820 "-" "Mozilla/5.0 (Windows NT 10.0; Win64; x64) AppleWebKit/537.36 (KHTML, like Gecko) Chrome/123.0.0.0 Safari/537.36"
13.218.121.21 - - [19/Apr/2025:12:01:21 -0400] "GET /bak.zip HTTP/1.1" 404 6820 "-" "Mozilla/5.0 (Windows NT 10.0; Win64; x64) AppleWebKit/537.36 (KHTML, like Gecko) Chrome/123.0.0.0 Safari/537.36"
13.218.121.21 - - [19/Apr/2025:12:01:21 -0400] "GET /site.zip HTTP/1.1" 404 6820 "-" "Mozilla/5.0 (Windows NT 10.0; Win64; x64) AppleWebKit/537.36 (KHTML, like Gecko) Chrome/123.0.0.0 Safari/537.36"
13.218.121.21 - - [19/Apr/2025:12:01:21 -0400] "GET /mailer.zip HTTP/1.1" 404 6820 "-" "Mozilla/5.0 (Windows NT 10.0; Win64; x64) AppleWebKit/537.36 (KHTML, like Gecko) Chrome/123.0.0.0 Safari/537.36"
13.218.121.21 - - [19/Apr/2025:12:01:21 -0400] "GET /backup.zip HTTP/1.1" 404 6820 "-" "Mozilla/5.0 (Windows NT 10.0; Win64; x64) AppleWebKit/537.36 (KHTML, like Gecko) Chrome/123.0.0.0 Safari/537.36"
13.218.121.21 - - [19/Apr/2025:12:01:21 -0400] "GET /www.zip HTTP/1.1" 404 6820 "-" "Mozilla/5.0 (Windows NT 10.0; Win64; x64) AppleWebKit/537.36 (KHTML, like Gecko) Chrome/123.0.0.0 Safari/537.36"
13.218.121.21 - - [19/Apr/2025:12:01:21 -0400] "GET /webapps.zip HTTP/1.1" 404 6820 "-" "Mozilla/5.0 (Windows NT 10.0; Win64; x64) AppleWebKit/537.36 (KHTML, like Gecko) Chrome/123.0.0.0 Safari/537.36"
13.218.121.21 - - [19/Apr/2025:12:01:21 -0400] "GET /websites.zip HTTP/1.1" 404 6820 "-" "Mozilla/5.0 (Windows NT 10.0; Win64; x64) AppleWebKit/537.36 (KHTML, like Gecko) Chrome/123.0.0.0 Safari/537.36"
13.218.121.21 - - [19/Apr/2025:12:01:22 -0400] "GET /backup_1.zip HTTP/1.1" 404 6820 "-" "Mozilla/5.0 (Windows NT 10.0; Win64; x64) AppleWebKit/537.36 (KHTML, like Gecko) Chrome/123.0.0.0 Safari/537.36"
13.218.121.21 - - [19/Apr/2025:12:01:21 -0400] "GET /test.zip HTTP/1.1" 404 6820 "-" "Mozilla/5.0 (Windows NT 10.0; Win64; x64) AppleWebKit/537.36 (KHTML, like Gecko) Chrome/123.0.0.0 Safari/537.36"
13.218.121.21 - - [19/Apr/2025:12:01:21 -0400] "GET /root.zip HTTP/1.1" 404 6820 "-" "Mozilla/5.0 (Windows NT 10.0; Win64; x64) AppleWebKit/537.36 (KHTML, like Gecko) Chrome/123.0.0.0 Safari/537.36"
13.218.121.21 - - [19/Apr/2025:12:01:21 -0400] "GET /public_html.zip HTTP/1.1" 404 6820 "-" "Mozilla/5.0 (Windows NT 10.0; Win64; x64) AppleWebKit/537.36 (KHTML, like Gecko) Chrome/123.0.0.0 Safari/537.36"
13.218.121.21 - - [19/Apr/2025:12:01:21 -0400] "GET /database.zip HTTP/1.1" 404 6820 "-" "Mozilla/5.0 (Windows NT 10.0; Win64; x64) AppleWebKit/537.36 (KHTML, like Gecko) Chrome/123.0.0.0 Safari/537.36"
13.218.121.21 - - [19/Apr/2025:12:01:21 -0400] "GET /os.zip HTTP/1.1" 404 6820 "-" "Mozilla/5.0 (Windows NT 10.0; Win64; x64) AppleWebKit/537.36 (KHTML, like Gecko) Chrome/123.0.0.0 Safari/537.36"
13.218.121.21 - - [19/Apr/2025:12:01:22 -0400] "GET /dbadmin.zip HTTP/1.1" 404 6820 "-" "Mozilla/5.0 (Windows NT 10.0; Win64; x64) AppleWebKit/537.36 (KHTML, like Gecko) Chrome/123.0.0.0 Safari/537.36"
13.218.121.21 - - [19/Apr/2025:12:01:22 -0400] "GET /ftp.zip HTTP/1.1" 404 6820 "-" "Mozilla/5.0 (Windows NT 10.0; Win64; x64) AppleWebKit/537.36 (KHTML, like Gecko) Chrome/123.0.0.0 Safari/537.36"
13.218.121.21 - - [19/Apr/2025:12:01:22 -0400] "GET /backup_3.zip HTTP/1.1" 404 6820 "-" "Mozilla/5.0 (Windows NT 10.0; Win64; x64) AppleWebKit/537.36 (KHTML, like Gecko) Chrome/123.0.0.0 Safari/537.36"
13.218.121.21 - - [19/Apr/2025:12:01:21 -0400] "GET /aws.zip HTTP/1.1" 404 6820 "-" "Mozilla/5.0 (Windows NT 10.0; Win64; x64) AppleWebKit/537.36 (KHTML, like Gecko) Chrome/123.0.0.0 Safari/537.36"
13.218.121.21 - - [19/Apr/2025:12:01:22 -0400] "GET /base.zip HTTP/1.1" 404 6820 "-" "Mozilla/5.0 (Windows NT 10.0; Win64; x64) AppleWebKit/537.36 (KHTML, like Gecko) Chrome/123.0.0.0 Safari/537.36"
13.218.121.21 - - [19/Apr/2025:12:01:22 -0400] "GET /dbase.zip HTTP/1.1" 404 6820 "-" "Mozilla/5.0 (Windows NT 10.0; Win64; x64) AppleWebKit/537.36 (KHTML, like Gecko) Chrome/123.0.0.0 Safari/537.36"
13.218.121.21 - - [19/Apr/2025:12:01:22 -0400] "GET /bin.zip HTTP/1.1" 404 6820 "-" "Mozilla/5.0 (Windows NT 10.0; Win64; x64) AppleWebKit/537.36 (KHTML, like Gecko) Chrome/123.0.0.0 Safari/537.36"
13.218.121.21 - - [19/Apr/2025:12:01:22 -0400] "GET /creds.zip HTTP/1.1" 404 6820 "-" "Mozilla/5.0 (Windows NT 10.0; Win64; x64) AppleWebKit/537.36 (KHTML, like Gecko) Chrome/123.0.0.0 Safari/537.36"
13.218.121.21 - - [19/Apr/2025:12:01:22 -0400] "GET /Archive.zip HTTP/1.1" 404 6820 "-" "Mozilla/5.0 (Windows NT 10.0; Win64; x64) AppleWebKit/537.36 (KHTML, like Gecko) Chrome/123.0.0.0 Safari/537.36"
13.218.121.21 - - [19/Apr/2025:12:01:22 -0400] "GET /apis.zip HTTP/1.1" 404 6820 "-" "Mozilla/5.0 (Windows NT 10.0; Win64; x64) AppleWebKit/537.36 (KHTML, like Gecko) Chrome/123.0.0.0 Safari/537.36"
13.218.121.21 - - [19/Apr/2025:12:01:22 -0400] "GET /configuration.zip HTTP/1.1" 404 6820 "-" "Mozilla/5.0 (Windows NT 10.0; Win64; x64) AppleWebKit/537.36 (KHTML, like Gecko) Chrome/123.0.0.0 Safari/537.36"
13.218.121.21 - - [19/Apr/2025:12:01:22 -0400] "GET /apps.zip HTTP/1.1" 404 6820 "-" "Mozilla/5.0 (Windows NT 10.0; Win64; x64) AppleWebKit/537.36 (KHTML, like Gecko) Chrome/123.0.0.0 Safari/537.36"
13.218.121.21 - - [19/Apr/2025:12:01:22 -0400] "GET /api.zip HTTP/1.1" 404 6820 "-" "Mozilla/5.0 (Windows NT 10.0; Win64; x64) AppleWebKit/537.36 (KHTML, like Gecko) Chrome/123.0.0.0 Safari/537.36"
13.218.121.21 - - [19/Apr/2025:12:01:22 -0400] "GET /website.zip HTTP/1.1" 404 6820 "-" "Mozilla/5.0 (Windows NT 10.0; Win64; x64) AppleWebKit/537.36 (KHTML, like Gecko) Chrome/123.0.0.0 Safari/537.36"
13.218.121.21 - - [19/Apr/2025:12:01:22 -0400] "GET /wordpress.zip HTTP/1.1" 404 6820 "-" "Mozilla/5.0 (Windows NT 10.0; Win64; x64) AppleWebKit/537.36 (KHTML, like Gecko) Chrome/123.0.0.0 Safari/537.36"
13.218.121.21 - - [19/Apr/2025:12:01:22 -0400] "GET /s3.zip HTTP/1.1" 404 6820 "-" "Mozilla/5.0 (Windows NT 10.0; Win64; x64) AppleWebKit/537.36 (KHTML, like Gecko) Chrome/123.0.0.0 Safari/537.36"
13.218.121.21 - - [19/Apr/2025:12:01:22 -0400] "GET /old.zip HTTP/1.1" 404 6820 "-" "Mozilla/5.0 (Windows NT 10.0; Win64; x64) AppleWebKit/537.36 (KHTML, like Gecko) Chrome/123.0.0.0 Safari/537.36"
13.218.121.21 - - [19/Apr/2025:12:01:22 -0400] "GET /credentials.zip HTTP/1.1" 404 6820 "-" "Mozilla/5.0 (Windows NT 10.0; Win64; x64) AppleWebKit/537.36 (KHTML, like Gecko) Chrome/123.0.0.0 Safari/537.36"
13.218.121.21 - - [19/Apr/2025:12:01:22 -0400] "GET /temp.zip HTTP/1.1" 404 6820 "-" "Mozilla/5.0 (Windows NT 10.0; Win64; x64) AppleWebKit/537.36 (KHTML, like Gecko) Chrome/123.0.0.0 Safari/537.36"
13.218.121.21 - - [19/Apr/2025:12:01:21 -0400] "GET /dbdump.zip HTTP/1.1" 404 6820 "-" "Mozilla/5.0 (Windows NT 10.0; Win64; x64) AppleWebKit/537.36 (KHTML, like Gecko) Chrome/123.0.0.0 Safari/537.36"
13.218.121.21 - - [19/Apr/2025:12:01:22 -0400] "GET /sqlite.zip HTTP/1.1" 404 6820 "-" "Mozilla/5.0 (Windows NT 10.0; Win64; x64) AppleWebKit/537.36 (KHTML, like Gecko) Chrome/123.0.0.0 Safari/537.36"
13.218.121.21 - - [19/Apr/2025:12:01:22 -0400] "GET /web.zip HTTP/1.1" 404 6820 "-" "Mozilla/5.0 (Windows NT 10.0; Win64; x64) AppleWebKit/537.36 (KHTML, like Gecko) Chrome/123.0.0.0 Safari/537.36"
13.218.121.21 - - [19/Apr/2025:12:01:22 -0400] "GET /admin.zip HTTP/1.1" 404 6820 "-" "Mozilla/5.0 (Windows NT 10.0; Win64; x64) AppleWebKit/537.36 (KHTML, like Gecko) Chrome/123.0.0.0 Safari/537.36"
13.218.121.21 - - [19/Apr/2025:12:01:22 -0400] "GET /tmp.zip HTTP/1.1" 404 6820 "-" "Mozilla/5.0 (Windows NT 10.0; Win64; x64) AppleWebKit/537.36 (KHTML, like Gecko) Chrome/123.0.0.0 Safari/537.36"
13.218.121.21 - - [19/Apr/2025:12:01:22 -0400] "GET /package.zip HTTP/1.1" 404 6820 "-" "Mozilla/5.0 (Windows NT 10.0; Win64; x64) AppleWebKit/537.36 (KHTML, like Gecko) Chrome/123.0.0.0 Safari/537.36"
13.218.121.21 - - [19/Apr/2025:12:01:22 -0400] "GET /inetpub.zip HTTP/1.1" 404 6820 "-" "Mozilla/5.0 (Windows NT 10.0; Win64; x64) AppleWebKit/537.36 (KHTML, like Gecko) Chrome/123.0.0.0 Safari/537.36"
13.218.121.21 - - [19/Apr/2025:12:01:22 -0400] "GET /dump.zip HTTP/1.1" 404 6820 "-" "Mozilla/5.0 (Windows NT 10.0; Win64; x64) AppleWebKit/537.36 (KHTML, like Gecko) Chrome/123.0.0.0 Safari/537.36"
13.218.121.21 - - [19/Apr/2025:12:01:22 -0400] "GET /backup_4.zip HTTP/1.1" 404 6820 "-" "Mozilla/5.0 (Windows NT 10.0; Win64; x64) AppleWebKit/537.36 (KHTML, like Gecko) Chrome/123.0.0.0 Safari/537.36"
13.218.121.21 - - [19/Apr/2025:12:01:22 -0400] "GET /config.zip HTTP/1.1" 404 6820 "-" "Mozilla/5.0 (Windows NT 10.0; Win64; x64) AppleWebKit/537.36 (KHTML, like Gecko) Chrome/123.0.0.0 Safari/537.36"
13.218.121.21 - - [19/Apr/2025:12:01:22 -0400] "GET /administrators.zip HTTP/1.1" 404 6820 "-" "Mozilla/5.0 (Windows NT 10.0; Win64; x64) AppleWebKit/537.36 (KHTML, like Gecko) Chrome/123.0.0.0 Safari/537.36"
13.218.121.21 - - [19/Apr/2025:12:01:22 -0400] "GET /users.zip HTTP/1.1" 404 6820 "-" "Mozilla/5.0 (Windows NT 10.0; Win64; x64) AppleWebKit/537.36 (KHTML, like Gecko) Chrome/123.0.0.0 Safari/537.36"
13.218.121.21 - - [19/Apr/2025:12:01:22 -0400] "GET /db.zip HTTP/1.1" 404 6820 "-" "Mozilla/5.0 (Windows NT 10.0; Win64; x64) AppleWebKit/537.36 (KHTML, like Gecko) Chrome/123.0.0.0 Safari/537.36"
13.218.121.21 - - [19/Apr/2025:12:01:22 -0400] "GET /conf.zip HTTP/1.1" 404 6820 "-" "Mozilla/5.0 (Windows NT 10.0; Win64; x64) AppleWebKit/537.36 (KHTML, like Gecko) Chrome/123.0.0.0 Safari/537.36"
13.218.121.21 - - [19/Apr/2025:12:01:22 -0400] "GET /private.zip HTTP/1.1" 404 6820 "-" "Mozilla/5.0 (Windows NT 10.0; Win64; x64) AppleWebKit/537.36 (KHTML, like Gecko) Chrome/123.0.0.0 Safari/537.36"
13.218.121.21 - - [19/Apr/2025:12:01:22 -0400] "GET /public.zip HTTP/1.1" 404 6820 "-" "Mozilla/5.0 (Windows NT 10.0; Win64; x64) AppleWebKit/537.36 (KHTML, like Gecko) Chrome/123.0.0.0 Safari/537.36"
13.218.121.21 - - [19/Apr/2025:12:01:22 -0400] "GET /home.zip HTTP/1.1" 404 6820 "-" "Mozilla/5.0 (Windows NT 10.0; Win64; x64) AppleWebKit/537.36 (KHTML, like Gecko) Chrome/123.0.0.0 Safari/537.36"
13.218.121.21 - - [19/Apr/2025:12:01:22 -0400] "GET /upload.zip HTTP/1.1" 404 6820 "-" "Mozilla/5.0 (Windows NT 10.0; Win64; x64) AppleWebKit/537.36 (KHTML, like Gecko) Chrome/123.0.0.0 Safari/537.36"
