52.170.19.121 - - [16/Apr/2025:20:49:51 -0400] "GET /wp//index.php HTTP/1.1" 301 0 "-" "-"
52.170.19.121 - - [16/Apr/2025:20:49:52 -0400] "GET /wp/ HTTP/1.1" 404 6820 "-" "-"
52.170.19.121 - - [16/Apr/2025:20:49:53 -0400] "GET /user.php HTTP/1.1" 404 6820 "-" "-"
52.170.19.121 - - [16/Apr/2025:20:49:54 -0400] "GET /wp-2019.php HTTP/1.1" 404 6820 "-" "-"
52.170.19.121 - - [16/Apr/2025:20:49:56 -0400] "GET /chosen.php HTTP/1.1" 404 6820 "-" "-"
52.170.19.121 - - [16/Apr/2025:20:49:57 -0400] "GET /functions.php HTTP/1.1" 404 6821 "-" "-"
52.170.19.121 - - [16/Apr/2025:20:49:57 -0400] "GET /cron.php HTTP/1.1" 404 6821 "-" "-"
52.170.19.121 - - [16/Apr/2025:20:49:59 -0400] "GET /edit.php HTTP/1.1" 404 6821 "-" "-"
52.170.19.121 - - [16/Apr/2025:20:50:00 -0400] "GET /gecko-new.php HTTP/1.1" 404 6820 "-" "-"
52.170.19.121 - - [16/Apr/2025:20:50:01 -0400] "GET /cookie.php HTTP/1.1" 404 6820 "-" "-"
52.170.19.121 - - [16/Apr/2025:20:50:03 -0400] "GET /xleet.php HTTP/1.1" 404 6820 "-" "-"
52.170.19.121 - - [16/Apr/2025:20:50:05 -0400] "GET /spip.php HTTP/1.1" 404 6820 "-" "-"
52.170.19.121 - - [16/Apr/2025:20:50:07 -0400] "GET /22.php HTTP/1.1" 404 6820 "-" "-"
52.170.19.121 - - [16/Apr/2025:20:50:10 -0400] "GET /room.php HTTP/1.1" 404 6820 "-" "-"
52.170.19.121 - - [16/Apr/2025:20:50:12 -0400] "GET /disagreed.php HTTP/1.1" 404 6820 "-" "-"
52.170.19.121 - - [16/Apr/2025:20:50:13 -0400] "GET /text.php HTTP/1.1" 404 6820 "-" "-"
52.170.19.121 - - [16/Apr/2025:20:50:15 -0400] "GET /alfa-rex.php HTTP/1.1" 404 6820 "-" "-"
52.170.19.121 - - [16/Apr/2025:20:50:17 -0400] "GET /alfa-rex.php7 HTTP/1.1" 404 6820 "-" "-"
52.170.19.121 - - [16/Apr/2025:20:50:19 -0400] "GET /feeds.php HTTP/1.1" 404 6820 "-" "-"
52.170.19.121 - - [16/Apr/2025:20:50:22 -0400] "GET /radio.php HTTP/1.1" 404 6820 "-" "-"
198.54.114.83 - - [16/Apr/2025:20:50:24 -0400] "POST /wp-cron.php?doing_wp_cron=1744851022.6109120845794677734375 HTTP/1.1" 200 0 "-" "WordPress/6.8; https://christianmantopoulos.com"
52.170.19.121 - - [16/Apr/2025:20:50:24 -0400] "GET /dropdown.php HTTP/1.1" 404 6820 "-" "-"
52.170.19.121 - - [16/Apr/2025:20:50:25 -0400] "GET /defaults.php HTTP/1.1" 404 6820 "-" "-"
52.170.19.121 - - [16/Apr/2025:20:50:27 -0400] "GET /system.php HTTP/1.1" 404 6820 "-" "-"
52.170.19.121 - - [16/Apr/2025:20:50:28 -0400] "GET /xmlrpc.php HTTP/1.1" 405 60 "-" "-"
52.170.19.121 - - [16/Apr/2025:20:50:30 -0400] "GET /xmlrpc.php0 HTTP/1.1" 404 6820 "-" "-"
52.170.19.121 - - [16/Apr/2025:20:50:32 -0400] "GET /colors.php HTTP/1.1" 404 6820 "-" "-"
52.170.19.121 - - [16/Apr/2025:20:50:33 -0400] "GET /updates.php HTTP/1.1" 404 6820 "-" "-"
52.170.19.121 - - [16/Apr/2025:20:50:34 -0400] "GET /alfa-rex1.php HTTP/1.1" 404 6820 "-" "-"
52.170.19.121 - - [16/Apr/2025:20:50:36 -0400] "GET /wp-index.php HTTP/1.1" 404 6820 "-" "-"
52.170.19.121 - - [16/Apr/2025:20:50:37 -0400] "GET /wp-admin.php HTTP/1.1" 404 6820 "-" "-"
52.170.19.121 - - [16/Apr/2025:20:50:38 -0400] "GET /alfa.php HTTP/1.1" 404 6820 "-" "-"
52.170.19.121 - - [16/Apr/2025:20:50:40 -0400] "GET /alfanew.php7 HTTP/1.1" 404 6820 "-" "-"
52.170.19.121 - - [16/Apr/2025:20:50:42 -0400] "GET /locale.php HTTP/1.1" 404 6820 "-" "-"
52.170.19.121 - - [16/Apr/2025:20:50:44 -0400] "GET /wxo.php HTTP/1.1" 404 6820 "-" "-"
52.170.19.121 - - [16/Apr/2025:20:50:45 -0400] "GET /colour.php HTTP/1.1" 404 6820 "-" "-"
52.170.19.121 - - [16/Apr/2025:20:50:45 -0400] "GET /files.php HTTP/1.1" 404 6820 "-" "-"
52.170.19.121 - - [16/Apr/2025:20:50:47 -0400] "GET /install.php HTTP/1.1" 404 6820 "-" "-"
52.170.19.121 - - [16/Apr/2025:20:50:48 -0400] "GET /wp-contentt.php HTTP/1.1" 404 6820 "-" "-"
52.170.19.121 - - [16/Apr/2025:20:50:50 -0400] "GET /config.php7 HTTP/1.1" 404 6820 "-" "-"
52.170.19.121 - - [16/Apr/2025:20:50:51 -0400] "GET /config.php HTTP/1.1" 404 6820 "-" "-"
52.170.19.121 - - [16/Apr/2025:20:50:53 -0400] "GET /theme.php HTTP/1.1" 404 6820 "-" "-"
52.170.19.121 - - [16/Apr/2025:20:50:54 -0400] "GET /block-bindings.php HTTP/1.1" 404 6820 "-" "-"
52.170.19.121 - - [16/Apr/2025:20:50:55 -0400] "GET /class_api.php HTTP/1.1" 404 6820 "-" "-"
52.170.19.121 - - [16/Apr/2025:20:50:57 -0400] "GET /inputs.php HTTP/1.1" 404 6820 "-" "-"
52.170.19.121 - - [16/Apr/2025:20:50:58 -0400] "GET /root.php HTTP/1.1" 404 6820 "-" "-"
52.170.19.121 - - [16/Apr/2025:20:50:59 -0400] "GET /menu.php HTTP/1.1" 404 6820 "-" "-"
52.170.19.121 - - [16/Apr/2025:20:50:59 -0400] "GET /plugin.php HTTP/1.1" 404 6821 "-" "-"
52.170.19.121 - - [16/Apr/2025:20:51:02 -0400] "GET /cloud.php HTTP/1.1" 404 6820 "-" "-"
52.170.19.121 - - [16/Apr/2025:20:51:04 -0400] "GET /configs.php HTTP/1.1" 404 6820 "-" "-"
52.170.19.121 - - [16/Apr/2025:20:51:05 -0400] "GET /wp-configs.php HTTP/1.1" 404 6820 "-" "-"
52.170.19.121 - - [16/Apr/2025:20:51:06 -0400] "GET /update.php HTTP/1.1" 404 6820 "-" "-"
52.170.19.121 - - [16/Apr/2025:20:51:07 -0400] "GET /2.php HTTP/1.1" 404 6820 "-" "-"
52.170.19.121 - - [16/Apr/2025:20:51:09 -0400] "GET /input.php HTTP/1.1" 404 6820 "-" "-"
52.170.19.121 - - [16/Apr/2025:20:51:10 -0400] "GET /aaa.php HTTP/1.1" 404 6820 "-" "-"
2a00:d680:20:50::97 - - [16/Apr/2025:21:00:14 -0400] "POST /xmlrpc.php HTTP/1.1" 200 212 "-" "Mozilla/5.0 (Windows NT 10.0; Win64; x64; rv:58.0) Gecko/20100101 Firefox/58.0"
198.54.114.83 - - [16/Apr/2025:21:00:22 -0400] "POST /wp-cron.php?doing_wp_cron=1744851619.2829968929290771484375 HTTP/1.1" 200 0 "-" "WordPress/6.8; https://christianmantopoulos.com"
2001:41d0:305:2100::7d03 - - [16/Apr/2025:21:02:37 -0400] "POST /xmlrpc.php HTTP/1.1" 200 212 "-" "Mozilla/5.0 (Windows NT 10.0; Win64; x64; rv:64.0) Gecko/20100101 Firefox/64.0"
198.54.114.83 - - [16/Apr/2025:21:06:52 -0400] "POST /wp-cron.php?doing_wp_cron=1744852011.9368960857391357421875 HTTP/1.1" 200 0 "-" "WordPress/6.8; https://christianmantopoulos.com"
66.249.64.2 - - [16/Apr/2025:21:06:48 -0400] "GET /Massage-Ball-Set-Body-Exercises-Yoga-Foam/Foam-Rollers-423491/ HTTP/1.1" 404 6820 "-" "Mozilla/5.0 (Linux; Android 6.0.1; Nexus 5X Build/MMB29P) AppleWebKit/537.36 (KHTML, like Gecko) Chrome/135.0.7049.84 Mobile Safari/537.36 (compatible; GoogleOther)"
198.54.114.83 - - [16/Apr/2025:21:07:38 -0400] "POST /wp-cron.php?doing_wp_cron=1744852057.4967739582061767578125 HTTP/1.1" 200 0 "-" "WordPress/6.8; https://christianmantopoulos.com"
66.249.64.3 - - [16/Apr/2025:21:07:37 -0400] "GET /Clincher-mm-Wide-Rims-mm-Carbon/Rims-151048/ HTTP/1.1" 404 6820 "-" "Mozilla/5.0 (Linux; Android 6.0.1; Nexus 5X Build/MMB29P) AppleWebKit/537.36 (KHTML, like Gecko) Chrome/135.0.7049.84 Mobile Safari/537.36 (compatible; Googlebot/2.1; +http://www.google.com/bot.html)"
198.54.114.83 - - [16/Apr/2025:21:08:25 -0400] "POST /wp-cron.php?doing_wp_cron=1744852105.1253170967102050781250 HTTP/1.1" 200 0 "-" "WordPress/6.8; https://christianmantopoulos.com"
66.249.64.1 - - [16/Apr/2025:21:08:24 -0400] "GET /Lot-CM-Multi-Jointed-Tackle-Box-pcs-Bass/Baits-&-Lures-245567/ HTTP/1.1" 404 6820 "-" "Mozilla/5.0 (Linux; Android 6.0.1; Nexus 5X Build/MMB29P) AppleWebKit/537.36 (KHTML, like Gecko) Chrome/135.0.7049.84 Mobile Safari/537.36 (compatible; Googlebot/2.1; +http://www.google.com/bot.html)"
66.249.64.2 - - [16/Apr/2025:21:09:13 -0400] "GET /Massage-Ball-Set-Body-Exercises-Yoga-Foam/Foam-Rollers-423491/ HTTP/1.1" 404 6820 "-" "Mozilla/5.0 (Linux; Android 6.0.1; Nexus 5X Build/MMB29P) AppleWebKit/537.36 (KHTML, like Gecko) Chrome/135.0.7049.84 Mobile Safari/537.36 (compatible; Googlebot/2.1; +http://www.google.com/bot.html)"
198.54.114.83 - - [16/Apr/2025:21:10:04 -0400] "POST /wp-cron.php?doing_wp_cron=1744852204.0866611003875732421875 HTTP/1.1" 200 0 "-" "WordPress/6.8; https://christianmantopoulos.com"
66.249.64.11 - - [16/Apr/2025:21:09:59 -0400] "GET /&034;-New-Easton/SoftballFastpitch-732456/ HTTP/1.1" 404 6820 "-" "Mozilla/5.0 (Linux; Android 6.0.1; Nexus 5X Build/MMB29P) AppleWebKit/537.36 (KHTML, like Gecko) Chrome/135.0.7049.84 Mobile Safari/537.36 (compatible; Googlebot/2.1; +http://www.google.com/bot.html)"
66.249.64.12 - - [16/Apr/2025:21:11:35 -0400] "GET /Sportful-Reflex/Jackets-211564/ HTTP/1.1" 404 6820 "-" "Mozilla/5.0 (Linux; Android 6.0.1; Nexus 5X Build/MMB29P) AppleWebKit/537.36 (KHTML, like Gecko) Chrome/135.0.7049.84 Mobile Safari/537.36 (compatible; GoogleOther)"
198.54.114.83 - - [16/Apr/2025:21:11:44 -0400] "POST /wp-cron.php?doing_wp_cron=1744852301.2940509319305419921875 HTTP/1.1" 200 0 "-" "WordPress/6.8; https://christianmantopoulos.com"
66.249.64.12 - - [16/Apr/2025:21:16:56 -0400] "GET /&034;-New-Easton/SoftballFastpitch-732456/ HTTP/1.1" 404 6820 "-" "Mozilla/5.0 (Linux; Android 6.0.1; Nexus 5X Build/MMB29P) AppleWebKit/537.36 (KHTML, like Gecko) Chrome/135.0.7049.84 Mobile Safari/537.36 (compatible; GoogleOther)"
37.204.198.132 - - [16/Apr/2025:21:17:11 -0400] "GET / HTTP/1.1" 200 97713 "http://christianmantopoulos.com/" "Mozilla/5.0 (Windows NT 6.1; Win64; x64) AppleWebKit/537.36 (KHTML, like Gecko) Chrome/103.0.0.0 Safari/537.36"
198.54.114.83 - - [16/Apr/2025:21:17:49 -0400] "POST /wp-cron.php?doing_wp_cron=1744852668.9039390087127685546875 HTTP/1.1" 200 0 "-" "WordPress/6.8; https://christianmantopoulos.com"
66.249.64.13 - - [16/Apr/2025:21:17:43 -0400] "GET /casting-reel-from-Japan-SHIMANO/Baitcasting-Reels-355678/ HTTP/1.1" 404 6820 "-" "Mozilla/5.0 (Linux; Android 6.0.1; Nexus 5X Build/MMB29P) AppleWebKit/537.36 (KHTML, like Gecko) Chrome/135.0.7049.84 Mobile Safari/537.36 (compatible; Googlebot/2.1; +http://www.google.com/bot.html)"
198.54.114.83 - - [16/Apr/2025:21:18:30 -0400] "POST /wp-cron.php?doing_wp_cron=1744852710.6334118843078613281250 HTTP/1.1" 200 0 "-" "WordPress/6.8; https://christianmantopoulos.com"
66.249.64.12 - - [16/Apr/2025:21:18:30 -0400] "GET /Logo-Embroidery-Black-bmx-seat-kids-bik-Redline/Saddles-&-Seats-155019/ HTTP/1.1" 404 6820 "-" "Mozilla/5.0 (Linux; Android 6.0.1; Nexus 5X Build/MMB29P) AppleWebKit/537.36 (KHTML, like Gecko) Chrome/135.0.7049.84 Mobile Safari/537.36 (compatible; Googlebot/2.1; +http://www.google.com/bot.html)"
66.249.64.13 - - [16/Apr/2025:21:19:18 -0400] "GET /29er-Tire-x-Michelin-Wild/Tires-196236/ HTTP/1.1" 404 6820 "-" "Mozilla/5.0 (Linux; Android 6.0.1; Nexus 5X Build/MMB29P) AppleWebKit/537.36 (KHTML, like Gecko) Chrome/135.0.7049.84 Mobile Safari/537.36 (compatible; Googlebot/2.1; +http://www.google.com/bot.html)"
198.54.114.83 - - [16/Apr/2025:21:20:07 -0400] "POST /wp-cron.php?doing_wp_cron=1744852806.3342509269714355468750 HTTP/1.1" 200 0 "-" "WordPress/6.8; https://christianmantopoulos.com"
66.249.64.13 - - [16/Apr/2025:21:20:05 -0400] "GET /taxidermy-skull-hunting-SKULLS-ROE/Large-Animals-546022/ HTTP/1.1" 404 6820 "-" "Mozilla/5.0 (Linux; Android 6.0.1; Nexus 5X Build/MMB29P) AppleWebKit/537.36 (KHTML, like Gecko) Chrome/135.0.7049.84 Mobile Safari/537.36 (compatible; Googlebot/2.1; +http://www.google.com/bot.html)"
198.54.114.83 - - [16/Apr/2025:21:28:00 -0400] "POST /wp-cron.php?doing_wp_cron=1744853280.3238689899444580078125 HTTP/1.1" 200 0 "-" "WordPress/6.8; https://christianmantopoulos.com"
2a0a:4cc0:80:2308:e46d:f7ff:fe1f:9729 - - [16/Apr/2025:21:27:56 -0400] "POST /xmlrpc.php HTTP/1.1" 200 212 "-" "Mozilla/5.0 (Windows NT 10.0; Win64; x64; rv:47.0) Gecko/20100101 Firefox/47.0"
35.177.34.137 - - [16/Apr/2025:21:29:31 -0400] "POST /xmlrpc.php HTTP/1.1" 200 212 "-" "Mozilla/5.0 (Windows NT 10.0; Win64; x64; rv:71.0) Gecko/20100101 Firefox/71.0"
198.54.114.83 - - [16/Apr/2025:21:29:35 -0400] "POST /wp-cron.php?doing_wp_cron=1744853373.6614849567413330078125 HTTP/1.1" 200 0 "-" "WordPress/6.8; https://christianmantopoulos.com"
138.68.226.211 - - [16/Apr/2025:21:29:35 -0400] "POST /xmlrpc.php HTTP/1.1" 200 212 "-" "Mozilla/5.0 (Windows NT 10.0; Win64; x64; rv:70.0) Gecko/20100101 Firefox/70.0"
78.153.140.222 - - [16/Apr/2025:21:31:16 -0400] "GET /.env HTTP/1.1" 404 6820 "-" "Mozilla/5.0 (Macintosh; Intel Mac OS X 10_11_6) AppleWebKit/601.7.7 (KHTML, like Gecko) Safari/531.9"
198.54.114.83 - - [16/Apr/2025:21:31:19 -0400] "POST /wp-cron.php?doing_wp_cron=1744853477.8360340595245361328125 HTTP/1.1" 200 0 "-" "WordPress/6.8; https://christianmantopoulos.com"
78.153.140.222 - - [16/Apr/2025:21:31:21 -0400] "GET /.aws/credentials HTTP/1.1" 404 6820 "-" "Mozilla/5.0 (Macintosh; Intel Mac OS X 10_7_5) AppleWebKit/537.36 (KHTML, like Gecko) Chrome/44.0.2403.155 Safari/537.36"
198.54.114.83 - - [16/Apr/2025:21:31:24 -0400] "POST /wp-cron.php?doing_wp_cron=1744853483.8079719543457031250000 HTTP/1.1" 200 0 "-" "WordPress/6.8; https://christianmantopoulos.com"
78.153.140.222 - - [16/Apr/2025:21:31:23 -0400] "GET /.env.example HTTP/1.1" 404 6820 "-" "Mozilla/5.0 (Windows NT 10.0; WOW64) AppleWebKit/537.36 (KHTML, like Gecko) Chrome/57.0.2987.133 Safari/537.36"
78.153.140.222 - - [16/Apr/2025:21:31:27 -0400] "GET /.env.production HTTP/1.1" 404 6820 "-" "Mozilla/5.0 (iPhone; CPU iPhone OS 7_1_2 like Mac OS X) AppleWebKit/537.51.2 (KHTML, like Gecko) Version/7.0 Mobile/11D257 Safari/9537.53"
78.153.140.222 - - [16/Apr/2025:21:31:29 -0400] "GET /admin/.env HTTP/1.1" 404 6819 "-" "Mozilla/5.0 (Windows NT 6.1; Win64; x64) AppleWebKit/537.36 (KHTML, like Gecko) Chrome/55.0.2883.75 Safari/537.36"
78.153.140.222 - - [16/Apr/2025:21:31:32 -0400] "GET /app/.env HTTP/1.1" 404 6819 "-" "Mozilla/5.0 (X11; FreeBSD amd64) AppleWebKit/535.22+ (KHTML, like Gecko) Chromium/17.0.963.56 Chrome/17.0.963.56 Safari/535.22+ Epiphany/2.30.6"
78.153.140.222 - - [16/Apr/2025:21:31:34 -0400] "GET /app_dev.php/_profiler/open?file=app/config/parameters.yml HTTP/1.1" 404 6819 "-" "Mozilla/5.0 (iPhone; U; CPU iPhone OS 5_1_1 like Mac OS X; en-us) AppleWebKit/534.46 (KHTML, like Gecko) Version/5.1 Mobile/9B206 Safari/7534.48.3"
78.153.140.222 - - [16/Apr/2025:21:31:35 -0400] "GET /app_dev.php/_profiler/phpinfo HTTP/1.1" 404 6819 "-" "Mozilla/5.0 (Windows NT 6.0; WOW64; rv:43.0) Gecko/20100101 Firefox/43.0"
78.153.140.222 - - [16/Apr/2025:21:31:38 -0400] "GET /backend/.env HTTP/1.1" 404 6819 "-" "Mozilla/5.0 (iPhone; CPU iPhone OS 8_1 like Mac OS X) AppleWebKit/600.1.4 (KHTML, like Gecko) Version/8.0 Mobile/12B411 Safari/600.1.4"
78.153.140.222 - - [16/Apr/2025:21:31:39 -0400] "GET /core/.env HTTP/1.1" 404 6819 "-" "Mozilla/5.0 (Linux; U; Android 4.1.2; en-au; GT-I9100 Build/JZO54K) AppleWebKit/534.30 (KHTML, like Gecko) Version/4.0 Mobile Safari/534.30"
78.153.140.222 - - [16/Apr/2025:21:31:41 -0400] "GET /credentials HTTP/1.1" 404 6820 "-" "Mozilla/4.0 (compatible; MSIE 6.0; Windows 98; en) Opera 8.53"
78.153.140.222 - - [16/Apr/2025:21:31:43 -0400] "GET /crm/.env HTTP/1.1" 404 6820 "-" "Mozilla/5.0 (Linux; Android 7.0; SAMSUNG SM-G935F Build/NRD90M) AppleWebKit/537.36 (KHTML, like Gecko) SamsungBrowser/6.2 Chrome/56.0.2924.87 Mobile Safari/537.36"
78.153.140.222 - - [16/Apr/2025:21:31:44 -0400] "GET /demo/.env HTTP/1.1" 404 6820 "-" "Mozilla/4.0 (compatible; MSIE 8.0; Windows NT 6.1; WOW64; Trident/4.0; GTB7.5; SLCC2; .NET CLR 2.0.50727; .NET CLR 3.5.30729; .NET CLR 3.0.30729; Media Center PC 6.0; .NET4.0C; BRI/2; MAGW)"
78.153.140.222 - - [16/Apr/2025:21:31:46 -0400] "GET /info/ HTTP/1.1" 301 0 "-" "Mozilla/5.0 (iPhone; CPU iPhone OS 10_11_6 like Mac OS X) AppleWebKit/600.1.4 (KHTML, like Gecko) Version/8.0 Mobile/12B411 Safari/600.1.4"
78.153.140.222 - - [16/Apr/2025:21:31:48 -0400] "GET /infos/ HTTP/1.1" 404 6820 "-" "Mozilla/5.0 (iPad; CPU OS 10_3_3 like Mac OS X) AppleWebKit/603.3.3 (KHTML, like Gecko) Version/10.0 Mobile/14G5037b Safari/602.1"
78.153.140.222 - - [16/Apr/2025:21:31:49 -0400] "GET /pinfo.php HTTP/1.1" 404 6820 "-" "Mozilla/5.0 (Windows NT 10.0; Win64; x64; rv:58.0) Gecko/20100101 Firefox/58.0"
78.153.140.222 - - [16/Apr/2025:21:31:50 -0400] "GET /vendor/.env HTTP/1.1" 404 6820 "-" "Mozilla/5.0 (X11; Linux x86_64) AppleWebKit/537.36 (KHTML, like Gecko) Chrome/63.0.3239.108 Safari/537.36 OPR/50.0.2762.45"
198.54.114.83 - - [16/Apr/2025:21:40:49 -0400] "POST /wp-cron.php?doing_wp_cron=1744854048.5230689048767089843750 HTTP/1.1" 200 0 "-" "WordPress/6.8; https://christianmantopoulos.com"
212.55.193.47 - - [16/Apr/2025:21:40:46 -0400] "POST /xmlrpc.php HTTP/1.1" 200 212 "-" "Mozilla/5.0 (Windows NT 10.0; Win64; x64; rv:60.0) Gecko/20100101 Firefox/60.0"
85.239.244.15 - - [16/Apr/2025:21:43:44 -0400] "POST /xmlrpc.php HTTP/1.1" 200 212 "-" "Mozilla/5.0 (Windows NT 10.0; Win64; x64; rv:58.0) Gecko/20100101 Firefox/58.0"
198.54.114.83 - - [16/Apr/2025:21:43:53 -0400] "POST /wp-cron.php?doing_wp_cron=1744854229.1345291137695312500000 HTTP/1.1" 200 0 "-" "WordPress/6.8; https://christianmantopoulos.com"
198.54.114.83 - - [16/Apr/2025:22:05:05 -0400] "POST /wp-cron.php?doing_wp_cron=1744855505.0898580551147460937500 HTTP/1.1" 200 0 "-" "WordPress/6.8; https://christianmantopoulos.com"
134.122.18.148 - - [16/Apr/2025:22:05:01 -0400] "POST /xmlrpc.php HTTP/1.1" 200 212 "-" "Mozilla/5.0 (Windows NT 10.0; Win64; x64; rv:48.0) Gecko/20100101 Firefox/48.0"
198.54.114.83 - - [16/Apr/2025:22:12:49 -0400] "POST /wp-cron.php?doing_wp_cron=1744855968.5715329647064208984375 HTTP/1.1" 200 0 "-" "WordPress/6.8; https://christianmantopoulos.com"
2600:3c00::f03c:93ff:fe4f:e09c - - [16/Apr/2025:22:12:41 -0400] "POST /xmlrpc.php HTTP/1.1" 200 212 "-" "Mozilla/5.0 (Windows NT 10.0; Win64; x64; rv:99.0) Gecko/20100101 Firefox/99.0"
198.54.114.83 - - [16/Apr/2025:22:17:07 -0400] "POST /wp-cron.php?doing_wp_cron=1744856226.0676550865173339843750 HTTP/1.1" 200 0 "-" "WordPress/6.8; https://christianmantopoulos.com"
66.249.64.13 - - [16/Apr/2025:22:17:01 -0400] "GET /X-MM-NIP-NOS-SKF-BEARINGL44/Vintage-Bicycle-Parts-240066/ HTTP/1.1" 404 6820 "-" "Mozilla/5.0 (Linux; Android 6.0.1; Nexus 5X Build/MMB29P) AppleWebKit/537.36 (KHTML, like Gecko) Chrome/135.0.7049.84 Mobile Safari/537.36 (compatible; Googlebot/2.1; +http://www.google.com/bot.html)"
161.97.119.41 - - [16/Apr/2025:22:30:43 -0400] "POST /xmlrpc.php HTTP/1.1" 200 212 "-" "Mozilla/5.0 (Windows NT 10.0; Win64; x64; rv:47.0) Gecko/20100101 Firefox/47.0"
198.54.114.83 - - [16/Apr/2025:22:33:56 -0400] "POST /wp-cron.php?doing_wp_cron=1744857235.9073948860168457031250 HTTP/1.1" 200 0 "-" "WordPress/6.8; https://christianmantopoulos.com"
2a01:4f9:3080:19ca::2 - - [16/Apr/2025:22:33:53 -0400] "POST /xmlrpc.php HTTP/1.1" 200 212 "-" "Mozilla/5.0 (Windows NT 10.0; Win64; x64; rv:57.0) Gecko/20100101 Firefox/57.0"
64.227.154.193 - - [16/Apr/2025:22:34:32 -0400] "GET /wp-admin/css/ HTTP/1.1" 403 1242 "binance.com" "Mozilla/5.0 (Windows NT 10.0; Win64; x64) AppleWebKit/537.36 (KHTML, like Gecko) Chrome/90.0.4430.85 Safari/537.36"
216.244.66.234 - - [16/Apr/2025:22:40:17 -0400] "GET /robots.txt HTTP/1.1" 200 118 "-" "Mozilla/5.0 (compatible; DotBot/1.2; +https://opensiteexplorer.org/dotbot; help@moz.com)"
198.54.114.83 - - [16/Apr/2025:22:47:07 -0400] "POST /wp-cron.php?doing_wp_cron=1744858026.2680718898773193359375 HTTP/1.1" 200 0 "-" "WordPress/6.8; https://christianmantopoulos.com"
66.249.64.12 - - [16/Apr/2025:22:47:02 -0400] "GET /Jigging-Tuna-Kingfish-LureAssit-H7G-x-Micro/Crankbaits-267343/ HTTP/1.1" 404 6821 "-" "Mozilla/5.0 (Linux; Android 6.0.1; Nexus 5X Build/MMB29P) AppleWebKit/537.36 (KHTML, like Gecko) Chrome/135.0.7049.84 Mobile Safari/537.36 (compatible; Googlebot/2.1; +http://www.google.com/bot.html)"
216.244.66.234 - - [16/Apr/2025:22:47:14 -0400] "GET /wp-content/uploads/2023/10/synthesize-2.mp3 HTTP/1.1" 404 6820 "-" "Mozilla/5.0 (compatible; DotBot/1.2; +https://opensiteexplorer.org/dotbot; help@moz.com)"
198.54.114.83 - - [16/Apr/2025:22:47:26 -0400] "POST /wp-cron.php?doing_wp_cron=1744858046.1954050064086914062500 HTTP/1.1" 200 0 "-" "WordPress/6.8; https://christianmantopoulos.com"
2a01:4f8:261:38cc::2 - - [16/Apr/2025:22:47:25 -0400] "POST /xmlrpc.php HTTP/1.1" 200 212 "-" "Mozilla/5.0 (Windows NT 10.0; Win64; x64; rv:62.0) Gecko/20100101 Firefox/62.0"
66.249.64.11 - - [16/Apr/2025:22:47:50 -0400] "GET /in-titanium-and-aluminum-Campagnolo-Record/Vintage-Bicycle-Parts-238966/ HTTP/1.1" 404 6820 "-" "Mozilla/5.0 (Linux; Android 6.0.1; Nexus 5X Build/MMB29P) AppleWebKit/537.36 (KHTML, like Gecko) Chrome/135.0.7049.84 Mobile Safari/537.36 (compatible; Googlebot/2.1; +http://www.google.com/bot.html)"
198.54.114.83 - - [16/Apr/2025:22:49:59 -0400] "POST /wp-cron.php?doing_wp_cron=1744858197.7283470630645751953125 HTTP/1.1" 200 0 "-" "WordPress/6.8; https://christianmantopoulos.com"
149.202.92.141 - - [16/Apr/2025:22:49:54 -0400] "POST /xmlrpc.php HTTP/1.1" 200 212 "-" "Mozilla/5.0 (Windows NT 10.0; Win64; x64; rv:63.0) Gecko/20100101 Firefox/63.0"
161.97.119.41 - - [16/Apr/2025:22:55:28 -0400] "POST /xmlrpc.php HTTP/1.1" 200 212 "-" "Mozilla/5.0 (Windows NT 10.0; Win64; x64; rv:57.0) Gecko/20100101 Firefox/57.0"
198.54.114.83 - - [16/Apr/2025:22:55:30 -0400] "POST /wp-cron.php?doing_wp_cron=1744858529.1012489795684814453125 HTTP/1.1" 200 0 "-" "WordPress/6.8; https://christianmantopoulos.com"
185.142.88.85 - - [16/Apr/2025:22:58:47 -0400] "POST /xmlrpc.php HTTP/1.1" 200 212 "-" "Mozilla/5.0 (Windows NT 10.0; Win64; x64; rv:66.0) Gecko/20100101 Firefox/66.0"
198.54.114.83 - - [16/Apr/2025:22:58:48 -0400] "POST /wp-cron.php?doing_wp_cron=1744858727.7230560779571533203125 HTTP/1.1" 200 0 "-" "WordPress/6.8; https://christianmantopoulos.com"
5.196.202.32 - - [16/Apr/2025:23:10:39 -0400] "POST /xmlrpc.php HTTP/1.1" 200 212 "-" "Mozilla/5.0 (Windows NT 10.0; Win64; x64; rv:64.0) Gecko/20100101 Firefox/64.0"
198.54.114.83 - - [16/Apr/2025:23:19:30 -0400] "POST /wp-cron.php?doing_wp_cron=1744859969.8040320873260498046875 HTTP/1.1" 200 0 "-" "WordPress/6.8; https://christianmantopoulos.com"
82.223.13.54 - - [16/Apr/2025:23:19:25 -0400] "POST /xmlrpc.php HTTP/1.1" 200 212 "-" "Mozilla/5.0 (Windows NT 10.0; Win64; x64; rv:53.0) Gecko/20100101 Firefox/53.0"
2600:3c02::f03c:93ff:fe81:21ce - - [16/Apr/2025:23:22:26 -0400] "POST /xmlrpc.php HTTP/1.1" 200 212 "-" "Mozilla/5.0 (Windows NT 10.0; Win64; x64; rv:50.0) Gecko/20100101 Firefox/50.0"
198.54.114.83 - - [16/Apr/2025:23:22:27 -0400] "POST /wp-cron.php?doing_wp_cron=1744860146.3658380508422851562500 HTTP/1.1" 200 0 "-" "WordPress/6.8; https://christianmantopoulos.com"
125.75.66.97 - - [16/Apr/2025:23:33:00 -0400] "GET / HTTP/1.1" 200 97713 "-" "Mozilla/5.0 (iPhone; CPU iPhone OS 13_2_3 like Mac OS X) AppleWebKit/605.1.15 (KHTML, like Gecko) Version/13.0.3 Mobile/15E148 Safari/604.1"
2602:fb54:966:: - - [16/Apr/2025:23:34:02 -0400] "GET /admin.php?520 HTTP/1.1" 404 6820 "-" "Mozilla/5.0 (Windows; U; Windows NT 6.1; en-US; rv:1.9.1.5) Gecko/20091102 Firefox/3.5.5 (.NET CLR 3.5.30729)"
2001:41d0:2:5530:: - - [16/Apr/2025:23:40:51 -0400] "POST /xmlrpc.php HTTP/1.1" 200 212 "-" "Mozilla/5.0 (Windows NT 10.0; Win64; x64; rv:83.0) Gecko/20100101 Firefox/83.0"
51.141.88.114 - - [16/Apr/2025:23:47:00 -0400] "GET /.env HTTP/1.1" 404 6820 "-" "Mozilla/5.0 (Macintosh; Intel Mac OS X 10.15; rv:77.0) Gecko/20100101 Firefox/77.0"
51.141.88.114 - - [16/Apr/2025:23:47:03 -0400] "GET /wp-content/ HTTP/1.1" 200 0 "-" "Mozilla/5.0 (Macintosh; Intel Mac OS X 10.15; rv:77.0) Gecko/20100101 Firefox/77.0"
2001:41d0:305:2100::7d03 - - [16/Apr/2025:23:47:29 -0400] "POST /xmlrpc.php HTTP/1.1" 200 212 "-" "Mozilla/5.0 (Windows NT 10.0; Win64; x64; rv:48.0) Gecko/20100101 Firefox/48.0"
198.54.114.83 - - [16/Apr/2025:23:57:32 -0400] "POST /wp-cron.php?doing_wp_cron=1744862250.8085970878601074218750 HTTP/1.1" 200 0 "-" "WordPress/6.8; https://christianmantopoulos.com"
142.93.46.31 - - [16/Apr/2025:23:57:28 -0400] "POST /xmlrpc.php HTTP/1.1" 200 212 "-" "Mozilla/5.0 (Windows NT 10.0; Win64; x64; rv:67.0) Gecko/20100101 Firefox/67.0"
34.222.207.168 - - [17/Apr/2025:00:00:19 -0400] "GET / HTTP/1.1" 200 0 "-" "Mozilla/4.0 (compatible; MSIE 6.0; Windows NT 5.1; FSL 7.0.6.01001)"
2001:1600:13:100:f816:3eff:fec8:a565 - - [17/Apr/2025:00:06:20 -0400] "POST /xmlrpc.php HTTP/1.1" 200 212 "-" "Mozilla/5.0 (Windows NT 10.0; Win64; x64; rv:87.0) Gecko/20100101 Firefox/87.0"
202.69.38.12 - - [17/Apr/2025:00:08:19 -0400] "GET /wp-login.php HTTP/1.1" 302 0 "-" "Mozilla/5.0 (X11; Linux x86_64; rv:121.0) Gecko/20100101 Firefox/121.0"
198.54.114.83 - - [17/Apr/2025:00:08:24 -0400] "POST /wp-cron.php?doing_wp_cron=1744862903.4863328933715820312500 HTTP/1.1" 200 0 "-" "WordPress/6.8; https://christianmantopoulos.com"
202.69.38.12 - - [17/Apr/2025:00:08:28 -0400] "POST /wp-login.php HTTP/1.1" 302 0 "-" "Mozilla/5.0 (X11; Linux x86_64; rv:121.0) Gecko/20100101 Firefox/121.0"
202.69.38.12 - - [17/Apr/2025:00:08:34 -0400] "POST /wp-login.php HTTP/1.1" 200 0 "-" "Mozilla/5.0 (X11; Linux x86_64; rv:121.0) Gecko/20100101 Firefox/121.0"
152.52.69.37 - - [17/Apr/2025:00:13:42 -0400] "POST /xmlrpc.php HTTP/1.1" 200 212 "-" "Mozilla/5.0 (Windows NT 10.0; Win64; x64; rv:55.0) Gecko/20100101 Firefox/55.0"
198.54.114.83 - - [17/Apr/2025:00:13:48 -0400] "POST /wp-cron.php?doing_wp_cron=1744863226.2102110385894775390625 HTTP/1.1" 200 0 "-" "WordPress/6.8; https://christianmantopoulos.com"
103.131.71.57 - - [17/Apr/2025:00:14:45 -0400] "GET /robots.txt HTTP/1.1" 200 118 "-" "Mozilla/5.0 (compatible; coccocbot-web/1.0; +http://help.coccoc.com/searchengine)"
198.54.114.83 - - [17/Apr/2025:00:16:18 -0400] "POST /wp-cron.php?doing_wp_cron=1744863377.4580769538879394531250 HTTP/1.1" 200 0 "-" "WordPress/6.8; https://christianmantopoulos.com"
20.31.47.237 - - [17/Apr/2025:00:16:16 -0400] "POST /xmlrpc.php HTTP/1.1" 200 212 "-" "Mozilla/5.0 (Windows NT 10.0; Win64; x64; rv:56.0) Gecko/20100101 Firefox/56.0"
66.249.64.2 - - [17/Apr/2025:00:17:04 -0400] "GET /robots.txt HTTP/1.1" 200 118 "-" "Mozilla/5.0 (compatible; Googlebot/2.1; +http://www.google.com/bot.html)"
66.249.64.3 - - [17/Apr/2025:00:17:05 -0400] "GET /x-MM-FSA-KFORCE-SB25/Seatposts-159667/ HTTP/1.1" 404 6820 "-" "Mozilla/5.0 (Linux; Android 6.0.1; Nexus 5X Build/MMB29P) AppleWebKit/537.36 (KHTML, like Gecko) Chrome/135.0.7049.84 Mobile Safari/537.36 (compatible; Googlebot/2.1; +http://www.google.com/bot.html)"
66.249.64.2 - - [17/Apr/2025:00:18:14 -0400] "GET /Ice-Skates-Small-Only-Mint-Shiny/Roller-Skates-700039/ HTTP/1.1" 404 6820 "-" "Mozilla/5.0 (Linux; Android 6.0.1; Nexus 5X Build/MMB29P) AppleWebKit/537.36 (KHTML, like Gecko) Chrome/135.0.7049.84 Mobile Safari/537.36 (compatible; Googlebot/2.1; +http://www.google.com/bot.html)"
198.54.114.83 - - [17/Apr/2025:00:18:16 -0400] "POST /wp-cron.php?doing_wp_cron=1744863494.9164550304412841796875 HTTP/1.1" 200 0 "-" "WordPress/6.8; https://christianmantopoulos.com"
52.210.99.250 - - [17/Apr/2025:00:28:41 -0400] "POST /xmlrpc.php HTTP/1.1" 200 212 "-" "Mozilla/5.0 (Windows NT 10.0; Win64; x64; rv:63.0) Gecko/20100101 Firefox/63.0"
91.107.201.3 - - [17/Apr/2025:00:36:15 -0400] "POST /xmlrpc.php HTTP/1.1" 200 212 "-" "Mozilla/5.0 (Windows NT 10.0; Win64; x64; rv:89.0) Gecko/20100101 Firefox/89.0"
198.54.114.83 - - [17/Apr/2025:00:36:22 -0400] "POST /wp-cron.php?doing_wp_cron=1744864579.8027169704437255859375 HTTP/1.1" 200 0 "-" "WordPress/6.8; https://christianmantopoulos.com"
196.251.87.151 - - [17/Apr/2025:00:41:18 -0400] "GET / HTTP/1.1" 200 97713 "-" "-"
66.249.64.3 - - [17/Apr/2025:00:47:06 -0400] "GET /seleccion-mexicana-mexico-world-cup/Men-766217/ HTTP/1.1" 404 6820 "-" "Mozilla/5.0 (Linux; Android 6.0.1; Nexus 5X Build/MMB29P) AppleWebKit/537.36 (KHTML, like Gecko) Chrome/135.0.7049.84 Mobile Safari/537.36 (compatible; Googlebot/2.1; +http://www.google.com/bot.html)"
198.54.114.83 - - [17/Apr/2025:00:47:10 -0400] "POST /wp-cron.php?doing_wp_cron=1744865229.0112679004669189453125 HTTP/1.1" 200 0 "-" "WordPress/6.8; https://christianmantopoulos.com"
62.210.25.105 - - [17/Apr/2025:01:00:55 -0400] "POST /xmlrpc.php HTTP/1.1" 200 212 "-" "Mozilla/5.0 (Windows NT 10.0; Win64; x64; rv:98.0) Gecko/20100101 Firefox/98.0"
176.9.93.109 - - [17/Apr/2025:01:06:05 -0400] "POST /xmlrpc.php HTTP/1.1" 200 212 "-" "Mozilla/5.0 (Windows NT 10.0; Win64; x64; rv:74.0) Gecko/20100101 Firefox/74.0"
198.54.114.83 - - [17/Apr/2025:01:06:13 -0400] "POST /wp-cron.php?doing_wp_cron=1744866368.7427849769592285156250 HTTP/1.1" 200 0 "-" "WordPress/6.8; https://christianmantopoulos.com"
198.54.114.83 - - [17/Apr/2025:01:13:01 -0400] "POST /wp-cron.php?doing_wp_cron=1744866780.1261029243469238281250 HTTP/1.1" 200 0 "-" "WordPress/6.8; https://christianmantopoulos.com"
81.177.142.254 - - [17/Apr/2025:01:12:56 -0400] "POST /xmlrpc.php HTTP/1.1" 200 212 "-" "Mozilla/5.0 (Windows NT 10.0; Win64; x64; rv:82.0) Gecko/20100101 Firefox/82.0"
213.136.88.137 - - [17/Apr/2025:01:16:14 -0400] "POST /xmlrpc.php HTTP/1.1" 200 212 "-" "Mozilla/5.0 (Windows NT 10.0; Win64; x64; rv:50.0) Gecko/20100101 Firefox/50.0"
198.54.114.83 - - [17/Apr/2025:01:16:17 -0400] "POST /wp-cron.php?doing_wp_cron=1744866974.8793840408325195312500 HTTP/1.1" 200 0 "-" "WordPress/6.8; https://christianmantopoulos.com"
167.86.80.181 - - [17/Apr/2025:01:23:07 -0400] "POST /xmlrpc.php HTTP/1.1" 200 212 "-" "Mozilla/5.0 (Windows NT 10.0; Win64; x64; rv:49.0) Gecko/20100101 Firefox/49.0"
198.54.114.83 - - [17/Apr/2025:01:23:13 -0400] "POST /wp-cron.php?doing_wp_cron=1744867390.9754369258880615234375 HTTP/1.1" 200 0 "-" "WordPress/6.8; https://christianmantopoulos.com"
157.55.39.57 - - [17/Apr/2025:01:28:27 -0400] "GET /fps-gaming-accessories/best-display-for-gaming HTTP/1.1" 404 6821 "-" "Mozilla/5.0 AppleWebKit/537.36 (KHTML, like Gecko; compatible; bingbot/2.0; +http://www.bing.com/bingbot.htm) Chrome/116.0.1938.76 Safari/537.36"
194.116.246.225 - - [17/Apr/2025:01:30:49 -0400] "POST /xmlrpc.php HTTP/1.1" 200 212 "-" "Mozilla/5.0 (Windows NT 10.0; Win64; x64; rv:75.0) Gecko/20100101 Firefox/75.0"
143.110.148.150 - - [17/Apr/2025:01:41:54 -0400] "POST /xmlrpc.php HTTP/1.1" 200 212 "-" "Mozilla/5.0 (Windows NT 10.0; Win64; x64; rv:57.0) Gecko/20100101 Firefox/57.0"
198.54.114.83 - - [17/Apr/2025:01:42:02 -0400] "POST /wp-cron.php?doing_wp_cron=1744868518.7311060428619384765625 HTTP/1.1" 200 0 "-" "WordPress/6.8; https://christianmantopoulos.com"
94.72.113.166 - - [17/Apr/2025:01:46:42 -0400] "POST /xmlrpc.php HTTP/1.1" 200 212 "-" "Mozilla/5.0 (Windows NT 10.0; Win64; x64; rv:95.0) Gecko/20100101 Firefox/95.0"
161.97.119.41 - - [17/Apr/2025:01:52:03 -0400] "POST /xmlrpc.php HTTP/1.1" 200 212 "-" "Mozilla/5.0 (Windows NT 10.0; Win64; x64; rv:69.0) Gecko/20100101 Firefox/69.0"
94.103.88.177 - - [17/Apr/2025:01:52:42 -0400] "GET /how-to-win-at-gas-station-slots/ HTTP/1.1" 200 11738 "http://christianmantopoulos.com/how-to-win-at-gas-station-slots/" "Mozilla/5.0 (Windows NT 10.0; Win64; x64) AppleWebKit/537.36 (KHTML, like Gecko) Chrome/130.0.0.0 Safari/537.36 CCleaner/130.0.0.0"
94.103.88.177 - - [17/Apr/2025:01:52:43 -0400] "POST /wp-comments-post.php HTTP/1.1" 500 2064 "http://christianmantopoulos.com/how-to-win-at-gas-station-slots/" "Mozilla/5.0 (Windows NT 10.0; Win64; x64) AppleWebKit/537.36 (KHTML, like Gecko) Chrome/130.0.0.0 Safari/537.36 CCleaner/130.0.0.0"
198.54.114.83 - - [17/Apr/2025:02:01:44 -0400] "POST /wp-cron.php?doing_wp_cron=1744869703.5584690570831298828125 HTTP/1.1" 200 0 "-" "WordPress/6.8; https://christianmantopoulos.com"
35.198.41.118 - - [17/Apr/2025:02:01:43 -0400] "POST /xmlrpc.php HTTP/1.1" 200 212 "-" "Mozilla/5.0 (Windows NT 10.0; Win64; x64; rv:73.0) Gecko/20100101 Firefox/73.0"
198.54.114.83 - - [17/Apr/2025:02:04:47 -0400] "POST /wp-cron.php?doing_wp_cron=1744869886.5216970443725585937500 HTTP/1.1" 200 0 "-" "WordPress/6.8; https://christianmantopoulos.com"
102.129.235.246 - - [17/Apr/2025:02:04:42 -0400] "GET /how-to-design-a-high-pressure-fire-pump/ HTTP/1.1" 200 11694 "-" "Mozilla/5.0 (Windows NT 10.0; Win64; x64) AppleWebKit/537.36 (KHTML, like Gecko) Chrome/114.0.0.0 YaBrowser/22.7.0 Yowser/2.5 Safari/537.36"
191.101.61.198 - - [17/Apr/2025:02:04:52 -0400] "GET /wp-login.php?action=register HTTP/1.1" 302 0 "http://christianmantopoulos.com/how-to-design-a-high-pressure-fire-pump/" "Mozilla/5.0 (Windows NT 6.3; Win64; x64) AppleWebKit/537.36 (KHTML, like Gecko) Chrome/103.0.0.0 Safari/537.36"
85.208.98.23 - - [17/Apr/2025:02:05:52 -0400] "GET /robots.txt HTTP/1.1" 304 0 "-" "Mozilla/5.0 (compatible; SemrushBot-BA; +http://www.semrush.com/bot.html)"
85.208.98.23 - - [17/Apr/2025:02:05:55 -0400] "GET /robots.txt HTTP/1.1" 304 0 "-" "Mozilla/5.0 (compatible; SemrushBot-BA; +http://www.semrush.com/bot.html)"
44.237.93.61 - - [17/Apr/2025:02:07:57 -0400] "POST /xmlrpc.php HTTP/1.1" 200 212 "-" "Mozilla/5.0 (Windows NT 10.0; Win64; x64; rv:89.0) Gecko/20100101 Firefox/89.0"
185.93.109.190 - - [17/Apr/2025:02:15:08 -0400] "POST /xmlrpc.php HTTP/1.1" 200 212 "-" "Mozilla/5.0 (Windows NT 10.0; Win64; x64; rv:64.0) Gecko/20100101 Firefox/64.0"
198.54.114.83 - - [17/Apr/2025:02:15:13 -0400] "POST /wp-cron.php?doing_wp_cron=1744870510.9288570880889892578125 HTTP/1.1" 200 0 "-" "WordPress/6.8; https://christianmantopoulos.com"
66.249.64.13 - - [17/Apr/2025:02:17:11 -0400] "GET /55mm-A-Radial-Skateboard-Wheels-Set-Spitfire-x/Wheels-720991/ HTTP/1.1" 404 6820 "-" "Mozilla/5.0 (Linux; Android 6.0.1; Nexus 5X Build/MMB29P) AppleWebKit/537.36 (KHTML, like Gecko) Chrome/135.0.7049.84 Mobile Safari/537.36 (compatible; Googlebot/2.1; +http://www.google.com/bot.html)"
2a0c:dd80:1001::311 - - [17/Apr/2025:02:28:00 -0400] "POST /xmlrpc.php HTTP/1.1" 200 212 "-" "Mozilla/5.0 (Windows NT 10.0; Win64; x64; rv:70.0) Gecko/20100101 Firefox/70.0"
107.151.222.228 - - [17/Apr/2025:02:29:35 -0400] "GET /wp-login.php HTTP/1.1" 302 0 "-" "Mozilla/5.0"
101.50.69.86 - - [17/Apr/2025:02:35:36 -0400] "GET / HTTP/1.1" 200 97713 "-" "Mozilla/5.0 (X11; Linux x86_64) AppleWebKit/537.36 (KHTML, like Gecko) Chrome/44.0.2403.157 Safari/537.36"
63.250.33.76 - - [17/Apr/2025:02:35:37 -0400] "POST /xmlrpc.php HTTP/1.1" 200 212 "-" "Mozilla/5.0 (Windows NT 10.0; Win64; x64; rv:87.0) Gecko/20100101 Firefox/87.0"
195.2.76.183 - - [17/Apr/2025:02:35:58 -0400] "GET /how-to-win-at-gas-station-slots/ HTTP/1.1" 200 11738 "http://christianmantopoulos.com/how-to-win-at-gas-station-slots/" "Mozilla/5.0 (Windows NT 10.0; Win64; x64) AppleWebKit/537.36 (KHTML, like Gecko) Chrome/130.0.0.0 Safari/537.36"
195.2.76.183 - - [17/Apr/2025:02:36:06 -0400] "POST /wp-comments-post.php HTTP/1.1" 500 3252 "http://christianmantopoulos.com/how-to-win-at-gas-station-slots/" "Mozilla/5.0 (Windows NT 10.0; Win64; x64) AppleWebKit/537.36 (KHTML, like Gecko) Chrome/130.0.0.0 Safari/537.36"
66.249.64.11 - - [17/Apr/2025:02:47:11 -0400] "GET /Pair-Set-FREE-SHIP-Two/Bowflex-Dumbbells-450561/ HTTP/1.1" 404 6820 "-" "Mozilla/5.0 (Linux; Android 6.0.1; Nexus 5X Build/MMB29P) AppleWebKit/537.36 (KHTML, like Gecko) Chrome/135.0.7049.84 Mobile Safari/537.36 (compatible; GoogleOther)"
198.54.114.83 - - [17/Apr/2025:02:47:21 -0400] "POST /wp-cron.php?doing_wp_cron=1744872437.7028329372406005859375 HTTP/1.1" 200 0 "-" "WordPress/6.8; https://christianmantopoulos.com"
34.29.254.106 - - [17/Apr/2025:02:50:23 -0400] "GET / HTTP/1.1" 200 97713 "-" "Mozilla/5.0 (Windows NT 10.0; Win64; x64) AppleWebKit/537.36 (KHTML, like Gecko) Chrome/91.0.4472.124 Safari/537.36"
74.208.156.176 - - [17/Apr/2025:02:55:05 -0400] "POST /xmlrpc.php HTTP/1.1" 200 212 "-" "Mozilla/5.0 (Windows NT 10.0; Win64; x64; rv:49.0) Gecko/20100101 Firefox/49.0"
198.54.114.83 - - [17/Apr/2025:02:55:11 -0400] "POST /wp-cron.php?doing_wp_cron=1744872905.8571999073028564453125 HTTP/1.1" 200 0 "-" "WordPress/6.8; https://christianmantopoulos.com"
135.119.143.77 - - [17/Apr/2025:02:57:36 -0400] "HEAD /wordpress HTTP/1.1" 200 0 "-" "Mozilla/5.0 (Windows NT 10.0; Win64; x64) AppleWebKit/537.36 (KHTML, like Gecko) Chrome/74.0.3729.169 Safari/537.36"
198.54.114.83 - - [17/Apr/2025:02:57:52 -0400] "POST /wp-cron.php?doing_wp_cron=1744873071.9704859256744384765625 HTTP/1.1" 200 0 "-" "WordPress/6.8; https://christianmantopoulos.com"
66.249.64.13 - - [17/Apr/2025:03:00:42 -0400] "GET /For-Sig-Sauer-P-w-CT-Laserguard-Pro/Holsters-485091/ HTTP/1.1" 404 6820 "-" "Mozilla/5.0 (Linux; Android 6.0.1; Nexus 5X Build/MMB29P) AppleWebKit/537.36 (KHTML, like Gecko) Chrome/135.0.7049.84 Mobile Safari/537.36 (compatible; Googlebot/2.1; +http://www.google.com/bot.html)"
2a05:d01c:2f4:9600:3dba:7963:8cd4:35d6 - - [17/Apr/2025:03:03:17 -0400] "POST /xmlrpc.php HTTP/1.1" 200 212 "-" "Mozilla/5.0 (Windows NT 10.0; Win64; x64; rv:80.0) Gecko/20100101 Firefox/80.0"
198.54.114.83 - - [17/Apr/2025:03:03:23 -0400] "POST /wp-cron.php?doing_wp_cron=1744873399.5515539646148681640625 HTTP/1.1" 200 0 "-" "WordPress/6.8; https://christianmantopoulos.com"
185.216.203.205 - - [17/Apr/2025:03:05:54 -0400] "POST /xmlrpc.php HTTP/1.1" 200 212 "-" "Mozilla/5.0 (Windows NT 10.0; Win64; x64; rv:44.0) Gecko/20100101 Firefox/44.0"
198.54.114.83 - - [17/Apr/2025:03:06:00 -0400] "POST /wp-cron.php?doing_wp_cron=1744873558.3344860076904296875000 HTTP/1.1" 200 0 "-" "WordPress/6.8; https://christianmantopoulos.com"
54.36.174.111 - - [17/Apr/2025:03:10:33 -0400] "POST /xmlrpc.php HTTP/1.1" 200 212 "-" "Mozilla/5.0 (Windows NT 10.0; Win64; x64; rv:79.0) Gecko/20100101 Firefox/79.0"
198.54.114.83 - - [17/Apr/2025:03:10:43 -0400] "POST /wp-cron.php?doing_wp_cron=1744873835.4495830535888671875000 HTTP/1.1" 200 0 "-" "WordPress/6.8; https://christianmantopoulos.com"
66.249.64.12 - - [17/Apr/2025:03:21:16 -0400] "GET /Pad-Switch-Accessory-PEQ-Remote-Dual/Flashlights-621721/ HTTP/1.1" 404 6820 "-" "Mozilla/5.0 (Linux; Android 6.0.1; Nexus 5X Build/MMB29P) AppleWebKit/537.36 (KHTML, like Gecko) Chrome/135.0.7049.84 Mobile Safari/537.36 (compatible; Googlebot/2.1; +http://www.google.com/bot.html)"
178.254.39.80 - - [17/Apr/2025:03:24:54 -0400] "POST /xmlrpc.php HTTP/1.1" 200 212 "-" "Mozilla/5.0 (Windows NT 10.0; Win64; x64; rv:68.0) Gecko/20100101 Firefox/68.0"
198.54.114.83 - - [17/Apr/2025:03:25:07 -0400] "POST /wp-cron.php?doing_wp_cron=1744874699.2501580715179443359375 HTTP/1.1" 200 0 "-" "WordPress/6.8; https://christianmantopoulos.com"
107.180.249.30 - - [17/Apr/2025:03:27:24 -0400] "POST /xmlrpc.php HTTP/1.1" 200 212 "-" "Mozilla/5.0 (Windows NT 10.0; Win64; x64; rv:93.0) Gecko/20100101 Firefox/93.0"
198.54.114.83 - - [17/Apr/2025:03:27:32 -0400] "POST /wp-cron.php?doing_wp_cron=1744874847.5385959148406982421875 HTTP/1.1" 200 0 "-" "WordPress/6.8; https://christianmantopoulos.com"
134.122.173.240 - - [17/Apr/2025:03:33:56 -0400] "GET /statics/img/login_bg.jpg HTTP/1.1" 404 6821 "http://christianmantopoulos.com" "(compatible; Baiduspider/2.0; +http://www.baidu.com/search/spider.html\xa3\xa9"
198.54.114.83 - - [17/Apr/2025:03:34:01 -0400] "POST /wp-cron.php?doing_wp_cron=1744875237.2997369766235351562500 HTTP/1.1" 200 0 "-" "WordPress/6.8; https://christianmantopoulos.com"
51.75.65.162 - - [17/Apr/2025:03:40:38 -0400] "POST /xmlrpc.php HTTP/1.1" 200 212 "-" "Mozilla/5.0 (Windows NT 10.0; Win64; x64; rv:64.0) Gecko/20100101 Firefox/64.0"
196.251.81.142 - - [17/Apr/2025:03:42:49 -0400] "GET / HTTP/1.1" 200 97713 "-" "Mozlila/5.0 (Linux; Android 7.0; SM-G892A Bulid/NRD90M; wv) AppleWebKit/537.36 (KHTML, like Gecko) Version/4.0 Chrome/60.0.3112.107 Moblie Safari/537.36"
196.251.81.142 - - [17/Apr/2025:03:42:49 -0400] "POST /wp-plain.php HTTP/1.1" 404 6771 "www.google.com" "Mozilla/5.0 (Linux; Android 7.0; SM-G892A Bulid/NRD90M; wv) AppleWebKit/537.36 (KHTML, like Gecko) Version/4.0 Chrome/60.0.3112.107 Moblie Safari/537.36"
196.251.81.142 - - [17/Apr/2025:03:42:49 -0400] "GET /wp-content/themes/seotheme/db.php?u HTTP/1.1" 404 6820 "www.google.com" "Mozlila/5.0 (Linux; Android 7.0; SM-G892A Bulid/NRD90M; wv) AppleWebKit/537.36 (KHTML, like Gecko) Version/4.0 Chrome/60.0.3112.107 Moblie Safari/537.36"
196.251.81.142 - - [17/Apr/2025:03:42:49 -0400] "POST /ALFA_DATA/alfacgiapi/perl.alfa HTTP/1.1" 404 6771 "www.google.com" "Mozlila/5.0 (Linux; Android 7.0; SM-G892A Bulid/NRD90M; wv) AppleWebKit/537.36 (KHTML, like Gecko) Version/4.0 Chrome/60.0.3112.107 Moblie Safari/537.36"
196.251.81.142 - - [17/Apr/2025:03:42:49 -0400] "GET /wp-content/plugins/fix/up.php HTTP/1.1" 404 6820 "-" "Mozilla/5.0 (Windows NT 10.0; Win64; x64) AppleWebKit/537.36 (KHTML, like Gecko) Chrome/85.0.4183.102 Safari/537.36"
196.251.81.142 - - [17/Apr/2025:03:42:51 -0400] "POST /alfacgiapi/perl.alfa HTTP/1.1" 404 6771 "www.google.com" "Mozlila/5.0 (Linux; Android 7.0; SM-G892A Bulid/NRD90M; wv) AppleWebKit/537.36 (KHTML, like Gecko) Version/4.0 Chrome/60.0.3112.107 Moblie Safari/537.36"
196.251.81.142 - - [17/Apr/2025:03:42:50 -0400] "GET /nhxklkkw.php?Fox=d3wL7 HTTP/1.1" 404 6820 "www.google.com" "Mozilla/5.0 (Linux; Android 7.0; SM-G892A Bulid/NRD90M; wv) AppleWebKit/537.36 (KHTML, like Gecko) Version/4.0 Chrome/60.0.3112.107 Moblie Safari/537.36"
66.249.64.2 - - [17/Apr/2025:03:43:31 -0400] "GET /For-Sig-Sauer-P-w-CT-Laserguard-Pro/Holsters-485091/ HTTP/1.1" 404 6820 "-" "Mozilla/5.0 (Linux; Android 6.0.1; Nexus 5X Build/MMB29P) AppleWebKit/537.36 (KHTML, like Gecko) Chrome/135.0.7049.84 Mobile Safari/537.36 (compatible; GoogleOther)"
198.54.114.83 - - [17/Apr/2025:03:43:34 -0400] "POST /wp-cron.php?doing_wp_cron=1744875812.1663770675659179687500 HTTP/1.1" 200 0 "-" "WordPress/6.8; https://christianmantopoulos.com"
2406:da18:ea6:1c00:1fe9:edc2:ea45:89f9 - - [17/Apr/2025:03:44:56 -0400] "POST /xmlrpc.php HTTP/1.1" 200 212 "-" "Mozilla/5.0 (Windows NT 10.0; Win64; x64; rv:68.0) Gecko/20100101 Firefox/68.0"
198.54.114.83 - - [17/Apr/2025:03:46:11 -0400] "POST /wp-cron.php?doing_wp_cron=1744875970.6731340885162353515625 HTTP/1.1" 200 0 "-" "WordPress/6.8; https://christianmantopoulos.com"
194.140.198.185 - - [17/Apr/2025:03:46:10 -0400] "POST /xmlrpc.php HTTP/1.1" 200 212 "-" "Mozilla/5.0 (Windows NT 10.0; Win64; x64; rv:67.0) Gecko/20100101 Firefox/67.0"
157.55.39.193 - - [17/Apr/2025:03:51:13 -0400] "GET /about/history/mejirodurene HTTP/1.1" 404 6820 "-" "Mozilla/5.0 AppleWebKit/537.36 (KHTML, like Gecko; compatible; bingbot/2.0; +http://www.bing.com/bingbot.htm) Chrome/116.0.1938.76 Safari/537.36"
125.88.231.98 - - [17/Apr/2025:03:51:54 -0400] "GET /wp-login.php HTTP/1.1" 302 0 "-" "Apache-HttpClient/4.5.2 (Java/1.8.0_161)"
198.54.114.83 - - [17/Apr/2025:03:51:58 -0400] "POST /wp-cron.php?doing_wp_cron=1744876315.0013360977172851562500 HTTP/1.1" 200 0 "-" "WordPress/6.8; https://christianmantopoulos.com"
125.88.231.98 - - [17/Apr/2025:03:52:06 -0400] "GET /?author=1 HTTP/1.1" 200 97713 "-" "Apache-HttpClient/4.5.2 (Java/1.8.0_161)"
125.88.231.98 - - [17/Apr/2025:03:52:11 -0400] "GET /?author=2 HTTP/1.1" 200 97713 "-" "Apache-HttpClient/4.5.2 (Java/1.8.0_161)"
125.88.231.98 - - [17/Apr/2025:03:52:13 -0400] "GET /?author=3 HTTP/1.1" 200 97713 "-" "Apache-HttpClient/4.5.2 (Java/1.8.0_161)"
125.88.231.98 - - [17/Apr/2025:03:52:14 -0400] "GET /?author=4 HTTP/1.1" 200 97713 "-" "Apache-HttpClient/4.5.2 (Java/1.8.0_161)"
125.88.231.98 - - [17/Apr/2025:03:52:15 -0400] "GET /?author=5 HTTP/1.1" 200 97713 "-" "Apache-HttpClient/4.5.2 (Java/1.8.0_161)"
125.88.231.98 - - [17/Apr/2025:03:52:16 -0400] "GET /?author=6 HTTP/1.1" 200 97713 "-" "Apache-HttpClient/4.5.2 (Java/1.8.0_161)"
125.88.231.98 - - [17/Apr/2025:03:52:17 -0400] "GET /?author=7 HTTP/1.1" 200 97713 "-" "Apache-HttpClient/4.5.2 (Java/1.8.0_161)"
125.88.231.98 - - [17/Apr/2025:03:52:18 -0400] "GET /?author=8 HTTP/1.1" 200 97713 "-" "Apache-HttpClient/4.5.2 (Java/1.8.0_161)"
125.88.231.98 - - [17/Apr/2025:03:52:20 -0400] "GET /?author=9 HTTP/1.1" 200 97713 "-" "Apache-HttpClient/4.5.2 (Java/1.8.0_161)"
125.88.231.98 - - [17/Apr/2025:03:52:21 -0400] "GET /?author=10 HTTP/1.1" 200 97713 "-" "Apache-HttpClient/4.5.2 (Java/1.8.0_161)"
125.88.231.98 - - [17/Apr/2025:03:52:23 -0400] "GET /?author=11 HTTP/1.1" 200 97713 "-" "Apache-HttpClient/4.5.2 (Java/1.8.0_161)"
125.88.231.98 - - [17/Apr/2025:03:52:24 -0400] "GET /?author=12 HTTP/1.1" 200 97713 "-" "Apache-HttpClient/4.5.2 (Java/1.8.0_161)"
125.88.231.98 - - [17/Apr/2025:03:52:25 -0400] "GET /?author=13 HTTP/1.1" 200 97713 "-" "Apache-HttpClient/4.5.2 (Java/1.8.0_161)"
125.88.231.98 - - [17/Apr/2025:03:52:29 -0400] "GET /?author=14 HTTP/1.1" 200 97713 "-" "Apache-HttpClient/4.5.2 (Java/1.8.0_161)"
125.88.231.98 - - [17/Apr/2025:03:52:31 -0400] "GET /?author=15 HTTP/1.1" 200 97713 "-" "Apache-HttpClient/4.5.2 (Java/1.8.0_161)"
125.88.231.98 - - [17/Apr/2025:03:52:34 -0400] "GET /?author=16 HTTP/1.1" 200 97713 "-" "Apache-HttpClient/4.5.2 (Java/1.8.0_161)"
125.88.231.98 - - [17/Apr/2025:03:52:37 -0400] "GET /?author=17 HTTP/1.1" 200 97713 "-" "Apache-HttpClient/4.5.2 (Java/1.8.0_161)"
125.88.231.98 - - [17/Apr/2025:03:52:40 -0400] "GET /?author=18 HTTP/1.1" 200 97713 "-" "Apache-HttpClient/4.5.2 (Java/1.8.0_161)"
125.88.231.98 - - [17/Apr/2025:03:52:42 -0400] "GET /?author=19 HTTP/1.1" 200 97713 "-" "Apache-HttpClient/4.5.2 (Java/1.8.0_161)"
125.88.231.98 - - [17/Apr/2025:03:52:45 -0400] "GET /?author=20 HTTP/1.1" 200 97713 "-" "Apache-HttpClient/4.5.2 (Java/1.8.0_161)"
167.86.80.181 - - [17/Apr/2025:03:57:44 -0400] "POST /xmlrpc.php HTTP/1.1" 200 212 "-" "Mozilla/5.0 (Windows NT 10.0; Win64; x64; rv:89.0) Gecko/20100101 Firefox/89.0"
198.54.114.83 - - [17/Apr/2025:04:03:33 -0400] "POST /wp-cron.php?doing_wp_cron=1744877012.5876960754394531250000 HTTP/1.1" 200 0 "-" "WordPress/6.8; https://christianmantopoulos.com"
141.95.54.193 - - [17/Apr/2025:04:03:32 -0400] "POST /xmlrpc.php HTTP/1.1" 200 212 "-" "Mozilla/5.0 (Windows NT 10.0; Win64; x64; rv:46.0) Gecko/20100101 Firefox/46.0"
198.54.114.83 - - [17/Apr/2025:04:05:51 -0400] "POST /wp-cron.php?doing_wp_cron=1744877150.7491710186004638671875 HTTP/1.1" 200 0 "-" "WordPress/6.8; https://christianmantopoulos.com"
66.249.64.2 - - [17/Apr/2025:04:05:50 -0400] "GET /Victory-black-NEW-Brake-barrel-adjuster/Brakes-79195/ HTTP/1.1" 404 6820 "-" "Mozilla/5.0 (Linux; Android 6.0.1; Nexus 5X Build/MMB29P) AppleWebKit/537.36 (KHTML, like Gecko) Chrome/135.0.7049.84 Mobile Safari/537.36 (compatible; Googlebot/2.1; +http://www.google.com/bot.html)"
85.208.98.23 - - [17/Apr/2025:04:08:11 -0400] "GET /robots.txt HTTP/1.1" 200 118 "-" "Mozilla/5.0 (compatible; SemrushBot-BA; +http://www.semrush.com/bot.html)"
198.54.114.83 - - [17/Apr/2025:04:12:56 -0400] "POST /wp-cron.php?doing_wp_cron=1744877575.8293890953063964843750 HTTP/1.1" 200 0 "-" "WordPress/6.8; https://christianmantopoulos.com"
159.203.177.184 - - [17/Apr/2025:04:12:53 -0400] "POST /xmlrpc.php HTTP/1.1" 200 212 "-" "Mozilla/5.0 (Windows NT 10.0; Win64; x64; rv:67.0) Gecko/20100101 Firefox/67.0"
178.33.123.162 - - [17/Apr/2025:04:16:55 -0400] "POST /xmlrpc.php HTTP/1.1" 200 212 "-" "Mozilla/5.0 (Windows NT 10.0; Win64; x64; rv:48.0) Gecko/20100101 Firefox/48.0"
198.54.114.83 - - [17/Apr/2025:04:18:25 -0400] "POST /wp-cron.php?doing_wp_cron=1744877904.8317101001739501953125 HTTP/1.1" 200 0 "-" "WordPress/6.8; https://christianmantopoulos.com"
185.223.152.70 - - [17/Apr/2025:04:18:24 -0400] "GET /x.php HTTP/1.1" 404 6821 "-" "Go-http-client/1.1"
185.223.152.70 - - [17/Apr/2025:04:18:26 -0400] "GET /function.php HTTP/1.1" 404 6820 "-" "Go-http-client/1.1"
185.223.152.70 - - [17/Apr/2025:04:18:26 -0400] "GET /s.php HTTP/1.1" 404 6821 "-" "Go-http-client/1.1"
185.223.152.70 - - [17/Apr/2025:04:18:28 -0400] "GET /about.php HTTP/1.1" 404 6821 "-" "Go-http-client/1.1"
185.223.152.70 - - [17/Apr/2025:04:18:29 -0400] "GET /cjfuns.php HTTP/1.1" 404 6820 "-" "Go-http-client/1.1"
185.223.152.70 - - [17/Apr/2025:04:18:30 -0400] "GET /mah/function.php HTTP/1.1" 404 6820 "-" "Go-http-client/1.1"
185.223.152.70 - - [17/Apr/2025:04:18:31 -0400] "GET /index/function.php HTTP/1.1" 404 6820 "-" "Go-http-client/1.1"
185.223.152.70 - - [17/Apr/2025:04:18:32 -0400] "GET /login.php HTTP/1.1" 302 0 "-" "Go-http-client/1.1"
185.223.152.70 - - [17/Apr/2025:04:18:34 -0400] "GET /admin.php HTTP/1.1" 404 6820 "-" "Go-http-client/1.1"
185.223.152.70 - - [17/Apr/2025:04:18:35 -0400] "GET /file.php HTTP/1.1" 404 6820 "-" "Go-http-client/1.1"
185.223.152.70 - - [17/Apr/2025:04:18:35 -0400] "GET /wp-content/themes/deeto/login.php HTTP/1.1" 404 6820 "-" "Go-http-client/1.1"
185.223.152.70 - - [17/Apr/2025:04:18:36 -0400] "GET /h.php HTTP/1.1" 404 6820 "-" "Go-http-client/1.1"
185.223.152.70 - - [17/Apr/2025:04:18:37 -0400] "GET /m.php HTTP/1.1" 404 6821 "-" "Go-http-client/1.1"
185.223.152.70 - - [17/Apr/2025:04:18:37 -0400] "GET /1.php HTTP/1.1" 404 6821 "-" "Go-http-client/1.1"
185.223.152.70 - - [17/Apr/2025:04:18:38 -0400] "GET /mah.php HTTP/1.1" 404 6821 "-" "Go-http-client/1.1"
185.223.152.70 - - [17/Apr/2025:04:18:38 -0400] "GET /css/index.php HTTP/1.1" 301 0 "-" "Go-http-client/1.1"
185.223.152.70 - - [17/Apr/2025:04:18:39 -0400] "GET /css/ HTTP/1.1" 404 6821 "http://christianmantopoulos.com/css/index.php" "Go-http-client/1.1"
185.223.152.70 - - [17/Apr/2025:04:18:39 -0400] "GET /admin/function.php HTTP/1.1" 404 6821 "-" "Go-http-client/1.1"
185.223.152.70 - - [17/Apr/2025:04:18:40 -0400] "GET /simple.php HTTP/1.1" 404 6820 "-" "Go-http-client/1.1"
185.223.152.70 - - [17/Apr/2025:04:18:41 -0400] "GET /classwithtostring.php HTTP/1.1" 404 6820 "-" "Go-http-client/1.1"
185.223.152.70 - - [17/Apr/2025:04:18:42 -0400] "GET /wp-admin/js/index.php HTTP/1.1" 301 0 "-" "Go-http-client/1.1"
185.223.152.70 - - [17/Apr/2025:04:18:44 -0400] "GET /wp-admin/js/ HTTP/1.1" 403 1242 "http://christianmantopoulos.com/wp-admin/js/index.php" "Go-http-client/1.1"
185.223.152.70 - - [17/Apr/2025:04:18:44 -0400] "GET /autoload_classmap.php HTTP/1.1" 404 6820 "-" "Go-http-client/1.1"
185.223.152.70 - - [17/Apr/2025:04:18:44 -0400] "GET /bugz.php HTTP/1.1" 404 6820 "-" "Go-http-client/1.1"
185.223.152.70 - - [17/Apr/2025:04:18:45 -0400] "GET /item.php HTTP/1.1" 404 6820 "-" "Go-http-client/1.1"
185.223.152.70 - - [17/Apr/2025:04:18:47 -0400] "GET /wp-content/index.php HTTP/1.1" 200 0 "-" "Go-http-client/1.1"
185.223.152.70 - - [17/Apr/2025:04:18:47 -0400] "GET /go.php HTTP/1.1" 404 6821 "-" "Go-http-client/1.1"
185.223.152.70 - - [17/Apr/2025:04:18:49 -0400] "GET /wp-includes/css/index.php HTTP/1.1" 301 0 "-" "Go-http-client/1.1"
185.223.152.70 - - [17/Apr/2025:04:18:50 -0400] "GET /wp-includes/css/ HTTP/1.1" 403 1242 "http://christianmantopoulos.com/wp-includes/css/index.php" "Go-http-client/1.1"
