198.54.114.83 - - [18/Apr/2025:14:40:26 -0400] "POST /wp-cron.php?doing_wp_cron=1745001625.1041669845581054687500 HTTP/1.1" 200 0 "-" "WordPress/6.8; https://christianmantopoulos.com"
38.153.180.131 - - [18/Apr/2025:14:40:24 -0400] "GET /mk-shoulder-bag-by-michael-kors/ HTTP/1.1" 200 11692 "-" "Mozilla/5.0 (Windows NT 10.0; Win64; x64) AppleWebKit/537.36 (KHTML, like Gecko) Chrome/118.0.0.0 Safari/537.36"
2a01:239:25f:2900::1 - - [18/Apr/2025:14:43:12 -0400] "POST /xmlrpc.php HTTP/1.1" 200 212 "-" "Mozilla/5.0 (Windows NT 10.0; Win64; x64; rv:51.0) Gecko/20100101 Firefox/51.0"
43.157.38.131 - - [18/Apr/2025:14:53:30 -0400] "GET / HTTP/1.1" 200 97713 "-" "Mozilla/5.0 (iPhone; CPU iPhone OS 13_2_3 like Mac OS X) AppleWebKit/605.1.15 (KHTML, like Gecko) Version/13.0.3 Mobile/15E148 Safari/604.1"
123.187.240.242 - - [18/Apr/2025:14:56:13 -0400] "GET / HTTP/1.1" 200 97713 "-" "Mozilla/5.0 (iPhone; CPU iPhone OS 13_2_3 like Mac OS X) AppleWebKit/605.1.15 (KHTML, like Gecko) Version/13.0.3 Mobile/15E148 Safari/604.1"
216.244.66.234 - - [18/Apr/2025:14:56:58 -0400] "GET /robots.txt HTTP/1.1" 200 118 "-" "Mozilla/5.0 (compatible; DotBot/1.2; +https://opensiteexplorer.org/dotbot; help@moz.com)"
34.135.19.197 - - [18/Apr/2025:15:01:37 -0400] "POST /xmlrpc.php HTTP/1.1" 200 212 "-" "Mozilla/5.0 (Windows NT 10.0; Win64; x64; rv:40.0) Gecko/20100101 Firefox/40.0"
66.249.64.1 - - [18/Apr/2025:15:01:59 -0400] "GET /INTRIKAT-FLAT-LAND-CHAD-S-AND-FIT-S&M/Stems-170133/ HTTP/1.1" 404 6820 "-" "Mozilla/5.0 (Linux; Android 6.0.1; Nexus 5X Build/MMB29P) AppleWebKit/537.36 (KHTML, like Gecko) Chrome/135.0.7049.95 Mobile Safari/537.36 (compatible; GoogleOther)"
66.249.64.3 - - [18/Apr/2025:15:03:11 -0400] "GET /INTRIKAT-FLAT-LAND-CHAD-S-AND-FIT-S&M/Stems-170133/ HTTP/1.1" 404 6820 "-" "Mozilla/5.0 (Linux; Android 6.0.1; Nexus 5X Build/MMB29P) AppleWebKit/537.36 (KHTML, like Gecko) Chrome/135.0.7049.95 Mobile Safari/537.36 (compatible; Googlebot/2.1; +http://www.google.com/bot.html)"
216.244.66.234 - - [18/Apr/2025:15:03:41 -0400] "GET /advantages-of-pex-al-pex-pipe/ HTTP/1.1" 200 11225 "-" "Mozilla/5.0 (compatible; DotBot/1.2; +https://opensiteexplorer.org/dotbot; help@moz.com)"
194.163.183.30 - - [18/Apr/2025:15:04:45 -0400] "GET /wp-content/plugins/iwjob/assets/css/style.css HTTP/1.1" 404 6820 "-" "Mozilla/5.0 (iPhone; CPU iPhone OS 17_2 like Mac OS X) AppleWebKit/605.1.15 (KHTML, like Gecko) Version/17.2 Mobile/15E148 Safari/604.1"
198.54.114.83 - - [18/Apr/2025:15:04:48 -0400] "POST /wp-cron.php?doing_wp_cron=1745003087.4200849533081054687500 HTTP/1.1" 200 0 "-" "WordPress/6.8; https://christianmantopoulos.com"
194.163.183.30 - - [18/Apr/2025:15:04:47 -0400] "GET /wp-content/themes/golo/style.css HTTP/1.1" 404 6820 "-" "Mozilla/5.0 (iPhone; CPU iPhone OS 17_2 like Mac OS X) AppleWebKit/605.1.15 (KHTML, like Gecko) Version/17.2 Mobile/15E148 Safari/604.1"
194.163.183.30 - - [18/Apr/2025:15:04:50 -0400] "GET /wp-content/plugins/suretriggers/readme.txt HTTP/1.1" 404 6820 "-" "Mozilla/5.0 (iPhone; CPU iPhone OS 17_2 like Mac OS X) AppleWebKit/605.1.15 (KHTML, like Gecko) Version/17.2 Mobile/15E148 Safari/604.1"
194.163.183.30 - - [18/Apr/2025:15:04:53 -0400] "GET /wp-content/themes/civi/style.css HTTP/1.1" 404 6820 "-" "Mozilla/5.0 (iPhone; CPU iPhone OS 17_2 like Mac OS X) AppleWebKit/605.1.15 (KHTML, like Gecko) Version/17.2 Mobile/15E148 Safari/604.1"
216.244.66.234 - - [18/Apr/2025:15:04:54 -0400] "GET /the-rise-of-online-casinos/feed/ HTTP/1.1" 200 434 "-" "Mozilla/5.0 (compatible; DotBot/1.2; +https://opensiteexplorer.org/dotbot; help@moz.com)"
194.163.183.30 - - [18/Apr/2025:15:04:55 -0400] "GET /wp-content/themes/jobcareer/style.css HTTP/1.1" 404 6820 "-" "Mozilla/5.0 (iPhone; CPU iPhone OS 17_2 like Mac OS X) AppleWebKit/605.1.15 (KHTML, like Gecko) Version/17.2 Mobile/15E148 Safari/604.1"
219.117.206.145 - - [18/Apr/2025:15:19:15 -0400] "POST /xmlrpc.php HTTP/1.1" 200 212 "-" "Mozilla/5.0 (Windows NT 10.0; Win64; x64; rv:59.0) Gecko/20100101 Firefox/59.0"
178.20.46.206 - - [18/Apr/2025:15:26:05 -0400] "GET /how-to-win-at-gas-station-slots/ HTTP/1.1" 200 11715 "http://christianmantopoulos.com/how-to-win-at-gas-station-slots/" "Mozilla/5.0 (Windows NT 10.0; Win64; x64) AppleWebKit/537.36 (KHTML, like Gecko) Chrome/129.0.0.0 Safari/537.36"
198.54.114.83 - - [18/Apr/2025:15:26:08 -0400] "POST /wp-cron.php?doing_wp_cron=1745004367.2617180347442626953125 HTTP/1.1" 200 0 "-" "WordPress/6.8; https://christianmantopoulos.com"
178.20.46.206 - - [18/Apr/2025:15:26:06 -0400] "POST /wp-comments-post.php HTTP/1.1" 500 2023 "http://christianmantopoulos.com/how-to-win-at-gas-station-slots/" "Mozilla/5.0 (Windows NT 10.0; Win64; x64) AppleWebKit/537.36 (KHTML, like Gecko) Chrome/129.0.0.0 Safari/537.36"
198.54.114.83 - - [18/Apr/2025:15:34:45 -0400] "POST /wp-cron.php?doing_wp_cron=1745004884.5216779708862304687500 HTTP/1.1" 200 0 "-" "WordPress/6.8; https://christianmantopoulos.com"
185.88.197.19 - - [18/Apr/2025:15:34:44 -0400] "POST /xmlrpc.php HTTP/1.1" 200 212 "-" "Mozilla/5.0 (Windows NT 10.0; Win64; x64; rv:80.0) Gecko/20100101 Firefox/80.0"
188.166.245.115 - - [18/Apr/2025:15:53:24 -0400] "POST /xmlrpc.php HTTP/1.1" 200 212 "-" "Mozilla/5.0 (Windows NT 10.0; Win64; x64; rv:64.0) Gecko/20100101 Firefox/64.0"
66.249.64.2 - - [18/Apr/2025:15:54:48 -0400] "GET /RH-for-Bersa-Thunder-Gould-&/Holsters-498115/ HTTP/1.1" 404 6820 "-" "Mozilla/5.0 (Linux; Android 6.0.1; Nexus 5X Build/MMB29P) AppleWebKit/537.36 (KHTML, like Gecko) Chrome/135.0.7049.95 Mobile Safari/537.36 (compatible; GoogleOther)"
66.249.64.1 - - [18/Apr/2025:15:55:36 -0400] "GET /RH-for-Bersa-Thunder-Gould-&/Holsters-498115/ HTTP/1.1" 404 6820 "-" "Mozilla/5.0 (Linux; Android 6.0.1; Nexus 5X Build/MMB29P) AppleWebKit/537.36 (KHTML, like Gecko) Chrome/135.0.7049.95 Mobile Safari/537.36 (compatible; Googlebot/2.1; +http://www.google.com/bot.html)"
178.20.46.206 - - [18/Apr/2025:15:59:10 -0400] "GET /how-to-win-at-gas-station-slots/ HTTP/1.1" 200 11715 "http://christianmantopoulos.com/how-to-win-at-gas-station-slots/" "Mozilla/5.0 (Windows NT 10.0; Win64; x64) AppleWebKit/537.36 (KHTML, like Gecko) Chrome/129.0.0.0 Safari/537.36"
178.20.46.206 - - [18/Apr/2025:15:59:11 -0400] "POST /wp-comments-post.php HTTP/1.1" 500 1934 "http://christianmantopoulos.com/how-to-win-at-gas-station-slots/" "Mozilla/5.0 (Windows NT 10.0; Win64; x64) AppleWebKit/537.36 (KHTML, like Gecko) Chrome/129.0.0.0 Safari/537.36"
66.249.64.11 - - [18/Apr/2025:16:00:53 -0400] "GET /BEARING-ORANGE-SEE-MODEL-LIST/Baitcasting-Reels-356910/ HTTP/1.1" 404 6819 "-" "Mozilla/5.0 (Linux; Android 6.0.1; Nexus 5X Build/MMB29P) AppleWebKit/537.36 (KHTML, like Gecko) Chrome/135.0.7049.95 Mobile Safari/537.36 (compatible; GoogleOther)"
66.249.64.12 - - [18/Apr/2025:16:01:19 -0400] "GET /BEARING-ORANGE-SEE-MODEL-LIST/Baitcasting-Reels-356910/ HTTP/1.1" 404 6819 "-" "Mozilla/5.0 (Linux; Android 6.0.1; Nexus 5X Build/MMB29P) AppleWebKit/537.36 (KHTML, like Gecko) Chrome/135.0.7049.95 Mobile Safari/537.36 (compatible; Googlebot/2.1; +http://www.google.com/bot.html)"
93.183.124.212 - - [18/Apr/2025:16:04:00 -0400] "GET /how-to-win-at-gas-station-slots/ HTTP/1.1" 200 11715 "-" "Mozilla/5.0 (Windows NT 6.3; Win64; x64) AppleWebKit/537.36 (KHTML, like Gecko) Chrome/75.0.3770.100 Safari/537.36"
2406:da1a:19d:1200:98d5:27bd:b08d:490e - - [18/Apr/2025:16:08:31 -0400] "POST /xmlrpc.php HTTP/1.1" 200 212 "-" "Mozilla/5.0 (Windows NT 10.0; Win64; x64; rv:89.0) Gecko/20100101 Firefox/89.0"
198.54.114.83 - - [18/Apr/2025:16:08:34 -0400] "POST /wp-cron.php?doing_wp_cron=1745006911.8321630954742431640625 HTTP/1.1" 200 0 "-" "WordPress/6.8; https://christianmantopoulos.com"
93.183.92.77 - - [18/Apr/2025:16:23:28 -0400] "GET /how-to-win-at-gas-station-slots/ HTTP/1.1" 200 11715 "http://christianmantopoulos.com/how-to-win-at-gas-station-slots/" "Mozilla/5.0 (Windows NT 10.0; Win64; x64) AppleWebKit/537.36 (KHTML, like Gecko) Chrome/130.0.0.0 Safari/537.36"
198.54.114.83 - - [18/Apr/2025:16:23:30 -0400] "POST /wp-cron.php?doing_wp_cron=1745007809.9395260810852050781250 HTTP/1.1" 200 0 "-" "WordPress/6.8; https://christianmantopoulos.com"
93.183.92.77 - - [18/Apr/2025:16:23:29 -0400] "POST /wp-comments-post.php HTTP/1.1" 500 1968 "http://christianmantopoulos.com/how-to-win-at-gas-station-slots/" "Mozilla/5.0 (Windows NT 10.0; Win64; x64) AppleWebKit/537.36 (KHTML, like Gecko) Chrome/130.0.0.0 Safari/537.36"
198.235.24.153 - - [18/Apr/2025:16:23:40 -0400] "GET / HTTP/1.1" 200 97713 "-" "-"
98.158.94.14 - - [18/Apr/2025:16:26:03 -0400] "POST /xmlrpc.php HTTP/1.1" 200 212 "-" "Mozilla/5.0 (Windows NT 10.0; Win64; x64; rv:74.0) Gecko/20100101 Firefox/74.0"
198.54.114.83 - - [18/Apr/2025:16:41:35 -0400] "POST /wp-cron.php?doing_wp_cron=1745008894.3418819904327392578125 HTTP/1.1" 200 0 "-" "WordPress/6.8; https://christianmantopoulos.com"
185.127.134.97 - - [18/Apr/2025:16:41:34 -0400] "POST /xmlrpc.php HTTP/1.1" 200 212 "-" "Mozilla/5.0 (Windows NT 10.0; Win64; x64; rv:46.0) Gecko/20100101 Firefox/46.0"
198.44.190.241 - - [18/Apr/2025:16:45:57 -0400] "GET / HTTP/1.1" 200 97713 "-" "Mozilla/5.0 (Windows NT 10.0; Win64; x64) AppleWebKit/537.36 (KHTML, like Gecko) Chrome/80.0.3987.149 Safari/537.36"
198.44.190.241 - - [18/Apr/2025:16:45:58 -0400] "GET / HTTP/1.1" 200 97713 "-" "Mozilla/5.0 (Windows NT 10.0; Win64; x64) AppleWebKit/537.36 (KHTML, like Gecko) Chrome/80.0.3987.149 Safari/537.36"
198.54.114.83 - - [18/Apr/2025:16:46:00 -0400] "POST /wp-cron.php?doing_wp_cron=1745009160.0137948989868164062500 HTTP/1.1" 200 0 "-" "WordPress/6.8; https://christianmantopoulos.com"
198.44.190.241 - - [18/Apr/2025:16:45:59 -0400] "GET /wp-includes/wlwmanifest.xml HTTP/1.1" 404 6819 "-" "Mozilla/5.0 (Windows NT 10.0; Win64; x64) AppleWebKit/537.36 (KHTML, like Gecko) Chrome/80.0.3987.149 Safari/537.36"
198.44.190.241 - - [18/Apr/2025:16:46:01 -0400] "GET /?author=1 HTTP/1.1" 200 97713 "-" "Mozilla/5.0 (Windows NT 10.0; Win64; x64) AppleWebKit/537.36 (KHTML, like Gecko) Chrome/80.0.3987.149 Safari/537.36"
198.44.190.241 - - [18/Apr/2025:16:46:02 -0400] "GET /?author=2 HTTP/1.1" 200 97713 "-" "Mozilla/5.0 (Windows NT 10.0; Win64; x64) AppleWebKit/537.36 (KHTML, like Gecko) Chrome/80.0.3987.149 Safari/537.36"
198.44.190.241 - - [18/Apr/2025:16:46:03 -0400] "GET /wp-json/wp/v2/users/ HTTP/1.1" 200 1512 "-" "Mozilla/5.0 (Windows NT 10.0; Win64; x64) AppleWebKit/537.36 (KHTML, like Gecko) Chrome/80.0.3987.149 Safari/537.36"
198.44.190.241 - - [18/Apr/2025:16:46:04 -0400] "POST /xmlrpc.php HTTP/1.1" 200 212 "-" "Mozilla/5.0 (Windows NT 10.0; Win64; x64) AppleWebKit/537.36 (KHTML, like Gecko) Chrome/80.0.3987.149 Safari/537.36"
198.44.190.241 - - [18/Apr/2025:16:46:05 -0400] "POST /xmlrpc.php HTTP/1.1" 200 236 "-" "Mozilla/5.0 (Windows NT 10.0; Win64; x64) AppleWebKit/537.36 (KHTML, like Gecko) Chrome/80.0.3987.149 Safari/537.36"
198.44.190.241 - - [18/Apr/2025:16:46:06 -0400] "POST /xmlrpc.php HTTP/1.1" 200 212 "-" "Mozilla/5.0 (Windows NT 10.0; Win64; x64) AppleWebKit/537.36 (KHTML, like Gecko) Chrome/80.0.3987.149 Safari/537.36"
198.44.190.241 - - [18/Apr/2025:16:46:07 -0400] "POST /xmlrpc.php HTTP/1.1" 200 236 "-" "Mozilla/5.0 (Windows NT 10.0; Win64; x64) AppleWebKit/537.36 (KHTML, like Gecko) Chrome/80.0.3987.149 Safari/537.36"
198.44.190.241 - - [18/Apr/2025:16:46:08 -0400] "POST /xmlrpc.php HTTP/1.1" 200 236 "-" "Mozilla/5.0 (Windows NT 10.0; Win64; x64) AppleWebKit/537.36 (KHTML, like Gecko) Chrome/80.0.3987.149 Safari/537.36"
198.44.190.241 - - [18/Apr/2025:16:46:08 -0400] "POST /xmlrpc.php HTTP/1.1" 200 236 "-" "Mozilla/5.0 (Windows NT 10.0; Win64; x64) AppleWebKit/537.36 (KHTML, like Gecko) Chrome/80.0.3987.149 Safari/537.36"
198.54.114.83 - - [18/Apr/2025:17:00:10 -0400] "POST /wp-cron.php?doing_wp_cron=1745010009.8151121139526367187500 HTTP/1.1" 200 0 "-" "WordPress/6.8; https://christianmantopoulos.com"
54.209.189.233 - - [18/Apr/2025:17:00:09 -0400] "POST /xmlrpc.php HTTP/1.1" 200 212 "-" "Mozilla/5.0 (Windows NT 10.0; Win64; x64; rv:81.0) Gecko/20100101 Firefox/81.0"
216.244.66.234 - - [18/Apr/2025:17:14:51 -0400] "GET /robots.txt HTTP/1.1" 304 0 "-" "Mozilla/5.0 (compatible; DotBot/1.2; +https://opensiteexplorer.org/dotbot; help@moz.com)"
40.77.167.45 - - [18/Apr/2025:17:17:43 -0400] "GET /what-is-merchandise HTTP/1.1" 404 6820 "-" "Mozilla/5.0 AppleWebKit/537.36 (KHTML, like Gecko; compatible; bingbot/2.0; +http://www.bing.com/bingbot.htm) Chrome/116.0.1938.76 Safari/537.36"
63.250.33.76 - - [18/Apr/2025:17:17:42 -0400] "POST /xmlrpc.php HTTP/1.1" 200 212 "-" "Mozilla/5.0 (Windows NT 10.0; Win64; x64; rv:82.0) Gecko/20100101 Firefox/82.0"
198.54.114.83 - - [18/Apr/2025:17:17:44 -0400] "POST /wp-cron.php?doing_wp_cron=1745011063.0874888896942138671875 HTTP/1.1" 200 0 "-" "WordPress/6.8; https://christianmantopoulos.com"
216.244.66.234 - - [18/Apr/2025:17:21:34 -0400] "GET /3-methodes-simples-pour-nettoyer-les-bijoux-en-argent/ HTTP/1.1" 200 11622 "-" "Mozilla/5.0 (compatible; DotBot/1.2; +https://opensiteexplorer.org/dotbot; help@moz.com)"
139.59.28.242 - - [18/Apr/2025:17:22:06 -0400] "GET /wp-admin/css/ HTTP/1.1" 403 1242 "binance.com" "Mozilla/5.0 (Windows NT 10.0; Win64; x64) AppleWebKit/537.36 (KHTML, like Gecko) Chrome/90.0.4430.85 Safari/537.36"
66.249.64.11 - - [18/Apr/2025:17:23:11 -0400] "GET /robots.txt HTTP/1.1" 200 118 "-" "Mozilla/5.0 (compatible; Googlebot/2.1; +http://www.google.com/bot.html)"
198.54.114.83 - - [18/Apr/2025:17:23:12 -0400] "POST /wp-cron.php?doing_wp_cron=1745011391.9412479400634765625000 HTTP/1.1" 200 0 "-" "WordPress/6.8; https://christianmantopoulos.com"
66.249.64.12 - - [18/Apr/2025:17:23:11 -0400] "GET /Platform-Composite-Crank-Brothers-Candy/Pedals-146071/ HTTP/1.1" 404 6820 "-" "Mozilla/5.0 (Linux; Android 6.0.1; Nexus 5X Build/MMB29P) AppleWebKit/537.36 (KHTML, like Gecko) Chrome/135.0.7049.95 Mobile Safari/537.36 (compatible; GoogleOther)"
66.249.64.12 - - [18/Apr/2025:17:23:58 -0400] "GET /Platform-Composite-Crank-Brothers-Candy/Pedals-146071/ HTTP/1.1" 404 6820 "-" "Mozilla/5.0 (Linux; Android 6.0.1; Nexus 5X Build/MMB29P) AppleWebKit/537.36 (KHTML, like Gecko) Chrome/135.0.7049.95 Mobile Safari/537.36 (compatible; Googlebot/2.1; +http://www.google.com/bot.html)"
198.54.114.83 - - [18/Apr/2025:17:31:12 -0400] "POST /wp-cron.php?doing_wp_cron=1745011871.7854440212249755859375 HTTP/1.1" 200 0 "-" "WordPress/6.8; https://christianmantopoulos.com"
207.46.13.83 - - [18/Apr/2025:17:31:08 -0400] "GET /women-menu/make.html HTTP/1.1" 404 6820 "-" "Mozilla/5.0 AppleWebKit/537.36 (KHTML, like Gecko; compatible; bingbot/2.0; +http://www.bing.com/bingbot.htm) Chrome/116.0.1938.76 Safari/537.36"
2a0a:4cc0:80:2308:e46d:f7ff:fe1f:9729 - - [18/Apr/2025:17:34:07 -0400] "POST /xmlrpc.php HTTP/1.1" 200 212 "-" "Mozilla/5.0 (Windows NT 10.0; Win64; x64; rv:66.0) Gecko/20100101 Firefox/66.0"
109.172.115.12 - - [18/Apr/2025:17:51:41 -0400] "POST /xmlrpc.php HTTP/1.1" 200 212 "-" "Mozilla/5.0 (Windows NT 10.0; Win64; x64; rv:87.0) Gecko/20100101 Firefox/87.0"
198.54.114.83 - - [18/Apr/2025:18:01:52 -0400] "POST /wp-cron.php?doing_wp_cron=1745013712.0077700614929199218750 HTTP/1.1" 200 0 "-" "WordPress/6.8; https://christianmantopoulos.com"
66.249.64.11 - - [18/Apr/2025:18:01:51 -0400] "GET /Hat-Pittsburgh-Steelers-&039;-Brand/FootballNFL-809712/ HTTP/1.1" 404 6820 "-" "Mozilla/5.0 (Linux; Android 6.0.1; Nexus 5X Build/MMB29P) AppleWebKit/537.36 (KHTML, like Gecko) Chrome/135.0.7049.95 Mobile Safari/537.36 (compatible; GoogleOther)"
198.54.114.83 - - [18/Apr/2025:18:02:37 -0400] "POST /wp-cron.php?doing_wp_cron=1745013756.5276300907135009765625 HTTP/1.1" 200 0 "-" "WordPress/6.8; https://christianmantopoulos.com"
190.92.244.29 - - [18/Apr/2025:18:02:36 -0400] "GET /how-to-become-a-digital-creator-on-facebook HTTP/1.1" 301 0 "http://christianmantopoulos.com/how-to-become-a-digital-creator-on-facebook" "Mozilla/5.0 (Windows NT 10.0; Win64; x64) AppleWebKit/537.36 (KHTML, like Gecko) Chrome/101.0.4951.67 Safari/537.36"
66.249.64.11 - - [18/Apr/2025:18:02:40 -0400] "GET /Hat-Pittsburgh-Steelers-&039;-Brand/FootballNFL-809712/ HTTP/1.1" 404 6820 "-" "Mozilla/5.0 (Linux; Android 6.0.1; Nexus 5X Build/MMB29P) AppleWebKit/537.36 (KHTML, like Gecko) Chrome/135.0.7049.95 Mobile Safari/537.36 (compatible; Googlebot/2.1; +http://www.google.com/bot.html)"
190.92.244.29 - - [18/Apr/2025:18:02:43 -0400] "GET /how-to-become-a-digital-creator-on-facebook/ HTTP/1.1" 200 14438 "-" "Mozilla/5.0 (Windows NT 10.0; Win64; x64) AppleWebKit/537.36 (KHTML, like Gecko) Chrome/101.0.4951.67 Safari/537.36"
193.70.45.71 - - [18/Apr/2025:18:07:22 -0400] "POST /xmlrpc.php HTTP/1.1" 200 212 "-" "Mozilla/5.0 (Windows NT 10.0; Win64; x64; rv:43.0) Gecko/20100101 Firefox/43.0"
198.54.114.83 - - [18/Apr/2025:18:07:24 -0400] "POST /wp-cron.php?doing_wp_cron=1745014043.0260829925537109375000 HTTP/1.1" 200 0 "-" "WordPress/6.8; https://christianmantopoulos.com"
196.251.88.242 - - [18/Apr/2025:18:08:34 -0400] "POST /ss.php HTTP/1.1" 404 6771 "-" "python-requests/2.27.1"
198.54.114.83 - - [18/Apr/2025:18:08:37 -0400] "POST /wp-cron.php?doing_wp_cron=1745014114.5476920604705810546875 HTTP/1.1" 200 0 "-" "WordPress/6.8; https://christianmantopoulos.com"
216.244.66.234 - - [18/Apr/2025:18:12:52 -0400] "GET /robots.txt HTTP/1.1" 304 0 "-" "Mozilla/5.0 (compatible; DotBot/1.2; +https://opensiteexplorer.org/dotbot; help@moz.com)"
216.244.66.234 - - [18/Apr/2025:18:20:14 -0400] "GET /page/56/ HTTP/1.1" 200 10163 "-" "Mozilla/5.0 (compatible; DotBot/1.2; +https://opensiteexplorer.org/dotbot; help@moz.com)"
198.54.114.83 - - [18/Apr/2025:18:20:20 -0400] "POST /wp-cron.php?doing_wp_cron=1745014818.4693250656127929687500 HTTP/1.1" 200 0 "-" "WordPress/6.8; https://christianmantopoulos.com"
2001:41d0:2:c206:: - - [18/Apr/2025:18:26:17 -0400] "POST /xmlrpc.php HTTP/1.1" 200 212 "-" "Mozilla/5.0 (Windows NT 10.0; Win64; x64; rv:75.0) Gecko/20100101 Firefox/75.0"
198.54.114.83 - - [18/Apr/2025:18:31:55 -0400] "POST /wp-cron.php?doing_wp_cron=1745015514.8718919754028320312500 HTTP/1.1" 200 0 "-" "WordPress/6.8; https://christianmantopoulos.com"
66.249.64.11 - - [18/Apr/2025:18:31:54 -0400] "GET /Steel-Cable-Combo-Lock-Gun-Lock/Gun-Locks-480222/ HTTP/1.1" 404 6820 "-" "Mozilla/5.0 (Linux; Android 6.0.1; Nexus 5X Build/MMB29P) AppleWebKit/537.36 (KHTML, like Gecko) Chrome/135.0.7049.95 Mobile Safari/537.36 (compatible; GoogleOther)"
66.249.64.13 - - [18/Apr/2025:18:32:18 -0400] "GET /Steel-Cable-Combo-Lock-Gun-Lock/Gun-Locks-480222/ HTTP/1.1" 404 6820 "-" "Mozilla/5.0 (Linux; Android 6.0.1; Nexus 5X Build/MMB29P) AppleWebKit/537.36 (KHTML, like Gecko) Chrome/135.0.7049.95 Mobile Safari/537.36 (compatible; Googlebot/2.1; +http://www.google.com/bot.html)"
198.54.114.83 - - [18/Apr/2025:18:39:47 -0400] "POST /wp-cron.php?doing_wp_cron=1745015986.9231069087982177734375 HTTP/1.1" 200 0 "-" "WordPress/6.8; https://christianmantopoulos.com"
66.249.64.13 - - [18/Apr/2025:18:39:46 -0400] "GET /GERMAN-SILVER-TRIM-C-UHILASON-BRUSHED/Spurs-686911/ HTTP/1.1" 404 6821 "-" "Mozilla/5.0 (Linux; Android 6.0.1; Nexus 5X Build/MMB29P) AppleWebKit/537.36 (KHTML, like Gecko) Chrome/135.0.7049.95 Mobile Safari/537.36 (compatible; Googlebot/2.1; +http://www.google.com/bot.html)"
66.249.64.13 - - [18/Apr/2025:18:40:11 -0400] "GET /GERMAN-SILVER-TRIM-C-UHILASON-BRUSHED/Spurs-686911/ HTTP/1.1" 404 6821 "-" "Mozilla/5.0 (Linux; Android 6.0.1; Nexus 5X Build/MMB29P) AppleWebKit/537.36 (KHTML, like Gecko) Chrome/135.0.7049.95 Mobile Safari/537.36 (compatible; GoogleOther)"
13.200.215.255 - - [18/Apr/2025:18:40:35 -0400] "GET / HTTP/1.1" 200 97713 "-" "Mozilla/5.0 (Windows NT 10.0; Win64; x64) AppleWebKit/537.36 (KHTML, like Gecko) Chrome/89.0.4389.114 Safari/537.36"
13.200.215.255 - - [18/Apr/2025:18:40:38 -0400] "GET / HTTP/1.1" 200 97713 "-" "Mozilla/5.0 (Windows NT 10.0; Win64; x64) AppleWebKit/537.36 (KHTML, like Gecko) Chrome/89.0.4389.114 Safari/537.36"
13.200.215.255 - - [18/Apr/2025:18:40:42 -0400] "GET /wp-includes/wlwmanifest.xml HTTP/1.1" 404 6820 "-" "Mozilla/5.0 (Windows NT 10.0; Win64; x64) AppleWebKit/537.36 (KHTML, like Gecko) Chrome/89.0.4389.114 Safari/537.36"
198.54.114.83 - - [18/Apr/2025:18:40:46 -0400] "POST /wp-cron.php?doing_wp_cron=1745016042.7108130455017089843750 HTTP/1.1" 200 0 "-" "WordPress/6.8; https://christianmantopoulos.com"
13.200.215.255 - - [18/Apr/2025:18:40:46 -0400] "GET /?author=1 HTTP/1.1" 200 97713 "-" "Mozilla/5.0 (Windows NT 10.0; Win64; x64) AppleWebKit/537.36 (KHTML, like Gecko) Chrome/89.0.4389.114 Safari/537.36"
13.200.215.255 - - [18/Apr/2025:18:40:50 -0400] "GET /?author=2 HTTP/1.1" 200 97713 "-" "Mozilla/5.0 (Windows NT 10.0; Win64; x64) AppleWebKit/537.36 (KHTML, like Gecko) Chrome/89.0.4389.114 Safari/537.36"
13.200.215.255 - - [18/Apr/2025:18:40:54 -0400] "GET /?author=3 HTTP/1.1" 200 97713 "-" "Mozilla/5.0 (Windows NT 10.0; Win64; x64) AppleWebKit/537.36 (KHTML, like Gecko) Chrome/89.0.4389.114 Safari/537.36"
13.200.215.255 - - [18/Apr/2025:18:40:57 -0400] "GET /wp-json/wp/v2/users/ HTTP/1.1" 200 1512 "-" "Mozilla/5.0 (Windows NT 10.0; Win64; x64) AppleWebKit/537.36 (KHTML, like Gecko) Chrome/89.0.4389.114 Safari/537.36"
13.200.215.255 - - [18/Apr/2025:18:41:02 -0400] "POST /xmlrpc.php HTTP/1.1" 200 236 "-" "Mozilla/5.0 (Windows NT 10.0; Win64; x64) AppleWebKit/537.36 (KHTML, like Gecko) Chrome/89.0.4389.114 Safari/537.36"
13.200.215.255 - - [18/Apr/2025:18:41:05 -0400] "POST /xmlrpc.php HTTP/1.1" 200 236 "-" "Mozilla/5.0 (Windows NT 10.0; Win64; x64) AppleWebKit/537.36 (KHTML, like Gecko) Chrome/89.0.4389.114 Safari/537.36"
13.200.215.255 - - [18/Apr/2025:18:41:07 -0400] "POST /xmlrpc.php HTTP/1.1" 200 236 "-" "Mozilla/5.0 (Windows NT 10.0; Win64; x64) AppleWebKit/537.36 (KHTML, like Gecko) Chrome/89.0.4389.114 Safari/537.36"
13.200.215.255 - - [18/Apr/2025:18:41:09 -0400] "POST /xmlrpc.php HTTP/1.1" 200 236 "-" "Mozilla/5.0 (Windows NT 10.0; Win64; x64) AppleWebKit/537.36 (KHTML, like Gecko) Chrome/89.0.4389.114 Safari/537.36"
13.200.215.255 - - [18/Apr/2025:18:41:10 -0400] "POST /xmlrpc.php HTTP/1.1" 200 236 "-" "Mozilla/5.0 (Windows NT 10.0; Win64; x64) AppleWebKit/537.36 (KHTML, like Gecko) Chrome/89.0.4389.114 Safari/537.36"
13.200.215.255 - - [18/Apr/2025:18:41:12 -0400] "POST /xmlrpc.php HTTP/1.1" 200 236 "-" "Mozilla/5.0 (Windows NT 10.0; Win64; x64) AppleWebKit/537.36 (KHTML, like Gecko) Chrome/89.0.4389.114 Safari/537.36"
198.54.114.83 - - [18/Apr/2025:18:41:39 -0400] "POST /wp-cron.php?doing_wp_cron=1745016098.4738309383392333984375 HTTP/1.1" 200 0 "-" "WordPress/6.8; https://christianmantopoulos.com"
195.7.7.75 - - [18/Apr/2025:18:41:38 -0400] "POST /xmlrpc.php HTTP/1.1" 200 212 "-" "Mozilla/5.0 (Windows NT 10.0; Win64; x64; rv:48.0) Gecko/20100101 Firefox/48.0"
2600:1f18:2251:7600:177:c54b:999a:1512 - - [18/Apr/2025:19:00:54 -0400] "POST /xmlrpc.php HTTP/1.1" 200 212 "-" "Mozilla/5.0 (Windows NT 10.0; Win64; x64; rv:48.0) Gecko/20100101 Firefox/48.0"
66.249.64.1 - - [18/Apr/2025:19:12:10 -0400] "GET /Leeda-Rover-Bag-Traditional/Tackle-Boxes-&-Bags-338046/ HTTP/1.1" 404 6820 "-" "Mozilla/5.0 (Linux; Android 6.0.1; Nexus 5X Build/MMB29P) AppleWebKit/537.36 (KHTML, like Gecko) Chrome/135.0.7049.95 Mobile Safari/537.36 (compatible; GoogleOther)"
66.249.64.1 - - [18/Apr/2025:19:12:34 -0400] "GET /Leeda-Rover-Bag-Traditional/Tackle-Boxes-&-Bags-338046/ HTTP/1.1" 404 6820 "-" "Mozilla/5.0 (Linux; Android 6.0.1; Nexus 5X Build/MMB29P) AppleWebKit/537.36 (KHTML, like Gecko) Chrome/135.0.7049.95 Mobile Safari/537.36 (compatible; Googlebot/2.1; +http://www.google.com/bot.html)"
85.203.15.193 - - [18/Apr/2025:19:16:31 -0400] "GET / HTTP/1.1" 200 97713 "-" "Mozilla/5.0 (Windows NT 10.0; Win64; x64) AppleWebKit/537.36 (KHTML, like Gecko) Chrome/79.0 Safari/537.36"
85.203.15.193 - - [18/Apr/2025:19:16:32 -0400] "GET / HTTP/1.1" 200 97713 "-" "Mozilla/5.0 (Windows NT 10.0; Win64; x64) AppleWebKit/537.36 (KHTML, like Gecko) Chrome/79.0 Safari/537.36"
85.203.15.193 - - [18/Apr/2025:19:16:34 -0400] "GET /wp-includes/wlwmanifest.xml HTTP/1.1" 404 6820 "-" "Mozilla/5.0 (Windows NT 10.0; Win64; x64) AppleWebKit/537.36 (KHTML, like Gecko) Chrome/79.0 Safari/537.36"
85.203.15.193 - - [18/Apr/2025:19:16:35 -0400] "GET /?author=1 HTTP/1.1" 200 97713 "-" "Mozilla/5.0 (Windows NT 10.0; Win64; x64) AppleWebKit/537.36 (KHTML, like Gecko) Chrome/79.0 Safari/537.36"
85.203.15.193 - - [18/Apr/2025:19:16:36 -0400] "GET /?author=2 HTTP/1.1" 200 97713 "-" "Mozilla/5.0 (Windows NT 10.0; Win64; x64) AppleWebKit/537.36 (KHTML, like Gecko) Chrome/79.0 Safari/537.36"
85.203.15.193 - - [18/Apr/2025:19:16:37 -0400] "GET /wp-json/wp/v2/users/ HTTP/1.1" 200 1512 "-" "Mozilla/5.0 (Windows NT 10.0; Win64; x64) AppleWebKit/537.36 (KHTML, like Gecko) Chrome/79.0 Safari/537.36"
198.54.114.83 - - [18/Apr/2025:19:16:47 -0400] "POST /wp-cron.php?doing_wp_cron=1745018204.8584520816802978515625 HTTP/1.1" 200 0 "-" "WordPress/6.8; https://christianmantopoulos.com"
85.203.15.193 - - [18/Apr/2025:19:16:44 -0400] "POST /xmlrpc.php HTTP/1.1" 200 236 "-" "Mozilla/5.0 (Windows NT 10.0; Win64; x64) AppleWebKit/537.36 (KHTML, like Gecko) Chrome/79.0 Safari/537.36"
85.203.15.87 - - [18/Apr/2025:19:16:53 -0400] "GET / HTTP/1.1" 200 97713 "-" "Mozilla/5.0 (Windows NT 10.0; Win64; x64) AppleWebKit/537.36 (KHTML, like Gecko) Chrome/79.0 Safari/537.36"
85.203.15.193 - - [18/Apr/2025:19:16:48 -0400] "POST /xmlrpc.php HTTP/1.1" 200 236 "-" "Mozilla/5.0 (Windows NT 10.0; Win64; x64) AppleWebKit/537.36 (KHTML, like Gecko) Chrome/79.0 Safari/537.36"
85.203.15.87 - - [18/Apr/2025:19:16:55 -0400] "GET / HTTP/1.1" 200 97713 "-" "Mozilla/5.0 (Windows NT 10.0; Win64; x64) AppleWebKit/537.36 (KHTML, like Gecko) Chrome/79.0 Safari/537.36"
85.203.15.193 - - [18/Apr/2025:19:16:54 -0400] "POST /xmlrpc.php HTTP/1.1" 200 236 "-" "Mozilla/5.0 (Windows NT 10.0; Win64; x64) AppleWebKit/537.36 (KHTML, like Gecko) Chrome/79.0 Safari/537.36"
85.203.15.87 - - [18/Apr/2025:19:16:57 -0400] "GET /wp-includes/wlwmanifest.xml HTTP/1.1" 404 6820 "-" "Mozilla/5.0 (Windows NT 10.0; Win64; x64) AppleWebKit/537.36 (KHTML, like Gecko) Chrome/79.0 Safari/537.36"
85.203.15.193 - - [18/Apr/2025:19:16:57 -0400] "POST /xmlrpc.php HTTP/1.1" 200 236 "-" "Mozilla/5.0 (Windows NT 10.0; Win64; x64) AppleWebKit/537.36 (KHTML, like Gecko) Chrome/79.0 Safari/537.36"
85.203.15.87 - - [18/Apr/2025:19:16:58 -0400] "GET /?author=1 HTTP/1.1" 200 97713 "-" "Mozilla/5.0 (Windows NT 10.0; Win64; x64) AppleWebKit/537.36 (KHTML, like Gecko) Chrome/79.0 Safari/537.36"
85.203.15.193 - - [18/Apr/2025:19:16:59 -0400] "POST /xmlrpc.php HTTP/1.1" 200 236 "-" "Mozilla/5.0 (Windows NT 10.0; Win64; x64) AppleWebKit/537.36 (KHTML, like Gecko) Chrome/79.0 Safari/537.36"
85.203.15.87 - - [18/Apr/2025:19:17:00 -0400] "GET /?author=2 HTTP/1.1" 200 97713 "-" "Mozilla/5.0 (Windows NT 10.0; Win64; x64) AppleWebKit/537.36 (KHTML, like Gecko) Chrome/79.0 Safari/537.36"
85.203.15.193 - - [18/Apr/2025:19:17:00 -0400] "POST /xmlrpc.php HTTP/1.1" 200 236 "-" "Mozilla/5.0 (Windows NT 10.0; Win64; x64) AppleWebKit/537.36 (KHTML, like Gecko) Chrome/79.0 Safari/537.36"
85.203.15.87 - - [18/Apr/2025:19:17:02 -0400] "GET /wp-json/wp/v2/users/ HTTP/1.1" 200 1512 "-" "Mozilla/5.0 (Windows NT 10.0; Win64; x64) AppleWebKit/537.36 (KHTML, like Gecko) Chrome/79.0 Safari/537.36"
85.203.15.87 - - [18/Apr/2025:19:17:03 -0400] "POST /xmlrpc.php HTTP/1.1" 200 236 "-" "Mozilla/5.0 (Windows NT 10.0; Win64; x64) AppleWebKit/537.36 (KHTML, like Gecko) Chrome/79.0 Safari/537.36"
85.203.15.87 - - [18/Apr/2025:19:17:03 -0400] "POST /xmlrpc.php HTTP/1.1" 200 236 "-" "Mozilla/5.0 (Windows NT 10.0; Win64; x64) AppleWebKit/537.36 (KHTML, like Gecko) Chrome/79.0 Safari/537.36"
85.203.15.87 - - [18/Apr/2025:19:17:03 -0400] "POST /xmlrpc.php HTTP/1.1" 200 236 "-" "Mozilla/5.0 (Windows NT 10.0; Win64; x64) AppleWebKit/537.36 (KHTML, like Gecko) Chrome/79.0 Safari/537.36"
85.203.15.87 - - [18/Apr/2025:19:17:04 -0400] "POST /xmlrpc.php HTTP/1.1" 200 236 "-" "Mozilla/5.0 (Windows NT 10.0; Win64; x64) AppleWebKit/537.36 (KHTML, like Gecko) Chrome/79.0 Safari/537.36"
85.203.15.87 - - [18/Apr/2025:19:17:05 -0400] "POST /xmlrpc.php HTTP/1.1" 200 236 "-" "Mozilla/5.0 (Windows NT 10.0; Win64; x64) AppleWebKit/537.36 (KHTML, like Gecko) Chrome/79.0 Safari/537.36"
85.203.15.87 - - [18/Apr/2025:19:17:06 -0400] "POST /xmlrpc.php HTTP/1.1" 200 236 "-" "Mozilla/5.0 (Windows NT 10.0; Win64; x64) AppleWebKit/537.36 (KHTML, like Gecko) Chrome/79.0 Safari/537.36"
198.54.114.83 - - [18/Apr/2025:19:17:46 -0400] "POST /wp-cron.php?doing_wp_cron=1745018266.3601360321044921875000 HTTP/1.1" 200 0 "-" "WordPress/6.8; https://christianmantopoulos.com"
2a01:238:421b:3100:3774:489e:309a:3e23 - - [18/Apr/2025:19:17:45 -0400] "POST /xmlrpc.php HTTP/1.1" 200 212 "-" "Mozilla/5.0 (Windows NT 10.0; Win64; x64; rv:45.0) Gecko/20100101 Firefox/45.0"
194.38.23.16 - - [18/Apr/2025:19:31:29 -0400] "GET /sites/all/modules/elfinder/connectors/php/connector.php HTTP/1.1" 404 6820 "-" "ALittle Client"
198.54.114.83 - - [18/Apr/2025:19:31:34 -0400] "POST /wp-cron.php?doing_wp_cron=1745019092.4687390327453613281250 HTTP/1.1" 200 0 "-" "WordPress/6.8; https://christianmantopoulos.com"
57.129.140.183 - - [18/Apr/2025:19:35:06 -0400] "POST /xmlrpc.php HTTP/1.1" 200 212 "-" "Mozilla/5.0 (Windows NT 10.0; Win64; x64; rv:42.0) Gecko/20100101 Firefox/42.0"
175.138.194.206 - - [18/Apr/2025:19:51:43 -0400] "POST /xmlrpc.php HTTP/1.1" 200 212 "-" "Mozilla/5.0 (Windows NT 10.0; Win64; x64; rv:99.0) Gecko/20100101 Firefox/99.0"
37.204.198.132 - - [18/Apr/2025:20:05:32 -0400] "GET /.env HTTP/1.1" 404 6820 "-" "Mozilla/5.0 (Macintosh; Intel Mac OS X 10.15; rv:77.0) Gecko/20100101 Firefox/77.0"
2607:5300:60:370a::1 - - [18/Apr/2025:20:08:00 -0400] "POST /xmlrpc.php HTTP/1.1" 200 212 "-" "Mozilla/5.0 (Windows NT 10.0; Win64; x64; rv:97.0) Gecko/20100101 Firefox/97.0"
216.244.66.234 - - [18/Apr/2025:20:24:41 -0400] "GET /robots.txt HTTP/1.1" 304 0 "-" "Mozilla/5.0 (compatible; DotBot/1.2; +https://opensiteexplorer.org/dotbot; help@moz.com)"
198.54.114.83 - - [18/Apr/2025:20:27:13 -0400] "POST /wp-cron.php?doing_wp_cron=1745022432.9038150310516357421875 HTTP/1.1" 200 0 "-" "WordPress/6.8; https://christianmantopoulos.com"
157.230.238.63 - - [18/Apr/2025:20:27:12 -0400] "POST /xmlrpc.php HTTP/1.1" 200 212 "-" "Mozilla/5.0 (Windows NT 10.0; Win64; x64; rv:75.0) Gecko/20100101 Firefox/75.0"
196.251.71.79 - - [18/Apr/2025:20:28:22 -0400] "GET / HTTP/1.1" 200 97713 "-" "-"
198.54.114.83 - - [18/Apr/2025:20:30:20 -0400] "POST /wp-cron.php?doing_wp_cron=1745022619.1981570720672607421875 HTTP/1.1" 200 0 "-" "WordPress/6.8; https://christianmantopoulos.com"
216.244.66.234 - - [18/Apr/2025:20:30:15 -0400] "GET /beyond-llms-here-s-why-small-language-models-are/ HTTP/1.1" 200 151314 "-" "Mozilla/5.0 (compatible; DotBot/1.2; +https://opensiteexplorer.org/dotbot; help@moz.com)"
212.56.46.200 - - [18/Apr/2025:20:42:16 -0400] "POST /xmlrpc.php HTTP/1.1" 200 212 "-" "Mozilla/5.0 (Windows NT 10.0; Win64; x64; rv:59.0) Gecko/20100101 Firefox/59.0"
198.54.114.83 - - [18/Apr/2025:20:48:00 -0400] "POST /wp-cron.php?doing_wp_cron=1745023679.6798129081726074218750 HTTP/1.1" 200 0 "-" "WordPress/6.8; https://christianmantopoulos.com"
40.69.220.86 - - [18/Apr/2025:20:47:59 -0400] "GET /xleetshell.php HTTP/1.1" 404 6820 "-" "-"
40.69.220.86 - - [18/Apr/2025:20:48:02 -0400] "GET /wp-admin/includes/xleet-shell.php HTTP/1.1" 404 6820 "-" "-"
40.69.220.86 - - [18/Apr/2025:20:48:04 -0400] "GET /wp-content/plugins/content-management/content.php HTTP/1.1" 404 6821 "-" "-"
40.69.220.86 - - [18/Apr/2025:20:48:04 -0400] "GET /xlt.php HTTP/1.1" 404 6820 "-" "-"
40.69.220.86 - - [18/Apr/2025:20:48:06 -0400] "GET /wp-content/plugins/xt/index.php HTTP/1.1" 301 0 "-" "-"
40.69.220.86 - - [18/Apr/2025:20:48:07 -0400] "GET /wp-content/plugins/xt/ HTTP/1.1" 404 6820 "-" "-"
40.69.220.86 - - [18/Apr/2025:20:48:09 -0400] "GET /wp-content/xleet.php HTTP/1.1" 404 6820 "-" "-"
40.69.220.86 - - [18/Apr/2025:20:48:10 -0400] "GET /wp-admin/xleet-shell.php HTTP/1.1" 404 6820 "-" "-"
40.69.220.86 - - [18/Apr/2025:20:48:11 -0400] "GET /wp-content/plugins/yyobang/mar.php HTTP/1.1" 404 6820 "-" "-"
40.69.220.86 - - [18/Apr/2025:20:48:14 -0400] "GET /simple.php HTTP/1.1" 404 6820 "-" "-"
40.69.220.86 - - [18/Apr/2025:20:48:15 -0400] "GET /class.api.php HTTP/1.1" 404 6820 "-" "-"
40.69.220.86 - - [18/Apr/2025:20:48:16 -0400] "GET /wp-content/plugins/core/include.php HTTP/1.1" 404 6820 "-" "-"
40.69.220.86 - - [18/Apr/2025:20:48:18 -0400] "GET /ws.php HTTP/1.1" 404 6820 "-" "-"
40.69.220.86 - - [18/Apr/2025:20:48:19 -0400] "GET /404.php HTTP/1.1" 404 6820 "-" "-"
40.69.220.86 - - [18/Apr/2025:20:48:21 -0400] "GET /wp.php HTTP/1.1" 404 6820 "-" "-"
198.54.114.83 - - [18/Apr/2025:20:48:23 -0400] "POST /wp-cron.php?doing_wp_cron=1745023703.2541160583496093750000 HTTP/1.1" 200 0 "-" "WordPress/6.8; https://christianmantopoulos.com"
40.69.220.86 - - [18/Apr/2025:20:48:22 -0400] "GET /wp-head.php HTTP/1.1" 404 6820 "-" "-"
40.69.220.86 - - [18/Apr/2025:20:48:24 -0400] "GET /wp-includes/wp-class.php HTTP/1.1" 404 6820 "-" "-"
40.69.220.86 - - [18/Apr/2025:20:48:25 -0400] "GET /wp-content/themes/twenty/twenty.php HTTP/1.1" 404 6821 "-" "-"
40.69.220.86 - - [18/Apr/2025:20:48:26 -0400] "GET /wp-content/plugins/press/wp-class.php HTTP/1.1" 404 6821 "-" "-"
40.69.220.86 - - [18/Apr/2025:20:48:27 -0400] "GET /fm1.php HTTP/1.1" 404 6821 "-" "-"
40.69.220.86 - - [18/Apr/2025:20:48:28 -0400] "GET /alfadheat.php HTTP/1.1" 404 6821 "-" "-"
40.69.220.86 - - [18/Apr/2025:20:48:28 -0400] "GET /M1.php HTTP/1.1" 404 6821 "-" "-"
40.69.220.86 - - [18/Apr/2025:20:48:29 -0400] "GET /admin.php HTTP/1.1" 404 6821 "-" "-"
40.69.220.86 - - [18/Apr/2025:20:48:30 -0400] "GET /wp-admin/images/admin.php HTTP/1.1" 404 6820 "-" "-"
40.69.220.86 - - [18/Apr/2025:20:48:31 -0400] "GET /alfanew.php7 HTTP/1.1" 404 6820 "-" "-"
40.69.220.86 - - [18/Apr/2025:20:48:32 -0400] "GET /.well-known/wso112233.php HTTP/1.1" 404 6820 "-" "-"
40.69.220.86 - - [18/Apr/2025:20:48:32 -0400] "GET /about.php HTTP/1.1" 404 6820 "-" "-"
40.69.220.86 - - [18/Apr/2025:20:48:33 -0400] "GET /wp-content/shell20211028.php HTTP/1.1" 404 6820 "-" "-"
40.69.220.86 - - [18/Apr/2025:20:48:33 -0400] "GET /repeater.php HTTP/1.1" 404 6820 "-" "-"
40.69.220.86 - - [18/Apr/2025:20:48:34 -0400] "GET /wp-content/themes/finley/min.php HTTP/1.1" 404 6820 "-" "-"
40.69.220.86 - - [18/Apr/2025:20:48:35 -0400] "GET /wso112233.php HTTP/1.1" 404 6820 "-" "-"
40.69.220.86 - - [18/Apr/2025:20:48:36 -0400] "GET /dropdown.php HTTP/1.1" 404 6820 "-" "-"
40.69.220.86 - - [18/Apr/2025:20:48:36 -0400] "GET /wp-admin/dropdown.php HTTP/1.1" 404 6821 "-" "-"
40.69.220.86 - - [18/Apr/2025:20:48:37 -0400] "GET /shell20211028.php HTTP/1.1" 404 6821 "-" "-"
40.69.220.86 - - [18/Apr/2025:20:48:38 -0400] "GET /wp-content/plugins/Cache/Cache.php HTTP/1.1" 404 6821 "-" "-"
40.69.220.86 - - [18/Apr/2025:20:48:38 -0400] "GET /wp-includes/IXR/themes.php HTTP/1.1" 404 6821 "-" "-"
40.69.220.86 - - [18/Apr/2025:20:48:40 -0400] "GET /.well-known/pki-validation/about.php HTTP/1.1" 404 1251 "-" "-"
40.69.220.86 - - [18/Apr/2025:20:48:40 -0400] "GET /wp-header.php HTTP/1.1" 404 6820 "-" "-"
40.69.220.86 - - [18/Apr/2025:20:48:42 -0400] "GET /alfanew.php HTTP/1.1" 404 6820 "-" "-"
40.69.220.86 - - [18/Apr/2025:20:48:43 -0400] "GET /wp-includes/ID3/about.php HTTP/1.1" 404 6820 "-" "-"
40.69.220.86 - - [18/Apr/2025:20:48:44 -0400] "GET /wp-2019.php HTTP/1.1" 404 6820 "-" "-"
40.69.220.86 - - [18/Apr/2025:20:48:45 -0400] "GET /autoload_classmap.php HTTP/1.1" 404 6820 "-" "-"
40.69.220.86 - - [18/Apr/2025:20:48:46 -0400] "GET /wp-includes/ID3/wp-login.php HTTP/1.1" 404 6820 "-" "-"
40.69.220.86 - - [18/Apr/2025:20:48:48 -0400] "GET /wp-includes/SimplePie/plugins.php HTTP/1.1" 404 6821 "-" "-"
40.69.220.86 - - [18/Apr/2025:20:48:49 -0400] "GET /wp-content/plugins/alfa-rex.php HTTP/1.1" 404 6820 "-" "-"
40.69.220.86 - - [18/Apr/2025:20:48:50 -0400] "GET /wp-content/plugins/about.php HTTP/1.1" 404 6820 "-" "-"
40.69.220.86 - - [18/Apr/2025:20:48:51 -0400] "GET /wp-content/themes/about.php HTTP/1.1" 404 6820 "-" "-"
40.69.220.86 - - [18/Apr/2025:20:48:53 -0400] "GET /ioxi002.PhP7 HTTP/1.1" 404 6820 "-" "-"
40.69.220.86 - - [18/Apr/2025:20:48:54 -0400] "GET /ynz.PhP7 HTTP/1.1" 404 6820 "-" "-"
40.69.220.86 - - [18/Apr/2025:20:48:55 -0400] "GET /themes.php HTTP/1.1" 404 6820 "-" "-"
40.69.220.86 - - [18/Apr/2025:20:48:56 -0400] "GET /erin1.PhP7 HTTP/1.1" 404 6820 "-" "-"
40.69.220.86 - - [18/Apr/2025:20:48:57 -0400] "GET /fosil.php HTTP/1.1" 404 6821 "-" "-"
40.69.220.86 - - [18/Apr/2025:20:48:58 -0400] "GET /ws.php.php HTTP/1.1" 404 6821 "-" "-"
40.69.220.86 - - [18/Apr/2025:20:48:59 -0400] "GET /wp-admin/user/wp-login.php HTTP/1.1" 404 6821 "-" "-"
40.69.220.86 - - [18/Apr/2025:20:49:00 -0400] "GET /wp-includes/images/wp-login.php HTTP/1.1" 404 6821 "-" "-"
40.69.220.86 - - [18/Apr/2025:20:49:01 -0400] "GET /.well-known/pki-validation/wp-login.php HTTP/1.1" 404 1251 "-" "-"
40.69.220.86 - - [18/Apr/2025:20:49:01 -0400] "GET /wp-admin/wp-login.php HTTP/1.1" 404 6820 "-" "-"
40.69.220.86 - - [18/Apr/2025:20:49:03 -0400] "GET /wp-includes/wp-login.php HTTP/1.1" 404 6820 "-" "-"
40.69.220.86 - - [18/Apr/2025:20:49:03 -0400] "GET /cgi-bin/wp-login.php HTTP/1.1" 500 114 "-" "-"
40.69.220.86 - - [18/Apr/2025:20:49:04 -0400] "GET /.wp-cli/wp-login.php HTTP/1.1" 404 6821 "-" "-"
40.69.220.86 - - [18/Apr/2025:20:49:05 -0400] "GET /wp-content/uploads/wp-login.php HTTP/1.1" 404 6820 "-" "-"
40.69.220.86 - - [18/Apr/2025:20:49:06 -0400] "GET /xleet.php HTTP/1.1" 404 6820 "-" "-"
40.69.220.86 - - [18/Apr/2025:20:49:06 -0400] "GET /xl2023.php HTTP/1.1" 404 6820 "-" "-"
40.69.220.86 - - [18/Apr/2025:20:49:07 -0400] "GET /xxl.php HTTP/1.1" 404 6820 "-" "-"
40.69.220.86 - - [18/Apr/2025:20:49:08 -0400] "GET /x.php HTTP/1.1" 404 6820 "-" "-"
40.69.220.86 - - [18/Apr/2025:20:49:08 -0400] "GET /xl.php HTTP/1.1" 404 6820 "-" "-"
40.69.220.86 - - [18/Apr/2025:20:49:09 -0400] "GET /wp-admin/xl2023.php HTTP/1.1" 404 6820 "-" "-"
40.69.220.86 - - [18/Apr/2025:20:49:10 -0400] "GET /wp-includes/xl2023.php HTTP/1.1" 404 6820 "-" "-"
40.69.220.86 - - [18/Apr/2025:20:49:10 -0400] "GET /.well-known/acme-challenge/iR7SzrsOUEP.php HTTP/1.1" 404 6820 "-" "-"
40.69.220.86 - - [18/Apr/2025:20:49:11 -0400] "GET /.well-known/pki-validation/iR7SzrsOUEP.php HTTP/1.1" 404 1251 "-" "-"
40.69.220.86 - - [18/Apr/2025:20:49:11 -0400] "GET /.well-known/acme-challenge/xl2023.php HTTP/1.1" 404 6820 "-" "-"
40.69.220.86 - - [18/Apr/2025:20:49:12 -0400] "GET /.well-known/pki-validation/xl2023.php HTTP/1.1" 404 1251 "-" "-"
40.69.220.86 - - [18/Apr/2025:20:49:12 -0400] "GET /wp-admin/includes/iR7SzrsOUEP.php HTTP/1.1" 404 6820 "-" "-"
40.69.220.86 - - [18/Apr/2025:20:49:13 -0400] "GET /wp-admin/maint/iR7SzrsOUEP.php HTTP/1.1" 404 6820 "-" "-"
40.69.220.86 - - [18/Apr/2025:20:49:14 -0400] "GET /wp-content/upgrade/iR7SzrsOUEP.php HTTP/1.1" 404 6820 "-" "-"
40.69.220.86 - - [18/Apr/2025:20:49:14 -0400] "GET /images/iR7SzrsOUEP.php HTTP/1.1" 404 6820 "-" "-"
40.69.220.86 - - [18/Apr/2025:20:49:15 -0400] "GET /wp-admin/user/iR7SzrsOUEP.php HTTP/1.1" 404 6820 "-" "-"
40.69.220.86 - - [18/Apr/2025:20:49:15 -0400] "GET /wp-admin/js/widgets/iR7SzrsOUEP.php HTTP/1.1" 404 6820 "-" "-"
40.69.220.86 - - [18/Apr/2025:20:49:17 -0400] "GET /wp-admin/network/iR7SzrsOUEP.php HTTP/1.1" 404 6820 "-" "-"
40.69.220.86 - - [18/Apr/2025:20:49:18 -0400] "GET /wp-admin/images/iR7SzrsOUEP.php HTTP/1.1" 404 6820 "-" "-"
40.69.220.86 - - [18/Apr/2025:20:49:19 -0400] "GET /xleet-shell.php HTTP/1.1" 404 6820 "-" "-"
40.69.220.86 - - [18/Apr/2025:20:49:20 -0400] "GET /admin-heade.php HTTP/1.1" 404 6820 "-" "-"
198.54.114.83 - - [18/Apr/2025:20:49:22 -0400] "POST /wp-cron.php?doing_wp_cron=1745023762.0236260890960693359375 HTTP/1.1" 200 0 "-" "WordPress/6.8; https://christianmantopoulos.com"
40.69.220.86 - - [18/Apr/2025:20:49:21 -0400] "GET /cgi-bin/iR7SzrsOUEP.php HTTP/1.1" 404 6820 "-" "-"
40.69.220.86 - - [18/Apr/2025:20:49:24 -0400] "GET /wp-content/xl2023.php HTTP/1.1" 404 6820 "-" "-"
40.69.220.86 - - [18/Apr/2025:20:49:25 -0400] "GET /iR7SzrsOUEP.php HTTP/1.1" 404 6821 "-" "-"
40.69.220.86 - - [18/Apr/2025:20:49:26 -0400] "GET /wp-content/uploads/xl2023.php HTTP/1.1" 404 6820 "-" "-"
40.69.220.86 - - [18/Apr/2025:20:49:27 -0400] "GET /wp-content/plugins/ccx/index.php HTTP/1.1" 301 0 "-" "-"
40.69.220.86 - - [18/Apr/2025:20:49:27 -0400] "GET /wp-content/plugins/ccx/ HTTP/1.1" 404 6821 "-" "-"
40.69.220.86 - - [18/Apr/2025:20:49:28 -0400] "GET /ccx/index.php HTTP/1.1" 301 0 "-" "-"
40.69.220.86 - - [18/Apr/2025:20:49:29 -0400] "GET /ccx/ HTTP/1.1" 404 6821 "-" "-"
40.69.220.86 - - [18/Apr/2025:20:49:30 -0400] "GET /xt/index.php HTTP/1.1" 301 0 "-" "-"
40.69.220.86 - - [18/Apr/2025:20:49:30 -0400] "GET /xt/ HTTP/1.1" 404 6820 "-" "-"
40.69.220.86 - - [18/Apr/2025:20:49:32 -0400] "GET /sts.php HTTP/1.1" 404 6820 "-" "-"
40.69.220.86 - - [18/Apr/2025:20:49:33 -0400] "GET /wp-hoard.php HTTP/1.1" 404 6820 "-" "-"
40.69.220.86 - - [18/Apr/2025:20:49:33 -0400] "GET /wp-l0gin.php HTTP/1.1" 404 6820 "-" "-"
40.69.220.86 - - [18/Apr/2025:20:49:34 -0400] "GET /priv8.php HTTP/1.1" 404 6820 "-" "-"
40.69.220.86 - - [18/Apr/2025:20:49:35 -0400] "GET /wp-post-editor.php HTTP/1.1" 404 6820 "-" "-"
40.69.220.86 - - [18/Apr/2025:20:49:36 -0400] "GET /users.php HTTP/1.1" 404 6820 "-" "-"
40.69.220.86 - - [18/Apr/2025:20:49:36 -0400] "GET /classwithtostring.php HTTP/1.1" 404 6820 "-" "-"
40.69.220.86 - - [18/Apr/2025:20:49:36 -0400] "GET /radio.php HTTP/1.1" 404 6821 "-" "-"
40.69.220.86 - - [18/Apr/2025:20:49:37 -0400] "GET /cong.php HTTP/1.1" 404 6821 "-" "-"
40.69.220.86 - - [18/Apr/2025:20:49:38 -0400] "GET /options.php HTTP/1.1" 404 6821 "-" "-"
40.69.220.86 - - [18/Apr/2025:20:49:38 -0400] "GET /wp-content/index.php?x=ooo HTTP/1.1" 200 0 "-" "-"
40.69.220.86 - - [18/Apr/2025:20:49:39 -0400] "GET /wp-admin/options.php HTTP/1.1" 302 0 "-" "-"
40.69.220.86 - - [18/Apr/2025:20:49:40 -0400] "GET /wp-content/plugins/fix/up.php HTTP/1.1" 404 6820 "-" "-"
40.69.220.86 - - [18/Apr/2025:20:49:41 -0400] "GET /1index.php HTTP/1.1" 404 6820 "-" "-"
40.69.220.86 - - [18/Apr/2025:20:49:42 -0400] "GET /11index.php HTTP/1.1" 404 6820 "-" "-"
40.69.220.86 - - [18/Apr/2025:20:49:42 -0400] "GET /2index.php HTTP/1.1" 404 6820 "-" "-"
40.69.220.86 - - [18/Apr/2025:20:49:43 -0400] "GET /3index.php HTTP/1.1" 404 6820 "-" "-"
40.69.220.86 - - [18/Apr/2025:20:49:44 -0400] "GET /wp_wrong_datlib.php HTTP/1.1" 404 6820 "-" "-"
40.69.220.86 - - [18/Apr/2025:20:49:44 -0400] "GET /wp-adminincludesclass-wp-media-list-data.php HTTP/1.1" 404 6820 "-" "-"
40.69.220.86 - - [18/Apr/2025:20:49:44 -0400] "GET /wso.php HTTP/1.1" 404 6820 "-" "-"
40.69.220.86 - - [18/Apr/2025:20:49:45 -0400] "GET /doc.php HTTP/1.1" 404 6820 "-" "-"
40.69.220.86 - - [18/Apr/2025:20:49:45 -0400] "GET /stindex.php HTTP/1.1" 404 6820 "-" "-"
40.69.220.86 - - [18/Apr/2025:20:49:46 -0400] "GET /alwso.php HTTP/1.1" 404 6820 "-" "-"
40.69.220.86 - - [18/Apr/2025:20:49:46 -0400] "GET /ups.php HTTP/1.1" 404 6821 "-" "-"
40.69.220.86 - - [18/Apr/2025:20:49:47 -0400] "GET /media-admin.php HTTP/1.1" 404 6827 "-" "-"
40.69.220.86 - - [18/Apr/2025:20:49:47 -0400] "GET /sym.php HTTP/1.1" 404 6821 "-" "-"
40.69.220.86 - - [18/Apr/2025:20:49:48 -0400] "GET /sym403.php HTTP/1.1" 404 6821 "-" "-"
40.69.220.86 - - [18/Apr/2025:20:49:48 -0400] "GET /fw.php HTTP/1.1" 404 6821 "-" "-"
40.69.220.86 - - [18/Apr/2025:20:49:49 -0400] "GET /symlink.php HTTP/1.1" 404 6819 "-" "-"
40.69.220.86 - - [18/Apr/2025:20:49:49 -0400] "GET /shell.php HTTP/1.1" 404 6820 "-" "-"
40.69.220.86 - - [18/Apr/2025:20:49:50 -0400] "GET /1.php HTTP/1.1" 404 6820 "-" "-"
40.69.220.86 - - [18/Apr/2025:20:49:51 -0400] "GET /data.php HTTP/1.1" 404 6820 "-" "-"
40.69.220.86 - - [18/Apr/2025:20:49:51 -0400] "GET /wp-blog.php HTTP/1.1" 404 6820 "-" "-"
40.69.220.86 - - [18/Apr/2025:20:49:52 -0400] "GET /b.php HTTP/1.1" 404 6820 "-" "-"
40.69.220.86 - - [18/Apr/2025:20:49:53 -0400] "GET /c.php HTTP/1.1" 404 6820 "-" "-"
40.69.220.86 - - [18/Apr/2025:20:49:53 -0400] "GET /shx.php HTTP/1.1" 404 6820 "-" "-"
40.69.220.86 - - [18/Apr/2025:20:49:54 -0400] "GET /alfa.php HTTP/1.1" 404 6820 "-" "-"
40.69.220.86 - - [18/Apr/2025:20:49:54 -0400] "GET /a.php HTTP/1.1" 404 6820 "-" "-"
40.69.220.86 - - [18/Apr/2025:20:49:55 -0400] "GET /old-index.php HTTP/1.1" 404 6820 "-" "-"
40.69.220.86 - - [18/Apr/2025:20:49:55 -0400] "GET /FoxWSO.php HTTP/1.1" 404 6820 "-" "-"
40.69.220.86 - - [18/Apr/2025:20:49:56 -0400] "GET /403.php HTTP/1.1" 404 6820 "-" "-"
40.69.220.86 - - [18/Apr/2025:20:49:56 -0400] "GET /mini.php HTTP/1.1" 404 6821 "-" "-"
40.69.220.86 - - [18/Apr/2025:20:49:57 -0400] "GET /imagesvuln.php HTTP/1.1" 404 6821 "-" "-"
40.69.220.86 - - [18/Apr/2025:20:49:57 -0400] "GET /edit-form.php HTTP/1.1" 404 6821 "-" "-"
40.69.220.86 - - [18/Apr/2025:20:49:58 -0400] "GET /wikindex.php HTTP/1.1" 404 6821 "-" "-"
40.69.220.86 - - [18/Apr/2025:20:49:59 -0400] "GET /m.php HTTP/1.1" 404 6821 "-" "-"
40.69.220.86 - - [18/Apr/2025:20:50:00 -0400] "GET /0byte.php HTTP/1.1" 404 6821 "-" "-"
40.69.220.86 - - [18/Apr/2025:20:50:00 -0400] "GET /xx.php HTTP/1.1" 404 6820 "-" "-"
40.69.220.86 - - [18/Apr/2025:20:50:01 -0400] "GET /new-index.php HTTP/1.1" 404 6820 "-" "-"
40.69.220.86 - - [18/Apr/2025:20:50:02 -0400] "GET /wp-wso.php HTTP/1.1" 404 6820 "-" "-"
40.69.220.86 - - [18/Apr/2025:20:50:06 -0400] "GET /qindex.php HTTP/1.1" 404 6820 "-" "-"
40.69.220.86 - - [18/Apr/2025:20:50:08 -0400] "GET /minimo.php HTTP/1.1" 404 6820 "-" "-"
40.69.220.86 - - [18/Apr/2025:20:50:09 -0400] "GET /V3.php HTTP/1.1" 404 6820 "-" "-"
40.69.220.86 - - [18/Apr/2025:20:50:10 -0400] "GET /V5.php HTTP/1.1" 404 6820 "-" "-"
40.69.220.86 - - [18/Apr/2025:20:50:11 -0400] "GET /up.php HTTP/1.1" 404 6820 "-" "-"
40.69.220.86 - - [18/Apr/2025:20:50:12 -0400] "GET /www.php HTTP/1.1" 404 6820 "-" "-"
40.69.220.86 - - [18/Apr/2025:20:50:13 -0400] "GET /100.php HTTP/1.1" 404 6820 "-" "-"
40.69.220.86 - - [18/Apr/2025:20:50:14 -0400] "GET /777.php HTTP/1.1" 404 6820 "-" "-"
40.69.220.86 - - [18/Apr/2025:20:50:15 -0400] "GET /defau1t.php HTTP/1.1" 404 6820 "-" "-"
40.69.220.86 - - [18/Apr/2025:20:50:16 -0400] "GET /f.php HTTP/1.1" 404 6820 "-" "-"
40.69.220.86 - - [18/Apr/2025:20:50:17 -0400] "GET /xox.php HTTP/1.1" 404 6820 "-" "-"
40.69.220.86 - - [18/Apr/2025:20:50:18 -0400] "GET /o.php HTTP/1.1" 404 6820 "-" "-"
40.69.220.86 - - [18/Apr/2025:20:50:19 -0400] "GET /new.php HTTP/1.1" 404 6820 "-" "-"
40.69.220.86 - - [18/Apr/2025:20:50:20 -0400] "GET /sindex.php HTTP/1.1" 404 6820 "-" "-"
198.54.114.83 - - [18/Apr/2025:20:50:22 -0400] "POST /wp-cron.php?doing_wp_cron=1745023822.1531031131744384765625 HTTP/1.1" 200 0 "-" "WordPress/6.8; https://christianmantopoulos.com"
40.69.220.86 - - [18/Apr/2025:20:50:22 -0400] "GET /baindex.php HTTP/1.1" 404 6820 "-" "-"
40.69.220.86 - - [18/Apr/2025:20:50:23 -0400] "GET /wi.php HTTP/1.1" 404 6820 "-" "-"
40.69.220.86 - - [18/Apr/2025:20:50:23 -0400] "GET /mar.php HTTP/1.1" 404 6820 "-" "-"
40.69.220.86 - - [18/Apr/2025:20:50:24 -0400] "GET /root.php HTTP/1.1" 404 6820 "-" "-"
40.69.220.86 - - [18/Apr/2025:20:50:25 -0400] "GET /nee.php HTTP/1.1" 404 6820 "-" "-"
40.69.220.86 - - [18/Apr/2025:20:50:26 -0400] "GET /v.php HTTP/1.1" 404 6820 "-" "-"
40.69.220.86 - - [18/Apr/2025:20:50:27 -0400] "GET /z.php HTTP/1.1" 404 6820 "-" "-"
40.69.220.86 - - [18/Apr/2025:20:50:27 -0400] "GET /g.php HTTP/1.1" 404 6820 "-" "-"
40.69.220.86 - - [18/Apr/2025:20:50:28 -0400] "GET /c99.php HTTP/1.1" 404 6820 "-" "-"
40.69.220.86 - - [18/Apr/2025:20:50:29 -0400] "GET /w.php HTTP/1.1" 404 6820 "-" "-"
40.69.220.86 - - [18/Apr/2025:20:50:29 -0400] "GET /2.php HTTP/1.1" 404 6820 "-" "-"
40.69.220.86 - - [18/Apr/2025:20:50:30 -0400] "GET /lol.php HTTP/1.1" 404 6820 "-" "-"
40.69.220.86 - - [18/Apr/2025:20:50:31 -0400] "GET /87.php HTTP/1.1" 404 6820 "-" "-"
40.69.220.86 - - [18/Apr/2025:20:50:31 -0400] "GET /7yn.php HTTP/1.1" 404 6820 "-" "-"
40.69.220.86 - - [18/Apr/2025:20:50:32 -0400] "GET /haxor.php HTTP/1.1" 404 6820 "-" "-"
40.69.220.86 - - [18/Apr/2025:20:50:33 -0400] "GET /13.php HTTP/1.1" 404 6820 "-" "-"
40.69.220.86 - - [18/Apr/2025:20:50:33 -0400] "GET /e.php HTTP/1.1" 404 6820 "-" "-"
40.69.220.86 - - [18/Apr/2025:20:50:35 -0400] "GET /r.php HTTP/1.1" 404 6820 "-" "-"
40.69.220.86 - - [18/Apr/2025:20:50:35 -0400] "GET /t.php HTTP/1.1" 404 6820 "-" "-"
40.69.220.86 - - [18/Apr/2025:20:50:36 -0400] "GET /y.php HTTP/1.1" 404 6820 "-" "-"
40.69.220.86 - - [18/Apr/2025:20:50:37 -0400] "GET /u.php HTTP/1.1" 404 6820 "-" "-"
40.69.220.86 - - [18/Apr/2025:20:50:38 -0400] "GET /i.php HTTP/1.1" 404 6820 "-" "-"
40.69.220.86 - - [18/Apr/2025:20:50:39 -0400] "GET /p.php HTTP/1.1" 404 6820 "-" "-"
40.69.220.86 - - [18/Apr/2025:20:50:42 -0400] "GET /q.php HTTP/1.1" 404 6820 "-" "-"
40.69.220.86 - - [18/Apr/2025:20:50:43 -0400] "GET /s.php HTTP/1.1" 404 6820 "-" "-"
40.69.220.86 - - [18/Apr/2025:20:50:43 -0400] "GET /d.php HTTP/1.1" 404 6820 "-" "-"
40.69.220.86 - - [18/Apr/2025:20:50:44 -0400] "GET /h.php HTTP/1.1" 404 6820 "-" "-"
40.69.220.86 - - [18/Apr/2025:20:50:45 -0400] "GET /j.php HTTP/1.1" 404 6820 "-" "-"
40.69.220.86 - - [18/Apr/2025:20:50:46 -0400] "GET /k.php HTTP/1.1" 404 6820 "-" "-"
40.69.220.86 - - [18/Apr/2025:20:50:47 -0400] "GET /l.php HTTP/1.1" 404 6820 "-" "-"
40.69.220.86 - - [18/Apr/2025:20:50:48 -0400] "GET /n.php HTTP/1.1" 404 6820 "-" "-"
40.69.220.86 - - [18/Apr/2025:20:50:48 -0400] "GET /xindex.php HTTP/1.1" 404 6820 "-" "-"
40.69.220.86 - - [18/Apr/2025:20:50:49 -0400] "GET /kindex.php HTTP/1.1" 404 6820 "-" "-"
40.69.220.86 - - [18/Apr/2025:20:50:50 -0400] "GET /FoxWSOv1.php HTTP/1.1" 404 6820 "-" "-"
40.69.220.86 - - [18/Apr/2025:20:50:51 -0400] "GET /alf.php HTTP/1.1" 404 6820 "-" "-"
40.69.220.86 - - [18/Apr/2025:20:50:52 -0400] "GET /bb.php HTTP/1.1" 404 6820 "-" "-"
