198.54.114.83 - - [16/Apr/2025:06:35:47 -0400] "POST /wp-cron.php?doing_wp_cron=1744799743.0035860538482666015625 HTTP/1.1" 200 0 "-" "WordPress/6.8; https://christianmantopoulos.com"
136.232.78.138 - - [16/Apr/2025:06:45:08 -0400] "GET /automotive-locksmith-chicago/ HTTP/1.1" 200 11521 "-" "Mozilla/5.0 (Macintosh; Intel Mac OS X 12_5) AppleWebKit/537.36 (KHTML, like Gecko) Chrome/114.0.0.0 Safari/537.36 OPR/89.0.4447.51"
66.249.64.2 - - [16/Apr/2025:06:46:32 -0400] "GET /Ball-Repair-Replacement-valves/Balls-744570/ HTTP/1.1" 404 6820 "-" "Mozilla/5.0 (Linux; Android 6.0.1; Nexus 5X Build/MMB29P) AppleWebKit/537.36 (KHTML, like Gecko) Chrome/135.0.7049.84 Mobile Safari/537.36 (compatible; GoogleOther)"
198.54.114.83 - - [16/Apr/2025:06:46:35 -0400] "POST /wp-cron.php?doing_wp_cron=1744800393.2517509460449218750000 HTTP/1.1" 200 0 "-" "WordPress/6.8; https://christianmantopoulos.com"
146.59.233.61 - - [16/Apr/2025:06:54:13 -0400] "POST /xmlrpc.php HTTP/1.1" 200 212 "-" "Mozilla/5.0 (Windows NT 10.0; Win64; x64; rv:93.0) Gecko/20100101 Firefox/93.0"
198.54.114.83 - - [16/Apr/2025:06:54:16 -0400] "POST /wp-cron.php?doing_wp_cron=1744800853.5774550437927246093750 HTTP/1.1" 200 0 "-" "WordPress/6.8; https://christianmantopoulos.com"
185.88.197.19 - - [16/Apr/2025:07:01:43 -0400] "POST /xmlrpc.php HTTP/1.1" 200 212 "-" "Mozilla/5.0 (Windows NT 10.0; Win64; x64; rv:84.0) Gecko/20100101 Firefox/84.0"
137.184.64.22 - - [16/Apr/2025:07:06:51 -0400] "POST /xmlrpc.php HTTP/1.1" 200 212 "-" "Mozilla/5.0 (Windows NT 10.0; Win64; x64; rv:72.0) Gecko/20100101 Firefox/72.0"
198.54.114.83 - - [16/Apr/2025:07:06:54 -0400] "POST /wp-cron.php?doing_wp_cron=1744801611.6200180053710937500000 HTTP/1.1" 200 0 "-" "WordPress/6.8; https://christianmantopoulos.com"
85.214.135.99 - - [16/Apr/2025:07:13:52 -0400] "POST /xmlrpc.php HTTP/1.1" 200 212 "-" "Mozilla/5.0 (Windows NT 10.0; Win64; x64; rv:98.0) Gecko/20100101 Firefox/98.0"
198.54.114.83 - - [16/Apr/2025:07:13:54 -0400] "POST /wp-cron.php?doing_wp_cron=1744802032.4181149005889892578125 HTTP/1.1" 200 0 "-" "WordPress/6.8; https://christianmantopoulos.com"
66.249.64.11 - - [16/Apr/2025:07:16:33 -0400] "GET /bicicleta-COLORES-ALHONGA-Juego-puentes/Brakes-83092/ HTTP/1.1" 404 6820 "-" "Mozilla/5.0 (Linux; Android 6.0.1; Nexus 5X Build/MMB29P) AppleWebKit/537.36 (KHTML, like Gecko) Chrome/135.0.7049.84 Mobile Safari/537.36 (compatible; GoogleOther)"
65.108.140.102 - - [16/Apr/2025:07:20:35 -0400] "GET / HTTP/1.1" 200 97713 "http://christianmantopoulos.com/" "Mozilla/5.0 (Windows NT 10.0; Win64; x64) AppleWebKit/537.36 (KHTML, like Gecko) Chrome/129.0.0.0 Safari/537.36"
161.35.158.4 - - [16/Apr/2025:07:28:08 -0400] "POST /xmlrpc.php HTTP/1.1" 200 212 "-" "Mozilla/5.0 (Windows NT 10.0; Win64; x64; rv:79.0) Gecko/20100101 Firefox/79.0"
198.54.114.83 - - [16/Apr/2025:07:28:17 -0400] "POST /wp-cron.php?doing_wp_cron=1744802893.1134169101715087890625 HTTP/1.1" 200 0 "-" "WordPress/6.8; https://christianmantopoulos.com"
34.29.147.61 - - [16/Apr/2025:07:38:42 -0400] "GET / HTTP/1.1" 200 97713 "-" "Mozilla/5.0 (Windows NT 10.0; Win64; x64) AppleWebKit/537.36 (KHTML, like Gecko) Chrome/91.0.4472.124 Safari/537.36"
185.199.223.76 - - [16/Apr/2025:07:46:12 -0400] "POST /xmlrpc.php HTTP/1.1" 200 212 "-" "Mozilla/5.0 (Windows NT 10.0; Win64; x64; rv:73.0) Gecko/20100101 Firefox/73.0"
198.54.114.83 - - [16/Apr/2025:07:46:19 -0400] "POST /wp-cron.php?doing_wp_cron=1744803975.3677659034729003906250 HTTP/1.1" 200 0 "-" "WordPress/6.8; https://christianmantopoulos.com"
83.96.201.169 - - [16/Apr/2025:07:54:53 -0400] "POST /xmlrpc.php HTTP/1.1" 200 212 "-" "Mozilla/5.0 (Windows NT 10.0; Win64; x64; rv:85.0) Gecko/20100101 Firefox/85.0"
198.54.114.83 - - [16/Apr/2025:07:54:59 -0400] "POST /wp-cron.php?doing_wp_cron=1744804497.1340010166168212890625 HTTP/1.1" 200 0 "-" "WordPress/6.8; https://christianmantopoulos.com"
120.138.21.14 - - [16/Apr/2025:08:03:50 -0400] "POST /xmlrpc.php HTTP/1.1" 200 212 "-" "Mozilla/5.0 (Windows NT 10.0; Win64; x64; rv:85.0) Gecko/20100101 Firefox/85.0"
35.94.43.86 - - [16/Apr/2025:08:07:05 -0400] "GET / HTTP/1.1" 200 97713 "-" "Mozilla/5.0 (Windows NT 6.1; WOW64; rv:49.0) Gecko/20100101 Firefox/49.0"
212.67.12.79 - - [16/Apr/2025:08:08:30 -0400] "POST /xmlrpc.php HTTP/1.1" 200 212 "-" "Mozilla/5.0 (Windows NT 10.0; Win64; x64; rv:41.0) Gecko/20100101 Firefox/41.0"
198.54.114.83 - - [16/Apr/2025:08:08:32 -0400] "POST /wp-cron.php?doing_wp_cron=1744805310.5370290279388427734375 HTTP/1.1" 200 0 "-" "WordPress/6.8; https://christianmantopoulos.com"
66.249.64.3 - - [16/Apr/2025:08:16:34 -0400] "GET /Spincast-Reel-Ambi-BB/Spinning-Reels-371967/ HTTP/1.1" 404 6820 "-" "Mozilla/5.0 (Linux; Android 6.0.1; Nexus 5X Build/MMB29P) AppleWebKit/537.36 (KHTML, like Gecko) Chrome/135.0.7049.84 Mobile Safari/537.36 (compatible; Googlebot/2.1; +http://www.google.com/bot.html)"
178.128.255.38 - - [16/Apr/2025:08:17:07 -0400] "POST /xmlrpc.php HTTP/1.1" 200 212 "-" "Mozilla/5.0 (Windows NT 10.0; Win64; x64; rv:74.0) Gecko/20100101 Firefox/74.0"
2a02:74a0:a008:2014:f816:3eff:fe27:b1a2 - - [16/Apr/2025:08:24:18 -0400] "POST /xmlrpc.php HTTP/1.1" 200 212 "-" "Mozilla/5.0 (Windows NT 10.0; Win64; x64; rv:56.0) Gecko/20100101 Firefox/56.0"
185.142.88.85 - - [16/Apr/2025:08:25:36 -0400] "POST /xmlrpc.php HTTP/1.1" 200 212 "-" "Mozilla/5.0 (Windows NT 10.0; Win64; x64; rv:57.0) Gecko/20100101 Firefox/57.0"
198.54.114.83 - - [16/Apr/2025:08:25:41 -0400] "POST /wp-cron.php?doing_wp_cron=1744806336.5034110546112060546875 HTTP/1.1" 200 0 "-" "WordPress/6.8; https://christianmantopoulos.com"
35.91.113.126 - - [16/Apr/2025:08:26:18 -0400] "GET / HTTP/1.1" 200 97713 "-" "-"
196.251.88.108 - - [16/Apr/2025:08:31:11 -0400] "GET /.git/config HTTP/1.1" 403 0 "-" "Mozilla/5.0 (Linux; Android 7.0; YS900) AppleWebKit/537.36 (KHTML, like Gecko) Chrome/74.0.3729.136 Iron Safari/537.36"
185.180.141.8 - - [16/Apr/2025:08:36:51 -0400] "GET / HTTP/1.1" 200 97713 "-" "Mozilla/5.0 (Windows NT 10.0; WOW64) AppleWebKit/537.36 (KHTML, like Gecko) Chrome/66.0.3359.117 Safari/537.36"
185.180.141.7 - - [16/Apr/2025:08:36:53 -0400] "GET / HTTP/1.1" 200 97713 "-" "Mozilla/5.0 (Windows NT 10.0; WOW64) AppleWebKit/537.36 (KHTML, like Gecko) Chrome/66.0.3359.117 Safari/537.36"
178.20.47.39 - - [16/Apr/2025:08:41:01 -0400] "GET /how-to-win-at-gas-station-slots/ HTTP/1.1" 200 11738 "http://christianmantopoulos.com/how-to-win-at-gas-station-slots/" "Mozilla/5.0 (Windows NT 10.0; Win64; x64) AppleWebKit/537.36 (KHTML, like Gecko) Chrome/130.0.0.0 Safari/537.36 CCleaner/130.0.0.0"
198.54.114.83 - - [16/Apr/2025:08:41:08 -0400] "POST /wp-cron.php?doing_wp_cron=1744807267.5811159610748291015625 HTTP/1.1" 200 0 "-" "WordPress/6.8; https://christianmantopoulos.com"
178.20.47.39 - - [16/Apr/2025:08:41:03 -0400] "POST /wp-comments-post.php HTTP/1.1" 500 2750 "http://christianmantopoulos.com/how-to-win-at-gas-station-slots/" "Mozilla/5.0 (Windows NT 10.0; Win64; x64) AppleWebKit/537.36 (KHTML, like Gecko) Chrome/130.0.0.0 Safari/537.36 CCleaner/130.0.0.0"
198.54.114.83 - - [16/Apr/2025:08:42:30 -0400] "POST /wp-cron.php?doing_wp_cron=1744807349.5488369464874267578125 HTTP/1.1" 200 0 "-" "WordPress/6.8; https://christianmantopoulos.com"
164.132.143.82 - - [16/Apr/2025:08:42:29 -0400] "POST /xmlrpc.php HTTP/1.1" 200 212 "-" "Mozilla/5.0 (Windows NT 10.0; Win64; x64; rv:90.0) Gecko/20100101 Firefox/90.0"
2a01:36d:112:47ee:9ccd:e14d:5ebb:dbd0 - - [16/Apr/2025:08:42:38 -0400] "POST /xmlrpc.php HTTP/1.1" 200 212 "-" "Mozilla/5.0 (Windows NT 10.0; Win64; x64; rv:57.0) Gecko/20100101 Firefox/57.0"
87.98.165.243 - - [16/Apr/2025:08:42:43 -0400] "POST /xmlrpc.php HTTP/1.1" 200 212 "-" "Mozilla/5.0 (Windows NT 10.0; Win64; x64; rv:91.0) Gecko/20100101 Firefox/91.0"
66.249.64.2 - - [16/Apr/2025:08:46:36 -0400] "GET /GS-Goalie-Stic&034;/Sticks-761547/ HTTP/1.1" 404 6820 "-" "Mozilla/5.0 (Linux; Android 6.0.1; Nexus 5X Build/MMB29P) AppleWebKit/537.36 (KHTML, like Gecko) Chrome/135.0.7049.84 Mobile Safari/537.36 (compatible; Googlebot/2.1; +http://www.google.com/bot.html)"
198.54.114.83 - - [16/Apr/2025:08:46:43 -0400] "POST /wp-cron.php?doing_wp_cron=1744807600.0710439682006835937500 HTTP/1.1" 200 0 "-" "WordPress/6.8; https://christianmantopoulos.com"
85.208.98.23 - - [16/Apr/2025:08:48:13 -0400] "GET /robots.txt HTTP/1.1" 304 0 "-" "Mozilla/5.0 (compatible; SemrushBot-BA; +http://www.semrush.com/bot.html)"
2a02:4780:12:d45b::1 - - [16/Apr/2025:08:48:48 -0400] "POST /xmlrpc.php HTTP/1.1" 200 212 "-" "Mozilla/5.0 (Windows NT 10.0; Win64; x64; rv:63.0) Gecko/20100101 Firefox/63.0"
162.222.34.234 - - [16/Apr/2025:08:51:10 -0400] "POST /xmlrpc.php HTTP/1.1" 200 212 "-" "Mozilla/5.0 (Windows NT 10.0; Win64; x64; rv:65.0) Gecko/20100101 Firefox/65.0"
198.54.114.83 - - [16/Apr/2025:08:51:17 -0400] "POST /wp-cron.php?doing_wp_cron=1744807874.4182848930358886718750 HTTP/1.1" 200 0 "-" "WordPress/6.8; https://christianmantopoulos.com"
45.148.10.172 - - [16/Apr/2025:08:56:24 -0400] "GET /.env HTTP/1.1" 404 6821 "-" "Mozilla/5.0 (Macintosh; Intel Mac OS X 10_12_6) AppleWebKit/537.36 (KHTML, like Gecko) Chrome/76.0.3809.87 Safari/537.36"
2001:41d0:8:cc78:: - - [16/Apr/2025:08:58:25 -0400] "POST /xmlrpc.php HTTP/1.1" 200 212 "-" "Mozilla/5.0 (Windows NT 10.0; Win64; x64; rv:57.0) Gecko/20100101 Firefox/57.0"
46.8.57.56 - - [16/Apr/2025:09:02:09 -0400] "GET /wp-content/plugins/suretriggers/readme.txt HTTP/1.1" 404 6820 "-" "Mozilla/5.0 (compatible; Googlebot/2.1; +http://www.google.com/bot.html)"
188.130.129.75 - - [16/Apr/2025:09:02:28 -0400] "GET /wp-content/plugins/suretriggers/readme.txt HTTP/1.1" 404 6820 "-" "Mozilla/5.0 (compatible; Googlebot/2.1; +http://www.google.com/bot.html)"
43.135.142.7 - - [16/Apr/2025:09:02:51 -0400] "GET / HTTP/1.1" 200 97713 "-" "Mozilla/5.0 (iPhone; CPU iPhone OS 13_2_3 like Mac OS X) AppleWebKit/605.1.15 (KHTML, like Gecko) Version/13.0.3 Mobile/15E148 Safari/604.1"
54.37.234.111 - - [16/Apr/2025:09:07:00 -0400] "GET /how-to-win-at-gas-station-slots/ HTTP/1.1" 200 11738 "http://christianmantopoulos.com/how-to-win-at-gas-station-slots/" "Mozilla/5.0 (Windows NT 10.0; Win64; x64) AppleWebKit/537.36 (KHTML, like Gecko) Chrome/130.0.0.0 Safari/537.36 CCleaner/130.0.0.0"
54.37.234.111 - - [16/Apr/2025:09:07:02 -0400] "POST /wp-comments-post.php HTTP/1.1" 500 1813 "http://christianmantopoulos.com/how-to-win-at-gas-station-slots/" "Mozilla/5.0 (Windows NT 10.0; Win64; x64) AppleWebKit/537.36 (KHTML, like Gecko) Chrome/130.0.0.0 Safari/537.36 CCleaner/130.0.0.0"
216.244.66.234 - - [16/Apr/2025:09:09:51 -0400] "GET /robots.txt HTTP/1.1" 200 118 "-" "Mozilla/5.0 (compatible; DotBot/1.2; +https://opensiteexplorer.org/dotbot; help@moz.com)"
198.54.114.83 - - [16/Apr/2025:09:10:18 -0400] "POST /wp-cron.php?doing_wp_cron=1744809017.5029230117797851562500 HTTP/1.1" 200 0 "-" "WordPress/6.8; https://christianmantopoulos.com"
2406:da1a:40f:8300:b7b7:d4c:db08:fd85 - - [16/Apr/2025:09:10:14 -0400] "POST /xmlrpc.php HTTP/1.1" 200 212 "-" "Mozilla/5.0 (Windows NT 10.0; Win64; x64; rv:93.0) Gecko/20100101 Firefox/93.0"
216.244.66.234 - - [16/Apr/2025:09:14:51 -0400] "GET /the-magic-of-rainbow-riches-casino-a-guide-to-winning-big/ HTTP/1.1" 200 11222 "-" "Mozilla/5.0 (compatible; DotBot/1.2; +https://opensiteexplorer.org/dotbot; help@moz.com)"
198.54.114.83 - - [16/Apr/2025:09:14:56 -0400] "POST /wp-cron.php?doing_wp_cron=1744809294.4218780994415283203125 HTTP/1.1" 200 0 "-" "WordPress/6.8; https://christianmantopoulos.com"
194.76.37.111 - - [16/Apr/2025:09:15:11 -0400] "POST /xmlrpc.php HTTP/1.1" 200 212 "-" "Mozilla/5.0 (Windows NT 10.0; Win64; x64; rv:53.0) Gecko/20100101 Firefox/53.0"
66.249.64.2 - - [16/Apr/2025:09:16:36 -0400] "GET /Screwdriver-Bottle-Opener-Ruler-Kits-in/Pocket-Multi-Tools-600202/ HTTP/1.1" 404 6820 "-" "Mozilla/5.0 (Linux; Android 6.0.1; Nexus 5X Build/MMB29P) AppleWebKit/537.36 (KHTML, like Gecko) Chrome/135.0.7049.84 Mobile Safari/537.36 (compatible; GoogleOther)"
197.11.70.170 - - [16/Apr/2025:09:18:18 -0400] "GET / HTTP/1.1" 200 97713 "https://prepperbar.com//wordpress//wp-login.php" "Mozilla/5.0 (Windows NT 10.0; Win64; x64) AppleWebKit/537.36 (KHTML, like Gecko) Chrome/134.0.0.0 Safari/537.36"
197.11.70.170 - - [16/Apr/2025:09:18:24 -0400] "GET /xmlrpc.php?rsd HTTP/1.1" 200 315 "https://prepperbar.com//wordpress//wp-login.php" "Mozilla/5.0 (Windows NT 10.0; Win64; x64) AppleWebKit/537.36 (KHTML, like Gecko) Chrome/134.0.0.0 Safari/537.36"
198.54.114.83 - - [16/Apr/2025:09:18:29 -0400] "POST /wp-cron.php?doing_wp_cron=1744809507.3922688961029052734375 HTTP/1.1" 200 0 "-" "WordPress/6.8; https://christianmantopoulos.com"
197.11.70.170 - - [16/Apr/2025:09:18:31 -0400] "GET /wp-json/wp/v2/users/ HTTP/1.1" 200 1512 "https://prepperbar.com//wordpress//wp-login.php" "Mozilla/5.0 (Windows NT 10.0; Win64; x64) AppleWebKit/537.36 (KHTML, like Gecko) Chrome/134.0.0.0 Safari/537.36"
197.11.70.170 - - [16/Apr/2025:09:18:35 -0400] "GET /?author=1 HTTP/1.1" 200 97713 "https://prepperbar.com//wordpress//wp-login.php" "Mozilla/5.0 (Windows NT 10.0; Win64; x64) AppleWebKit/537.36 (KHTML, like Gecko) Chrome/134.0.0.0 Safari/537.36"
197.11.70.170 - - [16/Apr/2025:09:18:40 -0400] "POST /xmlrpc.php HTTP/1.1" 200 0 "-" "Mozilla/5.0 (Windows NT 10.0; Win64; x64) AppleWebKit/537.36 (KHTML, like Gecko) Chrome/134.0.0.0 Safari/537.36"
197.11.70.170 - - [16/Apr/2025:09:18:58 -0400] "POST /wp-login.php HTTP/1.1" 200 0 "http://christianmantopoulos.com/wp-login.php" "Mozilla/5.0 (Windows NT 10.0; Win64; x64) AppleWebKit/537.36 (KHTML, like Gecko) Chrome/134.0.0.0 Safari/537.36"
197.11.70.170 - - [16/Apr/2025:09:19:12 -0400] "POST /wp-login.php HTTP/1.1" 200 0 "http://christianmantopoulos.com/wp-login.php" "Mozilla/5.0 (Windows NT 10.0; Win64; x64) AppleWebKit/537.36 (KHTML, like Gecko) Chrome/134.0.0.0 Safari/537.36"
197.11.70.170 - - [16/Apr/2025:09:19:30 -0400] "POST /wp-login.php HTTP/1.1" 200 0 "http://christianmantopoulos.com/wp-login.php" "Mozilla/5.0 (Windows NT 10.0; Win64; x64) AppleWebKit/537.36 (KHTML, like Gecko) Chrome/134.0.0.0 Safari/537.36"
197.11.70.170 - - [16/Apr/2025:09:19:46 -0400] "POST /wp-login.php HTTP/1.1" 200 0 "http://christianmantopoulos.com/wp-login.php" "Mozilla/5.0 (Windows NT 10.0; Win64; x64) AppleWebKit/537.36 (KHTML, like Gecko) Chrome/134.0.0.0 Safari/537.36"
197.11.70.170 - - [16/Apr/2025:09:20:03 -0400] "POST /wp-login.php HTTP/1.1" 200 0 "http://christianmantopoulos.com/wp-login.php" "Mozilla/5.0 (Windows NT 10.0; Win64; x64) AppleWebKit/537.36 (KHTML, like Gecko) Chrome/134.0.0.0 Safari/537.36"
197.11.70.170 - - [16/Apr/2025:09:20:19 -0400] "POST /wp-login.php HTTP/1.1" 200 0 "http://christianmantopoulos.com/wp-login.php" "Mozilla/5.0 (Windows NT 10.0; Win64; x64) AppleWebKit/537.36 (KHTML, like Gecko) Chrome/134.0.0.0 Safari/537.36"
197.11.70.170 - - [16/Apr/2025:09:20:34 -0400] "POST /wp-login.php HTTP/1.1" 200 0 "http://christianmantopoulos.com/wp-login.php" "Mozilla/5.0 (Windows NT 10.0; Win64; x64) AppleWebKit/537.36 (KHTML, like Gecko) Chrome/134.0.0.0 Safari/537.36"
197.11.70.170 - - [16/Apr/2025:09:20:49 -0400] "POST /wp-login.php HTTP/1.1" 200 0 "http://christianmantopoulos.com/wp-login.php" "Mozilla/5.0 (Windows NT 10.0; Win64; x64) AppleWebKit/537.36 (KHTML, like Gecko) Chrome/134.0.0.0 Safari/537.36"
197.11.70.170 - - [16/Apr/2025:09:21:06 -0400] "POST /wp-login.php HTTP/1.1" 200 0 "http://christianmantopoulos.com/wp-login.php" "Mozilla/5.0 (Windows NT 10.0; Win64; x64) AppleWebKit/537.36 (KHTML, like Gecko) Chrome/134.0.0.0 Safari/537.36"
197.11.70.170 - - [16/Apr/2025:09:21:23 -0400] "POST /wp-login.php HTTP/1.1" 200 0 "http://christianmantopoulos.com/wp-login.php" "Mozilla/5.0 (Windows NT 10.0; Win64; x64) AppleWebKit/537.36 (KHTML, like Gecko) Chrome/134.0.0.0 Safari/537.36"
197.11.70.170 - - [16/Apr/2025:09:21:40 -0400] "POST /wp-login.php HTTP/1.1" 200 0 "http://christianmantopoulos.com/wp-login.php" "Mozilla/5.0 (Windows NT 10.0; Win64; x64) AppleWebKit/537.36 (KHTML, like Gecko) Chrome/134.0.0.0 Safari/537.36"
85.239.244.15 - - [16/Apr/2025:09:26:22 -0400] "POST /xmlrpc.php HTTP/1.1" 200 212 "-" "Mozilla/5.0 (Windows NT 10.0; Win64; x64; rv:63.0) Gecko/20100101 Firefox/63.0"
198.54.114.83 - - [16/Apr/2025:09:26:27 -0400] "POST /wp-cron.php?doing_wp_cron=1744809985.2466199398040771484375 HTTP/1.1" 200 0 "-" "WordPress/6.8; https://christianmantopoulos.com"
66.249.64.1 - - [16/Apr/2025:09:28:44 -0400] "GET /Set-PinkWei%C3%9F100g-Inliner/Spoons-307619/ HTTP/1.1" 404 6821 "-" "Mozilla/5.0 (Linux; Android 6.0.1; Nexus 5X Build/MMB29P) AppleWebKit/537.36 (KHTML, like Gecko) Chrome/135.0.7049.84 Mobile Safari/537.36 (compatible; Googlebot/2.1; +http://www.google.com/bot.html)"
198.54.114.83 - - [16/Apr/2025:09:28:48 -0400] "POST /wp-cron.php?doing_wp_cron=1744810126.8067018985748291015625 HTTP/1.1" 200 0 "-" "WordPress/6.8; https://christianmantopoulos.com"
66.249.64.12 - - [16/Apr/2025:09:40:54 -0400] "GET /Mens-Bowling-Jersey/Men-749750/ HTTP/1.1" 404 6820 "-" "Mozilla/5.0 (Linux; Android 6.0.1; Nexus 5X Build/MMB29P) AppleWebKit/537.36 (KHTML, like Gecko) Chrome/135.0.7049.84 Mobile Safari/537.36 (compatible; Googlebot/2.1; +http://www.google.com/bot.html)"
198.54.114.83 - - [16/Apr/2025:09:41:01 -0400] "POST /wp-cron.php?doing_wp_cron=1744810857.8914859294891357421875 HTTP/1.1" 200 0 "-" "WordPress/6.8; https://christianmantopoulos.com"
135.119.143.77 - - [16/Apr/2025:09:41:14 -0400] "HEAD /wordpress HTTP/1.1" 404 0 "-" "Mozilla/5.0 (Windows NT 10.0; Win64; x64) AppleWebKit/537.36 (KHTML, like Gecko) Chrome/74.0.3729.169 Safari/537.36"
135.119.143.77 - - [16/Apr/2025:09:41:18 -0400] "HEAD / HTTP/1.1" 200 0 "-" "Mozilla/5.0 (Windows NT 10.0; Win64; x64) AppleWebKit/537.36 (KHTML, like Gecko) Chrome/74.0.3729.169 Safari/537.36"
135.119.143.77 - - [16/Apr/2025:09:41:23 -0400] "HEAD /wp HTTP/1.1" 404 0 "-" "Mozilla/5.0 (Windows NT 10.0; Win64; x64) AppleWebKit/537.36 (KHTML, like Gecko) Chrome/74.0.3729.169 Safari/537.36"
135.119.143.77 - - [16/Apr/2025:09:41:28 -0400] "HEAD /bc HTTP/1.1" 404 0 "-" "Mozilla/5.0 (Windows NT 10.0; Win64; x64) AppleWebKit/537.36 (KHTML, like Gecko) Chrome/74.0.3729.169 Safari/537.36"
135.119.143.77 - - [16/Apr/2025:09:41:32 -0400] "HEAD /bk HTTP/1.1" 404 0 "-" "Mozilla/5.0 (Windows NT 10.0; Win64; x64) AppleWebKit/537.36 (KHTML, like Gecko) Chrome/74.0.3729.169 Safari/537.36"
135.119.143.77 - - [16/Apr/2025:09:41:36 -0400] "HEAD /backup HTTP/1.1" 404 0 "-" "Mozilla/5.0 (Windows NT 10.0; Win64; x64) AppleWebKit/537.36 (KHTML, like Gecko) Chrome/74.0.3729.169 Safari/537.36"
135.119.143.77 - - [16/Apr/2025:09:41:41 -0400] "HEAD /old HTTP/1.1" 404 0 "-" "Mozilla/5.0 (Windows NT 10.0; Win64; x64) AppleWebKit/537.36 (KHTML, like Gecko) Chrome/74.0.3729.169 Safari/537.36"
135.119.143.77 - - [16/Apr/2025:09:41:45 -0400] "HEAD /new HTTP/1.1" 301 0 "-" "Mozilla/5.0 (Windows NT 10.0; Win64; x64) AppleWebKit/537.36 (KHTML, like Gecko) Chrome/74.0.3729.169 Safari/537.36"
135.119.143.77 - - [16/Apr/2025:09:41:50 -0400] "HEAD /main HTTP/1.1" 404 0 "-" "Mozilla/5.0 (Windows NT 10.0; Win64; x64) AppleWebKit/537.36 (KHTML, like Gecko) Chrome/74.0.3729.169 Safari/537.36"
135.119.143.77 - - [16/Apr/2025:09:41:53 -0400] "HEAD /home HTTP/1.1" 301 0 "-" "Mozilla/5.0 (Windows NT 10.0; Win64; x64) AppleWebKit/537.36 (KHTML, like Gecko) Chrome/74.0.3729.169 Safari/537.36"
185.231.155.169 - - [16/Apr/2025:09:49:31 -0400] "GET /how-to-win-at-gas-station-slots/ HTTP/1.1" 200 11738 "http://christianmantopoulos.com/how-to-win-at-gas-station-slots/" "Mozilla/5.0 (Windows NT 10.0; Win64; x64) AppleWebKit/537.36 (KHTML, like Gecko) Chrome/130.0.0.0 Safari/537.36 CCleaner/130.0.0.0"
185.231.155.169 - - [16/Apr/2025:09:49:35 -0400] "POST /wp-comments-post.php HTTP/1.1" 500 2472 "http://christianmantopoulos.com/how-to-win-at-gas-station-slots/" "Mozilla/5.0 (Windows NT 10.0; Win64; x64) AppleWebKit/537.36 (KHTML, like Gecko) Chrome/130.0.0.0 Safari/537.36 CCleaner/130.0.0.0"
198.54.114.83 - - [16/Apr/2025:09:49:44 -0400] "POST /wp-cron.php?doing_wp_cron=1744811379.9383220672607421875000 HTTP/1.1" 200 0 "-" "WordPress/6.8; https://christianmantopoulos.com"
66.249.64.2 - - [16/Apr/2025:09:52:39 -0400] "GET /Ball-Repair-Replacement-valves/Balls-744570/ HTTP/1.1" 404 6820 "-" "Mozilla/5.0 (Linux; Android 6.0.1; Nexus 5X Build/MMB29P) AppleWebKit/537.36 (KHTML, like Gecko) Chrome/135.0.7049.84 Mobile Safari/537.36 (compatible; Googlebot/2.1; +http://www.google.com/bot.html)"
198.54.114.83 - - [16/Apr/2025:09:52:47 -0400] "POST /wp-cron.php?doing_wp_cron=1744811562.9298799037933349609375 HTTP/1.1" 200 0 "-" "WordPress/6.8; https://christianmantopoulos.com"
34.199.64.170 - - [16/Apr/2025:09:53:01 -0400] "POST /xmlrpc.php HTTP/1.1" 200 212 "-" "Mozilla/5.0 (Windows NT 10.0; Win64; x64; rv:71.0) Gecko/20100101 Firefox/71.0"
206.189.237.97 - - [16/Apr/2025:09:58:23 -0400] "GET / HTTP/1.1" 200 0 "-" "Mozilla/5.0 (compatible)"
157.173.202.192 - - [16/Apr/2025:09:58:44 -0400] "POST /xmlrpc.php HTTP/1.1" 200 212 "-" "Mozilla/5.0 (Windows NT 10.0; Win64; x64; rv:73.0) Gecko/20100101 Firefox/73.0"
198.54.114.83 - - [16/Apr/2025:09:58:51 -0400] "POST /wp-cron.php?doing_wp_cron=1744811928.4816141128540039062500 HTTP/1.1" 200 0 "-" "WordPress/6.8; https://christianmantopoulos.com"
80.73.89.123 - - [16/Apr/2025:10:00:06 -0400] "POST /xmlrpc.php HTTP/1.1" 200 212 "-" "Mozilla/5.0 (Windows NT 10.0; Win64; x64; rv:81.0) Gecko/20100101 Firefox/81.0"
198.54.114.83 - - [16/Apr/2025:10:00:13 -0400] "POST /wp-cron.php?doing_wp_cron=1744812007.4012429714202880859375 HTTP/1.1" 200 0 "-" "WordPress/6.8; https://christianmantopoulos.com"
66.249.64.11 - - [16/Apr/2025:10:03:28 -0400] "GET /Bag-Backup-Air-Tank-Mini-Scuba/Tanks-795361/ HTTP/1.1" 404 6820 "-" "Mozilla/5.0 (Linux; Android 6.0.1; Nexus 5X Build/MMB29P) AppleWebKit/537.36 (KHTML, like Gecko) Chrome/135.0.7049.84 Mobile Safari/537.36 (compatible; Googlebot/2.1; +http://www.google.com/bot.html)"
144.202.11.46 - - [16/Apr/2025:10:07:18 -0400] "POST /xmlrpc.php HTTP/1.1" 200 212 "-" "Mozilla/5.0 (Windows NT 10.0; Win64; x64; rv:96.0) Gecko/20100101 Firefox/96.0"
198.54.114.83 - - [16/Apr/2025:10:07:22 -0400] "POST /wp-cron.php?doing_wp_cron=1744812439.0828568935394287109375 HTTP/1.1" 200 0 "-" "WordPress/6.8; https://christianmantopoulos.com"
198.98.51.72 - - [16/Apr/2025:10:12:00 -0400] "GET /wp-content/plugins/suretriggers/readme.txt HTTP/1.1" 404 6820 "-" "python-requests/2.27.1"
198.54.114.83 - - [16/Apr/2025:10:12:07 -0400] "POST /wp-cron.php?doing_wp_cron=1744812723.4979600906372070312500 HTTP/1.1" 200 0 "-" "WordPress/6.8; https://christianmantopoulos.com"
198.98.51.72 - - [16/Apr/2025:10:12:39 -0400] "POST /wp-json/sure-triggers/v1/automation/action HTTP/1.1" 404 114 "-" "Mozilla/5.0 (Macintosh; Intel Mac OS X 10_15_7) AppleWebKit/537.36 (KHTML, like Gecko) Chrome/113.0.0.0 Safari/537.36"
198.54.114.83 - - [16/Apr/2025:10:12:41 -0400] "POST /wp-cron.php?doing_wp_cron=1744812759.6130340099334716796875 HTTP/1.1" 200 0 "-" "WordPress/6.8; https://christianmantopoulos.com"
2600:3c00::f03c:92ff:fe2c:c527 - - [16/Apr/2025:10:13:56 -0400] "POST /xmlrpc.php HTTP/1.1" 200 212 "-" "Mozilla/5.0 (Windows NT 10.0; Win64; x64; rv:80.0) Gecko/20100101 Firefox/80.0"
198.54.114.83 - - [16/Apr/2025:10:14:02 -0400] "POST /wp-cron.php?doing_wp_cron=1744812838.1723999977111816406250 HTTP/1.1" 200 0 "-" "WordPress/6.8; https://christianmantopoulos.com"
66.249.64.13 - - [16/Apr/2025:10:14:16 -0400] "GET /38&039;&039;-Stained-Carrying/Accessories-786039/ HTTP/1.1" 404 6818 "-" "Mozilla/5.0 (Linux; Android 6.0.1; Nexus 5X Build/MMB29P) AppleWebKit/537.36 (KHTML, like Gecko) Chrome/135.0.7049.84 Mobile Safari/537.36 (compatible; Googlebot/2.1; +http://www.google.com/bot.html)"
2607:b500:422:d900::1 - - [16/Apr/2025:10:17:07 -0400] "POST /xmlrpc.php HTTP/1.1" 200 212 "-" "Mozilla/5.0 (Windows NT 10.0; Win64; x64; rv:45.0) Gecko/20100101 Firefox/45.0"
66.249.64.3 - - [16/Apr/2025:10:25:06 -0400] "GET /robots.txt HTTP/1.1" 200 118 "-" "Mozilla/5.0 (compatible; Googlebot/2.1; +http://www.google.com/bot.html)"
66.249.64.2 - - [16/Apr/2025:10:25:06 -0400] "GET /US-Shipping-New-Predator-Urbain/Cue-Cases-551701/ HTTP/1.1" 404 6820 "-" "Mozilla/5.0 (Linux; Android 6.0.1; Nexus 5X Build/MMB29P) AppleWebKit/537.36 (KHTML, like Gecko) Chrome/135.0.7049.84 Mobile Safari/537.36 (compatible; Googlebot/2.1; +http://www.google.com/bot.html)"
202.62.159.56 - - [16/Apr/2025:10:28:10 -0400] "POST /xmlrpc.php HTTP/1.1" 200 212 "-" "Mozilla/5.0 (Windows NT 10.0; Win64; x64; rv:87.0) Gecko/20100101 Firefox/87.0"
198.54.114.83 - - [16/Apr/2025:10:28:18 -0400] "POST /wp-cron.php?doing_wp_cron=1744813694.2945160865783691406250 HTTP/1.1" 200 0 "-" "WordPress/6.8; https://christianmantopoulos.com"
212.30.36.41 - - [16/Apr/2025:10:31:43 -0400] "GET /how-to-win-at-gas-station-slots/ HTTP/1.1" 200 11738 "http://christianmantopoulos.com/how-to-win-at-gas-station-slots/" "Mozilla/5.0 (Windows NT 10.0; Win64; x64) AppleWebKit/537.36 (KHTML, like Gecko) Chrome/129.0.0.0 Safari/537.36"
212.30.36.25 - - [16/Apr/2025:10:31:50 -0400] "POST /wp-comments-post.php HTTP/1.1" 500 1781 "http://christianmantopoulos.com/how-to-win-at-gas-station-slots/" "Mozilla/5.0 (Windows NT 10.0; Win64; x64) AppleWebKit/537.36 (KHTML, like Gecko) Chrome/129.0.0.0 Safari/537.36"
185.199.223.31 - - [16/Apr/2025:10:38:21 -0400] "POST /xmlrpc.php HTTP/1.1" 200 212 "-" "Mozilla/5.0 (Windows NT 10.0; Win64; x64; rv:95.0) Gecko/20100101 Firefox/95.0"
198.54.114.83 - - [16/Apr/2025:10:38:29 -0400] "POST /wp-cron.php?doing_wp_cron=1744814304.8742458820343017578125 HTTP/1.1" 200 0 "-" "WordPress/6.8; https://christianmantopoulos.com"
4.184.103.10 - - [16/Apr/2025:10:38:31 -0400] "POST /xmlrpc.php HTTP/1.1" 200 212 "-" "Mozilla/5.0 (Windows NT 10.0; Win64; x64; rv:58.0) Gecko/20100101 Firefox/58.0"
66.249.64.1 - - [16/Apr/2025:10:40:48 -0400] "GET /3x-Speed-Shifters-Brake-Levers-Combo/Shifters-165539/ HTTP/1.1" 404 6820 "-" "Mozilla/5.0 (Linux; Android 6.0.1; Nexus 5X Build/MMB29P) AppleWebKit/537.36 (KHTML, like Gecko) Chrome/135.0.7049.84 Mobile Safari/537.36 (compatible; Googlebot/2.1; +http://www.google.com/bot.html)"
198.54.114.83 - - [16/Apr/2025:10:40:55 -0400] "POST /wp-cron.php?doing_wp_cron=1744814451.6780929565429687500000 HTTP/1.1" 200 0 "-" "WordPress/6.8; https://christianmantopoulos.com"
37.19.198.71 - - [16/Apr/2025:10:45:38 -0400] "GET /.env HTTP/1.1" 200 0 "-" "Mozilla/5.0 (Macintosh; Intel Mac OS X 10.15; rv:77.0) Gecko/20100101 Firefox/77.0"
66.249.64.3 - - [16/Apr/2025:10:45:58 -0400] "GET /Mens-Bowling-Jersey/Men-749750/ HTTP/1.1" 404 6820 "-" "Mozilla/5.0 (Linux; Android 6.0.1; Nexus 5X Build/MMB29P) AppleWebKit/537.36 (KHTML, like Gecko) Chrome/135.0.7049.84 Mobile Safari/537.36 (compatible; GoogleOther)"
2a02:238:f010:7:9c2c:d5ff:fe7b:39ad - - [16/Apr/2025:10:51:42 -0400] "POST /xmlrpc.php HTTP/1.1" 200 212 "-" "Mozilla/5.0 (Windows NT 10.0; Win64; x64; rv:58.0) Gecko/20100101 Firefox/58.0"
66.249.64.13 - - [16/Apr/2025:10:55:47 -0400] "GET /Mediana-Agua-para-Lubina-M-cm-ml/Crankbaits-256687/ HTTP/1.1" 404 6820 "-" "Mozilla/5.0 (Linux; Android 6.0.1; Nexus 5X Build/MMB29P) AppleWebKit/537.36 (KHTML, like Gecko) Chrome/135.0.7049.84 Mobile Safari/537.36 (compatible; Googlebot/2.1; +http://www.google.com/bot.html)"
95.110.143.247 - - [16/Apr/2025:10:59:42 -0400] "POST /xmlrpc.php HTTP/1.1" 200 212 "-" "Mozilla/5.0 (Windows NT 10.0; Win64; x64; rv:41.0) Gecko/20100101 Firefox/41.0"
43.166.136.24 - - [16/Apr/2025:11:03:43 -0400] "GET / HTTP/1.1" 200 97713 "-" "Mozilla/5.0 (iPhone; CPU iPhone OS 13_2_3 like Mac OS X) AppleWebKit/605.1.15 (KHTML, like Gecko) Version/13.0.3 Mobile/15E148 Safari/604.1"
40.77.167.219 - - [16/Apr/2025:11:06:58 -0400] "GET /robots.txt HTTP/1.1" 200 118 "-" "Mozilla/5.0 AppleWebKit/537.36 (KHTML, like Gecko; compatible; bingbot/2.0; +http://www.bing.com/bingbot.htm) Chrome/116.0.1938.76 Safari/537.36"
52.167.144.210 - - [16/Apr/2025:11:07:15 -0400] "GET /cod/cod-bo3/bo3-audio-and-visual-options HTTP/1.1" 404 6821 "-" "Mozilla/5.0 AppleWebKit/537.36 (KHTML, like Gecko; compatible; bingbot/2.0; +http://www.bing.com/bingbot.htm) Chrome/116.0.1938.76 Safari/537.36"
2001:41d0:2:c206:: - - [16/Apr/2025:11:08:41 -0400] "POST /xmlrpc.php HTTP/1.1" 200 212 "-" "Mozilla/5.0 (Windows NT 10.0; Win64; x64; rv:68.0) Gecko/20100101 Firefox/68.0"
116.203.135.62 - - [16/Apr/2025:11:14:59 -0400] "POST /xmlrpc.php HTTP/1.1" 200 212 "-" "Mozilla/5.0 (Windows NT 10.0; Win64; x64; rv:64.0) Gecko/20100101 Firefox/64.0"
66.249.64.12 - - [16/Apr/2025:11:16:40 -0400] "GET /Helmet-Knee-Elbow-Wrist-Pads-Bicycle-Cycling/Helmets-729613/ HTTP/1.1" 404 6820 "-" "Mozilla/5.0 (Linux; Android 6.0.1; Nexus 5X Build/MMB29P) AppleWebKit/537.36 (KHTML, like Gecko) Chrome/135.0.7049.84 Mobile Safari/537.36 (compatible; Googlebot/2.1; +http://www.google.com/bot.html)"
198.54.114.83 - - [16/Apr/2025:11:16:46 -0400] "POST /wp-cron.php?doing_wp_cron=1744816603.4469180107116699218750 HTTP/1.1" 200 0 "-" "WordPress/6.8; https://christianmantopoulos.com"
198.54.114.83 - - [16/Apr/2025:11:19:12 -0400] "POST /wp-cron.php?doing_wp_cron=1744816750.6080739498138427734375 HTTP/1.1" 200 0 "-" "WordPress/6.8; https://christianmantopoulos.com"
66.249.64.13 - - [16/Apr/2025:11:19:09 -0400] "GET /Skid-Boots-C3CHN-UHilason-Western/Other-Horse-Wear-684781/ HTTP/1.1" 404 6820 "-" "Mozilla/5.0 (Linux; Android 6.0.1; Nexus 5X Build/MMB29P) AppleWebKit/537.36 (KHTML, like Gecko) Chrome/135.0.7049.84 Mobile Safari/537.36 (compatible; Googlebot/2.1; +http://www.google.com/bot.html)"
51.178.24.178 - - [16/Apr/2025:11:29:01 -0400] "POST /xmlrpc.php HTTP/1.1" 200 212 "-" "Mozilla/5.0 (Windows NT 10.0; Win64; x64; rv:83.0) Gecko/20100101 Firefox/83.0"
198.54.114.83 - - [16/Apr/2025:11:29:03 -0400] "POST /wp-cron.php?doing_wp_cron=1744817341.9123239517211914062500 HTTP/1.1" 200 0 "-" "WordPress/6.8; https://christianmantopoulos.com"
40.88.21.235 - - [16/Apr/2025:11:30:28 -0400] "GET / HTTP/1.1" 200 97713 "http://christianmantopoulos.com/" "DuckDuckBot/1.1; (+http://duckduckgo.com/duckduckbot.html)"
40.88.21.235 - - [16/Apr/2025:11:30:34 -0400] "GET /favicon.ico HTTP/1.1" 404 1251 "http://christianmantopoulos.com/favicon.ico" "DuckDuckBot/1.1; (+http://duckduckgo.com/duckduckbot.html)"
57.129.140.183 - - [16/Apr/2025:11:33:53 -0400] "POST /xmlrpc.php HTTP/1.1" 200 212 "-" "Mozilla/5.0 (Windows NT 10.0; Win64; x64; rv:100.0) Gecko/20100101 Firefox/100.0"
198.54.114.83 - - [16/Apr/2025:11:34:03 -0400] "POST /wp-cron.php?doing_wp_cron=1744817637.9773449897766113281250 HTTP/1.1" 200 0 "-" "WordPress/6.8; https://christianmantopoulos.com"
216.131.105.249 - - [16/Apr/2025:11:39:46 -0400] "GET /how-to-win-at-gas-station-slots/ HTTP/1.1" 200 11738 "http://christianmantopoulos.com/how-to-win-at-gas-station-slots/" "Mozilla/5.0 (Windows NT 10.0; Win64; x64) AppleWebKit/537.36 (KHTML, like Gecko) Chrome/131.0.0.0 Safari/537.36 Avast/131.0.0.0"
216.131.105.249 - - [16/Apr/2025:11:39:52 -0400] "POST /wp-comments-post.php HTTP/1.1" 500 1831 "http://christianmantopoulos.com/how-to-win-at-gas-station-slots/" "Mozilla/5.0 (Windows NT 10.0; Win64; x64) AppleWebKit/537.36 (KHTML, like Gecko) Chrome/131.0.0.0 Safari/537.36 Avast/131.0.0.0"
66.249.64.11 - - [16/Apr/2025:11:46:43 -0400] "GET /Red-RockShox-mm/Forks-110000/ HTTP/1.1" 404 6820 "-" "Mozilla/5.0 (Linux; Android 6.0.1; Nexus 5X Build/MMB29P) AppleWebKit/537.36 (KHTML, like Gecko) Chrome/135.0.7049.84 Mobile Safari/537.36 (compatible; Googlebot/2.1; +http://www.google.com/bot.html)"
198.54.114.83 - - [16/Apr/2025:11:48:48 -0400] "POST /wp-cron.php?doing_wp_cron=1744818526.4435830116271972656250 HTTP/1.1" 200 0 "-" "WordPress/6.8; https://christianmantopoulos.com"
134.122.196.8 - - [16/Apr/2025:11:48:40 -0400] "GET /statics/img/login_bg.jpg HTTP/1.1" 404 6819 "http://christianmantopoulos.com" "Mozilla/5.0 (compatible; Googlebot/2.1; +http://www.google.com/bot.html)"
198.54.114.83 - - [16/Apr/2025:11:53:27 -0400] "POST /wp-cron.php?doing_wp_cron=1744818806.9286849498748779296875 HTTP/1.1" 200 0 "-" "WordPress/6.8; https://christianmantopoulos.com"
52.202.207.221 - - [16/Apr/2025:11:53:23 -0400] "POST /xmlrpc.php HTTP/1.1" 200 212 "-" "Mozilla/5.0 (Windows NT 10.0; Win64; x64; rv:43.0) Gecko/20100101 Firefox/43.0"
93.166.103.102 - - [16/Apr/2025:12:01:11 -0400] "POST /xmlrpc.php HTTP/1.1" 200 212 "-" "Mozilla/5.0 (Windows NT 10.0; Win64; x64; rv:80.0) Gecko/20100101 Firefox/80.0"
2a02:247a:243:400:1::1 - - [16/Apr/2025:12:01:18 -0400] "POST /xmlrpc.php HTTP/1.1" 200 212 "-" "Mozilla/5.0 (Windows NT 10.0; Win64; x64; rv:50.0) Gecko/20100101 Firefox/50.0"
198.54.114.83 - - [16/Apr/2025:12:01:20 -0400] "POST /wp-cron.php?doing_wp_cron=1744819275.2937719821929931640625 HTTP/1.1" 200 0 "-" "WordPress/6.8; https://christianmantopoulos.com"
2600:3c00::f03c:91ff:fe94:969a - - [16/Apr/2025:12:09:13 -0400] "POST /xmlrpc.php HTTP/1.1" 200 212 "-" "Mozilla/5.0 (Windows NT 10.0; Win64; x64; rv:99.0) Gecko/20100101 Firefox/99.0"
198.54.114.83 - - [16/Apr/2025:12:09:22 -0400] "POST /wp-cron.php?doing_wp_cron=1744819757.3810300827026367187500 HTTP/1.1" 200 0 "-" "WordPress/6.8; https://christianmantopoulos.com"
66.249.64.13 - - [16/Apr/2025:12:16:41 -0400] "GET /Hunting-Duck-CallIvory-RNT-Calls-RichNTone/Game-Calls-476461/ HTTP/1.1" 404 6819 "-" "Mozilla/5.0 (Linux; Android 6.0.1; Nexus 5X Build/MMB29P) AppleWebKit/537.36 (KHTML, like Gecko) Chrome/135.0.7049.84 Mobile Safari/537.36 (compatible; Googlebot/2.1; +http://www.google.com/bot.html)"
198.54.114.83 - - [16/Apr/2025:12:16:45 -0400] "POST /wp-cron.php?doing_wp_cron=1744820202.4643909931182861328125 HTTP/1.1" 200 0 "-" "WordPress/6.8; https://christianmantopoulos.com"
40.77.167.243 - - [16/Apr/2025:12:17:47 -0400] "GET /sports-mask-face-cover-bicycle HTTP/1.1" 404 6821 "-" "Mozilla/5.0 AppleWebKit/537.36 (KHTML, like Gecko; compatible; bingbot/2.0; +http://www.bing.com/bingbot.htm) Chrome/116.0.1938.76 Safari/537.36"
198.54.114.83 - - [16/Apr/2025:12:17:50 -0400] "POST /wp-cron.php?doing_wp_cron=1744820267.3335909843444824218750 HTTP/1.1" 200 0 "-" "WordPress/6.8; https://christianmantopoulos.com"
66.249.64.11 - - [16/Apr/2025:12:21:38 -0400] "GET /Greedy-Guts-FSR-die-Highend-Fangmaschine/Crankbaits-268827/ HTTP/1.1" 404 6820 "-" "Mozilla/5.0 (Linux; Android 6.0.1; Nexus 5X Build/MMB29P) AppleWebKit/537.36 (KHTML, like Gecko) Chrome/135.0.7049.84 Mobile Safari/537.36 (compatible; Googlebot/2.1; +http://www.google.com/bot.html)"
198.54.114.83 - - [16/Apr/2025:12:21:46 -0400] "POST /wp-cron.php?doing_wp_cron=1744820502.2010099887847900390625 HTTP/1.1" 200 0 "-" "WordPress/6.8; https://christianmantopoulos.com"
196.251.80.117 - - [16/Apr/2025:12:22:53 -0400] "GET / HTTP/1.1" 200 97713 "-" "Mozilla/5.0 (Windows NT 10.0; Win64; x64) AppleWebKit/537.36 (KHTML, like Gecko) Chrome/78.0.3904.108 Safari/537.36"
196.251.80.117 - - [16/Apr/2025:12:22:58 -0400] "GET / HTTP/1.1" 200 97713 "-" "Mozilla/5.0 (Windows NT 10.0; Win64; x64) AppleWebKit/537.36 (KHTML, like Gecko) Chrome/78.0.3904.108 Safari/537.36"
196.251.80.117 - - [16/Apr/2025:12:23:02 -0400] "GET /wp-includes/wlwmanifest.xml HTTP/1.1" 404 6820 "-" "Mozilla/5.0 (Windows NT 10.0; Win64; x64) AppleWebKit/537.36 (KHTML, like Gecko) Chrome/78.0.3904.108 Safari/537.36"
196.251.80.117 - - [16/Apr/2025:12:23:07 -0400] "GET /?author=1 HTTP/1.1" 200 97713 "-" "Mozilla/5.0 (Windows NT 10.0; Win64; x64) AppleWebKit/537.36 (KHTML, like Gecko) Chrome/78.0.3904.108 Safari/537.36"
196.251.80.117 - - [16/Apr/2025:12:23:13 -0400] "GET /?author=2 HTTP/1.1" 200 97713 "-" "Mozilla/5.0 (Windows NT 10.0; Win64; x64) AppleWebKit/537.36 (KHTML, like Gecko) Chrome/78.0.3904.108 Safari/537.36"
196.251.80.117 - - [16/Apr/2025:12:23:20 -0400] "GET /wp-json/wp/v2/users/ HTTP/1.1" 200 1512 "-" "Mozilla/5.0 (Windows NT 10.0; Win64; x64) AppleWebKit/537.36 (KHTML, like Gecko) Chrome/78.0.3904.108 Safari/537.36"
196.251.80.117 - - [16/Apr/2025:12:23:27 -0400] "POST /xmlrpc.php HTTP/1.1" 200 236 "-" "Mozilla/5.0 (Windows NT 10.0; Win64; x64) AppleWebKit/537.36 (KHTML, like Gecko) Chrome/78.0.3904.108 Safari/537.36"
196.251.80.117 - - [16/Apr/2025:12:23:34 -0400] "POST /xmlrpc.php HTTP/1.1" 200 236 "-" "Mozilla/5.0 (Windows NT 10.0; Win64; x64) AppleWebKit/537.36 (KHTML, like Gecko) Chrome/78.0.3904.108 Safari/537.36"
196.251.80.117 - - [16/Apr/2025:12:23:41 -0400] "POST /xmlrpc.php HTTP/1.1" 200 236 "-" "Mozilla/5.0 (Windows NT 10.0; Win64; x64) AppleWebKit/537.36 (KHTML, like Gecko) Chrome/78.0.3904.108 Safari/537.36"
196.251.80.117 - - [16/Apr/2025:12:23:48 -0400] "POST /xmlrpc.php HTTP/1.1" 200 236 "-" "Mozilla/5.0 (Windows NT 10.0; Win64; x64) AppleWebKit/537.36 (KHTML, like Gecko) Chrome/78.0.3904.108 Safari/537.36"
196.251.80.117 - - [16/Apr/2025:12:23:55 -0400] "POST /xmlrpc.php HTTP/1.1" 200 236 "-" "Mozilla/5.0 (Windows NT 10.0; Win64; x64) AppleWebKit/537.36 (KHTML, like Gecko) Chrome/78.0.3904.108 Safari/537.36"
196.251.80.117 - - [16/Apr/2025:12:24:00 -0400] "POST /xmlrpc.php HTTP/1.1" 200 236 "-" "Mozilla/5.0 (Windows NT 10.0; Win64; x64) AppleWebKit/537.36 (KHTML, like Gecko) Chrome/78.0.3904.108 Safari/537.36"
91.84.100.21 - - [16/Apr/2025:12:25:41 -0400] "GET /how-to-win-at-gas-station-slots/ HTTP/1.1" 200 11738 "http://christianmantopoulos.com/how-to-win-at-gas-station-slots/" "Mozilla/5.0 (Windows NT 10.0; Win64; x64) AppleWebKit/537.36 (KHTML, like Gecko) Chrome/129.0.0.0 Safari/537.36"
91.84.100.21 - - [16/Apr/2025:12:25:43 -0400] "POST /wp-comments-post.php HTTP/1.1" 500 1722 "http://christianmantopoulos.com/how-to-win-at-gas-station-slots/" "Mozilla/5.0 (Windows NT 10.0; Win64; x64) AppleWebKit/537.36 (KHTML, like Gecko) Chrome/129.0.0.0 Safari/537.36"
198.54.114.83 - - [16/Apr/2025:12:25:46 -0400] "POST /wp-cron.php?doing_wp_cron=1744820744.0666570663452148437500 HTTP/1.1" 200 0 "-" "WordPress/6.8; https://christianmantopoulos.com"
66.249.64.3 - - [16/Apr/2025:12:26:34 -0400] "GET /Right-Hand-Boys-Girls-Franklin-MLB/Youth-734203/ HTTP/1.1" 404 6820 "-" "Mozilla/5.0 (Linux; Android 6.0.1; Nexus 5X Build/MMB29P) AppleWebKit/537.36 (KHTML, like Gecko) Chrome/135.0.7049.84 Mobile Safari/537.36 (compatible; Googlebot/2.1; +http://www.google.com/bot.html)"
46.249.40.9 - - [16/Apr/2025:12:30:32 -0400] "POST /xmlrpc.php HTTP/1.1" 200 212 "-" "Mozilla/5.0 (Windows NT 10.0; Win64; x64; rv:59.0) Gecko/20100101 Firefox/59.0"
66.249.64.12 - - [16/Apr/2025:12:31:30 -0400] "GET /Helmbox-Casco-Champ-Reithelm/Riding-Helmets-679803/ HTTP/1.1" 404 6819 "-" "Mozilla/5.0 (Linux; Android 6.0.1; Nexus 5X Build/MMB29P) AppleWebKit/537.36 (KHTML, like Gecko) Chrome/135.0.7049.84 Mobile Safari/537.36 (compatible; Googlebot/2.1; +http://www.google.com/bot.html)"
66.249.64.12 - - [16/Apr/2025:12:36:32 -0400] "GET /Yeah-Socks/Socks-224802/ HTTP/1.1" 404 6819 "-" "Mozilla/5.0 (Linux; Android 6.0.1; Nexus 5X Build/MMB29P) AppleWebKit/537.36 (KHTML, like Gecko) Chrome/135.0.7049.84 Mobile Safari/537.36 (compatible; Googlebot/2.1; +http://www.google.com/bot.html)"
185.199.223.59 - - [16/Apr/2025:12:41:08 -0400] "POST /xmlrpc.php HTTP/1.1" 200 212 "-" "Mozilla/5.0 (Windows NT 10.0; Win64; x64; rv:40.0) Gecko/20100101 Firefox/40.0"
13.68.220.225 - - [16/Apr/2025:12:43:18 -0400] "GET /wp-includes/block-bindings/ HTTP/1.1" 403 1242 "-" "-"
13.68.220.225 - - [16/Apr/2025:12:43:22 -0400] "GET /wp-content/themes/pridmag/ HTTP/1.1" 404 6820 "-" "-"
13.68.220.225 - - [16/Apr/2025:12:43:29 -0400] "GET /wp-setting.php HTTP/1.1" 404 6820 "-" "-"
13.68.220.225 - - [16/Apr/2025:12:43:37 -0400] "GET /wp-content/themes/alera/ HTTP/1.1" 404 6821 "-" "-"
13.68.220.225 - - [16/Apr/2025:12:43:45 -0400] "GET /wp-content/plugins/elementor/assets/images/app/ HTTP/1.1" 404 6820 "-" "-"
13.68.220.225 - - [16/Apr/2025:12:43:51 -0400] "GET /wp-comments-pos.php HTTP/1.1" 404 6820 "-" "-"
13.68.220.225 - - [16/Apr/2025:12:43:59 -0400] "GET /wp-content/themes/ripro/inc/admin/ HTTP/1.1" 404 6821 "-" "-"
13.68.220.225 - - [16/Apr/2025:12:44:09 -0400] "GET /wp-includes/l10n/ HTTP/1.1" 403 1242 "-" "-"
13.68.220.225 - - [16/Apr/2025:12:44:16 -0400] "GET /index/b/home/h213348220/fundlead.ru/docs/wp-admin/includes/ HTTP/1.1" 404 6820 "-" "-"
13.68.220.225 - - [16/Apr/2025:12:44:23 -0400] "GET /wp-includes/blocks/archives/ HTTP/1.1" 403 1242 "-" "-"
13.68.220.225 - - [16/Apr/2025:12:44:32 -0400] "GET /wp-includes/sodium_compat/namespaced/ HTTP/1.1" 403 1242 "-" "-"
13.68.220.225 - - [16/Apr/2025:12:44:38 -0400] "GET /wp-includes/blocks/latest-comments/ HTTP/1.1" 403 1242 "-" "-"
13.68.220.225 - - [16/Apr/2025:12:44:43 -0400] "GET /wp-content/plugins/woocommerce/assets/client/blocks/products-by-attribute/ HTTP/1.1" 404 6821 "-" "-"
13.68.220.225 - - [16/Apr/2025:12:44:55 -0400] "GET /wp-content/uploads/2023/03/ HTTP/1.1" 404 6820 "-" "-"
13.68.220.225 - - [16/Apr/2025:12:45:10 -0400] "GET /wp-content/themes/seotheme/ HTTP/1.1" 404 6820 "-" "-"
13.68.220.225 - - [16/Apr/2025:12:45:20 -0400] "GET /Content/UserFiles/News/Orjinal/ HTTP/1.1" 404 6820 "-" "-"
13.68.220.225 - - [16/Apr/2025:12:45:33 -0400] "GET /wp-content/themes/sketch/ HTTP/1.1" 404 6820 "-" "-"
13.68.220.225 - - [16/Apr/2025:12:45:44 -0400] "GET /wp-includes/images/wlw/ HTTP/1.1" 404 6820 "-" "-"
13.68.220.225 - - [16/Apr/2025:12:45:52 -0400] "GET /templates/p/snippets/g8ofh3h3db/raw/ HTTP/1.1" 404 6820 "-" "-"
13.68.220.225 - - [16/Apr/2025:12:46:01 -0400] "GET /wp-content/ HTTP/1.1" 200 0 "-" "-"
13.68.220.225 - - [16/Apr/2025:12:46:10 -0400] "GET /wp-content/plugins/elementor/assets/images/ HTTP/1.1" 404 6820 "-" "-"
13.68.220.225 - - [16/Apr/2025:12:46:16 -0400] "GET /wp-includes/images/ HTTP/1.1" 403 1242 "-" "-"
13.68.220.225 - - [16/Apr/2025:12:46:17 -0400] "GET /wp-link.php/wp-content/plugins/wp-content/uploads/wp_live_chat/ HTTP/1.1" 404 6820 "-" "-"
13.68.220.225 - - [16/Apr/2025:12:46:28 -0400] "GET /wp-cro.php/ HTTP/1.1" 404 6820 "-" "-"
13.68.220.225 - - [16/Apr/2025:12:46:42 -0400] "GET /wp-includes/Requests/abou.php/ HTTP/1.1" 404 6819 "-" "-"
66.249.64.2 - - [16/Apr/2025:12:46:50 -0400] "GET /Elastic-Tube-Doublelayer-Wear-Slingshot-Latex/Other-Hunting-Accessories-505881/ HTTP/1.1" 404 6820 "-" "Mozilla/5.0 (Linux; Android 6.0.1; Nexus 5X Build/MMB29P) AppleWebKit/537.36 (KHTML, like Gecko) Chrome/135.0.7049.84 Mobile Safari/537.36 (compatible; Googlebot/2.1; +http://www.google.com/bot.html)"
13.68.220.225 - - [16/Apr/2025:12:46:52 -0400] "GET /wordpress/wp-includes/js/mediaelement/renderers/ HTTP/1.1" 404 6820 "-" "-"
13.68.220.225 - - [16/Apr/2025:12:47:03 -0400] "GET /wp-content/plugins/oxygen/component-framework/components/classes/gallery/photoswipe/ HTTP/1.1" 404 6821 "-" "-"
13.68.220.225 - - [16/Apr/2025:12:47:09 -0400] "GET /map.php HTTP/1.1" 404 6820 "-" "-"
13.68.220.225 - - [16/Apr/2025:12:47:20 -0400] "GET /wp-includes/block-patterns/ HTTP/1.1" 403 1242 "-" "-"
13.68.220.225 - - [16/Apr/2025:12:47:28 -0400] "GET /wp-content/plugins/elementor-pro/modules/woocommerce/skins/ HTTP/1.1" 404 6821 "-" "-"
13.68.220.225 - - [16/Apr/2025:12:47:37 -0400] "GET /wp-content/plugins/seo-by-rank-math/vendor/woocommerce/ HTTP/1.1" 404 6821 "-" "-"
13.68.220.225 - - [16/Apr/2025:12:47:46 -0400] "GET /wp-admin/css/colors/sunrise/ HTTP/1.1" 403 1242 "-" "-"
13.68.220.225 - - [16/Apr/2025:12:47:56 -0400] "GET /wp-content/plugins/ultimate-addons-for-gutenberg/blocks-config/uagb-controls/ HTTP/1.1" 404 6821 "-" "-"
13.68.220.225 - - [16/Apr/2025:12:48:04 -0400] "GET /wp-includes/rest-api/ HTTP/1.1" 403 1242 "-" "-"
13.68.220.225 - - [16/Apr/2025:12:48:10 -0400] "GET /wp-content/themes/twenty/ HTTP/1.1" 404 6820 "-" "-"
13.68.220.225 - - [16/Apr/2025:12:48:17 -0400] "GET /wp-includes/js/tinymce/themes/inlite/ HTTP/1.1" 403 1242 "-" "-"
13.68.220.225 - - [16/Apr/2025:12:48:17 -0400] "GET /wp-includes/blocks/ HTTP/1.1" 200 22 "-" "-"
13.68.220.225 - - [16/Apr/2025:12:48:22 -0400] "GET /wp-content/themes/ HTTP/1.1" 200 0 "-" "-"
13.68.220.225 - - [16/Apr/2025:12:48:30 -0400] "GET /newlms/assets/frontend/ HTTP/1.1" 404 6821 "-" "-"
13.68.220.225 - - [16/Apr/2025:12:48:38 -0400] "GET /wp-includes/theme-compat/ HTTP/1.1" 403 1242 "-" "-"
13.68.220.225 - - [16/Apr/2025:12:48:42 -0400] "GET /wp-content/plugins/shell/ HTTP/1.1" 404 6819 "-" "-"
198.54.114.83 - - [16/Apr/2025:12:48:51 -0400] "POST /wp-cron.php?doing_wp_cron=1744822122.8229188919067382812500 HTTP/1.1" 200 0 "-" "WordPress/6.8; https://christianmantopoulos.com"
13.68.220.225 - - [16/Apr/2025:12:48:58 -0400] "GET /wp-content/themes/blocksy/static/sass/frontend/6-layout/entries/ HTTP/1.1" 404 6821 "-" "-"
13.68.220.225 - - [16/Apr/2025:12:49:12 -0400] "GET /wp-admin/images/ HTTP/1.1" 403 1242 "-" "-"
13.68.220.225 - - [16/Apr/2025:12:49:21 -0400] "GET /wp-includes/Requests/abou.php/ HTTP/1.1" 404 6819 "-" "-"
13.68.220.225 - - [16/Apr/2025:12:49:26 -0400] "GET /wp/wp-content/themes/twentytwenty/template-parts/ HTTP/1.1" 404 0 "-" "-"
40.69.92.87 - - [16/Apr/2025:12:49:57 -0400] "GET /wp-includes/wp-load.php HTTP/1.1" 404 6820 "-" "-"
40.69.92.87 - - [16/Apr/2025:12:50:16 -0400] "GET /wp-includes/SimplePie/about.php HTTP/1.1" 404 6820 "-" "-"
40.69.92.87 - - [16/Apr/2025:12:50:24 -0400] "GET /wp-admin/includes/index.php HTTP/1.1" 301 0 "-" "-"
40.69.92.87 - - [16/Apr/2025:12:50:28 -0400] "GET /wp-admin/includes/ HTTP/1.1" 403 1242 "-" "-"
40.69.92.87 - - [16/Apr/2025:12:50:35 -0400] "GET /cgi-bin/wp-login.php HTTP/1.1" 500 114 "-" "-"
40.69.92.87 - - [16/Apr/2025:12:50:41 -0400] "GET /options.php HTTP/1.1" 404 6820 "-" "-"
40.69.92.87 - - [16/Apr/2025:12:50:48 -0400] "GET /cgi-bin/themes.php HTTP/1.1" 404 6820 "-" "-"
40.69.92.87 - - [16/Apr/2025:12:50:55 -0400] "GET /wp-content/themes/admin.php HTTP/1.1" 404 6820 "-" "-"
40.69.92.87 - - [16/Apr/2025:12:51:07 -0400] "GET /.well-known/acme-challenge/install.php HTTP/1.1" 404 6820 "-" "-"
40.69.92.87 - - [16/Apr/2025:12:51:18 -0400] "GET /test.php HTTP/1.1" 404 6820 "-" "-"
40.69.92.87 - - [16/Apr/2025:12:51:27 -0400] "GET /.well-known/plugins.php HTTP/1.1" 404 6820 "-" "-"
40.69.92.87 - - [16/Apr/2025:12:51:38 -0400] "GET /wp-includes/blocks/about.php HTTP/1.1" 404 6820 "-" "-"
66.249.64.1 - - [16/Apr/2025:12:51:46 -0400] "GET /Multitool-Pocket-Tool-New-VW-Original/Pocket-Multi-Tools-602573/ HTTP/1.1" 404 6820 "-" "Mozilla/5.0 (Linux; Android 6.0.1; Nexus 5X Build/MMB29P) AppleWebKit/537.36 (KHTML, like Gecko) Chrome/135.0.7049.84 Mobile Safari/537.36 (compatible; Googlebot/2.1; +http://www.google.com/bot.html)"
40.69.92.87 - - [16/Apr/2025:12:51:48 -0400] "GET /wp-admin/includes/cloud.php HTTP/1.1" 404 6820 "-" "-"
40.69.92.87 - - [16/Apr/2025:12:51:56 -0400] "GET /.well-known/iwpairbj.php HTTP/1.1" 404 6820 "-" "-"
40.69.92.87 - - [16/Apr/2025:12:52:02 -0400] "GET /wp-admin/css/colors/blue/blkafewl.php HTTP/1.1" 404 6820 "-" "-"
2a02:4780:2d:8a17::1 - - [16/Apr/2025:12:52:06 -0400] "POST /xmlrpc.php HTTP/1.1" 200 212 "-" "Mozilla/5.0 (Windows NT 10.0; Win64; x64; rv:77.0) Gecko/20100101 Firefox/77.0"
40.69.92.87 - - [16/Apr/2025:12:52:08 -0400] "GET /wp-admin/includes/xmrlpc.php?p= HTTP/1.1" 301 0 "-" "-"
198.54.114.83 - - [16/Apr/2025:12:52:13 -0400] "POST /wp-cron.php?doing_wp_cron=1744822328.5560400485992431640625 HTTP/1.1" 200 0 "-" "WordPress/6.8; https://christianmantopoulos.com"
40.69.92.87 - - [16/Apr/2025:12:52:16 -0400] "GET /wp-admin/includes/xmrlpc.php HTTP/1.1" 404 6820 "-" "-"
40.69.92.87 - - [16/Apr/2025:12:52:22 -0400] "GET /wp-includes/admin.php HTTP/1.1" 404 6820 "-" "-"
40.69.92.87 - - [16/Apr/2025:12:52:29 -0400] "GET /wordpress/about.php HTTP/1.1" 404 6821 "-" "-"
40.69.92.87 - - [16/Apr/2025:12:52:34 -0400] "GET /wp-admin/includes/1975Team.php HTTP/1.1" 404 6820 "-" "-"
40.69.92.87 - - [16/Apr/2025:12:52:42 -0400] "GET /wp-includes/SimplePie/gzdecodes.php.suspected HTTP/1.1" 404 6820 "-" "-"
40.69.92.87 - - [16/Apr/2025:12:52:48 -0400] "GET /wp-includes/pomo/install.php HTTP/1.1" 404 6821 "-" "-"
40.69.92.87 - - [16/Apr/2025:12:52:53 -0400] "GET /wp-links-opml.php HTTP/1.1" 200 190 "-" "-"
40.69.92.87 - - [16/Apr/2025:12:52:58 -0400] "GET /repeater.php HTTP/1.1" 404 6821 "-" "-"
40.69.92.87 - - [16/Apr/2025:12:53:02 -0400] "GET /sidwsi.php HTTP/1.1" 404 6820 "-" "-"
40.69.92.87 - - [16/Apr/2025:12:53:06 -0400] "GET /css/index.php HTTP/1.1" 301 0 "-" "-"
40.69.92.87 - - [16/Apr/2025:12:53:11 -0400] "GET /css/ HTTP/1.1" 404 6820 "-" "-"
40.69.92.87 - - [16/Apr/2025:12:53:15 -0400] "GET /mah.php HTTP/1.1" 404 6820 "-" "-"
40.69.92.87 - - [16/Apr/2025:12:53:20 -0400] "GET /wp-mail.php HTTP/1.1" 403 1138 "-" "-"
40.69.92.87 - - [16/Apr/2025:12:53:23 -0400] "GET /ini.php HTTP/1.1" 404 6820 "-" "-"
198.54.114.83 - - [16/Apr/2025:12:53:26 -0400] "POST /wp-cron.php?doing_wp_cron=1744822403.5954399108886718750000 HTTP/1.1" 200 0 "-" "WordPress/6.8; https://christianmantopoulos.com"
40.69.92.87 - - [16/Apr/2025:12:53:27 -0400] "GET /wp-includes/css/core.php HTTP/1.1" 404 6821 "-" "-"
40.69.92.87 - - [16/Apr/2025:12:53:30 -0400] "GET /.well-known/pki-validation/about.php HTTP/1.1" 404 1251 "-" "-"
40.69.92.87 - - [16/Apr/2025:12:53:33 -0400] "GET /cgi-bin/file.php HTTP/1.1" 404 6820 "-" "-"
40.69.92.87 - - [16/Apr/2025:12:53:35 -0400] "GET /wp-admin/alfa.php HTTP/1.1" 404 6820 "-" "-"
40.69.92.87 - - [16/Apr/2025:12:53:39 -0400] "GET /.well-known/pki-validation/admin.php HTTP/1.1" 404 1251 "-" "-"
40.69.92.87 - - [16/Apr/2025:12:53:41 -0400] "GET /wp-admin/maint/about.php HTTP/1.1" 404 6820 "-" "-"
40.69.92.87 - - [16/Apr/2025:12:53:44 -0400] "GET /wp-content/themes/twentynineteen/inc/ty.php HTTP/1.1" 404 6820 "-" "-"
40.69.92.87 - - [16/Apr/2025:12:53:47 -0400] "GET /wp-content/plugins/about.php HTTP/1.1" 404 6821 "-" "-"
40.69.92.87 - - [16/Apr/2025:12:53:50 -0400] "GET /wp-content/uploads/upload_handler.php HTTP/1.1" 404 6820 "-" "-"
40.69.92.87 - - [16/Apr/2025:12:53:54 -0400] "GET /cgi-bin/cloud.php HTTP/1.1" 404 6820 "-" "-"
40.69.92.87 - - [16/Apr/2025:12:53:58 -0400] "GET /defense.php HTTP/1.1" 404 6821 "-" "-"
