52.169.25.97 - - [17/Apr/2025:20:47:26 -0400] "GET /.well-known/acme-challenge/my1.php HTTP/1.1" 404 6820 "-" "-"
146.70.178.118 - - [17/Apr/2025:20:47:27 -0400] "GET /wp-admin/css/colors/blue/ HTTP/1.1" 403 1242 "-" "Mozilla/5.0 (X11; Ubuntu; Linux x86_64; rv:79.0) Gecko/20100101 Firefox/79.0"
52.169.25.97 - - [17/Apr/2025:20:47:28 -0400] "GET //.well-known/acme-challenge/xmrlpc.php?p= HTTP/1.1" 301 0 "-" "-"
146.70.178.118 - - [17/Apr/2025:20:47:28 -0400] "GET /wp-admin/network/wp-conflg.php?p= HTTP/1.1" 301 0 "-" "Mozilla/5.0 (Windows NT 10.0; Win64; x64) AppleWebKit/537.36 (KHTML, like Gecko) Chrome/81.0.4044.129 Safari/537.36"
146.70.36.142 - - [17/Apr/2025:20:44:29 -0400] "GET /wp-content/admin.php HTTP/1.1" 404 6820 "-" "Mozilla/5.0 (Windows NT 10.0; Win64; x64; rv:73.0) Gecko/20100101 Firefox/73.0"
52.169.25.97 - - [17/Apr/2025:20:44:29 -0400] "GET /.well-known/acme-challenge/about.php HTTP/1.1" 404 6820 "-" "-"
52.169.25.97 - - [17/Apr/2025:20:47:31 -0400] "GET /.well-known/acme-challenge/xmrlpc.php HTTP/1.1" 404 6820 "-" "-"
146.70.178.118 - - [17/Apr/2025:20:47:31 -0400] "GET /wp-includes/wp-includes_function.php HTTP/1.1" 404 6820 "-" "Mozilla/5.0 (Windows NT 6.1; Win64; x64) AppleWebKit/537.36 (KHTML, like Gecko) Chrome/79.0.3945.130 Safari/537.36"
66.249.64.2 - - [17/Apr/2025:20:47:32 -0400] "GET /robots.txt HTTP/1.1" 304 0 "-" "Mozilla/5.0 (compatible; Googlebot/2.1; +http://www.google.com/bot.html)"
66.249.64.2 - - [17/Apr/2025:20:47:32 -0400] "GET /Tracksuit-Co-Ord-Set-New-Ladies/Tracksuits-417249/ HTTP/1.1" 404 6820 "-" "Mozilla/5.0 (Linux; Android 6.0.1; Nexus 5X Build/MMB29P) AppleWebKit/537.36 (KHTML, like Gecko) Chrome/135.0.7049.95 Mobile Safari/537.36 (compatible; Googlebot/2.1; +http://www.google.com/bot.html)"
52.169.25.97 - - [17/Apr/2025:20:47:33 -0400] "GET //.well-known/pki-validation/cloud.php HTTP/1.1" 301 0 "-" "-"
146.70.178.118 - - [17/Apr/2025:20:47:33 -0400] "GET /new.php HTTP/1.1" 404 6820 "-" "Mozilla/5.0 (Macintosh; Intel Mac OS X 10_15_6) AppleWebKit/537.36 (KHTML, like Gecko) Chrome/84.0.4147.105 Safari/537.36 OPR/70.0.3728.95"
52.169.25.97 - - [17/Apr/2025:20:47:34 -0400] "GET /.well-known/pki-validation/cloud.php HTTP/1.1" 404 1251 "-" "-"
146.70.178.118 - - [17/Apr/2025:20:47:35 -0400] "GET /wp-content/plugins/wp-conflg.php?p= HTTP/1.1" 301 0 "-" "Mozilla/5.0 (Windows NT 10.0; Win64; x64) AppleWebKit/537.36 (KHTML, like Gecko) Chrome/79.0.3945.88 Safari/537.36"
52.169.25.97 - - [17/Apr/2025:20:47:36 -0400] "GET //.well-known/pki-validation/index.php?p= HTTP/1.1" 301 0 "-" "-"
52.169.25.97 - - [17/Apr/2025:20:47:37 -0400] "GET /.well-known/pki-validation/ HTTP/1.1" 404 1251 "-" "-"
146.70.178.118 - - [17/Apr/2025:20:47:37 -0400] "GET /wp-includes/images/about.php HTTP/1.1" 404 6821 "-" "Mozilla/5.0 (Macintosh; Intel Mac OS X 10_15_6) AppleWebKit/537.36 (KHTML, like Gecko) Chrome/84.0.4147.125 Safari/537.36"
52.169.25.97 - - [17/Apr/2025:20:47:38 -0400] "GET //1.php HTTP/1.1" 301 0 "-" "-"
52.169.25.97 - - [17/Apr/2025:20:47:38 -0400] "GET /1.php HTTP/1.1" 404 6820 "-" "-"
146.70.178.118 - - [17/Apr/2025:20:47:38 -0400] "GET /wp-admin/css/colors/blue/xmrlpc.php HTTP/1.1" 404 6821 "-" "Mozilla/5.0 (Windows NT 10.0; Win64; x64; rv:72.0) Gecko/20100101 Firefox/72.0"
52.169.25.97 - - [17/Apr/2025:20:47:40 -0400] "GET //404.php HTTP/1.1" 301 0 "-" "-"
146.70.178.118 - - [17/Apr/2025:20:47:40 -0400] "GET /phpfm3.php HTTP/1.1" 404 6820 "-" "Mozilla/5.0 (Windows NT 10.0; Win64; x64; rv:79.0) Gecko/20100101 Firefox/79.0"
52.169.25.97 - - [17/Apr/2025:20:47:41 -0400] "GET /404.php HTTP/1.1" 404 6820 "-" "-"
146.70.178.118 - - [17/Apr/2025:20:47:41 -0400] "GET /wp-includes/js/codemirror/about.php HTTP/1.1" 404 6820 "-" "Mozilla/5.0 (Windows NT 10.0; Win64; x64; rv:79.0) Gecko/20100101 Firefox/79.0"
52.169.25.97 - - [17/Apr/2025:20:47:41 -0400] "GET //a.php HTTP/1.1" 301 0 "-" "-"
52.169.25.97 - - [17/Apr/2025:20:47:43 -0400] "GET /a.php HTTP/1.1" 404 6820 "-" "-"
146.70.178.118 - - [17/Apr/2025:20:47:42 -0400] "GET /wp-admin/css/colors/blue/about.php HTTP/1.1" 404 6820 "-" "Mozilla/5.0 (Windows NT 6.1; Win64; x64) AppleWebKit/537.36 (KHTML, like Gecko) Chrome/74.0.3729.169 Safari/537.36"
52.169.25.97 - - [17/Apr/2025:20:47:43 -0400] "GET //about.php HTTP/1.1" 301 0 "-" "-"
146.70.178.118 - - [17/Apr/2025:20:47:44 -0400] "GET /wp-content/plugins/seoplugins/mar.php HTTP/1.1" 404 6820 "-" "Mozilla/5.0 (Windows NT 10.0; Win64; x64) AppleWebKit/537.36 (KHTML, like Gecko) Chrome/58.0.3029.110 Safari/537.3"
52.169.25.97 - - [17/Apr/2025:20:47:45 -0400] "GET /about.php HTTP/1.1" 404 6820 "-" "-"
146.70.178.118 - - [17/Apr/2025:20:47:46 -0400] "GET /post.php HTTP/1.1" 404 6820 "-" "Mozilla/5.0 (Windows NT 10.0; Win64; x64) AppleWebKit/537.36 (KHTML, like Gecko) Chrome/80.0.3987.149 Safari/537.36"
52.169.25.97 - - [17/Apr/2025:20:47:46 -0400] "GET //about.php HTTP/1.1" 301 0 "-" "-"
52.169.25.97 - - [17/Apr/2025:20:47:47 -0400] "GET /about.php HTTP/1.1" 404 6820 "-" "-"
146.70.178.118 - - [17/Apr/2025:20:47:47 -0400] "GET /wp-content/languages/themes/wp-login.php HTTP/1.1" 404 6821 "-" "Mozilla/5.0 (Windows NT 10.0; Win64; x64) AppleWebKit/537.36 (KHTML, like Gecko) Chrome/79.0.3945.130 Safari/537.36"
52.169.25.97 - - [17/Apr/2025:20:47:49 -0400] "GET //admin.php HTTP/1.1" 301 0 "-" "-"
146.70.178.118 - - [17/Apr/2025:20:47:50 -0400] "GET /wp-admin/file.php HTTP/1.1" 404 6820 "-" "Mozilla/5.0 (Windows NT 10.0) AppleWebKit/537.36 (KHTML, like Gecko) Chrome/72.0.3626.121 Safari/537.36"
52.169.25.97 - - [17/Apr/2025:20:47:50 -0400] "GET /admin.php HTTP/1.1" 404 6820 "-" "-"
146.70.178.118 - - [17/Apr/2025:20:47:53 -0400] "GET /wp-admin/index.php HTTP/1.1" 302 0 "-" "Mozilla/5.0 (Windows NT 10.0; Win64; x64; rv:79.0) Gecko/20100101 Firefox/79.0"
52.169.25.97 - - [17/Apr/2025:20:47:53 -0400] "GET //alfanew.php HTTP/1.1" 301 0 "-" "-"
52.169.25.97 - - [17/Apr/2025:20:47:54 -0400] "GET /alfanew.php HTTP/1.1" 404 6820 "-" "-"
146.70.178.118 - - [17/Apr/2025:20:47:54 -0400] "GET /wp-content/themes/sketch/404.php HTTP/1.1" 404 6820 "-" "Mozilla/5.0 (Windows NT 6.3; Win64; x64; rv:73.0) Gecko/20100101 Firefox/73.0"
52.169.25.97 - - [17/Apr/2025:20:47:55 -0400] "GET //alfanew.php7 HTTP/1.1" 301 0 "-" "-"
146.70.178.118 - - [17/Apr/2025:20:47:56 -0400] "GET /wp-includes/block-supports/index.php HTTP/1.1" 301 0 "-" "Mozilla/5.0 (Windows NT 10.0; WOW64) AppleWebKit/537.36 (KHTML, like Gecko) Chrome/84.0.4147.105 Safari/537.36"
52.169.25.97 - - [17/Apr/2025:20:47:58 -0400] "GET /alfanew.php7 HTTP/1.1" 404 6821 "-" "-"
146.70.178.118 - - [17/Apr/2025:20:47:59 -0400] "GET /wp-includes/ID3/about.php HTTP/1.1" 404 6821 "-" "Mozilla/5.0 (Macintosh; Intel Mac OS X 10_15_6) AppleWebKit/537.36 (KHTML, like Gecko) Chrome/84.0.4147.105 Safari/537.36"
52.169.25.97 - - [17/Apr/2025:20:48:00 -0400] "GET //autoload_classmap.php HTTP/1.1" 301 0 "-" "-"
52.169.25.97 - - [17/Apr/2025:20:48:02 -0400] "GET /autoload_classmap.php HTTP/1.1" 404 6820 "-" "-"
146.70.178.118 - - [17/Apr/2025:20:48:02 -0400] "GET /wp-admin/chosen.php HTTP/1.1" 404 6820 "-" "Mozilla/5.0 (Macintosh; Intel Mac OS X 10_15_6) AppleWebKit/537.36 (KHTML, like Gecko) Chrome/84.0.4147.105 Safari/537.36"
146.70.178.118 - - [17/Apr/2025:20:48:05 -0400] "GET /wp-content/upgrade/autoload_classmap.php HTTP/1.1" 404 6820 "-" "Mozilla/5.0 (Windows NT 10.0; Win64; x64) AppleWebKit/537.36 (KHTML, like Gecko) Chrome/80.0.3987.149 Safari/537.36"
52.169.25.97 - - [17/Apr/2025:20:48:05 -0400] "GET //bp.php?taf HTTP/1.1" 301 0 "-" "-"
146.70.178.118 - - [17/Apr/2025:20:48:07 -0400] "GET /.well-known/pki-validation/afnew.php HTTP/1.1" 404 1251 "-" "Mozilla/5.0 (Windows NT 6.1; Win64; x64) AppleWebKit/537.36 (KHTML, like Gecko) Chrome/78.0.3904.108 Safari/537.36"
52.169.25.97 - - [17/Apr/2025:20:48:07 -0400] "GET /bp.php?taf HTTP/1.1" 404 6820 "-" "-"
146.70.178.118 - - [17/Apr/2025:20:48:11 -0400] "GET /randkeyword.php HTTP/1.1" 404 6820 "-" "Mozilla/5.0 (Windows NT 10.0; Win64; x64; rv:75.0) Gecko/20100101 Firefox/75.0"
52.169.25.97 - - [17/Apr/2025:20:48:12 -0400] "GET //cgi-bin/cloud.php HTTP/1.1" 301 0 "-" "-"
146.70.178.118 - - [17/Apr/2025:20:48:15 -0400] "GET /wp-content/plugins/awesome-coming-soon/flower.php HTTP/1.1" 404 6820 "-" "Mozilla/5.0 (Windows NT 10.0; Win64; x64) AppleWebKit/537.36 (KHTML, like Gecko) Chrome/69.0.3497.100 Safari/537.36"
52.169.25.97 - - [17/Apr/2025:20:48:15 -0400] "GET /cgi-bin/cloud.php HTTP/1.1" 404 6820 "-" "-"
146.70.178.118 - - [17/Apr/2025:20:48:17 -0400] "GET /wp-includes/admin.php HTTP/1.1" 404 6820 "-" "Mozilla/5.0 (Windows NT 10.0; Win64; x64) AppleWebKit/537.36 (KHTML, like Gecko) Chrome/75.0.3770.100 Safari/537.36"
52.169.25.97 - - [17/Apr/2025:20:48:17 -0400] "GET //cgi-bin/my1.php HTTP/1.1" 301 0 "-" "-"
52.169.25.97 - - [17/Apr/2025:20:48:20 -0400] "GET /cgi-bin/my1.php HTTP/1.1" 404 6820 "-" "-"
146.70.178.118 - - [17/Apr/2025:20:48:20 -0400] "GET /wp-content/1.php HTTP/1.1" 404 6820 "-" "Mozilla/5.0 (Windows NT 10.0; Win64; x64; rv:71.0) Gecko/20100101 Firefox/71.0"
146.70.178.118 - - [17/Apr/2025:20:48:23 -0400] "GET /xxx.php HTTP/1.1" 404 6820 "-" "Mozilla/5.0 (Windows NT 10.0; Win64; x64) AppleWebKit/537.36 (KHTML, like Gecko) Chrome/84.0.4147.105 Safari/537.36"
52.169.25.97 - - [17/Apr/2025:20:48:23 -0400] "GET //cgi-bin/xmrlpc.php?p= HTTP/1.1" 301 0 "-" "-"
198.54.114.83 - - [17/Apr/2025:20:48:24 -0400] "POST /wp-cron.php?doing_wp_cron=1744937303.3434040546417236328125 HTTP/1.1" 200 0 "-" "WordPress/6.8; https://christianmantopoulos.com"
146.70.178.118 - - [17/Apr/2025:20:48:25 -0400] "GET /wp-content/themes/index.php HTTP/1.1" 200 0 "-" "Mozilla/5.0 (Windows NT 10.0; Win64; x64) AppleWebKit/537.36 (KHTML, like Gecko) Chrome/83.0.4103.61 Safari/537.36"
52.169.25.97 - - [17/Apr/2025:20:48:26 -0400] "GET /cgi-bin/xmrlpc.php HTTP/1.1" 404 6820 "-" "-"
146.70.178.118 - - [17/Apr/2025:20:48:27 -0400] "GET /ulc6.php HTTP/1.1" 404 6821 "-" "Mozilla/5.0 (Windows NT 6.1; Win64; x64) AppleWebKit/537.36 (KHTML, like Gecko) Chrome/78.0.3904.108 Safari/537.36"
52.169.25.97 - - [17/Apr/2025:20:48:29 -0400] "GET //chosen.php HTTP/1.1" 301 0 "-" "-"
146.70.178.118 - - [17/Apr/2025:20:48:29 -0400] "GET /lv.php HTTP/1.1" 404 6820 "-" "Mozilla/5.0 (Windows NT 10.0; Win64; x64) AppleWebKit/537.36 (KHTML, like Gecko) Chrome/70.0.3538.110 Safari/537.36"
52.169.25.97 - - [17/Apr/2025:20:48:31 -0400] "GET /chosen.php HTTP/1.1" 404 6820 "-" "-"
146.70.178.118 - - [17/Apr/2025:20:48:33 -0400] "GET /zip.php HTTP/1.1" 404 6820 "-" "Mozilla/5.0 (Windows NT 6.3; Win64; x64; rv:73.0) Gecko/20100101 Firefox/73.0"
52.169.25.97 - - [17/Apr/2025:20:48:34 -0400] "GET //chosen.php?p= HTTP/1.1" 301 0 "-" "-"
146.70.178.118 - - [17/Apr/2025:20:48:35 -0400] "GET /wp-admin/css/index.php HTTP/1.1" 301 0 "-" "Mozilla/5.0 (Windows NT 10.0; Win64; x64; rv:66.0) Gecko/20100101 Firefox/66.0"
52.169.25.97 - - [17/Apr/2025:20:48:35 -0400] "GET /chosen.php HTTP/1.1" 404 6820 "-" "-"
146.70.178.118 - - [17/Apr/2025:20:48:37 -0400] "GET /wp-includes/block-patterns/about.php HTTP/1.1" 404 6821 "-" "Mozilla/5.0 (Windows NT 10.0; Win64; x64) AppleWebKit/537.36 (KHTML, like Gecko) Chrome/75.0.3770.100 Safari/537.36"
52.169.25.97 - - [17/Apr/2025:20:48:37 -0400] "GET //cjfuns.php HTTP/1.1" 301 0 "-" "-"
52.169.25.97 - - [17/Apr/2025:20:48:38 -0400] "GET /cjfuns.php HTTP/1.1" 404 6821 "-" "-"
146.70.178.118 - - [17/Apr/2025:20:48:39 -0400] "GET /wp-content/plugins/wpcall-button/dropdown.php HTTP/1.1" 404 6821 "-" "Mozilla/5.0 (Windows NT 6.1; Win64; x64) AppleWebKit/537.36 (KHTML, like Gecko) Chrome/78.0.3904.108 Safari/537.36"
146.70.178.118 - - [17/Apr/2025:20:48:40 -0400] "GET /wp-content/uploads/ HTTP/1.1" 403 1242 "-" "Mozilla/5.0 (Windows NT 10.0; Win64; x64; rv:77.0) Gecko/20100101 Firefox/77.0"
52.169.25.97 - - [17/Apr/2025:20:48:40 -0400] "GET //classwithtostring.php HTTP/1.1" 301 0 "-" "-"
52.169.25.97 - - [17/Apr/2025:20:48:42 -0400] "GET /classwithtostring.php HTTP/1.1" 404 6820 "-" "-"
146.70.178.118 - - [17/Apr/2025:20:48:42 -0400] "GET /wp-includes/assets/about.php HTTP/1.1" 404 6820 "-" "Mozilla/5.0 (Windows NT 10.0; Win64; x64) AppleWebKit/537.36 (KHTML, like Gecko) Chrome/79.0.3945.88 Safari/537.36"
52.169.25.97 - - [17/Apr/2025:20:48:43 -0400] "GET //cong.php HTTP/1.1" 301 0 "-" "-"
146.70.178.118 - - [17/Apr/2025:20:48:45 -0400] "GET /wp-includes/widgets/about.php HTTP/1.1" 404 6820 "-" "Mozilla/5.0 (compatible; MSIE 10.0; Windows NT 6.1; Trident/6.0)"
52.169.25.97 - - [17/Apr/2025:20:48:45 -0400] "GET /cong.php HTTP/1.1" 404 6820 "-" "-"
146.70.178.118 - - [17/Apr/2025:20:48:46 -0400] "GET /wp-includes/SimplePie/Content/index.php HTTP/1.1" 301 0 "-" "Mozilla/5.0 (Windows NT 10.0; WOW64; x64) AppleWebKit/537.36 (KHTML, like Gecko) Chrome/84.0.4147.105 Safari/537.36 OPR/70.0.3728.95"
52.169.25.97 - - [17/Apr/2025:20:48:46 -0400] "GET //content.php HTTP/1.1" 301 0 "-" "-"
52.169.25.97 - - [17/Apr/2025:20:48:48 -0400] "GET /content.php HTTP/1.1" 404 6820 "-" "-"
146.70.178.118 - - [17/Apr/2025:20:48:48 -0400] "GET /wp-includes/assets/autoload_classmap.php HTTP/1.1" 404 6819 "-" "Mozilla/5.0 (Windows NT 10.0; Win64; x64; rv:76.0) Gecko/20100101 Firefox/76.0"
52.169.25.97 - - [17/Apr/2025:20:48:50 -0400] "GET //content.php?pass=dadsec HTTP/1.1" 301 0 "-" "-"
146.70.178.118 - - [17/Apr/2025:20:48:50 -0400] "GET /wp-admin/js/widgets/about.php7 HTTP/1.1" 404 6820 "-" "Mozilla/5.0 (Macintosh; Intel Mac OS X 10_15_6) AppleWebKit/537.36 (KHTML, like Gecko) Chrome/84.0.4147.105 Safari/537.36 OPR/70.0.3728.95"
52.169.25.97 - - [17/Apr/2025:20:48:52 -0400] "GET /content.php?pass=dadsec HTTP/1.1" 404 6820 "-" "-"
146.70.178.118 - - [17/Apr/2025:20:48:52 -0400] "GET /.well-known/pki-validation/ HTTP/1.1" 404 1251 "-" "Mozilla/5.0 (Windows NT 10.0; Win64; x64; rv:77.0) Gecko/20100101 Firefox/77.0"
52.169.25.97 - - [17/Apr/2025:20:48:53 -0400] "GET //dropdown.php HTTP/1.1" 301 0 "-" "-"
146.70.178.118 - - [17/Apr/2025:20:48:54 -0400] "GET /wp-content/themes/digital-download/new.php HTTP/1.1" 404 6820 "-" "Mozilla/5.0 (Windows NT 6.1; Win64; x64) AppleWebKit/537.36 (KHTML, like Gecko) Chrome/78.0.3904.108 Safari/537.36"
52.169.25.97 - - [17/Apr/2025:20:48:54 -0400] "GET /dropdown.php HTTP/1.1" 404 6820 "-" "-"
52.169.25.97 - - [17/Apr/2025:20:48:55 -0400] "GET //ee.php HTTP/1.1" 301 0 "-" "-"
146.70.178.118 - - [17/Apr/2025:20:48:55 -0400] "GET /wp-content/themes.php HTTP/1.1" 404 6820 "-" "Mozilla/5.0 (Windows NT 10.0; Win64; x64) AppleWebKit/537.36 (KHTML, like Gecko) Chrome/70.0.3538.77 Safari/537.36"
146.70.178.118 - - [17/Apr/2025:20:48:56 -0400] "GET /wp-cron.php HTTP/1.1" 200 0 "-" "Mozilla/5.0 (Windows NT 10.0; Win64; x64; rv:79.0) Gecko/20100101 Firefox/79.0"
52.169.25.97 - - [17/Apr/2025:20:48:56 -0400] "GET /ee.php HTTP/1.1" 404 6820 "-" "-"
146.70.178.118 - - [17/Apr/2025:20:48:57 -0400] "GET /wp-includes/ID3/autoload_classmap.php HTTP/1.1" 404 6821 "-" "Mozilla/5.0 (Windows NT 10.0; Win64; x64) AppleWebKit/537.36 (KHTML, like Gecko) Chrome/77.0.3865.90 Safari/537.36"
52.169.25.97 - - [17/Apr/2025:20:48:57 -0400] "GET //en/tinyfilemanager.html HTTP/1.1" 301 0 "-" "-"
52.169.25.97 - - [17/Apr/2025:20:48:59 -0400] "GET /en/tinyfilemanager.html HTTP/1.1" 404 6821 "-" "-"
146.70.178.118 - - [17/Apr/2025:20:48:59 -0400] "GET /cgi-bin/about.php HTTP/1.1" 404 6821 "-" "Mozilla/5.0 (Windows NT 10.0) AppleWebKit/537.36 (KHTML, like Gecko) Chrome/84.0.4147.105 Safari/537.36"
52.169.25.97 - - [17/Apr/2025:20:49:00 -0400] "GET //file.php HTTP/1.1" 301 0 "-" "-"
146.70.178.118 - - [17/Apr/2025:20:49:01 -0400] "GET /jp.php HTTP/1.1" 404 6820 "-" "Mozilla/5.0 (X11; Linux i686; rv:79.0) Gecko/20100101 Firefox/79.0"
52.169.25.97 - - [17/Apr/2025:20:49:02 -0400] "GET /file.php HTTP/1.1" 404 6820 "-" "-"
146.70.178.118 - - [17/Apr/2025:20:49:02 -0400] "GET /rcc.php HTTP/1.1" 404 6820 "-" "Mozilla/5.0 (X11; Linux x86_64) AppleWebKit/537.36 (KHTML, like Gecko) Chrome/84.0.4147.105 Safari/537.36 OPR/70.0.3728.95"
52.169.25.97 - - [17/Apr/2025:20:49:04 -0400] "GET //file2.php HTTP/1.1" 301 0 "-" "-"
52.169.25.97 - - [17/Apr/2025:20:49:05 -0400] "GET /file2.php HTTP/1.1" 404 6820 "-" "-"
146.70.178.118 - - [17/Apr/2025:20:49:05 -0400] "GET /wp-includes/pomo/about.php HTTP/1.1" 404 6820 "-" "Mozilla/5.0 (Windows NT 10.0; Win64; x64) AppleWebKit/537.36 (KHTML, like Gecko) Chrome/74.0.3729.169 Safari/537.36"
52.169.25.97 - - [17/Apr/2025:20:49:06 -0400] "GET //fm.php HTTP/1.1" 301 0 "-" "-"
146.70.178.118 - - [17/Apr/2025:20:49:07 -0400] "GET /class.api.php?p= HTTP/1.1" 301 0 "-" "Mozilla/5.0 (X11; Ubuntu; Linux i686; rv:79.0) Gecko/20100101 Firefox/79.0"
52.169.25.97 - - [17/Apr/2025:20:49:09 -0400] "GET /fm.php HTTP/1.1" 404 6820 "-" "-"
146.70.178.118 - - [17/Apr/2025:20:49:09 -0400] "GET /layout.php HTTP/1.1" 404 6820 "-" "Mozilla/5.0 (Windows NT 6.1; Win64; x64) AppleWebKit/537.36 (KHTML, like Gecko) Chrome/58.0.3029.110 Safari/537.3"
52.169.25.97 - - [17/Apr/2025:20:49:10 -0400] "GET //gebase.php HTTP/1.1" 301 0 "-" "-"
146.70.178.118 - - [17/Apr/2025:20:49:10 -0400] "GET /wp-includes/rest-api/about.php HTTP/1.1" 404 6820 "-" "Mozilla/5.0 (Windows NT 10.0; Win64; x64) AppleWebKit/537.36 (KHTML, like Gecko) Chrome/79.0.3945.130 Safari/537.36"
52.169.25.97 - - [17/Apr/2025:20:49:11 -0400] "GET /gebase.php HTTP/1.1" 404 6820 "-" "-"
52.169.25.97 - - [17/Apr/2025:20:49:12 -0400] "GET //index/function.php HTTP/1.1" 301 0 "-" "-"
146.70.178.118 - - [17/Apr/2025:20:49:12 -0400] "GET /history.php HTTP/1.1" 404 6820 "-" "Mozilla/5.0 (Windows NT 10.0; Win64; x64; rv:72.0) Gecko/20100101 Firefox/72.0"
66.249.64.2 - - [17/Apr/2025:20:49:12 -0400] "GET /SHORTS-PFG-MUAY-THAI-SHORTS/Shorts-13611/ HTTP/1.1" 404 6820 "-" "Mozilla/5.0 (Linux; Android 6.0.1; Nexus 5X Build/MMB29P) AppleWebKit/537.36 (KHTML, like Gecko) Chrome/135.0.7049.95 Mobile Safari/537.36 (compatible; Googlebot/2.1; +http://www.google.com/bot.html)"
52.169.25.97 - - [17/Apr/2025:20:49:13 -0400] "GET /index/function.php HTTP/1.1" 404 6820 "-" "-"
146.70.178.118 - - [17/Apr/2025:20:49:13 -0400] "GET /wp-includes/IXR/autoload_classmap.php HTTP/1.1" 404 6820 "-" "Mozilla/5.0 (Windows NT 10.0; Win64; x64; rv:71.0) Gecko/20100101 Firefox/71.0"
52.169.25.97 - - [17/Apr/2025:20:49:15 -0400] "GET //info.php HTTP/1.1" 301 0 "-" "-"
146.70.178.118 - - [17/Apr/2025:20:49:15 -0400] "GET /wp-content/themes/admin.php HTTP/1.1" 404 6820 "-" "Mozilla/5.0 (Windows NT 10.0; Win64; x64) AppleWebKit/537.36 (KHTML, like Gecko) Chrome/70.0.3538.110 Safari/537.36"
52.169.25.97 - - [17/Apr/2025:20:49:16 -0400] "GET /info.php HTTP/1.1" 404 6820 "-" "-"
146.70.178.118 - - [17/Apr/2025:20:49:16 -0400] "GET /index/function.php?p= HTTP/1.1" 301 0 "-" "Mozilla/5.0 (Windows NT 10.0) AppleWebKit/537.36 (KHTML, like Gecko) Chrome/72.0.3626.121 Safari/537.36"
52.169.25.97 - - [17/Apr/2025:20:49:19 -0400] "GET //item.php HTTP/1.1" 301 0 "-" "-"
146.70.178.118 - - [17/Apr/2025:20:49:19 -0400] "GET /wp-content/themes/pridmag/1.php?u HTTP/1.1" 404 6820 "-" "Mozilla/5.0 (Windows NT 10.0; WOW64; x64) AppleWebKit/537.36 (KHTML, like Gecko) Chrome/84.0.4147.105 Safari/537.36 OPR/70.0.3728.95"
52.169.25.97 - - [17/Apr/2025:20:49:20 -0400] "GET /item.php HTTP/1.1" 404 6820 "-" "-"
52.169.25.97 - - [17/Apr/2025:20:49:22 -0400] "GET //jp.php HTTP/1.1" 301 0 "-" "-"
198.54.114.83 - - [17/Apr/2025:20:49:23 -0400] "POST /wp-cron.php?doing_wp_cron=1744937362.3377709388732910156250 HTTP/1.1" 200 0 "-" "WordPress/6.8; https://christianmantopoulos.com"
146.70.178.118 - - [17/Apr/2025:20:49:22 -0400] "GET /images/about.php HTTP/1.1" 404 6820 "-" "Mozilla/5.0 (Windows NT 10.0; Win64; x64) AppleWebKit/537.36 (KHTML, like Gecko) Chrome/70.0.3538.77 Safari/537.36"
52.169.25.97 - - [17/Apr/2025:20:49:23 -0400] "GET /jp.php HTTP/1.1" 404 6820 "-" "-"
52.169.25.97 - - [17/Apr/2025:20:49:25 -0400] "GET //k.php HTTP/1.1" 301 0 "-" "-"
146.70.178.118 - - [17/Apr/2025:20:49:25 -0400] "GET /wp-includes/rest-api/autoload_classmap.php HTTP/1.1" 404 6821 "-" "Mozilla/5.0 (Windows NT 6.1; Win64; x64) AppleWebKit/537.36 (KHTML, like Gecko) Chrome/80.0.3987.149 Safari/537.36"
52.169.25.97 - - [17/Apr/2025:20:49:26 -0400] "GET /k.php HTTP/1.1" 404 6821 "-" "-"
146.70.178.118 - - [17/Apr/2025:20:49:26 -0400] "GET /wp-includes/sitemaps/providers/zmFM.php HTTP/1.1" 404 6821 "-" "Mozilla/5.0 (X11; Fedora; Linux x86_64; rv:79.0) Gecko/20100101 Firefox/79.0"
52.169.25.97 - - [17/Apr/2025:20:49:28 -0400] "GET //mah/function.php?p= HTTP/1.1" 301 0 "-" "-"
146.70.178.118 - - [17/Apr/2025:20:49:28 -0400] "GET /wp-content/plugins/linkpreview/index.php HTTP/1.1" 301 0 "-" "Mozilla/5.0 (Windows NT 6.1; Win64; x64) AppleWebKit/537.36 (KHTML, like Gecko) Chrome/74.0.3729.169 Safari/537.36"
52.169.25.97 - - [17/Apr/2025:20:49:30 -0400] "GET /mah/function.php HTTP/1.1" 404 6820 "-" "-"
146.70.178.118 - - [17/Apr/2025:20:49:30 -0400] "GET /wp-includes/autoload_classmap.php HTTP/1.1" 404 6820 "-" "Mozilla/5.0 (Macintosh; Intel Mac OS X 10_10_1) AppleWebKit/537.36 (KHTML, like Gecko) Chrome/39.0.2171.95 Safari/537.36"
52.169.25.97 - - [17/Apr/2025:20:49:31 -0400] "GET //mini.php HTTP/1.1" 301 0 "-" "-"
146.70.178.118 - - [17/Apr/2025:20:49:32 -0400] "GET /about.php?p= HTTP/1.1" 301 0 "-" "Mozilla/5.0 (Macintosh; Intel Mac OS X 10.15; rv:79.0) Gecko/20100101 Firefox/79.0"
52.169.25.97 - - [17/Apr/2025:20:49:32 -0400] "GET /mini.php HTTP/1.1" 404 6821 "-" "-"
146.70.178.118 - - [17/Apr/2025:20:49:33 -0400] "GET /wp-content/languages/autoload_classmap.php HTTP/1.1" 404 6820 "-" "Mozilla/5.0 (Macintosh; Intel Mac OS X 10_15_6) AppleWebKit/537.36 (KHTML, like Gecko) Chrome/84.0.4147.125 Safari/537.36"
52.169.25.97 - - [17/Apr/2025:20:49:33 -0400] "GET //moon.php HTTP/1.1" 301 0 "-" "-"
52.169.25.97 - - [17/Apr/2025:20:49:35 -0400] "GET /moon.php HTTP/1.1" 404 6820 "-" "-"
146.70.178.118 - - [17/Apr/2025:20:49:35 -0400] "GET /cong.php?p= HTTP/1.1" 301 0 "-" "Mozilla/5.0 (Windows NT 6.3; Win64; x64; rv:73.0) Gecko/20100101 Firefox/73.0"
52.169.25.97 - - [17/Apr/2025:20:49:37 -0400] "GET //radio.php HTTP/1.1" 301 0 "-" "-"
146.70.178.118 - - [17/Apr/2025:20:49:37 -0400] "GET /cgi-bin/wp-login.php HTTP/1.1" 500 114 "-" "Mozilla/5.0 (Windows NT 10.0; Win64; x64) AppleWebKit/537.36 (KHTML, like Gecko) Chrome/77.0.3865.90 Safari/537.36"
52.169.25.97 - - [17/Apr/2025:20:49:38 -0400] "GET /radio.php HTTP/1.1" 404 6820 "-" "-"
146.70.178.118 - - [17/Apr/2025:20:49:38 -0400] "GET /wp-admin/maint/about.php HTTP/1.1" 404 6821 "-" "Mozilla/5.0 (Windows NT 10.0; Win64; x64) AppleWebKit/537.36 (KHTML, like Gecko) Chrome/79.0.3945.88 Safari/537.36"
52.169.25.97 - - [17/Apr/2025:20:49:39 -0400] "GET //repeater.php HTTP/1.1" 301 0 "-" "-"
52.169.25.97 - - [17/Apr/2025:20:49:41 -0400] "GET /repeater.php HTTP/1.1" 404 6820 "-" "-"
146.70.178.118 - - [17/Apr/2025:20:49:41 -0400] "GET /wp-includes/sodium_compat/wp-login.php HTTP/1.1" 404 6820 "-" "Mozilla/5.0 (Windows NT 10.0; Win64; x64; rv:73.0) Gecko/20100101 Firefox/73.0"
52.169.25.97 - - [17/Apr/2025:20:49:43 -0400] "GET //root.php HTTP/1.1" 301 0 "-" "-"
146.70.178.118 - - [17/Apr/2025:20:49:43 -0400] "GET /wp-includes/SimplePie/wp-login.php HTTP/1.1" 404 6820 "-" "Mozilla/5.0 (compatible; MSIE 10.0; Windows NT 6.1; Trident/6.0)"
52.169.25.97 - - [17/Apr/2025:20:49:45 -0400] "GET /root.php HTTP/1.1" 404 6820 "-" "-"
146.70.178.118 - - [17/Apr/2025:20:49:46 -0400] "GET /wp-links.php HTTP/1.1" 404 6820 "-" "Mozilla/5.0 (Windows NT 10.0; Win64; x64) AppleWebKit/537.36 (KHTML, like Gecko) Chrome/74.0.3729.169 Safari/537.36"
52.169.25.97 - - [17/Apr/2025:20:49:48 -0400] "GET //santiago-oriente56.degustamenu.com/wp-includes/hlVYmeOAvcd.php HTTP/1.1" 301 0 "-" "-"
146.70.178.118 - - [17/Apr/2025:20:49:49 -0400] "GET /makeasmtp.php?p= HTTP/1.1" 301 0 "-" "Mozilla/5.0 (Windows NT 10.0; WOW64) AppleWebKit/537.36 (KHTML, like Gecko) Chrome/84.0.4147.105 Safari/537.36"
52.169.25.97 - - [17/Apr/2025:20:49:50 -0400] "GET /santiago-oriente56.degustamenu.com/wp-includes/hlVYmeOAvcd.php HTTP/1.1" 404 6820 "-" "-"
146.70.178.118 - - [17/Apr/2025:20:49:51 -0400] "GET /wp-content/classwithtostring.php HTTP/1.1" 404 6820 "-" "Mozilla/5.0 (Windows NT 10.0; WOW64) AppleWebKit/537.36 (KHTML, like Gecko) Chrome/84.0.4147.105 Safari/537.36"
52.169.25.97 - - [17/Apr/2025:20:49:52 -0400] "GET //shell.php HTTP/1.1" 301 0 "-" "-"
52.169.25.97 - - [17/Apr/2025:20:49:54 -0400] "GET /shell.php HTTP/1.1" 404 6820 "-" "-"
146.70.178.118 - - [17/Apr/2025:20:49:54 -0400] "GET /wp-admin/network/chosen.php HTTP/1.1" 404 6820 "-" "Mozilla/5.0 (X11; Linux i686; rv:79.0) Gecko/20100101 Firefox/79.0"
52.169.25.97 - - [17/Apr/2025:20:49:56 -0400] "GET //shell20211028.php HTTP/1.1" 301 0 "-" "-"
146.70.178.118 - - [17/Apr/2025:20:49:58 -0400] "GET /randkeyword.PhP7 HTTP/1.1" 404 6821 "-" "Mozilla/5.0 (Windows NT 6.3; Win64; x64; rv:73.0) Gecko/20100101 Firefox/73.0"
52.169.25.97 - - [17/Apr/2025:20:50:00 -0400] "GET /shell20211028.php HTTP/1.1" 404 6820 "-" "-"
146.70.178.118 - - [17/Apr/2025:20:50:01 -0400] "GET /login.php HTTP/1.1" 302 0 "-" "Mozilla/5.0 (Windows NT 10.0) AppleWebKit/537.36 (KHTML, like Gecko) Chrome/84.0.4147.105 Safari/537.36"
52.169.25.97 - - [17/Apr/2025:20:50:04 -0400] "GET //simple.php HTTP/1.1" 301 0 "-" "-"
146.70.178.118 - - [17/Apr/2025:20:50:05 -0400] "GET /wp-content/languages/about.php HTTP/1.1" 404 6820 "-" "Mozilla/5.0 (Macintosh; Intel Mac OS X 10_15_6) AppleWebKit/537.36 (KHTML, like Gecko) Chrome/84.0.4147.105 Safari/537.36 OPR/70.0.3728.95"
52.169.25.97 - - [17/Apr/2025:20:50:07 -0400] "GET /simple.php HTTP/1.1" 404 6820 "-" "-"
146.70.160.236 - - [17/Apr/2025:20:50:08 -0400] "GET /wp-admin/js/widgets/index.php HTTP/1.1" 301 0 "-" "Mozilla/5.0 (Windows NT 10.0; WOW64; x64) AppleWebKit/537.36 (KHTML, like Gecko) Chrome/84.0.4147.105 Safari/537.36 OPR/70.0.3728.95"
52.169.25.97 - - [17/Apr/2025:20:50:10 -0400] "GET //test.php HTTP/1.1" 301 0 "-" "-"
146.70.160.238 - - [17/Apr/2025:20:50:12 -0400] "GET /wp-admin/maint/wp-login.php HTTP/1.1" 404 6820 "-" "Mozilla/5.0 (Windows NT 10.0; Win64; x64; rv:74.0) Gecko/20100101 Firefox/74.0"
52.169.25.97 - - [17/Apr/2025:20:50:13 -0400] "GET /test.php HTTP/1.1" 404 6820 "-" "-"
52.169.25.97 - - [17/Apr/2025:20:50:15 -0400] "GET //user.php HTTP/1.1" 301 0 "-" "-"
146.70.160.236 - - [17/Apr/2025:20:50:14 -0400] "GET /wp-includes/fonts/autoload_classmap.php HTTP/1.1" 404 6820 "-" "Mozilla/5.0 (Windows NT 10.0; WOW64; x64) AppleWebKit/537.36 (KHTML, like Gecko) Chrome/84.0.4147.105 Safari/537.36 OPR/70.0.3728.95"
52.169.25.97 - - [17/Apr/2025:20:50:15 -0400] "GET /user.php HTTP/1.1" 404 6820 "-" "-"
52.169.25.97 - - [17/Apr/2025:20:50:16 -0400] "GET //wp-2019.php HTTP/1.1" 301 0 "-" "-"
146.70.160.238 - - [17/Apr/2025:20:50:16 -0400] "GET /wp-includes/Text/network.php HTTP/1.1" 404 6820 "-" "Mozilla/5.0 (Windows NT 10.0; WOW64) AppleWebKit/537.36 (KHTML, like Gecko) Chrome/72.0.3626.121 Safari/537.36"
52.169.25.97 - - [17/Apr/2025:20:50:17 -0400] "GET /wp-2019.php HTTP/1.1" 404 6820 "-" "-"
146.70.160.236 - - [17/Apr/2025:20:50:17 -0400] "GET /wp-includes/index.php HTTP/1.1" 301 0 "-" "Mozilla/5.0 (Windows NT 10.0; Win64; x64) AppleWebKit/537.36 (KHTML, like Gecko) Chrome/74.0.3729.157 Safari/537.36"
52.169.25.97 - - [17/Apr/2025:20:50:17 -0400] "GET //wp-add-admin.php HTTP/1.1" 301 0 "-" "-"
52.169.25.97 - - [17/Apr/2025:20:50:19 -0400] "GET /wp-add-admin.php HTTP/1.1" 404 6820 "-" "-"
146.70.160.238 - - [17/Apr/2025:20:50:19 -0400] "GET /wp-content/plugins/wp-help/admin/wp-fclass.php HTTP/1.1" 404 6820 "-" "Mozilla/5.0 (Windows NT 10.0; Win64; x64) AppleWebKit/537.36 (KHTML, like Gecko) Chrome/79.0.3945.88 Safari/537.36"
52.169.25.97 - - [17/Apr/2025:20:50:22 -0400] "GET //wp-admin/about.php HTTP/1.1" 302 0 "-" "-"
146.70.160.236 - - [17/Apr/2025:20:50:24 -0400] "GET /wp-admin/autoload_classmap.php HTTP/1.1" 404 6820 "-" "Mozilla/5.0 (X11; Fedora; Linux x86_64; rv:79.0) Gecko/20100101 Firefox/79.0"
198.54.114.83 - - [17/Apr/2025:20:50:25 -0400] "POST /wp-cron.php?doing_wp_cron=1744937422.7056159973144531250000 HTTP/1.1" 200 0 "-" "WordPress/6.8; https://christianmantopoulos.com"
146.70.160.238 - - [17/Apr/2025:20:50:26 -0400] "GET /wp-admin/about.php HTTP/1.1" 302 0 "-" "Mozilla/5.0 (X11; Ubuntu; Linux i686; rv:79.0) Gecko/20100101 Firefox/79.0"
146.70.160.236 - - [17/Apr/2025:20:50:29 -0400] "GET /wander.php HTTP/1.1" 404 6820 "-" "Mozilla/5.0 (Windows NT 10.0; Win64; x64) AppleWebKit/537.36 (KHTML, like Gecko) Chrome/79.0.3945.79 Safari/537.36"
52.169.25.97 - - [17/Apr/2025:20:50:31 -0400] "GET //wp-admin/admin-ajax.php HTTP/1.1" 400 21 "-" "-"
146.70.160.238 - - [17/Apr/2025:20:50:33 -0400] "GET /wp-includes/php-compat/autoload_classmap.php HTTP/1.1" 404 6820 "-" "Mozilla/5.0 (Windows NT 10.0; Win64; x64) AppleWebKit/537.36 (KHTML, like Gecko) Chrome/74.0.3729.169 Safari/537.36"
52.169.25.97 - - [17/Apr/2025:20:50:33 -0400] "GET //wp-admin/class-db.php HTTP/1.1" 301 0 "-" "-"
146.70.160.236 - - [17/Apr/2025:20:50:35 -0400] "GET /.well-known/pki-validation/xmrlpc.php?p= HTTP/1.1" 404 1251 "-" "Mozilla/5.0 (Windows NT 10.0; Win64; x64) AppleWebKit/537.36 (KHTML, like Gecko) Chrome/84.0.4147.105 Safari/537.36 OPR/70.0.3728.95"
52.169.25.97 - - [17/Apr/2025:20:50:36 -0400] "GET /wp-admin/class-db.php HTTP/1.1" 404 6820 "-" "-"
146.70.160.238 - - [17/Apr/2025:20:50:38 -0400] "GET /wp-config-sample.php HTTP/1.1" 500 1083 "-" "Mozilla/5.0 (X11; Fedora; Linux x86_64; rv:79.0) Gecko/20100101 Firefox/79.0"
52.169.25.97 - - [17/Apr/2025:20:50:38 -0400] "GET //wp-admin/css/colors/blue/ HTTP/1.1" 403 1242 "-" "-"
146.70.160.236 - - [17/Apr/2025:20:50:39 -0400] "GET /admin/upload/css.php HTTP/1.1" 404 6820 "-" "Mozilla/5.0 (Windows NT 10.0; Win64; x64) AppleWebKit/537.36 (KHTML, like Gecko) Chrome/79.0.3945.88 Safari/537.36"
52.169.25.97 - - [17/Apr/2025:20:50:39 -0400] "GET //wp-admin/css/colors/cloud.php HTTP/1.1" 301 0 "-" "-"
52.169.25.97 - - [17/Apr/2025:20:50:41 -0400] "GET /wp-admin/css/colors/cloud.php HTTP/1.1" 404 6820 "-" "-"
146.70.160.238 - - [17/Apr/2025:20:50:41 -0400] "GET /wp-admin/js/about.php7 HTTP/1.1" 404 6820 "-" "Mozilla/5.0 (Windows NT 6.1; Win64; x64) AppleWebKit/537.36 (KHTML, like Gecko) Chrome/79.0.3945.130 Safari/537.36"
52.169.25.97 - - [17/Apr/2025:20:50:42 -0400] "GET //wp-admin/css/colors/coffee/xmrlpc.php?p= HTTP/1.1" 301 0 "-" "-"
146.70.160.236 - - [17/Apr/2025:20:50:43 -0400] "GET /wp-includes/Text/wp-conflg.php?p= HTTP/1.1" 301 0 "-" "Mozilla/5.0 (Macintosh; Intel Mac OS X 10_15_6) AppleWebKit/537.36 (KHTML, like Gecko) Chrome/84.0.4147.105 Safari/537.36 OPR/70.0.3728.95"
52.169.25.97 - - [17/Apr/2025:20:50:45 -0400] "GET /wp-admin/css/colors/coffee/xmrlpc.php HTTP/1.1" 404 6820 "-" "-"
146.70.160.238 - - [17/Apr/2025:20:50:45 -0400] "GET /images/autoload_classmap.php HTTP/1.1" 404 6820 "-" "Mozilla/5.0 (Windows NT 10.0; WOW64; x64) AppleWebKit/537.36 (KHTML, like Gecko) Chrome/84.0.4147.105 Safari/537.36 OPR/70.0.3728.95"
52.169.25.97 - - [17/Apr/2025:20:50:47 -0400] "GET //wp-admin/css/wp-conflg.php HTTP/1.1" 301 0 "-" "-"
146.70.160.236 - - [17/Apr/2025:20:50:48 -0400] "GET /manager.php HTTP/1.1" 404 6820 "-" "Mozilla/5.0 (Windows NT 10.0; Win64; x64; rv:66.0) Gecko/20100101 Firefox/66.0"
52.169.25.97 - - [17/Apr/2025:20:50:49 -0400] "GET /wp-admin/css/wp-conflg.php HTTP/1.1" 404 6820 "-" "-"
146.70.160.238 - - [17/Apr/2025:20:50:50 -0400] "GET /wp-admin/includes/wp-conflg.php?p= HTTP/1.1" 301 0 "-" "Mozilla/5.0 (Windows NT 10.0; Win64; x64; rv:76.0) Gecko/20100101 Firefox/76.0"
52.169.25.97 - - [17/Apr/2025:20:50:51 -0400] "GET //wp-admin/dropdown.php HTTP/1.1" 301 0 "-" "-"
146.70.160.236 - - [17/Apr/2025:20:50:53 -0400] "GET /wp-content/plugins/ HTTP/1.1" 200 0 "-" "Mozilla/5.0 (X11; Linux i686; rv:79.0) Gecko/20100101 Firefox/79.0"
52.169.25.97 - - [17/Apr/2025:20:50:53 -0400] "GET /wp-admin/dropdown.php HTTP/1.1" 404 6820 "-" "-"
146.70.160.238 - - [17/Apr/2025:20:50:55 -0400] "GET /users.php HTTP/1.1" 404 6820 "-" "Mozilla/5.0 (Windows NT 10.0; Win64; x64) AppleWebKit/537.36 (KHTML, like Gecko) Chrome/79.0.3945.88 Safari/537.36"
52.169.25.97 - - [17/Apr/2025:20:50:55 -0400] "GET //wp-admin/images/admin.php HTTP/1.1" 301 0 "-" "-"
52.169.25.97 - - [17/Apr/2025:20:50:56 -0400] "GET /wp-admin/images/admin.php HTTP/1.1" 404 6820 "-" "-"
146.70.160.236 - - [17/Apr/2025:20:50:56 -0400] "GET /wp-includes/block-patterns/autoload_classmap.php HTTP/1.1" 404 6820 "-" "Mozilla/5.0 (Windows NT 10.0; Win64; x64) AppleWebKit/537.36 (KHTML, like Gecko) Chrome/58.0.3029.110 Safari/537.3"
66.249.64.3 - - [17/Apr/2025:20:50:56 -0400] "GET /Men&039;s-Large-Warm-Weather-Glove-Fox-Racing/Gloves-206906/ HTTP/1.1" 404 6820 "-" "Mozilla/5.0 (Linux; Android 6.0.1; Nexus 5X Build/MMB29P) AppleWebKit/537.36 (KHTML, like Gecko) Chrome/135.0.7049.95 Mobile Safari/537.36 (compatible; Googlebot/2.1; +http://www.google.com/bot.html)"
52.169.25.97 - - [17/Apr/2025:20:50:57 -0400] "GET //wp-admin/images/install.php HTTP/1.1" 301 0 "-" "-"
146.70.160.238 - - [17/Apr/2025:20:50:58 -0400] "GET /wp-content/plugins/erinyani/baxa1.php HTTP/1.1" 404 6820 "-" "Mozilla/5.0 (Windows NT 10.0; Win64; x64) AppleWebKit/537.36 (KHTML, like Gecko) Chrome/75.0.3770.100 Safari/537.36"
52.169.25.97 - - [17/Apr/2025:20:50:59 -0400] "GET /wp-admin/images/install.php HTTP/1.1" 404 6821 "-" "-"
146.70.160.236 - - [17/Apr/2025:20:51:00 -0400] "GET /wp-includes/rest-api/index.php HTTP/1.1" 301 0 "-" "Mozilla/5.0 (Windows NT 10.0; Win64; x64) AppleWebKit/537.36 (KHTML, like Gecko) Chrome/79.0.3945.79 Safari/537.36"
52.169.25.97 - - [17/Apr/2025:20:51:01 -0400] "GET //wp-admin/includes/ HTTP/1.1" 403 1242 "-" "-"
146.70.160.238 - - [17/Apr/2025:20:51:01 -0400] "GET /wp-admin/maint/admin.php HTTP/1.1" 404 6820 "-" "Mozilla/5.0 (Windows NT 10.0; Win64; x64) AppleWebKit/537.36 (KHTML, like Gecko) Chrome/70.0.3538.110 Safari/537.36"
52.169.25.97 - - [17/Apr/2025:20:51:02 -0400] "GET //wp-admin/includes/cloud.php HTTP/1.1" 301 0 "-" "-"
146.70.160.236 - - [17/Apr/2025:20:51:04 -0400] "GET /sim.php/wp-includes/certificates/plugins.php HTTP/1.1" 404 6820 "-" "Mozilla/5.0 (Windows NT 10.0; Win64; x64; rv:66.0) Gecko/20100101 Firefox/66.0"
52.169.25.97 - - [17/Apr/2025:20:51:05 -0400] "GET /wp-admin/includes/cloud.php HTTP/1.1" 404 6820 "-" "-"
146.70.160.238 - - [17/Apr/2025:20:51:07 -0400] "GET /about/function.php?p= HTTP/1.1" 301 0 "-" "Mozilla/5.0 (Windows NT 10.0; Win64; x64; rv:77.0) Gecko/20100101 Firefox/77.0"
146.70.160.236 - - [17/Apr/2025:20:51:08 -0400] "GET /wp-includes/images/smilies/index.php HTTP/1.1" 301 0 "-" "Mozilla/5.0 (Windows NT 10.0; WOW64) AppleWebKit/537.36 (KHTML, like Gecko) Chrome/72.0.3626.121 Safari/537.36"
198.54.114.83 - - [17/Apr/2025:20:51:09 -0400] "POST /wp-cron.php?doing_wp_cron=1744937468.1190280914306640625000 HTTP/1.1" 200 0 "-" "WordPress/6.8; https://christianmantopoulos.com"
52.169.25.97 - - [17/Apr/2025:20:51:07 -0400] "GET //wp-admin/install.php HTTP/1.1" 200 523 "-" "-"
146.70.160.238 - - [17/Apr/2025:20:51:10 -0400] "GET /wp-content/file.php HTTP/1.1" 404 6820 "-" "Mozilla/5.0 (Windows NT 6.1; Win64; x64) AppleWebKit/537.36 (KHTML, like Gecko) Chrome/74.0.3729.169 Safari/537.36"
52.169.25.97 - - [17/Apr/2025:20:51:10 -0400] "GET //wp-admin/js/autoload_classmap.php HTTP/1.1" 301 0 "-" "-"
146.70.160.236 - - [17/Apr/2025:20:51:12 -0400] "GET /.well-known/admin.php HTTP/1.1" 404 6820 "-" "Mozilla/5.0 (Linux x86_64; rv:79.0) Gecko/20100101 Firefox/79.0"
52.169.25.97 - - [17/Apr/2025:20:51:13 -0400] "GET /wp-admin/js/autoload_classmap.php HTTP/1.1" 404 6820 "-" "-"
52.169.25.97 - - [17/Apr/2025:20:51:14 -0400] "GET //wp-admin/js/widgets/ HTTP/1.1" 403 1242 "-" "-"
146.70.160.238 - - [17/Apr/2025:20:51:14 -0400] "GET /function.php HTTP/1.1" 404 6820 "-" "Mozilla/5.0 (Windows NT 10.0; WOW64; x64) AppleWebKit/537.36 (KHTML, like Gecko) Chrome/84.0.4147.105 Safari/537.36 OPR/70.0.3728.95"
52.169.25.97 - - [17/Apr/2025:20:51:14 -0400] "GET //wp-admin/js/widgets/cloud.php HTTP/1.1" 301 0 "-" "-"
146.70.160.236 - - [17/Apr/2025:20:51:15 -0400] "GET /wp-admin/network/about.php HTTP/1.1" 302 0 "-" "Mozilla/5.0 (X11; Ubuntu; Linux x86_64; rv:79.0) Gecko/20100101 Firefox/79.0"
52.169.25.97 - - [17/Apr/2025:20:51:16 -0400] "GET /wp-admin/js/widgets/cloud.php HTTP/1.1" 404 6820 "-" "-"
146.70.160.238 - - [17/Apr/2025:20:51:17 -0400] "GET /wp-admin/user/index.php HTTP/1.1" 302 0 "-" "Mozilla/5.0 (Windows NT 6.3; Win64; x64; rv:73.0) Gecko/20100101 Firefox/73.0"
52.169.25.97 - - [17/Apr/2025:20:51:19 -0400] "GET //wp-admin/maint/moon.php HTTP/1.1" 301 0 "-" "-"
146.70.160.236 - - [17/Apr/2025:20:51:19 -0400] "GET /wp-includes/IXR/about.php HTTP/1.1" 404 6820 "-" "Mozilla/5.0 (Windows NT 10.0; Win64; x64) AppleWebKit/537.36 (KHTML, like Gecko) Chrome/70.0.3538.77 Safari/537.36"
52.169.25.97 - - [17/Apr/2025:20:51:20 -0400] "GET /wp-admin/maint/moon.php HTTP/1.1" 404 6820 "-" "-"
146.70.160.238 - - [17/Apr/2025:20:51:21 -0400] "GET /wp-content/themes/autoload_classmap.php HTTP/1.1" 404 6820 "-" "Mozilla/5.0 (compatible; MSIE 10.0; Windows NT 6.1; Trident/6.0)"
52.169.25.97 - - [17/Apr/2025:20:51:22 -0400] "GET //wp-admin/network/admin.php HTTP/1.1" 302 0 "-" "-"
146.70.160.236 - - [17/Apr/2025:20:51:23 -0400] "GET /wp-includes/certificates/wp-login.php HTTP/1.1" 404 6820 "-" "Mozilla/5.0 (Windows NT 10.0; Win64; x64) AppleWebKit/537.36 (KHTML, like Gecko) Chrome/79.0.3945.79 Safari/537.36"
198.54.114.83 - - [17/Apr/2025:20:51:25 -0400] "POST /wp-cron.php?doing_wp_cron=1744937482.8300418853759765625000 HTTP/1.1" 200 0 "-" "WordPress/6.8; https://christianmantopoulos.com"
146.70.160.238 - - [17/Apr/2025:20:51:26 -0400] "GET /wp-includes/makeasmtp.php?p= HTTP/1.1" 301 0 "-" "Mozilla/5.0 (Windows NT 10.0; Win64; x64; rv:74.0) Gecko/20100101 Firefox/74.0"
146.70.160.236 - - [17/Apr/2025:20:51:28 -0400] "GET /wp-includes/js/index.php HTTP/1.1" 301 0 "-" "Mozilla/5.0 (Windows NT 10.0; Win64; x64; rv:77.0) Gecko/20100101 Firefox/77.0"
52.169.25.97 - - [17/Apr/2025:20:51:29 -0400] "GET //wp-admin/network/cloud.php HTTP/1.1" 301 0 "-" "-"
146.70.160.238 - - [17/Apr/2025:20:51:31 -0400] "GET /plugins/function.php HTTP/1.1" 404 6820 "-" "Mozilla/5.0 (Windows NT 10.0; Win64; x64) AppleWebKit/537.36 (KHTML, like Gecko) Chrome/74.0.3729.169 Safari/537.36"
52.169.25.97 - - [17/Apr/2025:20:51:31 -0400] "GET /wp-admin/network/cloud.php HTTP/1.1" 404 6820 "-" "-"
52.169.25.97 - - [17/Apr/2025:20:51:33 -0400] "GET //wp-admin/network/index.php HTTP/1.1" 302 0 "-" "-"
146.70.160.236 - - [17/Apr/2025:20:51:33 -0400] "GET /wp-includes/sodium_compat/index.php HTTP/1.1" 301 0 "-" "Mozilla/5.0 (Windows NT 6.1; Win64; x64) AppleWebKit/537.36 (KHTML, like Gecko) Chrome/79.0.3945.130 Safari/537.36"
146.70.160.238 - - [17/Apr/2025:20:51:35 -0400] "GET /wp-content/themes/seotheme/db.php?u HTTP/1.1" 404 6820 "-" "Mozilla/5.0 (Linux x86_64; rv:79.0) Gecko/20100101 Firefox/79.0"
146.70.160.236 - - [17/Apr/2025:20:51:38 -0400] "GET /wp-includes/SimplePie/about.php HTTP/1.1" 404 6820 "-" "Mozilla/5.0 (Windows NT 6.1; Win64; x64) AppleWebKit/537.36 (KHTML, like Gecko) Chrome/78.0.3904.108 Safari/537.36"
52.169.25.97 - - [17/Apr/2025:20:51:38 -0400] "GET //wp-admin/network/xmrlpc.php?p= HTTP/1.1" 301 0 "-" "-"
146.70.160.238 - - [17/Apr/2025:20:51:39 -0400] "GET /wp-content/uploads/wpr-addons/forms/b1ack.php HTTP/1.1" 404 6820 "-" "Mozilla/5.0 (Windows NT 10.0; WOW64; Trident/7.0; .NET4.0C; .NET4.0E; .NET CLR 2.0.50727; .NET CLR 3.0.30729; .NET CLR 3.5.30729; rv:11.0) like Gecko"
52.169.25.97 - - [17/Apr/2025:20:51:39 -0400] "GET /wp-admin/network/xmrlpc.php HTTP/1.1" 404 6820 "-" "-"
146.70.160.236 - - [17/Apr/2025:20:51:41 -0400] "GET /wp-admin/js/chosen.php HTTP/1.1" 404 6820 "-" "Mozilla/5.0 (Windows NT 10.0; Win64; x64) AppleWebKit/537.36 (KHTML, like Gecko) Chrome/74.0.3729.169 Safari/537.36"
52.169.25.97 - - [17/Apr/2025:20:51:42 -0400] "GET //wp-admin/shell20211028.php HTTP/1.1" 301 0 "-" "-"
146.70.160.236 - - [17/Apr/2025:20:51:43 -0400] "GET /wp-includes/js/codemirror/index.php HTTP/1.1" 301 0 "-" "Mozilla/5.0 (Windows NT 10.0; Win64; x64; rv:77.0) Gecko/20100101 Firefox/77.0"
52.169.25.97 - - [17/Apr/2025:20:51:43 -0400] "GET /wp-admin/shell20211028.php HTTP/1.1" 404 6820 "-" "-"
52.169.25.97 - - [17/Apr/2025:20:51:44 -0400] "GET //wp-admin/user/xmrlpc.php?p= HTTP/1.1" 301 0 "-" "-"
146.70.160.238 - - [17/Apr/2025:20:51:44 -0400] "GET /wp-content/plugins/Core-EconX/up.php HTTP/1.1" 404 6820 "-" "Mozilla/5.0 (Windows NT 10.0; Win64; x64) AppleWebKit/537.36 (KHTML, like Gecko) Chrome/77.0.3865.90 Safari/537.36"
146.70.160.236 - - [17/Apr/2025:20:51:46 -0400] "GET /wp-mail.php HTTP/1.1" 403 1138 "-" "Mozilla/5.0 (Windows NT 10.0; WOW64) AppleWebKit/537.36 (KHTML, like Gecko) Chrome/72.0.3626.121 Safari/537.36"
52.169.25.97 - - [17/Apr/2025:20:51:45 -0400] "GET /wp-admin/user/xmrlpc.php HTTP/1.1" 404 6820 "-" "-"
52.169.25.97 - - [17/Apr/2025:20:51:47 -0400] "GET //wp-blog.php HTTP/1.1" 301 0 "-" "-"
146.70.160.238 - - [17/Apr/2025:20:51:47 -0400] "GET /baxa1.phP8 HTTP/1.1" 404 6820 "-" "Mozilla/5.0 (Windows NT 10.0; Win64; x64; rv:76.0) Gecko/20100101 Firefox/76.0"
52.169.25.97 - - [17/Apr/2025:20:51:48 -0400] "GET /wp-blog.php HTTP/1.1" 404 6820 "-" "-"
146.70.160.236 - - [17/Apr/2025:20:51:48 -0400] "GET /wp-includes/Requests/autoload_classmap.php HTTP/1.1" 404 6820 "-" "Mozilla/5.0 (Windows NT 10.0; Win64; x64; rv:75.0) Gecko/20100101 Firefox/75.0"
52.169.25.97 - - [17/Apr/2025:20:51:48 -0400] "GET //wp-conflg.php HTTP/1.1" 301 0 "-" "-"
52.169.25.97 - - [17/Apr/2025:20:51:49 -0400] "GET /wp-conflg.php HTTP/1.1" 404 6820 "-" "-"
52.169.25.97 - - [17/Apr/2025:20:51:49 -0400] "GET //wp-conflg.php?p= HTTP/1.1" 301 0 "-" "-"
52.169.25.97 - - [17/Apr/2025:20:51:50 -0400] "GET /wp-conflg.php HTTP/1.1" 404 6820 "-" "-"
52.169.25.97 - - [17/Apr/2025:20:51:50 -0400] "GET //wp-content/about.php HTTP/1.1" 301 0 "-" "-"
146.70.160.238 - - [17/Apr/2025:20:51:49 -0400] "GET /.well-known/accah.php HTTP/1.1" 404 6820 "-" "Mozilla/5.0 (Windows NT 6.1; Win64; x64) AppleWebKit/537.36 (KHTML, like Gecko) Chrome/79.0.3945.130 Safari/537.36"
52.169.25.97 - - [17/Apr/2025:20:51:52 -0400] "GET /wp-content/about.php HTTP/1.1" 404 6820 "-" "-"
146.70.160.236 - - [17/Apr/2025:20:51:52 -0400] "GET /admin-post.php HTTP/1.1" 404 6820 "-" "Mozilla/5.0 (Macintosh; Intel Mac OS X 10_15_6) AppleWebKit/537.36 (KHTML, like Gecko) Chrome/84.0.4147.105 Safari/537.36"
52.169.25.97 - - [17/Apr/2025:20:51:52 -0400] "GET //wp-content/autoload_classmap.php HTTP/1.1" 301 0 "-" "-"
146.70.160.238 - - [17/Apr/2025:20:51:54 -0400] "GET /conf_upload.php HTTP/1.1" 404 6820 "-" "Mozilla/5.0 (X11; Linux x86_64) AppleWebKit/537.36 (KHTML, like Gecko) Chrome/84.0.4147.105 Safari/537.36"
52.169.25.97 - - [17/Apr/2025:20:51:54 -0400] "GET /wp-content/autoload_classmap.php HTTP/1.1" 404 6820 "-" "-"
146.70.160.236 - - [17/Apr/2025:20:51:55 -0400] "GET /wp-includes/Text/Diff/Engine/about.php HTTP/1.1" 404 6820 "-" "Mozilla/5.0 (Windows NT 10.0; Win64; x64) AppleWebKit/537.36 (KHTML, like Gecko) Chrome/84.0.4147.105 Safari/537.36 OPR/70.0.3728.95"
52.169.25.97 - - [17/Apr/2025:20:51:56 -0400] "GET //wp-content/dropdown.php HTTP/1.1" 301 0 "-" "-"
52.169.25.97 - - [17/Apr/2025:20:51:56 -0400] "GET /wp-content/dropdown.php HTTP/1.1" 404 6820 "-" "-"
146.70.160.238 - - [17/Apr/2025:20:51:57 -0400] "GET /wp-admin/wp-conflg.php?p= HTTP/1.1" 301 0 "-" "Mozilla/5.0 (Windows NT 10.0; WOW64) AppleWebKit/537.36 (KHTML, like Gecko) Chrome/84.0.4147.105 Safari/537.36"
52.169.25.97 - - [17/Apr/2025:20:51:58 -0400] "GET //wp-content/index.php HTTP/1.1" 200 0 "-" "-"
146.70.160.236 - - [17/Apr/2025:20:51:58 -0400] "GET /wp-content/plugins/hello.php HTTP/1.1" 404 6820 "-" "Mozilla/5.0 (Windows NT 6.1; Win64; x64) AppleWebKit/537.36 (KHTML, like Gecko) Chrome/58.0.3029.110 Safari/537.3"
52.169.25.97 - - [17/Apr/2025:20:51:59 -0400] "GET //wp-content/index.php?pass=cfwk HTTP/1.1" 200 0 "-" "-"
52.169.25.97 - - [17/Apr/2025:20:52:00 -0400] "GET //wp-content/index.php?pass=xleet HTTP/1.1" 200 0 "-" "-"
146.70.160.238 - - [17/Apr/2025:20:52:00 -0400] "GET /wp-includes/sodium_compat/src/index.php HTTP/1.1" 301 0 "-" "Mozilla/5.0 (Windows NT 10.0; Win64; x64; rv:79.0) Gecko/20100101 Firefox/79.0"
52.169.25.97 - - [17/Apr/2025:20:52:01 -0400] "GET //wp-content/item.php HTTP/1.1" 301 0 "-" "-"
146.70.160.236 - - [17/Apr/2025:20:52:03 -0400] "GET /wp-configs.php HTTP/1.1" 404 6820 "-" "Mozilla/5.0 (Windows NT 10.0; Win64; x64) AppleWebKit/537.36 (KHTML, like Gecko) Chrome/80.0.3987.149 Safari/537.36"
52.169.25.97 - - [17/Apr/2025:20:52:04 -0400] "GET /wp-content/item.php HTTP/1.1" 404 6821 "-" "-"
146.70.160.238 - - [17/Apr/2025:20:52:05 -0400] "GET /.well-known/pki-validation/index.php HTTP/1.1" 404 1251 "-" "Mozilla/5.0 (Windows NT 10.0; Win64; x64) AppleWebKit/537.36 (KHTML, like Gecko) Chrome/77.0.3865.90 Safari/537.36"
52.169.25.97 - - [17/Apr/2025:20:52:06 -0400] "GET //wp-content/plugins/ HTTP/1.1" 200 0 "-" "-"
146.70.160.236 - - [17/Apr/2025:20:52:07 -0400] "GET /.well-known/acme-challenge/license.php HTTP/1.1" 404 6820 "-" "Mozilla/5.0 (Windows NT 10.0) AppleWebKit/537.36 (KHTML, like Gecko) Chrome/84.0.4147.105 Safari/537.36"
52.169.25.97 - - [17/Apr/2025:20:52:07 -0400] "GET //wp-content/plugins/TOPXOH/wDR.php HTTP/1.1" 301 0 "-" "-"
52.169.25.97 - - [17/Apr/2025:20:52:08 -0400] "GET /wp-content/plugins/TOPXOH/wDR.php HTTP/1.1" 404 6820 "-" "-"
146.70.160.238 - - [17/Apr/2025:20:52:09 -0400] "GET /cgi-bin/file.php HTTP/1.1" 404 6820 "-" "Mozilla/5.0 (Windows NT 10.0; WOW64) AppleWebKit/537.36 (KHTML, like Gecko) Chrome/84.0.4147.105 Safari/537.36"
52.169.25.97 - - [17/Apr/2025:20:52:10 -0400] "GET //wp-content/plugins/ango/sett.php HTTP/1.1" 301 0 "-" "-"
146.70.160.236 - - [17/Apr/2025:20:52:10 -0400] "GET /f35.php HTTP/1.1" 404 6820 "-" "Mozilla/5.0 (Windows NT 10.0; Win64; x64) AppleWebKit/537.36 (KHTML, like Gecko) Chrome/80.0.3987.149 Safari/537.36"
52.169.25.97 - - [17/Apr/2025:20:52:11 -0400] "GET /wp-content/plugins/ango/sett.php HTTP/1.1" 404 6820 "-" "-"
146.70.160.238 - - [17/Apr/2025:20:52:12 -0400] "GET /wp-includes/css/autoload_classmap.php HTTP/1.1" 404 6820 "-" "Mozilla/5.0 (Windows NT 6.1; Win64; x64) AppleWebKit/537.36 (KHTML, like Gecko) Chrome/74.0.3729.169 Safari/537.36"
52.169.25.97 - - [17/Apr/2025:20:52:13 -0400] "GET //wp-content/plugins/hellopress/wp_mna.php HTTP/1.1" 301 0 "-" "-"
146.70.160.236 - - [17/Apr/2025:20:52:13 -0400] "GET /wp-admin/maint/flower.php HTTP/1.1" 404 6820 "-" "Mozilla/5.0 (Windows NT 10.0; Win64; x64; rv:71.0) Gecko/20100101 Firefox/71.0"
52.169.25.97 - - [17/Apr/2025:20:52:14 -0400] "GET /wp-content/plugins/hellopress/wp_mna.php HTTP/1.1" 404 6820 "-" "-"
146.70.160.238 - - [17/Apr/2025:20:52:15 -0400] "GET /edit.php?p= HTTP/1.1" 301 0 "-" "Mozilla/5.0 (Windows NT 10.0; Win64; x64; rv:75.0) Gecko/20100101 Firefox/75.0"
52.169.25.97 - - [17/Apr/2025:20:52:16 -0400] "GET //wp-content/plugins/revslider/includes/external/page/index.php HTTP/1.1" 301 0 "-" "-"
146.70.160.236 - - [17/Apr/2025:20:52:17 -0400] "GET /wp-admin/license.php HTTP/1.1" 404 6820 "-" "Mozilla/5.0 (Windows NT 10.0) AppleWebKit/537.36 (KHTML, like Gecko) Chrome/72.0.3626.121 Safari/537.36"
52.169.25.97 - - [17/Apr/2025:20:52:17 -0400] "GET /wp-content/plugins/revslider/includes/external/page/ HTTP/1.1" 404 6820 "-" "-"
146.70.160.238 - - [17/Apr/2025:20:52:18 -0400] "GET /wp-includes/js/tinymce/skins/lightgray/about.php7 HTTP/1.1" 404 6820 "-" "Mozilla/5.0 (Windows NT 10.0; WOW64; Trident/7.0; .NET4.0C; .NET4.0E; .NET CLR 2.0.50727; .NET CLR 3.0.30729; .NET CLR 3.5.30729; rv:11.0) like Gecko"
52.169.25.97 - - [17/Apr/2025:20:52:18 -0400] "GET //wp-content/themes/about.php HTTP/1.1" 301 0 "-" "-"
52.169.25.97 - - [17/Apr/2025:20:52:20 -0400] "GET /wp-content/themes/about.php HTTP/1.1" 404 6819 "-" "-"
146.70.160.236 - - [17/Apr/2025:20:52:20 -0400] "GET /files.php HTTP/1.1" 404 6820 "-" "Mozilla/5.0 (Windows NT 10.0; Win64; x64) AppleWebKit/537.36 (KHTML, like Gecko) Chrome/70.0.3538.77 Safari/537.36"
52.169.25.97 - - [17/Apr/2025:20:52:21 -0400] "GET //wp-content/themes/hello-element/footer.php HTTP/1.1" 301 0 "-" "-"
146.70.160.238 - - [17/Apr/2025:20:52:22 -0400] "GET /webadmin.php HTTP/1.1" 404 6820 "-" "Mozilla/5.0 (Macintosh; Intel Mac OS X 10_12_6) AppleWebKit/537.36 (KHTML, like Gecko) Chrome/58.0.3029.110 Safari/537.3"
146.70.160.236 - - [17/Apr/2025:20:52:23 -0400] "GET /wp-content/plugins/wp-help/index.php HTTP/1.1" 301 0 "-" "Mozilla/5.0 (Windows NT 6.1; Win64; x64) AppleWebKit/537.36 (KHTML, like Gecko) Chrome/79.0.3945.130 Safari/537.36"
198.54.114.83 - - [17/Apr/2025:20:52:24 -0400] "POST /wp-cron.php?doing_wp_cron=1744937543.3100850582122802734375 HTTP/1.1" 200 0 "-" "WordPress/6.8; https://christianmantopoulos.com"
52.169.25.97 - - [17/Apr/2025:20:52:23 -0400] "GET /wp-content/themes/hello-element/footer.php HTTP/1.1" 404 6820 "-" "-"
146.70.160.238 - - [17/Apr/2025:20:52:25 -0400] "GET /wp-admin/css/colors/coffee/alfa-rex.php HTTP/1.1" 404 6820 "-" "Mozilla/5.0 (Windows NT 10.0; Win64; x64) AppleWebKit/537.36 (KHTML, like Gecko) Chrome/84.0.4147.105 Safari/537.36"
52.169.25.97 - - [17/Apr/2025:20:52:26 -0400] "GET //wp-content/themes/index.php?pass=admin HTTP/1.1" 200 0 "-" "-"
146.70.160.236 - - [17/Apr/2025:20:52:27 -0400] "GET /wsa.php HTTP/1.1" 404 6820 "-" "Mozilla/5.0 (Windows NT 10.0; WOW64) AppleWebKit/537.36 (KHTML, like Gecko) Chrome/72.0.3626.121 Safari/537.36"
52.169.25.97 - - [17/Apr/2025:20:52:27 -0400] "GET //wp-content/themes/pridmag/db.php?u HTTP/1.1" 301 0 "-" "-"
146.70.160.238 - - [17/Apr/2025:20:52:28 -0400] "GET /tinyfilemanager.php?p= HTTP/1.1" 301 0 "-" "Mozilla/5.0 (X11; Linux x86_64) AppleWebKit/537.36 (KHTML, like Gecko) Chrome/84.0.4147.105 Safari/537.36"
52.169.25.97 - - [17/Apr/2025:20:52:29 -0400] "GET /wp-content/themes/pridmag/db.php?u HTTP/1.1" 404 6820 "-" "-"
52.169.25.97 - - [17/Apr/2025:20:52:30 -0400] "GET //wp-content/themes/seotheme/mar.php HTTP/1.1" 301 0 "-" "-"
