13.90.112.214 - - [16/Apr/2025:16:43:14 -0400] "GET /wp-admin/css/colors/cloud.php HTTP/1.1" 404 6819 "-" "-"
13.90.112.214 - - [16/Apr/2025:16:43:16 -0400] "GET /wp-admin/includes/cloud.php HTTP/1.1" 404 6819 "-" "-"
13.90.112.214 - - [16/Apr/2025:16:43:18 -0400] "GET /wp-admin/css/colors/blue/cloud.php HTTP/1.1" 404 6819 "-" "-"
13.90.112.214 - - [16/Apr/2025:16:43:20 -0400] "GET /wp-admin/cloud.php HTTP/1.1" 404 6819 "-" "-"
13.90.112.214 - - [16/Apr/2025:16:43:24 -0400] "GET /updates.php HTTP/1.1" 404 6819 "-" "-"
34.68.178.148 - - [16/Apr/2025:16:43:24 -0400] "GET / HTTP/1.1" 200 97713 "-" "Mozilla/5.0 (Windows NT 10.0; Win64; x64) AppleWebKit/537.36 (KHTML, like Gecko) Chrome/91.0.4472.124 Safari/537.36"
13.90.112.214 - - [16/Apr/2025:16:43:27 -0400] "GET /libraries/legacy/updates.php HTTP/1.1" 404 6820 "-" "-"
13.90.112.214 - - [16/Apr/2025:16:43:29 -0400] "GET /libraries/phpmailer/updates.php HTTP/1.1" 404 6820 "-" "-"
13.90.112.214 - - [16/Apr/2025:16:43:32 -0400] "GET /libraries/vendor/updates.php HTTP/1.1" 404 6819 "-" "-"
13.90.112.214 - - [16/Apr/2025:16:43:33 -0400] "GET /alfa-rex.php7 HTTP/1.1" 404 6819 "-" "-"
13.90.112.214 - - [16/Apr/2025:16:43:35 -0400] "GET /alfanew.php HTTP/1.1" 404 6819 "-" "-"
13.90.112.214 - - [16/Apr/2025:16:43:38 -0400] "GET /wp-content/plugins/Cache/Cache.php HTTP/1.1" 404 6820 "-" "-"
198.54.114.83 - - [16/Apr/2025:16:43:40 -0400] "POST /wp-cron.php?doing_wp_cron=1744836218.6192240715026855468750 HTTP/1.1" 200 0 "-" "WordPress/6.8; https://christianmantopoulos.com"
13.90.112.214 - - [16/Apr/2025:16:43:41 -0400] "GET /wp-admin/js/widgets/about.php7 HTTP/1.1" 404 6818 "-" "-"
13.90.112.214 - - [16/Apr/2025:16:43:44 -0400] "GET /wp-p.php7 HTTP/1.1" 404 6819 "-" "-"
13.90.112.214 - - [16/Apr/2025:16:43:46 -0400] "GET /wp-admin/repeater.php HTTP/1.1" 404 6819 "-" "-"
13.90.112.214 - - [16/Apr/2025:16:43:48 -0400] "GET /wp-includes/repeater.php HTTP/1.1" 404 6820 "-" "-"
13.90.112.214 - - [16/Apr/2025:16:43:52 -0400] "GET /wp-content/repeater.php HTTP/1.1" 404 6819 "-" "-"
13.90.112.214 - - [16/Apr/2025:16:43:55 -0400] "GET /wsoyanz.php HTTP/1.1" 404 6819 "-" "-"
13.90.112.214 - - [16/Apr/2025:16:44:00 -0400] "GET /yanz.php HTTP/1.1" 404 6820 "-" "-"
13.90.112.214 - - [16/Apr/2025:16:44:04 -0400] "GET /wp-content/plugins/seoo/wsoyanz.php HTTP/1.1" 404 6820 "-" "-"
13.90.112.214 - - [16/Apr/2025:16:44:08 -0400] "GET /wp-content/plugins/seoo/wsoyanz1.php HTTP/1.1" 404 6820 "-" "-"
13.90.112.214 - - [16/Apr/2025:16:44:11 -0400] "GET /cache-compat.php HTTP/1.1" 404 6819 "-" "-"
13.90.112.214 - - [16/Apr/2025:16:44:16 -0400] "GET /ajax-actions.php HTTP/1.1" 404 6819 "-" "-"
13.90.112.214 - - [16/Apr/2025:16:44:20 -0400] "GET /wp-admin/ajax-actions.php HTTP/1.1" 404 6819 "-" "-"
13.90.112.214 - - [16/Apr/2025:16:44:24 -0400] "GET /wp-consar.php HTTP/1.1" 404 6819 "-" "-"
13.90.112.214 - - [16/Apr/2025:16:44:27 -0400] "GET /repeater.php HTTP/1.1" 404 6820 "-" "-"
13.90.112.214 - - [16/Apr/2025:16:44:29 -0400] "GET /admin-post.php HTTP/1.1" 404 6819 "-" "-"
13.90.112.214 - - [16/Apr/2025:16:44:33 -0400] "GET /wp-admin/maint/maint/ajax-actions.php HTTP/1.1" 404 6819 "-" "-"
13.90.112.214 - - [16/Apr/2025:16:44:36 -0400] "GET /wp-admin/dropdown.php HTTP/1.1" 404 6820 "-" "-"
13.90.112.214 - - [16/Apr/2025:16:44:39 -0400] "GET /wp-admin/css/index.php HTTP/1.1" 301 0 "-" "-"
198.54.114.83 - - [16/Apr/2025:16:44:43 -0400] "POST /wp-cron.php?doing_wp_cron=1744836279.5232539176940917968750 HTTP/1.1" 200 0 "-" "WordPress/6.8; https://christianmantopoulos.com"
13.90.112.214 - - [16/Apr/2025:16:44:45 -0400] "GET /wp-admin/css/ HTTP/1.1" 403 1242 "-" "-"
13.90.112.214 - - [16/Apr/2025:16:44:47 -0400] "GET /about.php HTTP/1.1" 404 6820 "-" "-"
13.90.112.214 - - [16/Apr/2025:16:44:53 -0400] "GET /about.php7 HTTP/1.1" 404 6819 "-" "-"
13.90.112.214 - - [16/Apr/2025:16:44:57 -0400] "GET /alfanew.php7 HTTP/1.1" 404 6820 "-" "-"
13.90.112.214 - - [16/Apr/2025:16:45:00 -0400] "GET /adminfuns.php7 HTTP/1.1" 404 6820 "-" "-"
13.90.112.214 - - [16/Apr/2025:16:45:02 -0400] "GET /ebs.php7 HTTP/1.1" 404 6819 "-" "-"
13.90.112.214 - - [16/Apr/2025:16:45:05 -0400] "GET /ws.php7 HTTP/1.1" 404 6819 "-" "-"
13.90.112.214 - - [16/Apr/2025:16:45:10 -0400] "GET /alfanew2.php7 HTTP/1.1" 404 6819 "-" "-"
13.90.112.214 - - [16/Apr/2025:16:45:15 -0400] "GET /alfa-rex2.php7 HTTP/1.1" 404 6819 "-" "-"
13.90.112.214 - - [16/Apr/2025:16:45:21 -0400] "GET /wp-admin/images/index.php HTTP/1.1" 301 0 "-" "-"
13.90.112.214 - - [16/Apr/2025:16:45:26 -0400] "GET /wp-admin/images/ HTTP/1.1" 403 1242 "-" "-"
13.90.112.214 - - [16/Apr/2025:16:45:30 -0400] "GET /wp-admin/css/colors/index.php HTTP/1.1" 301 0 "-" "-"
13.90.112.214 - - [16/Apr/2025:16:45:37 -0400] "GET /wp-admin/css/colors/ HTTP/1.1" 403 1242 "-" "-"
13.90.112.214 - - [16/Apr/2025:16:45:40 -0400] "GET /wp-content/themes/pridmag/db.php HTTP/1.1" 404 6819 "-" "-"
198.54.114.83 - - [16/Apr/2025:16:45:42 -0400] "POST /wp-cron.php?doing_wp_cron=1744836340.5498929023742675781250 HTTP/1.1" 200 0 "-" "WordPress/6.8; https://christianmantopoulos.com"
13.90.112.214 - - [16/Apr/2025:16:45:43 -0400] "GET /wp-content/themes/seotheme/mar.php HTTP/1.1" 404 6819 "-" "-"
13.90.112.214 - - [16/Apr/2025:16:45:45 -0400] "GET /wp-content/plugins/linkpreview/db.php HTTP/1.1" 404 6818 "-" "-"
13.90.112.214 - - [16/Apr/2025:16:45:48 -0400] "GET /wp-content/themes/seotheme/db.php HTTP/1.1" 404 6820 "-" "-"
13.90.112.214 - - [16/Apr/2025:16:45:50 -0400] "GET /wp-content/plugins/seoplugins/db.php HTTP/1.1" 404 6819 "-" "-"
13.90.112.214 - - [16/Apr/2025:16:45:54 -0400] "GET /.well-known/pki-validation/xmrlpc.php HTTP/1.1" 404 1251 "-" "-"
13.90.112.214 - - [16/Apr/2025:16:45:58 -0400] "GET /.well-known/acme-challenge/xmrlpc.php HTTP/1.1" 404 6820 "-" "-"
13.90.112.214 - - [16/Apr/2025:16:46:03 -0400] "GET /wp-admin/network/xmrlpc.php HTTP/1.1" 404 6819 "-" "-"
13.90.112.214 - - [16/Apr/2025:16:46:06 -0400] "GET /xmrlpc.php HTTP/1.1" 404 6819 "-" "-"
13.90.112.214 - - [16/Apr/2025:16:46:10 -0400] "GET /cgi-bin/xmrlpc.php HTTP/1.1" 404 6819 "-" "-"
13.90.112.214 - - [16/Apr/2025:16:46:14 -0400] "GET /css/xmrlpc.php HTTP/1.1" 404 6819 "-" "-"
13.90.112.214 - - [16/Apr/2025:16:46:16 -0400] "GET /wp-admin/user/xmrlpc.php HTTP/1.1" 404 6819 "-" "-"
13.90.112.214 - - [16/Apr/2025:16:46:18 -0400] "GET /img/xmrlpc.php HTTP/1.1" 404 6819 "-" "-"
13.90.112.214 - - [16/Apr/2025:16:46:20 -0400] "GET /wp-admin/css/colors/coffee/xmrlpc.php HTTP/1.1" 404 6819 "-" "-"
198.54.114.83 - - [16/Apr/2025:16:46:23 -0400] "POST /wp-cron.php?doing_wp_cron=1744836382.0412189960479736328125 HTTP/1.1" 200 0 "-" "WordPress/6.8; https://christianmantopoulos.com"
13.90.112.214 - - [16/Apr/2025:16:46:21 -0400] "GET /wp-admin/images/xmrlpc.php HTTP/1.1" 404 6819 "-" "-"
13.90.112.214 - - [16/Apr/2025:16:46:24 -0400] "GET /images/xmrlpc.php HTTP/1.1" 404 6820 "-" "-"
13.90.112.214 - - [16/Apr/2025:16:46:27 -0400] "GET /wp-admin/js/widgets/xmrlpc.php HTTP/1.1" 404 6820 "-" "-"
13.90.112.214 - - [16/Apr/2025:16:46:29 -0400] "GET /wp-admin/css/colors/xmrlpc.php HTTP/1.1" 404 6820 "-" "-"
13.90.112.214 - - [16/Apr/2025:16:46:30 -0400] "GET /wp-admin/includes/xmrlpc.php HTTP/1.1" 404 6819 "-" "-"
13.90.112.214 - - [16/Apr/2025:16:46:31 -0400] "GET /wp-admin/css/colors/blue/xmrlpc.php HTTP/1.1" 404 6819 "-" "-"
13.90.112.214 - - [16/Apr/2025:16:46:32 -0400] "GET /wp-admin/xmrlpc.php HTTP/1.1" 404 6819 "-" "-"
13.90.112.214 - - [16/Apr/2025:16:46:34 -0400] "GET /smaxx.php HTTP/1.1" 404 6819 "-" "-"
13.90.112.214 - - [16/Apr/2025:16:46:36 -0400] "GET /wp-admin/smaxx.php HTTP/1.1" 404 6819 "-" "-"
13.90.112.214 - - [16/Apr/2025:16:46:37 -0400] "GET /wp-content/plugins/WordPressCore/smaxx.php HTTP/1.1" 404 6820 "-" "-"
13.90.112.214 - - [16/Apr/2025:16:46:38 -0400] "GET /wp-includes/images/smaxx.php HTTP/1.1" 404 6820 "-" "-"
13.90.112.214 - - [16/Apr/2025:16:46:41 -0400] "GET /wp-content/plugins/core-plugin/smaxx.php HTTP/1.1" 404 6819 "-" "-"
13.90.112.214 - - [16/Apr/2025:16:46:43 -0400] "GET /wp-includes/smaxx.php HTTP/1.1" 404 6819 "-" "-"
13.90.112.214 - - [16/Apr/2025:16:46:45 -0400] "GET /wp-content/plugins/smaxx.php HTTP/1.1" 404 6819 "-" "-"
13.90.112.214 - - [16/Apr/2025:16:46:47 -0400] "GET /xt/smaxx.php HTTP/1.1" 404 6820 "-" "-"
66.249.64.1 - - [16/Apr/2025:16:46:48 -0400] "GET /Zodias-ML-Spinning-Rod/Spinning-Rods-379896/ HTTP/1.1" 404 6820 "-" "Mozilla/5.0 (Linux; Android 6.0.1; Nexus 5X Build/MMB29P) AppleWebKit/537.36 (KHTML, like Gecko) Chrome/135.0.7049.84 Mobile Safari/537.36 (compatible; Googlebot/2.1; +http://www.google.com/bot.html)"
13.90.112.214 - - [16/Apr/2025:16:46:48 -0400] "GET /wp-content/smaxx.php HTTP/1.1" 404 6820 "-" "-"
13.90.112.214 - - [16/Apr/2025:16:46:50 -0400] "GET /wp-content/themes/twentyfive/smaxx.php HTTP/1.1" 404 6819 "-" "-"
13.90.112.214 - - [16/Apr/2025:16:46:52 -0400] "GET /wp-content/upgrade/sx.php HTTP/1.1" 404 6819 "-" "-"
13.90.112.214 - - [16/Apr/2025:16:46:53 -0400] "GET /.well-known/pki-validation/sx.php HTTP/1.1" 404 1251 "-" "-"
13.90.112.214 - - [16/Apr/2025:16:46:55 -0400] "GET /wp-admin/user/sx.php HTTP/1.1" 404 6819 "-" "-"
13.90.112.214 - - [16/Apr/2025:16:46:57 -0400] "GET /wp-includes/ID3/sx.php HTTP/1.1" 404 6820 "-" "-"
13.90.112.214 - - [16/Apr/2025:16:47:00 -0400] "GET /wp-includes/blocks/sx.php HTTP/1.1" 404 6820 "-" "-"
13.90.112.214 - - [16/Apr/2025:16:47:02 -0400] "GET /wp-includes/sx.php HTTP/1.1" 404 6820 "-" "-"
13.90.112.214 - - [16/Apr/2025:16:47:04 -0400] "GET /wp-admin/sx.php HTTP/1.1" 404 6820 "-" "-"
13.90.112.214 - - [16/Apr/2025:16:47:06 -0400] "GET /wp-content/plugins/fix/sx.php HTTP/1.1" 404 6820 "-" "-"
13.90.112.214 - - [16/Apr/2025:16:47:08 -0400] "GET /wp-admin/includes/sx.php HTTP/1.1" 404 6820 "-" "-"
13.90.112.214 - - [16/Apr/2025:16:47:09 -0400] "GET /cgi-bin/sx.php HTTP/1.1" 404 6819 "-" "-"
13.90.112.214 - - [16/Apr/2025:16:47:11 -0400] "GET /wp-admin/css/sx.php HTTP/1.1" 404 6819 "-" "-"
13.90.112.214 - - [16/Apr/2025:16:47:13 -0400] "GET /wp-admin/network/sx.php HTTP/1.1" 404 6819 "-" "-"
13.90.112.214 - - [16/Apr/2025:16:47:14 -0400] "GET /wp-includes/block-supports/sx.php HTTP/1.1" 404 6819 "-" "-"
13.90.112.214 - - [16/Apr/2025:16:47:16 -0400] "GET /wp-includes/IXR/sx.php HTTP/1.1" 404 6819 "-" "-"
13.90.112.214 - - [16/Apr/2025:16:47:17 -0400] "GET /.well-known/sx.php HTTP/1.1" 404 6820 "-" "-"
13.90.112.214 - - [16/Apr/2025:16:47:18 -0400] "GET /wp-includes/js/tinymce/skins/lightgray/fonts/sx.php HTTP/1.1" 404 6820 "-" "-"
13.90.112.214 - - [16/Apr/2025:16:47:20 -0400] "GET /wp-content/sx.php HTTP/1.1" 404 6820 "-" "-"
13.90.112.214 - - [16/Apr/2025:16:47:21 -0400] "GET /wp-content/plugins/elementor/sx.php HTTP/1.1" 404 6820 "-" "-"
198.54.114.83 - - [16/Apr/2025:16:47:23 -0400] "POST /wp-cron.php?doing_wp_cron=1744836443.1145830154418945312500 HTTP/1.1" 200 0 "-" "WordPress/6.8; https://christianmantopoulos.com"
13.90.112.214 - - [16/Apr/2025:16:47:22 -0400] "GET /.well-known/acme-challenge/sx.php HTTP/1.1" 404 6820 "-" "-"
13.90.112.214 - - [16/Apr/2025:16:47:24 -0400] "GET /wp-includes/js/jcrop/sx.php HTTP/1.1" 404 6820 "-" "-"
13.90.112.214 - - [16/Apr/2025:16:47:25 -0400] "GET /wp-includes/rest-api/sx.php HTTP/1.1" 404 6820 "-" "-"
13.90.112.214 - - [16/Apr/2025:16:47:26 -0400] "GET /wp-admin/images/sx.php HTTP/1.1" 404 6820 "-" "-"
13.90.112.214 - - [16/Apr/2025:16:47:28 -0400] "GET /wp-admin/css/colors/blue/blue.php HTTP/1.1" 404 6820 "-" "-"
13.90.112.214 - - [16/Apr/2025:16:47:29 -0400] "GET /chosen HTTP/1.1" 404 6820 "-" "-"
13.90.112.214 - - [16/Apr/2025:16:47:30 -0400] "GET /wp-content/plugins/fix/up.php HTTP/1.1" 404 6819 "-" "-"
13.90.112.214 - - [16/Apr/2025:16:47:32 -0400] "GET /install.php HTTP/1.1" 404 6820 "-" "-"
13.90.112.214 - - [16/Apr/2025:16:47:34 -0400] "GET /wp-includes/images/include.php HTTP/1.1" 404 6820 "-" "-"
13.90.112.214 - - [16/Apr/2025:16:47:35 -0400] "GET /wp-content/themes/wp-classic/inc/index.php HTTP/1.1" 301 0 "-" "-"
13.90.112.214 - - [16/Apr/2025:16:47:36 -0400] "GET /wp-content/themes/wp-classic/inc/ HTTP/1.1" 404 6820 "-" "-"
13.90.112.214 - - [16/Apr/2025:16:47:38 -0400] "GET /assets/images/1p.php HTTP/1.1" 404 6820 "-" "-"
13.90.112.214 - - [16/Apr/2025:16:47:39 -0400] "GET /class.api.php HTTP/1.1" 404 6820 "-" "-"
13.90.112.214 - - [16/Apr/2025:16:47:41 -0400] "GET /plugin.php HTTP/1.1" 404 6819 "-" "-"
13.90.112.214 - - [16/Apr/2025:16:47:43 -0400] "GET /wp-mail.php HTTP/1.1" 403 1138 "-" "-"
13.90.112.214 - - [16/Apr/2025:16:47:45 -0400] "GET /cong.php HTTP/1.1" 404 6820 "-" "-"
13.90.112.214 - - [16/Apr/2025:16:47:46 -0400] "GET /wp-content/index.php HTTP/1.1" 200 0 "-" "-"
13.90.112.214 - - [16/Apr/2025:16:47:48 -0400] "GET /.well-known/acme-challenge/xmrlpc.php HTTP/1.1" 404 6820 "-" "-"
13.90.112.214 - - [16/Apr/2025:16:47:49 -0400] "GET /wp-configs.php HTTP/1.1" 404 6820 "-" "-"
13.90.112.214 - - [16/Apr/2025:16:47:50 -0400] "GET /defaults.php HTTP/1.1" 404 6820 "-" "-"
13.90.112.214 - - [16/Apr/2025:16:47:52 -0400] "GET /input.php HTTP/1.1" 404 6820 "-" "-"
13.90.112.214 - - [16/Apr/2025:16:47:52 -0400] "GET /admin-ajax.php HTTP/1.1" 404 6820 "-" "-"
13.90.112.214 - - [16/Apr/2025:16:47:54 -0400] "GET /0z.php HTTP/1.1" 404 6820 "-" "-"
13.90.112.214 - - [16/Apr/2025:16:47:55 -0400] "GET /media.php HTTP/1.1" 404 6820 "-" "-"
66.249.64.2 - - [16/Apr/2025:16:47:56 -0400] "GET /Bed-Size-Solestar-Ergon/Mens-Cycling-Shoes-226626/ HTTP/1.1" 404 6820 "-" "Mozilla/5.0 (Linux; Android 6.0.1; Nexus 5X Build/MMB29P) AppleWebKit/537.36 (KHTML, like Gecko) Chrome/135.0.7049.84 Mobile Safari/537.36 (compatible; GoogleOther)"
13.90.112.214 - - [16/Apr/2025:16:47:57 -0400] "GET /chosen.php HTTP/1.1" 404 6820 "-" "-"
13.90.112.214 - - [16/Apr/2025:16:47:58 -0400] "GET /wp-includes/fonts/wp-login.php HTTP/1.1" 404 6820 "-" "-"
13.90.112.214 - - [16/Apr/2025:16:48:00 -0400] "GET /wp-admin/users.php HTTP/1.1" 302 0 "-" "-"
13.90.112.214 - - [16/Apr/2025:16:48:06 -0400] "GET /wp-content/uploads/cache.php HTTP/1.1" 404 6820 "-" "-"
13.90.112.214 - - [16/Apr/2025:16:48:08 -0400] "GET /.wp-cli/wp-login.php HTTP/1.1" 404 6820 "-" "-"
13.90.112.214 - - [16/Apr/2025:16:48:09 -0400] "GET /authorize.php HTTP/1.1" 404 6820 "-" "-"
13.90.112.214 - - [16/Apr/2025:16:48:10 -0400] "GET /wp-admin/css/colors/blue/CasperExV1.php HTTP/1.1" 404 6819 "-" "-"
13.90.112.214 - - [16/Apr/2025:16:48:11 -0400] "GET /wp-admin/includes/users.php HTTP/1.1" 404 6819 "-" "-"
13.90.112.214 - - [16/Apr/2025:16:48:13 -0400] "GET /wp.php HTTP/1.1" 404 6819 "-" "-"
13.90.112.214 - - [16/Apr/2025:16:48:14 -0400] "GET /wp-content/plugins/WordPressCore/include.php HTTP/1.1" 404 6819 "-" "-"
13.90.112.214 - - [16/Apr/2025:16:48:16 -0400] "GET /themes.php HTTP/1.1" 404 6819 "-" "-"
13.90.112.214 - - [16/Apr/2025:16:48:17 -0400] "GET /wp-admin/network/index.php HTTP/1.1" 302 0 "-" "-"
13.90.112.214 - - [16/Apr/2025:16:48:22 -0400] "GET /wp-content/plugins/WordPressCore/blkfqnikz.php HTTP/1.1" 404 6820 "-" "-"
198.54.114.83 - - [16/Apr/2025:16:48:24 -0400] "POST /wp-cron.php?doing_wp_cron=1744836502.7457809448242187500000 HTTP/1.1" 200 0 "-" "WordPress/6.8; https://christianmantopoulos.com"
13.90.112.214 - - [16/Apr/2025:16:48:25 -0400] "GET /wp/wp-admin/includes/class-wp-page-mvb2yr.php HTTP/1.1" 404 6820 "-" "-"
13.90.112.214 - - [16/Apr/2025:16:48:27 -0400] "GET /st.php HTTP/1.1" 404 6820 "-" "-"
13.90.112.214 - - [16/Apr/2025:16:48:30 -0400] "GET /wp-includes/images/smilies/about.php HTTP/1.1" 404 6819 "-" "-"
13.90.112.214 - - [16/Apr/2025:16:48:31 -0400] "GET /ynz.PhP7 HTTP/1.1" 404 6820 "-" "-"
13.90.112.214 - - [16/Apr/2025:16:48:34 -0400] "GET /wp-content/style-css.php HTTP/1.1" 404 6820 "-" "-"
185.199.223.55 - - [16/Apr/2025:16:48:34 -0400] "POST /xmlrpc.php HTTP/1.1" 200 212 "-" "Mozilla/5.0 (Windows NT 10.0; Win64; x64; rv:55.0) Gecko/20100101 Firefox/55.0"
13.90.112.214 - - [16/Apr/2025:16:48:36 -0400] "GET /wp-includes/IXR/wp-login.php HTTP/1.1" 404 6820 "-" "-"
13.90.112.214 - - [16/Apr/2025:16:48:39 -0400] "GET /.well-known/acme-challenge/about.php HTTP/1.1" 404 6820 "-" "-"
13.90.112.214 - - [16/Apr/2025:16:48:41 -0400] "GET /wordpress/wp-includes/IXR/allez.php HTTP/1.1" 404 6820 "-" "-"
13.90.112.214 - - [16/Apr/2025:16:48:44 -0400] "GET /rendixd.php HTTP/1.1" 404 6820 "-" "-"
13.90.112.214 - - [16/Apr/2025:16:48:46 -0400] "GET /wp-admin/css/admin.php HTTP/1.1" 404 6820 "-" "-"
13.90.112.214 - - [16/Apr/2025:16:48:48 -0400] "GET /filefuns.php HTTP/1.1" 404 6818 "-" "-"
13.90.112.214 - - [16/Apr/2025:16:48:50 -0400] "GET /options.php HTTP/1.1" 404 6820 "-" "-"
13.90.112.214 - - [16/Apr/2025:16:48:50 -0400] "GET /wp-includes/js/tinymce/skins/lightgray/img/index.php HTTP/1.1" 301 0 "-" "-"
13.90.112.214 - - [16/Apr/2025:16:48:53 -0400] "GET /wp-includes/js/tinymce/skins/lightgray/img/ HTTP/1.1" 403 1242 "-" "-"
13.90.112.214 - - [16/Apr/2025:16:48:54 -0400] "GET /edit.php HTTP/1.1" 404 6820 "-" "-"
13.90.112.214 - - [16/Apr/2025:16:48:55 -0400] "GET /user.php HTTP/1.1" 404 6820 "-" "-"
13.90.112.214 - - [16/Apr/2025:16:48:57 -0400] "GET /worm0.PhP7 HTTP/1.1" 404 6820 "-" "-"
13.90.112.214 - - [16/Apr/2025:16:48:58 -0400] "GET /wp-includes/js/tinymce/skins/wordpress/images/index.php HTTP/1.1" 301 0 "-" "-"
13.90.112.214 - - [16/Apr/2025:16:48:59 -0400] "GET /wp-includes/js/tinymce/skins/wordpress/images/ HTTP/1.1" 403 1242 "-" "-"
13.90.112.214 - - [16/Apr/2025:16:49:01 -0400] "GET /.well-known//.well-known/owlmailer.php HTTP/1.1" 301 0 "-" "-"
13.90.112.214 - - [16/Apr/2025:16:49:03 -0400] "GET /.well-known/.well-known/owlmailer.php HTTP/1.1" 404 6820 "-" "-"
13.90.112.214 - - [16/Apr/2025:16:49:05 -0400] "GET /wp-content/uploads/cong.php HTTP/1.1" 404 6820 "-" "-"
13.90.112.214 - - [16/Apr/2025:16:49:06 -0400] "GET /01.php HTTP/1.1" 404 6820 "-" "-"
13.90.112.214 - - [16/Apr/2025:16:49:08 -0400] "GET /wp-content/uploads/wp-login.php.suspected HTTP/1.1" 404 6820 "-" "-"
13.90.112.214 - - [16/Apr/2025:16:49:10 -0400] "GET /wp-includes/rest-api/endpoints/html.php HTTP/1.1" 404 6819 "-" "-"
13.90.112.214 - - [16/Apr/2025:16:49:11 -0400] "GET /wp-admin/js/widgets/cong.php HTTP/1.1" 404 6819 "-" "-"
13.90.112.214 - - [16/Apr/2025:16:49:13 -0400] "GET /doc.php HTTP/1.1" 404 6819 "-" "-"
13.90.112.214 - - [16/Apr/2025:16:49:14 -0400] "GET /link.php HTTP/1.1" 404 6819 "-" "-"
13.90.112.214 - - [16/Apr/2025:16:49:16 -0400] "GET /autoload_classmap.php HTTP/1.1" 404 6820 "-" "-"
13.90.112.214 - - [16/Apr/2025:16:49:18 -0400] "GET /wp-admin/js/privacy-tools.min.php HTTP/1.1" 404 6820 "-" "-"
13.90.112.214 - - [16/Apr/2025:16:49:21 -0400] "GET /wp-includes/pomo/wp-login.php HTTP/1.1" 404 6820 "-" "-"
198.54.114.83 - - [16/Apr/2025:16:49:26 -0400] "POST /wp-cron.php?doing_wp_cron=1744836565.0522189140319824218750 HTTP/1.1" 200 0 "-" "WordPress/6.8; https://christianmantopoulos.com"
13.90.112.214 - - [16/Apr/2025:16:49:24 -0400] "GET /db.php HTTP/1.1" 404 6820 "-" "-"
13.90.112.214 - - [16/Apr/2025:16:49:27 -0400] "GET /wp-content/uploads/error_log.php HTTP/1.1" 404 6819 "-" "-"
13.90.112.214 - - [16/Apr/2025:16:49:31 -0400] "GET /google.php HTTP/1.1" 404 6820 "-" "-"
13.90.112.214 - - [16/Apr/2025:16:49:35 -0400] "GET /wp-includes/pomo/fgertreyersd.php.suspected HTTP/1.1" 404 6820 "-" "-"
13.90.112.214 - - [16/Apr/2025:16:49:37 -0400] "GET /wp-includes/Requests/dropdown.php HTTP/1.1" 404 6820 "-" "-"
13.90.112.214 - - [16/Apr/2025:16:49:40 -0400] "GET /wp-content/install.php HTTP/1.1" 404 6819 "-" "-"
13.90.112.214 - - [16/Apr/2025:16:49:42 -0400] "GET /.well-known/admin.php HTTP/1.1" 404 6820 "-" "-"
13.90.112.214 - - [16/Apr/2025:16:49:45 -0400] "GET /revision.php HTTP/1.1" 404 6820 "-" "-"
13.90.112.214 - - [16/Apr/2025:16:49:46 -0400] "GET /css/sgd.php HTTP/1.1" 404 6820 "-" "-"
13.90.112.214 - - [16/Apr/2025:16:49:48 -0400] "GET /wp-content/plugins/index.php HTTP/1.1" 200 0 "-" "-"
198.54.114.83 - - [16/Apr/2025:16:50:23 -0400] "POST /wp-cron.php?doing_wp_cron=1744836623.1893200874328613281250 HTTP/1.1" 200 0 "-" "WordPress/6.8; https://christianmantopoulos.com"
52.167.144.210 - - [16/Apr/2025:16:50:22 -0400] "GET /shop/dsk010.html HTTP/1.1" 404 6819 "-" "Mozilla/5.0 AppleWebKit/537.36 (KHTML, like Gecko; compatible; bingbot/2.0; +http://www.bing.com/bingbot.htm) Chrome/116.0.1938.76 Safari/537.36"
195.2.76.117 - - [16/Apr/2025:16:51:21 -0400] "GET /how-to-win-at-gas-station-slots/ HTTP/1.1" 200 11738 "http://christianmantopoulos.com/how-to-win-at-gas-station-slots/" "Mozilla/5.0 (Windows NT 10.0; Win64; x64) AppleWebKit/537.36 (KHTML, like Gecko) Chrome/130.0.0.0 Safari/537.36 CCleaner/130.0.0.0"
198.54.114.83 - - [16/Apr/2025:16:51:23 -0400] "POST /wp-cron.php?doing_wp_cron=1744836683.2245559692382812500000 HTTP/1.1" 200 0 "-" "WordPress/6.8; https://christianmantopoulos.com"
195.2.76.117 - - [16/Apr/2025:16:51:22 -0400] "POST /wp-comments-post.php HTTP/1.1" 500 1800 "http://christianmantopoulos.com/how-to-win-at-gas-station-slots/" "Mozilla/5.0 (Windows NT 10.0; Win64; x64) AppleWebKit/537.36 (KHTML, like Gecko) Chrome/130.0.0.0 Safari/537.36 CCleaner/130.0.0.0"
216.244.66.234 - - [16/Apr/2025:17:03:43 -0400] "GET /robots.txt HTTP/1.1" 200 118 "-" "Mozilla/5.0 (compatible; DotBot/1.2; +https://opensiteexplorer.org/dotbot; help@moz.com)"
198.54.114.83 - - [16/Apr/2025:17:04:30 -0400] "POST /wp-cron.php?doing_wp_cron=1744837468.1026189327239990234375 HTTP/1.1" 200 0 "-" "WordPress/6.8; https://christianmantopoulos.com"
128.199.187.96 - - [16/Apr/2025:17:04:23 -0400] "POST /xmlrpc.php HTTP/1.1" 200 212 "-" "Mozilla/5.0 (Windows NT 10.0; Win64; x64; rv:61.0) Gecko/20100101 Firefox/61.0"
198.54.114.83 - - [16/Apr/2025:17:05:41 -0400] "POST /wp-cron.php?doing_wp_cron=1744837540.5633780956268310546875 HTTP/1.1" 200 0 "-" "WordPress/6.8; https://christianmantopoulos.com"
167.86.80.181 - - [16/Apr/2025:17:05:40 -0400] "POST /xmlrpc.php HTTP/1.1" 200 212 "-" "Mozilla/5.0 (Windows NT 10.0; Win64; x64; rv:63.0) Gecko/20100101 Firefox/63.0"
37.204.198.132 - - [16/Apr/2025:17:10:11 -0400] "GET / HTTP/1.1" 200 97713 "http://christianmantopoulos.com/" "Mozilla/5.0 (Windows NT 10.0; Win64; x64) AppleWebKit/537.36 (KHTML, like Gecko) Chrome/103.0.0.0 Safari/537.36 OpenWave/97.4.2043.44"
198.54.114.83 - - [16/Apr/2025:17:11:34 -0400] "POST /wp-cron.php?doing_wp_cron=1744837892.1073191165924072265625 HTTP/1.1" 200 0 "-" "WordPress/6.8; https://christianmantopoulos.com"
216.244.66.234 - - [16/Apr/2025:17:11:26 -0400] "GET /unterstutzung-bei-der-wohnungsraumung/feed/ HTTP/1.1" 200 450 "-" "Mozilla/5.0 (compatible; DotBot/1.2; +https://opensiteexplorer.org/dotbot; help@moz.com)"
66.249.64.13 - - [16/Apr/2025:17:16:50 -0400] "GET /Braided-Red-Roping-Knotted-Horse/Reins-693501/ HTTP/1.1" 404 6820 "-" "Mozilla/5.0 (Linux; Android 6.0.1; Nexus 5X Build/MMB29P) AppleWebKit/537.36 (KHTML, like Gecko) Chrome/135.0.7049.84 Mobile Safari/537.36 (compatible; Googlebot/2.1; +http://www.google.com/bot.html)"
66.249.64.11 - - [16/Apr/2025:17:17:57 -0400] "GET /Lure-Viva-Kozo/Spinners-&-Spinnerbaits-306456/ HTTP/1.1" 404 6820 "-" "Mozilla/5.0 (Linux; Android 6.0.1; Nexus 5X Build/MMB29P) AppleWebKit/537.36 (KHTML, like Gecko) Chrome/135.0.7049.84 Mobile Safari/537.36 (compatible; Googlebot/2.1; +http://www.google.com/bot.html)"
198.54.114.83 - - [16/Apr/2025:17:17:59 -0400] "POST /wp-cron.php?doing_wp_cron=1744838278.2192220687866210937500 HTTP/1.1" 200 0 "-" "WordPress/6.8; https://christianmantopoulos.com"
198.54.114.83 - - [16/Apr/2025:17:19:00 -0400] "POST /wp-cron.php?doing_wp_cron=1744838339.5895678997039794921875 HTTP/1.1" 200 0 "-" "WordPress/6.8; https://christianmantopoulos.com"
35.177.34.137 - - [16/Apr/2025:17:18:59 -0400] "POST /xmlrpc.php HTTP/1.1" 200 212 "-" "Mozilla/5.0 (Windows NT 10.0; Win64; x64; rv:100.0) Gecko/20100101 Firefox/100.0"
93.93.113.189 - - [16/Apr/2025:17:20:24 -0400] "POST /xmlrpc.php HTTP/1.1" 200 212 "-" "Mozilla/5.0 (Windows NT 10.0; Win64; x64; rv:75.0) Gecko/20100101 Firefox/75.0"
198.54.114.83 - - [16/Apr/2025:17:20:26 -0400] "POST /wp-cron.php?doing_wp_cron=1744838424.9194989204406738281250 HTTP/1.1" 200 0 "-" "WordPress/6.8; https://christianmantopoulos.com"
195.2.76.183 - - [16/Apr/2025:17:23:23 -0400] "GET /how-to-win-at-gas-station-slots/ HTTP/1.1" 200 11738 "http://christianmantopoulos.com/how-to-win-at-gas-station-slots/" "Mozilla/5.0 (Windows NT 10.0; Win64; x64) AppleWebKit/537.36 (KHTML, like Gecko) Chrome/131.0.0.0 Safari/537.36"
198.54.114.83 - - [16/Apr/2025:17:23:29 -0400] "POST /wp-cron.php?doing_wp_cron=1744838609.0831689834594726562500 HTTP/1.1" 200 0 "-" "WordPress/6.8; https://christianmantopoulos.com"
195.2.76.183 - - [16/Apr/2025:17:23:25 -0400] "POST /wp-comments-post.php HTTP/1.1" 500 1885 "http://christianmantopoulos.com/how-to-win-at-gas-station-slots/" "Mozilla/5.0 (Windows NT 10.0; Win64; x64) AppleWebKit/537.36 (KHTML, like Gecko) Chrome/131.0.0.0 Safari/537.36"
198.54.114.83 - - [16/Apr/2025:17:40:06 -0400] "POST /wp-cron.php?doing_wp_cron=1744839605.3320798873901367187500 HTTP/1.1" 200 0 "-" "WordPress/6.8; https://christianmantopoulos.com"
2a01:4f8:13a:106c::2 - - [16/Apr/2025:17:40:00 -0400] "POST /xmlrpc.php HTTP/1.1" 200 212 "-" "Mozilla/5.0 (Windows NT 10.0; Win64; x64; rv:51.0) Gecko/20100101 Firefox/51.0"
77.238.251.212 - - [16/Apr/2025:17:40:49 -0400] "GET /how-to-win-at-gas-station-slots/ HTTP/1.1" 200 11738 "http://christianmantopoulos.com/how-to-win-at-gas-station-slots/" "Mozilla/5.0 (Windows NT 10.0; Win64; x64) AppleWebKit/537.36 (KHTML, like Gecko) Chrome/131.0.0.0 Safari/537.36"
77.238.251.212 - - [16/Apr/2025:17:40:51 -0400] "POST /wp-comments-post.php HTTP/1.1" 500 1704 "http://christianmantopoulos.com/how-to-win-at-gas-station-slots/" "Mozilla/5.0 (Windows NT 10.0; Win64; x64) AppleWebKit/537.36 (KHTML, like Gecko) Chrome/131.0.0.0 Safari/537.36"
198.54.114.83 - - [16/Apr/2025:17:40:53 -0400] "POST /wp-cron.php?doing_wp_cron=1744839651.4585139751434326171875 HTTP/1.1" 200 0 "-" "WordPress/6.8; https://christianmantopoulos.com"
94.142.141.70 - - [16/Apr/2025:17:45:11 -0400] "POST /xmlrpc.php HTTP/1.1" 200 212 "-" "Mozilla/5.0 (Windows NT 10.0; Win64; x64; rv:73.0) Gecko/20100101 Firefox/73.0"
198.54.114.83 - - [16/Apr/2025:17:45:18 -0400] "POST /wp-cron.php?doing_wp_cron=1744839915.8680338859558105468750 HTTP/1.1" 200 0 "-" "WordPress/6.8; https://christianmantopoulos.com"
198.54.114.83 - - [16/Apr/2025:17:46:54 -0400] "POST /wp-cron.php?doing_wp_cron=1744840013.2132720947265625000000 HTTP/1.1" 200 0 "-" "WordPress/6.8; https://christianmantopoulos.com"
66.249.64.2 - - [16/Apr/2025:17:46:48 -0400] "GET /V-LED-Tactical-Flashlight-Torch-mAh-Battery/Flashlights-619217/ HTTP/1.1" 404 6820 "-" "Mozilla/5.0 (Linux; Android 6.0.1; Nexus 5X Build/MMB29P) AppleWebKit/537.36 (KHTML, like Gecko) Chrome/135.0.7049.84 Mobile Safari/537.36 (compatible; Googlebot/2.1; +http://www.google.com/bot.html)"
92.255.57.39 - - [16/Apr/2025:17:47:13 -0400] "GET / HTTP/1.1" 200 97713 "http://christianmantopoulos.com/" "Mozilla/5.0 (Windows NT 10.0; Win64; x64) AppleWebKit/537.36 (KHTML, like Gecko) Chrome/129.0.0.0 Safari/537.36"
198.54.114.83 - - [16/Apr/2025:17:48:29 -0400] "POST /wp-cron.php?doing_wp_cron=1744840108.1350069046020507812500 HTTP/1.1" 200 0 "-" "WordPress/6.8; https://christianmantopoulos.com"
75.119.146.155 - - [16/Apr/2025:17:48:27 -0400] "POST /xmlrpc.php HTTP/1.1" 200 212 "-" "Mozilla/5.0 (Windows NT 10.0; Win64; x64; rv:64.0) Gecko/20100101 Firefox/64.0"
212.34.147.142 - - [16/Apr/2025:17:50:22 -0400] "GET /how-to-win-at-gas-station-slots/ HTTP/1.1" 200 11738 "http://christianmantopoulos.com/how-to-win-at-gas-station-slots/" "Mozilla/5.0 (Windows NT 10.0; Win64; x64) AppleWebKit/537.36 (KHTML, like Gecko) Chrome/129.0.0.0 Safari/537.36"
212.34.147.142 - - [16/Apr/2025:17:50:24 -0400] "POST /wp-comments-post.php HTTP/1.1" 500 1753 "http://christianmantopoulos.com/how-to-win-at-gas-station-slots/" "Mozilla/5.0 (Windows NT 10.0; Win64; x64) AppleWebKit/537.36 (KHTML, like Gecko) Chrome/129.0.0.0 Safari/537.36"
198.54.114.83 - - [16/Apr/2025:17:50:31 -0400] "POST /wp-cron.php?doing_wp_cron=1744840229.0662970542907714843750 HTTP/1.1" 200 0 "-" "WordPress/6.8; https://christianmantopoulos.com"
196.251.86.86 - - [16/Apr/2025:17:55:08 -0400] "GET / HTTP/1.1" 200 97713 "-" "-"
198.54.114.83 - - [16/Apr/2025:17:57:36 -0400] "POST /wp-cron.php?doing_wp_cron=1744840655.3760499954223632812500 HTTP/1.1" 200 0 "-" "WordPress/6.8; https://christianmantopoulos.com"
178.33.192.240 - - [16/Apr/2025:17:57:35 -0400] "POST /xmlrpc.php HTTP/1.1" 200 212 "-" "Mozilla/5.0 (Windows NT 10.0; Win64; x64; rv:41.0) Gecko/20100101 Firefox/41.0"
198.54.114.83 - - [16/Apr/2025:17:59:08 -0400] "POST /wp-cron.php?doing_wp_cron=1744840747.1842789649963378906250 HTTP/1.1" 200 0 "-" "WordPress/6.8; https://christianmantopoulos.com"
167.235.238.208 - - [16/Apr/2025:17:59:02 -0400] "POST /xmlrpc.php HTTP/1.1" 200 212 "-" "Mozilla/5.0 (Windows NT 10.0; Win64; x64; rv:86.0) Gecko/20100101 Firefox/86.0"
198.54.114.83 - - [16/Apr/2025:18:08:23 -0400] "POST /wp-cron.php?doing_wp_cron=1744841301.7994239330291748046875 HTTP/1.1" 200 0 "-" "WordPress/6.8; https://christianmantopoulos.com"
147.182.153.7 - - [16/Apr/2025:18:08:17 -0400] "POST /xmlrpc.php HTTP/1.1" 200 212 "-" "Mozilla/5.0 (Windows NT 10.0; Win64; x64; rv:86.0) Gecko/20100101 Firefox/86.0"
85.208.98.23 - - [16/Apr/2025:18:09:16 -0400] "GET /robots.txt HTTP/1.1" 304 0 "-" "Mozilla/5.0 (compatible; SemrushBot-BA; +http://www.semrush.com/bot.html)"
198.54.114.83 - - [16/Apr/2025:18:12:40 -0400] "POST /wp-cron.php?doing_wp_cron=1744841558.7764179706573486328125 HTTP/1.1" 200 0 "-" "WordPress/6.8; https://christianmantopoulos.com"
212.98.84.140 - - [16/Apr/2025:18:12:38 -0400] "POST /xmlrpc.php HTTP/1.1" 200 212 "-" "Mozilla/5.0 (Windows NT 10.0; Win64; x64; rv:89.0) Gecko/20100101 Firefox/89.0"
198.54.114.83 - - [16/Apr/2025:18:16:56 -0400] "POST /wp-cron.php?doing_wp_cron=1744841815.2039749622344970703125 HTTP/1.1" 200 0 "-" "WordPress/6.8; https://christianmantopoulos.com"
66.249.64.11 - - [16/Apr/2025:18:16:51 -0400] "GET /Shoes-Oak-Green-US-EU/Mens-Cycling-Shoes-226657/ HTTP/1.1" 404 6820 "-" "Mozilla/5.0 (Linux; Android 6.0.1; Nexus 5X Build/MMB29P) AppleWebKit/537.36 (KHTML, like Gecko) Chrome/135.0.7049.84 Mobile Safari/537.36 (compatible; Googlebot/2.1; +http://www.google.com/bot.html)"
85.208.98.23 - - [16/Apr/2025:18:20:17 -0400] "GET /robots.txt HTTP/1.1" 200 118 "-" "Mozilla/5.0 (compatible; SemrushBot-BA; +http://www.semrush.com/bot.html)"
198.54.114.83 - - [16/Apr/2025:18:20:45 -0400] "POST /wp-cron.php?doing_wp_cron=1744842043.5245590209960937500000 HTTP/1.1" 200 0 "-" "WordPress/6.8; https://christianmantopoulos.com"
66.249.64.13 - - [16/Apr/2025:18:20:39 -0400] "GET /N&039;-Gun-Realtree-Edge-Pt-Turkey/Vests-472723/ HTTP/1.1" 404 6820 "-" "Mozilla/5.0 (Linux; Android 6.0.1; Nexus 5X Build/MMB29P) AppleWebKit/537.36 (KHTML, like Gecko) Chrome/135.0.7049.84 Mobile Safari/537.36 (compatible; Googlebot/2.1; +http://www.google.com/bot.html)"
135.119.143.77 - - [16/Apr/2025:18:22:25 -0400] "HEAD /wordpress HTTP/1.1" 404 0 "-" "Mozilla/5.0 (Windows NT 10.0; Win64; x64) AppleWebKit/537.36 (KHTML, like Gecko) Chrome/74.0.3729.169 Safari/537.36"
198.54.114.83 - - [16/Apr/2025:18:22:31 -0400] "POST /wp-cron.php?doing_wp_cron=1744842147.8809490203857421875000 HTTP/1.1" 200 0 "-" "WordPress/6.8; https://christianmantopoulos.com"
135.119.143.77 - - [16/Apr/2025:18:22:32 -0400] "HEAD / HTTP/1.1" 200 0 "-" "Mozilla/5.0 (Windows NT 10.0; Win64; x64) AppleWebKit/537.36 (KHTML, like Gecko) Chrome/74.0.3729.169 Safari/537.36"
135.119.143.77 - - [16/Apr/2025:18:22:36 -0400] "HEAD /wp HTTP/1.1" 404 0 "-" "Mozilla/5.0 (Windows NT 10.0; Win64; x64) AppleWebKit/537.36 (KHTML, like Gecko) Chrome/74.0.3729.169 Safari/537.36"
135.119.143.77 - - [16/Apr/2025:18:22:38 -0400] "HEAD /bc HTTP/1.1" 404 0 "-" "Mozilla/5.0 (Windows NT 10.0; Win64; x64) AppleWebKit/537.36 (KHTML, like Gecko) Chrome/74.0.3729.169 Safari/537.36"
135.119.143.77 - - [16/Apr/2025:18:22:42 -0400] "HEAD /bk HTTP/1.1" 404 0 "-" "Mozilla/5.0 (Windows NT 10.0; Win64; x64) AppleWebKit/537.36 (KHTML, like Gecko) Chrome/74.0.3729.169 Safari/537.36"
135.119.143.77 - - [16/Apr/2025:18:22:46 -0400] "HEAD /backup HTTP/1.1" 404 0 "-" "Mozilla/5.0 (Windows NT 10.0; Win64; x64) AppleWebKit/537.36 (KHTML, like Gecko) Chrome/74.0.3729.169 Safari/537.36"
135.119.143.77 - - [16/Apr/2025:18:22:50 -0400] "HEAD /old HTTP/1.1" 404 0 "-" "Mozilla/5.0 (Windows NT 10.0; Win64; x64) AppleWebKit/537.36 (KHTML, like Gecko) Chrome/74.0.3729.169 Safari/537.36"
135.119.143.77 - - [16/Apr/2025:18:22:54 -0400] "HEAD /new HTTP/1.1" 301 0 "-" "Mozilla/5.0 (Windows NT 10.0; Win64; x64) AppleWebKit/537.36 (KHTML, like Gecko) Chrome/74.0.3729.169 Safari/537.36"
135.119.143.77 - - [16/Apr/2025:18:22:56 -0400] "HEAD /main HTTP/1.1" 404 0 "-" "Mozilla/5.0 (Windows NT 10.0; Win64; x64) AppleWebKit/537.36 (KHTML, like Gecko) Chrome/74.0.3729.169 Safari/537.36"
135.119.143.77 - - [16/Apr/2025:18:22:59 -0400] "HEAD /home HTTP/1.1" 301 0 "-" "Mozilla/5.0 (Windows NT 10.0; Win64; x64) AppleWebKit/537.36 (KHTML, like Gecko) Chrome/74.0.3729.169 Safari/537.36"
198.54.114.83 - - [16/Apr/2025:18:23:42 -0400] "POST /wp-cron.php?doing_wp_cron=1744842220.0336270332336425781250 HTTP/1.1" 200 0 "-" "WordPress/6.8; https://christianmantopoulos.com"
2a02:74a0:a008:2014:f816:3eff:fe27:b1a2 - - [16/Apr/2025:18:23:39 -0400] "POST /xmlrpc.php HTTP/1.1" 200 212 "-" "Mozilla/5.0 (Windows NT 10.0; Win64; x64; rv:40.0) Gecko/20100101 Firefox/40.0"
185.199.223.25 - - [16/Apr/2025:18:33:12 -0400] "POST /xmlrpc.php HTTP/1.1" 200 212 "-" "Mozilla/5.0 (Windows NT 10.0; Win64; x64; rv:48.0) Gecko/20100101 Firefox/48.0"
23.251.157.11 - - [16/Apr/2025:18:33:13 -0400] "POST /xmlrpc.php HTTP/1.1" 200 212 "-" "Mozilla/5.0 (Windows NT 10.0; Win64; x64; rv:46.0) Gecko/20100101 Firefox/46.0"
198.54.114.83 - - [16/Apr/2025:18:33:17 -0400] "POST /wp-cron.php?doing_wp_cron=1744842796.2266879081726074218750 HTTP/1.1" 200 0 "-" "WordPress/6.8; https://christianmantopoulos.com"
198.54.114.83 - - [16/Apr/2025:18:40:14 -0400] "POST /wp-cron.php?doing_wp_cron=1744843212.7359271049499511718750 HTTP/1.1" 200 0 "-" "WordPress/6.8; https://christianmantopoulos.com"
85.214.135.99 - - [16/Apr/2025:18:40:08 -0400] "POST /xmlrpc.php HTTP/1.1" 200 212 "-" "Mozilla/5.0 (Windows NT 10.0; Win64; x64; rv:41.0) Gecko/20100101 Firefox/41.0"
198.54.114.83 - - [16/Apr/2025:18:46:57 -0400] "POST /wp-cron.php?doing_wp_cron=1744843616.8950750827789306640625 HTTP/1.1" 200 0 "-" "WordPress/6.8; https://christianmantopoulos.com"
66.249.64.12 - - [16/Apr/2025:18:46:52 -0400] "GET /Bicycle-Parts-Accessories-pcsSet-MTB-Bike/Cranksets-104646/ HTTP/1.1" 404 6820 "-" "Mozilla/5.0 (Linux; Android 6.0.1; Nexus 5X Build/MMB29P) AppleWebKit/537.36 (KHTML, like Gecko) Chrome/135.0.7049.84 Mobile Safari/537.36 (compatible; Googlebot/2.1; +http://www.google.com/bot.html)"
198.54.114.83 - - [16/Apr/2025:18:50:42 -0400] "POST /wp-cron.php?doing_wp_cron=1744843841.7328410148620605468750 HTTP/1.1" 200 0 "-" "WordPress/6.8; https://christianmantopoulos.com"
66.249.64.11 - - [16/Apr/2025:18:50:38 -0400] "GET /Pelt-Hide-Fully-Tanned-Red/Small-Animals-546345/ HTTP/1.1" 404 6820 "-" "Mozilla/5.0 (Linux; Android 6.0.1; Nexus 5X Build/MMB29P) AppleWebKit/537.36 (KHTML, like Gecko) Chrome/135.0.7049.84 Mobile Safari/537.36 (compatible; Googlebot/2.1; +http://www.google.com/bot.html)"
198.54.114.83 - - [16/Apr/2025:18:51:26 -0400] "POST /wp-cron.php?doing_wp_cron=1744843885.8057460784912109375000 HTTP/1.1" 200 0 "-" "WordPress/6.8; https://christianmantopoulos.com"
46.101.118.117 - - [16/Apr/2025:18:51:25 -0400] "POST /xmlrpc.php HTTP/1.1" 200 212 "-" "Mozilla/5.0 (Windows NT 10.0; Win64; x64; rv:83.0) Gecko/20100101 Firefox/83.0"
198.54.114.83 - - [16/Apr/2025:18:54:28 -0400] "POST /wp-cron.php?doing_wp_cron=1744844068.0678820610046386718750 HTTP/1.1" 200 0 "-" "WordPress/6.8; https://christianmantopoulos.com"
66.249.64.12 - - [16/Apr/2025:18:54:25 -0400] "GET /75&034;-RH-OWB-Hunter-Holsters/Holsters-484023/ HTTP/1.1" 404 6820 "-" "Mozilla/5.0 (Linux; Android 6.0.1; Nexus 5X Build/MMB29P) AppleWebKit/537.36 (KHTML, like Gecko) Chrome/135.0.7049.84 Mobile Safari/537.36 (compatible; Googlebot/2.1; +http://www.google.com/bot.html)"
20.197.54.238 - - [16/Apr/2025:19:04:49 -0400] "POST /xmlrpc.php HTTP/1.1" 200 212 "-" "Mozilla/5.0 (Windows NT 10.0; Win64; x64; rv:88.0) Gecko/20100101 Firefox/88.0"
198.54.114.83 - - [16/Apr/2025:19:04:56 -0400] "POST /wp-cron.php?doing_wp_cron=1744844694.0853059291839599609375 HTTP/1.1" 200 0 "-" "WordPress/6.8; https://christianmantopoulos.com"
66.249.64.1 - - [16/Apr/2025:19:04:57 -0400] "GET /Chain-Wheel-Crankset-MTB-Bicycle-Crankset/Cranksets-101811/ HTTP/1.1" 404 6820 "-" "Mozilla/5.0 (Linux; Android 6.0.1; Nexus 5X Build/MMB29P) AppleWebKit/537.36 (KHTML, like Gecko) Chrome/135.0.7049.84 Mobile Safari/537.36 (compatible; Googlebot/2.1; +http://www.google.com/bot.html)"
185.93.109.190 - - [16/Apr/2025:19:05:21 -0400] "POST /xmlrpc.php HTTP/1.1" 200 212 "-" "Mozilla/5.0 (Windows NT 10.0; Win64; x64; rv:72.0) Gecko/20100101 Firefox/72.0"
198.54.114.83 - - [16/Apr/2025:19:10:19 -0400] "POST /wp-cron.php?doing_wp_cron=1744845017.5387620925903320312500 HTTP/1.1" 200 0 "-" "WordPress/6.8; https://christianmantopoulos.com"
2604:a880:800:14::1209:d000 - - [16/Apr/2025:19:10:12 -0400] "POST /xmlrpc.php HTTP/1.1" 200 212 "-" "Mozilla/5.0 (Windows NT 10.0; Win64; x64; rv:99.0) Gecko/20100101 Firefox/99.0"
138.199.59.244 - - [16/Apr/2025:19:17:26 -0400] "GET /mk-shoulder-bag-by-michael-kors/ HTTP/1.1" 200 11775 "http://christianmantopoulos.com/mk-shoulder-bag-by-michael-kors/" "Mozilla/5.0 (Windows NT 10.0; Win64; x64) AppleWebKit/537.36 (KHTML, like Gecko) Chrome/129.0.0.0 Safari/537.36"
198.54.114.83 - - [16/Apr/2025:19:17:33 -0400] "POST /wp-cron.php?doing_wp_cron=1744845452.4029970169067382812500 HTTP/1.1" 200 0 "-" "WordPress/6.8; https://christianmantopoulos.com"
138.199.59.244 - - [16/Apr/2025:19:17:28 -0400] "POST /wp-comments-post.php HTTP/1.1" 500 1742 "http://christianmantopoulos.com/mk-shoulder-bag-by-michael-kors/" "Mozilla/5.0 (Windows NT 10.0; Win64; x64) AppleWebKit/537.36 (KHTML, like Gecko) Chrome/129.0.0.0 Safari/537.36"
66.249.64.1 - - [16/Apr/2025:19:21:29 -0400] "GET /Kit-with-Remote-Single-Motor-Longboard/Other-Skateboard-Parts-719583/ HTTP/1.1" 404 6820 "-" "Mozilla/5.0 (Linux; Android 6.0.1; Nexus 5X Build/MMB29P) AppleWebKit/537.36 (KHTML, like Gecko) Chrome/135.0.7049.84 Mobile Safari/537.36 (compatible; Googlebot/2.1; +http://www.google.com/bot.html)"
198.54.114.83 - - [16/Apr/2025:19:21:38 -0400] "POST /wp-cron.php?doing_wp_cron=1744845693.9065289497375488281250 HTTP/1.1" 200 0 "-" "WordPress/6.8; https://christianmantopoulos.com"
91.84.96.34 - - [16/Apr/2025:19:25:42 -0400] "GET /how-to-win-at-gas-station-slots/ HTTP/1.1" 200 11738 "http://christianmantopoulos.com/how-to-win-at-gas-station-slots/" "Mozilla/5.0 (Windows NT 10.0; Win64; x64) AppleWebKit/537.36 (KHTML, like Gecko) Chrome/130.0.0.0 Safari/537.36 CCleaner/130.0.0.0"
198.54.114.83 - - [16/Apr/2025:19:25:49 -0400] "POST /wp-cron.php?doing_wp_cron=1744845948.3443160057067871093750 HTTP/1.1" 200 0 "-" "WordPress/6.8; https://christianmantopoulos.com"
91.84.96.34 - - [16/Apr/2025:19:25:43 -0400] "POST /wp-comments-post.php HTTP/1.1" 500 1702 "http://christianmantopoulos.com/how-to-win-at-gas-station-slots/" "Mozilla/5.0 (Windows NT 10.0; Win64; x64) AppleWebKit/537.36 (KHTML, like Gecko) Chrome/130.0.0.0 Safari/537.36 CCleaner/130.0.0.0"
198.54.114.83 - - [16/Apr/2025:19:28:38 -0400] "POST /wp-cron.php?doing_wp_cron=1744846117.6862509250640869140625 HTTP/1.1" 200 0 "-" "WordPress/6.8; https://christianmantopoulos.com"
206.189.12.250 - - [16/Apr/2025:19:28:34 -0400] "POST /xmlrpc.php HTTP/1.1" 200 212 "-" "Mozilla/5.0 (Windows NT 10.0; Win64; x64; rv:71.0) Gecko/20100101 Firefox/71.0"
66.249.64.11 - - [16/Apr/2025:19:42:33 -0400] "GET /Cordura-L-HELIKON-TEX-SUMMIT/Backpacks-640485/ HTTP/1.1" 404 6820 "-" "Mozilla/5.0 (Linux; Android 6.0.1; Nexus 5X Build/MMB29P) AppleWebKit/537.36 (KHTML, like Gecko) Chrome/135.0.7049.84 Mobile Safari/537.36 (compatible; Googlebot/2.1; +http://www.google.com/bot.html)"
198.54.114.83 - - [16/Apr/2025:19:42:41 -0400] "POST /wp-cron.php?doing_wp_cron=1744846959.0452649593353271484375 HTTP/1.1" 200 0 "-" "WordPress/6.8; https://christianmantopoulos.com"
5.56.58.148 - - [16/Apr/2025:19:46:48 -0400] "POST /xmlrpc.php HTTP/1.1" 200 212 "-" "Mozilla/5.0 (Windows NT 10.0; Win64; x64; rv:72.0) Gecko/20100101 Firefox/72.0"
198.54.114.83 - - [16/Apr/2025:19:46:54 -0400] "POST /wp-cron.php?doing_wp_cron=1744847212.4905929565429687500000 HTTP/1.1" 200 0 "-" "WordPress/6.8; https://christianmantopoulos.com"
2a01:4f9:3051:5421::2 - - [16/Apr/2025:19:52:12 -0400] "POST /xmlrpc.php HTTP/1.1" 200 212 "-" "Mozilla/5.0 (Windows NT 10.0; Win64; x64; rv:91.0) Gecko/20100101 Firefox/91.0"
198.54.114.83 - - [16/Apr/2025:19:52:18 -0400] "POST /wp-cron.php?doing_wp_cron=1744847537.0157110691070556640625 HTTP/1.1" 200 0 "-" "WordPress/6.8; https://christianmantopoulos.com"
195.7.7.75 - - [16/Apr/2025:19:57:53 -0400] "POST /xmlrpc.php HTTP/1.1" 200 212 "-" "Mozilla/5.0 (Windows NT 10.0; Win64; x64; rv:96.0) Gecko/20100101 Firefox/96.0"
198.54.114.83 - - [16/Apr/2025:19:58:03 -0400] "POST /wp-cron.php?doing_wp_cron=1744847878.8819110393524169921875 HTTP/1.1" 200 0 "-" "WordPress/6.8; https://christianmantopoulos.com"
198.54.114.83 - - [16/Apr/2025:20:01:10 -0400] "POST /wp-cron.php?doing_wp_cron=1744848069.0779678821563720703125 HTTP/1.1" 200 0 "-" "WordPress/6.8; https://christianmantopoulos.com"
194.38.23.16 - - [16/Apr/2025:20:01:04 -0400] "GET /sites/all/libraries/elfinder/src/connectors/php/connector.php HTTP/1.1" 404 6820 "-" "ALittle Client"
198.54.114.83 - - [16/Apr/2025:20:03:41 -0400] "POST /wp-cron.php?doing_wp_cron=1744848219.4647679328918457031250 HTTP/1.1" 200 0 "-" "WordPress/6.8; https://christianmantopoulos.com"
66.249.64.1 - - [16/Apr/2025:20:03:36 -0400] "GET /Sangles-Elastique-Fitness-Bande-de-R%C3%A9sistance/Resistance-Trainers-434076/ HTTP/1.1" 404 6820 "-" "Mozilla/5.0 (Linux; Android 6.0.1; Nexus 5X Build/MMB29P) AppleWebKit/537.36 (KHTML, like Gecko) Chrome/135.0.7049.84 Mobile Safari/537.36 (compatible; Googlebot/2.1; +http://www.google.com/bot.html)"
147.182.153.7 - - [16/Apr/2025:20:10:05 -0400] "POST /xmlrpc.php HTTP/1.1" 200 212 "-" "Mozilla/5.0 (Windows NT 10.0; Win64; x64; rv:75.0) Gecko/20100101 Firefox/75.0"
198.54.114.83 - - [16/Apr/2025:20:10:09 -0400] "POST /wp-cron.php?doing_wp_cron=1744848606.1097030639648437500000 HTTP/1.1" 200 0 "-" "WordPress/6.8; https://christianmantopoulos.com"
198.54.114.83 - - [16/Apr/2025:20:11:30 -0400] "POST /wp-cron.php?doing_wp_cron=1744848689.1126229763031005859375 HTTP/1.1" 200 0 "-" "WordPress/6.8; https://christianmantopoulos.com"
51.68.153.131 - - [16/Apr/2025:20:11:28 -0400] "POST /xmlrpc.php HTTP/1.1" 200 212 "-" "Mozilla/5.0 (Windows NT 10.0; Win64; x64; rv:92.0) Gecko/20100101 Firefox/92.0"
66.249.64.13 - - [16/Apr/2025:20:24:40 -0400] "GET /Kit-US-Navy-SEALs-Cycling/Jerseys-218376/ HTTP/1.1" 404 6820 "-" "Mozilla/5.0 (Linux; Android 6.0.1; Nexus 5X Build/MMB29P) AppleWebKit/537.36 (KHTML, like Gecko) Chrome/135.0.7049.84 Mobile Safari/537.36 (compatible; Googlebot/2.1; +http://www.google.com/bot.html)"
198.54.114.83 - - [16/Apr/2025:20:24:49 -0400] "POST /wp-cron.php?doing_wp_cron=1744849487.6312499046325683593750 HTTP/1.1" 200 0 "-" "WordPress/6.8; https://christianmantopoulos.com"
43.156.228.27 - - [16/Apr/2025:20:24:49 -0400] "GET / HTTP/1.1" 200 97713 "-" "Mozilla/5.0 (iPhone; CPU iPhone OS 13_2_3 like Mac OS X) AppleWebKit/605.1.15 (KHTML, like Gecko) Version/13.0.3 Mobile/15E148 Safari/604.1"
198.54.114.83 - - [16/Apr/2025:20:27:39 -0400] "POST /wp-cron.php?doing_wp_cron=1744849658.1956040859222412109375 HTTP/1.1" 200 0 "-" "WordPress/6.8; https://christianmantopoulos.com"
2600:1f18:f9b:9c00:d11c:51ff:2c74:616 - - [16/Apr/2025:20:27:34 -0400] "POST /xmlrpc.php HTTP/1.1" 200 212 "-" "Mozilla/5.0 (Windows NT 10.0; Win64; x64; rv:70.0) Gecko/20100101 Firefox/70.0"
198.54.114.83 - - [16/Apr/2025:20:43:40 -0400] "POST /wp-cron.php?doing_wp_cron=1744850619.4734239578247070312500 HTTP/1.1" 200 0 "-" "WordPress/6.8; https://christianmantopoulos.com"
46.249.40.9 - - [16/Apr/2025:20:43:39 -0400] "POST /xmlrpc.php HTTP/1.1" 200 212 "-" "Mozilla/5.0 (Windows NT 10.0; Win64; x64; rv:56.0) Gecko/20100101 Firefox/56.0"
185.199.223.59 - - [16/Apr/2025:20:44:00 -0400] "POST /xmlrpc.php HTTP/1.1" 200 212 "-" "Mozilla/5.0 (Windows NT 10.0; Win64; x64; rv:95.0) Gecko/20100101 Firefox/95.0"
66.249.64.3 - - [16/Apr/2025:20:45:44 -0400] "GET /3k-Carbon-Seatpost-g-BIKEIN-Pro/Seatposts-162062/ HTTP/1.1" 200 0 "-" "Mozilla/5.0 (Linux; Android 6.0.1; Nexus 5X Build/MMB29P) AppleWebKit/537.36 (KHTML, like Gecko) Chrome/135.0.7049.84 Mobile Safari/537.36 (compatible; Googlebot/2.1; +http://www.google.com/bot.html)"
198.54.114.83 - - [16/Apr/2025:20:45:49 -0400] "POST /wp-cron.php?doing_wp_cron=1744850748.8173480033874511718750 HTTP/1.1" 200 0 "-" "WordPress/6.8; https://christianmantopoulos.com"
198.54.114.83 - - [16/Apr/2025:20:48:50 -0400] "POST /wp-cron.php?doing_wp_cron=1744850928.4589500427246093750000 HTTP/1.1" 200 0 "-" "WordPress/6.8; https://christianmantopoulos.com"
52.170.19.121 - - [16/Apr/2025:20:48:43 -0400] "GET /autoload_classmap.php HTTP/1.1" 404 6820 "-" "-"
52.170.19.121 - - [16/Apr/2025:20:48:52 -0400] "GET /post.php HTTP/1.1" 404 6820 "-" "-"
52.170.19.121 - - [16/Apr/2025:20:48:53 -0400] "GET /1.php HTTP/1.1" 404 6820 "-" "-"
52.170.19.121 - - [16/Apr/2025:20:48:55 -0400] "GET /flower.php HTTP/1.1" 404 6820 "-" "-"
52.170.19.121 - - [16/Apr/2025:20:48:57 -0400] "GET /admin.php HTTP/1.1" 404 6821 "-" "-"
52.170.19.121 - - [16/Apr/2025:20:48:57 -0400] "GET /file.php HTTP/1.1" 404 6821 "-" "-"
52.170.19.121 - - [16/Apr/2025:20:48:59 -0400] "GET /meta.php HTTP/1.1" 404 6821 "-" "-"
52.170.19.121 - - [16/Apr/2025:20:49:00 -0400] "GET /index.php HTTP/1.1" 301 0 "-" "-"
52.170.19.121 - - [16/Apr/2025:20:49:02 -0400] "GET / HTTP/1.1" 200 97713 "-" "-"
52.170.19.121 - - [16/Apr/2025:20:49:03 -0400] "GET /about.php HTTP/1.1" 404 6820 "-" "-"
52.170.19.121 - - [16/Apr/2025:20:49:05 -0400] "GET /randkeyword.php HTTP/1.1" 404 6820 "-" "-"
52.170.19.121 - - [16/Apr/2025:20:49:06 -0400] "GET /goods.php HTTP/1.1" 404 6820 "-" "-"
52.170.19.121 - - [16/Apr/2025:20:49:07 -0400] "GET /hehe.php HTTP/1.1" 404 6820 "-" "-"
52.170.19.121 - - [16/Apr/2025:20:49:09 -0400] "GET /yindu.php HTTP/1.1" 404 6820 "-" "-"
52.170.19.121 - - [16/Apr/2025:20:49:11 -0400] "GET /wp-admin/class-db.php HTTP/1.1" 404 6820 "-" "-"
52.170.19.121 - - [16/Apr/2025:20:49:13 -0400] "GET /baxa1.phP8 HTTP/1.1" 404 6820 "-" "-"
52.170.19.121 - - [16/Apr/2025:20:49:14 -0400] "GET /baxa1.php HTTP/1.1" 404 6820 "-" "-"
52.170.19.121 - - [16/Apr/2025:20:49:15 -0400] "GET /.well-known//index.php HTTP/1.1" 301 0 "-" "-"
52.170.19.121 - - [16/Apr/2025:20:49:17 -0400] "GET /.well-known/ HTTP/1.1" 404 6820 "-" "-"
52.170.19.121 - - [16/Apr/2025:20:49:18 -0400] "GET /libraries/phpmailer//index.php HTTP/1.1" 301 0 "-" "-"
52.170.19.121 - - [16/Apr/2025:20:49:19 -0400] "GET /libraries/phpmailer/ HTTP/1.1" 404 6820 "-" "-"
52.170.19.121 - - [16/Apr/2025:20:49:21 -0400] "GET /wp-admin/autoload_classmap.php HTTP/1.1" 404 6820 "-" "-"
198.54.114.83 - - [16/Apr/2025:20:49:23 -0400] "POST /wp-cron.php?doing_wp_cron=1744850963.3548491001129150390625 HTTP/1.1" 200 0 "-" "WordPress/6.8; https://christianmantopoulos.com"
52.170.19.121 - - [16/Apr/2025:20:49:23 -0400] "GET /wp-admin/css/colors/blue//1.php HTTP/1.1" 301 0 "-" "-"
52.170.19.121 - - [16/Apr/2025:20:49:25 -0400] "GET /wp-admin/css/colors/blue/1.php HTTP/1.1" 404 6821 "-" "-"
52.170.19.121 - - [16/Apr/2025:20:49:26 -0400] "GET /wp-content/plugins//about.php HTTP/1.1" 301 0 "-" "-"
52.170.19.121 - - [16/Apr/2025:20:49:27 -0400] "GET /wp-content/plugins/about.php HTTP/1.1" 404 6821 "-" "-"
52.170.19.121 - - [16/Apr/2025:20:49:29 -0400] "GET /wp-content/plugins//index.php HTTP/1.1" 200 0 "-" "-"
52.170.19.121 - - [16/Apr/2025:20:49:30 -0400] "GET /wp-content/plugins/about.php HTTP/1.1" 404 6821 "-" "-"
52.170.19.121 - - [16/Apr/2025:20:49:31 -0400] "GET /wp-content/uploads/BbUMY/flower.php HTTP/1.1" 404 6820 "-" "-"
52.170.19.121 - - [16/Apr/2025:20:49:33 -0400] "GET /wp-includes/ID3//file.php HTTP/1.1" 301 0 "-" "-"
52.170.19.121 - - [16/Apr/2025:20:49:34 -0400] "GET /wp-includes/ID3/file.php HTTP/1.1" 404 6820 "-" "-"
52.170.19.121 - - [16/Apr/2025:20:49:36 -0400] "GET /wp-includes/Text/Diff/Engine//about.php HTTP/1.1" 301 0 "-" "-"
52.170.19.121 - - [16/Apr/2025:20:49:37 -0400] "GET /wp-includes/Text/Diff/Engine/about.php HTTP/1.1" 404 6821 "-" "-"
52.170.19.121 - - [16/Apr/2025:20:49:39 -0400] "GET /wp-includes/Text/Diff/Engine//index.php HTTP/1.1" 301 0 "-" "-"
52.170.19.121 - - [16/Apr/2025:20:49:41 -0400] "GET /wp-includes/Text/Diff/Engine/ HTTP/1.1" 403 1242 "-" "-"
52.170.19.121 - - [16/Apr/2025:20:49:42 -0400] "GET /wp-includes/css//index.php HTTP/1.1" 301 0 "-" "-"
52.170.19.121 - - [16/Apr/2025:20:49:43 -0400] "GET /wp-includes/css/ HTTP/1.1" 403 1242 "-" "-"
52.170.19.121 - - [16/Apr/2025:20:49:44 -0400] "GET /wp-includes/css//xc.php HTTP/1.1" 301 0 "-" "-"
52.170.19.121 - - [16/Apr/2025:20:49:46 -0400] "GET /wp-includes/css/xc.php HTTP/1.1" 404 6820 "-" "-"
52.170.19.121 - - [16/Apr/2025:20:49:47 -0400] "GET /wp-includes/images//about.php HTTP/1.1" 301 0 "-" "-"
52.170.19.121 - - [16/Apr/2025:20:49:48 -0400] "GET /wp-includes/images/about.php HTTP/1.1" 404 6821 "-" "-"
52.170.19.121 - - [16/Apr/2025:20:49:49 -0400] "GET /wp-includes/images/crystal//index.php HTTP/1.1" 301 0 "-" "-"
52.170.19.121 - - [16/Apr/2025:20:49:50 -0400] "GET /wp-includes/images/crystal/ HTTP/1.1" 403 1242 "-" "-"
