207.244.249.175 - - [18/Apr/2025:05:58:49 -0400] "POST /xmlrpc.php HTTP/1.1" 200 212 "-" "Mozilla/5.0 (Windows NT 10.0; Win64; x64; rv:86.0) Gecko/20100101 Firefox/86.0"
2a01:4f9:6b:471a::2 - - [18/Apr/2025:06:07:13 -0400] "POST /xmlrpc.php HTTP/1.1" 200 212 "-" "Mozilla/5.0 (Windows NT 10.0; Win64; x64; rv:75.0) Gecko/20100101 Firefox/75.0"
75.119.145.42 - - [18/Apr/2025:06:18:13 -0400] "POST /xmlrpc.php HTTP/1.1" 200 212 "-" "Mozilla/5.0 (Windows NT 10.0; Win64; x64; rv:53.0) Gecko/20100101 Firefox/53.0"
198.54.114.83 - - [18/Apr/2025:06:19:23 -0400] "POST /wp-cron.php?doing_wp_cron=1744971562.3103070259094238281250 HTTP/1.1" 200 0 "-" "WordPress/6.8; https://christianmantopoulos.com"
196.251.72.127 - - [18/Apr/2025:06:19:21 -0400] "GET //g.lazcdn.com/g/lzdmod/loader/5.0.2/??index.js HTTP/1.1" 200 0 "-" "Mozilla/5.0 (Linux; Android 9; STK-LX1) AppleWebKit/537.36 (KHTML, like Gecko) Chrome/76.0.3809.111 Mobile Safari/537.36"
196.251.72.127 - - [18/Apr/2025:06:19:21 -0400] "GET //g.lazcdn.com/g/mui/i18n/5.0.4/??index.js HTTP/1.1" 200 0 "-" "Mozilla/5.0 (Macintosh; Intel Mac OS X 10_14_4) AppleWebKit/537.36 (KHTML, like Gecko) Chrome/73.0.3683.103 Safari/537.36"
196.251.72.127 - - [18/Apr/2025:06:19:22 -0400] "GET //g.lazcdn.com/g/??mmfe/cps-rt-tracking/0.0.6/index.js HTTP/1.1" 200 0 "-" "Mozilla/5.0 (Macintosh; Intel Mac OS X 10.8; rv:16.0) Gecko/20120813 Firefox/16.0"
196.251.72.127 - - [18/Apr/2025:06:19:23 -0400] "GET //g.lazcdn.com/g/woodpeckerx/jssdk??wpkReporter.js HTTP/1.1" 200 0 "-" "Mozilla/5.0 (iPad; U; CPU OS 3_2 like Mac OS X; en-us) AppleWebKit/531.21.10 (KHTML, like Gecko) Version/4.0.4 Mobile/7B334b Safari/531.21.10"
196.251.72.127 - - [18/Apr/2025:06:19:23 -0400] "GET //g.lazcdn.com/g/lzd/assets/1.2.13/??babel-polyfill/6.26.0/polyfill.min.js HTTP/1.1" 200 0 "-" "Mozilla/5.0 (Windows NT 10.0; WOW64) AppleWebKit/537.36 (KHTML, like Gecko) Chrome/71.0.3578.98 Safari/537.36"
198.54.114.83 - - [18/Apr/2025:06:19:26 -0400] "POST /wp-cron.php?doing_wp_cron=1744971562.9437730312347412109375 HTTP/1.1" 200 0 "-" "WordPress/6.8; https://christianmantopoulos.com"
196.251.72.127 - - [18/Apr/2025:06:19:23 -0400] "GET //g.lazcdn.com/g/??mtb/lib-promise/3.1.3/polyfillB.js HTTP/1.1" 200 0 "-" "Mozilla/5.0 (iPad; CPU OS 6_0 like Mac OS X) AppleWebKit/536.26 (KHTML, like Gecko) Version/6.0 Mobile/10A5355d Safari/8536.25"
196.251.72.127 - - [18/Apr/2025:06:19:23 -0400] "GET //g.lazcdn.com/g/??mui/feloader/5.0.0/feloader-min.js HTTP/1.1" 200 0 "-" "Mozilla/5.0 (Windows; U; ; en-NZ) AppleWebKit/527  (KHTML, like Gecko, Safari/419.3) Arora/0.8.0"
196.251.72.127 - - [18/Apr/2025:06:19:23 -0400] "GET /blank.js HTTP/1.1" 404 6820 "-" "Mozilla/4.0 (compatible; MSIE 6.0; Windows CE; IEMobile 7.11) Sprint:PPC6800"
196.251.72.127 - - [18/Apr/2025:06:19:23 -0400] "GET //g.lazcdn.com/g/lazada-search-fe/lzd-searchbox/0.4.11/index.js HTTP/1.1" 301 0 "-" "Mozilla/5.0 (Linux; Android 9; moto g(6)) AppleWebKit/537.36 (KHTML, like Gecko) Chrome/76.0.3809.111 Mobile Safari/537.36"
196.251.72.127 - - [18/Apr/2025:06:19:23 -0400] "GET //g.lazcdn.com/g/lzd/assets/1.1.37/web-vitals/2.1.0/index.js HTTP/1.1" 301 0 "-" "Mozilla/5.0 (Macintosh; Intel Mac OS X 10_14_0) AppleWebKit/537.36 (KHTML, like Gecko) Chrome/75.0.3770.142 Safari/537.36"
196.251.72.127 - - [18/Apr/2025:06:19:21 -0400] "GET /site-nav-pc/5.2.38/pc/index.js HTTP/1.1" 404 6820 "-" "SonyEricssonW660i/R6AD Browser/NetFront/3.3 Profile/MIDP-2.0 Configuration/CLDC-1.1"
196.251.72.127 - - [18/Apr/2025:06:19:23 -0400] "GET //g.lazcdn.com/g/lzd/assets/0.0.5/next/0.19.21/next.min.js HTTP/1.1" 301 0 "-" "Mozilla/5.0 (X11; U; SunOS i86pc; en-US; rv:1.8.1.12) Gecko/20080303 SeaMonkey/1.1.8"
196.251.72.127 - - [18/Apr/2025:06:19:21 -0400] "GET //g.lazcdn.com/g/retcode/cloud-sdk/bl.js HTTP/1.1" 301 0 "-" "Mozilla/5.0 (Macintosh; Intel Mac OS X 10_13_0) AppleWebKit/537.36 (KHTML, like Gecko) Chrome/76.0.3809.87 Safari/537.36"
196.251.72.127 - - [18/Apr/2025:06:19:23 -0400] "GET /site-menu-pc/5.0.45/pc/index.js HTTP/1.1" 404 6820 "-" "Mozilla/5.0 (Windows; U; Windows NT 6.0; en-US) AppleWebKit/533.1 (KHTML, like Gecko) Maxthon/3.0.8.2 Safari/533.1"
196.251.72.127 - - [18/Apr/2025:06:19:23 -0400] "GET /lzd-h5-utils-icon/1.0.8/index.js HTTP/1.1" 404 6820 "-" "Mozilla/5.0 (compatible; MSIE 9.0; Windows Phone OS 7.5; Trident/5.0; IEMobile/9.0)"
196.251.72.127 - - [18/Apr/2025:06:19:23 -0400] "GET /desktop-footer/6.1.1/pc/reqwest/index.js HTTP/1.1" 404 6820 "-" "Mozilla/5.0 (X11; Linux x86_64; rv:38.0) Gecko/20100101 Firefox/38.0"
196.251.72.127 - - [18/Apr/2025:06:19:23 -0400] "GET //g.lazcdn.com/g/lzdmod/im/5.0.103/index.js HTTP/1.1" 301 0 "-" "Mozilla/5.0 (Linux; Android 8.1.0; Redmi Y2) AppleWebKit/537.36 (KHTML, like Gecko) Chrome/76.0.3809.89 Mobile Safari/537.36"
196.251.72.127 - - [18/Apr/2025:06:19:24 -0400] "GET /lzd-h5-utils-sites/1.1.11/index.js HTTP/1.1" 404 6820 "-" "Mozilla/5.0 (Windows NT 6.1; WOW64) AppleWebKit/537.36 (KHTML, like Gecko) Chrome/73.0.3683.86 Safari/537.36"
196.251.72.127 - - [18/Apr/2025:06:19:23 -0400] "GET //g.lazcdn.com/g/lzd/assets/1.2.10/web-vitals/3.4.0/index.js HTTP/1.1" 301 0 "-" "Mozilla/5.0 (BeOS; U; BeOS BePC; en-US; rv:1.9a1) Gecko/20060702 SeaMonkey/1.5a"
196.251.72.127 - - [18/Apr/2025:06:19:24 -0400] "GET /site-nav-pc/5.2.38/assets/search-box/index.js HTTP/1.1" 404 6820 "-" "Mozilla/5.0 (Macintosh; Intel Mac OS X 10_13_6) AppleWebKit/537.36 (KHTML, like Gecko) Chrome/73.0.3683.88 Safari/537.36 Vivaldi/2.4.1488.36"
196.251.72.127 - - [18/Apr/2025:06:19:23 -0400] "GET /assets/1.1.18/require/2.3.6/require.js HTTP/1.1" 404 6820 "-" "Mozilla/5.0 (Linux; U; Android 1.5; en-us; htc_bahamas Build/CRB17) AppleWebKit/528.5  (KHTML, like Gecko) Version/3.1.2 Mobile Safari/525.20.1"
196.251.72.127 - - [18/Apr/2025:06:19:23 -0400] "GET //o.alicdn.com/lzdfe/lzd-h5-itrace/index.js HTTP/1.1" 301 0 "-" "Mozilla/5.0 (Windows NT 10.0; Win64; x64) AppleWebKit/537.36 (KHTML, like Gecko) Chrome/75.0.3770.102 Safari/537.36 Vivaldi/2.6.1566.44"
196.251.72.127 - - [18/Apr/2025:06:19:23 -0400] "GET /site-nav-pc/5.2.38/assets/common/popper/index.js HTTP/1.1" 404 6820 "-" "Mozilla/5.0 (Windows NT 10.0; Win64; x64) AppleWebKit/537.36 (KHTML, like Gecko) Chrome/77.0.3865.42 Safari/537.36"
196.251.72.127 - - [18/Apr/2025:06:19:23 -0400] "GET /desktop-footer/6.1.1/pc/index.js HTTP/1.1" 404 6820 "-" "Mozilla/5.0 (Windows NT 10.0; WOW64; Trident/7.0; MATBJS; rv:11.0) like Gecko"
196.251.72.127 - - [18/Apr/2025:06:19:21 -0400] "GET /site-nav-pc/5.2.38/i18n.js HTTP/1.1" 404 6820 "-" "SonyEricssonK800i/R1CB Browser/NetFront/3.3 Profile/MIDP-2.0 Configuration/CLDC-1.1 UP.Link/6.3.0.0.0"
196.251.72.127 - - [18/Apr/2025:06:19:23 -0400] "GET /lzd-h5-utils-qs/0.1.11/index.js HTTP/1.1" 404 6820 "-" "Mozilla/5.0 (Linux; Android 9; Pixel 3 XL) AppleWebKit/537.36 (KHTML, like Gecko) Chrome/76.0.3809.89 Mobile Safari/537.36"
196.251.72.127 - - [18/Apr/2025:06:19:23 -0400] "GET //g.lazcdn.com/g/lzdfe/pwa-assets/5.0.7/manifest/id.js HTTP/1.1" 301 0 "-" "Mozilla/5.0 (Windows NT 10.0; Win64; x64) AppleWebKit/537.36 (KHTML, like Gecko) Chrome/66.0.3359.139 Safari/537.36"
196.251.72.127 - - [18/Apr/2025:06:19:23 -0400] "GET /site-nav-pc/5.2.38/assets/affiliate/index.js HTTP/1.1" 404 6820 "-" "Mozilla/5.0 (X11; CrOS x86_64 11647.154.0) AppleWebKit/537.36 (KHTML, like Gecko) Chrome/73.0.3683.114 Safari/537.36"
196.251.72.127 - - [18/Apr/2025:06:19:24 -0400] "GET /site-nav-pc/5.2.38/assets/switch-lang/index.js HTTP/1.1" 404 6820 "-" "Mozilla/5.0 (Linux; Android 8.0.0; LG-H873) AppleWebKit/537.36 (KHTML, like Gecko) Chrome/76.0.3809.111 Mobile Safari/537.36"
196.251.72.127 - - [18/Apr/2025:06:19:23 -0400] "GET /site-nav-pc/5.2.38/assets/links-bar/index.js HTTP/1.1" 404 6820 "-" "Mozilla/5.0 (Windows NT 10.0; WOW64) AppleWebKit/537.36 (KHTML, like Gecko) Chrome/45.0.2454.93 Safari/537.36"
196.251.72.127 - - [18/Apr/2025:06:19:23 -0400] "GET //g.lazcdn.com/g/lzdfe/pdp-platform/0.1.22/pc.js HTTP/1.1" 301 0 "-" "Mozilla/5.0 (X11; Linux x86_64) AppleWebKit/537.36 (KHTML, like Gecko) Chrome/75.0.3770.142 Safari/537.36"
196.251.72.127 - - [18/Apr/2025:06:19:23 -0400] "GET /site-nav-pc/5.2.38/assets/cart/index.js HTTP/1.1" 404 6820 "-" "Mozilla/5.0 (Windows NT 6.1; WOW64; rv:6.0a2) Gecko/20110622 Firefox/6.0a2"
196.251.72.127 - - [18/Apr/2025:06:19:24 -0400] "GET /site-nav-pc/5.2.38/assets/liveup/index.js HTTP/1.1" 404 6820 "-" "Mozilla/5.0 (Windows NT 10.0; WOW64) AppleWebKit/537.36 (KHTML, like Gecko) Chrome/70.0.3538.25 Safari/537.36 Core/1.70.3704.400 QQBrowser/10.4.3587.400"
196.251.72.127 - - [18/Apr/2025:06:19:24 -0400] "GET /multimod-lzd-trade__cart/1.0.16/lib-cart/index.umd.es5.production.js HTTP/1.1" 404 6820 "-" "Mozilla/5.0 (Linux; Android 5.0; ASUS_Z00AD) AppleWebKit/537.36 (KHTML, like Gecko) Chrome/76.0.3809.89 Mobile Safari/537.36"
196.251.72.127 - - [18/Apr/2025:06:19:24 -0400] "GET /site-nav-pc/5.2.38/assets/reqwest/index.js HTTP/1.1" 404 6820 "-" "Mozilla/5.0 (Linux; Android 9; JSN-AL00a Build/HONORJSN-AL00a; wv) AppleWebKit/537.36 (KHTML, like Gecko) Version/4.0 Chrome/66.0.3359.126 MQQBrowser/6.2 TBS/044807 Mobile Safari/537.36 MMWEBID/1961 MicroMessenger/7.0.6.1460(0x27000634) Process/tools NetType/WIFI Language/zh_CN"
196.251.72.127 - - [18/Apr/2025:06:19:24 -0400] "GET /jquery/5.0.9/index.js HTTP/1.1" 404 6820 "-" "Mozilla/5.0 (X11; Linux x86_64) AppleWebKit/537.36 (KHTML like Gecko) Chrome/36.0.1985.125 Safari/537.36"
198.54.114.83 - - [18/Apr/2025:06:19:31 -0400] "POST /wp-cron.php?doing_wp_cron=1744971562.3441879749298095703125 HTTP/1.1" 200 0 "-" "WordPress/6.8; https://christianmantopoulos.com"
196.251.72.127 - - [18/Apr/2025:06:19:24 -0400] "GET /lazada-mod-lib/0.0.20/LazadaModLib.min.js HTTP/1.1" 404 6820 "-" "Mozilla/5.0 (compatible; YandexNews/4.0; +http://yandex.com/bots)"
196.251.72.127 - - [18/Apr/2025:06:19:24 -0400] "GET /site-nav-pc/5.2.38/assets/logo-bar/index.js HTTP/1.1" 404 6820 "-" "Mozilla/5.0 (Macintosh; Intel Mac OS X 10_14_0) AppleWebKit/537.36 (KHTML, like Gecko) Chrome/77.0.3865.19 Safari/537.36 Edg/77.0.235.9"
196.251.72.127 - - [18/Apr/2025:06:19:24 -0400] "GET /products/sw.js HTTP/1.1" 404 6820 "-" "Mozilla/5.0 (compatible; Konqueror/4.5; Windows) KHTML/4.5.4 (like Gecko)"
196.251.72.127 - - [18/Apr/2025:06:19:23 -0400] "GET //g.lazcdn.com/g/lzd-cs/chat/2.5.0/alichat.js HTTP/1.1" 301 0 "-" "BlackBerry8320/4.2.2 Profile/MIDP-2.0 Configuration/CLDC-1.1 VendorID/100"
196.251.72.127 - - [18/Apr/2025:06:19:24 -0400] "GET /lib-mtop/2.5.1/mtop.js HTTP/1.1" 404 6820 "-" "Mozilla/5.0 (Macintosh; Intel Mac OS X 10_10_5) AppleWebKit/537.36 (KHTML, like Gecko) Chrome/61.0.3163.49 Safari/537.36"
196.251.72.127 - - [18/Apr/2025:06:19:21 -0400] "GET //o.alicdn.com/lzd_sec/LWSC/index.js HTTP/1.1" 301 0 "-" "Mozilla/5.0 (Windows NT 10.0; Win64; x64) AppleWebKit/537.36 (KHTML, like Gecko) Chrome/60.0.3112.78 Safari/537.36"
196.251.72.127 - - [18/Apr/2025:06:19:24 -0400] "GET /lzd-h5-utils-logger/1.1.52/index.js HTTP/1.1" 404 6820 "-" "Opera/9.80 (Linux i686; Opera Mobi/1040; U; en) Presto/2.5.24 Version/10.00"
196.251.72.127 - - [18/Apr/2025:06:19:24 -0400] "GET /flow.js HTTP/1.1" 404 6820 "-" "Mozilla/5.0 (Windows; U; Windows NT 6.1; en-US) AppleWebKit/534.14 (KHTML, like Gecko) Chrome/10.0.601.0 Safari/534.14"
196.251.72.127 - - [18/Apr/2025:06:19:23 -0400] "GET /site-menu-nav-pc/5.0.73/pc/index.js HTTP/1.1" 404 6820 "-" "Mozilla/5.0 (Windows NT 10.0; WOW64) AppleWebKit/537.36 (KHTML, like Gecko) Chrome/72.0.3626.121 YaBrowser/19.3.1.828 Yowser/2.5 Safari/537.36"
196.251.72.127 - - [18/Apr/2025:06:19:23 -0400] "GET /common-info/5.0.30/index.js HTTP/1.1" 404 6820 "-" "Mozilla/5.0 (X11; U; Linux x86_64; sv-SE; rv:1.8.1.12) Gecko/20080207 Ubuntu/7.10 (gutsy) Firefox/2.0.0.12"
196.251.72.127 - - [18/Apr/2025:06:19:21 -0400] "GET /site-nav-pc/5.2.38/assets/user-info/index.js HTTP/1.1" 404 6820 "-" "Mozilla/5.0 (X11; Linux x86_64) AppleWebKit/537.36 (KHTML, like Gecko) Chrome/68.0.3440.84 Safari/537.36"
196.251.72.127 - - [18/Apr/2025:06:19:24 -0400] "GET /site-nav-pc/5.2.38/assets/track-order/index.js HTTP/1.1" 404 6820 "-" "Mozilla/5.0 (compatible; Konqueror/3.5; SunOS) KHTML/3.5.1 (like Gecko)"
196.251.72.127 - - [18/Apr/2025:06:19:24 -0400] "GET /lzd-h5-utils-mtop/1.2.56/index.js HTTP/1.1" 404 6820 "-" "Mozilla/5.0 (X11; NetBSD amd64; rv:16.0) Gecko/20121102 Firefox/16.0"
196.251.72.127 - - [18/Apr/2025:06:19:24 -0400] "GET /site-nav-pc/5.2.38/assets/download-app/index.js HTTP/1.1" 404 6820 "-" "Mozilla/5.0 (Linux; Android 9; Redmi Note 6 Pro) AppleWebKit/537.36 (KHTML, like Gecko) Chrome/75.0.3770.143 Mobile Safari/537.36"
196.251.72.127 - - [18/Apr/2025:06:19:21 -0400] "GET /16.8.0/react-dom.production.min.js HTTP/1.1" 404 6820 "-" "iTunes/9.0.3 (Macintosh; U; Intel Mac OS X 10_6_2; en-ca)"
196.251.72.127 - - [18/Apr/2025:06:19:24 -0400] "GET /16.8.0/react.production.min.js HTTP/1.1" 404 6820 "-" "Opera/9.80 (Windows NT 5.2; U; en) Presto/2.2.15 Version/10.10"
196.251.72.127 - - [18/Apr/2025:06:19:24 -0400] "GET /interface.js HTTP/1.1" 404 6820 "-" "Mozilla/5.0 (Windows NT 10.0) AppleWebKit/537.36 (KHTML, like Gecko) Chrome/52.0.2743.116 Safari/537.36 Edge/15.15063"
196.251.72.127 - - [18/Apr/2025:06:19:24 -0400] "GET /lzd-h5-utils-cookie/1.2.10/index.js HTTP/1.1" 404 6820 "-" "Mozilla/5.0 (Macintosh; Intel Mac OS X 10_14_2) AppleWebKit/537.36 (KHTML, like Gecko) Chrome/74.0.3729.157 Safari/537.36"
196.251.72.127 - - [18/Apr/2025:06:19:23 -0400] "GET /multimod-lzd-member__signup-login-pop/0.0.4/lib-signuppop/index.umd.es5.production.js HTTP/1.1" 404 6820 "-" "Mozilla/5.0 (Macintosh; Intel Mac OS X 10_13_4) AppleWebKit/537.36 (KHTML, like Gecko) Chrome/74.0.3729.169 Safari/537.36"
196.251.72.127 - - [18/Apr/2025:06:19:24 -0400] "GET /lzd-h5-utils-env/1.5.12/index.js HTTP/1.1" 404 6820 "-" "Mozilla/5.0 (Linux; Android 9; SM-A705GM) AppleWebKit/537.36 (KHTML, like Gecko) Chrome/75.0.3770.143 Mobile Safari/537.36"
196.251.72.127 - - [18/Apr/2025:06:19:24 -0400] "GET /lzd-h5-utils-jsonp/1.1.11/index.js HTTP/1.1" 404 6820 "-" "Mozilla/5.0 (Linux; Android 9; H3223) AppleWebKit/537.36 (KHTML, like Gecko) Chrome/76.0.3809.111 Mobile Safari/537.36"
196.251.72.127 - - [18/Apr/2025:06:19:21 -0400] "GET //aeis.alicdn.com/sd/ncpc/nc.js HTTP/1.1" 301 0 "-" "Mozilla/5.0 (Macintosh; Intel Mac OS X 10_13_6) AppleWebKit/537.36 (KHTML, like Gecko) Chrome/76.0.3809.100 Safari/537.36"
196.251.72.127 - - [18/Apr/2025:06:19:21 -0400] "GET //g.lazcdn.com/g/alilog/mlog/aplus_int.js HTTP/1.1" 301 0 "-" "Mozilla/5.0 (Windows NT 6.1; rv:2.0.1) Gecko/20100101 Firefox/4.0.1"
196.251.72.127 - - [18/Apr/2025:06:19:23 -0400] "GET //g.lazcdn.com/g/lzdfe/pdp-modules/1.4.4/pc-mod.js HTTP/1.1" 301 0 "-" "Mozilla/5.0 (X11; Linux x86_64) AppleWebKit/537.36 (KHTML, like Gecko) Chrome/67.0.3396.87 Safari/537.36 OPR/54.0.2952.71"
196.251.72.127 - - [18/Apr/2025:06:19:23 -0400] "GET /back-to-third-party-app/5.0.2/m/button.js HTTP/1.1" 404 6821 "-" "Mozilla/5.0 (Linux; Android 5.0.1; GT-I9500) AppleWebKit/537.36 (KHTML, like Gecko) Chrome/76.0.3809.111 Mobile Safari/537.36"
196.251.72.127 - - [18/Apr/2025:06:20:30 -0400] "GET /lzd-h5-utils-qs/0.1.11/index.js HTTP/1.1" 404 6820 "-" "Mozilla/5.0 (Linux; Android 7.0; LGMS428) AppleWebKit/537.36 (KHTML, like Gecko) Chrome/76.0.3809.111 Mobile Safari/537.36"
196.251.72.127 - - [18/Apr/2025:06:20:30 -0400] "GET /site-nav-pc/5.2.38/assets/download-app/index.js HTTP/1.1" 404 6820 "-" "Mozilla/5.0 (iPhone; CPU iPhone OS 12_4 like Mac OS X) AppleWebKit/605.1.15 (KHTML, like Gecko) Mobile/15E148"
196.251.72.127 - - [18/Apr/2025:06:20:30 -0400] "GET /lazada-mod-lib/0.0.20/LazadaModLib.min.js HTTP/1.1" 404 6820 "-" "Mozilla/5.0 (Linux; Android 4.1.2; SHV-E250S Build/JZO54K) AppleWebKit/537.36 (KHTML, like Gecko) Chrome/30.0.1599.82 Mobile Safari/537.36"
196.251.72.127 - - [18/Apr/2025:06:20:30 -0400] "GET /lzd-h5-utils-icon/1.0.8/index.js HTTP/1.1" 404 6820 "-" "Mozilla/5.0 (Windows NT 5.1; rv:5.0) Gecko/20100101 Firefox/5.0"
196.251.72.127 - - [18/Apr/2025:06:20:30 -0400] "GET /lzd-h5-utils-mtop/1.2.56/index.js HTTP/1.1" 404 6820 "-" "Mozilla/5.0 (X11; Linux x86_64; rv:10.0.1) Gecko/20100101 Firefox/10.0.1"
196.251.72.127 - - [18/Apr/2025:06:20:30 -0400] "GET /desktop-footer/6.1.1/pc/reqwest/index.js HTTP/1.1" 404 6820 "-" "Mozilla/5.0 (Windows NT 10.0; Win64; x64) AppleWebKit/537.36 (KHTML, like Gecko) Chrome/65.0.3325.146 Safari/537.36"
196.251.72.127 - - [18/Apr/2025:06:20:30 -0400] "GET /flow.js HTTP/1.1" 404 6820 "-" "Mozilla/5.0 (Windows NT 10.0; WOW64) AppleWebKit/537.36 (KHTML, like Gecko) Chrome/73.0.3683.103 Safari/537.36"
196.251.72.127 - - [18/Apr/2025:06:20:30 -0400] "GET /jquery/5.0.9/index.js HTTP/1.1" 404 6820 "-" "Mediapartners-Google"
196.251.72.127 - - [18/Apr/2025:06:20:30 -0400] "GET /lzd-h5-utils-logger/1.1.52/index.js HTTP/1.1" 404 6820 "-" "Mozilla/5.0 (Macintosh; Intel Mac OS X 10_12_6) AppleWebKit/537.36 (KHTML, like Gecko) Chrome/75.0.3770.100 Safari/537.36"
196.251.72.127 - - [18/Apr/2025:06:20:30 -0400] "GET /blank.js HTTP/1.1" 404 6820 "-" "Mozilla/5.0 (Windows NT 6.1; Win64; x64) AppleWebKit/537.36 (KHTML, like Gecko) Chrome/63.0.3239.108 Safari/537.36"
196.251.72.127 - - [18/Apr/2025:06:20:30 -0400] "GET /lib-mtop/2.5.1/mtop.js HTTP/1.1" 404 6820 "-" "Mozilla/5.0 (Macintosh; Intel Mac OS X 10_14_4) AppleWebKit/537.36 (KHTML, like Gecko) Chrome/74.0.3729.169 YaBrowser/19.6.0.1583 Yowser/2.5 Safari/537.36"
196.251.72.127 - - [18/Apr/2025:06:20:30 -0400] "GET /site-nav-pc/5.2.38/assets/reqwest/index.js HTTP/1.1" 404 6820 "-" "Mozilla/5.0 (X11; Linux x86_64) AppleWebKit/537.36 (KHTML, like Gecko) Chrome/76.0.3809.87 Safari/537.36"
196.251.72.127 - - [18/Apr/2025:06:20:30 -0400] "GET /site-nav-pc/5.2.38/assets/links-bar/index.js HTTP/1.1" 404 6820 "-" "Mozilla/5.0 (Windows NT 6.2; WOW64) AppleWebKit/537.36 (KHTML, like Gecko) Chrome/59.0.3068.0 Safari/537.36"
196.251.72.127 - - [18/Apr/2025:06:20:30 -0400] "GET /multimod-lzd-member__signup-login-pop/0.0.4/lib-signuppop/index.umd.es5.production.js HTTP/1.1" 404 6820 "-" "Mozilla/5.0 (Linux; Android 7.0; FRD-L09) AppleWebKit/537.36 (KHTML, like Gecko) Chrome/76.0.3809.111 Mobile Safari/537.36"
196.251.72.127 - - [18/Apr/2025:06:20:30 -0400] "GET /site-nav-pc/5.2.38/assets/switch-lang/index.js HTTP/1.1" 404 6820 "-" "Mozilla/5.0 (Macintosh; Intel Mac OS X 10_8_2) AppleWebKit/537.4 (KHTML like Gecko) Chrome/22.0.1229.79 Safari/537.4"
196.251.72.127 - - [18/Apr/2025:06:20:30 -0400] "GET /interface.js HTTP/1.1" 404 6820 "-" "Mozilla/5.0 (Macintosh; Intel Mac OS X 10_12_4) AppleWebKit/537.36 (KHTML, like Gecko) Chrome/75.0.3770.142 Safari/537.36"
196.251.72.127 - - [18/Apr/2025:06:20:30 -0400] "GET //g.lazcdn.com/g/lzdfe/pdp-modules/1.4.4/pc-mod.js HTTP/1.1" 301 0 "-" "Mozilla/5.0 (Windows NT 10.0; ARM; Lumia 950 Dual SIM) AppleWebKit/537.36 (KHTML, like Gecko) Chrome/51.0.2704.79 Safari/537.36 Edge/14.14393"
196.251.72.127 - - [18/Apr/2025:06:20:30 -0400] "GET //g.lazcdn.com/g/lzdfe/pdp-platform/0.1.22/pc.js HTTP/1.1" 301 0 "-" "Mozilla/5.0 (OS/2; Warp 4.5; rv:38.0) Gecko/20100101 Firefox/38.0 SeaMonkey/2.35"
196.251.72.127 - - [18/Apr/2025:06:20:30 -0400] "GET //g.lazcdn.com/g/lzdmod/loader/5.0.2/??index.js HTTP/1.1" 301 0 "-" "Mozilla/5.0 (Windows NT 6.1; WOW64) AppleWebKit/537.36 (KHTML, like Gecko) Maxthon/4.4.6.1000 Chrome/30.0.1599.101 Safari/537.36"
196.251.72.127 - - [18/Apr/2025:06:20:30 -0400] "GET //g.lazcdn.com/g/retcode/cloud-sdk/bl.js HTTP/1.1" 301 0 "-" "Mozilla/5.0 (Windows NT 10.0; Win64; x64) AppleWebKit/537.36 (KHTML, like Gecko) Chrome/73.0.3683.103 Safari/537.36 OPR/60.0.3255.83"
196.251.72.127 - - [18/Apr/2025:06:20:33 -0400] "GET /site-menu-pc/5.0.45/pc/index.js HTTP/1.1" 404 6820 "-" "Mozilla/5.0 (iPod; U; CPU iPhone OS 3_1_1 like Mac OS X; en-us) AppleWebKit/528.18 (KHTML, like Gecko) Mobile/7C145"
196.251.72.127 - - [18/Apr/2025:06:20:33 -0400] "GET //g.lazcdn.com/g/lzdfe/pwa-assets/5.0.7/manifest/id.js HTTP/1.1" 301 0 "-" "Mozilla/5.0 (Windows NT 6.1; WOW64) AppleWebKit/537.36 (KHTML, like Gecko) Chrome/76.0.3809.100 Safari/537.36"
196.251.72.127 - - [18/Apr/2025:06:20:35 -0400] "GET /site-nav-pc/5.2.38/assets/common/popper/index.js HTTP/1.1" 404 6820 "-" "Mozilla/5.0 (Macintosh; Intel Mac OS X 10_14_3) AppleWebKit/537.36 (KHTML, like Gecko) Chrome/72.0.3626.121 Safari/537.36"
196.251.72.127 - - [18/Apr/2025:06:20:35 -0400] "GET /site-nav-pc/5.2.38/assets/logo-bar/index.js HTTP/1.1" 404 6820 "-" "Mozilla/5.0 (iPhone; CPU iPhone OS 12_2 like Mac OS X) AppleWebKit/605.1.15 (KHTML, like Gecko) CriOS/75.0.3770.103 Mobile/15E148 Safari/605.1"
196.251.72.127 - - [18/Apr/2025:06:20:35 -0400] "GET /site-nav-pc/5.2.38/assets/search-box/index.js HTTP/1.1" 404 6820 "-" "Mozilla/5.0 (Linux; Android 9; SM-M305F) AppleWebKit/537.36 (KHTML, like Gecko) Chrome/76.0.3809.111 Mobile Safari/537.36"
196.251.72.127 - - [18/Apr/2025:06:20:35 -0400] "GET /site-nav-pc/5.2.38/assets/cart/index.js HTTP/1.1" 404 6820 "-" "Mozilla/5.0 (Macintosh; Intel Mac OS X 10_11_6) AppleWebKit/605.1.15 (KHTML, like Gecko) Version/11.1.2 Safari/605.1.15"
196.251.72.127 - - [18/Apr/2025:06:20:35 -0400] "GET /multimod-lzd-trade__cart/1.0.16/lib-cart/index.umd.es5.production.js HTTP/1.1" 404 6820 "-" "Mozilla/5.0 (Macintosh; Intel Mac OS X 10_11) AppleWebKit/601.1.56 (KHTML, like Gecko) Version/9.0 Safari/601.1.56"
196.251.72.127 - - [18/Apr/2025:06:20:35 -0400] "GET /site-menu-nav-pc/5.0.73/pc/index.js HTTP/1.1" 404 6820 "-" "Mozilla/5.0 (Linux; Android 9; Pixel XL) AppleWebKit/537.36 (KHTML, like Gecko) Chrome/76.0.3809.89 Mobile Safari/537.36"
196.251.72.127 - - [18/Apr/2025:06:20:35 -0400] "GET /common-info/5.0.30/index.js HTTP/1.1" 404 6820 "-" "Mozilla/5.0 (X11; FreeBSD amd64) AppleWebKit/536.5 (KHTML like Gecko) Chrome/19.0.1084.56 Safari/536.5"
196.251.72.127 - - [18/Apr/2025:06:20:35 -0400] "GET /site-nav-pc/5.2.38/i18n.js HTTP/1.1" 404 6820 "-" "Mozilla/4.0 (compatible; MSIE 7.0; Windows NT 6.1; Trident/4.0; SLCC2; .NET CLR 2.0.50727; .NET CLR 3.5.30729; .NET CLR 3.0.30729; Media Center PC 6.0; Maxthon 2.0)"
196.251.72.127 - - [18/Apr/2025:06:20:35 -0400] "GET /lzd-h5-utils-env/1.5.12/index.js HTTP/1.1" 404 6820 "-" "Mozilla/5.0 (Windows NT 10.0; Win64; x64) AppleWebKit/537.36 (KHTML, like Gecko) Chrome/76.0.3809.87 Safari/537.36"
196.251.72.127 - - [18/Apr/2025:06:20:35 -0400] "GET /products/sw.js HTTP/1.1" 404 6820 "-" "Mozilla/5.0 (Windows NT 10.0; WOW64; rv:47.0) Gecko/20100101 Firefox/47.0"
196.251.72.127 - - [18/Apr/2025:06:20:35 -0400] "GET /site-nav-pc/5.2.38/assets/track-order/index.js HTTP/1.1" 404 6820 "-" "Mozilla/5.0 (Linux; U; Android 2.2; en-us; Droid Build/FRG22D) AppleWebKit/533.1 (KHTML, like Gecko) Version/4.0 Mobile Safari/533.1"
196.251.72.127 - - [18/Apr/2025:06:20:35 -0400] "GET /site-nav-pc/5.2.38/pc/index.js HTTP/1.1" 404 6820 "-" "Mozilla/5.0 (iPhone; U; CPU iPhone OS 4_0 like Mac OS X; en-us) AppleWebKit/532.9 (KHTML, like Gecko) Version/4.0.5 Mobile/8A293 Safari/531.22.7"
196.251.72.127 - - [18/Apr/2025:06:20:35 -0400] "GET /lzd-h5-utils-cookie/1.2.10/index.js HTTP/1.1" 404 6820 "-" "Mozilla/5.0 (Windows NT 6.1; WOW64) AppleWebKit/537.36 (KHTML, like Gecko) Chrome/56.0.2924.87 Safari/537.36"
196.251.72.127 - - [18/Apr/2025:06:20:35 -0400] "GET /site-nav-pc/5.2.38/assets/user-info/index.js HTTP/1.1" 404 6820 "-" "Mozilla/5.0 (Linux; Android 5.0; ASUS_Z00AD) AppleWebKit/537.36 (KHTML, like Gecko) Chrome/76.0.3809.111 Mobile Safari/537.36"
196.251.72.127 - - [18/Apr/2025:06:20:35 -0400] "GET //g.lazcdn.com/g/??mmfe/cps-rt-tracking/0.0.6/index.js HTTP/1.1" 301 0 "-" "Mozilla/5.0 (Windows NT 10.0; WOW64) AppleWebKit/537.36 (KHTML, like Gecko) Chrome/65.0.3325.181 Safari/537.36"
196.251.72.127 - - [18/Apr/2025:06:20:35 -0400] "GET //g.lazcdn.com/g/lazada-search-fe/lzd-searchbox/0.4.11/index.js HTTP/1.1" 301 0 "-" "Mozilla/5.0 (Windows NT 6.1; Win64; x64) AppleWebKit/537.36 (KHTML, like Gecko) Chrome/63.0.3239.132 Safari/537.36"
196.251.72.127 - - [18/Apr/2025:06:20:35 -0400] "GET //g.lazcdn.com/g/lzdmod/im/5.0.103/index.js HTTP/1.1" 301 0 "-" "Mozilla/5.0 (Macintosh; Intel Mac OS X 10_13_6) AppleWebKit/537.36 (KHTML, like Gecko) Chrome/68.0.3440.84 Safari/537.36"
196.251.72.127 - - [18/Apr/2025:06:20:35 -0400] "GET //aeis.alicdn.com/sd/ncpc/nc.js HTTP/1.1" 301 0 "-" "Mozilla/5.0 (Linux; Android 8.0.0; SAMSUNG SM-N935F Build/R16NW) AppleWebKit/537.36 (KHTML, like Gecko) SamsungBrowser/9.4 Chrome/67.0.3396.87 Mobile Safari/537.36"
196.251.72.127 - - [18/Apr/2025:06:20:35 -0400] "GET //g.lazcdn.com/g/??mtb/lib-promise/3.1.3/polyfillB.js HTTP/1.1" 301 0 "-" "Mozilla/5.0 (Windows NT 6.3; Win64; x64) AppleWebKit/537.36 (KHTML, like Gecko) Chrome/73.0.3683.103 Safari/537.36 OPR/60.0.3255.109"
198.54.114.83 - - [18/Apr/2025:06:27:27 -0400] "POST /wp-cron.php?doing_wp_cron=1744972046.9210441112518310546875 HTTP/1.1" 200 0 "-" "WordPress/6.8; https://christianmantopoulos.com"
2602:fb54:960:: - - [18/Apr/2025:06:27:24 -0400] "GET /admin.php?520 HTTP/1.1" 404 6819 "-" "Mozilla/5.0 (Windows; U; Windows NT 6.1; en-US; rv:1.9.1.5) Gecko/20091102 Firefox/3.5.5 (.NET CLR 3.5.30729)"
198.54.114.83 - - [18/Apr/2025:06:35:23 -0400] "POST /wp-cron.php?doing_wp_cron=1744972522.4274320602416992187500 HTTP/1.1" 200 0 "-" "WordPress/6.8; https://christianmantopoulos.com"
172.174.160.52 - - [18/Apr/2025:06:35:22 -0400] "POST /xmlrpc.php HTTP/1.1" 200 212 "-" "Mozilla/5.0 (Windows NT 10.0; Win64; x64; rv:93.0) Gecko/20100101 Firefox/93.0"
84.54.44.30 - - [18/Apr/2025:06:36:43 -0400] "GET /how-to-win-at-gas-station-slots/ HTTP/1.1" 200 11715 "http://christianmantopoulos.com/how-to-win-at-gas-station-slots/" "Mozilla/5.0 (Windows NT 10.0; Win64; x64) AppleWebKit/537.36 (KHTML, like Gecko) Chrome/131.0.0.0 Safari/537.36"
84.54.44.30 - - [18/Apr/2025:06:36:44 -0400] "POST /wp-comments-post.php HTTP/1.1" 500 2095 "http://christianmantopoulos.com/how-to-win-at-gas-station-slots/" "Mozilla/5.0 (Windows NT 10.0; Win64; x64) AppleWebKit/537.36 (KHTML, like Gecko) Chrome/131.0.0.0 Safari/537.36"
198.54.114.83 - - [18/Apr/2025:06:46:42 -0400] "POST /wp-cron.php?doing_wp_cron=1744973201.5198349952697753906250 HTTP/1.1" 200 0 "-" "WordPress/6.8; https://christianmantopoulos.com"
94.23.170.102 - - [18/Apr/2025:06:46:41 -0400] "POST /xmlrpc.php HTTP/1.1" 200 212 "-" "Mozilla/5.0 (Windows NT 10.0; Win64; x64; rv:54.0) Gecko/20100101 Firefox/54.0"
185.238.87.7 - - [18/Apr/2025:06:46:42 -0400] "POST /xmlrpc.php HTTP/1.1" 200 212 "-" "Mozilla/5.0 (Windows NT 10.0; Win64; x64; rv:69.0) Gecko/20100101 Firefox/69.0"
198.54.114.83 - - [18/Apr/2025:06:52:06 -0400] "POST /wp-cron.php?doing_wp_cron=1744973525.9315440654754638671875 HTTP/1.1" 200 0 "-" "WordPress/6.8; https://christianmantopoulos.com"
74.208.194.58 - - [18/Apr/2025:06:52:05 -0400] "POST /xmlrpc.php HTTP/1.1" 200 212 "-" "Mozilla/5.0 (Windows NT 10.0; Win64; x64; rv:86.0) Gecko/20100101 Firefox/86.0"
198.54.114.83 - - [18/Apr/2025:06:54:49 -0400] "POST /wp-cron.php?doing_wp_cron=1744973689.3462910652160644531250 HTTP/1.1" 200 0 "-" "WordPress/6.8; https://christianmantopoulos.com"
162.222.34.234 - - [18/Apr/2025:06:54:46 -0400] "POST /xmlrpc.php HTTP/1.1" 200 212 "-" "Mozilla/5.0 (Windows NT 10.0; Win64; x64; rv:55.0) Gecko/20100101 Firefox/55.0"
198.54.114.83 - - [18/Apr/2025:07:01:27 -0400] "POST /wp-cron.php?doing_wp_cron=1744974087.4003210067749023437500 HTTP/1.1" 200 0 "-" "WordPress/6.8; https://christianmantopoulos.com"
152.228.218.4 - - [18/Apr/2025:07:01:27 -0400] "POST /xmlrpc.php HTTP/1.1" 200 212 "-" "Mozilla/5.0 (Windows NT 10.0; Win64; x64; rv:70.0) Gecko/20100101 Firefox/70.0"
62.197.144.19 - - [18/Apr/2025:07:07:54 -0400] "GET / HTTP/1.1" 200 97713 "-" "Mozilla/5.0 (Windows NT 10.0; Win64; x64) AppleWebKit/537.36 (KHTML, like Gecko) Chrome/70.0.3538.77 Safari/537.36"
62.197.144.21 - - [18/Apr/2025:07:07:55 -0400] "GET /wp-conf.php HTTP/1.1" 404 6820 "-" "Mozilla/5.0 (X11; Fedora; Linux x86_64; rv:79.0) Gecko/20100101 Firefox/79.0"
62.197.144.19 - - [18/Apr/2025:07:07:57 -0400] "GET /wp-admin/maint/index.php HTTP/1.1" 301 0 "-" "Mozilla/5.0 (Windows NT 10.0; Win64; x64) AppleWebKit/537.36 (KHTML, like Gecko) Chrome/83.0.4103.61 Safari/537.36"
62.197.144.21 - - [18/Apr/2025:07:07:57 -0400] "GET /.well-known/acme-challenge/index.php HTTP/1.1" 301 0 "-" "Mozilla/5.0 (Windows NT 10.0; Win64; x64) AppleWebKit/537.36 (KHTML, like Gecko) Chrome/70.0.3538.110 Safari/537.36"
62.197.144.19 - - [18/Apr/2025:07:07:58 -0400] "GET /wp-content/plugins/core-plugin/include.php HTTP/1.1" 404 6820 "-" "Mozilla/5.0 (Macintosh; Intel Mac OS X 10_15_6) AppleWebKit/537.36 (KHTML, like Gecko) Chrome/84.0.4147.105 Safari/537.36 OPR/70.0.3728.95"
62.197.144.21 - - [18/Apr/2025:07:07:59 -0400] "GET /randkeyword.php HTTP/1.1" 404 6820 "-" "Mozilla/5.0 (Windows NT 10.0; Win64; x64; rv:73.0) Gecko/20100101 Firefox/73.0"
62.197.144.19 - - [18/Apr/2025:07:08:00 -0400] "GET /wp-content/index.php HTTP/1.1" 200 0 "-" "Mozilla/5.0 (Windows NT 6.1; Win64; x64) AppleWebKit/537.36 (KHTML, like Gecko) Chrome/79.0.3945.130 Safari/537.36"
62.197.144.21 - - [18/Apr/2025:07:08:01 -0400] "GET /404.php HTTP/1.1" 404 6820 "-" "Mozilla/5.0 (Macintosh; Intel Mac OS X 10_15_6) AppleWebKit/537.36 (KHTML, like Gecko) Chrome/84.0.4147.105 Safari/537.36"
62.197.144.19 - - [18/Apr/2025:07:08:01 -0400] "GET /wp-admin/network/index.php HTTP/1.1" 302 0 "-" "Mozilla/5.0 (Windows NT 10.0; Win64; x64; rv:71.0) Gecko/20100101 Firefox/71.0"
62.197.144.21 - - [18/Apr/2025:07:08:02 -0400] "GET /.well-known/index.php HTTP/1.1" 301 0 "-" "Mozilla/5.0 (Macintosh; Intel Mac OS X 10_15_6) AppleWebKit/537.36 (KHTML, like Gecko) Chrome/84.0.4147.105 Safari/537.36"
62.197.144.19 - - [18/Apr/2025:07:08:03 -0400] "GET /wp-login.php HTTP/1.1" 302 0 "-" "Mozilla/5.0 (X11; Linux x86_64) AppleWebKit/537.36 (KHTML, like Gecko) Chrome/84.0.4147.105 Safari/537.36 OPR/70.0.3728.95"
62.197.144.21 - - [18/Apr/2025:07:08:03 -0400] "GET /plugin.php HTTP/1.1" 404 6820 "-" "Mozilla/5.0 (Windows NT 10.0; Win64; x64; rv:79.0) Gecko/20100101 Firefox/79.0"
62.197.144.19 - - [18/Apr/2025:07:08:05 -0400] "GET /install.php HTTP/1.1" 404 6820 "-" "Mozilla/5.0 (Windows NT 10.0; Win64; x64; rv:72.0) Gecko/20100101 Firefox/72.0"
62.197.144.21 - - [18/Apr/2025:07:08:06 -0400] "GET /function.php HTTP/1.1" 404 6820 "-" "Mozilla/5.0 (Macintosh; Intel Mac OS X 10_15_6) AppleWebKit/537.36 (KHTML, like Gecko) Chrome/84.0.4147.105 Safari/537.36"
62.197.144.19 - - [18/Apr/2025:07:08:07 -0400] "GET /wp-content/uploads/2023/05/404.php HTTP/1.1" 404 6820 "-" "Mozilla/5.0 (Windows NT 10.0; Win64; x64) AppleWebKit/537.36 (KHTML, like Gecko) Chrome/70.0.3538.77 Safari/537.36"
62.197.144.21 - - [18/Apr/2025:07:08:08 -0400] "GET /ws.php HTTP/1.1" 404 6819 "-" "Mozilla/5.0 (Windows NT 10.0; Win64; x64; rv:77.0) Gecko/20100101 Firefox/77.0"
62.197.144.19 - - [18/Apr/2025:07:08:09 -0400] "GET /tiny.php HTTP/1.1" 404 6820 "-" "Mozilla/5.0 (Windows NT 10.0; Win64; x64) AppleWebKit/537.36 (KHTML, like Gecko) Chrome/83.0.4103.97 Safari/537.36"
62.197.144.21 - - [18/Apr/2025:07:08:10 -0400] "GET /.well-known/about.php HTTP/1.1" 404 6820 "-" "Mozilla/5.0 (X11; Fedora; Linux x86_64; rv:79.0) Gecko/20100101 Firefox/79.0"
62.197.144.19 - - [18/Apr/2025:07:08:11 -0400] "GET /autoload_classmap.php HTTP/1.1" 404 6820 "-" "Mozilla/5.0 (Macintosh; Intel Mac OS X 10_12_6) AppleWebKit/537.36 (KHTML, like Gecko) Chrome/58.0.3029.110 Safari/537.3"
62.197.144.21 - - [18/Apr/2025:07:08:13 -0400] "GET /dropdown.php HTTP/1.1" 404 6820 "-" "Mozilla/5.0 (X11; Fedora; Linux x86_64; rv:79.0) Gecko/20100101 Firefox/79.0"
62.197.144.19 - - [18/Apr/2025:07:08:15 -0400] "GET /wp.php HTTP/1.1" 404 6820 "-" "Mozilla/5.0 (Windows NT 10.0; Win64; x64) AppleWebKit/537.36 (KHTML, like Gecko) Chrome/58.0.3029.110 Safari/537.3"
62.197.144.21 - - [18/Apr/2025:07:08:16 -0400] "GET /css/index.php HTTP/1.1" 301 0 "-" "Mozilla/5.0 (Windows NT 10.0; Win64; x64) AppleWebKit/537.36 (KHTML, like Gecko) Chrome/74.0.3729.169 Safari/537.36"
62.197.144.19 - - [18/Apr/2025:07:08:17 -0400] "GET /x.php HTTP/1.1" 404 6820 "-" "Mozilla/5.0 (Windows NT 10.0; Win64; x64) AppleWebKit/537.36 (KHTML, like Gecko) Chrome/83.0.4103.61 Safari/537.36"
62.197.144.21 - - [18/Apr/2025:07:08:18 -0400] "GET /file.php HTTP/1.1" 404 6820 "-" "Mozilla/5.0 (Windows NT 10.0; WOW64) AppleWebKit/537.36 (KHTML, like Gecko) Chrome/84.0.4147.105 Safari/537.36"
62.197.144.19 - - [18/Apr/2025:07:08:20 -0400] "GET /about.php HTTP/1.1" 404 6820 "-" "Mozilla/5.0 (Windows NT 10.0; Win64; x64) AppleWebKit/537.36 (KHTML, like Gecko) Chrome/84.0.4147.105 Safari/537.36"
198.54.114.83 - - [18/Apr/2025:07:09:06 -0400] "POST /wp-cron.php?doing_wp_cron=1744974545.5927560329437255859375 HTTP/1.1" 200 0 "-" "WordPress/6.8; https://christianmantopoulos.com"
128.199.142.61 - - [18/Apr/2025:07:09:05 -0400] "POST /xmlrpc.php HTTP/1.1" 200 212 "-" "Mozilla/5.0 (Windows NT 10.0; Win64; x64; rv:42.0) Gecko/20100101 Firefox/42.0"
51.210.113.223 - - [18/Apr/2025:07:17:17 -0400] "POST /xmlrpc.php HTTP/1.1" 200 212 "-" "Mozilla/5.0 (Windows NT 10.0; Win64; x64; rv:98.0) Gecko/20100101 Firefox/98.0"
198.54.114.83 - - [18/Apr/2025:07:18:29 -0400] "POST /wp-cron.php?doing_wp_cron=1744975109.3105909824371337890625 HTTP/1.1" 200 0 "-" "WordPress/6.8; https://christianmantopoulos.com"
157.55.39.15 - - [18/Apr/2025:07:18:29 -0400] "GET /softbank-to-ymobile-norikae-timing HTTP/1.1" 404 6820 "-" "Mozilla/5.0 AppleWebKit/537.36 (KHTML, like Gecko; compatible; bingbot/2.0; +http://www.bing.com/bingbot.htm) Chrome/116.0.1938.76 Safari/537.36"
165.232.83.94 - - [18/Apr/2025:07:18:52 -0400] "POST /xmlrpc.php HTTP/1.1" 200 212 "-" "Mozilla/5.0 (Windows NT 10.0; Win64; x64; rv:85.0) Gecko/20100101 Firefox/85.0"
2a02:4780:2d:914e::1 - - [18/Apr/2025:07:21:42 -0400] "POST /xmlrpc.php HTTP/1.1" 200 212 "-" "Mozilla/5.0 (Windows NT 10.0; Win64; x64; rv:42.0) Gecko/20100101 Firefox/42.0"
198.54.114.83 - - [18/Apr/2025:07:25:53 -0400] "POST /wp-cron.php?doing_wp_cron=1744975553.4994900226593017578125 HTTP/1.1" 200 0 "-" "WordPress/6.8; https://christianmantopoulos.com"
143.198.49.39 - - [18/Apr/2025:07:25:53 -0400] "POST /xmlrpc.php HTTP/1.1" 200 212 "-" "Mozilla/5.0 (Windows NT 10.0; Win64; x64; rv:73.0) Gecko/20100101 Firefox/73.0"
188.239.13.215 - - [18/Apr/2025:07:27:57 -0400] "GET /the-best-pick-up-lines HTTP/1.1" 404 6820 "http://christianmantopoulos.com/the-best-pick-up-lines" "Mozilla/5.0 (Windows NT 10.0; Win64; x64) AppleWebKit/537.36 (KHTML, like Gecko) Chrome/104.0.0.0 Safari/537.36"
13.200.215.255 - - [18/Apr/2025:07:30:41 -0400] "GET / HTTP/1.1" 200 97713 "-" "Mozilla/5.0 (Windows NT 10.0; Win64; x64) AppleWebKit/537.36 (KHTML, like Gecko) Chrome/89.0.4389.114 Safari/537.36"
13.200.215.255 - - [18/Apr/2025:07:30:42 -0400] "GET / HTTP/1.1" 200 97713 "-" "Mozilla/5.0 (Windows NT 10.0; Win64; x64) AppleWebKit/537.36 (KHTML, like Gecko) Chrome/89.0.4389.114 Safari/537.36"
13.200.215.255 - - [18/Apr/2025:07:30:42 -0400] "GET /wp-includes/wlwmanifest.xml HTTP/1.1" 404 6820 "-" "Mozilla/5.0 (Windows NT 10.0; Win64; x64) AppleWebKit/537.36 (KHTML, like Gecko) Chrome/89.0.4389.114 Safari/537.36"
13.200.215.255 - - [18/Apr/2025:07:30:43 -0400] "GET /?author=1 HTTP/1.1" 200 97713 "-" "Mozilla/5.0 (Windows NT 10.0; Win64; x64) AppleWebKit/537.36 (KHTML, like Gecko) Chrome/89.0.4389.114 Safari/537.36"
13.200.215.255 - - [18/Apr/2025:07:30:43 -0400] "GET /?author=2 HTTP/1.1" 200 97713 "-" "Mozilla/5.0 (Windows NT 10.0; Win64; x64) AppleWebKit/537.36 (KHTML, like Gecko) Chrome/89.0.4389.114 Safari/537.36"
13.200.215.255 - - [18/Apr/2025:07:30:43 -0400] "GET /?author=3 HTTP/1.1" 200 97713 "-" "Mozilla/5.0 (Windows NT 10.0; Win64; x64) AppleWebKit/537.36 (KHTML, like Gecko) Chrome/89.0.4389.114 Safari/537.36"
13.200.215.255 - - [18/Apr/2025:07:30:44 -0400] "GET /wp-json/wp/v2/users/ HTTP/1.1" 200 1512 "-" "Mozilla/5.0 (Windows NT 10.0; Win64; x64) AppleWebKit/537.36 (KHTML, like Gecko) Chrome/89.0.4389.114 Safari/537.36"
13.200.215.255 - - [18/Apr/2025:07:30:44 -0400] "POST /xmlrpc.php HTTP/1.1" 200 236 "-" "Mozilla/5.0 (Windows NT 10.0; Win64; x64) AppleWebKit/537.36 (KHTML, like Gecko) Chrome/89.0.4389.114 Safari/537.36"
13.200.215.255 - - [18/Apr/2025:07:30:45 -0400] "POST /xmlrpc.php HTTP/1.1" 200 236 "-" "Mozilla/5.0 (Windows NT 10.0; Win64; x64) AppleWebKit/537.36 (KHTML, like Gecko) Chrome/89.0.4389.114 Safari/537.36"
13.200.215.255 - - [18/Apr/2025:07:30:45 -0400] "POST /xmlrpc.php HTTP/1.1" 200 236 "-" "Mozilla/5.0 (Windows NT 10.0; Win64; x64) AppleWebKit/537.36 (KHTML, like Gecko) Chrome/89.0.4389.114 Safari/537.36"
13.200.215.255 - - [18/Apr/2025:07:30:46 -0400] "POST /xmlrpc.php HTTP/1.1" 200 236 "-" "Mozilla/5.0 (Windows NT 10.0; Win64; x64) AppleWebKit/537.36 (KHTML, like Gecko) Chrome/89.0.4389.114 Safari/537.36"
13.200.215.255 - - [18/Apr/2025:07:30:47 -0400] "POST /xmlrpc.php HTTP/1.1" 200 236 "-" "Mozilla/5.0 (Windows NT 10.0; Win64; x64) AppleWebKit/537.36 (KHTML, like Gecko) Chrome/89.0.4389.114 Safari/537.36"
13.200.215.255 - - [18/Apr/2025:07:30:48 -0400] "POST /xmlrpc.php HTTP/1.1" 200 236 "-" "Mozilla/5.0 (Windows NT 10.0; Win64; x64) AppleWebKit/537.36 (KHTML, like Gecko) Chrome/89.0.4389.114 Safari/537.36"
84.246.110.42 - - [18/Apr/2025:07:33:11 -0400] "GET / HTTP/1.1" 200 97713 "http://christianmantopoulos.com/" "Mozilla/5.0 (Windows NT 10.0; Win64; x64) AppleWebKit/537.36 (KHTML, like Gecko) Chrome/129.0.0.0 Safari/537.36"
198.54.114.83 - - [18/Apr/2025:07:34:42 -0400] "POST /wp-cron.php?doing_wp_cron=1744976081.2539520263671875000000 HTTP/1.1" 200 0 "-" "WordPress/6.8; https://christianmantopoulos.com"
159.203.189.210 - - [18/Apr/2025:07:34:38 -0400] "POST /xmlrpc.php HTTP/1.1" 200 212 "-" "Mozilla/5.0 (Windows NT 10.0; Win64; x64; rv:70.0) Gecko/20100101 Firefox/70.0"
198.54.114.83 - - [18/Apr/2025:07:41:24 -0400] "POST /wp-cron.php?doing_wp_cron=1744976483.5150170326232910156250 HTTP/1.1" 200 0 "-" "WordPress/6.8; https://christianmantopoulos.com"
95.110.143.247 - - [18/Apr/2025:07:41:20 -0400] "POST /xmlrpc.php HTTP/1.1" 200 212 "-" "Mozilla/5.0 (Windows NT 10.0; Win64; x64; rv:84.0) Gecko/20100101 Firefox/84.0"
66.249.64.1 - - [18/Apr/2025:07:47:59 -0400] "GET /WeaverPicatinny-mm-rail-LED-CREE/Flashlights-625132/ HTTP/1.1" 404 6820 "-" "Mozilla/5.0 (Linux; Android 6.0.1; Nexus 5X Build/MMB29P) AppleWebKit/537.36 (KHTML, like Gecko) Chrome/135.0.7049.95 Mobile Safari/537.36 (compatible; Googlebot/2.1; +http://www.google.com/bot.html)"
198.54.114.83 - - [18/Apr/2025:07:51:55 -0400] "POST /wp-cron.php?doing_wp_cron=1744977114.9969339370727539062500 HTTP/1.1" 200 0 "-" "WordPress/6.8; https://christianmantopoulos.com"
66.249.64.1 - - [18/Apr/2025:07:51:54 -0400] "GET /Mayfly-Soft-Plastic-Pk-Fishing-Gene-Larew/Baits-&-Lures-243755/ HTTP/1.1" 404 6819 "-" "Mozilla/5.0 (Linux; Android 6.0.1; Nexus 5X Build/MMB29P) AppleWebKit/537.36 (KHTML, like Gecko) Chrome/135.0.7049.95 Mobile Safari/537.36 (compatible; Googlebot/2.1; +http://www.google.com/bot.html)"
198.54.114.83 - - [18/Apr/2025:07:55:51 -0400] "POST /wp-cron.php?doing_wp_cron=1744977351.5290460586547851562500 HTTP/1.1" 200 0 "-" "WordPress/6.8; https://christianmantopoulos.com"
66.249.64.13 - - [18/Apr/2025:07:55:51 -0400] "GET /Brown-Acavallo-Gel-Horse-Bit/Bridles-676833/ HTTP/1.1" 404 6820 "-" "Mozilla/5.0 (Linux; Android 6.0.1; Nexus 5X Build/MMB29P) AppleWebKit/537.36 (KHTML, like Gecko) Chrome/135.0.7049.95 Mobile Safari/537.36 (compatible; Googlebot/2.1; +http://www.google.com/bot.html)"
66.249.64.13 - - [18/Apr/2025:07:59:49 -0400] "GET /Lube-Sizer-RCBS-LubeAMatic-Case-Lyman/Dies-522211/ HTTP/1.1" 404 6820 "-" "Mozilla/5.0 (Linux; Android 6.0.1; Nexus 5X Build/MMB29P) AppleWebKit/537.36 (KHTML, like Gecko) Chrome/135.0.7049.95 Mobile Safari/537.36 (compatible; Googlebot/2.1; +http://www.google.com/bot.html)"
198.54.114.83 - - [18/Apr/2025:07:59:51 -0400] "POST /wp-cron.php?doing_wp_cron=1744977589.4942429065704345703125 HTTP/1.1" 200 0 "-" "WordPress/6.8; https://christianmantopoulos.com"
198.54.114.83 - - [18/Apr/2025:08:03:46 -0400] "POST /wp-cron.php?doing_wp_cron=1744977825.1696801185607910156250 HTTP/1.1" 200 0 "-" "WordPress/6.8; https://christianmantopoulos.com"
66.249.64.1 - - [18/Apr/2025:08:03:44 -0400] "GET /grams-KOIKA100GS-Storm-Metal-Jig/Saltwater-Lures-295348/ HTTP/1.1" 404 6820 "-" "Mozilla/5.0 (Linux; Android 6.0.1; Nexus 5X Build/MMB29P) AppleWebKit/537.36 (KHTML, like Gecko) Chrome/135.0.7049.95 Mobile Safari/537.36 (compatible; Googlebot/2.1; +http://www.google.com/bot.html)"
198.54.114.83 - - [18/Apr/2025:08:07:43 -0400] "POST /wp-cron.php?doing_wp_cron=1744978062.1159019470214843750000 HTTP/1.1" 200 0 "-" "WordPress/6.8; https://christianmantopoulos.com"
66.249.64.3 - - [18/Apr/2025:08:07:41 -0400] "GET /CRAFT-VMC-Spare-Hook/Other-Fishing-Equipment-329599/ HTTP/1.1" 404 6821 "-" "Mozilla/5.0 (Linux; Android 6.0.1; Nexus 5X Build/MMB29P) AppleWebKit/537.36 (KHTML, like Gecko) Chrome/135.0.7049.95 Mobile Safari/537.36 (compatible; Googlebot/2.1; +http://www.google.com/bot.html)"
198.54.114.83 - - [18/Apr/2025:08:11:20 -0400] "POST /wp-cron.php?doing_wp_cron=1744978280.1300749778747558593750 HTTP/1.1" 200 0 "-" "WordPress/6.8; https://christianmantopoulos.com"
80.152.212.241 - - [18/Apr/2025:08:11:16 -0400] "POST /xmlrpc.php HTTP/1.1" 200 212 "-" "Mozilla/5.0 (Windows NT 10.0; Win64; x64; rv:53.0) Gecko/20100101 Firefox/53.0"
66.249.64.2 - - [18/Apr/2025:08:11:38 -0400] "GET /robots.txt HTTP/1.1" 304 0 "-" "Mozilla/5.0 (compatible; Googlebot/2.1; +http://www.google.com/bot.html)"
198.54.114.83 - - [18/Apr/2025:08:11:39 -0400] "POST /wp-cron.php?doing_wp_cron=1744978298.2524170875549316406250 HTTP/1.1" 200 0 "-" "WordPress/6.8; https://christianmantopoulos.com"
66.249.64.2 - - [18/Apr/2025:08:11:38 -0400] "GET /Sheepshead-Jigs-Root/Jigs-284933/ HTTP/1.1" 404 6820 "-" "Mozilla/5.0 (Linux; Android 6.0.1; Nexus 5X Build/MMB29P) AppleWebKit/537.36 (KHTML, like Gecko) Chrome/135.0.7049.95 Mobile Safari/537.36 (compatible; Googlebot/2.1; +http://www.google.com/bot.html)"
198.54.114.83 - - [18/Apr/2025:08:19:35 -0400] "POST /wp-cron.php?doing_wp_cron=1744978774.5485329627990722656250 HTTP/1.1" 200 0 "-" "WordPress/6.8; https://christianmantopoulos.com"
66.249.64.2 - - [18/Apr/2025:08:19:31 -0400] "GET /PIN-PUSH-ROD-THREE-SPEED-NOS-x-VINTAGE/Vintage-Bicycle-Parts-239921/ HTTP/1.1" 404 6820 "-" "Mozilla/5.0 (Linux; Android 6.0.1; Nexus 5X Build/MMB29P) AppleWebKit/537.36 (KHTML, like Gecko) Chrome/135.0.7049.95 Mobile Safari/537.36 (compatible; Googlebot/2.1; +http://www.google.com/bot.html)"
75.119.145.42 - - [18/Apr/2025:08:19:46 -0400] "POST /xmlrpc.php HTTP/1.1" 200 212 "-" "Mozilla/5.0 (Windows NT 10.0; Win64; x64; rv:82.0) Gecko/20100101 Firefox/82.0"
173.244.56.136 - - [18/Apr/2025:08:21:44 -0400] "GET /.env HTTP/1.1" 404 6820 "-" "Mozilla/5.0 (Macintosh; Intel Mac OS X 10.15; rv:77.0) Gecko/20100101 Firefox/77.0"
138.199.211.21 - - [18/Apr/2025:08:24:54 -0400] "POST /xmlrpc.php HTTP/1.1" 200 212 "-" "Mozilla/5.0 (Windows NT 10.0; Win64; x64; rv:80.0) Gecko/20100101 Firefox/80.0"
188.175.30.5 - - [18/Apr/2025:08:26:07 -0400] "POST /xmlrpc.php HTTP/1.1" 200 212 "-" "Mozilla/5.0 (Windows NT 10.0; Win64; x64; rv:54.0) Gecko/20100101 Firefox/54.0"
66.249.64.13 - - [18/Apr/2025:08:27:23 -0400] "GET /Sticker-Adhesive-Black-FOX-Rhythm/Decals-Stickers-36541/ HTTP/1.1" 404 6821 "-" "Mozilla/5.0 (Linux; Android 6.0.1; Nexus 5X Build/MMB29P) AppleWebKit/537.36 (KHTML, like Gecko) Chrome/135.0.7049.95 Mobile Safari/537.36 (compatible; Googlebot/2.1; +http://www.google.com/bot.html)"
198.54.114.83 - - [18/Apr/2025:08:27:26 -0400] "POST /wp-cron.php?doing_wp_cron=1744979243.9824609756469726562500 HTTP/1.1" 200 0 "-" "WordPress/6.8; https://christianmantopoulos.com"
198.54.114.83 - - [18/Apr/2025:08:34:25 -0400] "POST /wp-cron.php?doing_wp_cron=1744979664.8724339008331298828125 HTTP/1.1" 200 0 "-" "WordPress/6.8; https://christianmantopoulos.com"
81.91.92.243 - - [18/Apr/2025:08:34:24 -0400] "POST /xmlrpc.php HTTP/1.1" 200 212 "-" "Mozilla/5.0 (Windows NT 10.0; Win64; x64; rv:100.0) Gecko/20100101 Firefox/100.0"
66.249.64.13 - - [18/Apr/2025:08:35:16 -0400] "GET /Quick-Release-Adapter-Converter-mm-MTB-Bicycle/Hubs-132674/ HTTP/1.1" 404 6820 "-" "Mozilla/5.0 (Linux; Android 6.0.1; Nexus 5X Build/MMB29P) AppleWebKit/537.36 (KHTML, like Gecko) Chrome/135.0.7049.95 Mobile Safari/537.36 (compatible; Googlebot/2.1; +http://www.google.com/bot.html)"
38.97.116.243 - - [18/Apr/2025:08:40:34 -0400] "GET / HTTP/1.1" 200 97713 "christianmantopoulos.com" "Mozilla/5.0 (Windows NT 10.0; Win64; x64) AppleWebKit/537.36 (KHTML, like Gecko) Chrome/90.0.4430.72 YaBrowser/21.5.1.330 Yowser/2.5 Safari/537.36"
2a0d:86c0:1::144 - - [18/Apr/2025:08:41:14 -0400] "POST /xmlrpc.php HTTP/1.1" 200 212 "-" "Mozilla/5.0 (Windows NT 10.0; Win64; x64; rv:41.0) Gecko/20100101 Firefox/41.0"
192.42.116.218 - - [18/Apr/2025:08:41:18 -0400] "GET / HTTP/1.1" 200 97713 "http://christianmantopoulos.com" "Mozilla/5.0 (Windows NT 10.0; Win64; x64) AppleWebKit/537.36 (KHTML, like Gecko) Chrome/90.0.4430.72 YaBrowser/21.5.1.330 Yowser/2.5 Safari/537.36"
198.54.114.83 - - [18/Apr/2025:08:43:13 -0400] "POST /wp-cron.php?doing_wp_cron=1744980192.6039280891418457031250 HTTP/1.1" 200 0 "-" "WordPress/6.8; https://christianmantopoulos.com"
66.249.64.11 - - [18/Apr/2025:08:43:09 -0400] "GET /Swim-Glasses-Adjustable-Kids-Children-Baby/Goggles-797770/ HTTP/1.1" 404 6820 "-" "Mozilla/5.0 (Linux; Android 6.0.1; Nexus 5X Build/MMB29P) AppleWebKit/537.36 (KHTML, like Gecko) Chrome/135.0.7049.95 Mobile Safari/537.36 (compatible; Googlebot/2.1; +http://www.google.com/bot.html)"
198.54.114.83 - - [18/Apr/2025:08:51:06 -0400] "POST /wp-cron.php?doing_wp_cron=1744980665.9496049880981445312500 HTTP/1.1" 200 0 "-" "WordPress/6.8; https://christianmantopoulos.com"
66.249.64.1 - - [18/Apr/2025:08:51:03 -0400] "GET /Pistol-Brush-Mop-Rod-Set-W-NEW-pc/Other-Hunting-512434/ HTTP/1.1" 404 6820 "-" "Mozilla/5.0 (Linux; Android 6.0.1; Nexus 5X Build/MMB29P) AppleWebKit/537.36 (KHTML, like Gecko) Chrome/135.0.7049.95 Mobile Safari/537.36 (compatible; Googlebot/2.1; +http://www.google.com/bot.html)"
198.54.114.83 - - [18/Apr/2025:08:55:45 -0400] "POST /wp-cron.php?doing_wp_cron=1744980944.6195869445800781250000 HTTP/1.1" 200 0 "-" "WordPress/6.8; https://christianmantopoulos.com"
194.76.37.111 - - [18/Apr/2025:08:55:44 -0400] "POST /xmlrpc.php HTTP/1.1" 200 212 "-" "Mozilla/5.0 (Windows NT 10.0; Win64; x64; rv:86.0) Gecko/20100101 Firefox/86.0"
198.54.114.83 - - [18/Apr/2025:08:58:59 -0400] "POST /wp-cron.php?doing_wp_cron=1744981138.9134039878845214843750 HTTP/1.1" 200 0 "-" "WordPress/6.8; https://christianmantopoulos.com"
66.249.64.13 - - [18/Apr/2025:08:58:54 -0400] "GET /Heavy-Duty-Treble/Other-Fishing-Equipment-329345/ HTTP/1.1" 404 6821 "-" "Mozilla/5.0 (Linux; Android 6.0.1; Nexus 5X Build/MMB29P) AppleWebKit/537.36 (KHTML, like Gecko) Chrome/135.0.7049.95 Mobile Safari/537.36 (compatible; Googlebot/2.1; +http://www.google.com/bot.html)"
49.51.204.74 - - [18/Apr/2025:08:59:35 -0400] "GET / HTTP/1.1" 200 97713 "-" "Mozilla/5.0 (iPhone; CPU iPhone OS 13_2_3 like Mac OS X) AppleWebKit/605.1.15 (KHTML, like Gecko) Version/13.0.3 Mobile/15E148 Safari/604.1"
66.249.64.11 - - [18/Apr/2025:09:00:01 -0400] "GET /BIG-&034;-FREE-SHIPPING-THE-DOLPHIN/Other-Fishing-352685/ HTTP/1.1" 404 6820 "-" "Mozilla/5.0 (Linux; Android 6.0.1; Nexus 5X Build/MMB29P) AppleWebKit/537.36 (KHTML, like Gecko) Chrome/135.0.7049.95 Mobile Safari/537.36 (compatible; Googlebot/2.1; +http://www.google.com/bot.html)"
198.54.114.83 - - [18/Apr/2025:09:00:03 -0400] "POST /wp-cron.php?doing_wp_cron=1744981201.4917368888854980468750 HTTP/1.1" 200 0 "-" "WordPress/6.8; https://christianmantopoulos.com"
66.249.64.11 - - [18/Apr/2025:09:00:22 -0400] "GET /Regulation-Toss-Bags-Fan-Gift-COLORADO-AVALANCHE/Cornhole-Bag-Toss-585891/ HTTP/1.1" 404 6820 "-" "Mozilla/5.0 (Linux; Android 6.0.1; Nexus 5X Build/MMB29P) AppleWebKit/537.36 (KHTML, like Gecko) Chrome/135.0.7049.95 Mobile Safari/537.36 (compatible; Googlebot/2.1; +http://www.google.com/bot.html)"
66.249.64.11 - - [18/Apr/2025:09:00:56 -0400] "GET /Sleeve-Retro-Team-Vetements-Z/Jerseys-216799/ HTTP/1.1" 404 6821 "-" "Mozilla/5.0 (Linux; Android 6.0.1; Nexus 5X Build/MMB29P) AppleWebKit/537.36 (KHTML, like Gecko) Chrome/135.0.7049.95 Mobile Safari/537.36 (compatible; Googlebot/2.1; +http://www.google.com/bot.html)"
66.249.64.13 - - [18/Apr/2025:09:01:36 -0400] "GET /fishing-spinning-rod-pole-Daiwa-IPRIMI/Spinning-Rods-379477/ HTTP/1.1" 404 6820 "-" "Mozilla/5.0 (Linux; Android 6.0.1; Nexus 5X Build/MMB29P) AppleWebKit/537.36 (KHTML, like Gecko) Chrome/135.0.7049.95 Mobile Safari/537.36 (compatible; Googlebot/2.1; +http://www.google.com/bot.html)"
198.54.114.83 - - [18/Apr/2025:09:01:38 -0400] "POST /wp-cron.php?doing_wp_cron=1744981296.3821799755096435546875 HTTP/1.1" 200 0 "-" "WordPress/6.8; https://christianmantopoulos.com"
66.249.64.13 - - [18/Apr/2025:09:02:16 -0400] "GET /Cast-Net-Cage-Hole-Tackle-Crab-Fish/Nets-326465/ HTTP/1.1" 404 6820 "-" "Mozilla/5.0 (Linux; Android 6.0.1; Nexus 5X Build/MMB29P) AppleWebKit/537.36 (KHTML, like Gecko) Chrome/135.0.7049.95 Mobile Safari/537.36 (compatible; Googlebot/2.1; +http://www.google.com/bot.html)"
198.54.114.83 - - [18/Apr/2025:09:02:58 -0400] "POST /wp-cron.php?doing_wp_cron=1744981376.9594020843505859375000 HTTP/1.1" 200 0 "-" "WordPress/6.8; https://christianmantopoulos.com"
66.249.64.12 - - [18/Apr/2025:09:02:56 -0400] "GET /New-with-Tags-Akona-Adventure-Gear/Gear-Bags-792866/ HTTP/1.1" 404 6821 "-" "Mozilla/5.0 (Linux; Android 6.0.1; Nexus 5X Build/MMB29P) AppleWebKit/537.36 (KHTML, like Gecko) Chrome/135.0.7049.95 Mobile Safari/537.36 (compatible; Googlebot/2.1; +http://www.google.com/bot.html)"
198.54.114.83 - - [18/Apr/2025:09:03:38 -0400] "POST /wp-cron.php?doing_wp_cron=1744981417.4976019859313964843750 HTTP/1.1" 200 0 "-" "WordPress/6.8; https://christianmantopoulos.com"
