185.223.152.70 - - [17/Apr/2025:04:18:51 -0400] "GET /chosen.php HTTP/1.1" 404 6820 "-" "Go-http-client/1.1"
185.223.152.70 - - [17/Apr/2025:04:18:53 -0400] "GET /wp-login.php HTTP/1.1" 302 0 "-" "Go-http-client/1.1"
185.223.152.70 - - [17/Apr/2025:04:18:56 -0400] "GET /text.php HTTP/1.1" 404 6821 "-" "Go-http-client/1.1"
185.223.152.70 - - [17/Apr/2025:04:18:58 -0400] "GET /c.php HTTP/1.1" 404 6821 "-" "Go-http-client/1.1"
185.223.152.70 - - [17/Apr/2025:04:19:01 -0400] "GET /w.php HTTP/1.1" 404 6820 "-" "Go-http-client/1.1"
185.223.152.70 - - [17/Apr/2025:04:19:02 -0400] "GET /about/function.php HTTP/1.1" 404 6820 "-" "Go-http-client/1.1"
185.223.152.70 - - [17/Apr/2025:04:19:05 -0400] "GET /a.php HTTP/1.1" 404 6820 "-" "Go-http-client/1.1"
185.223.152.70 - - [17/Apr/2025:04:19:07 -0400] "GET /wp-includes/css/about.php HTTP/1.1" 404 6821 "-" "Go-http-client/1.1"
185.223.152.70 - - [17/Apr/2025:04:19:09 -0400] "GET /wp-conflg.php HTTP/1.1" 404 6821 "-" "Go-http-client/1.1"
185.223.152.70 - - [17/Apr/2025:04:19:11 -0400] "GET /wp-content/themes/about.php HTTP/1.1" 404 6820 "-" "Go-http-client/1.1"
185.223.152.70 - - [17/Apr/2025:04:19:13 -0400] "GET /buy.php HTTP/1.1" 404 6820 "-" "Go-http-client/1.1"
185.223.152.70 - - [17/Apr/2025:04:19:15 -0400] "GET /wp-content/plugins/index.php HTTP/1.1" 200 0 "-" "Go-http-client/1.1"
185.223.152.70 - - [17/Apr/2025:04:19:18 -0400] "GET /b.php HTTP/1.1" 404 6820 "-" "Go-http-client/1.1"
185.223.152.70 - - [17/Apr/2025:04:19:20 -0400] "GET /wp-admin/classwithtostring.php HTTP/1.1" 404 6820 "-" "Go-http-client/1.1"
185.223.152.70 - - [17/Apr/2025:04:19:21 -0400] "GET /class.php HTTP/1.1" 404 6820 "-" "Go-http-client/1.1"
198.54.114.83 - - [17/Apr/2025:04:19:23 -0400] "POST /wp-cron.php?doing_wp_cron=1744877963.1507530212402343750000 HTTP/1.1" 200 0 "-" "WordPress/6.8; https://christianmantopoulos.com"
185.223.152.70 - - [17/Apr/2025:04:19:23 -0400] "GET /wp-content/themes/seotheme/mar.php HTTP/1.1" 404 6820 "-" "Go-http-client/1.1"
185.223.152.70 - - [17/Apr/2025:04:19:25 -0400] "GET /wp-content/uploads/index.php HTTP/1.1" 301 0 "-" "Go-http-client/1.1"
185.223.152.70 - - [17/Apr/2025:04:19:26 -0400] "GET /wp-content/uploads/ HTTP/1.1" 403 1242 "http://christianmantopoulos.com/wp-content/uploads/index.php" "Go-http-client/1.1"
185.223.152.70 - - [17/Apr/2025:04:19:28 -0400] "GET /wp.php HTTP/1.1" 404 6821 "-" "Go-http-client/1.1"
185.223.152.70 - - [17/Apr/2025:04:19:29 -0400] "GET /wp-content/plugins/WordPressCore/index.php HTTP/1.1" 301 0 "-" "Go-http-client/1.1"
185.223.152.70 - - [17/Apr/2025:04:19:33 -0400] "GET /wp-content/plugins/WordPressCore/ HTTP/1.1" 404 6820 "http://christianmantopoulos.com/wp-content/plugins/WordPressCore/index.php" "Go-http-client/1.1"
185.223.152.77 - - [17/Apr/2025:04:19:35 -0400] "GET /fm.php HTTP/1.1" 404 6820 "-" "Go-http-client/1.1"
185.223.152.77 - - [17/Apr/2025:04:19:36 -0400] "GET /shell.php HTTP/1.1" 404 6821 "-" "Go-http-client/1.1"
185.223.152.77 - - [17/Apr/2025:04:19:38 -0400] "GET /wp-content/about.php HTTP/1.1" 404 6821 "-" "Go-http-client/1.1"
185.223.152.77 - - [17/Apr/2025:04:19:39 -0400] "GET /404.php HTTP/1.1" 404 6821 "-" "Go-http-client/1.1"
185.223.152.77 - - [17/Apr/2025:04:19:40 -0400] "GET /wp-content/themes/news-portal/error.php HTTP/1.1" 404 6820 "-" "Go-http-client/1.1"
185.223.152.77 - - [17/Apr/2025:04:19:41 -0400] "GET /wp-content/plugins/wp-super-cache/wp-cache-pointer.php HTTP/1.1" 404 6820 "-" "Go-http-client/1.1"
185.223.152.77 - - [17/Apr/2025:04:19:42 -0400] "GET /wp-admin/maint/index.php HTTP/1.1" 301 0 "-" "Go-http-client/1.1"
185.223.152.77 - - [17/Apr/2025:04:19:44 -0400] "GET /wp-admin/maint/ HTTP/1.1" 403 1242 "http://christianmantopoulos.com/wp-admin/maint/index.php" "Go-http-client/1.1"
185.223.152.77 - - [17/Apr/2025:04:19:44 -0400] "GET /default.php HTTP/1.1" 404 6820 "-" "Go-http-client/1.1"
185.223.152.77 - - [17/Apr/2025:04:19:46 -0400] "GET /cong.php HTTP/1.1" 404 6820 "-" "Go-http-client/1.1"
185.223.152.77 - - [17/Apr/2025:04:19:48 -0400] "GET /wp-admin/network/index.php HTTP/1.1" 302 0 "-" "Go-http-client/1.1"
185.223.152.77 - - [17/Apr/2025:04:19:51 -0400] "GET /new.php HTTP/1.1" 404 6820 "-" "Go-http-client/1.1"
185.223.152.77 - - [17/Apr/2025:04:19:52 -0400] "GET /options.php HTTP/1.1" 404 6820 "-" "Go-http-client/1.1"
185.223.152.77 - - [17/Apr/2025:04:19:54 -0400] "GET /wp-admin/css/index.php HTTP/1.1" 301 0 "-" "Go-http-client/1.1"
185.223.152.77 - - [17/Apr/2025:04:19:55 -0400] "GET /wp-admin/css/ HTTP/1.1" 403 1242 "http://christianmantopoulos.com/wp-admin/css/index.php" "Go-http-client/1.1"
185.223.152.77 - - [17/Apr/2025:04:19:56 -0400] "GET /wp-includes/ID3/index.php HTTP/1.1" 301 0 "-" "Go-http-client/1.1"
185.223.152.77 - - [17/Apr/2025:04:19:58 -0400] "GET /wp-includes/ID3/ HTTP/1.1" 403 1242 "http://christianmantopoulos.com/wp-includes/ID3/index.php" "Go-http-client/1.1"
185.223.152.77 - - [17/Apr/2025:04:19:59 -0400] "GET /plugins.php HTTP/1.1" 404 6821 "-" "Go-http-client/1.1"
185.223.152.77 - - [17/Apr/2025:04:20:00 -0400] "GET /wander.php HTTP/1.1" 404 6821 "-" "Go-http-client/1.1"
185.223.152.77 - - [17/Apr/2025:04:20:01 -0400] "GET /wp-content/plugins/core-plugin/include.php HTTP/1.1" 404 6820 "-" "Go-http-client/1.1"
185.223.152.77 - - [17/Apr/2025:04:20:04 -0400] "GET /wp-content/admin.php HTTP/1.1" 404 6820 "-" "Go-http-client/1.1"
185.223.152.77 - - [17/Apr/2025:04:20:07 -0400] "GET /content.php HTTP/1.1" 404 6820 "-" "Go-http-client/1.1"
185.223.152.77 - - [17/Apr/2025:04:20:09 -0400] "GET /ini.php HTTP/1.1" 404 6820 "-" "Go-http-client/1.1"
185.223.152.77 - - [17/Apr/2025:04:20:11 -0400] "GET /wp-admin/images/index.php HTTP/1.1" 301 0 "-" "Go-http-client/1.1"
185.223.152.77 - - [17/Apr/2025:04:20:13 -0400] "GET /wp-admin/images/ HTTP/1.1" 403 1242 "http://christianmantopoulos.com/wp-admin/images/index.php" "Go-http-client/1.1"
185.223.152.77 - - [17/Apr/2025:04:20:14 -0400] "GET /.well-known/ HTTP/1.1" 404 6820 "-" "Go-http-client/1.1"
185.223.152.77 - - [17/Apr/2025:04:20:16 -0400] "GET /wp-links.php HTTP/1.1" 404 6820 "-" "Go-http-client/1.1"
185.223.152.77 - - [17/Apr/2025:04:20:17 -0400] "GET /wp-admin/plugins.php HTTP/1.1" 302 0 "-" "Go-http-client/1.1"
185.223.152.77 - - [17/Apr/2025:04:20:21 -0400] "GET /moon.php HTTP/1.1" 404 6820 "-" "Go-http-client/1.1"
198.54.114.83 - - [17/Apr/2025:04:20:23 -0400] "POST /wp-cron.php?doing_wp_cron=1744878022.3030378818511962890625 HTTP/1.1" 200 0 "-" "WordPress/6.8; https://christianmantopoulos.com"
185.223.152.77 - - [17/Apr/2025:04:20:22 -0400] "GET /wp-includes/IXR/wp-login.php HTTP/1.1" 404 6820 "-" "Go-http-client/1.1"
185.223.152.77 - - [17/Apr/2025:04:20:23 -0400] "GET /wp-content/languages/index.php HTTP/1.1" 301 0 "-" "Go-http-client/1.1"
185.223.152.77 - - [17/Apr/2025:04:20:24 -0400] "GET /wp-content/languages/ HTTP/1.1" 404 6820 "http://christianmantopoulos.com/wp-content/languages/index.php" "Go-http-client/1.1"
185.223.152.77 - - [17/Apr/2025:04:20:26 -0400] "GET /wp-includes/assets/index.php HTTP/1.1" 301 0 "-" "Go-http-client/1.1"
185.223.152.77 - - [17/Apr/2025:04:20:26 -0400] "GET /wp-includes/assets/ HTTP/1.1" 403 1242 "http://christianmantopoulos.com/wp-includes/assets/index.php" "Go-http-client/1.1"
185.223.152.77 - - [17/Apr/2025:04:20:26 -0400] "GET /goods.php HTTP/1.1" 404 6820 "-" "Go-http-client/1.1"
185.223.152.77 - - [17/Apr/2025:04:20:29 -0400] "GET /elp.php HTTP/1.1" 404 6820 "-" "Go-http-client/1.1"
185.223.152.77 - - [17/Apr/2025:04:20:30 -0400] "GET /wp-includes/customize/index.php HTTP/1.1" 301 0 "-" "Go-http-client/1.1"
185.223.152.77 - - [17/Apr/2025:04:20:32 -0400] "GET /wp-includes/customize/ HTTP/1.1" 403 1242 "http://christianmantopoulos.com/wp-includes/customize/index.php" "Go-http-client/1.1"
185.223.152.77 - - [17/Apr/2025:04:20:33 -0400] "GET /dropdown.php HTTP/1.1" 404 6820 "-" "Go-http-client/1.1"
185.223.152.77 - - [17/Apr/2025:04:20:34 -0400] "GET /wp-admin.php HTTP/1.1" 404 6820 "-" "Go-http-client/1.1"
185.223.152.77 - - [17/Apr/2025:04:20:36 -0400] "GET /wp-admin/css/colors/blue/ HTTP/1.1" 403 1242 "-" "Go-http-client/1.1"
185.223.152.77 - - [17/Apr/2025:04:20:36 -0400] "GET /size.php HTTP/1.1" 404 6820 "-" "Go-http-client/1.1"
185.223.152.77 - - [17/Apr/2025:04:20:38 -0400] "GET /wp-content/themes/sketch/404.php HTTP/1.1" 404 6820 "-" "Go-http-client/1.1"
185.223.152.77 - - [17/Apr/2025:04:20:39 -0400] "GET /wso.php HTTP/1.1" 404 6820 "-" "Go-http-client/1.1"
185.223.152.77 - - [17/Apr/2025:04:20:40 -0400] "GET /class.api.php HTTP/1.1" 404 6820 "-" "Go-http-client/1.1"
185.223.152.77 - - [17/Apr/2025:04:20:42 -0400] "GET /wp-content/themes/admin.php?taf HTTP/1.1" 404 6820 "-" "Go-http-client/1.1"
185.223.152.77 - - [17/Apr/2025:04:20:43 -0400] "GET /wp-content/plugins/revslider/includes/external/page/index.php HTTP/1.1" 301 0 "-" "Go-http-client/1.1"
185.223.152.77 - - [17/Apr/2025:04:20:45 -0400] "GET /wp-content/plugins/revslider/includes/external/page/ HTTP/1.1" 404 6820 "http://christianmantopoulos.com/wp-content/plugins/revslider/includes/external/page/index.php" "Go-http-client/1.1"
185.223.152.77 - - [17/Apr/2025:04:20:47 -0400] "GET /wp-content/plugins/WordPressCore/include.php HTTP/1.1" 404 6820 "-" "Go-http-client/1.1"
185.223.152.77 - - [17/Apr/2025:04:20:49 -0400] "GET /wp-add.php HTTP/1.1" 404 6820 "-" "Go-http-client/1.1"
185.223.152.77 - - [17/Apr/2025:04:20:51 -0400] "GET /wp-admin/product.php HTTP/1.1" 404 6820 "-" "Go-http-client/1.1"
185.223.152.77 - - [17/Apr/2025:04:20:52 -0400] "GET /themes.php HTTP/1.1" 404 6820 "-" "Go-http-client/1.1"
185.223.152.77 - - [17/Apr/2025:04:20:54 -0400] "GET /indec.php HTTP/1.1" 404 6820 "-" "Go-http-client/1.1"
185.223.152.77 - - [17/Apr/2025:04:20:56 -0400] "GET /wp-content/plugins/hello.php HTTP/1.1" 404 6820 "-" "Go-http-client/1.1"
185.223.152.77 - - [17/Apr/2025:04:20:57 -0400] "GET /wp-content/options.php HTTP/1.1" 404 6820 "-" "Go-http-client/1.1"
185.223.152.77 - - [17/Apr/2025:04:20:59 -0400] "GET /xml.php HTTP/1.1" 404 6820 "-" "Go-http-client/1.1"
185.223.152.77 - - [17/Apr/2025:04:21:00 -0400] "GET /wp-header.php HTTP/1.1" 404 6820 "-" "Go-http-client/1.1"
185.223.152.77 - - [17/Apr/2025:04:21:02 -0400] "GET /wp-admin/item.php HTTP/1.1" 404 6820 "-" "Go-http-client/1.1"
185.223.152.77 - - [17/Apr/2025:04:21:02 -0400] "GET /wp-includes/ID3/about.php HTTP/1.1" 404 6820 "-" "Go-http-client/1.1"
185.223.152.77 - - [17/Apr/2025:04:21:04 -0400] "GET /wp-admin/images/about.php HTTP/1.1" 404 6820 "-" "Go-http-client/1.1"
185.223.152.77 - - [17/Apr/2025:04:21:06 -0400] "GET /wp-info.php HTTP/1.1" 404 6820 "-" "Go-http-client/1.1"
185.223.152.77 - - [17/Apr/2025:04:21:07 -0400] "GET /wp-includes/fonts/index.php HTTP/1.1" 301 0 "-" "Go-http-client/1.1"
185.223.152.77 - - [17/Apr/2025:04:21:10 -0400] "GET /wp-includes/fonts/ HTTP/1.1" 403 1242 "http://christianmantopoulos.com/wp-includes/fonts/index.php" "Go-http-client/1.1"
185.223.152.77 - - [17/Apr/2025:04:21:12 -0400] "GET /wp-content/click.php HTTP/1.1" 404 6820 "-" "Go-http-client/1.1"
185.223.152.77 - - [17/Apr/2025:04:21:14 -0400] "GET /wp-admin/images/admin.php HTTP/1.1" 404 6820 "-" "Go-http-client/1.1"
185.223.152.77 - - [17/Apr/2025:04:21:16 -0400] "GET /bk/index.php HTTP/1.1" 301 0 "-" "Go-http-client/1.1"
185.223.152.77 - - [17/Apr/2025:04:21:17 -0400] "GET /bk/ HTTP/1.1" 404 6820 "http://christianmantopoulos.com/bk/index.php" "Go-http-client/1.1"
185.223.152.77 - - [17/Apr/2025:04:21:19 -0400] "GET /wp-includes/js/index.php HTTP/1.1" 301 0 "-" "Go-http-client/1.1"
185.223.152.77 - - [17/Apr/2025:04:21:22 -0400] "GET /wp-includes/js/ HTTP/1.1" 403 1242 "http://christianmantopoulos.com/wp-includes/js/index.php" "Go-http-client/1.1"
185.223.152.77 - - [17/Apr/2025:04:21:23 -0400] "GET /wp-signup.php HTTP/1.1" 302 0 "-" "Go-http-client/1.1"
198.54.114.83 - - [17/Apr/2025:04:21:25 -0400] "POST /wp-cron.php?doing_wp_cron=1744878083.9710888862609863281250 HTTP/1.1" 200 0 "-" "WordPress/6.8; https://christianmantopoulos.com"
185.223.152.77 - - [17/Apr/2025:04:21:29 -0400] "GET /wp-content/themes/digital-download/new.php HTTP/1.1" 404 6820 "-" "Go-http-client/1.1"
185.223.152.77 - - [17/Apr/2025:04:21:31 -0400] "GET /wp-includes/SimplePie/index.php HTTP/1.1" 301 0 "-" "Go-http-client/1.1"
185.223.152.77 - - [17/Apr/2025:04:21:32 -0400] "GET /wp-includes/SimplePie/ HTTP/1.1" 403 1242 "http://christianmantopoulos.com/wp-includes/SimplePie/index.php" "Go-http-client/1.1"
185.223.152.77 - - [17/Apr/2025:04:21:34 -0400] "GET /wp-includes/images/about.php HTTP/1.1" 404 6820 "-" "Go-http-client/1.1"
185.223.152.77 - - [17/Apr/2025:04:21:36 -0400] "GET /product.php HTTP/1.1" 404 6820 "-" "Go-http-client/1.1"
185.223.152.77 - - [17/Apr/2025:04:21:37 -0400] "GET /wp-l0gin.php HTTP/1.1" 404 6820 "-" "Go-http-client/1.1"
185.223.152.77 - - [17/Apr/2025:04:21:38 -0400] "GET /wp-admin/js/about.php HTTP/1.1" 404 6820 "-" "Go-http-client/1.1"
185.223.152.77 - - [17/Apr/2025:04:21:38 -0400] "GET /log.php HTTP/1.1" 404 6820 "-" "Go-http-client/1.1"
185.223.152.77 - - [17/Apr/2025:04:21:39 -0400] "GET /wp-includes/customize/about.php HTTP/1.1" 404 6820 "-" "Go-http-client/1.1"
185.223.152.77 - - [17/Apr/2025:04:21:40 -0400] "GET /xx.php HTTP/1.1" 404 6820 "-" "Go-http-client/1.1"
185.223.152.77 - - [17/Apr/2025:04:21:40 -0400] "GET /wp-content/upgrade/about.php HTTP/1.1" 404 6820 "-" "Go-http-client/1.1"
185.223.152.77 - - [17/Apr/2025:04:21:41 -0400] "GET /xmlrpc.php HTTP/1.1" 405 60 "-" "Go-http-client/1.1"
185.223.152.77 - - [17/Apr/2025:04:21:42 -0400] "GET /wp-admin/user/index.php HTTP/1.1" 302 0 "-" "Go-http-client/1.1"
185.223.152.77 - - [17/Apr/2025:04:21:44 -0400] "GET /css.php HTTP/1.1" 404 6820 "-" "Go-http-client/1.1"
185.223.152.77 - - [17/Apr/2025:04:21:45 -0400] "GET /wp-admin/includes/String.php HTTP/1.1" 404 6820 "-" "Go-http-client/1.1"
185.223.152.77 - - [17/Apr/2025:04:21:46 -0400] "GET /wp-content/languages/wp-login.php HTTP/1.1" 404 6820 "-" "Go-http-client/1.1"
185.223.152.77 - - [17/Apr/2025:04:21:47 -0400] "GET /install.php HTTP/1.1" 404 6820 "-" "Go-http-client/1.1"
185.223.152.77 - - [17/Apr/2025:04:21:48 -0400] "GET /atomlib.php HTTP/1.1" 404 6820 "-" "Go-http-client/1.1"
185.223.152.77 - - [17/Apr/2025:04:21:49 -0400] "GET /alfa-rex.php HTTP/1.1" 404 6820 "-" "Go-http-client/1.1"
185.223.152.77 - - [17/Apr/2025:04:21:50 -0400] "GET /wp-includes/admin.php HTTP/1.1" 404 6820 "-" "Go-http-client/1.1"
185.223.152.77 - - [17/Apr/2025:04:21:50 -0400] "GET /inc.php HTTP/1.1" 404 6820 "-" "Go-http-client/1.1"
185.223.152.77 - - [17/Apr/2025:04:21:51 -0400] "GET /jp.php HTTP/1.1" 404 6820 "-" "Go-http-client/1.1"
185.223.152.77 - - [17/Apr/2025:04:21:51 -0400] "GET /wp-mail.php HTTP/1.1" 403 1138 "-" "Go-http-client/1.1"
185.223.152.77 - - [17/Apr/2025:04:21:52 -0400] "GET /randkeyword.PhP7 HTTP/1.1" 404 6820 "-" "Go-http-client/1.1"
185.223.152.77 - - [17/Apr/2025:04:21:52 -0400] "GET /radio.php HTTP/1.1" 404 6820 "-" "Go-http-client/1.1"
185.223.152.77 - - [17/Apr/2025:04:21:53 -0400] "GET /as.php HTTP/1.1" 404 6820 "-" "Go-http-client/1.1"
185.223.152.77 - - [17/Apr/2025:04:21:54 -0400] "GET /byp.php HTTP/1.1" 404 6820 "-" "Go-http-client/1.1"
185.223.152.77 - - [17/Apr/2025:04:21:54 -0400] "GET /click.php HTTP/1.1" 404 6820 "-" "Go-http-client/1.1"
185.223.152.77 - - [17/Apr/2025:04:21:55 -0400] "GET /defaults.php HTTP/1.1" 404 6820 "-" "Go-http-client/1.1"
185.223.152.77 - - [17/Apr/2025:04:21:57 -0400] "GET /403.php HTTP/1.1" 404 6820 "-" "Go-http-client/1.1"
185.223.152.77 - - [17/Apr/2025:04:21:58 -0400] "GET /wp-includes/Text/wp-login.php HTTP/1.1" 404 6820 "-" "Go-http-client/1.1"
185.223.152.77 - - [17/Apr/2025:04:21:59 -0400] "GET /wp-content/plugins/js_composer/vc_classmap.json-list.php HTTP/1.1" 404 6820 "-" "Go-http-client/1.1"
185.223.152.77 - - [17/Apr/2025:04:21:59 -0400] "GET /wp-content/item.php HTTP/1.1" 404 6821 "-" "Go-http-client/1.1"
185.223.152.77 - - [17/Apr/2025:04:22:00 -0400] "GET /wp-admin/css/about.php HTTP/1.1" 404 6821 "-" "Go-http-client/1.1"
185.223.152.77 - - [17/Apr/2025:04:22:01 -0400] "GET /wp-admin/css/colors/index.php HTTP/1.1" 301 0 "-" "Go-http-client/1.1"
185.223.152.77 - - [17/Apr/2025:04:22:01 -0400] "GET /wp-admin/css/colors/ HTTP/1.1" 403 1242 "http://christianmantopoulos.com/wp-admin/css/colors/index.php" "Go-http-client/1.1"
185.223.152.77 - - [17/Apr/2025:04:22:02 -0400] "GET /wp-content/uploads/about.php HTTP/1.1" 404 6820 "-" "Go-http-client/1.1"
185.223.152.77 - - [17/Apr/2025:04:22:03 -0400] "GET /wp-includes/rest-api/index.php HTTP/1.1" 301 0 "-" "Go-http-client/1.1"
185.223.152.77 - - [17/Apr/2025:04:22:03 -0400] "GET /wp-includes/rest-api/ HTTP/1.1" 403 1242 "http://christianmantopoulos.com/wp-includes/rest-api/index.php" "Go-http-client/1.1"
185.223.152.77 - - [17/Apr/2025:04:22:04 -0400] "GET /plugin.php HTTP/1.1" 404 6821 "-" "Go-http-client/1.1"
185.223.152.77 - - [17/Apr/2025:04:22:04 -0400] "GET /wp-includes/product.php HTTP/1.1" 404 6820 "-" "Go-http-client/1.1"
185.223.152.77 - - [17/Apr/2025:04:22:05 -0400] "GET /alfa.php HTTP/1.1" 404 6820 "-" "Go-http-client/1.1"
185.223.152.77 - - [17/Apr/2025:04:22:06 -0400] "GET /wp-includes/sitemaps/about.php HTTP/1.1" 404 6820 "-" "Go-http-client/1.1"
185.223.152.77 - - [17/Apr/2025:04:22:07 -0400] "GET /wp-content/json.php HTTP/1.1" 404 6821 "-" "Go-http-client/1.1"
185.223.152.77 - - [17/Apr/2025:04:22:08 -0400] "GET /wp-admin/wp-login.php HTTP/1.1" 404 6821 "-" "Go-http-client/1.1"
185.223.152.77 - - [17/Apr/2025:04:22:09 -0400] "GET /link.php HTTP/1.1" 404 6821 "-" "Go-http-client/1.1"
185.223.152.77 - - [17/Apr/2025:04:22:09 -0400] "GET /edit.php HTTP/1.1" 404 6820 "-" "Go-http-client/1.1"
185.223.152.77 - - [17/Apr/2025:04:22:10 -0400] "GET /wp-content/cong.php HTTP/1.1" 404 6820 "-" "Go-http-client/1.1"
185.223.152.77 - - [17/Apr/2025:04:22:11 -0400] "GET /wp-content/mah.php HTTP/1.1" 404 6820 "-" "Go-http-client/1.1"
185.223.152.77 - - [17/Apr/2025:04:22:12 -0400] "GET /wp-admin/network/about.php HTTP/1.1" 302 0 "-" "Go-http-client/1.1"
185.223.152.77 - - [17/Apr/2025:04:22:15 -0400] "GET /wp-config-sample.php HTTP/1.1" 500 1083 "-" "Go-http-client/1.1"
185.223.152.77 - - [17/Apr/2025:04:22:16 -0400] "GET /wp-admin/css/colors/coffee/index.php HTTP/1.1" 301 0 "-" "Go-http-client/1.1"
185.223.152.77 - - [17/Apr/2025:04:22:17 -0400] "GET /wp-admin/css/colors/coffee/ HTTP/1.1" 403 1242 "http://christianmantopoulos.com/wp-admin/css/colors/coffee/index.php" "Go-http-client/1.1"
185.223.152.77 - - [17/Apr/2025:04:22:18 -0400] "GET /wp-content/plugins/dummyyummy/wp-signup.php HTTP/1.1" 404 6820 "-" "Go-http-client/1.1"
185.223.152.77 - - [17/Apr/2025:04:22:20 -0400] "GET /bypass.php HTTP/1.1" 404 6820 "-" "Go-http-client/1.1"
185.223.152.77 - - [17/Apr/2025:04:22:21 -0400] "GET /doc.php HTTP/1.1" 404 6820 "-" "Go-http-client/1.1"
185.223.152.77 - - [17/Apr/2025:04:22:22 -0400] "GET /wp-content/classwithtostring.php HTTP/1.1" 404 6819 "-" "Go-http-client/1.1"
185.223.152.77 - - [17/Apr/2025:04:22:23 -0400] "GET /.well-known/pki-validation/about.php HTTP/1.1" 404 1251 "-" "Go-http-client/1.1"
198.54.114.83 - - [17/Apr/2025:04:22:24 -0400] "POST /wp-cron.php?doing_wp_cron=1744878144.5606250762939453125000 HTTP/1.1" 200 0 "-" "WordPress/6.8; https://christianmantopoulos.com"
185.223.152.77 - - [17/Apr/2025:04:22:24 -0400] "GET /wp-content/content.php HTTP/1.1" 404 6821 "-" "Go-http-client/1.1"
185.223.152.77 - - [17/Apr/2025:04:22:26 -0400] "GET /wp-includes/fonts/wp-login.php HTTP/1.1" 404 6820 "-" "Go-http-client/1.1"
185.223.152.77 - - [17/Apr/2025:04:22:26 -0400] "GET /.well-known/pki-validation/index.php HTTP/1.1" 404 1251 "-" "Go-http-client/1.1"
185.223.152.77 - - [17/Apr/2025:04:22:29 -0400] "GET /small.php HTTP/1.1" 404 6821 "-" "Go-http-client/1.1"
185.223.152.77 - - [17/Apr/2025:04:22:29 -0400] "GET /editor.php HTTP/1.1" 404 6821 "-" "Go-http-client/1.1"
185.223.152.77 - - [17/Apr/2025:04:22:31 -0400] "GET /wp-content/tmpls.php HTTP/1.1" 404 6820 "-" "Go-http-client/1.1"
185.223.152.77 - - [17/Apr/2025:04:22:31 -0400] "GET /user.php HTTP/1.1" 404 6820 "-" "Go-http-client/1.1"
185.223.152.77 - - [17/Apr/2025:04:22:33 -0400] "GET /ws.php HTTP/1.1" 404 6820 "-" "Go-http-client/1.1"
185.223.152.77 - - [17/Apr/2025:04:22:33 -0400] "GET /wp-includes/wp-login.php HTTP/1.1" 404 6820 "-" "Go-http-client/1.1"
185.223.152.77 - - [17/Apr/2025:04:22:35 -0400] "GET /.well-known/acme-challenge/about.php HTTP/1.1" 404 6820 "-" "Go-http-client/1.1"
185.223.152.77 - - [17/Apr/2025:04:22:35 -0400] "GET /wp-admin/about.php HTTP/1.1" 302 0 "-" "Go-http-client/1.1"
185.223.152.77 - - [17/Apr/2025:04:22:38 -0400] "GET /sck.php HTTP/1.1" 404 6821 "-" "Go-http-client/1.1"
185.223.152.77 - - [17/Apr/2025:04:22:39 -0400] "GET /templates/beez3/error.php HTTP/1.1" 404 6820 "-" "Go-http-client/1.1"
185.223.152.77 - - [17/Apr/2025:04:22:40 -0400] "GET /wp-admin/maint/go.php HTTP/1.1" 404 6820 "-" "Go-http-client/1.1"
185.223.152.77 - - [17/Apr/2025:04:22:42 -0400] "GET /1337.php HTTP/1.1" 404 6820 "-" "Go-http-client/1.1"
185.223.152.77 - - [17/Apr/2025:04:22:43 -0400] "GET /cgi-bin/wp-login.php HTTP/1.1" 500 114 "-" "Go-http-client/1.1"
185.223.152.77 - - [17/Apr/2025:04:22:44 -0400] "GET /wp-includes/fonts/about.php HTTP/1.1" 404 6820 "-" "Go-http-client/1.1"
185.223.152.77 - - [17/Apr/2025:04:22:45 -0400] "GET /wp-includes/link.php HTTP/1.1" 404 6820 "-" "Go-http-client/1.1"
185.223.152.77 - - [17/Apr/2025:04:22:47 -0400] "GET /templates/beez/index.php HTTP/1.1" 301 0 "-" "Go-http-client/1.1"
185.223.152.77 - - [17/Apr/2025:04:22:48 -0400] "GET /templates/beez/ HTTP/1.1" 404 6821 "http://christianmantopoulos.com/templates/beez/index.php" "Go-http-client/1.1"
185.223.152.4 - - [17/Apr/2025:04:22:51 -0400] "GET /lock.php HTTP/1.1" 404 6820 "-" "Go-http-client/1.1"
185.223.152.4 - - [17/Apr/2025:04:22:52 -0400] "GET /wp-log1n.php HTTP/1.1" 404 6820 "-" "Go-http-client/1.1"
185.223.152.4 - - [17/Apr/2025:04:22:53 -0400] "GET /wp-admin/admin.php HTTP/1.1" 302 0 "-" "Go-http-client/1.1"
185.223.152.4 - - [17/Apr/2025:04:22:57 -0400] "GET /mini.php HTTP/1.1" 404 6821 "-" "Go-http-client/1.1"
185.223.152.4 - - [17/Apr/2025:04:22:58 -0400] "GET /wp-includes/wp-class.php HTTP/1.1" 404 6821 "-" "Go-http-client/1.1"
185.223.152.4 - - [17/Apr/2025:04:22:59 -0400] "GET /hehehehe.php HTTP/1.1" 404 6821 "-" "Go-http-client/1.1"
185.223.152.4 - - [17/Apr/2025:04:23:00 -0400] "GET /lufix.php HTTP/1.1" 404 6821 "-" "Go-http-client/1.1"
185.223.152.4 - - [17/Apr/2025:04:23:01 -0400] "GET /wp-2019.php HTTP/1.1" 404 6820 "-" "Go-http-client/1.1"
185.223.152.4 - - [17/Apr/2025:04:23:02 -0400] "GET /randkeyword.php HTTP/1.1" 404 6820 "-" "Go-http-client/1.1"
185.223.152.4 - - [17/Apr/2025:04:23:03 -0400] "GET /makeasmtp.php HTTP/1.1" 404 6820 "-" "Go-http-client/1.1"
185.223.152.4 - - [17/Apr/2025:04:23:04 -0400] "GET /alfa.php?solevisible HTTP/1.1" 404 6821 "-" "Go-http-client/1.1"
185.223.152.4 - - [17/Apr/2025:04:23:04 -0400] "GET /wp-content/plugins/ubh/up.php HTTP/1.1" 404 6820 "-" "Go-http-client/1.1"
185.223.152.4 - - [17/Apr/2025:04:23:05 -0400] "GET /wp-content/themes/pridmag/db.php?u HTTP/1.1" 404 6820 "-" "Go-http-client/1.1"
185.223.152.4 - - [17/Apr/2025:04:23:06 -0400] "GET /wp-content/themes/seotheme/db.php HTTP/1.1" 404 6821 "-" "Go-http-client/1.1"
185.223.152.4 - - [17/Apr/2025:04:23:07 -0400] "GET /wp-content/ThreeFox_Exploit/index.php?threefox HTTP/1.1" 301 0 "-" "Go-http-client/1.1"
185.223.152.4 - - [17/Apr/2025:04:23:09 -0400] "GET /wp-content/ThreeFox_Exploit/?threefox HTTP/1.1" 404 6821 "http://christianmantopoulos.com/wp-content/ThreeFox_Exploit/index.php?threefox" "Go-http-client/1.1"
185.223.152.4 - - [17/Apr/2025:04:23:10 -0400] "GET /wp-content/plugins/helloapx/wp-apxupx.php?apx=upx HTTP/1.1" 404 6820 "-" "Go-http-client/1.1"
185.223.152.4 - - [17/Apr/2025:04:23:11 -0400] "GET /wp-content/plugins/pwnd/pwnd.php HTTP/1.1" 404 6820 "-" "Go-http-client/1.1"
185.223.152.4 - - [17/Apr/2025:04:23:12 -0400] "GET /modules/mod_simplefileuploadv1.3/elements/udd.php HTTP/1.1" 404 6820 "-" "Go-http-client/1.1"
185.223.152.4 - - [17/Apr/2025:04:23:13 -0400] "GET /wp-admin/maint/upfile.php HTTP/1.1" 404 6820 "-" "Go-http-client/1.1"
185.223.152.4 - - [17/Apr/2025:04:23:15 -0400] "GET /.well-known/acme-challenge/upfile.php HTTP/1.1" 404 6820 "-" "Go-http-client/1.1"
185.223.152.4 - - [17/Apr/2025:04:23:16 -0400] "GET /test.php HTTP/1.1" 404 6820 "-" "Go-http-client/1.1"
198.54.114.83 - - [17/Apr/2025:04:26:43 -0400] "POST /wp-cron.php?doing_wp_cron=1744878402.3243811130523681640625 HTTP/1.1" 200 0 "-" "WordPress/6.8; https://christianmantopoulos.com"
2a01:4f8:a0:145a::2 - - [17/Apr/2025:04:26:42 -0400] "POST /xmlrpc.php HTTP/1.1" 200 212 "-" "Mozilla/5.0 (Windows NT 10.0; Win64; x64; rv:81.0) Gecko/20100101 Firefox/81.0"
165.154.227.243 - - [17/Apr/2025:04:26:46 -0400] "GET / HTTP/1.1" 200 97713 "-" "Embarcadero URI Client/1.0"
143.198.207.55 - - [17/Apr/2025:04:28:07 -0400] "POST /xmlrpc.php HTTP/1.1" 200 212 "-" "Mozilla/5.0 (Windows NT 10.0; Win64; x64; rv:86.0) Gecko/20100101 Firefox/86.0"
66.249.64.1 - - [17/Apr/2025:04:28:08 -0400] "GET /robots.txt HTTP/1.1" 200 118 "-" "Mozilla/5.0 (compatible; Googlebot/2.1; +http://www.google.com/bot.html)"
66.249.64.2 - - [17/Apr/2025:04:28:08 -0400] "GET /Expander-Training-Hand-Grips-Strength/Hand-Grippers-424554/ HTTP/1.1" 404 6821 "-" "Mozilla/5.0 (Linux; Android 6.0.1; Nexus 5X Build/MMB29P) AppleWebKit/537.36 (KHTML, like Gecko) Chrome/135.0.7049.84 Mobile Safari/537.36 (compatible; Googlebot/2.1; +http://www.google.com/bot.html)"
198.54.114.83 - - [17/Apr/2025:04:37:22 -0400] "POST /wp-cron.php?doing_wp_cron=1744879042.2266159057617187500000 HTTP/1.1" 200 0 "-" "WordPress/6.8; https://christianmantopoulos.com"
109.123.236.200 - - [17/Apr/2025:04:37:21 -0400] "POST /xmlrpc.php HTTP/1.1" 200 212 "-" "Mozilla/5.0 (Windows NT 10.0; Win64; x64; rv:57.0) Gecko/20100101 Firefox/57.0"
198.54.114.83 - - [17/Apr/2025:04:40:50 -0400] "POST /wp-cron.php?doing_wp_cron=1744879249.9090559482574462890625 HTTP/1.1" 200 0 "-" "WordPress/6.8; https://christianmantopoulos.com"
66.181.74.75 - - [17/Apr/2025:04:40:49 -0400] "POST /xmlrpc.php HTTP/1.1" 200 212 "-" "Mozilla/5.0 (Windows NT 10.0; Win64; x64; rv:77.0) Gecko/20100101 Firefox/77.0"
161.97.98.17 - - [17/Apr/2025:04:50:06 -0400] "POST /xmlrpc.php HTTP/1.1" 200 212 "-" "Mozilla/5.0 (Windows NT 10.0; Win64; x64; rv:57.0) Gecko/20100101 Firefox/57.0"
198.54.114.83 - - [17/Apr/2025:04:50:29 -0400] "POST /wp-cron.php?doing_wp_cron=1744879828.9295918941497802734375 HTTP/1.1" 200 0 "-" "WordPress/6.8; https://christianmantopoulos.com"
66.249.64.12 - - [17/Apr/2025:04:50:28 -0400] "GET /Delta-Aztec-Standard/Brake-Pads-72696/ HTTP/1.1" 404 6820 "-" "Mozilla/5.0 (Linux; Android 6.0.1; Nexus 5X Build/MMB29P) AppleWebKit/537.36 (KHTML, like Gecko) Chrome/135.0.7049.84 Mobile Safari/537.36 (compatible; Googlebot/2.1; +http://www.google.com/bot.html)"
2a01:4ff:1f0:92db::1 - - [17/Apr/2025:04:51:58 -0400] "POST /xmlrpc.php HTTP/1.1" 200 212 "-" "Mozilla/5.0 (Windows NT 10.0; Win64; x64; rv:41.0) Gecko/20100101 Firefox/41.0"
198.54.114.83 - - [17/Apr/2025:05:00:15 -0400] "POST /wp-cron.php?doing_wp_cron=1744880415.1409890651702880859375 HTTP/1.1" 200 0 "-" "WordPress/6.8; https://christianmantopoulos.com"
162.222.34.234 - - [17/Apr/2025:05:00:13 -0400] "POST /xmlrpc.php HTTP/1.1" 200 212 "-" "Mozilla/5.0 (Windows NT 10.0; Win64; x64; rv:54.0) Gecko/20100101 Firefox/54.0"
2a10:e140:14:100:5817:b9ff:fe83:25fe - - [17/Apr/2025:05:02:12 -0400] "POST /xmlrpc.php HTTP/1.1" 200 212 "-" "Mozilla/5.0 (Windows NT 10.0; Win64; x64; rv:44.0) Gecko/20100101 Firefox/44.0"
198.54.114.83 - - [17/Apr/2025:05:07:34 -0400] "POST /wp-cron.php?doing_wp_cron=1744880853.8582279682159423828125 HTTP/1.1" 200 0 "-" "WordPress/6.8; https://christianmantopoulos.com"
54.209.189.233 - - [17/Apr/2025:05:07:33 -0400] "POST /xmlrpc.php HTTP/1.1" 200 212 "-" "Mozilla/5.0 (Windows NT 10.0; Win64; x64; rv:83.0) Gecko/20100101 Firefox/83.0"
66.249.64.13 - - [17/Apr/2025:05:12:46 -0400] "GET /Wicker-Outdoor-Sports-Cargo-Storage-Vegetable/Baskets-27515/ HTTP/1.1" 404 6820 "-" "Mozilla/5.0 (Linux; Android 6.0.1; Nexus 5X Build/MMB29P) AppleWebKit/537.36 (KHTML, like Gecko) Chrome/135.0.7049.84 Mobile Safari/537.36 (compatible; GoogleOther)"
2001:41d0:303:5f1e:: - - [17/Apr/2025:05:13:59 -0400] "POST /xmlrpc.php HTTP/1.1" 200 212 "-" "Mozilla/5.0 (Windows NT 10.0; Win64; x64; rv:78.0) Gecko/20100101 Firefox/78.0"
43.173.1.57 - - [17/Apr/2025:05:14:33 -0400] "GET / HTTP/1.1" 200 97713 "-" "Mozilla/5.0 (iPhone; CPU iPhone OS 13_2_3 like Mac OS X) AppleWebKit/605.1.15 (KHTML, like Gecko) Version/13.0.3 Mobile/15E148 Safari/604.1"
66.249.64.12 - - [17/Apr/2025:05:18:11 -0400] "GET /in-Japan-New-DUO-TideMinnow/Saltwater-Lures-297291/ HTTP/1.1" 404 6820 "-" "Mozilla/5.0 (Linux; Android 6.0.1; Nexus 5X Build/MMB29P) AppleWebKit/537.36 (KHTML, like Gecko) Chrome/135.0.7049.84 Mobile Safari/537.36 (compatible; Googlebot/2.1; +http://www.google.com/bot.html)"
82.223.165.55 - - [17/Apr/2025:05:19:19 -0400] "POST /xmlrpc.php HTTP/1.1" 200 212 "-" "Mozilla/5.0 (Windows NT 10.0; Win64; x64; rv:77.0) Gecko/20100101 Firefox/77.0"
66.249.64.11 - - [17/Apr/2025:05:24:47 -0400] "GET /Wicker-Outdoor-Sports-Cargo-Storage-Vegetable/Baskets-27515/ HTTP/1.1" 404 6820 "-" "Mozilla/5.0 (Linux; Android 6.0.1; Nexus 5X Build/MMB29P) AppleWebKit/537.36 (KHTML, like Gecko) Chrome/135.0.7049.84 Mobile Safari/537.36 (compatible; Googlebot/2.1; +http://www.google.com/bot.html)"
216.244.66.234 - - [17/Apr/2025:05:27:29 -0400] "GET /robots.txt HTTP/1.1" 200 118 "-" "Mozilla/5.0 (compatible; DotBot/1.2; +https://opensiteexplorer.org/dotbot; help@moz.com)"
198.54.114.83 - - [17/Apr/2025:05:28:47 -0400] "POST /wp-cron.php?doing_wp_cron=1744882127.7110900878906250000000 HTTP/1.1" 200 0 "-" "WordPress/6.8; https://christianmantopoulos.com"
66.249.64.13 - - [17/Apr/2025:05:28:47 -0400] "GET /Baitcasting-Reel-New-in-Box-Shimano/Reels-355192/ HTTP/1.1" 404 6821 "-" "Mozilla/5.0 (Linux; Android 6.0.1; Nexus 5X Build/MMB29P) AppleWebKit/537.36 (KHTML, like Gecko) Chrome/135.0.7049.84 Mobile Safari/537.36 (compatible; Googlebot/2.1; +http://www.google.com/bot.html)"
198.54.114.83 - - [17/Apr/2025:05:32:51 -0400] "POST /wp-cron.php?doing_wp_cron=1744882370.6299879550933837890625 HTTP/1.1" 200 0 "-" "WordPress/6.8; https://christianmantopoulos.com"
198.54.114.83 - - [17/Apr/2025:05:32:51 -0400] "POST /wp-cron.php?doing_wp_cron=1744882370.6330440044403076171875 HTTP/1.1" 200 0 "-" "WordPress/6.8; https://christianmantopoulos.com"
66.249.64.12 - - [17/Apr/2025:05:32:50 -0400] "GET /Ply-Wooden-Platform-for/Trailers-58113/ HTTP/1.1" 404 6820 "-" "Mozilla/5.0 (Linux; Android 6.0.1; Nexus 5X Build/MMB29P) AppleWebKit/537.36 (KHTML, like Gecko) Chrome/135.0.7049.84 Mobile Safari/537.36 (compatible; Googlebot/2.1; +http://www.google.com/bot.html)"
141.94.69.56 - - [17/Apr/2025:05:32:50 -0400] "POST /xmlrpc.php HTTP/1.1" 200 212 "-" "Mozilla/5.0 (Windows NT 10.0; Win64; x64; rv:52.0) Gecko/20100101 Firefox/52.0"
13.94.151.188 - - [17/Apr/2025:05:33:35 -0400] "POST /xmlrpc.php HTTP/1.1" 200 212 "-" "Mozilla/5.0 (Windows NT 10.0; Win64; x64; rv:83.0) Gecko/20100101 Firefox/83.0"
198.54.114.83 - - [17/Apr/2025:05:34:57 -0400] "POST /wp-cron.php?doing_wp_cron=1744882495.8440909385681152343750 HTTP/1.1" 200 0 "-" "WordPress/6.8; https://christianmantopoulos.com"
216.244.66.234 - - [17/Apr/2025:05:34:55 -0400] "GET /buynblue-tischleuchte/ HTTP/1.1" 200 11965 "-" "Mozilla/5.0 (compatible; DotBot/1.2; +https://opensiteexplorer.org/dotbot; help@moz.com)"
198.54.114.83 - - [17/Apr/2025:05:36:50 -0400] "POST /wp-cron.php?doing_wp_cron=1744882609.5132930278778076171875 HTTP/1.1" 200 0 "-" "WordPress/6.8; https://christianmantopoulos.com"
66.249.64.11 - - [17/Apr/2025:05:36:48 -0400] "GET /Barrel-For-Marui-G-GBB-Gold-GB-KU/Other-Paintball-705187/ HTTP/1.1" 404 6820 "-" "Mozilla/5.0 (Linux; Android 6.0.1; Nexus 5X Build/MMB29P) AppleWebKit/537.36 (KHTML, like Gecko) Chrome/135.0.7049.84 Mobile Safari/537.36 (compatible; Googlebot/2.1; +http://www.google.com/bot.html)"
198.54.114.83 - - [17/Apr/2025:05:40:55 -0400] "POST /wp-cron.php?doing_wp_cron=1744882854.0940370559692382812500 HTTP/1.1" 200 0 "-" "WordPress/6.8; https://christianmantopoulos.com"
66.249.64.11 - - [17/Apr/2025:05:40:52 -0400] "GET /Bag-for-long-&034;-or-&034;-long-nets-Specimen/Nets-326712/ HTTP/1.1" 404 6820 "-" "Mozilla/5.0 (Linux; Android 6.0.1; Nexus 5X Build/MMB29P) AppleWebKit/537.36 (KHTML, like Gecko) Chrome/135.0.7049.84 Mobile Safari/537.36 (compatible; Googlebot/2.1; +http://www.google.com/bot.html)"
139.59.81.145 - - [17/Apr/2025:05:46:17 -0400] "POST /xmlrpc.php HTTP/1.1" 200 212 "-" "Mozilla/5.0 (Windows NT 10.0; Win64; x64; rv:40.0) Gecko/20100101 Firefox/40.0"
66.249.64.13 - - [17/Apr/2025:05:47:10 -0400] "GET /boat-rubber-boat-mm-PVC-inflatable/Inflatables-790238/ HTTP/1.1" 404 6820 "-" "Mozilla/5.0 (Linux; Android 6.0.1; Nexus 5X Build/MMB29P) AppleWebKit/537.36 (KHTML, like Gecko) Chrome/135.0.7049.84 Mobile Safari/537.36 (compatible; Googlebot/2.1; +http://www.google.com/bot.html)"
198.54.114.83 - - [17/Apr/2025:05:47:12 -0400] "POST /wp-cron.php?doing_wp_cron=1744883230.9597339630126953125000 HTTP/1.1" 200 0 "-" "WordPress/6.8; https://christianmantopoulos.com"
66.249.64.12 - - [17/Apr/2025:05:49:13 -0400] "GET /head-grip-Tennis-Racquet-NEW/HEAD-Tennis-Racquets-783007/ HTTP/1.1" 404 6820 "-" "Mozilla/5.0 (Linux; Android 6.0.1; Nexus 5X Build/MMB29P) AppleWebKit/537.36 (KHTML, like Gecko) Chrome/135.0.7049.84 Mobile Safari/537.36 (compatible; Googlebot/2.1; +http://www.google.com/bot.html)"
196.251.72.179 - - [17/Apr/2025:05:49:39 -0400] "GET / HTTP/1.1" 200 97713 "-" "Mozlila/5.0 (Linux; Android 7.0; SM-G892A Bulid/NRD90M; wv) AppleWebKit/537.36 (KHTML, like Gecko) Version/4.0 Chrome/60.0.3112.107 Moblie Safari/537.36"
196.251.72.179 - - [17/Apr/2025:05:49:39 -0400] "POST /wp-plain.php HTTP/1.1" 404 6771 "www.google.com" "Mozilla/5.0 (Linux; Android 7.0; SM-G892A Bulid/NRD90M; wv) AppleWebKit/537.36 (KHTML, like Gecko) Version/4.0 Chrome/60.0.3112.107 Moblie Safari/537.36"
196.251.72.179 - - [17/Apr/2025:05:49:39 -0400] "GET /wp-content/themes/seotheme/db.php?u HTTP/1.1" 404 6821 "www.google.com" "Mozlila/5.0 (Linux; Android 7.0; SM-G892A Bulid/NRD90M; wv) AppleWebKit/537.36 (KHTML, like Gecko) Version/4.0 Chrome/60.0.3112.107 Moblie Safari/537.36"
196.251.72.179 - - [17/Apr/2025:05:49:39 -0400] "POST /ALFA_DATA/alfacgiapi/perl.alfa HTTP/1.1" 404 6771 "www.google.com" "Mozlila/5.0 (Linux; Android 7.0; SM-G892A Bulid/NRD90M; wv) AppleWebKit/537.36 (KHTML, like Gecko) Version/4.0 Chrome/60.0.3112.107 Moblie Safari/537.36"
196.251.72.179 - - [17/Apr/2025:05:49:41 -0400] "GET /gczhxtas.php?Fox=d3wL7 HTTP/1.1" 404 6819 "www.google.com" "Mozilla/5.0 (Linux; Android 7.0; SM-G892A Bulid/NRD90M; wv) AppleWebKit/537.36 (KHTML, like Gecko) Version/4.0 Chrome/60.0.3112.107 Moblie Safari/537.36"
196.251.72.179 - - [17/Apr/2025:05:49:42 -0400] "POST /alfacgiapi/perl.alfa HTTP/1.1" 404 6771 "www.google.com" "Mozlila/5.0 (Linux; Android 7.0; SM-G892A Bulid/NRD90M; wv) AppleWebKit/537.36 (KHTML, like Gecko) Version/4.0 Chrome/60.0.3112.107 Moblie Safari/537.36"
44.234.109.115 - - [17/Apr/2025:05:51:05 -0400] "GET / HTTP/1.1" 200 97713 "-" "Mozilla/4.0 (compatible; MSIE 6.0; Windows NT 5.1; FSL 7.0.6.01001)"
66.249.64.2 - - [17/Apr/2025:05:52:51 -0400] "GET /CrankSet-mm-Black-Shimano/Cranksets-103614/ HTTP/1.1" 404 6819 "-" "Mozilla/5.0 (Linux; Android 6.0.1; Nexus 5X Build/MMB29P) AppleWebKit/537.36 (KHTML, like Gecko) Chrome/135.0.7049.84 Mobile Safari/537.36 (compatible; GoogleOther)"
194.58.100.38 - - [17/Apr/2025:05:55:54 -0400] "POST /xmlrpc.php HTTP/1.1" 200 212 "-" "Mozilla/5.0 (Windows NT 10.0; Win64; x64; rv:85.0) Gecko/20100101 Firefox/85.0"
198.54.114.83 - - [17/Apr/2025:05:55:56 -0400] "POST /wp-cron.php?doing_wp_cron=1744883755.0110599994659423828125 HTTP/1.1" 200 0 "-" "WordPress/6.8; https://christianmantopoulos.com"
66.249.64.2 - - [17/Apr/2025:05:56:50 -0400] "GET /Herren-Damen-Sicherheitsschuhe-Arbeitsschuhe/Men-444571/ HTTP/1.1" 404 6820 "-" "Mozilla/5.0 (Linux; Android 6.0.1; Nexus 5X Build/MMB29P) AppleWebKit/537.36 (KHTML, like Gecko) Chrome/135.0.7049.84 Mobile Safari/537.36 (compatible; Googlebot/2.1; +http://www.google.com/bot.html)"
116.203.135.62 - - [17/Apr/2025:06:06:45 -0400] "POST /xmlrpc.php HTTP/1.1" 200 212 "-" "Mozilla/5.0 (Windows NT 10.0; Win64; x64; rv:89.0) Gecko/20100101 Firefox/89.0"
164.132.143.82 - - [17/Apr/2025:06:10:14 -0400] "POST /xmlrpc.php HTTP/1.1" 200 212 "-" "Mozilla/5.0 (Windows NT 10.0; Win64; x64; rv:41.0) Gecko/20100101 Firefox/41.0"
85.215.156.9 - - [17/Apr/2025:06:12:12 -0400] "POST /xmlrpc.php HTTP/1.1" 200 212 "-" "Mozilla/5.0 (Windows NT 10.0; Win64; x64; rv:95.0) Gecko/20100101 Firefox/95.0"
216.244.66.234 - - [17/Apr/2025:06:14:44 -0400] "GET /robots.txt HTTP/1.1" 200 118 "-" "Mozilla/5.0 (compatible; DotBot/1.2; +https://opensiteexplorer.org/dotbot; help@moz.com)"
66.249.64.11 - - [17/Apr/2025:06:17:11 -0400] "GET /CrankSet-mm-Black-Shimano/Cranksets-103614/ HTTP/1.1" 404 6819 "-" "Mozilla/5.0 (Linux; Android 6.0.1; Nexus 5X Build/MMB29P) AppleWebKit/537.36 (KHTML, like Gecko) Chrome/135.0.7049.84 Mobile Safari/537.36 (compatible; Googlebot/2.1; +http://www.google.com/bot.html)"
198.54.114.83 - - [17/Apr/2025:06:19:11 -0400] "POST /wp-cron.php?doing_wp_cron=1744885150.7191870212554931640625 HTTP/1.1" 200 0 "-" "WordPress/6.8; https://christianmantopoulos.com"
66.249.64.11 - - [17/Apr/2025:06:19:10 -0400] "GET /TAMASU-Tamas-table-tennis/Paddles-560444/ HTTP/1.1" 404 6820 "-" "Mozilla/5.0 (Linux; Android 6.0.1; Nexus 5X Build/MMB29P) AppleWebKit/537.36 (KHTML, like Gecko) Chrome/135.0.7049.84 Mobile Safari/537.36 (compatible; Googlebot/2.1; +http://www.google.com/bot.html)"
66.249.64.12 - - [17/Apr/2025:06:21:10 -0400] "GET /XL-Spiderz-Hybrid-BaseballSoftball/Mens-733791/ HTTP/1.1" 404 6820 "-" "Mozilla/5.0 (Linux; Android 6.0.1; Nexus 5X Build/MMB29P) AppleWebKit/537.36 (KHTML, like Gecko) Chrome/135.0.7049.84 Mobile Safari/537.36 (compatible; Googlebot/2.1; +http://www.google.com/bot.html)"
198.54.114.83 - - [17/Apr/2025:06:21:12 -0400] "POST /wp-cron.php?doing_wp_cron=1744885270.8295669555664062500000 HTTP/1.1" 200 0 "-" "WordPress/6.8; https://christianmantopoulos.com"
198.54.114.83 - - [17/Apr/2025:06:21:31 -0400] "POST /wp-cron.php?doing_wp_cron=1744885290.2640869617462158203125 HTTP/1.1" 200 0 "-" "WordPress/6.8; https://christianmantopoulos.com"
216.244.66.234 - - [17/Apr/2025:06:21:30 -0400] "GET /custom-fuzzy-socks-bulk-2/ HTTP/1.1" 200 11189 "-" "Mozilla/5.0 (compatible; DotBot/1.2; +https://opensiteexplorer.org/dotbot; help@moz.com)"
198.54.114.83 - - [17/Apr/2025:06:22:36 -0400] "POST /wp-cron.php?doing_wp_cron=1744885355.4261820316314697265625 HTTP/1.1" 200 0 "-" "WordPress/6.8; https://christianmantopoulos.com"
41.203.16.186 - - [17/Apr/2025:06:22:35 -0400] "POST /xmlrpc.php HTTP/1.1" 200 212 "-" "Mozilla/5.0 (Windows NT 10.0; Win64; x64; rv:61.0) Gecko/20100101 Firefox/61.0"
120.138.18.111 - - [17/Apr/2025:06:29:00 -0400] "POST /xmlrpc.php HTTP/1.1" 200 212 "-" "Mozilla/5.0 (Windows NT 10.0; Win64; x64; rv:69.0) Gecko/20100101 Firefox/69.0"
198.54.114.83 - - [17/Apr/2025:06:29:06 -0400] "POST /wp-cron.php?doing_wp_cron=1744885744.3004410266876220703125 HTTP/1.1" 200 0 "-" "WordPress/6.8; https://christianmantopoulos.com"
2a01:239:339:9f00::1 - - [17/Apr/2025:06:40:28 -0400] "POST /xmlrpc.php HTTP/1.1" 200 212 "-" "Mozilla/5.0 (Windows NT 10.0; Win64; x64; rv:93.0) Gecko/20100101 Firefox/93.0"
104.248.5.231 - - [17/Apr/2025:06:41:17 -0400] "GET / HTTP/1.1" 200 97713 "-" "Mozilla/5.0 (Windows NT 10.0; Win64; x64) AppleWebKit/537.36 (KHTML, like Gecko) Chrome/78.0.3904.108 Safari/537.36"
104.248.5.231 - - [17/Apr/2025:06:41:17 -0400] "GET / HTTP/1.1" 200 97713 "-" "Mozilla/5.0 (Windows NT 10.0; Win64; x64) AppleWebKit/537.36 (KHTML, like Gecko) Chrome/78.0.3904.108 Safari/537.36"
104.248.5.231 - - [17/Apr/2025:06:41:18 -0400] "GET /wp-includes/wlwmanifest.xml HTTP/1.1" 404 6820 "-" "Mozilla/5.0 (Windows NT 10.0; Win64; x64) AppleWebKit/537.36 (KHTML, like Gecko) Chrome/78.0.3904.108 Safari/537.36"
104.248.5.231 - - [17/Apr/2025:06:41:18 -0400] "GET /?author=1 HTTP/1.1" 200 97713 "-" "Mozilla/5.0 (Windows NT 10.0; Win64; x64) AppleWebKit/537.36 (KHTML, like Gecko) Chrome/78.0.3904.108 Safari/537.36"
104.248.5.231 - - [17/Apr/2025:06:41:19 -0400] "GET /?author=2 HTTP/1.1" 200 97713 "-" "Mozilla/5.0 (Windows NT 10.0; Win64; x64) AppleWebKit/537.36 (KHTML, like Gecko) Chrome/78.0.3904.108 Safari/537.36"
104.248.5.231 - - [17/Apr/2025:06:41:19 -0400] "GET /wp-json/wp/v2/users/ HTTP/1.1" 200 1512 "-" "Mozilla/5.0 (Windows NT 10.0; Win64; x64) AppleWebKit/537.36 (KHTML, like Gecko) Chrome/78.0.3904.108 Safari/537.36"
104.248.5.231 - - [17/Apr/2025:06:41:20 -0400] "POST /xmlrpc.php HTTP/1.1" 200 236 "-" "Mozilla/5.0 (Windows NT 10.0; Win64; x64) AppleWebKit/537.36 (KHTML, like Gecko) Chrome/78.0.3904.108 Safari/537.36"
104.248.5.231 - - [17/Apr/2025:06:41:20 -0400] "POST /xmlrpc.php HTTP/1.1" 200 236 "-" "Mozilla/5.0 (Windows NT 10.0; Win64; x64) AppleWebKit/537.36 (KHTML, like Gecko) Chrome/78.0.3904.108 Safari/537.36"
104.248.5.231 - - [17/Apr/2025:06:41:21 -0400] "POST /xmlrpc.php HTTP/1.1" 200 236 "-" "Mozilla/5.0 (Windows NT 10.0; Win64; x64) AppleWebKit/537.36 (KHTML, like Gecko) Chrome/78.0.3904.108 Safari/537.36"
104.248.5.231 - - [17/Apr/2025:06:41:21 -0400] "POST /xmlrpc.php HTTP/1.1" 200 236 "-" "Mozilla/5.0 (Windows NT 10.0; Win64; x64) AppleWebKit/537.36 (KHTML, like Gecko) Chrome/78.0.3904.108 Safari/537.36"
198.54.114.83 - - [17/Apr/2025:06:41:22 -0400] "POST /wp-cron.php?doing_wp_cron=1744886482.6860890388488769531250 HTTP/1.1" 200 0 "-" "WordPress/6.8; https://christianmantopoulos.com"
104.248.5.231 - - [17/Apr/2025:06:41:22 -0400] "POST /xmlrpc.php HTTP/1.1" 200 236 "-" "Mozilla/5.0 (Windows NT 10.0; Win64; x64) AppleWebKit/537.36 (KHTML, like Gecko) Chrome/78.0.3904.108 Safari/537.36"
104.248.5.231 - - [17/Apr/2025:06:41:23 -0400] "POST /xmlrpc.php HTTP/1.1" 200 236 "-" "Mozilla/5.0 (Windows NT 10.0; Win64; x64) AppleWebKit/537.36 (KHTML, like Gecko) Chrome/78.0.3904.108 Safari/537.36"
195.2.75.64 - - [17/Apr/2025:06:42:30 -0400] "GET /how-to-win-at-gas-station-slots/ HTTP/1.1" 200 11715 "http://christianmantopoulos.com/how-to-win-at-gas-station-slots/" "Mozilla/5.0 (Windows NT 10.0; Win64; x64) AppleWebKit/537.36 (KHTML, like Gecko) Chrome/131.0.0.0 Safari/537.36 Avast/131.0.0.0"
195.2.75.64 - - [17/Apr/2025:06:42:32 -0400] "POST /wp-comments-post.php HTTP/1.1" 500 1980 "http://christianmantopoulos.com/how-to-win-at-gas-station-slots/" "Mozilla/5.0 (Windows NT 10.0; Win64; x64) AppleWebKit/537.36 (KHTML, like Gecko) Chrome/131.0.0.0 Safari/537.36 Avast/131.0.0.0"
66.249.64.3 - - [17/Apr/2025:06:47:10 -0400] "GET /Ice-Roller-Hockey-list-45 HTTP/1.1" 404 6820 "-" "Mozilla/5.0 (Linux; Android 6.0.1; Nexus 5X Build/MMB29P) AppleWebKit/537.36 (KHTML, like Gecko) Chrome/135.0.7049.84 Mobile Safari/537.36 (compatible; Googlebot/2.1; +http://www.google.com/bot.html)"
198.54.114.83 - - [17/Apr/2025:06:48:50 -0400] "POST /wp-cron.php?doing_wp_cron=1744886929.5093810558319091796875 HTTP/1.1" 200 0 "-" "WordPress/6.8; https://christianmantopoulos.com"
64.226.81.108 - - [17/Apr/2025:06:48:49 -0400] "POST /xmlrpc.php HTTP/1.1" 200 212 "-" "Mozilla/5.0 (Windows NT 10.0; Win64; x64; rv:87.0) Gecko/20100101 Firefox/87.0"
66.249.64.2 - - [17/Apr/2025:06:49:10 -0400] "GET /Thread-Brass-J-New-ProShot-Shtgn-Bore/Cleaning-Supplies-477429/ HTTP/1.1" 404 6820 "-" "Mozilla/5.0 (Linux; Android 6.0.1; Nexus 5X Build/MMB29P) AppleWebKit/537.36 (KHTML, like Gecko) Chrome/135.0.7049.84 Mobile Safari/537.36 (compatible; Googlebot/2.1; +http://www.google.com/bot.html)"
198.54.114.83 - - [17/Apr/2025:06:49:55 -0400] "POST /wp-cron.php?doing_wp_cron=1744886995.5786049365997314453125 HTTP/1.1" 200 0 "-" "WordPress/6.8; https://christianmantopoulos.com"
2a05:d01c:724:4700:d8c9:59f0:a46d:392f - - [17/Apr/2025:06:49:55 -0400] "POST /xmlrpc.php HTTP/1.1" 200 212 "-" "Mozilla/5.0 (Windows NT 10.0; Win64; x64; rv:83.0) Gecko/20100101 Firefox/83.0"
157.55.39.200 - - [17/Apr/2025:06:50:19 -0400] "GET /contents/jiritsushinkeinomidare HTTP/1.1" 404 6820 "-" "Mozilla/5.0 AppleWebKit/537.36 (KHTML, like Gecko; compatible; bingbot/2.0; +http://www.bing.com/bingbot.htm) Chrome/116.0.1938.76 Safari/537.36"
66.249.64.2 - - [17/Apr/2025:06:51:11 -0400] "GET /Hooks-Bass-Bait-Tackle-cm-USA-Lot/Crankbaits-267792/ HTTP/1.1" 404 6820 "-" "Mozilla/5.0 (Linux; Android 6.0.1; Nexus 5X Build/MMB29P) AppleWebKit/537.36 (KHTML, like Gecko) Chrome/135.0.7049.84 Mobile Safari/537.36 (compatible; Googlebot/2.1; +http://www.google.com/bot.html)"
198.54.114.83 - - [17/Apr/2025:06:59:38 -0400] "POST /wp-cron.php?doing_wp_cron=1744887577.9256460666656494140625 HTTP/1.1" 200 0 "-" "WordPress/6.8; https://christianmantopoulos.com"
46.182.4.125 - - [17/Apr/2025:06:59:35 -0400] "POST /xmlrpc.php HTTP/1.1" 200 212 "-" "Mozilla/5.0 (Windows NT 10.0; Win64; x64; rv:86.0) Gecko/20100101 Firefox/86.0"
195.20.18.145 - - [17/Apr/2025:07:07:46 -0400] "GET /sites/all/libraries/elfinder/elfinder.html HTTP/1.1" 404 6820 "-" "ALittle Client"
198.54.114.83 - - [17/Apr/2025:07:07:48 -0400] "POST /wp-cron.php?doing_wp_cron=1744888067.0045011043548583984375 HTTP/1.1" 200 0 "-" "WordPress/6.8; https://christianmantopoulos.com"
128.199.187.96 - - [17/Apr/2025:07:11:37 -0400] "POST /xmlrpc.php HTTP/1.1" 200 212 "-" "Mozilla/5.0 (Windows NT 10.0; Win64; x64; rv:46.0) Gecko/20100101 Firefox/46.0"
116.203.90.74 - - [17/Apr/2025:07:11:59 -0400] "POST /xmlrpc.php HTTP/1.1" 200 212 "-" "Mozilla/5.0 (Windows NT 10.0; Win64; x64; rv:97.0) Gecko/20100101 Firefox/97.0"
198.54.114.83 - - [17/Apr/2025:07:17:15 -0400] "POST /wp-cron.php?doing_wp_cron=1744888634.2707509994506835937500 HTTP/1.1" 200 0 "-" "WordPress/6.8; https://christianmantopoulos.com"
66.249.64.11 - - [17/Apr/2025:07:17:11 -0400] "GET /Aluminum-Shocks-Vintage-Fork-Crown-Manitou/Forks-110569/ HTTP/1.1" 404 6820 "-" "Mozilla/5.0 (Linux; Android 6.0.1; Nexus 5X Build/MMB29P) AppleWebKit/537.36 (KHTML, like Gecko) Chrome/135.0.7049.84 Mobile Safari/537.36 (compatible; Googlebot/2.1; +http://www.google.com/bot.html)"
198.54.114.83 - - [17/Apr/2025:07:19:20 -0400] "POST /wp-cron.php?doing_wp_cron=1744888759.6312570571899414062500 HTTP/1.1" 200 0 "-" "WordPress/6.8; https://christianmantopoulos.com"
66.249.64.12 - - [17/Apr/2025:07:19:19 -0400] "GET /Military-Hunting-%E2%86%A0-Woodland-Camouflage-Camo/Blind-&-Tree-Stand-Accessories-463828/ HTTP/1.1" 404 6820 "-" "Mozilla/5.0 (Linux; Android 6.0.1; Nexus 5X Build/MMB29P) AppleWebKit/537.36 (KHTML, like Gecko) Chrome/135.0.7049.84 Mobile Safari/537.36 (compatible; Googlebot/2.1; +http://www.google.com/bot.html)"
198.54.114.83 - - [17/Apr/2025:07:21:27 -0400] "POST /wp-cron.php?doing_wp_cron=1744888886.9742619991302490234375 HTTP/1.1" 200 0 "-" "WordPress/6.8; https://christianmantopoulos.com"
66.249.64.13 - - [17/Apr/2025:07:21:26 -0400] "GET /DUCKBILL-PUSH/Other-Fishing-350816/ HTTP/1.1" 404 6819 "-" "Mozilla/5.0 (Linux; Android 6.0.1; Nexus 5X Build/MMB29P) AppleWebKit/537.36 (KHTML, like Gecko) Chrome/135.0.7049.84 Mobile Safari/537.36 (compatible; Googlebot/2.1; +http://www.google.com/bot.html)"
198.54.114.83 - - [17/Apr/2025:07:27:39 -0400] "POST /wp-cron.php?doing_wp_cron=1744889258.3195989131927490234375 HTTP/1.1" 200 0 "-" "WordPress/6.8; https://christianmantopoulos.com"
5.9.40.119 - - [17/Apr/2025:07:27:35 -0400] "POST /xmlrpc.php HTTP/1.1" 200 212 "-" "Mozilla/5.0 (Windows NT 10.0; Win64; x64; rv:71.0) Gecko/20100101 Firefox/71.0"
185.231.155.169 - - [17/Apr/2025:07:27:48 -0400] "GET /how-to-win-at-gas-station-slots/ HTTP/1.1" 200 11715 "http://christianmantopoulos.com/how-to-win-at-gas-station-slots/" "Mozilla/5.0 (Windows NT 10.0; Win64; x64) AppleWebKit/537.36 (KHTML, like Gecko) Chrome/130.0.0.0 Safari/537.36 CCleaner/130.0.0.0"
185.231.155.169 - - [17/Apr/2025:07:27:49 -0400] "POST /wp-comments-post.php HTTP/1.1" 500 2341 "http://christianmantopoulos.com/how-to-win-at-gas-station-slots/" "Mozilla/5.0 (Windows NT 10.0; Win64; x64) AppleWebKit/537.36 (KHTML, like Gecko) Chrome/130.0.0.0 Safari/537.36 CCleaner/130.0.0.0"
198.54.114.83 - - [17/Apr/2025:07:38:31 -0400] "POST /wp-cron.php?doing_wp_cron=1744889911.4258160591125488281250 HTTP/1.1" 200 0 "-" "WordPress/6.8; https://christianmantopoulos.com"
159.223.226.118 - - [17/Apr/2025:07:38:28 -0400] "POST /xmlrpc.php HTTP/1.1" 200 212 "-" "Mozilla/5.0 (Windows NT 10.0; Win64; x64; rv:51.0) Gecko/20100101 Firefox/51.0"
66.249.64.2 - - [17/Apr/2025:07:47:13 -0400] "GET /MINNOW-Sinking-cm-YD-color/Crankbaits-254755/ HTTP/1.1" 404 6820 "-" "Mozilla/5.0 (Linux; Android 6.0.1; Nexus 5X Build/MMB29P) AppleWebKit/537.36 (KHTML, like Gecko) Chrome/135.0.7049.84 Mobile Safari/537.36 (compatible; Googlebot/2.1; +http://www.google.com/bot.html)"
161.97.98.17 - - [17/Apr/2025:07:47:27 -0400] "POST /xmlrpc.php HTTP/1.1" 200 212 "-" "Mozilla/5.0 (Windows NT 10.0; Win64; x64; rv:88.0) Gecko/20100101 Firefox/88.0"
198.54.114.83 - - [17/Apr/2025:07:47:28 -0400] "POST /wp-cron.php?doing_wp_cron=1744890447.2588899135589599609375 HTTP/1.1" 200 0 "-" "WordPress/6.8; https://christianmantopoulos.com"
165.154.226.62 - - [17/Apr/2025:07:48:23 -0400] "GET / HTTP/1.1" 200 97713 "-" "Embarcadero URI Client/1.0"
198.54.114.83 - - [17/Apr/2025:07:49:25 -0400] "POST /wp-cron.php?doing_wp_cron=1744890564.2831580638885498046875 HTTP/1.1" 200 0 "-" "WordPress/6.8; https://christianmantopoulos.com"
