13.92.103.77 - - [16/Apr/2025:00:16:52 -0400] "GET /adminfuns.php7 HTTP/1.1" 404 6820 "-" "-"
13.92.103.77 - - [16/Apr/2025:00:16:55 -0400] "GET /ajax-actions.php HTTP/1.1" 404 6820 "-" "-"
13.92.103.77 - - [16/Apr/2025:00:16:55 -0400] "GET /alfa-rex2.php7 HTTP/1.1" 404 6820 "-" "-"
13.92.103.77 - - [16/Apr/2025:00:16:57 -0400] "GET /alfanew2.php7 HTTP/1.1" 404 6820 "-" "-"
13.92.103.77 - - [16/Apr/2025:00:16:58 -0400] "GET /avaa.php HTTP/1.1" 404 6820 "-" "-"
13.92.103.77 - - [16/Apr/2025:00:17:00 -0400] "GET /cache-compat.php HTTP/1.1" 404 6821 "-" "-"
13.92.103.77 - - [16/Apr/2025:00:17:00 -0400] "GET /cgi-bin/cloud.php HTTP/1.1" 404 6820 "-" "-"
13.92.103.77 - - [16/Apr/2025:00:17:03 -0400] "GET /cgi-bin/xmrlpc.php?p= HTTP/1.1" 301 0 "-" "-"
13.92.103.77 - - [16/Apr/2025:00:17:04 -0400] "GET /cgi-bin/xmrlpc.php HTTP/1.1" 404 6821 "-" "-"
13.92.103.77 - - [16/Apr/2025:00:17:05 -0400] "GET /css/cloud.php HTTP/1.1" 404 6820 "-" "-"
13.92.103.77 - - [16/Apr/2025:00:17:08 -0400] "GET /css/xmrlpc.php?p= HTTP/1.1" 301 0 "-" "-"
13.92.103.77 - - [16/Apr/2025:00:17:11 -0400] "GET /css/xmrlpc.php HTTP/1.1" 404 6820 "-" "-"
13.92.103.77 - - [16/Apr/2025:00:17:13 -0400] "GET /ebs.php7 HTTP/1.1" 404 6820 "-" "-"
13.92.103.77 - - [16/Apr/2025:00:17:15 -0400] "GET /images/about.php HTTP/1.1" 404 6820 "-" "-"
13.92.103.77 - - [16/Apr/2025:00:17:16 -0400] "GET /images/cloud.php HTTP/1.1" 404 6819 "-" "-"
13.92.103.77 - - [16/Apr/2025:00:17:18 -0400] "GET /images/xmrlpc.php?p= HTTP/1.1" 301 0 "-" "-"
13.92.103.77 - - [16/Apr/2025:00:17:19 -0400] "GET /images/xmrlpc.php HTTP/1.1" 404 6820 "-" "-"
13.92.103.77 - - [16/Apr/2025:00:17:21 -0400] "GET /img/about.php HTTP/1.1" 404 6820 "-" "-"
13.92.103.77 - - [16/Apr/2025:00:17:23 -0400] "GET /img/cloud.php HTTP/1.1" 404 6820 "-" "-"
13.92.103.77 - - [16/Apr/2025:00:17:24 -0400] "GET /img/xmrlpc.php?p= HTTP/1.1" 301 0 "-" "-"
13.92.103.77 - - [16/Apr/2025:00:17:24 -0400] "GET /img/xmrlpc.php HTTP/1.1" 404 6820 "-" "-"
13.92.103.77 - - [16/Apr/2025:00:17:25 -0400] "GET /libraries/legacy/updates.php HTTP/1.1" 404 6820 "-" "-"
13.92.103.77 - - [16/Apr/2025:00:17:26 -0400] "GET /libraries/phpmailer/updates.php HTTP/1.1" 404 6820 "-" "-"
13.92.103.77 - - [16/Apr/2025:00:17:27 -0400] "GET /libraries/vendor/updates.php HTTP/1.1" 404 6820 "-" "-"
13.92.103.77 - - [16/Apr/2025:00:17:28 -0400] "GET /lufix.php HTTP/1.1" 404 6820 "-" "-"
13.92.103.77 - - [16/Apr/2025:00:17:29 -0400] "GET /repeater.php HTTP/1.1" 404 6820 "-" "-"
13.92.103.77 - - [16/Apr/2025:00:17:30 -0400] "GET /wp-admin/ajax-actions.php HTTP/1.1" 404 6820 "-" "-"
13.92.103.77 - - [16/Apr/2025:00:17:32 -0400] "GET /wp-admin/cloud.php HTTP/1.1" 404 6820 "-" "-"
13.92.103.77 - - [16/Apr/2025:00:17:33 -0400] "GET /wp-admin/css/colors/blue/xmrlpc.php?p= HTTP/1.1" 301 0 "-" "-"
13.92.103.77 - - [16/Apr/2025:00:17:33 -0400] "GET /wp-admin/css/colors/blue/xmrlpc.php HTTP/1.1" 404 6820 "-" "-"
13.92.103.77 - - [16/Apr/2025:00:17:34 -0400] "GET /wp-admin/css/colors/cloud.php HTTP/1.1" 404 6820 "-" "-"
13.92.103.77 - - [16/Apr/2025:00:17:35 -0400] "GET /wp-admin/css/colors/coffee/xmrlpc.php?p= HTTP/1.1" 301 0 "-" "-"
13.92.103.77 - - [16/Apr/2025:00:17:35 -0400] "GET /wp-admin/css/colors/coffee/xmrlpc.php HTTP/1.1" 404 6820 "-" "-"
13.92.103.77 - - [16/Apr/2025:00:17:36 -0400] "GET /wp-admin/css/colors/xmrlpc.php?p= HTTP/1.1" 301 0 "-" "-"
13.92.103.77 - - [16/Apr/2025:00:17:37 -0400] "GET /wp-admin/css/colors/xmrlpc.php HTTP/1.1" 404 6820 "-" "-"
13.92.103.77 - - [16/Apr/2025:00:17:38 -0400] "GET /wp-admin/includes/cloud.php HTTP/1.1" 404 6820 "-" "-"
13.92.103.77 - - [16/Apr/2025:00:17:39 -0400] "GET /wp-admin/includes/xmrlpc.php?p= HTTP/1.1" 301 0 "-" "-"
13.92.103.77 - - [16/Apr/2025:00:17:39 -0400] "GET /wp-admin/includes/xmrlpc.php HTTP/1.1" 404 6820 "-" "-"
13.92.103.77 - - [16/Apr/2025:00:17:40 -0400] "GET /wp-admin/js/widgets/about.php7 HTTP/1.1" 404 6820 "-" "-"
13.92.103.77 - - [16/Apr/2025:00:17:41 -0400] "GET /wp-admin/js/widgets/cloud.php HTTP/1.1" 404 6820 "-" "-"
13.92.103.77 - - [16/Apr/2025:00:17:43 -0400] "GET /wp-admin/js/widgets/xmrlpc.php?p= HTTP/1.1" 301 0 "-" "-"
13.92.103.77 - - [16/Apr/2025:00:17:43 -0400] "GET /wp-admin/js/widgets/xmrlpc.php HTTP/1.1" 404 6820 "-" "-"
13.92.103.77 - - [16/Apr/2025:00:17:45 -0400] "GET /wp-admin/maint/maint/ajax-actions.php HTTP/1.1" 404 6820 "-" "-"
13.92.103.77 - - [16/Apr/2025:00:17:46 -0400] "GET /wp-admin/network/cloud.php HTTP/1.1" 404 6820 "-" "-"
13.92.103.77 - - [16/Apr/2025:00:17:47 -0400] "GET /wp-admin/network/xmrlpc.php?p= HTTP/1.1" 301 0 "-" "-"
13.92.103.77 - - [16/Apr/2025:00:17:48 -0400] "GET /wp-admin/network/xmrlpc.php HTTP/1.1" 404 6820 "-" "-"
198.54.114.83 - - [16/Apr/2025:00:17:50 -0400] "POST /wp-cron.php?doing_wp_cron=1744777069.3919119834899902343750 HTTP/1.1" 200 0 "-" "WordPress/6.8; https://christianmantopoulos.com"
13.92.103.77 - - [16/Apr/2025:00:17:49 -0400] "GET /wp-admin/repeater.php HTTP/1.1" 404 6820 "-" "-"
13.92.103.77 - - [16/Apr/2025:00:17:51 -0400] "GET /wp-admin/user/xmrlpc.php?p= HTTP/1.1" 301 0 "-" "-"
13.92.103.77 - - [16/Apr/2025:00:17:52 -0400] "GET /wp-admin/user/xmrlpc.php HTTP/1.1" 404 6820 "-" "-"
13.92.103.77 - - [16/Apr/2025:00:17:53 -0400] "GET /wp-admin/xmrlpc.php?p= HTTP/1.1" 301 0 "-" "-"
13.92.103.77 - - [16/Apr/2025:00:17:54 -0400] "GET /wp-admin/xmrlpc.php HTTP/1.1" 404 6820 "-" "-"
13.92.103.77 - - [16/Apr/2025:00:17:54 -0400] "GET /wp-consar.php HTTP/1.1" 404 6820 "-" "-"
13.92.103.77 - - [16/Apr/2025:00:17:55 -0400] "GET /wp-content/blogs.dir/about.php HTTP/1.1" 404 6820 "-" "-"
13.92.103.77 - - [16/Apr/2025:00:17:56 -0400] "GET /wp-content/gallery/about.php HTTP/1.1" 404 6820 "-" "-"
13.92.103.77 - - [16/Apr/2025:00:17:58 -0400] "GET /wp-content/plugins/linkpreview/db.php?u HTTP/1.1" 404 6820 "-" "-"
13.92.103.77 - - [16/Apr/2025:00:17:59 -0400] "GET /wp-content/plugins/seoo/wsoyanz1.php HTTP/1.1" 404 6821 "-" "-"
13.92.103.77 - - [16/Apr/2025:00:18:00 -0400] "GET /wp-content/plugins/seoplugins/db.php?u HTTP/1.1" 404 6820 "-" "-"
13.92.103.77 - - [16/Apr/2025:00:18:01 -0400] "GET /wp-content/plugins/seoplugins/mar.php HTTP/1.1" 404 6820 "-" "-"
13.92.103.77 - - [16/Apr/2025:00:18:03 -0400] "GET /wp-content/repeater.php HTTP/1.1" 404 6821 "-" "-"
13.92.103.77 - - [16/Apr/2025:00:18:05 -0400] "GET /wp-content/themes/pridmag/db.php?u HTTP/1.1" 404 6820 "-" "-"
13.92.103.77 - - [16/Apr/2025:00:18:06 -0400] "GET /wp-content/themes/seotheme/db.php?u HTTP/1.1" 404 6820 "-" "-"
13.92.103.77 - - [16/Apr/2025:00:18:08 -0400] "GET /wp-content/updates.php HTTP/1.1" 404 6820 "-" "-"
13.92.103.77 - - [16/Apr/2025:00:18:09 -0400] "GET /wp-includes.bak/html-api/about.php HTTP/1.1" 404 6820 "-" "-"
13.92.103.77 - - [16/Apr/2025:00:18:12 -0400] "GET /wp-includes/Text/about.php HTTP/1.1" 404 6820 "-" "-"
13.92.103.77 - - [16/Apr/2025:00:18:14 -0400] "GET /wp-includes/block-patterns/about.php HTTP/1.1" 404 6820 "-" "-"
13.92.103.77 - - [16/Apr/2025:00:18:17 -0400] "GET /wp-includes/customize/about.php HTTP/1.1" 404 6819 "-" "-"
13.92.103.77 - - [16/Apr/2025:00:18:20 -0400] "GET /wp-includes/repeater.php HTTP/1.1" 404 6820 "-" "-"
13.92.103.77 - - [16/Apr/2025:00:18:21 -0400] "GET /wp-includes/widgets/about.php HTTP/1.1" 404 6820 "-" "-"
13.92.103.77 - - [16/Apr/2025:00:18:23 -0400] "GET /wp-p.php7 HTTP/1.1" 404 6820 "-" "-"
13.92.103.77 - - [16/Apr/2025:00:18:23 -0400] "GET /ws.php7 HTTP/1.1" 404 6820 "-" "-"
13.92.103.77 - - [16/Apr/2025:00:18:25 -0400] "GET /wsoyanz.php HTTP/1.1" 404 6820 "-" "-"
13.92.103.77 - - [16/Apr/2025:00:18:26 -0400] "GET /xmrlpc.php?p= HTTP/1.1" 301 0 "-" "-"
13.92.103.77 - - [16/Apr/2025:00:18:27 -0400] "GET /xmrlpc.php HTTP/1.1" 404 6820 "-" "-"
107.151.215.112 - - [16/Apr/2025:00:26:45 -0400] "GET /wp-admin/css/ HTTP/1.1" 403 1242 "binance.com" "Mozilla/5.0 (Windows NT 10.0; Win64; x64) AppleWebKit/537.36 (KHTML, like Gecko) Chrome/90.0.4430.85 Safari/537.36"
47.243.173.250 - - [16/Apr/2025:00:40:46 -0400] "GET /robots.txt HTTP/1.1" 200 118 "-" "Mozilla/5.0 (Windows NT 6.1; Win64; x64) AppleWebKit/537.36 (KHTML, like Gecko) Chrome/73.0.2279.76 Safari/537.36"
37.204.198.132 - - [16/Apr/2025:00:43:10 -0400] "GET /.env HTTP/1.1" 200 0 "-" "Mozilla/5.0 (Macintosh; Intel Mac OS X 10.15; rv:77.0) Gecko/20100101 Firefox/77.0"
198.54.114.83 - - [16/Apr/2025:00:43:15 -0400] "POST /wp-cron.php?doing_wp_cron=1744778594.6382908821105957031250 HTTP/1.1" 200 0 "-" "WordPress/6.8; https://christianmantopoulos.com"
66.249.64.1 - - [16/Apr/2025:00:46:24 -0400] "GET /ULTRA-LUMINEUSE-USB-MODES-LAMPE-DE/Flashlights-623019/ HTTP/1.1" 404 6820 "-" "Mozilla/5.0 (Linux; Android 6.0.1; Nexus 5X Build/MMB29P) AppleWebKit/537.36 (KHTML, like Gecko) Chrome/135.0.7049.84 Mobile Safari/537.36 (compatible; Googlebot/2.1; +http://www.google.com/bot.html)"
198.54.114.83 - - [16/Apr/2025:00:46:31 -0400] "POST /wp-cron.php?doing_wp_cron=1744778789.7801239490509033203125 HTTP/1.1" 200 0 "-" "WordPress/6.8; https://christianmantopoulos.com"
216.244.66.234 - - [16/Apr/2025:01:03:10 -0400] "GET /robots.txt HTTP/1.1" 200 118 "-" "Mozilla/5.0 (compatible; DotBot/1.2; +https://opensiteexplorer.org/dotbot; help@moz.com)"
198.54.114.83 - - [16/Apr/2025:01:10:18 -0400] "POST /wp-cron.php?doing_wp_cron=1744780217.8254759311676025390625 HTTP/1.1" 200 0 "-" "WordPress/6.8; https://christianmantopoulos.com"
135.119.143.77 - - [16/Apr/2025:01:10:14 -0400] "HEAD /wordpress HTTP/1.1" 404 0 "-" "Mozilla/5.0 (Windows NT 10.0; Win64; x64) AppleWebKit/537.36 (KHTML, like Gecko) Chrome/74.0.3729.169 Safari/537.36"
135.119.143.77 - - [16/Apr/2025:01:10:18 -0400] "HEAD / HTTP/1.1" 200 0 "-" "Mozilla/5.0 (Windows NT 10.0; Win64; x64) AppleWebKit/537.36 (KHTML, like Gecko) Chrome/74.0.3729.169 Safari/537.36"
135.119.143.77 - - [16/Apr/2025:01:10:18 -0400] "HEAD /wp HTTP/1.1" 404 0 "-" "Mozilla/5.0 (Windows NT 10.0; Win64; x64) AppleWebKit/537.36 (KHTML, like Gecko) Chrome/74.0.3729.169 Safari/537.36"
135.119.143.77 - - [16/Apr/2025:01:10:20 -0400] "HEAD /bc HTTP/1.1" 404 0 "-" "Mozilla/5.0 (Windows NT 10.0; Win64; x64) AppleWebKit/537.36 (KHTML, like Gecko) Chrome/74.0.3729.169 Safari/537.36"
135.119.143.77 - - [16/Apr/2025:01:10:21 -0400] "HEAD /bk HTTP/1.1" 404 0 "-" "Mozilla/5.0 (Windows NT 10.0; Win64; x64) AppleWebKit/537.36 (KHTML, like Gecko) Chrome/74.0.3729.169 Safari/537.36"
135.119.143.77 - - [16/Apr/2025:01:10:22 -0400] "HEAD /backup HTTP/1.1" 404 0 "-" "Mozilla/5.0 (Windows NT 10.0; Win64; x64) AppleWebKit/537.36 (KHTML, like Gecko) Chrome/74.0.3729.169 Safari/537.36"
135.119.143.77 - - [16/Apr/2025:01:10:25 -0400] "HEAD /old HTTP/1.1" 404 0 "-" "Mozilla/5.0 (Windows NT 10.0; Win64; x64) AppleWebKit/537.36 (KHTML, like Gecko) Chrome/74.0.3729.169 Safari/537.36"
135.119.143.77 - - [16/Apr/2025:01:10:26 -0400] "HEAD /new HTTP/1.1" 301 0 "-" "Mozilla/5.0 (Windows NT 10.0; Win64; x64) AppleWebKit/537.36 (KHTML, like Gecko) Chrome/74.0.3729.169 Safari/537.36"
135.119.143.77 - - [16/Apr/2025:01:10:31 -0400] "HEAD /main HTTP/1.1" 404 0 "-" "Mozilla/5.0 (Windows NT 10.0; Win64; x64) AppleWebKit/537.36 (KHTML, like Gecko) Chrome/74.0.3729.169 Safari/537.36"
135.119.143.77 - - [16/Apr/2025:01:10:32 -0400] "HEAD /home HTTP/1.1" 301 0 "-" "Mozilla/5.0 (Windows NT 10.0; Win64; x64) AppleWebKit/537.36 (KHTML, like Gecko) Chrome/74.0.3729.169 Safari/537.36"
212.102.35.65 - - [16/Apr/2025:01:14:18 -0400] "GET /.env HTTP/1.1" 200 0 "-" "Mozilla/5.0 (Macintosh; Intel Mac OS X 10.15; rv:77.0) Gecko/20100101 Firefox/77.0"
198.54.114.83 - - [16/Apr/2025:01:14:24 -0400] "POST /wp-cron.php?doing_wp_cron=1744780462.9842069149017333984375 HTTP/1.1" 200 0 "-" "WordPress/6.8; https://christianmantopoulos.com"
198.54.114.83 - - [16/Apr/2025:01:14:56 -0400] "POST /wp-cron.php?doing_wp_cron=1744780495.4066960811614990234375 HTTP/1.1" 200 0 "-" "WordPress/6.8; https://christianmantopoulos.com"
216.244.66.234 - - [16/Apr/2025:01:14:55 -0400] "GET /best-treatments-for-teeth-sensitivity/ HTTP/1.1" 404 6820 "-" "Mozilla/5.0 (compatible; DotBot/1.2; +https://opensiteexplorer.org/dotbot; help@moz.com)"
198.54.114.83 - - [16/Apr/2025:01:16:29 -0400] "POST /wp-cron.php?doing_wp_cron=1744780589.1894741058349609375000 HTTP/1.1" 200 0 "-" "WordPress/6.8; https://christianmantopoulos.com"
66.249.64.13 - - [16/Apr/2025:01:16:25 -0400] "GET /Woven-Track-Adults/Other-Fitness-Clothing-409843/ HTTP/1.1" 404 6820 "-" "Mozilla/5.0 (Linux; Android 6.0.1; Nexus 5X Build/MMB29P) AppleWebKit/537.36 (KHTML, like Gecko) Chrome/135.0.7049.84 Mobile Safari/537.36 (compatible; GoogleOther)"
198.54.114.83 - - [16/Apr/2025:01:46:29 -0400] "POST /wp-cron.php?doing_wp_cron=1744782388.5870420932769775390625 HTTP/1.1" 200 0 "-" "WordPress/6.8; https://christianmantopoulos.com"
66.249.64.12 - - [16/Apr/2025:01:46:25 -0400] "GET /Wilson-A-in-Baseball/Gloves-&-Mitts-740496/ HTTP/1.1" 404 6820 "-" "Mozilla/5.0 (Linux; Android 6.0.1; Nexus 5X Build/MMB29P) AppleWebKit/537.36 (KHTML, like Gecko) Chrome/135.0.7049.84 Mobile Safari/537.36 (compatible; GoogleOther)"
216.244.66.234 - - [16/Apr/2025:01:52:05 -0400] "GET /best-treatments-for-teeth-sensitivity/ HTTP/1.1" 404 6820 "-" "Mozilla/5.0 (compatible; DotBot/1.2; +https://opensiteexplorer.org/dotbot; help@moz.com)"
198.54.114.83 - - [16/Apr/2025:01:56:56 -0400] "POST /wp-cron.php?doing_wp_cron=1744783015.0160501003265380859375 HTTP/1.1" 200 0 "-" "WordPress/6.8; https://christianmantopoulos.com"
66.249.64.2 - - [16/Apr/2025:01:56:51 -0400] "GET /Bracket-BB-Install-Tool-Bike-Bicycle/Tools-180427/ HTTP/1.1" 404 6819 "-" "Mozilla/5.0 (Linux; Android 6.0.1; Nexus 5X Build/MMB29P) AppleWebKit/537.36 (KHTML, like Gecko) Chrome/135.0.7049.84 Mobile Safari/537.36 (compatible; Googlebot/2.1; +http://www.google.com/bot.html)"
165.154.227.150 - - [16/Apr/2025:02:03:24 -0400] "GET / HTTP/1.1" 200 97713 "-" "Embarcadero URI Client/1.0"
43.166.253.94 - - [16/Apr/2025:02:04:11 -0400] "GET / HTTP/1.1" 200 97713 "-" "Mozilla/5.0 (iPhone; CPU iPhone OS 13_2_3 like Mac OS X) AppleWebKit/605.1.15 (KHTML, like Gecko) Version/13.0.3 Mobile/15E148 Safari/604.1"
66.249.64.11 - - [16/Apr/2025:02:16:27 -0400] "GET /Wilson-A-in-Baseball/Gloves-&-Mitts-740496/ HTTP/1.1" 404 6820 "-" "Mozilla/5.0 (Linux; Android 6.0.1; Nexus 5X Build/MMB29P) AppleWebKit/537.36 (KHTML, like Gecko) Chrome/135.0.7049.84 Mobile Safari/537.36 (compatible; Googlebot/2.1; +http://www.google.com/bot.html)"
198.54.114.83 - - [16/Apr/2025:02:21:50 -0400] "POST /wp-cron.php?doing_wp_cron=1744784509.4305601119995117187500 HTTP/1.1" 200 0 "-" "WordPress/6.8; https://christianmantopoulos.com"
163.172.251.120 - - [16/Apr/2025:02:21:44 -0400] "POST /xmlrpc.php HTTP/1.1" 200 212 "-" "Mozilla/5.0 (Windows NT 10.0; Win64; x64; rv:93.0) Gecko/20100101 Firefox/93.0"
216.244.66.234 - - [16/Apr/2025:02:26:35 -0400] "GET /best-treatments-for-teeth-sensitivity/ HTTP/1.1" 404 6820 "-" "Mozilla/5.0 (compatible; DotBot/1.2; +https://opensiteexplorer.org/dotbot; help@moz.com)"
198.54.114.83 - - [16/Apr/2025:02:26:41 -0400] "POST /wp-cron.php?doing_wp_cron=1744784799.6465499401092529296875 HTTP/1.1" 200 0 "-" "WordPress/6.8; https://christianmantopoulos.com"
66.249.64.3 - - [16/Apr/2025:02:26:55 -0400] "GET /and-ST-Raymarine-R-Short/Other-Fishing-352710/ HTTP/1.1" 404 6820 "-" "Mozilla/5.0 (Linux; Android 6.0.1; Nexus 5X Build/MMB29P) AppleWebKit/537.36 (KHTML, like Gecko) Chrome/135.0.7049.84 Mobile Safari/537.36 (compatible; Googlebot/2.1; +http://www.google.com/bot.html)"
164.90.228.79 - - [16/Apr/2025:02:28:25 -0400] "GET / HTTP/1.1" 200 0 "-" "-"
2600:1f18:2251:7600:177:c54b:999a:1512 - - [16/Apr/2025:02:41:11 -0400] "POST /xmlrpc.php HTTP/1.1" 200 212 "-" "Mozilla/5.0 (Windows NT 10.0; Win64; x64; rv:60.0) Gecko/20100101 Firefox/60.0"
198.54.114.83 - - [16/Apr/2025:02:41:22 -0400] "POST /wp-cron.php?doing_wp_cron=1744785673.8027749061584472656250 HTTP/1.1" 200 0 "-" "WordPress/6.8; https://christianmantopoulos.com"
85.208.98.23 - - [16/Apr/2025:02:44:46 -0400] "GET /robots.txt HTTP/1.1" 304 0 "-" "Mozilla/5.0 (compatible; SemrushBot-BA; +http://www.semrush.com/bot.html)"
66.249.64.1 - - [16/Apr/2025:02:46:28 -0400] "GET /ULTRA-LUMINEUSE-USB-MODES-LAMPE-DE/Flashlights-623019/ HTTP/1.1" 404 6820 "-" "Mozilla/5.0 (Linux; Android 6.0.1; Nexus 5X Build/MMB29P) AppleWebKit/537.36 (KHTML, like Gecko) Chrome/135.0.7049.84 Mobile Safari/537.36 (compatible; GoogleOther)"
198.54.114.83 - - [16/Apr/2025:02:46:29 -0400] "POST /wp-cron.php?doing_wp_cron=1744785988.4795510768890380859375 HTTP/1.1" 200 0 "-" "WordPress/6.8; https://christianmantopoulos.com"
35.203.60.70 - - [16/Apr/2025:02:49:25 -0400] "POST /xmlrpc.php HTTP/1.1" 200 212 "-" "Mozilla/5.0 (Windows NT 10.0; Win64; x64; rv:91.0) Gecko/20100101 Firefox/91.0"
198.54.114.83 - - [16/Apr/2025:02:50:51 -0400] "POST /wp-cron.php?doing_wp_cron=1744786250.0908570289611816406250 HTTP/1.1" 200 0 "-" "WordPress/6.8; https://christianmantopoulos.com"
34.228.41.37 - - [16/Apr/2025:02:50:49 -0400] "GET /.env HTTP/1.1" 404 6820 "-" "Mozilla/5.0 (Macintosh; Intel Mac OS X 10.15; rv:77.0) Gecko/20100101 Firefox/77.0"
185.199.223.25 - - [16/Apr/2025:02:53:17 -0400] "POST /xmlrpc.php HTTP/1.1" 200 212 "-" "Mozilla/5.0 (Windows NT 10.0; Win64; x64; rv:82.0) Gecko/20100101 Firefox/82.0"
198.54.114.83 - - [16/Apr/2025:02:53:22 -0400] "POST /wp-cron.php?doing_wp_cron=1744786400.2738718986511230468750 HTTP/1.1" 200 0 "-" "WordPress/6.8; https://christianmantopoulos.com"
198.54.114.83 - - [16/Apr/2025:03:02:26 -0400] "POST /wp-cron.php?doing_wp_cron=1744786944.2459530830383300781250 HTTP/1.1" 200 0 "-" "WordPress/6.8; https://christianmantopoulos.com"
190.121.23.218 - - [16/Apr/2025:03:02:23 -0400] "POST /xmlrpc.php HTTP/1.1" 200 212 "-" "Mozilla/5.0 (Windows NT 10.0; Win64; x64; rv:85.0) Gecko/20100101 Firefox/85.0"
216.244.66.234 - - [16/Apr/2025:03:03:08 -0400] "GET /best-treatments-for-teeth-sensitivity/ HTTP/1.1" 404 6820 "-" "Mozilla/5.0 (compatible; DotBot/1.2; +https://opensiteexplorer.org/dotbot; help@moz.com)"
2a05:1500:702:0:1c00:d9ff:fe00:5e - - [16/Apr/2025:03:14:52 -0400] "POST /xmlrpc.php HTTP/1.1" 200 212 "-" "Mozilla/5.0 (Windows NT 10.0; Win64; x64; rv:75.0) Gecko/20100101 Firefox/75.0"
198.54.114.83 - - [16/Apr/2025:03:14:56 -0400] "POST /wp-cron.php?doing_wp_cron=1744787695.0182878971099853515625 HTTP/1.1" 200 0 "-" "WordPress/6.8; https://christianmantopoulos.com"
198.54.114.83 - - [16/Apr/2025:03:16:31 -0400] "POST /wp-cron.php?doing_wp_cron=1744787790.4506490230560302734375 HTTP/1.1" 200 0 "-" "WordPress/6.8; https://christianmantopoulos.com"
66.249.64.13 - - [16/Apr/2025:03:16:29 -0400] "GET /nos-x-schrader/Tubes-199104/ HTTP/1.1" 404 6820 "-" "Mozilla/5.0 (Linux; Android 6.0.1; Nexus 5X Build/MMB29P) AppleWebKit/537.36 (KHTML, like Gecko) Chrome/135.0.7049.84 Mobile Safari/537.36 (compatible; Googlebot/2.1; +http://www.google.com/bot.html)"
91.190.136.30 - - [16/Apr/2025:03:29:27 -0400] "POST /xmlrpc.php HTTP/1.1" 200 212 "-" "Mozilla/5.0 (Windows NT 10.0; Win64; x64; rv:98.0) Gecko/20100101 Firefox/98.0"
198.54.114.83 - - [16/Apr/2025:03:29:29 -0400] "POST /wp-cron.php?doing_wp_cron=1744788567.8800060749053955078125 HTTP/1.1" 200 0 "-" "WordPress/6.8; https://christianmantopoulos.com"
178.20.47.39 - - [16/Apr/2025:03:31:43 -0400] "GET /how-to-win-at-gas-station-slots/ HTTP/1.1" 200 11702 "http://christianmantopoulos.com/how-to-win-at-gas-station-slots/" "Mozilla/5.0 (Windows NT 10.0; Win64; x64) AppleWebKit/537.36 (KHTML, like Gecko) Chrome/131.0.0.0 Safari/537.36 Avast/131.0.0.0"
178.20.47.39 - - [16/Apr/2025:03:31:46 -0400] "POST /wp-comments-post.php HTTP/1.1" 500 3410 "http://christianmantopoulos.com/how-to-win-at-gas-station-slots/" "Mozilla/5.0 (Windows NT 10.0; Win64; x64) AppleWebKit/537.36 (KHTML, like Gecko) Chrome/131.0.0.0 Safari/537.36 Avast/131.0.0.0"
198.54.114.83 - - [16/Apr/2025:03:31:53 -0400] "POST /wp-cron.php?doing_wp_cron=1744788710.6237769126892089843750 HTTP/1.1" 200 0 "-" "WordPress/6.8; https://christianmantopoulos.com"
2607:5300:60:370a::1 - - [16/Apr/2025:03:37:08 -0400] "POST /xmlrpc.php HTTP/1.1" 200 212 "-" "Mozilla/5.0 (Windows NT 10.0; Win64; x64; rv:80.0) Gecko/20100101 Firefox/80.0"
198.54.114.83 - - [16/Apr/2025:03:37:15 -0400] "POST /wp-cron.php?doing_wp_cron=1744789031.4419128894805908203125 HTTP/1.1" 200 0 "-" "WordPress/6.8; https://christianmantopoulos.com"
216.244.66.234 - - [16/Apr/2025:03:38:37 -0400] "GET /robots.txt HTTP/1.1" 304 0 "-" "Mozilla/5.0 (compatible; DotBot/1.2; +https://opensiteexplorer.org/dotbot; help@moz.com)"
161.35.158.4 - - [16/Apr/2025:03:43:49 -0400] "POST /xmlrpc.php HTTP/1.1" 200 212 "-" "Mozilla/5.0 (Windows NT 10.0; Win64; x64; rv:71.0) Gecko/20100101 Firefox/71.0"
198.54.114.83 - - [16/Apr/2025:03:43:56 -0400] "POST /wp-cron.php?doing_wp_cron=1744789433.3276019096374511718750 HTTP/1.1" 200 0 "-" "WordPress/6.8; https://christianmantopoulos.com"
66.249.64.3 - - [16/Apr/2025:03:46:28 -0400] "GET /1125&034;-NEU-&034;-Rockshox-&034;-Federgabel/Forks-110538/ HTTP/1.1" 404 6820 "-" "Mozilla/5.0 (Linux; Android 6.0.1; Nexus 5X Build/MMB29P) AppleWebKit/537.36 (KHTML, like Gecko) Chrome/135.0.7049.84 Mobile Safari/537.36 (compatible; Googlebot/2.1; +http://www.google.com/bot.html)"
198.54.114.83 - - [16/Apr/2025:03:46:36 -0400] "POST /wp-cron.php?doing_wp_cron=1744789593.0019431114196777343750 HTTP/1.1" 200 0 "-" "WordPress/6.8; https://christianmantopoulos.com"
51.210.113.223 - - [16/Apr/2025:03:48:53 -0400] "POST /xmlrpc.php HTTP/1.1" 200 212 "-" "Mozilla/5.0 (Windows NT 10.0; Win64; x64; rv:88.0) Gecko/20100101 Firefox/88.0"
198.54.114.83 - - [16/Apr/2025:03:48:59 -0400] "POST /wp-cron.php?doing_wp_cron=1744789737.4010989665985107421875 HTTP/1.1" 200 0 "-" "WordPress/6.8; https://christianmantopoulos.com"
84.54.44.204 - - [16/Apr/2025:03:54:02 -0400] "GET /how-to-win-at-gas-station-slots/ HTTP/1.1" 200 11702 "http://christianmantopoulos.com/how-to-win-at-gas-station-slots/" "Mozilla/5.0 (Windows NT 10.0; Win64; x64) AppleWebKit/537.36 (KHTML, like Gecko) Chrome/129.0.0.0 Safari/537.36"
198.54.114.83 - - [16/Apr/2025:03:54:08 -0400] "POST /wp-cron.php?doing_wp_cron=1744790047.8780789375305175781250 HTTP/1.1" 200 0 "-" "WordPress/6.8; https://christianmantopoulos.com"
84.54.44.204 - - [16/Apr/2025:03:54:03 -0400] "POST /wp-comments-post.php HTTP/1.1" 500 3057 "http://christianmantopoulos.com/how-to-win-at-gas-station-slots/" "Mozilla/5.0 (Windows NT 10.0; Win64; x64) AppleWebKit/537.36 (KHTML, like Gecko) Chrome/129.0.0.0 Safari/537.36"
185.41.105.254 - - [16/Apr/2025:04:00:30 -0400] "POST /xmlrpc.php HTTP/1.1" 200 212 "-" "Mozilla/5.0 (Windows NT 10.0; Win64; x64; rv:88.0) Gecko/20100101 Firefox/88.0"
198.54.114.83 - - [16/Apr/2025:04:00:39 -0400] "POST /wp-cron.php?doing_wp_cron=1744790436.4659628868103027343750 HTTP/1.1" 200 0 "-" "WordPress/6.8; https://christianmantopoulos.com"
46.250.224.211 - - [16/Apr/2025:04:01:24 -0400] "POST /xmlrpc.php HTTP/1.1" 200 212 "-" "Mozilla/5.0 (Windows NT 10.0; Win64; x64; rv:50.0) Gecko/20100101 Firefox/50.0"
198.54.114.83 - - [16/Apr/2025:04:04:14 -0400] "POST /wp-cron.php?doing_wp_cron=1744790652.6407480239868164062500 HTTP/1.1" 200 0 "-" "WordPress/6.8; https://christianmantopoulos.com"
200.31.22.2 - - [16/Apr/2025:04:04:08 -0400] "POST /xmlrpc.php HTTP/1.1" 200 212 "-" "Mozilla/5.0 (Windows NT 10.0; Win64; x64; rv:90.0) Gecko/20100101 Firefox/90.0"
198.54.114.83 - - [16/Apr/2025:04:13:58 -0400] "POST /wp-cron.php?doing_wp_cron=1744791237.9754450321197509765625 HTTP/1.1" 200 0 "-" "WordPress/6.8; https://christianmantopoulos.com"
216.244.66.234 - - [16/Apr/2025:04:13:54 -0400] "GET /campaigns-debris-casino/ HTTP/1.1" 404 6820 "-" "Mozilla/5.0 (compatible; DotBot/1.2; +https://opensiteexplorer.org/dotbot; help@moz.com)"
216.244.66.234 - - [16/Apr/2025:04:14:26 -0400] "GET /have-good-mario-games/ HTTP/1.1" 404 6820 "-" "Mozilla/5.0 (compatible; DotBot/1.2; +https://opensiteexplorer.org/dotbot; help@moz.com)"
198.54.114.83 - - [16/Apr/2025:04:14:51 -0400] "POST /wp-cron.php?doing_wp_cron=1744791290.6352300643920898437500 HTTP/1.1" 200 0 "-" "WordPress/6.8; https://christianmantopoulos.com"
216.244.66.234 - - [16/Apr/2025:04:14:50 -0400] "GET /page/55/ HTTP/1.1" 200 10051 "-" "Mozilla/5.0 (compatible; DotBot/1.2; +https://opensiteexplorer.org/dotbot; help@moz.com)"
216.244.66.234 - - [16/Apr/2025:04:15:15 -0400] "GET /tanzania-caffeine-beans-4/ HTTP/1.1" 404 6820 "-" "Mozilla/5.0 (compatible; DotBot/1.2; +https://opensiteexplorer.org/dotbot; help@moz.com)"
124.226.222.66 - - [16/Apr/2025:04:16:43 -0400] "GET / HTTP/1.1" 200 97713 "-" "Mozilla/5.0 (iPhone; CPU iPhone OS 13_2_3 like Mac OS X) AppleWebKit/605.1.15 (KHTML, like Gecko) Version/13.0.3 Mobile/15E148 Safari/604.1"
198.54.114.83 - - [16/Apr/2025:04:24:43 -0400] "POST /wp-cron.php?doing_wp_cron=1744791882.7768430709838867187500 HTTP/1.1" 200 0 "-" "WordPress/6.8; https://christianmantopoulos.com"
83.137.232.149 - - [16/Apr/2025:04:24:38 -0400] "POST /xmlrpc.php HTTP/1.1" 200 212 "-" "Mozilla/5.0 (Windows NT 10.0; Win64; x64; rv:69.0) Gecko/20100101 Firefox/69.0"
2604:a880:800:10::a00:8001 - - [16/Apr/2025:04:26:54 -0400] "POST /xmlrpc.php HTTP/1.1" 200 0 "-" "Mozilla/5.0 (Windows NT 10.0; Win64; x64; rv:52.0) Gecko/20100101 Firefox/52.0"
178.20.47.39 - - [16/Apr/2025:04:33:28 -0400] "GET /how-to-win-at-gas-station-slots/ HTTP/1.1" 200 11701 "http://christianmantopoulos.com/how-to-win-at-gas-station-slots/" "Mozilla/5.0 (Windows NT 10.0; Win64; x64) AppleWebKit/537.36 (KHTML, like Gecko) Chrome/129.0.0.0 Safari/537.36"
178.20.47.39 - - [16/Apr/2025:04:33:32 -0400] "POST /wp-comments-post.php HTTP/1.1" 200 2562 "http://christianmantopoulos.com/how-to-win-at-gas-station-slots/" "Mozilla/5.0 (Windows NT 10.0; Win64; x64) AppleWebKit/537.36 (KHTML, like Gecko) Chrome/129.0.0.0 Safari/537.36"
216.244.66.234 - - [16/Apr/2025:04:35:28 -0400] "GET /the-rise-of-online-casinos/ HTTP/1.1" 200 11233 "-" "Mozilla/5.0 (compatible; DotBot/1.2; +https://opensiteexplorer.org/dotbot; help@moz.com)"
146.59.233.61 - - [16/Apr/2025:04:37:40 -0400] "POST /xmlrpc.php HTTP/1.1" 200 212 "-" "Mozilla/5.0 (Windows NT 10.0; Win64; x64; rv:57.0) Gecko/20100101 Firefox/57.0"
198.54.114.83 - - [16/Apr/2025:04:39:12 -0400] "POST /wp-cron.php?doing_wp_cron=1744792752.6369380950927734375000 HTTP/1.1" 200 0 "-" "WordPress/6.8; https://christianmantopoulos.com"
178.20.47.39 - - [16/Apr/2025:04:39:09 -0400] "GET /how-to-win-at-gas-station-slots/ HTTP/1.1" 200 11722 "http://christianmantopoulos.com/how-to-win-at-gas-station-slots/" "Mozilla/5.0 (Windows NT 10.0; Win64; x64) AppleWebKit/537.36 (KHTML, like Gecko) Chrome/131.0.0.0 Safari/537.36"
2a00:1169:110:4000:: - - [16/Apr/2025:04:39:16 -0400] "POST /xmlrpc.php HTTP/1.1" 200 212 "-" "Mozilla/5.0 (Windows NT 10.0; Win64; x64; rv:40.0) Gecko/20100101 Firefox/40.0"
178.20.47.39 - - [16/Apr/2025:04:39:16 -0400] "POST /wp-comments-post.php HTTP/1.1" 200 3585 "http://christianmantopoulos.com/how-to-win-at-gas-station-slots/" "Mozilla/5.0 (Windows NT 10.0; Win64; x64) AppleWebKit/537.36 (KHTML, like Gecko) Chrome/131.0.0.0 Safari/537.36"
2a02:2410:b000:101:3000::7 - - [16/Apr/2025:04:41:06 -0400] "POST /xmlrpc.php HTTP/1.1" 200 212 "-" "Mozilla/5.0 (Windows NT 10.0; Win64; x64; rv:45.0) Gecko/20100101 Firefox/45.0"
66.249.64.13 - - [16/Apr/2025:04:46:30 -0400] "GET /NEW-CS-Ring-French/Bits-675982/ HTTP/1.1" 404 6771 "-" "Mozilla/5.0 (Linux; Android 6.0.1; Nexus 5X Build/MMB29P) AppleWebKit/537.36 (KHTML, like Gecko) Chrome/135.0.7049.84 Mobile Safari/537.36 (compatible; Googlebot/2.1; +http://www.google.com/bot.html)"
84.75.238.68 - - [16/Apr/2025:04:55:22 -0400] "POST /xmlrpc.php HTTP/1.1" 200 212 "-" "Mozilla/5.0 (Windows NT 10.0; Win64; x64; rv:77.0) Gecko/20100101 Firefox/77.0"
198.54.114.83 - - [16/Apr/2025:05:02:39 -0400] "POST /wp-cron.php?doing_wp_cron=1744794157.8845429420471191406250 HTTP/1.1" 200 0 "-" "WordPress/6.8; https://christianmantopoulos.com"
91.84.108.218 - - [16/Apr/2025:05:02:37 -0400] "GET /how-to-win-at-gas-station-slots/ HTTP/1.1" 200 11738 "http://christianmantopoulos.com/how-to-win-at-gas-station-slots/" "Mozilla/5.0 (Windows NT 10.0; Win64; x64) AppleWebKit/537.36 (KHTML, like Gecko) Chrome/130.0.0.0 Safari/537.36"
91.84.108.218 - - [16/Apr/2025:05:02:42 -0400] "POST /wp-comments-post.php HTTP/1.1" 500 1746 "http://christianmantopoulos.com/how-to-win-at-gas-station-slots/" "Mozilla/5.0 (Windows NT 10.0; Win64; x64) AppleWebKit/537.36 (KHTML, like Gecko) Chrome/130.0.0.0 Safari/537.36"
2a03:4000:0:40d:541a:3eff:fea4:4e9e - - [16/Apr/2025:05:08:36 -0400] "POST /xmlrpc.php HTTP/1.1" 200 212 "-" "Mozilla/5.0 (Windows NT 10.0; Win64; x64; rv:42.0) Gecko/20100101 Firefox/42.0"
198.54.114.83 - - [16/Apr/2025:05:08:45 -0400] "POST /wp-cron.php?doing_wp_cron=1744794521.1579821109771728515625 HTTP/1.1" 200 0 "-" "WordPress/6.8; https://christianmantopoulos.com"
51.75.65.162 - - [16/Apr/2025:05:09:47 -0400] "POST /xmlrpc.php HTTP/1.1" 200 212 "-" "Mozilla/5.0 (Windows NT 10.0; Win64; x64; rv:99.0) Gecko/20100101 Firefox/99.0"
198.54.114.83 - - [16/Apr/2025:05:09:53 -0400] "POST /wp-cron.php?doing_wp_cron=1744794588.0355069637298583984375 HTTP/1.1" 200 0 "-" "WordPress/6.8; https://christianmantopoulos.com"
212.118.36.6 - - [16/Apr/2025:05:11:44 -0400] "POST /xmlrpc.php HTTP/1.1" 200 212 "-" "Mozilla/5.0 (Windows NT 10.0; Win64; x64; rv:96.0) Gecko/20100101 Firefox/96.0"
198.54.114.83 - - [16/Apr/2025:05:11:51 -0400] "POST /wp-cron.php?doing_wp_cron=1744794709.0594289302825927734375 HTTP/1.1" 200 0 "-" "WordPress/6.8; https://christianmantopoulos.com"
2600:1f18:2d80:7a00:5fdd:e8ae:ffa1:94e - - [16/Apr/2025:05:14:24 -0400] "POST /xmlrpc.php HTTP/1.1" 200 212 "-" "Mozilla/5.0 (Windows NT 10.0; Win64; x64; rv:65.0) Gecko/20100101 Firefox/65.0"
198.54.114.83 - - [16/Apr/2025:05:14:32 -0400] "POST /wp-cron.php?doing_wp_cron=1744794869.5769820213317871093750 HTTP/1.1" 200 0 "-" "WordPress/6.8; https://christianmantopoulos.com"
85.208.98.23 - - [16/Apr/2025:05:16:23 -0400] "GET /robots.txt HTTP/1.1" 200 118 "-" "Mozilla/5.0 (compatible; SemrushBot-BA; +http://www.semrush.com/bot.html)"
198.54.114.83 - - [16/Apr/2025:05:16:27 -0400] "POST /wp-cron.php?doing_wp_cron=1744794984.1941740512847900390625 HTTP/1.1" 200 0 "-" "WordPress/6.8; https://christianmantopoulos.com"
85.208.98.23 - - [16/Apr/2025:05:16:28 -0400] "GET /robots.txt HTTP/1.1" 200 118 "-" "Mozilla/5.0 (compatible; SemrushBot-BA; +http://www.semrush.com/bot.html)"
66.249.64.2 - - [16/Apr/2025:05:16:30 -0400] "GET /45&034;-Closed-Stainless/Pocket-Multi-Tools-600021/ HTTP/1.1" 404 6820 "-" "Mozilla/5.0 (Linux; Android 6.0.1; Nexus 5X Build/MMB29P) AppleWebKit/537.36 (KHTML, like Gecko) Chrome/135.0.7049.84 Mobile Safari/537.36 (compatible; Googlebot/2.1; +http://www.google.com/bot.html)"
159.89.158.67 - - [16/Apr/2025:05:19:35 -0400] "POST /xmlrpc.php HTTP/1.1" 200 212 "-" "Mozilla/5.0 (Windows NT 10.0; Win64; x64; rv:77.0) Gecko/20100101 Firefox/77.0"
198.54.114.83 - - [16/Apr/2025:05:19:37 -0400] "POST /wp-cron.php?doing_wp_cron=1744795175.7724480628967285156250 HTTP/1.1" 200 0 "-" "WordPress/6.8; https://christianmantopoulos.com"
195.2.78.191 - - [16/Apr/2025:05:23:11 -0400] "GET /how-to-win-at-gas-station-slots/ HTTP/1.1" 200 11738 "http://christianmantopoulos.com/how-to-win-at-gas-station-slots/" "Mozilla/5.0 (Windows NT 10.0; Win64; x64) AppleWebKit/537.36 (KHTML, like Gecko) Chrome/130.0.0.0 Safari/537.36 CCleaner/130.0.0.0"
195.2.78.191 - - [16/Apr/2025:05:23:12 -0400] "GET /how-to-win-at-gas-station-slots/ HTTP/1.1" 200 11738 "http://christianmantopoulos.com/how-to-win-at-gas-station-slots/" "Mozilla/5.0 (Windows NT 10.0; Win64; x64) AppleWebKit/537.36 (KHTML, like Gecko) Chrome/129.0.0.0 Safari/537.36"
195.2.78.191 - - [16/Apr/2025:05:23:14 -0400] "POST /wp-comments-post.php HTTP/1.1" 500 2551 "http://christianmantopoulos.com/how-to-win-at-gas-station-slots/" "Mozilla/5.0 (Windows NT 10.0; Win64; x64) AppleWebKit/537.36 (KHTML, like Gecko) Chrome/129.0.0.0 Safari/537.36"
195.2.78.191 - - [16/Apr/2025:05:23:13 -0400] "POST /wp-comments-post.php HTTP/1.1" 500 2652 "http://christianmantopoulos.com/how-to-win-at-gas-station-slots/" "Mozilla/5.0 (Windows NT 10.0; Win64; x64) AppleWebKit/537.36 (KHTML, like Gecko) Chrome/130.0.0.0 Safari/537.36 CCleaner/130.0.0.0"
198.54.114.83 - - [16/Apr/2025:05:23:19 -0400] "POST /wp-cron.php?doing_wp_cron=1744795396.9617159366607666015625 HTTP/1.1" 200 0 "-" "WordPress/6.8; https://christianmantopoulos.com"
198.54.114.83 - - [16/Apr/2025:05:23:19 -0400] "POST /wp-cron.php?doing_wp_cron=1744795396.9614129066467285156250 HTTP/1.1" 200 0 "-" "WordPress/6.8; https://christianmantopoulos.com"
2600:1f13:989:d600:88e8:3169:6fc9:449c - - [16/Apr/2025:05:26:56 -0400] "POST /xmlrpc.php HTTP/1.1" 200 212 "-" "Mozilla/5.0 (Windows NT 10.0; Win64; x64; rv:40.0) Gecko/20100101 Firefox/40.0"
198.54.114.83 - - [16/Apr/2025:05:27:03 -0400] "POST /wp-cron.php?doing_wp_cron=1744795620.4247000217437744140625 HTTP/1.1" 200 0 "-" "WordPress/6.8; https://christianmantopoulos.com"
66.249.64.1 - - [16/Apr/2025:05:31:10 -0400] "GET /Worms-Baits-Trout-Bream-Pcs/Soft-Plastics-305133/ HTTP/1.1" 404 6820 "-" "Mozilla/5.0 (Linux; Android 6.0.1; Nexus 5X Build/MMB29P) AppleWebKit/537.36 (KHTML, like Gecko) Chrome/135.0.7049.84 Mobile Safari/537.36 (compatible; GoogleOther)"
198.54.114.83 - - [16/Apr/2025:05:31:18 -0400] "POST /wp-cron.php?doing_wp_cron=1744795875.0544800758361816406250 HTTP/1.1" 200 0 "-" "WordPress/6.8; https://christianmantopoulos.com"
181.225.235.138 - - [16/Apr/2025:05:35:23 -0400] "POST /xmlrpc.php HTTP/1.1" 200 212 "-" "Mozilla/5.0 (Windows NT 10.0; Win64; x64; rv:62.0) Gecko/20100101 Firefox/62.0"
198.54.114.83 - - [16/Apr/2025:05:35:29 -0400] "POST /wp-cron.php?doing_wp_cron=1744796127.7705469131469726562500 HTTP/1.1" 200 0 "-" "WordPress/6.8; https://christianmantopoulos.com"
94.46.220.6 - - [16/Apr/2025:05:35:38 -0400] "GET /how-to-win-at-gas-station-slots/ HTTP/1.1" 200 11738 "http://christianmantopoulos.com/how-to-win-at-gas-station-slots/" "Mozilla/5.0 (Windows NT 10.0; Win64; x64) AppleWebKit/537.36 (KHTML, like Gecko) Chrome/129.0.0.0 Safari/537.36"
94.46.220.6 - - [16/Apr/2025:05:35:41 -0400] "POST /wp-comments-post.php HTTP/1.1" 500 1782 "http://christianmantopoulos.com/how-to-win-at-gas-station-slots/" "Mozilla/5.0 (Windows NT 10.0; Win64; x64) AppleWebKit/537.36 (KHTML, like Gecko) Chrome/129.0.0.0 Safari/537.36"
195.2.78.191 - - [16/Apr/2025:05:36:07 -0400] "GET /how-to-win-at-gas-station-slots/ HTTP/1.1" 200 11738 "http://christianmantopoulos.com/how-to-win-at-gas-station-slots/" "Mozilla/5.0 (Windows NT 10.0; Win64; x64) AppleWebKit/537.36 (KHTML, like Gecko) Chrome/131.0.0.0 Safari/537.36 Avast/131.0.0.0"
195.2.78.191 - - [16/Apr/2025:05:36:10 -0400] "POST /wp-comments-post.php HTTP/1.1" 500 2203 "http://christianmantopoulos.com/how-to-win-at-gas-station-slots/" "Mozilla/5.0 (Windows NT 10.0; Win64; x64) AppleWebKit/537.36 (KHTML, like Gecko) Chrome/131.0.0.0 Safari/537.36 Avast/131.0.0.0"
195.2.78.191 - - [16/Apr/2025:05:36:45 -0400] "GET /how-to-win-at-gas-station-slots/ HTTP/1.1" 200 11738 "http://christianmantopoulos.com/how-to-win-at-gas-station-slots/" "Mozilla/5.0 (Windows NT 10.0; Win64; x64) AppleWebKit/537.36 (KHTML, like Gecko) Chrome/129.0.0.0 Safari/537.36"
195.2.78.191 - - [16/Apr/2025:05:36:47 -0400] "POST /wp-comments-post.php HTTP/1.1" 500 2380 "http://christianmantopoulos.com/how-to-win-at-gas-station-slots/" "Mozilla/5.0 (Windows NT 10.0; Win64; x64) AppleWebKit/537.36 (KHTML, like Gecko) Chrome/129.0.0.0 Safari/537.36"
198.54.114.83 - - [16/Apr/2025:05:36:50 -0400] "POST /wp-cron.php?doing_wp_cron=1744796208.3783349990844726562500 HTTP/1.1" 200 0 "-" "WordPress/6.8; https://christianmantopoulos.com"
198.54.114.83 - - [16/Apr/2025:05:41:50 -0400] "POST /wp-cron.php?doing_wp_cron=1744796509.0215380191802978515625 HTTP/1.1" 200 0 "-" "WordPress/6.8; https://christianmantopoulos.com"
167.86.113.24 - - [16/Apr/2025:05:41:48 -0400] "POST /xmlrpc.php HTTP/1.1" 200 212 "-" "Mozilla/5.0 (Windows NT 10.0; Win64; x64; rv:90.0) Gecko/20100101 Firefox/90.0"
109.252.190.249 - - [16/Apr/2025:05:52:06 -0400] "GET /mk-shoulder-bag-by-michael-kors/ HTTP/1.1" 200 11775 "http://christianmantopoulos.com/mk-shoulder-bag-by-michael-kors/" "Mozilla/5.0 (Windows NT 10.0) AppleWebKit/537.36 (KHTML, like Gecko) Chrome/103.0.0.0 Safari/537.36"
198.54.114.83 - - [16/Apr/2025:05:52:14 -0400] "POST /wp-cron.php?doing_wp_cron=1744797130.5183730125427246093750 HTTP/1.1" 200 0 "-" "WordPress/6.8; https://christianmantopoulos.com"
198.54.114.83 - - [16/Apr/2025:05:54:15 -0400] "POST /wp-cron.php?doing_wp_cron=1744797254.1947638988494873046875 HTTP/1.1" 200 0 "-" "WordPress/6.8; https://christianmantopoulos.com"
31.220.92.157 - - [16/Apr/2025:05:54:10 -0400] "GET /admin.php HTTP/1.1" 404 6820 "-" "Mozilla/5.0 (Linux; Android 7.0; SM-G892A Build/NRD90M; wv) AppleWebKit/537.36 (KHTML, like Gecko) Version/4.0 Chrome/60.0.3112.107 Mobile Safari/537.36"
185.182.194.106 - - [16/Apr/2025:05:54:16 -0400] "POST /xmlrpc.php HTTP/1.1" 200 212 "-" "Mozilla/5.0 (Windows NT 10.0; Win64; x64; rv:68.0) Gecko/20100101 Firefox/68.0"
31.220.92.157 - - [16/Apr/2025:05:54:18 -0400] "GET /file/function.php HTTP/1.1" 404 6820 "-" "Mozilla/5.0 (Linux; Android 7.0; SM-G892A Build/NRD90M; wv) AppleWebKit/537.36 (KHTML, like Gecko) Version/4.0 Chrome/60.0.3112.107 Mobile Safari/537.36"
31.220.92.157 - - [16/Apr/2025:05:54:21 -0400] "GET /plugins/function.php HTTP/1.1" 404 6820 "-" "Mozilla/5.0 (Linux; Android 7.0; SM-G892A Build/NRD90M; wv) AppleWebKit/537.36 (KHTML, like Gecko) Version/4.0 Chrome/60.0.3112.107 Mobile Safari/537.36"
198.54.114.83 - - [16/Apr/2025:05:54:28 -0400] "POST /wp-cron.php?doing_wp_cron=1744797267.8514358997344970703125 HTTP/1.1" 200 0 "-" "WordPress/6.8; https://christianmantopoulos.com"
31.220.92.157 - - [16/Apr/2025:05:54:27 -0400] "GET /admin/function.php HTTP/1.1" 404 6821 "-" "Mozilla/5.0 (Linux; Android 7.0; SM-G892A Build/NRD90M; wv) AppleWebKit/537.36 (KHTML, like Gecko) Version/4.0 Chrome/60.0.3112.107 Mobile Safari/537.36"
31.220.92.157 - - [16/Apr/2025:05:54:31 -0400] "GET /index/function.php HTTP/1.1" 404 6820 "-" "Mozilla/5.0 (Linux; Android 7.0; SM-G892A Build/NRD90M; wv) AppleWebKit/537.36 (KHTML, like Gecko) Version/4.0 Chrome/60.0.3112.107 Mobile Safari/537.36"
31.220.92.157 - - [16/Apr/2025:05:54:35 -0400] "GET /doc/function.php HTTP/1.1" 404 6820 "-" "Mozilla/5.0 (Linux; Android 7.0; SM-G892A Build/NRD90M; wv) AppleWebKit/537.36 (KHTML, like Gecko) Version/4.0 Chrome/60.0.3112.107 Mobile Safari/537.36"
31.220.92.157 - - [16/Apr/2025:05:54:38 -0400] "GET /mah/function.php HTTP/1.1" 404 6821 "-" "Mozilla/5.0 (Linux; Android 7.0; SM-G892A Build/NRD90M; wv) AppleWebKit/537.36 (KHTML, like Gecko) Version/4.0 Chrome/60.0.3112.107 Mobile Safari/537.36"
31.220.92.157 - - [16/Apr/2025:05:54:41 -0400] "GET /about/function.php HTTP/1.1" 404 6820 "-" "Mozilla/5.0 (Linux; Android 7.0; SM-G892A Build/NRD90M; wv) AppleWebKit/537.36 (KHTML, like Gecko) Version/4.0 Chrome/60.0.3112.107 Mobile Safari/537.36"
31.220.92.157 - - [16/Apr/2025:05:54:46 -0400] "GET /as/function HTTP/1.1" 404 6821 "-" "Mozilla/5.0 (Linux; Android 7.0; SM-G892A Build/NRD90M; wv) AppleWebKit/537.36 (KHTML, like Gecko) Version/4.0 Chrome/60.0.3112.107 Mobile Safari/537.36"
31.220.92.157 - - [16/Apr/2025:05:54:50 -0400] "GET /epinyins.php HTTP/1.1" 404 6820 "-" "Mozilla/5.0 (Linux; Android 7.0; SM-G892A Build/NRD90M; wv) AppleWebKit/537.36 (KHTML, like Gecko) Version/4.0 Chrome/60.0.3112.107 Mobile Safari/537.36"
31.220.92.157 - - [16/Apr/2025:05:54:57 -0400] "GET /wp-login.php HTTP/1.1" 302 0 "-" "Mozilla/5.0 (Linux; Android 7.0; SM-G892A Build/NRD90M; wv) AppleWebKit/537.36 (KHTML, like Gecko) Version/4.0 Chrome/60.0.3112.107 Mobile Safari/537.36"
31.220.92.157 - - [16/Apr/2025:05:55:03 -0400] "GET /wp-signup.php HTTP/1.1" 302 0 "-" "Mozilla/5.0 (Linux; Android 7.0; SM-G892A Build/NRD90M; wv) AppleWebKit/537.36 (KHTML, like Gecko) Version/4.0 Chrome/60.0.3112.107 Mobile Safari/537.36"
31.220.92.157 - - [16/Apr/2025:05:55:08 -0400] "GET /wp-admin.php HTTP/1.1" 404 6821 "-" "Mozilla/5.0 (Linux; Android 7.0; SM-G892A Build/NRD90M; wv) AppleWebKit/537.36 (KHTML, like Gecko) Version/4.0 Chrome/60.0.3112.107 Mobile Safari/537.36"
31.220.92.157 - - [16/Apr/2025:05:55:15 -0400] "GET /wlwmanifest.xml HTTP/1.1" 404 6820 "-" "Mozilla/5.0 (Linux; Android 7.0; SM-G892A Build/NRD90M; wv) AppleWebKit/537.36 (KHTML, like Gecko) Version/4.0 Chrome/60.0.3112.107 Mobile Safari/537.36"
31.220.92.157 - - [16/Apr/2025:05:55:21 -0400] "GET /fosil.php HTTP/1.1" 404 6820 "-" "Mozilla/5.0 (Linux; Android 7.0; SM-G892A Build/NRD90M; wv) AppleWebKit/537.36 (KHTML, like Gecko) Version/4.0 Chrome/60.0.3112.107 Mobile Safari/537.36"
2a05:1500:702:0:1c00:d9ff:fe00:5e - - [16/Apr/2025:05:55:21 -0400] "POST /xmlrpc.php HTTP/1.1" 200 212 "-" "Mozilla/5.0 (Windows NT 10.0; Win64; x64; rv:96.0) Gecko/20100101 Firefox/96.0"
198.54.114.83 - - [16/Apr/2025:05:55:24 -0400] "POST /wp-cron.php?doing_wp_cron=1744797322.1542930603027343750000 HTTP/1.1" 200 0 "-" "WordPress/6.8; https://christianmantopoulos.com"
31.220.92.157 - - [16/Apr/2025:05:55:24 -0400] "GET /ws.php HTTP/1.1" 404 6821 "-" "Mozilla/5.0 (Linux; Android 7.0; SM-G892A Build/NRD90M; wv) AppleWebKit/537.36 (KHTML, like Gecko) Version/4.0 Chrome/60.0.3112.107 Mobile Safari/537.36"
31.220.92.157 - - [16/Apr/2025:05:55:29 -0400] "GET /radio.php HTTP/1.1" 404 6821 "-" "Mozilla/5.0 (Linux; Android 7.0; SM-G892A Build/NRD90M; wv) AppleWebKit/537.36 (KHTML, like Gecko) Version/4.0 Chrome/60.0.3112.107 Mobile Safari/537.36"
31.220.92.157 - - [16/Apr/2025:05:55:34 -0400] "GET /mah.php HTTP/1.1" 404 6820 "-" "Mozilla/5.0 (Linux; Android 7.0; SM-G892A Build/NRD90M; wv) AppleWebKit/537.36 (KHTML, like Gecko) Version/4.0 Chrome/60.0.3112.107 Mobile Safari/537.36"
31.220.92.157 - - [16/Apr/2025:05:55:38 -0400] "GET /index.php HTTP/1.1" 301 0 "-" "Mozilla/5.0 (Linux; Android 7.0; SM-G892A Build/NRD90M; wv) AppleWebKit/537.36 (KHTML, like Gecko) Version/4.0 Chrome/60.0.3112.107 Mobile Safari/537.36"
31.220.92.157 - - [16/Apr/2025:05:55:40 -0400] "GET /json.php HTTP/1.1" 404 6820 "-" "Mozilla/5.0 (Linux; Android 7.0; SM-G892A Build/NRD90M; wv) AppleWebKit/537.36 (KHTML, like Gecko) Version/4.0 Chrome/60.0.3112.107 Mobile Safari/537.36"
31.220.92.157 - - [16/Apr/2025:05:55:43 -0400] "GET /classwithtostring.php HTTP/1.1" 404 6820 "-" "Mozilla/5.0 (Linux; Android 7.0; SM-G892A Build/NRD90M; wv) AppleWebKit/537.36 (KHTML, like Gecko) Version/4.0 Chrome/60.0.3112.107 Mobile Safari/537.36"
185.231.155.169 - - [16/Apr/2025:05:55:45 -0400] "GET /how-to-win-at-gas-station-slots/ HTTP/1.1" 200 11738 "http://christianmantopoulos.com/how-to-win-at-gas-station-slots/" "Mozilla/5.0 (Windows NT 10.0; Win64; x64) AppleWebKit/537.36 (KHTML, like Gecko) Chrome/129.0.0.0 Safari/537.36"
185.231.155.169 - - [16/Apr/2025:05:55:47 -0400] "POST /wp-comments-post.php HTTP/1.1" 500 2049 "http://christianmantopoulos.com/how-to-win-at-gas-station-slots/" "Mozilla/5.0 (Windows NT 10.0; Win64; x64) AppleWebKit/537.36 (KHTML, like Gecko) Chrome/129.0.0.0 Safari/537.36"
31.220.92.157 - - [16/Apr/2025:05:55:47 -0400] "GET /about.php HTTP/1.1" 404 6821 "-" "Mozilla/5.0 (Linux; Android 7.0; SM-G892A Build/NRD90M; wv) AppleWebKit/537.36 (KHTML, like Gecko) Version/4.0 Chrome/60.0.3112.107 Mobile Safari/537.36"
31.220.92.157 - - [16/Apr/2025:05:55:49 -0400] "GET /lock.php HTTP/1.1" 404 6821 "-" "Mozilla/5.0 (Linux; Android 7.0; SM-G892A Build/NRD90M; wv) AppleWebKit/537.36 (KHTML, like Gecko) Version/4.0 Chrome/60.0.3112.107 Mobile Safari/537.36"
31.220.92.157 - - [16/Apr/2025:05:55:52 -0400] "GET /wp-mail.php HTTP/1.1" 403 1138 "-" "Mozilla/5.0 (Linux; Android 7.0; SM-G892A Build/NRD90M; wv) AppleWebKit/537.36 (KHTML, like Gecko) Version/4.0 Chrome/60.0.3112.107 Mobile Safari/537.36"
31.220.92.157 - - [16/Apr/2025:05:55:55 -0400] "GET /wordfence-waf.php HTTP/1.1" 404 6820 "-" "Mozilla/5.0 (Linux; Android 7.0; SM-G892A Build/NRD90M; wv) AppleWebKit/537.36 (KHTML, like Gecko) Version/4.0 Chrome/60.0.3112.107 Mobile Safari/537.36"
31.220.92.157 - - [16/Apr/2025:05:55:58 -0400] "GET /evil.php HTTP/1.1" 404 6821 "-" "Mozilla/5.0 (Linux; Android 7.0; SM-G892A Build/NRD90M; wv) AppleWebKit/537.36 (KHTML, like Gecko) Version/4.0 Chrome/60.0.3112.107 Mobile Safari/537.36"
31.220.92.157 - - [16/Apr/2025:05:56:01 -0400] "GET /wp-content/about.php HTTP/1.1" 404 6820 "-" "Mozilla/5.0 (Linux; Android 7.0; SM-G892A Build/NRD90M; wv) AppleWebKit/537.36 (KHTML, like Gecko) Version/4.0 Chrome/60.0.3112.107 Mobile Safari/537.36"
31.220.92.157 - - [16/Apr/2025:05:56:04 -0400] "GET /wp-backdoor.php HTTP/1.1" 404 6821 "-" "Mozilla/5.0 (Linux; Android 7.0; SM-G892A Build/NRD90M; wv) AppleWebKit/537.36 (KHTML, like Gecko) Version/4.0 Chrome/60.0.3112.107 Mobile Safari/537.36"
31.220.92.157 - - [16/Apr/2025:05:56:07 -0400] "GET /malicious.php HTTP/1.1" 404 6821 "-" "Mozilla/5.0 (Linux; Android 7.0; SM-G892A Build/NRD90M; wv) AppleWebKit/537.36 (KHTML, like Gecko) Version/4.0 Chrome/60.0.3112.107 Mobile Safari/537.36"
31.220.92.157 - - [16/Apr/2025:05:56:10 -0400] "GET /backdoor.php HTTP/1.1" 404 6820 "-" "Mozilla/5.0 (Linux; Android 7.0; SM-G892A Build/NRD90M; wv) AppleWebKit/537.36 (KHTML, like Gecko) Version/4.0 Chrome/60.0.3112.107 Mobile Safari/537.36"
31.220.92.157 - - [16/Apr/2025:05:56:13 -0400] "GET /evil-backdoor.php HTTP/1.1" 404 6820 "-" "Mozilla/5.0 (Linux; Android 7.0; SM-G892A Build/NRD90M; wv) AppleWebKit/537.36 (KHTML, like Gecko) Version/4.0 Chrome/60.0.3112.107 Mobile Safari/537.36"
31.220.92.157 - - [16/Apr/2025:05:56:17 -0400] "GET /erin1.PhP7 HTTP/1.1" 404 6820 "-" "Mozilla/5.0 (Linux; Android 7.0; SM-G892A Build/NRD90M; wv) AppleWebKit/537.36 (KHTML, like Gecko) Version/4.0 Chrome/60.0.3112.107 Mobile Safari/537.36"
31.220.92.157 - - [16/Apr/2025:05:56:25 -0400] "GET /cache.php HTTP/1.1" 404 6820 "-" "Mozilla/5.0 (Linux; Android 7.0; SM-G892A Build/NRD90M; wv) AppleWebKit/537.36 (KHTML, like Gecko) Version/4.0 Chrome/60.0.3112.107 Mobile Safari/537.36"
198.54.114.83 - - [16/Apr/2025:05:56:26 -0400] "POST /wp-cron.php?doing_wp_cron=1744797385.4910409450531005859375 HTTP/1.1" 200 0 "-" "WordPress/6.8; https://christianmantopoulos.com"
31.220.92.157 - - [16/Apr/2025:05:56:27 -0400] "GET /backup.php HTTP/1.1" 404 6821 "-" "Mozilla/5.0 (Linux; Android 7.0; SM-G892A Build/NRD90M; wv) AppleWebKit/537.36 (KHTML, like Gecko) Version/4.0 Chrome/60.0.3112.107 Mobile Safari/537.36"
31.220.92.157 - - [16/Apr/2025:05:56:30 -0400] "GET /exploit.php HTTP/1.1" 404 6820 "-" "Mozilla/5.0 (Linux; Android 7.0; SM-G892A Build/NRD90M; wv) AppleWebKit/537.36 (KHTML, like Gecko) Version/4.0 Chrome/60.0.3112.107 Mobile Safari/537.36"
31.220.92.157 - - [16/Apr/2025:05:56:32 -0400] "GET /spam.php HTTP/1.1" 404 6820 "-" "Mozilla/5.0 (Linux; Android 7.0; SM-G892A Build/NRD90M; wv) AppleWebKit/537.36 (KHTML, like Gecko) Version/4.0 Chrome/60.0.3112.107 Mobile Safari/537.36"
198.54.114.83 - - [16/Apr/2025:05:59:17 -0400] "POST /wp-cron.php?doing_wp_cron=1744797556.4989750385284423828125 HTTP/1.1" 200 0 "-" "WordPress/6.8; https://christianmantopoulos.com"
52.167.144.221 - - [16/Apr/2025:05:59:12 -0400] "GET /SNELLS-SIZE-HOOKS-BLACK-CHROME-HOOKS/Hooks-389023/ HTTP/1.1" 404 6821 "-" "Mozilla/5.0 AppleWebKit/537.36 (KHTML, like Gecko; compatible; bingbot/2.0; +http://www.bing.com/bingbot.htm) Chrome/116.0.1938.76 Safari/537.36"
196.251.85.161 - - [16/Apr/2025:06:05:55 -0400] "GET / HTTP/1.1" 200 0 "-" "Mozilla/5.0 (CentOS; Linux x86_64) AppleWebKit/537.36 (KHTML, like Gecko) Chrome/126.0.0.0 Safari/537.36"
2600:3c02::f03c:93ff:fe81:21ce - - [16/Apr/2025:06:06:03 -0400] "POST /xmlrpc.php HTTP/1.1" 200 212 "-" "Mozilla/5.0 (Windows NT 10.0; Win64; x64; rv:91.0) Gecko/20100101 Firefox/91.0"
198.54.114.83 - - [16/Apr/2025:06:06:13 -0400] "POST /wp-cron.php?doing_wp_cron=1744797967.1581470966339111328125 HTTP/1.1" 200 0 "-" "WordPress/6.8; https://christianmantopoulos.com"
38.113.191.66 - - [16/Apr/2025:06:09:11 -0400] "POST /xmlrpc.php HTTP/1.1" 200 212 "-" "Mozilla/5.0 (Windows NT 10.0; Win64; x64; rv:51.0) Gecko/20100101 Firefox/51.0"
198.54.114.83 - - [16/Apr/2025:06:09:19 -0400] "POST /wp-cron.php?doing_wp_cron=1744798154.8889911174774169921875 HTTP/1.1" 200 0 "-" "WordPress/6.8; https://christianmantopoulos.com"
134.122.173.240 - - [16/Apr/2025:06:11:14 -0400] "GET /statics/img/login_bg.jpg HTTP/1.1" 404 6820 "http://christianmantopoulos.com" "Mozilla/5.0 (compatible; Yahoo! Slurp; http://help.yahoo.com/help/us/ysearch/slurp\xa1\xb1)"
198.54.114.83 - - [16/Apr/2025:06:11:21 -0400] "POST /wp-cron.php?doing_wp_cron=1744798277.8215749263763427734375 HTTP/1.1" 200 0 "-" "WordPress/6.8; https://christianmantopoulos.com"
66.249.64.12 - - [16/Apr/2025:06:16:32 -0400] "GET /robots.txt HTTP/1.1" 200 118 "-" "Mozilla/5.0 (compatible; Googlebot/2.1; +http://www.google.com/bot.html)"
66.249.64.13 - - [16/Apr/2025:06:16:35 -0400] "GET /Bearing-Fit-Light-ActionZero-Tipsum-Speedplay/Pedals-140981/ HTTP/1.1" 404 6820 "-" "Mozilla/5.0 (Linux; Android 6.0.1; Nexus 5X Build/MMB29P) AppleWebKit/537.36 (KHTML, like Gecko) Chrome/135.0.7049.84 Mobile Safari/537.36 (compatible; Googlebot/2.1; +http://www.google.com/bot.html)"
198.54.114.83 - - [16/Apr/2025:06:16:40 -0400] "POST /wp-cron.php?doing_wp_cron=1744798598.6494500637054443359375 HTTP/1.1" 200 0 "-" "WordPress/6.8; https://christianmantopoulos.com"
109.123.236.200 - - [16/Apr/2025:06:22:42 -0400] "POST /xmlrpc.php HTTP/1.1" 200 212 "-" "Mozilla/5.0 (Windows NT 10.0; Win64; x64; rv:58.0) Gecko/20100101 Firefox/58.0"
2a02:708:0:1c::2 - - [16/Apr/2025:06:30:30 -0400] "POST /xmlrpc.php HTTP/1.1" 200 212 "-" "Mozilla/5.0 (Windows NT 10.0; Win64; x64; rv:62.0) Gecko/20100101 Firefox/62.0"
141.94.69.56 - - [16/Apr/2025:06:35:42 -0400] "POST /xmlrpc.php HTTP/1.1" 200 212 "-" "Mozilla/5.0 (Windows NT 10.0; Win64; x64; rv:100.0) Gecko/20100101 Firefox/100.0"
